185.191.171.1 - - [06/May/2022:03:53:11 +0200] "GET /klimt-le-baiser-shoulder-hook-bag-made-in-france-p-47416.html HTTP/1.0" 301 74599 "-" "Mozilla/5.0 (compatible; SemrushBot/7~bl; +http://www.semrush.com/bot.html)"
65.108.125.120 - - [06/May/2022:03:53:12 +0200] "GET /support-metal-bottle-hairdresser-p-45490.html HTTP/1.0" 200 73634 "-" "Mozilla/5.0 (compatible; MJ12bot/v1.4.8; http://mj12bot.com/)"
65.108.143.154 - - [06/May/2022:03:53:13 +0200] "GET /fragrances-of-ambiance-c-231.html?page=16 HTTP/1.0" 301 93468 "-" "Mozilla/5.0 (compatible; MJ12bot/v1.4.8; http://mj12bot.com/)"
173.208.206.50 - - [06/May/2022:03:53:13 +0200] "GET /-p-13913.html HTTP/1.0" 200 70808 "-" "Mozilla/5.0 (compatible; MJ12bot/v1.4.8; http://mj12bot.com/)"
185.191.171.25 - - [06/May/2022:03:53:14 +0200] "GET /klimt-baiser-shoulder-hook-made-france-p-47416.html HTTP/1.0" 200 74494 "-" "Mozilla/5.0 (compatible; SemrushBot/7~bl; +http://www.semrush.com/bot.html)"
111.225.144.166 - - [06/May/2022:03:53:17 +0200] "GET /images/mini_prod/5012128424533.jpg HTTP/1.0" 200 269 "-" "Mozilla/5.0 (Macintosh; Intel Mac OS X 10_12_4) AppleWebKit/537.36 (KHTML, like Gecko) Chrome/58.0.3029.110 Safari/537.36"
65.108.143.154 - - [06/May/2022:03:53:16 +0200] "GET /fragrances-ambiance-c-231.html?page=16 HTTP/1.0" 200 93376 "-" "Mozilla/5.0 (compatible; MJ12bot/v1.4.8; http://mj12bot.com/)"
65.108.125.120 - - [06/May/2022:03:53:17 +0200] "GET /support-metal-bottle-the-hunter-and-his-dog-p-34494.html HTTP/1.0" 301 73739 "-" "Mozilla/5.0 (compatible; MJ12bot/v1.4.8; http://mj12bot.com/)"
77.88.5.208 - - [06/May/2022:03:53:19 +0200] "GET /cats-love-butter-dish-p-34515.html HTTP/1.0" 200 70913 "-" "Mozilla/5.0 (compatible; YandexBot/3.0; +http://yandex.com/bots)"
54.36.148.243 - - [06/May/2022:03:53:19 +0200] "GET /ashtrays-c-13_240.html?page=4 HTTP/1.0" 200 92192 "-" "Mozilla/5.0 (compatible; AhrefsBot/7.0; +http://ahrefs.com/robot/)"
65.108.143.154 - - [06/May/2022:03:53:19 +0200] "GET /fragrances-of-ambiance-c-231.html?page=17 HTTP/1.0" 301 94095 "-" "Mozilla/5.0 (compatible; MJ12bot/v1.4.8; http://mj12bot.com/)"
173.208.206.50 - - [06/May/2022:03:53:21 +0200] "GET /-p-13927.html HTTP/1.0" 200 70808 "-" "Mozilla/5.0 (compatible; MJ12bot/v1.4.8; http://mj12bot.com/)"
65.108.125.120 - - [06/May/2022:03:53:22 +0200] "GET /support-metal-bottle-hunter-p-34494.html HTTP/1.0" 200 73645 "-" "Mozilla/5.0 (compatible; MJ12bot/v1.4.8; http://mj12bot.com/)"
65.108.143.154 - - [06/May/2022:03:53:22 +0200] "GET /fragrances-ambiance-c-231.html?page=17 HTTP/1.0" 200 94003 "-" "Mozilla/5.0 (compatible; MJ12bot/v1.4.8; http://mj12bot.com/)"
65.108.143.154 - - [06/May/2022:03:53:26 +0200] "GET /fragrances-of-ambiance-c-231.html?page=18 HTTP/1.0" 301 93255 "-" "Mozilla/5.0 (compatible; MJ12bot/v1.4.8; http://mj12bot.com/)"
65.108.125.120 - - [06/May/2022:03:53:26 +0200] "GET /support-metal-bottle-the-old-car-p-34483.html HTTP/1.0" 301 70993 "-" "Mozilla/5.0 (compatible; MJ12bot/v1.4.8; http://mj12bot.com/)"
173.208.206.50 - - [06/May/2022:03:53:28 +0200] "GET /-p-1400.html HTTP/1.0" 200 70806 "-" "Mozilla/5.0 (compatible; MJ12bot/v1.4.8; http://mj12bot.com/)"
65.108.143.154 - - [06/May/2022:03:53:28 +0200] "GET /fragrances-ambiance-c-231.html?page=18 HTTP/1.0" 200 93163 "-" "Mozilla/5.0 (compatible; MJ12bot/v1.4.8; http://mj12bot.com/)"
65.108.125.120 - - [06/May/2022:03:53:32 +0200] "GET /support-metal-bottle-p-34483.html HTTP/1.0" 200 70906 "-" "Mozilla/5.0 (compatible; MJ12bot/v1.4.8; http://mj12bot.com/)"
65.108.143.154 - - [06/May/2022:03:53:32 +0200] "GET /fragrances-of-ambiance-c-231.html?page=19 HTTP/1.0" 301 94316 "-" "Mozilla/5.0 (compatible; MJ12bot/v1.4.8; http://mj12bot.com/)"
173.208.206.50 - - [06/May/2022:03:53:34 +0200] "GET /-p-14004.html HTTP/1.0" 200 70808 "-" "Mozilla/5.0 (compatible; MJ12bot/v1.4.8; http://mj12bot.com/)"
65.108.143.154 - - [06/May/2022:03:53:35 +0200] "GET /fragrances-ambiance-c-231.html?page=19 HTTP/1.0" 200 94224 "-" "Mozilla/5.0 (compatible; MJ12bot/v1.4.8; http://mj12bot.com/)"
65.108.125.120 - - [06/May/2022:03:53:39 +0200] "GET /support-metal-bottle-the-red-old-car-p-35935.html HTTP/1.0" 301 70875 "-" "Mozilla/5.0 (compatible; MJ12bot/v1.4.8; http://mj12bot.com/)"
65.108.143.154 - - [06/May/2022:03:53:38 +0200] "GET /fragrances-of-ambiance-c-231.html?page=2 HTTP/1.0" 301 92994 "-" "Mozilla/5.0 (compatible; MJ12bot/v1.4.8; http://mj12bot.com/)"
173.208.206.50 - - [06/May/2022:03:53:41 +0200] "GET /-p-1402.html HTTP/1.0" 200 70806 "-" "Mozilla/5.0 (compatible; MJ12bot/v1.4.8; http://mj12bot.com/)"
185.191.171.26 - - [06/May/2022:03:53:42 +0200] "GET /bamboo-laundry-basket-black-white-p-44777.html?action=add_product HTTP/1.0" 302 476 "-" "Mozilla/5.0 (compatible; SemrushBot/7~bl; +http://www.semrush.com/bot.html)"
65.108.143.154 - - [06/May/2022:03:53:41 +0200] "GET /fragrances-ambiance-c-231.html?page=2 HTTP/1.0" 200 92903 "-" "Mozilla/5.0 (compatible; MJ12bot/v1.4.8; http://mj12bot.com/)"
65.108.143.154 - - [06/May/2022:03:53:45 +0200] "GET /fragrances-of-ambiance-c-231.html?page=20 HTTP/1.0" 301 94053 "-" "Mozilla/5.0 (compatible; MJ12bot/v1.4.8; http://mj12bot.com/)"
173.208.206.50 - - [06/May/2022:03:53:46 +0200] "GET /-p-1403.html HTTP/1.0" 200 70806 "-" "Mozilla/5.0 (compatible; MJ12bot/v1.4.8; http://mj12bot.com/)"
65.108.125.120 - - [06/May/2022:03:53:47 +0200] "GET /-p-35935.html HTTP/1.0" 200 70808 "-" "Mozilla/5.0 (compatible; MJ12bot/v1.4.8; http://mj12bot.com/)"
65.108.143.154 - - [06/May/2022:03:53:48 +0200] "GET /fragrances-ambiance-c-231.html?page=20 HTTP/1.0" 200 93961 "-" "Mozilla/5.0 (compatible; MJ12bot/v1.4.8; http://mj12bot.com/)"
65.108.125.120 - - [06/May/2022:03:53:51 +0200] "GET /surfboard-ceramic-magnet-10-cm-p-42050.html HTTP/1.0" 301 74470 "-" "Mozilla/5.0 (compatible; MJ12bot/v1.4.8; http://mj12bot.com/)"
173.208.206.50 - - [06/May/2022:03:53:52 +0200] "GET /-p-14032.html HTTP/1.0" 200 70808 "-" "Mozilla/5.0 (compatible; MJ12bot/v1.4.8; http://mj12bot.com/)"
65.108.143.154 - - [06/May/2022:03:53:52 +0200] "GET /fragrances-of-ambiance-c-231.html?page=21 HTTP/1.0" 301 93630 "-" "Mozilla/5.0 (compatible; MJ12bot/v1.4.8; http://mj12bot.com/)"
46.4.108.51 - - [06/May/2022:03:53:56 +0200] "GET /tree-life-with-infuser-p-56672.html HTTP/1.0" 200 73464 "-" "Mozilla/5.0 (compatible; BLEXBot/1.0; +http://webmeup-crawler.com/)"
65.108.143.154 - - [06/May/2022:03:53:56 +0200] "GET /fragrances-ambiance-c-231.html?page=21 HTTP/1.0" 200 93538 "-" "Mozilla/5.0 (compatible; MJ12bot/v1.4.8; http://mj12bot.com/)"
173.208.206.50 - - [06/May/2022:03:53:58 +0200] "GET /-p-14034.html HTTP/1.0" 200 70808 "-" "Mozilla/5.0 (compatible; MJ12bot/v1.4.8; http://mj12bot.com/)"
65.108.125.120 - - [06/May/2022:03:53:57 +0200] "GET /surfboard-ceramic-magnet-p-42050.html HTTP/1.0" 200 74379 "-" "Mozilla/5.0 (compatible; MJ12bot/v1.4.8; http://mj12bot.com/)"
185.191.171.9 - - [06/May/2022:03:54:01 +0200] "GET /candle-lights-holder-chakras-p-37129.html?action=add_product HTTP/1.0" 302 476 "-" "Mozilla/5.0 (compatible; SemrushBot/7~bl; +http://www.semrush.com/bot.html)"
65.108.143.154 - - [06/May/2022:03:53:59 +0200] "GET /fragrances-of-ambiance-c-231.html?page=22 HTTP/1.0" 301 93927 "-" "Mozilla/5.0 (compatible; MJ12bot/v1.4.8; http://mj12bot.com/)"
65.108.143.154 - - [06/May/2022:03:54:02 +0200] "GET /fragrances-ambiance-c-231.html?page=22 HTTP/1.0" 200 93835 "-" "Mozilla/5.0 (compatible; MJ12bot/v1.4.8; http://mj12bot.com/)"
65.108.125.120 - - [06/May/2022:03:54:03 +0200] "GET /surfboard-ceramic-magnet-10-cm-p-42051.html HTTP/1.0" 301 70997 "-" "Mozilla/5.0 (compatible; MJ12bot/v1.4.8; http://mj12bot.com/)"
173.208.206.50 - - [06/May/2022:03:54:05 +0200] "GET /-p-14036.html HTTP/1.0" 200 70808 "-" "Mozilla/5.0 (compatible; MJ12bot/v1.4.8; http://mj12bot.com/)"
65.108.143.154 - - [06/May/2022:03:54:06 +0200] "GET /fragrances-of-ambiance-c-231.html?page=23 HTTP/1.0" 301 94095 "-" "Mozilla/5.0 (compatible; MJ12bot/v1.4.8; http://mj12bot.com/)"
65.108.125.120 - - [06/May/2022:03:54:07 +0200] "GET /surfboard-ceramic-magnet-p-42051.html HTTP/1.0" 200 70906 "-" "Mozilla/5.0 (compatible; MJ12bot/v1.4.8; http://mj12bot.com/)"
65.108.143.154 - - [06/May/2022:03:54:09 +0200] "GET /fragrances-ambiance-c-231.html?page=23 HTTP/1.0" 200 94003 "-" "Mozilla/5.0 (compatible; MJ12bot/v1.4.8; http://mj12bot.com/)"
173.208.206.50 - - [06/May/2022:03:54:10 +0200] "GET /-p-14037.html HTTP/1.0" 200 70808 "-" "Mozilla/5.0 (compatible; MJ12bot/v1.4.8; http://mj12bot.com/)"
65.108.125.120 - - [06/May/2022:03:54:12 +0200] "GET /surfboard-ceramic-magnet-10-cm-p-42055.html HTTP/1.0" 301 74470 "-" "Mozilla/5.0 (compatible; MJ12bot/v1.4.8; http://mj12bot.com/)"
65.108.143.154 - - [06/May/2022:03:54:13 +0200] "GET /fragrances-of-ambiance-c-231.html?page=24 HTTP/1.0" 301 94267 "-" "Mozilla/5.0 (compatible; MJ12bot/v1.4.8; http://mj12bot.com/)"
173.208.206.50 - - [06/May/2022:03:54:15 +0200] "GET /-p-1404.html HTTP/1.0" 200 70806 "-" "Mozilla/5.0 (compatible; MJ12bot/v1.4.8; http://mj12bot.com/)"
65.108.143.154 - - [06/May/2022:03:54:16 +0200] "GET /fragrances-ambiance-c-231.html?page=24 HTTP/1.0" 200 94175 "-" "Mozilla/5.0 (compatible; MJ12bot/v1.4.8; http://mj12bot.com/)"
65.108.125.120 - - [06/May/2022:03:54:19 +0200] "GET /surfboard-ceramic-magnet-p-42055.html HTTP/1.0" 200 74379 "-" "Mozilla/5.0 (compatible; MJ12bot/v1.4.8; http://mj12bot.com/)"
47.254.25.246 - - [06/May/2022:03:54:20 +0200] "GET /images/mini_prod/5050293802954.jpg HTTP/1.0" 200 269 "-" "Mozilla/5.0 (X11; Ubuntu; Linux x86_64; rv:72.0) Gecko/20100101 Firefox/72.0"
46.4.108.51 - - [06/May/2022:03:54:19 +0200] "GET /tree-life-with-infuser-p-56673.html HTTP/1.0" 200 74075 "-" "Mozilla/5.0 (compatible; BLEXBot/1.0; +http://webmeup-crawler.com/)"
65.108.143.154 - - [06/May/2022:03:54:19 +0200] "GET /fragrances-of-ambiance-c-231.html?page=25 HTTP/1.0" 301 94555 "-" "Mozilla/5.0 (compatible; MJ12bot/v1.4.8; http://mj12bot.com/)"
173.208.206.50 - - [06/May/2022:03:54:20 +0200] "GET /-p-14041.html HTTP/1.0" 200 70808 "-" "Mozilla/5.0 (compatible; MJ12bot/v1.4.8; http://mj12bot.com/)"
54.36.148.243 - - [06/May/2022:03:54:21 +0200] "GET /decorative-brass-telescope-p-51516.html HTTP/1.0" 200 74116 "-" "Mozilla/5.0 (compatible; AhrefsBot/7.0; +http://ahrefs.com/robot/)"
65.108.143.154 - - [06/May/2022:03:54:23 +0200] "GET /fragrances-ambiance-c-231.html?page=25 HTTP/1.0" 200 94463 "-" "Mozilla/5.0 (compatible; MJ12bot/v1.4.8; http://mj12bot.com/)"
65.108.125.120 - - [06/May/2022:03:54:24 +0200] "GET /surfboard-ceramic-magnet-p-42050.html HTTP/1.0" 200 74379 "-" "Mozilla/5.0 (compatible; MJ12bot/v1.4.8; http://mj12bot.com/)"
173.208.206.50 - - [06/May/2022:03:54:26 +0200] "GET /-p-14044.html HTTP/1.0" 200 70808 "-" "Mozilla/5.0 (compatible; MJ12bot/v1.4.8; http://mj12bot.com/)"
65.108.143.154 - - [06/May/2022:03:54:26 +0200] "GET /fragrances-of-ambiance-c-231.html?page=26 HTTP/1.0" 301 94356 "-" "Mozilla/5.0 (compatible; MJ12bot/v1.4.8; http://mj12bot.com/)"
65.108.125.120 - - [06/May/2022:03:54:30 +0200] "GET /surfboard-ceramic-magnet-p-42051.html HTTP/1.0" 200 70906 "-" "Mozilla/5.0 (compatible; MJ12bot/v1.4.8; http://mj12bot.com/)"
65.108.143.154 - - [06/May/2022:03:54:29 +0200] "GET /fragrances-ambiance-c-231.html?page=26 HTTP/1.0" 200 94264 "-" "Mozilla/5.0 (compatible; MJ12bot/v1.4.8; http://mj12bot.com/)"
173.208.206.50 - - [06/May/2022:03:54:33 +0200] "GET /-p-14045.html HTTP/1.0" 200 70808 "-" "Mozilla/5.0 (compatible; MJ12bot/v1.4.8; http://mj12bot.com/)"
65.108.143.154 - - [06/May/2022:03:54:33 +0200] "GET /fragrances-of-ambiance-c-231.html?page=27 HTTP/1.0" 301 93521 "-" "Mozilla/5.0 (compatible; MJ12bot/v1.4.8; http://mj12bot.com/)"
65.108.125.120 - - [06/May/2022:03:54:34 +0200] "GET /surfboard-ceramic-magnet-p-42055.html HTTP/1.0" 200 74379 "-" "Mozilla/5.0 (compatible; MJ12bot/v1.4.8; http://mj12bot.com/)"
185.191.171.18 - - [06/May/2022:03:54:38 +0200] "GET /rapunzel-figure-collection-p-17865.html?action=add_product HTTP/1.0" 302 476 "-" "Mozilla/5.0 (compatible; SemrushBot/7~bl; +http://www.semrush.com/bot.html)"
65.108.143.154 - - [06/May/2022:03:54:36 +0200] "GET /fragrances-ambiance-c-231.html?page=27 HTTP/1.0" 200 93429 "-" "Mozilla/5.0 (compatible; MJ12bot/v1.4.8; http://mj12bot.com/)"
173.208.206.50 - - [06/May/2022:03:54:39 +0200] "GET /-p-14062.html HTTP/1.0" 200 70808 "-" "Mozilla/5.0 (compatible; MJ12bot/v1.4.8; http://mj12bot.com/)"
65.108.143.154 - - [06/May/2022:03:54:40 +0200] "GET /fragrances-of-ambiance-c-231.html?page=28 HTTP/1.0" 301 93732 "-" "Mozilla/5.0 (compatible; MJ12bot/v1.4.8; http://mj12bot.com/)"
65.108.125.120 - - [06/May/2022:03:54:41 +0200] "GET /surfboard-wooden-wall-decoration-p-55518.html HTTP/1.0" 200 74242 "-" "Mozilla/5.0 (compatible; MJ12bot/v1.4.8; http://mj12bot.com/)"
65.108.143.154 - - [06/May/2022:03:54:43 +0200] "GET /fragrances-ambiance-c-231.html?page=28 HTTP/1.0" 200 93640 "-" "Mozilla/5.0 (compatible; MJ12bot/v1.4.8; http://mj12bot.com/)"
173.208.206.50 - - [06/May/2022:03:54:46 +0200] "GET /-p-1408.html HTTP/1.0" 200 70806 "-" "Mozilla/5.0 (compatible; MJ12bot/v1.4.8; http://mj12bot.com/)"
65.108.125.120 - - [06/May/2022:03:54:46 +0200] "GET /table-clock-moto-guzzi-p-17082.html HTTP/1.0" 301 70875 "-" "Mozilla/5.0 (compatible; MJ12bot/v1.4.8; http://mj12bot.com/)"
65.108.143.154 - - [06/May/2022:03:54:47 +0200] "GET /fragrances-of-ambiance-c-231.html?page=29 HTTP/1.0" 301 94380 "-" "Mozilla/5.0 (compatible; MJ12bot/v1.4.8; http://mj12bot.com/)"
173.208.206.50 - - [06/May/2022:03:54:51 +0200] "GET /-p-14086.html HTTP/1.0" 200 70808 "-" "Mozilla/5.0 (compatible; MJ12bot/v1.4.8; http://mj12bot.com/)"
65.108.143.154 - - [06/May/2022:03:54:51 +0200] "GET /fragrances-ambiance-c-231.html?page=29 HTTP/1.0" 200 94288 "-" "Mozilla/5.0 (compatible; MJ12bot/v1.4.8; http://mj12bot.com/)"
65.108.125.120 - - [06/May/2022:03:54:52 +0200] "GET /-p-17082.html HTTP/1.0" 200 70808 "-" "Mozilla/5.0 (compatible; MJ12bot/v1.4.8; http://mj12bot.com/)"
65.108.143.154 - - [06/May/2022:03:54:55 +0200] "GET /fragrances-of-ambiance-c-231.html?page=3 HTTP/1.0" 301 93367 "-" "Mozilla/5.0 (compatible; MJ12bot/v1.4.8; http://mj12bot.com/)"
173.208.206.50 - - [06/May/2022:03:54:58 +0200] "GET /-p-14088.html HTTP/1.0" 200 70808 "-" "Mozilla/5.0 (compatible; MJ12bot/v1.4.8; http://mj12bot.com/)"
65.108.143.154 - - [06/May/2022:03:54:58 +0200] "GET /fragrances-ambiance-c-231.html?page=3 HTTP/1.0" 200 93276 "-" "Mozilla/5.0 (compatible; MJ12bot/v1.4.8; http://mj12bot.com/)"
46.4.108.51 - - [06/May/2022:03:54:59 +0200] "GET /triskel-shooter-p-46326.html HTTP/1.0" 200 73364 "-" "Mozilla/5.0 (compatible; BLEXBot/1.0; +http://webmeup-crawler.com/)"
65.108.125.120 - - [06/May/2022:03:55:00 +0200] "GET /table-lamp-monkey-gold-white-p-54686.html HTTP/1.0" 200 70930 "-" "Mozilla/5.0 (compatible; MJ12bot/v1.4.8; http://mj12bot.com/)"
65.108.143.154 - - [06/May/2022:03:55:01 +0200] "GET /fragrances-of-ambiance-c-231.html?page=30 HTTP/1.0" 301 95007 "-" "Mozilla/5.0 (compatible; MJ12bot/v1.4.8; http://mj12bot.com/)"
173.208.206.50 - - [06/May/2022:03:55:04 +0200] "GET /-p-1410.html HTTP/1.0" 200 70806 "-" "Mozilla/5.0 (compatible; MJ12bot/v1.4.8; http://mj12bot.com/)"
65.108.143.154 - - [06/May/2022:03:55:04 +0200] "GET /fragrances-ambiance-c-231.html?page=30 HTTP/1.0" 200 94915 "-" "Mozilla/5.0 (compatible; MJ12bot/v1.4.8; http://mj12bot.com/)"
65.108.125.120 - - [06/May/2022:03:55:05 +0200] "GET /tapas-pitcher-sangria-p-37402.html HTTP/1.0" 200 73562 "-" "Mozilla/5.0 (compatible; MJ12bot/v1.4.8; http://mj12bot.com/)"
65.108.143.154 - - [06/May/2022:03:55:08 +0200] "GET /fragrances-of-ambiance-c-231.html?page=31 HTTP/1.0" 301 93778 "-" "Mozilla/5.0 (compatible; MJ12bot/v1.4.8; http://mj12bot.com/)"
173.208.206.50 - - [06/May/2022:03:55:10 +0200] "GET /-p-14106.html HTTP/1.0" 200 70808 "-" "Mozilla/5.0 (compatible; MJ12bot/v1.4.8; http://mj12bot.com/)"
65.108.143.154 - - [06/May/2022:03:55:11 +0200] "GET /fragrances-ambiance-c-231.html?page=31 HTTP/1.0" 200 93686 "-" "Mozilla/5.0 (compatible; MJ12bot/v1.4.8; http://mj12bot.com/)"
65.108.125.120 - - [06/May/2022:03:55:11 +0200] "GET /taurus-metal-rests-flat-p-43890.html HTTP/1.0" 200 73434 "-" "Mozilla/5.0 (compatible; MJ12bot/v1.4.8; http://mj12bot.com/)"
111.225.146.234 - - [06/May/2022:03:55:16 +0200] "GET /images/mini_prod/8433933220627.jpg HTTP/1.0" 200 269 "-" "Mozilla/5.0 (Macintosh; Intel Mac OS X 10_12_4) AppleWebKit/537.36 (KHTML, like Gecko) Chrome/58.0.3029.110 Safari/537.36"
65.108.143.154 - - [06/May/2022:03:55:14 +0200] "GET /fragrances-of-ambiance-c-231.html?page=32 HTTP/1.0" 301 94318 "-" "Mozilla/5.0 (compatible; MJ12bot/v1.4.8; http://mj12bot.com/)"
65.108.125.120 - - [06/May/2022:03:55:16 +0200] "GET /taxi-door-mirror-67-60-cm-p-44444.html HTTP/1.0" 301 70979 "-" "Mozilla/5.0 (compatible; MJ12bot/v1.4.8; http://mj12bot.com/)"
173.208.206.50 - - [06/May/2022:03:55:17 +0200] "GET /-p-14125.html HTTP/1.0" 200 70808 "-" "Mozilla/5.0 (compatible; MJ12bot/v1.4.8; http://mj12bot.com/)"
65.108.143.154 - - [06/May/2022:03:55:17 +0200] "GET /fragrances-ambiance-c-231.html?page=32 HTTP/1.0" 200 94226 "-" "Mozilla/5.0 (compatible; MJ12bot/v1.4.8; http://mj12bot.com/)"
54.36.148.243 - - [06/May/2022:03:55:18 +0200] "GET /bamboo-fiber-plant-cover-p-54249.html HTTP/1.0" 200 73458 "-" "Mozilla/5.0 (compatible; AhrefsBot/7.0; +http://ahrefs.com/robot/)"
65.108.125.120 - - [06/May/2022:03:55:21 +0200] "GET /taxi-door-mirror-p-44444.html HTTP/1.0" 200 70896 "-" "Mozilla/5.0 (compatible; MJ12bot/v1.4.8; http://mj12bot.com/)"
185.191.171.22 - - [06/May/2022:03:55:21 +0200] "GET /little-geisha-p-50780.html?action=add_product HTTP/1.0" 302 476 "-" "Mozilla/5.0 (compatible; SemrushBot/7~bl; +http://www.semrush.com/bot.html)"
65.108.143.154 - - [06/May/2022:03:55:21 +0200] "GET /fragrances-of-ambiance-c-231.html?page=33 HTTP/1.0" 301 94182 "-" "Mozilla/5.0 (compatible; MJ12bot/v1.4.8; http://mj12bot.com/)"
173.208.206.50 - - [06/May/2022:03:55:23 +0200] "GET /-p-1413.html HTTP/1.0" 200 70806 "-" "Mozilla/5.0 (compatible; MJ12bot/v1.4.8; http://mj12bot.com/)"
65.108.143.154 - - [06/May/2022:03:55:24 +0200] "GET /fragrances-ambiance-c-231.html?page=33 HTTP/1.0" 200 94090 "-" "Mozilla/5.0 (compatible; MJ12bot/v1.4.8; http://mj12bot.com/)"
46.4.108.51 - - [06/May/2022:03:55:27 +0200] "GET /triskel-shooter-p-46327.html HTTP/1.0" 200 73364 "-" "Mozilla/5.0 (compatible; BLEXBot/1.0; +http://webmeup-crawler.com/)"
65.108.143.154 - - [06/May/2022:03:55:27 +0200] "GET /fragrances-of-ambiance-c-231.html?page=34 HTTP/1.0" 301 94721 "-" "Mozilla/5.0 (compatible; MJ12bot/v1.4.8; http://mj12bot.com/)"
65.108.125.120 - - [06/May/2022:03:55:28 +0200] "GET /taxi-door-mirror-p-44444.html HTTP/1.0" 200 70896 "-" "Mozilla/5.0 (compatible; MJ12bot/v1.4.8; http://mj12bot.com/)"
173.208.206.50 - - [06/May/2022:03:55:31 +0200] "GET /-p-14204.html HTTP/1.0" 200 70808 "-" "Mozilla/5.0 (compatible; MJ12bot/v1.4.8; http://mj12bot.com/)"
65.108.143.154 - - [06/May/2022:03:55:31 +0200] "GET /fragrances-ambiance-c-231.html?page=34 HTTP/1.0" 200 94629 "-" "Mozilla/5.0 (compatible; MJ12bot/v1.4.8; http://mj12bot.com/)"
65.108.143.154 - - [06/May/2022:03:55:34 +0200] "GET /fragrances-of-ambiance-c-231.html?page=35 HTTP/1.0" 301 93859 "-" "Mozilla/5.0 (compatible; MJ12bot/v1.4.8; http://mj12bot.com/)"
173.208.206.50 - - [06/May/2022:03:55:38 +0200] "GET /-p-14205.html HTTP/1.0" 200 70808 "-" "Mozilla/5.0 (compatible; MJ12bot/v1.4.8; http://mj12bot.com/)"
65.108.143.154 - - [06/May/2022:03:55:37 +0200] "GET /fragrances-ambiance-c-231.html?page=35 HTTP/1.0" 200 93767 "-" "Mozilla/5.0 (compatible; MJ12bot/v1.4.8; http://mj12bot.com/)"
185.191.171.35 - - [06/May/2022:03:55:39 +0200] "GET /little-kitchen-ceramic-with-infuser-p-41631.html?action=add_product HTTP/1.0" 302 476 "-" "Mozilla/5.0 (compatible; SemrushBot/7~bl; +http://www.semrush.com/bot.html)"
65.108.143.154 - - [06/May/2022:03:55:41 +0200] "GET /fragrances-of-ambiance-c-231.html?page=4 HTTP/1.0" 301 94906 "-" "Mozilla/5.0 (compatible; MJ12bot/v1.4.8; http://mj12bot.com/)"
173.208.206.50 - - [06/May/2022:03:55:43 +0200] "GET /-p-14206.html HTTP/1.0" 200 70808 "-" "Mozilla/5.0 (compatible; MJ12bot/v1.4.8; http://mj12bot.com/)"
65.108.143.154 - - [06/May/2022:03:55:44 +0200] "GET /fragrances-ambiance-c-231.html?page=4 HTTP/1.0" 200 94815 "-" "Mozilla/5.0 (compatible; MJ12bot/v1.4.8; http://mj12bot.com/)"
65.108.143.154 - - [06/May/2022:03:55:49 +0200] "GET /fragrances-of-ambiance-c-231.html?page=5 HTTP/1.0" 301 93784 "-" "Mozilla/5.0 (compatible; MJ12bot/v1.4.8; http://mj12bot.com/)"
173.208.206.50 - - [06/May/2022:03:55:49 +0200] "GET /-p-14208.html HTTP/1.0" 200 70808 "-" "Mozilla/5.0 (compatible; MJ12bot/v1.4.8; http://mj12bot.com/)"
65.108.143.154 - - [06/May/2022:03:55:52 +0200] "GET /fragrances-ambiance-c-231.html?page=5 HTTP/1.0" 200 93693 "-" "Mozilla/5.0 (compatible; MJ12bot/v1.4.8; http://mj12bot.com/)"
173.208.206.50 - - [06/May/2022:03:55:55 +0200] "GET /-p-14211.html HTTP/1.0" 200 70808 "-" "Mozilla/5.0 (compatible; MJ12bot/v1.4.8; http://mj12bot.com/)"
185.191.171.45 - - [06/May/2022:03:55:56 +0200] "GET /stoneware-lamp-p-54167.html?action=add_product HTTP/1.0" 302 476 "-" "Mozilla/5.0 (compatible; SemrushBot/7~bl; +http://www.semrush.com/bot.html)"
65.108.143.154 - - [06/May/2022:03:55:55 +0200] "GET /fragrances-of-ambiance-c-231.html?page=6 HTTP/1.0" 301 92638 "-" "Mozilla/5.0 (compatible; MJ12bot/v1.4.8; http://mj12bot.com/)"
65.108.143.154 - - [06/May/2022:03:55:58 +0200] "GET /fragrances-ambiance-c-231.html?page=6 HTTP/1.0" 200 92547 "-" "Mozilla/5.0 (compatible; MJ12bot/v1.4.8; http://mj12bot.com/)"
213.173.103.138 - - [06/May/2022:03:56:00 +0200] "GET /images/big_prod_1/b045544846769.jpg HTTP/1.0" 200 270 "-" "Mozilla/5.0 (X11; Ubuntu; Linux x86_64; rv:72.0) Gecko/20100101 Firefox/72.0"
66.249.73.134 - - [06/May/2022:03:56:00 +0200] "GET /-p-33638.html HTTP/1.0" 200 70808 "-" "Mozilla/5.0 (Linux; Android 6.0.1; Nexus 5X Build/MMB29P) AppleWebKit/537.36 (KHTML, like Gecko) Chrome/100.0.4896.127 Mobile Safari/537.36 (compatible; Googlebot/2.1; +http://www.google.com/bot.html)"
173.208.206.50 - - [06/May/2022:03:56:00 +0200] "GET /-p-14212.html HTTP/1.0" 200 70808 "-" "Mozilla/5.0 (compatible; MJ12bot/v1.4.8; http://mj12bot.com/)"
111.225.144.252 - - [06/May/2022:03:56:03 +0200] "GET /images/mini_prod/3662468005415.jpg HTTP/1.0" 200 269 "-" "Mozilla/5.0 (Macintosh; Intel Mac OS X 10_12_4) AppleWebKit/537.36 (KHTML, like Gecko) Chrome/58.0.3029.110 Safari/537.36"
65.108.143.154 - - [06/May/2022:03:56:01 +0200] "GET /fragrances-of-ambiance-c-231.html?page=7 HTTP/1.0" 301 92312 "-" "Mozilla/5.0 (compatible; MJ12bot/v1.4.8; http://mj12bot.com/)"
173.208.206.50 - - [06/May/2022:03:56:05 +0200] "GET /-p-14213.html HTTP/1.0" 200 70808 "-" "Mozilla/5.0 (compatible; MJ12bot/v1.4.8; http://mj12bot.com/)"
65.108.143.154 - - [06/May/2022:03:56:04 +0200] "GET /fragrances-ambiance-c-231.html?page=7 HTTP/1.0" 200 92221 "-" "Mozilla/5.0 (compatible; MJ12bot/v1.4.8; http://mj12bot.com/)"
65.108.143.154 - - [06/May/2022:03:56:08 +0200] "GET /fragrances-of-ambiance-c-231.html?page=8 HTTP/1.0" 301 93017 "-" "Mozilla/5.0 (compatible; MJ12bot/v1.4.8; http://mj12bot.com/)"
173.208.206.50 - - [06/May/2022:03:56:09 +0200] "GET /-p-14218.html HTTP/1.0" 200 70808 "-" "Mozilla/5.0 (compatible; MJ12bot/v1.4.8; http://mj12bot.com/)"
46.4.108.51 - - [06/May/2022:03:56:11 +0200] "GET /triskel-shooter-p-46328.html HTTP/1.0" 200 73364 "-" "Mozilla/5.0 (compatible; BLEXBot/1.0; +http://webmeup-crawler.com/)"
65.108.143.154 - - [06/May/2022:03:56:11 +0200] "GET /fragrances-ambiance-c-231.html?page=8 HTTP/1.0" 200 92926 "-" "Mozilla/5.0 (compatible; MJ12bot/v1.4.8; http://mj12bot.com/)"
173.208.206.50 - - [06/May/2022:03:56:14 +0200] "GET /-p-14221.html HTTP/1.0" 200 70808 "-" "Mozilla/5.0 (compatible; MJ12bot/v1.4.8; http://mj12bot.com/)"
65.108.143.154 - - [06/May/2022:03:56:14 +0200] "GET /fragrances-of-ambiance-c-231.html?page=9 HTTP/1.0" 301 93642 "-" "Mozilla/5.0 (compatible; MJ12bot/v1.4.8; http://mj12bot.com/)"
65.108.143.154 - - [06/May/2022:03:56:17 +0200] "GET /fragrances-ambiance-c-231.html?page=9 HTTP/1.0" 200 93551 "-" "Mozilla/5.0 (compatible; MJ12bot/v1.4.8; http://mj12bot.com/)"
77.88.5.208 - - [06/May/2022:03:56:18 +0200] "GET /mode-cocooning-water-bottle-p-56133.html HTTP/1.0" 200 74233 "-" "Mozilla/5.0 (compatible; YandexBot/3.0; +http://yandex.com/bots)"
173.208.206.50 - - [06/May/2022:03:56:20 +0200] "GET /-p-14222.html HTTP/1.0" 200 70808 "-" "Mozilla/5.0 (compatible; MJ12bot/v1.4.8; http://mj12bot.com/)"
65.108.143.154 - - [06/May/2022:03:56:20 +0200] "GET /frame-canvas-chocolate-p-26144.html HTTP/1.0" 200 73514 "-" "Mozilla/5.0 (compatible; MJ12bot/v1.4.8; http://mj12bot.com/)"
65.108.143.154 - - [06/May/2022:03:56:23 +0200] "GET /frame-canvas-free-beer-p-26148.html HTTP/1.0" 200 73472 "-" "Mozilla/5.0 (compatible; MJ12bot/v1.4.8; http://mj12bot.com/)"
173.208.206.50 - - [06/May/2022:03:56:25 +0200] "GET /-p-14226.html HTTP/1.0" 200 70808 "-" "Mozilla/5.0 (compatible; MJ12bot/v1.4.8; http://mj12bot.com/)"
54.36.148.243 - - [06/May/2022:03:56:26 +0200] "GET /bookend-owls-p-54185.html HTTP/1.0" 200 73991 "-" "Mozilla/5.0 (compatible; AhrefsBot/7.0; +http://ahrefs.com/robot/)"
65.108.143.154 - - [06/May/2022:03:56:27 +0200] "GET /frame-canvas-hot-chocolate-p-26144.html HTTP/1.0" 301 73603 "-" "Mozilla/5.0 (compatible; MJ12bot/v1.4.8; http://mj12bot.com/)"
65.108.143.154 - - [06/May/2022:03:56:30 +0200] "GET /frame-canvas-chocolate-p-26144.html HTTP/1.0" 200 73514 "-" "Mozilla/5.0 (compatible; MJ12bot/v1.4.8; http://mj12bot.com/)"
173.208.206.50 - - [06/May/2022:03:56:31 +0200] "GET /-p-14230.html HTTP/1.0" 200 70808 "-" "Mozilla/5.0 (compatible; MJ12bot/v1.4.8; http://mj12bot.com/)"
65.108.143.154 - - [06/May/2022:03:56:33 +0200] "GET /frame-canvas-lovely-dog-p-26138.html HTTP/1.0" 301 70875 "-" "Mozilla/5.0 (compatible; MJ12bot/v1.4.8; http://mj12bot.com/)"
173.208.206.50 - - [06/May/2022:03:56:36 +0200] "GET /-p-14231.html HTTP/1.0" 200 70808 "-" "Mozilla/5.0 (compatible; MJ12bot/v1.4.8; http://mj12bot.com/)"
65.108.143.154 - - [06/May/2022:03:56:36 +0200] "GET /-p-26138.html HTTP/1.0" 200 70808 "-" "Mozilla/5.0 (compatible; MJ12bot/v1.4.8; http://mj12bot.com/)"
65.108.143.154 - - [06/May/2022:03:56:40 +0200] "GET /frame-canvas-puppies-p-26141.html HTTP/1.0" 200 73476 "-" "Mozilla/5.0 (compatible; MJ12bot/v1.4.8; http://mj12bot.com/)"
173.208.206.50 - - [06/May/2022:03:56:41 +0200] "GET /-p-14233.html HTTP/1.0" 200 70808 "-" "Mozilla/5.0 (compatible; MJ12bot/v1.4.8; http://mj12bot.com/)"
65.108.143.154 - - [06/May/2022:03:56:43 +0200] "GET /frame-canvas-two-kittens-p-26136.html HTTP/1.0" 301 70875 "-" "Mozilla/5.0 (compatible; MJ12bot/v1.4.8; http://mj12bot.com/)"
185.191.171.1 - - [06/May/2022:03:56:42 +0200] "GET /ul13-ink-large-metal-plate-deco-p-34120.html HTTP/1.0" 301 73590 "-" "Mozilla/5.0 (compatible; SemrushBot/7~bl; +http://www.semrush.com/bot.html)"
65.108.143.154 - - [06/May/2022:03:56:46 +0200] "GET /-p-26136.html HTTP/1.0" 200 70808 "-" "Mozilla/5.0 (compatible; MJ12bot/v1.4.8; http://mj12bot.com/)"
185.191.171.22 - - [06/May/2022:03:56:47 +0200] "GET /ul13-large-metal-plate-deco-p-34120.html HTTP/1.0" 200 73496 "-" "Mozilla/5.0 (compatible; SemrushBot/7~bl; +http://www.semrush.com/bot.html)"
65.108.143.154 - - [06/May/2022:03:56:49 +0200] "GET /frida-khalo-round-presentation-dish-model-p-49547.html HTTP/1.0" 200 73732 "-" "Mozilla/5.0 (compatible; MJ12bot/v1.4.8; http://mj12bot.com/)"
173.208.206.50 - - [06/May/2022:03:56:50 +0200] "GET /-p-14234.html HTTP/1.0" 200 70808 "-" "Mozilla/5.0 (compatible; MJ12bot/v1.4.8; http://mj12bot.com/)"
46.4.108.51 - - [06/May/2022:03:56:51 +0200] "GET /triskel-symbol-wooden-p-49212.html HTTP/1.0" 200 74294 "-" "Mozilla/5.0 (compatible; BLEXBot/1.0; +http://webmeup-crawler.com/)"
65.108.143.154 - - [06/May/2022:03:56:52 +0200] "GET /game-fishing-line-aquanemo-p-19496.html HTTP/1.0" 200 70929 "-" "Mozilla/5.0 (compatible; MJ12bot/v1.4.8; http://mj12bot.com/)"
65.108.143.154 - - [06/May/2022:03:56:55 +0200] "GET /games-and-toys/soft-toys-security-blanket/nici-meerkat-plush-p-22782.html HTTP/1.0" 301 70875 "-" "Mozilla/5.0 (compatible; MJ12bot/v1.4.8; http://mj12bot.com/)"
173.208.206.50 - - [06/May/2022:03:56:55 +0200] "GET /-p-14236.html HTTP/1.0" 200 70808 "-" "Mozilla/5.0 (compatible; MJ12bot/v1.4.8; http://mj12bot.com/)"
216.244.66.242 - - [06/May/2022:03:56:57 +0200] "GET /robots.txt HTTP/1.0" 200 245 "-" "Mozilla/5.0 (compatible; DotBot/1.2; +https://opensiteexplorer.org/dotbot; help@moz.com)"
111.225.146.252 - - [06/May/2022:03:56:58 +0200] "GET /images/mini_prod/1384010205105.jpg HTTP/1.0" 200 269 "-" "Mozilla/5.0 (Macintosh; Intel Mac OS X 10_12_4) AppleWebKit/537.36 (KHTML, like Gecko) Chrome/58.0.3029.110 Safari/537.36"
65.108.143.154 - - [06/May/2022:03:56:57 +0200] "GET /-p-22782.html HTTP/1.0" 200 70808 "-" "Mozilla/5.0 (compatible; MJ12bot/v1.4.8; http://mj12bot.com/)"
65.108.143.154 - - [06/May/2022:03:57:00 +0200] "GET /games-and-toys/soft-toys-security-blanket/nici-orangutan-dangling-soft-toy-p-16365.html HTTP/1.0" 301 70875 "-" "Mozilla/5.0 (compatible; MJ12bot/v1.4.8; http://mj12bot.com/)"
173.208.206.50 - - [06/May/2022:03:57:01 +0200] "GET /-p-14237.html HTTP/1.0" 200 70808 "-" "Mozilla/5.0 (compatible; MJ12bot/v1.4.8; http://mj12bot.com/)"
65.108.143.154 - - [06/May/2022:03:57:03 +0200] "GET /-p-16365.html HTTP/1.0" 200 70808 "-" "Mozilla/5.0 (compatible; MJ12bot/v1.4.8; http://mj12bot.com/)"
65.108.125.120 - - [06/May/2022:03:57:04 +0200] "GET /tealight-holders-and-candle-holders-c-13_230.html?page=1 HTTP/1.0" 301 92622 "-" "Mozilla/5.0 (compatible; MJ12bot/v1.4.8; http://mj12bot.com/)"
65.108.143.154 - - [06/May/2022:03:57:06 +0200] "GET /games-and-toys/soft-toys-security-blanket/nici-pink-rabbit-plush-p-22323.html HTTP/1.0" 301 70875 "-" "Mozilla/5.0 (compatible; MJ12bot/v1.4.8; http://mj12bot.com/)"
173.208.206.50 - - [06/May/2022:03:57:06 +0200] "GET /-p-14238.html HTTP/1.0" 200 70808 "-" "Mozilla/5.0 (compatible; MJ12bot/v1.4.8; http://mj12bot.com/)"
65.108.125.120 - - [06/May/2022:03:57:08 +0200] "GET /tealight-holders-candle-holders-c-230.html?page=1 HTTP/1.0" 301 92516 "-" "Mozilla/5.0 (compatible; MJ12bot/v1.4.8; http://mj12bot.com/)"
65.108.143.154 - - [06/May/2022:03:57:09 +0200] "GET /-p-22323.html HTTP/1.0" 200 70808 "-" "Mozilla/5.0 (compatible; MJ12bot/v1.4.8; http://mj12bot.com/)"
65.108.125.120 - - [06/May/2022:03:57:11 +0200] "GET /tealight-holders-candle-holders-c-231_230.html?page=1 HTTP/1.0" 200 92544 "-" "Mozilla/5.0 (compatible; MJ12bot/v1.4.8; http://mj12bot.com/)"
65.108.143.154 - - [06/May/2022:03:57:12 +0200] "GET /games-and-toys/soft-toys-security-blanket/nici-tiger-plush-p-22341.html HTTP/1.0" 301 70875 "-" "Mozilla/5.0 (compatible; MJ12bot/v1.4.8; http://mj12bot.com/)"
173.208.206.50 - - [06/May/2022:03:57:13 +0200] "GET /-p-14239.html HTTP/1.0" 200 70808 "-" "Mozilla/5.0 (compatible; MJ12bot/v1.4.8; http://mj12bot.com/)"
65.108.143.154 - - [06/May/2022:03:57:14 +0200] "GET /-p-22341.html HTTP/1.0" 200 70808 "-" "Mozilla/5.0 (compatible; MJ12bot/v1.4.8; http://mj12bot.com/)"
65.108.125.120 - - [06/May/2022:03:57:14 +0200] "GET /tealight-holders-and-candle-holders-c-13_230.html?page=5 HTTP/1.0" 301 93090 "-" "Mozilla/5.0 (compatible; MJ12bot/v1.4.8; http://mj12bot.com/)"
65.108.125.120 - - [06/May/2022:03:57:17 +0200] "GET /tealight-holders-candle-holders-c-230.html?page=5 HTTP/1.0" 301 92986 "-" "Mozilla/5.0 (compatible; MJ12bot/v1.4.8; http://mj12bot.com/)"
65.108.143.154 - - [06/May/2022:03:57:17 +0200] "GET /games-and-toys/soft-toys-security-blanket/peek-boo-baby-gund-french-version-p-15768.html HTTP/1.0" 301 70875 "-" "Mozilla/5.0 (compatible; MJ12bot/v1.4.8; http://mj12bot.com/)"
173.208.206.50 - - [06/May/2022:03:57:19 +0200] "GET /-p-14240.html HTTP/1.0" 200 70808 "-" "Mozilla/5.0 (compatible; MJ12bot/v1.4.8; http://mj12bot.com/)"
65.108.125.120 - - [06/May/2022:03:57:20 +0200] "GET /tealight-holders-candle-holders-c-231_230.html?page=5 HTTP/1.0" 200 93014 "-" "Mozilla/5.0 (compatible; MJ12bot/v1.4.8; http://mj12bot.com/)"
65.108.143.154 - - [06/May/2022:03:57:21 +0200] "GET /-p-15768.html HTTP/1.0" 200 70808 "-" "Mozilla/5.0 (compatible; MJ12bot/v1.4.8; http://mj12bot.com/)"
65.108.143.154 - - [06/May/2022:03:57:24 +0200] "GET /games-and-toys/soft-toys-security-blanket/peter-rabbit-soft-toy-p-25938.html HTTP/1.0" 301 70875 "-" "Mozilla/5.0 (compatible; MJ12bot/v1.4.8; http://mj12bot.com/)"
65.108.125.120 - - [06/May/2022:03:57:24 +0200] "GET /tealight-holders-and-candle-holders-c-231_230.html?page=1 HTTP/1.0" 301 92647 "-" "Mozilla/5.0 (compatible; MJ12bot/v1.4.8; http://mj12bot.com/)"
173.208.206.50 - - [06/May/2022:03:57:24 +0200] "GET /-p-14241.html HTTP/1.0" 200 70808 "-" "Mozilla/5.0 (compatible; MJ12bot/v1.4.8; http://mj12bot.com/)"
65.108.143.154 - - [06/May/2022:03:57:26 +0200] "GET /-p-25938.html HTTP/1.0" 200 70808 "-" "Mozilla/5.0 (compatible; MJ12bot/v1.4.8; http://mj12bot.com/)"
65.108.125.120 - - [06/May/2022:03:57:27 +0200] "GET /tealight-holders-candle-holders-c-230.html?page=1 HTTP/1.0" 301 92516 "-" "Mozilla/5.0 (compatible; MJ12bot/v1.4.8; http://mj12bot.com/)"
65.108.143.154 - - [06/May/2022:03:57:29 +0200] "GET /games-and-toys/soft-toys-security-blanket/petit-ours-brun-box-p-27779.html HTTP/1.0" 301 70948 "-" "Mozilla/5.0 (compatible; MJ12bot/v1.4.8; http://mj12bot.com/)"
77.88.5.208 - - [06/May/2022:03:57:29 +0200] "GET /carlin-phone-cover-galaxy-cbkreation-p-30085.html HTTP/1.0" 200 70997 "-" "Mozilla/5.0 (compatible; YandexBot/3.0; +http://yandex.com/bots)"
65.108.125.120 - - [06/May/2022:03:57:30 +0200] "GET /tealight-holders-candle-holders-c-231_230.html?page=1 HTTP/1.0" 200 92544 "-" "Mozilla/5.0 (compatible; MJ12bot/v1.4.8; http://mj12bot.com/)"
173.208.206.50 - - [06/May/2022:03:57:32 +0200] "GET /-p-14242.html HTTP/1.0" 200 70808 "-" "Mozilla/5.0 (compatible; MJ12bot/v1.4.8; http://mj12bot.com/)"
65.108.143.154 - - [06/May/2022:03:57:32 +0200] "GET /petit-ours-brun-p-27779.html HTTP/1.0" 200 70866 "-" "Mozilla/5.0 (compatible; MJ12bot/v1.4.8; http://mj12bot.com/)"
18.209.44.107 - - [06/May/2022:03:57:31 +0200] "GET / HTTP/1.0" 200 151572 "-" "Mozilla/5.0 (compatible; SurdotlyBot/1.0; +http://sur.ly/bot.html)"
18.209.44.107 - - [06/May/2022:03:57:34 +0200] "GET /favicon.ico HTTP/1.0" 200 260 "-" "Mozilla/5.0 (X11; U; Linux x86_64; en-US) AppleWebKit/532.9 (KHTML, like Gecko) Chrome/5.0.307.7 Safari/532.9"
54.36.148.243 - - [06/May/2022:03:57:33 +0200] "GET /garden-party-small-ashtray-p-37386.html HTTP/1.0" 200 73467 "-" "Mozilla/5.0 (compatible; AhrefsBot/7.0; +http://ahrefs.com/robot/)"
65.108.125.120 - - [06/May/2022:03:57:33 +0200] "GET /tealight-holders-and-candle-holders-c-231_230.html?page=2 HTTP/1.0" 301 93694 "-" "Mozilla/5.0 (compatible; MJ12bot/v1.4.8; http://mj12bot.com/)"
65.108.143.154 - - [06/May/2022:03:57:35 +0200] "GET /games-and-toys/soft-toys-security-blanket/pink-panther-plush-p-27475.html HTTP/1.0" 301 70875 "-" "Mozilla/5.0 (compatible; MJ12bot/v1.4.8; http://mj12bot.com/)"
46.4.108.51 - - [06/May/2022:03:57:35 +0200] "GET /trivet-boards-c-12_158.html?page=10 HTTP/1.0" 200 94667 "-" "Mozilla/5.0 (compatible; BLEXBot/1.0; +http://webmeup-crawler.com/)"
65.108.143.154 - - [06/May/2022:03:57:37 +0200] "GET /-p-27475.html HTTP/1.0" 200 70808 "-" "Mozilla/5.0 (compatible; MJ12bot/v1.4.8; http://mj12bot.com/)"
54.36.148.172 - - [06/May/2022:03:57:39 +0200] "GET /images/big_prod/3503420212840.jpg HTTP/1.0" 200 268 "-" "Mozilla/5.0 (compatible; AhrefsBot/7.0; +http://ahrefs.com/robot/)"
65.108.125.120 - - [06/May/2022:03:57:38 +0200] "GET /tealight-holders-candle-holders-c-230.html?page=2 HTTP/1.0" 301 93563 "-" "Mozilla/5.0 (compatible; MJ12bot/v1.4.8; http://mj12bot.com/)"
173.208.206.50 - - [06/May/2022:03:57:38 +0200] "GET /-p-14243.html HTTP/1.0" 200 70808 "-" "Mozilla/5.0 (compatible; MJ12bot/v1.4.8; http://mj12bot.com/)"
51.68.224.127 - - [06/May/2022:03:57:41 +0200] "GET /adminweb/export_orders_xml.php?token=256de2z6edz6ed2z6DFSFsed2zed6zeDSFDSGdzedezfzf&maxorders=10&orderstart=1&status=14&start_date=2018-10-01 HTTP/1.0" 200 285 "-" "GesCom CharlotteBoutik Serveur"
65.108.143.154 - - [06/May/2022:03:57:40 +0200] "GET /games-and-toys/soft-toys-security-blanket/plush-chihuahua-her-purse-p-24890.html HTTP/1.0" 301 70875 "-" "Mozilla/5.0 (compatible; MJ12bot/v1.4.8; http://mj12bot.com/)"
51.68.224.127 - - [06/May/2022:03:57:41 +0200] "GET /adminweb/export_orders_xml.php?token=256de2z6edz6ed2z6DFSFsed2zed6zeDSFDSGdzedezfzf&maxorders=10&orderstart=1&status=6&start_date=2018-10-01 HTTP/1.0" 200 32798 "-" "GesCom CharlotteBoutik Serveur"
65.108.125.120 - - [06/May/2022:03:57:41 +0200] "GET /tealight-holders-candle-holders-c-231_230.html?page=2 HTTP/1.0" 200 93591 "-" "Mozilla/5.0 (compatible; MJ12bot/v1.4.8; http://mj12bot.com/)"
65.108.143.154 - - [06/May/2022:03:57:43 +0200] "GET /-p-24890.html HTTP/1.0" 200 70808 "-" "Mozilla/5.0 (compatible; MJ12bot/v1.4.8; http://mj12bot.com/)"
173.208.206.50 - - [06/May/2022:03:57:45 +0200] "GET /-p-14245.html HTTP/1.0" 200 70808 "-" "Mozilla/5.0 (compatible; MJ12bot/v1.4.8; http://mj12bot.com/)"
65.108.125.120 - - [06/May/2022:03:57:45 +0200] "GET /tealight-holders-and-candle-holders-c-231_230.html?page=3 HTTP/1.0" 301 94102 "-" "Mozilla/5.0 (compatible; MJ12bot/v1.4.8; http://mj12bot.com/)"
65.108.143.154 - - [06/May/2022:03:57:46 +0200] "GET /games-and-toys/soft-toys-security-blanket/plush-cookie-dog-p-27332.html HTTP/1.0" 301 70875 "-" "Mozilla/5.0 (compatible; MJ12bot/v1.4.8; http://mj12bot.com/)"
65.108.143.154 - - [06/May/2022:03:57:49 +0200] "GET /-p-27332.html HTTP/1.0" 200 70808 "-" "Mozilla/5.0 (compatible; MJ12bot/v1.4.8; http://mj12bot.com/)"
65.108.125.120 - - [06/May/2022:03:57:49 +0200] "GET /tealight-holders-candle-holders-c-230.html?page=3 HTTP/1.0" 301 93971 "-" "Mozilla/5.0 (compatible; MJ12bot/v1.4.8; http://mj12bot.com/)"
65.108.143.154 - - [06/May/2022:03:57:52 +0200] "GET /games-and-toys/soft-toys-security-blanket/plush-midnight-bear-p-27334.html HTTP/1.0" 301 70875 "-" "Mozilla/5.0 (compatible; MJ12bot/v1.4.8; http://mj12bot.com/)"
173.208.206.50 - - [06/May/2022:03:57:53 +0200] "GET /-p-14246.html HTTP/1.0" 200 70808 "-" "Mozilla/5.0 (compatible; MJ12bot/v1.4.8; http://mj12bot.com/)"
65.108.125.120 - - [06/May/2022:03:57:52 +0200] "GET /tealight-holders-candle-holders-c-231_230.html?page=3 HTTP/1.0" 200 93999 "-" "Mozilla/5.0 (compatible; MJ12bot/v1.4.8; http://mj12bot.com/)"
65.108.143.154 - - [06/May/2022:03:57:54 +0200] "GET /-p-27334.html HTTP/1.0" 200 70808 "-" "Mozilla/5.0 (compatible; MJ12bot/v1.4.8; http://mj12bot.com/)"
185.191.171.2 - - [06/May/2022:03:57:53 +0200] "GET /cbkreation-mug-p-14178.html HTTP/1.0" 301 73414 "-" "Mozilla/5.0 (compatible; SemrushBot/7~bl; +http://www.semrush.com/bot.html)"
65.108.143.154 - - [06/May/2022:03:57:57 +0200] "GET /games-and-toys/soft-toys-security-blanket/raving-rabbids-valentine-soft-toy-p-20818.html HTTP/1.0" 301 70875 "-" "Mozilla/5.0 (compatible; MJ12bot/v1.4.8; http://mj12bot.com/)"
65.108.125.120 - - [06/May/2022:03:57:57 +0200] "GET /tealight-holders-and-candle-holders-c-231_230.html?page=4 HTTP/1.0" 301 93386 "-" "Mozilla/5.0 (compatible; MJ12bot/v1.4.8; http://mj12bot.com/)"
185.191.171.5 - - [06/May/2022:03:57:58 +0200] "GET /cbkreation-p-14178.html HTTP/1.0" 200 73337 "-" "Mozilla/5.0 (compatible; SemrushBot/7~bl; +http://www.semrush.com/bot.html)"
65.108.143.154 - - [06/May/2022:03:58:00 +0200] "GET /-p-20818.html HTTP/1.0" 200 70808 "-" "Mozilla/5.0 (compatible; MJ12bot/v1.4.8; http://mj12bot.com/)"
173.208.206.50 - - [06/May/2022:03:58:01 +0200] "GET /-p-14247.html HTTP/1.0" 200 70808 "-" "Mozilla/5.0 (compatible; MJ12bot/v1.4.8; http://mj12bot.com/)"
65.108.125.120 - - [06/May/2022:03:58:01 +0200] "GET /tealight-holders-candle-holders-c-230.html?page=4 HTTP/1.0" 301 93255 "-" "Mozilla/5.0 (compatible; MJ12bot/v1.4.8; http://mj12bot.com/)"
65.108.143.154 - - [06/May/2022:03:58:03 +0200] "GET /games-and-toys/soft-toys-security-blanket/round-doudou-rabbit-girl-kaloo-zen-p-19236.html HTTP/1.0" 301 70875 "-" "Mozilla/5.0 (compatible; MJ12bot/v1.4.8; http://mj12bot.com/)"
65.108.143.154 - - [06/May/2022:03:58:06 +0200] "GET /-p-19236.html HTTP/1.0" 200 70808 "-" "Mozilla/5.0 (compatible; MJ12bot/v1.4.8; http://mj12bot.com/)"
65.108.125.120 - - [06/May/2022:03:58:06 +0200] "GET /tealight-holders-candle-holders-c-231_230.html?page=4 HTTP/1.0" 200 93283 "-" "Mozilla/5.0 (compatible; MJ12bot/v1.4.8; http://mj12bot.com/)"
173.208.206.50 - - [06/May/2022:03:58:06 +0200] "GET /-p-14249.html HTTP/1.0" 200 70808 "-" "Mozilla/5.0 (compatible; MJ12bot/v1.4.8; http://mj12bot.com/)"
65.108.143.154 - - [06/May/2022:03:58:08 +0200] "GET /games-and-toys/soft-toys-security-blanket/schtroumpf-security-blanket-p-14376.html HTTP/1.0" 301 73472 "-" "Mozilla/5.0 (compatible; MJ12bot/v1.4.8; http://mj12bot.com/)"
111.225.144.172 - - [06/May/2022:03:58:11 +0200] "GET /images/mini_prod/1384010206430.jpg HTTP/1.0" 200 269 "-" "Mozilla/5.0 (Macintosh; Intel Mac OS X 10_12_4) AppleWebKit/537.36 (KHTML, like Gecko) Chrome/58.0.3029.110 Safari/537.36"
65.108.125.120 - - [06/May/2022:03:58:11 +0200] "GET /tealight-holders-and-candle-holders-c-231_230.html?page=5 HTTP/1.0" 301 93117 "-" "Mozilla/5.0 (compatible; MJ12bot/v1.4.8; http://mj12bot.com/)"
65.108.143.154 - - [06/May/2022:03:58:11 +0200] "GET /schtroumpf-security-blanket-p-14376.html HTTP/1.0" 200 73378 "-" "Mozilla/5.0 (compatible; MJ12bot/v1.4.8; http://mj12bot.com/)"
65.108.143.154 - - [06/May/2022:03:58:14 +0200] "GET /games-and-toys/soft-toys-security-blanket/small-bear-kaloo-bliss-p-19208.html HTTP/1.0" 301 70875 "-" "Mozilla/5.0 (compatible; MJ12bot/v1.4.8; http://mj12bot.com/)"
65.108.125.120 - - [06/May/2022:03:58:14 +0200] "GET /tealight-holders-candle-holders-c-230.html?page=5 HTTP/1.0" 301 92986 "-" "Mozilla/5.0 (compatible; MJ12bot/v1.4.8; http://mj12bot.com/)"
173.208.206.50 - - [06/May/2022:03:58:15 +0200] "GET /-p-14250.html HTTP/1.0" 200 70808 "-" "Mozilla/5.0 (compatible; MJ12bot/v1.4.8; http://mj12bot.com/)"
46.4.108.51 - - [06/May/2022:03:58:15 +0200] "GET /trivet-boards-c-12_158.html?page=11 HTTP/1.0" 200 92225 "-" "Mozilla/5.0 (compatible; BLEXBot/1.0; +http://webmeup-crawler.com/)"
65.108.143.154 - - [06/May/2022:03:58:17 +0200] "GET /-p-19208.html HTTP/1.0" 200 70808 "-" "Mozilla/5.0 (compatible; MJ12bot/v1.4.8; http://mj12bot.com/)"
65.108.125.120 - - [06/May/2022:03:58:18 +0200] "GET /tealight-holders-candle-holders-c-231_230.html?page=5 HTTP/1.0" 200 93014 "-" "Mozilla/5.0 (compatible; MJ12bot/v1.4.8; http://mj12bot.com/)"
65.108.143.154 - - [06/May/2022:03:58:20 +0200] "GET /games-and-toys/soft-toys-security-blanket/smashaballz-brainz-plush-p-25053.html HTTP/1.0" 301 70875 "-" "Mozilla/5.0 (compatible; MJ12bot/v1.4.8; http://mj12bot.com/)"
173.208.206.50 - - [06/May/2022:03:58:20 +0200] "GET /-p-14264.html HTTP/1.0" 200 70808 "-" "Mozilla/5.0 (compatible; MJ12bot/v1.4.8; http://mj12bot.com/)"
65.108.143.154 - - [06/May/2022:03:58:23 +0200] "GET /-p-25053.html HTTP/1.0" 200 70808 "-" "Mozilla/5.0 (compatible; MJ12bot/v1.4.8; http://mj12bot.com/)"
65.108.125.120 - - [06/May/2022:03:58:23 +0200] "GET /tealight-holders-and-candle-holders-c-231_230.html?page=6 HTTP/1.0" 301 93421 "-" "Mozilla/5.0 (compatible; MJ12bot/v1.4.8; http://mj12bot.com/)"
65.108.143.154 - - [06/May/2022:03:58:26 +0200] "GET /games-and-toys/soft-toys-security-blanket/smashaballz-mandroid-plush-p-25055.html HTTP/1.0" 301 70875 "-" "Mozilla/5.0 (compatible; MJ12bot/v1.4.8; http://mj12bot.com/)"
65.108.125.120 - - [06/May/2022:03:58:26 +0200] "GET /tealight-holders-candle-holders-c-230.html?page=6 HTTP/1.0" 301 93290 "-" "Mozilla/5.0 (compatible; MJ12bot/v1.4.8; http://mj12bot.com/)"
173.208.206.50 - - [06/May/2022:03:58:27 +0200] "GET /-p-14282.html HTTP/1.0" 200 70808 "-" "Mozilla/5.0 (compatible; MJ12bot/v1.4.8; http://mj12bot.com/)"
65.108.143.154 - - [06/May/2022:03:58:28 +0200] "GET /-p-25055.html HTTP/1.0" 200 70808 "-" "Mozilla/5.0 (compatible; MJ12bot/v1.4.8; http://mj12bot.com/)"
185.191.171.12 - - [06/May/2022:03:58:29 +0200] "GET /super-mario-retro-ceramic-mug-p-50124.html HTTP/1.0" 301 74211 "-" "Mozilla/5.0 (compatible; SemrushBot/7~bl; +http://www.semrush.com/bot.html)"
65.108.125.120 - - [06/May/2022:03:58:31 +0200] "GET /tealight-holders-candle-holders-c-231_230.html?page=6 HTTP/1.0" 200 93318 "-" "Mozilla/5.0 (compatible; MJ12bot/v1.4.8; http://mj12bot.com/)"
65.108.143.154 - - [06/May/2022:03:58:31 +0200] "GET /games-and-toys/soft-toys-security-blanket/smashaballz-pharaoohh-plush-p-25054.html HTTP/1.0" 301 70875 "-" "Mozilla/5.0 (compatible; MJ12bot/v1.4.8; http://mj12bot.com/)"
185.191.171.21 - - [06/May/2022:03:58:33 +0200] "GET /super-mario-retro-ceramic-p-50124.html HTTP/1.0" 200 74119 "-" "Mozilla/5.0 (compatible; SemrushBot/7~bl; +http://www.semrush.com/bot.html)"
173.208.206.50 - - [06/May/2022:03:58:34 +0200] "GET /-p-14284.html HTTP/1.0" 200 70808 "-" "Mozilla/5.0 (compatible; MJ12bot/v1.4.8; http://mj12bot.com/)"
65.108.143.154 - - [06/May/2022:03:58:35 +0200] "GET /-p-25054.html HTTP/1.0" 200 70808 "-" "Mozilla/5.0 (compatible; MJ12bot/v1.4.8; http://mj12bot.com/)"
65.108.125.120 - - [06/May/2022:03:58:37 +0200] "GET /tealight-holders-candle-holders-c-230.html?page=1 HTTP/1.0" 301 92516 "-" "Mozilla/5.0 (compatible; MJ12bot/v1.4.8; http://mj12bot.com/)"
65.108.143.154 - - [06/May/2022:03:58:38 +0200] "GET /games-and-toys/soft-toys-security-blanket/soft-toy-gund-beige-dog-p-21370.html HTTP/1.0" 301 70875 "-" "Mozilla/5.0 (compatible; MJ12bot/v1.4.8; http://mj12bot.com/)"
173.208.206.50 - - [06/May/2022:03:58:40 +0200] "GET /-p-14287.html HTTP/1.0" 200 70808 "-" "Mozilla/5.0 (compatible; MJ12bot/v1.4.8; http://mj12bot.com/)"
213.173.103.138 - - [06/May/2022:03:58:43 +0200] "GET /images/mini_prod/8003990631249.jpg HTTP/1.0" 200 269 "-" "Mozilla/5.0 (X11; Ubuntu; Linux x86_64; rv:72.0) Gecko/20100101 Firefox/72.0"
65.108.143.154 - - [06/May/2022:03:58:41 +0200] "GET /-p-21370.html HTTP/1.0" 200 70808 "-" "Mozilla/5.0 (compatible; MJ12bot/v1.4.8; http://mj12bot.com/)"
65.108.125.120 - - [06/May/2022:03:58:41 +0200] "GET /tealight-holders-candle-holders-c-231_230.html?page=1 HTTP/1.0" 200 92544 "-" "Mozilla/5.0 (compatible; MJ12bot/v1.4.8; http://mj12bot.com/)"
54.36.148.243 - - [06/May/2022:03:58:42 +0200] "GET /indian-motorcycle-metal-plate-deco-p-42343.html HTTP/1.0" 200 73678 "-" "Mozilla/5.0 (compatible; AhrefsBot/7.0; +http://ahrefs.com/robot/)"
65.108.143.154 - - [06/May/2022:03:58:44 +0200] "GET /games-and-toys/soft-toys-security-blanket/t39choupi-little-winter-soft-toy-p-25234.html HTTP/1.0" 301 70875 "-" "Mozilla/5.0 (compatible; MJ12bot/v1.4.8; http://mj12bot.com/)"
17.121.112.102 - - [06/May/2022:03:58:43 +0200] "GET /cardmaking-c-129_128.html HTTP/1.0" 200 92251 "-" "Mozilla/5.0 (Macintosh; Intel Mac OS X 10_15_5) AppleWebKit/605.1.15 (KHTML, like Gecko) Version/13.1.1 Safari/605.1.15 (Applebot/0.1; +http://www.apple.com/go/applebot)"
65.108.125.120 - - [06/May/2022:03:58:46 +0200] "GET /tealight-holders-candle-holders-c-230.html?page=5 HTTP/1.0" 301 92986 "-" "Mozilla/5.0 (compatible; MJ12bot/v1.4.8; http://mj12bot.com/)"
46.4.108.51 - - [06/May/2022:03:58:46 +0200] "GET /trivet-boards-c-12_158.html?page=2 HTTP/1.0" 200 94668 "-" "Mozilla/5.0 (compatible; BLEXBot/1.0; +http://webmeup-crawler.com/)"
173.208.206.50 - - [06/May/2022:03:58:46 +0200] "GET /-p-14288.html HTTP/1.0" 200 70808 "-" "Mozilla/5.0 (compatible; MJ12bot/v1.4.8; http://mj12bot.com/)"
65.108.143.154 - - [06/May/2022:03:58:47 +0200] "GET /-p-25234.html HTTP/1.0" 200 70808 "-" "Mozilla/5.0 (compatible; MJ12bot/v1.4.8; http://mj12bot.com/)"
65.108.125.120 - - [06/May/2022:03:58:49 +0200] "GET /tealight-holders-candle-holders-c-231_230.html?page=5 HTTP/1.0" 200 93014 "-" "Mozilla/5.0 (compatible; MJ12bot/v1.4.8; http://mj12bot.com/)"
185.191.171.39 - - [06/May/2022:03:58:51 +0200] "GET /neon-guitar-clock-p-26606.html?action=add_product HTTP/1.0" 302 476 "-" "Mozilla/5.0 (compatible; SemrushBot/7~bl; +http://www.semrush.com/bot.html)"
65.108.143.154 - - [06/May/2022:03:58:51 +0200] "GET /games-and-toys/soft-toys-security-blanket/the-beanie-buddies-plush-little-pony-apple-jack-p-27346.html HTTP/1.0" 301 71112 "-" "Mozilla/5.0 (compatible; MJ12bot/v1.4.8; http://mj12bot.com/)"
173.208.206.50 - - [06/May/2022:03:58:53 +0200] "GET /-p-14289.html HTTP/1.0" 200 70808 "-" "Mozilla/5.0 (compatible; MJ12bot/v1.4.8; http://mj12bot.com/)"
65.108.143.154 - - [06/May/2022:03:58:54 +0200] "GET /beanie-buddies-plush-little-pony-apple-jack-p-27346.html HTTP/1.0" 200 71002 "-" "Mozilla/5.0 (compatible; MJ12bot/v1.4.8; http://mj12bot.com/)"
65.108.125.120 - - [06/May/2022:03:58:54 +0200] "GET /tealight-holders-candle-holders-c-231_230.html?page=1 HTTP/1.0" 200 92544 "-" "Mozilla/5.0 (compatible; MJ12bot/v1.4.8; http://mj12bot.com/)"
65.108.143.154 - - [06/May/2022:03:58:57 +0200] "GET /games-and-toys/soft-toys-security-blanket/winnie-the-pooh-plush-britto-p-24305.html HTTP/1.0" 301 70875 "-" "Mozilla/5.0 (compatible; MJ12bot/v1.4.8; http://mj12bot.com/)"
173.208.206.50 - - [06/May/2022:03:58:58 +0200] "GET /-p-1437.html HTTP/1.0" 200 70806 "-" "Mozilla/5.0 (compatible; MJ12bot/v1.4.8; http://mj12bot.com/)"
65.108.143.154 - - [06/May/2022:03:58:59 +0200] "GET /-p-24305.html HTTP/1.0" 200 70808 "-" "Mozilla/5.0 (compatible; MJ12bot/v1.4.8; http://mj12bot.com/)"
65.108.125.120 - - [06/May/2022:03:59:00 +0200] "GET /tealight-holders-candle-holders-c-231_230.html?page=5 HTTP/1.0" 200 93014 "-" "Mozilla/5.0 (compatible; MJ12bot/v1.4.8; http://mj12bot.com/)"
65.108.143.154 - - [06/May/2022:03:59:02 +0200] "GET /games-and-toys/toys-c-4_45.html?page=13 HTTP/1.0" 301 90375 "-" "Mozilla/5.0 (compatible; MJ12bot/v1.4.8; http://mj12bot.com/)"
