54.36.148.122 - - [06/May/2022:15:36:21 +0200] "GET /images/big_prod/720322284093.jpg HTTP/1.0" 200 267 "-" "Mozilla/5.0 (compatible; AhrefsBot/7.0; +http://ahrefs.com/robot/)"
185.191.171.22 - - [06/May/2022:15:36:21 +0200] "GET /pusheen-mermaid-spiral-shell-soft-toy-16-cm-p-41682.html HTTP/1.0" 301 71050 "-" "Mozilla/5.0 (compatible; SemrushBot/7~bl; +http://www.semrush.com/bot.html)"
185.191.171.35 - - [06/May/2022:15:36:24 +0200] "GET /pusheen-mermaid-spiral-shell-soft-p-41682.html HTTP/1.0" 200 70950 "-" "Mozilla/5.0 (compatible; SemrushBot/7~bl; +http://www.semrush.com/bot.html)"
185.191.171.26 - - [06/May/2022:15:36:31 +0200] "GET /citron-collection-large-metal-plate-deco-p-34130.html HTTP/1.0" 200 73587 "-" "Mozilla/5.0 (compatible; SemrushBot/7~bl; +http://www.semrush.com/bot.html)"
54.36.148.243 - - [06/May/2022:15:37:10 +0200] "GET /decorative-shark-statuette-aged-wood-p-44720.html HTTP/1.0" 200 73643 "-" "Mozilla/5.0 (compatible; AhrefsBot/7.0; +http://ahrefs.com/robot/)"
52.191.139.146 - - [06/May/2022:15:37:29 +0200] "GET /images/GormitiBassa.jpg HTTP/1.0" 200 258 "-" "Mozilla/5.0 (X11; Ubuntu; Linux x86_64; rv:72.0) Gecko/20100101 Firefox/72.0"
185.191.171.35 - - [06/May/2022:15:37:28 +0200] "GET /bedspread-boutis-pillowcases-p-52162.html HTTP/1.0" 200 74353 "-" "Mozilla/5.0 (compatible; SemrushBot/7~bl; +http://www.semrush.com/bot.html)"
77.88.5.208 - - [06/May/2022:15:37:36 +0200] "GET /cancer-mousepad-cbkreation-p-43299.html HTTP/1.0" 200 73517 "-" "Mozilla/5.0 (compatible; YandexBot/3.0; +http://yandex.com/bots)"
207.46.13.182 - - [06/May/2022:15:38:15 +0200] "GET /-p-34070.html HTTP/1.0" 200 70808 "-" "Mozilla/5.0 (compatible; bingbot/2.0; +http://www.bing.com/bingbot.htm)"
54.36.148.243 - - [06/May/2022:15:38:27 +0200] "GET /russian-cavalier-illustrated-etienne-boyer-p-29202.html HTTP/1.0" 200 73702 "-" "Mozilla/5.0 (compatible; AhrefsBot/7.0; +http://ahrefs.com/robot/)"
54.36.149.66 - - [06/May/2022:15:38:30 +0200] "GET /images/1300010238240.jpg HTTP/1.0" 200 259 "-" "Mozilla/5.0 (compatible; AhrefsBot/7.0; +http://ahrefs.com/robot/)"
77.88.5.237 - - [06/May/2022:15:38:30 +0200] "GET /accessories-c-3.html?page=10 HTTP/1.0" 200 93104 "-" "Mozilla/5.0 (compatible; YandexBot/3.0; +http://yandex.com/bots)"
157.55.39.105 - - [06/May/2022:15:38:43 +0200] "GET /-p-22175.html HTTP/1.0" 200 70808 "-" "Mozilla/5.0 (compatible; bingbot/2.0; +http://www.bing.com/bingbot.htm)"
207.46.13.182 - - [06/May/2022:15:38:55 +0200] "GET /cats-dubout-placemat-p-32428.html HTTP/1.0" 200 76004 "-" "Mozilla/5.0 (compatible; bingbot/2.0; +http://www.bing.com/bingbot.htm)"
66.249.64.152 - - [06/May/2022:15:39:03 +0200] "GET /small-appliances-hifi-c-13_88.html HTTP/1.0" 200 90215 "-" "Mozilla/5.0 (compatible; Googlebot/2.1; +http://www.google.com/bot.html)"
66.249.64.146 - - [06/May/2022:15:39:08 +0200] "GET /js/jquery.min.js HTTP/1.0" 404 1308 "http://www.wonder-geek.com/small-appliances-hifi-c-13_88.html" "Mozilla/5.0 AppleWebKit/537.36 (KHTML, like Gecko; compatible; Googlebot/2.1; +http://www.google.com/bot.html) Chrome/100.0.4896.127 Safari/537.36"
66.249.64.152 - - [06/May/2022:15:39:08 +0200] "GET /js/jquery.min.js HTTP/1.0" 404 1308 "http://www.wonder-geek.com/small-appliances-hifi-c-13_88.html" "Mozilla/5.0 AppleWebKit/537.36 (KHTML, like Gecko; compatible; Googlebot/2.1; +http://www.google.com/bot.html) Chrome/100.0.4896.127 Safari/537.36"
54.36.148.243 - - [06/May/2022:15:39:37 +0200] "GET /model-fantasy-dolphin-p-38397.html HTTP/1.0" 200 73462 "-" "Mozilla/5.0 (compatible; AhrefsBot/7.0; +http://ahrefs.com/robot/)"
185.191.171.6 - - [06/May/2022:15:39:41 +0200] "GET /robots.txt HTTP/1.0" 200 245 "-" "Mozilla/5.0 (compatible; SemrushBot/7~bl; +http://www.semrush.com/bot.html)"
185.191.171.36 - - [06/May/2022:15:39:41 +0200] "GET /kitchen-towel-beige-p-54117.html HTTP/1.0" 200 73467 "-" "Mozilla/5.0 (compatible; SemrushBot/7~bl; +http://www.semrush.com/bot.html)"
54.36.149.55 - - [06/May/2022:15:39:43 +0200] "GET /images/big_prod/4010070321505.jpg HTTP/1.0" 200 268 "-" "Mozilla/5.0 (compatible; AhrefsBot/7.0; +http://ahrefs.com/robot/)"
185.191.171.14 - - [06/May/2022:15:40:08 +0200] "GET /breakfast-board-tassen-made-germany-p-54702.html HTTP/1.0" 200 74788 "-" "Mozilla/5.0 (compatible; SemrushBot/7~bl; +http://www.semrush.com/bot.html)"
185.191.171.9 - - [06/May/2022:15:40:20 +0200] "GET /gorjuss-time-to-fly-glasses-box-p-41200.html HTTP/1.0" 301 74493 "-" "Mozilla/5.0 (compatible; SemrushBot/7~bl; +http://www.semrush.com/bot.html)"
185.191.171.18 - - [06/May/2022:15:40:23 +0200] "GET /gorjuss-time-glasses-p-41200.html HTTP/1.0" 200 74406 "-" "Mozilla/5.0 (compatible; SemrushBot/7~bl; +http://www.semrush.com/bot.html)"
54.36.148.243 - - [06/May/2022:15:40:32 +0200] "GET /sticker-p-32982.html HTTP/1.0" 200 73393 "-" "Mozilla/5.0 (compatible; AhrefsBot/7.0; +http://ahrefs.com/robot/)"
185.191.171.39 - - [06/May/2022:15:40:44 +0200] "GET /talent-ludwig-beethoven-tassen-made-germany-p-54341.html?action=add_product HTTP/1.0" 302 476 "-" "Mozilla/5.0 (compatible; SemrushBot/7~bl; +http://www.semrush.com/bot.html)"
185.191.171.38 - - [06/May/2022:15:40:54 +0200] "GET /-p-50842.html?action=add_product HTTP/1.0" 302 476 "-" "Mozilla/5.0 (compatible; SemrushBot/7~bl; +http://www.semrush.com/bot.html)"
40.77.167.13 - - [06/May/2022:15:41:23 +0200] "GET /-p-33612.html HTTP/1.0" 200 70808 "-" "Mozilla/5.0 (compatible; bingbot/2.0; +http://www.bing.com/bingbot.htm)"
54.36.148.243 - - [06/May/2022:15:41:31 +0200] "GET /smiley-p-16722.html HTTP/1.0" 200 73306 "-" "Mozilla/5.0 (compatible; AhrefsBot/7.0; +http://ahrefs.com/robot/)"
54.36.148.243 - - [06/May/2022:15:42:24 +0200] "GET /cushions-c-11_71_283.html?page=2 HTTP/1.0" 200 91363 "-" "Mozilla/5.0 (compatible; AhrefsBot/7.0; +http://ahrefs.com/robot/)"
51.68.224.127 - - [06/May/2022:15:42:47 +0200] "GET /adminweb/export_orders_xml.php?token=256de2z6edz6ed2z6DFSFsed2zed6zeDSFDSGdzedezfzf&maxorders=10&orderstart=1&status=14&start_date=2018-10-01 HTTP/1.0" 200 285 "-" "GesCom CharlotteBoutik Serveur"
51.68.224.127 - - [06/May/2022:15:42:48 +0200] "GET /adminweb/export_orders_xml.php?token=256de2z6edz6ed2z6DFSFsed2zed6zeDSFDSGdzedezfzf&maxorders=10&orderstart=1&status=6&start_date=2018-10-01 HTTP/1.0" 200 32798 "-" "GesCom CharlotteBoutik Serveur"
157.55.39.105 - - [06/May/2022:15:43:03 +0200] "GET /the-little-prince-of-saint-exupery-wall-decoration-18-125-cm-p-51868.html HTTP/1.0" 301 77427 "-" "Mozilla/5.0 (compatible; bingbot/2.0; +http://www.bing.com/bingbot.htm)"
207.46.13.182 - - [06/May/2022:15:43:16 +0200] "GET /-p-6651.html HTTP/1.0" 200 70806 "-" "Mozilla/5.0 (compatible; bingbot/2.0; +http://www.bing.com/bingbot.htm)"
54.36.148.243 - - [06/May/2022:15:43:19 +0200] "GET /jasmin-jasmine-companion-portfolio-morioka-p-44224.html HTTP/1.0" 200 74714 "-" "Mozilla/5.0 (compatible; AhrefsBot/7.0; +http://ahrefs.com/robot/)"
157.55.39.172 - - [06/May/2022:15:43:21 +0200] "GET /educational-children-watch-goal-p-51494.html HTTP/1.0" 200 74885 "-" "Mozilla/5.0 (compatible; bingbot/2.0; +http://www.bing.com/bingbot.htm)"
54.36.148.78 - - [06/May/2022:15:43:25 +0200] "GET /images/big_prod/3608860055504.jpg HTTP/1.0" 200 268 "-" "Mozilla/5.0 (compatible; AhrefsBot/7.0; +http://ahrefs.com/robot/)"
54.36.148.242 - - [06/May/2022:15:43:26 +0200] "GET /images/big_prod_2/3608860055504c.jpg HTTP/1.0" 200 271 "-" "Mozilla/5.0 (compatible; AhrefsBot/7.0; +http://ahrefs.com/robot/)"
54.36.148.107 - - [06/May/2022:15:43:26 +0200] "GET /images/big_prod_1/3608860055504b.jpg HTTP/1.0" 200 271 "-" "Mozilla/5.0 (compatible; AhrefsBot/7.0; +http://ahrefs.com/robot/)"
185.191.171.16 - - [06/May/2022:15:43:43 +0200] "GET /black-tourmaline-crystal-point-pyramid-with-flower-life-p-54366.html?action=add_product HTTP/1.0" 302 476 "-" "Mozilla/5.0 (compatible; SemrushBot/7~bl; +http://www.semrush.com/bot.html)"
207.46.13.182 - - [06/May/2022:15:43:55 +0200] "GET /ballerina-statue-collection-body-talk-p-38822.html HTTP/1.0" 200 74523 "-" "Mozilla/5.0 (compatible; bingbot/2.0; +http://www.bing.com/bingbot.htm)"
54.36.148.243 - - [06/May/2022:15:44:15 +0200] "GET /otor-industrial-lamp-p-48594.html HTTP/1.0" 200 73513 "-" "Mozilla/5.0 (compatible; AhrefsBot/7.0; +http://ahrefs.com/robot/)"
54.36.148.143 - - [06/May/2022:15:44:20 +0200] "GET /images/big_prod/8718317639227.jpg HTTP/1.0" 200 268 "-" "Mozilla/5.0 (compatible; AhrefsBot/7.0; +http://ahrefs.com/robot/)"
106.53.124.110 - - [06/May/2022:15:44:56 +0200] "GET /images/mini_prod/A84360429032013.jpg HTTP/1.0" 200 271 "-" "Mozilla/5.0 (X11; Ubuntu; Linux x86_64; rv:72.0) Gecko/20100101 Firefox/72.0"
54.36.148.243 - - [06/May/2022:15:45:13 +0200] "GET /tweety-clock-p-17436.html HTTP/1.0" 200 73346 "-" "Mozilla/5.0 (compatible; AhrefsBot/7.0; +http://ahrefs.com/robot/)"
54.36.148.230 - - [06/May/2022:15:45:17 +0200] "GET /images/big_prod/3700276232651.jpg HTTP/1.0" 200 268 "-" "Mozilla/5.0 (compatible; AhrefsBot/7.0; +http://ahrefs.com/robot/)"
111.225.144.241 - - [06/May/2022:15:45:40 +0200] "GET /images/mini_prod/9316188081207.jpg HTTP/1.0" 200 269 "-" "Mozilla/5.0 (Macintosh; Intel Mac OS X 10_12_4) AppleWebKit/537.36 (KHTML, like Gecko) Chrome/58.0.3029.110 Safari/537.36"
157.55.39.172 - - [06/May/2022:15:46:02 +0200] "GET /cars-sports-bottle-p-58102.html HTTP/1.0" 301 573 "-" "Mozilla/5.0 (compatible; bingbot/2.0; +http://www.bing.com/bingbot.htm)"
54.36.148.243 - - [06/May/2022:15:46:06 +0200] "GET /ultrasonic-diffuser-norah-p-57373.html HTTP/1.0" 200 74715 "-" "Mozilla/5.0 (compatible; AhrefsBot/7.0; +http://ahrefs.com/robot/)"
54.36.149.87 - - [06/May/2022:15:46:12 +0200] "GET /images/big_prod/3700643504893.jpg HTTP/1.0" 200 268 "-" "Mozilla/5.0 (compatible; AhrefsBot/7.0; +http://ahrefs.com/robot/)"
54.36.148.66 - - [06/May/2022:15:46:12 +0200] "GET /images/big_prod_1/3700643504893B.jpg HTTP/1.0" 200 271 "-" "Mozilla/5.0 (compatible; AhrefsBot/7.0; +http://ahrefs.com/robot/)"
157.55.39.172 - - [06/May/2022:15:46:12 +0200] "GET /cars-sports-bottle-p-58102.html HTTP/1.0" 200 74012 "-" "Mozilla/5.0 (compatible; bingbot/2.0; +http://www.bing.com/bingbot.htm)"
185.191.171.20 - - [06/May/2022:15:46:19 +0200] "GET /gund-blue-small-plush-p-32417.html?action=add_product HTTP/1.0" 302 476 "-" "Mozilla/5.0 (compatible; SemrushBot/7~bl; +http://www.semrush.com/bot.html)"
66.249.64.158 - - [06/May/2022:15:46:26 +0200] "GET /images/big_prod_2/8422059532431C.jpg HTTP/1.0" 200 271 "-" "Googlebot-Image/1.0"
185.191.171.8 - - [06/May/2022:15:46:45 +0200] "GET /plaid-sofa-throw-portofino-with-fringes-p-47922.html?action=add_product HTTP/1.0" 302 476 "-" "Mozilla/5.0 (compatible; SemrushBot/7~bl; +http://www.semrush.com/bot.html)"
40.77.167.0 - - [06/May/2022:15:47:08 +0200] "GET /-p-30151.html HTTP/1.0" 200 70808 "-" "Mozilla/5.0 (compatible; bingbot/2.0; +http://www.bing.com/bingbot.htm)"
54.36.148.243 - - [06/May/2022:15:47:18 +0200] "GET /porcelain-mood-espresso-tassen-made-germany-p-46340.html HTTP/1.0" 200 75411 "-" "Mozilla/5.0 (compatible; AhrefsBot/7.0; +http://ahrefs.com/robot/)"
157.55.39.105 - - [06/May/2022:15:48:04 +0200] "GET /-p-32694.html HTTP/1.0" 200 70808 "-" "Mozilla/5.0 (compatible; bingbot/2.0; +http://www.bing.com/bingbot.htm)"
54.36.148.243 - - [06/May/2022:15:48:10 +0200] "GET /sorcerer-mickey-figure-collection-romero-britto-p-57486.html HTTP/1.0" 200 75035 "-" "Mozilla/5.0 (compatible; AhrefsBot/7.0; +http://ahrefs.com/robot/)"
185.191.171.6 - - [06/May/2022:15:48:16 +0200] "GET /kitchen-timer-clock-p-55014.html?action=add_product HTTP/1.0" 302 476 "-" "Mozilla/5.0 (compatible; SemrushBot/7~bl; +http://www.semrush.com/bot.html)"
47.254.66.202 - - [06/May/2022:15:48:19 +0200] "GET /images/mini_prod/3612875118529.jpg HTTP/1.0" 200 269 "-" "Mozilla/5.0 (X11; Ubuntu; Linux x86_64; rv:72.0) Gecko/20100101 Firefox/72.0"
66.249.64.146 - - [06/May/2022:15:48:26 +0200] "GET /decorative-stickers-butterflies-white-p-48982.html HTTP/1.0" 200 74236 "-" "Mozilla/5.0 (Linux; Android 6.0.1; Nexus 5X Build/MMB29P) AppleWebKit/537.36 (KHTML, like Gecko) Chrome/100.0.4896.127 Mobile Safari/537.36 (compatible; Googlebot/2.1; +http://www.google.com/bot.html)"
213.173.103.138 - - [06/May/2022:15:48:35 +0200] "GET /images/1300010240380.jpg HTTP/1.0" 200 259 "-" "Mozilla/5.0 (X11; Ubuntu; Linux x86_64; rv:72.0) Gecko/20100101 Firefox/72.0"
221.194.138.148 - - [06/May/2022:15:48:41 +0200] "GET /images/hiver048.jpg HTTP/1.0" 200 254 "-" "Mozilla/5.0 (X11; Ubuntu; Linux x86_64; rv:72.0) Gecko/20100101 Firefox/72.0"
54.36.148.243 - - [06/May/2022:15:49:08 +0200] "GET /matryoshka-high-ceramic-p-29688.html HTTP/1.0" 200 73432 "-" "Mozilla/5.0 (compatible; AhrefsBot/7.0; +http://ahrefs.com/robot/)"
54.36.148.60 - - [06/May/2022:15:49:12 +0200] "GET /images/1300010239759.jpg HTTP/1.0" 200 259 "-" "Mozilla/5.0 (compatible; AhrefsBot/7.0; +http://ahrefs.com/robot/)"
185.191.171.9 - - [06/May/2022:15:49:14 +0200] "GET /suns-moons-metal-suspension-p-42812.html?action=add_product HTTP/1.0" 302 476 "-" "Mozilla/5.0 (compatible; SemrushBot/7~bl; +http://www.semrush.com/bot.html)"
157.55.39.101 - - [06/May/2022:15:49:19 +0200] "GET /headrest-cushion-blue-50-70-cm-p-44365.html HTTP/1.0" 301 74187 "-" "Mozilla/5.0 (compatible; bingbot/2.0; +http://www.bing.com/bingbot.htm)"
54.175.179.112 - - [06/May/2022:15:49:22 +0200] "GET /images/mini_prod/Image91.jpg HTTP/1.0" 200 263 "-" "Mozilla/5.0 (X11; Ubuntu; Linux x86_64; rv:72.0) Gecko/20100101 Firefox/72.0"
157.55.39.172 - - [06/May/2022:15:49:22 +0200] "GET /-p-32178.html HTTP/1.0" 200 70808 "-" "Mozilla/5.0 (compatible; bingbot/2.0; +http://www.bing.com/bingbot.htm)"
66.249.64.146 - - [06/May/2022:15:49:37 +0200] "GET /popcorn-maker-oil-free-design-p-19881.html HTTP/1.0" 301 74391 "-" "Mozilla/5.0 (Linux; Android 6.0.1; Nexus 5X Build/MMB29P) AppleWebKit/537.36 (KHTML, like Gecko) Chrome/100.0.4896.127 Mobile Safari/537.36 (compatible; Googlebot/2.1; +http://www.google.com/bot.html)"
66.249.64.146 - - [06/May/2022:15:49:39 +0200] "GET /popcorn-maker-free-design-p-19881.html HTTP/1.0" 200 74299 "-" "Mozilla/5.0 (Linux; Android 6.0.1; Nexus 5X Build/MMB29P) AppleWebKit/537.36 (KHTML, like Gecko) Chrome/100.0.4896.127 Mobile Safari/537.36 (compatible; Googlebot/2.1; +http://www.google.com/bot.html)"
147.92.153.11 - - [06/May/2022:15:49:51 +0200] "GET /sausage-tout-travail-p-58141.html HTTP/1.0" 200 74033 "-" "Mozilla/5.0 (compatible; Linespider/1.1; +https://lin.ee/4dwXkTH)"
111.225.146.233 - - [06/May/2022:15:49:55 +0200] "GET /images/mini_prod/1384010178829.jpg HTTP/1.0" 200 269 "-" "Mozilla/5.0 (Macintosh; Intel Mac OS X 10_12_4) AppleWebKit/537.36 (KHTML, like Gecko) Chrome/58.0.3029.110 Safari/537.36"
185.191.171.16 - - [06/May/2022:15:49:54 +0200] "GET /phone-cover-for-iphone-cbkreation-p-14051.html HTTP/1.0" 301 71025 "-" "Mozilla/5.0 (compatible; SemrushBot/7~bl; +http://www.semrush.com/bot.html)"
185.191.171.44 - - [06/May/2022:15:49:57 +0200] "GET /phone-cover-iphone-cbkreation-p-14051.html HTTP/1.0" 200 70929 "-" "Mozilla/5.0 (compatible; SemrushBot/7~bl; +http://www.semrush.com/bot.html)"
77.88.5.208 - - [06/May/2022:15:50:10 +0200] "GET /-p-30151.html HTTP/1.0" 200 70808 "-" "Mozilla/5.0 (compatible; YandexBot/3.0; +http://yandex.com/bots)"
54.36.148.243 - - [06/May/2022:15:50:10 +0200] "GET /jasmin-companion-portfolio-nova-p-43160.html HTTP/1.0" 200 75004 "-" "Mozilla/5.0 (compatible; AhrefsBot/7.0; +http://ahrefs.com/robot/)"
185.191.171.17 - - [06/May/2022:15:50:27 +0200] "GET /fragrances-ambiance-c-231.html?page=25 HTTP/1.0" 200 94463 "-" "Mozilla/5.0 (compatible; SemrushBot/7~bl; +http://www.semrush.com/bot.html)"
185.191.171.4 - - [06/May/2022:15:50:38 +0200] "GET /boys-power-small-cbkreation-p-14991.html?action=add_product HTTP/1.0" 302 476 "-" "Mozilla/5.0 (compatible; SemrushBot/7~bl; +http://www.semrush.com/bot.html)"
185.191.171.15 - - [06/May/2022:15:50:40 +0200] "GET /-p-47302.html?action=add_product HTTP/1.0" 302 476 "-" "Mozilla/5.0 (compatible; SemrushBot/7~bl; +http://www.semrush.com/bot.html)"
54.36.148.243 - - [06/May/2022:15:51:04 +0200] "GET /jane-crowther-fish-p-53866.html HTTP/1.0" 200 73458 "-" "Mozilla/5.0 (compatible; AhrefsBot/7.0; +http://ahrefs.com/robot/)"
77.88.5.208 - - [06/May/2022:15:51:12 +0200] "GET /corkscrew-bottle-opener-sommelier-c-12_213.html HTTP/1.0" 200 90861 "-" "Mozilla/5.0 (compatible; YandexBot/3.0; +http://yandex.com/bots)"
77.88.5.208 - - [06/May/2022:15:51:15 +0200] "GET /bagshandbags-shoulder-bags-c-31_81.html HTTP/1.0" 200 97132 "-" "Mozilla/5.0 (compatible; YandexBot/3.0; +http://yandex.com/bots)"
185.191.171.26 - - [06/May/2022:15:51:32 +0200] "GET /ceramic-salt-flower-with-spoon-p-54830.html?action=add_product HTTP/1.0" 302 476 "-" "Mozilla/5.0 (compatible; SemrushBot/7~bl; +http://www.semrush.com/bot.html)"
54.36.148.243 - - [06/May/2022:15:51:58 +0200] "GET /bowls-c-12_60.html?page=10 HTTP/1.0" 200 85095 "-" "Mozilla/5.0 (compatible; AhrefsBot/7.0; +http://ahrefs.com/robot/)"
157.55.39.172 - - [06/May/2022:15:52:12 +0200] "GET /angel-statue-holy-communion-p-51139.html HTTP/1.0" 200 73573 "-" "Mozilla/5.0 (compatible; bingbot/2.0; +http://www.bing.com/bingbot.htm)"
207.46.13.182 - - [06/May/2022:15:52:26 +0200] "GET /-p-29839.html HTTP/1.0" 200 70808 "-" "Mozilla/5.0 (compatible; bingbot/2.0; +http://www.bing.com/bingbot.htm)"
54.36.148.243 - - [06/May/2022:15:52:49 +0200] "GET /gift-watch-vespa-women-keychain-p-18599.html HTTP/1.0" 200 73816 "-" "Mozilla/5.0 (compatible; AhrefsBot/7.0; +http://ahrefs.com/robot/)"
157.55.39.172 - - [06/May/2022:15:52:52 +0200] "GET /dubout-cats-white-ceramic-mug-and-cup-p-40080.html HTTP/1.0" 301 73679 "-" "Mozilla/5.0 (compatible; bingbot/2.0; +http://www.bing.com/bingbot.htm)"
185.191.171.17 - - [06/May/2022:15:53:00 +0200] "GET /doc-mcstuffins-swimming-armband-p-35062.html HTTP/1.0" 301 71040 "-" "Mozilla/5.0 (compatible; SemrushBot/7~bl; +http://www.semrush.com/bot.html)"
185.191.171.22 - - [06/May/2022:15:53:03 +0200] "GET /mcstuffins-swimming-armband-p-35062.html HTTP/1.0" 200 70946 "-" "Mozilla/5.0 (compatible; SemrushBot/7~bl; +http://www.semrush.com/bot.html)"
47.88.56.224 - - [06/May/2022:15:53:40 +0200] "GET /images/mini_prod/3609810065154.jpg HTTP/1.0" 200 269 "-" "Mozilla/5.0 (X11; Ubuntu; Linux x86_64; rv:72.0) Gecko/20100101 Firefox/72.0"
54.36.148.243 - - [06/May/2022:15:53:42 +0200] "GET /taiji-quan-statuette-model-p-50079.html HTTP/1.0" 200 73549 "-" "Mozilla/5.0 (compatible; AhrefsBot/7.0; +http://ahrefs.com/robot/)"
185.191.171.26 - - [06/May/2022:15:54:05 +0200] "GET /earth-globe-decoration-p-50902.html?action=add_product HTTP/1.0" 302 476 "-" "Mozilla/5.0 (compatible; SemrushBot/7~bl; +http://www.semrush.com/bot.html)"
185.191.171.6 - - [06/May/2022:15:54:16 +0200] "GET /black-ceramic-cover-p-58070.html HTTP/1.0" 200 74033 "-" "Mozilla/5.0 (compatible; SemrushBot/7~bl; +http://www.semrush.com/bot.html)"
54.36.148.243 - - [06/May/2022:15:54:39 +0200] "GET /mobilgas-metal-plate-deco-p-41070.html HTTP/1.0" 200 73533 "-" "Mozilla/5.0 (compatible; AhrefsBot/7.0; +http://ahrefs.com/robot/)"
40.77.167.0 - - [06/May/2022:15:54:59 +0200] "GET /-p-28845.html HTTP/1.0" 200 70808 "-" "Mozilla/5.0 (compatible; bingbot/2.0; +http://www.bing.com/bingbot.htm)"
185.191.171.8 - - [06/May/2022:15:55:16 +0200] "GET /heart-home-friendly-stick-diffuser-white-musk-p-52806.html HTTP/1.0" 200 74625 "-" "Mozilla/5.0 (compatible; SemrushBot/7~bl; +http://www.semrush.com/bot.html)"
54.36.148.243 - - [06/May/2022:15:55:37 +0200] "GET /vintage-cooper-clock-p-46777.html HTTP/1.0" 200 73569 "-" "Mozilla/5.0 (compatible; AhrefsBot/7.0; +http://ahrefs.com/robot/)"
185.191.171.12 - - [06/May/2022:15:55:52 +0200] "GET /small-candle-guardian-angel-p-43776.html?action=add_product HTTP/1.0" 302 476 "-" "Mozilla/5.0 (compatible; SemrushBot/7~bl; +http://www.semrush.com/bot.html)"
111.225.144.172 - - [06/May/2022:15:56:00 +0200] "GET /images/mini_prod/1399984239810.jpg HTTP/1.0" 200 269 "-" "Mozilla/5.0 (Macintosh; Intel Mac OS X 10_12_4) AppleWebKit/537.36 (KHTML, like Gecko) Chrome/58.0.3029.110 Safari/537.36"
185.191.171.40 - - [06/May/2022:15:56:04 +0200] "GET /bugs-bunny-power-coin-purse-p-5533.html HTTP/1.0" 200 70904 "-" "Mozilla/5.0 (compatible; SemrushBot/7~bl; +http://www.semrush.com/bot.html)"
23.100.232.233 - - [06/May/2022:15:56:19 +0200] "GET /frozen-pink-pencil-case-p-35843.html HTTP/1.0" 200 73510 "-" "Mozilla/5.0 (compatible; MSIE 9.0; Windows NT 6.0; Trident/5.0;  Trident/5.0)"
23.100.232.233 - - [06/May/2022:15:56:21 +0200] "GET /templates/Pixame_v1/stylesheet.css HTTP/1.0" 200 267 "http://www.wonder-geek.com/frozen-pink-pencil-case-p-35843.html" "Mozilla/5.0 (compatible; MSIE 9.0; Windows NT 6.0; Trident/5.0;  Trident/5.0)"
23.100.232.233 - - [06/May/2022:15:56:21 +0200] "GET /highslide/highslide.js HTTP/1.0" 200 262 "http://www.wonder-geek.com/frozen-pink-pencil-case-p-35843.html" "Mozilla/5.0 (compatible; MSIE 9.0; Windows NT 6.0; Trident/5.0;  Trident/5.0)"
23.100.232.233 - - [06/May/2022:15:56:21 +0200] "GET /js/jquery.js HTTP/1.0" 200 252 "http://www.wonder-geek.com/frozen-pink-pencil-case-p-35843.html" "Mozilla/5.0 (compatible; MSIE 9.0; Windows NT 6.0; Trident/5.0;  Trident/5.0)"
23.100.232.233 - - [06/May/2022:15:56:21 +0200] "GET /js/jquery.jqzoom.js HTTP/1.0" 200 259 "http://www.wonder-geek.com/frozen-pink-pencil-case-p-35843.html" "Mozilla/5.0 (compatible; MSIE 9.0; Windows NT 6.0; Trident/5.0;  Trident/5.0)"
23.100.232.233 - - [06/May/2022:15:56:21 +0200] "GET /mondial_relay/js/jquery-1.3.2.min.js HTTP/1.0" 200 276 "http://www.wonder-geek.com/frozen-pink-pencil-case-p-35843.html" "Mozilla/5.0 (compatible; MSIE 9.0; Windows NT 6.0; Trident/5.0;  Trident/5.0)"
23.100.232.233 - - [06/May/2022:15:56:21 +0200] "GET /swfobject.js HTTP/1.0" 404 1308 "http://www.wonder-geek.com/frozen-pink-pencil-case-p-35843.html" "Mozilla/5.0 (compatible; MSIE 9.0; Windows NT 6.0; Trident/5.0;  Trident/5.0)"
23.100.232.233 - - [06/May/2022:15:56:21 +0200] "GET /style.ie7.css HTTP/1.0" 404 1308 "http://www.wonder-geek.com/frozen-pink-pencil-case-p-35843.html" "Mozilla/5.0 (compatible; MSIE 9.0; Windows NT 6.0; Trident/5.0;  Trident/5.0)"
23.100.232.233 - - [06/May/2022:15:56:22 +0200] "GET /templates/Pixame_v1/images/flash.swf HTTP/1.0" 200 290 "http://www.wonder-geek.com/frozen-pink-pencil-case-p-35843.html" "Mozilla/5.0 (compatible; MSIE 9.0; Windows NT 6.0; Trident/5.0;  Trident/5.0)"
40.77.167.0 - - [06/May/2022:15:56:19 +0200] "GET /-p-34583.html HTTP/1.0" 200 70808 "-" "Mozilla/5.0 (compatible; bingbot/2.0; +http://www.bing.com/bingbot.htm)"
23.100.232.233 - - [06/May/2022:15:56:22 +0200] "GET /highslide/graphics/zoomin.cur HTTP/1.0" 200 614 "http://www.wonder-geek.com/frozen-pink-pencil-case-p-35843.html" "Mozilla/5.0 (compatible; MSIE 9.0; Windows NT 6.0; Trident/5.0;  Trident/5.0)"
23.100.232.233 - - [06/May/2022:15:56:22 +0200] "GET /highslide/graphics/zoomout.cur HTTP/1.0" 200 614 "http://www.wonder-geek.com/frozen-pink-pencil-case-p-35843.html" "Mozilla/5.0 (compatible; MSIE 9.0; Windows NT 6.0; Trident/5.0;  Trident/5.0)"
77.88.5.208 - - [06/May/2022:15:56:24 +0200] "GET /monster-high-p-18676.html HTTP/1.0" 200 73657 "-" "Mozilla/5.0 (compatible; YandexBot/3.0; +http://yandex.com/bots)"
157.55.39.105 - - [06/May/2022:15:56:25 +0200] "GET /retro-ceramic-flatware-20-15-cm-retro-combi-p-42153.html HTTP/1.0" 301 73728 "-" "Mozilla/5.0 (compatible; bingbot/2.0; +http://www.bing.com/bingbot.htm)"
54.36.148.243 - - [06/May/2022:15:56:40 +0200] "GET /jane-crowther-black-p-53852.html HTTP/1.0" 200 74191 "-" "Mozilla/5.0 (compatible; AhrefsBot/7.0; +http://ahrefs.com/robot/)"
185.191.171.6 - - [06/May/2022:15:56:41 +0200] "GET /large-jar-candle-70-hours-pearl-bouquet-p-34632.html HTTP/1.0" 301 74576 "-" "Mozilla/5.0 (compatible; SemrushBot/7~bl; +http://www.semrush.com/bot.html)"
54.36.148.66 - - [06/May/2022:15:56:45 +0200] "GET /images/big_prod_1/3700572755366C.jpg HTTP/1.0" 200 271 "-" "Mozilla/5.0 (compatible; AhrefsBot/7.0; +http://ahrefs.com/robot/)"
54.36.149.97 - - [06/May/2022:15:56:45 +0200] "GET /images/big_prod/3700572755366B.jpg HTTP/1.0" 200 269 "-" "Mozilla/5.0 (compatible; AhrefsBot/7.0; +http://ahrefs.com/robot/)"
185.191.171.34 - - [06/May/2022:15:56:45 +0200] "GET /large-candle-hours-pearl-bouquet-p-34632.html HTTP/1.0" 200 74477 "-" "Mozilla/5.0 (compatible; SemrushBot/7~bl; +http://www.semrush.com/bot.html)"
47.254.23.237 - - [06/May/2022:15:57:09 +0200] "GET /images/mini_prod/3661611901550.jpg HTTP/1.0" 200 269 "-" "Mozilla/5.0 (X11; Ubuntu; Linux x86_64; rv:72.0) Gecko/20100101 Firefox/72.0"
40.77.167.13 - - [06/May/2022:15:57:14 +0200] "GET /-p-29019.html HTTP/1.0" 200 70808 "-" "Mozilla/5.0 (compatible; bingbot/2.0; +http://www.bing.com/bingbot.htm)"
77.88.5.208 - - [06/May/2022:15:57:41 +0200] "GET /frida-khalo-saucer-p-50158.html HTTP/1.0" 200 73468 "-" "Mozilla/5.0 (compatible; YandexBot/3.0; +http://yandex.com/bots)"
66.249.64.146 - - [06/May/2022:15:57:48 +0200] "GET /manta-white-porcelain-bowl-p-56499.html HTTP/1.0" 200 73453 "-" "Mozilla/5.0 (Linux; Android 6.0.1; Nexus 5X Build/MMB29P) AppleWebKit/537.36 (KHTML, like Gecko) Chrome/100.0.4896.127 Mobile Safari/537.36 (compatible; Googlebot/2.1; +http://www.google.com/bot.html)"
54.36.148.243 - - [06/May/2022:15:57:49 +0200] "GET /night-lights-c-86_278.html?page=5 HTTP/1.0" 200 83402 "-" "Mozilla/5.0 (compatible; AhrefsBot/7.0; +http://ahrefs.com/robot/)"
106.52.131.116 - - [06/May/2022:15:58:25 +0200] "GET /images/mini_prod/5901130040575.jpg HTTP/1.0" 200 269 "-" "Mozilla/5.0 (X11; Ubuntu; Linux x86_64; rv:72.0) Gecko/20100101 Firefox/72.0"
185.191.171.11 - - [06/May/2022:15:58:40 +0200] "GET /klimt-adele-p-55934.html?action=add_product HTTP/1.0" 302 476 "-" "Mozilla/5.0 (compatible; SemrushBot/7~bl; +http://www.semrush.com/bot.html)"
54.36.148.243 - - [06/May/2022:15:58:42 +0200] "GET /mirror-c-13_133.html?page=5 HTTP/1.0" 200 92248 "-" "Mozilla/5.0 (compatible; AhrefsBot/7.0; +http://ahrefs.com/robot/)"
51.68.224.127 - - [06/May/2022:15:58:55 +0200] "GET /adminweb/export_orders_xml.php?token=256de2z6edz6ed2z6DFSFsed2zed6zeDSFDSGdzedezfzf&maxorders=10&orderstart=1&status=14&start_date=2018-10-01 HTTP/1.0" 200 285 "-" "GesCom CharlotteBoutik Serveur"
51.68.224.127 - - [06/May/2022:15:58:55 +0200] "GET /adminweb/export_orders_xml.php?token=256de2z6edz6ed2z6DFSFsed2zed6zeDSFDSGdzedezfzf&maxorders=10&orderstart=1&status=6&start_date=2018-10-01 HTTP/1.0" 200 32798 "-" "GesCom CharlotteBoutik Serveur"
54.36.148.243 - - [06/May/2022:15:59:38 +0200] "GET /donald-duck-figure-collection-romero-britto-p-57498.html HTTP/1.0" 200 74861 "-" "Mozilla/5.0 (compatible; AhrefsBot/7.0; +http://ahrefs.com/robot/)"
185.191.171.10 - - [06/May/2022:15:59:51 +0200] "GET /coconut-fibers-doormat-home-p-56266.html?action=add_product HTTP/1.0" 302 476 "-" "Mozilla/5.0 (compatible; SemrushBot/7~bl; +http://www.semrush.com/bot.html)"
185.191.171.34 - - [06/May/2022:15:59:53 +0200] "GET /studio-pets-p-54196.html?action=add_product HTTP/1.0" 302 476 "-" "Mozilla/5.0 (compatible; SemrushBot/7~bl; +http://www.semrush.com/bot.html)"
207.46.13.182 - - [06/May/2022:15:59:57 +0200] "GET /-p-34800.html HTTP/1.0" 200 70808 "-" "Mozilla/5.0 (compatible; bingbot/2.0; +http://www.bing.com/bingbot.htm)"
54.36.148.243 - - [06/May/2022:16:00:38 +0200] "GET /trolley-backpack-gorjuss-catch-falling-star-p-52368.html HTTP/1.0" 200 74865 "-" "Mozilla/5.0 (compatible; AhrefsBot/7.0; +http://ahrefs.com/robot/)"
77.88.5.208 - - [06/May/2022:16:00:50 +0200] "GET /furniture-knob-children-sold-individually-cloud-p-57138.html HTTP/1.0" 200 74691 "-" "Mozilla/5.0 (compatible; YandexBot/3.0; +http://yandex.com/bots)"
185.191.171.18 - - [06/May/2022:16:00:51 +0200] "GET /ethnic-elephant-storage-chest-p-57344.html?action=add_product HTTP/1.0" 302 476 "-" "Mozilla/5.0 (compatible; SemrushBot/7~bl; +http://www.semrush.com/bot.html)"
185.191.171.43 - - [06/May/2022:16:00:53 +0200] "GET /minions-bob-kevin-stuart-cushion-p-31728.html HTTP/1.0" 301 70875 "-" "Mozilla/5.0 (compatible; SemrushBot/7~bl; +http://www.semrush.com/bot.html)"
185.191.171.18 - - [06/May/2022:16:00:56 +0200] "GET /-p-31728.html HTTP/1.0" 200 70808 "-" "Mozilla/5.0 (compatible; SemrushBot/7~bl; +http://www.semrush.com/bot.html)"
185.191.171.3 - - [06/May/2022:16:01:00 +0200] "GET /mcstuffins-poster-p-30882.html HTTP/1.0" 200 73425 "-" "Mozilla/5.0 (compatible; SemrushBot/7~bl; +http://www.semrush.com/bot.html)"
157.55.39.172 - - [06/May/2022:16:01:04 +0200] "GET /-p-35534.html HTTP/1.0" 200 70808 "-" "Mozilla/5.0 (compatible; bingbot/2.0; +http://www.bing.com/bingbot.htm)"
185.191.171.4 - - [06/May/2022:16:01:21 +0200] "GET /peace-clock-cbkreation-p-24375.html?action=add_product HTTP/1.0" 302 476 "-" "Mozilla/5.0 (compatible; SemrushBot/7~bl; +http://www.semrush.com/bot.html)"
216.244.66.242 - - [06/May/2022:16:01:29 +0200] "GET /robots.txt HTTP/1.0" 200 245 "-" "Mozilla/5.0 (compatible; DotBot/1.2; +https://opensiteexplorer.org/dotbot; help@moz.com)"
54.36.148.243 - - [06/May/2022:16:01:28 +0200] "GET /glass-votive-holder-gold-p-42646.html HTTP/1.0" 200 73643 "-" "Mozilla/5.0 (compatible; AhrefsBot/7.0; +http://ahrefs.com/robot/)"
185.191.171.37 - - [06/May/2022:16:01:42 +0200] "GET /paris-cover-iphone-etienne-boyer-p-24660.html?action=add_product HTTP/1.0" 302 476 "-" "Mozilla/5.0 (compatible; SemrushBot/7~bl; +http://www.semrush.com/bot.html)"
185.191.171.10 - - [06/May/2022:16:01:57 +0200] "GET /jasmin-inuit-small-melamine-tray-p-37941.html?action=add_product HTTP/1.0" 302 476 "-" "Mozilla/5.0 (compatible; SemrushBot/7~bl; +http://www.semrush.com/bot.html)"
185.191.171.9 - - [06/May/2022:16:02:26 +0200] "GET /yogi-yogini-yogamat-pink-p-49035.html HTTP/1.0" 200 70898 "-" "Mozilla/5.0 (compatible; SemrushBot/7~bl; +http://www.semrush.com/bot.html)"
54.36.148.243 - - [06/May/2022:16:02:28 +0200] "GET /cotton-table-runner-laissez-lucie-faire-p-39878.html HTTP/1.0" 200 73636 "-" "Mozilla/5.0 (compatible; AhrefsBot/7.0; +http://ahrefs.com/robot/)"
40.77.167.13 - - [06/May/2022:16:03:05 +0200] "GET /-p-32799.html HTTP/1.0" 200 70808 "-" "Mozilla/5.0 (compatible; bingbot/2.0; +http://www.bing.com/bingbot.htm)"
54.36.148.243 - - [06/May/2022:16:03:16 +0200] "GET /coca-cola-blue-metal-plate-p-37156.html HTTP/1.0" 200 73530 "-" "Mozilla/5.0 (compatible; AhrefsBot/7.0; +http://ahrefs.com/robot/)"
194.38.20.161 - - [06/May/2022:16:03:55 +0200] "GET /assets/elfinder/php/connector.minimal.php HTTP/1.0" 301 593 "-" "ALittle Client"
194.38.20.161 - - [06/May/2022:16:04:09 +0200] "GET /assets/elfinder/php/connector.minimal.php HTTP/1.0" 404 1308 "-" "ALittle Client"
54.36.148.243 - - [06/May/2022:16:04:16 +0200] "GET /statue-p-41893.html HTTP/1.0" 200 73434 "-" "Mozilla/5.0 (compatible; AhrefsBot/7.0; +http://ahrefs.com/robot/)"
54.36.148.128 - - [06/May/2022:16:04:19 +0200] "GET /images/big_prod/1399986100576.jpg HTTP/1.0" 200 268 "-" "Mozilla/5.0 (compatible; AhrefsBot/7.0; +http://ahrefs.com/robot/)"
185.191.171.39 - - [06/May/2022:16:04:21 +0200] "GET /light-brown-fitted-sheet-p-39683.html?action=add_product HTTP/1.0" 302 476 "-" "Mozilla/5.0 (compatible; SemrushBot/7~bl; +http://www.semrush.com/bot.html)"
54.36.148.243 - - [06/May/2022:16:05:09 +0200] "GET /coca-cola-metal-plate-p-33714.html HTTP/1.0" 200 73514 "-" "Mozilla/5.0 (compatible; AhrefsBot/7.0; +http://ahrefs.com/robot/)"
54.36.148.243 - - [06/May/2022:16:06:06 +0200] "GET /banania-large-metal-plate-p-35257.html HTTP/1.0" 200 73542 "-" "Mozilla/5.0 (compatible; AhrefsBot/7.0; +http://ahrefs.com/robot/)"
185.191.171.10 - - [06/May/2022:16:06:11 +0200] "GET /volkswagen-bulli-metal-plate-p-26425.html HTTP/1.0" 200 73579 "-" "Mozilla/5.0 (compatible; SemrushBot/7~bl; +http://www.semrush.com/bot.html)"
54.36.148.243 - - [06/May/2022:16:06:58 +0200] "GET /harley-davidson-genuine-metal-plate-p-12544.html HTTP/1.0" 200 73584 "-" "Mozilla/5.0 (compatible; AhrefsBot/7.0; +http://ahrefs.com/robot/)"
185.191.171.26 - - [06/May/2022:16:07:00 +0200] "GET /-p-38032.html?action=add_product HTTP/1.0" 302 476 "-" "Mozilla/5.0 (compatible; SemrushBot/7~bl; +http://www.semrush.com/bot.html)"
66.249.64.152 - - [06/May/2022:16:07:10 +0200] "GET /venus-milo-figurine-p-44952.html HTTP/1.0" 200 75051 "-" "Mozilla/5.0 (Linux; Android 6.0.1; Nexus 5X Build/MMB29P) AppleWebKit/537.36 (KHTML, like Gecko) Chrome/100.0.4896.127 Mobile Safari/537.36 (compatible; Googlebot/2.1; +http://www.google.com/bot.html)"
185.191.171.40 - - [06/May/2022:16:07:25 +0200] "GET /window-sticker-flower-life-gold-p-44278.html HTTP/1.0" 200 73530 "-" "Mozilla/5.0 (compatible; SemrushBot/7~bl; +http://www.semrush.com/bot.html)"
185.191.171.44 - - [06/May/2022:16:07:43 +0200] "GET /paperweight-grapes-koson-p-55166.html?action=add_product HTTP/1.0" 302 476 "-" "Mozilla/5.0 (compatible; SemrushBot/7~bl; +http://www.semrush.com/bot.html)"
54.36.148.243 - - [06/May/2022:16:07:48 +0200] "GET /harley-davidson-metal-plate-p-23296.html HTTP/1.0" 200 73574 "-" "Mozilla/5.0 (compatible; AhrefsBot/7.0; +http://ahrefs.com/robot/)"
54.36.148.229 - - [06/May/2022:16:07:56 +0200] "GET /images/4036113221755.jpg HTTP/1.0" 200 259 "-" "Mozilla/5.0 (compatible; AhrefsBot/7.0; +http://ahrefs.com/robot/)"
157.55.39.172 - - [06/May/2022:16:08:04 +0200] "GET /-p-35282.html HTTP/1.0" 200 70808 "-" "Mozilla/5.0 (compatible; bingbot/2.0; +http://www.bing.com/bingbot.htm)"
185.191.171.7 - - [06/May/2022:16:08:05 +0200] "GET /welcome-motunui-moana-with-figurine-p-53999.html HTTP/1.0" 200 75424 "-" "Mozilla/5.0 (compatible; SemrushBot/7~bl; +http://www.semrush.com/bot.html)"
185.191.171.8 - - [06/May/2022:16:08:35 +0200] "GET /training-bottle-cbkreation-p-43436.html?action=add_product HTTP/1.0" 302 476 "-" "Mozilla/5.0 (compatible; SemrushBot/7~bl; +http://www.semrush.com/bot.html)"
54.36.148.243 - - [06/May/2022:16:08:38 +0200] "GET /statue-p-41894.html HTTP/1.0" 200 73434 "-" "Mozilla/5.0 (compatible; AhrefsBot/7.0; +http://ahrefs.com/robot/)"
157.55.39.101 - - [06/May/2022:16:09:01 +0200] "GET /-p-7308.html HTTP/1.0" 200 70806 "-" "Mozilla/5.0 (compatible; bingbot/2.0; +http://www.bing.com/bingbot.htm)"
157.55.39.101 - - [06/May/2022:16:09:32 +0200] "GET /burlap-round-table-set-corsica-p-50938.html HTTP/1.0" 301 70875 "-" "Mozilla/5.0 (compatible; bingbot/2.0; +http://www.bing.com/bingbot.htm)"
111.225.144.213 - - [06/May/2022:16:09:35 +0200] "GET /images/mini_prod/DSCN6554.jpg HTTP/1.0" 200 264 "-" "Mozilla/5.0 (Macintosh; Intel Mac OS X 10_12_4) AppleWebKit/537.36 (KHTML, like Gecko) Chrome/58.0.3029.110 Safari/537.36"
54.36.148.243 - - [06/May/2022:16:09:35 +0200] "GET /golden-decorative-game-dice-p-49249.html HTTP/1.0" 200 73515 "-" "Mozilla/5.0 (compatible; AhrefsBot/7.0; +http://ahrefs.com/robot/)"
157.55.39.101 - - [06/May/2022:16:09:42 +0200] "GET /disney-showcase-figurine-collection-mulan-p-38721.html HTTP/1.0" 200 74251 "-" "Mozilla/5.0 (compatible; bingbot/2.0; +http://www.bing.com/bingbot.htm)"
185.191.171.4 - - [06/May/2022:16:09:51 +0200] "GET /paperweight-almond-blossom-gogh-p-53517.html?action=add_product HTTP/1.0" 302 476 "-" "Mozilla/5.0 (compatible; SemrushBot/7~bl; +http://www.semrush.com/bot.html)"
54.36.148.243 - - [06/May/2022:16:10:28 +0200] "GET /ceramic-ambiance-bucolique-creation-p-49141.html HTTP/1.0" 200 73623 "-" "Mozilla/5.0 (compatible; AhrefsBot/7.0; +http://ahrefs.com/robot/)"
185.191.171.20 - - [06/May/2022:16:10:47 +0200] "GET /raiponce-figure-p-15652.html HTTP/1.0" 200 70874 "-" "Mozilla/5.0 (compatible; SemrushBot/7~bl; +http://www.semrush.com/bot.html)"
185.191.171.12 - - [06/May/2022:16:10:50 +0200] "GET /-p-40170.html?action=add_product HTTP/1.0" 302 476 "-" "Mozilla/5.0 (compatible; SemrushBot/7~bl; +http://www.semrush.com/bot.html)"
157.55.39.105 - - [06/May/2022:16:11:06 +0200] "GET /-p-29478.html HTTP/1.0" 200 70808 "-" "Mozilla/5.0 (compatible; bingbot/2.0; +http://www.bing.com/bingbot.htm)"
54.36.148.243 - - [06/May/2022:16:11:22 +0200] "GET /white-lampshade-p-56792.html HTTP/1.0" 200 74116 "-" "Mozilla/5.0 (compatible; AhrefsBot/7.0; +http://ahrefs.com/robot/)"
54.36.149.77 - - [06/May/2022:16:11:25 +0200] "GET /images/big_prod/8424345302490.jpg HTTP/1.0" 200 268 "-" "Mozilla/5.0 (compatible; AhrefsBot/7.0; +http://ahrefs.com/robot/)"
54.36.148.186 - - [06/May/2022:16:11:25 +0200] "GET /images/big_prod_1/8424345302490a.jpg HTTP/1.0" 200 271 "-" "Mozilla/5.0 (compatible; AhrefsBot/7.0; +http://ahrefs.com/robot/)"
157.55.39.172 - - [06/May/2022:16:11:24 +0200] "GET /jack-daniel-rectangular-mirror-p-37743.html HTTP/1.0" 200 70922 "-" "Mozilla/5.0 (compatible; bingbot/2.0; +http://www.bing.com/bingbot.htm)"
207.46.13.182 - - [06/May/2022:16:11:58 +0200] "GET /disney-beauty-beast-belle-jewelry-p-49748.html HTTP/1.0" 200 74759 "-" "Mozilla/5.0 (compatible; bingbot/2.0; +http://www.bing.com/bingbot.htm)"
185.191.171.15 - - [06/May/2022:16:11:59 +0200] "GET /duvet-cover-in-cotton-percale-80-threads-260-240-cm-p-43844.html HTTP/1.0" 301 73847 "-" "Mozilla/5.0 (compatible; SemrushBot/7~bl; +http://www.semrush.com/bot.html)"
185.191.171.14 - - [06/May/2022:16:12:05 +0200] "GET /duvet-cover-cotton-percale-threads-p-43844.html HTTP/1.0" 200 73746 "-" "Mozilla/5.0 (compatible; SemrushBot/7~bl; +http://www.semrush.com/bot.html)"
54.36.148.243 - - [06/May/2022:16:12:21 +0200] "GET /collection-plate-metal-vespa-poster-advertising-p-35029.html HTTP/1.0" 200 74082 "-" "Mozilla/5.0 (compatible; AhrefsBot/7.0; +http://ahrefs.com/robot/)"
54.36.148.243 - - [06/May/2022:16:13:17 +0200] "GET /india-keychain-family-p-57390.html HTTP/1.0" 200 75069 "-" "Mozilla/5.0 (compatible; AhrefsBot/7.0; +http://ahrefs.com/robot/)"
185.191.171.22 - - [06/May/2022:16:13:19 +0200] "GET /duvet-cover-cotton-percale-threads-p-52077.html?action=add_product HTTP/1.0" 302 476 "-" "Mozilla/5.0 (compatible; SemrushBot/7~bl; +http://www.semrush.com/bot.html)"
54.36.148.57 - - [06/May/2022:16:13:20 +0200] "GET /images/big_prod/9316188090988.jpg HTTP/1.0" 200 268 "-" "Mozilla/5.0 (compatible; AhrefsBot/7.0; +http://ahrefs.com/robot/)"
54.36.149.60 - - [06/May/2022:16:13:20 +0200] "GET /images/big_prod_1/9316188090988B.jpg HTTP/1.0" 200 271 "-" "Mozilla/5.0 (compatible; AhrefsBot/7.0; +http://ahrefs.com/robot/)"
40.77.167.0 - - [06/May/2022:16:13:21 +0200] "GET /-p-32110.html HTTP/1.0" 200 70808 "-" "Mozilla/5.0 (compatible; bingbot/2.0; +http://www.bing.com/bingbot.htm)"
185.191.171.4 - - [06/May/2022:16:14:04 +0200] "GET /windchime-wood-five-chimes-p-43515.html HTTP/1.0" 200 73509 "-" "Mozilla/5.0 (compatible; SemrushBot/7~bl; +http://www.semrush.com/bot.html)"
54.36.148.243 - - [06/May/2022:16:14:12 +0200] "GET /trunks-c-13_208.html HTTP/1.0" 200 88384 "-" "Mozilla/5.0 (compatible; AhrefsBot/7.0; +http://ahrefs.com/robot/)"
185.191.171.7 - - [06/May/2022:16:14:26 +0200] "GET /industrial-pouf-storage-box-medium-size-30-cm-only-p-48581.html HTTP/1.0" 301 74525 "-" "Mozilla/5.0 (compatible; SemrushBot/7~bl; +http://www.semrush.com/bot.html)"
185.191.171.19 - - [06/May/2022:16:14:29 +0200] "GET /industrial-pouf-storage-medium-size-only-p-48581.html HTTP/1.0" 200 74418 "-" "Mozilla/5.0 (compatible; SemrushBot/7~bl; +http://www.semrush.com/bot.html)"
185.191.171.12 - - [06/May/2022:16:14:53 +0200] "GET /panther-trophy-statuette-p-54209.html?action=add_product HTTP/1.0" 302 476 "-" "Mozilla/5.0 (compatible; SemrushBot/7~bl; +http://www.semrush.com/bot.html)"
216.244.66.242 - - [06/May/2022:16:15:00 +0200] "GET /little-toiletry-p-57897.html HTTP/1.0" 200 73506 "-" "Mozilla/5.0 (compatible; DotBot/1.2; +https://opensiteexplorer.org/dotbot; help@moz.com)"
51.68.224.127 - - [06/May/2022:16:15:01 +0200] "GET /adminweb/export_orders_xml.php?token=256de2z6edz6ed2z6DFSFsed2zed6zeDSFDSGdzedezfzf&maxorders=10&orderstart=1&status=14&start_date=2018-10-01 HTTP/1.0" 200 285 "-" "GesCom CharlotteBoutik Serveur"
51.68.224.127 - - [06/May/2022:16:15:02 +0200] "GET /adminweb/export_orders_xml.php?token=256de2z6edz6ed2z6DFSFsed2zed6zeDSFDSGdzedezfzf&maxorders=10&orderstart=1&status=6&start_date=2018-10-01 HTTP/1.0" 200 32798 "-" "GesCom CharlotteBoutik Serveur"
54.36.148.243 - - [06/May/2022:16:15:04 +0200] "GET /statuette-jesus-christ-sacred-heart-beige-p-47134.html HTTP/1.0" 200 74290 "-" "Mozilla/5.0 (compatible; AhrefsBot/7.0; +http://ahrefs.com/robot/)"
185.191.171.14 - - [06/May/2022:16:15:23 +0200] "GET /resin-skull-ashtray-p-52996.html HTTP/1.0" 200 73400 "-" "Mozilla/5.0 (compatible; SemrushBot/7~bl; +http://www.semrush.com/bot.html)"
185.191.171.12 - - [06/May/2022:16:15:43 +0200] "GET /bamboo-flower-cover-p-55091.html HTTP/1.0" 200 74053 "-" "Mozilla/5.0 (compatible; SemrushBot/7~bl; +http://www.semrush.com/bot.html)"
185.191.171.17 - - [06/May/2022:16:15:47 +0200] "GET /mandala-coasters-p-54069.html HTTP/1.0" 200 73446 "-" "Mozilla/5.0 (compatible; SemrushBot/7~bl; +http://www.semrush.com/bot.html)"
54.36.148.243 - - [06/May/2022:16:16:00 +0200] "GET /paris-black-white-p-38593.html HTTP/1.0" 200 73497 "-" "Mozilla/5.0 (compatible; AhrefsBot/7.0; +http://ahrefs.com/robot/)"
54.36.148.184 - - [06/May/2022:16:16:05 +0200] "GET /images/big_prod/1384010204894.jpg HTTP/1.0" 200 268 "-" "Mozilla/5.0 (compatible; AhrefsBot/7.0; +http://ahrefs.com/robot/)"
157.55.39.172 - - [06/May/2022:16:16:05 +0200] "GET /cotton-floor-cushion-45-cm-eivissa-p-51653.html HTTP/1.0" 301 71001 "-" "Mozilla/5.0 (compatible; bingbot/2.0; +http://www.bing.com/bingbot.htm)"
40.77.167.13 - - [06/May/2022:16:16:06 +0200] "GET /-p-15992.html HTTP/1.0" 200 70808 "-" "Mozilla/5.0 (compatible; bingbot/2.0; +http://www.bing.com/bingbot.htm)"
207.46.13.182 - - [06/May/2022:16:16:08 +0200] "GET /-p-35055.html HTTP/1.0" 200 70808 "-" "Mozilla/5.0 (compatible; bingbot/2.0; +http://www.bing.com/bingbot.htm)"
40.77.167.0 - - [06/May/2022:16:16:31 +0200] "GET /-p-37213.html HTTP/1.0" 200 70808 "-" "Mozilla/5.0 (compatible; bingbot/2.0; +http://www.bing.com/bingbot.htm)"
66.249.64.158 - - [06/May/2022:16:16:32 +0200] "GET /gold-black-elephant-table-lamp-p-54692.html HTTP/1.0" 200 74220 "-" "Mozilla/5.0 (compatible; Googlebot/2.1; +http://www.google.com/bot.html)"
185.191.171.7 - - [06/May/2022:16:16:38 +0200] "GET /retro-style-chocolate-picerie-traditionnelle-p-57135.html?action=add_product HTTP/1.0" 302 476 "-" "Mozilla/5.0 (compatible; SemrushBot/7~bl; +http://www.semrush.com/bot.html)"
54.36.148.243 - - [06/May/2022:16:16:53 +0200] "GET /with-infuser-small-fish-p-54476.html HTTP/1.0" 200 73641 "-" "Mozilla/5.0 (compatible; AhrefsBot/7.0; +http://ahrefs.com/robot/)"
77.88.5.208 - - [06/May/2022:16:17:12 +0200] "GET /rainforest-p-56840.html HTTP/1.0" 200 74207 "-" "Mozilla/5.0 (compatible; YandexBot/3.0; +http://yandex.com/bots)"
47.254.23.237 - - [06/May/2022:16:17:46 +0200] "GET /images/mini_prod/3700653509765.jpg HTTP/1.0" 200 269 "-" "Mozilla/5.0 (X11; Ubuntu; Linux x86_64; rv:72.0) Gecko/20100101 Firefox/72.0"
54.36.148.243 - - [06/May/2022:16:17:49 +0200] "GET /buddha-resin-statue-p-42758.html HTTP/1.0" 200 73512 "-" "Mozilla/5.0 (compatible; AhrefsBot/7.0; +http://ahrefs.com/robot/)"
207.46.13.182 - - [06/May/2022:16:17:59 +0200] "GET /-p-38836.html HTTP/1.0" 200 70808 "-" "Mozilla/5.0 (compatible; bingbot/2.0; +http://www.bing.com/bingbot.htm)"
185.191.171.44 - - [06/May/2022:16:18:02 +0200] "GET /horse-mouse-p-24680.html HTTP/1.0" 200 73329 "-" "Mozilla/5.0 (compatible; SemrushBot/7~bl; +http://www.semrush.com/bot.html)"
185.191.171.14 - - [06/May/2022:16:18:07 +0200] "GET /soap-holder-sandstone-beige-p-47019.html HTTP/1.0" 200 74165 "-" "Mozilla/5.0 (compatible; SemrushBot/7~bl; +http://www.semrush.com/bot.html)"
54.36.148.243 - - [06/May/2022:16:18:40 +0200] "GET /royal-guests-three-fairies-figurine-p-45967.html HTTP/1.0" 200 74818 "-" "Mozilla/5.0 (compatible; AhrefsBot/7.0; +http://ahrefs.com/robot/)"
54.36.148.243 - - [06/May/2022:16:19:38 +0200] "GET /scents-provence-teapot-p-52686.html HTTP/1.0" 200 73450 "-" "Mozilla/5.0 (compatible; AhrefsBot/7.0; +http://ahrefs.com/robot/)"
185.191.171.35 - - [06/May/2022:16:19:39 +0200] "GET /cars-blue-pencil-case-p-19645.html HTTP/1.0" 200 73626 "-" "Mozilla/5.0 (compatible; SemrushBot/7~bl; +http://www.semrush.com/bot.html)"
54.36.149.27 - - [06/May/2022:16:19:43 +0200] "GET /images/big_prod/3503420142017.jpg HTTP/1.0" 200 268 "-" "Mozilla/5.0 (compatible; AhrefsBot/7.0; +http://ahrefs.com/robot/)"
77.88.5.208 - - [06/May/2022:16:20:07 +0200] "GET /large-bamboo-humming-bird-p-49568.html HTTP/1.0" 200 73450 "-" "Mozilla/5.0 (compatible; YandexBot/3.0; +http://yandex.com/bots)"
54.36.148.243 - - [06/May/2022:16:20:32 +0200] "GET /chevrolet-metal-plate-deco-p-45219.html HTTP/1.0" 200 73544 "-" "Mozilla/5.0 (compatible; AhrefsBot/7.0; +http://ahrefs.com/robot/)"
47.254.91.80 - - [06/May/2022:16:20:40 +0200] "GET /images/mini_prod/1384010178935.jpg HTTP/1.0" 200 269 "-" "Mozilla/5.0 (X11; Ubuntu; Linux x86_64; rv:72.0) Gecko/20100101 Firefox/72.0"
77.88.5.208 - - [06/May/2022:16:20:42 +0200] "GET /dopey-romero-britto-small-notebook-p-32418.html HTTP/1.0" 200 73601 "-" "Mozilla/5.0 (compatible; YandexBot/3.0; +http://yandex.com/bots)"
40.77.167.13 - - [06/May/2022:16:20:56 +0200] "GET /-p-28806.html HTTP/1.0" 200 70808 "-" "Mozilla/5.0 (compatible; bingbot/2.0; +http://www.bing.com/bingbot.htm)"
207.46.13.182 - - [06/May/2022:16:20:59 +0200] "GET /-p-37600.html HTTP/1.0" 200 70808 "-" "Mozilla/5.0 (compatible; bingbot/2.0; +http://www.bing.com/bingbot.htm)"
185.191.171.10 - - [06/May/2022:16:21:15 +0200] "GET /terracotta-kneeling-soldier-statuette-emperor-p-52431.html HTTP/1.0" 200 74873 "-" "Mozilla/5.0 (compatible; SemrushBot/7~bl; +http://www.semrush.com/bot.html)"
77.88.5.208 - - [06/May/2022:16:21:17 +0200] "GET /barbecue-aperitif-c-12_254.html HTTP/1.0" 200 90185 "-" "Mozilla/5.0 (compatible; YandexBot/3.0; +http://yandex.com/bots)"
77.88.5.208 - - [06/May/2022:16:21:19 +0200] "GET /scented-candles-novenas-c-231_227.html HTTP/1.0" 200 94089 "-" "Mozilla/5.0 (compatible; YandexBot/3.0; +http://yandex.com/bots)"
54.36.148.243 - - [06/May/2022:16:21:35 +0200] "GET /bowls-c-12_255.html HTTP/1.0" 200 78687 "-" "Mozilla/5.0 (compatible; AhrefsBot/7.0; +http://ahrefs.com/robot/)"
185.191.171.17 - - [06/May/2022:16:21:41 +0200] "GET /pineapple-palette-knife-p-41594.html?action=add_product HTTP/1.0" 302 476 "-" "Mozilla/5.0 (compatible; SemrushBot/7~bl; +http://www.semrush.com/bot.html)"
54.36.148.243 - - [06/May/2022:16:22:31 +0200] "GET /emperor-terracotta-kneeling-soldier-statuette-p-50014.html HTTP/1.0" 200 74851 "-" "Mozilla/5.0 (compatible; AhrefsBot/7.0; +http://ahrefs.com/robot/)"
157.55.39.101 - - [06/May/2022:16:22:43 +0200] "GET /-p-24493.html HTTP/1.0" 200 70808 "-" "Mozilla/5.0 (compatible; bingbot/2.0; +http://www.bing.com/bingbot.htm)"
40.77.167.0 - - [06/May/2022:16:23:02 +0200] "GET /cotton-floor-cushion-chypre-40-cm-p-51664.html HTTP/1.0" 301 70875 "-" "Mozilla/5.0 (compatible; bingbot/2.0; +http://www.bing.com/bingbot.htm)"
185.191.171.23 - - [06/May/2022:16:23:05 +0200] "GET /marseille-enamel-p-57140.html HTTP/1.0" 200 74017 "-" "Mozilla/5.0 (compatible; SemrushBot/7~bl; +http://www.semrush.com/bot.html)"
54.36.148.243 - - [06/May/2022:16:23:26 +0200] "GET /mini-cork-notes-dartboard-target-p-54990.html HTTP/1.0" 200 74139 "-" "Mozilla/5.0 (compatible; AhrefsBot/7.0; +http://ahrefs.com/robot/)"
40.77.167.13 - - [06/May/2022:16:24:06 +0200] "GET / HTTP/1.0" 200 151174 "-" "Mozilla/5.0 (compatible; bingbot/2.0; +http://www.bing.com/bingbot.htm)"
207.46.13.182 - - [06/May/2022:16:24:29 +0200] "GET /-p-18144.html HTTP/1.0" 200 70808 "-" "Mozilla/5.0 (compatible; bingbot/2.0; +http://www.bing.com/bingbot.htm)"
54.36.148.243 - - [06/May/2022:16:24:35 +0200] "GET /indonesia-keychain-family-p-57389.html HTTP/1.0" 200 75124 "-" "Mozilla/5.0 (compatible; AhrefsBot/7.0; +http://ahrefs.com/robot/)"
52.229.39.79 - - [06/May/2022:16:24:45 +0200] "GET /images/8430269349879.jpg HTTP/1.0" 200 259 "-" "Mozilla/5.0 (X11; Ubuntu; Linux x86_64; rv:72.0) Gecko/20100101 Firefox/72.0"
157.55.39.105 - - [06/May/2022:16:25:07 +0200] "GET /alarm-clock-induction-charger-bubble-p-51765.html HTTP/1.0" 200 74496 "-" "Mozilla/5.0 (compatible; bingbot/2.0; +http://www.bing.com/bingbot.htm)"
157.55.39.101 - - [06/May/2022:16:25:13 +0200] "GET /kimmidoll-mihoko-set-of-magnets-p-31958.html HTTP/1.0" 301 71003 "-" "Mozilla/5.0 (compatible; bingbot/2.0; +http://www.bing.com/bingbot.htm)"
185.191.171.35 - - [06/May/2022:16:25:22 +0200] "GET /copper-plate-with-flower-of-life-design-p-46284.html HTTP/1.0" 301 74753 "-" "Mozilla/5.0 (compatible; SemrushBot/7~bl; +http://www.semrush.com/bot.html)"
23.100.232.233 - - [06/May/2022:16:25:23 +0200] "GET /coca-cola-large-box-p-31654.html HTTP/1.0" 301 70948 "-" "Mozilla/5.0 (compatible; MSIE 9.0; Windows NT 6.0; Trident/5.0;  Trident/5.0)"
23.100.232.233 - - [06/May/2022:16:25:26 +0200] "GET /coca-cola-large-p-31654.html HTTP/1.0" 200 70866 "-" "Mozilla/5.0 (compatible; MSIE 9.0; Windows NT 6.0; Trident/5.0;  Trident/5.0)"
185.191.171.15 - - [06/May/2022:16:25:25 +0200] "GET /copper-plate-with-flower-life-design-p-46284.html HTTP/1.0" 200 74650 "-" "Mozilla/5.0 (compatible; SemrushBot/7~bl; +http://www.semrush.com/bot.html)"
23.100.232.233 - - [06/May/2022:16:25:28 +0200] "GET /templates/Pixame_v1/stylesheet.css HTTP/1.0" 200 267 "http://www.wonder-geek.com/coca-cola-large-p-31654.html" "Mozilla/5.0 (compatible; MSIE 9.0; Windows NT 6.0; Trident/5.0;  Trident/5.0)"
23.100.232.233 - - [06/May/2022:16:25:28 +0200] "GET /highslide/highslide.js HTTP/1.0" 200 262 "http://www.wonder-geek.com/coca-cola-large-p-31654.html" "Mozilla/5.0 (compatible; MSIE 9.0; Windows NT 6.0; Trident/5.0;  Trident/5.0)"
23.100.232.233 - - [06/May/2022:16:25:28 +0200] "GET /js/jquery.js HTTP/1.0" 200 252 "http://www.wonder-geek.com/coca-cola-large-p-31654.html" "Mozilla/5.0 (compatible; MSIE 9.0; Windows NT 6.0; Trident/5.0;  Trident/5.0)"
