185.191.171.16 - - [06/May/2022:03:59:03 +0200] "GET /incense-sticks-burner-and-storage-box-om-p-53556.html HTTP/1.0" 301 74591 "-" "Mozilla/5.0 (compatible; SemrushBot/7~bl; +http://www.semrush.com/bot.html)"
173.208.206.50 - - [06/May/2022:03:59:05 +0200] "GET /-p-14438.html HTTP/1.0" 200 70808 "-" "Mozilla/5.0 (compatible; MJ12bot/v1.4.8; http://mj12bot.com/)"
65.108.143.154 - - [06/May/2022:03:59:05 +0200] "GET /toys-c-45.html?page=13 HTTP/1.0" 200 90185 "-" "Mozilla/5.0 (compatible; MJ12bot/v1.4.8; http://mj12bot.com/)"
65.108.125.120 - - [06/May/2022:03:59:06 +0200] "GET /terrestrial-globes-bookend-with-marble-base-p-56913.html HTTP/1.0" 200 74283 "-" "Mozilla/5.0 (compatible; MJ12bot/v1.4.8; http://mj12bot.com/)"
185.191.171.2 - - [06/May/2022:03:59:07 +0200] "GET /incense-sticks-burner-storage-p-53556.html HTTP/1.0" 200 74495 "-" "Mozilla/5.0 (compatible; SemrushBot/7~bl; +http://www.semrush.com/bot.html)"
65.108.143.154 - - [06/May/2022:03:59:08 +0200] "GET /games-and-toys/toys-c-4_45.html?page=14 HTTP/1.0" 301 90375 "-" "Mozilla/5.0 (compatible; MJ12bot/v1.4.8; http://mj12bot.com/)"
173.208.206.50 - - [06/May/2022:03:59:11 +0200] "GET /-p-14460.html HTTP/1.0" 200 70808 "-" "Mozilla/5.0 (compatible; MJ12bot/v1.4.8; http://mj12bot.com/)"
65.108.143.154 - - [06/May/2022:03:59:11 +0200] "GET /toys-c-45.html?page=14 HTTP/1.0" 200 90185 "-" "Mozilla/5.0 (compatible; MJ12bot/v1.4.8; http://mj12bot.com/)"
185.191.171.44 - - [06/May/2022:03:59:12 +0200] "GET /chairs-cushion-c-11_165.html?page=3 HTTP/1.0" 200 92159 "-" "Mozilla/5.0 (compatible; SemrushBot/7~bl; +http://www.semrush.com/bot.html)"
65.108.125.120 - - [06/May/2022:03:59:12 +0200] "GET /the-lion-king-bedclothes-140-200-cm-p-49666.html HTTP/1.0" 301 70875 "-" "Mozilla/5.0 (compatible; MJ12bot/v1.4.8; http://mj12bot.com/)"
65.108.143.154 - - [06/May/2022:03:59:15 +0200] "GET /games-and-toys/toys-c-4_45.html?page=15 HTTP/1.0" 301 90375 "-" "Mozilla/5.0 (compatible; MJ12bot/v1.4.8; http://mj12bot.com/)"
173.208.206.50 - - [06/May/2022:03:59:16 +0200] "GET /-p-14463.html HTTP/1.0" 200 70808 "-" "Mozilla/5.0 (compatible; MJ12bot/v1.4.8; http://mj12bot.com/)"
65.108.125.120 - - [06/May/2022:03:59:18 +0200] "GET /-p-49666.html HTTP/1.0" 200 70808 "-" "Mozilla/5.0 (compatible; MJ12bot/v1.4.8; http://mj12bot.com/)"
65.108.143.154 - - [06/May/2022:03:59:17 +0200] "GET /toys-c-45.html?page=15 HTTP/1.0" 200 90185 "-" "Mozilla/5.0 (compatible; MJ12bot/v1.4.8; http://mj12bot.com/)"
65.108.143.154 - - [06/May/2022:03:59:21 +0200] "GET /games-and-toys/toys/air-game-robocar-poli-p-28010.html HTTP/1.0" 301 70980 "-" "Mozilla/5.0 (compatible; MJ12bot/v1.4.8; http://mj12bot.com/)"
173.208.206.50 - - [06/May/2022:03:59:21 +0200] "GET /-p-14464.html HTTP/1.0" 200 70808 "-" "Mozilla/5.0 (compatible; MJ12bot/v1.4.8; http://mj12bot.com/)"
65.108.125.120 - - [06/May/2022:03:59:23 +0200] "GET /tinkerbell-parka-p-31261.html HTTP/1.0" 200 74650 "-" "Mozilla/5.0 (compatible; MJ12bot/v1.4.8; http://mj12bot.com/)"
65.108.143.154 - - [06/May/2022:03:59:24 +0200] "GET /game-robocar-poli-p-28010.html HTTP/1.0" 200 70896 "-" "Mozilla/5.0 (compatible; MJ12bot/v1.4.8; http://mj12bot.com/)"
173.208.206.50 - - [06/May/2022:03:59:27 +0200] "GET /-p-14478.html HTTP/1.0" 200 70808 "-" "Mozilla/5.0 (compatible; MJ12bot/v1.4.8; http://mj12bot.com/)"
65.108.143.154 - - [06/May/2022:03:59:27 +0200] "GET /games-and-toys/toys/air-game-robocar-poli-p-28011.html HTTP/1.0" 301 70980 "-" "Mozilla/5.0 (compatible; MJ12bot/v1.4.8; http://mj12bot.com/)"
213.173.103.213 - - [06/May/2022:03:59:29 +0200] "GET /images/mini_prod/3453131129985.jpg HTTP/1.0" 200 269 "-" "Mozilla/5.0 (X11; Ubuntu; Linux x86_64; rv:72.0) Gecko/20100101 Firefox/72.0"
65.108.125.120 - - [06/May/2022:03:59:27 +0200] "GET /tinkerbell-parma-tee-shirt-p-30855.html HTTP/1.0" 301 70875 "-" "Mozilla/5.0 (compatible; MJ12bot/v1.4.8; http://mj12bot.com/)"
65.108.143.154 - - [06/May/2022:03:59:30 +0200] "GET /game-robocar-poli-p-28011.html HTTP/1.0" 200 70896 "-" "Mozilla/5.0 (compatible; MJ12bot/v1.4.8; http://mj12bot.com/)"
173.208.206.50 - - [06/May/2022:03:59:31 +0200] "GET /-p-14528.html HTTP/1.0" 200 70808 "-" "Mozilla/5.0 (compatible; MJ12bot/v1.4.8; http://mj12bot.com/)"
65.108.125.120 - - [06/May/2022:03:59:32 +0200] "GET /-p-30855.html HTTP/1.0" 200 70808 "-" "Mozilla/5.0 (compatible; MJ12bot/v1.4.8; http://mj12bot.com/)"
65.108.143.154 - - [06/May/2022:03:59:33 +0200] "GET /games-and-toys/toys/air-game-robocar-poli-p-28015.html HTTP/1.0" 301 70875 "-" "Mozilla/5.0 (compatible; MJ12bot/v1.4.8; http://mj12bot.com/)"
65.108.125.120 - - [06/May/2022:03:59:36 +0200] "GET /tinkerbell-polar-blanket-p-31994.html HTTP/1.0" 301 70875 "-" "Mozilla/5.0 (compatible; MJ12bot/v1.4.8; http://mj12bot.com/)"
65.108.143.154 - - [06/May/2022:03:59:36 +0200] "GET /-p-28015.html HTTP/1.0" 200 70808 "-" "Mozilla/5.0 (compatible; MJ12bot/v1.4.8; http://mj12bot.com/)"
173.208.206.50 - - [06/May/2022:03:59:37 +0200] "GET /-p-14572.html HTTP/1.0" 200 70808 "-" "Mozilla/5.0 (compatible; MJ12bot/v1.4.8; http://mj12bot.com/)"
65.108.143.154 - - [06/May/2022:03:59:39 +0200] "GET /games-and-toys/toys/barbabeau-wooden-yoyo-p-10823.html HTTP/1.0" 301 70875 "-" "Mozilla/5.0 (compatible; MJ12bot/v1.4.8; http://mj12bot.com/)"
46.4.108.51 - - [06/May/2022:03:59:39 +0200] "GET /trivet-boards-c-12_158.html?page=3 HTTP/1.0" 200 94140 "-" "Mozilla/5.0 (compatible; BLEXBot/1.0; +http://webmeup-crawler.com/)"
173.208.206.50 - - [06/May/2022:03:59:41 +0200] "GET /-p-14580.html HTTP/1.0" 200 70808 "-" "Mozilla/5.0 (compatible; MJ12bot/v1.4.8; http://mj12bot.com/)"
65.108.125.120 - - [06/May/2022:03:59:40 +0200] "GET /-p-31994.html HTTP/1.0" 200 70808 "-" "Mozilla/5.0 (compatible; MJ12bot/v1.4.8; http://mj12bot.com/)"
65.108.143.154 - - [06/May/2022:03:59:42 +0200] "GET /-p-10823.html HTTP/1.0" 200 70808 "-" "Mozilla/5.0 (compatible; MJ12bot/v1.4.8; http://mj12bot.com/)"
65.108.143.154 - - [06/May/2022:03:59:45 +0200] "GET /games-and-toys/toys/barbalib-wooden-yoyo-p-21419.html HTTP/1.0" 301 70875 "-" "Mozilla/5.0 (compatible; MJ12bot/v1.4.8; http://mj12bot.com/)"
65.108.125.120 - - [06/May/2022:03:59:45 +0200] "GET /tinkerbell-stationery-p-4492.html HTTP/1.0" 200 73572 "-" "Mozilla/5.0 (compatible; MJ12bot/v1.4.8; http://mj12bot.com/)"
173.208.206.50 - - [06/May/2022:03:59:45 +0200] "GET /-p-14648.html HTTP/1.0" 200 70808 "-" "Mozilla/5.0 (compatible; MJ12bot/v1.4.8; http://mj12bot.com/)"
65.108.143.154 - - [06/May/2022:03:59:48 +0200] "GET /-p-21419.html HTTP/1.0" 200 70808 "-" "Mozilla/5.0 (compatible; MJ12bot/v1.4.8; http://mj12bot.com/)"
54.36.148.243 - - [06/May/2022:03:59:47 +0200] "GET /wall-sticker-c-13_187.html?page=20 HTTP/1.0" 200 95381 "-" "Mozilla/5.0 (compatible; AhrefsBot/7.0; +http://ahrefs.com/robot/)"
65.108.143.154 - - [06/May/2022:03:59:50 +0200] "GET /games-and-toys/toys/barbapapa-activity-mat-p-18898.html HTTP/1.0" 301 70875 "-" "Mozilla/5.0 (compatible; MJ12bot/v1.4.8; http://mj12bot.com/)"
65.108.125.120 - - [06/May/2022:03:59:51 +0200] "GET /tinkerbell-towel-p-13088.html HTTP/1.0" 301 70875 "-" "Mozilla/5.0 (compatible; MJ12bot/v1.4.8; http://mj12bot.com/)"
173.208.206.50 - - [06/May/2022:03:59:53 +0200] "GET /-p-14660.html HTTP/1.0" 200 70808 "-" "Mozilla/5.0 (compatible; MJ12bot/v1.4.8; http://mj12bot.com/)"
65.108.143.154 - - [06/May/2022:03:59:53 +0200] "GET /-p-18898.html HTTP/1.0" 200 70808 "-" "Mozilla/5.0 (compatible; MJ12bot/v1.4.8; http://mj12bot.com/)"
65.108.125.120 - - [06/May/2022:03:59:55 +0200] "GET /-p-13088.html HTTP/1.0" 200 70808 "-" "Mozilla/5.0 (compatible; MJ12bot/v1.4.8; http://mj12bot.com/)"
65.108.143.154 - - [06/May/2022:03:59:56 +0200] "GET /games-and-toys/toys/barbapapa-bath-toys-set-n%C3%82%C2%B01-p-918.html HTTP/1.0" 301 70869 "-" "Mozilla/5.0 (compatible; MJ12bot/v1.4.8; http://mj12bot.com/)"
65.108.143.154 - - [06/May/2022:03:59:59 +0200] "GET /-p-918.html HTTP/1.0" 200 70804 "-" "Mozilla/5.0 (compatible; MJ12bot/v1.4.8; http://mj12bot.com/)"
46.4.108.51 - - [06/May/2022:03:59:59 +0200] "GET /trivet-boards-c-12_158.html?page=4 HTTP/1.0" 200 93830 "-" "Mozilla/5.0 (compatible; BLEXBot/1.0; +http://webmeup-crawler.com/)"
65.108.125.120 - - [06/May/2022:04:00:00 +0200] "GET /tinkerbell-under-pull-p-31132.html HTTP/1.0" 301 70875 "-" "Mozilla/5.0 (compatible; MJ12bot/v1.4.8; http://mj12bot.com/)"
65.108.143.154 - - [06/May/2022:04:00:02 +0200] "GET /games-and-toys/toys/barbapapa-bath-toys-set-n%C3%82%C2%B02-p-919.html HTTP/1.0" 301 70869 "-" "Mozilla/5.0 (compatible; MJ12bot/v1.4.8; http://mj12bot.com/)"
65.108.125.120 - - [06/May/2022:04:00:05 +0200] "GET /-p-31132.html HTTP/1.0" 200 70808 "-" "Mozilla/5.0 (compatible; MJ12bot/v1.4.8; http://mj12bot.com/)"
65.108.143.154 - - [06/May/2022:04:00:08 +0200] "GET /-p-919.html HTTP/1.0" 200 70804 "-" "Mozilla/5.0 (compatible; MJ12bot/v1.4.8; http://mj12bot.com/)"
185.191.171.42 - - [06/May/2022:04:00:09 +0200] "GET /tetsubin-teapot-japanese-liter-p-54079.html HTTP/1.0" 200 74402 "-" "Mozilla/5.0 (compatible; SemrushBot/7~bl; +http://www.semrush.com/bot.html)"
65.108.125.120 - - [06/May/2022:04:00:10 +0200] "GET /tinkerbell-white-tee-shirt-p-30853.html HTTP/1.0" 301 70875 "-" "Mozilla/5.0 (compatible; MJ12bot/v1.4.8; http://mj12bot.com/)"
111.225.144.145 - - [06/May/2022:04:00:12 +0200] "GET /images/mini_prod/1384010192320.jpg HTTP/1.0" 200 269 "-" "Mozilla/5.0 (Macintosh; Intel Mac OS X 10_12_4) AppleWebKit/537.36 (KHTML, like Gecko) Chrome/58.0.3029.110 Safari/537.36"
65.108.143.154 - - [06/May/2022:04:00:11 +0200] "GET /games-and-toys/toys/barbapapa-bath-toys-set-n%C3%82%C2%B03-p-920.html HTTP/1.0" 301 70869 "-" "Mozilla/5.0 (compatible; MJ12bot/v1.4.8; http://mj12bot.com/)"
65.108.143.154 - - [06/May/2022:04:00:15 +0200] "GET /-p-920.html HTTP/1.0" 200 70804 "-" "Mozilla/5.0 (compatible; MJ12bot/v1.4.8; http://mj12bot.com/)"
65.108.125.120 - - [06/May/2022:04:00:16 +0200] "GET /-p-30853.html HTTP/1.0" 200 70808 "-" "Mozilla/5.0 (compatible; MJ12bot/v1.4.8; http://mj12bot.com/)"
65.108.143.154 - - [06/May/2022:04:00:18 +0200] "GET /games-and-toys/toys/barbapapa-bath-toys-set-n%C3%82%C2%B04-p-917.html HTTP/1.0" 301 70869 "-" "Mozilla/5.0 (compatible; MJ12bot/v1.4.8; http://mj12bot.com/)"
65.108.143.154 - - [06/May/2022:04:00:20 +0200] "GET /-p-917.html HTTP/1.0" 200 70804 "-" "Mozilla/5.0 (compatible; MJ12bot/v1.4.8; http://mj12bot.com/)"
65.108.125.120 - - [06/May/2022:04:00:21 +0200] "GET /tinkerbell-yellow-tee-shirt-p-30854.html HTTP/1.0" 301 70875 "-" "Mozilla/5.0 (compatible; MJ12bot/v1.4.8; http://mj12bot.com/)"
65.108.143.154 - - [06/May/2022:04:00:24 +0200] "GET /games-and-toys/toys/barbapapa-board-magnet-and-slate-school-doubles-face-p-10827.html HTTP/1.0" 301 70875 "-" "Mozilla/5.0 (compatible; MJ12bot/v1.4.8; http://mj12bot.com/)"
65.108.125.120 - - [06/May/2022:04:00:25 +0200] "GET /-p-30854.html HTTP/1.0" 200 70808 "-" "Mozilla/5.0 (compatible; MJ12bot/v1.4.8; http://mj12bot.com/)"
65.108.143.154 - - [06/May/2022:04:00:26 +0200] "GET /-p-10827.html HTTP/1.0" 200 70808 "-" "Mozilla/5.0 (compatible; MJ12bot/v1.4.8; http://mj12bot.com/)"
65.108.125.120 - - [06/May/2022:04:00:28 +0200] "GET /tinted-candle-gold-color-p-48933.html HTTP/1.0" 200 73198 "-" "Mozilla/5.0 (compatible; MJ12bot/v1.4.8; http://mj12bot.com/)"
65.108.143.154 - - [06/May/2022:04:00:29 +0200] "GET /games-and-toys/toys/barbapapa-soft-ball-p-4581.html HTTP/1.0" 301 70872 "-" "Mozilla/5.0 (compatible; MJ12bot/v1.4.8; http://mj12bot.com/)"
65.108.143.154 - - [06/May/2022:04:00:32 +0200] "GET /-p-4581.html HTTP/1.0" 200 70806 "-" "Mozilla/5.0 (compatible; MJ12bot/v1.4.8; http://mj12bot.com/)"
65.108.125.120 - - [06/May/2022:04:00:33 +0200] "GET /tinted-candle-in-the-mass-apple-green-color-p-48931.html HTTP/1.0" 301 73395 "-" "Mozilla/5.0 (compatible; MJ12bot/v1.4.8; http://mj12bot.com/)"
65.108.143.154 - - [06/May/2022:04:00:35 +0200] "GET /games-and-toys/toys/barbapapa-stacking-game-p-21444.html HTTP/1.0" 301 70875 "-" "Mozilla/5.0 (compatible; MJ12bot/v1.4.8; http://mj12bot.com/)"
185.191.171.11 - - [06/May/2022:04:00:35 +0200] "GET /louis-philippe-old-wallpaper-cushion-p-16234.html HTTP/1.0" 301 74296 "-" "Mozilla/5.0 (compatible; SemrushBot/7~bl; +http://www.semrush.com/bot.html)"
65.108.143.154 - - [06/May/2022:04:00:37 +0200] "GET /-p-21444.html HTTP/1.0" 200 70808 "-" "Mozilla/5.0 (compatible; MJ12bot/v1.4.8; http://mj12bot.com/)"
46.4.108.51 - - [06/May/2022:04:00:38 +0200] "GET /trivet-boards-c-12_158.html?page=5 HTTP/1.0" 200 92921 "-" "Mozilla/5.0 (compatible; BLEXBot/1.0; +http://webmeup-crawler.com/)"
65.108.125.120 - - [06/May/2022:04:00:39 +0200] "GET /tinted-candle-mass-apple-green-color-p-48931.html HTTP/1.0" 200 73292 "-" "Mozilla/5.0 (compatible; MJ12bot/v1.4.8; http://mj12bot.com/)"
65.108.143.154 - - [06/May/2022:04:00:40 +0200] "GET /games-and-toys/toys/barbapapa-theater-p-6637.html HTTP/1.0" 301 70872 "-" "Mozilla/5.0 (compatible; MJ12bot/v1.4.8; http://mj12bot.com/)"
185.191.171.12 - - [06/May/2022:04:00:40 +0200] "GET /louis-philippe-wallpaper-cushion-p-16234.html HTTP/1.0" 200 74197 "-" "Mozilla/5.0 (compatible; SemrushBot/7~bl; +http://www.semrush.com/bot.html)"
65.108.143.154 - - [06/May/2022:04:00:43 +0200] "GET /-p-6637.html HTTP/1.0" 200 70806 "-" "Mozilla/5.0 (compatible; MJ12bot/v1.4.8; http://mj12bot.com/)"
65.108.125.120 - - [06/May/2022:04:00:44 +0200] "GET /tinted-candle-in-the-mass-beige-p-48917.html HTTP/1.0" 301 73610 "-" "Mozilla/5.0 (compatible; MJ12bot/v1.4.8; http://mj12bot.com/)"
65.108.143.154 - - [06/May/2022:04:00:46 +0200] "GET /games-and-toys/toys/barbapapa-wooden-balls-p-21435.html HTTP/1.0" 301 70875 "-" "Mozilla/5.0 (compatible; MJ12bot/v1.4.8; http://mj12bot.com/)"
54.36.148.243 - - [06/May/2022:04:00:46 +0200] "GET /double-walled-porcelain-with-infuser-p-54310.html HTTP/1.0" 200 74458 "-" "Mozilla/5.0 (compatible; AhrefsBot/7.0; +http://ahrefs.com/robot/)"
65.108.125.120 - - [06/May/2022:04:00:48 +0200] "GET /tinted-candle-mass-beige-p-48917.html HTTP/1.0" 200 73519 "-" "Mozilla/5.0 (compatible; MJ12bot/v1.4.8; http://mj12bot.com/)"
65.108.143.154 - - [06/May/2022:04:00:49 +0200] "GET /-p-21435.html HTTP/1.0" 200 70808 "-" "Mozilla/5.0 (compatible; MJ12bot/v1.4.8; http://mj12bot.com/)"
65.108.125.120 - - [06/May/2022:04:00:52 +0200] "GET /tinted-candle-in-the-mass-black-color-p-48929.html HTTP/1.0" 301 73638 "-" "Mozilla/5.0 (compatible; MJ12bot/v1.4.8; http://mj12bot.com/)"
65.108.125.120 - - [06/May/2022:04:00:56 +0200] "GET /tinted-candle-mass-black-color-p-48929.html HTTP/1.0" 200 73541 "-" "Mozilla/5.0 (compatible; MJ12bot/v1.4.8; http://mj12bot.com/)"
65.108.125.120 - - [06/May/2022:04:01:00 +0200] "GET /tinted-candle-in-the-mass-blue-color-p-48924.html HTTP/1.0" 301 73349 "-" "Mozilla/5.0 (compatible; MJ12bot/v1.4.8; http://mj12bot.com/)"
46.4.108.51 - - [06/May/2022:04:01:02 +0200] "GET /trivet-boards-c-12_158.html?page=6 HTTP/1.0" 200 94903 "-" "Mozilla/5.0 (compatible; BLEXBot/1.0; +http://webmeup-crawler.com/)"
65.108.125.120 - - [06/May/2022:04:01:04 +0200] "GET /tinted-candle-mass-blue-color-p-48924.html HTTP/1.0" 200 73253 "-" "Mozilla/5.0 (compatible; MJ12bot/v1.4.8; http://mj12bot.com/)"
65.108.125.120 - - [06/May/2022:04:01:09 +0200] "GET /tinted-candle-in-the-mass-brown-color-p-48923.html HTTP/1.0" 301 73628 "-" "Mozilla/5.0 (compatible; MJ12bot/v1.4.8; http://mj12bot.com/)"
65.108.125.120 - - [06/May/2022:04:01:14 +0200] "GET /tinted-candle-mass-brown-color-p-48923.html HTTP/1.0" 200 73531 "-" "Mozilla/5.0 (compatible; MJ12bot/v1.4.8; http://mj12bot.com/)"
65.108.125.120 - - [06/May/2022:04:01:18 +0200] "GET /tinted-candle-in-the-mass-burgundy-p-48918.html HTTP/1.0" 301 73620 "-" "Mozilla/5.0 (compatible; MJ12bot/v1.4.8; http://mj12bot.com/)"
65.108.125.120 - - [06/May/2022:04:01:22 +0200] "GET /tinted-candle-mass-burgundy-p-48918.html HTTP/1.0" 200 73526 "-" "Mozilla/5.0 (compatible; MJ12bot/v1.4.8; http://mj12bot.com/)"
185.191.171.26 - - [06/May/2022:04:01:26 +0200] "GET /stormtrooper-figure-p-27758.html?action=add_product HTTP/1.0" 302 476 "-" "Mozilla/5.0 (compatible; SemrushBot/7~bl; +http://www.semrush.com/bot.html)"
65.108.125.120 - - [06/May/2022:04:01:27 +0200] "GET /tinted-candle-in-the-mass-dark-blue-color-p-48926.html HTTP/1.0" 301 73662 "-" "Mozilla/5.0 (compatible; MJ12bot/v1.4.8; http://mj12bot.com/)"
65.108.125.120 - - [06/May/2022:04:01:32 +0200] "GET /tinted-candle-mass-dark-blue-color-p-48926.html HTTP/1.0" 200 73561 "-" "Mozilla/5.0 (compatible; MJ12bot/v1.4.8; http://mj12bot.com/)"
111.225.146.214 - - [06/May/2022:04:01:37 +0200] "GET /images/big_prod_1/b3608860261035.jpg HTTP/1.0" 200 271 "-" "Mozilla/5.0 (Macintosh; Intel Mac OS X 10_12_4) AppleWebKit/537.36 (KHTML, like Gecko) Chrome/58.0.3029.110 Safari/537.36"
65.108.125.120 - - [06/May/2022:04:01:36 +0200] "GET /tinted-candle-in-the-mass-dark-green-p-48920.html HTTP/1.0" 301 73632 "-" "Mozilla/5.0 (compatible; MJ12bot/v1.4.8; http://mj12bot.com/)"
185.191.171.5 - - [06/May/2022:04:01:41 +0200] "GET /plush-keel-toys-chimpanzee-p-50302.html?action=add_product HTTP/1.0" 302 476 "-" "Mozilla/5.0 (compatible; SemrushBot/7~bl; +http://www.semrush.com/bot.html)"
65.108.125.120 - - [06/May/2022:04:01:41 +0200] "GET /tinted-candle-mass-dark-green-p-48920.html HTTP/1.0" 200 73536 "-" "Mozilla/5.0 (compatible; MJ12bot/v1.4.8; http://mj12bot.com/)"
46.4.108.51 - - [06/May/2022:04:01:43 +0200] "GET /trivet-boards-c-12_158.html?page=7 HTTP/1.0" 200 94589 "-" "Mozilla/5.0 (compatible; BLEXBot/1.0; +http://webmeup-crawler.com/)"
65.108.125.120 - - [06/May/2022:04:01:45 +0200] "GET /tinted-candle-in-the-mass-gold-color-p-48933.html HTTP/1.0" 301 73289 "-" "Mozilla/5.0 (compatible; MJ12bot/v1.4.8; http://mj12bot.com/)"
185.191.171.37 - - [06/May/2022:04:01:45 +0200] "GET /minnie-mouse-large-disney-suitcase-p-31209.html HTTP/1.0" 200 70969 "-" "Mozilla/5.0 (compatible; SemrushBot/7~bl; +http://www.semrush.com/bot.html)"
65.108.125.120 - - [06/May/2022:04:01:48 +0200] "GET /tinted-candle-gold-color-p-48933.html HTTP/1.0" 200 73198 "-" "Mozilla/5.0 (compatible; MJ12bot/v1.4.8; http://mj12bot.com/)"
40.77.167.0 - - [06/May/2022:04:01:50 +0200] "GET /pillowcases-bolstercases-c-11_166.html HTTP/1.0" 200 90832 "-" "Mozilla/5.0 (compatible; bingbot/2.0; +http://www.bing.com/bingbot.htm)"
65.108.125.120 - - [06/May/2022:04:01:52 +0200] "GET /tinted-candle-in-the-mass-grey-color-p-48927.html HTTP/1.0" 301 73632 "-" "Mozilla/5.0 (compatible; MJ12bot/v1.4.8; http://mj12bot.com/)"
54.36.148.243 - - [06/May/2022:04:01:57 +0200] "GET /decorative-blue-globe-p-45095.html HTTP/1.0" 200 73500 "-" "Mozilla/5.0 (compatible; AhrefsBot/7.0; +http://ahrefs.com/robot/)"
65.108.125.120 - - [06/May/2022:04:01:57 +0200] "GET /tinted-candle-mass-grey-color-p-48927.html HTTP/1.0" 200 73536 "-" "Mozilla/5.0 (compatible; MJ12bot/v1.4.8; http://mj12bot.com/)"
46.4.108.51 - - [06/May/2022:04:01:58 +0200] "GET /trivet-boards-c-12_158.html?page=8 HTTP/1.0" 200 94483 "-" "Mozilla/5.0 (compatible; BLEXBot/1.0; +http://webmeup-crawler.com/)"
65.108.125.120 - - [06/May/2022:04:02:02 +0200] "GET /tinted-candle-in-the-mass-honey-color-p-48914.html HTTP/1.0" 301 73628 "-" "Mozilla/5.0 (compatible; MJ12bot/v1.4.8; http://mj12bot.com/)"
65.108.125.120 - - [06/May/2022:04:02:06 +0200] "GET /tinted-candle-mass-honey-color-p-48914.html HTTP/1.0" 200 73531 "-" "Mozilla/5.0 (compatible; MJ12bot/v1.4.8; http://mj12bot.com/)"
65.108.125.120 - - [06/May/2022:04:02:11 +0200] "GET /tinted-candle-in-the-mass-ivory-color-p-48915.html HTTP/1.0" 301 73638 "-" "Mozilla/5.0 (compatible; MJ12bot/v1.4.8; http://mj12bot.com/)"
65.108.125.120 - - [06/May/2022:04:02:15 +0200] "GET /tinted-candle-mass-ivory-color-p-48915.html HTTP/1.0" 200 73541 "-" "Mozilla/5.0 (compatible; MJ12bot/v1.4.8; http://mj12bot.com/)"
65.108.125.120 - - [06/May/2022:04:02:20 +0200] "GET /tinted-candle-in-the-mass-light-blue-color-p-48925.html HTTP/1.0" 301 73668 "-" "Mozilla/5.0 (compatible; MJ12bot/v1.4.8; http://mj12bot.com/)"
65.108.125.120 - - [06/May/2022:04:02:23 +0200] "GET /tinted-candle-mass-light-blue-color-p-48925.html HTTP/1.0" 200 73566 "-" "Mozilla/5.0 (compatible; MJ12bot/v1.4.8; http://mj12bot.com/)"
65.108.125.120 - - [06/May/2022:04:02:28 +0200] "GET /tinted-candle-in-the-mass-ocher-color-p-48916.html HTTP/1.0" 301 73630 "-" "Mozilla/5.0 (compatible; MJ12bot/v1.4.8; http://mj12bot.com/)"
65.108.125.120 - - [06/May/2022:04:02:32 +0200] "GET /tinted-candle-mass-ocher-color-p-48916.html HTTP/1.0" 200 73533 "-" "Mozilla/5.0 (compatible; MJ12bot/v1.4.8; http://mj12bot.com/)"
65.108.125.120 - - [06/May/2022:04:02:36 +0200] "GET /tinted-candle-in-the-mass-pink-color-p-48928.html HTTP/1.0" 301 73622 "-" "Mozilla/5.0 (compatible; MJ12bot/v1.4.8; http://mj12bot.com/)"
65.108.125.120 - - [06/May/2022:04:02:41 +0200] "GET /tinted-candle-mass-pink-color-p-48928.html HTTP/1.0" 200 73526 "-" "Mozilla/5.0 (compatible; MJ12bot/v1.4.8; http://mj12bot.com/)"
111.225.145.217 - - [06/May/2022:04:02:43 +0200] "GET /images/big_prod_2/8435153868368F.jpg HTTP/1.0" 200 271 "-" "Mozilla/5.0 (Macintosh; Intel Mac OS X 10_12_4) AppleWebKit/537.36 (KHTML, like Gecko) Chrome/58.0.3029.110 Safari/537.36"
65.108.125.120 - - [06/May/2022:04:02:45 +0200] "GET /tinted-candle-in-the-mass-red-p-48912.html HTTP/1.0" 301 73568 "-" "Mozilla/5.0 (compatible; MJ12bot/v1.4.8; http://mj12bot.com/)"
17.121.115.223 - - [06/May/2022:04:02:45 +0200] "GET /small-tinbox-rtro-motorcycle-p-41337.html HTTP/1.0" 200 70946 "-" "Mozilla/5.0 (Macintosh; Intel Mac OS X 10_15_5) AppleWebKit/605.1.15 (KHTML, like Gecko) Version/13.1.1 Safari/605.1.15 (Applebot/0.1; +http://www.apple.com/go/applebot)"
46.4.108.51 - - [06/May/2022:04:02:51 +0200] "GET /robots.txt HTTP/1.0" 301 531 "-" "Mozilla/5.0 (compatible; BLEXBot/1.0; +http://webmeup-crawler.com/)"
46.4.108.51 - - [06/May/2022:04:02:51 +0200] "GET /robots.txt HTTP/1.0" 200 245 "-" "Mozilla/5.0 (compatible; BLEXBot/1.0; +http://webmeup-crawler.com/)"
65.108.125.120 - - [06/May/2022:04:02:50 +0200] "GET /tinted-candle-mass-p-48912.html HTTP/1.0" 200 73483 "-" "Mozilla/5.0 (compatible; MJ12bot/v1.4.8; http://mj12bot.com/)"
46.4.108.51 - - [06/May/2022:04:02:51 +0200] "GET /trivet-boards-c-12_158.html?page=9 HTTP/1.0" 200 94485 "-" "Mozilla/5.0 (compatible; BLEXBot/1.0; +http://webmeup-crawler.com/)"
65.108.125.120 - - [06/May/2022:04:02:55 +0200] "GET /tinted-candle-in-the-mass-saffron-color-p-48913.html HTTP/1.0" 301 73644 "-" "Mozilla/5.0 (compatible; MJ12bot/v1.4.8; http://mj12bot.com/)"
65.108.125.120 - - [06/May/2022:04:02:59 +0200] "GET /tinted-candle-mass-saffron-color-p-48913.html HTTP/1.0" 200 73545 "-" "Mozilla/5.0 (compatible; MJ12bot/v1.4.8; http://mj12bot.com/)"
54.36.148.243 - - [06/May/2022:04:03:00 +0200] "GET /fragrances-ambiance-c-231.html?page=6 HTTP/1.0" 200 92547 "-" "Mozilla/5.0 (compatible; AhrefsBot/7.0; +http://ahrefs.com/robot/)"
65.108.125.120 - - [06/May/2022:04:03:03 +0200] "GET /tinted-candle-in-the-mass-salmon-color-p-48921.html HTTP/1.0" 301 73648 "-" "Mozilla/5.0 (compatible; MJ12bot/v1.4.8; http://mj12bot.com/)"
65.108.125.120 - - [06/May/2022:04:03:09 +0200] "GET /tinted-candle-mass-salmon-color-p-48921.html HTTP/1.0" 200 73550 "-" "Mozilla/5.0 (compatible; MJ12bot/v1.4.8; http://mj12bot.com/)"
185.191.171.15 - - [06/May/2022:04:03:15 +0200] "GET /decorative-figurine-aged-metal-p-56054.html HTTP/1.0" 200 73635 "-" "Mozilla/5.0 (compatible; SemrushBot/7~bl; +http://www.semrush.com/bot.html)"
65.108.125.120 - - [06/May/2022:04:03:16 +0200] "GET /tinted-candle-in-the-mass-white-p-48919.html HTTP/1.0" 301 73602 "-" "Mozilla/5.0 (compatible; MJ12bot/v1.4.8; http://mj12bot.com/)"
121.233.206.201 - - [06/May/2022:04:03:17 +0200] "GET /contact_us.php HTTP/1.0" 200 26241 "http://www.wonder-geek.com/contact_us.php" "Mozilla/5.0 (Windows NT 10.0; ) AppleWebKit/537.36 (KHTML, like Gecko) Chrome/83.0.4103.34 Safari/537.36 Edg/83.0.478.25"
65.108.125.120 - - [06/May/2022:04:03:23 +0200] "GET /tinted-candle-mass-white-p-48919.html HTTP/1.0" 200 73511 "-" "Mozilla/5.0 (compatible; MJ12bot/v1.4.8; http://mj12bot.com/)"
65.108.125.120 - - [06/May/2022:04:03:28 +0200] "GET /tinted-candle-mass-apple-green-color-p-48931.html HTTP/1.0" 200 73292 "-" "Mozilla/5.0 (compatible; MJ12bot/v1.4.8; http://mj12bot.com/)"
65.108.125.120 - - [06/May/2022:04:03:34 +0200] "GET /tinted-candle-mass-beige-p-48917.html HTTP/1.0" 200 73519 "-" "Mozilla/5.0 (compatible; MJ12bot/v1.4.8; http://mj12bot.com/)"
65.108.125.120 - - [06/May/2022:04:03:39 +0200] "GET /tinted-candle-mass-black-color-p-48929.html HTTP/1.0" 200 73541 "-" "Mozilla/5.0 (compatible; MJ12bot/v1.4.8; http://mj12bot.com/)"
65.108.125.120 - - [06/May/2022:04:03:43 +0200] "GET /tinted-candle-mass-blue-color-p-48924.html HTTP/1.0" 200 73253 "-" "Mozilla/5.0 (compatible; MJ12bot/v1.4.8; http://mj12bot.com/)"
46.4.108.51 - - [06/May/2022:04:03:46 +0200] "GET /trolley-backpack-brought-love-gorjuss-p-47753.html HTTP/1.0" 200 75413 "-" "Mozilla/5.0 (compatible; BLEXBot/1.0; +http://webmeup-crawler.com/)"
65.108.125.120 - - [06/May/2022:04:03:49 +0200] "GET /tinted-candle-mass-blue-p-56089.html HTTP/1.0" 200 74114 "-" "Mozilla/5.0 (compatible; MJ12bot/v1.4.8; http://mj12bot.com/)"
65.108.125.120 - - [06/May/2022:04:03:53 +0200] "GET /tinted-candle-mass-brown-color-p-48923.html HTTP/1.0" 200 73531 "-" "Mozilla/5.0 (compatible; MJ12bot/v1.4.8; http://mj12bot.com/)"
65.108.125.120 - - [06/May/2022:04:03:58 +0200] "GET /tinted-candle-mass-burgundy-p-48918.html HTTP/1.0" 200 73526 "-" "Mozilla/5.0 (compatible; MJ12bot/v1.4.8; http://mj12bot.com/)"
65.108.125.120 - - [06/May/2022:04:04:02 +0200] "GET /tinted-candle-mass-dark-blue-color-p-48926.html HTTP/1.0" 200 73561 "-" "Mozilla/5.0 (compatible; MJ12bot/v1.4.8; http://mj12bot.com/)"
111.225.144.146 - - [06/May/2022:04:04:06 +0200] "GET /images/mini_prod/8422014433100.jpg HTTP/1.0" 200 269 "-" "Mozilla/5.0 (Macintosh; Intel Mac OS X 10_12_4) AppleWebKit/537.36 (KHTML, like Gecko) Chrome/58.0.3029.110 Safari/537.36"
65.108.125.120 - - [06/May/2022:04:04:06 +0200] "GET /tinted-candle-mass-dark-green-p-48920.html HTTP/1.0" 200 73536 "-" "Mozilla/5.0 (compatible; MJ12bot/v1.4.8; http://mj12bot.com/)"
111.225.144.210 - - [06/May/2022:04:04:09 +0200] "GET /images/mini_prod/3454231118800.jpg HTTP/1.0" 200 269 "-" "Mozilla/5.0 (Macintosh; Intel Mac OS X 10_12_4) AppleWebKit/537.36 (KHTML, like Gecko) Chrome/58.0.3029.110 Safari/537.36"
54.36.148.243 - - [06/May/2022:04:04:09 +0200] "GET /buddha-cherry-blossoms-sticker-p-39174.html HTTP/1.0" 200 74323 "-" "Mozilla/5.0 (compatible; AhrefsBot/7.0; +http://ahrefs.com/robot/)"
54.36.149.49 - - [06/May/2022:04:04:13 +0200] "GET /images/big_prod_1/3609810052666b.jpg HTTP/1.0" 200 271 "-" "Mozilla/5.0 (compatible; AhrefsBot/7.0; +http://ahrefs.com/robot/)"
46.4.108.51 - - [06/May/2022:04:04:12 +0200] "GET /trolley-backpack-gorjuss-catch-falling-star-p-52368.html HTTP/1.0" 200 74865 "-" "Mozilla/5.0 (compatible; BLEXBot/1.0; +http://webmeup-crawler.com/)"
54.36.148.96 - - [06/May/2022:04:04:14 +0200] "GET /images/big_prod/3609810052666a.jpg HTTP/1.0" 200 269 "-" "Mozilla/5.0 (compatible; AhrefsBot/7.0; +http://ahrefs.com/robot/)"
185.191.171.13 - - [06/May/2022:04:04:12 +0200] "GET /boxes-and-storage-box-c-13_150.html?page=9 HTTP/1.0" 301 93986 "-" "Mozilla/5.0 (compatible; SemrushBot/7~bl; +http://www.semrush.com/bot.html)"
65.108.125.120 - - [06/May/2022:04:04:13 +0200] "GET /tinted-candle-mass-grey-color-p-48927.html HTTP/1.0" 200 73536 "-" "Mozilla/5.0 (compatible; MJ12bot/v1.4.8; http://mj12bot.com/)"
185.191.171.4 - - [06/May/2022:04:04:17 +0200] "GET /boxes-storage-c-150.html?page=9 HTTP/1.0" 301 93866 "-" "Mozilla/5.0 (compatible; SemrushBot/7~bl; +http://www.semrush.com/bot.html)"
65.108.125.120 - - [06/May/2022:04:04:19 +0200] "GET /tinted-candle-mass-honey-color-p-48914.html HTTP/1.0" 200 73531 "-" "Mozilla/5.0 (compatible; MJ12bot/v1.4.8; http://mj12bot.com/)"
185.191.171.40 - - [06/May/2022:04:04:20 +0200] "GET /boxes-storage-c-13_150.html?page=9 HTTP/1.0" 200 93901 "-" "Mozilla/5.0 (compatible; SemrushBot/7~bl; +http://www.semrush.com/bot.html)"
185.191.171.22 - - [06/May/2022:04:04:24 +0200] "GET /wood-keychains-p-26076.html?action=add_product HTTP/1.0" 302 476 "-" "Mozilla/5.0 (compatible; SemrushBot/7~bl; +http://www.semrush.com/bot.html)"
111.225.145.202 - - [06/May/2022:04:04:27 +0200] "GET /images/mini_prod/MISES-EN-SITUATION-17.jpg HTTP/1.0" 200 277 "-" "Mozilla/5.0 (Macintosh; Intel Mac OS X 10_12_4) AppleWebKit/537.36 (KHTML, like Gecko) Chrome/58.0.3029.110 Safari/537.36"
65.108.125.120 - - [06/May/2022:04:04:25 +0200] "GET /tinted-candle-mass-ivory-color-p-48915.html HTTP/1.0" 200 73541 "-" "Mozilla/5.0 (compatible; MJ12bot/v1.4.8; http://mj12bot.com/)"
111.225.145.197 - - [06/May/2022:04:04:31 +0200] "GET /images/mini_prod/1384010208281NN.jpg HTTP/1.0" 200 271 "-" "Mozilla/5.0 (Macintosh; Intel Mac OS X 10_12_4) AppleWebKit/537.36 (KHTML, like Gecko) Chrome/58.0.3029.110 Safari/537.36"
65.108.125.120 - - [06/May/2022:04:04:31 +0200] "GET /tinted-candle-mass-light-blue-color-p-48925.html HTTP/1.0" 200 73566 "-" "Mozilla/5.0 (compatible; MJ12bot/v1.4.8; http://mj12bot.com/)"
65.108.125.120 - - [06/May/2022:04:04:36 +0200] "GET /tinted-candle-mass-ocher-color-p-48916.html HTTP/1.0" 200 73533 "-" "Mozilla/5.0 (compatible; MJ12bot/v1.4.8; http://mj12bot.com/)"
46.4.108.51 - - [06/May/2022:04:04:41 +0200] "GET /trolley-backpack-gorjuss-love-grows-p-52369.html HTTP/1.0" 200 74760 "-" "Mozilla/5.0 (compatible; BLEXBot/1.0; +http://webmeup-crawler.com/)"
66.249.73.138 - - [06/May/2022:04:04:41 +0200] "GET /dishes/plates/barbapapa-plate-p-19452.html HTTP/1.0" 301 70875 "-" "Mozilla/5.0 (compatible; Googlebot/2.1; +http://www.google.com/bot.html)"
65.108.125.120 - - [06/May/2022:04:04:42 +0200] "GET /tinted-candle-mass-p-48912.html HTTP/1.0" 200 73483 "-" "Mozilla/5.0 (compatible; MJ12bot/v1.4.8; http://mj12bot.com/)"
66.249.73.136 - - [06/May/2022:04:04:44 +0200] "GET /-p-19452.html HTTP/1.0" 200 70808 "-" "Mozilla/5.0 (compatible; Googlebot/2.1; +http://www.google.com/bot.html)"
207.46.13.182 - - [06/May/2022:04:04:46 +0200] "GET /bowl-kissing-berry-inside-made-germany-p-48478.html HTTP/1.0" 200 74682 "-" "Mozilla/5.0 (compatible; bingbot/2.0; +http://www.bing.com/bingbot.htm)"
65.108.125.120 - - [06/May/2022:04:04:48 +0200] "GET /tinted-candle-mass-pink-color-p-48928.html HTTP/1.0" 200 73526 "-" "Mozilla/5.0 (compatible; MJ12bot/v1.4.8; http://mj12bot.com/)"
65.108.125.120 - - [06/May/2022:04:04:54 +0200] "GET /tinted-candle-mass-purple-p-56102.html HTTP/1.0" 200 73507 "-" "Mozilla/5.0 (compatible; MJ12bot/v1.4.8; http://mj12bot.com/)"
65.108.125.120 - - [06/May/2022:04:04:59 +0200] "GET /tinted-candle-mass-saffron-color-p-48913.html HTTP/1.0" 200 73545 "-" "Mozilla/5.0 (compatible; MJ12bot/v1.4.8; http://mj12bot.com/)"
65.108.125.120 - - [06/May/2022:04:05:04 +0200] "GET /tinted-candle-mass-salmon-color-p-48921.html HTTP/1.0" 200 73550 "-" "Mozilla/5.0 (compatible; MJ12bot/v1.4.8; http://mj12bot.com/)"
65.108.125.120 - - [06/May/2022:04:05:11 +0200] "GET /tinted-candle-mass-white-p-48919.html HTTP/1.0" 200 73511 "-" "Mozilla/5.0 (compatible; MJ12bot/v1.4.8; http://mj12bot.com/)"
54.36.148.243 - - [06/May/2022:04:05:12 +0200] "GET /camargue-small-ashtray-p-37387.html HTTP/1.0" 200 73435 "-" "Mozilla/5.0 (compatible; AhrefsBot/7.0; +http://ahrefs.com/robot/)"
185.191.171.18 - - [06/May/2022:04:05:16 +0200] "GET /llama-love-figurine-p-47612.html?action=add_product HTTP/1.0" 302 476 "-" "Mozilla/5.0 (compatible; SemrushBot/7~bl; +http://www.semrush.com/bot.html)"
65.108.125.120 - - [06/May/2022:04:05:16 +0200] "GET /tisanire-with-metal-infuser-p-36531.html HTTP/1.0" 200 70973 "-" "Mozilla/5.0 (compatible; MJ12bot/v1.4.8; http://mj12bot.com/)"
65.108.125.120 - - [06/May/2022:04:05:21 +0200] "GET /titeuf-foam-wall-stickers-p-4569.html HTTP/1.0" 200 70922 "-" "Mozilla/5.0 (compatible; MJ12bot/v1.4.8; http://mj12bot.com/)"
65.108.125.120 - - [06/May/2022:04:05:26 +0200] "GET /toilet-brush-p-45522.html HTTP/1.0" 200 73422 "-" "Mozilla/5.0 (compatible; MJ12bot/v1.4.8; http://mj12bot.com/)"
65.108.125.120 - - [06/May/2022:04:05:32 +0200] "GET /tooth-glass-paris-eau-de-parfum-p-37460.html HTTP/1.0" 301 73622 "-" "Mozilla/5.0 (compatible; MJ12bot/v1.4.8; http://mj12bot.com/)"
65.108.125.120 - - [06/May/2022:04:05:37 +0200] "GET /tooth-glass-paris-parfum-p-37460.html HTTP/1.0" 200 73531 "-" "Mozilla/5.0 (compatible; MJ12bot/v1.4.8; http://mj12bot.com/)"
46.4.108.51 - - [06/May/2022:04:05:37 +0200] "GET /tropical-vibes-vanity-p-45023.html HTTP/1.0" 200 73617 "-" "Mozilla/5.0 (compatible; BLEXBot/1.0; +http://webmeup-crawler.com/)"
111.225.144.147 - - [06/May/2022:04:05:40 +0200] "GET /images/mini_prod/3700653591821.jpg HTTP/1.0" 200 269 "-" "Mozilla/5.0 (Macintosh; Intel Mac OS X 10_12_4) AppleWebKit/537.36 (KHTML, like Gecko) Chrome/58.0.3029.110 Safari/537.36"
65.108.125.120 - - [06/May/2022:04:05:40 +0200] "GET /tooth-glass-paris-parfum-p-37460.html HTTP/1.0" 200 73531 "-" "Mozilla/5.0 (compatible; MJ12bot/v1.4.8; http://mj12bot.com/)"
65.108.125.120 - - [06/May/2022:04:05:44 +0200] "GET /toothbrush-holder-for-girl-p-24910.html HTTP/1.0" 301 70875 "-" "Mozilla/5.0 (compatible; MJ12bot/v1.4.8; http://mj12bot.com/)"
65.108.125.120 - - [06/May/2022:04:05:49 +0200] "GET /-p-24910.html HTTP/1.0" 200 70808 "-" "Mozilla/5.0 (compatible; MJ12bot/v1.4.8; http://mj12bot.com/)"
65.108.125.120 - - [06/May/2022:04:05:54 +0200] "GET /top-model-fantasy-cat-brush-p-33976.html HTTP/1.0" 301 70875 "-" "Mozilla/5.0 (compatible; MJ12bot/v1.4.8; http://mj12bot.com/)"
65.108.125.120 - - [06/May/2022:04:05:59 +0200] "GET /-p-33976.html HTTP/1.0" 200 70808 "-" "Mozilla/5.0 (compatible; MJ12bot/v1.4.8; http://mj12bot.com/)"
111.225.144.142 - - [06/May/2022:04:06:04 +0200] "GET /images/mini_prod/3700791201514NN.jpg HTTP/1.0" 200 271 "-" "Mozilla/5.0 (Macintosh; Intel Mac OS X 10_12_4) AppleWebKit/537.36 (KHTML, like Gecko) Chrome/58.0.3029.110 Safari/537.36"
65.108.125.120 - - [06/May/2022:04:06:04 +0200] "GET /top-model-fantasy-fawn-brush-p-33977.html HTTP/1.0" 301 70875 "-" "Mozilla/5.0 (compatible; MJ12bot/v1.4.8; http://mj12bot.com/)"
65.108.125.120 - - [06/May/2022:04:06:09 +0200] "GET /-p-33977.html HTTP/1.0" 200 70808 "-" "Mozilla/5.0 (compatible; MJ12bot/v1.4.8; http://mj12bot.com/)"
65.108.125.120 - - [06/May/2022:04:06:14 +0200] "GET /top-model-fantasy-unicorn-brush-p-33975.html HTTP/1.0" 301 71040 "-" "Mozilla/5.0 (compatible; MJ12bot/v1.4.8; http://mj12bot.com/)"
185.191.171.10 - - [06/May/2022:04:06:18 +0200] "GET /pets-polar-blanket-p-8422.html HTTP/1.0" 200 73600 "-" "Mozilla/5.0 (compatible; SemrushBot/7~bl; +http://www.semrush.com/bot.html)"
65.108.125.120 - - [06/May/2022:04:06:18 +0200] "GET /model-fantasy-unicorn-brush-p-33975.html HTTP/1.0" 200 70946 "-" "Mozilla/5.0 (compatible; MJ12bot/v1.4.8; http://mj12bot.com/)"
54.36.148.243 - - [06/May/2022:04:06:23 +0200] "GET /vintage-soccer-ball-keyring-p-29899.html HTTP/1.0" 200 73233 "-" "Mozilla/5.0 (compatible; AhrefsBot/7.0; +http://ahrefs.com/robot/)"
65.108.125.120 - - [06/May/2022:04:06:24 +0200] "GET /totem-resin-skeletons-hear-p-42772.html HTTP/1.0" 200 70965 "-" "Mozilla/5.0 (compatible; MJ12bot/v1.4.8; http://mj12bot.com/)"
65.108.125.120 - - [06/May/2022:04:06:30 +0200] "GET /totem-resin-skeletons-say-see-hear-p-42772.html HTTP/1.0" 301 71058 "-" "Mozilla/5.0 (compatible; MJ12bot/v1.4.8; http://mj12bot.com/)"
111.225.144.196 - - [06/May/2022:04:06:33 +0200] "GET /images/mini_prod/3520071411903.jpg HTTP/1.0" 200 269 "-" "Mozilla/5.0 (Macintosh; Intel Mac OS X 10_12_4) AppleWebKit/537.36 (KHTML, like Gecko) Chrome/58.0.3029.110 Safari/537.36"
46.4.108.51 - - [06/May/2022:04:06:34 +0200] "GET /turtles-ninja-glass-p-21407.html HTTP/1.0" 200 73481 "-" "Mozilla/5.0 (compatible; BLEXBot/1.0; +http://webmeup-crawler.com/)"
65.108.125.120 - - [06/May/2022:04:06:35 +0200] "GET /totem-resin-skeletons-hear-p-42772.html HTTP/1.0" 200 70965 "-" "Mozilla/5.0 (compatible; MJ12bot/v1.4.8; http://mj12bot.com/)"
65.108.125.120 - - [06/May/2022:04:06:41 +0200] "GET /toucan-money-box-12-cm-red-p-47936.html HTTP/1.0" 301 73576 "-" "Mozilla/5.0 (compatible; MJ12bot/v1.4.8; http://mj12bot.com/)"
111.225.144.182 - - [06/May/2022:04:06:46 +0200] "GET /images/mini_prod/8904245400477.jpg HTTP/1.0" 200 269 "-" "Mozilla/5.0 (Macintosh; Intel Mac OS X 10_12_4) AppleWebKit/537.36 (KHTML, like Gecko) Chrome/58.0.3029.110 Safari/537.36"
65.108.125.120 - - [06/May/2022:04:06:45 +0200] "GET /toucan-money-p-47936.html HTTP/1.0" 200 73497 "-" "Mozilla/5.0 (compatible; MJ12bot/v1.4.8; http://mj12bot.com/)"
65.108.125.120 - - [06/May/2022:04:06:49 +0200] "GET /toucan-money-p-47936.html HTTP/1.0" 200 73497 "-" "Mozilla/5.0 (compatible; MJ12bot/v1.4.8; http://mj12bot.com/)"
65.108.125.120 - - [06/May/2022:04:06:55 +0200] "GET /towel-dispenser-c-12_225.html?page=1 HTTP/1.0" 200 85052 "-" "Mozilla/5.0 (compatible; MJ12bot/v1.4.8; http://mj12bot.com/)"
46.4.108.51 - - [06/May/2022:04:06:57 +0200] "GET /turtles-ninja-glass-p-21408.html HTTP/1.0" 200 73480 "-" "Mozilla/5.0 (compatible; BLEXBot/1.0; +http://webmeup-crawler.com/)"
185.191.171.4 - - [06/May/2022:04:06:58 +0200] "GET /gift-box-in-wood-towels-30-30-cm-300-gr-m2-p-45274.html HTTP/1.0" 301 70875 "-" "Mozilla/5.0 (compatible; SemrushBot/7~bl; +http://www.semrush.com/bot.html)"
65.108.125.120 - - [06/May/2022:04:07:00 +0200] "GET /towel-dispenser-c-12_225.html?page=2 HTTP/1.0" 200 85052 "-" "Mozilla/5.0 (compatible; MJ12bot/v1.4.8; http://mj12bot.com/)"
185.191.171.45 - - [06/May/2022:04:07:02 +0200] "GET /-p-45274.html HTTP/1.0" 200 70808 "-" "Mozilla/5.0 (compatible; SemrushBot/7~bl; +http://www.semrush.com/bot.html)"
65.108.125.120 - - [06/May/2022:04:07:08 +0200] "GET /tower-chess-piece-copper-p-45485.html HTTP/1.0" 200 73497 "-" "Mozilla/5.0 (compatible; MJ12bot/v1.4.8; http://mj12bot.com/)"
65.108.125.120 - - [06/May/2022:04:07:14 +0200] "GET /tower-silver-decorative-chess-piece-p-53100.html HTTP/1.0" 200 73583 "-" "Mozilla/5.0 (compatible; MJ12bot/v1.4.8; http://mj12bot.com/)"
46.4.108.51 - - [06/May/2022:04:07:17 +0200] "GET /turtles-ninja-glass-p-21409.html HTTP/1.0" 200 73499 "-" "Mozilla/5.0 (compatible; BLEXBot/1.0; +http://webmeup-crawler.com/)"
65.108.125.120 - - [06/May/2022:04:07:21 +0200] "GET /toys-c-45.html?page=13 HTTP/1.0" 200 90185 "-" "Mozilla/5.0 (compatible; MJ12bot/v1.4.8; http://mj12bot.com/)"
65.108.125.120 - - [06/May/2022:04:07:26 +0200] "GET /toys-c-45.html?page=14 HTTP/1.0" 200 90185 "-" "Mozilla/5.0 (compatible; MJ12bot/v1.4.8; http://mj12bot.com/)"
65.108.125.120 - - [06/May/2022:04:07:32 +0200] "GET /toys-c-45.html?page=15 HTTP/1.0" 200 90185 "-" "Mozilla/5.0 (compatible; MJ12bot/v1.4.8; http://mj12bot.com/)"
54.36.148.243 - - [06/May/2022:04:07:36 +0200] "GET /paris-magnet-p-51207.html HTTP/1.0" 200 73355 "-" "Mozilla/5.0 (compatible; AhrefsBot/7.0; +http://ahrefs.com/robot/)"
65.108.125.120 - - [06/May/2022:04:07:39 +0200] "GET /treasure-dive-scrooge-mcduck-figurine-p-50888.html HTTP/1.0" 200 74822 "-" "Mozilla/5.0 (compatible; MJ12bot/v1.4.8; http://mj12bot.com/)"
46.4.108.51 - - [06/May/2022:04:07:41 +0200] "GET /tweety-coat-rack-p-6987.html HTTP/1.0" 200 73545 "-" "Mozilla/5.0 (compatible; BLEXBot/1.0; +http://webmeup-crawler.com/)"
65.108.125.120 - - [06/May/2022:04:07:44 +0200] "GET /triumph-thermometer-p-40034.html HTTP/1.0" 200 73464 "-" "Mozilla/5.0 (compatible; MJ12bot/v1.4.8; http://mj12bot.com/)"
213.173.103.138 - - [06/May/2022:04:07:47 +0200] "GET /images/mini_prod/3700653591821.jpg HTTP/1.0" 200 269 "-" "Mozilla/5.0 (X11; Ubuntu; Linux x86_64; rv:72.0) Gecko/20100101 Firefox/72.0"
65.108.125.120 - - [06/May/2022:04:07:49 +0200] "GET /trivet-p-27387.html HTTP/1.0" 200 73285 "-" "Mozilla/5.0 (compatible; MJ12bot/v1.4.8; http://mj12bot.com/)"
65.108.125.120 - - [06/May/2022:04:07:56 +0200] "GET /tropical-home-tray-41-29-cm-p-45515.html HTTP/1.0" 301 71007 "-" "Mozilla/5.0 (compatible; MJ12bot/v1.4.8; http://mj12bot.com/)"
65.108.125.120 - - [06/May/2022:04:08:00 +0200] "GET /tropical-home-tray-p-45515.html HTTP/1.0" 200 70922 "-" "Mozilla/5.0 (compatible; MJ12bot/v1.4.8; http://mj12bot.com/)"
111.225.144.175 - - [06/May/2022:04:08:04 +0200] "GET /images/mini_prod/8422088196079A.jpg HTTP/1.0" 200 270 "-" "Mozilla/5.0 (Macintosh; Intel Mac OS X 10_12_4) AppleWebKit/537.36 (KHTML, like Gecko) Chrome/58.0.3029.110 Safari/537.36"
65.108.125.120 - - [06/May/2022:04:08:06 +0200] "GET /tropical-home-tray-p-45515.html HTTP/1.0" 200 70922 "-" "Mozilla/5.0 (compatible; MJ12bot/v1.4.8; http://mj12bot.com/)"
65.108.125.120 - - [06/May/2022:04:08:12 +0200] "GET /tropical-paradise-surfboard-wooden-wall-decoration-p-35367.html HTTP/1.0" 200 73678 "-" "Mozilla/5.0 (compatible; MJ12bot/v1.4.8; http://mj12bot.com/)"
185.191.171.1 - - [06/May/2022:04:08:13 +0200] "GET /disney-princess-aurora-jacket-p-31248.html HTTP/1.0" 200 74833 "-" "Mozilla/5.0 (compatible; SemrushBot/7~bl; +http://www.semrush.com/bot.html)"
65.108.125.120 - - [06/May/2022:04:08:19 +0200] "GET /tropical-underwater-poster-p-28292.html HTTP/1.0" 200 70929 "-" "Mozilla/5.0 (compatible; MJ12bot/v1.4.8; http://mj12bot.com/)"
65.108.125.120 - - [06/May/2022:04:08:24 +0200] "GET /tropicole-glasses-p-47787.html HTTP/1.0" 200 70884 "-" "Mozilla/5.0 (compatible; MJ12bot/v1.4.8; http://mj12bot.com/)"
65.108.125.120 - - [06/May/2022:04:08:32 +0200] "GET /trudi-elephant-paul-soft-p-16214.html HTTP/1.0" 200 73603 "-" "Mozilla/5.0 (compatible; MJ12bot/v1.4.8; http://mj12bot.com/)"
46.4.108.51 - - [06/May/2022:04:08:33 +0200] "GET /tweety-hair-ornements-p-13556.html HTTP/1.0" 200 73531 "-" "Mozilla/5.0 (compatible; BLEXBot/1.0; +http://webmeup-crawler.com/)"
65.108.125.120 - - [06/May/2022:04:08:36 +0200] "GET /trudi-elephant-paul-soft-toy-28-cm-p-16214.html HTTP/1.0" 301 73694 "-" "Mozilla/5.0 (compatible; MJ12bot/v1.4.8; http://mj12bot.com/)"
65.108.125.120 - - [06/May/2022:04:08:42 +0200] "GET /trudi-elephant-paul-soft-p-16214.html HTTP/1.0" 200 73603 "-" "Mozilla/5.0 (compatible; MJ12bot/v1.4.8; http://mj12bot.com/)"
185.191.171.38 - - [06/May/2022:04:08:42 +0200] "GET /rtro-case-cigarettes-pack-p-42576.html?action=add_product HTTP/1.0" 302 476 "-" "Mozilla/5.0 (compatible; SemrushBot/7~bl; +http://www.semrush.com/bot.html)"
54.36.148.243 - - [06/May/2022:04:08:45 +0200] "GET /gift-bottle-wine-p-46773.html HTTP/1.0" 200 73640 "-" "Mozilla/5.0 (compatible; AhrefsBot/7.0; +http://ahrefs.com/robot/)"
65.108.125.120 - - [06/May/2022:04:08:47 +0200] "GET /tulip-white-table-lamp-p-52973.html HTTP/1.0" 200 70886 "-" "Mozilla/5.0 (compatible; MJ12bot/v1.4.8; http://mj12bot.com/)"
65.108.125.120 - - [06/May/2022:04:08:52 +0200] "GET /turbine-metal-clock-p-46356.html HTTP/1.0" 200 74104 "-" "Mozilla/5.0 (compatible; MJ12bot/v1.4.8; http://mj12bot.com/)"
65.108.125.120 - - [06/May/2022:04:08:58 +0200] "GET /turbine-metal-clock-p-46358.html HTTP/1.0" 200 70894 "-" "Mozilla/5.0 (compatible; MJ12bot/v1.4.8; http://mj12bot.com/)"
65.108.125.120 - - [06/May/2022:04:09:03 +0200] "GET /turn-table-recorder-p-24895.html HTTP/1.0" 301 70875 "-" "Mozilla/5.0 (compatible; MJ12bot/v1.4.8; http://mj12bot.com/)"
111.225.144.220 - - [06/May/2022:04:09:08 +0200] "GET /images/mini_prod/5051265800374.jpg HTTP/1.0" 200 269 "-" "Mozilla/5.0 (Macintosh; Intel Mac OS X 10_12_4) AppleWebKit/537.36 (KHTML, like Gecko) Chrome/58.0.3029.110 Safari/537.36"
65.108.125.120 - - [06/May/2022:04:09:08 +0200] "GET /-p-24895.html HTTP/1.0" 200 70808 "-" "Mozilla/5.0 (compatible; MJ12bot/v1.4.8; http://mj12bot.com/)"
65.108.125.120 - - [06/May/2022:04:09:12 +0200] "GET /turtle-clock-by-allen-p-28294.html HTTP/1.0" 301 70875 "-" "Mozilla/5.0 (compatible; MJ12bot/v1.4.8; http://mj12bot.com/)"
46.4.108.51 - - [06/May/2022:04:09:13 +0200] "GET /tweety-paris-glitter-globe-p-35347.html HTTP/1.0" 200 73530 "-" "Mozilla/5.0 (compatible; BLEXBot/1.0; +http://webmeup-crawler.com/)"
111.225.144.146 - - [06/May/2022:04:09:17 +0200] "GET /images/mini_prod/5701359690175.jpg HTTP/1.0" 200 269 "-" "Mozilla/5.0 (Macintosh; Intel Mac OS X 10_12_4) AppleWebKit/537.36 (KHTML, like Gecko) Chrome/58.0.3029.110 Safari/537.36"
65.108.125.120 - - [06/May/2022:04:09:16 +0200] "GET /-p-28294.html HTTP/1.0" 200 70808 "-" "Mozilla/5.0 (compatible; MJ12bot/v1.4.8; http://mj12bot.com/)"
65.108.125.120 - - [06/May/2022:04:09:22 +0200] "GET /turtles-ninja-glass-p-21404.html HTTP/1.0" 301 70875 "-" "Mozilla/5.0 (compatible; MJ12bot/v1.4.8; http://mj12bot.com/)"
65.108.125.120 - - [06/May/2022:04:09:25 +0200] "GET /-p-21404.html HTTP/1.0" 200 70808 "-" "Mozilla/5.0 (compatible; MJ12bot/v1.4.8; http://mj12bot.com/)"
65.108.125.120 - - [06/May/2022:04:09:29 +0200] "GET /turtles-ninja-glass-p-21407.html HTTP/1.0" 200 73481 "-" "Mozilla/5.0 (compatible; MJ12bot/v1.4.8; http://mj12bot.com/)"
46.4.108.51 - - [06/May/2022:04:09:31 +0200] "GET /ultron-mask-p-32442.html HTTP/1.0" 200 73530 "-" "Mozilla/5.0 (compatible; BLEXBot/1.0; +http://webmeup-crawler.com/)"
65.108.125.120 - - [06/May/2022:04:09:36 +0200] "GET /turtles-ninja-glass-p-21408.html HTTP/1.0" 200 73480 "-" "Mozilla/5.0 (compatible; MJ12bot/v1.4.8; http://mj12bot.com/)"
185.191.171.42 - - [06/May/2022:04:09:42 +0200] "GET /bird-feeder-cement-p-45089.html?action=add_product HTTP/1.0" 302 476 "-" "Mozilla/5.0 (compatible; SemrushBot/7~bl; +http://www.semrush.com/bot.html)"
65.108.125.120 - - [06/May/2022:04:09:43 +0200] "GET /turtles-ninja-glass-p-21409.html HTTP/1.0" 200 73499 "-" "Mozilla/5.0 (compatible; MJ12bot/v1.4.8; http://mj12bot.com/)"
65.108.125.120 - - [06/May/2022:04:09:47 +0200] "GET /tv-mire-tray-p-24901.html HTTP/1.0" 301 70875 "-" "Mozilla/5.0 (compatible; MJ12bot/v1.4.8; http://mj12bot.com/)"
147.92.153.3 - - [06/May/2022:04:09:50 +0200] "GET /table-bell-table-p-58131.html HTTP/1.0" 200 73958 "-" "Mozilla/5.0 (compatible; Linespider/1.1; +https://lin.ee/4dwXkTH)"
65.108.125.120 - - [06/May/2022:04:09:51 +0200] "GET /-p-24901.html HTTP/1.0" 200 70808 "-" "Mozilla/5.0 (compatible; MJ12bot/v1.4.8; http://mj12bot.com/)"
46.4.108.51 - - [06/May/2022:04:09:58 +0200] "GET /umbrella-holders-home-wherever-your-p-46916.html HTTP/1.0" 200 73632 "-" "Mozilla/5.0 (compatible; BLEXBot/1.0; +http://webmeup-crawler.com/)"
65.108.125.120 - - [06/May/2022:04:09:58 +0200] "GET /tweety-acrylic-glasses-p-14834.html HTTP/1.0" 301 70875 "-" "Mozilla/5.0 (compatible; MJ12bot/v1.4.8; http://mj12bot.com/)"
65.108.125.120 - - [06/May/2022:04:10:03 +0200] "GET /-p-14834.html HTTP/1.0" 200 70808 "-" "Mozilla/5.0 (compatible; MJ12bot/v1.4.8; http://mj12bot.com/)"
185.191.171.15 - - [06/May/2022:04:10:06 +0200] "GET /saucer-kitten-pile-books-p-57313.html?action=add_product HTTP/1.0" 302 476 "-" "Mozilla/5.0 (compatible; SemrushBot/7~bl; +http://www.semrush.com/bot.html)"
54.36.148.243 - - [06/May/2022:04:10:07 +0200] "GET /large-metal-plate-p-15603.html HTTP/1.0" 200 73460 "-" "Mozilla/5.0 (compatible; AhrefsBot/7.0; +http://ahrefs.com/robot/)"
65.108.125.120 - - [06/May/2022:04:10:07 +0200] "GET /tweety-alarm-clock-p-5099.html HTTP/1.0" 200 73419 "-" "Mozilla/5.0 (compatible; MJ12bot/v1.4.8; http://mj12bot.com/)"
47.88.56.224 - - [06/May/2022:04:10:15 +0200] "GET /images/mini_prod/MISES-EN-SITUATION-12.jpg HTTP/1.0" 200 277 "-" "Mozilla/5.0 (X11; Ubuntu; Linux x86_64; rv:72.0) Gecko/20100101 Firefox/72.0"
65.108.125.120 - - [06/May/2022:04:10:14 +0200] "GET /tweety-alarm-clock-p-5100.html HTTP/1.0" 301 70872 "-" "Mozilla/5.0 (compatible; MJ12bot/v1.4.8; http://mj12bot.com/)"
111.225.145.200 - - [06/May/2022:04:10:20 +0200] "GET /images/mini_prod/5022271900839.jpg HTTP/1.0" 200 269 "-" "Mozilla/5.0 (Macintosh; Intel Mac OS X 10_12_4) AppleWebKit/537.36 (KHTML, like Gecko) Chrome/58.0.3029.110 Safari/537.36"
65.108.125.120 - - [06/May/2022:04:10:19 +0200] "GET /-p-5100.html HTTP/1.0" 200 70806 "-" "Mozilla/5.0 (compatible; MJ12bot/v1.4.8; http://mj12bot.com/)"
185.191.171.45 - - [06/May/2022:04:10:22 +0200] "GET /wall-sticker-panels-160-70-cm-p-48439.html HTTP/1.0" 301 70875 "-" "Mozilla/5.0 (compatible; SemrushBot/7~bl; +http://www.semrush.com/bot.html)"
65.108.125.120 - - [06/May/2022:04:10:23 +0200] "GET /tweety-alarm-clock-p-5201.html HTTP/1.0" 301 70872 "-" "Mozilla/5.0 (compatible; MJ12bot/v1.4.8; http://mj12bot.com/)"
185.191.171.15 - - [06/May/2022:04:10:25 +0200] "GET /-p-48439.html HTTP/1.0" 200 70808 "-" "Mozilla/5.0 (compatible; SemrushBot/7~bl; +http://www.semrush.com/bot.html)"
46.4.108.51 - - [06/May/2022:04:10:28 +0200] "GET /umbrellas-c-31_16.html?page=2 HTTP/1.0" 200 78654 "-" "Mozilla/5.0 (compatible; BLEXBot/1.0; +http://webmeup-crawler.com/)"
65.108.125.120 - - [06/May/2022:04:10:29 +0200] "GET /-p-5201.html HTTP/1.0" 200 70806 "-" "Mozilla/5.0 (compatible; MJ12bot/v1.4.8; http://mj12bot.com/)"
185.191.171.15 - - [06/May/2022:04:10:30 +0200] "GET /unicorn-charm-ball-p-54943.html?action=add_product HTTP/1.0" 302 476 "-" "Mozilla/5.0 (compatible; SemrushBot/7~bl; +http://www.semrush.com/bot.html)"
65.108.125.120 - - [06/May/2022:04:10:35 +0200] "GET /tweety-bow-figurine-p-42740.html HTTP/1.0" 301 73508 "-" "Mozilla/5.0 (compatible; MJ12bot/v1.4.8; http://mj12bot.com/)"
65.108.125.120 - - [06/May/2022:04:10:40 +0200] "GET /tweety-figurine-p-42740.html HTTP/1.0" 200 73426 "-" "Mozilla/5.0 (compatible; MJ12bot/v1.4.8; http://mj12bot.com/)"
65.108.125.120 - - [06/May/2022:04:10:45 +0200] "GET /tweety-figurine-p-42740.html HTTP/1.0" 200 73426 "-" "Mozilla/5.0 (compatible; MJ12bot/v1.4.8; http://mj12bot.com/)"
65.108.125.120 - - [06/May/2022:04:10:51 +0200] "GET /tweety-gift-package-money-box-p-24160.html HTTP/1.0" 301 73587 "-" "Mozilla/5.0 (compatible; MJ12bot/v1.4.8; http://mj12bot.com/)"
65.108.125.120 - - [06/May/2022:04:10:56 +0200] "GET /tweety-gift-package-money-p-24160.html HTTP/1.0" 200 73495 "-" "Mozilla/5.0 (compatible; MJ12bot/v1.4.8; http://mj12bot.com/)"
