173.208.206.50 - - [06/May/2022:03:19:17 +0200] "GET /-p-1013.html HTTP/1.0" 200 70806 "-" "Mozilla/5.0 (compatible; MJ12bot/v1.4.8; http://mj12bot.com/)"
185.191.171.23 - - [06/May/2022:03:19:18 +0200] "GET /gorjuss-small-note-book-with-p-29462.html HTTP/1.0" 200 73625 "-" "Mozilla/5.0 (compatible; SemrushBot/7~bl; +http://www.semrush.com/bot.html)"
65.21.233.213 - - [06/May/2022:03:19:19 +0200] "GET /white-ceramic-espresso-cups-allen-designs-owls-p-56936.html HTTP/1.0" 200 74508 "-" "Mozilla/5.0 (compatible; MJ12bot/v1.4.8; http://mj12bot.com/)"
185.191.171.42 - - [06/May/2022:03:19:24 +0200] "GET /cotton-floor-cushion-clmence-p-57825.html HTTP/1.0" 200 74359 "-" "Mozilla/5.0 (compatible; SemrushBot/7~bl; +http://www.semrush.com/bot.html)"
185.191.171.44 - - [06/May/2022:03:19:30 +0200] "GET /skull-sailor-moneybox-black-p-32589.html?action=add_product HTTP/1.0" 302 476 "-" "Mozilla/5.0 (compatible; SemrushBot/7~bl; +http://www.semrush.com/bot.html)"
65.21.233.213 - - [06/May/2022:03:19:31 +0200] "GET /white-ceramic-striped-flamingo-gift-p-56934.html HTTP/1.0" 200 74690 "-" "Mozilla/5.0 (compatible; MJ12bot/v1.4.8; http://mj12bot.com/)"
173.208.206.50 - - [06/May/2022:03:19:33 +0200] "GET /-p-10131.html HTTP/1.0" 200 70808 "-" "Mozilla/5.0 (compatible; MJ12bot/v1.4.8; http://mj12bot.com/)"
77.88.5.208 - - [06/May/2022:03:19:35 +0200] "GET /small-baby-teeth-p-57830.html HTTP/1.0" 200 74155 "-" "Mozilla/5.0 (compatible; YandexBot/3.0; +http://yandex.com/bots)"
40.77.167.13 - - [06/May/2022:03:19:18 +0200] "GET /fitted-sheet-c-11_193.html HTTP/1.0" 200 91398 "-" "Mozilla/5.0 (compatible; bingbot/2.0; +http://www.bing.com/bingbot.htm)"
46.4.108.51 - - [06/May/2022:03:19:42 +0200] "GET /tour-france-snow-globe-p-53653.html HTTP/1.0" 200 73482 "-" "Mozilla/5.0 (compatible; BLEXBot/1.0; +http://webmeup-crawler.com/)"
173.208.206.50 - - [06/May/2022:03:19:44 +0200] "GET /-p-1014.html HTTP/1.0" 200 70806 "-" "Mozilla/5.0 (compatible; MJ12bot/v1.4.8; http://mj12bot.com/)"
65.21.233.213 - - [06/May/2022:03:19:45 +0200] "GET /white-decorative-statue-p-31563.html HTTP/1.0" 200 73531 "-" "Mozilla/5.0 (compatible; MJ12bot/v1.4.8; http://mj12bot.com/)"
54.36.148.243 - - [06/May/2022:03:19:52 +0200] "GET /grey-metal-umbrella-stand-p-58133.html HTTP/1.0" 200 72735 "-" "Mozilla/5.0 (compatible; AhrefsBot/7.0; +http://ahrefs.com/robot/)"
173.208.206.50 - - [06/May/2022:03:19:59 +0200] "GET /-p-10179.html HTTP/1.0" 200 70808 "-" "Mozilla/5.0 (compatible; MJ12bot/v1.4.8; http://mj12bot.com/)"
65.21.233.213 - - [06/May/2022:03:20:00 +0200] "GET /white-kitchen-towel-50-70-cm-p-44412.html HTTP/1.0" 301 70875 "-" "Mozilla/5.0 (compatible; MJ12bot/v1.4.8; http://mj12bot.com/)"
65.21.233.213 - - [06/May/2022:03:20:11 +0200] "GET /-p-44412.html HTTP/1.0" 200 70808 "-" "Mozilla/5.0 (compatible; MJ12bot/v1.4.8; http://mj12bot.com/)"
173.208.206.50 - - [06/May/2022:03:20:11 +0200] "GET /-p-10184.html HTTP/1.0" 200 70808 "-" "Mozilla/5.0 (compatible; MJ12bot/v1.4.8; http://mj12bot.com/)"
111.225.144.160 - - [06/May/2022:03:20:19 +0200] "GET /images/mini_prod/4029811344758.jpg HTTP/1.0" 200 269 "-" "Mozilla/5.0 (Macintosh; Intel Mac OS X 10_12_4) AppleWebKit/537.36 (KHTML, like Gecko) Chrome/58.0.3029.110 Safari/537.36"
65.21.233.213 - - [06/May/2022:03:20:20 +0200] "GET /white-lampshade-p-55523.html HTTP/1.0" 200 70858 "-" "Mozilla/5.0 (compatible; MJ12bot/v1.4.8; http://mj12bot.com/)"
173.208.206.50 - - [06/May/2022:03:20:24 +0200] "GET /-p-1020.html HTTP/1.0" 200 70806 "-" "Mozilla/5.0 (compatible; MJ12bot/v1.4.8; http://mj12bot.com/)"
185.191.171.43 - - [06/May/2022:03:20:30 +0200] "GET /small-tassen-porcelain-mood-bowls-made-germany-p-57144.html?action=add_product HTTP/1.0" 302 476 "-" "Mozilla/5.0 (compatible; SemrushBot/7~bl; +http://www.semrush.com/bot.html)"
65.21.233.213 - - [06/May/2022:03:20:33 +0200] "GET /white-monster-high-mug-p-24126.html HTTP/1.0" 301 70875 "-" "Mozilla/5.0 (compatible; MJ12bot/v1.4.8; http://mj12bot.com/)"
173.208.206.50 - - [06/May/2022:03:20:35 +0200] "GET /-p-1021.html HTTP/1.0" 200 70806 "-" "Mozilla/5.0 (compatible; MJ12bot/v1.4.8; http://mj12bot.com/)"
46.4.108.51 - - [06/May/2022:03:20:40 +0200] "GET /robots.txt HTTP/1.0" 301 531 "-" "Mozilla/5.0 (compatible; BLEXBot/1.0; +http://webmeup-crawler.com/)"
46.4.108.51 - - [06/May/2022:03:20:40 +0200] "GET /robots.txt HTTP/1.0" 200 245 "-" "Mozilla/5.0 (compatible; BLEXBot/1.0; +http://webmeup-crawler.com/)"
54.36.148.243 - - [06/May/2022:03:20:40 +0200] "GET /metal-beer-bucket-zinc-look-with-integrated-bottle-opener-p-58145.html HTTP/1.0" 200 74455 "-" "Mozilla/5.0 (compatible; AhrefsBot/7.0; +http://ahrefs.com/robot/)"
46.4.108.51 - - [06/May/2022:03:20:40 +0200] "GET /tour-selenite-p-44269.html HTTP/1.0" 200 74075 "-" "Mozilla/5.0 (compatible; BLEXBot/1.0; +http://webmeup-crawler.com/)"
65.21.233.213 - - [06/May/2022:03:20:45 +0200] "GET /-p-24126.html HTTP/1.0" 200 70808 "-" "Mozilla/5.0 (compatible; MJ12bot/v1.4.8; http://mj12bot.com/)"
54.36.148.138 - - [06/May/2022:03:20:48 +0200] "GET /images/big_prod/3453131159708A.jpg HTTP/1.0" 200 269 "-" "Mozilla/5.0 (compatible; AhrefsBot/7.0; +http://ahrefs.com/robot/)"
173.208.206.50 - - [06/May/2022:03:20:46 +0200] "GET /-p-10278.html HTTP/1.0" 200 70808 "-" "Mozilla/5.0 (compatible; MJ12bot/v1.4.8; http://mj12bot.com/)"
54.36.149.97 - - [06/May/2022:03:20:49 +0200] "GET /images/big_prod_1/3453131159708B.jpg HTTP/1.0" 200 271 "-" "Mozilla/5.0 (compatible; AhrefsBot/7.0; +http://ahrefs.com/robot/)"
65.21.233.213 - - [06/May/2022:03:20:58 +0200] "GET /white-owl-decorative-statue-p-31563.html HTTP/1.0" 301 73621 "-" "Mozilla/5.0 (compatible; MJ12bot/v1.4.8; http://mj12bot.com/)"
173.208.206.50 - - [06/May/2022:03:20:58 +0200] "GET /-p-1028.html HTTP/1.0" 200 70806 "-" "Mozilla/5.0 (compatible; MJ12bot/v1.4.8; http://mj12bot.com/)"
114.119.137.252 - - [06/May/2022:03:21:05 +0200] "GET /wax-melt-sandalwood-and-vanilla-p-39004.html HTTP/1.0" 301 74217 "-" "Mozilla/5.0 (Linux; Android 7.0;) AppleWebKit/537.36 (KHTML, like Gecko) Mobile Safari/537.36 (compatible; PetalBot;+https://webmaster.petalsearch.com/site/petalbot)"
111.225.145.208 - - [06/May/2022:03:21:10 +0200] "GET /images/mini_prod/3442440281705.jpg HTTP/1.0" 200 269 "-" "Mozilla/5.0 (Macintosh; Intel Mac OS X 10_12_4) AppleWebKit/537.36 (KHTML, like Gecko) Chrome/58.0.3029.110 Safari/537.36"
114.119.137.252 - - [06/May/2022:03:21:10 +0200] "GET /melt-sandalwood-vanilla-p-39004.html HTTP/1.0" 200 74127 "-" "Mozilla/5.0 (Linux; Android 7.0;) AppleWebKit/537.36 (KHTML, like Gecko) Mobile Safari/537.36 (compatible; PetalBot;+https://webmaster.petalsearch.com/site/petalbot)"
65.21.233.213 - - [06/May/2022:03:21:10 +0200] "GET /white-decorative-statue-p-31563.html HTTP/1.0" 200 73531 "-" "Mozilla/5.0 (compatible; MJ12bot/v1.4.8; http://mj12bot.com/)"
66.249.73.136 - - [06/May/2022:03:21:12 +0200] "GET /heart-and-home-eco-responsible-gift-box-of-candles-p-52820.html HTTP/1.0" 301 75095 "-" "Mozilla/5.0 (Linux; Android 6.0.1; Nexus 5X Build/MMB29P) AppleWebKit/537.36 (KHTML, like Gecko) Chrome/100.0.4896.127 Mobile Safari/537.36 (compatible; Googlebot/2.1; +http://www.google.com/bot.html)"
173.208.206.50 - - [06/May/2022:03:21:15 +0200] "GET /-p-10282.html HTTP/1.0" 200 70808 "-" "Mozilla/5.0 (compatible; MJ12bot/v1.4.8; http://mj12bot.com/)"
66.249.73.134 - - [06/May/2022:03:21:18 +0200] "GET /heart-home-responsible-gift-candles-p-52820.html HTTP/1.0" 200 74993 "-" "Mozilla/5.0 (Linux; Android 6.0.1; Nexus 5X Build/MMB29P) AppleWebKit/537.36 (KHTML, like Gecko) Chrome/100.0.4896.127 Mobile Safari/537.36 (compatible; Googlebot/2.1; +http://www.google.com/bot.html)"
46.4.108.51 - - [06/May/2022:03:21:03 +0200] "GET /towel-bath-towels-c-11_70.html?page=2 HTTP/1.0" 200 86741 "-" "Mozilla/5.0 (compatible; BLEXBot/1.0; +http://webmeup-crawler.com/)"
185.191.171.9 - - [06/May/2022:03:21:24 +0200] "GET /hello-kitty-victoria-casal-couture-white-watch-p-20140.html?action=add_product HTTP/1.0" 302 476 "-" "Mozilla/5.0 (compatible; SemrushBot/7~bl; +http://www.semrush.com/bot.html)"
65.21.233.213 - - [06/May/2022:03:21:24 +0200] "GET /white-owl-perfume-diffuser-small-default-aspect-p-36390.html HTTP/1.0" 301 70875 "-" "Mozilla/5.0 (compatible; MJ12bot/v1.4.8; http://mj12bot.com/)"
173.208.206.50 - - [06/May/2022:03:21:28 +0200] "GET /-p-10421.html HTTP/1.0" 200 70808 "-" "Mozilla/5.0 (compatible; MJ12bot/v1.4.8; http://mj12bot.com/)"
54.36.148.243 - - [06/May/2022:03:21:29 +0200] "GET /metal-beer-bucket-zinc-look-with-integrated-bottle-opener-p-58146.html HTTP/1.0" 200 74455 "-" "Mozilla/5.0 (compatible; AhrefsBot/7.0; +http://ahrefs.com/robot/)"
65.21.233.213 - - [06/May/2022:03:21:33 +0200] "GET /-p-36390.html HTTP/1.0" 200 70808 "-" "Mozilla/5.0 (compatible; MJ12bot/v1.4.8; http://mj12bot.com/)"
66.249.73.134 - - [06/May/2022:03:21:40 +0200] "GET /wicker-basket-p-44996.html HTTP/1.0" 200 73407 "-" "Mozilla/5.0 (Linux; Android 6.0.1; Nexus 5X Build/MMB29P) AppleWebKit/537.36 (KHTML, like Gecko) Chrome/100.0.4896.127 Mobile Safari/537.36 (compatible; Googlebot/2.1; +http://www.google.com/bot.html)"
173.208.206.50 - - [06/May/2022:03:21:45 +0200] "GET /-p-1043.html HTTP/1.0" 200 70806 "-" "Mozilla/5.0 (compatible; MJ12bot/v1.4.8; http://mj12bot.com/)"
65.21.233.213 - - [06/May/2022:03:21:46 +0200] "GET /white-pen-marseille-colors-p-14943.html HTTP/1.0" 301 70875 "-" "Mozilla/5.0 (compatible; MJ12bot/v1.4.8; http://mj12bot.com/)"
173.208.206.50 - - [06/May/2022:03:21:59 +0200] "GET /-p-10441.html HTTP/1.0" 200 70808 "-" "Mozilla/5.0 (compatible; MJ12bot/v1.4.8; http://mj12bot.com/)"
65.21.233.213 - - [06/May/2022:03:22:00 +0200] "GET /-p-14943.html HTTP/1.0" 200 70808 "-" "Mozilla/5.0 (compatible; MJ12bot/v1.4.8; http://mj12bot.com/)"
173.208.206.50 - - [06/May/2022:03:22:10 +0200] "GET /-p-1049.html HTTP/1.0" 200 70806 "-" "Mozilla/5.0 (compatible; MJ12bot/v1.4.8; http://mj12bot.com/)"
46.4.108.51 - - [06/May/2022:03:22:09 +0200] "GET /towel-p-5735.html HTTP/1.0" 200 73477 "-" "Mozilla/5.0 (compatible; BLEXBot/1.0; +http://webmeup-crawler.com/)"
65.21.233.213 - - [06/May/2022:03:22:13 +0200] "GET /white-poodle-statue-decorative-p-33176.html HTTP/1.0" 301 70875 "-" "Mozilla/5.0 (compatible; MJ12bot/v1.4.8; http://mj12bot.com/)"
54.36.148.243 - - [06/May/2022:03:22:20 +0200] "GET /with-spoon-jolie-provence-p-58121.html HTTP/1.0" 200 74304 "-" "Mozilla/5.0 (compatible; AhrefsBot/7.0; +http://ahrefs.com/robot/)"
65.21.233.213 - - [06/May/2022:03:22:22 +0200] "GET /-p-33176.html HTTP/1.0" 200 70808 "-" "Mozilla/5.0 (compatible; MJ12bot/v1.4.8; http://mj12bot.com/)"
173.208.206.50 - - [06/May/2022:03:22:28 +0200] "GET /-p-1050.html HTTP/1.0" 200 70806 "-" "Mozilla/5.0 (compatible; MJ12bot/v1.4.8; http://mj12bot.com/)"
65.21.233.213 - - [06/May/2022:03:22:35 +0200] "GET /white-rhinoceros-moneybox-p-40974.html HTTP/1.0" 301 70875 "-" "Mozilla/5.0 (compatible; MJ12bot/v1.4.8; http://mj12bot.com/)"
173.208.206.50 - - [06/May/2022:03:22:44 +0200] "GET /-p-10527.html HTTP/1.0" 200 70808 "-" "Mozilla/5.0 (compatible; MJ12bot/v1.4.8; http://mj12bot.com/)"
65.21.233.213 - - [06/May/2022:03:22:44 +0200] "GET /-p-40974.html HTTP/1.0" 200 70808 "-" "Mozilla/5.0 (compatible; MJ12bot/v1.4.8; http://mj12bot.com/)"
185.191.171.3 - - [06/May/2022:03:22:50 +0200] "GET /tropicole-glasses-p-47787.html?action=add_product HTTP/1.0" 302 476 "-" "Mozilla/5.0 (compatible; SemrushBot/7~bl; +http://www.semrush.com/bot.html)"
185.191.171.1 - - [06/May/2022:03:22:50 +0200] "GET /robots.txt HTTP/1.0" 200 245 "-" "Mozilla/5.0 (compatible; SemrushBot/7~bl; +http://www.semrush.com/bot.html)"
173.208.206.50 - - [06/May/2022:03:22:54 +0200] "GET /-p-10533.html HTTP/1.0" 200 70808 "-" "Mozilla/5.0 (compatible; MJ12bot/v1.4.8; http://mj12bot.com/)"
65.21.233.213 - - [06/May/2022:03:22:55 +0200] "GET /white-silver-horse-head-statue-p-34531.html HTTP/1.0" 200 70961 "-" "Mozilla/5.0 (compatible; MJ12bot/v1.4.8; http://mj12bot.com/)"
185.191.171.10 - - [06/May/2022:03:22:58 +0200] "GET /minnie-mouse-disney-water-ball-p-29251.html HTTP/1.0" 301 70875 "-" "Mozilla/5.0 (compatible; SemrushBot/7~bl; +http://www.semrush.com/bot.html)"
185.191.171.2 - - [06/May/2022:03:23:02 +0200] "GET /-p-29251.html HTTP/1.0" 200 70808 "-" "Mozilla/5.0 (compatible; SemrushBot/7~bl; +http://www.semrush.com/bot.html)"
65.21.233.213 - - [06/May/2022:03:23:07 +0200] "GET /white-squirrel-decorative-statue-p-31511.html HTTP/1.0" 200 70959 "-" "Mozilla/5.0 (compatible; MJ12bot/v1.4.8; http://mj12bot.com/)"
173.208.206.50 - - [06/May/2022:03:23:08 +0200] "GET /-p-10534.html HTTP/1.0" 200 70808 "-" "Mozilla/5.0 (compatible; MJ12bot/v1.4.8; http://mj12bot.com/)"
65.21.233.213 - - [06/May/2022:03:23:17 +0200] "GET /white-toilet-brush-p-45525.html HTTP/1.0" 200 70870 "-" "Mozilla/5.0 (compatible; MJ12bot/v1.4.8; http://mj12bot.com/)"
54.36.148.243 - - [06/May/2022:03:23:18 +0200] "GET /wooden-cubi-cover-bistrot-p-58138.html HTTP/1.0" 200 74249 "-" "Mozilla/5.0 (compatible; AhrefsBot/7.0; +http://ahrefs.com/robot/)"
111.225.146.231 - - [06/May/2022:03:23:27 +0200] "GET /images/mini_prod/9316188067454.jpg HTTP/1.0" 200 269 "-" "Mozilla/5.0 (Macintosh; Intel Mac OS X 10_12_4) AppleWebKit/537.36 (KHTML, like Gecko) Chrome/58.0.3029.110 Safari/537.36"
173.208.206.50 - - [06/May/2022:03:23:27 +0200] "GET /-p-10535.html HTTP/1.0" 200 70808 "-" "Mozilla/5.0 (compatible; MJ12bot/v1.4.8; http://mj12bot.com/)"
65.21.233.213 - - [06/May/2022:03:23:29 +0200] "GET /wiccan-pagan-symbol-stones-black-agate-p-47024.html HTTP/1.0" 200 77392 "-" "Mozilla/5.0 (compatible; MJ12bot/v1.4.8; http://mj12bot.com/)"
173.208.206.50 - - [06/May/2022:03:23:39 +0200] "GET /-p-10536.html HTTP/1.0" 200 70808 "-" "Mozilla/5.0 (compatible; MJ12bot/v1.4.8; http://mj12bot.com/)"
123.145.2.251 - - [06/May/2022:03:23:43 +0200] "GET /contact_us.php HTTP/1.0" 200 26241 "http://www.wonder-geek.com/contact_us.php" "Mozilla/5.0 (Windows NT 6.3; Win64; x64) AppleWebKit/537.36 (KHTML, like Gecko) Chrome/83.0.4103.44 Safari/537.36"
123.145.2.251 - - [06/May/2022:03:23:46 +0200] "POST /contact_us.php?action=send HTTP/1.0" 200 26462 "http://www.wonder-geek.com/contact_us.php" "Mozilla/5.0 (Windows NT 6.3; Win64; x64) AppleWebKit/537.36 (KHTML, like Gecko) Chrome/83.0.4103.44 Safari/537.36"
65.21.233.213 - - [06/May/2022:03:23:42 +0200] "GET /wick-ellipse-candle-heart-home-black-vanilla-p-56297.html HTTP/1.0" 200 74951 "-" "Mozilla/5.0 (compatible; MJ12bot/v1.4.8; http://mj12bot.com/)"
173.208.206.50 - - [06/May/2022:03:23:50 +0200] "GET /-p-10538.html HTTP/1.0" 200 70808 "-" "Mozilla/5.0 (compatible; MJ12bot/v1.4.8; http://mj12bot.com/)"
46.4.108.51 - - [06/May/2022:03:23:34 +0200] "GET /towels-napkins-c-11_177.html?page=2 HTTP/1.0" 200 93593 "-" "Mozilla/5.0 (compatible; BLEXBot/1.0; +http://webmeup-crawler.com/)"
65.21.233.213 - - [06/May/2022:03:23:54 +0200] "GET /wicker-picnic-basket-with-dishes-for-p-42061.html HTTP/1.0" 301 70875 "-" "Mozilla/5.0 (compatible; MJ12bot/v1.4.8; http://mj12bot.com/)"
77.88.5.208 - - [06/May/2022:03:23:55 +0200] "GET /tweety-pencil-case-p-520.html HTTP/1.0" 301 70869 "-" "Mozilla/5.0 (compatible; YandexBot/3.0; +http://yandex.com/bots)"
77.88.5.208 - - [06/May/2022:03:23:59 +0200] "GET /-p-520.html HTTP/1.0" 200 70804 "-" "Mozilla/5.0 (compatible; YandexBot/3.0; +http://yandex.com/bots)"
65.21.233.213 - - [06/May/2022:03:24:03 +0200] "GET /-p-42061.html HTTP/1.0" 200 70808 "-" "Mozilla/5.0 (compatible; MJ12bot/v1.4.8; http://mj12bot.com/)"
173.208.206.50 - - [06/May/2022:03:24:10 +0200] "GET /-p-10539.html HTTP/1.0" 200 70808 "-" "Mozilla/5.0 (compatible; MJ12bot/v1.4.8; http://mj12bot.com/)"
65.21.233.213 - - [06/May/2022:03:24:13 +0200] "GET /window-sticker-plant-pots-p-53152.html HTTP/1.0" 200 74393 "-" "Mozilla/5.0 (compatible; MJ12bot/v1.4.8; http://mj12bot.com/)"
173.208.206.50 - - [06/May/2022:03:24:24 +0200] "GET /-p-10540.html HTTP/1.0" 200 70808 "-" "Mozilla/5.0 (compatible; MJ12bot/v1.4.8; http://mj12bot.com/)"
54.36.148.243 - - [06/May/2022:03:24:26 +0200] "GET /napkin-holder-branch-black-p-57990.html HTTP/1.0" 200 74081 "-" "Mozilla/5.0 (compatible; AhrefsBot/7.0; +http://ahrefs.com/robot/)"
65.21.233.213 - - [06/May/2022:03:24:30 +0200] "GET /wine-wooden-wall-decoration-hang-p-42123.html HTTP/1.0" 200 73705 "-" "Mozilla/5.0 (compatible; MJ12bot/v1.4.8; http://mj12bot.com/)"
185.191.171.9 - - [06/May/2022:03:24:34 +0200] "GET /copper-bottle-with-screw-flower-life-engraved-p-44266.html?action=add_product HTTP/1.0" 302 476 "-" "Mozilla/5.0 (compatible; SemrushBot/7~bl; +http://www.semrush.com/bot.html)"
173.208.206.50 - - [06/May/2022:03:24:38 +0200] "GET /-p-10541.html HTTP/1.0" 200 70808 "-" "Mozilla/5.0 (compatible; MJ12bot/v1.4.8; http://mj12bot.com/)"
65.108.143.154 - - [06/May/2022:03:24:39 +0200] "GET /bob-marley-lion-mini-magnet-mirror-p-19669.html HTTP/1.0" 301 73667 "-" "Mozilla/5.0 (compatible; MJ12bot/v1.4.8; http://mj12bot.com/)"
46.4.108.51 - - [06/May/2022:03:24:21 +0200] "GET /towels-napkins-c-11_177.html?page=3 HTTP/1.0" 200 94172 "-" "Mozilla/5.0 (compatible; BLEXBot/1.0; +http://webmeup-crawler.com/)"
77.88.5.208 - - [06/May/2022:03:24:21 +0200] "GET /animated-figurines-solar-flowers-c-13_273.html HTTP/1.0" 200 81030 "-" "Mozilla/5.0 (compatible; YandexBot/3.0; +http://yandex.com/bots)"
111.225.144.184 - - [06/May/2022:03:24:47 +0200] "GET /images/mini_prod/3453131143189.jpg HTTP/1.0" 200 269 "-" "Mozilla/5.0 (Macintosh; Intel Mac OS X 10_12_4) AppleWebKit/537.36 (KHTML, like Gecko) Chrome/58.0.3029.110 Safari/537.36"
65.108.143.154 - - [06/May/2022:03:24:45 +0200] "GET /marley-lion-mini-magnet-mirror-p-19669.html HTTP/1.0" 200 73570 "-" "Mozilla/5.0 (compatible; MJ12bot/v1.4.8; http://mj12bot.com/)"
65.21.233.213 - - [06/May/2022:03:24:48 +0200] "GET /wine-wooden-wall-decoration-to-hang-70-50-cm-p-42123.html HTTP/1.0" 301 73804 "-" "Mozilla/5.0 (compatible; MJ12bot/v1.4.8; http://mj12bot.com/)"
173.208.206.50 - - [06/May/2022:03:24:53 +0200] "GET /-p-10542.html HTTP/1.0" 200 70808 "-" "Mozilla/5.0 (compatible; MJ12bot/v1.4.8; http://mj12bot.com/)"
65.108.143.154 - - [06/May/2022:03:24:52 +0200] "GET /bolster-case-cotton-percale-threads-p-43859.html HTTP/1.0" 200 74411 "-" "Mozilla/5.0 (compatible; MJ12bot/v1.4.8; http://mj12bot.com/)"
65.108.143.154 - - [06/May/2022:03:24:59 +0200] "GET /bolster-case-in-cotton-percale-80-threads-43-190-cm-p-43859.html HTTP/1.0" 301 74513 "-" "Mozilla/5.0 (compatible; MJ12bot/v1.4.8; http://mj12bot.com/)"
173.208.206.50 - - [06/May/2022:03:25:03 +0200] "GET /-p-10568.html HTTP/1.0" 200 70808 "-" "Mozilla/5.0 (compatible; MJ12bot/v1.4.8; http://mj12bot.com/)"
65.21.233.213 - - [06/May/2022:03:25:03 +0200] "GET /wine-wooden-wall-decoration-hang-p-42123.html HTTP/1.0" 200 73705 "-" "Mozilla/5.0 (compatible; MJ12bot/v1.4.8; http://mj12bot.com/)"
65.108.143.154 - - [06/May/2022:03:25:04 +0200] "GET /bolster-case-cotton-percale-threads-p-43859.html HTTP/1.0" 200 74411 "-" "Mozilla/5.0 (compatible; MJ12bot/v1.4.8; http://mj12bot.com/)"
51.68.224.127 - - [06/May/2022:03:25:10 +0200] "GET /adminweb/export_orders_xml.php?token=256de2z6edz6ed2z6DFSFsed2zed6zeDSFDSGdzedezfzf&maxorders=10&orderstart=1&status=14&start_date=2018-10-01 HTTP/1.0" 200 285 "-" "GesCom CharlotteBoutik Serveur"
65.108.143.154 - - [06/May/2022:03:25:12 +0200] "GET /book-lamp-in-real-wood-led-colors-size-p-52967.html HTTP/1.0" 301 71050 "-" "Mozilla/5.0 (compatible; MJ12bot/v1.4.8; http://mj12bot.com/)"
51.68.224.127 - - [06/May/2022:03:25:10 +0200] "GET /adminweb/export_orders_xml.php?token=256de2z6edz6ed2z6DFSFsed2zed6zeDSFDSGdzedezfzf&maxorders=10&orderstart=1&status=6&start_date=2018-10-01 HTTP/1.0" 200 32798 "-" "GesCom CharlotteBoutik Serveur"
173.208.206.50 - - [06/May/2022:03:25:13 +0200] "GET /-p-10569.html HTTP/1.0" 200 70808 "-" "Mozilla/5.0 (compatible; MJ12bot/v1.4.8; http://mj12bot.com/)"
46.4.108.51 - - [06/May/2022:03:24:54 +0200] "GET /towels-napkins-c-11_177.html?page=4 HTTP/1.0" 200 94230 "-" "Mozilla/5.0 (compatible; BLEXBot/1.0; +http://webmeup-crawler.com/)"
65.108.143.154 - - [06/May/2022:03:25:17 +0200] "GET /book-lamp-real-wood-colors-size-p-52967.html HTTP/1.0" 200 70952 "-" "Mozilla/5.0 (compatible; MJ12bot/v1.4.8; http://mj12bot.com/)"
65.21.233.213 - - [06/May/2022:03:25:19 +0200] "GET /winnie-the-pooh-plush-by-britto-30-cm-p-24305.html HTTP/1.0" 301 70875 "-" "Mozilla/5.0 (compatible; MJ12bot/v1.4.8; http://mj12bot.com/)"
65.108.143.154 - - [06/May/2022:03:25:23 +0200] "GET /book-lamp-in-real-wood-led-colors-size-p-52969.html HTTP/1.0" 301 71050 "-" "Mozilla/5.0 (compatible; MJ12bot/v1.4.8; http://mj12bot.com/)"
77.88.5.208 - - [06/May/2022:03:24:45 +0200] "GET / HTTP/1.0" 200 150774 "-" "Mozilla/5.0 (compatible; YandexBot/3.0; +http://yandex.com/bots)"
173.208.206.50 - - [06/May/2022:03:25:24 +0200] "GET /-p-1057.html HTTP/1.0" 200 70806 "-" "Mozilla/5.0 (compatible; MJ12bot/v1.4.8; http://mj12bot.com/)"
213.173.103.213 - - [06/May/2022:03:25:29 +0200] "GET /images/mini_prod/9316188087377.jpg HTTP/1.0" 200 269 "-" "Mozilla/5.0 (X11; Ubuntu; Linux x86_64; rv:72.0) Gecko/20100101 Firefox/72.0"
65.108.143.154 - - [06/May/2022:03:25:28 +0200] "GET /book-lamp-real-wood-colors-size-p-52969.html HTTP/1.0" 200 70952 "-" "Mozilla/5.0 (compatible; MJ12bot/v1.4.8; http://mj12bot.com/)"
65.21.233.213 - - [06/May/2022:03:25:31 +0200] "GET /-p-24305.html HTTP/1.0" 200 70808 "-" "Mozilla/5.0 (compatible; MJ12bot/v1.4.8; http://mj12bot.com/)"
65.108.143.154 - - [06/May/2022:03:25:33 +0200] "GET /book-lamp-real-wood-colors-size-p-52967.html HTTP/1.0" 200 70952 "-" "Mozilla/5.0 (compatible; MJ12bot/v1.4.8; http://mj12bot.com/)"
173.208.206.50 - - [06/May/2022:03:25:36 +0200] "GET /-p-10577.html HTTP/1.0" 200 70808 "-" "Mozilla/5.0 (compatible; MJ12bot/v1.4.8; http://mj12bot.com/)"
65.108.143.154 - - [06/May/2022:03:25:39 +0200] "GET /book-lamp-real-wood-colors-size-p-52969.html HTTP/1.0" 200 70952 "-" "Mozilla/5.0 (compatible; MJ12bot/v1.4.8; http://mj12bot.com/)"
65.21.233.213 - - [06/May/2022:03:25:42 +0200] "GET /winter-apples-fine-bone-china-p-56867.html HTTP/1.0" 200 73639 "-" "Mozilla/5.0 (compatible; MJ12bot/v1.4.8; http://mj12bot.com/)"
65.108.143.154 - - [06/May/2022:03:25:44 +0200] "GET /bookend-sitting-cement-p-56912.html HTTP/1.0" 200 74253 "-" "Mozilla/5.0 (compatible; MJ12bot/v1.4.8; http://mj12bot.com/)"
173.208.206.50 - - [06/May/2022:03:25:49 +0200] "GET /-p-1058.html HTTP/1.0" 200 70806 "-" "Mozilla/5.0 (compatible; MJ12bot/v1.4.8; http://mj12bot.com/)"
54.36.148.243 - - [06/May/2022:03:25:26 +0200] "GET /breakfast-c-12_61.html?page=5 HTTP/1.0" 200 93745 "-" "Mozilla/5.0 (compatible; AhrefsBot/7.0; +http://ahrefs.com/robot/)"
65.108.143.154 - - [06/May/2022:03:25:50 +0200] "GET /bowl-black-ceramic-wine-bar-p-45681.html HTTP/1.0" 301 73558 "-" "Mozilla/5.0 (compatible; MJ12bot/v1.4.8; http://mj12bot.com/)"
65.21.233.213 - - [06/May/2022:03:25:52 +0200] "GET /with-spoon-graphinks-p-56938.html HTTP/1.0" 200 74046 "-" "Mozilla/5.0 (compatible; MJ12bot/v1.4.8; http://mj12bot.com/)"
65.108.143.154 - - [06/May/2022:03:25:57 +0200] "GET /bowl-black-ceramic-wine-p-45681.html HTTP/1.0" 200 73468 "-" "Mozilla/5.0 (compatible; MJ12bot/v1.4.8; http://mj12bot.com/)"
173.208.206.50 - - [06/May/2022:03:25:59 +0200] "GET /-p-1059.html HTTP/1.0" 200 70806 "-" "Mozilla/5.0 (compatible; MJ12bot/v1.4.8; http://mj12bot.com/)"
65.108.143.154 - - [06/May/2022:03:26:03 +0200] "GET /bowl-black-ceramic-wine-p-45681.html HTTP/1.0" 200 73468 "-" "Mozilla/5.0 (compatible; MJ12bot/v1.4.8; http://mj12bot.com/)"
77.88.5.208 - - [06/May/2022:03:25:26 +0200] "GET /index.php HTTP/1.0" 200 150967 "-" "Mozilla/5.0 (compatible; YandexBot/3.0; +http://yandex.com/bots)"
77.88.5.208 - - [06/May/2022:03:26:07 +0200] "GET /js/jquery.masonry.min.js HTTP/1.0" 200 264 "-" "Mozilla/5.0 (compatible; YandexBot/3.0; +http://yandex.com/bots)"
65.21.233.213 - - [06/May/2022:03:26:04 +0200] "GET /wooden-bottle-rack-p-54557.html HTTP/1.0" 200 74047 "-" "Mozilla/5.0 (compatible; MJ12bot/v1.4.8; http://mj12bot.com/)"
77.88.5.208 - - [06/May/2022:03:26:09 +0200] "GET /js/modernizr-transitions.js HTTP/1.0" 200 267 "-" "Mozilla/5.0 (compatible; YandexBot/3.0; +http://yandex.com/bots)"
77.88.5.208 - - [06/May/2022:03:26:11 +0200] "GET /js/jquery.min.js HTTP/1.0" 404 1308 "-" "Mozilla/5.0 (compatible; YandexBot/3.0; +http://yandex.com/bots)"
65.108.143.154 - - [06/May/2022:03:26:10 +0200] "GET /bowls-table-p-32924.html HTTP/1.0" 200 73469 "-" "Mozilla/5.0 (compatible; MJ12bot/v1.4.8; http://mj12bot.com/)"
77.88.5.237 - - [06/May/2022:03:26:13 +0200] "GET /mondial_relay/js/jquery-1.3.2.min.js HTTP/1.0" 200 276 "http://www.wonder-geek.com/" "Mozilla/5.0 (compatible; YandexBot/3.0; +http://yandex.com/bots) AppleWebKit/537.36 (KHTML, like Gecko) Chrome/81.0.4044.268"
77.88.5.208 - - [06/May/2022:03:26:14 +0200] "GET /highslide/highslide.js HTTP/1.0" 200 262 "http://www.wonder-geek.com/" "Mozilla/5.0 (compatible; YandexBot/3.0; +http://yandex.com/bots) AppleWebKit/537.36 (KHTML, like Gecko) Chrome/81.0.4044.268"
173.208.206.50 - - [06/May/2022:03:26:13 +0200] "GET /-p-1063.html HTTP/1.0" 200 70806 "-" "Mozilla/5.0 (compatible; MJ12bot/v1.4.8; http://mj12bot.com/)"
77.88.5.237 - - [06/May/2022:03:26:16 +0200] "GET /js/jquery.js HTTP/1.0" 200 252 "http://www.wonder-geek.com/" "Mozilla/5.0 (compatible; YandexBot/3.0; +http://yandex.com/bots) AppleWebKit/537.36 (KHTML, like Gecko) Chrome/81.0.4044.268"
65.108.143.154 - - [06/May/2022:03:26:14 +0200] "GET /box-of-sardines-metal-clock-30-cm-p-47910.html HTTP/1.0" 301 70991 "-" "Mozilla/5.0 (compatible; MJ12bot/v1.4.8; http://mj12bot.com/)"
77.88.5.208 - - [06/May/2022:03:26:18 +0200] "GET /js/jquery.jqzoom.js HTTP/1.0" 200 259 "http://www.wonder-geek.com/" "Mozilla/5.0 (compatible; YandexBot/3.0; +http://yandex.com/bots) AppleWebKit/537.36 (KHTML, like Gecko) Chrome/81.0.4044.268"
77.88.5.237 - - [06/May/2022:03:26:19 +0200] "GET /swfobject.js HTTP/1.0" 404 1308 "http://www.wonder-geek.com/" "Mozilla/5.0 (compatible; YandexBot/3.0; +http://yandex.com/bots) AppleWebKit/537.36 (KHTML, like Gecko) Chrome/81.0.4044.268"
65.108.143.154 - - [06/May/2022:03:26:19 +0200] "GET /sardines-metal-clock-p-47910.html HTTP/1.0" 200 70904 "-" "Mozilla/5.0 (compatible; MJ12bot/v1.4.8; http://mj12bot.com/)"
77.88.5.208 - - [06/May/2022:03:26:21 +0200] "GET /glasses-drinking-c-12_62.html HTTP/1.0" 200 90742 "-" "Mozilla/5.0 (compatible; YandexBot/3.0; +http://yandex.com/bots)"
173.208.206.50 - - [06/May/2022:03:26:22 +0200] "GET /-p-1068.html HTTP/1.0" 200 70806 "-" "Mozilla/5.0 (compatible; MJ12bot/v1.4.8; http://mj12bot.com/)"
65.21.233.213 - - [06/May/2022:03:26:26 +0200] "GET /wooden-support-for-keys-p-45489.html HTTP/1.0" 301 73632 "-" "Mozilla/5.0 (compatible; MJ12bot/v1.4.8; http://mj12bot.com/)"
54.36.148.243 - - [06/May/2022:03:26:27 +0200] "GET /breakfast-c-12_61.html?page=3 HTTP/1.0" 200 92620 "-" "Mozilla/5.0 (compatible; AhrefsBot/7.0; +http://ahrefs.com/robot/)"
65.21.233.213 - - [06/May/2022:03:26:30 +0200] "GET /wooden-support-keys-p-45489.html HTTP/1.0" 200 73546 "-" "Mozilla/5.0 (compatible; MJ12bot/v1.4.8; http://mj12bot.com/)"
111.225.144.140 - - [06/May/2022:03:26:34 +0200] "GET /images/mini_prod/8904245400088.jpg HTTP/1.0" 200 269 "-" "Mozilla/5.0 (Macintosh; Intel Mac OS X 10_12_4) AppleWebKit/537.36 (KHTML, like Gecko) Chrome/58.0.3029.110 Safari/537.36"
173.208.206.50 - - [06/May/2022:03:26:33 +0200] "GET /-p-10682.html HTTP/1.0" 200 70808 "-" "Mozilla/5.0 (compatible; MJ12bot/v1.4.8; http://mj12bot.com/)"
65.21.233.213 - - [06/May/2022:03:26:40 +0200] "GET /wooden-support-keys-p-45489.html HTTP/1.0" 200 73546 "-" "Mozilla/5.0 (compatible; MJ12bot/v1.4.8; http://mj12bot.com/)"
173.208.206.50 - - [06/May/2022:03:26:45 +0200] "GET /-p-1073.html HTTP/1.0" 200 70806 "-" "Mozilla/5.0 (compatible; MJ12bot/v1.4.8; http://mj12bot.com/)"
185.191.171.35 - - [06/May/2022:03:26:49 +0200] "GET /bookend-horse-p-56406.html?action=add_product HTTP/1.0" 302 476 "-" "Mozilla/5.0 (compatible; SemrushBot/7~bl; +http://www.semrush.com/bot.html)"
65.21.233.213 - - [06/May/2022:03:26:52 +0200] "GET /wooden-tray-metal-legs-p-49697.html HTTP/1.0" 200 73631 "-" "Mozilla/5.0 (compatible; MJ12bot/v1.4.8; http://mj12bot.com/)"
46.4.108.51 - - [06/May/2022:03:26:54 +0200] "GET /towels-napkins-c-11_177.html?page=5 HTTP/1.0" 200 93804 "-" "Mozilla/5.0 (compatible; BLEXBot/1.0; +http://webmeup-crawler.com/)"
173.208.206.50 - - [06/May/2022:03:26:55 +0200] "GET /-p-1081.html HTTP/1.0" 200 70806 "-" "Mozilla/5.0 (compatible; MJ12bot/v1.4.8; http://mj12bot.com/)"
173.208.206.50 - - [06/May/2022:03:27:05 +0200] "GET /-p-10823.html HTTP/1.0" 200 70808 "-" "Mozilla/5.0 (compatible; MJ12bot/v1.4.8; http://mj12bot.com/)"
65.21.233.213 - - [06/May/2022:03:27:08 +0200] "GET /wooden-tray-on-metal-legs-395-cm-p-49697.html HTTP/1.0" 301 73720 "-" "Mozilla/5.0 (compatible; MJ12bot/v1.4.8; http://mj12bot.com/)"
46.4.108.51 - - [06/May/2022:03:27:14 +0200] "GET /towels-napkins-c-11_177.html?page=6 HTTP/1.0" 200 92648 "-" "Mozilla/5.0 (compatible; BLEXBot/1.0; +http://webmeup-crawler.com/)"
173.208.206.50 - - [06/May/2022:03:27:16 +0200] "GET /-p-10826.html HTTP/1.0" 200 70808 "-" "Mozilla/5.0 (compatible; MJ12bot/v1.4.8; http://mj12bot.com/)"
65.21.233.213 - - [06/May/2022:03:27:19 +0200] "GET /wooden-tray-metal-legs-p-49697.html HTTP/1.0" 200 73631 "-" "Mozilla/5.0 (compatible; MJ12bot/v1.4.8; http://mj12bot.com/)"
65.21.233.213 - - [06/May/2022:03:27:29 +0200] "GET /wooden-tray-with-handles-40-cm-p-49701.html HTTP/1.0" 301 73713 "-" "Mozilla/5.0 (compatible; MJ12bot/v1.4.8; http://mj12bot.com/)"
173.208.206.50 - - [06/May/2022:03:27:30 +0200] "GET /-p-10851.html HTTP/1.0" 200 70808 "-" "Mozilla/5.0 (compatible; MJ12bot/v1.4.8; http://mj12bot.com/)"
111.225.144.155 - - [06/May/2022:03:27:33 +0200] "GET /images/mini_prod/4036113830827.jpg HTTP/1.0" 200 269 "-" "Mozilla/5.0 (Macintosh; Intel Mac OS X 10_12_4) AppleWebKit/537.36 (KHTML, like Gecko) Chrome/58.0.3029.110 Safari/537.36"
65.21.233.213 - - [06/May/2022:03:27:36 +0200] "GET /wooden-tray-with-handles-p-49701.html HTTP/1.0" 200 73622 "-" "Mozilla/5.0 (compatible; MJ12bot/v1.4.8; http://mj12bot.com/)"
173.208.206.50 - - [06/May/2022:03:27:45 +0200] "GET /-p-10854.html HTTP/1.0" 200 70808 "-" "Mozilla/5.0 (compatible; MJ12bot/v1.4.8; http://mj12bot.com/)"
185.191.171.44 - - [06/May/2022:03:27:45 +0200] "GET /hello-kitty-set-of-pen-p-20078.html HTTP/1.0" 301 78046 "-" "Mozilla/5.0 (compatible; SemrushBot/7~bl; +http://www.semrush.com/bot.html)"
111.225.144.229 - - [06/May/2022:03:27:49 +0200] "GET /images/mini_prod/4717115143022.jpg HTTP/1.0" 200 269 "-" "Mozilla/5.0 (Macintosh; Intel Mac OS X 10_12_4) AppleWebKit/537.36 (KHTML, like Gecko) Chrome/58.0.3029.110 Safari/537.36"
46.4.108.51 - - [06/May/2022:03:27:48 +0200] "GET /towels-napkins-c-11_177.html?page=7 HTTP/1.0" 200 93134 "-" "Mozilla/5.0 (compatible; BLEXBot/1.0; +http://webmeup-crawler.com/)"
185.191.171.2 - - [06/May/2022:03:27:50 +0200] "GET /hello-kitty-p-20078.html HTTP/1.0" 200 77968 "-" "Mozilla/5.0 (compatible; SemrushBot/7~bl; +http://www.semrush.com/bot.html)"
65.21.233.213 - - [06/May/2022:03:27:50 +0200] "GET /wooden-tray-with-handles-p-49701.html HTTP/1.0" 200 73622 "-" "Mozilla/5.0 (compatible; MJ12bot/v1.4.8; http://mj12bot.com/)"
54.36.148.243 - - [06/May/2022:03:27:53 +0200] "GET /bienvenue-coconut-fibers-doormat-p-58058.html HTTP/1.0" 200 74445 "-" "Mozilla/5.0 (compatible; AhrefsBot/7.0; +http://ahrefs.com/robot/)"
173.208.206.50 - - [06/May/2022:03:27:55 +0200] "GET /-p-10856.html HTTP/1.0" 200 70808 "-" "Mozilla/5.0 (compatible; MJ12bot/v1.4.8; http://mj12bot.com/)"
54.36.148.92 - - [06/May/2022:03:27:58 +0200] "GET /images/big_prod_1/5400924213671B.jpg HTTP/1.0" 200 271 "-" "Mozilla/5.0 (compatible; AhrefsBot/7.0; +http://ahrefs.com/robot/)"
54.36.149.44 - - [06/May/2022:03:27:58 +0200] "GET /images/big_prod/5400924213671.jpg HTTP/1.0" 200 268 "-" "Mozilla/5.0 (compatible; AhrefsBot/7.0; +http://ahrefs.com/robot/)"
77.88.5.208 - - [06/May/2022:03:28:00 +0200] "GET /kimmi-junior-best-friend-necklaces-p-8754.html HTTP/1.0" 200 73557 "-" "Mozilla/5.0 (compatible; YandexBot/3.0; +http://yandex.com/bots)"
111.225.146.240 - - [06/May/2022:03:28:03 +0200] "GET /images/mini_prod/3560600293860.jpg HTTP/1.0" 200 269 "-" "Mozilla/5.0 (Macintosh; Intel Mac OS X 10_12_4) AppleWebKit/537.36 (KHTML, like Gecko) Chrome/58.0.3029.110 Safari/537.36"
65.21.233.213 - - [06/May/2022:03:28:05 +0200] "GET /worry-stones-rock-crystal-p-44963.html HTTP/1.0" 200 70916 "-" "Mozilla/5.0 (compatible; MJ12bot/v1.4.8; http://mj12bot.com/)"
173.208.206.50 - - [06/May/2022:03:28:06 +0200] "GET /-p-1087.html HTTP/1.0" 200 70806 "-" "Mozilla/5.0 (compatible; MJ12bot/v1.4.8; http://mj12bot.com/)"
46.4.108.51 - - [06/May/2022:03:28:15 +0200] "GET /towels-napkins-c-11_177.html?page=8 HTTP/1.0" 200 93415 "-" "Mozilla/5.0 (compatible; BLEXBot/1.0; +http://webmeup-crawler.com/)"
173.208.206.50 - - [06/May/2022:03:28:16 +0200] "GET /-p-10875.html HTTP/1.0" 200 70808 "-" "Mozilla/5.0 (compatible; MJ12bot/v1.4.8; http://mj12bot.com/)"
65.21.233.213 - - [06/May/2022:03:28:18 +0200] "GET /worry-stones-rock-crystal-set-of-p-44963.html HTTP/1.0" 301 71008 "-" "Mozilla/5.0 (compatible; MJ12bot/v1.4.8; http://mj12bot.com/)"
185.191.171.9 - - [06/May/2022:03:28:21 +0200] "GET /fitted-sheet-cotton-percale-threads-p-44300.html HTTP/1.0" 200 73768 "-" "Mozilla/5.0 (compatible; SemrushBot/7~bl; +http://www.semrush.com/bot.html)"
173.208.206.50 - - [06/May/2022:03:28:24 +0200] "GET /-p-1089.html HTTP/1.0" 200 70806 "-" "Mozilla/5.0 (compatible; MJ12bot/v1.4.8; http://mj12bot.com/)"
173.208.206.50 - - [06/May/2022:03:28:32 +0200] "GET /-p-10914.html HTTP/1.0" 200 70808 "-" "Mozilla/5.0 (compatible; MJ12bot/v1.4.8; http://mj12bot.com/)"
65.21.233.213 - - [06/May/2022:03:28:34 +0200] "GET /worry-stones-rock-crystal-p-44963.html HTTP/1.0" 200 70916 "-" "Mozilla/5.0 (compatible; MJ12bot/v1.4.8; http://mj12bot.com/)"
65.21.233.213 - - [06/May/2022:03:28:43 +0200] "GET /yellow-apple-shaped-moneybox-p-36476.html HTTP/1.0" 200 73512 "-" "Mozilla/5.0 (compatible; MJ12bot/v1.4.8; http://mj12bot.com/)"
173.208.206.50 - - [06/May/2022:03:28:43 +0200] "GET /-p-10924.html HTTP/1.0" 200 70808 "-" "Mozilla/5.0 (compatible; MJ12bot/v1.4.8; http://mj12bot.com/)"
185.191.171.9 - - [06/May/2022:03:28:45 +0200] "GET /mini-motsu-keel-toys-plush-p-46196.html HTTP/1.0" 200 70902 "-" "Mozilla/5.0 (compatible; SemrushBot/7~bl; +http://www.semrush.com/bot.html)"
46.4.108.51 - - [06/May/2022:03:28:46 +0200] "GET /transformers-optimus-prime-mousepad-p-18071.html HTTP/1.0" 200 73687 "-" "Mozilla/5.0 (compatible; BLEXBot/1.0; +http://webmeup-crawler.com/)"
173.208.206.50 - - [06/May/2022:03:28:54 +0200] "GET /-p-10972.html HTTP/1.0" 200 70808 "-" "Mozilla/5.0 (compatible; MJ12bot/v1.4.8; http://mj12bot.com/)"
65.21.233.213 - - [06/May/2022:03:28:55 +0200] "GET /yellow-dog-suitcase-p-28648.html HTTP/1.0" 301 70968 "-" "Mozilla/5.0 (compatible; MJ12bot/v1.4.8; http://mj12bot.com/)"
54.36.148.243 - - [06/May/2022:03:28:57 +0200] "GET /breakfast-c-12_61.html?page=2 HTTP/1.0" 200 92048 "-" "Mozilla/5.0 (compatible; AhrefsBot/7.0; +http://ahrefs.com/robot/)"
65.21.233.213 - - [06/May/2022:03:29:06 +0200] "GET /yellow-suitcase-p-28648.html HTTP/1.0" 200 70886 "-" "Mozilla/5.0 (compatible; MJ12bot/v1.4.8; http://mj12bot.com/)"
173.208.206.50 - - [06/May/2022:03:29:06 +0200] "GET /-p-11084.html HTTP/1.0" 200 70808 "-" "Mozilla/5.0 (compatible; MJ12bot/v1.4.8; http://mj12bot.com/)"
173.208.206.50 - - [06/May/2022:03:29:19 +0200] "GET /-p-11087.html HTTP/1.0" 200 70808 "-" "Mozilla/5.0 (compatible; MJ12bot/v1.4.8; http://mj12bot.com/)"
65.21.233.213 - - [06/May/2022:03:29:21 +0200] "GET /yellow-kitchen-timer-clock-p-40588.html HTTP/1.0" 200 70888 "-" "Mozilla/5.0 (compatible; MJ12bot/v1.4.8; http://mj12bot.com/)"
65.108.143.154 - - [06/May/2022:03:29:22 +0200] "GET /buddha-decorative-statue-34-cm-p-43805.html HTTP/1.0" 301 71028 "-" "Mozilla/5.0 (compatible; MJ12bot/v1.4.8; http://mj12bot.com/)"
65.108.143.154 - - [06/May/2022:03:29:27 +0200] "GET /buddha-decorative-statue-p-43805.html HTTP/1.0" 200 70937 "-" "Mozilla/5.0 (compatible; MJ12bot/v1.4.8; http://mj12bot.com/)"
65.108.143.154 - - [06/May/2022:03:29:30 +0200] "GET /buddha-decorative-statue-p-43805.html HTTP/1.0" 200 70937 "-" "Mozilla/5.0 (compatible; MJ12bot/v1.4.8; http://mj12bot.com/)"
173.208.206.50 - - [06/May/2022:03:29:30 +0200] "GET /-p-11088.html HTTP/1.0" 200 70808 "-" "Mozilla/5.0 (compatible; MJ12bot/v1.4.8; http://mj12bot.com/)"
65.108.143.154 - - [06/May/2022:03:29:32 +0200] "GET /buddha-perfume-diffuser-p-52260.html HTTP/1.0" 200 70890 "-" "Mozilla/5.0 (compatible; MJ12bot/v1.4.8; http://mj12bot.com/)"
65.21.233.213 - - [06/May/2022:03:29:33 +0200] "GET /yellow-suitcase-p-28648.html HTTP/1.0" 200 70886 "-" "Mozilla/5.0 (compatible; MJ12bot/v1.4.8; http://mj12bot.com/)"
46.4.108.51 - - [06/May/2022:03:29:35 +0200] "GET /translucent-medusa-glass-paperweight-p-52228.html HTTP/1.0" 200 73548 "-" "Mozilla/5.0 (compatible; BLEXBot/1.0; +http://webmeup-crawler.com/)"
65.108.143.154 - - [06/May/2022:03:29:36 +0200] "GET /buddha-perfume-diffuser-p-52261.html HTTP/1.0" 200 74168 "-" "Mozilla/5.0 (compatible; MJ12bot/v1.4.8; http://mj12bot.com/)"
173.208.206.50 - - [06/May/2022:03:29:40 +0200] "GET /-p-11089.html HTTP/1.0" 200 70808 "-" "Mozilla/5.0 (compatible; MJ12bot/v1.4.8; http://mj12bot.com/)"
65.108.143.154 - - [06/May/2022:03:29:41 +0200] "GET /buddha-statue-30-cm-p-44981.html HTTP/1.0" 301 70942 "-" "Mozilla/5.0 (compatible; MJ12bot/v1.4.8; http://mj12bot.com/)"
111.225.144.188 - - [06/May/2022:03:29:44 +0200] "GET /images/mini_prod/F8028501263382.jpg HTTP/1.0" 200 270 "-" "Mozilla/5.0 (Macintosh; Intel Mac OS X 10_12_4) AppleWebKit/537.36 (KHTML, like Gecko) Chrome/58.0.3029.110 Safari/537.36"
65.108.143.154 - - [06/May/2022:03:29:44 +0200] "GET /buddha-statue-p-44981.html HTTP/1.0" 200 70862 "-" "Mozilla/5.0 (compatible; MJ12bot/v1.4.8; http://mj12bot.com/)"
65.21.233.213 - - [06/May/2022:03:29:45 +0200] "GET /yoga-lotus-anjali-mudra-statuette-p-51727.html HTTP/1.0" 200 73615 "-" "Mozilla/5.0 (compatible; MJ12bot/v1.4.8; http://mj12bot.com/)"
65.108.143.154 - - [06/May/2022:03:29:47 +0200] "GET /buddha-statue-p-44981.html HTTP/1.0" 200 70862 "-" "Mozilla/5.0 (compatible; MJ12bot/v1.4.8; http://mj12bot.com/)"
147.92.153.9 - - [06/May/2022:03:29:50 +0200] "GET /sausage-veillis-p-58140.html HTTP/1.0" 200 74048 "-" "Mozilla/5.0 (compatible; Linespider/1.1; +https://lin.ee/4dwXkTH)"
65.108.143.154 - - [06/May/2022:03:29:51 +0200] "GET /butane-lighter-insert-single-torch-p-52385.html HTTP/1.0" 200 74856 "-" "Mozilla/5.0 (compatible; MJ12bot/v1.4.8; http://mj12bot.com/)"
173.208.206.50 - - [06/May/2022:03:29:51 +0200] "GET /-p-11090.html HTTP/1.0" 200 70808 "-" "Mozilla/5.0 (compatible; MJ12bot/v1.4.8; http://mj12bot.com/)"
147.92.153.15 - - [06/May/2022:03:29:54 +0200] "GET /swfobject.js HTTP/1.0" 404 1308 "http://www.wonder-geek.com/sausage-veillis-p-58140.html" "Mozilla/5.0 (X11; Linux x86_64) AppleWebKit/537.36 (KHTML, like Gecko) HeadlessChrome/96.0.4664.0 Safari/537.36"
66.249.73.136 - - [06/May/2022:03:29:54 +0200] "GET /teo-jasmin-teo-week-end-clock-p-34976.html HTTP/1.0" 301 73579 "-" "Mozilla/5.0 (Linux; Android 6.0.1; Nexus 5X Build/MMB29P) AppleWebKit/537.36 (KHTML, like Gecko) Chrome/100.0.4896.127 Mobile Safari/537.36 (compatible; Googlebot/2.1; +http://www.google.com/bot.html)"
65.108.143.154 - - [06/May/2022:03:29:55 +0200] "GET /calimero-shooter-p-57455.html HTTP/1.0" 200 73389 "-" "Mozilla/5.0 (compatible; MJ12bot/v1.4.8; http://mj12bot.com/)"
66.249.73.134 - - [06/May/2022:03:29:56 +0200] "GET /jasmin-week-clock-p-34976.html HTTP/1.0" 200 73495 "-" "Mozilla/5.0 (Linux; Android 6.0.1; Nexus 5X Build/MMB29P) AppleWebKit/537.36 (KHTML, like Gecko) Chrome/100.0.4896.127 Mobile Safari/537.36 (compatible; Googlebot/2.1; +http://www.google.com/bot.html)"
65.21.233.213 - - [06/May/2022:03:29:56 +0200] "GET /york-taxi-folding-stool-p-44432.html HTTP/1.0" 200 70898 "-" "Mozilla/5.0 (compatible; MJ12bot/v1.4.8; http://mj12bot.com/)"
54.36.148.243 - - [06/May/2022:03:29:55 +0200] "GET /kiub-collection-cats-cool-p-57957.html HTTP/1.0" 200 74419 "-" "Mozilla/5.0 (compatible; AhrefsBot/7.0; +http://ahrefs.com/robot/)"
65.108.143.154 - - [06/May/2022:03:29:59 +0200] "GET /camargue-small-ashtray-p-54600.html HTTP/1.0" 200 73436 "-" "Mozilla/5.0 (compatible; MJ12bot/v1.4.8; http://mj12bot.com/)"
216.244.66.242 - - [06/May/2022:03:30:00 +0200] "GET /chair-cushion-sides-beige-and-terracotta-40-cm-p-47393.html HTTP/1.0" 301 70875 "-" "Mozilla/5.0 (compatible; DotBot/1.2; +https://opensiteexplorer.org/dotbot; help@moz.com)"
65.108.143.154 - - [06/May/2022:03:30:03 +0200] "GET /candle-wicks-bougie-autrement-p-53093.html HTTP/1.0" 200 74146 "-" "Mozilla/5.0 (compatible; MJ12bot/v1.4.8; http://mj12bot.com/)"
111.225.144.176 - - [06/May/2022:03:30:05 +0200] "GET /images/mini_prod/3279510509281.jpg HTTP/1.0" 200 269 "-" "Mozilla/5.0 (Macintosh; Intel Mac OS X 10_12_4) AppleWebKit/537.36 (KHTML, like Gecko) Chrome/58.0.3029.110 Safari/537.36"
173.208.206.50 - - [06/May/2022:03:30:04 +0200] "GET /-p-11091.html HTTP/1.0" 200 70808 "-" "Mozilla/5.0 (compatible; MJ12bot/v1.4.8; http://mj12bot.com/)"
65.108.143.154 - - [06/May/2022:03:30:06 +0200] "GET /card-holder-p-28961.html HTTP/1.0" 200 70850 "-" "Mozilla/5.0 (compatible; MJ12bot/v1.4.8; http://mj12bot.com/)"
46.4.108.51 - - [06/May/2022:03:30:07 +0200] "GET /transparent-glass-teapot-p-52794.html HTTP/1.0" 200 74194 "-" "Mozilla/5.0 (compatible; BLEXBot/1.0; +http://webmeup-crawler.com/)"
185.191.171.17 - - [06/May/2022:03:30:08 +0200] "GET /table-lamp-in-metal-white-color-p-48081.html HTTP/1.0" 301 74539 "-" "Mozilla/5.0 (compatible; SemrushBot/7~bl; +http://www.semrush.com/bot.html)"
65.21.233.213 - - [06/May/2022:03:30:09 +0200] "GET /york-taxi-folding-table-p-44434.html HTTP/1.0" 200 73452 "-" "Mozilla/5.0 (compatible; MJ12bot/v1.4.8; http://mj12bot.com/)"
65.108.143.154 - - [06/May/2022:03:30:09 +0200] "GET /carpet-mandala-180-120-cm-p-42037.html HTTP/1.0" 301 73680 "-" "Mozilla/5.0 (compatible; MJ12bot/v1.4.8; http://mj12bot.com/)"
185.191.171.26 - - [06/May/2022:03:30:11 +0200] "GET /table-lamp-metal-white-color-p-48081.html HTTP/1.0" 200 74444 "-" "Mozilla/5.0 (compatible; SemrushBot/7~bl; +http://www.semrush.com/bot.html)"
65.108.143.154 - - [06/May/2022:03:30:13 +0200] "GET /carpet-mandala-p-42037.html HTTP/1.0" 200 73599 "-" "Mozilla/5.0 (compatible; MJ12bot/v1.4.8; http://mj12bot.com/)"
173.208.206.50 - - [06/May/2022:03:30:18 +0200] "GET /-p-11188.html HTTP/1.0" 200 70808 "-" "Mozilla/5.0 (compatible; MJ12bot/v1.4.8; http://mj12bot.com/)"
65.21.233.213 - - [06/May/2022:03:30:18 +0200] "GET /zenda-table-lamp-silver-p-54595.html HTTP/1.0" 200 74223 "-" "Mozilla/5.0 (compatible; MJ12bot/v1.4.8; http://mj12bot.com/)"
46.4.108.51 - - [06/May/2022:03:30:21 +0200] "GET /transparent-plastic-tablecloth-p-52781.html HTTP/1.0" 200 73584 "-" "Mozilla/5.0 (compatible; BLEXBot/1.0; +http://webmeup-crawler.com/)"
173.208.206.50 - - [06/May/2022:03:30:27 +0200] "GET /-p-11190.html HTTP/1.0" 200 70808 "-" "Mozilla/5.0 (compatible; MJ12bot/v1.4.8; http://mj12bot.com/)"
173.208.206.50 - - [06/May/2022:03:30:40 +0200] "GET /-p-11225.html HTTP/1.0" 200 70808 "-" "Mozilla/5.0 (compatible; MJ12bot/v1.4.8; http://mj12bot.com/)"
54.36.148.243 - - [06/May/2022:03:30:50 +0200] "GET /frankie-stein-monster-high-p-17501.html HTTP/1.0" 200 73589 "-" "Mozilla/5.0 (compatible; AhrefsBot/7.0; +http://ahrefs.com/robot/)"
173.208.206.50 - - [06/May/2022:03:30:51 +0200] "GET /-p-11265.html HTTP/1.0" 200 70808 "-" "Mozilla/5.0 (compatible; MJ12bot/v1.4.8; http://mj12bot.com/)"
40.77.167.0 - - [06/May/2022:03:30:57 +0200] "GET /cement-tile-stickers-p-50338.html HTTP/1.0" 200 74378 "-" "Mozilla/5.0 (compatible; bingbot/2.0; +http://www.bing.com/bingbot.htm)"
173.208.206.50 - - [06/May/2022:03:31:00 +0200] "GET /-p-11280.html HTTP/1.0" 200 70808 "-" "Mozilla/5.0 (compatible; MJ12bot/v1.4.8; http://mj12bot.com/)"
46.4.108.51 - - [06/May/2022:03:31:03 +0200] "GET /robots.txt HTTP/1.0" 301 531 "-" "Mozilla/5.0 (compatible; BLEXBot/1.0; +http://webmeup-crawler.com/)"
46.4.108.51 - - [06/May/2022:03:31:03 +0200] "GET /robots.txt HTTP/1.0" 200 245 "-" "Mozilla/5.0 (compatible; BLEXBot/1.0; +http://webmeup-crawler.com/)"
46.4.108.51 - - [06/May/2022:03:31:03 +0200] "GET /transparent-rectangular-plastic-tablecloth-p-52774.html HTTP/1.0" 200 73679 "-" "Mozilla/5.0 (compatible; BLEXBot/1.0; +http://webmeup-crawler.com/)"
111.225.146.251 - - [06/May/2022:03:31:06 +0200] "GET /images/mini_prod/1384000001687.jpg HTTP/1.0" 200 269 "-" "Mozilla/5.0 (Macintosh; Intel Mac OS X 10_12_4) AppleWebKit/537.36 (KHTML, like Gecko) Chrome/58.0.3029.110 Safari/537.36"
185.191.171.34 - - [06/May/2022:03:31:09 +0200] "GET /pet-rug-60-40-cm-pacha-p-49540.html HTTP/1.0" 301 73366 "-" "Mozilla/5.0 (compatible; SemrushBot/7~bl; +http://www.semrush.com/bot.html)"
173.208.206.50 - - [06/May/2022:03:31:10 +0200] "GET /-p-11281.html HTTP/1.0" 200 70808 "-" "Mozilla/5.0 (compatible; MJ12bot/v1.4.8; http://mj12bot.com/)"
185.191.171.11 - - [06/May/2022:03:31:13 +0200] "GET /pacha-p-49540.html HTTP/1.0" 200 73294 "-" "Mozilla/5.0 (compatible; SemrushBot/7~bl; +http://www.semrush.com/bot.html)"
173.208.206.50 - - [06/May/2022:03:31:19 +0200] "GET /-p-11282.html HTTP/1.0" 200 70808 "-" "Mozilla/5.0 (compatible; MJ12bot/v1.4.8; http://mj12bot.com/)"
173.208.206.50 - - [06/May/2022:03:31:30 +0200] "GET /-p-11283.html HTTP/1.0" 200 70808 "-" "Mozilla/5.0 (compatible; MJ12bot/v1.4.8; http://mj12bot.com/)"
46.4.108.51 - - [06/May/2022:03:31:41 +0200] "GET /transparent-rectangular-plastic-tablecloth-p-52776.html HTTP/1.0" 200 73680 "-" "Mozilla/5.0 (compatible; BLEXBot/1.0; +http://webmeup-crawler.com/)"
173.208.206.50 - - [06/May/2022:03:31:44 +0200] "GET /-p-11284.html HTTP/1.0" 200 70808 "-" "Mozilla/5.0 (compatible; MJ12bot/v1.4.8; http://mj12bot.com/)"
54.36.148.243 - - [06/May/2022:03:31:44 +0200] "GET /grey-white-moroccan-ashtray-p-56530.html HTTP/1.0" 200 74103 "-" "Mozilla/5.0 (compatible; AhrefsBot/7.0; +http://ahrefs.com/robot/)"
185.191.171.6 - - [06/May/2022:03:31:47 +0200] "GET /mojito-cuba-set-of-coasters-p-39471.html HTTP/1.0" 301 70977 "-" "Mozilla/5.0 (compatible; SemrushBot/7~bl; +http://www.semrush.com/bot.html)"
185.191.171.23 - - [06/May/2022:03:31:51 +0200] "GET /mojito-cuba-coasters-p-39471.html HTTP/1.0" 200 70890 "-" "Mozilla/5.0 (compatible; SemrushBot/7~bl; +http://www.semrush.com/bot.html)"
173.208.206.50 - - [06/May/2022:03:31:53 +0200] "GET /-p-11285.html HTTP/1.0" 200 70808 "-" "Mozilla/5.0 (compatible; MJ12bot/v1.4.8; http://mj12bot.com/)"
185.191.171.6 - - [06/May/2022:03:32:03 +0200] "GET /oriental-chandelier-p-54166.html?action=add_product HTTP/1.0" 302 476 "-" "Mozilla/5.0 (compatible; SemrushBot/7~bl; +http://www.semrush.com/bot.html)"
173.208.206.50 - - [06/May/2022:03:32:04 +0200] "GET /-p-11286.html HTTP/1.0" 200 70808 "-" "Mozilla/5.0 (compatible; MJ12bot/v1.4.8; http://mj12bot.com/)"
46.4.108.51 - - [06/May/2022:03:32:09 +0200] "GET /transparent-rectangular-plastic-tablecloth-p-52777.html HTTP/1.0" 200 73680 "-" "Mozilla/5.0 (compatible; BLEXBot/1.0; +http://webmeup-crawler.com/)"
185.191.171.2 - - [06/May/2022:03:32:10 +0200] "GET /hulk-statue-pot-candy-p-30915.html HTTP/1.0" 301 73595 "-" "Mozilla/5.0 (compatible; SemrushBot/7~bl; +http://www.semrush.com/bot.html)"
173.208.206.50 - - [06/May/2022:03:32:14 +0200] "GET /-p-11287.html HTTP/1.0" 200 70808 "-" "Mozilla/5.0 (compatible; MJ12bot/v1.4.8; http://mj12bot.com/)"
185.191.171.42 - - [06/May/2022:03:32:15 +0200] "GET /hulk-statue-candy-p-30915.html HTTP/1.0" 200 73511 "-" "Mozilla/5.0 (compatible; SemrushBot/7~bl; +http://www.semrush.com/bot.html)"
65.108.125.120 - - [06/May/2022:03:32:25 +0200] "GET /robots.txt HTTP/1.0" 200 245 "-" "Mozilla/5.0 (compatible; MJ12bot/v1.4.8; http://mj12bot.com/)"
173.208.206.50 - - [06/May/2022:03:32:25 +0200] "GET /-p-11288.html HTTP/1.0" 200 70808 "-" "Mozilla/5.0 (compatible; MJ12bot/v1.4.8; http://mj12bot.com/)"
65.108.125.120 - - [06/May/2022:03:32:27 +0200] "GET /scented-candles-and-novenas-c-13_227.html?page=4 HTTP/1.0" 301 93506 "-" "Mozilla/5.0 (compatible; MJ12bot/v1.4.8; http://mj12bot.com/)"
65.108.125.120 - - [06/May/2022:03:32:32 +0200] "GET /scented-candles-novenas-c-227.html?page=4 HTTP/1.0" 301 93410 "-" "Mozilla/5.0 (compatible; MJ12bot/v1.4.8; http://mj12bot.com/)"
173.208.206.50 - - [06/May/2022:03:32:34 +0200] "GET /-p-11290.html HTTP/1.0" 200 70808 "-" "Mozilla/5.0 (compatible; MJ12bot/v1.4.8; http://mj12bot.com/)"
65.108.125.120 - - [06/May/2022:03:32:38 +0200] "GET /scented-candles-novenas-c-231_227.html?page=4 HTTP/1.0" 200 93446 "-" "Mozilla/5.0 (compatible; MJ12bot/v1.4.8; http://mj12bot.com/)"
54.36.148.243 - - [06/May/2022:03:32:39 +0200] "GET /ashtrays-c-13_240.html?page=7 HTTP/1.0" 200 92679 "-" "Mozilla/5.0 (compatible; AhrefsBot/7.0; +http://ahrefs.com/robot/)"
54.36.148.82 - - [06/May/2022:03:32:44 +0200] "GET /images/mini_prod/3609810002661.jpg HTTP/1.0" 200 269 "-" "Mozilla/5.0 (compatible; AhrefsBot/7.0; +http://ahrefs.com/robot/)"
54.36.149.70 - - [06/May/2022:03:32:44 +0200] "GET /images/mini_prod/B117021.jpg HTTP/1.0" 200 263 "-" "Mozilla/5.0 (compatible; AhrefsBot/7.0; +http://ahrefs.com/robot/)"
54.36.148.216 - - [06/May/2022:03:32:45 +0200] "GET /images/mini_prod/C11761.jpg HTTP/1.0" 200 262 "-" "Mozilla/5.0 (compatible; AhrefsBot/7.0; +http://ahrefs.com/robot/)"
54.36.148.114 - - [06/May/2022:03:32:45 +0200] "GET /images/mini_prod/1399986100071.jpg HTTP/1.0" 200 269 "-" "Mozilla/5.0 (compatible; AhrefsBot/7.0; +http://ahrefs.com/robot/)"
65.108.125.120 - - [06/May/2022:03:32:44 +0200] "GET /scented-candles-and-novenas-c-13_227.html?page=5 HTTP/1.0" 301 94464 "-" "Mozilla/5.0 (compatible; MJ12bot/v1.4.8; http://mj12bot.com/)"
