23.100.232.233 - - [06/May/2022:16:25:29 +0200] "GET /js/jquery.jqzoom.js HTTP/1.0" 200 259 "http://www.wonder-geek.com/coca-cola-large-p-31654.html" "Mozilla/5.0 (compatible; MSIE 9.0; Windows NT 6.0; Trident/5.0;  Trident/5.0)"
23.100.232.233 - - [06/May/2022:16:25:29 +0200] "GET /swfobject.js HTTP/1.0" 404 1308 "http://www.wonder-geek.com/coca-cola-large-p-31654.html" "Mozilla/5.0 (compatible; MSIE 9.0; Windows NT 6.0; Trident/5.0;  Trident/5.0)"
23.100.232.233 - - [06/May/2022:16:25:29 +0200] "GET /mondial_relay/js/jquery-1.3.2.min.js HTTP/1.0" 200 276 "http://www.wonder-geek.com/coca-cola-large-p-31654.html" "Mozilla/5.0 (compatible; MSIE 9.0; Windows NT 6.0; Trident/5.0;  Trident/5.0)"
23.100.232.233 - - [06/May/2022:16:25:29 +0200] "GET /style.ie7.css HTTP/1.0" 404 1308 "http://www.wonder-geek.com/coca-cola-large-p-31654.html" "Mozilla/5.0 (compatible; MSIE 9.0; Windows NT 6.0; Trident/5.0;  Trident/5.0)"
54.36.148.243 - - [06/May/2022:16:25:28 +0200] "GET /crystal-salt-lamp-p-50905.html HTTP/1.0" 200 75069 "-" "Mozilla/5.0 (compatible; AhrefsBot/7.0; +http://ahrefs.com/robot/)"
23.100.232.233 - - [06/May/2022:16:25:30 +0200] "GET /templates/Pixame_v1/images/flash.swf HTTP/1.0" 200 290 "http://www.wonder-geek.com/coca-cola-large-p-31654.html" "Mozilla/5.0 (compatible; MSIE 9.0; Windows NT 6.0; Trident/5.0;  Trident/5.0)"
23.100.232.233 - - [06/May/2022:16:25:30 +0200] "GET /highslide/graphics/zoomout.cur HTTP/1.0" 200 614 "http://www.wonder-geek.com/coca-cola-large-p-31654.html" "Mozilla/5.0 (compatible; MSIE 9.0; Windows NT 6.0; Trident/5.0;  Trident/5.0)"
185.191.171.41 - - [06/May/2022:16:25:53 +0200] "GET /harty-porcelain-bowl-p-56520.html?action=add_product HTTP/1.0" 302 476 "-" "Mozilla/5.0 (compatible; SemrushBot/7~bl; +http://www.semrush.com/bot.html)"
66.249.64.152 - - [06/May/2022:16:25:54 +0200] "GET /fragrance-sachet-simply-p-40561.html HTTP/1.0" 200 74152 "-" "Mozilla/5.0 (Linux; Android 6.0.1; Nexus 5X Build/MMB29P) AppleWebKit/537.36 (KHTML, like Gecko) Chrome/100.0.4896.127 Mobile Safari/537.36 (compatible; Googlebot/2.1; +http://www.google.com/bot.html)"
54.36.148.243 - - [06/May/2022:16:26:22 +0200] "GET /coca-cola-things-better-large-metal-plate-deco-p-35214.html HTTP/1.0" 200 73641 "-" "Mozilla/5.0 (compatible; AhrefsBot/7.0; +http://ahrefs.com/robot/)"
185.191.171.1 - - [06/May/2022:16:26:42 +0200] "GET /little-buddha-collection-statuette-black-13-cm-p-46064.html HTTP/1.0" 301 71053 "-" "Mozilla/5.0 (compatible; SemrushBot/7~bl; +http://www.semrush.com/bot.html)"
185.191.171.34 - - [06/May/2022:16:26:45 +0200] "GET /little-buddha-collection-statuette-black-p-46064.html HTTP/1.0" 200 70946 "-" "Mozilla/5.0 (compatible; SemrushBot/7~bl; +http://www.semrush.com/bot.html)"
40.77.167.13 - - [06/May/2022:16:26:57 +0200] "GET /mickey-mouse-green-swimsuit-p-30577.html HTTP/1.0" 200 74633 "-" "Mozilla/5.0 (compatible; bingbot/2.0; +http://www.bing.com/bingbot.htm)"
54.36.148.243 - - [06/May/2022:16:27:19 +0200] "GET /watch-positive-people-sign-metal-plate-deco-p-42490.html HTTP/1.0" 200 73684 "-" "Mozilla/5.0 (compatible; AhrefsBot/7.0; +http://ahrefs.com/robot/)"
52.229.37.53 - - [06/May/2022:16:27:23 +0200] "GET /images/8435333848159.jpg HTTP/1.0" 200 259 "-" "Mozilla/5.0 (X11; Ubuntu; Linux x86_64; rv:72.0) Gecko/20100101 Firefox/72.0"
157.55.39.105 - - [06/May/2022:16:27:58 +0200] "GET /headrest-cushion-beige-45-70-cm-p-46892.html HTTP/1.0" 301 70985 "-" "Mozilla/5.0 (compatible; bingbot/2.0; +http://www.bing.com/bingbot.htm)"
54.36.148.243 - - [06/May/2022:16:28:11 +0200] "GET /corse-metal-plate-p-47177.html HTTP/1.0" 200 73463 "-" "Mozilla/5.0 (compatible; AhrefsBot/7.0; +http://ahrefs.com/robot/)"
77.88.5.208 - - [06/May/2022:16:28:53 +0200] "GET /camargue-potholder-p-43820.html HTTP/1.0" 200 73445 "-" "Mozilla/5.0 (compatible; YandexBot/3.0; +http://yandex.com/bots)"
54.36.148.243 - - [06/May/2022:16:29:02 +0200] "GET /toucan-plastic-night-light-p-50826.html HTTP/1.0" 200 74150 "-" "Mozilla/5.0 (compatible; AhrefsBot/7.0; +http://ahrefs.com/robot/)"
207.46.13.182 - - [06/May/2022:16:29:19 +0200] "GET /-p-30161.html HTTP/1.0" 200 70808 "-" "Mozilla/5.0 (compatible; bingbot/2.0; +http://www.bing.com/bingbot.htm)"
185.191.171.24 - - [06/May/2022:16:29:40 +0200] "GET /magnet-citron-79-54-cm-p-40117.html HTTP/1.0" 301 73564 "-" "Mozilla/5.0 (compatible; SemrushBot/7~bl; +http://www.semrush.com/bot.html)"
147.92.153.10 - - [06/May/2022:16:29:43 +0200] "GET /robots.txt HTTP/1.0" 200 245 "-" "Mozilla/5.0 (compatible; Linespider/1.1; +https://lin.ee/4dwXkTH)"
185.191.171.40 - - [06/May/2022:16:29:43 +0200] "GET /magnet-citron-p-40117.html HTTP/1.0" 200 73484 "-" "Mozilla/5.0 (compatible; SemrushBot/7~bl; +http://www.semrush.com/bot.html)"
185.191.171.19 - - [06/May/2022:16:29:46 +0200] "GET /york-yankees-fountain-p-26288.html?action=add_product HTTP/1.0" 302 476 "-" "Mozilla/5.0 (compatible; SemrushBot/7~bl; +http://www.semrush.com/bot.html)"
147.92.153.19 - - [06/May/2022:16:29:52 +0200] "GET /white-salmon-ceramic-lamp-p-58099.html HTTP/1.0" 200 74171 "-" "Mozilla/5.0 (compatible; Linespider/1.1; +https://lin.ee/4dwXkTH)"
147.92.153.12 - - [06/May/2022:16:29:56 +0200] "GET /swfobject.js HTTP/1.0" 404 1308 "http://www.wonder-geek.com/white-salmon-ceramic-lamp-p-58099.html" "Mozilla/5.0 (X11; Linux x86_64) AppleWebKit/537.36 (KHTML, like Gecko) HeadlessChrome/96.0.4664.0 Safari/537.36"
40.77.167.13 - - [06/May/2022:16:29:58 +0200] "GET /brass-compass-ornament-p-36668.html HTTP/1.0" 200 73429 "-" "Mozilla/5.0 (compatible; bingbot/2.0; +http://www.bing.com/bingbot.htm)"
54.36.148.243 - - [06/May/2022:16:30:02 +0200] "GET /kothai-p-13759.html HTTP/1.0" 200 73339 "-" "Mozilla/5.0 (compatible; AhrefsBot/7.0; +http://ahrefs.com/robot/)"
54.36.149.87 - - [06/May/2022:16:30:06 +0200] "GET /images/3281640395399.jpg HTTP/1.0" 200 259 "-" "Mozilla/5.0 (compatible; AhrefsBot/7.0; +http://ahrefs.com/robot/)"
185.191.171.21 - - [06/May/2022:16:30:19 +0200] "GET /boho-decorative-metal-plate-p-52886.html?action=add_product HTTP/1.0" 302 476 "-" "Mozilla/5.0 (compatible; SemrushBot/7~bl; +http://www.semrush.com/bot.html)"
40.77.167.13 - - [06/May/2022:16:30:37 +0200] "GET /-p-18026.html HTTP/1.0" 200 70808 "-" "Mozilla/5.0 (compatible; bingbot/2.0; +http://www.bing.com/bingbot.htm)"
157.55.39.105 - - [06/May/2022:16:30:38 +0200] "GET /-p-34076.html HTTP/1.0" 200 70808 "-" "Mozilla/5.0 (compatible; bingbot/2.0; +http://www.bing.com/bingbot.htm)"
54.36.148.243 - - [06/May/2022:16:31:04 +0200] "GET /placemat-little-prince-p-56252.html HTTP/1.0" 200 73445 "-" "Mozilla/5.0 (compatible; AhrefsBot/7.0; +http://ahrefs.com/robot/)"
54.36.148.127 - - [06/May/2022:16:31:09 +0200] "GET /images/big_prod/3713572754642a.jpg HTTP/1.0" 200 269 "-" "Mozilla/5.0 (compatible; AhrefsBot/7.0; +http://ahrefs.com/robot/)"
51.68.224.127 - - [06/May/2022:16:31:15 +0200] "GET /adminweb/export_orders_xml.php?token=256de2z6edz6ed2z6DFSFsed2zed6zeDSFDSGdzedezfzf&maxorders=10&orderstart=1&status=14&start_date=2018-10-01 HTTP/1.0" 200 285 "-" "GesCom CharlotteBoutik Serveur"
51.68.224.127 - - [06/May/2022:16:31:15 +0200] "GET /adminweb/export_orders_xml.php?token=256de2z6edz6ed2z6DFSFsed2zed6zeDSFDSGdzedezfzf&maxorders=10&orderstart=1&status=6&start_date=2018-10-01 HTTP/1.0" 200 32798 "-" "GesCom CharlotteBoutik Serveur"
185.191.171.33 - - [06/May/2022:16:31:22 +0200] "GET /harley-davidson-cork-coaster-p-37064.html HTTP/1.0" 200 70910 "-" "Mozilla/5.0 (compatible; SemrushBot/7~bl; +http://www.semrush.com/bot.html)"
185.191.171.14 - - [06/May/2022:16:31:30 +0200] "GET /donald-duck-great-wall-sticker-repositionable-p-18831.html HTTP/1.0" 200 73789 "-" "Mozilla/5.0 (compatible; SemrushBot/7~bl; +http://www.semrush.com/bot.html)"
64.62.252.162 - - [06/May/2022:16:31:42 +0200] "GET /robots.txt HTTP/1.0" 200 245 "-" "The Knowledge AI"
64.62.252.162 - - [06/May/2022:16:31:42 +0200] "GET /checkout_shipping.php HTTP/1.0" 302 468 "-" "The Knowledge AI"
54.36.148.243 - - [06/May/2022:16:31:54 +0200] "GET /transparent-rectangular-plastic-tablecloth-p-56699.html HTTP/1.0" 200 73680 "-" "Mozilla/5.0 (compatible; AhrefsBot/7.0; +http://ahrefs.com/robot/)"
77.88.5.208 - - [06/May/2022:16:32:17 +0200] "GET /stone-labradorite-grams-p-46589.html HTTP/1.0" 200 70912 "-" "Mozilla/5.0 (compatible; YandexBot/3.0; +http://yandex.com/bots)"
185.191.171.26 - - [06/May/2022:16:32:49 +0200] "GET /lamp-buddha-blue-p-44892.html?action=add_product HTTP/1.0" 302 476 "-" "Mozilla/5.0 (compatible; SemrushBot/7~bl; +http://www.semrush.com/bot.html)"
54.36.148.243 - - [06/May/2022:16:32:56 +0200] "GET /moulin-rouge-large-metal-plate-p-15321.html HTTP/1.0" 200 75733 "-" "Mozilla/5.0 (compatible; AhrefsBot/7.0; +http://ahrefs.com/robot/)"
54.36.148.11 - - [06/May/2022:16:33:02 +0200] "GET /images/3540943102371.jpg HTTP/1.0" 200 259 "-" "Mozilla/5.0 (compatible; AhrefsBot/7.0; +http://ahrefs.com/robot/)"
64.62.252.162 - - [06/May/2022:16:33:06 +0200] "GET /specials.php HTTP/1.0" 200 124439 "-" "The Knowledge AI"
40.77.167.0 - - [06/May/2022:16:33:13 +0200] "GET /gogh-nuit-toile-tote-p-47659.html HTTP/1.0" 200 74180 "-" "Mozilla/5.0 (compatible; bingbot/2.0; +http://www.bing.com/bingbot.htm)"
64.62.252.162 - - [06/May/2022:16:33:19 +0200] "GET /products_new.php HTTP/1.0" 200 95589 "-" "The Knowledge AI"
40.77.167.0 - - [06/May/2022:16:33:23 +0200] "GET /cement-tile-stickers-15-15-cm-p-51630.html HTTP/1.0" 301 74465 "-" "Mozilla/5.0 (compatible; bingbot/2.0; +http://www.bing.com/bingbot.htm)"
77.88.5.208 - - [06/May/2022:16:33:27 +0200] "GET /lampshades-c-86_277.html HTTP/1.0" 200 89112 "-" "Mozilla/5.0 (compatible; YandexBot/3.0; +http://yandex.com/bots)"
77.88.5.208 - - [06/May/2022:16:33:30 +0200] "GET /paperweight-c-129_188.html HTTP/1.0" 200 91423 "-" "Mozilla/5.0 (compatible; YandexBot/3.0; +http://yandex.com/bots)"
77.88.5.208 - - [06/May/2022:16:33:32 +0200] "GET /decorative-earth-globes-c-13_233.html HTTP/1.0" 200 89206 "-" "Mozilla/5.0 (compatible; YandexBot/3.0; +http://yandex.com/bots)"
64.62.252.162 - - [06/May/2022:16:33:32 +0200] "GET /dishes-c-12.html HTTP/1.0" 200 91644 "-" "The Knowledge AI"
77.88.5.208 - - [06/May/2022:16:33:34 +0200] "GET /bathroom-accessories-c-13_172.html HTTP/1.0" 200 91074 "-" "Mozilla/5.0 (compatible; YandexBot/3.0; +http://yandex.com/bots)"
64.62.252.162 - - [06/May/2022:16:33:46 +0200] "GET /adaptable-decorative-caps-c-12_249.html HTTP/1.0" 200 79432 "-" "The Knowledge AI"
54.36.148.243 - - [06/May/2022:16:33:51 +0200] "GET /salvador-dali-kneeling-woman-p-39719.html HTTP/1.0" 200 73499 "-" "Mozilla/5.0 (compatible; AhrefsBot/7.0; +http://ahrefs.com/robot/)"
64.62.252.162 - - [06/May/2022:16:33:58 +0200] "GET /barbecue-aperitif-c-12_254.html HTTP/1.0" 200 90185 "-" "The Knowledge AI"
185.191.171.26 - - [06/May/2022:16:34:06 +0200] "GET /oldsmobile-canvas-frame-p-19744.html?action=add_product HTTP/1.0" 302 476 "-" "Mozilla/5.0 (compatible; SemrushBot/7~bl; +http://www.semrush.com/bot.html)"
64.62.252.162 - - [06/May/2022:16:34:10 +0200] "GET /bottle-holder-beer-bucket-c-12_224.html HTTP/1.0" 200 90930 "-" "The Knowledge AI"
64.62.252.162 - - [06/May/2022:16:34:23 +0200] "GET /bowls-c-12_255.html HTTP/1.0" 200 78687 "-" "The Knowledge AI"
64.62.252.162 - - [06/May/2022:16:34:35 +0200] "GET /bowls-c-12_60.html HTTP/1.0" 200 93332 "-" "The Knowledge AI"
66.249.64.146 - - [06/May/2022:16:34:37 +0200] "GET /foxes-tray-autumn-melamine-p-45557.html HTTP/1.0" 200 73600 "-" "Mozilla/5.0 (Linux; Android 6.0.1; Nexus 5X Build/MMB29P) AppleWebKit/537.36 (KHTML, like Gecko) Chrome/100.0.4896.127 Mobile Safari/537.36 (compatible; Googlebot/2.1; +http://www.google.com/bot.html)"
54.36.148.243 - - [06/May/2022:16:34:45 +0200] "GET /fire-departement-metal-plate-deco-p-45220.html HTTP/1.0" 200 73603 "-" "Mozilla/5.0 (compatible; AhrefsBot/7.0; +http://ahrefs.com/robot/)"
185.191.171.8 - - [06/May/2022:16:34:46 +0200] "GET /cement-tile-stickers-p-51622.html?action=add_product HTTP/1.0" 302 476 "-" "Mozilla/5.0 (compatible; SemrushBot/7~bl; +http://www.semrush.com/bot.html)"
64.62.252.162 - - [06/May/2022:16:34:47 +0200] "GET /butter-dish-c-12_222.html HTTP/1.0" 200 84924 "-" "The Knowledge AI"
40.77.167.13 - - [06/May/2022:16:34:57 +0200] "GET /-p-37016.html HTTP/1.0" 200 70808 "-" "Mozilla/5.0 (compatible; bingbot/2.0; +http://www.bing.com/bingbot.htm)"
64.62.252.162 - - [06/May/2022:16:35:00 +0200] "GET /cake-molds-cube-molds-c-12_246.html HTTP/1.0" 200 85773 "-" "The Knowledge AI"
64.62.252.162 - - [06/May/2022:16:35:12 +0200] "GET /cellar-slicer-sausage-c-12_252.html HTTP/1.0" 200 82185 "-" "The Knowledge AI"
66.249.64.158 - - [06/May/2022:16:35:16 +0200] "GET /jane-crowther-black-p-53852.html HTTP/1.0" 200 74191 "-" "Mozilla/5.0 (compatible; Googlebot/2.1; +http://www.google.com/bot.html)"
185.191.171.42 - - [06/May/2022:16:35:21 +0200] "GET /tropical-white-porcelain-bowl-p-56182.html?action=add_product HTTP/1.0" 302 476 "-" "Mozilla/5.0 (compatible; SemrushBot/7~bl; +http://www.semrush.com/bot.html)"
64.62.252.162 - - [06/May/2022:16:35:24 +0200] "GET /coasters-c-12_157.html HTTP/1.0" 200 92751 "-" "The Knowledge AI"
157.55.39.105 - - [06/May/2022:16:35:28 +0200] "GET /-p-32185.html HTTP/1.0" 200 70808 "-" "Mozilla/5.0 (compatible; bingbot/2.0; +http://www.bing.com/bingbot.htm)"
64.62.252.162 - - [06/May/2022:16:35:36 +0200] "GET /corkscrew-bottle-opener-sommelier-c-12_213.html HTTP/1.0" 200 90861 "-" "The Knowledge AI"
64.62.252.162 - - [06/May/2022:16:35:49 +0200] "GET /dishes-dishes-c-12_251.html HTTP/1.0" 200 89940 "-" "The Knowledge AI"
54.36.148.243 - - [06/May/2022:16:35:51 +0200] "GET /rodin-secret-figurine-p-56858.html HTTP/1.0" 200 74139 "-" "Mozilla/5.0 (compatible; AhrefsBot/7.0; +http://ahrefs.com/robot/)"
185.191.171.34 - - [06/May/2022:16:35:53 +0200] "GET /paris-aime-mini-p-28380.html?action=add_product HTTP/1.0" 302 476 "-" "Mozilla/5.0 (compatible; SemrushBot/7~bl; +http://www.semrush.com/bot.html)"
47.254.91.80 - - [06/May/2022:16:35:55 +0200] "GET /images/mini_prod/3503420168284.jpg HTTP/1.0" 200 269 "-" "Mozilla/5.0 (X11; Ubuntu; Linux x86_64; rv:72.0) Gecko/20100101 Firefox/72.0"
40.77.167.13 - - [06/May/2022:16:35:58 +0200] "GET /motorcycle-tank-wall-decor-p-51445.html HTTP/1.0" 200 73530 "-" "Mozilla/5.0 (compatible; bingbot/2.0; +http://www.bing.com/bingbot.htm)"
64.62.252.162 - - [06/May/2022:16:36:02 +0200] "GET /cups-c-12_248.html HTTP/1.0" 200 85959 "-" "The Knowledge AI"
64.62.252.162 - - [06/May/2022:16:36:14 +0200] "GET /flasks-c-12_245.html HTTP/1.0" 200 80020 "-" "The Knowledge AI"
64.62.252.162 - - [06/May/2022:16:36:26 +0200] "GET /flatwares-c-12_63.html HTTP/1.0" 200 89963 "-" "The Knowledge AI"
64.62.252.162 - - [06/May/2022:16:36:39 +0200] "GET /glasses-drinking-c-12_62.html HTTP/1.0" 200 90742 "-" "The Knowledge AI"
54.36.148.243 - - [06/May/2022:16:36:48 +0200] "GET /kenya-keychain-family-p-57391.html HTTP/1.0" 200 75027 "-" "Mozilla/5.0 (compatible; AhrefsBot/7.0; +http://ahrefs.com/robot/)"
64.62.252.162 - - [06/May/2022:16:36:52 +0200] "GET /with-infuser-c-12_221.html HTTP/1.0" 200 91487 "-" "The Knowledge AI"
64.62.252.162 - - [06/May/2022:16:37:04 +0200] "GET /mugs-mazagrans-c-12_57.html HTTP/1.0" 200 96509 "-" "The Knowledge AI"
64.62.252.162 - - [06/May/2022:16:37:17 +0200] "GET /paper-towel-dispenser-c-12_253.html HTTP/1.0" 200 78947 "-" "The Knowledge AI"
64.62.252.162 - - [06/May/2022:16:37:29 +0200] "GET /partys-decoration-c-12_51.html HTTP/1.0" 200 69779 "-" "The Knowledge AI"
64.62.252.162 - - [06/May/2022:16:37:41 +0200] "GET /pitchers-drink-dispensers-c-12_243.html HTTP/1.0" 200 90125 "-" "The Knowledge AI"
54.36.148.243 - - [06/May/2022:16:37:44 +0200] "GET /with-infuser-cats-p-54480.html HTTP/1.0" 200 73593 "-" "Mozilla/5.0 (compatible; AhrefsBot/7.0; +http://ahrefs.com/robot/)"
64.62.252.162 - - [06/May/2022:16:37:54 +0200] "GET /placemats-c-12_156.html HTTP/1.0" 200 92874 "-" "The Knowledge AI"
54.36.148.19 - - [06/May/2022:16:38:05 +0200] "GET /urban-life-flask-p-27934.html HTTP/1.0" 301 70875 "-" "Mozilla/5.0 (compatible; AhrefsBot/7.0; +http://ahrefs.com/robot/)"
64.62.252.162 - - [06/May/2022:16:38:06 +0200] "GET /plates-cups-c-12_58.html HTTP/1.0" 200 79540 "-" "The Knowledge AI"
185.191.171.26 - - [06/May/2022:16:38:16 +0200] "GET /mirror-structure-golden-curved-discs-p-49681.html?action=add_product HTTP/1.0" 302 476 "-" "Mozilla/5.0 (compatible; SemrushBot/7~bl; +http://www.semrush.com/bot.html)"
64.62.252.162 - - [06/May/2022:16:38:19 +0200] "GET /pots-cookie-jars-c-12_250.html HTTP/1.0" 200 90511 "-" "The Knowledge AI"
157.55.39.172 - - [06/May/2022:16:38:27 +0200] "GET /-p-28877.html HTTP/1.0" 200 70808 "-" "Mozilla/5.0 (compatible; bingbot/2.0; +http://www.bing.com/bingbot.htm)"
64.62.252.162 - - [06/May/2022:16:38:31 +0200] "GET /salt-pepper-shaker-sets-c-12_160.html HTTP/1.0" 200 91021 "-" "The Knowledge AI"
64.62.252.162 - - [06/May/2022:16:38:44 +0200] "GET /salt-boxes-jars-c-12_223.html HTTP/1.0" 200 91007 "-" "The Knowledge AI"
64.62.252.162 - - [06/May/2022:16:38:56 +0200] "GET /breakfast-c-12_61.html HTTP/1.0" 200 91856 "-" "The Knowledge AI"
185.191.171.12 - - [06/May/2022:16:39:04 +0200] "GET /britto-photo-frame-p-33333.html?action=add_product HTTP/1.0" 302 476 "-" "Mozilla/5.0 (compatible; SemrushBot/7~bl; +http://www.semrush.com/bot.html)"
185.191.171.10 - - [06/May/2022:16:39:07 +0200] "GET /flower-life-isothermic-stainless-steel-bottle-cbkreation-p-51014.html HTTP/1.0" 200 73728 "-" "Mozilla/5.0 (compatible; SemrushBot/7~bl; +http://www.semrush.com/bot.html)"
54.36.148.243 - - [06/May/2022:16:39:26 +0200] "GET /fitted-sheet-cotton-percale-threads-p-51250.html HTTP/1.0" 200 74436 "-" "Mozilla/5.0 (compatible; AhrefsBot/7.0; +http://ahrefs.com/robot/)"
157.55.39.105 - - [06/May/2022:16:39:28 +0200] "GET /-p-25055.html HTTP/1.0" 200 70808 "-" "Mozilla/5.0 (compatible; bingbot/2.0; +http://www.bing.com/bingbot.htm)"
185.191.171.39 - - [06/May/2022:16:39:35 +0200] "GET /cake-keyring-cbkreation-p-43226.html HTTP/1.0" 200 73544 "-" "Mozilla/5.0 (compatible; SemrushBot/7~bl; +http://www.semrush.com/bot.html)"
40.77.167.13 - - [06/May/2022:16:40:08 +0200] "GET /-p-22682.html HTTP/1.0" 200 70808 "-" "Mozilla/5.0 (compatible; bingbot/2.0; +http://www.bing.com/bingbot.htm)"
157.55.39.172 - - [06/May/2022:16:40:17 +0200] "GET /tennis-player-statuette-p-51567.html HTTP/1.0" 200 73491 "-" "Mozilla/5.0 (compatible; bingbot/2.0; +http://www.bing.com/bingbot.htm)"
54.36.148.243 - - [06/May/2022:16:40:18 +0200] "GET /australia-keychain-family-p-57392.html HTTP/1.0" 200 75118 "-" "Mozilla/5.0 (compatible; AhrefsBot/7.0; +http://ahrefs.com/robot/)"
54.36.149.15 - - [06/May/2022:16:40:22 +0200] "GET /images/big_prod_1/9316188090933B.jpg HTTP/1.0" 200 271 "-" "Mozilla/5.0 (compatible; AhrefsBot/7.0; +http://ahrefs.com/robot/)"
54.36.148.82 - - [06/May/2022:16:40:23 +0200] "GET /images/big_prod/9316188090933.jpg HTTP/1.0" 200 268 "-" "Mozilla/5.0 (compatible; AhrefsBot/7.0; +http://ahrefs.com/robot/)"
64.62.252.162 - - [06/May/2022:16:40:30 +0200] "GET /sponge-stand-c-12_256.html HTTP/1.0" 200 78001 "-" "The Knowledge AI"
64.62.252.162 - - [06/May/2022:16:40:43 +0200] "GET /suitcase-lunch-lunch-c-12_64.html HTTP/1.0" 200 81955 "-" "The Knowledge AI"
185.191.171.44 - - [06/May/2022:16:40:52 +0200] "GET /robots.txt HTTP/1.0" 200 245 "-" "Mozilla/5.0 (compatible; SemrushBot/7~bl; +http://www.semrush.com/bot.html)"
185.191.171.19 - - [06/May/2022:16:40:52 +0200] "GET /-p-48305.html?action=add_product HTTP/1.0" 302 476 "-" "Mozilla/5.0 (compatible; SemrushBot/7~bl; +http://www.semrush.com/bot.html)"
64.62.252.162 - - [06/May/2022:16:40:55 +0200] "GET /infuser-rest-c-12_247.html HTTP/1.0" 200 89720 "-" "The Knowledge AI"
64.62.252.162 - - [06/May/2022:16:41:07 +0200] "GET /tea-pot-c-12_175.html HTTP/1.0" 200 91632 "-" "The Knowledge AI"
54.36.148.243 - - [06/May/2022:16:41:18 +0200] "GET /tassen-mood-made-germany-p-43323.html HTTP/1.0" 200 73630 "-" "Mozilla/5.0 (compatible; AhrefsBot/7.0; +http://ahrefs.com/robot/)"
64.62.252.162 - - [06/May/2022:16:41:20 +0200] "GET /towel-dispenser-c-12_225.html HTTP/1.0" 200 85041 "-" "The Knowledge AI"
54.36.148.184 - - [06/May/2022:16:41:23 +0200] "GET /images/big_prod/4250255858956.jpg HTTP/1.0" 200 268 "-" "Mozilla/5.0 (compatible; AhrefsBot/7.0; +http://ahrefs.com/robot/)"
64.62.252.162 - - [06/May/2022:16:41:32 +0200] "GET /trays-c-12_159.html HTTP/1.0" 200 92499 "-" "The Knowledge AI"
64.62.252.162 - - [06/May/2022:16:41:45 +0200] "GET /large-maxi-trays-c-12_159_262.html HTTP/1.0" 200 89952 "-" "The Knowledge AI"
64.62.252.162 - - [06/May/2022:16:41:57 +0200] "GET /mini-trays-c-12_159_260.html HTTP/1.0" 200 92906 "-" "The Knowledge AI"
77.88.5.208 - - [06/May/2022:16:41:58 +0200] "GET /smokers-items-c-3_112.html?page=5 HTTP/1.0" 200 92664 "-" "Mozilla/5.0 (compatible; YandexBot/3.0; +http://yandex.com/bots)"
157.55.39.101 - - [06/May/2022:16:42:05 +0200] "GET /-p-29836.html HTTP/1.0" 200 70808 "-" "Mozilla/5.0 (compatible; bingbot/2.0; +http://www.bing.com/bingbot.htm)"
64.62.252.162 - - [06/May/2022:16:42:09 +0200] "GET /round-trays-c-12_159_263.html HTTP/1.0" 200 91106 "-" "The Knowledge AI"
185.191.171.41 - - [06/May/2022:16:42:09 +0200] "GET /sonny-angel-christmas-limited-series-2020-p-53389.html HTTP/1.0" 200 74396 "-" "Mozilla/5.0 (compatible; SemrushBot/7~bl; +http://www.semrush.com/bot.html)"
54.36.148.243 - - [06/May/2022:16:42:10 +0200] "GET /wall-sticker-p-57501.html HTTP/1.0" 200 73459 "-" "Mozilla/5.0 (compatible; AhrefsBot/7.0; +http://ahrefs.com/robot/)"
64.62.252.162 - - [06/May/2022:16:42:22 +0200] "GET /small-trays-c-12_159_261.html HTTP/1.0" 200 90248 "-" "The Knowledge AI"
64.62.252.162 - - [06/May/2022:16:42:34 +0200] "GET /storage-cups-c-12_159_264.html HTTP/1.0" 200 90858 "-" "The Knowledge AI"
185.191.171.9 - - [06/May/2022:16:42:39 +0200] "GET /tetsubin-green-teapot-japanese-liter-p-56022.html?action=add_product HTTP/1.0" 302 476 "-" "Mozilla/5.0 (compatible; SemrushBot/7~bl; +http://www.semrush.com/bot.html)"
47.254.91.81 - - [06/May/2022:16:42:45 +0200] "GET /images/mini_prod/3453131153164.jpg HTTP/1.0" 200 269 "-" "Mozilla/5.0 (X11; Ubuntu; Linux x86_64; rv:72.0) Gecko/20100101 Firefox/72.0"
64.62.252.162 - - [06/May/2022:16:42:46 +0200] "GET /trays-medium-size-c-12_159_265.html HTTP/1.0" 200 90994 "-" "The Knowledge AI"
64.62.252.162 - - [06/May/2022:16:42:59 +0200] "GET /trivet-boards-c-12_158.html HTTP/1.0" 200 94664 "-" "The Knowledge AI"
54.36.148.243 - - [06/May/2022:16:43:07 +0200] "GET /repositionable-wall-stickers-p-28115.html HTTP/1.0" 200 73733 "-" "Mozilla/5.0 (compatible; AhrefsBot/7.0; +http://ahrefs.com/robot/)"
64.62.252.162 - - [06/May/2022:16:43:12 +0200] "GET /utensil-cutlery-c-12_244.html HTTP/1.0" 200 90351 "-" "The Knowledge AI"
185.191.171.25 - - [06/May/2022:16:43:17 +0200] "GET /angel-glitter-ball-p-27610.html HTTP/1.0" 200 73664 "-" "Mozilla/5.0 (compatible; SemrushBot/7~bl; +http://www.semrush.com/bot.html)"
64.62.252.162 - - [06/May/2022:16:43:24 +0200] "GET /water-bottles-sport-bottles-c-12_161.html HTTP/1.0" 200 93510 "-" "The Knowledge AI"
64.62.252.162 - - [06/May/2022:16:43:37 +0200] "GET /difference-accessoriess-c-12_59.html HTTP/1.0" 200 89531 "-" "The Knowledge AI"
40.77.167.13 - - [06/May/2022:16:43:48 +0200] "GET /zen-fantasy-bedclothes-240-220-cm-p-39078.html HTTP/1.0" 301 70875 "-" "Mozilla/5.0 (compatible; bingbot/2.0; +http://www.bing.com/bingbot.htm)"
64.62.252.162 - - [06/May/2022:16:43:50 +0200] "GET /esotericism-lithotherapy-c-174.html HTTP/1.0" 200 90733 "-" "The Knowledge AI"
54.36.148.243 - - [06/May/2022:16:44:00 +0200] "GET /slate-baseball-helmet-metal-black-p-45432.html HTTP/1.0" 200 73569 "-" "Mozilla/5.0 (compatible; AhrefsBot/7.0; +http://ahrefs.com/robot/)"
207.46.13.182 - - [06/May/2022:16:44:01 +0200] "GET /-p-34776.html HTTP/1.0" 200 70808 "-" "Mozilla/5.0 (compatible; bingbot/2.0; +http://www.bing.com/bingbot.htm)"
64.62.252.162 - - [06/May/2022:16:44:02 +0200] "GET /fragrances-ambiance-c-231.html HTTP/1.0" 200 92956 "-" "The Knowledge AI"
64.62.252.162 - - [06/May/2022:16:44:15 +0200] "GET /diffuser-perfume-essential-oils-c-231_162.html HTTP/1.0" 200 91004 "-" "The Knowledge AI"
64.62.252.162 - - [06/May/2022:16:44:27 +0200] "GET /fragrance-case-cabinet-diffuser-c-231_228.html HTTP/1.0" 200 90636 "-" "The Knowledge AI"
185.191.171.14 - - [06/May/2022:16:44:29 +0200] "GET /white-whale-table-lamp-p-46361.html HTTP/1.0" 200 70886 "-" "Mozilla/5.0 (compatible; SemrushBot/7~bl; +http://www.semrush.com/bot.html)"
66.249.64.152 - - [06/May/2022:16:44:38 +0200] "GET /array-m-7.html HTTP/1.0" 200 91251 "-" "Mozilla/5.0 (compatible; Googlebot/2.1; +http://www.google.com/bot.html)"
64.62.252.162 - - [06/May/2022:16:44:40 +0200] "GET /incense-c-231_226.html HTTP/1.0" 200 92313 "-" "The Knowledge AI"
66.249.64.152 - - [06/May/2022:16:44:44 +0200] "GET /js/jquery.masonry.min.js HTTP/1.0" 200 264 "http://www.wonder-geek.com/array-m-7.html" "Mozilla/5.0 AppleWebKit/537.36 (KHTML, like Gecko; compatible; Googlebot/2.1; +http://www.google.com/bot.html) Chrome/100.0.4896.127 Safari/537.36"
17.121.113.52 - - [06/May/2022:16:44:43 +0200] "GET /ocean-musical-jewelry-p-57011.html HTTP/1.0" 200 74467 "-" "Mozilla/5.0 (Macintosh; Intel Mac OS X 10_15_5) AppleWebKit/605.1.15 (KHTML, like Gecko) Version/13.1.1 Safari/605.1.15 (Applebot/0.1; +http://www.apple.com/go/applebot)"
17.121.112.102 - - [06/May/2022:16:44:45 +0200] "GET /heritage-1875-rtro-malle-p-45883.html HTTP/1.0" 200 70902 "-" "Mozilla/5.0 (Macintosh; Intel Mac OS X 10_15_5) AppleWebKit/605.1.15 (KHTML, like Gecko) Version/13.1.1 Safari/605.1.15 (Applebot/0.1; +http://www.apple.com/go/applebot)"
64.62.252.162 - - [06/May/2022:16:44:53 +0200] "GET /incense-holder-incense-burner-c-231_229.html HTTP/1.0" 200 91515 "-" "The Knowledge AI"
54.36.148.243 - - [06/May/2022:16:44:54 +0200] "GET /hello-kitty-large-backpack-p-19832.html HTTP/1.0" 200 73535 "-" "Mozilla/5.0 (compatible; AhrefsBot/7.0; +http://ahrefs.com/robot/)"
40.77.167.13 - - [06/May/2022:16:44:59 +0200] "GET /candy-cloud-bamboo-cup-sprinkles-p-51808.html HTTP/1.0" 301 70985 "-" "Mozilla/5.0 (compatible; bingbot/2.0; +http://www.bing.com/bingbot.htm)"
64.62.252.162 - - [06/May/2022:16:45:05 +0200] "GET /perfumes-interior-c-231_234.html HTTP/1.0" 200 92229 "-" "The Knowledge AI"
64.62.252.162 - - [06/May/2022:16:45:18 +0200] "GET /scented-candles-novenas-c-231_227.html HTTP/1.0" 200 94089 "-" "The Knowledge AI"
157.55.39.172 - - [06/May/2022:16:45:28 +0200] "GET /-p-35286.html HTTP/1.0" 200 70808 "-" "Mozilla/5.0 (compatible; bingbot/2.0; +http://www.bing.com/bingbot.htm)"
64.62.252.162 - - [06/May/2022:16:45:30 +0200] "GET /tealight-holders-candle-holders-c-231_230.html HTTP/1.0" 200 92533 "-" "The Knowledge AI"
185.191.171.18 - - [06/May/2022:16:45:41 +0200] "GET /paris-kitchen-apron-adult-p-28591.html HTTP/1.0" 200 73428 "-" "Mozilla/5.0 (compatible; SemrushBot/7~bl; +http://www.semrush.com/bot.html)"
64.62.252.162 - - [06/May/2022:16:45:42 +0200] "GET /home-decoration-c-13.html HTTP/1.0" 200 92710 "-" "The Knowledge AI"
54.36.148.243 - - [06/May/2022:16:45:47 +0200] "GET /zodiac-high-ceramic-p-30779.html HTTP/1.0" 200 73400 "-" "Mozilla/5.0 (compatible; AhrefsBot/7.0; +http://ahrefs.com/robot/)"
185.191.171.36 - - [06/May/2022:16:45:49 +0200] "GET /little-buddha-happy-statue-p-37709.html?action=add_product HTTP/1.0" 302 476 "-" "Mozilla/5.0 (compatible; SemrushBot/7~bl; +http://www.semrush.com/bot.html)"
64.62.252.162 - - [06/May/2022:16:45:56 +0200] "GET /animated-figurines-solar-flowers-c-13_273.html HTTP/1.0" 200 81030 "-" "The Knowledge AI"
64.62.252.162 - - [06/May/2022:16:46:08 +0200] "GET /ashtrays-c-13_240.html HTTP/1.0" 200 92257 "-" "The Knowledge AI"
64.62.252.162 - - [06/May/2022:16:46:21 +0200] "GET /bathroom-accessories-c-13_172.html HTTP/1.0" 200 91074 "-" "The Knowledge AI"
54.36.148.243 - - [06/May/2022:16:46:41 +0200] "GET /jane-crowther-ziggy-p-53854.html HTTP/1.0" 200 74180 "-" "Mozilla/5.0 (compatible; AhrefsBot/7.0; +http://ahrefs.com/robot/)"
40.77.167.13 - - [06/May/2022:16:46:48 +0200] "GET /burgundy-japanese-enameled-cast-iron-teapot-liter-p-57691.html HTTP/1.0" 200 74544 "-" "Mozilla/5.0 (compatible; bingbot/2.0; +http://www.bing.com/bingbot.htm)"
185.191.171.35 - - [06/May/2022:16:46:51 +0200] "GET /cotton-kitchen-towel-tout-travail-mrite-bire-p-55954.html HTTP/1.0" 200 73631 "-" "Mozilla/5.0 (compatible; SemrushBot/7~bl; +http://www.semrush.com/bot.html)"
40.77.167.13 - - [06/May/2022:16:47:09 +0200] "GET /-p-29890.html HTTP/1.0" 200 70808 "-" "Mozilla/5.0 AppleWebKit/537.36 (KHTML, like Gecko; compatible; bingbot/2.0; +http://www.bing.com/bingbot.htm) Chrome/100.0.4896.127 Safari/537.36"
51.68.224.127 - - [06/May/2022:16:47:22 +0200] "GET /adminweb/export_orders_xml.php?token=256de2z6edz6ed2z6DFSFsed2zed6zeDSFDSGdzedezfzf&maxorders=10&orderstart=1&status=14&start_date=2018-10-01 HTTP/1.0" 200 285 "-" "GesCom CharlotteBoutik Serveur"
51.68.224.127 - - [06/May/2022:16:47:22 +0200] "GET /adminweb/export_orders_xml.php?token=256de2z6edz6ed2z6DFSFsed2zed6zeDSFDSGdzedezfzf&maxorders=10&orderstart=1&status=6&start_date=2018-10-01 HTTP/1.0" 200 32798 "-" "GesCom CharlotteBoutik Serveur"
54.36.148.243 - - [06/May/2022:16:47:31 +0200] "GET /taiji-quan-statuette-model-p-50080.html HTTP/1.0" 200 73547 "-" "Mozilla/5.0 (compatible; AhrefsBot/7.0; +http://ahrefs.com/robot/)"
64.62.252.162 - - [06/May/2022:16:47:44 +0200] "GET /bell-wall-bell-c-13_270.html HTTP/1.0" 200 89885 "-" "The Knowledge AI"
64.62.252.162 - - [06/May/2022:16:47:56 +0200] "GET /bookend-c-13_202.html HTTP/1.0" 200 89359 "-" "The Knowledge AI"
185.191.171.1 - - [06/May/2022:16:48:06 +0200] "GET /pink-globe-decoration-p-51769.html?action=add_product HTTP/1.0" 302 476 "-" "Mozilla/5.0 (compatible; SemrushBot/7~bl; +http://www.semrush.com/bot.html)"
64.62.252.162 - - [06/May/2022:16:48:09 +0200] "GET /boxes-storage-c-13_150.html HTTP/1.0" 200 94908 "-" "The Knowledge AI"
47.254.23.237 - - [06/May/2022:16:48:21 +0200] "GET /images/mini_prod/4029811336333.jpg HTTP/1.0" 200 269 "-" "Mozilla/5.0 (X11; Ubuntu; Linux x86_64; rv:72.0) Gecko/20100101 Firefox/72.0"
64.62.252.162 - - [06/May/2022:16:48:21 +0200] "GET /good-point-c-13_150_151.html HTTP/1.0" 200 79961 "-" "The Knowledge AI"
54.36.148.243 - - [06/May/2022:16:48:25 +0200] "GET /jane-crowther-cats-p-53870.html HTTP/1.0" 200 73458 "-" "Mozilla/5.0 (compatible; AhrefsBot/7.0; +http://ahrefs.com/robot/)"
54.36.148.80 - - [06/May/2022:16:48:29 +0200] "GET /images/big_prod/3700572715186.jpg HTTP/1.0" 200 268 "-" "Mozilla/5.0 (compatible; AhrefsBot/7.0; +http://ahrefs.com/robot/)"
64.62.252.162 - - [06/May/2022:16:48:33 +0200] "GET /boxes-storage-ceramics-c-13_150_219.html HTTP/1.0" 200 78230 "-" "The Knowledge AI"
185.191.171.23 - - [06/May/2022:16:48:38 +0200] "GET /allen-pill-make-happen-p-51385.html?action=add_product HTTP/1.0" 302 476 "-" "Mozilla/5.0 (compatible; SemrushBot/7~bl; +http://www.semrush.com/bot.html)"
40.77.167.0 - - [06/May/2022:16:48:44 +0200] "GET /decorative-wooden-plate-chien-mechant-light-brown-p-47800.html HTTP/1.0" 301 74000 "-" "Mozilla/5.0 (compatible; bingbot/2.0; +http://www.bing.com/bingbot.htm)"
64.62.252.162 - - [06/May/2022:16:48:46 +0200] "GET /boxes-textile-storage-c-13_150_215.html HTTP/1.0" 200 78646 "-" "The Knowledge AI"
66.249.64.152 - - [06/May/2022:16:48:53 +0200] "GET /images/big_prod/3700572739908b.jpg HTTP/1.0" 200 269 "-" "Googlebot-Image/1.0"
185.191.171.11 - - [06/May/2022:16:48:57 +0200] "GET /aquamarine-rune-oracle-velvet-p-53558.html?action=add_product HTTP/1.0" 302 476 "-" "Mozilla/5.0 (compatible; SemrushBot/7~bl; +http://www.semrush.com/bot.html)"
64.62.252.162 - - [06/May/2022:16:48:58 +0200] "GET /bread-c-13_150_211.html HTTP/1.0" 200 78468 "-" "The Knowledge AI"
185.191.171.1 - - [06/May/2022:16:49:04 +0200] "GET /wooden-boxes-storage-c-13_150_220.html?page=1 HTTP/1.0" 200 90952 "-" "Mozilla/5.0 (compatible; SemrushBot/7~bl; +http://www.semrush.com/bot.html)"
64.62.252.162 - - [06/May/2022:16:49:11 +0200] "GET /cardboard-boxes-storage-c-13_150_216.html HTTP/1.0" 200 78248 "-" "The Knowledge AI"
54.36.148.243 - - [06/May/2022:16:49:20 +0200] "GET /kimmidoll-love-miso-cute-collection-p-21730.html HTTP/1.0" 200 73586 "-" "Mozilla/5.0 (compatible; AhrefsBot/7.0; +http://ahrefs.com/robot/)"
64.62.252.162 - - [06/May/2022:16:49:24 +0200] "GET /coffee-c-13_150_153.html HTTP/1.0" 200 90817 "-" "The Knowledge AI"
64.62.252.162 - - [06/May/2022:16:49:36 +0200] "GET /jewelry-boxes-holders-c-13_150_131.html HTTP/1.0" 200 91528 "-" "The Knowledge AI"
64.62.252.162 - - [06/May/2022:16:49:49 +0200] "GET /holders-c-13_150_201.html HTTP/1.0" 200 89326 "-" "The Knowledge AI"
64.62.252.162 - - [06/May/2022:16:50:02 +0200] "GET /metal-boxes-storage-c-13_150_218.html HTTP/1.0" 200 91134 "-" "The Knowledge AI"
64.62.252.162 - - [06/May/2022:16:50:15 +0200] "GET /musical-c-13_150_149.html HTTP/1.0" 200 91535 "-" "The Knowledge AI"
54.36.148.243 - - [06/May/2022:16:50:17 +0200] "GET /tarot-tree-life-engraved-p-57938.html HTTP/1.0" 200 74769 "-" "Mozilla/5.0 (compatible; AhrefsBot/7.0; +http://ahrefs.com/robot/)"
64.62.252.162 - - [06/May/2022:16:50:27 +0200] "GET /plastic-boxes-storage-c-13_150_217.html HTTP/1.0" 200 76558 "-" "The Knowledge AI"
103.131.71.212 - - [06/May/2022:16:50:33 +0200] "GET /robots.txt HTTP/1.0" 301 531 "-" "Mozilla/5.0 (compatible; coccocbot-image/1.0; +http://help.coccoc.com/searchengine)"
103.131.71.212 - - [06/May/2022:16:50:35 +0200] "GET /robots.txt HTTP/1.0" 200 245 "-" "Mozilla/5.0 (compatible; coccocbot-image/1.0; +http://help.coccoc.com/searchengine)"
64.62.252.162 - - [06/May/2022:16:50:40 +0200] "GET /resin-stone-boxes-storage-c-13_150_84.html HTTP/1.0" 200 85998 "-" "The Knowledge AI"
64.62.252.162 - - [06/May/2022:16:50:52 +0200] "GET /small-boxes-pill-c-13_150_154.html HTTP/1.0" 200 90701 "-" "The Knowledge AI"
64.62.252.162 - - [06/May/2022:16:51:04 +0200] "GET /soap-c-13_150_171.html HTTP/1.0" 200 90874 "-" "The Knowledge AI"
64.62.252.162 - - [06/May/2022:16:51:17 +0200] "GET /sugar-c-13_150_152.html HTTP/1.0" 200 90327 "-" "The Knowledge AI"
54.36.148.243 - - [06/May/2022:16:51:17 +0200] "GET /brnice-lampshade-p-57963.html HTTP/1.0" 200 74257 "-" "Mozilla/5.0 (compatible; AhrefsBot/7.0; +http://ahrefs.com/robot/)"
64.62.252.162 - - [06/May/2022:16:51:29 +0200] "GET /toothbox-c-13_150_170.html HTTP/1.0" 200 91154 "-" "The Knowledge AI"
185.191.171.19 - - [06/May/2022:16:51:32 +0200] "GET /birds-meeting-fine-porcelain-p-55475.html?action=add_product HTTP/1.0" 302 476 "-" "Mozilla/5.0 (compatible; SemrushBot/7~bl; +http://www.semrush.com/bot.html)"
64.62.252.162 - - [06/May/2022:16:51:41 +0200] "GET /wooden-boxes-storage-c-13_150_220.html HTTP/1.0" 200 90941 "-" "The Knowledge AI"
185.191.171.14 - - [06/May/2022:16:51:48 +0200] "GET /mini-magnetic-plate-secret-fantasy-have-p-34420.html?action=add_product HTTP/1.0" 302 476 "-" "Mozilla/5.0 (compatible; SemrushBot/7~bl; +http://www.semrush.com/bot.html)"
64.62.252.162 - - [06/May/2022:16:51:54 +0200] "GET /chairs-stools-c-13_207.html HTTP/1.0" 200 79324 "-" "The Knowledge AI"
17.121.115.249 - - [06/May/2022:16:51:57 +0200] "GET /schleich-peanuts-belle-p-35076.html HTTP/1.0" 200 70909 "-" "Mozilla/5.0 (Macintosh; Intel Mac OS X 10_15_5) AppleWebKit/605.1.15 (KHTML, like Gecko) Version/13.1.1 Safari/605.1.15 (Applebot/0.1; +http://www.apple.com/go/applebot)"
64.62.252.162 - - [06/May/2022:16:52:06 +0200] "GET /childrens-beds-c-13_210.html HTTP/1.0" 200 76387 "-" "The Knowledge AI"
54.36.148.243 - - [06/May/2022:16:52:10 +0200] "GET /wall-decoration-wood-c-13_274.html?page=10 HTTP/1.0" 200 95280 "-" "Mozilla/5.0 (compatible; AhrefsBot/7.0; +http://ahrefs.com/robot/)"
64.62.252.162 - - [06/May/2022:16:52:18 +0200] "GET /chimes-suspensions-c-13_241.html HTTP/1.0" 200 91141 "-" "The Knowledge AI"
77.88.5.208 - - [06/May/2022:16:52:25 +0200] "GET /stone-polychrome-jasper-grams-p-46580.html HTTP/1.0" 200 70902 "-" "Mozilla/5.0 (compatible; YandexBot/3.0; +http://yandex.com/bots)"
64.62.252.162 - - [06/May/2022:16:52:31 +0200] "GET /christmas-tree-ornament-christmas-balls-c-13_271.html HTTP/1.0" 200 91572 "-" "The Knowledge AI"
64.62.252.162 - - [06/May/2022:16:52:43 +0200] "GET /clocks-c-13_67.html HTTP/1.0" 200 93712 "-" "The Knowledge AI"
64.62.252.162 - - [06/May/2022:16:52:55 +0200] "GET /collectible-figurines-decorative-c-13_135.html HTTP/1.0" 200 96638 "-" "The Knowledge AI"
54.36.148.243 - - [06/May/2022:16:53:03 +0200] "GET /set-c-1_8.html HTTP/1.0" 200 69669 "-" "Mozilla/5.0 (compatible; AhrefsBot/7.0; +http://ahrefs.com/robot/)"
64.62.252.162 - - [06/May/2022:16:53:08 +0200] "GET /decoration-thermometers-c-13_145.html HTTP/1.0" 200 91926 "-" "The Knowledge AI"
185.191.171.15 - - [06/May/2022:16:53:10 +0200] "GET /gold-wall-mirror-p-53691.html?action=add_product HTTP/1.0" 302 476 "-" "Mozilla/5.0 (compatible; SemrushBot/7~bl; +http://www.semrush.com/bot.html)"
64.62.252.162 - - [06/May/2022:16:53:20 +0200] "GET /decorations-c-13_89.html HTTP/1.0" 200 92384 "-" "The Knowledge AI"
64.62.252.162 - - [06/May/2022:16:53:32 +0200] "GET /decorative-earth-globes-c-13_233.html HTTP/1.0" 200 89206 "-" "The Knowledge AI"
185.191.171.44 - - [06/May/2022:16:53:35 +0200] "GET /corsica-plage-calvi-placemat-p-49721.html HTTP/1.0" 200 73623 "-" "Mozilla/5.0 (compatible; SemrushBot/7~bl; +http://www.semrush.com/bot.html)"
207.46.13.182 - - [06/May/2022:16:53:42 +0200] "GET /-p-16138.html HTTP/1.0" 200 70808 "-" "Mozilla/5.0 (compatible; bingbot/2.0; +http://www.bing.com/bingbot.htm)"
54.36.148.243 - - [06/May/2022:16:53:57 +0200] "GET /small-alarm-clock-induction-charger-p-57860.html HTTP/1.0" 200 74540 "-" "Mozilla/5.0 (compatible; AhrefsBot/7.0; +http://ahrefs.com/robot/)"
66.249.64.152 - - [06/May/2022:16:54:01 +0200] "GET /gund-hedgehog-65-cm-brown-p-29821.html HTTP/1.0" 301 70875 "-" "Mozilla/5.0 (compatible; Googlebot/2.1; +http://www.google.com/bot.html)"
66.249.64.146 - - [06/May/2022:16:54:02 +0200] "GET /-p-29821.html HTTP/1.0" 200 70808 "-" "Mozilla/5.0 (compatible; Googlebot/2.1; +http://www.google.com/bot.html)"
216.244.66.242 - - [06/May/2022:16:54:39 +0200] "GET /robots.txt HTTP/1.0" 200 245 "-" "Mozilla/5.0 (compatible; DotBot/1.2; +https://opensiteexplorer.org/dotbot; help@moz.com)"
185.191.171.23 - - [06/May/2022:16:54:45 +0200] "GET /sleeping-p-53257.html?action=add_product HTTP/1.0" 302 476 "-" "Mozilla/5.0 (compatible; SemrushBot/7~bl; +http://www.semrush.com/bot.html)"
157.55.39.172 - - [06/May/2022:16:54:49 +0200] "GET /-p-34815.html HTTP/1.0" 200 70808 "-" "Mozilla/5.0 (compatible; bingbot/2.0; +http://www.bing.com/bingbot.htm)"
54.36.148.243 - - [06/May/2022:16:54:50 +0200] "GET /flower-aged-ceramic-ocher-p-57660.html HTTP/1.0" 200 74125 "-" "Mozilla/5.0 (compatible; AhrefsBot/7.0; +http://ahrefs.com/robot/)"
64.62.252.162 - - [06/May/2022:16:54:49 +0200] "GET /flower-pots-c-13_275.html HTTP/1.0" 200 92635 "-" "The Knowledge AI"
64.62.252.162 - - [06/May/2022:16:55:03 +0200] "GET /frames-flags-decorative-paintings-c-13_148.html HTTP/1.0" 200 95598 "-" "The Knowledge AI"
185.191.171.37 - - [06/May/2022:16:55:05 +0200] "GET /mickey-figure-collection-p-20167.html?action=add_product HTTP/1.0" 302 476 "-" "Mozilla/5.0 (compatible; SemrushBot/7~bl; +http://www.semrush.com/bot.html)"
64.62.252.162 - - [06/May/2022:16:55:15 +0200] "GET /furnishings-c-13_87.html HTTP/1.0" 200 91237 "-" "The Knowledge AI"
64.62.252.162 - - [06/May/2022:16:55:27 +0200] "GET /water-bottles-heaters-c-13_288.html HTTP/1.0" 200 91017 "-" "The Knowledge AI"
64.62.252.162 - - [06/May/2022:16:55:40 +0200] "GET /indoor-fountains-c-13_272.html HTTP/1.0" 200 85125 "-" "The Knowledge AI"
54.36.148.243 - - [06/May/2022:16:55:51 +0200] "GET /tree-life-round-wood-p-57889.html HTTP/1.0" 200 74543 "-" "Mozilla/5.0 (compatible; AhrefsBot/7.0; +http://ahrefs.com/robot/)"
64.62.252.162 - - [06/May/2022:16:55:52 +0200] "GET /magnets-c-13_134.html HTTP/1.0" 200 92220 "-" "The Knowledge AI"
207.46.13.182 - - [06/May/2022:16:56:02 +0200] "GET /-p-31203.html HTTP/1.0" 200 70808 "-" "Mozilla/5.0 (compatible; bingbot/2.0; +http://www.bing.com/bingbot.htm)"
64.62.252.162 - - [06/May/2022:16:56:05 +0200] "GET /mirror-c-13_133.html HTTP/1.0" 200 92132 "-" "The Knowledge AI"
23.100.232.233 - - [06/May/2022:16:56:09 +0200] "GET /disney-descendants-small-suitcase-p-33687.html HTTP/1.0" 200 70964 "-" "Mozilla/5.0 (compatible; MSIE 9.0; Windows NT 6.0; Trident/5.0;  Trident/5.0)"
23.100.232.233 - - [06/May/2022:16:56:11 +0200] "GET /templates/Pixame_v1/stylesheet.css HTTP/1.0" 200 267 "http://www.wonder-geek.com/disney-descendants-small-suitcase-p-33687.html" "Mozilla/5.0 (compatible; MSIE 9.0; Windows NT 6.0; Trident/5.0;  Trident/5.0)"
23.100.232.233 - - [06/May/2022:16:56:11 +0200] "GET /highslide/highslide.js HTTP/1.0" 200 262 "http://www.wonder-geek.com/disney-descendants-small-suitcase-p-33687.html" "Mozilla/5.0 (compatible; MSIE 9.0; Windows NT 6.0; Trident/5.0;  Trident/5.0)"
23.100.232.233 - - [06/May/2022:16:56:11 +0200] "GET /js/jquery.js HTTP/1.0" 200 252 "http://www.wonder-geek.com/disney-descendants-small-suitcase-p-33687.html" "Mozilla/5.0 (compatible; MSIE 9.0; Windows NT 6.0; Trident/5.0;  Trident/5.0)"
23.100.232.233 - - [06/May/2022:16:56:11 +0200] "GET /js/jquery.jqzoom.js HTTP/1.0" 200 259 "http://www.wonder-geek.com/disney-descendants-small-suitcase-p-33687.html" "Mozilla/5.0 (compatible; MSIE 9.0; Windows NT 6.0; Trident/5.0;  Trident/5.0)"
23.100.232.233 - - [06/May/2022:16:56:11 +0200] "GET /mondial_relay/js/jquery-1.3.2.min.js HTTP/1.0" 200 276 "http://www.wonder-geek.com/disney-descendants-small-suitcase-p-33687.html" "Mozilla/5.0 (compatible; MSIE 9.0; Windows NT 6.0; Trident/5.0;  Trident/5.0)"
23.100.232.233 - - [06/May/2022:16:56:11 +0200] "GET /swfobject.js HTTP/1.0" 404 1308 "http://www.wonder-geek.com/disney-descendants-small-suitcase-p-33687.html" "Mozilla/5.0 (compatible; MSIE 9.0; Windows NT 6.0; Trident/5.0;  Trident/5.0)"
23.100.232.233 - - [06/May/2022:16:56:12 +0200] "GET /style.ie7.css HTTP/1.0" 404 1308 "http://www.wonder-geek.com/disney-descendants-small-suitcase-p-33687.html" "Mozilla/5.0 (compatible; MSIE 9.0; Windows NT 6.0; Trident/5.0;  Trident/5.0)"
23.100.232.233 - - [06/May/2022:16:56:12 +0200] "GET /templates/Pixame_v1/images/flash.swf HTTP/1.0" 200 290 "http://www.wonder-geek.com/disney-descendants-small-suitcase-p-33687.html" "Mozilla/5.0 (compatible; MSIE 9.0; Windows NT 6.0; Trident/5.0;  Trident/5.0)"
23.100.232.233 - - [06/May/2022:16:56:13 +0200] "GET /highslide/graphics/zoomout.cur HTTP/1.0" 200 614 "http://www.wonder-geek.com/disney-descendants-small-suitcase-p-33687.html" "Mozilla/5.0 (compatible; MSIE 9.0; Windows NT 6.0; Trident/5.0;  Trident/5.0)"
64.62.252.162 - - [06/May/2022:16:56:18 +0200] "GET /money-boxes-c-13_83.html HTTP/1.0" 200 93405 "-" "The Knowledge AI"
76.20.252.146 - - [06/May/2022:16:56:22 +0200] "GET /jane-crowther-p-54766.html HTTP/1.0" 200 74132 "https://www.google.com/" "Mozilla/5.0 (Windows NT 10.0; Win64; x64) AppleWebKit/537.36 (KHTML, like Gecko) Chrome/100.0.4896.127 Safari/537.36"
76.20.252.146 - - [06/May/2022:16:56:23 +0200] "GET /templates/Pixame_v1/stylesheet.css HTTP/1.0" 200 267 "http://www.wonder-geek.com/jane-crowther-p-54766.html" "Mozilla/5.0 (Windows NT 10.0; Win64; x64) AppleWebKit/537.36 (KHTML, like Gecko) Chrome/100.0.4896.127 Safari/537.36"
76.20.252.146 - - [06/May/2022:16:56:23 +0200] "GET /highslide/highslide.js HTTP/1.0" 200 262 "http://www.wonder-geek.com/jane-crowther-p-54766.html" "Mozilla/5.0 (Windows NT 10.0; Win64; x64) AppleWebKit/537.36 (KHTML, like Gecko) Chrome/100.0.4896.127 Safari/537.36"
76.20.252.146 - - [06/May/2022:16:56:23 +0200] "GET /js/jquery.js HTTP/1.0" 200 252 "http://www.wonder-geek.com/jane-crowther-p-54766.html" "Mozilla/5.0 (Windows NT 10.0; Win64; x64) AppleWebKit/537.36 (KHTML, like Gecko) Chrome/100.0.4896.127 Safari/537.36"
76.20.252.146 - - [06/May/2022:16:56:23 +0200] "GET /js/jquery.jqzoom.js HTTP/1.0" 200 259 "http://www.wonder-geek.com/jane-crowther-p-54766.html" "Mozilla/5.0 (Windows NT 10.0; Win64; x64) AppleWebKit/537.36 (KHTML, like Gecko) Chrome/100.0.4896.127 Safari/537.36"
76.20.252.146 - - [06/May/2022:16:56:23 +0200] "GET /mondial_relay/js/jquery-1.3.2.min.js HTTP/1.0" 200 276 "http://www.wonder-geek.com/jane-crowther-p-54766.html" "Mozilla/5.0 (Windows NT 10.0; Win64; x64) AppleWebKit/537.36 (KHTML, like Gecko) Chrome/100.0.4896.127 Safari/537.36"
76.20.252.146 - - [06/May/2022:16:56:24 +0200] "GET /swfobject.js HTTP/1.0" 404 1308 "http://www.wonder-geek.com/jane-crowther-p-54766.html" "Mozilla/5.0 (Windows NT 10.0; Win64; x64) AppleWebKit/537.36 (KHTML, like Gecko) Chrome/100.0.4896.127 Safari/537.36"
76.20.252.146 - - [06/May/2022:16:56:24 +0200] "GET /templates/Pixame_v1/images/icon_accueil2.png HTTP/1.0" 200 278 "http://www.wonder-geek.com/jane-crowther-p-54766.html" "Mozilla/5.0 (Windows NT 10.0; Win64; x64) AppleWebKit/537.36 (KHTML, like Gecko) Chrome/100.0.4896.127 Safari/537.36"
76.20.252.146 - - [06/May/2022:16:56:24 +0200] "GET /templates/Pixame_v1/images/infobox/pixel_trans.gif HTTP/1.0" 200 328 "http://www.wonder-geek.com/jane-crowther-p-54766.html" "Mozilla/5.0 (Windows NT 10.0; Win64; x64) AppleWebKit/537.36 (KHTML, like Gecko) Chrome/100.0.4896.127 Safari/537.36"
76.20.252.146 - - [06/May/2022:16:56:24 +0200] "GET /images/pixel_trans.gif HTTP/1.0" 200 328 "http://www.wonder-geek.com/jane-crowther-p-54766.html" "Mozilla/5.0 (Windows NT 10.0; Win64; x64) AppleWebKit/537.36 (KHTML, like Gecko) Chrome/100.0.4896.127 Safari/537.36"
76.20.252.146 - - [06/May/2022:16:56:24 +0200] "GET /images/big_prod/3700572750576.jpg HTTP/1.0" 200 268 "http://www.wonder-geek.com/jane-crowther-p-54766.html" "Mozilla/5.0 (Windows NT 10.0; Win64; x64) AppleWebKit/537.36 (KHTML, like Gecko) Chrome/100.0.4896.127 Safari/537.36"
76.20.252.146 - - [06/May/2022:16:56:24 +0200] "GET /templates/Pixame_v1/images/pixel_trans.gif HTTP/1.0" 200 328 "http://www.wonder-geek.com/jane-crowther-p-54766.html" "Mozilla/5.0 (Windows NT 10.0; Win64; x64) AppleWebKit/537.36 (KHTML, like Gecko) Chrome/100.0.4896.127 Safari/537.36"
76.20.252.146 - - [06/May/2022:16:56:24 +0200] "GET /templates/Pixame_v1/images/header-object.png HTTP/1.0" 200 278 "http://www.wonder-geek.com/templates/Pixame_v1/stylesheet.css" "Mozilla/5.0 (Windows NT 10.0; Win64; x64) AppleWebKit/537.36 (KHTML, like Gecko) Chrome/100.0.4896.127 Safari/537.36"
76.20.252.146 - - [06/May/2022:16:56:24 +0200] "GET /templates/Pixame_v1/images/Middle_texture.jpg HTTP/1.0" 200 280 "http://www.wonder-geek.com/templates/Pixame_v1/stylesheet.css" "Mozilla/5.0 (Windows NT 10.0; Win64; x64) AppleWebKit/537.36 (KHTML, like Gecko) Chrome/100.0.4896.127 Safari/537.36"
76.20.252.146 - - [06/May/2022:16:56:24 +0200] "GET /templates/Pixame_v1/images/nav.png HTTP/1.0" 200 268 "http://www.wonder-geek.com/templates/Pixame_v1/stylesheet.css" "Mozilla/5.0 (Windows NT 10.0; Win64; x64) AppleWebKit/537.36 (KHTML, like Gecko) Chrome/100.0.4896.127 Safari/537.36"
76.20.252.146 - - [06/May/2022:16:56:24 +0200] "GET /templates/Pixame_v1/images/Bottom_texture.jpg HTTP/1.0" 200 280 "http://www.wonder-geek.com/templates/Pixame_v1/stylesheet.css" "Mozilla/5.0 (Windows NT 10.0; Win64; x64) AppleWebKit/537.36 (KHTML, like Gecko) Chrome/100.0.4896.127 Safari/537.36"
76.20.252.146 - - [06/May/2022:16:56:24 +0200] "GET /templates/Pixame_v1/images/header.png HTTP/1.0" 200 271 "http://www.wonder-geek.com/templates/Pixame_v1/stylesheet.css" "Mozilla/5.0 (Windows NT 10.0; Win64; x64) AppleWebKit/537.36 (KHTML, like Gecko) Chrome/100.0.4896.127 Safari/537.36"
76.20.252.146 - - [06/May/2022:16:56:24 +0200] "GET /design/productsenstock.png HTTP/1.0" 200 260 "http://www.wonder-geek.com/templates/Pixame_v1/stylesheet.css" "Mozilla/5.0 (Windows NT 10.0; Win64; x64) AppleWebKit/537.36 (KHTML, like Gecko) Chrome/100.0.4896.127 Safari/537.36"
76.20.252.146 - - [06/May/2022:16:56:24 +0200] "GET /templates/Pixame_v1/images/infobox/infobox_footer_middle.gif HTTP/1.0" 200 357 "http://www.wonder-geek.com/jane-crowther-p-54766.html" "Mozilla/5.0 (Windows NT 10.0; Win64; x64) AppleWebKit/537.36 (KHTML, like Gecko) Chrome/100.0.4896.127 Safari/537.36"
76.20.252.146 - - [06/May/2022:16:56:24 +0200] "GET /highslide/graphics/zoomin.cur HTTP/1.0" 200 614 "http://www.wonder-geek.com/templates/Pixame_v1/stylesheet.css" "Mozilla/5.0 (Windows NT 10.0; Win64; x64) AppleWebKit/537.36 (KHTML, like Gecko) Chrome/100.0.4896.127 Safari/537.36"
76.20.252.146 - - [06/May/2022:16:56:24 +0200] "GET /images/big_prod_1/3700572750576B.jpg HTTP/1.0" 200 271 "http://www.wonder-geek.com/jane-crowther-p-54766.html" "Mozilla/5.0 (Windows NT 10.0; Win64; x64) AppleWebKit/537.36 (KHTML, like Gecko) Chrome/100.0.4896.127 Safari/537.36"
76.20.252.146 - - [06/May/2022:16:56:25 +0200] "GET /templates/Pixame_v1/images/buttons/english/button_in_cart.gif HTTP/1.0" 200 295 "http://www.wonder-geek.com/jane-crowther-p-54766.html" "Mozilla/5.0 (Windows NT 10.0; Win64; x64) AppleWebKit/537.36 (KHTML, like Gecko) Chrome/100.0.4896.127 Safari/537.36"
76.20.252.146 - - [06/May/2022:16:56:26 +0200] "GET /highslide/graphics/zoomout.cur HTTP/1.0" 200 614 "http://www.wonder-geek.com/jane-crowther-p-54766.html" "Mozilla/5.0 (Windows NT 10.0; Win64; x64) AppleWebKit/537.36 (KHTML, like Gecko) Chrome/100.0.4896.127 Safari/537.36"
76.20.252.146 - - [06/May/2022:16:56:26 +0200] "GET /highslide/graphics/outlines/drop-shadow.png HTTP/1.0" 200 277 "http://www.wonder-geek.com/jane-crowther-p-54766.html" "Mozilla/5.0 (Windows NT 10.0; Win64; x64) AppleWebKit/537.36 (KHTML, like Gecko) Chrome/100.0.4896.127 Safari/537.36"
76.20.252.146 - - [06/May/2022:16:56:26 +0200] "GET /highslide/graphics/loader.white.gif HTTP/1.0" 200 960 "http://www.wonder-geek.com/templates/Pixame_v1/stylesheet.css" "Mozilla/5.0 (Windows NT 10.0; Win64; x64) AppleWebKit/537.36 (KHTML, like Gecko) Chrome/100.0.4896.127 Safari/537.36"
