173.208.206.50 - - [06/May/2022:03:47:03 +0200] "GET /-p-13218.html HTTP/1.0" 200 70808 "-" "Mozilla/5.0 (compatible; MJ12bot/v1.4.8; http://mj12bot.com/)"
65.108.125.120 - - [06/May/2022:03:47:04 +0200] "GET /smasha-ballz-phara-oohh-plush-p-25054.html HTTP/1.0" 301 70875 "-" "Mozilla/5.0 (compatible; MJ12bot/v1.4.8; http://mj12bot.com/)"
65.108.143.154 - - [06/May/2022:03:47:06 +0200] "GET /fitted-sheet-in-cotton-percale-80-threads-180-200-30-cm-p-43836.html HTTP/1.0" 301 73882 "-" "Mozilla/5.0 (compatible; MJ12bot/v1.4.8; http://mj12bot.com/)"
65.108.143.154 - - [06/May/2022:03:47:09 +0200] "GET /fitted-sheet-cotton-percale-threads-p-43836.html HTTP/1.0" 200 73780 "-" "Mozilla/5.0 (compatible; MJ12bot/v1.4.8; http://mj12bot.com/)"
173.208.206.50 - - [06/May/2022:03:47:11 +0200] "GET /-p-13231.html HTTP/1.0" 200 70808 "-" "Mozilla/5.0 (compatible; MJ12bot/v1.4.8; http://mj12bot.com/)"
65.108.125.120 - - [06/May/2022:03:47:11 +0200] "GET /-p-25054.html HTTP/1.0" 200 70808 "-" "Mozilla/5.0 (compatible; MJ12bot/v1.4.8; http://mj12bot.com/)"
65.108.143.154 - - [06/May/2022:03:47:12 +0200] "GET /fitted-sheet-in-cotton-percale-80-threads-180-200-30-cm-p-43837.html HTTP/1.0" 301 73882 "-" "Mozilla/5.0 (compatible; MJ12bot/v1.4.8; http://mj12bot.com/)"
65.108.143.154 - - [06/May/2022:03:47:15 +0200] "GET /fitted-sheet-cotton-percale-threads-p-43837.html HTTP/1.0" 200 73780 "-" "Mozilla/5.0 (compatible; MJ12bot/v1.4.8; http://mj12bot.com/)"
173.208.206.50 - - [06/May/2022:03:47:18 +0200] "GET /-p-13233.html HTTP/1.0" 200 70808 "-" "Mozilla/5.0 (compatible; MJ12bot/v1.4.8; http://mj12bot.com/)"
66.249.73.134 - - [06/May/2022:03:47:18 +0200] "GET /kimmidoll-keyring-satomi-p-49772.html HTTP/1.0" 200 73469 "-" "Mozilla/5.0 (Linux; Android 6.0.1; Nexus 5X Build/MMB29P) AppleWebKit/537.36 (KHTML, like Gecko) Chrome/100.0.4896.127 Mobile Safari/537.36 (compatible; Googlebot/2.1; +http://www.google.com/bot.html)"
65.108.125.120 - - [06/May/2022:03:47:18 +0200] "GET /smiski-figure-series-museum-note-there-single-figure-p-56722.html HTTP/1.0" 200 74722 "-" "Mozilla/5.0 (compatible; MJ12bot/v1.4.8; http://mj12bot.com/)"
65.108.143.154 - - [06/May/2022:03:47:19 +0200] "GET /fitted-sheet-turquoise-140-190-cm-p-36584.html HTTP/1.0" 301 73592 "-" "Mozilla/5.0 (compatible; MJ12bot/v1.4.8; http://mj12bot.com/)"
173.208.206.50 - - [06/May/2022:03:47:22 +0200] "GET /-p-13234.html HTTP/1.0" 200 70808 "-" "Mozilla/5.0 (compatible; MJ12bot/v1.4.8; http://mj12bot.com/)"
65.108.143.154 - - [06/May/2022:03:47:23 +0200] "GET /fitted-sheet-turquoise-p-36584.html HTTP/1.0" 200 73503 "-" "Mozilla/5.0 (compatible; MJ12bot/v1.4.8; http://mj12bot.com/)"
192.0.118.114 - - [06/May/2022:03:47:26 +0200] "GET /images/big_prod/1384010204726.jpg HTTP/1.0" 200 268 "-" "Photon/1.0"
65.108.125.120 - - [06/May/2022:03:47:25 +0200] "GET /smiski-figure-series-note-there-is-single-figure-p-36111.html HTTP/1.0" 301 70875 "-" "Mozilla/5.0 (compatible; MJ12bot/v1.4.8; http://mj12bot.com/)"
65.108.143.154 - - [06/May/2022:03:47:26 +0200] "GET /fitted-sheet-turquoise-p-36584.html HTTP/1.0" 200 73503 "-" "Mozilla/5.0 (compatible; MJ12bot/v1.4.8; http://mj12bot.com/)"
185.191.171.38 - - [06/May/2022:03:47:26 +0200] "GET /iphone-case-silicone-audiocassette-p-25372.html?action=add_product HTTP/1.0" 302 476 "-" "Mozilla/5.0 (compatible; SemrushBot/7~bl; +http://www.semrush.com/bot.html)"
65.108.143.154 - - [06/May/2022:03:47:29 +0200] "GET /flower-bamboo-resin-p-44982.html HTTP/1.0" 200 70882 "-" "Mozilla/5.0 (compatible; MJ12bot/v1.4.8; http://mj12bot.com/)"
46.4.108.51 - - [06/May/2022:03:47:29 +0200] "GET /trays-c-12_159.html?page=2 HTTP/1.0" 200 92183 "-" "Mozilla/5.0 (compatible; BLEXBot/1.0; +http://webmeup-crawler.com/)"
173.208.206.50 - - [06/May/2022:03:47:29 +0200] "GET /-p-13236.html HTTP/1.0" 200 70808 "-" "Mozilla/5.0 (compatible; MJ12bot/v1.4.8; http://mj12bot.com/)"
65.108.143.154 - - [06/May/2022:03:47:32 +0200] "GET /flower-bamboo-resin-p-44983.html HTTP/1.0" 200 70924 "-" "Mozilla/5.0 (compatible; MJ12bot/v1.4.8; http://mj12bot.com/)"
65.108.125.120 - - [06/May/2022:03:47:31 +0200] "GET /-p-36111.html HTTP/1.0" 200 70808 "-" "Mozilla/5.0 (compatible; MJ12bot/v1.4.8; http://mj12bot.com/)"
65.108.143.154 - - [06/May/2022:03:47:34 +0200] "GET /flower-joris-collection-fish-p-54674.html HTTP/1.0" 200 70934 "-" "Mozilla/5.0 (compatible; MJ12bot/v1.4.8; http://mj12bot.com/)"
185.191.171.7 - - [06/May/2022:03:47:35 +0200] "GET /home-decoration-c-13.html?page=94 HTTP/1.0" 200 93991 "-" "Mozilla/5.0 (compatible; SemrushBot/7~bl; +http://www.semrush.com/bot.html)"
173.208.206.50 - - [06/May/2022:03:47:36 +0200] "GET /-p-13273.html HTTP/1.0" 200 70808 "-" "Mozilla/5.0 (compatible; MJ12bot/v1.4.8; http://mj12bot.com/)"
111.225.144.230 - - [06/May/2022:03:47:38 +0200] "GET /images/mini_prod/8422702358005.jpg HTTP/1.0" 200 269 "-" "Mozilla/5.0 (Macintosh; Intel Mac OS X 10_12_4) AppleWebKit/537.36 (KHTML, like Gecko) Chrome/58.0.3029.110 Safari/537.36"
65.108.125.120 - - [06/May/2022:03:47:37 +0200] "GET /smiski-figure-series-note-there-is-single-figure-p-37897.html HTTP/1.0" 301 75122 "-" "Mozilla/5.0 (compatible; MJ12bot/v1.4.8; http://mj12bot.com/)"
65.108.143.154 - - [06/May/2022:03:47:37 +0200] "GET /flower-joris-collection-p-54679.html HTTP/1.0" 200 73514 "-" "Mozilla/5.0 (compatible; MJ12bot/v1.4.8; http://mj12bot.com/)"
65.108.143.154 - - [06/May/2022:03:47:41 +0200] "GET /flower-pot-bamboo-resin-10-cm-p-44982.html HTTP/1.0" 301 70968 "-" "Mozilla/5.0 (compatible; MJ12bot/v1.4.8; http://mj12bot.com/)"
65.108.125.120 - - [06/May/2022:03:47:43 +0200] "GET /smiski-figure-series-note-there-single-figure-p-37897.html HTTP/1.0" 200 75010 "-" "Mozilla/5.0 (compatible; MJ12bot/v1.4.8; http://mj12bot.com/)"
54.36.148.243 - - [06/May/2022:03:47:43 +0200] "GET /gorjuss-dreamer-rectangular-keyring-p-25959.html HTTP/1.0" 200 73691 "-" "Mozilla/5.0 (compatible; AhrefsBot/7.0; +http://ahrefs.com/robot/)"
173.208.206.50 - - [06/May/2022:03:47:43 +0200] "GET /-p-13280.html HTTP/1.0" 200 70808 "-" "Mozilla/5.0 (compatible; MJ12bot/v1.4.8; http://mj12bot.com/)"
54.36.148.81 - - [06/May/2022:03:47:46 +0200] "GET /images/5018997518212.jpg HTTP/1.0" 200 259 "-" "Mozilla/5.0 (compatible; AhrefsBot/7.0; +http://ahrefs.com/robot/)"
65.108.143.154 - - [06/May/2022:03:47:44 +0200] "GET /flower-bamboo-resin-p-44982.html HTTP/1.0" 200 70882 "-" "Mozilla/5.0 (compatible; MJ12bot/v1.4.8; http://mj12bot.com/)"
65.108.143.154 - - [06/May/2022:03:47:48 +0200] "GET /flower-pot-bamboo-resin-19-cm-p-44983.html HTTP/1.0" 301 71010 "-" "Mozilla/5.0 (compatible; MJ12bot/v1.4.8; http://mj12bot.com/)"
173.208.206.50 - - [06/May/2022:03:47:49 +0200] "GET /-p-13320.html HTTP/1.0" 200 70808 "-" "Mozilla/5.0 (compatible; MJ12bot/v1.4.8; http://mj12bot.com/)"
65.108.125.120 - - [06/May/2022:03:47:49 +0200] "GET /smiski-figure-series-note-there-single-figure-p-37897.html HTTP/1.0" 200 75010 "-" "Mozilla/5.0 (compatible; MJ12bot/v1.4.8; http://mj12bot.com/)"
65.108.143.154 - - [06/May/2022:03:47:51 +0200] "GET /flower-bamboo-resin-p-44983.html HTTP/1.0" 200 70924 "-" "Mozilla/5.0 (compatible; MJ12bot/v1.4.8; http://mj12bot.com/)"
185.191.171.44 - - [06/May/2022:03:47:54 +0200] "GET /cbkration-toiletry-p-40658.html?action=add_product HTTP/1.0" 302 476 "-" "Mozilla/5.0 (compatible; SemrushBot/7~bl; +http://www.semrush.com/bot.html)"
65.108.143.154 - - [06/May/2022:03:47:54 +0200] "GET /flowers-bedclothes-240-220-cm-p-35009.html HTTP/1.0" 301 70875 "-" "Mozilla/5.0 (compatible; MJ12bot/v1.4.8; http://mj12bot.com/)"
65.108.125.120 - - [06/May/2022:03:47:55 +0200] "GET /soap-dish-paris-parfum-p-37461.html HTTP/1.0" 200 70904 "-" "Mozilla/5.0 (compatible; MJ12bot/v1.4.8; http://mj12bot.com/)"
173.208.206.50 - - [06/May/2022:03:47:56 +0200] "GET /-p-13322.html HTTP/1.0" 200 70808 "-" "Mozilla/5.0 (compatible; MJ12bot/v1.4.8; http://mj12bot.com/)"
65.108.143.154 - - [06/May/2022:03:47:56 +0200] "GET /-p-35009.html HTTP/1.0" 200 70808 "-" "Mozilla/5.0 (compatible; MJ12bot/v1.4.8; http://mj12bot.com/)"
65.108.143.154 - - [06/May/2022:03:47:59 +0200] "GET /foot-rue-red-long-sleeve-shirt-p-32720.html HTTP/1.0" 301 70875 "-" "Mozilla/5.0 (compatible; MJ12bot/v1.4.8; http://mj12bot.com/)"
65.108.125.120 - - [06/May/2022:03:48:01 +0200] "GET /soap-olive-cube-cotton-flower-p-37478.html HTTP/1.0" 200 73732 "-" "Mozilla/5.0 (compatible; MJ12bot/v1.4.8; http://mj12bot.com/)"
65.108.143.154 - - [06/May/2022:03:48:02 +0200] "GET /-p-32720.html HTTP/1.0" 200 70808 "-" "Mozilla/5.0 (compatible; MJ12bot/v1.4.8; http://mj12bot.com/)"
111.225.146.222 - - [06/May/2022:03:48:04 +0200] "GET /images/mini_prod/5024095215120.jpg HTTP/1.0" 200 269 "-" "Mozilla/5.0 (Macintosh; Intel Mac OS X 10_12_4) AppleWebKit/537.36 (KHTML, like Gecko) Chrome/58.0.3029.110 Safari/537.36"
173.208.206.50 - - [06/May/2022:03:48:03 +0200] "GET /-p-13324.html HTTP/1.0" 200 70808 "-" "Mozilla/5.0 (compatible; MJ12bot/v1.4.8; http://mj12bot.com/)"
46.4.108.51 - - [06/May/2022:03:48:05 +0200] "GET /trays-c-12_159.html?page=3 HTTP/1.0" 200 92076 "-" "Mozilla/5.0 (compatible; BLEXBot/1.0; +http://webmeup-crawler.com/)"
65.108.143.154 - - [06/May/2022:03:48:05 +0200] "GET /foot-rue-red-long-sleeve-shirt-size-years-p-23662.html HTTP/1.0" 301 70875 "-" "Mozilla/5.0 (compatible; MJ12bot/v1.4.8; http://mj12bot.com/)"
65.108.125.120 - - [06/May/2022:03:48:08 +0200] "GET /soap-olive-cube-olivier-p-37477.html HTTP/1.0" 200 73684 "-" "Mozilla/5.0 (compatible; MJ12bot/v1.4.8; http://mj12bot.com/)"
65.108.143.154 - - [06/May/2022:03:48:09 +0200] "GET /-p-23662.html HTTP/1.0" 200 70808 "-" "Mozilla/5.0 (compatible; MJ12bot/v1.4.8; http://mj12bot.com/)"
173.208.206.50 - - [06/May/2022:03:48:10 +0200] "GET /-p-13325.html HTTP/1.0" 200 70808 "-" "Mozilla/5.0 (compatible; MJ12bot/v1.4.8; http://mj12bot.com/)"
65.108.143.154 - - [06/May/2022:03:48:11 +0200] "GET /football-clock-by-cbk-p-24709.html HTTP/1.0" 301 73678 "-" "Mozilla/5.0 (compatible; MJ12bot/v1.4.8; http://mj12bot.com/)"
65.108.143.154 - - [06/May/2022:03:48:14 +0200] "GET /football-clock-cbkreation-p-24709.html HTTP/1.0" 200 73586 "-" "Mozilla/5.0 (compatible; MJ12bot/v1.4.8; http://mj12bot.com/)"
114.119.137.3 - - [06/May/2022:03:48:15 +0200] "GET /golden-metal-glass-decorative-hourglass-p-57676.html HTTP/1.0" 200 74269 "-" "Mozilla/5.0 (Linux; Android 7.0;) AppleWebKit/537.36 (KHTML, like Gecko) Mobile Safari/537.36 (compatible; PetalBot;+https://webmaster.petalsearch.com/site/petalbot)"
185.191.171.33 - - [06/May/2022:03:48:16 +0200] "GET /dora-explorer-ceiling-light-p-18707.html HTTP/1.0" 200 73892 "-" "Mozilla/5.0 (compatible; SemrushBot/7~bl; +http://www.semrush.com/bot.html)"
173.208.206.50 - - [06/May/2022:03:48:17 +0200] "GET /-p-13329.html HTTP/1.0" 200 70808 "-" "Mozilla/5.0 (compatible; MJ12bot/v1.4.8; http://mj12bot.com/)"
65.108.125.120 - - [06/May/2022:03:48:17 +0200] "GET /sonny-angel-figurine-series-p-27671.html HTTP/1.0" 200 74021 "-" "Mozilla/5.0 (compatible; MJ12bot/v1.4.8; http://mj12bot.com/)"
65.108.143.154 - - [06/May/2022:03:48:17 +0200] "GET /football-clock-by-cbkreation-p-24709.html HTTP/1.0" 301 73678 "-" "Mozilla/5.0 (compatible; MJ12bot/v1.4.8; http://mj12bot.com/)"
46.4.108.51 - - [06/May/2022:03:48:18 +0200] "GET /trays-c-12_159.html?page=4 HTTP/1.0" 200 92426 "-" "Mozilla/5.0 (compatible; BLEXBot/1.0; +http://webmeup-crawler.com/)"
65.108.143.154 - - [06/May/2022:03:48:21 +0200] "GET /football-clock-cbkreation-p-24709.html HTTP/1.0" 200 73586 "-" "Mozilla/5.0 (compatible; MJ12bot/v1.4.8; http://mj12bot.com/)"
65.108.143.154 - - [06/May/2022:03:48:24 +0200] "GET /forest-coin-purse-p-5923.html HTTP/1.0" 301 70872 "-" "Mozilla/5.0 (compatible; MJ12bot/v1.4.8; http://mj12bot.com/)"
173.208.206.50 - - [06/May/2022:03:48:24 +0200] "GET /-p-13331.html HTTP/1.0" 200 70808 "-" "Mozilla/5.0 (compatible; MJ12bot/v1.4.8; http://mj12bot.com/)"
65.108.125.120 - - [06/May/2022:03:48:25 +0200] "GET /sonny-angel-figurine-series-p-27672.html HTTP/1.0" 200 74027 "-" "Mozilla/5.0 (compatible; MJ12bot/v1.4.8; http://mj12bot.com/)"
65.108.143.154 - - [06/May/2022:03:48:27 +0200] "GET /-p-5923.html HTTP/1.0" 200 70806 "-" "Mozilla/5.0 (compatible; MJ12bot/v1.4.8; http://mj12bot.com/)"
173.208.206.50 - - [06/May/2022:03:48:30 +0200] "GET /-p-13404.html HTTP/1.0" 200 70808 "-" "Mozilla/5.0 (compatible; MJ12bot/v1.4.8; http://mj12bot.com/)"
65.108.143.154 - - [06/May/2022:03:48:30 +0200] "GET /fortress-frost-frozen-figure-collection-p-30718.html HTTP/1.0" 200 73682 "-" "Mozilla/5.0 (compatible; MJ12bot/v1.4.8; http://mj12bot.com/)"
65.108.125.120 - - [06/May/2022:03:48:31 +0200] "GET /sonny-angel-flowers-series-p-27664.html HTTP/1.0" 200 70902 "-" "Mozilla/5.0 (compatible; MJ12bot/v1.4.8; http://mj12bot.com/)"
65.108.143.154 - - [06/May/2022:03:48:33 +0200] "GET /fortress-of-frost-frozen-figure-collection-p-30718.html HTTP/1.0" 301 73788 "-" "Mozilla/5.0 (compatible; MJ12bot/v1.4.8; http://mj12bot.com/)"
65.108.143.154 - - [06/May/2022:03:48:36 +0200] "GET /fortress-frost-frozen-figure-collection-p-30718.html HTTP/1.0" 200 73682 "-" "Mozilla/5.0 (compatible; MJ12bot/v1.4.8; http://mj12bot.com/)"
173.208.206.50 - - [06/May/2022:03:48:36 +0200] "GET /-p-13471.html HTTP/1.0" 200 70808 "-" "Mozilla/5.0 (compatible; MJ12bot/v1.4.8; http://mj12bot.com/)"
65.108.125.120 - - [06/May/2022:03:48:37 +0200] "GET /sonny-angel-fruit-series-p-27665.html HTTP/1.0" 200 70894 "-" "Mozilla/5.0 (compatible; MJ12bot/v1.4.8; http://mj12bot.com/)"
65.108.143.154 - - [06/May/2022:03:48:39 +0200] "GET /fox-map-collection-gorjuss-p-23148.html HTTP/1.0" 301 70998 "-" "Mozilla/5.0 (compatible; MJ12bot/v1.4.8; http://mj12bot.com/)"
173.208.206.50 - - [06/May/2022:03:48:41 +0200] "GET /-p-13474.html HTTP/1.0" 200 70808 "-" "Mozilla/5.0 (compatible; MJ12bot/v1.4.8; http://mj12bot.com/)"
65.108.125.120 - - [06/May/2022:03:48:41 +0200] "GET /spiderman-p-29505.html HTTP/1.0" 200 70856 "-" "Mozilla/5.0 (compatible; MJ12bot/v1.4.8; http://mj12bot.com/)"
65.108.143.154 - - [06/May/2022:03:48:42 +0200] "GET /collection-gorjuss-p-23148.html HTTP/1.0" 200 70913 "-" "Mozilla/5.0 (compatible; MJ12bot/v1.4.8; http://mj12bot.com/)"
65.108.143.154 - - [06/May/2022:03:48:45 +0200] "GET /foxes-table-p-45630.html HTTP/1.0" 200 70850 "-" "Mozilla/5.0 (compatible; MJ12bot/v1.4.8; http://mj12bot.com/)"
65.108.125.120 - - [06/May/2022:03:48:47 +0200] "GET /spiderman-p-29506.html HTTP/1.0" 200 70842 "-" "Mozilla/5.0 (compatible; MJ12bot/v1.4.8; http://mj12bot.com/)"
65.108.143.154 - - [06/May/2022:03:48:47 +0200] "GET /foxes-table-set-p-45630.html HTTP/1.0" 301 70928 "-" "Mozilla/5.0 (compatible; MJ12bot/v1.4.8; http://mj12bot.com/)"
173.208.206.50 - - [06/May/2022:03:48:48 +0200] "GET /-p-13491.html HTTP/1.0" 200 70808 "-" "Mozilla/5.0 (compatible; MJ12bot/v1.4.8; http://mj12bot.com/)"
65.108.143.154 - - [06/May/2022:03:48:50 +0200] "GET /foxes-table-p-45630.html HTTP/1.0" 200 70850 "-" "Mozilla/5.0 (compatible; MJ12bot/v1.4.8; http://mj12bot.com/)"
54.36.148.243 - - [06/May/2022:03:48:50 +0200] "GET /little-buddha-collection-keychain-p-53302.html HTTP/1.0" 200 73531 "-" "Mozilla/5.0 (compatible; AhrefsBot/7.0; +http://ahrefs.com/robot/)"
65.108.143.154 - - [06/May/2022:03:48:53 +0200] "GET /fragrance-case-cabinet-diffuser-c-228.html?page=1 HTTP/1.0" 301 90623 "-" "Mozilla/5.0 (compatible; MJ12bot/v1.4.8; http://mj12bot.com/)"
173.208.206.50 - - [06/May/2022:03:48:55 +0200] "GET /-p-13526.html HTTP/1.0" 200 70808 "-" "Mozilla/5.0 (compatible; MJ12bot/v1.4.8; http://mj12bot.com/)"
65.108.125.120 - - [06/May/2022:03:48:54 +0200] "GET /spiderman-small-p-26794.html HTTP/1.0" 200 70886 "-" "Mozilla/5.0 (compatible; MJ12bot/v1.4.8; http://mj12bot.com/)"
65.108.143.154 - - [06/May/2022:03:48:56 +0200] "GET /fragrance-case-cabinet-diffuser-c-231_228.html?page=1 HTTP/1.0" 200 90647 "-" "Mozilla/5.0 (compatible; MJ12bot/v1.4.8; http://mj12bot.com/)"
65.108.125.120 - - [06/May/2022:03:48:59 +0200] "GET /spiderman-velvet-pajama-p-32511.html HTTP/1.0" 200 70914 "-" "Mozilla/5.0 (compatible; MJ12bot/v1.4.8; http://mj12bot.com/)"
173.208.206.50 - - [06/May/2022:03:49:00 +0200] "GET /-p-13547.html HTTP/1.0" 200 70808 "-" "Mozilla/5.0 (compatible; MJ12bot/v1.4.8; http://mj12bot.com/)"
65.108.143.154 - - [06/May/2022:03:49:00 +0200] "GET /fragrance-case-cabinet-diffuser-c-231_228.html?page=1 HTTP/1.0" 200 90647 "-" "Mozilla/5.0 (compatible; MJ12bot/v1.4.8; http://mj12bot.com/)"
46.4.108.51 - - [06/May/2022:03:49:04 +0200] "GET /trays-c-12_159.html?page=5 HTTP/1.0" 200 92568 "-" "Mozilla/5.0 (compatible; BLEXBot/1.0; +http://webmeup-crawler.com/)"
65.108.143.154 - - [06/May/2022:03:49:04 +0200] "GET /fragrance-case-for-cabinet-and-diffuser-car-c-13_228.html?page=1 HTTP/1.0" 301 90736 "-" "Mozilla/5.0 (compatible; MJ12bot/v1.4.8; http://mj12bot.com/)"
65.108.125.120 - - [06/May/2022:03:49:05 +0200] "GET /spongebob-3d-poster-p-6521.html HTTP/1.0" 301 70968 "-" "Mozilla/5.0 (compatible; MJ12bot/v1.4.8; http://mj12bot.com/)"
173.208.206.50 - - [06/May/2022:03:49:06 +0200] "GET /-p-13562.html HTTP/1.0" 200 70808 "-" "Mozilla/5.0 (compatible; MJ12bot/v1.4.8; http://mj12bot.com/)"
65.108.143.154 - - [06/May/2022:03:49:08 +0200] "GET /fragrance-case-cabinet-diffuser-c-228.html?page=1 HTTP/1.0" 301 90623 "-" "Mozilla/5.0 (compatible; MJ12bot/v1.4.8; http://mj12bot.com/)"
65.108.125.120 - - [06/May/2022:03:49:09 +0200] "GET /spongebob-poster-p-6521.html HTTP/1.0" 200 70886 "-" "Mozilla/5.0 (compatible; MJ12bot/v1.4.8; http://mj12bot.com/)"
65.108.143.154 - - [06/May/2022:03:49:11 +0200] "GET /fragrance-case-cabinet-diffuser-c-231_228.html?page=1 HTTP/1.0" 200 90647 "-" "Mozilla/5.0 (compatible; MJ12bot/v1.4.8; http://mj12bot.com/)"
173.208.206.50 - - [06/May/2022:03:49:13 +0200] "GET /-p-13585.html HTTP/1.0" 200 70808 "-" "Mozilla/5.0 (compatible; MJ12bot/v1.4.8; http://mj12bot.com/)"
65.108.125.120 - - [06/May/2022:03:49:13 +0200] "GET /spongebob-coin-purse-p-9121.html HTTP/1.0" 301 70872 "-" "Mozilla/5.0 (compatible; MJ12bot/v1.4.8; http://mj12bot.com/)"
65.108.143.154 - - [06/May/2022:03:49:14 +0200] "GET /fragrance-case-for-cabinet-and-diffuser-car-c-231_228.html?page=1 HTTP/1.0" 301 90750 "-" "Mozilla/5.0 (compatible; MJ12bot/v1.4.8; http://mj12bot.com/)"
65.108.143.154 - - [06/May/2022:03:49:18 +0200] "GET /fragrance-case-cabinet-diffuser-c-228.html?page=1 HTTP/1.0" 301 90623 "-" "Mozilla/5.0 (compatible; MJ12bot/v1.4.8; http://mj12bot.com/)"
65.108.125.120 - - [06/May/2022:03:49:18 +0200] "GET /-p-9121.html HTTP/1.0" 200 70806 "-" "Mozilla/5.0 (compatible; MJ12bot/v1.4.8; http://mj12bot.com/)"
173.208.206.50 - - [06/May/2022:03:49:20 +0200] "GET /-p-13589.html HTTP/1.0" 200 70808 "-" "Mozilla/5.0 (compatible; MJ12bot/v1.4.8; http://mj12bot.com/)"
65.108.143.154 - - [06/May/2022:03:49:20 +0200] "GET /fragrance-case-cabinet-diffuser-c-231_228.html?page=1 HTTP/1.0" 200 90647 "-" "Mozilla/5.0 (compatible; MJ12bot/v1.4.8; http://mj12bot.com/)"
77.88.5.237 - - [06/May/2022:03:49:24 +0200] "GET /clock-cbkreation-p-28468.html HTTP/1.0" 200 70879 "-" "Mozilla/5.0 (compatible; YandexBot/3.0; +http://yandex.com/bots)"
65.108.143.154 - - [06/May/2022:03:49:24 +0200] "GET /fragrance-case-for-cabinet-and-diffuser-car-c-231_228.html?page=2 HTTP/1.0" 301 85590 "-" "Mozilla/5.0 (compatible; MJ12bot/v1.4.8; http://mj12bot.com/)"
65.108.125.120 - - [06/May/2022:03:49:27 +0200] "GET /spongebob-figure-p-15669.html HTTP/1.0" 301 70875 "-" "Mozilla/5.0 (compatible; MJ12bot/v1.4.8; http://mj12bot.com/)"
65.108.143.154 - - [06/May/2022:03:49:27 +0200] "GET /fragrance-case-cabinet-diffuser-c-228.html?page=2 HTTP/1.0" 301 85463 "-" "Mozilla/5.0 (compatible; MJ12bot/v1.4.8; http://mj12bot.com/)"
173.208.206.50 - - [06/May/2022:03:49:28 +0200] "GET /-p-13590.html HTTP/1.0" 200 70808 "-" "Mozilla/5.0 (compatible; MJ12bot/v1.4.8; http://mj12bot.com/)"
65.108.143.154 - - [06/May/2022:03:49:31 +0200] "GET /fragrance-case-cabinet-diffuser-c-231_228.html?page=2 HTTP/1.0" 200 85487 "-" "Mozilla/5.0 (compatible; MJ12bot/v1.4.8; http://mj12bot.com/)"
46.4.108.51 - - [06/May/2022:03:49:30 +0200] "GET /trays-c-12_159.html?page=6 HTTP/1.0" 200 92575 "-" "Mozilla/5.0 (compatible; BLEXBot/1.0; +http://webmeup-crawler.com/)"
185.191.171.22 - - [06/May/2022:03:49:31 +0200] "GET /meditation-cushion-organic-cotton-moon-phases-p-57152.html?action=add_product HTTP/1.0" 302 476 "-" "Mozilla/5.0 (compatible; SemrushBot/7~bl; +http://www.semrush.com/bot.html)"
65.108.125.120 - - [06/May/2022:03:49:31 +0200] "GET /-p-15669.html HTTP/1.0" 200 70808 "-" "Mozilla/5.0 (compatible; MJ12bot/v1.4.8; http://mj12bot.com/)"
65.108.143.154 - - [06/May/2022:03:49:34 +0200] "GET /fragrance-case-for-cabinet-and-diffuser-car-c-231_228.html?page=3 HTTP/1.0" 301 85590 "-" "Mozilla/5.0 (compatible; MJ12bot/v1.4.8; http://mj12bot.com/)"
185.191.171.10 - - [06/May/2022:03:49:34 +0200] "GET /wooden-locker-small-model-p-49690.html HTTP/1.0" 200 70910 "-" "Mozilla/5.0 (compatible; SemrushBot/7~bl; +http://www.semrush.com/bot.html)"
173.208.206.50 - - [06/May/2022:03:49:35 +0200] "GET /-p-13602.html HTTP/1.0" 200 70808 "-" "Mozilla/5.0 (compatible; MJ12bot/v1.4.8; http://mj12bot.com/)"
65.108.143.154 - - [06/May/2022:03:49:36 +0200] "GET /fragrance-case-cabinet-diffuser-c-228.html?page=3 HTTP/1.0" 301 85463 "-" "Mozilla/5.0 (compatible; MJ12bot/v1.4.8; http://mj12bot.com/)"
65.108.125.120 - - [06/May/2022:03:49:37 +0200] "GET /spongebob-figure-p-15670.html HTTP/1.0" 200 70879 "-" "Mozilla/5.0 (compatible; MJ12bot/v1.4.8; http://mj12bot.com/)"
65.108.143.154 - - [06/May/2022:03:49:39 +0200] "GET /fragrance-case-cabinet-diffuser-c-231_228.html?page=3 HTTP/1.0" 200 85487 "-" "Mozilla/5.0 (compatible; MJ12bot/v1.4.8; http://mj12bot.com/)"
173.208.206.50 - - [06/May/2022:03:49:42 +0200] "GET /-p-13605.html HTTP/1.0" 200 70808 "-" "Mozilla/5.0 (compatible; MJ12bot/v1.4.8; http://mj12bot.com/)"
65.108.143.154 - - [06/May/2022:03:49:42 +0200] "GET /fragrances-ambiance-c-231.html?page=1 HTTP/1.0" 200 92967 "-" "Mozilla/5.0 (compatible; MJ12bot/v1.4.8; http://mj12bot.com/)"
65.108.125.120 - - [06/May/2022:03:49:43 +0200] "GET /spongebob-funny-wallet-p-9135.html HTTP/1.0" 301 70872 "-" "Mozilla/5.0 (compatible; MJ12bot/v1.4.8; http://mj12bot.com/)"
65.108.143.154 - - [06/May/2022:03:49:46 +0200] "GET /fragrances-ambiance-c-231.html?page=10 HTTP/1.0" 200 92866 "-" "Mozilla/5.0 (compatible; MJ12bot/v1.4.8; http://mj12bot.com/)"
173.208.206.50 - - [06/May/2022:03:49:49 +0200] "GET /-p-13606.html HTTP/1.0" 200 70808 "-" "Mozilla/5.0 (compatible; MJ12bot/v1.4.8; http://mj12bot.com/)"
65.108.125.120 - - [06/May/2022:03:49:49 +0200] "GET /-p-9135.html HTTP/1.0" 200 70806 "-" "Mozilla/5.0 (compatible; MJ12bot/v1.4.8; http://mj12bot.com/)"
65.108.143.154 - - [06/May/2022:03:49:49 +0200] "GET /fragrances-ambiance-c-231.html?page=11 HTTP/1.0" 200 94010 "-" "Mozilla/5.0 (compatible; MJ12bot/v1.4.8; http://mj12bot.com/)"
65.108.143.154 - - [06/May/2022:03:49:54 +0200] "GET /fragrances-ambiance-c-231.html?page=12 HTTP/1.0" 200 93977 "-" "Mozilla/5.0 (compatible; MJ12bot/v1.4.8; http://mj12bot.com/)"
65.108.125.120 - - [06/May/2022:03:49:54 +0200] "GET /spongebob-poster-p-6521.html HTTP/1.0" 200 70886 "-" "Mozilla/5.0 (compatible; MJ12bot/v1.4.8; http://mj12bot.com/)"
185.191.171.13 - - [06/May/2022:03:49:55 +0200] "GET /wind-chime-angel-glow-dark-yellow-p-40219.html HTTP/1.0" 200 70896 "-" "Mozilla/5.0 (compatible; SemrushBot/7~bl; +http://www.semrush.com/bot.html)"
54.36.148.243 - - [06/May/2022:03:49:55 +0200] "GET /eeyore-melancholy-bloom-glitter-globe-collection-p-20276.html HTTP/1.0" 200 75301 "-" "Mozilla/5.0 (compatible; AhrefsBot/7.0; +http://ahrefs.com/robot/)"
173.208.206.50 - - [06/May/2022:03:49:58 +0200] "GET /-p-13607.html HTTP/1.0" 200 70808 "-" "Mozilla/5.0 (compatible; MJ12bot/v1.4.8; http://mj12bot.com/)"
65.108.143.154 - - [06/May/2022:03:49:57 +0200] "GET /fragrances-ambiance-c-231.html?page=13 HTTP/1.0" 200 94185 "-" "Mozilla/5.0 (compatible; MJ12bot/v1.4.8; http://mj12bot.com/)"
65.108.143.154 - - [06/May/2022:03:50:02 +0200] "GET /fragrances-ambiance-c-231.html?page=14 HTTP/1.0" 200 94170 "-" "Mozilla/5.0 (compatible; MJ12bot/v1.4.8; http://mj12bot.com/)"
65.108.125.120 - - [06/May/2022:03:50:03 +0200] "GET /spray-mist-refillable-water-p-30036.html HTTP/1.0" 301 70875 "-" "Mozilla/5.0 (compatible; MJ12bot/v1.4.8; http://mj12bot.com/)"
173.208.206.50 - - [06/May/2022:03:50:05 +0200] "GET /-p-13609.html HTTP/1.0" 200 70808 "-" "Mozilla/5.0 (compatible; MJ12bot/v1.4.8; http://mj12bot.com/)"
65.108.143.154 - - [06/May/2022:03:50:05 +0200] "GET /fragrances-ambiance-c-231.html?page=15 HTTP/1.0" 200 93774 "-" "Mozilla/5.0 (compatible; MJ12bot/v1.4.8; http://mj12bot.com/)"
77.88.5.208 - - [06/May/2022:03:50:05 +0200] "GET /olympique-marseille-black-bowl-p-57079.html HTTP/1.0" 200 73487 "-" "Mozilla/5.0 (compatible; YandexBot/3.0; +http://yandex.com/bots)"
65.108.125.120 - - [06/May/2022:03:50:08 +0200] "GET /-p-30036.html HTTP/1.0" 200 70808 "-" "Mozilla/5.0 (compatible; MJ12bot/v1.4.8; http://mj12bot.com/)"
185.191.171.21 - - [06/May/2022:03:50:08 +0200] "GET /cotton-floor-cushion-grey-p-57204.html HTTP/1.0" 200 74309 "-" "Mozilla/5.0 (compatible; SemrushBot/7~bl; +http://www.semrush.com/bot.html)"
65.108.143.154 - - [06/May/2022:03:50:08 +0200] "GET /fragrances-ambiance-c-231.html?page=16 HTTP/1.0" 200 93376 "-" "Mozilla/5.0 (compatible; MJ12bot/v1.4.8; http://mj12bot.com/)"
173.208.206.50 - - [06/May/2022:03:50:11 +0200] "GET /-p-13610.html HTTP/1.0" 200 70808 "-" "Mozilla/5.0 (compatible; MJ12bot/v1.4.8; http://mj12bot.com/)"
46.4.108.51 - - [06/May/2022:03:50:11 +0200] "GET /trays-c-12_159.html?page=7 HTTP/1.0" 200 92123 "-" "Mozilla/5.0 (compatible; BLEXBot/1.0; +http://webmeup-crawler.com/)"
65.108.143.154 - - [06/May/2022:03:50:13 +0200] "GET /fragrances-ambiance-c-231.html?page=17 HTTP/1.0" 200 94003 "-" "Mozilla/5.0 (compatible; MJ12bot/v1.4.8; http://mj12bot.com/)"
65.108.125.120 - - [06/May/2022:03:50:14 +0200] "GET /springy-oven-glove-p-54605.html HTTP/1.0" 200 73453 "-" "Mozilla/5.0 (compatible; MJ12bot/v1.4.8; http://mj12bot.com/)"
65.108.143.154 - - [06/May/2022:03:50:16 +0200] "GET /fragrances-ambiance-c-231.html?page=18 HTTP/1.0" 200 93163 "-" "Mozilla/5.0 (compatible; MJ12bot/v1.4.8; http://mj12bot.com/)"
173.208.206.50 - - [06/May/2022:03:50:17 +0200] "GET /-p-13611.html HTTP/1.0" 200 70808 "-" "Mozilla/5.0 (compatible; MJ12bot/v1.4.8; http://mj12bot.com/)"
185.191.171.8 - - [06/May/2022:03:50:19 +0200] "GET /serve-coffee-cutting-board-p-40647.html?action=add_product HTTP/1.0" 302 476 "-" "Mozilla/5.0 (compatible; SemrushBot/7~bl; +http://www.semrush.com/bot.html)"
65.108.143.154 - - [06/May/2022:03:50:20 +0200] "GET /fragrances-ambiance-c-231.html?page=19 HTTP/1.0" 200 94224 "-" "Mozilla/5.0 (compatible; MJ12bot/v1.4.8; http://mj12bot.com/)"
65.108.125.120 - - [06/May/2022:03:50:21 +0200] "GET /square-coasters-with-personalized-pictures-p-16333.html HTTP/1.0" 200 74138 "-" "Mozilla/5.0 (compatible; MJ12bot/v1.4.8; http://mj12bot.com/)"
173.208.206.50 - - [06/May/2022:03:50:24 +0200] "GET /-p-13613.html HTTP/1.0" 200 70808 "-" "Mozilla/5.0 (compatible; MJ12bot/v1.4.8; http://mj12bot.com/)"
65.108.143.154 - - [06/May/2022:03:50:23 +0200] "GET /fragrances-ambiance-c-231.html?page=2 HTTP/1.0" 200 92903 "-" "Mozilla/5.0 (compatible; MJ12bot/v1.4.8; http://mj12bot.com/)"
65.108.125.120 - - [06/May/2022:03:50:26 +0200] "GET /star-wars-captain-phasma-poster-p-36316.html HTTP/1.0" 200 70922 "-" "Mozilla/5.0 (compatible; MJ12bot/v1.4.8; http://mj12bot.com/)"
65.108.143.154 - - [06/May/2022:03:50:27 +0200] "GET /fragrances-ambiance-c-231.html?page=20 HTTP/1.0" 200 93961 "-" "Mozilla/5.0 (compatible; MJ12bot/v1.4.8; http://mj12bot.com/)"
65.108.143.154 - - [06/May/2022:03:50:30 +0200] "GET /fragrances-ambiance-c-231.html?page=21 HTTP/1.0" 200 93538 "-" "Mozilla/5.0 (compatible; MJ12bot/v1.4.8; http://mj12bot.com/)"
173.208.206.50 - - [06/May/2022:03:50:30 +0200] "GET /-p-13639.html HTTP/1.0" 200 70808 "-" "Mozilla/5.0 (compatible; MJ12bot/v1.4.8; http://mj12bot.com/)"
65.108.125.120 - - [06/May/2022:03:50:31 +0200] "GET /statue-p-42284.html HTTP/1.0" 200 70859 "-" "Mozilla/5.0 (compatible; MJ12bot/v1.4.8; http://mj12bot.com/)"
65.108.143.154 - - [06/May/2022:03:50:34 +0200] "GET /fragrances-ambiance-c-231.html?page=22 HTTP/1.0" 200 93835 "-" "Mozilla/5.0 (compatible; MJ12bot/v1.4.8; http://mj12bot.com/)"
65.108.125.120 - - [06/May/2022:03:50:36 +0200] "GET /sticks-modeling-clay-play-p-21534.html HTTP/1.0" 301 70875 "-" "Mozilla/5.0 (compatible; MJ12bot/v1.4.8; http://mj12bot.com/)"
65.108.143.154 - - [06/May/2022:03:50:37 +0200] "GET /fragrances-ambiance-c-231.html?page=23 HTTP/1.0" 200 94003 "-" "Mozilla/5.0 (compatible; MJ12bot/v1.4.8; http://mj12bot.com/)"
173.208.206.50 - - [06/May/2022:03:50:40 +0200] "GET /-p-1365.html HTTP/1.0" 200 70806 "-" "Mozilla/5.0 (compatible; MJ12bot/v1.4.8; http://mj12bot.com/)"
65.108.143.154 - - [06/May/2022:03:50:41 +0200] "GET /fragrances-ambiance-c-231.html?page=24 HTTP/1.0" 200 94175 "-" "Mozilla/5.0 (compatible; MJ12bot/v1.4.8; http://mj12bot.com/)"
65.108.125.120 - - [06/May/2022:03:50:42 +0200] "GET /-p-21534.html HTTP/1.0" 200 70808 "-" "Mozilla/5.0 (compatible; MJ12bot/v1.4.8; http://mj12bot.com/)"
65.108.143.154 - - [06/May/2022:03:50:44 +0200] "GET /fragrances-ambiance-c-231.html?page=25 HTTP/1.0" 200 94463 "-" "Mozilla/5.0 (compatible; MJ12bot/v1.4.8; http://mj12bot.com/)"
65.108.125.120 - - [06/May/2022:03:50:47 +0200] "GET /stone-carnelian-200-210-grams-p-46577.html HTTP/1.0" 301 75040 "-" "Mozilla/5.0 (compatible; MJ12bot/v1.4.8; http://mj12bot.com/)"
65.108.143.154 - - [06/May/2022:03:50:47 +0200] "GET /fragrances-ambiance-c-231.html?page=26 HTTP/1.0" 200 94264 "-" "Mozilla/5.0 (compatible; MJ12bot/v1.4.8; http://mj12bot.com/)"
173.208.206.50 - - [06/May/2022:03:50:48 +0200] "GET /-p-13656.html HTTP/1.0" 200 70808 "-" "Mozilla/5.0 (compatible; MJ12bot/v1.4.8; http://mj12bot.com/)"
65.108.143.154 - - [06/May/2022:03:50:51 +0200] "GET /fragrances-ambiance-c-231.html?page=27 HTTP/1.0" 200 93429 "-" "Mozilla/5.0 (compatible; MJ12bot/v1.4.8; http://mj12bot.com/)"
65.108.125.120 - - [06/May/2022:03:50:52 +0200] "GET /stone-carnelian-grams-p-46577.html HTTP/1.0" 200 74952 "-" "Mozilla/5.0 (compatible; MJ12bot/v1.4.8; http://mj12bot.com/)"
65.108.143.154 - - [06/May/2022:03:50:54 +0200] "GET /fragrances-ambiance-c-231.html?page=28 HTTP/1.0" 200 93640 "-" "Mozilla/5.0 (compatible; MJ12bot/v1.4.8; http://mj12bot.com/)"
185.191.171.1 - - [06/May/2022:03:50:56 +0200] "GET /gayatri-figurine-bronze-aspect-resin-p-46634.html HTTP/1.0" 200 74023 "-" "Mozilla/5.0 (compatible; SemrushBot/7~bl; +http://www.semrush.com/bot.html)"
173.208.206.50 - - [06/May/2022:03:50:57 +0200] "GET /-p-13659.html HTTP/1.0" 200 70808 "-" "Mozilla/5.0 (compatible; MJ12bot/v1.4.8; http://mj12bot.com/)"
65.108.143.154 - - [06/May/2022:03:50:58 +0200] "GET /fragrances-ambiance-c-231.html?page=29 HTTP/1.0" 200 94288 "-" "Mozilla/5.0 (compatible; MJ12bot/v1.4.8; http://mj12bot.com/)"
65.108.125.120 - - [06/May/2022:03:50:57 +0200] "GET /stone-carnelian-grams-p-46577.html HTTP/1.0" 200 74952 "-" "Mozilla/5.0 (compatible; MJ12bot/v1.4.8; http://mj12bot.com/)"
46.4.108.51 - - [06/May/2022:03:50:58 +0200] "GET /trays-c-12_159.html?page=8 HTTP/1.0" 200 93178 "-" "Mozilla/5.0 (compatible; BLEXBot/1.0; +http://webmeup-crawler.com/)"
185.191.171.20 - - [06/May/2022:03:50:59 +0200] "GET /phone-black-clock-p-45875.html HTTP/1.0" 200 74407 "-" "Mozilla/5.0 (compatible; SemrushBot/7~bl; +http://www.semrush.com/bot.html)"
54.36.148.243 - - [06/May/2022:03:51:01 +0200] "GET /sarah-purple-large-backpack-p-6061.html HTTP/1.0" 200 73611 "-" "Mozilla/5.0 (compatible; AhrefsBot/7.0; +http://ahrefs.com/robot/)"
65.108.143.154 - - [06/May/2022:03:51:01 +0200] "GET /fragrances-ambiance-c-231.html?page=3 HTTP/1.0" 200 93276 "-" "Mozilla/5.0 (compatible; MJ12bot/v1.4.8; http://mj12bot.com/)"
173.208.206.50 - - [06/May/2022:03:51:03 +0200] "GET /-p-1366.html HTTP/1.0" 200 70806 "-" "Mozilla/5.0 (compatible; MJ12bot/v1.4.8; http://mj12bot.com/)"
65.108.125.120 - - [06/May/2022:03:51:04 +0200] "GET /stone-decoration-patinated-p-37280.html HTTP/1.0" 200 70910 "-" "Mozilla/5.0 (compatible; MJ12bot/v1.4.8; http://mj12bot.com/)"
65.108.143.154 - - [06/May/2022:03:51:05 +0200] "GET /fragrances-ambiance-c-231.html?page=30 HTTP/1.0" 200 94915 "-" "Mozilla/5.0 (compatible; MJ12bot/v1.4.8; http://mj12bot.com/)"
65.108.143.154 - - [06/May/2022:03:51:09 +0200] "GET /fragrances-ambiance-c-231.html?page=31 HTTP/1.0" 200 93686 "-" "Mozilla/5.0 (compatible; MJ12bot/v1.4.8; http://mj12bot.com/)"
65.108.125.120 - - [06/May/2022:03:51:09 +0200] "GET /strawberry-shortcake-long-sleeve-shirt-p-31021.html HTTP/1.0" 200 70995 "-" "Mozilla/5.0 (compatible; MJ12bot/v1.4.8; http://mj12bot.com/)"
111.225.145.243 - - [06/May/2022:03:51:12 +0200] "GET /images/mini_prod/3612875119236.jpg HTTP/1.0" 200 269 "-" "Mozilla/5.0 (Macintosh; Intel Mac OS X 10_12_4) AppleWebKit/537.36 (KHTML, like Gecko) Chrome/58.0.3029.110 Safari/537.36"
173.208.206.50 - - [06/May/2022:03:51:13 +0200] "GET /-p-13661.html HTTP/1.0" 200 70808 "-" "Mozilla/5.0 (compatible; MJ12bot/v1.4.8; http://mj12bot.com/)"
65.108.143.154 - - [06/May/2022:03:51:12 +0200] "GET /fragrances-ambiance-c-231.html?page=32 HTTP/1.0" 200 94226 "-" "Mozilla/5.0 (compatible; MJ12bot/v1.4.8; http://mj12bot.com/)"
65.108.125.120 - - [06/May/2022:03:51:16 +0200] "GET /strawberry-shortcake-swimming-ring-p-20718.html HTTP/1.0" 200 73631 "-" "Mozilla/5.0 (compatible; MJ12bot/v1.4.8; http://mj12bot.com/)"
65.108.143.154 - - [06/May/2022:03:51:16 +0200] "GET /fragrances-ambiance-c-231.html?page=33 HTTP/1.0" 200 94090 "-" "Mozilla/5.0 (compatible; MJ12bot/v1.4.8; http://mj12bot.com/)"
173.208.206.50 - - [06/May/2022:03:51:19 +0200] "GET /-p-13664.html HTTP/1.0" 200 70808 "-" "Mozilla/5.0 (compatible; MJ12bot/v1.4.8; http://mj12bot.com/)"
65.108.143.154 - - [06/May/2022:03:51:19 +0200] "GET /fragrances-ambiance-c-231.html?page=34 HTTP/1.0" 200 94629 "-" "Mozilla/5.0 (compatible; MJ12bot/v1.4.8; http://mj12bot.com/)"
65.108.125.120 - - [06/May/2022:03:51:22 +0200] "GET /summertime-mini-rectangular-tray-p-56860.html HTTP/1.0" 200 73579 "-" "Mozilla/5.0 (compatible; MJ12bot/v1.4.8; http://mj12bot.com/)"
46.4.108.51 - - [06/May/2022:03:51:22 +0200] "GET /trays-c-12_159.html?page=9 HTTP/1.0" 200 92392 "-" "Mozilla/5.0 (compatible; BLEXBot/1.0; +http://webmeup-crawler.com/)"
65.108.143.154 - - [06/May/2022:03:51:22 +0200] "GET /fragrances-ambiance-c-231.html?page=35 HTTP/1.0" 200 93767 "-" "Mozilla/5.0 (compatible; MJ12bot/v1.4.8; http://mj12bot.com/)"
65.108.125.120 - - [06/May/2022:03:51:26 +0200] "GET /superset-playmobil-vet-clinic-p-21327.html HTTP/1.0" 301 70875 "-" "Mozilla/5.0 (compatible; MJ12bot/v1.4.8; http://mj12bot.com/)"
114.119.137.3 - - [06/May/2022:03:51:26 +0200] "GET /statue-skull-and-ax-p-48768.html HTTP/1.0" 301 74131 "-" "Mozilla/5.0 (Linux; Android 7.0;) AppleWebKit/537.36 (KHTML, like Gecko) Mobile Safari/537.36 (compatible; PetalBot;+https://webmaster.petalsearch.com/site/petalbot)"
173.208.206.50 - - [06/May/2022:03:51:27 +0200] "GET /-p-13669.html HTTP/1.0" 200 70808 "-" "Mozilla/5.0 (compatible; MJ12bot/v1.4.8; http://mj12bot.com/)"
65.108.143.154 - - [06/May/2022:03:51:27 +0200] "GET /fragrances-ambiance-c-231.html?page=39 HTTP/1.0" 200 94163 "-" "Mozilla/5.0 (compatible; MJ12bot/v1.4.8; http://mj12bot.com/)"
114.119.137.3 - - [06/May/2022:03:51:29 +0200] "GET /statue-skull-p-48768.html HTTP/1.0" 200 74052 "-" "Mozilla/5.0 (Linux; Android 7.0;) AppleWebKit/537.36 (KHTML, like Gecko) Mobile Safari/537.36 (compatible; PetalBot;+https://webmaster.petalsearch.com/site/petalbot)"
65.108.125.120 - - [06/May/2022:03:51:30 +0200] "GET /-p-21327.html HTTP/1.0" 200 70808 "-" "Mozilla/5.0 (compatible; MJ12bot/v1.4.8; http://mj12bot.com/)"
65.108.143.154 - - [06/May/2022:03:51:32 +0200] "GET /fragrances-ambiance-c-231.html?page=4 HTTP/1.0" 200 94815 "-" "Mozilla/5.0 (compatible; MJ12bot/v1.4.8; http://mj12bot.com/)"
173.208.206.50 - - [06/May/2022:03:51:33 +0200] "GET /-p-1367.html HTTP/1.0" 200 70806 "-" "Mozilla/5.0 (compatible; MJ12bot/v1.4.8; http://mj12bot.com/)"
46.4.108.51 - - [06/May/2022:03:51:35 +0200] "GET /trays-medium-size-c-12_159_265.html?page=2 HTTP/1.0" 200 91047 "-" "Mozilla/5.0 (compatible; BLEXBot/1.0; +http://webmeup-crawler.com/)"
65.108.143.154 - - [06/May/2022:03:51:35 +0200] "GET /fragrances-ambiance-c-231.html?page=40 HTTP/1.0" 200 93762 "-" "Mozilla/5.0 (compatible; MJ12bot/v1.4.8; http://mj12bot.com/)"
65.108.125.120 - - [06/May/2022:03:51:37 +0200] "GET /support-metal-bottle-fireman-p-37407.html HTTP/1.0" 200 73586 "-" "Mozilla/5.0 (compatible; MJ12bot/v1.4.8; http://mj12bot.com/)"
65.108.143.154 - - [06/May/2022:03:51:39 +0200] "GET /fragrances-ambiance-c-231.html?page=41 HTTP/1.0" 200 94474 "-" "Mozilla/5.0 (compatible; MJ12bot/v1.4.8; http://mj12bot.com/)"
173.208.206.50 - - [06/May/2022:03:51:41 +0200] "GET /-p-13671.html HTTP/1.0" 200 70808 "-" "Mozilla/5.0 (compatible; MJ12bot/v1.4.8; http://mj12bot.com/)"
65.108.143.154 - - [06/May/2022:03:51:42 +0200] "GET /fragrances-ambiance-c-231.html?page=42 HTTP/1.0" 200 93714 "-" "Mozilla/5.0 (compatible; MJ12bot/v1.4.8; http://mj12bot.com/)"
65.108.125.120 - - [06/May/2022:03:51:43 +0200] "GET /support-metal-bottle-fisherman-p-34495.html HTTP/1.0" 200 70967 "-" "Mozilla/5.0 (compatible; MJ12bot/v1.4.8; http://mj12bot.com/)"
173.208.206.50 - - [06/May/2022:03:51:45 +0200] "GET /-p-13688.html HTTP/1.0" 200 70808 "-" "Mozilla/5.0 (compatible; MJ12bot/v1.4.8; http://mj12bot.com/)"
65.108.143.154 - - [06/May/2022:03:51:46 +0200] "GET /fragrances-ambiance-c-231.html?page=43 HTTP/1.0" 200 93634 "-" "Mozilla/5.0 (compatible; MJ12bot/v1.4.8; http://mj12bot.com/)"
3.211.110.80 - - [06/May/2022:03:51:50 +0200] "GET /images/mini_prod/8435306215780.jpg HTTP/1.0" 200 269 "-" "Mozilla/5.0 (X11; Ubuntu; Linux x86_64; rv:72.0) Gecko/20100101 Firefox/72.0"
65.108.125.120 - - [06/May/2022:03:51:50 +0200] "GET /support-metal-bottle-fisherman-p-47942.html HTTP/1.0" 200 70967 "-" "Mozilla/5.0 (compatible; MJ12bot/v1.4.8; http://mj12bot.com/)"
65.108.143.154 - - [06/May/2022:03:51:50 +0200] "GET /fragrances-ambiance-c-231.html?page=44 HTTP/1.0" 200 93524 "-" "Mozilla/5.0 (compatible; MJ12bot/v1.4.8; http://mj12bot.com/)"
173.208.206.50 - - [06/May/2022:03:51:51 +0200] "GET /-p-13849.html HTTP/1.0" 200 70808 "-" "Mozilla/5.0 (compatible; MJ12bot/v1.4.8; http://mj12bot.com/)"
65.108.143.154 - - [06/May/2022:03:51:53 +0200] "GET /fragrances-ambiance-c-231.html?page=45 HTTP/1.0" 200 93834 "-" "Mozilla/5.0 (compatible; MJ12bot/v1.4.8; http://mj12bot.com/)"
65.108.125.120 - - [06/May/2022:03:51:55 +0200] "GET /support-metal-bottle-golfer-p-37637.html HTTP/1.0" 200 74391 "-" "Mozilla/5.0 (compatible; MJ12bot/v1.4.8; http://mj12bot.com/)"
111.225.144.227 - - [06/May/2022:03:51:58 +0200] "GET /images/mini_prod/6942138908640.jpg HTTP/1.0" 200 269 "-" "Mozilla/5.0 (Macintosh; Intel Mac OS X 10_12_4) AppleWebKit/537.36 (KHTML, like Gecko) Chrome/58.0.3029.110 Safari/537.36"
65.108.143.154 - - [06/May/2022:03:51:57 +0200] "GET /fragrances-ambiance-c-231.html?page=46 HTTP/1.0" 200 93890 "-" "Mozilla/5.0 (compatible; MJ12bot/v1.4.8; http://mj12bot.com/)"
65.108.125.120 - - [06/May/2022:03:52:00 +0200] "GET /support-metal-bottle-hairdresser-p-45490.html HTTP/1.0" 200 73634 "-" "Mozilla/5.0 (compatible; MJ12bot/v1.4.8; http://mj12bot.com/)"
65.108.143.154 - - [06/May/2022:03:52:00 +0200] "GET /fragrances-ambiance-c-231.html?page=47 HTTP/1.0" 200 93261 "-" "Mozilla/5.0 (compatible; MJ12bot/v1.4.8; http://mj12bot.com/)"
173.208.206.50 - - [06/May/2022:03:52:01 +0200] "GET /-p-13875.html HTTP/1.0" 200 70808 "-" "Mozilla/5.0 (compatible; MJ12bot/v1.4.8; http://mj12bot.com/)"
54.36.148.243 - - [06/May/2022:03:52:03 +0200] "GET /ford-mustang-metal-plate-p-43607.html HTTP/1.0" 200 73532 "-" "Mozilla/5.0 (compatible; AhrefsBot/7.0; +http://ahrefs.com/robot/)"
65.108.143.154 - - [06/May/2022:03:52:04 +0200] "GET /fragrances-ambiance-c-231.html?page=5 HTTP/1.0" 200 93693 "-" "Mozilla/5.0 (compatible; MJ12bot/v1.4.8; http://mj12bot.com/)"
46.4.108.51 - - [06/May/2022:03:52:06 +0200] "GET /trays-medium-size-c-12_159_265.html?page=3 HTTP/1.0" 200 88723 "-" "Mozilla/5.0 (compatible; BLEXBot/1.0; +http://webmeup-crawler.com/)"
65.108.125.120 - - [06/May/2022:03:52:05 +0200] "GET /support-metal-bottle-hunter-p-34494.html HTTP/1.0" 200 73645 "-" "Mozilla/5.0 (compatible; MJ12bot/v1.4.8; http://mj12bot.com/)"
111.225.145.200 - - [06/May/2022:03:52:08 +0200] "GET /images/mini_prod/5203199036064.jpg HTTP/1.0" 200 269 "-" "Mozilla/5.0 (Macintosh; Intel Mac OS X 10_12_4) AppleWebKit/537.36 (KHTML, like Gecko) Chrome/58.0.3029.110 Safari/537.36"
65.108.143.154 - - [06/May/2022:03:52:07 +0200] "GET /fragrances-ambiance-c-231.html?page=6 HTTP/1.0" 200 92547 "-" "Mozilla/5.0 (compatible; MJ12bot/v1.4.8; http://mj12bot.com/)"
173.208.206.50 - - [06/May/2022:03:52:10 +0200] "GET /-p-13883.html HTTP/1.0" 200 70808 "-" "Mozilla/5.0 (compatible; MJ12bot/v1.4.8; http://mj12bot.com/)"
213.173.103.213 - - [06/May/2022:03:52:13 +0200] "GET /images/mini_prod/8422014433100.jpg HTTP/1.0" 200 269 "-" "Mozilla/5.0 (X11; Ubuntu; Linux x86_64; rv:72.0) Gecko/20100101 Firefox/72.0"
65.108.143.154 - - [06/May/2022:03:52:12 +0200] "GET /fragrances-ambiance-c-231.html?page=7 HTTP/1.0" 200 92221 "-" "Mozilla/5.0 (compatible; MJ12bot/v1.4.8; http://mj12bot.com/)"
65.108.125.120 - - [06/May/2022:03:52:14 +0200] "GET /support-metal-bottle-p-34483.html HTTP/1.0" 200 70906 "-" "Mozilla/5.0 (compatible; MJ12bot/v1.4.8; http://mj12bot.com/)"
173.208.206.50 - - [06/May/2022:03:52:15 +0200] "GET /-p-13899.html HTTP/1.0" 200 70808 "-" "Mozilla/5.0 (compatible; MJ12bot/v1.4.8; http://mj12bot.com/)"
185.191.171.14 - - [06/May/2022:03:52:15 +0200] "GET /seagrass-basket-p-50215.html HTTP/1.0" 200 73416 "-" "Mozilla/5.0 (compatible; SemrushBot/7~bl; +http://www.semrush.com/bot.html)"
65.108.143.154 - - [06/May/2022:03:52:15 +0200] "GET /fragrances-ambiance-c-231.html?page=8 HTTP/1.0" 200 92926 "-" "Mozilla/5.0 (compatible; MJ12bot/v1.4.8; http://mj12bot.com/)"
65.108.125.120 - - [06/May/2022:03:52:19 +0200] "GET /support-metal-bottle-the-fireman-p-37407.html HTTP/1.0" 301 73681 "-" "Mozilla/5.0 (compatible; MJ12bot/v1.4.8; http://mj12bot.com/)"
65.108.143.154 - - [06/May/2022:03:52:20 +0200] "GET /fragrances-ambiance-c-231.html?page=9 HTTP/1.0" 200 93551 "-" "Mozilla/5.0 (compatible; MJ12bot/v1.4.8; http://mj12bot.com/)"
173.208.206.50 - - [06/May/2022:03:52:20 +0200] "GET /-p-13902.html HTTP/1.0" 200 70808 "-" "Mozilla/5.0 (compatible; MJ12bot/v1.4.8; http://mj12bot.com/)"
65.108.125.120 - - [06/May/2022:03:52:24 +0200] "GET /support-metal-bottle-fireman-p-37407.html HTTP/1.0" 200 73586 "-" "Mozilla/5.0 (compatible; MJ12bot/v1.4.8; http://mj12bot.com/)"
65.108.143.154 - - [06/May/2022:03:52:23 +0200] "GET /fragrances-of-ambiance-c-231.html?page=1 HTTP/1.0" 301 93058 "-" "Mozilla/5.0 (compatible; MJ12bot/v1.4.8; http://mj12bot.com/)"
173.208.206.50 - - [06/May/2022:03:52:26 +0200] "GET /-p-13903.html HTTP/1.0" 200 70808 "-" "Mozilla/5.0 (compatible; MJ12bot/v1.4.8; http://mj12bot.com/)"
65.108.143.154 - - [06/May/2022:03:52:27 +0200] "GET /fragrances-ambiance-c-231.html?page=1 HTTP/1.0" 200 92967 "-" "Mozilla/5.0 (compatible; MJ12bot/v1.4.8; http://mj12bot.com/)"
65.108.125.120 - - [06/May/2022:03:52:29 +0200] "GET /support-metal-bottle-the-fisherman-p-34495.html HTTP/1.0" 301 71064 "-" "Mozilla/5.0 (compatible; MJ12bot/v1.4.8; http://mj12bot.com/)"
65.108.143.154 - - [06/May/2022:03:52:30 +0200] "GET /fragrances-of-ambiance-c-231.html?page=10 HTTP/1.0" 301 92958 "-" "Mozilla/5.0 (compatible; MJ12bot/v1.4.8; http://mj12bot.com/)"
173.208.206.50 - - [06/May/2022:03:52:31 +0200] "GET /-p-13904.html HTTP/1.0" 200 70808 "-" "Mozilla/5.0 (compatible; MJ12bot/v1.4.8; http://mj12bot.com/)"
46.4.108.51 - - [06/May/2022:03:52:36 +0200] "GET /robots.txt HTTP/1.0" 301 531 "-" "Mozilla/5.0 (compatible; BLEXBot/1.0; +http://webmeup-crawler.com/)"
46.4.108.51 - - [06/May/2022:03:52:36 +0200] "GET /robots.txt HTTP/1.0" 200 245 "-" "Mozilla/5.0 (compatible; BLEXBot/1.0; +http://webmeup-crawler.com/)"
65.108.143.154 - - [06/May/2022:03:52:34 +0200] "GET /fragrances-ambiance-c-231.html?page=10 HTTP/1.0" 200 92866 "-" "Mozilla/5.0 (compatible; MJ12bot/v1.4.8; http://mj12bot.com/)"
46.4.108.51 - - [06/May/2022:03:52:36 +0200] "GET /tree-life-with-infuser-p-56670.html HTTP/1.0" 200 74075 "-" "Mozilla/5.0 (compatible; BLEXBot/1.0; +http://webmeup-crawler.com/)"
111.225.146.210 - - [06/May/2022:03:52:37 +0200] "GET /images/mini_prod/3524550043135.jpg HTTP/1.0" 200 269 "-" "Mozilla/5.0 (Macintosh; Intel Mac OS X 10_12_4) AppleWebKit/537.36 (KHTML, like Gecko) Chrome/58.0.3029.110 Safari/537.36"
173.208.206.50 - - [06/May/2022:03:52:36 +0200] "GET /-p-13905.html HTTP/1.0" 200 70808 "-" "Mozilla/5.0 (compatible; MJ12bot/v1.4.8; http://mj12bot.com/)"
65.108.143.154 - - [06/May/2022:03:52:37 +0200] "GET /fragrances-of-ambiance-c-231.html?page=11 HTTP/1.0" 301 94102 "-" "Mozilla/5.0 (compatible; MJ12bot/v1.4.8; http://mj12bot.com/)"
111.225.145.233 - - [06/May/2022:03:52:40 +0200] "GET /images/mini_prod/5701359740948.jpg HTTP/1.0" 200 269 "-" "Mozilla/5.0 (Macintosh; Intel Mac OS X 10_12_4) AppleWebKit/537.36 (KHTML, like Gecko) Chrome/58.0.3029.110 Safari/537.36"
65.108.125.120 - - [06/May/2022:03:52:37 +0200] "GET /support-metal-bottle-fisherman-p-34495.html HTTP/1.0" 200 70967 "-" "Mozilla/5.0 (compatible; MJ12bot/v1.4.8; http://mj12bot.com/)"
173.208.206.50 - - [06/May/2022:03:52:41 +0200] "GET /-p-13906.html HTTP/1.0" 200 70808 "-" "Mozilla/5.0 (compatible; MJ12bot/v1.4.8; http://mj12bot.com/)"
65.108.143.154 - - [06/May/2022:03:52:40 +0200] "GET /fragrances-ambiance-c-231.html?page=11 HTTP/1.0" 200 94010 "-" "Mozilla/5.0 (compatible; MJ12bot/v1.4.8; http://mj12bot.com/)"
111.225.144.176 - - [06/May/2022:03:52:43 +0200] "GET /images/mini_prod/2110DSCN8647.jpg HTTP/1.0" 200 268 "-" "Mozilla/5.0 (Macintosh; Intel Mac OS X 10_12_4) AppleWebKit/537.36 (KHTML, like Gecko) Chrome/58.0.3029.110 Safari/537.36"
65.108.125.120 - - [06/May/2022:03:52:45 +0200] "GET /support-metal-bottle-the-fisherman-p-47942.html HTTP/1.0" 301 71064 "-" "Mozilla/5.0 (compatible; MJ12bot/v1.4.8; http://mj12bot.com/)"
65.108.143.154 - - [06/May/2022:03:52:44 +0200] "GET /fragrances-of-ambiance-c-231.html?page=12 HTTP/1.0" 301 94069 "-" "Mozilla/5.0 (compatible; MJ12bot/v1.4.8; http://mj12bot.com/)"
185.191.171.35 - - [06/May/2022:03:52:46 +0200] "GET /russian-dolls-cushion-by-cbkreation-p-23203.html HTTP/1.0" 301 71021 "-" "Mozilla/5.0 (compatible; SemrushBot/7~bl; +http://www.semrush.com/bot.html)"
173.208.206.50 - - [06/May/2022:03:52:46 +0200] "GET /-p-13908.html HTTP/1.0" 200 70808 "-" "Mozilla/5.0 (compatible; MJ12bot/v1.4.8; http://mj12bot.com/)"
65.108.125.120 - - [06/May/2022:03:52:48 +0200] "GET /support-metal-bottle-fisherman-p-47942.html HTTP/1.0" 200 70967 "-" "Mozilla/5.0 (compatible; MJ12bot/v1.4.8; http://mj12bot.com/)"
65.108.143.154 - - [06/May/2022:03:52:47 +0200] "GET /fragrances-ambiance-c-231.html?page=12 HTTP/1.0" 200 93977 "-" "Mozilla/5.0 (compatible; MJ12bot/v1.4.8; http://mj12bot.com/)"
185.191.171.8 - - [06/May/2022:03:52:49 +0200] "GET /russian-dolls-cushion-cbkreation-p-23203.html HTTP/1.0" 200 70922 "-" "Mozilla/5.0 (compatible; SemrushBot/7~bl; +http://www.semrush.com/bot.html)"
173.208.206.50 - - [06/May/2022:03:52:52 +0200] "GET /-p-13909.html HTTP/1.0" 200 70808 "-" "Mozilla/5.0 (compatible; MJ12bot/v1.4.8; http://mj12bot.com/)"
65.108.143.154 - - [06/May/2022:03:52:51 +0200] "GET /fragrances-of-ambiance-c-231.html?page=13 HTTP/1.0" 301 94277 "-" "Mozilla/5.0 (compatible; MJ12bot/v1.4.8; http://mj12bot.com/)"
46.4.108.51 - - [06/May/2022:03:52:53 +0200] "GET /tree-life-with-infuser-p-56671.html HTTP/1.0" 200 74075 "-" "Mozilla/5.0 (compatible; BLEXBot/1.0; +http://webmeup-crawler.com/)"
65.108.125.120 - - [06/May/2022:03:52:55 +0200] "GET /support-metal-bottle-the-golfer-p-37637.html HTTP/1.0" 301 74485 "-" "Mozilla/5.0 (compatible; MJ12bot/v1.4.8; http://mj12bot.com/)"
65.108.143.154 - - [06/May/2022:03:52:54 +0200] "GET /fragrances-ambiance-c-231.html?page=13 HTTP/1.0" 200 94185 "-" "Mozilla/5.0 (compatible; MJ12bot/v1.4.8; http://mj12bot.com/)"
173.208.206.50 - - [06/May/2022:03:52:57 +0200] "GET /-p-13910.html HTTP/1.0" 200 70808 "-" "Mozilla/5.0 (compatible; MJ12bot/v1.4.8; http://mj12bot.com/)"
65.108.143.154 - - [06/May/2022:03:52:59 +0200] "GET /fragrances-of-ambiance-c-231.html?page=14 HTTP/1.0" 301 94262 "-" "Mozilla/5.0 (compatible; MJ12bot/v1.4.8; http://mj12bot.com/)"
65.108.125.120 - - [06/May/2022:03:53:01 +0200] "GET /support-metal-bottle-golfer-p-37637.html HTTP/1.0" 200 74391 "-" "Mozilla/5.0 (compatible; MJ12bot/v1.4.8; http://mj12bot.com/)"
65.108.143.154 - - [06/May/2022:03:53:02 +0200] "GET /fragrances-ambiance-c-231.html?page=14 HTTP/1.0" 200 94170 "-" "Mozilla/5.0 (compatible; MJ12bot/v1.4.8; http://mj12bot.com/)"
173.208.206.50 - - [06/May/2022:03:53:03 +0200] "GET /-p-13911.html HTTP/1.0" 200 70808 "-" "Mozilla/5.0 (compatible; MJ12bot/v1.4.8; http://mj12bot.com/)"
65.108.143.154 - - [06/May/2022:03:53:05 +0200] "GET /fragrances-of-ambiance-c-231.html?page=15 HTTP/1.0" 301 93866 "-" "Mozilla/5.0 (compatible; MJ12bot/v1.4.8; http://mj12bot.com/)"
65.108.125.120 - - [06/May/2022:03:53:06 +0200] "GET /support-metal-bottle-the-hairdresser-p-45490.html HTTP/1.0" 301 73733 "-" "Mozilla/5.0 (compatible; MJ12bot/v1.4.8; http://mj12bot.com/)"
173.208.206.50 - - [06/May/2022:03:53:09 +0200] "GET /-p-13912.html HTTP/1.0" 200 70808 "-" "Mozilla/5.0 (compatible; MJ12bot/v1.4.8; http://mj12bot.com/)"
65.108.143.154 - - [06/May/2022:03:53:09 +0200] "GET /fragrances-ambiance-c-231.html?page=15 HTTP/1.0" 200 93774 "-" "Mozilla/5.0 (compatible; MJ12bot/v1.4.8; http://mj12bot.com/)"
