66.249.73.138 - - [06/May/2022:04:30:47 +0200] "GET /stationery-and-cardmaking/stationery-school-supplies/barbapapa-pencil-box-p-5138.html HTTP/1.0" 301 70872 "-" "Mozilla/5.0 (compatible; Googlebot/2.1; +http://www.google.com/bot.html)"
66.249.73.134 - - [06/May/2022:04:30:48 +0200] "GET /-p-5138.html HTTP/1.0" 200 70806 "-" "Mozilla/5.0 (compatible; Googlebot/2.1; +http://www.google.com/bot.html)"
46.4.108.51 - - [06/May/2022:04:31:07 +0200] "GET /vase-soliflore-c-13_232.html?page=3 HTTP/1.0" 200 92641 "-" "Mozilla/5.0 (compatible; BLEXBot/1.0; +http://webmeup-crawler.com/)"
54.36.148.243 - - [06/May/2022:04:31:22 +0200] "GET /natural-rectangular-mirror-p-48541.html HTTP/1.0" 200 73563 "-" "Mozilla/5.0 (compatible; AhrefsBot/7.0; +http://ahrefs.com/robot/)"
54.36.148.171 - - [06/May/2022:04:31:29 +0200] "GET /images/big_prod/8718317680083.jpg HTTP/1.0" 200 268 "-" "Mozilla/5.0 (compatible; AhrefsBot/7.0; +http://ahrefs.com/robot/)"
46.4.108.51 - - [06/May/2022:04:31:41 +0200] "GET /vase-soliflore-c-13_232.html?page=4 HTTP/1.0" 200 80789 "-" "Mozilla/5.0 (compatible; BLEXBot/1.0; +http://webmeup-crawler.com/)"
185.191.171.11 - - [06/May/2022:04:31:51 +0200] "GET /deco-horse-head-statue-p-44643.html HTTP/1.0" 200 73492 "-" "Mozilla/5.0 (compatible; SemrushBot/7~bl; +http://www.semrush.com/bot.html)"
111.225.144.179 - - [06/May/2022:04:31:53 +0200] "GET /images/mini_prod/1020322216650.jpg HTTP/1.0" 200 269 "-" "Mozilla/5.0 (Macintosh; Intel Mac OS X 10_12_4) AppleWebKit/537.36 (KHTML, like Gecko) Chrome/58.0.3029.110 Safari/537.36"
46.4.108.51 - - [06/May/2022:04:32:05 +0200] "GET /vent-bathrobe-size-p-45898.html HTTP/1.0" 200 73498 "-" "Mozilla/5.0 (compatible; BLEXBot/1.0; +http://webmeup-crawler.com/)"
185.191.171.42 - - [06/May/2022:04:32:15 +0200] "GET /large-jar-candle-70-hours-eastern-promise-p-38114.html HTTP/1.0" 301 71053 "-" "Mozilla/5.0 (compatible; SemrushBot/7~bl; +http://www.semrush.com/bot.html)"
185.191.171.13 - - [06/May/2022:04:32:18 +0200] "GET /large-candle-hours-eastern-promise-p-38114.html HTTP/1.0" 200 70952 "-" "Mozilla/5.0 (compatible; SemrushBot/7~bl; +http://www.semrush.com/bot.html)"
46.4.108.51 - - [06/May/2022:04:32:33 +0200] "GET /vent-bathrobe-size-p-45899.html HTTP/1.0" 200 73487 "-" "Mozilla/5.0 (compatible; BLEXBot/1.0; +http://webmeup-crawler.com/)"
111.225.144.227 - - [06/May/2022:04:32:34 +0200] "GET /images/mini_prod/4036113307329.jpg HTTP/1.0" 200 269 "-" "Mozilla/5.0 (Macintosh; Intel Mac OS X 10_12_4) AppleWebKit/537.36 (KHTML, like Gecko) Chrome/58.0.3029.110 Safari/537.36"
54.36.148.243 - - [06/May/2022:04:32:40 +0200] "GET /vase-soliflore-c-13_232.html?page=3 HTTP/1.0" 200 92641 "-" "Mozilla/5.0 (compatible; AhrefsBot/7.0; +http://ahrefs.com/robot/)"
213.173.103.138 - - [06/May/2022:04:32:46 +0200] "GET /images/mini_prod/8003990572825.jpg HTTP/1.0" 200 269 "-" "Mozilla/5.0 (X11; Ubuntu; Linux x86_64; rv:72.0) Gecko/20100101 Firefox/72.0"
111.225.145.222 - - [06/May/2022:04:32:59 +0200] "GET /images/mini_prod/1384010202869.jpg HTTP/1.0" 200 269 "-" "Mozilla/5.0 (Macintosh; Intel Mac OS X 10_12_4) AppleWebKit/537.36 (KHTML, like Gecko) Chrome/58.0.3029.110 Safari/537.36"
46.4.108.51 - - [06/May/2022:04:33:01 +0200] "GET /vent-bathrobe-size-p-45901.html HTTP/1.0" 200 73485 "-" "Mozilla/5.0 (compatible; BLEXBot/1.0; +http://webmeup-crawler.com/)"
5.9.66.153 - - [06/May/2022:04:33:28 +0200] "GET /robots.txt HTTP/1.0" 200 245 "-" "Mozilla/5.0 (compatible; MJ12bot/v1.4.8; http://mj12bot.com/)"
5.9.66.153 - - [06/May/2022:04:33:32 +0200] "GET /games-and-toys/toys/barbazoo-wooden-plane-p-27243.html HTTP/1.0" 301 70875 "-" "Mozilla/5.0 (compatible; MJ12bot/v1.4.8; http://mj12bot.com/)"
114.119.137.43 - - [06/May/2022:04:33:32 +0200] "GET /beige-twine-fitted-sheet-90-190-cm-p-51980.html HTTP/1.0" 301 73561 "-" "Mozilla/5.0 (Linux; Android 7.0;) AppleWebKit/537.36 (KHTML, like Gecko) Mobile Safari/537.36 (compatible; PetalBot;+https://webmaster.petalsearch.com/site/petalbot)"
111.225.144.244 - - [06/May/2022:04:33:37 +0200] "GET /images/mini_prod/1300000022644.jpg HTTP/1.0" 200 269 "-" "Mozilla/5.0 (Macintosh; Intel Mac OS X 10_12_4) AppleWebKit/537.36 (KHTML, like Gecko) Chrome/58.0.3029.110 Safari/537.36"
5.9.66.153 - - [06/May/2022:04:33:37 +0200] "GET /-p-27243.html HTTP/1.0" 200 70808 "-" "Mozilla/5.0 (compatible; MJ12bot/v1.4.8; http://mj12bot.com/)"
114.119.137.43 - - [06/May/2022:04:33:38 +0200] "GET /beige-twine-fitted-sheet-p-51980.html HTTP/1.0" 200 73470 "-" "Mozilla/5.0 (Linux; Android 7.0;) AppleWebKit/537.36 (KHTML, like Gecko) Mobile Safari/537.36 (compatible; PetalBot;+https://webmaster.petalsearch.com/site/petalbot)"
5.9.66.153 - - [06/May/2022:04:33:43 +0200] "GET /games-and-toys/toys/barbie-cooker-electronic-child-p-17788.html HTTP/1.0" 301 70875 "-" "Mozilla/5.0 (compatible; MJ12bot/v1.4.8; http://mj12bot.com/)"
40.77.167.13 - - [06/May/2022:04:33:46 +0200] "GET /melt-heart-home-cedarwood-white-musk-p-52812.html HTTP/1.0" 200 74845 "-" "Mozilla/5.0 (compatible; bingbot/2.0; +http://www.bing.com/bingbot.htm)"
5.9.66.153 - - [06/May/2022:04:33:46 +0200] "GET /-p-17788.html HTTP/1.0" 200 70808 "-" "Mozilla/5.0 (compatible; MJ12bot/v1.4.8; http://mj12bot.com/)"
54.36.148.243 - - [06/May/2022:04:33:50 +0200] "GET /laissez-lucie-faire-china-teapot-p-32036.html HTTP/1.0" 200 73500 "-" "Mozilla/5.0 (compatible; AhrefsBot/7.0; +http://ahrefs.com/robot/)"
5.9.66.153 - - [06/May/2022:04:33:52 +0200] "GET /games-and-toys/toys/batman-and-the-joker-big-figures-p-27766.html HTTP/1.0" 301 73676 "-" "Mozilla/5.0 (compatible; MJ12bot/v1.4.8; http://mj12bot.com/)"
54.36.148.153 - - [06/May/2022:04:33:56 +0200] "GET /images/med_prod/3560600283731.jpg HTTP/1.0" 200 268 "-" "Mozilla/5.0 (compatible; AhrefsBot/7.0; +http://ahrefs.com/robot/)"
111.225.146.203 - - [06/May/2022:04:33:58 +0200] "GET /images/mini_prod/3661443439436.jpg HTTP/1.0" 200 269 "-" "Mozilla/5.0 (Macintosh; Intel Mac OS X 10_12_4) AppleWebKit/537.36 (KHTML, like Gecko) Chrome/58.0.3029.110 Safari/537.36"
5.9.66.153 - - [06/May/2022:04:33:57 +0200] "GET /batman-joker-figures-p-27766.html HTTP/1.0" 200 73589 "-" "Mozilla/5.0 (compatible; MJ12bot/v1.4.8; http://mj12bot.com/)"
5.9.66.153 - - [06/May/2022:04:34:00 +0200] "GET /games-and-toys/toys/beautiful-ladybug-and-her-car-figure-p-3943.html HTTP/1.0" 301 74389 "-" "Mozilla/5.0 (compatible; MJ12bot/v1.4.8; http://mj12bot.com/)"
5.9.66.153 - - [06/May/2022:04:34:04 +0200] "GET /beautiful-ladybug-figure-p-3943.html HTTP/1.0" 200 74299 "-" "Mozilla/5.0 (compatible; MJ12bot/v1.4.8; http://mj12bot.com/)"
5.9.66.153 - - [06/May/2022:04:34:08 +0200] "GET /games-and-toys/toys/benjy-miniature-vehicle-p-27996.html HTTP/1.0" 301 70980 "-" "Mozilla/5.0 (compatible; MJ12bot/v1.4.8; http://mj12bot.com/)"
5.9.66.153 - - [06/May/2022:04:34:11 +0200] "GET /robocar-poli-mini-p-27996.html HTTP/1.0" 200 70896 "-" "Mozilla/5.0 (compatible; MJ12bot/v1.4.8; http://mj12bot.com/)"
5.9.66.153 - - [06/May/2022:04:34:15 +0200] "GET /games-and-toys/toys/bowling-game-maximouss-p-19893.html HTTP/1.0" 301 70875 "-" "Mozilla/5.0 (compatible; MJ12bot/v1.4.8; http://mj12bot.com/)"
5.9.66.153 - - [06/May/2022:04:34:18 +0200] "GET /-p-19893.html HTTP/1.0" 200 70808 "-" "Mozilla/5.0 (compatible; MJ12bot/v1.4.8; http://mj12bot.com/)"
5.9.66.153 - - [06/May/2022:04:34:22 +0200] "GET /games-and-toys/toys/calimero-beach-bucket-p-24451.html HTTP/1.0" 301 70875 "-" "Mozilla/5.0 (compatible; MJ12bot/v1.4.8; http://mj12bot.com/)"
46.4.108.51 - - [06/May/2022:04:34:25 +0200] "GET /robots.txt HTTP/1.0" 301 531 "-" "Mozilla/5.0 (compatible; BLEXBot/1.0; +http://webmeup-crawler.com/)"
46.4.108.51 - - [06/May/2022:04:34:25 +0200] "GET /robots.txt HTTP/1.0" 200 245 "-" "Mozilla/5.0 (compatible; BLEXBot/1.0; +http://webmeup-crawler.com/)"
46.4.108.51 - - [06/May/2022:04:34:25 +0200] "GET /vent-bathrobe-size-p-45904.html HTTP/1.0" 200 73487 "-" "Mozilla/5.0 (compatible; BLEXBot/1.0; +http://webmeup-crawler.com/)"
5.9.66.153 - - [06/May/2022:04:34:26 +0200] "GET /-p-24451.html HTTP/1.0" 200 70808 "-" "Mozilla/5.0 (compatible; MJ12bot/v1.4.8; http://mj12bot.com/)"
5.9.66.153 - - [06/May/2022:04:34:32 +0200] "GET /games-and-toys/toys/captain-america-articulate-figurine-p-27712.html HTTP/1.0" 301 70875 "-" "Mozilla/5.0 (compatible; MJ12bot/v1.4.8; http://mj12bot.com/)"
5.9.66.153 - - [06/May/2022:04:34:36 +0200] "GET /-p-27712.html HTTP/1.0" 200 70808 "-" "Mozilla/5.0 (compatible; MJ12bot/v1.4.8; http://mj12bot.com/)"
5.9.66.153 - - [06/May/2022:04:34:39 +0200] "GET /games-and-toys/toys/captain-america-avengers-figure-p-25285.html HTTP/1.0" 301 70875 "-" "Mozilla/5.0 (compatible; MJ12bot/v1.4.8; http://mj12bot.com/)"
5.9.66.153 - - [06/May/2022:04:34:43 +0200] "GET /-p-25285.html HTTP/1.0" 200 70808 "-" "Mozilla/5.0 (compatible; MJ12bot/v1.4.8; http://mj12bot.com/)"
5.9.66.153 - - [06/May/2022:04:34:46 +0200] "GET /games-and-toys/toys/cars-inflatable-balloon-p-19974.html HTTP/1.0" 301 70875 "-" "Mozilla/5.0 (compatible; MJ12bot/v1.4.8; http://mj12bot.com/)"
46.4.108.51 - - [06/May/2022:04:34:48 +0200] "GET /verity-rose-cupcake-emery-board-p-29145.html HTTP/1.0" 200 73589 "-" "Mozilla/5.0 (compatible; BLEXBot/1.0; +http://webmeup-crawler.com/)"
5.9.66.153 - - [06/May/2022:04:34:50 +0200] "GET /-p-19974.html HTTP/1.0" 200 70808 "-" "Mozilla/5.0 (compatible; MJ12bot/v1.4.8; http://mj12bot.com/)"
5.9.66.153 - - [06/May/2022:04:34:53 +0200] "GET /games-and-toys/toys/compact-set-playmobil-princesses-birthday-ilot-p-25215.html HTTP/1.0" 301 70875 "-" "Mozilla/5.0 (compatible; MJ12bot/v1.4.8; http://mj12bot.com/)"
5.9.66.153 - - [06/May/2022:04:34:58 +0200] "GET /-p-25215.html HTTP/1.0" 200 70808 "-" "Mozilla/5.0 (compatible; MJ12bot/v1.4.8; http://mj12bot.com/)"
5.9.66.153 - - [06/May/2022:04:35:01 +0200] "GET /games-and-toys/toys/cooker-princesses-child-faro-p-17791.html HTTP/1.0" 301 70875 "-" "Mozilla/5.0 (compatible; MJ12bot/v1.4.8; http://mj12bot.com/)"
5.9.66.153 - - [06/May/2022:04:35:04 +0200] "GET /-p-17791.html HTTP/1.0" 200 70808 "-" "Mozilla/5.0 (compatible; MJ12bot/v1.4.8; http://mj12bot.com/)"
5.9.66.153 - - [06/May/2022:04:35:08 +0200] "GET /games-and-toys/toys/costumes-ninja-katana-with-years-p-27845.html HTTP/1.0" 301 70875 "-" "Mozilla/5.0 (compatible; MJ12bot/v1.4.8; http://mj12bot.com/)"
77.88.5.208 - - [06/May/2022:04:35:09 +0200] "GET /spiderman-mattress-swimming-pool-p-14357.html HTTP/1.0" 200 73877 "-" "Mozilla/5.0 (compatible; YandexBot/3.0; +http://yandex.com/bots)"
54.36.148.243 - - [06/May/2022:04:35:09 +0200] "GET /wall-decoration-wooden-slate-hang-surf-p-41381.html HTTP/1.0" 200 73687 "-" "Mozilla/5.0 (compatible; AhrefsBot/7.0; +http://ahrefs.com/robot/)"
5.9.66.153 - - [06/May/2022:04:35:11 +0200] "GET /-p-27845.html HTTP/1.0" 200 70808 "-" "Mozilla/5.0 (compatible; MJ12bot/v1.4.8; http://mj12bot.com/)"
5.9.66.153 - - [06/May/2022:04:35:15 +0200] "GET /games-and-toys/toys/cowboy-accessories-p-27847.html HTTP/1.0" 301 70956 "-" "Mozilla/5.0 (compatible; MJ12bot/v1.4.8; http://mj12bot.com/)"
5.9.66.153 - - [06/May/2022:04:35:18 +0200] "GET /accessories-p-27847.html HTTP/1.0" 200 70878 "-" "Mozilla/5.0 (compatible; MJ12bot/v1.4.8; http://mj12bot.com/)"
5.9.66.153 - - [06/May/2022:04:35:21 +0200] "GET /games-and-toys/toys/darth-maul-big-figure-p-27762.html HTTP/1.0" 301 70875 "-" "Mozilla/5.0 (compatible; MJ12bot/v1.4.8; http://mj12bot.com/)"
5.9.66.153 - - [06/May/2022:04:35:25 +0200] "GET /-p-27762.html HTTP/1.0" 200 70808 "-" "Mozilla/5.0 (compatible; MJ12bot/v1.4.8; http://mj12bot.com/)"
185.191.171.44 - - [06/May/2022:04:35:27 +0200] "GET /flat-sheet-washed-linen-granite-p-48170.html?action=add_product HTTP/1.0" 302 476 "-" "Mozilla/5.0 (compatible; SemrushBot/7~bl; +http://www.semrush.com/bot.html)"
5.9.66.153 - - [06/May/2022:04:35:28 +0200] "GET /games-and-toys/toys/disney-princess-swimming-armband-p-19978.html HTTP/1.0" 301 71058 "-" "Mozilla/5.0 (compatible; MJ12bot/v1.4.8; http://mj12bot.com/)"
5.9.66.153 - - [06/May/2022:04:35:33 +0200] "GET /disney-princess-swimming-armband-p-19978.html HTTP/1.0" 200 70959 "-" "Mozilla/5.0 (compatible; MJ12bot/v1.4.8; http://mj12bot.com/)"
147.92.229.61 - - [06/May/2022:04:35:36 +0200] "GET /images/mini_prod/3760116321266.jpg HTTP/1.0" 200 269 "-" "Mozilla/5.0 (X11; Ubuntu; Linux x86_64; rv:72.0) Gecko/20100101 Firefox/72.0"
5.9.66.153 - - [06/May/2022:04:35:36 +0200] "GET /games-and-toys/toys/doom-articulate-figurine-p-27718.html HTTP/1.0" 301 70875 "-" "Mozilla/5.0 (compatible; MJ12bot/v1.4.8; http://mj12bot.com/)"
5.9.66.153 - - [06/May/2022:04:35:40 +0200] "GET /-p-27718.html HTTP/1.0" 200 70808 "-" "Mozilla/5.0 (compatible; MJ12bot/v1.4.8; http://mj12bot.com/)"
118.184.177.81 - - [06/May/2022:04:35:43 +0200] "GET / HTTP/1.0" 200 150760 "-" "Sogou web spider/4.0(+http://www.sogou.com/docs/help/webmasters.htm#07)"
5.9.66.153 - - [06/May/2022:04:35:45 +0200] "GET /games-and-toys/toys/dressing-princess-p-17770.html HTTP/1.0" 301 70875 "-" "Mozilla/5.0 (compatible; MJ12bot/v1.4.8; http://mj12bot.com/)"
5.9.66.153 - - [06/May/2022:04:35:49 +0200] "GET /-p-17770.html HTTP/1.0" 200 70808 "-" "Mozilla/5.0 (compatible; MJ12bot/v1.4.8; http://mj12bot.com/)"
185.191.171.3 - - [06/May/2022:04:35:49 +0200] "GET /ceramic-table-lamp-silver-p-55539.html?action=add_product HTTP/1.0" 302 476 "-" "Mozilla/5.0 (compatible; SemrushBot/7~bl; +http://www.semrush.com/bot.html)"
5.9.66.153 - - [06/May/2022:04:35:53 +0200] "GET /games-and-toys/toys/electronic-kitchen-for-child-faro-p-17783.html HTTP/1.0" 301 70875 "-" "Mozilla/5.0 (compatible; MJ12bot/v1.4.8; http://mj12bot.com/)"
5.9.66.153 - - [06/May/2022:04:35:56 +0200] "GET /-p-17783.html HTTP/1.0" 200 70808 "-" "Mozilla/5.0 (compatible; MJ12bot/v1.4.8; http://mj12bot.com/)"
5.9.66.153 - - [06/May/2022:04:36:00 +0200] "GET /games-and-toys/toys/fairy-accessories-p-27848.html HTTP/1.0" 301 70875 "-" "Mozilla/5.0 (compatible; MJ12bot/v1.4.8; http://mj12bot.com/)"
5.9.66.153 - - [06/May/2022:04:36:03 +0200] "GET /-p-27848.html HTTP/1.0" 200 70808 "-" "Mozilla/5.0 (compatible; MJ12bot/v1.4.8; http://mj12bot.com/)"
46.4.108.51 - - [06/May/2022:04:36:04 +0200] "GET /verity-rose-destiny-emery-board-p-29140.html HTTP/1.0" 200 73561 "-" "Mozilla/5.0 (compatible; BLEXBot/1.0; +http://webmeup-crawler.com/)"
5.9.66.153 - - [06/May/2022:04:36:07 +0200] "GET /games-and-toys/toys/fairy-accessories-p-27849.html HTTP/1.0" 301 70968 "-" "Mozilla/5.0 (compatible; MJ12bot/v1.4.8; http://mj12bot.com/)"
5.9.66.153 - - [06/May/2022:04:36:10 +0200] "GET /fairy-accessories-p-27849.html HTTP/1.0" 200 70884 "-" "Mozilla/5.0 (compatible; MJ12bot/v1.4.8; http://mj12bot.com/)"
5.9.66.153 - - [06/May/2022:04:36:14 +0200] "GET /games-and-toys/toys/fairy-accessories-p-27850.html HTTP/1.0" 301 73798 "-" "Mozilla/5.0 (compatible; MJ12bot/v1.4.8; http://mj12bot.com/)"
54.36.148.243 - - [06/May/2022:04:36:17 +0200] "GET /purse-wallet-c-31_76.html?page=4 HTTP/1.0" 200 93283 "-" "Mozilla/5.0 (compatible; AhrefsBot/7.0; +http://ahrefs.com/robot/)"
5.9.66.153 - - [06/May/2022:04:36:18 +0200] "GET /fairy-accessories-p-27850.html HTTP/1.0" 200 73714 "-" "Mozilla/5.0 (compatible; MJ12bot/v1.4.8; http://mj12bot.com/)"
5.9.66.153 - - [06/May/2022:04:36:21 +0200] "GET /games-and-toys/toys/ghost-rider-articulate-figurine-p-27721.html HTTP/1.0" 301 70875 "-" "Mozilla/5.0 (compatible; MJ12bot/v1.4.8; http://mj12bot.com/)"
5.9.66.153 - - [06/May/2022:04:36:25 +0200] "GET /-p-27721.html HTTP/1.0" 200 70808 "-" "Mozilla/5.0 (compatible; MJ12bot/v1.4.8; http://mj12bot.com/)"
5.9.66.153 - - [06/May/2022:04:36:28 +0200] "GET /games-and-toys/toys/gift-box-set-retro-bowls-p-24920.html HTTP/1.0" 301 70875 "-" "Mozilla/5.0 (compatible; MJ12bot/v1.4.8; http://mj12bot.com/)"
5.9.66.153 - - [06/May/2022:04:36:31 +0200] "GET /-p-24920.html HTTP/1.0" 200 70808 "-" "Mozilla/5.0 (compatible; MJ12bot/v1.4.8; http://mj12bot.com/)"
5.9.66.153 - - [06/May/2022:04:36:35 +0200] "GET /games-and-toys/toys/green-goblin-articulate-figurine-p-27719.html HTTP/1.0" 301 70875 "-" "Mozilla/5.0 (compatible; MJ12bot/v1.4.8; http://mj12bot.com/)"
5.9.66.153 - - [06/May/2022:04:36:38 +0200] "GET /-p-27719.html HTTP/1.0" 200 70808 "-" "Mozilla/5.0 (compatible; MJ12bot/v1.4.8; http://mj12bot.com/)"
5.9.66.153 - - [06/May/2022:04:36:42 +0200] "GET /games-and-toys/toys/grendizer-figurine-p-27771.html HTTP/1.0" 301 70875 "-" "Mozilla/5.0 (compatible; MJ12bot/v1.4.8; http://mj12bot.com/)"
5.9.66.153 - - [06/May/2022:04:36:44 +0200] "GET /-p-27771.html HTTP/1.0" 200 70808 "-" "Mozilla/5.0 (compatible; MJ12bot/v1.4.8; http://mj12bot.com/)"
185.191.171.18 - - [06/May/2022:04:36:46 +0200] "GET /vegas-casino-metal-wall-decoration-p-44438.html?action=add_product HTTP/1.0" 302 476 "-" "Mozilla/5.0 (compatible; SemrushBot/7~bl; +http://www.semrush.com/bot.html)"
5.9.66.153 - - [06/May/2022:04:36:47 +0200] "GET /games-and-toys/toys/groot-gardians-the-galaxy-figure-p-27720.html HTTP/1.0" 301 70875 "-" "Mozilla/5.0 (compatible; MJ12bot/v1.4.8; http://mj12bot.com/)"
5.9.66.153 - - [06/May/2022:04:36:51 +0200] "GET /-p-27720.html HTTP/1.0" 200 70808 "-" "Mozilla/5.0 (compatible; MJ12bot/v1.4.8; http://mj12bot.com/)"
46.4.108.51 - - [06/May/2022:04:36:52 +0200] "GET /verity-rose-hair-clips-retro-p-29184.html HTTP/1.0" 200 73547 "-" "Mozilla/5.0 (compatible; BLEXBot/1.0; +http://webmeup-crawler.com/)"
5.9.66.153 - - [06/May/2022:04:36:54 +0200] "GET /games-and-toys/toys/hat-child-avenger-p-22587.html HTTP/1.0" 301 70875 "-" "Mozilla/5.0 (compatible; MJ12bot/v1.4.8; http://mj12bot.com/)"
111.225.146.228 - - [06/May/2022:04:36:58 +0200] "GET /images/mini_prod/8433933436172.jpg HTTP/1.0" 200 269 "-" "Mozilla/5.0 (Macintosh; Intel Mac OS X 10_12_4) AppleWebKit/537.36 (KHTML, like Gecko) Chrome/58.0.3029.110 Safari/537.36"
5.9.66.153 - - [06/May/2022:04:37:01 +0200] "GET /-p-22587.html HTTP/1.0" 200 70808 "-" "Mozilla/5.0 (compatible; MJ12bot/v1.4.8; http://mj12bot.com/)"
46.4.108.51 - - [06/May/2022:04:37:06 +0200] "GET /verity-rose-hair-clips-retro-p-29186.html HTTP/1.0" 200 73514 "-" "Mozilla/5.0 (compatible; BLEXBot/1.0; +http://webmeup-crawler.com/)"
5.9.66.153 - - [06/May/2022:04:37:12 +0200] "GET /games-and-toys/toys/hawkeye-avengers-figure-p-24828.html HTTP/1.0" 301 70875 "-" "Mozilla/5.0 (compatible; MJ12bot/v1.4.8; http://mj12bot.com/)"
5.9.66.153 - - [06/May/2022:04:37:17 +0200] "GET /-p-24828.html HTTP/1.0" 200 70808 "-" "Mozilla/5.0 (compatible; MJ12bot/v1.4.8; http://mj12bot.com/)"
5.9.66.153 - - [06/May/2022:04:37:21 +0200] "GET /games-and-toys/toys/hello-kitty-swimming-ring-p-19971.html HTTP/1.0" 301 73388 "-" "Mozilla/5.0 (compatible; MJ12bot/v1.4.8; http://mj12bot.com/)"
5.9.66.153 - - [06/May/2022:04:37:28 +0200] "GET /hello-kitty-swimming-ring-p-19971.html HTTP/1.0" 200 73296 "-" "Mozilla/5.0 (compatible; MJ12bot/v1.4.8; http://mj12bot.com/)"
54.36.148.243 - - [06/May/2022:04:37:31 +0200] "GET /fragrances-ambiance-c-231.html?page=5 HTTP/1.0" 200 93693 "-" "Mozilla/5.0 (compatible; AhrefsBot/7.0; +http://ahrefs.com/robot/)"
134.35.39.135 - - [06/May/2022:04:37:34 +0200] "GET /contact_us.php HTTP/1.0" 200 26241 "http://www.wonder-geek.com/contact_us.php" "Mozilla/5.0 (Windows NT 10.0; Win64; x64) AppleWebKit/537.36 (KHTML, like Gecko) Chrome/83.0.4103.34 Safari/537.36"
54.36.149.64 - - [06/May/2022:04:37:37 +0200] "GET /images/mini_prod/3700344871683.jpg HTTP/1.0" 200 269 "-" "Mozilla/5.0 (compatible; AhrefsBot/7.0; +http://ahrefs.com/robot/)"
46.4.108.51 - - [06/May/2022:04:37:34 +0200] "GET /verity-rose-moonstruck-emery-board-p-29144.html HTTP/1.0" 200 73615 "-" "Mozilla/5.0 (compatible; BLEXBot/1.0; +http://webmeup-crawler.com/)"
54.36.148.181 - - [06/May/2022:04:37:37 +0200] "GET /images/mini_prod/3700344890714.jpg HTTP/1.0" 200 269 "-" "Mozilla/5.0 (compatible; AhrefsBot/7.0; +http://ahrefs.com/robot/)"
54.36.148.140 - - [06/May/2022:04:37:38 +0200] "GET /images/mini_prod/3700344871690.jpg HTTP/1.0" 200 269 "-" "Mozilla/5.0 (compatible; AhrefsBot/7.0; +http://ahrefs.com/robot/)"
5.9.66.153 - - [06/May/2022:04:37:37 +0200] "GET /games-and-toys/toys/heroes-square-pyramid-janod-p-20536.html HTTP/1.0" 301 71028 "-" "Mozilla/5.0 (compatible; MJ12bot/v1.4.8; http://mj12bot.com/)"
54.36.148.2 - - [06/May/2022:04:37:43 +0200] "GET /images/mini_prod/8903833426578.jpg HTTP/1.0" 200 269 "-" "Mozilla/5.0 (compatible; AhrefsBot/7.0; +http://ahrefs.com/robot/)"
54.36.148.191 - - [06/May/2022:04:37:43 +0200] "GET /images/mini_prod/3700344876732.jpg HTTP/1.0" 200 269 "-" "Mozilla/5.0 (compatible; AhrefsBot/7.0; +http://ahrefs.com/robot/)"
54.36.148.147 - - [06/May/2022:04:37:44 +0200] "GET /images/mini_prod/3700344876718.jpg HTTP/1.0" 200 269 "-" "Mozilla/5.0 (compatible; AhrefsBot/7.0; +http://ahrefs.com/robot/)"
54.36.149.88 - - [06/May/2022:04:37:44 +0200] "GET /images/mini_prod/3700344871652.jpg HTTP/1.0" 200 269 "-" "Mozilla/5.0 (compatible; AhrefsBot/7.0; +http://ahrefs.com/robot/)"
54.36.148.199 - - [06/May/2022:04:37:45 +0200] "GET /images/mini_prod/3700344871713a.jpg HTTP/1.0" 200 270 "-" "Mozilla/5.0 (compatible; AhrefsBot/7.0; +http://ahrefs.com/robot/)"
5.9.66.153 - - [06/May/2022:04:37:44 +0200] "GET /heroes-square-pyramid-janod-p-20536.html HTTP/1.0" 200 70934 "-" "Mozilla/5.0 (compatible; MJ12bot/v1.4.8; http://mj12bot.com/)"
54.36.148.198 - - [06/May/2022:04:37:46 +0200] "GET /images/mini_prod/3700344871669.jpg HTTP/1.0" 200 269 "-" "Mozilla/5.0 (compatible; AhrefsBot/7.0; +http://ahrefs.com/robot/)"
54.36.149.85 - - [06/May/2022:04:37:46 +0200] "GET /images/mini_prod/5051276260235.jpg HTTP/1.0" 200 269 "-" "Mozilla/5.0 (compatible; AhrefsBot/7.0; +http://ahrefs.com/robot/)"
54.36.148.84 - - [06/May/2022:04:37:47 +0200] "GET /images/mini_prod/3700344871959.jpg HTTP/1.0" 200 269 "-" "Mozilla/5.0 (compatible; AhrefsBot/7.0; +http://ahrefs.com/robot/)"
54.36.148.89 - - [06/May/2022:04:37:47 +0200] "GET /images/mini_prod/8904234401652.jpg HTTP/1.0" 200 269 "-" "Mozilla/5.0 (compatible; AhrefsBot/7.0; +http://ahrefs.com/robot/)"
54.36.148.60 - - [06/May/2022:04:37:48 +0200] "GET /images/mini_prod/8422017821225.jpg HTTP/1.0" 200 269 "-" "Mozilla/5.0 (compatible; AhrefsBot/7.0; +http://ahrefs.com/robot/)"
54.36.149.82 - - [06/May/2022:04:37:48 +0200] "GET /images/mini_prod/3700344890745.jpg HTTP/1.0" 200 269 "-" "Mozilla/5.0 (compatible; AhrefsBot/7.0; +http://ahrefs.com/robot/)"
54.36.148.83 - - [06/May/2022:04:37:48 +0200] "GET /images/mini_prod/3700344876725.jpg HTTP/1.0" 200 269 "-" "Mozilla/5.0 (compatible; AhrefsBot/7.0; +http://ahrefs.com/robot/)"
54.36.149.67 - - [06/May/2022:04:37:48 +0200] "GET /images/mini_prod/3700344872109.jpg HTTP/1.0" 200 269 "-" "Mozilla/5.0 (compatible; AhrefsBot/7.0; +http://ahrefs.com/robot/)"
54.36.148.28 - - [06/May/2022:04:37:49 +0200] "GET /images/mini_prod/3700344871751.jpg HTTP/1.0" 200 269 "-" "Mozilla/5.0 (compatible; AhrefsBot/7.0; +http://ahrefs.com/robot/)"
54.36.148.169 - - [06/May/2022:04:37:49 +0200] "GET /images/mini_prod/3700344871782.jpg HTTP/1.0" 200 269 "-" "Mozilla/5.0 (compatible; AhrefsBot/7.0; +http://ahrefs.com/robot/)"
54.36.148.173 - - [06/May/2022:04:37:49 +0200] "GET /images/mini_prod/3700344876626.jpg HTTP/1.0" 200 269 "-" "Mozilla/5.0 (compatible; AhrefsBot/7.0; +http://ahrefs.com/robot/)"
54.36.149.21 - - [06/May/2022:04:37:50 +0200] "GET /images/mini_prod/3700344871799.jpg HTTP/1.0" 200 269 "-" "Mozilla/5.0 (compatible; AhrefsBot/7.0; +http://ahrefs.com/robot/)"
5.9.66.153 - - [06/May/2022:04:37:50 +0200] "GET /games-and-toys/toys/hulk-mask-p-24835.html HTTP/1.0" 301 70875 "-" "Mozilla/5.0 (compatible; MJ12bot/v1.4.8; http://mj12bot.com/)"
5.9.66.153 - - [06/May/2022:04:37:55 +0200] "GET /-p-24835.html HTTP/1.0" 200 70808 "-" "Mozilla/5.0 (compatible; MJ12bot/v1.4.8; http://mj12bot.com/)"
5.9.66.153 - - [06/May/2022:04:37:58 +0200] "GET /games-and-toys/toys/iceman-articulate-figurine-p-27716.html HTTP/1.0" 301 70875 "-" "Mozilla/5.0 (compatible; MJ12bot/v1.4.8; http://mj12bot.com/)"
5.9.66.153 - - [06/May/2022:04:38:04 +0200] "GET /-p-27716.html HTTP/1.0" 200 70808 "-" "Mozilla/5.0 (compatible; MJ12bot/v1.4.8; http://mj12bot.com/)"
77.88.5.208 - - [06/May/2022:04:38:05 +0200] "GET /jake-never-land-pirates-jack-figure-p-27306.html HTTP/1.0" 200 73414 "-" "Mozilla/5.0 (compatible; YandexBot/3.0; +http://yandex.com/bots)"
17.121.113.171 - - [06/May/2022:04:38:08 +0200] "GET /dessert-dish-glass-with-anti-slip-feet-p-47346.html HTTP/1.0" 200 74165 "-" "Mozilla/5.0 (Macintosh; Intel Mac OS X 10_15_5) AppleWebKit/605.1.15 (KHTML, like Gecko) Version/13.1.1 Safari/605.1.15 (Applebot/0.1; +http://www.apple.com/go/applebot)"
5.9.66.153 - - [06/May/2022:04:38:10 +0200] "GET /games-and-toys/toys/iron-man-articulate-figurine-p-27714.html HTTP/1.0" 301 70875 "-" "Mozilla/5.0 (compatible; MJ12bot/v1.4.8; http://mj12bot.com/)"
31.13.127.18 - - [06/May/2022:04:38:14 +0200] "GET /ac-dc-m-145.html HTTP/1.0" 200 80204 "-" "facebookexternalhit/1.1 (+http://www.facebook.com/externalhit_uatext.php)"
5.9.66.153 - - [06/May/2022:04:38:16 +0200] "GET /-p-27714.html HTTP/1.0" 200 70808 "-" "Mozilla/5.0 (compatible; MJ12bot/v1.4.8; http://mj12bot.com/)"
5.9.66.153 - - [06/May/2022:04:38:21 +0200] "GET /games-and-toys/toys/iron-man-mask-p-24834.html HTTP/1.0" 301 73763 "-" "Mozilla/5.0 (compatible; MJ12bot/v1.4.8; http://mj12bot.com/)"
5.9.66.153 - - [06/May/2022:04:38:27 +0200] "GET /avengers-iron-mask-p-24834.html HTTP/1.0" 200 73678 "-" "Mozilla/5.0 (compatible; MJ12bot/v1.4.8; http://mj12bot.com/)"
111.225.144.241 - - [06/May/2022:04:38:29 +0200] "GET /images/mini_prod/8422142192443.jpg HTTP/1.0" 200 269 "-" "Mozilla/5.0 (Macintosh; Intel Mac OS X 10_12_4) AppleWebKit/537.36 (KHTML, like Gecko) Chrome/58.0.3029.110 Safari/537.36"
46.4.108.51 - - [06/May/2022:04:38:29 +0200] "GET /very-large-fountain-ganesh-resin-p-46678.html HTTP/1.0" 200 73864 "-" "Mozilla/5.0 (compatible; BLEXBot/1.0; +http://webmeup-crawler.com/)"
5.9.66.153 - - [06/May/2022:04:38:33 +0200] "GET /games-and-toys/toys/iron-man-radio-control-car-p-19895.html HTTP/1.0" 301 70875 "-" "Mozilla/5.0 (compatible; MJ12bot/v1.4.8; http://mj12bot.com/)"
5.9.66.153 - - [06/May/2022:04:38:37 +0200] "GET /-p-19895.html HTTP/1.0" 200 70808 "-" "Mozilla/5.0 (compatible; MJ12bot/v1.4.8; http://mj12bot.com/)"
46.4.108.51 - - [06/May/2022:04:38:40 +0200] "GET /vest-with-crop-steampunk-black-shirt-p-30129.html HTTP/1.0" 200 75025 "-" "Mozilla/5.0 (compatible; BLEXBot/1.0; +http://webmeup-crawler.com/)"
5.9.66.153 - - [06/May/2022:04:38:42 +0200] "GET /games-and-toys/toys/lego-city-snowmobile-p-27828.html HTTP/1.0" 301 70875 "-" "Mozilla/5.0 (compatible; MJ12bot/v1.4.8; http://mj12bot.com/)"
5.9.66.153 - - [06/May/2022:04:38:46 +0200] "GET /-p-27828.html HTTP/1.0" 200 70808 "-" "Mozilla/5.0 (compatible; MJ12bot/v1.4.8; http://mj12bot.com/)"
5.9.66.153 - - [06/May/2022:04:38:51 +0200] "GET /games-and-toys/toys/lego-creator-3in1-vehicle-p-25216.html HTTP/1.0" 301 70875 "-" "Mozilla/5.0 (compatible; MJ12bot/v1.4.8; http://mj12bot.com/)"
5.9.66.153 - - [06/May/2022:04:38:55 +0200] "GET /-p-25216.html HTTP/1.0" 200 70808 "-" "Mozilla/5.0 (compatible; MJ12bot/v1.4.8; http://mj12bot.com/)"
5.9.66.153 - - [06/May/2022:04:38:58 +0200] "GET /games-and-toys/toys/lego-legend-chima-the-wolf-legend-beast-p-24470.html HTTP/1.0" 301 70875 "-" "Mozilla/5.0 (compatible; MJ12bot/v1.4.8; http://mj12bot.com/)"
5.9.66.153 - - [06/May/2022:04:39:00 +0200] "GET /-p-24470.html HTTP/1.0" 200 70808 "-" "Mozilla/5.0 (compatible; MJ12bot/v1.4.8; http://mj12bot.com/)"
46.4.108.51 - - [06/May/2022:04:39:00 +0200] "GET /vichy-little-tray-p-29649.html HTTP/1.0" 200 73453 "-" "Mozilla/5.0 (compatible; BLEXBot/1.0; +http://webmeup-crawler.com/)"
5.9.66.153 - - [06/May/2022:04:39:05 +0200] "GET /games-and-toys/toys/little-poney-apple-jack-figure-p-27676.html HTTP/1.0" 301 70875 "-" "Mozilla/5.0 (compatible; MJ12bot/v1.4.8; http://mj12bot.com/)"
5.9.66.153 - - [06/May/2022:04:39:08 +0200] "GET /-p-27676.html HTTP/1.0" 200 70808 "-" "Mozilla/5.0 (compatible; MJ12bot/v1.4.8; http://mj12bot.com/)"
54.36.148.243 - - [06/May/2022:04:39:10 +0200] "GET /dora-explorer-mirror-p-12237.html HTTP/1.0" 200 73569 "-" "Mozilla/5.0 (compatible; AhrefsBot/7.0; +http://ahrefs.com/robot/)"
5.9.66.153 - - [06/May/2022:04:39:11 +0200] "GET /games-and-toys/toys/little-poney-princess-twilight-sparkle-figure-p-27678.html HTTP/1.0" 301 70875 "-" "Mozilla/5.0 (compatible; MJ12bot/v1.4.8; http://mj12bot.com/)"
185.191.171.8 - - [06/May/2022:04:39:13 +0200] "GET /peanuts-charly-brown-figure-p-11182.html HTTP/1.0" 200 70906 "-" "Mozilla/5.0 (compatible; SemrushBot/7~bl; +http://www.semrush.com/bot.html)"
5.9.66.153 - - [06/May/2022:04:39:15 +0200] "GET /-p-27678.html HTTP/1.0" 200 70808 "-" "Mozilla/5.0 (compatible; MJ12bot/v1.4.8; http://mj12bot.com/)"
185.191.171.41 - - [06/May/2022:04:39:17 +0200] "GET /mobile-bells-metal-elephants-80-cm-p-42074.html HTTP/1.0" 301 74297 "-" "Mozilla/5.0 (compatible; SemrushBot/7~bl; +http://www.semrush.com/bot.html)"
5.9.66.153 - - [06/May/2022:04:39:18 +0200] "GET /games-and-toys/toys/magnetic-france-janod-p-19494.html HTTP/1.0" 301 70875 "-" "Mozilla/5.0 (compatible; MJ12bot/v1.4.8; http://mj12bot.com/)"
5.9.66.153 - - [06/May/2022:04:39:21 +0200] "GET /-p-19494.html HTTP/1.0" 200 70808 "-" "Mozilla/5.0 (compatible; MJ12bot/v1.4.8; http://mj12bot.com/)"
185.191.171.5 - - [06/May/2022:04:39:21 +0200] "GET /mobile-bells-metal-elephants-p-42074.html HTTP/1.0" 200 74202 "-" "Mozilla/5.0 (compatible; SemrushBot/7~bl; +http://www.semrush.com/bot.html)"
5.9.66.153 - - [06/May/2022:04:39:24 +0200] "GET /games-and-toys/toys/mini-cooper-union-jack-figurine-p-26242.html HTTP/1.0" 301 70875 "-" "Mozilla/5.0 (compatible; MJ12bot/v1.4.8; http://mj12bot.com/)"
5.9.66.153 - - [06/May/2022:04:39:27 +0200] "GET /-p-26242.html HTTP/1.0" 200 70808 "-" "Mozilla/5.0 (compatible; MJ12bot/v1.4.8; http://mj12bot.com/)"
66.249.73.134 - - [06/May/2022:04:39:29 +0200] "GET /gorjuss-daily-planner-autumn-leaves-p-49481.html HTTP/1.0" 200 75432 "-" "Mozilla/5.0 (Linux; Android 6.0.1; Nexus 5X Build/MMB29P) AppleWebKit/537.36 (KHTML, like Gecko) Chrome/100.0.4896.127 Mobile Safari/537.36 (compatible; Googlebot/2.1; +http://www.google.com/bot.html)"
5.9.66.153 - - [06/May/2022:04:39:30 +0200] "GET /games-and-toys/toys/mini-cooper-union-jack-figurine-p-26256.html HTTP/1.0" 301 70875 "-" "Mozilla/5.0 (compatible; MJ12bot/v1.4.8; http://mj12bot.com/)"
5.9.66.153 - - [06/May/2022:04:39:33 +0200] "GET /-p-26256.html HTTP/1.0" 200 70808 "-" "Mozilla/5.0 (compatible; MJ12bot/v1.4.8; http://mj12bot.com/)"
5.9.66.153 - - [06/May/2022:04:39:36 +0200] "GET /games-and-toys/toys/mini-cooper-union-jack-figurine-p-26257.html HTTP/1.0" 301 70875 "-" "Mozilla/5.0 (compatible; MJ12bot/v1.4.8; http://mj12bot.com/)"
5.9.66.153 - - [06/May/2022:04:39:40 +0200] "GET /-p-26257.html HTTP/1.0" 200 70808 "-" "Mozilla/5.0 (compatible; MJ12bot/v1.4.8; http://mj12bot.com/)"
46.4.108.51 - - [06/May/2022:04:39:40 +0200] "GET /vintage-adult-apron-p-38478.html HTTP/1.0" 200 73415 "-" "Mozilla/5.0 (compatible; BLEXBot/1.0; +http://webmeup-crawler.com/)"
5.9.66.153 - - [06/May/2022:04:39:42 +0200] "GET /games-and-toys/toys/nerf-darts-refill-elite-p-20346.html HTTP/1.0" 301 73433 "-" "Mozilla/5.0 (compatible; MJ12bot/v1.4.8; http://mj12bot.com/)"
5.9.66.153 - - [06/May/2022:04:39:46 +0200] "GET /nerf-darts-refill-elite-p-20346.html HTTP/1.0" 200 73343 "-" "Mozilla/5.0 (compatible; MJ12bot/v1.4.8; http://mj12bot.com/)"
5.9.66.153 - - [06/May/2022:04:39:49 +0200] "GET /games-and-toys/toys/nerf-nstrike-elite-firestrike-p-20343.html HTTP/1.0" 301 70875 "-" "Mozilla/5.0 (compatible; MJ12bot/v1.4.8; http://mj12bot.com/)"
5.9.66.153 - - [06/May/2022:04:39:52 +0200] "GET /-p-20343.html HTTP/1.0" 200 70808 "-" "Mozilla/5.0 (compatible; MJ12bot/v1.4.8; http://mj12bot.com/)"
111.225.144.244 - - [06/May/2022:04:39:56 +0200] "GET /images/mini_prod/8427787044003.jpg HTTP/1.0" 200 269 "-" "Mozilla/5.0 (Macintosh; Intel Mac OS X 10_12_4) AppleWebKit/537.36 (KHTML, like Gecko) Chrome/58.0.3029.110 Safari/537.36"
5.9.66.153 - - [06/May/2022:04:39:55 +0200] "GET /games-and-toys/toys/nerf-nstrike-elite-stryfe-p-20340.html HTTP/1.0" 301 70875 "-" "Mozilla/5.0 (compatible; MJ12bot/v1.4.8; http://mj12bot.com/)"
5.9.66.153 - - [06/May/2022:04:39:58 +0200] "GET /-p-20340.html HTTP/1.0" 200 70808 "-" "Mozilla/5.0 (compatible; MJ12bot/v1.4.8; http://mj12bot.com/)"
5.9.66.153 - - [06/May/2022:04:40:01 +0200] "GET /games-and-toys/toys/nerf-nstrike-elite-triad-ex3-p-20344.html HTTP/1.0" 301 70875 "-" "Mozilla/5.0 (compatible; MJ12bot/v1.4.8; http://mj12bot.com/)"
5.9.66.153 - - [06/May/2022:04:40:04 +0200] "GET /-p-20344.html HTTP/1.0" 200 70808 "-" "Mozilla/5.0 (compatible; MJ12bot/v1.4.8; http://mj12bot.com/)"
40.77.167.13 - - [06/May/2022:04:40:06 +0200] "GET /stitch-figure-collection-romero-britto-p-51468.html HTTP/1.0" 200 75095 "-" "Mozilla/5.0 (compatible; bingbot/2.0; +http://www.bing.com/bingbot.htm)"
5.9.66.153 - - [06/May/2022:04:40:07 +0200] "GET /games-and-toys/toys/planes-armbands-child-p-24431.html HTTP/1.0" 301 70875 "-" "Mozilla/5.0 (compatible; MJ12bot/v1.4.8; http://mj12bot.com/)"
5.9.66.153 - - [06/May/2022:04:40:10 +0200] "GET /-p-24431.html HTTP/1.0" 200 70808 "-" "Mozilla/5.0 (compatible; MJ12bot/v1.4.8; http://mj12bot.com/)"
5.9.66.153 - - [06/May/2022:04:40:13 +0200] "GET /games-and-toys/toys/playmobil-cavalry-p-22427.html HTTP/1.0" 301 70875 "-" "Mozilla/5.0 (compatible; MJ12bot/v1.4.8; http://mj12bot.com/)"
157.55.39.172 - - [06/May/2022:04:40:16 +0200] "GET /artisan-plaster-thermometer-handcrafted-p-58007.html HTTP/1.0" 301 615 "-" "Mozilla/5.0 (compatible; bingbot/2.0; +http://www.bing.com/bingbot.htm)"
17.121.113.101 - - [06/May/2022:04:40:16 +0200] "GET /images/big_prod_1/8422810051645b.jpg HTTP/1.0" 200 271 "-" "Mozilla/5.0 (Macintosh; Intel Mac OS X 10_15_5) AppleWebKit/605.1.15 (KHTML, like Gecko) Version/13.1.1 Safari/605.1.15 (Applebot/0.1; +http://www.apple.com/go/applebot)"
5.9.66.153 - - [06/May/2022:04:40:16 +0200] "GET /-p-22427.html HTTP/1.0" 200 70808 "-" "Mozilla/5.0 (compatible; MJ12bot/v1.4.8; http://mj12bot.com/)"
5.9.66.153 - - [06/May/2022:04:40:19 +0200] "GET /games-and-toys/toys/playmobil-child-with-his-motocross-p-21338.html HTTP/1.0" 301 70875 "-" "Mozilla/5.0 (compatible; MJ12bot/v1.4.8; http://mj12bot.com/)"
46.4.108.51 - - [06/May/2022:04:40:21 +0200] "GET /vintage-adult-apron-p-38480.html HTTP/1.0" 200 73415 "-" "Mozilla/5.0 (compatible; BLEXBot/1.0; +http://webmeup-crawler.com/)"
5.9.66.153 - - [06/May/2022:04:40:22 +0200] "GET /-p-21338.html HTTP/1.0" 200 70808 "-" "Mozilla/5.0 (compatible; MJ12bot/v1.4.8; http://mj12bot.com/)"
54.36.148.243 - - [06/May/2022:04:40:22 +0200] "GET /fragrances-ambiance-c-231.html?page=7 HTTP/1.0" 200 92221 "-" "Mozilla/5.0 (compatible; AhrefsBot/7.0; +http://ahrefs.com/robot/)"
5.9.66.153 - - [06/May/2022:04:40:26 +0200] "GET /games-and-toys/toys/playmobil-secret-agent-p-27827.html HTTP/1.0" 301 70875 "-" "Mozilla/5.0 (compatible; MJ12bot/v1.4.8; http://mj12bot.com/)"
157.55.39.172 - - [06/May/2022:04:40:27 +0200] "GET /artisan-plaster-thermometer-handcrafted-p-58007.html HTTP/1.0" 200 74526 "-" "Mozilla/5.0 (compatible; bingbot/2.0; +http://www.bing.com/bingbot.htm)"
5.9.66.153 - - [06/May/2022:04:40:29 +0200] "GET /-p-27827.html HTTP/1.0" 200 70808 "-" "Mozilla/5.0 (compatible; MJ12bot/v1.4.8; http://mj12bot.com/)"
5.9.66.153 - - [06/May/2022:04:40:32 +0200] "GET /games-and-toys/toys/playmobil-shopping-suitcase-p-25214.html HTTP/1.0" 301 70875 "-" "Mozilla/5.0 (compatible; MJ12bot/v1.4.8; http://mj12bot.com/)"
114.119.137.43 - - [06/May/2022:04:40:34 +0200] "GET /otor-37-cm-industrial-lamp-p-48594.html HTTP/1.0" 301 73600 "-" "Mozilla/5.0 (Linux; Android 7.0;) AppleWebKit/537.36 (KHTML, like Gecko) Mobile Safari/537.36 (compatible; PetalBot;+https://webmaster.petalsearch.com/site/petalbot)"
5.9.66.153 - - [06/May/2022:04:40:35 +0200] "GET /-p-25214.html HTTP/1.0" 200 70808 "-" "Mozilla/5.0 (compatible; MJ12bot/v1.4.8; http://mj12bot.com/)"
114.119.137.43 - - [06/May/2022:04:40:36 +0200] "GET /otor-industrial-lamp-p-48594.html HTTP/1.0" 200 73513 "-" "Mozilla/5.0 (Linux; Android 7.0;) AppleWebKit/537.36 (KHTML, like Gecko) Mobile Safari/537.36 (compatible; PetalBot;+https://webmaster.petalsearch.com/site/petalbot)"
46.4.108.51 - - [06/May/2022:04:40:37 +0200] "GET /vintage-adult-apron-p-38481.html HTTP/1.0" 200 73415 "-" "Mozilla/5.0 (compatible; BLEXBot/1.0; +http://webmeup-crawler.com/)"
5.9.66.153 - - [06/May/2022:04:40:38 +0200] "GET /games-and-toys/toys/strawberry-shortcake-swimming-ring-p-20718.html HTTP/1.0" 301 73732 "-" "Mozilla/5.0 (compatible; MJ12bot/v1.4.8; http://mj12bot.com/)"
5.9.66.153 - - [06/May/2022:04:40:42 +0200] "GET /strawberry-shortcake-swimming-ring-p-20718.html HTTP/1.0" 200 73631 "-" "Mozilla/5.0 (compatible; MJ12bot/v1.4.8; http://mj12bot.com/)"
5.9.66.153 - - [06/May/2022:04:40:45 +0200] "GET /gaming-master-yoda-shirt-size-p-20404.html HTTP/1.0" 301 70875 "-" "Mozilla/5.0 (compatible; MJ12bot/v1.4.8; http://mj12bot.com/)"
213.173.103.213 - - [06/May/2022:04:40:48 +0200] "GET /images/mini_prod/5055071642586.jpg HTTP/1.0" 200 269 "-" "Mozilla/5.0 (X11; Ubuntu; Linux x86_64; rv:72.0) Gecko/20100101 Firefox/72.0"
5.9.66.153 - - [06/May/2022:04:40:48 +0200] "GET /-p-20404.html HTTP/1.0" 200 70808 "-" "Mozilla/5.0 (compatible; MJ12bot/v1.4.8; http://mj12bot.com/)"
5.9.66.153 - - [06/May/2022:04:40:51 +0200] "GET /gaming-master-yoda-shirt-size-p-20407.html HTTP/1.0" 301 70875 "-" "Mozilla/5.0 (compatible; MJ12bot/v1.4.8; http://mj12bot.com/)"
5.9.66.153 - - [06/May/2022:04:40:54 +0200] "GET /-p-20407.html HTTP/1.0" 200 70808 "-" "Mozilla/5.0 (compatible; MJ12bot/v1.4.8; http://mj12bot.com/)"
5.9.66.153 - - [06/May/2022:04:40:57 +0200] "GET /gaming-master-yoda-shirt-size-p-20408.html HTTP/1.0" 301 70875 "-" "Mozilla/5.0 (compatible; MJ12bot/v1.4.8; http://mj12bot.com/)"
47.88.84.24 - - [06/May/2022:04:41:00 +0200] "GET /images/mini_prod/5051276388229.jpg HTTP/1.0" 200 269 "-" "Mozilla/5.0 (X11; Ubuntu; Linux x86_64; rv:72.0) Gecko/20100101 Firefox/72.0"
5.9.66.153 - - [06/May/2022:04:41:00 +0200] "GET /-p-20408.html HTTP/1.0" 200 70808 "-" "Mozilla/5.0 (compatible; MJ12bot/v1.4.8; http://mj12bot.com/)"
5.9.66.153 - - [06/May/2022:04:41:03 +0200] "GET /gaming-master-yoda-shirt-size-xl-p-20409.html HTTP/1.0" 301 70875 "-" "Mozilla/5.0 (compatible; MJ12bot/v1.4.8; http://mj12bot.com/)"
5.9.66.153 - - [06/May/2022:04:41:05 +0200] "GET /-p-20409.html HTTP/1.0" 200 70808 "-" "Mozilla/5.0 (compatible; MJ12bot/v1.4.8; http://mj12bot.com/)"
5.9.66.153 - - [06/May/2022:04:41:11 +0200] "GET /garage-mchanic-duty-metal-plate-p-28012.html HTTP/1.0" 200 73560 "-" "Mozilla/5.0 (compatible; MJ12bot/v1.4.8; http://mj12bot.com/)"
5.9.66.153 - - [06/May/2022:04:41:15 +0200] "GET /garage-mechanic-on-duty-metal-plate-40-30-cm-p-28012.html HTTP/1.0" 301 73658 "-" "Mozilla/5.0 (compatible; MJ12bot/v1.4.8; http://mj12bot.com/)"
46.4.108.51 - - [06/May/2022:04:41:17 +0200] "GET /vintage-khaki-computer-p-19016.html HTTP/1.0" 200 76460 "-" "Mozilla/5.0 (compatible; BLEXBot/1.0; +http://webmeup-crawler.com/)"
5.9.66.153 - - [06/May/2022:04:41:18 +0200] "GET /garage-mchanic-duty-metal-plate-p-28012.html HTTP/1.0" 200 73560 "-" "Mozilla/5.0 (compatible; MJ12bot/v1.4.8; http://mj12bot.com/)"
5.9.66.153 - - [06/May/2022:04:41:22 +0200] "GET /garden-gnomes-cups-espresso-p-32013.html HTTP/1.0" 200 70952 "-" "Mozilla/5.0 (compatible; MJ12bot/v1.4.8; http://mj12bot.com/)"
5.9.66.153 - - [06/May/2022:04:41:25 +0200] "GET /garden-gnomes-large-bowl-p-34917.html HTTP/1.0" 301 70875 "-" "Mozilla/5.0 (compatible; MJ12bot/v1.4.8; http://mj12bot.com/)"
5.9.66.153 - - [06/May/2022:04:41:28 +0200] "GET /-p-34917.html HTTP/1.0" 200 70808 "-" "Mozilla/5.0 (compatible; MJ12bot/v1.4.8; http://mj12bot.com/)"
5.9.66.153 - - [06/May/2022:04:41:31 +0200] "GET /garden-gnomes-set-cups-espresso-p-32013.html HTTP/1.0" 301 71046 "-" "Mozilla/5.0 (compatible; MJ12bot/v1.4.8; http://mj12bot.com/)"
54.36.148.243 - - [06/May/2022:04:41:32 +0200] "GET /fragrances-ambiance-c-231.html?page=3 HTTP/1.0" 200 93276 "-" "Mozilla/5.0 (compatible; AhrefsBot/7.0; +http://ahrefs.com/robot/)"
5.9.66.153 - - [06/May/2022:04:41:34 +0200] "GET /garden-gnomes-cups-espresso-p-32013.html HTTP/1.0" 200 70952 "-" "Mozilla/5.0 (compatible; MJ12bot/v1.4.8; http://mj12bot.com/)"
46.4.108.51 - - [06/May/2022:04:41:34 +0200] "GET /vintage-liberty-cushion-p-16211.html HTTP/1.0" 200 74016 "-" "Mozilla/5.0 (compatible; BLEXBot/1.0; +http://webmeup-crawler.com/)"
54.36.149.77 - - [06/May/2022:04:41:38 +0200] "GET /images/mini_prod/8901319460610.jpg HTTP/1.0" 200 269 "-" "Mozilla/5.0 (compatible; AhrefsBot/7.0; +http://ahrefs.com/robot/)"
5.9.66.153 - - [06/May/2022:04:41:37 +0200] "GET /garden-gnomes-white-mini-mug-p-34925.html HTTP/1.0" 301 70875 "-" "Mozilla/5.0 (compatible; MJ12bot/v1.4.8; http://mj12bot.com/)"
54.36.149.83 - - [06/May/2022:04:41:39 +0200] "GET /images/mini_prod/8718657461106.jpg HTTP/1.0" 200 269 "-" "Mozilla/5.0 (compatible; AhrefsBot/7.0; +http://ahrefs.com/robot/)"
54.36.149.82 - - [06/May/2022:04:41:39 +0200] "GET /images/mini_prod/8904234401706.jpg HTTP/1.0" 200 269 "-" "Mozilla/5.0 (compatible; AhrefsBot/7.0; +http://ahrefs.com/robot/)"
54.36.148.253 - - [06/May/2022:04:41:39 +0200] "GET /images/mini_prod/8904245400149.jpg HTTP/1.0" 200 269 "-" "Mozilla/5.0 (compatible; AhrefsBot/7.0; +http://ahrefs.com/robot/)"
54.36.148.235 - - [06/May/2022:04:41:40 +0200] "GET /images/mini_prod/8902276506717.jpg HTTP/1.0" 200 269 "-" "Mozilla/5.0 (compatible; AhrefsBot/7.0; +http://ahrefs.com/robot/)"
54.36.148.60 - - [06/May/2022:04:41:40 +0200] "GET /images/mini_prod/8718657461168.jpg HTTP/1.0" 200 269 "-" "Mozilla/5.0 (compatible; AhrefsBot/7.0; +http://ahrefs.com/robot/)"
54.36.148.165 - - [06/May/2022:04:41:41 +0200] "GET /images/mini_prod/3700344910504.jpg HTTP/1.0" 200 269 "-" "Mozilla/5.0 (compatible; AhrefsBot/7.0; +http://ahrefs.com/robot/)"
5.9.66.153 - - [06/May/2022:04:41:40 +0200] "GET /-p-34925.html HTTP/1.0" 200 70808 "-" "Mozilla/5.0 (compatible; MJ12bot/v1.4.8; http://mj12bot.com/)"
54.36.148.248 - - [06/May/2022:04:41:41 +0200] "GET /images/mini_prod/8718657461113.jpg HTTP/1.0" 200 269 "-" "Mozilla/5.0 (compatible; AhrefsBot/7.0; +http://ahrefs.com/robot/)"
54.36.148.111 - - [06/May/2022:04:41:42 +0200] "GET /images/mini_prod/8904245400026.jpg HTTP/1.0" 200 269 "-" "Mozilla/5.0 (compatible; AhrefsBot/7.0; +http://ahrefs.com/robot/)"
54.36.148.182 - - [06/May/2022:04:41:42 +0200] "GET /images/mini_prod/8904245400101.jpg HTTP/1.0" 200 269 "-" "Mozilla/5.0 (compatible; AhrefsBot/7.0; +http://ahrefs.com/robot/)"
54.36.149.12 - - [06/May/2022:04:41:43 +0200] "GET /images/mini_prod/8908005960812.jpg HTTP/1.0" 200 269 "-" "Mozilla/5.0 (compatible; AhrefsBot/7.0; +http://ahrefs.com/robot/)"
54.36.148.144 - - [06/May/2022:04:41:43 +0200] "GET /images/mini_prod/8718657461090C.jpg HTTP/1.0" 200 270 "-" "Mozilla/5.0 (compatible; AhrefsBot/7.0; +http://ahrefs.com/robot/)"
54.36.149.89 - - [06/May/2022:04:41:43 +0200] "GET /images/mini_prod/8908004953372.jpg HTTP/1.0" 200 269 "-" "Mozilla/5.0 (compatible; AhrefsBot/7.0; +http://ahrefs.com/robot/)"
54.36.149.45 - - [06/May/2022:04:41:44 +0200] "GET /images/mini_prod/3700344910498.jpg HTTP/1.0" 200 269 "-" "Mozilla/5.0 (compatible; AhrefsBot/7.0; +http://ahrefs.com/robot/)"
54.36.149.75 - - [06/May/2022:04:41:44 +0200] "GET /images/mini_prod/3700344910429.jpg HTTP/1.0" 200 269 "-" "Mozilla/5.0 (compatible; AhrefsBot/7.0; +http://ahrefs.com/robot/)"
54.36.148.81 - - [06/May/2022:04:41:44 +0200] "GET /images/mini_prod/8718657461151.jpg HTTP/1.0" 200 269 "-" "Mozilla/5.0 (compatible; AhrefsBot/7.0; +http://ahrefs.com/robot/)"
5.9.66.153 - - [06/May/2022:04:41:43 +0200] "GET /gas-station-metal-plate-40-30-cm-p-28013.html HTTP/1.0" 301 70875 "-" "Mozilla/5.0 (compatible; MJ12bot/v1.4.8; http://mj12bot.com/)"
54.36.149.53 - - [06/May/2022:04:41:45 +0200] "GET /js/modernizr-transitions.js HTTP/1.0" 200 267 "-" "Mozilla/5.0 (compatible; AhrefsBot/7.0; +http://ahrefs.com/robot/)"
54.36.148.248 - - [06/May/2022:04:41:45 +0200] "GET /js/jquery.masonry.min.js HTTP/1.0" 200 264 "-" "Mozilla/5.0 (compatible; AhrefsBot/7.0; +http://ahrefs.com/robot/)"
54.36.148.191 - - [06/May/2022:04:41:45 +0200] "GET /js/jquery.min.js HTTP/1.0" 404 1308 "-" "Mozilla/5.0 (compatible; AhrefsBot/7.0; +http://ahrefs.com/robot/)"
54.36.149.80 - - [06/May/2022:04:41:45 +0200] "GET /images/mini_prod/8718657461175.jpg HTTP/1.0" 200 269 "-" "Mozilla/5.0 (compatible; AhrefsBot/7.0; +http://ahrefs.com/robot/)"
54.36.148.176 - - [06/May/2022:04:41:46 +0200] "GET /images/mini_prod/3700344910375.jpg HTTP/1.0" 200 269 "-" "Mozilla/5.0 (compatible; AhrefsBot/7.0; +http://ahrefs.com/robot/)"
54.36.149.30 - - [06/May/2022:04:41:46 +0200] "GET /images/mini_prod/8718657461199a.jpg HTTP/1.0" 200 270 "-" "Mozilla/5.0 (compatible; AhrefsBot/7.0; +http://ahrefs.com/robot/)"
54.36.149.60 - - [06/May/2022:04:41:47 +0200] "GET /images/mini_prod/8906022930499.jpg HTTP/1.0" 200 269 "-" "Mozilla/5.0 (compatible; AhrefsBot/7.0; +http://ahrefs.com/robot/)"
5.9.66.153 - - [06/May/2022:04:41:46 +0200] "GET /-p-28013.html HTTP/1.0" 200 70808 "-" "Mozilla/5.0 (compatible; MJ12bot/v1.4.8; http://mj12bot.com/)"
5.9.66.153 - - [06/May/2022:04:41:49 +0200] "GET /geisha-metal-keychain-cbkreation-p-23494.html HTTP/1.0" 200 75035 "-" "Mozilla/5.0 (compatible; MJ12bot/v1.4.8; http://mj12bot.com/)"
5.9.66.153 - - [06/May/2022:04:41:52 +0200] "GET /geisha-metal-keychain-cbkreation-p-23495.html HTTP/1.0" 200 75035 "-" "Mozilla/5.0 (compatible; MJ12bot/v1.4.8; http://mj12bot.com/)"
5.9.66.153 - - [06/May/2022:04:41:55 +0200] "GET /geishas-cookware-cbkreation-p-29728.html HTTP/1.0" 200 73501 "-" "Mozilla/5.0 (compatible; MJ12bot/v1.4.8; http://mj12bot.com/)"
5.9.66.153 - - [06/May/2022:04:41:58 +0200] "GET /gemini-classic-cbkreation-p-29028.html HTTP/1.0" 200 73430 "-" "Mozilla/5.0 (compatible; MJ12bot/v1.4.8; http://mj12bot.com/)"
5.9.66.153 - - [06/May/2022:04:42:01 +0200] "GET /ghostbusters-slimer-p-9525.html HTTP/1.0" 200 70904 "-" "Mozilla/5.0 (compatible; MJ12bot/v1.4.8; http://mj12bot.com/)"
185.191.171.16 - - [06/May/2022:04:42:01 +0200] "GET /furniture-knob-sold-individually-p-55977.html HTTP/1.0" 200 74222 "-" "Mozilla/5.0 (compatible; SemrushBot/7~bl; +http://www.semrush.com/bot.html)"
5.9.66.153 - - [06/May/2022:04:42:05 +0200] "GET /glasses-p-44953.html HTTP/1.0" 200 73386 "-" "Mozilla/5.0 (compatible; MJ12bot/v1.4.8; http://mj12bot.com/)"
5.9.66.153 - - [06/May/2022:04:42:09 +0200] "GET /gold-black-elephant-table-lamp-p-54692.html HTTP/1.0" 200 74220 "-" "Mozilla/5.0 (compatible; MJ12bot/v1.4.8; http://mj12bot.com/)"
46.4.108.51 - - [06/May/2022:04:42:11 +0200] "GET /violetta-apron-chef-p-29524.html HTTP/1.0" 200 73588 "-" "Mozilla/5.0 (compatible; BLEXBot/1.0; +http://webmeup-crawler.com/)"
111.225.144.169 - - [06/May/2022:04:42:12 +0200] "GET /images/mini_prod/3453131155168.jpg HTTP/1.0" 200 269 "-" "Mozilla/5.0 (Macintosh; Intel Mac OS X 10_12_4) AppleWebKit/537.36 (KHTML, like Gecko) Chrome/58.0.3029.110 Safari/537.36"
5.9.66.153 - - [06/May/2022:04:42:11 +0200] "GET /gold-owl-statuette-13-cm-p-36662.html HTTP/1.0" 301 70875 "-" "Mozilla/5.0 (compatible; MJ12bot/v1.4.8; http://mj12bot.com/)"
5.9.66.153 - - [06/May/2022:04:42:14 +0200] "GET /-p-36662.html HTTP/1.0" 200 70808 "-" "Mozilla/5.0 (compatible; MJ12bot/v1.4.8; http://mj12bot.com/)"
199.249.230.158 - - [06/May/2022:04:42:17 +0200] "GET /contact_us.php HTTP/1.0" 200 26241 "http://www.wonder-geek.com/contact_us.php" "Mozilla/5.0 (Windows NT 6.1; WOW64) AppleWebKit/537.36 (KHTML, like Gecko) Chrome/90.0.4430.72 Safari/537.36"
5.9.66.153 - - [06/May/2022:04:42:17 +0200] "GET /gorilla-teapot-paul-cardew-p-35268.html HTTP/1.0" 200 73481 "-" "Mozilla/5.0 (compatible; MJ12bot/v1.4.8; http://mj12bot.com/)"
147.92.229.61 - - [06/May/2022:04:42:18 +0200] "GET /images/mini_prod/3700653502490.jpg HTTP/1.0" 200 269 "-" "Mozilla/5.0 (X11; Ubuntu; Linux x86_64; rv:72.0) Gecko/20100101 Firefox/72.0"
199.249.230.158 - - [06/May/2022:04:42:19 +0200] "POST /contact_us.php?action=send HTTP/1.0" 200 26664 "http://www.wonder-geek.com/contact_us.php" "Mozilla/5.0 (Windows NT 6.1; WOW64) AppleWebKit/537.36 (KHTML, like Gecko) Chrome/90.0.4430.72 Safari/537.36"
199.249.230.158 - - [06/May/2022:04:42:20 +0200] "GET /contact_us.php HTTP/1.0" 200 26241 "http://www.wonder-geek.com/contact_us.php" "Mozilla/5.0 (Windows NT 6.1; WOW64) AppleWebKit/537.36 (KHTML, like Gecko) Chrome/90.0.4430.72 Safari/537.36"
5.9.66.153 - - [06/May/2022:04:42:20 +0200] "GET /gorjuss-ballpoint-purple-p-25446.html HTTP/1.0" 200 70931 "-" "Mozilla/5.0 (compatible; MJ12bot/v1.4.8; http://mj12bot.com/)"
5.9.66.153 - - [06/May/2022:04:42:23 +0200] "GET /gorjuss-dusk-round-keyring-p-23139.html HTTP/1.0" 200 70929 "-" "Mozilla/5.0 (compatible; MJ12bot/v1.4.8; http://mj12bot.com/)"
46.4.108.51 - - [06/May/2022:04:42:25 +0200] "GET /violetta-badges-p-28293.html HTTP/1.0" 200 73411 "-" "Mozilla/5.0 (compatible; BLEXBot/1.0; +http://webmeup-crawler.com/)"
5.9.66.153 - - [06/May/2022:04:42:26 +0200] "GET /gorjuss-eraser-p-32747.html HTTP/1.0" 200 70869 "-" "Mozilla/5.0 (compatible; MJ12bot/v1.4.8; http://mj12bot.com/)"
5.9.66.153 - - [06/May/2022:04:42:28 +0200] "GET /gorjuss-fold-wallet-pastel-print-toadstools-p-34749.html HTTP/1.0" 200 74362 "-" "Mozilla/5.0 (compatible; MJ12bot/v1.4.8; http://mj12bot.com/)"
5.9.66.153 - - [06/May/2022:04:42:31 +0200] "GET /gorjuss-glass-frame-print-p-29675.html HTTP/1.0" 200 70957 "-" "Mozilla/5.0 (compatible; MJ12bot/v1.4.8; http://mj12bot.com/)"
5.9.66.153 - - [06/May/2022:04:42:34 +0200] "GET /gorjuss-hush-little-bunny-p-29922.html HTTP/1.0" 200 70936 "-" "Mozilla/5.0 (compatible; MJ12bot/v1.4.8; http://mj12bot.com/)"
5.9.66.153 - - [06/May/2022:04:42:37 +0200] "GET /gorjuss-ladybird-accessory-case-p-25949.html HTTP/1.0" 301 70875 "-" "Mozilla/5.0 (compatible; MJ12bot/v1.4.8; http://mj12bot.com/)"
