54.36.148.228 - - [06/May/2022:03:32:46 +0200] "GET /images/mini_prod/3700281653519D.jpg HTTP/1.0" 200 270 "-" "Mozilla/5.0 (compatible; AhrefsBot/7.0; +http://ahrefs.com/robot/)"
54.36.148.25 - - [06/May/2022:03:32:46 +0200] "GET /images/mini_prod/3612873123006.jpg HTTP/1.0" 200 269 "-" "Mozilla/5.0 (compatible; AhrefsBot/7.0; +http://ahrefs.com/robot/)"
54.36.148.65 - - [06/May/2022:03:32:47 +0200] "GET /images/mini_prod/3609810098862.jpg HTTP/1.0" 200 269 "-" "Mozilla/5.0 (compatible; AhrefsBot/7.0; +http://ahrefs.com/robot/)"
173.208.206.50 - - [06/May/2022:03:32:46 +0200] "GET /-p-11291.html HTTP/1.0" 200 70808 "-" "Mozilla/5.0 (compatible; MJ12bot/v1.4.8; http://mj12bot.com/)"
54.36.148.133 - - [06/May/2022:03:32:47 +0200] "GET /images/mini_prod/B117022.jpg HTTP/1.0" 200 263 "-" "Mozilla/5.0 (compatible; AhrefsBot/7.0; +http://ahrefs.com/robot/)"
54.36.148.200 - - [06/May/2022:03:32:48 +0200] "GET /images/mini_prod/3609810098855.jpg HTTP/1.0" 200 269 "-" "Mozilla/5.0 (compatible; AhrefsBot/7.0; +http://ahrefs.com/robot/)"
54.36.148.234 - - [06/May/2022:03:32:48 +0200] "GET /images/mini_prod/7601020000259B.jpg HTTP/1.0" 200 270 "-" "Mozilla/5.0 (compatible; AhrefsBot/7.0; +http://ahrefs.com/robot/)"
54.36.148.55 - - [06/May/2022:03:32:48 +0200] "GET /images/mini_prod/3609810002654.jpg HTTP/1.0" 200 269 "-" "Mozilla/5.0 (compatible; AhrefsBot/7.0; +http://ahrefs.com/robot/)"
54.36.148.148 - - [06/May/2022:03:32:49 +0200] "GET /images/mini_prod/3700281653472D.jpg HTTP/1.0" 200 270 "-" "Mozilla/5.0 (compatible; AhrefsBot/7.0; +http://ahrefs.com/robot/)"
54.36.148.79 - - [06/May/2022:03:32:49 +0200] "GET /images/mini_prod/3609810098879NN.jpg HTTP/1.0" 200 271 "-" "Mozilla/5.0 (compatible; AhrefsBot/7.0; +http://ahrefs.com/robot/)"
54.36.148.186 - - [06/May/2022:03:32:49 +0200] "GET /images/mini_prod/3609810098886.jpg HTTP/1.0" 200 269 "-" "Mozilla/5.0 (compatible; AhrefsBot/7.0; +http://ahrefs.com/robot/)"
65.108.125.120 - - [06/May/2022:03:32:48 +0200] "GET /scented-candles-novenas-c-227.html?page=5 HTTP/1.0" 301 94368 "-" "Mozilla/5.0 (compatible; MJ12bot/v1.4.8; http://mj12bot.com/)"
54.36.148.240 - - [06/May/2022:03:32:50 +0200] "GET /images/mini_prod/3700281653496.jpg HTTP/1.0" 200 269 "-" "Mozilla/5.0 (compatible; AhrefsBot/7.0; +http://ahrefs.com/robot/)"
54.36.148.145 - - [06/May/2022:03:32:50 +0200] "GET /images/mini_prod/3700516262431.jpg HTTP/1.0" 200 269 "-" "Mozilla/5.0 (compatible; AhrefsBot/7.0; +http://ahrefs.com/robot/)"
46.4.108.51 - - [06/May/2022:03:32:48 +0200] "GET /transparent-rectangular-plastic-tablecloth-p-52779.html HTTP/1.0" 200 73680 "-" "Mozilla/5.0 (compatible; BLEXBot/1.0; +http://webmeup-crawler.com/)"
54.36.148.100 - - [06/May/2022:03:32:51 +0200] "GET /images/mini_prod/3700281653502D.jpg HTTP/1.0" 200 270 "-" "Mozilla/5.0 (compatible; AhrefsBot/7.0; +http://ahrefs.com/robot/)"
54.36.148.28 - - [06/May/2022:03:32:51 +0200] "GET /images/mini_prod/3700281653489D.jpg HTTP/1.0" 200 270 "-" "Mozilla/5.0 (compatible; AhrefsBot/7.0; +http://ahrefs.com/robot/)"
54.36.149.85 - - [06/May/2022:03:32:52 +0200] "GET /images/mini_prod/1399986100088.jpg HTTP/1.0" 200 269 "-" "Mozilla/5.0 (compatible; AhrefsBot/7.0; +http://ahrefs.com/robot/)"
54.36.148.7 - - [06/May/2022:03:32:52 +0200] "GET /images/mini_prod/3609810098893.jpg HTTP/1.0" 200 269 "-" "Mozilla/5.0 (compatible; AhrefsBot/7.0; +http://ahrefs.com/robot/)"
65.108.125.120 - - [06/May/2022:03:32:54 +0200] "GET /scented-candles-novenas-c-231_227.html?page=5 HTTP/1.0" 200 94404 "-" "Mozilla/5.0 (compatible; MJ12bot/v1.4.8; http://mj12bot.com/)"
173.208.206.50 - - [06/May/2022:03:32:59 +0200] "GET /-p-11293.html HTTP/1.0" 200 70808 "-" "Mozilla/5.0 (compatible; MJ12bot/v1.4.8; http://mj12bot.com/)"
65.108.125.120 - - [06/May/2022:03:32:59 +0200] "GET /scented-candles-and-novenas-c-13_227.html?page=6 HTTP/1.0" 301 94785 "-" "Mozilla/5.0 (compatible; MJ12bot/v1.4.8; http://mj12bot.com/)"
65.108.125.120 - - [06/May/2022:03:33:04 +0200] "GET /scented-candles-novenas-c-227.html?page=6 HTTP/1.0" 301 94689 "-" "Mozilla/5.0 (compatible; MJ12bot/v1.4.8; http://mj12bot.com/)"
173.208.206.50 - - [06/May/2022:03:33:07 +0200] "GET /-p-11294.html HTTP/1.0" 200 70808 "-" "Mozilla/5.0 (compatible; MJ12bot/v1.4.8; http://mj12bot.com/)"
111.225.144.153 - - [06/May/2022:03:33:09 +0200] "GET /images/mini_prod/3079091105175.jpg HTTP/1.0" 200 269 "-" "Mozilla/5.0 (Macintosh; Intel Mac OS X 10_12_4) AppleWebKit/537.36 (KHTML, like Gecko) Chrome/58.0.3029.110 Safari/537.36"
65.108.125.120 - - [06/May/2022:03:33:09 +0200] "GET /scented-candles-novenas-c-231_227.html?page=6 HTTP/1.0" 200 94725 "-" "Mozilla/5.0 (compatible; MJ12bot/v1.4.8; http://mj12bot.com/)"
65.108.125.120 - - [06/May/2022:03:33:16 +0200] "GET /scented-candles-and-novenas-c-13_227.html?page=7 HTTP/1.0" 301 94386 "-" "Mozilla/5.0 (compatible; MJ12bot/v1.4.8; http://mj12bot.com/)"
173.208.206.50 - - [06/May/2022:03:33:16 +0200] "GET /-p-11295.html HTTP/1.0" 200 70808 "-" "Mozilla/5.0 (compatible; MJ12bot/v1.4.8; http://mj12bot.com/)"
66.249.73.136 - - [06/May/2022:03:33:19 +0200] "GET /stationery-and-cardmaking/stationery-school-supplies/doc-mcstruffins-wastebasket-p-27777.html HTTP/1.0" 301 73585 "-" "Mozilla/5.0 (compatible; Googlebot/2.1; +http://www.google.com/bot.html)"
65.108.125.120 - - [06/May/2022:03:33:21 +0200] "GET /scented-candles-novenas-c-227.html?page=7 HTTP/1.0" 301 94290 "-" "Mozilla/5.0 (compatible; MJ12bot/v1.4.8; http://mj12bot.com/)"
66.249.73.138 - - [06/May/2022:03:33:21 +0200] "GET /mcstruffins-wastebasket-p-27777.html HTTP/1.0" 200 73495 "-" "Mozilla/5.0 (compatible; Googlebot/2.1; +http://www.google.com/bot.html)"
46.4.108.51 - - [06/May/2022:03:33:22 +0200] "GET /transparent-rectangular-plastic-tablecloth-p-52780.html HTTP/1.0" 200 73685 "-" "Mozilla/5.0 (compatible; BLEXBot/1.0; +http://webmeup-crawler.com/)"
173.208.206.50 - - [06/May/2022:03:33:24 +0200] "GET /-p-11297.html HTTP/1.0" 200 70808 "-" "Mozilla/5.0 (compatible; MJ12bot/v1.4.8; http://mj12bot.com/)"
65.108.125.120 - - [06/May/2022:03:33:26 +0200] "GET /scented-candles-novenas-c-231_227.html?page=7 HTTP/1.0" 200 94326 "-" "Mozilla/5.0 (compatible; MJ12bot/v1.4.8; http://mj12bot.com/)"
65.108.143.154 - - [06/May/2022:03:33:30 +0200] "GET /carpet-mandala-p-42037.html HTTP/1.0" 200 73599 "-" "Mozilla/5.0 (compatible; MJ12bot/v1.4.8; http://mj12bot.com/)"
65.108.125.120 - - [06/May/2022:03:33:31 +0200] "GET /scented-candles-and-novenas-c-13_227.html?page=8 HTTP/1.0" 301 94870 "-" "Mozilla/5.0 (compatible; MJ12bot/v1.4.8; http://mj12bot.com/)"
54.36.148.243 - - [06/May/2022:03:33:33 +0200] "GET /flamingo-wall-decoration-p-46789.html HTTP/1.0" 200 73561 "-" "Mozilla/5.0 (compatible; AhrefsBot/7.0; +http://ahrefs.com/robot/)"
173.208.206.50 - - [06/May/2022:03:33:33 +0200] "GET /-p-11299.html HTTP/1.0" 200 70808 "-" "Mozilla/5.0 (compatible; MJ12bot/v1.4.8; http://mj12bot.com/)"
65.108.143.154 - - [06/May/2022:03:33:33 +0200] "GET /cars-sheet-poster-p-7355.html HTTP/1.0" 200 70894 "-" "Mozilla/5.0 (compatible; MJ12bot/v1.4.8; http://mj12bot.com/)"
111.225.145.208 - - [06/May/2022:03:33:37 +0200] "GET /images/mini_prod/8006180300482.jpg HTTP/1.0" 200 269 "-" "Mozilla/5.0 (Macintosh; Intel Mac OS X 10_12_4) AppleWebKit/537.36 (KHTML, like Gecko) Chrome/58.0.3029.110 Safari/537.36"
185.191.171.5 - - [06/May/2022:03:33:37 +0200] "GET /white-chickens-salt-pepper-p-52792.html HTTP/1.0" 200 70934 "-" "Mozilla/5.0 (compatible; SemrushBot/7~bl; +http://www.semrush.com/bot.html)"
65.108.125.120 - - [06/May/2022:03:33:36 +0200] "GET /scented-candles-novenas-c-227.html?page=8 HTTP/1.0" 301 94774 "-" "Mozilla/5.0 (compatible; MJ12bot/v1.4.8; http://mj12bot.com/)"
65.108.143.154 - - [06/May/2022:03:33:38 +0200] "GET /cars-small-walk-p-29533.html HTTP/1.0" 200 73386 "-" "Mozilla/5.0 (compatible; MJ12bot/v1.4.8; http://mj12bot.com/)"
173.208.206.50 - - [06/May/2022:03:33:40 +0200] "GET /-p-11300.html HTTP/1.0" 200 70808 "-" "Mozilla/5.0 (compatible; MJ12bot/v1.4.8; http://mj12bot.com/)"
65.108.143.154 - - [06/May/2022:03:33:42 +0200] "GET /cars-stationery-set-p-20467.html HTTP/1.0" 301 70875 "-" "Mozilla/5.0 (compatible; MJ12bot/v1.4.8; http://mj12bot.com/)"
65.108.125.120 - - [06/May/2022:03:33:43 +0200] "GET /scented-candles-novenas-c-231_227.html?page=8 HTTP/1.0" 200 94810 "-" "Mozilla/5.0 (compatible; MJ12bot/v1.4.8; http://mj12bot.com/)"
65.108.143.154 - - [06/May/2022:03:33:46 +0200] "GET /-p-20467.html HTTP/1.0" 200 70808 "-" "Mozilla/5.0 (compatible; MJ12bot/v1.4.8; http://mj12bot.com/)"
65.108.143.154 - - [06/May/2022:03:33:49 +0200] "GET /cars-white-shirt-size-years-p-23582.html HTTP/1.0" 301 70875 "-" "Mozilla/5.0 (compatible; MJ12bot/v1.4.8; http://mj12bot.com/)"
65.108.125.120 - - [06/May/2022:03:33:50 +0200] "GET /scented-candles-and-novenas-c-13_227.html?page=9 HTTP/1.0" 301 94851 "-" "Mozilla/5.0 (compatible; MJ12bot/v1.4.8; http://mj12bot.com/)"
65.108.143.154 - - [06/May/2022:03:33:52 +0200] "GET /-p-23582.html HTTP/1.0" 200 70808 "-" "Mozilla/5.0 (compatible; MJ12bot/v1.4.8; http://mj12bot.com/)"
173.208.206.50 - - [06/May/2022:03:33:52 +0200] "GET /-p-11305.html HTTP/1.0" 200 70808 "-" "Mozilla/5.0 (compatible; MJ12bot/v1.4.8; http://mj12bot.com/)"
65.108.125.120 - - [06/May/2022:03:33:55 +0200] "GET /scented-candles-novenas-c-227.html?page=9 HTTP/1.0" 301 94755 "-" "Mozilla/5.0 (compatible; MJ12bot/v1.4.8; http://mj12bot.com/)"
65.108.143.154 - - [06/May/2022:03:33:56 +0200] "GET /cars-white-shirt-size-years-p-23583.html HTTP/1.0" 301 70875 "-" "Mozilla/5.0 (compatible; MJ12bot/v1.4.8; http://mj12bot.com/)"
65.108.143.154 - - [06/May/2022:03:34:00 +0200] "GET /-p-23583.html HTTP/1.0" 200 70808 "-" "Mozilla/5.0 (compatible; MJ12bot/v1.4.8; http://mj12bot.com/)"
65.108.125.120 - - [06/May/2022:03:34:00 +0200] "GET /scented-candles-novenas-c-231_227.html?page=9 HTTP/1.0" 200 94791 "-" "Mozilla/5.0 (compatible; MJ12bot/v1.4.8; http://mj12bot.com/)"
65.108.143.154 - - [06/May/2022:03:34:03 +0200] "GET /cars-wood-toybox-p-27479.html HTTP/1.0" 301 70875 "-" "Mozilla/5.0 (compatible; MJ12bot/v1.4.8; http://mj12bot.com/)"
46.4.108.51 - - [06/May/2022:03:34:03 +0200] "GET /transparent-rectangular-plastic-tablecloth-p-54903.html HTTP/1.0" 200 73686 "-" "Mozilla/5.0 (compatible; BLEXBot/1.0; +http://webmeup-crawler.com/)"
173.208.206.50 - - [06/May/2022:03:34:04 +0200] "GET /-p-11306.html HTTP/1.0" 200 70808 "-" "Mozilla/5.0 (compatible; MJ12bot/v1.4.8; http://mj12bot.com/)"
65.108.143.154 - - [06/May/2022:03:34:06 +0200] "GET /-p-27479.html HTTP/1.0" 200 70808 "-" "Mozilla/5.0 (compatible; MJ12bot/v1.4.8; http://mj12bot.com/)"
65.108.125.120 - - [06/May/2022:03:34:06 +0200] "GET /scented-candles-and-novenas-c-231_227.html?page=1 HTTP/1.0" 301 94195 "-" "Mozilla/5.0 (compatible; MJ12bot/v1.4.8; http://mj12bot.com/)"
65.108.143.154 - - [06/May/2022:03:34:09 +0200] "GET /cars-wooden-coat-rack-p-27488.html HTTP/1.0" 301 70875 "-" "Mozilla/5.0 (compatible; MJ12bot/v1.4.8; http://mj12bot.com/)"
65.108.125.120 - - [06/May/2022:03:34:10 +0200] "GET /scented-candles-novenas-c-227.html?page=1 HTTP/1.0" 301 94064 "-" "Mozilla/5.0 (compatible; MJ12bot/v1.4.8; http://mj12bot.com/)"
173.208.206.50 - - [06/May/2022:03:34:13 +0200] "GET /-p-11311.html HTTP/1.0" 200 70808 "-" "Mozilla/5.0 (compatible; MJ12bot/v1.4.8; http://mj12bot.com/)"
65.108.143.154 - - [06/May/2022:03:34:13 +0200] "GET /-p-27488.html HTTP/1.0" 200 70808 "-" "Mozilla/5.0 (compatible; MJ12bot/v1.4.8; http://mj12bot.com/)"
65.108.125.120 - - [06/May/2022:03:34:14 +0200] "GET /scented-candles-novenas-c-231_227.html?page=1 HTTP/1.0" 200 94100 "-" "Mozilla/5.0 (compatible; MJ12bot/v1.4.8; http://mj12bot.com/)"
65.108.143.154 - - [06/May/2022:03:34:16 +0200] "GET /cars-wooden-single-child-bed-p-32614.html HTTP/1.0" 301 70875 "-" "Mozilla/5.0 (compatible; MJ12bot/v1.4.8; http://mj12bot.com/)"
173.208.206.50 - - [06/May/2022:03:34:20 +0200] "GET /-p-11312.html HTTP/1.0" 200 70808 "-" "Mozilla/5.0 (compatible; MJ12bot/v1.4.8; http://mj12bot.com/)"
65.108.125.120 - - [06/May/2022:03:34:20 +0200] "GET /scented-candles-and-novenas-c-231_227.html?page=10 HTTP/1.0" 301 94858 "-" "Mozilla/5.0 (compatible; MJ12bot/v1.4.8; http://mj12bot.com/)"
65.108.143.154 - - [06/May/2022:03:34:20 +0200] "GET /-p-32614.html HTTP/1.0" 200 70808 "-" "Mozilla/5.0 (compatible; MJ12bot/v1.4.8; http://mj12bot.com/)"
65.108.143.154 - - [06/May/2022:03:34:25 +0200] "GET /cars-yellow-shirt-size-years-p-23584.html HTTP/1.0" 301 70875 "-" "Mozilla/5.0 (compatible; MJ12bot/v1.4.8; http://mj12bot.com/)"
111.225.144.208 - - [06/May/2022:03:34:27 +0200] "GET /images/mini_prod/8433978414623.jpg HTTP/1.0" 200 269 "-" "Mozilla/5.0 (Macintosh; Intel Mac OS X 10_12_4) AppleWebKit/537.36 (KHTML, like Gecko) Chrome/58.0.3029.110 Safari/537.36"
65.108.125.120 - - [06/May/2022:03:34:25 +0200] "GET /scented-candles-novenas-c-227.html?page=10 HTTP/1.0" 301 94727 "-" "Mozilla/5.0 (compatible; MJ12bot/v1.4.8; http://mj12bot.com/)"
54.36.148.243 - - [06/May/2022:03:34:27 +0200] "GET /small-girl-metal-wall-structure-p-46682.html HTTP/1.0" 200 73588 "-" "Mozilla/5.0 (compatible; AhrefsBot/7.0; +http://ahrefs.com/robot/)"
173.208.206.50 - - [06/May/2022:03:34:28 +0200] "GET /-p-11314.html HTTP/1.0" 200 70808 "-" "Mozilla/5.0 (compatible; MJ12bot/v1.4.8; http://mj12bot.com/)"
65.108.143.154 - - [06/May/2022:03:34:29 +0200] "GET /-p-23584.html HTTP/1.0" 200 70808 "-" "Mozilla/5.0 (compatible; MJ12bot/v1.4.8; http://mj12bot.com/)"
213.173.103.138 - - [06/May/2022:03:34:33 +0200] "GET /images/mini_prod/34DSCN8154.jpg HTTP/1.0" 200 266 "-" "Mozilla/5.0 (X11; Ubuntu; Linux x86_64; rv:72.0) Gecko/20100101 Firefox/72.0"
65.108.125.120 - - [06/May/2022:03:34:32 +0200] "GET /scented-candles-novenas-c-231_227.html?page=10 HTTP/1.0" 200 94762 "-" "Mozilla/5.0 (compatible; MJ12bot/v1.4.8; http://mj12bot.com/)"
65.108.143.154 - - [06/May/2022:03:34:33 +0200] "GET /cats-by-dubout-trivet-p-40086.html HTTP/1.0" 301 73490 "-" "Mozilla/5.0 (compatible; MJ12bot/v1.4.8; http://mj12bot.com/)"
173.208.206.50 - - [06/May/2022:03:34:36 +0200] "GET /-p-11315.html HTTP/1.0" 200 70808 "-" "Mozilla/5.0 (compatible; MJ12bot/v1.4.8; http://mj12bot.com/)"
65.108.143.154 - - [06/May/2022:03:34:37 +0200] "GET /cats-dubout-trivet-p-40086.html HTTP/1.0" 200 73405 "-" "Mozilla/5.0 (compatible; MJ12bot/v1.4.8; http://mj12bot.com/)"
65.108.125.120 - - [06/May/2022:03:34:38 +0200] "GET /scented-candles-and-novenas-c-231_227.html?page=11 HTTP/1.0" 301 95539 "-" "Mozilla/5.0 (compatible; MJ12bot/v1.4.8; http://mj12bot.com/)"
40.77.167.0 - - [06/May/2022:03:34:40 +0200] "GET /duvet-cover-cotton-percale-threads-p-53227.html HTTP/1.0" 200 73747 "-" "Mozilla/5.0 (compatible; bingbot/2.0; +http://www.bing.com/bingbot.htm)"
65.108.125.120 - - [06/May/2022:03:34:42 +0200] "GET /scented-candles-novenas-c-227.html?page=11 HTTP/1.0" 301 95408 "-" "Mozilla/5.0 (compatible; MJ12bot/v1.4.8; http://mj12bot.com/)"
65.108.143.154 - - [06/May/2022:03:34:43 +0200] "GET /cats-cactus-bread-p-45577.html HTTP/1.0" 200 70904 "-" "Mozilla/5.0 (compatible; MJ12bot/v1.4.8; http://mj12bot.com/)"
173.208.206.50 - - [06/May/2022:03:34:47 +0200] "GET /-p-11316.html HTTP/1.0" 200 70808 "-" "Mozilla/5.0 (compatible; MJ12bot/v1.4.8; http://mj12bot.com/)"
65.108.125.120 - - [06/May/2022:03:34:47 +0200] "GET /scented-candles-novenas-c-231_227.html?page=11 HTTP/1.0" 200 95443 "-" "Mozilla/5.0 (compatible; MJ12bot/v1.4.8; http://mj12bot.com/)"
65.108.143.154 - - [06/May/2022:03:34:48 +0200] "GET /cats-cushion-cherry-pits-p-37922.html HTTP/1.0" 301 70875 "-" "Mozilla/5.0 (compatible; MJ12bot/v1.4.8; http://mj12bot.com/)"
46.4.108.51 - - [06/May/2022:03:34:54 +0200] "GET /transparent-rectangular-plastic-tablecloth-p-56699.html HTTP/1.0" 200 73680 "-" "Mozilla/5.0 (compatible; BLEXBot/1.0; +http://webmeup-crawler.com/)"
65.108.125.120 - - [06/May/2022:03:34:56 +0200] "GET /scented-candles-and-novenas-c-231_227.html?page=12 HTTP/1.0" 301 95207 "-" "Mozilla/5.0 (compatible; MJ12bot/v1.4.8; http://mj12bot.com/)"
173.208.206.50 - - [06/May/2022:03:34:57 +0200] "GET /-p-11320.html HTTP/1.0" 200 70808 "-" "Mozilla/5.0 (compatible; MJ12bot/v1.4.8; http://mj12bot.com/)"
65.108.125.120 - - [06/May/2022:03:35:02 +0200] "GET /scented-candles-novenas-c-227.html?page=12 HTTP/1.0" 301 95076 "-" "Mozilla/5.0 (compatible; MJ12bot/v1.4.8; http://mj12bot.com/)"
65.108.125.120 - - [06/May/2022:03:35:09 +0200] "GET /scented-candles-novenas-c-231_227.html?page=12 HTTP/1.0" 200 95111 "-" "Mozilla/5.0 (compatible; MJ12bot/v1.4.8; http://mj12bot.com/)"
173.208.206.50 - - [06/May/2022:03:35:11 +0200] "GET /-p-11343.html HTTP/1.0" 200 70808 "-" "Mozilla/5.0 (compatible; MJ12bot/v1.4.8; http://mj12bot.com/)"
46.4.108.51 - - [06/May/2022:03:35:16 +0200] "GET /transparent-rectangular-plastic-tablecloth-p-56700.html HTTP/1.0" 200 73680 "-" "Mozilla/5.0 (compatible; BLEXBot/1.0; +http://webmeup-crawler.com/)"
65.108.125.120 - - [06/May/2022:03:35:18 +0200] "GET /scented-candles-and-novenas-c-231_227.html?page=13 HTTP/1.0" 301 95228 "-" "Mozilla/5.0 (compatible; MJ12bot/v1.4.8; http://mj12bot.com/)"
173.208.206.50 - - [06/May/2022:03:35:19 +0200] "GET /-p-11347.html HTTP/1.0" 200 70808 "-" "Mozilla/5.0 (compatible; MJ12bot/v1.4.8; http://mj12bot.com/)"
185.191.171.37 - - [06/May/2022:03:35:21 +0200] "GET /cotton-floor-cushion-charmille-p-49124.html?action=add_product HTTP/1.0" 302 476 "-" "Mozilla/5.0 (compatible; SemrushBot/7~bl; +http://www.semrush.com/bot.html)"
46.4.108.51 - - [06/May/2022:03:35:22 +0200] "GET /transparent-rectangular-plastic-tablecloth-p-56822.html HTTP/1.0" 200 73680 "-" "Mozilla/5.0 (compatible; BLEXBot/1.0; +http://webmeup-crawler.com/)"
65.108.125.120 - - [06/May/2022:03:35:23 +0200] "GET /scented-candles-novenas-c-227.html?page=13 HTTP/1.0" 301 95097 "-" "Mozilla/5.0 (compatible; MJ12bot/v1.4.8; http://mj12bot.com/)"
173.208.206.50 - - [06/May/2022:03:35:27 +0200] "GET /-p-11351.html HTTP/1.0" 200 70808 "-" "Mozilla/5.0 (compatible; MJ12bot/v1.4.8; http://mj12bot.com/)"
65.108.125.120 - - [06/May/2022:03:35:27 +0200] "GET /scented-candles-novenas-c-231_227.html?page=13 HTTP/1.0" 200 95132 "-" "Mozilla/5.0 (compatible; MJ12bot/v1.4.8; http://mj12bot.com/)"
54.36.148.243 - - [06/May/2022:03:35:32 +0200] "GET /bamboo-table-lamp-p-57493.html HTTP/1.0" 200 74654 "-" "Mozilla/5.0 (compatible; AhrefsBot/7.0; +http://ahrefs.com/robot/)"
65.108.125.120 - - [06/May/2022:03:35:34 +0200] "GET /scented-candles-and-novenas-c-231_227.html?page=14 HTTP/1.0" 301 95498 "-" "Mozilla/5.0 (compatible; MJ12bot/v1.4.8; http://mj12bot.com/)"
65.108.125.120 - - [06/May/2022:03:35:40 +0200] "GET /scented-candles-novenas-c-227.html?page=14 HTTP/1.0" 301 95367 "-" "Mozilla/5.0 (compatible; MJ12bot/v1.4.8; http://mj12bot.com/)"
173.208.206.50 - - [06/May/2022:03:35:40 +0200] "GET /-p-11359.html HTTP/1.0" 200 70808 "-" "Mozilla/5.0 (compatible; MJ12bot/v1.4.8; http://mj12bot.com/)"
185.191.171.20 - - [06/May/2022:03:35:45 +0200] "GET /mokaite-bedclothes-p-43584.html?action=add_product HTTP/1.0" 302 476 "-" "Mozilla/5.0 (compatible; SemrushBot/7~bl; +http://www.semrush.com/bot.html)"
65.108.125.120 - - [06/May/2022:03:35:45 +0200] "GET /scented-candles-novenas-c-231_227.html?page=14 HTTP/1.0" 200 95402 "-" "Mozilla/5.0 (compatible; MJ12bot/v1.4.8; http://mj12bot.com/)"
91.213.35.156 - - [06/May/2022:03:35:52 +0200] "GET /contact_us.php HTTP/1.0" 301 539 "http://wonder-geek.com/contact_us.php" "Mozilla/5.0 (Windows NT 6.1; Win64; x64) AppleWebKit/537.36 (KHTML, like Gecko) Chrome/90.0.4430.85 Safari/537.36 Edg/90.0.818.49"
65.108.125.120 - - [06/May/2022:03:35:51 +0200] "GET /scented-candles-and-novenas-c-231_227.html?page=15 HTTP/1.0" 301 94782 "-" "Mozilla/5.0 (compatible; MJ12bot/v1.4.8; http://mj12bot.com/)"
111.225.145.196 - - [06/May/2022:03:35:54 +0200] "GET /images/mini_prod/4260082934655.jpg HTTP/1.0" 200 269 "-" "Mozilla/5.0 (Macintosh; Intel Mac OS X 10_12_4) AppleWebKit/537.36 (KHTML, like Gecko) Chrome/58.0.3029.110 Safari/537.36"
91.213.35.156 - - [06/May/2022:03:35:54 +0200] "GET /contact_us.php HTTP/1.0" 200 26241 "http://www.wonder-geek.com/contact_us.php" "Mozilla/5.0 (Windows NT 6.1; Win64; x64) AppleWebKit/537.36 (KHTML, like Gecko) Chrome/90.0.4430.85 Safari/537.36 Edg/90.0.818.49"
65.108.125.120 - - [06/May/2022:03:35:56 +0200] "GET /scented-candles-novenas-c-227.html?page=15 HTTP/1.0" 301 94651 "-" "Mozilla/5.0 (compatible; MJ12bot/v1.4.8; http://mj12bot.com/)"
111.225.145.200 - - [06/May/2022:03:35:58 +0200] "GET /images/mini_prod/8435306215780.jpg HTTP/1.0" 200 269 "-" "Mozilla/5.0 (Macintosh; Intel Mac OS X 10_12_4) AppleWebKit/537.36 (KHTML, like Gecko) Chrome/58.0.3029.110 Safari/537.36"
173.208.206.50 - - [06/May/2022:03:35:56 +0200] "GET /-p-11360.html HTTP/1.0" 200 70808 "-" "Mozilla/5.0 (compatible; MJ12bot/v1.4.8; http://mj12bot.com/)"
65.108.125.120 - - [06/May/2022:03:36:01 +0200] "GET /scented-candles-novenas-c-231_227.html?page=15 HTTP/1.0" 200 94686 "-" "Mozilla/5.0 (compatible; MJ12bot/v1.4.8; http://mj12bot.com/)"
46.4.108.51 - - [06/May/2022:03:36:01 +0200] "GET /transportable-black-table-lamp-p-56448.html HTTP/1.0" 200 74258 "-" "Mozilla/5.0 (compatible; BLEXBot/1.0; +http://webmeup-crawler.com/)"
213.173.103.213 - - [06/May/2022:03:36:06 +0200] "GET /images/mini_prod/3524550049182.jpg HTTP/1.0" 200 269 "-" "Mozilla/5.0 (X11; Ubuntu; Linux x86_64; rv:72.0) Gecko/20100101 Firefox/72.0"
65.108.125.120 - - [06/May/2022:03:36:06 +0200] "GET /scented-candles-and-novenas-c-231_227.html?page=16 HTTP/1.0" 301 95061 "-" "Mozilla/5.0 (compatible; MJ12bot/v1.4.8; http://mj12bot.com/)"
173.208.206.50 - - [06/May/2022:03:36:08 +0200] "GET /-p-11364.html HTTP/1.0" 200 70808 "-" "Mozilla/5.0 (compatible; MJ12bot/v1.4.8; http://mj12bot.com/)"
65.108.125.120 - - [06/May/2022:03:36:12 +0200] "GET /scented-candles-novenas-c-227.html?page=16 HTTP/1.0" 301 94930 "-" "Mozilla/5.0 (compatible; MJ12bot/v1.4.8; http://mj12bot.com/)"
65.108.125.120 - - [06/May/2022:03:36:16 +0200] "GET /scented-candles-novenas-c-231_227.html?page=16 HTTP/1.0" 200 94965 "-" "Mozilla/5.0 (compatible; MJ12bot/v1.4.8; http://mj12bot.com/)"
40.77.167.13 - - [06/May/2022:03:36:20 +0200] "GET /patinated-brown-bronze-rhinoceros-statue-p-58082.html HTTP/1.0" 301 617 "-" "Mozilla/5.0 (compatible; bingbot/2.0; +http://www.bing.com/bingbot.htm)"
173.208.206.50 - - [06/May/2022:03:36:19 +0200] "GET /-p-11369.html HTTP/1.0" 200 70808 "-" "Mozilla/5.0 (compatible; MJ12bot/v1.4.8; http://mj12bot.com/)"
46.4.108.51 - - [06/May/2022:03:36:21 +0200] "GET /transportable-gray-table-lamp-p-56449.html HTTP/1.0" 200 74248 "-" "Mozilla/5.0 (compatible; BLEXBot/1.0; +http://webmeup-crawler.com/)"
65.108.125.120 - - [06/May/2022:03:36:21 +0200] "GET /scented-candles-and-novenas-c-231_227.html?page=17 HTTP/1.0" 301 95384 "-" "Mozilla/5.0 (compatible; MJ12bot/v1.4.8; http://mj12bot.com/)"
54.36.148.243 - - [06/May/2022:03:36:26 +0200] "GET /black-starry-russian-doll-cbkreation-p-18461.html HTTP/1.0" 200 73541 "-" "Mozilla/5.0 (compatible; AhrefsBot/7.0; +http://ahrefs.com/robot/)"
65.108.125.120 - - [06/May/2022:03:36:26 +0200] "GET /scented-candles-novenas-c-227.html?page=17 HTTP/1.0" 301 95253 "-" "Mozilla/5.0 (compatible; MJ12bot/v1.4.8; http://mj12bot.com/)"
173.208.206.50 - - [06/May/2022:03:36:30 +0200] "GET /-p-11370.html HTTP/1.0" 200 70808 "-" "Mozilla/5.0 (compatible; MJ12bot/v1.4.8; http://mj12bot.com/)"
40.77.167.13 - - [06/May/2022:03:36:30 +0200] "GET /patinated-brown-bronze-rhinoceros-statue-p-58082.html HTTP/1.0" 200 73744 "-" "Mozilla/5.0 (compatible; bingbot/2.0; +http://www.bing.com/bingbot.htm)"
65.108.125.120 - - [06/May/2022:03:36:31 +0200] "GET /scented-candles-novenas-c-231_227.html?page=17 HTTP/1.0" 200 95288 "-" "Mozilla/5.0 (compatible; MJ12bot/v1.4.8; http://mj12bot.com/)"
173.208.206.50 - - [06/May/2022:03:36:37 +0200] "GET /-p-11437.html HTTP/1.0" 200 70808 "-" "Mozilla/5.0 (compatible; MJ12bot/v1.4.8; http://mj12bot.com/)"
65.108.125.120 - - [06/May/2022:03:36:38 +0200] "GET /scented-candles-and-novenas-c-231_227.html?page=18 HTTP/1.0" 301 96074 "-" "Mozilla/5.0 (compatible; MJ12bot/v1.4.8; http://mj12bot.com/)"
77.88.5.208 - - [06/May/2022:03:36:40 +0200] "GET /robots.txt HTTP/1.0" 200 245 "-" "Mozilla/5.0 (compatible; YandexBot/3.0; +http://yandex.com/bots)"
65.108.125.120 - - [06/May/2022:03:36:43 +0200] "GET /scented-candles-novenas-c-227.html?page=18 HTTP/1.0" 301 95943 "-" "Mozilla/5.0 (compatible; MJ12bot/v1.4.8; http://mj12bot.com/)"
77.88.5.208 - - [06/May/2022:03:36:44 +0200] "GET /-p-4591.html HTTP/1.0" 200 70806 "-" "Mozilla/5.0 (compatible; YandexBot/3.0; +http://yandex.com/bots)"
173.208.206.50 - - [06/May/2022:03:36:45 +0200] "GET /-p-11506.html HTTP/1.0" 200 70808 "-" "Mozilla/5.0 (compatible; MJ12bot/v1.4.8; http://mj12bot.com/)"
111.225.146.236 - - [06/May/2022:03:36:48 +0200] "GET /images/mini_prod/3418175549014.jpg HTTP/1.0" 200 269 "-" "Mozilla/5.0 (Macintosh; Intel Mac OS X 10_12_4) AppleWebKit/537.36 (KHTML, like Gecko) Chrome/58.0.3029.110 Safari/537.36"
65.108.125.120 - - [06/May/2022:03:36:48 +0200] "GET /scented-candles-novenas-c-231_227.html?page=18 HTTP/1.0" 200 95978 "-" "Mozilla/5.0 (compatible; MJ12bot/v1.4.8; http://mj12bot.com/)"
46.4.108.51 - - [06/May/2022:03:36:51 +0200] "GET /transportable-light-brown-table-lamp-p-56450.html HTTP/1.0" 200 74318 "-" "Mozilla/5.0 (compatible; BLEXBot/1.0; +http://webmeup-crawler.com/)"
173.208.206.50 - - [06/May/2022:03:36:53 +0200] "GET /-p-11566.html HTTP/1.0" 200 70808 "-" "Mozilla/5.0 (compatible; MJ12bot/v1.4.8; http://mj12bot.com/)"
65.108.125.120 - - [06/May/2022:03:36:54 +0200] "GET /scented-candles-and-novenas-c-231_227.html?page=19 HTTP/1.0" 301 96040 "-" "Mozilla/5.0 (compatible; MJ12bot/v1.4.8; http://mj12bot.com/)"
193.187.104.178 - - [06/May/2022:03:37:01 +0200] "POST /contact_us.php?action=send HTTP/1.0" 302 488 "http://www.wonder-geek.com/contact_us.php" "Mozilla/5.0 (Windows NT 6.1; Win64; x64) AppleWebKit/537.36 (KHTML, like Gecko) Chrome/90.0.4430.85 Safari/537.36 Edg/90.0.818.49"
91.213.35.156 - - [06/May/2022:03:37:03 +0200] "GET /contact_us.php?action=success HTTP/1.0" 200 13477 "http://www.wonder-geek.com/contact_us.php?action=success" "Mozilla/5.0 (Windows NT 6.1; Win64; x64) AppleWebKit/537.36 (KHTML, like Gecko) Chrome/90.0.4430.85 Safari/537.36 Edg/90.0.818.49"
65.108.125.120 - - [06/May/2022:03:37:01 +0200] "GET /scented-candles-novenas-c-227.html?page=19 HTTP/1.0" 301 95909 "-" "Mozilla/5.0 (compatible; MJ12bot/v1.4.8; http://mj12bot.com/)"
173.208.206.50 - - [06/May/2022:03:37:04 +0200] "GET /-p-11570.html HTTP/1.0" 200 70808 "-" "Mozilla/5.0 (compatible; MJ12bot/v1.4.8; http://mj12bot.com/)"
65.108.125.120 - - [06/May/2022:03:37:06 +0200] "GET /scented-candles-novenas-c-231_227.html?page=19 HTTP/1.0" 200 95944 "-" "Mozilla/5.0 (compatible; MJ12bot/v1.4.8; http://mj12bot.com/)"
66.249.73.134 - - [06/May/2022:03:37:09 +0200] "GET /images/big_prod/3700572762845.jpg HTTP/1.0" 200 268 "-" "Googlebot-Image/1.0"
173.208.206.50 - - [06/May/2022:03:37:11 +0200] "GET /-p-11571.html HTTP/1.0" 200 70808 "-" "Mozilla/5.0 (compatible; MJ12bot/v1.4.8; http://mj12bot.com/)"
65.108.125.120 - - [06/May/2022:03:37:12 +0200] "GET /scented-candles-and-novenas-c-231_227.html?page=2 HTTP/1.0" 301 94173 "-" "Mozilla/5.0 (compatible; MJ12bot/v1.4.8; http://mj12bot.com/)"
185.191.171.1 - - [06/May/2022:03:37:17 +0200] "GET /-p-38295.html?action=add_product HTTP/1.0" 302 476 "-" "Mozilla/5.0 (compatible; SemrushBot/7~bl; +http://www.semrush.com/bot.html)"
65.108.125.120 - - [06/May/2022:03:37:17 +0200] "GET /scented-candles-novenas-c-227.html?page=2 HTTP/1.0" 301 94042 "-" "Mozilla/5.0 (compatible; MJ12bot/v1.4.8; http://mj12bot.com/)"
173.208.206.50 - - [06/May/2022:03:37:21 +0200] "GET /-p-11573.html HTTP/1.0" 200 70808 "-" "Mozilla/5.0 (compatible; MJ12bot/v1.4.8; http://mj12bot.com/)"
213.173.103.66 - - [06/May/2022:03:37:23 +0200] "GET /images/mini_prod/3503420168284.jpg HTTP/1.0" 200 269 "-" "Mozilla/5.0 (X11; Ubuntu; Linux x86_64; rv:72.0) Gecko/20100101 Firefox/72.0"
65.108.125.120 - - [06/May/2022:03:37:23 +0200] "GET /scented-candles-novenas-c-231_227.html?page=2 HTTP/1.0" 200 94078 "-" "Mozilla/5.0 (compatible; MJ12bot/v1.4.8; http://mj12bot.com/)"
65.108.125.120 - - [06/May/2022:03:37:28 +0200] "GET /scented-candles-and-novenas-c-231_227.html?page=3 HTTP/1.0" 301 93430 "-" "Mozilla/5.0 (compatible; MJ12bot/v1.4.8; http://mj12bot.com/)"
173.208.206.50 - - [06/May/2022:03:37:31 +0200] "GET /-p-11575.html HTTP/1.0" 200 70808 "-" "Mozilla/5.0 (compatible; MJ12bot/v1.4.8; http://mj12bot.com/)"
46.4.108.51 - - [06/May/2022:03:37:30 +0200] "GET /transportable-rechargeable-radio-p-44018.html HTTP/1.0" 200 73836 "-" "Mozilla/5.0 (compatible; BLEXBot/1.0; +http://webmeup-crawler.com/)"
65.108.125.120 - - [06/May/2022:03:37:33 +0200] "GET /scented-candles-novenas-c-227.html?page=3 HTTP/1.0" 301 93299 "-" "Mozilla/5.0 (compatible; MJ12bot/v1.4.8; http://mj12bot.com/)"
65.108.125.120 - - [06/May/2022:03:37:39 +0200] "GET /scented-candles-novenas-c-231_227.html?page=3 HTTP/1.0" 200 93335 "-" "Mozilla/5.0 (compatible; MJ12bot/v1.4.8; http://mj12bot.com/)"
173.208.206.50 - - [06/May/2022:03:37:40 +0200] "GET /-p-11595.html HTTP/1.0" 200 70808 "-" "Mozilla/5.0 (compatible; MJ12bot/v1.4.8; http://mj12bot.com/)"
65.108.125.120 - - [06/May/2022:03:37:44 +0200] "GET /scented-candles-and-novenas-c-231_227.html?page=4 HTTP/1.0" 301 93541 "-" "Mozilla/5.0 (compatible; MJ12bot/v1.4.8; http://mj12bot.com/)"
173.208.206.50 - - [06/May/2022:03:37:46 +0200] "GET /-p-11599.html HTTP/1.0" 200 70808 "-" "Mozilla/5.0 (compatible; MJ12bot/v1.4.8; http://mj12bot.com/)"
65.108.125.120 - - [06/May/2022:03:37:48 +0200] "GET /scented-candles-novenas-c-227.html?page=4 HTTP/1.0" 301 93410 "-" "Mozilla/5.0 (compatible; MJ12bot/v1.4.8; http://mj12bot.com/)"
65.108.125.120 - - [06/May/2022:03:37:53 +0200] "GET /scented-candles-novenas-c-231_227.html?page=4 HTTP/1.0" 200 93446 "-" "Mozilla/5.0 (compatible; MJ12bot/v1.4.8; http://mj12bot.com/)"
173.208.206.50 - - [06/May/2022:03:37:54 +0200] "GET /-p-11630.html HTTP/1.0" 200 70808 "-" "Mozilla/5.0 (compatible; MJ12bot/v1.4.8; http://mj12bot.com/)"
54.36.148.243 - - [06/May/2022:03:37:55 +0200] "GET /donald-pluto-mini-figurine-p-55967.html HTTP/1.0" 200 74677 "-" "Mozilla/5.0 (compatible; AhrefsBot/7.0; +http://ahrefs.com/robot/)"
65.108.125.120 - - [06/May/2022:03:37:59 +0200] "GET /scented-candles-and-novenas-c-231_227.html?page=5 HTTP/1.0" 301 94499 "-" "Mozilla/5.0 (compatible; MJ12bot/v1.4.8; http://mj12bot.com/)"
173.208.206.50 - - [06/May/2022:03:38:03 +0200] "GET /-p-11631.html HTTP/1.0" 200 70808 "-" "Mozilla/5.0 (compatible; MJ12bot/v1.4.8; http://mj12bot.com/)"
46.4.108.51 - - [06/May/2022:03:38:04 +0200] "GET /transportable-rechargeable-radio-p-52633.html HTTP/1.0" 200 74439 "-" "Mozilla/5.0 (compatible; BLEXBot/1.0; +http://webmeup-crawler.com/)"
65.108.125.120 - - [06/May/2022:03:38:04 +0200] "GET /scented-candles-novenas-c-227.html?page=5 HTTP/1.0" 301 94368 "-" "Mozilla/5.0 (compatible; MJ12bot/v1.4.8; http://mj12bot.com/)"
65.108.143.154 - - [06/May/2022:03:38:10 +0200] "GET /cats-cushion-cherry-pits-p-37922.html HTTP/1.0" 301 70875 "-" "Mozilla/5.0 (compatible; MJ12bot/v1.4.8; http://mj12bot.com/)"
65.108.125.120 - - [06/May/2022:03:38:10 +0200] "GET /scented-candles-novenas-c-231_227.html?page=5 HTTP/1.0" 200 94404 "-" "Mozilla/5.0 (compatible; MJ12bot/v1.4.8; http://mj12bot.com/)"
65.108.143.154 - - [06/May/2022:03:38:13 +0200] "GET /-p-37922.html HTTP/1.0" 200 70808 "-" "Mozilla/5.0 (compatible; MJ12bot/v1.4.8; http://mj12bot.com/)"
65.108.143.154 - - [06/May/2022:03:38:16 +0200] "GET /cats-dubout-cotton-kitchen-towel-made-france-p-36635.html HTTP/1.0" 200 71034 "-" "Mozilla/5.0 (compatible; MJ12bot/v1.4.8; http://mj12bot.com/)"
65.108.125.120 - - [06/May/2022:03:38:16 +0200] "GET /scented-candles-and-novenas-c-231_227.html?page=6 HTTP/1.0" 301 94820 "-" "Mozilla/5.0 (compatible; MJ12bot/v1.4.8; http://mj12bot.com/)"
173.208.206.50 - - [06/May/2022:03:38:17 +0200] "GET /-p-11646.html HTTP/1.0" 200 70808 "-" "Mozilla/5.0 (compatible; MJ12bot/v1.4.8; http://mj12bot.com/)"
46.4.108.51 - - [06/May/2022:03:38:19 +0200] "GET /travel-documents-passport-boarding-pass-p-47343.html HTTP/1.0" 200 73818 "-" "Mozilla/5.0 (compatible; BLEXBot/1.0; +http://webmeup-crawler.com/)"
65.108.143.154 - - [06/May/2022:03:38:19 +0200] "GET /cats-dubout-cotton-kitchen-towel-made-in-france-p-36635.html HTTP/1.0" 301 71145 "-" "Mozilla/5.0 (compatible; MJ12bot/v1.4.8; http://mj12bot.com/)"
65.108.143.154 - - [06/May/2022:03:38:22 +0200] "GET /cats-dubout-cotton-kitchen-towel-made-france-p-36635.html HTTP/1.0" 200 71034 "-" "Mozilla/5.0 (compatible; MJ12bot/v1.4.8; http://mj12bot.com/)"
173.208.206.50 - - [06/May/2022:03:38:23 +0200] "GET /-p-11648.html HTTP/1.0" 200 70808 "-" "Mozilla/5.0 (compatible; MJ12bot/v1.4.8; http://mj12bot.com/)"
65.108.125.120 - - [06/May/2022:03:38:23 +0200] "GET /scented-candles-novenas-c-227.html?page=6 HTTP/1.0" 301 94689 "-" "Mozilla/5.0 (compatible; MJ12bot/v1.4.8; http://mj12bot.com/)"
65.108.143.154 - - [06/May/2022:03:38:25 +0200] "GET /cats-dubout-figurine-siesta-p-33345.html HTTP/1.0" 200 73921 "-" "Mozilla/5.0 (compatible; MJ12bot/v1.4.8; http://mj12bot.com/)"
65.108.143.154 - - [06/May/2022:03:38:28 +0200] "GET /cats-dubout-trivet-p-40086.html HTTP/1.0" 200 73405 "-" "Mozilla/5.0 (compatible; MJ12bot/v1.4.8; http://mj12bot.com/)"
173.208.206.50 - - [06/May/2022:03:38:30 +0200] "GET /-p-11650.html HTTP/1.0" 200 70808 "-" "Mozilla/5.0 (compatible; MJ12bot/v1.4.8; http://mj12bot.com/)"
65.108.143.154 - - [06/May/2022:03:38:31 +0200] "GET /cats-flowers-large-glass-sold-individually-p-45627.html HTTP/1.0" 200 70978 "-" "Mozilla/5.0 (compatible; MJ12bot/v1.4.8; http://mj12bot.com/)"
65.108.125.120 - - [06/May/2022:03:38:31 +0200] "GET /scented-candles-novenas-c-231_227.html?page=6 HTTP/1.0" 200 94725 "-" "Mozilla/5.0 (compatible; MJ12bot/v1.4.8; http://mj12bot.com/)"
65.108.143.154 - - [06/May/2022:03:38:35 +0200] "GET /cats-flowers-potholder-glove-p-45527.html HTTP/1.0" 200 70934 "-" "Mozilla/5.0 (compatible; MJ12bot/v1.4.8; http://mj12bot.com/)"
66.249.73.134 - - [06/May/2022:03:38:36 +0200] "GET /le-petit-prince-de-st-exupery-collection-mug-p-44544.html HTTP/1.0" 301 73709 "-" "Mozilla/5.0 (compatible; Googlebot/2.1; +http://www.google.com/bot.html)"
173.208.206.50 - - [06/May/2022:03:38:36 +0200] "GET /-p-11666.html HTTP/1.0" 200 70808 "-" "Mozilla/5.0 (compatible; MJ12bot/v1.4.8; http://mj12bot.com/)"
66.249.73.138 - - [06/May/2022:03:38:38 +0200] "GET /petit-prince-exupry-collection-p-44544.html HTTP/1.0" 200 73612 "-" "Mozilla/5.0 (compatible; Googlebot/2.1; +http://www.google.com/bot.html)"
65.108.143.154 - - [06/May/2022:03:38:38 +0200] "GET /cats-rectangular-tray-paris-37-17-cm-p-45542.html HTTP/1.0" 301 71061 "-" "Mozilla/5.0 (compatible; MJ12bot/v1.4.8; http://mj12bot.com/)"
65.108.125.120 - - [06/May/2022:03:38:38 +0200] "GET /scented-candles-novenas-c-231_227.html?page=10 HTTP/1.0" 200 94762 "-" "Mozilla/5.0 (compatible; MJ12bot/v1.4.8; http://mj12bot.com/)"
65.108.143.154 - - [06/May/2022:03:38:41 +0200] "GET /cats-rectangular-tray-paris-p-45542.html HTTP/1.0" 200 70967 "-" "Mozilla/5.0 (compatible; MJ12bot/v1.4.8; http://mj12bot.com/)"
173.208.206.50 - - [06/May/2022:03:38:43 +0200] "GET /-p-11667.html HTTP/1.0" 200 70808 "-" "Mozilla/5.0 (compatible; MJ12bot/v1.4.8; http://mj12bot.com/)"
65.108.143.154 - - [06/May/2022:03:38:45 +0200] "GET /cats-rectangular-tray-paris-p-45542.html HTTP/1.0" 200 70967 "-" "Mozilla/5.0 (compatible; MJ12bot/v1.4.8; http://mj12bot.com/)"
65.108.143.154 - - [06/May/2022:03:38:48 +0200] "GET /cats-surf-small-mini-tray-p-45581.html HTTP/1.0" 200 70906 "-" "Mozilla/5.0 (compatible; MJ12bot/v1.4.8; http://mj12bot.com/)"
65.108.125.120 - - [06/May/2022:03:38:48 +0200] "GET /scented-candles-novenas-c-231_227.html?page=11 HTTP/1.0" 200 95443 "-" "Mozilla/5.0 (compatible; MJ12bot/v1.4.8; http://mj12bot.com/)"
65.108.143.154 - - [06/May/2022:03:38:51 +0200] "GET /cement-tile-coasters-p-53109.html HTTP/1.0" 200 73456 "-" "Mozilla/5.0 (compatible; MJ12bot/v1.4.8; http://mj12bot.com/)"
173.208.206.50 - - [06/May/2022:03:38:52 +0200] "GET /-p-11668.html HTTP/1.0" 200 70808 "-" "Mozilla/5.0 (compatible; MJ12bot/v1.4.8; http://mj12bot.com/)"
65.108.143.154 - - [06/May/2022:03:38:54 +0200] "GET /cement-tile-coasters-p-53113.html HTTP/1.0" 200 70896 "-" "Mozilla/5.0 (compatible; MJ12bot/v1.4.8; http://mj12bot.com/)"
46.4.108.51 - - [06/May/2022:03:38:57 +0200] "GET /travel-documents-passport-boarding-pass-p-47344.html HTTP/1.0" 200 74469 "-" "Mozilla/5.0 (compatible; BLEXBot/1.0; +http://webmeup-crawler.com/)"
65.108.143.154 - - [06/May/2022:03:38:58 +0200] "GET /ceramic-perfume-burner-p-57357.html HTTP/1.0" 200 74605 "-" "Mozilla/5.0 (compatible; MJ12bot/v1.4.8; http://mj12bot.com/)"
173.208.206.50 - - [06/May/2022:03:38:59 +0200] "GET /-p-11669.html HTTP/1.0" 200 70808 "-" "Mozilla/5.0 (compatible; MJ12bot/v1.4.8; http://mj12bot.com/)"
65.108.143.154 - - [06/May/2022:03:39:01 +0200] "GET /chair-cushion-40-cm-lyna-p-45680.html HTTP/1.0" 301 70971 "-" "Mozilla/5.0 (compatible; MJ12bot/v1.4.8; http://mj12bot.com/)"
65.108.125.120 - - [06/May/2022:03:39:00 +0200] "GET /scented-candles-novenas-c-231_227.html?page=15 HTTP/1.0" 200 94686 "-" "Mozilla/5.0 (compatible; MJ12bot/v1.4.8; http://mj12bot.com/)"
54.175.179.112 - - [06/May/2022:03:39:04 +0200] "GET /images/mini_prod/DSCN6817.jpg HTTP/1.0" 200 264 "-" "Mozilla/5.0 (X11; Ubuntu; Linux x86_64; rv:72.0) Gecko/20100101 Firefox/72.0"
65.108.143.154 - - [06/May/2022:03:39:04 +0200] "GET /chair-cushion-lyna-p-45680.html HTTP/1.0" 200 70886 "-" "Mozilla/5.0 (compatible; MJ12bot/v1.4.8; http://mj12bot.com/)"
173.208.206.50 - - [06/May/2022:03:39:06 +0200] "GET /-p-1167.html HTTP/1.0" 200 70806 "-" "Mozilla/5.0 (compatible; MJ12bot/v1.4.8; http://mj12bot.com/)"
65.108.125.120 - - [06/May/2022:03:39:06 +0200] "GET /scented-candles-novenas-c-231_227.html?page=17 HTTP/1.0" 200 95288 "-" "Mozilla/5.0 (compatible; MJ12bot/v1.4.8; http://mj12bot.com/)"
185.191.171.43 - - [06/May/2022:03:39:07 +0200] "GET /-p-16835.html?action=add_product HTTP/1.0" 302 476 "-" "Mozilla/5.0 (compatible; SemrushBot/7~bl; +http://www.semrush.com/bot.html)"
65.108.143.154 - - [06/May/2022:03:39:08 +0200] "GET /chair-cushion-lyna-p-45680.html HTTP/1.0" 200 70886 "-" "Mozilla/5.0 (compatible; MJ12bot/v1.4.8; http://mj12bot.com/)"
65.108.125.120 - - [06/May/2022:03:39:11 +0200] "GET /scented-candles-novenas-c-231_227.html?page=18 HTTP/1.0" 200 95978 "-" "Mozilla/5.0 (compatible; MJ12bot/v1.4.8; http://mj12bot.com/)"
65.108.143.154 - - [06/May/2022:03:39:11 +0200] "GET /chakra-mini-worry-stones-p-53740.html HTTP/1.0" 200 75272 "-" "Mozilla/5.0 (compatible; MJ12bot/v1.4.8; http://mj12bot.com/)"
65.108.143.154 - - [06/May/2022:03:39:15 +0200] "GET /champa-backflow-incense-cones-p-57300.html HTTP/1.0" 200 73883 "-" "Mozilla/5.0 (compatible; MJ12bot/v1.4.8; http://mj12bot.com/)"
173.208.206.50 - - [06/May/2022:03:39:15 +0200] "GET /-p-11671.html HTTP/1.0" 200 70808 "-" "Mozilla/5.0 (compatible; MJ12bot/v1.4.8; http://mj12bot.com/)"
65.108.125.120 - - [06/May/2022:03:39:16 +0200] "GET /scented-candles-novenas-c-231_227.html?page=19 HTTP/1.0" 200 95944 "-" "Mozilla/5.0 (compatible; MJ12bot/v1.4.8; http://mj12bot.com/)"
65.108.143.154 - - [06/May/2022:03:39:19 +0200] "GET /chouchou-oven-glove-p-54606.html HTTP/1.0" 200 73460 "-" "Mozilla/5.0 (compatible; MJ12bot/v1.4.8; http://mj12bot.com/)"
185.191.171.41 - - [06/May/2022:03:39:20 +0200] "GET /ethnic-zebra-statuette-30-cm-p-53054.html HTTP/1.0" 301 70987 "-" "Mozilla/5.0 (compatible; SemrushBot/7~bl; +http://www.semrush.com/bot.html)"
173.208.206.50 - - [06/May/2022:03:39:23 +0200] "GET /-p-11673.html HTTP/1.0" 200 70808 "-" "Mozilla/5.0 (compatible; MJ12bot/v1.4.8; http://mj12bot.com/)"
65.108.143.154 - - [06/May/2022:03:39:23 +0200] "GET /clocks-c-13_67.html?page=17 HTTP/1.0" 200 87981 "-" "Mozilla/5.0 (compatible; MJ12bot/v1.4.8; http://mj12bot.com/)"
185.191.171.37 - - [06/May/2022:03:39:23 +0200] "GET /ethnic-zebra-statuette-p-53054.html HTTP/1.0" 200 70898 "-" "Mozilla/5.0 (compatible; SemrushBot/7~bl; +http://www.semrush.com/bot.html)"
65.108.143.154 - - [06/May/2022:03:39:27 +0200] "GET /collection-gorjuss-p-23148.html HTTP/1.0" 200 70913 "-" "Mozilla/5.0 (compatible; MJ12bot/v1.4.8; http://mj12bot.com/)"
173.208.206.50 - - [06/May/2022:03:39:29 +0200] "GET /-p-11676.html HTTP/1.0" 200 70808 "-" "Mozilla/5.0 (compatible; MJ12bot/v1.4.8; http://mj12bot.com/)"
65.108.125.120 - - [06/May/2022:03:39:29 +0200] "GET /scented-candles-novenas-c-231_227.html?page=2 HTTP/1.0" 200 94078 "-" "Mozilla/5.0 (compatible; MJ12bot/v1.4.8; http://mj12bot.com/)"
65.108.143.154 - - [06/May/2022:03:39:31 +0200] "GET /compact-set-playmobil-princesses-birthday-ilot-p-25215.html HTTP/1.0" 301 70875 "-" "Mozilla/5.0 (compatible; MJ12bot/v1.4.8; http://mj12bot.com/)"
173.208.206.50 - - [06/May/2022:03:39:34 +0200] "GET /-p-11679.html HTTP/1.0" 200 70808 "-" "Mozilla/5.0 (compatible; MJ12bot/v1.4.8; http://mj12bot.com/)"
65.108.143.154 - - [06/May/2022:03:39:34 +0200] "GET /-p-25215.html HTTP/1.0" 200 70808 "-" "Mozilla/5.0 (compatible; MJ12bot/v1.4.8; http://mj12bot.com/)"
54.36.148.243 - - [06/May/2022:03:39:35 +0200] "GET /figurine-buddhist-little-monk-seeing-nothing-p-46817.html HTTP/1.0" 200 73741 "-" "Mozilla/5.0 (compatible; AhrefsBot/7.0; +http://ahrefs.com/robot/)"
65.108.125.120 - - [06/May/2022:03:39:36 +0200] "GET /scented-candles-novenas-c-231_227.html?page=3 HTTP/1.0" 200 93335 "-" "Mozilla/5.0 (compatible; MJ12bot/v1.4.8; http://mj12bot.com/)"
65.108.143.154 - - [06/May/2022:03:39:38 +0200] "GET /complete-sonny-angel-christmas-figures-2021-series-p-56920.html HTTP/1.0" 200 74999 "-" "Mozilla/5.0 (compatible; MJ12bot/v1.4.8; http://mj12bot.com/)"
65.108.143.154 - - [06/May/2022:03:39:41 +0200] "GET /complete-sonny-angel-halloween-figures-2021-series-p-56921.html HTTP/1.0" 200 74730 "-" "Mozilla/5.0 (compatible; MJ12bot/v1.4.8; http://mj12bot.com/)"
65.108.143.154 - - [06/May/2022:03:39:44 +0200] "GET /cooker-princesses-child-faro-p-17791.html HTTP/1.0" 301 70875 "-" "Mozilla/5.0 (compatible; MJ12bot/v1.4.8; http://mj12bot.com/)"
173.208.206.50 - - [06/May/2022:03:39:45 +0200] "GET /-p-11682.html HTTP/1.0" 200 70808 "-" "Mozilla/5.0 (compatible; MJ12bot/v1.4.8; http://mj12bot.com/)"
46.4.108.51 - - [06/May/2022:03:39:46 +0200] "GET /travel-documents-passport-boarding-pass-p-47345.html HTTP/1.0" 200 74469 "-" "Mozilla/5.0 (compatible; BLEXBot/1.0; +http://webmeup-crawler.com/)"
65.108.143.154 - - [06/May/2022:03:39:48 +0200] "GET /-p-17791.html HTTP/1.0" 200 70808 "-" "Mozilla/5.0 (compatible; MJ12bot/v1.4.8; http://mj12bot.com/)"
65.108.125.120 - - [06/May/2022:03:39:47 +0200] "GET /scented-candles-novenas-c-231_227.html?page=4 HTTP/1.0" 200 93446 "-" "Mozilla/5.0 (compatible; MJ12bot/v1.4.8; http://mj12bot.com/)"
185.191.171.44 - - [06/May/2022:03:39:51 +0200] "GET /high-school-musical-compact-umbrella-p-20492.html?action=add_product HTTP/1.0" 302 476 "-" "Mozilla/5.0 (compatible; SemrushBot/7~bl; +http://www.semrush.com/bot.html)"
173.208.206.50 - - [06/May/2022:03:39:52 +0200] "GET /-p-11684.html HTTP/1.0" 200 70808 "-" "Mozilla/5.0 (compatible; MJ12bot/v1.4.8; http://mj12bot.com/)"
65.108.143.154 - - [06/May/2022:03:39:52 +0200] "GET /corsica-logo-adult-cap-by-cbkreation-p-36539.html HTTP/1.0" 301 73701 "-" "Mozilla/5.0 (compatible; MJ12bot/v1.4.8; http://mj12bot.com/)"
65.108.125.120 - - [06/May/2022:03:39:56 +0200] "GET /scented-candles-novenas-c-231_227.html?page=5 HTTP/1.0" 200 94404 "-" "Mozilla/5.0 (compatible; MJ12bot/v1.4.8; http://mj12bot.com/)"
65.108.143.154 - - [06/May/2022:03:39:57 +0200] "GET /corsica-logo-adult-cbkration-p-36539.html HTTP/1.0" 200 73606 "-" "Mozilla/5.0 (compatible; MJ12bot/v1.4.8; http://mj12bot.com/)"
173.208.206.50 - - [06/May/2022:03:39:58 +0200] "GET /-p-11685.html HTTP/1.0" 200 70808 "-" "Mozilla/5.0 (compatible; MJ12bot/v1.4.8; http://mj12bot.com/)"
111.225.145.233 - - [06/May/2022:03:40:00 +0200] "GET /images/mini_prod/3453131145060BB.jpg HTTP/1.0" 200 271 "-" "Mozilla/5.0 (Macintosh; Intel Mac OS X 10_12_4) AppleWebKit/537.36 (KHTML, like Gecko) Chrome/58.0.3029.110 Safari/537.36"
46.4.108.51 - - [06/May/2022:03:39:59 +0200] "GET /travel-documents-passport-boarding-pass-p-47347.html HTTP/1.0" 200 74469 "-" "Mozilla/5.0 (compatible; BLEXBot/1.0; +http://webmeup-crawler.com/)"
65.108.143.154 - - [06/May/2022:03:40:04 +0200] "GET /corsica-logo-adult-cbkration-p-36539.html HTTP/1.0" 200 73606 "-" "Mozilla/5.0 (compatible; MJ12bot/v1.4.8; http://mj12bot.com/)"
65.108.125.120 - - [06/May/2022:03:40:05 +0200] "GET /scented-candles-novenas-c-231_227.html?page=6 HTTP/1.0" 200 94725 "-" "Mozilla/5.0 (compatible; MJ12bot/v1.4.8; http://mj12bot.com/)"
173.208.206.50 - - [06/May/2022:03:40:06 +0200] "GET /-p-1169.html HTTP/1.0" 200 70806 "-" "Mozilla/5.0 (compatible; MJ12bot/v1.4.8; http://mj12bot.com/)"
65.108.143.154 - - [06/May/2022:03:40:08 +0200] "GET /corsica-white-shirt-p-35443.html HTTP/1.0" 200 75096 "-" "Mozilla/5.0 (compatible; MJ12bot/v1.4.8; http://mj12bot.com/)"
65.108.125.120 - - [06/May/2022:03:40:11 +0200] "GET /scented-candles-novenas-c-231_227.html?page=7 HTTP/1.0" 200 94326 "-" "Mozilla/5.0 (compatible; MJ12bot/v1.4.8; http://mj12bot.com/)"
173.208.206.50 - - [06/May/2022:03:40:12 +0200] "GET /-p-11692.html HTTP/1.0" 200 70808 "-" "Mozilla/5.0 (compatible; MJ12bot/v1.4.8; http://mj12bot.com/)"
65.108.143.154 - - [06/May/2022:03:40:13 +0200] "GET /corsica-white-tee-shirt-p-35443.html HTTP/1.0" 301 75182 "-" "Mozilla/5.0 (compatible; MJ12bot/v1.4.8; http://mj12bot.com/)"
65.108.143.154 - - [06/May/2022:03:40:17 +0200] "GET /corsica-white-shirt-p-35443.html HTTP/1.0" 200 75096 "-" "Mozilla/5.0 (compatible; MJ12bot/v1.4.8; http://mj12bot.com/)"
40.77.167.0 - - [06/May/2022:03:40:18 +0200] "GET /small-boxes-pill-c-13_150_154.html HTTP/1.0" 200 90701 "-" "Mozilla/5.0 (compatible; bingbot/2.0; +http://www.bing.com/bingbot.htm)"
65.108.125.120 - - [06/May/2022:03:40:18 +0200] "GET /scented-candles-novenas-c-231_227.html?page=8 HTTP/1.0" 200 94810 "-" "Mozilla/5.0 (compatible; MJ12bot/v1.4.8; http://mj12bot.com/)"
173.208.206.50 - - [06/May/2022:03:40:21 +0200] "GET /-p-11694.html HTTP/1.0" 200 70808 "-" "Mozilla/5.0 (compatible; MJ12bot/v1.4.8; http://mj12bot.com/)"
65.108.143.154 - - [06/May/2022:03:40:22 +0200] "GET /cotton-floor-cushion-45-cm-guernezey-p-51654.html HTTP/1.0" 301 70875 "-" "Mozilla/5.0 (compatible; MJ12bot/v1.4.8; http://mj12bot.com/)"
65.108.143.154 - - [06/May/2022:03:40:25 +0200] "GET /-p-51654.html HTTP/1.0" 200 70808 "-" "Mozilla/5.0 (compatible; MJ12bot/v1.4.8; http://mj12bot.com/)"
65.108.125.120 - - [06/May/2022:03:40:25 +0200] "GET /scented-candles-novenas-c-231_227.html?page=9 HTTP/1.0" 200 94791 "-" "Mozilla/5.0 (compatible; MJ12bot/v1.4.8; http://mj12bot.com/)"
111.225.144.243 - - [06/May/2022:03:40:28 +0200] "GET /images/mini_prod/8901319003121.jpg HTTP/1.0" 200 269 "-" "Mozilla/5.0 (Macintosh; Intel Mac OS X 10_12_4) AppleWebKit/537.36 (KHTML, like Gecko) Chrome/58.0.3029.110 Safari/537.36"
185.191.171.9 - - [06/May/2022:03:40:28 +0200] "GET /decorative-wooden-plate-fier-breton-white-p-47817.html?action=add_product HTTP/1.0" 302 476 "-" "Mozilla/5.0 (compatible; SemrushBot/7~bl; +http://www.semrush.com/bot.html)"
65.108.143.154 - - [06/May/2022:03:40:29 +0200] "GET /cotton-floor-cushion-45-cm-p-51757.html HTTP/1.0" 301 74351 "-" "Mozilla/5.0 (compatible; MJ12bot/v1.4.8; http://mj12bot.com/)"
173.208.206.50 - - [06/May/2022:03:40:30 +0200] "GET /-p-11702.html HTTP/1.0" 200 70808 "-" "Mozilla/5.0 (compatible; MJ12bot/v1.4.8; http://mj12bot.com/)"
54.36.148.243 - - [06/May/2022:03:40:31 +0200] "GET /small-cbkreation-p-14911.html HTTP/1.0" 200 73472 "-" "Mozilla/5.0 (compatible; AhrefsBot/7.0; +http://ahrefs.com/robot/)"
114.119.137.45 - - [06/May/2022:03:40:30 +0200] "GET /home-and-decoration-c-13.html HTTP/1.0" 301 92789 "-" "Mozilla/5.0 (Linux; Android 7.0;) AppleWebKit/537.36 (KHTML, like Gecko) Mobile Safari/537.36 (compatible; PetalBot;+https://webmaster.petalsearch.com/site/petalbot)"
65.108.125.120 - - [06/May/2022:03:40:32 +0200] "GET /schott-backpack-college-navy-p-44958.html HTTP/1.0" 200 74548 "-" "Mozilla/5.0 (compatible; MJ12bot/v1.4.8; http://mj12bot.com/)"
65.108.143.154 - - [06/May/2022:03:40:33 +0200] "GET /cotton-floor-cushion-p-51757.html HTTP/1.0" 200 74264 "-" "Mozilla/5.0 (compatible; MJ12bot/v1.4.8; http://mj12bot.com/)"
114.119.137.45 - - [06/May/2022:03:40:33 +0200] "GET /home-decoration-c-13.html HTTP/1.0" 200 92710 "-" "Mozilla/5.0 (Linux; Android 7.0;) AppleWebKit/537.36 (KHTML, like Gecko) Mobile Safari/537.36 (compatible; PetalBot;+https://webmaster.petalsearch.com/site/petalbot)"
173.208.206.50 - - [06/May/2022:03:40:37 +0200] "GET /-p-1171.html HTTP/1.0" 200 70806 "-" "Mozilla/5.0 (compatible; MJ12bot/v1.4.8; http://mj12bot.com/)"
65.108.143.154 - - [06/May/2022:03:40:37 +0200] "GET /cotton-floor-cushion-charmelia-40-40-30-cm-p-47899.html HTTP/1.0" 301 74316 "-" "Mozilla/5.0 (compatible; MJ12bot/v1.4.8; http://mj12bot.com/)"
65.108.125.120 - - [06/May/2022:03:40:40 +0200] "GET /schtroumpf-security-blanket-p-14376.html HTTP/1.0" 200 73378 "-" "Mozilla/5.0 (compatible; MJ12bot/v1.4.8; http://mj12bot.com/)"
65.108.143.154 - - [06/May/2022:03:40:41 +0200] "GET /cotton-floor-cushion-charmelia-p-47899.html HTTP/1.0" 200 74219 "-" "Mozilla/5.0 (compatible; MJ12bot/v1.4.8; http://mj12bot.com/)"
173.208.206.50 - - [06/May/2022:03:40:44 +0200] "GET /-p-1173.html HTTP/1.0" 200 70806 "-" "Mozilla/5.0 (compatible; MJ12bot/v1.4.8; http://mj12bot.com/)"
65.108.143.154 - - [06/May/2022:03:40:46 +0200] "GET /cotton-floor-cushion-charmelia-p-47899.html HTTP/1.0" 200 74219 "-" "Mozilla/5.0 (compatible; MJ12bot/v1.4.8; http://mj12bot.com/)"
