220.230.168.26 - - [06/May/2022:07:46:31 +0200] "GET /images/mini_prod/3700572763101.jpg HTTP/1.0" 200 269 "http://www.wonder-geek.com/" "Mozilla/5.0 (X11; Linux x86_64) AppleWebKit/537.36 (KHTML, like Gecko) HeadlessChrome/96.0.4664.45 Safari/537.36"
220.230.168.26 - - [06/May/2022:07:46:31 +0200] "GET /images/mini_prod/8422024204035.jpg HTTP/1.0" 200 269 "http://www.wonder-geek.com/" "Mozilla/5.0 (X11; Linux x86_64) AppleWebKit/537.36 (KHTML, like Gecko) HeadlessChrome/96.0.4664.45 Safari/537.36"
220.230.168.26 - - [06/May/2022:07:46:31 +0200] "GET /images/mini_prod/8422024204028.jpg HTTP/1.0" 200 269 "http://www.wonder-geek.com/" "Mozilla/5.0 (X11; Linux x86_64) AppleWebKit/537.36 (KHTML, like Gecko) HeadlessChrome/96.0.4664.45 Safari/537.36"
220.230.168.26 - - [06/May/2022:07:46:31 +0200] "GET /images/mini_prod/3700572761633.jpg HTTP/1.0" 200 269 "http://www.wonder-geek.com/" "Mozilla/5.0 (X11; Linux x86_64) AppleWebKit/537.36 (KHTML, like Gecko) HeadlessChrome/96.0.4664.45 Safari/537.36"
220.230.168.26 - - [06/May/2022:07:46:31 +0200] "GET /images/mini_prod/5400924215002.jpg HTTP/1.0" 200 269 "http://www.wonder-geek.com/" "Mozilla/5.0 (X11; Linux x86_64) AppleWebKit/537.36 (KHTML, like Gecko) HeadlessChrome/96.0.4664.45 Safari/537.36"
111.225.144.217 - - [06/May/2022:07:46:31 +0200] "GET /images/mini_prod/3665269006476.jpg HTTP/1.0" 200 269 "-" "Mozilla/5.0 (Macintosh; Intel Mac OS X 10_12_4) AppleWebKit/537.36 (KHTML, like Gecko) Chrome/58.0.3029.110 Safari/537.36"
220.230.168.26 - - [06/May/2022:07:46:31 +0200] "GET /images/mini_prod/8422059532318.jpg HTTP/1.0" 200 269 "http://www.wonder-geek.com/" "Mozilla/5.0 (X11; Linux x86_64) AppleWebKit/537.36 (KHTML, like Gecko) HeadlessChrome/96.0.4664.45 Safari/537.36"
220.230.168.26 - - [06/May/2022:07:46:31 +0200] "GET /images/mini_prod/1399986100378.jpg HTTP/1.0" 200 269 "http://www.wonder-geek.com/" "Mozilla/5.0 (X11; Linux x86_64) AppleWebKit/537.36 (KHTML, like Gecko) HeadlessChrome/96.0.4664.45 Safari/537.36"
220.230.168.26 - - [06/May/2022:07:46:31 +0200] "GET /images/mini_prod/8422059532219.jpg HTTP/1.0" 200 269 "http://www.wonder-geek.com/" "Mozilla/5.0 (X11; Linux x86_64) AppleWebKit/537.36 (KHTML, like Gecko) HeadlessChrome/96.0.4664.45 Safari/537.36"
220.230.168.26 - - [06/May/2022:07:46:31 +0200] "GET /images/mini_prod/8424001704569.jpg HTTP/1.0" 200 269 "http://www.wonder-geek.com/" "Mozilla/5.0 (X11; Linux x86_64) AppleWebKit/537.36 (KHTML, like Gecko) HeadlessChrome/96.0.4664.45 Safari/537.36"
220.230.168.26 - - [06/May/2022:07:46:31 +0200] "GET /images/mini_prod/8422018883406.jpg HTTP/1.0" 200 269 "http://www.wonder-geek.com/" "Mozilla/5.0 (X11; Linux x86_64) AppleWebKit/537.36 (KHTML, like Gecko) HeadlessChrome/96.0.4664.45 Safari/537.36"
220.230.168.26 - - [06/May/2022:07:46:31 +0200] "GET /images/mini_prod/5400924227999A.jpg HTTP/1.0" 200 270 "http://www.wonder-geek.com/" "Mozilla/5.0 (X11; Linux x86_64) AppleWebKit/537.36 (KHTML, like Gecko) HeadlessChrome/96.0.4664.45 Safari/537.36"
220.230.168.26 - - [06/May/2022:07:46:31 +0200] "GET /images/mini_prod/3453131159876A.jpg HTTP/1.0" 200 270 "http://www.wonder-geek.com/" "Mozilla/5.0 (X11; Linux x86_64) AppleWebKit/537.36 (KHTML, like Gecko) HeadlessChrome/96.0.4664.45 Safari/537.36"
220.230.168.26 - - [06/May/2022:07:46:32 +0200] "GET /images/mini_prod/3665269184532.jpg HTTP/1.0" 200 269 "http://www.wonder-geek.com/" "Mozilla/5.0 (X11; Linux x86_64) AppleWebKit/537.36 (KHTML, like Gecko) HeadlessChrome/96.0.4664.45 Safari/537.36"
220.230.168.26 - - [06/May/2022:07:46:32 +0200] "GET /images/mini_prod/8422012213209A.jpg HTTP/1.0" 200 270 "http://www.wonder-geek.com/" "Mozilla/5.0 (X11; Linux x86_64) AppleWebKit/537.36 (KHTML, like Gecko) HeadlessChrome/96.0.4664.45 Safari/537.36"
220.230.168.26 - - [06/May/2022:07:46:32 +0200] "GET /images/mini_prod/8422059532226.jpg HTTP/1.0" 200 269 "http://www.wonder-geek.com/" "Mozilla/5.0 (X11; Linux x86_64) AppleWebKit/537.36 (KHTML, like Gecko) HeadlessChrome/96.0.4664.45 Safari/537.36"
220.230.168.26 - - [06/May/2022:07:46:32 +0200] "GET /images/mini_prod/3700572716299.jpg HTTP/1.0" 200 269 "http://www.wonder-geek.com/" "Mozilla/5.0 (X11; Linux x86_64) AppleWebKit/537.36 (KHTML, like Gecko) HeadlessChrome/96.0.4664.45 Safari/537.36"
220.230.168.26 - - [06/May/2022:07:46:32 +0200] "GET /images/mini_prod/3700281664935.jpg HTTP/1.0" 200 269 "http://www.wonder-geek.com/" "Mozilla/5.0 (X11; Linux x86_64) AppleWebKit/537.36 (KHTML, like Gecko) HeadlessChrome/96.0.4664.45 Safari/537.36"
220.230.168.26 - - [06/May/2022:07:46:32 +0200] "GET /images/mini_prod/8718375756546A.jpg HTTP/1.0" 200 270 "http://www.wonder-geek.com/" "Mozilla/5.0 (X11; Linux x86_64) AppleWebKit/537.36 (KHTML, like Gecko) HeadlessChrome/96.0.4664.45 Safari/537.36"
220.230.168.26 - - [06/May/2022:07:46:32 +0200] "GET /images/mini_prod/8718969173902.jpg HTTP/1.0" 200 269 "http://www.wonder-geek.com/" "Mozilla/5.0 (X11; Linux x86_64) AppleWebKit/537.36 (KHTML, like Gecko) HeadlessChrome/96.0.4664.45 Safari/537.36"
111.225.144.187 - - [06/May/2022:07:46:45 +0200] "GET /images/mini_prod/3453131152020.jpg HTTP/1.0" 200 269 "-" "Mozilla/5.0 (Macintosh; Intel Mac OS X 10_12_4) AppleWebKit/537.36 (KHTML, like Gecko) Chrome/58.0.3029.110 Safari/537.36"
185.191.171.3 - - [06/May/2022:07:46:54 +0200] "GET /my-first-castle-barbapapa-figurines-p-15695.html HTTP/1.0" 301 71067 "-" "Mozilla/5.0 (compatible; SemrushBot/7~bl; +http://www.semrush.com/bot.html)"
185.191.171.10 - - [06/May/2022:07:46:57 +0200] "GET /first-castle-barbapapa-figurines-p-15695.html HTTP/1.0" 200 70968 "-" "Mozilla/5.0 (compatible; SemrushBot/7~bl; +http://www.semrush.com/bot.html)"
111.225.144.145 - - [06/May/2022:07:47:00 +0200] "GET /images/mini_prod/8422088078528.jpg HTTP/1.0" 200 269 "-" "Mozilla/5.0 (Macintosh; Intel Mac OS X 10_12_4) AppleWebKit/537.36 (KHTML, like Gecko) Chrome/58.0.3029.110 Safari/537.36"
114.119.137.3 - - [06/May/2022:07:46:59 +0200] "GET /curtain-bliss-velvet-p-50740.html HTTP/1.0" 200 70904 "http://www.wonder-geek.com/curtains-lace-curtains-c-11_69.html?page=3" "Mozilla/5.0 (Linux; Android 7.0;) AppleWebKit/537.36 (KHTML, like Gecko) Mobile Safari/537.36 (compatible; PetalBot;+https://webmaster.petalsearch.com/site/petalbot)"
185.191.171.7 - - [06/May/2022:07:47:08 +0200] "GET /poster-corsica-p-43694.html HTTP/1.0" 200 70878 "-" "Mozilla/5.0 (compatible; SemrushBot/7~bl; +http://www.semrush.com/bot.html)"
185.191.171.6 - - [06/May/2022:07:47:22 +0200] "GET /spanish-flag-horizontal-p-33647.html?action=add_product HTTP/1.0" 302 476 "-" "Mozilla/5.0 (compatible; SemrushBot/7~bl; +http://www.semrush.com/bot.html)"
185.191.171.1 - - [06/May/2022:07:47:23 +0200] "GET /coconut-fibers-doormat-lily-p-56267.html HTTP/1.0" 200 74365 "-" "Mozilla/5.0 (compatible; SemrushBot/7~bl; +http://www.semrush.com/bot.html)"
111.225.144.167 - - [06/May/2022:07:47:26 +0200] "GET /images/mini_prod/8006180300413.jpg HTTP/1.0" 200 269 "-" "Mozilla/5.0 (Macintosh; Intel Mac OS X 10_12_4) AppleWebKit/537.36 (KHTML, like Gecko) Chrome/58.0.3029.110 Safari/537.36"
185.191.171.8 - - [06/May/2022:07:47:35 +0200] "GET /marley-mirror-p-7142.html HTTP/1.0" 200 73355 "-" "Mozilla/5.0 (compatible; SemrushBot/7~bl; +http://www.semrush.com/bot.html)"
185.191.171.21 - - [06/May/2022:07:48:30 +0200] "GET /mani-lucky-keychain-p-44129.html HTTP/1.0" 200 73554 "-" "Mozilla/5.0 (compatible; SemrushBot/7~bl; +http://www.semrush.com/bot.html)"
17.121.115.205 - - [06/May/2022:07:48:35 +0200] "GET /britto-bottle-stoppers-apple-p-32682.html HTTP/1.0" 200 70910 "-" "Mozilla/5.0 (Macintosh; Intel Mac OS X 10_15_5) AppleWebKit/605.1.15 (KHTML, like Gecko) Version/13.1.1 Safari/605.1.15 (Applebot/0.1; +http://www.apple.com/go/applebot)"
185.191.171.2 - - [06/May/2022:07:48:49 +0200] "GET /annabelle-bedclothes-p-55164.html HTTP/1.0" 200 74172 "-" "Mozilla/5.0 (compatible; SemrushBot/7~bl; +http://www.semrush.com/bot.html)"
213.173.103.138 - - [06/May/2022:07:49:00 +0200] "GET /images/mini_prod/1399984289549.jpg HTTP/1.0" 200 269 "-" "Mozilla/5.0 (X11; Ubuntu; Linux x86_64; rv:72.0) Gecko/20100101 Firefox/72.0"
66.249.73.134 - - [06/May/2022:07:49:29 +0200] "GET /home-and-decoration/money-boxes/wwe-batista-and-randy-orton-metal-money-box-p-13891.html HTTP/1.0" 301 70875 "-" "Mozilla/5.0 (compatible; Googlebot/2.1; +http://www.google.com/bot.html)"
66.249.73.138 - - [06/May/2022:07:49:30 +0200] "GET /-p-13891.html HTTP/1.0" 200 70808 "-" "Mozilla/5.0 (compatible; Googlebot/2.1; +http://www.google.com/bot.html)"
114.119.137.45 - - [06/May/2022:07:49:44 +0200] "GET /buddha-resin-p-38531.html HTTP/1.0" 200 70854 "-" "Mozilla/5.0 (Linux; Android 7.0;) AppleWebKit/537.36 (KHTML, like Gecko) Mobile Safari/537.36 (compatible; PetalBot;+https://webmaster.petalsearch.com/site/petalbot)"
111.225.146.222 - - [06/May/2022:07:49:50 +0200] "GET /images/mini_prod/3574642017162.jpg HTTP/1.0" 200 269 "-" "Mozilla/5.0 (Macintosh; Intel Mac OS X 10_12_4) AppleWebKit/537.36 (KHTML, like Gecko) Chrome/58.0.3029.110 Safari/537.36"
157.55.39.105 - - [06/May/2022:07:50:17 +0200] "GET /mojito-recipe-wall-sticker-p-39316.html HTTP/1.0" 301 70875 "-" "Mozilla/5.0 (compatible; bingbot/2.0; +http://www.bing.com/bingbot.htm)"
51.68.224.127 - - [06/May/2022:07:50:18 +0200] "GET /adminweb/export_orders_xml.php?token=256de2z6edz6ed2z6DFSFsed2zed6zeDSFDSGdzedezfzf&maxorders=10&orderstart=1&status=14&start_date=2018-10-01 HTTP/1.0" 200 285 "-" "GesCom CharlotteBoutik Serveur"
51.68.224.127 - - [06/May/2022:07:50:19 +0200] "GET /adminweb/export_orders_xml.php?token=256de2z6edz6ed2z6DFSFsed2zed6zeDSFDSGdzedezfzf&maxorders=10&orderstart=1&status=6&start_date=2018-10-01 HTTP/1.0" 200 32798 "-" "GesCom CharlotteBoutik Serveur"
157.55.39.101 - - [06/May/2022:07:50:23 +0200] "GET /purse-wallet-c-31_76.html HTTP/1.0" 200 91513 "-" "Mozilla/5.0 (compatible; bingbot/2.0; +http://www.bing.com/bingbot.htm)"
213.173.103.138 - - [06/May/2022:07:50:39 +0200] "GET /images/mini_prod/8011717796409.jpg HTTP/1.0" 200 269 "-" "Mozilla/5.0 (X11; Ubuntu; Linux x86_64; rv:72.0) Gecko/20100101 Firefox/72.0"
111.225.144.212 - - [06/May/2022:07:50:48 +0200] "GET /images/mini_prod/1399984259825.jpg HTTP/1.0" 200 269 "-" "Mozilla/5.0 (Macintosh; Intel Mac OS X 10_12_4) AppleWebKit/537.36 (KHTML, like Gecko) Chrome/58.0.3029.110 Safari/537.36"
185.191.171.22 - - [06/May/2022:07:50:51 +0200] "GET /metal-small-box-for-baby-teeth-green-blue-p-47098.html HTTP/1.0" 301 73800 "-" "Mozilla/5.0 (compatible; SemrushBot/7~bl; +http://www.semrush.com/bot.html)"
185.191.171.11 - - [06/May/2022:07:50:56 +0200] "GET /mtal-small-baby-teeth-green-blue-p-47098.html HTTP/1.0" 200 73701 "-" "Mozilla/5.0 (compatible; SemrushBot/7~bl; +http://www.semrush.com/bot.html)"
185.191.171.19 - - [06/May/2022:07:50:59 +0200] "GET /dishes-c-13_12.html?page=4 HTTP/1.0" 200 91494 "-" "Mozilla/5.0 (compatible; SemrushBot/7~bl; +http://www.semrush.com/bot.html)"
213.173.103.66 - - [06/May/2022:07:51:02 +0200] "GET /images/mini_prod/3453131147330.jpg HTTP/1.0" 200 269 "-" "Mozilla/5.0 (X11; Ubuntu; Linux x86_64; rv:72.0) Gecko/20100101 Firefox/72.0"
111.225.145.200 - - [06/May/2022:07:51:05 +0200] "GET /images/mini_prod/3438100333297.jpg HTTP/1.0" 200 269 "-" "Mozilla/5.0 (Macintosh; Intel Mac OS X 10_12_4) AppleWebKit/537.36 (KHTML, like Gecko) Chrome/58.0.3029.110 Safari/537.36"
185.220.101.61 - - [06/May/2022:07:51:08 +0200] "GET /contact_us.php HTTP/1.0" 200 26241 "http://www.wonder-geek.com/contact_us.php" "Mozilla/5.0 (Windows NT 10.0; WOW64) AppleWebKit/537.36 (KHTML, like Gecko) Chrome/90.0.4430.93 Safari/537.36"
185.220.101.61 - - [06/May/2022:07:51:09 +0200] "POST /contact_us.php?action=send HTTP/1.0" 200 26669 "http://www.wonder-geek.com/contact_us.php" "Mozilla/5.0 (Windows NT 10.0; WOW64) AppleWebKit/537.36 (KHTML, like Gecko) Chrome/90.0.4430.93 Safari/537.36"
185.220.101.61 - - [06/May/2022:07:51:10 +0200] "GET /contact_us.php HTTP/1.0" 200 26241 "http://www.wonder-geek.com/contact_us.php" "Mozilla/5.0 (Windows NT 10.0; WOW64) AppleWebKit/537.36 (KHTML, like Gecko) Chrome/90.0.4430.93 Safari/537.36"
5.9.61.232 - - [06/May/2022:07:51:32 +0200] "GET /robots.txt HTTP/1.0" 200 245 "-" "Mozilla/5.0 (compatible; MJ12bot/v1.4.8; http://mj12bot.com/)"
5.9.61.232 - - [06/May/2022:07:51:38 +0200] "GET /captain-haddock-of-tintin-soft-toy-p-12001.html HTTP/1.0" 301 70875 "-" "Mozilla/5.0 (compatible; MJ12bot/v1.4.8; http://mj12bot.com/)"
5.9.61.232 - - [06/May/2022:07:51:47 +0200] "GET /-p-12001.html HTTP/1.0" 200 70808 "-" "Mozilla/5.0 (compatible; MJ12bot/v1.4.8; http://mj12bot.com/)"
5.9.61.232 - - [06/May/2022:07:51:53 +0200] "GET /caribea-eyelets-sheer-curtain-p-51741.html HTTP/1.0" 301 70875 "-" "Mozilla/5.0 (compatible; MJ12bot/v1.4.8; http://mj12bot.com/)"
5.9.61.232 - - [06/May/2022:07:51:58 +0200] "GET /-p-51741.html HTTP/1.0" 200 70808 "-" "Mozilla/5.0 (compatible; MJ12bot/v1.4.8; http://mj12bot.com/)"
5.9.61.232 - - [06/May/2022:07:52:03 +0200] "GET /cars-one-sheet-poster-p-7355.html HTTP/1.0" 301 70977 "-" "Mozilla/5.0 (compatible; MJ12bot/v1.4.8; http://mj12bot.com/)"
185.191.171.9 - - [06/May/2022:07:52:05 +0200] "GET /aspect-default-barbapapa-brush-mirror-p-50356.html HTTP/1.0" 200 74216 "-" "Mozilla/5.0 (compatible; SemrushBot/7~bl; +http://www.semrush.com/bot.html)"
5.9.61.232 - - [06/May/2022:07:52:10 +0200] "GET /cars-sheet-poster-p-7355.html HTTP/1.0" 200 70894 "-" "Mozilla/5.0 (compatible; MJ12bot/v1.4.8; http://mj12bot.com/)"
185.191.171.25 - - [06/May/2022:07:52:14 +0200] "GET /iphone-silicone-shell-audiocassette-p-18939.html?action=add_product HTTP/1.0" 302 476 "-" "Mozilla/5.0 (compatible; SemrushBot/7~bl; +http://www.semrush.com/bot.html)"
5.9.61.232 - - [06/May/2022:07:52:16 +0200] "GET /cat-bay-allen-placemat-p-32832.html HTTP/1.0" 301 70875 "-" "Mozilla/5.0 (compatible; MJ12bot/v1.4.8; http://mj12bot.com/)"
111.225.144.159 - - [06/May/2022:07:52:22 +0200] "GET /images/mini_prod/3453131146241.jpg HTTP/1.0" 200 269 "-" "Mozilla/5.0 (Macintosh; Intel Mac OS X 10_12_4) AppleWebKit/537.36 (KHTML, like Gecko) Chrome/58.0.3029.110 Safari/537.36"
5.9.61.232 - - [06/May/2022:07:52:21 +0200] "GET /-p-32832.html HTTP/1.0" 200 70808 "-" "Mozilla/5.0 (compatible; MJ12bot/v1.4.8; http://mj12bot.com/)"
5.9.61.232 - - [06/May/2022:07:52:26 +0200] "GET /cat-beauty-nail-kit-p-34824.html HTTP/1.0" 301 73580 "-" "Mozilla/5.0 (compatible; MJ12bot/v1.4.8; http://mj12bot.com/)"
66.249.73.136 - - [06/May/2022:07:52:27 +0200] "GET /boho-wolf-head-plaid-130-170-cm-p-42908.html HTTP/1.0" 301 73633 "-" "Mozilla/5.0 (Linux; Android 6.0.1; Nexus 5X Build/MMB29P) AppleWebKit/537.36 (KHTML, like Gecko) Chrome/100.0.4896.127 Mobile Safari/537.36 (compatible; Googlebot/2.1; +http://www.google.com/bot.html)"
66.249.73.136 - - [06/May/2022:07:52:30 +0200] "GET /boho-wolf-head-plaid-p-42908.html HTTP/1.0" 200 73546 "-" "Mozilla/5.0 (Linux; Android 6.0.1; Nexus 5X Build/MMB29P) AppleWebKit/537.36 (KHTML, like Gecko) Chrome/100.0.4896.127 Mobile Safari/537.36 (compatible; Googlebot/2.1; +http://www.google.com/bot.html)"
5.9.61.232 - - [06/May/2022:07:52:33 +0200] "GET /beauty-nail-p-34824.html HTTP/1.0" 200 73502 "-" "Mozilla/5.0 (compatible; MJ12bot/v1.4.8; http://mj12bot.com/)"
5.9.61.232 - - [06/May/2022:07:52:40 +0200] "GET /cat-bowls-table-p-32924.html HTTP/1.0" 301 73547 "-" "Mozilla/5.0 (compatible; MJ12bot/v1.4.8; http://mj12bot.com/)"
5.9.61.232 - - [06/May/2022:07:52:46 +0200] "GET /bowls-table-p-32924.html HTTP/1.0" 200 73469 "-" "Mozilla/5.0 (compatible; MJ12bot/v1.4.8; http://mj12bot.com/)"
147.92.153.3 - - [06/May/2022:07:52:48 +0200] "GET /images/1300010237090.jpg HTTP/1.0" 200 259 "-" "Mozilla/5.0 (compatible; Linespider/1.1; +https://lin.ee/4dwXkTH)"
5.9.61.232 - - [06/May/2022:07:52:53 +0200] "GET /cat-by-allen-mug-p-25808.html HTTP/1.0" 301 70912 "-" "Mozilla/5.0 (compatible; MJ12bot/v1.4.8; http://mj12bot.com/)"
185.191.171.15 - - [06/May/2022:07:52:58 +0200] "GET /mini-trolley-p-49039.html?action=add_product HTTP/1.0" 302 476 "-" "Mozilla/5.0 (compatible; SemrushBot/7~bl; +http://www.semrush.com/bot.html)"
5.9.61.232 - - [06/May/2022:07:52:59 +0200] "GET /allen-p-25808.html HTTP/1.0" 200 70840 "-" "Mozilla/5.0 (compatible; MJ12bot/v1.4.8; http://mj12bot.com/)"
5.9.61.232 - - [06/May/2022:07:53:04 +0200] "GET /cat-candle-35-hours-black-p-42096.html HTTP/1.0" 301 73661 "-" "Mozilla/5.0 (compatible; MJ12bot/v1.4.8; http://mj12bot.com/)"
5.9.61.232 - - [06/May/2022:07:53:09 +0200] "GET /candle-hours-black-p-42096.html HTTP/1.0" 200 73576 "-" "Mozilla/5.0 (compatible; MJ12bot/v1.4.8; http://mj12bot.com/)"
185.191.171.40 - - [06/May/2022:07:53:11 +0200] "GET /retro-clock-p-55424.html HTTP/1.0" 200 73979 "-" "Mozilla/5.0 (compatible; SemrushBot/7~bl; +http://www.semrush.com/bot.html)"
5.9.61.232 - - [06/May/2022:07:53:16 +0200] "GET /cat-candlestick-p-34681.html HTTP/1.0" 301 70875 "-" "Mozilla/5.0 (compatible; MJ12bot/v1.4.8; http://mj12bot.com/)"
185.191.171.9 - - [06/May/2022:07:53:24 +0200] "GET /johnny-hallyday-mouse-p-38853.html HTTP/1.0" 200 70890 "-" "Mozilla/5.0 (compatible; SemrushBot/7~bl; +http://www.semrush.com/bot.html)"
5.9.61.232 - - [06/May/2022:07:53:24 +0200] "GET /-p-34681.html HTTP/1.0" 200 70808 "-" "Mozilla/5.0 (compatible; MJ12bot/v1.4.8; http://mj12bot.com/)"
5.9.61.232 - - [06/May/2022:07:53:35 +0200] "GET /cat-card-holder-p-28961.html HTTP/1.0" 301 70928 "-" "Mozilla/5.0 (compatible; MJ12bot/v1.4.8; http://mj12bot.com/)"
213.173.103.213 - - [06/May/2022:07:53:39 +0200] "GET /images/mini_prod/1399984240755.jpg HTTP/1.0" 200 269 "-" "Mozilla/5.0 (X11; Ubuntu; Linux x86_64; rv:72.0) Gecko/20100101 Firefox/72.0"
5.9.61.232 - - [06/May/2022:07:53:40 +0200] "GET /card-holder-p-28961.html HTTP/1.0" 200 70850 "-" "Mozilla/5.0 (compatible; MJ12bot/v1.4.8; http://mj12bot.com/)"
5.9.61.232 - - [06/May/2022:07:53:49 +0200] "GET /cat-cutting-board-p-27730.html HTTP/1.0" 301 73476 "-" "Mozilla/5.0 (compatible; MJ12bot/v1.4.8; http://mj12bot.com/)"
5.9.61.232 - - [06/May/2022:07:53:55 +0200] "GET /cutting-board-p-27730.html HTTP/1.0" 200 73396 "-" "Mozilla/5.0 (compatible; MJ12bot/v1.4.8; http://mj12bot.com/)"
5.9.61.232 - - [06/May/2022:07:54:01 +0200] "GET /cat-gentleman-cushion-removable-40-40-cm-p-32878.html HTTP/1.0" 301 70875 "-" "Mozilla/5.0 (compatible; MJ12bot/v1.4.8; http://mj12bot.com/)"
5.9.61.232 - - [06/May/2022:07:54:09 +0200] "GET /-p-32878.html HTTP/1.0" 200 70808 "-" "Mozilla/5.0 (compatible; MJ12bot/v1.4.8; http://mj12bot.com/)"
17.121.114.215 - - [06/May/2022:07:54:14 +0200] "GET /images/mini_prod/3700281647310C.jpg HTTP/1.0" 200 270 "-" "Mozilla/5.0 (Macintosh; Intel Mac OS X 10_15_5) AppleWebKit/605.1.15 (KHTML, like Gecko) Version/13.1.1 Safari/605.1.15 (Applebot/0.1; +http://www.apple.com/go/applebot)"
185.191.171.38 - - [06/May/2022:07:54:14 +0200] "GET /pineapple-vase-ceramic-19-cm-gold-p-48243.html HTTP/1.0" 301 71004 "-" "Mozilla/5.0 (compatible; SemrushBot/7~bl; +http://www.semrush.com/bot.html)"
5.9.61.232 - - [06/May/2022:07:54:14 +0200] "GET /cat-green-wastepaper-basket-p-24168.html HTTP/1.0" 301 70875 "-" "Mozilla/5.0 (compatible; MJ12bot/v1.4.8; http://mj12bot.com/)"
185.191.171.14 - - [06/May/2022:07:54:17 +0200] "GET /pineapple-vase-ceramic-gold-p-48243.html HTTP/1.0" 200 70910 "-" "Mozilla/5.0 (compatible; SemrushBot/7~bl; +http://www.semrush.com/bot.html)"
5.9.61.232 - - [06/May/2022:07:54:22 +0200] "GET /-p-24168.html HTTP/1.0" 200 70808 "-" "Mozilla/5.0 (compatible; MJ12bot/v1.4.8; http://mj12bot.com/)"
185.191.171.3 - - [06/May/2022:07:54:27 +0200] "GET /hello-kitty-capri-pants-p-30238.html HTTP/1.0" 200 74598 "-" "Mozilla/5.0 (compatible; SemrushBot/7~bl; +http://www.semrush.com/bot.html)"
5.9.61.232 - - [06/May/2022:07:54:28 +0200] "GET /cat-hung-decorative-statue-p-34670.html HTTP/1.0" 301 71010 "-" "Mozilla/5.0 (compatible; MJ12bot/v1.4.8; http://mj12bot.com/)"
111.225.145.202 - - [06/May/2022:07:54:36 +0200] "GET /images/mini_prod/1300000021722.jpg HTTP/1.0" 200 269 "-" "Mozilla/5.0 (Macintosh; Intel Mac OS X 10_12_4) AppleWebKit/537.36 (KHTML, like Gecko) Chrome/58.0.3029.110 Safari/537.36"
5.9.61.232 - - [06/May/2022:07:54:37 +0200] "GET /hung-decorative-statue-p-34670.html HTTP/1.0" 200 70921 "-" "Mozilla/5.0 (compatible; MJ12bot/v1.4.8; http://mj12bot.com/)"
5.9.61.232 - - [06/May/2022:07:54:43 +0200] "GET /cat-hung-decorative-statue-p-34672.html HTTP/1.0" 301 71010 "-" "Mozilla/5.0 (compatible; MJ12bot/v1.4.8; http://mj12bot.com/)"
5.9.61.232 - - [06/May/2022:07:54:49 +0200] "GET /hung-decorative-statue-p-34672.html HTTP/1.0" 200 70921 "-" "Mozilla/5.0 (compatible; MJ12bot/v1.4.8; http://mj12bot.com/)"
142.4.219.64 - - [06/May/2022:07:54:55 +0200] "GET /robots.txt HTTP/1.0" 200 245 "-" "Mozilla/5.0 (compatible; MJ12bot/v1.4.8; http://mj12bot.com/)"
5.9.61.232 - - [06/May/2022:07:54:54 +0200] "GET /cat-set-cups-espresso-p-31391.html HTTP/1.0" 301 70875 "-" "Mozilla/5.0 (compatible; MJ12bot/v1.4.8; http://mj12bot.com/)"
185.191.171.42 - - [06/May/2022:07:54:57 +0200] "GET /paris-tour-eiffel-signature-by-cbkreationcushion-p-17245.html HTTP/1.0" 301 70875 "-" "Mozilla/5.0 (compatible; SemrushBot/7~bl; +http://www.semrush.com/bot.html)"
111.225.144.154 - - [06/May/2022:07:54:59 +0200] "GET /images/mini_prod/5415203956408.jpg HTTP/1.0" 200 269 "-" "Mozilla/5.0 (Macintosh; Intel Mac OS X 10_12_4) AppleWebKit/537.36 (KHTML, like Gecko) Chrome/58.0.3029.110 Safari/537.36"
142.4.219.64 - - [06/May/2022:07:54:58 +0200] "GET /archangel-gabriel-prayer-candle-p-44314.html HTTP/1.0" 200 74310 "-" "Mozilla/5.0 (compatible; MJ12bot/v1.4.8; http://mj12bot.com/)"
5.9.61.232 - - [06/May/2022:07:54:59 +0200] "GET /-p-31391.html HTTP/1.0" 200 70808 "-" "Mozilla/5.0 (compatible; MJ12bot/v1.4.8; http://mj12bot.com/)"
185.191.171.11 - - [06/May/2022:07:55:01 +0200] "GET /-p-17245.html HTTP/1.0" 200 70808 "-" "Mozilla/5.0 (compatible; SemrushBot/7~bl; +http://www.semrush.com/bot.html)"
77.88.5.208 - - [06/May/2022:07:55:01 +0200] "GET /citron-miniature-vehicle-p-41830.html HTTP/1.0" 200 73502 "-" "Mozilla/5.0 (compatible; YandexBot/3.0; +http://yandex.com/bots)"
142.4.219.64 - - [06/May/2022:07:55:03 +0200] "GET /aromatic-stearin-candle-hours-chakra-p-39493.html HTTP/1.0" 200 75774 "-" "Mozilla/5.0 (compatible; MJ12bot/v1.4.8; http://mj12bot.com/)"
142.4.219.64 - - [06/May/2022:07:55:07 +0200] "GET /aromatic-stearin-candle-hours-chakras-p-39495.html HTTP/1.0" 200 75738 "-" "Mozilla/5.0 (compatible; MJ12bot/v1.4.8; http://mj12bot.com/)"
5.9.61.232 - - [06/May/2022:07:55:07 +0200] "GET /cat-statue-17-cm-p-42284.html HTTP/1.0" 301 70932 "-" "Mozilla/5.0 (compatible; MJ12bot/v1.4.8; http://mj12bot.com/)"
142.4.219.64 - - [06/May/2022:07:55:10 +0200] "GET /candle-made-france-hours-amber-p-43874.html HTTP/1.0" 200 73540 "-" "Mozilla/5.0 (compatible; MJ12bot/v1.4.8; http://mj12bot.com/)"
77.88.5.208 - - [06/May/2022:07:55:11 +0200] "GET /cactus-salt-pepper-shakers-p-52313.html HTTP/1.0" 200 70910 "-" "Mozilla/5.0 (compatible; YandexBot/3.0; +http://yandex.com/bots)"
5.9.61.232 - - [06/May/2022:07:55:14 +0200] "GET /statue-p-42284.html HTTP/1.0" 200 70859 "-" "Mozilla/5.0 (compatible; MJ12bot/v1.4.8; http://mj12bot.com/)"
142.4.219.64 - - [06/May/2022:07:55:14 +0200] "GET /candle-made-france-hours-patchouli-p-43864.html HTTP/1.0" 200 73560 "-" "Mozilla/5.0 (compatible; MJ12bot/v1.4.8; http://mj12bot.com/)"
142.4.219.64 - - [06/May/2022:07:55:18 +0200] "GET /flower-life-chakra-pyramid-with-crystal-point-p-54365.html HTTP/1.0" 200 75237 "-" "Mozilla/5.0 (compatible; MJ12bot/v1.4.8; http://mj12bot.com/)"
5.9.61.232 - - [06/May/2022:07:55:20 +0200] "GET /cat-tisaniere-with-metal-infuser-mod-p-36531.html HTTP/1.0" 301 71067 "-" "Mozilla/5.0 (compatible; MJ12bot/v1.4.8; http://mj12bot.com/)"
142.4.219.64 - - [06/May/2022:07:55:22 +0200] "GET /fragrances-ambiance-c-231.html?page=48 HTTP/1.0" 200 92923 "-" "Mozilla/5.0 (compatible; MJ12bot/v1.4.8; http://mj12bot.com/)"
142.4.219.64 - - [06/May/2022:07:55:26 +0200] "GET /fragrances-ambiance-c-231.html?page=49 HTTP/1.0" 200 80226 "-" "Mozilla/5.0 (compatible; MJ12bot/v1.4.8; http://mj12bot.com/)"
5.9.61.232 - - [06/May/2022:07:55:28 +0200] "GET /tisanire-with-metal-infuser-p-36531.html HTTP/1.0" 200 70973 "-" "Mozilla/5.0 (compatible; MJ12bot/v1.4.8; http://mj12bot.com/)"
142.4.219.64 - - [06/May/2022:07:55:31 +0200] "GET /incense-lphant-rose-maharani-p-42041.html HTTP/1.0" 200 73844 "-" "Mozilla/5.0 (compatible; MJ12bot/v1.4.8; http://mj12bot.com/)"
142.4.219.64 - - [06/May/2022:07:55:35 +0200] "GET /incense-satya-champa-agarbatti-grams-about-sticks-p-39488.html HTTP/1.0" 200 74107 "-" "Mozilla/5.0 (compatible; MJ12bot/v1.4.8; http://mj12bot.com/)"
5.9.61.232 - - [06/May/2022:07:55:36 +0200] "GET /cats-and-cactus-bread-bag-69-27-cm-p-45577.html HTTP/1.0" 301 70988 "-" "Mozilla/5.0 (compatible; MJ12bot/v1.4.8; http://mj12bot.com/)"
111.225.144.166 - - [06/May/2022:07:55:38 +0200] "GET /images/mini_prod/9316188070218.jpg HTTP/1.0" 200 269 "-" "Mozilla/5.0 (Macintosh; Intel Mac OS X 10_12_4) AppleWebKit/537.36 (KHTML, like Gecko) Chrome/58.0.3029.110 Safari/537.36"
142.4.219.64 - - [06/May/2022:07:55:40 +0200] "GET /incense-stick-holder-ganesh-engraved-wood-p-43195.html HTTP/1.0" 200 73866 "-" "Mozilla/5.0 (compatible; MJ12bot/v1.4.8; http://mj12bot.com/)"
5.9.61.232 - - [06/May/2022:07:55:43 +0200] "GET /cats-cactus-bread-p-45577.html HTTP/1.0" 200 70904 "-" "Mozilla/5.0 (compatible; MJ12bot/v1.4.8; http://mj12bot.com/)"
142.4.219.64 - - [06/May/2022:07:55:43 +0200] "GET /incense-sticks-burner-storage-tree-life-p-42834.html HTTP/1.0" 200 74595 "-" "Mozilla/5.0 (compatible; MJ12bot/v1.4.8; http://mj12bot.com/)"
142.4.219.64 - - [06/May/2022:07:55:48 +0200] "GET /miraculous-virgin-prayer-candle-novena-p-44455.html HTTP/1.0" 200 74323 "-" "Mozilla/5.0 (compatible; MJ12bot/v1.4.8; http://mj12bot.com/)"
185.191.171.2 - - [06/May/2022:07:55:50 +0200] "GET /olaf-placemat-p-31706.html?action=add_product HTTP/1.0" 302 476 "-" "Mozilla/5.0 (compatible; SemrushBot/7~bl; +http://www.semrush.com/bot.html)"
185.191.171.35 - - [06/May/2022:07:55:51 +0200] "GET /robots.txt HTTP/1.0" 200 245 "-" "Mozilla/5.0 (compatible; SemrushBot/7~bl; +http://www.semrush.com/bot.html)"
5.9.61.232 - - [06/May/2022:07:55:51 +0200] "GET /cats-and-flowers-large-glass-sold-individually-p-45627.html HTTP/1.0" 301 71087 "-" "Mozilla/5.0 (compatible; MJ12bot/v1.4.8; http://mj12bot.com/)"
5.9.61.232 - - [06/May/2022:07:55:59 +0200] "GET /cats-flowers-large-glass-sold-individually-p-45627.html HTTP/1.0" 200 70978 "-" "Mozilla/5.0 (compatible; MJ12bot/v1.4.8; http://mj12bot.com/)"
185.191.171.12 - - [06/May/2022:07:55:59 +0200] "GET /-p-19550.html?action=add_product HTTP/1.0" 302 476 "-" "Mozilla/5.0 (compatible; SemrushBot/7~bl; +http://www.semrush.com/bot.html)"
5.9.61.232 - - [06/May/2022:07:56:06 +0200] "GET /cats-and-flowers-potholder-and-glove-set-p-45527.html HTTP/1.0" 301 71029 "-" "Mozilla/5.0 (compatible; MJ12bot/v1.4.8; http://mj12bot.com/)"
5.9.61.232 - - [06/May/2022:07:56:15 +0200] "GET /cats-flowers-potholder-glove-p-45527.html HTTP/1.0" 200 70934 "-" "Mozilla/5.0 (compatible; MJ12bot/v1.4.8; http://mj12bot.com/)"
185.191.171.45 - - [06/May/2022:07:56:16 +0200] "GET /keyboard-cube-p-24899.html HTTP/1.0" 200 73415 "-" "Mozilla/5.0 (compatible; SemrushBot/7~bl; +http://www.semrush.com/bot.html)"
5.9.61.232 - - [06/May/2022:07:56:23 +0200] "GET /cats-and-stars-ashtray-p-34969.html HTTP/1.0" 301 70875 "-" "Mozilla/5.0 (compatible; MJ12bot/v1.4.8; http://mj12bot.com/)"
185.191.171.14 - - [06/May/2022:07:56:27 +0200] "GET /plants-wall-sticker-p-51880.html HTTP/1.0" 200 74051 "-" "Mozilla/5.0 (compatible; SemrushBot/7~bl; +http://www.semrush.com/bot.html)"
5.9.61.232 - - [06/May/2022:07:56:28 +0200] "GET /-p-34969.html HTTP/1.0" 200 70808 "-" "Mozilla/5.0 (compatible; MJ12bot/v1.4.8; http://mj12bot.com/)"
111.225.144.240 - - [06/May/2022:07:56:31 +0200] "GET /images/mini_prod/3503420956553.jpg HTTP/1.0" 200 269 "-" "Mozilla/5.0 (Macintosh; Intel Mac OS X 10_12_4) AppleWebKit/537.36 (KHTML, like Gecko) Chrome/58.0.3029.110 Safari/537.36"
5.9.61.232 - - [06/May/2022:07:56:35 +0200] "GET /cats-and-surf-small-mini-tray-p-45581.html HTTP/1.0" 301 70998 "-" "Mozilla/5.0 (compatible; MJ12bot/v1.4.8; http://mj12bot.com/)"
5.9.61.232 - - [06/May/2022:07:56:43 +0200] "GET /cats-surf-small-mini-tray-p-45581.html HTTP/1.0" 200 70906 "-" "Mozilla/5.0 (compatible; MJ12bot/v1.4.8; http://mj12bot.com/)"
157.55.39.172 - - [06/May/2022:07:56:45 +0200] "GET /christmas-tree-ornament-christmas-balls-c-13_271.html HTTP/1.0" 200 91572 "-" "Mozilla/5.0 (compatible; bingbot/2.0; +http://www.bing.com/bingbot.htm)"
5.9.61.232 - - [06/May/2022:07:56:48 +0200] "GET /cats-by-dubout-bowl-p-32433.html HTTP/1.0" 301 70875 "-" "Mozilla/5.0 (compatible; MJ12bot/v1.4.8; http://mj12bot.com/)"
5.9.61.232 - - [06/May/2022:07:56:55 +0200] "GET /-p-32433.html HTTP/1.0" 200 70808 "-" "Mozilla/5.0 (compatible; MJ12bot/v1.4.8; http://mj12bot.com/)"
5.9.61.232 - - [06/May/2022:07:57:02 +0200] "GET /cats-by-dubout-figurine-siesta-p-33345.html HTTP/1.0" 301 74015 "-" "Mozilla/5.0 (compatible; MJ12bot/v1.4.8; http://mj12bot.com/)"
5.9.61.232 - - [06/May/2022:07:57:07 +0200] "GET /cats-dubout-figurine-siesta-p-33345.html HTTP/1.0" 200 73921 "-" "Mozilla/5.0 (compatible; MJ12bot/v1.4.8; http://mj12bot.com/)"
213.173.103.213 - - [06/May/2022:07:57:09 +0200] "GET /images/med_prod/8435107823979.jpg HTTP/1.0" 200 268 "-" "Mozilla/5.0 (X11; Ubuntu; Linux x86_64; rv:72.0) Gecko/20100101 Firefox/72.0"
185.191.171.8 - - [06/May/2022:07:57:12 +0200] "GET /japanese-green-cast-iron-teapot-liter-p-54893.html?action=add_product HTTP/1.0" 302 476 "-" "Mozilla/5.0 (compatible; SemrushBot/7~bl; +http://www.semrush.com/bot.html)"
66.249.73.134 - - [06/May/2022:07:57:13 +0200] "GET /beautiful-babushka-by-kimmidoll-black-notebook-p-33221.html HTTP/1.0" 301 73848 "-" "Mozilla/5.0 (Linux; Android 6.0.1; Nexus 5X Build/MMB29P) AppleWebKit/537.36 (KHTML, like Gecko) Chrome/100.0.4896.127 Mobile Safari/537.36 (compatible; Googlebot/2.1; +http://www.google.com/bot.html)"
66.249.73.138 - - [06/May/2022:07:57:15 +0200] "GET /beautiful-babushka-kimmidoll-black-notebook-p-33221.html HTTP/1.0" 200 73738 "-" "Mozilla/5.0 (Linux; Android 6.0.1; Nexus 5X Build/MMB29P) AppleWebKit/537.36 (KHTML, like Gecko) Chrome/100.0.4896.127 Mobile Safari/537.36 (compatible; Googlebot/2.1; +http://www.google.com/bot.html)"
5.9.61.232 - - [06/May/2022:07:57:15 +0200] "GET /games-and-toys/toys/plus-plus-220-pieces-p-27434.html HTTP/1.0" 301 70875 "-" "Mozilla/5.0 (compatible; MJ12bot/v1.4.8; http://mj12bot.com/)"
5.9.61.232 - - [06/May/2022:07:57:20 +0200] "GET /-p-27434.html HTTP/1.0" 200 70808 "-" "Mozilla/5.0 (compatible; MJ12bot/v1.4.8; http://mj12bot.com/)"
5.9.61.232 - - [06/May/2022:07:57:26 +0200] "GET /games-and-toys/toys/plus-plus-480-pieces-p-27430.html HTTP/1.0" 301 70875 "-" "Mozilla/5.0 (compatible; MJ12bot/v1.4.8; http://mj12bot.com/)"
5.9.61.232 - - [06/May/2022:07:57:32 +0200] "GET /-p-27430.html HTTP/1.0" 200 70808 "-" "Mozilla/5.0 (compatible; MJ12bot/v1.4.8; http://mj12bot.com/)"
5.9.61.232 - - [06/May/2022:07:57:37 +0200] "GET /games-and-toys/toys/plus-plus-600-pieces-pastel-set-p-19754.html HTTP/1.0" 301 70875 "-" "Mozilla/5.0 (compatible; MJ12bot/v1.4.8; http://mj12bot.com/)"
5.9.61.232 - - [06/May/2022:07:57:43 +0200] "GET /-p-19754.html HTTP/1.0" 200 70808 "-" "Mozilla/5.0 (compatible; MJ12bot/v1.4.8; http://mj12bot.com/)"
5.9.61.232 - - [06/May/2022:07:57:54 +0200] "GET /games-and-toys/toys/plus-plus-psg-280-pieces-p-27439.html HTTP/1.0" 301 71007 "-" "Mozilla/5.0 (compatible; MJ12bot/v1.4.8; http://mj12bot.com/)"
111.225.145.219 - - [06/May/2022:07:57:56 +0200] "GET /images/mini_prod/1300000030021.jpg HTTP/1.0" 200 269 "-" "Mozilla/5.0 (Macintosh; Intel Mac OS X 10_12_4) AppleWebKit/537.36 (KHTML, like Gecko) Chrome/58.0.3029.110 Safari/537.36"
47.254.65.120 - - [06/May/2022:07:58:02 +0200] "GET /images/mini_prod/1384010182178.jpg HTTP/1.0" 200 269 "-" "Mozilla/5.0 (X11; Ubuntu; Linux x86_64; rv:72.0) Gecko/20100101 Firefox/72.0"
5.9.61.232 - - [06/May/2022:07:58:03 +0200] "GET /plus-plus-pieces-p-27439.html HTTP/1.0" 200 70924 "-" "Mozilla/5.0 (compatible; MJ12bot/v1.4.8; http://mj12bot.com/)"
185.191.171.6 - - [06/May/2022:07:58:03 +0200] "GET /horses-dreams-stationery-p-28608.html?action=add_product HTTP/1.0" 302 476 "-" "Mozilla/5.0 (compatible; SemrushBot/7~bl; +http://www.semrush.com/bot.html)"
185.191.171.6 - - [06/May/2022:07:58:08 +0200] "GET /candy-cloud-bamboo-cup-bella-p-49784.html HTTP/1.0" 301 70973 "-" "Mozilla/5.0 (compatible; SemrushBot/7~bl; +http://www.semrush.com/bot.html)"
5.9.61.232 - - [06/May/2022:07:58:12 +0200] "GET /games-and-toys/toys/plus-plus-set-p-19768.html HTTP/1.0" 301 70875 "-" "Mozilla/5.0 (compatible; MJ12bot/v1.4.8; http://mj12bot.com/)"
185.191.171.42 - - [06/May/2022:07:58:12 +0200] "GET /candy-cloud-bamboo-bella-p-49784.html HTTP/1.0" 200 70882 "-" "Mozilla/5.0 (compatible; SemrushBot/7~bl; +http://www.semrush.com/bot.html)"
5.9.61.232 - - [06/May/2022:07:58:22 +0200] "GET /-p-19768.html HTTP/1.0" 200 70808 "-" "Mozilla/5.0 (compatible; MJ12bot/v1.4.8; http://mj12bot.com/)"
111.225.144.204 - - [06/May/2022:07:58:28 +0200] "GET /images/mini_prod/3609810061910.jpg HTTP/1.0" 200 269 "-" "Mozilla/5.0 (Macintosh; Intel Mac OS X 10_12_4) AppleWebKit/537.36 (KHTML, like Gecko) Chrome/58.0.3029.110 Safari/537.36"
5.9.61.232 - - [06/May/2022:07:58:32 +0200] "GET /games-and-toys/toys/potate-head-safari-p-22198.html HTTP/1.0" 301 70983 "-" "Mozilla/5.0 (compatible; MJ12bot/v1.4.8; http://mj12bot.com/)"
111.225.144.176 - - [06/May/2022:07:58:39 +0200] "GET /images/mini_prod/3503420074585.jpg HTTP/1.0" 200 269 "-" "Mozilla/5.0 (Macintosh; Intel Mac OS X 10_12_4) AppleWebKit/537.36 (KHTML, like Gecko) Chrome/58.0.3029.110 Safari/537.36"
5.9.61.232 - - [06/May/2022:07:58:38 +0200] "GET /potate-head-safari-p-22198.html HTTP/1.0" 200 70898 "-" "Mozilla/5.0 (compatible; MJ12bot/v1.4.8; http://mj12bot.com/)"
185.191.171.21 - - [06/May/2022:07:58:45 +0200] "GET /galileo-thermometer-indoors-p-53641.html?action=add_product HTTP/1.0" 302 476 "-" "Mozilla/5.0 (compatible; SemrushBot/7~bl; +http://www.semrush.com/bot.html)"
213.173.103.138 - - [06/May/2022:07:58:48 +0200] "GET /images/mini_prod/8719497617470.jpg HTTP/1.0" 200 269 "-" "Mozilla/5.0 (X11; Ubuntu; Linux x86_64; rv:72.0) Gecko/20100101 Firefox/72.0"
5.9.61.232 - - [06/May/2022:07:58:46 +0200] "GET /games-and-toys/toys/robocar-poli-marine-miniature-vehicle-p-27998.html HTTP/1.0" 301 70980 "-" "Mozilla/5.0 (compatible; MJ12bot/v1.4.8; http://mj12bot.com/)"
5.9.61.232 - - [06/May/2022:07:58:51 +0200] "GET /robocar-poli-mini-p-27998.html HTTP/1.0" 200 70896 "-" "Mozilla/5.0 (compatible; MJ12bot/v1.4.8; http://mj12bot.com/)"
5.9.61.232 - - [06/May/2022:07:59:01 +0200] "GET /games-and-toys/toys/robocar-poli-micky-miniature-vehicle-p-27987.html HTTP/1.0" 301 70875 "-" "Mozilla/5.0 (compatible; MJ12bot/v1.4.8; http://mj12bot.com/)"
5.9.61.232 - - [06/May/2022:07:59:06 +0200] "GET /-p-27987.html HTTP/1.0" 200 70808 "-" "Mozilla/5.0 (compatible; MJ12bot/v1.4.8; http://mj12bot.com/)"
5.9.61.232 - - [06/May/2022:07:59:14 +0200] "GET /games-and-toys/toys/rudy-miniature-vehicle-p-28001.html HTTP/1.0" 301 70875 "-" "Mozilla/5.0 (compatible; MJ12bot/v1.4.8; http://mj12bot.com/)"
5.9.61.232 - - [06/May/2022:07:59:22 +0200] "GET /-p-28001.html HTTP/1.0" 200 70808 "-" "Mozilla/5.0 (compatible; MJ12bot/v1.4.8; http://mj12bot.com/)"
5.9.61.232 - - [06/May/2022:07:59:29 +0200] "GET /games-and-toys/toys/set-sticks-modeling-clay-playdoh-p-21534.html HTTP/1.0" 301 70875 "-" "Mozilla/5.0 (compatible; MJ12bot/v1.4.8; http://mj12bot.com/)"
5.9.61.232 - - [06/May/2022:07:59:33 +0200] "GET /-p-21534.html HTTP/1.0" 200 70808 "-" "Mozilla/5.0 (compatible; MJ12bot/v1.4.8; http://mj12bot.com/)"
5.9.61.232 - - [06/May/2022:07:59:38 +0200] "GET /games-and-toys/toys/spiderman-articulate-figurine-p-27711.html HTTP/1.0" 301 70875 "-" "Mozilla/5.0 (compatible; MJ12bot/v1.4.8; http://mj12bot.com/)"
5.9.61.232 - - [06/May/2022:07:59:44 +0200] "GET /-p-27711.html HTTP/1.0" 200 70808 "-" "Mozilla/5.0 (compatible; MJ12bot/v1.4.8; http://mj12bot.com/)"
185.191.171.22 - - [06/May/2022:07:59:50 +0200] "GET /placemat-little-prince-p-56258.html?action=add_product HTTP/1.0" 302 476 "-" "Mozilla/5.0 (compatible; SemrushBot/7~bl; +http://www.semrush.com/bot.html)"
5.9.61.232 - - [06/May/2022:07:59:54 +0200] "GET /games-and-toys/toys/spiderman-electro-spider-strike-p-25295.html HTTP/1.0" 301 70875 "-" "Mozilla/5.0 (compatible; MJ12bot/v1.4.8; http://mj12bot.com/)"
5.9.61.232 - - [06/May/2022:08:00:01 +0200] "GET /-p-25295.html HTTP/1.0" 200 70808 "-" "Mozilla/5.0 (compatible; MJ12bot/v1.4.8; http://mj12bot.com/)"
5.9.61.232 - - [06/May/2022:08:00:07 +0200] "GET /games-and-toys/toys/spiderman-spider-strike-p-25292.html HTTP/1.0" 301 70875 "-" "Mozilla/5.0 (compatible; MJ12bot/v1.4.8; http://mj12bot.com/)"
5.9.61.232 - - [06/May/2022:08:00:13 +0200] "GET /-p-25292.html HTTP/1.0" 200 70808 "-" "Mozilla/5.0 (compatible; MJ12bot/v1.4.8; http://mj12bot.com/)"
111.225.144.225 - - [06/May/2022:08:00:17 +0200] "GET /images/mini_prod/3609810063686.jpg HTTP/1.0" 200 269 "-" "Mozilla/5.0 (Macintosh; Intel Mac OS X 10_12_4) AppleWebKit/537.36 (KHTML, like Gecko) Chrome/58.0.3029.110 Safari/537.36"
5.9.61.232 - - [06/May/2022:08:00:20 +0200] "GET /games-and-toys/toys/spiderman-spider-strike-p-25293.html HTTP/1.0" 301 70875 "-" "Mozilla/5.0 (compatible; MJ12bot/v1.4.8; http://mj12bot.com/)"
5.9.61.232 - - [06/May/2022:08:00:24 +0200] "GET /-p-25293.html HTTP/1.0" 200 70808 "-" "Mozilla/5.0 (compatible; MJ12bot/v1.4.8; http://mj12bot.com/)"
114.119.137.3 - - [06/May/2022:08:00:30 +0200] "GET /images/mini_prod/3520071653105.jpg HTTP/1.0" 200 269 "-" "Mozilla/5.0 (Linux; Android 7.0;) AppleWebKit/537.36 (KHTML, like Gecko) Mobile Safari/537.36 (compatible; PetalBot;+https://webmaster.petalsearch.com/site/petalbot)"
5.9.61.232 - - [06/May/2022:08:00:29 +0200] "GET /games-and-toys/toys/spiderman-strike-vehicle-p-24868.html HTTP/1.0" 301 70875 "-" "Mozilla/5.0 (compatible; MJ12bot/v1.4.8; http://mj12bot.com/)"
5.9.61.232 - - [06/May/2022:08:00:32 +0200] "GET /-p-24868.html HTTP/1.0" 200 70808 "-" "Mozilla/5.0 (compatible; MJ12bot/v1.4.8; http://mj12bot.com/)"
5.9.61.232 - - [06/May/2022:08:00:35 +0200] "GET /games-and-toys/toys/star-wars-vehicle-class-p-24841.html HTTP/1.0" 301 70875 "-" "Mozilla/5.0 (compatible; MJ12bot/v1.4.8; http://mj12bot.com/)"
185.191.171.43 - - [06/May/2022:08:00:37 +0200] "GET /despicable-mirror-p-32542.html?action=add_product HTTP/1.0" 302 476 "-" "Mozilla/5.0 (compatible; SemrushBot/7~bl; +http://www.semrush.com/bot.html)"
5.9.61.232 - - [06/May/2022:08:00:38 +0200] "GET /-p-24841.html HTTP/1.0" 200 70808 "-" "Mozilla/5.0 (compatible; MJ12bot/v1.4.8; http://mj12bot.com/)"
5.9.61.232 - - [06/May/2022:08:00:43 +0200] "GET /games-and-toys/toys/storage-vehicles-robocar-poli-p-28007.html HTTP/1.0" 301 70875 "-" "Mozilla/5.0 (compatible; MJ12bot/v1.4.8; http://mj12bot.com/)"
5.9.61.232 - - [06/May/2022:08:00:47 +0200] "GET /-p-28007.html HTTP/1.0" 200 70808 "-" "Mozilla/5.0 (compatible; MJ12bot/v1.4.8; http://mj12bot.com/)"
5.9.61.232 - - [06/May/2022:08:00:50 +0200] "GET /games-and-toys/toys/stormtrooper-big-figure-p-27758.html HTTP/1.0" 301 71010 "-" "Mozilla/5.0 (compatible; MJ12bot/v1.4.8; http://mj12bot.com/)"
111.225.146.235 - - [06/May/2022:08:00:53 +0200] "GET /images/mini_prod/8433933142332.jpg HTTP/1.0" 200 269 "-" "Mozilla/5.0 (Macintosh; Intel Mac OS X 10_12_4) AppleWebKit/537.36 (KHTML, like Gecko) Chrome/58.0.3029.110 Safari/537.36"
5.9.61.232 - - [06/May/2022:08:00:55 +0200] "GET /stormtrooper-figure-p-27758.html HTTP/1.0" 200 70924 "-" "Mozilla/5.0 (compatible; MJ12bot/v1.4.8; http://mj12bot.com/)"
5.9.61.232 - - [06/May/2022:08:00:58 +0200] "GET /games-and-toys/toys/superset-playmobil-vet-clinic-p-21327.html HTTP/1.0" 301 70875 "-" "Mozilla/5.0 (compatible; MJ12bot/v1.4.8; http://mj12bot.com/)"
5.9.61.232 - - [06/May/2022:08:01:02 +0200] "GET /-p-21327.html HTTP/1.0" 200 70808 "-" "Mozilla/5.0 (compatible; MJ12bot/v1.4.8; http://mj12bot.com/)"
5.9.61.232 - - [06/May/2022:08:01:06 +0200] "GET /games-and-toys/toys/sword-bilbo-baggins-p-19403.html HTTP/1.0" 301 70875 "-" "Mozilla/5.0 (compatible; MJ12bot/v1.4.8; http://mj12bot.com/)"
5.9.61.232 - - [06/May/2022:08:01:09 +0200] "GET /-p-19403.html HTTP/1.0" 200 70808 "-" "Mozilla/5.0 (compatible; MJ12bot/v1.4.8; http://mj12bot.com/)"
5.9.61.232 - - [06/May/2022:08:01:13 +0200] "GET /games-and-toys/toys/thor-avengers-figure-p-25286.html HTTP/1.0" 301 70875 "-" "Mozilla/5.0 (compatible; MJ12bot/v1.4.8; http://mj12bot.com/)"
185.191.171.24 - - [06/May/2022:08:01:15 +0200] "GET /betty-boop-metal-ashtray-biker-p-36139.html HTTP/1.0" 301 73631 "-" "Mozilla/5.0 (compatible; SemrushBot/7~bl; +http://www.semrush.com/bot.html)"
5.9.61.232 - - [06/May/2022:08:01:17 +0200] "GET /-p-25286.html HTTP/1.0" 200 70808 "-" "Mozilla/5.0 (compatible; MJ12bot/v1.4.8; http://mj12bot.com/)"
185.191.171.1 - - [06/May/2022:08:01:18 +0200] "GET /betty-boop-mtal-ashtray-biker-p-36139.html HTTP/1.0" 200 73535 "-" "Mozilla/5.0 (compatible; SemrushBot/7~bl; +http://www.semrush.com/bot.html)"
5.9.61.232 - - [06/May/2022:08:01:21 +0200] "GET /games-and-toys/toys/transformers-autobot-bulkhead-figure-p-25300.html HTTP/1.0" 301 70875 "-" "Mozilla/5.0 (compatible; MJ12bot/v1.4.8; http://mj12bot.com/)"
185.191.171.3 - - [06/May/2022:08:01:22 +0200] "GET /glass-cutting-board-by-cbkreation-p-51347.html HTTP/1.0" 301 73611 "-" "Mozilla/5.0 (compatible; SemrushBot/7~bl; +http://www.semrush.com/bot.html)"
5.9.61.232 - - [06/May/2022:08:01:24 +0200] "GET /-p-25300.html HTTP/1.0" 200 70808 "-" "Mozilla/5.0 (compatible; MJ12bot/v1.4.8; http://mj12bot.com/)"
185.191.171.12 - - [06/May/2022:08:01:27 +0200] "GET /glass-cutting-board-cbkreation-p-51347.html HTTP/1.0" 200 73514 "-" "Mozilla/5.0 (compatible; SemrushBot/7~bl; +http://www.semrush.com/bot.html)"
5.9.61.232 - - [06/May/2022:08:01:28 +0200] "GET /geek-sports-bag-p-21042.html HTTP/1.0" 301 70875 "-" "Mozilla/5.0 (compatible; MJ12bot/v1.4.8; http://mj12bot.com/)"
5.9.61.232 - - [06/May/2022:08:01:31 +0200] "GET /-p-21042.html HTTP/1.0" 200 70808 "-" "Mozilla/5.0 (compatible; MJ12bot/v1.4.8; http://mj12bot.com/)"
5.9.61.232 - - [06/May/2022:08:01:35 +0200] "GET /geisha-metal-mat-keychain-cbkreation-p-23494.html HTTP/1.0" 301 75134 "-" "Mozilla/5.0 (compatible; MJ12bot/v1.4.8; http://mj12bot.com/)"
111.225.144.179 - - [06/May/2022:08:01:38 +0200] "GET /images/mini_prod/1384010191675.jpg HTTP/1.0" 200 269 "-" "Mozilla/5.0 (Macintosh; Intel Mac OS X 10_12_4) AppleWebKit/537.36 (KHTML, like Gecko) Chrome/58.0.3029.110 Safari/537.36"
5.9.61.232 - - [06/May/2022:08:01:39 +0200] "GET /geisha-metal-keychain-cbkreation-p-23494.html HTTP/1.0" 200 75035 "-" "Mozilla/5.0 (compatible; MJ12bot/v1.4.8; http://mj12bot.com/)"
5.9.61.232 - - [06/May/2022:08:01:42 +0200] "GET /geisha-metal-mat-keychain-cbkreation-p-23495.html HTTP/1.0" 301 75134 "-" "Mozilla/5.0 (compatible; MJ12bot/v1.4.8; http://mj12bot.com/)"
5.9.61.232 - - [06/May/2022:08:01:50 +0200] "GET /geisha-metal-keychain-cbkreation-p-23495.html HTTP/1.0" 200 75035 "-" "Mozilla/5.0 (compatible; MJ12bot/v1.4.8; http://mj12bot.com/)"
111.225.145.229 - - [06/May/2022:08:02:00 +0200] "GET /images/mini_prod/1399984266236.jpg HTTP/1.0" 200 269 "-" "Mozilla/5.0 (Macintosh; Intel Mac OS X 10_12_4) AppleWebKit/537.36 (KHTML, like Gecko) Chrome/58.0.3029.110 Safari/537.36"
5.9.61.232 - - [06/May/2022:08:01:59 +0200] "GET /geisha-metal-mat-keychain-p-23494.html HTTP/1.0" 301 75134 "-" "Mozilla/5.0 (compatible; MJ12bot/v1.4.8; http://mj12bot.com/)"
111.225.145.207 - - [06/May/2022:08:02:02 +0200] "GET /images/mini_prod/3520071724584.jpg HTTP/1.0" 200 269 "-" "Mozilla/5.0 (Macintosh; Intel Mac OS X 10_12_4) AppleWebKit/537.36 (KHTML, like Gecko) Chrome/58.0.3029.110 Safari/537.36"
5.9.61.232 - - [06/May/2022:08:02:07 +0200] "GET /geisha-metal-keychain-cbkreation-p-23494.html HTTP/1.0" 200 75035 "-" "Mozilla/5.0 (compatible; MJ12bot/v1.4.8; http://mj12bot.com/)"
185.191.171.18 - - [06/May/2022:08:02:15 +0200] "GET /butterfly-blue-hoodies-p-31776.html HTTP/1.0" 200 76204 "-" "Mozilla/5.0 (compatible; SemrushBot/7~bl; +http://www.semrush.com/bot.html)"
5.9.61.232 - - [06/May/2022:08:02:17 +0200] "GET /geisha-metal-mat-keychain-p-23495.html HTTP/1.0" 301 75134 "-" "Mozilla/5.0 (compatible; MJ12bot/v1.4.8; http://mj12bot.com/)"
77.88.5.237 - - [06/May/2022:08:02:16 +0200] "GET /beyblade-swimsuit-p-30448.html HTTP/1.0" 200 75163 "-" "Mozilla/5.0 (compatible; YandexBot/3.0; +http://yandex.com/bots)"
185.191.171.33 - - [06/May/2022:08:02:23 +0200] "GET /retro-sugar-tin-box-p-40719.html HTTP/1.0" 301 70936 "-" "Mozilla/5.0 (compatible; SemrushBot/7~bl; +http://www.semrush.com/bot.html)"
185.191.171.1 - - [06/May/2022:08:02:26 +0200] "GET /retro-sugar-p-40719.html HTTP/1.0" 200 70858 "-" "Mozilla/5.0 (compatible; SemrushBot/7~bl; +http://www.semrush.com/bot.html)"
5.9.61.232 - - [06/May/2022:08:02:27 +0200] "GET /geisha-metal-keychain-cbkreation-p-23495.html HTTP/1.0" 200 75035 "-" "Mozilla/5.0 (compatible; MJ12bot/v1.4.8; http://mj12bot.com/)"
5.9.61.232 - - [06/May/2022:08:02:35 +0200] "GET /geishas-pot-cookware-cbkreation-p-29728.html HTTP/1.0" 301 73595 "-" "Mozilla/5.0 (compatible; MJ12bot/v1.4.8; http://mj12bot.com/)"
5.9.61.232 - - [06/May/2022:08:02:43 +0200] "GET /geishas-cookware-cbkreation-p-29728.html HTTP/1.0" 200 73501 "-" "Mozilla/5.0 (compatible; MJ12bot/v1.4.8; http://mj12bot.com/)"
5.9.61.232 - - [06/May/2022:08:02:48 +0200] "GET /geishas-pot-cookware-p-29728.html HTTP/1.0" 301 73595 "-" "Mozilla/5.0 (compatible; MJ12bot/v1.4.8; http://mj12bot.com/)"
17.121.113.20 - - [06/May/2022:08:02:54 +0200] "GET /candle-cuddler-cozy-tall-candleholder-made-germany-p-57145.html HTTP/1.0" 200 75424 "-" "Mozilla/5.0 (Macintosh; Intel Mac OS X 10_15_5) AppleWebKit/605.1.15 (KHTML, like Gecko) Version/13.1.1 Safari/605.1.15 (Applebot/0.1; +http://www.apple.com/go/applebot)"
5.9.61.232 - - [06/May/2022:08:02:56 +0200] "GET /geishas-cookware-cbkreation-p-29728.html HTTP/1.0" 200 73501 "-" "Mozilla/5.0 (compatible; MJ12bot/v1.4.8; http://mj12bot.com/)"
52.183.23.116 - - [06/May/2022:08:03:01 +0200] "GET /images/med_prod/8435306290862.jpg HTTP/1.0" 200 268 "-" "Mozilla/5.0 (X11; Ubuntu; Linux x86_64; rv:72.0) Gecko/20100101 Firefox/72.0"
5.9.61.232 - - [06/May/2022:08:03:03 +0200] "GET /gemini-classic-mug-cbkreation-p-29028.html HTTP/1.0" 301 73522 "-" "Mozilla/5.0 (compatible; MJ12bot/v1.4.8; http://mj12bot.com/)"
77.88.5.208 - - [06/May/2022:08:03:06 +0200] "GET /coconut-fibers-doormat-tiles-p-56983.html HTTP/1.0" 200 74399 "-" "Mozilla/5.0 (compatible; YandexBot/3.0; +http://yandex.com/bots)"
5.9.61.232 - - [06/May/2022:08:03:12 +0200] "GET /gemini-classic-cbkreation-p-29028.html HTTP/1.0" 200 73430 "-" "Mozilla/5.0 (compatible; MJ12bot/v1.4.8; http://mj12bot.com/)"
111.225.144.134 - - [06/May/2022:08:03:15 +0200] "GET /images/mini_prod/3565750263770.jpg HTTP/1.0" 200 269 "-" "Mozilla/5.0 (Macintosh; Intel Mac OS X 10_12_4) AppleWebKit/537.36 (KHTML, like Gecko) Chrome/58.0.3029.110 Safari/537.36"
5.9.61.232 - - [06/May/2022:08:03:19 +0200] "GET /gemini-classic-mug-p-29028.html HTTP/1.0" 301 73522 "-" "Mozilla/5.0 (compatible; MJ12bot/v1.4.8; http://mj12bot.com/)"
5.9.61.232 - - [06/May/2022:08:03:23 +0200] "GET /gemini-classic-cbkreation-p-29028.html HTTP/1.0" 200 73430 "-" "Mozilla/5.0 (compatible; MJ12bot/v1.4.8; http://mj12bot.com/)"
5.9.61.232 - - [06/May/2022:08:03:28 +0200] "GET /genie-from-aladdin-figure-collection-by-romero-britto-p-35307.html HTTP/1.0" 301 70875 "-" "Mozilla/5.0 (compatible; MJ12bot/v1.4.8; http://mj12bot.com/)"
5.9.61.232 - - [06/May/2022:08:03:31 +0200] "GET /-p-35307.html HTTP/1.0" 200 70808 "-" "Mozilla/5.0 (compatible; MJ12bot/v1.4.8; http://mj12bot.com/)"
5.9.61.232 - - [06/May/2022:08:03:37 +0200] "GET /german-shepherd-dog-keychains-p-26298.html HTTP/1.0" 301 70875 "-" "Mozilla/5.0 (compatible; MJ12bot/v1.4.8; http://mj12bot.com/)"
5.9.61.232 - - [06/May/2022:08:03:41 +0200] "GET /-p-26298.html HTTP/1.0" 200 70808 "-" "Mozilla/5.0 (compatible; MJ12bot/v1.4.8; http://mj12bot.com/)"
5.9.61.232 - - [06/May/2022:08:03:45 +0200] "GET /german-shepherd-keychains-p-26298.html HTTP/1.0" 301 70875 "-" "Mozilla/5.0 (compatible; MJ12bot/v1.4.8; http://mj12bot.com/)"
5.9.61.232 - - [06/May/2022:08:03:49 +0200] "GET /-p-26298.html HTTP/1.0" 200 70808 "-" "Mozilla/5.0 (compatible; MJ12bot/v1.4.8; http://mj12bot.com/)"
5.9.61.232 - - [06/May/2022:08:03:53 +0200] "GET /germini-pink-zen-cushion-p-34045.html HTTP/1.0" 301 70875 "-" "Mozilla/5.0 (compatible; MJ12bot/v1.4.8; http://mj12bot.com/)"
5.9.61.232 - - [06/May/2022:08:03:57 +0200] "GET /-p-34045.html HTTP/1.0" 200 70808 "-" "Mozilla/5.0 (compatible; MJ12bot/v1.4.8; http://mj12bot.com/)"
5.9.61.232 - - [06/May/2022:08:04:00 +0200] "GET /ghost-rider-articulate-figurine-p-27721.html HTTP/1.0" 301 70875 "-" "Mozilla/5.0 (compatible; MJ12bot/v1.4.8; http://mj12bot.com/)"
5.9.61.232 - - [06/May/2022:08:04:04 +0200] "GET /-p-27721.html HTTP/1.0" 200 70808 "-" "Mozilla/5.0 (compatible; MJ12bot/v1.4.8; http://mj12bot.com/)"
157.55.39.101 - - [06/May/2022:08:04:04 +0200] "GET /gaston-lefou-figure-collection-p-51457.html HTTP/1.0" 200 75189 "-" "Mozilla/5.0 (compatible; bingbot/2.0; +http://www.bing.com/bingbot.htm)"
5.9.61.232 - - [06/May/2022:08:04:07 +0200] "GET /ghostbusters-slimer-mug-p-9525.html HTTP/1.0" 301 70989 "-" "Mozilla/5.0 (compatible; MJ12bot/v1.4.8; http://mj12bot.com/)"
5.9.61.232 - - [06/May/2022:08:04:11 +0200] "GET /ghostbusters-slimer-p-9525.html HTTP/1.0" 200 70904 "-" "Mozilla/5.0 (compatible; MJ12bot/v1.4.8; http://mj12bot.com/)"
