185.191.171.4 - - [06/May/2022:04:18:47 +0200] "GET /coca-cola-black-metal-plate-30-20-cm-p-37157.html HTTP/1.0" 301 73632 "-" "Mozilla/5.0 (compatible; SemrushBot/7~bl; +http://www.semrush.com/bot.html)"
65.108.142.49 - - [06/May/2022:04:18:48 +0200] "GET /-p-27719.html HTTP/1.0" 200 70808 "-" "Mozilla/5.0 (compatible; MJ12bot/v1.4.8; http://mj12bot.com/)"
54.36.148.243 - - [06/May/2022:04:18:50 +0200] "GET /kimmidoll-heart-keyring-p-32398.html HTTP/1.0" 200 73489 "-" "Mozilla/5.0 (compatible; AhrefsBot/7.0; +http://ahrefs.com/robot/)"
185.191.171.2 - - [06/May/2022:04:18:50 +0200] "GET /coca-cola-black-metal-plate-p-37157.html HTTP/1.0" 200 73538 "-" "Mozilla/5.0 (compatible; SemrushBot/7~bl; +http://www.semrush.com/bot.html)"
65.108.142.49 - - [06/May/2022:04:18:51 +0200] "GET /-p-27720.html HTTP/1.0" 200 70808 "-" "Mozilla/5.0 (compatible; MJ12bot/v1.4.8; http://mj12bot.com/)"
65.108.142.49 - - [06/May/2022:04:18:55 +0200] "GET /-p-27721.html HTTP/1.0" 200 70808 "-" "Mozilla/5.0 (compatible; MJ12bot/v1.4.8; http://mj12bot.com/)"
46.4.108.51 - - [06/May/2022:04:18:58 +0200] "GET /unicorn-pocket-warmer-p-56141.html HTTP/1.0" 200 74328 "-" "Mozilla/5.0 (compatible; BLEXBot/1.0; +http://webmeup-crawler.com/)"
65.108.142.49 - - [06/May/2022:04:18:58 +0200] "GET /-p-27762.html HTTP/1.0" 200 70808 "-" "Mozilla/5.0 (compatible; MJ12bot/v1.4.8; http://mj12bot.com/)"
65.108.142.49 - - [06/May/2022:04:19:02 +0200] "GET /-p-27771.html HTTP/1.0" 200 70808 "-" "Mozilla/5.0 (compatible; MJ12bot/v1.4.8; http://mj12bot.com/)"
185.191.171.24 - - [06/May/2022:04:19:03 +0200] "GET /marilyn-monroe-vertical-shopping-bag-p-5399.html HTTP/1.0" 301 71030 "-" "Mozilla/5.0 (compatible; SemrushBot/7~bl; +http://www.semrush.com/bot.html)"
65.108.142.49 - - [06/May/2022:04:19:05 +0200] "GET /-p-27828.html HTTP/1.0" 200 70808 "-" "Mozilla/5.0 (compatible; MJ12bot/v1.4.8; http://mj12bot.com/)"
185.191.171.33 - - [06/May/2022:04:19:07 +0200] "GET /marilyn-monroe-vertical-shopping-p-5399.html HTTP/1.0" 200 70932 "-" "Mozilla/5.0 (compatible; SemrushBot/7~bl; +http://www.semrush.com/bot.html)"
65.108.142.49 - - [06/May/2022:04:19:07 +0200] "GET /-p-27845.html HTTP/1.0" 200 70808 "-" "Mozilla/5.0 (compatible; MJ12bot/v1.4.8; http://mj12bot.com/)"
65.108.142.49 - - [06/May/2022:04:19:11 +0200] "GET /-p-27934.html HTTP/1.0" 200 70808 "-" "Mozilla/5.0 (compatible; MJ12bot/v1.4.8; http://mj12bot.com/)"
65.108.142.49 - - [06/May/2022:04:19:13 +0200] "GET /-p-27948.html HTTP/1.0" 200 70808 "-" "Mozilla/5.0 (compatible; MJ12bot/v1.4.8; http://mj12bot.com/)"
77.88.5.208 - - [06/May/2022:04:19:14 +0200] "GET /candle-cuddler-cozy-tall-candleholder-made-germany-p-57145.html HTTP/1.0" 200 75424 "-" "Mozilla/5.0 (compatible; YandexBot/3.0; +http://yandex.com/bots)"
65.108.142.49 - - [06/May/2022:04:19:16 +0200] "GET /-p-28013.html HTTP/1.0" 200 70808 "-" "Mozilla/5.0 (compatible; MJ12bot/v1.4.8; http://mj12bot.com/)"
65.108.142.49 - - [06/May/2022:04:19:19 +0200] "GET /-p-28015.html HTTP/1.0" 200 70808 "-" "Mozilla/5.0 (compatible; MJ12bot/v1.4.8; http://mj12bot.com/)"
65.108.142.49 - - [06/May/2022:04:19:22 +0200] "GET /-p-28294.html HTTP/1.0" 200 70808 "-" "Mozilla/5.0 (compatible; MJ12bot/v1.4.8; http://mj12bot.com/)"
185.191.171.7 - - [06/May/2022:04:19:25 +0200] "GET /small-barbapapa-money-p-28447.html HTTP/1.0" 200 70890 "-" "Mozilla/5.0 (compatible; SemrushBot/7~bl; +http://www.semrush.com/bot.html)"
65.108.142.49 - - [06/May/2022:04:19:25 +0200] "GET /-p-28363.html HTTP/1.0" 200 70808 "-" "Mozilla/5.0 (compatible; MJ12bot/v1.4.8; http://mj12bot.com/)"
111.225.144.153 - - [06/May/2022:04:19:29 +0200] "GET /images/mini_prod/5055071657603.jpg HTTP/1.0" 200 269 "-" "Mozilla/5.0 (Macintosh; Intel Mac OS X 10_12_4) AppleWebKit/537.36 (KHTML, like Gecko) Chrome/58.0.3029.110 Safari/537.36"
65.108.142.49 - - [06/May/2022:04:19:28 +0200] "GET /-p-28497.html HTTP/1.0" 200 70808 "-" "Mozilla/5.0 (compatible; MJ12bot/v1.4.8; http://mj12bot.com/)"
185.191.171.33 - - [06/May/2022:04:19:32 +0200] "GET /-p-33485.html?action=add_product HTTP/1.0" 302 476 "-" "Mozilla/5.0 (compatible; SemrushBot/7~bl; +http://www.semrush.com/bot.html)"
65.108.142.49 - - [06/May/2022:04:19:31 +0200] "GET /-p-29021.html HTTP/1.0" 200 70808 "-" "Mozilla/5.0 (compatible; MJ12bot/v1.4.8; http://mj12bot.com/)"
65.108.142.49 - - [06/May/2022:04:19:34 +0200] "GET /-p-29394.html HTTP/1.0" 200 70808 "-" "Mozilla/5.0 (compatible; MJ12bot/v1.4.8; http://mj12bot.com/)"
65.108.142.49 - - [06/May/2022:04:19:36 +0200] "GET /-p-29502.html HTTP/1.0" 200 70808 "-" "Mozilla/5.0 (compatible; MJ12bot/v1.4.8; http://mj12bot.com/)"
46.4.108.51 - - [06/May/2022:04:19:38 +0200] "GET /unicorn-shower-curtain-p-57406.html HTTP/1.0" 200 74171 "-" "Mozilla/5.0 (compatible; BLEXBot/1.0; +http://webmeup-crawler.com/)"
114.119.137.3 - - [06/May/2022:04:19:39 +0200] "GET /avengers-marvel-kids-school-p-36230.html HTTP/1.0" 200 70926 "-" "Mozilla/5.0 (Linux; Android 7.0;) AppleWebKit/537.36 (KHTML, like Gecko) Mobile Safari/537.36 (compatible; PetalBot;+https://webmaster.petalsearch.com/site/petalbot)"
65.108.142.49 - - [06/May/2022:04:19:40 +0200] "GET /-p-29652.html HTTP/1.0" 200 70808 "-" "Mozilla/5.0 (compatible; MJ12bot/v1.4.8; http://mj12bot.com/)"
65.108.142.49 - - [06/May/2022:04:19:44 +0200] "GET /-p-29737.html HTTP/1.0" 200 70808 "-" "Mozilla/5.0 (compatible; MJ12bot/v1.4.8; http://mj12bot.com/)"
65.108.142.49 - - [06/May/2022:04:19:48 +0200] "GET /-p-29749.html HTTP/1.0" 200 70808 "-" "Mozilla/5.0 (compatible; MJ12bot/v1.4.8; http://mj12bot.com/)"
65.108.142.49 - - [06/May/2022:04:19:51 +0200] "GET /-p-29751.html HTTP/1.0" 200 70808 "-" "Mozilla/5.0 (compatible; MJ12bot/v1.4.8; http://mj12bot.com/)"
216.244.66.242 - - [06/May/2022:04:19:51 +0200] "GET /gund-boo-leopard-plush-23-cm-p-52192.html HTTP/1.0" 301 78208 "-" "Mozilla/5.0 (compatible; DotBot/1.2; +https://opensiteexplorer.org/dotbot; help@moz.com)"
111.225.144.178 - - [06/May/2022:04:19:54 +0200] "GET /images/mini_prod/3418173731008.jpg HTTP/1.0" 200 269 "-" "Mozilla/5.0 (Macintosh; Intel Mac OS X 10_12_4) AppleWebKit/537.36 (KHTML, like Gecko) Chrome/58.0.3029.110 Safari/537.36"
65.108.142.49 - - [06/May/2022:04:19:54 +0200] "GET /-p-29919.html HTTP/1.0" 200 70808 "-" "Mozilla/5.0 (compatible; MJ12bot/v1.4.8; http://mj12bot.com/)"
65.108.142.49 - - [06/May/2022:04:19:57 +0200] "GET /-p-30036.html HTTP/1.0" 200 70808 "-" "Mozilla/5.0 (compatible; MJ12bot/v1.4.8; http://mj12bot.com/)"
54.36.148.243 - - [06/May/2022:04:20:00 +0200] "GET /fragrances-ambiance-c-231.html?page=9 HTTP/1.0" 200 93551 "-" "Mozilla/5.0 (compatible; AhrefsBot/7.0; +http://ahrefs.com/robot/)"
54.36.149.106 - - [06/May/2022:04:20:02 +0200] "GET /images/mini_prod/5051276183046.jpg HTTP/1.0" 200 269 "-" "Mozilla/5.0 (compatible; AhrefsBot/7.0; +http://ahrefs.com/robot/)"
65.108.142.49 - - [06/May/2022:04:20:00 +0200] "GET /-p-30063.html HTTP/1.0" 200 70808 "-" "Mozilla/5.0 (compatible; MJ12bot/v1.4.8; http://mj12bot.com/)"
54.36.149.46 - - [06/May/2022:04:20:03 +0200] "GET /images/mini_prod/5051276185958.jpg HTTP/1.0" 200 269 "-" "Mozilla/5.0 (compatible; AhrefsBot/7.0; +http://ahrefs.com/robot/)"
54.36.148.156 - - [06/May/2022:04:20:03 +0200] "GET /images/mini_prod/5051276213484.jpg HTTP/1.0" 200 269 "-" "Mozilla/5.0 (compatible; AhrefsBot/7.0; +http://ahrefs.com/robot/)"
54.36.149.30 - - [06/May/2022:04:20:04 +0200] "GET /images/mini_prod/5051276221465.jpg HTTP/1.0" 200 269 "-" "Mozilla/5.0 (compatible; AhrefsBot/7.0; +http://ahrefs.com/robot/)"
54.36.149.10 - - [06/May/2022:04:20:04 +0200] "GET /images/mini_prod/5051276183121.jpg HTTP/1.0" 200 269 "-" "Mozilla/5.0 (compatible; AhrefsBot/7.0; +http://ahrefs.com/robot/)"
54.36.148.246 - - [06/May/2022:04:20:05 +0200] "GET /images/mini_prod/5051276230948.jpg HTTP/1.0" 200 269 "-" "Mozilla/5.0 (compatible; AhrefsBot/7.0; +http://ahrefs.com/robot/)"
54.36.148.109 - - [06/May/2022:04:20:05 +0200] "GET /images/mini_prod/5051276329529.jpg HTTP/1.0" 200 269 "-" "Mozilla/5.0 (compatible; AhrefsBot/7.0; +http://ahrefs.com/robot/)"
54.36.148.211 - - [06/May/2022:04:20:05 +0200] "GET /images/mini_prod/5051276230986.jpg HTTP/1.0" 200 269 "-" "Mozilla/5.0 (compatible; AhrefsBot/7.0; +http://ahrefs.com/robot/)"
65.108.142.49 - - [06/May/2022:04:20:04 +0200] "GET /-p-30243.html HTTP/1.0" 200 70808 "-" "Mozilla/5.0 (compatible; MJ12bot/v1.4.8; http://mj12bot.com/)"
54.36.148.43 - - [06/May/2022:04:20:06 +0200] "GET /images/mini_prod/5051276183022.jpg HTTP/1.0" 200 269 "-" "Mozilla/5.0 (compatible; AhrefsBot/7.0; +http://ahrefs.com/robot/)"
54.36.148.124 - - [06/May/2022:04:20:06 +0200] "GET /images/mini_prod/5051276217833.jpg HTTP/1.0" 200 269 "-" "Mozilla/5.0 (compatible; AhrefsBot/7.0; +http://ahrefs.com/robot/)"
54.36.148.254 - - [06/May/2022:04:20:07 +0200] "GET /images/mini_prod/5051276183091.jpg HTTP/1.0" 200 269 "-" "Mozilla/5.0 (compatible; AhrefsBot/7.0; +http://ahrefs.com/robot/)"
54.36.148.136 - - [06/May/2022:04:20:07 +0200] "GET /images/mini_prod/5051276207162.jpg HTTP/1.0" 200 269 "-" "Mozilla/5.0 (compatible; AhrefsBot/7.0; +http://ahrefs.com/robot/)"
54.36.149.79 - - [06/May/2022:04:20:07 +0200] "GET /images/mini_prod/5051276198590.jpg HTTP/1.0" 200 269 "-" "Mozilla/5.0 (compatible; AhrefsBot/7.0; +http://ahrefs.com/robot/)"
54.36.148.105 - - [06/May/2022:04:20:08 +0200] "GET /images/mini_prod/5051276183015.jpg HTTP/1.0" 200 269 "-" "Mozilla/5.0 (compatible; AhrefsBot/7.0; +http://ahrefs.com/robot/)"
54.36.149.42 - - [06/May/2022:04:20:08 +0200] "GET /images/mini_prod/5051276198583.jpg HTTP/1.0" 200 269 "-" "Mozilla/5.0 (compatible; AhrefsBot/7.0; +http://ahrefs.com/robot/)"
54.36.148.84 - - [06/May/2022:04:20:09 +0200] "GET /images/mini_prod/5051276207155.jpg HTTP/1.0" 200 269 "-" "Mozilla/5.0 (compatible; AhrefsBot/7.0; +http://ahrefs.com/robot/)"
65.108.142.49 - - [06/May/2022:04:20:08 +0200] "GET /-p-30296.html HTTP/1.0" 200 70808 "-" "Mozilla/5.0 (compatible; MJ12bot/v1.4.8; http://mj12bot.com/)"
54.36.149.43 - - [06/May/2022:04:20:09 +0200] "GET /images/mini_prod/5051276183039.jpg HTTP/1.0" 200 269 "-" "Mozilla/5.0 (compatible; AhrefsBot/7.0; +http://ahrefs.com/robot/)"
54.36.148.204 - - [06/May/2022:04:20:09 +0200] "GET /images/mini_prod/5051276183114.jpg HTTP/1.0" 200 269 "-" "Mozilla/5.0 (compatible; AhrefsBot/7.0; +http://ahrefs.com/robot/)"
54.36.149.93 - - [06/May/2022:04:20:10 +0200] "GET /images/mini_prod/5051276183077.jpg HTTP/1.0" 200 269 "-" "Mozilla/5.0 (compatible; AhrefsBot/7.0; +http://ahrefs.com/robot/)"
54.36.148.40 - - [06/May/2022:04:20:10 +0200] "GET /images/mini_prod/5051276185965.jpg HTTP/1.0" 200 269 "-" "Mozilla/5.0 (compatible; AhrefsBot/7.0; +http://ahrefs.com/robot/)"
65.108.142.49 - - [06/May/2022:04:20:11 +0200] "GET /-p-30381.html HTTP/1.0" 200 70808 "-" "Mozilla/5.0 (compatible; MJ12bot/v1.4.8; http://mj12bot.com/)"
65.108.142.49 - - [06/May/2022:04:20:14 +0200] "GET /-p-30461.html HTTP/1.0" 200 70808 "-" "Mozilla/5.0 (compatible; MJ12bot/v1.4.8; http://mj12bot.com/)"
65.108.142.49 - - [06/May/2022:04:20:18 +0200] "GET /-p-30853.html HTTP/1.0" 200 70808 "-" "Mozilla/5.0 (compatible; MJ12bot/v1.4.8; http://mj12bot.com/)"
65.108.142.49 - - [06/May/2022:04:20:20 +0200] "GET /-p-30854.html HTTP/1.0" 200 70808 "-" "Mozilla/5.0 (compatible; MJ12bot/v1.4.8; http://mj12bot.com/)"
65.108.142.49 - - [06/May/2022:04:20:23 +0200] "GET /-p-30855.html HTTP/1.0" 200 70808 "-" "Mozilla/5.0 (compatible; MJ12bot/v1.4.8; http://mj12bot.com/)"
46.4.108.51 - - [06/May/2022:04:20:26 +0200] "GET /unicorn-snowball-p-50763.html HTTP/1.0" 200 73520 "-" "Mozilla/5.0 (compatible; BLEXBot/1.0; +http://webmeup-crawler.com/)"
65.108.142.49 - - [06/May/2022:04:20:26 +0200] "GET /-p-31020.html HTTP/1.0" 200 70808 "-" "Mozilla/5.0 (compatible; MJ12bot/v1.4.8; http://mj12bot.com/)"
65.108.142.49 - - [06/May/2022:04:20:30 +0200] "GET /-p-31132.html HTTP/1.0" 200 70808 "-" "Mozilla/5.0 (compatible; MJ12bot/v1.4.8; http://mj12bot.com/)"
65.108.142.49 - - [06/May/2022:04:20:33 +0200] "GET /-p-31391.html HTTP/1.0" 200 70808 "-" "Mozilla/5.0 (compatible; MJ12bot/v1.4.8; http://mj12bot.com/)"
65.108.142.49 - - [06/May/2022:04:20:37 +0200] "GET /-p-31850.html HTTP/1.0" 200 70808 "-" "Mozilla/5.0 (compatible; MJ12bot/v1.4.8; http://mj12bot.com/)"
65.108.142.49 - - [06/May/2022:04:20:41 +0200] "GET /-p-31897.html HTTP/1.0" 200 70808 "-" "Mozilla/5.0 (compatible; MJ12bot/v1.4.8; http://mj12bot.com/)"
65.108.142.49 - - [06/May/2022:04:20:44 +0200] "GET /-p-31994.html HTTP/1.0" 200 70808 "-" "Mozilla/5.0 (compatible; MJ12bot/v1.4.8; http://mj12bot.com/)"
65.108.142.49 - - [06/May/2022:04:20:47 +0200] "GET /-p-32160.html HTTP/1.0" 200 70808 "-" "Mozilla/5.0 (compatible; MJ12bot/v1.4.8; http://mj12bot.com/)"
65.108.142.49 - - [06/May/2022:04:20:51 +0200] "GET /-p-32433.html HTTP/1.0" 200 70808 "-" "Mozilla/5.0 (compatible; MJ12bot/v1.4.8; http://mj12bot.com/)"
65.108.142.49 - - [06/May/2022:04:20:54 +0200] "GET /-p-32490.html HTTP/1.0" 200 70808 "-" "Mozilla/5.0 (compatible; MJ12bot/v1.4.8; http://mj12bot.com/)"
65.108.142.49 - - [06/May/2022:04:20:57 +0200] "GET /-p-32614.html HTTP/1.0" 200 70808 "-" "Mozilla/5.0 (compatible; MJ12bot/v1.4.8; http://mj12bot.com/)"
65.108.142.49 - - [06/May/2022:04:21:00 +0200] "GET /-p-32720.html HTTP/1.0" 200 70808 "-" "Mozilla/5.0 (compatible; MJ12bot/v1.4.8; http://mj12bot.com/)"
65.108.142.49 - - [06/May/2022:04:21:02 +0200] "GET /-p-32832.html HTTP/1.0" 200 70808 "-" "Mozilla/5.0 (compatible; MJ12bot/v1.4.8; http://mj12bot.com/)"
65.108.142.49 - - [06/May/2022:04:21:05 +0200] "GET /-p-32878.html HTTP/1.0" 200 70808 "-" "Mozilla/5.0 (compatible; MJ12bot/v1.4.8; http://mj12bot.com/)"
54.36.148.243 - - [06/May/2022:04:21:08 +0200] "GET /decorative-wooden-plate-head-moor-black-grey-p-47837.html HTTP/1.0" 200 73922 "-" "Mozilla/5.0 (compatible; AhrefsBot/7.0; +http://ahrefs.com/robot/)"
54.36.149.17 - - [06/May/2022:04:21:10 +0200] "GET /images/big_prod/8422099381433.jpg HTTP/1.0" 200 268 "-" "Mozilla/5.0 (compatible; AhrefsBot/7.0; +http://ahrefs.com/robot/)"
65.108.142.49 - - [06/May/2022:04:21:08 +0200] "GET /-p-32972.html HTTP/1.0" 200 70808 "-" "Mozilla/5.0 (compatible; MJ12bot/v1.4.8; http://mj12bot.com/)"
46.4.108.51 - - [06/May/2022:04:21:10 +0200] "GET /unicorn-voucher-p-53366.html HTTP/1.0" 200 74113 "-" "Mozilla/5.0 (compatible; BLEXBot/1.0; +http://webmeup-crawler.com/)"
65.108.142.49 - - [06/May/2022:04:21:12 +0200] "GET /-p-33160.html HTTP/1.0" 200 70808 "-" "Mozilla/5.0 (compatible; MJ12bot/v1.4.8; http://mj12bot.com/)"
65.108.142.49 - - [06/May/2022:04:21:15 +0200] "GET /-p-33176.html HTTP/1.0" 200 70808 "-" "Mozilla/5.0 (compatible; MJ12bot/v1.4.8; http://mj12bot.com/)"
65.108.142.49 - - [06/May/2022:04:21:18 +0200] "GET /-p-33702.html HTTP/1.0" 200 70808 "-" "Mozilla/5.0 (compatible; MJ12bot/v1.4.8; http://mj12bot.com/)"
65.108.142.49 - - [06/May/2022:04:21:20 +0200] "GET /-p-33960.html HTTP/1.0" 200 70808 "-" "Mozilla/5.0 (compatible; MJ12bot/v1.4.8; http://mj12bot.com/)"
65.108.142.49 - - [06/May/2022:04:21:23 +0200] "GET /-p-34045.html HTTP/1.0" 200 70808 "-" "Mozilla/5.0 (compatible; MJ12bot/v1.4.8; http://mj12bot.com/)"
65.108.142.49 - - [06/May/2022:04:21:26 +0200] "GET /-p-34140.html HTTP/1.0" 200 70808 "-" "Mozilla/5.0 (compatible; MJ12bot/v1.4.8; http://mj12bot.com/)"
65.108.142.49 - - [06/May/2022:04:21:29 +0200] "GET /-p-34214.html HTTP/1.0" 200 70808 "-" "Mozilla/5.0 (compatible; MJ12bot/v1.4.8; http://mj12bot.com/)"
65.108.142.49 - - [06/May/2022:04:21:32 +0200] "GET /-p-34265.html HTTP/1.0" 200 70808 "-" "Mozilla/5.0 (compatible; MJ12bot/v1.4.8; http://mj12bot.com/)"
46.4.108.51 - - [06/May/2022:04:21:34 +0200] "GET /unicorn-wastebasket-p-48978.html HTTP/1.0" 200 74012 "-" "Mozilla/5.0 (compatible; BLEXBot/1.0; +http://webmeup-crawler.com/)"
65.108.142.49 - - [06/May/2022:04:21:35 +0200] "GET /-p-34579.html HTTP/1.0" 200 70808 "-" "Mozilla/5.0 (compatible; MJ12bot/v1.4.8; http://mj12bot.com/)"
65.108.142.49 - - [06/May/2022:04:21:39 +0200] "GET /-p-34681.html HTTP/1.0" 200 70808 "-" "Mozilla/5.0 (compatible; MJ12bot/v1.4.8; http://mj12bot.com/)"
65.108.142.49 - - [06/May/2022:04:21:41 +0200] "GET /-p-34917.html HTTP/1.0" 200 70808 "-" "Mozilla/5.0 (compatible; MJ12bot/v1.4.8; http://mj12bot.com/)"
65.108.142.49 - - [06/May/2022:04:21:44 +0200] "GET /-p-34925.html HTTP/1.0" 200 70808 "-" "Mozilla/5.0 (compatible; MJ12bot/v1.4.8; http://mj12bot.com/)"
65.108.142.49 - - [06/May/2022:04:21:47 +0200] "GET /-p-34969.html HTTP/1.0" 200 70808 "-" "Mozilla/5.0 (compatible; MJ12bot/v1.4.8; http://mj12bot.com/)"
185.191.171.12 - - [06/May/2022:04:21:47 +0200] "GET /collection-plate-metal-vespa-poster-advertising-p-35029.html HTTP/1.0" 200 74082 "-" "Mozilla/5.0 (compatible; SemrushBot/7~bl; +http://www.semrush.com/bot.html)"
65.108.142.49 - - [06/May/2022:04:21:50 +0200] "GET /-p-35009.html HTTP/1.0" 200 70808 "-" "Mozilla/5.0 (compatible; MJ12bot/v1.4.8; http://mj12bot.com/)"
65.108.142.49 - - [06/May/2022:04:21:54 +0200] "GET /-p-35291.html HTTP/1.0" 200 70808 "-" "Mozilla/5.0 (compatible; MJ12bot/v1.4.8; http://mj12bot.com/)"
185.191.171.21 - - [06/May/2022:04:21:54 +0200] "GET /pink-elephant-piggy-bank-p-47728.html HTTP/1.0" 200 70894 "-" "Mozilla/5.0 (compatible; SemrushBot/7~bl; +http://www.semrush.com/bot.html)"
77.88.5.208 - - [06/May/2022:04:21:55 +0200] "GET /frozen-lunchbox-p-31746.html HTTP/1.0" 200 70858 "-" "Mozilla/5.0 (compatible; YandexBot/3.0; +http://yandex.com/bots)"
65.108.142.49 - - [06/May/2022:04:21:57 +0200] "GET /-p-35307.html HTTP/1.0" 200 70808 "-" "Mozilla/5.0 (compatible; MJ12bot/v1.4.8; http://mj12bot.com/)"
65.108.142.49 - - [06/May/2022:04:22:00 +0200] "GET /-p-35310.html HTTP/1.0" 200 70808 "-" "Mozilla/5.0 (compatible; MJ12bot/v1.4.8; http://mj12bot.com/)"
65.108.142.49 - - [06/May/2022:04:22:02 +0200] "GET /-p-35420.html HTTP/1.0" 200 70808 "-" "Mozilla/5.0 (compatible; MJ12bot/v1.4.8; http://mj12bot.com/)"
111.225.144.236 - - [06/May/2022:04:22:05 +0200] "GET /images/mini_prod/4036113102849.jpg HTTP/1.0" 200 269 "-" "Mozilla/5.0 (Macintosh; Intel Mac OS X 10_12_4) AppleWebKit/537.36 (KHTML, like Gecko) Chrome/58.0.3029.110 Safari/537.36"
66.249.73.138 - - [06/May/2022:04:22:05 +0200] "GET /-p-34008.html HTTP/1.0" 200 70808 "-" "Mozilla/5.0 (Linux; Android 6.0.1; Nexus 5X Build/MMB29P) AppleWebKit/537.36 (KHTML, like Gecko) Chrome/100.0.4896.127 Mobile Safari/537.36 (compatible; Googlebot/2.1; +http://www.google.com/bot.html)"
65.108.142.49 - - [06/May/2022:04:22:05 +0200] "GET /-p-35573.html HTTP/1.0" 200 70808 "-" "Mozilla/5.0 (compatible; MJ12bot/v1.4.8; http://mj12bot.com/)"
65.108.142.49 - - [06/May/2022:04:22:08 +0200] "GET /-p-35605.html HTTP/1.0" 200 70808 "-" "Mozilla/5.0 (compatible; MJ12bot/v1.4.8; http://mj12bot.com/)"
54.36.148.243 - - [06/May/2022:04:22:11 +0200] "GET /georges-clounet-metal-ashtray-p-39508.html HTTP/1.0" 200 73493 "-" "Mozilla/5.0 (compatible; AhrefsBot/7.0; +http://ahrefs.com/robot/)"
65.108.142.49 - - [06/May/2022:04:22:11 +0200] "GET /-p-35628.html HTTP/1.0" 200 70808 "-" "Mozilla/5.0 (compatible; MJ12bot/v1.4.8; http://mj12bot.com/)"
65.108.142.49 - - [06/May/2022:04:22:14 +0200] "GET /-p-35674.html HTTP/1.0" 200 70808 "-" "Mozilla/5.0 (compatible; MJ12bot/v1.4.8; http://mj12bot.com/)"
65.108.142.49 - - [06/May/2022:04:22:16 +0200] "GET /-p-35846.html HTTP/1.0" 200 70808 "-" "Mozilla/5.0 (compatible; MJ12bot/v1.4.8; http://mj12bot.com/)"
65.108.142.49 - - [06/May/2022:04:22:19 +0200] "GET /-p-35935.html HTTP/1.0" 200 70808 "-" "Mozilla/5.0 (compatible; MJ12bot/v1.4.8; http://mj12bot.com/)"
65.108.142.49 - - [06/May/2022:04:22:22 +0200] "GET /-p-36111.html HTTP/1.0" 200 70808 "-" "Mozilla/5.0 (compatible; MJ12bot/v1.4.8; http://mj12bot.com/)"
65.108.142.49 - - [06/May/2022:04:22:25 +0200] "GET /-p-36285.html HTTP/1.0" 200 70808 "-" "Mozilla/5.0 (compatible; MJ12bot/v1.4.8; http://mj12bot.com/)"
65.108.142.49 - - [06/May/2022:04:22:28 +0200] "GET /-p-36375.html HTTP/1.0" 200 70808 "-" "Mozilla/5.0 (compatible; MJ12bot/v1.4.8; http://mj12bot.com/)"
114.119.137.45 - - [06/May/2022:04:22:30 +0200] "GET /nici-moon-ville-mug-p-22368.html HTTP/1.0" 301 73652 "-" "Mozilla/5.0 (Linux; Android 7.0;) AppleWebKit/537.36 (KHTML, like Gecko) Mobile Safari/537.36 (compatible; PetalBot;+https://webmaster.petalsearch.com/site/petalbot)"
65.108.142.49 - - [06/May/2022:04:22:30 +0200] "GET /-p-36390.html HTTP/1.0" 200 70808 "-" "Mozilla/5.0 (compatible; MJ12bot/v1.4.8; http://mj12bot.com/)"
114.119.137.45 - - [06/May/2022:04:22:32 +0200] "GET /nici-moon-ville-p-22368.html HTTP/1.0" 200 73570 "-" "Mozilla/5.0 (Linux; Android 7.0;) AppleWebKit/537.36 (KHTML, like Gecko) Mobile Safari/537.36 (compatible; PetalBot;+https://webmaster.petalsearch.com/site/petalbot)"
65.108.142.49 - - [06/May/2022:04:22:34 +0200] "GET /-p-36424.html HTTP/1.0" 200 70808 "-" "Mozilla/5.0 (compatible; MJ12bot/v1.4.8; http://mj12bot.com/)"
65.108.142.49 - - [06/May/2022:04:22:37 +0200] "GET /-p-36488.html HTTP/1.0" 200 70808 "-" "Mozilla/5.0 (compatible; MJ12bot/v1.4.8; http://mj12bot.com/)"
65.108.142.49 - - [06/May/2022:04:22:40 +0200] "GET /-p-36579.html HTTP/1.0" 200 70808 "-" "Mozilla/5.0 (compatible; MJ12bot/v1.4.8; http://mj12bot.com/)"
65.108.142.49 - - [06/May/2022:04:22:43 +0200] "GET /-p-36590.html HTTP/1.0" 200 70808 "-" "Mozilla/5.0 (compatible; MJ12bot/v1.4.8; http://mj12bot.com/)"
46.4.108.51 - - [06/May/2022:04:22:44 +0200] "GET /unicorns-light-garland-p-55386.html HTTP/1.0" 200 74423 "-" "Mozilla/5.0 (compatible; BLEXBot/1.0; +http://webmeup-crawler.com/)"
65.108.142.49 - - [06/May/2022:04:22:45 +0200] "GET /-p-36662.html HTTP/1.0" 200 70808 "-" "Mozilla/5.0 (compatible; MJ12bot/v1.4.8; http://mj12bot.com/)"
66.249.73.136 - - [06/May/2022:04:22:47 +0200] "GET /little-prince-rose-figurine-p-54991.html HTTP/1.0" 200 77273 "-" "Mozilla/5.0 (Linux; Android 6.0.1; Nexus 5X Build/MMB29P) AppleWebKit/537.36 (KHTML, like Gecko) Chrome/101.0.4951.54 Mobile Safari/537.36 (compatible; Googlebot/2.1; +http://www.google.com/bot.html)"
65.108.142.49 - - [06/May/2022:04:22:48 +0200] "GET /-p-36887.html HTTP/1.0" 200 70808 "-" "Mozilla/5.0 (compatible; MJ12bot/v1.4.8; http://mj12bot.com/)"
65.108.142.49 - - [06/May/2022:04:22:51 +0200] "GET /-p-37462.html HTTP/1.0" 200 70808 "-" "Mozilla/5.0 (compatible; MJ12bot/v1.4.8; http://mj12bot.com/)"
65.108.142.49 - - [06/May/2022:04:22:54 +0200] "GET /-p-37638.html HTTP/1.0" 200 70808 "-" "Mozilla/5.0 (compatible; MJ12bot/v1.4.8; http://mj12bot.com/)"
65.108.142.49 - - [06/May/2022:04:22:57 +0200] "GET /-p-37922.html HTTP/1.0" 200 70808 "-" "Mozilla/5.0 (compatible; MJ12bot/v1.4.8; http://mj12bot.com/)"
65.108.142.49 - - [06/May/2022:04:23:00 +0200] "GET /-p-38538.html HTTP/1.0" 200 70808 "-" "Mozilla/5.0 (compatible; MJ12bot/v1.4.8; http://mj12bot.com/)"
65.108.142.49 - - [06/May/2022:04:23:03 +0200] "GET /-p-38665.html HTTP/1.0" 200 70808 "-" "Mozilla/5.0 (compatible; MJ12bot/v1.4.8; http://mj12bot.com/)"
17.121.114.47 - - [06/May/2022:04:23:05 +0200] "GET /frida-khalo-round-presentation-dish-model-p-49544.html HTTP/1.0" 200 73721 "-" "Mozilla/5.0 (Macintosh; Intel Mac OS X 10_15_5) AppleWebKit/605.1.15 (KHTML, like Gecko) Version/13.1.1 Safari/605.1.15 (Applebot/0.1; +http://www.apple.com/go/applebot)"
65.108.142.49 - - [06/May/2022:04:23:06 +0200] "GET /-p-38666.html HTTP/1.0" 200 70808 "-" "Mozilla/5.0 (compatible; MJ12bot/v1.4.8; http://mj12bot.com/)"
65.108.142.49 - - [06/May/2022:04:23:08 +0200] "GET /-p-38667.html HTTP/1.0" 200 70808 "-" "Mozilla/5.0 (compatible; MJ12bot/v1.4.8; http://mj12bot.com/)"
54.36.148.243 - - [06/May/2022:04:23:10 +0200] "GET /mirror-blue-combi-aged-dented-metal-p-42125.html HTTP/1.0" 200 73668 "-" "Mozilla/5.0 (compatible; AhrefsBot/7.0; +http://ahrefs.com/robot/)"
65.108.142.49 - - [06/May/2022:04:23:11 +0200] "GET /-p-39074.html HTTP/1.0" 200 70808 "-" "Mozilla/5.0 (compatible; MJ12bot/v1.4.8; http://mj12bot.com/)"
65.108.142.49 - - [06/May/2022:04:23:15 +0200] "GET /-p-39075.html HTTP/1.0" 200 70808 "-" "Mozilla/5.0 (compatible; MJ12bot/v1.4.8; http://mj12bot.com/)"
46.4.108.51 - - [06/May/2022:04:23:18 +0200] "GET /robots.txt HTTP/1.0" 301 531 "-" "Mozilla/5.0 (compatible; BLEXBot/1.0; +http://webmeup-crawler.com/)"
46.4.108.51 - - [06/May/2022:04:23:18 +0200] "GET /robots.txt HTTP/1.0" 200 245 "-" "Mozilla/5.0 (compatible; BLEXBot/1.0; +http://webmeup-crawler.com/)"
46.4.108.51 - - [06/May/2022:04:23:18 +0200] "GET /urban-culture-phone-cover-iphone-p-14764.html HTTP/1.0" 200 74335 "-" "Mozilla/5.0 (compatible; BLEXBot/1.0; +http://webmeup-crawler.com/)"
65.108.142.49 - - [06/May/2022:04:23:18 +0200] "GET /-p-39364.html HTTP/1.0" 200 70808 "-" "Mozilla/5.0 (compatible; MJ12bot/v1.4.8; http://mj12bot.com/)"
65.108.142.49 - - [06/May/2022:04:23:22 +0200] "GET /-p-39526.html HTTP/1.0" 200 70808 "-" "Mozilla/5.0 (compatible; MJ12bot/v1.4.8; http://mj12bot.com/)"
65.108.142.49 - - [06/May/2022:04:23:25 +0200] "GET /-p-40069.html HTTP/1.0" 200 70808 "-" "Mozilla/5.0 (compatible; MJ12bot/v1.4.8; http://mj12bot.com/)"
65.108.142.49 - - [06/May/2022:04:23:28 +0200] "GET /-p-40420.html HTTP/1.0" 200 70808 "-" "Mozilla/5.0 (compatible; MJ12bot/v1.4.8; http://mj12bot.com/)"
65.108.142.49 - - [06/May/2022:04:23:30 +0200] "GET /-p-40421.html HTTP/1.0" 200 70808 "-" "Mozilla/5.0 (compatible; MJ12bot/v1.4.8; http://mj12bot.com/)"
65.108.142.49 - - [06/May/2022:04:23:34 +0200] "GET /-p-40424.html HTTP/1.0" 200 70808 "-" "Mozilla/5.0 (compatible; MJ12bot/v1.4.8; http://mj12bot.com/)"
65.108.142.49 - - [06/May/2022:04:23:36 +0200] "GET /-p-40974.html HTTP/1.0" 200 70808 "-" "Mozilla/5.0 (compatible; MJ12bot/v1.4.8; http://mj12bot.com/)"
65.108.142.49 - - [06/May/2022:04:23:39 +0200] "GET /-p-41361.html HTTP/1.0" 200 70808 "-" "Mozilla/5.0 (compatible; MJ12bot/v1.4.8; http://mj12bot.com/)"
185.191.171.44 - - [06/May/2022:04:23:42 +0200] "GET /bell-golden-brass-wood-table-p-41447.html?action=add_product HTTP/1.0" 302 476 "-" "Mozilla/5.0 (compatible; SemrushBot/7~bl; +http://www.semrush.com/bot.html)"
65.108.142.49 - - [06/May/2022:04:23:42 +0200] "GET /-p-41362.html HTTP/1.0" 200 70808 "-" "Mozilla/5.0 (compatible; MJ12bot/v1.4.8; http://mj12bot.com/)"
65.108.142.49 - - [06/May/2022:04:23:46 +0200] "GET /-p-42026.html HTTP/1.0" 200 70808 "-" "Mozilla/5.0 (compatible; MJ12bot/v1.4.8; http://mj12bot.com/)"
65.108.142.49 - - [06/May/2022:04:23:49 +0200] "GET /-p-42061.html HTTP/1.0" 200 70808 "-" "Mozilla/5.0 (compatible; MJ12bot/v1.4.8; http://mj12bot.com/)"
111.225.144.152 - - [06/May/2022:04:23:52 +0200] "GET /images/mini_prod/1384010178829.jpg HTTP/1.0" 200 269 "-" "Mozilla/5.0 (Macintosh; Intel Mac OS X 10_12_4) AppleWebKit/537.36 (KHTML, like Gecko) Chrome/58.0.3029.110 Safari/537.36"
65.108.142.49 - - [06/May/2022:04:23:52 +0200] "GET /-p-42085.html HTTP/1.0" 200 70808 "-" "Mozilla/5.0 (compatible; MJ12bot/v1.4.8; http://mj12bot.com/)"
65.108.142.49 - - [06/May/2022:04:23:55 +0200] "GET /-p-42297.html HTTP/1.0" 200 70808 "-" "Mozilla/5.0 (compatible; MJ12bot/v1.4.8; http://mj12bot.com/)"
65.108.142.49 - - [06/May/2022:04:23:58 +0200] "GET /-p-42299.html HTTP/1.0" 200 70808 "-" "Mozilla/5.0 (compatible; MJ12bot/v1.4.8; http://mj12bot.com/)"
65.108.142.49 - - [06/May/2022:04:24:00 +0200] "GET /-p-42300.html HTTP/1.0" 200 70808 "-" "Mozilla/5.0 (compatible; MJ12bot/v1.4.8; http://mj12bot.com/)"
65.108.142.49 - - [06/May/2022:04:24:03 +0200] "GET /-p-42600.html HTTP/1.0" 200 70808 "-" "Mozilla/5.0 (compatible; MJ12bot/v1.4.8; http://mj12bot.com/)"
46.4.108.51 - - [06/May/2022:04:24:05 +0200] "GET /urss-adult-cbkreation-p-29959.html HTTP/1.0" 200 73540 "-" "Mozilla/5.0 (compatible; BLEXBot/1.0; +http://webmeup-crawler.com/)"
65.108.142.49 - - [06/May/2022:04:24:06 +0200] "GET /-p-43092.html HTTP/1.0" 200 70808 "-" "Mozilla/5.0 (compatible; MJ12bot/v1.4.8; http://mj12bot.com/)"
65.108.142.49 - - [06/May/2022:04:24:09 +0200] "GET /-p-44011.html HTTP/1.0" 200 70808 "-" "Mozilla/5.0 (compatible; MJ12bot/v1.4.8; http://mj12bot.com/)"
54.36.148.243 - - [06/May/2022:04:24:10 +0200] "GET /coffee-c-13_150_153.html?page=1 HTTP/1.0" 200 90828 "-" "Mozilla/5.0 (compatible; AhrefsBot/7.0; +http://ahrefs.com/robot/)"
65.108.142.49 - - [06/May/2022:04:24:12 +0200] "GET /-p-44412.html HTTP/1.0" 200 70808 "-" "Mozilla/5.0 (compatible; MJ12bot/v1.4.8; http://mj12bot.com/)"
65.108.142.49 - - [06/May/2022:04:24:16 +0200] "GET /-p-44613.html HTTP/1.0" 200 70808 "-" "Mozilla/5.0 (compatible; MJ12bot/v1.4.8; http://mj12bot.com/)"
65.108.142.49 - - [06/May/2022:04:24:19 +0200] "GET /-p-4581.html HTTP/1.0" 200 70806 "-" "Mozilla/5.0 (compatible; MJ12bot/v1.4.8; http://mj12bot.com/)"
65.108.142.49 - - [06/May/2022:04:24:22 +0200] "GET /-p-49100.html HTTP/1.0" 200 70808 "-" "Mozilla/5.0 (compatible; MJ12bot/v1.4.8; http://mj12bot.com/)"
65.108.142.49 - - [06/May/2022:04:24:25 +0200] "GET /-p-49665.html HTTP/1.0" 200 70808 "-" "Mozilla/5.0 (compatible; MJ12bot/v1.4.8; http://mj12bot.com/)"
213.173.103.230 - - [06/May/2022:04:24:29 +0200] "GET /images/mini_prod/8904245400989.jpg HTTP/1.0" 200 269 "-" "Mozilla/5.0 (X11; Ubuntu; Linux x86_64; rv:72.0) Gecko/20100101 Firefox/72.0"
65.108.142.49 - - [06/May/2022:04:24:28 +0200] "GET /-p-49666.html HTTP/1.0" 200 70808 "-" "Mozilla/5.0 (compatible; MJ12bot/v1.4.8; http://mj12bot.com/)"
65.108.142.49 - - [06/May/2022:04:24:31 +0200] "GET /-p-5100.html HTTP/1.0" 200 70806 "-" "Mozilla/5.0 (compatible; MJ12bot/v1.4.8; http://mj12bot.com/)"
65.108.142.49 - - [06/May/2022:04:24:34 +0200] "GET /-p-51654.html HTTP/1.0" 200 70808 "-" "Mozilla/5.0 (compatible; MJ12bot/v1.4.8; http://mj12bot.com/)"
46.4.108.51 - - [06/May/2022:04:24:35 +0200] "GET /utensil-cutlery-c-12_244.html?page=2 HTTP/1.0" 200 79772 "-" "Mozilla/5.0 (compatible; BLEXBot/1.0; +http://webmeup-crawler.com/)"
65.108.142.49 - - [06/May/2022:04:24:37 +0200] "GET /-p-51741.html HTTP/1.0" 200 70808 "-" "Mozilla/5.0 (compatible; MJ12bot/v1.4.8; http://mj12bot.com/)"
65.108.142.49 - - [06/May/2022:04:24:40 +0200] "GET /-p-5201.html HTTP/1.0" 200 70806 "-" "Mozilla/5.0 (compatible; MJ12bot/v1.4.8; http://mj12bot.com/)"
65.108.142.49 - - [06/May/2022:04:24:43 +0200] "GET /accessories-p-27847.html HTTP/1.0" 200 70878 "-" "Mozilla/5.0 (compatible; MJ12bot/v1.4.8; http://mj12bot.com/)"
17.121.112.174 - - [06/May/2022:04:24:43 +0200] "GET /food-p-48329.html HTTP/1.0" 200 70855 "-" "Mozilla/5.0 (Macintosh; Intel Mac OS X 10_15_5) AppleWebKit/605.1.15 (KHTML, like Gecko) Version/13.1.1 Safari/605.1.15 (Applebot/0.1; +http://www.apple.com/go/applebot)"
65.108.142.49 - - [06/May/2022:04:24:46 +0200] "GET /alice-wonderland-scarf-p-56848.html HTTP/1.0" 200 74160 "-" "Mozilla/5.0 (compatible; MJ12bot/v1.4.8; http://mj12bot.com/)"
65.108.142.49 - - [06/May/2022:04:24:49 +0200] "GET /allen-p-25808.html HTTP/1.0" 200 70840 "-" "Mozilla/5.0 (compatible; MJ12bot/v1.4.8; http://mj12bot.com/)"
65.108.142.49 - - [06/May/2022:04:24:51 +0200] "GET /allen-p-25809.html HTTP/1.0" 200 73346 "-" "Mozilla/5.0 (compatible; MJ12bot/v1.4.8; http://mj12bot.com/)"
65.108.142.49 - - [06/May/2022:04:24:55 +0200] "GET /artist-jimmy-liao-rabbit-figure-sonny-angel-p-56919.html HTTP/1.0" 200 74303 "-" "Mozilla/5.0 (compatible; MJ12bot/v1.4.8; http://mj12bot.com/)"
65.108.142.49 - - [06/May/2022:04:24:58 +0200] "GET /astrix-figure-p-3925.html HTTP/1.0" 200 70865 "-" "Mozilla/5.0 (compatible; MJ12bot/v1.4.8; http://mj12bot.com/)"
65.108.142.49 - - [06/May/2022:04:25:00 +0200] "GET /astrix-oblix-assurancetourix-figure-p-4585.html HTTP/1.0" 200 70996 "-" "Mozilla/5.0 (compatible; MJ12bot/v1.4.8; http://mj12bot.com/)"
46.4.108.51 - - [06/May/2022:04:25:02 +0200] "GET /vache-pitcher-p-44861.html HTTP/1.0" 200 73440 "-" "Mozilla/5.0 (compatible; BLEXBot/1.0; +http://webmeup-crawler.com/)"
65.108.142.49 - - [06/May/2022:04:25:03 +0200] "GET /astronaut-nici-glitter-globe-p-22387.html HTTP/1.0" 200 70939 "-" "Mozilla/5.0 (compatible; MJ12bot/v1.4.8; http://mj12bot.com/)"
65.108.142.49 - - [06/May/2022:04:25:07 +0200] "GET /atol-moroccan-ashtray-p-54601.html HTTP/1.0" 200 73401 "-" "Mozilla/5.0 (compatible; MJ12bot/v1.4.8; http://mj12bot.com/)"
65.108.142.49 - - [06/May/2022:04:25:10 +0200] "GET /au-petit-bonheur-ceramic-mug-with-infuser-p-32210.html HTTP/1.0" 301 73669 "-" "Mozilla/5.0 (compatible; MJ12bot/v1.4.8; http://mj12bot.com/)"
213.173.103.213 - - [06/May/2022:04:25:14 +0200] "GET /images/mini_prod/1384010204238.jpg HTTP/1.0" 200 269 "-" "Mozilla/5.0 (X11; Ubuntu; Linux x86_64; rv:72.0) Gecko/20100101 Firefox/72.0"
65.108.142.49 - - [06/May/2022:04:25:13 +0200] "GET /petit-bonheur-ceramic-with-infuser-p-32210.html HTTP/1.0" 200 73568 "-" "Mozilla/5.0 (compatible; MJ12bot/v1.4.8; http://mj12bot.com/)"
54.36.148.243 - - [06/May/2022:04:25:15 +0200] "GET /figurine-golden-crocodile-glass-bubble-p-56418.html HTTP/1.0" 200 74472 "-" "Mozilla/5.0 (compatible; AhrefsBot/7.0; +http://ahrefs.com/robot/)"
65.108.142.49 - - [06/May/2022:04:25:16 +0200] "GET /avengers-placemat-p-37536.html HTTP/1.0" 200 70866 "-" "Mozilla/5.0 (compatible; MJ12bot/v1.4.8; http://mj12bot.com/)"
65.108.142.49 - - [06/May/2022:04:25:20 +0200] "GET /baby-angel-statue-angel-baptism-p-51134.html HTTP/1.0" 200 73627 "-" "Mozilla/5.0 (compatible; MJ12bot/v1.4.8; http://mj12bot.com/)"
185.191.171.5 - - [06/May/2022:04:25:21 +0200] "GET /hand-fatma-with-infuser-p-56676.html?action=add_product HTTP/1.0" 302 476 "-" "Mozilla/5.0 (compatible; SemrushBot/7~bl; +http://www.semrush.com/bot.html)"
65.108.142.49 - - [06/May/2022:04:25:23 +0200] "GET /baby-boy-angel-statue-angel-baptism-p-51134.html HTTP/1.0" 301 73725 "-" "Mozilla/5.0 (compatible; MJ12bot/v1.4.8; http://mj12bot.com/)"
65.108.142.49 - - [06/May/2022:04:25:26 +0200] "GET /baby-angel-statue-angel-baptism-p-51134.html HTTP/1.0" 200 73627 "-" "Mozilla/5.0 (compatible; MJ12bot/v1.4.8; http://mj12bot.com/)"
65.108.142.49 - - [06/May/2022:04:25:29 +0200] "GET /baby-photo-frame-wooden-first-year-p-42197.html HTTP/1.0" 200 70984 "-" "Mozilla/5.0 (compatible; MJ12bot/v1.4.8; http://mj12bot.com/)"
46.4.108.51 - - [06/May/2022:04:25:31 +0200] "GET /valdrome-kalian-napkin-made-france-p-43970.html HTTP/1.0" 200 74247 "-" "Mozilla/5.0 (compatible; BLEXBot/1.0; +http://webmeup-crawler.com/)"
65.108.142.49 - - [06/May/2022:04:25:32 +0200] "GET /baby-photo-frame-wooden-my-first-year-p-42197.html HTTP/1.0" 301 71085 "-" "Mozilla/5.0 (compatible; MJ12bot/v1.4.8; http://mj12bot.com/)"
65.108.142.49 - - [06/May/2022:04:25:36 +0200] "GET /baby-photo-frame-wooden-first-year-p-42197.html HTTP/1.0" 200 70984 "-" "Mozilla/5.0 (compatible; MJ12bot/v1.4.8; http://mj12bot.com/)"
65.108.142.49 - - [06/May/2022:04:25:39 +0200] "GET /bag-of-100-candle-wicks-la-bougie-autrement-p-53093.html HTTP/1.0" 301 74242 "-" "Mozilla/5.0 (compatible; MJ12bot/v1.4.8; http://mj12bot.com/)"
65.108.142.49 - - [06/May/2022:04:25:42 +0200] "GET /candle-wicks-bougie-autrement-p-53093.html HTTP/1.0" 200 74146 "-" "Mozilla/5.0 (compatible; MJ12bot/v1.4.8; http://mj12bot.com/)"
213.173.103.138 - - [06/May/2022:04:25:44 +0200] "GET /images/mini_prod/5051276388199.jpg HTTP/1.0" 200 269 "-" "Mozilla/5.0 (X11; Ubuntu; Linux x86_64; rv:72.0) Gecko/20100101 Firefox/72.0"
65.108.142.49 - - [06/May/2022:04:25:45 +0200] "GET /bag-of-50-candle-wicks-la-bougie-autrement-p-53093.html HTTP/1.0" 301 74242 "-" "Mozilla/5.0 (compatible; MJ12bot/v1.4.8; http://mj12bot.com/)"
65.108.142.49 - - [06/May/2022:04:25:48 +0200] "GET /candle-wicks-bougie-autrement-p-53093.html HTTP/1.0" 200 74146 "-" "Mozilla/5.0 (compatible; MJ12bot/v1.4.8; http://mj12bot.com/)"
65.108.142.49 - - [06/May/2022:04:25:51 +0200] "GET /banania-coasters-p-40040.html HTTP/1.0" 200 73408 "-" "Mozilla/5.0 (compatible; MJ12bot/v1.4.8; http://mj12bot.com/)"
65.108.142.49 - - [06/May/2022:04:25:53 +0200] "GET /banania-set-of-coasters-p-40040.html HTTP/1.0" 301 73491 "-" "Mozilla/5.0 (compatible; MJ12bot/v1.4.8; http://mj12bot.com/)"
65.108.142.49 - - [06/May/2022:04:25:56 +0200] "GET /banania-coasters-p-40040.html HTTP/1.0" 200 73408 "-" "Mozilla/5.0 (compatible; MJ12bot/v1.4.8; http://mj12bot.com/)"
65.108.142.49 - - [06/May/2022:04:26:00 +0200] "GET /barbapapa-wooden-arch-p-6646.html HTTP/1.0" 200 73560 "-" "Mozilla/5.0 (compatible; MJ12bot/v1.4.8; http://mj12bot.com/)"
65.108.142.49 - - [06/May/2022:04:26:03 +0200] "GET /barbecue-and-aperitif-c-12_254.html?page=1 HTTP/1.0" 301 90285 "-" "Mozilla/5.0 (compatible; MJ12bot/v1.4.8; http://mj12bot.com/)"
46.4.108.51 - - [06/May/2022:04:26:04 +0200] "GET /vanity-printed-running-horses-p-35450.html HTTP/1.0" 200 75911 "-" "Mozilla/5.0 (compatible; BLEXBot/1.0; +http://webmeup-crawler.com/)"
65.108.142.49 - - [06/May/2022:04:26:06 +0200] "GET /barbecue-aperitif-c-254.html?page=1 HTTP/1.0" 301 90184 "-" "Mozilla/5.0 (compatible; MJ12bot/v1.4.8; http://mj12bot.com/)"
54.36.148.243 - - [06/May/2022:04:26:10 +0200] "GET /harley-davidson-metal-plate-p-37074.html HTTP/1.0" 200 73611 "-" "Mozilla/5.0 (compatible; AhrefsBot/7.0; +http://ahrefs.com/robot/)"
65.108.142.49 - - [06/May/2022:04:26:10 +0200] "GET /barbecue-aperitif-c-12_254.html?page=1 HTTP/1.0" 200 90196 "-" "Mozilla/5.0 (compatible; MJ12bot/v1.4.8; http://mj12bot.com/)"
77.88.5.208 - - [06/May/2022:04:26:15 +0200] "GET /nuova-fiat-shoulder-p-23065.html HTTP/1.0" 200 70898 "-" "Mozilla/5.0 (compatible; YandexBot/3.0; +http://yandex.com/bots)"
65.108.142.49 - - [06/May/2022:04:26:15 +0200] "GET /barbecue-aperitif-c-12_254.html?page=1 HTTP/1.0" 200 90196 "-" "Mozilla/5.0 (compatible; MJ12bot/v1.4.8; http://mj12bot.com/)"
54.36.148.78 - - [06/May/2022:04:26:17 +0200] "GET /images/big_prod/4036113240015.jpg HTTP/1.0" 200 268 "-" "Mozilla/5.0 (compatible; AhrefsBot/7.0; +http://ahrefs.com/robot/)"
213.173.103.138 - - [06/May/2022:04:26:19 +0200] "GET /images/mini_prod/4036113831022.jpg HTTP/1.0" 200 269 "-" "Mozilla/5.0 (X11; Ubuntu; Linux x86_64; rv:72.0) Gecko/20100101 Firefox/72.0"
185.191.171.9 - - [06/May/2022:04:26:19 +0200] "GET /cushion-cover-parakeet-p-51363.html?action=add_product HTTP/1.0" 302 476 "-" "Mozilla/5.0 (compatible; SemrushBot/7~bl; +http://www.semrush.com/bot.html)"
111.225.144.204 - - [06/May/2022:04:26:20 +0200] "GET /images/mini_prod/5036278051050.jpg HTTP/1.0" 200 269 "-" "Mozilla/5.0 (Macintosh; Intel Mac OS X 10_12_4) AppleWebKit/537.36 (KHTML, like Gecko) Chrome/58.0.3029.110 Safari/537.36"
65.108.142.49 - - [06/May/2022:04:26:18 +0200] "GET /barbecue-aperitif-c-254.html?page=1 HTTP/1.0" 301 90184 "-" "Mozilla/5.0 (compatible; MJ12bot/v1.4.8; http://mj12bot.com/)"
65.108.142.49 - - [06/May/2022:04:26:22 +0200] "GET /barbecue-aperitif-c-12_254.html?page=1 HTTP/1.0" 200 90196 "-" "Mozilla/5.0 (compatible; MJ12bot/v1.4.8; http://mj12bot.com/)"
65.108.142.49 - - [06/May/2022:04:26:25 +0200] "GET /bear-cups-espresso-p-45596.html HTTP/1.0" 200 70928 "-" "Mozilla/5.0 (compatible; MJ12bot/v1.4.8; http://mj12bot.com/)"
65.108.142.49 - - [06/May/2022:04:26:28 +0200] "GET /bear-on-ice-guest-towel-p-45574.html HTTP/1.0" 301 70959 "-" "Mozilla/5.0 (compatible; MJ12bot/v1.4.8; http://mj12bot.com/)"
65.108.142.49 - - [06/May/2022:04:26:31 +0200] "GET /bear-guest-towel-p-45574.html HTTP/1.0" 200 70876 "-" "Mozilla/5.0 (compatible; MJ12bot/v1.4.8; http://mj12bot.com/)"
46.4.108.51 - - [06/May/2022:04:26:34 +0200] "GET /vanua-cotton-basket-planter-p-57438.html HTTP/1.0" 200 74334 "-" "Mozilla/5.0 (compatible; BLEXBot/1.0; +http://webmeup-crawler.com/)"
65.108.142.49 - - [06/May/2022:04:26:34 +0200] "GET /bear-on-ice-set-cups-espresso-p-45596.html HTTP/1.0" 301 71013 "-" "Mozilla/5.0 (compatible; MJ12bot/v1.4.8; http://mj12bot.com/)"
65.108.142.49 - - [06/May/2022:04:26:37 +0200] "GET /bear-cups-espresso-p-45596.html HTTP/1.0" 200 70928 "-" "Mozilla/5.0 (compatible; MJ12bot/v1.4.8; http://mj12bot.com/)"
192.0.118.116 - - [06/May/2022:04:26:40 +0200] "GET /images/big_prod/8435306288852.jpg HTTP/1.0" 200 268 "-" "Photon/1.0"
111.225.144.149 - - [06/May/2022:04:26:41 +0200] "GET /images/mini_prod/5055071696022.jpg HTTP/1.0" 200 269 "-" "Mozilla/5.0 (Macintosh; Intel Mac OS X 10_12_4) AppleWebKit/537.36 (KHTML, like Gecko) Chrome/58.0.3029.110 Safari/537.36"
65.108.142.49 - - [06/May/2022:04:26:40 +0200] "GET /bear-on-ice-soup-bowl-with-spoon-p-45600.html HTTP/1.0" 301 71037 "-" "Mozilla/5.0 (compatible; MJ12bot/v1.4.8; http://mj12bot.com/)"
65.108.142.49 - - [06/May/2022:04:26:42 +0200] "GET /bear-soup-bowl-with-spoon-p-45600.html HTTP/1.0" 200 70945 "-" "Mozilla/5.0 (compatible; MJ12bot/v1.4.8; http://mj12bot.com/)"
114.119.137.45 - - [06/May/2022:04:26:44 +0200] "GET /images/big_prod/9316188090841.jpg HTTP/1.0" 200 268 "-" "Mozilla/5.0 (Linux; Android 7.0;) AppleWebKit/537.36 (KHTML, like Gecko) Mobile Safari/537.36 (compatible; PetalBot;+https://webmaster.petalsearch.com/site/petalbot)"
65.108.142.49 - - [06/May/2022:04:26:45 +0200] "GET /bear-soup-bowl-with-spoon-p-45600.html HTTP/1.0" 200 70945 "-" "Mozilla/5.0 (compatible; MJ12bot/v1.4.8; http://mj12bot.com/)"
65.108.142.49 - - [06/May/2022:04:26:48 +0200] "GET /beauty-nail-p-32081.html HTTP/1.0" 301 70875 "-" "Mozilla/5.0 (compatible; MJ12bot/v1.4.8; http://mj12bot.com/)"
65.108.142.49 - - [06/May/2022:04:26:51 +0200] "GET /-p-32081.html HTTP/1.0" 200 70808 "-" "Mozilla/5.0 (compatible; MJ12bot/v1.4.8; http://mj12bot.com/)"
65.108.142.49 - - [06/May/2022:04:26:54 +0200] "GET /beauty-nail-p-34824.html HTTP/1.0" 200 73502 "-" "Mozilla/5.0 (compatible; MJ12bot/v1.4.8; http://mj12bot.com/)"
46.4.108.51 - - [06/May/2022:04:26:56 +0200] "GET /vanua-cotton-basket-planter-p-57439.html HTTP/1.0" 200 74328 "-" "Mozilla/5.0 (compatible; BLEXBot/1.0; +http://webmeup-crawler.com/)"
65.108.142.49 - - [06/May/2022:04:26:57 +0200] "GET /bedclothes-140-200-cm-geomix-p-51701.html HTTP/1.0" 301 70875 "-" "Mozilla/5.0 (compatible; MJ12bot/v1.4.8; http://mj12bot.com/)"
216.244.66.242 - - [06/May/2022:04:26:59 +0200] "GET /decorative-and-articulated-magnifying-glass-p-49462.html HTTP/1.0" 301 73811 "-" "Mozilla/5.0 (compatible; DotBot/1.2; +https://opensiteexplorer.org/dotbot; help@moz.com)"
65.108.142.49 - - [06/May/2022:04:27:01 +0200] "GET /-p-51701.html HTTP/1.0" 200 70808 "-" "Mozilla/5.0 (compatible; MJ12bot/v1.4.8; http://mj12bot.com/)"
65.108.142.49 - - [06/May/2022:04:27:04 +0200] "GET /bistrot-de-paris-adult-apron-p-45519.html HTTP/1.0" 301 70996 "-" "Mozilla/5.0 (compatible; MJ12bot/v1.4.8; http://mj12bot.com/)"
65.108.142.49 - - [06/May/2022:04:27:07 +0200] "GET /bistrot-paris-adult-apron-p-45519.html HTTP/1.0" 200 70904 "-" "Mozilla/5.0 (compatible; MJ12bot/v1.4.8; http://mj12bot.com/)"
65.108.142.49 - - [06/May/2022:04:27:09 +0200] "GET /bistrot-paris-adult-apron-p-45519.html HTTP/1.0" 200 70904 "-" "Mozilla/5.0 (compatible; MJ12bot/v1.4.8; http://mj12bot.com/)"
185.191.171.8 - - [06/May/2022:04:27:13 +0200] "GET /luminous-ultrasonic-diffuser-essential-oils-p-51008.html HTTP/1.0" 200 70976 "-" "Mozilla/5.0 (compatible; SemrushBot/7~bl; +http://www.semrush.com/bot.html)"
65.108.142.49 - - [06/May/2022:04:27:12 +0200] "GET /black-glass-ashtray-betty-boop-p-15464.html HTTP/1.0" 200 73221 "-" "Mozilla/5.0 (compatible; MJ12bot/v1.4.8; http://mj12bot.com/)"
65.108.142.49 - - [06/May/2022:04:27:15 +0200] "GET /black-industrial-retro-aged-metal-key-box-p-44886.html HTTP/1.0" 301 74804 "-" "Mozilla/5.0 (compatible; MJ12bot/v1.4.8; http://mj12bot.com/)"
65.108.142.49 - - [06/May/2022:04:27:19 +0200] "GET /black-industrial-retro-aged-metal-p-44886.html HTTP/1.0" 200 74704 "-" "Mozilla/5.0 (compatible; MJ12bot/v1.4.8; http://mj12bot.com/)"
65.108.142.49 - - [06/May/2022:04:27:22 +0200] "GET /black-industrial-retro-aged-metal-p-44886.html HTTP/1.0" 200 74704 "-" "Mozilla/5.0 (compatible; MJ12bot/v1.4.8; http://mj12bot.com/)"
54.36.148.243 - - [06/May/2022:04:27:30 +0200] "GET /mirror-blue-combi-peace-love-p-42126.html HTTP/1.0" 200 73487 "-" "Mozilla/5.0 (compatible; AhrefsBot/7.0; +http://ahrefs.com/robot/)"
40.77.167.13 - - [06/May/2022:04:27:46 +0200] "GET /pedal-green-p-52588.html HTTP/1.0" 200 74542 "-" "Mozilla/5.0 (compatible; bingbot/2.0; +http://www.bing.com/bingbot.htm)"
66.249.73.134 - - [06/May/2022:04:27:58 +0200] "GET /images/big_prod_1/1491693047073B.jpg HTTP/1.0" 200 271 "-" "Googlebot-Image/1.0"
111.225.144.222 - - [06/May/2022:04:28:01 +0200] "GET /images/mini_prod/3560600303118.jpg HTTP/1.0" 200 269 "-" "Mozilla/5.0 (Macintosh; Intel Mac OS X 10_12_4) AppleWebKit/537.36 (KHTML, like Gecko) Chrome/58.0.3029.110 Safari/537.36"
40.77.167.13 - - [06/May/2022:04:28:05 +0200] "GET /flatwares-c-12_63.html HTTP/1.0" 200 89963 "-" "Mozilla/5.0 (compatible; bingbot/2.0; +http://www.bing.com/bingbot.htm)"
46.4.108.51 - - [06/May/2022:04:28:06 +0200] "GET /vanua-cotton-basket-planter-p-57832.html HTTP/1.0" 200 74331 "-" "Mozilla/5.0 (compatible; BLEXBot/1.0; +http://webmeup-crawler.com/)"
185.191.171.25 - - [06/May/2022:04:28:11 +0200] "GET /cotton-kitchen-towel-provence-p-53930.html?action=add_product HTTP/1.0" 302 476 "-" "Mozilla/5.0 (compatible; SemrushBot/7~bl; +http://www.semrush.com/bot.html)"
157.55.39.172 - - [06/May/2022:04:28:14 +0200] "GET /cats-dubout-figurine-p-33745.html HTTP/1.0" 200 74541 "-" "Mozilla/5.0 (compatible; bingbot/2.0; +http://www.bing.com/bingbot.htm)"
17.121.115.251 - - [06/May/2022:04:28:17 +0200] "GET /kitchen-support-p-40859.html HTTP/1.0" 200 73646 "-" "Mozilla/5.0 (Macintosh; Intel Mac OS X 10_15_5) AppleWebKit/605.1.15 (KHTML, like Gecko) Version/13.1.1 Safari/605.1.15 (Applebot/0.1; +http://www.apple.com/go/applebot)"
213.173.103.230 - - [06/May/2022:04:28:35 +0200] "GET /images/big_prod_1/1345544973540a.jpg HTTP/1.0" 200 271 "-" "Mozilla/5.0 (X11; Ubuntu; Linux x86_64; rv:72.0) Gecko/20100101 Firefox/72.0"
213.173.103.230 - - [06/May/2022:04:28:42 +0200] "GET /images/mini_prod/8424001278909.jpg HTTP/1.0" 200 269 "-" "Mozilla/5.0 (X11; Ubuntu; Linux x86_64; rv:72.0) Gecko/20100101 Firefox/72.0"
46.4.108.51 - - [06/May/2022:04:28:51 +0200] "GET /vanua-cotton-basket-planter-p-57833.html HTTP/1.0" 200 74325 "-" "Mozilla/5.0 (compatible; BLEXBot/1.0; +http://webmeup-crawler.com/)"
54.36.148.243 - - [06/May/2022:04:28:53 +0200] "GET /mirror-structure-golden-curved-discs-p-49681.html HTTP/1.0" 200 73678 "-" "Mozilla/5.0 (compatible; AhrefsBot/7.0; +http://ahrefs.com/robot/)"
77.88.5.208 - - [06/May/2022:04:28:53 +0200] "GET /moki-bedspread-gold-p-56952.html HTTP/1.0" 200 74272 "-" "Mozilla/5.0 (compatible; YandexBot/3.0; +http://yandex.com/bots)"
185.191.171.10 - - [06/May/2022:04:29:19 +0200] "GET /robots.txt HTTP/1.0" 301 531 "-" "Mozilla/5.0 (compatible; SemrushBot/7~bl; +http://www.semrush.com/bot.html)"
185.191.171.5 - - [06/May/2022:04:29:20 +0200] "GET /robots.txt HTTP/1.0" 200 245 "-" "Mozilla/5.0 (compatible; SemrushBot/7~bl; +http://www.semrush.com/bot.html)"
185.191.171.26 - - [06/May/2022:04:29:21 +0200] "GET /luggages-schoolbags-leather-shop/bagshandbags-shoulder-bags/vespa-small-bag-p-23051.html HTTP/1.0" 301 687 "-" "Mozilla/5.0 (compatible; SemrushBot/7~bl; +http://www.semrush.com/bot.html)"
185.191.171.43 - - [06/May/2022:04:29:21 +0200] "GET /luggages-schoolbags-leather-shop/bagshandbags-shoulder-bags/vespa-small-bag-p-23051.html HTTP/1.0" 301 70875 "-" "Mozilla/5.0 (compatible; SemrushBot/7~bl; +http://www.semrush.com/bot.html)"
46.4.108.51 - - [06/May/2022:04:29:23 +0200] "GET /vanua-cotton-basket-planter-p-57834.html HTTP/1.0" 200 74309 "-" "Mozilla/5.0 (compatible; BLEXBot/1.0; +http://webmeup-crawler.com/)"
185.191.171.2 - - [06/May/2022:04:29:24 +0200] "GET /-p-23051.html HTTP/1.0" 200 70808 "-" "Mozilla/5.0 (compatible; SemrushBot/7~bl; +http://www.semrush.com/bot.html)"
114.119.137.3 - - [06/May/2022:04:29:38 +0200] "GET /glass-and-ceramic-hermetic-pot-21-cm-p-41246.html HTTP/1.0" 301 73618 "-" "Mozilla/5.0 (Linux; Android 7.0;) AppleWebKit/537.36 (KHTML, like Gecko) Mobile Safari/537.36 (compatible; PetalBot;+https://webmaster.petalsearch.com/site/petalbot)"
114.119.137.3 - - [06/May/2022:04:29:40 +0200] "GET /glass-ceramic-hermetic-p-41246.html HTTP/1.0" 200 73529 "-" "Mozilla/5.0 (Linux; Android 7.0;) AppleWebKit/537.36 (KHTML, like Gecko) Mobile Safari/537.36 (compatible; PetalBot;+https://webmaster.petalsearch.com/site/petalbot)"
66.249.73.138 - - [06/May/2022:04:29:57 +0200] "GET /images/big_prod/577GJ16.jpg HTTP/1.0" 200 262 "-" "Googlebot-Image/1.0"
54.36.148.243 - - [06/May/2022:04:30:02 +0200] "GET /fragrances-ambiance-c-231.html?page=4 HTTP/1.0" 200 94815 "-" "Mozilla/5.0 (compatible; AhrefsBot/7.0; +http://ahrefs.com/robot/)"
51.68.224.127 - - [06/May/2022:04:30:11 +0200] "GET /adminweb/export_orders_xml.php?token=256de2z6edz6ed2z6DFSFsed2zed6zeDSFDSGdzedezfzf&maxorders=10&orderstart=1&status=14&start_date=2018-10-01 HTTP/1.0" 200 285 "-" "GesCom CharlotteBoutik Serveur"
51.68.224.127 - - [06/May/2022:04:30:11 +0200] "GET /adminweb/export_orders_xml.php?token=256de2z6edz6ed2z6DFSFsed2zed6zeDSFDSGdzedezfzf&maxorders=10&orderstart=1&status=6&start_date=2018-10-01 HTTP/1.0" 200 32798 "-" "GesCom CharlotteBoutik Serveur"
46.4.108.51 - - [06/May/2022:04:30:13 +0200] "GET /vase-owls-porcelain-p-55118.html HTTP/1.0" 200 74495 "-" "Mozilla/5.0 (compatible; BLEXBot/1.0; +http://webmeup-crawler.com/)"
46.4.108.51 - - [06/May/2022:04:30:25 +0200] "GET /vase-soliflore-c-13_232.html?page=2 HTTP/1.0" 200 91114 "-" "Mozilla/5.0 (compatible; BLEXBot/1.0; +http://webmeup-crawler.com/)"
77.88.5.208 - - [06/May/2022:04:30:36 +0200] "GET /raving-rabbids-3d-figure-p-18026.html HTTP/1.0" 301 70875 "-" "Mozilla/5.0 (compatible; YandexBot/3.0; +http://yandex.com/bots)"
17.121.112.26 - - [06/May/2022:04:30:37 +0200] "GET /images/mini_prod/3503420046278.jpg HTTP/1.0" 200 269 "-" "Mozilla/5.0 (Macintosh; Intel Mac OS X 10_15_5) AppleWebKit/605.1.15 (KHTML, like Gecko) Version/13.1.1 Safari/605.1.15 (Applebot/0.1; +http://www.apple.com/go/applebot)"
77.88.5.208 - - [06/May/2022:04:30:38 +0200] "GET /-p-18026.html HTTP/1.0" 200 70808 "-" "Mozilla/5.0 (compatible; YandexBot/3.0; +http://yandex.com/bots)"
