46.4.108.51 - - [06/May/2022:04:10:57 +0200] "GET /unicorn-bookends-p-50756.html HTTP/1.0" 200 73955 "-" "Mozilla/5.0 (compatible; BLEXBot/1.0; +http://webmeup-crawler.com/)"
65.108.125.120 - - [06/May/2022:04:11:01 +0200] "GET /tweety-gift-package-money-p-24160.html HTTP/1.0" 200 73495 "-" "Mozilla/5.0 (compatible; MJ12bot/v1.4.8; http://mj12bot.com/)"
185.191.171.6 - - [06/May/2022:04:11:06 +0200] "GET /wears-helmet-coat-rack-p-55946.html HTTP/1.0" 200 74122 "-" "Mozilla/5.0 (compatible; SemrushBot/7~bl; +http://www.semrush.com/bot.html)"
65.108.125.120 - - [06/May/2022:04:11:06 +0200] "GET /tweety-liberty-resin-figurine-p-28120.html HTTP/1.0" 200 70944 "-" "Mozilla/5.0 (compatible; MJ12bot/v1.4.8; http://mj12bot.com/)"
54.36.148.243 - - [06/May/2022:04:11:07 +0200] "GET /buddha-fullness-sticker-p-39176.html HTTP/1.0" 200 74234 "-" "Mozilla/5.0 (compatible; AhrefsBot/7.0; +http://ahrefs.com/robot/)"
65.108.125.120 - - [06/May/2022:04:11:12 +0200] "GET /tweety-love-money-box-p-34081.html HTTP/1.0" 301 73562 "-" "Mozilla/5.0 (compatible; MJ12bot/v1.4.8; http://mj12bot.com/)"
65.108.125.120 - - [06/May/2022:04:11:16 +0200] "GET /tweety-love-money-p-34081.html HTTP/1.0" 200 73478 "-" "Mozilla/5.0 (compatible; MJ12bot/v1.4.8; http://mj12bot.com/)"
65.108.142.49 - - [06/May/2022:04:11:20 +0200] "GET /robots.txt HTTP/1.0" 200 245 "-" "Mozilla/5.0 (compatible; MJ12bot/v1.4.8; http://mj12bot.com/)"
65.108.125.120 - - [06/May/2022:04:11:21 +0200] "GET /tweety-love-money-p-34081.html HTTP/1.0" 200 73478 "-" "Mozilla/5.0 (compatible; MJ12bot/v1.4.8; http://mj12bot.com/)"
65.108.142.49 - - [06/May/2022:04:11:22 +0200] "GET /-p-14667.html HTTP/1.0" 200 70808 "-" "Mozilla/5.0 (compatible; MJ12bot/v1.4.8; http://mj12bot.com/)"
65.108.142.49 - - [06/May/2022:04:11:25 +0200] "GET /-p-14671.html HTTP/1.0" 200 70808 "-" "Mozilla/5.0 (compatible; MJ12bot/v1.4.8; http://mj12bot.com/)"
77.88.5.208 - - [06/May/2022:04:11:25 +0200] "GET /totally-spies-swimsuit-p-30420.html HTTP/1.0" 200 74605 "-" "Mozilla/5.0 (compatible; YandexBot/3.0; +http://yandex.com/bots)"
65.108.125.120 - - [06/May/2022:04:11:26 +0200] "GET /tweety-money-box-p-8589.html HTTP/1.0" 301 73555 "-" "Mozilla/5.0 (compatible; MJ12bot/v1.4.8; http://mj12bot.com/)"
65.108.142.49 - - [06/May/2022:04:11:27 +0200] "GET /-p-14716.html HTTP/1.0" 200 70808 "-" "Mozilla/5.0 (compatible; MJ12bot/v1.4.8; http://mj12bot.com/)"
65.108.142.49 - - [06/May/2022:04:11:30 +0200] "GET /-p-14717.html HTTP/1.0" 200 70808 "-" "Mozilla/5.0 (compatible; MJ12bot/v1.4.8; http://mj12bot.com/)"
65.108.142.49 - - [06/May/2022:04:11:33 +0200] "GET /-p-14718.html HTTP/1.0" 200 70808 "-" "Mozilla/5.0 (compatible; MJ12bot/v1.4.8; http://mj12bot.com/)"
65.108.125.120 - - [06/May/2022:04:11:33 +0200] "GET /tweety-money-p-8589.html HTTP/1.0" 200 73477 "-" "Mozilla/5.0 (compatible; MJ12bot/v1.4.8; http://mj12bot.com/)"
65.108.142.49 - - [06/May/2022:04:11:36 +0200] "GET /-p-14719.html HTTP/1.0" 200 70808 "-" "Mozilla/5.0 (compatible; MJ12bot/v1.4.8; http://mj12bot.com/)"
185.191.171.2 - - [06/May/2022:04:11:37 +0200] "GET /kimmidoll-keyring-p-44098.html?action=add_product HTTP/1.0" 302 476 "-" "Mozilla/5.0 (compatible; SemrushBot/7~bl; +http://www.semrush.com/bot.html)"
185.191.171.16 - - [06/May/2022:04:11:38 +0200] "GET /robots.txt HTTP/1.0" 200 245 "-" "Mozilla/5.0 (compatible; SemrushBot/7~bl; +http://www.semrush.com/bot.html)"
65.108.142.49 - - [06/May/2022:04:11:38 +0200] "GET /-p-14745.html HTTP/1.0" 200 70808 "-" "Mozilla/5.0 (compatible; MJ12bot/v1.4.8; http://mj12bot.com/)"
65.108.125.120 - - [06/May/2022:04:11:39 +0200] "GET /tweety-money-p-8589.html HTTP/1.0" 200 73477 "-" "Mozilla/5.0 (compatible; MJ12bot/v1.4.8; http://mj12bot.com/)"
65.108.142.49 - - [06/May/2022:04:11:41 +0200] "GET /-p-14758.html HTTP/1.0" 200 70808 "-" "Mozilla/5.0 (compatible; MJ12bot/v1.4.8; http://mj12bot.com/)"
65.108.125.120 - - [06/May/2022:04:11:44 +0200] "GET /typewriter-pendulum-clock-by-michelle-allen-p-53180.html HTTP/1.0" 301 74668 "-" "Mozilla/5.0 (compatible; MJ12bot/v1.4.8; http://mj12bot.com/)"
65.108.142.49 - - [06/May/2022:04:11:45 +0200] "GET /-p-14767.html HTTP/1.0" 200 70808 "-" "Mozilla/5.0 (compatible; MJ12bot/v1.4.8; http://mj12bot.com/)"
65.108.142.49 - - [06/May/2022:04:11:49 +0200] "GET /-p-14770.html HTTP/1.0" 200 70808 "-" "Mozilla/5.0 (compatible; MJ12bot/v1.4.8; http://mj12bot.com/)"
65.108.125.120 - - [06/May/2022:04:11:49 +0200] "GET /typewriter-pendulum-clock-michelle-allen-p-53180.html HTTP/1.0" 200 74561 "-" "Mozilla/5.0 (compatible; MJ12bot/v1.4.8; http://mj12bot.com/)"
65.108.142.49 - - [06/May/2022:04:11:52 +0200] "GET /-p-14776.html HTTP/1.0" 200 70808 "-" "Mozilla/5.0 (compatible; MJ12bot/v1.4.8; http://mj12bot.com/)"
185.191.171.11 - - [06/May/2022:04:11:54 +0200] "GET /stitch-figurine-romero-britto-p-48457.html?action=add_product HTTP/1.0" 302 476 "-" "Mozilla/5.0 (compatible; SemrushBot/7~bl; +http://www.semrush.com/bot.html)"
65.108.125.120 - - [06/May/2022:04:11:54 +0200] "GET /typewriter-pendulum-clock-michelle-allen-p-53180.html HTTP/1.0" 200 74561 "-" "Mozilla/5.0 (compatible; MJ12bot/v1.4.8; http://mj12bot.com/)"
65.108.142.49 - - [06/May/2022:04:11:56 +0200] "GET /-p-14778.html HTTP/1.0" 200 70808 "-" "Mozilla/5.0 (compatible; MJ12bot/v1.4.8; http://mj12bot.com/)"
65.108.142.49 - - [06/May/2022:04:11:58 +0200] "GET /-p-14779.html HTTP/1.0" 200 70808 "-" "Mozilla/5.0 (compatible; MJ12bot/v1.4.8; http://mj12bot.com/)"
46.4.108.51 - - [06/May/2022:04:12:01 +0200] "GET /unicorn-jewelry-holder-black-p-48881.html HTTP/1.0" 200 73642 "-" "Mozilla/5.0 (compatible; BLEXBot/1.0; +http://webmeup-crawler.com/)"
65.108.125.120 - - [06/May/2022:04:12:01 +0200] "GET /ultrasonic-aromatic-diffuser-vita-p-57380.html HTTP/1.0" 200 74743 "-" "Mozilla/5.0 (compatible; MJ12bot/v1.4.8; http://mj12bot.com/)"
65.108.142.49 - - [06/May/2022:04:12:01 +0200] "GET /-p-14800.html HTTP/1.0" 200 70808 "-" "Mozilla/5.0 (compatible; MJ12bot/v1.4.8; http://mj12bot.com/)"
65.108.142.49 - - [06/May/2022:04:12:06 +0200] "GET /-p-14834.html HTTP/1.0" 200 70808 "-" "Mozilla/5.0 (compatible; MJ12bot/v1.4.8; http://mj12bot.com/)"
65.108.142.49 - - [06/May/2022:04:12:09 +0200] "GET /-p-14838.html HTTP/1.0" 200 70808 "-" "Mozilla/5.0 (compatible; MJ12bot/v1.4.8; http://mj12bot.com/)"
65.108.125.120 - - [06/May/2022:04:12:10 +0200] "GET /unicorn-plush-gold-and-white-20-cm-p-49624.html HTTP/1.0" 301 73635 "-" "Mozilla/5.0 (compatible; MJ12bot/v1.4.8; http://mj12bot.com/)"
111.225.144.156 - - [06/May/2022:04:12:13 +0200] "GET /images/mini_prod/3520071393056.jpg HTTP/1.0" 200 269 "-" "Mozilla/5.0 (Macintosh; Intel Mac OS X 10_12_4) AppleWebKit/537.36 (KHTML, like Gecko) Chrome/58.0.3029.110 Safari/537.36"
54.36.148.243 - - [06/May/2022:04:12:11 +0200] "GET /earth-globe-decoration-p-50902.html HTTP/1.0" 200 73501 "-" "Mozilla/5.0 (compatible; AhrefsBot/7.0; +http://ahrefs.com/robot/)"
65.108.142.49 - - [06/May/2022:04:12:12 +0200] "GET /-p-14889.html HTTP/1.0" 200 70808 "-" "Mozilla/5.0 (compatible; MJ12bot/v1.4.8; http://mj12bot.com/)"
65.108.142.49 - - [06/May/2022:04:12:14 +0200] "GET /-p-14890.html HTTP/1.0" 200 70808 "-" "Mozilla/5.0 (compatible; MJ12bot/v1.4.8; http://mj12bot.com/)"
65.108.125.120 - - [06/May/2022:04:12:15 +0200] "GET /unicorn-plush-gold-white-p-49624.html HTTP/1.0" 200 73544 "-" "Mozilla/5.0 (compatible; MJ12bot/v1.4.8; http://mj12bot.com/)"
65.108.142.49 - - [06/May/2022:04:12:17 +0200] "GET /-p-14910.html HTTP/1.0" 200 70808 "-" "Mozilla/5.0 (compatible; MJ12bot/v1.4.8; http://mj12bot.com/)"
46.4.108.51 - - [06/May/2022:04:12:19 +0200] "GET /unicorn-jewelry-holder-statuette-p-55818.html HTTP/1.0" 200 73669 "-" "Mozilla/5.0 (compatible; BLEXBot/1.0; +http://webmeup-crawler.com/)"
65.108.142.49 - - [06/May/2022:04:12:20 +0200] "GET /-p-14943.html HTTP/1.0" 200 70808 "-" "Mozilla/5.0 (compatible; MJ12bot/v1.4.8; http://mj12bot.com/)"
65.108.125.120 - - [06/May/2022:04:12:21 +0200] "GET /unicorn-plush-gold-white-p-49624.html HTTP/1.0" 200 73544 "-" "Mozilla/5.0 (compatible; MJ12bot/v1.4.8; http://mj12bot.com/)"
65.108.142.49 - - [06/May/2022:04:12:23 +0200] "GET /-p-14951.html HTTP/1.0" 200 70808 "-" "Mozilla/5.0 (compatible; MJ12bot/v1.4.8; http://mj12bot.com/)"
65.108.142.49 - - [06/May/2022:04:12:26 +0200] "GET /-p-14961.html HTTP/1.0" 200 70808 "-" "Mozilla/5.0 (compatible; MJ12bot/v1.4.8; http://mj12bot.com/)"
65.108.125.120 - - [06/May/2022:04:12:27 +0200] "GET /urban-life-flaccid-p-27934.html HTTP/1.0" 301 70875 "-" "Mozilla/5.0 (compatible; MJ12bot/v1.4.8; http://mj12bot.com/)"
65.108.142.49 - - [06/May/2022:04:12:29 +0200] "GET /-p-14977.html HTTP/1.0" 200 70808 "-" "Mozilla/5.0 (compatible; MJ12bot/v1.4.8; http://mj12bot.com/)"
65.108.142.49 - - [06/May/2022:04:12:31 +0200] "GET /-p-14978.html HTTP/1.0" 200 70808 "-" "Mozilla/5.0 (compatible; MJ12bot/v1.4.8; http://mj12bot.com/)"
65.108.125.120 - - [06/May/2022:04:12:31 +0200] "GET /-p-27934.html HTTP/1.0" 200 70808 "-" "Mozilla/5.0 (compatible; MJ12bot/v1.4.8; http://mj12bot.com/)"
163.204.242.2 - - [06/May/2022:04:12:33 +0200] "GET /contact_us.php HTTP/1.0" 200 26241 "http://www.wonder-geek.com/contact_us.php" "Mozilla/5.0 (Windows NT 10.0; Win64; x64) AppleWebKit/537.36 (KHTML, like Gecko) Chrome/83.0.4103.0 Safari/537.36"
65.108.142.49 - - [06/May/2022:04:12:34 +0200] "GET /-p-15024.html HTTP/1.0" 200 70808 "-" "Mozilla/5.0 (compatible; MJ12bot/v1.4.8; http://mj12bot.com/)"
65.108.142.49 - - [06/May/2022:04:12:37 +0200] "GET /-p-15264.html HTTP/1.0" 200 70808 "-" "Mozilla/5.0 (compatible; MJ12bot/v1.4.8; http://mj12bot.com/)"
163.204.242.2 - - [06/May/2022:04:12:38 +0200] "GET /contact_us.php HTTP/1.0" 200 26241 "http://www.wonder-geek.com/contact_us.php" "Mozilla/5.0 (Windows NT 10.0; Win64; x64) AppleWebKit/537.36 (KHTML, like Gecko) Chrome/83.0.4103.0 Safari/537.36"
65.108.125.120 - - [06/May/2022:04:12:37 +0200] "GET /urban-life-flask-p-27934.html HTTP/1.0" 301 70875 "-" "Mozilla/5.0 (compatible; MJ12bot/v1.4.8; http://mj12bot.com/)"
65.108.142.49 - - [06/May/2022:04:12:40 +0200] "GET /-p-15378.html HTTP/1.0" 200 70808 "-" "Mozilla/5.0 (compatible; MJ12bot/v1.4.8; http://mj12bot.com/)"
163.204.242.2 - - [06/May/2022:04:12:42 +0200] "GET /contact_us.php?language=fr HTTP/1.0" 200 26161 "http://www.wonder-geek.com/contact_us.php?language=fr" "Mozilla/5.0 (Windows NT 10.0; Win64; x64) AppleWebKit/537.36 (KHTML, like Gecko) Chrome/83.0.4103.0 Safari/537.36"
65.108.142.49 - - [06/May/2022:04:12:42 +0200] "GET /-p-15391.html HTTP/1.0" 200 70808 "-" "Mozilla/5.0 (compatible; MJ12bot/v1.4.8; http://mj12bot.com/)"
65.108.125.120 - - [06/May/2022:04:12:43 +0200] "GET /-p-27934.html HTTP/1.0" 200 70808 "-" "Mozilla/5.0 (compatible; MJ12bot/v1.4.8; http://mj12bot.com/)"
65.108.142.49 - - [06/May/2022:04:12:45 +0200] "GET /-p-15477.html HTTP/1.0" 200 70808 "-" "Mozilla/5.0 (compatible; MJ12bot/v1.4.8; http://mj12bot.com/)"
65.108.142.49 - - [06/May/2022:04:12:48 +0200] "GET /-p-15669.html HTTP/1.0" 200 70808 "-" "Mozilla/5.0 (compatible; MJ12bot/v1.4.8; http://mj12bot.com/)"
163.204.242.2 - - [06/May/2022:04:12:46 +0200] "GET /index.php HTTP/1.0" 200 157431 "http://www.wonder-geek.com/index.php" "Mozilla/5.0 (Windows NT 10.0; Win64; x64) AppleWebKit/537.36 (KHTML, like Gecko) Chrome/83.0.4103.0 Safari/537.36"
65.108.125.120 - - [06/May/2022:04:12:49 +0200] "GET /urss-adult-cap-by-cbk-p-29959.html HTTP/1.0" 301 73628 "-" "Mozilla/5.0 (compatible; MJ12bot/v1.4.8; http://mj12bot.com/)"
65.108.142.49 - - [06/May/2022:04:12:51 +0200] "GET /-p-15999.html HTTP/1.0" 200 70808 "-" "Mozilla/5.0 (compatible; MJ12bot/v1.4.8; http://mj12bot.com/)"
65.108.142.49 - - [06/May/2022:04:12:54 +0200] "GET /-p-16005.html HTTP/1.0" 200 70808 "-" "Mozilla/5.0 (compatible; MJ12bot/v1.4.8; http://mj12bot.com/)"
65.108.142.49 - - [06/May/2022:04:12:56 +0200] "GET /-p-16011.html HTTP/1.0" 200 70808 "-" "Mozilla/5.0 (compatible; MJ12bot/v1.4.8; http://mj12bot.com/)"
65.108.125.120 - - [06/May/2022:04:12:56 +0200] "GET /urss-adult-cbkreation-p-29959.html HTTP/1.0" 200 73540 "-" "Mozilla/5.0 (compatible; MJ12bot/v1.4.8; http://mj12bot.com/)"
65.108.142.49 - - [06/May/2022:04:12:59 +0200] "GET /-p-16018.html HTTP/1.0" 200 70808 "-" "Mozilla/5.0 (compatible; MJ12bot/v1.4.8; http://mj12bot.com/)"
65.108.142.49 - - [06/May/2022:04:13:02 +0200] "GET /-p-16482.html HTTP/1.0" 200 70808 "-" "Mozilla/5.0 (compatible; MJ12bot/v1.4.8; http://mj12bot.com/)"
65.108.125.120 - - [06/May/2022:04:13:02 +0200] "GET /urss-adult-cap-by-cbkreation-p-29959.html HTTP/1.0" 301 73628 "-" "Mozilla/5.0 (compatible; MJ12bot/v1.4.8; http://mj12bot.com/)"
65.108.142.49 - - [06/May/2022:04:13:05 +0200] "GET /-p-16778.html HTTP/1.0" 200 70808 "-" "Mozilla/5.0 (compatible; MJ12bot/v1.4.8; http://mj12bot.com/)"
163.204.242.2 - - [06/May/2022:04:13:02 +0200] "GET /index.php HTTP/1.0" 200 157959 "http://www.wonder-geek.com/index.php" "Mozilla/5.0 (Windows NT 10.0; Win64; x64) AppleWebKit/537.36 (KHTML, like Gecko) Chrome/83.0.4103.0 Safari/537.36"
65.108.142.49 - - [06/May/2022:04:13:08 +0200] "GET /-p-17030.html HTTP/1.0" 200 70808 "-" "Mozilla/5.0 (compatible; MJ12bot/v1.4.8; http://mj12bot.com/)"
65.108.125.120 - - [06/May/2022:04:13:09 +0200] "GET /urss-adult-cbkreation-p-29959.html HTTP/1.0" 200 73540 "-" "Mozilla/5.0 (compatible; MJ12bot/v1.4.8; http://mj12bot.com/)"
65.108.142.49 - - [06/May/2022:04:13:11 +0200] "GET /-p-17224.html HTTP/1.0" 200 70808 "-" "Mozilla/5.0 (compatible; MJ12bot/v1.4.8; http://mj12bot.com/)"
65.108.125.120 - - [06/May/2022:04:13:14 +0200] "GET /urss-adult-cbkreation-p-29959.html HTTP/1.0" 200 73540 "-" "Mozilla/5.0 (compatible; MJ12bot/v1.4.8; http://mj12bot.com/)"
46.4.108.51 - - [06/May/2022:04:13:15 +0200] "GET /robots.txt HTTP/1.0" 301 531 "-" "Mozilla/5.0 (compatible; BLEXBot/1.0; +http://webmeup-crawler.com/)"
46.4.108.51 - - [06/May/2022:04:13:15 +0200] "GET /robots.txt HTTP/1.0" 200 245 "-" "Mozilla/5.0 (compatible; BLEXBot/1.0; +http://webmeup-crawler.com/)"
65.108.142.49 - - [06/May/2022:04:13:14 +0200] "GET /-p-17228.html HTTP/1.0" 200 70808 "-" "Mozilla/5.0 (compatible; MJ12bot/v1.4.8; http://mj12bot.com/)"
46.4.108.51 - - [06/May/2022:04:13:15 +0200] "GET /unicorn-jewelry-holder-white-p-48880.html HTTP/1.0" 200 73643 "-" "Mozilla/5.0 (compatible; BLEXBot/1.0; +http://webmeup-crawler.com/)"
65.108.142.49 - - [06/May/2022:04:13:18 +0200] "GET /-p-17290.html HTTP/1.0" 200 70808 "-" "Mozilla/5.0 (compatible; MJ12bot/v1.4.8; http://mj12bot.com/)"
65.108.125.120 - - [06/May/2022:04:13:19 +0200] "GET /urss-clock-by-cbkreation-p-24369.html HTTP/1.0" 301 73643 "-" "Mozilla/5.0 (compatible; MJ12bot/v1.4.8; http://mj12bot.com/)"
65.108.142.49 - - [06/May/2022:04:13:20 +0200] "GET /-p-17770.html HTTP/1.0" 200 70808 "-" "Mozilla/5.0 (compatible; MJ12bot/v1.4.8; http://mj12bot.com/)"
65.108.142.49 - - [06/May/2022:04:13:23 +0200] "GET /-p-17783.html HTTP/1.0" 200 70808 "-" "Mozilla/5.0 (compatible; MJ12bot/v1.4.8; http://mj12bot.com/)"
66.249.73.136 - - [06/May/2022:04:13:23 +0200] "GET /bunny-nightlight-p-53122.html HTTP/1.0" 200 74414 "-" "Mozilla/5.0 (Linux; Android 6.0.1; Nexus 5X Build/MMB29P) AppleWebKit/537.36 (KHTML, like Gecko) Chrome/100.0.4896.127 Mobile Safari/537.36 (compatible; Googlebot/2.1; +http://www.google.com/bot.html)"
65.108.125.120 - - [06/May/2022:04:13:24 +0200] "GET /urss-clock-cbkreation-p-24369.html HTTP/1.0" 200 73555 "-" "Mozilla/5.0 (compatible; MJ12bot/v1.4.8; http://mj12bot.com/)"
65.108.142.49 - - [06/May/2022:04:13:26 +0200] "GET /-p-17791.html HTTP/1.0" 200 70808 "-" "Mozilla/5.0 (compatible; MJ12bot/v1.4.8; http://mj12bot.com/)"
65.108.142.49 - - [06/May/2022:04:13:29 +0200] "GET /-p-18118.html HTTP/1.0" 200 70808 "-" "Mozilla/5.0 (compatible; MJ12bot/v1.4.8; http://mj12bot.com/)"
54.36.148.243 - - [06/May/2022:04:13:29 +0200] "GET /buddha-decorative-statue-p-38542.html HTTP/1.0" 200 73568 "-" "Mozilla/5.0 (compatible; AhrefsBot/7.0; +http://ahrefs.com/robot/)"
65.108.125.120 - - [06/May/2022:04:13:30 +0200] "GET /urss-mouse-cbkreation-p-13992.html HTTP/1.0" 200 73405 "-" "Mozilla/5.0 (compatible; MJ12bot/v1.4.8; http://mj12bot.com/)"
65.108.142.49 - - [06/May/2022:04:13:32 +0200] "GET /-p-18119.html HTTP/1.0" 200 70808 "-" "Mozilla/5.0 (compatible; MJ12bot/v1.4.8; http://mj12bot.com/)"
54.36.148.87 - - [06/May/2022:04:13:33 +0200] "GET /images/big_prod/8433933036952.jpg HTTP/1.0" 200 268 "-" "Mozilla/5.0 (compatible; AhrefsBot/7.0; +http://ahrefs.com/robot/)"
163.204.242.2 - - [06/May/2022:04:13:32 +0200] "GET /index.php HTTP/1.0" 200 158089 "http://www.wonder-geek.com/index.php" "Mozilla/5.0 (Windows NT 10.0; Win64; x64) AppleWebKit/537.36 (KHTML, like Gecko) Chrome/83.0.4103.0 Safari/537.36"
65.108.142.49 - - [06/May/2022:04:13:35 +0200] "GET /-p-18120.html HTTP/1.0" 200 70808 "-" "Mozilla/5.0 (compatible; MJ12bot/v1.4.8; http://mj12bot.com/)"
65.108.125.120 - - [06/May/2022:04:13:35 +0200] "GET /urss-mouse-pad-by-cbkreation-p-13992.html HTTP/1.0" 301 73493 "-" "Mozilla/5.0 (compatible; MJ12bot/v1.4.8; http://mj12bot.com/)"
65.108.142.49 - - [06/May/2022:04:13:37 +0200] "GET /-p-18181.html HTTP/1.0" 200 70808 "-" "Mozilla/5.0 (compatible; MJ12bot/v1.4.8; http://mj12bot.com/)"
65.108.142.49 - - [06/May/2022:04:13:40 +0200] "GET /-p-18388.html HTTP/1.0" 200 70808 "-" "Mozilla/5.0 (compatible; MJ12bot/v1.4.8; http://mj12bot.com/)"
65.108.125.120 - - [06/May/2022:04:13:42 +0200] "GET /urss-mouse-cbkreation-p-13992.html HTTP/1.0" 200 73405 "-" "Mozilla/5.0 (compatible; MJ12bot/v1.4.8; http://mj12bot.com/)"
65.108.142.49 - - [06/May/2022:04:13:44 +0200] "GET /-p-18615.html HTTP/1.0" 200 70808 "-" "Mozilla/5.0 (compatible; MJ12bot/v1.4.8; http://mj12bot.com/)"
65.108.142.49 - - [06/May/2022:04:13:47 +0200] "GET /-p-18616.html HTTP/1.0" 200 70808 "-" "Mozilla/5.0 (compatible; MJ12bot/v1.4.8; http://mj12bot.com/)"
65.108.125.120 - - [06/May/2022:04:13:49 +0200] "GET /us-cars-metal-clock-p-12527.html HTTP/1.0" 301 73491 "-" "Mozilla/5.0 (compatible; MJ12bot/v1.4.8; http://mj12bot.com/)"
65.108.142.49 - - [06/May/2022:04:13:50 +0200] "GET /-p-18617.html HTTP/1.0" 200 70808 "-" "Mozilla/5.0 (compatible; MJ12bot/v1.4.8; http://mj12bot.com/)"
65.108.142.49 - - [06/May/2022:04:13:54 +0200] "GET /-p-18618.html HTTP/1.0" 200 70808 "-" "Mozilla/5.0 (compatible; MJ12bot/v1.4.8; http://mj12bot.com/)"
51.68.224.127 - - [06/May/2022:04:13:54 +0200] "GET /adminweb/export_orders_xml.php?token=256de2z6edz6ed2z6DFSFsed2zed6zeDSFDSGdzedezfzf&maxorders=10&orderstart=1&status=14&start_date=2018-10-01 HTTP/1.0" 200 285 "-" "GesCom CharlotteBoutik Serveur"
51.68.224.127 - - [06/May/2022:04:13:55 +0200] "GET /adminweb/export_orders_xml.php?token=256de2z6edz6ed2z6DFSFsed2zed6zeDSFDSGdzedezfzf&maxorders=10&orderstart=1&status=6&start_date=2018-10-01 HTTP/1.0" 200 32798 "-" "GesCom CharlotteBoutik Serveur"
65.108.125.120 - - [06/May/2022:04:13:54 +0200] "GET /cars-metal-clock-p-12527.html HTTP/1.0" 200 73408 "-" "Mozilla/5.0 (compatible; MJ12bot/v1.4.8; http://mj12bot.com/)"
65.108.142.49 - - [06/May/2022:04:13:57 +0200] "GET /-p-18710.html HTTP/1.0" 200 70808 "-" "Mozilla/5.0 (compatible; MJ12bot/v1.4.8; http://mj12bot.com/)"
65.108.142.49 - - [06/May/2022:04:13:59 +0200] "GET /-p-18812.html HTTP/1.0" 200 70808 "-" "Mozilla/5.0 (compatible; MJ12bot/v1.4.8; http://mj12bot.com/)"
65.108.125.120 - - [06/May/2022:04:14:01 +0200] "GET /us-clock-by-cbkreation-p-24368.html HTTP/1.0" 301 73615 "-" "Mozilla/5.0 (compatible; MJ12bot/v1.4.8; http://mj12bot.com/)"
185.191.171.1 - - [06/May/2022:04:14:01 +0200] "GET /chat-commande-metal-plate-deco-p-53483.html HTTP/1.0" 200 74165 "-" "Mozilla/5.0 (compatible; SemrushBot/7~bl; +http://www.semrush.com/bot.html)"
46.4.108.51 - - [06/May/2022:04:14:02 +0200] "GET /unicorn-moneybox-p-51613.html HTTP/1.0" 200 70862 "-" "Mozilla/5.0 (compatible; BLEXBot/1.0; +http://webmeup-crawler.com/)"
65.108.142.49 - - [06/May/2022:04:14:02 +0200] "GET /-p-18964.html HTTP/1.0" 200 70808 "-" "Mozilla/5.0 (compatible; MJ12bot/v1.4.8; http://mj12bot.com/)"
40.77.167.13 - - [06/May/2022:04:14:04 +0200] "GET /soccer-player-statuette-p-51569.html HTTP/1.0" 200 70890 "-" "Mozilla/5.0 (compatible; bingbot/2.0; +http://www.bing.com/bingbot.htm)"
65.108.125.120 - - [06/May/2022:04:14:05 +0200] "GET /clock-cbkreation-p-24368.html HTTP/1.0" 200 73532 "-" "Mozilla/5.0 (compatible; MJ12bot/v1.4.8; http://mj12bot.com/)"
65.108.142.49 - - [06/May/2022:04:14:06 +0200] "GET /-p-19208.html HTTP/1.0" 200 70808 "-" "Mozilla/5.0 (compatible; MJ12bot/v1.4.8; http://mj12bot.com/)"
65.108.142.49 - - [06/May/2022:04:14:10 +0200] "GET /-p-19336.html HTTP/1.0" 200 70808 "-" "Mozilla/5.0 (compatible; MJ12bot/v1.4.8; http://mj12bot.com/)"
65.108.125.120 - - [06/May/2022:04:14:10 +0200] "GET /us-clock-by-cbkreation-p-24371.html HTTP/1.0" 301 73615 "-" "Mozilla/5.0 (compatible; MJ12bot/v1.4.8; http://mj12bot.com/)"
65.108.142.49 - - [06/May/2022:04:14:13 +0200] "GET /-p-19498.html HTTP/1.0" 200 70808 "-" "Mozilla/5.0 (compatible; MJ12bot/v1.4.8; http://mj12bot.com/)"
65.108.142.49 - - [06/May/2022:04:14:16 +0200] "GET /-p-19718.html HTTP/1.0" 200 70808 "-" "Mozilla/5.0 (compatible; MJ12bot/v1.4.8; http://mj12bot.com/)"
65.108.125.120 - - [06/May/2022:04:14:16 +0200] "GET /clock-cbkreation-p-24371.html HTTP/1.0" 200 73532 "-" "Mozilla/5.0 (compatible; MJ12bot/v1.4.8; http://mj12bot.com/)"
65.108.142.49 - - [06/May/2022:04:14:18 +0200] "GET /-p-19768.html HTTP/1.0" 200 70808 "-" "Mozilla/5.0 (compatible; MJ12bot/v1.4.8; http://mj12bot.com/)"
65.108.125.120 - - [06/May/2022:04:14:20 +0200] "GET /us-road-66-pencil-pot-p-29755.html HTTP/1.0" 301 70965 "-" "Mozilla/5.0 (compatible; MJ12bot/v1.4.8; http://mj12bot.com/)"
65.108.142.49 - - [06/May/2022:04:14:21 +0200] "GET /-p-19893.html HTTP/1.0" 200 70808 "-" "Mozilla/5.0 (compatible; MJ12bot/v1.4.8; http://mj12bot.com/)"
65.108.142.49 - - [06/May/2022:04:14:24 +0200] "GET /-p-19974.html HTTP/1.0" 200 70808 "-" "Mozilla/5.0 (compatible; MJ12bot/v1.4.8; http://mj12bot.com/)"
65.108.125.120 - - [06/May/2022:04:14:24 +0200] "GET /road-pencil-p-29755.html HTTP/1.0" 200 70887 "-" "Mozilla/5.0 (compatible; MJ12bot/v1.4.8; http://mj12bot.com/)"
65.108.142.49 - - [06/May/2022:04:14:27 +0200] "GET /-p-20269.html HTTP/1.0" 200 70808 "-" "Mozilla/5.0 (compatible; MJ12bot/v1.4.8; http://mj12bot.com/)"
65.108.142.49 - - [06/May/2022:04:14:30 +0200] "GET /-p-20371.html HTTP/1.0" 200 70808 "-" "Mozilla/5.0 (compatible; MJ12bot/v1.4.8; http://mj12bot.com/)"
65.108.125.120 - - [06/May/2022:04:14:30 +0200] "GET /us-route-66-gazoline-floor-standing-ashtray-p-16801.html HTTP/1.0" 301 70875 "-" "Mozilla/5.0 (compatible; MJ12bot/v1.4.8; http://mj12bot.com/)"
65.108.142.49 - - [06/May/2022:04:14:33 +0200] "GET /-p-20381.html HTTP/1.0" 200 70808 "-" "Mozilla/5.0 (compatible; MJ12bot/v1.4.8; http://mj12bot.com/)"
185.191.171.13 - - [06/May/2022:04:14:34 +0200] "GET /vronse-body-talk-resin-statuette-naked-p-54718.html HTTP/1.0" 200 74640 "-" "Mozilla/5.0 (compatible; SemrushBot/7~bl; +http://www.semrush.com/bot.html)"
65.108.125.120 - - [06/May/2022:04:14:35 +0200] "GET /-p-16801.html HTTP/1.0" 200 70808 "-" "Mozilla/5.0 (compatible; MJ12bot/v1.4.8; http://mj12bot.com/)"
65.108.142.49 - - [06/May/2022:04:14:36 +0200] "GET /-p-20399.html HTTP/1.0" 200 70808 "-" "Mozilla/5.0 (compatible; MJ12bot/v1.4.8; http://mj12bot.com/)"
54.36.148.243 - - [06/May/2022:04:14:36 +0200] "GET /beach-cabin-tray-melamine-p-54920.html HTTP/1.0" 200 73612 "-" "Mozilla/5.0 (compatible; AhrefsBot/7.0; +http://ahrefs.com/robot/)"
47.254.66.202 - - [06/May/2022:04:14:40 +0200] "GET /images/mini_prod/8433933112496.jpg HTTP/1.0" 200 269 "-" "Mozilla/5.0 (X11; Ubuntu; Linux x86_64; rv:72.0) Gecko/20100101 Firefox/72.0"
65.108.142.49 - - [06/May/2022:04:14:39 +0200] "GET /-p-20400.html HTTP/1.0" 200 70808 "-" "Mozilla/5.0 (compatible; MJ12bot/v1.4.8; http://mj12bot.com/)"
65.108.125.120 - - [06/May/2022:04:14:40 +0200] "GET /us-route-66-main-street-small-metal-plate-p-12519.html HTTP/1.0" 301 71094 "-" "Mozilla/5.0 (compatible; MJ12bot/v1.4.8; http://mj12bot.com/)"
77.88.5.208 - - [06/May/2022:04:14:41 +0200] "GET /horse-small-round-magnet-p-31913.html HTTP/1.0" 200 73434 "-" "Mozilla/5.0 (compatible; YandexBot/3.0; +http://yandex.com/bots)"
65.108.142.49 - - [06/May/2022:04:14:43 +0200] "GET /-p-20404.html HTTP/1.0" 200 70808 "-" "Mozilla/5.0 (compatible; MJ12bot/v1.4.8; http://mj12bot.com/)"
65.108.125.120 - - [06/May/2022:04:14:44 +0200] "GET /route-main-street-small-metal-plate-p-12519.html HTTP/1.0" 200 70992 "-" "Mozilla/5.0 (compatible; MJ12bot/v1.4.8; http://mj12bot.com/)"
65.108.142.49 - - [06/May/2022:04:14:45 +0200] "GET /-p-20407.html HTTP/1.0" 200 70808 "-" "Mozilla/5.0 (compatible; MJ12bot/v1.4.8; http://mj12bot.com/)"
157.55.39.105 - - [06/May/2022:04:14:46 +0200] "GET /pink-flamingo-led-ornament-p-38827.html HTTP/1.0" 301 70983 "-" "Mozilla/5.0 AppleWebKit/537.36 (KHTML, like Gecko; compatible; bingbot/2.0; +http://www.bing.com/bingbot.htm) Chrome/100.0.4896.127 Safari/537.36"
65.108.125.120 - - [06/May/2022:04:14:49 +0200] "GET /us-route-66-pencil-pot-p-29755.html HTTP/1.0" 301 70965 "-" "Mozilla/5.0 (compatible; MJ12bot/v1.4.8; http://mj12bot.com/)"
65.108.142.49 - - [06/May/2022:04:14:49 +0200] "GET /-p-20408.html HTTP/1.0" 200 70808 "-" "Mozilla/5.0 (compatible; MJ12bot/v1.4.8; http://mj12bot.com/)"
65.108.142.49 - - [06/May/2022:04:14:52 +0200] "GET /-p-20409.html HTTP/1.0" 200 70808 "-" "Mozilla/5.0 (compatible; MJ12bot/v1.4.8; http://mj12bot.com/)"
65.108.125.120 - - [06/May/2022:04:14:55 +0200] "GET /road-pencil-p-29755.html HTTP/1.0" 200 70887 "-" "Mozilla/5.0 (compatible; MJ12bot/v1.4.8; http://mj12bot.com/)"
65.108.142.49 - - [06/May/2022:04:14:55 +0200] "GET /-p-20421.html HTTP/1.0" 200 70808 "-" "Mozilla/5.0 (compatible; MJ12bot/v1.4.8; http://mj12bot.com/)"
185.191.171.39 - - [06/May/2022:04:14:59 +0200] "GET /plush-froggy-yoopy-star-p-42702.html?action=add_product HTTP/1.0" 302 476 "-" "Mozilla/5.0 (compatible; SemrushBot/7~bl; +http://www.semrush.com/bot.html)"
65.108.142.49 - - [06/May/2022:04:14:58 +0200] "GET /-p-20424.html HTTP/1.0" 200 70808 "-" "Mozilla/5.0 (compatible; MJ12bot/v1.4.8; http://mj12bot.com/)"
65.108.142.49 - - [06/May/2022:04:15:01 +0200] "GET /-p-20426.html HTTP/1.0" 200 70808 "-" "Mozilla/5.0 (compatible; MJ12bot/v1.4.8; http://mj12bot.com/)"
65.108.125.120 - - [06/May/2022:04:15:02 +0200] "GET /us-route-66-photo-frame-p-23041.html HTTP/1.0" 301 73760 "-" "Mozilla/5.0 (compatible; MJ12bot/v1.4.8; http://mj12bot.com/)"
65.108.142.49 - - [06/May/2022:04:15:04 +0200] "GET /-p-20430.html HTTP/1.0" 200 70808 "-" "Mozilla/5.0 (compatible; MJ12bot/v1.4.8; http://mj12bot.com/)"
65.108.125.120 - - [06/May/2022:04:15:06 +0200] "GET /route-photo-frame-p-23041.html HTTP/1.0" 200 73676 "-" "Mozilla/5.0 (compatible; MJ12bot/v1.4.8; http://mj12bot.com/)"
65.108.142.49 - - [06/May/2022:04:15:07 +0200] "GET /-p-20434.html HTTP/1.0" 200 70808 "-" "Mozilla/5.0 (compatible; MJ12bot/v1.4.8; http://mj12bot.com/)"
65.108.142.49 - - [06/May/2022:04:15:11 +0200] "GET /-p-20467.html HTTP/1.0" 200 70808 "-" "Mozilla/5.0 (compatible; MJ12bot/v1.4.8; http://mj12bot.com/)"
65.108.125.120 - - [06/May/2022:04:15:11 +0200] "GET /us-route-66-photo-frame-p-23045.html HTTP/1.0" 301 70875 "-" "Mozilla/5.0 (compatible; MJ12bot/v1.4.8; http://mj12bot.com/)"
65.108.142.49 - - [06/May/2022:04:15:13 +0200] "GET /-p-20872.html HTTP/1.0" 200 70808 "-" "Mozilla/5.0 (compatible; MJ12bot/v1.4.8; http://mj12bot.com/)"
65.108.125.120 - - [06/May/2022:04:15:18 +0200] "GET /-p-23045.html HTTP/1.0" 200 70808 "-" "Mozilla/5.0 (compatible; MJ12bot/v1.4.8; http://mj12bot.com/)"
65.108.142.49 - - [06/May/2022:04:15:18 +0200] "GET /-p-20980.html HTTP/1.0" 200 70808 "-" "Mozilla/5.0 (compatible; MJ12bot/v1.4.8; http://mj12bot.com/)"
65.108.142.49 - - [06/May/2022:04:15:22 +0200] "GET /-p-21042.html HTTP/1.0" 200 70808 "-" "Mozilla/5.0 (compatible; MJ12bot/v1.4.8; http://mj12bot.com/)"
65.108.125.120 - - [06/May/2022:04:15:22 +0200] "GET /us-route-66-picture-frame-p-13927.html HTTP/1.0" 301 70875 "-" "Mozilla/5.0 (compatible; MJ12bot/v1.4.8; http://mj12bot.com/)"
185.191.171.9 - - [06/May/2022:04:15:25 +0200] "GET /corsica-metal-plate-p-52505.html?action=add_product HTTP/1.0" 302 476 "-" "Mozilla/5.0 (compatible; SemrushBot/7~bl; +http://www.semrush.com/bot.html)"
65.108.142.49 - - [06/May/2022:04:15:25 +0200] "GET /-p-21327.html HTTP/1.0" 200 70808 "-" "Mozilla/5.0 (compatible; MJ12bot/v1.4.8; http://mj12bot.com/)"
65.108.125.120 - - [06/May/2022:04:15:27 +0200] "GET /-p-13927.html HTTP/1.0" 200 70808 "-" "Mozilla/5.0 (compatible; MJ12bot/v1.4.8; http://mj12bot.com/)"
46.4.108.51 - - [06/May/2022:04:15:28 +0200] "GET /unicorn-pencil-p-51484.html HTTP/1.0" 200 73961 "-" "Mozilla/5.0 (compatible; BLEXBot/1.0; +http://webmeup-crawler.com/)"
65.108.142.49 - - [06/May/2022:04:15:28 +0200] "GET /-p-21404.html HTTP/1.0" 200 70808 "-" "Mozilla/5.0 (compatible; MJ12bot/v1.4.8; http://mj12bot.com/)"
65.108.142.49 - - [06/May/2022:04:15:32 +0200] "GET /-p-21534.html HTTP/1.0" 200 70808 "-" "Mozilla/5.0 (compatible; MJ12bot/v1.4.8; http://mj12bot.com/)"
65.108.125.120 - - [06/May/2022:04:15:33 +0200] "GET /us-route-66-picture-frame-p-23043.html HTTP/1.0" 301 73621 "-" "Mozilla/5.0 (compatible; MJ12bot/v1.4.8; http://mj12bot.com/)"
65.108.142.49 - - [06/May/2022:04:15:34 +0200] "GET /-p-21889.html HTTP/1.0" 200 70808 "-" "Mozilla/5.0 (compatible; MJ12bot/v1.4.8; http://mj12bot.com/)"
65.108.142.49 - - [06/May/2022:04:15:37 +0200] "GET /-p-22158.html HTTP/1.0" 200 70808 "-" "Mozilla/5.0 (compatible; MJ12bot/v1.4.8; http://mj12bot.com/)"
65.108.125.120 - - [06/May/2022:04:15:38 +0200] "GET /route-picture-frame-p-23043.html HTTP/1.0" 200 73535 "-" "Mozilla/5.0 (compatible; MJ12bot/v1.4.8; http://mj12bot.com/)"
65.108.142.49 - - [06/May/2022:04:15:40 +0200] "GET /-p-22303.html HTTP/1.0" 200 70808 "-" "Mozilla/5.0 (compatible; MJ12bot/v1.4.8; http://mj12bot.com/)"
54.36.148.243 - - [06/May/2022:04:15:39 +0200] "GET /purse-wallet-c-31_76.html?page=3 HTTP/1.0" 200 92981 "-" "Mozilla/5.0 (compatible; AhrefsBot/7.0; +http://ahrefs.com/robot/)"
185.191.171.18 - - [06/May/2022:04:15:43 +0200] "GET /-p-45353.html?action=add_product HTTP/1.0" 302 476 "-" "Mozilla/5.0 (compatible; SemrushBot/7~bl; +http://www.semrush.com/bot.html)"
65.108.142.49 - - [06/May/2022:04:15:43 +0200] "GET /-p-22587.html HTTP/1.0" 200 70808 "-" "Mozilla/5.0 (compatible; MJ12bot/v1.4.8; http://mj12bot.com/)"
65.108.125.120 - - [06/May/2022:04:15:44 +0200] "GET /us-route-66-picture-frame-p-23046.html HTTP/1.0" 301 70875 "-" "Mozilla/5.0 (compatible; MJ12bot/v1.4.8; http://mj12bot.com/)"
65.108.142.49 - - [06/May/2022:04:15:46 +0200] "GET /-p-22752.html HTTP/1.0" 200 70808 "-" "Mozilla/5.0 (compatible; MJ12bot/v1.4.8; http://mj12bot.com/)"
185.191.171.9 - - [06/May/2022:04:15:47 +0200] "GET /pucca-funny-love-mouse-p-2463.html HTTP/1.0" 200 73630 "-" "Mozilla/5.0 (compatible; SemrushBot/7~bl; +http://www.semrush.com/bot.html)"
65.108.125.120 - - [06/May/2022:04:15:48 +0200] "GET /-p-23046.html HTTP/1.0" 200 70808 "-" "Mozilla/5.0 (compatible; MJ12bot/v1.4.8; http://mj12bot.com/)"
65.108.142.49 - - [06/May/2022:04:15:49 +0200] "GET /-p-23045.html HTTP/1.0" 200 70808 "-" "Mozilla/5.0 (compatible; MJ12bot/v1.4.8; http://mj12bot.com/)"
65.108.142.49 - - [06/May/2022:04:15:52 +0200] "GET /-p-23046.html HTTP/1.0" 200 70808 "-" "Mozilla/5.0 (compatible; MJ12bot/v1.4.8; http://mj12bot.com/)"
65.108.125.120 - - [06/May/2022:04:15:53 +0200] "GET /usa-flag-polar-plaid-p-36887.html HTTP/1.0" 301 70875 "-" "Mozilla/5.0 (compatible; MJ12bot/v1.4.8; http://mj12bot.com/)"
65.108.142.49 - - [06/May/2022:04:15:55 +0200] "GET /-p-23085.html HTTP/1.0" 200 70808 "-" "Mozilla/5.0 (compatible; MJ12bot/v1.4.8; http://mj12bot.com/)"
65.108.125.120 - - [06/May/2022:04:15:57 +0200] "GET /-p-36887.html HTTP/1.0" 200 70808 "-" "Mozilla/5.0 (compatible; MJ12bot/v1.4.8; http://mj12bot.com/)"
65.108.142.49 - - [06/May/2022:04:15:58 +0200] "GET /-p-23582.html HTTP/1.0" 200 70808 "-" "Mozilla/5.0 (compatible; MJ12bot/v1.4.8; http://mj12bot.com/)"
65.108.142.49 - - [06/May/2022:04:16:01 +0200] "GET /-p-23583.html HTTP/1.0" 200 70808 "-" "Mozilla/5.0 (compatible; MJ12bot/v1.4.8; http://mj12bot.com/)"
65.108.125.120 - - [06/May/2022:04:16:03 +0200] "GET /usa-grey-flag-eyelets-curtain-p-36579.html HTTP/1.0" 301 70875 "-" "Mozilla/5.0 (compatible; MJ12bot/v1.4.8; http://mj12bot.com/)"
65.108.142.49 - - [06/May/2022:04:16:04 +0200] "GET /-p-23584.html HTTP/1.0" 200 70808 "-" "Mozilla/5.0 (compatible; MJ12bot/v1.4.8; http://mj12bot.com/)"
65.108.125.120 - - [06/May/2022:04:16:06 +0200] "GET /-p-36579.html HTTP/1.0" 200 70808 "-" "Mozilla/5.0 (compatible; MJ12bot/v1.4.8; http://mj12bot.com/)"
65.108.142.49 - - [06/May/2022:04:16:06 +0200] "GET /-p-23662.html HTTP/1.0" 200 70808 "-" "Mozilla/5.0 (compatible; MJ12bot/v1.4.8; http://mj12bot.com/)"
65.108.142.49 - - [06/May/2022:04:16:09 +0200] "GET /-p-24126.html HTTP/1.0" 200 70808 "-" "Mozilla/5.0 (compatible; MJ12bot/v1.4.8; http://mj12bot.com/)"
65.108.125.120 - - [06/May/2022:04:16:10 +0200] "GET /usa-mouse-pad-cbkreation-p-20057.html HTTP/1.0" 301 73478 "-" "Mozilla/5.0 (compatible; MJ12bot/v1.4.8; http://mj12bot.com/)"
65.108.142.49 - - [06/May/2022:04:16:12 +0200] "GET /-p-24168.html HTTP/1.0" 200 70808 "-" "Mozilla/5.0 (compatible; MJ12bot/v1.4.8; http://mj12bot.com/)"
65.108.142.49 - - [06/May/2022:04:16:15 +0200] "GET /-p-24305.html HTTP/1.0" 200 70808 "-" "Mozilla/5.0 (compatible; MJ12bot/v1.4.8; http://mj12bot.com/)"
65.108.125.120 - - [06/May/2022:04:16:15 +0200] "GET /mouse-cbkreation-p-20057.html HTTP/1.0" 200 73395 "-" "Mozilla/5.0 (compatible; MJ12bot/v1.4.8; http://mj12bot.com/)"
65.108.142.49 - - [06/May/2022:04:16:18 +0200] "GET /-p-24451.html HTTP/1.0" 200 70808 "-" "Mozilla/5.0 (compatible; MJ12bot/v1.4.8; http://mj12bot.com/)"
65.108.142.49 - - [06/May/2022:04:16:20 +0200] "GET /-p-24470.html HTTP/1.0" 200 70808 "-" "Mozilla/5.0 (compatible; MJ12bot/v1.4.8; http://mj12bot.com/)"
65.108.125.120 - - [06/May/2022:04:16:23 +0200] "GET /valdrome-bed-set-240-220-cm-p-43964.html HTTP/1.0" 301 74245 "-" "Mozilla/5.0 (compatible; MJ12bot/v1.4.8; http://mj12bot.com/)"
65.108.142.49 - - [06/May/2022:04:16:23 +0200] "GET /-p-24697.html HTTP/1.0" 200 70808 "-" "Mozilla/5.0 (compatible; MJ12bot/v1.4.8; http://mj12bot.com/)"
185.191.171.2 - - [06/May/2022:04:16:26 +0200] "GET /espresso-cups-coffee-counter-p-52661.html?action=add_product HTTP/1.0" 302 476 "-" "Mozilla/5.0 (compatible; SemrushBot/7~bl; +http://www.semrush.com/bot.html)"
65.108.142.49 - - [06/May/2022:04:16:27 +0200] "GET /-p-24828.html HTTP/1.0" 200 70808 "-" "Mozilla/5.0 (compatible; MJ12bot/v1.4.8; http://mj12bot.com/)"
65.108.125.120 - - [06/May/2022:04:16:27 +0200] "GET /valdrome-p-43964.html HTTP/1.0" 200 74170 "-" "Mozilla/5.0 (compatible; MJ12bot/v1.4.8; http://mj12bot.com/)"
65.108.142.49 - - [06/May/2022:04:16:30 +0200] "GET /-p-24835.html HTTP/1.0" 200 70808 "-" "Mozilla/5.0 (compatible; MJ12bot/v1.4.8; http://mj12bot.com/)"
65.108.142.49 - - [06/May/2022:04:16:33 +0200] "GET /-p-24890.html HTTP/1.0" 200 70808 "-" "Mozilla/5.0 (compatible; MJ12bot/v1.4.8; http://mj12bot.com/)"
65.108.142.49 - - [06/May/2022:04:16:35 +0200] "GET /-p-24895.html HTTP/1.0" 200 70808 "-" "Mozilla/5.0 (compatible; MJ12bot/v1.4.8; http://mj12bot.com/)"
65.108.142.49 - - [06/May/2022:04:16:38 +0200] "GET /-p-24901.html HTTP/1.0" 200 70808 "-" "Mozilla/5.0 (compatible; MJ12bot/v1.4.8; http://mj12bot.com/)"
111.225.144.163 - - [06/May/2022:04:16:42 +0200] "GET /images/mini_prod/1300000022569.jpg HTTP/1.0" 200 269 "-" "Mozilla/5.0 (Macintosh; Intel Mac OS X 10_12_4) AppleWebKit/537.36 (KHTML, like Gecko) Chrome/58.0.3029.110 Safari/537.36"
65.108.142.49 - - [06/May/2022:04:16:41 +0200] "GET /-p-25053.html HTTP/1.0" 200 70808 "-" "Mozilla/5.0 (compatible; MJ12bot/v1.4.8; http://mj12bot.com/)"
114.119.137.43 - - [06/May/2022:04:16:42 +0200] "GET /images/big_prod/3700572730653.jpg HTTP/1.0" 200 268 "-" "Mozilla/5.0 (Linux; Android 7.0;) AppleWebKit/537.36 (KHTML, like Gecko) Mobile Safari/537.36 (compatible; PetalBot;+https://webmaster.petalsearch.com/site/petalbot)"
54.36.148.243 - - [06/May/2022:04:16:43 +0200] "GET /statuette-jesus-christ-redeemer-resin-p-46650.html HTTP/1.0" 200 73633 "-" "Mozilla/5.0 (compatible; AhrefsBot/7.0; +http://ahrefs.com/robot/)"
65.108.142.49 - - [06/May/2022:04:16:44 +0200] "GET /-p-25054.html HTTP/1.0" 200 70808 "-" "Mozilla/5.0 (compatible; MJ12bot/v1.4.8; http://mj12bot.com/)"
47.254.65.120 - - [06/May/2022:04:16:46 +0200] "GET /images/mini_prod/3438100326046.jpg HTTP/1.0" 200 269 "-" "Mozilla/5.0 (X11; Ubuntu; Linux x86_64; rv:72.0) Gecko/20100101 Firefox/72.0"
157.55.39.105 - - [06/May/2022:04:16:46 +0200] "GET /betty-boop-long-sleeve-shirt-size-10-years-p-21920.html HTTP/1.0" 301 70875 "-" "Mozilla/5.0 (compatible; bingbot/2.0; +http://www.bing.com/bingbot.htm)"
65.108.142.49 - - [06/May/2022:04:16:47 +0200] "GET /-p-25055.html HTTP/1.0" 200 70808 "-" "Mozilla/5.0 (compatible; MJ12bot/v1.4.8; http://mj12bot.com/)"
185.191.171.7 - - [06/May/2022:04:16:50 +0200] "GET /florialys-fragrance-provence-flower-p-48505.html?action=add_product HTTP/1.0" 302 476 "-" "Mozilla/5.0 (compatible; SemrushBot/7~bl; +http://www.semrush.com/bot.html)"
65.108.142.49 - - [06/May/2022:04:16:50 +0200] "GET /-p-25156.html HTTP/1.0" 200 70808 "-" "Mozilla/5.0 (compatible; MJ12bot/v1.4.8; http://mj12bot.com/)"
65.108.125.120 - - [06/May/2022:04:16:50 +0200] "GET /valdrome-colombe-bed-set-260-240-cm-p-43965.html HTTP/1.0" 301 74309 "-" "Mozilla/5.0 (compatible; MJ12bot/v1.4.8; http://mj12bot.com/)"
65.108.142.49 - - [06/May/2022:04:16:52 +0200] "GET /-p-25215.html HTTP/1.0" 200 70808 "-" "Mozilla/5.0 (compatible; MJ12bot/v1.4.8; http://mj12bot.com/)"
65.108.125.120 - - [06/May/2022:04:16:55 +0200] "GET /valdrome-colombe-p-43965.html HTTP/1.0" 200 74226 "-" "Mozilla/5.0 (compatible; MJ12bot/v1.4.8; http://mj12bot.com/)"
65.108.142.49 - - [06/May/2022:04:16:55 +0200] "GET /-p-25216.html HTTP/1.0" 200 70808 "-" "Mozilla/5.0 (compatible; MJ12bot/v1.4.8; http://mj12bot.com/)"
46.4.108.51 - - [06/May/2022:04:16:58 +0200] "GET /unicorn-plush-gold-white-p-49626.html HTTP/1.0" 200 73543 "-" "Mozilla/5.0 (compatible; BLEXBot/1.0; +http://webmeup-crawler.com/)"
65.108.142.49 - - [06/May/2022:04:16:59 +0200] "GET /-p-25225.html HTTP/1.0" 200 70808 "-" "Mozilla/5.0 (compatible; MJ12bot/v1.4.8; http://mj12bot.com/)"
65.108.125.120 - - [06/May/2022:04:17:00 +0200] "GET /valdrome-colombe-p-43965.html HTTP/1.0" 200 74226 "-" "Mozilla/5.0 (compatible; MJ12bot/v1.4.8; http://mj12bot.com/)"
185.191.171.6 - - [06/May/2022:04:17:04 +0200] "GET /mtal-small-baby-teeth-green-blue-p-47098.html?action=add_product HTTP/1.0" 302 476 "-" "Mozilla/5.0 (compatible; SemrushBot/7~bl; +http://www.semrush.com/bot.html)"
65.108.142.49 - - [06/May/2022:04:17:03 +0200] "GET /-p-25227.html HTTP/1.0" 200 70808 "-" "Mozilla/5.0 (compatible; MJ12bot/v1.4.8; http://mj12bot.com/)"
65.108.125.120 - - [06/May/2022:04:17:05 +0200] "GET /valdrome-emeraude-bed-set-240-220-cm-p-43959.html HTTP/1.0" 301 73714 "-" "Mozilla/5.0 (compatible; MJ12bot/v1.4.8; http://mj12bot.com/)"
65.108.142.49 - - [06/May/2022:04:17:06 +0200] "GET /-p-25234.html HTTP/1.0" 200 70808 "-" "Mozilla/5.0 (compatible; MJ12bot/v1.4.8; http://mj12bot.com/)"
65.108.142.49 - - [06/May/2022:04:17:09 +0200] "GET /-p-25285.html HTTP/1.0" 200 70808 "-" "Mozilla/5.0 (compatible; MJ12bot/v1.4.8; http://mj12bot.com/)"
65.108.125.120 - - [06/May/2022:04:17:10 +0200] "GET /valdrome-emeraude-p-43959.html HTTP/1.0" 200 73630 "-" "Mozilla/5.0 (compatible; MJ12bot/v1.4.8; http://mj12bot.com/)"
65.108.142.49 - - [06/May/2022:04:17:12 +0200] "GET /-p-25295.html HTTP/1.0" 200 70808 "-" "Mozilla/5.0 (compatible; MJ12bot/v1.4.8; http://mj12bot.com/)"
65.108.142.49 - - [06/May/2022:04:17:14 +0200] "GET /-p-25442.html HTTP/1.0" 200 70808 "-" "Mozilla/5.0 (compatible; MJ12bot/v1.4.8; http://mj12bot.com/)"
65.108.125.120 - - [06/May/2022:04:17:16 +0200] "GET /valdrome-emeraude-p-43959.html HTTP/1.0" 200 73630 "-" "Mozilla/5.0 (compatible; MJ12bot/v1.4.8; http://mj12bot.com/)"
65.108.142.49 - - [06/May/2022:04:17:17 +0200] "GET /-p-25511.html HTTP/1.0" 200 70808 "-" "Mozilla/5.0 (compatible; MJ12bot/v1.4.8; http://mj12bot.com/)"
46.4.108.51 - - [06/May/2022:04:17:18 +0200] "GET /unicorn-plush-parma-white-p-47654.html HTTP/1.0" 200 73551 "-" "Mozilla/5.0 (compatible; BLEXBot/1.0; +http://webmeup-crawler.com/)"
65.108.142.49 - - [06/May/2022:04:17:20 +0200] "GET /-p-25514.html HTTP/1.0" 200 70808 "-" "Mozilla/5.0 (compatible; MJ12bot/v1.4.8; http://mj12bot.com/)"
65.108.125.120 - - [06/May/2022:04:17:21 +0200] "GET /valdrome-kalian-napkin-made-france-p-43970.html HTTP/1.0" 200 74247 "-" "Mozilla/5.0 (compatible; MJ12bot/v1.4.8; http://mj12bot.com/)"
65.108.142.49 - - [06/May/2022:04:17:23 +0200] "GET /-p-25527.html HTTP/1.0" 200 70808 "-" "Mozilla/5.0 (compatible; MJ12bot/v1.4.8; http://mj12bot.com/)"
65.108.125.120 - - [06/May/2022:04:17:26 +0200] "GET /valdrome-kalian-napkin-made-in-france-p-43970.html HTTP/1.0" 301 74348 "-" "Mozilla/5.0 (compatible; MJ12bot/v1.4.8; http://mj12bot.com/)"
65.108.142.49 - - [06/May/2022:04:17:27 +0200] "GET /-p-25584.html HTTP/1.0" 200 70808 "-" "Mozilla/5.0 (compatible; MJ12bot/v1.4.8; http://mj12bot.com/)"
65.108.142.49 - - [06/May/2022:04:17:30 +0200] "GET /-p-25948.html HTTP/1.0" 200 70808 "-" "Mozilla/5.0 (compatible; MJ12bot/v1.4.8; http://mj12bot.com/)"
65.108.125.120 - - [06/May/2022:04:17:33 +0200] "GET /valdrome-kalian-napkin-made-france-p-43970.html HTTP/1.0" 200 74247 "-" "Mozilla/5.0 (compatible; MJ12bot/v1.4.8; http://mj12bot.com/)"
65.108.142.49 - - [06/May/2022:04:17:33 +0200] "GET /-p-25949.html HTTP/1.0" 200 70808 "-" "Mozilla/5.0 (compatible; MJ12bot/v1.4.8; http://mj12bot.com/)"
65.108.125.120 - - [06/May/2022:04:17:37 +0200] "GET /valdrome-p-43964.html HTTP/1.0" 200 74170 "-" "Mozilla/5.0 (compatible; MJ12bot/v1.4.8; http://mj12bot.com/)"
65.108.142.49 - - [06/May/2022:04:17:37 +0200] "GET /-p-25996.html HTTP/1.0" 200 70808 "-" "Mozilla/5.0 (compatible; MJ12bot/v1.4.8; http://mj12bot.com/)"
185.191.171.39 - - [06/May/2022:04:17:37 +0200] "GET /vespa-perpetual-calendar-p-11796.html HTTP/1.0" 200 73494 "-" "Mozilla/5.0 (compatible; SemrushBot/7~bl; +http://www.semrush.com/bot.html)"
65.108.142.49 - - [06/May/2022:04:17:41 +0200] "GET /-p-26136.html HTTP/1.0" 200 70808 "-" "Mozilla/5.0 (compatible; MJ12bot/v1.4.8; http://mj12bot.com/)"
65.108.125.120 - - [06/May/2022:04:17:43 +0200] "GET /vanity-bag-printed-running-horses-p-35450.html HTTP/1.0" 301 76007 "-" "Mozilla/5.0 (compatible; MJ12bot/v1.4.8; http://mj12bot.com/)"
65.108.142.49 - - [06/May/2022:04:17:44 +0200] "GET /-p-26138.html HTTP/1.0" 200 70808 "-" "Mozilla/5.0 (compatible; MJ12bot/v1.4.8; http://mj12bot.com/)"
54.36.148.243 - - [06/May/2022:04:17:45 +0200] "GET /unicorn-plush-silver-white-p-49627.html HTTP/1.0" 200 73559 "-" "Mozilla/5.0 (compatible; AhrefsBot/7.0; +http://ahrefs.com/robot/)"
65.108.142.49 - - [06/May/2022:04:17:47 +0200] "GET /-p-26165.html HTTP/1.0" 200 70808 "-" "Mozilla/5.0 (compatible; MJ12bot/v1.4.8; http://mj12bot.com/)"
65.108.125.120 - - [06/May/2022:04:17:47 +0200] "GET /vanity-printed-running-horses-p-35450.html HTTP/1.0" 200 75911 "-" "Mozilla/5.0 (compatible; MJ12bot/v1.4.8; http://mj12bot.com/)"
65.108.142.49 - - [06/May/2022:04:17:50 +0200] "GET /-p-26242.html HTTP/1.0" 200 70808 "-" "Mozilla/5.0 (compatible; MJ12bot/v1.4.8; http://mj12bot.com/)"
65.108.125.120 - - [06/May/2022:04:17:52 +0200] "GET /vanity-case-of-mirabelle-mergirl-collection-p-19336.html HTTP/1.0" 301 70875 "-" "Mozilla/5.0 (compatible; MJ12bot/v1.4.8; http://mj12bot.com/)"
65.108.142.49 - - [06/May/2022:04:17:53 +0200] "GET /-p-26256.html HTTP/1.0" 200 70808 "-" "Mozilla/5.0 (compatible; MJ12bot/v1.4.8; http://mj12bot.com/)"
65.108.142.49 - - [06/May/2022:04:17:55 +0200] "GET /-p-26257.html HTTP/1.0" 200 70808 "-" "Mozilla/5.0 (compatible; MJ12bot/v1.4.8; http://mj12bot.com/)"
65.108.125.120 - - [06/May/2022:04:17:56 +0200] "GET /-p-19336.html HTTP/1.0" 200 70808 "-" "Mozilla/5.0 (compatible; MJ12bot/v1.4.8; http://mj12bot.com/)"
185.191.171.36 - - [06/May/2022:04:17:58 +0200] "GET /bon-retablissement-hen-figurine-decorative-p-38728.html HTTP/1.0" 301 73731 "-" "Mozilla/5.0 (compatible; SemrushBot/7~bl; +http://www.semrush.com/bot.html)"
65.108.142.49 - - [06/May/2022:04:17:58 +0200] "GET /-p-26298.html HTTP/1.0" 200 70808 "-" "Mozilla/5.0 (compatible; MJ12bot/v1.4.8; http://mj12bot.com/)"
65.108.125.120 - - [06/May/2022:04:18:00 +0200] "GET /vanity-printed-running-horses-p-35450.html HTTP/1.0" 200 75911 "-" "Mozilla/5.0 (compatible; MJ12bot/v1.4.8; http://mj12bot.com/)"
65.108.142.49 - - [06/May/2022:04:18:01 +0200] "GET /-p-26327.html HTTP/1.0" 200 70808 "-" "Mozilla/5.0 (compatible; MJ12bot/v1.4.8; http://mj12bot.com/)"
185.191.171.26 - - [06/May/2022:04:18:01 +0200] "GET /rtablissement-figurine-decorative-p-38728.html HTTP/1.0" 200 73631 "-" "Mozilla/5.0 (compatible; SemrushBot/7~bl; +http://www.semrush.com/bot.html)"
46.4.108.51 - - [06/May/2022:04:18:03 +0200] "GET /unicorn-plush-pink-white-p-47653.html HTTP/1.0" 200 73543 "-" "Mozilla/5.0 (compatible; BLEXBot/1.0; +http://webmeup-crawler.com/)"
65.108.142.49 - - [06/May/2022:04:18:04 +0200] "GET /-p-26469.html HTTP/1.0" 200 70808 "-" "Mozilla/5.0 (compatible; MJ12bot/v1.4.8; http://mj12bot.com/)"
185.191.171.44 - - [06/May/2022:04:18:05 +0200] "GET /crazy-cat-michelle-allen-designs-box-of-coasters-p-53172.html HTTP/1.0" 301 73833 "-" "Mozilla/5.0 (compatible; SemrushBot/7~bl; +http://www.semrush.com/bot.html)"
65.108.125.120 - - [06/May/2022:04:18:05 +0200] "GET /vegas-casino-metal-wall-decoration-p-44438.html HTTP/1.0" 200 73677 "-" "Mozilla/5.0 (compatible; MJ12bot/v1.4.8; http://mj12bot.com/)"
65.108.142.49 - - [06/May/2022:04:18:07 +0200] "GET /-p-26619.html HTTP/1.0" 200 70808 "-" "Mozilla/5.0 (compatible; MJ12bot/v1.4.8; http://mj12bot.com/)"
185.191.171.1 - - [06/May/2022:04:18:08 +0200] "GET /crazy-michelle-allen-designs-coasters-p-53172.html HTTP/1.0" 200 73729 "-" "Mozilla/5.0 (compatible; SemrushBot/7~bl; +http://www.semrush.com/bot.html)"
65.108.142.49 - - [06/May/2022:04:18:09 +0200] "GET /-p-26620.html HTTP/1.0" 200 70808 "-" "Mozilla/5.0 (compatible; MJ12bot/v1.4.8; http://mj12bot.com/)"
185.191.171.43 - - [06/May/2022:04:18:11 +0200] "GET /pencil-case-turning-into-pencil-pot-pig-p-49230.html HTTP/1.0" 301 71032 "-" "Mozilla/5.0 (compatible; SemrushBot/7~bl; +http://www.semrush.com/bot.html)"
65.108.125.120 - - [06/May/2022:04:18:11 +0200] "GET /vieillis-adult-apron-p-53178.html HTTP/1.0" 200 73429 "-" "Mozilla/5.0 (compatible; MJ12bot/v1.4.8; http://mj12bot.com/)"
65.108.142.49 - - [06/May/2022:04:18:12 +0200] "GET /-p-26784.html HTTP/1.0" 200 70808 "-" "Mozilla/5.0 (compatible; MJ12bot/v1.4.8; http://mj12bot.com/)"
185.191.171.7 - - [06/May/2022:04:18:14 +0200] "GET /pencil-case-turning-into-pencil-p-49230.html HTTP/1.0" 200 70934 "-" "Mozilla/5.0 (compatible; SemrushBot/7~bl; +http://www.semrush.com/bot.html)"
65.108.142.49 - - [06/May/2022:04:18:15 +0200] "GET /-p-26944.html HTTP/1.0" 200 70808 "-" "Mozilla/5.0 (compatible; MJ12bot/v1.4.8; http://mj12bot.com/)"
185.191.171.20 - - [06/May/2022:04:18:17 +0200] "GET /yoga-props-block-cork-p-46540.html?action=add_product HTTP/1.0" 302 476 "-" "Mozilla/5.0 (compatible; SemrushBot/7~bl; +http://www.semrush.com/bot.html)"
65.108.125.120 - - [06/May/2022:04:18:16 +0200] "GET /violetta-calendar-year-2015-p-27259.html HTTP/1.0" 301 70875 "-" "Mozilla/5.0 (compatible; MJ12bot/v1.4.8; http://mj12bot.com/)"
65.108.142.49 - - [06/May/2022:04:18:18 +0200] "GET /-p-27259.html HTTP/1.0" 200 70808 "-" "Mozilla/5.0 (compatible; MJ12bot/v1.4.8; http://mj12bot.com/)"
65.108.142.49 - - [06/May/2022:04:18:21 +0200] "GET /-p-2742.html HTTP/1.0" 200 70806 "-" "Mozilla/5.0 (compatible; MJ12bot/v1.4.8; http://mj12bot.com/)"
65.108.125.120 - - [06/May/2022:04:18:22 +0200] "GET /-p-27259.html HTTP/1.0" 200 70808 "-" "Mozilla/5.0 (compatible; MJ12bot/v1.4.8; http://mj12bot.com/)"
65.108.142.49 - - [06/May/2022:04:18:24 +0200] "GET /-p-27479.html HTTP/1.0" 200 70808 "-" "Mozilla/5.0 (compatible; MJ12bot/v1.4.8; http://mj12bot.com/)"
65.108.125.120 - - [06/May/2022:04:18:27 +0200] "GET /vive-paris-spiral-notebook-p-20223.html HTTP/1.0" 200 73531 "-" "Mozilla/5.0 (compatible; MJ12bot/v1.4.8; http://mj12bot.com/)"
65.108.142.49 - - [06/May/2022:04:18:27 +0200] "GET /-p-27488.html HTTP/1.0" 200 70808 "-" "Mozilla/5.0 (compatible; MJ12bot/v1.4.8; http://mj12bot.com/)"
65.108.142.49 - - [06/May/2022:04:18:31 +0200] "GET /-p-27640.html HTTP/1.0" 200 70808 "-" "Mozilla/5.0 (compatible; MJ12bot/v1.4.8; http://mj12bot.com/)"
65.108.125.120 - - [06/May/2022:04:18:34 +0200] "GET /volkswagen-blue-small-bag-24-cm-p-33960.html HTTP/1.0" 301 70875 "-" "Mozilla/5.0 (compatible; MJ12bot/v1.4.8; http://mj12bot.com/)"
65.108.142.49 - - [06/May/2022:04:18:34 +0200] "GET /-p-27642.html HTTP/1.0" 200 70808 "-" "Mozilla/5.0 (compatible; MJ12bot/v1.4.8; http://mj12bot.com/)"
65.108.142.49 - - [06/May/2022:04:18:37 +0200] "GET /-p-27711.html HTTP/1.0" 200 70808 "-" "Mozilla/5.0 (compatible; MJ12bot/v1.4.8; http://mj12bot.com/)"
65.108.125.120 - - [06/May/2022:04:18:38 +0200] "GET /-p-33960.html HTTP/1.0" 200 70808 "-" "Mozilla/5.0 (compatible; MJ12bot/v1.4.8; http://mj12bot.com/)"
65.108.142.49 - - [06/May/2022:04:18:40 +0200] "GET /-p-27712.html HTTP/1.0" 200 70808 "-" "Mozilla/5.0 (compatible; MJ12bot/v1.4.8; http://mj12bot.com/)"
65.108.142.49 - - [06/May/2022:04:18:43 +0200] "GET /-p-27716.html HTTP/1.0" 200 70808 "-" "Mozilla/5.0 (compatible; MJ12bot/v1.4.8; http://mj12bot.com/)"
65.108.142.49 - - [06/May/2022:04:18:46 +0200] "GET /-p-27718.html HTTP/1.0" 200 70808 "-" "Mozilla/5.0 (compatible; MJ12bot/v1.4.8; http://mj12bot.com/)"
