207.46.13.182 - - [06/May/2022:17:22:45 +0200] "GET /-p-36303.html HTTP/1.0" 200 70808 "-" "Mozilla/5.0 (compatible; bingbot/2.0; +http://www.bing.com/bingbot.htm)"
64.62.252.162 - - [06/May/2022:17:22:52 +0200] "GET /water-outdoor-games-c-4_143.html HTTP/1.0" 200 92494 "-" "The Knowledge AI"
64.62.252.162 - - [06/May/2022:17:23:05 +0200] "GET /adults-c-53.html HTTP/1.0" 200 93496 "-" "The Knowledge AI"
77.88.5.208 - - [06/May/2022:17:23:16 +0200] "GET /products_new.php HTTP/1.0" 200 95589 "-" "Mozilla/5.0 (compatible; YandexBot/3.0; +http://yandex.com/bots)"
64.62.252.162 - - [06/May/2022:17:23:17 +0200] "GET /socks-adults-c-53_137.html HTTP/1.0" 200 69872 "-" "The Knowledge AI"
185.191.171.10 - - [06/May/2022:17:23:22 +0200] "GET /valdrome-p-43964.html HTTP/1.0" 200 74170 "-" "Mozilla/5.0 (compatible; SemrushBot/7~bl; +http://www.semrush.com/bot.html)"
64.62.252.162 - - [06/May/2022:17:23:30 +0200] "GET /shirts-sweatshirts-c-53_54.html HTTP/1.0" 200 94129 "-" "The Knowledge AI"
54.36.148.243 - - [06/May/2022:17:23:30 +0200] "GET /tassen-mood-made-germany-p-43322.html HTTP/1.0" 200 73630 "-" "Mozilla/5.0 (compatible; AhrefsBot/7.0; +http://ahrefs.com/robot/)"
54.36.148.204 - - [06/May/2022:17:23:36 +0200] "GET /images/big_prod/4250255858918.jpg HTTP/1.0" 200 268 "-" "Mozilla/5.0 (compatible; AhrefsBot/7.0; +http://ahrefs.com/robot/)"
64.62.252.162 - - [06/May/2022:17:23:43 +0200] "GET /shirts-sweatshirts-women-c-53_55.html HTTP/1.0" 200 94733 "-" "The Knowledge AI"
40.77.167.0 - - [06/May/2022:17:23:47 +0200] "GET /small-wooden-box-butterflies-and-ribbon-p-37616.html HTTP/1.0" 301 71040 "-" "Mozilla/5.0 (compatible; bingbot/2.0; +http://www.bing.com/bingbot.htm)"
64.62.252.162 - - [06/May/2022:17:23:56 +0200] "GET /caps-scarfs-adults-c-53_138.html HTTP/1.0" 200 88002 "-" "The Knowledge AI"
64.62.252.162 - - [06/May/2022:17:24:08 +0200] "GET /boxers-c-53_139.html HTTP/1.0" 200 69699 "-" "The Knowledge AI"
47.254.23.237 - - [06/May/2022:17:24:16 +0200] "GET /images/mini_prod/3014627950003.jpg HTTP/1.0" 200 269 "-" "Mozilla/5.0 (X11; Ubuntu; Linux x86_64; rv:72.0) Gecko/20100101 Firefox/72.0"
64.62.252.162 - - [06/May/2022:17:24:20 +0200] "GET /girls-c-1.html HTTP/1.0" 200 92054 "-" "The Knowledge AI"
54.36.148.243 - - [06/May/2022:17:24:22 +0200] "GET /goldorak-p-30225.html HTTP/1.0" 200 73405 "-" "Mozilla/5.0 (compatible; AhrefsBot/7.0; +http://ahrefs.com/robot/)"
54.36.149.55 - - [06/May/2022:17:24:29 +0200] "GET /images/med_prod/4582497091533.jpg HTTP/1.0" 200 268 "-" "Mozilla/5.0 (compatible; AhrefsBot/7.0; +http://ahrefs.com/robot/)"
64.62.252.162 - - [06/May/2022:17:24:34 +0200] "GET /court-sleeves-shirts-c-1_22.html HTTP/1.0" 200 69800 "-" "The Knowledge AI"
185.191.171.24 - - [06/May/2022:17:24:35 +0200] "GET /decorative-horse-statue-p-44672.html HTTP/1.0" 200 73519 "-" "Mozilla/5.0 (compatible; SemrushBot/7~bl; +http://www.semrush.com/bot.html)"
157.55.39.172 - - [06/May/2022:17:24:41 +0200] "GET /-p-29569.html HTTP/1.0" 200 70808 "-" "Mozilla/5.0 (compatible; bingbot/2.0; +http://www.bing.com/bingbot.htm)"
64.62.252.162 - - [06/May/2022:17:24:46 +0200] "GET /dresses-skirts-c-1_19.html HTTP/1.0" 200 79635 "-" "The Knowledge AI"
64.62.252.162 - - [06/May/2022:17:24:58 +0200] "GET /hats-caps-c-1_44.html HTTP/1.0" 200 92047 "-" "The Knowledge AI"
64.62.252.162 - - [06/May/2022:17:25:11 +0200] "GET /jackets-coats-parkas-c-1_27.html HTTP/1.0" 200 84050 "-" "The Knowledge AI"
54.36.148.243 - - [06/May/2022:17:25:18 +0200] "GET /japanese-garden-cherry-tree-sticker-p-35390.html HTTP/1.0" 200 74292 "-" "Mozilla/5.0 (compatible; AhrefsBot/7.0; +http://ahrefs.com/robot/)"
64.62.252.162 - - [06/May/2022:17:25:23 +0200] "GET /long-sleeves-shirts-c-1_21.html HTTP/1.0" 200 77562 "-" "The Knowledge AI"
64.62.252.162 - - [06/May/2022:17:25:35 +0200] "GET /night-clothes-c-1_24.html HTTP/1.0" 200 69741 "-" "The Knowledge AI"
185.191.171.9 - - [06/May/2022:17:25:36 +0200] "GET /pastis-set-of-coasters-p-39472.html HTTP/1.0" 301 70962 "-" "Mozilla/5.0 (compatible; SemrushBot/7~bl; +http://www.semrush.com/bot.html)"
185.191.171.33 - - [06/May/2022:17:25:41 +0200] "GET /pastis-coasters-p-39472.html HTTP/1.0" 200 70880 "-" "Mozilla/5.0 (compatible; SemrushBot/7~bl; +http://www.semrush.com/bot.html)"
64.62.252.162 - - [06/May/2022:17:25:48 +0200] "GET /pants-capri-pants-c-1_20.html HTTP/1.0" 200 79701 "-" "The Knowledge AI"
64.62.252.162 - - [06/May/2022:17:26:00 +0200] "GET /set-c-1_8.html HTTP/1.0" 200 69669 "-" "The Knowledge AI"
64.62.252.162 - - [06/May/2022:17:26:12 +0200] "GET /socks-c-1_141.html HTTP/1.0" 200 79004 "-" "The Knowledge AI"
54.36.148.243 - - [06/May/2022:17:26:15 +0200] "GET /seagrass-basket-p-50216.html HTTP/1.0" 200 73418 "-" "Mozilla/5.0 (compatible; AhrefsBot/7.0; +http://ahrefs.com/robot/)"
54.36.148.124 - - [06/May/2022:17:26:19 +0200] "GET /images/big_prod/8422021629015.jpg HTTP/1.0" 200 268 "-" "Mozilla/5.0 (compatible; AhrefsBot/7.0; +http://ahrefs.com/robot/)"
64.62.252.162 - - [06/May/2022:17:26:24 +0200] "GET /sweaters-sweatshirts-vests-c-1_23.html HTTP/1.0" 200 82439 "-" "The Knowledge AI"
185.191.171.10 - - [06/May/2022:17:26:25 +0200] "GET /topped-kit-dolphins-p-40762.html HTTP/1.0" 301 70965 "-" "Mozilla/5.0 (compatible; SemrushBot/7~bl; +http://www.semrush.com/bot.html)"
185.191.171.13 - - [06/May/2022:17:26:29 +0200] "GET /topped-dolphins-p-40762.html HTTP/1.0" 200 70883 "-" "Mozilla/5.0 (compatible; SemrushBot/7~bl; +http://www.semrush.com/bot.html)"
185.191.171.3 - - [06/May/2022:17:26:33 +0200] "GET /eccentric-p-49403.html?action=add_product HTTP/1.0" 302 476 "-" "Mozilla/5.0 (compatible; SemrushBot/7~bl; +http://www.semrush.com/bot.html)"
64.62.252.162 - - [06/May/2022:17:26:37 +0200] "GET /swimsuit-c-1_18.html HTTP/1.0" 200 92494 "-" "The Knowledge AI"
17.121.115.212 - - [06/May/2022:17:26:44 +0200] "GET /giraffe-statuette-resin-p-56335.html HTTP/1.0" 200 74112 "-" "Mozilla/5.0 (Macintosh; Intel Mac OS X 10_15_5) AppleWebKit/605.1.15 (KHTML, like Gecko) Version/13.1.1 Safari/605.1.15 (Applebot/0.1; +http://www.apple.com/go/applebot)"
64.62.252.162 - - [06/May/2022:17:26:49 +0200] "GET /tights-c-1_48.html HTTP/1.0" 200 79754 "-" "The Knowledge AI"
64.62.252.162 - - [06/May/2022:17:27:01 +0200] "GET /underclothes-c-1_25.html HTTP/1.0" 200 69734 "-" "The Knowledge AI"
185.191.171.26 - - [06/May/2022:17:27:04 +0200] "GET /oliver-ceramic-solitary-teapot-p-57264.html HTTP/1.0" 200 73485 "-" "Mozilla/5.0 (compatible; SemrushBot/7~bl; +http://www.semrush.com/bot.html)"
185.191.171.23 - - [06/May/2022:17:27:10 +0200] "GET /pvc-table-protector-under-tablecloth-140-200-cm-p-48561.html HTTP/1.0" 301 71061 "-" "Mozilla/5.0 (compatible; SemrushBot/7~bl; +http://www.semrush.com/bot.html)"
54.36.148.243 - - [06/May/2022:17:27:11 +0200] "GET /klimt-candle-holders-p-53529.html HTTP/1.0" 200 74360 "-" "Mozilla/5.0 (compatible; AhrefsBot/7.0; +http://ahrefs.com/robot/)"
64.62.252.162 - - [06/May/2022:17:27:14 +0200] "GET /boys-c-2.html HTTP/1.0" 200 91254 "-" "The Knowledge AI"
185.191.171.12 - - [06/May/2022:17:27:14 +0200] "GET /table-protector-under-tablecloth-p-48561.html HTTP/1.0" 200 70962 "-" "Mozilla/5.0 (compatible; SemrushBot/7~bl; +http://www.semrush.com/bot.html)"
157.55.39.101 - - [06/May/2022:17:27:19 +0200] "GET /panda-water-bottle-p-48678.html HTTP/1.0" 200 74055 "-" "Mozilla/5.0 (compatible; bingbot/2.0; +http://www.bing.com/bingbot.htm)"
64.62.252.162 - - [06/May/2022:17:27:26 +0200] "GET /court-sleeves-shirts-c-2_39.html HTTP/1.0" 200 77023 "-" "The Knowledge AI"
185.191.171.5 - - [06/May/2022:17:27:27 +0200] "GET /zodiac-high-ceramic-mug-p-30790.html HTTP/1.0" 301 73486 "-" "Mozilla/5.0 (compatible; SemrushBot/7~bl; +http://www.semrush.com/bot.html)"
185.191.171.8 - - [06/May/2022:17:27:32 +0200] "GET /zodiac-high-ceramic-p-30790.html HTTP/1.0" 200 73400 "-" "Mozilla/5.0 (compatible; SemrushBot/7~bl; +http://www.semrush.com/bot.html)"
64.62.252.162 - - [06/May/2022:17:27:38 +0200] "GET /hats-caps-c-2_43.html HTTP/1.0" 200 69731 "-" "The Knowledge AI"
64.62.252.162 - - [06/May/2022:17:27:52 +0200] "GET /jackets-coats-parkas-c-2_41.html HTTP/1.0" 200 78437 "-" "The Knowledge AI"
64.62.252.162 - - [06/May/2022:17:28:04 +0200] "GET /long-sleeves-shirts-c-2_40.html HTTP/1.0" 200 69791 "-" "The Knowledge AI"
157.55.39.172 - - [06/May/2022:17:28:12 +0200] "GET /poe-dameron-miniature-character-p-32466.html HTTP/1.0" 301 73786 "-" "Mozilla/5.0 (compatible; bingbot/2.0; +http://www.bing.com/bingbot.htm)"
40.77.167.13 - - [06/May/2022:17:28:13 +0200] "GET /betty-boop-ashtray-p-27177.html HTTP/1.0" 200 73423 "-" "Mozilla/5.0 (compatible; bingbot/2.0; +http://www.bing.com/bingbot.htm)"
54.36.148.243 - - [06/May/2022:17:28:13 +0200] "GET /banania-large-metal-plate-p-27377.html HTTP/1.0" 200 73487 "-" "Mozilla/5.0 (compatible; AhrefsBot/7.0; +http://ahrefs.com/robot/)"
64.62.252.162 - - [06/May/2022:17:28:16 +0200] "GET /set-c-2_34.html HTTP/1.0" 200 77130 "-" "The Knowledge AI"
185.191.171.38 - - [06/May/2022:17:28:26 +0200] "GET /birds-meeting-fine-bone-china-p-56865.html?action=add_product HTTP/1.0" 302 476 "-" "Mozilla/5.0 (compatible; SemrushBot/7~bl; +http://www.semrush.com/bot.html)"
64.62.252.162 - - [06/May/2022:17:28:28 +0200] "GET /sleepwear-c-2_42.html HTTP/1.0" 200 69723 "-" "The Knowledge AI"
64.62.252.162 - - [06/May/2022:17:28:40 +0200] "GET /socks-c-2_142.html HTTP/1.0" 200 80514 "-" "The Knowledge AI"
54.36.148.243 - - [06/May/2022:17:29:11 +0200] "GET /tweety-figurine-p-45042.html HTTP/1.0" 200 73416 "-" "Mozilla/5.0 (compatible; AhrefsBot/7.0; +http://ahrefs.com/robot/)"
185.191.171.23 - - [06/May/2022:17:29:14 +0200] "GET /yoga-cats-balancing-stick-posture-statuette-p-55069.html HTTP/1.0" 200 73691 "-" "Mozilla/5.0 (compatible; SemrushBot/7~bl; +http://www.semrush.com/bot.html)"
64.62.252.162 - - [06/May/2022:17:29:49 +0200] "GET /sweaters-sweatshirts-vests-c-2_37.html HTTP/1.0" 200 69840 "-" "The Knowledge AI"
103.131.71.51 - - [06/May/2022:17:29:58 +0200] "GET /robots.txt HTTP/1.0" 301 531 "-" "Mozilla/5.0 (compatible; coccocbot-image/1.0; +http://help.coccoc.com/searchengine)"
103.131.71.51 - - [06/May/2022:17:30:00 +0200] "GET /robots.txt HTTP/1.0" 200 245 "-" "Mozilla/5.0 (compatible; coccocbot-image/1.0; +http://help.coccoc.com/searchengine)"
64.62.252.162 - - [06/May/2022:17:30:01 +0200] "GET /swimwear-c-2_35.html HTTP/1.0" 200 90434 "-" "The Knowledge AI"
54.36.148.243 - - [06/May/2022:17:30:04 +0200] "GET /skull-flag-figure-p-34177.html HTTP/1.0" 200 73462 "-" "Mozilla/5.0 (compatible; AhrefsBot/7.0; +http://ahrefs.com/robot/)"
207.46.13.182 - - [06/May/2022:17:30:06 +0200] "GET /headrest-cushion-blue-45-70-cm-gardena-p-45244.html HTTP/1.0" 301 71006 "-" "Mozilla/5.0 (compatible; bingbot/2.0; +http://www.bing.com/bingbot.htm)"
64.62.252.162 - - [06/May/2022:17:30:14 +0200] "GET /underwear-c-2_38.html HTTP/1.0" 200 76104 "-" "The Knowledge AI"
111.225.144.162 - - [06/May/2022:17:30:23 +0200] "GET /images/mini_prod/rayeparme.jpg HTTP/1.0" 200 265 "-" "Mozilla/5.0 (Macintosh; Intel Mac OS X 10_12_4) AppleWebKit/537.36 (KHTML, like Gecko) Chrome/58.0.3029.110 Safari/537.36"
64.62.252.162 - - [06/May/2022:17:30:26 +0200] "GET /-c-95.html HTTP/1.0" 200 69583 "-" "The Knowledge AI"
64.62.252.162 - - [06/May/2022:17:30:39 +0200] "GET /personalized-products-c-97.html HTTP/1.0" 200 91018 "-" "The Knowledge AI"
185.191.171.9 - - [06/May/2022:17:30:42 +0200] "GET /hanging-board-buddha-quote-turn-lamp-someone-p-49494.html HTTP/1.0" 200 73796 "-" "Mozilla/5.0 (compatible; SemrushBot/7~bl; +http://www.semrush.com/bot.html)"
64.62.252.162 - - [06/May/2022:17:30:51 +0200] "GET /table-setting-c-97_99.html HTTP/1.0" 200 81050 "-" "The Knowledge AI"
54.36.148.243 - - [06/May/2022:17:30:57 +0200] "GET /mickey-pluto-figurine-collection-romero-britto-p-57499.html HTTP/1.0" 200 75132 "-" "Mozilla/5.0 (compatible; AhrefsBot/7.0; +http://ahrefs.com/robot/)"
64.62.252.162 - - [06/May/2022:17:31:04 +0200] "GET /office-items-c-97_100.html HTTP/1.0" 200 90868 "-" "The Knowledge AI"
47.254.91.81 - - [06/May/2022:17:31:07 +0200] "GET /images/mini_prod/5010065073210.jpg HTTP/1.0" 200 269 "-" "Mozilla/5.0 (X11; Ubuntu; Linux x86_64; rv:72.0) Gecko/20100101 Firefox/72.0"
64.62.252.162 - - [06/May/2022:17:31:17 +0200] "GET /accessories-c-97_98.html HTTP/1.0" 200 84743 "-" "The Knowledge AI"
66.249.64.152 - - [06/May/2022:17:31:29 +0200] "GET /games-and-toys/creative-activities/create-your-glamour-special-colouring-book-p-11265.html HTTP/1.0" 301 70875 "-" "Mozilla/5.0 (compatible; Googlebot/2.1; +http://www.google.com/bot.html)"
64.62.252.162 - - [06/May/2022:17:31:29 +0200] "GET /-c-97_196.html HTTP/1.0" 200 77463 "-" "The Knowledge AI"
66.249.64.158 - - [06/May/2022:17:31:31 +0200] "GET /-p-11265.html HTTP/1.0" 200 70808 "-" "Mozilla/5.0 (compatible; Googlebot/2.1; +http://www.google.com/bot.html)"
64.62.252.162 - - [06/May/2022:17:31:43 +0200] "GET /-i-17.html HTTP/1.0" 200 99965 "-" "The Knowledge AI"
54.36.148.243 - - [06/May/2022:17:31:54 +0200] "GET /little-miss-sunshine-pink-wallet-p-2682.html HTTP/1.0" 200 73761 "-" "Mozilla/5.0 (compatible; AhrefsBot/7.0; +http://ahrefs.com/robot/)"
64.62.252.162 - - [06/May/2022:17:31:55 +0200] "GET /little-toiletry-p-57995.html HTTP/1.0" 200 73518 "-" "The Knowledge AI"
54.36.149.76 - - [06/May/2022:17:31:59 +0200] "GET /images/TROME3174copie3.jpg HTTP/1.0" 200 261 "-" "Mozilla/5.0 (compatible; AhrefsBot/7.0; +http://ahrefs.com/robot/)"
64.62.252.162 - - [06/May/2022:17:32:08 +0200] "GET /guam-cotton-basket-p-57904.html HTTP/1.0" 200 74056 "-" "The Knowledge AI"
64.62.252.162 - - [06/May/2022:17:32:20 +0200] "GET /antique-buddha-bust-statue-p-57933.html HTTP/1.0" 200 74515 "-" "The Knowledge AI"
64.62.252.162 - - [06/May/2022:17:32:33 +0200] "GET /character-statues-mango-wood-base-p-58078.html HTTP/1.0" 200 74653 "-" "The Knowledge AI"
64.62.252.162 - - [06/May/2022:17:32:46 +0200] "GET /small-flowerpot-hang-p-58111.html HTTP/1.0" 200 74089 "-" "The Knowledge AI"
54.36.148.243 - - [06/May/2022:17:32:49 +0200] "GET /wooden-storage-boxes-p-56509.html HTTP/1.0" 200 74430 "-" "Mozilla/5.0 (compatible; AhrefsBot/7.0; +http://ahrefs.com/robot/)"
64.62.252.162 - - [06/May/2022:17:32:58 +0200] "GET /brush-placemat-kiub-p-57960.html HTTP/1.0" 200 73481 "-" "The Knowledge AI"
64.62.252.162 - - [06/May/2022:17:33:11 +0200] "GET /cement-cover-gray-p-57982.html HTTP/1.0" 200 74216 "-" "The Knowledge AI"
185.191.171.26 - - [06/May/2022:17:33:16 +0200] "GET /-c-13_289.html HTTP/1.0" 301 90610 "-" "Mozilla/5.0 (compatible; SemrushBot/7~bl; +http://www.semrush.com/bot.html)"
185.191.171.14 - - [06/May/2022:17:33:20 +0200] "GET /baskets-c-289.html HTTP/1.0" 301 90487 "-" "Mozilla/5.0 (compatible; SemrushBot/7~bl; +http://www.semrush.com/bot.html)"
64.62.252.162 - - [06/May/2022:17:33:23 +0200] "GET /banao-cotton-jute-basket-planter-p-57926.html HTTP/1.0" 200 74274 "-" "The Knowledge AI"
185.191.171.15 - - [06/May/2022:17:33:24 +0200] "GET /baskets-c-13_289.html HTTP/1.0" 200 90538 "-" "Mozilla/5.0 (compatible; SemrushBot/7~bl; +http://www.semrush.com/bot.html)"
47.88.56.224 - - [06/May/2022:17:33:29 +0200] "GET /images/mini_prod/9316188078269.jpg HTTP/1.0" 200 269 "-" "Mozilla/5.0 (X11; Ubuntu; Linux x86_64; rv:72.0) Gecko/20100101 Firefox/72.0"
185.191.171.13 - - [06/May/2022:17:33:32 +0200] "GET /corsica-espresso-p-57148.html HTTP/1.0" 200 74031 "-" "Mozilla/5.0 (compatible; SemrushBot/7~bl; +http://www.semrush.com/bot.html)"
64.62.252.162 - - [06/May/2022:17:33:36 +0200] "GET /pompon-white-bear-reproduction-tree-ornament-figurine-p-58028.html HTTP/1.0" 200 74451 "-" "The Knowledge AI"
54.36.148.243 - - [06/May/2022:17:33:40 +0200] "GET /quote-wall-stickers-parakeets-p-55699.html HTTP/1.0" 200 74174 "-" "Mozilla/5.0 (compatible; AhrefsBot/7.0; +http://ahrefs.com/robot/)"
185.191.171.16 - - [06/May/2022:17:33:43 +0200] "GET /mighty-evil-one-iago-and-jafar-figurine-p-39430.html HTTP/1.0" 301 74305 "-" "Mozilla/5.0 (compatible; SemrushBot/7~bl; +http://www.semrush.com/bot.html)"
185.191.171.4 - - [06/May/2022:17:33:46 +0200] "GET /mighty-evil-iago-jafar-figurine-p-39430.html HTTP/1.0" 200 74207 "-" "Mozilla/5.0 (compatible; SemrushBot/7~bl; +http://www.semrush.com/bot.html)"
64.62.252.162 - - [06/May/2022:17:33:48 +0200] "GET /guam-cotton-basket-p-57905.html HTTP/1.0" 200 74054 "-" "The Knowledge AI"
64.62.252.162 - - [06/May/2022:17:34:00 +0200] "GET /artisan-plaster-thermometer-handcrafted-p-57999.html HTTP/1.0" 200 74522 "-" "The Knowledge AI"
111.225.145.249 - - [06/May/2022:17:34:04 +0200] "GET /images/mini_prod/1399984289174.jpg HTTP/1.0" 200 269 "-" "Mozilla/5.0 (Macintosh; Intel Mac OS X 10_12_4) AppleWebKit/537.36 (KHTML, like Gecko) Chrome/58.0.3029.110 Safari/537.36"
64.62.252.162 - - [06/May/2022:17:34:13 +0200] "GET /boho-resin-planter-p-58090.html HTTP/1.0" 301 74096 "-" "The Knowledge AI"
54.36.148.243 - - [06/May/2022:17:34:25 +0200] "GET /banania-large-metal-plate-p-27378.html HTTP/1.0" 200 73524 "-" "Mozilla/5.0 (compatible; AhrefsBot/7.0; +http://ahrefs.com/robot/)"
64.62.252.162 - - [06/May/2022:17:34:25 +0200] "GET /welcome-coconut-fibers-doormat-p-58059.html HTTP/1.0" 200 74425 "-" "The Knowledge AI"
64.62.252.162 - - [06/May/2022:17:34:39 +0200] "GET /artisan-plaster-thermometer-handcrafted-p-58037.html HTTP/1.0" 200 74572 "-" "The Knowledge AI"
64.62.252.162 - - [06/May/2022:17:34:51 +0200] "GET /palo-santo-sacred-wood-sticks-small-p-57940.html HTTP/1.0" 200 75426 "-" "The Knowledge AI"
64.62.252.162 - - [06/May/2022:17:35:03 +0200] "GET /handmade-vase-shape-pitcher-p-58073.html HTTP/1.0" 200 74207 "-" "The Knowledge AI"
64.62.252.162 - - [06/May/2022:17:35:16 +0200] "GET /artisan-plaster-thermometer-handcrafted-p-58012.html HTTP/1.0" 200 74527 "-" "The Knowledge AI"
207.46.13.182 - - [06/May/2022:17:35:17 +0200] "GET /large-porcelain-bowl-botanic-p-51797.html HTTP/1.0" 200 70914 "-" "Mozilla/5.0 (compatible; bingbot/2.0; +http://www.bing.com/bingbot.htm)"
54.36.148.243 - - [06/May/2022:17:35:24 +0200] "GET /little-toiletry-p-57996.html HTTP/1.0" 200 73472 "-" "Mozilla/5.0 (compatible; AhrefsBot/7.0; +http://ahrefs.com/robot/)"
64.62.252.162 - - [06/May/2022:17:35:28 +0200] "GET /cement-cover-orange-p-57983.html HTTP/1.0" 200 74028 "-" "The Knowledge AI"
64.62.252.162 - - [06/May/2022:17:35:41 +0200] "GET /little-prince-exupry-liberty-p-57946.html HTTP/1.0" 200 74257 "-" "The Knowledge AI"
51.68.224.127 - - [06/May/2022:17:35:41 +0200] "GET /adminweb/export_orders_xml.php?token=256de2z6edz6ed2z6DFSFsed2zed6zeDSFDSGdzedezfzf&maxorders=10&orderstart=1&status=14&start_date=2018-10-01 HTTP/1.0" 200 285 "-" "GesCom CharlotteBoutik Serveur"
51.68.224.127 - - [06/May/2022:17:35:42 +0200] "GET /adminweb/export_orders_xml.php?token=256de2z6edz6ed2z6DFSFsed2zed6zeDSFDSGdzedezfzf&maxorders=10&orderstart=1&status=6&start_date=2018-10-01 HTTP/1.0" 200 32798 "-" "GesCom CharlotteBoutik Serveur"
157.55.39.101 - - [06/May/2022:17:36:00 +0200] "GET /large-flower-ceramic-tealight-p-42170.html HTTP/1.0" 200 74199 "-" "Mozilla/5.0 (compatible; bingbot/2.0; +http://www.bing.com/bingbot.htm)"
157.55.39.172 - - [06/May/2022:17:36:03 +0200] "GET /travel-yoga-mat-gray-p-51588.html HTTP/1.0" 301 74553 "-" "Mozilla/5.0 (compatible; bingbot/2.0; +http://www.bing.com/bingbot.htm)"
54.36.148.243 - - [06/May/2022:17:36:19 +0200] "GET /metal-plate-p-37076.html HTTP/1.0" 200 73491 "-" "Mozilla/5.0 (compatible; AhrefsBot/7.0; +http://ahrefs.com/robot/)"
54.36.149.19 - - [06/May/2022:17:36:24 +0200] "GET /images/big_prod/4036113240039.jpg HTTP/1.0" 200 268 "-" "Mozilla/5.0 (compatible; AhrefsBot/7.0; +http://ahrefs.com/robot/)"
64.62.252.162 - - [06/May/2022:17:36:38 +0200] "GET /robots.txt HTTP/1.0" 200 245 "-" "The Knowledge AI"
64.62.252.162 - - [06/May/2022:17:36:38 +0200] "GET /white-ceramic-toilet-brush-p-57894.html HTTP/1.0" 200 74389 "-" "The Knowledge AI"
64.62.252.162 - - [06/May/2022:17:36:51 +0200] "GET /removable-cushion-polar-fleece-p-57911.html HTTP/1.0" 200 74367 "-" "The Knowledge AI"
64.62.252.162 - - [06/May/2022:17:37:03 +0200] "GET /cotton-jute-baskets-planters-banao-p-57917.html HTTP/1.0" 200 75195 "-" "The Knowledge AI"
47.254.23.237 - - [06/May/2022:17:37:05 +0200] "GET /images/mini_prod/1328399085330.jpg HTTP/1.0" 200 269 "-" "Mozilla/5.0 (X11; Ubuntu; Linux x86_64; rv:72.0) Gecko/20100101 Firefox/72.0"
185.191.171.4 - - [06/May/2022:17:37:13 +0200] "GET /wooden-memo-board-love-p-43094.html HTTP/1.0" 301 70875 "-" "Mozilla/5.0 (compatible; SemrushBot/7~bl; +http://www.semrush.com/bot.html)"
54.36.148.243 - - [06/May/2022:17:37:14 +0200] "GET /decoration-hedgehog-beige-resin-p-45435.html HTTP/1.0" 200 73569 "-" "Mozilla/5.0 (compatible; AhrefsBot/7.0; +http://ahrefs.com/robot/)"
185.191.171.3 - - [06/May/2022:17:37:16 +0200] "GET /-p-43094.html HTTP/1.0" 200 70808 "-" "Mozilla/5.0 (compatible; SemrushBot/7~bl; +http://www.semrush.com/bot.html)"
64.62.252.162 - - [06/May/2022:17:37:16 +0200] "GET /cars-sports-bottle-p-58102.html HTTP/1.0" 200 74012 "-" "The Knowledge AI"
54.36.148.105 - - [06/May/2022:17:37:20 +0200] "GET /images/big_prod/5415203867490.jpg HTTP/1.0" 200 268 "-" "Mozilla/5.0 (compatible; AhrefsBot/7.0; +http://ahrefs.com/robot/)"
64.62.252.162 - - [06/May/2022:17:37:29 +0200] "GET /insulated-bottle-ziggy-p-57976.html HTTP/1.0" 200 74637 "-" "The Knowledge AI"
64.62.252.162 - - [06/May/2022:17:37:42 +0200] "GET /brnice-lampshade-p-57963.html HTTP/1.0" 200 74257 "-" "The Knowledge AI"
64.62.252.162 - - [06/May/2022:17:37:55 +0200] "GET /copper-ceramic-cover-p-58063.html HTTP/1.0" 200 74130 "-" "The Knowledge AI"
54.36.148.243 - - [06/May/2022:17:38:00 +0200] "GET /small-pink-money-p-54805.html HTTP/1.0" 200 73483 "-" "Mozilla/5.0 (compatible; AhrefsBot/7.0; +http://ahrefs.com/robot/)"
17.121.113.220 - - [06/May/2022:17:38:04 +0200] "GET /cotton-floor-cushion-chypre-p-51504.html HTTP/1.0" 200 70918 "-" "Mozilla/5.0 (Macintosh; Intel Mac OS X 10_15_5) AppleWebKit/605.1.15 (KHTML, like Gecko) Version/13.1.1 Safari/605.1.15 (Applebot/0.1; +http://www.apple.com/go/applebot)"
64.62.252.162 - - [06/May/2022:17:38:07 +0200] "GET /beige-lampshade-p-58053.html HTTP/1.0" 200 74041 "-" "The Knowledge AI"
185.191.171.3 - - [06/May/2022:17:38:22 +0200] "GET /candle-made-france-hours-patchouli-p-43864.html?action=add_product HTTP/1.0" 302 476 "-" "Mozilla/5.0 (compatible; SemrushBot/7~bl; +http://www.semrush.com/bot.html)"
64.62.252.162 - - [06/May/2022:17:38:22 +0200] "GET /porcelain-with-infuser-cement-tiles-p-58106.html HTTP/1.0" 200 73562 "-" "The Knowledge AI"
64.62.252.162 - - [06/May/2022:17:38:35 +0200] "GET /artisan-plaster-thermometer-handcrafted-p-58006.html HTTP/1.0" 200 74526 "-" "The Knowledge AI"
64.62.252.162 - - [06/May/2022:17:38:48 +0200] "GET /artisan-plaster-thermometer-handcrafted-p-58011.html HTTP/1.0" 200 74526 "-" "The Knowledge AI"
185.191.171.13 - - [06/May/2022:17:38:50 +0200] "GET /pepe-jeans-kensington-laptop-p-41324.html HTTP/1.0" 200 73830 "-" "Mozilla/5.0 (compatible; SemrushBot/7~bl; +http://www.semrush.com/bot.html)"
54.36.148.243 - - [06/May/2022:17:38:57 +0200] "GET /figurine-caricature-polyrsine-carpenter-p-45226.html HTTP/1.0" 200 73776 "-" "Mozilla/5.0 (compatible; AhrefsBot/7.0; +http://ahrefs.com/robot/)"
64.62.252.162 - - [06/May/2022:17:39:00 +0200] "GET /beige-ceramic-cover-p-58071.html HTTP/1.0" 200 74033 "-" "The Knowledge AI"
64.62.252.162 - - [06/May/2022:17:39:13 +0200] "GET /cotton-floor-cushion-quadro-p-58042.html HTTP/1.0" 200 74227 "-" "The Knowledge AI"
77.88.5.208 - - [06/May/2022:17:39:24 +0200] "GET /beyblade-gingka-magnet-p-18669.html HTTP/1.0" 200 70909 "-" "Mozilla/5.0 (compatible; YandexBot/3.0; +http://yandex.com/bots)"
64.62.252.162 - - [06/May/2022:17:39:26 +0200] "GET /retro-p-58088.html HTTP/1.0" 200 74098 "-" "The Knowledge AI"
64.62.252.162 - - [06/May/2022:17:39:38 +0200] "GET /white-ceramic-face-lamp-p-58100.html HTTP/1.0" 200 74176 "-" "The Knowledge AI"
64.62.252.162 - - [06/May/2022:17:39:51 +0200] "GET /placemat-kiub-surrounded-plants-p-57961.html HTTP/1.0" 200 73691 "-" "The Knowledge AI"
54.36.148.243 - - [06/May/2022:17:39:54 +0200] "GET /figurine-caricature-polyrsine-doctor-p-41147.html HTTP/1.0" 200 73741 "-" "Mozilla/5.0 (compatible; AhrefsBot/7.0; +http://ahrefs.com/robot/)"
40.77.167.0 - - [06/May/2022:17:39:59 +0200] "GET /bob-marley-zippo-lighter-p-29773.html HTTP/1.0" 301 70998 "-" "Mozilla/5.0 (compatible; bingbot/2.0; +http://www.bing.com/bingbot.htm)"
64.62.252.162 - - [06/May/2022:17:40:03 +0200] "GET /amys-kittens-espresso-p-57973.html HTTP/1.0" 200 74764 "-" "The Knowledge AI"
49.7.45.200 - - [06/May/2022:17:40:10 +0200] "GET /images/4005221.jpg HTTP/1.0" 200 253 "-" "Mozilla/5.0 (X11; Ubuntu; Linux x86_64; rv:72.0) Gecko/20100101 Firefox/72.0"
64.62.252.162 - - [06/May/2022:17:40:15 +0200] "GET /little-toiletry-p-57997.html HTTP/1.0" 200 73522 "-" "The Knowledge AI"
185.191.171.44 - - [06/May/2022:17:40:24 +0200] "GET /pendulum-rhodonite-facet-pointed-p-47327.html?action=add_product HTTP/1.0" 302 476 "-" "Mozilla/5.0 (compatible; SemrushBot/7~bl; +http://www.semrush.com/bot.html)"
64.62.252.162 - - [06/May/2022:17:40:28 +0200] "GET /artisan-plaster-thermometer-handcrafted-p-58004.html HTTP/1.0" 200 74526 "-" "The Knowledge AI"
185.191.171.18 - - [06/May/2022:17:40:35 +0200] "GET /diamond-carpet-p-50745.html?action=add_product HTTP/1.0" 302 476 "-" "Mozilla/5.0 (compatible; SemrushBot/7~bl; +http://www.semrush.com/bot.html)"
64.62.252.162 - - [06/May/2022:17:40:41 +0200] "GET /astro-round-wood-p-57886.html HTTP/1.0" 200 74398 "-" "The Knowledge AI"
66.249.64.152 - - [06/May/2022:17:40:51 +0200] "GET /anna-disney-frozen-secret-box-collection-p-29098.html HTTP/1.0" 301 73848 "-" "Mozilla/5.0 (Linux; Android 6.0.1; Nexus 5X Build/MMB29P) AppleWebKit/537.36 (KHTML, like Gecko) Chrome/100.0.4896.127 Mobile Safari/537.36 (compatible; Googlebot/2.1; +http://www.google.com/bot.html)"
66.249.64.152 - - [06/May/2022:17:40:53 +0200] "GET /anna-disney-frozen-secret-collection-p-29098.html HTTP/1.0" 200 73745 "-" "Mozilla/5.0 (Linux; Android 6.0.1; Nexus 5X Build/MMB29P) AppleWebKit/537.36 (KHTML, like Gecko) Chrome/100.0.4896.127 Mobile Safari/537.36 (compatible; Googlebot/2.1; +http://www.google.com/bot.html)"
64.62.252.162 - - [06/May/2022:17:40:54 +0200] "GET /statuette-soldier-emperor-p-57987.html HTTP/1.0" 200 74457 "-" "The Knowledge AI"
54.36.148.243 - - [06/May/2022:17:40:53 +0200] "GET /large-maxi-trays-c-12_159_262.html HTTP/1.0" 200 89952 "-" "Mozilla/5.0 (compatible; AhrefsBot/7.0; +http://ahrefs.com/robot/)"
64.62.252.162 - - [06/May/2022:17:41:07 +0200] "GET /outdoor-cactus-figurine-p-57988.html HTTP/1.0" 200 74168 "-" "The Knowledge AI"
185.191.171.26 - - [06/May/2022:17:41:19 +0200] "GET /robots.txt HTTP/1.0" 200 245 "-" "Mozilla/5.0 (compatible; SemrushBot/7~bl; +http://www.semrush.com/bot.html)"
64.62.252.162 - - [06/May/2022:17:41:19 +0200] "GET /cotton-glove-holder-plants-p-57978.html HTTP/1.0" 200 74551 "-" "The Knowledge AI"
185.191.171.39 - - [06/May/2022:17:41:20 +0200] "GET /small-japanese-bordeaux-teapot-enameled-cast-iron-liter-p-57692.html HTTP/1.0" 200 74660 "-" "Mozilla/5.0 (compatible; SemrushBot/7~bl; +http://www.semrush.com/bot.html)"
185.191.171.10 - - [06/May/2022:17:41:30 +0200] "GET /piled-high-with-holiday-cheer-mickey-and-friends-figurine-p-53259.html HTTP/1.0" 301 75585 "-" "Mozilla/5.0 (compatible; SemrushBot/7~bl; +http://www.semrush.com/bot.html)"
64.62.252.162 - - [06/May/2022:17:41:32 +0200] "GET /bike-porcelain-kiub-p-57949.html HTTP/1.0" 200 74186 "-" "The Knowledge AI"
185.191.171.38 - - [06/May/2022:17:41:33 +0200] "GET /piled-high-with-holiday-cheer-mickey-friends-figurine-p-53259.html HTTP/1.0" 200 75465 "-" "Mozilla/5.0 (compatible; SemrushBot/7~bl; +http://www.semrush.com/bot.html)"
64.62.252.162 - - [06/May/2022:17:41:45 +0200] "GET /storing-cereals-picerie-traditionnelle-p-57969.html HTTP/1.0" 200 74440 "-" "The Knowledge AI"
54.36.148.243 - - [06/May/2022:17:41:46 +0200] "GET /avignon-large-metal-plate-p-44864.html HTTP/1.0" 200 73542 "-" "Mozilla/5.0 (compatible; AhrefsBot/7.0; +http://ahrefs.com/robot/)"
185.191.171.12 - - [06/May/2022:17:41:48 +0200] "GET /home-fragrance-heart-home-vanilla-rosewood-p-52819.html HTTP/1.0" 200 74867 "-" "Mozilla/5.0 (compatible; SemrushBot/7~bl; +http://www.semrush.com/bot.html)"
54.36.148.204 - - [06/May/2022:17:41:50 +0200] "GET /images/big_prod/3565750048728.jpg HTTP/1.0" 200 268 "-" "Mozilla/5.0 (compatible; AhrefsBot/7.0; +http://ahrefs.com/robot/)"
185.191.171.8 - - [06/May/2022:17:41:51 +0200] "GET /chic-p-33819.html?action=add_product HTTP/1.0" 302 476 "-" "Mozilla/5.0 (compatible; SemrushBot/7~bl; +http://www.semrush.com/bot.html)"
64.62.252.162 - - [06/May/2022:17:41:57 +0200] "GET /taupe-metal-umbrella-stand-p-57883.html HTTP/1.0" 200 74116 "-" "The Knowledge AI"
64.62.252.162 - - [06/May/2022:17:42:10 +0200] "GET /placemat-apptit-p-58057.html HTTP/1.0" 200 74091 "-" "The Knowledge AI"
64.62.252.162 - - [06/May/2022:17:42:23 +0200] "GET /artisan-plaster-thermometer-handcrafted-p-58002.html HTTP/1.0" 200 74526 "-" "The Knowledge AI"
64.62.252.162 - - [06/May/2022:17:42:36 +0200] "GET /antique-buddha-bust-statue-p-57932.html HTTP/1.0" 200 74517 "-" "The Knowledge AI"
54.36.148.243 - - [06/May/2022:17:42:38 +0200] "GET /metal-clock-shape-motorcycle-color-copper-p-38749.html HTTP/1.0" 200 73721 "-" "Mozilla/5.0 (compatible; AhrefsBot/7.0; +http://ahrefs.com/robot/)"
54.36.148.217 - - [06/May/2022:17:42:42 +0200] "GET /images/big_prod/1384010205372.jpg HTTP/1.0" 200 268 "-" "Mozilla/5.0 (compatible; AhrefsBot/7.0; +http://ahrefs.com/robot/)"
23.100.232.233 - - [06/May/2022:17:42:42 +0200] "GET /dubout-cats-white-ceramic-plate-p-40048.html HTTP/1.0" 200 70922 "-" "Mozilla/5.0 (compatible; MSIE 9.0; Windows NT 6.1; Trident/5.0;  Trident/5.0)"
23.100.232.233 - - [06/May/2022:17:42:44 +0200] "GET /templates/Pixame_v1/stylesheet.css HTTP/1.0" 200 267 "http://www.wonder-geek.com/dubout-cats-white-ceramic-plate-p-40048.html" "Mozilla/5.0 (compatible; MSIE 9.0; Windows NT 6.1; Trident/5.0;  Trident/5.0)"
23.100.232.233 - - [06/May/2022:17:42:44 +0200] "GET /highslide/highslide.js HTTP/1.0" 200 262 "http://www.wonder-geek.com/dubout-cats-white-ceramic-plate-p-40048.html" "Mozilla/5.0 (compatible; MSIE 9.0; Windows NT 6.1; Trident/5.0;  Trident/5.0)"
23.100.232.233 - - [06/May/2022:17:42:44 +0200] "GET /js/jquery.js HTTP/1.0" 200 252 "http://www.wonder-geek.com/dubout-cats-white-ceramic-plate-p-40048.html" "Mozilla/5.0 (compatible; MSIE 9.0; Windows NT 6.1; Trident/5.0;  Trident/5.0)"
23.100.232.233 - - [06/May/2022:17:42:45 +0200] "GET /js/jquery.jqzoom.js HTTP/1.0" 200 259 "http://www.wonder-geek.com/dubout-cats-white-ceramic-plate-p-40048.html" "Mozilla/5.0 (compatible; MSIE 9.0; Windows NT 6.1; Trident/5.0;  Trident/5.0)"
23.100.232.233 - - [06/May/2022:17:42:45 +0200] "GET /mondial_relay/js/jquery-1.3.2.min.js HTTP/1.0" 200 276 "http://www.wonder-geek.com/dubout-cats-white-ceramic-plate-p-40048.html" "Mozilla/5.0 (compatible; MSIE 9.0; Windows NT 6.1; Trident/5.0;  Trident/5.0)"
23.100.232.233 - - [06/May/2022:17:42:45 +0200] "GET /swfobject.js HTTP/1.0" 404 1308 "http://www.wonder-geek.com/dubout-cats-white-ceramic-plate-p-40048.html" "Mozilla/5.0 (compatible; MSIE 9.0; Windows NT 6.1; Trident/5.0;  Trident/5.0)"
23.100.232.233 - - [06/May/2022:17:42:45 +0200] "GET /style.ie7.css HTTP/1.0" 404 1308 "http://www.wonder-geek.com/dubout-cats-white-ceramic-plate-p-40048.html" "Mozilla/5.0 (compatible; MSIE 9.0; Windows NT 6.1; Trident/5.0;  Trident/5.0)"
23.100.232.233 - - [06/May/2022:17:42:47 +0200] "GET /templates/Pixame_v1/images/flash.swf HTTP/1.0" 200 290 "http://www.wonder-geek.com/dubout-cats-white-ceramic-plate-p-40048.html" "Mozilla/5.0 (compatible; MSIE 9.0; Windows NT 6.1; Trident/5.0;  Trident/5.0)"
23.100.232.233 - - [06/May/2022:17:42:47 +0200] "GET /highslide/graphics/zoomout.cur HTTP/1.0" 200 614 "http://www.wonder-geek.com/dubout-cats-white-ceramic-plate-p-40048.html" "Mozilla/5.0 (compatible; MSIE 9.0; Windows NT 6.1; Trident/5.0;  Trident/5.0)"
77.88.5.208 - - [06/May/2022:17:42:47 +0200] "GET /sailors-cats-p-39826.html HTTP/1.0" 200 70871 "-" "Mozilla/5.0 (compatible; YandexBot/3.0; +http://yandex.com/bots)"
17.121.112.161 - - [06/May/2022:17:42:59 +0200] "GET /lotus-candleholder-purple-goldlining-p-47015.html HTTP/1.0" 200 74977 "-" "Mozilla/5.0 (Macintosh; Intel Mac OS X 10_15_5) AppleWebKit/605.1.15 (KHTML, like Gecko) Version/13.1.1 Safari/605.1.15 (Applebot/0.1; +http://www.apple.com/go/applebot)"
111.225.144.161 - - [06/May/2022:17:43:29 +0200] "GET /images/mini_prod/8718375751022.jpg HTTP/1.0" 200 269 "-" "Mozilla/5.0 (Macintosh; Intel Mac OS X 10_12_4) AppleWebKit/537.36 (KHTML, like Gecko) Chrome/58.0.3029.110 Safari/537.36"
64.62.252.162 - - [06/May/2022:17:43:35 +0200] "GET /removable-cushion-polar-fleece-p-57909.html HTTP/1.0" 200 74367 "-" "The Knowledge AI"
54.36.148.243 - - [06/May/2022:17:43:38 +0200] "GET /playboy-vintage-p-13758.html HTTP/1.0" 200 73411 "-" "Mozilla/5.0 (compatible; AhrefsBot/7.0; +http://ahrefs.com/robot/)"
185.191.171.18 - - [06/May/2022:17:43:47 +0200] "GET /york-yankees-black-post-office-p-19821.html HTTP/1.0" 200 73910 "-" "Mozilla/5.0 (compatible; SemrushBot/7~bl; +http://www.semrush.com/bot.html)"
64.62.252.162 - - [06/May/2022:17:43:47 +0200] "GET /statuette-soldier-emperor-p-57986.html HTTP/1.0" 200 74421 "-" "The Knowledge AI"
64.62.252.162 - - [06/May/2022:17:44:01 +0200] "GET /banao-cotton-jute-basket-planter-p-57925.html HTTP/1.0" 200 74274 "-" "The Knowledge AI"
64.62.252.162 - - [06/May/2022:17:44:13 +0200] "GET /cotton-jute-baskets-planters-banao-p-57918.html HTTP/1.0" 200 75195 "-" "The Knowledge AI"
64.62.252.162 - - [06/May/2022:17:44:25 +0200] "GET /cement-cover-green-p-57984.html HTTP/1.0" 200 74225 "-" "The Knowledge AI"
157.55.39.172 - - [06/May/2022:17:44:34 +0200] "GET /jamaca-flag-p-12080.html HTTP/1.0" 301 70875 "-" "Mozilla/5.0 (compatible; bingbot/2.0; +http://www.bing.com/bingbot.htm)"
64.62.252.162 - - [06/May/2022:17:44:38 +0200] "GET /jaguars-shower-curtain-p-57892.html HTTP/1.0" 200 74391 "-" "The Knowledge AI"
54.36.148.243 - - [06/May/2022:17:44:38 +0200] "GET /gold-resin-vase-p-55599.html HTTP/1.0" 200 74066 "-" "Mozilla/5.0 (compatible; AhrefsBot/7.0; +http://ahrefs.com/robot/)"
185.191.171.14 - - [06/May/2022:17:44:46 +0200] "GET /large-candle-hours-christmas-tree-p-57118.html HTTP/1.0" 200 75088 "-" "Mozilla/5.0 (compatible; SemrushBot/7~bl; +http://www.semrush.com/bot.html)"
64.62.252.162 - - [06/May/2022:17:44:51 +0200] "GET /porcelain-owls-kiub-p-57954.html HTTP/1.0" 200 74115 "-" "The Knowledge AI"
64.62.252.162 - - [06/May/2022:17:45:03 +0200] "GET /removable-cushion-polar-fleece-p-57907.html HTTP/1.0" 200 74367 "-" "The Knowledge AI"
157.55.39.105 - - [06/May/2022:17:45:05 +0200] "GET /-p-19568.html HTTP/1.0" 200 70808 "-" "Mozilla/5.0 (compatible; bingbot/2.0; +http://www.bing.com/bingbot.htm)"
185.191.171.22 - - [06/May/2022:17:45:10 +0200] "GET /mickey-small-flexible-molds-model-p-28211.html?action=add_product HTTP/1.0" 302 476 "-" "Mozilla/5.0 (compatible; SemrushBot/7~bl; +http://www.semrush.com/bot.html)"
64.62.252.162 - - [06/May/2022:17:45:16 +0200] "GET /jane-crowther-turtle-saucer-p-57970.html HTTP/1.0" 200 74233 "-" "The Knowledge AI"
64.62.252.162 - - [06/May/2022:17:45:28 +0200] "GET /large-squirrel-jane-crowther-p-57943.html HTTP/1.0" 200 74188 "-" "The Knowledge AI"
54.36.148.243 - - [06/May/2022:17:45:39 +0200] "GET /shower-curtain-p-56064.html HTTP/1.0" 200 74123 "-" "Mozilla/5.0 (compatible; AhrefsBot/7.0; +http://ahrefs.com/robot/)"
185.191.171.44 - - [06/May/2022:17:45:41 +0200] "GET /fitted-sheet-color-p-38881.html?action=add_product HTTP/1.0" 302 476 "-" "Mozilla/5.0 (compatible; SemrushBot/7~bl; +http://www.semrush.com/bot.html)"
64.62.252.162 - - [06/May/2022:17:45:41 +0200] "GET /cement-tile-stickers-p-58014.html HTTP/1.0" 200 74378 "-" "The Knowledge AI"
64.62.252.162 - - [06/May/2022:17:45:54 +0200] "GET /removable-cushion-polar-fleece-p-57906.html HTTP/1.0" 200 74367 "-" "The Knowledge AI"
185.191.171.1 - - [06/May/2022:17:45:58 +0200] "GET /pusheen-surprise-plush-mystery-series-p-53399.html?action=add_product HTTP/1.0" 302 476 "-" "Mozilla/5.0 (compatible; SemrushBot/7~bl; +http://www.semrush.com/bot.html)"
40.77.167.0 - - [06/May/2022:17:46:00 +0200] "GET /-p-35547.html HTTP/1.0" 200 70808 "-" "Mozilla/5.0 (compatible; bingbot/2.0; +http://www.bing.com/bingbot.htm)"
185.191.171.43 - - [06/May/2022:17:46:02 +0200] "GET /tinkerbell-stationery-p-4492.html?action=add_product HTTP/1.0" 302 476 "-" "Mozilla/5.0 (compatible; SemrushBot/7~bl; +http://www.semrush.com/bot.html)"
64.62.252.162 - - [06/May/2022:17:46:06 +0200] "GET /mango-wood-magazine-rack-p-58096.html HTTP/1.0" 200 74320 "-" "The Knowledge AI"
111.225.144.248 - - [06/May/2022:17:46:16 +0200] "GET /images/mini_prod/3014627885879.jpg HTTP/1.0" 200 269 "-" "Mozilla/5.0 (Macintosh; Intel Mac OS X 10_12_4) AppleWebKit/537.36 (KHTML, like Gecko) Chrome/58.0.3029.110 Safari/537.36"
64.62.252.162 - - [06/May/2022:17:46:19 +0200] "GET /glittery-pink-glass-cover-p-58061.html HTTP/1.0" 200 74188 "-" "The Knowledge AI"
54.36.148.243 - - [06/May/2022:17:46:29 +0200] "GET /tealight-metal-p-31497.html HTTP/1.0" 200 73517 "-" "Mozilla/5.0 (compatible; AhrefsBot/7.0; +http://ahrefs.com/robot/)"
64.62.252.162 - - [06/May/2022:17:46:31 +0200] "GET /boho-resin-planter-p-58089.html HTTP/1.0" 301 74103 "-" "The Knowledge AI"
185.191.171.15 - - [06/May/2022:17:46:34 +0200] "GET /mustang-metal-plate-deco-405-215-cm-p-41073.html HTTP/1.0" 301 73647 "-" "Mozilla/5.0 (compatible; SemrushBot/7~bl; +http://www.semrush.com/bot.html)"
185.191.171.7 - - [06/May/2022:17:46:37 +0200] "GET /mustang-metal-plate-deco-p-41073.html HTTP/1.0" 200 73556 "-" "Mozilla/5.0 (compatible; SemrushBot/7~bl; +http://www.semrush.com/bot.html)"
64.62.252.162 - - [06/May/2022:17:46:43 +0200] "GET /grey-ceramic-face-lamp-p-58101.html HTTP/1.0" 200 74166 "-" "The Knowledge AI"
64.62.252.162 - - [06/May/2022:17:46:56 +0200] "GET /guam-cotton-basket-p-57899.html HTTP/1.0" 200 74054 "-" "The Knowledge AI"
17.121.112.174 - - [06/May/2022:17:47:03 +0200] "GET /robots.txt HTTP/1.0" 200 245 "-" "Mozilla/5.0 (Macintosh; Intel Mac OS X 10_15_5) AppleWebKit/605.1.15 (KHTML, like Gecko) Version/13.1.1 Safari/605.1.15 (Applebot/0.1; +http://www.apple.com/go/applebot)"
17.121.112.174 - - [06/May/2022:17:47:03 +0200] "GET /ethnic-style-burlap-table-p-48451.html HTTP/1.0" 200 74034 "-" "Mozilla/5.0 (Macintosh; Intel Mac OS X 10_15_5) AppleWebKit/605.1.15 (KHTML, like Gecko) Version/13.1.1 Safari/605.1.15 (Applebot/0.1; +http://www.apple.com/go/applebot)"
111.225.144.251 - - [06/May/2022:17:47:20 +0200] "GET /images/mini_prod/3453131151375.jpg HTTP/1.0" 200 269 "-" "Mozilla/5.0 (Macintosh; Intel Mac OS X 10_12_4) AppleWebKit/537.36 (KHTML, like Gecko) Chrome/58.0.3029.110 Safari/537.36"
216.244.66.242 - - [06/May/2022:17:47:32 +0200] "GET /robots.txt HTTP/1.0" 200 245 "-" "Mozilla/5.0 (compatible; DotBot/1.2; +https://opensiteexplorer.org/dotbot; help@moz.com)"
54.36.148.243 - - [06/May/2022:17:47:35 +0200] "GET /statuette-jesus-christ-sacred-heart-inside-outside-p-51648.html HTTP/1.0" 200 74758 "-" "Mozilla/5.0 (compatible; AhrefsBot/7.0; +http://ahrefs.com/robot/)"
207.46.13.182 - - [06/May/2022:17:47:47 +0200] "GET /-p-38509.html HTTP/1.0" 200 70808 "-" "Mozilla/5.0 (compatible; bingbot/2.0; +http://www.bing.com/bingbot.htm)"
77.88.5.208 - - [06/May/2022:17:48:07 +0200] "GET /white-samsung-galaxy-note-cupcakes-phone-cover-cbkreation-p-17359.html HTTP/1.0" 200 71093 "-" "Mozilla/5.0 (compatible; YandexBot/3.0; +http://yandex.com/bots)"
54.36.148.243 - - [06/May/2022:17:48:28 +0200] "GET /straw-basket-p-49371.html HTTP/1.0" 200 73424 "-" "Mozilla/5.0 (compatible; AhrefsBot/7.0; +http://ahrefs.com/robot/)"
40.77.167.13 - - [06/May/2022:17:48:45 +0200] "GET /customized-glass-cutting-board-by-cbkreation-p-51277.html HTTP/1.0" 301 73816 "-" "Mozilla/5.0 (compatible; bingbot/2.0; +http://www.bing.com/bingbot.htm)"
147.78.141.186 - - [06/May/2022:17:49:06 +0200] "GET / HTTP/1.0" 200 151075 "-" "Mozilla/5.0 (Windows NT 10.0; WOW64) AppleWebKit/537.36 (KHTML, like Gecko) Chrome/53.0.2785.104 Safari/537.36 Core/1.53.5155.400 QQBrowser/9.7.13231.400"
147.78.141.186 - - [06/May/2022:17:49:10 +0200] "GET /contact_us.php HTTP/1.0" 200 26241 "http://www.wonder-geek.com" "Mozilla/5.0 (Windows NT 10.0; WOW64) AppleWebKit/537.36 (KHTML, like Gecko) Chrome/53.0.2785.104 Safari/537.36 Core/1.53.5155.400 QQBrowser/9.7.13231.400"
147.78.141.186 - - [06/May/2022:17:49:10 +0200] "GET /images/pixel_trans.gif HTTP/1.0" 200 328 "http://www.wonder-geek.com/contact_us.php?action=send" "Mozilla/5.0 (Windows NT 10.0; WOW64) AppleWebKit/537.36 (KHTML, like Gecko) Chrome/53.0.2785.104 Safari/537.36 Core/1.53.5155.400 QQBrowser/9.7.13231.400"
147.78.141.186 - - [06/May/2022:17:49:10 +0200] "GET /images/pixel_trans.gif HTTP/1.0" 200 328 "http://www.wonder-geek.com/contact_us.php?action=send" "Mozilla/5.0 (Windows NT 10.0; WOW64) AppleWebKit/537.36 (KHTML, like Gecko) Chrome/53.0.2785.104 Safari/537.36 Core/1.53.5155.400 QQBrowser/9.7.13231.400"
185.191.171.39 - - [06/May/2022:17:49:17 +0200] "GET /plush-keeleco-friendly-sheep-p-55367.html HTTP/1.0" 200 74348 "-" "Mozilla/5.0 (compatible; SemrushBot/7~bl; +http://www.semrush.com/bot.html)"
54.36.148.243 - - [06/May/2022:17:49:31 +0200] "GET /cream-table-lamp-p-55781.html HTTP/1.0" 200 74292 "-" "Mozilla/5.0 (compatible; AhrefsBot/7.0; +http://ahrefs.com/robot/)"
54.36.148.154 - - [06/May/2022:17:49:34 +0200] "GET /images/big_prod_1/8420327448170B.jpg HTTP/1.0" 200 271 "-" "Mozilla/5.0 (compatible; AhrefsBot/7.0; +http://ahrefs.com/robot/)"
54.36.149.37 - - [06/May/2022:17:49:34 +0200] "GET /images/big_prod/8420327448170.jpg HTTP/1.0" 200 268 "-" "Mozilla/5.0 (compatible; AhrefsBot/7.0; +http://ahrefs.com/robot/)"
147.92.153.11 - - [06/May/2022:17:49:51 +0200] "GET /metal-beer-bucket-zinc-look-with-integrated-bottle-opener-p-58145.html HTTP/1.0" 200 74455 "-" "Mozilla/5.0 (compatible; Linespider/1.1; +https://lin.ee/4dwXkTH)"
147.92.153.16 - - [06/May/2022:17:49:54 +0200] "GET /swfobject.js HTTP/1.0" 404 1308 "http://www.wonder-geek.com/metal-beer-bucket-zinc-look-with-integrated-bottle-opener-p-58145.html" "Mozilla/5.0 (X11; Linux x86_64) AppleWebKit/537.36 (KHTML, like Gecko) HeadlessChrome/96.0.4664.0 Safari/537.36"
111.225.144.215 - - [06/May/2022:17:50:06 +0200] "GET /images/mini_prod/1399984264300.jpg HTTP/1.0" 200 269 "-" "Mozilla/5.0 (Macintosh; Intel Mac OS X 10_12_4) AppleWebKit/537.36 (KHTML, like Gecko) Chrome/58.0.3029.110 Safari/537.36"
185.191.171.24 - - [06/May/2022:17:50:13 +0200] "GET /bamboo-fiber-plant-cover-p-54410.html HTTP/1.0" 200 70894 "-" "Mozilla/5.0 (compatible; SemrushBot/7~bl; +http://www.semrush.com/bot.html)"
66.249.64.146 - - [06/May/2022:17:50:14 +0200] "GET /girls/night-clothes/pucca-nightie-p-2488.html HTTP/1.0" 301 70872 "-" "Mozilla/5.0 (compatible; Googlebot/2.1; +http://www.google.com/bot.html)"
66.249.64.152 - - [06/May/2022:17:50:16 +0200] "GET /-p-2488.html HTTP/1.0" 200 70806 "-" "Mozilla/5.0 (compatible; Googlebot/2.1; +http://www.google.com/bot.html)"
185.191.171.23 - - [06/May/2022:17:50:19 +0200] "GET /ceramic-fish-p-48610.html?action=add_product HTTP/1.0" 302 476 "-" "Mozilla/5.0 (compatible; SemrushBot/7~bl; +http://www.semrush.com/bot.html)"
77.88.5.208 - - [06/May/2022:17:50:23 +0200] "GET /pencil-case-p-10348.html HTTP/1.0" 200 73555 "-" "Mozilla/5.0 (compatible; YandexBot/3.0; +http://yandex.com/bots)"
111.225.145.199 - - [06/May/2022:17:50:28 +0200] "GET /images/mini_prod/3609810071988.jpg HTTP/1.0" 200 269 "-" "Mozilla/5.0 (Macintosh; Intel Mac OS X 10_12_4) AppleWebKit/537.36 (KHTML, like Gecko) Chrome/58.0.3029.110 Safari/537.36"
54.36.148.243 - - [06/May/2022:17:50:31 +0200] "GET /spider-gremlins-p-9526.html HTTP/1.0" 200 73383 "-" "Mozilla/5.0 (compatible; AhrefsBot/7.0; +http://ahrefs.com/robot/)"
157.55.39.105 - - [06/May/2022:17:50:45 +0200] "GET /wood-box-carved-hand-of-fatma-p-50145.html HTTP/1.0" 301 70993 "-" "Mozilla/5.0 (compatible; bingbot/2.0; +http://www.bing.com/bingbot.htm)"
54.36.148.243 - - [06/May/2022:17:51:30 +0200] "GET /nici-moon-ville-p-22377.html HTTP/1.0" 200 73413 "-" "Mozilla/5.0 (compatible; AhrefsBot/7.0; +http://ahrefs.com/robot/)"
54.36.148.87 - - [06/May/2022:17:51:32 +0200] "GET /images/big_prod/4012390359824.jpg HTTP/1.0" 200 268 "-" "Mozilla/5.0 (compatible; AhrefsBot/7.0; +http://ahrefs.com/robot/)"
51.68.224.127 - - [06/May/2022:17:51:49 +0200] "GET /adminweb/export_orders_xml.php?token=256de2z6edz6ed2z6DFSFsed2zed6zeDSFDSGdzedezfzf&maxorders=10&orderstart=1&status=14&start_date=2018-10-01 HTTP/1.0" 200 285 "-" "GesCom CharlotteBoutik Serveur"
51.68.224.127 - - [06/May/2022:17:51:49 +0200] "GET /adminweb/export_orders_xml.php?token=256de2z6edz6ed2z6DFSFsed2zed6zeDSFDSGdzedezfzf&maxorders=10&orderstart=1&status=6&start_date=2018-10-01 HTTP/1.0" 200 32798 "-" "GesCom CharlotteBoutik Serveur"
66.249.64.146 - - [06/May/2022:17:52:18 +0200] "GET /teo-jasmin-melamine-dish-cake-p-41623.html HTTP/1.0" 301 73570 "-" "Mozilla/5.0 (Linux; Android 6.0.1; Nexus 5X Build/MMB29P) AppleWebKit/537.36 (KHTML, like Gecko) Chrome/100.0.4896.127 Mobile Safari/537.36 (compatible; Googlebot/2.1; +http://www.google.com/bot.html)"
66.249.64.152 - - [06/May/2022:17:52:20 +0200] "GET /jasmin-melamine-dish-cake-p-41623.html HTTP/1.0" 200 73478 "-" "Mozilla/5.0 (Linux; Android 6.0.1; Nexus 5X Build/MMB29P) AppleWebKit/537.36 (KHTML, like Gecko) Chrome/100.0.4896.127 Mobile Safari/537.36 (compatible; Googlebot/2.1; +http://www.google.com/bot.html)"
54.36.148.243 - - [06/May/2022:17:52:29 +0200] "GET /bohemian-ethnic-carpet-p-50875.html HTTP/1.0" 200 74149 "-" "Mozilla/5.0 (compatible; AhrefsBot/7.0; +http://ahrefs.com/robot/)"
3.211.110.80 - - [06/May/2022:17:53:20 +0200] "GET /images/mini_prod/5203199036064.jpg HTTP/1.0" 200 269 "-" "Mozilla/5.0 (X11; Ubuntu; Linux x86_64; rv:72.0) Gecko/20100101 Firefox/72.0"
185.191.171.26 - - [06/May/2022:17:53:23 +0200] "GET /betty-boop-mtal-ashtray-p-36134.html?action=add_product HTTP/1.0" 302 476 "-" "Mozilla/5.0 (compatible; SemrushBot/7~bl; +http://www.semrush.com/bot.html)"
54.36.148.243 - - [06/May/2022:17:53:29 +0200] "GET /little-prince-exupry-paris-p-57944.html HTTP/1.0" 200 74478 "-" "Mozilla/5.0 (compatible; AhrefsBot/7.0; +http://ahrefs.com/robot/)"
185.191.171.1 - - [06/May/2022:17:53:47 +0200] "GET /dinosaur-nightlight-green-p-55363.html HTTP/1.0" 200 74741 "-" "Mozilla/5.0 (compatible; SemrushBot/7~bl; +http://www.semrush.com/bot.html)"
185.191.171.37 - - [06/May/2022:17:53:51 +0200] "GET /glass-cutting-board-cbkreation-p-51349.html?action=add_product HTTP/1.0" 302 476 "-" "Mozilla/5.0 (compatible; SemrushBot/7~bl; +http://www.semrush.com/bot.html)"
54.36.148.243 - - [06/May/2022:17:54:23 +0200] "GET /flag-resin-skull-figure-p-42290.html HTTP/1.0" 200 73579 "-" "Mozilla/5.0 (compatible; AhrefsBot/7.0; +http://ahrefs.com/robot/)"
185.191.171.7 - - [06/May/2022:17:54:31 +0200] "GET /-p-41589.html?action=add_product HTTP/1.0" 302 476 "-" "Mozilla/5.0 (compatible; SemrushBot/7~bl; +http://www.semrush.com/bot.html)"
185.191.171.4 - - [06/May/2022:17:54:51 +0200] "GET /blue-ananas-table-lamp-p-44639.html?action=add_product HTTP/1.0" 302 476 "-" "Mozilla/5.0 (compatible; SemrushBot/7~bl; +http://www.semrush.com/bot.html)"
77.88.5.208 - - [06/May/2022:17:54:56 +0200] "GET /creative-jewelry-monster-high-p-19351.html HTTP/1.0" 200 70956 "-" "Mozilla/5.0 (compatible; YandexBot/3.0; +http://yandex.com/bots)"
54.36.148.243 - - [06/May/2022:17:55:18 +0200] "GET /silvery-cbkreation-p-17733.html HTTP/1.0" 200 73435 "-" "Mozilla/5.0 (compatible; AhrefsBot/7.0; +http://ahrefs.com/robot/)"
77.88.5.208 - - [06/May/2022:17:55:30 +0200] "GET /fitted-sheet-c-11_193.html HTTP/1.0" 200 91398 "-" "Mozilla/5.0 (compatible; YandexBot/3.0; +http://yandex.com/bots)"
77.88.5.208 - - [06/May/2022:17:55:32 +0200] "GET /soft-toys-security-blanket-c-4_46.html HTTP/1.0" 200 92521 "-" "Mozilla/5.0 (compatible; YandexBot/3.0; +http://yandex.com/bots)"
77.88.5.208 - - [06/May/2022:17:55:35 +0200] "GET /breakfast-c-12_61.html HTTP/1.0" 200 91856 "-" "Mozilla/5.0 (compatible; YandexBot/3.0; +http://yandex.com/bots)"
77.88.5.208 - - [06/May/2022:17:55:37 +0200] "GET /bedding-protection-c-11_192.html HTTP/1.0" 200 91203 "-" "Mozilla/5.0 (compatible; YandexBot/3.0; +http://yandex.com/bots)"
111.225.144.155 - - [06/May/2022:17:55:39 +0200] "GET /images/mini_prod/3612873102308.jpg HTTP/1.0" 200 269 "-" "Mozilla/5.0 (Macintosh; Intel Mac OS X 10_12_4) AppleWebKit/537.36 (KHTML, like Gecko) Chrome/58.0.3029.110 Safari/537.36"
77.88.5.208 - - [06/May/2022:17:55:40 +0200] "GET /figurine-caricature-polyrsine-fireman-p-41151.html HTTP/1.0" 200 73726 "-" "Mozilla/5.0 (compatible; YandexBot/3.0; +http://yandex.com/bots)"
111.225.145.253 - - [06/May/2022:17:55:44 +0200] "GET /images/mini_prod/3609810082007.jpg HTTP/1.0" 200 269 "-" "Mozilla/5.0 (Macintosh; Intel Mac OS X 10_12_4) AppleWebKit/537.36 (KHTML, like Gecko) Chrome/58.0.3029.110 Safari/537.36"
185.191.171.2 - - [06/May/2022:17:55:48 +0200] "GET /kook-bowl-p-57307.html?action=add_product HTTP/1.0" 302 476 "-" "Mozilla/5.0 (compatible; SemrushBot/7~bl; +http://www.semrush.com/bot.html)"
54.36.148.243 - - [06/May/2022:17:56:08 +0200] "GET /tassen-mood-made-germany-p-43321.html HTTP/1.0" 200 73630 "-" "Mozilla/5.0 (compatible; AhrefsBot/7.0; +http://ahrefs.com/robot/)"
185.191.171.34 - - [06/May/2022:17:56:27 +0200] "GET /tribal-removable-cushion-40-40-cm-p-43354.html HTTP/1.0" 301 70875 "-" "Mozilla/5.0 (compatible; SemrushBot/7~bl; +http://www.semrush.com/bot.html)"
185.191.171.18 - - [06/May/2022:17:56:30 +0200] "GET /-p-43354.html HTTP/1.0" 200 70808 "-" "Mozilla/5.0 (compatible; SemrushBot/7~bl; +http://www.semrush.com/bot.html)"
