46.4.108.51 - - [06/May/2022:04:42:39 +0200] "GET /vive-paris-spiral-notebook-p-20221.html HTTP/1.0" 200 73531 "-" "Mozilla/5.0 (compatible; BLEXBot/1.0; +http://webmeup-crawler.com/)"
5.9.66.153 - - [06/May/2022:04:42:39 +0200] "GET /-p-25949.html HTTP/1.0" 200 70808 "-" "Mozilla/5.0 (compatible; MJ12bot/v1.4.8; http://mj12bot.com/)"
5.9.66.153 - - [06/May/2022:04:42:43 +0200] "GET /gorjuss-ladybird-beauty-bag-p-29737.html HTTP/1.0" 301 70875 "-" "Mozilla/5.0 (compatible; MJ12bot/v1.4.8; http://mj12bot.com/)"
5.9.66.153 - - [06/May/2022:04:42:46 +0200] "GET /-p-29737.html HTTP/1.0" 200 70808 "-" "Mozilla/5.0 (compatible; MJ12bot/v1.4.8; http://mj12bot.com/)"
185.191.171.24 - - [06/May/2022:04:42:47 +0200] "GET /laissez-lucie-faire-large-make-manu-p-44834.html HTTP/1.0" 200 70942 "-" "Mozilla/5.0 (compatible; SemrushBot/7~bl; +http://www.semrush.com/bot.html)"
5.9.66.153 - - [06/May/2022:04:42:49 +0200] "GET /gorjuss-ladybird-box-and-game-pads-p-28439.html HTTP/1.0" 301 71011 "-" "Mozilla/5.0 (compatible; MJ12bot/v1.4.8; http://mj12bot.com/)"
54.36.148.243 - - [06/May/2022:04:42:50 +0200] "GET /indian-motorcycle-metal-plate-deco-p-50978.html HTTP/1.0" 200 73628 "-" "Mozilla/5.0 (compatible; AhrefsBot/7.0; +http://ahrefs.com/robot/)"
77.88.5.208 - - [06/May/2022:04:42:51 +0200] "GET /nici-plush-collection-bubble-penguin-p-35154.html HTTP/1.0" 200 80443 "-" "Mozilla/5.0 (compatible; YandexBot/3.0; +http://yandex.com/bots)"
185.191.171.4 - - [06/May/2022:04:42:50 +0200] "GET /le-provencal-soap-dispenser-p-53459.html HTTP/1.0" 301 73607 "-" "Mozilla/5.0 (compatible; SemrushBot/7~bl; +http://www.semrush.com/bot.html)"
5.9.66.153 - - [06/May/2022:04:42:52 +0200] "GET /gorjuss-ladybird-game-pads-p-28439.html HTTP/1.0" 200 70918 "-" "Mozilla/5.0 (compatible; MJ12bot/v1.4.8; http://mj12bot.com/)"
5.9.66.153 - - [06/May/2022:04:42:55 +0200] "GET /gorjuss-ladybird-game-pads-p-28439.html HTTP/1.0" 200 70918 "-" "Mozilla/5.0 (compatible; MJ12bot/v1.4.8; http://mj12bot.com/)"
111.225.145.217 - - [06/May/2022:04:42:57 +0200] "GET /images/mini_prod/1384010202791.jpg HTTP/1.0" 200 269 "-" "Mozilla/5.0 (Macintosh; Intel Mac OS X 10_12_4) AppleWebKit/537.36 (KHTML, like Gecko) Chrome/58.0.3029.110 Safari/537.36"
185.191.171.6 - - [06/May/2022:04:42:56 +0200] "GET /provenal-soap-dispenser-p-53459.html HTTP/1.0" 200 73517 "-" "Mozilla/5.0 (compatible; SemrushBot/7~bl; +http://www.semrush.com/bot.html)"
5.9.66.153 - - [06/May/2022:04:42:58 +0200] "GET /gorjuss-ladybird-large-pencil-case-limited-edition-p-35136.html HTTP/1.0" 200 74392 "-" "Mozilla/5.0 (compatible; MJ12bot/v1.4.8; http://mj12bot.com/)"
5.9.66.153 - - [06/May/2022:04:43:01 +0200] "GET /gorjuss-ladybird-mini-pouch-key-ring-p-25442.html HTTP/1.0" 301 70875 "-" "Mozilla/5.0 (compatible; MJ12bot/v1.4.8; http://mj12bot.com/)"
77.88.5.208 - - [06/May/2022:04:43:02 +0200] "GET /little-dinosaur-plush-toy-triceraptor-p-38829.html HTTP/1.0" 301 70875 "-" "Mozilla/5.0 (compatible; YandexBot/3.0; +http://yandex.com/bots)"
5.9.66.153 - - [06/May/2022:04:43:04 +0200] "GET /-p-25442.html HTTP/1.0" 200 70808 "-" "Mozilla/5.0 (compatible; MJ12bot/v1.4.8; http://mj12bot.com/)"
77.88.5.208 - - [06/May/2022:04:43:04 +0200] "GET /-p-38829.html HTTP/1.0" 200 70808 "-" "Mozilla/5.0 (compatible; YandexBot/3.0; +http://yandex.com/bots)"
5.9.66.153 - - [06/May/2022:04:43:06 +0200] "GET /gorjuss-ladybird-pencil-case-p-29919.html HTTP/1.0" 301 70875 "-" "Mozilla/5.0 (compatible; MJ12bot/v1.4.8; http://mj12bot.com/)"
5.9.66.153 - - [06/May/2022:04:43:09 +0200] "GET /-p-29919.html HTTP/1.0" 200 70808 "-" "Mozilla/5.0 (compatible; MJ12bot/v1.4.8; http://mj12bot.com/)"
5.9.66.153 - - [06/May/2022:04:43:12 +0200] "GET /gorjuss-ladybird-portfolio-p-26469.html HTTP/1.0" 301 70875 "-" "Mozilla/5.0 (compatible; MJ12bot/v1.4.8; http://mj12bot.com/)"
5.9.66.153 - - [06/May/2022:04:43:15 +0200] "GET /-p-26469.html HTTP/1.0" 200 70808 "-" "Mozilla/5.0 (compatible; MJ12bot/v1.4.8; http://mj12bot.com/)"
77.88.5.208 - - [06/May/2022:04:43:15 +0200] "GET /-p-38829.html HTTP/1.0" 200 70808 "-" "Mozilla/5.0 (compatible; YandexBot/3.0; +http://yandex.com/bots)"
5.9.66.153 - - [06/May/2022:04:43:17 +0200] "GET /gorjuss-ladybird-saddle-bag-p-30848.html HTTP/1.0" 301 70988 "-" "Mozilla/5.0 (compatible; MJ12bot/v1.4.8; http://mj12bot.com/)"
5.9.66.153 - - [06/May/2022:04:43:21 +0200] "GET /gorjuss-ladybird-saddle-p-30848.html HTTP/1.0" 200 70898 "-" "Mozilla/5.0 (compatible; MJ12bot/v1.4.8; http://mj12bot.com/)"
185.191.171.41 - - [06/May/2022:04:43:21 +0200] "GET /little-buddha-magnet-green-p-50264.html HTTP/1.0" 200 70890 "-" "Mozilla/5.0 (compatible; SemrushBot/7~bl; +http://www.semrush.com/bot.html)"
46.4.108.51 - - [06/May/2022:04:43:22 +0200] "GET /vive-paris-umbrella-p-18979.html HTTP/1.0" 200 73757 "-" "Mozilla/5.0 (compatible; BLEXBot/1.0; +http://webmeup-crawler.com/)"
5.9.66.153 - - [06/May/2022:04:43:24 +0200] "GET /gorjuss-ladybird-saddle-p-30848.html HTTP/1.0" 200 70898 "-" "Mozilla/5.0 (compatible; MJ12bot/v1.4.8; http://mj12bot.com/)"
5.9.66.153 - - [06/May/2022:04:43:27 +0200] "GET /gorjuss-little-friend-pencil-case-p-34716.html HTTP/1.0" 200 70976 "-" "Mozilla/5.0 (compatible; MJ12bot/v1.4.8; http://mj12bot.com/)"
114.119.137.43 - - [06/May/2022:04:43:28 +0200] "GET /disney-princess-aurora-jacket-p-31248.html HTTP/1.0" 200 74833 "-" "Mozilla/5.0 (Linux; Android 7.0;) AppleWebKit/537.36 (KHTML, like Gecko) Mobile Safari/537.36 (compatible; PetalBot;+https://webmaster.petalsearch.com/site/petalbot)"
5.9.66.153 - - [06/May/2022:04:43:29 +0200] "GET /gorjuss-the-hatter-lunch-bag-p-35573.html HTTP/1.0" 301 70875 "-" "Mozilla/5.0 (compatible; MJ12bot/v1.4.8; http://mj12bot.com/)"
5.9.66.153 - - [06/May/2022:04:43:32 +0200] "GET /-p-35573.html HTTP/1.0" 200 70808 "-" "Mozilla/5.0 (compatible; MJ12bot/v1.4.8; http://mj12bot.com/)"
17.121.112.62 - - [06/May/2022:04:43:33 +0200] "GET /-p-44965.html HTTP/1.0" 200 70808 "-" "Mozilla/5.0 (Macintosh; Intel Mac OS X 10_15_5) AppleWebKit/605.1.15 (KHTML, like Gecko) Version/13.1.1 Safari/605.1.15 (Applebot/0.1; +http://www.apple.com/go/applebot)"
5.9.66.153 - - [06/May/2022:04:43:35 +0200] "GET /gorjuss-the-little-friend-pencil-case-p-34716.html HTTP/1.0" 301 71076 "-" "Mozilla/5.0 (compatible; MJ12bot/v1.4.8; http://mj12bot.com/)"
5.9.66.153 - - [06/May/2022:04:43:38 +0200] "GET /gorjuss-little-friend-pencil-case-p-34716.html HTTP/1.0" 200 70976 "-" "Mozilla/5.0 (compatible; MJ12bot/v1.4.8; http://mj12bot.com/)"
207.46.13.182 - - [06/May/2022:04:43:40 +0200] "GET /-p-24832.html HTTP/1.0" 200 70808 "-" "Mozilla/5.0 (compatible; bingbot/2.0; +http://www.bing.com/bingbot.htm)"
5.9.66.153 - - [06/May/2022:04:43:41 +0200] "GET /gorjuss-these-words-portfolio-p-29457.html HTTP/1.0" 200 70950 "-" "Mozilla/5.0 (compatible; MJ12bot/v1.4.8; http://mj12bot.com/)"
106.53.124.110 - - [06/May/2022:04:43:44 +0200] "GET /images/mini_prod/SXP10027.jpg HTTP/1.0" 200 264 "-" "Mozilla/5.0 (X11; Ubuntu; Linux x86_64; rv:72.0) Gecko/20100101 Firefox/72.0"
40.77.167.0 - - [06/May/2022:04:43:43 +0200] "GET /bugs-bunny-straight-shot-glass-p-4196.html HTTP/1.0" 200 70947 "-" "Mozilla/5.0 (compatible; bingbot/2.0; +http://www.bing.com/bingbot.htm)"
5.9.66.153 - - [06/May/2022:04:43:45 +0200] "GET /gothic-lolita-satchel-beauty-and-the-beast-p-35489.html HTTP/1.0" 301 71094 "-" "Mozilla/5.0 (compatible; MJ12bot/v1.4.8; http://mj12bot.com/)"
5.9.66.153 - - [06/May/2022:04:43:49 +0200] "GET /gothic-lolita-satchel-beauty-beast-p-35489.html HTTP/1.0" 200 70993 "-" "Mozilla/5.0 (compatible; MJ12bot/v1.4.8; http://mj12bot.com/)"
5.9.66.153 - - [06/May/2022:04:43:51 +0200] "GET /gothic-lolita-satchel-beauty-beast-p-35489.html HTTP/1.0" 200 70993 "-" "Mozilla/5.0 (compatible; MJ12bot/v1.4.8; http://mj12bot.com/)"
185.191.171.38 - - [06/May/2022:04:43:54 +0200] "GET /wooden-decorative-plate-bistrot-copains-p-53545.html HTTP/1.0" 200 73656 "-" "Mozilla/5.0 (compatible; SemrushBot/7~bl; +http://www.semrush.com/bot.html)"
5.9.66.153 - - [06/May/2022:04:43:54 +0200] "GET /graphic-birds-tisaniere-p-39838.html HTTP/1.0" 301 73603 "-" "Mozilla/5.0 (compatible; MJ12bot/v1.4.8; http://mj12bot.com/)"
111.225.146.214 - - [06/May/2022:04:43:58 +0200] "GET /images/mini_prod/1300000021241.jpg HTTP/1.0" 200 269 "-" "Mozilla/5.0 (Macintosh; Intel Mac OS X 10_12_4) AppleWebKit/537.36 (KHTML, like Gecko) Chrome/58.0.3029.110 Safari/537.36"
5.9.66.153 - - [06/May/2022:04:43:58 +0200] "GET /graphic-birds-tisanire-p-39838.html HTTP/1.0" 200 73514 "-" "Mozilla/5.0 (compatible; MJ12bot/v1.4.8; http://mj12bot.com/)"
111.225.144.186 - - [06/May/2022:04:44:00 +0200] "GET /images/mini_prod/3048700086402.jpg HTTP/1.0" 200 269 "-" "Mozilla/5.0 (Macintosh; Intel Mac OS X 10_12_4) AppleWebKit/537.36 (KHTML, like Gecko) Chrome/58.0.3029.110 Safari/537.36"
5.9.66.153 - - [06/May/2022:04:44:01 +0200] "GET /graphic-birds-tisanire-p-39838.html HTTP/1.0" 200 73514 "-" "Mozilla/5.0 (compatible; MJ12bot/v1.4.8; http://mj12bot.com/)"
5.9.66.153 - - [06/May/2022:04:44:04 +0200] "GET /gray-polyester-round-chair-cushion-p-43895.html HTTP/1.0" 200 74191 "-" "Mozilla/5.0 (compatible; MJ12bot/v1.4.8; http://mj12bot.com/)"
157.55.39.101 - - [06/May/2022:04:44:06 +0200] "GET /bulldog-money-p-52598.html HTTP/1.0" 200 73976 "-" "Mozilla/5.0 (compatible; bingbot/2.0; +http://www.bing.com/bingbot.htm)"
5.9.66.153 - - [06/May/2022:04:44:07 +0200] "GET /green-goblin-articulate-figurine-p-27719.html HTTP/1.0" 301 70875 "-" "Mozilla/5.0 (compatible; MJ12bot/v1.4.8; http://mj12bot.com/)"
5.9.66.153 - - [06/May/2022:04:44:10 +0200] "GET /-p-27719.html HTTP/1.0" 200 70808 "-" "Mozilla/5.0 (compatible; MJ12bot/v1.4.8; http://mj12bot.com/)"
54.36.148.243 - - [06/May/2022:04:44:11 +0200] "GET /fragrances-ambiance-c-231.html?page=8 HTTP/1.0" 200 92926 "-" "Mozilla/5.0 (compatible; AhrefsBot/7.0; +http://ahrefs.com/robot/)"
5.9.66.153 - - [06/May/2022:04:44:13 +0200] "GET /green-japanese-cast-iron-teapot-liter-p-56738.html HTTP/1.0" 200 74584 "-" "Mozilla/5.0 (compatible; MJ12bot/v1.4.8; http://mj12bot.com/)"
5.9.66.153 - - [06/May/2022:04:44:17 +0200] "GET /green-vespa-clock-p-17062.html HTTP/1.0" 301 70875 "-" "Mozilla/5.0 (compatible; MJ12bot/v1.4.8; http://mj12bot.com/)"
111.225.145.205 - - [06/May/2022:04:44:19 +0200] "GET /images/mini_prod/1399984259832.jpg HTTP/1.0" 200 269 "-" "Mozilla/5.0 (Macintosh; Intel Mac OS X 10_12_4) AppleWebKit/537.36 (KHTML, like Gecko) Chrome/58.0.3029.110 Safari/537.36"
5.9.66.153 - - [06/May/2022:04:44:20 +0200] "GET /-p-17062.html HTTP/1.0" 200 70808 "-" "Mozilla/5.0 (compatible; MJ12bot/v1.4.8; http://mj12bot.com/)"
5.9.66.153 - - [06/May/2022:04:44:23 +0200] "GET /grendizer-figurine-15-cm-p-27771.html HTTP/1.0" 301 70875 "-" "Mozilla/5.0 (compatible; MJ12bot/v1.4.8; http://mj12bot.com/)"
5.9.66.153 - - [06/May/2022:04:44:26 +0200] "GET /-p-27771.html HTTP/1.0" 200 70808 "-" "Mozilla/5.0 (compatible; MJ12bot/v1.4.8; http://mj12bot.com/)"
5.9.66.153 - - [06/May/2022:04:44:28 +0200] "GET /grey-and-green-bedclothes-240-220-cm-p-35310.html HTTP/1.0" 301 70875 "-" "Mozilla/5.0 (compatible; MJ12bot/v1.4.8; http://mj12bot.com/)"
5.9.66.153 - - [06/May/2022:04:44:31 +0200] "GET /-p-35310.html HTTP/1.0" 200 70808 "-" "Mozilla/5.0 (compatible; MJ12bot/v1.4.8; http://mj12bot.com/)"
5.9.66.153 - - [06/May/2022:04:44:34 +0200] "GET /grey-dledmv-french-heritage-tee-shirt-p-35628.html HTTP/1.0" 301 70875 "-" "Mozilla/5.0 (compatible; MJ12bot/v1.4.8; http://mj12bot.com/)"
111.225.144.233 - - [06/May/2022:04:44:37 +0200] "GET /images/mini_prod/3453131143240.jpg HTTP/1.0" 200 269 "-" "Mozilla/5.0 (Macintosh; Intel Mac OS X 10_12_4) AppleWebKit/537.36 (KHTML, like Gecko) Chrome/58.0.3029.110 Safari/537.36"
5.9.66.153 - - [06/May/2022:04:44:37 +0200] "GET /-p-35628.html HTTP/1.0" 200 70808 "-" "Mozilla/5.0 (compatible; MJ12bot/v1.4.8; http://mj12bot.com/)"
46.4.108.51 - - [06/May/2022:04:44:40 +0200] "GET /robots.txt HTTP/1.0" 301 531 "-" "Mozilla/5.0 (compatible; BLEXBot/1.0; +http://webmeup-crawler.com/)"
46.4.108.51 - - [06/May/2022:04:44:40 +0200] "GET /robots.txt HTTP/1.0" 200 245 "-" "Mozilla/5.0 (compatible; BLEXBot/1.0; +http://webmeup-crawler.com/)"
5.9.66.153 - - [06/May/2022:04:44:40 +0200] "GET /grey-dledmv-team-tee-shirt-p-35846.html HTTP/1.0" 301 70875 "-" "Mozilla/5.0 (compatible; MJ12bot/v1.4.8; http://mj12bot.com/)"
46.4.108.51 - - [06/May/2022:04:44:40 +0200] "GET /volkswagen-beetle-blue-glitter-p-26268.html HTTP/1.0" 200 73497 "-" "Mozilla/5.0 (compatible; BLEXBot/1.0; +http://webmeup-crawler.com/)"
5.9.66.153 - - [06/May/2022:04:44:43 +0200] "GET /-p-35846.html HTTP/1.0" 200 70808 "-" "Mozilla/5.0 (compatible; MJ12bot/v1.4.8; http://mj12bot.com/)"
5.9.66.153 - - [06/May/2022:04:44:45 +0200] "GET /grey-fitted-sheet-90-190-cm-p-34828.html HTTP/1.0" 301 73534 "-" "Mozilla/5.0 (compatible; MJ12bot/v1.4.8; http://mj12bot.com/)"
185.191.171.33 - - [06/May/2022:04:44:47 +0200] "GET /melt-christmas-tree-p-39000.html?action=add_product HTTP/1.0" 302 476 "-" "Mozilla/5.0 (compatible; SemrushBot/7~bl; +http://www.semrush.com/bot.html)"
5.9.66.153 - - [06/May/2022:04:44:48 +0200] "GET /grey-fitted-sheet-p-34828.html HTTP/1.0" 200 73450 "-" "Mozilla/5.0 (compatible; MJ12bot/v1.4.8; http://mj12bot.com/)"
5.9.66.153 - - [06/May/2022:04:44:51 +0200] "GET /grey-fitted-sheet-p-34828.html HTTP/1.0" 200 73450 "-" "Mozilla/5.0 (compatible; MJ12bot/v1.4.8; http://mj12bot.com/)"
111.225.146.240 - - [06/May/2022:04:44:53 +0200] "GET /images/mini_prod/1399984266229.jpg HTTP/1.0" 200 269 "-" "Mozilla/5.0 (Macintosh; Intel Mac OS X 10_12_4) AppleWebKit/537.36 (KHTML, like Gecko) Chrome/58.0.3029.110 Safari/537.36"
5.9.66.153 - - [06/May/2022:04:44:54 +0200] "GET /grey-origami-cat-statue-30-cm-p-36449.html HTTP/1.0" 301 70980 "-" "Mozilla/5.0 (compatible; MJ12bot/v1.4.8; http://mj12bot.com/)"
5.9.66.153 - - [06/May/2022:04:44:57 +0200] "GET /grey-origami-statue-p-36449.html HTTP/1.0" 200 70894 "-" "Mozilla/5.0 (compatible; MJ12bot/v1.4.8; http://mj12bot.com/)"
46.4.108.51 - - [06/May/2022:04:45:00 +0200] "GET /volkswagen-black-p-22965.html HTTP/1.0" 200 73460 "-" "Mozilla/5.0 (compatible; BLEXBot/1.0; +http://webmeup-crawler.com/)"
5.9.66.153 - - [06/May/2022:04:45:00 +0200] "GET /grey-origami-statue-p-36449.html HTTP/1.0" 200 70894 "-" "Mozilla/5.0 (compatible; MJ12bot/v1.4.8; http://mj12bot.com/)"
5.9.66.153 - - [06/May/2022:04:45:04 +0200] "GET /groot-gardians-of-the-galaxy-figure-p-27720.html HTTP/1.0" 301 70875 "-" "Mozilla/5.0 (compatible; MJ12bot/v1.4.8; http://mj12bot.com/)"
5.9.66.153 - - [06/May/2022:04:45:07 +0200] "GET /-p-27720.html HTTP/1.0" 200 70808 "-" "Mozilla/5.0 (compatible; MJ12bot/v1.4.8; http://mj12bot.com/)"
5.9.66.153 - - [06/May/2022:04:45:09 +0200] "GET /guardian-angel-first-communion-p-51143.html HTTP/1.0" 200 73585 "-" "Mozilla/5.0 (compatible; MJ12bot/v1.4.8; http://mj12bot.com/)"
46.4.108.51 - - [06/May/2022:04:45:12 +0200] "GET /volkswagen-p-22966.html HTTP/1.0" 200 73441 "-" "Mozilla/5.0 (compatible; BLEXBot/1.0; +http://webmeup-crawler.com/)"
5.9.66.153 - - [06/May/2022:04:45:13 +0200] "GET /guardian-angel-statue-angel-baptism-p-51131.html HTTP/1.0" 200 73633 "-" "Mozilla/5.0 (compatible; MJ12bot/v1.4.8; http://mj12bot.com/)"
111.225.146.244 - - [06/May/2022:04:45:16 +0200] "GET /images/mini_prod/1399984241268.jpg HTTP/1.0" 200 269 "-" "Mozilla/5.0 (Macintosh; Intel Mac OS X 10_12_4) AppleWebKit/537.36 (KHTML, like Gecko) Chrome/58.0.3029.110 Safari/537.36"
5.9.66.153 - - [06/May/2022:04:45:17 +0200] "GET /guardian-angel-statue-angel-baptism-p-51132.html HTTP/1.0" 200 73633 "-" "Mozilla/5.0 (compatible; MJ12bot/v1.4.8; http://mj12bot.com/)"
185.191.171.5 - - [06/May/2022:04:45:20 +0200] "GET /figure-collection-romero-britto-p-53510.html?action=add_product HTTP/1.0" 302 476 "-" "Mozilla/5.0 (compatible; SemrushBot/7~bl; +http://www.semrush.com/bot.html)"
5.9.66.153 - - [06/May/2022:04:45:20 +0200] "GET /guardian-angel-statuette-santa-rita-p-51142.html HTTP/1.0" 200 74219 "-" "Mozilla/5.0 (compatible; MJ12bot/v1.4.8; http://mj12bot.com/)"
5.9.66.153 - - [06/May/2022:04:45:23 +0200] "GET /gun-stryfe-p-20340.html HTTP/1.0" 301 70875 "-" "Mozilla/5.0 (compatible; MJ12bot/v1.4.8; http://mj12bot.com/)"
5.9.66.153 - - [06/May/2022:04:45:25 +0200] "GET /-p-20340.html HTTP/1.0" 200 70808 "-" "Mozilla/5.0 (compatible; MJ12bot/v1.4.8; http://mj12bot.com/)"
54.36.148.243 - - [06/May/2022:04:45:26 +0200] "GET /galileo-thermometer-indoors-p-55401.html HTTP/1.0" 200 74298 "-" "Mozilla/5.0 (compatible; AhrefsBot/7.0; +http://ahrefs.com/robot/)"
5.9.66.153 - - [06/May/2022:04:45:28 +0200] "GET /gun-triad-ex-p-20344.html HTTP/1.0" 301 70875 "-" "Mozilla/5.0 (compatible; MJ12bot/v1.4.8; http://mj12bot.com/)"
5.9.66.153 - - [06/May/2022:04:45:31 +0200] "GET /-p-20344.html HTTP/1.0" 200 70808 "-" "Mozilla/5.0 (compatible; MJ12bot/v1.4.8; http://mj12bot.com/)"
5.9.66.153 - - [06/May/2022:04:45:36 +0200] "GET /hanging-clock-bouddha-p-52334.html HTTP/1.0" 200 70886 "-" "Mozilla/5.0 (compatible; MJ12bot/v1.4.8; http://mj12bot.com/)"
5.9.66.153 - - [06/May/2022:04:45:41 +0200] "GET /happy-colors-pink-alarm-clock-p-24650.html HTTP/1.0" 301 70875 "-" "Mozilla/5.0 (compatible; MJ12bot/v1.4.8; http://mj12bot.com/)"
5.9.66.153 - - [06/May/2022:04:45:45 +0200] "GET /-p-24650.html HTTP/1.0" 200 70808 "-" "Mozilla/5.0 (compatible; MJ12bot/v1.4.8; http://mj12bot.com/)"
5.9.66.153 - - [06/May/2022:04:45:49 +0200] "GET /harley-davidson-lighter-p-41024.html HTTP/1.0" 200 73892 "-" "Mozilla/5.0 (compatible; MJ12bot/v1.4.8; http://mj12bot.com/)"
5.9.66.153 - - [06/May/2022:04:45:53 +0200] "GET /harley-davidson-lighter-p-41025.html HTTP/1.0" 200 73892 "-" "Mozilla/5.0 (compatible; MJ12bot/v1.4.8; http://mj12bot.com/)"
5.9.66.153 - - [06/May/2022:04:45:58 +0200] "GET /harley-davidson-lighter-p-41027.html HTTP/1.0" 200 73894 "-" "Mozilla/5.0 (compatible; MJ12bot/v1.4.8; http://mj12bot.com/)"
5.9.66.153 - - [06/May/2022:04:46:02 +0200] "GET /harley-davidson-lighter-p-41028.html HTTP/1.0" 200 73892 "-" "Mozilla/5.0 (compatible; MJ12bot/v1.4.8; http://mj12bot.com/)"
5.9.66.153 - - [06/May/2022:04:46:05 +0200] "GET /harley-davidson-lighter-p-41029.html HTTP/1.0" 200 73892 "-" "Mozilla/5.0 (compatible; MJ12bot/v1.4.8; http://mj12bot.com/)"
213.173.103.66 - - [06/May/2022:04:46:07 +0200] "GET /images/mini_prod/1384010202760.jpg HTTP/1.0" 200 269 "-" "Mozilla/5.0 (X11; Ubuntu; Linux x86_64; rv:72.0) Gecko/20100101 Firefox/72.0"
5.9.66.153 - - [06/May/2022:04:46:10 +0200] "GET /harley-davidson-zippo-lighter-p-43714.html HTTP/1.0" 200 73960 "-" "Mozilla/5.0 (compatible; MJ12bot/v1.4.8; http://mj12bot.com/)"
46.4.108.51 - - [06/May/2022:04:46:11 +0200] "GET /wall-decoration-mappemonde-p-49967.html HTTP/1.0" 200 74105 "-" "Mozilla/5.0 (compatible; BLEXBot/1.0; +http://webmeup-crawler.com/)"
5.9.66.153 - - [06/May/2022:04:46:14 +0200] "GET /hat-child-avenger-p-22587.html HTTP/1.0" 301 70875 "-" "Mozilla/5.0 (compatible; MJ12bot/v1.4.8; http://mj12bot.com/)"
5.9.66.153 - - [06/May/2022:04:46:17 +0200] "GET /-p-22587.html HTTP/1.0" 200 70808 "-" "Mozilla/5.0 (compatible; MJ12bot/v1.4.8; http://mj12bot.com/)"
5.9.66.153 - - [06/May/2022:04:46:21 +0200] "GET /hawkeye-avengers-figure-17-cm-p-24828.html HTTP/1.0" 301 70875 "-" "Mozilla/5.0 (compatible; MJ12bot/v1.4.8; http://mj12bot.com/)"
213.173.103.230 - - [06/May/2022:04:46:27 +0200] "GET /images/mini_prod/3560600303255.jpg HTTP/1.0" 200 269 "-" "Mozilla/5.0 (X11; Ubuntu; Linux x86_64; rv:72.0) Gecko/20100101 Firefox/72.0"
114.119.137.31 - - [06/May/2022:04:46:24 +0200] "GET /sentiment-tea-towel-kitchen-towel-70-35-cm-p-43642.html HTTP/1.0" 301 74321 "-" "Mozilla/5.0 (Linux; Android 7.0;) AppleWebKit/537.36 (KHTML, like Gecko) Mobile Safari/537.36 (compatible; PetalBot;+https://webmaster.petalsearch.com/site/petalbot)"
5.9.66.153 - - [06/May/2022:04:46:26 +0200] "GET /-p-24828.html HTTP/1.0" 200 70808 "-" "Mozilla/5.0 (compatible; MJ12bot/v1.4.8; http://mj12bot.com/)"
5.9.66.153 - - [06/May/2022:04:46:32 +0200] "GET /headrest-cushion-grey-45-70-cm-p-43994.html HTTP/1.0" 301 73577 "-" "Mozilla/5.0 (compatible; MJ12bot/v1.4.8; http://mj12bot.com/)"
111.225.144.151 - - [06/May/2022:04:46:38 +0200] "GET /images/mini_prod/3453131122429.jpg HTTP/1.0" 200 269 "-" "Mozilla/5.0 (Macintosh; Intel Mac OS X 10_12_4) AppleWebKit/537.36 (KHTML, like Gecko) Chrome/58.0.3029.110 Safari/537.36"
114.119.137.31 - - [06/May/2022:04:46:34 +0200] "GET /sentiment-towel-kitchen-towel-p-43642.html HTTP/1.0" 200 74225 "-" "Mozilla/5.0 (Linux; Android 7.0;) AppleWebKit/537.36 (KHTML, like Gecko) Mobile Safari/537.36 (compatible; PetalBot;+https://webmaster.petalsearch.com/site/petalbot)"
5.9.66.153 - - [06/May/2022:04:46:38 +0200] "GET /headrest-cushion-grey-p-43994.html HTTP/1.0" 200 73489 "-" "Mozilla/5.0 (compatible; MJ12bot/v1.4.8; http://mj12bot.com/)"
51.68.224.127 - - [06/May/2022:04:46:42 +0200] "GET /adminweb/export_orders_xml.php?token=256de2z6edz6ed2z6DFSFsed2zed6zeDSFDSGdzedezfzf&maxorders=10&orderstart=1&status=14&start_date=2018-10-01 HTTP/1.0" 200 285 "-" "GesCom CharlotteBoutik Serveur"
54.36.148.243 - - [06/May/2022:04:46:41 +0200] "GET /bouddha-sticker-p-35391.html HTTP/1.0" 200 74028 "-" "Mozilla/5.0 (compatible; AhrefsBot/7.0; +http://ahrefs.com/robot/)"
51.68.224.127 - - [06/May/2022:04:46:42 +0200] "GET /adminweb/export_orders_xml.php?token=256de2z6edz6ed2z6DFSFsed2zed6zeDSFDSGdzedezfzf&maxorders=10&orderstart=1&status=6&start_date=2018-10-01 HTTP/1.0" 200 32798 "-" "GesCom CharlotteBoutik Serveur"
54.36.148.101 - - [06/May/2022:04:46:47 +0200] "GET /images/big_prod/3609810041721.jpg HTTP/1.0" 200 268 "-" "Mozilla/5.0 (compatible; AhrefsBot/7.0; +http://ahrefs.com/robot/)"
54.36.148.207 - - [06/May/2022:04:46:47 +0200] "GET /images/big_prod_1/3609810041721a.jpg HTTP/1.0" 200 271 "-" "Mozilla/5.0 (compatible; AhrefsBot/7.0; +http://ahrefs.com/robot/)"
5.9.66.153 - - [06/May/2022:04:46:43 +0200] "GET /headrest-cushion-grey-p-43994.html HTTP/1.0" 200 73489 "-" "Mozilla/5.0 (compatible; MJ12bot/v1.4.8; http://mj12bot.com/)"
5.9.66.153 - - [06/May/2022:04:46:50 +0200] "GET /hearts-butterfly-p-39363.html HTTP/1.0" 200 74739 "-" "Mozilla/5.0 (compatible; MJ12bot/v1.4.8; http://mj12bot.com/)"
46.4.108.51 - - [06/May/2022:04:46:28 +0200] "GET /wall-decoration-wood-c-13_274.html?page=10 HTTP/1.0" 200 95280 "-" "Mozilla/5.0 (compatible; BLEXBot/1.0; +http://webmeup-crawler.com/)"
157.55.39.101 - - [06/May/2022:04:46:55 +0200] "GET /-p-38719.html HTTP/1.0" 200 70808 "-" "Mozilla/5.0 (compatible; bingbot/2.0; +http://www.bing.com/bingbot.htm)"
5.9.66.153 - - [06/May/2022:04:46:58 +0200] "GET /hearts-cats-p-39362.html HTTP/1.0" 200 70848 "-" "Mozilla/5.0 (compatible; MJ12bot/v1.4.8; http://mj12bot.com/)"
157.55.39.105 - - [06/May/2022:04:46:59 +0200] "GET /-p-47328.html HTTP/1.0" 200 70808 "-" "Mozilla/5.0 (compatible; bingbot/2.0; +http://www.bing.com/bingbot.htm)"
5.9.66.153 - - [06/May/2022:04:47:02 +0200] "GET /hello-kitty-by-camomilla-handbag-p-4409.html HTTP/1.0" 301 76142 "-" "Mozilla/5.0 (compatible; MJ12bot/v1.4.8; http://mj12bot.com/)"
5.9.66.153 - - [06/May/2022:04:47:08 +0200] "GET /hello-kitty-camomilla-handbag-p-4409.html HTTP/1.0" 200 76047 "-" "Mozilla/5.0 (compatible; MJ12bot/v1.4.8; http://mj12bot.com/)"
5.9.66.153 - - [06/May/2022:04:47:15 +0200] "GET /hello-kitty-by-victoria-casal-couture-purple-watch-p-20139.html HTTP/1.0" 301 70875 "-" "Mozilla/5.0 (compatible; MJ12bot/v1.4.8; http://mj12bot.com/)"
5.9.66.153 - - [06/May/2022:04:47:21 +0200] "GET /-p-20139.html HTTP/1.0" 200 70808 "-" "Mozilla/5.0 (compatible; MJ12bot/v1.4.8; http://mj12bot.com/)"
111.225.144.240 - - [06/May/2022:04:47:29 +0200] "GET /images/mini_prod/3760116326407.jpg HTTP/1.0" 200 269 "-" "Mozilla/5.0 (Macintosh; Intel Mac OS X 10_12_4) AppleWebKit/537.36 (KHTML, like Gecko) Chrome/58.0.3029.110 Safari/537.36"
5.9.66.153 - - [06/May/2022:04:47:27 +0200] "GET /hello-kitty-by-victoria-casal-couture-yellow-watch-p-20142.html HTTP/1.0" 301 70875 "-" "Mozilla/5.0 (compatible; MJ12bot/v1.4.8; http://mj12bot.com/)"
111.225.144.254 - - [06/May/2022:04:47:32 +0200] "GET /images/mini_prod/3609080364254.jpg HTTP/1.0" 200 269 "-" "Mozilla/5.0 (Macintosh; Intel Mac OS X 10_12_4) AppleWebKit/537.36 (KHTML, like Gecko) Chrome/58.0.3029.110 Safari/537.36"
5.9.66.153 - - [06/May/2022:04:47:31 +0200] "GET /-p-20142.html HTTP/1.0" 200 70808 "-" "Mozilla/5.0 (compatible; MJ12bot/v1.4.8; http://mj12bot.com/)"
5.9.66.153 - - [06/May/2022:04:47:36 +0200] "GET /hello-kitty-camomilla-handbag-p-4409.html HTTP/1.0" 200 76047 "-" "Mozilla/5.0 (compatible; MJ12bot/v1.4.8; http://mj12bot.com/)"
5.9.66.153 - - [06/May/2022:04:47:42 +0200] "GET /hello-kitty-swimming-ring-p-19971.html HTTP/1.0" 200 73296 "-" "Mozilla/5.0 (compatible; MJ12bot/v1.4.8; http://mj12bot.com/)"
46.4.108.51 - - [06/May/2022:04:47:19 +0200] "GET /wall-decoration-wood-c-13_274.html?page=11 HTTP/1.0" 200 95359 "-" "Mozilla/5.0 (compatible; BLEXBot/1.0; +http://webmeup-crawler.com/)"
111.225.144.146 - - [06/May/2022:04:47:53 +0200] "GET /images/mini_prod/1384010176412.jpg HTTP/1.0" 200 269 "-" "Mozilla/5.0 (Macintosh; Intel Mac OS X 10_12_4) AppleWebKit/537.36 (KHTML, like Gecko) Chrome/58.0.3029.110 Safari/537.36"
54.36.148.243 - - [06/May/2022:04:47:51 +0200] "GET /round-mirror-p-48538.html HTTP/1.0" 200 73427 "-" "Mozilla/5.0 (compatible; AhrefsBot/7.0; +http://ahrefs.com/robot/)"
5.9.66.153 - - [06/May/2022:04:47:51 +0200] "GET /here-stacked-alice-wonderland-figurine-p-57286.html HTTP/1.0" 200 75038 "-" "Mozilla/5.0 (compatible; MJ12bot/v1.4.8; http://mj12bot.com/)"
54.36.148.182 - - [06/May/2022:04:47:59 +0200] "GET /images/big_prod/8718317669415.jpg HTTP/1.0" 200 268 "-" "Mozilla/5.0 (compatible; AhrefsBot/7.0; +http://ahrefs.com/robot/)"
5.9.66.153 - - [06/May/2022:04:47:59 +0200] "GET /heroes-square-pyramid-janod-p-20536.html HTTP/1.0" 200 70934 "-" "Mozilla/5.0 (compatible; MJ12bot/v1.4.8; http://mj12bot.com/)"
5.9.66.153 - - [06/May/2022:04:48:06 +0200] "GET /hook-weathered-surfboard-metal-75-cm-p-44436.html HTTP/1.0" 301 71024 "-" "Mozilla/5.0 (compatible; MJ12bot/v1.4.8; http://mj12bot.com/)"
66.249.73.136 - - [06/May/2022:04:48:10 +0200] "GET /-p-14328.html HTTP/1.0" 200 70808 "-" "Mozilla/5.0 (Linux; Android 6.0.1; Nexus 5X Build/MMB29P) AppleWebKit/537.36 (KHTML, like Gecko) Chrome/100.0.4896.127 Mobile Safari/537.36 (compatible; Googlebot/2.1; +http://www.google.com/bot.html)"
5.9.66.153 - - [06/May/2022:04:48:11 +0200] "GET /hook-weathered-surfboard-mtal-p-44436.html HTTP/1.0" 200 70928 "-" "Mozilla/5.0 (compatible; MJ12bot/v1.4.8; http://mj12bot.com/)"
5.9.66.153 - - [06/May/2022:04:48:17 +0200] "GET /hook-weathered-surfboard-mtal-p-44436.html HTTP/1.0" 200 70928 "-" "Mozilla/5.0 (compatible; MJ12bot/v1.4.8; http://mj12bot.com/)"
5.9.66.153 - - [06/May/2022:04:48:24 +0200] "GET /hook-weathered-surfboard-wooden-p-35335.html HTTP/1.0" 200 73584 "-" "Mozilla/5.0 (compatible; MJ12bot/v1.4.8; http://mj12bot.com/)"
46.4.108.51 - - [06/May/2022:04:47:59 +0200] "GET /wall-decoration-wood-c-13_274.html?page=2 HTTP/1.0" 200 94779 "-" "Mozilla/5.0 (compatible; BLEXBot/1.0; +http://webmeup-crawler.com/)"
5.9.66.153 - - [06/May/2022:04:48:31 +0200] "GET /horse-bedclothes-140-200-cm-p-36424.html HTTP/1.0" 301 70875 "-" "Mozilla/5.0 (compatible; MJ12bot/v1.4.8; http://mj12bot.com/)"
5.9.66.153 - - [06/May/2022:04:48:36 +0200] "GET /-p-36424.html HTTP/1.0" 200 70808 "-" "Mozilla/5.0 (compatible; MJ12bot/v1.4.8; http://mj12bot.com/)"
5.9.66.153 - - [06/May/2022:04:48:41 +0200] "GET /horse-statue-brown-resin-p-56903.html HTTP/1.0" 200 74136 "-" "Mozilla/5.0 (compatible; MJ12bot/v1.4.8; http://mj12bot.com/)"
5.9.66.153 - - [06/May/2022:04:48:47 +0200] "GET /horses-glass-clock-p-23027.html HTTP/1.0" 301 70875 "-" "Mozilla/5.0 (compatible; MJ12bot/v1.4.8; http://mj12bot.com/)"
5.9.66.153 - - [06/May/2022:04:48:53 +0200] "GET /-p-23027.html HTTP/1.0" 200 70808 "-" "Mozilla/5.0 (compatible; MJ12bot/v1.4.8; http://mj12bot.com/)"
5.9.66.153 - - [06/May/2022:04:48:58 +0200] "GET /horses-glass-clock-p-24963.html HTTP/1.0" 301 70875 "-" "Mozilla/5.0 (compatible; MJ12bot/v1.4.8; http://mj12bot.com/)"
54.36.148.243 - - [06/May/2022:04:49:01 +0200] "GET /wooden-wall-decoration-hang-p-41525.html HTTP/1.0" 200 73623 "-" "Mozilla/5.0 (compatible; AhrefsBot/7.0; +http://ahrefs.com/robot/)"
5.9.66.153 - - [06/May/2022:04:49:03 +0200] "GET /-p-24963.html HTTP/1.0" 200 70808 "-" "Mozilla/5.0 (compatible; MJ12bot/v1.4.8; http://mj12bot.com/)"
54.36.148.153 - - [06/May/2022:04:49:08 +0200] "GET /images/big_prod/1384000001328.jpg HTTP/1.0" 200 268 "-" "Mozilla/5.0 (compatible; AhrefsBot/7.0; +http://ahrefs.com/robot/)"
5.9.66.153 - - [06/May/2022:04:49:08 +0200] "GET /hulk-mask-p-24835.html HTTP/1.0" 301 70875 "-" "Mozilla/5.0 (compatible; MJ12bot/v1.4.8; http://mj12bot.com/)"
46.4.108.51 - - [06/May/2022:04:48:45 +0200] "GET /wall-decoration-wood-c-13_274.html?page=3 HTTP/1.0" 200 94953 "-" "Mozilla/5.0 (compatible; BLEXBot/1.0; +http://webmeup-crawler.com/)"
5.9.66.153 - - [06/May/2022:04:49:13 +0200] "GET /-p-24835.html HTTP/1.0" 200 70808 "-" "Mozilla/5.0 (compatible; MJ12bot/v1.4.8; http://mj12bot.com/)"
111.225.144.239 - - [06/May/2022:04:49:16 +0200] "GET /images/mini_prod/3760054863347.jpg HTTP/1.0" 200 269 "-" "Mozilla/5.0 (Macintosh; Intel Mac OS X 10_12_4) AppleWebKit/537.36 (KHTML, like Gecko) Chrome/58.0.3029.110 Safari/537.36"
66.249.73.138 - - [06/May/2022:04:49:16 +0200] "GET /samurai-ukiyo-mase-chudayu-masa-aki-statue-in-resin-p-35581.html HTTP/1.0" 301 71157 "-" "Mozilla/5.0 (Linux; Android 6.0.1; Nexus 5X Build/MMB29P) AppleWebKit/537.36 (KHTML, like Gecko) Chrome/101.0.4951.54 Mobile Safari/537.36 (compatible; Googlebot/2.1; +http://www.google.com/bot.html)"
5.9.66.153 - - [06/May/2022:04:49:18 +0200] "GET /hung-decorative-statue-p-34670.html HTTP/1.0" 200 70921 "-" "Mozilla/5.0 (compatible; MJ12bot/v1.4.8; http://mj12bot.com/)"
66.249.73.136 - - [06/May/2022:04:49:19 +0200] "GET /samurai-ukiyo-mase-chudayu-masa-statue-resin-p-35581.html HTTP/1.0" 200 71046 "-" "Mozilla/5.0 (Linux; Android 6.0.1; Nexus 5X Build/MMB29P) AppleWebKit/537.36 (KHTML, like Gecko) Chrome/101.0.4951.54 Mobile Safari/537.36 (compatible; Googlebot/2.1; +http://www.google.com/bot.html)"
185.191.171.7 - - [06/May/2022:04:49:22 +0200] "GET /cherry-blossom-sticker-p-39177.html HTTP/1.0" 200 74224 "-" "Mozilla/5.0 (compatible; SemrushBot/7~bl; +http://www.semrush.com/bot.html)"
5.9.66.153 - - [06/May/2022:04:49:24 +0200] "GET /hung-decorative-statue-p-34672.html HTTP/1.0" 200 70921 "-" "Mozilla/5.0 (compatible; MJ12bot/v1.4.8; http://mj12bot.com/)"
5.9.66.153 - - [06/May/2022:04:49:29 +0200] "GET /iceman-articulate-figurine-p-27716.html HTTP/1.0" 301 70875 "-" "Mozilla/5.0 (compatible; MJ12bot/v1.4.8; http://mj12bot.com/)"
185.191.171.26 - - [06/May/2022:04:49:32 +0200] "GET /sausage-with-knife-paris-p-47324.html?action=add_product HTTP/1.0" 302 476 "-" "Mozilla/5.0 (compatible; SemrushBot/7~bl; +http://www.semrush.com/bot.html)"
5.9.66.153 - - [06/May/2022:04:49:34 +0200] "GET /-p-27716.html HTTP/1.0" 200 70808 "-" "Mozilla/5.0 (compatible; MJ12bot/v1.4.8; http://mj12bot.com/)"
111.225.144.248 - - [06/May/2022:04:49:37 +0200] "GET /images/mini_prod/3700791201514.jpg HTTP/1.0" 200 269 "-" "Mozilla/5.0 (Macintosh; Intel Mac OS X 10_12_4) AppleWebKit/537.36 (KHTML, like Gecko) Chrome/58.0.3029.110 Safari/537.36"
111.225.144.197 - - [06/May/2022:04:49:45 +0200] "GET /images/mini_prod/8422020166368.jpg HTTP/1.0" 200 269 "-" "Mozilla/5.0 (Macintosh; Intel Mac OS X 10_12_4) AppleWebKit/537.36 (KHTML, like Gecko) Chrome/58.0.3029.110 Safari/537.36"
185.191.171.5 - - [06/May/2022:04:49:48 +0200] "GET /acrylic-metal-lamp-p-54025.html?action=add_product HTTP/1.0" 302 476 "-" "Mozilla/5.0 (compatible; SemrushBot/7~bl; +http://www.semrush.com/bot.html)"
5.9.66.153 - - [06/May/2022:04:49:38 +0200] "GET /incense-c-231_226.html?page=1 HTTP/1.0" 200 92324 "-" "Mozilla/5.0 (compatible; MJ12bot/v1.4.8; http://mj12bot.com/)"
147.92.153.6 - - [06/May/2022:04:49:50 +0200] "GET /small-flowerpot-hang-p-58112.html HTTP/1.0" 200 74090 "-" "Mozilla/5.0 (compatible; Linespider/1.1; +https://lin.ee/4dwXkTH)"
147.92.153.6 - - [06/May/2022:04:49:56 +0200] "GET /mondial_relay/js/jquery-1.3.2.min.js HTTP/1.0" 200 276 "http://www.wonder-geek.com/small-flowerpot-hang-p-58112.html" "Mozilla/5.0 (X11; Linux x86_64) AppleWebKit/537.36 (KHTML, like Gecko) HeadlessChrome/96.0.4664.0 Safari/537.36"
111.225.146.249 - - [06/May/2022:04:50:09 +0200] "GET /images/mini_prod/3565750040319.jpg HTTP/1.0" 200 269 "-" "Mozilla/5.0 (Macintosh; Intel Mac OS X 10_12_4) AppleWebKit/537.36 (KHTML, like Gecko) Chrome/58.0.3029.110 Safari/537.36"
5.9.66.153 - - [06/May/2022:04:49:54 +0200] "GET /incense-c-231_226.html?page=2 HTTP/1.0" 200 92685 "-" "Mozilla/5.0 (compatible; MJ12bot/v1.4.8; http://mj12bot.com/)"
114.119.137.252 - - [06/May/2022:04:50:07 +0200] "GET /decorative-turttle-statue-p-56039.html HTTP/1.0" 200 73585 "-" "Mozilla/5.0 (Linux; Android 7.0;) AppleWebKit/537.36 (KHTML, like Gecko) Mobile Safari/537.36 (compatible; PetalBot;+https://webmaster.petalsearch.com/site/petalbot)"
185.191.171.37 - - [06/May/2022:04:50:11 +0200] "GET /green-moonstone-sold-by-weight-115-grs-p-48725.html HTTP/1.0" 301 71010 "-" "Mozilla/5.0 (compatible; SemrushBot/7~bl; +http://www.semrush.com/bot.html)"
54.36.148.243 - - [06/May/2022:04:50:15 +0200] "GET /bamboo-fiber-plant-cover-p-54252.html HTTP/1.0" 200 74081 "-" "Mozilla/5.0 (compatible; AhrefsBot/7.0; +http://ahrefs.com/robot/)"
185.191.171.39 - - [06/May/2022:04:50:15 +0200] "GET /green-moonstone-sold-weight-p-48725.html HTTP/1.0" 200 70916 "-" "Mozilla/5.0 (compatible; SemrushBot/7~bl; +http://www.semrush.com/bot.html)"
5.9.66.153 - - [06/May/2022:04:50:12 +0200] "GET /incense-c-231_226.html?page=4 HTTP/1.0" 200 92212 "-" "Mozilla/5.0 (compatible; MJ12bot/v1.4.8; http://mj12bot.com/)"
46.4.108.51 - - [06/May/2022:04:50:02 +0200] "GET /wall-decoration-wood-c-13_274.html?page=4 HTTP/1.0" 200 94844 "-" "Mozilla/5.0 (compatible; BLEXBot/1.0; +http://webmeup-crawler.com/)"
5.9.66.153 - - [06/May/2022:04:50:28 +0200] "GET /incense-chakras-p-44372.html HTTP/1.0" 200 73519 "-" "Mozilla/5.0 (compatible; MJ12bot/v1.4.8; http://mj12bot.com/)"
5.9.66.153 - - [06/May/2022:04:50:33 +0200] "GET /incense-holder-and-incense-burner-c-231_229.html?page=1 HTTP/1.0" 301 91627 "-" "Mozilla/5.0 (compatible; MJ12bot/v1.4.8; http://mj12bot.com/)"
185.191.171.19 - - [06/May/2022:04:50:48 +0200] "GET /artisan-plaster-thermometer-handcrafted-p-58023.html?action=add_product HTTP/1.0" 302 476 "-" "Mozilla/5.0 (compatible; SemrushBot/7~bl; +http://www.semrush.com/bot.html)"
111.225.144.139 - - [06/May/2022:04:50:50 +0200] "GET /images/mini_prod/3700574900535.jpg HTTP/1.0" 200 269 "-" "Mozilla/5.0 (Macintosh; Intel Mac OS X 10_12_4) AppleWebKit/537.36 (KHTML, like Gecko) Chrome/58.0.3029.110 Safari/537.36"
5.9.66.153 - - [06/May/2022:04:50:42 +0200] "GET /incense-holder-incense-burner-c-229.html?page=1 HTTP/1.0" 301 91496 "-" "Mozilla/5.0 (compatible; MJ12bot/v1.4.8; http://mj12bot.com/)"
5.9.66.153 - - [06/May/2022:04:50:48 +0200] "GET /incense-holder-incense-burner-c-231_229.html?page=1 HTTP/1.0" 200 91526 "-" "Mozilla/5.0 (compatible; MJ12bot/v1.4.8; http://mj12bot.com/)"
46.4.108.51 - - [06/May/2022:04:50:44 +0200] "GET /wall-decoration-wood-c-13_274.html?page=5 HTTP/1.0" 200 94284 "-" "Mozilla/5.0 (compatible; BLEXBot/1.0; +http://webmeup-crawler.com/)"
185.191.171.6 - - [06/May/2022:04:51:10 +0200] "GET /wooden-ethnic-bedhead-wall-sticker-p-42898.html HTTP/1.0" 200 73683 "-" "Mozilla/5.0 (compatible; SemrushBot/7~bl; +http://www.semrush.com/bot.html)"
5.9.66.153 - - [06/May/2022:04:51:04 +0200] "GET /incense-holder-and-incense-burner-c-231_229.html?page=2 HTTP/1.0" 301 92252 "-" "Mozilla/5.0 (compatible; MJ12bot/v1.4.8; http://mj12bot.com/)"
111.225.144.203 - - [06/May/2022:04:51:22 +0200] "GET /images/big_prod_1/b3014627896844.jpg HTTP/1.0" 200 271 "-" "Mozilla/5.0 (Macintosh; Intel Mac OS X 10_12_4) AppleWebKit/537.36 (KHTML, like Gecko) Chrome/58.0.3029.110 Safari/537.36"
5.9.66.153 - - [06/May/2022:04:51:13 +0200] "GET /incense-holder-incense-burner-c-229.html?page=2 HTTP/1.0" 301 92121 "-" "Mozilla/5.0 (compatible; MJ12bot/v1.4.8; http://mj12bot.com/)"
54.36.148.243 - - [06/May/2022:04:51:24 +0200] "GET /indian-motorcycle-metal-plate-deco-p-47181.html HTTP/1.0" 200 73628 "-" "Mozilla/5.0 (compatible; AhrefsBot/7.0; +http://ahrefs.com/robot/)"
111.225.146.207 - - [06/May/2022:04:51:34 +0200] "GET /images/mini_prod/DSCN6253.jpg HTTP/1.0" 200 264 "-" "Mozilla/5.0 (Macintosh; Intel Mac OS X 10_12_4) AppleWebKit/537.36 (KHTML, like Gecko) Chrome/58.0.3029.110 Safari/537.36"
5.9.66.153 - - [06/May/2022:04:51:20 +0200] "GET /incense-holder-incense-burner-c-231_229.html?page=2 HTTP/1.0" 200 92151 "-" "Mozilla/5.0 (compatible; MJ12bot/v1.4.8; http://mj12bot.com/)"
40.77.167.13 - - [06/May/2022:04:51:38 +0200] "GET /sorcerer-mickey-figure-collection-britto-p-47018.html HTTP/1.0" 200 74915 "-" "Mozilla/5.0 (compatible; bingbot/2.0; +http://www.bing.com/bingbot.htm)"
185.191.171.25 - - [06/May/2022:04:51:42 +0200] "GET /pineapple-lamp-in-golden-resin-p-48254.html HTTP/1.0" 301 70875 "-" "Mozilla/5.0 (compatible; SemrushBot/7~bl; +http://www.semrush.com/bot.html)"
185.191.171.7 - - [06/May/2022:04:51:49 +0200] "GET /-p-48254.html HTTP/1.0" 200 70808 "-" "Mozilla/5.0 (compatible; SemrushBot/7~bl; +http://www.semrush.com/bot.html)"
5.9.66.153 - - [06/May/2022:04:51:37 +0200] "GET /incense-holder-and-incense-burner-c-231_229.html?page=3 HTTP/1.0" 301 93065 "-" "Mozilla/5.0 (compatible; MJ12bot/v1.4.8; http://mj12bot.com/)"
5.9.66.153 - - [06/May/2022:04:51:46 +0200] "GET /incense-holder-incense-burner-c-229.html?page=3 HTTP/1.0" 301 92934 "-" "Mozilla/5.0 (compatible; MJ12bot/v1.4.8; http://mj12bot.com/)"
157.55.39.101 - - [06/May/2022:04:51:36 +0200] "GET /trays-medium-size-c-12_159_265.html HTTP/1.0" 200 90994 "-" "Mozilla/5.0 (compatible; bingbot/2.0; +http://www.bing.com/bingbot.htm)"
46.4.108.51 - - [06/May/2022:04:51:35 +0200] "GET /wall-decoration-wood-c-13_274.html?page=6 HTTP/1.0" 200 94822 "-" "Mozilla/5.0 (compatible; BLEXBot/1.0; +http://webmeup-crawler.com/)"
5.9.66.153 - - [06/May/2022:04:51:53 +0200] "GET /incense-holder-incense-burner-c-231_229.html?page=3 HTTP/1.0" 200 92964 "-" "Mozilla/5.0 (compatible; MJ12bot/v1.4.8; http://mj12bot.com/)"
185.191.171.44 - - [06/May/2022:04:52:16 +0200] "GET /chakra-banner-60-15-cm-p-46291.html HTTP/1.0" 301 74528 "-" "Mozilla/5.0 (compatible; SemrushBot/7~bl; +http://www.semrush.com/bot.html)"
5.9.66.153 - - [06/May/2022:04:52:09 +0200] "GET /incense-holder-and-incense-burner-c-231_229.html?page=4 HTTP/1.0" 301 92248 "-" "Mozilla/5.0 (compatible; MJ12bot/v1.4.8; http://mj12bot.com/)"
185.191.171.36 - - [06/May/2022:04:52:21 +0200] "GET /chakra-banner-p-46291.html HTTP/1.0" 200 74448 "-" "Mozilla/5.0 (compatible; SemrushBot/7~bl; +http://www.semrush.com/bot.html)"
185.191.171.8 - - [06/May/2022:04:52:27 +0200] "GET /bamboo-table-lamp-p-53921.html?action=add_product HTTP/1.0" 302 476 "-" "Mozilla/5.0 (compatible; SemrushBot/7~bl; +http://www.semrush.com/bot.html)"
66.249.73.134 - - [06/May/2022:04:52:26 +0200] "GET /california-wave-wooden-wall-decoration-hang-p-36851.html HTTP/1.0" 200 73727 "-" "Mozilla/5.0 (Linux; Android 6.0.1; Nexus 5X Build/MMB29P) AppleWebKit/537.36 (KHTML, like Gecko) Chrome/100.0.4896.127 Mobile Safari/537.36 (compatible; Googlebot/2.1; +http://www.google.com/bot.html)"
5.9.66.153 - - [06/May/2022:04:52:18 +0200] "GET /incense-holder-incense-burner-c-229.html?page=4 HTTP/1.0" 301 92117 "-" "Mozilla/5.0 (compatible; MJ12bot/v1.4.8; http://mj12bot.com/)"
5.9.66.153 - - [06/May/2022:04:52:25 +0200] "GET /incense-holder-incense-burner-c-231_229.html?page=4 HTTP/1.0" 200 92147 "-" "Mozilla/5.0 (compatible; MJ12bot/v1.4.8; http://mj12bot.com/)"
5.9.66.153 - - [06/May/2022:04:52:40 +0200] "GET /india-keychain-family-p-57390.html HTTP/1.0" 200 75069 "-" "Mozilla/5.0 (compatible; MJ12bot/v1.4.8; http://mj12bot.com/)"
5.9.66.153 - - [06/May/2022:04:52:46 +0200] "GET /indoor-buddha-fountain-27-cm-p-51728.html HTTP/1.0" 301 73714 "-" "Mozilla/5.0 (compatible; MJ12bot/v1.4.8; http://mj12bot.com/)"
54.36.148.243 - - [06/May/2022:04:52:26 +0200] "GET /ashtrays-c-13_240.html?page=5 HTTP/1.0" 200 92191 "-" "Mozilla/5.0 (compatible; AhrefsBot/7.0; +http://ahrefs.com/robot/)"
5.9.66.153 - - [06/May/2022:04:52:51 +0200] "GET /indoor-buddha-fountain-p-51728.html HTTP/1.0" 200 73625 "-" "Mozilla/5.0 (compatible; MJ12bot/v1.4.8; http://mj12bot.com/)"
46.4.108.51 - - [06/May/2022:04:52:30 +0200] "GET /wall-decoration-wood-c-13_274.html?page=7 HTTP/1.0" 200 95120 "-" "Mozilla/5.0 (compatible; BLEXBot/1.0; +http://webmeup-crawler.com/)"
5.9.66.153 - - [06/May/2022:04:52:57 +0200] "GET /indoor-buddha-fountain-p-51728.html HTTP/1.0" 200 73625 "-" "Mozilla/5.0 (compatible; MJ12bot/v1.4.8; http://mj12bot.com/)"
114.119.137.3 - - [06/May/2022:04:53:02 +0200] "GET /figurine-snail-cement-aged-effect-p-45677.html HTTP/1.0" 200 73575 "-" "Mozilla/5.0 (Linux; Android 7.0;) AppleWebKit/537.36 (KHTML, like Gecko) Mobile Safari/537.36 (compatible; PetalBot;+https://webmaster.petalsearch.com/site/petalbot)"
5.9.66.153 - - [06/May/2022:04:53:02 +0200] "GET /induction-charger-alarm-clock-p-53134.html HTTP/1.0" 200 74286 "-" "Mozilla/5.0 (compatible; MJ12bot/v1.4.8; http://mj12bot.com/)"
77.88.5.208 - - [06/May/2022:04:53:05 +0200] "GET /terrasses-parisiennes-tray-p-12439.html HTTP/1.0" 200 73696 "-" "Mozilla/5.0 (compatible; YandexBot/3.0; +http://yandex.com/bots)"
5.9.66.153 - - [06/May/2022:04:53:08 +0200] "GET /isothermic-stainless-steel-bottle-corsica-by-cbkreation-p-51048.html HTTP/1.0" 301 74508 "-" "Mozilla/5.0 (compatible; MJ12bot/v1.4.8; http://mj12bot.com/)"
5.9.66.153 - - [06/May/2022:04:53:12 +0200] "GET /isothermic-stainless-steel-bottle-corsica-cbkreation-p-51048.html HTTP/1.0" 200 74389 "-" "Mozilla/5.0 (compatible; MJ12bot/v1.4.8; http://mj12bot.com/)"
5.9.66.153 - - [06/May/2022:04:53:19 +0200] "GET /isothermic-stainless-steel-bottle-corsica-cbkreation-p-51048.html HTTP/1.0" 200 74389 "-" "Mozilla/5.0 (compatible; MJ12bot/v1.4.8; http://mj12bot.com/)"
111.225.144.166 - - [06/May/2022:04:53:28 +0200] "GET /images/mini_prod/9316188080736.jpg HTTP/1.0" 200 269 "-" "Mozilla/5.0 (Macintosh; Intel Mac OS X 10_12_4) AppleWebKit/537.36 (KHTML, like Gecko) Chrome/58.0.3029.110 Safari/537.36"
185.191.171.6 - - [06/May/2022:04:53:30 +0200] "GET /green-cushion-p-36804.html?action=add_product HTTP/1.0" 302 476 "-" "Mozilla/5.0 (compatible; SemrushBot/7~bl; +http://www.semrush.com/bot.html)"
5.9.66.153 - - [06/May/2022:04:53:29 +0200] "GET /isothermic-stainless-steel-bottle-lovely-panda-by-cbkreation-p-51046.html HTTP/1.0" 301 73886 "-" "Mozilla/5.0 (compatible; MJ12bot/v1.4.8; http://mj12bot.com/)"
5.9.66.153 - - [06/May/2022:04:53:36 +0200] "GET /isothermic-stainless-steel-bottle-lovely-panda-cbkreation-p-51046.html HTTP/1.0" 200 73762 "-" "Mozilla/5.0 (compatible; MJ12bot/v1.4.8; http://mj12bot.com/)"
54.36.148.243 - - [06/May/2022:04:53:38 +0200] "GET /round-mirror-with-flower-height-p-49684.html HTTP/1.0" 200 73573 "-" "Mozilla/5.0 (compatible; AhrefsBot/7.0; +http://ahrefs.com/robot/)"
54.36.148.213 - - [06/May/2022:04:53:43 +0200] "GET /images/big_prod/8718317576348.jpg HTTP/1.0" 200 268 "-" "Mozilla/5.0 (compatible; AhrefsBot/7.0; +http://ahrefs.com/robot/)"
46.4.108.51 - - [06/May/2022:04:53:19 +0200] "GET /wall-decoration-wood-c-13_274.html?page=8 HTTP/1.0" 200 95243 "-" "Mozilla/5.0 (compatible; BLEXBot/1.0; +http://webmeup-crawler.com/)"
5.9.66.153 - - [06/May/2022:04:53:44 +0200] "GET /isothermic-stainless-steel-bottle-lovely-panda-cbkreation-p-51046.html HTTP/1.0" 200 73762 "-" "Mozilla/5.0 (compatible; MJ12bot/v1.4.8; http://mj12bot.com/)"
185.191.171.25 - - [06/May/2022:04:53:45 +0200] "GET /decorative-metal-plate-cbkreation-p-52908.html HTTP/1.0" 200 73565 "-" "Mozilla/5.0 (compatible; SemrushBot/7~bl; +http://www.semrush.com/bot.html)"
185.191.171.22 - - [06/May/2022:04:53:53 +0200] "GET /rattan-cover-medium-model-p-49857.html?action=add_product HTTP/1.0" 302 476 "-" "Mozilla/5.0 (compatible; SemrushBot/7~bl; +http://www.semrush.com/bot.html)"
5.9.66.153 - - [06/May/2022:04:53:50 +0200] "GET /isothermic-stainless-steel-bottle-p-53168.html HTTP/1.0" 200 73553 "-" "Mozilla/5.0 (compatible; MJ12bot/v1.4.8; http://mj12bot.com/)"
5.9.66.153 - - [06/May/2022:04:53:58 +0200] "GET /isothermic-stainless-steel-bottle-sagittarius-by-cbkreation-p-51034.html HTTP/1.0" 301 73872 "-" "Mozilla/5.0 (compatible; MJ12bot/v1.4.8; http://mj12bot.com/)"
5.9.66.153 - - [06/May/2022:04:54:04 +0200] "GET /isothermic-stainless-steel-bottle-sagittarius-cbkreation-p-51034.html HTTP/1.0" 200 73749 "-" "Mozilla/5.0 (compatible; MJ12bot/v1.4.8; http://mj12bot.com/)"
5.9.66.153 - - [06/May/2022:04:54:12 +0200] "GET /isothermic-stainless-steel-bottle-sagittarius-cbkreation-p-51034.html HTTP/1.0" 200 73749 "-" "Mozilla/5.0 (compatible; MJ12bot/v1.4.8; http://mj12bot.com/)"
5.9.66.153 - - [06/May/2022:04:54:19 +0200] "GET /isothermic-stainless-steel-bottle-taurus-by-cbkreation-p-51041.html HTTP/1.0" 301 73832 "-" "Mozilla/5.0 (compatible; MJ12bot/v1.4.8; http://mj12bot.com/)"
5.9.66.153 - - [06/May/2022:04:54:25 +0200] "GET /isothermic-stainless-steel-bottle-taurus-cbkreation-p-51041.html HTTP/1.0" 200 73714 "-" "Mozilla/5.0 (compatible; MJ12bot/v1.4.8; http://mj12bot.com/)"
5.9.66.153 - - [06/May/2022:04:54:30 +0200] "GET /isothermic-stainless-steel-bottle-taurus-cbkreation-p-51041.html HTTP/1.0" 200 73714 "-" "Mozilla/5.0 (compatible; MJ12bot/v1.4.8; http://mj12bot.com/)"
5.9.66.153 - - [06/May/2022:04:54:36 +0200] "GET /jamaca-floor-standing-ashtray-p-10955.html HTTP/1.0" 301 70875 "-" "Mozilla/5.0 (compatible; MJ12bot/v1.4.8; http://mj12bot.com/)"
46.4.108.51 - - [06/May/2022:04:54:17 +0200] "GET /wall-decoration-wood-c-13_274.html?page=9 HTTP/1.0" 200 94993 "-" "Mozilla/5.0 (compatible; BLEXBot/1.0; +http://webmeup-crawler.com/)"
216.244.66.242 - - [06/May/2022:04:54:43 +0200] "GET /robots.txt HTTP/1.0" 200 245 "-" "Mozilla/5.0 (compatible; DotBot/1.2; +https://opensiteexplorer.org/dotbot; help@moz.com)"
5.9.66.153 - - [06/May/2022:04:54:41 +0200] "GET /-p-10955.html HTTP/1.0" 200 70808 "-" "Mozilla/5.0 (compatible; MJ12bot/v1.4.8; http://mj12bot.com/)"
5.9.66.153 - - [06/May/2022:04:54:47 +0200] "GET /japan-alarm-clock-by-cbkreation-p-24998.html HTTP/1.0" 301 73633 "-" "Mozilla/5.0 (compatible; MJ12bot/v1.4.8; http://mj12bot.com/)"
54.36.148.243 - - [06/May/2022:04:54:48 +0200] "GET /johnny-hallyday-metal-plate-p-51150.html HTTP/1.0" 200 73661 "-" "Mozilla/5.0 (compatible; AhrefsBot/7.0; +http://ahrefs.com/robot/)"
111.225.146.218 - - [06/May/2022:04:54:54 +0200] "GET /images/mini_prod/8433933112687.jpg HTTP/1.0" 200 269 "-" "Mozilla/5.0 (Macintosh; Intel Mac OS X 10_12_4) AppleWebKit/537.36 (KHTML, like Gecko) Chrome/58.0.3029.110 Safari/537.36"
111.225.144.239 - - [06/May/2022:04:54:56 +0200] "GET /images/mini_prod/8433933052198.jpg HTTP/1.0" 200 269 "-" "Mozilla/5.0 (Macintosh; Intel Mac OS X 10_12_4) AppleWebKit/537.36 (KHTML, like Gecko) Chrome/58.0.3029.110 Safari/537.36"
5.9.66.153 - - [06/May/2022:04:54:53 +0200] "GET /japan-alarm-clock-cbkreation-p-24998.html HTTP/1.0" 200 73538 "-" "Mozilla/5.0 (compatible; MJ12bot/v1.4.8; http://mj12bot.com/)"
46.4.108.51 - - [06/May/2022:04:55:03 +0200] "GET /robots.txt HTTP/1.0" 301 531 "-" "Mozilla/5.0 (compatible; BLEXBot/1.0; +http://webmeup-crawler.com/)"
5.9.66.153 - - [06/May/2022:04:54:59 +0200] "GET /japan-clock-by-cbkreation-p-24686.html HTTP/1.0" 301 73645 "-" "Mozilla/5.0 (compatible; MJ12bot/v1.4.8; http://mj12bot.com/)"
46.4.108.51 - - [06/May/2022:04:55:03 +0200] "GET /robots.txt HTTP/1.0" 200 245 "-" "Mozilla/5.0 (compatible; BLEXBot/1.0; +http://webmeup-crawler.com/)"
46.4.108.51 - - [06/May/2022:04:55:03 +0200] "GET /wall-hanging-radha-shiva-eternal-lovers-p-47247.html HTTP/1.0" 200 74765 "-" "Mozilla/5.0 (compatible; BLEXBot/1.0; +http://webmeup-crawler.com/)"
5.9.66.153 - - [06/May/2022:04:55:06 +0200] "GET /japan-clock-cbkreation-p-24686.html HTTP/1.0" 200 73556 "-" "Mozilla/5.0 (compatible; MJ12bot/v1.4.8; http://mj12bot.com/)"
5.9.66.153 - - [06/May/2022:04:55:14 +0200] "GET /jute-basket-planter-p-57436.html HTTP/1.0" 200 74070 "-" "Mozilla/5.0 (compatible; MJ12bot/v1.4.8; http://mj12bot.com/)"
5.9.66.153 - - [06/May/2022:04:55:20 +0200] "GET /lantern-wooden-candle-holder-p-44985.html HTTP/1.0" 200 73608 "-" "Mozilla/5.0 (compatible; MJ12bot/v1.4.8; http://mj12bot.com/)"
5.9.66.153 - - [06/May/2022:04:55:27 +0200] "GET /large-bamboo-vase-in-resin-34-cm-p-44984.html HTTP/1.0" 301 73586 "-" "Mozilla/5.0 (compatible; MJ12bot/v1.4.8; http://mj12bot.com/)"
5.9.66.153 - - [06/May/2022:04:55:33 +0200] "GET /large-bamboo-vase-resin-p-44984.html HTTP/1.0" 200 73496 "-" "Mozilla/5.0 (compatible; MJ12bot/v1.4.8; http://mj12bot.com/)"
111.225.144.248 - - [06/May/2022:04:55:39 +0200] "GET /images/mini_prod/1384010179017.jpg HTTP/1.0" 200 269 "-" "Mozilla/5.0 (Macintosh; Intel Mac OS X 10_12_4) AppleWebKit/537.36 (KHTML, like Gecko) Chrome/58.0.3029.110 Safari/537.36"
40.77.167.0 - - [06/May/2022:04:55:36 +0200] "GET /mickey-figure-collection-romero-britto-p-51458.html HTTP/1.0" 200 74874 "-" "Mozilla/5.0 (compatible; bingbot/2.0; +http://www.bing.com/bingbot.htm)"
5.9.66.153 - - [06/May/2022:04:55:41 +0200] "GET /large-bamboo-vase-resin-p-44984.html HTTP/1.0" 200 73496 "-" "Mozilla/5.0 (compatible; MJ12bot/v1.4.8; http://mj12bot.com/)"
46.4.108.51 - - [06/May/2022:04:55:22 +0200] "GET /wall-sticker-c-13_187.html?page=10 HTTP/1.0" 200 94727 "-" "Mozilla/5.0 (compatible; BLEXBot/1.0; +http://webmeup-crawler.com/)"
5.9.66.153 - - [06/May/2022:04:55:50 +0200] "GET /large-candle-spicy-mandarin-p-49927.html HTTP/1.0" 200 70908 "-" "Mozilla/5.0 (compatible; MJ12bot/v1.4.8; http://mj12bot.com/)"
