76.20.252.146 - - [06/May/2022:16:56:26 +0200] "GET /favicon.ico HTTP/1.0" 200 260 "http://www.wonder-geek.com/jane-crowther-p-54766.html" "Mozilla/5.0 (Windows NT 10.0; Win64; x64) AppleWebKit/537.36 (KHTML, like Gecko) Chrome/100.0.4896.127 Safari/537.36"
64.62.252.162 - - [06/May/2022:16:56:30 +0200] "GET /ottomans-storage-ottomans-c-13_209.html HTTP/1.0" 200 90349 "-" "The Knowledge AI"
185.191.171.14 - - [06/May/2022:16:56:32 +0200] "GET /-p-46503.html?action=add_product HTTP/1.0" 302 476 "-" "Mozilla/5.0 (compatible; SemrushBot/7~bl; +http://www.semrush.com/bot.html)"
64.62.252.162 - - [06/May/2022:16:56:43 +0200] "GET /coat-hook-c-13_198.html HTTP/1.0" 200 90981 "-" "The Knowledge AI"
54.36.148.243 - - [06/May/2022:16:56:47 +0200] "GET /amys-birds-p-57972.html HTTP/1.0" 200 74449 "-" "Mozilla/5.0 (compatible; AhrefsBot/7.0; +http://ahrefs.com/robot/)"
64.62.252.162 - - [06/May/2022:16:56:55 +0200] "GET /photo-frames-memo-clips-c-13_132.html HTTP/1.0" 200 91292 "-" "The Knowledge AI"
64.62.252.162 - - [06/May/2022:16:57:08 +0200] "GET /posters-stickers-wall-c-13_147.html HTTP/1.0" 200 90931 "-" "The Knowledge AI"
64.62.252.162 - - [06/May/2022:16:57:20 +0200] "GET /small-appliances-hifi-c-13_88.html HTTP/1.0" 200 90215 "-" "The Knowledge AI"
64.62.252.162 - - [06/May/2022:16:57:33 +0200] "GET /snow-glitter-ball-c-13_259.html HTTP/1.0" 200 90879 "-" "The Knowledge AI"
54.36.148.243 - - [06/May/2022:16:57:39 +0200] "GET /glittery-pink-glass-cover-p-58060.html HTTP/1.0" 200 74117 "-" "Mozilla/5.0 (compatible; AhrefsBot/7.0; +http://ahrefs.com/robot/)"
54.36.149.35 - - [06/May/2022:16:57:44 +0200] "GET /images/big_prod_1/5400924168421B.jpg HTTP/1.0" 200 271 "-" "Mozilla/5.0 (compatible; AhrefsBot/7.0; +http://ahrefs.com/robot/)"
54.36.149.51 - - [06/May/2022:16:57:44 +0200] "GET /images/big_prod/5400924168421.jpg HTTP/1.0" 200 268 "-" "Mozilla/5.0 (compatible; AhrefsBot/7.0; +http://ahrefs.com/robot/)"
64.62.252.162 - - [06/May/2022:16:57:46 +0200] "GET /stool-table-c-13_212.html HTTP/1.0" 200 80845 "-" "The Knowledge AI"
157.55.39.101 - - [06/May/2022:16:57:57 +0200] "GET /-p-14380.html HTTP/1.0" 200 70808 "-" "Mozilla/5.0 (compatible; bingbot/2.0; +http://www.bing.com/bingbot.htm)"
157.55.39.172 - - [06/May/2022:16:57:58 +0200] "GET /-p-37040.html HTTP/1.0" 200 70808 "-" "Mozilla/5.0 (compatible; bingbot/2.0; +http://www.bing.com/bingbot.htm)"
64.62.252.162 - - [06/May/2022:16:57:59 +0200] "GET /tables-c-13_206.html HTTP/1.0" 200 88078 "-" "The Knowledge AI"
76.20.252.146 - - [06/May/2022:16:58:04 +0200] "POST /jane-crowther-p-54766.html?action=add_product HTTP/1.0" 302 476 "http://www.wonder-geek.com/jane-crowther-p-54766.html" "Mozilla/5.0 (Windows NT 10.0; Win64; x64) AppleWebKit/537.36 (KHTML, like Gecko) Chrome/100.0.4896.127 Safari/537.36"
76.20.252.146 - - [06/May/2022:16:58:04 +0200] "GET /shopping_cart.php HTTP/1.0" 200 29265 "http://www.wonder-geek.com/jane-crowther-p-54766.html" "Mozilla/5.0 (Windows NT 10.0; Win64; x64) AppleWebKit/537.36 (KHTML, like Gecko) Chrome/100.0.4896.127 Safari/537.36"
76.20.252.146 - - [06/May/2022:16:58:05 +0200] "GET /swfobject.js HTTP/1.0" 404 1308 "http://www.wonder-geek.com/shopping_cart.php" "Mozilla/5.0 (Windows NT 10.0; Win64; x64) AppleWebKit/537.36 (KHTML, like Gecko) Chrome/100.0.4896.127 Safari/537.36"
76.20.252.146 - - [06/May/2022:16:58:05 +0200] "GET /images/table_background_cart.gif HTTP/1.0" 200 1094 "http://www.wonder-geek.com/shopping_cart.php" "Mozilla/5.0 (Windows NT 10.0; Win64; x64) AppleWebKit/537.36 (KHTML, like Gecko) Chrome/100.0.4896.127 Safari/537.36"
76.20.252.146 - - [06/May/2022:16:58:05 +0200] "GET /images/mini_prod/3700572750576.jpg HTTP/1.0" 200 269 "http://www.wonder-geek.com/shopping_cart.php" "Mozilla/5.0 (Windows NT 10.0; Win64; x64) AppleWebKit/537.36 (KHTML, like Gecko) Chrome/100.0.4896.127 Safari/537.36"
76.20.252.146 - - [06/May/2022:16:58:05 +0200] "GET /templates/Pixame_v1/images/buttons/english/button_update_cart.gif HTTP/1.0" 200 299 "http://www.wonder-geek.com/shopping_cart.php" "Mozilla/5.0 (Windows NT 10.0; Win64; x64) AppleWebKit/537.36 (KHTML, like Gecko) Chrome/100.0.4896.127 Safari/537.36"
76.20.252.146 - - [06/May/2022:16:58:05 +0200] "GET /templates/Pixame_v1/images/buttons/english/button_continue_shopping.gif HTTP/1.0" 200 305 "http://www.wonder-geek.com/shopping_cart.php" "Mozilla/5.0 (Windows NT 10.0; Win64; x64) AppleWebKit/537.36 (KHTML, like Gecko) Chrome/100.0.4896.127 Safari/537.36"
76.20.252.146 - - [06/May/2022:16:58:05 +0200] "GET /templates/Pixame_v1/images/buttons/english/button_checkout.gif HTTP/1.0" 200 296 "http://www.wonder-geek.com/shopping_cart.php" "Mozilla/5.0 (Windows NT 10.0; Win64; x64) AppleWebKit/537.36 (KHTML, like Gecko) Chrome/100.0.4896.127 Safari/537.36"
76.20.252.146 - - [06/May/2022:16:58:05 +0200] "GET /images/pixel_black.gif HTTP/1.0" 200 320 "http://www.wonder-geek.com/shopping_cart.php" "Mozilla/5.0 (Windows NT 10.0; Win64; x64) AppleWebKit/537.36 (KHTML, like Gecko) Chrome/100.0.4896.127 Safari/537.36"
76.20.252.146 - - [06/May/2022:16:58:05 +0200] "GET /images/icons/warning.gif HTTP/1.0" 200 478 "http://www.wonder-geek.com/shopping_cart.php" "Mozilla/5.0 (Windows NT 10.0; Win64; x64) AppleWebKit/537.36 (KHTML, like Gecko) Chrome/100.0.4896.127 Safari/537.36"
76.20.252.146 - - [06/May/2022:16:58:05 +0200] "GET /images/icons/colissimo.gif HTTP/1.0" 200 260 "http://www.wonder-geek.com/shopping_cart.php" "Mozilla/5.0 (Windows NT 10.0; Win64; x64) AppleWebKit/537.36 (KHTML, like Gecko) Chrome/100.0.4896.127 Safari/537.36"
76.20.252.146 - - [06/May/2022:16:58:10 +0200] "GET /jane-crowther-p-54766.html HTTP/1.0" 200 74132 "https://www.google.com/" "Mozilla/5.0 (Windows NT 10.0; Win64; x64) AppleWebKit/537.36 (KHTML, like Gecko) Chrome/100.0.4896.127 Safari/537.36"
40.77.167.13 - - [06/May/2022:16:58:10 +0200] "GET /cement-tile-stickers-15-15-cm-p-51626.html HTTP/1.0" 301 74466 "-" "Mozilla/5.0 (compatible; bingbot/2.0; +http://www.bing.com/bingbot.htm)"
64.62.252.162 - - [06/May/2022:16:58:12 +0200] "GET /mtal-signs-c-13_130.html HTTP/1.0" 200 94760 "-" "The Knowledge AI"
64.62.252.162 - - [06/May/2022:16:58:25 +0200] "GET /trunks-c-13_208.html HTTP/1.0" 200 88384 "-" "The Knowledge AI"
54.36.148.243 - - [06/May/2022:16:58:32 +0200] "GET /copper-ceramic-cover-p-58064.html HTTP/1.0" 200 74140 "-" "Mozilla/5.0 (compatible; AhrefsBot/7.0; +http://ahrefs.com/robot/)"
54.36.149.8 - - [06/May/2022:16:58:38 +0200] "GET /images/big_prod/5400924181802.jpg HTTP/1.0" 200 268 "-" "Mozilla/5.0 (compatible; AhrefsBot/7.0; +http://ahrefs.com/robot/)"
54.36.148.39 - - [06/May/2022:16:58:39 +0200] "GET /images/big_prod_1/5400924181802B.jpg HTTP/1.0" 200 271 "-" "Mozilla/5.0 (compatible; AhrefsBot/7.0; +http://ahrefs.com/robot/)"
64.62.252.162 - - [06/May/2022:16:58:37 +0200] "GET /vase-soliflore-c-13_232.html HTTP/1.0" 200 90942 "-" "The Knowledge AI"
64.62.252.162 - - [06/May/2022:16:58:50 +0200] "GET /wall-decoration-wood-c-13_274.html HTTP/1.0" 200 93249 "-" "The Knowledge AI"
40.77.167.0 - - [06/May/2022:16:58:56 +0200] "GET /-p-13480.html HTTP/1.0" 200 70808 "-" "Mozilla/5.0 (compatible; bingbot/2.0; +http://www.bing.com/bingbot.htm)"
64.62.252.162 - - [06/May/2022:16:59:02 +0200] "GET /wall-sticker-c-13_187.html HTTP/1.0" 200 94390 "-" "The Knowledge AI"
64.62.252.162 - - [06/May/2022:16:59:15 +0200] "GET /alarms-clocks-c-13_65.html HTTP/1.0" 200 91964 "-" "The Knowledge AI"
157.55.39.101 - - [06/May/2022:16:59:16 +0200] "GET /-p-32738.html HTTP/1.0" 200 70808 "-" "Mozilla/5.0 (compatible; bingbot/2.0; +http://www.bing.com/bingbot.htm)"
185.191.171.37 - - [06/May/2022:16:59:18 +0200] "GET /tiny-town-happy-birthday-decoration-p-53274.html HTTP/1.0" 200 73983 "-" "Mozilla/5.0 (compatible; SemrushBot/7~bl; +http://www.semrush.com/bot.html)"
77.88.5.208 - - [06/May/2022:16:59:18 +0200] "GET /mini-cooper-union-jack-figurine-p-28504.html HTTP/1.0" 200 77292 "-" "Mozilla/5.0 (compatible; YandexBot/3.0; +http://yandex.com/bots)"
54.36.148.243 - - [06/May/2022:16:59:25 +0200] "GET /white-gold-pottery-flower-p-58067.html HTTP/1.0" 301 74388 "-" "Mozilla/5.0 (compatible; AhrefsBot/7.0; +http://ahrefs.com/robot/)"
64.62.252.162 - - [06/May/2022:16:59:27 +0200] "GET /baskets-c-13_289.html HTTP/1.0" 200 90538 "-" "The Knowledge AI"
185.191.171.25 - - [06/May/2022:16:59:30 +0200] "GET /van-gogh-coffee-tumbler-and-spoon-set-p-48227.html HTTP/1.0" 301 70875 "-" "Mozilla/5.0 (compatible; SemrushBot/7~bl; +http://www.semrush.com/bot.html)"
185.191.171.22 - - [06/May/2022:16:59:33 +0200] "GET /-p-48227.html HTTP/1.0" 200 70808 "-" "Mozilla/5.0 (compatible; SemrushBot/7~bl; +http://www.semrush.com/bot.html)"
64.62.252.162 - - [06/May/2022:16:59:40 +0200] "GET /household-linen-c-11.html HTTP/1.0" 200 92793 "-" "The Knowledge AI"
64.62.252.162 - - [06/May/2022:16:59:52 +0200] "GET /aprons-c-11_74.html HTTP/1.0" 200 92517 "-" "The Knowledge AI"
64.62.252.162 - - [06/May/2022:17:00:05 +0200] "GET /bedding-protection-c-11_192.html HTTP/1.0" 200 91203 "-" "The Knowledge AI"
64.62.252.162 - - [06/May/2022:17:00:18 +0200] "GET /boutis-quilt-bedspread-c-11_194.html HTTP/1.0" 200 88502 "-" "The Knowledge AI"
54.36.148.243 - - [06/May/2022:17:00:24 +0200] "GET /specials.php HTTP/1.0" 200 124439 "-" "Mozilla/5.0 (compatible; AhrefsBot/7.0; +http://ahrefs.com/robot/)"
54.36.148.8 - - [06/May/2022:17:00:28 +0200] "GET /images/mini_prod/3585190850071.jpg HTTP/1.0" 200 269 "-" "Mozilla/5.0 (compatible; AhrefsBot/7.0; +http://ahrefs.com/robot/)"
54.36.149.95 - - [06/May/2022:17:00:29 +0200] "GET /images/mini_prod/1399984244142.jpg HTTP/1.0" 200 269 "-" "Mozilla/5.0 (compatible; AhrefsBot/7.0; +http://ahrefs.com/robot/)"
54.36.148.69 - - [06/May/2022:17:00:29 +0200] "GET /images/mini_prod/3700276281802.jpg HTTP/1.0" 200 269 "-" "Mozilla/5.0 (compatible; AhrefsBot/7.0; +http://ahrefs.com/robot/)"
54.36.148.147 - - [06/May/2022:17:00:30 +0200] "GET /images/mini_prod/020507_123955_PEEL_fkZscm.jpg HTTP/1.0" 200 281 "-" "Mozilla/5.0 (compatible; AhrefsBot/7.0; +http://ahrefs.com/robot/)"
54.36.149.44 - - [06/May/2022:17:00:30 +0200] "GET /images/mini_prod/3700276281994050720122.jpg HTTP/1.0" 200 278 "-" "Mozilla/5.0 (compatible; AhrefsBot/7.0; +http://ahrefs.com/robot/)"
54.36.148.30 - - [06/May/2022:17:00:31 +0200] "GET /images/mini_prod/3494157821026.jpg HTTP/1.0" 200 269 "-" "Mozilla/5.0 (compatible; AhrefsBot/7.0; +http://ahrefs.com/robot/)"
54.36.149.40 - - [06/May/2022:17:00:31 +0200] "GET /images/mini_prod/1399984243718.jpg HTTP/1.0" 200 269 "-" "Mozilla/5.0 (compatible; AhrefsBot/7.0; +http://ahrefs.com/robot/)"
54.36.148.41 - - [06/May/2022:17:00:31 +0200] "GET /images/mini_prod/3700276281833050720122.jpg HTTP/1.0" 200 278 "-" "Mozilla/5.0 (compatible; AhrefsBot/7.0; +http://ahrefs.com/robot/)"
54.36.149.12 - - [06/May/2022:17:00:32 +0200] "GET /images/mini_prod/3700276281826050720122.jpg HTTP/1.0" 200 278 "-" "Mozilla/5.0 (compatible; AhrefsBot/7.0; +http://ahrefs.com/robot/)"
64.62.252.162 - - [06/May/2022:17:00:30 +0200] "GET /bread-bags-c-11_179.html HTTP/1.0" 200 81317 "-" "The Knowledge AI"
54.36.149.19 - - [06/May/2022:17:00:32 +0200] "GET /images/table_background_specials.gif HTTP/1.0" 200 1094 "-" "Mozilla/5.0 (compatible; AhrefsBot/7.0; +http://ahrefs.com/robot/)"
54.36.149.16 - - [06/May/2022:17:00:32 +0200] "GET /images/mini_prod/3700276281796.jpg HTTP/1.0" 200 269 "-" "Mozilla/5.0 (compatible; AhrefsBot/7.0; +http://ahrefs.com/robot/)"
54.36.148.150 - - [06/May/2022:17:00:33 +0200] "GET /images/mini_prod/3585190850064.jpg HTTP/1.0" 200 269 "-" "Mozilla/5.0 (compatible; AhrefsBot/7.0; +http://ahrefs.com/robot/)"
54.36.148.87 - - [06/May/2022:17:00:33 +0200] "GET /images/mini_prod/1399984243404.jpg HTTP/1.0" 200 269 "-" "Mozilla/5.0 (compatible; AhrefsBot/7.0; +http://ahrefs.com/robot/)"
185.191.171.42 - - [06/May/2022:17:00:31 +0200] "GET /flower-aged-ceramic-yellow-p-57659.html HTTP/1.0" 200 74130 "-" "Mozilla/5.0 (compatible; SemrushBot/7~bl; +http://www.semrush.com/bot.html)"
157.55.39.105 - - [06/May/2022:17:00:32 +0200] "GET /-p-29842.html HTTP/1.0" 200 70808 "-" "Mozilla/5.0 (compatible; bingbot/2.0; +http://www.bing.com/bingbot.htm)"
54.36.148.207 - - [06/May/2022:17:00:34 +0200] "GET /images/mini_prod/8029759070555.jpg HTTP/1.0" 200 269 "-" "Mozilla/5.0 (compatible; AhrefsBot/7.0; +http://ahrefs.com/robot/)"
54.36.149.104 - - [06/May/2022:17:00:34 +0200] "GET /images/mini_prod/3700276281758050720122.jpg HTTP/1.0" 200 278 "-" "Mozilla/5.0 (compatible; AhrefsBot/7.0; +http://ahrefs.com/robot/)"
77.88.5.237 - - [06/May/2022:17:00:36 +0200] "GET /corona-rectangular-mirror-p-18065.html HTTP/1.0" 200 70898 "-" "Mozilla/5.0 (compatible; YandexBot/3.0; +http://yandex.com/bots)"
64.62.252.162 - - [06/May/2022:17:00:43 +0200] "GET /chairs-cushion-c-11_165.html HTTP/1.0" 200 91548 "-" "The Knowledge AI"
185.191.171.38 - - [06/May/2022:17:00:56 +0200] "GET /orange-kimmidoll-cardboard-boxe-small-p-47962.html?action=add_product HTTP/1.0" 302 476 "-" "Mozilla/5.0 (compatible; SemrushBot/7~bl; +http://www.semrush.com/bot.html)"
54.36.148.243 - - [06/May/2022:17:01:18 +0200] "GET /white-metal-umbrella-stand-p-57884.html HTTP/1.0" 200 74109 "-" "Mozilla/5.0 (compatible; AhrefsBot/7.0; +http://ahrefs.com/robot/)"
157.55.39.105 - - [06/May/2022:17:01:31 +0200] "GET /bolster-case-blue-p-44234.html HTTP/1.0" 200 74294 "-" "Mozilla/5.0 (compatible; bingbot/2.0; +http://www.bing.com/bingbot.htm)"
64.62.252.162 - - [06/May/2022:17:01:58 +0200] "GET /curtains-lace-curtains-c-11_69.html HTTP/1.0" 200 90192 "-" "The Knowledge AI"
40.77.167.13 - - [06/May/2022:17:02:00 +0200] "GET /-p-48146.html HTTP/1.0" 200 70808 "-" "Mozilla/5.0 (compatible; bingbot/2.0; +http://www.bing.com/bingbot.htm)"
54.36.148.243 - - [06/May/2022:17:02:08 +0200] "GET /coconut-fibers-doormat-home-p-57878.html HTTP/1.0" 200 74587 "-" "Mozilla/5.0 (compatible; AhrefsBot/7.0; +http://ahrefs.com/robot/)"
64.62.252.162 - - [06/May/2022:17:02:10 +0200] "GET /cushion-headboard-c-11_173.html HTTP/1.0" 200 88359 "-" "The Knowledge AI"
64.62.252.162 - - [06/May/2022:17:02:22 +0200] "GET /cushions-c-11_71.html HTTP/1.0" 200 90845 "-" "The Knowledge AI"
64.62.252.162 - - [06/May/2022:17:02:34 +0200] "GET /cushion-covers-c-11_71_284.html HTTP/1.0" 200 90421 "-" "The Knowledge AI"
64.62.252.162 - - [06/May/2022:17:02:46 +0200] "GET /cushions-c-11_71_283.html HTTP/1.0" 200 92206 "-" "The Knowledge AI"
64.62.252.162 - - [06/May/2022:17:02:59 +0200] "GET /duvet-cover-c-11_195.html HTTP/1.0" 200 91979 "-" "The Knowledge AI"
54.36.148.243 - - [06/May/2022:17:03:04 +0200] "GET /adaptable-decorative-caps-c-12_249.html HTTP/1.0" 200 79432 "-" "Mozilla/5.0 (compatible; AhrefsBot/7.0; +http://ahrefs.com/robot/)"
185.191.171.39 - - [06/May/2022:17:03:13 +0200] "GET /louis-philippe-wallpaper-cushion-p-16234.html HTTP/1.0" 200 74197 "-" "Mozilla/5.0 (compatible; SemrushBot/7~bl; +http://www.semrush.com/bot.html)"
64.62.252.162 - - [06/May/2022:17:03:13 +0200] "GET /fitted-sheet-c-11_193.html HTTP/1.0" 200 91398 "-" "The Knowledge AI"
77.88.5.208 - - [06/May/2022:17:03:20 +0200] "GET /windchime-wood-five-chimes-p-43514.html HTTP/1.0" 200 74106 "-" "Mozilla/5.0 (compatible; YandexBot/3.0; +http://yandex.com/bots)"
66.249.64.152 - - [06/May/2022:17:03:23 +0200] "GET /van-gogh-terrasse-du-caf-le-soir-little-bag-cord-made-in-france-p-47444.html HTTP/1.0" 301 74003 "-" "Mozilla/5.0 (Linux; Android 6.0.1; Nexus 5X Build/MMB29P) AppleWebKit/537.36 (KHTML, like Gecko) Chrome/100.0.4896.127 Mobile Safari/537.36 (compatible; Googlebot/2.1; +http://www.google.com/bot.html)"
51.68.224.127 - - [06/May/2022:17:03:25 +0200] "GET /adminweb/export_orders_xml.php?token=256de2z6edz6ed2z6DFSFsed2zed6zeDSFDSGdzedezfzf&maxorders=10&orderstart=1&status=14&start_date=2018-10-01 HTTP/1.0" 200 285 "-" "GesCom CharlotteBoutik Serveur"
66.249.64.146 - - [06/May/2022:17:03:24 +0200] "GET /gogh-terrasse-soir-little-cord-made-france-p-47444.html HTTP/1.0" 200 73894 "-" "Mozilla/5.0 (Linux; Android 6.0.1; Nexus 5X Build/MMB29P) AppleWebKit/537.36 (KHTML, like Gecko) Chrome/100.0.4896.127 Mobile Safari/537.36 (compatible; Googlebot/2.1; +http://www.google.com/bot.html)"
51.68.224.127 - - [06/May/2022:17:03:26 +0200] "GET /adminweb/export_orders_xml.php?token=256de2z6edz6ed2z6DFSFsed2zed6zeDSFDSGdzedezfzf&maxorders=10&orderstart=1&status=6&start_date=2018-10-01 HTTP/1.0" 200 32798 "-" "GesCom CharlotteBoutik Serveur"
64.62.252.162 - - [06/May/2022:17:03:27 +0200] "GET /floor-cushions-c-11_182.html HTTP/1.0" 200 91671 "-" "The Knowledge AI"
64.62.252.162 - - [06/May/2022:17:03:39 +0200] "GET /kitchen-gloves-potholders-c-11_178.html HTTP/1.0" 200 90492 "-" "The Knowledge AI"
64.62.252.162 - - [06/May/2022:17:03:51 +0200] "GET /mattress-cover-c-11_197.html HTTP/1.0" 200 89251 "-" "The Knowledge AI"
64.62.252.162 - - [06/May/2022:17:04:04 +0200] "GET /napkins-c-11_285.html HTTP/1.0" 200 81777 "-" "The Knowledge AI"
40.77.167.0 - - [06/May/2022:17:04:05 +0200] "GET /-p-30746.html HTTP/1.0" 200 70808 "-" "Mozilla/5.0 (compatible; bingbot/2.0; +http://www.bing.com/bingbot.htm)"
54.36.148.243 - - [06/May/2022:17:04:05 +0200] "GET /removable-cushion-polar-fleece-p-57907.html HTTP/1.0" 200 74367 "-" "Mozilla/5.0 (compatible; AhrefsBot/7.0; +http://ahrefs.com/robot/)"
64.62.252.162 - - [06/May/2022:17:04:16 +0200] "GET /pillow-protector-bolster-protector-c-11_276.html HTTP/1.0" 200 83877 "-" "The Knowledge AI"
64.62.252.162 - - [06/May/2022:17:04:28 +0200] "GET /pillow-bolster-c-11_199.html HTTP/1.0" 200 83392 "-" "The Knowledge AI"
66.249.64.152 - - [06/May/2022:17:04:38 +0200] "GET /images/mini_prod/3700281652666.jpg HTTP/1.0" 200 269 "-" "Googlebot-Image/1.0"
64.62.252.162 - - [06/May/2022:17:04:40 +0200] "GET /pillowcases-bolstercases-c-11_166.html HTTP/1.0" 200 90832 "-" "The Knowledge AI"
64.62.252.162 - - [06/May/2022:17:04:53 +0200] "GET /polar-blankets-blankets-c-11_73.html HTTP/1.0" 200 92047 "-" "The Knowledge AI"
54.36.148.243 - - [06/May/2022:17:04:56 +0200] "GET /vanua-cotton-basket-planter-p-57833.html HTTP/1.0" 200 74325 "-" "Mozilla/5.0 (compatible; AhrefsBot/7.0; +http://ahrefs.com/robot/)"
5.164.196.127 - - [06/May/2022:17:05:02 +0200] "GET /images/mini_prod/8435306269776.jpg HTTP/1.0" 200 269 "-" "Mozilla/5.0 (X11; Ubuntu; Linux x86_64; rv:72.0) Gecko/20100101 Firefox/72.0"
64.62.252.162 - - [06/May/2022:17:05:06 +0200] "GET /poncho-towels-bathrobes-c-11_72.html HTTP/1.0" 200 80238 "-" "The Knowledge AI"
64.62.252.162 - - [06/May/2022:17:05:18 +0200] "GET /linen-c-11_68.html HTTP/1.0" 200 92055 "-" "The Knowledge AI"
185.191.171.41 - - [06/May/2022:17:05:26 +0200] "GET /pepe-jeans-gray-traveling-p-41321.html HTTP/1.0" 200 73791 "-" "Mozilla/5.0 (compatible; SemrushBot/7~bl; +http://www.semrush.com/bot.html)"
64.62.252.162 - - [06/May/2022:17:05:30 +0200] "GET /shower-curtain-c-11_168.html HTTP/1.0" 200 90474 "-" "The Knowledge AI"
157.55.39.105 - - [06/May/2022:17:05:31 +0200] "GET /-p-32726.html HTTP/1.0" 200 70808 "-" "Mozilla/5.0 (compatible; bingbot/2.0; +http://www.bing.com/bingbot.htm)"
77.88.5.208 - - [06/May/2022:17:05:32 +0200] "GET /barbapapa-kids-school-p-26518.html HTTP/1.0" 200 70890 "-" "Mozilla/5.0 (compatible; YandexBot/3.0; +http://yandex.com/bots)"
64.62.252.162 - - [06/May/2022:17:05:44 +0200] "GET /tablecloths-c-11_176.html HTTP/1.0" 200 91963 "-" "The Knowledge AI"
54.36.148.243 - - [06/May/2022:17:05:51 +0200] "GET /jigsaws-c-4_144.html HTTP/1.0" 200 79816 "-" "Mozilla/5.0 (compatible; AhrefsBot/7.0; +http://ahrefs.com/robot/)"
185.191.171.45 - - [06/May/2022:17:05:54 +0200] "GET /brave-mrida-straw-glass-p-17158.html HTTP/1.0" 200 73634 "-" "Mozilla/5.0 (compatible; SemrushBot/7~bl; +http://www.semrush.com/bot.html)"
64.62.252.162 - - [06/May/2022:17:05:57 +0200] "GET /towels-napkins-c-11_177.html HTTP/1.0" 200 93064 "-" "The Knowledge AI"
185.191.171.11 - - [06/May/2022:17:06:02 +0200] "GET /birdcage-tealight-metal-p-31499.html?action=add_product HTTP/1.0" 302 476 "-" "Mozilla/5.0 (compatible; SemrushBot/7~bl; +http://www.semrush.com/bot.html)"
64.62.252.162 - - [06/May/2022:17:06:09 +0200] "GET /rugs-c-11_269.html HTTP/1.0" 200 92555 "-" "The Knowledge AI"
64.62.252.162 - - [06/May/2022:17:06:23 +0200] "GET /bath-c-11_269_267.html HTTP/1.0" 200 86460 "-" "The Knowledge AI"
64.62.252.162 - - [06/May/2022:17:06:35 +0200] "GET /decorative-carpets-c-11_269_167.html HTTP/1.0" 200 91598 "-" "The Knowledge AI"
54.36.148.243 - - [06/May/2022:17:06:42 +0200] "GET /baskets-c-13_289.html HTTP/1.0" 200 90538 "-" "Mozilla/5.0 (compatible; AhrefsBot/7.0; +http://ahrefs.com/robot/)"
64.62.252.162 - - [06/May/2022:17:06:48 +0200] "GET /doormats-entrance-carpets-c-11_269_266.html HTTP/1.0" 200 91838 "-" "The Knowledge AI"
64.62.252.162 - - [06/May/2022:17:07:00 +0200] "GET /yoga-c-11_269_268.html HTTP/1.0" 200 84255 "-" "The Knowledge AI"
47.88.56.224 - - [06/May/2022:17:07:11 +0200] "GET /images/mini_prod/3700653511607.jpg HTTP/1.0" 200 269 "-" "Mozilla/5.0 (X11; Ubuntu; Linux x86_64; rv:72.0) Gecko/20100101 Firefox/72.0"
64.62.252.162 - - [06/May/2022:17:07:13 +0200] "GET /towel-bath-towels-c-11_70.html HTTP/1.0" 200 91020 "-" "The Knowledge AI"
185.191.171.14 - - [06/May/2022:17:07:14 +0200] "GET /venetian-mural-mask-il-gioiello-p-50851.html HTTP/1.0" 301 74788 "-" "Mozilla/5.0 (compatible; SemrushBot/7~bl; +http://www.semrush.com/bot.html)"
185.191.171.22 - - [06/May/2022:17:07:18 +0200] "GET /venetian-mural-mask-gioiello-p-50851.html HTTP/1.0" 200 74693 "-" "Mozilla/5.0 (compatible; SemrushBot/7~bl; +http://www.semrush.com/bot.html)"
77.88.5.208 - - [06/May/2022:17:07:22 +0200] "GET /kimmidoll-brush-p-42415.html HTTP/1.0" 200 73437 "-" "Mozilla/5.0 (compatible; YandexBot/3.0; +http://yandex.com/bots)"
64.62.252.162 - - [06/May/2022:17:07:25 +0200] "GET /lighting-c-86.html HTTP/1.0" 200 91412 "-" "The Knowledge AI"
64.62.252.162 - - [06/May/2022:17:07:37 +0200] "GET /bulbs-c-86_287.html HTTP/1.0" 200 78195 "-" "The Knowledge AI"
64.62.252.162 - - [06/May/2022:17:07:49 +0200] "GET /chandeliers-suspensions-c-86_280.html HTTP/1.0" 200 90691 "-" "The Knowledge AI"
47.254.23.237 - - [06/May/2022:17:07:58 +0200] "GET /images/mini_prod/3418175549014.jpg HTTP/1.0" 200 269 "-" "Mozilla/5.0 (X11; Ubuntu; Linux x86_64; rv:72.0) Gecko/20100101 Firefox/72.0"
77.88.5.208 - - [06/May/2022:17:08:00 +0200] "GET / HTTP/1.0" 200 151884 "-" "Mozilla/5.0 (compatible; YandexBot/3.0; +http://yandex.com/bots)"
77.88.5.208 - - [06/May/2022:17:08:03 +0200] "GET /partys-decoration-c-12_51.html HTTP/1.0" 200 69779 "-" "Mozilla/5.0 (compatible; YandexBot/3.0; +http://yandex.com/bots)"
77.88.5.237 - - [06/May/2022:17:08:05 +0200] "GET /js/jquery.masonry.min.js HTTP/1.0" 200 264 "-" "Mozilla/5.0 (compatible; YandexBot/3.0; +http://yandex.com/bots)"
77.88.5.208 - - [06/May/2022:17:08:06 +0200] "GET /js/modernizr-transitions.js HTTP/1.0" 200 267 "-" "Mozilla/5.0 (compatible; YandexBot/3.0; +http://yandex.com/bots)"
77.88.5.237 - - [06/May/2022:17:08:08 +0200] "GET /js/jquery.min.js HTTP/1.0" 404 1308 "-" "Mozilla/5.0 (compatible; YandexBot/3.0; +http://yandex.com/bots)"
185.191.171.24 - - [06/May/2022:17:08:08 +0200] "GET /bodega-oven-mitt-p-51439.html HTTP/1.0" 200 73440 "-" "Mozilla/5.0 (compatible; SemrushBot/7~bl; +http://www.semrush.com/bot.html)"
207.46.13.182 - - [06/May/2022:17:08:24 +0200] "GET /-p-25054.html HTTP/1.0" 200 70808 "-" "Mozilla/5.0 (compatible; bingbot/2.0; +http://www.bing.com/bingbot.htm)"
40.77.167.0 - - [06/May/2022:17:08:37 +0200] "GET /ferrari-f50-race-and-play-124-red-p-37809.html HTTP/1.0" 301 70875 "-" "Mozilla/5.0 (compatible; bingbot/2.0; +http://www.bing.com/bingbot.htm)"
77.88.5.208 - - [06/May/2022:17:08:41 +0200] "GET /mondial_relay/js/jquery-1.3.2.min.js HTTP/1.0" 200 276 "http://www.wonder-geek.com/" "Mozilla/5.0 (compatible; YandexBot/3.0; +http://yandex.com/bots) AppleWebKit/537.36 (KHTML, like Gecko) Chrome/81.0.4044.268"
77.88.5.237 - - [06/May/2022:17:08:42 +0200] "GET /js/jquery.jqzoom.js HTTP/1.0" 200 259 "http://www.wonder-geek.com/" "Mozilla/5.0 (compatible; YandexBot/3.0; +http://yandex.com/bots) AppleWebKit/537.36 (KHTML, like Gecko) Chrome/81.0.4044.268"
77.88.5.208 - - [06/May/2022:17:08:44 +0200] "GET /highslide/highslide.js HTTP/1.0" 200 262 "http://www.wonder-geek.com/" "Mozilla/5.0 (compatible; YandexBot/3.0; +http://yandex.com/bots) AppleWebKit/537.36 (KHTML, like Gecko) Chrome/81.0.4044.268"
77.88.5.237 - - [06/May/2022:17:08:45 +0200] "GET /js/jquery.js HTTP/1.0" 200 252 "http://www.wonder-geek.com/" "Mozilla/5.0 (compatible; YandexBot/3.0; +http://yandex.com/bots) AppleWebKit/537.36 (KHTML, like Gecko) Chrome/81.0.4044.268"
77.88.5.208 - - [06/May/2022:17:08:49 +0200] "GET /swfobject.js HTTP/1.0" 404 1308 "http://www.wonder-geek.com/" "Mozilla/5.0 (compatible; YandexBot/3.0; +http://yandex.com/bots) AppleWebKit/537.36 (KHTML, like Gecko) Chrome/81.0.4044.268"
157.55.39.105 - - [06/May/2022:17:08:51 +0200] "GET /-p-30280.html HTTP/1.0" 200 70808 "-" "Mozilla/5.0 (compatible; bingbot/2.0; +http://www.bing.com/bingbot.htm)"
64.62.252.162 - - [06/May/2022:17:08:57 +0200] "GET /fairy-lights-c-86_279.html HTTP/1.0" 200 86476 "-" "The Knowledge AI"
185.191.171.6 - - [06/May/2022:17:08:58 +0200] "GET /sticker-windows-chakra-p-48349.html HTTP/1.0" 200 73508 "-" "Mozilla/5.0 (compatible; SemrushBot/7~bl; +http://www.semrush.com/bot.html)"
64.62.252.162 - - [06/May/2022:17:09:10 +0200] "GET /illuminated-decorations-c-86_282.html HTTP/1.0" 200 87059 "-" "The Knowledge AI"
64.62.252.162 - - [06/May/2022:17:09:22 +0200] "GET /lampshades-c-86_277.html HTTP/1.0" 200 89112 "-" "The Knowledge AI"
40.77.167.0 - - [06/May/2022:17:09:26 +0200] "GET /decorations-and-furnishings/marilyn-monroe-ashtray-p-8885.html HTTP/1.0" 301 70995 "-" "Mozilla/5.0 (compatible; bingbot/2.0; +http://www.bing.com/bingbot.htm)"
185.191.171.5 - - [06/May/2022:17:09:27 +0200] "GET /home-decoration-c-13.html?page=81 HTTP/1.0" 200 92877 "-" "Mozilla/5.0 (compatible; SemrushBot/7~bl; +http://www.semrush.com/bot.html)"
64.62.252.162 - - [06/May/2022:17:09:34 +0200] "GET /night-lights-c-86_278.html HTTP/1.0" 200 92710 "-" "The Knowledge AI"
64.62.252.162 - - [06/May/2022:17:09:47 +0200] "GET /table-lamps-c-86_286.html HTTP/1.0" 200 93539 "-" "The Knowledge AI"
147.92.153.18 - - [06/May/2022:17:09:51 +0200] "GET /porcelain-with-infuser-cement-tiles-p-58106.html HTTP/1.0" 200 73562 "-" "Mozilla/5.0 (compatible; Linespider/1.1; +https://lin.ee/4dwXkTH)"
64.62.252.162 - - [06/May/2022:17:09:59 +0200] "GET /wall-lights-c-86_281.html HTTP/1.0" 200 80748 "-" "The Knowledge AI"
40.77.167.13 - - [06/May/2022:17:10:01 +0200] "GET /-p-29875.html HTTP/1.0" 200 70808 "-" "Mozilla/5.0 (compatible; bingbot/2.0; +http://www.bing.com/bingbot.htm)"
157.55.39.105 - - [06/May/2022:17:10:01 +0200] "GET /-p-15919.html HTTP/1.0" 200 70808 "-" "Mozilla/5.0 (compatible; bingbot/2.0; +http://www.bing.com/bingbot.htm)"
64.62.252.162 - - [06/May/2022:17:10:11 +0200] "GET /luggages-schoolbags-leather-shop-c-31.html HTTP/1.0" 200 92811 "-" "The Knowledge AI"
64.62.252.162 - - [06/May/2022:17:10:23 +0200] "GET /backpacks-c-31_77.html HTTP/1.0" 200 94425 "-" "The Knowledge AI"
64.62.252.162 - - [06/May/2022:17:10:36 +0200] "GET /hung-mirrors-c-31_258.html HTTP/1.0" 200 90886 "-" "The Knowledge AI"
64.62.252.162 - - [06/May/2022:17:10:48 +0200] "GET /bagshandbags-shoulder-bags-c-31_81.html HTTP/1.0" 200 97132 "-" "The Knowledge AI"
185.191.171.39 - - [06/May/2022:17:10:50 +0200] "GET /dishes-c-13_12.html?page=132 HTTP/1.0" 200 94875 "-" "Mozilla/5.0 (compatible; SemrushBot/7~bl; +http://www.semrush.com/bot.html)"
192.0.101.11 - - [06/May/2022:17:10:58 +0200] "GET /images/big_prod/1304038301221.jpg HTTP/1.0" 200 268 "-" "Photon/1.0"
185.191.171.41 - - [06/May/2022:17:11:00 +0200] "GET /large-candle-hours-dawn-mist-p-53886.html?action=add_product HTTP/1.0" 302 476 "-" "Mozilla/5.0 (compatible; SemrushBot/7~bl; +http://www.semrush.com/bot.html)"
64.62.252.162 - - [06/May/2022:17:11:00 +0200] "GET /card-holders-passport-cases-c-31_236.html HTTP/1.0" 200 91642 "-" "The Knowledge AI"
77.88.5.208 - - [06/May/2022:17:11:03 +0200] "GET /robots.txt HTTP/1.0" 200 245 "-" "Mozilla/5.0 (compatible; YandexBot/3.0; +http://yandex.com/bots)"
114.119.137.45 - - [06/May/2022:17:11:05 +0200] "GET /images/big_prod/3700572753157B.jpg HTTP/1.0" 200 269 "-" "Mozilla/5.0 (Linux; Android 7.0;) AppleWebKit/537.36 (KHTML, like Gecko) Mobile Safari/537.36 (compatible; PetalBot;+https://webmaster.petalsearch.com/site/petalbot)"
77.88.5.208 - - [06/May/2022:17:11:07 +0200] "GET /small-baby-teeth-p-57830.html HTTP/1.0" 200 74155 "-" "Mozilla/5.0 (compatible; YandexBot/3.0; +http://yandex.com/bots)"
185.191.171.9 - - [06/May/2022:17:11:08 +0200] "GET /alarm-clock-induction-charger-bubble-p-51765.html?action=add_product HTTP/1.0" 302 476 "-" "Mozilla/5.0 (compatible; SemrushBot/7~bl; +http://www.semrush.com/bot.html)"
64.62.252.162 - - [06/May/2022:17:11:13 +0200] "GET /companion-wallet-c-31_238.html HTTP/1.0" 200 91477 "-" "The Knowledge AI"
185.191.171.13 - - [06/May/2022:17:11:16 +0200] "GET /plush-black-angel-horse-miss-melody-25-cm-p-36842.html HTTP/1.0" 301 71056 "-" "Mozilla/5.0 (compatible; SemrushBot/7~bl; +http://www.semrush.com/bot.html)"
185.191.171.2 - - [06/May/2022:17:11:19 +0200] "GET /plush-black-angel-horse-miss-melody-p-36842.html HTTP/1.0" 200 70954 "-" "Mozilla/5.0 (compatible; SemrushBot/7~bl; +http://www.semrush.com/bot.html)"
64.62.252.162 - - [06/May/2022:17:11:25 +0200] "GET /computer-briefcase-c-31_82.html HTTP/1.0" 200 84593 "-" "The Knowledge AI"
64.62.252.162 - - [06/May/2022:17:11:38 +0200] "GET /cosmetic-bags-flat-purse-c-31_239.html HTTP/1.0" 200 95776 "-" "The Knowledge AI"
157.55.39.101 - - [06/May/2022:17:11:47 +0200] "GET /lentil-case-p-47533.html HTTP/1.0" 200 70842 "-" "Mozilla/5.0 (compatible; bingbot/2.0; +http://www.bing.com/bingbot.htm)"
64.62.252.162 - - [06/May/2022:17:11:50 +0200] "GET /keyrings-c-31_52.html HTTP/1.0" 200 94552 "-" "The Knowledge AI"
216.244.66.242 - - [06/May/2022:17:12:00 +0200] "GET /coasters-c-12_157.html?page=8 HTTP/1.0" 200 95052 "-" "Mozilla/5.0 (compatible; DotBot/1.2; +https://opensiteexplorer.org/dotbot; help@moz.com)"
64.62.252.162 - - [06/May/2022:17:12:03 +0200] "GET /kids-school-c-31_80.html HTTP/1.0" 200 90811 "-" "The Knowledge AI"
64.62.252.162 - - [06/May/2022:17:12:15 +0200] "GET /manicure-articles-c-31_204.html HTTP/1.0" 200 90046 "-" "The Knowledge AI"
114.119.137.45 - - [06/May/2022:17:12:23 +0200] "GET /images/big_prod_1/3700281653755B.jpg HTTP/1.0" 200 271 "-" "Mozilla/5.0 (Linux; Android 7.0;) AppleWebKit/537.36 (KHTML, like Gecko) Mobile Safari/537.36 (compatible; PetalBot;+https://webmaster.petalsearch.com/site/petalbot)"
54.36.148.243 - - [06/May/2022:17:12:23 +0200] "GET / HTTP/1.0" 200 151148 "-" "Mozilla/5.0 (compatible; AhrefsBot/7.0; +http://ahrefs.com/robot/)"
64.62.252.162 - - [06/May/2022:17:12:28 +0200] "GET /pencil-case-c-31_75.html HTTP/1.0" 200 94758 "-" "The Knowledge AI"
185.191.171.1 - - [06/May/2022:17:12:36 +0200] "GET /-p-43662.html?action=add_product HTTP/1.0" 302 476 "-" "Mozilla/5.0 (compatible; SemrushBot/7~bl; +http://www.semrush.com/bot.html)"
64.62.252.162 - - [06/May/2022:17:12:40 +0200] "GET /purse-wallet-c-31_76.html HTTP/1.0" 200 91513 "-" "The Knowledge AI"
77.88.5.208 - - [06/May/2022:17:12:42 +0200] "GET /lampshades-c-86_277.html HTTP/1.0" 200 89112 "-" "Mozilla/5.0 (compatible; YandexBot/3.0; +http://yandex.com/bots)"
66.249.64.158 - - [06/May/2022:17:12:45 +0200] "GET /array-m-7.html?page=2 HTTP/1.0" 200 86875 "-" "Mozilla/5.0 (Linux; Android 6.0.1; Nexus 5X Build/MMB29P) AppleWebKit/537.36 (KHTML, like Gecko) Chrome/100.0.4896.127 Mobile Safari/537.36 (compatible; Googlebot/2.1; +http://www.google.com/bot.html)"
77.88.5.208 - - [06/May/2022:17:12:45 +0200] "GET /childrens-beds-c-13_210.html HTTP/1.0" 200 76387 "-" "Mozilla/5.0 (compatible; YandexBot/3.0; +http://yandex.com/bots)"
77.88.5.208 - - [06/May/2022:17:12:49 +0200] "GET /infuser-rest-c-12_247.html HTTP/1.0" 200 89720 "-" "Mozilla/5.0 (compatible; YandexBot/3.0; +http://yandex.com/bots)"
64.62.252.162 - - [06/May/2022:17:12:53 +0200] "GET /school-trolley-c-31_169.html HTTP/1.0" 200 81597 "-" "The Knowledge AI"
40.77.167.13 - - [06/May/2022:17:13:02 +0200] "GET /cccp-large-cabas-p-39395.html HTTP/1.0" 200 73450 "-" "Mozilla/5.0 (compatible; bingbot/2.0; +http://www.bing.com/bingbot.htm)"
185.191.171.38 - - [06/May/2022:17:13:06 +0200] "GET /monet-candle-holders-p-53530.html?action=add_product HTTP/1.0" 302 476 "-" "Mozilla/5.0 (compatible; SemrushBot/7~bl; +http://www.semrush.com/bot.html)"
64.62.252.162 - - [06/May/2022:17:13:05 +0200] "GET /snack-cooler-c-31_235.html HTTP/1.0" 200 91311 "-" "The Knowledge AI"
23.100.232.233 - - [06/May/2022:17:13:12 +0200] "GET /decorations-and-furnishings/furnishings/winnie-the-pooh-table-p-12787.html HTTP/1.0" 301 659 "-" "Mozilla/5.0 (compatible; MSIE 9.0; Windows NT 6.0; Trident/5.0;  Trident/5.0)"
23.100.232.233 - - [06/May/2022:17:13:12 +0200] "GET /decorations-and-furnishings/furnishings/winnie-the-pooh-table-p-12787.html HTTP/1.0" 301 70875 "-" "Mozilla/5.0 (compatible; MSIE 9.0; Windows NT 6.0; Trident/5.0;  Trident/5.0)"
23.100.232.233 - - [06/May/2022:17:13:14 +0200] "GET /-p-12787.html HTTP/1.0" 200 70808 "-" "Mozilla/5.0 (compatible; MSIE 9.0; Windows NT 6.0; Trident/5.0;  Trident/5.0)"
23.100.232.233 - - [06/May/2022:17:13:16 +0200] "GET /templates/Pixame_v1/stylesheet.css HTTP/1.0" 200 267 "http://www.wonder-geek.com/-p-12787.html" "Mozilla/5.0 (compatible; MSIE 9.0; Windows NT 6.0; Trident/5.0;  Trident/5.0)"
23.100.232.233 - - [06/May/2022:17:13:16 +0200] "GET /highslide/highslide.js HTTP/1.0" 200 262 "http://www.wonder-geek.com/-p-12787.html" "Mozilla/5.0 (compatible; MSIE 9.0; Windows NT 6.0; Trident/5.0;  Trident/5.0)"
23.100.232.233 - - [06/May/2022:17:13:16 +0200] "GET /js/jquery.js HTTP/1.0" 200 252 "http://www.wonder-geek.com/-p-12787.html" "Mozilla/5.0 (compatible; MSIE 9.0; Windows NT 6.0; Trident/5.0;  Trident/5.0)"
23.100.232.233 - - [06/May/2022:17:13:16 +0200] "GET /js/jquery.jqzoom.js HTTP/1.0" 200 259 "http://www.wonder-geek.com/-p-12787.html" "Mozilla/5.0 (compatible; MSIE 9.0; Windows NT 6.0; Trident/5.0;  Trident/5.0)"
23.100.232.233 - - [06/May/2022:17:13:16 +0200] "GET /mondial_relay/js/jquery-1.3.2.min.js HTTP/1.0" 200 276 "http://www.wonder-geek.com/-p-12787.html" "Mozilla/5.0 (compatible; MSIE 9.0; Windows NT 6.0; Trident/5.0;  Trident/5.0)"
23.100.232.233 - - [06/May/2022:17:13:16 +0200] "GET /swfobject.js HTTP/1.0" 404 1308 "http://www.wonder-geek.com/-p-12787.html" "Mozilla/5.0 (compatible; MSIE 9.0; Windows NT 6.0; Trident/5.0;  Trident/5.0)"
23.100.232.233 - - [06/May/2022:17:13:16 +0200] "GET /style.ie7.css HTTP/1.0" 404 1308 "http://www.wonder-geek.com/-p-12787.html" "Mozilla/5.0 (compatible; MSIE 9.0; Windows NT 6.0; Trident/5.0;  Trident/5.0)"
23.100.232.233 - - [06/May/2022:17:13:17 +0200] "GET /templates/Pixame_v1/images/flash.swf HTTP/1.0" 200 290 "http://www.wonder-geek.com/-p-12787.html" "Mozilla/5.0 (compatible; MSIE 9.0; Windows NT 6.0; Trident/5.0;  Trident/5.0)"
23.100.232.233 - - [06/May/2022:17:13:17 +0200] "GET /highslide/graphics/zoomout.cur HTTP/1.0" 200 614 "http://www.wonder-geek.com/-p-12787.html" "Mozilla/5.0 (compatible; MSIE 9.0; Windows NT 6.0; Trident/5.0;  Trident/5.0)"
64.62.252.162 - - [06/May/2022:17:13:17 +0200] "GET /suitcaselittle-suitcase-trolley-c-31_79.html HTTP/1.0" 200 78391 "-" "The Knowledge AI"
54.36.148.243 - - [06/May/2022:17:13:24 +0200] "GET /cushion-cover-leaf-p-49954.html HTTP/1.0" 200 73661 "-" "Mozilla/5.0 (compatible; AhrefsBot/7.0; +http://ahrefs.com/robot/)"
54.36.148.149 - - [06/May/2022:17:13:26 +0200] "GET /images/big_prod/3609810071711.jpg HTTP/1.0" 200 268 "-" "Mozilla/5.0 (compatible; AhrefsBot/7.0; +http://ahrefs.com/robot/)"
64.62.252.162 - - [06/May/2022:17:13:30 +0200] "GET /umbrellas-c-31_16.html HTTP/1.0" 200 91928 "-" "The Knowledge AI"
185.191.171.4 - - [06/May/2022:17:13:32 +0200] "GET /mickey-figurine-collection-august-p-24330.html HTTP/1.0" 301 70875 "-" "Mozilla/5.0 (compatible; SemrushBot/7~bl; +http://www.semrush.com/bot.html)"
185.191.171.35 - - [06/May/2022:17:13:35 +0200] "GET /-p-24330.html HTTP/1.0" 200 70808 "-" "Mozilla/5.0 (compatible; SemrushBot/7~bl; +http://www.semrush.com/bot.html)"
64.62.252.162 - - [06/May/2022:17:13:42 +0200] "GET /vanity-beauty-bags-c-31_78.html HTTP/1.0" 200 80858 "-" "The Knowledge AI"
114.119.137.3 - - [06/May/2022:17:13:48 +0200] "GET /images/big_prod_1/8422015320317B.jpg HTTP/1.0" 200 271 "-" "Mozilla/5.0 (Linux; Android 7.0;) AppleWebKit/537.36 (KHTML, like Gecko) Mobile Safari/537.36 (compatible; PetalBot;+https://webmaster.petalsearch.com/site/petalbot)"
64.62.252.162 - - [06/May/2022:17:13:54 +0200] "GET /wallet-c-31_237.html HTTP/1.0" 200 91920 "-" "The Knowledge AI"
185.191.171.20 - - [06/May/2022:17:14:00 +0200] "GET /freshener-heart-home-sweet-p-40565.html?action=add_product HTTP/1.0" 302 476 "-" "Mozilla/5.0 (compatible; SemrushBot/7~bl; +http://www.semrush.com/bot.html)"
54.36.148.243 - - [06/May/2022:17:14:02 +0200] "GET /shells-wall-sticker-p-36150.html HTTP/1.0" 200 74117 "-" "Mozilla/5.0 (compatible; AhrefsBot/7.0; +http://ahrefs.com/robot/)"
64.62.252.162 - - [06/May/2022:17:14:07 +0200] "GET /glasses-case-c-31_164.html HTTP/1.0" 200 90916 "-" "The Knowledge AI"
185.191.171.20 - - [06/May/2022:17:14:14 +0200] "GET /toucan-lamp-golden-resin-p-53606.html HTTP/1.0" 200 74225 "-" "Mozilla/5.0 (compatible; SemrushBot/7~bl; +http://www.semrush.com/bot.html)"
54.175.179.112 - - [06/May/2022:17:14:16 +0200] "GET /images/mini_prod/3760116310338.jpg HTTP/1.0" 200 269 "-" "Mozilla/5.0 (X11; Ubuntu; Linux x86_64; rv:72.0) Gecko/20100101 Firefox/72.0"
64.62.252.162 - - [06/May/2022:17:14:20 +0200] "GET /accessories-c-3.html HTTP/1.0" 200 93677 "-" "The Knowledge AI"
185.191.171.39 - - [06/May/2022:17:14:24 +0200] "GET /collectible-figurines-and-decorative-c-13_135.html?page=38 HTTP/1.0" 301 96842 "-" "Mozilla/5.0 (compatible; SemrushBot/7~bl; +http://www.semrush.com/bot.html)"
185.191.171.6 - - [06/May/2022:17:14:28 +0200] "GET /collectible-figurines-decorative-c-135.html?page=38 HTTP/1.0" 301 96719 "-" "Mozilla/5.0 (compatible; SemrushBot/7~bl; +http://www.semrush.com/bot.html)"
64.62.252.162 - - [06/May/2022:17:14:32 +0200] "GET /accessories-mobiles-c-3_17.html HTTP/1.0" 200 94928 "-" "The Knowledge AI"
185.191.171.5 - - [06/May/2022:17:14:32 +0200] "GET /collectible-figurines-decorative-c-13_135.html?page=38 HTTP/1.0" 200 96737 "-" "Mozilla/5.0 (compatible; SemrushBot/7~bl; +http://www.semrush.com/bot.html)"
157.55.39.105 - - [06/May/2022:17:14:42 +0200] "GET /-p-28642.html HTTP/1.0" 200 70808 "-" "Mozilla/5.0 (compatible; bingbot/2.0; +http://www.bing.com/bingbot.htm)"
54.36.148.243 - - [06/May/2022:17:14:42 +0200] "GET /small-candle-guardian-angel-p-57840.html HTTP/1.0" 200 74690 "-" "Mozilla/5.0 (compatible; AhrefsBot/7.0; +http://ahrefs.com/robot/)"
185.191.171.10 - - [06/May/2022:17:14:45 +0200] "GET /royal-guests-three-fairies-figurine-p-45967.html?action=add_product HTTP/1.0" 302 476 "-" "Mozilla/5.0 (compatible; SemrushBot/7~bl; +http://www.semrush.com/bot.html)"
64.62.252.162 - - [06/May/2022:17:14:44 +0200] "GET /bracelets-c-3_200.html HTTP/1.0" 200 91369 "-" "The Knowledge AI"
185.191.171.4 - - [06/May/2022:17:14:49 +0200] "GET /cement-tile-stickers-p-51625.html?action=add_product HTTP/1.0" 302 476 "-" "Mozilla/5.0 (compatible; SemrushBot/7~bl; +http://www.semrush.com/bot.html)"
207.46.13.182 - - [06/May/2022:17:15:04 +0200] "GET /burlap-round-table-corsica-p-58048.html HTTP/1.0" 301 589 "-" "Mozilla/5.0 (compatible; bingbot/2.0; +http://www.bing.com/bingbot.htm)"
185.191.171.7 - - [06/May/2022:17:15:12 +0200] "GET /cement-tile-coasters-p-53118.html?action=add_product HTTP/1.0" 302 476 "-" "Mozilla/5.0 (compatible; SemrushBot/7~bl; +http://www.semrush.com/bot.html)"
207.46.13.182 - - [06/May/2022:17:15:15 +0200] "GET /burlap-round-table-corsica-p-58048.html HTTP/1.0" 200 74087 "-" "Mozilla/5.0 (compatible; bingbot/2.0; +http://www.bing.com/bingbot.htm)"
157.55.39.172 - - [06/May/2022:17:15:21 +0200] "GET /-p-30214.html HTTP/1.0" 200 70808 "-" "Mozilla/5.0 (compatible; bingbot/2.0; +http://www.bing.com/bingbot.htm)"
66.249.64.158 - - [06/May/2022:17:15:22 +0200] "GET /gold-black-elephant-table-lamp-p-54617.html HTTP/1.0" 200 73578 "-" "Mozilla/5.0 (compatible; Googlebot/2.1; +http://www.google.com/bot.html)"
54.36.148.243 - - [06/May/2022:17:15:27 +0200] "GET /shells-wall-sticker-p-36403.html HTTP/1.0" 200 74104 "-" "Mozilla/5.0 (compatible; AhrefsBot/7.0; +http://ahrefs.com/robot/)"
64.62.252.162 - - [06/May/2022:17:15:51 +0200] "GET /earrings-c-3_242.html HTTP/1.0" 200 83745 "-" "The Knowledge AI"
64.62.252.162 - - [06/May/2022:17:16:04 +0200] "GET /hair-accessories-c-3_205.html HTTP/1.0" 200 90696 "-" "The Knowledge AI"
54.36.148.243 - - [06/May/2022:17:16:16 +0200] "GET /wall-sticker-p-36151.html HTTP/1.0" 200 73400 "-" "Mozilla/5.0 (compatible; AhrefsBot/7.0; +http://ahrefs.com/robot/)"
54.36.148.119 - - [06/May/2022:17:16:19 +0200] "GET /images/big_prod/3609810041769.jpg HTTP/1.0" 200 268 "-" "Mozilla/5.0 (compatible; AhrefsBot/7.0; +http://ahrefs.com/robot/)"
64.62.252.162 - - [06/May/2022:17:16:16 +0200] "GET /hairbrushes-c-3_203.html HTTP/1.0" 200 89692 "-" "The Knowledge AI"
157.55.39.172 - - [06/May/2022:17:16:20 +0200] "GET /-p-30920.html HTTP/1.0" 200 70808 "-" "Mozilla/5.0 (compatible; bingbot/2.0; +http://www.bing.com/bingbot.htm)"
64.62.252.162 - - [06/May/2022:17:16:30 +0200] "GET /jewels-beauty-accessories-c-3_29.html HTTP/1.0" 200 85922 "-" "The Knowledge AI"
64.62.252.162 - - [06/May/2022:17:16:42 +0200] "GET /pendants-necklaces-c-3_214.html HTTP/1.0" 200 90843 "-" "The Knowledge AI"
185.191.171.36 - - [06/May/2022:17:16:49 +0200] "GET /small-metal-plate-collection-vespa-best-p-16831.html?action=add_product HTTP/1.0" 302 476 "-" "Mozilla/5.0 (compatible; SemrushBot/7~bl; +http://www.semrush.com/bot.html)"
64.62.252.162 - - [06/May/2022:17:16:55 +0200] "GET /rings-c-3_257.html HTTP/1.0" 200 86577 "-" "The Knowledge AI"
54.36.148.243 - - [06/May/2022:17:16:59 +0200] "GET /night-clothes-c-1_24.html HTTP/1.0" 200 69741 "-" "Mozilla/5.0 (compatible; AhrefsBot/7.0; +http://ahrefs.com/robot/)"
64.62.252.162 - - [06/May/2022:17:17:07 +0200] "GET /smokers-items-c-3_112.html HTTP/1.0" 200 92491 "-" "The Knowledge AI"
64.62.252.162 - - [06/May/2022:17:17:19 +0200] "GET /watches-c-3_66.html HTTP/1.0" 200 91543 "-" "The Knowledge AI"
64.62.252.162 - - [06/May/2022:17:17:32 +0200] "GET /shop-c-155.html HTTP/1.0" 200 89535 "-" "The Knowledge AI"
64.62.252.162 - - [06/May/2022:17:17:44 +0200] "GET /stationery-cardmaking-c-129.html HTTP/1.0" 200 92851 "-" "The Knowledge AI"
54.36.148.243 - - [06/May/2022:17:17:44 +0200] "GET /york-taxi-folding-table-p-44434.html HTTP/1.0" 200 73452 "-" "Mozilla/5.0 (compatible; AhrefsBot/7.0; +http://ahrefs.com/robot/)"
54.36.148.203 - - [06/May/2022:17:17:48 +0200] "GET /images/big_prod/8020912049258.jpg HTTP/1.0" 200 268 "-" "Mozilla/5.0 (compatible; AhrefsBot/7.0; +http://ahrefs.com/robot/)"
64.62.252.162 - - [06/May/2022:17:17:57 +0200] "GET /calendar-workbook-organizer-c-129_189.html HTTP/1.0" 200 91648 "-" "The Knowledge AI"
185.191.171.15 - - [06/May/2022:17:18:00 +0200] "GET /schoolbag-caramel-little-foxes-p-48771.html?action=add_product HTTP/1.0" 302 476 "-" "Mozilla/5.0 (compatible; SemrushBot/7~bl; +http://www.semrush.com/bot.html)"
64.62.252.162 - - [06/May/2022:17:18:09 +0200] "GET /cardmaking-c-129_128.html HTTP/1.0" 200 92251 "-" "The Knowledge AI"
64.62.252.162 - - [06/May/2022:17:18:21 +0200] "GET /creative-hobbies-coloring-c-129_30.html HTTP/1.0" 200 91712 "-" "The Knowledge AI"
54.36.148.243 - - [06/May/2022:17:18:32 +0200] "GET /perpetual-calendar-metal-p-56399.html HTTP/1.0" 200 74182 "-" "Mozilla/5.0 (compatible; AhrefsBot/7.0; +http://ahrefs.com/robot/)"
64.62.252.162 - - [06/May/2022:17:18:34 +0200] "GET /desk-blotter-c-129_190.html HTTP/1.0" 200 69885 "-" "The Knowledge AI"
64.62.252.162 - - [06/May/2022:17:18:46 +0200] "GET /mouse-c-129_85.html HTTP/1.0" 200 92084 "-" "The Knowledge AI"
185.191.171.17 - - [06/May/2022:17:18:57 +0200] "GET /little-buddha-collection-statuette-blue-p-46069.html?action=add_product HTTP/1.0" 302 476 "-" "Mozilla/5.0 (compatible; SemrushBot/7~bl; +http://www.semrush.com/bot.html)"
64.62.252.162 - - [06/May/2022:17:18:58 +0200] "GET /notebook-notebook-diary-c-129_185.html HTTP/1.0" 200 92266 "-" "The Knowledge AI"
64.62.252.162 - - [06/May/2022:17:19:11 +0200] "GET /paperweight-c-129_188.html HTTP/1.0" 200 91423 "-" "The Knowledge AI"
157.55.39.172 - - [06/May/2022:17:19:11 +0200] "GET /tea-glass-double-wall-tree-of-life-400-ml-p-51478.html HTTP/1.0" 301 73728 "-" "Mozilla/5.0 (compatible; bingbot/2.0; +http://www.bing.com/bingbot.htm)"
54.36.148.243 - - [06/May/2022:17:19:15 +0200] "GET /devil-white-woman-shirt-p-30744.html HTTP/1.0" 200 75465 "-" "Mozilla/5.0 (compatible; AhrefsBot/7.0; +http://ahrefs.com/robot/)"
64.62.252.162 - - [06/May/2022:17:19:23 +0200] "GET /pencil-c-129_183.html HTTP/1.0" 200 91023 "-" "The Knowledge AI"
51.68.224.127 - - [06/May/2022:17:19:34 +0200] "GET /adminweb/export_orders_xml.php?token=256de2z6edz6ed2z6DFSFsed2zed6zeDSFDSGdzedezfzf&maxorders=10&orderstart=1&status=14&start_date=2018-10-01 HTTP/1.0" 200 285 "-" "GesCom CharlotteBoutik Serveur"
51.68.224.127 - - [06/May/2022:17:19:34 +0200] "GET /adminweb/export_orders_xml.php?token=256de2z6edz6ed2z6DFSFsed2zed6zeDSFDSGdzedezfzf&maxorders=10&orderstart=1&status=6&start_date=2018-10-01 HTTP/1.0" 200 32798 "-" "GesCom CharlotteBoutik Serveur"
64.62.252.162 - - [06/May/2022:17:19:36 +0200] "GET /stationery-c-129_191.html HTTP/1.0" 200 91247 "-" "The Knowledge AI"
66.249.64.158 - - [06/May/2022:17:19:37 +0200] "GET /koala-nightlight-p-53123.html HTTP/1.0" 200 74397 "-" "Mozilla/5.0 (Linux; Android 6.0.1; Nexus 5X Build/MMB29P) AppleWebKit/537.36 (KHTML, like Gecko) Chrome/100.0.4896.127 Mobile Safari/537.36 (compatible; Googlebot/2.1; +http://www.google.com/bot.html)"
64.62.252.162 - - [06/May/2022:17:19:48 +0200] "GET /stickers-c-129_50.html HTTP/1.0" 200 87902 "-" "The Knowledge AI"
157.55.39.101 - - [06/May/2022:17:19:59 +0200] "GET /eiffel-tower-paris-glass-ashtray-p-29765.html HTTP/1.0" 301 70875 "-" "Mozilla/5.0 (compatible; bingbot/2.0; +http://www.bing.com/bingbot.htm)"
64.62.252.162 - - [06/May/2022:17:20:01 +0200] "GET /wastebasket-c-129_184.html HTTP/1.0" 200 82346 "-" "The Knowledge AI"
54.36.148.243 - - [06/May/2022:17:20:08 +0200] "GET /wooden-boxes-storage-c-13_150_220.html HTTP/1.0" 200 90941 "-" "Mozilla/5.0 (compatible; AhrefsBot/7.0; +http://ahrefs.com/robot/)"
64.62.252.162 - - [06/May/2022:17:20:13 +0200] "GET /writing-correction-c-129_186.html HTTP/1.0" 200 93934 "-" "The Knowledge AI"
64.62.252.162 - - [06/May/2022:17:20:25 +0200] "GET /games-toys-c-4.html HTTP/1.0" 200 93319 "-" "The Knowledge AI"
64.62.252.162 - - [06/May/2022:17:20:38 +0200] "GET /board-games-c-4_47.html HTTP/1.0" 200 76146 "-" "The Knowledge AI"
185.191.171.33 - - [06/May/2022:17:20:41 +0200] "GET /bookend-sitting-cement-p-56912.html?action=add_product HTTP/1.0" 302 476 "-" "Mozilla/5.0 (compatible; SemrushBot/7~bl; +http://www.semrush.com/bot.html)"
185.191.171.41 - - [06/May/2022:17:20:47 +0200] "GET /retro-dragonfly-flask-parma-p-50224.html?action=add_product HTTP/1.0" 302 476 "-" "Mozilla/5.0 (compatible; SemrushBot/7~bl; +http://www.semrush.com/bot.html)"
64.62.252.162 - - [06/May/2022:17:20:50 +0200] "GET /figures-c-4_15.html HTTP/1.0" 200 91927 "-" "The Knowledge AI"
185.191.171.9 - - [06/May/2022:17:20:55 +0200] "GET /bell-witch-cast-iron-p-49199.html HTTP/1.0" 200 74095 "-" "Mozilla/5.0 (compatible; SemrushBot/7~bl; +http://www.semrush.com/bot.html)"
54.36.148.243 - - [06/May/2022:17:20:58 +0200] "GET /cotton-floor-cushion-monica-p-57742.html HTTP/1.0" 200 74360 "-" "Mozilla/5.0 (compatible; AhrefsBot/7.0; +http://ahrefs.com/robot/)"
185.191.171.5 - - [06/May/2022:17:20:58 +0200] "GET /mandala-blue-carpet-p-56387.html HTTP/1.0" 200 74397 "-" "Mozilla/5.0 (compatible; SemrushBot/7~bl; +http://www.semrush.com/bot.html)"
64.62.252.162 - - [06/May/2022:17:21:02 +0200] "GET /jigsaws-c-4_144.html HTTP/1.0" 200 79816 "-" "The Knowledge AI"
64.62.252.162 - - [06/May/2022:17:21:15 +0200] "GET /models-replicas-c-4_140.html HTTP/1.0" 200 86077 "-" "The Knowledge AI"
185.191.171.6 - - [06/May/2022:17:21:17 +0200] "GET /scooter-pink-girly-keyring-p-28749.html HTTP/1.0" 200 73467 "-" "Mozilla/5.0 (compatible; SemrushBot/7~bl; +http://www.semrush.com/bot.html)"
64.62.252.162 - - [06/May/2022:17:21:27 +0200] "GET /soft-toys-security-blanket-c-4_46.html HTTP/1.0" 200 92521 "-" "The Knowledge AI"
64.62.252.162 - - [06/May/2022:17:21:39 +0200] "GET /toys-c-4_45.html HTTP/1.0" 200 90287 "-" "The Knowledge AI"
54.36.148.243 - - [06/May/2022:17:21:50 +0200] "GET /seagrass-basket-p-50215.html HTTP/1.0" 200 73416 "-" "Mozilla/5.0 (compatible; AhrefsBot/7.0; +http://ahrefs.com/robot/)"
66.249.64.146 - - [06/May/2022:17:22:07 +0200] "GET /alarms-clocks-c-13_65.html HTTP/1.0" 200 91964 "-" "Mozilla/5.0 (Linux; Android 6.0.1; Nexus 5X Build/MMB29P) AppleWebKit/537.36 (KHTML, like Gecko) Chrome/100.0.4896.127 Mobile Safari/537.36 (compatible; Googlebot/2.1; +http://www.google.com/bot.html)"
77.88.5.208 - - [06/May/2022:17:22:27 +0200] "GET /-p-21536.html HTTP/1.0" 200 70808 "-" "Mozilla/5.0 (compatible; YandexBot/3.0; +http://yandex.com/bots)"
54.36.148.243 - - [06/May/2022:17:22:37 +0200] "GET /britto-black-ceramic-p-32642.html HTTP/1.0" 200 73426 "-" "Mozilla/5.0 (compatible; AhrefsBot/7.0; +http://ahrefs.com/robot/)"
54.36.148.165 - - [06/May/2022:17:22:40 +0200] "GET /images/med_prod/1384010178218.jpg HTTP/1.0" 200 268 "-" "Mozilla/5.0 (compatible; AhrefsBot/7.0; +http://ahrefs.com/robot/)"
