65.108.125.120 - - [06/May/2022:03:40:48 +0200] "GET /sea-shells-wall-sticker-p-36398.html HTTP/1.0" 301 73604 "-" "Mozilla/5.0 (compatible; MJ12bot/v1.4.8; http://mj12bot.com/)"
173.208.206.50 - - [06/May/2022:03:40:48 +0200] "GET /-p-11734.html HTTP/1.0" 200 70808 "-" "Mozilla/5.0 (compatible; MJ12bot/v1.4.8; http://mj12bot.com/)"
65.108.143.154 - - [06/May/2022:03:40:49 +0200] "GET /cotton-floor-cushion-p-51757.html HTTP/1.0" 200 74264 "-" "Mozilla/5.0 (compatible; MJ12bot/v1.4.8; http://mj12bot.com/)"
65.108.125.120 - - [06/May/2022:03:40:54 +0200] "GET /shells-wall-sticker-p-36398.html HTTP/1.0" 200 73518 "-" "Mozilla/5.0 (compatible; MJ12bot/v1.4.8; http://mj12bot.com/)"
65.108.143.154 - - [06/May/2022:03:40:54 +0200] "GET /cotton-kitchen-towel-50-70-cm-made-in-france-p-43980.html HTTP/1.0" 301 71106 "-" "Mozilla/5.0 (compatible; MJ12bot/v1.4.8; http://mj12bot.com/)"
173.208.206.50 - - [06/May/2022:03:40:55 +0200] "GET /-p-11758.html HTTP/1.0" 200 70808 "-" "Mozilla/5.0 (compatible; MJ12bot/v1.4.8; http://mj12bot.com/)"
65.108.143.154 - - [06/May/2022:03:41:00 +0200] "GET /cotton-kitchen-towel-made-france-p-43980.html HTTP/1.0" 200 71007 "-" "Mozilla/5.0 (compatible; MJ12bot/v1.4.8; http://mj12bot.com/)"
173.208.206.50 - - [06/May/2022:03:41:01 +0200] "GET /-p-1179.html HTTP/1.0" 200 70806 "-" "Mozilla/5.0 (compatible; MJ12bot/v1.4.8; http://mj12bot.com/)"
46.4.108.51 - - [06/May/2022:03:41:01 +0200] "GET /travel-yoga-gray-p-51588.html HTTP/1.0" 200 74470 "-" "Mozilla/5.0 (compatible; BLEXBot/1.0; +http://webmeup-crawler.com/)"
65.108.125.120 - - [06/May/2022:03:41:01 +0200] "GET /selenite-pyramid-p-46312.html HTTP/1.0" 200 73501 "-" "Mozilla/5.0 (compatible; MJ12bot/v1.4.8; http://mj12bot.com/)"
65.108.143.154 - - [06/May/2022:03:41:04 +0200] "GET /cotton-kitchen-towel-50-75-cm-made-in-france-p-43972.html HTTP/1.0" 301 73703 "-" "Mozilla/5.0 (compatible; MJ12bot/v1.4.8; http://mj12bot.com/)"
65.108.143.154 - - [06/May/2022:03:41:08 +0200] "GET /cotton-kitchen-towel-made-france-p-43972.html HTTP/1.0" 200 73604 "-" "Mozilla/5.0 (compatible; MJ12bot/v1.4.8; http://mj12bot.com/)"
173.208.206.50 - - [06/May/2022:03:41:08 +0200] "GET /-p-1180.html HTTP/1.0" 200 70806 "-" "Mozilla/5.0 (compatible; MJ12bot/v1.4.8; http://mj12bot.com/)"
65.108.143.154 - - [06/May/2022:03:41:11 +0200] "GET /cotton-kitchen-towel-made-france-p-43972.html HTTP/1.0" 200 73604 "-" "Mozilla/5.0 (compatible; MJ12bot/v1.4.8; http://mj12bot.com/)"
65.108.125.120 - - [06/May/2022:03:41:12 +0200] "GET /senteurs-moroccan-ashtray-p-47859.html HTTP/1.0" 200 73422 "-" "Mozilla/5.0 (compatible; MJ12bot/v1.4.8; http://mj12bot.com/)"
173.208.206.50 - - [06/May/2022:03:41:14 +0200] "GET /-p-11812.html HTTP/1.0" 200 70808 "-" "Mozilla/5.0 (compatible; MJ12bot/v1.4.8; http://mj12bot.com/)"
65.108.143.154 - - [06/May/2022:03:41:15 +0200] "GET /cotton-kitchen-towel-made-france-p-43980.html HTTP/1.0" 200 71007 "-" "Mozilla/5.0 (compatible; MJ12bot/v1.4.8; http://mj12bot.com/)"
65.108.143.154 - - [06/May/2022:03:41:18 +0200] "GET /cotton-mattress-140-190-25-cm-anti-dust-mite-p-48992.html HTTP/1.0" 301 73800 "-" "Mozilla/5.0 (compatible; MJ12bot/v1.4.8; http://mj12bot.com/)"
65.108.125.120 - - [06/May/2022:03:41:20 +0200] "GET /serve-coffee-cutting-board-p-35941.html HTTP/1.0" 200 73482 "-" "Mozilla/5.0 (compatible; MJ12bot/v1.4.8; http://mj12bot.com/)"
65.108.143.154 - - [06/May/2022:03:41:21 +0200] "GET /cotton-mattress-anti-dust-mite-p-48992.html HTTP/1.0" 200 73703 "-" "Mozilla/5.0 (compatible; MJ12bot/v1.4.8; http://mj12bot.com/)"
173.208.206.50 - - [06/May/2022:03:41:22 +0200] "GET /-p-11816.html HTTP/1.0" 200 70808 "-" "Mozilla/5.0 (compatible; MJ12bot/v1.4.8; http://mj12bot.com/)"
65.108.143.154 - - [06/May/2022:03:41:25 +0200] "GET /cotton-mattress-140-190-25-cm-to-boil-p-48989.html HTTP/1.0" 301 73756 "-" "Mozilla/5.0 (compatible; MJ12bot/v1.4.8; http://mj12bot.com/)"
51.68.224.127 - - [06/May/2022:03:41:27 +0200] "GET /adminweb/export_orders_xml.php?token=256de2z6edz6ed2z6DFSFsed2zed6zeDSFDSGdzedezfzf&maxorders=10&orderstart=1&status=14&start_date=2018-10-01 HTTP/1.0" 200 285 "-" "GesCom CharlotteBoutik Serveur"
51.68.224.127 - - [06/May/2022:03:41:27 +0200] "GET /adminweb/export_orders_xml.php?token=256de2z6edz6ed2z6DFSFsed2zed6zeDSFDSGdzedezfzf&maxorders=10&orderstart=1&status=6&start_date=2018-10-01 HTTP/1.0" 200 32798 "-" "GesCom CharlotteBoutik Serveur"
65.108.143.154 - - [06/May/2022:03:41:28 +0200] "GET /cotton-mattress-boil-p-48989.html HTTP/1.0" 200 73669 "-" "Mozilla/5.0 (compatible; MJ12bot/v1.4.8; http://mj12bot.com/)"
65.108.125.120 - - [06/May/2022:03:41:29 +0200] "GET /set-heros-super-megaforce-red-ranger-p-35291.html HTTP/1.0" 301 70875 "-" "Mozilla/5.0 (compatible; MJ12bot/v1.4.8; http://mj12bot.com/)"
185.191.171.19 - - [06/May/2022:03:41:29 +0200] "GET /lighting-c-13_86.html?page=21 HTTP/1.0" 200 92801 "-" "Mozilla/5.0 (compatible; SemrushBot/7~bl; +http://www.semrush.com/bot.html)"
173.208.206.50 - - [06/May/2022:03:41:31 +0200] "GET /-p-1188.html HTTP/1.0" 200 70806 "-" "Mozilla/5.0 (compatible; MJ12bot/v1.4.8; http://mj12bot.com/)"
65.108.143.154 - - [06/May/2022:03:41:32 +0200] "GET /cotton-mattress-160-200-25-cm-anti-dust-mite-p-48993.html HTTP/1.0" 301 74454 "-" "Mozilla/5.0 (compatible; MJ12bot/v1.4.8; http://mj12bot.com/)"
65.108.143.154 - - [06/May/2022:03:41:36 +0200] "GET /cotton-mattress-anti-dust-mite-p-48993.html HTTP/1.0" 200 74357 "-" "Mozilla/5.0 (compatible; MJ12bot/v1.4.8; http://mj12bot.com/)"
65.108.143.154 - - [06/May/2022:03:41:39 +0200] "GET /cotton-mattress-160-200-25-cm-to-boil-p-48990.html HTTP/1.0" 301 73756 "-" "Mozilla/5.0 (compatible; MJ12bot/v1.4.8; http://mj12bot.com/)"
65.108.125.120 - - [06/May/2022:03:41:40 +0200] "GET /-p-35291.html HTTP/1.0" 200 70808 "-" "Mozilla/5.0 (compatible; MJ12bot/v1.4.8; http://mj12bot.com/)"
65.108.143.154 - - [06/May/2022:03:41:42 +0200] "GET /cotton-mattress-boil-p-48990.html HTTP/1.0" 200 73669 "-" "Mozilla/5.0 (compatible; MJ12bot/v1.4.8; http://mj12bot.com/)"
173.208.206.50 - - [06/May/2022:03:41:42 +0200] "GET /-p-1191.html HTTP/1.0" 200 70806 "-" "Mozilla/5.0 (compatible; MJ12bot/v1.4.8; http://mj12bot.com/)"
54.36.148.243 - - [06/May/2022:03:41:43 +0200] "GET /softy-cotton-fleece-mattress-p-54411.html HTTP/1.0" 200 73697 "-" "Mozilla/5.0 (compatible; AhrefsBot/7.0; +http://ahrefs.com/robot/)"
65.108.143.154 - - [06/May/2022:03:41:45 +0200] "GET /cotton-mattress-90-190-cm-anti-dust-mite-p-48991.html HTTP/1.0" 301 73762 "-" "Mozilla/5.0 (compatible; MJ12bot/v1.4.8; http://mj12bot.com/)"
65.108.143.154 - - [06/May/2022:03:41:48 +0200] "GET /cotton-mattress-anti-dust-mite-p-48991.html HTTP/1.0" 200 73665 "-" "Mozilla/5.0 (compatible; MJ12bot/v1.4.8; http://mj12bot.com/)"
65.108.125.120 - - [06/May/2022:03:41:49 +0200] "GET /set-of-cement-tile-coasters-p-53109.html HTTP/1.0" 301 73543 "-" "Mozilla/5.0 (compatible; MJ12bot/v1.4.8; http://mj12bot.com/)"
173.208.206.50 - - [06/May/2022:03:41:50 +0200] "GET /-p-11928.html HTTP/1.0" 200 70808 "-" "Mozilla/5.0 (compatible; MJ12bot/v1.4.8; http://mj12bot.com/)"
65.108.143.154 - - [06/May/2022:03:41:51 +0200] "GET /cotton-mattress-90-190-cm-to-boil-p-48988.html HTTP/1.0" 301 73719 "-" "Mozilla/5.0 (compatible; MJ12bot/v1.4.8; http://mj12bot.com/)"
65.108.125.120 - - [06/May/2022:03:41:54 +0200] "GET /cement-tile-coasters-p-53109.html HTTP/1.0" 200 73456 "-" "Mozilla/5.0 (compatible; MJ12bot/v1.4.8; http://mj12bot.com/)"
65.108.143.154 - - [06/May/2022:03:41:54 +0200] "GET /cotton-mattress-boil-p-48988.html HTTP/1.0" 200 73632 "-" "Mozilla/5.0 (compatible; MJ12bot/v1.4.8; http://mj12bot.com/)"
65.108.143.154 - - [06/May/2022:03:41:57 +0200] "GET /cotton-mattress-anti-dust-mite-p-48991.html HTTP/1.0" 200 73665 "-" "Mozilla/5.0 (compatible; MJ12bot/v1.4.8; http://mj12bot.com/)"
173.208.206.50 - - [06/May/2022:03:42:00 +0200] "GET /-p-11929.html HTTP/1.0" 200 70808 "-" "Mozilla/5.0 (compatible; MJ12bot/v1.4.8; http://mj12bot.com/)"
65.108.143.154 - - [06/May/2022:03:42:00 +0200] "GET /cotton-mattress-anti-dust-mite-p-48992.html HTTP/1.0" 200 73703 "-" "Mozilla/5.0 (compatible; MJ12bot/v1.4.8; http://mj12bot.com/)"
65.108.125.120 - - [06/May/2022:03:42:02 +0200] "GET /set-of-cement-tile-coasters-p-53113.html HTTP/1.0" 301 70983 "-" "Mozilla/5.0 (compatible; MJ12bot/v1.4.8; http://mj12bot.com/)"
46.4.108.51 - - [06/May/2022:03:42:06 +0200] "GET /robots.txt HTTP/1.0" 301 531 "-" "Mozilla/5.0 (compatible; BLEXBot/1.0; +http://webmeup-crawler.com/)"
46.4.108.51 - - [06/May/2022:03:42:06 +0200] "GET /robots.txt HTTP/1.0" 200 245 "-" "Mozilla/5.0 (compatible; BLEXBot/1.0; +http://webmeup-crawler.com/)"
65.108.143.154 - - [06/May/2022:03:42:05 +0200] "GET /cotton-mattress-anti-dust-mite-p-48993.html HTTP/1.0" 200 74357 "-" "Mozilla/5.0 (compatible; MJ12bot/v1.4.8; http://mj12bot.com/)"
46.4.108.51 - - [06/May/2022:03:42:06 +0200] "GET /tray-legs-metal-black-p-57407.html HTTP/1.0" 200 74285 "-" "Mozilla/5.0 (compatible; BLEXBot/1.0; +http://webmeup-crawler.com/)"
185.191.171.13 - - [06/May/2022:03:42:09 +0200] "GET /golden-tree-pattern-metal-plate-p-45739.html?action=add_product HTTP/1.0" 302 476 "-" "Mozilla/5.0 (compatible; SemrushBot/7~bl; +http://www.semrush.com/bot.html)"
173.208.206.50 - - [06/May/2022:03:42:08 +0200] "GET /-p-11933.html HTTP/1.0" 200 70808 "-" "Mozilla/5.0 (compatible; MJ12bot/v1.4.8; http://mj12bot.com/)"
65.108.143.154 - - [06/May/2022:03:42:08 +0200] "GET /cotton-mattress-boil-p-48988.html HTTP/1.0" 200 73632 "-" "Mozilla/5.0 (compatible; MJ12bot/v1.4.8; http://mj12bot.com/)"
65.108.125.120 - - [06/May/2022:03:42:10 +0200] "GET /cement-tile-coasters-p-53113.html HTTP/1.0" 200 70896 "-" "Mozilla/5.0 (compatible; MJ12bot/v1.4.8; http://mj12bot.com/)"
65.108.143.154 - - [06/May/2022:03:42:12 +0200] "GET /cotton-mattress-boil-p-48989.html HTTP/1.0" 200 73669 "-" "Mozilla/5.0 (compatible; MJ12bot/v1.4.8; http://mj12bot.com/)"
173.208.206.50 - - [06/May/2022:03:42:14 +0200] "GET /-p-11951.html HTTP/1.0" 200 70808 "-" "Mozilla/5.0 (compatible; MJ12bot/v1.4.8; http://mj12bot.com/)"
65.108.143.154 - - [06/May/2022:03:42:15 +0200] "GET /cotton-mattress-boil-p-48990.html HTTP/1.0" 200 73669 "-" "Mozilla/5.0 (compatible; MJ12bot/v1.4.8; http://mj12bot.com/)"
65.108.125.120 - - [06/May/2022:03:42:17 +0200] "GET /set-of-coaster-retro-p-42026.html HTTP/1.0" 301 70875 "-" "Mozilla/5.0 (compatible; MJ12bot/v1.4.8; http://mj12bot.com/)"
185.191.171.11 - - [06/May/2022:03:42:18 +0200] "GET /isothermic-stainless-steel-bottle-lovely-panda-by-cbkreation-p-51046.html HTTP/1.0" 301 73886 "-" "Mozilla/5.0 (compatible; SemrushBot/7~bl; +http://www.semrush.com/bot.html)"
65.108.143.154 - - [06/May/2022:03:42:18 +0200] "GET /couple-wolves-cushion-p-34140.html HTTP/1.0" 301 70875 "-" "Mozilla/5.0 (compatible; MJ12bot/v1.4.8; http://mj12bot.com/)"
65.108.143.154 - - [06/May/2022:03:42:21 +0200] "GET /-p-34140.html HTTP/1.0" 200 70808 "-" "Mozilla/5.0 (compatible; MJ12bot/v1.4.8; http://mj12bot.com/)"
185.191.171.22 - - [06/May/2022:03:42:21 +0200] "GET /isothermic-stainless-steel-bottle-lovely-panda-cbkreation-p-51046.html HTTP/1.0" 200 73762 "-" "Mozilla/5.0 (compatible; SemrushBot/7~bl; +http://www.semrush.com/bot.html)"
173.208.206.50 - - [06/May/2022:03:42:21 +0200] "GET /-p-1196.html HTTP/1.0" 200 70806 "-" "Mozilla/5.0 (compatible; MJ12bot/v1.4.8; http://mj12bot.com/)"
46.4.108.51 - - [06/May/2022:03:42:22 +0200] "GET /tray-legs-metal-white-p-57408.html HTTP/1.0" 200 74285 "-" "Mozilla/5.0 (compatible; BLEXBot/1.0; +http://webmeup-crawler.com/)"
65.108.125.120 - - [06/May/2022:03:42:23 +0200] "GET /-p-42026.html HTTP/1.0" 200 70808 "-" "Mozilla/5.0 (compatible; MJ12bot/v1.4.8; http://mj12bot.com/)"
65.108.143.154 - - [06/May/2022:03:42:24 +0200] "GET /court-sleeves-shirts-c-1_22.html?page=1 HTTP/1.0" 200 69811 "-" "Mozilla/5.0 (compatible; MJ12bot/v1.4.8; http://mj12bot.com/)"
65.108.143.154 - - [06/May/2022:03:42:28 +0200] "GET /cow-boy-accessories-p-27847.html HTTP/1.0" 301 70956 "-" "Mozilla/5.0 (compatible; MJ12bot/v1.4.8; http://mj12bot.com/)"
65.108.125.120 - - [06/May/2022:03:42:28 +0200] "GET /set-of-glasses-fff-p-44953.html HTTP/1.0" 301 73460 "-" "Mozilla/5.0 (compatible; MJ12bot/v1.4.8; http://mj12bot.com/)"
173.208.206.50 - - [06/May/2022:03:42:29 +0200] "GET /-p-12003.html HTTP/1.0" 200 70808 "-" "Mozilla/5.0 (compatible; MJ12bot/v1.4.8; http://mj12bot.com/)"
65.108.143.154 - - [06/May/2022:03:42:30 +0200] "GET /accessories-p-27847.html HTTP/1.0" 200 70878 "-" "Mozilla/5.0 (compatible; MJ12bot/v1.4.8; http://mj12bot.com/)"
185.191.171.35 - - [06/May/2022:03:42:33 +0200] "GET /paris-saint-germain-football-boot-money-p-52183.html HTTP/1.0" 200 73634 "-" "Mozilla/5.0 (compatible; SemrushBot/7~bl; +http://www.semrush.com/bot.html)"
65.108.143.154 - - [06/May/2022:03:42:33 +0200] "GET /crasy-allen-cotton-pouch-p-53175.html HTTP/1.0" 200 73545 "-" "Mozilla/5.0 (compatible; MJ12bot/v1.4.8; http://mj12bot.com/)"
65.108.125.120 - - [06/May/2022:03:42:35 +0200] "GET /glasses-p-44953.html HTTP/1.0" 200 73386 "-" "Mozilla/5.0 (compatible; MJ12bot/v1.4.8; http://mj12bot.com/)"
173.208.206.50 - - [06/May/2022:03:42:35 +0200] "GET /-p-12016.html HTTP/1.0" 200 70808 "-" "Mozilla/5.0 (compatible; MJ12bot/v1.4.8; http://mj12bot.com/)"
65.108.143.154 - - [06/May/2022:03:42:36 +0200] "GET /crasy-cat-by-allen-cotton-pouch-p-53175.html HTTP/1.0" 301 73636 "-" "Mozilla/5.0 (compatible; MJ12bot/v1.4.8; http://mj12bot.com/)"
65.108.143.154 - - [06/May/2022:03:42:39 +0200] "GET /crasy-allen-cotton-pouch-p-53175.html HTTP/1.0" 200 73545 "-" "Mozilla/5.0 (compatible; MJ12bot/v1.4.8; http://mj12bot.com/)"
54.36.148.243 - - [06/May/2022:03:42:40 +0200] "GET /good-year-metal-plate-p-45955.html HTTP/1.0" 200 73454 "-" "Mozilla/5.0 (compatible; AhrefsBot/7.0; +http://ahrefs.com/robot/)"
65.108.125.120 - - [06/May/2022:03:42:40 +0200] "GET /set-of-rectangular-kitchen-linen-of-cotton-60-40-cm-p-45480.html HTTP/1.0" 301 71071 "-" "Mozilla/5.0 (compatible; MJ12bot/v1.4.8; http://mj12bot.com/)"
65.108.143.154 - - [06/May/2022:03:42:42 +0200] "GET /cutting-board-p-27730.html HTTP/1.0" 200 73396 "-" "Mozilla/5.0 (compatible; MJ12bot/v1.4.8; http://mj12bot.com/)"
173.208.206.50 - - [06/May/2022:03:42:42 +0200] "GET /-p-12018.html HTTP/1.0" 200 70808 "-" "Mozilla/5.0 (compatible; MJ12bot/v1.4.8; http://mj12bot.com/)"
65.108.143.154 - - [06/May/2022:03:42:45 +0200] "GET /darth-maul-big-figure-45-cm-p-27762.html HTTP/1.0" 301 70875 "-" "Mozilla/5.0 (compatible; MJ12bot/v1.4.8; http://mj12bot.com/)"
65.108.125.120 - - [06/May/2022:03:42:47 +0200] "GET /rectangular-kitchen-linen-cotton-p-45480.html HTTP/1.0" 200 70972 "-" "Mozilla/5.0 (compatible; MJ12bot/v1.4.8; http://mj12bot.com/)"
65.108.143.154 - - [06/May/2022:03:42:48 +0200] "GET /-p-27762.html HTTP/1.0" 200 70808 "-" "Mozilla/5.0 (compatible; MJ12bot/v1.4.8; http://mj12bot.com/)"
173.208.206.50 - - [06/May/2022:03:42:50 +0200] "GET /-p-12022.html HTTP/1.0" 200 70808 "-" "Mozilla/5.0 (compatible; MJ12bot/v1.4.8; http://mj12bot.com/)"
65.108.143.154 - - [06/May/2022:03:42:51 +0200] "GET /deco-kit-sommelier-p-35420.html HTTP/1.0" 301 70875 "-" "Mozilla/5.0 (compatible; MJ12bot/v1.4.8; http://mj12bot.com/)"
65.108.125.120 - - [06/May/2022:03:42:52 +0200] "GET /set-of-square-coasters-with-personalized-pictures-p-16333.html HTTP/1.0" 301 74247 "-" "Mozilla/5.0 (compatible; MJ12bot/v1.4.8; http://mj12bot.com/)"
65.108.143.154 - - [06/May/2022:03:42:53 +0200] "GET /-p-35420.html HTTP/1.0" 200 70808 "-" "Mozilla/5.0 (compatible; MJ12bot/v1.4.8; http://mj12bot.com/)"
65.108.125.120 - - [06/May/2022:03:42:57 +0200] "GET /square-coasters-with-personalized-pictures-p-16333.html HTTP/1.0" 200 74138 "-" "Mozilla/5.0 (compatible; MJ12bot/v1.4.8; http://mj12bot.com/)"
65.108.143.154 - - [06/May/2022:03:42:57 +0200] "GET /deco-statuette-cat-gray-and-gold-30-cm-p-48012.html HTTP/1.0" 301 71052 "-" "Mozilla/5.0 (compatible; MJ12bot/v1.4.8; http://mj12bot.com/)"
111.225.144.209 - - [06/May/2022:03:43:00 +0200] "GET /images/mini_prod/8435333835920.jpg HTTP/1.0" 200 269 "-" "Mozilla/5.0 (Macintosh; Intel Mac OS X 10_12_4) AppleWebKit/537.36 (KHTML, like Gecko) Chrome/58.0.3029.110 Safari/537.36"
65.108.143.154 - - [06/May/2022:03:43:01 +0200] "GET /deco-statuette-gray-gold-p-48012.html HTTP/1.0" 200 70961 "-" "Mozilla/5.0 (compatible; MJ12bot/v1.4.8; http://mj12bot.com/)"
173.208.206.50 - - [06/May/2022:03:43:01 +0200] "GET /-p-12024.html HTTP/1.0" 200 70808 "-" "Mozilla/5.0 (compatible; MJ12bot/v1.4.8; http://mj12bot.com/)"
111.225.146.214 - - [06/May/2022:03:43:03 +0200] "GET /images/3438100339879.jpg HTTP/1.0" 200 259 "-" "Mozilla/5.0 (Macintosh; Intel Mac OS X 10_12_4) AppleWebKit/537.36 (KHTML, like Gecko) Chrome/58.0.3029.110 Safari/537.36"
65.108.125.120 - - [06/May/2022:03:43:04 +0200] "GET /set-of-stackable-cups-russian-dolls-p-28497.html HTTP/1.0" 301 70875 "-" "Mozilla/5.0 (compatible; MJ12bot/v1.4.8; http://mj12bot.com/)"
65.108.143.154 - - [06/May/2022:03:43:04 +0200] "GET /deco-statuette-gray-gold-p-48012.html HTTP/1.0" 200 70961 "-" "Mozilla/5.0 (compatible; MJ12bot/v1.4.8; http://mj12bot.com/)"
46.4.108.51 - - [06/May/2022:03:43:06 +0200] "GET /tray-legs-metal-wood-color-p-57409.html HTTP/1.0" 200 74601 "-" "Mozilla/5.0 (compatible; BLEXBot/1.0; +http://webmeup-crawler.com/)"
65.108.143.154 - - [06/May/2022:03:43:07 +0200] "GET /deco-tray-in-patinated-metal-with-wooden-handles-28-cm-p-48009.html HTTP/1.0" 301 74560 "-" "Mozilla/5.0 (compatible; MJ12bot/v1.4.8; http://mj12bot.com/)"
173.208.206.50 - - [06/May/2022:03:43:08 +0200] "GET /-p-12031.html HTTP/1.0" 200 70808 "-" "Mozilla/5.0 (compatible; MJ12bot/v1.4.8; http://mj12bot.com/)"
65.108.125.120 - - [06/May/2022:03:43:08 +0200] "GET /-p-28497.html HTTP/1.0" 200 70808 "-" "Mozilla/5.0 (compatible; MJ12bot/v1.4.8; http://mj12bot.com/)"
65.108.143.154 - - [06/May/2022:03:43:09 +0200] "GET /deco-tray-patinated-metal-with-wooden-handles-p-48009.html HTTP/1.0" 200 74448 "-" "Mozilla/5.0 (compatible; MJ12bot/v1.4.8; http://mj12bot.com/)"
65.108.125.120 - - [06/May/2022:03:43:13 +0200] "GET /set-of-sticks-of-modeling-clay-by-play-doh-p-21534.html HTTP/1.0" 301 70875 "-" "Mozilla/5.0 (compatible; MJ12bot/v1.4.8; http://mj12bot.com/)"
65.108.143.154 - - [06/May/2022:03:43:13 +0200] "GET /deco-tray-patinated-metal-with-wooden-handles-p-48009.html HTTP/1.0" 200 74448 "-" "Mozilla/5.0 (compatible; MJ12bot/v1.4.8; http://mj12bot.com/)"
173.208.206.50 - - [06/May/2022:03:43:13 +0200] "GET /-p-1206.html HTTP/1.0" 200 70806 "-" "Mozilla/5.0 (compatible; MJ12bot/v1.4.8; http://mj12bot.com/)"
185.191.171.13 - - [06/May/2022:03:43:17 +0200] "GET /opera-rock-bedclothes-p-35317.html?action=add_product HTTP/1.0" 302 476 "-" "Mozilla/5.0 (compatible; SemrushBot/7~bl; +http://www.semrush.com/bot.html)"
65.108.143.154 - - [06/May/2022:03:43:16 +0200] "GET /decorations-and-furnishings/decorations/bob-marley-lion-mini-magnet-mirror-p-19669.html HTTP/1.0" 301 73667 "-" "Mozilla/5.0 (compatible; MJ12bot/v1.4.8; http://mj12bot.com/)"
185.191.171.10 - - [06/May/2022:03:43:19 +0200] "GET /cotton-floor-cushion-alabama-p-55454.html?action=add_product HTTP/1.0" 302 476 "-" "Mozilla/5.0 (compatible; SemrushBot/7~bl; +http://www.semrush.com/bot.html)"
65.108.143.154 - - [06/May/2022:03:43:19 +0200] "GET /marley-lion-mini-magnet-mirror-p-19669.html HTTP/1.0" 200 73570 "-" "Mozilla/5.0 (compatible; MJ12bot/v1.4.8; http://mj12bot.com/)"
65.108.125.120 - - [06/May/2022:03:43:19 +0200] "GET /-p-21534.html HTTP/1.0" 200 70808 "-" "Mozilla/5.0 (compatible; MJ12bot/v1.4.8; http://mj12bot.com/)"
65.108.143.154 - - [06/May/2022:03:43:22 +0200] "GET /decorative-wooden-plate-chiens-bienvenus-white-p-47804.html HTTP/1.0" 200 73868 "-" "Mozilla/5.0 (compatible; MJ12bot/v1.4.8; http://mj12bot.com/)"
173.208.206.50 - - [06/May/2022:03:43:22 +0200] "GET /-p-12234.html HTTP/1.0" 200 70808 "-" "Mozilla/5.0 (compatible; MJ12bot/v1.4.8; http://mj12bot.com/)"
65.108.125.120 - - [06/May/2022:03:43:24 +0200] "GET /set-of-tropicole-glasses-p-47787.html HTTP/1.0" 301 70968 "-" "Mozilla/5.0 (compatible; MJ12bot/v1.4.8; http://mj12bot.com/)"
65.108.143.154 - - [06/May/2022:03:43:25 +0200] "GET /decorative-wooden-plate-mojito-gogo-green-p-47832.html HTTP/1.0" 200 73871 "-" "Mozilla/5.0 (compatible; MJ12bot/v1.4.8; http://mj12bot.com/)"
40.77.167.0 - - [06/May/2022:03:43:28 +0200] "GET /small-akio-night-light-hello-kitty-cloud-p-51497.html HTTP/1.0" 200 74505 "-" "Mozilla/5.0 (compatible; bingbot/2.0; +http://www.bing.com/bingbot.htm)"
65.108.143.154 - - [06/May/2022:03:43:28 +0200] "GET /despicable-marbles-p-33480.html HTTP/1.0" 200 73622 "-" "Mozilla/5.0 (compatible; MJ12bot/v1.4.8; http://mj12bot.com/)"
157.55.39.172 - - [06/May/2022:03:43:30 +0200] "GET /stone-golden-healer-grams-p-46604.html HTTP/1.0" 200 70886 "-" "Mozilla/5.0 (compatible; bingbot/2.0; +http://www.bing.com/bingbot.htm)"
65.108.125.120 - - [06/May/2022:03:43:30 +0200] "GET /tropicole-glasses-p-47787.html HTTP/1.0" 200 70884 "-" "Mozilla/5.0 (compatible; MJ12bot/v1.4.8; http://mj12bot.com/)"
173.208.206.50 - - [06/May/2022:03:43:30 +0200] "GET /-p-12247.html HTTP/1.0" 200 70808 "-" "Mozilla/5.0 (compatible; MJ12bot/v1.4.8; http://mj12bot.com/)"
65.108.143.154 - - [06/May/2022:03:43:32 +0200] "GET /despicable-me-marbles-p-33480.html HTTP/1.0" 301 73707 "-" "Mozilla/5.0 (compatible; MJ12bot/v1.4.8; http://mj12bot.com/)"
65.108.125.120 - - [06/May/2022:03:43:35 +0200] "GET /set-of-wwe-raw-small-reels-p-13883.html HTTP/1.0" 301 70875 "-" "Mozilla/5.0 (compatible; MJ12bot/v1.4.8; http://mj12bot.com/)"
65.108.143.154 - - [06/May/2022:03:43:36 +0200] "GET /despicable-marbles-p-33480.html HTTP/1.0" 200 73622 "-" "Mozilla/5.0 (compatible; MJ12bot/v1.4.8; http://mj12bot.com/)"
54.36.148.243 - - [06/May/2022:03:43:37 +0200] "GET /small-bleu-elefant-money-p-54807.html HTTP/1.0" 200 73523 "-" "Mozilla/5.0 (compatible; AhrefsBot/7.0; +http://ahrefs.com/robot/)"
65.108.143.154 - - [06/May/2022:03:43:38 +0200] "GET /despicable-me-minion-lamp-p-31850.html HTTP/1.0" 301 70875 "-" "Mozilla/5.0 (compatible; MJ12bot/v1.4.8; http://mj12bot.com/)"
173.208.206.50 - - [06/May/2022:03:43:40 +0200] "GET /-p-12601.html HTTP/1.0" 200 70808 "-" "Mozilla/5.0 (compatible; MJ12bot/v1.4.8; http://mj12bot.com/)"
65.108.143.154 - - [06/May/2022:03:43:41 +0200] "GET /-p-31850.html HTTP/1.0" 200 70808 "-" "Mozilla/5.0 (compatible; MJ12bot/v1.4.8; http://mj12bot.com/)"
17.121.114.233 - - [06/May/2022:03:43:42 +0200] "GET /kiub-collection-cats-cool-p-54783.html HTTP/1.0" 200 74294 "-" "Mozilla/5.0 (Macintosh; Intel Mac OS X 10_15_5) AppleWebKit/605.1.15 (KHTML, like Gecko) Version/13.1.1 Safari/605.1.15 (Applebot/0.1; +http://www.apple.com/go/applebot)"
65.108.125.120 - - [06/May/2022:03:43:42 +0200] "GET /-p-13883.html HTTP/1.0" 200 70808 "-" "Mozilla/5.0 (compatible; MJ12bot/v1.4.8; http://mj12bot.com/)"
65.108.143.154 - - [06/May/2022:03:43:44 +0200] "GET /despicable-me-minion-lava-lamp-p-33702.html HTTP/1.0" 301 70875 "-" "Mozilla/5.0 (compatible; MJ12bot/v1.4.8; http://mj12bot.com/)"
173.208.206.50 - - [06/May/2022:03:43:46 +0200] "GET /-p-12616.html HTTP/1.0" 200 70808 "-" "Mozilla/5.0 (compatible; MJ12bot/v1.4.8; http://mj12bot.com/)"
185.191.171.44 - - [06/May/2022:03:43:46 +0200] "GET /flower-pot-summer-collection-gray-cat-p-52692.html HTTP/1.0" 301 71034 "-" "Mozilla/5.0 (compatible; SemrushBot/7~bl; +http://www.semrush.com/bot.html)"
65.108.143.154 - - [06/May/2022:03:43:47 +0200] "GET /-p-33702.html HTTP/1.0" 200 70808 "-" "Mozilla/5.0 (compatible; MJ12bot/v1.4.8; http://mj12bot.com/)"
65.108.125.120 - - [06/May/2022:03:43:49 +0200] "GET /shells-wall-sticker-p-36398.html HTTP/1.0" 200 73518 "-" "Mozilla/5.0 (compatible; MJ12bot/v1.4.8; http://mj12bot.com/)"
185.191.171.38 - - [06/May/2022:03:43:49 +0200] "GET /flower-summer-collection-gray-p-52692.html HTTP/1.0" 200 70938 "-" "Mozilla/5.0 (compatible; SemrushBot/7~bl; +http://www.semrush.com/bot.html)"
65.108.143.154 - - [06/May/2022:03:43:50 +0200] "GET /disney-princess-swimming-armband-p-19978.html HTTP/1.0" 200 70959 "-" "Mozilla/5.0 (compatible; MJ12bot/v1.4.8; http://mj12bot.com/)"
46.4.108.51 - - [06/May/2022:03:43:51 +0200] "GET /tray-p-45566.html HTTP/1.0" 200 73396 "-" "Mozilla/5.0 (compatible; BLEXBot/1.0; +http://webmeup-crawler.com/)"
65.108.125.120 - - [06/May/2022:03:43:53 +0200] "GET /silver-white-elephant-table-lamp-p-54618.html HTTP/1.0" 200 70934 "-" "Mozilla/5.0 (compatible; MJ12bot/v1.4.8; http://mj12bot.com/)"
185.191.171.8 - - [06/May/2022:03:43:52 +0200] "GET /tiger-trophy-statuette-p-54210.html HTTP/1.0" 200 74076 "-" "Mozilla/5.0 (compatible; SemrushBot/7~bl; +http://www.semrush.com/bot.html)"
173.208.206.50 - - [06/May/2022:03:43:53 +0200] "GET /-p-12645.html HTTP/1.0" 200 70808 "-" "Mozilla/5.0 (compatible; MJ12bot/v1.4.8; http://mj12bot.com/)"
65.108.143.154 - - [06/May/2022:03:43:54 +0200] "GET /dixies-vintage-clock-p-44986.html HTTP/1.0" 200 70878 "-" "Mozilla/5.0 (compatible; MJ12bot/v1.4.8; http://mj12bot.com/)"
65.108.143.154 - - [06/May/2022:03:43:58 +0200] "GET /dledmv-logo-hoodies-p-35605.html HTTP/1.0" 301 70875 "-" "Mozilla/5.0 (compatible; MJ12bot/v1.4.8; http://mj12bot.com/)"
65.108.125.120 - - [06/May/2022:03:43:59 +0200] "GET /skull-aviator-moneybox-p-28881.html HTTP/1.0" 200 70870 "-" "Mozilla/5.0 (compatible; MJ12bot/v1.4.8; http://mj12bot.com/)"
65.108.143.154 - - [06/May/2022:03:44:00 +0200] "GET /-p-35605.html HTTP/1.0" 200 70808 "-" "Mozilla/5.0 (compatible; MJ12bot/v1.4.8; http://mj12bot.com/)"
173.208.206.50 - - [06/May/2022:03:44:03 +0200] "GET /-p-12685.html HTTP/1.0" 200 70808 "-" "Mozilla/5.0 (compatible; MJ12bot/v1.4.8; http://mj12bot.com/)"
65.108.143.154 - - [06/May/2022:03:44:03 +0200] "GET /dledmv-vintage-attitude-pencil-jar-p-35674.html HTTP/1.0" 301 70875 "-" "Mozilla/5.0 (compatible; MJ12bot/v1.4.8; http://mj12bot.com/)"
65.108.125.120 - - [06/May/2022:03:44:04 +0200] "GET /skull-black-leather-bracelet-p-38474.html HTTP/1.0" 200 73500 "-" "Mozilla/5.0 (compatible; MJ12bot/v1.4.8; http://mj12bot.com/)"
65.108.143.154 - - [06/May/2022:03:44:06 +0200] "GET /-p-35674.html HTTP/1.0" 200 70808 "-" "Mozilla/5.0 (compatible; MJ12bot/v1.4.8; http://mj12bot.com/)"
65.108.143.154 - - [06/May/2022:03:44:09 +0200] "GET /donald-duck-by-britto-collection-mug-p-40069.html HTTP/1.0" 301 70875 "-" "Mozilla/5.0 (compatible; MJ12bot/v1.4.8; http://mj12bot.com/)"
65.108.125.120 - - [06/May/2022:03:44:10 +0200] "GET /skull-brown-leather-bracelet-p-38475.html HTTP/1.0" 200 73467 "-" "Mozilla/5.0 (compatible; MJ12bot/v1.4.8; http://mj12bot.com/)"
173.208.206.50 - - [06/May/2022:03:44:10 +0200] "GET /-p-12728.html HTTP/1.0" 200 70808 "-" "Mozilla/5.0 (compatible; MJ12bot/v1.4.8; http://mj12bot.com/)"
65.108.143.154 - - [06/May/2022:03:44:12 +0200] "GET /-p-40069.html HTTP/1.0" 200 70808 "-" "Mozilla/5.0 (compatible; MJ12bot/v1.4.8; http://mj12bot.com/)"
185.191.171.10 - - [06/May/2022:03:44:13 +0200] "GET /coasters-candy-cbkreation-p-15016.html HTTP/1.0" 200 73576 "-" "Mozilla/5.0 (compatible; SemrushBot/7~bl; +http://www.semrush.com/bot.html)"
65.108.143.154 - - [06/May/2022:03:44:16 +0200] "GET /dora-explorer-baby-p-2403.html HTTP/1.0" 200 73344 "-" "Mozilla/5.0 (compatible; MJ12bot/v1.4.8; http://mj12bot.com/)"
65.108.125.120 - - [06/May/2022:03:44:16 +0200] "GET /skull-crest-figure-p-34169.html HTTP/1.0" 200 73456 "-" "Mozilla/5.0 (compatible; MJ12bot/v1.4.8; http://mj12bot.com/)"
173.208.206.50 - - [06/May/2022:03:44:17 +0200] "GET /-p-12751.html HTTP/1.0" 200 70808 "-" "Mozilla/5.0 (compatible; MJ12bot/v1.4.8; http://mj12bot.com/)"
65.108.143.154 - - [06/May/2022:03:44:19 +0200] "GET /dora-pieces-set-for-baby-p-22158.html HTTP/1.0" 301 70875 "-" "Mozilla/5.0 (compatible; MJ12bot/v1.4.8; http://mj12bot.com/)"
65.108.143.154 - - [06/May/2022:03:44:22 +0200] "GET /-p-22158.html HTTP/1.0" 200 70808 "-" "Mozilla/5.0 (compatible; MJ12bot/v1.4.8; http://mj12bot.com/)"
173.208.206.50 - - [06/May/2022:03:44:23 +0200] "GET /-p-12776.html HTTP/1.0" 200 70808 "-" "Mozilla/5.0 (compatible; MJ12bot/v1.4.8; http://mj12bot.com/)"
65.108.125.120 - - [06/May/2022:03:44:24 +0200] "GET /skull-sailor-figure-blue-p-34149.html HTTP/1.0" 200 70925 "-" "Mozilla/5.0 (compatible; MJ12bot/v1.4.8; http://mj12bot.com/)"
65.108.143.154 - - [06/May/2022:03:44:25 +0200] "GET /dora-the-explorer-baby-hat-p-2403.html HTTP/1.0" 301 73428 "-" "Mozilla/5.0 (compatible; MJ12bot/v1.4.8; http://mj12bot.com/)"
65.108.143.154 - - [06/May/2022:03:44:28 +0200] "GET /dora-explorer-baby-p-2403.html HTTP/1.0" 200 73344 "-" "Mozilla/5.0 (compatible; MJ12bot/v1.4.8; http://mj12bot.com/)"
173.208.206.50 - - [06/May/2022:03:44:29 +0200] "GET /-p-12837.html HTTP/1.0" 200 70808 "-" "Mozilla/5.0 (compatible; MJ12bot/v1.4.8; http://mj12bot.com/)"
65.108.125.120 - - [06/May/2022:03:44:30 +0200] "GET /skull-with-figure-p-34496.html HTTP/1.0" 200 73457 "-" "Mozilla/5.0 (compatible; MJ12bot/v1.4.8; http://mj12bot.com/)"
65.108.143.154 - - [06/May/2022:03:44:31 +0200] "GET /dr-doom-articulate-figurine-p-27718.html HTTP/1.0" 301 70875 "-" "Mozilla/5.0 (compatible; MJ12bot/v1.4.8; http://mj12bot.com/)"
65.108.143.154 - - [06/May/2022:03:44:34 +0200] "GET /-p-27718.html HTTP/1.0" 200 70808 "-" "Mozilla/5.0 (compatible; MJ12bot/v1.4.8; http://mj12bot.com/)"
65.108.125.120 - - [06/May/2022:03:44:35 +0200] "GET /skull-with-hat-figure-p-34496.html HTTP/1.0" 301 73541 "-" "Mozilla/5.0 (compatible; MJ12bot/v1.4.8; http://mj12bot.com/)"
173.208.206.50 - - [06/May/2022:03:44:36 +0200] "GET /-p-1284.html HTTP/1.0" 200 70806 "-" "Mozilla/5.0 (compatible; MJ12bot/v1.4.8; http://mj12bot.com/)"
65.108.143.154 - - [06/May/2022:03:44:37 +0200] "GET /dressing-princess-p-17770.html HTTP/1.0" 301 70875 "-" "Mozilla/5.0 (compatible; MJ12bot/v1.4.8; http://mj12bot.com/)"
65.108.143.154 - - [06/May/2022:03:44:40 +0200] "GET /-p-17770.html HTTP/1.0" 200 70808 "-" "Mozilla/5.0 (compatible; MJ12bot/v1.4.8; http://mj12bot.com/)"
54.36.148.243 - - [06/May/2022:03:44:40 +0200] "GET /lisboa-p-47119.html HTTP/1.0" 200 74124 "-" "Mozilla/5.0 (compatible; AhrefsBot/7.0; +http://ahrefs.com/robot/)"
46.4.108.51 - - [06/May/2022:03:44:40 +0200] "GET /tray-with-buffalo-head-mango-wood-p-55120.html HTTP/1.0" 200 74476 "-" "Mozilla/5.0 (compatible; BLEXBot/1.0; +http://webmeup-crawler.com/)"
65.108.125.120 - - [06/May/2022:03:44:42 +0200] "GET /skull-with-figure-p-34496.html HTTP/1.0" 200 73457 "-" "Mozilla/5.0 (compatible; MJ12bot/v1.4.8; http://mj12bot.com/)"
65.108.143.154 - - [06/May/2022:03:44:43 +0200] "GET /drinking-drink-fountain-p-44011.html HTTP/1.0" 301 70875 "-" "Mozilla/5.0 (compatible; MJ12bot/v1.4.8; http://mj12bot.com/)"
54.36.148.89 - - [06/May/2022:03:44:45 +0200] "GET /images/big_prod_2/3520071592442c.jpg HTTP/1.0" 200 271 "-" "Mozilla/5.0 (compatible; AhrefsBot/7.0; +http://ahrefs.com/robot/)"
173.208.206.50 - - [06/May/2022:03:44:44 +0200] "GET /-p-12907.html HTTP/1.0" 200 70808 "-" "Mozilla/5.0 (compatible; MJ12bot/v1.4.8; http://mj12bot.com/)"
54.36.148.173 - - [06/May/2022:03:44:45 +0200] "GET /images/big_prod/3520071592442.jpg HTTP/1.0" 200 268 "-" "Mozilla/5.0 (compatible; AhrefsBot/7.0; +http://ahrefs.com/robot/)"
54.36.149.54 - - [06/May/2022:03:44:46 +0200] "GET /images/big_prod_1/3520071592442d.jpg HTTP/1.0" 200 271 "-" "Mozilla/5.0 (compatible; AhrefsBot/7.0; +http://ahrefs.com/robot/)"
65.108.143.154 - - [06/May/2022:03:44:46 +0200] "GET /-p-44011.html HTTP/1.0" 200 70808 "-" "Mozilla/5.0 (compatible; MJ12bot/v1.4.8; http://mj12bot.com/)"
65.108.125.120 - - [06/May/2022:03:44:48 +0200] "GET /skull-yellow-moneybox-p-34176.html HTTP/1.0" 200 70904 "-" "Mozilla/5.0 (compatible; MJ12bot/v1.4.8; http://mj12bot.com/)"
40.77.167.0 - - [06/May/2022:03:44:48 +0200] "GET /soft-toys-security-blanket-c-4_46.html HTTP/1.0" 200 92521 "-" "Mozilla/5.0 (compatible; bingbot/2.0; +http://www.bing.com/bingbot.htm)"
111.225.146.226 - - [06/May/2022:03:44:50 +0200] "GET /images/mini_prod/8427787039320.jpg HTTP/1.0" 200 269 "-" "Mozilla/5.0 (Macintosh; Intel Mac OS X 10_12_4) AppleWebKit/537.36 (KHTML, like Gecko) Chrome/58.0.3029.110 Safari/537.36"
65.108.143.154 - - [06/May/2022:03:44:49 +0200] "GET /ds-citren-clock-p-23285.html HTTP/1.0" 301 70875 "-" "Mozilla/5.0 (compatible; MJ12bot/v1.4.8; http://mj12bot.com/)"
173.208.206.50 - - [06/May/2022:03:44:51 +0200] "GET /-p-12925.html HTTP/1.0" 200 70808 "-" "Mozilla/5.0 (compatible; MJ12bot/v1.4.8; http://mj12bot.com/)"
65.108.143.154 - - [06/May/2022:03:44:53 +0200] "GET /-p-23285.html HTTP/1.0" 200 70808 "-" "Mozilla/5.0 (compatible; MJ12bot/v1.4.8; http://mj12bot.com/)"
65.108.125.120 - - [06/May/2022:03:44:54 +0200] "GET /slater-small-ashtray-blue-p-47855.html HTTP/1.0" 200 73429 "-" "Mozilla/5.0 (compatible; MJ12bot/v1.4.8; http://mj12bot.com/)"
65.108.143.154 - - [06/May/2022:03:44:55 +0200] "GET /dubout-cats-thermometer-p-40028.html HTTP/1.0" 200 73494 "-" "Mozilla/5.0 (compatible; MJ12bot/v1.4.8; http://mj12bot.com/)"
173.208.206.50 - - [06/May/2022:03:44:57 +0200] "GET /-p-12931.html HTTP/1.0" 200 70808 "-" "Mozilla/5.0 (compatible; MJ12bot/v1.4.8; http://mj12bot.com/)"
46.4.108.51 - - [06/May/2022:03:44:58 +0200] "GET /tray-wooden-legs-p-57092.html HTTP/1.0" 200 74429 "-" "Mozilla/5.0 (compatible; BLEXBot/1.0; +http://webmeup-crawler.com/)"
65.108.143.154 - - [06/May/2022:03:44:58 +0200] "GET /duck-keychains-p-27213.html HTTP/1.0" 301 70875 "-" "Mozilla/5.0 (compatible; MJ12bot/v1.4.8; http://mj12bot.com/)"
65.108.125.120 - - [06/May/2022:03:45:00 +0200] "GET /sleepwear-c-2_42.html?page=1 HTTP/1.0" 200 69734 "-" "Mozilla/5.0 (compatible; MJ12bot/v1.4.8; http://mj12bot.com/)"
173.208.206.50 - - [06/May/2022:03:45:01 +0200] "GET /-p-12939.html HTTP/1.0" 200 70808 "-" "Mozilla/5.0 (compatible; MJ12bot/v1.4.8; http://mj12bot.com/)"
65.108.143.154 - - [06/May/2022:03:45:02 +0200] "GET /-p-27213.html HTTP/1.0" 200 70808 "-" "Mozilla/5.0 (compatible; MJ12bot/v1.4.8; http://mj12bot.com/)"
65.108.143.154 - - [06/May/2022:03:45:05 +0200] "GET /duvet-cover-cotton-percale-threads-p-43840.html HTTP/1.0" 200 73746 "-" "Mozilla/5.0 (compatible; MJ12bot/v1.4.8; http://mj12bot.com/)"
65.108.125.120 - - [06/May/2022:03:45:07 +0200] "GET /sleepwear-c-2_42.html?page=2 HTTP/1.0" 200 69734 "-" "Mozilla/5.0 (compatible; MJ12bot/v1.4.8; http://mj12bot.com/)"
173.208.206.50 - - [06/May/2022:03:45:08 +0200] "GET /-p-12944.html HTTP/1.0" 200 70808 "-" "Mozilla/5.0 (compatible; MJ12bot/v1.4.8; http://mj12bot.com/)"
65.108.143.154 - - [06/May/2022:03:45:08 +0200] "GET /duvet-cover-in-cotton-percale-80-threads-240-220-cm-p-43840.html HTTP/1.0" 301 73847 "-" "Mozilla/5.0 (compatible; MJ12bot/v1.4.8; http://mj12bot.com/)"
65.108.143.154 - - [06/May/2022:03:45:13 +0200] "GET /duvet-cover-cotton-percale-threads-p-43840.html HTTP/1.0" 200 73746 "-" "Mozilla/5.0 (compatible; MJ12bot/v1.4.8; http://mj12bot.com/)"
65.108.125.120 - - [06/May/2022:03:45:14 +0200] "GET /sleepy-figure-collection-disney-tired-dwarf-p-23122.html HTTP/1.0" 200 73670 "-" "Mozilla/5.0 (compatible; MJ12bot/v1.4.8; http://mj12bot.com/)"
111.225.146.211 - - [06/May/2022:03:45:16 +0200] "GET /images/mini_prod/5701359678982.jpg HTTP/1.0" 200 269 "-" "Mozilla/5.0 (Macintosh; Intel Mac OS X 10_12_4) AppleWebKit/537.36 (KHTML, like Gecko) Chrome/58.0.3029.110 Safari/537.36"
173.208.206.50 - - [06/May/2022:03:45:14 +0200] "GET /-p-12970.html HTTP/1.0" 200 70808 "-" "Mozilla/5.0 (compatible; MJ12bot/v1.4.8; http://mj12bot.com/)"
185.191.171.43 - - [06/May/2022:03:45:17 +0200] "GET /love-cats-salt-pepper-shakers-p-45924.html?action=add_product HTTP/1.0" 302 476 "-" "Mozilla/5.0 (compatible; SemrushBot/7~bl; +http://www.semrush.com/bot.html)"
65.108.143.154 - - [06/May/2022:03:45:16 +0200] "GET /earth-globe-decoration-p-50902.html HTTP/1.0" 200 73501 "-" "Mozilla/5.0 (compatible; MJ12bot/v1.4.8; http://mj12bot.com/)"
65.108.125.120 - - [06/May/2022:03:45:19 +0200] "GET /slipper-socks-wich-gripper-soles-27-28-p-25584.html HTTP/1.0" 301 70875 "-" "Mozilla/5.0 (compatible; MJ12bot/v1.4.8; http://mj12bot.com/)"
65.108.143.154 - - [06/May/2022:03:45:19 +0200] "GET /earth-globe-tripod-decoration-p-56747.html HTTP/1.0" 200 70914 "-" "Mozilla/5.0 (compatible; MJ12bot/v1.4.8; http://mj12bot.com/)"
173.208.206.50 - - [06/May/2022:03:45:22 +0200] "GET /-p-12980.html HTTP/1.0" 200 70808 "-" "Mozilla/5.0 (compatible; MJ12bot/v1.4.8; http://mj12bot.com/)"
65.108.143.154 - - [06/May/2022:03:45:23 +0200] "GET /eeyore-peel-and-stick-wall-decals-p-22528.html HTTP/1.0" 301 73722 "-" "Mozilla/5.0 (compatible; MJ12bot/v1.4.8; http://mj12bot.com/)"
65.108.125.120 - - [06/May/2022:03:45:26 +0200] "GET /-p-25584.html HTTP/1.0" 200 70808 "-" "Mozilla/5.0 (compatible; MJ12bot/v1.4.8; http://mj12bot.com/)"
65.108.143.154 - - [06/May/2022:03:45:27 +0200] "GET /eeyore-peel-stick-wall-decals-p-22528.html HTTP/1.0" 200 73626 "-" "Mozilla/5.0 (compatible; MJ12bot/v1.4.8; http://mj12bot.com/)"
173.208.206.50 - - [06/May/2022:03:45:28 +0200] "GET /-p-12983.html HTTP/1.0" 200 70808 "-" "Mozilla/5.0 (compatible; MJ12bot/v1.4.8; http://mj12bot.com/)"
213.173.103.138 - - [06/May/2022:03:45:31 +0200] "GET /images/mini_prod/3014627830152.jpg HTTP/1.0" 200 269 "-" "Mozilla/5.0 (X11; Ubuntu; Linux x86_64; rv:72.0) Gecko/20100101 Firefox/72.0"
65.108.143.154 - - [06/May/2022:03:45:30 +0200] "GET /eeyore-peel-stick-wall-decals-p-22528.html HTTP/1.0" 200 73626 "-" "Mozilla/5.0 (compatible; MJ12bot/v1.4.8; http://mj12bot.com/)"
65.108.125.120 - - [06/May/2022:03:45:33 +0200] "GET /slipper-socks-wich-gripper-soles-27-30-p-25156.html HTTP/1.0" 301 70875 "-" "Mozilla/5.0 (compatible; MJ12bot/v1.4.8; http://mj12bot.com/)"
65.108.143.154 - - [06/May/2022:03:45:33 +0200] "GET /egyptian-pottery-frame-canvas-p-31952.html HTTP/1.0" 200 73547 "-" "Mozilla/5.0 (compatible; MJ12bot/v1.4.8; http://mj12bot.com/)"
173.208.206.50 - - [06/May/2022:03:45:34 +0200] "GET /-p-12984.html HTTP/1.0" 200 70808 "-" "Mozilla/5.0 (compatible; MJ12bot/v1.4.8; http://mj12bot.com/)"
65.108.143.154 - - [06/May/2022:03:45:36 +0200] "GET /electronic-kitchen-for-child-faro-p-17783.html HTTP/1.0" 301 70875 "-" "Mozilla/5.0 (compatible; MJ12bot/v1.4.8; http://mj12bot.com/)"
65.108.125.120 - - [06/May/2022:03:45:37 +0200] "GET /-p-25156.html HTTP/1.0" 200 70808 "-" "Mozilla/5.0 (compatible; MJ12bot/v1.4.8; http://mj12bot.com/)"
66.249.73.134 - - [06/May/2022:03:45:39 +0200] "GET /images/big_prod/8422016125515.jpg HTTP/1.0" 200 268 "-" "Googlebot-Image/1.0"
65.108.143.154 - - [06/May/2022:03:45:39 +0200] "GET /-p-17783.html HTTP/1.0" 200 70808 "-" "Mozilla/5.0 (compatible; MJ12bot/v1.4.8; http://mj12bot.com/)"
173.208.206.50 - - [06/May/2022:03:45:40 +0200] "GET /-p-12987.html HTTP/1.0" 200 70808 "-" "Mozilla/5.0 (compatible; MJ12bot/v1.4.8; http://mj12bot.com/)"
65.108.143.154 - - [06/May/2022:03:45:41 +0200] "GET /electronic-lightsaber-darth-vader-star-wars-episode-vii-p-34579.html HTTP/1.0" 301 70875 "-" "Mozilla/5.0 (compatible; MJ12bot/v1.4.8; http://mj12bot.com/)"
54.36.148.243 - - [06/May/2022:03:45:42 +0200] "GET /hermine-mouse-plush-beige-water-bottle-p-57523.html HTTP/1.0" 200 74432 "-" "Mozilla/5.0 (compatible; AhrefsBot/7.0; +http://ahrefs.com/robot/)"
65.108.143.154 - - [06/May/2022:03:45:44 +0200] "GET /-p-34579.html HTTP/1.0" 200 70808 "-" "Mozilla/5.0 (compatible; MJ12bot/v1.4.8; http://mj12bot.com/)"
65.108.125.120 - - [06/May/2022:03:45:45 +0200] "GET /small-album-tattoos-model-p-21475.html HTTP/1.0" 200 70945 "-" "Mozilla/5.0 (compatible; MJ12bot/v1.4.8; http://mj12bot.com/)"
173.208.206.50 - - [06/May/2022:03:45:46 +0200] "GET /-p-12988.html HTTP/1.0" 200 70808 "-" "Mozilla/5.0 (compatible; MJ12bot/v1.4.8; http://mj12bot.com/)"
65.108.143.154 - - [06/May/2022:03:45:47 +0200] "GET /elephant-bling-statuette-16-cm-p-36375.html HTTP/1.0" 301 70875 "-" "Mozilla/5.0 (compatible; MJ12bot/v1.4.8; http://mj12bot.com/)"
65.108.125.120 - - [06/May/2022:03:45:49 +0200] "GET /small-bamboo-cup-humming-bird-p-49581.html HTTP/1.0" 301 73632 "-" "Mozilla/5.0 (compatible; MJ12bot/v1.4.8; http://mj12bot.com/)"
65.108.143.154 - - [06/May/2022:03:45:50 +0200] "GET /-p-36375.html HTTP/1.0" 200 70808 "-" "Mozilla/5.0 (compatible; MJ12bot/v1.4.8; http://mj12bot.com/)"
65.108.143.154 - - [06/May/2022:03:45:53 +0200] "GET /esotericism-lithotherapy-c-174.html?page=4 HTTP/1.0" 200 92117 "-" "Mozilla/5.0 (compatible; MJ12bot/v1.4.8; http://mj12bot.com/)"
173.208.206.50 - - [06/May/2022:03:45:53 +0200] "GET /-p-13023.html HTTP/1.0" 200 70808 "-" "Mozilla/5.0 (compatible; MJ12bot/v1.4.8; http://mj12bot.com/)"
65.108.125.120 - - [06/May/2022:03:45:55 +0200] "GET /small-bamboo-humming-bird-p-49581.html HTTP/1.0" 200 73540 "-" "Mozilla/5.0 (compatible; MJ12bot/v1.4.8; http://mj12bot.com/)"
65.108.143.154 - - [06/May/2022:03:45:56 +0200] "GET /esotericism-lithotherapy-c-174.html?page=5 HTTP/1.0" 200 88376 "-" "Mozilla/5.0 (compatible; MJ12bot/v1.4.8; http://mj12bot.com/)"
46.4.108.51 - - [06/May/2022:03:45:56 +0200] "GET /trays-c-12_159.html?page=10 HTTP/1.0" 200 92584 "-" "Mozilla/5.0 (compatible; BLEXBot/1.0; +http://webmeup-crawler.com/)"
185.191.171.7 - - [06/May/2022:03:45:59 +0200] "GET /metal-deco-support-coffee-pods-45-30-cm-p-43987.html HTTP/1.0" 301 71079 "-" "Mozilla/5.0 (compatible; SemrushBot/7~bl; +http://www.semrush.com/bot.html)"
173.208.206.50 - - [06/May/2022:03:46:00 +0200] "GET /-p-13060.html HTTP/1.0" 200 70808 "-" "Mozilla/5.0 (compatible; MJ12bot/v1.4.8; http://mj12bot.com/)"
65.108.143.154 - - [06/May/2022:03:45:59 +0200] "GET /esotericism-lithotherapy-c-174.html?page=6 HTTP/1.0" 200 88376 "-" "Mozilla/5.0 (compatible; MJ12bot/v1.4.8; http://mj12bot.com/)"
185.191.171.15 - - [06/May/2022:03:46:02 +0200] "GET /metal-deco-support-coffee-pods-p-43987.html HTTP/1.0" 200 70982 "-" "Mozilla/5.0 (compatible; SemrushBot/7~bl; +http://www.semrush.com/bot.html)"
65.108.125.120 - - [06/May/2022:03:46:02 +0200] "GET /small-bamboo-humming-bird-p-49581.html HTTP/1.0" 200 73540 "-" "Mozilla/5.0 (compatible; MJ12bot/v1.4.8; http://mj12bot.com/)"
65.108.143.154 - - [06/May/2022:03:46:04 +0200] "GET /esotericism-lithotherapy-c-174.html?page=7 HTTP/1.0" 200 88376 "-" "Mozilla/5.0 (compatible; MJ12bot/v1.4.8; http://mj12bot.com/)"
173.208.206.50 - - [06/May/2022:03:46:05 +0200] "GET /-p-13062.html HTTP/1.0" 200 70808 "-" "Mozilla/5.0 (compatible; MJ12bot/v1.4.8; http://mj12bot.com/)"
185.191.171.40 - - [06/May/2022:03:46:05 +0200] "GET /resin-boho-planter-legs-p-58092.html HTTP/1.0" 301 73826 "-" "Mozilla/5.0 (compatible; SemrushBot/7~bl; +http://www.semrush.com/bot.html)"
65.108.143.154 - - [06/May/2022:03:46:07 +0200] "GET /esotericism-lithotherapy-c-174.html?page=8 HTTP/1.0" 200 88376 "-" "Mozilla/5.0 (compatible; MJ12bot/v1.4.8; http://mj12bot.com/)"
65.108.125.120 - - [06/May/2022:03:46:08 +0200] "GET /small-bamboo-table-lamp-white-shade-p-54582.html HTTP/1.0" 200 74801 "-" "Mozilla/5.0 (compatible; MJ12bot/v1.4.8; http://mj12bot.com/)"
185.191.171.19 - - [06/May/2022:03:46:09 +0200] "GET /bohemian-planter-with-resin-feet-p-58092.html HTTP/1.0" 200 73727 "-" "Mozilla/5.0 (compatible; SemrushBot/7~bl; +http://www.semrush.com/bot.html)"
65.108.143.154 - - [06/May/2022:03:46:11 +0200] "GET /espresso-p-15595.html HTTP/1.0" 200 70846 "-" "Mozilla/5.0 (compatible; MJ12bot/v1.4.8; http://mj12bot.com/)"
185.191.171.18 - - [06/May/2022:03:46:12 +0200] "GET /blue-bamboo-bowl-p-54152.html HTTP/1.0" 200 70862 "-" "Mozilla/5.0 (compatible; SemrushBot/7~bl; +http://www.semrush.com/bot.html)"
173.208.206.50 - - [06/May/2022:03:46:13 +0200] "GET /-p-13088.html HTTP/1.0" 200 70808 "-" "Mozilla/5.0 (compatible; MJ12bot/v1.4.8; http://mj12bot.com/)"
185.191.171.19 - - [06/May/2022:03:46:15 +0200] "GET /white-shell-samsung-with-personalized-picture-p-16356.html?action=add_product HTTP/1.0" 302 476 "-" "Mozilla/5.0 (compatible; SemrushBot/7~bl; +http://www.semrush.com/bot.html)"
65.108.143.154 - - [06/May/2022:03:46:15 +0200] "GET /ethnic-tray-in-natural-bamboo-cane-35-cm-p-44987.html HTTP/1.0" 301 73752 "-" "Mozilla/5.0 (compatible; MJ12bot/v1.4.8; http://mj12bot.com/)"
65.108.125.120 - - [06/May/2022:03:46:17 +0200] "GET /small-bamboo-table-lamp-white-shade-p-54583.html HTTP/1.0" 200 74800 "-" "Mozilla/5.0 (compatible; MJ12bot/v1.4.8; http://mj12bot.com/)"
65.108.143.154 - - [06/May/2022:03:46:17 +0200] "GET /ethnic-tray-natural-bamboo-cane-p-44987.html HTTP/1.0" 200 73654 "-" "Mozilla/5.0 (compatible; MJ12bot/v1.4.8; http://mj12bot.com/)"
65.108.143.154 - - [06/May/2022:03:46:20 +0200] "GET /ethnic-tray-natural-bamboo-cane-p-44987.html HTTP/1.0" 200 73654 "-" "Mozilla/5.0 (compatible; MJ12bot/v1.4.8; http://mj12bot.com/)"
65.108.125.120 - - [06/May/2022:03:46:21 +0200] "GET /small-croco-money-p-56883.html HTTP/1.0" 200 74223 "-" "Mozilla/5.0 (compatible; MJ12bot/v1.4.8; http://mj12bot.com/)"
213.173.103.230 - - [06/May/2022:03:46:22 +0200] "GET /images/mini_prod/3612874112801.jpg HTTP/1.0" 200 269 "-" "Mozilla/5.0 (X11; Ubuntu; Linux x86_64; rv:72.0) Gecko/20100101 Firefox/72.0"
173.208.206.50 - - [06/May/2022:03:46:21 +0200] "GET /-p-13107.html HTTP/1.0" 200 70808 "-" "Mozilla/5.0 (compatible; MJ12bot/v1.4.8; http://mj12bot.com/)"
65.108.143.154 - - [06/May/2022:03:46:23 +0200] "GET /exost-radio-controlled-car-p-29394.html HTTP/1.0" 301 70875 "-" "Mozilla/5.0 (compatible; MJ12bot/v1.4.8; http://mj12bot.com/)"
65.108.143.154 - - [06/May/2022:03:46:26 +0200] "GET /-p-29394.html HTTP/1.0" 200 70808 "-" "Mozilla/5.0 (compatible; MJ12bot/v1.4.8; http://mj12bot.com/)"
173.208.206.50 - - [06/May/2022:03:46:28 +0200] "GET /-p-13108.html HTTP/1.0" 200 70808 "-" "Mozilla/5.0 (compatible; MJ12bot/v1.4.8; http://mj12bot.com/)"
65.108.143.154 - - [06/May/2022:03:46:29 +0200] "GET /fairy-accessories-p-27849.html HTTP/1.0" 200 70884 "-" "Mozilla/5.0 (compatible; MJ12bot/v1.4.8; http://mj12bot.com/)"
46.4.108.51 - - [06/May/2022:03:46:30 +0200] "GET /trays-c-12_159.html?page=11 HTTP/1.0" 200 91561 "-" "Mozilla/5.0 (compatible; BLEXBot/1.0; +http://webmeup-crawler.com/)"
65.108.125.120 - - [06/May/2022:03:46:31 +0200] "GET /small-patinated-gold-turtle-statuette-p-56914.html HTTP/1.0" 200 74230 "-" "Mozilla/5.0 (compatible; MJ12bot/v1.4.8; http://mj12bot.com/)"
65.108.143.154 - - [06/May/2022:03:46:32 +0200] "GET /fairy-accessories-p-27850.html HTTP/1.0" 200 73714 "-" "Mozilla/5.0 (compatible; MJ12bot/v1.4.8; http://mj12bot.com/)"
173.208.206.50 - - [06/May/2022:03:46:34 +0200] "GET /-p-13117.html HTTP/1.0" 200 70808 "-" "Mozilla/5.0 (compatible; MJ12bot/v1.4.8; http://mj12bot.com/)"
65.108.143.154 - - [06/May/2022:03:46:37 +0200] "GET /feathers-bedclothes-240-220-cm-p-36590.html HTTP/1.0" 301 70875 "-" "Mozilla/5.0 (compatible; MJ12bot/v1.4.8; http://mj12bot.com/)"
65.108.125.120 - - [06/May/2022:03:46:39 +0200] "GET /smasha-ballz-brainz-plush-p-25053.html HTTP/1.0" 301 70875 "-" "Mozilla/5.0 (compatible; MJ12bot/v1.4.8; http://mj12bot.com/)"
54.36.148.243 - - [06/May/2022:03:46:39 +0200] "GET /schott-backpack-army-navy-p-44881.html HTTP/1.0" 200 74622 "-" "Mozilla/5.0 (compatible; AhrefsBot/7.0; +http://ahrefs.com/robot/)"
173.208.206.50 - - [06/May/2022:03:46:41 +0200] "GET /-p-13119.html HTTP/1.0" 200 70808 "-" "Mozilla/5.0 (compatible; MJ12bot/v1.4.8; http://mj12bot.com/)"
65.108.143.154 - - [06/May/2022:03:46:40 +0200] "GET /-p-36590.html HTTP/1.0" 200 70808 "-" "Mozilla/5.0 (compatible; MJ12bot/v1.4.8; http://mj12bot.com/)"
65.108.143.154 - - [06/May/2022:03:46:44 +0200] "GET /feng-shui-chakra-gemstone-spheres-p-53739.html HTTP/1.0" 200 74246 "-" "Mozilla/5.0 (compatible; MJ12bot/v1.4.8; http://mj12bot.com/)"
65.108.125.120 - - [06/May/2022:03:46:45 +0200] "GET /-p-25053.html HTTP/1.0" 200 70808 "-" "Mozilla/5.0 (compatible; MJ12bot/v1.4.8; http://mj12bot.com/)"
173.208.206.50 - - [06/May/2022:03:46:47 +0200] "GET /-p-13120.html HTTP/1.0" 200 70808 "-" "Mozilla/5.0 (compatible; MJ12bot/v1.4.8; http://mj12bot.com/)"
65.108.143.154 - - [06/May/2022:03:46:47 +0200] "GET /fiat-500-sport-clock-p-17068.html HTTP/1.0" 301 70875 "-" "Mozilla/5.0 (compatible; MJ12bot/v1.4.8; http://mj12bot.com/)"
65.108.143.154 - - [06/May/2022:03:46:50 +0200] "GET /-p-17068.html HTTP/1.0" 200 70808 "-" "Mozilla/5.0 (compatible; MJ12bot/v1.4.8; http://mj12bot.com/)"
111.225.144.136 - - [06/May/2022:03:46:52 +0200] "GET /images/mini_prod/3453131143172.jpg HTTP/1.0" 200 269 "-" "Mozilla/5.0 (Macintosh; Intel Mac OS X 10_12_4) AppleWebKit/537.36 (KHTML, like Gecko) Chrome/58.0.3029.110 Safari/537.36"
65.108.125.120 - - [06/May/2022:03:46:52 +0200] "GET /smasha-ballz-mandroid-plush-p-25055.html HTTP/1.0" 301 70875 "-" "Mozilla/5.0 (compatible; MJ12bot/v1.4.8; http://mj12bot.com/)"
65.108.143.154 - - [06/May/2022:03:46:53 +0200] "GET /figure-sonny-angel-halloween-2021-series-p-56922.html HTTP/1.0" 200 74393 "-" "Mozilla/5.0 (compatible; MJ12bot/v1.4.8; http://mj12bot.com/)"
185.191.171.40 - - [06/May/2022:03:46:54 +0200] "GET /coasters-argentina-cbkreation-p-15023.html HTTP/1.0" 200 73642 "-" "Mozilla/5.0 (compatible; SemrushBot/7~bl; +http://www.semrush.com/bot.html)"
173.208.206.50 - - [06/May/2022:03:46:54 +0200] "GET /-p-13204.html HTTP/1.0" 200 70808 "-" "Mozilla/5.0 (compatible; MJ12bot/v1.4.8; http://mj12bot.com/)"
65.108.143.154 - - [06/May/2022:03:46:56 +0200] "GET /figurine-sonny-angel-christmas-2021-series-p-56923.html HTTP/1.0" 200 74642 "-" "Mozilla/5.0 (compatible; MJ12bot/v1.4.8; http://mj12bot.com/)"
65.108.125.120 - - [06/May/2022:03:46:56 +0200] "GET /-p-25055.html HTTP/1.0" 200 70808 "-" "Mozilla/5.0 (compatible; MJ12bot/v1.4.8; http://mj12bot.com/)"
65.108.143.154 - - [06/May/2022:03:46:59 +0200] "GET /fitted-sheet-cotton-percale-threads-p-43836.html HTTP/1.0" 200 73780 "-" "Mozilla/5.0 (compatible; MJ12bot/v1.4.8; http://mj12bot.com/)"
65.108.143.154 - - [06/May/2022:03:47:02 +0200] "GET /fitted-sheet-cotton-percale-threads-p-43837.html HTTP/1.0" 200 73780 "-" "Mozilla/5.0 (compatible; MJ12bot/v1.4.8; http://mj12bot.com/)"
