114.119.137.252 - - [06/May/2022:04:55:53 +0200] "GET /rectangular-signboard-arrow-wood-model-p-45477.html HTTP/1.0" 200 73623 "-" "Mozilla/5.0 (Linux; Android 7.0;) AppleWebKit/537.36 (KHTML, like Gecko) Mobile Safari/537.36 (compatible; PetalBot;+https://webmaster.petalsearch.com/site/petalbot)"
5.9.66.153 - - [06/May/2022:04:55:56 +0200] "GET /large-jar-candle-oud-bloom-p-49926.html HTTP/1.0" 301 74078 "-" "Mozilla/5.0 (compatible; MJ12bot/v1.4.8; http://mj12bot.com/)"
5.9.66.153 - - [06/May/2022:04:56:02 +0200] "GET /large-candle-bloom-p-49926.html HTTP/1.0" 200 73993 "-" "Mozilla/5.0 (compatible; MJ12bot/v1.4.8; http://mj12bot.com/)"
54.36.148.243 - - [06/May/2022:04:56:04 +0200] "GET /small-japanese-blue-cast-iron-teapot-liter-p-54897.html HTTP/1.0" 200 73784 "-" "Mozilla/5.0 (compatible; AhrefsBot/7.0; +http://ahrefs.com/robot/)"
5.9.66.153 - - [06/May/2022:04:56:07 +0200] "GET /large-jar-candle-spicy-mandarin-p-49927.html HTTP/1.0" 301 71002 "-" "Mozilla/5.0 (compatible; MJ12bot/v1.4.8; http://mj12bot.com/)"
5.9.66.153 - - [06/May/2022:04:56:12 +0200] "GET /large-candle-spicy-mandarin-p-49927.html HTTP/1.0" 200 70908 "-" "Mozilla/5.0 (compatible; MJ12bot/v1.4.8; http://mj12bot.com/)"
5.9.66.153 - - [06/May/2022:04:56:17 +0200] "GET /large-metal-plate-light-arrow-p-47993.html HTTP/1.0" 200 70918 "-" "Mozilla/5.0 (compatible; MJ12bot/v1.4.8; http://mj12bot.com/)"
47.254.91.81 - - [06/May/2022:04:56:20 +0200] "GET /images/mini_prod/1384010206430.jpg HTTP/1.0" 200 269 "-" "Mozilla/5.0 (X11; Ubuntu; Linux x86_64; rv:72.0) Gecko/20100101 Firefox/72.0"
185.191.171.24 - - [06/May/2022:04:56:21 +0200] "GET /small-gorjuss-tall-tails-backpack-p-53967.html?action=add_product HTTP/1.0" 302 476 "-" "Mozilla/5.0 (compatible; SemrushBot/7~bl; +http://www.semrush.com/bot.html)"
46.4.108.51 - - [06/May/2022:04:55:55 +0200] "GET /wall-sticker-c-13_187.html?page=11 HTTP/1.0" 200 94835 "-" "Mozilla/5.0 (compatible; BLEXBot/1.0; +http://webmeup-crawler.com/)"
185.191.171.19 - - [06/May/2022:04:56:22 +0200] "GET /despicable-pencil-case-p-35773.html?action=add_product HTTP/1.0" 302 476 "-" "Mozilla/5.0 (compatible; SemrushBot/7~bl; +http://www.semrush.com/bot.html)"
5.9.66.153 - - [06/May/2022:04:56:22 +0200] "GET /las-vegas-casino-metal-wall-decoration-80-cm-p-44438.html HTTP/1.0" 301 73778 "-" "Mozilla/5.0 (compatible; MJ12bot/v1.4.8; http://mj12bot.com/)"
5.9.66.153 - - [06/May/2022:04:56:29 +0200] "GET /vegas-casino-metal-wall-decoration-p-44438.html HTTP/1.0" 200 73677 "-" "Mozilla/5.0 (compatible; MJ12bot/v1.4.8; http://mj12bot.com/)"
5.9.66.153 - - [06/May/2022:04:56:34 +0200] "GET /lavender-liquid-soap-dispenser-p-44975.html HTTP/1.0" 200 73546 "-" "Mozilla/5.0 (compatible; MJ12bot/v1.4.8; http://mj12bot.com/)"
111.225.144.243 - - [06/May/2022:04:56:42 +0200] "GET /images/mini_prod/3660173208367.jpg HTTP/1.0" 200 269 "-" "Mozilla/5.0 (Macintosh; Intel Mac OS X 10_12_4) AppleWebKit/537.36 (KHTML, like Gecko) Chrome/58.0.3029.110 Safari/537.36"
5.9.66.153 - - [06/May/2022:04:56:41 +0200] "GET /lion-king-bedclothes-p-49666.html HTTP/1.0" 301 70875 "-" "Mozilla/5.0 (compatible; MJ12bot/v1.4.8; http://mj12bot.com/)"
5.9.66.153 - - [06/May/2022:04:56:46 +0200] "GET /-p-49666.html HTTP/1.0" 200 70808 "-" "Mozilla/5.0 (compatible; MJ12bot/v1.4.8; http://mj12bot.com/)"
5.9.66.153 - - [06/May/2022:04:56:51 +0200] "GET /luggages-schoolbags-leather-shop/suitcaselittle-suitcase-trolley/spiderman-suitcase-p-20872.html HTTP/1.0" 301 70875 "-" "Mozilla/5.0 (compatible; MJ12bot/v1.4.8; http://mj12bot.com/)"
5.9.66.153 - - [06/May/2022:04:56:56 +0200] "GET /-p-20872.html HTTP/1.0" 200 70808 "-" "Mozilla/5.0 (compatible; MJ12bot/v1.4.8; http://mj12bot.com/)"
111.225.146.199 - - [06/May/2022:04:57:01 +0200] "GET /images/mini_prod/3560600297318.jpg HTTP/1.0" 200 269 "-" "Mozilla/5.0 (Macintosh; Intel Mac OS X 10_12_4) AppleWebKit/537.36 (KHTML, like Gecko) Chrome/58.0.3029.110 Safari/537.36"
5.9.66.153 - - [06/May/2022:04:57:01 +0200] "GET /magnet-tour-de-france-p-51687.html HTTP/1.0" 301 73491 "-" "Mozilla/5.0 (compatible; MJ12bot/v1.4.8; http://mj12bot.com/)"
185.191.171.11 - - [06/May/2022:04:57:06 +0200] "GET /large-backpack-luna-disney-p-36296.html HTTP/1.0" 200 73785 "-" "Mozilla/5.0 (compatible; SemrushBot/7~bl; +http://www.semrush.com/bot.html)"
5.9.66.153 - - [06/May/2022:04:57:09 +0200] "GET /magnet-tour-france-p-51687.html HTTP/1.0" 200 73406 "-" "Mozilla/5.0 (compatible; MJ12bot/v1.4.8; http://mj12bot.com/)"
54.36.148.243 - - [06/May/2022:04:57:16 +0200] "GET /london-union-jack-clock-p-10801.html HTTP/1.0" 200 73441 "-" "Mozilla/5.0 (compatible; AhrefsBot/7.0; +http://ahrefs.com/robot/)"
5.9.66.153 - - [06/May/2022:04:57:17 +0200] "GET /magnet-tour-france-p-51687.html HTTP/1.0" 200 73406 "-" "Mozilla/5.0 (compatible; MJ12bot/v1.4.8; http://mj12bot.com/)"
111.225.144.144 - - [06/May/2022:04:57:24 +0200] "GET /images/mini_prod/1384010178959.jpg HTTP/1.0" 200 269 "-" "Mozilla/5.0 (Macintosh; Intel Mac OS X 10_12_4) AppleWebKit/537.36 (KHTML, like Gecko) Chrome/58.0.3029.110 Safari/537.36"
111.225.144.158 - - [06/May/2022:04:57:24 +0200] "GET /images/mini_prod/3438100338964.jpg HTTP/1.0" 200 269 "-" "Mozilla/5.0 (Macintosh; Intel Mac OS X 10_12_4) AppleWebKit/537.36 (KHTML, like Gecko) Chrome/58.0.3029.110 Safari/537.36"
5.9.66.153 - - [06/May/2022:04:57:23 +0200] "GET /mandala-grey-clock-30-cm-p-44978.html HTTP/1.0" 301 70977 "-" "Mozilla/5.0 (compatible; MJ12bot/v1.4.8; http://mj12bot.com/)"
5.9.66.153 - - [06/May/2022:04:57:27 +0200] "GET /mandala-grey-clock-p-44978.html HTTP/1.0" 200 70892 "-" "Mozilla/5.0 (compatible; MJ12bot/v1.4.8; http://mj12bot.com/)"
5.9.66.153 - - [06/May/2022:04:57:32 +0200] "GET /mandala-grey-clock-p-44978.html HTTP/1.0" 200 70892 "-" "Mozilla/5.0 (compatible; MJ12bot/v1.4.8; http://mj12bot.com/)"
111.225.144.251 - - [06/May/2022:04:57:38 +0200] "GET /images/big_prod_1/b3574642018220.jpg HTTP/1.0" 200 271 "-" "Mozilla/5.0 (Macintosh; Intel Mac OS X 10_12_4) AppleWebKit/537.36 (KHTML, like Gecko) Chrome/58.0.3029.110 Safari/537.36"
5.9.66.153 - - [06/May/2022:04:57:36 +0200] "GET /mandala-white-clock-30-cm-p-44977.html HTTP/1.0" 301 70980 "-" "Mozilla/5.0 (compatible; MJ12bot/v1.4.8; http://mj12bot.com/)"
5.9.66.153 - - [06/May/2022:04:57:40 +0200] "GET /mandala-white-clock-p-44977.html HTTP/1.0" 200 70894 "-" "Mozilla/5.0 (compatible; MJ12bot/v1.4.8; http://mj12bot.com/)"
65.21.204.102 - - [06/May/2022:04:57:44 +0200] "GET /robots.txt HTTP/1.0" 200 245 "-" "Mozilla/5.0 (compatible; MJ12bot/v1.4.8; http://mj12bot.com/)"
5.9.66.153 - - [06/May/2022:04:57:44 +0200] "GET /mandala-white-clock-p-44977.html HTTP/1.0" 200 70894 "-" "Mozilla/5.0 (compatible; MJ12bot/v1.4.8; http://mj12bot.com/)"
65.21.204.102 - - [06/May/2022:04:57:46 +0200] "GET /candle-hours-black-p-42096.html HTTP/1.0" 200 73576 "-" "Mozilla/5.0 (compatible; MJ12bot/v1.4.8; http://mj12bot.com/)"
5.9.66.153 - - [06/May/2022:04:57:48 +0200] "GET /maori-jute-p-56925.html HTTP/1.0" 200 74552 "-" "Mozilla/5.0 (compatible; MJ12bot/v1.4.8; http://mj12bot.com/)"
65.21.204.102 - - [06/May/2022:04:57:52 +0200] "GET /educational-children-watch-sailor-p-51720.html HTTP/1.0" 200 75138 "-" "Mozilla/5.0 (compatible; MJ12bot/v1.4.8; http://mj12bot.com/)"
5.9.66.153 - - [06/May/2022:04:57:55 +0200] "GET /maria-prayer-candle-p-48963.html HTTP/1.0" 200 70873 "-" "Mozilla/5.0 (compatible; MJ12bot/v1.4.8; http://mj12bot.com/)"
111.225.144.218 - - [06/May/2022:04:58:02 +0200] "GET /images/mini_prod/8424001318971.jpg HTTP/1.0" 200 269 "-" "Mozilla/5.0 (Macintosh; Intel Mac OS X 10_12_4) AppleWebKit/537.36 (KHTML, like Gecko) Chrome/58.0.3029.110 Safari/537.36"
65.21.204.102 - - [06/May/2022:04:57:57 +0200] "GET /large-candle-bloom-p-49926.html HTTP/1.0" 200 73993 "-" "Mozilla/5.0 (compatible; MJ12bot/v1.4.8; http://mj12bot.com/)"
5.9.66.153 - - [06/May/2022:04:58:01 +0200] "GET /marley-lion-mini-magnet-mirror-p-19669.html HTTP/1.0" 200 73570 "-" "Mozilla/5.0 (compatible; MJ12bot/v1.4.8; http://mj12bot.com/)"
5.9.66.153 - - [06/May/2022:04:58:09 +0200] "GET /maxi-glass-cookie-box-p-45628.html HTTP/1.0" 301 73512 "-" "Mozilla/5.0 (compatible; MJ12bot/v1.4.8; http://mj12bot.com/)"
111.225.145.221 - - [06/May/2022:04:58:15 +0200] "GET /images/mini_prod/1399984220313.jpg HTTP/1.0" 200 269 "-" "Mozilla/5.0 (Macintosh; Intel Mac OS X 10_12_4) AppleWebKit/537.36 (KHTML, like Gecko) Chrome/58.0.3029.110 Safari/537.36"
5.9.66.153 - - [06/May/2022:04:58:15 +0200] "GET /maxi-glass-cookie-p-45628.html HTTP/1.0" 200 73428 "-" "Mozilla/5.0 (compatible; MJ12bot/v1.4.8; http://mj12bot.com/)"
65.21.204.102 - - [06/May/2022:04:58:06 +0200] "GET /scented-candles-novenas-c-231_227.html?page=21 HTTP/1.0" 200 93297 "-" "Mozilla/5.0 (compatible; MJ12bot/v1.4.8; http://mj12bot.com/)"
5.9.66.153 - - [06/May/2022:04:58:20 +0200] "GET /maxi-glass-cookie-p-45628.html HTTP/1.0" 200 73428 "-" "Mozilla/5.0 (compatible; MJ12bot/v1.4.8; http://mj12bot.com/)"
46.4.108.51 - - [06/May/2022:04:57:53 +0200] "GET /wall-sticker-c-13_187.html?page=2 HTTP/1.0" 200 94147 "-" "Mozilla/5.0 (compatible; BLEXBot/1.0; +http://webmeup-crawler.com/)"
5.9.66.153 - - [06/May/2022:04:58:26 +0200] "GET /melt-calming-aloe-p-43772.html HTTP/1.0" 200 74025 "-" "Mozilla/5.0 (compatible; MJ12bot/v1.4.8; http://mj12bot.com/)"
5.9.66.153 - - [06/May/2022:04:58:31 +0200] "GET /melt-guardian-angel-p-43774.html HTTP/1.0" 200 70912 "-" "Mozilla/5.0 (compatible; MJ12bot/v1.4.8; http://mj12bot.com/)"
54.36.148.243 - - [06/May/2022:04:58:33 +0200] "GET /gorjuss-double-filled-pencil-love-grows-p-52370.html HTTP/1.0" 200 75135 "-" "Mozilla/5.0 (compatible; AhrefsBot/7.0; +http://ahrefs.com/robot/)"
5.9.66.153 - - [06/May/2022:04:58:35 +0200] "GET /metal-clock-projector-p-47983.html HTTP/1.0" 200 74197 "-" "Mozilla/5.0 (compatible; MJ12bot/v1.4.8; http://mj12bot.com/)"
54.36.148.83 - - [06/May/2022:04:58:41 +0200] "GET /images/big_prod/688GJ16.jpg HTTP/1.0" 200 262 "-" "Mozilla/5.0 (compatible; AhrefsBot/7.0; +http://ahrefs.com/robot/)"
54.36.148.116 - - [06/May/2022:04:58:41 +0200] "GET /images/big_prod_3/688GJ16c.jpg HTTP/1.0" 200 265 "-" "Mozilla/5.0 (compatible; AhrefsBot/7.0; +http://ahrefs.com/robot/)"
54.36.149.65 - - [06/May/2022:04:58:42 +0200] "GET /images/big_prod_1/688GJ16a.jpg HTTP/1.0" 200 265 "-" "Mozilla/5.0 (compatible; AhrefsBot/7.0; +http://ahrefs.com/robot/)"
54.36.148.83 - - [06/May/2022:04:58:42 +0200] "GET /images/big_prod_2/688GJ16b.jpg HTTP/1.0" 200 265 "-" "Mozilla/5.0 (compatible; AhrefsBot/7.0; +http://ahrefs.com/robot/)"
5.9.66.153 - - [06/May/2022:04:58:41 +0200] "GET /metal-deco-support-coffee-pods-45-30-cm-p-43988.html HTTP/1.0" 301 71079 "-" "Mozilla/5.0 (compatible; MJ12bot/v1.4.8; http://mj12bot.com/)"
114.119.137.252 - - [06/May/2022:04:58:43 +0200] "GET /incense-stick-holder-chakra-p-57939.html HTTP/1.0" 200 74460 "-" "Mozilla/5.0 (Linux; Android 7.0;) AppleWebKit/537.36 (KHTML, like Gecko) Mobile Safari/537.36 (compatible; PetalBot;+https://webmaster.petalsearch.com/site/petalbot)"
5.9.66.153 - - [06/May/2022:04:58:46 +0200] "GET /metal-deco-support-coffee-pods-p-43988.html HTTP/1.0" 200 70982 "-" "Mozilla/5.0 (compatible; MJ12bot/v1.4.8; http://mj12bot.com/)"
5.9.66.153 - - [06/May/2022:04:58:50 +0200] "GET /metal-deco-support-coffee-pods-p-43988.html HTTP/1.0" 200 70982 "-" "Mozilla/5.0 (compatible; MJ12bot/v1.4.8; http://mj12bot.com/)"
5.9.66.153 - - [06/May/2022:04:58:54 +0200] "GET /michelle-allen-owls-gift-p-56940.html HTTP/1.0" 200 74397 "-" "Mozilla/5.0 (compatible; MJ12bot/v1.4.8; http://mj12bot.com/)"
111.225.144.231 - - [06/May/2022:04:59:03 +0200] "GET /images/mini_prod/DSCN126402072012.jpg HTTP/1.0" 200 272 "-" "Mozilla/5.0 (Macintosh; Intel Mac OS X 10_12_4) AppleWebKit/537.36 (KHTML, like Gecko) Chrome/58.0.3029.110 Safari/537.36"
5.9.66.153 - - [06/May/2022:04:59:00 +0200] "GET /microfibre-base-cover-light-brown-p-47979.html HTTP/1.0" 200 73648 "-" "Mozilla/5.0 (compatible; MJ12bot/v1.4.8; http://mj12bot.com/)"
5.9.66.153 - - [06/May/2022:04:59:05 +0200] "GET /microfibre-bed-base-cover-140-190-cm-light-brown-p-47979.html HTTP/1.0" 301 73748 "-" "Mozilla/5.0 (compatible; MJ12bot/v1.4.8; http://mj12bot.com/)"
213.173.103.66 - - [06/May/2022:04:59:14 +0200] "GET /images/mini_prod/3660173143606.jpg HTTP/1.0" 200 269 "-" "Mozilla/5.0 (X11; Ubuntu; Linux x86_64; rv:72.0) Gecko/20100101 Firefox/72.0"
5.9.66.153 - - [06/May/2022:04:59:11 +0200] "GET /microfibre-base-cover-light-brown-p-47979.html HTTP/1.0" 200 73648 "-" "Mozilla/5.0 (compatible; MJ12bot/v1.4.8; http://mj12bot.com/)"
5.9.66.153 - - [06/May/2022:04:59:17 +0200] "GET /mini-cooper-union-jack-figurine-p-26242.html HTTP/1.0" 301 70875 "-" "Mozilla/5.0 (compatible; MJ12bot/v1.4.8; http://mj12bot.com/)"
5.9.66.153 - - [06/May/2022:04:59:23 +0200] "GET /-p-26242.html HTTP/1.0" 200 70808 "-" "Mozilla/5.0 (compatible; MJ12bot/v1.4.8; http://mj12bot.com/)"
111.225.146.195 - - [06/May/2022:04:59:26 +0200] "GET /images/mini_prod/7601019992992.jpg HTTP/1.0" 200 269 "-" "Mozilla/5.0 (Macintosh; Intel Mac OS X 10_12_4) AppleWebKit/537.36 (KHTML, like Gecko) Chrome/58.0.3029.110 Safari/537.36"
46.4.108.51 - - [06/May/2022:04:58:59 +0200] "GET /wall-sticker-c-13_187.html?page=3 HTTP/1.0" 200 94284 "-" "Mozilla/5.0 (compatible; BLEXBot/1.0; +http://webmeup-crawler.com/)"
5.9.66.153 - - [06/May/2022:04:59:28 +0200] "GET /mini-cooper-union-jack-figurine-p-26256.html HTTP/1.0" 301 70875 "-" "Mozilla/5.0 (compatible; MJ12bot/v1.4.8; http://mj12bot.com/)"
5.9.66.153 - - [06/May/2022:04:59:32 +0200] "GET /-p-26256.html HTTP/1.0" 200 70808 "-" "Mozilla/5.0 (compatible; MJ12bot/v1.4.8; http://mj12bot.com/)"
5.9.66.153 - - [06/May/2022:04:59:36 +0200] "GET /mini-cooper-union-jack-figurine-p-26257.html HTTP/1.0" 301 70875 "-" "Mozilla/5.0 (compatible; MJ12bot/v1.4.8; http://mj12bot.com/)"
54.36.148.243 - - [06/May/2022:04:59:39 +0200] "GET /giraffe-figurine-brown-resin-p-53678.html HTTP/1.0" 200 73549 "-" "Mozilla/5.0 (compatible; AhrefsBot/7.0; +http://ahrefs.com/robot/)"
5.9.66.153 - - [06/May/2022:04:59:41 +0200] "GET /-p-26257.html HTTP/1.0" 200 70808 "-" "Mozilla/5.0 (compatible; MJ12bot/v1.4.8; http://mj12bot.com/)"
5.9.66.153 - - [06/May/2022:04:59:46 +0200] "GET /mini-rectangular-tray-winter-apples-p-56863.html HTTP/1.0" 200 73616 "-" "Mozilla/5.0 (compatible; MJ12bot/v1.4.8; http://mj12bot.com/)"
5.9.66.153 - - [06/May/2022:04:59:51 +0200] "GET /model-fantasy-unicorn-brush-p-33975.html HTTP/1.0" 200 70946 "-" "Mozilla/5.0 (compatible; MJ12bot/v1.4.8; http://mj12bot.com/)"
111.225.144.218 - - [06/May/2022:04:59:57 +0200] "GET /images/mini_prod/3453131156349.jpg HTTP/1.0" 200 269 "-" "Mozilla/5.0 (Macintosh; Intel Mac OS X 10_12_4) AppleWebKit/537.36 (KHTML, like Gecko) Chrome/58.0.3029.110 Safari/537.36"
5.9.66.153 - - [06/May/2022:04:59:55 +0200] "GET /monaco-homework-notebooks-p-36936.html HTTP/1.0" 200 73682 "-" "Mozilla/5.0 (compatible; MJ12bot/v1.4.8; http://mj12bot.com/)"
5.9.66.153 - - [06/May/2022:05:00:01 +0200] "GET /monkey-statue-resin-p-47987.html HTTP/1.0" 200 74250 "-" "Mozilla/5.0 (compatible; MJ12bot/v1.4.8; http://mj12bot.com/)"
46.4.108.51 - - [06/May/2022:04:59:38 +0200] "GET /wall-sticker-c-13_187.html?page=4 HTTP/1.0" 200 94420 "-" "Mozilla/5.0 (compatible; BLEXBot/1.0; +http://webmeup-crawler.com/)"
5.9.66.153 - - [06/May/2022:05:00:10 +0200] "GET /monkey-statue-resin-p-47991.html HTTP/1.0" 200 70874 "-" "Mozilla/5.0 (compatible; MJ12bot/v1.4.8; http://mj12bot.com/)"
5.9.66.153 - - [06/May/2022:05:00:14 +0200] "GET /monkey-statuette-copper-color-resin-p-47995.html HTTP/1.0" 200 70974 "-" "Mozilla/5.0 (compatible; MJ12bot/v1.4.8; http://mj12bot.com/)"
5.9.66.153 - - [06/May/2022:05:00:19 +0200] "GET /motorcycle-metal-wall-decoration-90-cm-p-44445.html HTTP/1.0" 301 71076 "-" "Mozilla/5.0 (compatible; MJ12bot/v1.4.8; http://mj12bot.com/)"
5.9.66.153 - - [06/May/2022:05:00:23 +0200] "GET /motorcycle-metal-wall-decoration-p-44445.html HTTP/1.0" 200 70977 "-" "Mozilla/5.0 (compatible; MJ12bot/v1.4.8; http://mj12bot.com/)"
111.225.144.189 - - [06/May/2022:05:00:29 +0200] "GET /images/mini_prod/9316188070225.jpg HTTP/1.0" 200 269 "-" "Mozilla/5.0 (Macintosh; Intel Mac OS X 10_12_4) AppleWebKit/537.36 (KHTML, like Gecko) Chrome/58.0.3029.110 Safari/537.36"
5.9.66.153 - - [06/May/2022:05:00:28 +0200] "GET /motorcycle-metal-wall-decoration-p-44445.html HTTP/1.0" 200 70977 "-" "Mozilla/5.0 (compatible; MJ12bot/v1.4.8; http://mj12bot.com/)"
5.9.66.153 - - [06/May/2022:05:00:31 +0200] "GET /mouse-cbkreation-p-20057.html HTTP/1.0" 200 73395 "-" "Mozilla/5.0 (compatible; MJ12bot/v1.4.8; http://mj12bot.com/)"
5.9.66.153 - - [06/May/2022:05:00:38 +0200] "GET /new-york-taxi-folding-stool-p-44432.html HTTP/1.0" 301 70988 "-" "Mozilla/5.0 (compatible; MJ12bot/v1.4.8; http://mj12bot.com/)"
5.9.66.153 - - [06/May/2022:05:00:42 +0200] "GET /york-taxi-folding-stool-p-44432.html HTTP/1.0" 200 70898 "-" "Mozilla/5.0 (compatible; MJ12bot/v1.4.8; http://mj12bot.com/)"
5.9.66.153 - - [06/May/2022:05:00:46 +0200] "GET /outdoor-buddha-p-53042.html HTTP/1.0" 200 70866 "-" "Mozilla/5.0 (compatible; MJ12bot/v1.4.8; http://mj12bot.com/)"
111.225.144.176 - - [06/May/2022:05:00:55 +0200] "GET /images/mini_prod/8003990615898.jpg HTTP/1.0" 200 269 "-" "Mozilla/5.0 (Macintosh; Intel Mac OS X 10_12_4) AppleWebKit/537.36 (KHTML, like Gecko) Chrome/58.0.3029.110 Safari/537.36"
5.9.66.153 - - [06/May/2022:05:00:51 +0200] "GET /owl-by-allen-mug-p-25809.html HTTP/1.0" 301 73418 "-" "Mozilla/5.0 (compatible; MJ12bot/v1.4.8; http://mj12bot.com/)"
54.36.148.243 - - [06/May/2022:05:00:51 +0200] "GET /wall-decoration-heart-p-52201.html HTTP/1.0" 200 73559 "-" "Mozilla/5.0 (compatible; AhrefsBot/7.0; +http://ahrefs.com/robot/)"
185.191.171.24 - - [06/May/2022:05:01:00 +0200] "GET /large-porcelain-vase-p-52253.html?action=add_product HTTP/1.0" 302 476 "-" "Mozilla/5.0 (compatible; SemrushBot/7~bl; +http://www.semrush.com/bot.html)"
5.9.66.153 - - [06/May/2022:05:00:58 +0200] "GET /allen-p-25809.html HTTP/1.0" 200 73346 "-" "Mozilla/5.0 (compatible; MJ12bot/v1.4.8; http://mj12bot.com/)"
5.9.66.153 - - [06/May/2022:05:01:04 +0200] "GET /panda-in-paris-placemat-p-45587.html HTTP/1.0" 301 73484 "-" "Mozilla/5.0 (compatible; MJ12bot/v1.4.8; http://mj12bot.com/)"
47.254.25.246 - - [06/May/2022:05:01:11 +0200] "GET /images/mini_prod/9316188080996.jpg HTTP/1.0" 200 269 "-" "Mozilla/5.0 (X11; Ubuntu; Linux x86_64; rv:72.0) Gecko/20100101 Firefox/72.0"
111.225.145.248 - - [06/May/2022:05:01:12 +0200] "GET /images/mini_prod/8432193202787.jpg HTTP/1.0" 200 269 "-" "Mozilla/5.0 (Macintosh; Intel Mac OS X 10_12_4) AppleWebKit/537.36 (KHTML, like Gecko) Chrome/58.0.3029.110 Safari/537.36"
5.9.66.153 - - [06/May/2022:05:01:09 +0200] "GET /panda-paris-placemat-p-45587.html HTTP/1.0" 200 73397 "-" "Mozilla/5.0 (compatible; MJ12bot/v1.4.8; http://mj12bot.com/)"
5.9.66.153 - - [06/May/2022:05:01:15 +0200] "GET /panda-paris-placemat-p-45587.html HTTP/1.0" 200 73397 "-" "Mozilla/5.0 (compatible; MJ12bot/v1.4.8; http://mj12bot.com/)"
46.4.108.51 - - [06/May/2022:05:00:46 +0200] "GET /wall-sticker-c-13_187.html?page=5 HTTP/1.0" 200 95232 "-" "Mozilla/5.0 (compatible; BLEXBot/1.0; +http://webmeup-crawler.com/)"
5.9.66.153 - - [06/May/2022:05:01:21 +0200] "GET /paris-chic-teapot-p-45612.html HTTP/1.0" 200 73425 "-" "Mozilla/5.0 (compatible; MJ12bot/v1.4.8; http://mj12bot.com/)"
5.9.66.153 - - [06/May/2022:05:01:26 +0200] "GET /paris-muggrey-p-44010.html HTTP/1.0" 200 73386 "-" "Mozilla/5.0 (compatible; MJ12bot/v1.4.8; http://mj12bot.com/)"
5.9.66.153 - - [06/May/2022:05:01:33 +0200] "GET /paris-muggrey-red-cv-p-44010.html HTTP/1.0" 301 73466 "-" "Mozilla/5.0 (compatible; MJ12bot/v1.4.8; http://mj12bot.com/)"
114.119.137.45 - - [06/May/2022:05:01:37 +0200] "GET /boat-ream-wall-decor-120-cm-p-48971.html HTTP/1.0" 301 70983 "-" "Mozilla/5.0 (Linux; Android 7.0;) AppleWebKit/537.36 (KHTML, like Gecko) Mobile Safari/537.36 (compatible; PetalBot;+https://webmaster.petalsearch.com/site/petalbot)"
54.175.179.112 - - [06/May/2022:05:01:41 +0200] "GET /images/mini_prod/52131990360631-fushia.jpg HTTP/1.0" 200 277 "-" "Mozilla/5.0 (X11; Ubuntu; Linux x86_64; rv:72.0) Gecko/20100101 Firefox/72.0"
114.119.137.45 - - [06/May/2022:05:01:41 +0200] "GET /boat-ream-wall-decor-p-48971.html HTTP/1.0" 200 70896 "-" "Mozilla/5.0 (Linux; Android 7.0;) AppleWebKit/537.36 (KHTML, like Gecko) Mobile Safari/537.36 (compatible; PetalBot;+https://webmaster.petalsearch.com/site/petalbot)"
5.9.66.153 - - [06/May/2022:05:01:40 +0200] "GET /paris-muggrey-p-44010.html HTTP/1.0" 200 73386 "-" "Mozilla/5.0 (compatible; MJ12bot/v1.4.8; http://mj12bot.com/)"
5.9.66.153 - - [06/May/2022:05:01:48 +0200] "GET /paris-so-chic-teapot-p-45612.html HTTP/1.0" 301 73509 "-" "Mozilla/5.0 (compatible; MJ12bot/v1.4.8; http://mj12bot.com/)"
111.225.146.223 - - [06/May/2022:05:01:52 +0200] "GET /images/mini_prod/1300000020329.jpg HTTP/1.0" 200 269 "-" "Mozilla/5.0 (Macintosh; Intel Mac OS X 10_12_4) AppleWebKit/537.36 (KHTML, like Gecko) Chrome/58.0.3029.110 Safari/537.36"
5.9.66.153 - - [06/May/2022:05:01:55 +0200] "GET /paris-chic-teapot-p-45612.html HTTP/1.0" 200 73425 "-" "Mozilla/5.0 (compatible; MJ12bot/v1.4.8; http://mj12bot.com/)"
5.9.66.153 - - [06/May/2022:05:02:01 +0200] "GET /parrot-figurine-in-pottery-23-cm-p-44980.html HTTP/1.0" 301 73625 "-" "Mozilla/5.0 (compatible; MJ12bot/v1.4.8; http://mj12bot.com/)"
54.36.148.243 - - [06/May/2022:05:02:01 +0200] "GET /parrot-gold-table-lamp-p-56579.html HTTP/1.0" 200 74548 "-" "Mozilla/5.0 (compatible; AhrefsBot/7.0; +http://ahrefs.com/robot/)"
5.9.66.153 - - [06/May/2022:05:02:08 +0200] "GET /parrot-figurine-pottery-p-44980.html HTTP/1.0" 200 73535 "-" "Mozilla/5.0 (compatible; MJ12bot/v1.4.8; http://mj12bot.com/)"
46.4.108.51 - - [06/May/2022:05:01:43 +0200] "GET /wall-sticker-c-13_187.html?page=6 HTTP/1.0" 200 94619 "-" "Mozilla/5.0 (compatible; BLEXBot/1.0; +http://webmeup-crawler.com/)"
5.9.66.153 - - [06/May/2022:05:02:15 +0200] "GET /parrot-figurine-in-pottery-26-cm-p-44979.html HTTP/1.0" 301 73625 "-" "Mozilla/5.0 (compatible; MJ12bot/v1.4.8; http://mj12bot.com/)"
111.225.146.224 - - [06/May/2022:05:02:22 +0200] "GET /images/mini_prod/3014627939695.jpg HTTP/1.0" 200 269 "-" "Mozilla/5.0 (Macintosh; Intel Mac OS X 10_12_4) AppleWebKit/537.36 (KHTML, like Gecko) Chrome/58.0.3029.110 Safari/537.36"
5.9.66.153 - - [06/May/2022:05:02:22 +0200] "GET /parrot-figurine-pottery-p-44979.html HTTP/1.0" 200 73535 "-" "Mozilla/5.0 (compatible; MJ12bot/v1.4.8; http://mj12bot.com/)"
5.9.66.153 - - [06/May/2022:05:02:28 +0200] "GET /parrot-figurine-pottery-p-44979.html HTTP/1.0" 200 73535 "-" "Mozilla/5.0 (compatible; MJ12bot/v1.4.8; http://mj12bot.com/)"
5.9.66.153 - - [06/May/2022:05:02:34 +0200] "GET /parrot-figurine-pottery-p-44980.html HTTP/1.0" 200 73535 "-" "Mozilla/5.0 (compatible; MJ12bot/v1.4.8; http://mj12bot.com/)"
5.9.66.153 - - [06/May/2022:05:02:40 +0200] "GET /pendulum-with-amethyst-chakra-chain-p-44962.html HTTP/1.0" 200 70954 "-" "Mozilla/5.0 (compatible; MJ12bot/v1.4.8; http://mj12bot.com/)"
46.4.108.51 - - [06/May/2022:05:02:17 +0200] "GET /wall-sticker-c-13_187.html?page=7 HTTP/1.0" 200 94527 "-" "Mozilla/5.0 (compatible; BLEXBot/1.0; +http://webmeup-crawler.com/)"
5.9.66.153 - - [06/May/2022:05:02:45 +0200] "GET /petit-bonheur-ceramic-with-infuser-p-32210.html HTTP/1.0" 200 73568 "-" "Mozilla/5.0 (compatible; MJ12bot/v1.4.8; http://mj12bot.com/)"
185.191.171.14 - - [06/May/2022:05:02:49 +0200] "GET /green-yellow-fish-statuette-p-53094.html HTTP/1.0" 200 70914 "-" "Mozilla/5.0 (compatible; SemrushBot/7~bl; +http://www.semrush.com/bot.html)"
5.9.66.153 - - [06/May/2022:05:02:53 +0200] "GET /petrol-blue-reporter-p-15602.html HTTP/1.0" 200 73876 "-" "Mozilla/5.0 (compatible; MJ12bot/v1.4.8; http://mj12bot.com/)"
213.173.103.230 - - [06/May/2022:05:02:59 +0200] "GET /images/mini_prod/3585190639218.jpg HTTP/1.0" 200 269 "-" "Mozilla/5.0 (X11; Ubuntu; Linux x86_64; rv:72.0) Gecko/20100101 Firefox/72.0"
5.9.66.153 - - [06/May/2022:05:03:01 +0200] "GET /pillow-case-cotton-percale-threads-p-43856.html HTTP/1.0" 200 74392 "-" "Mozilla/5.0 (compatible; MJ12bot/v1.4.8; http://mj12bot.com/)"
5.9.66.153 - - [06/May/2022:05:03:07 +0200] "GET /pillow-case-in-cotton-percale-80-threads-50-70-cm-p-43856.html HTTP/1.0" 301 74493 "-" "Mozilla/5.0 (compatible; MJ12bot/v1.4.8; http://mj12bot.com/)"
111.225.144.227 - - [06/May/2022:05:03:14 +0200] "GET /images/mini_prod/8427787035957.jpg HTTP/1.0" 200 269 "-" "Mozilla/5.0 (Macintosh; Intel Mac OS X 10_12_4) AppleWebKit/537.36 (KHTML, like Gecko) Chrome/58.0.3029.110 Safari/537.36"
185.191.171.39 - - [06/May/2022:05:03:14 +0200] "GET /ceramic-salt-with-spoon-aderne-p-47869.html?action=add_product HTTP/1.0" 302 476 "-" "Mozilla/5.0 (compatible; SemrushBot/7~bl; +http://www.semrush.com/bot.html)"
5.9.66.153 - - [06/May/2022:05:03:16 +0200] "GET /pillow-case-cotton-percale-threads-p-43856.html HTTP/1.0" 200 74392 "-" "Mozilla/5.0 (compatible; MJ12bot/v1.4.8; http://mj12bot.com/)"
185.191.171.14 - - [06/May/2022:05:03:17 +0200] "GET /resin-statuette-chinese-p-42953.html HTTP/1.0" 200 73517 "-" "Mozilla/5.0 (compatible; SemrushBot/7~bl; +http://www.semrush.com/bot.html)"
66.249.73.138 - - [06/May/2022:05:03:19 +0200] "GET /placemat-appetit-p-53596.html HTTP/1.0" 200 73998 "-" "Mozilla/5.0 (Linux; Android 6.0.1; Nexus 5X Build/MMB29P) AppleWebKit/537.36 (KHTML, like Gecko) Chrome/100.0.4896.127 Mobile Safari/537.36 (compatible; Googlebot/2.1; +http://www.google.com/bot.html)"
5.9.66.153 - - [06/May/2022:05:03:22 +0200] "GET /pineapple-monkey-candle-holder-in-resin-p-48020.html HTTP/1.0" 301 74635 "-" "Mozilla/5.0 (compatible; MJ12bot/v1.4.8; http://mj12bot.com/)"
54.36.148.243 - - [06/May/2022:05:03:12 +0200] "GET /fragrances-ambiance-c-231.html?page=2 HTTP/1.0" 200 92903 "-" "Mozilla/5.0 (compatible; AhrefsBot/7.0; +http://ahrefs.com/robot/)"
179.191.18.59 - - [06/May/2022:05:03:28 +0200] "GET /contact_us.php HTTP/1.0" 200 26241 "http://www.wonder-geek.com/contact_us.php" "Mozilla/5.0 (Windows NT 10.0; Win64; x64) AppleWebKit/537.36 (KHTML, like Gecko) Chrome/83.0.4103.61 Safari/537.36/iYA9HebN-7"
5.9.66.153 - - [06/May/2022:05:03:29 +0200] "GET /pineapple-monkey-candle-holder-resin-p-48020.html HTTP/1.0" 200 74532 "-" "Mozilla/5.0 (compatible; MJ12bot/v1.4.8; http://mj12bot.com/)"
5.9.66.153 - - [06/May/2022:05:03:36 +0200] "GET /pineapple-monkey-candle-holder-in-resin-p-48021.html HTTP/1.0" 301 74631 "-" "Mozilla/5.0 (compatible; MJ12bot/v1.4.8; http://mj12bot.com/)"
111.225.144.167 - - [06/May/2022:05:03:42 +0200] "GET /images/mini_prod/c8427787034837.jpg HTTP/1.0" 200 270 "-" "Mozilla/5.0 (Macintosh; Intel Mac OS X 10_12_4) AppleWebKit/537.36 (KHTML, like Gecko) Chrome/58.0.3029.110 Safari/537.36"
66.249.73.134 - - [06/May/2022:05:03:41 +0200] "GET /california-wave-wooden-wall-decoration-hang-p-36851.html HTTP/1.0" 200 73727 "-" "Mozilla/5.0 (compatible; Googlebot/2.1; +http://www.google.com/bot.html)"
213.173.103.138 - - [06/May/2022:05:03:45 +0200] "GET /images/mini_prod/3609810045200.jpg HTTP/1.0" 200 269 "-" "Mozilla/5.0 (X11; Ubuntu; Linux x86_64; rv:72.0) Gecko/20100101 Firefox/72.0"
5.9.66.153 - - [06/May/2022:05:03:42 +0200] "GET /pineapple-monkey-candle-holder-resin-p-48021.html HTTP/1.0" 200 74528 "-" "Mozilla/5.0 (compatible; MJ12bot/v1.4.8; http://mj12bot.com/)"
213.173.103.66 - - [06/May/2022:05:03:50 +0200] "GET /images/mini_prod/4036113162157.jpg HTTP/1.0" 200 269 "-" "Mozilla/5.0 (X11; Ubuntu; Linux x86_64; rv:72.0) Gecko/20100101 Firefox/72.0"
5.9.66.153 - - [06/May/2022:05:03:49 +0200] "GET /pineapple-monkey-candle-holder-resin-p-48020.html HTTP/1.0" 200 74532 "-" "Mozilla/5.0 (compatible; MJ12bot/v1.4.8; http://mj12bot.com/)"
46.4.108.51 - - [06/May/2022:05:03:27 +0200] "GET /wall-sticker-c-13_187.html?page=8 HTTP/1.0" 200 94161 "-" "Mozilla/5.0 (compatible; BLEXBot/1.0; +http://webmeup-crawler.com/)"
5.9.66.153 - - [06/May/2022:05:03:54 +0200] "GET /pineapple-monkey-candle-holder-resin-p-48021.html HTTP/1.0" 200 74528 "-" "Mozilla/5.0 (compatible; MJ12bot/v1.4.8; http://mj12bot.com/)"
5.9.66.153 - - [06/May/2022:05:04:00 +0200] "GET /porcelain-bowl-watermelon-p-54460.html HTTP/1.0" 200 73462 "-" "Mozilla/5.0 (compatible; MJ12bot/v1.4.8; http://mj12bot.com/)"
185.191.171.37 - - [06/May/2022:05:04:02 +0200] "GET /smiski-figure-series-bathroom-note-there-is-single-figure-p-43108.html HTTP/1.0" 301 74951 "-" "Mozilla/5.0 (compatible; SemrushBot/7~bl; +http://www.semrush.com/bot.html)"
5.9.66.153 - - [06/May/2022:05:04:05 +0200] "GET /powder-candle-bougie-autrement-glitter-green-p-53080.html HTTP/1.0" 200 74560 "-" "Mozilla/5.0 (compatible; MJ12bot/v1.4.8; http://mj12bot.com/)"
185.191.171.5 - - [06/May/2022:05:04:09 +0200] "GET /smiski-figure-series-bathroom-note-there-single-figure-p-43108.html HTTP/1.0" 200 74830 "-" "Mozilla/5.0 (compatible; SemrushBot/7~bl; +http://www.semrush.com/bot.html)"
5.9.66.153 - - [06/May/2022:05:04:12 +0200] "GET /provence-bath-soap-dish-p-44972.html HTTP/1.0" 200 70914 "-" "Mozilla/5.0 (compatible; MJ12bot/v1.4.8; http://mj12bot.com/)"
66.249.73.134 - - [06/May/2022:05:04:12 +0200] "GET /top-model-purple-metal-money-box-p-27459.html HTTP/1.0" 301 70875 "-" "Mozilla/5.0 (compatible; Googlebot/2.1; +http://www.google.com/bot.html)"
66.249.73.134 - - [06/May/2022:05:04:16 +0200] "GET /-p-27459.html HTTP/1.0" 200 70808 "-" "Mozilla/5.0 (compatible; Googlebot/2.1; +http://www.google.com/bot.html)"
5.9.66.153 - - [06/May/2022:05:04:19 +0200] "GET /provence-bath-soap-dish-p-44973.html HTTP/1.0" 200 70914 "-" "Mozilla/5.0 (compatible; MJ12bot/v1.4.8; http://mj12bot.com/)"
185.191.171.8 - - [06/May/2022:05:04:19 +0200] "GET /everyone-has-dream-rapunzel-musical-p-36262.html HTTP/1.0" 301 74212 "-" "Mozilla/5.0 (compatible; SemrushBot/7~bl; +http://www.semrush.com/bot.html)"
51.68.224.127 - - [06/May/2022:05:04:26 +0200] "GET /adminweb/export_orders_xml.php?token=256de2z6edz6ed2z6DFSFsed2zed6zeDSFDSGdzedezfzf&maxorders=10&orderstart=1&status=14&start_date=2018-10-01 HTTP/1.0" 200 285 "-" "GesCom CharlotteBoutik Serveur"
114.119.133.245 - - [06/May/2022:05:04:23 +0200] "GET /yellow-van-glass-ashtray-p-36382.html HTTP/1.0" 301 73517 "-" "Mozilla/5.0 (Linux; Android 7.0;) AppleWebKit/537.36 (KHTML, like Gecko) Mobile Safari/537.36 (compatible; PetalBot;+https://webmaster.petalsearch.com/site/petalbot)"
5.9.66.153 - - [06/May/2022:05:04:24 +0200] "GET /provence-soap-dish-p-44974.html HTTP/1.0" 200 73416 "-" "Mozilla/5.0 (compatible; MJ12bot/v1.4.8; http://mj12bot.com/)"
185.191.171.12 - - [06/May/2022:05:04:25 +0200] "GET /everyone-dream-rapunzel-musical-p-36262.html HTTP/1.0" 200 74114 "-" "Mozilla/5.0 (compatible; SemrushBot/7~bl; +http://www.semrush.com/bot.html)"
114.119.133.245 - - [06/May/2022:05:04:28 +0200] "GET /yellow-glass-ashtray-p-36382.html HTTP/1.0" 200 73430 "-" "Mozilla/5.0 (Linux; Android 7.0;) AppleWebKit/537.36 (KHTML, like Gecko) Mobile Safari/537.36 (compatible; PetalBot;+https://webmaster.petalsearch.com/site/petalbot)"
54.36.148.243 - - [06/May/2022:05:04:27 +0200] "GET /peace-small-cbkreation-p-15046.html HTTP/1.0" 200 73497 "-" "Mozilla/5.0 (compatible; AhrefsBot/7.0; +http://ahrefs.com/robot/)"
51.68.224.127 - - [06/May/2022:05:04:27 +0200] "GET /adminweb/export_orders_xml.php?token=256de2z6edz6ed2z6DFSFsed2zed6zeDSFDSGdzedezfzf&maxorders=10&orderstart=1&status=6&start_date=2018-10-01 HTTP/1.0" 200 32798 "-" "GesCom CharlotteBoutik Serveur"
5.9.66.153 - - [06/May/2022:05:04:30 +0200] "GET /pyramid-cornelian-base-quality-p-44008.html HTTP/1.0" 200 73565 "-" "Mozilla/5.0 (compatible; MJ12bot/v1.4.8; http://mj12bot.com/)"
5.9.66.153 - - [06/May/2022:05:04:36 +0200] "GET /rainforest-p-56841.html HTTP/1.0" 200 74207 "-" "Mozilla/5.0 (compatible; MJ12bot/v1.4.8; http://mj12bot.com/)"
46.4.108.51 - - [06/May/2022:05:04:12 +0200] "GET /wall-sticker-c-13_187.html?page=9 HTTP/1.0" 200 94372 "-" "Mozilla/5.0 (compatible; BLEXBot/1.0; +http://webmeup-crawler.com/)"
5.9.66.153 - - [06/May/2022:05:04:42 +0200] "GET /rectangular-kitchen-linen-cotton-p-45480.html HTTP/1.0" 200 70972 "-" "Mozilla/5.0 (compatible; MJ12bot/v1.4.8; http://mj12bot.com/)"
185.191.171.41 - - [06/May/2022:05:04:48 +0200] "GET /teo-jasmin-trivet-p-41618.html HTTP/1.0" 301 70938 "-" "Mozilla/5.0 (compatible; SemrushBot/7~bl; +http://www.semrush.com/bot.html)"
5.9.66.153 - - [06/May/2022:05:04:47 +0200] "GET /resin-skull-ashtray-p-30011.html HTTP/1.0" 200 73389 "-" "Mozilla/5.0 (compatible; MJ12bot/v1.4.8; http://mj12bot.com/)"
185.191.171.34 - - [06/May/2022:05:04:52 +0200] "GET /jasmin-trivet-p-41618.html HTTP/1.0" 200 70858 "-" "Mozilla/5.0 (compatible; SemrushBot/7~bl; +http://www.semrush.com/bot.html)"
5.9.66.153 - - [06/May/2022:05:04:53 +0200] "GET /retro-cubis-door-in-wood-liters-p-43990.html HTTP/1.0" 301 71015 "-" "Mozilla/5.0 (compatible; MJ12bot/v1.4.8; http://mj12bot.com/)"
185.191.171.3 - - [06/May/2022:05:04:56 +0200] "GET /table-protector-under-round-tablecloth-diameter-p-48560.html HTTP/1.0" 200 73830 "-" "Mozilla/5.0 (compatible; SemrushBot/7~bl; +http://www.semrush.com/bot.html)"
5.9.66.153 - - [06/May/2022:05:04:58 +0200] "GET /retro-cubis-door-wood-liters-p-43990.html HTTP/1.0" 200 70920 "-" "Mozilla/5.0 (compatible; MJ12bot/v1.4.8; http://mj12bot.com/)"
157.55.39.172 - - [06/May/2022:05:04:58 +0200] "GET /trolley-backpack-dreamer-gorjuss-p-47752.html HTTP/1.0" 200 70910 "-" "Mozilla/5.0 (compatible; bingbot/2.0; +http://www.bing.com/bingbot.htm)"
5.9.66.153 - - [06/May/2022:05:05:03 +0200] "GET /retro-cubis-door-wood-liters-p-43990.html HTTP/1.0" 200 70920 "-" "Mozilla/5.0 (compatible; MJ12bot/v1.4.8; http://mj12bot.com/)"
185.191.171.6 - - [06/May/2022:05:05:02 +0200] "GET /buddha-training-bottle-cbkreation-p-43338.html HTTP/1.0" 200 73816 "-" "Mozilla/5.0 (compatible; SemrushBot/7~bl; +http://www.semrush.com/bot.html)"
5.9.66.153 - - [06/May/2022:05:05:09 +0200] "GET /retro-robot-egg-cup-with-salt-holder-top-p-28892.html HTTP/1.0" 301 73756 "-" "Mozilla/5.0 (compatible; MJ12bot/v1.4.8; http://mj12bot.com/)"
5.9.66.153 - - [06/May/2022:05:05:15 +0200] "GET /retro-robot-with-salt-holder-p-28892.html HTTP/1.0" 200 73661 "-" "Mozilla/5.0 (compatible; MJ12bot/v1.4.8; http://mj12bot.com/)"
46.4.108.51 - - [06/May/2022:05:05:01 +0200] "GET /wallet-c-31_237.html?page=2 HTTP/1.0" 200 91823 "-" "Mozilla/5.0 (compatible; BLEXBot/1.0; +http://webmeup-crawler.com/)"
185.191.171.6 - - [06/May/2022:05:05:18 +0200] "GET /lot-of-mirrors-with-floral-inspiration-p-52925.html HTTP/1.0" 301 73794 "-" "Mozilla/5.0 (compatible; SemrushBot/7~bl; +http://www.semrush.com/bot.html)"
5.9.66.153 - - [06/May/2022:05:05:21 +0200] "GET /retro-robot-with-salt-holder-p-28892.html HTTP/1.0" 200 73661 "-" "Mozilla/5.0 (compatible; MJ12bot/v1.4.8; http://mj12bot.com/)"
185.191.171.44 - - [06/May/2022:05:05:25 +0200] "GET /mirrors-with-floral-inspiration-p-52925.html HTTP/1.0" 200 73696 "-" "Mozilla/5.0 (compatible; SemrushBot/7~bl; +http://www.semrush.com/bot.html)"
5.9.66.153 - - [06/May/2022:05:05:26 +0200] "GET /retro-style-bread-saveurs-traditions-franaises-p-55517.html HTTP/1.0" 200 74477 "-" "Mozilla/5.0 (compatible; MJ12bot/v1.4.8; http://mj12bot.com/)"
111.225.145.250 - - [06/May/2022:05:05:33 +0200] "GET /images/mini_prod/1399984280591.jpg HTTP/1.0" 200 269 "-" "Mozilla/5.0 (Macintosh; Intel Mac OS X 10_12_4) AppleWebKit/537.36 (KHTML, like Gecko) Chrome/58.0.3029.110 Safari/537.36"
185.191.171.11 - - [06/May/2022:05:05:31 +0200] "GET /fairy-mug-by-cbkreation-p-33777.html HTTP/1.0" 301 73506 "-" "Mozilla/5.0 (compatible; SemrushBot/7~bl; +http://www.semrush.com/bot.html)"
5.9.66.153 - - [06/May/2022:05:05:33 +0200] "GET /retro-style-coffee-saveurs-traditions-franaises-p-55522.html HTTP/1.0" 200 74593 "-" "Mozilla/5.0 (compatible; MJ12bot/v1.4.8; http://mj12bot.com/)"
185.191.171.18 - - [06/May/2022:05:05:36 +0200] "GET /fairy-cbkreation-p-33777.html HTTP/1.0" 200 73423 "-" "Mozilla/5.0 (compatible; SemrushBot/7~bl; +http://www.semrush.com/bot.html)"
5.9.66.153 - - [06/May/2022:05:05:38 +0200] "GET /retro-style-sugar-saveurs-traditions-franaises-p-55519.html HTTP/1.0" 200 74401 "-" "Mozilla/5.0 (compatible; MJ12bot/v1.4.8; http://mj12bot.com/)"
5.9.66.153 - - [06/May/2022:05:05:43 +0200] "GET /road-pencil-p-29755.html HTTP/1.0" 200 70887 "-" "Mozilla/5.0 (compatible; MJ12bot/v1.4.8; http://mj12bot.com/)"
46.4.108.51 - - [06/May/2022:05:05:49 +0200] "GET /robots.txt HTTP/1.0" 301 531 "-" "Mozilla/5.0 (compatible; BLEXBot/1.0; +http://webmeup-crawler.com/)"
46.4.108.51 - - [06/May/2022:05:05:49 +0200] "GET /robots.txt HTTP/1.0" 200 245 "-" "Mozilla/5.0 (compatible; BLEXBot/1.0; +http://webmeup-crawler.com/)"
185.191.171.35 - - [06/May/2022:05:05:48 +0200] "GET /decorative-embroidered-cotton-heart-to-hang-10-cm-marie-p-46377.html HTTP/1.0" 301 70875 "-" "Mozilla/5.0 (compatible; SemrushBot/7~bl; +http://www.semrush.com/bot.html)"
5.9.66.153 - - [06/May/2022:05:05:47 +0200] "GET /round-chair-cushion-reversible-black-linen-p-54648.html HTTP/1.0" 200 74528 "-" "Mozilla/5.0 (compatible; MJ12bot/v1.4.8; http://mj12bot.com/)"
111.225.146.203 - - [06/May/2022:05:05:51 +0200] "GET /images/mini_prod/3014627927975.jpg HTTP/1.0" 200 269 "-" "Mozilla/5.0 (Macintosh; Intel Mac OS X 10_12_4) AppleWebKit/537.36 (KHTML, like Gecko) Chrome/58.0.3029.110 Safari/537.36"
54.36.148.243 - - [06/May/2022:05:05:49 +0200] "GET /home-fragrance-heart-home-spiced-apple-cinnamon-p-56998.html HTTP/1.0" 200 74893 "-" "Mozilla/5.0 (compatible; AhrefsBot/7.0; +http://ahrefs.com/robot/)"
157.55.39.105 - - [06/May/2022:05:05:52 +0200] "GET /barbabravo-magnet-p-7289.html HTTP/1.0" 200 70864 "-" "Mozilla/5.0 (compatible; bingbot/2.0; +http://www.bing.com/bingbot.htm)"
185.191.171.44 - - [06/May/2022:05:05:52 +0200] "GET /-p-46377.html HTTP/1.0" 200 70808 "-" "Mozilla/5.0 (compatible; SemrushBot/7~bl; +http://www.semrush.com/bot.html)"
54.36.148.44 - - [06/May/2022:05:05:57 +0200] "GET /images/big_prod_1/5051276424491a.jpg HTTP/1.0" 200 271 "-" "Mozilla/5.0 (compatible; AhrefsBot/7.0; +http://ahrefs.com/robot/)"
54.36.148.252 - - [06/May/2022:05:05:57 +0200] "GET /images/big_prod/5051276424491.jpg HTTP/1.0" 200 268 "-" "Mozilla/5.0 (compatible; AhrefsBot/7.0; +http://ahrefs.com/robot/)"
5.9.66.153 - - [06/May/2022:05:05:53 +0200] "GET /round-rattan-candle-holder-p-45381.html HTTP/1.0" 200 73581 "-" "Mozilla/5.0 (compatible; MJ12bot/v1.4.8; http://mj12bot.com/)"
5.9.66.153 - - [06/May/2022:05:05:59 +0200] "GET /route-main-street-small-metal-plate-p-12519.html HTTP/1.0" 200 70992 "-" "Mozilla/5.0 (compatible; MJ12bot/v1.4.8; http://mj12bot.com/)"
46.4.108.51 - - [06/May/2022:05:05:49 +0200] "GET /wallet-c-31_237.html?page=3 HTTP/1.0" 200 83447 "-" "Mozilla/5.0 (compatible; BLEXBot/1.0; +http://webmeup-crawler.com/)"
5.9.66.153 - - [06/May/2022:05:06:03 +0200] "GET /route-photo-frame-p-23041.html HTTP/1.0" 200 73676 "-" "Mozilla/5.0 (compatible; MJ12bot/v1.4.8; http://mj12bot.com/)"
5.9.66.153 - - [06/May/2022:05:06:08 +0200] "GET /route-picture-frame-p-23043.html HTTP/1.0" 200 73535 "-" "Mozilla/5.0 (compatible; MJ12bot/v1.4.8; http://mj12bot.com/)"
46.4.108.51 - - [06/May/2022:05:06:10 +0200] "GET /wanted-photo-frame-p-28800.html HTTP/1.0" 200 73402 "-" "Mozilla/5.0 (compatible; BLEXBot/1.0; +http://webmeup-crawler.com/)"
5.9.66.153 - - [06/May/2022:05:06:14 +0200] "GET /royal-burgundy-ceramic-flowerpot-p-42174.html HTTP/1.0" 200 70926 "-" "Mozilla/5.0 (compatible; MJ12bot/v1.4.8; http://mj12bot.com/)"
5.9.66.153 - - [06/May/2022:05:06:18 +0200] "GET /rugby-isothermic-stainless-steel-bottle-p-54533.html HTTP/1.0" 200 73584 "-" "Mozilla/5.0 (compatible; MJ12bot/v1.4.8; http://mj12bot.com/)"
5.9.66.153 - - [06/May/2022:05:06:23 +0200] "GET /russian-doll-blue-figure-cm-p-27616.html HTTP/1.0" 301 73600 "-" "Mozilla/5.0 (compatible; MJ12bot/v1.4.8; http://mj12bot.com/)"
5.9.66.153 - - [06/May/2022:05:06:28 +0200] "GET /russian-doll-blue-figure-p-27616.html HTTP/1.0" 200 73509 "-" "Mozilla/5.0 (compatible; MJ12bot/v1.4.8; http://mj12bot.com/)"
5.9.66.153 - - [06/May/2022:05:06:33 +0200] "GET /russian-doll-blue-figure-p-27616.html HTTP/1.0" 200 73509 "-" "Mozilla/5.0 (compatible; MJ12bot/v1.4.8; http://mj12bot.com/)"
17.121.113.231 - - [06/May/2022:05:06:41 +0200] "GET /images/mini_prod/3503420030291.jpg HTTP/1.0" 200 269 "-" "Mozilla/5.0 (Macintosh; Intel Mac OS X 10_15_5) AppleWebKit/605.1.15 (KHTML, like Gecko) Version/13.1.1 Safari/605.1.15 (Applebot/0.1; +http://www.apple.com/go/applebot)"
46.4.108.51 - - [06/May/2022:05:06:38 +0200] "GET /watch-freegun-hypercolor-tattoo-school-p-35099.html HTTP/1.0" 200 74174 "-" "Mozilla/5.0 (compatible; BLEXBot/1.0; +http://webmeup-crawler.com/)"
5.9.66.153 - - [06/May/2022:05:06:39 +0200] "GET /russian-doll-cover-for-samsung-s4-cbkreation-p-27012.html HTTP/1.0" 301 71075 "-" "Mozilla/5.0 (compatible; MJ12bot/v1.4.8; http://mj12bot.com/)"
185.191.171.22 - - [06/May/2022:05:06:39 +0200] "GET /couple-figurine-inspired-klimt-resin-p-56616.html HTTP/1.0" 200 74941 "-" "Mozilla/5.0 (compatible; SemrushBot/7~bl; +http://www.semrush.com/bot.html)"
185.191.171.1 - - [06/May/2022:05:06:45 +0200] "GET /calimero-pink-cushion-p-22187.html?action=add_product HTTP/1.0" 302 476 "-" "Mozilla/5.0 (compatible; SemrushBot/7~bl; +http://www.semrush.com/bot.html)"
5.9.66.153 - - [06/May/2022:05:06:44 +0200] "GET /russian-doll-cover-samsung-cbkreation-p-27012.html HTTP/1.0" 200 70971 "-" "Mozilla/5.0 (compatible; MJ12bot/v1.4.8; http://mj12bot.com/)"
111.225.144.184 - - [06/May/2022:05:06:48 +0200] "GET /images/mini_prod/3609810082038.jpg HTTP/1.0" 200 269 "-" "Mozilla/5.0 (Macintosh; Intel Mac OS X 10_12_4) AppleWebKit/537.36 (KHTML, like Gecko) Chrome/58.0.3029.110 Safari/537.36"
5.9.66.153 - - [06/May/2022:05:06:48 +0200] "GET /russian-doll-cover-for-samsung-s4-cbkreation-p-27013.html HTTP/1.0" 301 71075 "-" "Mozilla/5.0 (compatible; MJ12bot/v1.4.8; http://mj12bot.com/)"
5.9.66.153 - - [06/May/2022:05:06:52 +0200] "GET /russian-doll-cover-samsung-cbkreation-p-27013.html HTTP/1.0" 200 70971 "-" "Mozilla/5.0 (compatible; MJ12bot/v1.4.8; http://mj12bot.com/)"
5.9.66.153 - - [06/May/2022:05:06:56 +0200] "GET /russian-doll-cover-for-samsung-s4-p-27012.html HTTP/1.0" 301 71075 "-" "Mozilla/5.0 (compatible; MJ12bot/v1.4.8; http://mj12bot.com/)"
185.191.171.1 - - [06/May/2022:05:06:57 +0200] "GET /bmw-large-metal-plate-deco-p-31679.html HTTP/1.0" 301 73544 "-" "Mozilla/5.0 (compatible; SemrushBot/7~bl; +http://www.semrush.com/bot.html)"
111.225.144.133 - - [06/May/2022:05:07:01 +0200] "GET /images/mini_prod/DSCN7550.jpg HTTP/1.0" 200 264 "-" "Mozilla/5.0 (Macintosh; Intel Mac OS X 10_12_4) AppleWebKit/537.36 (KHTML, like Gecko) Chrome/58.0.3029.110 Safari/537.36"
5.9.66.153 - - [06/May/2022:05:07:00 +0200] "GET /russian-doll-cover-samsung-cbkreation-p-27012.html HTTP/1.0" 200 70971 "-" "Mozilla/5.0 (compatible; MJ12bot/v1.4.8; http://mj12bot.com/)"
5.9.66.153 - - [06/May/2022:05:07:04 +0200] "GET /russian-doll-cover-for-samsung-s4-p-27013.html HTTP/1.0" 301 71075 "-" "Mozilla/5.0 (compatible; MJ12bot/v1.4.8; http://mj12bot.com/)"
185.191.171.44 - - [06/May/2022:05:07:02 +0200] "GET /large-metal-plate-deco-p-31679.html HTTP/1.0" 200 73455 "-" "Mozilla/5.0 (compatible; SemrushBot/7~bl; +http://www.semrush.com/bot.html)"
5.9.66.153 - - [06/May/2022:05:07:07 +0200] "GET /russian-doll-cover-samsung-cbkreation-p-27013.html HTTP/1.0" 200 70971 "-" "Mozilla/5.0 (compatible; MJ12bot/v1.4.8; http://mj12bot.com/)"
54.36.148.243 - - [06/May/2022:05:07:11 +0200] "GET /round-mirrors-p-48543.html HTTP/1.0" 200 73435 "-" "Mozilla/5.0 (compatible; AhrefsBot/7.0; +http://ahrefs.com/robot/)"
5.9.66.153 - - [06/May/2022:05:07:11 +0200] "GET /russian-doll-green-figure-cm-p-27615.html HTTP/1.0" 301 73610 "-" "Mozilla/5.0 (compatible; MJ12bot/v1.4.8; http://mj12bot.com/)"
46.4.108.51 - - [06/May/2022:05:07:05 +0200] "GET /watches-c-3_66.html?page=2 HTTP/1.0" 200 85139 "-" "Mozilla/5.0 (compatible; BLEXBot/1.0; +http://webmeup-crawler.com/)"
114.119.137.252 - - [06/May/2022:05:07:13 +0200] "GET /coca-cola-large-metal-plate-deco-p-28078.html HTTP/1.0" 200 73493 "-" "Mozilla/5.0 (Linux; Android 7.0;) AppleWebKit/537.36 (KHTML, like Gecko) Mobile Safari/537.36 (compatible; PetalBot;+https://webmaster.petalsearch.com/site/petalbot)"
5.9.66.153 - - [06/May/2022:05:07:17 +0200] "GET /russian-doll-green-figure-p-27615.html HTTP/1.0" 200 73518 "-" "Mozilla/5.0 (compatible; MJ12bot/v1.4.8; http://mj12bot.com/)"
5.9.66.153 - - [06/May/2022:05:07:22 +0200] "GET /russian-doll-green-figure-p-27615.html HTTP/1.0" 200 73518 "-" "Mozilla/5.0 (compatible; MJ12bot/v1.4.8; http://mj12bot.com/)"
5.9.66.153 - - [06/May/2022:05:07:28 +0200] "GET /salt-with-wooden-spoon-caspienne-p-54523.html HTTP/1.0" 200 70916 "-" "Mozilla/5.0 (compatible; MJ12bot/v1.4.8; http://mj12bot.com/)"
5.9.66.153 - - [06/May/2022:05:07:32 +0200] "GET /sam-the-fireman-little-backpack-p-30381.html HTTP/1.0" 301 70875 "-" "Mozilla/5.0 (compatible; MJ12bot/v1.4.8; http://mj12bot.com/)"
185.191.171.24 - - [06/May/2022:05:07:31 +0200] "GET /african-decoration-child-leopard-p-53725.html HTTP/1.0" 200 73618 "-" "Mozilla/5.0 (compatible; SemrushBot/7~bl; +http://www.semrush.com/bot.html)"
5.9.66.153 - - [06/May/2022:05:07:36 +0200] "GET /-p-30381.html HTTP/1.0" 200 70808 "-" "Mozilla/5.0 (compatible; MJ12bot/v1.4.8; http://mj12bot.com/)"
5.9.66.153 - - [06/May/2022:05:07:40 +0200] "GET /santa-claus-by-plane-statuette-p-32160.html HTTP/1.0" 301 70875 "-" "Mozilla/5.0 (compatible; MJ12bot/v1.4.8; http://mj12bot.com/)"
179.191.18.59 - - [06/May/2022:05:07:43 +0200] "POST /contact_us.php?action=send HTTP/1.0" 200 26482 "http://www.wonder-geek.com/contact_us.php" "Mozilla/5.0 (Windows NT 10.0; Win64; x64) AppleWebKit/537.36 (KHTML, like Gecko) Chrome/83.0.4103.61 Safari/537.36/iYA9HebN-7"
111.225.146.211 - - [06/May/2022:05:07:44 +0200] "GET /images/mini_prod/4260082930565.jpg HTTP/1.0" 200 269 "-" "Mozilla/5.0 (Macintosh; Intel Mac OS X 10_12_4) AppleWebKit/537.36 (KHTML, like Gecko) Chrome/58.0.3029.110 Safari/537.36"
213.173.103.66 - - [06/May/2022:05:07:47 +0200] "GET /images/mini_prod/3438100345672.jpg HTTP/1.0" 200 269 "-" "Mozilla/5.0 (X11; Ubuntu; Linux x86_64; rv:72.0) Gecko/20100101 Firefox/72.0"
5.9.66.153 - - [06/May/2022:05:07:44 +0200] "GET /-p-32160.html HTTP/1.0" 200 70808 "-" "Mozilla/5.0 (compatible; MJ12bot/v1.4.8; http://mj12bot.com/)"
5.9.66.153 - - [06/May/2022:05:07:48 +0200] "GET /sarah-kay-clock-p-8112.html HTTP/1.0" 301 70941 "-" "Mozilla/5.0 (compatible; MJ12bot/v1.4.8; http://mj12bot.com/)"
111.225.144.208 - - [06/May/2022:05:07:52 +0200] "GET /images/mini_prod/3681643302477.jpg HTTP/1.0" 200 269 "-" "Mozilla/5.0 (Macintosh; Intel Mac OS X 10_12_4) AppleWebKit/537.36 (KHTML, like Gecko) Chrome/58.0.3029.110 Safari/537.36"
5.9.66.153 - - [06/May/2022:05:07:53 +0200] "GET /sarah-clock-p-8112.html HTTP/1.0" 200 70864 "-" "Mozilla/5.0 (compatible; MJ12bot/v1.4.8; http://mj12bot.com/)"
5.9.66.153 - - [06/May/2022:05:07:56 +0200] "GET /sarah-kay-pair-of-socks-27-30-p-25996.html HTTP/1.0" 301 70875 "-" "Mozilla/5.0 (compatible; MJ12bot/v1.4.8; http://mj12bot.com/)"
111.225.145.218 - - [06/May/2022:05:08:00 +0200] "GET /images/3438100333747.jpg HTTP/1.0" 200 259 "-" "Mozilla/5.0 (Macintosh; Intel Mac OS X 10_12_4) AppleWebKit/537.36 (KHTML, like Gecko) Chrome/58.0.3029.110 Safari/537.36"
5.9.66.153 - - [06/May/2022:05:08:01 +0200] "GET /-p-25996.html HTTP/1.0" 200 70808 "-" "Mozilla/5.0 (compatible; MJ12bot/v1.4.8; http://mj12bot.com/)"
111.225.146.231 - - [06/May/2022:05:08:04 +0200] "GET /images/mini_prod/5018997621721.jpg HTTP/1.0" 200 269 "-" "Mozilla/5.0 (Macintosh; Intel Mac OS X 10_12_4) AppleWebKit/537.36 (KHTML, like Gecko) Chrome/58.0.3029.110 Safari/537.36"
111.225.146.218 - - [06/May/2022:05:08:06 +0200] "GET /images/mini_prod/76001110TF.jpg HTTP/1.0" 200 266 "-" "Mozilla/5.0 (Macintosh; Intel Mac OS X 10_12_4) AppleWebKit/537.36 (KHTML, like Gecko) Chrome/58.0.3029.110 Safari/537.36"
185.191.171.4 - - [06/May/2022:05:08:05 +0200] "GET /sloth-baby-tree-moneybox-p-46776.html?action=add_product HTTP/1.0" 302 476 "-" "Mozilla/5.0 (compatible; SemrushBot/7~bl; +http://www.semrush.com/bot.html)"
5.9.66.153 - - [06/May/2022:05:08:05 +0200] "GET /sarah-kay-pairs-of-bobby-socks-size-27-30-p-25511.html HTTP/1.0" 301 70875 "-" "Mozilla/5.0 (compatible; MJ12bot/v1.4.8; http://mj12bot.com/)"
5.9.66.153 - - [06/May/2022:05:08:09 +0200] "GET /-p-25511.html HTTP/1.0" 200 70808 "-" "Mozilla/5.0 (compatible; MJ12bot/v1.4.8; http://mj12bot.com/)"
46.4.108.51 - - [06/May/2022:05:08:09 +0200] "GET /water-bottle-p-53411.html HTTP/1.0" 200 74233 "-" "Mozilla/5.0 (compatible; BLEXBot/1.0; +http://webmeup-crawler.com/)"
5.9.66.153 - - [06/May/2022:05:08:13 +0200] "GET /sarah-kay-pairs-of-bobby-socks-size-31-34-p-25514.html HTTP/1.0" 301 70875 "-" "Mozilla/5.0 (compatible; MJ12bot/v1.4.8; http://mj12bot.com/)"
5.9.66.153 - - [06/May/2022:05:08:17 +0200] "GET /-p-25514.html HTTP/1.0" 200 70808 "-" "Mozilla/5.0 (compatible; MJ12bot/v1.4.8; http://mj12bot.com/)"
5.9.66.153 - - [06/May/2022:05:08:21 +0200] "GET /sarah-kay-pairs-of-socks-23-26-p-25527.html HTTP/1.0" 301 70875 "-" "Mozilla/5.0 (compatible; MJ12bot/v1.4.8; http://mj12bot.com/)"
54.36.148.243 - - [06/May/2022:05:08:22 +0200] "GET /wood-metal-frame-buffalo-skull-p-45870.html HTTP/1.0" 200 73630 "-" "Mozilla/5.0 (compatible; AhrefsBot/7.0; +http://ahrefs.com/robot/)"
5.9.66.153 - - [06/May/2022:05:08:25 +0200] "GET /-p-25527.html HTTP/1.0" 200 70808 "-" "Mozilla/5.0 (compatible; MJ12bot/v1.4.8; http://mj12bot.com/)"
5.9.66.153 - - [06/May/2022:05:08:30 +0200] "GET /sardines-metal-clock-p-47909.html HTTP/1.0" 200 70904 "-" "Mozilla/5.0 (compatible; MJ12bot/v1.4.8; http://mj12bot.com/)"
5.9.66.153 - - [06/May/2022:05:08:33 +0200] "GET /sardines-metal-clock-p-47910.html HTTP/1.0" 200 70904 "-" "Mozilla/5.0 (compatible; MJ12bot/v1.4.8; http://mj12bot.com/)"
