54.36.149.52 - - [11/May/2022:06:34:46 +0200] "GET /images/mini_prod/8712159168358.jpg HTTP/1.1" 200 8888 "-" "Mozilla/5.0 (compatible; AhrefsBot/7.0; +http://ahrefs.com/robot/)"
54.36.148.8 - - [11/May/2022:06:34:46 +0200] "GET /images/mini_prod/8712159176834.jpg HTTP/1.1" 200 8294 "-" "Mozilla/5.0 (compatible; AhrefsBot/7.0; +http://ahrefs.com/robot/)"
54.36.149.72 - - [11/May/2022:06:34:47 +0200] "GET /images/mini_prod/8433914427915.jpg HTTP/1.1" 200 5672 "-" "Mozilla/5.0 (compatible; AhrefsBot/7.0; +http://ahrefs.com/robot/)"
54.36.149.84 - - [11/May/2022:06:34:47 +0200] "GET /images/mini_prod/8712159160277.jpg HTTP/1.1" 200 8679 "-" "Mozilla/5.0 (compatible; AhrefsBot/7.0; +http://ahrefs.com/robot/)"
54.36.148.54 - - [11/May/2022:06:34:48 +0200] "GET /images/mini_prod/8712159172157.jpg HTTP/1.1" 200 9089 "-" "Mozilla/5.0 (compatible; AhrefsBot/7.0; +http://ahrefs.com/robot/)"
54.36.148.37 - - [11/May/2022:06:34:49 +0200] "GET /images/mini_prod/8712159164602.jpg HTTP/1.1" 200 8497 "-" "Mozilla/5.0 (compatible; AhrefsBot/7.0; +http://ahrefs.com/robot/)"
54.36.148.128 - - [11/May/2022:06:34:50 +0200] "GET /images/mini_prod/8712159172386.jpg HTTP/1.1" 200 8843 "-" "Mozilla/5.0 (compatible; AhrefsBot/7.0; +http://ahrefs.com/robot/)"
54.36.148.28 - - [11/May/2022:06:34:50 +0200] "GET /images/mini_prod/8712159166972.jpg HTTP/1.1" 200 8771 "-" "Mozilla/5.0 (compatible; AhrefsBot/7.0; +http://ahrefs.com/robot/)"
54.36.148.124 - - [11/May/2022:06:34:50 +0200] "GET /images/mini_prod/8712159160574.jpg HTTP/1.1" 200 10043 "-" "Mozilla/5.0 (compatible; AhrefsBot/7.0; +http://ahrefs.com/robot/)"
54.36.148.170 - - [11/May/2022:06:34:51 +0200] "GET /images/mini_prod/3560600262538.jpg HTTP/1.1" 200 8888 "-" "Mozilla/5.0 (compatible; AhrefsBot/7.0; +http://ahrefs.com/robot/)"
54.36.148.198 - - [11/May/2022:06:34:51 +0200] "GET /images/mini_prod/8712159144611.jpg HTTP/1.1" 200 8740 "-" "Mozilla/5.0 (compatible; AhrefsBot/7.0; +http://ahrefs.com/robot/)"
54.36.148.25 - - [11/May/2022:06:34:52 +0200] "GET /images/mini_prod/8712159171730.jpg HTTP/1.1" 200 9190 "-" "Mozilla/5.0 (compatible; AhrefsBot/7.0; +http://ahrefs.com/robot/)"
54.36.149.18 - - [11/May/2022:06:34:57 +0200] "GET /images/mini_prod/3560600310598B.jpg HTTP/1.1" 200 7735 "-" "Mozilla/5.0 (compatible; AhrefsBot/7.0; +http://ahrefs.com/robot/)"
54.36.148.182 - - [11/May/2022:06:34:58 +0200] "GET /images/mini_prod/3560600316040.jpg HTTP/1.1" 200 6563 "-" "Mozilla/5.0 (compatible; AhrefsBot/7.0; +http://ahrefs.com/robot/)"
77.75.77.17 - - [11/May/2022:06:35:14 +0200] "GET /robots.txt HTTP/1.1" 200 2438 "-" "Mozilla/5.0 (compatible; SeznamBot/3.2; +http://napoveda.seznam.cz/en/seznambot-intro/)"
66.249.64.152 - - [11/May/2022:06:36:41 +0200] "GET /images/big_prod/8433933013205.jpg HTTP/1.1" 200 110260 "-" "Googlebot-Image/1.0"
147.92.238.79 - - [11/May/2022:06:38:48 +0200] "GET /images/mini_prod/843393331449.jpg HTTP/1.1" 200 5282 "-" "Mozilla/5.0 (X11; Ubuntu; Linux x86_64; rv:72.0) Gecko/20100101 Firefox/72.0"
54.36.148.51 - - [11/May/2022:06:38:48 +0200] "GET /images/mini_prod/3014627976669.jpg HTTP/1.1" 200 6668 "-" "Mozilla/5.0 (compatible; AhrefsBot/7.0; +http://ahrefs.com/robot/)"
54.36.148.235 - - [11/May/2022:06:38:49 +0200] "GET /images/mini_prod/3609810063006.jpg HTTP/1.1" 200 9564 "-" "Mozilla/5.0 (compatible; AhrefsBot/7.0; +http://ahrefs.com/robot/)"
54.36.148.182 - - [11/May/2022:06:38:49 +0200] "GET /images/mini_prod/3609810062986.jpg HTTP/1.1" 200 9930 "-" "Mozilla/5.0 (compatible; AhrefsBot/7.0; +http://ahrefs.com/robot/)"
54.36.148.248 - - [11/May/2022:06:38:50 +0200] "GET /images/mini_prod/JAKARTA2.jpg HTTP/1.1" 200 9095 "-" "Mozilla/5.0 (compatible; AhrefsBot/7.0; +http://ahrefs.com/robot/)"
54.36.149.13 - - [11/May/2022:06:38:50 +0200] "GET /images/mini_prod/8424345491002.jpg HTTP/1.1" 200 8472 "-" "Mozilla/5.0 (compatible; AhrefsBot/7.0; +http://ahrefs.com/robot/)"
54.36.148.77 - - [11/May/2022:06:38:50 +0200] "GET /images/mini_prod/3609810062955.jpg HTTP/1.1" 200 8489 "-" "Mozilla/5.0 (compatible; AhrefsBot/7.0; +http://ahrefs.com/robot/)"
54.36.148.209 - - [11/May/2022:06:38:51 +0200] "GET /images/mini_prod/3442440269840.jpg HTTP/1.1" 200 13887 "-" "Mozilla/5.0 (compatible; AhrefsBot/7.0; +http://ahrefs.com/robot/)"
54.36.148.235 - - [11/May/2022:06:38:52 +0200] "GET /images/mini_prod/3014627890989.jpg HTTP/1.1" 200 9446 "-" "Mozilla/5.0 (compatible; AhrefsBot/7.0; +http://ahrefs.com/robot/)"
54.36.148.77 - - [11/May/2022:06:38:52 +0200] "GET /images/mini_prod/3665269092233.jpg HTTP/1.1" 200 9321 "-" "Mozilla/5.0 (compatible; AhrefsBot/7.0; +http://ahrefs.com/robot/)"
54.36.149.81 - - [11/May/2022:06:38:52 +0200] "GET /images/mini_prod/3665269056204.jpg HTTP/1.1" 200 8391 "-" "Mozilla/5.0 (compatible; AhrefsBot/7.0; +http://ahrefs.com/robot/)"
54.36.149.96 - - [11/May/2022:06:38:53 +0200] "GET /images/mini_prod/3609810062948.jpg HTTP/1.1" 200 8398 "-" "Mozilla/5.0 (compatible; AhrefsBot/7.0; +http://ahrefs.com/robot/)"
54.36.148.212 - - [11/May/2022:06:38:53 +0200] "GET /images/mini_prod/3609810062931.jpg HTTP/1.1" 200 7319 "-" "Mozilla/5.0 (compatible; AhrefsBot/7.0; +http://ahrefs.com/robot/)"
54.36.149.60 - - [11/May/2022:06:38:53 +0200] "GET /images/mini_prod/3665269059113.jpg HTTP/1.1" 200 7701 "-" "Mozilla/5.0 (compatible; AhrefsBot/7.0; +http://ahrefs.com/robot/)"
54.36.149.24 - - [11/May/2022:06:38:54 +0200] "GET /images/mini_prod/3014627981571.jpg HTTP/1.1" 200 11002 "-" "Mozilla/5.0 (compatible; AhrefsBot/7.0; +http://ahrefs.com/robot/)"
54.36.149.67 - - [11/May/2022:06:38:54 +0200] "GET /images/mini_prod/8424346228621.jpg HTTP/1.1" 200 5235 "-" "Mozilla/5.0 (compatible; AhrefsBot/7.0; +http://ahrefs.com/robot/)"
54.36.149.93 - - [11/May/2022:06:38:55 +0200] "GET /images/mini_prod/8424346227211.jpg HTTP/1.1" 200 3861 "-" "Mozilla/5.0 (compatible; AhrefsBot/7.0; +http://ahrefs.com/robot/)"
54.36.149.77 - - [11/May/2022:06:38:55 +0200] "GET /images/mini_prod/8424346222117.jpg HTTP/1.1" 200 5096 "-" "Mozilla/5.0 (compatible; AhrefsBot/7.0; +http://ahrefs.com/robot/)"
54.175.179.112 - - [11/May/2022:06:42:17 +0200] "GET /images/mini_prod/8422666661517.jpg HTTP/1.1" 200 6375 "-" "Mozilla/5.0 (X11; Ubuntu; Linux x86_64; rv:72.0) Gecko/20100101 Firefox/72.0"
103.194.111.6 - - [11/May/2022:06:44:51 +0200] "GET /images/mini_prod/3700653511768.jpg HTTP/1.1" 200 5046 "-" "Mozilla/5.0 (X11; Ubuntu; Linux x86_64; rv:72.0) Gecko/20100101 Firefox/72.0"
144.76.4.41 - - [11/May/2022:06:48:41 +0200] "GET /robots.txt HTTP/1.1" 200 2438 "-" "Mozilla/5.0 (compatible; MJ12bot/v1.4.8; http://mj12bot.com/)"
157.55.39.105 - - [11/May/2022:06:51:41 +0200] "GET /images/med_prod/1341689439002.jpg HTTP/1.1" 200 90786 "-" "Mozilla/5.0 (compatible; bingbot/2.0; +http://www.bing.com/bingbot.htm)"
157.55.39.172 - - [11/May/2022:06:52:56 +0200] "GET /images/big_prod_2/b8424346228621.jpg HTTP/1.1" 200 255571 "-" "Mozilla/5.0 (compatible; bingbot/2.0; +http://www.bing.com/bingbot.htm)"
157.55.39.172 - - [11/May/2022:06:54:26 +0200] "GET /images/big_prod/5051276424064.jpg HTTP/1.1" 200 286225 "-" "Mozilla/5.0 (compatible; bingbot/2.0; +http://www.bing.com/bingbot.htm)"
40.77.167.0 - - [11/May/2022:06:55:30 +0200] "GET /images/mini_prod/3700572762401.jpg HTTP/1.1" 200 9754 "-" "Mozilla/5.0 (compatible; bingbot/2.0; +http://www.bing.com/bingbot.htm)"
54.36.148.7 - - [11/May/2022:06:56:02 +0200] "GET /images/mini_prod/8424346041770.jpg HTTP/1.1" 200 10420 "-" "Mozilla/5.0 (compatible; AhrefsBot/7.0; +http://ahrefs.com/robot/)"
40.77.167.0 - - [11/May/2022:06:58:51 +0200] "GET /images/big_prod_2/8719172838275b.jpg HTTP/1.1" 200 372468 "-" "Mozilla/5.0 (compatible; bingbot/2.0; +http://www.bing.com/bingbot.htm)"
40.77.167.0 - - [11/May/2022:06:58:53 +0200] "GET /images/big_prod_1/b4895220300513.jpg HTTP/1.1" 200 49266 "-" "Mozilla/5.0 (compatible; bingbot/2.0; +http://www.bing.com/bingbot.htm)"
207.46.13.182 - - [11/May/2022:06:58:54 +0200] "GET /images/big_prod/1384010203306.jpg HTTP/1.1" 200 86640 "-" "Mozilla/5.0 (compatible; bingbot/2.0; +http://www.bing.com/bingbot.htm)"
66.249.64.146 - - [11/May/2022:06:59:48 +0200] "GET /images/big_prod_1/3609810064188a.jpg HTTP/1.1" 200 336999 "-" "Googlebot-Image/1.0"
147.92.238.77 - - [11/May/2022:06:59:50 +0200] "GET /images/mini_prod/8435306215780.jpg HTTP/1.1" 200 6366 "-" "Mozilla/5.0 (X11; Ubuntu; Linux x86_64; rv:72.0) Gecko/20100101 Firefox/72.0"
40.77.167.0 - - [11/May/2022:07:00:21 +0200] "GET /images/big_prod/8433933105191.jpg HTTP/1.1" 200 74480 "-" "Mozilla/5.0 (compatible; bingbot/2.0; +http://www.bing.com/bingbot.htm)"
185.191.171.1 - - [11/May/2022:07:02:00 +0200] "GET /robots.txt HTTP/1.1" 200 2438 "-" "Mozilla/5.0 (compatible; SemrushBot/7~bl; +http://www.semrush.com/bot.html)"
54.175.179.112 - - [11/May/2022:07:02:25 +0200] "GET /images/mini_prod/2110DSCN8647.jpg HTTP/1.1" 200 5689 "-" "Mozilla/5.0 (X11; Ubuntu; Linux x86_64; rv:72.0) Gecko/20100101 Firefox/72.0"
40.77.167.0 - - [11/May/2022:07:02:32 +0200] "GET /images/big_prod/8719172831580.jpg HTTP/1.1" 200 54534 "-" "Mozilla/5.0 (compatible; bingbot/2.0; +http://www.bing.com/bingbot.htm)"
157.55.39.101 - - [11/May/2022:07:02:39 +0200] "GET /images/big_prod_1/8422015460457B.jpg HTTP/1.1" 200 276039 "-" "Mozilla/5.0 (compatible; bingbot/2.0; +http://www.bing.com/bingbot.htm)"
157.55.39.101 - - [11/May/2022:07:03:19 +0200] "GET /images/big_prod_1/8422065464504B.jpg HTTP/1.1" 200 206861 "-" "Mozilla/5.0 (compatible; bingbot/2.0; +http://www.bing.com/bingbot.htm)"
54.175.179.112 - - [11/May/2022:07:04:27 +0200] "GET /images/mini_prod/3661443611191.jpg HTTP/1.1" 200 6471 "-" "Mozilla/5.0 (X11; Ubuntu; Linux x86_64; rv:72.0) Gecko/20100101 Firefox/72.0"
40.77.167.13 - - [11/May/2022:07:04:43 +0200] "GET /images/big_prod_1/5051276424309.jpg HTTP/1.1" 200 432098 "-" "Mozilla/5.0 (compatible; bingbot/2.0; +http://www.bing.com/bingbot.htm)"
147.92.238.79 - - [11/May/2022:07:05:01 +0200] "GET /images/mini_prod/9316188081009.jpg HTTP/1.1" 200 6640 "-" "Mozilla/5.0 (X11; Ubuntu; Linux x86_64; rv:72.0) Gecko/20100101 Firefox/72.0"
54.36.149.11 - - [11/May/2022:07:05:01 +0200] "GET /images/med_prod/5050293384238.jpg HTTP/1.1" 200 50830 "-" "Mozilla/5.0 (compatible; AhrefsBot/7.0; +http://ahrefs.com/robot/)"
66.249.64.152 - - [11/May/2022:07:10:13 +0200] "GET /images/mini_prod/3612875117638.jpg HTTP/1.1" 200 7101 "-" "Googlebot-Image/1.0"
207.46.13.182 - - [11/May/2022:07:14:25 +0200] "GET /images/big_prod/1304038301153.jpg HTTP/1.1" 200 60673 "-" "Mozilla/5.0 (compatible; bingbot/2.0; +http://www.bing.com/bingbot.htm)"
147.92.238.79 - - [11/May/2022:07:15:58 +0200] "GET /images/mini_prod/5051276247694.jpg HTTP/1.1" 200 7540 "-" "Mozilla/5.0 (X11; Ubuntu; Linux x86_64; rv:72.0) Gecko/20100101 Firefox/72.0"
216.244.66.242 - - [11/May/2022:07:17:26 +0200] "GET /robots.txt HTTP/1.1" 200 2438 "-" "Mozilla/5.0 (compatible; DotBot/1.2; +https://opensiteexplorer.org/dotbot; help@moz.com)"
147.92.238.80 - - [11/May/2022:07:18:00 +0200] "GET /images/mini_prod/1186747042936.jpg HTTP/1.1" 200 7817 "-" "Mozilla/5.0 (X11; Ubuntu; Linux x86_64; rv:72.0) Gecko/20100101 Firefox/72.0"
40.77.167.13 - - [11/May/2022:07:18:24 +0200] "GET /images/3272760413889.jpg HTTP/1.1" 200 67698 "-" "Mozilla/5.0 (compatible; bingbot/2.0; +http://www.bing.com/bingbot.htm)"
141.84.41.80 - - [11/May/2022:07:19:52 +0200] "GET /images/big_prod_1/5018997618431a.jpg HTTP/1.1" 200 79246 "-" "Mozilla/5.0 (X11; Ubuntu; Linux x86_64; rv:72.0) Gecko/20100101 Firefox/72.0"
147.92.238.77 - - [11/May/2022:07:24:17 +0200] "GET /images/mini_prod/3520071379234.jpg HTTP/1.1" 200 5403 "-" "Mozilla/5.0 (X11; Ubuntu; Linux x86_64; rv:72.0) Gecko/20100101 Firefox/72.0"
192.99.10.170 - - [11/May/2022:07:24:35 +0200] "GET /robots.txt HTTP/1.1" 200 2438 "-" "Mozilla/5.0 (compatible; MJ12bot/v1.4.8; http://mj12bot.com/)"
66.249.64.152 - - [11/May/2022:07:27:56 +0200] "GET /images/med_prod/1384010181768.jpg HTTP/1.1" 200 56453 "-" "Googlebot-Image/1.0"
147.92.238.80 - - [11/May/2022:07:27:56 +0200] "GET /images/mini_prod/480GJ12.jpg HTTP/1.1" 200 7189 "-" "Mozilla/5.0 (X11; Ubuntu; Linux x86_64; rv:72.0) Gecko/20100101 Firefox/72.0"
147.92.238.80 - - [11/May/2022:07:30:16 +0200] "GET /images/mini_prod/3553560083466.jpg HTTP/1.1" 200 8795 "-" "Mozilla/5.0 (X11; Ubuntu; Linux x86_64; rv:72.0) Gecko/20100101 Firefox/72.0"
157.55.39.101 - - [11/May/2022:07:32:52 +0200] "GET /images/mini_prod/1300000022255.jpg HTTP/1.1" 200 8633 "-" "Mozilla/5.0 (compatible; bingbot/2.0; +http://www.bing.com/bingbot.htm)"
54.201.9.30 - - [11/May/2022:07:33:04 +0200] "GET /images/mini_prod/8033667001822.jpg HTTP/1.1" 200 12046 "-" "Mozilla/5.0 (X11; Ubuntu; Linux x86_64; rv:72.0) Gecko/20100101 Firefox/72.0"
54.36.148.191 - - [11/May/2022:07:34:02 +0200] "GET /images/big_prod_2/842434625527C.jpg HTTP/1.1" 200 147727 "-" "Mozilla/5.0 (compatible; AhrefsBot/7.0; +http://ahrefs.com/robot/)"
54.36.148.202 - - [11/May/2022:07:34:03 +0200] "GET /images/big_prod/8424346255276.jpg HTTP/1.1" 200 112109 "-" "Mozilla/5.0 (compatible; AhrefsBot/7.0; +http://ahrefs.com/robot/)"
54.36.148.169 - - [11/May/2022:07:34:03 +0200] "GET /images/big_prod_1/8424346255276B.jpg HTTP/1.1" 200 86106 "-" "Mozilla/5.0 (compatible; AhrefsBot/7.0; +http://ahrefs.com/robot/)"
207.46.13.182 - - [11/May/2022:07:34:18 +0200] "GET /images/big_prod/8424131220298.jpg HTTP/1.1" 200 165983 "-" "Mozilla/5.0 (compatible; bingbot/2.0; +http://www.bing.com/bingbot.htm)"
213.173.103.213 - - [11/May/2022:07:35:45 +0200] "GET /images/big_prod/1399985000341.jpg HTTP/1.1" 200 84886 "-" "Mozilla/5.0 (X11; Ubuntu; Linux x86_64; rv:72.0) Gecko/20100101 Firefox/72.0"
207.46.13.182 - - [11/May/2022:07:37:40 +0200] "GET /images/mini_prod/1384010181898.jpg HTTP/1.1" 200 5161 "-" "Mozilla/5.0 (compatible; bingbot/2.0; +http://www.bing.com/bingbot.htm)"
147.92.238.77 - - [11/May/2022:07:42:09 +0200] "GET /images/mini_prod/1399984225967bis.jpg HTTP/1.1" 200 6965 "-" "Mozilla/5.0 (X11; Ubuntu; Linux x86_64; rv:72.0) Gecko/20100101 Firefox/72.0"
157.55.39.101 - - [11/May/2022:07:42:12 +0200] "GET /images/big_prod/3565750294071.jpg HTTP/1.1" 200 56788 "-" "Mozilla/5.0 (compatible; bingbot/2.0; +http://www.bing.com/bingbot.htm)"
77.88.5.208 - - [11/May/2022:07:43:28 +0200] "GET /robots.txt HTTP/1.1" 200 2438 "-" "Mozilla/5.0 (compatible; YandexBot/3.0; +http://yandex.com/bots)"
157.55.39.172 - - [11/May/2022:07:44:32 +0200] "GET /images/big_prod_1/b045544846769.jpg HTTP/1.1" 200 84482 "-" "Mozilla/5.0 (compatible; bingbot/2.0; +http://www.bing.com/bingbot.htm)"
185.191.171.19 - - [11/May/2022:07:45:11 +0200] "GET /robots.txt HTTP/1.1" 200 2438 "-" "Mozilla/5.0 (compatible; SemrushBot/7~bl; +http://www.semrush.com/bot.html)"
77.75.79.17 - - [11/May/2022:07:45:25 +0200] "GET /robots.txt HTTP/1.1" 200 2438 "-" "Mozilla/5.0 (compatible; SeznamBot/3.2; +http://napoveda.seznam.cz/en/seznambot-intro/)"
77.75.79.17 - - [11/May/2022:07:45:25 +0200] "GET /images/3660173171036.jpg HTTP/1.1" 200 41117 "-" "Mozilla/5.0 (compatible; SeznamBot/3.2; +http://napoveda.seznam.cz/en/seznambot-intro/)"
157.55.39.172 - - [11/May/2022:07:48:01 +0200] "GET /images/8435333807699.jpg HTTP/1.1" 200 100833 "-" "Mozilla/5.0 (compatible; bingbot/2.0; +http://www.bing.com/bingbot.htm)"
147.92.238.77 - - [11/May/2022:07:49:06 +0200] "GET /images/mini_prod/3609810034013.jpg HTTP/1.1" 200 9605 "-" "Mozilla/5.0 (X11; Ubuntu; Linux x86_64; rv:72.0) Gecko/20100101 Firefox/72.0"
54.36.148.26 - - [11/May/2022:07:49:15 +0200] "GET /images/big_prod/1300000020299.jpg HTTP/1.1" 200 60187 "-" "Mozilla/5.0 (compatible; AhrefsBot/7.0; +http://ahrefs.com/robot/)"
207.46.13.182 - - [11/May/2022:07:49:30 +0200] "GET /images/mini_prod/1384010203460.jpg HTTP/1.1" 200 8328 "-" "Mozilla/5.0 (compatible; bingbot/2.0; +http://www.bing.com/bingbot.htm)"
95.108.213.73 - - [11/May/2022:07:50:30 +0200] "GET /robots.txt HTTP/1.1" 200 2438 "-" "Mozilla/5.0 (compatible; YandexBot/3.0; +http://yandex.com/bots)"
40.77.167.13 - - [11/May/2022:07:53:27 +0200] "GET /images/big_prod/8422001572584.jpg HTTP/1.1" 200 66684 "-" "Mozilla/5.0 (compatible; bingbot/2.0; +http://www.bing.com/bingbot.htm)"
54.36.148.204 - - [11/May/2022:07:54:15 +0200] "GET /images/big_prod/1300000022477.jpg HTTP/1.1" 200 164788 "-" "Mozilla/5.0 (compatible; AhrefsBot/7.0; +http://ahrefs.com/robot/)"
147.92.238.79 - - [11/May/2022:07:54:41 +0200] "GET /images/mini_prod/5055071696022.jpg HTTP/1.1" 200 6161 "-" "Mozilla/5.0 (X11; Ubuntu; Linux x86_64; rv:72.0) Gecko/20100101 Firefox/72.0"
147.92.238.79 - - [11/May/2022:07:54:58 +0200] "GET /images/mini_prod/3700407620012.jpg HTTP/1.1" 200 10899 "-" "Mozilla/5.0 (X11; Ubuntu; Linux x86_64; rv:72.0) Gecko/20100101 Firefox/72.0"
147.92.238.77 - - [11/May/2022:07:57:11 +0200] "GET /images/mini_prod/8435333821862.jpg HTTP/1.1" 200 10242 "-" "Mozilla/5.0 (X11; Ubuntu; Linux x86_64; rv:72.0) Gecko/20100101 Firefox/72.0"
207.46.13.182 - - [11/May/2022:07:58:50 +0200] "GET /images/big_prod/1384220059369.jpg HTTP/1.1" 200 171681 "-" "Mozilla/5.0 (compatible; bingbot/2.0; +http://www.bing.com/bingbot.htm)"
147.92.238.80 - - [11/May/2022:07:59:59 +0200] "GET /images/mini_prod/3609810020597.jpg HTTP/1.1" 200 9175 "-" "Mozilla/5.0 (X11; Ubuntu; Linux x86_64; rv:72.0) Gecko/20100101 Firefox/72.0"
40.77.167.0 - - [11/May/2022:08:03:29 +0200] "GET /images/mini_prod/7601019992992.jpg HTTP/1.1" 200 13729 "-" "Mozilla/5.0 (compatible; bingbot/2.0; +http://www.bing.com/bingbot.htm)"
216.244.66.242 - - [11/May/2022:08:04:05 +0200] "GET /robots.txt HTTP/1.1" 200 2438 "-" "Mozilla/5.0 (compatible; DotBot/1.2; +https://opensiteexplorer.org/dotbot; help@moz.com)"
54.36.148.68 - - [11/May/2022:08:06:10 +0200] "GET /images/big_prod/3609810091238.jpg HTTP/1.1" 200 191727 "-" "Mozilla/5.0 (compatible; AhrefsBot/7.0; +http://ahrefs.com/robot/)"
54.36.148.225 - - [11/May/2022:08:06:11 +0200] "GET /images/big_prod_2/3609810091238b.jpg HTTP/1.1" 200 52128 "-" "Mozilla/5.0 (compatible; AhrefsBot/7.0; +http://ahrefs.com/robot/)"
54.36.149.23 - - [11/May/2022:08:06:11 +0200] "GET /images/big_prod_1/3609810091238a.jpg HTTP/1.1" 200 100884 "-" "Mozilla/5.0 (compatible; AhrefsBot/7.0; +http://ahrefs.com/robot/)"
66.249.64.146 - - [11/May/2022:08:11:27 +0200] "GET /images/MISES-EN-SITUATION-STACH-NOIRE-20.jpg HTTP/1.1" 200 18175 "-" "Googlebot-Image/1.0"
157.55.39.172 - - [11/May/2022:08:12:05 +0200] "GET /images/8462181600127.jpg HTTP/1.1" 200 36021 "-" "Mozilla/5.0 (compatible; bingbot/2.0; +http://www.bing.com/bingbot.htm)"
40.77.167.13 - - [11/May/2022:08:12:29 +0200] "GET /images/9316188036085.jpg HTTP/1.1" 200 27821 "-" "Mozilla/5.0 (compatible; bingbot/2.0; +http://www.bing.com/bingbot.htm)"
207.46.13.182 - - [11/May/2022:08:12:33 +0200] "GET /images/mini_prod/5060275045255.jpg HTTP/1.1" 200 9828 "-" "Mozilla/5.0 (compatible; bingbot/2.0; +http://www.bing.com/bingbot.htm)"
77.75.76.165 - - [11/May/2022:08:15:37 +0200] "GET /robots.txt HTTP/1.1" 200 2438 "-" "Mozilla/5.0 (compatible; SeznamBot/3.2; +http://napoveda.seznam.cz/en/seznambot-intro/)"
66.249.64.146 - - [11/May/2022:08:16:27 +0200] "GET /images/big_prod_2/8422059532202C.jpg HTTP/1.1" 200 673011 "-" "Googlebot-Image/1.0"
114.119.137.45 - - [11/May/2022:08:16:53 +0200] "GET /images/DSCN4025n.jpg HTTP/1.1" 200 26476 "-" "Mozilla/5.0 (Linux; Android 7.0;) AppleWebKit/537.36 (KHTML, like Gecko) Mobile Safari/537.36 (compatible; PetalBot;+https://webmaster.petalsearch.com/site/petalbot)"
157.55.39.172 - - [11/May/2022:08:18:35 +0200] "GET /images/big_prod/5415203855152.jpg HTTP/1.1" 200 103755 "-" "Mozilla/5.0 (compatible; bingbot/2.0; +http://www.bing.com/bingbot.htm)"
147.92.238.77 - - [11/May/2022:08:19:03 +0200] "GET /images/mini_prod/3574642579806.jpg HTTP/1.1" 200 7781 "-" "Mozilla/5.0 (X11; Ubuntu; Linux x86_64; rv:72.0) Gecko/20100101 Firefox/72.0"
185.191.171.40 - - [11/May/2022:08:19:54 +0200] "GET /robots.txt HTTP/1.1" 200 2438 "-" "Mozilla/5.0 (compatible; SemrushBot/7~bl; +http://www.semrush.com/bot.html)"
207.46.13.182 - - [11/May/2022:08:20:33 +0200] "GET /images/mini_prod/3438100346686.jpg HTTP/1.1" 200 5329 "-" "Mozilla/5.0 (compatible; bingbot/2.0; +http://www.bing.com/bingbot.htm)"
147.92.238.77 - - [11/May/2022:08:21:28 +0200] "GET /images/mini_prod/9316188081023.jpg HTTP/1.1" 200 5732 "-" "Mozilla/5.0 (X11; Ubuntu; Linux x86_64; rv:72.0) Gecko/20100101 Firefox/72.0"
147.92.238.79 - - [11/May/2022:08:22:15 +0200] "GET /images/mini_prod/mug-i-love-02.jpg HTTP/1.1" 200 6298 "-" "Mozilla/5.0 (X11; Ubuntu; Linux x86_64; rv:72.0) Gecko/20100101 Firefox/72.0"
157.55.39.105 - - [11/May/2022:08:23:12 +0200] "GET /images/8435333804506.jpg HTTP/1.1" 200 128518 "-" "Mozilla/5.0 (compatible; bingbot/2.0; +http://www.bing.com/bingbot.htm)"
40.77.167.0 - - [11/May/2022:08:23:19 +0200] "GET /images/big_prod/5051276388144.jpg HTTP/1.1" 200 215766 "-" "Mozilla/5.0 (compatible; bingbot/2.0; +http://www.bing.com/bingbot.htm)"
40.77.103.95 - - [11/May/2022:08:23:29 +0200] "GET /images/3438100340202.jpg HTTP/1.1" 200 34219 "-" "Mozilla/5.0 (Windows NT 10.0; Win64; x64) AppleWebKit/537.36 (KHTML, like Gecko) Chrome/87.0.4280.141 Safari/537.36"
207.46.13.182 - - [11/May/2022:08:23:54 +0200] "GET /images/mini_prod/8433978414623.jpg HTTP/1.1" 200 5155 "-" "Mozilla/5.0 (compatible; bingbot/2.0; +http://www.bing.com/bingbot.htm)"
49.7.44.198 - - [11/May/2022:08:24:16 +0200] "GET /images/big_prod_1/028399270163c.jpg HTTP/1.1" 200 181759 "-" "Mozilla/5.0 (X11; Ubuntu; Linux x86_64; rv:72.0) Gecko/20100101 Firefox/72.0"
40.122.192.230 - - [11/May/2022:08:24:20 +0200] "GET /images/big_prod_1/b4029811409365.jpg HTTP/1.1" 200 89605 "-" "Mozilla/5.0 (Windows NT 10.0; Win64; x64) AppleWebKit/537.36 (KHTML, like Gecko) Chrome/87.0.4280.141 Safari/537.36"
147.92.238.80 - - [11/May/2022:08:24:52 +0200] "GET /images/mini_prod/3014627769278.jpg HTTP/1.1" 200 6606 "-" "Mozilla/5.0 (X11; Ubuntu; Linux x86_64; rv:72.0) Gecko/20100101 Firefox/72.0"
5.90.142.25 - - [11/May/2022:08:24:54 +0200] "GET /templates/Pixame_v1/stylesheet.css HTTP/1.1" 200 56057 "http://www.wonder-geek.com/jane-crowther-cats-p-54759.html" "Mozilla/5.0 (Linux; Android 12; Pixel 3) AppleWebKit/537.36 (KHTML, like Gecko) Chrome/100.0.4896.127 Mobile Safari/537.36"
5.90.142.25 - - [11/May/2022:08:24:54 +0200] "GET /highslide/highslide.js HTTP/1.1" 200 42909 "http://www.wonder-geek.com/jane-crowther-cats-p-54759.html" "Mozilla/5.0 (Linux; Android 12; Pixel 3) AppleWebKit/537.36 (KHTML, like Gecko) Chrome/100.0.4896.127 Mobile Safari/537.36"
5.90.142.25 - - [11/May/2022:08:24:54 +0200] "GET /js/jquery.jqzoom.js HTTP/1.1" 200 4761 "http://www.wonder-geek.com/jane-crowther-cats-p-54759.html" "Mozilla/5.0 (Linux; Android 12; Pixel 3) AppleWebKit/537.36 (KHTML, like Gecko) Chrome/100.0.4896.127 Mobile Safari/537.36"
5.90.142.25 - - [11/May/2022:08:24:55 +0200] "GET /js/jquery.js HTTP/1.1" 200 54075 "http://www.wonder-geek.com/jane-crowther-cats-p-54759.html" "Mozilla/5.0 (Linux; Android 12; Pixel 3) AppleWebKit/537.36 (KHTML, like Gecko) Chrome/100.0.4896.127 Mobile Safari/537.36"
5.90.142.25 - - [11/May/2022:08:24:55 +0200] "GET /mondial_relay/js/jquery-1.3.2.min.js HTTP/1.1" 200 57254 "http://www.wonder-geek.com/jane-crowther-cats-p-54759.html" "Mozilla/5.0 (Linux; Android 12; Pixel 3) AppleWebKit/537.36 (KHTML, like Gecko) Chrome/100.0.4896.127 Mobile Safari/537.36"
5.90.142.25 - - [11/May/2022:08:24:55 +0200] "GET /templates/Pixame_v1/images/Bottom_texture.jpg HTTP/1.1" 200 56290 "http://www.wonder-geek.com/templates/Pixame_v1/stylesheet.css" "Mozilla/5.0 (Linux; Android 12; Pixel 3) AppleWebKit/537.36 (KHTML, like Gecko) Chrome/100.0.4896.127 Mobile Safari/537.36"
5.90.142.25 - - [11/May/2022:08:24:55 +0200] "GET /templates/Pixame_v1/images/icon_accueil2.png HTTP/1.1" 200 1137 "http://www.wonder-geek.com/jane-crowther-cats-p-54759.html" "Mozilla/5.0 (Linux; Android 12; Pixel 3) AppleWebKit/537.36 (KHTML, like Gecko) Chrome/100.0.4896.127 Mobile Safari/537.36"
5.90.142.25 - - [11/May/2022:08:24:55 +0200] "GET /templates/Pixame_v1/images/nav.png HTTP/1.1" 200 1283 "http://www.wonder-geek.com/templates/Pixame_v1/stylesheet.css" "Mozilla/5.0 (Linux; Android 12; Pixel 3) AppleWebKit/537.36 (KHTML, like Gecko) Chrome/100.0.4896.127 Mobile Safari/537.36"
5.90.142.25 - - [11/May/2022:08:24:55 +0200] "GET /templates/Pixame_v1/images/Middle_texture.jpg HTTP/1.1" 200 249620 "http://www.wonder-geek.com/templates/Pixame_v1/stylesheet.css" "Mozilla/5.0 (Linux; Android 12; Pixel 3) AppleWebKit/537.36 (KHTML, like Gecko) Chrome/100.0.4896.127 Mobile Safari/537.36"
5.90.142.25 - - [11/May/2022:08:24:55 +0200] "GET /templates/Pixame_v1/images/header.png HTTP/1.1" 200 70245 "http://www.wonder-geek.com/templates/Pixame_v1/stylesheet.css" "Mozilla/5.0 (Linux; Android 12; Pixel 3) AppleWebKit/537.36 (KHTML, like Gecko) Chrome/100.0.4896.127 Mobile Safari/537.36"
5.90.142.25 - - [11/May/2022:08:24:55 +0200] "GET /templates/Pixame_v1/images/header-object.png HTTP/1.1" 200 106050 "http://www.wonder-geek.com/templates/Pixame_v1/stylesheet.css" "Mozilla/5.0 (Linux; Android 12; Pixel 3) AppleWebKit/537.36 (KHTML, like Gecko) Chrome/100.0.4896.127 Mobile Safari/537.36"
5.90.142.25 - - [11/May/2022:08:24:55 +0200] "GET /design/productsenstock.png HTTP/1.1" 200 4743 "http://www.wonder-geek.com/templates/Pixame_v1/stylesheet.css" "Mozilla/5.0 (Linux; Android 12; Pixel 3) AppleWebKit/537.36 (KHTML, like Gecko) Chrome/100.0.4896.127 Mobile Safari/537.36"
5.90.142.25 - - [11/May/2022:08:24:56 +0200] "GET /templates/Pixame_v1/images/buttons/english/button_in_cart.gif HTTP/1.1" 200 1212 "http://www.wonder-geek.com/jane-crowther-cats-p-54759.html" "Mozilla/5.0 (Linux; Android 12; Pixel 3) AppleWebKit/537.36 (KHTML, like Gecko) Chrome/100.0.4896.127 Mobile Safari/537.36"
5.90.142.25 - - [11/May/2022:08:24:56 +0200] "GET /images/big_prod_1/3700572752969B.jpg HTTP/1.1" 200 426532 "http://www.wonder-geek.com/jane-crowther-cats-p-54759.html" "Mozilla/5.0 (Linux; Android 12; Pixel 3) AppleWebKit/537.36 (KHTML, like Gecko) Chrome/100.0.4896.127 Mobile Safari/537.36"
5.90.142.25 - - [11/May/2022:08:24:56 +0200] "GET /images/big_prod/3700572752969.jpg HTTP/1.1" 200 500047 "http://www.wonder-geek.com/jane-crowther-cats-p-54759.html" "Mozilla/5.0 (Linux; Android 12; Pixel 3) AppleWebKit/537.36 (KHTML, like Gecko) Chrome/100.0.4896.127 Mobile Safari/537.36"
5.90.142.25 - - [11/May/2022:08:24:56 +0200] "GET /highslide/graphics/outlines/drop-shadow.png HTTP/1.1" 200 2022 "http://www.wonder-geek.com/jane-crowther-cats-p-54759.html" "Mozilla/5.0 (Linux; Android 12; Pixel 3) AppleWebKit/537.36 (KHTML, like Gecko) Chrome/100.0.4896.127 Mobile Safari/537.36"
5.90.142.25 - - [11/May/2022:08:24:56 +0200] "GET /favicon.ico HTTP/1.1" 200 1591 "http://www.wonder-geek.com/jane-crowther-cats-p-54759.html" "Mozilla/5.0 (Linux; Android 12; Pixel 3) AppleWebKit/537.36 (KHTML, like Gecko) Chrome/100.0.4896.127 Mobile Safari/537.36"
54.36.149.55 - - [11/May/2022:08:25:24 +0200] "GET /images/big_prod/3453131156165.jpg HTTP/1.1" 200 357686 "-" "Mozilla/5.0 (compatible; AhrefsBot/7.0; +http://ahrefs.com/robot/)"
54.36.149.35 - - [11/May/2022:08:25:25 +0200] "GET /images/big_prod_1/3453131156165B.jpg HTTP/1.1" 200 282745 "-" "Mozilla/5.0 (compatible; AhrefsBot/7.0; +http://ahrefs.com/robot/)"
5.90.142.25 - - [11/May/2022:08:25:27 +0200] "GET /js/jquery.masonry.min.js HTTP/1.1" 200 5392 "http://www.wonder-geek.com/pitchers-drink-dispensers-c-12_243.html" "Mozilla/5.0 (Linux; Android 12; Pixel 3) AppleWebKit/537.36 (KHTML, like Gecko) Chrome/100.0.4896.127 Mobile Safari/537.36"
5.90.142.25 - - [11/May/2022:08:25:27 +0200] "GET /images/mini_prod/3438100344347.jpg HTTP/1.1" 200 4227 "http://www.wonder-geek.com/pitchers-drink-dispensers-c-12_243.html" "Mozilla/5.0 (Linux; Android 12; Pixel 3) AppleWebKit/537.36 (KHTML, like Gecko) Chrome/100.0.4896.127 Mobile Safari/537.36"
5.90.142.25 - - [11/May/2022:08:25:27 +0200] "GET /images/mini_prod/3503420082726.jpg HTTP/1.1" 200 5720 "http://www.wonder-geek.com/pitchers-drink-dispensers-c-12_243.html" "Mozilla/5.0 (Linux; Android 12; Pixel 3) AppleWebKit/537.36 (KHTML, like Gecko) Chrome/100.0.4896.127 Mobile Safari/537.36"
5.90.142.25 - - [11/May/2022:08:25:27 +0200] "GET /js/modernizr-transitions.js HTTP/1.1" 200 2026 "http://www.wonder-geek.com/pitchers-drink-dispensers-c-12_243.html" "Mozilla/5.0 (Linux; Android 12; Pixel 3) AppleWebKit/537.36 (KHTML, like Gecko) Chrome/100.0.4896.127 Mobile Safari/537.36"
5.90.142.25 - - [11/May/2022:08:25:27 +0200] "GET /images/mini_prod/3700276292792.jpg HTTP/1.1" 200 5801 "http://www.wonder-geek.com/pitchers-drink-dispensers-c-12_243.html" "Mozilla/5.0 (Linux; Android 12; Pixel 3) AppleWebKit/537.36 (KHTML, like Gecko) Chrome/100.0.4896.127 Mobile Safari/537.36"
5.90.142.25 - - [11/May/2022:08:25:27 +0200] "GET /images/mini_prod/3438100344378.jpg HTTP/1.1" 200 4363 "http://www.wonder-geek.com/pitchers-drink-dispensers-c-12_243.html" "Mozilla/5.0 (Linux; Android 12; Pixel 3) AppleWebKit/537.36 (KHTML, like Gecko) Chrome/100.0.4896.127 Mobile Safari/537.36"
5.90.142.25 - - [11/May/2022:08:25:27 +0200] "GET /images/mini_prod/3565750294071.jpg HTTP/1.1" 200 5002 "http://www.wonder-geek.com/pitchers-drink-dispensers-c-12_243.html" "Mozilla/5.0 (Linux; Android 12; Pixel 3) AppleWebKit/537.36 (KHTML, like Gecko) Chrome/100.0.4896.127 Mobile Safari/537.36"
5.90.142.25 - - [11/May/2022:08:25:27 +0200] "GET /images/mini_prod/8712159170061.jpg HTTP/1.1" 200 4864 "http://www.wonder-geek.com/pitchers-drink-dispensers-c-12_243.html" "Mozilla/5.0 (Linux; Android 12; Pixel 3) AppleWebKit/537.36 (KHTML, like Gecko) Chrome/100.0.4896.127 Mobile Safari/537.36"
5.90.142.25 - - [11/May/2022:08:25:27 +0200] "GET /images/mini_prod/3503420055300C.jpg HTTP/1.1" 200 10280 "http://www.wonder-geek.com/pitchers-drink-dispensers-c-12_243.html" "Mozilla/5.0 (Linux; Android 12; Pixel 3) AppleWebKit/537.36 (KHTML, like Gecko) Chrome/100.0.4896.127 Mobile Safari/537.36"
5.90.142.25 - - [11/May/2022:08:25:27 +0200] "GET /images/mini_prod/3503420069482.jpg HTTP/1.1" 200 7418 "http://www.wonder-geek.com/pitchers-drink-dispensers-c-12_243.html" "Mozilla/5.0 (Linux; Android 12; Pixel 3) AppleWebKit/537.36 (KHTML, like Gecko) Chrome/100.0.4896.127 Mobile Safari/537.36"
5.90.142.25 - - [11/May/2022:08:25:27 +0200] "GET /images/mini_prod/3700516218902.jpg HTTP/1.1" 200 5886 "http://www.wonder-geek.com/pitchers-drink-dispensers-c-12_243.html" "Mozilla/5.0 (Linux; Android 12; Pixel 3) AppleWebKit/537.36 (KHTML, like Gecko) Chrome/100.0.4896.127 Mobile Safari/537.36"
5.90.142.25 - - [11/May/2022:08:25:27 +0200] "GET /images/mini_prod/3503420065637N.jpg HTTP/1.1" 200 5782 "http://www.wonder-geek.com/pitchers-drink-dispensers-c-12_243.html" "Mozilla/5.0 (Linux; Android 12; Pixel 3) AppleWebKit/537.36 (KHTML, like Gecko) Chrome/100.0.4896.127 Mobile Safari/537.36"
5.90.142.25 - - [11/May/2022:08:25:27 +0200] "GET /images/mini_prod/3503420103940.jpg HTTP/1.1" 200 7975 "http://www.wonder-geek.com/pitchers-drink-dispensers-c-12_243.html" "Mozilla/5.0 (Linux; Android 12; Pixel 3) AppleWebKit/537.36 (KHTML, like Gecko) Chrome/100.0.4896.127 Mobile Safari/537.36"
5.90.142.25 - - [11/May/2022:08:25:27 +0200] "GET /images/mini_prod/3503420064555.jpg HTTP/1.1" 200 7815 "http://www.wonder-geek.com/pitchers-drink-dispensers-c-12_243.html" "Mozilla/5.0 (Linux; Android 12; Pixel 3) AppleWebKit/537.36 (KHTML, like Gecko) Chrome/100.0.4896.127 Mobile Safari/537.36"
5.90.142.25 - - [11/May/2022:08:25:27 +0200] "GET /images/mini_prod/3612875122304.jpg HTTP/1.1" 200 5421 "http://www.wonder-geek.com/pitchers-drink-dispensers-c-12_243.html" "Mozilla/5.0 (Linux; Android 12; Pixel 3) AppleWebKit/537.36 (KHTML, like Gecko) Chrome/100.0.4896.127 Mobile Safari/537.36"
5.90.142.25 - - [11/May/2022:08:25:27 +0200] "GET /images/mini_prod/3503420064371.jpg HTTP/1.1" 200 7238 "http://www.wonder-geek.com/pitchers-drink-dispensers-c-12_243.html" "Mozilla/5.0 (Linux; Android 12; Pixel 3) AppleWebKit/537.36 (KHTML, like Gecko) Chrome/100.0.4896.127 Mobile Safari/537.36"
5.90.142.25 - - [11/May/2022:08:25:27 +0200] "GET /images/mini_prod/3503420076954.jpg HTTP/1.1" 200 5509 "http://www.wonder-geek.com/pitchers-drink-dispensers-c-12_243.html" "Mozilla/5.0 (Linux; Android 12; Pixel 3) AppleWebKit/537.36 (KHTML, like Gecko) Chrome/100.0.4896.127 Mobile Safari/537.36"
5.90.142.25 - - [11/May/2022:08:25:27 +0200] "GET /images/mini_prod/3700516218810.jpg HTTP/1.1" 200 6064 "http://www.wonder-geek.com/pitchers-drink-dispensers-c-12_243.html" "Mozilla/5.0 (Linux; Android 12; Pixel 3) AppleWebKit/537.36 (KHTML, like Gecko) Chrome/100.0.4896.127 Mobile Safari/537.36"
5.90.142.25 - - [11/May/2022:08:25:27 +0200] "GET /images/mini_prod/3503420235368.jpg HTTP/1.1" 200 10112 "http://www.wonder-geek.com/pitchers-drink-dispensers-c-12_243.html" "Mozilla/5.0 (Linux; Android 12; Pixel 3) AppleWebKit/537.36 (KHTML, like Gecko) Chrome/100.0.4896.127 Mobile Safari/537.36"
5.90.142.25 - - [11/May/2022:08:25:27 +0200] "GET /images/mini_prod/4029811400317B.jpg HTTP/1.1" 200 8160 "http://www.wonder-geek.com/pitchers-drink-dispensers-c-12_243.html" "Mozilla/5.0 (Linux; Android 12; Pixel 3) AppleWebKit/537.36 (KHTML, like Gecko) Chrome/100.0.4896.127 Mobile Safari/537.36"
5.90.142.25 - - [11/May/2022:08:25:27 +0200] "GET /images/mini_prod/3700516218841.jpg HTTP/1.1" 200 6355 "http://www.wonder-geek.com/pitchers-drink-dispensers-c-12_243.html" "Mozilla/5.0 (Linux; Android 12; Pixel 3) AppleWebKit/537.36 (KHTML, like Gecko) Chrome/100.0.4896.127 Mobile Safari/537.36"
5.90.142.25 - - [11/May/2022:08:25:27 +0200] "GET /images/mini_prod/3612875122311.jpg HTTP/1.1" 200 5291 "http://www.wonder-geek.com/pitchers-drink-dispensers-c-12_243.html" "Mozilla/5.0 (Linux; Android 12; Pixel 3) AppleWebKit/537.36 (KHTML, like Gecko) Chrome/100.0.4896.127 Mobile Safari/537.36"
5.90.142.25 - - [11/May/2022:08:26:05 +0200] "GET /images/mini_prod/9316188080736.jpg HTTP/1.1" 200 7332 "http://www.wonder-geek.com/array-m-627.html" "Mozilla/5.0 (Linux; Android 12; Pixel 3) AppleWebKit/537.36 (KHTML, like Gecko) Chrome/100.0.4896.127 Mobile Safari/537.36"
5.90.142.25 - - [11/May/2022:08:26:05 +0200] "GET /images/mini_prod/9316188081016.jpg HTTP/1.1" 200 5808 "http://www.wonder-geek.com/array-m-627.html" "Mozilla/5.0 (Linux; Android 12; Pixel 3) AppleWebKit/537.36 (KHTML, like Gecko) Chrome/100.0.4896.127 Mobile Safari/537.36"
5.90.142.25 - - [11/May/2022:08:26:05 +0200] "GET /images/mini_prod/9316188080750.jpg HTTP/1.1" 200 6514 "http://www.wonder-geek.com/array-m-627.html" "Mozilla/5.0 (Linux; Android 12; Pixel 3) AppleWebKit/537.36 (KHTML, like Gecko) Chrome/100.0.4896.127 Mobile Safari/537.36"
5.90.142.25 - - [11/May/2022:08:26:05 +0200] "GET /images/mini_prod/9316188080873.jpg HTTP/1.1" 200 6674 "http://www.wonder-geek.com/array-m-627.html" "Mozilla/5.0 (Linux; Android 12; Pixel 3) AppleWebKit/537.36 (KHTML, like Gecko) Chrome/100.0.4896.127 Mobile Safari/537.36"
5.90.142.25 - - [11/May/2022:08:26:05 +0200] "GET /images/mini_prod/9316188080880.jpg HTTP/1.1" 200 5994 "http://www.wonder-geek.com/array-m-627.html" "Mozilla/5.0 (Linux; Android 12; Pixel 3) AppleWebKit/537.36 (KHTML, like Gecko) Chrome/100.0.4896.127 Mobile Safari/537.36"
5.90.142.25 - - [11/May/2022:08:26:05 +0200] "GET /images/mini_prod/9316188080866.jpg HTTP/1.1" 200 6409 "http://www.wonder-geek.com/array-m-627.html" "Mozilla/5.0 (Linux; Android 12; Pixel 3) AppleWebKit/537.36 (KHTML, like Gecko) Chrome/100.0.4896.127 Mobile Safari/537.36"
5.90.142.25 - - [11/May/2022:08:26:05 +0200] "GET /images/mini_prod/9316188080859.jpg HTTP/1.1" 200 6226 "http://www.wonder-geek.com/array-m-627.html" "Mozilla/5.0 (Linux; Android 12; Pixel 3) AppleWebKit/537.36 (KHTML, like Gecko) Chrome/100.0.4896.127 Mobile Safari/537.36"
5.90.142.25 - - [11/May/2022:08:26:05 +0200] "GET /images/mini_prod/9316188081139.jpg HTTP/1.1" 200 8421 "http://www.wonder-geek.com/array-m-627.html" "Mozilla/5.0 (Linux; Android 12; Pixel 3) AppleWebKit/537.36 (KHTML, like Gecko) Chrome/100.0.4896.127 Mobile Safari/537.36"
5.90.142.25 - - [11/May/2022:08:26:05 +0200] "GET /images/mini_prod/9316188081153.jpg HTTP/1.1" 200 9248 "http://www.wonder-geek.com/array-m-627.html" "Mozilla/5.0 (Linux; Android 12; Pixel 3) AppleWebKit/537.36 (KHTML, like Gecko) Chrome/100.0.4896.127 Mobile Safari/537.36"
5.90.142.25 - - [11/May/2022:08:26:05 +0200] "GET /images/mini_prod/9316188081160.jpg HTTP/1.1" 200 7467 "http://www.wonder-geek.com/array-m-627.html" "Mozilla/5.0 (Linux; Android 12; Pixel 3) AppleWebKit/537.36 (KHTML, like Gecko) Chrome/100.0.4896.127 Mobile Safari/537.36"
5.90.142.25 - - [11/May/2022:08:26:05 +0200] "GET /images/mini_prod/9316188081146.jpg HTTP/1.1" 200 7530 "http://www.wonder-geek.com/array-m-627.html" "Mozilla/5.0 (Linux; Android 12; Pixel 3) AppleWebKit/537.36 (KHTML, like Gecko) Chrome/100.0.4896.127 Mobile Safari/537.36"
5.90.142.25 - - [11/May/2022:08:26:05 +0200] "GET /images/mini_prod/9316188081191.jpg HTTP/1.1" 200 9155 "http://www.wonder-geek.com/array-m-627.html" "Mozilla/5.0 (Linux; Android 12; Pixel 3) AppleWebKit/537.36 (KHTML, like Gecko) Chrome/100.0.4896.127 Mobile Safari/537.36"
5.90.142.25 - - [11/May/2022:08:26:05 +0200] "GET /images/mini_prod/9316188081177.jpg HTTP/1.1" 200 8679 "http://www.wonder-geek.com/array-m-627.html" "Mozilla/5.0 (Linux; Android 12; Pixel 3) AppleWebKit/537.36 (KHTML, like Gecko) Chrome/100.0.4896.127 Mobile Safari/537.36"
5.90.142.25 - - [11/May/2022:08:26:05 +0200] "GET /images/mini_prod/9316188081207.jpg HTTP/1.1" 200 7804 "http://www.wonder-geek.com/array-m-627.html" "Mozilla/5.0 (Linux; Android 12; Pixel 3) AppleWebKit/537.36 (KHTML, like Gecko) Chrome/100.0.4896.127 Mobile Safari/537.36"
5.90.142.25 - - [11/May/2022:08:26:05 +0200] "GET /images/mini_prod/9316188081184.jpg HTTP/1.1" 200 7437 "http://www.wonder-geek.com/array-m-627.html" "Mozilla/5.0 (Linux; Android 12; Pixel 3) AppleWebKit/537.36 (KHTML, like Gecko) Chrome/100.0.4896.127 Mobile Safari/537.36"
5.90.142.25 - - [11/May/2022:08:26:05 +0200] "GET /images/mini_prod/9316188081238.jpg HTTP/1.1" 200 8800 "http://www.wonder-geek.com/array-m-627.html" "Mozilla/5.0 (Linux; Android 12; Pixel 3) AppleWebKit/537.36 (KHTML, like Gecko) Chrome/100.0.4896.127 Mobile Safari/537.36"
5.90.142.25 - - [11/May/2022:08:26:05 +0200] "GET /images/mini_prod/9316188081214.jpg HTTP/1.1" 200 8061 "http://www.wonder-geek.com/array-m-627.html" "Mozilla/5.0 (Linux; Android 12; Pixel 3) AppleWebKit/537.36 (KHTML, like Gecko) Chrome/100.0.4896.127 Mobile Safari/537.36"
5.90.142.25 - - [11/May/2022:08:26:05 +0200] "GET /images/mini_prod/9316188081221.jpg HTTP/1.1" 200 7270 "http://www.wonder-geek.com/array-m-627.html" "Mozilla/5.0 (Linux; Android 12; Pixel 3) AppleWebKit/537.36 (KHTML, like Gecko) Chrome/100.0.4896.127 Mobile Safari/537.36"
157.55.39.172 - - [11/May/2022:08:26:36 +0200] "GET /images/mini_prod/3612874112801.jpg HTTP/1.1" 200 8728 "-" "Mozilla/5.0 (compatible; bingbot/2.0; +http://www.bing.com/bingbot.htm)"
5.90.142.25 - - [11/May/2022:08:27:11 +0200] "GET /images/mini_prod/1399984256367.jpg HTTP/1.1" 200 5870 "http://www.wonder-geek.com/metal-boxes-storage-c-13_150_218.html" "Mozilla/5.0 (Linux; Android 12; Pixel 3) AppleWebKit/537.36 (KHTML, like Gecko) Chrome/100.0.4896.127 Mobile Safari/537.36"
5.90.142.25 - - [11/May/2022:08:27:11 +0200] "GET /images/mini_prod/3700281646740.jpg HTTP/1.1" 200 4798 "http://www.wonder-geek.com/metal-boxes-storage-c-13_150_218.html" "Mozilla/5.0 (Linux; Android 12; Pixel 3) AppleWebKit/537.36 (KHTML, like Gecko) Chrome/100.0.4896.127 Mobile Safari/537.36"
5.90.142.25 - - [11/May/2022:08:27:11 +0200] "GET /images/mini_prod/3700281646610.jpg HTTP/1.1" 200 4696 "http://www.wonder-geek.com/metal-boxes-storage-c-13_150_218.html" "Mozilla/5.0 (Linux; Android 12; Pixel 3) AppleWebKit/537.36 (KHTML, like Gecko) Chrome/100.0.4896.127 Mobile Safari/537.36"
5.90.142.25 - - [11/May/2022:08:27:11 +0200] "GET /images/mini_prod/3700281646719.jpg HTTP/1.1" 200 4838 "http://www.wonder-geek.com/metal-boxes-storage-c-13_150_218.html" "Mozilla/5.0 (Linux; Android 12; Pixel 3) AppleWebKit/537.36 (KHTML, like Gecko) Chrome/100.0.4896.127 Mobile Safari/537.36"
5.90.142.25 - - [11/May/2022:08:27:11 +0200] "GET /images/mini_prod/1399984256374.jpg HTTP/1.1" 200 5928 "http://www.wonder-geek.com/metal-boxes-storage-c-13_150_218.html" "Mozilla/5.0 (Linux; Android 12; Pixel 3) AppleWebKit/537.36 (KHTML, like Gecko) Chrome/100.0.4896.127 Mobile Safari/537.36"
5.90.142.25 - - [11/May/2022:08:27:12 +0200] "GET /images/mini_prod/8422010194807.jpg HTTP/1.1" 200 5373 "http://www.wonder-geek.com/metal-boxes-storage-c-13_150_218.html" "Mozilla/5.0 (Linux; Android 12; Pixel 3) AppleWebKit/537.36 (KHTML, like Gecko) Chrome/100.0.4896.127 Mobile Safari/537.36"
5.90.142.25 - - [11/May/2022:08:27:12 +0200] "GET /images/mini_prod/3700281646771.jpg HTTP/1.1" 200 4138 "http://www.wonder-geek.com/metal-boxes-storage-c-13_150_218.html" "Mozilla/5.0 (Linux; Android 12; Pixel 3) AppleWebKit/537.36 (KHTML, like Gecko) Chrome/100.0.4896.127 Mobile Safari/537.36"
5.90.142.25 - - [11/May/2022:08:27:12 +0200] "GET /images/mini_prod/3700281646627.jpg HTTP/1.1" 200 4215 "http://www.wonder-geek.com/metal-boxes-storage-c-13_150_218.html" "Mozilla/5.0 (Linux; Android 12; Pixel 3) AppleWebKit/537.36 (KHTML, like Gecko) Chrome/100.0.4896.127 Mobile Safari/537.36"
5.90.142.25 - - [11/May/2022:08:27:12 +0200] "GET /images/mini_prod/8424001309078.jpg HTTP/1.1" 200 7552 "http://www.wonder-geek.com/metal-boxes-storage-c-13_150_218.html" "Mozilla/5.0 (Linux; Android 12; Pixel 3) AppleWebKit/537.36 (KHTML, like Gecko) Chrome/100.0.4896.127 Mobile Safari/537.36"
5.90.142.25 - - [11/May/2022:08:27:12 +0200] "GET /images/mini_prod/3700281646641.jpg HTTP/1.1" 200 3744 "http://www.wonder-geek.com/metal-boxes-storage-c-13_150_218.html" "Mozilla/5.0 (Linux; Android 12; Pixel 3) AppleWebKit/537.36 (KHTML, like Gecko) Chrome/100.0.4896.127 Mobile Safari/537.36"
5.90.142.25 - - [11/May/2022:08:27:12 +0200] "GET /images/mini_prod/3700281646757.jpg HTTP/1.1" 200 5659 "http://www.wonder-geek.com/metal-boxes-storage-c-13_150_218.html" "Mozilla/5.0 (Linux; Android 12; Pixel 3) AppleWebKit/537.36 (KHTML, like Gecko) Chrome/100.0.4896.127 Mobile Safari/537.36"
5.90.142.25 - - [11/May/2022:08:27:12 +0200] "GET /images/mini_prod/1399984256343.jpg HTTP/1.1" 200 5866 "http://www.wonder-geek.com/metal-boxes-storage-c-13_150_218.html" "Mozilla/5.0 (Linux; Android 12; Pixel 3) AppleWebKit/537.36 (KHTML, like Gecko) Chrome/100.0.4896.127 Mobile Safari/537.36"
5.90.142.25 - - [11/May/2022:08:27:12 +0200] "GET /images/mini_prod/1399984256350.jpg HTTP/1.1" 200 5523 "http://www.wonder-geek.com/metal-boxes-storage-c-13_150_218.html" "Mozilla/5.0 (Linux; Android 12; Pixel 3) AppleWebKit/537.36 (KHTML, like Gecko) Chrome/100.0.4896.127 Mobile Safari/537.36"
5.90.142.25 - - [11/May/2022:08:27:12 +0200] "GET /images/mini_prod/1399984256381.jpg HTTP/1.1" 200 5498 "http://www.wonder-geek.com/metal-boxes-storage-c-13_150_218.html" "Mozilla/5.0 (Linux; Android 12; Pixel 3) AppleWebKit/537.36 (KHTML, like Gecko) Chrome/100.0.4896.127 Mobile Safari/537.36"
5.90.142.25 - - [11/May/2022:08:27:12 +0200] "GET /images/mini_prod/3438100337967.jpg HTTP/1.1" 200 6123 "http://www.wonder-geek.com/metal-boxes-storage-c-13_150_218.html" "Mozilla/5.0 (Linux; Android 12; Pixel 3) AppleWebKit/537.36 (KHTML, like Gecko) Chrome/100.0.4896.127 Mobile Safari/537.36"
5.90.142.25 - - [11/May/2022:08:27:12 +0200] "GET /images/mini_prod/TRORH3033.jpg HTTP/1.1" 200 8217 "http://www.wonder-geek.com/metal-boxes-storage-c-13_150_218.html" "Mozilla/5.0 (Linux; Android 12; Pixel 3) AppleWebKit/537.36 (KHTML, like Gecko) Chrome/100.0.4896.127 Mobile Safari/537.36"
5.90.142.25 - - [11/May/2022:08:27:12 +0200] "GET /images/mini_prod/1399984256305.jpg HTTP/1.1" 200 8551 "http://www.wonder-geek.com/metal-boxes-storage-c-13_150_218.html" "Mozilla/5.0 (Linux; Android 12; Pixel 3) AppleWebKit/537.36 (KHTML, like Gecko) Chrome/100.0.4896.127 Mobile Safari/537.36"
5.90.142.25 - - [11/May/2022:08:27:12 +0200] "GET /images/mini_prod/3438100348352.jpg HTTP/1.1" 200 8983 "http://www.wonder-geek.com/metal-boxes-storage-c-13_150_218.html" "Mozilla/5.0 (Linux; Android 12; Pixel 3) AppleWebKit/537.36 (KHTML, like Gecko) Chrome/100.0.4896.127 Mobile Safari/537.36"
5.90.142.25 - - [11/May/2022:08:27:12 +0200] "GET /images/mini_prod/3700653501776.jpg HTTP/1.1" 200 9543 "http://www.wonder-geek.com/metal-boxes-storage-c-13_150_218.html" "Mozilla/5.0 (Linux; Android 12; Pixel 3) AppleWebKit/537.36 (KHTML, like Gecko) Chrome/100.0.4896.127 Mobile Safari/537.36"
5.90.142.25 - - [11/May/2022:08:27:12 +0200] "GET /images/mini_prod/3700653500687.jpg HTTP/1.1" 200 9052 "http://www.wonder-geek.com/metal-boxes-storage-c-13_150_218.html" "Mozilla/5.0 (Linux; Android 12; Pixel 3) AppleWebKit/537.36 (KHTML, like Gecko) Chrome/100.0.4896.127 Mobile Safari/537.36"
5.90.142.25 - - [11/May/2022:08:27:42 +0200] "GET /images/mini_prod/3700572755366B.jpg HTTP/1.1" 200 7739 "http://www.wonder-geek.com/advanced_search_result.php?keywords=jane+crowther" "Mozilla/5.0 (Linux; Android 12; Pixel 3) AppleWebKit/537.36 (KHTML, like Gecko) Chrome/100.0.4896.127 Mobile Safari/537.36"
5.90.142.25 - - [11/May/2022:08:27:42 +0200] "GET /images/mini_prod/3700572750576.jpg HTTP/1.1" 200 6800 "http://www.wonder-geek.com/advanced_search_result.php?keywords=jane+crowther" "Mozilla/5.0 (Linux; Android 12; Pixel 3) AppleWebKit/537.36 (KHTML, like Gecko) Chrome/100.0.4896.127 Mobile Safari/537.36"
5.90.142.25 - - [11/May/2022:08:27:42 +0200] "GET /images/mini_prod/3700572750590.jpg HTTP/1.1" 200 6432 "http://www.wonder-geek.com/advanced_search_result.php?keywords=jane+crowther" "Mozilla/5.0 (Linux; Android 12; Pixel 3) AppleWebKit/537.36 (KHTML, like Gecko) Chrome/100.0.4896.127 Mobile Safari/537.36"
5.90.142.25 - - [11/May/2022:08:27:42 +0200] "GET /images/mini_prod/3700572750583.jpg HTTP/1.1" 200 5725 "http://www.wonder-geek.com/advanced_search_result.php?keywords=jane+crowther" "Mozilla/5.0 (Linux; Android 12; Pixel 3) AppleWebKit/537.36 (KHTML, like Gecko) Chrome/100.0.4896.127 Mobile Safari/537.36"
5.90.142.25 - - [11/May/2022:08:27:42 +0200] "GET /images/mini_prod/3700572750620.jpg HTTP/1.1" 200 7189 "http://www.wonder-geek.com/advanced_search_result.php?keywords=jane+crowther" "Mozilla/5.0 (Linux; Android 12; Pixel 3) AppleWebKit/537.36 (KHTML, like Gecko) Chrome/100.0.4896.127 Mobile Safari/537.36"
5.90.142.25 - - [11/May/2022:08:27:42 +0200] "GET /images/mini_prod/3700572750613.jpg HTTP/1.1" 200 7447 "http://www.wonder-geek.com/advanced_search_result.php?keywords=jane+crowther" "Mozilla/5.0 (Linux; Android 12; Pixel 3) AppleWebKit/537.36 (KHTML, like Gecko) Chrome/100.0.4896.127 Mobile Safari/537.36"
5.90.142.25 - - [11/May/2022:08:27:42 +0200] "GET /images/mini_prod/3700572750606.jpg HTTP/1.1" 200 6788 "http://www.wonder-geek.com/advanced_search_result.php?keywords=jane+crowther" "Mozilla/5.0 (Linux; Android 12; Pixel 3) AppleWebKit/537.36 (KHTML, like Gecko) Chrome/100.0.4896.127 Mobile Safari/537.36"
5.90.142.25 - - [11/May/2022:08:27:42 +0200] "GET /images/mini_prod/3700572714998.jpg HTTP/1.1" 200 6352 "http://www.wonder-geek.com/advanced_search_result.php?keywords=jane+crowther" "Mozilla/5.0 (Linux; Android 12; Pixel 3) AppleWebKit/537.36 (KHTML, like Gecko) Chrome/100.0.4896.127 Mobile Safari/537.36"
5.90.142.25 - - [11/May/2022:08:27:42 +0200] "GET /images/mini_prod/3700572715179.jpg HTTP/1.1" 200 5814 "http://www.wonder-geek.com/advanced_search_result.php?keywords=jane+crowther" "Mozilla/5.0 (Linux; Android 12; Pixel 3) AppleWebKit/537.36 (KHTML, like Gecko) Chrome/100.0.4896.127 Mobile Safari/537.36"
5.90.142.25 - - [11/May/2022:08:27:42 +0200] "GET /images/mini_prod/3700572715186.jpg HTTP/1.1" 200 5724 "http://www.wonder-geek.com/advanced_search_result.php?keywords=jane+crowther" "Mozilla/5.0 (Linux; Android 12; Pixel 3) AppleWebKit/537.36 (KHTML, like Gecko) Chrome/100.0.4896.127 Mobile Safari/537.36"
5.90.142.25 - - [11/May/2022:08:27:42 +0200] "GET /images/mini_prod/3700572722306.jpg HTTP/1.1" 200 6338 "http://www.wonder-geek.com/advanced_search_result.php?keywords=jane+crowther" "Mozilla/5.0 (Linux; Android 12; Pixel 3) AppleWebKit/537.36 (KHTML, like Gecko) Chrome/100.0.4896.127 Mobile Safari/537.36"
5.90.142.25 - - [11/May/2022:08:27:42 +0200] "GET /images/mini_prod/3700572722320.jpg HTTP/1.1" 200 6157 "http://www.wonder-geek.com/advanced_search_result.php?keywords=jane+crowther" "Mozilla/5.0 (Linux; Android 12; Pixel 3) AppleWebKit/537.36 (KHTML, like Gecko) Chrome/100.0.4896.127 Mobile Safari/537.36"
5.90.142.25 - - [11/May/2022:08:27:42 +0200] "GET /images/mini_prod/3700572752945.jpg HTTP/1.1" 200 6928 "http://www.wonder-geek.com/advanced_search_result.php?keywords=jane+crowther" "Mozilla/5.0 (Linux; Android 12; Pixel 3) AppleWebKit/537.36 (KHTML, like Gecko) Chrome/100.0.4896.127 Mobile Safari/537.36"
5.90.142.25 - - [11/May/2022:08:27:42 +0200] "GET /images/mini_prod/3700572752969.jpg HTTP/1.1" 200 7610 "http://www.wonder-geek.com/advanced_search_result.php?keywords=jane+crowther" "Mozilla/5.0 (Linux; Android 12; Pixel 3) AppleWebKit/537.36 (KHTML, like Gecko) Chrome/100.0.4896.127 Mobile Safari/537.36"
5.90.142.25 - - [11/May/2022:08:27:42 +0200] "GET /images/mini_prod/3700572722313.jpg HTTP/1.1" 200 7436 "http://www.wonder-geek.com/advanced_search_result.php?keywords=jane+crowther" "Mozilla/5.0 (Linux; Android 12; Pixel 3) AppleWebKit/537.36 (KHTML, like Gecko) Chrome/100.0.4896.127 Mobile Safari/537.36"
5.90.142.25 - - [11/May/2022:08:27:42 +0200] "GET /images/mini_prod/3700572738154.jpg HTTP/1.1" 200 7697 "http://www.wonder-geek.com/advanced_search_result.php?keywords=jane+crowther" "Mozilla/5.0 (Linux; Android 12; Pixel 3) AppleWebKit/537.36 (KHTML, like Gecko) Chrome/100.0.4896.127 Mobile Safari/537.36"
