107.77.92.84 - - [10/Jul/2022:17:39:13 +0200] "POST /placemat-kiub-collection-cats-love-paris-p-55908.html?action=add_product HTTP/1.0" 302 476 "http://www.wonder-geek.com/placemat-kiub-collection-cats-love-paris-p-55908.html" "Mozilla/5.0 (iPhone; CPU iPhone OS 15_5 like Mac OS X) AppleWebKit/605.1.15 (KHTML, like Gecko) Version/15.5 Mobile/15E148 Safari/604.1"
107.77.92.84 - - [10/Jul/2022:17:39:13 +0200] "GET /shopping_cart.php HTTP/1.0" 200 33779 "http://www.wonder-geek.com/placemat-kiub-collection-cats-love-paris-p-55908.html" "Mozilla/5.0 (iPhone; CPU iPhone OS 15_5 like Mac OS X) AppleWebKit/605.1.15 (KHTML, like Gecko) Version/15.5 Mobile/15E148 Safari/604.1"
185.191.171.24 - - [10/Jul/2022:17:39:26 +0200] "GET /small-money-bank-p-56197.html HTTP/1.0" 200 71551 "-" "Mozilla/5.0 (compatible; SemrushBot/7~bl; +http://www.semrush.com/bot.html)"
107.77.92.84 - - [10/Jul/2022:17:39:51 +0200] "GET /placemat-kiub-collection-cats-love-paris-p-55908.html HTTP/1.0" 200 77490 "http://www.wonder-geek.com/shopping_cart.php" "Mozilla/5.0 (iPhone; CPU iPhone OS 15_5 like Mac OS X) AppleWebKit/605.1.15 (KHTML, like Gecko) Version/15.5 Mobile/15E148 Safari/604.1"
144.76.68.76 - - [10/Jul/2022:17:39:53 +0200] "GET /mini-metal-tray-dubout-cats-p-52475.html HTTP/1.0" 200 74254 "-" "serpstatbot/2.1 (advanced backlink tracking bot; https://serpstatbot.com/; abuse@serpstatbot.com)"
107.77.92.84 - - [10/Jul/2022:17:39:59 +0200] "GET /placemat-kiub-collection-bike-p-55907.html HTTP/1.0" 200 77469 "http://www.wonder-geek.com/placemat-kiub-collection-cats-love-paris-p-55908.html" "Mozilla/5.0 (iPhone; CPU iPhone OS 15_5 like Mac OS X) AppleWebKit/605.1.15 (KHTML, like Gecko) Version/15.5 Mobile/15E148 Safari/604.1"
107.77.92.84 - - [10/Jul/2022:17:40:02 +0200] "GET /images/big_prod/3700572722238.jpg HTTP/1.0" 200 268 "http://www.wonder-geek.com/placemat-kiub-collection-bike-p-55907.html" "Mozilla/5.0 (iPhone; CPU iPhone OS 15_5 like Mac OS X) AppleWebKit/605.1.15 (KHTML, like Gecko) Version/15.5 Mobile/15E148 Safari/604.1"
185.191.171.17 - - [10/Jul/2022:17:40:14 +0200] "GET /zodiac-black-women-shirt-p-30807.html?action=add_product HTTP/1.0" 302 476 "-" "Mozilla/5.0 (compatible; SemrushBot/7~bl; +http://www.semrush.com/bot.html)"
107.77.92.84 - - [10/Jul/2022:17:40:29 +0200] "GET /place-piano-p-53827.html HTTP/1.0" 200 77406 "http://www.wonder-geek.com/placemat-kiub-collection-bike-p-55907.html" "Mozilla/5.0 (iPhone; CPU iPhone OS 15_5 like Mac OS X) AppleWebKit/605.1.15 (KHTML, like Gecko) Version/15.5 Mobile/15E148 Safari/604.1"
107.77.92.84 - - [10/Jul/2022:17:40:33 +0200] "POST /place-piano-p-53827.html?action=add_product HTTP/1.0" 302 476 "http://www.wonder-geek.com/place-piano-p-53827.html" "Mozilla/5.0 (iPhone; CPU iPhone OS 15_5 like Mac OS X) AppleWebKit/605.1.15 (KHTML, like Gecko) Version/15.5 Mobile/15E148 Safari/604.1"
107.77.92.84 - - [10/Jul/2022:17:40:34 +0200] "GET /shopping_cart.php HTTP/1.0" 200 33791 "http://www.wonder-geek.com/place-piano-p-53827.html" "Mozilla/5.0 (iPhone; CPU iPhone OS 15_5 like Mac OS X) AppleWebKit/605.1.15 (KHTML, like Gecko) Version/15.5 Mobile/15E148 Safari/604.1"
54.36.148.38 - - [10/Jul/2022:17:40:41 +0200] "GET /cats-love-paris-small-melamine-tray-p-55878.html HTTP/1.0" 200 74358 "-" "Mozilla/5.0 (compatible; AhrefsBot/7.0; +http://ahrefs.com/robot/)"
107.77.92.84 - - [10/Jul/2022:17:40:45 +0200] "GET /checkout_shipping.php HTTP/1.0" 302 468 "http://www.wonder-geek.com/shopping_cart.php" "Mozilla/5.0 (iPhone; CPU iPhone OS 15_5 like Mac OS X) AppleWebKit/605.1.15 (KHTML, like Gecko) Version/15.5 Mobile/15E148 Safari/604.1"
107.77.92.84 - - [10/Jul/2022:17:40:46 +0200] "GET /login.php HTTP/1.0" 200 17557 "http://www.wonder-geek.com/shopping_cart.php" "Mozilla/5.0 (iPhone; CPU iPhone OS 15_5 like Mac OS X) AppleWebKit/605.1.15 (KHTML, like Gecko) Version/15.5 Mobile/15E148 Safari/604.1"
107.77.92.84 - - [10/Jul/2022:17:40:47 +0200] "GET /templates/Pixame_v1/images/buttons/english/button_create_account.gif HTTP/1.0" 200 302 "http://www.wonder-geek.com/login.php" "Mozilla/5.0 (iPhone; CPU iPhone OS 15_5 like Mac OS X) AppleWebKit/605.1.15 (KHTML, like Gecko) Version/15.5 Mobile/15E148 Safari/604.1"
107.77.92.84 - - [10/Jul/2022:17:40:47 +0200] "GET /templates/Pixame_v1/images/buttons/english/button_login.gif HTTP/1.0" 200 1197 "http://www.wonder-geek.com/login.php" "Mozilla/5.0 (iPhone; CPU iPhone OS 15_5 like Mac OS X) AppleWebKit/605.1.15 (KHTML, like Gecko) Version/15.5 Mobile/15E148 Safari/604.1"
107.77.92.84 - - [10/Jul/2022:17:40:53 +0200] "GET /create_account.php HTTP/1.0" 200 33633 "http://www.wonder-geek.com/login.php" "Mozilla/5.0 (iPhone; CPU iPhone OS 15_5 like Mac OS X) AppleWebKit/605.1.15 (KHTML, like Gecko) Version/15.5 Mobile/15E148 Safari/604.1"
107.77.92.84 - - [10/Jul/2022:17:40:54 +0200] "GET /images/table_background_account.gif HTTP/1.0" 200 1094 "http://www.wonder-geek.com/create_account.php" "Mozilla/5.0 (iPhone; CPU iPhone OS 15_5 like Mac OS X) AppleWebKit/605.1.15 (KHTML, like Gecko) Version/15.5 Mobile/15E148 Safari/604.1"
107.77.92.84 - - [10/Jul/2022:17:40:54 +0200] "GET /templates/Pixame_v1/images/buttons/english/button_continue.gif HTTP/1.0" 200 1264 "http://www.wonder-geek.com/create_account.php" "Mozilla/5.0 (iPhone; CPU iPhone OS 15_5 like Mac OS X) AppleWebKit/605.1.15 (KHTML, like Gecko) Version/15.5 Mobile/15E148 Safari/604.1"
144.76.68.76 - - [10/Jul/2022:17:40:55 +0200] "GET /mini-metal-tray-volkswagen-p-40095.html HTTP/1.0" 200 74238 "-" "serpstatbot/2.1 (advanced backlink tracking bot; https://serpstatbot.com/; abuse@serpstatbot.com)"
216.244.66.242 - - [10/Jul/2022:17:40:56 +0200] "GET /vanity-beauty-bags-c-31_78.html HTTP/1.0" 200 81539 "-" "Mozilla/5.0 (compatible; DotBot/1.2; +https://opensiteexplorer.org/dotbot; help@moz.com)"
51.68.224.127 - - [10/Jul/2022:17:41:10 +0200] "GET /adminweb/export_orders_xml.php?token=256de2z6edz6ed2z6DFSFsed2zed6zeDSFDSGdzedezfzf&maxorders=10&orderstart=1&status=14&start_date=2018-10-01 HTTP/1.0" 200 285 "-" "GesCom CharlotteBoutik Serveur"
51.68.224.127 - - [10/Jul/2022:17:41:10 +0200] "GET /adminweb/export_orders_xml.php?token=256de2z6edz6ed2z6DFSFsed2zed6zeDSFDSGdzedezfzf&maxorders=10&orderstart=1&status=6&start_date=2018-10-01 HTTP/1.0" 200 31081 "-" "GesCom CharlotteBoutik Serveur"
185.191.171.6 - - [10/Jul/2022:17:41:14 +0200] "GET /barbapapa-baroque-striped-canvas-totes-p-5788.html?action=add_product HTTP/1.0" 302 476 "-" "Mozilla/5.0 (compatible; SemrushBot/7~bl; +http://www.semrush.com/bot.html)"
185.191.171.39 - - [10/Jul/2022:17:41:21 +0200] "GET /cats-large-glass-p-48608.html HTTP/1.0" 301 71556 "-" "Mozilla/5.0 (compatible; SemrushBot/7~bl; +http://www.semrush.com/bot.html)"
185.191.171.12 - - [10/Jul/2022:17:41:25 +0200] "GET /-p-48608.html HTTP/1.0" 200 71489 "-" "Mozilla/5.0 (compatible; SemrushBot/7~bl; +http://www.semrush.com/bot.html)"
185.191.171.1 - - [10/Jul/2022:17:41:37 +0200] "GET /make-it-happen-isothermic-stainless-steel-bottle-by-allen-p-52007.html HTTP/1.0" 301 75199 "-" "Mozilla/5.0 (compatible; SemrushBot/7~bl; +http://www.semrush.com/bot.html)"
185.191.171.22 - - [10/Jul/2022:17:41:40 +0200] "GET /make-happen-isothermic-stainless-steel-bottle-allen-p-52007.html HTTP/1.0" 200 75081 "-" "Mozilla/5.0 (compatible; SemrushBot/7~bl; +http://www.semrush.com/bot.html)"
144.76.68.76 - - [10/Jul/2022:17:41:53 +0200] "GET /mini-mood-salt-lamp-pyramid-various-changing-colours-p-47211.html HTTP/1.0" 200 75111 "-" "serpstatbot/2.1 (advanced backlink tracking bot; https://serpstatbot.com/; abuse@serpstatbot.com)"
185.191.171.24 - - [10/Jul/2022:17:42:10 +0200] "GET /glass-cutting-board-by-cbkreation-p-51288.html HTTP/1.0" 301 74292 "-" "Mozilla/5.0 (compatible; SemrushBot/7~bl; +http://www.semrush.com/bot.html)"
185.191.171.38 - - [10/Jul/2022:17:42:13 +0200] "GET /glass-cutting-board-cbkreation-p-51288.html HTTP/1.0" 200 74195 "-" "Mozilla/5.0 (compatible; SemrushBot/7~bl; +http://www.semrush.com/bot.html)"
185.191.171.25 - - [10/Jul/2022:17:42:16 +0200] "GET /santa-claus-motor-train-sculpture-shore-p-52405.html?action=add_product HTTP/1.0" 302 476 "-" "Mozilla/5.0 (compatible; SemrushBot/7~bl; +http://www.semrush.com/bot.html)"
107.77.92.84 - - [10/Jul/2022:17:42:22 +0200] "POST /create_account.php HTTP/1.0" 302 485 "http://www.wonder-geek.com/create_account.php" "Mozilla/5.0 (iPhone; CPU iPhone OS 15_5 like Mac OS X) AppleWebKit/605.1.15 (KHTML, like Gecko) Version/15.5 Mobile/15E148 Safari/604.1"
107.77.92.84 - - [10/Jul/2022:17:42:23 +0200] "GET /create_account_success.php HTTP/1.0" 200 71728 "http://www.wonder-geek.com/create_account.php" "Mozilla/5.0 (iPhone; CPU iPhone OS 15_5 like Mac OS X) AppleWebKit/605.1.15 (KHTML, like Gecko) Version/15.5 Mobile/15E148 Safari/604.1"
107.77.92.84 - - [10/Jul/2022:17:42:25 +0200] "GET /images/table_background_man_on_board.gif HTTP/1.0" 200 1094 "http://www.wonder-geek.com/create_account_success.php" "Mozilla/5.0 (iPhone; CPU iPhone OS 15_5 like Mac OS X) AppleWebKit/605.1.15 (KHTML, like Gecko) Version/15.5 Mobile/15E148 Safari/604.1"
114.119.133.245 - - [10/Jul/2022:17:42:32 +0200] "GET /hello-kitty-training-bottle-p-17164.html HTTP/1.0" 200 74281 "http://www.wonder-geek.com/kanteen-and-water-bottles-c-12_161.html?page=1" "Mozilla/5.0 (Linux; Android 7.0;) AppleWebKit/537.36 (KHTML, like Gecko) Mobile Safari/537.36 (compatible; PetalBot;+https://webmaster.petalsearch.com/site/petalbot)"
107.77.92.84 - - [10/Jul/2022:17:42:44 +0200] "GET /checkout_shipping.php HTTP/1.0" 200 23764 "http://www.wonder-geek.com/create_account_success.php" "Mozilla/5.0 (iPhone; CPU iPhone OS 15_5 like Mac OS X) AppleWebKit/605.1.15 (KHTML, like Gecko) Version/15.5 Mobile/15E148 Safari/604.1"
107.77.92.84 - - [10/Jul/2022:17:42:47 +0200] "GET /images/pixel_silver.gif HTTP/1.0" 200 320 "http://www.wonder-geek.com/checkout_shipping.php" "Mozilla/5.0 (iPhone; CPU iPhone OS 15_5 like Mac OS X) AppleWebKit/605.1.15 (KHTML, like Gecko) Version/15.5 Mobile/15E148 Safari/604.1"
107.77.92.84 - - [10/Jul/2022:17:42:47 +0200] "GET /images/table_background_delivery.gif HTTP/1.0" 200 1094 "http://www.wonder-geek.com/checkout_shipping.php" "Mozilla/5.0 (iPhone; CPU iPhone OS 15_5 like Mac OS X) AppleWebKit/605.1.15 (KHTML, like Gecko) Version/15.5 Mobile/15E148 Safari/604.1"
107.77.92.84 - - [10/Jul/2022:17:42:47 +0200] "GET /templates/Pixame_v1/images/buttons/english/button_change_address.gif HTTP/1.0" 200 302 "http://www.wonder-geek.com/checkout_shipping.php" "Mozilla/5.0 (iPhone; CPU iPhone OS 15_5 like Mac OS X) AppleWebKit/605.1.15 (KHTML, like Gecko) Version/15.5 Mobile/15E148 Safari/604.1"
107.77.92.84 - - [10/Jul/2022:17:42:47 +0200] "GET /images/arrow_south_east.gif HTTP/1.0" 200 261 "http://www.wonder-geek.com/checkout_shipping.php" "Mozilla/5.0 (iPhone; CPU iPhone OS 15_5 like Mac OS X) AppleWebKit/605.1.15 (KHTML, like Gecko) Version/15.5 Mobile/15E148 Safari/604.1"
107.77.92.84 - - [10/Jul/2022:17:42:47 +0200] "GET /images/icons/expertINT.gif HTTP/1.0" 200 260 "http://www.wonder-geek.com/checkout_shipping.php" "Mozilla/5.0 (iPhone; CPU iPhone OS 15_5 like Mac OS X) AppleWebKit/605.1.15 (KHTML, like Gecko) Version/15.5 Mobile/15E148 Safari/604.1"
107.77.92.84 - - [10/Jul/2022:17:42:47 +0200] "GET /images/checkout_bullet.gif HTTP/1.0" 200 820 "http://www.wonder-geek.com/checkout_shipping.php" "Mozilla/5.0 (iPhone; CPU iPhone OS 15_5 like Mac OS X) AppleWebKit/605.1.15 (KHTML, like Gecko) Version/15.5 Mobile/15E148 Safari/604.1"
54.36.149.97 - - [10/Jul/2022:17:42:55 +0200] "GET /stationery-cardmaking-c-129.html?page=10 HTTP/1.0" 200 93568 "-" "Mozilla/5.0 (compatible; AhrefsBot/7.0; +http://ahrefs.com/robot/)"
144.76.68.76 - - [10/Jul/2022:17:42:56 +0200] "GET /mini-mood-salt-lamp-sphere-white-p-47212.html HTTP/1.0" 301 71556 "-" "serpstatbot/2.1 (advanced backlink tracking bot; https://serpstatbot.com/; abuse@serpstatbot.com)"
54.36.148.121 - - [10/Jul/2022:17:42:59 +0200] "GET /images/mini_prod/3494150100555.jpg HTTP/1.0" 200 269 "-" "Mozilla/5.0 (compatible; AhrefsBot/7.0; +http://ahrefs.com/robot/)"
54.36.148.251 - - [10/Jul/2022:17:42:59 +0200] "GET /images/mini_prod/3494150108780.jpg HTTP/1.0" 200 269 "-" "Mozilla/5.0 (compatible; AhrefsBot/7.0; +http://ahrefs.com/robot/)"
54.36.149.31 - - [10/Jul/2022:17:43:04 +0200] "GET /images/mini_prod/3494150100623.jpg HTTP/1.0" 200 269 "-" "Mozilla/5.0 (compatible; AhrefsBot/7.0; +http://ahrefs.com/robot/)"
54.36.148.25 - - [10/Jul/2022:17:43:13 +0200] "GET /images/mini_prod/3494150100685.jpg HTTP/1.0" 200 269 "-" "Mozilla/5.0 (compatible; AhrefsBot/7.0; +http://ahrefs.com/robot/)"
54.36.149.53 - - [10/Jul/2022:17:43:13 +0200] "GET /images/mini_prod/5012128424533.jpg HTTP/1.0" 200 269 "-" "Mozilla/5.0 (compatible; AhrefsBot/7.0; +http://ahrefs.com/robot/)"
185.191.171.5 - - [10/Jul/2022:17:43:12 +0200] "GET /fox-money-box-16-cm-p-47941.html HTTP/1.0" 301 71619 "-" "Mozilla/5.0 (compatible; SemrushBot/7~bl; +http://www.semrush.com/bot.html)"
54.36.148.174 - - [10/Jul/2022:17:43:14 +0200] "GET /images/mini_prod/3494150108919.jpg HTTP/1.0" 200 269 "-" "Mozilla/5.0 (compatible; AhrefsBot/7.0; +http://ahrefs.com/robot/)"
185.191.171.4 - - [10/Jul/2022:17:43:15 +0200] "GET /money-p-47941.html HTTP/1.0" 200 71547 "-" "Mozilla/5.0 (compatible; SemrushBot/7~bl; +http://www.semrush.com/bot.html)"
54.36.148.33 - - [10/Jul/2022:17:43:19 +0200] "GET /images/mini_prod/3494150100579.jpg HTTP/1.0" 200 269 "-" "Mozilla/5.0 (compatible; AhrefsBot/7.0; +http://ahrefs.com/robot/)"
54.36.149.106 - - [10/Jul/2022:17:43:19 +0200] "GET /images/mini_prod/3494150100500.jpg HTTP/1.0" 200 269 "-" "Mozilla/5.0 (compatible; AhrefsBot/7.0; +http://ahrefs.com/robot/)"
54.36.148.219 - - [10/Jul/2022:17:43:19 +0200] "GET /images/mini_prod/3494150108834.jpg HTTP/1.0" 200 269 "-" "Mozilla/5.0 (compatible; AhrefsBot/7.0; +http://ahrefs.com/robot/)"
54.36.148.54 - - [10/Jul/2022:17:43:24 +0200] "GET /images/mini_prod/4010070293130.jpg HTTP/1.0" 200 269 "-" "Mozilla/5.0 (compatible; AhrefsBot/7.0; +http://ahrefs.com/robot/)"
54.36.149.97 - - [10/Jul/2022:17:43:24 +0200] "GET /images/mini_prod/3494150100494.jpg HTTP/1.0" 200 269 "-" "Mozilla/5.0 (compatible; AhrefsBot/7.0; +http://ahrefs.com/robot/)"
54.36.148.135 - - [10/Jul/2022:17:43:24 +0200] "GET /images/mini_prod/3494150108728.jpg HTTP/1.0" 200 269 "-" "Mozilla/5.0 (compatible; AhrefsBot/7.0; +http://ahrefs.com/robot/)"
54.36.149.81 - - [10/Jul/2022:17:43:25 +0200] "GET /images/mini_prod/3494150100395.jpg HTTP/1.0" 200 269 "-" "Mozilla/5.0 (compatible; AhrefsBot/7.0; +http://ahrefs.com/robot/)"
54.36.148.238 - - [10/Jul/2022:17:43:26 +0200] "GET /images/mini_prod/4010070275402NN.jpg HTTP/1.0" 200 271 "-" "Mozilla/5.0 (compatible; AhrefsBot/7.0; +http://ahrefs.com/robot/)"
54.36.148.155 - - [10/Jul/2022:17:43:27 +0200] "GET /images/mini_prod/3494150100661.jpg HTTP/1.0" 200 269 "-" "Mozilla/5.0 (compatible; AhrefsBot/7.0; +http://ahrefs.com/robot/)"
54.36.148.178 - - [10/Jul/2022:17:43:27 +0200] "GET /images/mini_prod/3494150100562.jpg HTTP/1.0" 200 269 "-" "Mozilla/5.0 (compatible; AhrefsBot/7.0; +http://ahrefs.com/robot/)"
54.36.149.86 - - [10/Jul/2022:17:43:27 +0200] "GET /images/mini_prod/3494150100456.jpg HTTP/1.0" 200 269 "-" "Mozilla/5.0 (compatible; AhrefsBot/7.0; +http://ahrefs.com/robot/)"
54.36.149.104 - - [10/Jul/2022:17:43:27 +0200] "GET /images/mini_prod/3438100317815.gif HTTP/1.0" 200 268 "-" "Mozilla/5.0 (compatible; AhrefsBot/7.0; +http://ahrefs.com/robot/)"
54.36.148.19 - - [10/Jul/2022:17:43:27 +0200] "GET /images/mini_prod/3494150100647.jpg HTTP/1.0" 200 269 "-" "Mozilla/5.0 (compatible; AhrefsBot/7.0; +http://ahrefs.com/robot/)"
54.36.148.211 - - [10/Jul/2022:17:43:27 +0200] "GET /images/mini_prod/3661443439436.jpg HTTP/1.0" 200 269 "-" "Mozilla/5.0 (compatible; AhrefsBot/7.0; +http://ahrefs.com/robot/)"
185.191.171.39 - - [10/Jul/2022:17:43:31 +0200] "GET /-p-29468.html?action=add_product HTTP/1.0" 302 476 "-" "Mozilla/5.0 (compatible; SemrushBot/7~bl; +http://www.semrush.com/bot.html)"
107.77.92.84 - - [10/Jul/2022:17:43:37 +0200] "POST /checkout_shipping.php HTTP/1.0" 302 479 "http://www.wonder-geek.com/checkout_shipping.php" "Mozilla/5.0 (iPhone; CPU iPhone OS 15_5 like Mac OS X) AppleWebKit/605.1.15 (KHTML, like Gecko) Version/15.5 Mobile/15E148 Safari/604.1"
107.77.92.84 - - [10/Jul/2022:17:43:39 +0200] "GET /checkout_payment.php HTTP/1.0" 200 30722 "http://www.wonder-geek.com/checkout_shipping.php" "Mozilla/5.0 (iPhone; CPU iPhone OS 15_5 like Mac OS X) AppleWebKit/605.1.15 (KHTML, like Gecko) Version/15.5 Mobile/15E148 Safari/604.1"
107.77.92.84 - - [10/Jul/2022:17:43:42 +0200] "GET /images/table_background_payment.gif HTTP/1.0" 200 1094 "http://www.wonder-geek.com/checkout_payment.php" "Mozilla/5.0 (iPhone; CPU iPhone OS 15_5 like Mac OS X) AppleWebKit/605.1.15 (KHTML, like Gecko) Version/15.5 Mobile/15E148 Safari/604.1"
107.77.92.84 - - [10/Jul/2022:17:43:43 +0200] "GET /images/arrow_east_south.gif HTTP/1.0" 200 261 "http://www.wonder-geek.com/checkout_payment.php" "Mozilla/5.0 (iPhone; CPU iPhone OS 15_5 like Mac OS X) AppleWebKit/605.1.15 (KHTML, like Gecko) Version/15.5 Mobile/15E148 Safari/604.1"
107.77.92.84 - - [10/Jul/2022:17:43:43 +0200] "GET /templates/Pixame_v1/images/buttons/english/button_redeem.gif HTTP/1.0" 200 294 "http://www.wonder-geek.com/checkout_payment.php" "Mozilla/5.0 (iPhone; CPU iPhone OS 15_5 like Mac OS X) AppleWebKit/605.1.15 (KHTML, like Gecko) Version/15.5 Mobile/15E148 Safari/604.1"
107.77.92.84 - - [10/Jul/2022:17:43:43 +0200] "GET /images/icons/spplus_50.gif HTTP/1.0" 200 260 "http://www.wonder-geek.com/checkout_payment.php" "Mozilla/5.0 (iPhone; CPU iPhone OS 15_5 like Mac OS X) AppleWebKit/605.1.15 (KHTML, like Gecko) Version/15.5 Mobile/15E148 Safari/604.1"
65.21.139.77 - - [10/Jul/2022:17:44:37 +0200] "GET /images/big_prod_2/c8719497610501.jpg HTTP/1.0" 200 271 "-" "Mozilla/5.0 (X11; Ubuntu; Linux x86_64; rv:72.0) Gecko/20100101 Firefox/72.0"
147.92.153.4 - - [10/Jul/2022:17:44:51 +0200] "GET / HTTP/1.0" 200 96591 "-" "Mozilla/5.0 (compatible; Linespider/1.1; +https://lin.ee/4dwXkTH)"
185.191.171.18 - - [10/Jul/2022:17:45:01 +0200] "GET /large-bowl-p-48617.html HTTP/1.0" 301 71556 "-" "Mozilla/5.0 (compatible; SemrushBot/7~bl; +http://www.semrush.com/bot.html)"
147.92.153.9 - - [10/Jul/2022:17:45:03 +0200] "GET /swfobject.js HTTP/1.0" 404 1308 "http://www.wonder-geek.com/" "Mozilla/5.0 (Windows NT 6.1; Win64; x64) AppleWebit/537.36 (KHTML, like Gecko) Chrome/63.0.3239.0 Safari/537.36 (compatible; Linespider/1.1; +https://lin.ee/4dwXkTH)"
107.77.92.84 - - [10/Jul/2022:17:45:04 +0200] "POST /checkout_confirmation.php HTTP/1.0" 200 22408 "http://www.wonder-geek.com/checkout_payment.php" "Mozilla/5.0 (iPhone; CPU iPhone OS 15_5 like Mac OS X) AppleWebKit/605.1.15 (KHTML, like Gecko) Version/15.5 Mobile/15E148 Safari/604.1"
107.77.92.84 - - [10/Jul/2022:17:45:06 +0200] "GET /images/table_background_confirmation.gif HTTP/1.0" 200 1094 "http://www.wonder-geek.com/checkout_confirmation.php" "Mozilla/5.0 (iPhone; CPU iPhone OS 15_5 like Mac OS X) AppleWebKit/605.1.15 (KHTML, like Gecko) Version/15.5 Mobile/15E148 Safari/604.1"
107.77.92.84 - - [10/Jul/2022:17:45:07 +0200] "GET /templates/Pixame_v1/images/mini-fleches-29.gif HTTP/1.0" 200 1244 "http://www.wonder-geek.com/checkout_confirmation.php" "Mozilla/5.0 (iPhone; CPU iPhone OS 15_5 like Mac OS X) AppleWebKit/605.1.15 (KHTML, like Gecko) Version/15.5 Mobile/15E148 Safari/604.1"
107.77.92.84 - - [10/Jul/2022:17:45:07 +0200] "GET /templates/Pixame_v1/images/buttons/english/button_confirm_order.gif HTTP/1.0" 200 301 "http://www.wonder-geek.com/checkout_confirmation.php" "Mozilla/5.0 (iPhone; CPU iPhone OS 15_5 like Mac OS X) AppleWebKit/605.1.15 (KHTML, like Gecko) Version/15.5 Mobile/15E148 Safari/604.1"
144.76.68.76 - - [10/Jul/2022:17:45:05 +0200] "GET /monster-high-creative-killer-phone-accessories-p-15914.html HTTP/1.0" 200 75184 "-" "serpstatbot/2.1 (advanced backlink tracking bot; https://serpstatbot.com/; abuse@serpstatbot.com)"
185.191.171.23 - - [10/Jul/2022:17:45:05 +0200] "GET /-p-48617.html HTTP/1.0" 200 71489 "-" "Mozilla/5.0 (compatible; SemrushBot/7~bl; +http://www.semrush.com/bot.html)"
66.249.64.152 - - [10/Jul/2022:17:45:06 +0200] "GET /nici-sheep-plush-flat-pencil-case-p-35208.html HTTP/1.0" 200 74235 "-" "Mozilla/5.0 (Linux; Android 6.0.1; Nexus 5X Build/MMB29P) AppleWebKit/537.36 (KHTML, like Gecko) Chrome/103.0.5060.114 Mobile Safari/537.36 (compatible; Googlebot/2.1; +http://www.google.com/bot.html)"
185.191.171.2 - - [10/Jul/2022:17:45:14 +0200] "GET /large-jar-candle-70-hours-sweet-pea-p-34631.html HTTP/1.0" 301 75323 "-" "Mozilla/5.0 (compatible; SemrushBot/7~bl; +http://www.semrush.com/bot.html)"
185.191.171.9 - - [10/Jul/2022:17:45:17 +0200] "GET /large-candle-hours-sweet-p-34631.html HTTP/1.0" 200 75232 "-" "Mozilla/5.0 (compatible; SemrushBot/7~bl; +http://www.semrush.com/bot.html)"
54.36.148.85 - - [10/Jul/2022:17:45:17 +0200] "GET /green-lantern-barbecue-p-16255.html HTTP/1.0" 200 74349 "-" "Mozilla/5.0 (compatible; AhrefsBot/7.0; +http://ahrefs.com/robot/)"
107.77.92.84 - - [10/Jul/2022:17:45:26 +0200] "POST /checkout_process.php HTTP/1.0" 200 3381 "http://www.wonder-geek.com/checkout_confirmation.php" "Mozilla/5.0 (iPhone; CPU iPhone OS 15_5 like Mac OS X) AppleWebKit/605.1.15 (KHTML, like Gecko) Version/15.5 Mobile/15E148 Safari/604.1"
107.77.92.84 - - [10/Jul/2022:17:45:29 +0200] "GET /includes/modules/payment/paypal/images/period_ani.gif HTTP/1.0" 200 434 "http://www.wonder-geek.com/checkout_process.php" "Mozilla/5.0 (iPhone; CPU iPhone OS 15_5 like Mac OS X) AppleWebKit/605.1.15 (KHTML, like Gecko) Version/15.5 Mobile/15E148 Safari/604.1"
107.77.92.84 - - [10/Jul/2022:17:45:29 +0200] "GET /templates/Pixame_v1/images/buttons/english/button_ppcheckout.gif HTTP/1.0" 200 298 "http://www.wonder-geek.com/checkout_process.php" "Mozilla/5.0 (iPhone; CPU iPhone OS 15_5 like Mac OS X) AppleWebKit/605.1.15 (KHTML, like Gecko) Version/15.5 Mobile/15E148 Safari/604.1"
185.191.171.14 - - [10/Jul/2022:17:45:39 +0200] "GET /chaos-curiousity-alice-queen-hearts-figurine-p-53991.html HTTP/1.0" 200 76351 "-" "Mozilla/5.0 (compatible; SemrushBot/7~bl; +http://www.semrush.com/bot.html)"
185.191.171.13 - - [10/Jul/2022:17:45:42 +0200] "GET /mini-motsu-keel-toys-plush-p-46210.html?action=add_product HTTP/1.0" 302 476 "-" "Mozilla/5.0 (compatible; SemrushBot/7~bl; +http://www.semrush.com/bot.html)"
144.76.68.76 - - [10/Jul/2022:17:46:18 +0200] "GET /moroccan-ashtray-p-40669.html HTTP/1.0" 200 74097 "-" "serpstatbot/2.1 (advanced backlink tracking bot; https://serpstatbot.com/; abuse@serpstatbot.com)"
110.249.203.113 - - [10/Jul/2022:17:46:51 +0200] "GET /images/big_prod_1/8720088292686a.jpg HTTP/1.0" 200 271 "-" "Mozilla/5.0 (X11; Ubuntu; Linux x86_64; rv:72.0) Gecko/20100101 Firefox/72.0"
144.76.68.76 - - [10/Jul/2022:17:47:28 +0200] "GET /moroccan-ashtray-p-40816.html HTTP/1.0" 200 74096 "-" "serpstatbot/2.1 (advanced backlink tracking bot; https://serpstatbot.com/; abuse@serpstatbot.com)"
54.36.148.155 - - [10/Jul/2022:17:47:29 +0200] "GET /stationery-cardmaking-c-129.html?page=11 HTTP/1.0" 200 93955 "-" "Mozilla/5.0 (compatible; AhrefsBot/7.0; +http://ahrefs.com/robot/)"
216.244.66.242 - - [10/Jul/2022:17:47:29 +0200] "GET /citron-2cv-miniature-vehicle-p-37212.html HTTP/1.0" 301 71556 "-" "Mozilla/5.0 (compatible; DotBot/1.2; +https://opensiteexplorer.org/dotbot; help@moz.com)"
216.244.66.242 - - [10/Jul/2022:17:47:41 +0200] "GET /hello-kitty-set-of-hair-clips-p-13576.html HTTP/1.0" 301 74316 "-" "Mozilla/5.0 (compatible; DotBot/1.2; +https://opensiteexplorer.org/dotbot; help@moz.com)"
216.244.66.242 - - [10/Jul/2022:17:47:50 +0200] "GET /valencia-bedclothes-220-240-cm-p-43659.html HTTP/1.0" 301 71556 "-" "Mozilla/5.0 (compatible; DotBot/1.2; +https://opensiteexplorer.org/dotbot; help@moz.com)"
185.191.171.11 - - [10/Jul/2022:17:47:50 +0200] "GET /zodiac-white-women-tee-shirt-p-30777.html HTTP/1.0" 301 76241 "-" "Mozilla/5.0 (compatible; SemrushBot/7~bl; +http://www.semrush.com/bot.html)"
185.191.171.10 - - [10/Jul/2022:17:47:54 +0200] "GET /zodiac-white-women-shirt-p-30777.html HTTP/1.0" 200 76150 "-" "Mozilla/5.0 (compatible; SemrushBot/7~bl; +http://www.semrush.com/bot.html)"
216.244.66.242 - - [10/Jul/2022:17:47:59 +0200] "GET /yumiko-tea-box-150-p-50771.html HTTP/1.0" 301 75110 "-" "Mozilla/5.0 (compatible; DotBot/1.2; +https://opensiteexplorer.org/dotbot; help@moz.com)"
185.191.171.10 - - [10/Jul/2022:17:48:07 +0200] "GET /faut-faire-stickers-p-39331.html?action=add_product HTTP/1.0" 302 476 "-" "Mozilla/5.0 (compatible; SemrushBot/7~bl; +http://www.semrush.com/bot.html)"
216.244.66.242 - - [10/Jul/2022:17:48:07 +0200] "GET /austin-mini-metal-plate-30-20-cm-p-33711.html HTTP/1.0" 301 74277 "-" "Mozilla/5.0 (compatible; DotBot/1.2; +https://opensiteexplorer.org/dotbot; help@moz.com)"
216.244.66.242 - - [10/Jul/2022:17:48:13 +0200] "GET /owls-and-cats-michelle-allen-designs-box-of-coasters-p-37672.html HTTP/1.0" 301 74430 "-" "Mozilla/5.0 (compatible; DotBot/1.2; +https://opensiteexplorer.org/dotbot; help@moz.com)"
185.191.171.4 - - [10/Jul/2022:17:48:18 +0200] "GET /corsica-white-mug-p-43546.html HTTP/1.0" 301 74152 "-" "Mozilla/5.0 (compatible; SemrushBot/7~bl; +http://www.semrush.com/bot.html)"
216.244.66.242 - - [10/Jul/2022:17:48:19 +0200] "GET /tetsubin-brown-teapot-japanese-15-liter-p-41383.html HTTP/1.0" 301 74561 "-" "Mozilla/5.0 (compatible; DotBot/1.2; +https://opensiteexplorer.org/dotbot; help@moz.com)"
185.191.171.21 - - [10/Jul/2022:17:48:21 +0200] "GET /corsica-white-p-43546.html HTTP/1.0" 200 74072 "-" "Mozilla/5.0 (compatible; SemrushBot/7~bl; +http://www.semrush.com/bot.html)"
216.244.66.242 - - [10/Jul/2022:17:48:30 +0200] "GET /the-seven-dwarfs-set-of-hair-clips-p-19417.html HTTP/1.0" 301 76862 "-" "Mozilla/5.0 (compatible; DotBot/1.2; +https://opensiteexplorer.org/dotbot; help@moz.com)"
114.119.137.45 - - [10/Jul/2022:17:48:32 +0200] "GET /mickael-phone-cover-iphone-p-15950.html HTTP/1.0" 200 74874 "http://www.wonder-geek.com/accessories-mobiles-c-3_17.html?page=6" "Mozilla/5.0 (Linux; Android 7.0;) AppleWebKit/537.36 (KHTML, like Gecko) Mobile Safari/537.36 (compatible; PetalBot;+https://webmaster.petalsearch.com/site/petalbot)"
144.76.68.76 - - [10/Jul/2022:17:48:42 +0200] "GET /moroccan-blue-ashtray-p-31881.html HTTP/1.0" 200 74127 "-" "serpstatbot/2.1 (advanced backlink tracking bot; https://serpstatbot.com/; abuse@serpstatbot.com)"
114.119.137.3 - - [10/Jul/2022:17:49:16 +0200] "GET /small-cube-alarm-clock-stained-wood-p-56494.html HTTP/1.0" 200 75886 "http://www.wonder-geek.com/home-and-decoration-c-13.html?page=184" "Mozilla/5.0 (Linux; Android 7.0;) AppleWebKit/537.36 (KHTML, like Gecko) Mobile Safari/537.36 (compatible; PetalBot;+https://webmaster.petalsearch.com/site/petalbot)"
54.36.148.21 - - [10/Jul/2022:17:49:48 +0200] "GET /angel-glitter-ball-p-27611.html HTTP/1.0" 200 74335 "-" "Mozilla/5.0 (compatible; AhrefsBot/7.0; +http://ahrefs.com/robot/)"
144.76.68.76 - - [10/Jul/2022:17:49:51 +0200] "GET /mango-stand-storage-chest-p-52258.html HTTP/1.0" 200 75338 "-" "serpstatbot/2.1 (advanced backlink tracking bot; https://serpstatbot.com/; abuse@serpstatbot.com)"
185.191.171.21 - - [10/Jul/2022:17:50:02 +0200] "GET /yellow-apple-shaped-moneybox-p-36476.html HTTP/1.0" 200 74193 "-" "Mozilla/5.0 (compatible; SemrushBot/7~bl; +http://www.semrush.com/bot.html)"
114.119.137.3 - - [10/Jul/2022:17:50:24 +0200] "GET /flamingo-tray-p-45510.html HTTP/1.0" 200 74201 "http://www.wonder-geek.com/trays-c-12_159.html?page=12" "Mozilla/5.0 (Linux; Android 7.0;) AppleWebKit/537.36 (KHTML, like Gecko) Mobile Safari/537.36 (compatible; PetalBot;+https://webmaster.petalsearch.com/site/petalbot)"
185.191.171.41 - - [10/Jul/2022:17:50:44 +0200] "GET /-p-25129.html?action=add_product HTTP/1.0" 302 476 "-" "Mozilla/5.0 (compatible; SemrushBot/7~bl; +http://www.semrush.com/bot.html)"
216.244.66.242 - - [10/Jul/2022:17:50:54 +0200] "GET /bagshandbags-shoulder-bags-c-31_81.html?page=8 HTTP/1.0" 200 97522 "-" "Mozilla/5.0 (compatible; DotBot/1.2; +https://opensiteexplorer.org/dotbot; help@moz.com)"
185.191.171.15 - - [10/Jul/2022:17:50:58 +0200] "GET /brazil-by-cbkreation-mug-p-24119.html HTTP/1.0" 301 74172 "-" "Mozilla/5.0 (compatible; SemrushBot/7~bl; +http://www.semrush.com/bot.html)"
144.76.68.76 - - [10/Jul/2022:17:51:01 +0200] "GET /minnie-mousse-marionette-figure-p-13014.html HTTP/1.0" 200 71603 "-" "serpstatbot/2.1 (advanced backlink tracking bot; https://serpstatbot.com/; abuse@serpstatbot.com)"
185.191.171.14 - - [10/Jul/2022:17:51:01 +0200] "GET /brazil-cbkreation-p-24119.html HTTP/1.0" 200 74088 "-" "Mozilla/5.0 (compatible; SemrushBot/7~bl; +http://www.semrush.com/bot.html)"
114.119.137.3 - - [10/Jul/2022:17:51:07 +0200] "GET /maman-gateaux-kitchen-timer-clock-p-40692.html HTTP/1.0" 301 71708 "http://www.wonder-geek.com/home-and-decoration-c-13.html?page=118" "Mozilla/5.0 (Linux; Android 7.0;) AppleWebKit/537.36 (KHTML, like Gecko) Mobile Safari/537.36 (compatible; PetalBot;+https://webmaster.petalsearch.com/site/petalbot)"
114.119.137.3 - - [10/Jul/2022:17:51:12 +0200] "GET /maman-gteaux-kitchen-timer-clock-p-40692.html HTTP/1.0" 200 71609 "http://www.wonder-geek.com/home-and-decoration-c-13.html?page=118" "Mozilla/5.0 (Linux; Android 7.0;) AppleWebKit/537.36 (KHTML, like Gecko) Mobile Safari/537.36 (compatible; PetalBot;+https://webmaster.petalsearch.com/site/petalbot)"
185.232.170.116 - - [10/Jul/2022:17:51:51 +0200] "GET / HTTP/1.0" 200 96602 "http://www.wonder-geek.com/" "Mozilla/5.0 (Windows NT 10.0; Win64; x64) AppleWebKit/537.36 (KHTML, like Gecko) Chrome/90.0.4430.72 Safari/537.36 Edg/90.0.818.39"
66.249.64.146 - - [10/Jul/2022:17:51:58 +0200] "GET /images/big_prod/3700281653489D.jpg HTTP/1.0" 200 269 "-" "Googlebot-Image/1.0"
185.191.171.20 - - [10/Jul/2022:17:51:58 +0200] "GET /bear-on-ice-guest-towel-p-45574.html HTTP/1.0" 301 71556 "-" "Mozilla/5.0 (compatible; SemrushBot/7~bl; +http://www.semrush.com/bot.html)"
185.232.170.116 - - [10/Jul/2022:17:51:59 +0200] "GET /create_account.php HTTP/1.0" 200 33630 "http://www.wonder-geek.com/create_account.php" "Mozilla/5.0 (Windows NT 10.0; Win64; x64) AppleWebKit/537.36 (KHTML, like Gecko) Chrome/90.0.4430.72 Safari/537.36 Edg/90.0.818.39"
54.36.148.171 - - [10/Jul/2022:17:51:58 +0200] "GET /shower-curtain-c-11_168.html HTTP/1.0" 200 91166 "-" "Mozilla/5.0 (compatible; AhrefsBot/7.0; +http://ahrefs.com/robot/)"
185.191.171.25 - - [10/Jul/2022:17:52:01 +0200] "GET /-p-45574.html HTTP/1.0" 200 71489 "-" "Mozilla/5.0 (compatible; SemrushBot/7~bl; +http://www.semrush.com/bot.html)"
185.232.170.116 - - [10/Jul/2022:17:52:12 +0200] "POST /create_account.php HTTP/1.0" 200 34297 "http://www.wonder-geek.com/create_account.php" "Mozilla/5.0 (Windows NT 10.0; Win64; x64) AppleWebKit/537.36 (KHTML, like Gecko) Chrome/90.0.4430.72 Safari/537.36 Edg/90.0.818.39"
185.232.170.116 - - [10/Jul/2022:17:52:12 +0200] "GET /login.php HTTP/1.0" 200 17152 "http://www.wonder-geek.com/login.php" "Mozilla/5.0 (Windows NT 10.0; Win64; x64) AppleWebKit/537.36 (KHTML, like Gecko) Chrome/90.0.4430.72 Safari/537.36 Edg/90.0.818.39"
185.232.170.116 - - [10/Jul/2022:17:52:13 +0200] "POST /login.php?action=process HTTP/1.0" 200 17656 "http://www.wonder-geek.com/login.php" "Mozilla/5.0 (Windows NT 10.0; Win64; x64) AppleWebKit/537.36 (KHTML, like Gecko) Chrome/90.0.4430.72 Safari/537.36 Edg/90.0.818.39"
144.76.68.76 - - [10/Jul/2022:17:52:12 +0200] "GET /mani-lucky-glasses-case-p-49902.html HTTP/1.0" 200 74240 "-" "serpstatbot/2.1 (advanced backlink tracking bot; https://serpstatbot.com/; abuse@serpstatbot.com)"
185.232.170.116 - - [10/Jul/2022:17:52:13 +0200] "GET / HTTP/1.0" 200 96954 "http://www.wonder-geek.com/" "Mozilla/5.0 (Windows NT 10.0; Win64; x64) AppleWebKit/537.36 (KHTML, like Gecko) Chrome/90.0.4430.72 Safari/537.36 Edg/90.0.818.39"
185.191.171.20 - - [10/Jul/2022:17:52:52 +0200] "GET /-p-23477.html?action=add_product HTTP/1.0" 302 476 "-" "Mozilla/5.0 (compatible; SemrushBot/7~bl; +http://www.semrush.com/bot.html)"
216.244.66.242 - - [10/Jul/2022:17:52:57 +0200] "GET /lighting-c-13_86.html?page=5 HTTP/1.0" 200 92474 "-" "Mozilla/5.0 (compatible; DotBot/1.2; +https://opensiteexplorer.org/dotbot; help@moz.com)"
185.191.171.6 - - [10/Jul/2022:17:53:05 +0200] "GET /incense-lphant-rose-varuni-p-40379.html HTTP/1.0" 200 74372 "-" "Mozilla/5.0 (compatible; SemrushBot/7~bl; +http://www.semrush.com/bot.html)"
66.249.64.152 - - [10/Jul/2022:17:53:15 +0200] "GET /miracle-tattoos-augmented-reality-p-30661.html HTTP/1.0" 200 74974 "-" "Mozilla/5.0 (Linux; Android 6.0.1; Nexus 5X Build/MMB29P) AppleWebKit/537.36 (KHTML, like Gecko) Chrome/103.0.5060.114 Mobile Safari/537.36 (compatible; Googlebot/2.1; +http://www.google.com/bot.html)"
144.76.68.76 - - [10/Jul/2022:17:53:22 +0200] "GET /mani-lucky-glasses-case-p-49903.html HTTP/1.0" 200 74240 "-" "serpstatbot/2.1 (advanced backlink tracking bot; https://serpstatbot.com/; abuse@serpstatbot.com)"
66.249.64.152 - - [10/Jul/2022:17:53:31 +0200] "GET /miracle-tattoos-augmented-reality-p-30661.html HTTP/1.0" 200 74974 "-" "Mozilla/5.0 (Linux; Android 6.0.1; Nexus 5X Build/MMB29P) AppleWebKit/537.36 (KHTML, like Gecko) Chrome/103.0.5060.114 Mobile Safari/537.36 (compatible; Googlebot/2.1; +http://www.google.com/bot.html)"
185.191.171.6 - - [10/Jul/2022:17:53:42 +0200] "GET /female-nude-statue-resin-p-56617.html HTTP/1.0" 200 75664 "-" "Mozilla/5.0 (compatible; SemrushBot/7~bl; +http://www.semrush.com/bot.html)"
54.36.148.50 - - [10/Jul/2022:17:54:03 +0200] "GET / HTTP/1.0" 200 96405 "-" "Mozilla/5.0 (compatible; AhrefsBot/7.0; +http://ahrefs.com/robot/)"
185.191.171.5 - - [10/Jul/2022:17:54:12 +0200] "GET /stationery-cardmaking-c-129.html?page=28 HTTP/1.0" 200 93667 "-" "Mozilla/5.0 (compatible; SemrushBot/7~bl; +http://www.semrush.com/bot.html)"
185.191.171.24 - - [10/Jul/2022:17:54:16 +0200] "GET /jasmin-parma-shoulder-p-26070.html?action=add_product HTTP/1.0" 302 476 "-" "Mozilla/5.0 (compatible; SemrushBot/7~bl; +http://www.semrush.com/bot.html)"
40.77.167.42 - - [10/Jul/2022:17:54:27 +0200] "GET / HTTP/1.0" 200 96814 "-" "Mozilla/5.0 (compatible; bingbot/2.0; +http://www.bing.com/bingbot.htm)"
144.76.68.76 - - [10/Jul/2022:17:54:29 +0200] "GET /mani-lucky-keychain-p-44129.html HTTP/1.0" 200 74235 "-" "serpstatbot/2.1 (advanced backlink tracking bot; https://serpstatbot.com/; abuse@serpstatbot.com)"
185.191.171.10 - - [10/Jul/2022:17:54:50 +0200] "GET /pyramid-rose-quartz-base-quality-p-44006.html?action=add_product HTTP/1.0" 302 476 "-" "Mozilla/5.0 (compatible; SemrushBot/7~bl; +http://www.semrush.com/bot.html)"
185.191.171.6 - - [10/Jul/2022:17:55:03 +0200] "GET /kimmidoll-doll-10-cm-sonomi-p-49801.html HTTP/1.0" 301 71649 "-" "Mozilla/5.0 (compatible; SemrushBot/7~bl; +http://www.semrush.com/bot.html)"
185.191.171.1 - - [10/Jul/2022:17:55:06 +0200] "GET /kimmidoll-doll-sonomi-p-49801.html HTTP/1.0" 200 71561 "-" "Mozilla/5.0 (compatible; SemrushBot/7~bl; +http://www.semrush.com/bot.html)"
66.249.64.146 - - [10/Jul/2022:17:55:24 +0200] "GET /spongebob-food-melamine-plate-p-54787.html HTTP/1.0" 200 74152 "-" "Mozilla/5.0 (compatible; Googlebot/2.1; +http://www.google.com/bot.html)"
216.244.66.242 - - [10/Jul/2022:17:55:33 +0200] "GET /christmas-tree-decoration-provence-p-47071.html HTTP/1.0" 200 75594 "-" "Mozilla/5.0 (compatible; DotBot/1.2; +https://opensiteexplorer.org/dotbot; help@moz.com)"
185.191.171.1 - - [10/Jul/2022:17:55:35 +0200] "GET /camorra-white-shirt-p-30679.html?action=add_product HTTP/1.0" 302 476 "-" "Mozilla/5.0 (compatible; SemrushBot/7~bl; +http://www.semrush.com/bot.html)"
144.76.68.76 - - [10/Jul/2022:17:55:39 +0200] "GET /mani-lucky-keychain-p-46161.html HTTP/1.0" 200 74235 "-" "serpstatbot/2.1 (advanced backlink tracking bot; https://serpstatbot.com/; abuse@serpstatbot.com)"
54.36.149.9 - - [10/Jul/2022:17:56:20 +0200] "GET /isothermic-stainless-steel-bottle-p-56548.html HTTP/1.0" 200 74853 "-" "Mozilla/5.0 (compatible; AhrefsBot/7.0; +http://ahrefs.com/robot/)"
185.191.171.8 - - [10/Jul/2022:17:56:23 +0200] "GET /mathis-tooth-p-50840.html?action=add_product HTTP/1.0" 302 476 "-" "Mozilla/5.0 (compatible; SemrushBot/7~bl; +http://www.semrush.com/bot.html)"
185.191.171.24 - - [10/Jul/2022:17:56:25 +0200] "GET /disney-princesses-cardigan-p-31129.html HTTP/1.0" 200 75623 "-" "Mozilla/5.0 (compatible; SemrushBot/7~bl; +http://www.semrush.com/bot.html)"
185.191.171.6 - - [10/Jul/2022:17:56:31 +0200] "GET /valdrome-grenadine-p-43961.html HTTP/1.0" 200 74291 "-" "Mozilla/5.0 (compatible; SemrushBot/7~bl; +http://www.semrush.com/bot.html)"
144.76.68.76 - - [10/Jul/2022:17:56:44 +0200] "GET /mani-lucky-keychain-p-49907.html HTTP/1.0" 200 74410 "-" "serpstatbot/2.1 (advanced backlink tracking bot; https://serpstatbot.com/; abuse@serpstatbot.com)"
54.36.148.213 - - [10/Jul/2022:17:57:27 +0200] "GET /door-plate-restroom-p-56980.html HTTP/1.0" 301 71556 "-" "Mozilla/5.0 (compatible; AhrefsBot/7.0; +http://ahrefs.com/robot/)"
51.68.224.127 - - [10/Jul/2022:17:57:39 +0200] "GET /adminweb/export_orders_xml.php?token=256de2z6edz6ed2z6DFSFsed2zed6zeDSFDSGdzedezfzf&maxorders=10&orderstart=1&status=14&start_date=2018-10-01 HTTP/1.0" 200 285 "-" "GesCom CharlotteBoutik Serveur"
51.68.224.127 - - [10/Jul/2022:17:57:39 +0200] "GET /adminweb/export_orders_xml.php?token=256de2z6edz6ed2z6DFSFsed2zed6zeDSFDSGdzedezfzf&maxorders=10&orderstart=1&status=6&start_date=2018-10-01 HTTP/1.0" 200 31081 "-" "GesCom CharlotteBoutik Serveur"
144.76.68.76 - - [10/Jul/2022:17:57:51 +0200] "GET /mani-lucky-keychain-p-49914.html HTTP/1.0" 200 74410 "-" "serpstatbot/2.1 (advanced backlink tracking bot; https://serpstatbot.com/; abuse@serpstatbot.com)"
185.191.171.36 - - [10/Jul/2022:17:57:55 +0200] "GET /bakugan-clock-p-6179.html HTTP/1.0" 301 71553 "-" "Mozilla/5.0 (compatible; SemrushBot/7~bl; +http://www.semrush.com/bot.html)"
185.191.171.2 - - [10/Jul/2022:17:57:57 +0200] "GET /-p-6179.html HTTP/1.0" 200 71487 "-" "Mozilla/5.0 (compatible; SemrushBot/7~bl; +http://www.semrush.com/bot.html)"
54.36.149.107 - - [10/Jul/2022:17:58:46 +0200] "GET /playboy-vintage-p-13758.html HTTP/1.0" 200 74092 "-" "Mozilla/5.0 (compatible; AhrefsBot/7.0; +http://ahrefs.com/robot/)"
185.191.171.21 - - [10/Jul/2022:17:58:51 +0200] "GET /-p-32149.html?action=add_product HTTP/1.0" 302 476 "-" "Mozilla/5.0 (compatible; SemrushBot/7~bl; +http://www.semrush.com/bot.html)"
144.76.68.76 - - [10/Jul/2022:17:58:57 +0200] "GET /mani-lucky-pink-keychain-p-42480.html HTTP/1.0" 200 74463 "-" "serpstatbot/2.1 (advanced backlink tracking bot; https://serpstatbot.com/; abuse@serpstatbot.com)"
185.191.171.25 - - [10/Jul/2022:17:59:02 +0200] "GET /cotton-bath-zinc-p-47263.html HTTP/1.0" 200 75075 "-" "Mozilla/5.0 (compatible; SemrushBot/7~bl; +http://www.semrush.com/bot.html)"
216.244.66.242 - - [10/Jul/2022:17:59:46 +0200] "GET /cotton-floor-cushion-beige-p-38997.html HTTP/1.0" 200 76188 "-" "Mozilla/5.0 (compatible; DotBot/1.2; +https://opensiteexplorer.org/dotbot; help@moz.com)"
216.244.66.242 - - [10/Jul/2022:17:59:52 +0200] "GET /decorations/boxes-and-storage-box-c-13_84.html HTTP/1.0" 301 86633 "-" "Mozilla/5.0 (compatible; DotBot/1.2; +https://opensiteexplorer.org/dotbot; help@moz.com)"
185.191.171.45 - - [10/Jul/2022:17:59:54 +0200] "GET /tetsubin-light-green-teapots-japanese-liter-p-38421.html?action=add_product HTTP/1.0" 302 476 "-" "Mozilla/5.0 (compatible; SemrushBot/7~bl; +http://www.semrush.com/bot.html)"
185.191.171.45 - - [10/Jul/2022:17:59:57 +0200] "GET /home-and-decoration-c-13.html?page=152 HTTP/1.0" 301 93334 "-" "Mozilla/5.0 (compatible; SemrushBot/7~bl; +http://www.semrush.com/bot.html)"
216.244.66.242 - - [10/Jul/2022:17:59:59 +0200] "GET /london-union-jack-cbkreation-p-13411.html HTTP/1.0" 200 74184 "-" "Mozilla/5.0 (compatible; DotBot/1.2; +https://opensiteexplorer.org/dotbot; help@moz.com)"
185.191.171.23 - - [10/Jul/2022:18:00:01 +0200] "GET /home-decoration-c-13.html?page=152 HTTP/1.0" 200 93246 "-" "Mozilla/5.0 (compatible; SemrushBot/7~bl; +http://www.semrush.com/bot.html)"
144.76.68.76 - - [10/Jul/2022:18:00:02 +0200] "GET /manicure-articles-c-31_204.html HTTP/1.0" 200 90727 "-" "serpstatbot/2.1 (advanced backlink tracking bot; https://serpstatbot.com/; abuse@serpstatbot.com)"
216.244.66.242 - - [10/Jul/2022:18:00:18 +0200] "GET /pression-depression-metal-plate-deco-p-57073.html HTTP/1.0" 200 74789 "-" "Mozilla/5.0 (compatible; DotBot/1.2; +https://opensiteexplorer.org/dotbot; help@moz.com)"
216.244.66.242 - - [10/Jul/2022:18:00:35 +0200] "GET /pugsley-keel-toys-plush-unicorn-light-pink-p-46897.html HTTP/1.0" 200 74431 "-" "Mozilla/5.0 (compatible; DotBot/1.2; +https://opensiteexplorer.org/dotbot; help@moz.com)"
42.186.143.198 - - [10/Jul/2022:18:00:37 +0200] "GET /images/mini_prod/070209_191201_PEEL_gnVzFs.jpg HTTP/1.0" 200 281 "-" "Mozilla/5.0 (X11; Ubuntu; Linux x86_64; rv:72.0) Gecko/20100101 Firefox/72.0"
216.244.66.242 - - [10/Jul/2022:18:00:50 +0200] "GET /unicorn-jewelry-holder-white-p-48880.html HTTP/1.0" 200 74324 "-" "Mozilla/5.0 (compatible; DotBot/1.2; +https://opensiteexplorer.org/dotbot; help@moz.com)"
216.244.66.242 - - [10/Jul/2022:18:01:04 +0200] "GET /washed-dyed-cotton-tablecloth-p-55044.html HTTP/1.0" 200 74993 "-" "Mozilla/5.0 (compatible; DotBot/1.2; +https://opensiteexplorer.org/dotbot; help@moz.com)"
144.76.68.76 - - [10/Jul/2022:18:01:10 +0200] "GET /manicure-articles-c-3_204.html HTTP/1.0" 200 90675 "-" "serpstatbot/2.1 (advanced backlink tracking bot; https://serpstatbot.com/; abuse@serpstatbot.com)"
216.244.66.242 - - [10/Jul/2022:18:01:16 +0200] "GET /games-and-toys/soft-toys-security-blanket/little-brown-bear-soft-toy-p-22534.html HTTP/1.0" 301 673 "-" "Mozilla/5.0 (compatible; DotBot/1.2; +https://opensiteexplorer.org/dotbot; help@moz.com)"
54.36.149.9 - - [10/Jul/2022:18:01:18 +0200] "GET /oriental-teapot-liter-p-48806.html HTTP/1.0" 200 75025 "-" "Mozilla/5.0 (compatible; AhrefsBot/7.0; +http://ahrefs.com/robot/)"
209.93.42.157 - - [10/Jul/2022:18:02:10 +0200] "GET /templates/Pixame_v1/stylesheet.css HTTP/1.0" 200 267 "http://www.wonder-geek.com/" "Mozilla/5.0 (Macintosh; Intel Mac OS X 10_15_7) AppleWebKit/605.1.15 (KHTML, like Gecko) Version/15.5 Safari/605.1.15"
209.93.42.157 - - [10/Jul/2022:18:02:10 +0200] "GET /js/jquery.jqzoom.js HTTP/1.0" 200 259 "http://www.wonder-geek.com/" "Mozilla/5.0 (Macintosh; Intel Mac OS X 10_15_7) AppleWebKit/605.1.15 (KHTML, like Gecko) Version/15.5 Safari/605.1.15"
209.93.42.157 - - [10/Jul/2022:18:02:10 +0200] "GET /swfobject.js HTTP/1.0" 404 1308 "http://www.wonder-geek.com/" "Mozilla/5.0 (Macintosh; Intel Mac OS X 10_15_7) AppleWebKit/605.1.15 (KHTML, like Gecko) Version/15.5 Safari/605.1.15"
209.93.42.157 - - [10/Jul/2022:18:02:10 +0200] "GET /highslide/highslide.js HTTP/1.0" 200 262 "http://www.wonder-geek.com/" "Mozilla/5.0 (Macintosh; Intel Mac OS X 10_15_7) AppleWebKit/605.1.15 (KHTML, like Gecko) Version/15.5 Safari/605.1.15"
209.93.42.157 - - [10/Jul/2022:18:02:10 +0200] "GET /mondial_relay/js/jquery-1.3.2.min.js HTTP/1.0" 200 276 "http://www.wonder-geek.com/" "Mozilla/5.0 (Macintosh; Intel Mac OS X 10_15_7) AppleWebKit/605.1.15 (KHTML, like Gecko) Version/15.5 Safari/605.1.15"
209.93.42.157 - - [10/Jul/2022:18:02:10 +0200] "GET /js/jquery.js HTTP/1.0" 200 252 "http://www.wonder-geek.com/" "Mozilla/5.0 (Macintosh; Intel Mac OS X 10_15_7) AppleWebKit/605.1.15 (KHTML, like Gecko) Version/15.5 Safari/605.1.15"
209.93.42.157 - - [10/Jul/2022:18:02:10 +0200] "GET /templates/Pixame_v1/images/icon_accueil2.png HTTP/1.0" 200 278 "http://www.wonder-geek.com/" "Mozilla/5.0 (Macintosh; Intel Mac OS X 10_15_7) AppleWebKit/605.1.15 (KHTML, like Gecko) Version/15.5 Safari/605.1.15"
209.93.42.157 - - [10/Jul/2022:18:02:10 +0200] "GET /templates/Pixame_v1/images/infobox/pixel_trans.gif HTTP/1.0" 200 328 "http://www.wonder-geek.com/" "Mozilla/5.0 (Macintosh; Intel Mac OS X 10_15_7) AppleWebKit/605.1.15 (KHTML, like Gecko) Version/15.5 Safari/605.1.15"
209.93.42.157 - - [10/Jul/2022:18:02:08 +0200] "GET /placemat-kiub-collection-cats-piano-p-55906.html HTTP/1.0" 200 77473 "-" "Mozilla/5.0 (Macintosh; Intel Mac OS X 10_15_7) AppleWebKit/605.1.15 (KHTML, like Gecko) Version/15.5 Safari/605.1.15"
209.93.42.157 - - [10/Jul/2022:18:02:10 +0200] "GET /images/pixel_trans.gif HTTP/1.0" 200 328 "http://www.wonder-geek.com/" "Mozilla/5.0 (Macintosh; Intel Mac OS X 10_15_7) AppleWebKit/605.1.15 (KHTML, like Gecko) Version/15.5 Safari/605.1.15"
209.93.42.157 - - [10/Jul/2022:18:02:10 +0200] "GET /templates/Pixame_v1/images/pixel_trans.gif HTTP/1.0" 200 328 "http://www.wonder-geek.com/" "Mozilla/5.0 (Macintosh; Intel Mac OS X 10_15_7) AppleWebKit/605.1.15 (KHTML, like Gecko) Version/15.5 Safari/605.1.15"
209.93.42.157 - - [10/Jul/2022:18:02:10 +0200] "GET /templates/Pixame_v1/images/Bottom_texture.jpg HTTP/1.0" 200 280 "http://www.wonder-geek.com/" "Mozilla/5.0 (Macintosh; Intel Mac OS X 10_15_7) AppleWebKit/605.1.15 (KHTML, like Gecko) Version/15.5 Safari/605.1.15"
209.93.42.157 - - [10/Jul/2022:18:02:10 +0200] "GET /templates/Pixame_v1/images/Middle_texture.jpg HTTP/1.0" 200 280 "http://www.wonder-geek.com/" "Mozilla/5.0 (Macintosh; Intel Mac OS X 10_15_7) AppleWebKit/605.1.15 (KHTML, like Gecko) Version/15.5 Safari/605.1.15"
209.93.42.157 - - [10/Jul/2022:18:02:10 +0200] "GET /templates/Pixame_v1/images/nav.png HTTP/1.0" 200 268 "http://www.wonder-geek.com/" "Mozilla/5.0 (Macintosh; Intel Mac OS X 10_15_7) AppleWebKit/605.1.15 (KHTML, like Gecko) Version/15.5 Safari/605.1.15"
209.93.42.157 - - [10/Jul/2022:18:02:10 +0200] "GET /templates/Pixame_v1/images/header.png HTTP/1.0" 200 271 "http://www.wonder-geek.com/" "Mozilla/5.0 (Macintosh; Intel Mac OS X 10_15_7) AppleWebKit/605.1.15 (KHTML, like Gecko) Version/15.5 Safari/605.1.15"
209.93.42.157 - - [10/Jul/2022:18:02:10 +0200] "GET /templates/Pixame_v1/images/header-object.png HTTP/1.0" 200 278 "http://www.wonder-geek.com/" "Mozilla/5.0 (Macintosh; Intel Mac OS X 10_15_7) AppleWebKit/605.1.15 (KHTML, like Gecko) Version/15.5 Safari/605.1.15"
209.93.42.157 - - [10/Jul/2022:18:02:10 +0200] "GET /templates/Pixame_v1/images/infobox/infobox_footer_middle.gif HTTP/1.0" 200 357 "http://www.wonder-geek.com/" "Mozilla/5.0 (Macintosh; Intel Mac OS X 10_15_7) AppleWebKit/605.1.15 (KHTML, like Gecko) Version/15.5 Safari/605.1.15"
209.93.42.157 - - [10/Jul/2022:18:02:10 +0200] "GET /design/productsenstock.png HTTP/1.0" 200 260 "http://www.wonder-geek.com/" "Mozilla/5.0 (Macintosh; Intel Mac OS X 10_15_7) AppleWebKit/605.1.15 (KHTML, like Gecko) Version/15.5 Safari/605.1.15"
209.93.42.157 - - [10/Jul/2022:18:02:10 +0200] "GET /images/big_prod/3700572712307.jpg HTTP/1.0" 200 268 "http://www.wonder-geek.com/" "Mozilla/5.0 (Macintosh; Intel Mac OS X 10_15_7) AppleWebKit/605.1.15 (KHTML, like Gecko) Version/15.5 Safari/605.1.15"
209.93.42.157 - - [10/Jul/2022:18:02:10 +0200] "GET /templates/Pixame_v1/images/infobox/corner_left.gif HTTP/1.0" 200 660 "http://www.wonder-geek.com/" "Mozilla/5.0 (Macintosh; Intel Mac OS X 10_15_7) AppleWebKit/605.1.15 (KHTML, like Gecko) Version/15.5 Safari/605.1.15"
209.93.42.157 - - [10/Jul/2022:18:02:10 +0200] "GET /templates/Pixame_v1/images/infobox/corner_right.gif HTTP/1.0" 200 664 "http://www.wonder-geek.com/" "Mozilla/5.0 (Macintosh; Intel Mac OS X 10_15_7) AppleWebKit/605.1.15 (KHTML, like Gecko) Version/15.5 Safari/605.1.15"
209.93.42.157 - - [10/Jul/2022:18:02:10 +0200] "GET /images/mini_prod/3700572712284.jpg HTTP/1.0" 200 269 "http://www.wonder-geek.com/" "Mozilla/5.0 (Macintosh; Intel Mac OS X 10_15_7) AppleWebKit/605.1.15 (KHTML, like Gecko) Version/15.5 Safari/605.1.15"
209.93.42.157 - - [10/Jul/2022:18:02:10 +0200] "GET /images/mini_prod/3700572712291.jpg HTTP/1.0" 200 269 "http://www.wonder-geek.com/" "Mozilla/5.0 (Macintosh; Intel Mac OS X 10_15_7) AppleWebKit/605.1.15 (KHTML, like Gecko) Version/15.5 Safari/605.1.15"
209.93.42.157 - - [10/Jul/2022:18:02:10 +0200] "GET /images/mini_prod/3700572722221.jpg HTTP/1.0" 200 269 "http://www.wonder-geek.com/" "Mozilla/5.0 (Macintosh; Intel Mac OS X 10_15_7) AppleWebKit/605.1.15 (KHTML, like Gecko) Version/15.5 Safari/605.1.15"
209.93.42.157 - - [10/Jul/2022:18:02:10 +0200] "GET /images/mini_prod/3700572722238.jpg HTTP/1.0" 200 269 "http://www.wonder-geek.com/" "Mozilla/5.0 (Macintosh; Intel Mac OS X 10_15_7) AppleWebKit/605.1.15 (KHTML, like Gecko) Version/15.5 Safari/605.1.15"
209.93.42.157 - - [10/Jul/2022:18:02:10 +0200] "GET /images/mini_prod/3700572712314.jpg HTTP/1.0" 200 269 "http://www.wonder-geek.com/" "Mozilla/5.0 (Macintosh; Intel Mac OS X 10_15_7) AppleWebKit/605.1.15 (KHTML, like Gecko) Version/15.5 Safari/605.1.15"
209.93.42.157 - - [10/Jul/2022:18:02:10 +0200] "GET /highslide/graphics/zoomin.cur HTTP/1.0" 200 614 "http://www.wonder-geek.com/" "Mozilla/5.0 (Macintosh; Intel Mac OS X 10_15_7) AppleWebKit/605.1.15 (KHTML, like Gecko) Version/15.5 Safari/605.1.15"
209.93.42.157 - - [10/Jul/2022:18:02:10 +0200] "GET /templates/Pixame_v1/images/buttons/english/button_in_cart.gif HTTP/1.0" 200 295 "http://www.wonder-geek.com/" "Mozilla/5.0 (Macintosh; Intel Mac OS X 10_15_7) AppleWebKit/605.1.15 (KHTML, like Gecko) Version/15.5 Safari/605.1.15"
209.93.42.157 - - [10/Jul/2022:18:02:10 +0200] "GET /highslide/graphics/outlines/drop-shadow.png HTTP/1.0" 200 277 "http://www.wonder-geek.com/" "Mozilla/5.0 (Macintosh; Intel Mac OS X 10_15_7) AppleWebKit/605.1.15 (KHTML, like Gecko) Version/15.5 Safari/605.1.15"
209.93.42.157 - - [10/Jul/2022:18:02:10 +0200] "GET /highslide/graphics/zoomout.cur HTTP/1.0" 200 614 "http://www.wonder-geek.com/" "Mozilla/5.0 (Macintosh; Intel Mac OS X 10_15_7) AppleWebKit/605.1.15 (KHTML, like Gecko) Version/15.5 Safari/605.1.15"
