46.161.11.244 - - [10/Jul/2022:19:29:22 +0200] "GET /contact_us.php HTTP/1.0" 200 26238 "http://www.wonder-geek.com/contact_us.php" "Mozilla/5.0 (Windows NT 6.1; ) AppleWebKit/537.36 (KHTML, like Gecko) Chrome/83.0.4103.61 Safari/537.36"
46.161.11.244 - - [10/Jul/2022:19:29:23 +0200] "POST /contact_us.php?action=send HTTP/1.0" 200 26569 "http://www.wonder-geek.com/contact_us.php" "Mozilla/5.0 (Windows NT 6.1; ) AppleWebKit/537.36 (KHTML, like Gecko) Chrome/83.0.4103.61 Safari/537.36"
185.191.171.13 - - [10/Jul/2022:19:29:36 +0200] "GET /golden-parrot-wall-decoration-statuette-p-49709.html HTTP/1.0" 200 74313 "-" "Mozilla/5.0 (compatible; SemrushBot/7~bl; +http://www.semrush.com/bot.html)"
195.110.77.193 - - [10/Jul/2022:19:29:51 +0200] "GET /images/mini_prod/MISES-EN-SITUATION-03.jpg HTTP/1.0" 200 277 "-" "Mozilla/5.0 (X11; Ubuntu; Linux x86_64; rv:72.0) Gecko/20100101 Firefox/72.0"
185.191.171.21 - - [10/Jul/2022:19:30:08 +0200] "GET /duvet-cover-in-cotton-percale-80-threads-140-200-cm-p-52077.html HTTP/1.0" 301 74529 "-" "Mozilla/5.0 (compatible; SemrushBot/7~bl; +http://www.semrush.com/bot.html)"
54.36.149.26 - - [10/Jul/2022:19:30:09 +0200] "GET /multicolored-bull-money-p-54869.html HTTP/1.0" 200 75001 "-" "Mozilla/5.0 (compatible; AhrefsBot/7.0; +http://ahrefs.com/robot/)"
185.191.171.15 - - [10/Jul/2022:19:30:10 +0200] "GET /duvet-cover-cotton-percale-threads-p-52077.html HTTP/1.0" 200 74428 "-" "Mozilla/5.0 (compatible; SemrushBot/7~bl; +http://www.semrush.com/bot.html)"
185.191.171.14 - - [10/Jul/2022:19:30:15 +0200] "GET /simpsons-black-p-12806.html?action=add_product HTTP/1.0" 302 476 "-" "Mozilla/5.0 (compatible; SemrushBot/7~bl; +http://www.semrush.com/bot.html)"
144.76.68.76 - - [10/Jul/2022:19:30:18 +0200] "GET /mini-trays-c-12_159_260.html?page=5 HTTP/1.0" 200 93875 "-" "serpstatbot/2.1 (advanced backlink tracking bot; https://serpstatbot.com/; abuse@serpstatbot.com)"
144.76.68.76 - - [10/Jul/2022:19:31:26 +0200] "GET /unicorn-jewelry-holder-statuette-p-55818.html HTTP/1.0" 200 74350 "-" "serpstatbot/2.1 (advanced backlink tracking bot; https://serpstatbot.com/; abuse@serpstatbot.com)"
185.191.171.15 - - [10/Jul/2022:19:31:27 +0200] "GET /water-and-outdoor-games-c-4_143.html?page=3 HTTP/1.0" 301 82701 "-" "Mozilla/5.0 (compatible; SemrushBot/7~bl; +http://www.semrush.com/bot.html)"
185.191.171.18 - - [10/Jul/2022:19:31:31 +0200] "GET /water-outdoor-games-c-143.html?page=3 HTTP/1.0" 301 82589 "-" "Mozilla/5.0 (compatible; SemrushBot/7~bl; +http://www.semrush.com/bot.html)"
185.191.171.6 - - [10/Jul/2022:19:31:34 +0200] "GET /water-outdoor-games-c-4_143.html?page=3 HTTP/1.0" 200 82610 "-" "Mozilla/5.0 (compatible; SemrushBot/7~bl; +http://www.semrush.com/bot.html)"
185.191.171.24 - - [10/Jul/2022:19:32:14 +0200] "GET /cement-tile-coasters-p-53112.html?action=add_product HTTP/1.0" 302 476 "-" "Mozilla/5.0 (compatible; SemrushBot/7~bl; +http://www.semrush.com/bot.html)"
144.76.68.76 - - [10/Jul/2022:19:32:36 +0200] "GET /mini-trays-c-12_159_260.html?page=6 HTTP/1.0" 200 93217 "-" "serpstatbot/2.1 (advanced backlink tracking bot; https://serpstatbot.com/; abuse@serpstatbot.com)"
185.34.33.2 - - [10/Jul/2022:19:33:02 +0200] "GET / HTTP/1.0" 301 511 "-" "Mozilla/5.0 (Windows NT 10.0; Win64; x64) AppleWebKit/537.36 (KHTML, like Gecko) Chrome/95.0.4638.69 Safari/537.36"
185.191.171.5 - - [10/Jul/2022:19:33:22 +0200] "GET /-p-31694.html?action=add_product HTTP/1.0" 302 476 "-" "Mozilla/5.0 (compatible; SemrushBot/7~bl; +http://www.semrush.com/bot.html)"
45.88.97.38 - - [10/Jul/2022:19:33:22 +0200] "GET / HTTP/1.0" 200 96817 "http://wonder-geek.com/" "Mozilla/5.0 (Windows NT 10.0; Win64; x64) AppleWebKit/537.36 (KHTML, like Gecko) Chrome/95.0.4638.69 Safari/537.36"
172.58.99.172 - - [10/Jul/2022:19:33:29 +0200] "POST /storax-aromatika-incense-sticks-p-58250.html?action=add_product HTTP/1.0" 302 476 "http://www.wonder-geek.com/storax-aromatika-incense-sticks-p-58250.html" "Mozilla/5.0 (Linux; Android 11; KB2007) AppleWebKit/537.36 (KHTML, like Gecko) Chrome/103.0.0.0 Mobile Safari/537.36"
172.58.99.172 - - [10/Jul/2022:19:33:30 +0200] "GET /shopping_cart.php HTTP/1.0" 200 29003 "http://www.wonder-geek.com/storax-aromatika-incense-sticks-p-58250.html" "Mozilla/5.0 (Linux; Android 11; KB2007) AppleWebKit/537.36 (KHTML, like Gecko) Chrome/103.0.0.0 Mobile Safari/537.36"
172.58.99.172 - - [10/Jul/2022:19:33:31 +0200] "GET /swfobject.js HTTP/1.0" 404 1308 "http://www.wonder-geek.com/shopping_cart.php" "Mozilla/5.0 (Linux; Android 11; KB2007) AppleWebKit/537.36 (KHTML, like Gecko) Chrome/103.0.0.0 Mobile Safari/537.36"
172.58.99.172 - - [10/Jul/2022:19:33:32 +0200] "GET /images/table_background_cart.gif HTTP/1.0" 200 1094 "http://www.wonder-geek.com/shopping_cart.php" "Mozilla/5.0 (Linux; Android 11; KB2007) AppleWebKit/537.36 (KHTML, like Gecko) Chrome/103.0.0.0 Mobile Safari/537.36"
172.58.99.172 - - [10/Jul/2022:19:33:32 +0200] "GET /images/mini_prod/3700344890776.jpg HTTP/1.0" 200 269 "http://www.wonder-geek.com/shopping_cart.php" "Mozilla/5.0 (Linux; Android 11; KB2007) AppleWebKit/537.36 (KHTML, like Gecko) Chrome/103.0.0.0 Mobile Safari/537.36"
172.58.99.172 - - [10/Jul/2022:19:33:32 +0200] "GET /images/pixel_black.gif HTTP/1.0" 200 320 "http://www.wonder-geek.com/shopping_cart.php" "Mozilla/5.0 (Linux; Android 11; KB2007) AppleWebKit/537.36 (KHTML, like Gecko) Chrome/103.0.0.0 Mobile Safari/537.36"
172.58.99.172 - - [10/Jul/2022:19:33:32 +0200] "GET /templates/Pixame_v1/images/buttons/english/button_continue_shopping.gif HTTP/1.0" 200 305 "http://www.wonder-geek.com/shopping_cart.php" "Mozilla/5.0 (Linux; Android 11; KB2007) AppleWebKit/537.36 (KHTML, like Gecko) Chrome/103.0.0.0 Mobile Safari/537.36"
172.58.99.172 - - [10/Jul/2022:19:33:32 +0200] "GET /templates/Pixame_v1/images/buttons/english/button_update_cart.gif HTTP/1.0" 200 299 "http://www.wonder-geek.com/shopping_cart.php" "Mozilla/5.0 (Linux; Android 11; KB2007) AppleWebKit/537.36 (KHTML, like Gecko) Chrome/103.0.0.0 Mobile Safari/537.36"
172.58.99.172 - - [10/Jul/2022:19:33:32 +0200] "GET /images/icons/colissimo.gif HTTP/1.0" 200 260 "http://www.wonder-geek.com/shopping_cart.php" "Mozilla/5.0 (Linux; Android 11; KB2007) AppleWebKit/537.36 (KHTML, like Gecko) Chrome/103.0.0.0 Mobile Safari/537.36"
172.58.99.172 - - [10/Jul/2022:19:33:32 +0200] "GET /templates/Pixame_v1/images/buttons/english/button_checkout.gif HTTP/1.0" 200 296 "http://www.wonder-geek.com/shopping_cart.php" "Mozilla/5.0 (Linux; Android 11; KB2007) AppleWebKit/537.36 (KHTML, like Gecko) Chrome/103.0.0.0 Mobile Safari/537.36"
172.58.99.172 - - [10/Jul/2022:19:33:32 +0200] "GET /images/icons/warning.gif HTTP/1.0" 200 478 "http://www.wonder-geek.com/shopping_cart.php" "Mozilla/5.0 (Linux; Android 11; KB2007) AppleWebKit/537.36 (KHTML, like Gecko) Chrome/103.0.0.0 Mobile Safari/537.36"
54.36.148.112 - - [10/Jul/2022:19:33:32 +0200] "GET /angel-french-p-40441.html HTTP/1.0" 200 74228 "-" "Mozilla/5.0 (compatible; AhrefsBot/7.0; +http://ahrefs.com/robot/)"
185.191.171.7 - - [10/Jul/2022:19:33:34 +0200] "GET /dubout-metal-tray-30-cm-p-42357.html HTTP/1.0" 301 74256 "-" "Mozilla/5.0 (compatible; SemrushBot/7~bl; +http://www.semrush.com/bot.html)"
185.191.171.8 - - [10/Jul/2022:19:33:36 +0200] "GET /dubout-metal-tray-p-42357.html HTTP/1.0" 200 74172 "-" "Mozilla/5.0 (compatible; SemrushBot/7~bl; +http://www.semrush.com/bot.html)"
144.76.68.76 - - [10/Jul/2022:19:33:45 +0200] "GET /unicorn-moneybox-p-51613.html HTTP/1.0" 200 71543 "-" "serpstatbot/2.1 (advanced backlink tracking bot; https://serpstatbot.com/; abuse@serpstatbot.com)"
185.191.171.21 - - [10/Jul/2022:19:33:45 +0200] "GET /industrial-chandelier-in-patinated-copper-metal-p-38628.html HTTP/1.0" 301 74514 "-" "Mozilla/5.0 (compatible; SemrushBot/7~bl; +http://www.semrush.com/bot.html)"
185.191.171.23 - - [10/Jul/2022:19:33:49 +0200] "GET /industrial-chandelier-patinated-copper-metal-p-38628.html HTTP/1.0" 200 74403 "-" "Mozilla/5.0 (compatible; SemrushBot/7~bl; +http://www.semrush.com/bot.html)"
172.58.99.172 - - [10/Jul/2022:19:34:06 +0200] "POST /shopping_cart.php HTTP/1.0" 200 27795 "http://www.wonder-geek.com/shopping_cart.php" "Mozilla/5.0 (Linux; Android 11; KB2007) AppleWebKit/537.36 (KHTML, like Gecko) Chrome/103.0.0.0 Mobile Safari/537.36"
172.58.99.172 - - [10/Jul/2022:19:34:09 +0200] "GET /swfobject.js HTTP/1.0" 404 1308 "http://www.wonder-geek.com/shopping_cart.php" "Mozilla/5.0 (Linux; Android 11; KB2007) AppleWebKit/537.36 (KHTML, like Gecko) Chrome/103.0.0.0 Mobile Safari/537.36"
185.191.171.3 - - [10/Jul/2022:19:34:32 +0200] "GET /-p-38619.html?action=add_product HTTP/1.0" 302 476 "-" "Mozilla/5.0 (compatible; SemrushBot/7~bl; +http://www.semrush.com/bot.html)"
172.58.99.172 - - [10/Jul/2022:19:34:45 +0200] "GET /login.php HTTP/1.0" 200 17557 "http://www.wonder-geek.com/shopping_cart.php" "Mozilla/5.0 (Linux; Android 11; KB2007) AppleWebKit/537.36 (KHTML, like Gecko) Chrome/103.0.0.0 Mobile Safari/537.36"
172.58.99.172 - - [10/Jul/2022:19:34:46 +0200] "GET /swfobject.js HTTP/1.0" 404 1308 "http://www.wonder-geek.com/login.php" "Mozilla/5.0 (Linux; Android 11; KB2007) AppleWebKit/537.36 (KHTML, like Gecko) Chrome/103.0.0.0 Mobile Safari/537.36"
172.58.99.172 - - [10/Jul/2022:19:34:46 +0200] "GET /templates/Pixame_v1/images/buttons/english/button_login.gif HTTP/1.0" 200 1197 "http://www.wonder-geek.com/login.php" "Mozilla/5.0 (Linux; Android 11; KB2007) AppleWebKit/537.36 (KHTML, like Gecko) Chrome/103.0.0.0 Mobile Safari/537.36"
172.58.99.172 - - [10/Jul/2022:19:34:47 +0200] "GET /templates/Pixame_v1/images/buttons/english/button_create_account.gif HTTP/1.0" 200 302 "http://www.wonder-geek.com/login.php" "Mozilla/5.0 (Linux; Android 11; KB2007) AppleWebKit/537.36 (KHTML, like Gecko) Chrome/103.0.0.0 Mobile Safari/537.36"
144.76.68.76 - - [10/Jul/2022:19:34:55 +0200] "GET /mini-trolley-p-49044.html HTTP/1.0" 200 74793 "-" "serpstatbot/2.1 (advanced backlink tracking bot; https://serpstatbot.com/; abuse@serpstatbot.com)"
185.191.171.3 - - [10/Jul/2022:19:35:28 +0200] "GET /lighting-c-86.html?page=15 HTTP/1.0" 200 93792 "-" "Mozilla/5.0 (compatible; SemrushBot/7~bl; +http://www.semrush.com/bot.html)"
185.191.171.25 - - [10/Jul/2022:19:35:47 +0200] "GET /stone-polychrome-jasper-140-150-grams-p-46584.html HTTP/1.0" 301 75550 "-" "Mozilla/5.0 (compatible; SemrushBot/7~bl; +http://www.semrush.com/bot.html)"
185.191.171.26 - - [10/Jul/2022:19:35:51 +0200] "GET /stone-polychrome-jasper-grams-p-46584.html HTTP/1.0" 200 75454 "-" "Mozilla/5.0 (compatible; SemrushBot/7~bl; +http://www.semrush.com/bot.html)"
144.76.68.76 - - [10/Jul/2022:19:36:03 +0200] "GET /unicorn-nightlight-p-48723.html HTTP/1.0" 200 75308 "-" "serpstatbot/2.1 (advanced backlink tracking bot; https://serpstatbot.com/; abuse@serpstatbot.com)"
195.110.77.193 - - [10/Jul/2022:19:36:19 +0200] "GET /images/mini_prod/3700276281796.jpg HTTP/1.0" 200 269 "-" "Mozilla/5.0 (X11; Ubuntu; Linux x86_64; rv:72.0) Gecko/20100101 Firefox/72.0"
216.244.66.242 - - [10/Jul/2022:19:36:34 +0200] "GET /new-york-gotham-cushion-p-28720.html HTTP/1.0" 301 74486 "-" "Mozilla/5.0 (compatible; DotBot/1.2; +https://opensiteexplorer.org/dotbot; help@moz.com)"
216.244.66.242 - - [10/Jul/2022:19:36:41 +0200] "GET /retro-case-for-cigarettes-pack-p-39549.html HTTP/1.0" 301 71681 "-" "Mozilla/5.0 (compatible; DotBot/1.2; +https://opensiteexplorer.org/dotbot; help@moz.com)"
51.68.224.127 - - [10/Jul/2022:19:36:43 +0200] "GET /adminweb/export_orders_xml.php?token=256de2z6edz6ed2z6DFSFsed2zed6zeDSFDSGdzedezfzf&maxorders=10&orderstart=1&status=14&start_date=2018-10-01 HTTP/1.0" 200 285 "-" "GesCom CharlotteBoutik Serveur"
51.68.224.127 - - [10/Jul/2022:19:36:43 +0200] "GET /adminweb/export_orders_xml.php?token=256de2z6edz6ed2z6DFSFsed2zed6zeDSFDSGdzedezfzf&maxorders=10&orderstart=1&status=6&start_date=2018-10-01 HTTP/1.0" 200 31081 "-" "GesCom CharlotteBoutik Serveur"
216.244.66.242 - - [10/Jul/2022:19:36:47 +0200] "GET /wendy-bag-let-lucie-make-p-49020.html HTTP/1.0" 301 75267 "-" "Mozilla/5.0 (compatible; DotBot/1.2; +https://opensiteexplorer.org/dotbot; help@moz.com)"
185.191.171.33 - - [10/Jul/2022:19:36:47 +0200] "GET /coca-cola-large-metal-plate-deco-p-27969.html HTTP/1.0" 200 74192 "-" "Mozilla/5.0 (compatible; SemrushBot/7~bl; +http://www.semrush.com/bot.html)"
185.191.171.37 - - [10/Jul/2022:19:36:53 +0200] "GET /minions-lunchbox-p-33059.html HTTP/1.0" 301 71556 "-" "Mozilla/5.0 (compatible; SemrushBot/7~bl; +http://www.semrush.com/bot.html)"
216.244.66.242 - - [10/Jul/2022:19:36:53 +0200] "GET /cushion-cover-blue-duck-60-60-cm-p-50050.html HTTP/1.0" 301 75008 "-" "Mozilla/5.0 (compatible; DotBot/1.2; +https://opensiteexplorer.org/dotbot; help@moz.com)"
185.191.171.7 - - [10/Jul/2022:19:36:56 +0200] "GET /-p-33059.html HTTP/1.0" 200 71489 "-" "Mozilla/5.0 (compatible; SemrushBot/7~bl; +http://www.semrush.com/bot.html)"
216.244.66.242 - - [10/Jul/2022:19:36:59 +0200] "GET /hourglass-decoration-glass-and-sand-glitter-p-51968.html HTTP/1.0" 301 74397 "-" "Mozilla/5.0 (compatible; DotBot/1.2; +https://opensiteexplorer.org/dotbot; help@moz.com)"
54.36.149.17 - - [10/Jul/2022:19:36:59 +0200] "GET /amazon-love-coin-purse-sloths-p-50271.html HTTP/1.0" 200 75187 "-" "Mozilla/5.0 (compatible; AhrefsBot/7.0; +http://ahrefs.com/robot/)"
54.36.148.23 - - [10/Jul/2022:19:37:04 +0200] "GET /images/big_prod_1/b9316188081160.jpg HTTP/1.0" 200 271 "-" "Mozilla/5.0 (compatible; AhrefsBot/7.0; +http://ahrefs.com/robot/)"
216.244.66.242 - - [10/Jul/2022:19:37:05 +0200] "GET /notebook-flower-of-life-with-leather-cover-p-47651.html HTTP/1.0" 301 75178 "-" "Mozilla/5.0 (compatible; DotBot/1.2; +https://opensiteexplorer.org/dotbot; help@moz.com)"
54.36.148.4 - - [10/Jul/2022:19:37:06 +0200] "GET /images/big_prod/9316188081160.jpg HTTP/1.0" 200 268 "-" "Mozilla/5.0 (compatible; AhrefsBot/7.0; +http://ahrefs.com/robot/)"
216.244.66.242 - - [10/Jul/2022:19:37:10 +0200] "GET /zen-wall-decoration-to-hang-40-40-cm-p-42749.html HTTP/1.0" 301 74347 "-" "Mozilla/5.0 (compatible; DotBot/1.2; +https://opensiteexplorer.org/dotbot; help@moz.com)"
144.76.68.76 - - [10/Jul/2022:19:37:11 +0200] "GET /mini-white-natural-wooden-p-55030.html HTTP/1.0" 200 75020 "-" "serpstatbot/2.1 (advanced backlink tracking bot; https://serpstatbot.com/; abuse@serpstatbot.com)"
1.235.123.66 - - [10/Jul/2022:19:37:51 +0200] "GET /images/mini_prod/3503420051630.jpg HTTP/1.0" 200 269 "-" "Mozilla/5.0 (Macintosh; Intel Mac OS X 10_9_3) AppleWebKit/537.36 (KHTML, like Gecko) Chrome/35.0.1916.47 Safari/537.36"
144.76.68.76 - - [10/Jul/2022:19:38:20 +0200] "GET /unicorn-nightlight-p-53119.html HTTP/1.0" 200 75297 "-" "serpstatbot/2.1 (advanced backlink tracking bot; https://serpstatbot.com/; abuse@serpstatbot.com)"
185.191.171.8 - - [10/Jul/2022:19:38:55 +0200] "GET /elsa-figure-p-32170.html HTTP/1.0" 200 71535 "-" "Mozilla/5.0 (compatible; SemrushBot/7~bl; +http://www.semrush.com/bot.html)"
110.249.203.107 - - [10/Jul/2022:19:39:11 +0200] "GET /images/big_prod_1/4250255859151a.jpg HTTP/1.0" 200 271 "-" "Mozilla/5.0 (X11; Ubuntu; Linux x86_64; rv:72.0) Gecko/20100101 Firefox/72.0"
185.191.171.39 - - [10/Jul/2022:19:39:21 +0200] "GET /popcorn-maker-p-45372.html?action=add_product HTTP/1.0" 302 476 "-" "Mozilla/5.0 (compatible; SemrushBot/7~bl; +http://www.semrush.com/bot.html)"
144.76.68.76 - - [10/Jul/2022:19:39:27 +0200] "GET /mini-wireless-speaker-vintage-microphone-p-47524.html HTTP/1.0" 200 75132 "-" "serpstatbot/2.1 (advanced backlink tracking bot; https://serpstatbot.com/; abuse@serpstatbot.com)"
185.191.171.43 - - [10/Jul/2022:19:40:13 +0200] "GET /suspension-bear-34-cm-92-cm-with-cable-p-52761.html HTTP/1.0" 301 71704 "-" "Mozilla/5.0 (compatible; SemrushBot/7~bl; +http://www.semrush.com/bot.html)"
185.191.171.40 - - [10/Jul/2022:19:40:16 +0200] "GET /suspension-bear-with-cable-p-52761.html HTTP/1.0" 200 71611 "-" "Mozilla/5.0 (compatible; SemrushBot/7~bl; +http://www.semrush.com/bot.html)"
185.191.171.19 - - [10/Jul/2022:19:40:19 +0200] "GET /white-owl-decorative-statue-p-31563.html HTTP/1.0" 301 74373 "-" "Mozilla/5.0 (compatible; SemrushBot/7~bl; +http://www.semrush.com/bot.html)"
185.191.171.43 - - [10/Jul/2022:19:40:21 +0200] "GET /white-decorative-statue-p-31563.html HTTP/1.0" 200 74283 "-" "Mozilla/5.0 (compatible; SemrushBot/7~bl; +http://www.semrush.com/bot.html)"
54.36.149.30 - - [10/Jul/2022:19:40:23 +0200] "GET /schleich-peanuts-snoopy-with-supper-p-35072.html HTTP/1.0" 200 74399 "-" "Mozilla/5.0 (compatible; AhrefsBot/7.0; +http://ahrefs.com/robot/)"
144.76.68.76 - - [10/Jul/2022:19:40:36 +0200] "GET /unicorn-plush-gold-white-p-49624.html HTTP/1.0" 200 74279 "-" "serpstatbot/2.1 (advanced backlink tracking bot; https://serpstatbot.com/; abuse@serpstatbot.com)"
185.191.171.3 - - [10/Jul/2022:19:40:44 +0200] "GET /magnet-kissing-tassen-p-47560.html HTTP/1.0" 200 75069 "-" "Mozilla/5.0 (compatible; SemrushBot/7~bl; +http://www.semrush.com/bot.html)"
185.191.171.7 - - [10/Jul/2022:19:40:59 +0200] "GET /dubout-cats-cover-pillow-p-32247.html?action=add_product HTTP/1.0" 302 476 "-" "Mozilla/5.0 (compatible; SemrushBot/7~bl; +http://www.semrush.com/bot.html)"
185.191.171.39 - - [10/Jul/2022:19:41:20 +0200] "GET /matriochka-white-women-shirt-p-30989.html HTTP/1.0" 200 76129 "-" "Mozilla/5.0 (compatible; SemrushBot/7~bl; +http://www.semrush.com/bot.html)"
144.76.68.76 - - [10/Jul/2022:19:41:43 +0200] "GET /mini-trays-c-12_159_260.html?page=3 HTTP/1.0" 200 93187 "-" "serpstatbot/2.1 (advanced backlink tracking bot; https://serpstatbot.com/; abuse@serpstatbot.com)"
216.244.66.242 - - [10/Jul/2022:19:42:02 +0200] "GET /carp-bath-towel-p-40756.html HTTP/1.0" 301 71556 "-" "Mozilla/5.0 (compatible; DotBot/1.2; +https://opensiteexplorer.org/dotbot; help@moz.com)"
185.191.171.10 - - [10/Jul/2022:19:42:13 +0200] "GET /protects-mattress-fleece-cotton-140-190-cm-p-43571.html HTTP/1.0" 301 71556 "-" "Mozilla/5.0 (compatible; SemrushBot/7~bl; +http://www.semrush.com/bot.html)"
216.244.66.242 - - [10/Jul/2022:19:42:13 +0200] "GET /mandala-p-44265.html HTTP/1.0" 200 74567 "-" "Mozilla/5.0 (compatible; DotBot/1.2; +https://opensiteexplorer.org/dotbot; help@moz.com)"
185.191.171.7 - - [10/Jul/2022:19:42:16 +0200] "GET /-p-43571.html HTTP/1.0" 200 71489 "-" "Mozilla/5.0 (compatible; SemrushBot/7~bl; +http://www.semrush.com/bot.html)"
66.249.64.146 - - [10/Jul/2022:19:42:22 +0200] "GET /monster-high-mini-led-keychain-flashlight-white-p-17848.html HTTP/1.0" 301 74533 "-" "Mozilla/5.0 (Linux; Android 6.0.1; Nexus 5X Build/MMB29P) AppleWebKit/537.36 (KHTML, like Gecko) Chrome/103.0.5060.114 Mobile Safari/537.36 (compatible; Googlebot/2.1; +http://www.google.com/bot.html)"
66.249.64.158 - - [10/Jul/2022:19:42:24 +0200] "GET /monster-high-mini-keychain-flashlight-white-p-17848.html HTTP/1.0" 200 74423 "-" "Mozilla/5.0 (Linux; Android 6.0.1; Nexus 5X Build/MMB29P) AppleWebKit/537.36 (KHTML, like Gecko) Chrome/103.0.5060.114 Mobile Safari/537.36 (compatible; Googlebot/2.1; +http://www.google.com/bot.html)"
216.244.66.242 - - [10/Jul/2022:19:42:23 +0200] "GET /skull-door-knocker-p-34183.html HTTP/1.0" 200 74108 "-" "Mozilla/5.0 (compatible; DotBot/1.2; +https://opensiteexplorer.org/dotbot; help@moz.com)"
172.58.99.172 - - [10/Jul/2022:19:42:34 +0200] "GET /create_account.php HTTP/1.0" 200 33633 "http://www.wonder-geek.com/login.php" "Mozilla/5.0 (Linux; Android 11; KB2007) AppleWebKit/537.36 (KHTML, like Gecko) Chrome/103.0.0.0 Mobile Safari/537.36"
172.58.99.172 - - [10/Jul/2022:19:42:35 +0200] "GET /swfobject.js HTTP/1.0" 404 1308 "http://www.wonder-geek.com/create_account.php" "Mozilla/5.0 (Linux; Android 11; KB2007) AppleWebKit/537.36 (KHTML, like Gecko) Chrome/103.0.0.0 Mobile Safari/537.36"
172.58.99.172 - - [10/Jul/2022:19:42:35 +0200] "GET /images/table_background_account.gif HTTP/1.0" 200 1094 "http://www.wonder-geek.com/create_account.php" "Mozilla/5.0 (Linux; Android 11; KB2007) AppleWebKit/537.36 (KHTML, like Gecko) Chrome/103.0.0.0 Mobile Safari/537.36"
172.58.99.172 - - [10/Jul/2022:19:42:35 +0200] "GET /templates/Pixame_v1/images/buttons/english/button_continue.gif HTTP/1.0" 200 1264 "http://www.wonder-geek.com/create_account.php" "Mozilla/5.0 (Linux; Android 11; KB2007) AppleWebKit/537.36 (KHTML, like Gecko) Chrome/103.0.0.0 Mobile Safari/537.36"
144.76.68.76 - - [10/Jul/2022:19:42:49 +0200] "GET /unicorn-plush-gold-white-p-49626.html HTTP/1.0" 200 74224 "-" "serpstatbot/2.1 (advanced backlink tracking bot; https://serpstatbot.com/; abuse@serpstatbot.com)"
185.191.171.40 - - [10/Jul/2022:19:43:11 +0200] "GET /olympique-marseille-ceramic-espresso-cups-p-50784.html?action=add_product HTTP/1.0" 302 476 "-" "Mozilla/5.0 (compatible; SemrushBot/7~bl; +http://www.semrush.com/bot.html)"
17.121.113.76 - - [10/Jul/2022:19:43:18 +0200] "GET /boutis-quilt-bedspread-c-11_194.html HTTP/1.0" 200 89183 "-" "Mozilla/5.0 (Macintosh; Intel Mac OS X 10_15_5) AppleWebKit/605.1.15 (KHTML, like Gecko) Version/13.1.1 Safari/605.1.15 (Applebot/0.1; +http://www.apple.com/go/applebot)"
185.191.171.40 - - [10/Jul/2022:19:43:29 +0200] "GET /-p-32745.html?action=add_product HTTP/1.0" 302 476 "-" "Mozilla/5.0 (compatible; SemrushBot/7~bl; +http://www.semrush.com/bot.html)"
185.191.171.14 - - [10/Jul/2022:19:43:41 +0200] "GET /furnishings-c-13_87.html?page=3 HTTP/1.0" 200 88659 "-" "Mozilla/5.0 (compatible; SemrushBot/7~bl; +http://www.semrush.com/bot.html)"
185.191.171.18 - - [10/Jul/2022:19:43:45 +0200] "GET /small-cool-lunch-tour-france-p-54354.html?action=add_product HTTP/1.0" 302 476 "-" "Mozilla/5.0 (compatible; SemrushBot/7~bl; +http://www.semrush.com/bot.html)"
54.36.149.81 - - [10/Jul/2022:19:43:44 +0200] "GET /collectible-figurines-decorative-c-13_135.html?page=10 HTTP/1.0" 200 96171 "-" "Mozilla/5.0 (compatible; AhrefsBot/7.0; +http://ahrefs.com/robot/)"
185.191.171.26 - - [10/Jul/2022:19:43:48 +0200] "GET /provence-soap-box-lavander-10-65-35-cm-p-39124.html HTTP/1.0" 301 74540 "-" "Mozilla/5.0 (compatible; SemrushBot/7~bl; +http://www.semrush.com/bot.html)"
185.191.171.6 - - [10/Jul/2022:19:43:54 +0200] "GET /provence-soap-lavander-p-39124.html HTTP/1.0" 200 74451 "-" "Mozilla/5.0 (compatible; SemrushBot/7~bl; +http://www.semrush.com/bot.html)"
144.76.68.76 - - [10/Jul/2022:19:43:57 +0200] "GET /minion-placemat-p-31847.html HTTP/1.0" 200 71539 "-" "serpstatbot/2.1 (advanced backlink tracking bot; https://serpstatbot.com/; abuse@serpstatbot.com)"
185.191.171.10 - - [10/Jul/2022:19:44:52 +0200] "GET /barcelone-p-40803.html?action=add_product HTTP/1.0" 302 476 "-" "Mozilla/5.0 (compatible; SemrushBot/7~bl; +http://www.semrush.com/bot.html)"
144.76.68.76 - - [10/Jul/2022:19:45:05 +0200] "GET /unicorn-plush-pink-white-p-47647.html HTTP/1.0" 200 74253 "-" "serpstatbot/2.1 (advanced backlink tracking bot; https://serpstatbot.com/; abuse@serpstatbot.com)"
147.92.153.8 - - [10/Jul/2022:19:45:46 +0200] "GET /robots.txt HTTP/1.0" 200 245 "-" "Mozilla/5.0 (compatible; Linespider/1.1; +https://lin.ee/4dwXkTH)"
147.92.153.17 - - [10/Jul/2022:19:45:54 +0200] "GET /james-towel-p-39104.html HTTP/1.0" 200 74119 "-" "Mozilla/5.0 (compatible; Linespider/1.1; +https://lin.ee/4dwXkTH)"
185.191.171.26 - - [10/Jul/2022:19:45:59 +0200] "GET /the-godfather-spiral-notebook-p-8877.html HTTP/1.0" 301 74257 "-" "Mozilla/5.0 (compatible; SemrushBot/7~bl; +http://www.semrush.com/bot.html)"
185.191.171.21 - - [10/Jul/2022:19:46:02 +0200] "GET /godfather-spiral-notebook-p-8877.html HTTP/1.0" 200 74166 "-" "Mozilla/5.0 (compatible; SemrushBot/7~bl; +http://www.semrush.com/bot.html)"
144.76.68.76 - - [10/Jul/2022:19:46:13 +0200] "GET /minions-despicable-backpack-p-35791.html HTTP/1.0" 200 75045 "-" "serpstatbot/2.1 (advanced backlink tracking bot; https://serpstatbot.com/; abuse@serpstatbot.com)"
172.58.99.172 - - [10/Jul/2022:19:46:27 +0200] "POST /create_account.php HTTP/1.0" 302 485 "http://www.wonder-geek.com/create_account.php" "Mozilla/5.0 (Linux; Android 11; KB2007) AppleWebKit/537.36 (KHTML, like Gecko) Chrome/103.0.0.0 Mobile Safari/537.36"
172.58.99.172 - - [10/Jul/2022:19:46:28 +0200] "GET /create_account_success.php HTTP/1.0" 200 71716 "http://www.wonder-geek.com/create_account.php" "Mozilla/5.0 (Linux; Android 11; KB2007) AppleWebKit/537.36 (KHTML, like Gecko) Chrome/103.0.0.0 Mobile Safari/537.36"
185.191.171.4 - - [10/Jul/2022:19:46:27 +0200] "GET /bookmark-lenticular-rabbit-p-19155.html HTTP/1.0" 200 74309 "-" "Mozilla/5.0 (compatible; SemrushBot/7~bl; +http://www.semrush.com/bot.html)"
172.58.99.172 - - [10/Jul/2022:19:46:30 +0200] "GET /swfobject.js HTTP/1.0" 404 1308 "http://www.wonder-geek.com/create_account_success.php" "Mozilla/5.0 (Linux; Android 11; KB2007) AppleWebKit/537.36 (KHTML, like Gecko) Chrome/103.0.0.0 Mobile Safari/537.36"
172.58.99.172 - - [10/Jul/2022:19:46:32 +0200] "GET /images/table_background_man_on_board.gif HTTP/1.0" 200 1094 "http://www.wonder-geek.com/create_account_success.php" "Mozilla/5.0 (Linux; Android 11; KB2007) AppleWebKit/537.36 (KHTML, like Gecko) Chrome/103.0.0.0 Mobile Safari/537.36"
185.191.171.17 - - [10/Jul/2022:19:46:48 +0200] "GET /storage-basket-bordlique-p-55799.html HTTP/1.0" 200 74882 "-" "Mozilla/5.0 (compatible; SemrushBot/7~bl; +http://www.semrush.com/bot.html)"
66.249.64.146 - - [10/Jul/2022:19:46:56 +0200] "GET /images/mini_prod/1345544890335.jpg HTTP/1.0" 200 269 "-" "Googlebot-Image/1.0"
172.58.99.172 - - [10/Jul/2022:19:46:56 +0200] "GET /index.php HTTP/1.0" 200 96912 "http://www.wonder-geek.com/create_account_success.php" "Mozilla/5.0 (Linux; Android 11; KB2007) AppleWebKit/537.36 (KHTML, like Gecko) Chrome/103.0.0.0 Mobile Safari/537.36"
172.58.99.172 - - [10/Jul/2022:19:46:59 +0200] "GET /swfobject.js HTTP/1.0" 404 1308 "http://www.wonder-geek.com/index.php" "Mozilla/5.0 (Linux; Android 11; KB2007) AppleWebKit/537.36 (KHTML, like Gecko) Chrome/103.0.0.0 Mobile Safari/537.36"
172.58.99.172 - - [10/Jul/2022:19:47:00 +0200] "GET /images/icons/soldes_grand.jpg HTTP/1.0" 200 264 "http://www.wonder-geek.com/index.php" "Mozilla/5.0 (Linux; Android 11; KB2007) AppleWebKit/537.36 (KHTML, like Gecko) Chrome/103.0.0.0 Mobile Safari/537.36"
172.58.99.172 - - [10/Jul/2022:19:47:00 +0200] "GET /images/mini_prod/1399984252611.jpg HTTP/1.0" 200 269 "http://www.wonder-geek.com/index.php" "Mozilla/5.0 (Linux; Android 11; KB2007) AppleWebKit/537.36 (KHTML, like Gecko) Chrome/103.0.0.0 Mobile Safari/537.36"
185.191.171.7 - - [10/Jul/2022:19:46:59 +0200] "GET /canvas-frame-p-38504.html HTTP/1.0" 200 74194 "-" "Mozilla/5.0 (compatible; SemrushBot/7~bl; +http://www.semrush.com/bot.html)"
172.58.99.172 - - [10/Jul/2022:19:47:01 +0200] "GET /images/mini_prod/DSCN3394.gif HTTP/1.0" 200 263 "http://www.wonder-geek.com/index.php" "Mozilla/5.0 (Linux; Android 11; KB2007) AppleWebKit/537.36 (KHTML, like Gecko) Chrome/103.0.0.0 Mobile Safari/537.36"
172.58.99.172 - - [10/Jul/2022:19:47:01 +0200] "GET /images/mini_prod/6953270925044.jpg HTTP/1.0" 200 269 "http://www.wonder-geek.com/index.php" "Mozilla/5.0 (Linux; Android 11; KB2007) AppleWebKit/537.36 (KHTML, like Gecko) Chrome/103.0.0.0 Mobile Safari/537.36"
172.58.99.172 - - [10/Jul/2022:19:47:01 +0200] "GET /images/mini_prod/3438100342503.jpg HTTP/1.0" 200 269 "http://www.wonder-geek.com/index.php" "Mozilla/5.0 (Linux; Android 11; KB2007) AppleWebKit/537.36 (KHTML, like Gecko) Chrome/103.0.0.0 Mobile Safari/537.36"
172.58.99.172 - - [10/Jul/2022:19:47:01 +0200] "GET /images/mini_prod/1399984256633.jpg HTTP/1.0" 200 269 "http://www.wonder-geek.com/index.php" "Mozilla/5.0 (Linux; Android 11; KB2007) AppleWebKit/537.36 (KHTML, like Gecko) Chrome/103.0.0.0 Mobile Safari/537.36"
172.58.99.172 - - [10/Jul/2022:19:47:01 +0200] "GET /images/mini_prod/3438100333297.jpg HTTP/1.0" 200 269 "http://www.wonder-geek.com/index.php" "Mozilla/5.0 (Linux; Android 11; KB2007) AppleWebKit/537.36 (KHTML, like Gecko) Chrome/103.0.0.0 Mobile Safari/537.36"
172.58.99.172 - - [10/Jul/2022:19:47:01 +0200] "GET /images/mini_prod/8003990623497.jpg HTTP/1.0" 200 269 "http://www.wonder-geek.com/index.php" "Mozilla/5.0 (Linux; Android 11; KB2007) AppleWebKit/537.36 (KHTML, like Gecko) Chrome/103.0.0.0 Mobile Safari/537.36"
172.58.99.172 - - [10/Jul/2022:19:47:01 +0200] "GET /images/mini_prod/8849233801259.jpg HTTP/1.0" 200 269 "http://www.wonder-geek.com/index.php" "Mozilla/5.0 (Linux; Android 11; KB2007) AppleWebKit/537.36 (KHTML, like Gecko) Chrome/103.0.0.0 Mobile Safari/537.36"
172.58.99.172 - - [10/Jul/2022:19:47:01 +0200] "GET /images/mini_prod/170208_102235_PEEL_tF7hca.jpg HTTP/1.0" 200 281 "http://www.wonder-geek.com/index.php" "Mozilla/5.0 (Linux; Android 11; KB2007) AppleWebKit/537.36 (KHTML, like Gecko) Chrome/103.0.0.0 Mobile Safari/537.36"
172.58.99.172 - - [10/Jul/2022:19:47:01 +0200] "GET /images/mini_prod/5701359681937.jpg HTTP/1.0" 200 269 "http://www.wonder-geek.com/index.php" "Mozilla/5.0 (Linux; Android 11; KB2007) AppleWebKit/537.36 (KHTML, like Gecko) Chrome/103.0.0.0 Mobile Safari/537.36"
172.58.99.172 - - [10/Jul/2022:19:47:01 +0200] "GET /images/mini_prod/8012052163369.jpg HTTP/1.0" 200 269 "http://www.wonder-geek.com/index.php" "Mozilla/5.0 (Linux; Android 11; KB2007) AppleWebKit/537.36 (KHTML, like Gecko) Chrome/103.0.0.0 Mobile Safari/537.36"
172.58.99.172 - - [10/Jul/2022:19:47:01 +0200] "GET /images/mini_prod/8084225587548.jpg HTTP/1.0" 200 269 "http://www.wonder-geek.com/index.php" "Mozilla/5.0 (Linux; Android 11; KB2007) AppleWebKit/537.36 (KHTML, like Gecko) Chrome/103.0.0.0 Mobile Safari/537.36"
172.58.99.172 - - [10/Jul/2022:19:47:01 +0200] "GET /images/mini_prod/8029759054739.jpg HTTP/1.0" 200 269 "http://www.wonder-geek.com/index.php" "Mozilla/5.0 (Linux; Android 11; KB2007) AppleWebKit/537.36 (KHTML, like Gecko) Chrome/103.0.0.0 Mobile Safari/537.36"
172.58.99.172 - - [10/Jul/2022:19:47:02 +0200] "GET /images/mini_prod/3553568132135.jpg HTTP/1.0" 200 269 "http://www.wonder-geek.com/index.php" "Mozilla/5.0 (Linux; Android 11; KB2007) AppleWebKit/537.36 (KHTML, like Gecko) Chrome/103.0.0.0 Mobile Safari/537.36"
172.58.99.172 - - [10/Jul/2022:19:47:02 +0200] "GET /images/mini_prod/18063.jpg HTTP/1.0" 200 261 "http://www.wonder-geek.com/index.php" "Mozilla/5.0 (Linux; Android 11; KB2007) AppleWebKit/537.36 (KHTML, like Gecko) Chrome/103.0.0.0 Mobile Safari/537.36"
172.58.99.172 - - [10/Jul/2022:19:47:02 +0200] "GET /images/mini_prod/3662498031859.jpg HTTP/1.0" 200 269 "http://www.wonder-geek.com/index.php" "Mozilla/5.0 (Linux; Android 11; KB2007) AppleWebKit/537.36 (KHTML, like Gecko) Chrome/103.0.0.0 Mobile Safari/537.36"
172.58.99.172 - - [10/Jul/2022:19:47:03 +0200] "GET /images/mini_prod/8420406457710.jpg HTTP/1.0" 200 269 "http://www.wonder-geek.com/index.php" "Mozilla/5.0 (Linux; Android 11; KB2007) AppleWebKit/537.36 (KHTML, like Gecko) Chrome/103.0.0.0 Mobile Safari/537.36"
172.58.99.172 - - [10/Jul/2022:19:47:03 +0200] "GET /images/mini_prod/4010070222550.jpg HTTP/1.0" 200 269 "http://www.wonder-geek.com/index.php" "Mozilla/5.0 (Linux; Android 11; KB2007) AppleWebKit/537.36 (KHTML, like Gecko) Chrome/103.0.0.0 Mobile Safari/537.36"
54.36.148.150 - - [10/Jul/2022:19:47:05 +0200] "GET /looney-tunes-black-shirt-p-30146.html HTTP/1.0" 200 75866 "-" "Mozilla/5.0 (compatible; AhrefsBot/7.0; +http://ahrefs.com/robot/)"
172.58.99.172 - - [10/Jul/2022:19:47:12 +0200] "GET /checkout_shipping.php HTTP/1.0" 200 23754 "http://www.wonder-geek.com/index.php" "Mozilla/5.0 (Linux; Android 11; KB2007) AppleWebKit/537.36 (KHTML, like Gecko) Chrome/103.0.0.0 Mobile Safari/537.36"
172.58.99.172 - - [10/Jul/2022:19:47:13 +0200] "GET /swfobject.js HTTP/1.0" 404 1308 "http://www.wonder-geek.com/checkout_shipping.php" "Mozilla/5.0 (Linux; Android 11; KB2007) AppleWebKit/537.36 (KHTML, like Gecko) Chrome/103.0.0.0 Mobile Safari/537.36"
172.58.99.172 - - [10/Jul/2022:19:47:13 +0200] "GET /images/table_background_delivery.gif HTTP/1.0" 200 1094 "http://www.wonder-geek.com/checkout_shipping.php" "Mozilla/5.0 (Linux; Android 11; KB2007) AppleWebKit/537.36 (KHTML, like Gecko) Chrome/103.0.0.0 Mobile Safari/537.36"
172.58.99.172 - - [10/Jul/2022:19:47:14 +0200] "GET /templates/Pixame_v1/images/buttons/english/button_change_address.gif HTTP/1.0" 200 302 "http://www.wonder-geek.com/checkout_shipping.php" "Mozilla/5.0 (Linux; Android 11; KB2007) AppleWebKit/537.36 (KHTML, like Gecko) Chrome/103.0.0.0 Mobile Safari/537.36"
172.58.99.172 - - [10/Jul/2022:19:47:14 +0200] "GET /images/arrow_south_east.gif HTTP/1.0" 200 261 "http://www.wonder-geek.com/checkout_shipping.php" "Mozilla/5.0 (Linux; Android 11; KB2007) AppleWebKit/537.36 (KHTML, like Gecko) Chrome/103.0.0.0 Mobile Safari/537.36"
172.58.99.172 - - [10/Jul/2022:19:47:14 +0200] "GET /images/icons/expertINT.gif HTTP/1.0" 200 260 "http://www.wonder-geek.com/checkout_shipping.php" "Mozilla/5.0 (Linux; Android 11; KB2007) AppleWebKit/537.36 (KHTML, like Gecko) Chrome/103.0.0.0 Mobile Safari/537.36"
172.58.99.172 - - [10/Jul/2022:19:47:14 +0200] "GET /images/checkout_bullet.gif HTTP/1.0" 200 820 "http://www.wonder-geek.com/checkout_shipping.php" "Mozilla/5.0 (Linux; Android 11; KB2007) AppleWebKit/537.36 (KHTML, like Gecko) Chrome/103.0.0.0 Mobile Safari/537.36"
172.58.99.172 - - [10/Jul/2022:19:47:14 +0200] "GET /images/pixel_silver.gif HTTP/1.0" 200 320 "http://www.wonder-geek.com/checkout_shipping.php" "Mozilla/5.0 (Linux; Android 11; KB2007) AppleWebKit/537.36 (KHTML, like Gecko) Chrome/103.0.0.0 Mobile Safari/537.36"
17.121.113.234 - - [10/Jul/2022:19:47:18 +0200] "GET /with-infuser-toucan-p-47850.html HTTP/1.0" 200 74786 "-" "Mozilla/5.0 (Macintosh; Intel Mac OS X 10_15_5) AppleWebKit/605.1.15 (KHTML, like Gecko) Version/13.1.1 Safari/605.1.15 (Applebot/0.1; +http://www.apple.com/go/applebot)"
144.76.68.76 - - [10/Jul/2022:19:47:19 +0200] "GET /unicorn-plush-pink-white-p-47653.html HTTP/1.0" 200 74277 "-" "serpstatbot/2.1 (advanced backlink tracking bot; https://serpstatbot.com/; abuse@serpstatbot.com)"
185.191.171.5 - - [10/Jul/2022:19:47:21 +0200] "GET /campioni-metal-clock-p-30856.html HTTP/1.0" 301 71556 "-" "Mozilla/5.0 (compatible; SemrushBot/7~bl; +http://www.semrush.com/bot.html)"
172.58.99.172 - - [10/Jul/2022:19:47:23 +0200] "GET /checkout_shipping_address.php HTTP/1.0" 200 92991 "http://www.wonder-geek.com/checkout_shipping.php" "Mozilla/5.0 (Linux; Android 11; KB2007) AppleWebKit/537.36 (KHTML, like Gecko) Chrome/103.0.0.0 Mobile Safari/537.36"
172.58.99.172 - - [10/Jul/2022:19:47:26 +0200] "GET /swfobject.js HTTP/1.0" 404 1308 "http://www.wonder-geek.com/checkout_shipping_address.php" "Mozilla/5.0 (Linux; Android 11; KB2007) AppleWebKit/537.36 (KHTML, like Gecko) Chrome/103.0.0.0 Mobile Safari/537.36"
185.191.171.14 - - [10/Jul/2022:19:47:25 +0200] "GET /-p-30856.html HTTP/1.0" 200 71489 "-" "Mozilla/5.0 (compatible; SemrushBot/7~bl; +http://www.semrush.com/bot.html)"
172.58.99.172 - - [10/Jul/2022:19:47:31 +0200] "GET /checkout_shipping.php HTTP/1.0" 200 23754 "http://www.wonder-geek.com/index.php" "Mozilla/5.0 (Linux; Android 11; KB2007) AppleWebKit/537.36 (KHTML, like Gecko) Chrome/103.0.0.0 Mobile Safari/537.36"
172.58.99.172 - - [10/Jul/2022:19:47:39 +0200] "GET /account.php HTTP/1.0" 200 75423 "http://www.wonder-geek.com/checkout_shipping.php" "Mozilla/5.0 (Linux; Android 11; KB2007) AppleWebKit/537.36 (KHTML, like Gecko) Chrome/103.0.0.0 Mobile Safari/537.36"
172.58.99.172 - - [10/Jul/2022:19:47:40 +0200] "GET /swfobject.js HTTP/1.0" 404 1308 "http://www.wonder-geek.com/account.php" "Mozilla/5.0 (Linux; Android 11; KB2007) AppleWebKit/537.36 (KHTML, like Gecko) Chrome/103.0.0.0 Mobile Safari/537.36"
172.58.99.172 - - [10/Jul/2022:19:47:41 +0200] "GET /images/account_personal.gif HTTP/1.0" 200 261 "http://www.wonder-geek.com/account.php" "Mozilla/5.0 (Linux; Android 11; KB2007) AppleWebKit/537.36 (KHTML, like Gecko) Chrome/103.0.0.0 Mobile Safari/537.36"
172.58.99.172 - - [10/Jul/2022:19:47:41 +0200] "GET /images/arrow_green.gif HTTP/1.0" 200 354 "http://www.wonder-geek.com/account.php" "Mozilla/5.0 (Linux; Android 11; KB2007) AppleWebKit/537.36 (KHTML, like Gecko) Chrome/103.0.0.0 Mobile Safari/537.36"
172.58.99.172 - - [10/Jul/2022:19:47:41 +0200] "GET /images/account_orders.gif HTTP/1.0" 200 259 "http://www.wonder-geek.com/account.php" "Mozilla/5.0 (Linux; Android 11; KB2007) AppleWebKit/537.36 (KHTML, like Gecko) Chrome/103.0.0.0 Mobile Safari/537.36"
172.58.99.172 - - [10/Jul/2022:19:47:41 +0200] "GET /images/account_notifications.gif HTTP/1.0" 200 266 "http://www.wonder-geek.com/account.php" "Mozilla/5.0 (Linux; Android 11; KB2007) AppleWebKit/537.36 (KHTML, like Gecko) Chrome/103.0.0.0 Mobile Safari/537.36"
216.244.66.242 - - [10/Jul/2022:19:47:47 +0200] "GET /bakugan-large-melamine-plate-p-14893.html HTTP/1.0" 301 71556 "-" "Mozilla/5.0 (compatible; DotBot/1.2; +https://opensiteexplorer.org/dotbot; help@moz.com)"
172.58.99.172 - - [10/Jul/2022:19:47:56 +0200] "GET /shopping_cart.php HTTP/1.0" 200 18344 "http://www.wonder-geek.com/account.php" "Mozilla/5.0 (Linux; Android 11; KB2007) AppleWebKit/537.36 (KHTML, like Gecko) Chrome/103.0.0.0 Mobile Safari/537.36"
172.58.99.172 - - [10/Jul/2022:19:47:57 +0200] "GET /swfobject.js HTTP/1.0" 404 1308 "http://www.wonder-geek.com/shopping_cart.php" "Mozilla/5.0 (Linux; Android 11; KB2007) AppleWebKit/537.36 (KHTML, like Gecko) Chrome/103.0.0.0 Mobile Safari/537.36"
216.244.66.242 - - [10/Jul/2022:19:48:02 +0200] "GET /birds-palette-knife-p-41593.html HTTP/1.0" 200 74055 "-" "Mozilla/5.0 (compatible; DotBot/1.2; +https://opensiteexplorer.org/dotbot; help@moz.com)"
185.191.171.1 - - [10/Jul/2022:19:48:15 +0200] "GET /ukraine-rectangulary-cushion-by-cbkreation-p-36832.html HTTP/1.0" 301 71556 "-" "Mozilla/5.0 (compatible; SemrushBot/7~bl; +http://www.semrush.com/bot.html)"
185.191.171.7 - - [10/Jul/2022:19:48:18 +0200] "GET /-p-36832.html HTTP/1.0" 200 71489 "-" "Mozilla/5.0 (compatible; SemrushBot/7~bl; +http://www.semrush.com/bot.html)"
216.244.66.242 - - [10/Jul/2022:19:48:18 +0200] "GET /hawk-keyring-p-23212.html HTTP/1.0" 200 74068 "-" "Mozilla/5.0 (compatible; DotBot/1.2; +https://opensiteexplorer.org/dotbot; help@moz.com)"
144.76.68.76 - - [10/Jul/2022:19:48:26 +0200] "GET /minions-pool-p-30356.html HTTP/1.0" 200 71535 "-" "serpstatbot/2.1 (advanced backlink tracking bot; https://serpstatbot.com/; abuse@serpstatbot.com)"
185.191.171.3 - - [10/Jul/2022:19:48:30 +0200] "GET /stones-rock-crystal-80-90-grams-p-46608.html HTTP/1.0" 301 75622 "-" "Mozilla/5.0 (compatible; SemrushBot/7~bl; +http://www.semrush.com/bot.html)"
185.191.171.24 - - [10/Jul/2022:19:48:33 +0200] "GET /stones-rock-crystal-grams-p-46608.html HTTP/1.0" 200 75530 "-" "Mozilla/5.0 (compatible; SemrushBot/7~bl; +http://www.semrush.com/bot.html)"
216.244.66.242 - - [10/Jul/2022:19:48:41 +0200] "GET /miss-sunshine-computer-p-34669.html HTTP/1.0" 200 74338 "-" "Mozilla/5.0 (compatible; DotBot/1.2; +https://opensiteexplorer.org/dotbot; help@moz.com)"
185.191.171.4 - - [10/Jul/2022:19:49:07 +0200] "GET /cats-in-love-set-salt-and-pepper-p-37397.html HTTP/1.0" 301 74307 "-" "Mozilla/5.0 (compatible; SemrushBot/7~bl; +http://www.semrush.com/bot.html)"
185.191.171.7 - - [10/Jul/2022:19:49:10 +0200] "GET /cats-love-salt-pepper-p-37397.html HTTP/1.0" 200 74219 "-" "Mozilla/5.0 (compatible; SemrushBot/7~bl; +http://www.semrush.com/bot.html)"
172.58.99.172 - - [10/Jul/2022:19:49:18 +0200] "POST /shopping_cart.php?action=update_product HTTP/1.0" 302 476 "http://www.wonder-geek.com/shopping_cart.php" "Mozilla/5.0 (Linux; Android 11; KB2007) AppleWebKit/537.36 (KHTML, like Gecko) Chrome/103.0.0.0 Mobile Safari/537.36"
172.58.99.172 - - [10/Jul/2022:19:49:18 +0200] "GET /shopping_cart.php HTTP/1.0" 200 18345 "http://www.wonder-geek.com/shopping_cart.php" "Mozilla/5.0 (Linux; Android 11; KB2007) AppleWebKit/537.36 (KHTML, like Gecko) Chrome/103.0.0.0 Mobile Safari/537.36"
172.58.99.172 - - [10/Jul/2022:19:49:19 +0200] "GET /swfobject.js HTTP/1.0" 404 1308 "http://www.wonder-geek.com/shopping_cart.php" "Mozilla/5.0 (Linux; Android 11; KB2007) AppleWebKit/537.36 (KHTML, like Gecko) Chrome/103.0.0.0 Mobile Safari/537.36"
172.58.99.172 - - [10/Jul/2022:19:49:32 +0200] "GET /checkout_shipping.php HTTP/1.0" 200 23755 "http://www.wonder-geek.com/shopping_cart.php" "Mozilla/5.0 (Linux; Android 11; KB2007) AppleWebKit/537.36 (KHTML, like Gecko) Chrome/103.0.0.0 Mobile Safari/537.36"
172.58.99.172 - - [10/Jul/2022:19:49:35 +0200] "GET /swfobject.js HTTP/1.0" 404 1308 "http://www.wonder-geek.com/checkout_shipping.php" "Mozilla/5.0 (Linux; Android 11; KB2007) AppleWebKit/537.36 (KHTML, like Gecko) Chrome/103.0.0.0 Mobile Safari/537.36"
144.76.68.76 - - [10/Jul/2022:19:49:34 +0200] "GET /unicorn-plush-purple-white-p-47652.html HTTP/1.0" 200 74295 "-" "serpstatbot/2.1 (advanced backlink tracking bot; https://serpstatbot.com/; abuse@serpstatbot.com)"
95.163.255.67 - - [10/Jul/2022:19:49:44 +0200] "GET /robots.txt HTTP/1.0" 200 245 "-" "Mozilla/5.0 (compatible; Linux x86_64; Mail.RU_Bot/2.0; +https://help.mail.ru/webmaster/indexing/robots)"
95.163.255.63 - - [10/Jul/2022:19:49:46 +0200] "GET /images/1399984261132.jpg HTTP/1.0" 200 259 "-" "Mozilla/5.0 (compatible; Linux x86_64; Mail.RU_Bot/2.0; +https://help.mail.ru/webmaster/indexing/robots)"
172.58.99.172 - - [10/Jul/2022:19:49:49 +0200] "GET /checkout_shipping_address.php HTTP/1.0" 200 92990 "http://www.wonder-geek.com/checkout_shipping.php" "Mozilla/5.0 (Linux; Android 11; KB2007) AppleWebKit/537.36 (KHTML, like Gecko) Chrome/103.0.0.0 Mobile Safari/537.36"
172.58.99.172 - - [10/Jul/2022:19:49:50 +0200] "GET /swfobject.js HTTP/1.0" 404 1308 "http://www.wonder-geek.com/checkout_shipping_address.php" "Mozilla/5.0 (Linux; Android 11; KB2007) AppleWebKit/537.36 (KHTML, like Gecko) Chrome/103.0.0.0 Mobile Safari/537.36"
185.191.171.12 - - [10/Jul/2022:19:50:04 +0200] "GET /dora-explorer-flowers-poster-p-32302.html?action=add_product HTTP/1.0" 302 476 "-" "Mozilla/5.0 (compatible; SemrushBot/7~bl; +http://www.semrush.com/bot.html)"
54.36.148.247 - - [10/Jul/2022:19:50:24 +0200] "GET /beyblade-swimsuit-p-30448.html HTTP/1.0" 200 75844 "-" "Mozilla/5.0 (compatible; AhrefsBot/7.0; +http://ahrefs.com/robot/)"
185.191.171.44 - - [10/Jul/2022:19:50:30 +0200] "GET /heart-home-votive-candle-hours-sweet-peas-p-55373.html?action=add_product HTTP/1.0" 302 476 "-" "Mozilla/5.0 (compatible; SemrushBot/7~bl; +http://www.semrush.com/bot.html)"
144.76.68.76 - - [10/Jul/2022:19:50:43 +0200] "GET /minions-sports-bottle-p-31754.html HTTP/1.0" 200 74127 "-" "serpstatbot/2.1 (advanced backlink tracking bot; https://serpstatbot.com/; abuse@serpstatbot.com)"
185.191.171.3 - - [10/Jul/2022:19:50:55 +0200] "GET /decorative-and-articulated-magnifying-glass-p-49462.html HTTP/1.0" 301 74492 "-" "Mozilla/5.0 (compatible; SemrushBot/7~bl; +http://www.semrush.com/bot.html)"
185.191.171.16 - - [10/Jul/2022:19:50:59 +0200] "GET /decorative-articulated-magnifying-glass-p-49462.html HTTP/1.0" 200 74386 "-" "Mozilla/5.0 (compatible; SemrushBot/7~bl; +http://www.semrush.com/bot.html)"
66.249.64.158 - - [10/Jul/2022:19:51:22 +0200] "GET /cotton-floor-cushion-khaki-p-54661.html HTTP/1.0" 200 76130 "-" "Mozilla/5.0 (Linux; Android 6.0.1; Nexus 5X Build/MMB29P) AppleWebKit/537.36 (KHTML, like Gecko) Chrome/103.0.5060.114 Mobile Safari/537.36 (compatible; Googlebot/2.1; +http://www.google.com/bot.html)"
144.76.68.76 - - [10/Jul/2022:19:51:49 +0200] "GET /unicorn-plush-silver-white-p-49625.html HTTP/1.0" 200 74295 "-" "serpstatbot/2.1 (advanced backlink tracking bot; https://serpstatbot.com/; abuse@serpstatbot.com)"
185.191.171.23 - - [10/Jul/2022:19:51:51 +0200] "GET /sweet-black-women-shirt-p-30997.html?action=add_product HTTP/1.0" 302 476 "-" "Mozilla/5.0 (compatible; SemrushBot/7~bl; +http://www.semrush.com/bot.html)"
185.191.171.39 - - [10/Jul/2022:19:52:17 +0200] "GET /cbkration-toiletry-p-40656.html?action=add_product HTTP/1.0" 302 476 "-" "Mozilla/5.0 (compatible; SemrushBot/7~bl; +http://www.semrush.com/bot.html)"
17.121.115.178 - - [10/Jul/2022:19:52:27 +0200] "GET /freshener-heart-home-intense-p-40600.html HTTP/1.0" 200 74467 "-" "Mozilla/5.0 (Macintosh; Intel Mac OS X 10_15_5) AppleWebKit/605.1.15 (KHTML, like Gecko) Version/13.1.1 Safari/605.1.15 (Applebot/0.1; +http://www.apple.com/go/applebot)"
185.191.171.43 - - [10/Jul/2022:19:52:41 +0200] "GET /melt-snow-angel-p-39003.html HTTP/1.0" 200 74722 "-" "Mozilla/5.0 (compatible; SemrushBot/7~bl; +http://www.semrush.com/bot.html)"
144.76.68.76 - - [10/Jul/2022:19:52:55 +0200] "GET /minions-stickers-p-31216.html HTTP/1.0" 200 74085 "-" "serpstatbot/2.1 (advanced backlink tracking bot; https://serpstatbot.com/; abuse@serpstatbot.com)"
51.68.224.127 - - [10/Jul/2022:19:53:08 +0200] "GET /adminweb/export_orders_xml.php?token=256de2z6edz6ed2z6DFSFsed2zed6zeDSFDSGdzedezfzf&maxorders=10&orderstart=1&status=14&start_date=2018-10-01 HTTP/1.0" 200 285 "-" "GesCom CharlotteBoutik Serveur"
51.68.224.127 - - [10/Jul/2022:19:53:08 +0200] "GET /adminweb/export_orders_xml.php?token=256de2z6edz6ed2z6DFSFsed2zed6zeDSFDSGdzedezfzf&maxorders=10&orderstart=1&status=6&start_date=2018-10-01 HTTP/1.0" 200 31081 "-" "GesCom CharlotteBoutik Serveur"
185.191.171.45 - - [10/Jul/2022:19:53:13 +0200] "GET /route-wastebasket-p-32904.html?action=add_product HTTP/1.0" 302 476 "-" "Mozilla/5.0 (compatible; SemrushBot/7~bl; +http://www.semrush.com/bot.html)"
185.191.171.7 - - [10/Jul/2022:19:53:38 +0200] "GET /calendar-bookmarks-year-2017-16-cm-p-36813.html HTTP/1.0" 301 71556 "-" "Mozilla/5.0 (compatible; SemrushBot/7~bl; +http://www.semrush.com/bot.html)"
185.191.171.11 - - [10/Jul/2022:19:53:41 +0200] "GET /-p-36813.html HTTP/1.0" 200 71489 "-" "Mozilla/5.0 (compatible; SemrushBot/7~bl; +http://www.semrush.com/bot.html)"
144.76.68.76 - - [10/Jul/2022:19:54:01 +0200] "GET /unicorn-snowball-p-50763.html HTTP/1.0" 200 74201 "-" "serpstatbot/2.1 (advanced backlink tracking bot; https://serpstatbot.com/; abuse@serpstatbot.com)"
185.191.171.17 - - [10/Jul/2022:19:54:07 +0200] "GET /zodiac-sign-training-bottle-cbkreation-p-43350.html?action=add_product HTTP/1.0" 302 476 "-" "Mozilla/5.0 (compatible; SemrushBot/7~bl; +http://www.semrush.com/bot.html)"
185.191.171.25 - - [10/Jul/2022:19:54:24 +0200] "GET /small-candle-christmas-tree-p-53323.html?action=add_product HTTP/1.0" 302 476 "-" "Mozilla/5.0 (compatible; SemrushBot/7~bl; +http://www.semrush.com/bot.html)"
185.191.171.6 - - [10/Jul/2022:19:54:24 +0200] "GET /robots.txt HTTP/1.0" 200 245 "-" "Mozilla/5.0 (compatible; SemrushBot/7~bl; +http://www.semrush.com/bot.html)"
144.76.68.76 - - [10/Jul/2022:19:55:07 +0200] "GET /minions-swimming-armband-p-35064.html HTTP/1.0" 200 74286 "-" "serpstatbot/2.1 (advanced backlink tracking bot; https://serpstatbot.com/; abuse@serpstatbot.com)"
185.191.171.34 - - [10/Jul/2022:19:55:21 +0200] "GET /dead-figure-p-41783.html HTTP/1.0" 200 71523 "-" "Mozilla/5.0 (compatible; SemrushBot/7~bl; +http://www.semrush.com/bot.html)"
17.121.112.241 - - [10/Jul/2022:19:55:56 +0200] "GET /models-replicas-c-4_140.html HTTP/1.0" 200 86758 "-" "Mozilla/5.0 (Macintosh; Intel Mac OS X 10_15_5) AppleWebKit/605.1.15 (KHTML, like Gecko) Version/13.1.1 Safari/605.1.15 (Applebot/0.1; +http://www.apple.com/go/applebot)"
185.191.171.15 - - [10/Jul/2022:19:56:01 +0200] "GET /flower-power-small-mug-by-cbkreation-p-14913.html HTTP/1.0" 301 74956 "-" "Mozilla/5.0 (compatible; SemrushBot/7~bl; +http://www.semrush.com/bot.html)"
185.191.171.23 - - [10/Jul/2022:19:56:04 +0200] "GET /flower-power-small-cbkreation-p-14913.html HTTP/1.0" 200 74860 "-" "Mozilla/5.0 (compatible; SemrushBot/7~bl; +http://www.semrush.com/bot.html)"
185.191.171.40 - - [10/Jul/2022:19:56:19 +0200] "GET /the-little-prince-soap-box-10-65-28-cm-p-40109.html HTTP/1.0" 301 74516 "-" "Mozilla/5.0 (compatible; SemrushBot/7~bl; +http://www.semrush.com/bot.html)"
185.191.171.13 - - [10/Jul/2022:19:56:21 +0200] "GET /little-prince-soap-p-40109.html HTTP/1.0" 200 74431 "-" "Mozilla/5.0 (compatible; SemrushBot/7~bl; +http://www.semrush.com/bot.html)"
144.76.68.76 - - [10/Jul/2022:19:56:47 +0200] "GET /mini-motsu-keel-toys-plush-p-46184.html HTTP/1.0" 200 71583 "-" "serpstatbot/2.1 (advanced backlink tracking bot; https://serpstatbot.com/; abuse@serpstatbot.com)"
34.70.233.208 - - [10/Jul/2022:19:56:54 +0200] "GET /images/mini_prod/4500315900003.jpg HTTP/1.0" 200 269 "-" "Mozilla/5.0 (X11; Ubuntu; Linux x86_64; rv:72.0) Gecko/20100101 Firefox/72.0"
58.87.60.223 - - [10/Jul/2022:19:56:54 +0200] "GET /images/big_prod_1/3520071755946a.jpg HTTP/1.0" 200 271 "-" "Mozilla/5.0 (X11; Ubuntu; Linux x86_64; rv:72.0) Gecko/20100101 Firefox/72.0"
185.191.171.13 - - [10/Jul/2022:19:57:02 +0200] "GET /-p-26172.html?action=add_product HTTP/1.0" 302 476 "-" "Mozilla/5.0 (compatible; SemrushBot/7~bl; +http://www.semrush.com/bot.html)"
54.36.149.73 - - [10/Jul/2022:19:57:27 +0200] "GET /decorative-carpets-c-11_269_167.html HTTP/1.0" 200 92280 "-" "Mozilla/5.0 (compatible; AhrefsBot/7.0; +http://ahrefs.com/robot/)"
54.36.149.48 - - [10/Jul/2022:19:57:31 +0200] "GET /images/mini_prod/3014627976669.jpg HTTP/1.0" 200 269 "-" "Mozilla/5.0 (compatible; AhrefsBot/7.0; +http://ahrefs.com/robot/)"
185.191.171.23 - - [10/Jul/2022:19:57:31 +0200] "GET /despicable-me-puzzle-45-pieces-p-27685.html HTTP/1.0" 301 71556 "-" "Mozilla/5.0 (compatible; SemrushBot/7~bl; +http://www.semrush.com/bot.html)"
54.36.149.56 - - [10/Jul/2022:19:57:33 +0200] "GET /images/mini_prod/3609810063006.jpg HTTP/1.0" 200 269 "-" "Mozilla/5.0 (compatible; AhrefsBot/7.0; +http://ahrefs.com/robot/)"
185.191.171.9 - - [10/Jul/2022:19:57:35 +0200] "GET /-p-27685.html HTTP/1.0" 200 71489 "-" "Mozilla/5.0 (compatible; SemrushBot/7~bl; +http://www.semrush.com/bot.html)"
54.36.148.58 - - [10/Jul/2022:19:57:36 +0200] "GET /images/mini_prod/3609810062986.jpg HTTP/1.0" 200 269 "-" "Mozilla/5.0 (compatible; AhrefsBot/7.0; +http://ahrefs.com/robot/)"
