181.203.29.242 - - [10/Jul/2022:21:17:05 +0200] "GET /templates/Pixame_v1/images/infobox/pixel_trans.gif HTTP/1.0" 200 328 "http://www.wonder-geek.com/little-prince-isothermic-stainless-steel-bottle-p-55851.html" "Mozilla/5.0 (Android 12; Mobile; rv:102.0) Gecko/102.0 Firefox/102.0"
181.203.29.242 - - [10/Jul/2022:21:17:05 +0200] "GET /templates/Pixame_v1/images/pixel_trans.gif HTTP/1.0" 200 328 "http://www.wonder-geek.com/little-prince-isothermic-stainless-steel-bottle-p-55851.html" "Mozilla/5.0 (Android 12; Mobile; rv:102.0) Gecko/102.0 Firefox/102.0"
181.203.29.242 - - [10/Jul/2022:21:17:05 +0200] "GET /templates/Pixame_v1/images/icon_accueil2.png HTTP/1.0" 200 278 "http://www.wonder-geek.com/little-prince-isothermic-stainless-steel-bottle-p-55851.html" "Mozilla/5.0 (Android 12; Mobile; rv:102.0) Gecko/102.0 Firefox/102.0"
181.203.29.242 - - [10/Jul/2022:21:17:05 +0200] "GET /images/big_prod/3453131158855.jpg HTTP/1.0" 200 268 "http://www.wonder-geek.com/little-prince-isothermic-stainless-steel-bottle-p-55851.html" "Mozilla/5.0 (Android 12; Mobile; rv:102.0) Gecko/102.0 Firefox/102.0"
181.203.29.242 - - [10/Jul/2022:21:17:05 +0200] "GET /images/pixel_trans.gif HTTP/1.0" 200 328 "http://www.wonder-geek.com/little-prince-isothermic-stainless-steel-bottle-p-55851.html" "Mozilla/5.0 (Android 12; Mobile; rv:102.0) Gecko/102.0 Firefox/102.0"
181.203.29.242 - - [10/Jul/2022:21:17:05 +0200] "GET /images/big_prod_1/3453131158855a.jpg HTTP/1.0" 200 271 "http://www.wonder-geek.com/little-prince-isothermic-stainless-steel-bottle-p-55851.html" "Mozilla/5.0 (Android 12; Mobile; rv:102.0) Gecko/102.0 Firefox/102.0"
181.203.29.242 - - [10/Jul/2022:21:17:05 +0200] "GET /swfobject.js HTTP/1.0" 404 1308 "http://www.wonder-geek.com/little-prince-isothermic-stainless-steel-bottle-p-55851.html" "Mozilla/5.0 (Android 12; Mobile; rv:102.0) Gecko/102.0 Firefox/102.0"
181.203.29.242 - - [10/Jul/2022:21:17:05 +0200] "GET /templates/Pixame_v1/images/Bottom_texture.jpg HTTP/1.0" 200 280 "http://www.wonder-geek.com/templates/Pixame_v1/stylesheet.css" "Mozilla/5.0 (Android 12; Mobile; rv:102.0) Gecko/102.0 Firefox/102.0"
181.203.29.242 - - [10/Jul/2022:21:17:05 +0200] "GET /templates/Pixame_v1/images/Middle_texture.jpg HTTP/1.0" 200 280 "http://www.wonder-geek.com/templates/Pixame_v1/stylesheet.css" "Mozilla/5.0 (Android 12; Mobile; rv:102.0) Gecko/102.0 Firefox/102.0"
181.203.29.242 - - [10/Jul/2022:21:17:05 +0200] "GET /templates/Pixame_v1/images/nav.png HTTP/1.0" 200 268 "http://www.wonder-geek.com/templates/Pixame_v1/stylesheet.css" "Mozilla/5.0 (Android 12; Mobile; rv:102.0) Gecko/102.0 Firefox/102.0"
181.203.29.242 - - [10/Jul/2022:21:17:06 +0200] "GET /templates/Pixame_v1/images/header.png HTTP/1.0" 200 271 "http://www.wonder-geek.com/templates/Pixame_v1/stylesheet.css" "Mozilla/5.0 (Android 12; Mobile; rv:102.0) Gecko/102.0 Firefox/102.0"
181.203.29.242 - - [10/Jul/2022:21:17:06 +0200] "GET /templates/Pixame_v1/images/header-object.png HTTP/1.0" 200 278 "http://www.wonder-geek.com/templates/Pixame_v1/stylesheet.css" "Mozilla/5.0 (Android 12; Mobile; rv:102.0) Gecko/102.0 Firefox/102.0"
181.203.29.242 - - [10/Jul/2022:21:17:06 +0200] "GET /design/productsenstock.png HTTP/1.0" 200 260 "http://www.wonder-geek.com/templates/Pixame_v1/stylesheet.css" "Mozilla/5.0 (Android 12; Mobile; rv:102.0) Gecko/102.0 Firefox/102.0"
181.203.29.242 - - [10/Jul/2022:21:17:06 +0200] "GET /templates/Pixame_v1/images/infobox/infobox_footer_middle.gif HTTP/1.0" 200 357 "http://www.wonder-geek.com/little-prince-isothermic-stainless-steel-bottle-p-55851.html" "Mozilla/5.0 (Android 12; Mobile; rv:102.0) Gecko/102.0 Firefox/102.0"
181.203.29.242 - - [10/Jul/2022:21:17:06 +0200] "GET /templates/Pixame_v1/images/flash.swf HTTP/1.0" 200 290 "http://www.wonder-geek.com/little-prince-isothermic-stainless-steel-bottle-p-55851.html" "Mozilla/5.0 (Android 12; Mobile; rv:102.0) Gecko/102.0 Firefox/102.0"
181.203.29.242 - - [10/Jul/2022:21:17:06 +0200] "GET /templates/Pixame_v1/images/buttons/english/button_in_cart.gif HTTP/1.0" 200 295 "http://www.wonder-geek.com/little-prince-isothermic-stainless-steel-bottle-p-55851.html" "Mozilla/5.0 (Android 12; Mobile; rv:102.0) Gecko/102.0 Firefox/102.0"
181.203.29.242 - - [10/Jul/2022:21:17:06 +0200] "GET /highslide/graphics/zoomin.cur HTTP/1.0" 200 614 "http://www.wonder-geek.com/templates/Pixame_v1/stylesheet.css" "Mozilla/5.0 (Android 12; Mobile; rv:102.0) Gecko/102.0 Firefox/102.0"
181.203.29.242 - - [10/Jul/2022:21:17:07 +0200] "GET /highslide/graphics/outlines/drop-shadow.png HTTP/1.0" 200 277 "http://www.wonder-geek.com/little-prince-isothermic-stainless-steel-bottle-p-55851.html" "Mozilla/5.0 (Android 12; Mobile; rv:102.0) Gecko/102.0 Firefox/102.0"
181.203.29.242 - - [10/Jul/2022:21:17:07 +0200] "GET /highslide/graphics/zoomout.cur HTTP/1.0" 200 614 "http://www.wonder-geek.com/little-prince-isothermic-stainless-steel-bottle-p-55851.html" "Mozilla/5.0 (Android 12; Mobile; rv:102.0) Gecko/102.0 Firefox/102.0"
181.203.29.242 - - [10/Jul/2022:21:17:07 +0200] "GET /highslide/graphics/loader.white.gif HTTP/1.0" 200 960 "http://www.wonder-geek.com/templates/Pixame_v1/stylesheet.css" "Mozilla/5.0 (Android 12; Mobile; rv:102.0) Gecko/102.0 Firefox/102.0"
144.76.68.76 - - [10/Jul/2022:21:17:13 +0200] "GET /tree-life-with-infuser-p-56672.html HTTP/1.0" 200 74145 "-" "serpstatbot/2.1 (advanced backlink tracking bot; https://serpstatbot.com/; abuse@serpstatbot.com)"
54.36.149.11 - - [10/Jul/2022:21:17:16 +0200] "GET /heart-home-bamboo-diffuser-p-52822.html HTTP/1.0" 200 75206 "-" "Mozilla/5.0 (compatible; AhrefsBot/7.0; +http://ahrefs.com/robot/)"
54.36.149.80 - - [10/Jul/2022:21:17:19 +0200] "GET /images/big_prod/5051276242279.jpg HTTP/1.0" 200 268 "-" "Mozilla/5.0 (compatible; AhrefsBot/7.0; +http://ahrefs.com/robot/)"
54.36.148.199 - - [10/Jul/2022:21:17:19 +0200] "GET /images/big_prod_1/diffuseurgalet.jpg HTTP/1.0" 200 271 "-" "Mozilla/5.0 (compatible; AhrefsBot/7.0; +http://ahrefs.com/robot/)"
185.191.171.14 - - [10/Jul/2022:21:17:29 +0200] "GET /dishes-c-13_12.html?page=65 HTTP/1.0" 200 93141 "-" "Mozilla/5.0 (compatible; SemrushBot/7~bl; +http://www.semrush.com/bot.html)"
114.119.137.3 - - [10/Jul/2022:21:17:46 +0200] "GET /buddha-statue-polyresin-p-42008.html HTTP/1.0" 200 74207 "http://www.wonder-geek.com/home-decoration-c-13.html?page=152" "Mozilla/5.0 (Linux; Android 7.0;) AppleWebKit/537.36 (KHTML, like Gecko) Mobile Safari/537.36 (compatible; PetalBot;+https://webmaster.petalsearch.com/site/petalbot)"
86.26.92.23 - - [10/Jul/2022:21:17:53 +0200] "GET /wise-wings-owl-keychain-p-51827.html HTTP/1.0" 301 75108 "https://www.google.co.uk/" "Mozilla/5.0 (iPhone; CPU iPhone OS 14_2 like Mac OS X) AppleWebKit/605.1.15 (KHTML, like Gecko) Version/14.0.1 Mobile/15E148 Safari/604.1"
86.26.92.23 - - [10/Jul/2022:21:17:57 +0200] "GET /js/jquery.js HTTP/1.0" 200 252 "http://www.wonder-geek.com/wise-wings-keychain-p-51827.html" "Mozilla/5.0 (iPhone; CPU iPhone OS 14_2 like Mac OS X) AppleWebKit/605.1.15 (KHTML, like Gecko) Version/14.0.1 Mobile/15E148 Safari/604.1"
86.26.92.23 - - [10/Jul/2022:21:17:57 +0200] "GET /templates/Pixame_v1/stylesheet.css HTTP/1.0" 200 267 "http://www.wonder-geek.com/wise-wings-keychain-p-51827.html" "Mozilla/5.0 (iPhone; CPU iPhone OS 14_2 like Mac OS X) AppleWebKit/605.1.15 (KHTML, like Gecko) Version/14.0.1 Mobile/15E148 Safari/604.1"
86.26.92.23 - - [10/Jul/2022:21:17:55 +0200] "GET /wise-wings-keychain-p-51827.html HTTP/1.0" 200 75022 "-" "Mozilla/5.0 (iPhone; CPU iPhone OS 14_2 like Mac OS X) AppleWebKit/605.1.15 (KHTML, like Gecko) Version/14.0.1 Mobile/15E148 Safari/604.1"
86.26.92.23 - - [10/Jul/2022:21:17:57 +0200] "GET /highslide/highslide.js HTTP/1.0" 200 262 "http://www.wonder-geek.com/wise-wings-keychain-p-51827.html" "Mozilla/5.0 (iPhone; CPU iPhone OS 14_2 like Mac OS X) AppleWebKit/605.1.15 (KHTML, like Gecko) Version/14.0.1 Mobile/15E148 Safari/604.1"
86.26.92.23 - - [10/Jul/2022:21:17:57 +0200] "GET /js/jquery.jqzoom.js HTTP/1.0" 200 259 "http://www.wonder-geek.com/wise-wings-keychain-p-51827.html" "Mozilla/5.0 (iPhone; CPU iPhone OS 14_2 like Mac OS X) AppleWebKit/605.1.15 (KHTML, like Gecko) Version/14.0.1 Mobile/15E148 Safari/604.1"
86.26.92.23 - - [10/Jul/2022:21:17:57 +0200] "GET /mondial_relay/js/jquery-1.3.2.min.js HTTP/1.0" 200 276 "http://www.wonder-geek.com/wise-wings-keychain-p-51827.html" "Mozilla/5.0 (iPhone; CPU iPhone OS 14_2 like Mac OS X) AppleWebKit/605.1.15 (KHTML, like Gecko) Version/14.0.1 Mobile/15E148 Safari/604.1"
86.26.92.23 - - [10/Jul/2022:21:17:57 +0200] "GET /swfobject.js HTTP/1.0" 404 1308 "http://www.wonder-geek.com/wise-wings-keychain-p-51827.html" "Mozilla/5.0 (iPhone; CPU iPhone OS 14_2 like Mac OS X) AppleWebKit/605.1.15 (KHTML, like Gecko) Version/14.0.1 Mobile/15E148 Safari/604.1"
86.26.92.23 - - [10/Jul/2022:21:17:57 +0200] "GET /templates/Pixame_v1/images/icon_accueil2.png HTTP/1.0" 200 278 "http://www.wonder-geek.com/wise-wings-keychain-p-51827.html" "Mozilla/5.0 (iPhone; CPU iPhone OS 14_2 like Mac OS X) AppleWebKit/605.1.15 (KHTML, like Gecko) Version/14.0.1 Mobile/15E148 Safari/604.1"
86.26.92.23 - - [10/Jul/2022:21:17:57 +0200] "GET /templates/Pixame_v1/images/infobox/pixel_trans.gif HTTP/1.0" 200 328 "http://www.wonder-geek.com/wise-wings-keychain-p-51827.html" "Mozilla/5.0 (iPhone; CPU iPhone OS 14_2 like Mac OS X) AppleWebKit/605.1.15 (KHTML, like Gecko) Version/14.0.1 Mobile/15E148 Safari/604.1"
86.26.92.23 - - [10/Jul/2022:21:17:57 +0200] "GET /images/pixel_trans.gif HTTP/1.0" 200 328 "http://www.wonder-geek.com/wise-wings-keychain-p-51827.html" "Mozilla/5.0 (iPhone; CPU iPhone OS 14_2 like Mac OS X) AppleWebKit/605.1.15 (KHTML, like Gecko) Version/14.0.1 Mobile/15E148 Safari/604.1"
86.26.92.23 - - [10/Jul/2022:21:17:57 +0200] "GET /templates/Pixame_v1/images/pixel_trans.gif HTTP/1.0" 200 328 "http://www.wonder-geek.com/wise-wings-keychain-p-51827.html" "Mozilla/5.0 (iPhone; CPU iPhone OS 14_2 like Mac OS X) AppleWebKit/605.1.15 (KHTML, like Gecko) Version/14.0.1 Mobile/15E148 Safari/604.1"
86.26.92.23 - - [10/Jul/2022:21:17:57 +0200] "GET /images/big_prod_1/b9316188069847.jpg HTTP/1.0" 200 271 "http://www.wonder-geek.com/wise-wings-keychain-p-51827.html" "Mozilla/5.0 (iPhone; CPU iPhone OS 14_2 like Mac OS X) AppleWebKit/605.1.15 (KHTML, like Gecko) Version/14.0.1 Mobile/15E148 Safari/604.1"
86.26.92.23 - - [10/Jul/2022:21:17:57 +0200] "GET /images/big_prod/9316188069847.jpg HTTP/1.0" 200 268 "http://www.wonder-geek.com/wise-wings-keychain-p-51827.html" "Mozilla/5.0 (iPhone; CPU iPhone OS 14_2 like Mac OS X) AppleWebKit/605.1.15 (KHTML, like Gecko) Version/14.0.1 Mobile/15E148 Safari/604.1"
86.26.92.23 - - [10/Jul/2022:21:17:57 +0200] "GET /templates/Pixame_v1/images/buttons/english/button_in_cart.gif HTTP/1.0" 200 295 "http://www.wonder-geek.com/wise-wings-keychain-p-51827.html" "Mozilla/5.0 (iPhone; CPU iPhone OS 14_2 like Mac OS X) AppleWebKit/605.1.15 (KHTML, like Gecko) Version/14.0.1 Mobile/15E148 Safari/604.1"
86.26.92.23 - - [10/Jul/2022:21:17:57 +0200] "GET /templates/Pixame_v1/images/Bottom_texture.jpg HTTP/1.0" 200 280 "http://www.wonder-geek.com/wise-wings-keychain-p-51827.html" "Mozilla/5.0 (iPhone; CPU iPhone OS 14_2 like Mac OS X) AppleWebKit/605.1.15 (KHTML, like Gecko) Version/14.0.1 Mobile/15E148 Safari/604.1"
86.26.92.23 - - [10/Jul/2022:21:17:57 +0200] "GET /templates/Pixame_v1/images/nav.png HTTP/1.0" 200 268 "http://www.wonder-geek.com/wise-wings-keychain-p-51827.html" "Mozilla/5.0 (iPhone; CPU iPhone OS 14_2 like Mac OS X) AppleWebKit/605.1.15 (KHTML, like Gecko) Version/14.0.1 Mobile/15E148 Safari/604.1"
86.26.92.23 - - [10/Jul/2022:21:17:57 +0200] "GET /templates/Pixame_v1/images/Middle_texture.jpg HTTP/1.0" 200 280 "http://www.wonder-geek.com/wise-wings-keychain-p-51827.html" "Mozilla/5.0 (iPhone; CPU iPhone OS 14_2 like Mac OS X) AppleWebKit/605.1.15 (KHTML, like Gecko) Version/14.0.1 Mobile/15E148 Safari/604.1"
86.26.92.23 - - [10/Jul/2022:21:17:57 +0200] "GET /templates/Pixame_v1/images/header.png HTTP/1.0" 200 271 "http://www.wonder-geek.com/wise-wings-keychain-p-51827.html" "Mozilla/5.0 (iPhone; CPU iPhone OS 14_2 like Mac OS X) AppleWebKit/605.1.15 (KHTML, like Gecko) Version/14.0.1 Mobile/15E148 Safari/604.1"
86.26.92.23 - - [10/Jul/2022:21:17:57 +0200] "GET /templates/Pixame_v1/images/header-object.png HTTP/1.0" 200 278 "http://www.wonder-geek.com/wise-wings-keychain-p-51827.html" "Mozilla/5.0 (iPhone; CPU iPhone OS 14_2 like Mac OS X) AppleWebKit/605.1.15 (KHTML, like Gecko) Version/14.0.1 Mobile/15E148 Safari/604.1"
86.26.92.23 - - [10/Jul/2022:21:17:57 +0200] "GET /design/productsenstock.png HTTP/1.0" 200 260 "http://www.wonder-geek.com/wise-wings-keychain-p-51827.html" "Mozilla/5.0 (iPhone; CPU iPhone OS 14_2 like Mac OS X) AppleWebKit/605.1.15 (KHTML, like Gecko) Version/14.0.1 Mobile/15E148 Safari/604.1"
86.26.92.23 - - [10/Jul/2022:21:17:57 +0200] "GET /templates/Pixame_v1/images/infobox/infobox_footer_middle.gif HTTP/1.0" 200 357 "http://www.wonder-geek.com/wise-wings-keychain-p-51827.html" "Mozilla/5.0 (iPhone; CPU iPhone OS 14_2 like Mac OS X) AppleWebKit/605.1.15 (KHTML, like Gecko) Version/14.0.1 Mobile/15E148 Safari/604.1"
86.26.92.23 - - [10/Jul/2022:21:17:57 +0200] "GET /highslide/graphics/zoomin.cur HTTP/1.0" 200 614 "http://www.wonder-geek.com/wise-wings-keychain-p-51827.html" "Mozilla/5.0 (iPhone; CPU iPhone OS 14_2 like Mac OS X) AppleWebKit/605.1.15 (KHTML, like Gecko) Version/14.0.1 Mobile/15E148 Safari/604.1"
86.26.92.23 - - [10/Jul/2022:21:17:57 +0200] "GET /highslide/graphics/outlines/drop-shadow.png HTTP/1.0" 200 277 "http://www.wonder-geek.com/wise-wings-keychain-p-51827.html" "Mozilla/5.0 (iPhone; CPU iPhone OS 14_2 like Mac OS X) AppleWebKit/605.1.15 (KHTML, like Gecko) Version/14.0.1 Mobile/15E148 Safari/604.1"
86.26.92.23 - - [10/Jul/2022:21:17:57 +0200] "GET /highslide/graphics/zoomout.cur HTTP/1.0" 200 614 "http://www.wonder-geek.com/wise-wings-keychain-p-51827.html" "Mozilla/5.0 (iPhone; CPU iPhone OS 14_2 like Mac OS X) AppleWebKit/605.1.15 (KHTML, like Gecko) Version/14.0.1 Mobile/15E148 Safari/604.1"
86.26.92.23 - - [10/Jul/2022:21:17:57 +0200] "GET /highslide/graphics/loader.white.gif HTTP/1.0" 200 960 "http://www.wonder-geek.com/wise-wings-keychain-p-51827.html" "Mozilla/5.0 (iPhone; CPU iPhone OS 14_2 like Mac OS X) AppleWebKit/605.1.15 (KHTML, like Gecko) Version/14.0.1 Mobile/15E148 Safari/604.1"
86.26.92.23 - - [10/Jul/2022:21:17:58 +0200] "GET /favicon.ico HTTP/1.0" 200 260 "http://www.wonder-geek.com/wise-wings-keychain-p-51827.html" "Mozilla/5.0 (iPhone; CPU iPhone OS 14_2 like Mac OS X) AppleWebKit/605.1.15 (KHTML, like Gecko) Version/14.0.1 Mobile/15E148 Safari/604.1"
185.191.171.22 - - [10/Jul/2022:21:17:56 +0200] "GET /stone-amethyst-sold-by-weight-170-180-grams-p-46545.html HTTP/1.0" 301 75261 "-" "Mozilla/5.0 (compatible; SemrushBot/7~bl; +http://www.semrush.com/bot.html)"
185.191.171.15 - - [10/Jul/2022:21:18:01 +0200] "GET /stone-amethyst-sold-weight-grams-p-46545.html HTTP/1.0" 200 75162 "-" "Mozilla/5.0 (compatible; SemrushBot/7~bl; +http://www.semrush.com/bot.html)"
144.76.68.76 - - [10/Jul/2022:21:18:15 +0200] "GET /tree-life-with-infuser-p-56673.html HTTP/1.0" 200 74756 "-" "serpstatbot/2.1 (advanced backlink tracking bot; https://serpstatbot.com/; abuse@serpstatbot.com)"
185.191.171.22 - - [10/Jul/2022:21:18:36 +0200] "GET /ceramic-lamp-p-54023.html HTTP/1.0" 200 74826 "-" "Mozilla/5.0 (compatible; SemrushBot/7~bl; +http://www.semrush.com/bot.html)"
185.191.171.24 - - [10/Jul/2022:21:19:08 +0200] "GET /milan-phone-cover-iphone-p-13214.html?action=add_product HTTP/1.0" 302 476 "-" "Mozilla/5.0 (compatible; SemrushBot/7~bl; +http://www.semrush.com/bot.html)"
185.191.171.3 - - [10/Jul/2022:21:19:09 +0200] "GET /iron-man-tee-shirt-p-31031.html HTTP/1.0" 301 71556 "-" "Mozilla/5.0 (compatible; SemrushBot/7~bl; +http://www.semrush.com/bot.html)"
185.191.171.22 - - [10/Jul/2022:21:19:12 +0200] "GET /-p-31031.html HTTP/1.0" 200 71489 "-" "Mozilla/5.0 (compatible; SemrushBot/7~bl; +http://www.semrush.com/bot.html)"
144.76.68.76 - - [10/Jul/2022:21:19:18 +0200] "GET /tree-life-zippo-lighter-p-56303.html HTTP/1.0" 200 75361 "-" "serpstatbot/2.1 (advanced backlink tracking bot; https://serpstatbot.com/; abuse@serpstatbot.com)"
58.87.60.223 - - [10/Jul/2022:21:19:29 +0200] "GET /images/mini_prod/1384220402417.jpg HTTP/1.0" 200 269 "-" "Mozilla/5.0 (X11; Ubuntu; Linux x86_64; rv:72.0) Gecko/20100101 Firefox/72.0"
54.36.148.134 - - [10/Jul/2022:21:20:15 +0200] "GET /dessert-dish-glass-with-anti-slip-feet-p-58314.html HTTP/1.0" 200 74219 "-" "Mozilla/5.0 (compatible; AhrefsBot/7.0; +http://ahrefs.com/robot/)"
144.76.68.76 - - [10/Jul/2022:21:20:23 +0200] "GET /tree-wipes-coconut-fiber-p-46206.html HTTP/1.0" 301 71556 "-" "serpstatbot/2.1 (advanced backlink tracking bot; https://serpstatbot.com/; abuse@serpstatbot.com)"
185.191.171.9 - - [10/Jul/2022:21:20:40 +0200] "GET /incense-lphant-rose-maharani-p-42041.html HTTP/1.0" 200 74525 "-" "Mozilla/5.0 (compatible; SemrushBot/7~bl; +http://www.semrush.com/bot.html)"
185.191.171.38 - - [10/Jul/2022:21:20:49 +0200] "GET /light-grey-eyelet-curtain-p-39035.html HTTP/1.0" 200 76395 "-" "Mozilla/5.0 (compatible; SemrushBot/7~bl; +http://www.semrush.com/bot.html)"
185.191.171.11 - - [10/Jul/2022:21:21:23 +0200] "GET /liberty-russian-doll-small-mug-by-cbkreation-p-18465.html HTTP/1.0" 301 74445 "-" "Mozilla/5.0 (compatible; SemrushBot/7~bl; +http://www.semrush.com/bot.html)"
144.76.68.76 - - [10/Jul/2022:21:21:26 +0200] "GET /triskel-shooter-p-46326.html HTTP/1.0" 200 74045 "-" "serpstatbot/2.1 (advanced backlink tracking bot; https://serpstatbot.com/; abuse@serpstatbot.com)"
185.191.171.43 - - [10/Jul/2022:21:21:26 +0200] "GET /liberty-russian-doll-small-cbkreation-p-18465.html HTTP/1.0" 200 74341 "-" "Mozilla/5.0 (compatible; SemrushBot/7~bl; +http://www.semrush.com/bot.html)"
185.191.171.21 - - [10/Jul/2022:21:21:36 +0200] "GET /bear-pedestal-table-resin-p-53461.html HTTP/1.0" 200 74785 "-" "Mozilla/5.0 (compatible; SemrushBot/7~bl; +http://www.semrush.com/bot.html)"
185.191.171.12 - - [10/Jul/2022:21:21:54 +0200] "GET /-p-27646.html?action=add_product HTTP/1.0" 302 476 "-" "Mozilla/5.0 (compatible; SemrushBot/7~bl; +http://www.semrush.com/bot.html)"
66.249.64.158 - - [10/Jul/2022:21:22:15 +0200] "GET /images/big_prod_1/b4006592916817.jpg HTTP/1.0" 200 271 "-" "Googlebot-Image/1.0"
144.76.68.76 - - [10/Jul/2022:21:22:29 +0200] "GET /triskel-shooter-p-46327.html HTTP/1.0" 200 74045 "-" "serpstatbot/2.1 (advanced backlink tracking bot; https://serpstatbot.com/; abuse@serpstatbot.com)"
66.249.64.152 - - [10/Jul/2022:21:22:32 +0200] "GET /disney-princess-crayons-p-497.html HTTP/1.0" 200 74682 "-" "Mozilla/5.0 (Linux; Android 6.0.1; Nexus 5X Build/MMB29P) AppleWebKit/537.36 (KHTML, like Gecko) Chrome/103.0.5060.114 Mobile Safari/537.36 (compatible; Googlebot/2.1; +http://www.google.com/bot.html)"
185.191.171.2 - - [10/Jul/2022:21:22:40 +0200] "GET /games-toys-c-4.html?page=4 HTTP/1.0" 200 93736 "-" "Mozilla/5.0 (compatible; SemrushBot/7~bl; +http://www.semrush.com/bot.html)"
144.76.68.76 - - [10/Jul/2022:21:23:31 +0200] "GET /triskel-shooter-p-46328.html HTTP/1.0" 200 74045 "-" "serpstatbot/2.1 (advanced backlink tracking bot; https://serpstatbot.com/; abuse@serpstatbot.com)"
54.36.148.73 - - [10/Jul/2022:21:23:35 +0200] "GET /zodiac-high-ceramic-p-30785.html HTTP/1.0" 200 74081 "-" "Mozilla/5.0 (compatible; AhrefsBot/7.0; +http://ahrefs.com/robot/)"
216.244.66.242 - - [10/Jul/2022:21:23:53 +0200] "GET /robots.txt HTTP/1.0" 200 245 "-" "Mozilla/5.0 (compatible; DotBot/1.2; +https://opensiteexplorer.org/dotbot; help@moz.com)"
185.191.171.21 - - [10/Jul/2022:21:24:30 +0200] "GET /whites-rabbits-decorative-statue-p-48595.html HTTP/1.0" 200 71607 "-" "Mozilla/5.0 (compatible; SemrushBot/7~bl; +http://www.semrush.com/bot.html)"
144.76.68.76 - - [10/Jul/2022:21:24:35 +0200] "GET /trays-c-12_159.html?page=4 HTTP/1.0" 200 93037 "-" "serpstatbot/2.1 (advanced backlink tracking bot; https://serpstatbot.com/; abuse@serpstatbot.com)"
185.191.171.45 - - [10/Jul/2022:21:25:06 +0200] "GET /wooden-wall-decoration-hang-p-41525.html?action=add_product HTTP/1.0" 302 476 "-" "Mozilla/5.0 (compatible; SemrushBot/7~bl; +http://www.semrush.com/bot.html)"
144.76.68.76 - - [10/Jul/2022:21:25:35 +0200] "GET /triskel-wooden-decoration-clip-p-46490.html HTTP/1.0" 200 71599 "-" "serpstatbot/2.1 (advanced backlink tracking bot; https://serpstatbot.com/; abuse@serpstatbot.com)"
109.70.100.33 - - [10/Jul/2022:21:25:39 +0200] "GET /contact_us.php HTTP/1.0" 200 26238 "http://www.wonder-geek.com/contact_us.php" "Mozilla/5.0 (Windows NT 6.1; Win64; x64) AppleWebKit/537.36 (KHTML, like Gecko) Chrome/90.0.4427.0 Safari/537.36"
34.70.233.208 - - [10/Jul/2022:21:25:42 +0200] "GET /images/mini_prod/DSCN6817.jpg HTTP/1.0" 200 264 "-" "Mozilla/5.0 (X11; Ubuntu; Linux x86_64; rv:72.0) Gecko/20100101 Firefox/72.0"
147.92.153.4 - - [10/Jul/2022:21:26:31 +0200] "GET /chandeliers-suspensions-c-86_280.html HTTP/1.0" 200 91328 "-" "Mozilla/5.0 (compatible; Linespider/1.1; +https://lin.ee/4dwXkTH)"
147.92.153.15 - - [10/Jul/2022:21:26:36 +0200] "GET /js/jquery.min.js HTTP/1.0" 404 1308 "http://www.wonder-geek.com/chandeliers-suspensions-c-86_280.html" "Mozilla/5.0 (X11; Linux x86_64) AppleWebKit/537.36 (KHTML, like Gecko) HeadlessChrome/101.0.4951.0 Safari/537.36"
144.76.68.76 - - [10/Jul/2022:21:26:38 +0200] "GET /trivet-boards-c-12_158.html HTTP/1.0" 200 95281 "-" "serpstatbot/2.1 (advanced backlink tracking bot; https://serpstatbot.com/; abuse@serpstatbot.com)"
185.191.171.2 - - [10/Jul/2022:21:26:40 +0200] "GET /guatemala-clock-cbkreation-p-36920.html HTTP/1.0" 200 74156 "-" "Mozilla/5.0 (compatible; SemrushBot/7~bl; +http://www.semrush.com/bot.html)"
84.239.46.7 - - [10/Jul/2022:21:26:41 +0200] "POST /contact_us.php?action=send HTTP/1.0" 200 26647 "http://www.wonder-geek.com/contact_us.php" "Mozilla/5.0 (Windows NT 6.1; Win64; x64) AppleWebKit/537.36 (KHTML, like Gecko) Chrome/90.0.4427.0 Safari/537.36"
84.239.46.7 - - [10/Jul/2022:21:26:43 +0200] "GET /contact_us.php HTTP/1.0" 200 26238 "http://www.wonder-geek.com/contact_us.php" "Mozilla/5.0 (Windows NT 6.1; Win64; x64) AppleWebKit/537.36 (KHTML, like Gecko) Chrome/90.0.4427.0 Safari/537.36"
185.191.171.41 - - [10/Jul/2022:21:26:43 +0200] "GET /gorjuss-cards-supplied-with-envelope-pierrot-doll-p-48396.html?action=add_product HTTP/1.0" 302 476 "-" "Mozilla/5.0 (compatible; SemrushBot/7~bl; +http://www.semrush.com/bot.html)"
54.36.148.44 - - [10/Jul/2022:21:26:48 +0200] "GET /white-woodland-jasmine-p-48459.html HTTP/1.0" 200 75167 "-" "Mozilla/5.0 (compatible; AhrefsBot/7.0; +http://ahrefs.com/robot/)"
185.191.171.18 - - [10/Jul/2022:21:26:54 +0200] "GET /beatles-shirt-p-29552.html?action=add_product HTTP/1.0" 301 476 "-" "Mozilla/5.0 (compatible; SemrushBot/7~bl; +http://www.semrush.com/bot.html)"
185.191.171.41 - - [10/Jul/2022:21:26:56 +0200] "GET /jerrican-wall-decor-p-51438.html?action=add_product HTTP/1.0" 302 476 "-" "Mozilla/5.0 (compatible; SemrushBot/7~bl; +http://www.semrush.com/bot.html)"
195.110.77.193 - - [10/Jul/2022:21:27:15 +0200] "GET /images/mini_prod/1399985100904B.jpg HTTP/1.0" 200 270 "-" "Mozilla/5.0 (X11; Ubuntu; Linux x86_64; rv:72.0) Gecko/20100101 Firefox/72.0"
185.191.171.36 - - [10/Jul/2022:21:27:40 +0200] "GET /star-wars-weed-toybox-p-32603.html HTTP/1.0" 200 71563 "-" "Mozilla/5.0 (compatible; SemrushBot/7~bl; +http://www.semrush.com/bot.html)"
144.76.68.76 - - [10/Jul/2022:21:27:41 +0200] "GET /trivet-boards-c-12_158.html?page=3 HTTP/1.0" 200 94809 "-" "serpstatbot/2.1 (advanced backlink tracking bot; https://serpstatbot.com/; abuse@serpstatbot.com)"
185.191.171.22 - - [10/Jul/2022:21:27:55 +0200] "GET /lamas-adult-apron-p-45572.html HTTP/1.0" 200 74070 "-" "Mozilla/5.0 (compatible; SemrushBot/7~bl; +http://www.semrush.com/bot.html)"
114.119.137.252 - - [10/Jul/2022:21:28:04 +0200] "GET /gorjuss-lockable-trinket-autumn-leaves-p-51401.html HTTP/1.0" 200 75348 "http://www.wonder-geek.com/jewelry-boxes-and-holders-c-13_150_131.html?page=2" "Mozilla/5.0 (Linux; Android 7.0;) AppleWebKit/537.36 (KHTML, like Gecko) Mobile Safari/537.36 (compatible; PetalBot;+https://webmaster.petalsearch.com/site/petalbot)"
144.76.68.76 - - [10/Jul/2022:21:28:44 +0200] "GET /trivet-boards-c-12_158.html?page=6 HTTP/1.0" 200 95502 "-" "serpstatbot/2.1 (advanced backlink tracking bot; https://serpstatbot.com/; abuse@serpstatbot.com)"
68.175.150.80 - - [10/Jul/2022:21:28:49 +0200] "GET /images/mini_prod/3661443612495.jpg HTTP/1.0" 200 269 "-" "Mozilla/5.0 (X11; Ubuntu; Linux x86_64; rv:72.0) Gecko/20100101 Firefox/72.0"
185.191.171.22 - - [10/Jul/2022:21:28:51 +0200] "GET /ultrasonic-aroma-diffuser-breeze-natural-p-54111.html?action=add_product HTTP/1.0" 302 476 "-" "Mozilla/5.0 (compatible; SemrushBot/7~bl; +http://www.semrush.com/bot.html)"
144.76.68.76 - - [10/Jul/2022:21:29:46 +0200] "GET /trivet-boards-c-12_158.html?page=8 HTTP/1.0" 200 95128 "-" "serpstatbot/2.1 (advanced backlink tracking bot; https://serpstatbot.com/; abuse@serpstatbot.com)"
185.191.171.44 - - [10/Jul/2022:21:30:14 +0200] "GET /tetsubin-japanese-teapot-liter-p-55293.html?action=add_product HTTP/1.0" 302 476 "-" "Mozilla/5.0 (compatible; SemrushBot/7~bl; +http://www.semrush.com/bot.html)"
54.36.149.46 - - [10/Jul/2022:21:30:21 +0200] "GET /wind-chime-agate-purple-p-47043.html HTTP/1.0" 200 75018 "-" "Mozilla/5.0 (compatible; AhrefsBot/7.0; +http://ahrefs.com/robot/)"
114.119.137.38 - - [10/Jul/2022:21:30:50 +0200] "GET /resin-skull-ashtray-p-52999.html HTTP/1.0" 200 74081 "http://www.wonder-geek.com/ashtrays-c-13_240.html?page=5" "Mozilla/5.0 (Linux; Android 7.0;) AppleWebKit/537.36 (KHTML, like Gecko) Mobile Safari/537.36 (compatible; PetalBot;+https://webmaster.petalsearch.com/site/petalbot)"
144.76.68.76 - - [10/Jul/2022:21:30:50 +0200] "GET /trivet-boards-c-12_158.html?page=9 HTTP/1.0" 200 95130 "-" "serpstatbot/2.1 (advanced backlink tracking bot; https://serpstatbot.com/; abuse@serpstatbot.com)"
90.154.76.99 - - [10/Jul/2022:21:31:18 +0200] "GET /images/3700235441681.jpg HTTP/1.0" 200 259 "http://quoizeltableslamps.blogspot.com/" "Mozilla/5.0 (Windows NT 5.1; rv:52.0) Gecko/20100101 Firefox/52.0"
185.191.171.9 - - [10/Jul/2022:21:31:35 +0200] "GET /-p-40906.html?action=add_product HTTP/1.0" 302 476 "-" "Mozilla/5.0 (compatible; SemrushBot/7~bl; +http://www.semrush.com/bot.html)"
216.244.66.242 - - [10/Jul/2022:21:31:43 +0200] "GET /large-plush-tchoupi-27-cm-p-27482.html HTTP/1.0" 301 74036 "-" "Mozilla/5.0 (compatible; DotBot/1.2; +https://opensiteexplorer.org/dotbot; help@moz.com)"
216.244.66.242 - - [10/Jul/2022:21:31:49 +0200] "GET /mandalas-set-of-coasters-p-47155.html HTTP/1.0" 301 74996 "-" "Mozilla/5.0 (compatible; DotBot/1.2; +https://opensiteexplorer.org/dotbot; help@moz.com)"
144.76.68.76 - - [10/Jul/2022:21:31:51 +0200] "GET /trolley-backpack-gorjuss-catch-falling-star-p-52368.html HTTP/1.0" 200 75546 "-" "serpstatbot/2.1 (advanced backlink tracking bot; https://serpstatbot.com/; abuse@serpstatbot.com)"
216.244.66.242 - - [10/Jul/2022:21:31:55 +0200] "GET /texaco-metal-plate-deco-405-215-cm-p-41066.html HTTP/1.0" 301 74311 "-" "Mozilla/5.0 (compatible; DotBot/1.2; +https://opensiteexplorer.org/dotbot; help@moz.com)"
216.244.66.242 - - [10/Jul/2022:21:32:01 +0200] "GET /winchester-metal-plate-deco-405-215-cm-p-42348.html HTTP/1.0" 301 74347 "-" "Mozilla/5.0 (compatible; DotBot/1.2; +https://opensiteexplorer.org/dotbot; help@moz.com)"
17.121.115.4 - - [10/Jul/2022:21:32:14 +0200] "GET /freshener-heart-home-rambling-rose-p-40604.html HTTP/1.0" 200 74495 "-" "Mozilla/5.0 (Macintosh; Intel Mac OS X 10_15_5) AppleWebKit/605.1.15 (KHTML, like Gecko) Version/13.1.1 Safari/605.1.15 (Applebot/0.1; +http://www.apple.com/go/applebot)"
51.68.224.127 - - [10/Jul/2022:21:32:14 +0200] "GET /adminweb/export_orders_xml.php?token=256de2z6edz6ed2z6DFSFsed2zed6zeDSFDSGdzedezfzf&maxorders=10&orderstart=1&status=14&start_date=2018-10-01 HTTP/1.0" 200 285 "-" "GesCom CharlotteBoutik Serveur"
51.68.224.127 - - [10/Jul/2022:21:32:15 +0200] "GET /adminweb/export_orders_xml.php?token=256de2z6edz6ed2z6DFSFsed2zed6zeDSFDSGdzedezfzf&maxorders=10&orderstart=1&status=6&start_date=2018-10-01 HTTP/1.0" 200 31081 "-" "GesCom CharlotteBoutik Serveur"
185.191.171.2 - - [10/Jul/2022:21:32:26 +0200] "GET /decorative-wooden-plate-chiens-bienvenus-anthracite-p-47808.html?action=add_product HTTP/1.0" 302 476 "-" "Mozilla/5.0 (compatible; SemrushBot/7~bl; +http://www.semrush.com/bot.html)"
144.76.68.76 - - [10/Jul/2022:21:32:56 +0200] "GET /trolley-backpack-gorjuss-love-grows-p-52369.html HTTP/1.0" 200 75441 "-" "serpstatbot/2.1 (advanced backlink tracking bot; https://serpstatbot.com/; abuse@serpstatbot.com)"
54.36.149.44 - - [10/Jul/2022:21:33:29 +0200] "GET /vintage-adult-apron-p-38478.html HTTP/1.0" 200 74096 "-" "Mozilla/5.0 (compatible; AhrefsBot/7.0; +http://ahrefs.com/robot/)"
54.36.148.44 - - [10/Jul/2022:21:33:34 +0200] "GET /images/big_prod/7601020000419.jpg HTTP/1.0" 200 268 "-" "Mozilla/5.0 (compatible; AhrefsBot/7.0; +http://ahrefs.com/robot/)"
185.191.171.2 - - [10/Jul/2022:21:33:40 +0200] "GET /decorative-wooden-plate-donkey-corsica-yellow-blue-p-47839.html HTTP/1.0" 200 74629 "-" "Mozilla/5.0 (compatible; SemrushBot/7~bl; +http://www.semrush.com/bot.html)"
144.76.68.76 - - [10/Jul/2022:21:33:57 +0200] "GET /tropez-mini-metal-tray-p-52477.html HTTP/1.0" 200 74223 "-" "serpstatbot/2.1 (advanced backlink tracking bot; https://serpstatbot.com/; abuse@serpstatbot.com)"
216.244.66.242 - - [10/Jul/2022:21:34:30 +0200] "GET /-p-50467.html HTTP/1.0" 200 71489 "-" "Mozilla/5.0 (compatible; DotBot/1.2; +https://opensiteexplorer.org/dotbot; help@moz.com)"
144.76.68.76 - - [10/Jul/2022:21:35:11 +0200] "GET /metal-tray-p-45852.html HTTP/1.0" 200 74173 "-" "serpstatbot/2.1 (advanced backlink tracking bot; https://serpstatbot.com/; abuse@serpstatbot.com)"
66.249.64.152 - - [10/Jul/2022:21:35:14 +0200] "GET /ariel-figurine-romero-britto-p-58184.html HTTP/1.0" 200 75591 "-" "Mozilla/5.0 (Linux; Android 6.0.1; Nexus 5X Build/MMB29P) AppleWebKit/537.36 (KHTML, like Gecko) Chrome/103.0.5060.114 Mobile Safari/537.36 (compatible; Googlebot/2.1; +http://www.google.com/bot.html)"
185.191.171.9 - - [10/Jul/2022:21:35:36 +0200] "GET /cats-dubout-figurine-watch-p-38817.html HTTP/1.0" 200 74648 "-" "Mozilla/5.0 (compatible; SemrushBot/7~bl; +http://www.semrush.com/bot.html)"
216.244.66.242 - - [10/Jul/2022:21:35:44 +0200] "GET /strawberry-shortcake-padded-jacket-p-31239.html HTTP/1.0" 200 75470 "-" "Mozilla/5.0 (compatible; DotBot/1.2; +https://opensiteexplorer.org/dotbot; help@moz.com)"
114.119.137.3 - - [10/Jul/2022:21:35:56 +0200] "GET /images/mini_prod/8422018289611A.jpg HTTP/1.0" 200 270 "http://www.wonder-geek.com/flower-pots-c-13_275.html?page=4" "Mozilla/5.0 (Linux; Android 7.0;) AppleWebKit/537.36 (KHTML, like Gecko) Mobile Safari/537.36 (compatible; PetalBot;+https://webmaster.petalsearch.com/site/petalbot)"
185.191.171.3 - - [10/Jul/2022:21:36:05 +0200] "GET /little-prince-exupery-little-tray-p-44550.html?action=add_product HTTP/1.0" 302 476 "-" "Mozilla/5.0 (compatible; SemrushBot/7~bl; +http://www.semrush.com/bot.html)"
144.76.68.76 - - [10/Jul/2022:21:36:18 +0200] "GET /transparent-rectangular-plastic-tablecloth-p-54903.html HTTP/1.0" 200 74367 "-" "serpstatbot/2.1 (advanced backlink tracking bot; https://serpstatbot.com/; abuse@serpstatbot.com)"
185.191.171.10 - - [10/Jul/2022:21:36:19 +0200] "GET /retro-barrel-clock-p-50212.html?action=add_product HTTP/1.0" 302 476 "-" "Mozilla/5.0 (compatible; SemrushBot/7~bl; +http://www.semrush.com/bot.html)"
54.36.148.51 - - [10/Jul/2022:21:36:40 +0200] "GET /angel-angelite-p-54226.html HTTP/1.0" 200 74526 "-" "Mozilla/5.0 (compatible; AhrefsBot/7.0; +http://ahrefs.com/robot/)"
172.226.6.54 - - [10/Jul/2022:21:36:51 +0200] "GET /images/big_prod/028399188536.jpg HTTP/1.0" 200 267 "-" "Mozilla/5.0 (iPhone; CPU iPhone OS 15_5 like Mac OS X) AppleWebKit/605.1.15 (KHTML, like Gecko) GSA/218.0.456502374 Mobile/15E148 Safari/604.1"
185.191.171.38 - - [10/Jul/2022:21:37:21 +0200] "GET /provence-kitchen-towels-p-44528.html?action=add_product HTTP/1.0" 302 476 "-" "Mozilla/5.0 (compatible; SemrushBot/7~bl; +http://www.semrush.com/bot.html)"
144.76.68.76 - - [10/Jul/2022:21:37:24 +0200] "GET /michelle-allen-owls-gift-p-56940.html HTTP/1.0" 200 75078 "-" "serpstatbot/2.1 (advanced backlink tracking bot; https://serpstatbot.com/; abuse@serpstatbot.com)"
185.191.171.10 - - [10/Jul/2022:21:37:36 +0200] "GET /light-brown-fitted-sheet-90-190-cm-p-39683.html HTTP/1.0" 301 74905 "-" "Mozilla/5.0 (compatible; SemrushBot/7~bl; +http://www.semrush.com/bot.html)"
185.191.171.38 - - [10/Jul/2022:21:37:38 +0200] "GET /light-brown-fitted-sheet-p-39683.html HTTP/1.0" 200 74814 "-" "Mozilla/5.0 (compatible; SemrushBot/7~bl; +http://www.semrush.com/bot.html)"
185.191.171.11 - - [10/Jul/2022:21:38:03 +0200] "GET /salt-and-pepper-pot-au-bistrot-p-47919.html HTTP/1.0" 301 74238 "-" "Mozilla/5.0 (compatible; SemrushBot/7~bl; +http://www.semrush.com/bot.html)"
185.191.171.35 - - [10/Jul/2022:21:38:06 +0200] "GET /salt-pepper-bistrot-p-47919.html HTTP/1.0" 200 74152 "-" "Mozilla/5.0 (compatible; SemrushBot/7~bl; +http://www.semrush.com/bot.html)"
185.191.171.39 - - [10/Jul/2022:21:38:25 +0200] "GET /small-box-for-baby-teeth-pink-p-36446.html HTTP/1.0" 301 74367 "-" "Mozilla/5.0 (compatible; SemrushBot/7~bl; +http://www.semrush.com/bot.html)"
185.191.171.9 - - [10/Jul/2022:21:38:29 +0200] "GET /small-baby-teeth-pink-p-36446.html HTTP/1.0" 200 74279 "-" "Mozilla/5.0 (compatible; SemrushBot/7~bl; +http://www.semrush.com/bot.html)"
144.76.68.76 - - [10/Jul/2022:21:38:33 +0200] "GET /umbrellas-c-3_16.html?page=1 HTTP/1.0" 200 92568 "-" "serpstatbot/2.1 (advanced backlink tracking bot; https://serpstatbot.com/; abuse@serpstatbot.com)"
185.191.171.23 - - [10/Jul/2022:21:38:34 +0200] "GET /-p-14969.html?action=add_product HTTP/1.0" 302 476 "-" "Mozilla/5.0 (compatible; SemrushBot/7~bl; +http://www.semrush.com/bot.html)"
185.191.171.6 - - [10/Jul/2022:21:38:39 +0200] "GET /monkey-statue-resin-said-nothing-nothing-seen-nothing-heard-p-55274.html HTTP/1.0" 200 71723 "-" "Mozilla/5.0 (compatible; SemrushBot/7~bl; +http://www.semrush.com/bot.html)"
216.244.66.242 - - [10/Jul/2022:21:39:03 +0200] "GET /-p-6637.html HTTP/1.0" 200 71487 "-" "Mozilla/5.0 (compatible; DotBot/1.2; +https://opensiteexplorer.org/dotbot; help@moz.com)"
185.191.171.3 - - [10/Jul/2022:21:39:06 +0200] "GET /mango-statue-head-buddha-p-46054.html HTTP/1.0" 200 75006 "-" "Mozilla/5.0 (compatible; SemrushBot/7~bl; +http://www.semrush.com/bot.html)"
216.244.66.242 - - [10/Jul/2022:21:39:12 +0200] "GET /cccp-alarm-clock-cbkreation-p-25010.html HTTP/1.0" 200 74220 "-" "Mozilla/5.0 (compatible; DotBot/1.2; +https://opensiteexplorer.org/dotbot; help@moz.com)"
144.76.68.76 - - [10/Jul/2022:21:39:40 +0200] "GET /mickael-white-shirt-p-30158.html HTTP/1.0" 200 75271 "-" "serpstatbot/2.1 (advanced backlink tracking bot; https://serpstatbot.com/; abuse@serpstatbot.com)"
54.36.148.174 - - [10/Jul/2022:21:40:02 +0200] "GET /hanging-iron-structure-flamingo-p-44505.html HTTP/1.0" 200 74341 "-" "Mozilla/5.0 (compatible; AhrefsBot/7.0; +http://ahrefs.com/robot/)"
17.121.112.40 - - [10/Jul/2022:21:40:43 +0200] "GET /yellow-bluetooth-radio-p-47529.html HTTP/1.0" 200 75502 "-" "Mozilla/5.0 (Macintosh; Intel Mac OS X 10_15_5) AppleWebKit/605.1.15 (KHTML, like Gecko) Version/13.1.1 Safari/605.1.15 (Applebot/0.1; +http://www.apple.com/go/applebot)"
144.76.68.76 - - [10/Jul/2022:21:40:46 +0200] "GET /transparent-rectangular-plastic-tablecloth-p-56822.html HTTP/1.0" 200 74361 "-" "serpstatbot/2.1 (advanced backlink tracking bot; https://serpstatbot.com/; abuse@serpstatbot.com)"
185.191.171.41 - - [10/Jul/2022:21:41:00 +0200] "GET /wall-decoration-beer-capsule-collector-p-53784.html?action=add_product HTTP/1.0" 302 476 "-" "Mozilla/5.0 (compatible; SemrushBot/7~bl; +http://www.semrush.com/bot.html)"
185.191.171.2 - - [10/Jul/2022:21:41:34 +0200] "GET /retro-style-bread-p-42581.html HTTP/1.0" 200 74834 "-" "Mozilla/5.0 (compatible; SemrushBot/7~bl; +http://www.semrush.com/bot.html)"
185.191.171.40 - - [10/Jul/2022:21:41:46 +0200] "GET /headrest-cushion-50-70-cm-p-53494.html HTTP/1.0" 301 71648 "-" "Mozilla/5.0 (compatible; SemrushBot/7~bl; +http://www.semrush.com/bot.html)"
185.191.171.12 - - [10/Jul/2022:21:41:49 +0200] "GET /headrest-cushion-p-53494.html HTTP/1.0" 200 71565 "-" "Mozilla/5.0 (compatible; SemrushBot/7~bl; +http://www.semrush.com/bot.html)"
144.76.68.76 - - [10/Jul/2022:21:41:50 +0200] "GET /minnie-mouse-large-metal-p-26704.html HTTP/1.0" 200 74271 "-" "serpstatbot/2.1 (advanced backlink tracking bot; https://serpstatbot.com/; abuse@serpstatbot.com)"
144.76.68.76 - - [10/Jul/2022:21:42:56 +0200] "GET /transportable-black-table-lamp-p-56448.html HTTP/1.0" 200 74939 "-" "serpstatbot/2.1 (advanced backlink tracking bot; https://serpstatbot.com/; abuse@serpstatbot.com)"
54.36.148.133 - - [10/Jul/2022:21:43:19 +0200] "GET /glass-side-table-tree-life-p-58379.html HTTP/1.0" 200 74790 "-" "Mozilla/5.0 (compatible; AhrefsBot/7.0; +http://ahrefs.com/robot/)"
185.191.171.36 - - [10/Jul/2022:21:43:37 +0200] "GET /cruella-devil-disney-traditions-by-jim-shore-collection-p-51178.html HTTP/1.0" 301 71804 "-" "Mozilla/5.0 (compatible; SemrushBot/7~bl; +http://www.semrush.com/bot.html)"
185.191.171.1 - - [10/Jul/2022:21:43:39 +0200] "GET /cruella-devil-disney-traditions-shore-collection-p-51178.html HTTP/1.0" 200 71689 "-" "Mozilla/5.0 (compatible; SemrushBot/7~bl; +http://www.semrush.com/bot.html)"
144.76.68.76 - - [10/Jul/2022:21:43:59 +0200] "GET /minnie-mouse-metal-p-26703.html HTTP/1.0" 200 74216 "-" "serpstatbot/2.1 (advanced backlink tracking bot; https://serpstatbot.com/; abuse@serpstatbot.com)"
216.244.66.242 - - [10/Jul/2022:21:44:20 +0200] "GET /-p-22561.html HTTP/1.0" 200 71489 "-" "Mozilla/5.0 (compatible; DotBot/1.2; +https://opensiteexplorer.org/dotbot; help@moz.com)"
216.244.66.242 - - [10/Jul/2022:21:44:25 +0200] "GET /bamboo-fiber-plant-cover-p-57862.html HTTP/1.0" 200 74743 "-" "Mozilla/5.0 (compatible; DotBot/1.2; +https://opensiteexplorer.org/dotbot; help@moz.com)"
216.244.66.242 - - [10/Jul/2022:21:44:31 +0200] "GET /dachshund-assorted-assorted-jewelry-holders-p-49180.html HTTP/1.0" 200 74437 "-" "Mozilla/5.0 (compatible; DotBot/1.2; +https://opensiteexplorer.org/dotbot; help@moz.com)"
216.244.66.242 - - [10/Jul/2022:21:44:36 +0200] "GET /gorjuss-double-filled-pencil-love-grows-p-52370.html HTTP/1.0" 200 75816 "-" "Mozilla/5.0 (compatible; DotBot/1.2; +https://opensiteexplorer.org/dotbot; help@moz.com)"
144.76.68.76 - - [10/Jul/2022:21:45:05 +0200] "GET /transportable-glass-ball-lamp-p-55140.html HTTP/1.0" 200 75166 "-" "serpstatbot/2.1 (advanced backlink tracking bot; https://serpstatbot.com/; abuse@serpstatbot.com)"
185.191.171.39 - - [10/Jul/2022:21:45:36 +0200] "GET /dishes-c-12.html?page=130 HTTP/1.0" 200 93524 "-" "Mozilla/5.0 (compatible; SemrushBot/7~bl; +http://www.semrush.com/bot.html)"
144.76.68.76 - - [10/Jul/2022:21:46:08 +0200] "GET /minnie-mouse-placemat-p-31700.html HTTP/1.0" 200 74187 "-" "serpstatbot/2.1 (advanced backlink tracking bot; https://serpstatbot.com/; abuse@serpstatbot.com)"
54.36.148.243 - - [10/Jul/2022:21:46:39 +0200] "GET /moroccan-green-ashtray-p-31884.html HTTP/1.0" 200 74135 "-" "Mozilla/5.0 (compatible; AhrefsBot/7.0; +http://ahrefs.com/robot/)"
185.191.171.3 - - [10/Jul/2022:21:47:01 +0200] "GET /little-prince-money-p-45847.html?action=add_product HTTP/1.0" 302 476 "-" "Mozilla/5.0 (compatible; SemrushBot/7~bl; +http://www.semrush.com/bot.html)"
185.191.171.33 - - [10/Jul/2022:21:47:03 +0200] "GET /mini-suitcase-p-49244.html?action=add_product HTTP/1.0" 302 476 "-" "Mozilla/5.0 (compatible; SemrushBot/7~bl; +http://www.semrush.com/bot.html)"
144.76.68.76 - - [10/Jul/2022:21:47:12 +0200] "GET /transportable-gray-table-lamp-p-56449.html HTTP/1.0" 200 74929 "-" "serpstatbot/2.1 (advanced backlink tracking bot; https://serpstatbot.com/; abuse@serpstatbot.com)"
144.76.68.76 - - [10/Jul/2022:21:48:14 +0200] "GET /minnie-mouse-placemat-p-31701.html HTTP/1.0" 200 71563 "-" "serpstatbot/2.1 (advanced backlink tracking bot; https://serpstatbot.com/; abuse@serpstatbot.com)"
51.68.224.127 - - [10/Jul/2022:21:48:47 +0200] "GET /adminweb/export_orders_xml.php?token=256de2z6edz6ed2z6DFSFsed2zed6zeDSFDSGdzedezfzf&maxorders=10&orderstart=1&status=14&start_date=2018-10-01 HTTP/1.0" 200 285 "-" "GesCom CharlotteBoutik Serveur"
51.68.224.127 - - [10/Jul/2022:21:48:47 +0200] "GET /adminweb/export_orders_xml.php?token=256de2z6edz6ed2z6DFSFsed2zed6zeDSFDSGdzedezfzf&maxorders=10&orderstart=1&status=6&start_date=2018-10-01 HTTP/1.0" 200 31081 "-" "GesCom CharlotteBoutik Serveur"
144.76.68.76 - - [10/Jul/2022:21:49:14 +0200] "GET /transportable-light-brown-table-lamp-p-56450.html HTTP/1.0" 200 74999 "-" "serpstatbot/2.1 (advanced backlink tracking bot; https://serpstatbot.com/; abuse@serpstatbot.com)"
185.191.171.3 - - [10/Jul/2022:21:49:36 +0200] "GET /man-resin-statue-cm-p-51228.html HTTP/1.0" 301 75053 "-" "Mozilla/5.0 (compatible; SemrushBot/7~bl; +http://www.semrush.com/bot.html)"
185.191.171.25 - - [10/Jul/2022:21:49:41 +0200] "GET /resin-statue-p-51228.html HTTP/1.0" 200 74974 "-" "Mozilla/5.0 (compatible; SemrushBot/7~bl; +http://www.semrush.com/bot.html)"
185.191.171.8 - - [10/Jul/2022:21:49:45 +0200] "GET /christmas-ornaments-bone-china-p-54931.html?action=add_product HTTP/1.0" 302 476 "-" "Mozilla/5.0 (compatible; SemrushBot/7~bl; +http://www.semrush.com/bot.html)"
185.191.171.41 - - [10/Jul/2022:21:49:47 +0200] "GET /cats-by-dubout-figurine-heck-the-same-dress-p-32701.html HTTP/1.0" 301 75435 "-" "Mozilla/5.0 (compatible; SemrushBot/7~bl; +http://www.semrush.com/bot.html)"
66.249.64.146 - - [10/Jul/2022:21:49:49 +0200] "GET /images/DSCN4001.jpg HTTP/1.0" 200 254 "-" "Googlebot-Image/1.0"
54.36.148.170 - - [10/Jul/2022:21:49:48 +0200] "GET /pepe-jeans-pocket-wallet-original-p-36001.html HTTP/1.0" 200 75192 "-" "Mozilla/5.0 (compatible; AhrefsBot/7.0; +http://ahrefs.com/robot/)"
54.36.149.14 - - [10/Jul/2022:21:49:52 +0200] "GET /images/big_prod/8435306294471.jpg HTTP/1.0" 200 268 "-" "Mozilla/5.0 (compatible; AhrefsBot/7.0; +http://ahrefs.com/robot/)"
114.119.137.38 - - [10/Jul/2022:21:49:51 +0200] "GET /gorjuss-oops-daisy-glasses-box-p-43164.html HTTP/1.0" 301 74958 "http://www.wonder-geek.com/glasses-case-c-31_164.html?page=4" "Mozilla/5.0 (Linux; Android 7.0;) AppleWebKit/537.36 (KHTML, like Gecko) Mobile Safari/537.36 (compatible; PetalBot;+https://webmaster.petalsearch.com/site/petalbot)"
185.191.171.2 - - [10/Jul/2022:21:49:51 +0200] "GET /cats-dubout-figurine-heck-same-dress-p-32701.html HTTP/1.0" 200 75332 "-" "Mozilla/5.0 (compatible; SemrushBot/7~bl; +http://www.semrush.com/bot.html)"
54.36.148.4 - - [10/Jul/2022:21:49:55 +0200] "GET /images/big_prod_1/b8435306294471.jpg HTTP/1.0" 200 271 "-" "Mozilla/5.0 (compatible; AhrefsBot/7.0; +http://ahrefs.com/robot/)"
114.119.137.38 - - [10/Jul/2022:21:49:56 +0200] "GET /gorjuss-oops-daisy-glasses-p-43164.html HTTP/1.0" 200 74865 "http://www.wonder-geek.com/glasses-case-c-31_164.html?page=4" "Mozilla/5.0 (Linux; Android 7.0;) AppleWebKit/537.36 (KHTML, like Gecko) Mobile Safari/537.36 (compatible; PetalBot;+https://webmaster.petalsearch.com/site/petalbot)"
185.191.171.9 - - [10/Jul/2022:21:50:00 +0200] "GET /giraffe-decorative-statue-39-cm-p-51227.html HTTP/1.0" 301 71683 "-" "Mozilla/5.0 (compatible; SemrushBot/7~bl; +http://www.semrush.com/bot.html)"
185.191.171.14 - - [10/Jul/2022:21:50:03 +0200] "GET /giraffe-decorative-statue-p-51227.html HTTP/1.0" 200 71591 "-" "Mozilla/5.0 (compatible; SemrushBot/7~bl; +http://www.semrush.com/bot.html)"
144.76.68.76 - - [10/Jul/2022:21:50:17 +0200] "GET /minnie-mouse-sunglasses-child-p-29952.html HTTP/1.0" 200 74473 "-" "serpstatbot/2.1 (advanced backlink tracking bot; https://serpstatbot.com/; abuse@serpstatbot.com)"
195.110.77.193 - - [10/Jul/2022:21:50:26 +0200] "GET /images/mini_prod/5060021928740.jpg HTTP/1.0" 200 269 "-" "Mozilla/5.0 (X11; Ubuntu; Linux x86_64; rv:72.0) Gecko/20100101 Firefox/72.0"
185.191.171.20 - - [10/Jul/2022:21:50:45 +0200] "GET /green-moonstone-sold-weight-p-48725.html?action=add_product HTTP/1.0" 302 476 "-" "Mozilla/5.0 (compatible; SemrushBot/7~bl; +http://www.semrush.com/bot.html)"
114.119.137.31 - - [10/Jul/2022:21:51:04 +0200] "GET /sticker-guitar-photo-frame-p-25041.html HTTP/1.0" 200 74376 "http://www.wonder-geek.com/photo-frames-memo-clips-c-13_132.html" "Mozilla/5.0 (Linux; Android 7.0;) AppleWebKit/537.36 (KHTML, like Gecko) Mobile Safari/537.36 (compatible; PetalBot;+https://webmaster.petalsearch.com/site/petalbot)"
144.76.68.76 - - [10/Jul/2022:21:51:19 +0200] "GET /transportable-metal-lamp-p-55139.html HTTP/1.0" 200 75090 "-" "serpstatbot/2.1 (advanced backlink tracking bot; https://serpstatbot.com/; abuse@serpstatbot.com)"
17.121.115.148 - - [10/Jul/2022:21:51:26 +0200] "GET /cbkreation-p-26519.html HTTP/1.0" 200 74087 "-" "Mozilla/5.0 (Macintosh; Intel Mac OS X 10_15_5) AppleWebKit/605.1.15 (KHTML, like Gecko) Version/13.1.1 Safari/605.1.15 (Applebot/0.1; +http://www.apple.com/go/applebot)"
185.191.171.23 - - [10/Jul/2022:21:51:51 +0200] "GET /paperweight-jellyfish-10-cm-p-49434.html HTTP/1.0" 301 71663 "-" "Mozilla/5.0 (compatible; SemrushBot/7~bl; +http://www.semrush.com/bot.html)"
185.191.171.23 - - [10/Jul/2022:21:51:54 +0200] "GET /paperweight-jellyfish-p-49434.html HTTP/1.0" 200 71575 "-" "Mozilla/5.0 (compatible; SemrushBot/7~bl; +http://www.semrush.com/bot.html)"
185.191.171.24 - - [10/Jul/2022:21:51:57 +0200] "GET /zen-decorative-metal-plate-by-cbkreation-p-52908.html HTTP/1.0" 301 74345 "-" "Mozilla/5.0 (compatible; SemrushBot/7~bl; +http://www.semrush.com/bot.html)"
185.191.171.24 - - [10/Jul/2022:21:52:01 +0200] "GET /decorative-metal-plate-cbkreation-p-52908.html HTTP/1.0" 200 74245 "-" "Mozilla/5.0 (compatible; SemrushBot/7~bl; +http://www.semrush.com/bot.html)"
114.119.137.31 - - [10/Jul/2022:21:52:11 +0200] "GET /salt-box-made-of-ceramic-and-bamboo-p-50748.html HTTP/1.0" 301 75366 "http://www.wonder-geek.com/salt-boxes-and-jars-c-12_223.html?page=2" "Mozilla/5.0 (Linux; Android 7.0;) AppleWebKit/537.36 (KHTML, like Gecko) Mobile Safari/537.36 (compatible; PetalBot;+https://webmaster.petalsearch.com/site/petalbot)"
66.249.64.158 - - [10/Jul/2022:21:52:14 +0200] "GET /coffee-house-frame-with-p-46684.html HTTP/1.0" 200 74226 "-" "Mozilla/5.0 (Linux; Android 6.0.1; Nexus 5X Build/MMB29P) AppleWebKit/537.36 (KHTML, like Gecko) Chrome/103.0.5060.114 Mobile Safari/537.36 (compatible; Googlebot/2.1; +http://www.google.com/bot.html)"
114.119.137.31 - - [10/Jul/2022:21:52:21 +0200] "GET /salt-made-ceramic-bamboo-p-50748.html HTTP/1.0" 200 75275 "http://www.wonder-geek.com/salt-boxes-and-jars-c-12_223.html?page=2" "Mozilla/5.0 (Linux; Android 7.0;) AppleWebKit/537.36 (KHTML, like Gecko) Mobile Safari/537.36 (compatible; PetalBot;+https://webmaster.petalsearch.com/site/petalbot)"
144.76.68.76 - - [10/Jul/2022:21:52:22 +0200] "GET /minnie-mouse-swimming-armband-p-19979.html HTTP/1.0" 200 71626 "-" "serpstatbot/2.1 (advanced backlink tracking bot; https://serpstatbot.com/; abuse@serpstatbot.com)"
185.191.171.17 - - [10/Jul/2022:21:52:36 +0200] "GET /porcelain-blush-p-57237.html HTTP/1.0" 200 74103 "-" "Mozilla/5.0 (compatible; SemrushBot/7~bl; +http://www.semrush.com/bot.html)"
185.191.171.6 - - [10/Jul/2022:21:52:59 +0200] "GET /queen-gold-decorative-chess-piece-p-49286.html HTTP/1.0" 301 71556 "-" "Mozilla/5.0 (compatible; SemrushBot/7~bl; +http://www.semrush.com/bot.html)"
185.191.171.9 - - [10/Jul/2022:21:53:03 +0200] "GET /-p-49286.html HTTP/1.0" 200 71489 "-" "Mozilla/5.0 (compatible; SemrushBot/7~bl; +http://www.semrush.com/bot.html)"
54.36.148.215 - - [10/Jul/2022:21:53:04 +0200] "GET /allen-desings-crazy-little-tray-p-55430.html HTTP/1.0" 200 74991 "-" "Mozilla/5.0 (compatible; AhrefsBot/7.0; +http://ahrefs.com/robot/)"
54.36.148.165 - - [10/Jul/2022:21:53:07 +0200] "GET /images/big_prod_1/3453131155229B.jpg HTTP/1.0" 200 271 "-" "Mozilla/5.0 (compatible; AhrefsBot/7.0; +http://ahrefs.com/robot/)"
54.36.149.100 - - [10/Jul/2022:21:53:07 +0200] "GET /images/big_prod/3453131155229.jpg HTTP/1.0" 200 268 "-" "Mozilla/5.0 (compatible; AhrefsBot/7.0; +http://ahrefs.com/robot/)"
185.191.171.24 - - [10/Jul/2022:21:53:06 +0200] "GET /zodiac-high-ceramic-mug-p-30779.html HTTP/1.0" 301 74167 "-" "Mozilla/5.0 (compatible; SemrushBot/7~bl; +http://www.semrush.com/bot.html)"
185.191.171.25 - - [10/Jul/2022:21:53:09 +0200] "GET /zodiac-high-ceramic-p-30779.html HTTP/1.0" 200 74081 "-" "Mozilla/5.0 (compatible; SemrushBot/7~bl; +http://www.semrush.com/bot.html)"
185.191.171.10 - - [10/Jul/2022:21:53:19 +0200] "GET /incense-burner-brass-for-charcoal-and-incense-sticks-dark-red-p-46635.html HTTP/1.0" 301 74802 "-" "Mozilla/5.0 (compatible; SemrushBot/7~bl; +http://www.semrush.com/bot.html)"
185.191.171.35 - - [10/Jul/2022:21:53:22 +0200] "GET /incense-burner-brass-charcoal-incense-sticks-dark-p-46635.html HTTP/1.0" 200 74686 "-" "Mozilla/5.0 (compatible; SemrushBot/7~bl; +http://www.semrush.com/bot.html)"
144.76.68.76 - - [10/Jul/2022:21:53:24 +0200] "GET /transportable-rechargeable-radio-p-44018.html HTTP/1.0" 200 74517 "-" "serpstatbot/2.1 (advanced backlink tracking bot; https://serpstatbot.com/; abuse@serpstatbot.com)"
185.191.171.38 - - [10/Jul/2022:21:53:24 +0200] "GET /keyrings-c-3_52.html?page=5 HTTP/1.0" 200 95351 "-" "Mozilla/5.0 (compatible; SemrushBot/7~bl; +http://www.semrush.com/bot.html)"
144.76.68.76 - - [10/Jul/2022:21:54:26 +0200] "GET /minnie-mouse-travel-journal-p-26052.html HTTP/1.0" 200 74281 "-" "serpstatbot/2.1 (advanced backlink tracking bot; https://serpstatbot.com/; abuse@serpstatbot.com)"
