65.108.227.178 - - [10/Jul/2022:07:18:21 +0200] "GET /large-ceramic-lamp-56-cm-white-shade-p-41899.html HTTP/1.0" 301 71556 "-" "Mozilla/5.0 (compatible; MJ12bot/v1.4.8; http://mj12bot.com/)"
65.108.227.178 - - [10/Jul/2022:07:18:26 +0200] "GET /-p-41899.html HTTP/1.0" 200 71489 "-" "Mozilla/5.0 (compatible; MJ12bot/v1.4.8; http://mj12bot.com/)"
65.108.227.178 - - [10/Jul/2022:07:18:29 +0200] "GET /large-ceramic-lamp-beige-shade-p-41901.html HTTP/1.0" 301 71556 "-" "Mozilla/5.0 (compatible; MJ12bot/v1.4.8; http://mj12bot.com/)"
109.73.189.97 - - [10/Jul/2022:07:18:30 +0200] "GET /contact_us.php HTTP/1.0" 200 26238 "http://www.wonder-geek.com/contact_us.php" "Mozilla/5.0 (Windows NT 6.1; Win64; x64) AppleWebKit/537.36 (KHTML, like Gecko) Chrome/83.0.4103.61 Safari/537.36"
109.73.189.97 - - [10/Jul/2022:07:18:32 +0200] "POST /contact_us.php?action=send HTTP/1.0" 200 26465 "http://www.wonder-geek.com/contact_us.php" "Mozilla/5.0 (Windows NT 6.1; Win64; x64) AppleWebKit/537.36 (KHTML, like Gecko) Chrome/83.0.4103.61 Safari/537.36"
65.108.227.178 - - [10/Jul/2022:07:18:34 +0200] "GET /-p-41901.html HTTP/1.0" 200 71489 "-" "Mozilla/5.0 (compatible; MJ12bot/v1.4.8; http://mj12bot.com/)"
54.36.148.205 - - [10/Jul/2022:07:18:38 +0200] "GET /images/6953270928472.jpg HTTP/1.0" 200 259 "-" "Mozilla/5.0 (compatible; AhrefsBot/7.0; +http://ahrefs.com/robot/)"
65.108.227.178 - - [10/Jul/2022:07:18:37 +0200] "GET /large-ceramic-lamp-white-shade-p-41899.html HTTP/1.0" 301 71556 "-" "Mozilla/5.0 (compatible; MJ12bot/v1.4.8; http://mj12bot.com/)"
40.77.167.64 - - [10/Jul/2022:07:18:39 +0200] "GET /images/8028501260640.jpg HTTP/1.0" 200 259 "-" "Mozilla/5.0 (compatible; bingbot/2.0; +http://www.bing.com/bingbot.htm)"
65.108.227.178 - - [10/Jul/2022:07:18:42 +0200] "GET /-p-41899.html HTTP/1.0" 200 71489 "-" "Mozilla/5.0 (compatible; MJ12bot/v1.4.8; http://mj12bot.com/)"
65.108.227.178 - - [10/Jul/2022:07:18:45 +0200] "GET /large-sport-bag-all-blacks-p-26592.html HTTP/1.0" 301 71556 "-" "Mozilla/5.0 (compatible; MJ12bot/v1.4.8; http://mj12bot.com/)"
65.108.227.178 - - [10/Jul/2022:07:18:48 +0200] "GET /-p-26592.html HTTP/1.0" 200 71489 "-" "Mozilla/5.0 (compatible; MJ12bot/v1.4.8; http://mj12bot.com/)"
65.108.227.178 - - [10/Jul/2022:07:18:52 +0200] "GET /large-sport-bag-all-blacks-p-31351.html HTTP/1.0" 301 71556 "-" "Mozilla/5.0 (compatible; MJ12bot/v1.4.8; http://mj12bot.com/)"
65.108.227.178 - - [10/Jul/2022:07:18:54 +0200] "GET /-p-31351.html HTTP/1.0" 200 71489 "-" "Mozilla/5.0 (compatible; MJ12bot/v1.4.8; http://mj12bot.com/)"
144.76.68.76 - - [10/Jul/2022:07:18:55 +0200] "GET /wooden-with-chiseled-brass-decoration-p-55079.html HTTP/1.0" 200 75243 "-" "serpstatbot/2.1 (advanced backlink tracking bot; https://serpstatbot.com/; abuse@serpstatbot.com)"
65.108.227.178 - - [10/Jul/2022:07:19:00 +0200] "GET /large-sport-bag-fc-barcelona-p-26596.html HTTP/1.0" 301 71556 "-" "Mozilla/5.0 (compatible; MJ12bot/v1.4.8; http://mj12bot.com/)"
65.108.227.178 - - [10/Jul/2022:07:19:04 +0200] "GET /-p-26596.html HTTP/1.0" 200 71489 "-" "Mozilla/5.0 (compatible; MJ12bot/v1.4.8; http://mj12bot.com/)"
65.108.227.178 - - [10/Jul/2022:07:19:09 +0200] "GET /large-textile-suitcase-71-cm-p-37094.html HTTP/1.0" 301 71556 "-" "Mozilla/5.0 (compatible; MJ12bot/v1.4.8; http://mj12bot.com/)"
65.108.227.178 - - [10/Jul/2022:07:19:13 +0200] "GET /-p-37094.html HTTP/1.0" 200 71489 "-" "Mozilla/5.0 (compatible; MJ12bot/v1.4.8; http://mj12bot.com/)"
65.108.227.178 - - [10/Jul/2022:07:19:18 +0200] "GET /le-bonheur-est-dans-le-ble-red-piggy-bank-p-37773.html HTTP/1.0" 301 71556 "-" "Mozilla/5.0 (compatible; MJ12bot/v1.4.8; http://mj12bot.com/)"
65.108.227.178 - - [10/Jul/2022:07:19:21 +0200] "GET /-p-37773.html HTTP/1.0" 200 71489 "-" "Mozilla/5.0 (compatible; MJ12bot/v1.4.8; http://mj12bot.com/)"
40.77.167.42 - - [10/Jul/2022:07:19:25 +0200] "GET /images/mini_prod/3609810063198.jpg HTTP/1.0" 200 269 "-" "Mozilla/5.0 (compatible; bingbot/2.0; +http://www.bing.com/bingbot.htm)"
65.108.227.178 - - [10/Jul/2022:07:19:26 +0200] "GET /le-debut-de-la-fortune-yellow-piggy-bank-p-37774.html HTTP/1.0" 301 71556 "-" "Mozilla/5.0 (compatible; MJ12bot/v1.4.8; http://mj12bot.com/)"
185.191.171.15 - - [10/Jul/2022:07:19:29 +0200] "GET /cats-red-et-grey-set-cups-espresso-p-37857.html HTTP/1.0" 301 74287 "-" "Mozilla/5.0 (compatible; SemrushBot/7~bl; +http://www.semrush.com/bot.html)"
65.108.227.178 - - [10/Jul/2022:07:19:29 +0200] "GET /-p-37774.html HTTP/1.0" 200 71489 "-" "Mozilla/5.0 (compatible; MJ12bot/v1.4.8; http://mj12bot.com/)"
185.191.171.8 - - [10/Jul/2022:07:19:33 +0200] "GET /cats-grey-cups-espresso-p-37857.html HTTP/1.0" 200 74197 "-" "Mozilla/5.0 (compatible; SemrushBot/7~bl; +http://www.semrush.com/bot.html)"
65.108.227.178 - - [10/Jul/2022:07:19:34 +0200] "GET /le-temps-des-cerises-fountain-pen-p-26309.html HTTP/1.0" 301 71556 "-" "Mozilla/5.0 (compatible; MJ12bot/v1.4.8; http://mj12bot.com/)"
65.108.227.178 - - [10/Jul/2022:07:19:38 +0200] "GET /-p-26309.html HTTP/1.0" 200 71489 "-" "Mozilla/5.0 (compatible; MJ12bot/v1.4.8; http://mj12bot.com/)"
65.108.227.178 - - [10/Jul/2022:07:19:42 +0200] "GET /le-temps-des-cerises-fountain-pen-p-26311.html HTTP/1.0" 301 71556 "-" "Mozilla/5.0 (compatible; MJ12bot/v1.4.8; http://mj12bot.com/)"
65.108.227.178 - - [10/Jul/2022:07:19:46 +0200] "GET /-p-26311.html HTTP/1.0" 200 71489 "-" "Mozilla/5.0 (compatible; MJ12bot/v1.4.8; http://mj12bot.com/)"
185.191.171.39 - - [10/Jul/2022:07:19:47 +0200] "GET /glass-side-table-mandala-p-58382.html HTTP/1.0" 200 74747 "-" "Mozilla/5.0 (compatible; SemrushBot/7~bl; +http://www.semrush.com/bot.html)"
54.36.149.83 - - [10/Jul/2022:07:19:47 +0200] "GET /educational-children-watch-corsaire-p-51719.html HTTP/1.0" 200 75627 "-" "Mozilla/5.0 (compatible; AhrefsBot/7.0; +http://ahrefs.com/robot/)"
65.108.227.178 - - [10/Jul/2022:07:19:50 +0200] "GET /le-temps-des-cerises-fountain-pen-p-26312.html HTTP/1.0" 301 71556 "-" "Mozilla/5.0 (compatible; MJ12bot/v1.4.8; http://mj12bot.com/)"
144.76.68.76 - - [10/Jul/2022:07:19:50 +0200] "GET /resin-parrot-statuette-p-48004.html HTTP/1.0" 200 71567 "-" "serpstatbot/2.1 (advanced backlink tracking bot; https://serpstatbot.com/; abuse@serpstatbot.com)"
185.191.171.12 - - [10/Jul/2022:07:19:50 +0200] "GET /little-marcel-p-40940.html?action=add_product HTTP/1.0" 302 476 "-" "Mozilla/5.0 (compatible; SemrushBot/7~bl; +http://www.semrush.com/bot.html)"
65.108.227.178 - - [10/Jul/2022:07:19:53 +0200] "GET /-p-26312.html HTTP/1.0" 200 71489 "-" "Mozilla/5.0 (compatible; MJ12bot/v1.4.8; http://mj12bot.com/)"
185.191.171.12 - - [10/Jul/2022:07:19:53 +0200] "GET /raving-rabbids-cushion-p-27534.html HTTP/1.0" 200 74355 "-" "Mozilla/5.0 (compatible; SemrushBot/7~bl; +http://www.semrush.com/bot.html)"
65.108.227.178 - - [10/Jul/2022:07:19:59 +0200] "GET /led-lamp-spirit-70-blue-p-41936.html HTTP/1.0" 301 71556 "-" "Mozilla/5.0 (compatible; MJ12bot/v1.4.8; http://mj12bot.com/)"
40.77.167.64 - - [10/Jul/2022:07:20:00 +0200] "GET /array-m-11.html HTTP/1.0" 200 90658 "-" "Mozilla/5.0 (compatible; bingbot/2.0; +http://www.bing.com/bingbot.htm)"
65.108.227.178 - - [10/Jul/2022:07:20:02 +0200] "GET /-p-41936.html HTTP/1.0" 200 71489 "-" "Mozilla/5.0 (compatible; MJ12bot/v1.4.8; http://mj12bot.com/)"
65.108.227.178 - - [10/Jul/2022:07:20:07 +0200] "GET /leonidas-statue-32-cm-p-40908.html HTTP/1.0" 301 74263 "-" "Mozilla/5.0 (compatible; MJ12bot/v1.4.8; http://mj12bot.com/)"
65.108.227.178 - - [10/Jul/2022:07:20:13 +0200] "GET /lonidas-statue-p-40908.html HTTP/1.0" 200 74182 "-" "Mozilla/5.0 (compatible; MJ12bot/v1.4.8; http://mj12bot.com/)"
65.108.227.178 - - [10/Jul/2022:07:20:15 +0200] "GET /les-chocolats-de-nol-little-tray-p-41948.html HTTP/1.0" 301 74366 "-" "Mozilla/5.0 (compatible; MJ12bot/v1.4.8; http://mj12bot.com/)"
65.108.227.178 - - [10/Jul/2022:07:20:20 +0200] "GET /chocolats-little-tray-p-41948.html HTTP/1.0" 200 74278 "-" "Mozilla/5.0 (compatible; MJ12bot/v1.4.8; http://mj12bot.com/)"
65.108.227.178 - - [10/Jul/2022:07:20:24 +0200] "GET /les-jeux-video-ont-ruine-ma-vie-shirt-size-p-20379.html HTTP/1.0" 301 71556 "-" "Mozilla/5.0 (compatible; MJ12bot/v1.4.8; http://mj12bot.com/)"
65.108.227.178 - - [10/Jul/2022:07:20:27 +0200] "GET /-p-20379.html HTTP/1.0" 200 71489 "-" "Mozilla/5.0 (compatible; MJ12bot/v1.4.8; http://mj12bot.com/)"
65.108.227.178 - - [10/Jul/2022:07:20:30 +0200] "GET /little-hedgehog-gund-20-cm-brown-p-41949.html HTTP/1.0" 301 74409 "-" "Mozilla/5.0 (compatible; MJ12bot/v1.4.8; http://mj12bot.com/)"
65.108.227.178 - - [10/Jul/2022:07:20:33 +0200] "GET /little-hedgehog-gund-brown-p-41949.html HTTP/1.0" 200 74316 "-" "Mozilla/5.0 (compatible; MJ12bot/v1.4.8; http://mj12bot.com/)"
185.191.171.1 - - [10/Jul/2022:07:20:34 +0200] "GET /nightmare-before-xmas-mayor-car-p-49394.html HTTP/1.0" 301 71689 "-" "Mozilla/5.0 (compatible; SemrushBot/7~bl; +http://www.semrush.com/bot.html)"
65.108.227.178 - - [10/Jul/2022:07:20:36 +0200] "GET /london-academy-backpack-43-cm-p-40876.html HTTP/1.0" 301 74653 "-" "Mozilla/5.0 (compatible; MJ12bot/v1.4.8; http://mj12bot.com/)"
185.191.171.24 - - [10/Jul/2022:07:20:38 +0200] "GET /nightmare-before-xmas-mayor-p-49394.html HTTP/1.0" 200 71595 "-" "Mozilla/5.0 (compatible; SemrushBot/7~bl; +http://www.semrush.com/bot.html)"
65.108.227.178 - - [10/Jul/2022:07:20:40 +0200] "GET /london-academy-backpack-p-40876.html HTTP/1.0" 200 74563 "-" "Mozilla/5.0 (compatible; MJ12bot/v1.4.8; http://mj12bot.com/)"
65.108.227.178 - - [10/Jul/2022:07:20:43 +0200] "GET /love-paris-box-of-coasters-p-39750.html HTTP/1.0" 301 74220 "-" "Mozilla/5.0 (compatible; MJ12bot/v1.4.8; http://mj12bot.com/)"
65.108.227.178 - - [10/Jul/2022:07:20:46 +0200] "GET /love-paris-coasters-p-39750.html HTTP/1.0" 200 74134 "-" "Mozilla/5.0 (compatible; MJ12bot/v1.4.8; http://mj12bot.com/)"
65.108.227.178 - - [10/Jul/2022:07:20:50 +0200] "GET /malle-bench-retro-70-cm-p-41913.html HTTP/1.0" 301 71556 "-" "Mozilla/5.0 (compatible; MJ12bot/v1.4.8; http://mj12bot.com/)"
65.108.227.178 - - [10/Jul/2022:07:20:53 +0200] "GET /-p-41913.html HTTP/1.0" 200 71489 "-" "Mozilla/5.0 (compatible; MJ12bot/v1.4.8; http://mj12bot.com/)"
65.108.227.178 - - [10/Jul/2022:07:20:56 +0200] "GET /meditation-cushion-5th-chakra-vishudda-blue-p-45369.html HTTP/1.0" 301 76123 "-" "Mozilla/5.0 (compatible; MJ12bot/v1.4.8; http://mj12bot.com/)"
65.108.227.178 - - [10/Jul/2022:07:20:59 +0200] "GET /meditation-cushion-chakra-vishudda-blue-p-45369.html HTTP/1.0" 200 76017 "-" "Mozilla/5.0 (compatible; MJ12bot/v1.4.8; http://mj12bot.com/)"
144.76.68.76 - - [10/Jul/2022:07:21:01 +0200] "GET /ring-flower-life-brass-copper-colour-p-44683.html HTTP/1.0" 200 74245 "-" "serpstatbot/2.1 (advanced backlink tracking bot; https://serpstatbot.com/; abuse@serpstatbot.com)"
65.108.227.178 - - [10/Jul/2022:07:21:02 +0200] "GET /microfibre-bed-base-cover-140-190-cm-beige-p-39792.html HTTP/1.0" 301 71556 "-" "Mozilla/5.0 (compatible; MJ12bot/v1.4.8; http://mj12bot.com/)"
65.108.227.178 - - [10/Jul/2022:07:21:05 +0200] "GET /-p-39792.html HTTP/1.0" 200 71489 "-" "Mozilla/5.0 (compatible; MJ12bot/v1.4.8; http://mj12bot.com/)"
65.108.227.178 - - [10/Jul/2022:07:21:09 +0200] "GET /microfibre-bed-base-cover-140-190-cm-taupe-p-39792.html HTTP/1.0" 301 71556 "-" "Mozilla/5.0 (compatible; MJ12bot/v1.4.8; http://mj12bot.com/)"
216.244.66.242 - - [10/Jul/2022:07:21:11 +0200] "GET /horse-clock-p-23446.html HTTP/1.0" 301 71556 "-" "Mozilla/5.0 (compatible; DotBot/1.2; +https://opensiteexplorer.org/dotbot; help@moz.com)"
65.108.227.178 - - [10/Jul/2022:07:21:13 +0200] "GET /-p-39792.html HTTP/1.0" 200 71489 "-" "Mozilla/5.0 (compatible; MJ12bot/v1.4.8; http://mj12bot.com/)"
185.191.171.8 - - [10/Jul/2022:07:21:15 +0200] "GET /road-bike-large-metal-plate-p-12553.html?action=add_product HTTP/1.0" 302 476 "-" "Mozilla/5.0 (compatible; SemrushBot/7~bl; +http://www.semrush.com/bot.html)"
65.108.227.178 - - [10/Jul/2022:07:21:15 +0200] "GET /microfibre-bed-base-cover-160-200-cm-black-p-39796.html HTTP/1.0" 301 71556 "-" "Mozilla/5.0 (compatible; MJ12bot/v1.4.8; http://mj12bot.com/)"
65.108.227.178 - - [10/Jul/2022:07:21:18 +0200] "GET /-p-39796.html HTTP/1.0" 200 71489 "-" "Mozilla/5.0 (compatible; MJ12bot/v1.4.8; http://mj12bot.com/)"
65.108.227.178 - - [10/Jul/2022:07:21:21 +0200] "GET /mini-buddhist-garden-in-resin-p-40916.html HTTP/1.0" 301 71712 "-" "Mozilla/5.0 (compatible; MJ12bot/v1.4.8; http://mj12bot.com/)"
216.244.66.242 - - [10/Jul/2022:07:21:23 +0200] "GET /smiley-ashtray-p-18861.html HTTP/1.0" 301 71556 "-" "Mozilla/5.0 (compatible; DotBot/1.2; +https://opensiteexplorer.org/dotbot; help@moz.com)"
65.108.227.178 - - [10/Jul/2022:07:21:24 +0200] "GET /mini-buddhist-garden-resin-p-40916.html HTTP/1.0" 200 71619 "-" "Mozilla/5.0 (compatible; MJ12bot/v1.4.8; http://mj12bot.com/)"
65.108.227.178 - - [10/Jul/2022:07:21:30 +0200] "GET /mini-rectangular-tray-mini-van-long-beach-blue-p-40896.html HTTP/1.0" 301 71556 "-" "Mozilla/5.0 (compatible; MJ12bot/v1.4.8; http://mj12bot.com/)"
65.108.227.178 - - [10/Jul/2022:07:21:33 +0200] "GET /-p-40896.html HTTP/1.0" 200 71489 "-" "Mozilla/5.0 (compatible; MJ12bot/v1.4.8; http://mj12bot.com/)"
65.108.227.178 - - [10/Jul/2022:07:21:38 +0200] "GET /mini-rectangular-tray-mini-van-summer-palm-green-p-40892.html HTTP/1.0" 301 71556 "-" "Mozilla/5.0 (compatible; MJ12bot/v1.4.8; http://mj12bot.com/)"
216.244.66.242 - - [10/Jul/2022:07:21:38 +0200] "GET /boho-coat-rack-wooden-supports-p-44784.html HTTP/1.0" 200 74861 "-" "Mozilla/5.0 (compatible; DotBot/1.2; +https://opensiteexplorer.org/dotbot; help@moz.com)"
65.108.227.178 - - [10/Jul/2022:07:21:42 +0200] "GET /-p-40892.html HTTP/1.0" 200 71489 "-" "Mozilla/5.0 (compatible; MJ12bot/v1.4.8; http://mj12bot.com/)"
65.108.227.178 - - [10/Jul/2022:07:21:45 +0200] "GET /mister-men-long-sleeve-shirt-p-31041.html HTTP/1.0" 301 75388 "-" "Mozilla/5.0 (compatible; MJ12bot/v1.4.8; http://mj12bot.com/)"
65.108.227.178 - - [10/Jul/2022:07:21:48 +0200] "GET /mister-long-sleeve-shirt-p-31041.html HTTP/1.0" 200 75297 "-" "Mozilla/5.0 (compatible; MJ12bot/v1.4.8; http://mj12bot.com/)"
216.244.66.242 - - [10/Jul/2022:07:21:51 +0200] "GET /buddha-canvas-frame-40-40-cm-p-38506.html HTTP/1.0" 301 74307 "-" "Mozilla/5.0 (compatible; DotBot/1.2; +https://opensiteexplorer.org/dotbot; help@moz.com)"
65.108.227.178 - - [10/Jul/2022:07:21:53 +0200] "GET /monkey-statue-resin-not-hear-anything-p-46700.html HTTP/1.0" 301 71723 "-" "Mozilla/5.0 (compatible; MJ12bot/v1.4.8; http://mj12bot.com/)"
144.76.68.76 - - [10/Jul/2022:07:21:52 +0200] "GET /saint-tropez-placemat-p-40085.html HTTP/1.0" 200 74163 "-" "serpstatbot/2.1 (advanced backlink tracking bot; https://serpstatbot.com/; abuse@serpstatbot.com)"
65.108.227.178 - - [10/Jul/2022:07:21:55 +0200] "GET /monkey-statue-resin-hear-anything-p-46700.html HTTP/1.0" 200 71623 "-" "Mozilla/5.0 (compatible; MJ12bot/v1.4.8; http://mj12bot.com/)"
65.108.227.178 - - [10/Jul/2022:07:21:59 +0200] "GET /mother-and-newborn-baby-figurine-foundations-by-karen-hahn-p-41964.html HTTP/1.0" 301 75462 "-" "Mozilla/5.0 (compatible; MJ12bot/v1.4.8; http://mj12bot.com/)"
185.191.171.6 - - [10/Jul/2022:07:22:00 +0200] "GET /ginnan-eyelets-sheer-curtain-p-51828.html HTTP/1.0" 200 71591 "-" "Mozilla/5.0 (compatible; SemrushBot/7~bl; +http://www.semrush.com/bot.html)"
54.36.148.83 - - [10/Jul/2022:07:22:02 +0200] "GET /retro-frame-bluish-chamonix-p-50793.html HTTP/1.0" 200 74199 "-" "Mozilla/5.0 (compatible; AhrefsBot/7.0; +http://ahrefs.com/robot/)"
216.244.66.242 - - [10/Jul/2022:07:22:03 +0200] "GET /cats-by-dubout-sugar-box-p-26840.html HTTP/1.0" 301 74344 "-" "Mozilla/5.0 (compatible; DotBot/1.2; +https://opensiteexplorer.org/dotbot; help@moz.com)"
65.108.227.178 - - [10/Jul/2022:07:22:04 +0200] "GET /mother-newborn-baby-figurine-foundations-karen-hahn-p-41964.html HTTP/1.0" 200 75344 "-" "Mozilla/5.0 (compatible; MJ12bot/v1.4.8; http://mj12bot.com/)"
65.108.227.178 - - [10/Jul/2022:07:22:07 +0200] "GET /my-little-pony-mousepad-p-16006.html HTTP/1.0" 301 74353 "-" "Mozilla/5.0 (compatible; MJ12bot/v1.4.8; http://mj12bot.com/)"
185.191.171.1 - - [10/Jul/2022:07:22:08 +0200] "GET /nici-bubble-bat-keyring-plush-p-35199.html HTTP/1.0" 301 74268 "-" "Mozilla/5.0 (compatible; SemrushBot/7~bl; +http://www.semrush.com/bot.html)"
65.108.227.178 - - [10/Jul/2022:07:22:10 +0200] "GET /little-pony-mousepad-p-16006.html HTTP/1.0" 200 74266 "-" "Mozilla/5.0 (compatible; MJ12bot/v1.4.8; http://mj12bot.com/)"
185.191.171.5 - - [10/Jul/2022:07:22:12 +0200] "GET /nici-bubble-keyring-plush-p-35199.html HTTP/1.0" 200 74176 "-" "Mozilla/5.0 (compatible; SemrushBot/7~bl; +http://www.semrush.com/bot.html)"
65.108.227.178 - - [10/Jul/2022:07:22:14 +0200] "GET /my-little-pony-table-lamp-p-31873.html HTTP/1.0" 301 71556 "-" "Mozilla/5.0 (compatible; MJ12bot/v1.4.8; http://mj12bot.com/)"
216.244.66.242 - - [10/Jul/2022:07:22:13 +0200] "GET /door-plate-for-the-bathroom-p-48977.html HTTP/1.0" 301 74236 "-" "Mozilla/5.0 (compatible; DotBot/1.2; +https://opensiteexplorer.org/dotbot; help@moz.com)"
65.108.227.178 - - [10/Jul/2022:07:22:18 +0200] "GET /-p-31873.html HTTP/1.0" 200 71489 "-" "Mozilla/5.0 (compatible; MJ12bot/v1.4.8; http://mj12bot.com/)"
65.108.227.178 - - [10/Jul/2022:07:22:21 +0200] "GET /my-little-sailor-princesse-mug-p-37905.html HTTP/1.0" 301 71556 "-" "Mozilla/5.0 (compatible; MJ12bot/v1.4.8; http://mj12bot.com/)"
65.108.227.178 - - [10/Jul/2022:07:22:24 +0200] "GET /-p-37905.html HTTP/1.0" 200 71489 "-" "Mozilla/5.0 (compatible; MJ12bot/v1.4.8; http://mj12bot.com/)"
216.244.66.242 - - [10/Jul/2022:07:22:24 +0200] "GET /may-lin-blue-tea-box-p-45709.html HTTP/1.0" 301 74841 "-" "Mozilla/5.0 (compatible; DotBot/1.2; +https://opensiteexplorer.org/dotbot; help@moz.com)"
65.108.227.178 - - [10/Jul/2022:07:22:27 +0200] "GET /naruto-bath-towel-p-11628.html HTTP/1.0" 301 71556 "-" "Mozilla/5.0 (compatible; MJ12bot/v1.4.8; http://mj12bot.com/)"
65.108.227.178 - - [10/Jul/2022:07:22:30 +0200] "GET /-p-11628.html HTTP/1.0" 200 71489 "-" "Mozilla/5.0 (compatible; MJ12bot/v1.4.8; http://mj12bot.com/)"
65.108.227.178 - - [10/Jul/2022:07:22:33 +0200] "GET /naruto-cap-glove-set-size-52-cm-p-22959.html HTTP/1.0" 301 71556 "-" "Mozilla/5.0 (compatible; MJ12bot/v1.4.8; http://mj12bot.com/)"
216.244.66.242 - - [10/Jul/2022:07:22:33 +0200] "GET /winnie-the-pooh-orange-swimsuit-p-30832.html HTTP/1.0" 301 76033 "-" "Mozilla/5.0 (compatible; DotBot/1.2; +https://opensiteexplorer.org/dotbot; help@moz.com)"
65.108.227.178 - - [10/Jul/2022:07:22:36 +0200] "GET /-p-22959.html HTTP/1.0" 200 71489 "-" "Mozilla/5.0 (compatible; MJ12bot/v1.4.8; http://mj12bot.com/)"
65.108.227.178 - - [10/Jul/2022:07:22:39 +0200] "GET /naruto-cap-glove-set-size-54-cm-p-22960.html HTTP/1.0" 301 71556 "-" "Mozilla/5.0 (compatible; MJ12bot/v1.4.8; http://mj12bot.com/)"
65.108.227.178 - - [10/Jul/2022:07:22:42 +0200] "GET /-p-22960.html HTTP/1.0" 200 71489 "-" "Mozilla/5.0 (compatible; MJ12bot/v1.4.8; http://mj12bot.com/)"
144.76.68.76 - - [10/Jul/2022:07:22:42 +0200] "GET /salt-lamp-tree-life-approx-p-56834.html HTTP/1.0" 200 75205 "-" "serpstatbot/2.1 (advanced backlink tracking bot; https://serpstatbot.com/; abuse@serpstatbot.com)"
216.244.66.242 - - [10/Jul/2022:07:22:43 +0200] "GET /plush-keeleco-eco-friendly-emperor-penguin-p-51852.html HTTP/1.0" 301 75562 "-" "Mozilla/5.0 (compatible; DotBot/1.2; +https://opensiteexplorer.org/dotbot; help@moz.com)"
65.108.227.178 - - [10/Jul/2022:07:22:45 +0200] "GET /natsumi-kimmidoll-doll-10-cm-p-28676.html HTTP/1.0" 301 71697 "-" "Mozilla/5.0 (compatible; MJ12bot/v1.4.8; http://mj12bot.com/)"
65.108.227.178 - - [10/Jul/2022:07:22:48 +0200] "GET /natsumi-kimmidoll-doll-p-28676.html HTTP/1.0" 200 71608 "-" "Mozilla/5.0 (compatible; MJ12bot/v1.4.8; http://mj12bot.com/)"
157.55.39.92 - - [10/Jul/2022:07:22:52 +0200] "GET /images/big_prod/4500327200009.jpg HTTP/1.0" 200 268 "-" "Mozilla/5.0 (compatible; bingbot/2.0; +http://www.bing.com/bingbot.htm)"
65.108.227.178 - - [10/Jul/2022:07:22:52 +0200] "GET /natural-wood-cutting-board-35-50-cm-p-42162.html HTTP/1.0" 301 71702 "-" "Mozilla/5.0 (compatible; MJ12bot/v1.4.8; http://mj12bot.com/)"
40.77.167.42 - - [10/Jul/2022:07:22:56 +0200] "GET /images/big_prod/8433933031452.jpg HTTP/1.0" 200 268 "-" "Mozilla/5.0 (compatible; bingbot/2.0; +http://www.bing.com/bingbot.htm)"
65.108.227.178 - - [10/Jul/2022:07:22:56 +0200] "GET /natural-wood-cutting-board-p-42162.html HTTP/1.0" 200 71609 "-" "Mozilla/5.0 (compatible; MJ12bot/v1.4.8; http://mj12bot.com/)"
65.108.227.178 - - [10/Jul/2022:07:22:59 +0200] "GET /nayla-cockapoo-dog-gund-24-cm-p-32815.html HTTP/1.0" 301 71556 "-" "Mozilla/5.0 (compatible; MJ12bot/v1.4.8; http://mj12bot.com/)"
65.108.227.178 - - [10/Jul/2022:07:23:03 +0200] "GET /-p-32815.html HTTP/1.0" 200 71489 "-" "Mozilla/5.0 (compatible; MJ12bot/v1.4.8; http://mj12bot.com/)"
65.108.227.178 - - [10/Jul/2022:07:23:05 +0200] "GET /nekoamerica-by-neko-mug-p-28954.html HTTP/1.0" 301 74199 "-" "Mozilla/5.0 (compatible; MJ12bot/v1.4.8; http://mj12bot.com/)"
65.108.227.178 - - [10/Jul/2022:07:23:10 +0200] "GET /nekoamerica-neko-p-28954.html HTTP/1.0" 200 74116 "-" "Mozilla/5.0 (compatible; MJ12bot/v1.4.8; http://mj12bot.com/)"
65.108.227.178 - - [10/Jul/2022:07:23:13 +0200] "GET /nemo-dory-figure-p-2912.html HTTP/1.0" 301 71553 "-" "Mozilla/5.0 (compatible; MJ12bot/v1.4.8; http://mj12bot.com/)"
65.108.227.178 - - [10/Jul/2022:07:23:16 +0200] "GET /-p-2912.html HTTP/1.0" 200 71487 "-" "Mozilla/5.0 (compatible; MJ12bot/v1.4.8; http://mj12bot.com/)"
185.191.171.41 - - [10/Jul/2022:07:23:18 +0200] "GET /pillow-case-cotton-percale-threads-p-43850.html HTTP/1.0" 200 75072 "-" "Mozilla/5.0 (compatible; SemrushBot/7~bl; +http://www.semrush.com/bot.html)"
65.108.227.178 - - [10/Jul/2022:07:23:19 +0200] "GET /nemo-figure-p-2902.html HTTP/1.0" 301 71553 "-" "Mozilla/5.0 (compatible; MJ12bot/v1.4.8; http://mj12bot.com/)"
65.108.227.178 - - [10/Jul/2022:07:23:23 +0200] "GET /-p-2902.html HTTP/1.0" 200 71487 "-" "Mozilla/5.0 (compatible; MJ12bot/v1.4.8; http://mj12bot.com/)"
185.191.171.39 - - [10/Jul/2022:07:23:24 +0200] "GET /sugar-bowl-jade-porcelain-p-54934.html?action=add_product HTTP/1.0" 302 476 "-" "Mozilla/5.0 (compatible; SemrushBot/7~bl; +http://www.semrush.com/bot.html)"
65.108.227.178 - - [10/Jul/2022:07:23:26 +0200] "GET /nerf-rebelle-arrow-refill-pack-p-29837.html HTTP/1.0" 301 71556 "-" "Mozilla/5.0 (compatible; MJ12bot/v1.4.8; http://mj12bot.com/)"
65.108.227.178 - - [10/Jul/2022:07:23:29 +0200] "GET /-p-29837.html HTTP/1.0" 200 71489 "-" "Mozilla/5.0 (compatible; MJ12bot/v1.4.8; http://mj12bot.com/)"
65.108.227.178 - - [10/Jul/2022:07:23:34 +0200] "GET /nici-horses-mouse-pad-p-9494.html HTTP/1.0" 301 74314 "-" "Mozilla/5.0 (compatible; MJ12bot/v1.4.8; http://mj12bot.com/)"
144.76.68.76 - - [10/Jul/2022:07:23:35 +0200] "GET /salt-made-ceramic-bamboo-p-55754.html HTTP/1.0" 200 74215 "-" "serpstatbot/2.1 (advanced backlink tracking bot; https://serpstatbot.com/; abuse@serpstatbot.com)"
65.108.227.178 - - [10/Jul/2022:07:23:36 +0200] "GET /nici-horses-mouse-p-9494.html HTTP/1.0" 200 74231 "-" "Mozilla/5.0 (compatible; MJ12bot/v1.4.8; http://mj12bot.com/)"
65.108.227.178 - - [10/Jul/2022:07:23:40 +0200] "GET /nici-jolly-lynn-sheep-plush-25-cm-p-35183.html HTTP/1.0" 301 71727 "-" "Mozilla/5.0 (compatible; MJ12bot/v1.4.8; http://mj12bot.com/)"
185.191.171.17 - - [10/Jul/2022:07:23:41 +0200] "GET /chica-loca-invitation-p-17463.html HTTP/1.0" 200 74374 "-" "Mozilla/5.0 (compatible; SemrushBot/7~bl; +http://www.semrush.com/bot.html)"
65.108.227.178 - - [10/Jul/2022:07:23:43 +0200] "GET /nici-jolly-lynn-sheep-plush-p-35183.html HTTP/1.0" 200 71633 "-" "Mozilla/5.0 (compatible; MJ12bot/v1.4.8; http://mj12bot.com/)"
147.92.153.1 - - [10/Jul/2022:07:23:44 +0200] "GET /artisan-plaster-thermometer-handcrafted-p-58002.html HTTP/1.0" 200 75207 "-" "Mozilla/5.0 (compatible; Linespider/1.1; +https://lin.ee/4dwXkTH)"
54.36.148.221 - - [10/Jul/2022:07:23:45 +0200] "GET /gogh-magnet-p-51217.html HTTP/1.0" 200 74052 "-" "Mozilla/5.0 (compatible; AhrefsBot/7.0; +http://ahrefs.com/robot/)"
54.36.148.240 - - [10/Jul/2022:07:23:48 +0200] "GET /images/big_prod/3453131151757.jpg HTTP/1.0" 200 268 "-" "Mozilla/5.0 (compatible; AhrefsBot/7.0; +http://ahrefs.com/robot/)"
65.108.227.178 - - [10/Jul/2022:07:23:47 +0200] "GET /nici-jolly-lynn-sheep-plush-35-cm-p-35185.html HTTP/1.0" 301 71693 "-" "Mozilla/5.0 (compatible; MJ12bot/v1.4.8; http://mj12bot.com/)"
65.108.227.178 - - [10/Jul/2022:07:23:50 +0200] "GET /nici-jolly-lynn-sheep-plush-p-35185.html HTTP/1.0" 200 71599 "-" "Mozilla/5.0 (compatible; MJ12bot/v1.4.8; http://mj12bot.com/)"
65.108.227.178 - - [10/Jul/2022:07:23:53 +0200] "GET /nici-jolly-tape-in-hair-keyring-p-19106.html HTTP/1.0" 301 71724 "-" "Mozilla/5.0 (compatible; MJ12bot/v1.4.8; http://mj12bot.com/)"
65.108.227.178 - - [10/Jul/2022:07:23:57 +0200] "GET /nici-jolly-tape-hair-keyring-p-19106.html HTTP/1.0" 200 71629 "-" "Mozilla/5.0 (compatible; MJ12bot/v1.4.8; http://mj12bot.com/)"
65.108.227.178 - - [10/Jul/2022:07:24:00 +0200] "GET /nici-orangutan-mug-p-16375.html HTTP/1.0" 301 71643 "-" "Mozilla/5.0 (compatible; MJ12bot/v1.4.8; http://mj12bot.com/)"
65.108.227.178 - - [10/Jul/2022:07:24:03 +0200] "GET /nici-orangutan-p-16375.html HTTP/1.0" 200 71562 "-" "Mozilla/5.0 (compatible; MJ12bot/v1.4.8; http://mj12bot.com/)"
65.108.227.178 - - [10/Jul/2022:07:24:06 +0200] "GET /nici-pink-rabbit-mug-p-22301.html HTTP/1.0" 301 71655 "-" "Mozilla/5.0 (compatible; MJ12bot/v1.4.8; http://mj12bot.com/)"
65.108.227.178 - - [10/Jul/2022:07:24:09 +0200] "GET /nici-pink-rabbit-p-22301.html HTTP/1.0" 200 71572 "-" "Mozilla/5.0 (compatible; MJ12bot/v1.4.8; http://mj12bot.com/)"
65.108.227.178 - - [10/Jul/2022:07:24:12 +0200] "GET /nici-pink-rabbit-plush-22-cm-p-22333.html HTTP/1.0" 301 71556 "-" "Mozilla/5.0 (compatible; MJ12bot/v1.4.8; http://mj12bot.com/)"
185.191.171.22 - - [10/Jul/2022:07:24:15 +0200] "GET /set-of-beige-metal-boxes-coffee-tea-sugar-p-38824.html HTTP/1.0" 301 71734 "-" "Mozilla/5.0 (compatible; SemrushBot/7~bl; +http://www.semrush.com/bot.html)"
65.108.227.178 - - [10/Jul/2022:07:24:15 +0200] "GET /-p-22333.html HTTP/1.0" 200 71489 "-" "Mozilla/5.0 (compatible; MJ12bot/v1.4.8; http://mj12bot.com/)"
185.191.171.3 - - [10/Jul/2022:07:24:17 +0200] "GET /beige-metal-boxes-coffee-sugar-p-38824.html HTTP/1.0" 200 71637 "-" "Mozilla/5.0 (compatible; SemrushBot/7~bl; +http://www.semrush.com/bot.html)"
65.108.227.178 - - [10/Jul/2022:07:24:18 +0200] "GET /nici-seal-soft-toy-15-cm-p-16951.html HTTP/1.0" 301 71556 "-" "Mozilla/5.0 (compatible; MJ12bot/v1.4.8; http://mj12bot.com/)"
65.108.227.178 - - [10/Jul/2022:07:24:22 +0200] "GET /-p-16951.html HTTP/1.0" 200 71489 "-" "Mozilla/5.0 (compatible; MJ12bot/v1.4.8; http://mj12bot.com/)"
144.76.68.76 - - [10/Jul/2022:07:24:24 +0200] "GET /salt-pepper-p-52772.html HTTP/1.0" 200 74946 "-" "serpstatbot/2.1 (advanced backlink tracking bot; https://serpstatbot.com/; abuse@serpstatbot.com)"
65.108.227.178 - - [10/Jul/2022:07:24:25 +0200] "GET /nici-sweet-hearts-green-turtle-plush-35-cm-p-35181.html HTTP/1.0" 301 71738 "-" "Mozilla/5.0 (compatible; MJ12bot/v1.4.8; http://mj12bot.com/)"
65.108.227.178 - - [10/Jul/2022:07:24:28 +0200] "GET /nici-sweet-hearts-green-turtle-plush-p-35181.html HTTP/1.0" 200 71635 "-" "Mozilla/5.0 (compatible; MJ12bot/v1.4.8; http://mj12bot.com/)"
65.108.227.178 - - [10/Jul/2022:07:24:31 +0200] "GET /nici-winter-bear-cushion-p-12293.html HTTP/1.0" 301 71556 "-" "Mozilla/5.0 (compatible; MJ12bot/v1.4.8; http://mj12bot.com/)"
65.108.227.178 - - [10/Jul/2022:07:24:34 +0200] "GET /-p-12293.html HTTP/1.0" 200 71489 "-" "Mozilla/5.0 (compatible; MJ12bot/v1.4.8; http://mj12bot.com/)"
65.108.227.178 - - [10/Jul/2022:07:24:38 +0200] "GET /ninja-turtles-bowl-p-27567.html HTTP/1.0" 301 71556 "-" "Mozilla/5.0 (compatible; MJ12bot/v1.4.8; http://mj12bot.com/)"
185.191.171.17 - - [10/Jul/2022:07:24:40 +0200] "GET /incense-satya-nag-champa-agarbatti-40-grams-or-about-31-sticks-p-39488.html HTTP/1.0" 301 74904 "-" "Mozilla/5.0 (compatible; SemrushBot/7~bl; +http://www.semrush.com/bot.html)"
65.108.227.178 - - [10/Jul/2022:07:24:42 +0200] "GET /-p-27567.html HTTP/1.0" 200 71489 "-" "Mozilla/5.0 (compatible; MJ12bot/v1.4.8; http://mj12bot.com/)"
185.191.171.3 - - [10/Jul/2022:07:24:43 +0200] "GET /incense-satya-champa-agarbatti-grams-about-sticks-p-39488.html HTTP/1.0" 200 74788 "-" "Mozilla/5.0 (compatible; SemrushBot/7~bl; +http://www.semrush.com/bot.html)"
65.108.227.178 - - [10/Jul/2022:07:24:46 +0200] "GET /ninja-turtles-boxer-p-32958.html HTTP/1.0" 301 71556 "-" "Mozilla/5.0 (compatible; MJ12bot/v1.4.8; http://mj12bot.com/)"
65.108.227.178 - - [10/Jul/2022:07:24:49 +0200] "GET /-p-32958.html HTTP/1.0" 200 71489 "-" "Mozilla/5.0 (compatible; MJ12bot/v1.4.8; http://mj12bot.com/)"
65.108.227.178 - - [10/Jul/2022:07:24:53 +0200] "GET /nobuko-kimmidoll-dolls-20-cm-p-27432.html HTTP/1.0" 301 71697 "-" "Mozilla/5.0 (compatible; MJ12bot/v1.4.8; http://mj12bot.com/)"
65.108.227.178 - - [10/Jul/2022:07:24:55 +0200] "GET /nobuko-kimmidoll-dolls-p-27432.html HTTP/1.0" 200 71608 "-" "Mozilla/5.0 (compatible; MJ12bot/v1.4.8; http://mj12bot.com/)"
65.108.227.178 - - [10/Jul/2022:07:24:58 +0200] "GET /ottomans-and-storage-ottomans-c-13_209.html?page=1 HTTP/1.0" 301 91142 "-" "Mozilla/5.0 (compatible; MJ12bot/v1.4.8; http://mj12bot.com/)"
65.108.227.178 - - [10/Jul/2022:07:25:02 +0200] "GET /ottomans-storage-ottomans-c-209.html?page=1 HTTP/1.0" 301 91019 "-" "Mozilla/5.0 (compatible; MJ12bot/v1.4.8; http://mj12bot.com/)"
65.108.227.178 - - [10/Jul/2022:07:25:06 +0200] "GET /ottomans-storage-ottomans-c-13_209.html?page=1 HTTP/1.0" 200 91045 "-" "Mozilla/5.0 (compatible; MJ12bot/v1.4.8; http://mj12bot.com/)"
5.255.253.119 - - [10/Jul/2022:07:25:10 +0200] "GET /robots.txt HTTP/1.0" 200 245 "-" "Mozilla/5.0 (compatible; YandexBot/3.0; +http://yandex.com/bots)"
65.108.227.178 - - [10/Jul/2022:07:25:10 +0200] "GET /ottomans-and-storage-ottomans-c-13_209.html?page=2 HTTP/1.0" 301 91142 "-" "Mozilla/5.0 (compatible; MJ12bot/v1.4.8; http://mj12bot.com/)"
144.76.68.76 - - [10/Jul/2022:07:25:13 +0200] "GET /salt-pepper-shaker-p-40791.html HTTP/1.0" 200 74165 "-" "serpstatbot/2.1 (advanced backlink tracking bot; https://serpstatbot.com/; abuse@serpstatbot.com)"
5.255.253.119 - - [10/Jul/2022:07:25:13 +0200] "GET /cats-dubout-metal-plate-p-30394.html HTTP/1.0" 200 74192 "-" "Mozilla/5.0 (compatible; YandexBot/3.0; +http://yandex.com/bots)"
65.108.227.178 - - [10/Jul/2022:07:25:13 +0200] "GET /ottomans-storage-ottomans-c-209.html?page=2 HTTP/1.0" 301 91019 "-" "Mozilla/5.0 (compatible; MJ12bot/v1.4.8; http://mj12bot.com/)"
100.20.208.216 - - [10/Jul/2022:07:25:18 +0200] "GET /images/mini_prod/3700653593269.jpg HTTP/1.0" 200 269 "-" "Mozilla/5.0 (X11; Ubuntu; Linux x86_64; rv:72.0) Gecko/20100101 Firefox/72.0"
65.108.227.178 - - [10/Jul/2022:07:25:17 +0200] "GET /ottomans-storage-ottomans-c-13_209.html?page=2 HTTP/1.0" 200 91045 "-" "Mozilla/5.0 (compatible; MJ12bot/v1.4.8; http://mj12bot.com/)"
40.77.167.74 - - [10/Jul/2022:07:25:21 +0200] "GET /images/big_prod/3609810062030.jpg HTTP/1.0" 200 268 "-" "Mozilla/5.0 (compatible; bingbot/2.0; +http://www.bing.com/bingbot.htm)"
65.108.227.178 - - [10/Jul/2022:07:25:21 +0200] "GET /ottomans-storage-ottomans-c-209.html?page=1 HTTP/1.0" 301 91019 "-" "Mozilla/5.0 (compatible; MJ12bot/v1.4.8; http://mj12bot.com/)"
185.191.171.42 - - [10/Jul/2022:07:25:22 +0200] "GET /monkey-lamp-p-45417.html HTTP/1.0" 301 71556 "-" "Mozilla/5.0 (compatible; SemrushBot/7~bl; +http://www.semrush.com/bot.html)"
66.249.68.1 - - [10/Jul/2022:07:25:23 +0200] "GET /barbapapa-barbamama-bottle-p-18844.html HTTP/1.0" 200 74151 "-" "Mozilla/5.0 (Linux; Android 6.0.1; Nexus 5X Build/MMB29P) AppleWebKit/537.36 (KHTML, like Gecko) Chrome/103.0.5060.114 Mobile Safari/537.36 (compatible; Googlebot/2.1; +http://www.google.com/bot.html)"
185.191.171.16 - - [10/Jul/2022:07:25:26 +0200] "GET /-p-45417.html HTTP/1.0" 200 71489 "-" "Mozilla/5.0 (compatible; SemrushBot/7~bl; +http://www.semrush.com/bot.html)"
65.108.227.178 - - [10/Jul/2022:07:25:24 +0200] "GET /ottomans-storage-ottomans-c-13_209.html?page=1 HTTP/1.0" 200 91045 "-" "Mozilla/5.0 (compatible; MJ12bot/v1.4.8; http://mj12bot.com/)"
65.108.227.178 - - [10/Jul/2022:07:25:29 +0200] "GET /ottomans-storage-ottomans-c-209.html?page=2 HTTP/1.0" 301 91019 "-" "Mozilla/5.0 (compatible; MJ12bot/v1.4.8; http://mj12bot.com/)"
65.108.227.178 - - [10/Jul/2022:07:25:32 +0200] "GET /ottomans-storage-ottomans-c-13_209.html?page=2 HTTP/1.0" 200 91045 "-" "Mozilla/5.0 (compatible; MJ12bot/v1.4.8; http://mj12bot.com/)"
65.108.227.178 - - [10/Jul/2022:07:25:36 +0200] "GET /owl-statue-16-cm-p-41893.html HTTP/1.0" 301 74259 "-" "Mozilla/5.0 (compatible; MJ12bot/v1.4.8; http://mj12bot.com/)"
65.108.227.178 - - [10/Jul/2022:07:25:39 +0200] "GET /statue-p-41893.html HTTP/1.0" 200 74186 "-" "Mozilla/5.0 (compatible; MJ12bot/v1.4.8; http://mj12bot.com/)"
65.108.227.178 - - [10/Jul/2022:07:25:42 +0200] "GET /owl-statue-16-cm-p-41894.html HTTP/1.0" 301 74259 "-" "Mozilla/5.0 (compatible; MJ12bot/v1.4.8; http://mj12bot.com/)"
54.36.149.92 - - [10/Jul/2022:07:25:43 +0200] "GET /door-coconut-fiber-p-48673.html HTTP/1.0" 200 74304 "-" "Mozilla/5.0 (compatible; AhrefsBot/7.0; +http://ahrefs.com/robot/)"
65.108.227.178 - - [10/Jul/2022:07:25:45 +0200] "GET /statue-p-41894.html HTTP/1.0" 200 74186 "-" "Mozilla/5.0 (compatible; MJ12bot/v1.4.8; http://mj12bot.com/)"
65.108.227.178 - - [10/Jul/2022:07:25:48 +0200] "GET /owl-statue-26-cm-p-41886.html HTTP/1.0" 301 74259 "-" "Mozilla/5.0 (compatible; MJ12bot/v1.4.8; http://mj12bot.com/)"
65.108.227.178 - - [10/Jul/2022:07:25:51 +0200] "GET /statue-p-41886.html HTTP/1.0" 200 74186 "-" "Mozilla/5.0 (compatible; MJ12bot/v1.4.8; http://mj12bot.com/)"
65.108.227.178 - - [10/Jul/2022:07:25:54 +0200] "GET /panther-wall-decoration-in-resin-p-52573.html HTTP/1.0" 301 74344 "-" "Mozilla/5.0 (compatible; MJ12bot/v1.4.8; http://mj12bot.com/)"
65.108.227.178 - - [10/Jul/2022:07:25:57 +0200] "GET /panther-wall-decoration-resin-p-52573.html HTTP/1.0" 200 74248 "-" "Mozilla/5.0 (compatible; MJ12bot/v1.4.8; http://mj12bot.com/)"
65.108.227.178 - - [10/Jul/2022:07:26:00 +0200] "GET /paris-beauty-nail-kit-p-34520.html HTTP/1.0" 301 74404 "-" "Mozilla/5.0 (compatible; MJ12bot/v1.4.8; http://mj12bot.com/)"
144.76.68.76 - - [10/Jul/2022:07:26:01 +0200] "GET /salt-pepper-shaker-p-40798.html HTTP/1.0" 200 74237 "-" "serpstatbot/2.1 (advanced backlink tracking bot; https://serpstatbot.com/; abuse@serpstatbot.com)"
65.108.227.178 - - [10/Jul/2022:07:26:03 +0200] "GET /paris-beauty-nail-p-34520.html HTTP/1.0" 200 74320 "-" "Mozilla/5.0 (compatible; MJ12bot/v1.4.8; http://mj12bot.com/)"
216.244.66.242 - - [10/Jul/2022:07:26:05 +0200] "GET /smokers-items-c-3_112.html?page=5 HTTP/1.0" 200 93345 "-" "Mozilla/5.0 (compatible; DotBot/1.2; +https://opensiteexplorer.org/dotbot; help@moz.com)"
65.108.227.178 - - [10/Jul/2022:07:26:07 +0200] "GET /paris-cover-for-iphone-and-4s-by-etienne-boyer-p-24610.html HTTP/1.0" 301 71556 "-" "Mozilla/5.0 (compatible; MJ12bot/v1.4.8; http://mj12bot.com/)"
65.108.227.178 - - [10/Jul/2022:07:26:11 +0200] "GET /-p-24610.html HTTP/1.0" 200 71489 "-" "Mozilla/5.0 (compatible; MJ12bot/v1.4.8; http://mj12bot.com/)"
65.108.227.178 - - [10/Jul/2022:07:26:14 +0200] "GET /paris-cover-for-iphone-and-4s-by-etienne-boyer-p-24664.html HTTP/1.0" 301 71556 "-" "Mozilla/5.0 (compatible; MJ12bot/v1.4.8; http://mj12bot.com/)"
65.108.227.178 - - [10/Jul/2022:07:26:17 +0200] "GET /-p-24664.html HTTP/1.0" 200 71489 "-" "Mozilla/5.0 (compatible; MJ12bot/v1.4.8; http://mj12bot.com/)"
65.108.227.178 - - [10/Jul/2022:07:26:21 +0200] "GET /paris-cover-for-iphone-et-by-etienne-boyer-p-24611.html HTTP/1.0" 301 71556 "-" "Mozilla/5.0 (compatible; MJ12bot/v1.4.8; http://mj12bot.com/)"
65.108.227.178 - - [10/Jul/2022:07:26:24 +0200] "GET /-p-24611.html HTTP/1.0" 200 71489 "-" "Mozilla/5.0 (compatible; MJ12bot/v1.4.8; http://mj12bot.com/)"
65.108.227.178 - - [10/Jul/2022:07:26:27 +0200] "GET /paris-cover-for-iphone-et-by-etienne-boyer-p-24613.html HTTP/1.0" 301 71556 "-" "Mozilla/5.0 (compatible; MJ12bot/v1.4.8; http://mj12bot.com/)"
65.108.227.178 - - [10/Jul/2022:07:26:30 +0200] "GET /-p-24613.html HTTP/1.0" 200 71489 "-" "Mozilla/5.0 (compatible; MJ12bot/v1.4.8; http://mj12bot.com/)"
65.108.227.178 - - [10/Jul/2022:07:26:33 +0200] "GET /paris-cover-for-iphone-et-by-etienne-boyer-p-24659.html HTTP/1.0" 301 71556 "-" "Mozilla/5.0 (compatible; MJ12bot/v1.4.8; http://mj12bot.com/)"
65.108.227.178 - - [10/Jul/2022:07:26:35 +0200] "GET /-p-24659.html HTTP/1.0" 200 71489 "-" "Mozilla/5.0 (compatible; MJ12bot/v1.4.8; http://mj12bot.com/)"
65.108.227.178 - - [10/Jul/2022:07:26:38 +0200] "GET /paris-p-26193.html HTTP/1.0" 301 71556 "-" "Mozilla/5.0 (compatible; MJ12bot/v1.4.8; http://mj12bot.com/)"
185.191.171.9 - - [10/Jul/2022:07:26:41 +0200] "GET /citron-2cv-miniature-vehicle-p-41830.html HTTP/1.0" 301 74274 "-" "Mozilla/5.0 (compatible; SemrushBot/7~bl; +http://www.semrush.com/bot.html)"
65.108.227.178 - - [10/Jul/2022:07:26:41 +0200] "GET /-p-26193.html HTTP/1.0" 200 71489 "-" "Mozilla/5.0 (compatible; MJ12bot/v1.4.8; http://mj12bot.com/)"
185.191.171.21 - - [10/Jul/2022:07:26:44 +0200] "GET /citron-miniature-vehicle-p-41830.html HTTP/1.0" 200 74183 "-" "Mozilla/5.0 (compatible; SemrushBot/7~bl; +http://www.semrush.com/bot.html)"
65.108.227.178 - - [10/Jul/2022:07:26:45 +0200] "GET /peace-and-love-adult-cap-by-cbkreation-p-36538.html HTTP/1.0" 301 71556 "-" "Mozilla/5.0 (compatible; MJ12bot/v1.4.8; http://mj12bot.com/)"
40.77.167.42 - - [10/Jul/2022:07:26:46 +0200] "GET /images/big_prod/8422011475660.jpg HTTP/1.0" 200 268 "-" "Mozilla/5.0 (compatible; bingbot/2.0; +http://www.bing.com/bingbot.htm)"
65.108.227.178 - - [10/Jul/2022:07:26:47 +0200] "GET /-p-36538.html HTTP/1.0" 200 71489 "-" "Mozilla/5.0 (compatible; MJ12bot/v1.4.8; http://mj12bot.com/)"
65.108.227.178 - - [10/Jul/2022:07:26:50 +0200] "GET /pink-cover-ipad-little-green-hearts-by-cbkreation-p-17891.html HTTP/1.0" 301 71556 "-" "Mozilla/5.0 (compatible; MJ12bot/v1.4.8; http://mj12bot.com/)"
195.110.77.193 - - [10/Jul/2022:07:26:52 +0200] "GET /images/mini_prod/8719497613823.jpg HTTP/1.0" 200 269 "-" "Mozilla/5.0 (X11; Ubuntu; Linux x86_64; rv:72.0) Gecko/20100101 Firefox/72.0"
144.76.68.76 - - [10/Jul/2022:07:26:51 +0200] "GET /batman-polar-blanket-p-31997.html HTTP/1.0" 200 74295 "-" "serpstatbot/2.1 (advanced backlink tracking bot; https://serpstatbot.com/; abuse@serpstatbot.com)"
65.108.227.178 - - [10/Jul/2022:07:26:52 +0200] "GET /-p-17891.html HTTP/1.0" 200 71489 "-" "Mozilla/5.0 (compatible; MJ12bot/v1.4.8; http://mj12bot.com/)"
65.108.227.178 - - [10/Jul/2022:07:26:55 +0200] "GET /playboy-towel-p-9424.html HTTP/1.0" 301 71553 "-" "Mozilla/5.0 (compatible; MJ12bot/v1.4.8; http://mj12bot.com/)"
185.191.171.45 - - [10/Jul/2022:07:26:57 +0200] "GET /buddha-canvas-frame-p-35926.html?action=add_product HTTP/1.0" 302 476 "-" "Mozilla/5.0 (compatible; SemrushBot/7~bl; +http://www.semrush.com/bot.html)"
65.108.227.178 - - [10/Jul/2022:07:26:58 +0200] "GET /-p-9424.html HTTP/1.0" 200 71487 "-" "Mozilla/5.0 (compatible; MJ12bot/v1.4.8; http://mj12bot.com/)"
65.108.227.178 - - [10/Jul/2022:07:27:01 +0200] "GET /portugal-metal-mat-keychain-cbkreation-p-23498.html HTTP/1.0" 301 75559 "-" "Mozilla/5.0 (compatible; MJ12bot/v1.4.8; http://mj12bot.com/)"
65.108.227.178 - - [10/Jul/2022:07:27:03 +0200] "GET /portugal-metal-keychain-cbkreation-p-23498.html HTTP/1.0" 200 75458 "-" "Mozilla/5.0 (compatible; MJ12bot/v1.4.8; http://mj12bot.com/)"
65.108.227.178 - - [10/Jul/2022:07:27:06 +0200] "GET /red-fire-truck-old-metal-41-cm-p-41858.html HTTP/1.0" 301 71556 "-" "Mozilla/5.0 (compatible; MJ12bot/v1.4.8; http://mj12bot.com/)"
65.108.227.178 - - [10/Jul/2022:07:27:09 +0200] "GET /-p-41858.html HTTP/1.0" 200 71489 "-" "Mozilla/5.0 (compatible; MJ12bot/v1.4.8; http://mj12bot.com/)"
65.108.227.178 - - [10/Jul/2022:07:27:12 +0200] "GET /red-vintage-motorcycle-coat-rack-p-46694.html HTTP/1.0" 301 74364 "-" "Mozilla/5.0 (compatible; MJ12bot/v1.4.8; http://mj12bot.com/)"
65.108.227.178 - - [10/Jul/2022:07:27:14 +0200] "GET /vintage-motorcycle-coat-rack-p-46694.html HTTP/1.0" 200 74269 "-" "Mozilla/5.0 (compatible; MJ12bot/v1.4.8; http://mj12bot.com/)"
65.108.227.178 - - [10/Jul/2022:07:27:19 +0200] "GET /rough-of-new-york-bedclothes-220-240-cm-p-29996.html HTTP/1.0" 301 71556 "-" "Mozilla/5.0 (compatible; MJ12bot/v1.4.8; http://mj12bot.com/)"
65.108.227.178 - - [10/Jul/2022:07:27:22 +0200] "GET /-p-29996.html HTTP/1.0" 200 71489 "-" "Mozilla/5.0 (compatible; MJ12bot/v1.4.8; http://mj12bot.com/)"
185.191.171.26 - - [10/Jul/2022:07:27:24 +0200] "GET /hanging-metal-structure-elephant-p-46787.html?action=add_product HTTP/1.0" 302 476 "-" "Mozilla/5.0 (compatible; SemrushBot/7~bl; +http://www.semrush.com/bot.html)"
65.108.227.178 - - [10/Jul/2022:07:27:25 +0200] "GET /round-pillow-macaron-p-50733.html HTTP/1.0" 301 71556 "-" "Mozilla/5.0 (compatible; MJ12bot/v1.4.8; http://mj12bot.com/)"
65.108.227.178 - - [10/Jul/2022:07:27:28 +0200] "GET /-p-50733.html HTTP/1.0" 200 71489 "-" "Mozilla/5.0 (compatible; MJ12bot/v1.4.8; http://mj12bot.com/)"
65.108.227.178 - - [10/Jul/2022:07:27:31 +0200] "GET /round-pink-jute-table-mat-p-49451.html HTTP/1.0" 301 74161 "-" "Mozilla/5.0 (compatible; MJ12bot/v1.4.8; http://mj12bot.com/)"
65.108.227.178 - - [10/Jul/2022:07:27:34 +0200] "GET /round-pink-jute-table-p-49451.html HTTP/1.0" 200 74073 "-" "Mozilla/5.0 (compatible; MJ12bot/v1.4.8; http://mj12bot.com/)"
65.108.227.178 - - [10/Jul/2022:07:27:37 +0200] "GET /route-66-bike-metal-plate-calendar-perpetual-p-12568.html HTTP/1.0" 301 74273 "-" "Mozilla/5.0 (compatible; MJ12bot/v1.4.8; http://mj12bot.com/)"
144.76.68.76 - - [10/Jul/2022:07:27:39 +0200] "GET /adult-apron-arabica-collection-p-52678.html HTTP/1.0" 200 74172 "-" "serpstatbot/2.1 (advanced backlink tracking bot; https://serpstatbot.com/; abuse@serpstatbot.com)"
65.108.227.178 - - [10/Jul/2022:07:27:40 +0200] "GET /route-perpetual-calendar-p-12568.html HTTP/1.0" 200 74182 "-" "Mozilla/5.0 (compatible; MJ12bot/v1.4.8; http://mj12bot.com/)"
65.108.227.178 - - [10/Jul/2022:07:27:45 +0200] "GET /route-66-men-white-tee-shirt-p-30950.html HTTP/1.0" 301 71556 "-" "Mozilla/5.0 (compatible; MJ12bot/v1.4.8; http://mj12bot.com/)"
65.108.227.178 - - [10/Jul/2022:07:27:49 +0200] "GET /-p-30950.html HTTP/1.0" 200 71489 "-" "Mozilla/5.0 (compatible; MJ12bot/v1.4.8; http://mj12bot.com/)"
65.108.227.178 - - [10/Jul/2022:07:27:53 +0200] "GET /ruby-gorjuss-box-p-29450.html HTTP/1.0" 301 71556 "-" "Mozilla/5.0 (compatible; MJ12bot/v1.4.8; http://mj12bot.com/)"
65.108.227.178 - - [10/Jul/2022:07:27:56 +0200] "GET /-p-29450.html HTTP/1.0" 200 71489 "-" "Mozilla/5.0 (compatible; MJ12bot/v1.4.8; http://mj12bot.com/)"
54.36.148.183 - - [10/Jul/2022:07:27:56 +0200] "GET /birdcage-tealight-metal-p-31499.html HTTP/1.0" 200 74275 "-" "Mozilla/5.0 (compatible; AhrefsBot/7.0; +http://ahrefs.com/robot/)"
65.108.227.178 - - [10/Jul/2022:07:28:00 +0200] "GET /russian-dolls-iphone-phone-pink-cover-by-cbkreation-p-18759.html HTTP/1.0" 301 71556 "-" "Mozilla/5.0 (compatible; MJ12bot/v1.4.8; http://mj12bot.com/)"
65.108.227.178 - - [10/Jul/2022:07:28:03 +0200] "GET /-p-18759.html HTTP/1.0" 200 71489 "-" "Mozilla/5.0 (compatible; MJ12bot/v1.4.8; http://mj12bot.com/)"
65.108.227.178 - - [10/Jul/2022:07:28:06 +0200] "GET /salt-and-pepper-set-p-50747.html HTTP/1.0" 301 74868 "-" "Mozilla/5.0 (compatible; MJ12bot/v1.4.8; http://mj12bot.com/)"
65.108.227.178 - - [10/Jul/2022:07:28:09 +0200] "GET /salt-pepper-p-50747.html HTTP/1.0" 200 74790 "-" "Mozilla/5.0 (compatible; MJ12bot/v1.4.8; http://mj12bot.com/)"
65.108.227.178 - - [10/Jul/2022:07:28:13 +0200] "GET /salt-box-made-of-ceramic-and-bamboo-p-50749.html HTTP/1.0" 301 71556 "-" "Mozilla/5.0 (compatible; MJ12bot/v1.4.8; http://mj12bot.com/)"
65.108.227.178 - - [10/Jul/2022:07:28:16 +0200] "GET /-p-50749.html HTTP/1.0" 200 71489 "-" "Mozilla/5.0 (compatible; MJ12bot/v1.4.8; http://mj12bot.com/)"
65.108.227.178 - - [10/Jul/2022:07:28:19 +0200] "GET /salt-made-ceramic-bamboo-p-50749.html HTTP/1.0" 301 71556 "-" "Mozilla/5.0 (compatible; MJ12bot/v1.4.8; http://mj12bot.com/)"
65.108.227.178 - - [10/Jul/2022:07:28:22 +0200] "GET /-p-50749.html HTTP/1.0" 200 71489 "-" "Mozilla/5.0 (compatible; MJ12bot/v1.4.8; http://mj12bot.com/)"
40.77.167.42 - - [10/Jul/2022:07:28:25 +0200] "GET /images/big_prod_3/5400924158132D.jpg HTTP/1.0" 200 271 "-" "Mozilla/5.0 (compatible; bingbot/2.0; +http://www.bing.com/bingbot.htm)"
185.191.171.36 - - [10/Jul/2022:07:28:24 +0200] "GET /decoration-african-woman-30-cm-p-52324.html HTTP/1.0" 301 71678 "-" "Mozilla/5.0 (compatible; SemrushBot/7~bl; +http://www.semrush.com/bot.html)"
65.108.227.178 - - [10/Jul/2022:07:28:25 +0200] "GET /samson-statue-24-cm-p-40914.html HTTP/1.0" 301 71623 "-" "Mozilla/5.0 (compatible; MJ12bot/v1.4.8; http://mj12bot.com/)"
185.191.171.41 - - [10/Jul/2022:07:28:27 +0200] "GET /decoration-african-woman-p-52324.html HTTP/1.0" 200 71587 "-" "Mozilla/5.0 (compatible; SemrushBot/7~bl; +http://www.semrush.com/bot.html)"
144.76.68.76 - - [10/Jul/2022:07:28:27 +0200] "GET /rebelle-mrida-training-bottle-p-17163.html HTTP/1.0" 200 74311 "-" "serpstatbot/2.1 (advanced backlink tracking bot; https://serpstatbot.com/; abuse@serpstatbot.com)"
65.108.227.178 - - [10/Jul/2022:07:28:30 +0200] "GET /samson-statue-p-40914.html HTTP/1.0" 200 71543 "-" "Mozilla/5.0 (compatible; MJ12bot/v1.4.8; http://mj12bot.com/)"
65.108.227.178 - - [10/Jul/2022:07:28:35 +0200] "GET /set-of-bear-fir-decoration-12-cm-p-41952.html HTTP/1.0" 301 71556 "-" "Mozilla/5.0 (compatible; MJ12bot/v1.4.8; http://mj12bot.com/)"
65.108.227.178 - - [10/Jul/2022:07:28:39 +0200] "GET /-p-41952.html HTTP/1.0" 200 71489 "-" "Mozilla/5.0 (compatible; MJ12bot/v1.4.8; http://mj12bot.com/)"
185.191.171.9 - - [10/Jul/2022:07:28:42 +0200] "GET /tweety-referee-figurine-p-31925.html?action=add_product HTTP/1.0" 302 476 "-" "Mozilla/5.0 (compatible; SemrushBot/7~bl; +http://www.semrush.com/bot.html)"
65.108.227.178 - - [10/Jul/2022:07:28:42 +0200] "GET /set-of-gel-crayons-p-40834.html HTTP/1.0" 301 74236 "-" "Mozilla/5.0 (compatible; MJ12bot/v1.4.8; http://mj12bot.com/)"
65.108.227.178 - - [10/Jul/2022:07:28:47 +0200] "GET /crayons-p-40834.html HTTP/1.0" 200 74162 "-" "Mozilla/5.0 (compatible; MJ12bot/v1.4.8; http://mj12bot.com/)"
65.108.227.178 - - [10/Jul/2022:07:28:50 +0200] "GET /set-of-pairs-of-socks-hannah-montana-size-31-35-p-25345.html HTTP/1.0" 301 71556 "-" "Mozilla/5.0 (compatible; MJ12bot/v1.4.8; http://mj12bot.com/)"
65.108.227.178 - - [10/Jul/2022:07:28:52 +0200] "GET /-p-25345.html HTTP/1.0" 200 71489 "-" "Mozilla/5.0 (compatible; MJ12bot/v1.4.8; http://mj12bot.com/)"
65.108.227.178 - - [10/Jul/2022:07:28:58 +0200] "GET /set-of-pairs-of-socks-strawberry-shortcake-size-23-26-p-25278.html HTTP/1.0" 301 71556 "-" "Mozilla/5.0 (compatible; MJ12bot/v1.4.8; http://mj12bot.com/)"
65.108.227.178 - - [10/Jul/2022:07:29:01 +0200] "GET /-p-25278.html HTTP/1.0" 200 71489 "-" "Mozilla/5.0 (compatible; MJ12bot/v1.4.8; http://mj12bot.com/)"
65.108.227.178 - - [10/Jul/2022:07:29:04 +0200] "GET /set-of-pairs-of-socks-strawberry-shortcake-size-23-26-p-25279.html HTTP/1.0" 301 71556 "-" "Mozilla/5.0 (compatible; MJ12bot/v1.4.8; http://mj12bot.com/)"
65.108.227.178 - - [10/Jul/2022:07:29:09 +0200] "GET /-p-25279.html HTTP/1.0" 200 71489 "-" "Mozilla/5.0 (compatible; MJ12bot/v1.4.8; http://mj12bot.com/)"
40.77.167.64 - - [10/Jul/2022:07:29:10 +0200] "GET /images/med_prod/1384010178683.jpg HTTP/1.0" 200 268 "-" "Mozilla/5.0 (compatible; bingbot/2.0; +http://www.bing.com/bingbot.htm)"
65.108.227.178 - - [10/Jul/2022:07:29:13 +0200] "GET /set-of-paris-2cv-coaster-p-26462.html HTTP/1.0" 301 71556 "-" "Mozilla/5.0 (compatible; MJ12bot/v1.4.8; http://mj12bot.com/)"
144.76.68.76 - - [10/Jul/2022:07:29:14 +0200] "GET /-p-9037.html HTTP/1.0" 200 71487 "-" "serpstatbot/2.1 (advanced backlink tracking bot; https://serpstatbot.com/; abuse@serpstatbot.com)"
65.108.227.178 - - [10/Jul/2022:07:29:16 +0200] "GET /-p-26462.html HTTP/1.0" 200 71489 "-" "Mozilla/5.0 (compatible; MJ12bot/v1.4.8; http://mj12bot.com/)"
207.46.13.169 - - [10/Jul/2022:07:29:21 +0200] "GET /images/mini_prod/8717318129096.jpg HTTP/1.0" 200 269 "-" "Mozilla/5.0 (compatible; bingbot/2.0; +http://www.bing.com/bingbot.htm)"
65.108.227.178 - - [10/Jul/2022:07:29:21 +0200] "GET /set-of-small-tassen-porcelain-mood-bowls-made-in-germany-p-50704.html HTTP/1.0" 301 75239 "-" "Mozilla/5.0 (compatible; MJ12bot/v1.4.8; http://mj12bot.com/)"
65.108.227.178 - - [10/Jul/2022:07:29:24 +0200] "GET /small-tassen-porcelain-mood-bowls-made-germany-p-50704.html HTTP/1.0" 200 75126 "-" "Mozilla/5.0 (compatible; MJ12bot/v1.4.8; http://mj12bot.com/)"
144.76.68.76 - - [10/Jul/2022:07:29:59 +0200] "GET /accessories-c-97_98.html HTTP/1.0" 200 85424 "-" "serpstatbot/2.1 (advanced backlink tracking bot; https://serpstatbot.com/; abuse@serpstatbot.com)"
185.191.171.14 - - [10/Jul/2022:07:30:02 +0200] "GET /gray-donkey-money-p-54811.html HTTP/1.0" 200 74162 "-" "Mozilla/5.0 (compatible; SemrushBot/7~bl; +http://www.semrush.com/bot.html)"
54.36.148.134 - - [10/Jul/2022:07:30:10 +0200] "GET /jane-crowther-p-54771.html HTTP/1.0" 200 74902 "-" "Mozilla/5.0 (compatible; AhrefsBot/7.0; +http://ahrefs.com/robot/)"
185.191.171.40 - - [10/Jul/2022:07:30:23 +0200] "GET /jewelry-holder-mirror-stand-p-55771.html HTTP/1.0" 200 74897 "-" "Mozilla/5.0 (compatible; SemrushBot/7~bl; +http://www.semrush.com/bot.html)"
144.76.68.76 - - [10/Jul/2022:07:30:47 +0200] "GET /avengers-iron-mask-p-24834.html HTTP/1.0" 200 74359 "-" "serpstatbot/2.1 (advanced backlink tracking bot; https://serpstatbot.com/; abuse@serpstatbot.com)"
