144.76.68.76 - - [10/Jul/2022:14:02:02 +0200] "GET /corkscrew-bottle-opener-sommelier-c-12_213.html HTTP/1.0" 200 91542 "-" "serpstatbot/2.1 (advanced backlink tracking bot; https://serpstatbot.com/; abuse@serpstatbot.com)"
185.191.171.9 - - [10/Jul/2022:14:02:15 +0200] "GET /moroccan-ashtray-p-56493.html?action=add_product HTTP/1.0" 302 476 "-" "Mozilla/5.0 (compatible; SemrushBot/7~bl; +http://www.semrush.com/bot.html)"
40.77.167.42 - - [10/Jul/2022:14:02:44 +0200] "GET /tour-france-p-53979.html HTTP/1.0" 200 74050 "-" "Mozilla/5.0 (compatible; bingbot/2.0; +http://www.bing.com/bingbot.htm)"
185.191.171.40 - - [10/Jul/2022:14:02:45 +0200] "GET /silver-leopard-statuette-p-54258.html HTTP/1.0" 200 71575 "-" "Mozilla/5.0 (compatible; SemrushBot/7~bl; +http://www.semrush.com/bot.html)"
144.76.68.76 - - [10/Jul/2022:14:02:56 +0200] "GET /corona-bottle-clock-p-14809.html HTTP/1.0" 200 74373 "-" "serpstatbot/2.1 (advanced backlink tracking bot; https://serpstatbot.com/; abuse@serpstatbot.com)"
207.46.13.23 - - [10/Jul/2022:14:03:08 +0200] "GET /-p-28810.html HTTP/1.0" 200 71489 "-" "Mozilla/5.0 (compatible; bingbot/2.0; +http://www.bing.com/bingbot.htm)"
51.104.180.26 - - [10/Jul/2022:14:03:14 +0200] "GET /images/3454141118716.jpg HTTP/1.0" 200 259 "-" "DuckDuckBot/1.1; (+http://duckduckgo.com/duckduckbot.html)"
185.191.171.34 - - [10/Jul/2022:14:03:15 +0200] "GET /bells-with-rudraksha-symbols-p-41664.html HTTP/1.0" 200 74901 "-" "Mozilla/5.0 (compatible; SemrushBot/7~bl; +http://www.semrush.com/bot.html)"
62.194.100.249 - - [10/Jul/2022:14:03:21 +0200] "GET /dishes/mugs-and-mazagrans/keith-haring-mug-p-28590.html HTTP/1.0" 301 621 "https://duckduckgo.com/" "Mozilla/5.0 (Linux; Android 8.0.0) AppleWebKit/537.36 (KHTML, like Gecko) Version/4.0 Chrome/103.0.5060.71 Mobile DuckDuckGo/5 Safari/537.36"
62.194.100.249 - - [10/Jul/2022:14:03:21 +0200] "GET /dishes/mugs-and-mazagrans/keith-haring-mug-p-28590.html HTTP/1.0" 301 71556 "https://duckduckgo.com/" "Mozilla/5.0 (Linux; Android 8.0.0) AppleWebKit/537.36 (KHTML, like Gecko) Version/4.0 Chrome/103.0.5060.71 Mobile DuckDuckGo/5 Safari/537.36"
62.194.100.249 - - [10/Jul/2022:14:03:23 +0200] "GET /-p-28590.html HTTP/1.0" 200 71489 "https://duckduckgo.com/" "Mozilla/5.0 (Linux; Android 8.0.0) AppleWebKit/537.36 (KHTML, like Gecko) Version/4.0 Chrome/103.0.5060.71 Mobile DuckDuckGo/5 Safari/537.36"
62.194.100.249 - - [10/Jul/2022:14:03:25 +0200] "GET /templates/Pixame_v1/stylesheet.css HTTP/1.0" 200 267 "http://www.wonder-geek.com/-p-28590.html" "Mozilla/5.0 (Linux; Android 8.0.0) AppleWebKit/537.36 (KHTML, like Gecko) Version/4.0 Chrome/103.0.5060.71 Mobile DuckDuckGo/5 Safari/537.36"
62.194.100.249 - - [10/Jul/2022:14:03:25 +0200] "GET /js/jquery.js HTTP/1.0" 200 252 "http://www.wonder-geek.com/-p-28590.html" "Mozilla/5.0 (Linux; Android 8.0.0) AppleWebKit/537.36 (KHTML, like Gecko) Version/4.0 Chrome/103.0.5060.71 Mobile DuckDuckGo/5 Safari/537.36"
62.194.100.249 - - [10/Jul/2022:14:03:25 +0200] "GET /highslide/highslide.js HTTP/1.0" 200 262 "http://www.wonder-geek.com/-p-28590.html" "Mozilla/5.0 (Linux; Android 8.0.0) AppleWebKit/537.36 (KHTML, like Gecko) Version/4.0 Chrome/103.0.5060.71 Mobile DuckDuckGo/5 Safari/537.36"
62.194.100.249 - - [10/Jul/2022:14:03:25 +0200] "GET /js/jquery.jqzoom.js HTTP/1.0" 200 259 "http://www.wonder-geek.com/-p-28590.html" "Mozilla/5.0 (Linux; Android 8.0.0) AppleWebKit/537.36 (KHTML, like Gecko) Version/4.0 Chrome/103.0.5060.71 Mobile DuckDuckGo/5 Safari/537.36"
62.194.100.249 - - [10/Jul/2022:14:03:25 +0200] "GET /mondial_relay/js/jquery-1.3.2.min.js HTTP/1.0" 200 276 "http://www.wonder-geek.com/-p-28590.html" "Mozilla/5.0 (Linux; Android 8.0.0) AppleWebKit/537.36 (KHTML, like Gecko) Version/4.0 Chrome/103.0.5060.71 Mobile DuckDuckGo/5 Safari/537.36"
62.194.100.249 - - [10/Jul/2022:14:03:27 +0200] "GET /swfobject.js HTTP/1.0" 404 1308 "http://www.wonder-geek.com/-p-28590.html" "Mozilla/5.0 (Linux; Android 8.0.0) AppleWebKit/537.36 (KHTML, like Gecko) Version/4.0 Chrome/103.0.5060.71 Mobile DuckDuckGo/5 Safari/537.36"
62.194.100.249 - - [10/Jul/2022:14:03:27 +0200] "GET /templates/Pixame_v1/images/icon_accueil2.png HTTP/1.0" 200 278 "http://www.wonder-geek.com/-p-28590.html" "Mozilla/5.0 (Linux; Android 8.0.0) AppleWebKit/537.36 (KHTML, like Gecko) Version/4.0 Chrome/103.0.5060.71 Mobile DuckDuckGo/5 Safari/537.36"
62.194.100.249 - - [10/Jul/2022:14:03:27 +0200] "GET /templates/Pixame_v1/images/infobox/pixel_trans.gif HTTP/1.0" 200 328 "http://www.wonder-geek.com/-p-28590.html" "Mozilla/5.0 (Linux; Android 8.0.0) AppleWebKit/537.36 (KHTML, like Gecko) Version/4.0 Chrome/103.0.5060.71 Mobile DuckDuckGo/5 Safari/537.36"
62.194.100.249 - - [10/Jul/2022:14:03:28 +0200] "GET /images/pixel_trans.gif HTTP/1.0" 200 328 "http://www.wonder-geek.com/-p-28590.html" "Mozilla/5.0 (Linux; Android 8.0.0) AppleWebKit/537.36 (KHTML, like Gecko) Version/4.0 Chrome/103.0.5060.71 Mobile DuckDuckGo/5 Safari/537.36"
62.194.100.249 - - [10/Jul/2022:14:03:28 +0200] "GET /templates/Pixame_v1/images/pixel_trans.gif HTTP/1.0" 200 328 "http://www.wonder-geek.com/-p-28590.html" "Mozilla/5.0 (Linux; Android 8.0.0) AppleWebKit/537.36 (KHTML, like Gecko) Version/4.0 Chrome/103.0.5060.71 Mobile DuckDuckGo/5 Safari/537.36"
62.194.100.249 - - [10/Jul/2022:14:03:28 +0200] "GET /templates/Pixame_v1/images/buttons/english/button_continue.gif HTTP/1.0" 200 1264 "http://www.wonder-geek.com/-p-28590.html" "Mozilla/5.0 (Linux; Android 8.0.0) AppleWebKit/537.36 (KHTML, like Gecko) Version/4.0 Chrome/103.0.5060.71 Mobile DuckDuckGo/5 Safari/537.36"
62.194.100.249 - - [10/Jul/2022:14:03:28 +0200] "GET /templates/Pixame_v1/images/Middle_texture.jpg HTTP/1.0" 200 280 "http://www.wonder-geek.com/templates/Pixame_v1/stylesheet.css" "Mozilla/5.0 (Linux; Android 8.0.0) AppleWebKit/537.36 (KHTML, like Gecko) Version/4.0 Chrome/103.0.5060.71 Mobile DuckDuckGo/5 Safari/537.36"
62.194.100.249 - - [10/Jul/2022:14:03:28 +0200] "GET /templates/Pixame_v1/images/nav.png HTTP/1.0" 200 268 "http://www.wonder-geek.com/templates/Pixame_v1/stylesheet.css" "Mozilla/5.0 (Linux; Android 8.0.0) AppleWebKit/537.36 (KHTML, like Gecko) Version/4.0 Chrome/103.0.5060.71 Mobile DuckDuckGo/5 Safari/537.36"
62.194.100.249 - - [10/Jul/2022:14:03:28 +0200] "GET /templates/Pixame_v1/images/Bottom_texture.jpg HTTP/1.0" 200 280 "http://www.wonder-geek.com/templates/Pixame_v1/stylesheet.css" "Mozilla/5.0 (Linux; Android 8.0.0) AppleWebKit/537.36 (KHTML, like Gecko) Version/4.0 Chrome/103.0.5060.71 Mobile DuckDuckGo/5 Safari/537.36"
62.194.100.249 - - [10/Jul/2022:14:03:28 +0200] "GET /templates/Pixame_v1/images/header.png HTTP/1.0" 200 271 "http://www.wonder-geek.com/templates/Pixame_v1/stylesheet.css" "Mozilla/5.0 (Linux; Android 8.0.0) AppleWebKit/537.36 (KHTML, like Gecko) Version/4.0 Chrome/103.0.5060.71 Mobile DuckDuckGo/5 Safari/537.36"
62.194.100.249 - - [10/Jul/2022:14:03:28 +0200] "GET /design/productsenstock.png HTTP/1.0" 200 260 "http://www.wonder-geek.com/templates/Pixame_v1/stylesheet.css" "Mozilla/5.0 (Linux; Android 8.0.0) AppleWebKit/537.36 (KHTML, like Gecko) Version/4.0 Chrome/103.0.5060.71 Mobile DuckDuckGo/5 Safari/537.36"
62.194.100.249 - - [10/Jul/2022:14:03:28 +0200] "GET /templates/Pixame_v1/images/header-object.png HTTP/1.0" 200 278 "http://www.wonder-geek.com/templates/Pixame_v1/stylesheet.css" "Mozilla/5.0 (Linux; Android 8.0.0) AppleWebKit/537.36 (KHTML, like Gecko) Version/4.0 Chrome/103.0.5060.71 Mobile DuckDuckGo/5 Safari/537.36"
207.46.13.23 - - [10/Jul/2022:14:03:27 +0200] "GET /snake-wooden-wall-decoration-p-46822.html HTTP/1.0" 200 74215 "-" "Mozilla/5.0 (compatible; bingbot/2.0; +http://www.bing.com/bingbot.htm)"
62.194.100.249 - - [10/Jul/2022:14:03:29 +0200] "GET /templates/Pixame_v1/images/infobox/infobox_footer_middle.gif HTTP/1.0" 200 357 "http://www.wonder-geek.com/-p-28590.html" "Mozilla/5.0 (Linux; Android 8.0.0) AppleWebKit/537.36 (KHTML, like Gecko) Version/4.0 Chrome/103.0.5060.71 Mobile DuckDuckGo/5 Safari/537.36"
40.77.167.42 - - [10/Jul/2022:14:03:27 +0200] "GET /postcard-with-envelope-anniversary-years-p-48848.html HTTP/1.0" 200 74340 "-" "Mozilla/5.0 (compatible; bingbot/2.0; +http://www.bing.com/bingbot.htm)"
216.244.66.242 - - [10/Jul/2022:14:03:29 +0200] "GET /cats-shower-curtain-p-50729.html HTTP/1.0" 200 74822 "-" "Mozilla/5.0 (compatible; DotBot/1.2; +https://opensiteexplorer.org/dotbot; help@moz.com)"
62.194.100.249 - - [10/Jul/2022:14:03:33 +0200] "GET /favicon.ico HTTP/1.0" 200 260 "http://www.wonder-geek.com/-p-28590.html" "Mozilla/5.0 (Linux; Android 8.0.0) AppleWebKit/537.36 (KHTML, like Gecko) Version/4.0 Chrome/103.0.5060.71 Mobile DuckDuckGo/5 Safari/537.36"
62.194.100.249 - - [10/Jul/2022:14:03:32 +0200] "GET /-p-28590.html HTTP/1.0" 200 71489 "https://duckduckgo.com/" "Mozilla/5.0 (Linux; Android 8.0.0) AppleWebKit/537.36 (KHTML, like Gecko) Version/4.0 Chrome/103.0.5060.71 Mobile DuckDuckGo/5 Safari/537.36"
62.194.100.249 - - [10/Jul/2022:14:03:33 +0200] "GET /swfobject.js HTTP/1.0" 404 1308 "http://www.wonder-geek.com/-p-28590.html" "Mozilla/5.0 (Linux; Android 8.0.0) AppleWebKit/537.36 (KHTML, like Gecko) Version/4.0 Chrome/103.0.5060.71 Mobile DuckDuckGo/5 Safari/537.36"
157.55.39.92 - - [10/Jul/2022:14:03:33 +0200] "GET /-p-30706.html HTTP/1.0" 200 71489 "-" "Mozilla/5.0 (compatible; bingbot/2.0; +http://www.bing.com/bingbot.htm)"
216.244.66.242 - - [10/Jul/2022:14:03:34 +0200] "GET /corsica-wall-decoration-p-44560.html HTTP/1.0" 200 74147 "-" "Mozilla/5.0 (compatible; DotBot/1.2; +https://opensiteexplorer.org/dotbot; help@moz.com)"
62.194.100.249 - - [10/Jul/2022:14:03:37 +0200] "GET /highslide/graphics/zoomout.cur HTTP/1.0" 200 614 "http://www.wonder-geek.com/-p-28590.html" "Mozilla/5.0 (Linux; Android 8.0.0) AppleWebKit/537.36 (KHTML, like Gecko) Version/4.0 Chrome/103.0.5060.71 Mobile DuckDuckGo/5 Safari/537.36"
62.194.100.249 - - [10/Jul/2022:14:03:37 +0200] "GET /highslide/graphics/outlines/drop-shadow.png HTTP/1.0" 200 277 "http://www.wonder-geek.com/-p-28590.html" "Mozilla/5.0 (Linux; Android 8.0.0) AppleWebKit/537.36 (KHTML, like Gecko) Version/4.0 Chrome/103.0.5060.71 Mobile DuckDuckGo/5 Safari/537.36"
62.194.100.249 - - [10/Jul/2022:14:03:37 +0200] "GET /highslide/graphics/loader.white.gif HTTP/1.0" 200 960 "http://www.wonder-geek.com/templates/Pixame_v1/stylesheet.css" "Mozilla/5.0 (Linux; Android 8.0.0) AppleWebKit/537.36 (KHTML, like Gecko) Version/4.0 Chrome/103.0.5060.71 Mobile DuckDuckGo/5 Safari/537.36"
216.244.66.242 - - [10/Jul/2022:14:03:44 +0200] "GET /harley-davidson-genuine-metal-plate-p-26424.html HTTP/1.0" 200 74363 "-" "Mozilla/5.0 (compatible; DotBot/1.2; +https://opensiteexplorer.org/dotbot; help@moz.com)"
185.191.171.16 - - [10/Jul/2022:14:03:49 +0200] "GET /ogc-nice-parker-fountain-pen-p-36938.html HTTP/1.0" 301 76429 "-" "Mozilla/5.0 (compatible; SemrushBot/7~bl; +http://www.semrush.com/bot.html)"
144.76.68.76 - - [10/Jul/2022:14:03:51 +0200] "GET /corse-adult-p-29936.html HTTP/1.0" 200 74168 "-" "serpstatbot/2.1 (advanced backlink tracking bot; https://serpstatbot.com/; abuse@serpstatbot.com)"
185.191.171.23 - - [10/Jul/2022:14:03:53 +0200] "GET /nice-parker-fountain-p-36938.html HTTP/1.0" 200 76342 "-" "Mozilla/5.0 (compatible; SemrushBot/7~bl; +http://www.semrush.com/bot.html)"
54.36.149.93 - - [10/Jul/2022:14:04:18 +0200] "GET /-i-17.html HTTP/1.0" 200 100646 "-" "Mozilla/5.0 (compatible; AhrefsBot/7.0; +http://ahrefs.com/robot/)"
185.191.171.42 - - [10/Jul/2022:14:04:23 +0200] "GET /flat-sheet-in-washed-linen-270-310-cm-granite-p-48170.html HTTP/1.0" 301 71556 "-" "Mozilla/5.0 (compatible; SemrushBot/7~bl; +http://www.semrush.com/bot.html)"
185.191.171.18 - - [10/Jul/2022:14:04:25 +0200] "GET /-p-48170.html HTTP/1.0" 200 71489 "-" "Mozilla/5.0 (compatible; SemrushBot/7~bl; +http://www.semrush.com/bot.html)"
207.46.13.169 - - [10/Jul/2022:14:04:30 +0200] "GET /-p-37213.html HTTP/1.0" 200 71489 "-" "Mozilla/5.0 (compatible; bingbot/2.0; +http://www.bing.com/bingbot.htm)"
185.191.171.42 - - [10/Jul/2022:14:04:37 +0200] "GET /tendresse-pillowcase-washed-cotton-gauze-p-54450.html HTTP/1.0" 200 75324 "-" "Mozilla/5.0 (compatible; SemrushBot/7~bl; +http://www.semrush.com/bot.html)"
207.46.13.23 - - [10/Jul/2022:14:04:38 +0200] "GET /star-wars-tie-ship-vehicle-miniature-p-33426.html HTTP/1.0" 301 71556 "-" "Mozilla/5.0 (compatible; bingbot/2.0; +http://www.bing.com/bingbot.htm)"
144.76.68.76 - - [10/Jul/2022:14:04:43 +0200] "GET /corset-black-shirt-p-30121.html HTTP/1.0" 200 75292 "-" "serpstatbot/2.1 (advanced backlink tracking bot; https://serpstatbot.com/; abuse@serpstatbot.com)"
207.46.13.169 - - [10/Jul/2022:14:04:50 +0200] "GET /hello-kitty-backpack-p-15103.html HTTP/1.0" 301 577 "-" "Mozilla/5.0 (compatible; bingbot/2.0; +http://www.bing.com/bingbot.htm)"
207.46.13.169 - - [10/Jul/2022:14:05:00 +0200] "GET /hello-kitty-backpack-p-15103.html HTTP/1.0" 200 75032 "-" "Mozilla/5.0 (compatible; bingbot/2.0; +http://www.bing.com/bingbot.htm)"
185.191.171.3 - - [10/Jul/2022:14:05:00 +0200] "GET /mini-metal-tray-dubout-cats-p-52476.html HTTP/1.0" 200 74254 "-" "Mozilla/5.0 (compatible; SemrushBot/7~bl; +http://www.semrush.com/bot.html)"
144.76.68.76 - - [10/Jul/2022:14:05:36 +0200] "GET /corsica-blue-bowl-p-49239.html HTTP/1.0" 200 74054 "-" "serpstatbot/2.1 (advanced backlink tracking bot; https://serpstatbot.com/; abuse@serpstatbot.com)"
17.121.112.111 - - [10/Jul/2022:14:05:55 +0200] "GET /avengers-age-of-ultron-poster-p-32314.html HTTP/1.0" 301 71556 "-" "Mozilla/5.0 (Macintosh; Intel Mac OS X 10_15_5) AppleWebKit/605.1.15 (KHTML, like Gecko) Version/13.1.1 Safari/605.1.15 (Applebot/0.1; +http://www.apple.com/go/applebot)"
54.36.148.223 - - [10/Jul/2022:14:05:55 +0200] "GET /archangel-michael-statuette-p-48909.html HTTP/1.0" 200 74851 "-" "Mozilla/5.0 (compatible; AhrefsBot/7.0; +http://ahrefs.com/robot/)"
40.77.167.42 - - [10/Jul/2022:14:05:55 +0200] "GET /hello-kitty-large-backpack-p-19832.html HTTP/1.0" 200 74216 "-" "Mozilla/5.0 (compatible; bingbot/2.0; +http://www.bing.com/bingbot.htm)"
17.121.112.111 - - [10/Jul/2022:14:05:57 +0200] "GET /-p-32314.html HTTP/1.0" 200 71489 "-" "Mozilla/5.0 (Macintosh; Intel Mac OS X 10_15_5) AppleWebKit/605.1.15 (KHTML, like Gecko) Version/13.1.1 Safari/605.1.15 (Applebot/0.1; +http://www.apple.com/go/applebot)"
216.244.66.242 - - [10/Jul/2022:14:06:15 +0200] "GET /home/stationery-school-supplies/hello-kitty-pencil-pot-p-19131.html HTTP/1.0" 301 645 "-" "Mozilla/5.0 (compatible; DotBot/1.2; +https://opensiteexplorer.org/dotbot; help@moz.com)"
144.76.68.76 - - [10/Jul/2022:14:06:27 +0200] "GET /corsica-cotton-pouch-p-47656.html HTTP/1.0" 200 74765 "-" "serpstatbot/2.1 (advanced backlink tracking bot; https://serpstatbot.com/; abuse@serpstatbot.com)"
147.92.153.15 - - [10/Jul/2022:14:06:51 +0200] "GET /images/1399984227039.jpg HTTP/1.0" 200 259 "-" "Mozilla/5.0 (compatible; Linespider/1.1; +https://lin.ee/4dwXkTH)"
144.76.68.76 - - [10/Jul/2022:14:07:18 +0200] "GET /corsica-large-cabas-p-39319.html HTTP/1.0" 200 74146 "-" "serpstatbot/2.1 (advanced backlink tracking bot; https://serpstatbot.com/; abuse@serpstatbot.com)"
51.68.224.127 - - [10/Jul/2022:14:07:36 +0200] "GET /adminweb/export_orders_xml.php?token=256de2z6edz6ed2z6DFSFsed2zed6zeDSFDSGdzedezfzf&maxorders=10&orderstart=1&status=14&start_date=2018-10-01 HTTP/1.0" 200 285 "-" "GesCom CharlotteBoutik Serveur"
51.68.224.127 - - [10/Jul/2022:14:07:36 +0200] "GET /adminweb/export_orders_xml.php?token=256de2z6edz6ed2z6DFSFsed2zed6zeDSFDSGdzedezfzf&maxorders=10&orderstart=1&status=6&start_date=2018-10-01 HTTP/1.0" 200 31081 "-" "GesCom CharlotteBoutik Serveur"
207.46.13.169 - - [10/Jul/2022:14:07:40 +0200] "GET /-p-31848.html HTTP/1.0" 200 71489 "-" "Mozilla/5.0 (compatible; bingbot/2.0; +http://www.bing.com/bingbot.htm)"
54.36.148.168 - - [10/Jul/2022:14:07:44 +0200] "GET /metal-plate-p-37076.html HTTP/1.0" 200 74172 "-" "Mozilla/5.0 (compatible; AhrefsBot/7.0; +http://ahrefs.com/robot/)"
54.36.149.92 - - [10/Jul/2022:14:07:46 +0200] "GET /images/big_prod/4036113240039.jpg HTTP/1.0" 200 268 "-" "Mozilla/5.0 (compatible; AhrefsBot/7.0; +http://ahrefs.com/robot/)"
185.191.171.10 - - [10/Jul/2022:14:07:59 +0200] "GET /-p-47972.html?action=add_product HTTP/1.0" 302 476 "-" "Mozilla/5.0 (compatible; SemrushBot/7~bl; +http://www.semrush.com/bot.html)"
207.46.13.169 - - [10/Jul/2022:14:08:01 +0200] "GET /salt-and-pepper-shaker-p-40790.html HTTP/1.0" 301 74229 "-" "Mozilla/5.0 (compatible; bingbot/2.0; +http://www.bing.com/bingbot.htm)"
185.191.171.45 - - [10/Jul/2022:14:08:01 +0200] "GET /lois-jean-manufacturer-wallet-p-38161.html HTTP/1.0" 200 74944 "-" "Mozilla/5.0 (compatible; SemrushBot/7~bl; +http://www.semrush.com/bot.html)"
144.76.68.76 - - [10/Jul/2022:14:08:09 +0200] "GET /corsica-mini-metal-tray-p-42355.html HTTP/1.0" 200 74208 "-" "serpstatbot/2.1 (advanced backlink tracking bot; https://serpstatbot.com/; abuse@serpstatbot.com)"
216.244.66.242 - - [10/Jul/2022:14:08:36 +0200] "GET /-p-11661.html HTTP/1.0" 200 71489 "-" "Mozilla/5.0 (compatible; DotBot/1.2; +https://opensiteexplorer.org/dotbot; help@moz.com)"
185.191.171.11 - - [10/Jul/2022:14:08:39 +0200] "GET /jasmin-coasters-p-34892.html HTTP/1.0" 200 74084 "-" "Mozilla/5.0 (compatible; SemrushBot/7~bl; +http://www.semrush.com/bot.html)"
185.191.171.23 - - [10/Jul/2022:14:08:42 +0200] "GET /mugs-and-mazagrans-c-12_57.html?page=20 HTTP/1.0" 301 97984 "-" "Mozilla/5.0 (compatible; SemrushBot/7~bl; +http://www.semrush.com/bot.html)"
216.244.66.242 - - [10/Jul/2022:14:08:42 +0200] "GET /-p-16635.html HTTP/1.0" 200 71489 "-" "Mozilla/5.0 (compatible; DotBot/1.2; +https://opensiteexplorer.org/dotbot; help@moz.com)"
185.191.171.2 - - [10/Jul/2022:14:08:45 +0200] "GET /mugs-mazagrans-c-57.html?page=20 HTTP/1.0" 301 97883 "-" "Mozilla/5.0 (compatible; SemrushBot/7~bl; +http://www.semrush.com/bot.html)"
185.191.171.3 - - [10/Jul/2022:14:08:49 +0200] "GET /mugs-mazagrans-c-12_57.html?page=20 HTTP/1.0" 200 97898 "-" "Mozilla/5.0 (compatible; SemrushBot/7~bl; +http://www.semrush.com/bot.html)"
216.244.66.242 - - [10/Jul/2022:14:08:51 +0200] "GET /barbecue-party-apron-square-glove-p-19740.html HTTP/1.0" 200 74310 "-" "Mozilla/5.0 (compatible; DotBot/1.2; +https://opensiteexplorer.org/dotbot; help@moz.com)"
216.244.66.242 - - [10/Jul/2022:14:09:00 +0200] "GET /calamity-jane-figure-p-27318.html HTTP/1.0" 200 73956 "-" "Mozilla/5.0 (compatible; DotBot/1.2; +https://opensiteexplorer.org/dotbot; help@moz.com)"
144.76.68.76 - - [10/Jul/2022:14:09:02 +0200] "GET /corsica-paper-towel-dispenser-p-42542.html HTTP/1.0" 200 74149 "-" "serpstatbot/2.1 (advanced backlink tracking bot; https://serpstatbot.com/; abuse@serpstatbot.com)"
216.244.66.242 - - [10/Jul/2022:14:09:09 +0200] "GET /home-and-decoration/jewelry-boxes-and-music-boxes-c-13_131.html HTTP/1.0" 301 92104 "-" "Mozilla/5.0 (compatible; DotBot/1.2; +https://opensiteexplorer.org/dotbot; help@moz.com)"
185.191.171.45 - - [10/Jul/2022:14:09:16 +0200] "GET /charmelia-lampshade-p-51604.html?action=add_product HTTP/1.0" 302 476 "-" "Mozilla/5.0 (compatible; SemrushBot/7~bl; +http://www.semrush.com/bot.html)"
66.249.64.152 - - [10/Jul/2022:14:09:17 +0200] "GET /images/mini_prod/3662498029788.jpg HTTP/1.0" 200 269 "-" "Googlebot-Image/1.0"
216.244.66.242 - - [10/Jul/2022:14:09:17 +0200] "GET /tetsubin-plum-teapot-japanese-liter-p-40901.html HTTP/1.0" 200 74449 "-" "Mozilla/5.0 (compatible; DotBot/1.2; +https://opensiteexplorer.org/dotbot; help@moz.com)"
185.191.171.19 - - [10/Jul/2022:14:09:29 +0200] "GET /russian-dolls-white-samsung-galaxy-note-phone-cover-cbkreation-p-18760.html HTTP/1.0" 301 71556 "-" "Mozilla/5.0 (compatible; SemrushBot/7~bl; +http://www.semrush.com/bot.html)"
216.244.66.242 - - [10/Jul/2022:14:09:30 +0200] "GET /coconut-fibers-doormat-welcome-house-p-56385.html HTTP/1.0" 200 74525 "-" "Mozilla/5.0 (compatible; DotBot/1.2; +https://opensiteexplorer.org/dotbot; help@moz.com)"
185.191.171.42 - - [10/Jul/2022:14:09:31 +0200] "GET /-p-18760.html HTTP/1.0" 200 71489 "-" "Mozilla/5.0 (compatible; SemrushBot/7~bl; +http://www.semrush.com/bot.html)"
185.191.171.17 - - [10/Jul/2022:14:09:35 +0200] "GET /incense-stick-holder-buddha-p-35504.html HTTP/1.0" 200 75134 "-" "Mozilla/5.0 (compatible; SemrushBot/7~bl; +http://www.semrush.com/bot.html)"
54.36.149.104 - - [10/Jul/2022:14:09:41 +0200] "GET /pepsi-metal-plate-p-40289.html HTTP/1.0" 200 74262 "-" "Mozilla/5.0 (compatible; AhrefsBot/7.0; +http://ahrefs.com/robot/)"
144.76.68.76 - - [10/Jul/2022:14:09:52 +0200] "GET /corsica-post-card-10x15-p-43549.html HTTP/1.0" 200 74091 "-" "serpstatbot/2.1 (advanced backlink tracking bot; https://serpstatbot.com/; abuse@serpstatbot.com)"
185.191.171.35 - - [10/Jul/2022:14:10:14 +0200] "GET /water-hyacinth-table-lamp-p-55246.html?action=add_product HTTP/1.0" 302 476 "-" "Mozilla/5.0 (compatible; SemrushBot/7~bl; +http://www.semrush.com/bot.html)"
144.76.68.76 - - [10/Jul/2022:14:10:44 +0200] "GET /corsica-soap-soap-p-52466.html HTTP/1.0" 200 74407 "-" "serpstatbot/2.1 (advanced backlink tracking bot; https://serpstatbot.com/; abuse@serpstatbot.com)"
185.191.171.40 - - [10/Jul/2022:14:10:46 +0200] "GET /aquarius-pot-cookware-cbkreation-p-43286.html HTTP/1.0" 301 74344 "-" "Mozilla/5.0 (compatible; SemrushBot/7~bl; +http://www.semrush.com/bot.html)"
185.191.171.35 - - [10/Jul/2022:14:10:50 +0200] "GET /aquarius-cookware-cbkreation-p-43286.html HTTP/1.0" 200 74249 "-" "Mozilla/5.0 (compatible; SemrushBot/7~bl; +http://www.semrush.com/bot.html)"
40.77.167.64 - - [10/Jul/2022:14:10:51 +0200] "GET /-p-28877.html HTTP/1.0" 200 71489 "-" "Mozilla/5.0 (compatible; bingbot/2.0; +http://www.bing.com/bingbot.htm)"
40.77.167.42 - - [10/Jul/2022:14:11:28 +0200] "GET /thai-buddha-candle-holder-votive-candle-p-50600.html HTTP/1.0" 200 75045 "-" "Mozilla/5.0 (compatible; bingbot/2.0; +http://www.bing.com/bingbot.htm)"
144.76.68.76 - - [10/Jul/2022:14:11:34 +0200] "GET /cosmetic-bags-flat-purse-c-31_239.html HTTP/1.0" 200 96420 "-" "serpstatbot/2.1 (advanced backlink tracking bot; https://serpstatbot.com/; abuse@serpstatbot.com)"
54.36.148.136 - - [10/Jul/2022:14:11:34 +0200] "GET /jane-crowther-cats-p-53870.html HTTP/1.0" 200 74139 "-" "Mozilla/5.0 (compatible; AhrefsBot/7.0; +http://ahrefs.com/robot/)"
185.191.171.40 - - [10/Jul/2022:14:11:38 +0200] "GET /lampshades-c-86_277.html?page=2 HTTP/1.0" 200 90365 "-" "Mozilla/5.0 (compatible; SemrushBot/7~bl; +http://www.semrush.com/bot.html)"
40.77.167.64 - - [10/Jul/2022:14:11:49 +0200] "GET /images/1399984255278.jpg HTTP/1.0" 200 259 "-" "Mozilla/5.0 (compatible; bingbot/2.0; +http://www.bing.com/bingbot.htm)"
185.191.171.11 - - [10/Jul/2022:14:12:07 +0200] "GET /candle-heart-home-frosted-apple-spice-p-49944.html?action=add_product HTTP/1.0" 302 476 "-" "Mozilla/5.0 (compatible; SemrushBot/7~bl; +http://www.semrush.com/bot.html)"
40.77.167.74 - - [10/Jul/2022:14:12:12 +0200] "GET /-p-34820.html HTTP/1.0" 200 71489 "-" "Mozilla/5.0 (compatible; bingbot/2.0; +http://www.bing.com/bingbot.htm)"
66.249.64.152 - - [10/Jul/2022:14:12:22 +0200] "GET /wall-decoration-beer-capsule-collector-p-56430.html HTTP/1.0" 200 75126 "-" "Mozilla/5.0 (Linux; Android 6.0.1; Nexus 5X Build/MMB29P) AppleWebKit/537.36 (KHTML, like Gecko) Chrome/103.0.5060.114 Mobile Safari/537.36 (compatible; Googlebot/2.1; +http://www.google.com/bot.html)"
144.76.68.76 - - [10/Jul/2022:14:12:25 +0200] "GET /cotton-base-cover-canon-fusil-p-44228.html HTTP/1.0" 200 74305 "-" "serpstatbot/2.1 (advanced backlink tracking bot; https://serpstatbot.com/; abuse@serpstatbot.com)"
207.46.13.169 - - [10/Jul/2022:14:12:30 +0200] "GET /images/big_prod/242BF.jpg HTTP/1.0" 200 260 "-" "Mozilla/5.0 (compatible; bingbot/2.0; +http://www.bing.com/bingbot.htm)"
185.191.171.4 - - [10/Jul/2022:14:12:31 +0200] "GET /monkey-statue-resin-said-nothing-nothing-seen-nothing-heard-p-36553.html?action=add_product HTTP/1.0" 302 476 "-" "Mozilla/5.0 (compatible; SemrushBot/7~bl; +http://www.semrush.com/bot.html)"
207.46.13.23 - - [10/Jul/2022:14:12:49 +0200] "GET /-p-31305.html HTTP/1.0" 200 71489 "-" "Mozilla/5.0 (compatible; bingbot/2.0; +http://www.bing.com/bingbot.htm)"
40.77.167.74 - - [10/Jul/2022:14:13:02 +0200] "GET /-p-29839.html HTTP/1.0" 200 71489 "-" "Mozilla/5.0 (compatible; bingbot/2.0; +http://www.bing.com/bingbot.htm)"
185.191.171.39 - - [10/Jul/2022:14:13:05 +0200] "GET /elsa-disney-frozen-secret-collection-p-29097.html HTTP/1.0" 200 74424 "-" "Mozilla/5.0 (compatible; SemrushBot/7~bl; +http://www.semrush.com/bot.html)"
185.191.171.21 - - [10/Jul/2022:14:13:11 +0200] "GET /poppies-window-sticker-p-55973.html HTTP/1.0" 200 74935 "-" "Mozilla/5.0 (compatible; SemrushBot/7~bl; +http://www.semrush.com/bot.html)"
144.76.68.76 - - [10/Jul/2022:14:13:16 +0200] "GET /cotton-bath-grey-p-45255.html HTTP/1.0" 200 75075 "-" "serpstatbot/2.1 (advanced backlink tracking bot; https://serpstatbot.com/; abuse@serpstatbot.com)"
54.36.149.106 - - [10/Jul/2022:14:13:23 +0200] "GET /little-prince-isothermic-stainless-steel-bottle-p-55851.html HTTP/1.0" 200 75025 "-" "Mozilla/5.0 (compatible; AhrefsBot/7.0; +http://ahrefs.com/robot/)"
185.191.171.4 - - [10/Jul/2022:14:13:24 +0200] "GET /planes-disney-little-backpack-p-30385.html?action=add_product HTTP/1.0" 302 476 "-" "Mozilla/5.0 (compatible; SemrushBot/7~bl; +http://www.semrush.com/bot.html)"
144.76.68.76 - - [10/Jul/2022:14:14:06 +0200] "GET /cotton-bath-mastic-p-47262.html HTTP/1.0" 200 75093 "-" "serpstatbot/2.1 (advanced backlink tracking bot; https://serpstatbot.com/; abuse@serpstatbot.com)"
185.191.171.16 - - [10/Jul/2022:14:14:34 +0200] "GET /help-shower-curtain-p-39388.html?action=add_product HTTP/1.0" 302 476 "-" "Mozilla/5.0 (compatible; SemrushBot/7~bl; +http://www.semrush.com/bot.html)"
185.191.171.12 - - [10/Jul/2022:14:14:43 +0200] "GET /ethnic-wooden-storage-chest-p-49066.html HTTP/1.0" 200 71587 "-" "Mozilla/5.0 (compatible; SemrushBot/7~bl; +http://www.semrush.com/bot.html)"
114.119.137.38 - - [10/Jul/2022:14:14:51 +0200] "GET /brown-horses-jewelry-box-phosphorescent-p-16466.html HTTP/1.0" 301 77754 "http://www.wonder-geek.com/home-and-decoration-c-13.html?page=187" "Mozilla/5.0 (Linux; Android 7.0;) AppleWebKit/537.36 (KHTML, like Gecko) Mobile Safari/537.36 (compatible; PetalBot;+https://webmaster.petalsearch.com/site/petalbot)"
144.76.68.76 - - [10/Jul/2022:14:14:55 +0200] "GET /cotton-bath-p-55253.html HTTP/1.0" 200 75028 "-" "serpstatbot/2.1 (advanced backlink tracking bot; https://serpstatbot.com/; abuse@serpstatbot.com)"
114.119.137.38 - - [10/Jul/2022:14:14:56 +0200] "GET /brown-horses-jewelry-phosphorescent-p-16466.html HTTP/1.0" 200 77652 "http://www.wonder-geek.com/home-and-decoration-c-13.html?page=187" "Mozilla/5.0 (Linux; Android 7.0;) AppleWebKit/537.36 (KHTML, like Gecko) Mobile Safari/537.36 (compatible; PetalBot;+https://webmaster.petalsearch.com/site/petalbot)"
185.191.171.19 - - [10/Jul/2022:14:15:02 +0200] "GET /kimmidoll-love-sorrow-keychain-deco-plate-p-17979.html?action=add_product HTTP/1.0" 302 476 "-" "Mozilla/5.0 (compatible; SemrushBot/7~bl; +http://www.semrush.com/bot.html)"
40.77.167.64 - - [10/Jul/2022:14:15:09 +0200] "GET /images/big_prod_2/a4542202425725.jpg HTTP/1.0" 200 271 "-" "Mozilla/5.0 (compatible; bingbot/2.0; +http://www.bing.com/bingbot.htm)"
20.191.45.212 - - [10/Jul/2022:14:15:13 +0200] "GET / HTTP/1.0" 200 96619 "http://www.wonder-geek.com/" "Mozilla/5.0 (compatible; DuckDuckGo-Favicons-Bot/1.0; +http://duckduckgo.com)"
20.191.45.212 - - [10/Jul/2022:14:15:15 +0200] "GET /favicon.ico HTTP/1.0" 200 260 "http://www.wonder-geek.com/favicon.ico" "Mozilla/5.0 (compatible; DuckDuckGo-Favicons-Bot/1.0; +http://duckduckgo.com)"
185.191.171.17 - - [10/Jul/2022:14:15:17 +0200] "GET /ninja-turtles-bowl-p-27568.html HTTP/1.0" 301 71556 "-" "Mozilla/5.0 (compatible; SemrushBot/7~bl; +http://www.semrush.com/bot.html)"
54.36.148.134 - - [10/Jul/2022:14:15:17 +0200] "GET /venetian-mural-mask-gioiello-p-50851.html HTTP/1.0" 200 75374 "-" "Mozilla/5.0 (compatible; AhrefsBot/7.0; +http://ahrefs.com/robot/)"
185.191.171.41 - - [10/Jul/2022:14:15:19 +0200] "GET /-p-27568.html HTTP/1.0" 200 71489 "-" "Mozilla/5.0 (compatible; SemrushBot/7~bl; +http://www.semrush.com/bot.html)"
185.191.171.16 - - [10/Jul/2022:14:15:23 +0200] "GET /small-tins-gorjuss-sugar-spice-p-48406.html HTTP/1.0" 200 71583 "-" "Mozilla/5.0 (compatible; SemrushBot/7~bl; +http://www.semrush.com/bot.html)"
151.231.217.20 - - [10/Jul/2022:14:15:47 +0200] "GET /templates/Pixame_v1/stylesheet.css HTTP/1.0" 200 267 "http://www.wonder-geek.com/laundry-basket-p-52239.html" "Mozilla/5.0 (Macintosh; Intel Mac OS X 10.15; rv:100.0) Gecko/20100101 Firefox/100.0"
151.231.217.20 - - [10/Jul/2022:14:15:47 +0200] "GET /highslide/highslide.js HTTP/1.0" 200 262 "http://www.wonder-geek.com/laundry-basket-p-52239.html" "Mozilla/5.0 (Macintosh; Intel Mac OS X 10.15; rv:100.0) Gecko/20100101 Firefox/100.0"
151.231.217.20 - - [10/Jul/2022:14:15:47 +0200] "GET /js/jquery.jqzoom.js HTTP/1.0" 200 259 "http://www.wonder-geek.com/laundry-basket-p-52239.html" "Mozilla/5.0 (Macintosh; Intel Mac OS X 10.15; rv:100.0) Gecko/20100101 Firefox/100.0"
151.231.217.20 - - [10/Jul/2022:14:15:47 +0200] "GET /js/jquery.js HTTP/1.0" 200 252 "http://www.wonder-geek.com/laundry-basket-p-52239.html" "Mozilla/5.0 (Macintosh; Intel Mac OS X 10.15; rv:100.0) Gecko/20100101 Firefox/100.0"
151.231.217.20 - - [10/Jul/2022:14:15:47 +0200] "GET /mondial_relay/js/jquery-1.3.2.min.js HTTP/1.0" 200 276 "http://www.wonder-geek.com/laundry-basket-p-52239.html" "Mozilla/5.0 (Macintosh; Intel Mac OS X 10.15; rv:100.0) Gecko/20100101 Firefox/100.0"
151.231.217.20 - - [10/Jul/2022:14:15:47 +0200] "GET /swfobject.js HTTP/1.0" 404 1308 "http://www.wonder-geek.com/laundry-basket-p-52239.html" "Mozilla/5.0 (Macintosh; Intel Mac OS X 10.15; rv:100.0) Gecko/20100101 Firefox/100.0"
151.231.217.20 - - [10/Jul/2022:14:15:45 +0200] "GET /laundry-basket-p-52239.html HTTP/1.0" 200 74706 "https://duckduckgo.com/" "Mozilla/5.0 (Macintosh; Intel Mac OS X 10.15; rv:100.0) Gecko/20100101 Firefox/100.0"
151.231.217.20 - - [10/Jul/2022:14:15:47 +0200] "GET /templates/Pixame_v1/images/pixel_trans.gif HTTP/1.0" 200 328 "http://www.wonder-geek.com/laundry-basket-p-52239.html" "Mozilla/5.0 (Macintosh; Intel Mac OS X 10.15; rv:100.0) Gecko/20100101 Firefox/100.0"
151.231.217.20 - - [10/Jul/2022:14:15:47 +0200] "GET /images/big_prod_1/3609810070851a.jpg HTTP/1.0" 200 271 "http://www.wonder-geek.com/laundry-basket-p-52239.html" "Mozilla/5.0 (Macintosh; Intel Mac OS X 10.15; rv:100.0) Gecko/20100101 Firefox/100.0"
151.231.217.20 - - [10/Jul/2022:14:15:47 +0200] "GET /templates/Pixame_v1/images/icon_accueil2.png HTTP/1.0" 200 278 "http://www.wonder-geek.com/laundry-basket-p-52239.html" "Mozilla/5.0 (Macintosh; Intel Mac OS X 10.15; rv:100.0) Gecko/20100101 Firefox/100.0"
151.231.217.20 - - [10/Jul/2022:14:15:47 +0200] "GET /images/big_prod/3609810070851.jpg HTTP/1.0" 200 268 "http://www.wonder-geek.com/laundry-basket-p-52239.html" "Mozilla/5.0 (Macintosh; Intel Mac OS X 10.15; rv:100.0) Gecko/20100101 Firefox/100.0"
151.231.217.20 - - [10/Jul/2022:14:15:47 +0200] "GET /images/pixel_trans.gif HTTP/1.0" 200 328 "http://www.wonder-geek.com/laundry-basket-p-52239.html" "Mozilla/5.0 (Macintosh; Intel Mac OS X 10.15; rv:100.0) Gecko/20100101 Firefox/100.0"
151.231.217.20 - - [10/Jul/2022:14:15:47 +0200] "GET /templates/Pixame_v1/images/infobox/pixel_trans.gif HTTP/1.0" 200 328 "http://www.wonder-geek.com/laundry-basket-p-52239.html" "Mozilla/5.0 (Macintosh; Intel Mac OS X 10.15; rv:100.0) Gecko/20100101 Firefox/100.0"
151.231.217.20 - - [10/Jul/2022:14:15:47 +0200] "GET /swfobject.js HTTP/1.0" 404 1308 "http://www.wonder-geek.com/laundry-basket-p-52239.html" "Mozilla/5.0 (Macintosh; Intel Mac OS X 10.15; rv:100.0) Gecko/20100101 Firefox/100.0"
151.231.217.20 - - [10/Jul/2022:14:15:47 +0200] "GET /templates/Pixame_v1/images/Bottom_texture.jpg HTTP/1.0" 200 280 "http://www.wonder-geek.com/templates/Pixame_v1/stylesheet.css" "Mozilla/5.0 (Macintosh; Intel Mac OS X 10.15; rv:100.0) Gecko/20100101 Firefox/100.0"
151.231.217.20 - - [10/Jul/2022:14:15:47 +0200] "GET /templates/Pixame_v1/images/Middle_texture.jpg HTTP/1.0" 200 280 "http://www.wonder-geek.com/templates/Pixame_v1/stylesheet.css" "Mozilla/5.0 (Macintosh; Intel Mac OS X 10.15; rv:100.0) Gecko/20100101 Firefox/100.0"
151.231.217.20 - - [10/Jul/2022:14:15:47 +0200] "GET /templates/Pixame_v1/images/nav.png HTTP/1.0" 200 268 "http://www.wonder-geek.com/templates/Pixame_v1/stylesheet.css" "Mozilla/5.0 (Macintosh; Intel Mac OS X 10.15; rv:100.0) Gecko/20100101 Firefox/100.0"
151.231.217.20 - - [10/Jul/2022:14:15:47 +0200] "GET /templates/Pixame_v1/images/header.png HTTP/1.0" 200 271 "http://www.wonder-geek.com/templates/Pixame_v1/stylesheet.css" "Mozilla/5.0 (Macintosh; Intel Mac OS X 10.15; rv:100.0) Gecko/20100101 Firefox/100.0"
151.231.217.20 - - [10/Jul/2022:14:15:47 +0200] "GET /templates/Pixame_v1/images/header-object.png HTTP/1.0" 200 278 "http://www.wonder-geek.com/templates/Pixame_v1/stylesheet.css" "Mozilla/5.0 (Macintosh; Intel Mac OS X 10.15; rv:100.0) Gecko/20100101 Firefox/100.0"
151.231.217.20 - - [10/Jul/2022:14:15:47 +0200] "GET /design/productsenstock.png HTTP/1.0" 200 260 "http://www.wonder-geek.com/templates/Pixame_v1/stylesheet.css" "Mozilla/5.0 (Macintosh; Intel Mac OS X 10.15; rv:100.0) Gecko/20100101 Firefox/100.0"
151.231.217.20 - - [10/Jul/2022:14:15:47 +0200] "GET /templates/Pixame_v1/images/infobox/infobox_footer_middle.gif HTTP/1.0" 200 357 "http://www.wonder-geek.com/laundry-basket-p-52239.html" "Mozilla/5.0 (Macintosh; Intel Mac OS X 10.15; rv:100.0) Gecko/20100101 Firefox/100.0"
151.231.217.20 - - [10/Jul/2022:14:15:47 +0200] "GET /templates/Pixame_v1/images/flash.swf HTTP/1.0" 200 290 "http://www.wonder-geek.com/laundry-basket-p-52239.html" "Mozilla/5.0 (Macintosh; Intel Mac OS X 10.15; rv:100.0) Gecko/20100101 Firefox/100.0"
151.231.217.20 - - [10/Jul/2022:14:15:47 +0200] "GET /templates/Pixame_v1/images/buttons/english/button_in_cart.gif HTTP/1.0" 200 295 "http://www.wonder-geek.com/laundry-basket-p-52239.html" "Mozilla/5.0 (Macintosh; Intel Mac OS X 10.15; rv:100.0) Gecko/20100101 Firefox/100.0"
151.231.217.20 - - [10/Jul/2022:14:15:47 +0200] "GET /highslide/graphics/zoomin.cur HTTP/1.0" 200 614 "http://www.wonder-geek.com/templates/Pixame_v1/stylesheet.css" "Mozilla/5.0 (Macintosh; Intel Mac OS X 10.15; rv:100.0) Gecko/20100101 Firefox/100.0"
151.231.217.20 - - [10/Jul/2022:14:15:47 +0200] "GET /favicon.ico HTTP/1.0" 200 260 "http://www.wonder-geek.com/laundry-basket-p-52239.html" "Mozilla/5.0 (Macintosh; Intel Mac OS X 10.15; rv:100.0) Gecko/20100101 Firefox/100.0"
151.231.217.20 - - [10/Jul/2022:14:15:47 +0200] "GET /highslide/graphics/outlines/drop-shadow.png HTTP/1.0" 200 277 "http://www.wonder-geek.com/laundry-basket-p-52239.html" "Mozilla/5.0 (Macintosh; Intel Mac OS X 10.15; rv:100.0) Gecko/20100101 Firefox/100.0"
151.231.217.20 - - [10/Jul/2022:14:15:47 +0200] "GET /highslide/graphics/zoomout.cur HTTP/1.0" 200 614 "http://www.wonder-geek.com/laundry-basket-p-52239.html" "Mozilla/5.0 (Macintosh; Intel Mac OS X 10.15; rv:100.0) Gecko/20100101 Firefox/100.0"
151.231.217.20 - - [10/Jul/2022:14:15:47 +0200] "GET /highslide/graphics/loader.white.gif HTTP/1.0" 200 960 "http://www.wonder-geek.com/templates/Pixame_v1/stylesheet.css" "Mozilla/5.0 (Macintosh; Intel Mac OS X 10.15; rv:100.0) Gecko/20100101 Firefox/100.0"
144.76.68.76 - - [10/Jul/2022:14:15:46 +0200] "GET /cotton-bath-p-55255.html HTTP/1.0" 200 75028 "-" "serpstatbot/2.1 (advanced backlink tracking bot; https://serpstatbot.com/; abuse@serpstatbot.com)"
110.249.203.110 - - [10/Jul/2022:14:15:54 +0200] "GET /images/D5411217321171.jpg HTTP/1.0" 200 260 "-" "Mozilla/5.0 (X11; Ubuntu; Linux x86_64; rv:72.0) Gecko/20100101 Firefox/72.0"
144.76.68.76 - - [10/Jul/2022:14:16:36 +0200] "GET /cotton-bath-p-55259.html HTTP/1.0" 200 75028 "-" "serpstatbot/2.1 (advanced backlink tracking bot; https://serpstatbot.com/; abuse@serpstatbot.com)"
207.46.13.169 - - [10/Jul/2022:14:16:41 +0200] "GET /dispenser-bottles-p-32079.html HTTP/1.0" 200 74235 "-" "Mozilla/5.0 (compatible; bingbot/2.0; +http://www.bing.com/bingbot.htm)"
40.77.167.42 - - [10/Jul/2022:14:16:57 +0200] "GET /-p-48146.html HTTP/1.0" 200 71489 "-" "Mozilla/5.0 (compatible; bingbot/2.0; +http://www.bing.com/bingbot.htm)"
54.36.148.171 - - [10/Jul/2022:14:17:17 +0200] "GET /indian-elephant-statuette-p-51512.html HTTP/1.0" 200 71595 "-" "Mozilla/5.0 (compatible; AhrefsBot/7.0; +http://ahrefs.com/robot/)"
144.76.68.76 - - [10/Jul/2022:14:17:24 +0200] "GET /cook-oven-glove-p-54728.html HTTP/1.0" 200 74109 "-" "serpstatbot/2.1 (advanced backlink tracking bot; https://serpstatbot.com/; abuse@serpstatbot.com)"
185.191.171.18 - - [10/Jul/2022:14:17:29 +0200] "GET /tealight-metal-p-31497.html HTTP/1.0" 200 74198 "-" "Mozilla/5.0 (compatible; SemrushBot/7~bl; +http://www.semrush.com/bot.html)"
185.191.171.43 - - [10/Jul/2022:14:17:32 +0200] "GET /tassen-mood-made-germany-p-43329.html?action=add_product HTTP/1.0" 302 476 "-" "Mozilla/5.0 (compatible; SemrushBot/7~bl; +http://www.semrush.com/bot.html)"
157.55.39.92 - - [10/Jul/2022:14:18:02 +0200] "GET /images/1399984221303.jpg HTTP/1.0" 200 259 "-" "Mozilla/5.0 (compatible; bingbot/2.0; +http://www.bing.com/bingbot.htm)"
207.46.13.169 - - [10/Jul/2022:14:18:01 +0200] "GET /-p-11163.html HTTP/1.0" 200 71489 "-" "Mozilla/5.0 (compatible; bingbot/2.0; +http://www.bing.com/bingbot.htm)"
207.46.13.169 - - [10/Jul/2022:14:18:10 +0200] "GET /images/big_prod_1/14884b.jpg HTTP/1.0" 200 263 "-" "Mozilla/5.0 (compatible; bingbot/2.0; +http://www.bing.com/bingbot.htm)"
144.76.68.76 - - [10/Jul/2022:14:18:13 +0200] "GET /cotton-floor-cushion-amlia-p-56799.html HTTP/1.0" 200 75020 "-" "serpstatbot/2.1 (advanced backlink tracking bot; https://serpstatbot.com/; abuse@serpstatbot.com)"
185.191.171.1 - - [10/Jul/2022:14:18:46 +0200] "GET /banania-trivet-p-28600.html?action=add_product HTTP/1.0" 302 476 "-" "Mozilla/5.0 (compatible; SemrushBot/7~bl; +http://www.semrush.com/bot.html)"
185.191.171.38 - - [10/Jul/2022:14:19:01 +0200] "GET /decorative-carpets-c-11_269_167.html?page=5 HTTP/1.0" 200 92243 "-" "Mozilla/5.0 (compatible; SemrushBot/7~bl; +http://www.semrush.com/bot.html)"
144.76.68.76 - - [10/Jul/2022:14:19:05 +0200] "GET /cotton-floor-cushion-beige-p-38997.html HTTP/1.0" 200 76188 "-" "serpstatbot/2.1 (advanced backlink tracking bot; https://serpstatbot.com/; abuse@serpstatbot.com)"
185.191.171.16 - - [10/Jul/2022:14:19:05 +0200] "GET /mani-lucky-keychain-p-44129.html?action=add_product HTTP/1.0" 302 476 "-" "Mozilla/5.0 (compatible; SemrushBot/7~bl; +http://www.semrush.com/bot.html)"
54.36.148.65 - - [10/Jul/2022:14:19:25 +0200] "GET /containing-frida-khalo-coasters-p-57324.html HTTP/1.0" 200 74845 "-" "Mozilla/5.0 (compatible; AhrefsBot/7.0; +http://ahrefs.com/robot/)"
54.36.148.22 - - [10/Jul/2022:14:19:28 +0200] "GET /images/big_prod/8422025212039N.jpg HTTP/1.0" 200 269 "-" "Mozilla/5.0 (compatible; AhrefsBot/7.0; +http://ahrefs.com/robot/)"
54.36.149.42 - - [10/Jul/2022:14:19:29 +0200] "GET /images/big_prod_1/8422025212039B.jpg HTTP/1.0" 200 271 "-" "Mozilla/5.0 (compatible; AhrefsBot/7.0; +http://ahrefs.com/robot/)"
185.191.171.44 - - [10/Jul/2022:14:19:34 +0200] "GET /meditation-cushion-organic-cotton-p-52923.html HTTP/1.0" 200 75689 "-" "Mozilla/5.0 (compatible; SemrushBot/7~bl; +http://www.semrush.com/bot.html)"
144.76.68.76 - - [10/Jul/2022:14:19:56 +0200] "GET /cotton-floor-cushion-blue-p-43509.html HTTP/1.0" 200 74779 "-" "serpstatbot/2.1 (advanced backlink tracking bot; https://serpstatbot.com/; abuse@serpstatbot.com)"
40.77.167.42 - - [10/Jul/2022:14:20:16 +0200] "GET /-p-28806.html HTTP/1.0" 200 71489 "-" "Mozilla/5.0 (compatible; bingbot/2.0; +http://www.bing.com/bingbot.htm)"
144.76.68.76 - - [10/Jul/2022:14:20:46 +0200] "GET /cotton-floor-cushion-blue-p-48314.html HTTP/1.0" 200 74779 "-" "serpstatbot/2.1 (advanced backlink tracking bot; https://serpstatbot.com/; abuse@serpstatbot.com)"
185.191.171.2 - - [10/Jul/2022:14:21:09 +0200] "GET /naveen-peel-and-stick-wall-decals-p-22538.html HTTP/1.0" 301 74412 "-" "Mozilla/5.0 (compatible; SemrushBot/7~bl; +http://www.semrush.com/bot.html)"
185.191.171.6 - - [10/Jul/2022:14:21:12 +0200] "GET /naveen-peel-stick-wall-decals-p-22538.html HTTP/1.0" 200 74316 "-" "Mozilla/5.0 (compatible; SemrushBot/7~bl; +http://www.semrush.com/bot.html)"
185.191.171.22 - - [10/Jul/2022:14:21:15 +0200] "GET /sylvester-blue-suitcase-p-34792.html?action=add_product HTTP/1.0" 302 476 "-" "Mozilla/5.0 (compatible; SemrushBot/7~bl; +http://www.semrush.com/bot.html)"
54.36.148.54 - - [10/Jul/2022:14:21:21 +0200] "GET /headrest-cushion-blue-p-43996.html HTTP/1.0" 200 74173 "-" "Mozilla/5.0 (compatible; AhrefsBot/7.0; +http://ahrefs.com/robot/)"
144.76.68.76 - - [10/Jul/2022:14:21:37 +0200] "GET /cotton-floor-cushion-blue-p-49313.html HTTP/1.0" 200 74789 "-" "serpstatbot/2.1 (advanced backlink tracking bot; https://serpstatbot.com/; abuse@serpstatbot.com)"
40.77.167.42 - - [10/Jul/2022:14:21:37 +0200] "GET /-p-38162.html HTTP/1.0" 200 71489 "-" "Mozilla/5.0 (compatible; bingbot/2.0; +http://www.bing.com/bingbot.htm)"
66.249.64.158 - - [10/Jul/2022:14:22:05 +0200] "GET /disney-princess-round-pencil-case-p-10346.html HTTP/1.0" 200 74219 "-" "Mozilla/5.0 (Linux; Android 6.0.1; Nexus 5X Build/MMB29P) AppleWebKit/537.36 (KHTML, like Gecko) Chrome/103.0.5060.114 Mobile Safari/537.36 (compatible; Googlebot/2.1; +http://www.google.com/bot.html)"
40.77.167.42 - - [10/Jul/2022:14:22:07 +0200] "GET /bohemian-ethnic-lirette-carpet-p-50876.html HTTP/1.0" 200 74933 "-" "Mozilla/5.0 (compatible; bingbot/2.0; +http://www.bing.com/bingbot.htm)"
144.76.68.76 - - [10/Jul/2022:14:22:27 +0200] "GET /robots.txt HTTP/1.0" 200 245 "-" "serpstatbot/2.1 (advanced backlink tracking bot; https://serpstatbot.com/; abuse@serpstatbot.com)"
144.76.68.76 - - [10/Jul/2022:14:22:27 +0200] "GET /cotton-floor-cushion-blue-p-51503.html HTTP/1.0" 200 74990 "-" "serpstatbot/2.1 (advanced backlink tracking bot; https://serpstatbot.com/; abuse@serpstatbot.com)"
40.77.167.74 - - [10/Jul/2022:14:22:31 +0200] "GET /images/big_prod/8419810094963.jpg HTTP/1.0" 200 268 "-" "Mozilla/5.0 (compatible; bingbot/2.0; +http://www.bing.com/bingbot.htm)"
185.191.171.34 - - [10/Jul/2022:14:23:00 +0200] "GET /phone-cover-for-iphone-cbkreation-p-13937.html HTTP/1.0" 301 71556 "-" "Mozilla/5.0 (compatible; SemrushBot/7~bl; +http://www.semrush.com/bot.html)"
185.191.171.25 - - [10/Jul/2022:14:23:03 +0200] "GET /-p-13937.html HTTP/1.0" 200 71489 "-" "Mozilla/5.0 (compatible; SemrushBot/7~bl; +http://www.semrush.com/bot.html)"
144.76.68.76 - - [10/Jul/2022:14:23:16 +0200] "GET /cotton-floor-cushion-chrysler-p-49130.html HTTP/1.0" 200 74817 "-" "serpstatbot/2.1 (advanced backlink tracking bot; https://serpstatbot.com/; abuse@serpstatbot.com)"
40.77.167.64 - - [10/Jul/2022:14:23:21 +0200] "GET /candy-cloud-notepad-bubblegum-p-49843.html HTTP/1.0" 200 74195 "-" "Mozilla/5.0 (compatible; bingbot/2.0; +http://www.bing.com/bingbot.htm)"
54.36.148.201 - - [10/Jul/2022:14:23:22 +0200] "GET /spiderman-round-pencil-case-p-31292.html HTTP/1.0" 200 74205 "-" "Mozilla/5.0 (compatible; AhrefsBot/7.0; +http://ahrefs.com/robot/)"
185.191.171.4 - - [10/Jul/2022:14:23:23 +0200] "GET /cats-large-glass-sold-individually-p-37865.html?action=add_product HTTP/1.0" 301 476 "-" "Mozilla/5.0 (compatible; SemrushBot/7~bl; +http://www.semrush.com/bot.html)"
40.77.167.74 - - [10/Jul/2022:14:23:33 +0200] "GET /-p-27787.html HTTP/1.0" 200 71489 "-" "Mozilla/5.0 (compatible; bingbot/2.0; +http://www.bing.com/bingbot.htm)"
51.68.224.127 - - [10/Jul/2022:14:23:58 +0200] "GET /adminweb/export_orders_xml.php?token=256de2z6edz6ed2z6DFSFsed2zed6zeDSFDSGdzedezfzf&maxorders=10&orderstart=1&status=14&start_date=2018-10-01 HTTP/1.0" 200 285 "-" "GesCom CharlotteBoutik Serveur"
51.68.224.127 - - [10/Jul/2022:14:23:58 +0200] "GET /adminweb/export_orders_xml.php?token=256de2z6edz6ed2z6DFSFsed2zed6zeDSFDSGdzedezfzf&maxorders=10&orderstart=1&status=6&start_date=2018-10-01 HTTP/1.0" 200 31081 "-" "GesCom CharlotteBoutik Serveur"
144.76.68.76 - - [10/Jul/2022:14:24:06 +0200] "GET /cotton-floor-cushion-daphn-p-54415.html HTTP/1.0" 200 74912 "-" "serpstatbot/2.1 (advanced backlink tracking bot; https://serpstatbot.com/; abuse@serpstatbot.com)"
40.77.167.74 - - [10/Jul/2022:14:24:13 +0200] "GET /-p-20344.html HTTP/1.0" 200 71489 "-" "Mozilla/5.0 (compatible; bingbot/2.0; +http://www.bing.com/bingbot.htm)"
185.191.171.6 - - [10/Jul/2022:14:24:39 +0200] "GET /resin-ninja-skull-statuette-p-48767.html?action=add_product HTTP/1.0" 302 476 "-" "Mozilla/5.0 (compatible; SemrushBot/7~bl; +http://www.semrush.com/bot.html)"
144.76.68.76 - - [10/Jul/2022:14:24:57 +0200] "GET /cotton-floor-cushion-daphn-p-54422.html HTTP/1.0" 200 74921 "-" "serpstatbot/2.1 (advanced backlink tracking bot; https://serpstatbot.com/; abuse@serpstatbot.com)"
40.77.167.42 - - [10/Jul/2022:14:25:17 +0200] "GET /-p-35551.html HTTP/1.0" 200 71489 "-" "Mozilla/5.0 (compatible; bingbot/2.0; +http://www.bing.com/bingbot.htm)"
54.36.148.204 - - [10/Jul/2022:14:25:24 +0200] "GET /wall-decoration-music-p-51025.html HTTP/1.0" 200 74223 "-" "Mozilla/5.0 (compatible; AhrefsBot/7.0; +http://ahrefs.com/robot/)"
54.36.148.81 - - [10/Jul/2022:14:25:28 +0200] "GET /images/big_prod/8433933122105.jpg HTTP/1.0" 200 268 "-" "Mozilla/5.0 (compatible; AhrefsBot/7.0; +http://ahrefs.com/robot/)"
144.76.68.76 - - [10/Jul/2022:14:25:46 +0200] "GET /cotton-floor-cushion-eliane-p-49129.html HTTP/1.0" 200 74879 "-" "serpstatbot/2.1 (advanced backlink tracking bot; https://serpstatbot.com/; abuse@serpstatbot.com)"
185.191.171.13 - - [10/Jul/2022:14:26:06 +0200] "GET /mini-rectangular-tray-lake-view-p-57253.html?action=add_product HTTP/1.0" 302 476 "-" "Mozilla/5.0 (compatible; SemrushBot/7~bl; +http://www.semrush.com/bot.html)"
144.76.68.76 - - [10/Jul/2022:14:26:36 +0200] "GET /cotton-floor-cushion-elisabeth-p-52549.html HTTP/1.0" 200 74824 "-" "serpstatbot/2.1 (advanced backlink tracking bot; https://serpstatbot.com/; abuse@serpstatbot.com)"
185.191.171.2 - - [10/Jul/2022:14:27:02 +0200] "GET /chaque-jour-aventure-melamine-dish-cake-p-37908.html?action=add_product HTTP/1.0" 302 476 "-" "Mozilla/5.0 (compatible; SemrushBot/7~bl; +http://www.semrush.com/bot.html)"
185.191.171.2 - - [10/Jul/2022:14:27:05 +0200] "GET /johnny-hallyday-towel-p-44383.html?action=add_product HTTP/1.0" 302 476 "-" "Mozilla/5.0 (compatible; SemrushBot/7~bl; +http://www.semrush.com/bot.html)"
54.36.148.127 - - [10/Jul/2022:14:27:18 +0200] "GET /buddha-kitchen-towel-p-38810.html HTTP/1.0" 200 74095 "-" "Mozilla/5.0 (compatible; AhrefsBot/7.0; +http://ahrefs.com/robot/)"
144.76.68.76 - - [10/Jul/2022:14:27:52 +0200] "GET /monaco-1936-poster-p-40151.html HTTP/1.0" 200 74105 "-" "serpstatbot/2.1 (advanced backlink tracking bot; https://serpstatbot.com/; abuse@serpstatbot.com)"
40.77.167.64 - - [10/Jul/2022:14:28:13 +0200] "GET /trolley-backpack-dreamer-gorjuss-p-47752.html HTTP/1.0" 200 71591 "-" "Mozilla/5.0 (compatible; bingbot/2.0; +http://www.bing.com/bingbot.htm)"
185.191.171.33 - - [10/Jul/2022:14:28:51 +0200] "GET /harley-davidson-zippo-lighter-white-p-57602.html HTTP/1.0" 200 75562 "-" "Mozilla/5.0 (compatible; SemrushBot/7~bl; +http://www.semrush.com/bot.html)"
144.76.68.76 - - [10/Jul/2022:14:28:54 +0200] "GET /verity-rose-moonstruck-emery-board-p-29144.html HTTP/1.0" 200 74296 "-" "serpstatbot/2.1 (advanced backlink tracking bot; https://serpstatbot.com/; abuse@serpstatbot.com)"
114.119.137.45 - - [10/Jul/2022:14:29:04 +0200] "GET /japanese-green-patinated-liter-p-55106.html HTTP/1.0" 200 75643 "http://www.wonder-geek.com/tea-pot-c-12_175.html?page=5" "Mozilla/5.0 (Linux; Android 7.0;) AppleWebKit/537.36 (KHTML, like Gecko) Mobile Safari/537.36 (compatible; PetalBot;+https://webmaster.petalsearch.com/site/petalbot)"
54.36.148.144 - - [10/Jul/2022:14:29:25 +0200] "GET /pants-capri-pants-c-1_20.html HTTP/1.0" 200 80382 "-" "Mozilla/5.0 (compatible; AhrefsBot/7.0; +http://ahrefs.com/robot/)"
54.36.148.204 - - [10/Jul/2022:14:29:29 +0200] "GET /images/mini_prod/1399984236802.jpg HTTP/1.0" 200 269 "-" "Mozilla/5.0 (compatible; AhrefsBot/7.0; +http://ahrefs.com/robot/)"
54.36.149.61 - - [10/Jul/2022:14:29:30 +0200] "GET /images/mini_prod/Image121217.jpg HTTP/1.0" 200 267 "-" "Mozilla/5.0 (compatible; AhrefsBot/7.0; +http://ahrefs.com/robot/)"
54.36.149.40 - - [10/Jul/2022:14:29:34 +0200] "GET /images/mini_prod/220108_162618_PEEL_vx2d7w.jpg HTTP/1.0" 200 281 "-" "Mozilla/5.0 (compatible; AhrefsBot/7.0; +http://ahrefs.com/robot/)"
54.36.149.87 - - [10/Jul/2022:14:29:36 +0200] "GET /images/mini_prod/1399984236628.jpg HTTP/1.0" 200 269 "-" "Mozilla/5.0 (compatible; AhrefsBot/7.0; +http://ahrefs.com/robot/)"
54.36.148.116 - - [10/Jul/2022:14:29:37 +0200] "GET /images/mini_prod/1399984236741.jpg HTTP/1.0" 200 269 "-" "Mozilla/5.0 (compatible; AhrefsBot/7.0; +http://ahrefs.com/robot/)"
157.55.39.92 - - [10/Jul/2022:14:29:45 +0200] "GET /paris-saint-germain-beer-glass-p-33910.html HTTP/1.0" 200 74185 "-" "Mozilla/5.0 (compatible; bingbot/2.0; +http://www.bing.com/bingbot.htm)"
144.76.68.76 - - [10/Jul/2022:14:29:51 +0200] "GET /moroccan-ashtray-p-40799.html HTTP/1.0" 200 74097 "-" "serpstatbot/2.1 (advanced backlink tracking bot; https://serpstatbot.com/; abuse@serpstatbot.com)"
66.249.64.146 - - [10/Jul/2022:14:30:23 +0200] "GET /images/mini_prod/TROME3174copie2.jpg HTTP/1.0" 200 271 "-" "Googlebot-Image/1.0"
207.46.13.169 - - [10/Jul/2022:14:30:23 +0200] "GET /-p-29816.html HTTP/1.0" 200 71489 "-" "Mozilla/5.0 (compatible; bingbot/2.0; +http://www.bing.com/bingbot.htm)"
157.55.39.92 - - [10/Jul/2022:14:30:25 +0200] "GET /-p-2862.html HTTP/1.0" 200 71487 "-" "Mozilla/5.0 (compatible; bingbot/2.0; +http://www.bing.com/bingbot.htm)"
