65.108.14.102 - - [10/Jul/2022:04:52:25 +0200] "GET /mistletoe-kiss-stitch-angel-with-mistletoe-figurine-p-56811.html HTTP/1.0" 200 75475 "-" "Mozilla/5.0 (compatible; MJ12bot/v1.4.8; http://mj12bot.com/)"
66.249.68.1 - - [10/Jul/2022:04:52:31 +0200] "GET /bedclothes-gomix-p-53458.html HTTP/1.0" 200 74269 "-" "Mozilla/5.0 (compatible; Googlebot/2.1; +http://www.google.com/bot.html)"
65.108.14.102 - - [10/Jul/2022:04:52:41 +0200] "GET /monkey-statue-resin-anything-p-46701.html HTTP/1.0" 200 71611 "-" "Mozilla/5.0 (compatible; MJ12bot/v1.4.8; http://mj12bot.com/)"
144.76.68.76 - - [10/Jul/2022:04:52:46 +0200] "GET /postcard-with-envelope-anniversary-years-p-48850.html HTTP/1.0" 200 74340 "-" "serpstatbot/2.1 (advanced backlink tracking bot; https://serpstatbot.com/; abuse@serpstatbot.com)"
65.108.14.102 - - [10/Jul/2022:04:53:15 +0200] "GET /monkey-statue-resin-hear-anything-p-46706.html HTTP/1.0" 200 71623 "-" "Mozilla/5.0 (compatible; MJ12bot/v1.4.8; http://mj12bot.com/)"
54.36.148.159 - - [10/Jul/2022:04:53:19 +0200] "GET /white-gold-jewelry-holder-p-58457.html HTTP/1.0" 200 75180 "-" "Mozilla/5.0 (compatible; AhrefsBot/7.0; +http://ahrefs.com/robot/)"
185.191.171.39 - - [10/Jul/2022:04:53:07 +0200] "GET /baskets-c-13_289.html?page=3 HTTP/1.0" 200 91502 "-" "Mozilla/5.0 (compatible; SemrushBot/7~bl; +http://www.semrush.com/bot.html)"
54.36.148.213 - - [10/Jul/2022:04:53:24 +0200] "GET /images/big_prod/3520071716459A.jpg HTTP/1.0" 200 269 "-" "Mozilla/5.0 (compatible; AhrefsBot/7.0; +http://ahrefs.com/robot/)"
54.36.148.177 - - [10/Jul/2022:04:53:24 +0200] "GET /images/big_prod_1/3520071716459B.jpg HTTP/1.0" 200 271 "-" "Mozilla/5.0 (compatible; AhrefsBot/7.0; +http://ahrefs.com/robot/)"
54.36.148.32 - - [10/Jul/2022:04:53:25 +0200] "GET /images/big_prod_2/3520071716459C.jpg HTTP/1.0" 200 271 "-" "Mozilla/5.0 (compatible; AhrefsBot/7.0; +http://ahrefs.com/robot/)"
144.76.68.76 - - [10/Jul/2022:04:53:30 +0200] "GET /yuco-quilted-glove-potholder-jade-p-48215.html HTTP/1.0" 200 75230 "-" "serpstatbot/2.1 (advanced backlink tracking bot; https://serpstatbot.com/; abuse@serpstatbot.com)"
65.108.14.102 - - [10/Jul/2022:04:53:40 +0200] "GET /monkey-statue-resin-not-hear-anything-p-46706.html HTTP/1.0" 301 71723 "-" "Mozilla/5.0 (compatible; MJ12bot/v1.4.8; http://mj12bot.com/)"
65.108.14.102 - - [10/Jul/2022:04:53:44 +0200] "GET /monkey-statue-resin-hear-anything-p-46706.html HTTP/1.0" 200 71623 "-" "Mozilla/5.0 (compatible; MJ12bot/v1.4.8; http://mj12bot.com/)"
185.191.171.9 - - [10/Jul/2022:04:53:48 +0200] "GET /gorjuss-towel-puddles-love-p-46928.html?action=add_product HTTP/1.0" 302 476 "-" "Mozilla/5.0 (compatible; SemrushBot/7~bl; +http://www.semrush.com/bot.html)"
185.191.171.4 - - [10/Jul/2022:04:54:08 +0200] "GET /les-bouteilles-de-bordeaux-wall-decoration-30-20-cm-p-44564.html HTTP/1.0" 301 71556 "-" "Mozilla/5.0 (compatible; SemrushBot/7~bl; +http://www.semrush.com/bot.html)"
144.76.68.76 - - [10/Jul/2022:04:54:11 +0200] "GET /plush-britto-p-24361.html HTTP/1.0" 200 78606 "-" "serpstatbot/2.1 (advanced backlink tracking bot; https://serpstatbot.com/; abuse@serpstatbot.com)"
185.191.171.38 - - [10/Jul/2022:04:54:12 +0200] "GET /-p-44564.html HTTP/1.0" 200 71489 "-" "Mozilla/5.0 (compatible; SemrushBot/7~bl; +http://www.semrush.com/bot.html)"
66.249.68.1 - - [10/Jul/2022:04:54:18 +0200] "GET /images/mini_prod/3574386800389.jpg HTTP/1.0" 200 269 "-" "Googlebot-Image/1.0"
185.191.171.44 - - [10/Jul/2022:04:54:18 +0200] "GET /flowerpot-petit-bonhomme-debout-p-51209.html?action=add_product HTTP/1.0" 302 476 "-" "Mozilla/5.0 (compatible; SemrushBot/7~bl; +http://www.semrush.com/bot.html)"
207.46.13.23 - - [10/Jul/2022:04:54:23 +0200] "GET /images/big_prod_1/b045544780148.jpg HTTP/1.0" 200 270 "-" "Mozilla/5.0 (compatible; bingbot/2.0; +http://www.bing.com/bingbot.htm)"
65.108.14.102 - - [10/Jul/2022:04:54:34 +0200] "GET /monkey-statue-resin-not-say-anything-p-46704.html HTTP/1.0" 301 71556 "-" "Mozilla/5.0 (compatible; MJ12bot/v1.4.8; http://mj12bot.com/)"
65.108.14.102 - - [10/Jul/2022:04:54:39 +0200] "GET /-p-46704.html HTTP/1.0" 200 71489 "-" "Mozilla/5.0 (compatible; MJ12bot/v1.4.8; http://mj12bot.com/)"
185.191.171.10 - - [10/Jul/2022:04:54:48 +0200] "GET /marseille-black-shirt-p-31254.html?action=add_product HTTP/1.0" 302 476 "-" "Mozilla/5.0 (compatible; SemrushBot/7~bl; +http://www.semrush.com/bot.html)"
144.76.68.76 - - [10/Jul/2022:04:54:53 +0200] "GET /postcard-with-envelope-anniversary-years-p-48851.html HTTP/1.0" 200 74340 "-" "serpstatbot/2.1 (advanced backlink tracking bot; https://serpstatbot.com/; abuse@serpstatbot.com)"
54.36.148.180 - - [10/Jul/2022:04:55:01 +0200] "GET /with-infuser-c-12_221.html?page=7 HTTP/1.0" 200 82302 "-" "Mozilla/5.0 (compatible; AhrefsBot/7.0; +http://ahrefs.com/robot/)"
65.108.14.102 - - [10/Jul/2022:04:55:07 +0200] "GET /monkey-statue-resin-not-see-anything-p-46701.html HTTP/1.0" 301 71706 "-" "Mozilla/5.0 (compatible; MJ12bot/v1.4.8; http://mj12bot.com/)"
65.108.14.102 - - [10/Jul/2022:04:55:12 +0200] "GET /monkey-statue-resin-anything-p-46701.html HTTP/1.0" 200 71611 "-" "Mozilla/5.0 (compatible; MJ12bot/v1.4.8; http://mj12bot.com/)"
185.125.168.28 - - [10/Jul/2022:04:55:14 +0200] "GET /contact_us.php HTTP/1.0" 301 539 "http://wonder-geek.com/contact_us.php" "Mozilla/5.0 (Windows NT 6.3; Win64; x64) AppleWebKit/537.36 (KHTML, like Gecko) Chrome/90.0.4430.85 Safari/537.36 Edg/90.0.818.46"
185.125.168.28 - - [10/Jul/2022:04:55:14 +0200] "GET /contact_us.php HTTP/1.0" 200 26238 "http://www.wonder-geek.com/contact_us.php" "Mozilla/5.0 (Windows NT 6.3; Win64; x64) AppleWebKit/537.36 (KHTML, like Gecko) Chrome/90.0.4430.85 Safari/537.36 Edg/90.0.818.46"
185.146.232.119 - - [10/Jul/2022:04:55:16 +0200] "POST /contact_us.php?action=send HTTP/1.0" 200 26649 "http://www.wonder-geek.com/contact_us.php" "Mozilla/5.0 (Windows NT 6.3; Win64; x64) AppleWebKit/537.36 (KHTML, like Gecko) Chrome/90.0.4430.85 Safari/537.36 Edg/90.0.818.46"
185.146.232.119 - - [10/Jul/2022:04:55:17 +0200] "GET /contact_us.php HTTP/1.0" 200 26238 "http://www.wonder-geek.com/contact_us.php" "Mozilla/5.0 (Windows NT 6.3; Win64; x64) AppleWebKit/537.36 (KHTML, like Gecko) Chrome/90.0.4430.85 Safari/537.36 Edg/90.0.818.46"
185.191.171.41 - - [10/Jul/2022:04:55:23 +0200] "GET /home-fragrance-heart-home-rosewood-vanilla-p-52816.html HTTP/1.0" 200 75547 "-" "Mozilla/5.0 (compatible; SemrushBot/7~bl; +http://www.semrush.com/bot.html)"
65.108.14.102 - - [10/Jul/2022:04:55:25 +0200] "GET /monkey-velvet-cushion-cover-45-45-cm-safran-p-48734.html HTTP/1.0" 301 71556 "-" "Mozilla/5.0 (compatible; MJ12bot/v1.4.8; http://mj12bot.com/)"
65.108.14.102 - - [10/Jul/2022:04:55:29 +0200] "GET /-p-48734.html HTTP/1.0" 200 71489 "-" "Mozilla/5.0 (compatible; MJ12bot/v1.4.8; http://mj12bot.com/)"
144.76.68.76 - - [10/Jul/2022:04:55:35 +0200] "GET /zebra-clock-allen-p-31431.html HTTP/1.0" 200 71553 "-" "serpstatbot/2.1 (advanced backlink tracking bot; https://serpstatbot.com/; abuse@serpstatbot.com)"
65.108.14.102 - - [10/Jul/2022:04:55:46 +0200] "GET /moon-stars-and-sun-wooden-box-p-48745.html HTTP/1.0" 301 71556 "-" "Mozilla/5.0 (compatible; MJ12bot/v1.4.8; http://mj12bot.com/)"
65.108.14.102 - - [10/Jul/2022:04:55:56 +0200] "GET /-p-48745.html HTTP/1.0" 200 71489 "-" "Mozilla/5.0 (compatible; MJ12bot/v1.4.8; http://mj12bot.com/)"
144.76.68.76 - - [10/Jul/2022:04:56:19 +0200] "GET /plush-bunny-glitter-motsu-keel-toys-p-54174.html HTTP/1.0" 200 74412 "-" "serpstatbot/2.1 (advanced backlink tracking bot; https://serpstatbot.com/; abuse@serpstatbot.com)"
65.108.14.102 - - [10/Jul/2022:04:56:28 +0200] "GET /moon-stars-wooden-p-48745.html HTTP/1.0" 301 71556 "-" "Mozilla/5.0 (compatible; MJ12bot/v1.4.8; http://mj12bot.com/)"
65.108.14.102 - - [10/Jul/2022:04:56:32 +0200] "GET /-p-48745.html HTTP/1.0" 200 71489 "-" "Mozilla/5.0 (compatible; MJ12bot/v1.4.8; http://mj12bot.com/)"
207.46.13.169 - - [10/Jul/2022:04:56:36 +0200] "GET /images/big_prod/8904245400149.jpg HTTP/1.0" 200 268 "-" "Mozilla/5.0 (compatible; bingbot/2.0; +http://www.bing.com/bingbot.htm)"
65.108.14.102 - - [10/Jul/2022:04:56:36 +0200] "GET /moroccan-ashtray-p-56491.html HTTP/1.0" 200 74159 "-" "Mozilla/5.0 (compatible; MJ12bot/v1.4.8; http://mj12bot.com/)"
185.191.171.40 - - [10/Jul/2022:04:56:49 +0200] "GET /gund-boo-plush-keychain-p-28518.html HTTP/1.0" 301 71556 "-" "Mozilla/5.0 (compatible; SemrushBot/7~bl; +http://www.semrush.com/bot.html)"
185.191.171.6 - - [10/Jul/2022:04:56:53 +0200] "GET /-p-28518.html HTTP/1.0" 200 71489 "-" "Mozilla/5.0 (compatible; SemrushBot/7~bl; +http://www.semrush.com/bot.html)"
65.108.14.102 - - [10/Jul/2022:04:56:54 +0200] "GET /moto-guzzi-barrel-moneybox-p-52957.html HTTP/1.0" 200 74148 "-" "Mozilla/5.0 (compatible; MJ12bot/v1.4.8; http://mj12bot.com/)"
144.76.68.76 - - [10/Jul/2022:04:57:02 +0200] "GET /postcard-with-envelope-cats-p-48864.html HTTP/1.0" 200 74285 "-" "serpstatbot/2.1 (advanced backlink tracking bot; https://serpstatbot.com/; abuse@serpstatbot.com)"
65.108.14.102 - - [10/Jul/2022:04:57:14 +0200] "GET /mtal-small-baby-teeth-p-50824.html HTTP/1.0" 200 74283 "-" "Mozilla/5.0 (compatible; MJ12bot/v1.4.8; http://mj12bot.com/)"
65.108.14.102 - - [10/Jul/2022:04:57:25 +0200] "GET /nature-spirit-melamine-pie-dish-p-39851.html HTTP/1.0" 301 71556 "-" "Mozilla/5.0 (compatible; MJ12bot/v1.4.8; http://mj12bot.com/)"
54.36.148.145 - - [10/Jul/2022:04:57:26 +0200] "GET /mustang-metal-plate-deco-p-42349.html HTTP/1.0" 200 74237 "-" "Mozilla/5.0 (compatible; AhrefsBot/7.0; +http://ahrefs.com/robot/)"
65.108.14.102 - - [10/Jul/2022:04:57:28 +0200] "GET /-p-39851.html HTTP/1.0" 200 71489 "-" "Mozilla/5.0 (compatible; MJ12bot/v1.4.8; http://mj12bot.com/)"
65.108.14.102 - - [10/Jul/2022:04:57:40 +0200] "GET /nature-spirit-small-melamine-tray-p-39853.html HTTP/1.0" 301 71556 "-" "Mozilla/5.0 (compatible; MJ12bot/v1.4.8; http://mj12bot.com/)"
65.108.14.102 - - [10/Jul/2022:04:57:44 +0200] "GET /-p-39853.html HTTP/1.0" 200 71489 "-" "Mozilla/5.0 (compatible; MJ12bot/v1.4.8; http://mj12bot.com/)"
144.76.68.76 - - [10/Jul/2022:04:57:44 +0200] "GET /zebra-money-p-55563.html HTTP/1.0" 200 74114 "-" "serpstatbot/2.1 (advanced backlink tracking bot; https://serpstatbot.com/; abuse@serpstatbot.com)"
65.108.14.102 - - [10/Jul/2022:04:57:47 +0200] "GET /olympique-marseille-ashtray-p-54363.html HTTP/1.0" 200 74772 "-" "Mozilla/5.0 (compatible; MJ12bot/v1.4.8; http://mj12bot.com/)"
65.108.14.102 - - [10/Jul/2022:04:57:54 +0200] "GET /outdoor-cactus-figurine-p-57988.html HTTP/1.0" 200 74849 "-" "Mozilla/5.0 (compatible; MJ12bot/v1.4.8; http://mj12bot.com/)"
65.108.14.102 - - [10/Jul/2022:04:58:03 +0200] "GET /owl-statue-235-cm-p-41884.html HTTP/1.0" 301 71556 "-" "Mozilla/5.0 (compatible; MJ12bot/v1.4.8; http://mj12bot.com/)"
40.77.167.74 - - [10/Jul/2022:04:58:06 +0200] "GET /images/big_prod/1300000023641.jpg HTTP/1.0" 200 268 "-" "Mozilla/5.0 (compatible; bingbot/2.0; +http://www.bing.com/bingbot.htm)"
185.191.171.6 - - [10/Jul/2022:04:58:06 +0200] "GET /elephant-golden-and-encrusted-mirrors-statuette-17-cm-p-35429.html HTTP/1.0" 301 71781 "-" "Mozilla/5.0 (compatible; SemrushBot/7~bl; +http://www.semrush.com/bot.html)"
65.108.14.102 - - [10/Jul/2022:04:58:08 +0200] "GET /-p-41884.html HTTP/1.0" 200 71489 "-" "Mozilla/5.0 (compatible; MJ12bot/v1.4.8; http://mj12bot.com/)"
185.191.171.6 - - [10/Jul/2022:04:58:10 +0200] "GET /elephant-golden-encrusted-mirrors-statuette-p-35429.html HTTP/1.0" 200 71671 "-" "Mozilla/5.0 (compatible; SemrushBot/7~bl; +http://www.semrush.com/bot.html)"
185.191.171.22 - - [10/Jul/2022:04:58:16 +0200] "GET /giraffe-statue-clay-look-50-cm-p-50063.html HTTP/1.0" 301 75410 "-" "Mozilla/5.0 (compatible; SemrushBot/7~bl; +http://www.semrush.com/bot.html)"
65.108.14.102 - - [10/Jul/2022:04:58:17 +0200] "GET /owls-wall-decoration-p-46717.html HTTP/1.0" 200 71559 "-" "Mozilla/5.0 (compatible; MJ12bot/v1.4.8; http://mj12bot.com/)"
185.191.171.21 - - [10/Jul/2022:04:58:21 +0200] "GET /giraffe-statue-clay-look-p-50063.html HTTP/1.0" 200 75319 "-" "Mozilla/5.0 (compatible; SemrushBot/7~bl; +http://www.semrush.com/bot.html)"
65.108.14.102 - - [10/Jul/2022:04:58:23 +0200] "GET /oxbow-pencil-case-p-40882.html HTTP/1.0" 200 74112 "-" "Mozilla/5.0 (compatible; MJ12bot/v1.4.8; http://mj12bot.com/)"
144.76.68.76 - - [10/Jul/2022:04:58:28 +0200] "GET /plush-christmas-tree-decoration-p-49648.html HTTP/1.0" 200 74258 "-" "serpstatbot/2.1 (advanced backlink tracking bot; https://serpstatbot.com/; abuse@serpstatbot.com)"
65.108.14.102 - - [10/Jul/2022:04:58:32 +0200] "GET /palace-duvet-cover-cotton-threads-p-45350.html HTTP/1.0" 200 74421 "-" "Mozilla/5.0 (compatible; MJ12bot/v1.4.8; http://mj12bot.com/)"
65.108.14.102 - - [10/Jul/2022:04:58:42 +0200] "GET /palace-duvet-cover-in-cotton-63-threads-240-220-cm-p-45350.html HTTP/1.0" 301 74521 "-" "Mozilla/5.0 (compatible; MJ12bot/v1.4.8; http://mj12bot.com/)"
65.108.14.102 - - [10/Jul/2022:04:58:47 +0200] "GET /palace-duvet-cover-cotton-threads-p-45350.html HTTP/1.0" 200 74421 "-" "Mozilla/5.0 (compatible; MJ12bot/v1.4.8; http://mj12bot.com/)"
40.77.167.64 - - [10/Jul/2022:04:58:56 +0200] "GET /images/big_prod/3453131138932.jpg HTTP/1.0" 200 268 "-" "Mozilla/5.0 (compatible; bingbot/2.0; +http://www.bing.com/bingbot.htm)"
65.108.14.102 - - [10/Jul/2022:04:58:50 +0200] "GET /paperweight-c-129_188.html?page=4 HTTP/1.0" 200 92744 "-" "Mozilla/5.0 (compatible; MJ12bot/v1.4.8; http://mj12bot.com/)"
65.108.14.102 - - [10/Jul/2022:04:59:04 +0200] "GET /paris-romance-great-lamp-57-cm-p-41903.html HTTP/1.0" 301 71556 "-" "Mozilla/5.0 (compatible; MJ12bot/v1.4.8; http://mj12bot.com/)"
65.108.14.102 - - [10/Jul/2022:04:59:08 +0200] "GET /-p-41903.html HTTP/1.0" 200 71489 "-" "Mozilla/5.0 (compatible; MJ12bot/v1.4.8; http://mj12bot.com/)"
144.76.68.76 - - [10/Jul/2022:04:59:10 +0200] "GET /postcard-with-envelope-p-48858.html HTTP/1.0" 200 74271 "-" "serpstatbot/2.1 (advanced backlink tracking bot; https://serpstatbot.com/; abuse@serpstatbot.com)"
65.108.14.102 - - [10/Jul/2022:04:59:23 +0200] "GET /paris-romance-great-lamp-p-41903.html HTTP/1.0" 301 71556 "-" "Mozilla/5.0 (compatible; MJ12bot/v1.4.8; http://mj12bot.com/)"
65.108.14.102 - - [10/Jul/2022:04:59:31 +0200] "GET /-p-41903.html HTTP/1.0" 200 71489 "-" "Mozilla/5.0 (compatible; MJ12bot/v1.4.8; http://mj12bot.com/)"
54.36.148.53 - - [10/Jul/2022:04:59:34 +0200] "GET /small-baby-teeth-p-31539.html HTTP/1.0" 200 74256 "-" "Mozilla/5.0 (compatible; AhrefsBot/7.0; +http://ahrefs.com/robot/)"
65.108.14.102 - - [10/Jul/2022:04:59:43 +0200] "GET /peacock-ceramic-table-center-33-cm-p-49615.html HTTP/1.0" 301 74384 "-" "Mozilla/5.0 (compatible; MJ12bot/v1.4.8; http://mj12bot.com/)"
65.108.14.102 - - [10/Jul/2022:04:59:47 +0200] "GET /peacock-ceramic-table-center-p-49615.html HTTP/1.0" 200 74289 "-" "Mozilla/5.0 (compatible; MJ12bot/v1.4.8; http://mj12bot.com/)"
144.76.68.76 - - [10/Jul/2022:04:59:54 +0200] "GET /zebra-phone-cover-iphone-cbkreation-p-14151.html HTTP/1.0" 301 71556 "-" "serpstatbot/2.1 (advanced backlink tracking bot; https://serpstatbot.com/; abuse@serpstatbot.com)"
65.108.14.102 - - [10/Jul/2022:05:00:00 +0200] "GET /peacock-ceramic-table-center-p-49615.html HTTP/1.0" 200 74289 "-" "Mozilla/5.0 (compatible; MJ12bot/v1.4.8; http://mj12bot.com/)"
185.191.171.26 - - [10/Jul/2022:04:59:52 +0200] "GET /home-decoration-c-13.html?page=168 HTTP/1.0" 200 93806 "-" "Mozilla/5.0 (compatible; SemrushBot/7~bl; +http://www.semrush.com/bot.html)"
65.108.14.102 - - [10/Jul/2022:05:00:16 +0200] "GET /pendulum-gold-color-30-gr-p-40957.html HTTP/1.0" 301 74119 "-" "Mozilla/5.0 (compatible; MJ12bot/v1.4.8; http://mj12bot.com/)"
65.108.14.102 - - [10/Jul/2022:05:00:21 +0200] "GET /pendulum-gold-color-p-40957.html HTTP/1.0" 200 74033 "-" "Mozilla/5.0 (compatible; MJ12bot/v1.4.8; http://mj12bot.com/)"
65.108.14.102 - - [10/Jul/2022:05:00:33 +0200] "GET /pendulum-gold-color-p-40957.html HTTP/1.0" 200 74033 "-" "Mozilla/5.0 (compatible; MJ12bot/v1.4.8; http://mj12bot.com/)"
144.76.68.76 - - [10/Jul/2022:05:00:39 +0200] "GET /plush-christmas-tree-decoration-p-49649.html HTTP/1.0" 200 74258 "-" "serpstatbot/2.1 (advanced backlink tracking bot; https://serpstatbot.com/; abuse@serpstatbot.com)"
185.191.171.2 - - [10/Jul/2022:05:00:21 +0200] "GET /home-decoration-c-13.html?page=114 HTTP/1.0" 200 93988 "-" "Mozilla/5.0 (compatible; SemrushBot/7~bl; +http://www.semrush.com/bot.html)"
65.108.14.102 - - [10/Jul/2022:05:00:40 +0200] "GET /petite-fabrique-bonheur-bread-p-39779.html HTTP/1.0" 301 71556 "-" "Mozilla/5.0 (compatible; MJ12bot/v1.4.8; http://mj12bot.com/)"
185.191.171.33 - - [10/Jul/2022:05:00:47 +0200] "GET /marseille-soap-soap-p-40114.html HTTP/1.0" 200 74428 "-" "Mozilla/5.0 (compatible; SemrushBot/7~bl; +http://www.semrush.com/bot.html)"
65.108.14.102 - - [10/Jul/2022:05:00:47 +0200] "GET /-p-39779.html HTTP/1.0" 200 71489 "-" "Mozilla/5.0 (compatible; MJ12bot/v1.4.8; http://mj12bot.com/)"
65.108.14.102 - - [10/Jul/2022:05:00:52 +0200] "GET /pig-coat-rack-wooden-supports-p-46727.html HTTP/1.0" 301 74287 "-" "Mozilla/5.0 (compatible; MJ12bot/v1.4.8; http://mj12bot.com/)"
65.108.14.102 - - [10/Jul/2022:05:00:57 +0200] "GET /coat-rack-wooden-supports-p-46727.html HTTP/1.0" 200 74195 "-" "Mozilla/5.0 (compatible; MJ12bot/v1.4.8; http://mj12bot.com/)"
65.108.14.102 - - [10/Jul/2022:05:01:06 +0200] "GET /pink-wooden-money-p-54355.html HTTP/1.0" 301 71556 "-" "Mozilla/5.0 (compatible; MJ12bot/v1.4.8; http://mj12bot.com/)"
65.108.14.102 - - [10/Jul/2022:05:01:09 +0200] "GET /-p-54355.html HTTP/1.0" 200 71489 "-" "Mozilla/5.0 (compatible; MJ12bot/v1.4.8; http://mj12bot.com/)"
17.121.112.204 - - [10/Jul/2022:05:01:16 +0200] "GET /small-tinbox-retro-motorcycle-55-25-cm-p-41334.html HTTP/1.0" 301 71556 "-" "Mozilla/5.0 (Macintosh; Intel Mac OS X 10_15_5) AppleWebKit/605.1.15 (KHTML, like Gecko) Version/13.1.1 Safari/605.1.15 (Applebot/0.1; +http://www.apple.com/go/applebot)"
17.121.112.204 - - [10/Jul/2022:05:01:18 +0200] "GET /-p-41334.html HTTP/1.0" 200 71489 "-" "Mozilla/5.0 (Macintosh; Intel Mac OS X 10_15_5) AppleWebKit/605.1.15 (KHTML, like Gecko) Version/13.1.1 Safari/605.1.15 (Applebot/0.1; +http://www.apple.com/go/applebot)"
144.76.68.76 - - [10/Jul/2022:05:01:21 +0200] "GET /postcard-with-envelope-russian-doll-p-48859.html HTTP/1.0" 200 74324 "-" "serpstatbot/2.1 (advanced backlink tracking bot; https://serpstatbot.com/; abuse@serpstatbot.com)"
65.108.14.102 - - [10/Jul/2022:05:01:26 +0200] "GET /pitcher-collection-senteurs-p-57343.html HTTP/1.0" 200 74249 "-" "Mozilla/5.0 (compatible; MJ12bot/v1.4.8; http://mj12bot.com/)"
54.36.149.41 - - [10/Jul/2022:05:01:36 +0200] "GET /beige-lampshade-p-58053.html HTTP/1.0" 200 74722 "-" "Mozilla/5.0 (compatible; AhrefsBot/7.0; +http://ahrefs.com/robot/)"
66.249.68.25 - - [10/Jul/2022:05:01:38 +0200] "GET /pucca-towel-p-2356.html HTTP/1.0" 200 74188 "-" "Mozilla/5.0 (Linux; Android 6.0.1; Nexus 5X Build/MMB29P) AppleWebKit/537.36 (KHTML, like Gecko) Chrome/103.0.5060.114 Mobile Safari/537.36 (compatible; Googlebot/2.1; +http://www.google.com/bot.html)"
185.191.171.6 - - [10/Jul/2022:05:01:28 +0200] "GET /dishes-c-12.html?page=102 HTTP/1.0" 200 93408 "-" "Mozilla/5.0 (compatible; SemrushBot/7~bl; +http://www.semrush.com/bot.html)"
118.184.177.82 - - [10/Jul/2022:05:01:33 +0200] "GET / HTTP/1.0" 200 96601 "-" "Sogou web spider/4.0(+http://www.sogou.com/docs/help/webmasters.htm#07)"
185.191.171.36 - - [10/Jul/2022:05:01:43 +0200] "GET /owls-by-michelle-allen-makeup-kit-p-37694.html HTTP/1.0" 301 74352 "-" "Mozilla/5.0 (compatible; SemrushBot/7~bl; +http://www.semrush.com/bot.html)"
185.191.171.43 - - [10/Jul/2022:05:01:47 +0200] "GET /owls-michelle-allen-makeup-p-37694.html HTTP/1.0" 200 74259 "-" "Mozilla/5.0 (compatible; SemrushBot/7~bl; +http://www.semrush.com/bot.html)"
66.249.68.30 - - [10/Jul/2022:05:01:51 +0200] "GET /cars-mouse-cbkreation-p-23470.html HTTP/1.0" 200 74163 "-" "Mozilla/5.0 (compatible; Googlebot/2.1; +http://www.google.com/bot.html)"
185.191.171.34 - - [10/Jul/2022:05:01:54 +0200] "GET /world-flag-cover-for-samsung-s4-cbkreation-p-27031.html HTTP/1.0" 301 71556 "-" "Mozilla/5.0 (compatible; SemrushBot/7~bl; +http://www.semrush.com/bot.html)"
185.191.171.15 - - [10/Jul/2022:05:01:57 +0200] "GET /-p-27031.html HTTP/1.0" 200 71489 "-" "Mozilla/5.0 (compatible; SemrushBot/7~bl; +http://www.semrush.com/bot.html)"
144.76.68.76 - - [10/Jul/2022:05:02:06 +0200] "GET /zebral-ground-sheet-p-39033.html HTTP/1.0" 200 75107 "-" "serpstatbot/2.1 (advanced backlink tracking bot; https://serpstatbot.com/; abuse@serpstatbot.com)"
65.108.14.102 - - [10/Jul/2022:05:02:21 +0200] "GET /plush-keeleco-friendly-p-55366.html HTTP/1.0" 200 75001 "-" "Mozilla/5.0 (compatible; MJ12bot/v1.4.8; http://mj12bot.com/)"
185.191.171.5 - - [10/Jul/2022:05:02:29 +0200] "GET /wall-decoration-gold-model-p-38579.html?action=add_product HTTP/1.0" 302 476 "-" "Mozilla/5.0 (compatible; SemrushBot/7~bl; +http://www.semrush.com/bot.html)"
144.76.68.76 - - [10/Jul/2022:05:02:48 +0200] "GET /plush-christmas-tree-decoration-p-49650.html HTTP/1.0" 200 74258 "-" "serpstatbot/2.1 (advanced backlink tracking bot; https://serpstatbot.com/; abuse@serpstatbot.com)"
185.191.171.40 - - [10/Jul/2022:05:02:50 +0200] "GET /sexy-girl-large-cabas-p-39722.html HTTP/1.0" 200 74161 "-" "Mozilla/5.0 (compatible; SemrushBot/7~bl; +http://www.semrush.com/bot.html)"
65.108.14.102 - - [10/Jul/2022:05:02:51 +0200] "GET /poster-la-vache-qui-rit-50-70-cm-p-43709.html HTTP/1.0" 301 71556 "-" "Mozilla/5.0 (compatible; MJ12bot/v1.4.8; http://mj12bot.com/)"
65.108.14.102 - - [10/Jul/2022:05:02:55 +0200] "GET /-p-43709.html HTTP/1.0" 200 71489 "-" "Mozilla/5.0 (compatible; MJ12bot/v1.4.8; http://mj12bot.com/)"
185.191.171.41 - - [10/Jul/2022:05:03:20 +0200] "GET /-p-26174.html?action=add_product HTTP/1.0" 302 476 "-" "Mozilla/5.0 (compatible; SemrushBot/7~bl; +http://www.semrush.com/bot.html)"
65.108.14.102 - - [10/Jul/2022:05:03:30 +0200] "GET /poster-vache-p-43709.html HTTP/1.0" 301 71556 "-" "Mozilla/5.0 (compatible; MJ12bot/v1.4.8; http://mj12bot.com/)"
144.76.68.76 - - [10/Jul/2022:05:03:34 +0200] "GET /postcard-with-envelope-tortoise-p-49156.html HTTP/1.0" 200 74305 "-" "serpstatbot/2.1 (advanced backlink tracking bot; https://serpstatbot.com/; abuse@serpstatbot.com)"
95.91.74.136 - - [10/Jul/2022:05:03:37 +0200] "GET /robots.txt HTTP/1.0" 200 245 "-" "Mozilla/5.0 (compatible; MJ12bot/v1.4.8; http://mj12bot.com/)"
65.108.14.102 - - [10/Jul/2022:05:03:36 +0200] "GET /-p-43709.html HTTP/1.0" 200 71489 "-" "Mozilla/5.0 (compatible; MJ12bot/v1.4.8; http://mj12bot.com/)"
54.36.148.133 - - [10/Jul/2022:05:03:36 +0200] "GET /zeus-polyresin-statue-bronze-color-p-53034.html HTTP/1.0" 200 74338 "-" "Mozilla/5.0 (compatible; AhrefsBot/7.0; +http://ahrefs.com/robot/)"
95.91.74.136 - - [10/Jul/2022:05:03:38 +0200] "GET /italia-small-oddments-p-25933.html HTTP/1.0" 200 74176 "-" "Mozilla/5.0 (compatible; MJ12bot/v1.4.8; http://mj12bot.com/)"
144.76.68.76 - - [10/Jul/2022:05:04:17 +0200] "GET /zenia-bedclothes-p-55197.html HTTP/1.0" 200 74771 "-" "serpstatbot/2.1 (advanced backlink tracking bot; https://serpstatbot.com/; abuse@serpstatbot.com)"
65.108.14.102 - - [10/Jul/2022:05:04:32 +0200] "GET /pure-washed-linen-cushion-cover-p-54381.html HTTP/1.0" 301 71556 "-" "Mozilla/5.0 (compatible; MJ12bot/v1.4.8; http://mj12bot.com/)"
65.108.14.102 - - [10/Jul/2022:05:04:54 +0200] "GET /-p-54381.html HTTP/1.0" 200 71489 "-" "Mozilla/5.0 (compatible; MJ12bot/v1.4.8; http://mj12bot.com/)"
144.76.68.76 - - [10/Jul/2022:05:05:00 +0200] "GET /plush-christmas-tree-decoration-p-49651.html HTTP/1.0" 200 74258 "-" "serpstatbot/2.1 (advanced backlink tracking bot; https://serpstatbot.com/; abuse@serpstatbot.com)"
185.191.171.34 - - [10/Jul/2022:05:05:11 +0200] "GET /fitted-sheet-with-head-foot-lifting-p-42593.html HTTP/1.0" 200 74861 "-" "Mozilla/5.0 (compatible; SemrushBot/7~bl; +http://www.semrush.com/bot.html)"
66.249.68.1 - - [10/Jul/2022:05:05:12 +0200] "GET /japanese-hexagon-style-tetsubin-cast-iron-teapot-p-55203.html HTTP/1.0" 200 76709 "-" "Mozilla/5.0 (Linux; Android 6.0.1; Nexus 5X Build/MMB29P) AppleWebKit/537.36 (KHTML, like Gecko) Chrome/103.0.5060.114 Mobile Safari/537.36 (compatible; Googlebot/2.1; +http://www.google.com/bot.html)"
40.77.167.64 - - [10/Jul/2022:05:05:25 +0200] "GET /images/5018997516614.jpg HTTP/1.0" 200 259 "-" "Mozilla/5.0 (compatible; bingbot/2.0; +http://www.bing.com/bingbot.htm)"
51.68.224.127 - - [10/Jul/2022:05:05:30 +0200] "GET /adminweb/export_orders_xml.php?token=256de2z6edz6ed2z6DFSFsed2zed6zeDSFDSGdzedezfzf&maxorders=10&orderstart=1&status=14&start_date=2018-10-01 HTTP/1.0" 200 285 "-" "GesCom CharlotteBoutik Serveur"
51.68.224.127 - - [10/Jul/2022:05:05:30 +0200] "GET /adminweb/export_orders_xml.php?token=256de2z6edz6ed2z6DFSFsed2zed6zeDSFDSGdzedezfzf&maxorders=10&orderstart=1&status=6&start_date=2018-10-01 HTTP/1.0" 200 31081 "-" "GesCom CharlotteBoutik Serveur"
65.108.14.102 - - [10/Jul/2022:05:05:43 +0200] "GET /pusheen-holidazzler-p-41961.html HTTP/1.0" 200 75097 "-" "Mozilla/5.0 (compatible; MJ12bot/v1.4.8; http://mj12bot.com/)"
144.76.68.76 - - [10/Jul/2022:05:05:46 +0200] "GET /poster-corsica-p-43684.html HTTP/1.0" 301 71556 "-" "serpstatbot/2.1 (advanced backlink tracking bot; https://serpstatbot.com/; abuse@serpstatbot.com)"
54.36.148.59 - - [10/Jul/2022:05:05:50 +0200] "GET /fiberglass-statue-terracotta-army-soldier-p-56420.html HTTP/1.0" 200 75582 "-" "Mozilla/5.0 (compatible; AhrefsBot/7.0; +http://ahrefs.com/robot/)"
54.36.148.120 - - [10/Jul/2022:05:05:53 +0200] "GET /images/big_prod_2/8424001644490D.jpg HTTP/1.0" 200 271 "-" "Mozilla/5.0 (compatible; AhrefsBot/7.0; +http://ahrefs.com/robot/)"
54.36.148.142 - - [10/Jul/2022:05:05:53 +0200] "GET /images/big_prod/8424001644490.jpg HTTP/1.0" 200 268 "-" "Mozilla/5.0 (compatible; AhrefsBot/7.0; +http://ahrefs.com/robot/)"
54.36.149.60 - - [10/Jul/2022:05:05:55 +0200] "GET /images/big_prod_1/8424001644490B.jpg HTTP/1.0" 200 271 "-" "Mozilla/5.0 (compatible; AhrefsBot/7.0; +http://ahrefs.com/robot/)"
54.36.148.70 - - [10/Jul/2022:05:05:57 +0200] "GET /images/big_prod_3/8424001644490C.jpg HTTP/1.0" 200 271 "-" "Mozilla/5.0 (compatible; AhrefsBot/7.0; +http://ahrefs.com/robot/)"
185.191.171.10 - - [10/Jul/2022:05:06:23 +0200] "GET /escale-dlices-butter-dish-p-42691.html HTTP/1.0" 200 71593 "-" "Mozilla/5.0 (compatible; SemrushBot/7~bl; +http://www.semrush.com/bot.html)"
144.76.68.76 - - [10/Jul/2022:05:06:30 +0200] "GET /zimba-bedclothes-p-55163.html HTTP/1.0" 200 74825 "-" "serpstatbot/2.1 (advanced backlink tracking bot; https://serpstatbot.com/; abuse@serpstatbot.com)"
185.191.171.13 - - [10/Jul/2022:05:06:35 +0200] "GET /ferrari-towel-80-160-cm-p-39107.html HTTP/1.0" 301 71556 "-" "Mozilla/5.0 (compatible; SemrushBot/7~bl; +http://www.semrush.com/bot.html)"
185.191.171.40 - - [10/Jul/2022:05:06:38 +0200] "GET /-p-39107.html HTTP/1.0" 200 71489 "-" "Mozilla/5.0 (compatible; SemrushBot/7~bl; +http://www.semrush.com/bot.html)"
185.191.171.8 - - [10/Jul/2022:05:06:49 +0200] "GET /thread-count-cotton-percale-fitted-sheet-p-54448.html?action=add_product HTTP/1.0" 302 476 "-" "Mozilla/5.0 (compatible; SemrushBot/7~bl; +http://www.semrush.com/bot.html)"
65.108.14.102 - - [10/Jul/2022:05:06:50 +0200] "GET /pusheen-sleeping-mask-p-41958.html HTTP/1.0" 200 71585 "-" "Mozilla/5.0 (compatible; MJ12bot/v1.4.8; http://mj12bot.com/)"
185.191.171.42 - - [10/Jul/2022:05:06:51 +0200] "GET /indian-elephant-statue-p-40164.html?action=add_product HTTP/1.0" 302 476 "-" "Mozilla/5.0 (compatible; SemrushBot/7~bl; +http://www.semrush.com/bot.html)"
185.191.171.3 - - [10/Jul/2022:05:07:03 +0200] "GET /sonny-angel-christmas-series-2016-figurines-p-47268.html HTTP/1.0" 200 76226 "-" "Mozilla/5.0 (compatible; SemrushBot/7~bl; +http://www.semrush.com/bot.html)"
144.76.68.76 - - [10/Jul/2022:05:07:14 +0200] "GET /plush-christmas-tree-decoration-p-49653.html HTTP/1.0" 200 74258 "-" "serpstatbot/2.1 (advanced backlink tracking bot; https://serpstatbot.com/; abuse@serpstatbot.com)"
185.191.171.18 - - [10/Jul/2022:05:07:24 +0200] "GET /doudou-bedclothes-p-53971.html HTTP/1.0" 200 74219 "-" "Mozilla/5.0 (compatible; SemrushBot/7~bl; +http://www.semrush.com/bot.html)"
65.108.14.102 - - [10/Jul/2022:05:08:02 +0200] "GET /robots.txt HTTP/1.0" 200 245 "-" "Mozilla/5.0 (compatible; MJ12bot/v1.4.8; http://mj12bot.com/)"
65.108.14.102 - - [10/Jul/2022:05:08:04 +0200] "GET /pusheen-super-jumbo-p-41947.html HTTP/1.0" 301 71556 "-" "Mozilla/5.0 (compatible; MJ12bot/v1.4.8; http://mj12bot.com/)"
65.108.14.102 - - [10/Jul/2022:05:08:07 +0200] "GET /-p-41947.html HTTP/1.0" 200 71489 "-" "Mozilla/5.0 (compatible; MJ12bot/v1.4.8; http://mj12bot.com/)"
54.36.148.141 - - [10/Jul/2022:05:08:12 +0200] "GET /large-roman-char-statue-bronze-color-p-50220.html HTTP/1.0" 200 75435 "-" "Mozilla/5.0 (compatible; AhrefsBot/7.0; +http://ahrefs.com/robot/)"
144.76.68.76 - - [10/Jul/2022:05:08:20 +0200] "GET /wyatt-gund-plush-p-34523.html HTTP/1.0" 200 74478 "-" "serpstatbot/2.1 (advanced backlink tracking bot; https://serpstatbot.com/; abuse@serpstatbot.com)"
103.65.36.12 - - [10/Jul/2022:05:08:22 +0200] "GET /images/mini_prod/3014627830107.jpg HTTP/1.0" 200 269 "-" "Mozilla/5.0 (X11; Ubuntu; Linux x86_64; rv:72.0) Gecko/20100101 Firefox/72.0"
216.244.66.242 - - [10/Jul/2022:05:08:30 +0200] "GET /robots.txt HTTP/1.0" 200 245 "-" "Mozilla/5.0 (compatible; DotBot/1.2; +https://opensiteexplorer.org/dotbot; help@moz.com)"
216.244.66.242 - - [10/Jul/2022:05:08:30 +0200] "GET /robots.txt HTTP/1.0" 301 531 "-" "Mozilla/5.0 (compatible; DotBot/1.2; +https://opensiteexplorer.org/dotbot; help@moz.com)"
216.244.66.242 - - [10/Jul/2022:05:08:30 +0200] "GET /robots.txt HTTP/1.0" 200 245 "-" "Mozilla/5.0 (compatible; DotBot/1.2; +https://opensiteexplorer.org/dotbot; help@moz.com)"
144.76.68.76 - - [10/Jul/2022:05:09:08 +0200] "GET /zodiac-white-women-shirt-p-30802.html HTTP/1.0" 200 76154 "-" "serpstatbot/2.1 (advanced backlink tracking bot; https://serpstatbot.com/; abuse@serpstatbot.com)"
40.77.167.42 - - [10/Jul/2022:05:09:22 +0200] "GET /images/big_prod/3009090002212.jpg HTTP/1.0" 200 268 "-" "Mozilla/5.0 (compatible; bingbot/2.0; +http://www.bing.com/bingbot.htm)"
185.191.171.4 - - [10/Jul/2022:05:09:44 +0200] "GET /with-infuser-musicowl-p-56471.html HTTP/1.0" 200 74253 "-" "Mozilla/5.0 (compatible; SemrushBot/7~bl; +http://www.semrush.com/bot.html)"
144.76.68.76 - - [10/Jul/2022:05:09:51 +0200] "GET /yamaha-p-32354.html HTTP/1.0" 200 71546 "-" "serpstatbot/2.1 (advanced backlink tracking bot; https://serpstatbot.com/; abuse@serpstatbot.com)"
185.191.171.26 - - [10/Jul/2022:05:10:08 +0200] "GET /olympique-de-marseille-large-backpack-p-19700.html HTTP/1.0" 301 74462 "-" "Mozilla/5.0 (compatible; SemrushBot/7~bl; +http://www.semrush.com/bot.html)"
185.191.171.23 - - [10/Jul/2022:05:10:11 +0200] "GET /olympique-marseille-large-backpack-p-19700.html HTTP/1.0" 200 74361 "-" "Mozilla/5.0 (compatible; SemrushBot/7~bl; +http://www.semrush.com/bot.html)"
54.36.149.41 - - [10/Jul/2022:05:10:34 +0200] "GET /gogh-isothermic-stainless-steel-bottle-p-53165.html HTTP/1.0" 200 74955 "-" "Mozilla/5.0 (compatible; AhrefsBot/7.0; +http://ahrefs.com/robot/)"
54.36.149.46 - - [10/Jul/2022:05:10:37 +0200] "GET /images/big_prod_1/3453131154826C.jpg HTTP/1.0" 200 271 "-" "Mozilla/5.0 (compatible; AhrefsBot/7.0; +http://ahrefs.com/robot/)"
144.76.68.76 - - [10/Jul/2022:05:10:36 +0200] "GET /yellow-adult-cotton-apron-p-44364.html HTTP/1.0" 200 74121 "-" "serpstatbot/2.1 (advanced backlink tracking bot; https://serpstatbot.com/; abuse@serpstatbot.com)"
66.249.68.30 - - [10/Jul/2022:05:10:39 +0200] "GET /robocar-poli-moving-p-32409.html HTTP/1.0" 200 74303 "-" "Mozilla/5.0 (compatible; Googlebot/2.1; +http://www.google.com/bot.html)"
54.36.148.45 - - [10/Jul/2022:05:10:46 +0200] "GET /images/big_prod/3453131154826B.jpg HTTP/1.0" 200 269 "-" "Mozilla/5.0 (compatible; AhrefsBot/7.0; +http://ahrefs.com/robot/)"
185.191.171.34 - - [10/Jul/2022:05:11:06 +0200] "GET /-p-36771.html?action=add_product HTTP/1.0" 302 476 "-" "Mozilla/5.0 (compatible; SemrushBot/7~bl; +http://www.semrush.com/bot.html)"
66.249.68.1 - - [10/Jul/2022:05:11:08 +0200] "GET /images/mini_prod/3453131151443D.jpg HTTP/1.0" 200 270 "-" "Googlebot-Image/1.0"
144.76.68.76 - - [10/Jul/2022:05:11:21 +0200] "GET /yellow-beetle-clock-p-23276.html HTTP/1.0" 200 71575 "-" "serpstatbot/2.1 (advanced backlink tracking bot; https://serpstatbot.com/; abuse@serpstatbot.com)"
207.46.13.169 - - [10/Jul/2022:05:11:28 +0200] "GET /images/big_prod/3453131132084.jpg HTTP/1.0" 200 268 "-" "Mozilla/5.0 (compatible; bingbot/2.0; +http://www.bing.com/bingbot.htm)"
144.76.68.76 - - [10/Jul/2022:05:12:03 +0200] "GET /yellow-bluetooth-radio-p-47529.html HTTP/1.0" 200 75502 "-" "serpstatbot/2.1 (advanced backlink tracking bot; https://serpstatbot.com/; abuse@serpstatbot.com)"
185.191.171.11 - - [10/Jul/2022:05:12:16 +0200] "GET /peace-clock-by-cbkreation-p-24375.html HTTP/1.0" 301 74332 "-" "Mozilla/5.0 (compatible; SemrushBot/7~bl; +http://www.semrush.com/bot.html)"
185.191.171.39 - - [10/Jul/2022:05:12:19 +0200] "GET /peace-clock-cbkreation-p-24375.html HTTP/1.0" 200 74243 "-" "Mozilla/5.0 (compatible; SemrushBot/7~bl; +http://www.semrush.com/bot.html)"
65.21.139.77 - - [10/Jul/2022:05:12:32 +0200] "GET /images/big_prod_2/028399270163b.jpg HTTP/1.0" 200 270 "-" "Mozilla/5.0 (X11; Ubuntu; Linux x86_64; rv:72.0) Gecko/20100101 Firefox/72.0"
54.36.149.84 - - [10/Jul/2022:05:12:41 +0200] "GET /sainte-rita-statue-p-55486.html HTTP/1.0" 200 75157 "-" "Mozilla/5.0 (compatible; AhrefsBot/7.0; +http://ahrefs.com/robot/)"
185.191.171.11 - - [10/Jul/2022:05:12:43 +0200] "GET /decorative-hanging-blue-outline-p-35425.html HTTP/1.0" 200 74296 "-" "Mozilla/5.0 (compatible; SemrushBot/7~bl; +http://www.semrush.com/bot.html)"
54.36.148.102 - - [10/Jul/2022:05:12:45 +0200] "GET /images/big_prod/3700344887448.jpg HTTP/1.0" 200 268 "-" "Mozilla/5.0 (compatible; AhrefsBot/7.0; +http://ahrefs.com/robot/)"
54.36.149.72 - - [10/Jul/2022:05:12:46 +0200] "GET /images/big_prod_3/3700344887448D.jpg HTTP/1.0" 200 271 "-" "Mozilla/5.0 (compatible; AhrefsBot/7.0; +http://ahrefs.com/robot/)"
54.36.148.99 - - [10/Jul/2022:05:12:47 +0200] "GET /images/big_prod_2/3700344887448B.jpg HTTP/1.0" 200 271 "-" "Mozilla/5.0 (compatible; AhrefsBot/7.0; +http://ahrefs.com/robot/)"
54.36.149.63 - - [10/Jul/2022:05:12:48 +0200] "GET /images/big_prod_1/3700344887448C.jpg HTTP/1.0" 200 271 "-" "Mozilla/5.0 (compatible; AhrefsBot/7.0; +http://ahrefs.com/robot/)"
144.76.68.76 - - [10/Jul/2022:05:12:47 +0200] "GET /yellow-cocci-metal-plate-deco-p-34331.html HTTP/1.0" 200 74175 "-" "serpstatbot/2.1 (advanced backlink tracking bot; https://serpstatbot.com/; abuse@serpstatbot.com)"
216.244.66.242 - - [10/Jul/2022:05:12:57 +0200] "GET /money-boxes-c-13_83.html HTTP/1.0" 200 94145 "-" "Mozilla/5.0 (compatible; DotBot/1.2; +https://opensiteexplorer.org/dotbot; help@moz.com)"
185.191.171.35 - - [10/Jul/2022:05:13:12 +0200] "GET /candy-cloud-pencil-case-dasha-p-49845.html?action=add_product HTTP/1.0" 302 476 "-" "Mozilla/5.0 (compatible; SemrushBot/7~bl; +http://www.semrush.com/bot.html)"
144.76.68.76 - - [10/Jul/2022:05:13:31 +0200] "GET /yellow-keychain-little-prince-p-47477.html HTTP/1.0" 200 74258 "-" "serpstatbot/2.1 (advanced backlink tracking bot; https://serpstatbot.com/; abuse@serpstatbot.com)"
185.191.171.11 - - [10/Jul/2022:05:14:12 +0200] "GET /flat-thread-sheet-cotton-57-color-purple-240-300-cm-p-46739.html HTTP/1.0" 301 71771 "-" "Mozilla/5.0 (compatible; SemrushBot/7~bl; +http://www.semrush.com/bot.html)"
144.76.68.76 - - [10/Jul/2022:05:14:16 +0200] "GET /yellow-kitchen-timer-clock-p-40588.html HTTP/1.0" 200 71569 "-" "serpstatbot/2.1 (advanced backlink tracking bot; https://serpstatbot.com/; abuse@serpstatbot.com)"
185.191.171.3 - - [10/Jul/2022:05:14:17 +0200] "GET /flat-thread-sheet-cotton-color-purple-p-46739.html HTTP/1.0" 200 71667 "-" "Mozilla/5.0 (compatible; SemrushBot/7~bl; +http://www.semrush.com/bot.html)"
185.191.171.1 - - [10/Jul/2022:05:14:41 +0200] "GET /specials.php?page=38 HTTP/1.0" 200 124343 "-" "Mozilla/5.0 (compatible; SemrushBot/7~bl; +http://www.semrush.com/bot.html)"
185.191.171.1 - - [10/Jul/2022:05:14:54 +0200] "GET /totally-little-miss-cawaii-giant-p-23084.html?action=add_product HTTP/1.0" 302 476 "-" "Mozilla/5.0 (compatible; SemrushBot/7~bl; +http://www.semrush.com/bot.html)"
144.76.68.76 - - [10/Jul/2022:05:14:59 +0200] "GET /yellow-ocher-dolomite-vase-p-55111.html HTTP/1.0" 200 71599 "-" "serpstatbot/2.1 (advanced backlink tracking bot; https://serpstatbot.com/; abuse@serpstatbot.com)"
54.36.148.22 - - [10/Jul/2022:05:14:59 +0200] "GET /cushion-gentleman-p-49536.html HTTP/1.0" 200 74695 "-" "Mozilla/5.0 (compatible; AhrefsBot/7.0; +http://ahrefs.com/robot/)"
185.191.171.4 - - [10/Jul/2022:05:15:15 +0200] "GET /karur-bedclothes-p-54968.html HTTP/1.0" 200 74789 "-" "Mozilla/5.0 (compatible; SemrushBot/7~bl; +http://www.semrush.com/bot.html)"
195.110.77.193 - - [10/Jul/2022:05:15:19 +0200] "GET /images/mini_prod/8422140192445.jpg HTTP/1.0" 200 269 "-" "Mozilla/5.0 (X11; Ubuntu; Linux x86_64; rv:72.0) Gecko/20100101 Firefox/72.0"
144.76.68.76 - - [10/Jul/2022:05:15:44 +0200] "GET /yellow-piggy-bank-p-54795.html HTTP/1.0" 200 74170 "-" "serpstatbot/2.1 (advanced backlink tracking bot; https://serpstatbot.com/; abuse@serpstatbot.com)"
185.191.171.19 - - [10/Jul/2022:05:15:47 +0200] "GET /little-buddha-notebook-155-112-cm-turquoise-p-50256.html HTTP/1.0" 301 71716 "-" "Mozilla/5.0 (compatible; SemrushBot/7~bl; +http://www.semrush.com/bot.html)"
185.191.171.1 - - [10/Jul/2022:05:15:50 +0200] "GET /little-buddha-notebook-turquoise-p-50256.html HTTP/1.0" 200 71617 "-" "Mozilla/5.0 (compatible; SemrushBot/7~bl; +http://www.semrush.com/bot.html)"
144.76.68.76 - - [10/Jul/2022:05:16:25 +0200] "GET /yellow-submarine-clock-p-29298.html HTTP/1.0" 200 74112 "-" "serpstatbot/2.1 (advanced backlink tracking bot; https://serpstatbot.com/; abuse@serpstatbot.com)"
216.244.66.242 - - [10/Jul/2022:05:17:02 +0200] "GET /dishes/plates/minnie-mouse-plastic-plate-p-17129.html HTTP/1.0" 301 617 "-" "Mozilla/5.0 (compatible; DotBot/1.2; +https://opensiteexplorer.org/dotbot; help@moz.com)"
144.76.68.76 - - [10/Jul/2022:05:17:10 +0200] "GET /yoda-stickers-p-15396.html HTTP/1.0" 200 71531 "-" "serpstatbot/2.1 (advanced backlink tracking bot; https://serpstatbot.com/; abuse@serpstatbot.com)"
54.36.148.204 - - [10/Jul/2022:05:17:12 +0200] "GET /sweets-white-p-31689.html HTTP/1.0" 200 74008 "-" "Mozilla/5.0 (compatible; AhrefsBot/7.0; +http://ahrefs.com/robot/)"
144.76.68.76 - - [10/Jul/2022:05:17:52 +0200] "GET /yoga-bolster-meditation-cushion-chakra-manipura-p-45367.html HTTP/1.0" 200 76201 "-" "serpstatbot/2.1 (advanced backlink tracking bot; https://serpstatbot.com/; abuse@serpstatbot.com)"
66.249.68.25 - - [10/Jul/2022:05:17:54 +0200] "GET /leopard-decorative-statue-50-cm-p-37270.html HTTP/1.0" 301 71556 "-" "Mozilla/5.0 (compatible; Googlebot/2.1; +http://www.google.com/bot.html)"
66.249.68.30 - - [10/Jul/2022:05:17:56 +0200] "GET /-p-37270.html HTTP/1.0" 200 71489 "-" "Mozilla/5.0 (compatible; Googlebot/2.1; +http://www.google.com/bot.html)"
78.153.130.46 - - [10/Jul/2022:05:18:03 +0200] "GET /contact_us.php HTTP/1.0" 301 539 "https://jobgirl24.ru/" "Mozilla/3.0 (compatible; WebCapture 2.0; Auto; Windows)"
78.153.130.46 - - [10/Jul/2022:05:18:04 +0200] "GET /contact_us.php HTTP/1.0" 301 539 "https://jobgirl24.ru/" "Mozilla/3.0 (compatible; WebCapture 2.0; Auto; Windows)"
78.153.130.46 - - [10/Jul/2022:05:18:04 +0200] "GET /contact_us.php HTTP/1.0" 301 539 "https://jobgirl24.ru/" "Mozilla/3.0 (compatible; WebCapture 2.0; Auto; Windows)"
65.108.14.102 - - [10/Jul/2022:05:18:04 +0200] "GET /quartz-geode-size-about-50-p-44408.html HTTP/1.0" 301 71679 "-" "Mozilla/5.0 (compatible; MJ12bot/v1.4.8; http://mj12bot.com/)"
185.191.171.40 - - [10/Jul/2022:05:18:08 +0200] "GET /cotton-floor-cushion-chypre-p-51504.html HTTP/1.0" 200 71599 "-" "Mozilla/5.0 (compatible; SemrushBot/7~bl; +http://www.semrush.com/bot.html)"
65.108.14.102 - - [10/Jul/2022:05:18:10 +0200] "GET /quartz-geode-size-about-p-44408.html HTTP/1.0" 200 71589 "-" "Mozilla/5.0 (compatible; MJ12bot/v1.4.8; http://mj12bot.com/)"
144.76.68.76 - - [10/Jul/2022:05:18:35 +0200] "GET /yoga-bolster-meditation-cushion-chakra-muladhara-p-45365.html HTTP/1.0" 200 76168 "-" "serpstatbot/2.1 (advanced backlink tracking bot; https://serpstatbot.com/; abuse@serpstatbot.com)"
185.191.171.36 - - [10/Jul/2022:05:18:41 +0200] "GET /-p-2914.html?action=add_product HTTP/1.0" 302 476 "-" "Mozilla/5.0 (compatible; SemrushBot/7~bl; +http://www.semrush.com/bot.html)"
65.108.14.102 - - [10/Jul/2022:05:18:52 +0200] "GET /quartz-geode-size-about-p-44408.html HTTP/1.0" 200 71589 "-" "Mozilla/5.0 (compatible; MJ12bot/v1.4.8; http://mj12bot.com/)"
58.87.60.223 - - [10/Jul/2022:05:18:58 +0200] "GET /images/mini_prod/5018997626924.jpg HTTP/1.0" 200 269 "-" "Mozilla/5.0 (X11; Ubuntu; Linux x86_64; rv:72.0) Gecko/20100101 Firefox/72.0"
185.191.171.4 - - [10/Jul/2022:05:19:06 +0200] "GET /beige-metal-table-lamp-p-50112.html HTTP/1.0" 200 74152 "-" "Mozilla/5.0 (compatible; SemrushBot/7~bl; +http://www.semrush.com/bot.html)"
144.76.68.76 - - [10/Jul/2022:05:19:22 +0200] "GET /yoga-bolster-meditation-cushion-chakra-sahasrara-p-45371.html HTTP/1.0" 200 76458 "-" "serpstatbot/2.1 (advanced backlink tracking bot; https://serpstatbot.com/; abuse@serpstatbot.com)"
54.36.148.68 - - [10/Jul/2022:05:19:27 +0200] "GET /sweets-beige-p-31681.html HTTP/1.0" 200 74037 "-" "Mozilla/5.0 (compatible; AhrefsBot/7.0; +http://ahrefs.com/robot/)"
54.36.148.144 - - [10/Jul/2022:05:19:33 +0200] "GET /images/med_prod/8717318129133.jpg HTTP/1.0" 200 268 "-" "Mozilla/5.0 (compatible; AhrefsBot/7.0; +http://ahrefs.com/robot/)"
65.108.14.102 - - [10/Jul/2022:05:19:57 +0200] "GET /rama-statue-in-wood-60-cm-p-46709.html HTTP/1.0" 301 71556 "-" "Mozilla/5.0 (compatible; MJ12bot/v1.4.8; http://mj12bot.com/)"
65.108.14.102 - - [10/Jul/2022:05:20:00 +0200] "GET /-p-46709.html HTTP/1.0" 200 71489 "-" "Mozilla/5.0 (compatible; MJ12bot/v1.4.8; http://mj12bot.com/)"
58.23.67.27 - - [10/Jul/2022:05:20:02 +0200] "GET /contact_us.php HTTP/1.0" 200 26238 "http://www.wonder-geek.com/contact_us.php" "Mozilla/5.0 (Windows NT 6.1; Win64; x64) AppleWebKit/537.36 (KHTML, like Gecko) Chrome/83.0.4103.61 Safari/537.36"
216.244.66.242 - - [10/Jul/2022:05:20:01 +0200] "GET /black-dog-alarm-clock-p-38253.html HTTP/1.0" 301 74244 "-" "Mozilla/5.0 (compatible; DotBot/1.2; +https://opensiteexplorer.org/dotbot; help@moz.com)"
144.76.68.76 - - [10/Jul/2022:05:20:05 +0200] "GET /yakari-buffalo-seed-figure-p-15653.html HTTP/1.0" 301 71556 "-" "serpstatbot/2.1 (advanced backlink tracking bot; https://serpstatbot.com/; abuse@serpstatbot.com)"
31.207.170.188 - - [10/Jul/2022:05:20:17 +0200] "GET /contact_us.php HTTP/1.0" 200 26238 "http://www.wonder-geek.com/contact_us.php" "Mozilla/5.0 (Windows NT 6.1; Win64; x64) AppleWebKit/537.36 (KHTML, like Gecko) Chrome/83.0.4103.61 Safari/537.36"
185.191.171.9 - - [10/Jul/2022:05:20:17 +0200] "GET /van-gogh-coffee-duo-set-p-48226.html HTTP/1.0" 301 74864 "-" "Mozilla/5.0 (compatible; SemrushBot/7~bl; +http://www.semrush.com/bot.html)"
185.191.171.4 - - [10/Jul/2022:05:20:20 +0200] "GET /gogh-coffee-p-48226.html HTTP/1.0" 200 74786 "-" "Mozilla/5.0 (compatible; SemrushBot/7~bl; +http://www.semrush.com/bot.html)"
31.207.170.188 - - [10/Jul/2022:05:20:24 +0200] "POST /contact_us.php?action=send HTTP/1.0" 200 26472 "http://www.wonder-geek.com/contact_us.php" "Mozilla/5.0 (Windows NT 6.1; Win64; x64) AppleWebKit/537.36 (KHTML, like Gecko) Chrome/83.0.4103.61 Safari/537.36"
5.255.253.119 - - [10/Jul/2022:05:20:29 +0200] "GET /enchanted-love-beauty-beast-rose-dome-figurine-p-57021.html HTTP/1.0" 200 76177 "-" "Mozilla/5.0 (compatible; YandexBot/3.0; +http://yandex.com/bots)"
65.108.14.102 - - [10/Jul/2022:05:20:38 +0200] "GET /raving-rabbids-storage-stool-p-28295.html HTTP/1.0" 200 71591 "-" "Mozilla/5.0 (compatible; MJ12bot/v1.4.8; http://mj12bot.com/)"
144.76.68.76 - - [10/Jul/2022:05:20:50 +0200] "GET /yoga-c-268.html HTTP/1.0" 200 84716 "-" "serpstatbot/2.1 (advanced backlink tracking bot; https://serpstatbot.com/; abuse@serpstatbot.com)"
185.191.171.12 - - [10/Jul/2022:05:20:54 +0200] "GET /robots.txt HTTP/1.0" 200 245 "-" "Mozilla/5.0 (compatible; SemrushBot/7~bl; +http://www.semrush.com/bot.html)"
185.191.171.44 - - [10/Jul/2022:05:20:54 +0200] "GET /corsica-bath-towel-p-44387.html HTTP/1.0" 200 74096 "-" "Mozilla/5.0 (compatible; SemrushBot/7~bl; +http://www.semrush.com/bot.html)"
65.108.14.102 - - [10/Jul/2022:05:20:58 +0200] "GET /rebel-ariel-shirt-size-p-28986.html HTTP/1.0" 301 71556 "-" "Mozilla/5.0 (compatible; MJ12bot/v1.4.8; http://mj12bot.com/)"
65.108.14.102 - - [10/Jul/2022:05:21:01 +0200] "GET /-p-28986.html HTTP/1.0" 200 71489 "-" "Mozilla/5.0 (compatible; MJ12bot/v1.4.8; http://mj12bot.com/)"
185.191.171.2 - - [10/Jul/2022:05:21:18 +0200] "GET /trays-c-12_159.html?page=4 HTTP/1.0" 200 93037 "-" "Mozilla/5.0 (compatible; SemrushBot/7~bl; +http://www.semrush.com/bot.html)"
65.108.14.102 - - [10/Jul/2022:05:21:32 +0200] "GET /rebel-ariel-shirt-size-p-28987.html HTTP/1.0" 301 71556 "-" "Mozilla/5.0 (compatible; MJ12bot/v1.4.8; http://mj12bot.com/)"
144.76.68.76 - - [10/Jul/2022:05:21:33 +0200] "GET /yoga-cats-balancing-stick-posture-statuette-p-55069.html HTTP/1.0" 200 74372 "-" "serpstatbot/2.1 (advanced backlink tracking bot; https://serpstatbot.com/; abuse@serpstatbot.com)"
58.87.60.223 - - [10/Jul/2022:05:21:35 +0200] "GET /images/mini_prod/5013138656426.jpg HTTP/1.0" 200 269 "-" "Mozilla/5.0 (X11; Ubuntu; Linux x86_64; rv:72.0) Gecko/20100101 Firefox/72.0"
65.108.14.102 - - [10/Jul/2022:05:21:37 +0200] "GET /-p-28987.html HTTP/1.0" 200 71489 "-" "Mozilla/5.0 (compatible; MJ12bot/v1.4.8; http://mj12bot.com/)"
51.68.224.127 - - [10/Jul/2022:05:21:42 +0200] "GET /adminweb/export_orders_xml.php?token=256de2z6edz6ed2z6DFSFsed2zed6zeDSFDSGdzedezfzf&maxorders=10&orderstart=1&status=14&start_date=2018-10-01 HTTP/1.0" 200 285 "-" "GesCom CharlotteBoutik Serveur"
51.68.224.127 - - [10/Jul/2022:05:21:42 +0200] "GET /adminweb/export_orders_xml.php?token=256de2z6edz6ed2z6DFSFsed2zed6zeDSFDSGdzedezfzf&maxorders=10&orderstart=1&status=6&start_date=2018-10-01 HTTP/1.0" 200 31081 "-" "GesCom CharlotteBoutik Serveur"
54.36.148.129 - - [10/Jul/2022:05:21:43 +0200] "GET /poseidon-statue-p-53033.html HTTP/1.0" 200 74177 "-" "Mozilla/5.0 (compatible; AhrefsBot/7.0; +http://ahrefs.com/robot/)"
65.108.14.102 - - [10/Jul/2022:05:21:55 +0200] "GET /rectangular-burlap-placemat-corsica-p-50941.html HTTP/1.0" 200 74815 "-" "Mozilla/5.0 (compatible; MJ12bot/v1.4.8; http://mj12bot.com/)"
144.76.68.76 - - [10/Jul/2022:05:22:14 +0200] "GET /yoga-indigo-gray-1000-p-51550.html HTTP/1.0" 200 75655 "-" "serpstatbot/2.1 (advanced backlink tracking bot; https://serpstatbot.com/; abuse@serpstatbot.com)"
144.76.68.76 - - [10/Jul/2022:05:22:56 +0200] "GET /yoga-strap-ring-black-cotton-p-48336.html HTTP/1.0" 301 71556 "-" "serpstatbot/2.1 (advanced backlink tracking bot; https://serpstatbot.com/; abuse@serpstatbot.com)"
147.92.153.19 - - [10/Jul/2022:05:22:57 +0200] "GET /fiat-black-protective-case-iphone-p-13031.html HTTP/1.0" 200 74417 "-" "Mozilla/5.0 (compatible; Linespider/1.1; +https://lin.ee/4dwXkTH)"
65.108.14.102 - - [10/Jul/2022:05:23:03 +0200] "GET /rectangular-glass-lamp-with-multicolored-rosettes-p-49591.html HTTP/1.0" 200 74382 "-" "Mozilla/5.0 (compatible; MJ12bot/v1.4.8; http://mj12bot.com/)"
40.77.167.64 - - [10/Jul/2022:05:23:08 +0200] "GET /images/big_prod/1384010190272.jpg HTTP/1.0" 200 268 "-" "Mozilla/5.0 (compatible; bingbot/2.0; +http://www.bing.com/bingbot.htm)"
216.244.66.242 - - [10/Jul/2022:05:23:18 +0200] "GET /images/big_prod/3520071792231.jpg HTTP/1.0" 200 268 "-" "Mozilla/5.0 (compatible; DotBot/1.2; +https://opensiteexplorer.org/dotbot; help@moz.com)"
185.191.171.45 - - [10/Jul/2022:05:23:17 +0200] "GET /table-decoration-bowl-crocodile-p-48817.html HTTP/1.0" 200 75107 "-" "Mozilla/5.0 (compatible; SemrushBot/7~bl; +http://www.semrush.com/bot.html)"
65.108.14.102 - - [10/Jul/2022:05:23:23 +0200] "GET /rectangular-openwork-table-lamp-p-52906.html HTTP/1.0" 301 71556 "-" "Mozilla/5.0 (compatible; MJ12bot/v1.4.8; http://mj12bot.com/)"
65.108.14.102 - - [10/Jul/2022:05:23:38 +0200] "GET /-p-52906.html HTTP/1.0" 200 71489 "-" "Mozilla/5.0 (compatible; MJ12bot/v1.4.8; http://mj12bot.com/)"
54.36.148.143 - - [10/Jul/2022:05:23:38 +0200] "GET /sweets-beige-p-31686.html HTTP/1.0" 200 74008 "-" "Mozilla/5.0 (compatible; AhrefsBot/7.0; +http://ahrefs.com/robot/)"
144.76.68.76 - - [10/Jul/2022:05:23:38 +0200] "GET /yogi-yogini-yogamat-black-p-51479.html HTTP/1.0" 200 74760 "-" "serpstatbot/2.1 (advanced backlink tracking bot; https://serpstatbot.com/; abuse@serpstatbot.com)"
185.191.171.23 - - [10/Jul/2022:05:23:49 +0200] "GET /american-gray-cbkreation-p-23973.html?action=add_product HTTP/1.0" 302 476 "-" "Mozilla/5.0 (compatible; SemrushBot/7~bl; +http://www.semrush.com/bot.html)"
40.77.167.74 - - [10/Jul/2022:05:23:49 +0200] "GET /mattress-cover-c-11_197.html HTTP/1.0" 200 89932 "-" "Mozilla/5.0 (compatible; bingbot/2.0; +http://www.bing.com/bingbot.htm)"
185.191.171.15 - - [10/Jul/2022:05:23:50 +0200] "GET /pillow-case-cotton-percale-threads-p-52146.html HTTP/1.0" 200 75323 "-" "Mozilla/5.0 (compatible; SemrushBot/7~bl; +http://www.semrush.com/bot.html)"
65.108.14.102 - - [10/Jul/2022:05:23:51 +0200] "GET /retro-coffee-cups-p-47780.html HTTP/1.0" 200 71565 "-" "Mozilla/5.0 (compatible; MJ12bot/v1.4.8; http://mj12bot.com/)"
185.191.171.5 - - [10/Jul/2022:05:24:09 +0200] "GET /fc-barcelone-fountain-pen-p-26584.html HTTP/1.0" 301 74309 "-" "Mozilla/5.0 (compatible; SemrushBot/7~bl; +http://www.semrush.com/bot.html)"
