144.76.68.76 - - [10/Jul/2022:17:24:59 +0200] "GET /microfibre-base-cover-white-p-47365.html HTTP/1.0" 200 74299 "-" "serpstatbot/2.1 (advanced backlink tracking bot; https://serpstatbot.com/; abuse@serpstatbot.com)"
217.249.56.247 - - [10/Jul/2022:17:25:04 +0200] "GET /templates/Pixame_v1/stylesheet.css HTTP/1.0" 200 267 "http://www.wonder-geek.com/pastis-metal-plate-deco-p-57634.html" "Mozilla/5.0 (iPhone; CPU iPhone OS 15_5 like Mac OS X) AppleWebKit/605.1.15 (KHTML, like Gecko) GSA/218.0.456502374 Mobile/15E148 Safari/604.1"
217.249.56.247 - - [10/Jul/2022:17:25:04 +0200] "GET /highslide/highslide.js HTTP/1.0" 200 262 "http://www.wonder-geek.com/pastis-metal-plate-deco-p-57634.html" "Mozilla/5.0 (iPhone; CPU iPhone OS 15_5 like Mac OS X) AppleWebKit/605.1.15 (KHTML, like Gecko) GSA/218.0.456502374 Mobile/15E148 Safari/604.1"
217.249.56.247 - - [10/Jul/2022:17:25:04 +0200] "GET /js/jquery.js HTTP/1.0" 200 252 "http://www.wonder-geek.com/pastis-metal-plate-deco-p-57634.html" "Mozilla/5.0 (iPhone; CPU iPhone OS 15_5 like Mac OS X) AppleWebKit/605.1.15 (KHTML, like Gecko) GSA/218.0.456502374 Mobile/15E148 Safari/604.1"
217.249.56.247 - - [10/Jul/2022:17:25:04 +0200] "GET /js/jquery.jqzoom.js HTTP/1.0" 200 259 "http://www.wonder-geek.com/pastis-metal-plate-deco-p-57634.html" "Mozilla/5.0 (iPhone; CPU iPhone OS 15_5 like Mac OS X) AppleWebKit/605.1.15 (KHTML, like Gecko) GSA/218.0.456502374 Mobile/15E148 Safari/604.1"
217.249.56.247 - - [10/Jul/2022:17:25:04 +0200] "GET /mondial_relay/js/jquery-1.3.2.min.js HTTP/1.0" 200 276 "http://www.wonder-geek.com/pastis-metal-plate-deco-p-57634.html" "Mozilla/5.0 (iPhone; CPU iPhone OS 15_5 like Mac OS X) AppleWebKit/605.1.15 (KHTML, like Gecko) GSA/218.0.456502374 Mobile/15E148 Safari/604.1"
217.249.56.247 - - [10/Jul/2022:17:25:04 +0200] "GET /swfobject.js HTTP/1.0" 404 1308 "http://www.wonder-geek.com/pastis-metal-plate-deco-p-57634.html" "Mozilla/5.0 (iPhone; CPU iPhone OS 15_5 like Mac OS X) AppleWebKit/605.1.15 (KHTML, like Gecko) GSA/218.0.456502374 Mobile/15E148 Safari/604.1"
217.249.56.247 - - [10/Jul/2022:17:25:02 +0200] "GET /pastis-metal-plate-deco-p-57634.html HTTP/1.0" 200 74712 "https://www.google.com/" "Mozilla/5.0 (iPhone; CPU iPhone OS 15_5 like Mac OS X) AppleWebKit/605.1.15 (KHTML, like Gecko) GSA/218.0.456502374 Mobile/15E148 Safari/604.1"
217.249.56.247 - - [10/Jul/2022:17:25:04 +0200] "GET /templates/Pixame_v1/images/icon_accueil2.png HTTP/1.0" 200 278 "http://www.wonder-geek.com/pastis-metal-plate-deco-p-57634.html" "Mozilla/5.0 (iPhone; CPU iPhone OS 15_5 like Mac OS X) AppleWebKit/605.1.15 (KHTML, like Gecko) GSA/218.0.456502374 Mobile/15E148 Safari/604.1"
217.249.56.247 - - [10/Jul/2022:17:25:04 +0200] "GET /templates/Pixame_v1/images/infobox/pixel_trans.gif HTTP/1.0" 200 328 "http://www.wonder-geek.com/pastis-metal-plate-deco-p-57634.html" "Mozilla/5.0 (iPhone; CPU iPhone OS 15_5 like Mac OS X) AppleWebKit/605.1.15 (KHTML, like Gecko) GSA/218.0.456502374 Mobile/15E148 Safari/604.1"
217.249.56.247 - - [10/Jul/2022:17:25:04 +0200] "GET /images/pixel_trans.gif HTTP/1.0" 200 328 "http://www.wonder-geek.com/pastis-metal-plate-deco-p-57634.html" "Mozilla/5.0 (iPhone; CPU iPhone OS 15_5 like Mac OS X) AppleWebKit/605.1.15 (KHTML, like Gecko) GSA/218.0.456502374 Mobile/15E148 Safari/604.1"
217.249.56.247 - - [10/Jul/2022:17:25:04 +0200] "GET /templates/Pixame_v1/images/pixel_trans.gif HTTP/1.0" 200 328 "http://www.wonder-geek.com/pastis-metal-plate-deco-p-57634.html" "Mozilla/5.0 (iPhone; CPU iPhone OS 15_5 like Mac OS X) AppleWebKit/605.1.15 (KHTML, like Gecko) GSA/218.0.456502374 Mobile/15E148 Safari/604.1"
217.249.56.247 - - [10/Jul/2022:17:25:04 +0200] "GET /images/big_prod/3700281653878.jpg HTTP/1.0" 200 268 "http://www.wonder-geek.com/pastis-metal-plate-deco-p-57634.html" "Mozilla/5.0 (iPhone; CPU iPhone OS 15_5 like Mac OS X) AppleWebKit/605.1.15 (KHTML, like Gecko) GSA/218.0.456502374 Mobile/15E148 Safari/604.1"
217.249.56.247 - - [10/Jul/2022:17:25:04 +0200] "GET /templates/Pixame_v1/images/Bottom_texture.jpg HTTP/1.0" 200 280 "http://www.wonder-geek.com/pastis-metal-plate-deco-p-57634.html" "Mozilla/5.0 (iPhone; CPU iPhone OS 15_5 like Mac OS X) AppleWebKit/605.1.15 (KHTML, like Gecko) GSA/218.0.456502374 Mobile/15E148 Safari/604.1"
217.249.56.247 - - [10/Jul/2022:17:25:04 +0200] "GET /templates/Pixame_v1/images/nav.png HTTP/1.0" 200 268 "http://www.wonder-geek.com/pastis-metal-plate-deco-p-57634.html" "Mozilla/5.0 (iPhone; CPU iPhone OS 15_5 like Mac OS X) AppleWebKit/605.1.15 (KHTML, like Gecko) GSA/218.0.456502374 Mobile/15E148 Safari/604.1"
217.249.56.247 - - [10/Jul/2022:17:25:04 +0200] "GET /images/big_prod_1/3700281653878B.jpg HTTP/1.0" 200 271 "http://www.wonder-geek.com/pastis-metal-plate-deco-p-57634.html" "Mozilla/5.0 (iPhone; CPU iPhone OS 15_5 like Mac OS X) AppleWebKit/605.1.15 (KHTML, like Gecko) GSA/218.0.456502374 Mobile/15E148 Safari/604.1"
217.249.56.247 - - [10/Jul/2022:17:25:04 +0200] "GET /templates/Pixame_v1/images/Middle_texture.jpg HTTP/1.0" 200 280 "http://www.wonder-geek.com/pastis-metal-plate-deco-p-57634.html" "Mozilla/5.0 (iPhone; CPU iPhone OS 15_5 like Mac OS X) AppleWebKit/605.1.15 (KHTML, like Gecko) GSA/218.0.456502374 Mobile/15E148 Safari/604.1"
217.249.56.247 - - [10/Jul/2022:17:25:04 +0200] "GET /templates/Pixame_v1/images/header.png HTTP/1.0" 200 271 "http://www.wonder-geek.com/pastis-metal-plate-deco-p-57634.html" "Mozilla/5.0 (iPhone; CPU iPhone OS 15_5 like Mac OS X) AppleWebKit/605.1.15 (KHTML, like Gecko) GSA/218.0.456502374 Mobile/15E148 Safari/604.1"
217.249.56.247 - - [10/Jul/2022:17:25:04 +0200] "GET /templates/Pixame_v1/images/buttons/english/button_in_cart.gif HTTP/1.0" 200 295 "http://www.wonder-geek.com/pastis-metal-plate-deco-p-57634.html" "Mozilla/5.0 (iPhone; CPU iPhone OS 15_5 like Mac OS X) AppleWebKit/605.1.15 (KHTML, like Gecko) GSA/218.0.456502374 Mobile/15E148 Safari/604.1"
217.249.56.247 - - [10/Jul/2022:17:25:04 +0200] "GET /templates/Pixame_v1/images/infobox/infobox_footer_middle.gif HTTP/1.0" 200 357 "http://www.wonder-geek.com/pastis-metal-plate-deco-p-57634.html" "Mozilla/5.0 (iPhone; CPU iPhone OS 15_5 like Mac OS X) AppleWebKit/605.1.15 (KHTML, like Gecko) GSA/218.0.456502374 Mobile/15E148 Safari/604.1"
217.249.56.247 - - [10/Jul/2022:17:25:04 +0200] "GET /templates/Pixame_v1/images/header-object.png HTTP/1.0" 200 278 "http://www.wonder-geek.com/pastis-metal-plate-deco-p-57634.html" "Mozilla/5.0 (iPhone; CPU iPhone OS 15_5 like Mac OS X) AppleWebKit/605.1.15 (KHTML, like Gecko) GSA/218.0.456502374 Mobile/15E148 Safari/604.1"
217.249.56.247 - - [10/Jul/2022:17:25:04 +0200] "GET /design/productsenstock.png HTTP/1.0" 200 260 "http://www.wonder-geek.com/pastis-metal-plate-deco-p-57634.html" "Mozilla/5.0 (iPhone; CPU iPhone OS 15_5 like Mac OS X) AppleWebKit/605.1.15 (KHTML, like Gecko) GSA/218.0.456502374 Mobile/15E148 Safari/604.1"
217.249.56.247 - - [10/Jul/2022:17:25:04 +0200] "GET /highslide/graphics/zoomin.cur HTTP/1.0" 200 614 "http://www.wonder-geek.com/pastis-metal-plate-deco-p-57634.html" "Mozilla/5.0 (iPhone; CPU iPhone OS 15_5 like Mac OS X) AppleWebKit/605.1.15 (KHTML, like Gecko) GSA/218.0.456502374 Mobile/15E148 Safari/604.1"
217.249.56.247 - - [10/Jul/2022:17:25:04 +0200] "GET /highslide/graphics/zoomout.cur HTTP/1.0" 200 614 "http://www.wonder-geek.com/pastis-metal-plate-deco-p-57634.html" "Mozilla/5.0 (iPhone; CPU iPhone OS 15_5 like Mac OS X) AppleWebKit/605.1.15 (KHTML, like Gecko) GSA/218.0.456502374 Mobile/15E148 Safari/604.1"
217.249.56.247 - - [10/Jul/2022:17:25:04 +0200] "GET /highslide/graphics/outlines/drop-shadow.png HTTP/1.0" 200 277 "http://www.wonder-geek.com/pastis-metal-plate-deco-p-57634.html" "Mozilla/5.0 (iPhone; CPU iPhone OS 15_5 like Mac OS X) AppleWebKit/605.1.15 (KHTML, like Gecko) GSA/218.0.456502374 Mobile/15E148 Safari/604.1"
217.249.56.247 - - [10/Jul/2022:17:25:04 +0200] "GET /highslide/graphics/loader.white.gif HTTP/1.0" 200 960 "http://www.wonder-geek.com/pastis-metal-plate-deco-p-57634.html" "Mozilla/5.0 (iPhone; CPU iPhone OS 15_5 like Mac OS X) AppleWebKit/605.1.15 (KHTML, like Gecko) GSA/218.0.456502374 Mobile/15E148 Safari/604.1"
185.191.171.24 - - [10/Jul/2022:17:25:09 +0200] "GET /collectible-figurines-decorative-c-13_135.html?page=53 HTTP/1.0" 200 92245 "-" "Mozilla/5.0 (compatible; SemrushBot/7~bl; +http://www.semrush.com/bot.html)"
185.191.171.1 - - [10/Jul/2022:17:25:14 +0200] "GET /gift-votives-heart-home-candles-christmas-p-57112.html?action=add_product HTTP/1.0" 302 476 "-" "Mozilla/5.0 (compatible; SemrushBot/7~bl; +http://www.semrush.com/bot.html)"
217.249.56.247 - - [10/Jul/2022:17:25:31 +0200] "POST /pastis-metal-plate-deco-p-57634.html?action=add_product HTTP/1.0" 302 476 "http://www.wonder-geek.com/pastis-metal-plate-deco-p-57634.html" "Mozilla/5.0 (iPhone; CPU iPhone OS 15_5 like Mac OS X) AppleWebKit/605.1.15 (KHTML, like Gecko) GSA/218.0.456502374 Mobile/15E148 Safari/604.1"
217.249.56.247 - - [10/Jul/2022:17:25:31 +0200] "GET /shopping_cart.php HTTP/1.0" 200 28942 "http://www.wonder-geek.com/pastis-metal-plate-deco-p-57634.html" "Mozilla/5.0 (iPhone; CPU iPhone OS 15_5 like Mac OS X) AppleWebKit/605.1.15 (KHTML, like Gecko) GSA/218.0.456502374 Mobile/15E148 Safari/604.1"
217.249.56.247 - - [10/Jul/2022:17:25:32 +0200] "GET /images/table_background_cart.gif HTTP/1.0" 200 1094 "http://www.wonder-geek.com/shopping_cart.php" "Mozilla/5.0 (iPhone; CPU iPhone OS 15_5 like Mac OS X) AppleWebKit/605.1.15 (KHTML, like Gecko) GSA/218.0.456502374 Mobile/15E148 Safari/604.1"
217.249.56.247 - - [10/Jul/2022:17:25:32 +0200] "GET /images/mini_prod/3700281653878.jpg HTTP/1.0" 200 269 "http://www.wonder-geek.com/shopping_cart.php" "Mozilla/5.0 (iPhone; CPU iPhone OS 15_5 like Mac OS X) AppleWebKit/605.1.15 (KHTML, like Gecko) GSA/218.0.456502374 Mobile/15E148 Safari/604.1"
217.249.56.247 - - [10/Jul/2022:17:25:32 +0200] "GET /images/icons/warning.gif HTTP/1.0" 200 478 "http://www.wonder-geek.com/shopping_cart.php" "Mozilla/5.0 (iPhone; CPU iPhone OS 15_5 like Mac OS X) AppleWebKit/605.1.15 (KHTML, like Gecko) GSA/218.0.456502374 Mobile/15E148 Safari/604.1"
217.249.56.247 - - [10/Jul/2022:17:25:32 +0200] "GET /templates/Pixame_v1/images/buttons/english/button_update_cart.gif HTTP/1.0" 200 299 "http://www.wonder-geek.com/shopping_cart.php" "Mozilla/5.0 (iPhone; CPU iPhone OS 15_5 like Mac OS X) AppleWebKit/605.1.15 (KHTML, like Gecko) GSA/218.0.456502374 Mobile/15E148 Safari/604.1"
217.249.56.247 - - [10/Jul/2022:17:25:32 +0200] "GET /templates/Pixame_v1/images/buttons/english/button_checkout.gif HTTP/1.0" 200 296 "http://www.wonder-geek.com/shopping_cart.php" "Mozilla/5.0 (iPhone; CPU iPhone OS 15_5 like Mac OS X) AppleWebKit/605.1.15 (KHTML, like Gecko) GSA/218.0.456502374 Mobile/15E148 Safari/604.1"
217.249.56.247 - - [10/Jul/2022:17:25:32 +0200] "GET /templates/Pixame_v1/images/buttons/english/button_continue_shopping.gif HTTP/1.0" 200 305 "http://www.wonder-geek.com/shopping_cart.php" "Mozilla/5.0 (iPhone; CPU iPhone OS 15_5 like Mac OS X) AppleWebKit/605.1.15 (KHTML, like Gecko) GSA/218.0.456502374 Mobile/15E148 Safari/604.1"
217.249.56.247 - - [10/Jul/2022:17:25:32 +0200] "GET /images/pixel_black.gif HTTP/1.0" 200 320 "http://www.wonder-geek.com/shopping_cart.php" "Mozilla/5.0 (iPhone; CPU iPhone OS 15_5 like Mac OS X) AppleWebKit/605.1.15 (KHTML, like Gecko) GSA/218.0.456502374 Mobile/15E148 Safari/604.1"
217.249.56.247 - - [10/Jul/2022:17:25:32 +0200] "GET /images/icons/colissimo.gif HTTP/1.0" 200 260 "http://www.wonder-geek.com/shopping_cart.php" "Mozilla/5.0 (iPhone; CPU iPhone OS 15_5 like Mac OS X) AppleWebKit/605.1.15 (KHTML, like Gecko) GSA/218.0.456502374 Mobile/15E148 Safari/604.1"
185.191.171.12 - - [10/Jul/2022:17:25:33 +0200] "GET /-p-49246.html?action=add_product HTTP/1.0" 302 476 "-" "Mozilla/5.0 (compatible; SemrushBot/7~bl; +http://www.semrush.com/bot.html)"
54.36.149.85 - - [10/Jul/2022:17:25:44 +0200] "GET /porcelain-with-infuser-cement-tiles-p-58106.html HTTP/1.0" 200 74243 "-" "Mozilla/5.0 (compatible; AhrefsBot/7.0; +http://ahrefs.com/robot/)"
54.36.148.184 - - [10/Jul/2022:17:25:48 +0200] "GET /js/jquery.jqzoom.js HTTP/1.0" 200 259 "-" "Mozilla/5.0 (compatible; AhrefsBot/7.0; +http://ahrefs.com/robot/)"
54.36.148.30 - - [10/Jul/2022:17:25:50 +0200] "GET /images/big_prod/8422024204035.jpg HTTP/1.0" 200 268 "-" "Mozilla/5.0 (compatible; AhrefsBot/7.0; +http://ahrefs.com/robot/)"
54.36.149.67 - - [10/Jul/2022:17:25:52 +0200] "GET /swfobject.js HTTP/1.0" 404 1308 "-" "Mozilla/5.0 (compatible; AhrefsBot/7.0; +http://ahrefs.com/robot/)"
54.36.149.59 - - [10/Jul/2022:17:25:52 +0200] "GET /highslide/highslide.js HTTP/1.0" 200 262 "-" "Mozilla/5.0 (compatible; AhrefsBot/7.0; +http://ahrefs.com/robot/)"
54.36.148.182 - - [10/Jul/2022:17:25:55 +0200] "GET /mondial_relay/js/jquery-1.3.2.min.js HTTP/1.0" 200 276 "-" "Mozilla/5.0 (compatible; AhrefsBot/7.0; +http://ahrefs.com/robot/)"
54.36.149.48 - - [10/Jul/2022:17:25:55 +0200] "GET /js/jquery.js HTTP/1.0" 200 252 "-" "Mozilla/5.0 (compatible; AhrefsBot/7.0; +http://ahrefs.com/robot/)"
144.76.68.76 - - [10/Jul/2022:17:26:00 +0200] "GET /microfibre-base-cover-white-p-47369.html HTTP/1.0" 200 74302 "-" "serpstatbot/2.1 (advanced backlink tracking bot; https://serpstatbot.com/; abuse@serpstatbot.com)"
66.249.64.152 - - [10/Jul/2022:17:26:26 +0200] "GET /resin-magnet-tour-france-yellow-p-55497.html HTTP/1.0" 200 74285 "-" "Mozilla/5.0 (compatible; Googlebot/2.1; +http://www.google.com/bot.html)"
49.7.199.188 - - [10/Jul/2022:17:26:59 +0200] "GET /images/big_prod_3/028399270163a.jpg HTTP/1.0" 200 270 "-" "Mozilla/5.0 (X11; Ubuntu; Linux x86_64; rv:72.0) Gecko/20100101 Firefox/72.0"
144.76.68.76 - - [10/Jul/2022:17:27:01 +0200] "GET /milk-ceramic-pitcher-p-45724.html HTTP/1.0" 200 74155 "-" "serpstatbot/2.1 (advanced backlink tracking bot; https://serpstatbot.com/; abuse@serpstatbot.com)"
114.119.133.245 - - [10/Jul/2022:17:27:06 +0200] "GET /fantasy-watch-for-women-fowers-p-49962.html HTTP/1.0" 301 74305 "http://www.wonder-geek.com/watches-c-3_66.html" "Mozilla/5.0 (Linux; Android 7.0;) AppleWebKit/537.36 (KHTML, like Gecko) Mobile Safari/537.36 (compatible; PetalBot;+https://webmaster.petalsearch.com/site/petalbot)"
66.249.64.152 - - [10/Jul/2022:17:27:24 +0200] "GET /images/big_prod_1/8718969178365b.jpg HTTP/1.0" 200 271 "-" "Googlebot-Image/1.0"
114.119.133.245 - - [10/Jul/2022:17:27:24 +0200] "GET /fantasy-watch-women-fowers-p-49962.html HTTP/1.0" 200 74212 "http://www.wonder-geek.com/watches-c-3_66.html" "Mozilla/5.0 (Linux; Android 7.0;) AppleWebKit/537.36 (KHTML, like Gecko) Mobile Safari/537.36 (compatible; PetalBot;+https://webmaster.petalsearch.com/site/petalbot)"
185.191.171.13 - - [10/Jul/2022:17:27:30 +0200] "GET /duvet-cover-in-cotton-percale-80-threads-200-200-cm-p-48209.html HTTP/1.0" 301 74529 "-" "Mozilla/5.0 (compatible; SemrushBot/7~bl; +http://www.semrush.com/bot.html)"
114.119.137.38 - - [10/Jul/2022:17:27:32 +0200] "GET /foxy-sweet-home-bowl-p-45503.html HTTP/1.0" 200 74068 "http://www.wonder-geek.com/dishes-c-12.html?page=54" "Mozilla/5.0 (Linux; Android 7.0;) AppleWebKit/537.36 (KHTML, like Gecko) Mobile Safari/537.36 (compatible; PetalBot;+https://webmaster.petalsearch.com/site/petalbot)"
185.191.171.23 - - [10/Jul/2022:17:27:33 +0200] "GET /duvet-cover-cotton-percale-threads-p-48209.html HTTP/1.0" 200 74428 "-" "Mozilla/5.0 (compatible; SemrushBot/7~bl; +http://www.semrush.com/bot.html)"
185.191.171.45 - - [10/Jul/2022:17:27:44 +0200] "GET /fashioned-biscuit-p-38661.html HTTP/1.0" 200 74179 "-" "Mozilla/5.0 (compatible; SemrushBot/7~bl; +http://www.semrush.com/bot.html)"
144.76.68.76 - - [10/Jul/2022:17:28:00 +0200] "GET /mini-ampli-speaker-p-27935.html HTTP/1.0" 200 71551 "-" "serpstatbot/2.1 (advanced backlink tracking bot; https://serpstatbot.com/; abuse@serpstatbot.com)"
54.36.148.148 - - [10/Jul/2022:17:28:19 +0200] "GET /volkswagen-metal-plate-p-40288.html HTTP/1.0" 200 74302 "-" "Mozilla/5.0 (compatible; AhrefsBot/7.0; +http://ahrefs.com/robot/)"
114.119.137.43 - - [10/Jul/2022:17:28:47 +0200] "GET /porcelain-mug-with-infuser-p-48053.html HTTP/1.0" 301 74240 "http://www.wonder-geek.com/mug-with-tea-infuser-c-12_221.html" "Mozilla/5.0 (Linux; Android 7.0;) AppleWebKit/537.36 (KHTML, like Gecko) Mobile Safari/537.36 (compatible; PetalBot;+https://webmaster.petalsearch.com/site/petalbot)"
114.119.137.43 - - [10/Jul/2022:17:28:54 +0200] "GET /porcelain-with-infuser-p-48053.html HTTP/1.0" 200 74151 "http://www.wonder-geek.com/mug-with-tea-infuser-c-12_221.html" "Mozilla/5.0 (Linux; Android 7.0;) AppleWebKit/537.36 (KHTML, like Gecko) Mobile Safari/537.36 (compatible; PetalBot;+https://webmaster.petalsearch.com/site/petalbot)"
144.76.68.76 - - [10/Jul/2022:17:29:00 +0200] "GET /mini-cooper-union-jack-figurine-p-28504.html HTTP/1.0" 200 77951 "-" "serpstatbot/2.1 (advanced backlink tracking bot; https://serpstatbot.com/; abuse@serpstatbot.com)"
144.76.68.76 - - [10/Jul/2022:17:30:00 +0200] "GET /mini-hermetic-fleur-p-54520.html HTTP/1.0" 200 74169 "-" "serpstatbot/2.1 (advanced backlink tracking bot; https://serpstatbot.com/; abuse@serpstatbot.com)"
114.119.137.31 - - [10/Jul/2022:17:30:15 +0200] "GET /cats-love-teapot-p-37392.html HTTP/1.0" 200 74103 "http://www.wonder-geek.com/tea-pot-c-12_175.html" "Mozilla/5.0 (Linux; Android 7.0;) AppleWebKit/537.36 (KHTML, like Gecko) Mobile Safari/537.36 (compatible; PetalBot;+https://webmaster.petalsearch.com/site/petalbot)"
151.82.146.250 - - [10/Jul/2022:17:30:36 +0200] "GET /templates/Pixame_v1/stylesheet.css HTTP/1.0" 200 267 "-" "Mozilla/5.0 (Linux; Android 12; SM-G970F) AppleWebKit/537.36 (KHTML, like Gecko) Chrome/101.0.0.0 Mobile Safari/537.36"
151.82.146.250 - - [10/Jul/2022:17:30:36 +0200] "GET /limited-edition-swarovski-kimmidoll-dolls-15-cm-p-49800.html HTTP/1.0" 301 75379 "-" "Mozilla/5.0 (Linux; Android 12; SM-G970F) AppleWebKit/537.36 (KHTML, like Gecko) Chrome/101.0.0.0 Mobile Safari/537.36"
151.82.146.250 - - [10/Jul/2022:17:30:37 +0200] "GET /limited-edition-swarovski-kimmidoll-dolls-p-49800.html HTTP/1.0" 200 75271 "-" "Mozilla/5.0 (Linux; Android 12; SM-G970F) AppleWebKit/537.36 (KHTML, like Gecko) Chrome/101.0.0.0 Mobile Safari/537.36"
151.82.146.250 - - [10/Jul/2022:17:30:39 +0200] "GET /highslide/highslide.js HTTP/1.0" 200 262 "http://www.wonder-geek.com/limited-edition-swarovski-kimmidoll-dolls-p-49800.html" "Mozilla/5.0 (Linux; Android 12; SM-G970F) AppleWebKit/537.36 (KHTML, like Gecko) Chrome/101.0.0.0 Mobile Safari/537.36"
151.82.146.250 - - [10/Jul/2022:17:30:39 +0200] "GET /js/jquery.jqzoom.js HTTP/1.0" 200 259 "http://www.wonder-geek.com/limited-edition-swarovski-kimmidoll-dolls-p-49800.html" "Mozilla/5.0 (Linux; Android 12; SM-G970F) AppleWebKit/537.36 (KHTML, like Gecko) Chrome/101.0.0.0 Mobile Safari/537.36"
151.82.146.250 - - [10/Jul/2022:17:30:39 +0200] "GET /js/jquery.js HTTP/1.0" 200 252 "http://www.wonder-geek.com/limited-edition-swarovski-kimmidoll-dolls-p-49800.html" "Mozilla/5.0 (Linux; Android 12; SM-G970F) AppleWebKit/537.36 (KHTML, like Gecko) Chrome/101.0.0.0 Mobile Safari/537.36"
151.82.146.250 - - [10/Jul/2022:17:30:39 +0200] "GET /mondial_relay/js/jquery-1.3.2.min.js HTTP/1.0" 200 276 "http://www.wonder-geek.com/limited-edition-swarovski-kimmidoll-dolls-p-49800.html" "Mozilla/5.0 (Linux; Android 12; SM-G970F) AppleWebKit/537.36 (KHTML, like Gecko) Chrome/101.0.0.0 Mobile Safari/537.36"
151.82.146.250 - - [10/Jul/2022:17:30:39 +0200] "GET /templates/Pixame_v1/images/icon_accueil2.png HTTP/1.0" 200 278 "http://www.wonder-geek.com/limited-edition-swarovski-kimmidoll-dolls-p-49800.html" "Mozilla/5.0 (Linux; Android 12; SM-G970F) AppleWebKit/537.36 (KHTML, like Gecko) Chrome/101.0.0.0 Mobile Safari/537.36"
151.82.146.250 - - [10/Jul/2022:17:30:39 +0200] "GET /swfobject.js HTTP/1.0" 404 1308 "http://www.wonder-geek.com/limited-edition-swarovski-kimmidoll-dolls-p-49800.html" "Mozilla/5.0 (Linux; Android 12; SM-G970F) AppleWebKit/537.36 (KHTML, like Gecko) Chrome/101.0.0.0 Mobile Safari/537.36"
151.82.146.250 - - [10/Jul/2022:17:30:40 +0200] "GET /templates/Pixame_v1/images/infobox/pixel_trans.gif HTTP/1.0" 200 328 "http://www.wonder-geek.com/limited-edition-swarovski-kimmidoll-dolls-p-49800.html" "Mozilla/5.0 (Linux; Android 12; SM-G970F) AppleWebKit/537.36 (KHTML, like Gecko) Chrome/101.0.0.0 Mobile Safari/537.36"
151.82.146.250 - - [10/Jul/2022:17:30:40 +0200] "GET /images/pixel_trans.gif HTTP/1.0" 200 328 "http://www.wonder-geek.com/limited-edition-swarovski-kimmidoll-dolls-p-49800.html" "Mozilla/5.0 (Linux; Android 12; SM-G970F) AppleWebKit/537.36 (KHTML, like Gecko) Chrome/101.0.0.0 Mobile Safari/537.36"
151.82.146.250 - - [10/Jul/2022:17:30:40 +0200] "GET /templates/Pixame_v1/images/pixel_trans.gif HTTP/1.0" 200 328 "http://www.wonder-geek.com/limited-edition-swarovski-kimmidoll-dolls-p-49800.html" "Mozilla/5.0 (Linux; Android 12; SM-G970F) AppleWebKit/537.36 (KHTML, like Gecko) Chrome/101.0.0.0 Mobile Safari/537.36"
151.82.146.250 - - [10/Jul/2022:17:30:40 +0200] "GET /templates/Pixame_v1/images/Bottom_texture.jpg HTTP/1.0" 200 280 "http://www.wonder-geek.com/templates/Pixame_v1/stylesheet.css" "Mozilla/5.0 (Linux; Android 12; SM-G970F) AppleWebKit/537.36 (KHTML, like Gecko) Chrome/101.0.0.0 Mobile Safari/537.36"
151.82.146.250 - - [10/Jul/2022:17:30:40 +0200] "GET /images/big_prod/9316188078863.jpg HTTP/1.0" 200 268 "http://www.wonder-geek.com/limited-edition-swarovski-kimmidoll-dolls-p-49800.html" "Mozilla/5.0 (Linux; Android 12; SM-G970F) AppleWebKit/537.36 (KHTML, like Gecko) Chrome/101.0.0.0 Mobile Safari/537.36"
151.82.146.250 - - [10/Jul/2022:17:30:40 +0200] "GET /templates/Pixame_v1/images/Middle_texture.jpg HTTP/1.0" 200 280 "http://www.wonder-geek.com/templates/Pixame_v1/stylesheet.css" "Mozilla/5.0 (Linux; Android 12; SM-G970F) AppleWebKit/537.36 (KHTML, like Gecko) Chrome/101.0.0.0 Mobile Safari/537.36"
151.82.146.250 - - [10/Jul/2022:17:30:40 +0200] "GET /templates/Pixame_v1/images/header.png HTTP/1.0" 200 271 "http://www.wonder-geek.com/templates/Pixame_v1/stylesheet.css" "Mozilla/5.0 (Linux; Android 12; SM-G970F) AppleWebKit/537.36 (KHTML, like Gecko) Chrome/101.0.0.0 Mobile Safari/537.36"
151.82.146.250 - - [10/Jul/2022:17:30:40 +0200] "GET /templates/Pixame_v1/images/header-object.png HTTP/1.0" 200 278 "http://www.wonder-geek.com/templates/Pixame_v1/stylesheet.css" "Mozilla/5.0 (Linux; Android 12; SM-G970F) AppleWebKit/537.36 (KHTML, like Gecko) Chrome/101.0.0.0 Mobile Safari/537.36"
151.82.146.250 - - [10/Jul/2022:17:30:40 +0200] "GET /templates/Pixame_v1/images/nav.png HTTP/1.0" 200 268 "http://www.wonder-geek.com/templates/Pixame_v1/stylesheet.css" "Mozilla/5.0 (Linux; Android 12; SM-G970F) AppleWebKit/537.36 (KHTML, like Gecko) Chrome/101.0.0.0 Mobile Safari/537.36"
151.82.146.250 - - [10/Jul/2022:17:30:40 +0200] "GET /design/productsenstock.png HTTP/1.0" 200 260 "http://www.wonder-geek.com/templates/Pixame_v1/stylesheet.css" "Mozilla/5.0 (Linux; Android 12; SM-G970F) AppleWebKit/537.36 (KHTML, like Gecko) Chrome/101.0.0.0 Mobile Safari/537.36"
151.82.146.250 - - [10/Jul/2022:17:30:40 +0200] "GET /images/big_prod_1/b9316188078863.jpg HTTP/1.0" 200 271 "http://www.wonder-geek.com/limited-edition-swarovski-kimmidoll-dolls-p-49800.html" "Mozilla/5.0 (Linux; Android 12; SM-G970F) AppleWebKit/537.36 (KHTML, like Gecko) Chrome/101.0.0.0 Mobile Safari/537.36"
151.82.146.250 - - [10/Jul/2022:17:30:40 +0200] "GET /highslide/graphics/zoomin.cur HTTP/1.0" 200 614 "http://www.wonder-geek.com/templates/Pixame_v1/stylesheet.css" "Mozilla/5.0 (Linux; Android 12; SM-G970F) AppleWebKit/537.36 (KHTML, like Gecko) Chrome/101.0.0.0 Mobile Safari/537.36"
151.82.146.250 - - [10/Jul/2022:17:30:40 +0200] "GET /templates/Pixame_v1/images/infobox/infobox_footer_middle.gif HTTP/1.0" 200 357 "http://www.wonder-geek.com/limited-edition-swarovski-kimmidoll-dolls-p-49800.html" "Mozilla/5.0 (Linux; Android 12; SM-G970F) AppleWebKit/537.36 (KHTML, like Gecko) Chrome/101.0.0.0 Mobile Safari/537.36"
151.82.146.250 - - [10/Jul/2022:17:30:40 +0200] "GET /templates/Pixame_v1/images/buttons/english/button_in_cart.gif HTTP/1.0" 200 295 "http://www.wonder-geek.com/limited-edition-swarovski-kimmidoll-dolls-p-49800.html" "Mozilla/5.0 (Linux; Android 12; SM-G970F) AppleWebKit/537.36 (KHTML, like Gecko) Chrome/101.0.0.0 Mobile Safari/537.36"
151.82.146.250 - - [10/Jul/2022:17:30:40 +0200] "GET /images/big_prod_2/c9316188078863.jpg HTTP/1.0" 200 271 "http://www.wonder-geek.com/limited-edition-swarovski-kimmidoll-dolls-p-49800.html" "Mozilla/5.0 (Linux; Android 12; SM-G970F) AppleWebKit/537.36 (KHTML, like Gecko) Chrome/101.0.0.0 Mobile Safari/537.36"
151.82.146.250 - - [10/Jul/2022:17:30:40 +0200] "GET /highslide/graphics/zoomout.cur HTTP/1.0" 200 614 "http://www.wonder-geek.com/limited-edition-swarovski-kimmidoll-dolls-p-49800.html" "Mozilla/5.0 (Linux; Android 12; SM-G970F) AppleWebKit/537.36 (KHTML, like Gecko) Chrome/101.0.0.0 Mobile Safari/537.36"
151.82.146.250 - - [10/Jul/2022:17:30:40 +0200] "GET /highslide/graphics/outlines/drop-shadow.png HTTP/1.0" 200 277 "http://www.wonder-geek.com/limited-edition-swarovski-kimmidoll-dolls-p-49800.html" "Mozilla/5.0 (Linux; Android 12; SM-G970F) AppleWebKit/537.36 (KHTML, like Gecko) Chrome/101.0.0.0 Mobile Safari/537.36"
151.82.146.250 - - [10/Jul/2022:17:30:40 +0200] "GET /highslide/graphics/loader.white.gif HTTP/1.0" 200 960 "http://www.wonder-geek.com/templates/Pixame_v1/stylesheet.css" "Mozilla/5.0 (Linux; Android 12; SM-G970F) AppleWebKit/537.36 (KHTML, like Gecko) Chrome/101.0.0.0 Mobile Safari/537.36"
151.82.146.250 - - [10/Jul/2022:17:30:40 +0200] "GET /favicon.ico HTTP/1.0" 200 260 "http://www.wonder-geek.com/limited-edition-swarovski-kimmidoll-dolls-p-49800.html" "Mozilla/5.0 (Linux; Android 12; SM-G970F) AppleWebKit/537.36 (KHTML, like Gecko) Chrome/101.0.0.0 Mobile Safari/537.36"
185.191.171.40 - - [10/Jul/2022:17:30:43 +0200] "GET /beige-lampshade-p-56325.html HTTP/1.0" 200 74803 "-" "Mozilla/5.0 (compatible; SemrushBot/7~bl; +http://www.semrush.com/bot.html)"
54.36.148.70 - - [10/Jul/2022:17:30:59 +0200] "GET /japanese-green-cast-iron-teapot-liter-p-54893.html HTTP/1.0" 200 75064 "-" "Mozilla/5.0 (compatible; AhrefsBot/7.0; +http://ahrefs.com/robot/)"
144.76.68.76 - - [10/Jul/2022:17:31:01 +0200] "GET /mini-magnetic-plate-rtro-p-30544.html HTTP/1.0" 200 74166 "-" "serpstatbot/2.1 (advanced backlink tracking bot; https://serpstatbot.com/; abuse@serpstatbot.com)"
185.191.171.18 - - [10/Jul/2022:17:31:04 +0200] "GET /harley-davidson-zippo-lighter-p-52758.html HTTP/1.0" 200 76493 "-" "Mozilla/5.0 (compatible; SemrushBot/7~bl; +http://www.semrush.com/bot.html)"
54.36.149.10 - - [10/Jul/2022:17:31:08 +0200] "GET /images/big_prod/8433933229002.jpg HTTP/1.0" 200 268 "-" "Mozilla/5.0 (compatible; AhrefsBot/7.0; +http://ahrefs.com/robot/)"
54.36.148.210 - - [10/Jul/2022:17:31:08 +0200] "GET /images/big_prod_1/8433933229002a.jpg HTTP/1.0" 200 271 "-" "Mozilla/5.0 (compatible; AhrefsBot/7.0; +http://ahrefs.com/robot/)"
185.191.171.24 - - [10/Jul/2022:17:31:18 +0200] "GET /salamander-wall-decoration-29-cm-p-40932.html HTTP/1.0" 301 74383 "-" "Mozilla/5.0 (compatible; SemrushBot/7~bl; +http://www.semrush.com/bot.html)"
185.191.171.8 - - [10/Jul/2022:17:31:22 +0200] "GET /salamander-wall-decoration-p-40932.html HTTP/1.0" 200 74290 "-" "Mozilla/5.0 (compatible; SemrushBot/7~bl; +http://www.semrush.com/bot.html)"
185.191.171.45 - - [10/Jul/2022:17:31:26 +0200] "GET /kimmidoll-collection-p-44061.html?action=add_product HTTP/1.0" 302 476 "-" "Mozilla/5.0 (compatible; SemrushBot/7~bl; +http://www.semrush.com/bot.html)"
185.191.171.40 - - [10/Jul/2022:17:31:27 +0200] "GET /quote-wall-sticker-rves-dsirs-espoirs-p-55687.html HTTP/1.0" 200 75235 "-" "Mozilla/5.0 (compatible; SemrushBot/7~bl; +http://www.semrush.com/bot.html)"
144.76.68.76 - - [10/Jul/2022:17:32:01 +0200] "GET /mini-melamine-tray-kook-kiub-p-55870.html HTTP/1.0" 200 74275 "-" "serpstatbot/2.1 (advanced backlink tracking bot; https://serpstatbot.com/; abuse@serpstatbot.com)"
114.119.137.31 - - [10/Jul/2022:17:32:03 +0200] "GET /provence-soap-box-marseille-soap-10-65-35-cm-p-39424.html HTTP/1.0" 301 74594 "http://www.wonder-geek.com/soap-tin-box-c-13_150_171.html" "Mozilla/5.0 (Linux; Android 7.0;) AppleWebKit/537.36 (KHTML, like Gecko) Mobile Safari/537.36 (compatible; PetalBot;+https://webmaster.petalsearch.com/site/petalbot)"
114.119.137.31 - - [10/Jul/2022:17:32:09 +0200] "GET /provence-soap-marseille-soap-p-39424.html HTTP/1.0" 200 74499 "http://www.wonder-geek.com/soap-tin-box-c-13_150_171.html" "Mozilla/5.0 (Linux; Android 7.0;) AppleWebKit/537.36 (KHTML, like Gecko) Mobile Safari/537.36 (compatible; PetalBot;+https://webmaster.petalsearch.com/site/petalbot)"
144.76.68.76 - - [10/Jul/2022:17:33:01 +0200] "GET /mini-melamine-tray-p-55846.html HTTP/1.0" 200 74183 "-" "serpstatbot/2.1 (advanced backlink tracking bot; https://serpstatbot.com/; abuse@serpstatbot.com)"
34.70.233.208 - - [10/Jul/2022:17:33:12 +0200] "GET /images/mini_prod/8412497371747.jpg HTTP/1.0" 200 269 "-" "Mozilla/5.0 (X11; Ubuntu; Linux x86_64; rv:72.0) Gecko/20100101 Firefox/72.0"
114.119.137.43 - - [10/Jul/2022:17:33:11 +0200] "GET /coca-cola-sugar-box-p-31660.html HTTP/1.0" 301 71556 "http://www.wonder-geek.com/sugar-box-c-13_150_152.html?page=1" "Mozilla/5.0 (Linux; Android 7.0;) AppleWebKit/537.36 (KHTML, like Gecko) Mobile Safari/537.36 (compatible; PetalBot;+https://webmaster.petalsearch.com/site/petalbot)"
185.191.171.5 - - [10/Jul/2022:17:33:12 +0200] "GET /volkswagen-moneybox-p-40270.html HTTP/1.0" 200 74120 "-" "Mozilla/5.0 (compatible; SemrushBot/7~bl; +http://www.semrush.com/bot.html)"
114.119.137.43 - - [10/Jul/2022:17:33:17 +0200] "GET /-p-31660.html HTTP/1.0" 200 71489 "http://www.wonder-geek.com/sugar-box-c-13_150_152.html?page=1" "Mozilla/5.0 (Linux; Android 7.0;) AppleWebKit/537.36 (KHTML, like Gecko) Mobile Safari/537.36 (compatible; PetalBot;+https://webmaster.petalsearch.com/site/petalbot)"
42.186.143.198 - - [10/Jul/2022:17:33:39 +0200] "GET /images/mini_prod/5415203956408.jpg HTTP/1.0" 200 269 "-" "Mozilla/5.0 (X11; Ubuntu; Linux x86_64; rv:72.0) Gecko/20100101 Firefox/72.0"
54.36.148.85 - - [10/Jul/2022:17:33:47 +0200] "GET /tassen-mood-made-germany-p-43321.html HTTP/1.0" 200 74311 "-" "Mozilla/5.0 (compatible; AhrefsBot/7.0; +http://ahrefs.com/robot/)"
144.76.68.76 - - [10/Jul/2022:17:33:59 +0200] "GET /mini-metal-tray-banania-herv-morvan-p-35251.html HTTP/1.0" 200 74349 "-" "serpstatbot/2.1 (advanced backlink tracking bot; https://serpstatbot.com/; abuse@serpstatbot.com)"
185.191.171.34 - - [10/Jul/2022:17:34:16 +0200] "GET /robots.txt HTTP/1.0" 200 245 "-" "Mozilla/5.0 (compatible; SemrushBot/7~bl; +http://www.semrush.com/bot.html)"
185.191.171.10 - - [10/Jul/2022:17:34:16 +0200] "GET /monster-high-hair-clips-p-19418.html?action=add_product HTTP/1.0" 302 476 "-" "Mozilla/5.0 (compatible; SemrushBot/7~bl; +http://www.semrush.com/bot.html)"
185.191.171.45 - - [10/Jul/2022:17:34:42 +0200] "GET /make-happen-isothermic-stainless-steel-bottle-allen-p-52007.html HTTP/1.0" 200 75081 "-" "Mozilla/5.0 (compatible; SemrushBot/7~bl; +http://www.semrush.com/bot.html)"
144.76.68.76 - - [10/Jul/2022:17:34:59 +0200] "GET /mini-metal-tray-banania-patchwork-p-35252.html HTTP/1.0" 200 71611 "-" "serpstatbot/2.1 (advanced backlink tracking bot; https://serpstatbot.com/; abuse@serpstatbot.com)"
114.119.137.31 - - [10/Jul/2022:17:35:13 +0200] "GET /protective-fleece-pillow-cover-50-70-cm-p-39151.html HTTP/1.0" 301 75025 "http://www.wonder-geek.com/bedding-protection-c-11_192.html" "Mozilla/5.0 (Linux; Android 7.0;) AppleWebKit/537.36 (KHTML, like Gecko) Mobile Safari/537.36 (compatible; PetalBot;+https://webmaster.petalsearch.com/site/petalbot)"
107.77.92.84 - - [10/Jul/2022:17:35:24 +0200] "GET /placemat-kiub-collection-cats-piano-p-55906.html HTTP/1.0" 200 77473 "-" "Mozilla/5.0 (iPhone; CPU iPhone OS 15_5 like Mac OS X) AppleWebKit/605.1.15 (KHTML, like Gecko) Version/15.5 Mobile/15E148 Safari/604.1"
107.77.92.84 - - [10/Jul/2022:17:35:26 +0200] "GET /mondial_relay/js/jquery-1.3.2.min.js HTTP/1.0" 200 276 "http://www.wonder-geek.com/placemat-kiub-collection-cats-piano-p-55906.html" "Mozilla/5.0 (iPhone; CPU iPhone OS 15_5 like Mac OS X) AppleWebKit/605.1.15 (KHTML, like Gecko) Version/15.5 Mobile/15E148 Safari/604.1"
107.77.92.84 - - [10/Jul/2022:17:35:26 +0200] "GET /templates/Pixame_v1/images/icon_accueil2.png HTTP/1.0" 200 278 "http://www.wonder-geek.com/placemat-kiub-collection-cats-piano-p-55906.html" "Mozilla/5.0 (iPhone; CPU iPhone OS 15_5 like Mac OS X) AppleWebKit/605.1.15 (KHTML, like Gecko) Version/15.5 Mobile/15E148 Safari/604.1"
107.77.92.84 - - [10/Jul/2022:17:35:27 +0200] "GET /images/pixel_trans.gif HTTP/1.0" 200 328 "http://www.wonder-geek.com/placemat-kiub-collection-cats-piano-p-55906.html" "Mozilla/5.0 (iPhone; CPU iPhone OS 15_5 like Mac OS X) AppleWebKit/605.1.15 (KHTML, like Gecko) Version/15.5 Mobile/15E148 Safari/604.1"
107.77.92.84 - - [10/Jul/2022:17:35:27 +0200] "GET /images/big_prod/3700572712307.jpg HTTP/1.0" 200 268 "http://www.wonder-geek.com/placemat-kiub-collection-cats-piano-p-55906.html" "Mozilla/5.0 (iPhone; CPU iPhone OS 15_5 like Mac OS X) AppleWebKit/605.1.15 (KHTML, like Gecko) Version/15.5 Mobile/15E148 Safari/604.1"
107.77.92.84 - - [10/Jul/2022:17:35:28 +0200] "GET /images/mini_prod/3700572712284.jpg HTTP/1.0" 200 269 "http://www.wonder-geek.com/placemat-kiub-collection-cats-piano-p-55906.html" "Mozilla/5.0 (iPhone; CPU iPhone OS 15_5 like Mac OS X) AppleWebKit/605.1.15 (KHTML, like Gecko) Version/15.5 Mobile/15E148 Safari/604.1"
107.77.92.84 - - [10/Jul/2022:17:35:28 +0200] "GET /templates/Pixame_v1/images/Bottom_texture.jpg HTTP/1.0" 200 280 "http://www.wonder-geek.com/placemat-kiub-collection-cats-piano-p-55906.html" "Mozilla/5.0 (iPhone; CPU iPhone OS 15_5 like Mac OS X) AppleWebKit/605.1.15 (KHTML, like Gecko) Version/15.5 Mobile/15E148 Safari/604.1"
107.77.92.84 - - [10/Jul/2022:17:35:28 +0200] "GET /templates/Pixame_v1/images/nav.png HTTP/1.0" 200 268 "http://www.wonder-geek.com/placemat-kiub-collection-cats-piano-p-55906.html" "Mozilla/5.0 (iPhone; CPU iPhone OS 15_5 like Mac OS X) AppleWebKit/605.1.15 (KHTML, like Gecko) Version/15.5 Mobile/15E148 Safari/604.1"
107.77.92.84 - - [10/Jul/2022:17:35:28 +0200] "GET /templates/Pixame_v1/images/header-object.png HTTP/1.0" 200 278 "http://www.wonder-geek.com/placemat-kiub-collection-cats-piano-p-55906.html" "Mozilla/5.0 (iPhone; CPU iPhone OS 15_5 like Mac OS X) AppleWebKit/605.1.15 (KHTML, like Gecko) Version/15.5 Mobile/15E148 Safari/604.1"
107.77.92.84 - - [10/Jul/2022:17:35:28 +0200] "GET /templates/Pixame_v1/images/header.png HTTP/1.0" 200 271 "http://www.wonder-geek.com/placemat-kiub-collection-cats-piano-p-55906.html" "Mozilla/5.0 (iPhone; CPU iPhone OS 15_5 like Mac OS X) AppleWebKit/605.1.15 (KHTML, like Gecko) Version/15.5 Mobile/15E148 Safari/604.1"
107.77.92.84 - - [10/Jul/2022:17:35:28 +0200] "GET /images/mini_prod/3700572712314.jpg HTTP/1.0" 200 269 "http://www.wonder-geek.com/placemat-kiub-collection-cats-piano-p-55906.html" "Mozilla/5.0 (iPhone; CPU iPhone OS 15_5 like Mac OS X) AppleWebKit/605.1.15 (KHTML, like Gecko) Version/15.5 Mobile/15E148 Safari/604.1"
107.77.92.84 - - [10/Jul/2022:17:35:28 +0200] "GET /design/productsenstock.png HTTP/1.0" 200 260 "http://www.wonder-geek.com/placemat-kiub-collection-cats-piano-p-55906.html" "Mozilla/5.0 (iPhone; CPU iPhone OS 15_5 like Mac OS X) AppleWebKit/605.1.15 (KHTML, like Gecko) Version/15.5 Mobile/15E148 Safari/604.1"
114.119.137.31 - - [10/Jul/2022:17:35:27 +0200] "GET /protective-fleece-pillow-cover-p-39151.html HTTP/1.0" 200 74928 "http://www.wonder-geek.com/bedding-protection-c-11_192.html" "Mozilla/5.0 (Linux; Android 7.0;) AppleWebKit/537.36 (KHTML, like Gecko) Mobile Safari/537.36 (compatible; PetalBot;+https://webmaster.petalsearch.com/site/petalbot)"
185.191.171.18 - - [10/Jul/2022:17:35:29 +0200] "GET /wall-decoration-mandala-lotus-wooden-pastel-colors-p-46059.html HTTP/1.0" 200 74396 "-" "Mozilla/5.0 (compatible; SemrushBot/7~bl; +http://www.semrush.com/bot.html)"
107.77.92.84 - - [10/Jul/2022:17:35:40 +0200] "POST /placemat-kiub-collection-cats-piano-p-55906.html?action=add_product HTTP/1.0" 302 476 "http://www.wonder-geek.com/placemat-kiub-collection-cats-piano-p-55906.html" "Mozilla/5.0 (iPhone; CPU iPhone OS 15_5 like Mac OS X) AppleWebKit/605.1.15 (KHTML, like Gecko) Version/15.5 Mobile/15E148 Safari/604.1"
107.77.92.84 - - [10/Jul/2022:17:35:41 +0200] "GET /shopping_cart.php HTTP/1.0" 200 29064 "http://www.wonder-geek.com/placemat-kiub-collection-cats-piano-p-55906.html" "Mozilla/5.0 (iPhone; CPU iPhone OS 15_5 like Mac OS X) AppleWebKit/605.1.15 (KHTML, like Gecko) Version/15.5 Mobile/15E148 Safari/604.1"
107.77.92.84 - - [10/Jul/2022:17:35:42 +0200] "GET /templates/Pixame_v1/images/buttons/english/button_checkout.gif HTTP/1.0" 200 296 "http://www.wonder-geek.com/shopping_cart.php" "Mozilla/5.0 (iPhone; CPU iPhone OS 15_5 like Mac OS X) AppleWebKit/605.1.15 (KHTML, like Gecko) Version/15.5 Mobile/15E148 Safari/604.1"
107.77.92.84 - - [10/Jul/2022:17:35:42 +0200] "GET /images/table_background_cart.gif HTTP/1.0" 200 1094 "http://www.wonder-geek.com/shopping_cart.php" "Mozilla/5.0 (iPhone; CPU iPhone OS 15_5 like Mac OS X) AppleWebKit/605.1.15 (KHTML, like Gecko) Version/15.5 Mobile/15E148 Safari/604.1"
107.77.92.84 - - [10/Jul/2022:17:35:42 +0200] "GET /images/icons/warning.gif HTTP/1.0" 200 478 "http://www.wonder-geek.com/shopping_cart.php" "Mozilla/5.0 (iPhone; CPU iPhone OS 15_5 like Mac OS X) AppleWebKit/605.1.15 (KHTML, like Gecko) Version/15.5 Mobile/15E148 Safari/604.1"
107.77.92.84 - - [10/Jul/2022:17:35:42 +0200] "GET /templates/Pixame_v1/images/buttons/english/button_update_cart.gif HTTP/1.0" 200 299 "http://www.wonder-geek.com/shopping_cart.php" "Mozilla/5.0 (iPhone; CPU iPhone OS 15_5 like Mac OS X) AppleWebKit/605.1.15 (KHTML, like Gecko) Version/15.5 Mobile/15E148 Safari/604.1"
107.77.92.84 - - [10/Jul/2022:17:35:42 +0200] "GET /images/mini_prod/3700572712307.jpg HTTP/1.0" 200 269 "http://www.wonder-geek.com/shopping_cart.php" "Mozilla/5.0 (iPhone; CPU iPhone OS 15_5 like Mac OS X) AppleWebKit/605.1.15 (KHTML, like Gecko) Version/15.5 Mobile/15E148 Safari/604.1"
107.77.92.84 - - [10/Jul/2022:17:35:42 +0200] "GET /templates/Pixame_v1/images/buttons/english/button_continue_shopping.gif HTTP/1.0" 200 305 "http://www.wonder-geek.com/shopping_cart.php" "Mozilla/5.0 (iPhone; CPU iPhone OS 15_5 like Mac OS X) AppleWebKit/605.1.15 (KHTML, like Gecko) Version/15.5 Mobile/15E148 Safari/604.1"
107.77.92.84 - - [10/Jul/2022:17:35:43 +0200] "GET /images/pixel_black.gif HTTP/1.0" 200 320 "http://www.wonder-geek.com/shopping_cart.php" "Mozilla/5.0 (iPhone; CPU iPhone OS 15_5 like Mac OS X) AppleWebKit/605.1.15 (KHTML, like Gecko) Version/15.5 Mobile/15E148 Safari/604.1"
107.77.92.84 - - [10/Jul/2022:17:35:43 +0200] "GET /images/icons/colissimo.gif HTTP/1.0" 200 260 "http://www.wonder-geek.com/shopping_cart.php" "Mozilla/5.0 (iPhone; CPU iPhone OS 15_5 like Mac OS X) AppleWebKit/605.1.15 (KHTML, like Gecko) Version/15.5 Mobile/15E148 Safari/604.1"
66.249.64.146 - - [10/Jul/2022:17:35:42 +0200] "GET /beer-here-illuminated-sign-p-50190.html HTTP/1.0" 301 71556 "-" "Mozilla/5.0 (compatible; Googlebot/2.1; +http://www.google.com/bot.html)"
66.249.64.146 - - [10/Jul/2022:17:35:44 +0200] "GET /-p-50190.html HTTP/1.0" 200 71489 "-" "Mozilla/5.0 (compatible; Googlebot/2.1; +http://www.google.com/bot.html)"
185.191.171.19 - - [10/Jul/2022:17:35:50 +0200] "GET /johnny-hallyday-mug-with-flashing-diodes-p-43486.html HTTP/1.0" 301 71734 "-" "Mozilla/5.0 (compatible; SemrushBot/7~bl; +http://www.semrush.com/bot.html)"
185.191.171.5 - - [10/Jul/2022:17:35:54 +0200] "GET /johnny-hallyday-with-flashing-diodes-p-43486.html HTTP/1.0" 200 71631 "-" "Mozilla/5.0 (compatible; SemrushBot/7~bl; +http://www.semrush.com/bot.html)"
144.76.68.76 - - [10/Jul/2022:17:35:55 +0200] "GET /mickey-collection-romano-britto-p-20288.html HTTP/1.0" 200 74398 "-" "serpstatbot/2.1 (advanced backlink tracking bot; https://serpstatbot.com/; abuse@serpstatbot.com)"
216.244.66.242 - - [10/Jul/2022:17:35:59 +0200] "GET /robots.txt HTTP/1.0" 200 245 "-" "Mozilla/5.0 (compatible; DotBot/1.2; +https://opensiteexplorer.org/dotbot; help@moz.com)"
216.244.66.242 - - [10/Jul/2022:17:35:59 +0200] "GET /robots.txt HTTP/1.0" 301 531 "-" "Mozilla/5.0 (compatible; DotBot/1.2; +https://opensiteexplorer.org/dotbot; help@moz.com)"
216.244.66.242 - - [10/Jul/2022:17:36:00 +0200] "GET /robots.txt HTTP/1.0" 200 245 "-" "Mozilla/5.0 (compatible; DotBot/1.2; +https://opensiteexplorer.org/dotbot; help@moz.com)"
114.119.137.3 - - [10/Jul/2022:17:36:07 +0200] "GET /boho-wooden-frame-dream-catcher-p-41402.html HTTP/1.0" 200 74289 "http://www.wonder-geek.com/home-and-decoration-c-13.html?page=111" "Mozilla/5.0 (Linux; Android 7.0;) AppleWebKit/537.36 (KHTML, like Gecko) Mobile Safari/537.36 (compatible; PetalBot;+https://webmaster.petalsearch.com/site/petalbot)"
107.77.92.84 - - [10/Jul/2022:17:36:10 +0200] "GET /placemat-kiub-collection-cats-piano-p-55906.html HTTP/1.0" 200 77475 "http://www.wonder-geek.com/shopping_cart.php" "Mozilla/5.0 (iPhone; CPU iPhone OS 15_5 like Mac OS X) AppleWebKit/605.1.15 (KHTML, like Gecko) Version/15.5 Mobile/15E148 Safari/604.1"
107.77.92.84 - - [10/Jul/2022:17:36:14 +0200] "GET /place-piano-p-53827.html HTTP/1.0" 200 77405 "http://www.wonder-geek.com/placemat-kiub-collection-cats-piano-p-55906.html" "Mozilla/5.0 (iPhone; CPU iPhone OS 15_5 like Mac OS X) AppleWebKit/605.1.15 (KHTML, like Gecko) Version/15.5 Mobile/15E148 Safari/604.1"
107.77.92.84 - - [10/Jul/2022:17:36:16 +0200] "GET /images/big_prod/3700572712314.jpg HTTP/1.0" 200 268 "http://www.wonder-geek.com/place-piano-p-53827.html" "Mozilla/5.0 (iPhone; CPU iPhone OS 15_5 like Mac OS X) AppleWebKit/605.1.15 (KHTML, like Gecko) Version/15.5 Mobile/15E148 Safari/604.1"
54.36.149.96 - - [10/Jul/2022:17:36:19 +0200] "GET /apache-women-watch-multicolor-freedom-p-41562.html HTTP/1.0" 200 74438 "-" "Mozilla/5.0 (compatible; AhrefsBot/7.0; +http://ahrefs.com/robot/)"
107.77.92.84 - - [10/Jul/2022:17:36:25 +0200] "POST /place-piano-p-53827.html?action=add_product HTTP/1.0" 302 476 "http://www.wonder-geek.com/place-piano-p-53827.html" "Mozilla/5.0 (iPhone; CPU iPhone OS 15_5 like Mac OS X) AppleWebKit/605.1.15 (KHTML, like Gecko) Version/15.5 Mobile/15E148 Safari/604.1"
107.77.92.84 - - [10/Jul/2022:17:36:25 +0200] "GET /shopping_cart.php HTTP/1.0" 200 30157 "http://www.wonder-geek.com/place-piano-p-53827.html" "Mozilla/5.0 (iPhone; CPU iPhone OS 15_5 like Mac OS X) AppleWebKit/605.1.15 (KHTML, like Gecko) Version/15.5 Mobile/15E148 Safari/604.1"
107.77.92.84 - - [10/Jul/2022:17:36:38 +0200] "GET /place-piano-p-53827.html HTTP/1.0" 200 77405 "http://www.wonder-geek.com/shopping_cart.php" "Mozilla/5.0 (iPhone; CPU iPhone OS 15_5 like Mac OS X) AppleWebKit/605.1.15 (KHTML, like Gecko) Version/15.5 Mobile/15E148 Safari/604.1"
185.191.171.42 - - [10/Jul/2022:17:36:42 +0200] "GET /hot-dogs-wooden-wall-decoration-to-hang-p-36039.html HTTP/1.0" 301 71720 "-" "Mozilla/5.0 (compatible; SemrushBot/7~bl; +http://www.semrush.com/bot.html)"
185.191.171.7 - - [10/Jul/2022:17:36:45 +0200] "GET /dogs-wooden-wall-decoration-hang-p-36039.html HTTP/1.0" 200 71621 "-" "Mozilla/5.0 (compatible; SemrushBot/7~bl; +http://www.semrush.com/bot.html)"
107.77.92.84 - - [10/Jul/2022:17:36:47 +0200] "GET /place-cushions-p-53828.html HTTP/1.0" 200 77414 "http://www.wonder-geek.com/place-piano-p-53827.html" "Mozilla/5.0 (iPhone; CPU iPhone OS 15_5 like Mac OS X) AppleWebKit/605.1.15 (KHTML, like Gecko) Version/15.5 Mobile/15E148 Safari/604.1"
107.77.92.84 - - [10/Jul/2022:17:36:49 +0200] "GET /images/big_prod/3700572712291.jpg HTTP/1.0" 200 268 "http://www.wonder-geek.com/place-cushions-p-53828.html" "Mozilla/5.0 (iPhone; CPU iPhone OS 15_5 like Mac OS X) AppleWebKit/605.1.15 (KHTML, like Gecko) Version/15.5 Mobile/15E148 Safari/604.1"
144.76.68.76 - - [10/Jul/2022:17:36:55 +0200] "GET /mini-metal-tray-cannes-p-40096.html HTTP/1.0" 200 74222 "-" "serpstatbot/2.1 (advanced backlink tracking bot; https://serpstatbot.com/; abuse@serpstatbot.com)"
107.77.92.84 - - [10/Jul/2022:17:36:58 +0200] "POST /place-cushions-p-53828.html?action=add_product HTTP/1.0" 302 476 "http://www.wonder-geek.com/place-cushions-p-53828.html" "Mozilla/5.0 (iPhone; CPU iPhone OS 15_5 like Mac OS X) AppleWebKit/605.1.15 (KHTML, like Gecko) Version/15.5 Mobile/15E148 Safari/604.1"
107.77.92.84 - - [10/Jul/2022:17:36:59 +0200] "GET /shopping_cart.php HTTP/1.0" 200 31604 "http://www.wonder-geek.com/place-cushions-p-53828.html" "Mozilla/5.0 (iPhone; CPU iPhone OS 15_5 like Mac OS X) AppleWebKit/605.1.15 (KHTML, like Gecko) Version/15.5 Mobile/15E148 Safari/604.1"
103.247.151.233 - - [10/Jul/2022:17:37:14 +0200] "GET / HTTP/1.0" 200 96764 "http://www.wonder-geek.com" "Mozilla/5.0 (Macintosh; Intel Mac OS X 10_13_4) AppleWebKit/537.36 (KHTML, like Gecko) Chrome/69.0.3451.0 Safari/537.36"
114.119.137.43 - - [10/Jul/2022:17:37:26 +0200] "GET /teo-jasmin-dessert-spoon-p-32024.html HTTP/1.0" 301 74181 "http://www.wonder-geek.com/dishes-c-12.html?page=4" "Mozilla/5.0 (Linux; Android 7.0;) AppleWebKit/537.36 (KHTML, like Gecko) Mobile Safari/537.36 (compatible; PetalBot;+https://webmaster.petalsearch.com/site/petalbot)"
185.191.171.38 - - [10/Jul/2022:17:37:27 +0200] "GET /horse-backpack-p-23430.html?action=add_product HTTP/1.0" 302 476 "-" "Mozilla/5.0 (compatible; SemrushBot/7~bl; +http://www.semrush.com/bot.html)"
114.119.137.43 - - [10/Jul/2022:17:37:33 +0200] "GET /jasmin-dessert-spoon-p-32024.html HTTP/1.0" 200 74094 "http://www.wonder-geek.com/dishes-c-12.html?page=4" "Mozilla/5.0 (Linux; Android 7.0;) AppleWebKit/537.36 (KHTML, like Gecko) Mobile Safari/537.36 (compatible; PetalBot;+https://webmaster.petalsearch.com/site/petalbot)"
107.77.92.84 - - [10/Jul/2022:17:37:50 +0200] "POST /shopping_cart.php?action=update_product HTTP/1.0" 302 476 "http://www.wonder-geek.com/shopping_cart.php" "Mozilla/5.0 (iPhone; CPU iPhone OS 15_5 like Mac OS X) AppleWebKit/605.1.15 (KHTML, like Gecko) Version/15.5 Mobile/15E148 Safari/604.1"
107.77.92.84 - - [10/Jul/2022:17:37:51 +0200] "GET /shopping_cart.php HTTP/1.0" 200 31292 "http://www.wonder-geek.com/shopping_cart.php" "Mozilla/5.0 (iPhone; CPU iPhone OS 15_5 like Mac OS X) AppleWebKit/605.1.15 (KHTML, like Gecko) Version/15.5 Mobile/15E148 Safari/604.1"
144.76.68.76 - - [10/Jul/2022:17:37:52 +0200] "GET /mini-metal-tray-citron-type-p-35255.html HTTP/1.0" 200 74898 "-" "serpstatbot/2.1 (advanced backlink tracking bot; https://serpstatbot.com/; abuse@serpstatbot.com)"
107.77.92.84 - - [10/Jul/2022:17:38:00 +0200] "GET /place-cushions-p-53828.html HTTP/1.0" 200 77414 "http://www.wonder-geek.com/shopping_cart.php" "Mozilla/5.0 (iPhone; CPU iPhone OS 15_5 like Mac OS X) AppleWebKit/605.1.15 (KHTML, like Gecko) Version/15.5 Mobile/15E148 Safari/604.1"
107.77.92.84 - - [10/Jul/2022:17:38:07 +0200] "GET /placemat-kiub-collection-birds-p-55909.html HTTP/1.0" 200 77474 "http://www.wonder-geek.com/place-cushions-p-53828.html" "Mozilla/5.0 (iPhone; CPU iPhone OS 15_5 like Mac OS X) AppleWebKit/605.1.15 (KHTML, like Gecko) Version/15.5 Mobile/15E148 Safari/604.1"
107.77.92.84 - - [10/Jul/2022:17:38:10 +0200] "GET /images/big_prod/3700572712284.jpg HTTP/1.0" 200 268 "http://www.wonder-geek.com/placemat-kiub-collection-birds-p-55909.html" "Mozilla/5.0 (iPhone; CPU iPhone OS 15_5 like Mac OS X) AppleWebKit/605.1.15 (KHTML, like Gecko) Version/15.5 Mobile/15E148 Safari/604.1"
107.77.92.84 - - [10/Jul/2022:17:38:19 +0200] "POST /placemat-kiub-collection-birds-p-55909.html?action=add_product HTTP/1.0" 302 476 "http://www.wonder-geek.com/placemat-kiub-collection-birds-p-55909.html" "Mozilla/5.0 (iPhone; CPU iPhone OS 15_5 like Mac OS X) AppleWebKit/605.1.15 (KHTML, like Gecko) Version/15.5 Mobile/15E148 Safari/604.1"
107.77.92.84 - - [10/Jul/2022:17:38:20 +0200] "GET /shopping_cart.php HTTP/1.0" 200 32525 "http://www.wonder-geek.com/placemat-kiub-collection-birds-p-55909.html" "Mozilla/5.0 (iPhone; CPU iPhone OS 15_5 like Mac OS X) AppleWebKit/605.1.15 (KHTML, like Gecko) Version/15.5 Mobile/15E148 Safari/604.1"
107.77.92.84 - - [10/Jul/2022:17:38:45 +0200] "GET /placemat-kiub-collection-birds-p-55909.html HTTP/1.0" 200 77474 "http://www.wonder-geek.com/shopping_cart.php" "Mozilla/5.0 (iPhone; CPU iPhone OS 15_5 like Mac OS X) AppleWebKit/605.1.15 (KHTML, like Gecko) Version/15.5 Mobile/15E148 Safari/604.1"
185.191.171.2 - - [10/Jul/2022:17:38:46 +0200] "GET /-p-41777.html?action=add_product HTTP/1.0" 302 476 "-" "Mozilla/5.0 (compatible; SemrushBot/7~bl; +http://www.semrush.com/bot.html)"
107.77.92.84 - - [10/Jul/2022:17:38:53 +0200] "GET /placemat-kiub-collection-cats-love-paris-p-55908.html HTTP/1.0" 200 77489 "http://www.wonder-geek.com/placemat-kiub-collection-birds-p-55909.html" "Mozilla/5.0 (iPhone; CPU iPhone OS 15_5 like Mac OS X) AppleWebKit/605.1.15 (KHTML, like Gecko) Version/15.5 Mobile/15E148 Safari/604.1"
107.77.92.84 - - [10/Jul/2022:17:38:55 +0200] "GET /images/big_prod/3700572722221.jpg HTTP/1.0" 200 268 "http://www.wonder-geek.com/placemat-kiub-collection-cats-love-paris-p-55908.html" "Mozilla/5.0 (iPhone; CPU iPhone OS 15_5 like Mac OS X) AppleWebKit/605.1.15 (KHTML, like Gecko) Version/15.5 Mobile/15E148 Safari/604.1"
144.76.68.76 - - [10/Jul/2022:17:38:54 +0200] "GET /mini-metal-tray-dubout-cats-p-35249.html HTTP/1.0" 200 74254 "-" "serpstatbot/2.1 (advanced backlink tracking bot; https://serpstatbot.com/; abuse@serpstatbot.com)"
