185.191.171.5 - - [10/Jul/2022:14:30:39 +0200] "GET /wooden-wall-decoration-hang-p-41532.html?action=add_product HTTP/1.0" 302 476 "-" "Mozilla/5.0 (compatible; SemrushBot/7~bl; +http://www.semrush.com/bot.html)"
144.76.68.76 - - [10/Jul/2022:14:30:44 +0200] "GET /white-lampshade-p-56436.html HTTP/1.0" 200 74163 "-" "serpstatbot/2.1 (advanced backlink tracking bot; https://serpstatbot.com/; abuse@serpstatbot.com)"
42.186.143.198 - - [10/Jul/2022:14:31:02 +0200] "GET /images/mini_prod/1361623281047.jpg HTTP/1.0" 200 269 "-" "Mozilla/5.0 (X11; Ubuntu; Linux x86_64; rv:72.0) Gecko/20100101 Firefox/72.0"
207.46.13.23 - - [10/Jul/2022:14:31:10 +0200] "GET /-p-12905.html HTTP/1.0" 200 71489 "-" "Mozilla/5.0 (compatible; bingbot/2.0; +http://www.bing.com/bingbot.htm)"
54.36.149.39 - - [10/Jul/2022:14:31:12 +0200] "GET /live-dream-large-cabas-p-42928.html HTTP/1.0" 200 74209 "-" "Mozilla/5.0 (compatible; AhrefsBot/7.0; +http://ahrefs.com/robot/)"
207.46.13.169 - - [10/Jul/2022:14:31:22 +0200] "GET /-p-38831.html HTTP/1.0" 200 71489 "-" "Mozilla/5.0 (compatible; bingbot/2.0; +http://www.bing.com/bingbot.htm)"
144.76.68.76 - - [10/Jul/2022:14:31:42 +0200] "GET /moneybox-shape-wooden-barrel-brass-p-56768.html HTTP/1.0" 200 74357 "-" "serpstatbot/2.1 (advanced backlink tracking bot; https://serpstatbot.com/; abuse@serpstatbot.com)"
185.191.171.16 - - [10/Jul/2022:14:31:58 +0200] "GET /quote-wall-stickers-happiness-p-42989.html?action=add_product HTTP/1.0" 302 476 "-" "Mozilla/5.0 (compatible; SemrushBot/7~bl; +http://www.semrush.com/bot.html)"
40.77.167.42 - - [10/Jul/2022:14:32:08 +0200] "GET /-p-29925.html HTTP/1.0" 200 71489 "-" "Mozilla/5.0 (compatible; bingbot/2.0; +http://www.bing.com/bingbot.htm)"
185.191.171.14 - - [10/Jul/2022:14:32:12 +0200] "GET /live-dream-white-shirt-p-43145.html HTTP/1.0" 200 77479 "-" "Mozilla/5.0 (compatible; SemrushBot/7~bl; +http://www.semrush.com/bot.html)"
144.76.68.76 - - [10/Jul/2022:14:32:34 +0200] "GET /verrine-unit-p-53426.html HTTP/1.0" 200 74132 "-" "serpstatbot/2.1 (advanced backlink tracking bot; https://serpstatbot.com/; abuse@serpstatbot.com)"
40.77.167.42 - - [10/Jul/2022:14:32:48 +0200] "GET /-p-27348.html HTTP/1.0" 200 71489 "-" "Mozilla/5.0 (compatible; bingbot/2.0; +http://www.bing.com/bingbot.htm)"
185.191.171.36 - - [10/Jul/2022:14:33:02 +0200] "GET /black-brown-leather-bracelet-p-38487.html?action=add_product HTTP/1.0" 302 476 "-" "Mozilla/5.0 (compatible; SemrushBot/7~bl; +http://www.semrush.com/bot.html)"
66.249.64.158 - - [10/Jul/2022:14:33:02 +0200] "GET /images/big_prod/8719172837322.jpg HTTP/1.0" 200 268 "-" "Googlebot-Image/1.0"
54.36.148.170 - - [10/Jul/2022:14:33:04 +0200] "GET /zodiac-high-ceramic-p-30780.html HTTP/1.0" 200 74081 "-" "Mozilla/5.0 (compatible; AhrefsBot/7.0; +http://ahrefs.com/robot/)"
144.76.68.76 - - [10/Jul/2022:14:33:27 +0200] "GET /monkey-candle-holder-model-p-46772.html HTTP/1.0" 200 74255 "-" "serpstatbot/2.1 (advanced backlink tracking bot; https://serpstatbot.com/; abuse@serpstatbot.com)"
40.77.167.74 - - [10/Jul/2022:14:33:44 +0200] "GET /nici-bubble-mouse-keyring-plush-p-35197.html HTTP/1.0" 200 74200 "-" "Mozilla/5.0 (compatible; bingbot/2.0; +http://www.bing.com/bingbot.htm)"
157.55.39.92 - - [10/Jul/2022:14:33:45 +0200] "GET /provence-soap-marseille-soap-p-39424.html HTTP/1.0" 200 74499 "-" "Mozilla/5.0 (compatible; bingbot/2.0; +http://www.bing.com/bingbot.htm)"
185.191.171.7 - - [10/Jul/2022:14:33:56 +0200] "GET /incense-sticks-burner-storage-lotus-p-39489.html?action=add_product HTTP/1.0" 302 476 "-" "Mozilla/5.0 (compatible; SemrushBot/7~bl; +http://www.semrush.com/bot.html)"
144.76.68.76 - - [10/Jul/2022:14:34:20 +0200] "GET /very-large-fountain-ganesh-resin-p-46678.html HTTP/1.0" 200 74545 "-" "serpstatbot/2.1 (advanced backlink tracking bot; https://serpstatbot.com/; abuse@serpstatbot.com)"
40.77.167.42 - - [10/Jul/2022:14:34:38 +0200] "GET /disney-princess-metal-box-p-26697.html HTTP/1.0" 301 74323 "-" "Mozilla/5.0 (compatible; bingbot/2.0; +http://www.bing.com/bingbot.htm)"
185.191.171.34 - - [10/Jul/2022:14:34:55 +0200] "GET /basket-rattan-end-braided-30-cm-p-48060.html HTTP/1.0" 301 71671 "-" "Mozilla/5.0 (compatible; SemrushBot/7~bl; +http://www.semrush.com/bot.html)"
185.191.171.43 - - [10/Jul/2022:14:34:57 +0200] "GET /basket-rattan-braided-p-48060.html HTTP/1.0" 200 71583 "-" "Mozilla/5.0 (compatible; SemrushBot/7~bl; +http://www.semrush.com/bot.html)"
54.36.148.74 - - [10/Jul/2022:14:35:06 +0200] "GET /jane-crowther-black-p-53852.html HTTP/1.0" 200 74872 "-" "Mozilla/5.0 (compatible; AhrefsBot/7.0; +http://ahrefs.com/robot/)"
54.36.148.63 - - [10/Jul/2022:14:35:12 +0200] "GET /images/big_prod_1/3700572755366C.jpg HTTP/1.0" 200 271 "-" "Mozilla/5.0 (compatible; AhrefsBot/7.0; +http://ahrefs.com/robot/)"
144.76.68.76 - - [10/Jul/2022:14:35:10 +0200] "GET /monkey-statue-resin-p-47991.html HTTP/1.0" 200 71555 "-" "serpstatbot/2.1 (advanced backlink tracking bot; https://serpstatbot.com/; abuse@serpstatbot.com)"
54.36.148.74 - - [10/Jul/2022:14:35:21 +0200] "GET /images/big_prod/3700572755366B.jpg HTTP/1.0" 200 269 "-" "Mozilla/5.0 (compatible; AhrefsBot/7.0; +http://ahrefs.com/robot/)"
46.161.11.244 - - [10/Jul/2022:14:35:45 +0200] "GET /contact_us.php HTTP/1.0" 200 26238 "http://www.wonder-geek.com/contact_us.php" "Mozilla/5.0 (Windows NT 6.1; WOW64) AppleWebKit/537.36 (KHTML, like Gecko) Chrome/83.0.4102.0 Safari/537.36"
46.161.11.244 - - [10/Jul/2022:14:35:46 +0200] "POST /contact_us.php?action=send HTTP/1.0" 200 26585 "http://www.wonder-geek.com/contact_us.php" "Mozilla/5.0 (Windows NT 6.1; WOW64) AppleWebKit/537.36 (KHTML, like Gecko) Chrome/83.0.4102.0 Safari/537.36"
5.255.253.119 - - [10/Jul/2022:14:35:54 +0200] "GET /quad-blaster-guardians-of-the-galaxy-p-27710.html HTTP/1.0" 301 71556 "-" "Mozilla/5.0 (compatible; YandexBot/3.0; +http://yandex.com/bots)"
157.55.39.92 - - [10/Jul/2022:14:35:56 +0200] "GET /-p-2915.html HTTP/1.0" 200 71487 "-" "Mozilla/5.0 (compatible; bingbot/2.0; +http://www.bing.com/bingbot.htm)"
5.255.253.119 - - [10/Jul/2022:14:35:57 +0200] "GET /-p-27710.html HTTP/1.0" 200 71489 "-" "Mozilla/5.0 (compatible; YandexBot/3.0; +http://yandex.com/bots)"
144.76.68.76 - - [10/Jul/2022:14:36:00 +0200] "GET /vespa-clock-p-21430.html HTTP/1.0" 200 73996 "-" "serpstatbot/2.1 (advanced backlink tracking bot; https://serpstatbot.com/; abuse@serpstatbot.com)"
114.119.137.43 - - [10/Jul/2022:14:36:18 +0200] "GET /quartz-geode-size-about-75-p-44408.html HTTP/1.0" 301 71679 "http://www.wonder-geek.com/esotericism-lithotherapy-c-174.html" "Mozilla/5.0 (Linux; Android 7.0;) AppleWebKit/537.36 (KHTML, like Gecko) Mobile Safari/537.36 (compatible; PetalBot;+https://webmaster.petalsearch.com/site/petalbot)"
114.119.137.43 - - [10/Jul/2022:14:36:21 +0200] "GET /quartz-geode-size-about-p-44408.html HTTP/1.0" 200 71589 "http://www.wonder-geek.com/esotericism-lithotherapy-c-174.html" "Mozilla/5.0 (Linux; Android 7.0;) AppleWebKit/537.36 (KHTML, like Gecko) Mobile Safari/537.36 (compatible; PetalBot;+https://webmaster.petalsearch.com/site/petalbot)"
185.191.171.39 - - [10/Jul/2022:14:36:39 +0200] "GET /retro-style-bread-p-42581.html?action=add_product HTTP/1.0" 302 476 "-" "Mozilla/5.0 (compatible; SemrushBot/7~bl; +http://www.semrush.com/bot.html)"
66.249.93.251 - - [10/Jul/2022:14:36:51 +0200] "GET /images/big_prod_2/5404006048250c.jpg HTTP/1.0" 200 271 "-" "Mozilla/5.0 (Windows NT 5.1; rv:11.0) Gecko Firefox/11.0 (via ggpht.com GoogleImageProxy)"
144.76.68.76 - - [10/Jul/2022:14:36:52 +0200] "GET /monster-doll-small-white-cushion-with-personalized-picture-p-16983.html HTTP/1.0" 200 74900 "-" "serpstatbot/2.1 (advanced backlink tracking bot; https://serpstatbot.com/; abuse@serpstatbot.com)"
40.77.167.42 - - [10/Jul/2022:14:36:58 +0200] "GET /mickey-mouse-green-swimsuit-p-30577.html HTTP/1.0" 200 75314 "-" "Mozilla/5.0 (compatible; bingbot/2.0; +http://www.bing.com/bingbot.htm)"
54.36.148.58 - - [10/Jul/2022:14:37:04 +0200] "GET /ganesh-statue-p-42005.html HTTP/1.0" 200 74150 "-" "Mozilla/5.0 (compatible; AhrefsBot/7.0; +http://ahrefs.com/robot/)"
40.77.167.74 - - [10/Jul/2022:14:37:24 +0200] "GET /kimmidoll-glasses-case-p-47586.html HTTP/1.0" 200 74787 "-" "Mozilla/5.0 (compatible; bingbot/2.0; +http://www.bing.com/bingbot.htm)"
144.76.68.76 - - [10/Jul/2022:14:37:42 +0200] "GET /vespa-metal-collection-hanging-plate-p-45987.html HTTP/1.0" 200 74490 "-" "serpstatbot/2.1 (advanced backlink tracking bot; https://serpstatbot.com/; abuse@serpstatbot.com)"
185.191.171.12 - - [10/Jul/2022:14:38:03 +0200] "GET /thinkerbell-scarf-p-22151.html?action=add_product HTTP/1.0" 302 476 "-" "Mozilla/5.0 (compatible; SemrushBot/7~bl; +http://www.semrush.com/bot.html)"
207.46.13.23 - - [10/Jul/2022:14:38:21 +0200] "GET /sacred-heart-jesus-aromatika-incense-sticks-p-47133.html HTTP/1.0" 200 74318 "-" "Mozilla/5.0 (compatible; bingbot/2.0; +http://www.bing.com/bingbot.htm)"
58.87.60.223 - - [10/Jul/2022:14:38:24 +0200] "GET /images/mini_prod/14883.jpg HTTP/1.0" 200 261 "-" "Mozilla/5.0 (X11; Ubuntu; Linux x86_64; rv:72.0) Gecko/20100101 Firefox/72.0"
58.87.60.223 - - [10/Jul/2022:14:38:30 +0200] "GET /images/mini_prod/boudha1384010191187.jpg HTTP/1.0" 200 275 "-" "Mozilla/5.0 (X11; Ubuntu; Linux x86_64; rv:72.0) Gecko/20100101 Firefox/72.0"
144.76.68.76 - - [10/Jul/2022:14:38:33 +0200] "GET /monster-high-companion-wallet-p-15502.html HTTP/1.0" 200 74974 "-" "serpstatbot/2.1 (advanced backlink tracking bot; https://serpstatbot.com/; abuse@serpstatbot.com)"
54.36.148.156 - - [10/Jul/2022:14:38:50 +0200] "GET /jackets-coats-parkas-c-1_27.html HTTP/1.0" 200 84656 "-" "Mozilla/5.0 (compatible; AhrefsBot/7.0; +http://ahrefs.com/robot/)"
207.46.13.23 - - [10/Jul/2022:14:39:22 +0200] "GET /looney-tunes-bugs-lola-bunny-mobile-sock-p-18017.html HTTP/1.0" 200 71692 "-" "Mozilla/5.0 (compatible; bingbot/2.0; +http://www.bing.com/bingbot.htm)"
144.76.68.76 - - [10/Jul/2022:14:39:25 +0200] "GET /vespa-mini-yellow-flashlight-keychain-p-18630.html HTTP/1.0" 200 71635 "-" "serpstatbot/2.1 (advanced backlink tracking bot; https://serpstatbot.com/; abuse@serpstatbot.com)"
40.77.167.74 - - [10/Jul/2022:14:39:44 +0200] "GET /-p-36303.html HTTP/1.0" 200 71489 "-" "Mozilla/5.0 (compatible; bingbot/2.0; +http://www.bing.com/bingbot.htm)"
40.77.167.74 - - [10/Jul/2022:14:40:05 +0200] "GET /-p-31218.html HTTP/1.0" 200 71489 "-" "Mozilla/5.0 (compatible; bingbot/2.0; +http://www.bing.com/bingbot.htm)"
185.191.171.5 - - [10/Jul/2022:14:40:10 +0200] "GET /mickey-club-house-umbrella-p-20500.html HTTP/1.0" 200 74366 "-" "Mozilla/5.0 (compatible; SemrushBot/7~bl; +http://www.semrush.com/bot.html)"
144.76.68.76 - - [10/Jul/2022:14:40:14 +0200] "GET /monaco-vintage-poster-p-42523.html HTTP/1.0" 200 74105 "-" "serpstatbot/2.1 (advanced backlink tracking bot; https://serpstatbot.com/; abuse@serpstatbot.com)"
51.68.224.127 - - [10/Jul/2022:14:40:25 +0200] "GET /adminweb/export_orders_xml.php?token=256de2z6edz6ed2z6DFSFsed2zed6zeDSFDSGdzedezfzf&maxorders=10&orderstart=1&status=14&start_date=2018-10-01 HTTP/1.0" 200 285 "-" "GesCom CharlotteBoutik Serveur"
51.68.224.127 - - [10/Jul/2022:14:40:25 +0200] "GET /adminweb/export_orders_xml.php?token=256de2z6edz6ed2z6DFSFsed2zed6zeDSFDSGdzedezfzf&maxorders=10&orderstart=1&status=6&start_date=2018-10-01 HTTP/1.0" 200 31081 "-" "GesCom CharlotteBoutik Serveur"
144.76.68.76 - - [10/Jul/2022:14:41:05 +0200] "GET /vespa-multi-pliers-p-23057.html HTTP/1.0" 301 71556 "-" "serpstatbot/2.1 (advanced backlink tracking bot; https://serpstatbot.com/; abuse@serpstatbot.com)"
54.36.149.31 - - [10/Jul/2022:14:41:05 +0200] "GET /pusheen-magical-p-43117.html HTTP/1.0" 200 74166 "-" "Mozilla/5.0 (compatible; AhrefsBot/7.0; +http://ahrefs.com/robot/)"
40.77.167.74 - - [10/Jul/2022:14:41:15 +0200] "GET /-p-25054.html HTTP/1.0" 200 71489 "-" "Mozilla/5.0 (compatible; bingbot/2.0; +http://www.bing.com/bingbot.htm)"
66.249.64.158 - - [10/Jul/2022:14:41:34 +0200] "GET /statue-decorating-catistic-lying-cat-p-37143.html HTTP/1.0" 301 71714 "-" "Mozilla/5.0 (Linux; Android 6.0.1; Nexus 5X Build/MMB29P) AppleWebKit/537.36 (KHTML, like Gecko) Chrome/103.0.5060.114 Mobile Safari/537.36 (compatible; Googlebot/2.1; +http://www.google.com/bot.html)"
66.249.64.146 - - [10/Jul/2022:14:41:36 +0200] "GET /statue-decorating-catistic-lying-p-37143.html HTTP/1.0" 200 71615 "-" "Mozilla/5.0 (Linux; Android 6.0.1; Nexus 5X Build/MMB29P) AppleWebKit/537.36 (KHTML, like Gecko) Chrome/103.0.5060.114 Mobile Safari/537.36 (compatible; Googlebot/2.1; +http://www.google.com/bot.html)"
144.76.68.76 - - [10/Jul/2022:14:41:55 +0200] "GET /monster-high-hair-clips-p-19418.html HTTP/1.0" 200 76899 "-" "serpstatbot/2.1 (advanced backlink tracking bot; https://serpstatbot.com/; abuse@serpstatbot.com)"
185.191.171.38 - - [10/Jul/2022:14:42:02 +0200] "GET /robots.txt HTTP/1.0" 200 245 "-" "Mozilla/5.0 (compatible; SemrushBot/7~bl; +http://www.semrush.com/bot.html)"
185.191.171.2 - - [10/Jul/2022:14:42:02 +0200] "GET /bicycle-pendulum-clock-allen-p-53181.html?action=add_product HTTP/1.0" 302 476 "-" "Mozilla/5.0 (compatible; SemrushBot/7~bl; +http://www.semrush.com/bot.html)"
40.77.167.74 - - [10/Jul/2022:14:42:25 +0200] "GET /retro-camera-clock-p-51437.html HTTP/1.0" 200 71551 "-" "Mozilla/5.0 (compatible; bingbot/2.0; +http://www.bing.com/bingbot.htm)"
185.191.171.20 - - [10/Jul/2022:14:42:42 +0200] "GET /russian-doll-metal-keyring-cbkreation-p-31773.html HTTP/1.0" 200 74227 "-" "Mozilla/5.0 (compatible; SemrushBot/7~bl; +http://www.semrush.com/bot.html)"
144.76.68.76 - - [10/Jul/2022:14:42:47 +0200] "GET /vespa-piaggio-blue-clock-p-15570.html HTTP/1.0" 301 71556 "-" "serpstatbot/2.1 (advanced backlink tracking bot; https://serpstatbot.com/; abuse@serpstatbot.com)"
54.36.148.38 - - [10/Jul/2022:14:42:49 +0200] "GET /funky-dolls-lola-cocoa-p-18855.html HTTP/1.0" 200 74266 "-" "Mozilla/5.0 (compatible; AhrefsBot/7.0; +http://ahrefs.com/robot/)"
144.76.68.76 - - [10/Jul/2022:14:43:39 +0200] "GET /monster-high-mini-keychain-flashlight-white-p-17848.html HTTP/1.0" 200 74423 "-" "serpstatbot/2.1 (advanced backlink tracking bot; https://serpstatbot.com/; abuse@serpstatbot.com)"
40.77.167.74 - - [10/Jul/2022:14:43:45 +0200] "GET /-p-17204.html HTTP/1.0" 200 71489 "-" "Mozilla/5.0 (compatible; bingbot/2.0; +http://www.bing.com/bingbot.htm)"
40.77.167.74 - - [10/Jul/2022:14:43:55 +0200] "GET /-p-34597.html HTTP/1.0" 200 71489 "-" "Mozilla/5.0 (compatible; bingbot/2.0; +http://www.bing.com/bingbot.htm)"
40.77.167.74 - - [10/Jul/2022:14:44:05 +0200] "GET /incense-box-and-stick-holder-yin-yang-p-35508.html HTTP/1.0" 301 75261 "-" "Mozilla/5.0 (compatible; bingbot/2.0; +http://www.bing.com/bingbot.htm)"
144.76.68.76 - - [10/Jul/2022:14:44:29 +0200] "GET /vespa-scooter-clock-p-29041.html HTTP/1.0" 200 74132 "-" "serpstatbot/2.1 (advanced backlink tracking bot; https://serpstatbot.com/; abuse@serpstatbot.com)"
40.77.167.64 - - [10/Jul/2022:14:44:34 +0200] "GET /-p-30920.html HTTP/1.0" 200 71489 "-" "Mozilla/5.0 (compatible; bingbot/2.0; +http://www.bing.com/bingbot.htm)"
54.36.149.17 - - [10/Jul/2022:14:44:55 +0200] "GET /disney-princess-pencil-case-p-44919.html HTTP/1.0" 200 74189 "-" "Mozilla/5.0 (compatible; AhrefsBot/7.0; +http://ahrefs.com/robot/)"
54.36.149.48 - - [10/Jul/2022:14:44:58 +0200] "GET /images/big_prod/B4891320386679B.jpg HTTP/1.0" 200 270 "-" "Mozilla/5.0 (compatible; AhrefsBot/7.0; +http://ahrefs.com/robot/)"
40.77.167.74 - - [10/Jul/2022:14:45:05 +0200] "GET /-p-19527.html HTTP/1.0" 200 71489 "-" "Mozilla/5.0 (compatible; bingbot/2.0; +http://www.bing.com/bingbot.htm)"
185.191.171.39 - - [10/Jul/2022:14:45:09 +0200] "GET /fitted-sheet-in-cotton-percale-80-threads-140-190-30-cm-p-48199.html HTTP/1.0" 301 75218 "-" "Mozilla/5.0 (compatible; SemrushBot/7~bl; +http://www.semrush.com/bot.html)"
185.191.171.15 - - [10/Jul/2022:14:45:12 +0200] "GET /fitted-sheet-cotton-percale-threads-p-48199.html HTTP/1.0" 200 75116 "-" "Mozilla/5.0 (compatible; SemrushBot/7~bl; +http://www.semrush.com/bot.html)"
185.191.171.6 - - [10/Jul/2022:14:45:15 +0200] "GET /keith-haring-tote-bag-p-29252.html HTTP/1.0" 301 74222 "-" "Mozilla/5.0 (compatible; SemrushBot/7~bl; +http://www.semrush.com/bot.html)"
185.191.171.33 - - [10/Jul/2022:14:45:18 +0200] "GET /keith-haring-tote-p-29252.html HTTP/1.0" 200 74138 "-" "Mozilla/5.0 (compatible; SemrushBot/7~bl; +http://www.semrush.com/bot.html)"
144.76.68.76 - - [10/Jul/2022:14:45:20 +0200] "GET /monster-high-p-18676.html HTTP/1.0" 200 74338 "-" "serpstatbot/2.1 (advanced backlink tracking bot; https://serpstatbot.com/; abuse@serpstatbot.com)"
144.76.68.76 - - [10/Jul/2022:14:46:11 +0200] "GET /vespa-scooter-clock-p-29045.html HTTP/1.0" 301 71556 "-" "serpstatbot/2.1 (advanced backlink tracking bot; https://serpstatbot.com/; abuse@serpstatbot.com)"
147.92.153.13 - - [10/Jul/2022:14:46:17 +0200] "GET /hair-accessories-c-3_205.html HTTP/1.0" 200 91377 "-" "Mozilla/5.0 (compatible; Linespider/1.1; +https://lin.ee/4dwXkTH)"
40.77.167.64 - - [10/Jul/2022:14:46:53 +0200] "GET /christmas-2015-figurine-sonny-angel-p-32515.html HTTP/1.0" 301 71556 "-" "Mozilla/5.0 (compatible; bingbot/2.0; +http://www.bing.com/bingbot.htm)"
54.36.148.126 - - [10/Jul/2022:14:46:57 +0200] "GET /mickey-birthday-card-with-envelope-p-25256.html HTTP/1.0" 200 74187 "-" "Mozilla/5.0 (compatible; AhrefsBot/7.0; +http://ahrefs.com/robot/)"
54.36.149.97 - - [10/Jul/2022:14:46:59 +0200] "GET /images/1399984254875.jpg HTTP/1.0" 200 259 "-" "Mozilla/5.0 (compatible; AhrefsBot/7.0; +http://ahrefs.com/robot/)"
144.76.68.76 - - [10/Jul/2022:14:47:00 +0200] "GET /monster-high-stationery-p-20401.html HTTP/1.0" 200 74385 "-" "serpstatbot/2.1 (advanced backlink tracking bot; https://serpstatbot.com/; abuse@serpstatbot.com)"
185.191.171.40 - - [10/Jul/2022:14:47:25 +0200] "GET /pugsley-keel-toys-plush-p-46901.html?action=add_product HTTP/1.0" 302 476 "-" "Mozilla/5.0 (compatible; SemrushBot/7~bl; +http://www.semrush.com/bot.html)"
66.249.64.158 - - [10/Jul/2022:14:47:37 +0200] "GET /ceramic-salt-with-spoon-dory-p-50650.html HTTP/1.0" 200 74201 "-" "Mozilla/5.0 (Linux; Android 6.0.1; Nexus 5X Build/MMB29P) AppleWebKit/537.36 (KHTML, like Gecko) Chrome/103.0.5060.114 Mobile Safari/537.36 (compatible; Googlebot/2.1; +http://www.google.com/bot.html)"
66.249.64.146 - - [10/Jul/2022:14:47:39 +0200] "GET /retro-alarm-clock-flip-blue-p-53141.html HTTP/1.0" 200 74208 "-" "Mozilla/5.0 (Linux; Android 6.0.1; Nexus 5X Build/MMB29P) AppleWebKit/537.36 (KHTML, like Gecko) Chrome/103.0.5060.114 Mobile Safari/537.36 (compatible; Googlebot/2.1; +http://www.google.com/bot.html)"
40.77.167.42 - - [10/Jul/2022:14:47:40 +0200] "GET /jasmin-large-cabas-rockabilly-p-39275.html HTTP/1.0" 301 71556 "-" "Mozilla/5.0 (compatible; bingbot/2.0; +http://www.bing.com/bingbot.htm)"
66.249.64.152 - - [10/Jul/2022:14:47:41 +0200] "GET /beer-here-illuminated-sign-p-50190.html HTTP/1.0" 301 71556 "-" "Mozilla/5.0 (compatible; Googlebot/2.1; +http://www.google.com/bot.html)"
66.249.64.152 - - [10/Jul/2022:14:47:43 +0200] "GET /-p-50190.html HTTP/1.0" 200 71489 "-" "Mozilla/5.0 (compatible; Googlebot/2.1; +http://www.google.com/bot.html)"
144.76.68.76 - - [10/Jul/2022:14:47:50 +0200] "GET /vest-with-crop-steampunk-black-shirt-p-30129.html HTTP/1.0" 200 75706 "-" "serpstatbot/2.1 (advanced backlink tracking bot; https://serpstatbot.com/; abuse@serpstatbot.com)"
185.191.171.21 - - [10/Jul/2022:14:48:11 +0200] "GET /motel-large-metal-plate-deco-p-34119.html?action=add_product HTTP/1.0" 302 476 "-" "Mozilla/5.0 (compatible; SemrushBot/7~bl; +http://www.semrush.com/bot.html)"
216.244.66.242 - - [10/Jul/2022:14:48:29 +0200] "GET /robots.txt HTTP/1.0" 200 245 "-" "Mozilla/5.0 (compatible; DotBot/1.2; +https://opensiteexplorer.org/dotbot; help@moz.com)"
54.36.148.29 - - [10/Jul/2022:14:48:40 +0200] "GET /plates-c-12_58.html HTTP/1.0" 301 80296 "-" "Mozilla/5.0 (compatible; AhrefsBot/7.0; +http://ahrefs.com/robot/)"
144.76.68.76 - - [10/Jul/2022:14:48:41 +0200] "GET /moon-mini-melamine-tray-p-55855.html HTTP/1.0" 200 74307 "-" "serpstatbot/2.1 (advanced backlink tracking bot; https://serpstatbot.com/; abuse@serpstatbot.com)"
185.191.171.21 - - [10/Jul/2022:14:48:46 +0200] "GET /french-quote-stickers-p-39330.html?action=add_product HTTP/1.0" 302 476 "-" "Mozilla/5.0 (compatible; SemrushBot/7~bl; +http://www.semrush.com/bot.html)"
114.119.137.45 - - [10/Jul/2022:14:49:07 +0200] "GET /those-about-rock-acdc-zippo-lighter-p-51920.html HTTP/1.0" 200 71628 "http://www.wonder-geek.com/accessories-c-3.html?page=23" "Mozilla/5.0 (Linux; Android 7.0;) AppleWebKit/537.36 (KHTML, like Gecko) Mobile Safari/537.36 (compatible; PetalBot;+https://webmaster.petalsearch.com/site/petalbot)"
54.36.149.74 - - [10/Jul/2022:14:49:08 +0200] "GET /wood-metal-rabbit-decoration-p-48287.html HTTP/1.0" 200 71611 "-" "Mozilla/5.0 (compatible; AhrefsBot/7.0; +http://ahrefs.com/robot/)"
207.46.13.169 - - [10/Jul/2022:14:49:14 +0200] "GET /ceramic-salt-with-spoon-faustine-p-47873.html HTTP/1.0" 200 74200 "-" "Mozilla/5.0 (compatible; bingbot/2.0; +http://www.bing.com/bingbot.htm)"
185.191.171.18 - - [10/Jul/2022:14:49:22 +0200] "GET /minnie-mouse-with-chocolate-figurine-p-53261.html?action=add_product HTTP/1.0" 302 476 "-" "Mozilla/5.0 (compatible; SemrushBot/7~bl; +http://www.semrush.com/bot.html)"
40.77.167.64 - - [10/Jul/2022:14:49:25 +0200] "GET /buddha-kitchen-towel-p-38811.html HTTP/1.0" 200 74095 "-" "Mozilla/5.0 (compatible; bingbot/2.0; +http://www.bing.com/bingbot.htm)"
185.191.171.2 - - [10/Jul/2022:14:49:26 +0200] "GET /love-personnalized-money-boxes-p-17692.html HTTP/1.0" 200 74465 "-" "Mozilla/5.0 (compatible; SemrushBot/7~bl; +http://www.semrush.com/bot.html)"
40.77.167.64 - - [10/Jul/2022:14:49:27 +0200] "GET /-p-35187.html HTTP/1.0" 200 71489 "-" "Mozilla/5.0 (compatible; bingbot/2.0; +http://www.bing.com/bingbot.htm)"
144.76.68.76 - - [10/Jul/2022:14:49:32 +0200] "GET /vichy-little-tray-p-29649.html HTTP/1.0" 200 74134 "-" "serpstatbot/2.1 (advanced backlink tracking bot; https://serpstatbot.com/; abuse@serpstatbot.com)"
185.191.171.13 - - [10/Jul/2022:14:49:33 +0200] "GET /stade-toulousain-homework-notebooks-p-36249.html?action=add_product HTTP/1.0" 302 476 "-" "Mozilla/5.0 (compatible; SemrushBot/7~bl; +http://www.semrush.com/bot.html)"
185.191.171.43 - - [10/Jul/2022:14:49:48 +0200] "GET /corsica-money-cbkreation-p-24000.html?action=add_product HTTP/1.0" 302 476 "-" "Mozilla/5.0 (compatible; SemrushBot/7~bl; +http://www.semrush.com/bot.html)"
144.76.68.76 - - [10/Jul/2022:14:50:24 +0200] "GET /moroccan-ashtray-p-40617.html HTTP/1.0" 200 74095 "-" "serpstatbot/2.1 (advanced backlink tracking bot; https://serpstatbot.com/; abuse@serpstatbot.com)"
157.55.39.92 - - [10/Jul/2022:14:50:27 +0200] "GET /-p-22015.html HTTP/1.0" 200 71489 "-" "Mozilla/5.0 (compatible; bingbot/2.0; +http://www.bing.com/bingbot.htm)"
185.191.171.33 - - [10/Jul/2022:14:50:36 +0200] "GET /mini-trays-c-12_159_260.html?page=6 HTTP/1.0" 200 93217 "-" "Mozilla/5.0 (compatible; SemrushBot/7~bl; +http://www.semrush.com/bot.html)"
66.249.64.152 - - [10/Jul/2022:14:50:59 +0200] "GET /harley-davidson-genuine-large-metal-plate-p-12551.html HTTP/1.0" 200 74258 "-" "Mozilla/5.0 (compatible; Googlebot/2.1; +http://www.google.com/bot.html)"
144.76.68.76 - - [10/Jul/2022:14:51:13 +0200] "GET /vieillis-adult-apron-p-53178.html HTTP/1.0" 200 74110 "-" "serpstatbot/2.1 (advanced backlink tracking bot; https://serpstatbot.com/; abuse@serpstatbot.com)"
144.76.68.76 - - [10/Jul/2022:14:52:04 +0200] "GET /moroccan-ashtray-p-40618.html HTTP/1.0" 200 74095 "-" "serpstatbot/2.1 (advanced backlink tracking bot; https://serpstatbot.com/; abuse@serpstatbot.com)"
40.77.167.64 - - [10/Jul/2022:14:52:14 +0200] "GET /-p-34815.html HTTP/1.0" 200 71489 "-" "Mozilla/5.0 (compatible; bingbot/2.0; +http://www.bing.com/bingbot.htm)"
185.191.171.6 - - [10/Jul/2022:14:52:34 +0200] "GET /bernese-mountain-keychain-p-26303.html?action=add_product HTTP/1.0" 302 476 "-" "Mozilla/5.0 (compatible; SemrushBot/7~bl; +http://www.semrush.com/bot.html)"
77.73.131.228 - - [10/Jul/2022:14:52:34 +0200] "GET / HTTP/1.0" 500 74082 "https://mi-tu.ru/" "Mozilla/4.0 (compatible; MSIE 6.0; Windows NT 5.1; SV1)"
77.73.131.228 - - [10/Jul/2022:14:52:35 +0200] "GET / HTTP/1.0" 500 74082 "https://mi-tu.ru/" "Mozilla/4.0 (compatible; MSIE 6.0; Windows NT 5.1; SV1)"
77.73.131.228 - - [10/Jul/2022:14:52:36 +0200] "GET / HTTP/1.0" 500 74082 "https://mi-tu.ru/" "Mozilla/4.0 (compatible; MSIE 6.0; Windows NT 5.1; SV1)"
207.46.13.169 - - [10/Jul/2022:14:52:45 +0200] "GET /-p-13480.html HTTP/1.0" 200 71489 "-" "Mozilla/5.0 (compatible; bingbot/2.0; +http://www.bing.com/bingbot.htm)"
144.76.68.76 - - [10/Jul/2022:14:52:54 +0200] "GET /vilaines-filles-beach-towel-p-51707.html HTTP/1.0" 200 74274 "-" "serpstatbot/2.1 (advanced backlink tracking bot; https://serpstatbot.com/; abuse@serpstatbot.com)"
58.87.60.223 - - [10/Jul/2022:14:52:57 +0200] "GET /images/mini_prod/080109_161031_PEEL_xdwZBP.jpg HTTP/1.0" 200 281 "-" "Mozilla/5.0 (X11; Ubuntu; Linux x86_64; rv:72.0) Gecko/20100101 Firefox/72.0"
157.55.39.92 - - [10/Jul/2022:14:52:57 +0200] "GET /-p-31797.html HTTP/1.0" 200 71489 "-" "Mozilla/5.0 (compatible; bingbot/2.0; +http://www.bing.com/bingbot.htm)"
54.36.148.48 - - [10/Jul/2022:14:53:19 +0200] "GET /isothermic-stainless-steel-bottle-p-53167.html HTTP/1.0" 200 74234 "-" "Mozilla/5.0 (compatible; AhrefsBot/7.0; +http://ahrefs.com/robot/)"
40.77.167.42 - - [10/Jul/2022:14:53:20 +0200] "GET /salvador-dali-extravaganza-p-39716.html HTTP/1.0" 200 71595 "-" "Mozilla/5.0 (compatible; bingbot/2.0; +http://www.bing.com/bingbot.htm)"
144.76.68.76 - - [10/Jul/2022:14:53:43 +0200] "GET /moroccan-ashtray-p-40619.html HTTP/1.0" 200 74093 "-" "serpstatbot/2.1 (advanced backlink tracking bot; https://serpstatbot.com/; abuse@serpstatbot.com)"
40.77.167.74 - - [10/Jul/2022:14:53:46 +0200] "GET /disney-beauty-beast-belle-jewelry-p-49748.html HTTP/1.0" 200 75440 "-" "Mozilla/5.0 (compatible; bingbot/2.0; +http://www.bing.com/bingbot.htm)"
185.191.171.23 - - [10/Jul/2022:14:54:09 +0200] "GET /angel-salt-lamp-p-57805.html?action=add_product HTTP/1.0" 302 476 "-" "Mozilla/5.0 (compatible; SemrushBot/7~bl; +http://www.semrush.com/bot.html)"
114.119.137.45 - - [10/Jul/2022:14:54:09 +0200] "GET /isothermic-stainless-steel-bottle-scorpio-by-cbkreation-p-51033.html HTTP/1.0" 301 74522 "http://www.wonder-geek.com/water-bottles-and-sport-bottles-c-12_161.html?page=5" "Mozilla/5.0 (Linux; Android 7.0;) AppleWebKit/537.36 (KHTML, like Gecko) Mobile Safari/537.36 (compatible; PetalBot;+https://webmaster.petalsearch.com/site/petalbot)"
185.191.171.15 - - [10/Jul/2022:14:54:10 +0200] "GET /little-kitchen-teapot-with-metal-infuser-p-41633.html HTTP/1.0" 200 74256 "-" "Mozilla/5.0 (compatible; SemrushBot/7~bl; +http://www.semrush.com/bot.html)"
114.119.137.45 - - [10/Jul/2022:14:54:16 +0200] "GET /isothermic-stainless-steel-bottle-scorpio-cbkreation-p-51033.html HTTP/1.0" 200 74403 "http://www.wonder-geek.com/water-bottles-and-sport-bottles-c-12_161.html?page=5" "Mozilla/5.0 (Linux; Android 7.0;) AppleWebKit/537.36 (KHTML, like Gecko) Mobile Safari/537.36 (compatible; PetalBot;+https://webmaster.petalsearch.com/site/petalbot)"
144.76.68.76 - - [10/Jul/2022:14:54:36 +0200] "GET /vilaines-filles-beach-towel-p-51708.html HTTP/1.0" 200 74273 "-" "serpstatbot/2.1 (advanced backlink tracking bot; https://serpstatbot.com/; abuse@serpstatbot.com)"
185.191.171.2 - - [10/Jul/2022:14:54:51 +0200] "GET /eyelet-curtain-p-52380.html?action=add_product HTTP/1.0" 302 476 "-" "Mozilla/5.0 (compatible; SemrushBot/7~bl; +http://www.semrush.com/bot.html)"
157.55.39.92 - - [10/Jul/2022:14:54:58 +0200] "GET /-p-34076.html HTTP/1.0" 200 71489 "-" "Mozilla/5.0 (compatible; bingbot/2.0; +http://www.bing.com/bingbot.htm)"
185.191.171.4 - - [10/Jul/2022:14:55:17 +0200] "GET /canvas-frame-indian-chiefs-collection-p-48821.html HTTP/1.0" 200 71633 "-" "Mozilla/5.0 (compatible; SemrushBot/7~bl; +http://www.semrush.com/bot.html)"
207.46.13.23 - - [10/Jul/2022:14:55:22 +0200] "GET /-p-24493.html HTTP/1.0" 200 71489 "-" "Mozilla/5.0 (compatible; bingbot/2.0; +http://www.bing.com/bingbot.htm)"
144.76.68.76 - - [10/Jul/2022:14:55:25 +0200] "GET /moroccan-ashtray-p-40620.html HTTP/1.0" 200 74095 "-" "serpstatbot/2.1 (advanced backlink tracking bot; https://serpstatbot.com/; abuse@serpstatbot.com)"
54.36.148.132 - - [10/Jul/2022:14:55:29 +0200] "GET /jane-crowther-fish-p-53866.html HTTP/1.0" 200 74139 "-" "Mozilla/5.0 (compatible; AhrefsBot/7.0; +http://ahrefs.com/robot/)"
207.46.13.23 - - [10/Jul/2022:14:55:53 +0200] "GET /boho-buffalo-head-plaid-130-170-cm-p-42909.html HTTP/1.0" 301 74943 "-" "Mozilla/5.0 (compatible; bingbot/2.0; +http://www.bing.com/bingbot.htm)"
40.77.167.64 - - [10/Jul/2022:14:55:55 +0200] "GET /-p-37619.html HTTP/1.0" 200 71489 "-" "Mozilla/5.0 (compatible; bingbot/2.0; +http://www.bing.com/bingbot.htm)"
207.46.13.23 - - [10/Jul/2022:14:56:03 +0200] "GET /-p-24983.html HTTP/1.0" 200 71489 "-" "Mozilla/5.0 (compatible; bingbot/2.0; +http://www.bing.com/bingbot.htm)"
185.191.171.36 - - [10/Jul/2022:14:56:12 +0200] "GET /stone-amethyst-sold-by-weight-210-220-grams-p-46547.html HTTP/1.0" 301 75261 "-" "Mozilla/5.0 (compatible; SemrushBot/7~bl; +http://www.semrush.com/bot.html)"
144.76.68.76 - - [10/Jul/2022:14:56:16 +0200] "GET /vilaines-filles-beach-towel-p-51710.html HTTP/1.0" 200 74274 "-" "serpstatbot/2.1 (advanced backlink tracking bot; https://serpstatbot.com/; abuse@serpstatbot.com)"
185.191.171.11 - - [10/Jul/2022:14:56:16 +0200] "GET /stone-amethyst-sold-weight-grams-p-46547.html HTTP/1.0" 200 75162 "-" "Mozilla/5.0 (compatible; SemrushBot/7~bl; +http://www.semrush.com/bot.html)"
114.119.133.245 - - [10/Jul/2022:14:56:30 +0200] "GET /luggages-schoolbags-leather-shop-c-31.html?page=23 HTTP/1.0" 200 94987 "http://www.wonder-geek.com/luggages-schoolbags-leather-shop-c-31.html?page=27" "Mozilla/5.0 (Linux; Android 7.0;) AppleWebKit/537.36 (KHTML, like Gecko) Mobile Safari/537.36 (compatible; PetalBot;+https://webmaster.petalsearch.com/site/petalbot)"
51.68.224.127 - - [10/Jul/2022:14:56:46 +0200] "GET /adminweb/export_orders_xml.php?token=256de2z6edz6ed2z6DFSFsed2zed6zeDSFDSGdzedezfzf&maxorders=10&orderstart=1&status=14&start_date=2018-10-01 HTTP/1.0" 200 285 "-" "GesCom CharlotteBoutik Serveur"
51.68.224.127 - - [10/Jul/2022:14:56:46 +0200] "GET /adminweb/export_orders_xml.php?token=256de2z6edz6ed2z6DFSFsed2zed6zeDSFDSGdzedezfzf&maxorders=10&orderstart=1&status=6&start_date=2018-10-01 HTTP/1.0" 200 31081 "-" "GesCom CharlotteBoutik Serveur"
207.46.13.169 - - [10/Jul/2022:14:56:55 +0200] "GET /ferrari-f50-race-and-play-124-red-p-37809.html HTTP/1.0" 301 71556 "-" "Mozilla/5.0 (compatible; bingbot/2.0; +http://www.bing.com/bingbot.htm)"
185.191.171.39 - - [10/Jul/2022:14:56:56 +0200] "GET /playboy-bathrobe-size-xxl-p-27401.html HTTP/1.0" 301 71556 "-" "Mozilla/5.0 (compatible; SemrushBot/7~bl; +http://www.semrush.com/bot.html)"
185.191.171.7 - - [10/Jul/2022:14:57:00 +0200] "GET /-p-27401.html HTTP/1.0" 200 71489 "-" "Mozilla/5.0 (compatible; SemrushBot/7~bl; +http://www.semrush.com/bot.html)"
66.249.64.146 - - [10/Jul/2022:14:57:01 +0200] "GET /images/mini_prod/DSCN5329.gif HTTP/1.0" 200 263 "-" "Googlebot-Image/1.0"
66.249.64.146 - - [10/Jul/2022:14:57:01 +0200] "GET /robots.txt HTTP/1.0" 200 245 "-" "Mozilla/5.0 (compatible; Googlebot/2.1; +http://www.google.com/bot.html)"
66.249.64.146 - - [10/Jul/2022:14:57:02 +0200] "GET /mustard-yellow-fitted-sheet-90-190-cm-p-51978.html HTTP/1.0" 301 74891 "-" "Mozilla/5.0 (Linux; Android 6.0.1; Nexus 5X Build/MMB29P) AppleWebKit/537.36 (KHTML, like Gecko) Chrome/103.0.5060.114 Mobile Safari/537.36 (compatible; Googlebot/2.1; +http://www.google.com/bot.html)"
66.249.64.146 - - [10/Jul/2022:14:57:04 +0200] "GET /mustard-yellow-fitted-sheet-p-51978.html HTTP/1.0" 200 74797 "-" "Mozilla/5.0 (Linux; Android 6.0.1; Nexus 5X Build/MMB29P) AppleWebKit/537.36 (KHTML, like Gecko) Chrome/103.0.5060.114 Mobile Safari/537.36 (compatible; Googlebot/2.1; +http://www.google.com/bot.html)"
144.76.68.76 - - [10/Jul/2022:14:57:04 +0200] "GET /moroccan-ashtray-p-40635.html HTTP/1.0" 200 74096 "-" "serpstatbot/2.1 (advanced backlink tracking bot; https://serpstatbot.com/; abuse@serpstatbot.com)"
185.191.171.21 - - [10/Jul/2022:14:57:29 +0200] "GET /taweva-floor-pouf-cushion-p-58404.html?action=add_product HTTP/1.0" 302 476 "-" "Mozilla/5.0 (compatible; SemrushBot/7~bl; +http://www.semrush.com/bot.html)"
54.36.149.76 - - [10/Jul/2022:14:57:30 +0200] "GET /court-sleeves-shirts-c-1_22.html HTTP/1.0" 200 70481 "-" "Mozilla/5.0 (compatible; AhrefsBot/7.0; +http://ahrefs.com/robot/)"
216.244.66.242 - - [10/Jul/2022:14:57:35 +0200] "GET /buddha-canvas-frame-50-40-cm-p-39962.html HTTP/1.0" 301 74306 "-" "Mozilla/5.0 (compatible; DotBot/1.2; +https://opensiteexplorer.org/dotbot; help@moz.com)"
216.244.66.242 - - [10/Jul/2022:14:57:41 +0200] "GET /captain-america-shirt-p-29615.html HTTP/1.0" 301 75605 "-" "Mozilla/5.0 (compatible; DotBot/1.2; +https://opensiteexplorer.org/dotbot; help@moz.com)"
114.119.137.252 - - [10/Jul/2022:14:57:41 +0200] "GET /great-amethyst-geode-of-brazil-235-kg-p-47191.html HTTP/1.0" 301 75140 "http://www.wonder-geek.com/esotericism-lithotherapy-c-174.html?page=6" "Mozilla/5.0 (Linux; Android 7.0;) AppleWebKit/537.36 (KHTML, like Gecko) Mobile Safari/537.36 (compatible; PetalBot;+https://webmaster.petalsearch.com/site/petalbot)"
114.119.137.252 - - [10/Jul/2022:14:57:45 +0200] "GET /great-amethyst-geode-brazil-p-47191.html HTTP/1.0" 200 75046 "http://www.wonder-geek.com/esotericism-lithotherapy-c-174.html?page=6" "Mozilla/5.0 (Linux; Android 7.0;) AppleWebKit/537.36 (KHTML, like Gecko) Mobile Safari/537.36 (compatible; PetalBot;+https://webmaster.petalsearch.com/site/petalbot)"
216.244.66.242 - - [10/Jul/2022:14:57:47 +0200] "GET /disney-princess-writing-box-p-2084.html HTTP/1.0" 301 74544 "-" "Mozilla/5.0 (compatible; DotBot/1.2; +https://opensiteexplorer.org/dotbot; help@moz.com)"
144.76.68.76 - - [10/Jul/2022:14:57:52 +0200] "GET /vintage-adult-apron-p-38478.html HTTP/1.0" 200 74096 "-" "serpstatbot/2.1 (advanced backlink tracking bot; https://serpstatbot.com/; abuse@serpstatbot.com)"
216.244.66.242 - - [10/Jul/2022:14:57:54 +0200] "GET /kimmi-junior-chu-chu-notebook-p-7427.html HTTP/1.0" 301 74259 "-" "Mozilla/5.0 (compatible; DotBot/1.2; +https://opensiteexplorer.org/dotbot; help@moz.com)"
167.220.233.137 - - [10/Jul/2022:14:57:58 +0200] "GET /images/mini_prod/8435333835166.jpg HTTP/1.0" 200 269 "-" "Mozilla/5.0 (X11; Ubuntu; Linux x86_64; rv:72.0) Gecko/20100101 Firefox/72.0"
216.244.66.242 - - [10/Jul/2022:14:58:00 +0200] "GET /teo-jasmin-bed-for-dog-p-32294.html HTTP/1.0" 301 74210 "-" "Mozilla/5.0 (compatible; DotBot/1.2; +https://opensiteexplorer.org/dotbot; help@moz.com)"
216.244.66.242 - - [10/Jul/2022:14:58:06 +0200] "GET /van-gogh-little-tray-21-14-cm-p-51670.html HTTP/1.0" 301 77988 "-" "Mozilla/5.0 (compatible; DotBot/1.2; +https://opensiteexplorer.org/dotbot; help@moz.com)"
216.244.66.242 - - [10/Jul/2022:14:58:12 +0200] "GET /zen-canvas-frame-40-40-cm-p-38504.html HTTP/1.0" 301 74273 "-" "Mozilla/5.0 (compatible; DotBot/1.2; +https://opensiteexplorer.org/dotbot; help@moz.com)"
216.244.66.242 - - [10/Jul/2022:14:58:18 +0200] "GET /display-with-ceramic-mugs-owl-and-cat-by-allen-p-33567.html HTTP/1.0" 301 71556 "-" "Mozilla/5.0 (compatible; DotBot/1.2; +https://opensiteexplorer.org/dotbot; help@moz.com)"
216.244.66.242 - - [10/Jul/2022:14:58:23 +0200] "GET /pusheen-the-grey-cat-soft-toy-14-cm-p-34845.html HTTP/1.0" 301 74453 "-" "Mozilla/5.0 (compatible; DotBot/1.2; +https://opensiteexplorer.org/dotbot; help@moz.com)"
216.244.66.242 - - [10/Jul/2022:14:58:28 +0200] "GET /van-gogh-terrasse-du-caf-le-soir-little-bag-cord-made-in-france-p-47444.html HTTP/1.0" 301 74684 "-" "Mozilla/5.0 (compatible; DotBot/1.2; +https://opensiteexplorer.org/dotbot; help@moz.com)"
185.191.171.19 - - [10/Jul/2022:14:58:34 +0200] "GET /myrrhe-aromatika-incense-sticks-p-58248.html HTTP/1.0" 200 74266 "-" "Mozilla/5.0 (compatible; SemrushBot/7~bl; +http://www.semrush.com/bot.html)"
144.76.68.76 - - [10/Jul/2022:14:58:39 +0200] "GET /moroccan-ashtray-p-40650.html HTTP/1.0" 200 74096 "-" "serpstatbot/2.1 (advanced backlink tracking bot; https://serpstatbot.com/; abuse@serpstatbot.com)"
185.191.171.8 - - [10/Jul/2022:14:58:46 +0200] "GET /hello-kitty-sanrio-jean-p-30236.html HTTP/1.0" 200 75283 "-" "Mozilla/5.0 (compatible; SemrushBot/7~bl; +http://www.semrush.com/bot.html)"
114.119.137.252 - - [10/Jul/2022:14:58:56 +0200] "GET /disney-princess-sofia-pencil-case-p-27812.html HTTP/1.0" 301 71556 "http://www.wonder-geek.com/pencil-case-c-31_75.html?page=1" "Mozilla/5.0 (Linux; Android 7.0;) AppleWebKit/537.36 (KHTML, like Gecko) Mobile Safari/537.36 (compatible; PetalBot;+https://webmaster.petalsearch.com/site/petalbot)"
114.119.137.252 - - [10/Jul/2022:14:59:03 +0200] "GET /-p-27812.html HTTP/1.0" 200 71489 "http://www.wonder-geek.com/pencil-case-c-31_75.html?page=1" "Mozilla/5.0 (Linux; Android 7.0;) AppleWebKit/537.36 (KHTML, like Gecko) Mobile Safari/537.36 (compatible; PetalBot;+https://webmaster.petalsearch.com/site/petalbot)"
54.36.148.197 - - [10/Jul/2022:14:59:29 +0200] "GET /figurines-statuettes-statues-decoration-collection-c-292.html?page=10 HTTP/1.0" 200 95926 "-" "Mozilla/5.0 (compatible; AhrefsBot/7.0; +http://ahrefs.com/robot/)"
185.191.171.10 - - [10/Jul/2022:14:59:37 +0200] "GET /wooden-feet-style-natural-diameter-p-49702.html?action=add_product HTTP/1.0" 302 476 "-" "Mozilla/5.0 (compatible; SemrushBot/7~bl; +http://www.semrush.com/bot.html)"
157.55.39.92 - - [10/Jul/2022:14:59:38 +0200] "GET /-p-32726.html HTTP/1.0" 200 71489 "-" "Mozilla/5.0 (compatible; bingbot/2.0; +http://www.bing.com/bingbot.htm)"
114.119.137.43 - - [10/Jul/2022:14:59:58 +0200] "GET /collectible-disney-figures-c-292_290.html?page=5 HTTP/1.0" 200 96201 "http://www.wonder-geek.com/collectible-disney-figures-c-292_290.html" "Mozilla/5.0 (Linux; Android 7.0;) AppleWebKit/537.36 (KHTML, like Gecko) Mobile Safari/537.36 (compatible; PetalBot;+https://webmaster.petalsearch.com/site/petalbot)"
185.191.171.25 - - [10/Jul/2022:15:00:01 +0200] "GET /wooden-coat-rack-elephants-supports-p-48953.html?action=add_product HTTP/1.0" 302 476 "-" "Mozilla/5.0 (compatible; SemrushBot/7~bl; +http://www.semrush.com/bot.html)"
66.249.64.146 - - [10/Jul/2022:15:00:27 +0200] "GET /paul-frank-beige-polka-large-shopping-p-9920.html HTTP/1.0" 200 74509 "-" "Mozilla/5.0 (Linux; Android 6.0.1; Nexus 5X Build/MMB29P) AppleWebKit/537.36 (KHTML, like Gecko) Chrome/103.0.5060.114 Mobile Safari/537.36 (compatible; Googlebot/2.1; +http://www.google.com/bot.html)"
144.76.68.76 - - [10/Jul/2022:15:00:28 +0200] "GET /forest-shower-curtain-p-39389.html HTTP/1.0" 200 74223 "-" "serpstatbot/2.1 (advanced backlink tracking bot; https://serpstatbot.com/; abuse@serpstatbot.com)"
207.46.13.23 - - [10/Jul/2022:15:00:34 +0200] "GET /-p-30943.html HTTP/1.0" 200 71489 "-" "Mozilla/5.0 (compatible; bingbot/2.0; +http://www.bing.com/bingbot.htm)"
185.191.171.38 - - [10/Jul/2022:15:00:38 +0200] "GET /jacquard-anti-stain-tablecloth-red-140-140-cm-p-34055.html HTTP/1.0" 301 71556 "-" "Mozilla/5.0 (compatible; SemrushBot/7~bl; +http://www.semrush.com/bot.html)"
185.191.171.21 - - [10/Jul/2022:15:00:41 +0200] "GET /-p-34055.html HTTP/1.0" 200 71489 "-" "Mozilla/5.0 (compatible; SemrushBot/7~bl; +http://www.semrush.com/bot.html)"
103.65.36.12 - - [10/Jul/2022:15:00:51 +0200] "GET /images/mini_prod/3503420077364.jpg HTTP/1.0" 200 269 "-" "Mozilla/5.0 (X11; Ubuntu; Linux x86_64; rv:72.0) Gecko/20100101 Firefox/72.0"
40.77.167.64 - - [10/Jul/2022:15:00:55 +0200] "GET /-p-36789.html HTTP/1.0" 200 71489 "-" "Mozilla/5.0 (compatible; bingbot/2.0; +http://www.bing.com/bingbot.htm)"
114.119.137.43 - - [10/Jul/2022:15:01:05 +0200] "GET /wall-decoration-mappemonde-p-49967.html HTTP/1.0" 200 74786 "http://www.wonder-geek.com/posters-and-stickers-wall-c-13_147.html?page=1" "Mozilla/5.0 (Linux; Android 7.0;) AppleWebKit/537.36 (KHTML, like Gecko) Mobile Safari/537.36 (compatible; PetalBot;+https://webmaster.petalsearch.com/site/petalbot)"
144.76.68.76 - - [10/Jul/2022:15:01:31 +0200] "GET /glitter-adhesive-roll-black-p-43000.html HTTP/1.0" 200 74431 "-" "serpstatbot/2.1 (advanced backlink tracking bot; https://serpstatbot.com/; abuse@serpstatbot.com)"
54.36.148.243 - - [10/Jul/2022:15:01:33 +0200] "GET /figurines-statuettes-statues-decoration-collection-c-292.html?page=11 HTTP/1.0" 200 95711 "-" "Mozilla/5.0 (compatible; AhrefsBot/7.0; +http://ahrefs.com/robot/)"
185.191.171.7 - - [10/Jul/2022:15:01:51 +0200] "GET /wall-decoration-wood-c-13_274.html?page=10 HTTP/1.0" 200 95695 "-" "Mozilla/5.0 (compatible; SemrushBot/7~bl; +http://www.semrush.com/bot.html)"
185.191.171.1 - - [10/Jul/2022:15:02:08 +0200] "GET /collectible-figurines-decorative-c-13_135.html?page=56 HTTP/1.0" 200 92245 "-" "Mozilla/5.0 (compatible; SemrushBot/7~bl; +http://www.semrush.com/bot.html)"
185.191.171.5 - - [10/Jul/2022:15:02:11 +0200] "GET /flower-aged-white-ceramic-floral-pattern-p-57652.html?action=add_product HTTP/1.0" 302 476 "-" "Mozilla/5.0 (compatible; SemrushBot/7~bl; +http://www.semrush.com/bot.html)"
144.76.68.76 - - [10/Jul/2022:15:02:26 +0200] "GET /fragrance-sachet-magnolia-blossom-p-40537.html HTTP/1.0" 200 74866 "-" "serpstatbot/2.1 (advanced backlink tracking bot; https://serpstatbot.com/; abuse@serpstatbot.com)"
144.76.68.76 - - [10/Jul/2022:15:03:20 +0200] "GET /fragrance-sachet-pearl-bouquet-p-40538.html HTTP/1.0" 200 74844 "-" "serpstatbot/2.1 (advanced backlink tracking bot; https://serpstatbot.com/; abuse@serpstatbot.com)"
54.36.148.224 - - [10/Jul/2022:15:03:49 +0200] "GET /flower-pots-c-13_275.html?page=4 HTTP/1.0" 200 94263 "-" "Mozilla/5.0 (compatible; AhrefsBot/7.0; +http://ahrefs.com/robot/)"
185.191.171.33 - - [10/Jul/2022:15:03:58 +0200] "GET /betty-boop-money-box-p-433.html HTTP/1.0" 301 71550 "-" "Mozilla/5.0 (compatible; SemrushBot/7~bl; +http://www.semrush.com/bot.html)"
185.191.171.23 - - [10/Jul/2022:15:04:01 +0200] "GET /-p-433.html HTTP/1.0" 200 71485 "-" "Mozilla/5.0 (compatible; SemrushBot/7~bl; +http://www.semrush.com/bot.html)"
144.76.68.76 - - [10/Jul/2022:15:04:16 +0200] "GET /fragrance-sachet-pink-blossom-p-40549.html HTTP/1.0" 200 74842 "-" "serpstatbot/2.1 (advanced backlink tracking bot; https://serpstatbot.com/; abuse@serpstatbot.com)"
207.46.13.169 - - [10/Jul/2022:15:04:56 +0200] "GET /-p-30746.html HTTP/1.0" 200 71489 "-" "Mozilla/5.0 (compatible; bingbot/2.0; +http://www.bing.com/bingbot.htm)"
144.76.68.76 - - [10/Jul/2022:15:05:09 +0200] "GET /fragrance-sachet-simply-mulberry-p-40544.html HTTP/1.0" 200 74888 "-" "serpstatbot/2.1 (advanced backlink tracking bot; https://serpstatbot.com/; abuse@serpstatbot.com)"
185.191.171.24 - - [10/Jul/2022:15:05:23 +0200] "GET /angel-glitter-ball-p-27611.html HTTP/1.0" 200 74335 "-" "Mozilla/5.0 (compatible; SemrushBot/7~bl; +http://www.semrush.com/bot.html)"
207.46.13.169 - - [10/Jul/2022:15:05:26 +0200] "GET /-p-30270.html HTTP/1.0" 200 71489 "-" "Mozilla/5.0 (compatible; bingbot/2.0; +http://www.bing.com/bingbot.htm)"
185.191.171.25 - - [10/Jul/2022:15:05:37 +0200] "GET /bamboo-fiber-plant-cover-p-54402.html HTTP/1.0" 200 74763 "-" "Mozilla/5.0 (compatible; SemrushBot/7~bl; +http://www.semrush.com/bot.html)"
207.180.213.101 - - [10/Jul/2022:15:05:40 +0200] "GET /contact_us.php HTTP/1.0" 200 26238 "http://www.wonder-geek.com/contact_us.php" "Mozilla/5.0 (Windows NT 10.0; Win64; x64) AppleWebKit/537.36 (KHTML, like Gecko) Chrome/83.0.4103.24 Safari/537.36"
207.180.213.101 - - [10/Jul/2022:15:05:50 +0200] "POST /contact_us.php?action=send HTTP/1.0" 200 26477 "http://www.wonder-geek.com/contact_us.php" "Mozilla/5.0 (Windows NT 10.0; Win64; x64) AppleWebKit/537.36 (KHTML, like Gecko) Chrome/83.0.4103.24 Safari/537.36"
144.76.68.76 - - [10/Jul/2022:15:06:05 +0200] "GET /fragrance-sachet-true-enchantment-p-40554.html HTTP/1.0" 200 74896 "-" "serpstatbot/2.1 (advanced backlink tracking bot; https://serpstatbot.com/; abuse@serpstatbot.com)"
114.119.137.252 - - [10/Jul/2022:15:06:07 +0200] "GET /home-and-decoration-c-13.html?page=72 HTTP/1.0" 301 93264 "http://www.wonder-geek.com/home-and-decoration-c-13.html?page=74" "Mozilla/5.0 (Linux; Android 7.0;) AppleWebKit/537.36 (KHTML, like Gecko) Mobile Safari/537.36 (compatible; PetalBot;+https://webmaster.petalsearch.com/site/petalbot)"
54.36.149.10 - - [10/Jul/2022:15:06:08 +0200] "GET /wooden-wall-decoration-hang-p-41525.html HTTP/1.0" 200 74304 "-" "Mozilla/5.0 (compatible; AhrefsBot/7.0; +http://ahrefs.com/robot/)"
54.36.148.179 - - [10/Jul/2022:15:06:12 +0200] "GET /images/big_prod/1384000001328.jpg HTTP/1.0" 200 268 "-" "Mozilla/5.0 (compatible; AhrefsBot/7.0; +http://ahrefs.com/robot/)"
207.46.13.23 - - [10/Jul/2022:15:06:14 +0200] "GET /gorjuss-tartan-suitcase-boxes-p-48415.html HTTP/1.0" 200 76398 "-" "Mozilla/5.0 (compatible; bingbot/2.0; +http://www.bing.com/bingbot.htm)"
114.119.137.252 - - [10/Jul/2022:15:06:14 +0200] "GET /home-decoration-c-13.html?page=72 HTTP/1.0" 200 93177 "http://www.wonder-geek.com/home-and-decoration-c-13.html?page=74" "Mozilla/5.0 (Linux; Android 7.0;) AppleWebKit/537.36 (KHTML, like Gecko) Mobile Safari/537.36 (compatible; PetalBot;+https://webmaster.petalsearch.com/site/petalbot)"
40.77.167.64 - - [10/Jul/2022:15:06:27 +0200] "GET /-p-13281.html HTTP/1.0" 200 71489 "-" "Mozilla/5.0 (compatible; bingbot/2.0; +http://www.bing.com/bingbot.htm)"
185.191.171.39 - - [10/Jul/2022:15:06:49 +0200] "GET /incense-sticks-burner-and-storage-box-lotus-p-39489.html HTTP/1.0" 301 75304 "-" "Mozilla/5.0 (compatible; SemrushBot/7~bl; +http://www.semrush.com/bot.html)"
185.191.171.25 - - [10/Jul/2022:15:06:53 +0200] "GET /incense-sticks-burner-storage-lotus-p-39489.html HTTP/1.0" 200 75202 "-" "Mozilla/5.0 (compatible; SemrushBot/7~bl; +http://www.semrush.com/bot.html)"
185.191.171.13 - - [10/Jul/2022:15:06:57 +0200] "GET /dubout-cats-white-p-35236.html HTTP/1.0" 200 74086 "-" "Mozilla/5.0 (compatible; SemrushBot/7~bl; +http://www.semrush.com/bot.html)"
144.76.68.76 - - [10/Jul/2022:15:06:57 +0200] "GET /fragrances-ambiance-c-231.html?page=8 HTTP/1.0" 200 93207 "-" "serpstatbot/2.1 (advanced backlink tracking bot; https://serpstatbot.com/; abuse@serpstatbot.com)"
40.77.167.42 - - [10/Jul/2022:15:07:02 +0200] "GET /cement-tile-stickers-beige-gold-p-45006.html HTTP/1.0" 200 75165 "-" "Mozilla/5.0 (compatible; bingbot/2.0; +http://www.bing.com/bingbot.htm)"
185.191.171.20 - - [10/Jul/2022:15:07:18 +0200] "GET /-p-45289.html?action=add_product HTTP/1.0" 302 476 "-" "Mozilla/5.0 (compatible; SemrushBot/7~bl; +http://www.semrush.com/bot.html)"
185.191.171.4 - - [10/Jul/2022:15:07:45 +0200] "GET /wooden-feet-style-natural-diameter-p-49703.html HTTP/1.0" 200 74370 "-" "Mozilla/5.0 (compatible; SemrushBot/7~bl; +http://www.semrush.com/bot.html)"
144.76.68.76 - - [10/Jul/2022:15:07:53 +0200] "GET /fragrances-ambiance-c-231.html?page=9 HTTP/1.0" 200 94202 "-" "serpstatbot/2.1 (advanced backlink tracking bot; https://serpstatbot.com/; abuse@serpstatbot.com)"
40.77.167.64 - - [10/Jul/2022:15:08:17 +0200] "GET /despicable-me-bag-pool-p-30359.html HTTP/1.0" 301 75039 "-" "Mozilla/5.0 (compatible; bingbot/2.0; +http://www.bing.com/bingbot.htm)"
216.244.66.242 - - [10/Jul/2022:15:08:29 +0200] "GET /-c-116.html HTTP/1.0" 200 70176 "-" "Mozilla/5.0 (compatible; DotBot/1.2; +https://opensiteexplorer.org/dotbot; help@moz.com)"
54.36.148.99 - - [10/Jul/2022:15:08:34 +0200] "GET /fitted-sheet-blue-p-26402.html HTTP/1.0" 200 74047 "-" "Mozilla/5.0 (compatible; AhrefsBot/7.0; +http://ahrefs.com/robot/)"
216.244.66.242 - - [10/Jul/2022:15:08:34 +0200] "GET /alarms-clocks-clocks-and-watches/clocks-c-5_14_67.html HTTP/1.0" 301 94270 "-" "Mozilla/5.0 (compatible; DotBot/1.2; +https://opensiteexplorer.org/dotbot; help@moz.com)"
185.191.171.5 - - [10/Jul/2022:15:08:35 +0200] "GET /today-special-metal-plate-40-30-cm-p-29229.html HTTP/1.0" 301 74284 "-" "Mozilla/5.0 (compatible; SemrushBot/7~bl; +http://www.semrush.com/bot.html)"
157.55.39.92 - - [10/Jul/2022:15:08:38 +0200] "GET /unicorn-jewelry-holder-white-p-48880.html HTTP/1.0" 200 74324 "-" "Mozilla/5.0 (compatible; bingbot/2.0; +http://www.bing.com/bingbot.htm)"
185.191.171.3 - - [10/Jul/2022:15:08:40 +0200] "GET /today-special-metal-plate-p-29229.html HTTP/1.0" 200 74192 "-" "Mozilla/5.0 (compatible; SemrushBot/7~bl; +http://www.semrush.com/bot.html)"
144.76.68.76 - - [10/Jul/2022:15:08:45 +0200] "GET /frames-flags-decorative-paintings-c-13_148.html?page=2 HTTP/1.0" 200 97035 "-" "serpstatbot/2.1 (advanced backlink tracking bot; https://serpstatbot.com/; abuse@serpstatbot.com)"
216.244.66.242 - - [10/Jul/2022:15:08:50 +0200] "GET /betty-boop-mtal-ashtray-hussy-p-36136.html HTTP/1.0" 200 74835 "-" "Mozilla/5.0 (compatible; DotBot/1.2; +https://opensiteexplorer.org/dotbot; help@moz.com)"
185.191.171.12 - - [10/Jul/2022:15:08:58 +0200] "GET /fitted-sheet-color-dark-grey-p-38890.html?action=add_product HTTP/1.0" 302 476 "-" "Mozilla/5.0 (compatible; SemrushBot/7~bl; +http://www.semrush.com/bot.html)"
185.191.171.25 - - [10/Jul/2022:15:09:02 +0200] "GET /allen-p-25808.html HTTP/1.0" 200 71521 "-" "Mozilla/5.0 (compatible; SemrushBot/7~bl; +http://www.semrush.com/bot.html)"
216.244.66.242 - - [10/Jul/2022:15:09:05 +0200] "GET /candle-light-holder-wicca-fairy-p-45034.html HTTP/1.0" 200 74892 "-" "Mozilla/5.0 (compatible; DotBot/1.2; +https://opensiteexplorer.org/dotbot; help@moz.com)"
40.77.167.74 - - [10/Jul/2022:15:09:08 +0200] "GET /wunzees-doll-series-bella-rabbit-p-45122.html HTTP/1.0" 200 74995 "-" "Mozilla/5.0 (compatible; bingbot/2.0; +http://www.bing.com/bingbot.htm)"
