185.191.171.44 - - [10/Jul/2022:05:24:12 +0200] "GET /barcelone-fountain-p-26584.html HTTP/1.0" 200 74224 "-" "Mozilla/5.0 (compatible; SemrushBot/7~bl; +http://www.semrush.com/bot.html)"
65.108.14.102 - - [10/Jul/2022:05:24:20 +0200] "GET /retro-coffee-placemat-p-41931.html HTTP/1.0" 200 71585 "-" "Mozilla/5.0 (compatible; MJ12bot/v1.4.8; http://mj12bot.com/)"
144.76.68.76 - - [10/Jul/2022:05:24:20 +0200] "GET /yogi-yogini-yogamat-blue-p-45290.html HTTP/1.0" 200 74781 "-" "serpstatbot/2.1 (advanced backlink tracking bot; https://serpstatbot.com/; abuse@serpstatbot.com)"
185.191.171.7 - - [10/Jul/2022:05:24:25 +0200] "GET /miss-mindy-stitch-vinyl-figurine-p-50656.html?action=add_product HTTP/1.0" 302 476 "-" "Mozilla/5.0 (compatible; SemrushBot/7~bl; +http://www.semrush.com/bot.html)"
185.191.171.40 - - [10/Jul/2022:05:24:35 +0200] "GET /tinkerbell-glitter-small-satchel-p-19687.html?action=add_product HTTP/1.0" 302 476 "-" "Mozilla/5.0 (compatible; SemrushBot/7~bl; +http://www.semrush.com/bot.html)"
144.76.68.76 - - [10/Jul/2022:05:25:03 +0200] "GET /yogi-yogini-yogamat-grey-p-49033.html HTTP/1.0" 200 74743 "-" "serpstatbot/2.1 (advanced backlink tracking bot; https://serpstatbot.com/; abuse@serpstatbot.com)"
185.191.171.10 - - [10/Jul/2022:05:25:06 +0200] "GET /isothermic-stainless-steel-bottle-mojito-by-cbkreation-p-51350.html HTTP/1.0" 301 74512 "-" "Mozilla/5.0 (compatible; SemrushBot/7~bl; +http://www.semrush.com/bot.html)"
185.191.171.9 - - [10/Jul/2022:05:25:09 +0200] "GET /isothermic-stainless-steel-bottle-mojito-cbkreation-p-51350.html HTTP/1.0" 200 74394 "-" "Mozilla/5.0 (compatible; SemrushBot/7~bl; +http://www.semrush.com/bot.html)"
65.108.14.102 - - [10/Jul/2022:05:25:15 +0200] "GET /retro-frame-bluish-chamonix-p-50793.html HTTP/1.0" 200 74199 "-" "Mozilla/5.0 (compatible; MJ12bot/v1.4.8; http://mj12bot.com/)"
42.186.143.198 - - [10/Jul/2022:05:25:24 +0200] "GET /images/mini_prod/060207_230354_PEEL_eb7VzU.jpg HTTP/1.0" 200 281 "-" "Mozilla/5.0 (X11; Ubuntu; Linux x86_64; rv:72.0) Gecko/20100101 Firefox/72.0"
54.36.148.33 - - [10/Jul/2022:05:25:39 +0200] "GET /cushion-p-49535.html HTTP/1.0" 200 74642 "-" "Mozilla/5.0 (compatible; AhrefsBot/7.0; +http://ahrefs.com/robot/)"
54.36.148.41 - - [10/Jul/2022:05:25:43 +0200] "GET /images/big_prod_1/3609810077430b.jpg HTTP/1.0" 200 271 "-" "Mozilla/5.0 (compatible; AhrefsBot/7.0; +http://ahrefs.com/robot/)"
54.36.148.69 - - [10/Jul/2022:05:25:45 +0200] "GET /images/big_prod/3609810077430.jpg HTTP/1.0" 200 268 "-" "Mozilla/5.0 (compatible; AhrefsBot/7.0; +http://ahrefs.com/robot/)"
144.76.68.76 - - [10/Jul/2022:05:25:44 +0200] "GET /yogi-yogini-yogamat-pink-p-48360.html HTTP/1.0" 200 74752 "-" "serpstatbot/2.1 (advanced backlink tracking bot; https://serpstatbot.com/; abuse@serpstatbot.com)"
66.249.68.25 - - [10/Jul/2022:05:25:49 +0200] "GET /mini-suitcase-p-52718.html HTTP/1.0" 200 74996 "-" "Mozilla/5.0 (Linux; Android 6.0.1; Nexus 5X Build/MMB29P) AppleWebKit/537.36 (KHTML, like Gecko) Chrome/103.0.5060.114 Mobile Safari/537.36 (compatible; Googlebot/2.1; +http://www.google.com/bot.html)"
65.108.14.102 - - [10/Jul/2022:05:26:08 +0200] "GET /retro-motorcycle-storage-seat-p-49590.html HTTP/1.0" 200 71595 "-" "Mozilla/5.0 (compatible; MJ12bot/v1.4.8; http://mj12bot.com/)"
65.108.14.102 - - [10/Jul/2022:05:26:15 +0200] "GET /retro-rectangular-box-in-wood-and-linen-29-cm-p-41909.html HTTP/1.0" 301 71556 "-" "Mozilla/5.0 (compatible; MJ12bot/v1.4.8; http://mj12bot.com/)"
65.108.14.102 - - [10/Jul/2022:05:26:20 +0200] "GET /-p-41909.html HTTP/1.0" 200 71489 "-" "Mozilla/5.0 (compatible; MJ12bot/v1.4.8; http://mj12bot.com/)"
58.87.60.223 - - [10/Jul/2022:05:26:21 +0200] "GET /images/mini_prod/5010065555211.jpg HTTP/1.0" 200 269 "-" "Mozilla/5.0 (X11; Ubuntu; Linux x86_64; rv:72.0) Gecko/20100101 Firefox/72.0"
185.191.171.42 - - [10/Jul/2022:05:26:25 +0200] "GET /globe-armillaire-decoration-p-41466.html HTTP/1.0" 301 71556 "-" "Mozilla/5.0 (compatible; SemrushBot/7~bl; +http://www.semrush.com/bot.html)"
144.76.68.76 - - [10/Jul/2022:05:26:27 +0200] "GET /yogi-yogini-yogamat-purple-p-48660.html HTTP/1.0" 200 74769 "-" "serpstatbot/2.1 (advanced backlink tracking bot; https://serpstatbot.com/; abuse@serpstatbot.com)"
185.191.171.2 - - [10/Jul/2022:05:26:27 +0200] "GET /-p-41466.html HTTP/1.0" 200 71489 "-" "Mozilla/5.0 (compatible; SemrushBot/7~bl; +http://www.semrush.com/bot.html)"
185.191.171.11 - - [10/Jul/2022:05:26:36 +0200] "GET /candy-cloud-coin-purse-jazzy-p-49866.html HTTP/1.0" 200 74192 "-" "Mozilla/5.0 (compatible; SemrushBot/7~bl; +http://www.semrush.com/bot.html)"
65.108.14.102 - - [10/Jul/2022:05:27:07 +0200] "GET /retro-rectangular-wood-linen-p-41909.html HTTP/1.0" 301 71556 "-" "Mozilla/5.0 (compatible; MJ12bot/v1.4.8; http://mj12bot.com/)"
144.76.68.76 - - [10/Jul/2022:05:27:09 +0200] "GET /yogi-yogini-yogamat-purple-p-48661.html HTTP/1.0" 200 74769 "-" "serpstatbot/2.1 (advanced backlink tracking bot; https://serpstatbot.com/; abuse@serpstatbot.com)"
65.108.14.102 - - [10/Jul/2022:05:27:21 +0200] "GET /-p-41909.html HTTP/1.0" 200 71489 "-" "Mozilla/5.0 (compatible; MJ12bot/v1.4.8; http://mj12bot.com/)"
65.108.14.102 - - [10/Jul/2022:05:27:24 +0200] "GET /rock-candle-60-hours-p-41879.html HTTP/1.0" 301 71556 "-" "Mozilla/5.0 (compatible; MJ12bot/v1.4.8; http://mj12bot.com/)"
65.108.14.102 - - [10/Jul/2022:05:27:27 +0200] "GET /-p-41879.html HTTP/1.0" 200 71489 "-" "Mozilla/5.0 (compatible; MJ12bot/v1.4.8; http://mj12bot.com/)"
216.244.66.242 - - [10/Jul/2022:05:27:31 +0200] "GET /horse-photo-frame-p-26647.html HTTP/1.0" 200 74123 "-" "Mozilla/5.0 (compatible; DotBot/1.2; +https://opensiteexplorer.org/dotbot; help@moz.com)"
185.191.171.37 - - [10/Jul/2022:05:27:36 +0200] "GET /becassine-large-metal-plate-p-28602.html HTTP/1.0" 200 74223 "-" "Mozilla/5.0 (compatible; SemrushBot/7~bl; +http://www.semrush.com/bot.html)"
216.244.66.242 - - [10/Jul/2022:05:27:40 +0200] "GET /images/8028501921022.jpg HTTP/1.0" 200 259 "-" "Mozilla/5.0 (compatible; DotBot/1.2; +https://opensiteexplorer.org/dotbot; help@moz.com)"
185.191.171.7 - - [10/Jul/2022:05:27:42 +0200] "GET /home-and-decoration-c-13.html?page=250 HTTP/1.0" 301 94258 "-" "Mozilla/5.0 (compatible; SemrushBot/7~bl; +http://www.semrush.com/bot.html)"
185.191.171.3 - - [10/Jul/2022:05:27:47 +0200] "GET /home-decoration-c-13.html?page=250 HTTP/1.0" 200 94170 "-" "Mozilla/5.0 (compatible; SemrushBot/7~bl; +http://www.semrush.com/bot.html)"
66.249.68.30 - - [10/Jul/2022:05:27:50 +0200] "GET /rolling-stones-england-flag-zippo-lighter-p-22405.html HTTP/1.0" 200 76709 "-" "Mozilla/5.0 (Linux; Android 6.0.1; Nexus 5X Build/MMB29P) AppleWebKit/537.36 (KHTML, like Gecko) Chrome/103.0.5060.114 Mobile Safari/537.36 (compatible; Googlebot/2.1; +http://www.google.com/bot.html)"
144.76.68.76 - - [10/Jul/2022:05:27:51 +0200] "GET /yogini-yogini-yoga-jute-green-p-45293.html HTTP/1.0" 200 75702 "-" "serpstatbot/2.1 (advanced backlink tracking bot; https://serpstatbot.com/; abuse@serpstatbot.com)"
66.249.68.25 - - [10/Jul/2022:05:27:56 +0200] "GET /rolling-stones-england-flag-zippo-lighter-p-22405.html HTTP/1.0" 200 76709 "-" "Mozilla/5.0 (Linux; Android 6.0.1; Nexus 5X Build/MMB29P) AppleWebKit/537.36 (KHTML, like Gecko) Chrome/103.0.5060.114 Mobile Safari/537.36 (compatible; Googlebot/2.1; +http://www.google.com/bot.html)"
66.249.68.30 - - [10/Jul/2022:05:27:58 +0200] "GET /images/mini_prod/8422011476346.jpg HTTP/1.0" 200 269 "-" "Googlebot-Image/1.0"
54.36.148.0 - - [10/Jul/2022:05:28:02 +0200] "GET /galileo-thermometer-indoors-p-55401.html HTTP/1.0" 200 74979 "-" "Mozilla/5.0 (compatible; AhrefsBot/7.0; +http://ahrefs.com/robot/)"
144.76.68.76 - - [10/Jul/2022:05:28:33 +0200] "GET /yogini-yogini-yoga-jute-p-51549.html HTTP/1.0" 200 75636 "-" "serpstatbot/2.1 (advanced backlink tracking bot; https://serpstatbot.com/; abuse@serpstatbot.com)"
185.191.171.23 - - [10/Jul/2022:05:28:34 +0200] "GET /polyresin-goddess-fortune-statuette-bronze-color-p-53045.html?action=add_product HTTP/1.0" 302 476 "-" "Mozilla/5.0 (compatible; SemrushBot/7~bl; +http://www.semrush.com/bot.html)"
185.191.171.42 - - [10/Jul/2022:05:28:42 +0200] "GET /-p-24323.html?action=add_product HTTP/1.0" 302 476 "-" "Mozilla/5.0 (compatible; SemrushBot/7~bl; +http://www.semrush.com/bot.html)"
65.108.14.102 - - [10/Jul/2022:05:28:48 +0200] "GET /rolling-stones-pencil-case-p-40888.html HTTP/1.0" 301 71556 "-" "Mozilla/5.0 (compatible; MJ12bot/v1.4.8; http://mj12bot.com/)"
185.191.171.33 - - [10/Jul/2022:05:28:51 +0200] "GET /lotus-candleholder-blue-goldlining-p-47011.html?action=add_product HTTP/1.0" 302 476 "-" "Mozilla/5.0 (compatible; SemrushBot/7~bl; +http://www.semrush.com/bot.html)"
65.108.14.102 - - [10/Jul/2022:05:28:51 +0200] "GET /-p-40888.html HTTP/1.0" 200 71489 "-" "Mozilla/5.0 (compatible; MJ12bot/v1.4.8; http://mj12bot.com/)"
185.191.171.24 - - [10/Jul/2022:05:28:59 +0200] "GET /bedclothes-140-200-cm-pink-striped-p-44345.html HTTP/1.0" 301 74381 "-" "Mozilla/5.0 (compatible; SemrushBot/7~bl; +http://www.semrush.com/bot.html)"
1.235.123.66 - - [10/Jul/2022:05:29:02 +0200] "GET /images/mini_prod/8003990585269.jpg HTTP/1.0" 200 269 "-" "Mozilla/5.0 (Macintosh; Intel Mac OS X 10_9_3) AppleWebKit/537.36 (KHTML, like Gecko) Chrome/35.0.1916.47 Safari/537.36"
185.191.171.43 - - [10/Jul/2022:05:29:03 +0200] "GET /bedclothes-pink-striped-p-44345.html HTTP/1.0" 200 74291 "-" "Mozilla/5.0 (compatible; SemrushBot/7~bl; +http://www.semrush.com/bot.html)"
144.76.68.76 - - [10/Jul/2022:05:29:14 +0200] "GET /yogini-yogini-yoga-jute-violet-p-45292.html HTTP/1.0" 200 75723 "-" "serpstatbot/2.1 (advanced backlink tracking bot; https://serpstatbot.com/; abuse@serpstatbot.com)"
144.76.68.76 - - [10/Jul/2022:05:29:54 +0200] "GET /york-city-rectangular-mirror-p-37749.html HTTP/1.0" 200 71599 "-" "serpstatbot/2.1 (advanced backlink tracking bot; https://serpstatbot.com/; abuse@serpstatbot.com)"
185.191.171.22 - - [10/Jul/2022:05:29:55 +0200] "GET /-p-49636.html?action=add_product HTTP/1.0" 302 476 "-" "Mozilla/5.0 (compatible; SemrushBot/7~bl; +http://www.semrush.com/bot.html)"
185.191.171.33 - - [10/Jul/2022:05:30:06 +0200] "GET /monks-sheet-p-48286.html?action=add_product HTTP/1.0" 302 476 "-" "Mozilla/5.0 (compatible; SemrushBot/7~bl; +http://www.semrush.com/bot.html)"
65.108.14.102 - - [10/Jul/2022:05:30:14 +0200] "GET /round-pillow-macaron-p-50685.html HTTP/1.0" 200 71559 "-" "Mozilla/5.0 (compatible; MJ12bot/v1.4.8; http://mj12bot.com/)"
54.36.149.13 - - [10/Jul/2022:05:30:21 +0200] "GET /bottle-shaped-bottle-rack-p-50197.html HTTP/1.0" 200 74262 "-" "Mozilla/5.0 (compatible; AhrefsBot/7.0; +http://ahrefs.com/robot/)"
54.36.148.208 - - [10/Jul/2022:05:30:23 +0200] "GET /images/big_prod/50197424346216482.jpg HTTP/1.0" 200 272 "-" "Mozilla/5.0 (compatible; AhrefsBot/7.0; +http://ahrefs.com/robot/)"
144.76.68.76 - - [10/Jul/2022:05:30:38 +0200] "GET /york-cookware-cbkreation-p-29700.html HTTP/1.0" 200 74169 "-" "serpstatbot/2.1 (advanced backlink tracking bot; https://serpstatbot.com/; abuse@serpstatbot.com)"
185.191.171.40 - - [10/Jul/2022:05:30:52 +0200] "GET /saving-bank-music-little-prince-stars-blue-p-41991.html HTTP/1.0" 200 75219 "-" "Mozilla/5.0 (compatible; SemrushBot/7~bl; +http://www.semrush.com/bot.html)"
65.108.14.102 - - [10/Jul/2022:05:31:03 +0200] "GET /round-tablecloth-black-and-white-anti-spots-cinema-180-cm-p-39815.html HTTP/1.0" 301 71556 "-" "Mozilla/5.0 (compatible; MJ12bot/v1.4.8; http://mj12bot.com/)"
65.108.14.102 - - [10/Jul/2022:05:31:07 +0200] "GET /-p-39815.html HTTP/1.0" 200 71489 "-" "Mozilla/5.0 (compatible; MJ12bot/v1.4.8; http://mj12bot.com/)"
40.77.167.42 - - [10/Jul/2022:05:31:14 +0200] "GET /images/big_prod_1/8422099001102BB.jpg HTTP/1.0" 200 272 "-" "Mozilla/5.0 (compatible; bingbot/2.0; +http://www.bing.com/bingbot.htm)"
144.76.68.76 - - [10/Jul/2022:05:31:19 +0200] "GET /york-gotham-cushion-p-28720.html HTTP/1.0" 200 74400 "-" "serpstatbot/2.1 (advanced backlink tracking bot; https://serpstatbot.com/; abuse@serpstatbot.com)"
54.236.1.13 - - [10/Jul/2022:05:31:25 +0200] "GET /dishes/mugs-and-mazagrans/mini-mug-vespa-1948-collection-p-13039.html HTTP/1.0" 301 71556 "-" "Mozilla/5.0 (compatible; Pinterestbot/1.0; +http://www.pinterest.com/bot.html)"
54.236.1.13 - - [10/Jul/2022:05:31:27 +0200] "GET /-p-13039.html HTTP/1.0" 200 71489 "-" "Mozilla/5.0 (compatible; Pinterestbot/1.0; +http://www.pinterest.com/bot.html)"
65.108.14.102 - - [10/Jul/2022:05:31:36 +0200] "GET /round-tablecloth-black-white-anti-spots-cinema-p-39815.html HTTP/1.0" 301 71556 "-" "Mozilla/5.0 (compatible; MJ12bot/v1.4.8; http://mj12bot.com/)"
185.191.171.15 - - [10/Jul/2022:05:31:36 +0200] "GET /white-wonderland-alice-wonderland-figurine-p-51162.html?action=add_product HTTP/1.0" 302 476 "-" "Mozilla/5.0 (compatible; SemrushBot/7~bl; +http://www.semrush.com/bot.html)"
65.108.14.102 - - [10/Jul/2022:05:31:39 +0200] "GET /-p-39815.html HTTP/1.0" 200 71489 "-" "Mozilla/5.0 (compatible; MJ12bot/v1.4.8; http://mj12bot.com/)"
144.76.68.76 - - [10/Jul/2022:05:31:59 +0200] "GET /york-gotham-cushion-p-28722.html HTTP/1.0" 200 74382 "-" "serpstatbot/2.1 (advanced backlink tracking bot; https://serpstatbot.com/; abuse@serpstatbot.com)"
65.108.14.102 - - [10/Jul/2022:05:32:03 +0200] "GET /rusty-metal-buddha-mobile-p-56718.html HTTP/1.0" 200 74748 "-" "Mozilla/5.0 (compatible; MJ12bot/v1.4.8; http://mj12bot.com/)"
216.244.66.242 - - [10/Jul/2022:05:32:07 +0200] "GET /boys/hats-and-caps-c-2_43.html HTTP/1.0" 301 70485 "-" "Mozilla/5.0 (compatible; DotBot/1.2; +https://opensiteexplorer.org/dotbot; help@moz.com)"
216.244.66.242 - - [10/Jul/2022:05:32:14 +0200] "GET /buddha-metal-bell-p-42073.html HTTP/1.0" 200 74095 "-" "Mozilla/5.0 (compatible; DotBot/1.2; +https://opensiteexplorer.org/dotbot; help@moz.com)"
216.244.66.242 - - [10/Jul/2022:05:32:22 +0200] "GET /home-and-decoration/furnishings-c-13_87.html HTTP/1.0" 301 91999 "-" "Mozilla/5.0 (compatible; DotBot/1.2; +https://opensiteexplorer.org/dotbot; help@moz.com)"
65.108.14.102 - - [10/Jul/2022:05:32:28 +0200] "GET /safe-ottoman-on-wheels-industrial-style-p-38085.html HTTP/1.0" 301 71556 "-" "Mozilla/5.0 (compatible; MJ12bot/v1.4.8; http://mj12bot.com/)"
216.244.66.242 - - [10/Jul/2022:05:32:29 +0200] "GET /home/household-linen-c-5_11.html HTTP/1.0" 301 85395 "-" "Mozilla/5.0 (compatible; DotBot/1.2; +https://opensiteexplorer.org/dotbot; help@moz.com)"
185.191.171.3 - - [10/Jul/2022:05:32:32 +0200] "GET /white-woodland-jasmine-p-48459.html?action=add_product HTTP/1.0" 302 476 "-" "Mozilla/5.0 (compatible; SemrushBot/7~bl; +http://www.semrush.com/bot.html)"
65.108.14.102 - - [10/Jul/2022:05:32:32 +0200] "GET /-p-38085.html HTTP/1.0" 200 71489 "-" "Mozilla/5.0 (compatible; MJ12bot/v1.4.8; http://mj12bot.com/)"
185.191.171.10 - - [10/Jul/2022:05:32:36 +0200] "GET /corsica-pencil-cbkreation-p-33818.html?action=add_product HTTP/1.0" 302 476 "-" "Mozilla/5.0 (compatible; SemrushBot/7~bl; +http://www.semrush.com/bot.html)"
216.244.66.242 - - [10/Jul/2022:05:32:39 +0200] "GET /images/070209_191252_PEEL_HyC3YV.jpg HTTP/1.0" 200 271 "-" "Mozilla/5.0 (compatible; DotBot/1.2; +https://opensiteexplorer.org/dotbot; help@moz.com)"
40.77.167.42 - - [10/Jul/2022:05:32:38 +0200] "GET /-p-38320.html HTTP/1.0" 200 71489 "-" "Mozilla/5.0 (compatible; bingbot/2.0; +http://www.bing.com/bingbot.htm)"
144.76.68.76 - - [10/Jul/2022:05:32:39 +0200] "GET /york-taxi-folding-table-p-44434.html HTTP/1.0" 200 74133 "-" "serpstatbot/2.1 (advanced backlink tracking bot; https://serpstatbot.com/; abuse@serpstatbot.com)"
216.244.66.242 - - [10/Jul/2022:05:32:45 +0200] "GET /jamais-trop-tard-pour-rien-faire-metal-plate-deco-p-45081.html HTTP/1.0" 200 74274 "-" "Mozilla/5.0 (compatible; DotBot/1.2; +https://opensiteexplorer.org/dotbot; help@moz.com)"
40.77.167.74 - - [10/Jul/2022:05:32:50 +0200] "GET /images/a1399984251911.jpg HTTP/1.0" 200 260 "-" "Mozilla/5.0 (compatible; bingbot/2.0; +http://www.bing.com/bingbot.htm)"
216.244.66.242 - - [10/Jul/2022:05:32:52 +0200] "GET /kitchen-towel-p-38815.html HTTP/1.0" 200 74065 "-" "Mozilla/5.0 (compatible; DotBot/1.2; +https://opensiteexplorer.org/dotbot; help@moz.com)"
54.36.148.33 - - [10/Jul/2022:05:32:54 +0200] "GET /japanese-garden-sticker-p-35389.html HTTP/1.0" 200 74873 "-" "Mozilla/5.0 (compatible; AhrefsBot/7.0; +http://ahrefs.com/robot/)"
216.244.66.242 - - [10/Jul/2022:05:32:57 +0200] "GET /sardy-ceramic-butter-dish-p-50646.html HTTP/1.0" 200 74848 "-" "Mozilla/5.0 (compatible; DotBot/1.2; +https://opensiteexplorer.org/dotbot; help@moz.com)"
216.244.66.242 - - [10/Jul/2022:05:33:03 +0200] "GET /schoolbag-caramel-little-foxes-p-48771.html HTTP/1.0" 200 75108 "-" "Mozilla/5.0 (compatible; DotBot/1.2; +https://opensiteexplorer.org/dotbot; help@moz.com)"
144.76.68.76 - - [10/Jul/2022:05:33:20 +0200] "GET /young-thumper-figure-p-2918.html HTTP/1.0" 301 71553 "-" "serpstatbot/2.1 (advanced backlink tracking bot; https://serpstatbot.com/; abuse@serpstatbot.com)"
65.108.14.102 - - [10/Jul/2022:05:33:22 +0200] "GET /safe-ottoman-wheels-industrial-style-p-38085.html HTTP/1.0" 301 71556 "-" "Mozilla/5.0 (compatible; MJ12bot/v1.4.8; http://mj12bot.com/)"
65.108.14.102 - - [10/Jul/2022:05:33:32 +0200] "GET /-p-38085.html HTTP/1.0" 200 71489 "-" "Mozilla/5.0 (compatible; MJ12bot/v1.4.8; http://mj12bot.com/)"
185.191.171.15 - - [10/Jul/2022:05:33:37 +0200] "GET /time-lighting-p-33169.html?action=add_product HTTP/1.0" 302 476 "-" "Mozilla/5.0 (compatible; SemrushBot/7~bl; +http://www.semrush.com/bot.html)"
65.108.14.102 - - [10/Jul/2022:05:33:50 +0200] "GET /sailors-cats-large-bowl-p-39819.html HTTP/1.0" 301 71556 "-" "Mozilla/5.0 (compatible; MJ12bot/v1.4.8; http://mj12bot.com/)"
65.108.14.102 - - [10/Jul/2022:05:33:53 +0200] "GET /-p-39819.html HTTP/1.0" 200 71489 "-" "Mozilla/5.0 (compatible; MJ12bot/v1.4.8; http://mj12bot.com/)"
144.76.68.76 - - [10/Jul/2022:05:34:00 +0200] "GET /zinc-adult-cotton-apron-p-39046.html HTTP/1.0" 200 74706 "-" "serpstatbot/2.1 (advanced backlink tracking bot; https://serpstatbot.com/; abuse@serpstatbot.com)"
185.191.171.3 - - [10/Jul/2022:05:34:05 +0200] "GET /duvet-cover-57-thread-cotton-140-200-cm-white-p-46743.html HTTP/1.0" 301 71741 "-" "Mozilla/5.0 (compatible; SemrushBot/7~bl; +http://www.semrush.com/bot.html)"
207.46.13.23 - - [10/Jul/2022:05:34:07 +0200] "GET /images/big_prod/8719497610860.jpg HTTP/1.0" 200 268 "-" "Mozilla/5.0 (compatible; bingbot/2.0; +http://www.bing.com/bingbot.htm)"
185.191.171.16 - - [10/Jul/2022:05:34:08 +0200] "GET /duvet-cover-thread-cotton-white-p-46743.html HTTP/1.0" 200 71643 "-" "Mozilla/5.0 (compatible; SemrushBot/7~bl; +http://www.semrush.com/bot.html)"
185.191.171.21 - - [10/Jul/2022:05:34:11 +0200] "GET /-p-44523.html?action=add_product HTTP/1.0" 302 476 "-" "Mozilla/5.0 (compatible; SemrushBot/7~bl; +http://www.semrush.com/bot.html)"
144.76.68.76 - - [10/Jul/2022:05:34:42 +0200] "GET /zinc-kitchen-towel-p-44416.html HTTP/1.0" 200 74136 "-" "serpstatbot/2.1 (advanced backlink tracking bot; https://serpstatbot.com/; abuse@serpstatbot.com)"
216.244.66.242 - - [10/Jul/2022:05:34:52 +0200] "GET /bookend-egyptians-p-56408.html HTTP/1.0" 200 75028 "-" "Mozilla/5.0 (compatible; DotBot/1.2; +https://opensiteexplorer.org/dotbot; help@moz.com)"
185.191.171.4 - - [10/Jul/2022:05:35:01 +0200] "GET /heart-home-bamboo-diffuser-p-52822.html?action=add_product HTTP/1.0" 302 476 "-" "Mozilla/5.0 (compatible; SemrushBot/7~bl; +http://www.semrush.com/bot.html)"
54.36.148.131 - - [10/Jul/2022:05:35:13 +0200] "GET /cushion-small-douillet-p-49533.html HTTP/1.0" 200 74780 "-" "Mozilla/5.0 (compatible; AhrefsBot/7.0; +http://ahrefs.com/robot/)"
65.108.14.102 - - [10/Jul/2022:05:35:15 +0200] "GET /sailors-cats-mini-mug-p-39832.html HTTP/1.0" 301 71639 "-" "Mozilla/5.0 (compatible; MJ12bot/v1.4.8; http://mj12bot.com/)"
65.108.14.102 - - [10/Jul/2022:05:35:20 +0200] "GET /sailors-cats-mini-p-39832.html HTTP/1.0" 200 71555 "-" "Mozilla/5.0 (compatible; MJ12bot/v1.4.8; http://mj12bot.com/)"
144.76.68.76 - - [10/Jul/2022:05:35:24 +0200] "GET /zippo-candle-utility-lighter-p-43700.html HTTP/1.0" 200 74245 "-" "serpstatbot/2.1 (advanced backlink tracking bot; https://serpstatbot.com/; abuse@serpstatbot.com)"
65.108.14.102 - - [10/Jul/2022:05:35:31 +0200] "GET /sailors-cats-mini-p-39832.html HTTP/1.0" 200 71555 "-" "Mozilla/5.0 (compatible; MJ12bot/v1.4.8; http://mj12bot.com/)"
65.108.14.102 - - [10/Jul/2022:05:35:54 +0200] "GET /salamander-wall-decoration-51-cm-p-40977.html HTTP/1.0" 301 71556 "-" "Mozilla/5.0 (compatible; MJ12bot/v1.4.8; http://mj12bot.com/)"
65.108.14.102 - - [10/Jul/2022:05:35:58 +0200] "GET /-p-40977.html HTTP/1.0" 200 71489 "-" "Mozilla/5.0 (compatible; MJ12bot/v1.4.8; http://mj12bot.com/)"
144.76.68.76 - - [10/Jul/2022:05:36:06 +0200] "GET /zippo-candle-utility-lighter-p-43701.html HTTP/1.0" 200 74245 "-" "serpstatbot/2.1 (advanced backlink tracking bot; https://serpstatbot.com/; abuse@serpstatbot.com)"
65.108.14.102 - - [10/Jul/2022:05:36:16 +0200] "GET /sam-boat-ocean-firefighter-neptune-p-36967.html HTTP/1.0" 301 71556 "-" "Mozilla/5.0 (compatible; MJ12bot/v1.4.8; http://mj12bot.com/)"
42.186.143.198 - - [10/Jul/2022:05:36:17 +0200] "GET /images/mini_prod/1399984257043.jpg HTTP/1.0" 200 269 "-" "Mozilla/5.0 (X11; Ubuntu; Linux x86_64; rv:72.0) Gecko/20100101 Firefox/72.0"
65.108.14.102 - - [10/Jul/2022:05:36:20 +0200] "GET /-p-36967.html HTTP/1.0" 200 71489 "-" "Mozilla/5.0 (compatible; MJ12bot/v1.4.8; http://mj12bot.com/)"
185.191.171.33 - - [10/Jul/2022:05:36:28 +0200] "GET /cement-plant-pots-p-54295.html?action=add_product HTTP/1.0" 302 476 "-" "Mozilla/5.0 (compatible; SemrushBot/7~bl; +http://www.semrush.com/bot.html)"
144.76.68.76 - - [10/Jul/2022:05:36:47 +0200] "GET /zippo-candle-utility-lighter-p-43702.html HTTP/1.0" 200 74245 "-" "serpstatbot/2.1 (advanced backlink tracking bot; https://serpstatbot.com/; abuse@serpstatbot.com)"
185.191.171.12 - - [10/Jul/2022:05:36:53 +0200] "GET /strawberry-shortcake-sweater-p-31122.html?action=add_product HTTP/1.0" 302 476 "-" "Mozilla/5.0 (compatible; SemrushBot/7~bl; +http://www.semrush.com/bot.html)"
65.108.14.102 - - [10/Jul/2022:05:37:08 +0200] "GET /scent-cup-heart-and-home-jasmine-daydream-p-43781.html HTTP/1.0" 301 74766 "-" "Mozilla/5.0 (compatible; MJ12bot/v1.4.8; http://mj12bot.com/)"
185.191.171.13 - - [10/Jul/2022:05:37:11 +0200] "GET /hourglass-decoration-glass-sand-glitter-p-54298.html HTTP/1.0" 200 71647 "-" "Mozilla/5.0 (compatible; SemrushBot/7~bl; +http://www.semrush.com/bot.html)"
65.108.14.102 - - [10/Jul/2022:05:37:13 +0200] "GET /scent-heart-home-jasmine-daydream-p-43781.html HTTP/1.0" 200 74666 "-" "Mozilla/5.0 (compatible; MJ12bot/v1.4.8; http://mj12bot.com/)"
185.191.171.15 - - [10/Jul/2022:05:37:16 +0200] "GET /ceramic-lamp-p-53741.html HTTP/1.0" 301 71556 "-" "Mozilla/5.0 (compatible; SemrushBot/7~bl; +http://www.semrush.com/bot.html)"
185.191.171.17 - - [10/Jul/2022:05:37:19 +0200] "GET /-p-53741.html HTTP/1.0" 200 71489 "-" "Mozilla/5.0 (compatible; SemrushBot/7~bl; +http://www.semrush.com/bot.html)"
65.108.14.102 - - [10/Jul/2022:05:37:27 +0200] "GET /scent-cup-heart-and-home-sweet-black-cherries-p-43779.html HTTP/1.0" 301 74790 "-" "Mozilla/5.0 (compatible; MJ12bot/v1.4.8; http://mj12bot.com/)"
54.36.148.154 - - [10/Jul/2022:05:37:28 +0200] "GET /super-duck-frame-canvas-p-31825.html HTTP/1.0" 200 74179 "-" "Mozilla/5.0 (compatible; AhrefsBot/7.0; +http://ahrefs.com/robot/)"
144.76.68.76 - - [10/Jul/2022:05:37:29 +0200] "GET /zippo-candle-utility-lighter-p-43703.html HTTP/1.0" 200 74245 "-" "serpstatbot/2.1 (advanced backlink tracking bot; https://serpstatbot.com/; abuse@serpstatbot.com)"
54.36.149.48 - - [10/Jul/2022:05:37:31 +0200] "GET /images/med_prod/3520071345581.jpg HTTP/1.0" 200 268 "-" "Mozilla/5.0 (compatible; AhrefsBot/7.0; +http://ahrefs.com/robot/)"
65.108.14.102 - - [10/Jul/2022:05:37:31 +0200] "GET /scent-heart-home-sweet-black-cherries-p-43779.html HTTP/1.0" 200 74686 "-" "Mozilla/5.0 (compatible; MJ12bot/v1.4.8; http://mj12bot.com/)"
185.191.171.14 - - [10/Jul/2022:05:37:34 +0200] "GET /ceramic-incense-burner-p-58425.html HTTP/1.0" 200 74886 "-" "Mozilla/5.0 (compatible; SemrushBot/7~bl; +http://www.semrush.com/bot.html)"
103.131.71.19 - - [10/Jul/2022:05:37:41 +0200] "GET /robots.txt HTTP/1.0" 301 531 "-" "Mozilla/5.0 (compatible; coccocbot-image/1.0; +http://help.coccoc.com/searchengine)"
103.131.71.19 - - [10/Jul/2022:05:37:43 +0200] "GET /robots.txt HTTP/1.0" 200 245 "-" "Mozilla/5.0 (compatible; coccocbot-image/1.0; +http://help.coccoc.com/searchengine)"
185.191.171.15 - - [10/Jul/2022:05:37:44 +0200] "GET /printed-plexiglas-mirrors-vehicle-vintage-p-33374.html?action=add_product HTTP/1.0" 302 476 "-" "Mozilla/5.0 (compatible; SemrushBot/7~bl; +http://www.semrush.com/bot.html)"
103.131.71.46 - - [10/Jul/2022:05:37:47 +0200] "GET /robots.txt HTTP/1.0" 200 245 "-" "Mozilla/5.0 (compatible; coccocbot-image/1.0; +http://help.coccoc.com/searchengine)"
103.131.71.22 - - [10/Jul/2022:05:37:49 +0200] "GET /images/pixel_trans.gif HTTP/1.0" 304 135 "-" "Mozilla/5.0 (compatible; coccocbot-image/1.0; +http://help.coccoc.com/searchengine)"
185.191.171.16 - - [10/Jul/2022:05:37:54 +0200] "GET /protecting-cotton-pillow-boil-p-48987.html HTTP/1.0" 200 74362 "-" "Mozilla/5.0 (compatible; SemrushBot/7~bl; +http://www.semrush.com/bot.html)"
51.68.224.127 - - [10/Jul/2022:05:37:59 +0200] "GET /adminweb/export_orders_xml.php?token=256de2z6edz6ed2z6DFSFsed2zed6zeDSFDSGdzedezfzf&maxorders=10&orderstart=1&status=14&start_date=2018-10-01 HTTP/1.0" 200 285 "-" "GesCom CharlotteBoutik Serveur"
51.68.224.127 - - [10/Jul/2022:05:37:59 +0200] "GET /adminweb/export_orders_xml.php?token=256de2z6edz6ed2z6DFSFsed2zed6zeDSFDSGdzedezfzf&maxorders=10&orderstart=1&status=6&start_date=2018-10-01 HTTP/1.0" 200 31081 "-" "GesCom CharlotteBoutik Serveur"
144.76.68.76 - - [10/Jul/2022:05:38:10 +0200] "GET /zippo-flat-bracelet-braided-leather-black-silver-stai-p-49086.html HTTP/1.0" 200 75399 "-" "serpstatbot/2.1 (advanced backlink tracking bot; https://serpstatbot.com/; abuse@serpstatbot.com)"
65.108.14.102 - - [10/Jul/2022:05:38:17 +0200] "GET /scent-heart-home-jasmine-daydream-p-43781.html HTTP/1.0" 200 74666 "-" "Mozilla/5.0 (compatible; MJ12bot/v1.4.8; http://mj12bot.com/)"
207.46.13.169 - - [10/Jul/2022:05:38:19 +0200] "GET /images/big_prod_2/8424346256860C.jpg HTTP/1.0" 200 271 "-" "Mozilla/5.0 (compatible; bingbot/2.0; +http://www.bing.com/bingbot.htm)"
185.191.171.43 - - [10/Jul/2022:05:38:29 +0200] "GET /fragrances-ambiance-c-231.html?page=22 HTTP/1.0" 200 94118 "-" "Mozilla/5.0 (compatible; SemrushBot/7~bl; +http://www.semrush.com/bot.html)"
65.108.14.102 - - [10/Jul/2022:05:38:47 +0200] "GET /scent-heart-home-sweet-black-cherries-p-43779.html HTTP/1.0" 200 74686 "-" "Mozilla/5.0 (compatible; MJ12bot/v1.4.8; http://mj12bot.com/)"
144.76.68.76 - - [10/Jul/2022:05:38:52 +0200] "GET /zippo-genuine-flints-p-29791.html HTTP/1.0" 200 74246 "-" "serpstatbot/2.1 (advanced backlink tracking bot; https://serpstatbot.com/; abuse@serpstatbot.com)"
185.191.171.18 - - [10/Jul/2022:05:38:57 +0200] "GET /grey-statuette-p-44499.html HTTP/1.0" 200 71555 "-" "Mozilla/5.0 (compatible; SemrushBot/7~bl; +http://www.semrush.com/bot.html)"
65.108.14.102 - - [10/Jul/2022:05:39:31 +0200] "GET /school-gorjuss-brought-love-agenda-year-2017-2018-p-39784.html HTTP/1.0" 301 71556 "-" "Mozilla/5.0 (compatible; MJ12bot/v1.4.8; http://mj12bot.com/)"
65.108.14.102 - - [10/Jul/2022:05:39:33 +0200] "GET /-p-39784.html HTTP/1.0" 200 71489 "-" "Mozilla/5.0 (compatible; MJ12bot/v1.4.8; http://mj12bot.com/)"
144.76.68.76 - - [10/Jul/2022:05:39:35 +0200] "GET /zippo-genuine-wick-p-29792.html HTTP/1.0" 200 74201 "-" "serpstatbot/2.1 (advanced backlink tracking bot; https://serpstatbot.com/; abuse@serpstatbot.com)"
54.36.148.244 - - [10/Jul/2022:05:39:35 +0200] "GET /horses-stickers-p-19589.html HTTP/1.0" 200 73841 "-" "Mozilla/5.0 (compatible; AhrefsBot/7.0; +http://ahrefs.com/robot/)"
65.108.14.102 - - [10/Jul/2022:05:39:37 +0200] "GET /school-gorjuss-sugar-and-spice-agenda-year-2017-2018-p-39785.html HTTP/1.0" 301 74747 "-" "Mozilla/5.0 (compatible; MJ12bot/v1.4.8; http://mj12bot.com/)"
65.108.14.102 - - [10/Jul/2022:05:39:40 +0200] "GET /school-gorjuss-sugar-spice-agenda-year-2017-2018-p-39785.html HTTP/1.0" 200 74632 "-" "Mozilla/5.0 (compatible; MJ12bot/v1.4.8; http://mj12bot.com/)"
185.191.171.2 - - [10/Jul/2022:05:39:40 +0200] "GET /collectible-disney-figures-c-290.html HTTP/1.0" 301 95497 "-" "Mozilla/5.0 (compatible; SemrushBot/7~bl; +http://www.semrush.com/bot.html)"
185.191.171.3 - - [10/Jul/2022:05:39:43 +0200] "GET /collectible-disney-figures-c-292_290.html HTTP/1.0" 200 95609 "-" "Mozilla/5.0 (compatible; SemrushBot/7~bl; +http://www.semrush.com/bot.html)"
65.108.14.102 - - [10/Jul/2022:05:40:28 +0200] "GET /school-gorjuss-sugar-spice-agenda-year-2017-2018-p-39785.html HTTP/1.0" 200 74632 "-" "Mozilla/5.0 (compatible; MJ12bot/v1.4.8; http://mj12bot.com/)"
185.191.171.41 - - [10/Jul/2022:05:40:49 +0200] "GET /naked-kneeling-bronze-aspect-resin-figure-p-52843.html?action=add_product HTTP/1.0" 302 476 "-" "Mozilla/5.0 (compatible; SemrushBot/7~bl; +http://www.semrush.com/bot.html)"
40.77.167.74 - - [10/Jul/2022:05:40:51 +0200] "GET /images/big_prod/3014627981502.jpg HTTP/1.0" 200 268 "-" "Mozilla/5.0 (compatible; bingbot/2.0; +http://www.bing.com/bingbot.htm)"
40.77.167.42 - - [10/Jul/2022:05:41:06 +0200] "GET /mani-lucky-charm-size-amiti-p-33282.html HTTP/1.0" 200 74418 "-" "Mozilla/5.0 (compatible; bingbot/2.0; +http://www.bing.com/bingbot.htm)"
65.108.14.102 - - [10/Jul/2022:05:41:10 +0200] "GET /school-gorjuss-you-brought-me-love-agenda-year-2017-2018-p-39784.html HTTP/1.0" 301 71556 "-" "Mozilla/5.0 (compatible; MJ12bot/v1.4.8; http://mj12bot.com/)"
65.108.14.102 - - [10/Jul/2022:05:41:13 +0200] "GET /-p-39784.html HTTP/1.0" 200 71489 "-" "Mozilla/5.0 (compatible; MJ12bot/v1.4.8; http://mj12bot.com/)"
144.76.68.76 - - [10/Jul/2022:05:41:20 +0200] "GET /piggy-bank-with-small-hammer-vive-maris-p-38529.html HTTP/1.0" 200 74381 "-" "serpstatbot/2.1 (advanced backlink tracking bot; https://serpstatbot.com/; abuse@serpstatbot.com)"
207.46.13.23 - - [10/Jul/2022:05:41:28 +0200] "GET /images/big_prod/1399985100959.jpg HTTP/1.0" 200 268 "-" "Mozilla/5.0 (compatible; bingbot/2.0; +http://www.bing.com/bingbot.htm)"
73.180.163.65 - - [10/Jul/2022:05:41:30 +0200] "GET /images/mini_prod/5051276225647.jpg HTTP/1.0" 200 269 "-" "Mozilla/5.0 (X11; Ubuntu; Linux x86_64; rv:72.0) Gecko/20100101 Firefox/72.0"
65.108.14.102 - - [10/Jul/2022:05:41:37 +0200] "GET /schoolbag-caramel-and-cie-blue-rabbits-p-48772.html HTTP/1.0" 301 71716 "-" "Mozilla/5.0 (compatible; MJ12bot/v1.4.8; http://mj12bot.com/)"
65.108.14.102 - - [10/Jul/2022:05:41:40 +0200] "GET /schoolbag-caramel-blue-rabbits-p-48772.html HTTP/1.0" 200 71619 "-" "Mozilla/5.0 (compatible; MJ12bot/v1.4.8; http://mj12bot.com/)"
54.36.148.65 - - [10/Jul/2022:05:41:43 +0200] "GET /elephant-golden-encrusted-mirrors-statuette-p-35429.html HTTP/1.0" 200 71671 "-" "Mozilla/5.0 (compatible; AhrefsBot/7.0; +http://ahrefs.com/robot/)"
65.108.14.102 - - [10/Jul/2022:05:42:01 +0200] "GET /schoolbag-caramel-and-cie-wolf-p-48781.html HTTP/1.0" 301 75511 "-" "Mozilla/5.0 (compatible; MJ12bot/v1.4.8; http://mj12bot.com/)"
65.108.14.102 - - [10/Jul/2022:05:42:05 +0200] "GET /schoolbag-caramel-wolf-p-48781.html HTTP/1.0" 200 75422 "-" "Mozilla/5.0 (compatible; MJ12bot/v1.4.8; http://mj12bot.com/)"
185.191.171.41 - - [10/Jul/2022:05:42:10 +0200] "GET /adult-apron-p-45926.html HTTP/1.0" 301 71556 "-" "Mozilla/5.0 (compatible; SemrushBot/7~bl; +http://www.semrush.com/bot.html)"
144.76.68.76 - - [10/Jul/2022:05:42:10 +0200] "GET /provencal-arabesques-carpet-p-50450.html HTTP/1.0" 200 75032 "-" "serpstatbot/2.1 (advanced backlink tracking bot; https://serpstatbot.com/; abuse@serpstatbot.com)"
185.191.171.6 - - [10/Jul/2022:05:42:12 +0200] "GET /-p-45926.html HTTP/1.0" 200 71489 "-" "Mozilla/5.0 (compatible; SemrushBot/7~bl; +http://www.semrush.com/bot.html)"
65.108.14.102 - - [10/Jul/2022:05:42:22 +0200] "GET /schoolbag-caramel-and-cie-wolf-p-48783.html HTTP/1.0" 301 71662 "-" "Mozilla/5.0 (compatible; MJ12bot/v1.4.8; http://mj12bot.com/)"
65.108.14.102 - - [10/Jul/2022:05:42:27 +0200] "GET /schoolbag-caramel-wolf-p-48783.html HTTP/1.0" 200 71573 "-" "Mozilla/5.0 (compatible; MJ12bot/v1.4.8; http://mj12bot.com/)"
65.108.14.102 - - [10/Jul/2022:05:42:41 +0200] "GET /schoolbag-caramel-blue-rabbits-p-48772.html HTTP/1.0" 200 71619 "-" "Mozilla/5.0 (compatible; MJ12bot/v1.4.8; http://mj12bot.com/)"
185.191.171.11 - - [10/Jul/2022:05:42:42 +0200] "GET /wall-lights-c-86_281.html HTTP/1.0" 200 81429 "-" "Mozilla/5.0 (compatible; SemrushBot/7~bl; +http://www.semrush.com/bot.html)"
185.191.171.38 - - [10/Jul/2022:05:42:57 +0200] "GET /magnet-citron-p-40122.html?action=add_product HTTP/1.0" 302 476 "-" "Mozilla/5.0 (compatible; SemrushBot/7~bl; +http://www.semrush.com/bot.html)"
144.76.68.76 - - [10/Jul/2022:05:42:58 +0200] "GET /pikaly-bedclothes-p-45419.html HTTP/1.0" 200 74301 "-" "serpstatbot/2.1 (advanced backlink tracking bot; https://serpstatbot.com/; abuse@serpstatbot.com)"
185.191.171.21 - - [10/Jul/2022:05:43:06 +0200] "GET /great-wall-decor-orange-scooter-p-36513.html?action=add_product HTTP/1.0" 302 476 "-" "Mozilla/5.0 (compatible; SemrushBot/7~bl; +http://www.semrush.com/bot.html)"
65.108.14.102 - - [10/Jul/2022:05:43:09 +0200] "GET /schoolbag-caramel-wolf-p-48783.html HTTP/1.0" 200 71573 "-" "Mozilla/5.0 (compatible; MJ12bot/v1.4.8; http://mj12bot.com/)"
54.36.148.207 - - [10/Jul/2022:05:43:38 +0200] "GET /austin-mini-british-beat-metal-plate-p-37149.html HTTP/1.0" 200 74315 "-" "Mozilla/5.0 (compatible; AhrefsBot/7.0; +http://ahrefs.com/robot/)"
54.36.148.144 - - [10/Jul/2022:05:43:40 +0200] "GET /images/big_prod/4036113222448.jpg HTTP/1.0" 200 268 "-" "Mozilla/5.0 (compatible; AhrefsBot/7.0; +http://ahrefs.com/robot/)"
144.76.68.76 - - [10/Jul/2022:05:43:44 +0200] "GET /pill-lavande-p-51388.html HTTP/1.0" 200 74813 "-" "serpstatbot/2.1 (advanced backlink tracking bot; https://serpstatbot.com/; abuse@serpstatbot.com)"
185.191.171.34 - - [10/Jul/2022:05:44:06 +0200] "GET /atlas-statue-p-40913.html HTTP/1.0" 200 74137 "-" "Mozilla/5.0 (compatible; SemrushBot/7~bl; +http://www.semrush.com/bot.html)"
66.249.68.25 - - [10/Jul/2022:05:44:20 +0200] "GET /galileo-thermometer-indoors-p-49619.html HTTP/1.0" 200 74853 "-" "Mozilla/5.0 (Linux; Android 6.0.1; Nexus 5X Build/MMB29P) AppleWebKit/537.36 (KHTML, like Gecko) Chrome/103.0.5060.114 Mobile Safari/537.36 (compatible; Googlebot/2.1; +http://www.google.com/bot.html)"
65.108.14.102 - - [10/Jul/2022:05:44:28 +0200] "GET /set-of-bamboo-cups-fish-p-49566.html HTTP/1.0" 301 71556 "-" "Mozilla/5.0 (compatible; MJ12bot/v1.4.8; http://mj12bot.com/)"
65.108.14.102 - - [10/Jul/2022:05:44:31 +0200] "GET /-p-49566.html HTTP/1.0" 200 71489 "-" "Mozilla/5.0 (compatible; MJ12bot/v1.4.8; http://mj12bot.com/)"
144.76.68.76 - - [10/Jul/2022:05:44:36 +0200] "GET /pill-provence-p-54011.html HTTP/1.0" 200 74817 "-" "serpstatbot/2.1 (advanced backlink tracking bot; https://serpstatbot.com/; abuse@serpstatbot.com)"
66.249.68.25 - - [10/Jul/2022:05:44:47 +0200] "GET /images/mini_prod/100_2969.gif HTTP/1.0" 200 263 "-" "Googlebot-Image/1.0"
65.108.14.102 - - [10/Jul/2022:05:44:50 +0200] "GET /set-of-bamboo-cups-humming-bird-p-49567.html HTTP/1.0" 301 71556 "-" "Mozilla/5.0 (compatible; MJ12bot/v1.4.8; http://mj12bot.com/)"
147.92.153.16 - - [10/Jul/2022:05:44:50 +0200] "GET / HTTP/1.0" 200 96782 "-" "Mozilla/5.0 (compatible; Linespider/1.1; +https://lin.ee/4dwXkTH)"
147.92.153.13 - - [10/Jul/2022:05:44:54 +0200] "GET /swfobject.js HTTP/1.0" 404 1308 "http://www.wonder-geek.com/" "Mozilla/5.0 (Windows NT 6.1; Win64; x64) AppleWebit/537.36 (KHTML, like Gecko) Chrome/63.0.3239.0 Safari/537.36 (compatible; Linespider/1.1; +https://lin.ee/4dwXkTH)"
65.108.14.102 - - [10/Jul/2022:05:44:54 +0200] "GET /-p-49567.html HTTP/1.0" 200 71489 "-" "Mozilla/5.0 (compatible; MJ12bot/v1.4.8; http://mj12bot.com/)"
185.191.171.2 - - [10/Jul/2022:05:45:02 +0200] "GET /tinted-candle-in-the-mass-lilac-p-53427.html HTTP/1.0" 301 74000 "-" "Mozilla/5.0 (compatible; SemrushBot/7~bl; +http://www.semrush.com/bot.html)"
185.191.171.38 - - [10/Jul/2022:05:45:05 +0200] "GET /tinted-candle-mass-lilac-p-53427.html HTTP/1.0" 200 73909 "-" "Mozilla/5.0 (compatible; SemrushBot/7~bl; +http://www.semrush.com/bot.html)"
65.108.14.102 - - [10/Jul/2022:05:45:23 +0200] "GET /set-of-bamboo-cups-lama-p-49565.html HTTP/1.0" 301 71634 "-" "Mozilla/5.0 (compatible; MJ12bot/v1.4.8; http://mj12bot.com/)"
144.76.68.76 - - [10/Jul/2022:05:45:24 +0200] "GET /pill-provence-p-54012.html HTTP/1.0" 200 74817 "-" "serpstatbot/2.1 (advanced backlink tracking bot; https://serpstatbot.com/; abuse@serpstatbot.com)"
54.36.148.117 - - [10/Jul/2022:05:45:32 +0200] "GET /aluminum-bottle-nanani-nananre-printed-france-p-56358.html HTTP/1.0" 200 75090 "-" "Mozilla/5.0 (compatible; AhrefsBot/7.0; +http://ahrefs.com/robot/)"
65.108.14.102 - - [10/Jul/2022:05:45:32 +0200] "GET /bamboo-cups-lama-p-49565.html HTTP/1.0" 200 71551 "-" "Mozilla/5.0 (compatible; MJ12bot/v1.4.8; http://mj12bot.com/)"
65.108.14.102 - - [10/Jul/2022:05:45:45 +0200] "GET /set-of-bear-fir-decoration-10-cm-p-41951.html HTTP/1.0" 301 74306 "-" "Mozilla/5.0 (compatible; MJ12bot/v1.4.8; http://mj12bot.com/)"
65.108.14.102 - - [10/Jul/2022:05:45:47 +0200] "GET /bear-decoration-p-41951.html HTTP/1.0" 200 74224 "-" "Mozilla/5.0 (compatible; MJ12bot/v1.4.8; http://mj12bot.com/)"
54.36.149.5 - - [10/Jul/2022:05:46:04 +0200] "GET /images/big_prod_1/3453131158923a.jpg HTTP/1.0" 200 271 "-" "Mozilla/5.0 (compatible; AhrefsBot/7.0; +http://ahrefs.com/robot/)"
54.36.149.79 - - [10/Jul/2022:05:46:04 +0200] "GET /images/big_prod/3453131158923.jpg HTTP/1.0" 200 268 "-" "Mozilla/5.0 (compatible; AhrefsBot/7.0; +http://ahrefs.com/robot/)"
65.108.14.102 - - [10/Jul/2022:05:46:03 +0200] "GET /set-of-beer-capsule-coasters-p-52929.html HTTP/1.0" 301 74218 "-" "Mozilla/5.0 (compatible; MJ12bot/v1.4.8; http://mj12bot.com/)"
65.108.14.102 - - [10/Jul/2022:05:46:08 +0200] "GET /beer-capsule-coasters-p-52929.html HTTP/1.0" 200 74130 "-" "Mozilla/5.0 (compatible; MJ12bot/v1.4.8; http://mj12bot.com/)"
144.76.68.76 - - [10/Jul/2022:05:46:10 +0200] "GET /pill-provence-p-54013.html HTTP/1.0" 200 74817 "-" "serpstatbot/2.1 (advanced backlink tracking bot; https://serpstatbot.com/; abuse@serpstatbot.com)"
65.108.14.102 - - [10/Jul/2022:05:46:16 +0200] "GET /set-of-coasters-cccp-by-cbkreation-p-28525.html HTTP/1.0" 301 74250 "-" "Mozilla/5.0 (compatible; MJ12bot/v1.4.8; http://mj12bot.com/)"
65.108.14.102 - - [10/Jul/2022:05:46:21 +0200] "GET /coasters-cccp-cbkreation-p-28525.html HTTP/1.0" 200 74159 "-" "Mozilla/5.0 (compatible; MJ12bot/v1.4.8; http://mj12bot.com/)"
185.191.171.2 - - [10/Jul/2022:05:46:24 +0200] "GET /cake-dish-cherry-p-56484.html?action=add_product HTTP/1.0" 302 476 "-" "Mozilla/5.0 (compatible; SemrushBot/7~bl; +http://www.semrush.com/bot.html)"
185.191.171.36 - - [10/Jul/2022:05:46:35 +0200] "GET /decoration-musical-notes-p-21331.html?action=add_product HTTP/1.0" 302 476 "-" "Mozilla/5.0 (compatible; SemrushBot/7~bl; +http://www.semrush.com/bot.html)"
65.108.14.102 - - [10/Jul/2022:05:46:40 +0200] "GET /set-of-mini-flamingo-shot-glasses-p-48753.html HTTP/1.0" 301 71694 "-" "Mozilla/5.0 (compatible; MJ12bot/v1.4.8; http://mj12bot.com/)"
144.76.68.76 - - [10/Jul/2022:05:46:57 +0200] "GET /pillow-bolster-c-11_199.html HTTP/1.0" 200 84760 "-" "serpstatbot/2.1 (advanced backlink tracking bot; https://serpstatbot.com/; abuse@serpstatbot.com)"
65.108.14.102 - - [10/Jul/2022:05:47:21 +0200] "GET /set-of-retro-coffee-cups-p-47780.html HTTP/1.0" 301 71649 "-" "Mozilla/5.0 (compatible; MJ12bot/v1.4.8; http://mj12bot.com/)"
54.36.149.16 - - [10/Jul/2022:05:47:24 +0200] "GET /monkey-statue-resin-anything-p-44246.html HTTP/1.0" 200 71617 "-" "Mozilla/5.0 (compatible; AhrefsBot/7.0; +http://ahrefs.com/robot/)"
185.191.171.11 - - [10/Jul/2022:05:47:39 +0200] "GET /votive-candle-hours-cerulean-p-38947.html?action=add_product HTTP/1.0" 302 476 "-" "Mozilla/5.0 (compatible; SemrushBot/7~bl; +http://www.semrush.com/bot.html)"
144.76.68.76 - - [10/Jul/2022:05:47:43 +0200] "GET /pillow-case-cotton-percale-threads-p-43849.html HTTP/1.0" 200 75072 "-" "serpstatbot/2.1 (advanced backlink tracking bot; https://serpstatbot.com/; abuse@serpstatbot.com)"
66.249.68.30 - - [10/Jul/2022:05:47:48 +0200] "GET /images/mini_prod/3453131151436B.jpg HTTP/1.0" 200 270 "-" "Googlebot-Image/1.0"
185.191.171.44 - - [10/Jul/2022:05:48:02 +0200] "GET /bookend-monkeys-p-55155.html HTTP/1.0" 200 74679 "-" "Mozilla/5.0 (compatible; SemrushBot/7~bl; +http://www.semrush.com/bot.html)"
65.108.14.102 - - [10/Jul/2022:05:48:06 +0200] "GET /shark-ceramic-mug-p-48763.html HTTP/1.0" 301 71619 "-" "Mozilla/5.0 (compatible; MJ12bot/v1.4.8; http://mj12bot.com/)"
40.77.167.42 - - [10/Jul/2022:05:48:26 +0200] "GET /images/GormitiBassa.jpg HTTP/1.0" 200 258 "-" "Mozilla/5.0 (compatible; bingbot/2.0; +http://www.bing.com/bingbot.htm)"
185.191.171.12 - - [10/Jul/2022:05:48:25 +0200] "GET /us-route-66-mirror-p-32999.html HTTP/1.0" 301 71556 "-" "Mozilla/5.0 (compatible; SemrushBot/7~bl; +http://www.semrush.com/bot.html)"
185.191.171.35 - - [10/Jul/2022:05:48:28 +0200] "GET /-p-32999.html HTTP/1.0" 200 71489 "-" "Mozilla/5.0 (compatible; SemrushBot/7~bl; +http://www.semrush.com/bot.html)"
144.76.68.76 - - [10/Jul/2022:05:48:29 +0200] "GET /pillow-case-cotton-percale-threads-p-43853.html HTTP/1.0" 200 75074 "-" "serpstatbot/2.1 (advanced backlink tracking bot; https://serpstatbot.com/; abuse@serpstatbot.com)"
185.191.171.24 - - [10/Jul/2022:05:48:30 +0200] "GET /placemat-little-prince-p-56249.html?action=add_product HTTP/1.0" 302 476 "-" "Mozilla/5.0 (compatible; SemrushBot/7~bl; +http://www.semrush.com/bot.html)"
40.77.167.64 - - [10/Jul/2022:05:48:50 +0200] "GET /images/big_prod_1/b3608860230260.jpg HTTP/1.0" 200 271 "-" "Mozilla/5.0 (compatible; bingbot/2.0; +http://www.bing.com/bingbot.htm)"
65.108.14.102 - - [10/Jul/2022:05:48:57 +0200] "GET /shark-ceramic-p-48763.html HTTP/1.0" 200 71539 "-" "Mozilla/5.0 (compatible; MJ12bot/v1.4.8; http://mj12bot.com/)"
144.76.68.76 - - [10/Jul/2022:05:49:13 +0200] "GET /pillow-case-cotton-percale-threads-p-43854.html HTTP/1.0" 200 75073 "-" "serpstatbot/2.1 (advanced backlink tracking bot; https://serpstatbot.com/; abuse@serpstatbot.com)"
65.108.14.102 - - [10/Jul/2022:05:49:20 +0200] "GET /shoulder-bag-blue-with-chakra-symbols-p-45360.html HTTP/1.0" 301 74679 "-" "Mozilla/5.0 (compatible; MJ12bot/v1.4.8; http://mj12bot.com/)"
54.36.149.2 - - [10/Jul/2022:05:49:38 +0200] "GET /wooden-cubi-cover-amour-gloire-p-57019.html HTTP/1.0" 200 75080 "-" "Mozilla/5.0 (compatible; AhrefsBot/7.0; +http://ahrefs.com/robot/)"
185.191.171.43 - - [10/Jul/2022:05:49:52 +0200] "GET /empty-pocket-lotus-flower-white-in-melting-p-46002.html HTTP/1.0" 301 71556 "-" "Mozilla/5.0 (compatible; SemrushBot/7~bl; +http://www.semrush.com/bot.html)"
185.191.171.18 - - [10/Jul/2022:05:49:56 +0200] "GET /-p-46002.html HTTP/1.0" 200 71489 "-" "Mozilla/5.0 (compatible; SemrushBot/7~bl; +http://www.semrush.com/bot.html)"
144.76.68.76 - - [10/Jul/2022:05:49:59 +0200] "GET /pillow-case-cotton-percale-threads-p-43855.html HTTP/1.0" 200 75077 "-" "serpstatbot/2.1 (advanced backlink tracking bot; https://serpstatbot.com/; abuse@serpstatbot.com)"
65.108.14.102 - - [10/Jul/2022:05:50:04 +0200] "GET /shoulder-blue-with-chakra-symbols-p-45360.html HTTP/1.0" 200 74579 "-" "Mozilla/5.0 (compatible; MJ12bot/v1.4.8; http://mj12bot.com/)"
65.108.14.102 - - [10/Jul/2022:05:50:17 +0200] "GET /sitha-statue-in-wood-58-cm-p-46711.html HTTP/1.0" 301 71556 "-" "Mozilla/5.0 (compatible; MJ12bot/v1.4.8; http://mj12bot.com/)"
66.249.68.30 - - [10/Jul/2022:05:50:38 +0200] "GET /images/mini_prod/3503420064692.jpg HTTP/1.0" 200 269 "-" "Googlebot-Image/1.0"
144.76.68.76 - - [10/Jul/2022:05:50:45 +0200] "GET /pillow-case-cotton-percale-threads-p-48192.html HTTP/1.0" 200 75073 "-" "serpstatbot/2.1 (advanced backlink tracking bot; https://serpstatbot.com/; abuse@serpstatbot.com)"
65.108.14.102 - - [10/Jul/2022:05:51:02 +0200] "GET /sitha-statue-wood-p-46711.html HTTP/1.0" 301 71556 "-" "Mozilla/5.0 (compatible; MJ12bot/v1.4.8; http://mj12bot.com/)"
144.76.68.76 - - [10/Jul/2022:05:51:33 +0200] "GET /pillow-case-cotton-percale-threads-p-54396.html HTTP/1.0" 200 75077 "-" "serpstatbot/2.1 (advanced backlink tracking bot; https://serpstatbot.com/; abuse@serpstatbot.com)"
54.36.148.210 - - [10/Jul/2022:05:51:46 +0200] "GET /metal-structure-hang-fern-leaf-p-45991.html HTTP/1.0" 200 74867 "-" "Mozilla/5.0 (compatible; AhrefsBot/7.0; +http://ahrefs.com/robot/)"
65.108.14.102 - - [10/Jul/2022:05:51:46 +0200] "GET /sleeping-beauty-poster-p-36336.html HTTP/1.0" 301 71556 "-" "Mozilla/5.0 (compatible; MJ12bot/v1.4.8; http://mj12bot.com/)"
185.191.171.19 - - [10/Jul/2022:05:51:53 +0200] "GET /britain-p-28662.html HTTP/1.0" 200 73981 "-" "Mozilla/5.0 (compatible; SemrushBot/7~bl; +http://www.semrush.com/bot.html)"
66.249.68.30 - - [10/Jul/2022:05:52:17 +0200] "GET /allen-decorated-cotton-adult-apron-p-58294.html HTTP/1.0" 200 74244 "-" "Mozilla/5.0 (Linux; Android 6.0.1; Nexus 5X Build/MMB29P) AppleWebKit/537.36 (KHTML, like Gecko) Chrome/103.0.5060.114 Mobile Safari/537.36 (compatible; Googlebot/2.1; +http://www.google.com/bot.html)"
144.76.68.76 - - [10/Jul/2022:05:52:20 +0200] "GET /pillow-case-dark-grey-p-41417.html HTTP/1.0" 200 74386 "-" "serpstatbot/2.1 (advanced backlink tracking bot; https://serpstatbot.com/; abuse@serpstatbot.com)"
185.191.171.15 - - [10/Jul/2022:05:52:23 +0200] "GET /sausage-apro-recrute-p-58142.html HTTP/1.0" 200 74744 "-" "Mozilla/5.0 (compatible; SemrushBot/7~bl; +http://www.semrush.com/bot.html)"
65.108.14.102 - - [10/Jul/2022:05:52:33 +0200] "GET /small-bamboo-tray-fish-p-49576.html HTTP/1.0" 200 74208 "-" "Mozilla/5.0 (compatible; MJ12bot/v1.4.8; http://mj12bot.com/)"
65.108.14.102 - - [10/Jul/2022:05:53:06 +0200] "GET /small-bamboo-tray-humming-bird-p-49574.html HTTP/1.0" 200 74248 "-" "Mozilla/5.0 (compatible; MJ12bot/v1.4.8; http://mj12bot.com/)"
144.76.68.76 - - [10/Jul/2022:05:53:08 +0200] "GET /pillow-case-p-39127.html HTTP/1.0" 200 74344 "-" "serpstatbot/2.1 (advanced backlink tracking bot; https://serpstatbot.com/; abuse@serpstatbot.com)"
66.249.68.25 - - [10/Jul/2022:05:53:28 +0200] "GET /images/big_prod/1399124740022.jpg HTTP/1.0" 200 268 "-" "Googlebot-Image/1.0"
54.36.148.245 - - [10/Jul/2022:05:53:45 +0200] "GET /cordelia-moroccan-ashtray-p-47857.html HTTP/1.0" 200 74103 "-" "Mozilla/5.0 (compatible; AhrefsBot/7.0; +http://ahrefs.com/robot/)"
144.76.68.76 - - [10/Jul/2022:05:53:53 +0200] "GET /pillow-case-pink-light-p-33864.html HTTP/1.0" 200 74403 "-" "serpstatbot/2.1 (advanced backlink tracking bot; https://serpstatbot.com/; abuse@serpstatbot.com)"
65.108.14.102 - - [10/Jul/2022:05:54:09 +0200] "GET /small-bamboo-tray-lama-p-49570.html HTTP/1.0" 200 74201 "-" "Mozilla/5.0 (compatible; MJ12bot/v1.4.8; http://mj12bot.com/)"
51.68.224.127 - - [10/Jul/2022:05:54:16 +0200] "GET /adminweb/export_orders_xml.php?token=256de2z6edz6ed2z6DFSFsed2zed6zeDSFDSGdzedezfzf&maxorders=10&orderstart=1&status=14&start_date=2018-10-01 HTTP/1.0" 200 285 "-" "GesCom CharlotteBoutik Serveur"
51.68.224.127 - - [10/Jul/2022:05:54:16 +0200] "GET /adminweb/export_orders_xml.php?token=256de2z6edz6ed2z6DFSFsed2zed6zeDSFDSGdzedezfzf&maxorders=10&orderstart=1&status=6&start_date=2018-10-01 HTTP/1.0" 200 31081 "-" "GesCom CharlotteBoutik Serveur"
185.191.171.41 - - [10/Jul/2022:05:54:17 +0200] "GET /mouse-table-lamp-pink-p-52272.html HTTP/1.0" 301 71556 "-" "Mozilla/5.0 (compatible; SemrushBot/7~bl; +http://www.semrush.com/bot.html)"
185.191.171.41 - - [10/Jul/2022:05:54:21 +0200] "GET /-p-52272.html HTTP/1.0" 200 71489 "-" "Mozilla/5.0 (compatible; SemrushBot/7~bl; +http://www.semrush.com/bot.html)"
65.108.14.102 - - [10/Jul/2022:05:54:23 +0200] "GET /small-digital-alarm-clock-paris-saint-germain-p-50781.html HTTP/1.0" 200 75062 "-" "Mozilla/5.0 (compatible; MJ12bot/v1.4.8; http://mj12bot.com/)"
185.191.171.18 - - [10/Jul/2022:05:54:23 +0200] "GET /toilet-brush-dinosaur-p-44885.html HTTP/1.0" 301 71556 "-" "Mozilla/5.0 (compatible; SemrushBot/7~bl; +http://www.semrush.com/bot.html)"
185.191.171.3 - - [10/Jul/2022:05:54:28 +0200] "GET /-p-44885.html HTTP/1.0" 200 71489 "-" "Mozilla/5.0 (compatible; SemrushBot/7~bl; +http://www.semrush.com/bot.html)"
144.76.68.76 - - [10/Jul/2022:05:54:39 +0200] "GET /pillow-case-purple-p-54626.html HTTP/1.0" 200 74933 "-" "serpstatbot/2.1 (advanced backlink tracking bot; https://serpstatbot.com/; abuse@serpstatbot.com)"
65.108.14.102 - - [10/Jul/2022:05:54:53 +0200] "GET /small-ornamental-brass-compass-p-56654.html HTTP/1.0" 200 74275 "-" "Mozilla/5.0 (compatible; MJ12bot/v1.4.8; http://mj12bot.com/)"
185.191.171.40 - - [10/Jul/2022:05:55:00 +0200] "GET /peanuts-wallet-p-3546.html HTTP/1.0" 200 74295 "-" "Mozilla/5.0 (compatible; SemrushBot/7~bl; +http://www.semrush.com/bot.html)"
144.76.68.76 - - [10/Jul/2022:05:55:26 +0200] "GET /pillow-case-white-p-31983.html HTTP/1.0" 200 74363 "-" "serpstatbot/2.1 (advanced backlink tracking bot; https://serpstatbot.com/; abuse@serpstatbot.com)"
54.36.148.39 - - [10/Jul/2022:05:55:36 +0200] "GET /hanging-metal-structure-tree-life-p-49482.html HTTP/1.0" 200 74299 "-" "Mozilla/5.0 (compatible; AhrefsBot/7.0; +http://ahrefs.com/robot/)"
207.46.13.23 - - [10/Jul/2022:05:55:39 +0200] "GET /new-york-taxi-folding-table-p-44434.html HTTP/1.0" 301 74223 "-" "Mozilla/5.0 (compatible; bingbot/2.0; +http://www.bing.com/bingbot.htm)"
54.36.148.55 - - [10/Jul/2022:05:55:42 +0200] "GET /images/big_prod/8433933190098.jpg HTTP/1.0" 200 268 "-" "Mozilla/5.0 (compatible; AhrefsBot/7.0; +http://ahrefs.com/robot/)"
