216.244.66.242 - - [10/Jul/2022:15:09:16 +0200] "GET /disney-frozen-anna-p-28165.html HTTP/1.0" 200 74357 "-" "Mozilla/5.0 (compatible; DotBot/1.2; +https://opensiteexplorer.org/dotbot; help@moz.com)"
216.244.66.242 - - [10/Jul/2022:15:09:26 +0200] "GET /little-brown-bear-soft-p-22537.html HTTP/1.0" 200 74123 "-" "Mozilla/5.0 (compatible; DotBot/1.2; +https://opensiteexplorer.org/dotbot; help@moz.com)"
216.244.66.242 - - [10/Jul/2022:15:09:36 +0200] "GET /metal-trivet-p-35370.html HTTP/1.0" 200 74050 "-" "Mozilla/5.0 (compatible; DotBot/1.2; +https://opensiteexplorer.org/dotbot; help@moz.com)"
144.76.68.76 - - [10/Jul/2022:15:09:39 +0200] "GET /frames-flags-decorative-paintings-c-13_148.html?page=3 HTTP/1.0" 200 96388 "-" "serpstatbot/2.1 (advanced backlink tracking bot; https://serpstatbot.com/; abuse@serpstatbot.com)"
216.244.66.242 - - [10/Jul/2022:15:09:44 +0200] "GET /tweety-poster-p-36323.html HTTP/1.0" 200 74066 "-" "Mozilla/5.0 (compatible; DotBot/1.2; +https://opensiteexplorer.org/dotbot; help@moz.com)"
66.249.64.152 - - [10/Jul/2022:15:09:55 +0200] "GET /playboy-keyring-p-33107.html HTTP/1.0" 200 74145 "-" "Mozilla/5.0 (Linux; Android 6.0.1; Nexus 5X Build/MMB29P) AppleWebKit/537.36 (KHTML, like Gecko) Chrome/103.0.5060.114 Mobile Safari/537.36 (compatible; Googlebot/2.1; +http://www.google.com/bot.html)"
40.77.167.74 - - [10/Jul/2022:15:09:57 +0200] "GET /-p-34070.html HTTP/1.0" 200 71489 "-" "Mozilla/5.0 (compatible; bingbot/2.0; +http://www.bing.com/bingbot.htm)"
185.191.171.12 - - [10/Jul/2022:15:10:02 +0200] "GET /candle-hours-fresh-linen-p-53895.html HTTP/1.0" 200 75369 "-" "Mozilla/5.0 (compatible; SemrushBot/7~bl; +http://www.semrush.com/bot.html)"
114.119.137.252 - - [10/Jul/2022:15:10:07 +0200] "GET /fitted-sheet-with-head-foot-lifting-p-43761.html HTTP/1.0" 200 74861 "http://www.wonder-geek.com/fitted-sheet-c-11_193.html?page=4" "Mozilla/5.0 (Linux; Android 7.0;) AppleWebKit/537.36 (KHTML, like Gecko) Mobile Safari/537.36 (compatible; PetalBot;+https://webmaster.petalsearch.com/site/petalbot)"
40.77.167.42 - - [10/Jul/2022:15:10:22 +0200] "GET /-p-29579.html HTTP/1.0" 200 71489 "-" "Mozilla/5.0 (compatible; bingbot/2.0; +http://www.bing.com/bingbot.htm)"
54.36.148.130 - - [10/Jul/2022:15:10:24 +0200] "GET /wood-metal-frame-buffalo-skull-p-45870.html HTTP/1.0" 200 74311 "-" "Mozilla/5.0 (compatible; AhrefsBot/7.0; +http://ahrefs.com/robot/)"
40.77.167.64 - - [10/Jul/2022:15:10:26 +0200] "GET /-p-32178.html HTTP/1.0" 200 71489 "-" "Mozilla/5.0 (compatible; bingbot/2.0; +http://www.bing.com/bingbot.htm)"
185.191.171.26 - - [10/Jul/2022:15:10:27 +0200] "GET /lucky-girl-by-etienne-boyer-white-tee-shirt-p-30979.html HTTP/1.0" 301 76323 "-" "Mozilla/5.0 (compatible; SemrushBot/7~bl; +http://www.semrush.com/bot.html)"
185.191.171.10 - - [10/Jul/2022:15:10:31 +0200] "GET /lucky-girl-etienne-boyer-white-shirt-p-30979.html HTTP/1.0" 200 76220 "-" "Mozilla/5.0 (compatible; SemrushBot/7~bl; +http://www.semrush.com/bot.html)"
144.76.68.76 - - [10/Jul/2022:15:10:33 +0200] "GET /frames-flags-decorative-paintings-c-13_148.html?page=4 HTTP/1.0" 200 95927 "-" "serpstatbot/2.1 (advanced backlink tracking bot; https://serpstatbot.com/; abuse@serpstatbot.com)"
185.191.171.9 - - [10/Jul/2022:15:10:34 +0200] "GET /washed-linen-pillowcase-65-65-cm-celadon-p-48174.html HTTP/1.0" 301 71556 "-" "Mozilla/5.0 (compatible; SemrushBot/7~bl; +http://www.semrush.com/bot.html)"
185.191.171.12 - - [10/Jul/2022:15:10:43 +0200] "GET /-p-48174.html HTTP/1.0" 200 71489 "-" "Mozilla/5.0 (compatible; SemrushBot/7~bl; +http://www.semrush.com/bot.html)"
185.191.171.5 - - [10/Jul/2022:15:10:48 +0200] "GET /toiletry-p-45076.html?action=add_product HTTP/1.0" 302 476 "-" "Mozilla/5.0 (compatible; SemrushBot/7~bl; +http://www.semrush.com/bot.html)"
114.119.137.3 - - [10/Jul/2022:15:11:19 +0200] "GET /collectible-figure-peter-rabbit-with-watering-p-56289.html HTTP/1.0" 200 74992 "http://www.wonder-geek.com/collectible-figurines-and-decorative-c-13_135.html?page=28" "Mozilla/5.0 (Linux; Android 7.0;) AppleWebKit/537.36 (KHTML, like Gecko) Mobile Safari/537.36 (compatible; PetalBot;+https://webmaster.petalsearch.com/site/petalbot)"
185.191.171.19 - - [10/Jul/2022:15:11:24 +0200] "GET /decoration-african-water-carrier-p-52876.html?action=add_product HTTP/1.0" 302 476 "-" "Mozilla/5.0 (compatible; SemrushBot/7~bl; +http://www.semrush.com/bot.html)"
144.76.68.76 - - [10/Jul/2022:15:11:26 +0200] "GET /frames-flags-decorative-paintings-c-13_148.html?page=7 HTTP/1.0" 200 97641 "-" "serpstatbot/2.1 (advanced backlink tracking bot; https://serpstatbot.com/; abuse@serpstatbot.com)"
185.191.171.25 - - [10/Jul/2022:15:11:28 +0200] "GET /nippon-doll-cosmetic-pouch-p-26868.html?action=add_product HTTP/1.0" 302 476 "-" "Mozilla/5.0 (compatible; SemrushBot/7~bl; +http://www.semrush.com/bot.html)"
185.191.171.10 - - [10/Jul/2022:15:11:39 +0200] "GET /leopard-decorative-statue-p-46475.html?action=add_product HTTP/1.0" 302 476 "-" "Mozilla/5.0 (compatible; SemrushBot/7~bl; +http://www.semrush.com/bot.html)"
157.55.39.92 - - [10/Jul/2022:15:11:39 +0200] "GET /allen-designs-small-flowerpot-baby-birdie-p-51396.html HTTP/1.0" 200 74944 "-" "Mozilla/5.0 (compatible; bingbot/2.0; +http://www.bing.com/bingbot.htm)"
144.76.68.76 - - [10/Jul/2022:15:12:17 +0200] "GET /frankie-stein-figure-p-22565.html HTTP/1.0" 200 74186 "-" "serpstatbot/2.1 (advanced backlink tracking bot; https://serpstatbot.com/; abuse@serpstatbot.com)"
185.191.171.4 - - [10/Jul/2022:15:12:23 +0200] "GET /chouchou-ceramic-solitary-teapot-p-52663.html HTTP/1.0" 200 74182 "-" "Mozilla/5.0 (compatible; SemrushBot/7~bl; +http://www.semrush.com/bot.html)"
54.36.149.33 - - [10/Jul/2022:15:12:29 +0200] "GET /washed-dyed-cotton-tablecloth-p-55778.html HTTP/1.0" 200 74993 "-" "Mozilla/5.0 (compatible; AhrefsBot/7.0; +http://ahrefs.com/robot/)"
66.249.64.158 - - [10/Jul/2022:15:12:33 +0200] "GET /highslide/highslide.js HTTP/1.0" 200 262 "http://www.wonder-geek.com/playboy-keyring-p-33107.html" "Mozilla/5.0 (Linux; Android 6.0.1; Nexus 5X Build/MMB29P) AppleWebKit/537.36 (KHTML, like Gecko) Chrome/103.0.5060.53 Mobile Safari/537.36 (compatible; Googlebot/2.1; +http://www.google.com/bot.html)"
185.191.171.16 - - [10/Jul/2022:15:12:38 +0200] "GET /olympique-marseille-pencil-case-shoe-foot-p-36278.html HTTP/1.0" 200 74322 "-" "Mozilla/5.0 (compatible; SemrushBot/7~bl; +http://www.semrush.com/bot.html)"
51.68.224.127 - - [10/Jul/2022:15:13:09 +0200] "GET /adminweb/export_orders_xml.php?token=256de2z6edz6ed2z6DFSFsed2zed6zeDSFDSGdzedezfzf&maxorders=10&orderstart=1&status=14&start_date=2018-10-01 HTTP/1.0" 200 285 "-" "GesCom CharlotteBoutik Serveur"
157.55.39.92 - - [10/Jul/2022:15:13:09 +0200] "GET /-p-31215.html HTTP/1.0" 200 71489 "-" "Mozilla/5.0 (compatible; bingbot/2.0; +http://www.bing.com/bingbot.htm)"
51.68.224.127 - - [10/Jul/2022:15:13:10 +0200] "GET /adminweb/export_orders_xml.php?token=256de2z6edz6ed2z6DFSFsed2zed6zeDSFDSGdzedezfzf&maxorders=10&orderstart=1&status=6&start_date=2018-10-01 HTTP/1.0" 200 31081 "-" "GesCom CharlotteBoutik Serveur"
144.76.68.76 - - [10/Jul/2022:15:13:11 +0200] "GET /frankie-stein-monster-high-p-17501.html HTTP/1.0" 200 74270 "-" "serpstatbot/2.1 (advanced backlink tracking bot; https://serpstatbot.com/; abuse@serpstatbot.com)"
185.191.171.1 - - [10/Jul/2022:15:13:13 +0200] "GET /tetsubin-plum-teapot-japanese-liter-p-40901.html?action=add_product HTTP/1.0" 302 476 "-" "Mozilla/5.0 (compatible; SemrushBot/7~bl; +http://www.semrush.com/bot.html)"
40.77.167.64 - - [10/Jul/2022:15:13:26 +0200] "GET /-p-29866.html HTTP/1.0" 200 71489 "-" "Mozilla/5.0 (compatible; bingbot/2.0; +http://www.bing.com/bingbot.htm)"
144.76.68.76 - - [10/Jul/2022:15:14:04 +0200] "GET /freegun-polar-plaid-p-29089.html HTTP/1.0" 200 74261 "-" "serpstatbot/2.1 (advanced backlink tracking bot; https://serpstatbot.com/; abuse@serpstatbot.com)"
185.191.171.25 - - [10/Jul/2022:15:14:23 +0200] "GET /set-of-square-coasters-cupcakes-by-cbkreation-p-17368.html HTTP/1.0" 301 74435 "-" "Mozilla/5.0 (compatible; SemrushBot/7~bl; +http://www.semrush.com/bot.html)"
185.191.171.9 - - [10/Jul/2022:15:14:26 +0200] "GET /square-coasters-cupcakes-cbkreation-p-17368.html HTTP/1.0" 200 74333 "-" "Mozilla/5.0 (compatible; SemrushBot/7~bl; +http://www.semrush.com/bot.html)"
185.191.171.39 - - [10/Jul/2022:15:14:29 +0200] "GET /retro-pink-eyeglass-case-p-30013.html?action=add_product HTTP/1.0" 302 476 "-" "Mozilla/5.0 (compatible; SemrushBot/7~bl; +http://www.semrush.com/bot.html)"
54.36.148.39 - - [10/Jul/2022:15:14:31 +0200] "GET /retro-notepad-p-33093.html HTTP/1.0" 200 74126 "-" "Mozilla/5.0 (compatible; AhrefsBot/7.0; +http://ahrefs.com/robot/)"
40.77.167.74 - - [10/Jul/2022:15:14:48 +0200] "GET /gorjuss-heart-shaped-tin-rosebud-p-49474.html HTTP/1.0" 301 75178 "-" "Mozilla/5.0 (compatible; bingbot/2.0; +http://www.bing.com/bingbot.htm)"
185.191.171.36 - - [10/Jul/2022:15:14:52 +0200] "GET /ganesh-statue-54-cm-p-41468.html HTTP/1.0" 301 74228 "-" "Mozilla/5.0 (compatible; SemrushBot/7~bl; +http://www.semrush.com/bot.html)"
144.76.68.76 - - [10/Jul/2022:15:14:55 +0200] "GET /french-flag-p-38273.html HTTP/1.0" 200 74085 "-" "serpstatbot/2.1 (advanced backlink tracking bot; https://serpstatbot.com/; abuse@serpstatbot.com)"
185.191.171.1 - - [10/Jul/2022:15:14:56 +0200] "GET /ganesh-statue-p-41468.html HTTP/1.0" 200 74148 "-" "Mozilla/5.0 (compatible; SemrushBot/7~bl; +http://www.semrush.com/bot.html)"
114.119.137.31 - - [10/Jul/2022:15:15:19 +0200] "GET /pouch-kiub-collection-p-54786.html HTTP/1.0" 200 74352 "http://www.wonder-geek.com/luggages-schoolbags-leather-shop-c-31.html?page=45" "Mozilla/5.0 (Linux; Android 7.0;) AppleWebKit/537.36 (KHTML, like Gecko) Mobile Safari/537.36 (compatible; PetalBot;+https://webmaster.petalsearch.com/site/petalbot)"
144.76.68.76 - - [10/Jul/2022:15:15:46 +0200] "GET /french-quote-stickers-p-39330.html HTTP/1.0" 200 74346 "-" "serpstatbot/2.1 (advanced backlink tracking bot; https://serpstatbot.com/; abuse@serpstatbot.com)"
185.191.171.9 - - [10/Jul/2022:15:16:08 +0200] "GET /furniture-knob-sold-individually-p-55986.html?action=add_product HTTP/1.0" 302 476 "-" "Mozilla/5.0 (compatible; SemrushBot/7~bl; +http://www.semrush.com/bot.html)"
185.191.171.16 - - [10/Jul/2022:15:16:10 +0200] "GET /arty-eyes-isothermic-stainless-steel-bottle-p-57590.html?action=add_product HTTP/1.0" 302 476 "-" "Mozilla/5.0 (compatible; SemrushBot/7~bl; +http://www.semrush.com/bot.html)"
40.77.167.99 - - [10/Jul/2022:15:16:17 +0200] "GET /robots.txt HTTP/1.0" 200 245 "-" "Mozilla/5.0 (compatible; bingbot/2.0; +http://www.bing.com/bingbot.htm)"
111.230.242.77 - - [10/Jul/2022:15:16:25 +0200] "GET /images/mini_prod/8435306269776.jpg HTTP/1.0" 200 269 "-" "Mozilla/5.0 (X11; Ubuntu; Linux x86_64; rv:72.0) Gecko/20100101 Firefox/72.0"
114.119.137.252 - - [10/Jul/2022:15:16:30 +0200] "GET /hello-kitty-camomilla-purple-sequins-large-handbag-p-8395.html HTTP/1.0" 301 71553 "http://www.wonder-geek.com/bagshandbags-shoulder-bags-c-31_81.html?page=10" "Mozilla/5.0 (Linux; Android 7.0;) AppleWebKit/537.36 (KHTML, like Gecko) Mobile Safari/537.36 (compatible; PetalBot;+https://webmaster.petalsearch.com/site/petalbot)"
54.36.149.104 - - [10/Jul/2022:15:16:33 +0200] "GET /frozen-anna-canvas-frame-p-32977.html HTTP/1.0" 200 74185 "-" "Mozilla/5.0 (compatible; AhrefsBot/7.0; +http://ahrefs.com/robot/)"
114.119.137.252 - - [10/Jul/2022:15:16:35 +0200] "GET /-p-8395.html HTTP/1.0" 200 71487 "http://www.wonder-geek.com/bagshandbags-shoulder-bags-c-31_81.html?page=10" "Mozilla/5.0 (Linux; Android 7.0;) AppleWebKit/537.36 (KHTML, like Gecko) Mobile Safari/537.36 (compatible; PetalBot;+https://webmaster.petalsearch.com/site/petalbot)"
144.76.68.76 - - [10/Jul/2022:15:16:37 +0200] "GET /fresh-brewed-coffee-cutting-board-p-40646.html HTTP/1.0" 200 74271 "-" "serpstatbot/2.1 (advanced backlink tracking bot; https://serpstatbot.com/; abuse@serpstatbot.com)"
157.55.39.92 - - [10/Jul/2022:15:16:40 +0200] "GET /-p-29842.html HTTP/1.0" 200 71489 "-" "Mozilla/5.0 (compatible; bingbot/2.0; +http://www.bing.com/bingbot.htm)"
144.76.68.76 - - [10/Jul/2022:15:17:28 +0200] "GET /frida-kahlo-with-infuser-p-56678.html HTTP/1.0" 200 74806 "-" "serpstatbot/2.1 (advanced backlink tracking bot; https://serpstatbot.com/; abuse@serpstatbot.com)"
40.77.167.42 - - [10/Jul/2022:15:17:32 +0200] "GET /glass-cutting-board-cbkreation-p-51291.html HTTP/1.0" 200 74195 "-" "Mozilla/5.0 (compatible; bingbot/2.0; +http://www.bing.com/bingbot.htm)"
207.46.13.169 - - [10/Jul/2022:15:17:37 +0200] "GET /-p-41801.html HTTP/1.0" 200 71489 "-" "Mozilla/5.0 (compatible; bingbot/2.0; +http://www.bing.com/bingbot.htm)"
40.77.167.42 - - [10/Jul/2022:15:17:43 +0200] "GET /usa-dollar-cushion-p-33034.html HTTP/1.0" 301 71556 "-" "Mozilla/5.0 (compatible; bingbot/2.0; +http://www.bing.com/bingbot.htm)"
114.119.137.43 - - [10/Jul/2022:15:17:43 +0200] "GET /volkswagen-bully-camper-van-metal-plate-30-20-cm-p-37150.html HTTP/1.0" 301 74505 "http://www.wonder-geek.com/home-and-decoration-c-13.html?page=129" "Mozilla/5.0 (Linux; Android 7.0;) AppleWebKit/537.36 (KHTML, like Gecko) Mobile Safari/537.36 (compatible; PetalBot;+https://webmaster.petalsearch.com/site/petalbot)"
185.191.171.22 - - [10/Jul/2022:15:17:54 +0200] "GET /blue-electric-guitar-hook-in-metal-56-cm-p-42803.html HTTP/1.0" 301 71760 "-" "Mozilla/5.0 (compatible; SemrushBot/7~bl; +http://www.semrush.com/bot.html)"
207.46.13.23 - - [10/Jul/2022:15:17:55 +0200] "GET /-p-33471.html HTTP/1.0" 200 71489 "-" "Mozilla/5.0 (compatible; bingbot/2.0; +http://www.bing.com/bingbot.htm)"
185.191.171.17 - - [10/Jul/2022:15:17:56 +0200] "GET /blue-electric-guitar-hook-metal-p-42803.html HTTP/1.0" 200 71662 "-" "Mozilla/5.0 (compatible; SemrushBot/7~bl; +http://www.semrush.com/bot.html)"
114.119.137.43 - - [10/Jul/2022:15:18:03 +0200] "GET /volkswagen-bully-camper-metal-plate-p-37150.html HTTP/1.0" 200 74403 "http://www.wonder-geek.com/home-and-decoration-c-13.html?page=129" "Mozilla/5.0 (Linux; Android 7.0;) AppleWebKit/537.36 (KHTML, like Gecko) Mobile Safari/537.36 (compatible; PetalBot;+https://webmaster.petalsearch.com/site/petalbot)"
185.191.171.15 - - [10/Jul/2022:15:18:18 +0200] "GET /mouse-saucer-p-55884.html HTTP/1.0" 200 74147 "-" "Mozilla/5.0 (compatible; SemrushBot/7~bl; +http://www.semrush.com/bot.html)"
144.76.68.76 - - [10/Jul/2022:15:18:19 +0200] "GET /frida-kahlo-with-infuser-p-56680.html HTTP/1.0" 200 74806 "-" "serpstatbot/2.1 (advanced backlink tracking bot; https://serpstatbot.com/; abuse@serpstatbot.com)"
103.65.36.12 - - [10/Jul/2022:15:18:32 +0200] "GET /images/mini_prod/1384010202883.jpg HTTP/1.0" 200 269 "-" "Mozilla/5.0 (X11; Ubuntu; Linux x86_64; rv:72.0) Gecko/20100101 Firefox/72.0"
54.36.148.150 - - [10/Jul/2022:15:18:43 +0200] "GET /mister-babyset-pieces-p-26551.html HTTP/1.0" 200 74275 "-" "Mozilla/5.0 (compatible; AhrefsBot/7.0; +http://ahrefs.com/robot/)"
114.119.137.45 - - [10/Jul/2022:15:18:46 +0200] "GET /hello-kitty-camomilla-large-handbag-p-4408.html HTTP/1.0" 200 74479 "http://www.wonder-geek.com/specials.php?page=44" "Mozilla/5.0 (Linux; Android 7.0;) AppleWebKit/537.36 (KHTML, like Gecko) Mobile Safari/537.36 (compatible; PetalBot;+https://webmaster.petalsearch.com/site/petalbot)"
144.76.68.76 - - [10/Jul/2022:15:19:11 +0200] "GET /frida-kahlo-with-infuser-p-56681.html HTTP/1.0" 200 74806 "-" "serpstatbot/2.1 (advanced backlink tracking bot; https://serpstatbot.com/; abuse@serpstatbot.com)"
66.249.64.146 - - [10/Jul/2022:15:19:14 +0200] "GET /images/big_prod/8422074991206.jpg HTTP/1.0" 200 268 "-" "Googlebot-Image/1.0"
66.249.64.146 - - [10/Jul/2022:15:19:23 +0200] "GET /tigger-figure-p-11163.html HTTP/1.0" 301 71556 "-" "Mozilla/5.0 (compatible; Googlebot/2.1; +http://www.google.com/bot.html)"
66.249.64.152 - - [10/Jul/2022:15:19:25 +0200] "GET /-p-11163.html HTTP/1.0" 200 71489 "-" "Mozilla/5.0 (compatible; Googlebot/2.1; +http://www.google.com/bot.html)"
157.55.39.92 - - [10/Jul/2022:15:19:29 +0200] "GET /the-despicable-me-homework-notebooks-p-35840.html HTTP/1.0" 301 74677 "-" "Mozilla/5.0 (compatible; bingbot/2.0; +http://www.bing.com/bingbot.htm)"
114.119.133.245 - - [10/Jul/2022:15:19:54 +0200] "GET /wall-decoration-green-tabby-p-41105.html HTTP/1.0" 200 74243 "http://www.wonder-geek.com/frames-flags-and-decorative-paintings-c-13_148.html?page=7" "Mozilla/5.0 (Linux; Android 7.0;) AppleWebKit/537.36 (KHTML, like Gecko) Mobile Safari/537.36 (compatible; PetalBot;+https://webmaster.petalsearch.com/site/petalbot)"
167.235.233.197 - - [10/Jul/2022:15:19:56 +0200] "GET /images/big_prod_3/d1300000019972.jpg HTTP/1.0" 200 271 "-" "Mozilla/5.0 (X11; Fedora; Linux x86_64) AppleWebKit/537.36 (KHTML, like Gecko) Chrome/79.0.3945.117 Safari/537.36"
144.76.68.76 - - [10/Jul/2022:15:20:02 +0200] "GET /frida-khalo-rectangular-presentation-dish-model-p-49531.html HTTP/1.0" 200 74475 "-" "serpstatbot/2.1 (advanced backlink tracking bot; https://serpstatbot.com/; abuse@serpstatbot.com)"
216.165.12.8 - - [10/Jul/2022:15:20:08 +0200] "GET /images/mini_prod/Image17.jpg HTTP/1.0" 200 263 "-" "Mozilla/5.0 (X11; Ubuntu; Linux x86_64; rv:72.0) Gecko/20100101 Firefox/72.0"
157.55.39.92 - - [10/Jul/2022:15:20:30 +0200] "GET /-p-34020.html HTTP/1.0" 200 71489 "-" "Mozilla/5.0 (compatible; bingbot/2.0; +http://www.bing.com/bingbot.htm)"
54.36.148.150 - - [10/Jul/2022:15:20:48 +0200] "GET /espresso-salvador-dali-extravaganza-p-39721.html HTTP/1.0" 200 74358 "-" "Mozilla/5.0 (compatible; AhrefsBot/7.0; +http://ahrefs.com/robot/)"
54.36.148.59 - - [10/Jul/2022:15:20:52 +0200] "GET /images/big_prod/720322284093.jpg HTTP/1.0" 200 267 "-" "Mozilla/5.0 (compatible; AhrefsBot/7.0; +http://ahrefs.com/robot/)"
144.76.68.76 - - [10/Jul/2022:15:20:54 +0200] "GET /frida-khalo-round-presentation-dish-model-p-49544.html HTTP/1.0" 200 74402 "-" "serpstatbot/2.1 (advanced backlink tracking bot; https://serpstatbot.com/; abuse@serpstatbot.com)"
207.46.13.23 - - [10/Jul/2022:15:21:05 +0200] "GET /spotting-scope-brass-leather-p-47445.html HTTP/1.0" 200 74843 "-" "Mozilla/5.0 (compatible; bingbot/2.0; +http://www.bing.com/bingbot.htm)"
114.119.137.38 - - [10/Jul/2022:15:21:14 +0200] "GET /great-patina-white-grey-gold-elephant-statuette-with-strass-p-46181.html HTTP/1.0" 200 71725 "http://www.wonder-geek.com/home-and-decoration-c-13.html?page=244" "Mozilla/5.0 (Linux; Android 7.0;) AppleWebKit/537.36 (KHTML, like Gecko) Mobile Safari/537.36 (compatible; PetalBot;+https://webmaster.petalsearch.com/site/petalbot)"
185.191.171.2 - - [10/Jul/2022:15:21:23 +0200] "GET /ballerina-statue-collection-p-48960.html?action=add_product HTTP/1.0" 302 476 "-" "Mozilla/5.0 (compatible; SemrushBot/7~bl; +http://www.semrush.com/bot.html)"
144.76.68.76 - - [10/Jul/2022:15:21:45 +0200] "GET /frida-khalo-saucer-p-50156.html HTTP/1.0" 200 74147 "-" "serpstatbot/2.1 (advanced backlink tracking bot; https://serpstatbot.com/; abuse@serpstatbot.com)"
185.191.171.44 - - [10/Jul/2022:15:21:59 +0200] "GET /mugs-and-mazagrans-c-12_57.html?page=19 HTTP/1.0" 301 98113 "-" "Mozilla/5.0 (compatible; SemrushBot/7~bl; +http://www.semrush.com/bot.html)"
185.191.171.8 - - [10/Jul/2022:15:22:02 +0200] "GET /mugs-mazagrans-c-57.html?page=19 HTTP/1.0" 301 98012 "-" "Mozilla/5.0 (compatible; SemrushBot/7~bl; +http://www.semrush.com/bot.html)"
185.191.171.24 - - [10/Jul/2022:15:22:06 +0200] "GET /mugs-mazagrans-c-12_57.html?page=19 HTTP/1.0" 200 98027 "-" "Mozilla/5.0 (compatible; SemrushBot/7~bl; +http://www.semrush.com/bot.html)"
185.191.171.16 - - [10/Jul/2022:15:22:10 +0200] "GET /green-gold-lampshade-p-56784.html?action=add_product HTTP/1.0" 302 476 "-" "Mozilla/5.0 (compatible; SemrushBot/7~bl; +http://www.semrush.com/bot.html)"
220.181.108.169 - - [10/Jul/2022:15:22:07 +0200] "GET /index.php HTTP/1.0" 200 97026 "-" "Mozilla/5.0 (compatible; Baiduspider/2.0; +http://www.baidu.com/search/spider.html)"
114.119.137.45 - - [10/Jul/2022:15:22:20 +0200] "GET /mani-lucky-glasses-case-p-42406.html HTTP/1.0" 200 74855 "http://www.wonder-geek.com/luggages-schoolbags-leather-shop-c-31.html?page=12" "Mozilla/5.0 (Linux; Android 7.0;) AppleWebKit/537.36 (KHTML, like Gecko) Mobile Safari/537.36 (compatible; PetalBot;+https://webmaster.petalsearch.com/site/petalbot)"
40.77.167.74 - - [10/Jul/2022:15:22:29 +0200] "GET /-p-38836.html HTTP/1.0" 200 71489 "-" "Mozilla/5.0 (compatible; bingbot/2.0; +http://www.bing.com/bingbot.htm)"
144.76.68.76 - - [10/Jul/2022:15:22:34 +0200] "GET /frida-khalo-saucer-p-50157.html HTTP/1.0" 200 74147 "-" "serpstatbot/2.1 (advanced backlink tracking bot; https://serpstatbot.com/; abuse@serpstatbot.com)"
185.191.171.23 - - [10/Jul/2022:15:22:42 +0200] "GET /incense-holder-selenite-with-flower-life-p-51552.html?action=add_product HTTP/1.0" 302 476 "-" "Mozilla/5.0 (compatible; SemrushBot/7~bl; +http://www.semrush.com/bot.html)"
54.36.149.30 - - [10/Jul/2022:15:22:51 +0200] "GET /porcelain-mood-espresso-tassen-made-germany-p-46340.html HTTP/1.0" 200 76092 "-" "Mozilla/5.0 (compatible; AhrefsBot/7.0; +http://ahrefs.com/robot/)"
40.77.167.64 - - [10/Jul/2022:15:23:17 +0200] "GET /-p-16158.html HTTP/1.0" 200 71489 "-" "Mozilla/5.0 (compatible; bingbot/2.0; +http://www.bing.com/bingbot.htm)"
144.76.68.76 - - [10/Jul/2022:15:23:24 +0200] "GET /fragrance-sachet-lime-splash-p-40533.html HTTP/1.0" 200 71567 "-" "serpstatbot/2.1 (advanced backlink tracking bot; https://serpstatbot.com/; abuse@serpstatbot.com)"
185.191.171.17 - - [10/Jul/2022:15:23:28 +0200] "GET /-p-39412.html?action=add_product HTTP/1.0" 302 476 "-" "Mozilla/5.0 (compatible; SemrushBot/7~bl; +http://www.semrush.com/bot.html)"
114.119.137.252 - - [10/Jul/2022:15:23:29 +0200] "GET /round-carpet-120-cm-p-48048.html HTTP/1.0" 301 75070 "http://www.wonder-geek.com/the-rugs-c-11_269.html?page=7" "Mozilla/5.0 (Linux; Android 7.0;) AppleWebKit/537.36 (KHTML, like Gecko) Mobile Safari/537.36 (compatible; PetalBot;+https://webmaster.petalsearch.com/site/petalbot)"
185.191.171.23 - - [10/Jul/2022:15:23:30 +0200] "GET /cats-in-love-teapot-p-37392.html HTTP/1.0" 301 74186 "-" "Mozilla/5.0 (compatible; SemrushBot/7~bl; +http://www.semrush.com/bot.html)"
114.119.137.252 - - [10/Jul/2022:15:23:33 +0200] "GET /round-carpet-p-48048.html HTTP/1.0" 200 74991 "http://www.wonder-geek.com/the-rugs-c-11_269.html?page=7" "Mozilla/5.0 (Linux; Android 7.0;) AppleWebKit/537.36 (KHTML, like Gecko) Mobile Safari/537.36 (compatible; PetalBot;+https://webmaster.petalsearch.com/site/petalbot)"
185.191.171.15 - - [10/Jul/2022:15:23:35 +0200] "GET /cats-love-teapot-p-37392.html HTTP/1.0" 200 74103 "-" "Mozilla/5.0 (compatible; SemrushBot/7~bl; +http://www.semrush.com/bot.html)"
185.191.171.10 - - [10/Jul/2022:15:23:52 +0200] "GET /rock-candle-hours-black-p-42103.html?action=add_product HTTP/1.0" 302 476 "-" "Mozilla/5.0 (compatible; SemrushBot/7~bl; +http://www.semrush.com/bot.html)"
144.76.68.76 - - [10/Jul/2022:15:24:16 +0200] "GET /frida-khalo-saucer-p-50160.html HTTP/1.0" 200 74149 "-" "serpstatbot/2.1 (advanced backlink tracking bot; https://serpstatbot.com/; abuse@serpstatbot.com)"
40.77.167.64 - - [10/Jul/2022:15:24:17 +0200] "GET /-p-35286.html HTTP/1.0" 200 71489 "-" "Mozilla/5.0 (compatible; bingbot/2.0; +http://www.bing.com/bingbot.htm)"
114.119.133.245 - - [10/Jul/2022:15:24:49 +0200] "GET /cat-wall-decoration-21-cm-green-tabby-p-41105.html HTTP/1.0" 301 74337 "http://www.wonder-geek.com/frames-flags-and-decorative-paintings-c-13_148.html?page=8" "Mozilla/5.0 (Linux; Android 7.0;) AppleWebKit/537.36 (KHTML, like Gecko) Mobile Safari/537.36 (compatible; PetalBot;+https://webmaster.petalsearch.com/site/petalbot)"
54.36.149.13 - - [10/Jul/2022:15:24:53 +0200] "GET /underclothes-c-1_25.html HTTP/1.0" 200 70415 "-" "Mozilla/5.0 (compatible; AhrefsBot/7.0; +http://ahrefs.com/robot/)"
114.119.133.245 - - [10/Jul/2022:15:24:58 +0200] "GET /wall-decoration-green-tabby-p-41105.html HTTP/1.0" 200 74243 "http://www.wonder-geek.com/frames-flags-and-decorative-paintings-c-13_148.html?page=8" "Mozilla/5.0 (Linux; Android 7.0;) AppleWebKit/537.36 (KHTML, like Gecko) Mobile Safari/537.36 (compatible; PetalBot;+https://webmaster.petalsearch.com/site/petalbot)"
185.191.171.43 - - [10/Jul/2022:15:25:04 +0200] "GET /mojito-coasters-p-51777.html?action=add_product HTTP/1.0" 302 476 "-" "Mozilla/5.0 (compatible; SemrushBot/7~bl; +http://www.semrush.com/bot.html)"
144.76.68.76 - - [10/Jul/2022:15:25:07 +0200] "GET /frida-with-pink-blue-infuser-p-52860.html HTTP/1.0" 200 74213 "-" "serpstatbot/2.1 (advanced backlink tracking bot; https://serpstatbot.com/; abuse@serpstatbot.com)"
185.191.171.41 - - [10/Jul/2022:15:25:37 +0200] "GET /ginkgo-table-lamp-p-55084.html HTTP/1.0" 200 75407 "-" "Mozilla/5.0 (compatible; SemrushBot/7~bl; +http://www.semrush.com/bot.html)"
157.55.39.92 - - [10/Jul/2022:15:25:50 +0200] "GET /-p-30596.html HTTP/1.0" 200 71489 "-" "Mozilla/5.0 (compatible; bingbot/2.0; +http://www.bing.com/bingbot.htm)"
114.119.137.31 - - [10/Jul/2022:15:25:52 +0200] "GET /statuettes-animal-figurines-c-292_291.html?page=3 HTTP/1.0" 200 93802 "http://www.wonder-geek.com/statuettes-animal-figurines-c-292_291.html?page=7" "Mozilla/5.0 (Linux; Android 7.0;) AppleWebKit/537.36 (KHTML, like Gecko) Mobile Safari/537.36 (compatible; PetalBot;+https://webmaster.petalsearch.com/site/petalbot)"
144.76.68.76 - - [10/Jul/2022:15:25:57 +0200] "GET /fringale-burlap-placemat-p-53499.html HTTP/1.0" 200 74732 "-" "serpstatbot/2.1 (advanced backlink tracking bot; https://serpstatbot.com/; abuse@serpstatbot.com)"
185.191.171.34 - - [10/Jul/2022:15:26:06 +0200] "GET /panda-paris-placemat-p-45587.html?action=add_product HTTP/1.0" 302 476 "-" "Mozilla/5.0 (compatible; SemrushBot/7~bl; +http://www.semrush.com/bot.html)"
66.249.64.146 - - [10/Jul/2022:15:26:08 +0200] "GET /cheshire-tree-disney-traditions-p-58161.html HTTP/1.0" 200 75402 "-" "Mozilla/5.0 (Linux; Android 6.0.1; Nexus 5X Build/MMB29P) AppleWebKit/537.36 (KHTML, like Gecko) Chrome/103.0.5060.114 Mobile Safari/537.36 (compatible; Googlebot/2.1; +http://www.google.com/bot.html)"
207.46.13.23 - - [10/Jul/2022:15:26:26 +0200] "GET /horse-small-round-magnet-p-31913.html HTTP/1.0" 200 74115 "-" "Mozilla/5.0 (compatible; bingbot/2.0; +http://www.bing.com/bingbot.htm)"
185.191.171.17 - - [10/Jul/2022:15:26:43 +0200] "GET /laissez-lucie-faire-pencil-case-byako-p-38974.html?action=add_product HTTP/1.0" 302 476 "-" "Mozilla/5.0 (compatible; SemrushBot/7~bl; +http://www.semrush.com/bot.html)"
147.92.153.2 - - [10/Jul/2022:15:26:45 +0200] "GET /wall-sticker-c-13_187.html HTTP/1.0" 200 95071 "-" "Mozilla/5.0 (compatible; Linespider/1.1; +https://lin.ee/4dwXkTH)"
144.76.68.76 - - [10/Jul/2022:15:26:48 +0200] "GET /frosted-glass-betty-boop-quarantine-p-15441.html HTTP/1.0" 200 74635 "-" "serpstatbot/2.1 (advanced backlink tracking bot; https://serpstatbot.com/; abuse@serpstatbot.com)"
185.191.171.14 - - [10/Jul/2022:15:26:50 +0200] "GET /beyond-charms-keychain-llama-p-51833.html HTTP/1.0" 200 75392 "-" "Mozilla/5.0 (compatible; SemrushBot/7~bl; +http://www.semrush.com/bot.html)"
54.36.148.210 - - [10/Jul/2022:15:26:55 +0200] "GET /bohemian-blue-stoneware-trimmed-planter-p-58093.html HTTP/1.0" 200 74904 "-" "Mozilla/5.0 (compatible; AhrefsBot/7.0; +http://ahrefs.com/robot/)"
185.191.171.34 - - [10/Jul/2022:15:27:01 +0200] "GET /yogi-yogini-yogamat-pink-p-49035.html?action=add_product HTTP/1.0" 302 476 "-" "Mozilla/5.0 (compatible; SemrushBot/7~bl; +http://www.semrush.com/bot.html)"
114.119.137.252 - - [10/Jul/2022:15:27:11 +0200] "GET /metal-ding-dong-bell-bike-black-p-40741.html HTTP/1.0" 200 74226 "http://www.wonder-geek.com/decorations-c-13_89.html?page=2" "Mozilla/5.0 (Linux; Android 7.0;) AppleWebKit/537.36 (KHTML, like Gecko) Mobile Safari/537.36 (compatible; PetalBot;+https://webmaster.petalsearch.com/site/petalbot)"
144.76.68.76 - - [10/Jul/2022:15:27:39 +0200] "GET /frozen-anna-disney-glitter-globe-p-33587.html HTTP/1.0" 200 74328 "-" "serpstatbot/2.1 (advanced backlink tracking bot; https://serpstatbot.com/; abuse@serpstatbot.com)"
185.191.171.9 - - [10/Jul/2022:15:27:44 +0200] "GET /-p-41971.html?action=add_product HTTP/1.0" 302 476 "-" "Mozilla/5.0 (compatible; SemrushBot/7~bl; +http://www.semrush.com/bot.html)"
114.119.137.31 - - [10/Jul/2022:15:28:12 +0200] "GET /beige-twine-fitted-sheet-p-51983.html HTTP/1.0" 200 74159 "http://www.wonder-geek.com/fitted-sheet-c-11_193.html" "Mozilla/5.0 (Linux; Android 7.0;) AppleWebKit/537.36 (KHTML, like Gecko) Mobile Safari/537.36 (compatible; PetalBot;+https://webmaster.petalsearch.com/site/petalbot)"
144.76.68.76 - - [10/Jul/2022:15:28:28 +0200] "GET /frozen-keyring-p-28271.html HTTP/1.0" 200 73744 "-" "serpstatbot/2.1 (advanced backlink tracking bot; https://serpstatbot.com/; abuse@serpstatbot.com)"
185.191.171.45 - - [10/Jul/2022:15:28:36 +0200] "GET /paris-bath-soap-dish-p-34851.html HTTP/1.0" 200 74131 "-" "Mozilla/5.0 (compatible; SemrushBot/7~bl; +http://www.semrush.com/bot.html)"
207.46.13.169 - - [10/Jul/2022:15:28:39 +0200] "GET /-p-25239.html HTTP/1.0" 200 71489 "-" "Mozilla/5.0 (compatible; bingbot/2.0; +http://www.bing.com/bingbot.htm)"
54.36.149.18 - - [10/Jul/2022:15:28:51 +0200] "GET /marilyn-monroe-white-long-sleeve-shirt-p-30156.html HTTP/1.0" 200 75692 "-" "Mozilla/5.0 (compatible; AhrefsBot/7.0; +http://ahrefs.com/robot/)"
66.249.64.152 - - [10/Jul/2022:15:28:51 +0200] "GET /crayola-coloring-album-p-25052.html HTTP/1.0" 301 71556 "-" "Mozilla/5.0 (Linux; Android 6.0.1; Nexus 5X Build/MMB29P) AppleWebKit/537.36 (KHTML, like Gecko) Chrome/103.0.5060.114 Mobile Safari/537.36 (compatible; Googlebot/2.1; +http://www.google.com/bot.html)"
66.249.64.158 - - [10/Jul/2022:15:28:54 +0200] "GET /-p-25052.html HTTP/1.0" 200 71489 "-" "Mozilla/5.0 (Linux; Android 6.0.1; Nexus 5X Build/MMB29P) AppleWebKit/537.36 (KHTML, like Gecko) Chrome/103.0.5060.114 Mobile Safari/537.36 (compatible; Googlebot/2.1; +http://www.google.com/bot.html)"
185.191.171.9 - - [10/Jul/2022:15:28:57 +0200] "GET /dopey-mini-figurine-p-55970.html?action=add_product HTTP/1.0" 302 476 "-" "Mozilla/5.0 (compatible; SemrushBot/7~bl; +http://www.semrush.com/bot.html)"
207.46.13.169 - - [10/Jul/2022:15:28:58 +0200] "GET /-p-32110.html HTTP/1.0" 200 71489 "-" "Mozilla/5.0 (compatible; bingbot/2.0; +http://www.bing.com/bingbot.htm)"
144.76.68.76 - - [10/Jul/2022:15:29:19 +0200] "GET /frozen-placemat-p-31705.html HTTP/1.0" 301 71556 "-" "serpstatbot/2.1 (advanced backlink tracking bot; https://serpstatbot.com/; abuse@serpstatbot.com)"
114.119.137.252 - - [10/Jul/2022:15:29:24 +0200] "GET /pillow-cushion-46-16-cm-unicorn-dream-p-47077.html HTTP/1.0" 301 71556 "http://www.wonder-geek.com/household-linen-c-11.html?page=43" "Mozilla/5.0 (Linux; Android 7.0;) AppleWebKit/537.36 (KHTML, like Gecko) Mobile Safari/537.36 (compatible; PetalBot;+https://webmaster.petalsearch.com/site/petalbot)"
51.68.224.127 - - [10/Jul/2022:15:29:34 +0200] "GET /adminweb/export_orders_xml.php?token=256de2z6edz6ed2z6DFSFsed2zed6zeDSFDSGdzedezfzf&maxorders=10&orderstart=1&status=14&start_date=2018-10-01 HTTP/1.0" 200 285 "-" "GesCom CharlotteBoutik Serveur"
51.68.224.127 - - [10/Jul/2022:15:29:34 +0200] "GET /adminweb/export_orders_xml.php?token=256de2z6edz6ed2z6DFSFsed2zed6zeDSFDSGdzedezfzf&maxorders=10&orderstart=1&status=6&start_date=2018-10-01 HTTP/1.0" 200 31081 "-" "GesCom CharlotteBoutik Serveur"
185.191.171.20 - - [10/Jul/2022:15:29:46 +0200] "GET /nici-love-cats-notebook-p-12299.html?action=add_product HTTP/1.0" 302 476 "-" "Mozilla/5.0 (compatible; SemrushBot/7~bl; +http://www.semrush.com/bot.html)"
114.119.137.252 - - [10/Jul/2022:15:29:48 +0200] "GET /-p-47077.html HTTP/1.0" 200 71489 "http://www.wonder-geek.com/household-linen-c-11.html?page=43" "Mozilla/5.0 (Linux; Android 7.0;) AppleWebKit/537.36 (KHTML, like Gecko) Mobile Safari/537.36 (compatible; PetalBot;+https://webmaster.petalsearch.com/site/petalbot)"
144.76.68.76 - - [10/Jul/2022:15:30:09 +0200] "GET /frozen-poster-p-28278.html HTTP/1.0" 200 74037 "-" "serpstatbot/2.1 (advanced backlink tracking bot; https://serpstatbot.com/; abuse@serpstatbot.com)"
207.46.13.169 - - [10/Jul/2022:15:30:28 +0200] "GET /retro-napkins-dispenser-p-42685.html HTTP/1.0" 200 74075 "-" "Mozilla/5.0 (compatible; bingbot/2.0; +http://www.bing.com/bingbot.htm)"
54.36.148.128 - - [10/Jul/2022:15:30:56 +0200] "GET /water-bottles-sport-bottles-c-12_161.html?page=8 HTTP/1.0" 200 97155 "-" "Mozilla/5.0 (compatible; AhrefsBot/7.0; +http://ahrefs.com/robot/)"
144.76.68.76 - - [10/Jul/2022:15:30:59 +0200] "GET /frozen-rectangular-mirror-p-31612.html HTTP/1.0" 200 74131 "-" "serpstatbot/2.1 (advanced backlink tracking bot; https://serpstatbot.com/; abuse@serpstatbot.com)"
66.249.64.152 - - [10/Jul/2022:15:31:04 +0200] "GET /flowerpot-cover-textured-wicker-p-58281.html HTTP/1.0" 200 74883 "-" "Mozilla/5.0 (compatible; Googlebot/2.1; +http://www.google.com/bot.html)"
114.119.133.245 - - [10/Jul/2022:15:31:19 +0200] "GET /le-gendarme-de-saint-tropez-vintage-poster-30-40-cm-p-42499.html HTTP/1.0" 301 71556 "http://www.wonder-geek.com/posters-and-stickers-wall-c-13_147.html" "Mozilla/5.0 (Linux; Android 7.0;) AppleWebKit/537.36 (KHTML, like Gecko) Mobile Safari/537.36 (compatible; PetalBot;+https://webmaster.petalsearch.com/site/petalbot)"
114.119.133.245 - - [10/Jul/2022:15:31:23 +0200] "GET /-p-42499.html HTTP/1.0" 200 71489 "http://www.wonder-geek.com/posters-and-stickers-wall-c-13_147.html" "Mozilla/5.0 (Linux; Android 7.0;) AppleWebKit/537.36 (KHTML, like Gecko) Mobile Safari/537.36 (compatible; PetalBot;+https://webmaster.petalsearch.com/site/petalbot)"
144.76.68.76 - - [10/Jul/2022:15:31:49 +0200] "GET /frozen-sven-figure-p-23416.html HTTP/1.0" 301 71556 "-" "serpstatbot/2.1 (advanced backlink tracking bot; https://serpstatbot.com/; abuse@serpstatbot.com)"
195.110.77.193 - - [10/Jul/2022:15:32:18 +0200] "GET /images/mini_prod/1399984258361.jpg HTTP/1.0" 200 269 "-" "Mozilla/5.0 (X11; Ubuntu; Linux x86_64; rv:72.0) Gecko/20100101 Firefox/72.0"
144.76.68.76 - - [10/Jul/2022:15:32:50 +0200] "GET /gormiti-polar-blanket-p-8103.html HTTP/1.0" 301 71553 "-" "serpstatbot/2.1 (advanced backlink tracking bot; https://serpstatbot.com/; abuse@serpstatbot.com)"
185.191.171.1 - - [10/Jul/2022:15:32:56 +0200] "GET /spain-sevillanas-white-women-tee-shirt-p-30951.html HTTP/1.0" 301 76565 "-" "Mozilla/5.0 (compatible; SemrushBot/7~bl; +http://www.semrush.com/bot.html)"
185.191.171.19 - - [10/Jul/2022:15:32:58 +0200] "GET /spain-sevillanas-white-women-shirt-p-30951.html HTTP/1.0" 200 76464 "-" "Mozilla/5.0 (compatible; SemrushBot/7~bl; +http://www.semrush.com/bot.html)"
185.191.171.38 - - [10/Jul/2022:15:33:09 +0200] "GET /cotton-bath-mat-50-80-cm-grey-p-45255.html HTTP/1.0" 301 75158 "-" "Mozilla/5.0 (compatible; SemrushBot/7~bl; +http://www.semrush.com/bot.html)"
54.36.148.190 - - [10/Jul/2022:15:33:11 +0200] "GET /allen-decorated-cotton-coin-purse-koala-p-58305.html HTTP/1.0" 200 74947 "-" "Mozilla/5.0 (compatible; AhrefsBot/7.0; +http://ahrefs.com/robot/)"
185.191.171.8 - - [10/Jul/2022:15:33:12 +0200] "GET /cotton-bath-grey-p-45255.html HTTP/1.0" 200 75075 "-" "Mozilla/5.0 (compatible; SemrushBot/7~bl; +http://www.semrush.com/bot.html)"
185.191.171.38 - - [10/Jul/2022:15:33:24 +0200] "GET /-p-48969.html?action=add_product HTTP/1.0" 302 476 "-" "Mozilla/5.0 (compatible; SemrushBot/7~bl; +http://www.semrush.com/bot.html)"
114.119.137.3 - - [10/Jul/2022:15:33:25 +0200] "GET /images/mini_prod/5055071700736.jpg HTTP/1.0" 200 269 "http://www.wonder-geek.com/salt-and-pepper-shaker-sets-c-12_160.html?page=2" "Mozilla/5.0 (Linux; Android 7.0;) AppleWebKit/537.36 (KHTML, like Gecko) Mobile Safari/537.36 (compatible; PetalBot;+https://webmaster.petalsearch.com/site/petalbot)"
40.77.167.74 - - [10/Jul/2022:15:33:40 +0200] "GET /-p-35826.html HTTP/1.0" 200 71489 "-" "Mozilla/5.0 (compatible; bingbot/2.0; +http://www.bing.com/bingbot.htm)"
185.191.171.14 - - [10/Jul/2022:15:33:47 +0200] "GET /jacquard-cotton-velvet-towel-170-95-cm-let-go-p-48180.html HTTP/1.0" 301 71556 "-" "Mozilla/5.0 (compatible; SemrushBot/7~bl; +http://www.semrush.com/bot.html)"
144.76.68.76 - - [10/Jul/2022:15:33:49 +0200] "GET /harley-davidson-zippo-lighter-p-39525.html HTTP/1.0" 200 74642 "-" "serpstatbot/2.1 (advanced backlink tracking bot; https://serpstatbot.com/; abuse@serpstatbot.com)"
185.191.171.39 - - [10/Jul/2022:15:33:50 +0200] "GET /-p-48180.html HTTP/1.0" 200 71489 "-" "Mozilla/5.0 (compatible; SemrushBot/7~bl; +http://www.semrush.com/bot.html)"
185.191.171.8 - - [10/Jul/2022:15:33:54 +0200] "GET /fatma-hand-coaster-p-53505.html?action=add_product HTTP/1.0" 302 476 "-" "Mozilla/5.0 (compatible; SemrushBot/7~bl; +http://www.semrush.com/bot.html)"
40.77.167.64 - - [10/Jul/2022:15:34:19 +0200] "GET /-p-33673.html HTTP/1.0" 200 71489 "-" "Mozilla/5.0 (compatible; bingbot/2.0; +http://www.bing.com/bingbot.htm)"
66.249.64.152 - - [10/Jul/2022:15:34:27 +0200] "GET /small-komorebi-capacity-p-58341.html HTTP/1.0" 200 75051 "-" "Mozilla/5.0 (Linux; Android 6.0.1; Nexus 5X Build/MMB29P) AppleWebKit/537.36 (KHTML, like Gecko) Chrome/103.0.5060.114 Mobile Safari/537.36 (compatible; Googlebot/2.1; +http://www.google.com/bot.html)"
114.119.137.31 - - [10/Jul/2022:15:34:34 +0200] "GET /bamboo-fiber-plant-cover-p-58260.html HTTP/1.0" 200 74760 "http://www.wonder-geek.com/home-decoration-c-13.html?page=124" "Mozilla/5.0 (Linux; Android 7.0;) AppleWebKit/537.36 (KHTML, like Gecko) Mobile Safari/537.36 (compatible; PetalBot;+https://webmaster.petalsearch.com/site/petalbot)"
144.76.68.76 - - [10/Jul/2022:15:34:42 +0200] "GET /gothic-black-lamp-p-23011.html HTTP/1.0" 200 74253 "-" "serpstatbot/2.1 (advanced backlink tracking bot; https://serpstatbot.com/; abuse@serpstatbot.com)"
185.191.171.35 - - [10/Jul/2022:15:34:43 +0200] "GET /merci-gustave-paris-so-chic-small-melamine-tray-p-38454.html HTTP/1.0" 301 71820 "-" "Mozilla/5.0 (compatible; SemrushBot/7~bl; +http://www.semrush.com/bot.html)"
185.191.171.40 - - [10/Jul/2022:15:34:48 +0200] "GET /merci-gustave-paris-chic-small-melamine-tray-p-38454.html HTTP/1.0" 200 71709 "-" "Mozilla/5.0 (compatible; SemrushBot/7~bl; +http://www.semrush.com/bot.html)"
185.191.171.38 - - [10/Jul/2022:15:35:01 +0200] "GET /springy-tisanire-p-54597.html?action=add_product HTTP/1.0" 302 476 "-" "Mozilla/5.0 (compatible; SemrushBot/7~bl; +http://www.semrush.com/bot.html)"
54.36.148.62 - - [10/Jul/2022:15:35:18 +0200] "GET /flower-pots-c-13_275.html?page=2 HTTP/1.0" 200 94191 "-" "Mozilla/5.0 (compatible; AhrefsBot/7.0; +http://ahrefs.com/robot/)"
185.191.171.8 - - [10/Jul/2022:15:35:29 +0200] "GET /kimmidoll-love-lacy-luck-cover-iphone-p-17929.html HTTP/1.0" 200 74584 "-" "Mozilla/5.0 (compatible; SemrushBot/7~bl; +http://www.semrush.com/bot.html)"
185.191.171.11 - - [10/Jul/2022:15:35:32 +0200] "GET /marseille-cbkreation-p-31256.html?action=add_product HTTP/1.0" 302 476 "-" "Mozilla/5.0 (compatible; SemrushBot/7~bl; +http://www.semrush.com/bot.html)"
144.76.68.76 - - [10/Jul/2022:15:35:38 +0200] "GET /gothic-nurse-skull-decoration-p-42774.html HTTP/1.0" 200 74239 "-" "serpstatbot/2.1 (advanced backlink tracking bot; https://serpstatbot.com/; abuse@serpstatbot.com)"
114.119.137.252 - - [10/Jul/2022:15:35:54 +0200] "GET /frida-khalo-storage-p-51515.html HTTP/1.0" 301 71556 "http://www.wonder-geek.com/wooden-boxes-and-storage-c-13_150_220.html?page=3" "Mozilla/5.0 (Linux; Android 7.0;) AppleWebKit/537.36 (KHTML, like Gecko) Mobile Safari/537.36 (compatible; PetalBot;+https://webmaster.petalsearch.com/site/petalbot)"
114.119.137.252 - - [10/Jul/2022:15:36:00 +0200] "GET /-p-51515.html HTTP/1.0" 200 71489 "http://www.wonder-geek.com/wooden-boxes-and-storage-c-13_150_220.html?page=3" "Mozilla/5.0 (Linux; Android 7.0;) AppleWebKit/537.36 (KHTML, like Gecko) Mobile Safari/537.36 (compatible; PetalBot;+https://webmaster.petalsearch.com/site/petalbot)"
40.77.167.42 - - [10/Jul/2022:15:36:15 +0200] "GET /-p-33450.html HTTP/1.0" 200 71489 "-" "Mozilla/5.0 (compatible; bingbot/2.0; +http://www.bing.com/bingbot.htm)"
185.191.171.44 - - [10/Jul/2022:15:36:30 +0200] "GET /head-lamp-p-33812.html?action=add_product HTTP/1.0" 302 476 "-" "Mozilla/5.0 (compatible; SemrushBot/7~bl; +http://www.semrush.com/bot.html)"
185.191.171.39 - - [10/Jul/2022:15:36:31 +0200] "GET /robots.txt HTTP/1.0" 200 245 "-" "Mozilla/5.0 (compatible; SemrushBot/7~bl; +http://www.semrush.com/bot.html)"
144.76.68.76 - - [10/Jul/2022:15:36:31 +0200] "GET /gourmand-little-tray-p-39090.html HTTP/1.0" 200 74225 "-" "serpstatbot/2.1 (advanced backlink tracking bot; https://serpstatbot.com/; abuse@serpstatbot.com)"
185.191.171.44 - - [10/Jul/2022:15:36:48 +0200] "GET /paris-saint-germain-organiser-file-p-52046.html?action=add_product HTTP/1.0" 302 476 "-" "Mozilla/5.0 (compatible; SemrushBot/7~bl; +http://www.semrush.com/bot.html)"
40.77.167.64 - - [10/Jul/2022:15:36:49 +0200] "GET /frog-statuette-by-jim-shore-p-51869.html HTTP/1.0" 301 75420 "-" "Mozilla/5.0 (compatible; bingbot/2.0; +http://www.bing.com/bingbot.htm)"
114.119.137.45 - - [10/Jul/2022:15:36:50 +0200] "GET /singing-bowl-p-42027.html HTTP/1.0" 200 74081 "http://www.wonder-geek.com/decorations-c-13_89.html?page=6" "Mozilla/5.0 (Linux; Android 7.0;) AppleWebKit/537.36 (KHTML, like Gecko) Mobile Safari/537.36 (compatible; PetalBot;+https://webmaster.petalsearch.com/site/petalbot)"
40.77.167.74 - - [10/Jul/2022:15:37:11 +0200] "GET /-p-33548.html HTTP/1.0" 200 71489 "-" "Mozilla/5.0 (compatible; bingbot/2.0; +http://www.bing.com/bingbot.htm)"
185.191.171.8 - - [10/Jul/2022:15:37:20 +0200] "GET /mister-men-long-sleeve-shirt-p-31041.html HTTP/1.0" 301 75388 "-" "Mozilla/5.0 (compatible; SemrushBot/7~bl; +http://www.semrush.com/bot.html)"
54.36.149.1 - - [10/Jul/2022:15:37:22 +0200] "GET /hello-kitty-camomilla-handbag-p-4409.html HTTP/1.0" 200 76728 "-" "Mozilla/5.0 (compatible; AhrefsBot/7.0; +http://ahrefs.com/robot/)"
185.191.171.2 - - [10/Jul/2022:15:37:25 +0200] "GET /mister-long-sleeve-shirt-p-31041.html HTTP/1.0" 200 75297 "-" "Mozilla/5.0 (compatible; SemrushBot/7~bl; +http://www.semrush.com/bot.html)"
144.76.68.76 - - [10/Jul/2022:15:37:26 +0200] "GET /graphic-variations-large-bowl-p-45337.html HTTP/1.0" 200 71625 "-" "serpstatbot/2.1 (advanced backlink tracking bot; https://serpstatbot.com/; abuse@serpstatbot.com)"
185.191.171.38 - - [10/Jul/2022:15:37:27 +0200] "GET /rose-quartz-rolled-stone-grams-p-46595.html?action=add_product HTTP/1.0" 302 476 "-" "Mozilla/5.0 (compatible; SemrushBot/7~bl; +http://www.semrush.com/bot.html)"
185.191.171.37 - - [10/Jul/2022:15:38:03 +0200] "GET /la-cuisine-du-chef-clock-28-cm-p-41551.html HTTP/1.0" 301 71556 "-" "Mozilla/5.0 (compatible; SemrushBot/7~bl; +http://www.semrush.com/bot.html)"
114.119.137.3 - - [10/Jul/2022:15:38:05 +0200] "GET /set-of-glasses-shot-supporters-p-48466.html HTTP/1.0" 301 71712 "http://www.wonder-geek.com/glasses-and-drinking-cup-c-12_62.html?page=4" "Mozilla/5.0 (Linux; Android 7.0;) AppleWebKit/537.36 (KHTML, like Gecko) Mobile Safari/537.36 (compatible; PetalBot;+https://webmaster.petalsearch.com/site/petalbot)"
185.191.171.6 - - [10/Jul/2022:15:38:06 +0200] "GET /-p-41551.html HTTP/1.0" 200 71489 "-" "Mozilla/5.0 (compatible; SemrushBot/7~bl; +http://www.semrush.com/bot.html)"
114.119.137.3 - - [10/Jul/2022:15:38:08 +0200] "GET /glasses-shot-supporters-p-48466.html HTTP/1.0" 200 71622 "http://www.wonder-geek.com/glasses-and-drinking-cup-c-12_62.html?page=4" "Mozilla/5.0 (Linux; Android 7.0;) AppleWebKit/537.36 (KHTML, like Gecko) Mobile Safari/537.36 (compatible; PetalBot;+https://webmaster.petalsearch.com/site/petalbot)"
185.191.171.1 - - [10/Jul/2022:15:38:19 +0200] "GET /boho-wooden-frame-40-30-cm-free-spirit-love-inside-p-41401.html HTTP/1.0" 301 74477 "-" "Mozilla/5.0 (compatible; SemrushBot/7~bl; +http://www.semrush.com/bot.html)"
40.77.167.74 - - [10/Jul/2022:15:38:21 +0200] "GET /-p-34776.html HTTP/1.0" 200 71489 "-" "Mozilla/5.0 (compatible; bingbot/2.0; +http://www.bing.com/bingbot.htm)"
144.76.68.76 - - [10/Jul/2022:15:38:20 +0200] "GET /graphic-variations-large-bowl-p-45340.html HTTP/1.0" 200 71625 "-" "serpstatbot/2.1 (advanced backlink tracking bot; https://serpstatbot.com/; abuse@serpstatbot.com)"
66.249.64.146 - - [10/Jul/2022:15:38:19 +0200] "GET /holders-c-13_150_201.html HTTP/1.0" 200 90006 "-" "Mozilla/5.0 (Linux; Android 6.0.1; Nexus 5X Build/MMB29P) AppleWebKit/537.36 (KHTML, like Gecko) Chrome/103.0.5060.114 Mobile Safari/537.36 (compatible; Googlebot/2.1; +http://www.google.com/bot.html)"
185.191.171.11 - - [10/Jul/2022:15:38:22 +0200] "GET /boho-wooden-frame-free-spirit-love-inside-p-41401.html HTTP/1.0" 200 74369 "-" "Mozilla/5.0 (compatible; SemrushBot/7~bl; +http://www.semrush.com/bot.html)"
185.191.171.2 - - [10/Jul/2022:15:38:26 +0200] "GET /decorative-wooden-plate-attention-chat-lunatique-white-p-47795.html HTTP/1.0" 200 74643 "-" "Mozilla/5.0 (compatible; SemrushBot/7~bl; +http://www.semrush.com/bot.html)"
207.46.13.169 - - [10/Jul/2022:15:38:39 +0200] "GET /-p-30841.html HTTP/1.0" 200 71489 "-" "Mozilla/5.0 (compatible; bingbot/2.0; +http://www.bing.com/bingbot.htm)"
144.76.68.76 - - [10/Jul/2022:15:39:15 +0200] "GET /graphique-cotton-adult-apron-p-45252.html HTTP/1.0" 200 74115 "-" "serpstatbot/2.1 (advanced backlink tracking bot; https://serpstatbot.com/; abuse@serpstatbot.com)"
114.119.137.31 - - [10/Jul/2022:15:39:17 +0200] "GET /dog-mug-by-cbkreation-p-26519.html HTTP/1.0" 301 74164 "http://www.wonder-geek.com/mugs-and-mazagrans-c-12_57.html?page=10" "Mozilla/5.0 (Linux; Android 7.0;) AppleWebKit/537.36 (KHTML, like Gecko) Mobile Safari/537.36 (compatible; PetalBot;+https://webmaster.petalsearch.com/site/petalbot)"
40.77.167.64 - - [10/Jul/2022:15:39:19 +0200] "GET /-p-26950.html HTTP/1.0" 200 71489 "-" "Mozilla/5.0 (compatible; bingbot/2.0; +http://www.bing.com/bingbot.htm)"
114.119.137.31 - - [10/Jul/2022:15:39:22 +0200] "GET /cbkreation-p-26519.html HTTP/1.0" 200 74087 "http://www.wonder-geek.com/mugs-and-mazagrans-c-12_57.html?page=10" "Mozilla/5.0 (Linux; Android 7.0;) AppleWebKit/537.36 (KHTML, like Gecko) Mobile Safari/537.36 (compatible; PetalBot;+https://webmaster.petalsearch.com/site/petalbot)"
157.55.39.92 - - [10/Jul/2022:15:39:42 +0200] "GET /-p-35063.html HTTP/1.0" 200 71489 "-" "Mozilla/5.0 (compatible; bingbot/2.0; +http://www.bing.com/bingbot.htm)"
207.46.13.23 - - [10/Jul/2022:15:39:48 +0200] "GET /kimmidoll-mihoko-set-of-magnets-p-31958.html HTTP/1.0" 301 71684 "-" "Mozilla/5.0 (compatible; bingbot/2.0; +http://www.bing.com/bingbot.htm)"
54.36.148.10 - - [10/Jul/2022:15:39:55 +0200] "GET /sprint-watch-p-22632.html HTTP/1.0" 200 74168 "-" "Mozilla/5.0 (compatible; AhrefsBot/7.0; +http://ahrefs.com/robot/)"
207.46.13.23 - - [10/Jul/2022:15:39:57 +0200] "GET /ethnic-style-burlap-table-p-48450.html HTTP/1.0" 200 71579 "-" "Mozilla/5.0 (compatible; bingbot/2.0; +http://www.bing.com/bingbot.htm)"
144.76.68.76 - - [10/Jul/2022:15:40:11 +0200] "GET /gray-lampshade-p-55534.html HTTP/1.0" 200 74082 "-" "serpstatbot/2.1 (advanced backlink tracking bot; https://serpstatbot.com/; abuse@serpstatbot.com)"
40.77.167.64 - - [10/Jul/2022:15:40:20 +0200] "GET /poe-dameron-miniature-character-p-32466.html HTTP/1.0" 301 74467 "-" "Mozilla/5.0 (compatible; bingbot/2.0; +http://www.bing.com/bingbot.htm)"
114.119.133.245 - - [10/Jul/2022:15:40:29 +0200] "GET /cigales-cast-iron-round-trivet-21-cm-p-48578.html HTTP/1.0" 301 74297 "http://www.wonder-geek.com/trivet-and-boards-cut-c-12_158.html?page=5" "Mozilla/5.0 (Linux; Android 7.0;) AppleWebKit/537.36 (KHTML, like Gecko) Mobile Safari/537.36 (compatible; PetalBot;+https://webmaster.petalsearch.com/site/petalbot)"
114.119.133.245 - - [10/Jul/2022:15:40:34 +0200] "GET /cigales-cast-iron-round-trivet-p-48578.html HTTP/1.0" 200 74200 "http://www.wonder-geek.com/trivet-and-boards-cut-c-12_158.html?page=5" "Mozilla/5.0 (Linux; Android 7.0;) AppleWebKit/537.36 (KHTML, like Gecko) Mobile Safari/537.36 (compatible; PetalBot;+https://webmaster.petalsearch.com/site/petalbot)"
144.76.68.76 - - [10/Jul/2022:15:41:04 +0200] "GET /gray-metal-chandelier-p-55143.html HTTP/1.0" 200 75310 "-" "serpstatbot/2.1 (advanced backlink tracking bot; https://serpstatbot.com/; abuse@serpstatbot.com)"
185.191.171.8 - - [10/Jul/2022:15:41:09 +0200] "GET /iron-man-large-sticker-p-28154.html HTTP/1.0" 301 74239 "-" "Mozilla/5.0 (compatible; SemrushBot/7~bl; +http://www.semrush.com/bot.html)"
185.191.171.19 - - [10/Jul/2022:15:41:11 +0200] "GET /iron-large-sticker-p-28154.html HTTP/1.0" 200 74154 "-" "Mozilla/5.0 (compatible; SemrushBot/7~bl; +http://www.semrush.com/bot.html)"
185.191.171.8 - - [10/Jul/2022:15:41:30 +0200] "GET /cats-lovers-autumn-tray-p-45563.html?action=add_product HTTP/1.0" 302 476 "-" "Mozilla/5.0 (compatible; SemrushBot/7~bl; +http://www.semrush.com/bot.html)"
114.119.137.45 - - [10/Jul/2022:15:41:41 +0200] "GET /images/big_prod_1/8424001543793N.jpg HTTP/1.0" 200 271 "http://www.wonder-geek.com/little-porcelain-unicorn-lamp-p-46140.html" "Mozilla/5.0 (Linux; Android 7.0;) AppleWebKit/537.36 (KHTML, like Gecko) Mobile Safari/537.36 (compatible; PetalBot;+https://webmaster.petalsearch.com/site/petalbot)"
207.46.13.23 - - [10/Jul/2022:15:41:48 +0200] "GET /-p-31213.html HTTP/1.0" 200 71489 "-" "Mozilla/5.0 (compatible; bingbot/2.0; +http://www.bing.com/bingbot.htm)"
144.76.68.76 - - [10/Jul/2022:15:41:56 +0200] "GET /gray-metal-zippo-cigarette-case-carabiner-clip-p-46843.html HTTP/1.0" 200 75600 "-" "serpstatbot/2.1 (advanced backlink tracking bot; https://serpstatbot.com/; abuse@serpstatbot.com)"
157.55.39.92 - - [10/Jul/2022:15:42:03 +0200] "GET /-p-28642.html HTTP/1.0" 200 71489 "-" "Mozilla/5.0 (compatible; bingbot/2.0; +http://www.bing.com/bingbot.htm)"
54.36.148.130 - - [10/Jul/2022:15:42:05 +0200] "GET /handy-manny-round-pencil-case-p-13347.html HTTP/1.0" 200 74455 "-" "Mozilla/5.0 (compatible; AhrefsBot/7.0; +http://ahrefs.com/robot/)"
