144.76.68.76 - - [10/Jul/2022:07:02:37 +0200] "GET /wolf-white-shirt-p-31157.html HTTP/1.0" 200 76065 "-" "serpstatbot/2.1 (advanced backlink tracking bot; https://serpstatbot.com/; abuse@serpstatbot.com)"
65.108.227.178 - - [10/Jul/2022:07:02:41 +0200] "GET /hello-kitty-tights-model-blue-size-years-p-23990.html HTTP/1.0" 301 71556 "-" "Mozilla/5.0 (compatible; MJ12bot/v1.4.8; http://mj12bot.com/)"
65.108.227.178 - - [10/Jul/2022:07:02:45 +0200] "GET /-p-23990.html HTTP/1.0" 200 71489 "-" "Mozilla/5.0 (compatible; MJ12bot/v1.4.8; http://mj12bot.com/)"
65.108.227.178 - - [10/Jul/2022:07:02:56 +0200] "GET /hello-kitty-tights-model-saumon-size-years-p-23991.html HTTP/1.0" 301 71556 "-" "Mozilla/5.0 (compatible; MJ12bot/v1.4.8; http://mj12bot.com/)"
40.77.167.64 - - [10/Jul/2022:07:02:57 +0200] "GET /images/big_prod_1/3665269069792a.jpg HTTP/1.0" 200 271 "-" "Mozilla/5.0 (compatible; bingbot/2.0; +http://www.bing.com/bingbot.htm)"
65.108.227.178 - - [10/Jul/2022:07:02:59 +0200] "GET /-p-23991.html HTTP/1.0" 200 71489 "-" "Mozilla/5.0 (compatible; MJ12bot/v1.4.8; http://mj12bot.com/)"
65.108.227.178 - - [10/Jul/2022:07:03:04 +0200] "GET /hello-kitty-tights-model-saumon-size-years-p-23992.html HTTP/1.0" 301 71556 "-" "Mozilla/5.0 (compatible; MJ12bot/v1.4.8; http://mj12bot.com/)"
65.108.227.178 - - [10/Jul/2022:07:03:09 +0200] "GET /-p-23992.html HTTP/1.0" 200 71489 "-" "Mozilla/5.0 (compatible; MJ12bot/v1.4.8; http://mj12bot.com/)"
65.108.227.178 - - [10/Jul/2022:07:03:13 +0200] "GET /hello-kitty-tights-p-34666.html HTTP/1.0" 301 71556 "-" "Mozilla/5.0 (compatible; MJ12bot/v1.4.8; http://mj12bot.com/)"
185.191.171.35 - - [10/Jul/2022:07:03:14 +0200] "GET /gorjuss-sugar-and-spice-fontain-pen-p-48094.html HTTP/1.0" 301 71697 "-" "Mozilla/5.0 (compatible; SemrushBot/7~bl; +http://www.semrush.com/bot.html)"
65.108.227.178 - - [10/Jul/2022:07:03:16 +0200] "GET /-p-34666.html HTTP/1.0" 200 71489 "-" "Mozilla/5.0 (compatible; MJ12bot/v1.4.8; http://mj12bot.com/)"
185.191.171.21 - - [10/Jul/2022:07:03:17 +0200] "GET /gorjuss-sugar-spice-fontain-p-48094.html HTTP/1.0" 200 71603 "-" "Mozilla/5.0 (compatible; SemrushBot/7~bl; +http://www.semrush.com/bot.html)"
65.108.227.178 - - [10/Jul/2022:07:03:20 +0200] "GET /hello-kitty-tweed-black-bag-by-camomilla-p-16280.html HTTP/1.0" 301 71556 "-" "Mozilla/5.0 (compatible; MJ12bot/v1.4.8; http://mj12bot.com/)"
65.108.227.178 - - [10/Jul/2022:07:03:23 +0200] "GET /-p-16280.html HTTP/1.0" 200 71489 "-" "Mozilla/5.0 (compatible; MJ12bot/v1.4.8; http://mj12bot.com/)"
144.76.68.76 - - [10/Jul/2022:07:03:24 +0200] "GET /wooden-aluminum-effigy-buddha-p-46009.html HTTP/1.0" 301 71556 "-" "serpstatbot/2.1 (advanced backlink tracking bot; https://serpstatbot.com/; abuse@serpstatbot.com)"
65.108.227.178 - - [10/Jul/2022:07:03:28 +0200] "GET /hello-kitty-tweed-brown-shoulder-bag-by-camomilla-p-16282.html HTTP/1.0" 301 71556 "-" "Mozilla/5.0 (compatible; MJ12bot/v1.4.8; http://mj12bot.com/)"
65.108.227.178 - - [10/Jul/2022:07:03:33 +0200] "GET /-p-16282.html HTTP/1.0" 200 71489 "-" "Mozilla/5.0 (compatible; MJ12bot/v1.4.8; http://mj12bot.com/)"
65.108.227.178 - - [10/Jul/2022:07:03:38 +0200] "GET /hello-kitty-umbrella-p-20486.html HTTP/1.0" 301 71556 "-" "Mozilla/5.0 (compatible; MJ12bot/v1.4.8; http://mj12bot.com/)"
65.108.227.178 - - [10/Jul/2022:07:03:43 +0200] "GET /-p-20486.html HTTP/1.0" 200 71489 "-" "Mozilla/5.0 (compatible; MJ12bot/v1.4.8; http://mj12bot.com/)"
54.36.148.14 - - [10/Jul/2022:07:03:45 +0200] "GET /bathroom-accessories-c-13_172.html HTTP/1.0" 200 91755 "-" "Mozilla/5.0 (compatible; AhrefsBot/7.0; +http://ahrefs.com/robot/)"
65.108.227.178 - - [10/Jul/2022:07:03:46 +0200] "GET /hello-kitty-victoria-couture-long-necklace-tour-eiffel-p-12282.html HTTP/1.0" 301 71556 "-" "Mozilla/5.0 (compatible; MJ12bot/v1.4.8; http://mj12bot.com/)"
65.108.227.178 - - [10/Jul/2022:07:03:53 +0200] "GET /-p-12282.html HTTP/1.0" 200 71489 "-" "Mozilla/5.0 (compatible; MJ12bot/v1.4.8; http://mj12bot.com/)"
65.108.227.178 - - [10/Jul/2022:07:03:57 +0200] "GET /hello-kitty-white-vertical-bag-p-11013.html HTTP/1.0" 301 71556 "-" "Mozilla/5.0 (compatible; MJ12bot/v1.4.8; http://mj12bot.com/)"
65.108.227.178 - - [10/Jul/2022:07:04:02 +0200] "GET /-p-11013.html HTTP/1.0" 200 71489 "-" "Mozilla/5.0 (compatible; MJ12bot/v1.4.8; http://mj12bot.com/)"
65.108.227.178 - - [10/Jul/2022:07:04:05 +0200] "GET /hello-trapeze-bag-chocolate-houndstooth-by-camomilla-p-16295.html HTTP/1.0" 301 71556 "-" "Mozilla/5.0 (compatible; MJ12bot/v1.4.8; http://mj12bot.com/)"
65.108.227.178 - - [10/Jul/2022:07:04:10 +0200] "GET /-p-16295.html HTTP/1.0" 200 71489 "-" "Mozilla/5.0 (compatible; MJ12bot/v1.4.8; http://mj12bot.com/)"
144.76.68.76 - - [10/Jul/2022:07:04:10 +0200] "GET /wooden-bedhead-wall-sticker-p-38331.html HTTP/1.0" 200 75116 "-" "serpstatbot/2.1 (advanced backlink tracking bot; https://serpstatbot.com/; abuse@serpstatbot.com)"
65.108.227.178 - - [10/Jul/2022:07:04:13 +0200] "GET /hens-saltshaker-and-pepper-pot-p-37863.html HTTP/1.0" 301 74274 "-" "Mozilla/5.0 (compatible; MJ12bot/v1.4.8; http://mj12bot.com/)"
88.198.90.9 - - [10/Jul/2022:07:04:17 +0200] "GET /kimmi-junior-zoe-wooden-pen-p-15840.html HTTP/1.0" 301 74223 "-" "Mozilla/5.0 (Windows NT 10.0; Win64; x64) AppleWebKit/537.36 (KHTML, like Gecko) Chrome/86.0.4240.111 Safari/537.36"
65.108.227.178 - - [10/Jul/2022:07:04:18 +0200] "GET /hens-saltshaker-pepper-p-37863.html HTTP/1.0" 200 74185 "-" "Mozilla/5.0 (compatible; MJ12bot/v1.4.8; http://mj12bot.com/)"
88.198.90.9 - - [10/Jul/2022:07:04:19 +0200] "GET /kimmi-junior-wooden-p-15840.html HTTP/1.0" 200 74137 "-" "Mozilla/5.0 (Windows NT 10.0; Win64; x64) AppleWebKit/537.36 (KHTML, like Gecko) Chrome/86.0.4240.111 Safari/537.36"
66.249.68.1 - - [10/Jul/2022:07:04:23 +0200] "GET /pucca-towel-p-2356.html HTTP/1.0" 200 74188 "-" "Mozilla/5.0 (Linux; Android 6.0.1; Nexus 5X Build/MMB29P) AppleWebKit/537.36 (KHTML, like Gecko) Chrome/103.0.5060.114 Mobile Safari/537.36 (compatible; Googlebot/2.1; +http://www.google.com/bot.html)"
65.108.227.178 - - [10/Jul/2022:07:04:23 +0200] "GET /heron-statue-54-cm-p-41847.html HTTP/1.0" 301 71618 "-" "Mozilla/5.0 (compatible; MJ12bot/v1.4.8; http://mj12bot.com/)"
185.191.171.10 - - [10/Jul/2022:07:04:28 +0200] "GET /blue-paris-germain-soccer-jersey-keyring-p-52037.html?action=add_product HTTP/1.0" 302 476 "-" "Mozilla/5.0 (compatible; SemrushBot/7~bl; +http://www.semrush.com/bot.html)"
144.76.102.243 - - [10/Jul/2022:07:04:29 +0200] "GET /kimmi-junior-zoe-wooden-pen-p-15840.html HTTP/1.0" 301 74223 "-" "Mozilla/5.0 (X11; Linux x86_64) AppleWebKit/537.36 (KHTML, like Gecko) Chrome/86.0.4240.111 Safari/537.36"
65.108.227.178 - - [10/Jul/2022:07:04:30 +0200] "GET /heron-statue-p-41847.html HTTP/1.0" 200 71539 "-" "Mozilla/5.0 (compatible; MJ12bot/v1.4.8; http://mj12bot.com/)"
144.76.102.243 - - [10/Jul/2022:07:04:30 +0200] "GET /kimmi-junior-wooden-p-15840.html HTTP/1.0" 200 66531 "-" "Mozilla/5.0 (X11; Linux x86_64) AppleWebKit/537.36 (KHTML, like Gecko) Chrome/86.0.4240.111 Safari/537.36"
65.108.227.178 - - [10/Jul/2022:07:04:34 +0200] "GET /home-and-decoration/clocks/horse-glass-clock-p-28109.html HTTP/1.0" 301 71556 "-" "Mozilla/5.0 (compatible; MJ12bot/v1.4.8; http://mj12bot.com/)"
65.108.227.178 - - [10/Jul/2022:07:04:38 +0200] "GET /-p-28109.html HTTP/1.0" 200 71489 "-" "Mozilla/5.0 (compatible; MJ12bot/v1.4.8; http://mj12bot.com/)"
65.108.227.178 - - [10/Jul/2022:07:04:44 +0200] "GET /home-and-decoration/clocks/zodiacal-clock-cbk-p-28581.html HTTP/1.0" 301 74217 "-" "Mozilla/5.0 (compatible; MJ12bot/v1.4.8; http://mj12bot.com/)"
144.76.102.243 - - [10/Jul/2022:07:04:44 +0200] "GET /kimmi-junior-zoe-wooden-pen-p-15840.html HTTP/1.0" 301 74223 "-" "Mozilla/5.0 (Macintosh; Intel Mac OS X 10.14; rv:82.0) Gecko/20100101 Firefox/82.0"
144.76.102.243 - - [10/Jul/2022:07:04:46 +0200] "GET /kimmi-junior-wooden-p-15840.html HTTP/1.0" 200 74137 "-" "Mozilla/5.0 (Macintosh; Intel Mac OS X 10.14; rv:82.0) Gecko/20100101 Firefox/82.0"
65.108.227.178 - - [10/Jul/2022:07:04:47 +0200] "GET /zodiacal-clock-cbkreation-p-28581.html HTTP/1.0" 200 74125 "-" "Mozilla/5.0 (compatible; MJ12bot/v1.4.8; http://mj12bot.com/)"
65.108.227.178 - - [10/Jul/2022:07:04:51 +0200] "GET /home-and-decoration/collectible-figurines-and-decorative/kimmidoll-tatsuyo-figurine-p-25973.html HTTP/1.0" 301 71556 "-" "Mozilla/5.0 (compatible; MJ12bot/v1.4.8; http://mj12bot.com/)"
65.108.227.178 - - [10/Jul/2022:07:04:54 +0200] "GET /-p-25973.html HTTP/1.0" 200 71489 "-" "Mozilla/5.0 (compatible; MJ12bot/v1.4.8; http://mj12bot.com/)"
144.76.68.76 - - [10/Jul/2022:07:04:56 +0200] "GET /wooden-boxes-storage-c-13_150_220.html HTTP/1.0" 200 91622 "-" "serpstatbot/2.1 (advanced backlink tracking bot; https://serpstatbot.com/; abuse@serpstatbot.com)"
65.108.227.178 - - [10/Jul/2022:07:05:03 +0200] "GET /home-and-decoration/decorations/italia-small-oddments-p-25933.html HTTP/1.0" 301 74264 "-" "Mozilla/5.0 (compatible; MJ12bot/v1.4.8; http://mj12bot.com/)"
65.108.227.178 - - [10/Jul/2022:07:05:07 +0200] "GET /italia-small-oddments-p-25933.html HTTP/1.0" 200 74176 "-" "Mozilla/5.0 (compatible; MJ12bot/v1.4.8; http://mj12bot.com/)"
65.108.227.178 - - [10/Jul/2022:07:05:12 +0200] "GET /home/stationers-school-items/pot-crayon-bob-marley-model-n%C3%82%C2%B02-p-5063.html HTTP/1.0" 301 74143 "-" "Mozilla/5.0 (compatible; MJ12bot/v1.4.8; http://mj12bot.com/)"
65.108.227.178 - - [10/Jul/2022:07:05:18 +0200] "GET /marley-pencil-p-5063.html HTTP/1.0" 200 74064 "-" "Mozilla/5.0 (compatible; MJ12bot/v1.4.8; http://mj12bot.com/)"
65.108.227.178 - - [10/Jul/2022:07:05:23 +0200] "GET /horse-bedside-lamp-p-23210.html HTTP/1.0" 301 71556 "-" "Mozilla/5.0 (compatible; MJ12bot/v1.4.8; http://mj12bot.com/)"
65.108.227.178 - - [10/Jul/2022:07:05:28 +0200] "GET /-p-23210.html HTTP/1.0" 200 71489 "-" "Mozilla/5.0 (compatible; MJ12bot/v1.4.8; http://mj12bot.com/)"
65.108.227.178 - - [10/Jul/2022:07:05:34 +0200] "GET /horse-canvas-frame-p-31835.html HTTP/1.0" 301 71556 "-" "Mozilla/5.0 (compatible; MJ12bot/v1.4.8; http://mj12bot.com/)"
65.108.227.178 - - [10/Jul/2022:07:05:41 +0200] "GET /-p-31835.html HTTP/1.0" 200 71489 "-" "Mozilla/5.0 (compatible; MJ12bot/v1.4.8; http://mj12bot.com/)"
144.76.68.76 - - [10/Jul/2022:07:05:43 +0200] "GET /wooden-boxes-storage-c-13_150_220.html?page=2 HTTP/1.0" 200 92364 "-" "serpstatbot/2.1 (advanced backlink tracking bot; https://serpstatbot.com/; abuse@serpstatbot.com)"
65.108.227.178 - - [10/Jul/2022:07:05:45 +0200] "GET /horse-dream-ballpoint-pen-p-19481.html HTTP/1.0" 301 71556 "-" "Mozilla/5.0 (compatible; MJ12bot/v1.4.8; http://mj12bot.com/)"
54.36.148.98 - - [10/Jul/2022:07:05:48 +0200] "GET /cushions-c-11_71.html HTTP/1.0" 200 91169 "-" "Mozilla/5.0 (compatible; AhrefsBot/7.0; +http://ahrefs.com/robot/)"
65.108.227.178 - - [10/Jul/2022:07:05:51 +0200] "GET /-p-19481.html HTTP/1.0" 200 71489 "-" "Mozilla/5.0 (compatible; MJ12bot/v1.4.8; http://mj12bot.com/)"
185.191.171.18 - - [10/Jul/2022:07:05:55 +0200] "GET /ceramic-vase-silver-tree-p-53020.html?action=add_product HTTP/1.0" 302 476 "-" "Mozilla/5.0 (compatible; SemrushBot/7~bl; +http://www.semrush.com/bot.html)"
65.108.227.178 - - [10/Jul/2022:07:05:59 +0200] "GET /horse-glass-clock-p-28109.html HTTP/1.0" 301 71556 "-" "Mozilla/5.0 (compatible; MJ12bot/v1.4.8; http://mj12bot.com/)"
65.108.227.178 - - [10/Jul/2022:07:06:05 +0200] "GET /-p-28109.html HTTP/1.0" 200 71489 "-" "Mozilla/5.0 (compatible; MJ12bot/v1.4.8; http://mj12bot.com/)"
185.191.171.13 - - [10/Jul/2022:07:06:09 +0200] "GET /decorations-and-furnishings/lighting/hello-kitty-gothic-lava-lamp-p-4176.html HTTP/1.0" 301 71553 "-" "Mozilla/5.0 (compatible; SemrushBot/7~bl; +http://www.semrush.com/bot.html)"
65.108.227.178 - - [10/Jul/2022:07:06:11 +0200] "GET /horse-photo-frame-p-26648.html HTTP/1.0" 301 71556 "-" "Mozilla/5.0 (compatible; MJ12bot/v1.4.8; http://mj12bot.com/)"
185.191.171.24 - - [10/Jul/2022:07:06:12 +0200] "GET /-p-4176.html HTTP/1.0" 200 71487 "-" "Mozilla/5.0 (compatible; SemrushBot/7~bl; +http://www.semrush.com/bot.html)"
65.108.227.178 - - [10/Jul/2022:07:06:16 +0200] "GET /-p-26648.html HTTP/1.0" 200 71489 "-" "Mozilla/5.0 (compatible; MJ12bot/v1.4.8; http://mj12bot.com/)"
66.249.68.1 - - [10/Jul/2022:07:06:21 +0200] "GET /images/big_prod/3281640416100.jpg HTTP/1.0" 200 268 "-" "Googlebot-Image/1.0"
65.108.227.178 - - [10/Jul/2022:07:06:20 +0200] "GET /hourglass-toothbrush-holder-p-28327.html HTTP/1.0" 301 71556 "-" "Mozilla/5.0 (compatible; MJ12bot/v1.4.8; http://mj12bot.com/)"
65.108.227.178 - - [10/Jul/2022:07:06:25 +0200] "GET /-p-28327.html HTTP/1.0" 200 71489 "-" "Mozilla/5.0 (compatible; MJ12bot/v1.4.8; http://mj12bot.com/)"
216.244.66.242 - - [10/Jul/2022:07:06:28 +0200] "GET /robots.txt HTTP/1.0" 301 531 "-" "Mozilla/5.0 (compatible; DotBot/1.2; +https://opensiteexplorer.org/dotbot; help@moz.com)"
216.244.66.242 - - [10/Jul/2022:07:06:28 +0200] "GET /robots.txt HTTP/1.0" 200 245 "-" "Mozilla/5.0 (compatible; DotBot/1.2; +https://opensiteexplorer.org/dotbot; help@moz.com)"
216.244.66.242 - - [10/Jul/2022:07:06:29 +0200] "GET /robots.txt HTTP/1.0" 200 245 "-" "Mozilla/5.0 (compatible; DotBot/1.2; +https://opensiteexplorer.org/dotbot; help@moz.com)"
144.76.68.76 - - [10/Jul/2022:07:06:29 +0200] "GET /wooden-boxes-storage-c-13_150_220.html?page=3 HTTP/1.0" 200 92235 "-" "serpstatbot/2.1 (advanced backlink tracking bot; https://serpstatbot.com/; abuse@serpstatbot.com)"
65.108.227.178 - - [10/Jul/2022:07:06:30 +0200] "GET /household-linen/cushions/paris-cushion-p-24497.html HTTP/1.0" 301 71556 "-" "Mozilla/5.0 (compatible; MJ12bot/v1.4.8; http://mj12bot.com/)"
66.249.68.30 - - [10/Jul/2022:07:06:31 +0200] "GET /figurines-statuettes-statues-decoration-collection-c-292.html?page=14 HTTP/1.0" 200 95973 "-" "Mozilla/5.0 (Linux; Android 6.0.1; Nexus 5X Build/MMB29P) AppleWebKit/537.36 (KHTML, like Gecko) Chrome/103.0.5060.114 Mobile Safari/537.36 (compatible; Googlebot/2.1; +http://www.google.com/bot.html)"
65.108.227.178 - - [10/Jul/2022:07:06:35 +0200] "GET /-p-24497.html HTTP/1.0" 200 71489 "-" "Mozilla/5.0 (compatible; MJ12bot/v1.4.8; http://mj12bot.com/)"
65.108.227.178 - - [10/Jul/2022:07:06:41 +0200] "GET /household-linen/linen-bed/greedy-rabbit-bedclothes-140-200-p-27061.html HTTP/1.0" 301 71556 "-" "Mozilla/5.0 (compatible; MJ12bot/v1.4.8; http://mj12bot.com/)"
65.108.227.178 - - [10/Jul/2022:07:06:48 +0200] "GET /-p-27061.html HTTP/1.0" 200 71489 "-" "Mozilla/5.0 (compatible; MJ12bot/v1.4.8; http://mj12bot.com/)"
65.108.227.178 - - [10/Jul/2022:07:06:56 +0200] "GET /household-linen/linen-bed/paul-frank-bedclothes-240x220-p-11619.html HTTP/1.0" 301 71556 "-" "Mozilla/5.0 (compatible; MJ12bot/v1.4.8; http://mj12bot.com/)"
185.191.171.8 - - [10/Jul/2022:07:06:57 +0200] "GET /dangerous-small-mug-by-cbkreation-p-17546.html HTTP/1.0" 301 74357 "-" "Mozilla/5.0 (compatible; SemrushBot/7~bl; +http://www.semrush.com/bot.html)"
65.108.227.178 - - [10/Jul/2022:07:07:00 +0200] "GET /-p-11619.html HTTP/1.0" 200 71489 "-" "Mozilla/5.0 (compatible; MJ12bot/v1.4.8; http://mj12bot.com/)"
185.191.171.25 - - [10/Jul/2022:07:07:00 +0200] "GET /dangerous-small-cbkreation-p-17546.html HTTP/1.0" 200 74264 "-" "Mozilla/5.0 (compatible; SemrushBot/7~bl; +http://www.semrush.com/bot.html)"
185.191.171.25 - - [10/Jul/2022:07:07:11 +0200] "GET /pencil-cbkreation-p-43447.html HTTP/1.0" 200 71533 "-" "Mozilla/5.0 (compatible; SemrushBot/7~bl; +http://www.semrush.com/bot.html)"
65.108.227.178 - - [10/Jul/2022:07:07:12 +0200] "GET /household-linen/towel-bath-towels/playboy-towel-p-9424.html HTTP/1.0" 301 71553 "-" "Mozilla/5.0 (compatible; MJ12bot/v1.4.8; http://mj12bot.com/)"
144.76.68.76 - - [10/Jul/2022:07:07:16 +0200] "GET /wooden-boxes-storage-c-13_150_220.html?page=4 HTTP/1.0" 200 92866 "-" "serpstatbot/2.1 (advanced backlink tracking bot; https://serpstatbot.com/; abuse@serpstatbot.com)"
40.77.167.74 - - [10/Jul/2022:07:07:19 +0200] "GET /images/med_prod/8435306281419.jpg HTTP/1.0" 200 268 "-" "Mozilla/5.0 (compatible; bingbot/2.0; +http://www.bing.com/bingbot.htm)"
65.108.227.178 - - [10/Jul/2022:07:07:19 +0200] "GET /-p-9424.html HTTP/1.0" 200 71487 "-" "Mozilla/5.0 (compatible; MJ12bot/v1.4.8; http://mj12bot.com/)"
65.108.227.178 - - [10/Jul/2022:07:07:27 +0200] "GET /hover-ground-radio-control-helicopter-p-28017.html HTTP/1.0" 301 71556 "-" "Mozilla/5.0 (compatible; MJ12bot/v1.4.8; http://mj12bot.com/)"
65.108.227.178 - - [10/Jul/2022:07:07:33 +0200] "GET /-p-28017.html HTTP/1.0" 200 71489 "-" "Mozilla/5.0 (compatible; MJ12bot/v1.4.8; http://mj12bot.com/)"
54.36.149.47 - - [10/Jul/2022:07:07:34 +0200] "GET /wall-sticker-c-13_187.html HTTP/1.0" 200 95071 "-" "Mozilla/5.0 (compatible; AhrefsBot/7.0; +http://ahrefs.com/robot/)"
40.77.167.64 - - [10/Jul/2022:07:07:38 +0200] "GET /images/big_prod/3609810090132.jpg HTTP/1.0" 200 268 "-" "Mozilla/5.0 (compatible; bingbot/2.0; +http://www.bing.com/bingbot.htm)"
65.108.227.178 - - [10/Jul/2022:07:07:42 +0200] "GET /hush-little-bunny-drinks-aluminium-bottle-gorjuss-p-35812.html HTTP/1.0" 301 71556 "-" "Mozilla/5.0 (compatible; MJ12bot/v1.4.8; http://mj12bot.com/)"
65.108.227.178 - - [10/Jul/2022:07:07:46 +0200] "GET /-p-35812.html HTTP/1.0" 200 71489 "-" "Mozilla/5.0 (compatible; MJ12bot/v1.4.8; http://mj12bot.com/)"
65.108.227.178 - - [10/Jul/2022:07:07:56 +0200] "GET /husky-keychains-p-26295.html HTTP/1.0" 301 71556 "-" "Mozilla/5.0 (compatible; MJ12bot/v1.4.8; http://mj12bot.com/)"
65.108.227.178 - - [10/Jul/2022:07:07:59 +0200] "GET /-p-26295.html HTTP/1.0" 200 71489 "-" "Mozilla/5.0 (compatible; MJ12bot/v1.4.8; http://mj12bot.com/)"
144.76.68.76 - - [10/Jul/2022:07:08:01 +0200] "GET /wooden-butterflies-ribbon-p-37614.html HTTP/1.0" 301 71556 "-" "serpstatbot/2.1 (advanced backlink tracking bot; https://serpstatbot.com/; abuse@serpstatbot.com)"
65.108.227.178 - - [10/Jul/2022:07:08:11 +0200] "GET /ikks-black-kids-school-bag-p-36179.html HTTP/1.0" 301 71556 "-" "Mozilla/5.0 (compatible; MJ12bot/v1.4.8; http://mj12bot.com/)"
65.108.227.178 - - [10/Jul/2022:07:08:19 +0200] "GET /-p-36179.html HTTP/1.0" 200 71489 "-" "Mozilla/5.0 (compatible; MJ12bot/v1.4.8; http://mj12bot.com/)"
65.108.227.178 - - [10/Jul/2022:07:08:24 +0200] "GET /ikks-black-pencil-case-p-36181.html HTTP/1.0" 301 71556 "-" "Mozilla/5.0 (compatible; MJ12bot/v1.4.8; http://mj12bot.com/)"
65.108.227.178 - - [10/Jul/2022:07:08:29 +0200] "GET /-p-36181.html HTTP/1.0" 200 71489 "-" "Mozilla/5.0 (compatible; MJ12bot/v1.4.8; http://mj12bot.com/)"
65.108.227.178 - - [10/Jul/2022:07:08:38 +0200] "GET /ikks-grey-kids-school-bag-p-36180.html HTTP/1.0" 301 71556 "-" "Mozilla/5.0 (compatible; MJ12bot/v1.4.8; http://mj12bot.com/)"
65.108.227.178 - - [10/Jul/2022:07:08:47 +0200] "GET /-p-36180.html HTTP/1.0" 200 71489 "-" "Mozilla/5.0 (compatible; MJ12bot/v1.4.8; http://mj12bot.com/)"
144.76.68.76 - - [10/Jul/2022:07:08:48 +0200] "GET /wooden-butterflies-ribbon-p-37615.html HTTP/1.0" 301 71556 "-" "serpstatbot/2.1 (advanced backlink tracking bot; https://serpstatbot.com/; abuse@serpstatbot.com)"
65.108.227.178 - - [10/Jul/2022:07:08:54 +0200] "GET /indian-box-decorated-wood-green-175-cm-p-37715.html HTTP/1.0" 301 71556 "-" "Mozilla/5.0 (compatible; MJ12bot/v1.4.8; http://mj12bot.com/)"
65.108.227.178 - - [10/Jul/2022:07:09:00 +0200] "GET /-p-37715.html HTTP/1.0" 200 71489 "-" "Mozilla/5.0 (compatible; MJ12bot/v1.4.8; http://mj12bot.com/)"
65.108.227.178 - - [10/Jul/2022:07:09:06 +0200] "GET /indian-box-decorated-wood-multicolour-175-cm-p-37714.html HTTP/1.0" 301 71556 "-" "Mozilla/5.0 (compatible; MJ12bot/v1.4.8; http://mj12bot.com/)"
185.191.171.15 - - [10/Jul/2022:07:09:13 +0200] "GET /olympique-de-marseille-beer-glasses-p-38412.html HTTP/1.0" 301 71748 "-" "Mozilla/5.0 (compatible; SemrushBot/7~bl; +http://www.semrush.com/bot.html)"
65.108.227.178 - - [10/Jul/2022:07:09:15 +0200] "GET /-p-37714.html HTTP/1.0" 200 71489 "-" "Mozilla/5.0 (compatible; MJ12bot/v1.4.8; http://mj12bot.com/)"
185.191.171.41 - - [10/Jul/2022:07:09:17 +0200] "GET /olympique-marseille-beer-glasses-p-38412.html HTTP/1.0" 200 71649 "-" "Mozilla/5.0 (compatible; SemrushBot/7~bl; +http://www.semrush.com/bot.html)"
65.108.227.178 - - [10/Jul/2022:07:09:21 +0200] "GET /indian-box-decorated-wood-red-175-cm-p-37713.html HTTP/1.0" 301 71556 "-" "Mozilla/5.0 (compatible; MJ12bot/v1.4.8; http://mj12bot.com/)"
54.36.148.64 - - [10/Jul/2022:07:09:21 +0200] "GET /real-sweetheart-mickey-minnie-mouse-figurine-p-58350.html HTTP/1.0" 200 75668 "-" "Mozilla/5.0 (compatible; AhrefsBot/7.0; +http://ahrefs.com/robot/)"
65.108.227.178 - - [10/Jul/2022:07:09:26 +0200] "GET /-p-37713.html HTTP/1.0" 200 71489 "-" "Mozilla/5.0 (compatible; MJ12bot/v1.4.8; http://mj12bot.com/)"
65.108.227.178 - - [10/Jul/2022:07:09:29 +0200] "GET /isis-statue-in-resin-19-cm-p-48742.html HTTP/1.0" 301 71649 "-" "Mozilla/5.0 (compatible; MJ12bot/v1.4.8; http://mj12bot.com/)"
185.191.171.7 - - [10/Jul/2022:07:09:30 +0200] "GET /animals-alarm-clock-cbkreation-p-43810.html?action=add_product HTTP/1.0" 302 476 "-" "Mozilla/5.0 (compatible; SemrushBot/7~bl; +http://www.semrush.com/bot.html)"
144.76.68.76 - - [10/Jul/2022:07:09:34 +0200] "GET /wooden-cabinet-hand-fatma-p-50142.html HTTP/1.0" 200 75272 "-" "serpstatbot/2.1 (advanced backlink tracking bot; https://serpstatbot.com/; abuse@serpstatbot.com)"
65.108.227.178 - - [10/Jul/2022:07:09:35 +0200] "GET /isis-statue-resin-p-48742.html HTTP/1.0" 200 71565 "-" "Mozilla/5.0 (compatible; MJ12bot/v1.4.8; http://mj12bot.com/)"
185.191.171.4 - - [10/Jul/2022:07:09:36 +0200] "GET /laissez-lucie-faire-lauren-glasses-box-p-42665.html HTTP/1.0" 301 74423 "-" "Mozilla/5.0 (compatible; SemrushBot/7~bl; +http://www.semrush.com/bot.html)"
185.191.171.14 - - [10/Jul/2022:07:09:39 +0200] "GET /laissez-lucie-faire-lauren-glasses-p-42665.html HTTP/1.0" 200 74322 "-" "Mozilla/5.0 (compatible; SemrushBot/7~bl; +http://www.semrush.com/bot.html)"
65.108.227.178 - - [10/Jul/2022:07:09:43 +0200] "GET /itty-bitty-boo-ornament-santa-hat-p-41956.html HTTP/1.0" 301 71556 "-" "Mozilla/5.0 (compatible; MJ12bot/v1.4.8; http://mj12bot.com/)"
65.108.227.178 - - [10/Jul/2022:07:09:51 +0200] "GET /-p-41956.html HTTP/1.0" 200 71489 "-" "Mozilla/5.0 (compatible; MJ12bot/v1.4.8; http://mj12bot.com/)"
65.108.227.178 - - [10/Jul/2022:07:09:57 +0200] "GET /jack-russel-keychains-p-26285.html HTTP/1.0" 301 71556 "-" "Mozilla/5.0 (compatible; MJ12bot/v1.4.8; http://mj12bot.com/)"
65.108.227.178 - - [10/Jul/2022:07:10:02 +0200] "GET /-p-26285.html HTTP/1.0" 200 71489 "-" "Mozilla/5.0 (compatible; MJ12bot/v1.4.8; http://mj12bot.com/)"
65.108.227.178 - - [10/Jul/2022:07:10:10 +0200] "GET /jacquard-anti-stain-tablecloth-red-140-140-cm-p-34055.html HTTP/1.0" 301 71556 "-" "Mozilla/5.0 (compatible; MJ12bot/v1.4.8; http://mj12bot.com/)"
65.108.227.178 - - [10/Jul/2022:07:10:17 +0200] "GET /-p-34055.html HTTP/1.0" 200 71489 "-" "Mozilla/5.0 (compatible; MJ12bot/v1.4.8; http://mj12bot.com/)"
144.76.68.76 - - [10/Jul/2022:07:10:21 +0200] "GET /wooden-calavera-blue-p-19079.html HTTP/1.0" 200 75036 "-" "serpstatbot/2.1 (advanced backlink tracking bot; https://serpstatbot.com/; abuse@serpstatbot.com)"
65.108.227.178 - - [10/Jul/2022:07:10:26 +0200] "GET /jacquard-cozy-curtain-135-260-cm-p-50738.html HTTP/1.0" 301 71681 "-" "Mozilla/5.0 (compatible; MJ12bot/v1.4.8; http://mj12bot.com/)"
185.191.171.36 - - [10/Jul/2022:07:10:27 +0200] "GET /bronze-countertop-bell-p-53023.html?action=add_product HTTP/1.0" 302 476 "-" "Mozilla/5.0 (compatible; SemrushBot/7~bl; +http://www.semrush.com/bot.html)"
65.108.227.178 - - [10/Jul/2022:07:10:31 +0200] "GET /jacquard-cozy-curtain-p-50738.html HTTP/1.0" 200 71593 "-" "Mozilla/5.0 (compatible; MJ12bot/v1.4.8; http://mj12bot.com/)"
65.108.227.178 - - [10/Jul/2022:07:10:39 +0200] "GET /jamaca-canvas-frame-40-40-cm-p-15154.html HTTP/1.0" 301 71556 "-" "Mozilla/5.0 (compatible; MJ12bot/v1.4.8; http://mj12bot.com/)"
185.191.171.1 - - [10/Jul/2022:07:10:43 +0200] "GET /fairies-fairy-lights-p-24738.html HTTP/1.0" 200 74321 "-" "Mozilla/5.0 (compatible; SemrushBot/7~bl; +http://www.semrush.com/bot.html)"
65.108.227.178 - - [10/Jul/2022:07:10:46 +0200] "GET /-p-15154.html HTTP/1.0" 200 71489 "-" "Mozilla/5.0 (compatible; MJ12bot/v1.4.8; http://mj12bot.com/)"
65.108.227.178 - - [10/Jul/2022:07:10:52 +0200] "GET /jamaca-lion-canvas-frame-40-40-cm-p-15157.html HTTP/1.0" 301 71556 "-" "Mozilla/5.0 (compatible; MJ12bot/v1.4.8; http://mj12bot.com/)"
65.108.227.178 - - [10/Jul/2022:07:10:55 +0200] "GET /-p-15157.html HTTP/1.0" 200 71489 "-" "Mozilla/5.0 (compatible; MJ12bot/v1.4.8; http://mj12bot.com/)"
185.191.171.7 - - [10/Jul/2022:07:10:56 +0200] "GET /little-prince-saint-exupery-wall-decoration-p-45840.html?action=add_product HTTP/1.0" 302 476 "-" "Mozilla/5.0 (compatible; SemrushBot/7~bl; +http://www.semrush.com/bot.html)"
185.191.171.7 - - [10/Jul/2022:07:10:58 +0200] "GET /robots.txt HTTP/1.0" 200 245 "-" "Mozilla/5.0 (compatible; SemrushBot/7~bl; +http://www.semrush.com/bot.html)"
65.108.227.178 - - [10/Jul/2022:07:11:05 +0200] "GET /japanese-blue-dream-mug-cbk-p-24358.html HTTP/1.0" 301 74954 "-" "Mozilla/5.0 (compatible; MJ12bot/v1.4.8; http://mj12bot.com/)"
144.76.68.76 - - [10/Jul/2022:07:11:07 +0200] "GET /wooden-range-bottle-with-bottle-opener-style-p-40214.html HTTP/1.0" 200 74390 "-" "serpstatbot/2.1 (advanced backlink tracking bot; https://serpstatbot.com/; abuse@serpstatbot.com)"
65.108.227.178 - - [10/Jul/2022:07:11:13 +0200] "GET /japanese-blue-dream-cbkreation-p-24358.html HTTP/1.0" 200 74857 "-" "Mozilla/5.0 (compatible; MJ12bot/v1.4.8; http://mj12bot.com/)"
65.108.227.178 - - [10/Jul/2022:07:11:17 +0200] "GET /jewelry-boxes-and-holders-c-13_131.html HTTP/1.0" 301 92104 "-" "Mozilla/5.0 (compatible; MJ12bot/v1.4.8; http://mj12bot.com/)"
157.55.39.92 - - [10/Jul/2022:07:11:21 +0200] "GET /images/med_prod/8435107811938.jpg HTTP/1.0" 200 268 "-" "Mozilla/5.0 (compatible; bingbot/2.0; +http://www.bing.com/bingbot.htm)"
216.244.66.242 - - [10/Jul/2022:07:11:19 +0200] "GET /rings-c-3_257.html HTTP/1.0" 200 87258 "-" "Mozilla/5.0 (compatible; DotBot/1.2; +https://opensiteexplorer.org/dotbot; help@moz.com)"
65.108.227.178 - - [10/Jul/2022:07:11:25 +0200] "GET /jewelry-boxes-holders-c-131.html HTTP/1.0" 301 92009 "-" "Mozilla/5.0 (compatible; MJ12bot/v1.4.8; http://mj12bot.com/)"
54.36.148.215 - - [10/Jul/2022:07:11:30 +0200] "GET /incense-c-231_226.html HTTP/1.0" 200 92995 "-" "Mozilla/5.0 (compatible; AhrefsBot/7.0; +http://ahrefs.com/robot/)"
65.108.227.178 - - [10/Jul/2022:07:11:31 +0200] "GET /jewelry-boxes-holders-c-13_150_131.html HTTP/1.0" 200 92169 "-" "Mozilla/5.0 (compatible; MJ12bot/v1.4.8; http://mj12bot.com/)"
185.191.171.13 - - [10/Jul/2022:07:11:33 +0200] "GET /beige-bunny-plush-p-25884.html HTTP/1.0" 200 71559 "-" "Mozilla/5.0 (compatible; SemrushBot/7~bl; +http://www.semrush.com/bot.html)"
65.108.227.178 - - [10/Jul/2022:07:11:43 +0200] "GET /jewelry-boxes-and-holders-c-13_131.html?page=1 HTTP/1.0" 301 92122 "-" "Mozilla/5.0 (compatible; MJ12bot/v1.4.8; http://mj12bot.com/)"
185.191.171.11 - - [10/Jul/2022:07:11:49 +0200] "GET /isothermic-stainless-steel-bottle-hedgehog-cbkreation-p-51044.html?action=add_product HTTP/1.0" 302 476 "-" "Mozilla/5.0 (compatible; SemrushBot/7~bl; +http://www.semrush.com/bot.html)"
65.108.227.178 - - [10/Jul/2022:07:11:49 +0200] "GET /jewelry-boxes-holders-c-131.html?page=1 HTTP/1.0" 301 92027 "-" "Mozilla/5.0 (compatible; MJ12bot/v1.4.8; http://mj12bot.com/)"
144.76.68.76 - - [10/Jul/2022:07:11:51 +0200] "GET /wooden-support-keys-p-40917.html HTTP/1.0" 200 71563 "-" "serpstatbot/2.1 (advanced backlink tracking bot; https://serpstatbot.com/; abuse@serpstatbot.com)"
40.77.167.42 - - [10/Jul/2022:07:11:54 +0200] "GET /images/1399984264065.jpg HTTP/1.0" 200 259 "-" "Mozilla/5.0 (compatible; bingbot/2.0; +http://www.bing.com/bingbot.htm)"
65.108.227.178 - - [10/Jul/2022:07:11:53 +0200] "GET /jewelry-boxes-holders-c-13_150_131.html?page=1 HTTP/1.0" 200 92180 "-" "Mozilla/5.0 (compatible; MJ12bot/v1.4.8; http://mj12bot.com/)"
65.108.227.178 - - [10/Jul/2022:07:12:02 +0200] "GET /jewelry-boxes-and-holders-c-13_131.html?page=2 HTTP/1.0" 301 92182 "-" "Mozilla/5.0 (compatible; MJ12bot/v1.4.8; http://mj12bot.com/)"
65.108.227.178 - - [10/Jul/2022:07:12:09 +0200] "GET /jewelry-boxes-holders-c-131.html?page=2 HTTP/1.0" 301 92087 "-" "Mozilla/5.0 (compatible; MJ12bot/v1.4.8; http://mj12bot.com/)"
65.108.227.178 - - [10/Jul/2022:07:12:15 +0200] "GET /jewelry-boxes-holders-c-13_150_131.html?page=2 HTTP/1.0" 200 92240 "-" "Mozilla/5.0 (compatible; MJ12bot/v1.4.8; http://mj12bot.com/)"
65.108.227.178 - - [10/Jul/2022:07:12:23 +0200] "GET /jinan-bedclothes-240-220-cm-p-37698.html HTTP/1.0" 301 71556 "-" "Mozilla/5.0 (compatible; MJ12bot/v1.4.8; http://mj12bot.com/)"
65.108.227.178 - - [10/Jul/2022:07:12:31 +0200] "GET /-p-37698.html HTTP/1.0" 200 71489 "-" "Mozilla/5.0 (compatible; MJ12bot/v1.4.8; http://mj12bot.com/)"
144.76.68.76 - - [10/Jul/2022:07:12:33 +0200] "GET /wooden-support-keys-p-45489.html HTTP/1.0" 200 74227 "-" "serpstatbot/2.1 (advanced backlink tracking bot; https://serpstatbot.com/; abuse@serpstatbot.com)"
65.108.227.178 - - [10/Jul/2022:07:12:42 +0200] "GET /johnny-hallyday-bar-table-failure-of-appearance-p-36388.html HTTP/1.0" 301 71556 "-" "Mozilla/5.0 (compatible; MJ12bot/v1.4.8; http://mj12bot.com/)"
185.191.171.1 - - [10/Jul/2022:07:12:44 +0200] "GET /peace-love-yellow-guitar-keyring-p-14620.html?action=add_product HTTP/1.0" 302 476 "-" "Mozilla/5.0 (compatible; SemrushBot/7~bl; +http://www.semrush.com/bot.html)"
65.108.227.178 - - [10/Jul/2022:07:12:47 +0200] "GET /-p-36388.html HTTP/1.0" 200 71489 "-" "Mozilla/5.0 (compatible; MJ12bot/v1.4.8; http://mj12bot.com/)"
65.108.227.178 - - [10/Jul/2022:07:12:54 +0200] "GET /johnny-hallyday-guitar-photo-frame-p-24121.html HTTP/1.0" 301 71556 "-" "Mozilla/5.0 (compatible; MJ12bot/v1.4.8; http://mj12bot.com/)"
65.108.227.178 - - [10/Jul/2022:07:13:00 +0200] "GET /-p-24121.html HTTP/1.0" 200 71489 "-" "Mozilla/5.0 (compatible; MJ12bot/v1.4.8; http://mj12bot.com/)"
65.108.227.178 - - [10/Jul/2022:07:13:05 +0200] "GET /johnny-hallyday-guitar-photo-frame-p-32866.html HTTP/1.0" 301 71556 "-" "Mozilla/5.0 (compatible; MJ12bot/v1.4.8; http://mj12bot.com/)"
185.191.171.7 - - [10/Jul/2022:07:13:10 +0200] "GET /amys-kittens-espresso-p-57973.html?action=add_product HTTP/1.0" 302 476 "-" "Mozilla/5.0 (compatible; SemrushBot/7~bl; +http://www.semrush.com/bot.html)"
65.108.227.178 - - [10/Jul/2022:07:13:11 +0200] "GET /-p-32866.html HTTP/1.0" 200 71489 "-" "Mozilla/5.0 (compatible; MJ12bot/v1.4.8; http://mj12bot.com/)"
144.76.68.76 - - [10/Jul/2022:07:13:17 +0200] "GET /wooden-support-keys-p-52425.html HTTP/1.0" 200 74227 "-" "serpstatbot/2.1 (advanced backlink tracking bot; https://serpstatbot.com/; abuse@serpstatbot.com)"
65.108.227.178 - - [10/Jul/2022:07:13:19 +0200] "GET /johnny-hallyday-keyring-p-31832.html HTTP/1.0" 301 71556 "-" "Mozilla/5.0 (compatible; MJ12bot/v1.4.8; http://mj12bot.com/)"
185.191.171.4 - - [10/Jul/2022:07:13:20 +0200] "GET /garage-mchanic-duty-metal-plate-p-28012.html?action=add_product HTTP/1.0" 302 476 "-" "Mozilla/5.0 (compatible; SemrushBot/7~bl; +http://www.semrush.com/bot.html)"
185.191.171.14 - - [10/Jul/2022:07:13:22 +0200] "GET /vintage-hanging-clock-p-55769.html?action=add_product HTTP/1.0" 302 476 "-" "Mozilla/5.0 (compatible; SemrushBot/7~bl; +http://www.semrush.com/bot.html)"
65.108.227.178 - - [10/Jul/2022:07:13:25 +0200] "GET /-p-31832.html HTTP/1.0" 200 71489 "-" "Mozilla/5.0 (compatible; MJ12bot/v1.4.8; http://mj12bot.com/)"
65.108.227.178 - - [10/Jul/2022:07:13:29 +0200] "GET /johnny-hallyday-set-bar-p-22986.html HTTP/1.0" 301 71556 "-" "Mozilla/5.0 (compatible; MJ12bot/v1.4.8; http://mj12bot.com/)"
65.108.227.178 - - [10/Jul/2022:07:13:34 +0200] "GET /-p-22986.html HTTP/1.0" 200 71489 "-" "Mozilla/5.0 (compatible; MJ12bot/v1.4.8; http://mj12bot.com/)"
65.108.227.178 - - [10/Jul/2022:07:13:37 +0200] "GET /johnny-hallyday-towel-p-6813.html HTTP/1.0" 301 71553 "-" "Mozilla/5.0 (compatible; MJ12bot/v1.4.8; http://mj12bot.com/)"
65.108.227.178 - - [10/Jul/2022:07:13:41 +0200] "GET /-p-6813.html HTTP/1.0" 200 71487 "-" "Mozilla/5.0 (compatible; MJ12bot/v1.4.8; http://mj12bot.com/)"
65.108.227.178 - - [10/Jul/2022:07:13:46 +0200] "GET /justitia-themis-statue-30-cm-p-40907.html HTTP/1.0" 301 74300 "-" "Mozilla/5.0 (compatible; MJ12bot/v1.4.8; http://mj12bot.com/)"
54.36.148.229 - - [10/Jul/2022:07:13:49 +0200] "GET /tea-pot-c-12_175.html HTTP/1.0" 200 92313 "-" "Mozilla/5.0 (compatible; AhrefsBot/7.0; +http://ahrefs.com/robot/)"
65.108.227.178 - - [10/Jul/2022:07:13:51 +0200] "GET /justitia-thmis-statue-p-40907.html HTTP/1.0" 200 74212 "-" "Mozilla/5.0 (compatible; MJ12bot/v1.4.8; http://mj12bot.com/)"
65.108.227.178 - - [10/Jul/2022:07:13:54 +0200] "GET /kano-bedclothes-220-240-cm-p-48749.html HTTP/1.0" 301 71556 "-" "Mozilla/5.0 (compatible; MJ12bot/v1.4.8; http://mj12bot.com/)"
65.108.227.178 - - [10/Jul/2022:07:14:00 +0200] "GET /-p-48749.html HTTP/1.0" 200 71489 "-" "Mozilla/5.0 (compatible; MJ12bot/v1.4.8; http://mj12bot.com/)"
144.76.68.76 - - [10/Jul/2022:07:14:00 +0200] "GET /wooden-support-keys-white-p-41924.html HTTP/1.0" 200 71591 "-" "serpstatbot/2.1 (advanced backlink tracking bot; https://serpstatbot.com/; abuse@serpstatbot.com)"
185.191.171.43 - - [10/Jul/2022:07:14:01 +0200] "GET /gold-cat-statue-for-jewelry-10-cm-p-46364.html HTTP/1.0" 301 71703 "-" "Mozilla/5.0 (compatible; SemrushBot/7~bl; +http://www.semrush.com/bot.html)"
185.191.171.10 - - [10/Jul/2022:07:14:05 +0200] "GET /gold-statue-jewelry-p-46364.html HTTP/1.0" 200 71617 "-" "Mozilla/5.0 (compatible; SemrushBot/7~bl; +http://www.semrush.com/bot.html)"
65.108.227.178 - - [10/Jul/2022:07:14:06 +0200] "GET /kassandra-figure-p-11175.html HTTP/1.0" 301 71556 "-" "Mozilla/5.0 (compatible; MJ12bot/v1.4.8; http://mj12bot.com/)"
65.108.227.178 - - [10/Jul/2022:07:14:11 +0200] "GET /-p-11175.html HTTP/1.0" 200 71489 "-" "Mozilla/5.0 (compatible; MJ12bot/v1.4.8; http://mj12bot.com/)"
65.108.227.178 - - [10/Jul/2022:07:14:15 +0200] "GET /key-box-form-of-old-letter-box-p-37372.html HTTP/1.0" 301 71556 "-" "Mozilla/5.0 (compatible; MJ12bot/v1.4.8; http://mj12bot.com/)"
185.191.171.34 - - [10/Jul/2022:07:14:17 +0200] "GET /lighting-p-52564.html?action=add_product HTTP/1.0" 302 476 "-" "Mozilla/5.0 (compatible; SemrushBot/7~bl; +http://www.semrush.com/bot.html)"
65.108.227.178 - - [10/Jul/2022:07:14:19 +0200] "GET /-p-37372.html HTTP/1.0" 200 71489 "-" "Mozilla/5.0 (compatible; MJ12bot/v1.4.8; http://mj12bot.com/)"
65.108.227.178 - - [10/Jul/2022:07:14:24 +0200] "GET /key-box-wood-white-house-p-37734.html HTTP/1.0" 301 71556 "-" "Mozilla/5.0 (compatible; MJ12bot/v1.4.8; http://mj12bot.com/)"
65.108.227.178 - - [10/Jul/2022:07:14:28 +0200] "GET /-p-37734.html HTTP/1.0" 200 71489 "-" "Mozilla/5.0 (compatible; MJ12bot/v1.4.8; http://mj12bot.com/)"
65.108.227.178 - - [10/Jul/2022:07:14:33 +0200] "GET /kichi-kimmidoll-dolls-10-cm-p-37416.html HTTP/1.0" 301 71691 "-" "Mozilla/5.0 (compatible; MJ12bot/v1.4.8; http://mj12bot.com/)"
49.7.199.20 - - [10/Jul/2022:07:14:35 +0200] "GET /images/8435333807729.jpg HTTP/1.0" 200 259 "-" "Mozilla/5.0 (X11; Ubuntu; Linux x86_64; rv:72.0) Gecko/20100101 Firefox/72.0"
65.108.227.178 - - [10/Jul/2022:07:14:37 +0200] "GET /kichi-kimmidoll-dolls-p-37416.html HTTP/1.0" 200 71603 "-" "Mozilla/5.0 (compatible; MJ12bot/v1.4.8; http://mj12bot.com/)"
65.108.227.178 - - [10/Jul/2022:07:14:41 +0200] "GET /kickers-large-backpack-p-15096.html HTTP/1.0" 301 71556 "-" "Mozilla/5.0 (compatible; MJ12bot/v1.4.8; http://mj12bot.com/)"
144.76.68.76 - - [10/Jul/2022:07:14:42 +0200] "GET /wooden-wall-decoration-hang-bonne-franquette-p-49982.html HTTP/1.0" 200 74345 "-" "serpstatbot/2.1 (advanced backlink tracking bot; https://serpstatbot.com/; abuse@serpstatbot.com)"
65.108.227.178 - - [10/Jul/2022:07:14:45 +0200] "GET /-p-15096.html HTTP/1.0" 200 71489 "-" "Mozilla/5.0 (compatible; MJ12bot/v1.4.8; http://mj12bot.com/)"
65.108.227.178 - - [10/Jul/2022:07:14:50 +0200] "GET /kickers-large-backpack-p-23248.html HTTP/1.0" 301 71556 "-" "Mozilla/5.0 (compatible; MJ12bot/v1.4.8; http://mj12bot.com/)"
65.108.227.178 - - [10/Jul/2022:07:14:53 +0200] "GET /-p-23248.html HTTP/1.0" 200 71489 "-" "Mozilla/5.0 (compatible; MJ12bot/v1.4.8; http://mj12bot.com/)"
65.108.227.178 - - [10/Jul/2022:07:14:57 +0200] "GET /kiki-chocolate-messenger-bag-p-19846.html HTTP/1.0" 301 71556 "-" "Mozilla/5.0 (compatible; MJ12bot/v1.4.8; http://mj12bot.com/)"
65.108.227.178 - - [10/Jul/2022:07:15:01 +0200] "GET /-p-19846.html HTTP/1.0" 200 71489 "-" "Mozilla/5.0 (compatible; MJ12bot/v1.4.8; http://mj12bot.com/)"
65.108.227.178 - - [10/Jul/2022:07:15:05 +0200] "GET /kiki-khaki-messenger-bag-p-11678.html HTTP/1.0" 301 71556 "-" "Mozilla/5.0 (compatible; MJ12bot/v1.4.8; http://mj12bot.com/)"
65.108.227.178 - - [10/Jul/2022:07:15:12 +0200] "GET /-p-11678.html HTTP/1.0" 200 71489 "-" "Mozilla/5.0 (compatible; MJ12bot/v1.4.8; http://mj12bot.com/)"
65.108.227.178 - - [10/Jul/2022:07:15:18 +0200] "GET /kimmi-junior-ava-keychains-p-7410.html HTTP/1.0" 301 71553 "-" "Mozilla/5.0 (compatible; MJ12bot/v1.4.8; http://mj12bot.com/)"
65.108.227.178 - - [10/Jul/2022:07:15:22 +0200] "GET /-p-7410.html HTTP/1.0" 200 71487 "-" "Mozilla/5.0 (compatible; MJ12bot/v1.4.8; http://mj12bot.com/)"
144.76.68.76 - - [10/Jul/2022:07:15:24 +0200] "GET /wooden-wall-decoration-hang-croquons-p-49983.html HTTP/1.0" 200 74319 "-" "serpstatbot/2.1 (advanced backlink tracking bot; https://serpstatbot.com/; abuse@serpstatbot.com)"
65.108.227.178 - - [10/Jul/2022:07:15:25 +0200] "GET /kimmi-junior-backpack-p-14598.html HTTP/1.0" 301 71556 "-" "Mozilla/5.0 (compatible; MJ12bot/v1.4.8; http://mj12bot.com/)"
65.108.227.178 - - [10/Jul/2022:07:15:32 +0200] "GET /-p-14598.html HTTP/1.0" 200 71489 "-" "Mozilla/5.0 (compatible; MJ12bot/v1.4.8; http://mj12bot.com/)"
113.206.197.126 - - [10/Jul/2022:07:15:36 +0200] "GET /contact_us.php HTTP/1.0" 200 26238 "http://www.wonder-geek.com/contact_us.php" "Mozilla/5.0 (Windows NT 6.3; ) AppleWebKit/537.36 (KHTML, like Gecko) Chrome/83.0.4103.61 Safari/537.36"
65.108.227.178 - - [10/Jul/2022:07:15:37 +0200] "GET /kimmi-junior-tilly-necklace-p-15833.html HTTP/1.0" 301 71556 "-" "Mozilla/5.0 (compatible; MJ12bot/v1.4.8; http://mj12bot.com/)"
113.206.197.126 - - [10/Jul/2022:07:15:39 +0200] "POST /contact_us.php?action=send HTTP/1.0" 200 26463 "http://www.wonder-geek.com/contact_us.php" "Mozilla/5.0 (Windows NT 6.3; ) AppleWebKit/537.36 (KHTML, like Gecko) Chrome/83.0.4103.61 Safari/537.36"
65.108.227.178 - - [10/Jul/2022:07:15:41 +0200] "GET /-p-15833.html HTTP/1.0" 200 71489 "-" "Mozilla/5.0 (compatible; MJ12bot/v1.4.8; http://mj12bot.com/)"
185.191.171.10 - - [10/Jul/2022:07:15:45 +0200] "GET /complete-sonny-angel-halloween-figures-2021-series-p-56921.html HTTP/1.0" 200 75466 "-" "Mozilla/5.0 (compatible; SemrushBot/7~bl; +http://www.semrush.com/bot.html)"
65.108.227.178 - - [10/Jul/2022:07:15:46 +0200] "GET /kimmidoll-brush-p-28673.html HTTP/1.0" 301 71556 "-" "Mozilla/5.0 (compatible; MJ12bot/v1.4.8; http://mj12bot.com/)"
65.108.227.178 - - [10/Jul/2022:07:15:50 +0200] "GET /-p-28673.html HTTP/1.0" 200 71489 "-" "Mozilla/5.0 (compatible; MJ12bot/v1.4.8; http://mj12bot.com/)"
185.191.171.34 - - [10/Jul/2022:07:15:51 +0200] "GET /kimmi-junior-pen-colors-king-blue-p-18585.html HTTP/1.0" 301 74273 "-" "Mozilla/5.0 (compatible; SemrushBot/7~bl; +http://www.semrush.com/bot.html)"
65.108.227.178 - - [10/Jul/2022:07:15:53 +0200] "GET /kitchen-scale-eating-chocolates-p-37223.html HTTP/1.0" 301 71556 "-" "Mozilla/5.0 (compatible; MJ12bot/v1.4.8; http://mj12bot.com/)"
185.191.171.24 - - [10/Jul/2022:07:15:54 +0200] "GET /kimmi-junior-colors-king-blue-p-18585.html HTTP/1.0" 200 74177 "-" "Mozilla/5.0 (compatible; SemrushBot/7~bl; +http://www.semrush.com/bot.html)"
54.36.148.135 - - [10/Jul/2022:07:15:54 +0200] "GET /esotericism-lithotherapy-c-174.html HTTP/1.0" 200 91414 "-" "Mozilla/5.0 (compatible; AhrefsBot/7.0; +http://ahrefs.com/robot/)"
65.108.227.178 - - [10/Jul/2022:07:15:56 +0200] "GET /-p-37223.html HTTP/1.0" 200 71489 "-" "Mozilla/5.0 (compatible; MJ12bot/v1.4.8; http://mj12bot.com/)"
185.191.171.16 - - [10/Jul/2022:07:15:57 +0200] "GET /salamander-decorative-surfboard-p-46268.html HTTP/1.0" 200 71635 "-" "Mozilla/5.0 (compatible; SemrushBot/7~bl; +http://www.semrush.com/bot.html)"
65.108.227.178 - - [10/Jul/2022:07:16:01 +0200] "GET /kitchen-scale-exercise-for-weightloss-p-37222.html HTTP/1.0" 301 71556 "-" "Mozilla/5.0 (compatible; MJ12bot/v1.4.8; http://mj12bot.com/)"
216.244.66.242 - - [10/Jul/2022:07:16:01 +0200] "GET /gund-mini-monkey-sound-plush-p-34855.html HTTP/1.0" 301 71556 "-" "Mozilla/5.0 (compatible; DotBot/1.2; +https://opensiteexplorer.org/dotbot; help@moz.com)"
65.108.227.178 - - [10/Jul/2022:07:16:04 +0200] "GET /-p-37222.html HTTP/1.0" 200 71489 "-" "Mozilla/5.0 (compatible; MJ12bot/v1.4.8; http://mj12bot.com/)"
144.76.68.76 - - [10/Jul/2022:07:16:06 +0200] "GET /wooden-wall-decoration-tahitian-theme-p-47316.html HTTP/1.0" 200 74995 "-" "serpstatbot/2.1 (advanced backlink tracking bot; https://serpstatbot.com/; abuse@serpstatbot.com)"
185.191.171.10 - - [10/Jul/2022:07:16:08 +0200] "GET /paris-magnet-p-51207.html HTTP/1.0" 200 74036 "-" "Mozilla/5.0 (compatible; SemrushBot/7~bl; +http://www.semrush.com/bot.html)"
65.108.227.178 - - [10/Jul/2022:07:16:09 +0200] "GET /kitten-eyelets-curtain-p-36347.html HTTP/1.0" 301 71556 "-" "Mozilla/5.0 (compatible; MJ12bot/v1.4.8; http://mj12bot.com/)"
65.108.227.178 - - [10/Jul/2022:07:16:13 +0200] "GET /-p-36347.html HTTP/1.0" 200 71489 "-" "Mozilla/5.0 (compatible; MJ12bot/v1.4.8; http://mj12bot.com/)"
65.108.227.178 - - [10/Jul/2022:07:16:19 +0200] "GET /kitten-miss-mini-bedclothes-140-200-cm-p-36342.html HTTP/1.0" 301 71556 "-" "Mozilla/5.0 (compatible; MJ12bot/v1.4.8; http://mj12bot.com/)"
65.108.227.178 - - [10/Jul/2022:07:16:23 +0200] "GET /-p-36342.html HTTP/1.0" 200 71489 "-" "Mozilla/5.0 (compatible; MJ12bot/v1.4.8; http://mj12bot.com/)"
65.108.227.178 - - [10/Jul/2022:07:16:30 +0200] "GET /kiub-collection-jewels-butterflies-cool-p-57958.html HTTP/1.0" 200 75111 "-" "Mozilla/5.0 (compatible; MJ12bot/v1.4.8; http://mj12bot.com/)"
51.68.224.127 - - [10/Jul/2022:07:16:32 +0200] "GET /adminweb/export_orders_xml.php?token=256de2z6edz6ed2z6DFSFsed2zed6zeDSFDSGdzedezfzf&maxorders=10&orderstart=1&status=14&start_date=2018-10-01 HTTP/1.0" 200 285 "-" "GesCom CharlotteBoutik Serveur"
51.68.224.127 - - [10/Jul/2022:07:16:32 +0200] "GET /adminweb/export_orders_xml.php?token=256de2z6edz6ed2z6DFSFsed2zed6zeDSFDSGdzedezfzf&maxorders=10&orderstart=1&status=6&start_date=2018-10-01 HTTP/1.0" 200 31081 "-" "GesCom CharlotteBoutik Serveur"
185.191.171.6 - - [10/Jul/2022:07:16:32 +0200] "GET /bashful-figure-collection-romero-britto-p-53509.html HTTP/1.0" 200 75312 "-" "Mozilla/5.0 (compatible; SemrushBot/7~bl; +http://www.semrush.com/bot.html)"
65.108.227.178 - - [10/Jul/2022:07:16:35 +0200] "GET /kraft-folding-seat-p-37827.html HTTP/1.0" 301 71556 "-" "Mozilla/5.0 (compatible; MJ12bot/v1.4.8; http://mj12bot.com/)"
46.161.11.244 - - [10/Jul/2022:07:16:35 +0200] "GET /contact_us.php HTTP/1.0" 200 26238 "http://www.wonder-geek.com/contact_us.php" "Mozilla/5.0 (Windows NT 10.0; Win64; x64) AppleWebKit/537.36 (KHTML, like Gecko) Chrome/83.0.4098.0 Safari/537.36"
46.161.11.244 - - [10/Jul/2022:07:16:36 +0200] "POST /contact_us.php?action=send HTTP/1.0" 200 26567 "http://www.wonder-geek.com/contact_us.php" "Mozilla/5.0 (Windows NT 10.0; Win64; x64) AppleWebKit/537.36 (KHTML, like Gecko) Chrome/83.0.4098.0 Safari/537.36"
65.108.227.178 - - [10/Jul/2022:07:16:39 +0200] "GET /-p-37827.html HTTP/1.0" 200 71489 "-" "Mozilla/5.0 (compatible; MJ12bot/v1.4.8; http://mj12bot.com/)"
65.108.227.178 - - [10/Jul/2022:07:16:43 +0200] "GET /krishna-statue-25-cm-p-40912.html HTTP/1.0" 301 71628 "-" "Mozilla/5.0 (compatible; MJ12bot/v1.4.8; http://mj12bot.com/)"
65.108.227.178 - - [10/Jul/2022:07:16:47 +0200] "GET /krishna-statue-p-40912.html HTTP/1.0" 200 71547 "-" "Mozilla/5.0 (compatible; MJ12bot/v1.4.8; http://mj12bot.com/)"
144.76.68.76 - - [10/Jul/2022:07:16:49 +0200] "GET /wooden-with-brass-borders-p-55075.html HTTP/1.0" 200 75055 "-" "serpstatbot/2.1 (advanced backlink tracking bot; https://serpstatbot.com/; abuse@serpstatbot.com)"
65.108.227.178 - - [10/Jul/2022:07:16:53 +0200] "GET /kylo-ren-star-wars-mask-for-children-p-33436.html HTTP/1.0" 301 71556 "-" "Mozilla/5.0 (compatible; MJ12bot/v1.4.8; http://mj12bot.com/)"
65.108.227.178 - - [10/Jul/2022:07:16:57 +0200] "GET /-p-33436.html HTTP/1.0" 200 71489 "-" "Mozilla/5.0 (compatible; MJ12bot/v1.4.8; http://mj12bot.com/)"
65.108.227.178 - - [10/Jul/2022:07:17:02 +0200] "GET /la-coq-sportif-black-messenger-bag-p-35851.html HTTP/1.0" 301 71556 "-" "Mozilla/5.0 (compatible; MJ12bot/v1.4.8; http://mj12bot.com/)"
185.191.171.42 - - [10/Jul/2022:07:17:03 +0200] "GET /feathers-theme-indian-espresso-cup-p-39626.html HTTP/1.0" 301 74302 "-" "Mozilla/5.0 (compatible; SemrushBot/7~bl; +http://www.semrush.com/bot.html)"
185.191.171.25 - - [10/Jul/2022:07:17:06 +0200] "GET /feathers-theme-indian-espresso-p-39626.html HTTP/1.0" 200 74205 "-" "Mozilla/5.0 (compatible; SemrushBot/7~bl; +http://www.semrush.com/bot.html)"
65.108.227.178 - - [10/Jul/2022:07:17:06 +0200] "GET /-p-35851.html HTTP/1.0" 200 71489 "-" "Mozilla/5.0 (compatible; MJ12bot/v1.4.8; http://mj12bot.com/)"
66.249.68.25 - - [10/Jul/2022:07:17:09 +0200] "GET /images/big_prod/8424001773466.jpg HTTP/1.0" 200 268 "-" "Googlebot-Image/1.0"
207.46.13.169 - - [10/Jul/2022:07:17:09 +0200] "GET /images/big_prod/3609810065048a.jpg HTTP/1.0" 200 269 "-" "Mozilla/5.0 (compatible; bingbot/2.0; +http://www.bing.com/bingbot.htm)"
65.108.227.178 - - [10/Jul/2022:07:17:10 +0200] "GET /la-coq-sportif-blue-messenger-bag-p-35852.html HTTP/1.0" 301 71556 "-" "Mozilla/5.0 (compatible; MJ12bot/v1.4.8; http://mj12bot.com/)"
65.108.227.178 - - [10/Jul/2022:07:17:15 +0200] "GET /-p-35852.html HTTP/1.0" 200 71489 "-" "Mozilla/5.0 (compatible; MJ12bot/v1.4.8; http://mj12bot.com/)"
65.108.227.178 - - [10/Jul/2022:07:17:18 +0200] "GET /la-coq-sportif-messenger-bag-p-30200.html HTTP/1.0" 301 71556 "-" "Mozilla/5.0 (compatible; MJ12bot/v1.4.8; http://mj12bot.com/)"
65.108.227.178 - - [10/Jul/2022:07:17:22 +0200] "GET /-p-30200.html HTTP/1.0" 200 71489 "-" "Mozilla/5.0 (compatible; MJ12bot/v1.4.8; http://mj12bot.com/)"
65.108.227.178 - - [10/Jul/2022:07:17:26 +0200] "GET /la-vache-qui-rit-british-breakfast-set-p-19023.html HTTP/1.0" 301 71556 "-" "Mozilla/5.0 (compatible; MJ12bot/v1.4.8; http://mj12bot.com/)"
185.191.171.19 - - [10/Jul/2022:07:17:29 +0200] "GET /anti-mite-pillow-p-41116.html HTTP/1.0" 200 74288 "-" "Mozilla/5.0 (compatible; SemrushBot/7~bl; +http://www.semrush.com/bot.html)"
144.76.68.76 - - [10/Jul/2022:07:17:29 +0200] "GET /wooden-with-chiseled-brass-decoration-p-55077.html HTTP/1.0" 200 75178 "-" "serpstatbot/2.1 (advanced backlink tracking bot; https://serpstatbot.com/; abuse@serpstatbot.com)"
65.108.227.178 - - [10/Jul/2022:07:17:30 +0200] "GET /-p-19023.html HTTP/1.0" 200 71489 "-" "Mozilla/5.0 (compatible; MJ12bot/v1.4.8; http://mj12bot.com/)"
65.108.227.178 - - [10/Jul/2022:07:17:34 +0200] "GET /la-vache-qui-rit-yes-she-can-breakfast-set-p-19025.html HTTP/1.0" 301 71556 "-" "Mozilla/5.0 (compatible; MJ12bot/v1.4.8; http://mj12bot.com/)"
216.244.66.242 - - [10/Jul/2022:07:17:38 +0200] "GET /childrens-beds-c-13_210.html HTTP/1.0" 301 567 "-" "Mozilla/5.0 (compatible; DotBot/1.2; +https://opensiteexplorer.org/dotbot; help@moz.com)"
65.108.227.178 - - [10/Jul/2022:07:17:37 +0200] "GET /-p-19025.html HTTP/1.0" 200 71489 "-" "Mozilla/5.0 (compatible; MJ12bot/v1.4.8; http://mj12bot.com/)"
65.108.227.178 - - [10/Jul/2022:07:17:42 +0200] "GET /laissez-lucie-faire-calendar-school-year-2017-2018-p-40858.html HTTP/1.0" 301 71556 "-" "Mozilla/5.0 (compatible; MJ12bot/v1.4.8; http://mj12bot.com/)"
65.108.227.178 - - [10/Jul/2022:07:17:45 +0200] "GET /-p-40858.html HTTP/1.0" 200 71489 "-" "Mozilla/5.0 (compatible; MJ12bot/v1.4.8; http://mj12bot.com/)"
65.108.227.178 - - [10/Jul/2022:07:17:50 +0200] "GET /lamp-spirit-blue-p-41936.html HTTP/1.0" 301 71556 "-" "Mozilla/5.0 (compatible; MJ12bot/v1.4.8; http://mj12bot.com/)"
65.108.227.178 - - [10/Jul/2022:07:17:54 +0200] "GET /-p-41936.html HTTP/1.0" 200 71489 "-" "Mozilla/5.0 (compatible; MJ12bot/v1.4.8; http://mj12bot.com/)"
54.36.148.109 - - [10/Jul/2022:07:17:54 +0200] "GET / HTTP/1.0" 200 96484 "-" "Mozilla/5.0 (compatible; AhrefsBot/7.0; +http://ahrefs.com/robot/)"
65.108.227.178 - - [10/Jul/2022:07:17:58 +0200] "GET /large-buddha-head-lamp-40-cm-p-41906.html HTTP/1.0" 301 71556 "-" "Mozilla/5.0 (compatible; MJ12bot/v1.4.8; http://mj12bot.com/)"
65.108.227.178 - - [10/Jul/2022:07:18:04 +0200] "GET /-p-41906.html HTTP/1.0" 200 71489 "-" "Mozilla/5.0 (compatible; MJ12bot/v1.4.8; http://mj12bot.com/)"
65.108.227.178 - - [10/Jul/2022:07:18:07 +0200] "GET /large-buddha-head-lamp-p-41906.html HTTP/1.0" 301 71556 "-" "Mozilla/5.0 (compatible; MJ12bot/v1.4.8; http://mj12bot.com/)"
65.108.227.178 - - [10/Jul/2022:07:18:10 +0200] "GET /-p-41906.html HTTP/1.0" 200 71489 "-" "Mozilla/5.0 (compatible; MJ12bot/v1.4.8; http://mj12bot.com/)"
144.76.68.76 - - [10/Jul/2022:07:18:11 +0200] "GET /wooden-with-chiseled-brass-decoration-p-55078.html HTTP/1.0" 200 75243 "-" "serpstatbot/2.1 (advanced backlink tracking bot; https://serpstatbot.com/; abuse@serpstatbot.com)"
65.108.227.178 - - [10/Jul/2022:07:18:13 +0200] "GET /large-ceramic-lamp-50-cm-beige-shade-p-41901.html HTTP/1.0" 301 71556 "-" "Mozilla/5.0 (compatible; MJ12bot/v1.4.8; http://mj12bot.com/)"
65.108.227.178 - - [10/Jul/2022:07:18:16 +0200] "GET /-p-41901.html HTTP/1.0" 200 71489 "-" "Mozilla/5.0 (compatible; MJ12bot/v1.4.8; http://mj12bot.com/)"
