144.76.68.76 - - [10/Jul/2022:10:13:47 +0200] "GET /wise-wings-keychain-p-51825.html HTTP/1.0" 200 75022 "-" "serpstatbot/2.1 (advanced backlink tracking bot; https://serpstatbot.com/; abuse@serpstatbot.com)"
192.99.4.63 - - [10/Jul/2022:10:13:59 +0200] "GET /-p-16295.html HTTP/1.0" 200 71489 "-" "Mozilla/5.0 (compatible; MJ12bot/v1.4.8; http://mj12bot.com/)"
54.36.148.67 - - [10/Jul/2022:10:14:01 +0200] "GET /monkey-statue-resin-anything-p-44247.html HTTP/1.0" 200 71617 "-" "Mozilla/5.0 (compatible; AhrefsBot/7.0; +http://ahrefs.com/robot/)"
185.191.171.22 - - [10/Jul/2022:10:14:01 +0200] "GET /black-samsung-s2-cupcakes-phone-cover-cbkreation-p-17344.html HTTP/1.0" 301 71556 "-" "Mozilla/5.0 (compatible; SemrushBot/7~bl; +http://www.semrush.com/bot.html)"
185.191.171.25 - - [10/Jul/2022:10:14:05 +0200] "GET /-p-17344.html HTTP/1.0" 200 71489 "-" "Mozilla/5.0 (compatible; SemrushBot/7~bl; +http://www.semrush.com/bot.html)"
114.119.137.3 - - [10/Jul/2022:10:14:11 +0200] "GET /images/big_prod/4250255820038.jpg HTTP/1.0" 200 268 "http://www.wonder-geek.com/tasty-tassen-towel-made-germany-p-57647.html" "Mozilla/5.0 (Linux; Android 7.0;) AppleWebKit/537.36 (KHTML, like Gecko) Mobile Safari/537.36 (compatible; PetalBot;+https://webmaster.petalsearch.com/site/petalbot)"
192.99.4.63 - - [10/Jul/2022:10:14:19 +0200] "GET /hens-saltshaker-pepper-p-37863.html HTTP/1.0" 200 74185 "-" "Mozilla/5.0 (compatible; MJ12bot/v1.4.8; http://mj12bot.com/)"
185.191.171.33 - - [10/Jul/2022:10:14:29 +0200] "GET /disney-princess-card-with-envelope-p-34458.html HTTP/1.0" 200 74237 "-" "Mozilla/5.0 (compatible; SemrushBot/7~bl; +http://www.semrush.com/bot.html)"
192.99.4.63 - - [10/Jul/2022:10:14:34 +0200] "GET /heron-statue-p-41847.html HTTP/1.0" 200 71539 "-" "Mozilla/5.0 (compatible; MJ12bot/v1.4.8; http://mj12bot.com/)"
144.76.68.76 - - [10/Jul/2022:10:14:39 +0200] "GET /wise-wings-keychain-p-51826.html HTTP/1.0" 200 75022 "-" "serpstatbot/2.1 (advanced backlink tracking bot; https://serpstatbot.com/; abuse@serpstatbot.com)"
192.99.4.63 - - [10/Jul/2022:10:14:48 +0200] "GET /ipad-black-shell-with-personalized-picture-p-16335.html HTTP/1.0" 200 74522 "-" "Mozilla/5.0 (compatible; MJ12bot/v1.4.8; http://mj12bot.com/)"
185.191.171.5 - - [10/Jul/2022:10:14:54 +0200] "GET /sneezey-figure-collection-romero-britto-p-53437.html?action=add_product HTTP/1.0" 302 476 "-" "Mozilla/5.0 (compatible; SemrushBot/7~bl; +http://www.semrush.com/bot.html)"
192.99.4.63 - - [10/Jul/2022:10:15:09 +0200] "GET /isis-statue-resin-p-48742.html HTTP/1.0" 200 71565 "-" "Mozilla/5.0 (compatible; MJ12bot/v1.4.8; http://mj12bot.com/)"
192.99.4.63 - - [10/Jul/2022:10:15:24 +0200] "GET /itty-bitty-ornament-santa-p-41956.html HTTP/1.0" 301 71556 "-" "Mozilla/5.0 (compatible; MJ12bot/v1.4.8; http://mj12bot.com/)"
144.76.68.76 - - [10/Jul/2022:10:15:32 +0200] "GET /with-infuser-c-12_221.html HTTP/1.0" 200 92452 "-" "serpstatbot/2.1 (advanced backlink tracking bot; https://serpstatbot.com/; abuse@serpstatbot.com)"
192.99.4.63 - - [10/Jul/2022:10:15:35 +0200] "GET /-p-41956.html HTTP/1.0" 200 71489 "-" "Mozilla/5.0 (compatible; MJ12bot/v1.4.8; http://mj12bot.com/)"
192.99.4.63 - - [10/Jul/2022:10:15:47 +0200] "GET /jacquard-cozy-curtain-p-50738.html HTTP/1.0" 200 71593 "-" "Mozilla/5.0 (compatible; MJ12bot/v1.4.8; http://mj12bot.com/)"
54.36.149.77 - - [10/Jul/2022:10:15:48 +0200] "GET /cushions-c-11_71.html?page=1 HTTP/1.0" 200 91180 "-" "Mozilla/5.0 (compatible; AhrefsBot/7.0; +http://ahrefs.com/robot/)"
185.191.171.9 - - [10/Jul/2022:10:15:55 +0200] "GET /bamboo-fiber-plant-cover-p-51941.html HTTP/1.0" 301 71556 "-" "Mozilla/5.0 (compatible; SemrushBot/7~bl; +http://www.semrush.com/bot.html)"
185.191.171.6 - - [10/Jul/2022:10:15:58 +0200] "GET /-p-51941.html HTTP/1.0" 200 71489 "-" "Mozilla/5.0 (compatible; SemrushBot/7~bl; +http://www.semrush.com/bot.html)"
192.99.4.63 - - [10/Jul/2022:10:16:01 +0200] "GET /japanese-blue-dream-cbkreation-p-24358.html HTTP/1.0" 200 74857 "-" "Mozilla/5.0 (compatible; MJ12bot/v1.4.8; http://mj12bot.com/)"
192.99.4.63 - - [10/Jul/2022:10:16:11 +0200] "GET /jasmin-playa-placemat-p-39847.html HTTP/1.0" 301 71556 "-" "Mozilla/5.0 (compatible; MJ12bot/v1.4.8; http://mj12bot.com/)"
66.249.68.30 - - [10/Jul/2022:10:16:19 +0200] "GET /images/big_prod/3700281653489D.jpg HTTP/1.0" 200 269 "-" "Googlebot-Image/1.0"
144.76.68.76 - - [10/Jul/2022:10:16:23 +0200] "GET /with-infuser-c-12_221.html?page=2 HTTP/1.0" 200 92893 "-" "serpstatbot/2.1 (advanced backlink tracking bot; https://serpstatbot.com/; abuse@serpstatbot.com)"
192.99.4.63 - - [10/Jul/2022:10:16:24 +0200] "GET /-p-39847.html HTTP/1.0" 200 71489 "-" "Mozilla/5.0 (compatible; MJ12bot/v1.4.8; http://mj12bot.com/)"
114.119.133.245 - - [10/Jul/2022:10:16:25 +0200] "GET /zenia-bedclothes-220-240-cm-p-43790.html HTTP/1.0" 301 71556 "http://www.wonder-geek.com/set-of-bed-linen-c-11_68.html?page=3" "Mozilla/5.0 (Linux; Android 7.0;) AppleWebKit/537.36 (KHTML, like Gecko) Mobile Safari/537.36 (compatible; PetalBot;+https://webmaster.petalsearch.com/site/petalbot)"
157.55.39.92 - - [10/Jul/2022:10:16:31 +0200] "GET /images/big_prod/8422033186247.jpg HTTP/1.0" 200 268 "-" "Mozilla/5.0 (compatible; bingbot/2.0; +http://www.bing.com/bingbot.htm)"
192.99.4.63 - - [10/Jul/2022:10:16:39 +0200] "GET /justitia-thmis-statue-p-40907.html HTTP/1.0" 200 74212 "-" "Mozilla/5.0 (compatible; MJ12bot/v1.4.8; http://mj12bot.com/)"
114.119.133.245 - - [10/Jul/2022:10:16:42 +0200] "GET /-p-43790.html HTTP/1.0" 200 71489 "http://www.wonder-geek.com/set-of-bed-linen-c-11_68.html?page=3" "Mozilla/5.0 (Linux; Android 7.0;) AppleWebKit/537.36 (KHTML, like Gecko) Mobile Safari/537.36 (compatible; PetalBot;+https://webmaster.petalsearch.com/site/petalbot)"
114.119.137.3 - - [10/Jul/2022:10:16:44 +0200] "GET /sonny-angel-christmas-series-2016-figurines-p-47268.html HTTP/1.0" 200 76226 "http://www.wonder-geek.com/collectible-figurines-decorative-c-13_135.html?page=71" "Mozilla/5.0 (Linux; Android 7.0;) AppleWebKit/537.36 (KHTML, like Gecko) Mobile Safari/537.36 (compatible; PetalBot;+https://webmaster.petalsearch.com/site/petalbot)"
192.99.4.63 - - [10/Jul/2022:10:16:53 +0200] "GET /kichi-kimmidoll-dolls-p-37416.html HTTP/1.0" 200 71603 "-" "Mozilla/5.0 (compatible; MJ12bot/v1.4.8; http://mj12bot.com/)"
185.191.171.10 - - [10/Jul/2022:10:16:57 +0200] "GET /coasters-c-12_157.html?page=3 HTTP/1.0" 200 94247 "-" "Mozilla/5.0 (compatible; SemrushBot/7~bl; +http://www.semrush.com/bot.html)"
185.191.171.25 - - [10/Jul/2022:10:17:01 +0200] "GET /bugatti-large-metal-plate-deco-p-26449.html HTTP/1.0" 200 74176 "-" "Mozilla/5.0 (compatible; SemrushBot/7~bl; +http://www.semrush.com/bot.html)"
192.99.4.63 - - [10/Jul/2022:10:17:05 +0200] "GET /krishna-statue-p-40912.html HTTP/1.0" 200 71547 "-" "Mozilla/5.0 (compatible; MJ12bot/v1.4.8; http://mj12bot.com/)"
144.76.68.76 - - [10/Jul/2022:10:17:14 +0200] "GET /with-infuser-c-12_221.html?page=3 HTTP/1.0" 200 93337 "-" "serpstatbot/2.1 (advanced backlink tracking bot; https://serpstatbot.com/; abuse@serpstatbot.com)"
51.68.224.127 - - [10/Jul/2022:10:17:21 +0200] "GET /adminweb/export_orders_xml.php?token=256de2z6edz6ed2z6DFSFsed2zed6zeDSFDSGdzedezfzf&maxorders=10&orderstart=1&status=14&start_date=2018-10-01 HTTP/1.0" 200 285 "-" "GesCom CharlotteBoutik Serveur"
51.68.224.127 - - [10/Jul/2022:10:17:21 +0200] "GET /adminweb/export_orders_xml.php?token=256de2z6edz6ed2z6DFSFsed2zed6zeDSFDSGdzedezfzf&maxorders=10&orderstart=1&status=6&start_date=2018-10-01 HTTP/1.0" 200 31081 "-" "GesCom CharlotteBoutik Serveur"
192.99.4.63 - - [10/Jul/2022:10:17:21 +0200] "GET /little-hedgehog-gund-brown-p-41949.html HTTP/1.0" 200 74316 "-" "Mozilla/5.0 (compatible; MJ12bot/v1.4.8; http://mj12bot.com/)"
54.36.148.162 - - [10/Jul/2022:10:17:25 +0200] "GET /littlest-petshop-double-wall-acrylic-glasses-p-4667.html HTTP/1.0" 200 74341 "-" "Mozilla/5.0 (compatible; AhrefsBot/7.0; +http://ahrefs.com/robot/)"
192.99.4.63 - - [10/Jul/2022:10:17:38 +0200] "GET /little-marcel-blue-desk-blotter-p-40923.html HTTP/1.0" 301 71556 "-" "Mozilla/5.0 (compatible; MJ12bot/v1.4.8; http://mj12bot.com/)"
192.99.4.63 - - [10/Jul/2022:10:17:49 +0200] "GET /-p-40923.html HTTP/1.0" 200 71489 "-" "Mozilla/5.0 (compatible; MJ12bot/v1.4.8; http://mj12bot.com/)"
192.99.4.63 - - [10/Jul/2022:10:18:01 +0200] "GET /little-marcel-pink-desk-blotter-p-40924.html HTTP/1.0" 301 71556 "-" "Mozilla/5.0 (compatible; MJ12bot/v1.4.8; http://mj12bot.com/)"
185.191.171.25 - - [10/Jul/2022:10:18:05 +0200] "GET /adhesive-roll-45-150-cm-wood-p-53564.html HTTP/1.0" 301 75067 "-" "Mozilla/5.0 (compatible; SemrushBot/7~bl; +http://www.semrush.com/bot.html)"
144.76.68.76 - - [10/Jul/2022:10:18:07 +0200] "GET /winter-apples-fine-bone-china-p-56867.html HTTP/1.0" 200 74320 "-" "serpstatbot/2.1 (advanced backlink tracking bot; https://serpstatbot.com/; abuse@serpstatbot.com)"
185.191.171.6 - - [10/Jul/2022:10:18:09 +0200] "GET /adhesive-roll-wood-p-53564.html HTTP/1.0" 200 74982 "-" "Mozilla/5.0 (compatible; SemrushBot/7~bl; +http://www.semrush.com/bot.html)"
185.191.171.18 - - [10/Jul/2022:10:18:12 +0200] "GET /set-of-rubbers-wwe-p-13881.html HTTP/1.0" 301 74524 "-" "Mozilla/5.0 (compatible; SemrushBot/7~bl; +http://www.semrush.com/bot.html)"
185.191.171.24 - - [10/Jul/2022:10:18:15 +0200] "GET /rubbers-p-13881.html HTTP/1.0" 200 74450 "-" "Mozilla/5.0 (compatible; SemrushBot/7~bl; +http://www.semrush.com/bot.html)"
185.191.171.4 - - [10/Jul/2022:10:18:18 +0200] "GET /llama-love-glasses-case-p-47580.html HTTP/1.0" 301 71556 "-" "Mozilla/5.0 (compatible; SemrushBot/7~bl; +http://www.semrush.com/bot.html)"
192.99.4.63 - - [10/Jul/2022:10:18:18 +0200] "GET /-p-40924.html HTTP/1.0" 200 71489 "-" "Mozilla/5.0 (compatible; MJ12bot/v1.4.8; http://mj12bot.com/)"
185.191.171.45 - - [10/Jul/2022:10:18:20 +0200] "GET /-p-47580.html HTTP/1.0" 200 71489 "-" "Mozilla/5.0 (compatible; SemrushBot/7~bl; +http://www.semrush.com/bot.html)"
207.46.13.169 - - [10/Jul/2022:10:18:27 +0200] "GET /images/800399062390918072012.jpg HTTP/1.0" 200 267 "-" "Mozilla/5.0 (compatible; bingbot/2.0; +http://www.bing.com/bingbot.htm)"
192.99.4.63 - - [10/Jul/2022:10:18:31 +0200] "GET /little-pony-mousepad-p-16006.html HTTP/1.0" 200 74266 "-" "Mozilla/5.0 (compatible; MJ12bot/v1.4.8; http://mj12bot.com/)"
185.191.171.16 - - [10/Jul/2022:10:18:36 +0200] "GET /pepe-jeans-dales-laptop-p-41325.html?action=add_product HTTP/1.0" 302 476 "-" "Mozilla/5.0 (compatible; SemrushBot/7~bl; +http://www.semrush.com/bot.html)"
192.99.4.63 - - [10/Jul/2022:10:18:45 +0200] "GET /little-prince-exupry-paris-p-57945.html HTTP/1.0" 200 74924 "-" "Mozilla/5.0 (compatible; MJ12bot/v1.4.8; http://mj12bot.com/)"
66.249.68.30 - - [10/Jul/2022:10:18:47 +0200] "GET /tinted-candle-mass-blue-p-58252.html HTTP/1.0" 200 74795 "-" "Mozilla/5.0 (Linux; Android 6.0.1; Nexus 5X Build/MMB29P) AppleWebKit/537.36 (KHTML, like Gecko) Chrome/103.0.5060.114 Mobile Safari/537.36 (compatible; Googlebot/2.1; +http://www.google.com/bot.html)"
114.119.137.45 - - [10/Jul/2022:10:18:56 +0200] "GET /square-coasters-cupcakes-cbkreation-p-17348.html HTTP/1.0" 200 74343 "http://www.wonder-geek.com/coasters-c-12_157.html?page=9" "Mozilla/5.0 (Linux; Android 7.0;) AppleWebKit/537.36 (KHTML, like Gecko) Mobile Safari/537.36 (compatible; PetalBot;+https://webmaster.petalsearch.com/site/petalbot)"
144.76.68.76 - - [10/Jul/2022:10:18:58 +0200] "GET /with-infuser-c-12_221.html?page=5 HTTP/1.0" 200 92812 "-" "serpstatbot/2.1 (advanced backlink tracking bot; https://serpstatbot.com/; abuse@serpstatbot.com)"
192.99.4.63 - - [10/Jul/2022:10:18:58 +0200] "GET /little-sailor-princesse-p-37905.html HTTP/1.0" 301 71556 "-" "Mozilla/5.0 (compatible; MJ12bot/v1.4.8; http://mj12bot.com/)"
54.36.149.73 - - [10/Jul/2022:10:19:08 +0200] "GET /strawberry-shortcake-p-22140.html HTTP/1.0" 200 74263 "-" "Mozilla/5.0 (compatible; AhrefsBot/7.0; +http://ahrefs.com/robot/)"
192.99.4.63 - - [10/Jul/2022:10:19:13 +0200] "GET /-p-37905.html HTTP/1.0" 200 71489 "-" "Mozilla/5.0 (compatible; MJ12bot/v1.4.8; http://mj12bot.com/)"
185.191.171.40 - - [10/Jul/2022:10:19:18 +0200] "GET /corsica-white-shirt-p-31092.html HTTP/1.0" 200 75805 "-" "Mozilla/5.0 (compatible; SemrushBot/7~bl; +http://www.semrush.com/bot.html)"
192.99.4.63 - - [10/Jul/2022:10:19:26 +0200] "GET /london-academy-backpack-p-40876.html HTTP/1.0" 200 74563 "-" "Mozilla/5.0 (compatible; MJ12bot/v1.4.8; http://mj12bot.com/)"
192.99.4.63 - - [10/Jul/2022:10:19:39 +0200] "GET /london-coldstream-guard-cushion-p-26111.html HTTP/1.0" 200 71603 "-" "Mozilla/5.0 (compatible; MJ12bot/v1.4.8; http://mj12bot.com/)"
144.76.68.76 - - [10/Jul/2022:10:19:48 +0200] "GET /with-infuser-c-12_221.html?page=6 HTTP/1.0" 200 93900 "-" "serpstatbot/2.1 (advanced backlink tracking bot; https://serpstatbot.com/; abuse@serpstatbot.com)"
192.99.4.63 - - [10/Jul/2022:10:19:55 +0200] "GET /lonidas-statue-p-40908.html HTTP/1.0" 200 74182 "-" "Mozilla/5.0 (compatible; MJ12bot/v1.4.8; http://mj12bot.com/)"
185.191.171.38 - - [10/Jul/2022:10:19:55 +0200] "GET /elastic-loom-bands-p-26855.html HTTP/1.0" 200 74136 "-" "Mozilla/5.0 (compatible; SemrushBot/7~bl; +http://www.semrush.com/bot.html)"
114.119.137.38 - - [10/Jul/2022:10:20:01 +0200] "GET /small-orange-cube-alarm-clock-p-55547.html HTTP/1.0" 200 75400 "http://www.wonder-geek.com/alarms-clocks-c-13_65.html?page=4" "Mozilla/5.0 (Linux; Android 7.0;) AppleWebKit/537.36 (KHTML, like Gecko) Mobile Safari/537.36 (compatible; PetalBot;+https://webmaster.petalsearch.com/site/petalbot)"
216.244.66.242 - - [10/Jul/2022:10:20:03 +0200] "GET /tweety-figurine-p-45042.html HTTP/1.0" 200 71539 "-" "Mozilla/5.0 (compatible; DotBot/1.2; +https://opensiteexplorer.org/dotbot; help@moz.com)"
192.99.4.63 - - [10/Jul/2022:10:20:05 +0200] "GET /love-paris-coasters-p-39750.html HTTP/1.0" 200 74134 "-" "Mozilla/5.0 (compatible; MJ12bot/v1.4.8; http://mj12bot.com/)"
114.119.137.31 - - [10/Jul/2022:10:20:17 +0200] "GET /hello-kitty-mirror-p-20732.html HTTP/1.0" 200 71551 "http://www.wonder-geek.com/home-and-decoration-c-13.html?page=49" "Mozilla/5.0 (Linux; Android 7.0;) AppleWebKit/537.36 (KHTML, like Gecko) Mobile Safari/537.36 (compatible; PetalBot;+https://webmaster.petalsearch.com/site/petalbot)"
192.99.4.63 - - [10/Jul/2022:10:20:18 +0200] "GET /lulu-castagnette-full-watch-p-28761.html HTTP/1.0" 301 71556 "-" "Mozilla/5.0 (compatible; MJ12bot/v1.4.8; http://mj12bot.com/)"
192.99.4.63 - - [10/Jul/2022:10:20:28 +0200] "GET /-p-28761.html HTTP/1.0" 200 71489 "-" "Mozilla/5.0 (compatible; MJ12bot/v1.4.8; http://mj12bot.com/)"
192.0.100.11 - - [10/Jul/2022:10:20:36 +0200] "GET /images/big_prod/802GJ08.jpg HTTP/1.0" 301 565 "-" "Photon/1.0"
192.0.100.11 - - [10/Jul/2022:10:20:36 +0200] "GET /images/big_prod/802GJ08.jpg HTTP/1.0" 200 262 "-" "Photon/1.0"
192.99.4.63 - - [10/Jul/2022:10:20:36 +0200] "GET /mango-stand-storage-chest-p-52258.html HTTP/1.0" 200 75338 "-" "Mozilla/5.0 (compatible; MJ12bot/v1.4.8; http://mj12bot.com/)"
185.191.171.11 - - [10/Jul/2022:10:20:37 +0200] "GET /tasty-navy-made-germany-p-58343.html HTTP/1.0" 200 75177 "-" "Mozilla/5.0 (compatible; SemrushBot/7~bl; +http://www.semrush.com/bot.html)"
144.76.68.76 - - [10/Jul/2022:10:20:38 +0200] "GET /with-spoon-graphinks-p-56938.html HTTP/1.0" 200 74727 "-" "serpstatbot/2.1 (advanced backlink tracking bot; https://serpstatbot.com/; abuse@serpstatbot.com)"
185.191.171.18 - - [10/Jul/2022:10:20:41 +0200] "GET /cats-love-oven-mitt-p-43813.html HTTP/1.0" 200 74124 "-" "Mozilla/5.0 (compatible; SemrushBot/7~bl; +http://www.semrush.com/bot.html)"
192.99.4.63 - - [10/Jul/2022:10:20:48 +0200] "GET /mango-storage-chest-p-52257.html HTTP/1.0" 200 71555 "-" "Mozilla/5.0 (compatible; MJ12bot/v1.4.8; http://mj12bot.com/)"
192.99.4.63 - - [10/Jul/2022:10:21:01 +0200] "GET /manicure-articles-c-3_204.html?page=1 HTTP/1.0" 200 90686 "-" "Mozilla/5.0 (compatible; MJ12bot/v1.4.8; http://mj12bot.com/)"
54.36.149.73 - - [10/Jul/2022:10:21:05 +0200] "GET /collectible-labubu-figurine-p-50061.html HTTP/1.0" 200 71595 "-" "Mozilla/5.0 (compatible; AhrefsBot/7.0; +http://ahrefs.com/robot/)"
192.99.4.63 - - [10/Jul/2022:10:21:17 +0200] "GET /manicure-articles-c-3_204.html?page=2 HTTP/1.0" 200 79123 "-" "Mozilla/5.0 (compatible; MJ12bot/v1.4.8; http://mj12bot.com/)"
216.165.12.8 - - [10/Jul/2022:10:21:26 +0200] "GET /images/mini_prod/b8012052011455.jpg HTTP/1.0" 200 270 "-" "Mozilla/5.0 (X11; Ubuntu; Linux x86_64; rv:72.0) Gecko/20100101 Firefox/72.0"
144.76.68.76 - - [10/Jul/2022:10:21:28 +0200] "GET /wolf-plaid-p-53213.html HTTP/1.0" 200 74171 "-" "serpstatbot/2.1 (advanced backlink tracking bot; https://serpstatbot.com/; abuse@serpstatbot.com)"
185.191.171.44 - - [10/Jul/2022:10:21:29 +0200] "GET /poster-avignon-50-70-cm-p-40161.html HTTP/1.0" 301 71556 "-" "Mozilla/5.0 (compatible; SemrushBot/7~bl; +http://www.semrush.com/bot.html)"
185.191.171.11 - - [10/Jul/2022:10:21:32 +0200] "GET /-p-40161.html HTTP/1.0" 200 71489 "-" "Mozilla/5.0 (compatible; SemrushBot/7~bl; +http://www.semrush.com/bot.html)"
192.99.4.63 - - [10/Jul/2022:10:21:34 +0200] "GET /maya-umbrella-p-20497.html HTTP/1.0" 301 71556 "-" "Mozilla/5.0 (compatible; MJ12bot/v1.4.8; http://mj12bot.com/)"
192.99.4.63 - - [10/Jul/2022:10:21:45 +0200] "GET /-p-20497.html HTTP/1.0" 200 71489 "-" "Mozilla/5.0 (compatible; MJ12bot/v1.4.8; http://mj12bot.com/)"
185.191.171.6 - - [10/Jul/2022:10:21:53 +0200] "GET /funny-pets-kitchen-towel-p-43391.html HTTP/1.0" 200 74123 "-" "Mozilla/5.0 (compatible; SemrushBot/7~bl; +http://www.semrush.com/bot.html)"
192.99.4.63 - - [10/Jul/2022:10:21:57 +0200] "GET /maya-umbrella-p-20498.html HTTP/1.0" 301 71556 "-" "Mozilla/5.0 (compatible; MJ12bot/v1.4.8; http://mj12bot.com/)"
192.99.4.63 - - [10/Jul/2022:10:22:12 +0200] "GET /-p-20498.html HTTP/1.0" 200 71489 "-" "Mozilla/5.0 (compatible; MJ12bot/v1.4.8; http://mj12bot.com/)"
144.76.68.76 - - [10/Jul/2022:10:22:17 +0200] "GET /wooden-aluminum-effigy-buddha-p-46007.html HTTP/1.0" 301 71556 "-" "serpstatbot/2.1 (advanced backlink tracking bot; https://serpstatbot.com/; abuse@serpstatbot.com)"
192.99.4.63 - - [10/Jul/2022:10:22:24 +0200] "GET /meditation-cushion-chakra-vishudda-blue-p-45369.html HTTP/1.0" 200 76017 "-" "Mozilla/5.0 (compatible; MJ12bot/v1.4.8; http://mj12bot.com/)"
114.119.137.252 - - [10/Jul/2022:10:22:25 +0200] "GET /metal-structure-hang-fern-leaf-p-45991.html HTTP/1.0" 200 74867 "http://www.wonder-geek.com/frames-flags-and-decorative-paintings-c-13_148.html?page=14" "Mozilla/5.0 (Linux; Android 7.0;) AppleWebKit/537.36 (KHTML, like Gecko) Mobile Safari/537.36 (compatible; PetalBot;+https://webmaster.petalsearch.com/site/petalbot)"
192.99.4.63 - - [10/Jul/2022:10:22:35 +0200] "GET /medusa-glass-paperweight-p-48943.html HTTP/1.0" 200 74131 "-" "Mozilla/5.0 (compatible; MJ12bot/v1.4.8; http://mj12bot.com/)"
192.99.4.63 - - [10/Jul/2022:10:22:43 +0200] "GET /metal-beer-bucket-p-54344.html HTTP/1.0" 200 74691 "-" "Mozilla/5.0 (compatible; MJ12bot/v1.4.8; http://mj12bot.com/)"
192.99.4.63 - - [10/Jul/2022:10:22:55 +0200] "GET /mickey-mouse-watch-p-28207.html HTTP/1.0" 301 71556 "-" "Mozilla/5.0 (compatible; MJ12bot/v1.4.8; http://mj12bot.com/)"
54.36.148.125 - - [10/Jul/2022:10:22:57 +0200] "GET /wall-decoration-wooden-slate-hang-surf-p-41381.html HTTP/1.0" 200 74368 "-" "Mozilla/5.0 (compatible; AhrefsBot/7.0; +http://ahrefs.com/robot/)"
185.191.171.4 - - [10/Jul/2022:10:23:02 +0200] "GET /teo-jasmin-pencil-case-teo-marley-p-41282.html HTTP/1.0" 301 74967 "-" "Mozilla/5.0 (compatible; SemrushBot/7~bl; +http://www.semrush.com/bot.html)"
185.191.171.42 - - [10/Jul/2022:10:23:05 +0200] "GET /jasmin-pencil-case-marley-p-41282.html HTTP/1.0" 200 74875 "-" "Mozilla/5.0 (compatible; SemrushBot/7~bl; +http://www.semrush.com/bot.html)"
144.76.68.76 - - [10/Jul/2022:10:23:07 +0200] "GET /wooden-with-chiseled-brass-decoration-p-55080.html HTTP/1.0" 200 75214 "-" "serpstatbot/2.1 (advanced backlink tracking bot; https://serpstatbot.com/; abuse@serpstatbot.com)"
192.99.4.63 - - [10/Jul/2022:10:23:13 +0200] "GET /-p-28207.html HTTP/1.0" 200 71489 "-" "Mozilla/5.0 (compatible; MJ12bot/v1.4.8; http://mj12bot.com/)"
54.36.149.31 - - [10/Jul/2022:10:23:16 +0200] "GET /images/big_prod/8433933104453.jpg HTTP/1.0" 200 268 "-" "Mozilla/5.0 (compatible; AhrefsBot/7.0; +http://ahrefs.com/robot/)"
192.99.4.63 - - [10/Jul/2022:10:23:25 +0200] "GET /microfibre-base-cover-black-p-39796.html HTTP/1.0" 301 71556 "-" "Mozilla/5.0 (compatible; MJ12bot/v1.4.8; http://mj12bot.com/)"
192.99.4.63 - - [10/Jul/2022:10:23:32 +0200] "GET /-p-39796.html HTTP/1.0" 200 71489 "-" "Mozilla/5.0 (compatible; MJ12bot/v1.4.8; http://mj12bot.com/)"
216.244.66.242 - - [10/Jul/2022:10:23:46 +0200] "GET /harley-davidson-lighter-p-37648.html HTTP/1.0" 200 74597 "-" "Mozilla/5.0 (compatible; DotBot/1.2; +https://opensiteexplorer.org/dotbot; help@moz.com)"
192.99.4.63 - - [10/Jul/2022:10:23:47 +0200] "GET /microfibre-base-cover-taupe-p-39792.html HTTP/1.0" 301 71556 "-" "Mozilla/5.0 (compatible; MJ12bot/v1.4.8; http://mj12bot.com/)"
185.191.171.22 - - [10/Jul/2022:10:23:51 +0200] "GET /stone-golden-healer-grams-p-46601.html HTTP/1.0" 200 71567 "-" "Mozilla/5.0 (compatible; SemrushBot/7~bl; +http://www.semrush.com/bot.html)"
216.244.66.242 - - [10/Jul/2022:10:23:53 +0200] "GET /kimmi-junior-gracie-wooden-p-15836.html HTTP/1.0" 200 74162 "-" "Mozilla/5.0 (compatible; DotBot/1.2; +https://opensiteexplorer.org/dotbot; help@moz.com)"
144.76.68.76 - - [10/Jul/2022:10:23:56 +0200] "GET /wooden-with-p-55071.html HTTP/1.0" 200 74945 "-" "serpstatbot/2.1 (advanced backlink tracking bot; https://serpstatbot.com/; abuse@serpstatbot.com)"
216.244.66.242 - - [10/Jul/2022:10:23:59 +0200] "GET /light-bulb-loop-p-58052.html HTTP/1.0" 200 74733 "-" "Mozilla/5.0 (compatible; DotBot/1.2; +https://opensiteexplorer.org/dotbot; help@moz.com)"
192.99.4.63 - - [10/Jul/2022:10:24:01 +0200] "GET /-p-39792.html HTTP/1.0" 200 71489 "-" "Mozilla/5.0 (compatible; MJ12bot/v1.4.8; http://mj12bot.com/)"
216.165.12.8 - - [10/Jul/2022:10:24:06 +0200] "GET /images/mini_prod/5050293803197.jpg HTTP/1.0" 200 269 "-" "Mozilla/5.0 (X11; Ubuntu; Linux x86_64; rv:72.0) Gecko/20100101 Firefox/72.0"
216.244.66.242 - - [10/Jul/2022:10:24:06 +0200] "GET /marley-zippo-lighter-p-27297.html HTTP/1.0" 200 74575 "-" "Mozilla/5.0 (compatible; DotBot/1.2; +https://opensiteexplorer.org/dotbot; help@moz.com)"
185.191.171.18 - - [10/Jul/2022:10:24:07 +0200] "GET /paris-grey-companion-wallet-p-38623.html HTTP/1.0" 200 74875 "-" "Mozilla/5.0 (compatible; SemrushBot/7~bl; +http://www.semrush.com/bot.html)"
185.191.171.15 - - [10/Jul/2022:10:24:14 +0200] "GET /potholder-glove-ivory-p-54136.html HTTP/1.0" 200 74187 "-" "Mozilla/5.0 (compatible; SemrushBot/7~bl; +http://www.semrush.com/bot.html)"
192.99.4.63 - - [10/Jul/2022:10:24:15 +0200] "GET /mini-buddhist-garden-resin-p-40916.html HTTP/1.0" 200 71619 "-" "Mozilla/5.0 (compatible; MJ12bot/v1.4.8; http://mj12bot.com/)"
192.99.4.63 - - [10/Jul/2022:10:24:30 +0200] "GET /mini-metal-tray-dubout-cats-p-52475.html HTTP/1.0" 200 74254 "-" "Mozilla/5.0 (compatible; MJ12bot/v1.4.8; http://mj12bot.com/)"
192.99.4.63 - - [10/Jul/2022:10:24:44 +0200] "GET /mister-long-sleeve-shirt-p-31041.html HTTP/1.0" 200 75297 "-" "Mozilla/5.0 (compatible; MJ12bot/v1.4.8; http://mj12bot.com/)"
144.76.68.76 - - [10/Jul/2022:10:24:47 +0200] "GET /wooden-with-p-55073.html HTTP/1.0" 200 74955 "-" "serpstatbot/2.1 (advanced backlink tracking bot; https://serpstatbot.com/; abuse@serpstatbot.com)"
54.36.148.197 - - [10/Jul/2022:10:25:02 +0200] "GET /beatles-p-29681.html HTTP/1.0" 200 73988 "-" "Mozilla/5.0 (compatible; AhrefsBot/7.0; +http://ahrefs.com/robot/)"
192.99.4.63 - - [10/Jul/2022:10:25:12 +0200] "GET /monkey-statue-resin-hear-anything-p-46700.html HTTP/1.0" 200 71623 "-" "Mozilla/5.0 (compatible; MJ12bot/v1.4.8; http://mj12bot.com/)"
192.99.4.63 - - [10/Jul/2022:10:25:22 +0200] "GET /morgan-black-watch-p-28756.html HTTP/1.0" 301 71556 "-" "Mozilla/5.0 (compatible; MJ12bot/v1.4.8; http://mj12bot.com/)"
192.99.4.63 - - [10/Jul/2022:10:25:36 +0200] "GET /-p-28756.html HTTP/1.0" 200 71489 "-" "Mozilla/5.0 (compatible; MJ12bot/v1.4.8; http://mj12bot.com/)"
144.76.68.76 - - [10/Jul/2022:10:25:36 +0200] "GET /woodlove-charming-dekor-bedclothes-p-42851.html HTTP/1.0" 200 75024 "-" "serpstatbot/2.1 (advanced backlink tracking bot; https://serpstatbot.com/; abuse@serpstatbot.com)"
37.230.186.130 - - [10/Jul/2022:10:25:55 +0200] "GET /images/mini_prod/5036278060298.jpg HTTP/1.0" 200 269 "-" "Python/3.7 aiohttp/3.8.1"
192.99.4.63 - - [10/Jul/2022:10:25:54 +0200] "GET /mother-newborn-baby-figurine-foundations-karen-hahn-p-41964.html HTTP/1.0" 200 75344 "-" "Mozilla/5.0 (compatible; MJ12bot/v1.4.8; http://mj12bot.com/)"
185.191.171.9 - - [10/Jul/2022:10:26:01 +0200] "GET /love-peace-pink-shirt-p-30150.html HTTP/1.0" 200 75596 "-" "Mozilla/5.0 (compatible; SemrushBot/7~bl; +http://www.semrush.com/bot.html)"
192.99.4.63 - - [10/Jul/2022:10:26:18 +0200] "GET /napkins-dispenser-p-40693.html HTTP/1.0" 301 71556 "-" "Mozilla/5.0 (compatible; MJ12bot/v1.4.8; http://mj12bot.com/)"
144.76.68.76 - - [10/Jul/2022:10:26:25 +0200] "GET /woody-bedclothes-p-55196.html HTTP/1.0" 200 74771 "-" "serpstatbot/2.1 (advanced backlink tracking bot; https://serpstatbot.com/; abuse@serpstatbot.com)"
192.99.4.63 - - [10/Jul/2022:10:26:35 +0200] "GET /-p-40693.html HTTP/1.0" 200 71489 "-" "Mozilla/5.0 (compatible; MJ12bot/v1.4.8; http://mj12bot.com/)"
192.99.4.63 - - [10/Jul/2022:10:26:46 +0200] "GET /natsuki-kimmidoll-swarovski-chain-bracelet-with-charm-p-15881.html HTTP/1.0" 200 74989 "-" "Mozilla/5.0 (compatible; MJ12bot/v1.4.8; http://mj12bot.com/)"
54.36.148.57 - - [10/Jul/2022:10:27:00 +0200] "GET /cats-dubout-placemat-p-47081.html HTTP/1.0" 200 74165 "-" "Mozilla/5.0 (compatible; AhrefsBot/7.0; +http://ahrefs.com/robot/)"
66.249.68.25 - - [10/Jul/2022:10:27:05 +0200] "GET /images/big_prod_1/b9316188078863.jpg HTTP/1.0" 200 271 "-" "Googlebot-Image/1.0"
192.99.4.63 - - [10/Jul/2022:10:27:09 +0200] "GET /natsumi-kimmidoll-doll-p-28676.html HTTP/1.0" 200 71608 "-" "Mozilla/5.0 (compatible; MJ12bot/v1.4.8; http://mj12bot.com/)"
144.76.68.76 - - [10/Jul/2022:10:27:13 +0200] "GET /world-flag-cover-samsung-cbkreation-p-27024.html HTTP/1.0" 301 71556 "-" "serpstatbot/2.1 (advanced backlink tracking bot; https://serpstatbot.com/; abuse@serpstatbot.com)"
192.99.4.63 - - [10/Jul/2022:10:27:29 +0200] "GET /natural-wood-cutting-board-p-42162.html HTTP/1.0" 200 71609 "-" "Mozilla/5.0 (compatible; MJ12bot/v1.4.8; http://mj12bot.com/)"
192.99.4.63 - - [10/Jul/2022:10:27:47 +0200] "GET /nekoamerica-neko-p-28954.html HTTP/1.0" 200 74116 "-" "Mozilla/5.0 (compatible; MJ12bot/v1.4.8; http://mj12bot.com/)"
185.191.171.41 - - [10/Jul/2022:10:27:49 +0200] "GET /fiat-protective-case-iphone-p-12609.html HTTP/1.0" 200 74369 "-" "Mozilla/5.0 (compatible; SemrushBot/7~bl; +http://www.semrush.com/bot.html)"
144.76.68.76 - - [10/Jul/2022:10:28:01 +0200] "GET /world-flag-cover-samsung-cbkreation-p-27026.html HTTP/1.0" 301 71556 "-" "serpstatbot/2.1 (advanced backlink tracking bot; https://serpstatbot.com/; abuse@serpstatbot.com)"
185.191.171.37 - - [10/Jul/2022:10:28:05 +0200] "GET /anjali-mudra-yoga-statue-p-50992.html HTTP/1.0" 200 74800 "-" "Mozilla/5.0 (compatible; SemrushBot/7~bl; +http://www.semrush.com/bot.html)"
192.99.4.63 - - [10/Jul/2022:10:28:09 +0200] "GET /nici-horses-mouse-p-9494.html HTTP/1.0" 200 74231 "-" "Mozilla/5.0 (compatible; MJ12bot/v1.4.8; http://mj12bot.com/)"
192.99.4.63 - - [10/Jul/2022:10:28:25 +0200] "GET /nici-jolly-lynn-sheep-plush-p-35183.html HTTP/1.0" 200 71633 "-" "Mozilla/5.0 (compatible; MJ12bot/v1.4.8; http://mj12bot.com/)"
42.186.143.198 - - [10/Jul/2022:10:28:30 +0200] "GET /images/mini_prod/3457019604168.jpg HTTP/1.0" 200 269 "-" "Mozilla/5.0 (X11; Ubuntu; Linux x86_64; rv:72.0) Gecko/20100101 Firefox/72.0"
192.99.4.63 - - [10/Jul/2022:10:28:46 +0200] "GET /nici-jolly-lynn-sheep-plush-p-35185.html HTTP/1.0" 200 71599 "-" "Mozilla/5.0 (compatible; MJ12bot/v1.4.8; http://mj12bot.com/)"
54.36.148.215 - - [10/Jul/2022:10:28:47 +0200] "GET /boxes-storage-c-13_150.html?page=11 HTTP/1.0" 200 94744 "-" "Mozilla/5.0 (compatible; AhrefsBot/7.0; +http://ahrefs.com/robot/)"
185.191.171.2 - - [10/Jul/2022:10:28:47 +0200] "GET /writing-and-correction-c-129_186.html?page=7 HTTP/1.0" 301 90838 "-" "Mozilla/5.0 (compatible; SemrushBot/7~bl; +http://www.semrush.com/bot.html)"
144.76.68.76 - - [10/Jul/2022:10:28:48 +0200] "GET /worry-stones-amethyst-p-48666.html HTTP/1.0" 200 71563 "-" "serpstatbot/2.1 (advanced backlink tracking bot; https://serpstatbot.com/; abuse@serpstatbot.com)"
185.191.171.4 - - [10/Jul/2022:10:28:52 +0200] "GET /writing-correction-c-186.html?page=7 HTTP/1.0" 301 90702 "-" "Mozilla/5.0 (compatible; SemrushBot/7~bl; +http://www.semrush.com/bot.html)"
185.191.171.2 - - [10/Jul/2022:10:28:55 +0200] "GET /writing-correction-c-129_186.html?page=7 HTTP/1.0" 200 90748 "-" "Mozilla/5.0 (compatible; SemrushBot/7~bl; +http://www.semrush.com/bot.html)"
192.99.4.63 - - [10/Jul/2022:10:29:04 +0200] "GET /nici-jolly-sheep-devil-keyring-plush-p-33669.html HTTP/1.0" 200 71660 "-" "Mozilla/5.0 (compatible; MJ12bot/v1.4.8; http://mj12bot.com/)"
185.191.171.24 - - [10/Jul/2022:10:29:17 +0200] "GET /large-resin-gorilla-statuette-p-54086.html HTTP/1.0" 200 71596 "-" "Mozilla/5.0 (compatible; SemrushBot/7~bl; +http://www.semrush.com/bot.html)"
192.99.4.63 - - [10/Jul/2022:10:29:20 +0200] "GET /nici-jolly-tape-hair-keyring-p-19106.html HTTP/1.0" 200 71629 "-" "Mozilla/5.0 (compatible; MJ12bot/v1.4.8; http://mj12bot.com/)"
192.99.4.63 - - [10/Jul/2022:10:29:30 +0200] "GET /nici-koala-keyring-plush-p-33667.html HTTP/1.0" 200 71600 "-" "Mozilla/5.0 (compatible; MJ12bot/v1.4.8; http://mj12bot.com/)"
144.76.68.76 - - [10/Jul/2022:10:29:37 +0200] "GET /worry-stones-hematite-p-46297.html HTTP/1.0" 200 71563 "-" "serpstatbot/2.1 (advanced backlink tracking bot; https://serpstatbot.com/; abuse@serpstatbot.com)"
185.191.171.39 - - [10/Jul/2022:10:29:38 +0200] "GET /home-and-decoration-c-13.html?page=263 HTTP/1.0" 301 79536 "-" "Mozilla/5.0 (compatible; SemrushBot/7~bl; +http://www.semrush.com/bot.html)"
192.99.4.63 - - [10/Jul/2022:10:29:42 +0200] "GET /nici-lion-keyring-plush-p-33456.html HTTP/1.0" 200 71595 "-" "Mozilla/5.0 (compatible; MJ12bot/v1.4.8; http://mj12bot.com/)"
185.191.171.22 - - [10/Jul/2022:10:29:43 +0200] "GET /home-decoration-c-13.html?page=263 HTTP/1.0" 200 79448 "-" "Mozilla/5.0 (compatible; SemrushBot/7~bl; +http://www.semrush.com/bot.html)"
185.191.171.1 - - [10/Jul/2022:10:29:48 +0200] "GET /square-coasters-little-green-hearts-cbkreation-p-17904.html HTTP/1.0" 200 74410 "-" "Mozilla/5.0 (compatible; SemrushBot/7~bl; +http://www.semrush.com/bot.html)"
192.99.4.63 - - [10/Jul/2022:10:30:03 +0200] "GET /nici-orangutan-p-16375.html HTTP/1.0" 200 71562 "-" "Mozilla/5.0 (compatible; MJ12bot/v1.4.8; http://mj12bot.com/)"
192.99.4.63 - - [10/Jul/2022:10:30:24 +0200] "GET /nici-penguin-memo-clip-p-33665.html HTTP/1.0" 200 71590 "-" "Mozilla/5.0 (compatible; MJ12bot/v1.4.8; http://mj12bot.com/)"
144.76.68.76 - - [10/Jul/2022:10:30:26 +0200] "GET /writing-correction-c-129_186.html?page=2 HTTP/1.0" 200 93139 "-" "serpstatbot/2.1 (advanced backlink tracking bot; https://serpstatbot.com/; abuse@serpstatbot.com)"
185.191.171.33 - - [10/Jul/2022:10:30:28 +0200] "GET /porcelain-rabbit-lamp-p-54164.html HTTP/1.0" 301 71556 "-" "Mozilla/5.0 (compatible; SemrushBot/7~bl; +http://www.semrush.com/bot.html)"
185.191.171.35 - - [10/Jul/2022:10:30:31 +0200] "GET /-p-54164.html HTTP/1.0" 200 71489 "-" "Mozilla/5.0 (compatible; SemrushBot/7~bl; +http://www.semrush.com/bot.html)"
185.191.171.23 - - [10/Jul/2022:10:30:34 +0200] "GET /bamboo-fiber-mattress-protector-p-52891.html?action=add_product HTTP/1.0" 302 476 "-" "Mozilla/5.0 (compatible; SemrushBot/7~bl; +http://www.semrush.com/bot.html)"
66.249.68.1 - - [10/Jul/2022:10:30:35 +0200] "GET /spongebob-toddler-flatware-p-231.html HTTP/1.0" 200 74158 "-" "Mozilla/5.0 (compatible; Googlebot/2.1; +http://www.google.com/bot.html)"
192.99.4.63 - - [10/Jul/2022:10:30:38 +0200] "GET /nici-pink-rabbit-p-22301.html HTTP/1.0" 200 71572 "-" "Mozilla/5.0 (compatible; MJ12bot/v1.4.8; http://mj12bot.com/)"
40.77.167.74 - - [10/Jul/2022:10:30:40 +0200] "GET /images/med_prod/1384010178799.jpg HTTP/1.0" 200 268 "-" "Mozilla/5.0 (compatible; bingbot/2.0; +http://www.bing.com/bingbot.htm)"
54.36.148.127 - - [10/Jul/2022:10:30:45 +0200] "GET /sugar-cesarine-collection-p-56476.html HTTP/1.0" 200 74372 "-" "Mozilla/5.0 (compatible; AhrefsBot/7.0; +http://ahrefs.com/robot/)"
54.36.149.82 - - [10/Jul/2022:10:30:48 +0200] "GET /images/big_prod/3503420018978.jpg HTTP/1.0" 200 268 "-" "Mozilla/5.0 (compatible; AhrefsBot/7.0; +http://ahrefs.com/robot/)"
192.99.4.63 - - [10/Jul/2022:10:30:49 +0200] "GET /nici-plush-collection-bubble-bunny-p-35157.html HTTP/1.0" 200 81071 "-" "Mozilla/5.0 (compatible; MJ12bot/v1.4.8; http://mj12bot.com/)"
192.99.4.63 - - [10/Jul/2022:10:31:00 +0200] "GET /nici-porcupine-plush-keyring-p-35203.html HTTP/1.0" 200 74178 "-" "Mozilla/5.0 (compatible; MJ12bot/v1.4.8; http://mj12bot.com/)"
192.99.4.63 - - [10/Jul/2022:10:31:12 +0200] "GET /nici-sheep-cereal-bowl-p-9225.html HTTP/1.0" 200 71588 "-" "Mozilla/5.0 (compatible; MJ12bot/v1.4.8; http://mj12bot.com/)"
144.76.68.76 - - [10/Jul/2022:10:31:14 +0200] "GET /writing-correction-c-129_186.html?page=3 HTTP/1.0" 200 93963 "-" "serpstatbot/2.1 (advanced backlink tracking bot; https://serpstatbot.com/; abuse@serpstatbot.com)"
185.191.171.26 - - [10/Jul/2022:10:31:17 +0200] "GET /burlap-round-table-set-love-p-47321.html HTTP/1.0" 301 71556 "-" "Mozilla/5.0 (compatible; SemrushBot/7~bl; +http://www.semrush.com/bot.html)"
185.191.171.21 - - [10/Jul/2022:10:31:21 +0200] "GET /-p-47321.html HTTP/1.0" 200 71489 "-" "Mozilla/5.0 (compatible; SemrushBot/7~bl; +http://www.semrush.com/bot.html)"
192.99.4.63 - - [10/Jul/2022:10:31:29 +0200] "GET /nici-sweet-hearts-green-turtle-plush-p-35181.html HTTP/1.0" 200 71635 "-" "Mozilla/5.0 (compatible; MJ12bot/v1.4.8; http://mj12bot.com/)"
185.191.171.3 - - [10/Jul/2022:10:31:42 +0200] "GET /barbecue-bar-paper-towel-dispenser-p-38258.html HTTP/1.0" 301 71556 "-" "Mozilla/5.0 (compatible; SemrushBot/7~bl; +http://www.semrush.com/bot.html)"
185.191.171.9 - - [10/Jul/2022:10:31:45 +0200] "GET /-p-38258.html HTTP/1.0" 200 71489 "-" "Mozilla/5.0 (compatible; SemrushBot/7~bl; +http://www.semrush.com/bot.html)"
192.99.4.63 - - [10/Jul/2022:10:31:48 +0200] "GET /ninja-turtles-storage-stool-p-27533.html HTTP/1.0" 200 74924 "-" "Mozilla/5.0 (compatible; MJ12bot/v1.4.8; http://mj12bot.com/)"
192.99.4.63 - - [10/Jul/2022:10:31:57 +0200] "GET /nobuko-kimmidoll-dolls-p-27432.html HTTP/1.0" 200 71608 "-" "Mozilla/5.0 (compatible; MJ12bot/v1.4.8; http://mj12bot.com/)"
144.76.68.76 - - [10/Jul/2022:10:32:01 +0200] "GET /writing-correction-c-129_186.html?page=4 HTTP/1.0" 200 93913 "-" "serpstatbot/2.1 (advanced backlink tracking bot; https://serpstatbot.com/; abuse@serpstatbot.com)"
192.99.4.63 - - [10/Jul/2022:10:32:14 +0200] "GET /orange-apple-shaped-moneybox-p-36477.html HTTP/1.0" 200 74193 "-" "Mozilla/5.0 (compatible; MJ12bot/v1.4.8; http://mj12bot.com/)"
192.99.4.63 - - [10/Jul/2022:10:32:28 +0200] "GET /ottomans-storage-ottomans-c-13_209.html?page=1 HTTP/1.0" 200 91045 "-" "Mozilla/5.0 (compatible; MJ12bot/v1.4.8; http://mj12bot.com/)"
185.191.171.42 - - [10/Jul/2022:10:32:30 +0200] "GET /small-money-bird-pink-green-p-58460.html HTTP/1.0" 200 75049 "-" "Mozilla/5.0 (compatible; SemrushBot/7~bl; +http://www.semrush.com/bot.html)"
192.99.4.63 - - [10/Jul/2022:10:32:38 +0200] "GET /ottomans-storage-ottomans-c-13_209.html?page=2 HTTP/1.0" 200 91045 "-" "Mozilla/5.0 (compatible; MJ12bot/v1.4.8; http://mj12bot.com/)"
144.76.68.76 - - [10/Jul/2022:10:32:46 +0200] "GET /writing-correction-c-129_186.html?page=5 HTTP/1.0" 200 93887 "-" "serpstatbot/2.1 (advanced backlink tracking bot; https://serpstatbot.com/; abuse@serpstatbot.com)"
192.99.4.63 - - [10/Jul/2022:10:32:50 +0200] "GET /panther-wall-decoration-resin-p-52573.html HTTP/1.0" 200 74248 "-" "Mozilla/5.0 (compatible; MJ12bot/v1.4.8; http://mj12bot.com/)"
54.36.148.202 - - [10/Jul/2022:10:32:51 +0200] "GET /jane-crowther-cats-p-53788.html HTTP/1.0" 200 74218 "-" "Mozilla/5.0 (compatible; AhrefsBot/7.0; +http://ahrefs.com/robot/)"
54.36.148.218 - - [10/Jul/2022:10:32:54 +0200] "GET /images/big_prod/3700572714998.jpg HTTP/1.0" 200 268 "-" "Mozilla/5.0 (compatible; AhrefsBot/7.0; +http://ahrefs.com/robot/)"
192.99.4.63 - - [10/Jul/2022:10:33:02 +0200] "GET /paperweight-flamingo-kiub-collection-jewels-p-55895.html HTTP/1.0" 200 75016 "-" "Mozilla/5.0 (compatible; MJ12bot/v1.4.8; http://mj12bot.com/)"
147.92.153.2 - - [10/Jul/2022:10:33:05 +0200] "GET /artisan-plaster-thermometer-handcrafted-p-58012.html HTTP/1.0" 200 75208 "-" "Mozilla/5.0 (compatible; Linespider/1.1; +https://lin.ee/4dwXkTH)"
192.99.4.63 - - [10/Jul/2022:10:33:16 +0200] "GET /paperweight-nautical-p-52928.html HTTP/1.0" 200 74121 "-" "Mozilla/5.0 (compatible; MJ12bot/v1.4.8; http://mj12bot.com/)"
185.191.171.22 - - [10/Jul/2022:10:33:16 +0200] "GET /chakras-wooden-plate-p-46227.html HTTP/1.0" 200 74153 "-" "Mozilla/5.0 (compatible; SemrushBot/7~bl; +http://www.semrush.com/bot.html)"
147.92.153.4 - - [10/Jul/2022:10:33:23 +0200] "GET /swfobject.js HTTP/1.0" 404 1308 "http://www.wonder-geek.com/artisan-plaster-thermometer-handcrafted-p-58012.html" "Mozilla/5.0 (X11; Linux x86_64) AppleWebKit/537.36 (KHTML, like Gecko) HeadlessChrome/101.0.4951.0 Safari/537.36"
192.99.4.63 - - [10/Jul/2022:10:33:29 +0200] "GET /paris-beauty-nail-p-34520.html HTTP/1.0" 200 74320 "-" "Mozilla/5.0 (compatible; MJ12bot/v1.4.8; http://mj12bot.com/)"
144.76.68.76 - - [10/Jul/2022:10:33:35 +0200] "GET /writing-correction-c-129_186.html?page=6 HTTP/1.0" 200 90748 "-" "serpstatbot/2.1 (advanced backlink tracking bot; https://serpstatbot.com/; abuse@serpstatbot.com)"
51.68.224.127 - - [10/Jul/2022:10:33:45 +0200] "GET /adminweb/export_orders_xml.php?token=256de2z6edz6ed2z6DFSFsed2zed6zeDSFDSGdzedezfzf&maxorders=10&orderstart=1&status=14&start_date=2018-10-01 HTTP/1.0" 200 285 "-" "GesCom CharlotteBoutik Serveur"
51.68.224.127 - - [10/Jul/2022:10:33:45 +0200] "GET /adminweb/export_orders_xml.php?token=256de2z6edz6ed2z6DFSFsed2zed6zeDSFDSGdzedezfzf&maxorders=10&orderstart=1&status=6&start_date=2018-10-01 HTTP/1.0" 200 31081 "-" "GesCom CharlotteBoutik Serveur"
192.99.4.63 - - [10/Jul/2022:10:33:46 +0200] "GET /paris-cushion-p-24497.html HTTP/1.0" 301 71556 "-" "Mozilla/5.0 (compatible; MJ12bot/v1.4.8; http://mj12bot.com/)"
185.191.171.16 - - [10/Jul/2022:10:33:53 +0200] "GET /teo-jasmin-bed-for-dog-p-32294.html HTTP/1.0" 301 74210 "-" "Mozilla/5.0 (compatible; SemrushBot/7~bl; +http://www.semrush.com/bot.html)"
185.191.171.24 - - [10/Jul/2022:10:33:57 +0200] "GET /jasmin-p-32294.html HTTP/1.0" 200 74137 "-" "Mozilla/5.0 (compatible; SemrushBot/7~bl; +http://www.semrush.com/bot.html)"
192.99.4.63 - - [10/Jul/2022:10:34:05 +0200] "GET /-p-24497.html HTTP/1.0" 200 71489 "-" "Mozilla/5.0 (compatible; MJ12bot/v1.4.8; http://mj12bot.com/)"
185.191.171.1 - - [10/Jul/2022:10:34:07 +0200] "GET /white-table-lamp-p-44530.html?action=add_product HTTP/1.0" 302 476 "-" "Mozilla/5.0 (compatible; SemrushBot/7~bl; +http://www.semrush.com/bot.html)"
185.191.171.39 - - [10/Jul/2022:10:34:15 +0200] "GET /fish-lips-clock-by-allen-p-44574.html HTTP/1.0" 301 74828 "-" "Mozilla/5.0 (compatible; SemrushBot/7~bl; +http://www.semrush.com/bot.html)"
185.191.171.1 - - [10/Jul/2022:10:34:17 +0200] "GET /fish-lips-clock-allen-p-44574.html HTTP/1.0" 200 74740 "-" "Mozilla/5.0 (compatible; SemrushBot/7~bl; +http://www.semrush.com/bot.html)"
192.99.4.63 - - [10/Jul/2022:10:34:19 +0200] "GET /patinated-blue-metal-cover-p-56465.html HTTP/1.0" 200 74794 "-" "Mozilla/5.0 (compatible; MJ12bot/v1.4.8; http://mj12bot.com/)"
144.76.68.76 - - [10/Jul/2022:10:34:20 +0200] "GET /wunzees-doll-series-kiki-p-45123.html HTTP/1.0" 200 71587 "-" "serpstatbot/2.1 (advanced backlink tracking bot; https://serpstatbot.com/; abuse@serpstatbot.com)"
192.99.4.63 - - [10/Jul/2022:10:34:34 +0200] "GET /petsy-terracotta-planter-grey-p-55325.html HTTP/1.0" 200 74895 "-" "Mozilla/5.0 (compatible; MJ12bot/v1.4.8; http://mj12bot.com/)"
192.99.4.63 - - [10/Jul/2022:10:34:47 +0200] "GET /plush-keeleco-friendly-squirrel-p-55370.html HTTP/1.0" 200 75059 "-" "Mozilla/5.0 (compatible; MJ12bot/v1.4.8; http://mj12bot.com/)"
54.36.148.48 - - [10/Jul/2022:10:34:58 +0200] "GET /iphone-silicone-white-shell-audiocassette-p-18933.html HTTP/1.0" 200 74613 "-" "Mozilla/5.0 (compatible; AhrefsBot/7.0; +http://ahrefs.com/robot/)"
192.99.4.63 - - [10/Jul/2022:10:35:00 +0200] "GET /princess-frog-umbrella-p-20495.html HTTP/1.0" 301 71556 "-" "Mozilla/5.0 (compatible; MJ12bot/v1.4.8; http://mj12bot.com/)"
35.192.131.193 - - [10/Jul/2022:10:35:02 +0200] "GET / HTTP/1.0" 301 511 "-" "Mozilla/5.0 (X11; Linux x86_64) AppleWebKit/537.36 (KHTML, like Gecko) Chrome/105.0.0.0 Safari/537.36"
185.191.171.2 - - [10/Jul/2022:10:35:01 +0200] "GET /dishes-c-12.html?page=109 HTTP/1.0" 200 92884 "-" "Mozilla/5.0 (compatible; SemrushBot/7~bl; +http://www.semrush.com/bot.html)"
35.192.131.193 - - [10/Jul/2022:10:35:02 +0200] "GET / HTTP/1.0" 200 96500 "-" "Mozilla/5.0 (X11; Linux x86_64) AppleWebKit/537.36 (KHTML, like Gecko) Chrome/105.0.0.0 Safari/537.36"
35.192.131.193 - - [10/Jul/2022:10:35:06 +0200] "GET /templates/Pixame_v1/stylesheet.css HTTP/1.0" 200 267 "http://www.wonder-geek.com/" "Mozilla/5.0 (X11; Linux x86_64) AppleWebKit/537.36 (KHTML, like Gecko) Chrome/105.0.0.0 Safari/537.36"
35.192.131.193 - - [10/Jul/2022:10:35:06 +0200] "GET /highslide/highslide.js HTTP/1.0" 200 262 "http://www.wonder-geek.com/" "Mozilla/5.0 (X11; Linux x86_64) AppleWebKit/537.36 (KHTML, like Gecko) Chrome/105.0.0.0 Safari/537.36"
35.192.131.193 - - [10/Jul/2022:10:35:06 +0200] "GET /js/jquery.js HTTP/1.0" 200 252 "http://www.wonder-geek.com/" "Mozilla/5.0 (X11; Linux x86_64) AppleWebKit/537.36 (KHTML, like Gecko) Chrome/105.0.0.0 Safari/537.36"
35.192.131.193 - - [10/Jul/2022:10:35:07 +0200] "GET /js/jquery.jqzoom.js HTTP/1.0" 200 259 "http://www.wonder-geek.com/" "Mozilla/5.0 (X11; Linux x86_64) AppleWebKit/537.36 (KHTML, like Gecko) Chrome/105.0.0.0 Safari/537.36"
35.192.131.193 - - [10/Jul/2022:10:35:07 +0200] "GET /mondial_relay/js/jquery-1.3.2.min.js HTTP/1.0" 200 276 "http://www.wonder-geek.com/" "Mozilla/5.0 (X11; Linux x86_64) AppleWebKit/537.36 (KHTML, like Gecko) Chrome/105.0.0.0 Safari/537.36"
35.192.131.193 - - [10/Jul/2022:10:35:07 +0200] "GET /swfobject.js HTTP/1.0" 404 1308 "http://www.wonder-geek.com/" "Mozilla/5.0 (X11; Linux x86_64) AppleWebKit/537.36 (KHTML, like Gecko) Chrome/105.0.0.0 Safari/537.36"
35.192.131.193 - - [10/Jul/2022:10:35:07 +0200] "GET /templates/Pixame_v1/images/icon_accueil2.png HTTP/1.0" 200 278 "http://www.wonder-geek.com/" "Mozilla/5.0 (X11; Linux x86_64) AppleWebKit/537.36 (KHTML, like Gecko) Chrome/105.0.0.0 Safari/537.36"
35.192.131.193 - - [10/Jul/2022:10:35:08 +0200] "GET /templates/Pixame_v1/images/infobox/pixel_trans.gif HTTP/1.0" 200 328 "http://www.wonder-geek.com/" "Mozilla/5.0 (X11; Linux x86_64) AppleWebKit/537.36 (KHTML, like Gecko) Chrome/105.0.0.0 Safari/537.36"
35.192.131.193 - - [10/Jul/2022:10:35:08 +0200] "GET /images/pixel_trans.gif HTTP/1.0" 200 328 "http://www.wonder-geek.com/" "Mozilla/5.0 (X11; Linux x86_64) AppleWebKit/537.36 (KHTML, like Gecko) Chrome/105.0.0.0 Safari/537.36"
35.192.131.193 - - [10/Jul/2022:10:35:08 +0200] "GET /templates/Pixame_v1/images/Bottom_texture.jpg HTTP/1.0" 200 280 "http://www.wonder-geek.com/templates/Pixame_v1/stylesheet.css" "Mozilla/5.0 (X11; Linux x86_64) AppleWebKit/537.36 (KHTML, like Gecko) Chrome/105.0.0.0 Safari/537.36"
35.192.131.193 - - [10/Jul/2022:10:35:08 +0200] "GET /templates/Pixame_v1/images/Middle_texture.jpg HTTP/1.0" 200 280 "http://www.wonder-geek.com/templates/Pixame_v1/stylesheet.css" "Mozilla/5.0 (X11; Linux x86_64) AppleWebKit/537.36 (KHTML, like Gecko) Chrome/105.0.0.0 Safari/537.36"
35.192.131.193 - - [10/Jul/2022:10:35:08 +0200] "GET /templates/Pixame_v1/images/header.png HTTP/1.0" 200 271 "http://www.wonder-geek.com/templates/Pixame_v1/stylesheet.css" "Mozilla/5.0 (X11; Linux x86_64) AppleWebKit/537.36 (KHTML, like Gecko) Chrome/105.0.0.0 Safari/537.36"
35.192.131.193 - - [10/Jul/2022:10:35:09 +0200] "GET /templates/Pixame_v1/images/header-object.png HTTP/1.0" 200 278 "http://www.wonder-geek.com/templates/Pixame_v1/stylesheet.css" "Mozilla/5.0 (X11; Linux x86_64) AppleWebKit/537.36 (KHTML, like Gecko) Chrome/105.0.0.0 Safari/537.36"
35.192.131.193 - - [10/Jul/2022:10:35:09 +0200] "GET /templates/Pixame_v1/images/nav.png HTTP/1.0" 200 268 "http://www.wonder-geek.com/templates/Pixame_v1/stylesheet.css" "Mozilla/5.0 (X11; Linux x86_64) AppleWebKit/537.36 (KHTML, like Gecko) Chrome/105.0.0.0 Safari/537.36"
144.76.68.76 - - [10/Jul/2022:10:35:08 +0200] "GET /yoga-c-11_269_268.html HTTP/1.0" 200 84936 "-" "serpstatbot/2.1 (advanced backlink tracking bot; https://serpstatbot.com/; abuse@serpstatbot.com)"
35.192.131.193 - - [10/Jul/2022:10:35:10 +0200] "GET /design/productsenstock.png HTTP/1.0" 200 260 "http://www.wonder-geek.com/templates/Pixame_v1/stylesheet.css" "Mozilla/5.0 (X11; Linux x86_64) AppleWebKit/537.36 (KHTML, like Gecko) Chrome/105.0.0.0 Safari/537.36"
35.192.131.193 - - [10/Jul/2022:10:35:10 +0200] "GET /images/mini_prod/9316188080859.jpg HTTP/1.0" 200 269 "http://www.wonder-geek.com/" "Mozilla/5.0 (X11; Linux x86_64) AppleWebKit/537.36 (KHTML, like Gecko) Chrome/105.0.0.0 Safari/537.36"
35.192.131.193 - - [10/Jul/2022:10:35:10 +0200] "GET /images/mini_prod/9316188081160.jpg HTTP/1.0" 200 269 "http://www.wonder-geek.com/" "Mozilla/5.0 (X11; Linux x86_64) AppleWebKit/537.36 (KHTML, like Gecko) Chrome/105.0.0.0 Safari/537.36"
35.192.131.193 - - [10/Jul/2022:10:35:11 +0200] "GET /images/mini_prod/5036278058394.jpg HTTP/1.0" 200 269 "http://www.wonder-geek.com/" "Mozilla/5.0 (X11; Linux x86_64) AppleWebKit/537.36 (KHTML, like Gecko) Chrome/105.0.0.0 Safari/537.36"
35.192.131.193 - - [10/Jul/2022:10:35:11 +0200] "GET /images/mini_prod/8435306299766.jpg HTTP/1.0" 200 269 "http://www.wonder-geek.com/" "Mozilla/5.0 (X11; Linux x86_64) AppleWebKit/537.36 (KHTML, like Gecko) Chrome/105.0.0.0 Safari/537.36"
35.192.131.193 - - [10/Jul/2022:10:35:11 +0200] "GET /images/mini_prod/3662498029788.jpg HTTP/1.0" 200 269 "http://www.wonder-geek.com/" "Mozilla/5.0 (X11; Linux x86_64) AppleWebKit/537.36 (KHTML, like Gecko) Chrome/105.0.0.0 Safari/537.36"
35.192.131.193 - - [10/Jul/2022:10:35:11 +0200] "GET /images/mini_prod/3494157821026.jpg HTTP/1.0" 200 269 "http://www.wonder-geek.com/" "Mozilla/5.0 (X11; Linux x86_64) AppleWebKit/537.36 (KHTML, like Gecko) Chrome/105.0.0.0 Safari/537.36"
35.192.131.193 - - [10/Jul/2022:10:35:11 +0200] "GET /images/mini_prod/063562527453.gif HTTP/1.0" 200 267 "http://www.wonder-geek.com/" "Mozilla/5.0 (X11; Linux x86_64) AppleWebKit/537.36 (KHTML, like Gecko) Chrome/105.0.0.0 Safari/537.36"
35.192.131.193 - - [10/Jul/2022:10:35:11 +0200] "GET /images/mini_prod/1399984242278.jpg HTTP/1.0" 200 269 "http://www.wonder-geek.com/" "Mozilla/5.0 (X11; Linux x86_64) AppleWebKit/537.36 (KHTML, like Gecko) Chrome/105.0.0.0 Safari/537.36"
35.192.131.193 - - [10/Jul/2022:10:35:11 +0200] "GET /images/mini_prod/100_4191.gif HTTP/1.0" 200 263 "http://www.wonder-geek.com/" "Mozilla/5.0 (X11; Linux x86_64) AppleWebKit/537.36 (KHTML, like Gecko) Chrome/105.0.0.0 Safari/537.36"
35.192.131.193 - - [10/Jul/2022:10:35:12 +0200] "GET /images/mini_prod/3700791200166.jpg HTTP/1.0" 200 269 "http://www.wonder-geek.com/" "Mozilla/5.0 (X11; Linux x86_64) AppleWebKit/537.36 (KHTML, like Gecko) Chrome/105.0.0.0 Safari/537.36"
35.192.131.193 - - [10/Jul/2022:10:35:12 +0200] "GET /images/mini_prod/parme3384370102340.jpg HTTP/1.0" 200 274 "http://www.wonder-geek.com/" "Mozilla/5.0 (X11; Linux x86_64) AppleWebKit/537.36 (KHTML, like Gecko) Chrome/105.0.0.0 Safari/537.36"
35.192.131.193 - - [10/Jul/2022:10:35:12 +0200] "GET /images/mini_prod/101375722572294.jpg HTTP/1.0" 200 271 "http://www.wonder-geek.com/" "Mozilla/5.0 (X11; Linux x86_64) AppleWebKit/537.36 (KHTML, like Gecko) Chrome/105.0.0.0 Safari/537.36"
35.192.131.193 - - [10/Jul/2022:10:35:12 +0200] "GET /templates/Pixame_v1/images/infobox/infobox_footer_middle.gif HTTP/1.0" 200 357 "http://www.wonder-geek.com/" "Mozilla/5.0 (X11; Linux x86_64) AppleWebKit/537.36 (KHTML, like Gecko) Chrome/105.0.0.0 Safari/537.36"
35.192.131.193 - - [10/Jul/2022:10:35:12 +0200] "GET /templates/Pixame_v1/images/pixel_trans.gif HTTP/1.0" 200 328 "http://www.wonder-geek.com/" "Mozilla/5.0 (X11; Linux x86_64) AppleWebKit/537.36 (KHTML, like Gecko) Chrome/105.0.0.0 Safari/537.36"
35.192.131.193 - - [10/Jul/2022:10:35:12 +0200] "GET /images/icons/soldes_grand.jpg HTTP/1.0" 200 264 "http://www.wonder-geek.com/" "Mozilla/5.0 (X11; Linux x86_64) AppleWebKit/537.36 (KHTML, like Gecko) Chrome/105.0.0.0 Safari/537.36"
35.192.131.193 - - [10/Jul/2022:10:35:12 +0200] "GET /images/mini_prod/3661443279902.jpg HTTP/1.0" 200 269 "http://www.wonder-geek.com/" "Mozilla/5.0 (X11; Linux x86_64) AppleWebKit/537.36 (KHTML, like Gecko) Chrome/105.0.0.0 Safari/537.36"
35.192.131.193 - - [10/Jul/2022:10:35:12 +0200] "GET /images/mini_prod/5411854149718.jpg HTTP/1.0" 200 269 "http://www.wonder-geek.com/" "Mozilla/5.0 (X11; Linux x86_64) AppleWebKit/537.36 (KHTML, like Gecko) Chrome/105.0.0.0 Safari/537.36"
35.192.131.193 - - [10/Jul/2022:10:35:13 +0200] "GET /images/mini_prod/8084225587548.jpg HTTP/1.0" 200 269 "http://www.wonder-geek.com/" "Mozilla/5.0 (X11; Linux x86_64) AppleWebKit/537.36 (KHTML, like Gecko) Chrome/105.0.0.0 Safari/537.36"
