51.68.224.127 - - [10/Jul/2022:18:47:17 +0200] "GET /adminweb/export_orders_xml.php?token=256de2z6edz6ed2z6DFSFsed2zed6zeDSFDSGdzedezfzf&maxorders=10&orderstart=1&status=6&start_date=2018-10-01 HTTP/1.0" 200 31081 "-" "GesCom CharlotteBoutik Serveur"
185.191.171.45 - - [10/Jul/2022:18:47:19 +0200] "GET /magnet-resin-camembert-made-in-france-p-39110.html HTTP/1.0" 301 71726 "-" "Mozilla/5.0 (compatible; SemrushBot/7~bl; +http://www.semrush.com/bot.html)"
185.191.171.12 - - [10/Jul/2022:18:47:21 +0200] "GET /magnet-resin-camembert-made-france-p-39110.html HTTP/1.0" 200 71625 "-" "Mozilla/5.0 (compatible; SemrushBot/7~bl; +http://www.semrush.com/bot.html)"
185.191.171.23 - - [10/Jul/2022:18:47:32 +0200] "GET /keychain-jewel-tree-life-multicolour-p-40752.html HTTP/1.0" 200 74421 "-" "Mozilla/5.0 (compatible; SemrushBot/7~bl; +http://www.semrush.com/bot.html)"
144.76.68.76 - - [10/Jul/2022:18:47:41 +0200] "GET /vanity-beauty-bags-c-31_78.html?page=4 HTTP/1.0" 200 81550 "-" "serpstatbot/2.1 (advanced backlink tracking bot; https://serpstatbot.com/; abuse@serpstatbot.com)"
185.191.171.12 - - [10/Jul/2022:18:48:03 +0200] "GET /our-lady-of-good-advice-prayer-candle-novena-p-51643.html HTTP/1.0" 301 75135 "-" "Mozilla/5.0 (compatible; SemrushBot/7~bl; +http://www.semrush.com/bot.html)"
185.191.171.38 - - [10/Jul/2022:18:48:06 +0200] "GET /lady-good-advice-prayer-candle-novena-p-51643.html HTTP/1.0" 200 75031 "-" "Mozilla/5.0 (compatible; SemrushBot/7~bl; +http://www.semrush.com/bot.html)"
54.36.149.7 - - [10/Jul/2022:18:48:19 +0200] "GET /tassen-mood-made-germany-p-43323.html HTTP/1.0" 200 74311 "-" "Mozilla/5.0 (compatible; AhrefsBot/7.0; +http://ahrefs.com/robot/)"
54.36.148.24 - - [10/Jul/2022:18:48:24 +0200] "GET /images/big_prod/4250255858956.jpg HTTP/1.0" 200 268 "-" "Mozilla/5.0 (compatible; AhrefsBot/7.0; +http://ahrefs.com/robot/)"
144.76.68.76 - - [10/Jul/2022:18:48:43 +0200] "GET /water-bottles-sport-bottles-c-12_161.html HTTP/1.0" 200 94227 "-" "serpstatbot/2.1 (advanced backlink tracking bot; https://serpstatbot.com/; abuse@serpstatbot.com)"
216.244.66.242 - - [10/Jul/2022:18:49:57 +0200] "GET /door-plate-bathroom-p-48977.html HTTP/1.0" 200 74150 "-" "Mozilla/5.0 (compatible; DotBot/1.2; +https://opensiteexplorer.org/dotbot; help@moz.com)"
100.20.208.216 - - [10/Jul/2022:18:50:01 +0200] "GET /images/mini_prod/DSCN7550.jpg HTTP/1.0" 200 264 "-" "Mozilla/5.0 (X11; Ubuntu; Linux x86_64; rv:72.0) Gecko/20100101 Firefox/72.0"
185.191.171.6 - - [10/Jul/2022:18:50:34 +0200] "GET /mickey-mouse-blue-swimsuit-p-30484.html HTTP/1.0" 200 75342 "-" "Mozilla/5.0 (compatible; SemrushBot/7~bl; +http://www.semrush.com/bot.html)"
185.191.171.12 - - [10/Jul/2022:18:50:37 +0200] "GET /arrow-metal-plate-p-41720.html?action=add_product HTTP/1.0" 302 476 "-" "Mozilla/5.0 (compatible; SemrushBot/7~bl; +http://www.semrush.com/bot.html)"
144.76.68.76 - - [10/Jul/2022:18:50:37 +0200] "GET /union-jack-mini-magnet-mirror-p-19666.html HTTP/1.0" 200 74219 "-" "serpstatbot/2.1 (advanced backlink tracking bot; https://serpstatbot.com/; abuse@serpstatbot.com)"
185.191.171.8 - - [10/Jul/2022:18:50:39 +0200] "GET /mani-lucky-p-42777.html HTTP/1.0" 200 71566 "-" "Mozilla/5.0 (compatible; SemrushBot/7~bl; +http://www.semrush.com/bot.html)"
195.110.77.193 - - [10/Jul/2022:18:50:46 +0200] "GET /images/big_prod_1/8424001544387B.jpg HTTP/1.0" 200 271 "-" "Mozilla/5.0 (X11; Ubuntu; Linux x86_64; rv:72.0) Gecko/20100101 Firefox/72.0"
185.191.171.8 - - [10/Jul/2022:18:50:50 +0200] "GET /the-green-life-wooden-tray-34-24-cm-p-45518.html HTTP/1.0" 301 74414 "-" "Mozilla/5.0 (compatible; SemrushBot/7~bl; +http://www.semrush.com/bot.html)"
185.191.171.13 - - [10/Jul/2022:18:50:54 +0200] "GET /green-life-wooden-tray-p-45518.html HTTP/1.0" 200 74325 "-" "Mozilla/5.0 (compatible; SemrushBot/7~bl; +http://www.semrush.com/bot.html)"
54.36.149.100 - - [10/Jul/2022:18:50:57 +0200] "GET /angel-zebra-amethyst-p-47527.html HTTP/1.0" 200 74919 "-" "Mozilla/5.0 (compatible; AhrefsBot/7.0; +http://ahrefs.com/robot/)"
54.36.148.238 - - [10/Jul/2022:18:51:00 +0200] "GET /images/big_prod_1/8719075390306b.jpg HTTP/1.0" 200 271 "-" "Mozilla/5.0 (compatible; AhrefsBot/7.0; +http://ahrefs.com/robot/)"
54.36.148.102 - - [10/Jul/2022:18:51:02 +0200] "GET /images/big_prod/8719075390306.jpg HTTP/1.0" 200 268 "-" "Mozilla/5.0 (compatible; AhrefsBot/7.0; +http://ahrefs.com/robot/)"
128.2.204.177 - - [10/Jul/2022:18:51:11 +0200] "GET /images/4012390324501.jpg HTTP/1.0" 200 259 "-" "Mozilla/5.0 (X11; Linux i686) AppleWebKit/537.17 (KHTML, like Gecko) Chrome/24.0.1312.27 Safari/537.17"
185.191.171.16 - - [10/Jul/2022:18:51:22 +0200] "GET /bowl-happy-jade-inside-made-germany-p-53185.html HTTP/1.0" 200 75546 "-" "Mozilla/5.0 (compatible; SemrushBot/7~bl; +http://www.semrush.com/bot.html)"
216.244.66.242 - - [10/Jul/2022:18:51:35 +0200] "GET /games-and-toys/figures/pinocchio-figure-p-4712.html HTTP/1.0" 301 613 "-" "Mozilla/5.0 (compatible; DotBot/1.2; +https://opensiteexplorer.org/dotbot; help@moz.com)"
144.76.68.76 - - [10/Jul/2022:18:51:50 +0200] "GET /white-lampshade-p-56326.html HTTP/1.0" 200 74906 "-" "serpstatbot/2.1 (advanced backlink tracking bot; https://serpstatbot.com/; abuse@serpstatbot.com)"
167.220.233.137 - - [10/Jul/2022:18:52:16 +0200] "GET /images/mini_prod/3700235441544.jpg HTTP/1.0" 200 269 "-" "Mozilla/5.0 (X11; Ubuntu; Linux x86_64; rv:72.0) Gecko/20100101 Firefox/72.0"
185.191.171.3 - - [10/Jul/2022:18:52:17 +0200] "GET /plush-keeleco-friendly-p-55366.html HTTP/1.0" 200 75001 "-" "Mozilla/5.0 (compatible; SemrushBot/7~bl; +http://www.semrush.com/bot.html)"
216.244.66.242 - - [10/Jul/2022:18:53:03 +0200] "GET /glass-cutting-board-cbkreation-p-51339.html HTTP/1.0" 200 74195 "-" "Mozilla/5.0 (compatible; DotBot/1.2; +https://opensiteexplorer.org/dotbot; help@moz.com)"
144.76.68.76 - - [10/Jul/2022:18:53:06 +0200] "GET /vache-pitcher-p-44861.html HTTP/1.0" 200 74121 "-" "serpstatbot/2.1 (advanced backlink tracking bot; https://serpstatbot.com/; abuse@serpstatbot.com)"
216.244.66.242 - - [10/Jul/2022:18:53:09 +0200] "GET /manta-white-porcelain-bowl-p-56499.html HTTP/1.0" 200 74134 "-" "Mozilla/5.0 (compatible; DotBot/1.2; +https://opensiteexplorer.org/dotbot; help@moz.com)"
216.244.66.242 - - [10/Jul/2022:18:53:14 +0200] "GET /mustache-money-cbkreation-p-16695.html HTTP/1.0" 200 74305 "-" "Mozilla/5.0 (compatible; DotBot/1.2; +https://opensiteexplorer.org/dotbot; help@moz.com)"
185.191.171.10 - - [10/Jul/2022:18:53:17 +0200] "GET /-p-24538.html?action=add_product HTTP/1.0" 302 476 "-" "Mozilla/5.0 (compatible; SemrushBot/7~bl; +http://www.semrush.com/bot.html)"
216.244.66.242 - - [10/Jul/2022:18:53:18 +0200] "GET /white-flowers-table-lamp-p-52980.html HTTP/1.0" 200 74821 "-" "Mozilla/5.0 (compatible; DotBot/1.2; +https://opensiteexplorer.org/dotbot; help@moz.com)"
114.119.137.45 - - [10/Jul/2022:18:53:23 +0200] "GET /crystal-glass-and-metal-lamp-p-52024.html HTTP/1.0" 301 74907 "http://www.wonder-geek.com/lighting-c-13_86.html?page=11" "Mozilla/5.0 (Linux; Android 7.0;) AppleWebKit/537.36 (KHTML, like Gecko) Mobile Safari/537.36 (compatible; PetalBot;+https://webmaster.petalsearch.com/site/petalbot)"
216.244.66.242 - - [10/Jul/2022:18:53:27 +0200] "GET /windchime-wood-five-chimes-p-43513.html HTTP/1.0" 200 74787 "-" "Mozilla/5.0 (compatible; DotBot/1.2; +https://opensiteexplorer.org/dotbot; help@moz.com)"
114.119.137.45 - - [10/Jul/2022:18:53:34 +0200] "GET /crystal-glass-metal-lamp-p-52024.html HTTP/1.0" 200 74816 "http://www.wonder-geek.com/lighting-c-13_86.html?page=11" "Mozilla/5.0 (Linux; Android 7.0;) AppleWebKit/537.36 (KHTML, like Gecko) Mobile Safari/537.36 (compatible; PetalBot;+https://webmaster.petalsearch.com/site/petalbot)"
54.36.148.92 - - [10/Jul/2022:18:53:45 +0200] "GET /queen-union-jack-shirt-p-29592.html HTTP/1.0" 200 75251 "-" "Mozilla/5.0 (compatible; AhrefsBot/7.0; +http://ahrefs.com/robot/)"
185.191.171.15 - - [10/Jul/2022:18:53:46 +0200] "GET /wooden-keyrings-p-47689.html HTTP/1.0" 200 74892 "-" "Mozilla/5.0 (compatible; SemrushBot/7~bl; +http://www.semrush.com/bot.html)"
185.191.171.39 - - [10/Jul/2022:18:53:50 +0200] "GET /flared-lamp-in-multicolored-glass-p-49598.html HTTP/1.0" 301 74337 "-" "Mozilla/5.0 (compatible; SemrushBot/7~bl; +http://www.semrush.com/bot.html)"
185.191.171.38 - - [10/Jul/2022:18:53:52 +0200] "GET /flared-lamp-multicolored-glass-p-49598.html HTTP/1.0" 200 74240 "-" "Mozilla/5.0 (compatible; SemrushBot/7~bl; +http://www.semrush.com/bot.html)"
185.191.171.22 - - [10/Jul/2022:18:54:04 +0200] "GET /paris-cafe-de-la-gare-vintage-clock-70-cm-p-50367.html HTTP/1.0" 301 71556 "-" "Mozilla/5.0 (compatible; SemrushBot/7~bl; +http://www.semrush.com/bot.html)"
185.191.171.12 - - [10/Jul/2022:18:54:08 +0200] "GET /-p-50367.html HTTP/1.0" 200 71489 "-" "Mozilla/5.0 (compatible; SemrushBot/7~bl; +http://www.semrush.com/bot.html)"
144.76.68.76 - - [10/Jul/2022:18:54:15 +0200] "GET /valdrome-emeraude-p-43959.html HTTP/1.0" 200 74311 "-" "serpstatbot/2.1 (advanced backlink tracking bot; https://serpstatbot.com/; abuse@serpstatbot.com)"
185.191.171.39 - - [10/Jul/2022:18:54:50 +0200] "GET /hello-kitty-stripes-bellows-purse-p-9664.html?action=add_product HTTP/1.0" 302 476 "-" "Mozilla/5.0 (compatible; SemrushBot/7~bl; +http://www.semrush.com/bot.html)"
5.255.253.119 - - [10/Jul/2022:18:55:03 +0200] "GET /obama-small-metal-plate-p-12514.html HTTP/1.0" 200 71628 "-" "Mozilla/5.0 (compatible; YandexBot/3.0; +http://yandex.com/bots)"
144.76.68.76 - - [10/Jul/2022:18:55:27 +0200] "GET /valdrome-grenadine-p-43960.html HTTP/1.0" 200 74291 "-" "serpstatbot/2.1 (advanced backlink tracking bot; https://serpstatbot.com/; abuse@serpstatbot.com)"
185.191.171.43 - - [10/Jul/2022:18:55:43 +0200] "GET /zen-wooden-wall-decoration-to-hang-30-40-cm-p-41532.html HTTP/1.0" 301 74463 "-" "Mozilla/5.0 (compatible; SemrushBot/7~bl; +http://www.semrush.com/bot.html)"
114.119.137.3 - - [10/Jul/2022:18:55:44 +0200] "GET /stainless-steel-piece-barbecue-p-48878.html HTTP/1.0" 200 75156 "http://www.wonder-geek.com/barbecue-and-aperitif-c-12_254.html" "Mozilla/5.0 (Linux; Android 7.0;) AppleWebKit/537.36 (KHTML, like Gecko) Mobile Safari/537.36 (compatible; PetalBot;+https://webmaster.petalsearch.com/site/petalbot)"
185.191.171.6 - - [10/Jul/2022:18:55:46 +0200] "GET /wooden-wall-decoration-hang-p-41532.html HTTP/1.0" 200 74369 "-" "Mozilla/5.0 (compatible; SemrushBot/7~bl; +http://www.semrush.com/bot.html)"
185.191.171.24 - - [10/Jul/2022:18:55:49 +0200] "GET /matriochka-white-women-shirt-p-30989.html?action=add_product HTTP/1.0" 302 476 "-" "Mozilla/5.0 (compatible; SemrushBot/7~bl; +http://www.semrush.com/bot.html)"
216.244.66.242 - - [10/Jul/2022:18:55:58 +0200] "GET /decoration-three-buddhas-secret-happiness-p-46486.html HTTP/1.0" 200 74411 "-" "Mozilla/5.0 (compatible; DotBot/1.2; +https://opensiteexplorer.org/dotbot; help@moz.com)"
216.244.66.242 - - [10/Jul/2022:18:56:07 +0200] "GET /home-and-decoration/small-appliances-and-hifi-c-13_88.html HTTP/1.0" 301 91052 "-" "Mozilla/5.0 (compatible; DotBot/1.2; +https://opensiteexplorer.org/dotbot; help@moz.com)"
216.244.66.242 - - [10/Jul/2022:18:56:15 +0200] "GET /starry-russian-doll-cbkreation-p-18460.html HTTP/1.0" 200 74174 "-" "Mozilla/5.0 (compatible; DotBot/1.2; +https://opensiteexplorer.org/dotbot; help@moz.com)"
54.36.148.30 - - [10/Jul/2022:18:56:20 +0200] "GET /keel-toys-plush-heart-bear-p-54158.html HTTP/1.0" 200 74311 "-" "Mozilla/5.0 (compatible; AhrefsBot/7.0; +http://ahrefs.com/robot/)"
54.36.149.77 - - [10/Jul/2022:18:56:22 +0200] "GET /images/big_prod/5027148021532.jpg HTTP/1.0" 200 268 "-" "Mozilla/5.0 (compatible; AhrefsBot/7.0; +http://ahrefs.com/robot/)"
216.244.66.242 - - [10/Jul/2022:18:56:22 +0200] "GET /transformers-optimus-prime-mousepad-p-18071.html HTTP/1.0" 200 74368 "-" "Mozilla/5.0 (compatible; DotBot/1.2; +https://opensiteexplorer.org/dotbot; help@moz.com)"
185.191.171.25 - - [10/Jul/2022:18:56:24 +0200] "GET /candy-cloud-unicorn-bubbles-p-49792.html HTTP/1.0" 200 71571 "-" "Mozilla/5.0 (compatible; SemrushBot/7~bl; +http://www.semrush.com/bot.html)"
144.76.68.76 - - [10/Jul/2022:18:56:41 +0200] "GET /valdrome-p-43964.html HTTP/1.0" 200 74851 "-" "serpstatbot/2.1 (advanced backlink tracking bot; https://serpstatbot.com/; abuse@serpstatbot.com)"
185.191.171.24 - - [10/Jul/2022:18:56:57 +0200] "GET /gaston-potholder-p-52680.html?action=add_product HTTP/1.0" 302 476 "-" "Mozilla/5.0 (compatible; SemrushBot/7~bl; +http://www.semrush.com/bot.html)"
185.191.171.42 - - [10/Jul/2022:18:57:21 +0200] "GET /large-candle-hours-rambling-rose-p-32995.html HTTP/1.0" 200 71667 "-" "Mozilla/5.0 (compatible; SemrushBot/7~bl; +http://www.semrush.com/bot.html)"
185.191.171.16 - - [10/Jul/2022:18:57:24 +0200] "GET /daisy-duck-sports-bottle-p-25065.html HTTP/1.0" 200 74133 "-" "Mozilla/5.0 (compatible; SemrushBot/7~bl; +http://www.semrush.com/bot.html)"
185.191.171.39 - - [10/Jul/2022:18:57:34 +0200] "GET /spice-furniture-wooden-retro-turnstile-p-40688.html?action=add_product HTTP/1.0" 302 476 "-" "Mozilla/5.0 (compatible; SemrushBot/7~bl; +http://www.semrush.com/bot.html)"
144.76.68.76 - - [10/Jul/2022:18:57:53 +0200] "GET /valentine-table-lamp-p-55193.html HTTP/1.0" 200 74924 "-" "serpstatbot/2.1 (advanced backlink tracking bot; https://serpstatbot.com/; abuse@serpstatbot.com)"
185.191.171.17 - - [10/Jul/2022:18:58:43 +0200] "GET /lion-red-tee-shirt-p-31151.html HTTP/1.0" 301 76090 "-" "Mozilla/5.0 (compatible; SemrushBot/7~bl; +http://www.semrush.com/bot.html)"
185.191.171.17 - - [10/Jul/2022:18:58:47 +0200] "GET /lion-shirt-p-31151.html HTTP/1.0" 200 76013 "-" "Mozilla/5.0 (compatible; SemrushBot/7~bl; +http://www.semrush.com/bot.html)"
144.76.68.76 - - [10/Jul/2022:18:59:05 +0200] "GET /vanity-beauty-bags-c-31_78.html?page=1 HTTP/1.0" 200 81550 "-" "serpstatbot/2.1 (advanced backlink tracking bot; https://serpstatbot.com/; abuse@serpstatbot.com)"
54.36.148.168 - - [10/Jul/2022:18:59:12 +0200] "GET /tetsubin-light-teapot-japanese-liter-p-55292.html HTTP/1.0" 200 74475 "-" "Mozilla/5.0 (compatible; AhrefsBot/7.0; +http://ahrefs.com/robot/)"
185.191.171.24 - - [10/Jul/2022:18:59:19 +0200] "GET /bulldog-resin-decoration-p-54083.html?action=add_product HTTP/1.0" 302 476 "-" "Mozilla/5.0 (compatible; SemrushBot/7~bl; +http://www.semrush.com/bot.html)"
185.191.171.17 - - [10/Jul/2022:18:59:21 +0200] "GET /industrial-retro-clock-in-aged-metal-225-75-17-cm-p-48588.html HTTP/1.0" 301 74494 "-" "Mozilla/5.0 (compatible; SemrushBot/7~bl; +http://www.semrush.com/bot.html)"
185.191.171.18 - - [10/Jul/2022:18:59:24 +0200] "GET /industrial-retro-clock-aged-metal-p-48588.html HTTP/1.0" 200 74394 "-" "Mozilla/5.0 (compatible; SemrushBot/7~bl; +http://www.semrush.com/bot.html)"
185.191.171.24 - - [10/Jul/2022:18:59:41 +0200] "GET /wall-stickers-indian-style-lion-p-42968.html HTTP/1.0" 200 74889 "-" "Mozilla/5.0 (compatible; SemrushBot/7~bl; +http://www.semrush.com/bot.html)"
144.76.68.76 - - [10/Jul/2022:19:00:18 +0200] "GET /vanity-beauty-bags-c-31_78.html?page=5 HTTP/1.0" 200 81550 "-" "serpstatbot/2.1 (advanced backlink tracking bot; https://serpstatbot.com/; abuse@serpstatbot.com)"
66.249.64.158 - - [10/Jul/2022:19:00:31 +0200] "GET /images/mini_prod/8435306299728.jpg HTTP/1.0" 200 269 "-" "Googlebot-Image/1.0"
40.77.167.42 - - [10/Jul/2022:19:00:44 +0200] "GET /recette-amiti-adult-apron-p-55856.html HTTP/1.0" 200 74818 "-" "Mozilla/5.0 (compatible; bingbot/2.0; +http://www.bing.com/bingbot.htm)"
185.191.171.37 - - [10/Jul/2022:19:01:03 +0200] "GET /masha-bear-doll-sled-p-36999.html HTTP/1.0" 200 74851 "-" "Mozilla/5.0 (compatible; SemrushBot/7~bl; +http://www.semrush.com/bot.html)"
144.76.68.76 - - [10/Jul/2022:19:01:31 +0200] "GET /vanity-beauty-bags-c-31_78.html?page=6 HTTP/1.0" 200 81550 "-" "serpstatbot/2.1 (advanced backlink tracking bot; https://serpstatbot.com/; abuse@serpstatbot.com)"
185.191.171.40 - - [10/Jul/2022:19:01:35 +0200] "GET /ceramic-incense-burner-p-58422.html HTTP/1.0" 200 74885 "-" "Mozilla/5.0 (compatible; SemrushBot/7~bl; +http://www.semrush.com/bot.html)"
185.191.171.2 - - [10/Jul/2022:19:01:43 +0200] "GET /cushion-cover-cement-tiles-p-49958.html?action=add_product HTTP/1.0" 302 476 "-" "Mozilla/5.0 (compatible; SemrushBot/7~bl; +http://www.semrush.com/bot.html)"
185.191.171.13 - - [10/Jul/2022:19:01:56 +0200] "GET /decoration-ethnic-mask-wood-look-p-53686.html HTTP/1.0" 200 74285 "-" "Mozilla/5.0 (compatible; SemrushBot/7~bl; +http://www.semrush.com/bot.html)"
185.191.171.39 - - [10/Jul/2022:19:01:58 +0200] "GET /pinasun-bedclothes-p-47187.html?action=add_product HTTP/1.0" 302 476 "-" "Mozilla/5.0 (compatible; SemrushBot/7~bl; +http://www.semrush.com/bot.html)"
54.36.148.6 - - [10/Jul/2022:19:02:10 +0200] "GET /mini-minnie-mouse-figurine-p-56575.html HTTP/1.0" 200 75497 "-" "Mozilla/5.0 (compatible; AhrefsBot/7.0; +http://ahrefs.com/robot/)"
58.87.60.223 - - [10/Jul/2022:19:02:30 +0200] "GET /images/mini_prod/3453131139199.jpg HTTP/1.0" 200 269 "-" "Mozilla/5.0 (X11; Ubuntu; Linux x86_64; rv:72.0) Gecko/20100101 Firefox/72.0"
144.76.68.76 - - [10/Jul/2022:19:02:40 +0200] "GET /vanity-beauty-bags-c-31_78.html?page=7 HTTP/1.0" 200 81550 "-" "serpstatbot/2.1 (advanced backlink tracking bot; https://serpstatbot.com/; abuse@serpstatbot.com)"
185.191.171.6 - - [10/Jul/2022:19:02:45 +0200] "GET /incense-satya-rose-boxes-grams-p-54245.html HTTP/1.0" 301 71556 "-" "Mozilla/5.0 (compatible; SemrushBot/7~bl; +http://www.semrush.com/bot.html)"
185.191.171.3 - - [10/Jul/2022:19:02:48 +0200] "GET /-p-54245.html HTTP/1.0" 200 71489 "-" "Mozilla/5.0 (compatible; SemrushBot/7~bl; +http://www.semrush.com/bot.html)"
185.191.171.13 - - [10/Jul/2022:19:02:55 +0200] "GET /wise-wings-hope-owl-figurine-p-51806.html HTTP/1.0" 301 71668 "-" "Mozilla/5.0 (compatible; SemrushBot/7~bl; +http://www.semrush.com/bot.html)"
185.191.171.40 - - [10/Jul/2022:19:02:58 +0200] "GET /wise-wings-hope-figurine-p-51806.html HTTP/1.0" 200 71577 "-" "Mozilla/5.0 (compatible; SemrushBot/7~bl; +http://www.semrush.com/bot.html)"
51.68.224.127 - - [10/Jul/2022:19:03:41 +0200] "GET /adminweb/export_orders_xml.php?token=256de2z6edz6ed2z6DFSFsed2zed6zeDSFDSGdzedezfzf&maxorders=10&orderstart=1&status=14&start_date=2018-10-01 HTTP/1.0" 200 285 "-" "GesCom CharlotteBoutik Serveur"
51.68.224.127 - - [10/Jul/2022:19:03:41 +0200] "GET /adminweb/export_orders_xml.php?token=256de2z6edz6ed2z6DFSFsed2zed6zeDSFDSGdzedezfzf&maxorders=10&orderstart=1&status=6&start_date=2018-10-01 HTTP/1.0" 200 31081 "-" "GesCom CharlotteBoutik Serveur"
185.191.171.19 - - [10/Jul/2022:19:03:43 +0200] "GET /lonard-vinci-vitruvian-figurine-p-35043.html?action=add_product HTTP/1.0" 302 476 "-" "Mozilla/5.0 (compatible; SemrushBot/7~bl; +http://www.semrush.com/bot.html)"
144.76.68.76 - - [10/Jul/2022:19:03:51 +0200] "GET /vanity-mickey-mouse-comics-vintage-p-34771.html HTTP/1.0" 200 71650 "-" "serpstatbot/2.1 (advanced backlink tracking bot; https://serpstatbot.com/; abuse@serpstatbot.com)"
185.191.171.44 - - [10/Jul/2022:19:04:39 +0200] "GET /small-box-for-baby-teeth-p-53346.html HTTP/1.0" 301 74320 "-" "Mozilla/5.0 (compatible; SemrushBot/7~bl; +http://www.semrush.com/bot.html)"
185.191.171.18 - - [10/Jul/2022:19:04:42 +0200] "GET /small-baby-teeth-p-53346.html HTTP/1.0" 200 74237 "-" "Mozilla/5.0 (compatible; SemrushBot/7~bl; +http://www.semrush.com/bot.html)"
185.191.171.45 - - [10/Jul/2022:19:04:46 +0200] "GET /handy-manny-pencil-case-p-13370.html HTTP/1.0" 200 74513 "-" "Mozilla/5.0 (compatible; SemrushBot/7~bl; +http://www.semrush.com/bot.html)"
185.191.171.37 - - [10/Jul/2022:19:04:55 +0200] "GET /amazon-love-glasses-case-light-pink-p-50268.html HTTP/1.0" 200 71597 "-" "Mozilla/5.0 (compatible; SemrushBot/7~bl; +http://www.semrush.com/bot.html)"
144.76.68.76 - - [10/Jul/2022:19:05:03 +0200] "GET /vanity-printed-running-horses-p-35450.html HTTP/1.0" 200 76592 "-" "serpstatbot/2.1 (advanced backlink tracking bot; https://serpstatbot.com/; abuse@serpstatbot.com)"
54.36.148.223 - - [10/Jul/2022:19:05:07 +0200] "GET /white-cotton-chandelier-p-58310.html HTTP/1.0" 200 75010 "-" "Mozilla/5.0 (compatible; AhrefsBot/7.0; +http://ahrefs.com/robot/)"
54.36.148.114 - - [10/Jul/2022:19:05:12 +0200] "GET /images/big_prod/8424346366064.jpg HTTP/1.0" 200 268 "-" "Mozilla/5.0 (compatible; AhrefsBot/7.0; +http://ahrefs.com/robot/)"
54.36.149.50 - - [10/Jul/2022:19:05:12 +0200] "GET /images/big_prod_1/8424346366064B.jpg HTTP/1.0" 200 271 "-" "Mozilla/5.0 (compatible; AhrefsBot/7.0; +http://ahrefs.com/robot/)"
144.76.68.76 - - [10/Jul/2022:19:06:13 +0200] "GET /vase-dolomite-ocher-brown-finish-p-55114.html HTTP/1.0" 200 75188 "-" "serpstatbot/2.1 (advanced backlink tracking bot; https://serpstatbot.com/; abuse@serpstatbot.com)"
185.191.171.10 - - [10/Jul/2022:19:06:20 +0200] "GET /collectible-figurines-decorative-c-13_135.html?page=5 HTTP/1.0" 200 96725 "-" "Mozilla/5.0 (compatible; SemrushBot/7~bl; +http://www.semrush.com/bot.html)"
185.191.171.24 - - [10/Jul/2022:19:07:07 +0200] "GET /-p-34420.html?action=add_product HTTP/1.0" 302 476 "-" "Mozilla/5.0 (compatible; SemrushBot/7~bl; +http://www.semrush.com/bot.html)"
185.191.171.14 - - [10/Jul/2022:19:07:09 +0200] "GET /monaco-mini-metal-tray-p-52478.html?action=add_product HTTP/1.0" 302 476 "-" "Mozilla/5.0 (compatible; SemrushBot/7~bl; +http://www.semrush.com/bot.html)"
147.92.153.17 - - [10/Jul/2022:19:07:12 +0200] "GET /hello-kitty-towel-p-5614.html HTTP/1.0" 200 74199 "-" "Mozilla/5.0 (compatible; Linespider/1.1; +https://lin.ee/4dwXkTH)"
147.92.153.12 - - [10/Jul/2022:19:07:17 +0200] "GET /swfobject.js HTTP/1.0" 404 1308 "http://www.wonder-geek.com/hello-kitty-towel-p-5614.html" "Mozilla/5.0 (X11; Linux x86_64) AppleWebKit/537.36 (KHTML, like Gecko) HeadlessChrome/101.0.4951.0 Safari/537.36"
144.76.68.76 - - [10/Jul/2022:19:07:25 +0200] "GET /vase-dolomite-ocher-yellow-finish-p-55115.html HTTP/1.0" 200 75204 "-" "serpstatbot/2.1 (advanced backlink tracking bot; https://serpstatbot.com/; abuse@serpstatbot.com)"
58.87.60.223 - - [10/Jul/2022:19:07:33 +0200] "GET /images/mini_prod/5415203950048.jpg HTTP/1.0" 200 269 "-" "Mozilla/5.0 (X11; Ubuntu; Linux x86_64; rv:72.0) Gecko/20100101 Firefox/72.0"
172.58.99.172 - - [10/Jul/2022:19:07:42 +0200] "GET /templates/Pixame_v1/stylesheet.css HTTP/1.0" 200 267 "-" "Mozilla/5.0 (Linux; Android 11; KB2007) AppleWebKit/537.36 (KHTML, like Gecko) Chrome/103.0.0.0 Mobile Safari/537.36"
172.58.99.172 - - [10/Jul/2022:19:07:42 +0200] "GET /storax-aromatika-incense-sticks-p-58250.html HTTP/1.0" 200 74261 "https://www.google.com/" "Mozilla/5.0 (Linux; Android 11; KB2007) AppleWebKit/537.36 (KHTML, like Gecko) Chrome/103.0.0.0 Mobile Safari/537.36"
172.58.99.172 - - [10/Jul/2022:19:07:44 +0200] "GET /highslide/highslide.js HTTP/1.0" 200 262 "http://www.wonder-geek.com/storax-aromatika-incense-sticks-p-58250.html" "Mozilla/5.0 (Linux; Android 11; KB2007) AppleWebKit/537.36 (KHTML, like Gecko) Chrome/103.0.0.0 Mobile Safari/537.36"
172.58.99.172 - - [10/Jul/2022:19:07:44 +0200] "GET /js/jquery.js HTTP/1.0" 200 252 "http://www.wonder-geek.com/storax-aromatika-incense-sticks-p-58250.html" "Mozilla/5.0 (Linux; Android 11; KB2007) AppleWebKit/537.36 (KHTML, like Gecko) Chrome/103.0.0.0 Mobile Safari/537.36"
172.58.99.172 - - [10/Jul/2022:19:07:44 +0200] "GET /js/jquery.jqzoom.js HTTP/1.0" 200 259 "http://www.wonder-geek.com/storax-aromatika-incense-sticks-p-58250.html" "Mozilla/5.0 (Linux; Android 11; KB2007) AppleWebKit/537.36 (KHTML, like Gecko) Chrome/103.0.0.0 Mobile Safari/537.36"
172.58.99.172 - - [10/Jul/2022:19:07:44 +0200] "GET /mondial_relay/js/jquery-1.3.2.min.js HTTP/1.0" 200 276 "http://www.wonder-geek.com/storax-aromatika-incense-sticks-p-58250.html" "Mozilla/5.0 (Linux; Android 11; KB2007) AppleWebKit/537.36 (KHTML, like Gecko) Chrome/103.0.0.0 Mobile Safari/537.36"
172.58.99.172 - - [10/Jul/2022:19:07:45 +0200] "GET /swfobject.js HTTP/1.0" 404 1308 "http://www.wonder-geek.com/storax-aromatika-incense-sticks-p-58250.html" "Mozilla/5.0 (Linux; Android 11; KB2007) AppleWebKit/537.36 (KHTML, like Gecko) Chrome/103.0.0.0 Mobile Safari/537.36"
172.58.99.172 - - [10/Jul/2022:19:07:45 +0200] "GET /templates/Pixame_v1/images/icon_accueil2.png HTTP/1.0" 200 278 "http://www.wonder-geek.com/storax-aromatika-incense-sticks-p-58250.html" "Mozilla/5.0 (Linux; Android 11; KB2007) AppleWebKit/537.36 (KHTML, like Gecko) Chrome/103.0.0.0 Mobile Safari/537.36"
172.58.99.172 - - [10/Jul/2022:19:07:45 +0200] "GET /templates/Pixame_v1/images/infobox/pixel_trans.gif HTTP/1.0" 200 328 "http://www.wonder-geek.com/storax-aromatika-incense-sticks-p-58250.html" "Mozilla/5.0 (Linux; Android 11; KB2007) AppleWebKit/537.36 (KHTML, like Gecko) Chrome/103.0.0.0 Mobile Safari/537.36"
172.58.99.172 - - [10/Jul/2022:19:07:45 +0200] "GET /images/pixel_trans.gif HTTP/1.0" 200 328 "http://www.wonder-geek.com/storax-aromatika-incense-sticks-p-58250.html" "Mozilla/5.0 (Linux; Android 11; KB2007) AppleWebKit/537.36 (KHTML, like Gecko) Chrome/103.0.0.0 Mobile Safari/537.36"
172.58.99.172 - - [10/Jul/2022:19:07:45 +0200] "GET /templates/Pixame_v1/images/pixel_trans.gif HTTP/1.0" 200 328 "http://www.wonder-geek.com/storax-aromatika-incense-sticks-p-58250.html" "Mozilla/5.0 (Linux; Android 11; KB2007) AppleWebKit/537.36 (KHTML, like Gecko) Chrome/103.0.0.0 Mobile Safari/537.36"
172.58.99.172 - - [10/Jul/2022:19:07:45 +0200] "GET /images/big_prod/3700344890776.jpg HTTP/1.0" 200 268 "http://www.wonder-geek.com/storax-aromatika-incense-sticks-p-58250.html" "Mozilla/5.0 (Linux; Android 11; KB2007) AppleWebKit/537.36 (KHTML, like Gecko) Chrome/103.0.0.0 Mobile Safari/537.36"
172.58.99.172 - - [10/Jul/2022:19:07:45 +0200] "GET /templates/Pixame_v1/images/Bottom_texture.jpg HTTP/1.0" 200 280 "http://www.wonder-geek.com/templates/Pixame_v1/stylesheet.css" "Mozilla/5.0 (Linux; Android 11; KB2007) AppleWebKit/537.36 (KHTML, like Gecko) Chrome/103.0.0.0 Mobile Safari/537.36"
172.58.99.172 - - [10/Jul/2022:19:07:45 +0200] "GET /templates/Pixame_v1/images/Middle_texture.jpg HTTP/1.0" 200 280 "http://www.wonder-geek.com/templates/Pixame_v1/stylesheet.css" "Mozilla/5.0 (Linux; Android 11; KB2007) AppleWebKit/537.36 (KHTML, like Gecko) Chrome/103.0.0.0 Mobile Safari/537.36"
172.58.99.172 - - [10/Jul/2022:19:07:45 +0200] "GET /templates/Pixame_v1/images/header-object.png HTTP/1.0" 200 278 "http://www.wonder-geek.com/templates/Pixame_v1/stylesheet.css" "Mozilla/5.0 (Linux; Android 11; KB2007) AppleWebKit/537.36 (KHTML, like Gecko) Chrome/103.0.0.0 Mobile Safari/537.36"
172.58.99.172 - - [10/Jul/2022:19:07:45 +0200] "GET /templates/Pixame_v1/images/header.png HTTP/1.0" 200 271 "http://www.wonder-geek.com/templates/Pixame_v1/stylesheet.css" "Mozilla/5.0 (Linux; Android 11; KB2007) AppleWebKit/537.36 (KHTML, like Gecko) Chrome/103.0.0.0 Mobile Safari/537.36"
172.58.99.172 - - [10/Jul/2022:19:07:45 +0200] "GET /templates/Pixame_v1/images/nav.png HTTP/1.0" 200 268 "http://www.wonder-geek.com/templates/Pixame_v1/stylesheet.css" "Mozilla/5.0 (Linux; Android 11; KB2007) AppleWebKit/537.36 (KHTML, like Gecko) Chrome/103.0.0.0 Mobile Safari/537.36"
172.58.99.172 - - [10/Jul/2022:19:07:45 +0200] "GET /design/productsenstock.png HTTP/1.0" 200 260 "http://www.wonder-geek.com/templates/Pixame_v1/stylesheet.css" "Mozilla/5.0 (Linux; Android 11; KB2007) AppleWebKit/537.36 (KHTML, like Gecko) Chrome/103.0.0.0 Mobile Safari/537.36"
172.58.99.172 - - [10/Jul/2022:19:07:45 +0200] "GET /highslide/graphics/zoomin.cur HTTP/1.0" 200 614 "http://www.wonder-geek.com/templates/Pixame_v1/stylesheet.css" "Mozilla/5.0 (Linux; Android 11; KB2007) AppleWebKit/537.36 (KHTML, like Gecko) Chrome/103.0.0.0 Mobile Safari/537.36"
172.58.99.172 - - [10/Jul/2022:19:07:45 +0200] "GET /templates/Pixame_v1/images/infobox/infobox_footer_middle.gif HTTP/1.0" 200 357 "http://www.wonder-geek.com/storax-aromatika-incense-sticks-p-58250.html" "Mozilla/5.0 (Linux; Android 11; KB2007) AppleWebKit/537.36 (KHTML, like Gecko) Chrome/103.0.0.0 Mobile Safari/537.36"
172.58.99.172 - - [10/Jul/2022:19:07:45 +0200] "GET /templates/Pixame_v1/images/buttons/english/button_in_cart.gif HTTP/1.0" 200 295 "http://www.wonder-geek.com/storax-aromatika-incense-sticks-p-58250.html" "Mozilla/5.0 (Linux; Android 11; KB2007) AppleWebKit/537.36 (KHTML, like Gecko) Chrome/103.0.0.0 Mobile Safari/537.36"
172.58.99.172 - - [10/Jul/2022:19:07:46 +0200] "GET /highslide/graphics/outlines/drop-shadow.png HTTP/1.0" 200 277 "http://www.wonder-geek.com/storax-aromatika-incense-sticks-p-58250.html" "Mozilla/5.0 (Linux; Android 11; KB2007) AppleWebKit/537.36 (KHTML, like Gecko) Chrome/103.0.0.0 Mobile Safari/537.36"
172.58.99.172 - - [10/Jul/2022:19:07:46 +0200] "GET /highslide/graphics/zoomout.cur HTTP/1.0" 200 614 "http://www.wonder-geek.com/storax-aromatika-incense-sticks-p-58250.html" "Mozilla/5.0 (Linux; Android 11; KB2007) AppleWebKit/537.36 (KHTML, like Gecko) Chrome/103.0.0.0 Mobile Safari/537.36"
172.58.99.172 - - [10/Jul/2022:19:07:46 +0200] "GET /highslide/graphics/loader.white.gif HTTP/1.0" 200 960 "http://www.wonder-geek.com/templates/Pixame_v1/stylesheet.css" "Mozilla/5.0 (Linux; Android 11; KB2007) AppleWebKit/537.36 (KHTML, like Gecko) Chrome/103.0.0.0 Mobile Safari/537.36"
172.58.99.172 - - [10/Jul/2022:19:07:47 +0200] "GET /favicon.ico HTTP/1.0" 200 260 "http://www.wonder-geek.com/storax-aromatika-incense-sticks-p-58250.html" "Mozilla/5.0 (Linux; Android 11; KB2007) AppleWebKit/537.36 (KHTML, like Gecko) Chrome/103.0.0.0 Mobile Safari/537.36"
54.36.148.244 - - [10/Jul/2022:19:07:49 +0200] "GET /angel-french-p-40438.html HTTP/1.0" 200 74215 "-" "Mozilla/5.0 (compatible; AhrefsBot/7.0; +http://ahrefs.com/robot/)"
54.36.148.114 - - [10/Jul/2022:19:08:25 +0200] "GET /images/big_prod/9316188066044.jpg HTTP/1.0" 200 268 "-" "Mozilla/5.0 (compatible; AhrefsBot/7.0; +http://ahrefs.com/robot/)"
185.191.171.5 - - [10/Jul/2022:19:08:24 +0200] "GET /retro-chest-weathered-wood-p-52940.html HTTP/1.0" 200 74138 "-" "Mozilla/5.0 (compatible; SemrushBot/7~bl; +http://www.semrush.com/bot.html)"
185.191.171.15 - - [10/Jul/2022:19:08:28 +0200] "GET /aquaruis-clasic-keyring-cbkreation-p-43256.html HTTP/1.0" 200 74289 "-" "Mozilla/5.0 (compatible; SemrushBot/7~bl; +http://www.semrush.com/bot.html)"
144.76.68.76 - - [10/Jul/2022:19:08:34 +0200] "GET /vase-owls-porcelain-p-55118.html HTTP/1.0" 200 75176 "-" "serpstatbot/2.1 (advanced backlink tracking bot; https://serpstatbot.com/; abuse@serpstatbot.com)"
185.191.171.34 - - [10/Jul/2022:19:08:36 +0200] "GET /-p-4810.html?action=add_product HTTP/1.0" 302 476 "-" "Mozilla/5.0 (compatible; SemrushBot/7~bl; +http://www.semrush.com/bot.html)"
1.235.123.66 - - [10/Jul/2022:19:09:09 +0200] "GET /images/mini_prod/1300000020329.jpg HTTP/1.0" 200 269 "-" "Mozilla/5.0 (Macintosh; Intel Mac OS X 10_9_3) AppleWebKit/537.36 (KHTML, like Gecko) Chrome/35.0.1916.47 Safari/537.36"
66.249.64.152 - - [10/Jul/2022:19:09:34 +0200] "GET /zinc-look-metal-flowerpot-cover-pumpkin-blue-p-55457.html HTTP/1.0" 200 74955 "-" "Mozilla/5.0 (compatible; Googlebot/2.1; +http://www.google.com/bot.html)"
144.76.68.76 - - [10/Jul/2022:19:09:43 +0200] "GET /vase-soliflore-c-13_232.html HTTP/1.0" 200 91623 "-" "serpstatbot/2.1 (advanced backlink tracking bot; https://serpstatbot.com/; abuse@serpstatbot.com)"
185.191.171.23 - - [10/Jul/2022:19:09:46 +0200] "GET /minions-poster-p-30932.html?action=add_product HTTP/1.0" 302 476 "-" "Mozilla/5.0 (compatible; SemrushBot/7~bl; +http://www.semrush.com/bot.html)"
185.191.171.45 - - [10/Jul/2022:19:09:51 +0200] "GET /cats-small-ashtray-p-37385.html?action=add_product HTTP/1.0" 302 476 "-" "Mozilla/5.0 (compatible; SemrushBot/7~bl; +http://www.semrush.com/bot.html)"
185.191.171.38 - - [10/Jul/2022:19:10:22 +0200] "GET /-p-19621.html?action=add_product HTTP/1.0" 302 476 "-" "Mozilla/5.0 (compatible; SemrushBot/7~bl; +http://www.semrush.com/bot.html)"
34.78.36.141 - - [10/Jul/2022:19:10:42 +0200] "GET / HTTP/1.0" 200 96466 "-" "Mozilla/5.0 (Windows NT 10.0; Win64; x64) AppleWebKit/537.36 (KHTML, like Gecko) Chrome/84.0.4147.105 Safari/537.36"
54.36.148.30 - - [10/Jul/2022:19:10:44 +0200] "GET /batman-p-3984.html HTTP/1.0" 200 73966 "-" "Mozilla/5.0 (compatible; AhrefsBot/7.0; +http://ahrefs.com/robot/)"
144.76.68.76 - - [10/Jul/2022:19:10:50 +0200] "GET /union-jack-small-lamp-p-29396.html HTTP/1.0" 301 71556 "-" "serpstatbot/2.1 (advanced backlink tracking bot; https://serpstatbot.com/; abuse@serpstatbot.com)"
185.191.171.4 - - [10/Jul/2022:19:10:56 +0200] "GET /marseille-tea-cup-by-cbkreation-p-31256.html HTTP/1.0" 301 74239 "-" "Mozilla/5.0 (compatible; SemrushBot/7~bl; +http://www.semrush.com/bot.html)"
185.191.171.18 - - [10/Jul/2022:19:10:59 +0200] "GET /marseille-cbkreation-p-31256.html HTTP/1.0" 200 74152 "-" "Mozilla/5.0 (compatible; SemrushBot/7~bl; +http://www.semrush.com/bot.html)"
58.87.60.223 - - [10/Jul/2022:19:11:36 +0200] "GET /images/mini_prod/5018997513248.jpg HTTP/1.0" 200 269 "-" "Mozilla/5.0 (X11; Ubuntu; Linux x86_64; rv:72.0) Gecko/20100101 Firefox/72.0"
185.191.171.18 - - [10/Jul/2022:19:11:57 +0200] "GET /kimmidoll-keyring-p-44098.html HTTP/1.0" 200 71565 "-" "Mozilla/5.0 (compatible; SemrushBot/7~bl; +http://www.semrush.com/bot.html)"
185.191.171.11 - - [10/Jul/2022:19:12:00 +0200] "GET /robots.txt HTTP/1.0" 200 245 "-" "Mozilla/5.0 (compatible; SemrushBot/7~bl; +http://www.semrush.com/bot.html)"
144.76.68.76 - - [10/Jul/2022:19:11:58 +0200] "GET /vase-soliflore-c-13_232.html?page=3 HTTP/1.0" 200 93079 "-" "serpstatbot/2.1 (advanced backlink tracking bot; https://serpstatbot.com/; abuse@serpstatbot.com)"
185.191.171.41 - - [10/Jul/2022:19:12:01 +0200] "GET /keyra-bedclothes-p-57168.html HTTP/1.0" 200 74771 "-" "Mozilla/5.0 (compatible; SemrushBot/7~bl; +http://www.semrush.com/bot.html)"
185.191.171.34 - - [10/Jul/2022:19:12:06 +0200] "GET /dexter-shirt-p-29489.html HTTP/1.0" 200 75199 "-" "Mozilla/5.0 (compatible; SemrushBot/7~bl; +http://www.semrush.com/bot.html)"
58.87.60.223 - - [10/Jul/2022:19:12:29 +0200] "GET /images/mini_prod/3560600293310.jpg HTTP/1.0" 200 269 "-" "Mozilla/5.0 (X11; Ubuntu; Linux x86_64; rv:72.0) Gecko/20100101 Firefox/72.0"
144.76.68.76 - - [10/Jul/2022:19:13:08 +0200] "GET /vase-white-gray-p-55104.html HTTP/1.0" 200 74991 "-" "serpstatbot/2.1 (advanced backlink tracking bot; https://serpstatbot.com/; abuse@serpstatbot.com)"
54.36.149.13 - - [10/Jul/2022:19:13:43 +0200] "GET /postcard-without-envelope-tassen-p-57449.html HTTP/1.0" 200 74864 "-" "Mozilla/5.0 (compatible; AhrefsBot/7.0; +http://ahrefs.com/robot/)"
185.191.171.10 - - [10/Jul/2022:19:13:43 +0200] "GET /large-candle-hours-sweet-black-cherries-p-33014.html?action=add_product HTTP/1.0" 302 476 "-" "Mozilla/5.0 (compatible; SemrushBot/7~bl; +http://www.semrush.com/bot.html)"
54.36.148.151 - - [10/Jul/2022:19:13:46 +0200] "GET /images/big_prod_1/8422010033458a.jpg HTTP/1.0" 200 271 "-" "Mozilla/5.0 (compatible; AhrefsBot/7.0; +http://ahrefs.com/robot/)"
54.36.148.156 - - [10/Jul/2022:19:13:46 +0200] "GET /images/big_prod/8422010033472.jpg HTTP/1.0" 200 268 "-" "Mozilla/5.0 (compatible; AhrefsBot/7.0; +http://ahrefs.com/robot/)"
144.76.68.76 - - [10/Jul/2022:19:14:15 +0200] "GET /velvet-purse-black-burgundy-p-49965.html HTTP/1.0" 200 74808 "-" "serpstatbot/2.1 (advanced backlink tracking bot; https://serpstatbot.com/; abuse@serpstatbot.com)"
100.20.208.216 - - [10/Jul/2022:19:14:19 +0200] "GET /images/mini_prod/5701359678982.jpg HTTP/1.0" 200 269 "-" "Mozilla/5.0 (X11; Ubuntu; Linux x86_64; rv:72.0) Gecko/20100101 Firefox/72.0"
185.191.171.26 - - [10/Jul/2022:19:14:36 +0200] "GET /philosophizing-monkey-rheinhold-p-54861.html?action=add_product HTTP/1.0" 302 476 "-" "Mozilla/5.0 (compatible; SemrushBot/7~bl; +http://www.semrush.com/bot.html)"
185.191.171.40 - - [10/Jul/2022:19:14:41 +0200] "GET /cotton-floor-cushion-julie-naturel-p-49386.html HTTP/1.0" 200 75085 "-" "Mozilla/5.0 (compatible; SemrushBot/7~bl; +http://www.semrush.com/bot.html)"
5.255.253.119 - - [10/Jul/2022:19:15:12 +0200] "GET /robots.txt HTTP/1.0" 200 245 "-" "Mozilla/5.0 (compatible; YandexBot/3.0; +http://yandex.com/bots)"
5.255.253.119 - - [10/Jul/2022:19:15:16 +0200] "GET /images/med_prod/3457010954408.jpg HTTP/1.0" 200 268 "-" "Mozilla/5.0 (compatible; YandexImages/3.0; +http://yandex.com/bots)"
5.255.253.119 - - [10/Jul/2022:19:15:19 +0200] "GET /images/big_prod/1345544780124.jpg HTTP/1.0" 200 268 "-" "Mozilla/5.0 (compatible; YandexImages/3.0; +http://yandex.com/bots)"
185.191.171.5 - - [10/Jul/2022:19:15:19 +0200] "GET /pretty-unicorn-water-bottle-p-56127.html HTTP/1.0" 200 74917 "-" "Mozilla/5.0 (compatible; SemrushBot/7~bl; +http://www.semrush.com/bot.html)"
5.255.253.119 - - [10/Jul/2022:19:15:23 +0200] "GET /images/med_prod/8029759026538.jpg HTTP/1.0" 200 268 "-" "Mozilla/5.0 (compatible; YandexImages/3.0; +http://yandex.com/bots)"
144.76.68.76 - - [10/Jul/2022:19:15:24 +0200] "GET /velvet-purse-black-gold-p-49963.html HTTP/1.0" 200 74780 "-" "serpstatbot/2.1 (advanced backlink tracking bot; https://serpstatbot.com/; abuse@serpstatbot.com)"
185.191.171.12 - - [10/Jul/2022:19:15:39 +0200] "GET /wooden-keyrings-p-47689.html?action=add_product HTTP/1.0" 302 476 "-" "Mozilla/5.0 (compatible; SemrushBot/7~bl; +http://www.semrush.com/bot.html)"
185.191.171.44 - - [10/Jul/2022:19:15:46 +0200] "GET /sugar-cesarine-collection-p-56476.html?action=add_product HTTP/1.0" 302 476 "-" "Mozilla/5.0 (compatible; SemrushBot/7~bl; +http://www.semrush.com/bot.html)"
185.191.171.45 - - [10/Jul/2022:19:15:48 +0200] "GET /-p-39484.html?action=add_product HTTP/1.0" 302 476 "-" "Mozilla/5.0 (compatible; SemrushBot/7~bl; +http://www.semrush.com/bot.html)"
144.76.68.76 - - [10/Jul/2022:19:16:30 +0200] "GET /velvet-purse-black-white-p-49964.html HTTP/1.0" 200 74787 "-" "serpstatbot/2.1 (advanced backlink tracking bot; https://serpstatbot.com/; abuse@serpstatbot.com)"
5.255.253.119 - - [10/Jul/2022:19:16:46 +0200] "GET /tom-et-jerry-pack-of-20-paper-napkins-p-17187.html HTTP/1.0" 301 71556 "-" "Mozilla/5.0 (compatible; YandexBot/3.0; +http://yandex.com/bots)"
185.191.171.16 - - [10/Jul/2022:19:16:47 +0200] "GET /paris-phone-cover-iphone-p-18140.html?action=add_product HTTP/1.0" 302 476 "-" "Mozilla/5.0 (compatible; SemrushBot/7~bl; +http://www.semrush.com/bot.html)"
5.255.253.119 - - [10/Jul/2022:19:16:49 +0200] "GET /-p-17187.html HTTP/1.0" 200 71489 "-" "Mozilla/5.0 (compatible; YandexBot/3.0; +http://yandex.com/bots)"
54.36.149.39 - - [10/Jul/2022:19:16:57 +0200] "GET /hootie-planter-allen-designs-p-44577.html HTTP/1.0" 200 75268 "-" "Mozilla/5.0 (compatible; AhrefsBot/7.0; +http://ahrefs.com/robot/)"
110.249.203.115 - - [10/Jul/2022:19:17:03 +0200] "GET /images/med_prod/8435107823979.jpg HTTP/1.0" 200 268 "-" "Mozilla/5.0 (X11; Ubuntu; Linux x86_64; rv:72.0) Gecko/20100101 Firefox/72.0"
144.76.68.76 - - [10/Jul/2022:19:17:36 +0200] "GET /verity-rose-gift-card-p-29165.html HTTP/1.0" 200 71585 "-" "serpstatbot/2.1 (advanced backlink tracking bot; https://serpstatbot.com/; abuse@serpstatbot.com)"
185.191.171.36 - - [10/Jul/2022:19:17:55 +0200] "GET /basket-braided-willow-p-49698.html HTTP/1.0" 301 71556 "-" "Mozilla/5.0 (compatible; SemrushBot/7~bl; +http://www.semrush.com/bot.html)"
185.191.171.3 - - [10/Jul/2022:19:17:57 +0200] "GET /-p-49698.html HTTP/1.0" 200 71489 "-" "Mozilla/5.0 (compatible; SemrushBot/7~bl; +http://www.semrush.com/bot.html)"
185.191.171.3 - - [10/Jul/2022:19:18:01 +0200] "GET /soapstone-candle-holder-hand-fatma-p-50153.html?action=add_product HTTP/1.0" 302 476 "-" "Mozilla/5.0 (compatible; SemrushBot/7~bl; +http://www.semrush.com/bot.html)"
185.191.171.25 - - [10/Jul/2022:19:18:05 +0200] "GET /lihit-punilabo-bookmark-case-p-49237.html?action=add_product HTTP/1.0" 302 476 "-" "Mozilla/5.0 (compatible; SemrushBot/7~bl; +http://www.semrush.com/bot.html)"
144.76.68.76 - - [10/Jul/2022:19:18:43 +0200] "GET /verity-rose-gift-card-p-29168.html HTTP/1.0" 200 71585 "-" "serpstatbot/2.1 (advanced backlink tracking bot; https://serpstatbot.com/; abuse@serpstatbot.com)"
185.191.171.22 - - [10/Jul/2022:19:19:02 +0200] "GET /skulls-p-39403.html?action=add_product HTTP/1.0" 302 476 "-" "Mozilla/5.0 (compatible; SemrushBot/7~bl; +http://www.semrush.com/bot.html)"
144.76.68.76 - - [10/Jul/2022:19:19:48 +0200] "GET /verity-rose-hair-clips-retro-p-29186.html HTTP/1.0" 200 74157 "-" "serpstatbot/2.1 (advanced backlink tracking bot; https://serpstatbot.com/; abuse@serpstatbot.com)"
185.191.171.26 - - [10/Jul/2022:19:20:02 +0200] "GET /flower-wood-p-45816.html?action=add_product HTTP/1.0" 302 476 "-" "Mozilla/5.0 (compatible; SemrushBot/7~bl; +http://www.semrush.com/bot.html)"
54.36.149.68 - - [10/Jul/2022:19:20:03 +0200] "GET /angel-french-p-40440.html HTTP/1.0" 200 74193 "-" "Mozilla/5.0 (compatible; AhrefsBot/7.0; +http://ahrefs.com/robot/)"
51.68.224.127 - - [10/Jul/2022:19:20:13 +0200] "GET /adminweb/export_orders_xml.php?token=256de2z6edz6ed2z6DFSFsed2zed6zeDSFDSGdzedezfzf&maxorders=10&orderstart=1&status=14&start_date=2018-10-01 HTTP/1.0" 200 285 "-" "GesCom CharlotteBoutik Serveur"
51.68.224.127 - - [10/Jul/2022:19:20:13 +0200] "GET /adminweb/export_orders_xml.php?token=256de2z6edz6ed2z6DFSFsed2zed6zeDSFDSGdzedezfzf&maxorders=10&orderstart=1&status=6&start_date=2018-10-01 HTTP/1.0" 200 31081 "-" "GesCom CharlotteBoutik Serveur"
157.55.39.92 - - [10/Jul/2022:19:20:33 +0200] "GET /green-floor-tile-tray-p-46509.html HTTP/1.0" 200 71563 "-" "Mozilla/5.0 (compatible; bingbot/2.0; +http://www.bing.com/bingbot.htm)"
185.191.171.39 - - [10/Jul/2022:19:20:41 +0200] "GET /wooden-lantern-zinc-medium-model-p-49712.html?action=add_product HTTP/1.0" 302 476 "-" "Mozilla/5.0 (compatible; SemrushBot/7~bl; +http://www.semrush.com/bot.html)"
144.76.68.76 - - [10/Jul/2022:19:20:55 +0200] "GET /verona-sheer-eyelet-curtain-p-38908.html HTTP/1.0" 200 77273 "-" "serpstatbot/2.1 (advanced backlink tracking bot; https://serpstatbot.com/; abuse@serpstatbot.com)"
185.191.171.24 - - [10/Jul/2022:19:21:09 +0200] "GET /cbkreation-toiletry-bag-p-41156.html HTTP/1.0" 301 74323 "-" "Mozilla/5.0 (compatible; SemrushBot/7~bl; +http://www.semrush.com/bot.html)"
185.191.171.43 - - [10/Jul/2022:19:21:12 +0200] "GET /cbkration-toiletry-p-41156.html HTTP/1.0" 200 74238 "-" "Mozilla/5.0 (compatible; SemrushBot/7~bl; +http://www.semrush.com/bot.html)"
185.191.171.45 - - [10/Jul/2022:19:21:25 +0200] "GET /camorra-white-tee-shirt-p-30679.html HTTP/1.0" 301 71649 "-" "Mozilla/5.0 (compatible; SemrushBot/7~bl; +http://www.semrush.com/bot.html)"
185.191.171.35 - - [10/Jul/2022:19:21:28 +0200] "GET /camorra-white-shirt-p-30679.html HTTP/1.0" 200 71563 "-" "Mozilla/5.0 (compatible; SemrushBot/7~bl; +http://www.semrush.com/bot.html)"
185.191.171.45 - - [10/Jul/2022:19:21:41 +0200] "GET /snowman-orn-jim-shore-heartwood-creek-p-52396.html HTTP/1.0" 301 75662 "-" "Mozilla/5.0 (compatible; SemrushBot/7~bl; +http://www.semrush.com/bot.html)"
185.191.171.5 - - [10/Jul/2022:19:21:44 +0200] "GET /snowman-shore-heartwood-creek-p-52396.html HTTP/1.0" 200 75566 "-" "Mozilla/5.0 (compatible; SemrushBot/7~bl; +http://www.semrush.com/bot.html)"
144.76.68.76 - - [10/Jul/2022:19:22:01 +0200] "GET /vintage-adult-apron-p-38480.html HTTP/1.0" 200 74096 "-" "serpstatbot/2.1 (advanced backlink tracking bot; https://serpstatbot.com/; abuse@serpstatbot.com)"
185.191.171.44 - - [10/Jul/2022:19:22:07 +0200] "GET /cupcakes-money-cbkreation-p-17353.html?action=add_product HTTP/1.0" 302 476 "-" "Mozilla/5.0 (compatible; SemrushBot/7~bl; +http://www.semrush.com/bot.html)"
66.249.64.158 - - [10/Jul/2022:19:22:25 +0200] "GET /stitch-laying-down-collection-statuette-p-47679.html HTTP/1.0" 200 75986 "-" "Mozilla/5.0 (Linux; Android 6.0.1; Nexus 5X Build/MMB29P) AppleWebKit/537.36 (KHTML, like Gecko) Chrome/103.0.5060.114 Mobile Safari/537.36 (compatible; Googlebot/2.1; +http://www.google.com/bot.html)"
66.249.64.158 - - [10/Jul/2022:19:23:22 +0200] "GET /images/big_prod/3281640416100.jpg HTTP/1.0" 200 268 "-" "Googlebot-Image/1.0"
144.76.68.76 - - [10/Jul/2022:19:23:21 +0200] "GET /mini-rectangular-tray-winter-apples-p-56863.html HTTP/1.0" 200 74297 "-" "serpstatbot/2.1 (advanced backlink tracking bot; https://serpstatbot.com/; abuse@serpstatbot.com)"
54.36.149.26 - - [10/Jul/2022:19:23:23 +0200] "GET /giraffe-statuette-resin-p-52582.html HTTP/1.0" 200 71577 "-" "Mozilla/5.0 (compatible; AhrefsBot/7.0; +http://ahrefs.com/robot/)"
185.191.171.3 - - [10/Jul/2022:19:24:07 +0200] "GET /festival-ultrasonic-diffuser-p-57382.html HTTP/1.0" 200 74987 "-" "Mozilla/5.0 (compatible; SemrushBot/7~bl; +http://www.semrush.com/bot.html)"
144.76.68.76 - - [10/Jul/2022:19:24:32 +0200] "GET /underclothes-c-1_25.html HTTP/1.0" 200 70415 "-" "serpstatbot/2.1 (advanced backlink tracking bot; https://serpstatbot.com/; abuse@serpstatbot.com)"
185.191.171.6 - - [10/Jul/2022:19:24:40 +0200] "GET /paperweight-danseuse-sur-scene-by-degas-p-53522.html HTTP/1.0" 301 75677 "-" "Mozilla/5.0 (compatible; SemrushBot/7~bl; +http://www.semrush.com/bot.html)"
185.191.171.24 - - [10/Jul/2022:19:24:43 +0200] "GET /paperweight-danseuse-scne-degas-p-53522.html HTTP/1.0" 200 75579 "-" "Mozilla/5.0 (compatible; SemrushBot/7~bl; +http://www.semrush.com/bot.html)"
185.191.171.17 - - [10/Jul/2022:19:24:46 +0200] "GET /patina-horse-statue-p-44699.html?action=add_product HTTP/1.0" 302 476 "-" "Mozilla/5.0 (compatible; SemrushBot/7~bl; +http://www.semrush.com/bot.html)"
185.191.171.43 - - [10/Jul/2022:19:24:47 +0200] "GET /glass-votive-holder-heart-and-home-metallic-yellow-p-39905.html HTTP/1.0" 301 75475 "-" "Mozilla/5.0 (compatible; SemrushBot/7~bl; +http://www.semrush.com/bot.html)"
185.191.171.13 - - [10/Jul/2022:19:24:50 +0200] "GET /glass-votive-holder-heart-home-metallic-yellow-p-39905.html HTTP/1.0" 200 75362 "-" "Mozilla/5.0 (compatible; SemrushBot/7~bl; +http://www.semrush.com/bot.html)"
185.191.171.18 - - [10/Jul/2022:19:25:16 +0200] "GET /gift-box-watch-vespa-black-women-and-keychain-p-32663.html HTTP/1.0" 301 74906 "-" "Mozilla/5.0 (compatible; SemrushBot/7~bl; +http://www.semrush.com/bot.html)"
185.191.171.2 - - [10/Jul/2022:19:25:18 +0200] "GET /gift-watch-vespa-black-women-keychain-p-32663.html HTTP/1.0" 200 74802 "-" "Mozilla/5.0 (compatible; SemrushBot/7~bl; +http://www.semrush.com/bot.html)"
185.191.171.22 - - [10/Jul/2022:19:25:21 +0200] "GET /bolster-case-color-p-41302.html HTTP/1.0" 200 74403 "-" "Mozilla/5.0 (compatible; SemrushBot/7~bl; +http://www.semrush.com/bot.html)"
144.76.68.76 - - [10/Jul/2022:19:25:41 +0200] "GET /minnie-mouse-round-pencil-case-p-31293.html HTTP/1.0" 301 71556 "-" "serpstatbot/2.1 (advanced backlink tracking bot; https://serpstatbot.com/; abuse@serpstatbot.com)"
185.191.171.4 - - [10/Jul/2022:19:25:58 +0200] "GET /paris-eiffel-tower-metal-ring-hearts-p-38617.html?action=add_product HTTP/1.0" 302 476 "-" "Mozilla/5.0 (compatible; SemrushBot/7~bl; +http://www.semrush.com/bot.html)"
185.191.171.15 - - [10/Jul/2022:19:26:04 +0200] "GET /sausage-with-knife-happy-thrapie-p-47686.html?action=add_product HTTP/1.0" 302 476 "-" "Mozilla/5.0 (compatible; SemrushBot/7~bl; +http://www.semrush.com/bot.html)"
54.36.149.34 - - [10/Jul/2022:19:26:42 +0200] "GET /fitted-sheet-cotton-percale-threads-p-51243.html HTTP/1.0" 200 75127 "-" "Mozilla/5.0 (compatible; AhrefsBot/7.0; +http://ahrefs.com/robot/)"
54.36.148.49 - - [10/Jul/2022:19:26:45 +0200] "GET /images/big_prod/B3442440233988.jpg HTTP/1.0" 200 269 "-" "Mozilla/5.0 (compatible; AhrefsBot/7.0; +http://ahrefs.com/robot/)"
185.191.171.5 - - [10/Jul/2022:19:26:49 +0200] "GET /-p-30391.html?action=add_product HTTP/1.0" 302 476 "-" "Mozilla/5.0 (compatible; SemrushBot/7~bl; +http://www.semrush.com/bot.html)"
144.76.68.76 - - [10/Jul/2022:19:26:52 +0200] "GET /white-moustache-ring-p-18243.html HTTP/1.0" 200 74280 "-" "serpstatbot/2.1 (advanced backlink tracking bot; https://serpstatbot.com/; abuse@serpstatbot.com)"
216.244.66.242 - - [10/Jul/2022:19:28:01 +0200] "GET /robots.txt HTTP/1.0" 200 245 "-" "Mozilla/5.0 (compatible; DotBot/1.2; +https://opensiteexplorer.org/dotbot; help@moz.com)"
144.76.68.76 - - [10/Jul/2022:19:28:01 +0200] "GET /mini-trays-c-12_159_260.html?page=4 HTTP/1.0" 200 93660 "-" "serpstatbot/2.1 (advanced backlink tracking bot; https://serpstatbot.com/; abuse@serpstatbot.com)"
185.191.171.24 - - [10/Jul/2022:19:28:50 +0200] "GET /terracotta-piggy-bank-with-small-hammer-p-37733.html?action=add_product HTTP/1.0" 302 476 "-" "Mozilla/5.0 (compatible; SemrushBot/7~bl; +http://www.semrush.com/bot.html)"
66.249.64.146 - - [10/Jul/2022:19:28:52 +0200] "GET /honoka-kimmidoll-cups-p-20708.html HTTP/1.0" 200 71615 "-" "Mozilla/5.0 (Linux; Android 6.0.1; Nexus 5X Build/MMB29P) AppleWebKit/537.36 (KHTML, like Gecko) Chrome/103.0.5060.114 Mobile Safari/537.36 (compatible; Googlebot/2.1; +http://www.google.com/bot.html)"
185.191.171.34 - - [10/Jul/2022:19:28:52 +0200] "GET /white-pineapple-natural-leds-p-40174.html?action=add_product HTTP/1.0" 302 476 "-" "Mozilla/5.0 (compatible; SemrushBot/7~bl; +http://www.semrush.com/bot.html)"
66.249.64.146 - - [10/Jul/2022:19:28:53 +0200] "GET /koala-money-p-55391.html HTTP/1.0" 200 75054 "-" "Mozilla/5.0 (Linux; Android 6.0.1; Nexus 5X Build/MMB29P) AppleWebKit/537.36 (KHTML, like Gecko) Chrome/103.0.5060.114 Mobile Safari/537.36 (compatible; Googlebot/2.1; +http://www.google.com/bot.html)"
144.76.68.76 - - [10/Jul/2022:19:29:08 +0200] "GET /unicorn-jewelry-holder-black-p-48881.html HTTP/1.0" 200 74323 "-" "serpstatbot/2.1 (advanced backlink tracking bot; https://serpstatbot.com/; abuse@serpstatbot.com)"
185.191.171.23 - - [10/Jul/2022:19:29:13 +0200] "GET /black-bronze-globe-decoration-p-53349.html?action=add_product HTTP/1.0" 302 476 "-" "Mozilla/5.0 (compatible; SemrushBot/7~bl; +http://www.semrush.com/bot.html)"
