114.119.137.45 - - [17/Jul/2022:19:30:10 +0200] "GET /pencil-pot-cbkreation-p-43450.html HTTP/1.0" 301 74204 "http://www.wonder-geek.com/pencil-pot-c-129_183.html?page=1" "Mozilla/5.0 (Linux; Android 7.0;) AppleWebKit/537.36 (KHTML, like Gecko) Mobile Safari/537.36 (compatible; PetalBot;+https://webmaster.petalsearch.com/site/petalbot)"
114.119.137.45 - - [17/Jul/2022:19:30:18 +0200] "GET /pencil-cbkreation-p-43450.html HTTP/1.0" 200 74120 "http://www.wonder-geek.com/pencil-pot-c-129_183.html?page=1" "Mozilla/5.0 (Linux; Android 7.0;) AppleWebKit/537.36 (KHTML, like Gecko) Mobile Safari/537.36 (compatible; PetalBot;+https://webmaster.petalsearch.com/site/petalbot)"
54.36.149.98 - - [17/Jul/2022:19:30:45 +0200] "GET /decorative-brass-tripod-telescope-p-57560.html HTTP/1.0" 200 74942 "-" "Mozilla/5.0 (compatible; AhrefsBot/7.0; +http://ahrefs.com/robot/)"
54.36.149.38 - - [17/Jul/2022:19:30:48 +0200] "GET /images/big_prod/8433933246702.jpg HTTP/1.0" 200 268 "-" "Mozilla/5.0 (compatible; AhrefsBot/7.0; +http://ahrefs.com/robot/)"
54.36.148.132 - - [17/Jul/2022:19:30:49 +0200] "GET /images/big_prod_1/8433933246702B.jpg HTTP/1.0" 200 271 "-" "Mozilla/5.0 (compatible; AhrefsBot/7.0; +http://ahrefs.com/robot/)"
54.36.149.4 - - [17/Jul/2022:19:30:57 +0200] "GET /usa-alarm-clock-by-cbk-p-28467.html HTTP/1.0" 301 71556 "-" "Mozilla/5.0 (compatible; AhrefsBot/7.0; +http://ahrefs.com/robot/)"
207.46.13.208 - - [17/Jul/2022:19:31:19 +0200] "GET /images/big_prod/8422013606116E.jpg HTTP/1.0" 200 269 "-" "Mozilla/5.0 (compatible; bingbot/2.0; +http://www.bing.com/bingbot.htm)"
66.249.70.92 - - [17/Jul/2022:19:31:19 +0200] "GET /verity-rose-hair-clips-retro-p-29184.html HTTP/1.0" 200 74228 "-" "Mozilla/5.0 (compatible; Googlebot/2.1; +http://www.google.com/bot.html)"
54.36.148.103 - - [17/Jul/2022:19:32:45 +0200] "GET /purse-wallet-c-31_76.html?page=1 HTTP/1.0" 200 92432 "-" "Mozilla/5.0 (compatible; AhrefsBot/7.0; +http://ahrefs.com/robot/)"
185.191.171.45 - - [17/Jul/2022:19:33:00 +0200] "GET /blue-medusa-glass-paperweight-p-52212.html HTTP/1.0" 200 71595 "-" "Mozilla/5.0 (compatible; SemrushBot/7~bl; +http://www.semrush.com/bot.html)"
185.191.171.4 - - [17/Jul/2022:19:33:02 +0200] "GET /jasmin-companion-portfolio-amrica-white-p-38696.html HTTP/1.0" 200 75523 "-" "Mozilla/5.0 (compatible; SemrushBot/7~bl; +http://www.semrush.com/bot.html)"
185.191.171.5 - - [17/Jul/2022:19:33:11 +0200] "GET /surfboard-ceramic-magnet-10-cm-p-42059.html HTTP/1.0" 301 75151 "-" "Mozilla/5.0 (compatible; SemrushBot/7~bl; +http://www.semrush.com/bot.html)"
185.191.171.35 - - [17/Jul/2022:19:33:14 +0200] "GET /surfboard-ceramic-magnet-p-42059.html HTTP/1.0" 200 75060 "-" "Mozilla/5.0 (compatible; SemrushBot/7~bl; +http://www.semrush.com/bot.html)"
185.191.171.26 - - [17/Jul/2022:19:33:17 +0200] "GET /jasmin-apache-companion-portfolio-p-40531.html HTTP/1.0" 200 74502 "-" "Mozilla/5.0 (compatible; SemrushBot/7~bl; +http://www.semrush.com/bot.html)"
185.191.171.22 - - [17/Jul/2022:19:33:24 +0200] "GET /breakfast-c-12_61.html?page=5 HTTP/1.0" 200 94384 "-" "Mozilla/5.0 (compatible; SemrushBot/7~bl; +http://www.semrush.com/bot.html)"
173.172.162.54 - - [17/Jul/2022:19:33:40 +0200] "GET /images/big_prod_1/b4029811369201.jpg HTTP/1.0" 200 271 "-" "Mozilla/5.0 (Windows NT 6.1; Win64; x64; rv:100.0) Gecko/20100101 Firefox/100.0"
185.191.171.20 - - [17/Jul/2022:19:33:47 +0200] "GET /heart-home-gold-taper-crackle-mosaic-warmer-p-46875.html?action=add_product HTTP/1.0" 302 476 "-" "Mozilla/5.0 (compatible; SemrushBot/7~bl; +http://www.semrush.com/bot.html)"
185.191.171.44 - - [17/Jul/2022:19:33:54 +0200] "GET /dora-explorer-pendant-light-fitting-p-18708.html?action=add_product HTTP/1.0" 302 476 "-" "Mozilla/5.0 (compatible; SemrushBot/7~bl; +http://www.semrush.com/bot.html)"
54.36.148.39 - - [17/Jul/2022:19:35:14 +0200] "GET /door-plate-bonheur-p-56787.html HTTP/1.0" 200 74131 "-" "Mozilla/5.0 (compatible; AhrefsBot/7.0; +http://ahrefs.com/robot/)"
161.117.10.233 - - [17/Jul/2022:19:35:17 +0200] "GET /contact_us.php HTTP/1.0" 301 539 "http://wonder-geek.com/contact_us.php" "Mozilla/5.0 (Windows NT 6.3; Win64; x64) AppleWebKit/537.36 (KHTML, like Gecko) Chrome/90.0.4430.93 Safari/537.36"
161.117.10.233 - - [17/Jul/2022:19:35:18 +0200] "GET /contact_us.php HTTP/1.0" 200 26238 "http://www.wonder-geek.com/contact_us.php" "Mozilla/5.0 (Windows NT 6.3; Win64; x64) AppleWebKit/537.36 (KHTML, like Gecko) Chrome/90.0.4430.93 Safari/537.36"
185.191.171.5 - - [17/Jul/2022:19:35:44 +0200] "GET /playboy-table-p-16755.html HTTP/1.0" 200 71569 "-" "Mozilla/5.0 (compatible; SemrushBot/7~bl; +http://www.semrush.com/bot.html)"
207.46.13.146 - - [17/Jul/2022:19:36:20 +0200] "GET /images/mini_prod/1300000023955NN.jpg HTTP/1.0" 200 271 "-" "Mozilla/5.0 (compatible; bingbot/2.0; +http://www.bing.com/bingbot.htm)"
161.117.10.233 - - [17/Jul/2022:19:36:21 +0200] "POST /contact_us.php?action=send HTTP/1.0" 200 26470 "http://www.wonder-geek.com/contact_us.php" "Mozilla/5.0 (Windows NT 6.3; Win64; x64) AppleWebKit/537.36 (KHTML, like Gecko) Chrome/90.0.4430.93 Safari/537.36"
207.46.13.23 - - [17/Jul/2022:19:36:35 +0200] "GET /images/4029811326181.jpg HTTP/1.0" 200 259 "-" "Mozilla/5.0 (compatible; bingbot/2.0; +http://www.bing.com/bingbot.htm)"
185.191.171.39 - - [17/Jul/2022:19:36:37 +0200] "GET /-p-30084.html?action=add_product HTTP/1.0" 302 476 "-" "Mozilla/5.0 (compatible; SemrushBot/7~bl; +http://www.semrush.com/bot.html)"
216.244.66.242 - - [17/Jul/2022:19:36:42 +0200] "GET /collectible-figurines-decorative-c-13_135.html?page=2 HTTP/1.0" 200 96109 "-" "Mozilla/5.0 (compatible; DotBot/1.2; +https://opensiteexplorer.org/dotbot; help@moz.com)"
54.36.148.236 - - [17/Jul/2022:19:36:52 +0200] "GET /images/big_prod/3700572740201.jpg HTTP/1.0" 200 268 "-" "Mozilla/5.0 (compatible; AhrefsBot/7.0; +http://ahrefs.com/robot/)"
185.191.171.23 - - [17/Jul/2022:19:36:56 +0200] "GET /despicable-large-flat-pocket-p-34125.html?action=add_product HTTP/1.0" 302 476 "-" "Mozilla/5.0 (compatible; SemrushBot/7~bl; +http://www.semrush.com/bot.html)"
185.191.171.33 - - [17/Jul/2022:19:37:07 +0200] "GET /russian-doll-rectangulary-cushion-by-cbkreation-p-24352.html HTTP/1.0" 301 71556 "-" "Mozilla/5.0 (compatible; SemrushBot/7~bl; +http://www.semrush.com/bot.html)"
216.244.66.242 - - [17/Jul/2022:19:37:07 +0200] "GET /espresso-set-cups-coffee-counter-p-52661.html HTTP/1.0" 301 71706 "-" "Mozilla/5.0 (compatible; DotBot/1.2; +https://opensiteexplorer.org/dotbot; help@moz.com)"
185.191.171.19 - - [17/Jul/2022:19:37:09 +0200] "GET /-p-24352.html HTTP/1.0" 200 71489 "-" "Mozilla/5.0 (compatible; SemrushBot/7~bl; +http://www.semrush.com/bot.html)"
185.191.171.23 - - [17/Jul/2022:19:37:14 +0200] "GET /le-chat-noir-theophile-alexandre-steinlen-figurine-p-38936.html HTTP/1.0" 301 75252 "-" "Mozilla/5.0 (compatible; SemrushBot/7~bl; +http://www.semrush.com/bot.html)"
185.191.171.25 - - [17/Jul/2022:19:37:18 +0200] "GET /chat-noir-thophile-alexandre-steinlen-figurine-p-38936.html HTTP/1.0" 200 75139 "-" "Mozilla/5.0 (compatible; SemrushBot/7~bl; +http://www.semrush.com/bot.html)"
216.244.66.242 - - [17/Jul/2022:19:37:22 +0200] "GET /rebelle-merida-training-bottle-p-17163.html HTTP/1.0" 301 74407 "-" "Mozilla/5.0 (compatible; DotBot/1.2; +https://opensiteexplorer.org/dotbot; help@moz.com)"
54.36.148.101 - - [17/Jul/2022:19:37:28 +0200] "GET /harley-davidson-small-metal-plate-p-12506.html HTTP/1.0" 200 74253 "-" "Mozilla/5.0 (compatible; AhrefsBot/7.0; +http://ahrefs.com/robot/)"
54.36.148.211 - - [17/Jul/2022:19:37:31 +0200] "GET /images/big_prod/4036113101248.jpg HTTP/1.0" 200 268 "-" "Mozilla/5.0 (compatible; AhrefsBot/7.0; +http://ahrefs.com/robot/)"
66.249.70.88 - - [17/Jul/2022:19:37:33 +0200] "GET /images/big_prod_1/5018997410936.jpg HTTP/1.0" 200 270 "-" "Googlebot-Image/1.0"
185.191.171.23 - - [17/Jul/2022:19:37:36 +0200] "GET /bouteilles-bordeaux-little-tray-p-44552.html HTTP/1.0" 200 74322 "-" "Mozilla/5.0 (compatible; SemrushBot/7~bl; +http://www.semrush.com/bot.html)"
216.244.66.242 - - [17/Jul/2022:19:37:37 +0200] "GET /strawberry-shortcake-visor-52-cm-p-20458.html HTTP/1.0" 301 74401 "-" "Mozilla/5.0 (compatible; DotBot/1.2; +https://opensiteexplorer.org/dotbot; help@moz.com)"
114.119.133.245 - - [17/Jul/2022:19:37:40 +0200] "GET /chair-cushion-reversible-celadon-gray-p-43353.html HTTP/1.0" 200 74263 "http://www.wonder-geek.com/household-linen-c-11.html?page=12" "Mozilla/5.0 (Linux; Android 7.0;) AppleWebKit/537.36 (KHTML, like Gecko) Mobile Safari/537.36 (compatible; PetalBot;+https://webmaster.petalsearch.com/site/petalbot)"
54.36.149.49 - - [17/Jul/2022:19:39:54 +0200] "GET /marley-mirror-p-49814.html HTTP/1.0" 200 71539 "-" "Mozilla/5.0 (compatible; AhrefsBot/7.0; +http://ahrefs.com/robot/)"
185.191.171.22 - - [17/Jul/2022:19:40:29 +0200] "GET /green-bbq-party-wall-decoration-p-46251.html HTTP/1.0" 301 74905 "-" "Mozilla/5.0 (compatible; SemrushBot/7~bl; +http://www.semrush.com/bot.html)"
66.249.70.64 - - [17/Jul/2022:19:40:31 +0200] "GET /tibetan-treasure-hand-painted-flowers-p-54965.html HTTP/1.0" 200 75332 "-" "Mozilla/5.0 (Linux; Android 6.0.1; Nexus 5X Build/MMB29P) AppleWebKit/537.36 (KHTML, like Gecko) Chrome/103.0.5060.114 Mobile Safari/537.36 (compatible; Googlebot/2.1; +http://www.google.com/bot.html)"
185.191.171.15 - - [17/Jul/2022:19:40:33 +0200] "GET /green-party-wall-decoration-p-46251.html HTTP/1.0" 200 74811 "-" "Mozilla/5.0 (compatible; SemrushBot/7~bl; +http://www.semrush.com/bot.html)"
131.107.174.172 - - [17/Jul/2022:19:40:38 +0200] "GET /images/3438100339879.jpg HTTP/1.0" 200 259 "-" "Mozilla/5.0 (X11; Ubuntu; Linux x86_64; rv:72.0) Gecko/20100101 Firefox/72.0"
185.191.171.5 - - [17/Jul/2022:19:40:39 +0200] "GET /pants-capri-pants-c-1_20.html HTTP/1.0" 200 80382 "-" "Mozilla/5.0 (compatible; SemrushBot/7~bl; +http://www.semrush.com/bot.html)"
82.131.23.175 - - [17/Jul/2022:19:40:43 +0200] "GET /templates/Pixame_v1/stylesheet.css HTTP/1.0" 200 267 "http://www.wonder-geek.com/jane-crowther-p-54768.html" "Mozilla/5.0 (Windows NT 10.0; Win64; x64; rv:102.0) Gecko/20100101 Firefox/102.0"
82.131.23.175 - - [17/Jul/2022:19:40:43 +0200] "GET /highslide/highslide.js HTTP/1.0" 200 262 "http://www.wonder-geek.com/jane-crowther-p-54768.html" "Mozilla/5.0 (Windows NT 10.0; Win64; x64; rv:102.0) Gecko/20100101 Firefox/102.0"
82.131.23.175 - - [17/Jul/2022:19:40:43 +0200] "GET /js/jquery.jqzoom.js HTTP/1.0" 200 259 "http://www.wonder-geek.com/jane-crowther-p-54768.html" "Mozilla/5.0 (Windows NT 10.0; Win64; x64; rv:102.0) Gecko/20100101 Firefox/102.0"
82.131.23.175 - - [17/Jul/2022:19:40:43 +0200] "GET /js/jquery.js HTTP/1.0" 200 252 "http://www.wonder-geek.com/jane-crowther-p-54768.html" "Mozilla/5.0 (Windows NT 10.0; Win64; x64; rv:102.0) Gecko/20100101 Firefox/102.0"
82.131.23.175 - - [17/Jul/2022:19:40:43 +0200] "GET /mondial_relay/js/jquery-1.3.2.min.js HTTP/1.0" 200 276 "http://www.wonder-geek.com/jane-crowther-p-54768.html" "Mozilla/5.0 (Windows NT 10.0; Win64; x64; rv:102.0) Gecko/20100101 Firefox/102.0"
82.131.23.175 - - [17/Jul/2022:19:40:40 +0200] "GET /jane-crowther-p-54768.html HTTP/1.0" 200 74895 "https://www.google.com/" "Mozilla/5.0 (Windows NT 10.0; Win64; x64; rv:102.0) Gecko/20100101 Firefox/102.0"
82.131.23.175 - - [17/Jul/2022:19:40:43 +0200] "GET /swfobject.js HTTP/1.0" 404 1308 "http://www.wonder-geek.com/jane-crowther-p-54768.html" "Mozilla/5.0 (Windows NT 10.0; Win64; x64; rv:102.0) Gecko/20100101 Firefox/102.0"
82.131.23.175 - - [17/Jul/2022:19:40:43 +0200] "GET /images/big_prod_1/3700572750590B.jpg HTTP/1.0" 200 271 "http://www.wonder-geek.com/jane-crowther-p-54768.html" "Mozilla/5.0 (Windows NT 10.0; Win64; x64; rv:102.0) Gecko/20100101 Firefox/102.0"
82.131.23.175 - - [17/Jul/2022:19:40:43 +0200] "GET /templates/Pixame_v1/images/infobox/pixel_trans.gif HTTP/1.0" 200 328 "http://www.wonder-geek.com/jane-crowther-p-54768.html" "Mozilla/5.0 (Windows NT 10.0; Win64; x64; rv:102.0) Gecko/20100101 Firefox/102.0"
82.131.23.175 - - [17/Jul/2022:19:40:43 +0200] "GET /templates/Pixame_v1/images/icon_accueil2.png HTTP/1.0" 200 278 "http://www.wonder-geek.com/jane-crowther-p-54768.html" "Mozilla/5.0 (Windows NT 10.0; Win64; x64; rv:102.0) Gecko/20100101 Firefox/102.0"
82.131.23.175 - - [17/Jul/2022:19:40:43 +0200] "GET /images/pixel_trans.gif HTTP/1.0" 200 328 "http://www.wonder-geek.com/jane-crowther-p-54768.html" "Mozilla/5.0 (Windows NT 10.0; Win64; x64; rv:102.0) Gecko/20100101 Firefox/102.0"
82.131.23.175 - - [17/Jul/2022:19:40:43 +0200] "GET /images/big_prod/3700572750590.jpg HTTP/1.0" 200 268 "http://www.wonder-geek.com/jane-crowther-p-54768.html" "Mozilla/5.0 (Windows NT 10.0; Win64; x64; rv:102.0) Gecko/20100101 Firefox/102.0"
82.131.23.175 - - [17/Jul/2022:19:40:43 +0200] "GET /templates/Pixame_v1/images/pixel_trans.gif HTTP/1.0" 200 328 "http://www.wonder-geek.com/jane-crowther-p-54768.html" "Mozilla/5.0 (Windows NT 10.0; Win64; x64; rv:102.0) Gecko/20100101 Firefox/102.0"
82.131.23.175 - - [17/Jul/2022:19:40:43 +0200] "GET /templates/Pixame_v1/images/Bottom_texture.jpg HTTP/1.0" 200 280 "http://www.wonder-geek.com/templates/Pixame_v1/stylesheet.css" "Mozilla/5.0 (Windows NT 10.0; Win64; x64; rv:102.0) Gecko/20100101 Firefox/102.0"
82.131.23.175 - - [17/Jul/2022:19:40:43 +0200] "GET /swfobject.js HTTP/1.0" 404 1308 "http://www.wonder-geek.com/jane-crowther-p-54768.html" "Mozilla/5.0 (Windows NT 10.0; Win64; x64; rv:102.0) Gecko/20100101 Firefox/102.0"
82.131.23.175 - - [17/Jul/2022:19:40:43 +0200] "GET /templates/Pixame_v1/images/Middle_texture.jpg HTTP/1.0" 200 280 "http://www.wonder-geek.com/templates/Pixame_v1/stylesheet.css" "Mozilla/5.0 (Windows NT 10.0; Win64; x64; rv:102.0) Gecko/20100101 Firefox/102.0"
82.131.23.175 - - [17/Jul/2022:19:40:43 +0200] "GET /templates/Pixame_v1/images/nav.png HTTP/1.0" 200 268 "http://www.wonder-geek.com/templates/Pixame_v1/stylesheet.css" "Mozilla/5.0 (Windows NT 10.0; Win64; x64; rv:102.0) Gecko/20100101 Firefox/102.0"
82.131.23.175 - - [17/Jul/2022:19:40:43 +0200] "GET /templates/Pixame_v1/images/header.png HTTP/1.0" 200 271 "http://www.wonder-geek.com/templates/Pixame_v1/stylesheet.css" "Mozilla/5.0 (Windows NT 10.0; Win64; x64; rv:102.0) Gecko/20100101 Firefox/102.0"
82.131.23.175 - - [17/Jul/2022:19:40:43 +0200] "GET /templates/Pixame_v1/images/header-object.png HTTP/1.0" 200 278 "http://www.wonder-geek.com/templates/Pixame_v1/stylesheet.css" "Mozilla/5.0 (Windows NT 10.0; Win64; x64; rv:102.0) Gecko/20100101 Firefox/102.0"
82.131.23.175 - - [17/Jul/2022:19:40:43 +0200] "GET /design/productsenstock.png HTTP/1.0" 200 260 "http://www.wonder-geek.com/templates/Pixame_v1/stylesheet.css" "Mozilla/5.0 (Windows NT 10.0; Win64; x64; rv:102.0) Gecko/20100101 Firefox/102.0"
185.191.171.9 - - [17/Jul/2022:19:40:43 +0200] "GET /removable-cushion-polar-fleece-p-57908.html?action=add_product HTTP/1.0" 302 476 "-" "Mozilla/5.0 (compatible; SemrushBot/7~bl; +http://www.semrush.com/bot.html)"
82.131.23.175 - - [17/Jul/2022:19:40:43 +0200] "GET /templates/Pixame_v1/images/flash.swf HTTP/1.0" 200 290 "http://www.wonder-geek.com/jane-crowther-p-54768.html" "Mozilla/5.0 (Windows NT 10.0; Win64; x64; rv:102.0) Gecko/20100101 Firefox/102.0"
82.131.23.175 - - [17/Jul/2022:19:40:43 +0200] "GET /templates/Pixame_v1/images/infobox/infobox_footer_middle.gif HTTP/1.0" 200 357 "http://www.wonder-geek.com/jane-crowther-p-54768.html" "Mozilla/5.0 (Windows NT 10.0; Win64; x64; rv:102.0) Gecko/20100101 Firefox/102.0"
82.131.23.175 - - [17/Jul/2022:19:40:43 +0200] "GET /templates/Pixame_v1/images/buttons/english/button_in_cart.gif HTTP/1.0" 200 295 "http://www.wonder-geek.com/jane-crowther-p-54768.html" "Mozilla/5.0 (Windows NT 10.0; Win64; x64; rv:102.0) Gecko/20100101 Firefox/102.0"
82.131.23.175 - - [17/Jul/2022:19:40:43 +0200] "GET /highslide/graphics/zoomin.cur HTTP/1.0" 200 614 "http://www.wonder-geek.com/templates/Pixame_v1/stylesheet.css" "Mozilla/5.0 (Windows NT 10.0; Win64; x64; rv:102.0) Gecko/20100101 Firefox/102.0"
82.131.23.175 - - [17/Jul/2022:19:40:43 +0200] "GET /favicon.ico HTTP/1.0" 200 260 "http://www.wonder-geek.com/jane-crowther-p-54768.html" "Mozilla/5.0 (Windows NT 10.0; Win64; x64; rv:102.0) Gecko/20100101 Firefox/102.0"
82.131.23.175 - - [17/Jul/2022:19:40:43 +0200] "GET /highslide/graphics/outlines/drop-shadow.png HTTP/1.0" 200 277 "http://www.wonder-geek.com/jane-crowther-p-54768.html" "Mozilla/5.0 (Windows NT 10.0; Win64; x64; rv:102.0) Gecko/20100101 Firefox/102.0"
82.131.23.175 - - [17/Jul/2022:19:40:43 +0200] "GET /highslide/graphics/zoomout.cur HTTP/1.0" 200 614 "http://www.wonder-geek.com/jane-crowther-p-54768.html" "Mozilla/5.0 (Windows NT 10.0; Win64; x64; rv:102.0) Gecko/20100101 Firefox/102.0"
82.131.23.175 - - [17/Jul/2022:19:40:43 +0200] "GET /highslide/graphics/loader.white.gif HTTP/1.0" 200 960 "http://www.wonder-geek.com/templates/Pixame_v1/stylesheet.css" "Mozilla/5.0 (Windows NT 10.0; Win64; x64; rv:102.0) Gecko/20100101 Firefox/102.0"
185.191.171.17 - - [17/Jul/2022:19:40:44 +0200] "GET /-p-1656.html?action=add_product HTTP/1.0" 302 476 "-" "Mozilla/5.0 (compatible; SemrushBot/7~bl; +http://www.semrush.com/bot.html)"
185.191.171.1 - - [17/Jul/2022:19:41:25 +0200] "GET /gorjuss-keyring-sugar-and-spice-p-46945.html HTTP/1.0" 301 75108 "-" "Mozilla/5.0 (compatible; SemrushBot/7~bl; +http://www.semrush.com/bot.html)"
185.191.171.41 - - [17/Jul/2022:19:41:28 +0200] "GET /gorjuss-keyring-sugar-spice-p-46945.html HTTP/1.0" 200 75014 "-" "Mozilla/5.0 (compatible; SemrushBot/7~bl; +http://www.semrush.com/bot.html)"
185.191.171.6 - - [17/Jul/2022:19:41:31 +0200] "GET /blue-kitchen-timer-clock-p-55015.html HTTP/1.0" 200 74154 "-" "Mozilla/5.0 (compatible; SemrushBot/7~bl; +http://www.semrush.com/bot.html)"
185.191.171.8 - - [17/Jul/2022:19:41:52 +0200] "GET /small-solitaire-teapot-cushion-p-53850.html HTTP/1.0" 200 74925 "-" "Mozilla/5.0 (compatible; SemrushBot/7~bl; +http://www.semrush.com/bot.html)"
157.90.177.217 - - [17/Jul/2022:19:41:59 +0200] "GET /robots.txt HTTP/1.0" 301 531 "-" "Mozilla/5.0 (compatible; BLEXBot/1.0; +http://webmeup-crawler.com/)"
157.90.177.217 - - [17/Jul/2022:19:41:59 +0200] "GET /robots.txt HTTP/1.0" 200 245 "-" "Mozilla/5.0 (compatible; BLEXBot/1.0; +http://webmeup-crawler.com/)"
157.90.177.217 - - [17/Jul/2022:19:42:00 +0200] "GET /sitemap HTTP/1.0" 301 525 "-" "Mozilla/5.0 (compatible; BLEXBot/1.0; +http://webmeup-crawler.com/)"
157.90.177.217 - - [17/Jul/2022:19:42:00 +0200] "GET /robots.txt HTTP/1.0" 200 245 "-" "Mozilla/5.0 (compatible; BLEXBot/1.0; +http://webmeup-crawler.com/)"
157.90.177.217 - - [17/Jul/2022:19:42:01 +0200] "GET /sitemap HTTP/1.0" 404 1308 "-" "Mozilla/5.0 (compatible; BLEXBot/1.0; +http://webmeup-crawler.com/)"
157.90.177.217 - - [17/Jul/2022:19:42:03 +0200] "GET /sitemap HTTP/1.0" 404 1308 "-" "Mozilla/5.0 (compatible; BLEXBot/1.0; +http://webmeup-crawler.com/)"
157.90.177.217 - - [17/Jul/2022:19:42:06 +0200] "GET /sitemap.txt HTTP/1.0" 301 533 "-" "Mozilla/5.0 (compatible; BLEXBot/1.0; +http://webmeup-crawler.com/)"
157.90.177.217 - - [17/Jul/2022:19:42:06 +0200] "GET /sitemap.txt HTTP/1.0" 404 1308 "-" "Mozilla/5.0 (compatible; BLEXBot/1.0; +http://webmeup-crawler.com/)"
157.90.177.217 - - [17/Jul/2022:19:42:08 +0200] "GET /sitemap.txt HTTP/1.0" 404 1308 "-" "Mozilla/5.0 (compatible; BLEXBot/1.0; +http://webmeup-crawler.com/)"
54.36.148.170 - - [17/Jul/2022:19:42:11 +0200] "GET /isothermic-stainless-steel-bottle-allen-p-57593.html HTTP/1.0" 200 75081 "-" "Mozilla/5.0 (compatible; AhrefsBot/7.0; +http://ahrefs.com/robot/)"
157.90.177.217 - - [17/Jul/2022:19:42:12 +0200] "GET /copains-abord-wooden-tray-p-58484.html HTTP/1.0" 200 74919 "-" "Mozilla/5.0 (compatible; BLEXBot/1.0; +http://webmeup-crawler.com/)"
157.90.177.217 - - [17/Jul/2022:19:42:18 +0200] "GET /dishes-c-12.html?page=132 HTTP/1.0" 200 95867 "-" "Mozilla/5.0 (compatible; BLEXBot/1.0; +http://webmeup-crawler.com/)"
157.90.177.217 - - [17/Jul/2022:19:42:22 +0200] "GET /dishes-c-12.html?page=133 HTTP/1.0" 200 94544 "-" "Mozilla/5.0 (compatible; BLEXBot/1.0; +http://webmeup-crawler.com/)"
51.68.224.127 - - [17/Jul/2022:19:42:26 +0200] "GET /adminweb/export_orders_xml.php?token=256de2z6edz6ed2z6DFSFsed2zed6zeDSFDSGdzedezfzf&maxorders=10&orderstart=1&status=14&start_date=2018-10-01 HTTP/1.0" 200 285 "-" "GesCom CharlotteBoutik Serveur"
51.68.224.127 - - [17/Jul/2022:19:42:26 +0200] "GET /adminweb/export_orders_xml.php?token=256de2z6edz6ed2z6DFSFsed2zed6zeDSFDSGdzedezfzf&maxorders=10&orderstart=1&status=6&start_date=2018-10-01 HTTP/1.0" 200 31081 "-" "GesCom CharlotteBoutik Serveur"
157.90.177.217 - - [17/Jul/2022:19:42:28 +0200] "GET /dishes-c-12.html?page=134 HTTP/1.0" 200 94106 "-" "Mozilla/5.0 (compatible; BLEXBot/1.0; +http://webmeup-crawler.com/)"
157.90.177.217 - - [17/Jul/2022:19:42:36 +0200] "GET /dishes-c-12.html?page=135 HTTP/1.0" 200 93579 "-" "Mozilla/5.0 (compatible; BLEXBot/1.0; +http://webmeup-crawler.com/)"
216.244.66.242 - - [17/Jul/2022:19:42:37 +0200] "GET /household-linen-c-11.html?page=4 HTTP/1.0" 200 92697 "-" "Mozilla/5.0 (compatible; DotBot/1.2; +https://opensiteexplorer.org/dotbot; help@moz.com)"
185.191.171.8 - - [17/Jul/2022:19:42:44 +0200] "GET /buddha-happy-statue-p-38432.html?action=add_product HTTP/1.0" 302 476 "-" "Mozilla/5.0 (compatible; SemrushBot/7~bl; +http://www.semrush.com/bot.html)"
185.191.171.8 - - [17/Jul/2022:19:42:44 +0200] "GET /robots.txt HTTP/1.0" 200 245 "-" "Mozilla/5.0 (compatible; SemrushBot/7~bl; +http://www.semrush.com/bot.html)"
157.90.177.217 - - [17/Jul/2022:19:42:43 +0200] "GET /dishes-c-12.html?page=136 HTTP/1.0" 200 93895 "-" "Mozilla/5.0 (compatible; BLEXBot/1.0; +http://webmeup-crawler.com/)"
185.191.171.8 - - [17/Jul/2022:19:42:50 +0200] "GET /russian-dolls-phone-cover-for-iphone-and-by-cbkreation-p-18753.html HTTP/1.0" 301 71556 "-" "Mozilla/5.0 (compatible; SemrushBot/7~bl; +http://www.semrush.com/bot.html)"
157.90.177.217 - - [17/Jul/2022:19:42:49 +0200] "GET /dishes-c-12.html?page=137 HTTP/1.0" 200 94437 "-" "Mozilla/5.0 (compatible; BLEXBot/1.0; +http://webmeup-crawler.com/)"
185.191.171.11 - - [17/Jul/2022:19:42:53 +0200] "GET /-p-18753.html HTTP/1.0" 200 71489 "-" "Mozilla/5.0 (compatible; SemrushBot/7~bl; +http://www.semrush.com/bot.html)"
157.90.177.217 - - [17/Jul/2022:19:43:06 +0200] "GET /dishes-c-12.html?page=138 HTTP/1.0" 200 93843 "-" "Mozilla/5.0 (compatible; BLEXBot/1.0; +http://webmeup-crawler.com/)"
157.90.177.217 - - [17/Jul/2022:19:43:10 +0200] "GET /dishes-c-12.html?page=139 HTTP/1.0" 200 93806 "-" "Mozilla/5.0 (compatible; BLEXBot/1.0; +http://webmeup-crawler.com/)"
157.90.177.217 - - [17/Jul/2022:19:43:16 +0200] "GET /dishes-c-12.html?page=140 HTTP/1.0" 200 94036 "-" "Mozilla/5.0 (compatible; BLEXBot/1.0; +http://webmeup-crawler.com/)"
185.191.171.34 - - [17/Jul/2022:19:43:20 +0200] "GET /nici-lucy-round-pencil-case-p-13749.html?action=add_product HTTP/1.0" 302 476 "-" "Mozilla/5.0 (compatible; SemrushBot/7~bl; +http://www.semrush.com/bot.html)"
157.90.177.217 - - [17/Jul/2022:19:43:23 +0200] "GET /dishes-c-12.html?page=141 HTTP/1.0" 200 93787 "-" "Mozilla/5.0 (compatible; BLEXBot/1.0; +http://webmeup-crawler.com/)"
157.90.177.217 - - [17/Jul/2022:19:43:29 +0200] "GET /home-decoration-c-13.html?page=132 HTTP/1.0" 200 93965 "-" "Mozilla/5.0 (compatible; BLEXBot/1.0; +http://webmeup-crawler.com/)"
82.131.23.175 - - [17/Jul/2022:19:43:35 +0200] "GET /swfobject.js HTTP/1.0" 404 1308 "http://www.wonder-geek.com/jane-crowther-cats-p-54762.html" "Mozilla/5.0 (Windows NT 10.0; Win64; x64; rv:102.0) Gecko/20100101 Firefox/102.0"
82.131.23.175 - - [17/Jul/2022:19:43:34 +0200] "GET /jane-crowther-cats-p-54762.html HTTP/1.0" 200 74831 "https://www.google.com/" "Mozilla/5.0 (Windows NT 10.0; Win64; x64; rv:102.0) Gecko/20100101 Firefox/102.0"
82.131.23.175 - - [17/Jul/2022:19:43:35 +0200] "GET /templates/Pixame_v1/images/flash.swf HTTP/1.0" 200 290 "http://www.wonder-geek.com/jane-crowther-cats-p-54762.html" "Mozilla/5.0 (Windows NT 10.0; Win64; x64; rv:102.0) Gecko/20100101 Firefox/102.0"
82.131.23.175 - - [17/Jul/2022:19:43:35 +0200] "GET /images/big_prod/3700572738154.jpg HTTP/1.0" 200 268 "http://www.wonder-geek.com/jane-crowther-cats-p-54762.html" "Mozilla/5.0 (Windows NT 10.0; Win64; x64; rv:102.0) Gecko/20100101 Firefox/102.0"
82.131.23.175 - - [17/Jul/2022:19:43:35 +0200] "GET /images/big_prod_1/3700572738154B.jpg HTTP/1.0" 200 271 "http://www.wonder-geek.com/jane-crowther-cats-p-54762.html" "Mozilla/5.0 (Windows NT 10.0; Win64; x64; rv:102.0) Gecko/20100101 Firefox/102.0"
157.90.177.217 - - [17/Jul/2022:19:43:35 +0200] "GET /home-decoration-c-13.html?page=133 HTTP/1.0" 200 93554 "-" "Mozilla/5.0 (compatible; BLEXBot/1.0; +http://webmeup-crawler.com/)"
157.90.177.217 - - [17/Jul/2022:19:43:41 +0200] "GET /home-decoration-c-13.html?page=134 HTTP/1.0" 200 93495 "-" "Mozilla/5.0 (compatible; BLEXBot/1.0; +http://webmeup-crawler.com/)"
157.90.177.217 - - [17/Jul/2022:19:43:46 +0200] "GET /home-decoration-c-13.html?page=135 HTTP/1.0" 200 94019 "-" "Mozilla/5.0 (compatible; BLEXBot/1.0; +http://webmeup-crawler.com/)"
157.90.177.217 - - [17/Jul/2022:19:43:51 +0200] "GET /home-decoration-c-13.html?page=136 HTTP/1.0" 200 94081 "-" "Mozilla/5.0 (compatible; BLEXBot/1.0; +http://webmeup-crawler.com/)"
157.90.177.217 - - [17/Jul/2022:19:43:56 +0200] "GET /home-decoration-c-13.html?page=137 HTTP/1.0" 200 93897 "-" "Mozilla/5.0 (compatible; BLEXBot/1.0; +http://webmeup-crawler.com/)"
157.90.177.217 - - [17/Jul/2022:19:44:02 +0200] "GET /home-decoration-c-13.html?page=138 HTTP/1.0" 200 93868 "-" "Mozilla/5.0 (compatible; BLEXBot/1.0; +http://webmeup-crawler.com/)"
185.191.171.2 - - [17/Jul/2022:19:44:03 +0200] "GET /little-prince-metal-bicycle-horn-p-55437.html HTTP/1.0" 200 74251 "-" "Mozilla/5.0 (compatible; SemrushBot/7~bl; +http://www.semrush.com/bot.html)"
185.191.171.26 - - [17/Jul/2022:19:44:07 +0200] "GET /votive-candle-home-for-christmas-p-46035.html HTTP/1.0" 301 74922 "-" "Mozilla/5.0 (compatible; SemrushBot/7~bl; +http://www.semrush.com/bot.html)"
82.131.23.175 - - [17/Jul/2022:19:44:09 +0200] "POST /jane-crowther-cats-p-54762.html?action=add_product HTTP/1.0" 302 476 "http://www.wonder-geek.com/jane-crowther-cats-p-54762.html" "Mozilla/5.0 (Windows NT 10.0; Win64; x64; rv:102.0) Gecko/20100101 Firefox/102.0"
82.131.23.175 - - [17/Jul/2022:19:44:09 +0200] "GET /shopping_cart.php HTTP/1.0" 200 29274 "http://www.wonder-geek.com/jane-crowther-cats-p-54762.html" "Mozilla/5.0 (Windows NT 10.0; Win64; x64; rv:102.0) Gecko/20100101 Firefox/102.0"
82.131.23.175 - - [17/Jul/2022:19:44:09 +0200] "GET /swfobject.js HTTP/1.0" 404 1308 "http://www.wonder-geek.com/shopping_cart.php" "Mozilla/5.0 (Windows NT 10.0; Win64; x64; rv:102.0) Gecko/20100101 Firefox/102.0"
82.131.23.175 - - [17/Jul/2022:19:44:09 +0200] "GET /images/mini_prod/3700572738154.jpg HTTP/1.0" 200 269 "http://www.wonder-geek.com/shopping_cart.php" "Mozilla/5.0 (Windows NT 10.0; Win64; x64; rv:102.0) Gecko/20100101 Firefox/102.0"
82.131.23.175 - - [17/Jul/2022:19:44:09 +0200] "GET /images/table_background_cart.gif HTTP/1.0" 200 1094 "http://www.wonder-geek.com/shopping_cart.php" "Mozilla/5.0 (Windows NT 10.0; Win64; x64; rv:102.0) Gecko/20100101 Firefox/102.0"
82.131.23.175 - - [17/Jul/2022:19:44:10 +0200] "GET /templates/Pixame_v1/images/buttons/english/button_checkout.gif HTTP/1.0" 200 296 "http://www.wonder-geek.com/shopping_cart.php" "Mozilla/5.0 (Windows NT 10.0; Win64; x64; rv:102.0) Gecko/20100101 Firefox/102.0"
82.131.23.175 - - [17/Jul/2022:19:44:10 +0200] "GET /templates/Pixame_v1/images/buttons/english/button_continue_shopping.gif HTTP/1.0" 200 305 "http://www.wonder-geek.com/shopping_cart.php" "Mozilla/5.0 (Windows NT 10.0; Win64; x64; rv:102.0) Gecko/20100101 Firefox/102.0"
82.131.23.175 - - [17/Jul/2022:19:44:10 +0200] "GET /images/icons/warning.gif HTTP/1.0" 200 478 "http://www.wonder-geek.com/shopping_cart.php" "Mozilla/5.0 (Windows NT 10.0; Win64; x64; rv:102.0) Gecko/20100101 Firefox/102.0"
82.131.23.175 - - [17/Jul/2022:19:44:10 +0200] "GET /images/pixel_black.gif HTTP/1.0" 200 320 "http://www.wonder-geek.com/shopping_cart.php" "Mozilla/5.0 (Windows NT 10.0; Win64; x64; rv:102.0) Gecko/20100101 Firefox/102.0"
82.131.23.175 - - [17/Jul/2022:19:44:10 +0200] "GET /images/icons/colissimo.gif HTTP/1.0" 200 260 "http://www.wonder-geek.com/shopping_cart.php" "Mozilla/5.0 (Windows NT 10.0; Win64; x64; rv:102.0) Gecko/20100101 Firefox/102.0"
82.131.23.175 - - [17/Jul/2022:19:44:10 +0200] "GET /templates/Pixame_v1/images/buttons/english/button_update_cart.gif HTTP/1.0" 200 299 "http://www.wonder-geek.com/shopping_cart.php" "Mozilla/5.0 (Windows NT 10.0; Win64; x64; rv:102.0) Gecko/20100101 Firefox/102.0"
82.131.23.175 - - [17/Jul/2022:19:44:10 +0200] "GET /favicon.ico HTTP/1.0" 200 260 "http://www.wonder-geek.com/shopping_cart.php" "Mozilla/5.0 (Windows NT 10.0; Win64; x64; rv:102.0) Gecko/20100101 Firefox/102.0"
157.90.177.217 - - [17/Jul/2022:19:44:08 +0200] "GET /home-decoration-c-13.html?page=139 HTTP/1.0" 200 93784 "-" "Mozilla/5.0 (compatible; BLEXBot/1.0; +http://webmeup-crawler.com/)"
185.191.171.33 - - [17/Jul/2022:19:44:12 +0200] "GET /votive-candle-home-christmas-p-46035.html HTTP/1.0" 200 74827 "-" "Mozilla/5.0 (compatible; SemrushBot/7~bl; +http://www.semrush.com/bot.html)"
157.90.177.217 - - [17/Jul/2022:19:44:12 +0200] "GET /home-decoration-c-13.html?page=140 HTTP/1.0" 200 93327 "-" "Mozilla/5.0 (compatible; BLEXBot/1.0; +http://webmeup-crawler.com/)"
157.90.177.217 - - [17/Jul/2022:19:44:18 +0200] "GET /home-decoration-c-13.html?page=141 HTTP/1.0" 200 93337 "-" "Mozilla/5.0 (compatible; BLEXBot/1.0; +http://webmeup-crawler.com/)"
157.90.177.217 - - [17/Jul/2022:19:44:25 +0200] "GET /pink-piggy-bank-premire-tirelire-p-44652.html HTTP/1.0" 200 74142 "-" "Mozilla/5.0 (compatible; BLEXBot/1.0; +http://webmeup-crawler.com/)"
157.90.177.217 - - [17/Jul/2022:19:44:30 +0200] "GET /small-piggy-bank-beige-p-55214.html HTTP/1.0" 200 74762 "-" "Mozilla/5.0 (compatible; BLEXBot/1.0; +http://webmeup-crawler.com/)"
54.36.148.18 - - [17/Jul/2022:19:44:34 +0200] "GET /kitchen-towel-patisserie-collection-p-54754.html HTTP/1.0" 200 74204 "-" "Mozilla/5.0 (compatible; AhrefsBot/7.0; +http://ahrefs.com/robot/)"
54.36.148.171 - - [17/Jul/2022:19:44:37 +0200] "GET /images/big_prod/3503420213250.jpg HTTP/1.0" 200 268 "-" "Mozilla/5.0 (compatible; AhrefsBot/7.0; +http://ahrefs.com/robot/)"
157.90.177.217 - - [17/Jul/2022:19:44:36 +0200] "GET /small-piggy-bank-white-p-55213.html HTTP/1.0" 200 74762 "-" "Mozilla/5.0 (compatible; BLEXBot/1.0; +http://webmeup-crawler.com/)"
82.131.23.175 - - [17/Jul/2022:19:44:47 +0200] "POST /shopping_cart.php HTTP/1.0" 200 28048 "http://www.wonder-geek.com/shopping_cart.php" "Mozilla/5.0 (Windows NT 10.0; Win64; x64; rv:102.0) Gecko/20100101 Firefox/102.0"
82.131.23.175 - - [17/Jul/2022:19:44:50 +0200] "POST /shopping_cart.php HTTP/1.0" 200 28048 "http://www.wonder-geek.com/shopping_cart.php" "Mozilla/5.0 (Windows NT 10.0; Win64; x64; rv:102.0) Gecko/20100101 Firefox/102.0"
82.131.23.175 - - [17/Jul/2022:19:44:51 +0200] "GET /swfobject.js HTTP/1.0" 404 1308 "http://www.wonder-geek.com/shopping_cart.php" "Mozilla/5.0 (Windows NT 10.0; Win64; x64; rv:102.0) Gecko/20100101 Firefox/102.0"
82.131.23.175 - - [17/Jul/2022:19:44:51 +0200] "GET /templates/Pixame_v1/images/flash.swf HTTP/1.0" 200 290 "http://www.wonder-geek.com/shopping_cart.php" "Mozilla/5.0 (Windows NT 10.0; Win64; x64; rv:102.0) Gecko/20100101 Firefox/102.0"
131.107.174.172 - - [17/Jul/2022:19:44:57 +0200] "GET /images/mini_prod/1399984242629.jpg HTTP/1.0" 200 269 "-" "Mozilla/5.0 (X11; Ubuntu; Linux x86_64; rv:72.0) Gecko/20100101 Firefox/72.0"
82.131.23.175 - - [17/Jul/2022:19:45:04 +0200] "GET /shopping_cart.php HTTP/1.0" 200 28048 "http://www.wonder-geek.com/jane-crowther-cats-p-54762.html" "Mozilla/5.0 (Windows NT 10.0; Win64; x64; rv:102.0) Gecko/20100101 Firefox/102.0"
82.131.23.175 - - [17/Jul/2022:19:45:08 +0200] "GET /templates/Pixame_v1/images/flash.swf HTTP/1.0" 200 290 "http://www.wonder-geek.com/jane-crowther-cats-p-54762.html" "Mozilla/5.0 (Windows NT 10.0; Win64; x64; rv:102.0) Gecko/20100101 Firefox/102.0"
82.131.23.175 - - [17/Jul/2022:19:45:06 +0200] "GET /jane-crowther-cats-p-54762.html HTTP/1.0" 200 74831 "https://www.google.com/" "Mozilla/5.0 (Windows NT 10.0; Win64; x64; rv:102.0) Gecko/20100101 Firefox/102.0"
82.131.23.175 - - [17/Jul/2022:19:45:08 +0200] "GET /favicon.ico HTTP/1.0" 200 260 "http://www.wonder-geek.com/jane-crowther-cats-p-54762.html" "Mozilla/5.0 (Windows NT 10.0; Win64; x64; rv:102.0) Gecko/20100101 Firefox/102.0"
185.191.171.7 - - [17/Jul/2022:19:45:11 +0200] "GET /gogh-isothermic-stainless-steel-bottle-p-53165.html?action=add_product HTTP/1.0" 302 476 "-" "Mozilla/5.0 (compatible; SemrushBot/7~bl; +http://www.semrush.com/bot.html)"
185.191.171.26 - - [17/Jul/2022:19:45:36 +0200] "GET /occitane-cross-wooden-wall-decoration-p-46240.html?action=add_product HTTP/1.0" 302 476 "-" "Mozilla/5.0 (compatible; SemrushBot/7~bl; +http://www.semrush.com/bot.html)"
185.191.171.36 - - [17/Jul/2022:19:46:25 +0200] "GET /led-retro-wall-lamp-in-white-weathered-metal-p-44615.html HTTP/1.0" 301 71556 "-" "Mozilla/5.0 (compatible; SemrushBot/7~bl; +http://www.semrush.com/bot.html)"
185.191.171.24 - - [17/Jul/2022:19:46:28 +0200] "GET /-p-44615.html HTTP/1.0" 200 71489 "-" "Mozilla/5.0 (compatible; SemrushBot/7~bl; +http://www.semrush.com/bot.html)"
185.191.171.36 - - [17/Jul/2022:19:46:31 +0200] "GET /metal-clock-p-47984.html?action=add_product HTTP/1.0" 302 476 "-" "Mozilla/5.0 (compatible; SemrushBot/7~bl; +http://www.semrush.com/bot.html)"
216.244.66.242 - - [17/Jul/2022:19:46:43 +0200] "GET /games-and-toys/toys/lego-star-wars-tie-interceptor-p-24449.html HTTP/1.0" 301 637 "-" "Mozilla/5.0 (compatible; DotBot/1.2; +https://opensiteexplorer.org/dotbot; help@moz.com)"
185.191.171.4 - - [17/Jul/2022:19:46:44 +0200] "GET /home-fragrance-heart-home-christmas-p-57111.html?action=add_product HTTP/1.0" 302 476 "-" "Mozilla/5.0 (compatible; SemrushBot/7~bl; +http://www.semrush.com/bot.html)"
54.36.148.202 - - [17/Jul/2022:19:46:43 +0200] "GET /collectible-figurines-decorative-c-13_135.html?page=73 HTTP/1.0" 200 93662 "-" "Mozilla/5.0 (compatible; AhrefsBot/7.0; +http://ahrefs.com/robot/)"
82.131.23.175 - - [17/Jul/2022:19:46:51 +0200] "GET /swfobject.js HTTP/1.0" 404 1308 "http://www.wonder-geek.com/mugs-mazagrans-c-12_57.html" "Mozilla/5.0 (Windows NT 10.0; Win64; x64; rv:102.0) Gecko/20100101 Firefox/102.0"
82.131.23.175 - - [17/Jul/2022:19:46:51 +0200] "GET /templates/Pixame_v1/images/flash.swf HTTP/1.0" 200 290 "http://www.wonder-geek.com/mugs-mazagrans-c-12_57.html" "Mozilla/5.0 (Windows NT 10.0; Win64; x64; rv:102.0) Gecko/20100101 Firefox/102.0"
82.131.23.175 - - [17/Jul/2022:19:46:50 +0200] "GET /mugs-mazagrans-c-12_57.html HTTP/1.0" 200 97189 "http://www.wonder-geek.com/jane-crowther-cats-p-54762.html" "Mozilla/5.0 (Windows NT 10.0; Win64; x64; rv:102.0) Gecko/20100101 Firefox/102.0"
82.131.23.175 - - [17/Jul/2022:19:46:52 +0200] "GET /images/mini_prod/MUGBLANC010176.jpg HTTP/1.0" 200 270 "http://www.wonder-geek.com/mugs-mazagrans-c-12_57.html" "Mozilla/5.0 (Windows NT 10.0; Win64; x64; rv:102.0) Gecko/20100101 Firefox/102.0"
82.131.23.175 - - [17/Jul/2022:19:46:52 +0200] "GET /design/fondothers.jpg HTTP/1.0" 200 667 "http://www.wonder-geek.com/templates/Pixame_v1/stylesheet.css" "Mozilla/5.0 (Windows NT 10.0; Win64; x64; rv:102.0) Gecko/20100101 Firefox/102.0"
82.131.23.175 - - [17/Jul/2022:19:46:52 +0200] "GET /design/fondcurrent.jpg HTTP/1.0" 200 683 "http://www.wonder-geek.com/templates/Pixame_v1/stylesheet.css" "Mozilla/5.0 (Windows NT 10.0; Win64; x64; rv:102.0) Gecko/20100101 Firefox/102.0"
82.131.23.175 - - [17/Jul/2022:19:46:52 +0200] "GET /images/mini_prod/6953270923965.jpg HTTP/1.0" 200 269 "http://www.wonder-geek.com/mugs-mazagrans-c-12_57.html" "Mozilla/5.0 (Windows NT 10.0; Win64; x64; rv:102.0) Gecko/20100101 Firefox/102.0"
82.131.23.175 - - [17/Jul/2022:19:46:52 +0200] "GET /images/mini_prod/6953270923989.jpg HTTP/1.0" 200 269 "http://www.wonder-geek.com/mugs-mazagrans-c-12_57.html" "Mozilla/5.0 (Windows NT 10.0; Win64; x64; rv:102.0) Gecko/20100101 Firefox/102.0"
82.131.23.175 - - [17/Jul/2022:19:46:52 +0200] "GET /images/mini_prod/1300000020008.jpg HTTP/1.0" 200 269 "http://www.wonder-geek.com/mugs-mazagrans-c-12_57.html" "Mozilla/5.0 (Windows NT 10.0; Win64; x64; rv:102.0) Gecko/20100101 Firefox/102.0"
82.131.23.175 - - [17/Jul/2022:19:46:52 +0200] "GET /js/jquery.masonry.min.js HTTP/1.0" 200 264 "http://www.wonder-geek.com/mugs-mazagrans-c-12_57.html" "Mozilla/5.0 (Windows NT 10.0; Win64; x64; rv:102.0) Gecko/20100101 Firefox/102.0"
82.131.23.175 - - [17/Jul/2022:19:46:52 +0200] "GET /js/jquery.min.js HTTP/1.0" 404 1308 "http://www.wonder-geek.com/mugs-mazagrans-c-12_57.html" "Mozilla/5.0 (Windows NT 10.0; Win64; x64; rv:102.0) Gecko/20100101 Firefox/102.0"
82.131.23.175 - - [17/Jul/2022:19:46:52 +0200] "GET /js/modernizr-transitions.js HTTP/1.0" 200 267 "http://www.wonder-geek.com/mugs-mazagrans-c-12_57.html" "Mozilla/5.0 (Windows NT 10.0; Win64; x64; rv:102.0) Gecko/20100101 Firefox/102.0"
82.131.23.175 - - [17/Jul/2022:19:46:52 +0200] "GET /images/mini_prod/1384010184448.jpg HTTP/1.0" 200 269 "http://www.wonder-geek.com/mugs-mazagrans-c-12_57.html" "Mozilla/5.0 (Windows NT 10.0; Win64; x64; rv:102.0) Gecko/20100101 Firefox/102.0"
82.131.23.175 - - [17/Jul/2022:19:46:52 +0200] "GET /images/mini_prod/1300000020015.jpg HTTP/1.0" 200 269 "http://www.wonder-geek.com/mugs-mazagrans-c-12_57.html" "Mozilla/5.0 (Windows NT 10.0; Win64; x64; rv:102.0) Gecko/20100101 Firefox/102.0"
82.131.23.175 - - [17/Jul/2022:19:46:52 +0200] "GET /images/mini_prod/3503420032967.jpg HTTP/1.0" 200 269 "http://www.wonder-geek.com/mugs-mazagrans-c-12_57.html" "Mozilla/5.0 (Windows NT 10.0; Win64; x64; rv:102.0) Gecko/20100101 Firefox/102.0"
82.131.23.175 - - [17/Jul/2022:19:46:52 +0200] "GET /images/mini_prod/3503420153532.jpg HTTP/1.0" 200 269 "http://www.wonder-geek.com/mugs-mazagrans-c-12_57.html" "Mozilla/5.0 (Windows NT 10.0; Win64; x64; rv:102.0) Gecko/20100101 Firefox/102.0"
82.131.23.175 - - [17/Jul/2022:19:46:52 +0200] "GET /images/mini_prod/3503420093463.jpg HTTP/1.0" 200 269 "http://www.wonder-geek.com/mugs-mazagrans-c-12_57.html" "Mozilla/5.0 (Windows NT 10.0; Win64; x64; rv:102.0) Gecko/20100101 Firefox/102.0"
82.131.23.175 - - [17/Jul/2022:19:46:52 +0200] "GET /images/mini_prod/1399984261293.jpg HTTP/1.0" 200 269 "http://www.wonder-geek.com/mugs-mazagrans-c-12_57.html" "Mozilla/5.0 (Windows NT 10.0; Win64; x64; rv:102.0) Gecko/20100101 Firefox/102.0"
82.131.23.175 - - [17/Jul/2022:19:46:52 +0200] "GET /images/mini_prod/3503420045332.jpg HTTP/1.0" 200 269 "http://www.wonder-geek.com/mugs-mazagrans-c-12_57.html" "Mozilla/5.0 (Windows NT 10.0; Win64; x64; rv:102.0) Gecko/20100101 Firefox/102.0"
82.131.23.175 - - [17/Jul/2022:19:46:52 +0200] "GET /images/mini_prod/1399984264614.jpg HTTP/1.0" 200 269 "http://www.wonder-geek.com/mugs-mazagrans-c-12_57.html" "Mozilla/5.0 (Windows NT 10.0; Win64; x64; rv:102.0) Gecko/20100101 Firefox/102.0"
82.131.23.175 - - [17/Jul/2022:19:46:52 +0200] "GET /images/mini_prod/8422028134208.jpg HTTP/1.0" 200 269 "http://www.wonder-geek.com/mugs-mazagrans-c-12_57.html" "Mozilla/5.0 (Windows NT 10.0; Win64; x64; rv:102.0) Gecko/20100101 Firefox/102.0"
82.131.23.175 - - [17/Jul/2022:19:46:52 +0200] "GET /images/mini_prod/1384010178782.jpg HTTP/1.0" 200 269 "http://www.wonder-geek.com/mugs-mazagrans-c-12_57.html" "Mozilla/5.0 (Windows NT 10.0; Win64; x64; rv:102.0) Gecko/20100101 Firefox/102.0"
82.131.23.175 - - [17/Jul/2022:19:46:52 +0200] "GET /images/mini_prod/1384010178799.jpg HTTP/1.0" 200 269 "http://www.wonder-geek.com/mugs-mazagrans-c-12_57.html" "Mozilla/5.0 (Windows NT 10.0; Win64; x64; rv:102.0) Gecko/20100101 Firefox/102.0"
82.131.23.175 - - [17/Jul/2022:19:46:52 +0200] "GET /images/mini_prod/1384010178775.jpg HTTP/1.0" 200 269 "http://www.wonder-geek.com/mugs-mazagrans-c-12_57.html" "Mozilla/5.0 (Windows NT 10.0; Win64; x64; rv:102.0) Gecko/20100101 Firefox/102.0"
82.131.23.175 - - [17/Jul/2022:19:46:52 +0200] "GET /images/mini_prod/1384010178805.jpg HTTP/1.0" 200 269 "http://www.wonder-geek.com/mugs-mazagrans-c-12_57.html" "Mozilla/5.0 (Windows NT 10.0; Win64; x64; rv:102.0) Gecko/20100101 Firefox/102.0"
82.131.23.175 - - [17/Jul/2022:19:46:52 +0200] "GET /images/mini_prod/3503420026096.jpg HTTP/1.0" 200 269 "http://www.wonder-geek.com/mugs-mazagrans-c-12_57.html" "Mozilla/5.0 (Windows NT 10.0; Win64; x64; rv:102.0) Gecko/20100101 Firefox/102.0"
82.131.23.175 - - [17/Jul/2022:19:46:52 +0200] "GET /images/mini_prod/5204549086333.jpg HTTP/1.0" 200 269 "http://www.wonder-geek.com/mugs-mazagrans-c-12_57.html" "Mozilla/5.0 (Windows NT 10.0; Win64; x64; rv:102.0) Gecko/20100101 Firefox/102.0"
82.131.23.175 - - [17/Jul/2022:19:46:52 +0200] "GET /images/mini_prod/3503420105654.jpg HTTP/1.0" 200 269 "http://www.wonder-geek.com/mugs-mazagrans-c-12_57.html" "Mozilla/5.0 (Windows NT 10.0; Win64; x64; rv:102.0) Gecko/20100101 Firefox/102.0"
82.131.23.175 - - [17/Jul/2022:19:47:04 +0200] "GET /swfobject.js HTTP/1.0" 404 1308 "http://www.wonder-geek.com/mugs-mazagrans-c-12_57.html?page=2" "Mozilla/5.0 (Windows NT 10.0; Win64; x64; rv:102.0) Gecko/20100101 Firefox/102.0"
82.131.23.175 - - [17/Jul/2022:19:47:04 +0200] "GET /templates/Pixame_v1/images/flash.swf HTTP/1.0" 200 290 "http://www.wonder-geek.com/mugs-mazagrans-c-12_57.html?page=2" "Mozilla/5.0 (Windows NT 10.0; Win64; x64; rv:102.0) Gecko/20100101 Firefox/102.0"
82.131.23.175 - - [17/Jul/2022:19:47:02 +0200] "GET /mugs-mazagrans-c-12_57.html?page=2 HTTP/1.0" 200 96622 "http://www.wonder-geek.com/mugs-mazagrans-c-12_57.html" "Mozilla/5.0 (Windows NT 10.0; Win64; x64; rv:102.0) Gecko/20100101 Firefox/102.0"
82.131.23.175 - - [17/Jul/2022:19:47:04 +0200] "GET /images/mini_prod/8422026123709.jpg HTTP/1.0" 200 269 "http://www.wonder-geek.com/mugs-mazagrans-c-12_57.html?page=2" "Mozilla/5.0 (Windows NT 10.0; Win64; x64; rv:102.0) Gecko/20100101 Firefox/102.0"
82.131.23.175 - - [17/Jul/2022:19:47:04 +0200] "GET /images/mini_prod/8422026123723.jpg HTTP/1.0" 200 269 "http://www.wonder-geek.com/mugs-mazagrans-c-12_57.html?page=2" "Mozilla/5.0 (Windows NT 10.0; Win64; x64; rv:102.0) Gecko/20100101 Firefox/102.0"
82.131.23.175 - - [17/Jul/2022:19:47:04 +0200] "GET /images/mini_prod/8422026123624.jpg HTTP/1.0" 200 269 "http://www.wonder-geek.com/mugs-mazagrans-c-12_57.html?page=2" "Mozilla/5.0 (Windows NT 10.0; Win64; x64; rv:102.0) Gecko/20100101 Firefox/102.0"
82.131.23.175 - - [17/Jul/2022:19:47:04 +0200] "GET /images/mini_prod/8422026123716.jpg HTTP/1.0" 200 269 "http://www.wonder-geek.com/mugs-mazagrans-c-12_57.html?page=2" "Mozilla/5.0 (Windows NT 10.0; Win64; x64; rv:102.0) Gecko/20100101 Firefox/102.0"
82.131.23.175 - - [17/Jul/2022:19:47:04 +0200] "GET /images/mini_prod/8422026123730.jpg HTTP/1.0" 200 269 "http://www.wonder-geek.com/mugs-mazagrans-c-12_57.html?page=2" "Mozilla/5.0 (Windows NT 10.0; Win64; x64; rv:102.0) Gecko/20100101 Firefox/102.0"
82.131.23.175 - - [17/Jul/2022:19:47:04 +0200] "GET /images/mini_prod/8422026123754.jpg HTTP/1.0" 200 269 "http://www.wonder-geek.com/mugs-mazagrans-c-12_57.html?page=2" "Mozilla/5.0 (Windows NT 10.0; Win64; x64; rv:102.0) Gecko/20100101 Firefox/102.0"
82.131.23.175 - - [17/Jul/2022:19:47:04 +0200] "GET /images/mini_prod/8422026123747.jpg HTTP/1.0" 200 269 "http://www.wonder-geek.com/mugs-mazagrans-c-12_57.html?page=2" "Mozilla/5.0 (Windows NT 10.0; Win64; x64; rv:102.0) Gecko/20100101 Firefox/102.0"
82.131.23.175 - - [17/Jul/2022:19:47:04 +0200] "GET /js/jquery.min.js HTTP/1.0" 404 1308 "http://www.wonder-geek.com/mugs-mazagrans-c-12_57.html?page=2" "Mozilla/5.0 (Windows NT 10.0; Win64; x64; rv:102.0) Gecko/20100101 Firefox/102.0"
82.131.23.175 - - [17/Jul/2022:19:47:04 +0200] "GET /images/mini_prod/1399984265482.jpg HTTP/1.0" 200 269 "http://www.wonder-geek.com/mugs-mazagrans-c-12_57.html?page=2" "Mozilla/5.0 (Windows NT 10.0; Win64; x64; rv:102.0) Gecko/20100101 Firefox/102.0"
82.131.23.175 - - [17/Jul/2022:19:47:04 +0200] "GET /images/mini_prod/8422028138817B.jpg HTTP/1.0" 200 270 "http://www.wonder-geek.com/mugs-mazagrans-c-12_57.html?page=2" "Mozilla/5.0 (Windows NT 10.0; Win64; x64; rv:102.0) Gecko/20100101 Firefox/102.0"
82.131.23.175 - - [17/Jul/2022:19:47:04 +0200] "GET /images/mini_prod/8422028138862.jpg HTTP/1.0" 200 269 "http://www.wonder-geek.com/mugs-mazagrans-c-12_57.html?page=2" "Mozilla/5.0 (Windows NT 10.0; Win64; x64; rv:102.0) Gecko/20100101 Firefox/102.0"
82.131.23.175 - - [17/Jul/2022:19:47:04 +0200] "GET /images/mini_prod/3503420040429.jpg HTTP/1.0" 200 269 "http://www.wonder-geek.com/mugs-mazagrans-c-12_57.html?page=2" "Mozilla/5.0 (Windows NT 10.0; Win64; x64; rv:102.0) Gecko/20100101 Firefox/102.0"
82.131.23.175 - - [17/Jul/2022:19:47:04 +0200] "GET /images/mini_prod/3503420074653.jpg HTTP/1.0" 200 269 "http://www.wonder-geek.com/mugs-mazagrans-c-12_57.html?page=2" "Mozilla/5.0 (Windows NT 10.0; Win64; x64; rv:102.0) Gecko/20100101 Firefox/102.0"
82.131.23.175 - - [17/Jul/2022:19:47:04 +0200] "GET /images/mini_prod/8422052464067ZA.jpg HTTP/1.0" 200 271 "http://www.wonder-geek.com/mugs-mazagrans-c-12_57.html?page=2" "Mozilla/5.0 (Windows NT 10.0; Win64; x64; rv:102.0) Gecko/20100101 Firefox/102.0"
82.131.23.175 - - [17/Jul/2022:19:47:04 +0200] "GET /images/mini_prod/3560600302050.jpg HTTP/1.0" 200 269 "http://www.wonder-geek.com/mugs-mazagrans-c-12_57.html?page=2" "Mozilla/5.0 (Windows NT 10.0; Win64; x64; rv:102.0) Gecko/20100101 Firefox/102.0"
82.131.23.175 - - [17/Jul/2022:19:47:04 +0200] "GET /images/mini_prod/1384010176184.jpg HTTP/1.0" 200 269 "http://www.wonder-geek.com/mugs-mazagrans-c-12_57.html?page=2" "Mozilla/5.0 (Windows NT 10.0; Win64; x64; rv:102.0) Gecko/20100101 Firefox/102.0"
82.131.23.175 - - [17/Jul/2022:19:47:04 +0200] "GET /images/mini_prod/1384010176191.jpg HTTP/1.0" 200 269 "http://www.wonder-geek.com/mugs-mazagrans-c-12_57.html?page=2" "Mozilla/5.0 (Windows NT 10.0; Win64; x64; rv:102.0) Gecko/20100101 Firefox/102.0"
82.131.23.175 - - [17/Jul/2022:19:47:04 +0200] "GET /images/mini_prod/B1399984289426.jpg HTTP/1.0" 200 270 "http://www.wonder-geek.com/mugs-mazagrans-c-12_57.html?page=2" "Mozilla/5.0 (Windows NT 10.0; Win64; x64; rv:102.0) Gecko/20100101 Firefox/102.0"
82.131.23.175 - - [17/Jul/2022:19:47:04 +0200] "GET /images/mini_prod/1399984263907.jpg HTTP/1.0" 200 269 "http://www.wonder-geek.com/mugs-mazagrans-c-12_57.html?page=2" "Mozilla/5.0 (Windows NT 10.0; Win64; x64; rv:102.0) Gecko/20100101 Firefox/102.0"
82.131.23.175 - - [17/Jul/2022:19:47:04 +0200] "GET /images/mini_prod/1399984263884.jpg HTTP/1.0" 200 269 "http://www.wonder-geek.com/mugs-mazagrans-c-12_57.html?page=2" "Mozilla/5.0 (Windows NT 10.0; Win64; x64; rv:102.0) Gecko/20100101 Firefox/102.0"
82.131.23.175 - - [17/Jul/2022:19:47:04 +0200] "GET /images/mini_prod/1399984263877.jpg HTTP/1.0" 200 269 "http://www.wonder-geek.com/mugs-mazagrans-c-12_57.html?page=2" "Mozilla/5.0 (Windows NT 10.0; Win64; x64; rv:102.0) Gecko/20100101 Firefox/102.0"
82.131.23.175 - - [17/Jul/2022:19:47:04 +0200] "GET /favicon.ico HTTP/1.0" 200 260 "http://www.wonder-geek.com/mugs-mazagrans-c-12_57.html?page=2" "Mozilla/5.0 (Windows NT 10.0; Win64; x64; rv:102.0) Gecko/20100101 Firefox/102.0"
185.191.171.25 - - [17/Jul/2022:19:47:04 +0200] "GET /pineapple-wooden-carved-patinated-white-gold-p-47423.html?action=add_product HTTP/1.0" 301 476 "-" "Mozilla/5.0 (compatible; SemrushBot/7~bl; +http://www.semrush.com/bot.html)"
82.131.23.175 - - [17/Jul/2022:19:47:10 +0200] "GET /swfobject.js HTTP/1.0" 404 1308 "http://www.wonder-geek.com/mugs-mazagrans-c-12_57.html?page=3" "Mozilla/5.0 (Windows NT 10.0; Win64; x64; rv:102.0) Gecko/20100101 Firefox/102.0"
82.131.23.175 - - [17/Jul/2022:19:47:10 +0200] "GET /templates/Pixame_v1/images/flash.swf HTTP/1.0" 200 290 "http://www.wonder-geek.com/mugs-mazagrans-c-12_57.html?page=3" "Mozilla/5.0 (Windows NT 10.0; Win64; x64; rv:102.0) Gecko/20100101 Firefox/102.0"
82.131.23.175 - - [17/Jul/2022:19:47:08 +0200] "GET /mugs-mazagrans-c-12_57.html?page=3 HTTP/1.0" 200 97112 "http://www.wonder-geek.com/mugs-mazagrans-c-12_57.html?page=2" "Mozilla/5.0 (Windows NT 10.0; Win64; x64; rv:102.0) Gecko/20100101 Firefox/102.0"
82.131.23.175 - - [17/Jul/2022:19:47:10 +0200] "GET /images/mini_prod/1399984263891.jpg HTTP/1.0" 200 269 "http://www.wonder-geek.com/mugs-mazagrans-c-12_57.html?page=3" "Mozilla/5.0 (Windows NT 10.0; Win64; x64; rv:102.0) Gecko/20100101 Firefox/102.0"
82.131.23.175 - - [17/Jul/2022:19:47:10 +0200] "GET /images/mini_prod/5060021926531.jpg HTTP/1.0" 200 269 "http://www.wonder-geek.com/mugs-mazagrans-c-12_57.html?page=3" "Mozilla/5.0 (Windows NT 10.0; Win64; x64; rv:102.0) Gecko/20100101 Firefox/102.0"
82.131.23.175 - - [17/Jul/2022:19:47:10 +0200] "GET /images/mini_prod/1399984249642.jpg HTTP/1.0" 200 269 "http://www.wonder-geek.com/mugs-mazagrans-c-12_57.html?page=3" "Mozilla/5.0 (Windows NT 10.0; Win64; x64; rv:102.0) Gecko/20100101 Firefox/102.0"
82.131.23.175 - - [17/Jul/2022:19:47:11 +0200] "GET /images/mini_prod/3609810044746.jpg HTTP/1.0" 200 269 "http://www.wonder-geek.com/mugs-mazagrans-c-12_57.html?page=3" "Mozilla/5.0 (Windows NT 10.0; Win64; x64; rv:102.0) Gecko/20100101 Firefox/102.0"
82.131.23.175 - - [17/Jul/2022:19:47:11 +0200] "GET /images/mini_prod/1399985100447.jpg HTTP/1.0" 200 269 "http://www.wonder-geek.com/mugs-mazagrans-c-12_57.html?page=3" "Mozilla/5.0 (Windows NT 10.0; Win64; x64; rv:102.0) Gecko/20100101 Firefox/102.0"
82.131.23.175 - - [17/Jul/2022:19:47:11 +0200] "GET /images/mini_prod/1399985100454.jpg HTTP/1.0" 200 269 "http://www.wonder-geek.com/mugs-mazagrans-c-12_57.html?page=3" "Mozilla/5.0 (Windows NT 10.0; Win64; x64; rv:102.0) Gecko/20100101 Firefox/102.0"
