192.99.35.94 - - [17/Jul/2022:03:45:14 +0200] "GET /-p-38915.html HTTP/1.0" 200 71489 "-" "Mozilla/5.0 (compatible; MJ12bot/v1.4.8; http://mj12bot.com/)"
192.99.35.94 - - [17/Jul/2022:03:45:21 +0200] "GET /small-metallic-retro-sardines-p-38912.html HTTP/1.0" 301 71556 "-" "Mozilla/5.0 (compatible; MJ12bot/v1.4.8; http://mj12bot.com/)"
192.99.35.94 - - [17/Jul/2022:03:45:27 +0200] "GET /-p-38912.html HTTP/1.0" 200 71489 "-" "Mozilla/5.0 (compatible; MJ12bot/v1.4.8; http://mj12bot.com/)"
157.55.39.92 - - [17/Jul/2022:03:45:29 +0200] "GET /images/big_prod/8422001017610B.jpg HTTP/1.0" 200 269 "-" "Mozilla/5.0 (compatible; bingbot/2.0; +http://www.bing.com/bingbot.htm)"
192.99.35.94 - - [17/Jul/2022:03:45:35 +0200] "GET /small-metallic-retro-tomato-soup-p-38914.html HTTP/1.0" 301 71556 "-" "Mozilla/5.0 (compatible; MJ12bot/v1.4.8; http://mj12bot.com/)"
192.99.35.94 - - [17/Jul/2022:03:45:40 +0200] "GET /-p-38914.html HTTP/1.0" 200 71489 "-" "Mozilla/5.0 (compatible; MJ12bot/v1.4.8; http://mj12bot.com/)"
192.99.35.94 - - [17/Jul/2022:03:45:45 +0200] "GET /small-metallic-retro-tropical-p-38921.html HTTP/1.0" 200 71623 "-" "Mozilla/5.0 (compatible; MJ12bot/v1.4.8; http://mj12bot.com/)"
185.191.171.38 - - [17/Jul/2022:03:45:46 +0200] "GET /elmer-magnet-p-6272.html?action=add_product HTTP/1.0" 302 476 "-" "Mozilla/5.0 (compatible; SemrushBot/7~bl; +http://www.semrush.com/bot.html)"
192.99.35.94 - - [17/Jul/2022:03:45:55 +0200] "GET /small-metallic-retro-tuna-p-38913.html HTTP/1.0" 200 71615 "-" "Mozilla/5.0 (compatible; MJ12bot/v1.4.8; http://mj12bot.com/)"
192.99.35.94 - - [17/Jul/2022:03:46:03 +0200] "GET /small-metallic-retro-welcome-surfing-p-38918.html HTTP/1.0" 200 71637 "-" "Mozilla/5.0 (compatible; MJ12bot/v1.4.8; http://mj12bot.com/)"
54.36.149.88 - - [17/Jul/2022:03:46:03 +0200] "GET /winnie-pooh-hair-ornements-p-13565.html HTTP/1.0" 200 74282 "-" "Mozilla/5.0 (compatible; AhrefsBot/7.0; +http://ahrefs.com/robot/)"
65.21.206.42 - - [17/Jul/2022:03:46:07 +0200] "GET /gray-gold-cement-flower-cover-p-58283.html HTTP/1.0" 200 74878 "-" "Mozilla/5.0 (Windows NT 10.0; Win64; x64) AppleWebKit/537.36 (KHTML, like Gecko) Chrome/91.0.4472.114 Safari/537.36 Edg/91.0.864.54"
192.99.35.94 - - [17/Jul/2022:03:46:10 +0200] "GET /small-plush-ball-tree-decoration-p-56328.html HTTP/1.0" 200 75220 "-" "Mozilla/5.0 (compatible; MJ12bot/v1.4.8; http://mj12bot.com/)"
192.99.35.94 - - [17/Jul/2022:03:46:20 +0200] "GET /small-school-caramel-p-56844.html HTTP/1.0" 200 75232 "-" "Mozilla/5.0 (compatible; MJ12bot/v1.4.8; http://mj12bot.com/)"
192.99.35.94 - - [17/Jul/2022:03:46:25 +0200] "GET /soap-c-171.html?page=2 HTTP/1.0" 200 78069 "-" "Mozilla/5.0 (compatible; MJ12bot/v1.4.8; http://mj12bot.com/)"
192.99.35.94 - - [17/Jul/2022:03:46:31 +0200] "GET /soap-tin-box-c-13_150_171.html?page=2 HTTP/1.0" 301 78398 "-" "Mozilla/5.0 (compatible; MJ12bot/v1.4.8; http://mj12bot.com/)"
192.99.35.94 - - [17/Jul/2022:03:46:37 +0200] "GET /soap-c-171.html?page=2 HTTP/1.0" 200 78069 "-" "Mozilla/5.0 (compatible; MJ12bot/v1.4.8; http://mj12bot.com/)"
192.99.35.94 - - [17/Jul/2022:03:46:42 +0200] "GET /socks-c-1_141.html?page=1 HTTP/1.0" 200 79696 "-" "Mozilla/5.0 (compatible; MJ12bot/v1.4.8; http://mj12bot.com/)"
185.191.171.41 - - [17/Jul/2022:03:46:45 +0200] "GET /with-personalized-picture-p-57366.html HTTP/1.0" 200 71587 "-" "Mozilla/5.0 (compatible; SemrushBot/7~bl; +http://www.semrush.com/bot.html)"
192.99.35.94 - - [17/Jul/2022:03:46:51 +0200] "GET /softy-cotton-fleece-mattress-p-54411.html HTTP/1.0" 200 74378 "-" "Mozilla/5.0 (compatible; MJ12bot/v1.4.8; http://mj12bot.com/)"
185.191.171.15 - - [17/Jul/2022:03:46:53 +0200] "GET /decorative-blue-globe-p-45094.html HTTP/1.0" 200 71575 "-" "Mozilla/5.0 (compatible; SemrushBot/7~bl; +http://www.semrush.com/bot.html)"
192.99.35.94 - - [17/Jul/2022:03:46:57 +0200] "GET /solar-powered-dancing-bean-p-28895.html HTTP/1.0" 200 71591 "-" "Mozilla/5.0 (compatible; MJ12bot/v1.4.8; http://mj12bot.com/)"
192.99.35.94 - - [17/Jul/2022:03:47:04 +0200] "GET /solar-powered-dancing-mr-bean-p-28895.html HTTP/1.0" 301 71684 "-" "Mozilla/5.0 (compatible; MJ12bot/v1.4.8; http://mj12bot.com/)"
185.191.171.7 - - [17/Jul/2022:03:47:05 +0200] "GET /policeman-tropez-mini-metal-tray-p-45222.html HTTP/1.0" 200 74317 "-" "Mozilla/5.0 (compatible; SemrushBot/7~bl; +http://www.semrush.com/bot.html)"
192.99.35.94 - - [17/Jul/2022:03:47:09 +0200] "GET /solar-powered-dancing-bean-p-28895.html HTTP/1.0" 200 71591 "-" "Mozilla/5.0 (compatible; MJ12bot/v1.4.8; http://mj12bot.com/)"
54.36.148.151 - - [17/Jul/2022:03:47:11 +0200] "GET /gingerbread-man-gingerbread-tea-ball-p-22389.html HTTP/1.0" 301 74322 "-" "Mozilla/5.0 (compatible; AhrefsBot/7.0; +http://ahrefs.com/robot/)"
192.99.35.94 - - [17/Jul/2022:03:47:17 +0200] "GET /solar-powered-dancing-vahin-p-28891.html HTTP/1.0" 200 71589 "-" "Mozilla/5.0 (compatible; MJ12bot/v1.4.8; http://mj12bot.com/)"
192.99.35.94 - - [17/Jul/2022:03:47:23 +0200] "GET /solar-powered-dancing-vahine-p-28891.html HTTP/1.0" 301 71683 "-" "Mozilla/5.0 (compatible; MJ12bot/v1.4.8; http://mj12bot.com/)"
185.191.171.44 - - [17/Jul/2022:03:47:26 +0200] "GET /fox-wall-sticker-p-48979.html HTTP/1.0" 301 74932 "-" "Mozilla/5.0 (compatible; SemrushBot/7~bl; +http://www.semrush.com/bot.html)"
185.191.171.23 - - [17/Jul/2022:03:47:29 +0200] "GET /wall-sticker-p-48979.html HTTP/1.0" 200 74853 "-" "Mozilla/5.0 (compatible; SemrushBot/7~bl; +http://www.semrush.com/bot.html)"
192.99.35.94 - - [17/Jul/2022:03:47:29 +0200] "GET /solar-powered-dancing-vahin-p-28891.html HTTP/1.0" 200 71589 "-" "Mozilla/5.0 (compatible; MJ12bot/v1.4.8; http://mj12bot.com/)"
185.191.171.43 - - [17/Jul/2022:03:47:32 +0200] "GET /difference-accessoriess-c-12_59.html?page=13 HTTP/1.0" 200 86250 "-" "Mozilla/5.0 (compatible; SemrushBot/7~bl; +http://www.semrush.com/bot.html)"
192.99.35.94 - - [17/Jul/2022:03:47:37 +0200] "GET /solar-powered-pink-flower-dancing-p-33551.html HTTP/1.0" 301 71556 "-" "Mozilla/5.0 (compatible; MJ12bot/v1.4.8; http://mj12bot.com/)"
192.99.35.94 - - [17/Jul/2022:03:47:43 +0200] "GET /-p-33551.html HTTP/1.0" 200 71489 "-" "Mozilla/5.0 (compatible; MJ12bot/v1.4.8; http://mj12bot.com/)"
185.191.171.5 - - [17/Jul/2022:03:47:49 +0200] "GET /tetsubin-teapot-japanese-liter-p-56037.html?action=add_product HTTP/1.0" 302 476 "-" "Mozilla/5.0 (compatible; SemrushBot/7~bl; +http://www.semrush.com/bot.html)"
192.99.35.94 - - [17/Jul/2022:03:47:53 +0200] "GET /sonic-messenger-bag-p-17046.html HTTP/1.0" 301 71556 "-" "Mozilla/5.0 (compatible; MJ12bot/v1.4.8; http://mj12bot.com/)"
192.99.35.94 - - [17/Jul/2022:03:47:58 +0200] "GET /-p-17046.html HTTP/1.0" 200 71489 "-" "Mozilla/5.0 (compatible; MJ12bot/v1.4.8; http://mj12bot.com/)"
192.99.35.94 - - [17/Jul/2022:03:48:06 +0200] "GET /sonic-polar-blanket-p-17039.html HTTP/1.0" 301 71556 "-" "Mozilla/5.0 (compatible; MJ12bot/v1.4.8; http://mj12bot.com/)"
185.191.171.24 - - [17/Jul/2022:03:48:07 +0200] "GET /collectible-figurines-and-decorative-c-13_135.html?page=45 HTTP/1.0" 301 93767 "-" "Mozilla/5.0 (compatible; SemrushBot/7~bl; +http://www.semrush.com/bot.html)"
185.191.171.43 - - [17/Jul/2022:03:48:11 +0200] "GET /collectible-figurines-decorative-c-135.html?page=45 HTTP/1.0" 301 93644 "-" "Mozilla/5.0 (compatible; SemrushBot/7~bl; +http://www.semrush.com/bot.html)"
192.99.35.94 - - [17/Jul/2022:03:48:13 +0200] "GET /-p-17039.html HTTP/1.0" 200 71489 "-" "Mozilla/5.0 (compatible; MJ12bot/v1.4.8; http://mj12bot.com/)"
185.191.171.7 - - [17/Jul/2022:03:48:14 +0200] "GET /collectible-figurines-decorative-c-13_135.html?page=45 HTTP/1.0" 200 93662 "-" "Mozilla/5.0 (compatible; SemrushBot/7~bl; +http://www.semrush.com/bot.html)"
192.99.35.94 - - [17/Jul/2022:03:48:20 +0200] "GET /sophie-girafe-musical-luminous-snow-globe-night-light-p-56596.html HTTP/1.0" 200 75163 "-" "Mozilla/5.0 (compatible; MJ12bot/v1.4.8; http://mj12bot.com/)"
54.36.148.89 - - [17/Jul/2022:03:48:24 +0200] "GET /zinc-look-metal-flowerpot-cover-pumpkin-green-p-55462.html HTTP/1.0" 200 74962 "-" "Mozilla/5.0 (compatible; AhrefsBot/7.0; +http://ahrefs.com/robot/)"
192.99.35.94 - - [17/Jul/2022:03:48:27 +0200] "GET /soy-luna-blue-bowl-p-37513.html HTTP/1.0" 301 74131 "-" "Mozilla/5.0 (compatible; MJ12bot/v1.4.8; http://mj12bot.com/)"
192.99.35.94 - - [17/Jul/2022:03:48:36 +0200] "GET /luna-blue-bowl-p-37513.html HTTP/1.0" 200 74050 "-" "Mozilla/5.0 (compatible; MJ12bot/v1.4.8; http://mj12bot.com/)"
192.99.35.94 - - [17/Jul/2022:03:48:42 +0200] "GET /soy-luna-disney-pencil-case-p-40869.html HTTP/1.0" 301 74299 "-" "Mozilla/5.0 (compatible; MJ12bot/v1.4.8; http://mj12bot.com/)"
185.191.171.35 - - [17/Jul/2022:03:48:46 +0200] "GET /rectangulary-metal-tin-box-p-45841.html HTTP/1.0" 301 75249 "-" "Mozilla/5.0 (compatible; SemrushBot/7~bl; +http://www.semrush.com/bot.html)"
185.191.171.18 - - [17/Jul/2022:03:48:49 +0200] "GET /rectangulary-metal-p-45841.html HTTP/1.0" 200 75164 "-" "Mozilla/5.0 (compatible; SemrushBot/7~bl; +http://www.semrush.com/bot.html)"
192.99.35.94 - - [17/Jul/2022:03:48:50 +0200] "GET /luna-disney-pencil-case-p-40869.html HTTP/1.0" 200 74209 "-" "Mozilla/5.0 (compatible; MJ12bot/v1.4.8; http://mj12bot.com/)"
66.249.70.92 - - [17/Jul/2022:03:48:56 +0200] "GET /images/mini_prod/DSCN0624.gif HTTP/1.0" 200 263 "-" "Googlebot-Image/1.0"
192.99.35.94 - - [17/Jul/2022:03:48:57 +0200] "GET /spiderman-mattress-swimming-pool-p-30010.html HTTP/1.0" 200 74616 "-" "Mozilla/5.0 (compatible; MJ12bot/v1.4.8; http://mj12bot.com/)"
192.99.35.94 - - [17/Jul/2022:03:49:06 +0200] "GET /st-michel-statue-11-cm-p-53049.html HTTP/1.0" 301 74257 "-" "Mozilla/5.0 (compatible; MJ12bot/v1.4.8; http://mj12bot.com/)"
192.99.35.94 - - [17/Jul/2022:03:49:14 +0200] "GET /michel-statue-p-53049.html HTTP/1.0" 200 74177 "-" "Mozilla/5.0 (compatible; MJ12bot/v1.4.8; http://mj12bot.com/)"
192.99.35.94 - - [17/Jul/2022:03:49:20 +0200] "GET /statue-the-white-bear-of-francois-pompon-anthracite-p-53533.html HTTP/1.0" 301 75231 "-" "Mozilla/5.0 (compatible; MJ12bot/v1.4.8; http://mj12bot.com/)"
192.99.35.94 - - [17/Jul/2022:03:49:27 +0200] "GET /statue-white-bear-franois-pompon-anthracite-p-53533.html HTTP/1.0" 200 75121 "-" "Mozilla/5.0 (compatible; MJ12bot/v1.4.8; http://mj12bot.com/)"
192.99.35.94 - - [17/Jul/2022:03:49:34 +0200] "GET /statue-white-bear-franois-pompon-anthracite-p-53533.html HTTP/1.0" 200 75121 "-" "Mozilla/5.0 (compatible; MJ12bot/v1.4.8; http://mj12bot.com/)"
192.99.35.94 - - [17/Jul/2022:03:49:41 +0200] "GET /statuette-african-bust-31-cm-p-48840.html HTTP/1.0" 301 71668 "-" "Mozilla/5.0 (compatible; MJ12bot/v1.4.8; http://mj12bot.com/)"
192.99.35.94 - - [17/Jul/2022:03:49:48 +0200] "GET /statuette-african-bust-p-48840.html HTTP/1.0" 200 71579 "-" "Mozilla/5.0 (compatible; MJ12bot/v1.4.8; http://mj12bot.com/)"
54.36.148.255 - - [17/Jul/2022:03:49:50 +0200] "GET /matriochka-tray-p-17853.html HTTP/1.0" 301 71556 "-" "Mozilla/5.0 (compatible; AhrefsBot/7.0; +http://ahrefs.com/robot/)"
192.99.35.94 - - [17/Jul/2022:03:49:57 +0200] "GET /statuette-african-bust-44-cm-p-48838.html HTTP/1.0" 301 75333 "-" "Mozilla/5.0 (compatible; MJ12bot/v1.4.8; http://mj12bot.com/)"
192.99.35.94 - - [17/Jul/2022:03:50:01 +0200] "GET /statuette-african-bust-p-48838.html HTTP/1.0" 200 75244 "-" "Mozilla/5.0 (compatible; MJ12bot/v1.4.8; http://mj12bot.com/)"
192.99.35.94 - - [17/Jul/2022:03:50:11 +0200] "GET /statuette-african-bust-p-48838.html HTTP/1.0" 200 75244 "-" "Mozilla/5.0 (compatible; MJ12bot/v1.4.8; http://mj12bot.com/)"
192.99.35.94 - - [17/Jul/2022:03:50:17 +0200] "GET /statuette-african-bust-p-48840.html HTTP/1.0" 200 71579 "-" "Mozilla/5.0 (compatible; MJ12bot/v1.4.8; http://mj12bot.com/)"
192.99.35.94 - - [17/Jul/2022:03:50:24 +0200] "GET /statuette-yoga-or-p-53031.html HTTP/1.0" 301 74218 "-" "Mozilla/5.0 (compatible; MJ12bot/v1.4.8; http://mj12bot.com/)"
54.36.148.224 - - [17/Jul/2022:03:50:26 +0200] "GET /fragrances-ambiance-c-231.html?page=38 HTTP/1.0" 200 94852 "-" "Mozilla/5.0 (compatible; AhrefsBot/7.0; +http://ahrefs.com/robot/)"
185.191.171.38 - - [17/Jul/2022:03:50:28 +0200] "GET /blue-little-prince-money-box-p-49731.html HTTP/1.0" 301 71556 "-" "Mozilla/5.0 (compatible; SemrushBot/7~bl; +http://www.semrush.com/bot.html)"
185.191.171.5 - - [17/Jul/2022:03:50:31 +0200] "GET /-p-49731.html HTTP/1.0" 200 71489 "-" "Mozilla/5.0 (compatible; SemrushBot/7~bl; +http://www.semrush.com/bot.html)"
192.99.35.94 - - [17/Jul/2022:03:50:33 +0200] "GET /statuette-yoga-p-53031.html HTTP/1.0" 200 74137 "-" "Mozilla/5.0 (compatible; MJ12bot/v1.4.8; http://mj12bot.com/)"
192.99.35.94 - - [17/Jul/2022:03:50:39 +0200] "GET /statuette-yoga-p-53031.html HTTP/1.0" 200 74137 "-" "Mozilla/5.0 (compatible; MJ12bot/v1.4.8; http://mj12bot.com/)"
207.46.13.23 - - [17/Jul/2022:03:50:42 +0200] "GET /images/3699910010000.jpg HTTP/1.0" 200 259 "-" "Mozilla/5.0 (compatible; bingbot/2.0; +http://www.bing.com/bingbot.htm)"
185.191.171.45 - - [17/Jul/2022:03:50:42 +0200] "GET /paris-magnet-p-51207.html?action=add_product HTTP/1.0" 302 476 "-" "Mozilla/5.0 (compatible; SemrushBot/7~bl; +http://www.semrush.com/bot.html)"
185.191.171.9 - - [17/Jul/2022:03:50:44 +0200] "GET /duvet-cover-in-cotton-percale-80-threads-240-220-cm-p-43843.html HTTP/1.0" 301 74528 "-" "Mozilla/5.0 (compatible; SemrushBot/7~bl; +http://www.semrush.com/bot.html)"
192.99.35.94 - - [17/Jul/2022:03:50:47 +0200] "GET /storage-basket-petit-bazar-p-55798.html HTTP/1.0" 301 71556 "-" "Mozilla/5.0 (compatible; MJ12bot/v1.4.8; http://mj12bot.com/)"
185.191.171.8 - - [17/Jul/2022:03:50:47 +0200] "GET /duvet-cover-cotton-percale-threads-p-43843.html HTTP/1.0" 200 74427 "-" "Mozilla/5.0 (compatible; SemrushBot/7~bl; +http://www.semrush.com/bot.html)"
207.46.13.23 - - [17/Jul/2022:03:50:52 +0200] "GET /images/4895029694639.jpg HTTP/1.0" 200 259 "-" "Mozilla/5.0 (compatible; bingbot/2.0; +http://www.bing.com/bingbot.htm)"
192.99.35.94 - - [17/Jul/2022:03:50:53 +0200] "GET /-p-55798.html HTTP/1.0" 200 71489 "-" "Mozilla/5.0 (compatible; MJ12bot/v1.4.8; http://mj12bot.com/)"
192.99.35.94 - - [17/Jul/2022:03:51:01 +0200] "GET /surfboard-wooden-wall-decoration-60-cm-p-46758.html HTTP/1.0" 301 71556 "-" "Mozilla/5.0 (compatible; MJ12bot/v1.4.8; http://mj12bot.com/)"
192.99.35.94 - - [17/Jul/2022:03:51:08 +0200] "GET /-p-46758.html HTTP/1.0" 200 71489 "-" "Mozilla/5.0 (compatible; MJ12bot/v1.4.8; http://mj12bot.com/)"
192.99.35.94 - - [17/Jul/2022:03:51:15 +0200] "GET /table-bell-p-56827.html HTTP/1.0" 200 74594 "-" "Mozilla/5.0 (compatible; MJ12bot/v1.4.8; http://mj12bot.com/)"
192.99.35.94 - - [17/Jul/2022:03:51:23 +0200] "GET /table-lamps-c-86_286.html?page=10 HTTP/1.0" 200 94748 "-" "Mozilla/5.0 (compatible; MJ12bot/v1.4.8; http://mj12bot.com/)"
51.68.224.127 - - [17/Jul/2022:03:51:27 +0200] "GET /adminweb/export_orders_xml.php?token=256de2z6edz6ed2z6DFSFsed2zed6zeDSFDSGdzedezfzf&maxorders=10&orderstart=1&status=14&start_date=2018-10-01 HTTP/1.0" 200 285 "-" "GesCom CharlotteBoutik Serveur"
51.68.224.127 - - [17/Jul/2022:03:51:27 +0200] "GET /adminweb/export_orders_xml.php?token=256de2z6edz6ed2z6DFSFsed2zed6zeDSFDSGdzedezfzf&maxorders=10&orderstart=1&status=6&start_date=2018-10-01 HTTP/1.0" 200 31081 "-" "GesCom CharlotteBoutik Serveur"
185.191.171.25 - - [17/Jul/2022:03:51:29 +0200] "GET /burlap-round-table-love-p-51117.html HTTP/1.0" 200 74717 "-" "Mozilla/5.0 (compatible; SemrushBot/7~bl; +http://www.semrush.com/bot.html)"
192.99.35.94 - - [17/Jul/2022:03:51:30 +0200] "GET /tablier-maman-parfaite-adult-apron-p-55443.html HTTP/1.0" 200 74925 "-" "Mozilla/5.0 (compatible; MJ12bot/v1.4.8; http://mj12bot.com/)"
185.191.171.1 - - [17/Jul/2022:03:51:33 +0200] "GET /disney-frozen-wooden-alarm-clock-p-27813.html HTTP/1.0" 301 71556 "-" "Mozilla/5.0 (compatible; SemrushBot/7~bl; +http://www.semrush.com/bot.html)"
185.191.171.18 - - [17/Jul/2022:03:51:36 +0200] "GET /-p-27813.html HTTP/1.0" 200 71489 "-" "Mozilla/5.0 (compatible; SemrushBot/7~bl; +http://www.semrush.com/bot.html)"
192.99.35.94 - - [17/Jul/2022:03:51:38 +0200] "GET /tendresse-pillowcase-washed-cotton-gauze-p-54452.html HTTP/1.0" 200 75089 "-" "Mozilla/5.0 (compatible; MJ12bot/v1.4.8; http://mj12bot.com/)"
185.191.171.42 - - [17/Jul/2022:03:51:41 +0200] "GET /little-buddha-collection-statuette-p-53285.html HTTP/1.0" 200 74271 "-" "Mozilla/5.0 (compatible; SemrushBot/7~bl; +http://www.semrush.com/bot.html)"
192.99.35.94 - - [17/Jul/2022:03:51:44 +0200] "GET /tendresse-pillowcase-washed-cotton-gauze-p-54453.html HTTP/1.0" 200 75089 "-" "Mozilla/5.0 (compatible; MJ12bot/v1.4.8; http://mj12bot.com/)"
192.99.35.94 - - [17/Jul/2022:03:51:53 +0200] "GET /therese-aromatika-incense-sticks-p-53452.html HTTP/1.0" 200 74265 "-" "Mozilla/5.0 (compatible; MJ12bot/v1.4.8; http://mj12bot.com/)"
192.99.35.94 - - [17/Jul/2022:03:52:03 +0200] "GET /thread-count-cotton-percale-fitted-sheet-p-54447.html HTTP/1.0" 200 75270 "-" "Mozilla/5.0 (compatible; MJ12bot/v1.4.8; http://mj12bot.com/)"
54.36.148.251 - - [17/Jul/2022:03:52:07 +0200] "GET /bracelet-aventurin-p-48658.html HTTP/1.0" 200 74456 "-" "Mozilla/5.0 (compatible; AhrefsBot/7.0; +http://ahrefs.com/robot/)"
54.36.148.144 - - [17/Jul/2022:03:52:09 +0200] "GET /images/big_prod/8719172837339.jpg HTTP/1.0" 200 268 "-" "Mozilla/5.0 (compatible; AhrefsBot/7.0; +http://ahrefs.com/robot/)"
192.99.35.94 - - [17/Jul/2022:03:52:09 +0200] "GET /tour-france-eyeglass-case-p-55432.html HTTP/1.0" 200 74807 "-" "Mozilla/5.0 (compatible; MJ12bot/v1.4.8; http://mj12bot.com/)"
192.99.35.94 - - [17/Jul/2022:03:52:18 +0200] "GET /transparent-rectangular-plastic-tablecloth-p-56822.html HTTP/1.0" 200 74361 "-" "Mozilla/5.0 (compatible; MJ12bot/v1.4.8; http://mj12bot.com/)"
192.99.35.94 - - [17/Jul/2022:03:52:23 +0200] "GET /tree-life-side-tables-p-53060.html HTTP/1.0" 200 74218 "-" "Mozilla/5.0 (compatible; MJ12bot/v1.4.8; http://mj12bot.com/)"
192.99.35.94 - - [17/Jul/2022:03:52:30 +0200] "GET /tree-life-zippo-lighter-p-56303.html HTTP/1.0" 200 75361 "-" "Mozilla/5.0 (compatible; MJ12bot/v1.4.8; http://mj12bot.com/)"
192.99.35.94 - - [17/Jul/2022:03:52:35 +0200] "GET /tree-of-life-side-tables-p-53060.html HTTP/1.0" 301 74306 "-" "Mozilla/5.0 (compatible; MJ12bot/v1.4.8; http://mj12bot.com/)"
192.99.35.94 - - [17/Jul/2022:03:52:43 +0200] "GET /tree-life-side-tables-p-53060.html HTTP/1.0" 200 74218 "-" "Mozilla/5.0 (compatible; MJ12bot/v1.4.8; http://mj12bot.com/)"
185.191.171.23 - - [17/Jul/2022:03:52:44 +0200] "GET /table-decoration-bowl-crocodile-p-48817.html?action=add_product HTTP/1.0" 302 476 "-" "Mozilla/5.0 (compatible; SemrushBot/7~bl; +http://www.semrush.com/bot.html)"
192.99.35.94 - - [17/Jul/2022:03:52:49 +0200] "GET /tucano-bedclothes-240-260-cm-p-48831.html HTTP/1.0" 301 71556 "-" "Mozilla/5.0 (compatible; MJ12bot/v1.4.8; http://mj12bot.com/)"
185.191.171.43 - - [17/Jul/2022:03:52:50 +0200] "GET /trust-me-little-metal-cigarettes-box-p-33109.html HTTP/1.0" 301 71556 "-" "Mozilla/5.0 (compatible; SemrushBot/7~bl; +http://www.semrush.com/bot.html)"
185.191.171.39 - - [17/Jul/2022:03:52:54 +0200] "GET /-p-33109.html HTTP/1.0" 200 71489 "-" "Mozilla/5.0 (compatible; SemrushBot/7~bl; +http://www.semrush.com/bot.html)"
192.99.35.94 - - [17/Jul/2022:03:52:59 +0200] "GET /-p-48831.html HTTP/1.0" 200 71489 "-" "Mozilla/5.0 (compatible; MJ12bot/v1.4.8; http://mj12bot.com/)"
192.99.35.94 - - [17/Jul/2022:03:53:06 +0200] "GET /uk-bus-cushion-p-33030.html HTTP/1.0" 301 71556 "-" "Mozilla/5.0 (compatible; MJ12bot/v1.4.8; http://mj12bot.com/)"
192.99.35.94 - - [17/Jul/2022:03:53:12 +0200] "GET /-p-33030.html HTTP/1.0" 200 71489 "-" "Mozilla/5.0 (compatible; MJ12bot/v1.4.8; http://mj12bot.com/)"
192.99.35.94 - - [17/Jul/2022:03:53:19 +0200] "GET /uk-carlin-by-cbk-coffee-cup-set-p-30075.html HTTP/1.0" 301 71556 "-" "Mozilla/5.0 (compatible; MJ12bot/v1.4.8; http://mj12bot.com/)"
192.99.35.94 - - [17/Jul/2022:03:53:23 +0200] "GET /-p-30075.html HTTP/1.0" 200 71489 "-" "Mozilla/5.0 (compatible; MJ12bot/v1.4.8; http://mj12bot.com/)"
192.99.35.94 - - [17/Jul/2022:03:53:30 +0200] "GET /uk-carlin-by-cbkreation-coffee-cup-set-p-30075.html HTTP/1.0" 301 71556 "-" "Mozilla/5.0 (compatible; MJ12bot/v1.4.8; http://mj12bot.com/)"
192.99.35.94 - - [17/Jul/2022:03:53:35 +0200] "GET /-p-30075.html HTTP/1.0" 200 71489 "-" "Mozilla/5.0 (compatible; MJ12bot/v1.4.8; http://mj12bot.com/)"
40.77.167.58 - - [17/Jul/2022:03:53:37 +0200] "GET /images/big_prod/8432699037265.jpg HTTP/1.0" 200 268 "-" "Mozilla/5.0 (compatible; bingbot/2.0; +http://www.bing.com/bingbot.htm)"
192.99.35.94 - - [17/Jul/2022:03:53:42 +0200] "GET /unicorn-grey-cushion-p-44381.html HTTP/1.0" 301 71556 "-" "Mozilla/5.0 (compatible; MJ12bot/v1.4.8; http://mj12bot.com/)"
54.36.148.143 - - [17/Jul/2022:03:53:45 +0200] "GET /white-lampshade-p-57430.html HTTP/1.0" 200 74792 "-" "Mozilla/5.0 (compatible; AhrefsBot/7.0; +http://ahrefs.com/robot/)"
192.99.35.94 - - [17/Jul/2022:03:53:48 +0200] "GET /-p-44381.html HTTP/1.0" 200 71489 "-" "Mozilla/5.0 (compatible; MJ12bot/v1.4.8; http://mj12bot.com/)"
192.99.35.94 - - [17/Jul/2022:03:53:54 +0200] "GET /us-eagle-adult-cap-by-cbkreation-p-36537.html HTTP/1.0" 301 71556 "-" "Mozilla/5.0 (compatible; MJ12bot/v1.4.8; http://mj12bot.com/)"
192.99.35.94 - - [17/Jul/2022:03:54:00 +0200] "GET /-p-36537.html HTTP/1.0" 200 71489 "-" "Mozilla/5.0 (compatible; MJ12bot/v1.4.8; http://mj12bot.com/)"
185.191.171.16 - - [17/Jul/2022:03:54:02 +0200] "GET /bmw-vintage-cars-small-steel-fridge-magnets-p-37060.html HTTP/1.0" 301 74484 "-" "Mozilla/5.0 (compatible; SemrushBot/7~bl; +http://www.semrush.com/bot.html)"
185.191.171.26 - - [17/Jul/2022:03:54:07 +0200] "GET /vintage-cars-small-steel-fridge-magnets-p-37060.html HTTP/1.0" 200 74378 "-" "Mozilla/5.0 (compatible; SemrushBot/7~bl; +http://www.semrush.com/bot.html)"
192.99.35.94 - - [17/Jul/2022:03:54:08 +0200] "GET /van-gogh-the-starry-night-candle-holder-p-53527.html HTTP/1.0" 301 75739 "-" "Mozilla/5.0 (compatible; MJ12bot/v1.4.8; http://mj12bot.com/)"
185.191.171.26 - - [17/Jul/2022:03:54:10 +0200] "GET /pill-passion-p-34377.html HTTP/1.0" 200 71553 "-" "Mozilla/5.0 (compatible; SemrushBot/7~bl; +http://www.semrush.com/bot.html)"
192.99.35.94 - - [17/Jul/2022:03:54:12 +0200] "GET /gogh-starry-night-candle-holder-p-53527.html HTTP/1.0" 200 75641 "-" "Mozilla/5.0 (compatible; MJ12bot/v1.4.8; http://mj12bot.com/)"
192.99.35.94 - - [17/Jul/2022:03:54:19 +0200] "GET /vehicle-radio-control-disney-cars-124-p-32485.html HTTP/1.0" 301 71556 "-" "Mozilla/5.0 (compatible; MJ12bot/v1.4.8; http://mj12bot.com/)"
192.99.35.94 - - [17/Jul/2022:03:54:24 +0200] "GET /-p-32485.html HTTP/1.0" 200 71489 "-" "Mozilla/5.0 (compatible; MJ12bot/v1.4.8; http://mj12bot.com/)"
185.191.171.43 - - [17/Jul/2022:03:54:26 +0200] "GET /small-buddhist-monk-yellow-dress-p-46805.html?action=add_product HTTP/1.0" 302 476 "-" "Mozilla/5.0 (compatible; SemrushBot/7~bl; +http://www.semrush.com/bot.html)"
185.191.171.39 - - [17/Jul/2022:03:54:28 +0200] "GET /shopping-bag-hello-kitty-by-camomilla-navy-finish-p-14863.html HTTP/1.0" 301 71556 "-" "Mozilla/5.0 (compatible; SemrushBot/7~bl; +http://www.semrush.com/bot.html)"
185.191.171.15 - - [17/Jul/2022:03:54:31 +0200] "GET /-p-14863.html HTTP/1.0" 200 71489 "-" "Mozilla/5.0 (compatible; SemrushBot/7~bl; +http://www.semrush.com/bot.html)"
192.99.35.94 - - [17/Jul/2022:03:54:34 +0200] "GET /vest-with-crop-steampunk-black-shirt-p-30129.html HTTP/1.0" 200 75706 "-" "Mozilla/5.0 (compatible; MJ12bot/v1.4.8; http://mj12bot.com/)"
185.191.171.16 - - [17/Jul/2022:03:54:34 +0200] "GET /corsica-black-hoodies-p-31741.html HTTP/1.0" 200 77657 "-" "Mozilla/5.0 (compatible; SemrushBot/7~bl; +http://www.semrush.com/bot.html)"
192.99.35.94 - - [17/Jul/2022:03:54:40 +0200] "GET /volkswagen-combi-t1bus-1962-132-orange-p-37725.html HTTP/1.0" 301 71556 "-" "Mozilla/5.0 (compatible; MJ12bot/v1.4.8; http://mj12bot.com/)"
192.99.35.94 - - [17/Jul/2022:03:54:46 +0200] "GET /-p-37725.html HTTP/1.0" 200 71489 "-" "Mozilla/5.0 (compatible; MJ12bot/v1.4.8; http://mj12bot.com/)"
192.99.35.94 - - [17/Jul/2022:03:54:53 +0200] "GET /volkswagen-combi-t1bus-1962-orange-p-37725.html HTTP/1.0" 301 71556 "-" "Mozilla/5.0 (compatible; MJ12bot/v1.4.8; http://mj12bot.com/)"
192.99.35.94 - - [17/Jul/2022:03:54:59 +0200] "GET /-p-37725.html HTTP/1.0" 200 71489 "-" "Mozilla/5.0 (compatible; MJ12bot/v1.4.8; http://mj12bot.com/)"
185.191.171.10 - - [17/Jul/2022:03:55:03 +0200] "GET /decorative-wooden-plate-fait-maison-p-49976.html HTTP/1.0" 200 75030 "-" "Mozilla/5.0 (compatible; SemrushBot/7~bl; +http://www.semrush.com/bot.html)"
192.99.35.94 - - [17/Jul/2022:03:55:06 +0200] "GET /votive-candle-15-hours-caramel-cupcake-p-38121.html HTTP/1.0" 301 75398 "-" "Mozilla/5.0 (compatible; MJ12bot/v1.4.8; http://mj12bot.com/)"
192.99.35.94 - - [17/Jul/2022:03:55:10 +0200] "GET /votive-candle-hours-caramel-cupcake-p-38121.html HTTP/1.0" 200 75296 "-" "Mozilla/5.0 (compatible; MJ12bot/v1.4.8; http://mj12bot.com/)"
157.55.39.158 - - [17/Jul/2022:03:55:11 +0200] "GET /pencil-pot-cbkreation-p-43450.html HTTP/1.0" 301 74204 "-" "Mozilla/5.0 (compatible; bingbot/2.0; +http://www.bing.com/bingbot.htm)"
185.191.171.7 - - [17/Jul/2022:03:55:17 +0200] "GET /coconut-fibers-doormat-home-sweet-home-p-56391.html HTTP/1.0" 200 74506 "-" "Mozilla/5.0 (compatible; SemrushBot/7~bl; +http://www.semrush.com/bot.html)"
185.191.171.39 - - [17/Jul/2022:03:55:30 +0200] "GET /blue-duck-fitted-sheet-140-190-cm-p-51982.html HTTP/1.0" 301 74238 "-" "Mozilla/5.0 (compatible; SemrushBot/7~bl; +http://www.semrush.com/bot.html)"
185.191.171.43 - - [17/Jul/2022:03:55:33 +0200] "GET /blue-duck-fitted-sheet-p-51982.html HTTP/1.0" 200 74149 "-" "Mozilla/5.0 (compatible; SemrushBot/7~bl; +http://www.semrush.com/bot.html)"
54.36.148.112 - - [17/Jul/2022:03:55:34 +0200] "GET /bottle-holder-beer-bucket-c-12_224.html?page=1 HTTP/1.0" 200 91607 "-" "Mozilla/5.0 (compatible; AhrefsBot/7.0; +http://ahrefs.com/robot/)"
185.191.171.37 - - [17/Jul/2022:03:55:36 +0200] "GET /round-pink-jute-table-p-49451.html HTTP/1.0" 200 74073 "-" "Mozilla/5.0 (compatible; SemrushBot/7~bl; +http://www.semrush.com/bot.html)"
207.46.13.208 - - [17/Jul/2022:03:55:39 +0200] "GET /images/big_prod_2/3665269050998b.jpg HTTP/1.0" 200 271 "-" "Mozilla/5.0 (compatible; bingbot/2.0; +http://www.bing.com/bingbot.htm)"
192.99.35.94 - - [17/Jul/2022:03:55:42 +0200] "GET /votive-candle-15-hours-strawberry-ice-cream-p-38108.html HTTP/1.0" 301 75422 "-" "Mozilla/5.0 (compatible; MJ12bot/v1.4.8; http://mj12bot.com/)"
192.99.35.94 - - [17/Jul/2022:03:55:52 +0200] "GET /votive-candle-hours-strawberry-cream-p-38108.html HTTP/1.0" 200 75319 "-" "Mozilla/5.0 (compatible; MJ12bot/v1.4.8; http://mj12bot.com/)"
192.99.35.94 - - [17/Jul/2022:03:56:15 +0200] "GET /votive-candle-hours-caramel-cupcake-p-38121.html HTTP/1.0" 200 75296 "-" "Mozilla/5.0 (compatible; MJ12bot/v1.4.8; http://mj12bot.com/)"
66.249.70.64 - - [17/Jul/2022:03:56:17 +0200] "GET /cat-head-wallet-model-p-39439.html HTTP/1.0" 301 74223 "-" "Mozilla/5.0 (compatible; Googlebot/2.1; +http://www.google.com/bot.html)"
66.249.70.92 - - [17/Jul/2022:03:56:18 +0200] "GET /head-wallet-model-p-39439.html HTTP/1.0" 200 74139 "-" "Mozilla/5.0 (compatible; Googlebot/2.1; +http://www.google.com/bot.html)"
192.99.35.94 - - [17/Jul/2022:03:56:24 +0200] "GET /votive-candle-hours-guardian-angel-p-55372.html HTTP/1.0" 200 75330 "-" "Mozilla/5.0 (compatible; MJ12bot/v1.4.8; http://mj12bot.com/)"
207.46.13.208 - - [17/Jul/2022:03:56:28 +0200] "GET /images/big_prod/9316188078269.jpg HTTP/1.0" 200 268 "-" "Mozilla/5.0 (compatible; bingbot/2.0; +http://www.bing.com/bingbot.htm)"
87.250.224.163 - - [17/Jul/2022:03:56:43 +0200] "GET /images/big_prod/5055071719615.jpg HTTP/1.0" 200 268 "-" "Mozilla/5.0 (compatible; YandexImages/3.0; +http://yandex.com/bots)"
192.99.35.94 - - [17/Jul/2022:03:56:47 +0200] "GET /votive-candle-hours-strawberry-cream-p-38108.html HTTP/1.0" 200 75319 "-" "Mozilla/5.0 (compatible; MJ12bot/v1.4.8; http://mj12bot.com/)"
192.99.35.94 - - [17/Jul/2022:03:57:05 +0200] "GET /weenicons-talking-shirt-p-29585.html HTTP/1.0" 200 75368 "-" "Mozilla/5.0 (compatible; MJ12bot/v1.4.8; http://mj12bot.com/)"
54.36.149.94 - - [17/Jul/2022:03:57:10 +0200] "GET /candy-cane-cheer-cheshire-cane-tail-figurine-p-56810.html HTTP/1.0" 200 75715 "-" "Mozilla/5.0 (compatible; AhrefsBot/7.0; +http://ahrefs.com/robot/)"
192.99.35.94 - - [17/Jul/2022:03:57:23 +0200] "GET /weenicons-you-talking-to-me-tee-shirt-p-29585.html HTTP/1.0" 301 75458 "-" "Mozilla/5.0 (compatible; MJ12bot/v1.4.8; http://mj12bot.com/)"
185.191.171.15 - - [17/Jul/2022:03:57:29 +0200] "GET /led-nightlight-black-stuart-despicable-me-p-33710.html HTTP/1.0" 301 71556 "-" "Mozilla/5.0 (compatible; SemrushBot/7~bl; +http://www.semrush.com/bot.html)"
185.191.171.44 - - [17/Jul/2022:03:57:32 +0200] "GET /-p-33710.html HTTP/1.0" 200 71489 "-" "Mozilla/5.0 (compatible; SemrushBot/7~bl; +http://www.semrush.com/bot.html)"
192.99.35.94 - - [17/Jul/2022:03:57:39 +0200] "GET /weenicons-talking-shirt-p-29585.html HTTP/1.0" 200 75368 "-" "Mozilla/5.0 (compatible; MJ12bot/v1.4.8; http://mj12bot.com/)"
192.99.35.94 - - [17/Jul/2022:03:57:52 +0200] "GET /welcome-peg-metal-antique-p-32100.html HTTP/1.0" 301 71556 "-" "Mozilla/5.0 (compatible; MJ12bot/v1.4.8; http://mj12bot.com/)"
66.249.70.88 - - [17/Jul/2022:03:57:58 +0200] "GET /jellyfish-glass-paperweight-p-58076.html HTTP/1.0" 200 74805 "-" "Mozilla/5.0 (Linux; Android 6.0.1; Nexus 5X Build/MMB29P) AppleWebKit/537.36 (KHTML, like Gecko) Chrome/103.0.5060.114 Mobile Safari/537.36 (compatible; Googlebot/2.1; +http://www.google.com/bot.html)"
185.191.171.40 - - [17/Jul/2022:03:57:58 +0200] "GET /fashioned-ceramic-espresso-green-p-41672.html HTTP/1.0" 200 74246 "-" "Mozilla/5.0 (compatible; SemrushBot/7~bl; +http://www.semrush.com/bot.html)"
192.99.35.94 - - [17/Jul/2022:03:58:03 +0200] "GET /-p-32100.html HTTP/1.0" 200 71489 "-" "Mozilla/5.0 (compatible; MJ12bot/v1.4.8; http://mj12bot.com/)"
192.99.35.94 - - [17/Jul/2022:03:58:10 +0200] "GET /welcome-peg-metal-antique-white-p-32098.html HTTP/1.0" 301 71556 "-" "Mozilla/5.0 (compatible; MJ12bot/v1.4.8; http://mj12bot.com/)"
192.99.35.94 - - [17/Jul/2022:03:58:16 +0200] "GET /-p-32098.html HTTP/1.0" 200 71489 "-" "Mozilla/5.0 (compatible; MJ12bot/v1.4.8; http://mj12bot.com/)"
192.99.35.94 - - [17/Jul/2022:03:58:22 +0200] "GET /white-ceramic-cover-p-58072.html HTTP/1.0" 200 74714 "-" "Mozilla/5.0 (compatible; MJ12bot/v1.4.8; http://mj12bot.com/)"
192.99.35.94 - - [17/Jul/2022:03:58:27 +0200] "GET /white-gold-pottery-flower-p-58068.html HTTP/1.0" 301 74985 "-" "Mozilla/5.0 (compatible; MJ12bot/v1.4.8; http://mj12bot.com/)"
192.99.35.94 - - [17/Jul/2022:03:58:34 +0200] "GET /white-gold-ciment-flower-p-58068.html HTTP/1.0" 200 74894 "-" "Mozilla/5.0 (compatible; MJ12bot/v1.4.8; http://mj12bot.com/)"
185.191.171.43 - - [17/Jul/2022:03:58:36 +0200] "GET /jamaca-neon-guitar-clock-p-51411.html HTTP/1.0" 200 74846 "-" "Mozilla/5.0 (compatible; SemrushBot/7~bl; +http://www.semrush.com/bot.html)"
192.99.35.94 - - [17/Jul/2022:03:58:39 +0200] "GET /white-gold-pottery-flower-p-58069.html HTTP/1.0" 301 75081 "-" "Mozilla/5.0 (compatible; MJ12bot/v1.4.8; http://mj12bot.com/)"
192.99.35.94 - - [17/Jul/2022:03:58:47 +0200] "GET /white-gold-ciment-flower-p-58069.html HTTP/1.0" 200 74990 "-" "Mozilla/5.0 (compatible; MJ12bot/v1.4.8; http://mj12bot.com/)"
54.36.148.234 - - [17/Jul/2022:03:58:51 +0200] "GET /cement-tile-coasters-p-56004.html HTTP/1.0" 200 74171 "-" "Mozilla/5.0 (compatible; AhrefsBot/7.0; +http://ahrefs.com/robot/)"
192.99.35.94 - - [17/Jul/2022:03:58:51 +0200] "GET /white-lampshade-p-55429.html HTTP/1.0" 301 71556 "-" "Mozilla/5.0 (compatible; MJ12bot/v1.4.8; http://mj12bot.com/)"
192.99.35.94 - - [17/Jul/2022:03:58:58 +0200] "GET /-p-55429.html HTTP/1.0" 200 71489 "-" "Mozilla/5.0 (compatible; MJ12bot/v1.4.8; http://mj12bot.com/)"
192.99.35.94 - - [17/Jul/2022:03:59:04 +0200] "GET /white-lampshade-p-56280.html HTTP/1.0" 200 74807 "-" "Mozilla/5.0 (compatible; MJ12bot/v1.4.8; http://mj12bot.com/)"
192.99.35.94 - - [17/Jul/2022:03:59:09 +0200] "GET /white-stained-pine-wood-chest-p-53540.html HTTP/1.0" 200 74814 "-" "Mozilla/5.0 (compatible; MJ12bot/v1.4.8; http://mj12bot.com/)"
192.99.35.94 - - [17/Jul/2022:03:59:18 +0200] "GET /white-unicorn-money-p-55427.html HTTP/1.0" 200 75544 "-" "Mozilla/5.0 (compatible; MJ12bot/v1.4.8; http://mj12bot.com/)"
192.99.35.94 - - [17/Jul/2022:03:59:23 +0200] "GET /wick-ellipse-candle-heart-and-home-ocean-sapphire-p-51072.html HTTP/1.0" 301 75127 "-" "Mozilla/5.0 (compatible; MJ12bot/v1.4.8; http://mj12bot.com/)"
192.99.35.94 - - [17/Jul/2022:03:59:31 +0200] "GET /wick-ellipse-candle-heart-home-ocean-sapphire-p-51072.html HTTP/1.0" 200 75015 "-" "Mozilla/5.0 (compatible; MJ12bot/v1.4.8; http://mj12bot.com/)"
192.99.35.94 - - [17/Jul/2022:03:59:37 +0200] "GET /wick-ellipse-candle-heart-and-home-ruby-pomegranate-p-51059.html HTTP/1.0" 301 75148 "-" "Mozilla/5.0 (compatible; MJ12bot/v1.4.8; http://mj12bot.com/)"
192.99.35.94 - - [17/Jul/2022:03:59:43 +0200] "GET /wick-ellipse-candle-heart-home-ruby-pomegranate-p-51059.html HTTP/1.0" 200 75034 "-" "Mozilla/5.0 (compatible; MJ12bot/v1.4.8; http://mj12bot.com/)"
185.191.171.23 - - [17/Jul/2022:03:59:47 +0200] "GET /long-sleeve-shoe-skull-53-cm-white-color-p-42488.html HTTP/1.0" 301 71556 "-" "Mozilla/5.0 (compatible; SemrushBot/7~bl; +http://www.semrush.com/bot.html)"
192.99.35.94 - - [17/Jul/2022:03:59:49 +0200] "GET /wick-ellipse-candle-heart-home-ocean-sapphire-p-51072.html HTTP/1.0" 200 75015 "-" "Mozilla/5.0 (compatible; MJ12bot/v1.4.8; http://mj12bot.com/)"
185.191.171.8 - - [17/Jul/2022:03:59:50 +0200] "GET /-p-42488.html HTTP/1.0" 200 71489 "-" "Mozilla/5.0 (compatible; SemrushBot/7~bl; +http://www.semrush.com/bot.html)"
192.99.35.94 - - [17/Jul/2022:03:59:56 +0200] "GET /wick-ellipse-candle-heart-home-ruby-pomegranate-p-51059.html HTTP/1.0" 200 75034 "-" "Mozilla/5.0 (compatible; MJ12bot/v1.4.8; http://mj12bot.com/)"
185.191.171.18 - - [17/Jul/2022:04:00:03 +0200] "GET /turbine-metal-clock-p-46358.html HTTP/1.0" 301 71556 "-" "Mozilla/5.0 (compatible; SemrushBot/7~bl; +http://www.semrush.com/bot.html)"
192.99.35.94 - - [17/Jul/2022:04:00:02 +0200] "GET /windchime-wood-chimes-p-43521.html HTTP/1.0" 200 74763 "-" "Mozilla/5.0 (compatible; MJ12bot/v1.4.8; http://mj12bot.com/)"
207.46.13.208 - - [17/Jul/2022:04:00:09 +0200] "GET /images/5702015124881.jpg HTTP/1.0" 200 259 "-" "Mozilla/5.0 (compatible; bingbot/2.0; +http://www.bing.com/bingbot.htm)"
185.191.171.26 - - [17/Jul/2022:04:00:10 +0200] "GET /-p-46358.html HTTP/1.0" 200 71489 "-" "Mozilla/5.0 (compatible; SemrushBot/7~bl; +http://www.semrush.com/bot.html)"
192.99.35.94 - - [17/Jul/2022:04:00:15 +0200] "GET /winx-club-jeans-p-30212.html HTTP/1.0" 200 75238 "-" "Mozilla/5.0 (compatible; MJ12bot/v1.4.8; http://mj12bot.com/)"
192.99.35.94 - - [17/Jul/2022:04:00:20 +0200] "GET /with-infuser-cats-p-54480.html HTTP/1.0" 200 74274 "-" "Mozilla/5.0 (compatible; MJ12bot/v1.4.8; http://mj12bot.com/)"
192.99.35.94 - - [17/Jul/2022:04:00:31 +0200] "GET /with-infuser-flammy-p-54485.html HTTP/1.0" 200 74290 "-" "Mozilla/5.0 (compatible; MJ12bot/v1.4.8; http://mj12bot.com/)"
157.55.39.158 - - [17/Jul/2022:04:00:32 +0200] "GET /images/med_prod/8433933011805.jpg HTTP/1.0" 200 268 "-" "Mozilla/5.0 (compatible; bingbot/2.0; +http://www.bing.com/bingbot.htm)"
192.99.35.94 - - [17/Jul/2022:04:00:36 +0200] "GET /wooden-aperitif-board-cups-spoons-p-55441.html HTTP/1.0" 200 75221 "-" "Mozilla/5.0 (compatible; MJ12bot/v1.4.8; http://mj12bot.com/)"
54.36.148.18 - - [17/Jul/2022:04:00:39 +0200] "GET /nici-horse-club-scissors-p-22399.html HTTP/1.0" 200 74182 "-" "Mozilla/5.0 (compatible; AhrefsBot/7.0; +http://ahrefs.com/robot/)"
192.99.35.94 - - [17/Jul/2022:04:00:45 +0200] "GET /wooden-decorative-plate-30-cm-bistrot-les-copains-p-53545.html HTTP/1.0" 301 74443 "-" "Mozilla/5.0 (compatible; MJ12bot/v1.4.8; http://mj12bot.com/)"
185.191.171.9 - - [17/Jul/2022:04:00:49 +0200] "GET /tetsubin-teapots-japanese-p-54072.html?action=add_product HTTP/1.0" 302 476 "-" "Mozilla/5.0 (compatible; SemrushBot/7~bl; +http://www.semrush.com/bot.html)"
192.99.35.94 - - [17/Jul/2022:04:00:51 +0200] "GET /wooden-decorative-plate-bistrot-copains-p-53545.html HTTP/1.0" 200 74337 "-" "Mozilla/5.0 (compatible; MJ12bot/v1.4.8; http://mj12bot.com/)"
192.99.35.94 - - [17/Jul/2022:04:00:58 +0200] "GET /wooden-decorative-plate-30-cm-brasserie-mousses-p-53547.html HTTP/1.0" 301 75088 "-" "Mozilla/5.0 (compatible; MJ12bot/v1.4.8; http://mj12bot.com/)"
192.99.35.94 - - [17/Jul/2022:04:01:05 +0200] "GET /wooden-decorative-plate-brasserie-mousses-p-53547.html HTTP/1.0" 200 74980 "-" "Mozilla/5.0 (compatible; MJ12bot/v1.4.8; http://mj12bot.com/)"
192.99.35.94 - - [17/Jul/2022:04:01:09 +0200] "GET /wooden-decorative-plate-30-cm-le-meilleur-vin-p-53546.html HTTP/1.0" 301 74398 "-" "Mozilla/5.0 (compatible; MJ12bot/v1.4.8; http://mj12bot.com/)"
185.191.171.42 - - [17/Jul/2022:04:01:12 +0200] "GET /maori-jute-p-56925.html HTTP/1.0" 200 75233 "-" "Mozilla/5.0 (compatible; SemrushBot/7~bl; +http://www.semrush.com/bot.html)"
192.99.35.94 - - [17/Jul/2022:04:01:16 +0200] "GET /wooden-decorative-plate-meilleur-p-53546.html HTTP/1.0" 200 74299 "-" "Mozilla/5.0 (compatible; MJ12bot/v1.4.8; http://mj12bot.com/)"
192.99.35.94 - - [17/Jul/2022:04:01:24 +0200] "GET /wooden-decorative-plate-brasserie-mousses-p-53547.html HTTP/1.0" 200 74980 "-" "Mozilla/5.0 (compatible; MJ12bot/v1.4.8; http://mj12bot.com/)"
54.36.149.73 - - [17/Jul/2022:04:01:28 +0200] "GET /set-of-pair-of-socks-strawberry-shortcake-size-27-30-p-25282.html HTTP/1.0" 301 71556 "-" "Mozilla/5.0 (compatible; AhrefsBot/7.0; +http://ahrefs.com/robot/)"
192.99.35.94 - - [17/Jul/2022:04:01:31 +0200] "GET /wooden-decorative-plate-meilleur-p-53546.html HTTP/1.0" 200 74299 "-" "Mozilla/5.0 (compatible; MJ12bot/v1.4.8; http://mj12bot.com/)"
192.99.35.94 - - [17/Jul/2022:04:01:39 +0200] "GET /wooden-sticker-strips-60-10-cm-p-53566.html HTTP/1.0" 301 71556 "-" "Mozilla/5.0 (compatible; MJ12bot/v1.4.8; http://mj12bot.com/)"
185.191.171.25 - - [17/Jul/2022:04:01:41 +0200] "GET /queen-egypt-statue-p-54881.html?action=add_product HTTP/1.0" 302 476 "-" "Mozilla/5.0 (compatible; SemrushBot/7~bl; +http://www.semrush.com/bot.html)"
192.99.35.94 - - [17/Jul/2022:04:01:43 +0200] "GET /-p-53566.html HTTP/1.0" 200 71489 "-" "Mozilla/5.0 (compatible; MJ12bot/v1.4.8; http://mj12bot.com/)"
192.99.35.94 - - [17/Jul/2022:04:01:50 +0200] "GET /wooden-sticker-strips-60-10-cm-p-53567.html HTTP/1.0" 301 71556 "-" "Mozilla/5.0 (compatible; MJ12bot/v1.4.8; http://mj12bot.com/)"
192.99.35.94 - - [17/Jul/2022:04:01:55 +0200] "GET /-p-53567.html HTTP/1.0" 200 71489 "-" "Mozilla/5.0 (compatible; MJ12bot/v1.4.8; http://mj12bot.com/)"
207.46.13.208 - - [17/Jul/2022:04:02:00 +0200] "GET /images/mini_prod/3574642576652.jpg HTTP/1.0" 200 269 "-" "Mozilla/5.0 (compatible; bingbot/2.0; +http://www.bing.com/bingbot.htm)"
192.99.35.94 - - [17/Jul/2022:04:02:03 +0200] "GET /yoga-cat-meditation-statue-p-53030.html HTTP/1.0" 301 74287 "-" "Mozilla/5.0 (compatible; MJ12bot/v1.4.8; http://mj12bot.com/)"
192.99.35.94 - - [17/Jul/2022:04:02:10 +0200] "GET /yoga-meditation-statue-p-53030.html HTTP/1.0" 200 74198 "-" "Mozilla/5.0 (compatible; MJ12bot/v1.4.8; http://mj12bot.com/)"
192.99.35.94 - - [17/Jul/2022:04:02:16 +0200] "GET /yoga-meditation-statue-p-53030.html HTTP/1.0" 200 74198 "-" "Mozilla/5.0 (compatible; MJ12bot/v1.4.8; http://mj12bot.com/)"
192.99.35.94 - - [17/Jul/2022:04:02:23 +0200] "GET /yoga-statuette-p-53027.html HTTP/1.0" 200 74125 "-" "Mozilla/5.0 (compatible; MJ12bot/v1.4.8; http://mj12bot.com/)"
192.99.35.94 - - [17/Jul/2022:04:02:30 +0200] "GET /yoga-statuette-p-53028.html HTTP/1.0" 200 74125 "-" "Mozilla/5.0 (compatible; MJ12bot/v1.4.8; http://mj12bot.com/)"
192.99.35.94 - - [17/Jul/2022:04:02:36 +0200] "GET /zen-mug-by-cbkreation-p-37844.html HTTP/1.0" 301 74179 "-" "Mozilla/5.0 (compatible; MJ12bot/v1.4.8; http://mj12bot.com/)"
185.191.171.36 - - [17/Jul/2022:04:02:38 +0200] "GET /grumpy-figure-collection-romero-britto-p-13949.html?action=add_product HTTP/1.0" 302 476 "-" "Mozilla/5.0 (compatible; SemrushBot/7~bl; +http://www.semrush.com/bot.html)"
192.99.35.94 - - [17/Jul/2022:04:02:41 +0200] "GET /cbkreation-p-37844.html HTTP/1.0" 200 74102 "-" "Mozilla/5.0 (compatible; MJ12bot/v1.4.8; http://mj12bot.com/)"
185.191.171.1 - - [17/Jul/2022:04:02:49 +0200] "GET /invitation-cards-and-envelopes-p-2101.html HTTP/1.0" 301 74424 "-" "Mozilla/5.0 (compatible; SemrushBot/7~bl; +http://www.semrush.com/bot.html)"
157.55.39.92 - - [17/Jul/2022:04:02:51 +0200] "GET /images/big_prod_1/b8719172831900.jpg HTTP/1.0" 200 271 "-" "Mozilla/5.0 (compatible; bingbot/2.0; +http://www.bing.com/bingbot.htm)"
192.99.35.94 - - [17/Jul/2022:04:02:51 +0200] "GET /zinc-look-metal-flowerpot-cover-p-55455.html HTTP/1.0" 200 74812 "-" "Mozilla/5.0 (compatible; MJ12bot/v1.4.8; http://mj12bot.com/)"
157.55.39.92 - - [17/Jul/2022:04:02:53 +0200] "GET /images/med_prod/8435306285295.jpg HTTP/1.0" 200 268 "-" "Mozilla/5.0 (compatible; bingbot/2.0; +http://www.bing.com/bingbot.htm)"
185.191.171.42 - - [17/Jul/2022:04:02:52 +0200] "GET /invitation-cards-envelopes-p-2101.html HTTP/1.0" 200 74332 "-" "Mozilla/5.0 (compatible; SemrushBot/7~bl; +http://www.semrush.com/bot.html)"
54.36.148.9 - - [17/Jul/2022:04:02:54 +0200] "GET /diesel-grey-pencil-case-industry-p-36506.html HTTP/1.0" 200 74279 "-" "Mozilla/5.0 (compatible; AhrefsBot/7.0; +http://ahrefs.com/robot/)"
192.99.35.94 - - [17/Jul/2022:04:02:57 +0200] "GET /zinc-look-metal-flowerpot-cover-pumpkin-beige-p-55456.html HTTP/1.0" 200 74962 "-" "Mozilla/5.0 (compatible; MJ12bot/v1.4.8; http://mj12bot.com/)"
192.99.35.94 - - [17/Jul/2022:04:03:06 +0200] "GET /zinc-look-metal-flowerpot-cover-pumpkin-green-p-55458.html HTTP/1.0" 200 74962 "-" "Mozilla/5.0 (compatible; MJ12bot/v1.4.8; http://mj12bot.com/)"
192.99.35.94 - - [17/Jul/2022:04:03:13 +0200] "GET /zinc-look-metal-flowerpot-cover-pumpkin-yellow-p-55459.html HTTP/1.0" 200 74969 "-" "Mozilla/5.0 (compatible; MJ12bot/v1.4.8; http://mj12bot.com/)"
192.99.35.94 - - [17/Jul/2022:04:03:18 +0200] "GET /zinc-office-organizer-small-p-48049.html HTTP/1.0" 200 74805 "-" "Mozilla/5.0 (compatible; MJ12bot/v1.4.8; http://mj12bot.com/)"
147.92.153.13 - - [17/Jul/2022:04:03:28 +0200] "GET /princesse-sofia-book-figure-p-23410.html HTTP/1.0" 200 74051 "-" "Mozilla/5.0 (compatible; Linespider/1.1; +https://lin.ee/4dwXkTH)"
147.92.153.14 - - [17/Jul/2022:04:03:32 +0200] "GET /swfobject.js HTTP/1.0" 404 1308 "http://www.wonder-geek.com/princesse-sofia-book-figure-p-23410.html" "Mozilla/5.0 AppleWebKit/537.36 (KHTML, like Gecko; compatible; Yeti/1.1; +http://naver.me/spd) Chrome/101.0.4951.0 Safari/537.36"
185.191.171.18 - - [17/Jul/2022:04:03:57 +0200] "GET /coat-rack-hook-floor-key-cast-iron-p-47448.html HTTP/1.0" 301 71716 "-" "Mozilla/5.0 (compatible; SemrushBot/7~bl; +http://www.semrush.com/bot.html)"
185.191.171.3 - - [17/Jul/2022:04:04:00 +0200] "GET /coat-rack-hook-floor-cast-iron-p-47448.html HTTP/1.0" 200 71619 "-" "Mozilla/5.0 (compatible; SemrushBot/7~bl; +http://www.semrush.com/bot.html)"
185.191.171.7 - - [17/Jul/2022:04:04:41 +0200] "GET /set-of-glasses-fff-p-44953.html HTTP/1.0" 301 74141 "-" "Mozilla/5.0 (compatible; SemrushBot/7~bl; +http://www.semrush.com/bot.html)"
185.191.171.11 - - [17/Jul/2022:04:04:45 +0200] "GET /glasses-p-44953.html HTTP/1.0" 200 74067 "-" "Mozilla/5.0 (compatible; SemrushBot/7~bl; +http://www.semrush.com/bot.html)"
185.191.171.19 - - [17/Jul/2022:04:05:01 +0200] "GET /-p-49886.html?action=add_product HTTP/1.0" 302 476 "-" "Mozilla/5.0 (compatible; SemrushBot/7~bl; +http://www.semrush.com/bot.html)"
54.36.148.45 - - [17/Jul/2022:04:05:03 +0200] "GET /carpet-p-56010.html HTTP/1.0" 200 74809 "-" "Mozilla/5.0 (compatible; AhrefsBot/7.0; +http://ahrefs.com/robot/)"
54.36.148.81 - - [17/Jul/2022:04:05:12 +0200] "GET /images/big_prod/8433933138359.jpg HTTP/1.0" 200 268 "-" "Mozilla/5.0 (compatible; AhrefsBot/7.0; +http://ahrefs.com/robot/)"
54.36.148.96 - - [17/Jul/2022:04:05:12 +0200] "GET /images/big_prod_1/8433933138359B.jpg HTTP/1.0" 200 271 "-" "Mozilla/5.0 (compatible; AhrefsBot/7.0; +http://ahrefs.com/robot/)"
185.191.171.18 - - [17/Jul/2022:04:05:12 +0200] "GET /skeleton-black-shirt-p-30128.html?action=add_product HTTP/1.0" 302 476 "-" "Mozilla/5.0 (compatible; SemrushBot/7~bl; +http://www.semrush.com/bot.html)"
185.191.171.11 - - [17/Jul/2022:04:05:18 +0200] "GET /green-piggy-bank-ma-premiere-tirelire-p-53364.html HTTP/1.0" 301 74245 "-" "Mozilla/5.0 (compatible; SemrushBot/7~bl; +http://www.semrush.com/bot.html)"
185.191.171.22 - - [17/Jul/2022:04:05:21 +0200] "GET /green-piggy-bank-premire-tirelire-p-53364.html HTTP/1.0" 200 74145 "-" "Mozilla/5.0 (compatible; SemrushBot/7~bl; +http://www.semrush.com/bot.html)"
207.46.13.169 - - [17/Jul/2022:04:05:40 +0200] "GET /images/mini_prod/3453131152020.jpg HTTP/1.0" 200 269 "-" "Mozilla/5.0 (compatible; bingbot/2.0; +http://www.bing.com/bingbot.htm)"
185.191.171.40 - - [17/Jul/2022:04:06:43 +0200] "GET /home-and-decoration-c-13.html?page=216 HTTP/1.0" 301 93472 "-" "Mozilla/5.0 (compatible; SemrushBot/7~bl; +http://www.semrush.com/bot.html)"
185.191.171.3 - - [17/Jul/2022:04:06:47 +0200] "GET /home-decoration-c-13.html?page=216 HTTP/1.0" 200 93384 "-" "Mozilla/5.0 (compatible; SemrushBot/7~bl; +http://www.semrush.com/bot.html)"
185.191.171.26 - - [17/Jul/2022:04:07:05 +0200] "GET /small-tins-gorjuss-hatter-p-48402.html?action=add_product HTTP/1.0" 302 476 "-" "Mozilla/5.0 (compatible; SemrushBot/7~bl; +http://www.semrush.com/bot.html)"
54.36.148.211 - - [17/Jul/2022:04:07:12 +0200] "GET /cotton-floor-cushion-45-cm-lyna-p-45209.html HTTP/1.0" 301 74892 "-" "Mozilla/5.0 (compatible; AhrefsBot/7.0; +http://ahrefs.com/robot/)"
54.36.148.140 - - [17/Jul/2022:04:07:17 +0200] "GET /marilyn-monroe-computer-p-5787.html HTTP/1.0" 200 74328 "-" "Mozilla/5.0 (compatible; AhrefsBot/7.0; +http://ahrefs.com/robot/)"
54.36.148.93 - - [17/Jul/2022:04:07:20 +0200] "GET /images/TROMY3466.jpg HTTP/1.0" 200 255 "-" "Mozilla/5.0 (compatible; AhrefsBot/7.0; +http://ahrefs.com/robot/)"
191.96.80.194 - - [17/Jul/2022:04:07:20 +0200] "GET /contact_us.php HTTP/1.0" 200 26238 "-" "Mozilla/5.0 (Macintosh; Intel Mac OS X 10_13_4) AppleWebKit/537.36 (KHTML, like Gecko) Chrome/59.0.3071.115 Safari/537.36"
185.191.171.36 - - [17/Jul/2022:04:07:28 +0200] "GET /-p-14973.html?action=add_product HTTP/1.0" 302 476 "-" "Mozilla/5.0 (compatible; SemrushBot/7~bl; +http://www.semrush.com/bot.html)"
51.68.224.127 - - [17/Jul/2022:04:07:43 +0200] "GET /adminweb/export_orders_xml.php?token=256de2z6edz6ed2z6DFSFsed2zed6zeDSFDSGdzedezfzf&maxorders=10&orderstart=1&status=14&start_date=2018-10-01 HTTP/1.0" 200 285 "-" "GesCom CharlotteBoutik Serveur"
51.68.224.127 - - [17/Jul/2022:04:07:43 +0200] "GET /adminweb/export_orders_xml.php?token=256de2z6edz6ed2z6DFSFsed2zed6zeDSFDSGdzedezfzf&maxorders=10&orderstart=1&status=6&start_date=2018-10-01 HTTP/1.0" 200 31081 "-" "GesCom CharlotteBoutik Serveur"
185.191.171.43 - - [17/Jul/2022:04:07:53 +0200] "GET /wooden-wall-decoration-to-hang-bonne-franquette-p-49982.html HTTP/1.0" 301 74456 "-" "Mozilla/5.0 (compatible; SemrushBot/7~bl; +http://www.semrush.com/bot.html)"
185.191.171.6 - - [17/Jul/2022:04:07:56 +0200] "GET /wooden-wall-decoration-hang-bonne-franquette-p-49982.html HTTP/1.0" 200 74345 "-" "Mozilla/5.0 (compatible; SemrushBot/7~bl; +http://www.semrush.com/bot.html)"
185.191.171.5 - - [17/Jul/2022:04:08:31 +0200] "GET /medusa-glass-paperweight-p-47403.html HTTP/1.0" 200 71575 "-" "Mozilla/5.0 (compatible; SemrushBot/7~bl; +http://www.semrush.com/bot.html)"
66.249.70.92 - - [17/Jul/2022:04:08:54 +0200] "GET /owls-cats-michelle-allen-designs-coasters-p-37672.html HTTP/1.0" 200 74322 "-" "Mozilla/5.0 (Linux; Android 6.0.1; Nexus 5X Build/MMB29P) AppleWebKit/537.36 (KHTML, like Gecko) Chrome/103.0.5060.114 Mobile Safari/537.36 (compatible; Googlebot/2.1; +http://www.google.com/bot.html)"
40.77.167.58 - - [17/Jul/2022:04:08:59 +0200] "GET /images/big_prod/8427148033615.jpg HTTP/1.0" 200 268 "-" "Mozilla/5.0 (compatible; bingbot/2.0; +http://www.bing.com/bingbot.htm)"
54.36.149.38 - - [17/Jul/2022:04:09:08 +0200] "GET /small-japanese-cast-iron-teapot-liter-p-54882.html HTTP/1.0" 200 74436 "-" "Mozilla/5.0 (compatible; AhrefsBot/7.0; +http://ahrefs.com/robot/)"
216.244.66.242 - - [17/Jul/2022:04:09:18 +0200] "GET /robots.txt HTTP/1.0" 200 245 "-" "Mozilla/5.0 (compatible; DotBot/1.2; +https://opensiteexplorer.org/dotbot; help@moz.com)"
185.191.171.24 - - [17/Jul/2022:04:09:31 +0200] "GET /decorative-wooden-plate-head-moor-black-grey-p-47837.html HTTP/1.0" 200 74603 "-" "Mozilla/5.0 (compatible; SemrushBot/7~bl; +http://www.semrush.com/bot.html)"
54.36.149.2 - - [17/Jul/2022:04:10:44 +0200] "GET /table-lamp-metal-gold-color-p-56995.html HTTP/1.0" 200 74956 "-" "Mozilla/5.0 (compatible; AhrefsBot/7.0; +http://ahrefs.com/robot/)"
185.191.171.35 - - [17/Jul/2022:04:10:59 +0200] "GET /suns-and-moons-metal-suspension-95-cm-red-p-42812.html HTTP/1.0" 301 74386 "-" "Mozilla/5.0 (compatible; SemrushBot/7~bl; +http://www.semrush.com/bot.html)"
185.191.171.35 - - [17/Jul/2022:04:11:01 +0200] "GET /suns-moons-metal-suspension-p-42812.html HTTP/1.0" 200 74292 "-" "Mozilla/5.0 (compatible; SemrushBot/7~bl; +http://www.semrush.com/bot.html)"
207.46.13.23 - - [17/Jul/2022:04:11:24 +0200] "GET /images/mini_prod/5051276373034.jpg HTTP/1.0" 200 269 "-" "Mozilla/5.0 (compatible; bingbot/2.0; +http://www.bing.com/bingbot.htm)"
185.191.171.3 - - [17/Jul/2022:04:11:38 +0200] "GET /cats-dubout-candle-holder-p-33348.html HTTP/1.0" 200 75211 "-" "Mozilla/5.0 (compatible; SemrushBot/7~bl; +http://www.semrush.com/bot.html)"
