185.191.171.38 - - [17/Jul/2022:14:02:59 +0200] "GET /hanging-wooden-wall-decoration-merveilleux-p-53378.html?action=add_product HTTP/1.0" 302 476 "-" "Mozilla/5.0 (compatible; SemrushBot/7~bl; +http://www.semrush.com/bot.html)"
35.194.179.26 - - [17/Jul/2022:14:03:32 +0200] "GET /images/mini_prod/8033667001174.jpg HTTP/1.0" 200 269 "-" "Mozilla/5.0 (X11; Ubuntu; Linux x86_64; rv:72.0) Gecko/20100101 Firefox/72.0"
185.191.171.4 - - [17/Jul/2022:14:03:34 +0200] "GET /high-school-musical-scarf-p-22256.html HTTP/1.0" 200 74320 "-" "Mozilla/5.0 (compatible; SemrushBot/7~bl; +http://www.semrush.com/bot.html)"
185.191.171.22 - - [17/Jul/2022:14:03:37 +0200] "GET /assassin-creed-mug-iii-p-17037.html HTTP/1.0" 301 71636 "-" "Mozilla/5.0 (compatible; SemrushBot/7~bl; +http://www.semrush.com/bot.html)"
185.191.171.38 - - [17/Jul/2022:14:03:40 +0200] "GET /assassin-creed-p-17037.html HTTP/1.0" 200 71555 "-" "Mozilla/5.0 (compatible; SemrushBot/7~bl; +http://www.semrush.com/bot.html)"
54.36.148.239 - - [17/Jul/2022:14:03:49 +0200] "GET /lavander-bath-soap-dish-p-51392.html HTTP/1.0" 200 74155 "-" "Mozilla/5.0 (compatible; AhrefsBot/7.0; +http://ahrefs.com/robot/)"
207.46.13.23 - - [17/Jul/2022:14:04:14 +0200] "GET /large-candle-guardian-angel-p-51067.html HTTP/1.0" 200 74640 "-" "Mozilla/5.0 (compatible; bingbot/2.0; +http://www.bing.com/bingbot.htm)"
207.46.13.169 - - [17/Jul/2022:14:04:40 +0200] "GET /images/3438100284476.jpg HTTP/1.0" 200 259 "-" "Mozilla/5.0 (compatible; bingbot/2.0; +http://www.bing.com/bingbot.htm)"
185.191.171.38 - - [17/Jul/2022:14:04:49 +0200] "GET /mirabelle-calendar-year-2017-p-36747.html HTTP/1.0" 200 74356 "-" "Mozilla/5.0 (compatible; SemrushBot/7~bl; +http://www.semrush.com/bot.html)"
185.191.171.45 - - [17/Jul/2022:14:04:53 +0200] "GET /corsica-metal-plate-p-52509.html HTTP/1.0" 200 74086 "-" "Mozilla/5.0 (compatible; SemrushBot/7~bl; +http://www.semrush.com/bot.html)"
131.107.174.172 - - [17/Jul/2022:14:05:13 +0200] "GET /images/mini_prod/B11068-copie-3.jpg HTTP/1.0" 200 270 "-" "Mozilla/5.0 (X11; Ubuntu; Linux x86_64; rv:72.0) Gecko/20100101 Firefox/72.0"
185.191.171.25 - - [17/Jul/2022:14:05:27 +0200] "GET /mditation-lotus-black-p-46539.html?action=add_product HTTP/1.0" 302 476 "-" "Mozilla/5.0 (compatible; SemrushBot/7~bl; +http://www.semrush.com/bot.html)"
207.46.13.169 - - [17/Jul/2022:14:05:31 +0200] "GET /-p-36670.html HTTP/1.0" 200 71489 "-" "Mozilla/5.0 (compatible; bingbot/2.0; +http://www.bing.com/bingbot.htm)"
185.191.171.24 - - [17/Jul/2022:14:05:46 +0200] "GET /singing-bowl-p-42027.html?action=add_product HTTP/1.0" 302 476 "-" "Mozilla/5.0 (compatible; SemrushBot/7~bl; +http://www.semrush.com/bot.html)"
131.107.174.172 - - [17/Jul/2022:14:05:51 +0200] "GET /images/mini_prod/1384010204740.jpg HTTP/1.0" 200 269 "-" "Mozilla/5.0 (X11; Ubuntu; Linux x86_64; rv:72.0) Gecko/20100101 Firefox/72.0"
207.46.13.146 - - [17/Jul/2022:14:05:58 +0200] "GET /images/mini_prod/8718375756065.jpg HTTP/1.0" 200 269 "-" "Mozilla/5.0 (compatible; bingbot/2.0; +http://www.bing.com/bingbot.htm)"
185.191.171.17 - - [17/Jul/2022:14:06:07 +0200] "GET /bowl-white-porcelain-chouchou-p-52620.html HTTP/1.0" 301 74348 "-" "Mozilla/5.0 (compatible; SemrushBot/7~bl; +http://www.semrush.com/bot.html)"
185.191.171.25 - - [17/Jul/2022:14:06:11 +0200] "GET /bowl-white-porcelain-chouchou-collection-p-52620.html HTTP/1.0" 200 74241 "-" "Mozilla/5.0 (compatible; SemrushBot/7~bl; +http://www.semrush.com/bot.html)"
185.191.171.1 - - [17/Jul/2022:14:06:20 +0200] "GET /kimmidoll-doll-sonomi-p-49801.html?action=add_product HTTP/1.0" 302 476 "-" "Mozilla/5.0 (compatible; SemrushBot/7~bl; +http://www.semrush.com/bot.html)"
185.191.171.6 - - [17/Jul/2022:14:06:57 +0200] "GET /cyrielle-bedclothes-p-58442.html HTTP/1.0" 200 74846 "-" "Mozilla/5.0 (compatible; SemrushBot/7~bl; +http://www.semrush.com/bot.html)"
54.36.148.232 - - [17/Jul/2022:14:07:03 +0200] "GET /sonny-hawaii-beach-figurines-p-49376.html HTTP/1.0" 200 74411 "-" "Mozilla/5.0 (compatible; AhrefsBot/7.0; +http://ahrefs.com/robot/)"
54.36.148.236 - - [17/Jul/2022:14:07:05 +0200] "GET /images/big_prod/1300010241899.jpg HTTP/1.0" 200 268 "-" "Mozilla/5.0 (compatible; AhrefsBot/7.0; +http://ahrefs.com/robot/)"
40.77.167.58 - - [17/Jul/2022:14:07:08 +0200] "GET /gift-made-metal-towels-p-50887.html HTTP/1.0" 200 74367 "-" "Mozilla/5.0 (compatible; bingbot/2.0; +http://www.bing.com/bingbot.htm)"
54.36.149.61 - - [17/Jul/2022:14:07:18 +0200] "GET /polypropylene-black-and-grey-outdoor-carpet-120-180-cm-p-44347.html HTTP/1.0" 301 71556 "-" "Mozilla/5.0 (compatible; AhrefsBot/7.0; +http://ahrefs.com/robot/)"
185.191.171.42 - - [17/Jul/2022:14:07:19 +0200] "GET /bonnes-mamans-metal-plate-p-47545.html?action=add_product HTTP/1.0" 302 476 "-" "Mozilla/5.0 (compatible; SemrushBot/7~bl; +http://www.semrush.com/bot.html)"
207.46.13.23 - - [17/Jul/2022:14:07:23 +0200] "GET /collectible-labubu-figurine-p-50061.html HTTP/1.0" 200 71595 "-" "Mozilla/5.0 (compatible; bingbot/2.0; +http://www.bing.com/bingbot.htm)"
185.191.171.16 - - [17/Jul/2022:14:07:24 +0200] "GET /keychain-jewel-tree-life-multicolour-p-40752.html?action=add_product HTTP/1.0" 302 476 "-" "Mozilla/5.0 (compatible; SemrushBot/7~bl; +http://www.semrush.com/bot.html)"
185.191.171.4 - - [17/Jul/2022:14:07:46 +0200] "GET /wall-decoration-p-45748.html?action=add_product HTTP/1.0" 302 476 "-" "Mozilla/5.0 (compatible; SemrushBot/7~bl; +http://www.semrush.com/bot.html)"
185.191.171.38 - - [17/Jul/2022:14:07:49 +0200] "GET /taurus-mousepad-cbkreation-p-43311.html HTTP/1.0" 200 74198 "-" "Mozilla/5.0 (compatible; SemrushBot/7~bl; +http://www.semrush.com/bot.html)"
185.191.171.42 - - [17/Jul/2022:14:07:54 +0200] "GET /hand-painted-mango-wood-p-54843.html?action=add_product HTTP/1.0" 302 476 "-" "Mozilla/5.0 (compatible; SemrushBot/7~bl; +http://www.semrush.com/bot.html)"
207.46.13.208 - - [17/Jul/2022:14:07:58 +0200] "GET /brass-compass-ornament-p-36668.html HTTP/1.0" 200 74110 "-" "Mozilla/5.0 (compatible; bingbot/2.0; +http://www.bing.com/bingbot.htm)"
207.46.13.146 - - [17/Jul/2022:14:07:58 +0200] "GET /mickey-mouse-best-friend-small-suitcase-with-wheels-p-30756.html HTTP/1.0" 200 71744 "-" "Mozilla/5.0 (compatible; bingbot/2.0; +http://www.bing.com/bingbot.htm)"
185.191.171.15 - - [17/Jul/2022:14:08:08 +0200] "GET /christmas-snow-white-dopey-figurine-p-45635.html?action=add_product HTTP/1.0" 302 476 "-" "Mozilla/5.0 (compatible; SemrushBot/7~bl; +http://www.semrush.com/bot.html)"
185.191.171.8 - - [17/Jul/2022:14:08:14 +0200] "GET /jasmin-avoriaz-large-soup-bowl-p-34950.html?action=add_product HTTP/1.0" 302 476 "-" "Mozilla/5.0 (compatible; SemrushBot/7~bl; +http://www.semrush.com/bot.html)"
185.191.171.18 - - [17/Jul/2022:14:08:33 +0200] "GET /fragrance-sachet-lavender-sage-p-40542.html?action=add_product HTTP/1.0" 302 476 "-" "Mozilla/5.0 (compatible; SemrushBot/7~bl; +http://www.semrush.com/bot.html)"
185.191.171.11 - - [17/Jul/2022:14:08:36 +0200] "GET /crayola-washable-mini-glitter-glues-p-16597.html?action=add_product HTTP/1.0" 302 476 "-" "Mozilla/5.0 (compatible; SemrushBot/7~bl; +http://www.semrush.com/bot.html)"
185.191.171.35 - - [17/Jul/2022:14:08:56 +0200] "GET /braided-bracelet-victoria-couture-hello-kitty-blue-p-13721.html HTTP/1.0" 200 71736 "-" "Mozilla/5.0 (compatible; SemrushBot/7~bl; +http://www.semrush.com/bot.html)"
216.244.66.242 - - [17/Jul/2022:14:09:15 +0200] "GET /au-bistrot-potholder-p-47944.html HTTP/1.0" 301 74231 "-" "Mozilla/5.0 (compatible; DotBot/1.2; +https://opensiteexplorer.org/dotbot; help@moz.com)"
216.244.66.242 - - [17/Jul/2022:14:09:22 +0200] "GET /frida-khalo-saucer-for-tea-bag-p-50157.html HTTP/1.0" 301 74232 "-" "Mozilla/5.0 (compatible; DotBot/1.2; +https://opensiteexplorer.org/dotbot; help@moz.com)"
216.244.66.242 - - [17/Jul/2022:14:09:28 +0200] "GET /rectangular-kitchen-towel-in-cotton-apero-p-51353.html HTTP/1.0" 301 74398 "-" "Mozilla/5.0 (compatible; DotBot/1.2; +https://opensiteexplorer.org/dotbot; help@moz.com)"
185.191.171.25 - - [17/Jul/2022:14:09:31 +0200] "GET /wallet-zippo-black-bi-textures-p-49091.html HTTP/1.0" 301 75323 "-" "Mozilla/5.0 (compatible; SemrushBot/7~bl; +http://www.semrush.com/bot.html)"
185.191.171.9 - - [17/Jul/2022:14:09:33 +0200] "GET /wallet-zippo-black-textures-p-49091.html HTTP/1.0" 200 75229 "-" "Mozilla/5.0 (compatible; SemrushBot/7~bl; +http://www.semrush.com/bot.html)"
216.244.66.242 - - [17/Jul/2022:14:09:35 +0200] "GET /strawberry-shortcake-fleece-cap-and-scarf-set-p-22134.html HTTP/1.0" 301 74556 "-" "Mozilla/5.0 (compatible; DotBot/1.2; +https://opensiteexplorer.org/dotbot; help@moz.com)"
185.191.171.22 - - [17/Jul/2022:14:09:36 +0200] "GET /white-natural-wooden-p-55037.html?action=add_product HTTP/1.0" 302 476 "-" "Mozilla/5.0 (compatible; SemrushBot/7~bl; +http://www.semrush.com/bot.html)"
185.191.171.38 - - [17/Jul/2022:14:10:16 +0200] "GET /large-caramel-backpack-wolf-p-48798.html?action=add_product HTTP/1.0" 302 476 "-" "Mozilla/5.0 (compatible; SemrushBot/7~bl; +http://www.semrush.com/bot.html)"
35.194.179.26 - - [17/Jul/2022:14:10:25 +0200] "GET /images/mini_prod/3609810022287.jpg HTTP/1.0" 200 269 "-" "Mozilla/5.0 (X11; Ubuntu; Linux x86_64; rv:72.0) Gecko/20100101 Firefox/72.0"
54.36.148.37 - - [17/Jul/2022:14:10:25 +0200] "GET /brush-placemat-kiub-p-57960.html HTTP/1.0" 200 74162 "-" "Mozilla/5.0 (compatible; AhrefsBot/7.0; +http://ahrefs.com/robot/)"
54.36.149.53 - - [17/Jul/2022:14:10:29 +0200] "GET /images/big_prod/3700572716299.jpg HTTP/1.0" 200 268 "-" "Mozilla/5.0 (compatible; AhrefsBot/7.0; +http://ahrefs.com/robot/)"
185.191.171.18 - - [17/Jul/2022:14:10:50 +0200] "GET /monaco-metal-plate-p-42346.html HTTP/1.0" 200 74182 "-" "Mozilla/5.0 (compatible; SemrushBot/7~bl; +http://www.semrush.com/bot.html)"
66.249.70.88 - - [17/Jul/2022:14:11:12 +0200] "GET /rugs-c-11_269.html?page=10 HTTP/1.0" 200 92598 "-" "Mozilla/5.0 (compatible; Googlebot/2.1; +http://www.google.com/bot.html)"
66.249.70.92 - - [17/Jul/2022:14:11:17 +0200] "GET /js/jquery.min.js HTTP/1.0" 404 1308 "http://www.wonder-geek.com/rugs-c-11_269.html?page=10" "Mozilla/5.0 AppleWebKit/537.36 (KHTML, like Gecko; compatible; Googlebot/2.1; +http://www.google.com/bot.html) Chrome/103.0.5060.114 Safari/537.36"
66.249.70.92 - - [17/Jul/2022:14:11:19 +0200] "GET /js/jquery.min.js HTTP/1.0" 404 1308 "http://www.wonder-geek.com/rugs-c-11_269.html?page=10" "Mozilla/5.0 AppleWebKit/537.36 (KHTML, like Gecko; compatible; Googlebot/2.1; +http://www.google.com/bot.html) Chrome/103.0.5060.114 Safari/537.36"
185.191.171.1 - - [17/Jul/2022:14:11:37 +0200] "GET /lonidas-statue-p-40908.html?action=add_product HTTP/1.0" 302 476 "-" "Mozilla/5.0 (compatible; SemrushBot/7~bl; +http://www.semrush.com/bot.html)"
131.107.174.172 - - [17/Jul/2022:14:11:57 +0200] "GET /images/mini_prod/5901130040575.jpg HTTP/1.0" 200 269 "-" "Mozilla/5.0 (X11; Ubuntu; Linux x86_64; rv:72.0) Gecko/20100101 Firefox/72.0"
207.46.13.146 - - [17/Jul/2022:14:11:58 +0200] "GET /corsica-kitchen-towel-p-38781.html HTTP/1.0" 200 74102 "-" "Mozilla/5.0 (compatible; bingbot/2.0; +http://www.bing.com/bingbot.htm)"
185.191.171.9 - - [17/Jul/2022:14:12:00 +0200] "GET /fitted-sheet-chantilly-140-200-cm-p-43595.html HTTP/1.0" 301 74249 "-" "Mozilla/5.0 (compatible; SemrushBot/7~bl; +http://www.semrush.com/bot.html)"
185.191.171.11 - - [17/Jul/2022:14:12:03 +0200] "GET /fitted-sheet-chantilly-p-43595.html HTTP/1.0" 200 74160 "-" "Mozilla/5.0 (compatible; SemrushBot/7~bl; +http://www.semrush.com/bot.html)"
54.36.148.11 - - [17/Jul/2022:14:12:08 +0200] "GET /simpsons-bart-bowl-p-27851.html HTTP/1.0" 301 71556 "-" "Mozilla/5.0 (compatible; AhrefsBot/7.0; +http://ahrefs.com/robot/)"
207.46.13.146 - - [17/Jul/2022:14:12:09 +0200] "GET /small-parme-girl-baby-teeth-p-33509.html HTTP/1.0" 200 71639 "-" "Mozilla/5.0 (compatible; bingbot/2.0; +http://www.bing.com/bingbot.htm)"
40.77.167.58 - - [17/Jul/2022:14:12:18 +0200] "GET /-p-2057.html HTTP/1.0" 200 71487 "-" "Mozilla/5.0 (compatible; bingbot/2.0; +http://www.bing.com/bingbot.htm)"
207.46.13.23 - - [17/Jul/2022:14:12:33 +0200] "GET /images/big_prod/3574642563058.jpg HTTP/1.0" 200 268 "-" "Mozilla/5.0 (compatible; bingbot/2.0; +http://www.bing.com/bingbot.htm)"
185.191.171.22 - - [17/Jul/2022:14:13:20 +0200] "GET /happy-vintage-shirt-p-29607.html HTTP/1.0" 200 75297 "-" "Mozilla/5.0 (compatible; SemrushBot/7~bl; +http://www.semrush.com/bot.html)"
54.36.148.75 - - [17/Jul/2022:14:13:42 +0200] "GET /school-trolley-c-31_169.html HTTP/1.0" 200 82278 "-" "Mozilla/5.0 (compatible; AhrefsBot/7.0; +http://ahrefs.com/robot/)"
157.55.39.158 - - [17/Jul/2022:14:13:42 +0200] "GET /decorative-statuettes-monkeys-of-wisdom-brown-24-cm-p-52742.html HTTP/1.0" 301 74578 "-" "Mozilla/5.0 (compatible; bingbot/2.0; +http://www.bing.com/bingbot.htm)"
51.68.224.127 - - [17/Jul/2022:14:13:48 +0200] "GET /adminweb/export_orders_xml.php?token=256de2z6edz6ed2z6DFSFsed2zed6zeDSFDSGdzedezfzf&maxorders=10&orderstart=1&status=14&start_date=2018-10-01 HTTP/1.0" 200 285 "-" "GesCom CharlotteBoutik Serveur"
51.68.224.127 - - [17/Jul/2022:14:13:48 +0200] "GET /adminweb/export_orders_xml.php?token=256de2z6edz6ed2z6DFSFsed2zed6zeDSFDSGdzedezfzf&maxorders=10&orderstart=1&status=6&start_date=2018-10-01 HTTP/1.0" 200 31081 "-" "GesCom CharlotteBoutik Serveur"
216.244.66.242 - - [17/Jul/2022:14:13:53 +0200] "GET /-p-30820.html HTTP/1.0" 200 71489 "-" "Mozilla/5.0 (compatible; DotBot/1.2; +https://opensiteexplorer.org/dotbot; help@moz.com)"
216.244.66.242 - - [17/Jul/2022:14:14:01 +0200] "GET /-p-36310.html HTTP/1.0" 200 71489 "-" "Mozilla/5.0 (compatible; DotBot/1.2; +https://opensiteexplorer.org/dotbot; help@moz.com)"
216.244.66.242 - - [17/Jul/2022:14:14:09 +0200] "GET /cushions-c-13_11_71.html?page=16 HTTP/1.0" 200 89739 "-" "Mozilla/5.0 (compatible; DotBot/1.2; +https://opensiteexplorer.org/dotbot; help@moz.com)"
216.244.66.242 - - [17/Jul/2022:14:14:17 +0200] "GET /esotericism-lithotherapy-c-174.html?page=4 HTTP/1.0" 200 92798 "-" "Mozilla/5.0 (compatible; DotBot/1.2; +https://opensiteexplorer.org/dotbot; help@moz.com)"
185.191.171.1 - - [17/Jul/2022:14:14:22 +0200] "GET /decorative-wooden-plate-petit-prince-45-12-cm-p-49977.html HTTP/1.0" 301 74476 "-" "Mozilla/5.0 (compatible; SemrushBot/7~bl; +http://www.semrush.com/bot.html)"
216.244.66.242 - - [17/Jul/2022:14:14:24 +0200] "GET /happy-panda-bedclothes-p-44235.html HTTP/1.0" 200 74935 "-" "Mozilla/5.0 (compatible; DotBot/1.2; +https://opensiteexplorer.org/dotbot; help@moz.com)"
185.191.171.7 - - [17/Jul/2022:14:14:26 +0200] "GET /decorative-wooden-plate-petit-prince-p-49977.html HTTP/1.0" 200 74373 "-" "Mozilla/5.0 (compatible; SemrushBot/7~bl; +http://www.semrush.com/bot.html)"
185.191.171.24 - - [17/Jul/2022:14:14:32 +0200] "GET /mini-stickers-animals-p-22596.html HTTP/1.0" 200 71563 "-" "Mozilla/5.0 (compatible; SemrushBot/7~bl; +http://www.semrush.com/bot.html)"
185.191.171.24 - - [17/Jul/2022:14:14:35 +0200] "GET /fitted-sheet-cotton-percale-threads-p-48200.html HTTP/1.0" 200 74444 "-" "Mozilla/5.0 (compatible; SemrushBot/7~bl; +http://www.semrush.com/bot.html)"
185.191.171.5 - - [17/Jul/2022:14:14:41 +0200] "GET /collectible-figurines-and-decorative-c-13_135.html?page=39 HTTP/1.0" 301 93767 "-" "Mozilla/5.0 (compatible; SemrushBot/7~bl; +http://www.semrush.com/bot.html)"
216.244.66.242 - - [17/Jul/2022:14:14:42 +0200] "GET /luggages-schoolbags-leather-shop-c-31.html?page=15 HTTP/1.0" 200 95130 "-" "Mozilla/5.0 (compatible; DotBot/1.2; +https://opensiteexplorer.org/dotbot; help@moz.com)"
131.107.174.172 - - [17/Jul/2022:14:14:46 +0200] "GET /images/mini_prod/A84360429032013.jpg HTTP/1.0" 200 271 "-" "Mozilla/5.0 (X11; Ubuntu; Linux x86_64; rv:72.0) Gecko/20100101 Firefox/72.0"
185.191.171.12 - - [17/Jul/2022:14:14:46 +0200] "GET /collectible-figurines-decorative-c-135.html?page=39 HTTP/1.0" 301 93644 "-" "Mozilla/5.0 (compatible; SemrushBot/7~bl; +http://www.semrush.com/bot.html)"
185.191.171.7 - - [17/Jul/2022:14:14:49 +0200] "GET /collectible-figurines-decorative-c-13_135.html?page=39 HTTP/1.0" 200 93662 "-" "Mozilla/5.0 (compatible; SemrushBot/7~bl; +http://www.semrush.com/bot.html)"
35.194.179.26 - - [17/Jul/2022:14:14:53 +0200] "GET /images/mini_prod/Image91.jpg HTTP/1.0" 200 263 "-" "Mozilla/5.0 (X11; Ubuntu; Linux x86_64; rv:72.0) Gecko/20100101 Firefox/72.0"
185.191.171.25 - - [17/Jul/2022:14:14:52 +0200] "GET /horse-small-lamp-p-28107.html HTTP/1.0" 200 74150 "-" "Mozilla/5.0 (compatible; SemrushBot/7~bl; +http://www.semrush.com/bot.html)"
216.244.66.242 - - [17/Jul/2022:14:14:58 +0200] "GET /plush-black-angel-horse-miss-melody-p-36842.html HTTP/1.0" 200 71635 "-" "Mozilla/5.0 (compatible; DotBot/1.2; +https://opensiteexplorer.org/dotbot; help@moz.com)"
216.244.66.242 - - [17/Jul/2022:14:15:11 +0200] "GET /route-metal-plate-p-12559.html HTTP/1.0" 200 74128 "-" "Mozilla/5.0 (compatible; DotBot/1.2; +https://opensiteexplorer.org/dotbot; help@moz.com)"
207.46.13.146 - - [17/Jul/2022:14:15:29 +0200] "GET /-p-35787.html HTTP/1.0" 200 71489 "-" "Mozilla/5.0 (compatible; bingbot/2.0; +http://www.bing.com/bingbot.htm)"
185.191.171.21 - - [17/Jul/2022:14:15:54 +0200] "GET /wall-sticker-c-13_187.html?page=6 HTTP/1.0" 200 95311 "-" "Mozilla/5.0 (compatible; SemrushBot/7~bl; +http://www.semrush.com/bot.html)"
54.36.148.247 - - [17/Jul/2022:14:16:11 +0200] "GET / HTTP/1.0" 200 96862 "-" "Mozilla/5.0 (compatible; AhrefsBot/7.0; +http://ahrefs.com/robot/)"
185.191.171.6 - - [17/Jul/2022:14:16:28 +0200] "GET /window-sticker-plant-pots-p-53152.html HTTP/1.0" 200 75074 "-" "Mozilla/5.0 (compatible; SemrushBot/7~bl; +http://www.semrush.com/bot.html)"
66.249.70.92 - - [17/Jul/2022:14:16:32 +0200] "GET /images/mini_prod/1384201242322.jpg HTTP/1.0" 200 269 "-" "Googlebot-Image/1.0"
185.191.171.35 - - [17/Jul/2022:14:16:48 +0200] "GET /incense-satya-sandalwood-boxes-grams-p-54696.html HTTP/1.0" 200 75583 "-" "Mozilla/5.0 (compatible; SemrushBot/7~bl; +http://www.semrush.com/bot.html)"
185.191.171.40 - - [17/Jul/2022:14:18:03 +0200] "GET /-p-27383.html?action=add_product HTTP/1.0" 302 476 "-" "Mozilla/5.0 (compatible; SemrushBot/7~bl; +http://www.semrush.com/bot.html)"
54.36.148.225 - - [17/Jul/2022:14:18:02 +0200] "GET /mother-dragons-waterball-game-thrones-p-57384.html HTTP/1.0" 200 75800 "-" "Mozilla/5.0 (compatible; AhrefsBot/7.0; +http://ahrefs.com/robot/)"
185.191.171.33 - - [17/Jul/2022:14:18:06 +0200] "GET /kimmidoll-dolls-kazumi-p-49797.html?action=add_product HTTP/1.0" 302 476 "-" "Mozilla/5.0 (compatible; SemrushBot/7~bl; +http://www.semrush.com/bot.html)"
185.191.171.33 - - [17/Jul/2022:14:18:10 +0200] "GET /the-little-prince-card-holder-p-31820.html HTTP/1.0" 301 71556 "-" "Mozilla/5.0 (compatible; SemrushBot/7~bl; +http://www.semrush.com/bot.html)"
185.191.171.14 - - [17/Jul/2022:14:18:13 +0200] "GET /-p-31820.html HTTP/1.0" 200 71489 "-" "Mozilla/5.0 (compatible; SemrushBot/7~bl; +http://www.semrush.com/bot.html)"
54.36.148.193 - - [17/Jul/2022:14:18:14 +0200] "GET /toi-et-moi-bedclothes-220-240-cm-p-41442.html HTTP/1.0" 301 71556 "-" "Mozilla/5.0 (compatible; AhrefsBot/7.0; +http://ahrefs.com/robot/)"
185.191.171.33 - - [17/Jul/2022:14:18:21 +0200] "GET /cushion-cbkreation-p-22444.html HTTP/1.0" 301 71556 "-" "Mozilla/5.0 (compatible; SemrushBot/7~bl; +http://www.semrush.com/bot.html)"
185.191.171.1 - - [17/Jul/2022:14:18:23 +0200] "GET /-p-22444.html HTTP/1.0" 200 71489 "-" "Mozilla/5.0 (compatible; SemrushBot/7~bl; +http://www.semrush.com/bot.html)"
131.107.174.172 - - [17/Jul/2022:14:18:32 +0200] "GET /images/mini_prod/3453131143240.jpg HTTP/1.0" 200 269 "-" "Mozilla/5.0 (X11; Ubuntu; Linux x86_64; rv:72.0) Gecko/20100101 Firefox/72.0"
207.46.13.208 - - [17/Jul/2022:14:18:40 +0200] "GET /clock-p-34234.html HTTP/1.0" 200 74211 "-" "Mozilla/5.0 (compatible; bingbot/2.0; +http://www.bing.com/bingbot.htm)"
207.46.13.146 - - [17/Jul/2022:14:18:59 +0200] "GET /images/med_prod/5415203516114.jpg HTTP/1.0" 200 268 "-" "Mozilla/5.0 (compatible; bingbot/2.0; +http://www.bing.com/bingbot.htm)"
157.55.39.158 - - [17/Jul/2022:14:19:32 +0200] "GET /-p-26607.html HTTP/1.0" 200 71489 "-" "Mozilla/5.0 (compatible; bingbot/2.0; +http://www.bing.com/bingbot.htm)"
216.244.66.242 - - [17/Jul/2022:14:19:34 +0200] "GET /balloon-michelle-allen-teapot-p-43021.html HTTP/1.0" 200 71633 "-" "Mozilla/5.0 (compatible; DotBot/1.2; +https://opensiteexplorer.org/dotbot; help@moz.com)"
207.46.13.23 - - [17/Jul/2022:14:19:44 +0200] "GET /images/big_prod/3503420111112.jpg HTTP/1.0" 200 268 "-" "Mozilla/5.0 (compatible; bingbot/2.0; +http://www.bing.com/bingbot.htm)"
216.244.66.242 - - [17/Jul/2022:14:19:46 +0200] "GET /dragon-ball-photo-frame-p-3649.html HTTP/1.0" 200 71569 "-" "Mozilla/5.0 (compatible; DotBot/1.2; +https://opensiteexplorer.org/dotbot; help@moz.com)"
40.77.167.58 - - [17/Jul/2022:14:19:49 +0200] "GET /images/med_prod/8435306284311.jpg HTTP/1.0" 200 268 "-" "Mozilla/5.0 (compatible; bingbot/2.0; +http://www.bing.com/bingbot.htm)"
216.244.66.242 - - [17/Jul/2022:14:19:56 +0200] "GET /harley-davidson-magnets-p-12541.html HTTP/1.0" 200 74210 "-" "Mozilla/5.0 (compatible; DotBot/1.2; +https://opensiteexplorer.org/dotbot; help@moz.com)"
185.191.171.34 - - [17/Jul/2022:14:19:59 +0200] "GET /removable-cushion-polar-fleece-p-57906.html?action=add_product HTTP/1.0" 302 476 "-" "Mozilla/5.0 (compatible; SemrushBot/7~bl; +http://www.semrush.com/bot.html)"
54.36.149.29 - - [17/Jul/2022:14:20:00 +0200] "GET /eeyore-melancholy-bloom-glitter-globe-collection-p-20276.html HTTP/1.0" 200 75982 "-" "Mozilla/5.0 (compatible; AhrefsBot/7.0; +http://ahrefs.com/robot/)"
185.191.171.45 - - [17/Jul/2022:14:20:01 +0200] "GET /decorative-magnifying-glass-brass-glass-wood-p-57340.html HTTP/1.0" 200 74382 "-" "Mozilla/5.0 (compatible; SemrushBot/7~bl; +http://www.semrush.com/bot.html)"
216.244.66.242 - - [17/Jul/2022:14:20:06 +0200] "GET /himalayan-mood-saltlamp-white-leds-p-44960.html HTTP/1.0" 200 76811 "-" "Mozilla/5.0 (compatible; DotBot/1.2; +https://opensiteexplorer.org/dotbot; help@moz.com)"
207.46.13.146 - - [17/Jul/2022:14:20:10 +0200] "GET /horses-keyring-p-33561.html HTTP/1.0" 200 75302 "-" "Mozilla/5.0 (compatible; bingbot/2.0; +http://www.bing.com/bingbot.htm)"
185.191.171.15 - - [17/Jul/2022:14:20:10 +0200] "GET /quebec-cookware-cbkreation-p-29711.html HTTP/1.0" 200 74161 "-" "Mozilla/5.0 (compatible; SemrushBot/7~bl; +http://www.semrush.com/bot.html)"
216.244.66.242 - - [17/Jul/2022:14:20:14 +0200] "GET /home-and-decoration/dishes-c-13_12.html HTTP/1.0" 301 92591 "-" "Mozilla/5.0 (compatible; DotBot/1.2; +https://opensiteexplorer.org/dotbot; help@moz.com)"
185.191.171.45 - - [17/Jul/2022:14:20:16 +0200] "GET /christmas-mickey-mouse-statement-figurine-p-56310.html?action=add_product HTTP/1.0" 302 476 "-" "Mozilla/5.0 (compatible; SemrushBot/7~bl; +http://www.semrush.com/bot.html)"
216.244.66.242 - - [17/Jul/2022:14:20:22 +0200] "GET /mickael-want-back-shirt-p-29537.html HTTP/1.0" 200 75582 "-" "Mozilla/5.0 (compatible; DotBot/1.2; +https://opensiteexplorer.org/dotbot; help@moz.com)"
157.55.39.158 - - [17/Jul/2022:14:20:23 +0200] "GET /lady-mount-carmel-prayer-candle-novena-p-51642.html HTTP/1.0" 200 75036 "-" "Mozilla/5.0 (compatible; bingbot/2.0; +http://www.bing.com/bingbot.htm)"
147.92.153.5 - - [17/Jul/2022:14:20:28 +0200] "GET /pucca-tights-p-34658.html HTTP/1.0" 200 75185 "-" "Mozilla/5.0 (compatible; Linespider/1.1; +https://lin.ee/4dwXkTH)"
147.92.153.4 - - [17/Jul/2022:14:20:31 +0200] "GET /swfobject.js HTTP/1.0" 404 1308 "http://www.wonder-geek.com/pucca-tights-p-34658.html" "Mozilla/5.0 AppleWebKit/537.36 (KHTML, like Gecko; compatible; Yeti/1.1; +http://naver.me/spd) Chrome/101.0.4951.0 Safari/537.36"
216.244.66.242 - - [17/Jul/2022:14:20:29 +0200] "GET /stationery-and-cardmaking/cardmaking-c-129_128.html HTTP/1.0" 301 93007 "-" "Mozilla/5.0 (compatible; DotBot/1.2; +https://opensiteexplorer.org/dotbot; help@moz.com)"
40.77.167.58 - - [17/Jul/2022:14:20:39 +0200] "GET /harley-davidson-willie-skull-lighter-p-45310.html HTTP/1.0" 200 75289 "-" "Mozilla/5.0 (compatible; bingbot/2.0; +http://www.bing.com/bingbot.htm)"
216.244.66.242 - - [17/Jul/2022:14:20:44 +0200] "GET /weapon-mtal-keyring-five-seven-p-31989.html HTTP/1.0" 200 74233 "-" "Mozilla/5.0 (compatible; DotBot/1.2; +https://opensiteexplorer.org/dotbot; help@moz.com)"
185.191.171.36 - - [17/Jul/2022:14:20:55 +0200] "GET /dishes-c-13_12.html?page=108 HTTP/1.0" 200 93468 "-" "Mozilla/5.0 (compatible; SemrushBot/7~bl; +http://www.semrush.com/bot.html)"
185.191.171.9 - - [17/Jul/2022:14:21:28 +0200] "GET /jake-and-the-never-land-pirates-toddler-flatware-set-p-27545.html HTTP/1.0" 301 74424 "-" "Mozilla/5.0 (compatible; SemrushBot/7~bl; +http://www.semrush.com/bot.html)"
157.55.39.158 - - [17/Jul/2022:14:21:33 +0200] "GET /luggages-schoolbags-leather-shop/bagshandbags-shoulder-bags/hello-kitty-camomilla-dotty-shopper-bag-p-21631.html HTTP/1.0" 301 735 "-" "Mozilla/5.0 (compatible; bingbot/2.0; +http://www.bing.com/bingbot.htm)"
185.191.171.1 - - [17/Jul/2022:14:21:32 +0200] "GET /jake-never-land-pirates-toddler-flatware-p-27545.html HTTP/1.0" 200 74317 "-" "Mozilla/5.0 (compatible; SemrushBot/7~bl; +http://www.semrush.com/bot.html)"
185.191.171.39 - - [17/Jul/2022:14:21:35 +0200] "GET /magnet-copine-trop-gniale-p-57081.html HTTP/1.0" 200 74782 "-" "Mozilla/5.0 (compatible; SemrushBot/7~bl; +http://www.semrush.com/bot.html)"
207.46.13.208 - - [17/Jul/2022:14:21:39 +0200] "GET /zebral-ground-sheet-p-39033.html HTTP/1.0" 200 75107 "-" "Mozilla/5.0 (compatible; bingbot/2.0; +http://www.bing.com/bingbot.htm)"
185.191.171.39 - - [17/Jul/2022:14:21:40 +0200] "GET /zinc-look-metal-flowerpot-cover-pumpkin-beige-p-55463.html?action=add_product HTTP/1.0" 302 476 "-" "Mozilla/5.0 (compatible; SemrushBot/7~bl; +http://www.semrush.com/bot.html)"
54.36.148.186 - - [17/Jul/2022:14:21:56 +0200] "GET /pusheen-waterdazzler-globe-p-41962.html HTTP/1.0" 200 75362 "-" "Mozilla/5.0 (compatible; AhrefsBot/7.0; +http://ahrefs.com/robot/)"
185.191.171.5 - - [17/Jul/2022:14:21:57 +0200] "GET /cement-tile-coasters-p-56005.html HTTP/1.0" 200 74171 "-" "Mozilla/5.0 (compatible; SemrushBot/7~bl; +http://www.semrush.com/bot.html)"
216.244.66.242 - - [17/Jul/2022:14:22:07 +0200] "GET /corsica-espresso-p-57146.html HTTP/1.0" 200 74712 "-" "Mozilla/5.0 (compatible; DotBot/1.2; +https://opensiteexplorer.org/dotbot; help@moz.com)"
216.244.66.242 - - [17/Jul/2022:14:22:18 +0200] "GET /nightlight-shaped-swan-p-51770.html HTTP/1.0" 200 74797 "-" "Mozilla/5.0 (compatible; DotBot/1.2; +https://opensiteexplorer.org/dotbot; help@moz.com)"
185.191.171.39 - - [17/Jul/2022:14:22:25 +0200] "GET /decorative-wooden-plate-bonheur-p-51583.html HTTP/1.0" 200 74293 "-" "Mozilla/5.0 (compatible; SemrushBot/7~bl; +http://www.semrush.com/bot.html)"
207.46.13.146 - - [17/Jul/2022:14:22:29 +0200] "GET /images/mini_prod/8422011475240.jpg HTTP/1.0" 200 269 "-" "Mozilla/5.0 (compatible; bingbot/2.0; +http://www.bing.com/bingbot.htm)"
207.46.13.146 - - [17/Jul/2022:14:22:49 +0200] "GET /images/big_prod_1/b3609810072039.jpg HTTP/1.0" 200 271 "-" "Mozilla/5.0 (compatible; bingbot/2.0; +http://www.bing.com/bingbot.htm)"
207.46.13.146 - - [17/Jul/2022:14:22:59 +0200] "GET /images/J1399984256619.JPG HTTP/1.0" 200 260 "-" "Mozilla/5.0 (compatible; bingbot/2.0; +http://www.bing.com/bingbot.htm)"
207.46.13.208 - - [17/Jul/2022:14:23:19 +0200] "GET /images/mini_prod/00carlin.jpg HTTP/1.0" 200 264 "-" "Mozilla/5.0 (compatible; bingbot/2.0; +http://www.bing.com/bingbot.htm)"
193.70.64.139 - - [17/Jul/2022:14:23:33 +0200] "GET /admin/fckeditor/editor/filemanager/connectors/test.html HTTP/1.0" 404 1308 "http://www.wonder-geek.com/admin/fckeditor/editor/filemanager/connectors/test.html" "Mozilla/4.0 (compatible; MSIE 6.0; Windows 98; Win 9x 4.90)"
193.70.64.139 - - [17/Jul/2022:14:23:33 +0200] "GET /admin/fckeditor/editor/filemanager/connectors/test.html HTTP/1.0" 404 1308 "-" "start.exe"
193.70.64.139 - - [17/Jul/2022:14:23:33 +0200] "GET /admin/fckeditor/editor/filemanager/connectors/test.html HTTP/1.0" 301 621 "http://wonder-geek.com/admin/fckeditor/editor/filemanager/connectors/test.html" "Mozilla/4.0 (compatible; MSIE 6.0; Windows 98; Win 9x 4.90)"
193.70.64.139 - - [17/Jul/2022:14:23:34 +0200] "GET /admin/fckeditor/editor/filemanager/connectors/test.htmlindex.php HTTP/1.0" 404 1308 "http://www.wonder-geek.com/admin/fckeditor/editor/filemanager/connectors/test.htmlindex.php" "Mozilla/4.0 (compatible; MSIE 6.0; Windows 98; Win 9x 4.90)"
193.70.64.139 - - [17/Jul/2022:14:23:34 +0200] "GET /admin/fckeditor/editor/filemanager/connectors/test.html HTTP/1.0" 404 1308 "http://www.wonder-geek.com/admin/fckeditor/editor/filemanager/connectors/test.html" "Mozilla/4.0 (compatible; MSIE 6.0; Windows 98; Win 9x 4.90)"
185.191.171.34 - - [17/Jul/2022:14:23:35 +0200] "GET /soap-dish-paris-parfum-p-37461.html?action=add_product HTTP/1.0" 302 476 "-" "Mozilla/5.0 (compatible; SemrushBot/7~bl; +http://www.semrush.com/bot.html)"
157.55.39.158 - - [17/Jul/2022:14:23:43 +0200] "GET /klimt-eyeglass-case-p-51200.html HTTP/1.0" 200 74114 "-" "Mozilla/5.0 (compatible; bingbot/2.0; +http://www.bing.com/bingbot.htm)"
54.36.149.76 - - [17/Jul/2022:14:23:51 +0200] "GET /sophie-girafe-musical-luminous-snow-globe-night-light-p-56596.html HTTP/1.0" 200 75163 "-" "Mozilla/5.0 (compatible; AhrefsBot/7.0; +http://ahrefs.com/robot/)"
207.46.13.169 - - [17/Jul/2022:14:23:53 +0200] "GET /-p-38825.html HTTP/1.0" 200 71489 "-" "Mozilla/5.0 (compatible; bingbot/2.0; +http://www.bing.com/bingbot.htm)"
207.46.13.23 - - [17/Jul/2022:14:23:55 +0200] "GET /games-and-toys/toys/maisy-game-skittles-p-19434.html HTTP/1.0" 301 615 "-" "Mozilla/5.0 (compatible; bingbot/2.0; +http://www.bing.com/bingbot.htm)"
40.77.167.58 - - [17/Jul/2022:14:24:09 +0200] "GET /images/big_prod/9316188077521.jpg HTTP/1.0" 200 268 "-" "Mozilla/5.0 (compatible; bingbot/2.0; +http://www.bing.com/bingbot.htm)"
207.46.13.23 - - [17/Jul/2022:14:24:24 +0200] "GET /images/6942138919509.jpg HTTP/1.0" 200 259 "-" "Mozilla/5.0 (compatible; bingbot/2.0; +http://www.bing.com/bingbot.htm)"
185.191.171.36 - - [17/Jul/2022:14:24:23 +0200] "GET /emoticon-cushion-30-cm-emoji-p-42817.html HTTP/1.0" 301 71672 "-" "Mozilla/5.0 (compatible; SemrushBot/7~bl; +http://www.semrush.com/bot.html)"
185.191.171.2 - - [17/Jul/2022:14:24:26 +0200] "GET /emoticon-cushion-emoji-p-42817.html HTTP/1.0" 200 71583 "-" "Mozilla/5.0 (compatible; SemrushBot/7~bl; +http://www.semrush.com/bot.html)"
207.46.13.208 - - [17/Jul/2022:14:24:50 +0200] "GET /images/parme3384370102340.jpg HTTP/1.0" 200 264 "-" "Mozilla/5.0 (compatible; bingbot/2.0; +http://www.bing.com/bingbot.htm)"
185.191.171.10 - - [17/Jul/2022:14:24:54 +0200] "GET /harley-davidson-logo-zippo-lighter-p-32556.html?action=add_product HTTP/1.0" 302 476 "-" "Mozilla/5.0 (compatible; SemrushBot/7~bl; +http://www.semrush.com/bot.html)"
185.191.171.37 - - [17/Jul/2022:14:25:28 +0200] "GET /metal-cylindrical-p-47672.html HTTP/1.0" 200 71563 "-" "Mozilla/5.0 (compatible; SemrushBot/7~bl; +http://www.semrush.com/bot.html)"
40.77.167.58 - - [17/Jul/2022:14:25:30 +0200] "GET /indian-the-roadking-metal-plate-20-15-cm-p-37180.html HTTP/1.0" 301 74433 "-" "Mozilla/5.0 (compatible; bingbot/2.0; +http://www.bing.com/bingbot.htm)"
185.191.171.14 - - [17/Jul/2022:14:25:33 +0200] "GET /cats-by-dubout-photo-frame-the-third-eye-p-38861.html HTTP/1.0" 301 75397 "-" "Mozilla/5.0 (compatible; SemrushBot/7~bl; +http://www.semrush.com/bot.html)"
207.46.13.23 - - [17/Jul/2022:14:25:36 +0200] "GET /-p-10523.html HTTP/1.0" 200 71489 "-" "Mozilla/5.0 (compatible; bingbot/2.0; +http://www.bing.com/bingbot.htm)"
185.191.171.37 - - [17/Jul/2022:14:25:36 +0200] "GET /cats-dubout-photo-frame-third-p-38861.html HTTP/1.0" 200 75301 "-" "Mozilla/5.0 (compatible; SemrushBot/7~bl; +http://www.semrush.com/bot.html)"
207.46.13.146 - - [17/Jul/2022:14:25:40 +0200] "GET /grumpy-figure-collection-by-romero-britto-p-53508.html HTTP/1.0" 301 75453 "-" "Mozilla/5.0 (compatible; bingbot/2.0; +http://www.bing.com/bingbot.htm)"
185.191.171.5 - - [17/Jul/2022:14:25:41 +0200] "GET /porcelain-with-infuser-cement-tiles-p-58105.html?action=add_product HTTP/1.0" 302 476 "-" "Mozilla/5.0 (compatible; SemrushBot/7~bl; +http://www.semrush.com/bot.html)"
207.46.13.146 - - [17/Jul/2022:14:25:49 +0200] "GET /images/3661443611238.jpg HTTP/1.0" 200 259 "-" "Mozilla/5.0 (compatible; bingbot/2.0; +http://www.bing.com/bingbot.htm)"
54.36.149.87 - - [17/Jul/2022:14:25:52 +0200] "GET /disney-maleficent-glitter-ball-p-53253.html HTTP/1.0" 200 74916 "-" "Mozilla/5.0 (compatible; AhrefsBot/7.0; +http://ahrefs.com/robot/)"
157.55.39.158 - - [17/Jul/2022:14:26:03 +0200] "GET /nerf-darts-refill-elite-p-20346.html HTTP/1.0" 200 74024 "-" "Mozilla/5.0 (compatible; bingbot/2.0; +http://www.bing.com/bingbot.htm)"
185.191.171.2 - - [17/Jul/2022:14:26:10 +0200] "GET /votive-candle-hours-citrus-crush-p-33127.html?action=add_product HTTP/1.0" 302 476 "-" "Mozilla/5.0 (compatible; SemrushBot/7~bl; +http://www.semrush.com/bot.html)"
185.191.171.42 - - [17/Jul/2022:14:26:39 +0200] "GET /little-toiletry-p-43403.html?action=add_product HTTP/1.0" 302 476 "-" "Mozilla/5.0 (compatible; SemrushBot/7~bl; +http://www.semrush.com/bot.html)"
207.46.13.146 - - [17/Jul/2022:14:26:50 +0200] "GET /betty-boop-and-her-dog-figure-collection-p-28452.html HTTP/1.0" 301 617 "-" "Mozilla/5.0 (compatible; bingbot/2.0; +http://www.bing.com/bingbot.htm)"
157.55.39.158 - - [17/Jul/2022:14:26:53 +0200] "GET /stone-carnelian-grams-p-46574.html HTTP/1.0" 200 75633 "-" "Mozilla/5.0 (compatible; bingbot/2.0; +http://www.bing.com/bingbot.htm)"
207.46.13.169 - - [17/Jul/2022:14:27:02 +0200] "GET /images/big_prod/1384010192092.jpg HTTP/1.0" 200 268 "-" "Mozilla/5.0 (compatible; bingbot/2.0; +http://www.bing.com/bingbot.htm)"
207.46.13.146 - - [17/Jul/2022:14:27:00 +0200] "GET /decorative-wooden-plate-chien-mechant-red-herms-p-47803.html HTTP/1.0" 301 74660 "-" "Mozilla/5.0 (compatible; bingbot/2.0; +http://www.bing.com/bingbot.htm)"
207.46.13.23 - - [17/Jul/2022:14:27:05 +0200] "GET /images/1399984258774.jpg HTTP/1.0" 200 259 "-" "Mozilla/5.0 (compatible; bingbot/2.0; +http://www.bing.com/bingbot.htm)"
185.191.171.5 - - [17/Jul/2022:14:27:10 +0200] "GET /cats-shower-curtain-p-57891.html HTTP/1.0" 200 74823 "-" "Mozilla/5.0 (compatible; SemrushBot/7~bl; +http://www.semrush.com/bot.html)"
157.55.39.158 - - [17/Jul/2022:14:27:13 +0200] "GET /decorations/mirror/elvis-presley-mirror-p-18040.html HTTP/1.0" 301 615 "-" "Mozilla/5.0 (compatible; bingbot/2.0; +http://www.bing.com/bingbot.htm)"
185.191.171.7 - - [17/Jul/2022:14:27:13 +0200] "GET /caramel-butterfly-p-48799.html?action=add_product HTTP/1.0" 302 476 "-" "Mozilla/5.0 (compatible; SemrushBot/7~bl; +http://www.semrush.com/bot.html)"
185.191.171.11 - - [17/Jul/2022:14:27:44 +0200] "GET /porcelain-owls-kiub-p-57954.html?action=add_product HTTP/1.0" 302 476 "-" "Mozilla/5.0 (compatible; SemrushBot/7~bl; +http://www.semrush.com/bot.html)"
185.191.171.36 - - [17/Jul/2022:14:27:52 +0200] "GET /bohochic-bedclothes-220-240-cm-p-52937.html HTTP/1.0" 301 71556 "-" "Mozilla/5.0 (compatible; SemrushBot/7~bl; +http://www.semrush.com/bot.html)"
54.36.148.197 - - [17/Jul/2022:14:27:54 +0200] "GET /disney-mickey-fantasia-glitter-ball-p-53251.html HTTP/1.0" 200 74944 "-" "Mozilla/5.0 (compatible; AhrefsBot/7.0; +http://ahrefs.com/robot/)"
185.191.171.23 - - [17/Jul/2022:14:27:55 +0200] "GET /-p-52937.html HTTP/1.0" 200 71489 "-" "Mozilla/5.0 (compatible; SemrushBot/7~bl; +http://www.semrush.com/bot.html)"
185.191.171.20 - - [17/Jul/2022:14:27:59 +0200] "GET /deutsche-mark-money-cbkreation-p-24143.html HTTP/1.0" 200 74225 "-" "Mozilla/5.0 (compatible; SemrushBot/7~bl; +http://www.semrush.com/bot.html)"
185.191.171.7 - - [17/Jul/2022:14:28:23 +0200] "GET /monkey-statue-resin-do-not-see-anything-p-44246.html HTTP/1.0" 301 71712 "-" "Mozilla/5.0 (compatible; SemrushBot/7~bl; +http://www.semrush.com/bot.html)"
185.191.171.36 - - [17/Jul/2022:14:28:26 +0200] "GET /monkey-statue-resin-anything-p-44246.html HTTP/1.0" 200 71617 "-" "Mozilla/5.0 (compatible; SemrushBot/7~bl; +http://www.semrush.com/bot.html)"
185.191.171.25 - - [17/Jul/2022:14:28:31 +0200] "GET /small-piggy-bank-white-p-55213.html HTTP/1.0" 200 74762 "-" "Mozilla/5.0 (compatible; SemrushBot/7~bl; +http://www.semrush.com/bot.html)"
185.191.171.3 - - [17/Jul/2022:14:28:37 +0200] "GET /small-tins-gorjuss-sugar-spice-p-48406.html?action=add_product HTTP/1.0" 302 476 "-" "Mozilla/5.0 (compatible; SemrushBot/7~bl; +http://www.semrush.com/bot.html)"
185.191.171.22 - - [17/Jul/2022:14:29:02 +0200] "GET /-p-39609.html?action=add_product HTTP/1.0" 302 476 "-" "Mozilla/5.0 (compatible; SemrushBot/7~bl; +http://www.semrush.com/bot.html)"
66.249.70.92 - - [17/Jul/2022:14:29:11 +0200] "GET /keyboard-cube-p-27590.html HTTP/1.0" 200 74048 "-" "Mozilla/5.0 (Linux; Android 6.0.1; Nexus 5X Build/MMB29P) AppleWebKit/537.36 (KHTML, like Gecko) Chrome/103.0.5060.114 Mobile Safari/537.36 (compatible; Googlebot/2.1; +http://www.google.com/bot.html)"
195.110.77.193 - - [17/Jul/2022:14:29:21 +0200] "GET /images/mini_prod/B3609080364223.jpg HTTP/1.0" 200 270 "-" "Mozilla/5.0 (X11; Ubuntu; Linux x86_64; rv:72.0) Gecko/20100101 Firefox/72.0"
207.46.13.146 - - [17/Jul/2022:14:29:40 +0200] "GET /images/110908_065947_PEEL_GWSzgf.jpg HTTP/1.0" 200 271 "-" "Mozilla/5.0 (compatible; bingbot/2.0; +http://www.bing.com/bingbot.htm)"
185.191.171.33 - - [17/Jul/2022:14:29:47 +0200] "GET /hello-kitty-cap-52-cm-p-22248.html HTTP/1.0" 301 71556 "-" "Mozilla/5.0 (compatible; SemrushBot/7~bl; +http://www.semrush.com/bot.html)"
185.191.171.11 - - [17/Jul/2022:14:29:52 +0200] "GET /-p-22248.html HTTP/1.0" 200 71489 "-" "Mozilla/5.0 (compatible; SemrushBot/7~bl; +http://www.semrush.com/bot.html)"
185.191.171.26 - - [17/Jul/2022:14:29:55 +0200] "GET /porcelain-monkey-lamp-21-cm-p-52285.html HTTP/1.0" 301 71556 "-" "Mozilla/5.0 (compatible; SemrushBot/7~bl; +http://www.semrush.com/bot.html)"
185.191.171.36 - - [17/Jul/2022:14:29:58 +0200] "GET /-p-52285.html HTTP/1.0" 200 71489 "-" "Mozilla/5.0 (compatible; SemrushBot/7~bl; +http://www.semrush.com/bot.html)"
185.191.171.23 - - [17/Jul/2022:14:30:01 +0200] "GET /grenade-clock-cbkreation-p-36919.html?action=add_product HTTP/1.0" 302 476 "-" "Mozilla/5.0 (compatible; SemrushBot/7~bl; +http://www.semrush.com/bot.html)"
185.191.171.7 - - [17/Jul/2022:14:30:03 +0200] "GET /ceramic-bowl-in-relief-formidable-la-nana-p-45504.html HTTP/1.0" 301 71556 "-" "Mozilla/5.0 (compatible; SemrushBot/7~bl; +http://www.semrush.com/bot.html)"
35.194.179.26 - - [17/Jul/2022:14:30:06 +0200] "GET /images/mini_prod/3760116310338.jpg HTTP/1.0" 200 269 "-" "Mozilla/5.0 (X11; Ubuntu; Linux x86_64; rv:72.0) Gecko/20100101 Firefox/72.0"
185.191.171.12 - - [17/Jul/2022:14:30:07 +0200] "GET /-p-45504.html HTTP/1.0" 200 71489 "-" "Mozilla/5.0 (compatible; SemrushBot/7~bl; +http://www.semrush.com/bot.html)"
157.55.39.158 - - [17/Jul/2022:14:30:14 +0200] "GET /camargue-clothespins-p-43909.html HTTP/1.0" 200 74072 "-" "Mozilla/5.0 (compatible; bingbot/2.0; +http://www.bing.com/bingbot.htm)"
54.36.148.160 - - [17/Jul/2022:14:30:17 +0200] "GET /splendid-skaters-victorian-mickey-minnie-mouse-waterbal-p-56581.html HTTP/1.0" 200 75956 "-" "Mozilla/5.0 (compatible; AhrefsBot/7.0; +http://ahrefs.com/robot/)"
51.68.224.127 - - [17/Jul/2022:14:30:51 +0200] "GET /adminweb/export_orders_xml.php?token=256de2z6edz6ed2z6DFSFsed2zed6zeDSFDSGdzedezfzf&maxorders=10&orderstart=1&status=14&start_date=2018-10-01 HTTP/1.0" 200 285 "-" "GesCom CharlotteBoutik Serveur"
51.68.224.127 - - [17/Jul/2022:14:30:52 +0200] "GET /adminweb/export_orders_xml.php?token=256de2z6edz6ed2z6DFSFsed2zed6zeDSFDSGdzedezfzf&maxorders=10&orderstart=1&status=6&start_date=2018-10-01 HTTP/1.0" 200 31081 "-" "GesCom CharlotteBoutik Serveur"
185.191.171.16 - - [17/Jul/2022:14:30:58 +0200] "GET /kimmidoll-dolls-honoka-p-49796.html?action=add_product HTTP/1.0" 302 476 "-" "Mozilla/5.0 (compatible; SemrushBot/7~bl; +http://www.semrush.com/bot.html)"
35.194.179.26 - - [17/Jul/2022:14:31:16 +0200] "GET /images/mini_prod/5036278058585.jpg HTTP/1.0" 200 269 "-" "Mozilla/5.0 (X11; Ubuntu; Linux x86_64; rv:72.0) Gecko/20100101 Firefox/72.0"
185.191.171.23 - - [17/Jul/2022:14:31:16 +0200] "GET /harley-davidson-lighter-p-37649.html?action=add_product HTTP/1.0" 302 476 "-" "Mozilla/5.0 (compatible; SemrushBot/7~bl; +http://www.semrush.com/bot.html)"
131.107.174.172 - - [17/Jul/2022:14:31:43 +0200] "GET /images/big_prod_1/b3660173196275.jpg HTTP/1.0" 200 271 "-" "Mozilla/5.0 (X11; Ubuntu; Linux x86_64; rv:72.0) Gecko/20100101 Firefox/72.0"
157.55.39.158 - - [17/Jul/2022:14:31:43 +0200] "GET /-p-27833.html HTTP/1.0" 200 71489 "-" "Mozilla/5.0 (compatible; bingbot/2.0; +http://www.bing.com/bingbot.htm)"
66.249.70.64 - - [17/Jul/2022:14:31:58 +0200] "GET /disney-princess-jewelry-p-37038.html HTTP/1.0" 200 75041 "-" "Mozilla/5.0 (Linux; Android 6.0.1; Nexus 5X Build/MMB29P) AppleWebKit/537.36 (KHTML, like Gecko) Chrome/103.0.5060.114 Mobile Safari/537.36 (compatible; Googlebot/2.1; +http://www.google.com/bot.html)"
131.107.174.172 - - [17/Jul/2022:14:32:11 +0200] "GET /images/mini_prod/POLAROID_COUSSIN-45-07.jpg HTTP/1.0" 200 278 "-" "Mozilla/5.0 (X11; Ubuntu; Linux x86_64; rv:72.0) Gecko/20100101 Firefox/72.0"
207.46.13.169 - - [17/Jul/2022:14:32:13 +0200] "GET /paris-gift-set-p-29571.html HTTP/1.0" 301 71556 "-" "Mozilla/5.0 (compatible; bingbot/2.0; +http://www.bing.com/bingbot.htm)"
54.36.148.20 - - [17/Jul/2022:14:32:22 +0200] "GET /cement-tile-coasters-p-55999.html HTTP/1.0" 200 74171 "-" "Mozilla/5.0 (compatible; AhrefsBot/7.0; +http://ahrefs.com/robot/)"
40.77.167.58 - - [17/Jul/2022:14:32:51 +0200] "GET /jake-never-land-pirates-toddler-flatware-p-27545.html HTTP/1.0" 200 74317 "-" "Mozilla/5.0 (compatible; bingbot/2.0; +http://www.bing.com/bingbot.htm)"
114.119.137.45 - - [17/Jul/2022:14:32:56 +0200] "GET /renault-magnets-p-40278.html HTTP/1.0" 200 74164 "http://www.wonder-geek.com/magnets-c-13_134.html?page=6" "Mozilla/5.0 (Linux; Android 7.0;) AppleWebKit/537.36 (KHTML, like Gecko) Mobile Safari/537.36 (compatible; PetalBot;+https://webmaster.petalsearch.com/site/petalbot)"
54.36.148.147 - - [17/Jul/2022:14:32:57 +0200] "GET /figurine-power-rangers-dino-charge-ranger-green-30-cm-p-35289.html HTTP/1.0" 301 71556 "-" "Mozilla/5.0 (compatible; AhrefsBot/7.0; +http://ahrefs.com/robot/)"
185.191.171.6 - - [17/Jul/2022:14:32:58 +0200] "GET /quote-wall-stickers-p-42991.html HTTP/1.0" 200 74792 "-" "Mozilla/5.0 (compatible; SemrushBot/7~bl; +http://www.semrush.com/bot.html)"
185.130.44.108 - - [17/Jul/2022:14:33:08 +0200] "GET /contact_us.php HTTP/1.0" 200 26238 "http://www.wonder-geek.com/contact_us.php" "Mozilla/5.0 (Windows NT 10.0; Win64; x64) AppleWebKit/537.36 (KHTML, like Gecko) Chrome/90.0.4430.85 Safari/537.36 Edg/90.0.818.46"
185.130.44.108 - - [17/Jul/2022:14:33:09 +0200] "POST /contact_us.php?action=send HTTP/1.0" 200 26674 "http://www.wonder-geek.com/contact_us.php" "Mozilla/5.0 (Windows NT 10.0; Win64; x64) AppleWebKit/537.36 (KHTML, like Gecko) Chrome/90.0.4430.85 Safari/537.36 Edg/90.0.818.46"
185.130.44.108 - - [17/Jul/2022:14:33:10 +0200] "GET /contact_us.php HTTP/1.0" 200 26238 "http://www.wonder-geek.com/contact_us.php" "Mozilla/5.0 (Windows NT 10.0; Win64; x64) AppleWebKit/537.36 (KHTML, like Gecko) Chrome/90.0.4430.85 Safari/537.36 Edg/90.0.818.46"
185.191.171.23 - - [17/Jul/2022:14:33:24 +0200] "GET /-p-37333.html?action=add_product HTTP/1.0" 302 476 "-" "Mozilla/5.0 (compatible; SemrushBot/7~bl; +http://www.semrush.com/bot.html)"
185.191.171.23 - - [17/Jul/2022:14:33:33 +0200] "GET /round-pillow-macaron-p-50733.html HTTP/1.0" 301 71556 "-" "Mozilla/5.0 (compatible; SemrushBot/7~bl; +http://www.semrush.com/bot.html)"
185.191.171.34 - - [17/Jul/2022:14:33:37 +0200] "GET /-p-50733.html HTTP/1.0" 200 71489 "-" "Mozilla/5.0 (compatible; SemrushBot/7~bl; +http://www.semrush.com/bot.html)"
185.191.171.26 - - [17/Jul/2022:14:33:53 +0200] "GET /praying-hands-figurine-albrecht-drer-p-53591.html?action=add_product HTTP/1.0" 302 476 "-" "Mozilla/5.0 (compatible; SemrushBot/7~bl; +http://www.semrush.com/bot.html)"
114.119.133.245 - - [17/Jul/2022:14:34:31 +0200] "GET /chili-clock-by-cbkreation-p-36834.html HTTP/1.0" 301 74216 "http://www.wonder-geek.com/clocks-c-13_67.html?page=6" "Mozilla/5.0 (Linux; Android 7.0;) AppleWebKit/537.36 (KHTML, like Gecko) Mobile Safari/537.36 (compatible; PetalBot;+https://webmaster.petalsearch.com/site/petalbot)"
54.36.148.200 - - [17/Jul/2022:14:34:38 +0200] "GET /car-paris-small-snow-globe-p-39571.html HTTP/1.0" 301 74287 "-" "Mozilla/5.0 (compatible; AhrefsBot/7.0; +http://ahrefs.com/robot/)"
54.36.148.83 - - [17/Jul/2022:14:34:41 +0200] "GET /cushion-cover-anthracite-p-50049.html HTTP/1.0" 200 74927 "-" "Mozilla/5.0 (compatible; AhrefsBot/7.0; +http://ahrefs.com/robot/)"
54.36.149.90 - - [17/Jul/2022:14:34:43 +0200] "GET /images/big_prod/b3014627833153.jpg HTTP/1.0" 200 269 "-" "Mozilla/5.0 (compatible; AhrefsBot/7.0; +http://ahrefs.com/robot/)"
54.36.149.9 - - [17/Jul/2022:14:34:43 +0200] "GET /chair-cushion-reversible-turquoise-and-lin-38-cm-p-37250.html HTTP/1.0" 301 71556 "-" "Mozilla/5.0 (compatible; AhrefsBot/7.0; +http://ahrefs.com/robot/)"
114.119.133.245 - - [17/Jul/2022:14:34:44 +0200] "GET /chili-clock-cbkreation-p-36834.html HTTP/1.0" 200 74127 "http://www.wonder-geek.com/clocks-c-13_67.html?page=6" "Mozilla/5.0 (Linux; Android 7.0;) AppleWebKit/537.36 (KHTML, like Gecko) Mobile Safari/537.36 (compatible; PetalBot;+https://webmaster.petalsearch.com/site/petalbot)"
185.191.171.9 - - [17/Jul/2022:14:34:58 +0200] "GET /gift-infuser-mandala-purple-p-46304.html?action=add_product HTTP/1.0" 302 476 "-" "Mozilla/5.0 (compatible; SemrushBot/7~bl; +http://www.semrush.com/bot.html)"
157.55.39.158 - - [17/Jul/2022:14:35:14 +0200] "GET /images/30792.jpg HTTP/1.0" 200 251 "-" "Mozilla/5.0 (compatible; bingbot/2.0; +http://www.bing.com/bingbot.htm)"
185.191.171.40 - - [17/Jul/2022:14:35:52 +0200] "GET /porcelain-bowl-watermelon-p-54460.html?action=add_product HTTP/1.0" 302 476 "-" "Mozilla/5.0 (compatible; SemrushBot/7~bl; +http://www.semrush.com/bot.html)"
185.191.171.11 - - [17/Jul/2022:14:36:12 +0200] "GET /jakarta-dark-blue-carpet-p-48423.html HTTP/1.0" 200 74984 "-" "Mozilla/5.0 (compatible; SemrushBot/7~bl; +http://www.semrush.com/bot.html)"
185.191.171.23 - - [17/Jul/2022:14:36:27 +0200] "GET /le-gendarme-de-saint-tropez-metal-plate-deco-21-15-cm-p-47183.html HTTP/1.0" 301 74509 "-" "Mozilla/5.0 (compatible; SemrushBot/7~bl; +http://www.semrush.com/bot.html)"
185.191.171.12 - - [17/Jul/2022:14:36:34 +0200] "GET /gendarme-saint-tropez-metal-plate-deco-p-47183.html HTTP/1.0" 200 74404 "-" "Mozilla/5.0 (compatible; SemrushBot/7~bl; +http://www.semrush.com/bot.html)"
207.46.13.23 - - [17/Jul/2022:14:36:47 +0200] "GET /grey-lampshade-p-53666.html HTTP/1.0" 200 74156 "-" "Mozilla/5.0 (compatible; bingbot/2.0; +http://www.bing.com/bingbot.htm)"
54.36.149.73 - - [17/Jul/2022:14:36:49 +0200] "GET /rectangular-indoor-carpet-p-53796.html HTTP/1.0" 200 74975 "-" "Mozilla/5.0 (compatible; AhrefsBot/7.0; +http://ahrefs.com/robot/)"
185.191.171.12 - - [17/Jul/2022:14:37:23 +0200] "GET /yggdrasil-wooden-dish-p-44258.html?action=add_product HTTP/1.0" 302 476 "-" "Mozilla/5.0 (compatible; SemrushBot/7~bl; +http://www.semrush.com/bot.html)"
95.182.123.30 - - [17/Jul/2022:14:37:30 +0200] "GET /contact_us.php HTTP/1.0" 200 26238 "-" "Mozilla/5.0 (Macintosh; Intel Mac OS X 10_13_4) AppleWebKit/537.36 (KHTML, like Gecko) Chrome/59.0.3071.115 Safari/537.36,gzip(gfe)"
95.182.123.30 - - [17/Jul/2022:14:37:38 +0200] "GET /images/pixel_trans.gif HTTP/1.0" 200 328 "http://www.wonder-geek.com/contact_us.php?action=send" "Mozilla/5.0 (Macintosh; Intel Mac OS X 10_13_4) AppleWebKit/537.36 (KHTML, like Gecko) Chrome/59.0.3071.115 Safari/537.36,gzip(gfe)"
95.182.123.30 - - [17/Jul/2022:14:37:38 +0200] "GET /images/pixel_trans.gif HTTP/1.0" 200 328 "http://www.wonder-geek.com/contact_us.php?action=send" "Mozilla/5.0 (Macintosh; Intel Mac OS X 10_13_4) AppleWebKit/537.36 (KHTML, like Gecko) Chrome/59.0.3071.115 Safari/537.36,gzip(gfe)"
66.249.70.88 - - [17/Jul/2022:14:37:55 +0200] "GET /images/big_prod/3660173200040.jpg HTTP/1.0" 200 268 "-" "Googlebot-Image/1.0"
207.46.13.23 - - [17/Jul/2022:14:38:26 +0200] "GET /thermometer-metal-plate-deco-25-20-cm-homemade-p-40000.html HTTP/1.0" 301 74403 "-" "Mozilla/5.0 (compatible; bingbot/2.0; +http://www.bing.com/bingbot.htm)"
54.36.148.130 - - [17/Jul/2022:14:38:37 +0200] "GET /rapunzel-figure-collection-adventurous-artist-p-52401.html HTTP/1.0" 200 75424 "-" "Mozilla/5.0 (compatible; AhrefsBot/7.0; +http://ahrefs.com/robot/)"
185.191.171.2 - - [17/Jul/2022:14:38:39 +0200] "GET /cbkration-toiletry-p-41267.html?action=add_product HTTP/1.0" 302 476 "-" "Mozilla/5.0 (compatible; SemrushBot/7~bl; +http://www.semrush.com/bot.html)"
157.55.39.158 - - [17/Jul/2022:14:38:45 +0200] "GET /patinated-metal-boat-clock-p-45712.html HTTP/1.0" 200 74186 "-" "Mozilla/5.0 (compatible; bingbot/2.0; +http://www.bing.com/bingbot.htm)"
185.191.171.12 - - [17/Jul/2022:14:38:50 +0200] "GET /bodega-cookware-p-37401.html?action=add_product HTTP/1.0" 302 476 "-" "Mozilla/5.0 (compatible; SemrushBot/7~bl; +http://www.semrush.com/bot.html)"
185.191.171.41 - - [17/Jul/2022:14:38:51 +0200] "GET /robots.txt HTTP/1.0" 200 245 "-" "Mozilla/5.0 (compatible; SemrushBot/7~bl; +http://www.semrush.com/bot.html)"
185.191.171.3 - - [17/Jul/2022:14:38:52 +0200] "GET /strawberry-kitchen-towel-p-47132.html HTTP/1.0" 200 74123 "-" "Mozilla/5.0 (compatible; SemrushBot/7~bl; +http://www.semrush.com/bot.html)"
23.100.232.233 - - [17/Jul/2022:14:39:01 +0200] "GET /teletubbies-towel-p-3188.html HTTP/1.0" 301 71553 "-" "Mozilla/5.0 (compatible; MSIE 9.0; Windows NT 6.0; Trident/5.0;  Trident/5.0)"
