185.191.171.45 - - [17/Jul/2022:12:52:25 +0200] "GET /sonny-angel-figure-valentine-series-p-28587.html?action=add_product HTTP/1.0" 302 476 "-" "Mozilla/5.0 (compatible; SemrushBot/7~bl; +http://www.semrush.com/bot.html)"
54.36.149.83 - - [17/Jul/2022:12:52:26 +0200] "GET /indian-craft-drawers-p-37257.html HTTP/1.0" 200 74471 "-" "Mozilla/5.0 (compatible; AhrefsBot/7.0; +http://ahrefs.com/robot/)"
66.249.70.64 - - [17/Jul/2022:12:52:30 +0200] "GET /home-fragrance-heart-home-white-musk-cedarwood-p-52818.html HTTP/1.0" 200 75593 "-" "Mozilla/5.0 (Linux; Android 6.0.1; Nexus 5X Build/MMB29P) AppleWebKit/537.36 (KHTML, like Gecko) Chrome/103.0.5060.114 Mobile Safari/537.36 (compatible; Googlebot/2.1; +http://www.google.com/bot.html)"
207.46.13.146 - - [17/Jul/2022:12:53:20 +0200] "GET /images/big_prod_1/b8718657460574.jpg HTTP/1.0" 200 271 "-" "Mozilla/5.0 (compatible; bingbot/2.0; +http://www.bing.com/bingbot.htm)"
207.46.13.146 - - [17/Jul/2022:12:53:30 +0200] "GET /pick-venus-firefighter-p-46446.html HTTP/1.0" 200 74485 "-" "Mozilla/5.0 (compatible; bingbot/2.0; +http://www.bing.com/bingbot.htm)"
66.249.70.88 - - [17/Jul/2022:12:53:42 +0200] "GET /images/big_prod/1399124740022.jpg HTTP/1.0" 200 268 "-" "Googlebot-Image/1.0"
207.46.13.169 - - [17/Jul/2022:12:54:13 +0200] "GET /images/big_prod/1300000024099.jpg HTTP/1.0" 200 268 "-" "Mozilla/5.0 (compatible; bingbot/2.0; +http://www.bing.com/bingbot.htm)"
207.46.13.23 - - [17/Jul/2022:12:54:25 +0200] "GET /images/1399984227282.jpg HTTP/1.0" 200 259 "-" "Mozilla/5.0 (compatible; bingbot/2.0; +http://www.bing.com/bingbot.htm)"
185.191.171.16 - - [17/Jul/2022:12:54:31 +0200] "GET /-p-47185.html?action=add_product HTTP/1.0" 302 476 "-" "Mozilla/5.0 (compatible; SemrushBot/7~bl; +http://www.semrush.com/bot.html)"
207.46.13.146 - - [17/Jul/2022:12:54:40 +0200] "GET /images/big_prod_2/3660173235608b.jpg HTTP/1.0" 200 271 "-" "Mozilla/5.0 (compatible; bingbot/2.0; +http://www.bing.com/bingbot.htm)"
54.36.148.6 - - [17/Jul/2022:12:54:51 +0200] "GET /robots.txt HTTP/1.0" 200 245 "-" "Mozilla/5.0 (compatible; AhrefsBot/7.0; +http://ahrefs.com/robot/)"
54.36.148.232 - - [17/Jul/2022:12:54:51 +0200] "GET /the-helmet-fireman-sam-p-32482.html HTTP/1.0" 301 71556 "-" "Mozilla/5.0 (compatible; AhrefsBot/7.0; +http://ahrefs.com/robot/)"
185.191.171.20 - - [17/Jul/2022:12:54:51 +0200] "GET /chair-cushion-scandi-blue-40-cm-p-49138.html HTTP/1.0" 301 71556 "-" "Mozilla/5.0 (compatible; SemrushBot/7~bl; +http://www.semrush.com/bot.html)"
185.191.171.14 - - [17/Jul/2022:12:54:55 +0200] "GET /-p-49138.html HTTP/1.0" 200 71489 "-" "Mozilla/5.0 (compatible; SemrushBot/7~bl; +http://www.semrush.com/bot.html)"
54.36.148.111 - - [17/Jul/2022:12:54:58 +0200] "GET /christmas-tree-decoration-hanging-p-49634.html HTTP/1.0" 200 74880 "-" "Mozilla/5.0 (compatible; AhrefsBot/7.0; +http://ahrefs.com/robot/)"
54.36.148.95 - - [17/Jul/2022:12:55:02 +0200] "GET /images/big_prod/842203114137.jpg HTTP/1.0" 200 267 "-" "Mozilla/5.0 (compatible; AhrefsBot/7.0; +http://ahrefs.com/robot/)"
207.46.13.23 - - [17/Jul/2022:12:55:06 +0200] "GET /mango-board-p-47439.html HTTP/1.0" 200 74824 "-" "Mozilla/5.0 (compatible; bingbot/2.0; +http://www.bing.com/bingbot.htm)"
207.46.13.208 - - [17/Jul/2022:12:55:22 +0200] "GET /vespa-scooter-clock-p-29045.html HTTP/1.0" 301 71556 "-" "Mozilla/5.0 (compatible; bingbot/2.0; +http://www.bing.com/bingbot.htm)"
207.46.13.169 - - [17/Jul/2022:12:55:34 +0200] "GET /pillow-case-grey-color-p-39688.html HTTP/1.0" 200 74409 "-" "Mozilla/5.0 (compatible; bingbot/2.0; +http://www.bing.com/bingbot.htm)"
185.191.171.45 - - [17/Jul/2022:12:55:39 +0200] "GET /incense-sticks-burner-storage-pentacle-p-49031.html?action=add_product HTTP/1.0" 302 476 "-" "Mozilla/5.0 (compatible; SemrushBot/7~bl; +http://www.semrush.com/bot.html)"
157.55.39.158 - - [17/Jul/2022:12:55:44 +0200] "GET /shopping-kandinsky-p-53535.html HTTP/1.0" 200 74920 "-" "Mozilla/5.0 (compatible; bingbot/2.0; +http://www.bing.com/bingbot.htm)"
207.46.13.146 - - [17/Jul/2022:12:56:01 +0200] "GET /images/5010994693749.jpg HTTP/1.0" 200 259 "-" "Mozilla/5.0 (compatible; bingbot/2.0; +http://www.bing.com/bingbot.htm)"
207.46.13.23 - - [17/Jul/2022:12:56:07 +0200] "GET /-p-50930.html HTTP/1.0" 200 71489 "-" "Mozilla/5.0 (compatible; bingbot/2.0; +http://www.bing.com/bingbot.htm)"
185.191.171.41 - - [17/Jul/2022:12:56:48 +0200] "GET /large-jar-candle-guardian-angel-p-51067.html HTTP/1.0" 301 74734 "-" "Mozilla/5.0 (compatible; SemrushBot/7~bl; +http://www.semrush.com/bot.html)"
185.191.171.8 - - [17/Jul/2022:12:56:51 +0200] "GET /large-candle-guardian-angel-p-51067.html HTTP/1.0" 200 74640 "-" "Mozilla/5.0 (compatible; SemrushBot/7~bl; +http://www.semrush.com/bot.html)"
207.46.13.23 - - [17/Jul/2022:12:56:55 +0200] "GET /images/1328399029723.jpg HTTP/1.0" 200 259 "-" "Mozilla/5.0 (compatible; bingbot/2.0; +http://www.bing.com/bingbot.htm)"
185.191.171.2 - - [17/Jul/2022:12:56:54 +0200] "GET /iron-legion-miniature-figure-p-29865.html HTTP/1.0" 301 71556 "-" "Mozilla/5.0 (compatible; SemrushBot/7~bl; +http://www.semrush.com/bot.html)"
185.191.171.9 - - [17/Jul/2022:12:56:58 +0200] "GET /-p-29865.html HTTP/1.0" 200 71489 "-" "Mozilla/5.0 (compatible; SemrushBot/7~bl; +http://www.semrush.com/bot.html)"
185.191.171.16 - - [17/Jul/2022:12:57:32 +0200] "GET /coca-cola-metal-plate-p-37077.html?action=add_product HTTP/1.0" 302 476 "-" "Mozilla/5.0 (compatible; SemrushBot/7~bl; +http://www.semrush.com/bot.html)"
54.36.149.35 - - [17/Jul/2022:12:57:38 +0200] "GET /volkswagen-large-metal-plate-deco-p-32224.html HTTP/1.0" 200 74200 "-" "Mozilla/5.0 (compatible; AhrefsBot/7.0; +http://ahrefs.com/robot/)"
54.36.148.178 - - [17/Jul/2022:12:57:41 +0200] "GET /images/med_prod/4036113270036.jpg HTTP/1.0" 200 268 "-" "Mozilla/5.0 (compatible; AhrefsBot/7.0; +http://ahrefs.com/robot/)"
185.191.171.14 - - [17/Jul/2022:12:57:39 +0200] "GET /charmmy-kitty-pink-clutch-bag-p-24279.html HTTP/1.0" 301 74609 "-" "Mozilla/5.0 (compatible; SemrushBot/7~bl; +http://www.semrush.com/bot.html)"
185.191.171.24 - - [17/Jul/2022:12:57:43 +0200] "GET /charmmy-kitty-pink-clutch-p-24279.html HTTP/1.0" 200 74517 "-" "Mozilla/5.0 (compatible; SemrushBot/7~bl; +http://www.semrush.com/bot.html)"
107.22.119.61 - - [17/Jul/2022:12:57:50 +0200] "GET /images/mini_prod/8422010628807.jpg HTTP/1.0" 200 269 "-" "python-httpx/0.23.0"
66.249.70.64 - - [17/Jul/2022:12:58:30 +0200] "GET /champagne-name-holder-p-45433.html HTTP/1.0" 200 71571 "-" "Mozilla/5.0 (Linux; Android 6.0.1; Nexus 5X Build/MMB29P) AppleWebKit/537.36 (KHTML, like Gecko) Chrome/103.0.5060.114 Mobile Safari/537.36 (compatible; Googlebot/2.1; +http://www.google.com/bot.html)"
40.77.167.58 - - [17/Jul/2022:12:58:30 +0200] "GET /candle-hours-strawberry-cream-p-38109.html HTTP/1.0" 200 75320 "-" "Mozilla/5.0 (compatible; bingbot/2.0; +http://www.bing.com/bingbot.htm)"
185.191.171.6 - - [17/Jul/2022:12:58:38 +0200] "GET /teo-jasmin-brown-melamine-tray-p-37947.html HTTP/1.0" 301 74346 "-" "Mozilla/5.0 (compatible; SemrushBot/7~bl; +http://www.semrush.com/bot.html)"
185.191.171.2 - - [17/Jul/2022:12:58:41 +0200] "GET /jasmin-brown-melamine-tray-p-37947.html HTTP/1.0" 200 74253 "-" "Mozilla/5.0 (compatible; SemrushBot/7~bl; +http://www.semrush.com/bot.html)"
66.249.70.92 - - [17/Jul/2022:12:59:11 +0200] "GET /artisan-citrus-juicer-small-green-p-57502.html HTTP/1.0" 200 77220 "-" "Mozilla/5.0 (Linux; Android 6.0.1; Nexus 5X Build/MMB29P) AppleWebKit/537.36 (KHTML, like Gecko) Chrome/103.0.5060.114 Mobile Safari/537.36 (compatible; Googlebot/2.1; +http://www.google.com/bot.html)"
185.191.171.5 - - [17/Jul/2022:12:59:55 +0200] "GET /bodega-oven-mitt-p-51439.html?action=add_product HTTP/1.0" 302 476 "-" "Mozilla/5.0 (compatible; SemrushBot/7~bl; +http://www.semrush.com/bot.html)"
35.194.179.26 - - [17/Jul/2022:12:59:56 +0200] "GET /images/mini_prod/8424346350001.jpg HTTP/1.0" 200 269 "-" "Mozilla/5.0 (X11; Ubuntu; Linux x86_64; rv:72.0) Gecko/20100101 Firefox/72.0"
185.191.171.40 - - [17/Jul/2022:13:00:07 +0200] "GET /coconut-fibers-doormat-cats-p-52120.html?action=add_product HTTP/1.0" 302 476 "-" "Mozilla/5.0 (compatible; SemrushBot/7~bl; +http://www.semrush.com/bot.html)"
207.46.13.146 - - [17/Jul/2022:13:00:11 +0200] "GET /educational-children-watch-sailor-p-51720.html HTTP/1.0" 200 75819 "-" "Mozilla/5.0 (compatible; bingbot/2.0; +http://www.bing.com/bingbot.htm)"
185.191.171.40 - - [17/Jul/2022:13:00:41 +0200] "GET /large-candle-gingerbread-house-p-46027.html?action=add_product HTTP/1.0" 302 476 "-" "Mozilla/5.0 (compatible; SemrushBot/7~bl; +http://www.semrush.com/bot.html)"
147.92.153.5 - - [17/Jul/2022:13:01:27 +0200] "GET /little-pony-mini-glitter-shake-shine-p-31922.html HTTP/1.0" 200 74639 "-" "Mozilla/5.0 (compatible; Linespider/1.1; +https://lin.ee/4dwXkTH)"
147.92.153.7 - - [17/Jul/2022:13:01:30 +0200] "GET /swfobject.js HTTP/1.0" 404 1308 "http://www.wonder-geek.com/little-pony-mini-glitter-shake-shine-p-31922.html" "Mozilla/5.0 AppleWebKit/537.36 (KHTML, like Gecko; compatible; Yeti/1.1; +http://naver.me/spd) Chrome/101.0.4951.0 Safari/537.36"
207.46.13.169 - - [17/Jul/2022:13:01:34 +0200] "GET /games-and-toys/toys/millie-kimmi-junior-dolls-p-11327.html HTTP/1.0" 301 71556 "-" "Mozilla/5.0 (compatible; bingbot/2.0; +http://www.bing.com/bingbot.htm)"
185.191.171.36 - - [17/Jul/2022:13:01:44 +0200] "GET /paul-frank-striped-large-shopping-p-5654.html HTTP/1.0" 200 74453 "-" "Mozilla/5.0 (compatible; SemrushBot/7~bl; +http://www.semrush.com/bot.html)"
185.191.171.17 - - [17/Jul/2022:13:02:01 +0200] "GET /candy-cloud-bamboo-bella-p-49784.html?action=add_product HTTP/1.0" 302 476 "-" "Mozilla/5.0 (compatible; SemrushBot/7~bl; +http://www.semrush.com/bot.html)"
185.191.171.23 - - [17/Jul/2022:13:02:09 +0200] "GET /stardust-candy-cloud-keychain-p-46658.html HTTP/1.0" 200 74176 "-" "Mozilla/5.0 (compatible; SemrushBot/7~bl; +http://www.semrush.com/bot.html)"
185.191.171.26 - - [17/Jul/2022:13:02:46 +0200] "GET /verity-rose-metal-keyrings-p-29179.html?action=add_product HTTP/1.0" 302 476 "-" "Mozilla/5.0 (compatible; SemrushBot/7~bl; +http://www.semrush.com/bot.html)"
185.191.171.15 - - [17/Jul/2022:13:03:05 +0200] "GET /-p-47658.html?action=add_product HTTP/1.0" 302 476 "-" "Mozilla/5.0 (compatible; SemrushBot/7~bl; +http://www.semrush.com/bot.html)"
185.191.171.19 - - [17/Jul/2022:13:03:09 +0200] "GET /kimmidoll-glasses-case-miwa-p-49828.html?action=add_product HTTP/1.0" 302 476 "-" "Mozilla/5.0 (compatible; SemrushBot/7~bl; +http://www.semrush.com/bot.html)"
207.46.13.208 - - [17/Jul/2022:13:03:32 +0200] "GET /images/big_prod/czna23298.jpg HTTP/1.0" 200 264 "-" "Mozilla/5.0 (compatible; bingbot/2.0; +http://www.bing.com/bingbot.htm)"
185.191.171.7 - - [17/Jul/2022:13:04:15 +0200] "GET /jack-daniel-rectangular-mirror-p-10870.html?action=add_product HTTP/1.0" 302 476 "-" "Mozilla/5.0 (compatible; SemrushBot/7~bl; +http://www.semrush.com/bot.html)"
185.191.171.10 - - [17/Jul/2022:13:04:33 +0200] "GET /wooden-sticker-strips-p-53565.html HTTP/1.0" 200 75248 "-" "Mozilla/5.0 (compatible; SemrushBot/7~bl; +http://www.semrush.com/bot.html)"
207.46.13.169 - - [17/Jul/2022:13:05:14 +0200] "GET /images/big_prod/3609810072077.jpg HTTP/1.0" 200 268 "-" "Mozilla/5.0 (compatible; bingbot/2.0; +http://www.bing.com/bingbot.htm)"
157.55.39.158 - - [17/Jul/2022:13:05:15 +0200] "GET /-p-37017.html HTTP/1.0" 200 71489 "-" "Mozilla/5.0 (compatible; bingbot/2.0; +http://www.bing.com/bingbot.htm)"
185.191.171.40 - - [17/Jul/2022:13:05:16 +0200] "GET /pillow-case-cotton-percale-threads-p-48191.html HTTP/1.0" 200 71649 "-" "Mozilla/5.0 (compatible; SemrushBot/7~bl; +http://www.semrush.com/bot.html)"
185.191.171.6 - - [17/Jul/2022:13:05:25 +0200] "GET /belle-beast-ball-figurine-collection-p-18001.html?action=add_product HTTP/1.0" 302 476 "-" "Mozilla/5.0 (compatible; SemrushBot/7~bl; +http://www.semrush.com/bot.html)"
207.46.13.208 - - [17/Jul/2022:13:05:32 +0200] "GET /images/big_prod/3609810064010.jpg HTTP/1.0" 200 268 "-" "Mozilla/5.0 (compatible; bingbot/2.0; +http://www.bing.com/bingbot.htm)"
185.191.171.44 - - [17/Jul/2022:13:05:33 +0200] "GET /cotton-towel-retro-style-p-42573.html HTTP/1.0" 200 71579 "-" "Mozilla/5.0 (compatible; SemrushBot/7~bl; +http://www.semrush.com/bot.html)"
207.46.13.169 - - [17/Jul/2022:13:05:35 +0200] "GET /mister-bump-photo-frame-p-5142.html HTTP/1.0" 200 71569 "-" "Mozilla/5.0 (compatible; bingbot/2.0; +http://www.bing.com/bingbot.htm)"
207.46.13.208 - - [17/Jul/2022:13:05:42 +0200] "GET /images/big_prod/mickey1384010188521.jpg HTTP/1.0" 200 274 "-" "Mozilla/5.0 (compatible; bingbot/2.0; +http://www.bing.com/bingbot.htm)"
185.191.171.37 - - [17/Jul/2022:13:05:52 +0200] "GET /mani-lucky-p-44058.html?action=add_product HTTP/1.0" 302 476 "-" "Mozilla/5.0 (compatible; SemrushBot/7~bl; +http://www.semrush.com/bot.html)"
216.244.66.242 - - [17/Jul/2022:13:06:16 +0200] "GET /robots.txt HTTP/1.0" 200 245 "-" "Mozilla/5.0 (compatible; DotBot/1.2; +https://opensiteexplorer.org/dotbot; help@moz.com)"
185.191.171.36 - - [17/Jul/2022:13:06:30 +0200] "GET /happy-colours-purple-pencil-case-p-19851.html HTTP/1.0" 200 74238 "-" "Mozilla/5.0 (compatible; SemrushBot/7~bl; +http://www.semrush.com/bot.html)"
185.191.171.8 - - [17/Jul/2022:13:06:55 +0200] "GET /puertorico-bedclothes-p-41431.html?action=add_product HTTP/1.0" 302 476 "-" "Mozilla/5.0 (compatible; SemrushBot/7~bl; +http://www.semrush.com/bot.html)"
185.191.171.24 - - [17/Jul/2022:13:06:57 +0200] "GET /bell-wall-bell-c-13_270.html HTTP/1.0" 200 90565 "-" "Mozilla/5.0 (compatible; SemrushBot/7~bl; +http://www.semrush.com/bot.html)"
207.46.13.169 - - [17/Jul/2022:13:07:35 +0200] "GET /potholder-glove-p-51738.html HTTP/1.0" 200 74136 "-" "Mozilla/5.0 (compatible; bingbot/2.0; +http://www.bing.com/bingbot.htm)"
51.68.224.127 - - [17/Jul/2022:13:08:17 +0200] "GET /adminweb/export_orders_xml.php?token=256de2z6edz6ed2z6DFSFsed2zed6zeDSFDSGdzedezfzf&maxorders=10&orderstart=1&status=14&start_date=2018-10-01 HTTP/1.0" 200 285 "-" "GesCom CharlotteBoutik Serveur"
51.68.224.127 - - [17/Jul/2022:13:08:17 +0200] "GET /adminweb/export_orders_xml.php?token=256de2z6edz6ed2z6DFSFsed2zed6zeDSFDSGdzedezfzf&maxorders=10&orderstart=1&status=6&start_date=2018-10-01 HTTP/1.0" 200 31081 "-" "GesCom CharlotteBoutik Serveur"
185.191.171.24 - - [17/Jul/2022:13:08:36 +0200] "GET /london-love-notebook-p-18865.html?action=add_product HTTP/1.0" 302 476 "-" "Mozilla/5.0 (compatible; SemrushBot/7~bl; +http://www.semrush.com/bot.html)"
207.46.13.146 - - [17/Jul/2022:13:08:41 +0200] "GET /images/big_prod_2/8422017143211b.jpg HTTP/1.0" 200 271 "-" "Mozilla/5.0 (compatible; bingbot/2.0; +http://www.bing.com/bingbot.htm)"
207.46.13.208 - - [17/Jul/2022:13:08:52 +0200] "GET /tealights-holder-christmas-gift-p-38187.html HTTP/1.0" 200 75225 "-" "Mozilla/5.0 (compatible; bingbot/2.0; +http://www.bing.com/bingbot.htm)"
54.36.148.56 - - [17/Jul/2022:13:09:01 +0200] "GET /sweet-lovely-kitchen-ceramic-dish-p-45759.html HTTP/1.0" 200 74213 "-" "Mozilla/5.0 (compatible; AhrefsBot/7.0; +http://ahrefs.com/robot/)"
185.191.171.23 - - [17/Jul/2022:13:09:03 +0200] "GET /motocycle-clothespins-p-44906.html HTTP/1.0" 301 71556 "-" "Mozilla/5.0 (compatible; SemrushBot/7~bl; +http://www.semrush.com/bot.html)"
185.191.171.19 - - [17/Jul/2022:13:09:05 +0200] "GET /-p-44906.html HTTP/1.0" 200 71489 "-" "Mozilla/5.0 (compatible; SemrushBot/7~bl; +http://www.semrush.com/bot.html)"
40.77.167.58 - - [17/Jul/2022:13:09:32 +0200] "GET /images/big_prod/4012390388008.jpg HTTP/1.0" 200 268 "-" "Mozilla/5.0 (compatible; bingbot/2.0; +http://www.bing.com/bingbot.htm)"
185.191.171.35 - - [17/Jul/2022:13:09:47 +0200] "GET /cats-dubout-large-bowl-p-45218.html?action=add_product HTTP/1.0" 302 476 "-" "Mozilla/5.0 (compatible; SemrushBot/7~bl; +http://www.semrush.com/bot.html)"
40.77.167.58 - - [17/Jul/2022:13:09:52 +0200] "GET /home-and-decoration/lighting/spiderman-ceiling-light-glass-p-16159.html HTTP/1.0" 301 71556 "-" "Mozilla/5.0 (compatible; bingbot/2.0; +http://www.bing.com/bingbot.htm)"
185.191.171.34 - - [17/Jul/2022:13:10:01 +0200] "GET /little-buddha-happy-statue-p-37707.html HTTP/1.0" 200 71595 "-" "Mozilla/5.0 (compatible; SemrushBot/7~bl; +http://www.semrush.com/bot.html)"
185.191.171.23 - - [17/Jul/2022:13:10:04 +0200] "GET /light-garland-collection-canar-p-39466.html?action=add_product HTTP/1.0" 302 476 "-" "Mozilla/5.0 (compatible; SemrushBot/7~bl; +http://www.semrush.com/bot.html)"
185.191.171.12 - - [17/Jul/2022:13:10:18 +0200] "GET /yogini-yogini-yoga-mat-jute-green-p-45293.html HTTP/1.0" 301 75798 "-" "Mozilla/5.0 (compatible; SemrushBot/7~bl; +http://www.semrush.com/bot.html)"
185.191.171.34 - - [17/Jul/2022:13:10:21 +0200] "GET /yogini-yogini-yoga-jute-green-p-45293.html HTTP/1.0" 200 75702 "-" "Mozilla/5.0 (compatible; SemrushBot/7~bl; +http://www.semrush.com/bot.html)"
207.46.13.169 - - [17/Jul/2022:13:10:34 +0200] "GET /images/mini_prod/1384010205952.jpg HTTP/1.0" 200 269 "-" "Mozilla/5.0 (compatible; bingbot/2.0; +http://www.bing.com/bingbot.htm)"
185.191.171.1 - - [17/Jul/2022:13:10:37 +0200] "GET /blue-japanese-cast-iron-teapot-liter-p-57690.html HTTP/1.0" 301 75372 "-" "Mozilla/5.0 (compatible; SemrushBot/7~bl; +http://www.semrush.com/bot.html)"
185.191.171.11 - - [17/Jul/2022:13:10:40 +0200] "GET /blue-japanese-enameled-cast-iron-teapot-liter-p-57690.html HTTP/1.0" 200 75260 "-" "Mozilla/5.0 (compatible; SemrushBot/7~bl; +http://www.semrush.com/bot.html)"
54.36.149.12 - - [17/Jul/2022:13:10:55 +0200] "GET /paris-ashtray-p-12077.html HTTP/1.0" 301 71556 "-" "Mozilla/5.0 (compatible; AhrefsBot/7.0; +http://ahrefs.com/robot/)"
207.46.13.23 - - [17/Jul/2022:13:11:18 +0200] "GET /tour-france-metal-tray-p-51676.html HTTP/1.0" 200 74283 "-" "Mozilla/5.0 (compatible; bingbot/2.0; +http://www.bing.com/bingbot.htm)"
54.36.149.94 - - [17/Jul/2022:13:11:42 +0200] "GET /aztec-mini-ceramic-flower-p-55313.html HTTP/1.0" 200 75000 "-" "Mozilla/5.0 (compatible; AhrefsBot/7.0; +http://ahrefs.com/robot/)"
185.191.171.23 - - [17/Jul/2022:13:11:51 +0200] "GET /ceramic-lamp-35-cm-p-52602.html HTTP/1.0" 301 74995 "-" "Mozilla/5.0 (compatible; SemrushBot/7~bl; +http://www.semrush.com/bot.html)"
185.191.171.14 - - [17/Jul/2022:13:11:54 +0200] "GET /ceramic-lamp-p-52602.html HTTP/1.0" 200 74916 "-" "Mozilla/5.0 (compatible; SemrushBot/7~bl; +http://www.semrush.com/bot.html)"
207.46.13.208 - - [17/Jul/2022:13:12:03 +0200] "GET /images/big_prod_1/b3609810072145.jpg HTTP/1.0" 200 271 "-" "Mozilla/5.0 (compatible; bingbot/2.0; +http://www.bing.com/bingbot.htm)"
185.191.171.23 - - [17/Jul/2022:13:12:05 +0200] "GET /kiss-statue-rodin-p-50990.html?action=add_product HTTP/1.0" 302 476 "-" "Mozilla/5.0 (compatible; SemrushBot/7~bl; +http://www.semrush.com/bot.html)"
185.191.171.38 - - [17/Jul/2022:13:12:23 +0200] "GET /amys-bowl-p-54261.html HTTP/1.0" 200 74666 "-" "Mozilla/5.0 (compatible; SemrushBot/7~bl; +http://www.semrush.com/bot.html)"
185.191.171.15 - - [17/Jul/2022:13:12:38 +0200] "GET /cotton-floor-cushion-45-cm-albertine-p-51078.html HTTP/1.0" 301 71556 "-" "Mozilla/5.0 (compatible; SemrushBot/7~bl; +http://www.semrush.com/bot.html)"
185.191.171.6 - - [17/Jul/2022:13:12:42 +0200] "GET /-p-51078.html HTTP/1.0" 200 71489 "-" "Mozilla/5.0 (compatible; SemrushBot/7~bl; +http://www.semrush.com/bot.html)"
185.191.171.15 - - [17/Jul/2022:13:12:45 +0200] "GET /jasmin-music-groovy-handbag-hanger-p-34891.html HTTP/1.0" 200 74302 "-" "Mozilla/5.0 (compatible; SemrushBot/7~bl; +http://www.semrush.com/bot.html)"
40.77.167.58 - - [17/Jul/2022:13:12:52 +0200] "GET /images/big_prod/1345544930512.jpg HTTP/1.0" 200 268 "-" "Mozilla/5.0 (compatible; bingbot/2.0; +http://www.bing.com/bingbot.htm)"
185.191.171.38 - - [17/Jul/2022:13:12:52 +0200] "GET /superman-backpack-p-3539.html?action=add_product HTTP/1.0" 302 476 "-" "Mozilla/5.0 (compatible; SemrushBot/7~bl; +http://www.semrush.com/bot.html)"
185.191.171.11 - - [17/Jul/2022:13:13:00 +0200] "GET /chabada-large-bowl-p-54511.html?action=add_product HTTP/1.0" 302 476 "-" "Mozilla/5.0 (compatible; SemrushBot/7~bl; +http://www.semrush.com/bot.html)"
216.244.66.242 - - [17/Jul/2022:13:14:09 +0200] "GET /rococo-retro-phone-p-37502.html HTTP/1.0" 301 74380 "-" "Mozilla/5.0 (compatible; DotBot/1.2; +https://opensiteexplorer.org/dotbot; help@moz.com)"
185.191.171.6 - - [17/Jul/2022:13:14:15 +0200] "GET /beatles-sergent-peppers-black-cover-ipad-tablets-p-17618.html?action=add_product HTTP/1.0" 302 476 "-" "Mozilla/5.0 (compatible; SemrushBot/7~bl; +http://www.semrush.com/bot.html)"
216.244.66.242 - - [17/Jul/2022:13:14:19 +0200] "GET /bedclothes-140-200-cm-pink-striped-p-44345.html HTTP/1.0" 301 74381 "-" "Mozilla/5.0 (compatible; DotBot/1.2; +https://opensiteexplorer.org/dotbot; help@moz.com)"
185.191.171.6 - - [17/Jul/2022:13:14:22 +0200] "GET /isothermic-stainless-steel-bottle-flamingos-cbkreation-p-51049.html?action=add_product HTTP/1.0" 302 476 "-" "Mozilla/5.0 (compatible; SemrushBot/7~bl; +http://www.semrush.com/bot.html)"
216.244.66.242 - - [17/Jul/2022:13:14:25 +0200] "GET /the-godfather-spiral-notebook-p-8877.html HTTP/1.0" 301 74257 "-" "Mozilla/5.0 (compatible; DotBot/1.2; +https://opensiteexplorer.org/dotbot; help@moz.com)"
185.191.171.24 - - [17/Jul/2022:13:14:30 +0200] "GET /tea-bag-saucer-p-40671.html HTTP/1.0" 301 74104 "-" "Mozilla/5.0 (compatible; SemrushBot/7~bl; +http://www.semrush.com/bot.html)"
54.36.148.244 - - [17/Jul/2022:13:14:30 +0200] "GET /for-those-about-to-rock-acdc-zippo-lighter-p-51920.html HTTP/1.0" 301 71730 "-" "Mozilla/5.0 (compatible; AhrefsBot/7.0; +http://ahrefs.com/robot/)"
216.244.66.242 - - [17/Jul/2022:13:14:32 +0200] "GET /cotton-napkin-sold-individually-45-45-cm-p-51265.html HTTP/1.0" 301 75031 "-" "Mozilla/5.0 (compatible; DotBot/1.2; +https://opensiteexplorer.org/dotbot; help@moz.com)"
185.191.171.22 - - [17/Jul/2022:13:14:33 +0200] "GET /saucer-p-40671.html HTTP/1.0" 200 74031 "-" "Mozilla/5.0 (compatible; SemrushBot/7~bl; +http://www.semrush.com/bot.html)"
66.249.70.88 - - [17/Jul/2022:13:14:36 +0200] "GET /images/big_prod_1/AUM2.jpg HTTP/1.0" 200 261 "-" "Googlebot-Image/1.0"
54.36.149.84 - - [17/Jul/2022:13:14:36 +0200] "GET /incense-archangels-p-43188.html HTTP/1.0" 200 74988 "-" "Mozilla/5.0 (compatible; AhrefsBot/7.0; +http://ahrefs.com/robot/)"
54.36.148.155 - - [17/Jul/2022:13:14:39 +0200] "GET /images/big_prod/8902276100830.jpg HTTP/1.0" 200 268 "-" "Mozilla/5.0 (compatible; AhrefsBot/7.0; +http://ahrefs.com/robot/)"
131.107.174.172 - - [17/Jul/2022:13:15:10 +0200] "GET /images/big_prod_1/9316188076753N.jpg HTTP/1.0" 200 271 "-" "Mozilla/5.0 (X11; Ubuntu; Linux x86_64; rv:72.0) Gecko/20100101 Firefox/72.0"
185.191.171.18 - - [17/Jul/2022:13:15:12 +0200] "GET /gifts-peace-rapunzel-with-gifts-figurine-p-56942.html?action=add_product HTTP/1.0" 302 476 "-" "Mozilla/5.0 (compatible; SemrushBot/7~bl; +http://www.semrush.com/bot.html)"
185.191.171.21 - - [17/Jul/2022:13:15:20 +0200] "GET /velvet-purse-black-gold-p-49963.html?action=add_product HTTP/1.0" 302 476 "-" "Mozilla/5.0 (compatible; SemrushBot/7~bl; +http://www.semrush.com/bot.html)"
157.55.39.158 - - [17/Jul/2022:13:15:46 +0200] "GET /melt-warmer-p-37448.html HTTP/1.0" 301 71556 "-" "Mozilla/5.0 (compatible; bingbot/2.0; +http://www.bing.com/bingbot.htm)"
216.244.66.242 - - [17/Jul/2022:13:15:53 +0200] "GET /-p-31708.html HTTP/1.0" 200 71489 "-" "Mozilla/5.0 (compatible; DotBot/1.2; +https://opensiteexplorer.org/dotbot; help@moz.com)"
185.191.171.24 - - [17/Jul/2022:13:16:06 +0200] "GET /small-baby-teeth-eliot-p-56211.html?action=add_product HTTP/1.0" 302 476 "-" "Mozilla/5.0 (compatible; SemrushBot/7~bl; +http://www.semrush.com/bot.html)"
207.46.13.169 - - [17/Jul/2022:13:16:08 +0200] "GET /microfibre-base-cover-light-brown-p-47981.html HTTP/1.0" 200 74332 "-" "Mozilla/5.0 (compatible; bingbot/2.0; +http://www.bing.com/bingbot.htm)"
185.191.171.14 - - [17/Jul/2022:13:16:11 +0200] "GET /theme-indian-p-39662.html HTTP/1.0" 200 74048 "-" "Mozilla/5.0 (compatible; SemrushBot/7~bl; +http://www.semrush.com/bot.html)"
207.46.13.169 - - [17/Jul/2022:13:16:15 +0200] "GET /images/big_prod_1/3574642016028b.jpg HTTP/1.0" 200 271 "-" "Mozilla/5.0 (compatible; bingbot/2.0; +http://www.bing.com/bingbot.htm)"
185.191.171.9 - - [17/Jul/2022:13:16:16 +0200] "GET /oops-daisy-vintage-gorjuss-post-card-p-34617.html HTTP/1.0" 301 71556 "-" "Mozilla/5.0 (compatible; SemrushBot/7~bl; +http://www.semrush.com/bot.html)"
185.191.171.5 - - [17/Jul/2022:13:16:19 +0200] "GET /-p-34617.html HTTP/1.0" 200 71489 "-" "Mozilla/5.0 (compatible; SemrushBot/7~bl; +http://www.semrush.com/bot.html)"
185.191.171.21 - - [17/Jul/2022:13:16:25 +0200] "GET /silver-resin-skull-figure-19-cm-p-42288.html HTTP/1.0" 301 71556 "-" "Mozilla/5.0 (compatible; SemrushBot/7~bl; +http://www.semrush.com/bot.html)"
185.191.171.44 - - [17/Jul/2022:13:16:27 +0200] "GET /-p-42288.html HTTP/1.0" 200 71489 "-" "Mozilla/5.0 (compatible; SemrushBot/7~bl; +http://www.semrush.com/bot.html)"
66.249.70.64 - - [17/Jul/2022:13:16:30 +0200] "GET /small-baby-teeth-pink-unicorn-p-51937.html HTTP/1.0" 200 74345 "-" "Mozilla/5.0 (Linux; Android 6.0.1; Nexus 5X Build/MMB29P) AppleWebKit/537.36 (KHTML, like Gecko) Chrome/103.0.5060.114 Mobile Safari/537.36 (compatible; Googlebot/2.1; +http://www.google.com/bot.html)"
185.191.171.21 - - [17/Jul/2022:13:16:30 +0200] "GET /toucan-lamp-golden-resin-p-53606.html?action=add_product HTTP/1.0" 302 476 "-" "Mozilla/5.0 (compatible; SemrushBot/7~bl; +http://www.semrush.com/bot.html)"
207.46.13.23 - - [17/Jul/2022:13:16:49 +0200] "GET /stitch-illuminated-figurine-p-47009.html HTTP/1.0" 200 71587 "-" "Mozilla/5.0 (compatible; bingbot/2.0; +http://www.bing.com/bingbot.htm)"
54.36.148.225 - - [17/Jul/2022:13:17:06 +0200] "GET /bronze-patinated-brown-lion-statue-p-58086.html HTTP/1.0" 200 74448 "-" "Mozilla/5.0 (compatible; AhrefsBot/7.0; +http://ahrefs.com/robot/)"
54.36.148.181 - - [17/Jul/2022:13:17:09 +0200] "GET /images/big_prod/5400924212940.jpg HTTP/1.0" 200 268 "-" "Mozilla/5.0 (compatible; AhrefsBot/7.0; +http://ahrefs.com/robot/)"
185.191.171.44 - - [17/Jul/2022:13:17:15 +0200] "GET /small-baby-teeth-p-49166.html?action=add_product HTTP/1.0" 302 476 "-" "Mozilla/5.0 (compatible; SemrushBot/7~bl; +http://www.semrush.com/bot.html)"
40.77.167.58 - - [17/Jul/2022:13:17:32 +0200] "GET /door-plate-p-50999.html HTTP/1.0" 200 74044 "-" "Mozilla/5.0 (compatible; bingbot/2.0; +http://www.bing.com/bingbot.htm)"
185.191.171.34 - - [17/Jul/2022:13:17:33 +0200] "GET /stone-amethyst-sold-weight-grams-p-46546.html?action=add_product HTTP/1.0" 302 476 "-" "Mozilla/5.0 (compatible; SemrushBot/7~bl; +http://www.semrush.com/bot.html)"
40.77.167.58 - - [17/Jul/2022:13:17:42 +0200] "GET /images/big_prod/3609810072121.jpg HTTP/1.0" 200 268 "-" "Mozilla/5.0 (compatible; bingbot/2.0; +http://www.bing.com/bingbot.htm)"
207.46.13.146 - - [17/Jul/2022:13:17:53 +0200] "GET /cleo-nile-figure-p-22566.html HTTP/1.0" 200 74190 "-" "Mozilla/5.0 (compatible; bingbot/2.0; +http://www.bing.com/bingbot.htm)"
185.191.171.42 - - [17/Jul/2022:13:18:04 +0200] "GET /bas-relief-panel-of-elephants-carved-on-raw-wood-45-15-cm-p-47213.html HTTP/1.0" 301 75698 "-" "Mozilla/5.0 (compatible; SemrushBot/7~bl; +http://www.semrush.com/bot.html)"
185.191.171.3 - - [17/Jul/2022:13:18:07 +0200] "GET /relief-panel-elephants-carved-wood-p-47213.html HTTP/1.0" 200 75597 "-" "Mozilla/5.0 (compatible; SemrushBot/7~bl; +http://www.semrush.com/bot.html)"
185.191.171.21 - - [17/Jul/2022:13:18:12 +0200] "GET /cupcakes-cookie-p-24317.html?action=add_product HTTP/1.0" 302 476 "-" "Mozilla/5.0 (compatible; SemrushBot/7~bl; +http://www.semrush.com/bot.html)"
207.46.13.146 - - [17/Jul/2022:13:18:13 +0200] "GET /shoulder-jasmine-jasmin-p-39251.html HTTP/1.0" 301 71556 "-" "Mozilla/5.0 (compatible; bingbot/2.0; +http://www.bing.com/bingbot.htm)"
185.191.171.11 - - [17/Jul/2022:13:18:38 +0200] "GET /corsica-metal-plate-p-52519.html HTTP/1.0" 200 74086 "-" "Mozilla/5.0 (compatible; SemrushBot/7~bl; +http://www.semrush.com/bot.html)"
185.191.171.6 - - [17/Jul/2022:13:19:15 +0200] "GET /forest-white-table-lamp-p-52975.html?action=add_product HTTP/1.0" 302 476 "-" "Mozilla/5.0 (compatible; SemrushBot/7~bl; +http://www.semrush.com/bot.html)"
54.36.148.189 - - [17/Jul/2022:13:19:51 +0200] "GET /round-fringed-p-53785.html HTTP/1.0" 200 75037 "-" "Mozilla/5.0 (compatible; AhrefsBot/7.0; +http://ahrefs.com/robot/)"
207.46.13.208 - - [17/Jul/2022:13:19:53 +0200] "GET /images/big_prod/1384010184493.jpg HTTP/1.0" 200 268 "-" "Mozilla/5.0 (compatible; bingbot/2.0; +http://www.bing.com/bingbot.htm)"
207.46.13.208 - - [17/Jul/2022:13:20:03 +0200] "GET /images/big_prod/1384010202760.jpg HTTP/1.0" 200 268 "-" "Mozilla/5.0 (compatible; bingbot/2.0; +http://www.bing.com/bingbot.htm)"
207.46.13.208 - - [17/Jul/2022:13:20:13 +0200] "GET /door-plate-p-53154.html HTTP/1.0" 200 74615 "-" "Mozilla/5.0 (compatible; bingbot/2.0; +http://www.bing.com/bingbot.htm)"
40.77.167.58 - - [17/Jul/2022:13:20:13 +0200] "GET /superman-backpack-p-3539.html HTTP/1.0" 200 74340 "-" "Mozilla/5.0 (compatible; bingbot/2.0; +http://www.bing.com/bingbot.htm)"
207.46.13.169 - - [17/Jul/2022:13:21:17 +0200] "GET /boys/socks/pairs-ben-socks-size-3538-p-25203.html HTTP/1.0" 301 609 "-" "Mozilla/5.0 (compatible; bingbot/2.0; +http://www.bing.com/bingbot.htm)"
176.63.7.95 - - [17/Jul/2022:13:21:17 +0200] "GET /chez-georges-clounet-metal-box-for-coffee-pods-p-39483.html HTTP/1.0" 301 74518 "-" "Mozilla/5.0 (Linux; Android 11; SM-A405FN) AppleWebKit/537.36 (KHTML, like Gecko) Chrome/103.0.0.0 Mobile Safari/537.36"
176.63.7.95 - - [17/Jul/2022:13:21:19 +0200] "GET /chez-georges-clounet-metal-coffee-pods-p-39483.html HTTP/1.0" 200 74413 "-" "Mozilla/5.0 (Linux; Android 11; SM-A405FN) AppleWebKit/537.36 (KHTML, like Gecko) Chrome/103.0.0.0 Mobile Safari/537.36"
176.63.7.95 - - [17/Jul/2022:13:21:20 +0200] "GET /templates/Pixame_v1/stylesheet.css HTTP/1.0" 200 267 "http://www.wonder-geek.com/chez-georges-clounet-metal-coffee-pods-p-39483.html" "Mozilla/5.0 (Linux; Android 11; SM-A405FN) AppleWebKit/537.36 (KHTML, like Gecko) Chrome/103.0.0.0 Mobile Safari/537.36"
176.63.7.95 - - [17/Jul/2022:13:21:20 +0200] "GET /highslide/highslide.js HTTP/1.0" 200 262 "http://www.wonder-geek.com/chez-georges-clounet-metal-coffee-pods-p-39483.html" "Mozilla/5.0 (Linux; Android 11; SM-A405FN) AppleWebKit/537.36 (KHTML, like Gecko) Chrome/103.0.0.0 Mobile Safari/537.36"
176.63.7.95 - - [17/Jul/2022:13:21:20 +0200] "GET /js/jquery.js HTTP/1.0" 200 252 "http://www.wonder-geek.com/chez-georges-clounet-metal-coffee-pods-p-39483.html" "Mozilla/5.0 (Linux; Android 11; SM-A405FN) AppleWebKit/537.36 (KHTML, like Gecko) Chrome/103.0.0.0 Mobile Safari/537.36"
176.63.7.95 - - [17/Jul/2022:13:21:20 +0200] "GET /js/jquery.jqzoom.js HTTP/1.0" 200 259 "http://www.wonder-geek.com/chez-georges-clounet-metal-coffee-pods-p-39483.html" "Mozilla/5.0 (Linux; Android 11; SM-A405FN) AppleWebKit/537.36 (KHTML, like Gecko) Chrome/103.0.0.0 Mobile Safari/537.36"
176.63.7.95 - - [17/Jul/2022:13:21:20 +0200] "GET /mondial_relay/js/jquery-1.3.2.min.js HTTP/1.0" 200 276 "http://www.wonder-geek.com/chez-georges-clounet-metal-coffee-pods-p-39483.html" "Mozilla/5.0 (Linux; Android 11; SM-A405FN) AppleWebKit/537.36 (KHTML, like Gecko) Chrome/103.0.0.0 Mobile Safari/537.36"
176.63.7.95 - - [17/Jul/2022:13:21:20 +0200] "GET /swfobject.js HTTP/1.0" 404 1308 "http://www.wonder-geek.com/chez-georges-clounet-metal-coffee-pods-p-39483.html" "Mozilla/5.0 (Linux; Android 11; SM-A405FN) AppleWebKit/537.36 (KHTML, like Gecko) Chrome/103.0.0.0 Mobile Safari/537.36"
176.63.7.95 - - [17/Jul/2022:13:21:20 +0200] "GET /templates/Pixame_v1/images/icon_accueil2.png HTTP/1.0" 200 278 "http://www.wonder-geek.com/chez-georges-clounet-metal-coffee-pods-p-39483.html" "Mozilla/5.0 (Linux; Android 11; SM-A405FN) AppleWebKit/537.36 (KHTML, like Gecko) Chrome/103.0.0.0 Mobile Safari/537.36"
176.63.7.95 - - [17/Jul/2022:13:21:20 +0200] "GET /templates/Pixame_v1/images/infobox/pixel_trans.gif HTTP/1.0" 200 328 "http://www.wonder-geek.com/chez-georges-clounet-metal-coffee-pods-p-39483.html" "Mozilla/5.0 (Linux; Android 11; SM-A405FN) AppleWebKit/537.36 (KHTML, like Gecko) Chrome/103.0.0.0 Mobile Safari/537.36"
176.63.7.95 - - [17/Jul/2022:13:21:20 +0200] "GET /images/pixel_trans.gif HTTP/1.0" 200 328 "http://www.wonder-geek.com/chez-georges-clounet-metal-coffee-pods-p-39483.html" "Mozilla/5.0 (Linux; Android 11; SM-A405FN) AppleWebKit/537.36 (KHTML, like Gecko) Chrome/103.0.0.0 Mobile Safari/537.36"
176.63.7.95 - - [17/Jul/2022:13:21:20 +0200] "GET /images/big_prod/3612872111400.jpg HTTP/1.0" 200 268 "http://www.wonder-geek.com/chez-georges-clounet-metal-coffee-pods-p-39483.html" "Mozilla/5.0 (Linux; Android 11; SM-A405FN) AppleWebKit/537.36 (KHTML, like Gecko) Chrome/103.0.0.0 Mobile Safari/537.36"
176.63.7.95 - - [17/Jul/2022:13:21:20 +0200] "GET /templates/Pixame_v1/images/pixel_trans.gif HTTP/1.0" 200 328 "http://www.wonder-geek.com/chez-georges-clounet-metal-coffee-pods-p-39483.html" "Mozilla/5.0 (Linux; Android 11; SM-A405FN) AppleWebKit/537.36 (KHTML, like Gecko) Chrome/103.0.0.0 Mobile Safari/537.36"
176.63.7.95 - - [17/Jul/2022:13:21:20 +0200] "GET /templates/Pixame_v1/images/buttons/english/button_in_cart.gif HTTP/1.0" 200 295 "http://www.wonder-geek.com/chez-georges-clounet-metal-coffee-pods-p-39483.html" "Mozilla/5.0 (Linux; Android 11; SM-A405FN) AppleWebKit/537.36 (KHTML, like Gecko) Chrome/103.0.0.0 Mobile Safari/537.36"
176.63.7.95 - - [17/Jul/2022:13:21:20 +0200] "GET /templates/Pixame_v1/images/Bottom_texture.jpg HTTP/1.0" 200 280 "http://www.wonder-geek.com/templates/Pixame_v1/stylesheet.css" "Mozilla/5.0 (Linux; Android 11; SM-A405FN) AppleWebKit/537.36 (KHTML, like Gecko) Chrome/103.0.0.0 Mobile Safari/537.36"
176.63.7.95 - - [17/Jul/2022:13:21:20 +0200] "GET /templates/Pixame_v1/images/header.png HTTP/1.0" 200 271 "http://www.wonder-geek.com/templates/Pixame_v1/stylesheet.css" "Mozilla/5.0 (Linux; Android 11; SM-A405FN) AppleWebKit/537.36 (KHTML, like Gecko) Chrome/103.0.0.0 Mobile Safari/537.36"
176.63.7.95 - - [17/Jul/2022:13:21:20 +0200] "GET /templates/Pixame_v1/images/Middle_texture.jpg HTTP/1.0" 200 280 "http://www.wonder-geek.com/templates/Pixame_v1/stylesheet.css" "Mozilla/5.0 (Linux; Android 11; SM-A405FN) AppleWebKit/537.36 (KHTML, like Gecko) Chrome/103.0.0.0 Mobile Safari/537.36"
176.63.7.95 - - [17/Jul/2022:13:21:20 +0200] "GET /templates/Pixame_v1/images/header-object.png HTTP/1.0" 200 278 "http://www.wonder-geek.com/templates/Pixame_v1/stylesheet.css" "Mozilla/5.0 (Linux; Android 11; SM-A405FN) AppleWebKit/537.36 (KHTML, like Gecko) Chrome/103.0.0.0 Mobile Safari/537.36"
176.63.7.95 - - [17/Jul/2022:13:21:20 +0200] "GET /templates/Pixame_v1/images/nav.png HTTP/1.0" 200 268 "http://www.wonder-geek.com/templates/Pixame_v1/stylesheet.css" "Mozilla/5.0 (Linux; Android 11; SM-A405FN) AppleWebKit/537.36 (KHTML, like Gecko) Chrome/103.0.0.0 Mobile Safari/537.36"
176.63.7.95 - - [17/Jul/2022:13:21:20 +0200] "GET /design/productsenstock.png HTTP/1.0" 200 260 "http://www.wonder-geek.com/templates/Pixame_v1/stylesheet.css" "Mozilla/5.0 (Linux; Android 11; SM-A405FN) AppleWebKit/537.36 (KHTML, like Gecko) Chrome/103.0.0.0 Mobile Safari/537.36"
176.63.7.95 - - [17/Jul/2022:13:21:20 +0200] "GET /highslide/graphics/zoomin.cur HTTP/1.0" 200 614 "http://www.wonder-geek.com/templates/Pixame_v1/stylesheet.css" "Mozilla/5.0 (Linux; Android 11; SM-A405FN) AppleWebKit/537.36 (KHTML, like Gecko) Chrome/103.0.0.0 Mobile Safari/537.36"
176.63.7.95 - - [17/Jul/2022:13:21:21 +0200] "GET /templates/Pixame_v1/images/infobox/infobox_footer_middle.gif HTTP/1.0" 200 357 "http://www.wonder-geek.com/chez-georges-clounet-metal-coffee-pods-p-39483.html" "Mozilla/5.0 (Linux; Android 11; SM-A405FN) AppleWebKit/537.36 (KHTML, like Gecko) Chrome/103.0.0.0 Mobile Safari/537.36"
176.63.7.95 - - [17/Jul/2022:13:21:21 +0200] "GET /highslide/graphics/outlines/drop-shadow.png HTTP/1.0" 200 277 "http://www.wonder-geek.com/chez-georges-clounet-metal-coffee-pods-p-39483.html" "Mozilla/5.0 (Linux; Android 11; SM-A405FN) AppleWebKit/537.36 (KHTML, like Gecko) Chrome/103.0.0.0 Mobile Safari/537.36"
176.63.7.95 - - [17/Jul/2022:13:21:21 +0200] "GET /highslide/graphics/zoomout.cur HTTP/1.0" 200 614 "http://www.wonder-geek.com/chez-georges-clounet-metal-coffee-pods-p-39483.html" "Mozilla/5.0 (Linux; Android 11; SM-A405FN) AppleWebKit/537.36 (KHTML, like Gecko) Chrome/103.0.0.0 Mobile Safari/537.36"
176.63.7.95 - - [17/Jul/2022:13:21:21 +0200] "GET /highslide/graphics/loader.white.gif HTTP/1.0" 200 960 "http://www.wonder-geek.com/templates/Pixame_v1/stylesheet.css" "Mozilla/5.0 (Linux; Android 11; SM-A405FN) AppleWebKit/537.36 (KHTML, like Gecko) Chrome/103.0.0.0 Mobile Safari/537.36"
176.63.7.95 - - [17/Jul/2022:13:21:21 +0200] "GET /favicon.ico HTTP/1.0" 200 260 "http://www.wonder-geek.com/chez-georges-clounet-metal-coffee-pods-p-39483.html" "Mozilla/5.0 (Linux; Android 11; SM-A405FN) AppleWebKit/537.36 (KHTML, like Gecko) Chrome/103.0.0.0 Mobile Safari/537.36"
216.244.66.242 - - [17/Jul/2022:13:21:28 +0200] "GET /green-beauty-nail-p-28907.html HTTP/1.0" 200 74237 "-" "Mozilla/5.0 (compatible; DotBot/1.2; +https://opensiteexplorer.org/dotbot; help@moz.com)"
216.244.66.242 - - [17/Jul/2022:13:21:46 +0200] "GET /hello-kitty-personal-diary-p-7049.html HTTP/1.0" 200 74197 "-" "Mozilla/5.0 (compatible; DotBot/1.2; +https://opensiteexplorer.org/dotbot; help@moz.com)"
216.244.66.242 - - [17/Jul/2022:13:22:01 +0200] "GET /placemat-copains-abord-p-53651.html HTTP/1.0" 200 74774 "-" "Mozilla/5.0 (compatible; DotBot/1.2; +https://opensiteexplorer.org/dotbot; help@moz.com)"
40.77.167.58 - - [17/Jul/2022:13:22:03 +0200] "GET /-p-38317.html HTTP/1.0" 200 71489 "-" "Mozilla/5.0 (compatible; bingbot/2.0; +http://www.bing.com/bingbot.htm)"
216.244.66.242 - - [17/Jul/2022:13:22:16 +0200] "GET /yellow-apple-shaped-moneybox-p-36476.html HTTP/1.0" 200 74193 "-" "Mozilla/5.0 (compatible; DotBot/1.2; +https://opensiteexplorer.org/dotbot; help@moz.com)"
159.138.137.41 - - [17/Jul/2022:13:22:29 +0200] "GET /images/mini_prod/5036278052187.jpg HTTP/1.0" 200 269 "-" "Mozilla/5.0 (X11; Ubuntu; Linux x86_64; rv:72.0) Gecko/20100101 Firefox/72.0"
54.36.149.100 - - [17/Jul/2022:13:22:40 +0200] "GET /clairs-pastries-spoons-p-48241.html HTTP/1.0" 200 74787 "-" "Mozilla/5.0 (compatible; AhrefsBot/7.0; +http://ahrefs.com/robot/)"
185.191.171.7 - - [17/Jul/2022:13:22:55 +0200] "GET /volkswagen-beetle-metal-plate-30-20-cm-p-26430.html HTTP/1.0" 301 74409 "-" "Mozilla/5.0 (compatible; SemrushBot/7~bl; +http://www.semrush.com/bot.html)"
185.191.171.23 - - [17/Jul/2022:13:23:00 +0200] "GET /volkswagen-beetle-metal-plate-p-26430.html HTTP/1.0" 200 74313 "-" "Mozilla/5.0 (compatible; SemrushBot/7~bl; +http://www.semrush.com/bot.html)"
185.191.171.10 - - [17/Jul/2022:13:23:16 +0200] "GET /decorative-wooden-plate-donkey-corsica-yellow-and-blue-p-47839.html HTTP/1.0" 301 74746 "-" "Mozilla/5.0 (compatible; SemrushBot/7~bl; +http://www.semrush.com/bot.html)"
185.191.171.45 - - [17/Jul/2022:13:23:19 +0200] "GET /decorative-wooden-plate-donkey-corsica-yellow-blue-p-47839.html HTTP/1.0" 200 74629 "-" "Mozilla/5.0 (compatible; SemrushBot/7~bl; +http://www.semrush.com/bot.html)"
207.46.13.146 - - [17/Jul/2022:13:23:54 +0200] "GET /pillowcase-white-p-46741.html HTTP/1.0" 200 74798 "-" "Mozilla/5.0 (compatible; bingbot/2.0; +http://www.bing.com/bingbot.htm)"
51.68.224.127 - - [17/Jul/2022:13:24:39 +0200] "GET /adminweb/export_orders_xml.php?token=256de2z6edz6ed2z6DFSFsed2zed6zeDSFDSGdzedezfzf&maxorders=10&orderstart=1&status=14&start_date=2018-10-01 HTTP/1.0" 200 285 "-" "GesCom CharlotteBoutik Serveur"
51.68.224.127 - - [17/Jul/2022:13:24:39 +0200] "GET /adminweb/export_orders_xml.php?token=256de2z6edz6ed2z6DFSFsed2zed6zeDSFDSGdzedezfzf&maxorders=10&orderstart=1&status=6&start_date=2018-10-01 HTTP/1.0" 200 31081 "-" "GesCom CharlotteBoutik Serveur"
40.77.167.58 - - [17/Jul/2022:13:24:44 +0200] "GET /bretagne-white-women-shirt-p-31094.html HTTP/1.0" 200 78580 "-" "Mozilla/5.0 (compatible; bingbot/2.0; +http://www.bing.com/bingbot.htm)"
185.191.171.7 - - [17/Jul/2022:13:24:58 +0200] "GET /standing-flower-p-52289.html HTTP/1.0" 200 74914 "-" "Mozilla/5.0 (compatible; SemrushBot/7~bl; +http://www.semrush.com/bot.html)"
185.191.171.10 - - [17/Jul/2022:13:25:13 +0200] "GET /hello-kitty-badges-p-12104.html HTTP/1.0" 200 71563 "-" "Mozilla/5.0 (compatible; SemrushBot/7~bl; +http://www.semrush.com/bot.html)"
207.46.13.169 - - [17/Jul/2022:13:25:15 +0200] "GET /images/med_prod/1384010184059.jpg HTTP/1.0" 200 268 "-" "Mozilla/5.0 (compatible; bingbot/2.0; +http://www.bing.com/bingbot.htm)"
66.249.70.64 - - [17/Jul/2022:13:25:30 +0200] "GET /decoration-sunflowers-p-21334.html HTTP/1.0" 200 74316 "-" "Mozilla/5.0 (compatible; Googlebot/2.1; +http://www.google.com/bot.html)"
54.36.149.85 - - [17/Jul/2022:13:25:31 +0200] "GET /rock-little-mirror-p-8847.html HTTP/1.0" 200 74234 "-" "Mozilla/5.0 (compatible; AhrefsBot/7.0; +http://ahrefs.com/robot/)"
40.77.167.58 - - [17/Jul/2022:13:25:33 +0200] "GET /flowerpot-cover-textured-wicker-p-58281.html HTTP/1.0" 200 74883 "-" "Mozilla/5.0 (compatible; bingbot/2.0; +http://www.bing.com/bingbot.htm)"
185.191.171.44 - - [17/Jul/2022:13:26:10 +0200] "GET /robots.txt HTTP/1.0" 200 245 "-" "Mozilla/5.0 (compatible; SemrushBot/7~bl; +http://www.semrush.com/bot.html)"
185.191.171.10 - - [17/Jul/2022:13:26:10 +0200] "GET /carpet-mandala-natural-p-44902.html?action=add_product HTTP/1.0" 302 476 "-" "Mozilla/5.0 (compatible; SemrushBot/7~bl; +http://www.semrush.com/bot.html)"
185.191.171.20 - - [17/Jul/2022:13:26:34 +0200] "GET /bashful-figure-collection-romero-britto-p-53509.html?action=add_product HTTP/1.0" 302 476 "-" "Mozilla/5.0 (compatible; SemrushBot/7~bl; +http://www.semrush.com/bot.html)"
185.191.171.35 - - [17/Jul/2022:13:26:54 +0200] "GET /pulp-fiction-p-53478.html?action=add_product HTTP/1.0" 302 476 "-" "Mozilla/5.0 (compatible; SemrushBot/7~bl; +http://www.semrush.com/bot.html)"
157.55.39.158 - - [17/Jul/2022:13:26:57 +0200] "GET /kimmi-junior-colors-king-blue-p-18585.html HTTP/1.0" 200 74177 "-" "Mozilla/5.0 (compatible; bingbot/2.0; +http://www.bing.com/bingbot.htm)"
182.22.27.72 - - [17/Jul/2022:13:27:10 +0200] "GET /images/mini_prod/1384010183595.jpg HTTP/1.0" 200 269 "-" "Mozilla/5.0 (X11; Ubuntu; Linux x86_64; rv:72.0) Gecko/20100101 Firefox/72.0"
185.191.171.2 - - [17/Jul/2022:13:27:28 +0200] "GET /pastis-metal-plate-30-15-cm-p-47639.html HTTP/1.0" 301 74193 "-" "Mozilla/5.0 (compatible; SemrushBot/7~bl; +http://www.semrush.com/bot.html)"
66.249.70.64 - - [17/Jul/2022:13:27:31 +0200] "GET /allen-decorated-cotton-adult-apron-p-58294.html HTTP/1.0" 200 74244 "-" "Mozilla/5.0 (Linux; Android 6.0.1; Nexus 5X Build/MMB29P) AppleWebKit/537.36 (KHTML, like Gecko) Chrome/103.0.5060.114 Mobile Safari/537.36 (compatible; Googlebot/2.1; +http://www.google.com/bot.html)"
216.244.66.242 - - [17/Jul/2022:13:27:32 +0200] "GET /-p-25553.html HTTP/1.0" 200 71489 "-" "Mozilla/5.0 (compatible; DotBot/1.2; +https://opensiteexplorer.org/dotbot; help@moz.com)"
185.191.171.33 - - [17/Jul/2022:13:27:32 +0200] "GET /pastis-metal-plate-p-47639.html HTTP/1.0" 200 74108 "-" "Mozilla/5.0 (compatible; SemrushBot/7~bl; +http://www.semrush.com/bot.html)"
216.244.66.242 - - [17/Jul/2022:13:27:44 +0200] "GET /-p-25723.html HTTP/1.0" 200 71489 "-" "Mozilla/5.0 (compatible; DotBot/1.2; +https://opensiteexplorer.org/dotbot; help@moz.com)"
35.194.179.26 - - [17/Jul/2022:13:27:47 +0200] "GET /images/mini_prod/MISES-EN-SITUATION-04.jpg HTTP/1.0" 200 277 "-" "Mozilla/5.0 (X11; Ubuntu; Linux x86_64; rv:72.0) Gecko/20100101 Firefox/72.0"
216.244.66.242 - - [17/Jul/2022:13:27:54 +0200] "GET /-p-29829.html HTTP/1.0" 200 71489 "-" "Mozilla/5.0 (compatible; DotBot/1.2; +https://opensiteexplorer.org/dotbot; help@moz.com)"
216.244.66.242 - - [17/Jul/2022:13:28:07 +0200] "GET /-p-32686.html HTTP/1.0" 200 71489 "-" "Mozilla/5.0 (compatible; DotBot/1.2; +https://opensiteexplorer.org/dotbot; help@moz.com)"
216.244.66.242 - - [17/Jul/2022:13:28:17 +0200] "GET /-p-33846.html HTTP/1.0" 200 71489 "-" "Mozilla/5.0 (compatible; DotBot/1.2; +https://opensiteexplorer.org/dotbot; help@moz.com)"
216.244.66.242 - - [17/Jul/2022:13:28:27 +0200] "GET /guevara-zippo-lighter-p-29759.html HTTP/1.0" 200 74563 "-" "Mozilla/5.0 (compatible; DotBot/1.2; +https://opensiteexplorer.org/dotbot; help@moz.com)"
54.36.148.243 - - [17/Jul/2022:13:28:28 +0200] "GET /mtal-signs-c-13_130.html?page=1 HTTP/1.0" 200 95452 "-" "Mozilla/5.0 (compatible; AhrefsBot/7.0; +http://ahrefs.com/robot/)"
216.244.66.242 - - [17/Jul/2022:13:28:38 +0200] "GET /images/1186747042905.jpg HTTP/1.0" 200 259 "-" "Mozilla/5.0 (compatible; DotBot/1.2; +https://opensiteexplorer.org/dotbot; help@moz.com)"
216.244.66.242 - - [17/Jul/2022:13:28:47 +0200] "GET /images/1900514900058.jpg HTTP/1.0" 200 259 "-" "Mozilla/5.0 (compatible; DotBot/1.2; +https://opensiteexplorer.org/dotbot; help@moz.com)"
157.55.39.158 - - [17/Jul/2022:13:28:48 +0200] "GET /beer-glass-bottle-opener-p-53489.html HTTP/1.0" 200 75147 "-" "Mozilla/5.0 (compatible; bingbot/2.0; +http://www.bing.com/bingbot.htm)"
207.46.13.23 - - [17/Jul/2022:13:28:50 +0200] "GET /disney-princess-belive-poster-p-37819.html HTTP/1.0" 301 71556 "-" "Mozilla/5.0 (compatible; bingbot/2.0; +http://www.bing.com/bingbot.htm)"
207.46.13.23 - - [17/Jul/2022:13:28:52 +0200] "GET /pineapple-wooden-carved-patinated-white-gold-p-47423.html HTTP/1.0" 301 71556 "-" "Mozilla/5.0 (compatible; bingbot/2.0; +http://www.bing.com/bingbot.htm)"
216.244.66.242 - - [17/Jul/2022:13:28:56 +0200] "GET /images/3281640393609.jpg HTTP/1.0" 200 259 "-" "Mozilla/5.0 (compatible; DotBot/1.2; +https://opensiteexplorer.org/dotbot; help@moz.com)"
216.244.66.242 - - [17/Jul/2022:13:29:02 +0200] "GET /images/3438100341094.jpg HTTP/1.0" 200 259 "-" "Mozilla/5.0 (compatible; DotBot/1.2; +https://opensiteexplorer.org/dotbot; help@moz.com)"
185.191.171.18 - - [17/Jul/2022:13:29:03 +0200] "GET /white-neck-water-bottle-p-57532.html HTTP/1.0" 200 74959 "-" "Mozilla/5.0 (compatible; SemrushBot/7~bl; +http://www.semrush.com/bot.html)"
216.244.66.242 - - [17/Jul/2022:13:29:08 +0200] "GET /images/3585190249059.jpg HTTP/1.0" 200 259 "-" "Mozilla/5.0 (compatible; DotBot/1.2; +https://opensiteexplorer.org/dotbot; help@moz.com)"
216.244.66.242 - - [17/Jul/2022:13:29:14 +0200] "GET /images/3660173145419.jpg HTTP/1.0" 200 259 "-" "Mozilla/5.0 (compatible; DotBot/1.2; +https://opensiteexplorer.org/dotbot; help@moz.com)"
54.36.148.206 - - [17/Jul/2022:13:29:17 +0200] "GET /uk-carlin-by-cbk-coffee-cup-set-p-30075.html HTTP/1.0" 301 71556 "-" "Mozilla/5.0 (compatible; AhrefsBot/7.0; +http://ahrefs.com/robot/)"
216.244.66.242 - - [17/Jul/2022:13:29:18 +0200] "GET /images/3660173163628.jpg HTTP/1.0" 200 259 "-" "Mozilla/5.0 (compatible; DotBot/1.2; +https://opensiteexplorer.org/dotbot; help@moz.com)"
216.244.66.242 - - [17/Jul/2022:13:29:21 +0200] "GET /images/3700815390361.jpg HTTP/1.0" 200 259 "-" "Mozilla/5.0 (compatible; DotBot/1.2; +https://opensiteexplorer.org/dotbot; help@moz.com)"
216.244.66.242 - - [17/Jul/2022:13:29:26 +0200] "GET /images/4029811317295.jpg HTTP/1.0" 200 259 "-" "Mozilla/5.0 (compatible; DotBot/1.2; +https://opensiteexplorer.org/dotbot; help@moz.com)"
216.244.66.242 - - [17/Jul/2022:13:29:29 +0200] "GET /images/4029811331512.jpg HTTP/1.0" 200 259 "-" "Mozilla/5.0 (compatible; DotBot/1.2; +https://opensiteexplorer.org/dotbot; help@moz.com)"
216.244.66.242 - - [17/Jul/2022:13:29:32 +0200] "GET /indian-fancy-bracelet-finish-silvered-color-p-43747.html HTTP/1.0" 200 74251 "-" "Mozilla/5.0 (compatible; DotBot/1.2; +https://opensiteexplorer.org/dotbot; help@moz.com)"
216.244.66.242 - - [17/Jul/2022:13:29:37 +0200] "GET /salt-pepper-shaker-p-40791.html HTTP/1.0" 200 74165 "-" "Mozilla/5.0 (compatible; DotBot/1.2; +https://opensiteexplorer.org/dotbot; help@moz.com)"
66.249.70.64 - - [17/Jul/2022:13:29:55 +0200] "GET /images/big_prod/3612875119793.jpg HTTP/1.0" 200 268 "-" "Googlebot-Image/1.0"
95.163.255.65 - - [17/Jul/2022:13:30:06 +0200] "GET /robots.txt HTTP/1.0" 200 245 "-" "Mozilla/5.0 (compatible; Linux x86_64; Mail.RU_Bot/2.0; +https://help.mail.ru/webmaster/indexing/robots)"
207.46.13.169 - - [17/Jul/2022:13:30:07 +0200] "GET /coca-bottle-night-light-p-53132.html HTTP/1.0" 200 71571 "-" "Mozilla/5.0 (compatible; bingbot/2.0; +http://www.bing.com/bingbot.htm)"
95.163.255.62 - - [17/Jul/2022:13:30:09 +0200] "GET / HTTP/1.0" 200 96685 "-" "Mozilla/5.0 (compatible; Linux x86_64; Mail.RU_Bot/2.0; +https://help.mail.ru/webmaster/indexing/robots)"
185.191.171.38 - - [17/Jul/2022:13:30:54 +0200] "GET /african-woman-decoration-p-50053.html?action=add_product HTTP/1.0" 302 476 "-" "Mozilla/5.0 (compatible; SemrushBot/7~bl; +http://www.semrush.com/bot.html)"
185.191.171.40 - - [17/Jul/2022:13:30:56 +0200] "GET /white-lampshade-p-57430.html?action=add_product HTTP/1.0" 302 476 "-" "Mozilla/5.0 (compatible; SemrushBot/7~bl; +http://www.semrush.com/bot.html)"
185.191.171.38 - - [17/Jul/2022:13:30:59 +0200] "GET /smiley-money-p-24007.html?action=add_product HTTP/1.0" 302 476 "-" "Mozilla/5.0 (compatible; SemrushBot/7~bl; +http://www.semrush.com/bot.html)"
185.191.171.38 - - [17/Jul/2022:13:31:45 +0200] "GET /door-coconut-fiber-p-48674.html?action=add_product HTTP/1.0" 302 476 "-" "Mozilla/5.0 (compatible; SemrushBot/7~bl; +http://www.semrush.com/bot.html)"
54.36.148.233 - - [17/Jul/2022:13:31:58 +0200] "GET /cement-tile-stickers-p-50333.html HTTP/1.0" 200 75059 "-" "Mozilla/5.0 (compatible; AhrefsBot/7.0; +http://ahrefs.com/robot/)"
54.36.149.41 - - [17/Jul/2022:13:32:01 +0200] "GET /images/big_prod/3609810065192A.jpg HTTP/1.0" 200 269 "-" "Mozilla/5.0 (compatible; AhrefsBot/7.0; +http://ahrefs.com/robot/)"
