82.131.23.175 - - [17/Jul/2022:20:31:33 +0200] "GET /images/mini_prod/201353014627555642.jpg HTTP/1.1" 200 3980 "http://www.wonder-geek.com/advanced_search_result.php?keywords=jane%20crowther%20cats&sort=2a&&page=16" "Mozilla/5.0 (Windows NT 10.0; Win64; x64; rv:102.0) Gecko/20100101 Firefox/102.0"
82.131.23.175 - - [17/Jul/2022:20:31:33 +0200] "GET /images/mini_prod/8422172730882.jpg HTTP/1.1" 200 4406 "http://www.wonder-geek.com/advanced_search_result.php?keywords=jane%20crowther%20cats&sort=2a&&page=16" "Mozilla/5.0 (Windows NT 10.0; Win64; x64; rv:102.0) Gecko/20100101 Firefox/102.0"
82.131.23.175 - - [17/Jul/2022:20:31:33 +0200] "GET /images/mini_prod/8422172730899.jpg HTTP/1.1" 200 3900 "http://www.wonder-geek.com/advanced_search_result.php?keywords=jane%20crowther%20cats&sort=2a&&page=16" "Mozilla/5.0 (Windows NT 10.0; Win64; x64; rv:102.0) Gecko/20100101 Firefox/102.0"
82.131.23.175 - - [17/Jul/2022:20:31:33 +0200] "GET /images/mini_prod/8422172730905.jpg HTTP/1.1" 200 4917 "http://www.wonder-geek.com/advanced_search_result.php?keywords=jane%20crowther%20cats&sort=2a&&page=16" "Mozilla/5.0 (Windows NT 10.0; Win64; x64; rv:102.0) Gecko/20100101 Firefox/102.0"
82.131.23.175 - - [17/Jul/2022:20:31:33 +0200] "GET /images/mini_prod/3700572738963.jpg HTTP/1.1" 200 8870 "http://www.wonder-geek.com/advanced_search_result.php?keywords=jane%20crowther%20cats&sort=2a&&page=16" "Mozilla/5.0 (Windows NT 10.0; Win64; x64; rv:102.0) Gecko/20100101 Firefox/102.0"
82.131.23.175 - - [17/Jul/2022:20:31:33 +0200] "GET /images/mini_prod/3700572738864.jpg HTTP/1.1" 200 8125 "http://www.wonder-geek.com/advanced_search_result.php?keywords=jane%20crowther%20cats&sort=2a&&page=16" "Mozilla/5.0 (Windows NT 10.0; Win64; x64; rv:102.0) Gecko/20100101 Firefox/102.0"
82.131.23.175 - - [17/Jul/2022:20:31:33 +0200] "GET /images/mini_prod/3560600298841.jpg HTTP/1.1" 200 6976 "http://www.wonder-geek.com/advanced_search_result.php?keywords=jane%20crowther%20cats&sort=2a&&page=16" "Mozilla/5.0 (Windows NT 10.0; Win64; x64; rv:102.0) Gecko/20100101 Firefox/102.0"
82.131.23.175 - - [17/Jul/2022:20:31:33 +0200] "GET /images/mini_prod/3560600306034B.jpg HTTP/1.1" 200 9162 "http://www.wonder-geek.com/advanced_search_result.php?keywords=jane%20crowther%20cats&sort=2a&&page=16" "Mozilla/5.0 (Windows NT 10.0; Win64; x64; rv:102.0) Gecko/20100101 Firefox/102.0"
82.131.23.175 - - [17/Jul/2022:20:31:33 +0200] "GET /images/mini_prod/3560600314268.jpg HTTP/1.1" 200 9940 "http://www.wonder-geek.com/advanced_search_result.php?keywords=jane%20crowther%20cats&sort=2a&&page=16" "Mozilla/5.0 (Windows NT 10.0; Win64; x64; rv:102.0) Gecko/20100101 Firefox/102.0"
82.131.23.175 - - [17/Jul/2022:20:31:33 +0200] "GET /images/mini_prod/3560600315739.jpg HTTP/1.1" 200 12438 "http://www.wonder-geek.com/advanced_search_result.php?keywords=jane%20crowther%20cats&sort=2a&&page=16" "Mozilla/5.0 (Windows NT 10.0; Win64; x64; rv:102.0) Gecko/20100101 Firefox/102.0"
82.131.23.175 - - [17/Jul/2022:20:31:47 +0200] "GET /images/mini_prod/3453131151382.jpg HTTP/1.1" 200 7493 "http://www.wonder-geek.com/advanced_search_result.php?keywords=jane%20crowther%20cats&sort=2a&&page=17" "Mozilla/5.0 (Windows NT 10.0; Win64; x64; rv:102.0) Gecko/20100101 Firefox/102.0"
82.131.23.175 - - [17/Jul/2022:20:31:47 +0200] "GET /images/mini_prod/8424001775101.jpg HTTP/1.1" 200 6691 "http://www.wonder-geek.com/advanced_search_result.php?keywords=jane%20crowther%20cats&sort=2a&&page=17" "Mozilla/5.0 (Windows NT 10.0; Win64; x64; rv:102.0) Gecko/20100101 Firefox/102.0"
82.131.23.175 - - [17/Jul/2022:20:31:47 +0200] "GET /images/mini_prod/3503420127014.jpg HTTP/1.1" 200 5567 "http://www.wonder-geek.com/advanced_search_result.php?keywords=jane%20crowther%20cats&sort=2a&&page=17" "Mozilla/5.0 (Windows NT 10.0; Win64; x64; rv:102.0) Gecko/20100101 Firefox/102.0"
82.131.23.175 - - [17/Jul/2022:20:31:47 +0200] "GET /images/mini_prod/8422053140007.jpg HTTP/1.1" 200 3298 "http://www.wonder-geek.com/advanced_search_result.php?keywords=jane%20crowther%20cats&sort=2a&&page=17" "Mozilla/5.0 (Windows NT 10.0; Win64; x64; rv:102.0) Gecko/20100101 Firefox/102.0"
82.131.23.175 - - [17/Jul/2022:20:31:47 +0200] "GET /images/mini_prod/3700572712277B.jpg HTTP/1.1" 200 5843 "http://www.wonder-geek.com/advanced_search_result.php?keywords=jane%20crowther%20cats&sort=2a&&page=17" "Mozilla/5.0 (Windows NT 10.0; Win64; x64; rv:102.0) Gecko/20100101 Firefox/102.0"
82.131.23.175 - - [17/Jul/2022:20:31:47 +0200] "GET /images/mini_prod/3565750277838.jpg HTTP/1.1" 200 2728 "http://www.wonder-geek.com/advanced_search_result.php?keywords=jane%20crowther%20cats&sort=2a&&page=17" "Mozilla/5.0 (Windows NT 10.0; Win64; x64; rv:102.0) Gecko/20100101 Firefox/102.0"
82.131.23.175 - - [17/Jul/2022:20:31:47 +0200] "GET /images/mini_prod/8718375753729.jpg HTTP/1.1" 200 9527 "http://www.wonder-geek.com/advanced_search_result.php?keywords=jane%20crowther%20cats&sort=2a&&page=17" "Mozilla/5.0 (Windows NT 10.0; Win64; x64; rv:102.0) Gecko/20100101 Firefox/102.0"
82.131.23.175 - - [17/Jul/2022:20:31:47 +0200] "GET /images/mini_prod/8717202558834.jpg HTTP/1.1" 200 7013 "http://www.wonder-geek.com/advanced_search_result.php?keywords=jane%20crowther%20cats&sort=2a&&page=17" "Mozilla/5.0 (Windows NT 10.0; Win64; x64; rv:102.0) Gecko/20100101 Firefox/102.0"
82.131.23.175 - - [17/Jul/2022:20:31:47 +0200] "GET /images/mini_prod/3503420101182.jpg HTTP/1.1" 200 7716 "http://www.wonder-geek.com/advanced_search_result.php?keywords=jane%20crowther%20cats&sort=2a&&page=17" "Mozilla/5.0 (Windows NT 10.0; Win64; x64; rv:102.0) Gecko/20100101 Firefox/102.0"
82.131.23.175 - - [17/Jul/2022:20:31:47 +0200] "GET /images/mini_prod/3503420059414.jpg HTTP/1.1" 200 3748 "http://www.wonder-geek.com/advanced_search_result.php?keywords=jane%20crowther%20cats&sort=2a&&page=17" "Mozilla/5.0 (Windows NT 10.0; Win64; x64; rv:102.0) Gecko/20100101 Firefox/102.0"
82.131.23.175 - - [17/Jul/2022:20:31:47 +0200] "GET /images/mini_prod/3503420087769.jpg HTTP/1.1" 200 5108 "http://www.wonder-geek.com/advanced_search_result.php?keywords=jane%20crowther%20cats&sort=2a&&page=17" "Mozilla/5.0 (Windows NT 10.0; Win64; x64; rv:102.0) Gecko/20100101 Firefox/102.0"
82.131.23.175 - - [17/Jul/2022:20:31:47 +0200] "GET /images/mini_prod/3503420073212.jpg HTTP/1.1" 200 5636 "http://www.wonder-geek.com/advanced_search_result.php?keywords=jane%20crowther%20cats&sort=2a&&page=17" "Mozilla/5.0 (Windows NT 10.0; Win64; x64; rv:102.0) Gecko/20100101 Firefox/102.0"
82.131.23.175 - - [17/Jul/2022:20:31:47 +0200] "GET /images/mini_prod/5415203665041.jpg HTTP/1.1" 200 7176 "http://www.wonder-geek.com/advanced_search_result.php?keywords=jane%20crowther%20cats&sort=2a&&page=17" "Mozilla/5.0 (Windows NT 10.0; Win64; x64; rv:102.0) Gecko/20100101 Firefox/102.0"
82.131.23.175 - - [17/Jul/2022:20:31:47 +0200] "GET /images/mini_prod/8433933162910.jpg HTTP/1.1" 200 3996 "http://www.wonder-geek.com/advanced_search_result.php?keywords=jane%20crowther%20cats&sort=2a&&page=17" "Mozilla/5.0 (Windows NT 10.0; Win64; x64; rv:102.0) Gecko/20100101 Firefox/102.0"
82.131.23.175 - - [17/Jul/2022:20:31:47 +0200] "GET /images/mini_prod/8424346222032.jpg HTTP/1.1" 200 4774 "http://www.wonder-geek.com/advanced_search_result.php?keywords=jane%20crowther%20cats&sort=2a&&page=17" "Mozilla/5.0 (Windows NT 10.0; Win64; x64; rv:102.0) Gecko/20100101 Firefox/102.0"
82.131.23.175 - - [17/Jul/2022:20:31:47 +0200] "GET /images/mini_prod/3565750277852.jpg HTTP/1.1" 200 3566 "http://www.wonder-geek.com/advanced_search_result.php?keywords=jane%20crowther%20cats&sort=2a&&page=17" "Mozilla/5.0 (Windows NT 10.0; Win64; x64; rv:102.0) Gecko/20100101 Firefox/102.0"
82.131.23.175 - - [17/Jul/2022:20:31:47 +0200] "GET /images/mini_prod/8433933185056.jpg HTTP/1.1" 200 3739 "http://www.wonder-geek.com/advanced_search_result.php?keywords=jane%20crowther%20cats&sort=2a&&page=17" "Mozilla/5.0 (Windows NT 10.0; Win64; x64; rv:102.0) Gecko/20100101 Firefox/102.0"
82.131.23.175 - - [17/Jul/2022:20:31:47 +0200] "GET /images/mini_prod/201343014627555642.jpg HTTP/1.1" 200 3943 "http://www.wonder-geek.com/advanced_search_result.php?keywords=jane%20crowther%20cats&sort=2a&&page=17" "Mozilla/5.0 (Windows NT 10.0; Win64; x64; rv:102.0) Gecko/20100101 Firefox/102.0"
54.36.149.51 - - [17/Jul/2022:20:32:26 +0200] "GET /images/big_prod/3014627880119.jpg HTTP/1.1" 200 79839 "-" "Mozilla/5.0 (compatible; AhrefsBot/7.0; +http://ahrefs.com/robot/)"
54.36.148.219 - - [17/Jul/2022:20:32:26 +0200] "GET /images/big_prod_1/3014627880119a.jpg HTTP/1.1" 200 278760 "-" "Mozilla/5.0 (compatible; AhrefsBot/7.0; +http://ahrefs.com/robot/)"
195.110.77.193 - - [17/Jul/2022:20:33:06 +0200] "GET /images/mini_prod/3609810082038.jpg HTTP/1.1" 200 7954 "-" "Mozilla/5.0 (X11; Ubuntu; Linux x86_64; rv:72.0) Gecko/20100101 Firefox/72.0"
131.107.174.172 - - [17/Jul/2022:20:34:31 +0200] "GET /images/mini_prod/8435333853283.jpg HTTP/1.1" 200 10312 "-" "Mozilla/5.0 (X11; Ubuntu; Linux x86_64; rv:72.0) Gecko/20100101 Firefox/72.0"
66.249.70.64 - - [17/Jul/2022:20:34:45 +0200] "GET /images/big_prod/5051276424187.jpg HTTP/1.1" 200 37861 "-" "Googlebot-Image/1.0"
207.46.13.208 - - [17/Jul/2022:20:36:07 +0200] "GET /images/med_prod/3560600283724.jpg HTTP/1.1" 200 88980 "-" "Mozilla/5.0 (compatible; bingbot/2.0; +http://www.bing.com/bingbot.htm)"
54.36.149.100 - - [17/Jul/2022:20:36:49 +0200] "GET /images/big_prod/8433933129265.jpg HTTP/1.1" 200 104803 "-" "Mozilla/5.0 (compatible; AhrefsBot/7.0; +http://ahrefs.com/robot/)"
77.88.5.172 - - [17/Jul/2022:20:37:07 +0200] "GET /robots.txt HTTP/1.1" 200 2438 "-" "Mozilla/5.0 (compatible; YandexBot/3.0; +http://yandex.com/bots)"
157.55.39.158 - - [17/Jul/2022:20:37:09 +0200] "GET /images/big_prod_5/c4542202653760.jpg HTTP/1.1" 200 106858 "-" "Mozilla/5.0 (compatible; bingbot/2.0; +http://www.bing.com/bingbot.htm)"
207.46.13.169 - - [17/Jul/2022:20:38:39 +0200] "GET /images/mini_prod/5022271900839.jpg HTTP/1.1" 200 6065 "-" "Mozilla/5.0 (compatible; bingbot/2.0; +http://www.bing.com/bingbot.htm)"
207.46.13.146 - - [17/Jul/2022:20:40:27 +0200] "GET /images/big_prod/3609810090125.jpg HTTP/1.1" 200 260676 "-" "Mozilla/5.0 (compatible; bingbot/2.0; +http://www.bing.com/bingbot.htm)"
207.46.13.169 - - [17/Jul/2022:20:40:29 +0200] "GET /images/big_prod_1/8424001615155a.jpg HTTP/1.1" 200 244333 "-" "Mozilla/5.0 (compatible; bingbot/2.0; +http://www.bing.com/bingbot.htm)"
147.92.153.10 - - [17/Jul/2022:20:40:46 +0200] "GET /images/big_prod/4260082938066.jpg HTTP/1.1" 200 87675 "-" "Mozilla/5.0 (compatible; Linespider/1.1; +https://lin.ee/4dwXkTH)"
131.107.174.172 - - [17/Jul/2022:20:41:22 +0200] "GET /images/big_prod_1/8717318193042a.jpg HTTP/1.1" 200 190748 "-" "Mozilla/5.0 (X11; Ubuntu; Linux x86_64; rv:72.0) Gecko/20100101 Firefox/72.0"
131.107.174.172 - - [17/Jul/2022:20:41:32 +0200] "GET /images/mini_prod/7601019995498.jpg HTTP/1.1" 200 10288 "-" "Mozilla/5.0 (X11; Ubuntu; Linux x86_64; rv:72.0) Gecko/20100101 Firefox/72.0"
66.249.70.88 - - [17/Jul/2022:20:46:53 +0200] "GET /images/big_prod/3700276215920.jpg HTTP/1.1" 200 70207 "-" "Googlebot-Image/1.0"
207.46.13.169 - - [17/Jul/2022:20:49:10 +0200] "GET /images/8435306275555.jpg HTTP/1.1" 200 91626 "-" "Mozilla/5.0 (compatible; bingbot/2.0; +http://www.bing.com/bingbot.htm)"
82.31.207.178 - - [17/Jul/2022:20:50:20 +0200] "GET /highslide/highslide.js HTTP/1.1" 200 42909 "http://www.wonder-geek.com/cats-dubout-figurine-p-33745.html" "Mozilla/5.0 (Linux; Android 11; SM-A217F) AppleWebKit/537.36 (KHTML, like Gecko) Chrome/103.0.0.0 Mobile Safari/537.36"
82.31.207.178 - - [17/Jul/2022:20:50:20 +0200] "GET /js/jquery.jqzoom.js HTTP/1.1" 200 4761 "http://www.wonder-geek.com/cats-dubout-figurine-p-33745.html" "Mozilla/5.0 (Linux; Android 11; SM-A217F) AppleWebKit/537.36 (KHTML, like Gecko) Chrome/103.0.0.0 Mobile Safari/537.36"
82.31.207.178 - - [17/Jul/2022:20:50:20 +0200] "GET /templates/Pixame_v1/stylesheet.css HTTP/1.1" 200 56057 "http://www.wonder-geek.com/cats-dubout-figurine-p-33745.html" "Mozilla/5.0 (Linux; Android 11; SM-A217F) AppleWebKit/537.36 (KHTML, like Gecko) Chrome/103.0.0.0 Mobile Safari/537.36"
82.31.207.178 - - [17/Jul/2022:20:50:20 +0200] "GET /js/jquery.js HTTP/1.1" 200 54075 "http://www.wonder-geek.com/cats-dubout-figurine-p-33745.html" "Mozilla/5.0 (Linux; Android 11; SM-A217F) AppleWebKit/537.36 (KHTML, like Gecko) Chrome/103.0.0.0 Mobile Safari/537.36"
82.31.207.178 - - [17/Jul/2022:20:50:20 +0200] "GET /mondial_relay/js/jquery-1.3.2.min.js HTTP/1.1" 200 57254 "http://www.wonder-geek.com/cats-dubout-figurine-p-33745.html" "Mozilla/5.0 (Linux; Android 11; SM-A217F) AppleWebKit/537.36 (KHTML, like Gecko) Chrome/103.0.0.0 Mobile Safari/537.36"
82.31.207.178 - - [17/Jul/2022:20:50:20 +0200] "GET /templates/Pixame_v1/images/icon_accueil2.png HTTP/1.1" 200 1137 "http://www.wonder-geek.com/cats-dubout-figurine-p-33745.html" "Mozilla/5.0 (Linux; Android 11; SM-A217F) AppleWebKit/537.36 (KHTML, like Gecko) Chrome/103.0.0.0 Mobile Safari/537.36"
82.31.207.178 - - [17/Jul/2022:20:50:20 +0200] "GET /templates/Pixame_v1/images/buttons/english/button_in_cart.gif HTTP/1.1" 200 1212 "http://www.wonder-geek.com/cats-dubout-figurine-p-33745.html" "Mozilla/5.0 (Linux; Android 11; SM-A217F) AppleWebKit/537.36 (KHTML, like Gecko) Chrome/103.0.0.0 Mobile Safari/537.36"
82.31.207.178 - - [17/Jul/2022:20:50:20 +0200] "GET /templates/Pixame_v1/images/Bottom_texture.jpg HTTP/1.1" 200 56290 "http://www.wonder-geek.com/templates/Pixame_v1/stylesheet.css" "Mozilla/5.0 (Linux; Android 11; SM-A217F) AppleWebKit/537.36 (KHTML, like Gecko) Chrome/103.0.0.0 Mobile Safari/537.36"
82.31.207.178 - - [17/Jul/2022:20:50:20 +0200] "GET /images/big_prod/8717202558803.jpg HTTP/1.1" 200 74494 "http://www.wonder-geek.com/cats-dubout-figurine-p-33745.html" "Mozilla/5.0 (Linux; Android 11; SM-A217F) AppleWebKit/537.36 (KHTML, like Gecko) Chrome/103.0.0.0 Mobile Safari/537.36"
82.31.207.178 - - [17/Jul/2022:20:50:20 +0200] "GET /templates/Pixame_v1/images/nav.png HTTP/1.1" 200 1283 "http://www.wonder-geek.com/templates/Pixame_v1/stylesheet.css" "Mozilla/5.0 (Linux; Android 11; SM-A217F) AppleWebKit/537.36 (KHTML, like Gecko) Chrome/103.0.0.0 Mobile Safari/537.36"
82.31.207.178 - - [17/Jul/2022:20:50:20 +0200] "GET /images/big_prod_1/8717202558803a.jpg HTTP/1.1" 200 70152 "http://www.wonder-geek.com/cats-dubout-figurine-p-33745.html" "Mozilla/5.0 (Linux; Android 11; SM-A217F) AppleWebKit/537.36 (KHTML, like Gecko) Chrome/103.0.0.0 Mobile Safari/537.36"
82.31.207.178 - - [17/Jul/2022:20:50:21 +0200] "GET /design/productsenstock.png HTTP/1.1" 200 4743 "http://www.wonder-geek.com/templates/Pixame_v1/stylesheet.css" "Mozilla/5.0 (Linux; Android 11; SM-A217F) AppleWebKit/537.36 (KHTML, like Gecko) Chrome/103.0.0.0 Mobile Safari/537.36"
82.31.207.178 - - [17/Jul/2022:20:50:21 +0200] "GET /templates/Pixame_v1/images/header.png HTTP/1.1" 200 70245 "http://www.wonder-geek.com/templates/Pixame_v1/stylesheet.css" "Mozilla/5.0 (Linux; Android 11; SM-A217F) AppleWebKit/537.36 (KHTML, like Gecko) Chrome/103.0.0.0 Mobile Safari/537.36"
82.31.207.178 - - [17/Jul/2022:20:50:21 +0200] "GET /templates/Pixame_v1/images/header-object.png HTTP/1.1" 200 106050 "http://www.wonder-geek.com/templates/Pixame_v1/stylesheet.css" "Mozilla/5.0 (Linux; Android 11; SM-A217F) AppleWebKit/537.36 (KHTML, like Gecko) Chrome/103.0.0.0 Mobile Safari/537.36"
82.31.207.178 - - [17/Jul/2022:20:50:21 +0200] "GET /templates/Pixame_v1/images/Middle_texture.jpg HTTP/1.1" 200 249620 "http://www.wonder-geek.com/templates/Pixame_v1/stylesheet.css" "Mozilla/5.0 (Linux; Android 11; SM-A217F) AppleWebKit/537.36 (KHTML, like Gecko) Chrome/103.0.0.0 Mobile Safari/537.36"
82.31.207.178 - - [17/Jul/2022:20:50:21 +0200] "GET /highslide/graphics/outlines/drop-shadow.png HTTP/1.1" 200 2022 "http://www.wonder-geek.com/cats-dubout-figurine-p-33745.html" "Mozilla/5.0 (Linux; Android 11; SM-A217F) AppleWebKit/537.36 (KHTML, like Gecko) Chrome/103.0.0.0 Mobile Safari/537.36"
82.31.207.178 - - [17/Jul/2022:20:50:21 +0200] "GET /favicon.ico HTTP/1.1" 200 1591 "http://www.wonder-geek.com/cats-dubout-figurine-p-33745.html" "Mozilla/5.0 (Linux; Android 11; SM-A217F) AppleWebKit/537.36 (KHTML, like Gecko) Chrome/103.0.0.0 Mobile Safari/537.36"
54.36.148.191 - - [17/Jul/2022:20:50:30 +0200] "GET /images/big_prod/9316188080859.jpg HTTP/1.1" 200 75864 "-" "Mozilla/5.0 (compatible; AhrefsBot/7.0; +http://ahrefs.com/robot/)"
157.55.39.158 - - [17/Jul/2022:20:52:21 +0200] "GET /images/mini_prod/9316188080026.jpg HTTP/1.1" 200 5772 "-" "Mozilla/5.0 (compatible; bingbot/2.0; +http://www.bing.com/bingbot.htm)"
54.36.149.62 - - [17/Jul/2022:20:54:18 +0200] "GET /images/big_prod/3700276234013N.jpg HTTP/1.1" 200 153480 "-" "Mozilla/5.0 (compatible; AhrefsBot/7.0; +http://ahrefs.com/robot/)"
131.107.174.172 - - [17/Jul/2022:20:55:06 +0200] "GET /images/mini_prod/8412497371747.jpg HTTP/1.1" 200 8125 "-" "Mozilla/5.0 (X11; Ubuntu; Linux x86_64; rv:72.0) Gecko/20100101 Firefox/72.0"
207.46.13.146 - - [17/Jul/2022:20:55:58 +0200] "GET /images/big_prod_1/3700230606382c.jpg HTTP/1.1" 200 65629 "-" "Mozilla/5.0 (compatible; bingbot/2.0; +http://www.bing.com/bingbot.htm)"
35.194.179.26 - - [17/Jul/2022:20:56:12 +0200] "GET /images/mini_prod/3760116310321.jpg HTTP/1.1" 200 10103 "-" "Mozilla/5.0 (X11; Ubuntu; Linux x86_64; rv:72.0) Gecko/20100101 Firefox/72.0"
54.36.148.245 - - [17/Jul/2022:20:56:12 +0200] "GET /images/big_prod/8996969696908.jpg HTTP/1.1" 200 118647 "-" "Mozilla/5.0 (compatible; AhrefsBot/7.0; +http://ahrefs.com/robot/)"
207.46.13.208 - - [17/Jul/2022:20:56:29 +0200] "GET /images/8036281601133.jpg HTTP/1.1" 200 43067 "-" "Mozilla/5.0 (compatible; bingbot/2.0; +http://www.bing.com/bingbot.htm)"
207.46.13.208 - - [17/Jul/2022:20:57:17 +0200] "GET /images/4010070227272.jpg HTTP/1.1" 200 22666 "-" "Mozilla/5.0 (compatible; bingbot/2.0; +http://www.bing.com/bingbot.htm)"
40.77.167.58 - - [17/Jul/2022:20:57:58 +0200] "GET /images/big_prod/1328399270330.jpg HTTP/1.1" 200 345491 "-" "Mozilla/5.0 (compatible; bingbot/2.0; +http://www.bing.com/bingbot.htm)"
54.36.148.104 - - [17/Jul/2022:20:58:00 +0200] "GET /images/big_prod_2/138399271467b.jpg HTTP/1.1" 200 189398 "-" "Mozilla/5.0 (compatible; AhrefsBot/7.0; +http://ahrefs.com/robot/)"
54.36.148.11 - - [17/Jul/2022:20:58:01 +0200] "GET /images/big_prod/138399271467.jpg HTTP/1.1" 200 250887 "-" "Mozilla/5.0 (compatible; AhrefsBot/7.0; +http://ahrefs.com/robot/)"
54.36.148.16 - - [17/Jul/2022:20:58:01 +0200] "GET /images/big_prod_3/138399271467c.jpg HTTP/1.1" 200 191519 "-" "Mozilla/5.0 (compatible; AhrefsBot/7.0; +http://ahrefs.com/robot/)"
54.36.148.59 - - [17/Jul/2022:20:58:02 +0200] "GET /images/big_prod_1/138399271467a.jpg HTTP/1.1" 200 269960 "-" "Mozilla/5.0 (compatible; AhrefsBot/7.0; +http://ahrefs.com/robot/)"
54.36.148.29 - - [17/Jul/2022:20:58:02 +0200] "GET /images/big_prod_4/138399271467e.jpg HTTP/1.1" 200 198194 "-" "Mozilla/5.0 (compatible; AhrefsBot/7.0; +http://ahrefs.com/robot/)"
207.46.13.169 - - [17/Jul/2022:20:58:11 +0200] "GET /images/big_prod/boudha1384010191187.jpg HTTP/1.1" 200 98359 "-" "Mozilla/5.0 (compatible; bingbot/2.0; +http://www.bing.com/bingbot.htm)"
186.174.120.174 - - [17/Jul/2022:20:59:04 +0200] "GET /images/big_prod_1/3457019600474.jpg HTTP/1.1" 200 106080 "-" "com.google.android.apps.searchlite/654289 (Linux; U; Android 10; es_US; SM-A013M; Build/QP1A.190711.020; Cronet/103.0.5060.42)"
82.131.23.175 - - [17/Jul/2022:20:59:14 +0200] "GET /templates/Pixame_v1/images/icon_accueil2.png HTTP/1.1" 200 1137 "http://www.wonder-geek.com/jane-crowther-cats-p-54762.html" "Mozilla/5.0 (Windows NT 10.0; Win64; x64; rv:102.0) Gecko/20100101 Firefox/102.0"
82.131.23.175 - - [17/Jul/2022:20:59:14 +0200] "GET /templates/Pixame_v1/images/nav.png HTTP/1.1" 200 1283 "http://www.wonder-geek.com/templates/Pixame_v1/stylesheet.css" "Mozilla/5.0 (Windows NT 10.0; Win64; x64; rv:102.0) Gecko/20100101 Firefox/102.0"
82.131.23.175 - - [17/Jul/2022:20:59:14 +0200] "GET /templates/Pixame_v1/images/Bottom_texture.jpg HTTP/1.1" 200 56290 "http://www.wonder-geek.com/templates/Pixame_v1/stylesheet.css" "Mozilla/5.0 (Windows NT 10.0; Win64; x64; rv:102.0) Gecko/20100101 Firefox/102.0"
82.131.23.175 - - [17/Jul/2022:20:59:14 +0200] "GET /design/productsenstock.png HTTP/1.1" 200 4743 "http://www.wonder-geek.com/templates/Pixame_v1/stylesheet.css" "Mozilla/5.0 (Windows NT 10.0; Win64; x64; rv:102.0) Gecko/20100101 Firefox/102.0"
82.131.23.175 - - [17/Jul/2022:20:59:15 +0200] "GET /templates/Pixame_v1/images/header.png HTTP/1.1" 200 70245 "http://www.wonder-geek.com/templates/Pixame_v1/stylesheet.css" "Mozilla/5.0 (Windows NT 10.0; Win64; x64; rv:102.0) Gecko/20100101 Firefox/102.0"
82.131.23.175 - - [17/Jul/2022:20:59:15 +0200] "GET /templates/Pixame_v1/images/buttons/english/button_in_cart.gif HTTP/1.1" 200 1212 "http://www.wonder-geek.com/jane-crowther-cats-p-54762.html" "Mozilla/5.0 (Windows NT 10.0; Win64; x64; rv:102.0) Gecko/20100101 Firefox/102.0"
82.131.23.175 - - [17/Jul/2022:20:59:15 +0200] "GET /templates/Pixame_v1/images/header-object.png HTTP/1.1" 200 106050 "http://www.wonder-geek.com/templates/Pixame_v1/stylesheet.css" "Mozilla/5.0 (Windows NT 10.0; Win64; x64; rv:102.0) Gecko/20100101 Firefox/102.0"
82.131.23.175 - - [17/Jul/2022:20:59:15 +0200] "GET /templates/Pixame_v1/images/Middle_texture.jpg HTTP/1.1" 200 249620 "http://www.wonder-geek.com/templates/Pixame_v1/stylesheet.css" "Mozilla/5.0 (Windows NT 10.0; Win64; x64; rv:102.0) Gecko/20100101 Firefox/102.0"
82.131.23.175 - - [17/Jul/2022:20:59:33 +0200] "GET /images/big_prod/3700572738154.jpg HTTP/1.1" 200 372300 "http://www.wonder-geek.com/jane-crowther-cats-p-54762.html" "Mozilla/5.0 (Windows NT 10.0; Win64; x64; rv:102.0) Gecko/20100101 Firefox/102.0"
82.131.23.175 - - [17/Jul/2022:20:59:33 +0200] "GET /images/big_prod_1/3700572738154B.jpg HTTP/1.1" 200 327040 "http://www.wonder-geek.com/jane-crowther-cats-p-54762.html" "Mozilla/5.0 (Windows NT 10.0; Win64; x64; rv:102.0) Gecko/20100101 Firefox/102.0"
157.55.39.158 - - [17/Jul/2022:20:59:42 +0200] "GET /images/doudounepetshop.jpg HTTP/1.1" 200 24362 "-" "Mozilla/5.0 (compatible; bingbot/2.0; +http://www.bing.com/bingbot.htm)"
82.131.23.175 - - [17/Jul/2022:20:59:52 +0200] "GET /templates/Pixame_v1/images/flash.swf HTTP/1.1" 200 2868 "http://www.wonder-geek.com/jane-crowther-cats-p-53788.html" "Mozilla/5.0 (Windows NT 10.0; Win64; x64; rv:102.0) Gecko/20100101 Firefox/102.0"
82.131.23.175 - - [17/Jul/2022:20:59:53 +0200] "GET /images/big_prod/3700572714998.jpg HTTP/1.1" 200 305924 "http://www.wonder-geek.com/jane-crowther-cats-p-53788.html" "Mozilla/5.0 (Windows NT 10.0; Win64; x64; rv:102.0) Gecko/20100101 Firefox/102.0"
82.131.23.175 - - [17/Jul/2022:20:59:54 +0200] "GET /highslide/graphics/outlines/drop-shadow.png HTTP/1.1" 200 2022 "http://www.wonder-geek.com/jane-crowther-cats-p-53788.html" "Mozilla/5.0 (Windows NT 10.0; Win64; x64; rv:102.0) Gecko/20100101 Firefox/102.0"
54.36.148.200 - - [17/Jul/2022:20:59:55 +0200] "GET /images/3565750201055.jpg HTTP/1.1" 200 61935 "-" "Mozilla/5.0 (compatible; AhrefsBot/7.0; +http://ahrefs.com/robot/)"
185.191.171.26 - - [17/Jul/2022:21:00:11 +0200] "GET /robots.txt HTTP/1.1" 200 2438 "-" "Mozilla/5.0 (compatible; SemrushBot/7~bl; +http://www.semrush.com/bot.html)"
131.107.174.172 - - [17/Jul/2022:21:01:05 +0200] "GET /images/mini_prod/4036113830773.jpg HTTP/1.1" 200 11264 "-" "Mozilla/5.0 (X11; Ubuntu; Linux x86_64; rv:72.0) Gecko/20100101 Firefox/72.0"
54.36.149.79 - - [17/Jul/2022:21:01:50 +0200] "GET /images/big_prod/8433933246153.jpg HTTP/1.1" 200 271039 "-" "Mozilla/5.0 (compatible; AhrefsBot/7.0; +http://ahrefs.com/robot/)"
207.46.13.146 - - [17/Jul/2022:21:01:58 +0200] "GET /images/big_prod_1/8422945482703B.jpg HTTP/1.1" 200 66407 "-" "Mozilla/5.0 (compatible; bingbot/2.0; +http://www.bing.com/bingbot.htm)"
207.46.13.146 - - [17/Jul/2022:21:04:28 +0200] "GET /images/090908_213438_PEEL_hXm3pn.jpg HTTP/1.1" 200 24907 "-" "Mozilla/5.0 (compatible; bingbot/2.0; +http://www.bing.com/bingbot.htm)"
54.36.148.234 - - [17/Jul/2022:21:05:11 +0200] "GET /images/big_prod_1/3520071778853.jpg HTTP/1.1" 200 47274 "-" "Mozilla/5.0 (compatible; AhrefsBot/7.0; +http://ahrefs.com/robot/)"
54.36.148.157 - - [17/Jul/2022:21:05:11 +0200] "GET /images/big_prod/3520071778853a.jpg HTTP/1.1" 200 79363 "-" "Mozilla/5.0 (compatible; AhrefsBot/7.0; +http://ahrefs.com/robot/)"
54.36.148.116 - - [17/Jul/2022:21:07:04 +0200] "GET /images/mini_prod/3442440300062.jpg HTTP/1.1" 200 4674 "-" "Mozilla/5.0 (compatible; AhrefsBot/7.0; +http://ahrefs.com/robot/)"
54.36.149.26 - - [17/Jul/2022:21:07:04 +0200] "GET /images/mini_prod/Marevatomette.jpg HTTP/1.1" 200 7790 "-" "Mozilla/5.0 (compatible; AhrefsBot/7.0; +http://ahrefs.com/robot/)"
54.36.149.22 - - [17/Jul/2022:21:07:04 +0200] "GET /images/mini_prod/8445146049469.jpg HTTP/1.1" 200 8445 "-" "Mozilla/5.0 (compatible; AhrefsBot/7.0; +http://ahrefs.com/robot/)"
54.36.148.203 - - [17/Jul/2022:21:07:04 +0200] "GET /images/mini_prod/3442440269673.jpg HTTP/1.1" 200 8438 "-" "Mozilla/5.0 (compatible; AhrefsBot/7.0; +http://ahrefs.com/robot/)"
54.36.149.52 - - [17/Jul/2022:21:07:04 +0200] "GET /images/mini_prod/3442440300093.jpg HTTP/1.1" 200 3854 "-" "Mozilla/5.0 (compatible; AhrefsBot/7.0; +http://ahrefs.com/robot/)"
54.36.148.84 - - [17/Jul/2022:21:07:05 +0200] "GET /images/mini_prod/3442440269697.jpg HTTP/1.1" 200 10922 "-" "Mozilla/5.0 (compatible; AhrefsBot/7.0; +http://ahrefs.com/robot/)"
54.36.149.39 - - [17/Jul/2022:21:07:05 +0200] "GET /images/mini_prod/8445146049452.jpg HTTP/1.1" 200 8445 "-" "Mozilla/5.0 (compatible; AhrefsBot/7.0; +http://ahrefs.com/robot/)"
54.36.148.129 - - [17/Jul/2022:21:07:05 +0200] "GET /images/mini_prod/3442440300123.jpg HTTP/1.1" 200 4599 "-" "Mozilla/5.0 (compatible; AhrefsBot/7.0; +http://ahrefs.com/robot/)"
54.36.149.68 - - [17/Jul/2022:21:07:05 +0200] "GET /images/mini_prod/3442440269765.jpg HTTP/1.1" 200 4688 "-" "Mozilla/5.0 (compatible; AhrefsBot/7.0; +http://ahrefs.com/robot/)"
54.36.149.77 - - [17/Jul/2022:21:07:05 +0200] "GET /images/mini_prod/8445146049445.jpg HTTP/1.1" 200 11030 "-" "Mozilla/5.0 (compatible; AhrefsBot/7.0; +http://ahrefs.com/robot/)"
54.36.148.84 - - [17/Jul/2022:21:07:06 +0200] "GET /images/mini_prod/3442440270426.jpg HTTP/1.1" 200 8420 "-" "Mozilla/5.0 (compatible; AhrefsBot/7.0; +http://ahrefs.com/robot/)"
54.36.148.55 - - [17/Jul/2022:21:07:06 +0200] "GET /images/mini_prod/3560600298711.jpg HTTP/1.1" 200 14923 "-" "Mozilla/5.0 (compatible; AhrefsBot/7.0; +http://ahrefs.com/robot/)"
54.36.148.13 - - [17/Jul/2022:21:07:06 +0200] "GET /images/mini_prod/Marevageai.jpg HTTP/1.1" 200 7586 "-" "Mozilla/5.0 (compatible; AhrefsBot/7.0; +http://ahrefs.com/robot/)"
20.197.209.27 - - [17/Jul/2022:21:08:21 +0200] "GET /images/1399984246160.gif HTTP/1.1" 200 59124 "-" "DuckDuckBot/1.1; (+http://duckduckgo.com/duckduckbot.html)"
54.36.149.38 - - [17/Jul/2022:21:11:01 +0200] "GET /images/big_prod/3453131152044.jpg HTTP/1.1" 200 96119 "-" "Mozilla/5.0 (compatible; AhrefsBot/7.0; +http://ahrefs.com/robot/)"
216.244.66.242 - - [17/Jul/2022:21:11:12 +0200] "GET /robots.txt HTTP/1.1" 200 2438 "-" "Mozilla/5.0 (compatible; DotBot/1.2; +https://opensiteexplorer.org/dotbot; help@moz.com)"
157.55.39.158 - - [17/Jul/2022:21:12:33 +0200] "GET /images/big_prod/8422033158589.jpg HTTP/1.1" 200 109312 "-" "Mozilla/5.0 (compatible; bingbot/2.0; +http://www.bing.com/bingbot.htm)"
54.36.148.199 - - [17/Jul/2022:21:12:52 +0200] "GET /images/big_prod/3665269159356.jpg HTTP/1.1" 200 53970 "-" "Mozilla/5.0 (compatible; AhrefsBot/7.0; +http://ahrefs.com/robot/)"
54.36.148.66 - - [17/Jul/2022:21:12:53 +0200] "GET /images/big_prod_1/3665269159356a.jpg HTTP/1.1" 200 77973 "-" "Mozilla/5.0 (compatible; AhrefsBot/7.0; +http://ahrefs.com/robot/)"
54.36.148.91 - - [17/Jul/2022:21:12:53 +0200] "GET /images/big_prod_2/3665269159356b.jpg HTTP/1.1" 200 70090 "-" "Mozilla/5.0 (compatible; AhrefsBot/7.0; +http://ahrefs.com/robot/)"
207.46.13.169 - - [17/Jul/2022:21:13:43 +0200] "GET /images/big_prod/8433933588765.jpg HTTP/1.1" 200 90613 "-" "Mozilla/5.0 (compatible; bingbot/2.0; +http://www.bing.com/bingbot.htm)"
207.46.13.23 - - [17/Jul/2022:21:15:55 +0200] "GET /images/big_prod/1399985000143.jpg HTTP/1.1" 200 111881 "-" "Mozilla/5.0 (compatible; bingbot/2.0; +http://www.bing.com/bingbot.htm)"
207.46.13.169 - - [17/Jul/2022:21:16:03 +0200] "GET /images/big_prod/8433933193280.jpg HTTP/1.1" 200 96972 "-" "Mozilla/5.0 (compatible; bingbot/2.0; +http://www.bing.com/bingbot.htm)"
207.46.13.146 - - [17/Jul/2022:21:16:09 +0200] "GET /images/5060021882400.jpg HTTP/1.1" 200 57757 "-" "Mozilla/5.0 (compatible; bingbot/2.0; +http://www.bing.com/bingbot.htm)"
207.46.13.23 - - [17/Jul/2022:21:17:05 +0200] "GET /images/3565750204087.jpg HTTP/1.1" 200 118988 "-" "Mozilla/5.0 (compatible; bingbot/2.0; +http://www.bing.com/bingbot.htm)"
54.36.148.147 - - [17/Jul/2022:21:19:21 +0200] "GET /images/big_prod/1384015888075.jpg HTTP/1.1" 200 72150 "-" "Mozilla/5.0 (compatible; AhrefsBot/7.0; +http://ahrefs.com/robot/)"
207.46.13.23 - - [17/Jul/2022:21:19:36 +0200] "GET /images/big_prod/4010070293130.jpg HTTP/1.1" 200 96474 "-" "Mozilla/5.0 (compatible; bingbot/2.0; +http://www.bing.com/bingbot.htm)"
147.92.153.15 - - [17/Jul/2022:21:21:28 +0200] "GET /images/big_prod/8445148021715.jpg HTTP/1.1" 200 532810 "-" "Mozilla/5.0 (compatible; Linespider/1.1; +https://lin.ee/4dwXkTH)"
66.249.70.88 - - [17/Jul/2022:21:22:38 +0200] "GET /images/mini_prod/7316191399940.jpg HTTP/1.1" 200 6292 "-" "Googlebot-Image/1.0"
207.46.13.208 - - [17/Jul/2022:21:23:31 +0200] "GET /images/B5010994722616B.jpg HTTP/1.1" 200 171149 "-" "Mozilla/5.0 (compatible; bingbot/2.0; +http://www.bing.com/bingbot.htm)"
66.102.9.241 - - [17/Jul/2022:21:24:45 +0200] "GET /images/big_prod/3700572712307.jpg HTTP/1.1" 200 657054 "-" "Mozilla/5.0 (Windows NT 5.1; rv:11.0) Gecko Firefox/11.0 (via ggpht.com GoogleImageProxy)"
80.54.78.191 - - [17/Jul/2022:21:24:50 +0200] "GET /templates/Pixame_v1/stylesheet.css HTTP/1.1" 200 56057 "http://www.wonder-geek.com/placemat-kiub-collection-cats-piano-p-55906.html" "Mozilla/5.0 (Linux; Android 12; Mi 10) AppleWebKit/537.36 (KHTML, like Gecko) Chrome/103.0.0.0 Mobile Safari/537.36"
80.54.78.191 - - [17/Jul/2022:21:24:50 +0200] "GET /js/jquery.jqzoom.js HTTP/1.1" 200 4761 "http://www.wonder-geek.com/placemat-kiub-collection-cats-piano-p-55906.html" "Mozilla/5.0 (Linux; Android 12; Mi 10) AppleWebKit/537.36 (KHTML, like Gecko) Chrome/103.0.0.0 Mobile Safari/537.36"
80.54.78.191 - - [17/Jul/2022:21:24:50 +0200] "GET /highslide/highslide.js HTTP/1.1" 200 42909 "http://www.wonder-geek.com/placemat-kiub-collection-cats-piano-p-55906.html" "Mozilla/5.0 (Linux; Android 12; Mi 10) AppleWebKit/537.36 (KHTML, like Gecko) Chrome/103.0.0.0 Mobile Safari/537.36"
80.54.78.191 - - [17/Jul/2022:21:24:50 +0200] "GET /mondial_relay/js/jquery-1.3.2.min.js HTTP/1.1" 200 57254 "http://www.wonder-geek.com/placemat-kiub-collection-cats-piano-p-55906.html" "Mozilla/5.0 (Linux; Android 12; Mi 10) AppleWebKit/537.36 (KHTML, like Gecko) Chrome/103.0.0.0 Mobile Safari/537.36"
80.54.78.191 - - [17/Jul/2022:21:24:50 +0200] "GET /js/jquery.js HTTP/1.1" 200 54075 "http://www.wonder-geek.com/placemat-kiub-collection-cats-piano-p-55906.html" "Mozilla/5.0 (Linux; Android 12; Mi 10) AppleWebKit/537.36 (KHTML, like Gecko) Chrome/103.0.0.0 Mobile Safari/537.36"
80.54.78.191 - - [17/Jul/2022:21:24:50 +0200] "GET /templates/Pixame_v1/images/icon_accueil2.png HTTP/1.1" 200 1137 "http://www.wonder-geek.com/placemat-kiub-collection-cats-piano-p-55906.html" "Mozilla/5.0 (Linux; Android 12; Mi 10) AppleWebKit/537.36 (KHTML, like Gecko) Chrome/103.0.0.0 Mobile Safari/537.36"
80.54.78.191 - - [17/Jul/2022:21:24:50 +0200] "GET /templates/Pixame_v1/images/nav.png HTTP/1.1" 200 1283 "http://www.wonder-geek.com/templates/Pixame_v1/stylesheet.css" "Mozilla/5.0 (Linux; Android 12; Mi 10) AppleWebKit/537.36 (KHTML, like Gecko) Chrome/103.0.0.0 Mobile Safari/537.36"
80.54.78.191 - - [17/Jul/2022:21:24:50 +0200] "GET /templates/Pixame_v1/images/Bottom_texture.jpg HTTP/1.1" 200 56290 "http://www.wonder-geek.com/templates/Pixame_v1/stylesheet.css" "Mozilla/5.0 (Linux; Android 12; Mi 10) AppleWebKit/537.36 (KHTML, like Gecko) Chrome/103.0.0.0 Mobile Safari/537.36"
80.54.78.191 - - [17/Jul/2022:21:24:50 +0200] "GET /design/productsenstock.png HTTP/1.1" 200 4743 "http://www.wonder-geek.com/templates/Pixame_v1/stylesheet.css" "Mozilla/5.0 (Linux; Android 12; Mi 10) AppleWebKit/537.36 (KHTML, like Gecko) Chrome/103.0.0.0 Mobile Safari/537.36"
80.54.78.191 - - [17/Jul/2022:21:24:50 +0200] "GET /images/mini_prod/3700572712314.jpg HTTP/1.1" 200 7597 "http://www.wonder-geek.com/placemat-kiub-collection-cats-piano-p-55906.html" "Mozilla/5.0 (Linux; Android 12; Mi 10) AppleWebKit/537.36 (KHTML, like Gecko) Chrome/103.0.0.0 Mobile Safari/537.36"
80.54.78.191 - - [17/Jul/2022:21:24:50 +0200] "GET /templates/Pixame_v1/images/header.png HTTP/1.1" 200 70245 "http://www.wonder-geek.com/templates/Pixame_v1/stylesheet.css" "Mozilla/5.0 (Linux; Android 12; Mi 10) AppleWebKit/537.36 (KHTML, like Gecko) Chrome/103.0.0.0 Mobile Safari/537.36"
80.54.78.191 - - [17/Jul/2022:21:24:50 +0200] "GET /templates/Pixame_v1/images/header-object.png HTTP/1.1" 200 106050 "http://www.wonder-geek.com/templates/Pixame_v1/stylesheet.css" "Mozilla/5.0 (Linux; Android 12; Mi 10) AppleWebKit/537.36 (KHTML, like Gecko) Chrome/103.0.0.0 Mobile Safari/537.36"
80.54.78.191 - - [17/Jul/2022:21:24:50 +0200] "GET /images/mini_prod/3700572722238.jpg HTTP/1.1" 200 7670 "http://www.wonder-geek.com/placemat-kiub-collection-cats-piano-p-55906.html" "Mozilla/5.0 (Linux; Android 12; Mi 10) AppleWebKit/537.36 (KHTML, like Gecko) Chrome/103.0.0.0 Mobile Safari/537.36"
80.54.78.191 - - [17/Jul/2022:21:24:50 +0200] "GET /templates/Pixame_v1/images/buttons/english/button_in_cart.gif HTTP/1.1" 200 1212 "http://www.wonder-geek.com/placemat-kiub-collection-cats-piano-p-55906.html" "Mozilla/5.0 (Linux; Android 12; Mi 10) AppleWebKit/537.36 (KHTML, like Gecko) Chrome/103.0.0.0 Mobile Safari/537.36"
80.54.78.191 - - [17/Jul/2022:21:24:50 +0200] "GET /images/mini_prod/3700572722221.jpg HTTP/1.1" 200 8355 "http://www.wonder-geek.com/placemat-kiub-collection-cats-piano-p-55906.html" "Mozilla/5.0 (Linux; Android 12; Mi 10) AppleWebKit/537.36 (KHTML, like Gecko) Chrome/103.0.0.0 Mobile Safari/537.36"
80.54.78.191 - - [17/Jul/2022:21:24:50 +0200] "GET /images/mini_prod/3700572712291.jpg HTTP/1.1" 200 5341 "http://www.wonder-geek.com/placemat-kiub-collection-cats-piano-p-55906.html" "Mozilla/5.0 (Linux; Android 12; Mi 10) AppleWebKit/537.36 (KHTML, like Gecko) Chrome/103.0.0.0 Mobile Safari/537.36"
80.54.78.191 - - [17/Jul/2022:21:24:50 +0200] "GET /images/mini_prod/3700572712284.jpg HTTP/1.1" 200 7285 "http://www.wonder-geek.com/placemat-kiub-collection-cats-piano-p-55906.html" "Mozilla/5.0 (Linux; Android 12; Mi 10) AppleWebKit/537.36 (KHTML, like Gecko) Chrome/103.0.0.0 Mobile Safari/537.36"
80.54.78.191 - - [17/Jul/2022:21:24:50 +0200] "GET /templates/Pixame_v1/images/Middle_texture.jpg HTTP/1.1" 200 249620 "http://www.wonder-geek.com/templates/Pixame_v1/stylesheet.css" "Mozilla/5.0 (Linux; Android 12; Mi 10) AppleWebKit/537.36 (KHTML, like Gecko) Chrome/103.0.0.0 Mobile Safari/537.36"
80.54.78.191 - - [17/Jul/2022:21:24:51 +0200] "GET /images/big_prod/3700572712307.jpg HTTP/1.1" 200 657054 "http://www.wonder-geek.com/placemat-kiub-collection-cats-piano-p-55906.html" "Mozilla/5.0 (Linux; Android 12; Mi 10) AppleWebKit/537.36 (KHTML, like Gecko) Chrome/103.0.0.0 Mobile Safari/537.36"
80.54.78.191 - - [17/Jul/2022:21:24:51 +0200] "GET /highslide/graphics/outlines/drop-shadow.png HTTP/1.1" 200 2022 "http://www.wonder-geek.com/placemat-kiub-collection-cats-piano-p-55906.html" "Mozilla/5.0 (Linux; Android 12; Mi 10) AppleWebKit/537.36 (KHTML, like Gecko) Chrome/103.0.0.0 Mobile Safari/537.36"
80.54.78.191 - - [17/Jul/2022:21:24:51 +0200] "GET /favicon.ico HTTP/1.1" 200 1591 "http://www.wonder-geek.com/placemat-kiub-collection-cats-piano-p-55906.html" "Mozilla/5.0 (Linux; Android 12; Mi 10) AppleWebKit/537.36 (KHTML, like Gecko) Chrome/103.0.0.0 Mobile Safari/537.36"
80.54.78.191 - - [17/Jul/2022:21:25:05 +0200] "GET /images/mini_prod/3700572712307.jpg HTTP/1.1" 200 7966 "http://www.wonder-geek.com/placemat-kiub-collection-birds-p-55909.html" "Mozilla/5.0 (Linux; Android 12; Mi 10) AppleWebKit/537.36 (KHTML, like Gecko) Chrome/103.0.0.0 Mobile Safari/537.36"
80.54.78.191 - - [17/Jul/2022:21:25:05 +0200] "GET /images/big_prod/3700572712284.jpg HTTP/1.1" 200 621934 "http://www.wonder-geek.com/placemat-kiub-collection-birds-p-55909.html" "Mozilla/5.0 (Linux; Android 12; Mi 10) AppleWebKit/537.36 (KHTML, like Gecko) Chrome/103.0.0.0 Mobile Safari/537.36"
40.77.167.58 - - [17/Jul/2022:21:25:10 +0200] "GET /images/big_prod/3700057115852.jpg HTTP/1.1" 200 90116 "-" "Mozilla/5.0 (compatible; bingbot/2.0; +http://www.bing.com/bingbot.htm)"
80.54.78.191 - - [17/Jul/2022:21:25:11 +0200] "GET /images/big_prod/3700572722221.jpg HTTP/1.1" 200 570831 "http://www.wonder-geek.com/placemat-kiub-collection-cats-love-paris-p-55908.html" "Mozilla/5.0 (Linux; Android 12; Mi 10) AppleWebKit/537.36 (KHTML, like Gecko) Chrome/103.0.0.0 Mobile Safari/537.36"
80.54.78.191 - - [17/Jul/2022:21:25:13 +0200] "GET /templates/Pixame_v1/images/buttons/english/button_update_cart.gif HTTP/1.1" 200 1223 "http://www.wonder-geek.com/shopping_cart.php" "Mozilla/5.0 (Linux; Android 12; Mi 10) AppleWebKit/537.36 (KHTML, like Gecko) Chrome/103.0.0.0 Mobile Safari/537.36"
80.54.78.191 - - [17/Jul/2022:21:25:13 +0200] "GET /templates/Pixame_v1/images/buttons/english/button_checkout.gif HTTP/1.1" 200 1039 "http://www.wonder-geek.com/shopping_cart.php" "Mozilla/5.0 (Linux; Android 12; Mi 10) AppleWebKit/537.36 (KHTML, like Gecko) Chrome/103.0.0.0 Mobile Safari/537.36"
80.54.78.191 - - [17/Jul/2022:21:25:13 +0200] "GET /templates/Pixame_v1/images/buttons/english/button_continue_shopping.gif HTTP/1.1" 200 1413 "http://www.wonder-geek.com/shopping_cart.php" "Mozilla/5.0 (Linux; Android 12; Mi 10) AppleWebKit/537.36 (KHTML, like Gecko) Chrome/103.0.0.0 Mobile Safari/537.36"
80.54.78.191 - - [17/Jul/2022:21:25:13 +0200] "GET /images/icons/colissimo.gif HTTP/1.1" 200 2712 "http://www.wonder-geek.com/shopping_cart.php" "Mozilla/5.0 (Linux; Android 12; Mi 10) AppleWebKit/537.36 (KHTML, like Gecko) Chrome/103.0.0.0 Mobile Safari/537.36"
80.54.78.191 - - [17/Jul/2022:21:25:35 +0200] "GET /images/big_prod/3700572712291.jpg HTTP/1.1" 200 427587 "http://www.wonder-geek.com/place-cushions-p-53828.html" "Mozilla/5.0 (Linux; Android 12; Mi 10) AppleWebKit/537.36 (KHTML, like Gecko) Chrome/103.0.0.0 Mobile Safari/537.36"
80.54.78.191 - - [17/Jul/2022:21:25:44 +0200] "GET /images/big_prod/3700572712314.jpg HTTP/1.1" 200 620463 "http://www.wonder-geek.com/place-piano-p-53827.html" "Mozilla/5.0 (Linux; Android 12; Mi 10) AppleWebKit/537.36 (KHTML, like Gecko) Chrome/103.0.0.0 Mobile Safari/537.36"
80.54.78.191 - - [17/Jul/2022:21:26:50 +0200] "GET /templates/Pixame_v1/images/buttons/english/button_create_account.gif HTTP/1.1" 200 1232 "http://www.wonder-geek.com/login.php" "Mozilla/5.0 (Linux; Android 12; Mi 10) AppleWebKit/537.36 (KHTML, like Gecko) Chrome/103.0.0.0 Mobile Safari/537.36"
80.54.78.191 - - [17/Jul/2022:21:28:00 +0200] "GET /templates/Pixame_v1/images/buttons/english/button_change_address.gif HTTP/1.1" 200 1393 "http://www.wonder-geek.com/checkout_shipping.php" "Mozilla/5.0 (Linux; Android 12; Mi 10) AppleWebKit/537.36 (KHTML, like Gecko) Chrome/103.0.0.0 Mobile Safari/537.36"
80.54.78.191 - - [17/Jul/2022:21:28:00 +0200] "GET /images/icons/expertINT.gif HTTP/1.1" 200 1699 "http://www.wonder-geek.com/checkout_shipping.php" "Mozilla/5.0 (Linux; Android 12; Mi 10) AppleWebKit/537.36 (KHTML, like Gecko) Chrome/103.0.0.0 Mobile Safari/537.36"
80.54.78.191 - - [17/Jul/2022:21:28:00 +0200] "GET /images/arrow_south_east.gif HTTP/1.1" 200 2779 "http://www.wonder-geek.com/checkout_shipping.php" "Mozilla/5.0 (Linux; Android 12; Mi 10) AppleWebKit/537.36 (KHTML, like Gecko) Chrome/103.0.0.0 Mobile Safari/537.36"
35.194.179.26 - - [17/Jul/2022:21:28:06 +0200] "GET /images/mini_prod/5028486153565.jpg HTTP/1.1" 200 8764 "-" "Mozilla/5.0 (X11; Ubuntu; Linux x86_64; rv:72.0) Gecko/20100101 Firefox/72.0"
80.54.78.191 - - [17/Jul/2022:21:28:15 +0200] "GET /images/arrow_east_south.gif HTTP/1.1" 200 2847 "http://www.wonder-geek.com/checkout_payment.php" "Mozilla/5.0 (Linux; Android 12; Mi 10) AppleWebKit/537.36 (KHTML, like Gecko) Chrome/103.0.0.0 Mobile Safari/537.36"
80.54.78.191 - - [17/Jul/2022:21:28:15 +0200] "GET /templates/Pixame_v1/images/buttons/english/button_redeem.gif HTTP/1.1" 200 1029 "http://www.wonder-geek.com/checkout_payment.php" "Mozilla/5.0 (Linux; Android 12; Mi 10) AppleWebKit/537.36 (KHTML, like Gecko) Chrome/103.0.0.0 Mobile Safari/537.36"
80.54.78.191 - - [17/Jul/2022:21:28:15 +0200] "GET /images/icons/spplus_50.gif HTTP/1.1" 200 5147 "http://www.wonder-geek.com/checkout_payment.php" "Mozilla/5.0 (Linux; Android 12; Mi 10) AppleWebKit/537.36 (KHTML, like Gecko) Chrome/103.0.0.0 Mobile Safari/537.36"
54.36.148.173 - - [17/Jul/2022:21:28:41 +0200] "GET /images/big_prod/3453131149754NN.jpg HTTP/1.1" 200 193622 "-" "Mozilla/5.0 (compatible; AhrefsBot/7.0; +http://ahrefs.com/robot/)"
66.102.9.243 - - [17/Jul/2022:21:29:17 +0200] "GET /images/big_prod/3700572716329.jpg HTTP/1.1" 200 417141 "-" "Mozilla/5.0 (Windows NT 5.1; rv:11.0) Gecko Firefox/11.0 (via ggpht.com GoogleImageProxy)"
80.54.78.191 - - [17/Jul/2022:21:29:22 +0200] "GET /images/big_prod/3700572716329.jpg HTTP/1.1" 200 417141 "http://www.wonder-geek.com/placemat-kiub-collection-owls-p-55899.html" "Mozilla/5.0 (Linux; Android 12; Mi 10) AppleWebKit/537.36 (KHTML, like Gecko) Chrome/103.0.0.0 Mobile Safari/537.36"
80.54.78.191 - - [17/Jul/2022:21:29:32 +0200] "GET /images/mini_prod/8003990623497.jpg HTTP/1.1" 200 8856 "http://www.wonder-geek.com/placemats-c-12_156.html" "Mozilla/5.0 (Linux; Android 12; Mi 10) AppleWebKit/537.36 (KHTML, like Gecko) Chrome/103.0.0.0 Mobile Safari/537.36"
80.54.78.191 - - [17/Jul/2022:21:29:32 +0200] "GET /images/mini_prod/8422014502912.jpg HTTP/1.1" 200 7414 "http://www.wonder-geek.com/placemats-c-12_156.html" "Mozilla/5.0 (Linux; Android 12; Mi 10) AppleWebKit/537.36 (KHTML, like Gecko) Chrome/103.0.0.0 Mobile Safari/537.36"
80.54.78.191 - - [17/Jul/2022:21:29:32 +0200] "GET /images/mini_prod/3609810072053.jpg HTTP/1.1" 200 11341 "http://www.wonder-geek.com/placemats-c-12_156.html" "Mozilla/5.0 (Linux; Android 12; Mi 10) AppleWebKit/537.36 (KHTML, like Gecko) Chrome/103.0.0.0 Mobile Safari/537.36"
80.54.78.191 - - [17/Jul/2022:21:29:32 +0200] "GET /images/mini_prod/1300000022668.jpg HTTP/1.1" 200 7555 "http://www.wonder-geek.com/placemats-c-12_156.html" "Mozilla/5.0 (Linux; Android 12; Mi 10) AppleWebKit/537.36 (KHTML, like Gecko) Chrome/103.0.0.0 Mobile Safari/537.36"
80.54.78.191 - - [17/Jul/2022:21:29:32 +0200] "GET /images/mini_prod/1300000022644.jpg HTTP/1.1" 200 9057 "http://www.wonder-geek.com/placemats-c-12_156.html" "Mozilla/5.0 (Linux; Android 12; Mi 10) AppleWebKit/537.36 (KHTML, like Gecko) Chrome/103.0.0.0 Mobile Safari/537.36"
80.54.78.191 - - [17/Jul/2022:21:29:32 +0200] "GET /images/mini_prod/3609810072015.jpg HTTP/1.1" 200 11434 "http://www.wonder-geek.com/placemats-c-12_156.html" "Mozilla/5.0 (Linux; Android 12; Mi 10) AppleWebKit/537.36 (KHTML, like Gecko) Chrome/103.0.0.0 Mobile Safari/537.36"
80.54.78.191 - - [17/Jul/2022:21:29:32 +0200] "GET /images/mini_prod/3700281646924.jpg HTTP/1.1" 200 5209 "http://www.wonder-geek.com/placemats-c-12_156.html" "Mozilla/5.0 (Linux; Android 12; Mi 10) AppleWebKit/537.36 (KHTML, like Gecko) Chrome/103.0.0.0 Mobile Safari/537.36"
80.54.78.191 - - [17/Jul/2022:21:29:32 +0200] "GET /images/mini_prod/3700281646931.jpg HTTP/1.1" 200 6350 "http://www.wonder-geek.com/placemats-c-12_156.html" "Mozilla/5.0 (Linux; Android 12; Mi 10) AppleWebKit/537.36 (KHTML, like Gecko) Chrome/103.0.0.0 Mobile Safari/537.36"
80.54.78.191 - - [17/Jul/2022:21:29:32 +0200] "GET /images/mini_prod/3700281646962.jpg HTTP/1.1" 200 8556 "http://www.wonder-geek.com/placemats-c-12_156.html" "Mozilla/5.0 (Linux; Android 12; Mi 10) AppleWebKit/537.36 (KHTML, like Gecko) Chrome/103.0.0.0 Mobile Safari/537.36"
80.54.78.191 - - [17/Jul/2022:21:29:32 +0200] "GET /images/mini_prod/3700281646955.jpg HTTP/1.1" 200 8813 "http://www.wonder-geek.com/placemats-c-12_156.html" "Mozilla/5.0 (Linux; Android 12; Mi 10) AppleWebKit/537.36 (KHTML, like Gecko) Chrome/103.0.0.0 Mobile Safari/537.36"
80.54.78.191 - - [17/Jul/2022:21:29:32 +0200] "GET /images/mini_prod/3700281646979.jpg HTTP/1.1" 200 8834 "http://www.wonder-geek.com/placemats-c-12_156.html" "Mozilla/5.0 (Linux; Android 12; Mi 10) AppleWebKit/537.36 (KHTML, like Gecko) Chrome/103.0.0.0 Mobile Safari/537.36"
80.54.78.191 - - [17/Jul/2022:21:29:32 +0200] "GET /images/mini_prod/8422014502936.jpg HTTP/1.1" 200 7505 "http://www.wonder-geek.com/placemats-c-12_156.html" "Mozilla/5.0 (Linux; Android 12; Mi 10) AppleWebKit/537.36 (KHTML, like Gecko) Chrome/103.0.0.0 Mobile Safari/537.36"
80.54.78.191 - - [17/Jul/2022:21:29:32 +0200] "GET /images/mini_prod/8422014502929.jpg HTTP/1.1" 200 7787 "http://www.wonder-geek.com/placemats-c-12_156.html" "Mozilla/5.0 (Linux; Android 12; Mi 10) AppleWebKit/537.36 (KHTML, like Gecko) Chrome/103.0.0.0 Mobile Safari/537.36"
80.54.78.191 - - [17/Jul/2022:21:29:32 +0200] "GET /js/jquery.masonry.min.js HTTP/1.1" 200 5392 "http://www.wonder-geek.com/placemats-c-12_156.html" "Mozilla/5.0 (Linux; Android 12; Mi 10) AppleWebKit/537.36 (KHTML, like Gecko) Chrome/103.0.0.0 Mobile Safari/537.36"
80.54.78.191 - - [17/Jul/2022:21:29:32 +0200] "GET /images/mini_prod/8422014502905.jpg HTTP/1.1" 200 7036 "http://www.wonder-geek.com/placemats-c-12_156.html" "Mozilla/5.0 (Linux; Android 12; Mi 10) AppleWebKit/537.36 (KHTML, like Gecko) Chrome/103.0.0.0 Mobile Safari/537.36"
80.54.78.191 - - [17/Jul/2022:21:29:32 +0200] "GET /images/mini_prod/8003990609736.jpg HTTP/1.1" 200 11559 "http://www.wonder-geek.com/placemats-c-12_156.html" "Mozilla/5.0 (Linux; Android 12; Mi 10) AppleWebKit/537.36 (KHTML, like Gecko) Chrome/103.0.0.0 Mobile Safari/537.36"
80.54.78.191 - - [17/Jul/2022:21:29:32 +0200] "GET /js/modernizr-transitions.js HTTP/1.1" 200 2026 "http://www.wonder-geek.com/placemats-c-12_156.html" "Mozilla/5.0 (Linux; Android 12; Mi 10) AppleWebKit/537.36 (KHTML, like Gecko) Chrome/103.0.0.0 Mobile Safari/537.36"
80.54.78.191 - - [17/Jul/2022:21:29:32 +0200] "GET /images/mini_prod/3700281648355.jpg HTTP/1.1" 200 5123 "http://www.wonder-geek.com/placemats-c-12_156.html" "Mozilla/5.0 (Linux; Android 12; Mi 10) AppleWebKit/537.36 (KHTML, like Gecko) Chrome/103.0.0.0 Mobile Safari/537.36"
80.54.78.191 - - [17/Jul/2022:21:29:32 +0200] "GET /images/mini_prod/3700281646986.jpg HTTP/1.1" 200 7335 "http://www.wonder-geek.com/placemats-c-12_156.html" "Mozilla/5.0 (Linux; Android 12; Mi 10) AppleWebKit/537.36 (KHTML, like Gecko) Chrome/103.0.0.0 Mobile Safari/537.36"
80.54.78.191 - - [17/Jul/2022:21:29:33 +0200] "GET /images/mini_prod/3700281646917.jpg HTTP/1.1" 200 8161 "http://www.wonder-geek.com/placemats-c-12_156.html" "Mozilla/5.0 (Linux; Android 12; Mi 10) AppleWebKit/537.36 (KHTML, like Gecko) Chrome/103.0.0.0 Mobile Safari/537.36"
80.54.78.191 - - [17/Jul/2022:21:29:33 +0200] "GET /images/mini_prod/3700281646948.jpg HTTP/1.1" 200 5550 "http://www.wonder-geek.com/placemats-c-12_156.html" "Mozilla/5.0 (Linux; Android 12; Mi 10) AppleWebKit/537.36 (KHTML, like Gecko) Chrome/103.0.0.0 Mobile Safari/537.36"
80.54.78.191 - - [17/Jul/2022:21:29:33 +0200] "GET /images/mini_prod/3700281647006.jpg HTTP/1.1" 200 3110 "http://www.wonder-geek.com/placemats-c-12_156.html" "Mozilla/5.0 (Linux; Android 12; Mi 10) AppleWebKit/537.36 (KHTML, like Gecko) Chrome/103.0.0.0 Mobile Safari/537.36"
80.54.78.191 - - [17/Jul/2022:21:29:43 +0200] "GET /images/mini_prod/3700281646900.jpg HTTP/1.1" 200 5417 "http://www.wonder-geek.com/placemats-c-12_156.html?page=2" "Mozilla/5.0 (Linux; Android 12; Mi 10) AppleWebKit/537.36 (KHTML, like Gecko) Chrome/103.0.0.0 Mobile Safari/537.36"
80.54.78.191 - - [17/Jul/2022:21:29:43 +0200] "GET /images/mini_prod/3700281664904.jpg HTTP/1.1" 200 8349 "http://www.wonder-geek.com/placemats-c-12_156.html?page=2" "Mozilla/5.0 (Linux; Android 12; Mi 10) AppleWebKit/537.36 (KHTML, like Gecko) Chrome/103.0.0.0 Mobile Safari/537.36"
80.54.78.191 - - [17/Jul/2022:21:29:43 +0200] "GET /images/mini_prod/3700281646993.jpg HTTP/1.1" 200 6288 "http://www.wonder-geek.com/placemats-c-12_156.html?page=2" "Mozilla/5.0 (Linux; Android 12; Mi 10) AppleWebKit/537.36 (KHTML, like Gecko) Chrome/103.0.0.0 Mobile Safari/537.36"
80.54.78.191 - - [17/Jul/2022:21:29:43 +0200] "GET /images/mini_prod/3700281648331.jpg HTTP/1.1" 200 5528 "http://www.wonder-geek.com/placemats-c-12_156.html?page=2" "Mozilla/5.0 (Linux; Android 12; Mi 10) AppleWebKit/537.36 (KHTML, like Gecko) Chrome/103.0.0.0 Mobile Safari/537.36"
80.54.78.191 - - [17/Jul/2022:21:29:43 +0200] "GET /images/mini_prod/3700281664911.jpg HTTP/1.1" 200 9528 "http://www.wonder-geek.com/placemats-c-12_156.html?page=2" "Mozilla/5.0 (Linux; Android 12; Mi 10) AppleWebKit/537.36 (KHTML, like Gecko) Chrome/103.0.0.0 Mobile Safari/537.36"
80.54.78.191 - - [17/Jul/2022:21:29:43 +0200] "GET /images/mini_prod/3700281664935.jpg HTTP/1.1" 200 7970 "http://www.wonder-geek.com/placemats-c-12_156.html?page=2" "Mozilla/5.0 (Linux; Android 12; Mi 10) AppleWebKit/537.36 (KHTML, like Gecko) Chrome/103.0.0.0 Mobile Safari/537.36"
80.54.78.191 - - [17/Jul/2022:21:29:43 +0200] "GET /images/mini_prod/3609810072084.jpg HTTP/1.1" 200 8887 "http://www.wonder-geek.com/placemats-c-12_156.html?page=2" "Mozilla/5.0 (Linux; Android 12; Mi 10) AppleWebKit/537.36 (KHTML, like Gecko) Chrome/103.0.0.0 Mobile Safari/537.36"
