192.95.29.186 - - [18/Aug/2022:03:40:56 +0200] "GET /tropical-pouch-happiness-p-49553.html HTTP/1.0" 200 71580 "-" "Mozilla/5.0 (compatible; MJ12bot/v1.4.8; http://mj12bot.com/)"
65.108.41.34 - - [18/Aug/2022:03:40:57 +0200] "GET /bonheur-stickers-20-70-cm-p-39317.html HTTP/1.0" 301 74269 "-" "Mozilla/5.0 (compatible; MJ12bot/v1.4.8; http://mj12bot.com/)"
94.154.239.69 - - [18/Aug/2022:03:40:59 +0200] "GET /-p-48871.html HTTP/1.0" 200 71492 "-" "Mozilla/5.0 (compatible; MJ12bot/v1.4.8; http://mj12bot.com/)"
192.95.29.186 - - [18/Aug/2022:03:41:01 +0200] "GET /trumpet-table-decoration-p-50198.html HTTP/1.0" 200 71578 "-" "Mozilla/5.0 (compatible; MJ12bot/v1.4.8; http://mj12bot.com/)"
95.91.74.136 - - [18/Aug/2022:03:41:02 +0200] "GET /gormiti-pairs-trainer-liner-socks-size-23-26-p-46842.html HTTP/1.0" 301 71559 "-" "Mozilla/5.0 (compatible; MJ12bot/v1.4.8; http://mj12bot.com/)"
65.108.41.34 - - [18/Aug/2022:03:41:02 +0200] "GET /bonheur-stickers-p-39317.html HTTP/1.0" 200 74186 "-" "Mozilla/5.0 (compatible; MJ12bot/v1.4.8; http://mj12bot.com/)"
192.95.29.186 - - [18/Aug/2022:03:41:05 +0200] "GET /trunk-suitcase-48-cm-p-49053.html HTTP/1.0" 301 71631 "-" "Mozilla/5.0 (compatible; MJ12bot/v1.4.8; http://mj12bot.com/)"
94.154.239.69 - - [18/Aug/2022:03:41:06 +0200] "GET /large-bamboo-vase-p-48872.html HTTP/1.0" 301 71559 "-" "Mozilla/5.0 (compatible; MJ12bot/v1.4.8; http://mj12bot.com/)"
95.91.74.136 - - [18/Aug/2022:03:41:06 +0200] "GET /-p-46842.html HTTP/1.0" 200 71492 "-" "Mozilla/5.0 (compatible; MJ12bot/v1.4.8; http://mj12bot.com/)"
65.108.41.34 - - [18/Aug/2022:03:41:07 +0200] "GET /bonheur-stickers-p-39317.html HTTP/1.0" 200 74186 "-" "Mozilla/5.0 (compatible; MJ12bot/v1.4.8; http://mj12bot.com/)"
54.36.149.53 - - [18/Aug/2022:03:41:08 +0200] "GET /coat-hook-c-13_198.html HTTP/1.0" 200 91665 "-" "Mozilla/5.0 (compatible; AhrefsBot/7.0; +http://ahrefs.com/robot/)"
192.95.29.186 - - [18/Aug/2022:03:41:09 +0200] "GET /trunk-suitcase-p-49053.html HTTP/1.0" 200 71550 "-" "Mozilla/5.0 (compatible; MJ12bot/v1.4.8; http://mj12bot.com/)"
95.91.74.136 - - [18/Aug/2022:03:41:10 +0200] "GET /gothel-mother-figure-p-32166.html HTTP/1.0" 200 71583 "-" "Mozilla/5.0 (compatible; MJ12bot/v1.4.8; http://mj12bot.com/)"
65.108.41.34 - - [18/Aug/2022:03:41:12 +0200] "GET /bonheur-stickers-p-39320.html HTTP/1.0" 200 74178 "-" "Mozilla/5.0 (compatible; MJ12bot/v1.4.8; http://mj12bot.com/)"
95.91.74.136 - - [18/Aug/2022:03:41:14 +0200] "GET /gothic-rasta-skull-decoration-p-42775.html HTTP/1.0" 200 71598 "-" "Mozilla/5.0 (compatible; MJ12bot/v1.4.8; http://mj12bot.com/)"
94.154.239.69 - - [18/Aug/2022:03:41:15 +0200] "GET /-p-48872.html HTTP/1.0" 200 71492 "-" "Mozilla/5.0 (compatible; MJ12bot/v1.4.8; http://mj12bot.com/)"
65.108.41.34 - - [18/Aug/2022:03:41:17 +0200] "GET /bookend-bulldog-p-55715.html HTTP/1.0" 200 74925 "-" "Mozilla/5.0 (compatible; MJ12bot/v1.4.8; http://mj12bot.com/)"
192.95.29.186 - - [18/Aug/2022:03:41:18 +0200] "GET /trunk-suitcase-p-49053.html HTTP/1.0" 200 71550 "-" "Mozilla/5.0 (compatible; MJ12bot/v1.4.8; http://mj12bot.com/)"
95.91.74.136 - - [18/Aug/2022:03:41:19 +0200] "GET /grand-hotel-vintage-clock-70-cm-p-45888.html HTTP/1.0" 301 74367 "-" "Mozilla/5.0 (compatible; MJ12bot/v1.4.8; http://mj12bot.com/)"
185.191.171.38 - - [18/Aug/2022:03:41:19 +0200] "GET /bell-golden-brass-wood-table-p-49428.html HTTP/1.0" 200 74240 "-" "Mozilla/5.0 (compatible; SemrushBot/7~bl; +http://www.semrush.com/bot.html)"
95.91.74.136 - - [18/Aug/2022:03:41:22 +0200] "GET /grand-hotel-vintage-clock-p-45888.html HTTP/1.0" 200 74275 "-" "Mozilla/5.0 (compatible; MJ12bot/v1.4.8; http://mj12bot.com/)"
94.154.239.69 - - [18/Aug/2022:03:41:25 +0200] "GET /large-candle-gingerbread-house-p-46027.html HTTP/1.0" 200 71651 "-" "Mozilla/5.0 (compatible; MJ12bot/v1.4.8; http://mj12bot.com/)"
192.95.29.186 - - [18/Aug/2022:03:41:25 +0200] "GET /unicorn-voucher-box-p-53366.html HTTP/1.0" 301 74879 "-" "Mozilla/5.0 (compatible; MJ12bot/v1.4.8; http://mj12bot.com/)"
95.91.74.136 - - [18/Aug/2022:03:41:26 +0200] "GET /grand-hotel-vintage-clock-p-45888.html HTTP/1.0" 200 74275 "-" "Mozilla/5.0 (compatible; MJ12bot/v1.4.8; http://mj12bot.com/)"
65.108.41.34 - - [18/Aug/2022:03:41:27 +0200] "GET /bookend-resin-bouddha-p-46214.html HTTP/1.0" 200 71570 "-" "Mozilla/5.0 (compatible; MJ12bot/v1.4.8; http://mj12bot.com/)"
66.249.64.84 - - [18/Aug/2022:03:41:28 +0200] "GET /cuba-cars-small-lamp-p-35746.html HTTP/1.0" 200 74218 "-" "Mozilla/5.0 (Linux; Android 6.0.1; Nexus 5X Build/MMB29P) AppleWebKit/537.36 (KHTML, like Gecko) Chrome/104.0.5112.79 Mobile Safari/537.36 (compatible; Googlebot/2.1; +http://www.google.com/bot.html)"
65.108.41.34 - - [18/Aug/2022:03:41:33 +0200] "GET /bottle-rack-wine-glass-p-50196.html HTTP/1.0" 200 74280 "-" "Mozilla/5.0 (compatible; MJ12bot/v1.4.8; http://mj12bot.com/)"
94.154.239.69 - - [18/Aug/2022:03:41:33 +0200] "GET /large-candle-hours-pearl-bouquet-p-34632.html HTTP/1.0" 200 71670 "-" "Mozilla/5.0 (compatible; MJ12bot/v1.4.8; http://mj12bot.com/)"
192.95.29.186 - - [18/Aug/2022:03:41:35 +0200] "GET /unicorn-voucher-p-53366.html HTTP/1.0" 200 74797 "-" "Mozilla/5.0 (compatible; MJ12bot/v1.4.8; http://mj12bot.com/)"
95.91.74.136 - - [18/Aug/2022:03:41:36 +0200] "GET /grand-schroumpf-resin-figurine-collection-p-22573.html HTTP/1.0" 200 71646 "-" "Mozilla/5.0 (compatible; MJ12bot/v1.4.8; http://mj12bot.com/)"
94.154.239.69 - - [18/Aug/2022:03:41:40 +0200] "GET /large-candle-hours-pink-blossom-p-38952.html HTTP/1.0" 200 75271 "-" "Mozilla/5.0 (compatible; MJ12bot/v1.4.8; http://mj12bot.com/)"
65.108.41.34 - - [18/Aug/2022:03:41:41 +0200] "GET /bourrache-bedclothes-260-240-cm-p-39155.html HTTP/1.0" 301 71559 "-" "Mozilla/5.0 (compatible; MJ12bot/v1.4.8; http://mj12bot.com/)"
192.95.29.186 - - [18/Aug/2022:03:41:42 +0200] "GET /unicorn-voucher-p-53366.html HTTP/1.0" 200 74797 "-" "Mozilla/5.0 (compatible; MJ12bot/v1.4.8; http://mj12bot.com/)"
95.91.74.136 - - [18/Aug/2022:03:41:49 +0200] "GET /great-patina-orangutan-statuette-nothing-hear-p-45969.html HTTP/1.0" 200 74409 "-" "Mozilla/5.0 (compatible; MJ12bot/v1.4.8; http://mj12bot.com/)"
192.95.29.186 - - [18/Aug/2022:03:41:49 +0200] "GET /unicorns-light-garland-p-48722.html HTTP/1.0" 200 71570 "-" "Mozilla/5.0 (compatible; MJ12bot/v1.4.8; http://mj12bot.com/)"
94.154.239.69 - - [18/Aug/2022:03:41:50 +0200] "GET /large-candle-hours-simply-mulberry-p-35343.html HTTP/1.0" 200 75450 "-" "Mozilla/5.0 (compatible; MJ12bot/v1.4.8; http://mj12bot.com/)"
65.108.41.34 - - [18/Aug/2022:03:41:52 +0200] "GET /-p-39155.html HTTP/1.0" 200 71492 "-" "Mozilla/5.0 (compatible; MJ12bot/v1.4.8; http://mj12bot.com/)"
95.91.74.136 - - [18/Aug/2022:03:41:55 +0200] "GET /great-wallet-pocket-pepe-jeans-bohemian-p-38580.html HTTP/1.0" 200 75073 "-" "Mozilla/5.0 (compatible; MJ12bot/v1.4.8; http://mj12bot.com/)"
192.95.29.186 - - [18/Aug/2022:03:41:56 +0200] "GET /union-jack-flag-italian-vintage-car-clock-30-cm-p-33378.html HTTP/1.0" 301 74448 "-" "Mozilla/5.0 (compatible; MJ12bot/v1.4.8; http://mj12bot.com/)"
65.108.41.34 - - [18/Aug/2022:03:41:58 +0200] "GET /boutis-bedspread-and-pillowcases-courtney-p-39345.html HTTP/1.0" 301 71559 "-" "Mozilla/5.0 (compatible; MJ12bot/v1.4.8; http://mj12bot.com/)"
94.154.239.69 - - [18/Aug/2022:03:42:00 +0200] "GET /large-candle-hours-strawberry-cream-p-38110.html HTTP/1.0" 200 75376 "-" "Mozilla/5.0 (compatible; MJ12bot/v1.4.8; http://mj12bot.com/)"
192.95.29.186 - - [18/Aug/2022:03:42:02 +0200] "GET /union-jack-flag-italian-vintage-clock-p-33378.html HTTP/1.0" 200 74344 "-" "Mozilla/5.0 (compatible; MJ12bot/v1.4.8; http://mj12bot.com/)"
185.191.171.22 - - [18/Aug/2022:03:42:05 +0200] "GET /robots.txt HTTP/1.0" 200 245 "-" "Mozilla/5.0 (compatible; SemrushBot/7~bl; +http://www.semrush.com/bot.html)"
185.191.171.44 - - [18/Aug/2022:03:42:05 +0200] "GET /-p-29450.html?action=add_product HTTP/1.0" 302 476 "-" "Mozilla/5.0 (compatible; SemrushBot/7~bl; +http://www.semrush.com/bot.html)"
95.91.74.136 - - [18/Aug/2022:03:42:05 +0200] "GET /green-cocci-metal-plate-deco-p-34330.html HTTP/1.0" 200 74170 "-" "Mozilla/5.0 (compatible; MJ12bot/v1.4.8; http://mj12bot.com/)"
65.108.41.34 - - [18/Aug/2022:03:42:07 +0200] "GET /-p-39345.html HTTP/1.0" 200 71492 "-" "Mozilla/5.0 (compatible; MJ12bot/v1.4.8; http://mj12bot.com/)"
192.95.29.186 - - [18/Aug/2022:03:42:07 +0200] "GET /union-jack-flag-italian-vintage-clock-p-33378.html HTTP/1.0" 200 74344 "-" "Mozilla/5.0 (compatible; MJ12bot/v1.4.8; http://mj12bot.com/)"
94.154.239.69 - - [18/Aug/2022:03:42:10 +0200] "GET /large-candle-white-eucalyptus-p-46865.html HTTP/1.0" 200 71670 "-" "Mozilla/5.0 (compatible; MJ12bot/v1.4.8; http://mj12bot.com/)"
192.95.29.186 - - [18/Aug/2022:03:42:11 +0200] "GET /verity-rose-moonstruck-decorative-plate-p-29154.html HTTP/1.0" 200 74309 "-" "Mozilla/5.0 (compatible; MJ12bot/v1.4.8; http://mj12bot.com/)"
95.91.74.136 - - [18/Aug/2022:03:42:15 +0200] "GET /green-decorative-statue-p-35586.html HTTP/1.0" 200 71582 "-" "Mozilla/5.0 (compatible; MJ12bot/v1.4.8; http://mj12bot.com/)"
65.108.41.34 - - [18/Aug/2022:03:42:17 +0200] "GET /bowl-with-ridged-patterns-porcelain-p-56189.html HTTP/1.0" 200 74313 "-" "Mozilla/5.0 (compatible; MJ12bot/v1.4.8; http://mj12bot.com/)"
94.154.239.69 - - [18/Aug/2022:03:42:17 +0200] "GET /large-hanging-clock-bordeaux-wine-p-48231.html HTTP/1.0" 301 71559 "-" "Mozilla/5.0 (compatible; MJ12bot/v1.4.8; http://mj12bot.com/)"
192.95.29.186 - - [18/Aug/2022:03:42:22 +0200] "GET /vintage-hanging-clock-p-55769.html HTTP/1.0" 200 71566 "-" "Mozilla/5.0 (compatible; MJ12bot/v1.4.8; http://mj12bot.com/)"
94.154.239.69 - - [18/Aug/2022:03:42:23 +0200] "GET /-p-48231.html HTTP/1.0" 200 71492 "-" "Mozilla/5.0 (compatible; MJ12bot/v1.4.8; http://mj12bot.com/)"
95.91.74.136 - - [18/Aug/2022:03:42:23 +0200] "GET /green-dragon-money-p-54836.html HTTP/1.0" 200 74172 "-" "Mozilla/5.0 (compatible; MJ12bot/v1.4.8; http://mj12bot.com/)"
192.95.29.186 - - [18/Aug/2022:03:42:27 +0200] "GET /vintage-retro-ottoman-storage-box-41-cm-p-50177.html HTTP/1.0" 301 71714 "-" "Mozilla/5.0 (compatible; MJ12bot/v1.4.8; http://mj12bot.com/)"
65.108.41.34 - - [18/Aug/2022:03:42:28 +0200] "GET /bowler-hat-suspension-p-42042.html HTTP/1.0" 301 71559 "-" "Mozilla/5.0 (compatible; MJ12bot/v1.4.8; http://mj12bot.com/)"
192.95.29.186 - - [18/Aug/2022:03:42:32 +0200] "GET /vintage-retro-ottoman-storage-p-50177.html HTTP/1.0" 200 71618 "-" "Mozilla/5.0 (compatible; MJ12bot/v1.4.8; http://mj12bot.com/)"
94.154.239.69 - - [18/Aug/2022:03:42:37 +0200] "GET /large-jar-candle-70-hours-pearl-bouquet-p-34632.html HTTP/1.0" 301 71769 "-" "Mozilla/5.0 (compatible; MJ12bot/v1.4.8; http://mj12bot.com/)"
65.108.41.34 - - [18/Aug/2022:03:42:37 +0200] "GET /-p-42042.html HTTP/1.0" 200 71492 "-" "Mozilla/5.0 (compatible; MJ12bot/v1.4.8; http://mj12bot.com/)"
192.95.29.186 - - [18/Aug/2022:03:42:37 +0200] "GET /vintage-retro-ottoman-storage-p-50177.html HTTP/1.0" 200 71618 "-" "Mozilla/5.0 (compatible; MJ12bot/v1.4.8; http://mj12bot.com/)"
95.91.74.136 - - [18/Aug/2022:03:42:39 +0200] "GET /green-perfume-diffuser-p-35889.html HTTP/1.0" 200 74247 "-" "Mozilla/5.0 (compatible; MJ12bot/v1.4.8; http://mj12bot.com/)"
94.154.239.69 - - [18/Aug/2022:03:42:42 +0200] "GET /large-candle-hours-pearl-bouquet-p-34632.html HTTP/1.0" 200 71670 "-" "Mozilla/5.0 (compatible; MJ12bot/v1.4.8; http://mj12bot.com/)"
192.95.29.186 - - [18/Aug/2022:03:42:42 +0200] "GET /volkswagen-beatle-metal-plate-30-20-cm-p-37153.html HTTP/1.0" 301 74430 "-" "Mozilla/5.0 (compatible; MJ12bot/v1.4.8; http://mj12bot.com/)"
65.108.41.34 - - [18/Aug/2022:03:42:46 +0200] "GET /bowler-suspension-p-42042.html HTTP/1.0" 301 71559 "-" "Mozilla/5.0 (compatible; MJ12bot/v1.4.8; http://mj12bot.com/)"
192.95.29.186 - - [18/Aug/2022:03:42:48 +0200] "GET /volkswagen-beatle-metal-plate-p-37153.html HTTP/1.0" 200 74334 "-" "Mozilla/5.0 (compatible; MJ12bot/v1.4.8; http://mj12bot.com/)"
192.95.29.186 - - [18/Aug/2022:03:42:52 +0200] "GET /volkswagen-beatle-metal-plate-p-37153.html HTTP/1.0" 200 74334 "-" "Mozilla/5.0 (compatible; MJ12bot/v1.4.8; http://mj12bot.com/)"
65.108.41.34 - - [18/Aug/2022:03:42:53 +0200] "GET /-p-42042.html HTTP/1.0" 200 71492 "-" "Mozilla/5.0 (compatible; MJ12bot/v1.4.8; http://mj12bot.com/)"
94.154.239.69 - - [18/Aug/2022:03:42:56 +0200] "GET /large-jar-candle-70-hours-pink-blossom-p-38952.html HTTP/1.0" 301 75369 "-" "Mozilla/5.0 (compatible; MJ12bot/v1.4.8; http://mj12bot.com/)"
192.95.29.186 - - [18/Aug/2022:03:42:57 +0200] "GET /volkswagen-bully-camper-metal-plate-p-37150.html HTTP/1.0" 200 74406 "-" "Mozilla/5.0 (compatible; MJ12bot/v1.4.8; http://mj12bot.com/)"
65.108.41.34 - - [18/Aug/2022:03:42:59 +0200] "GET /bowls-senor-moustache-p-31521.html HTTP/1.0" 200 74162 "-" "Mozilla/5.0 (compatible; MJ12bot/v1.4.8; http://mj12bot.com/)"
192.95.29.186 - - [18/Aug/2022:03:43:01 +0200] "GET /volkswagen-bully-camper-van-metal-plate-30-20-cm-p-37150.html HTTP/1.0" 301 74508 "-" "Mozilla/5.0 (compatible; MJ12bot/v1.4.8; http://mj12bot.com/)"
94.154.239.69 - - [18/Aug/2022:03:43:02 +0200] "GET /large-candle-hours-pink-blossom-p-38952.html HTTP/1.0" 200 75271 "-" "Mozilla/5.0 (compatible; MJ12bot/v1.4.8; http://mj12bot.com/)"
95.91.74.136 - - [18/Aug/2022:03:43:02 +0200] "GET /green-pig-decorative-statue-p-35586.html HTTP/1.0" 301 71672 "-" "Mozilla/5.0 (compatible; MJ12bot/v1.4.8; http://mj12bot.com/)"
54.36.149.54 - - [18/Aug/2022:03:43:04 +0200] "GET /decorative-baskets-black-p-58600.html HTTP/1.0" 200 75456 "-" "Mozilla/5.0 (compatible; AhrefsBot/7.0; +http://ahrefs.com/robot/)"
54.36.148.209 - - [18/Aug/2022:03:43:07 +0200] "GET /images/big_prod_1/8424345631354a.jpg HTTP/1.0" 200 271 "-" "Mozilla/5.0 (compatible; AhrefsBot/7.0; +http://ahrefs.com/robot/)"
54.36.148.171 - - [18/Aug/2022:03:43:07 +0200] "GET /images/big_prod/8424345631354.jpg HTTP/1.0" 200 268 "-" "Mozilla/5.0 (compatible; AhrefsBot/7.0; +http://ahrefs.com/robot/)"
95.91.74.136 - - [18/Aug/2022:03:43:06 +0200] "GET /green-decorative-statue-p-35586.html HTTP/1.0" 200 71582 "-" "Mozilla/5.0 (compatible; MJ12bot/v1.4.8; http://mj12bot.com/)"
65.108.41.34 - - [18/Aug/2022:03:43:07 +0200] "GET /bowls-table-p-31428.html HTTP/1.0" 200 74131 "-" "Mozilla/5.0 (compatible; MJ12bot/v1.4.8; http://mj12bot.com/)"
192.95.29.186 - - [18/Aug/2022:03:43:07 +0200] "GET /volkswagen-bully-camper-metal-plate-p-37150.html HTTP/1.0" 200 74406 "-" "Mozilla/5.0 (compatible; MJ12bot/v1.4.8; http://mj12bot.com/)"
66.249.64.83 - - [18/Aug/2022:03:43:08 +0200] "GET /incense-stick-holder-ganesh-p-35506.html HTTP/1.0" 200 74930 "-" "Mozilla/5.0 (compatible; Googlebot/2.1; +http://www.google.com/bot.html)"
95.91.74.136 - - [18/Aug/2022:03:43:09 +0200] "GET /green-pot-with-reliefs-earthenware-p-52264.html HTTP/1.0" 301 71707 "-" "Mozilla/5.0 (compatible; MJ12bot/v1.4.8; http://mj12bot.com/)"
65.108.41.34 - - [18/Aug/2022:03:43:13 +0200] "GET /box-fiat-500-multifunction-knife-and-torch-p-23061.html HTTP/1.0" 301 74519 "-" "Mozilla/5.0 (compatible; MJ12bot/v1.4.8; http://mj12bot.com/)"
192.95.29.186 - - [18/Aug/2022:03:43:14 +0200] "GET /wall-decoration-mirror-gold-metal-flower-p-48825.html HTTP/1.0" 200 71642 "-" "Mozilla/5.0 (compatible; MJ12bot/v1.4.8; http://mj12bot.com/)"
95.91.74.136 - - [18/Aug/2022:03:43:15 +0200] "GET /green-with-reliefs-earthenware-p-52264.html HTTP/1.0" 200 71610 "-" "Mozilla/5.0 (compatible; MJ12bot/v1.4.8; http://mj12bot.com/)"
94.154.239.69 - - [18/Aug/2022:03:43:15 +0200] "GET /large-jar-candle-70-hours-simply-mulberry-p-35343.html HTTP/1.0" 301 75551 "-" "Mozilla/5.0 (compatible; MJ12bot/v1.4.8; http://mj12bot.com/)"
95.91.74.136 - - [18/Aug/2022:03:43:19 +0200] "GET /green-with-reliefs-earthenware-p-52264.html HTTP/1.0" 200 71610 "-" "Mozilla/5.0 (compatible; MJ12bot/v1.4.8; http://mj12bot.com/)"
65.108.41.34 - - [18/Aug/2022:03:43:21 +0200] "GET /fiat-multifunction-knife-torch-p-23061.html HTTP/1.0" 200 74422 "-" "Mozilla/5.0 (compatible; MJ12bot/v1.4.8; http://mj12bot.com/)"
192.95.29.186 - - [18/Aug/2022:03:43:24 +0200] "GET /wall-decoration-mirror-p-48824.html HTTP/1.0" 200 71578 "-" "Mozilla/5.0 (compatible; MJ12bot/v1.4.8; http://mj12bot.com/)"
95.91.74.136 - - [18/Aug/2022:03:43:24 +0200] "GET /grey-and-beige-soap-dispenser-p-39764.html HTTP/1.0" 301 74287 "-" "Mozilla/5.0 (compatible; MJ12bot/v1.4.8; http://mj12bot.com/)"
94.154.239.69 - - [18/Aug/2022:03:43:25 +0200] "GET /large-candle-hours-simply-mulberry-p-35343.html HTTP/1.0" 200 75450 "-" "Mozilla/5.0 (compatible; MJ12bot/v1.4.8; http://mj12bot.com/)"
65.108.41.34 - - [18/Aug/2022:03:43:26 +0200] "GET /box-of-12-sonny-angel-birthday-figurines-p-49374.html HTTP/1.0" 301 74629 "-" "Mozilla/5.0 (compatible; MJ12bot/v1.4.8; http://mj12bot.com/)"
192.95.29.186 - - [18/Aug/2022:03:43:28 +0200] "GET /wall-decoration-mirror-sun-p-48824.html HTTP/1.0" 301 71667 "-" "Mozilla/5.0 (compatible; MJ12bot/v1.4.8; http://mj12bot.com/)"
95.91.74.136 - - [18/Aug/2022:03:43:29 +0200] "GET /grey-beige-soap-dispenser-p-39764.html HTTP/1.0" 200 74195 "-" "Mozilla/5.0 (compatible; MJ12bot/v1.4.8; http://mj12bot.com/)"
65.108.41.34 - - [18/Aug/2022:03:43:33 +0200] "GET /sonny-angel-birthday-figurines-p-49374.html HTTP/1.0" 200 74532 "-" "Mozilla/5.0 (compatible; MJ12bot/v1.4.8; http://mj12bot.com/)"
192.95.29.186 - - [18/Aug/2022:03:43:33 +0200] "GET /wall-decoration-mirror-p-48824.html HTTP/1.0" 200 71578 "-" "Mozilla/5.0 (compatible; MJ12bot/v1.4.8; http://mj12bot.com/)"
95.91.74.136 - - [18/Aug/2022:03:43:35 +0200] "GET /grey-beige-soap-dispenser-p-39764.html HTTP/1.0" 200 74195 "-" "Mozilla/5.0 (compatible; MJ12bot/v1.4.8; http://mj12bot.com/)"
94.154.239.69 - - [18/Aug/2022:03:43:37 +0200] "GET /large-jar-candle-70-hours-strawberry-ice-cream-p-38110.html HTTP/1.0" 301 75478 "-" "Mozilla/5.0 (compatible; MJ12bot/v1.4.8; http://mj12bot.com/)"
192.95.29.186 - - [18/Aug/2022:03:43:38 +0200] "GET /wall-decoration-shape-hand-3rd-eye-p-49185.html HTTP/1.0" 301 71695 "-" "Mozilla/5.0 (compatible; MJ12bot/v1.4.8; http://mj12bot.com/)"
185.191.171.14 - - [18/Aug/2022:03:43:39 +0200] "GET /resin-statuette-naked-p-50994.html HTTP/1.0" 200 75291 "-" "Mozilla/5.0 (compatible; SemrushBot/7~bl; +http://www.semrush.com/bot.html)"
65.108.41.34 - - [18/Aug/2022:03:43:38 +0200] "GET /box-of-12-sonny-angel-chocolate-2016-figurines-p-49375.html HTTP/1.0" 301 74624 "-" "Mozilla/5.0 (compatible; MJ12bot/v1.4.8; http://mj12bot.com/)"
95.91.74.136 - - [18/Aug/2022:03:43:39 +0200] "GET /grey-dledmv-classic-car-club-tee-shirt-p-35800.html HTTP/1.0" 301 71559 "-" "Mozilla/5.0 (compatible; MJ12bot/v1.4.8; http://mj12bot.com/)"
192.95.29.186 - - [18/Aug/2022:03:43:42 +0200] "GET /wall-decoration-shape-hand-p-49185.html HTTP/1.0" 200 71602 "-" "Mozilla/5.0 (compatible; MJ12bot/v1.4.8; http://mj12bot.com/)"
185.191.171.9 - - [18/Aug/2022:03:43:44 +0200] "GET /plush-keeleco-friendly-hedgehog-p-55364.html?action=add_product HTTP/1.0" 302 476 "-" "Mozilla/5.0 (compatible; SemrushBot/7~bl; +http://www.semrush.com/bot.html)"
65.108.41.34 - - [18/Aug/2022:03:43:46 +0200] "GET /sonny-angel-chocolate-2016-figurines-p-49375.html HTTP/1.0" 200 74521 "-" "Mozilla/5.0 (compatible; MJ12bot/v1.4.8; http://mj12bot.com/)"
192.95.29.186 - - [18/Aug/2022:03:43:46 +0200] "GET /wall-decoration-shape-hand-p-49185.html HTTP/1.0" 200 71602 "-" "Mozilla/5.0 (compatible; MJ12bot/v1.4.8; http://mj12bot.com/)"
95.91.74.136 - - [18/Aug/2022:03:43:47 +0200] "GET /-p-35800.html HTTP/1.0" 200 71492 "-" "Mozilla/5.0 (compatible; MJ12bot/v1.4.8; http://mj12bot.com/)"
94.154.239.69 - - [18/Aug/2022:03:43:48 +0200] "GET /large-candle-hours-strawberry-cream-p-38110.html HTTP/1.0" 200 75376 "-" "Mozilla/5.0 (compatible; MJ12bot/v1.4.8; http://mj12bot.com/)"
65.108.41.34 - - [18/Aug/2022:03:43:50 +0200] "GET /box-of-12-sonny-hawaii-beach-figurines-p-49376.html HTTP/1.0" 301 74509 "-" "Mozilla/5.0 (compatible; MJ12bot/v1.4.8; http://mj12bot.com/)"
95.91.74.136 - - [18/Aug/2022:03:43:51 +0200] "GET /grey-dledmv-slammed-tee-shirt-p-35632.html HTTP/1.0" 301 71559 "-" "Mozilla/5.0 (compatible; MJ12bot/v1.4.8; http://mj12bot.com/)"
94.154.239.69 - - [18/Aug/2022:03:43:54 +0200] "GET /large-jar-candle-gingerbread-house-p-46027.html HTTP/1.0" 301 71748 "-" "Mozilla/5.0 (compatible; MJ12bot/v1.4.8; http://mj12bot.com/)"
192.95.29.186 - - [18/Aug/2022:03:43:54 +0200] "GET /washed-linen-duvet-cover-220-240-cm-granite-p-48155.html HTTP/1.0" 301 71559 "-" "Mozilla/5.0 (compatible; MJ12bot/v1.4.8; http://mj12bot.com/)"
95.91.74.136 - - [18/Aug/2022:03:43:55 +0200] "GET /-p-35632.html HTTP/1.0" 200 71492 "-" "Mozilla/5.0 (compatible; MJ12bot/v1.4.8; http://mj12bot.com/)"
65.108.41.34 - - [18/Aug/2022:03:43:57 +0200] "GET /sonny-hawaii-beach-figurines-p-49376.html HTTP/1.0" 200 74414 "-" "Mozilla/5.0 (compatible; MJ12bot/v1.4.8; http://mj12bot.com/)"
66.249.64.83 - - [18/Aug/2022:03:43:57 +0200] "GET /pocket-ashtray-tontons-fumeurs-p-50899.html HTTP/1.0" 200 74838 "-" "Mozilla/5.0 (compatible; Googlebot/2.1; +http://www.google.com/bot.html)"
192.95.29.186 - - [18/Aug/2022:03:43:59 +0200] "GET /-p-48155.html HTTP/1.0" 200 71492 "-" "Mozilla/5.0 (compatible; MJ12bot/v1.4.8; http://mj12bot.com/)"
95.91.74.136 - - [18/Aug/2022:03:44:01 +0200] "GET /grey-ganesh-statue-21-cm-p-36847.html HTTP/1.0" 301 74250 "-" "Mozilla/5.0 (compatible; MJ12bot/v1.4.8; http://mj12bot.com/)"
94.154.239.69 - - [18/Aug/2022:03:44:01 +0200] "GET /large-candle-gingerbread-house-p-46027.html HTTP/1.0" 200 71651 "-" "Mozilla/5.0 (compatible; MJ12bot/v1.4.8; http://mj12bot.com/)"
95.91.74.136 - - [18/Aug/2022:03:44:05 +0200] "GET /grey-ganesh-statue-p-36847.html HTTP/1.0" 200 74165 "-" "Mozilla/5.0 (compatible; MJ12bot/v1.4.8; http://mj12bot.com/)"
65.108.41.34 - - [18/Aug/2022:03:44:05 +0200] "GET /box-of-sardines-metal-clock-29-cm-p-40937.html HTTP/1.0" 301 71559 "-" "Mozilla/5.0 (compatible; MJ12bot/v1.4.8; http://mj12bot.com/)"
1.14.140.46 - - [18/Aug/2022:03:44:09 +0200] "GET /images/mini_prod/3700653593320.jpg HTTP/1.0" 200 269 "-" "Mozilla/5.0 (X11; Ubuntu; Linux x86_64; rv:72.0) Gecko/20100101 Firefox/72.0"
95.91.74.136 - - [18/Aug/2022:03:44:09 +0200] "GET /grey-ganesh-statue-p-36847.html HTTP/1.0" 200 74165 "-" "Mozilla/5.0 (compatible; MJ12bot/v1.4.8; http://mj12bot.com/)"
94.154.239.69 - - [18/Aug/2022:03:44:09 +0200] "GET /large-jar-candle-white-tea-and-eucalyptus-p-46865.html HTTP/1.0" 301 71766 "-" "Mozilla/5.0 (compatible; MJ12bot/v1.4.8; http://mj12bot.com/)"
192.95.29.186 - - [18/Aug/2022:03:44:10 +0200] "GET /watch-out-positive-people-sign-metal-plate-deco-p-42490.html HTTP/1.0" 301 74478 "-" "Mozilla/5.0 (compatible; MJ12bot/v1.4.8; http://mj12bot.com/)"
95.91.74.136 - - [18/Aug/2022:03:44:12 +0200] "GET /grumpy-dwarf-statement-figurine-collection-disney-p-29256.html HTTP/1.0" 301 71559 "-" "Mozilla/5.0 (compatible; MJ12bot/v1.4.8; http://mj12bot.com/)"
185.191.171.45 - - [18/Aug/2022:03:44:13 +0200] "GET /statuette-jesus-christ-sacred-heart-p-53195.html?action=add_product HTTP/1.0" 302 476 "-" "Mozilla/5.0 (compatible; SemrushBot/7~bl; +http://www.semrush.com/bot.html)"
65.108.41.34 - - [18/Aug/2022:03:44:13 +0200] "GET /-p-40937.html HTTP/1.0" 200 71492 "-" "Mozilla/5.0 (compatible; MJ12bot/v1.4.8; http://mj12bot.com/)"
192.95.29.186 - - [18/Aug/2022:03:44:14 +0200] "GET /watch-positive-people-sign-metal-plate-deco-p-42490.html HTTP/1.0" 200 74368 "-" "Mozilla/5.0 (compatible; MJ12bot/v1.4.8; http://mj12bot.com/)"
95.91.74.136 - - [18/Aug/2022:03:44:18 +0200] "GET /-p-29256.html HTTP/1.0" 200 71492 "-" "Mozilla/5.0 (compatible; MJ12bot/v1.4.8; http://mj12bot.com/)"
94.154.239.69 - - [18/Aug/2022:03:44:20 +0200] "GET /large-candle-white-eucalyptus-p-46865.html HTTP/1.0" 200 71670 "-" "Mozilla/5.0 (compatible; MJ12bot/v1.4.8; http://mj12bot.com/)"
65.108.41.34 - - [18/Aug/2022:03:44:21 +0200] "GET /box-with-wooden-drawers-chypre-p-53912.html HTTP/1.0" 301 71559 "-" "Mozilla/5.0 (compatible; MJ12bot/v1.4.8; http://mj12bot.com/)"
192.95.29.186 - - [18/Aug/2022:03:44:21 +0200] "GET /watch-positive-people-sign-metal-plate-deco-p-42490.html HTTP/1.0" 200 74368 "-" "Mozilla/5.0 (compatible; MJ12bot/v1.4.8; http://mj12bot.com/)"
95.91.74.136 - - [18/Aug/2022:03:44:23 +0200] "GET /grumpy-figure-collection-by-romero-britto-p-13949.html HTTP/1.0" 301 71745 "-" "Mozilla/5.0 (compatible; MJ12bot/v1.4.8; http://mj12bot.com/)"
94.154.239.69 - - [18/Aug/2022:03:44:25 +0200] "GET /large-metal-vase-45-cm-flower-of-life-p-48969.html HTTP/1.0" 301 71559 "-" "Mozilla/5.0 (compatible; MJ12bot/v1.4.8; http://mj12bot.com/)"
192.95.29.186 - - [18/Aug/2022:03:44:26 +0200] "GET /white-cotton-chandelier-p-58310.html HTTP/1.0" 200 75013 "-" "Mozilla/5.0 (compatible; MJ12bot/v1.4.8; http://mj12bot.com/)"
95.91.74.136 - - [18/Aug/2022:03:44:27 +0200] "GET /grumpy-figure-collection-romero-britto-p-13949.html HTTP/1.0" 200 71640 "-" "Mozilla/5.0 (compatible; MJ12bot/v1.4.8; http://mj12bot.com/)"
65.108.41.34 - - [18/Aug/2022:03:44:28 +0200] "GET /-p-53912.html HTTP/1.0" 200 71492 "-" "Mozilla/5.0 (compatible; MJ12bot/v1.4.8; http://mj12bot.com/)"
94.154.239.69 - - [18/Aug/2022:03:44:30 +0200] "GET /-p-48969.html HTTP/1.0" 200 71492 "-" "Mozilla/5.0 (compatible; MJ12bot/v1.4.8; http://mj12bot.com/)"
207.46.13.105 - - [18/Aug/2022:03:44:30 +0200] "GET /-p-33291.html HTTP/1.0" 200 71492 "-" "Mozilla/5.0 (compatible; bingbot/2.0; +http://www.bing.com/bingbot.htm)"
95.91.74.136 - - [18/Aug/2022:03:44:32 +0200] "GET /grumpy-figure-collection-romero-britto-p-13949.html HTTP/1.0" 200 71640 "-" "Mozilla/5.0 (compatible; MJ12bot/v1.4.8; http://mj12bot.com/)"
192.95.29.186 - - [18/Aug/2022:03:44:33 +0200] "GET /white-cotton-kitchen-towel-45-70-cm-corsica-p-52487.html HTTP/1.0" 301 74379 "-" "Mozilla/5.0 (compatible; MJ12bot/v1.4.8; http://mj12bot.com/)"
65.108.41.34 - - [18/Aug/2022:03:44:35 +0200] "GET /branch-of-pink-orchid-wall-sticker-p-39306.html HTTP/1.0" 301 74395 "-" "Mozilla/5.0 (compatible; MJ12bot/v1.4.8; http://mj12bot.com/)"
95.91.74.136 - - [18/Aug/2022:03:44:36 +0200] "GET /guardian-angel-statue-angel-baptism-p-43214.html HTTP/1.0" 200 71626 "-" "Mozilla/5.0 (compatible; MJ12bot/v1.4.8; http://mj12bot.com/)"
192.95.29.186 - - [18/Aug/2022:03:44:37 +0200] "GET /white-cotton-kitchen-towel-corsica-p-52487.html HTTP/1.0" 200 74278 "-" "Mozilla/5.0 (compatible; MJ12bot/v1.4.8; http://mj12bot.com/)"
95.91.74.136 - - [18/Aug/2022:03:44:39 +0200] "GET /guardian-angel-statue-angel-baptism-p-43215.html HTTP/1.0" 200 74317 "-" "Mozilla/5.0 (compatible; MJ12bot/v1.4.8; http://mj12bot.com/)"
94.154.239.69 - - [18/Aug/2022:03:44:41 +0200] "GET /large-metal-vase-flower-life-p-48969.html HTTP/1.0" 301 71559 "-" "Mozilla/5.0 (compatible; MJ12bot/v1.4.8; http://mj12bot.com/)"
185.191.171.39 - - [18/Aug/2022:03:44:42 +0200] "GET /weekend-laissez-lucie-faire-wendy-p-49024.html HTTP/1.0" 200 71618 "-" "Mozilla/5.0 (compatible; SemrushBot/7~bl; +http://www.semrush.com/bot.html)"
192.95.29.186 - - [18/Aug/2022:03:44:43 +0200] "GET /white-cotton-kitchen-towel-corsica-p-52487.html HTTP/1.0" 200 74278 "-" "Mozilla/5.0 (compatible; MJ12bot/v1.4.8; http://mj12bot.com/)"
65.108.41.34 - - [18/Aug/2022:03:44:43 +0200] "GET /branch-pink-orchid-wall-sticker-p-39306.html HTTP/1.0" 200 74297 "-" "Mozilla/5.0 (compatible; MJ12bot/v1.4.8; http://mj12bot.com/)"
95.91.74.136 - - [18/Aug/2022:03:44:45 +0200] "GET /guardian-angel-statue-angel-baptism-p-43216.html HTTP/1.0" 200 74944 "-" "Mozilla/5.0 (compatible; MJ12bot/v1.4.8; http://mj12bot.com/)"
192.95.29.186 - - [18/Aug/2022:03:44:47 +0200] "GET /white-dog-table-lamp-p-32052.html HTTP/1.0" 301 71559 "-" "Mozilla/5.0 (compatible; MJ12bot/v1.4.8; http://mj12bot.com/)"
94.154.239.69 - - [18/Aug/2022:03:44:48 +0200] "GET /-p-48969.html HTTP/1.0" 200 71492 "-" "Mozilla/5.0 (compatible; MJ12bot/v1.4.8; http://mj12bot.com/)"
95.91.74.136 - - [18/Aug/2022:03:44:51 +0200] "GET /guardian-angel-statue-angel-baptism-p-43217.html HTTP/1.0" 200 71626 "-" "Mozilla/5.0 (compatible; MJ12bot/v1.4.8; http://mj12bot.com/)"
65.108.41.34 - - [18/Aug/2022:03:44:52 +0200] "GET /branch-of-white-orchid-wall-sticker-p-39307.html HTTP/1.0" 301 74385 "-" "Mozilla/5.0 (compatible; MJ12bot/v1.4.8; http://mj12bot.com/)"
54.36.149.107 - - [18/Aug/2022:03:44:53 +0200] "GET /cake-molds-cube-molds-c-12_246.html HTTP/1.0" 200 87035 "-" "Mozilla/5.0 (compatible; AhrefsBot/7.0; +http://ahrefs.com/robot/)"
192.95.29.186 - - [18/Aug/2022:03:44:53 +0200] "GET /-p-32052.html HTTP/1.0" 200 71492 "-" "Mozilla/5.0 (compatible; MJ12bot/v1.4.8; http://mj12bot.com/)"
54.36.149.72 - - [18/Aug/2022:03:44:56 +0200] "GET /images/mini_prod/8422784258262NN.jpg HTTP/1.0" 200 271 "-" "Mozilla/5.0 (compatible; AhrefsBot/7.0; +http://ahrefs.com/robot/)"
54.36.148.241 - - [18/Aug/2022:03:44:56 +0200] "GET /images/mini_prod/1399984258194.jpg HTTP/1.0" 200 269 "-" "Mozilla/5.0 (compatible; AhrefsBot/7.0; +http://ahrefs.com/robot/)"
54.36.149.20 - - [18/Aug/2022:03:44:56 +0200] "GET /images/mini_prod/53327.jpg HTTP/1.0" 200 261 "-" "Mozilla/5.0 (compatible; AhrefsBot/7.0; +http://ahrefs.com/robot/)"
54.36.149.0 - - [18/Aug/2022:03:44:56 +0200] "GET /images/mini_prod/1399984258224.jpg HTTP/1.0" 200 269 "-" "Mozilla/5.0 (compatible; AhrefsBot/7.0; +http://ahrefs.com/robot/)"
54.36.149.103 - - [18/Aug/2022:03:44:56 +0200] "GET /images/mini_prod/3799653504207.jpg HTTP/1.0" 200 269 "-" "Mozilla/5.0 (compatible; AhrefsBot/7.0; +http://ahrefs.com/robot/)"
54.36.148.210 - - [18/Aug/2022:03:44:56 +0200] "GET /images/mini_prod/3660173215464.jpg HTTP/1.0" 200 269 "-" "Mozilla/5.0 (compatible; AhrefsBot/7.0; +http://ahrefs.com/robot/)"
54.36.148.219 - - [18/Aug/2022:03:44:56 +0200] "GET /images/mini_prod/4029811386048.jpg HTTP/1.0" 200 269 "-" "Mozilla/5.0 (compatible; AhrefsBot/7.0; +http://ahrefs.com/robot/)"
54.36.148.190 - - [18/Aug/2022:03:44:56 +0200] "GET /images/mini_prod/8422784258286NN.jpg HTTP/1.0" 200 271 "-" "Mozilla/5.0 (compatible; AhrefsBot/7.0; +http://ahrefs.com/robot/)"
54.36.148.255 - - [18/Aug/2022:03:44:56 +0200] "GET /images/mini_prod/341K002.jpg HTTP/1.0" 200 263 "-" "Mozilla/5.0 (compatible; AhrefsBot/7.0; +http://ahrefs.com/robot/)"
54.36.149.39 - - [18/Aug/2022:03:44:56 +0200] "GET /images/mini_prod/8422784258279NN.jpg HTTP/1.0" 200 271 "-" "Mozilla/5.0 (compatible; AhrefsBot/7.0; +http://ahrefs.com/robot/)"
95.91.74.136 - - [18/Aug/2022:03:44:57 +0200] "GET /guardian-angel-willow-tree-figurine-p-36268.html HTTP/1.0" 200 71628 "-" "Mozilla/5.0 (compatible; MJ12bot/v1.4.8; http://mj12bot.com/)"
192.95.29.186 - - [18/Aug/2022:03:44:58 +0200] "GET /white-foliage-soliflore-p-36360.html HTTP/1.0" 200 74176 "-" "Mozilla/5.0 (compatible; MJ12bot/v1.4.8; http://mj12bot.com/)"
65.108.41.34 - - [18/Aug/2022:03:44:58 +0200] "GET /branch-white-orchid-wall-sticker-p-39307.html HTTP/1.0" 200 74286 "-" "Mozilla/5.0 (compatible; MJ12bot/v1.4.8; http://mj12bot.com/)"
185.191.171.37 - - [18/Aug/2022:03:44:59 +0200] "GET /-p-18760.html?action=add_product HTTP/1.0" 302 476 "-" "Mozilla/5.0 (compatible; SemrushBot/7~bl; +http://www.semrush.com/bot.html)"
66.249.64.82 - - [18/Aug/2022:03:45:00 +0200] "GET /mini-melamine-tray-p-55843.html HTTP/1.0" 200 74186 "-" "Mozilla/5.0 (Linux; Android 6.0.1; Nexus 5X Build/MMB29P) AppleWebKit/537.36 (KHTML, like Gecko) Chrome/104.0.5112.79 Mobile Safari/537.36 (compatible; Googlebot/2.1; +http://www.google.com/bot.html)"
94.154.239.69 - - [18/Aug/2022:03:45:00 +0200] "GET /large-mirror-hanging-carved-wood-p-50150.html HTTP/1.0" 200 71616 "-" "Mozilla/5.0 (compatible; MJ12bot/v1.4.8; http://mj12bot.com/)"
95.91.74.136 - - [18/Aug/2022:03:45:01 +0200] "GET /guardman-solar-powered-dancing-p-29976.html HTTP/1.0" 200 71633 "-" "Mozilla/5.0 (compatible; MJ12bot/v1.4.8; http://mj12bot.com/)"
65.108.41.34 - - [18/Aug/2022:03:45:05 +0200] "GET /branch-pink-orchid-wall-sticker-p-39306.html HTTP/1.0" 200 74297 "-" "Mozilla/5.0 (compatible; MJ12bot/v1.4.8; http://mj12bot.com/)"
192.95.29.186 - - [18/Aug/2022:03:45:06 +0200] "GET /white-hearts-table-lamp-p-37276.html HTTP/1.0" 200 71574 "-" "Mozilla/5.0 (compatible; MJ12bot/v1.4.8; http://mj12bot.com/)"
95.91.74.136 - - [18/Aug/2022:03:45:07 +0200] "GET /guatemala-clock-by-cbkreation-p-36920.html HTTP/1.0" 301 74252 "-" "Mozilla/5.0 (compatible; MJ12bot/v1.4.8; http://mj12bot.com/)"
77.75.76.172 - - [18/Aug/2022:03:45:09 +0200] "GET /robots.txt HTTP/1.0" 200 245 "-" "Mozilla/5.0 (compatible; SeznamBot/3.2; +http://napoveda.seznam.cz/en/seznambot-intro/)"
192.95.29.186 - - [18/Aug/2022:03:45:10 +0200] "GET /white-horse-money-bank-p-56184.html HTTP/1.0" 200 74762 "-" "Mozilla/5.0 (compatible; MJ12bot/v1.4.8; http://mj12bot.com/)"
77.75.76.172 - - [18/Aug/2022:03:45:09 +0200] "GET /products_new.php HTTP/1.0" 200 94837 "-" "Mozilla/5.0 (compatible; SeznamBot/3.2; +http://napoveda.seznam.cz/en/seznambot-intro/)"
94.154.239.69 - - [18/Aug/2022:03:45:11 +0200] "GET /large-mirror-hanging-in-carved-wood-p-50150.html HTTP/1.0" 301 71715 "-" "Mozilla/5.0 (compatible; MJ12bot/v1.4.8; http://mj12bot.com/)"
65.108.41.34 - - [18/Aug/2022:03:45:11 +0200] "GET /branch-white-orchid-wall-sticker-p-39307.html HTTP/1.0" 200 74286 "-" "Mozilla/5.0 (compatible; MJ12bot/v1.4.8; http://mj12bot.com/)"
192.95.29.186 - - [18/Aug/2022:03:45:14 +0200] "GET /white-meditation-buddha-resin-statuette-p-50399.html HTTP/1.0" 200 74360 "-" "Mozilla/5.0 (compatible; MJ12bot/v1.4.8; http://mj12bot.com/)"
94.154.239.69 - - [18/Aug/2022:03:45:17 +0200] "GET /large-mirror-hanging-carved-wood-p-50150.html HTTP/1.0" 200 71616 "-" "Mozilla/5.0 (compatible; MJ12bot/v1.4.8; http://mj12bot.com/)"
95.91.74.136 - - [18/Aug/2022:03:45:18 +0200] "GET /guatemala-clock-cbkreation-p-36920.html HTTP/1.0" 200 74159 "-" "Mozilla/5.0 (compatible; MJ12bot/v1.4.8; http://mj12bot.com/)"
65.108.41.34 - - [18/Aug/2022:03:45:21 +0200] "GET /brass-elephant-statuette-12-27-cm-p-47207.html HTTP/1.0" 301 71695 "-" "Mozilla/5.0 (compatible; MJ12bot/v1.4.8; http://mj12bot.com/)"
192.95.29.186 - - [18/Aug/2022:03:45:22 +0200] "GET /white-small-baby-teeth-p-33506.html HTTP/1.0" 200 74282 "-" "Mozilla/5.0 (compatible; MJ12bot/v1.4.8; http://mj12bot.com/)"
95.91.74.136 - - [18/Aug/2022:03:45:23 +0200] "GET /guatemala-clock-cbkreation-p-36920.html HTTP/1.0" 200 74159 "-" "Mozilla/5.0 (compatible; MJ12bot/v1.4.8; http://mj12bot.com/)"
192.95.29.186 - - [18/Aug/2022:03:45:25 +0200] "GET /white-statue-decorative-p-31547.html HTTP/1.0" 301 71559 "-" "Mozilla/5.0 (compatible; MJ12bot/v1.4.8; http://mj12bot.com/)"
94.154.239.69 - - [18/Aug/2022:03:45:25 +0200] "GET /large-pink-flamingo-lamp-gold-p-48259.html HTTP/1.0" 200 71588 "-" "Mozilla/5.0 (compatible; MJ12bot/v1.4.8; http://mj12bot.com/)"
95.91.74.136 - - [18/Aug/2022:03:45:27 +0200] "GET /guimard-box-with-wheels-p-53916.html HTTP/1.0" 301 71652 "-" "Mozilla/5.0 (compatible; MJ12bot/v1.4.8; http://mj12bot.com/)"
65.108.41.34 - - [18/Aug/2022:03:45:27 +0200] "GET /brass-elephant-statuette-p-47207.html HTTP/1.0" 200 71604 "-" "Mozilla/5.0 (compatible; MJ12bot/v1.4.8; http://mj12bot.com/)"
192.95.29.186 - - [18/Aug/2022:03:45:31 +0200] "GET /-p-31547.html HTTP/1.0" 200 71492 "-" "Mozilla/5.0 (compatible; MJ12bot/v1.4.8; http://mj12bot.com/)"
94.154.239.69 - - [18/Aug/2022:03:45:31 +0200] "GET /large-straw-basket-38-40-cm-p-40132.html HTTP/1.0" 301 71559 "-" "Mozilla/5.0 (compatible; MJ12bot/v1.4.8; http://mj12bot.com/)"
95.91.74.136 - - [18/Aug/2022:03:45:34 +0200] "GET /guimard-with-wheels-p-53916.html HTTP/1.0" 200 71566 "-" "Mozilla/5.0 (compatible; MJ12bot/v1.4.8; http://mj12bot.com/)"
192.95.29.186 - - [18/Aug/2022:03:45:35 +0200] "GET /white-table-lamp-p-32052.html HTTP/1.0" 301 71559 "-" "Mozilla/5.0 (compatible; MJ12bot/v1.4.8; http://mj12bot.com/)"
94.154.239.69 - - [18/Aug/2022:03:45:38 +0200] "GET /-p-40132.html HTTP/1.0" 200 71492 "-" "Mozilla/5.0 (compatible; MJ12bot/v1.4.8; http://mj12bot.com/)"
185.191.171.13 - - [18/Aug/2022:03:45:39 +0200] "GET /wooden-hand-fatima-wood-blue-aged-brass-p-46079.html?action=add_product HTTP/1.0" 302 476 "-" "Mozilla/5.0 (compatible; SemrushBot/7~bl; +http://www.semrush.com/bot.html)"
192.95.29.186 - - [18/Aug/2022:03:45:41 +0200] "GET /-p-32052.html HTTP/1.0" 200 71492 "-" "Mozilla/5.0 (compatible; MJ12bot/v1.4.8; http://mj12bot.com/)"
192.95.29.186 - - [18/Aug/2022:03:45:45 +0200] "GET /wick-ellipse-candle-heart-home-blood-orange-p-56295.html HTTP/1.0" 200 75626 "-" "Mozilla/5.0 (compatible; MJ12bot/v1.4.8; http://mj12bot.com/)"
185.191.171.13 - - [18/Aug/2022:03:45:46 +0200] "GET /-p-40282.html?action=add_product HTTP/1.0" 302 476 "-" "Mozilla/5.0 (compatible; SemrushBot/7~bl; +http://www.semrush.com/bot.html)"
94.154.239.69 - - [18/Aug/2022:03:45:45 +0200] "GET /larry-louse-figure-p-459.html HTTP/1.0" 301 71553 "-" "Mozilla/5.0 (compatible; MJ12bot/v1.4.8; http://mj12bot.com/)"
192.95.29.186 - - [18/Aug/2022:03:45:50 +0200] "GET /winnie-the-pooh-alarm-clock-p-1927.html HTTP/1.0" 301 71556 "-" "Mozilla/5.0 (compatible; MJ12bot/v1.4.8; http://mj12bot.com/)"
95.91.74.136 - - [18/Aug/2022:03:45:54 +0200] "GET /guimard-with-wheels-p-53916.html HTTP/1.0" 200 71566 "-" "Mozilla/5.0 (compatible; MJ12bot/v1.4.8; http://mj12bot.com/)"
192.95.29.186 - - [18/Aug/2022:03:45:55 +0200] "GET /-p-1927.html HTTP/1.0" 200 71490 "-" "Mozilla/5.0 (compatible; MJ12bot/v1.4.8; http://mj12bot.com/)"
94.154.239.69 - - [18/Aug/2022:03:45:56 +0200] "GET /-p-459.html HTTP/1.0" 200 71488 "-" "Mozilla/5.0 (compatible; MJ12bot/v1.4.8; http://mj12bot.com/)"
192.95.29.186 - - [18/Aug/2022:03:45:59 +0200] "GET /winter-tinker-bell-figurine-p-36943.html HTTP/1.0" 301 71559 "-" "Mozilla/5.0 (compatible; MJ12bot/v1.4.8; http://mj12bot.com/)"
95.91.74.136 - - [18/Aug/2022:03:45:59 +0200] "GET /guinness-mirror-p-48299.html HTTP/1.0" 200 71558 "-" "Mozilla/5.0 (compatible; MJ12bot/v1.4.8; http://mj12bot.com/)"
94.154.239.69 - - [18/Aug/2022:03:46:01 +0200] "GET /laundry-basket-50-cm-p-49923.html HTTP/1.0" 301 74836 "-" "Mozilla/5.0 (compatible; MJ12bot/v1.4.8; http://mj12bot.com/)"
95.91.74.136 - - [18/Aug/2022:03:46:03 +0200] "GET /guitar-wood-keyring-p-26078.html HTTP/1.0" 301 71559 "-" "Mozilla/5.0 (compatible; MJ12bot/v1.4.8; http://mj12bot.com/)"
192.95.29.186 - - [18/Aug/2022:03:46:04 +0200] "GET /-p-36943.html HTTP/1.0" 200 71492 "-" "Mozilla/5.0 (compatible; MJ12bot/v1.4.8; http://mj12bot.com/)"
95.91.74.136 - - [18/Aug/2022:03:46:08 +0200] "GET /-p-26078.html HTTP/1.0" 200 71492 "-" "Mozilla/5.0 (compatible; MJ12bot/v1.4.8; http://mj12bot.com/)"
94.154.239.69 - - [18/Aug/2022:03:46:11 +0200] "GET /laundry-basket-p-49923.html HTTP/1.0" 200 74755 "-" "Mozilla/5.0 (compatible; MJ12bot/v1.4.8; http://mj12bot.com/)"
95.91.74.136 - - [18/Aug/2022:03:46:11 +0200] "GET /gun-mug-silver-p-41943.html HTTP/1.0" 301 74160 "-" "Mozilla/5.0 (compatible; MJ12bot/v1.4.8; http://mj12bot.com/)"
192.95.29.186 - - [18/Aug/2022:03:46:13 +0200] "GET /with-wooden-drawers-chypre-p-53912.html HTTP/1.0" 301 71559 "-" "Mozilla/5.0 (compatible; MJ12bot/v1.4.8; http://mj12bot.com/)"
95.91.74.136 - - [18/Aug/2022:03:46:16 +0200] "GET /silver-p-41943.html HTTP/1.0" 200 74087 "-" "Mozilla/5.0 (compatible; MJ12bot/v1.4.8; http://mj12bot.com/)"
94.154.239.69 - - [18/Aug/2022:03:46:19 +0200] "GET /laundry-basket-p-49923.html HTTP/1.0" 200 74755 "-" "Mozilla/5.0 (compatible; MJ12bot/v1.4.8; http://mj12bot.com/)"
95.91.74.136 - - [18/Aug/2022:03:46:20 +0200] "GET /guns-roses-metal-keyring-p-18219.html HTTP/1.0" 301 71559 "-" "Mozilla/5.0 (compatible; MJ12bot/v1.4.8; http://mj12bot.com/)"
192.95.29.186 - - [18/Aug/2022:03:46:21 +0200] "GET /-p-53912.html HTTP/1.0" 200 71492 "-" "Mozilla/5.0 (compatible; MJ12bot/v1.4.8; http://mj12bot.com/)"
94.154.239.69 - - [18/Aug/2022:03:46:24 +0200] "GET /lavender-bread-bag-p-44197.html HTTP/1.0" 301 71559 "-" "Mozilla/5.0 (compatible; MJ12bot/v1.4.8; http://mj12bot.com/)"
95.91.74.136 - - [18/Aug/2022:03:46:25 +0200] "GET /-p-18219.html HTTP/1.0" 200 71492 "-" "Mozilla/5.0 (compatible; MJ12bot/v1.4.8; http://mj12bot.com/)"
192.95.29.186 - - [18/Aug/2022:03:46:27 +0200] "GET /wood-and-glass-pistol-frame-80-cm-p-48289.html HTTP/1.0" 301 74359 "-" "Mozilla/5.0 (compatible; MJ12bot/v1.4.8; http://mj12bot.com/)"
95.91.74.136 - - [18/Aug/2022:03:46:28 +0200] "GET /halloween-pumpkin-elephant-sonny-angel-figure-p-43656.html HTTP/1.0" 200 74407 "-" "Mozilla/5.0 (compatible; MJ12bot/v1.4.8; http://mj12bot.com/)"
192.95.29.186 - - [18/Aug/2022:03:46:31 +0200] "GET /wood-glass-pistol-frame-p-48289.html HTTP/1.0" 200 74269 "-" "Mozilla/5.0 (compatible; MJ12bot/v1.4.8; http://mj12bot.com/)"
66.102.8.220 - - [18/Aug/2022:03:46:33 +0200] "GET /images/3438100316986.jpg HTTP/1.0" 200 259 "-" "Mozilla/5.0 (Windows NT 5.1; rv:11.0) Gecko Firefox/11.0 (via ggpht.com GoogleImageProxy)"
94.154.239.69 - - [18/Aug/2022:03:46:32 +0200] "GET /-p-44197.html HTTP/1.0" 200 71492 "-" "Mozilla/5.0 (compatible; MJ12bot/v1.4.8; http://mj12bot.com/)"
207.46.13.128 - - [18/Aug/2022:03:46:35 +0200] "GET /images/3681643302392.jpg HTTP/1.0" 200 259 "-" "Mozilla/5.0 (compatible; bingbot/2.0; +http://www.bing.com/bingbot.htm)"
95.91.74.136 - - [18/Aug/2022:03:46:34 +0200] "GET /hamburger-moneybox-p-55011.html HTTP/1.0" 200 74665 "-" "Mozilla/5.0 (compatible; MJ12bot/v1.4.8; http://mj12bot.com/)"
192.95.29.186 - - [18/Aug/2022:03:46:36 +0200] "GET /wood-and-glass-pistol-frame-80-cm-p-48290.html HTTP/1.0" 301 74357 "-" "Mozilla/5.0 (compatible; MJ12bot/v1.4.8; http://mj12bot.com/)"
54.36.149.63 - - [18/Aug/2022:03:46:38 +0200] "GET /night-lights-c-86_278.html HTTP/1.0" 200 93328 "-" "Mozilla/5.0 (compatible; AhrefsBot/7.0; +http://ahrefs.com/robot/)"
95.91.74.136 - - [18/Aug/2022:03:46:38 +0200] "GET /handmade-metal-bicycle-figurine-recycling-p-42319.html HTTP/1.0" 301 71559 "-" "Mozilla/5.0 (compatible; MJ12bot/v1.4.8; http://mj12bot.com/)"
54.36.148.57 - - [18/Aug/2022:03:46:42 +0200] "GET /images/mini_prod/3520071631295.jpg HTTP/1.0" 200 269 "-" "Mozilla/5.0 (compatible; AhrefsBot/7.0; +http://ahrefs.com/robot/)"
54.36.148.78 - - [18/Aug/2022:03:46:42 +0200] "GET /images/mini_prod/3520071631264.jpg HTTP/1.0" 200 269 "-" "Mozilla/5.0 (compatible; AhrefsBot/7.0; +http://ahrefs.com/robot/)"
54.36.149.86 - - [18/Aug/2022:03:46:42 +0200] "GET /images/mini_prod/1384010176306.jpg HTTP/1.0" 200 269 "-" "Mozilla/5.0 (compatible; AhrefsBot/7.0; +http://ahrefs.com/robot/)"
54.36.148.22 - - [18/Aug/2022:03:46:42 +0200] "GET /images/mini_prod/3609810037779.jpg HTTP/1.0" 200 269 "-" "Mozilla/5.0 (compatible; AhrefsBot/7.0; +http://ahrefs.com/robot/)"
54.36.148.165 - - [18/Aug/2022:03:46:42 +0200] "GET /images/mini_prod/4029811411573.jpg HTTP/1.0" 200 269 "-" "Mozilla/5.0 (compatible; AhrefsBot/7.0; +http://ahrefs.com/robot/)"
54.36.148.119 - - [18/Aug/2022:03:46:42 +0200] "GET /images/mini_prod/1384010176313.jpg HTTP/1.0" 200 269 "-" "Mozilla/5.0 (compatible; AhrefsBot/7.0; +http://ahrefs.com/robot/)"
54.36.149.73 - - [18/Aug/2022:03:46:42 +0200] "GET /images/mini_prod/3520071631271.jpg HTTP/1.0" 200 269 "-" "Mozilla/5.0 (compatible; AhrefsBot/7.0; +http://ahrefs.com/robot/)"
54.36.148.99 - - [18/Aug/2022:03:46:42 +0200] "GET /images/mini_prod/3609810037762.jpg HTTP/1.0" 200 269 "-" "Mozilla/5.0 (compatible; AhrefsBot/7.0; +http://ahrefs.com/robot/)"
54.36.148.234 - - [18/Aug/2022:03:46:42 +0200] "GET /images/mini_prod/1384010176320.jpg HTTP/1.0" 200 269 "-" "Mozilla/5.0 (compatible; AhrefsBot/7.0; +http://ahrefs.com/robot/)"
54.36.148.58 - - [18/Aug/2022:03:46:42 +0200] "GET /images/mini_prod/3609810037731a.jpg HTTP/1.0" 200 270 "-" "Mozilla/5.0 (compatible; AhrefsBot/7.0; +http://ahrefs.com/robot/)"
54.36.149.74 - - [18/Aug/2022:03:46:42 +0200] "GET /images/mini_prod/4029811430918.jpg HTTP/1.0" 200 269 "-" "Mozilla/5.0 (compatible; AhrefsBot/7.0; +http://ahrefs.com/robot/)"
54.36.148.13 - - [18/Aug/2022:03:46:42 +0200] "GET /images/mini_prod/5415203535177.jpg HTTP/1.0" 200 269 "-" "Mozilla/5.0 (compatible; AhrefsBot/7.0; +http://ahrefs.com/robot/)"
54.36.148.114 - - [18/Aug/2022:03:46:42 +0200] "GET /images/mini_prod/3520071750644.jpg HTTP/1.0" 200 269 "-" "Mozilla/5.0 (compatible; AhrefsBot/7.0; +http://ahrefs.com/robot/)"
192.95.29.186 - - [18/Aug/2022:03:46:41 +0200] "GET /wood-glass-pistol-frame-p-48290.html HTTP/1.0" 200 74267 "-" "Mozilla/5.0 (compatible; MJ12bot/v1.4.8; http://mj12bot.com/)"
95.91.74.136 - - [18/Aug/2022:03:46:43 +0200] "GET /-p-42319.html HTTP/1.0" 200 71492 "-" "Mozilla/5.0 (compatible; MJ12bot/v1.4.8; http://mj12bot.com/)"
94.154.239.69 - - [18/Aug/2022:03:46:44 +0200] "GET /le-bonheur-stickers-20-70-cm-p-39320.html HTTP/1.0" 301 74261 "-" "Mozilla/5.0 (compatible; MJ12bot/v1.4.8; http://mj12bot.com/)"
192.95.29.186 - - [18/Aug/2022:03:46:45 +0200] "GET /wood-and-silver-lamp-46-cm-p-46769.html HTTP/1.0" 301 71559 "-" "Mozilla/5.0 (compatible; MJ12bot/v1.4.8; http://mj12bot.com/)"
94.154.239.69 - - [18/Aug/2022:03:46:47 +0200] "GET /bonheur-stickers-p-39320.html HTTP/1.0" 200 74178 "-" "Mozilla/5.0 (compatible; MJ12bot/v1.4.8; http://mj12bot.com/)"
95.91.74.136 - - [18/Aug/2022:03:46:49 +0200] "GET /hanging-iron-structure-tortoise-35-35-cm-brown-p-40257.html HTTP/1.0" 301 74511 "-" "Mozilla/5.0 (compatible; MJ12bot/v1.4.8; http://mj12bot.com/)"
192.95.29.186 - - [18/Aug/2022:03:46:48 +0200] "GET /-p-46769.html HTTP/1.0" 200 71492 "-" "Mozilla/5.0 (compatible; MJ12bot/v1.4.8; http://mj12bot.com/)"
95.91.74.136 - - [18/Aug/2022:03:46:55 +0200] "GET /hanging-iron-structure-tortoise-brown-p-40257.html HTTP/1.0" 200 74407 "-" "Mozilla/5.0 (compatible; MJ12bot/v1.4.8; http://mj12bot.com/)"
192.95.29.186 - - [18/Aug/2022:03:46:56 +0200] "GET /wood-box-carved-hand-of-fatma-p-50143.html HTTP/1.0" 301 71559 "-" "Mozilla/5.0 (compatible; MJ12bot/v1.4.8; http://mj12bot.com/)"
94.154.239.69 - - [18/Aug/2022:03:46:57 +0200] "GET /le-chat-noir-theophile-alexandre-steinlen-candle-holder-p-38935.html HTTP/1.0" 301 75253 "-" "Mozilla/5.0 (compatible; MJ12bot/v1.4.8; http://mj12bot.com/)"
95.91.74.136 - - [18/Aug/2022:03:46:58 +0200] "GET /hanging-iron-structure-tortoise-35-35-cm-green-p-40258.html HTTP/1.0" 301 71760 "-" "Mozilla/5.0 (compatible; MJ12bot/v1.4.8; http://mj12bot.com/)"
192.95.29.186 - - [18/Aug/2022:03:47:02 +0200] "GET /-p-50143.html HTTP/1.0" 200 71492 "-" "Mozilla/5.0 (compatible; MJ12bot/v1.4.8; http://mj12bot.com/)"
95.91.74.136 - - [18/Aug/2022:03:47:03 +0200] "GET /hanging-iron-structure-tortoise-green-p-40258.html HTTP/1.0" 200 71656 "-" "Mozilla/5.0 (compatible; MJ12bot/v1.4.8; http://mj12bot.com/)"
185.191.171.23 - - [18/Aug/2022:03:47:06 +0200] "GET /-p-14851.html?action=add_product HTTP/1.0" 302 476 "-" "Mozilla/5.0 (compatible; SemrushBot/7~bl; +http://www.semrush.com/bot.html)"
94.154.239.69 - - [18/Aug/2022:03:47:05 +0200] "GET /chat-noir-thophile-alexandre-steinlen-candle-holder-p-38935.html HTTP/1.0" 200 75135 "-" "Mozilla/5.0 (compatible; MJ12bot/v1.4.8; http://mj12bot.com/)"
178.150.14.250 - - [18/Aug/2022:03:47:08 +0200] "GET /robots.txt HTTP/1.0" 200 245 "-" "Mozilla/5.0 (compatible; MJ12bot/v1.4.8; http://mj12bot.com/)"
192.95.29.186 - - [18/Aug/2022:03:47:06 +0200] "GET /wood-carved-hand-fatma-p-50143.html HTTP/1.0" 301 71559 "-" "Mozilla/5.0 (compatible; MJ12bot/v1.4.8; http://mj12bot.com/)"
95.91.74.136 - - [18/Aug/2022:03:47:07 +0200] "GET /hanging-iron-structure-tortoise-brown-p-40257.html HTTP/1.0" 200 74407 "-" "Mozilla/5.0 (compatible; MJ12bot/v1.4.8; http://mj12bot.com/)"
192.95.29.186 - - [18/Aug/2022:03:47:11 +0200] "GET /-p-50143.html HTTP/1.0" 200 71492 "-" "Mozilla/5.0 (compatible; MJ12bot/v1.4.8; http://mj12bot.com/)"
95.91.74.136 - - [18/Aug/2022:03:47:11 +0200] "GET /hanging-iron-structure-tortoise-green-p-40258.html HTTP/1.0" 200 71656 "-" "Mozilla/5.0 (compatible; MJ12bot/v1.4.8; http://mj12bot.com/)"
94.154.239.69 - - [18/Aug/2022:03:47:13 +0200] "GET /le-petit-prince-de-st-exupery-box-sets-of-cups-p-44600.html HTTP/1.0" 301 71732 "-" "Mozilla/5.0 (compatible; MJ12bot/v1.4.8; http://mj12bot.com/)"
192.95.29.186 - - [18/Aug/2022:03:47:14 +0200] "GET /wood-silver-lamp-p-46769.html HTTP/1.0" 301 71559 "-" "Mozilla/5.0 (compatible; MJ12bot/v1.4.8; http://mj12bot.com/)"
95.91.74.136 - - [18/Aug/2022:03:47:17 +0200] "GET /hanging-metal-structure-butterfly-50-33-cm-p-46788.html HTTP/1.0" 301 74417 "-" "Mozilla/5.0 (compatible; MJ12bot/v1.4.8; http://mj12bot.com/)"
178.150.14.250 - - [18/Aug/2022:03:47:19 +0200] "GET /batik-wall-hanging-hand-fatima-p-49453.html HTTP/1.0" 200 74367 "-" "Mozilla/5.0 (compatible; MJ12bot/v1.4.8; http://mj12bot.com/)"
192.95.29.186 - - [18/Aug/2022:03:47:20 +0200] "GET /-p-46769.html HTTP/1.0" 200 71492 "-" "Mozilla/5.0 (compatible; MJ12bot/v1.4.8; http://mj12bot.com/)"
95.91.74.136 - - [18/Aug/2022:03:47:20 +0200] "GET /hanging-metal-structure-butterfly-p-46788.html HTTP/1.0" 200 74317 "-" "Mozilla/5.0 (compatible; MJ12bot/v1.4.8; http://mj12bot.com/)"
178.150.14.250 - - [18/Aug/2022:03:47:23 +0200] "GET /batik-wall-hanging-meditator-p-49455.html HTTP/1.0" 200 74358 "-" "Mozilla/5.0 (compatible; MJ12bot/v1.4.8; http://mj12bot.com/)"
95.91.74.136 - - [18/Aug/2022:03:47:25 +0200] "GET /hanging-metal-structure-butterfly-p-46788.html HTTP/1.0" 200 74317 "-" "Mozilla/5.0 (compatible; MJ12bot/v1.4.8; http://mj12bot.com/)"
94.154.239.69 - - [18/Aug/2022:03:47:26 +0200] "GET /petit-prince-exupry-sets-cups-p-44600.html HTTP/1.0" 200 71636 "-" "Mozilla/5.0 (compatible; MJ12bot/v1.4.8; http://mj12bot.com/)"
178.150.14.250 - - [18/Aug/2022:03:47:27 +0200] "GET /boho-canvas-frame-buffalo-head-p-39216.html HTTP/1.0" 200 74973 "-" "Mozilla/5.0 (compatible; MJ12bot/v1.4.8; http://mj12bot.com/)"
192.95.29.186 - - [18/Aug/2022:03:47:29 +0200] "GET /wood-zinc-bottle-opener-apro-recrute-p-54989.html HTTP/1.0" 200 74366 "-" "Mozilla/5.0 (compatible; MJ12bot/v1.4.8; http://mj12bot.com/)"
95.91.74.136 - - [18/Aug/2022:03:47:31 +0200] "GET /hanging-metal-structure-elephant-80-54-cm-p-46787.html HTTP/1.0" 301 74452 "-" "Mozilla/5.0 (compatible; MJ12bot/v1.4.8; http://mj12bot.com/)"
