157.55.39.233 - - [18/Aug/2022:16:34:09 +0200] "GET /raving-rabbids-storage-stool-p-37534.html HTTP/1.0" 200 74311 "-" "Mozilla/5.0 (compatible; bingbot/2.0; +http://www.bing.com/bingbot.htm)"
185.191.171.24 - - [18/Aug/2022:16:34:23 +0200] "GET /the-princess-and-the-frog-peel-and-stick-wall-decals-p-22529.html HTTP/1.0" 301 74528 "-" "Mozilla/5.0 (compatible; SemrushBot/7~bl; +http://www.semrush.com/bot.html)"
114.119.137.43 - - [18/Aug/2022:16:34:25 +0200] "GET /corsica-white-p-43547.html HTTP/1.0" 200 74075 "http://www.wonder-geek.com/mugs-mazagrans-c-12_57.html?page=12" "Mozilla/5.0 (Linux; Android 7.0;) AppleWebKit/537.36 (KHTML, like Gecko) Mobile Safari/537.36 (compatible; PetalBot;+https://webmaster.petalsearch.com/site/petalbot)"
185.191.171.2 - - [18/Aug/2022:16:34:26 +0200] "GET /princess-frog-peel-stick-wall-decals-p-22529.html HTTP/1.0" 200 74425 "-" "Mozilla/5.0 (compatible; SemrushBot/7~bl; +http://www.semrush.com/bot.html)"
54.36.149.23 - - [18/Aug/2022:16:34:31 +0200] "GET /bookend-egyptians-p-56408.html HTTP/1.0" 200 75031 "-" "Mozilla/5.0 (compatible; AhrefsBot/7.0; +http://ahrefs.com/robot/)"
66.249.64.82 - - [18/Aug/2022:16:34:33 +0200] "GET /cbkreation-p-37844.html HTTP/1.0" 200 74105 "-" "Mozilla/5.0 (Linux; Android 6.0.1; Nexus 5X Build/MMB29P) AppleWebKit/537.36 (KHTML, like Gecko) Chrome/104.0.5112.101 Mobile Safari/537.36 (compatible; Googlebot/2.1; +http://www.google.com/bot.html)"
66.249.64.83 - - [18/Aug/2022:16:35:14 +0200] "GET /natural-floor-carpet-p-52151.html HTTP/1.0" 200 74328 "-" "Mozilla/5.0 (Linux; Android 6.0.1; Nexus 5X Build/MMB29P) AppleWebKit/537.36 (KHTML, like Gecko) Chrome/104.0.5112.101 Mobile Safari/537.36 (compatible; Googlebot/2.1; +http://www.google.com/bot.html)"
185.191.171.5 - - [18/Aug/2022:16:35:22 +0200] "GET /corsica-metal-plate-p-52513.html?action=add_product HTTP/1.0" 302 476 "-" "Mozilla/5.0 (compatible; SemrushBot/7~bl; +http://www.semrush.com/bot.html)"
185.191.171.10 - - [18/Aug/2022:16:35:52 +0200] "GET /talent-ludwig-beethoven-tassen-made-germany-p-53938.html HTTP/1.0" 200 76848 "-" "Mozilla/5.0 (compatible; SemrushBot/7~bl; +http://www.semrush.com/bot.html)"
185.191.171.7 - - [18/Aug/2022:16:35:55 +0200] "GET /retro-chest-p-34949.html HTTP/1.0" 200 74095 "-" "Mozilla/5.0 (compatible; SemrushBot/7~bl; +http://www.semrush.com/bot.html)"
185.191.171.23 - - [18/Aug/2022:16:36:28 +0200] "GET /ceramic-butter-dish-cotty-collection-p-57260.html?action=add_product HTTP/1.0" 302 476 "-" "Mozilla/5.0 (compatible; SemrushBot/7~bl; +http://www.semrush.com/bot.html)"
66.249.64.83 - - [18/Aug/2022:16:36:40 +0200] "GET /natural-wood-cutting-board-p-42162.html HTTP/1.0" 200 71612 "-" "Mozilla/5.0 (Linux; Android 6.0.1; Nexus 5X Build/MMB29P) AppleWebKit/537.36 (KHTML, like Gecko) Chrome/104.0.5112.101 Mobile Safari/537.36 (compatible; Googlebot/2.1; +http://www.google.com/bot.html)"
54.36.148.163 - - [18/Aug/2022:16:36:40 +0200] "GET /beer-glasses-olympique-marseille-p-46526.html HTTP/1.0" 200 74904 "-" "Mozilla/5.0 (compatible; AhrefsBot/7.0; +http://ahrefs.com/robot/)"
157.55.39.9 - - [18/Aug/2022:16:37:20 +0200] "GET /images/big_prod/3418179860603.jpg HTTP/1.0" 200 268 "-" "Mozilla/5.0 (compatible; bingbot/2.0; +http://www.bing.com/bingbot.htm)"
216.165.12.8 - - [18/Aug/2022:16:37:22 +0200] "GET /images/mini_prod/5901130040575.jpg HTTP/1.0" 200 269 "-" "Mozilla/5.0 (X11; Ubuntu; Linux x86_64; rv:72.0) Gecko/20100101 Firefox/72.0"
35.239.133.55 - - [18/Aug/2022:16:37:22 +0200] "GET /images/mini_prod/8433933961377.jpg HTTP/1.0" 200 269 "-" "Mozilla/5.0 (X11; Ubuntu; Linux x86_64; rv:72.0) Gecko/20100101 Firefox/72.0"
66.249.64.83 - - [18/Aug/2022:16:37:28 +0200] "GET /hilly-porcelain-bowl-p-47860.html HTTP/1.0" 200 74099 "-" "Mozilla/5.0 (Linux; Android 6.0.1; Nexus 5X Build/MMB29P) AppleWebKit/537.36 (KHTML, like Gecko) Chrome/104.0.5112.101 Mobile Safari/537.36 (compatible; Googlebot/2.1; +http://www.google.com/bot.html)"
185.191.171.23 - - [18/Aug/2022:16:37:32 +0200] "GET /gorjuss-maxi-portfolio-p-26464.html?action=add_product HTTP/1.0" 302 476 "-" "Mozilla/5.0 (compatible; SemrushBot/7~bl; +http://www.semrush.com/bot.html)"
66.249.64.84 - - [18/Aug/2022:16:38:02 +0200] "GET /simba-facets-figurine-disney-p-58481.html HTTP/1.0" 200 75495 "-" "Mozilla/5.0 (Linux; Android 6.0.1; Nexus 5X Build/MMB29P) AppleWebKit/537.36 (KHTML, like Gecko) Chrome/104.0.5112.79 Mobile Safari/537.36 (compatible; Googlebot/2.1; +http://www.google.com/bot.html)"
17.121.115.241 - - [18/Aug/2022:16:38:07 +0200] "GET /images/1399984256077.jpg HTTP/1.0" 200 259 "-" "Mozilla/5.0 (Macintosh; Intel Mac OS X 10_15_5) AppleWebKit/605.1.15 (KHTML, like Gecko) Version/13.1.1 Safari/605.1.15 (Applebot/0.1; +http://www.apple.com/go/applebot)"
216.165.12.8 - - [18/Aug/2022:16:38:15 +0200] "GET /images/mini_prod/A84360429032013.jpg HTTP/1.0" 200 271 "-" "Mozilla/5.0 (X11; Ubuntu; Linux x86_64; rv:72.0) Gecko/20100101 Firefox/72.0"
54.36.148.91 - - [18/Aug/2022:16:38:18 +0200] "GET /stitch-waterball-collection-p-53512.html HTTP/1.0" 200 74693 "-" "Mozilla/5.0 (compatible; AhrefsBot/7.0; +http://ahrefs.com/robot/)"
54.36.148.235 - - [18/Aug/2022:16:38:21 +0200] "GET /images/big_prod/1328399270330.jpg HTTP/1.0" 200 268 "-" "Mozilla/5.0 (compatible; AhrefsBot/7.0; +http://ahrefs.com/robot/)"
66.249.64.83 - - [18/Aug/2022:16:38:27 +0200] "GET /polypropylene-green-grey-outdoor-carpet-p-44048.html HTTP/1.0" 200 74471 "-" "Mozilla/5.0 (Linux; Android 6.0.1; Nexus 5X Build/MMB29P) AppleWebKit/537.36 (KHTML, like Gecko) Chrome/104.0.5112.101 Mobile Safari/537.36 (compatible; Googlebot/2.1; +http://www.google.com/bot.html)"
157.55.39.233 - - [18/Aug/2022:16:38:29 +0200] "GET /clock-plane-color-rust-p-38742.html HTTP/1.0" 301 71559 "-" "Mozilla/5.0 (compatible; bingbot/2.0; +http://www.bing.com/bingbot.htm)"
185.191.171.7 - - [18/Aug/2022:16:38:40 +0200] "GET /-p-34378.html?action=add_product HTTP/1.0" 302 476 "-" "Mozilla/5.0 (compatible; SemrushBot/7~bl; +http://www.semrush.com/bot.html)"
14.137.153.209 - - [18/Aug/2022:16:38:49 +0200] "GET /images/mini_prod/1384010205099.jpg HTTP/1.0" 200 269 "-" "Mozilla/5.0 (X11; Ubuntu; Linux x86_64; rv:72.0) Gecko/20100101 Firefox/72.0"
157.55.39.233 - - [18/Aug/2022:16:38:49 +0200] "GET /daisy-duck-hair-ornements-p-19277.html HTTP/1.0" 200 76740 "-" "Mozilla/5.0 (compatible; bingbot/2.0; +http://www.bing.com/bingbot.htm)"
34.91.17.176 - - [18/Aug/2022:16:39:05 +0200] "GET /images/mini_prod/3660173143606.jpg HTTP/1.0" 200 269 "-" "Mozilla/5.0 (X11; Ubuntu; Linux x86_64; rv:72.0) Gecko/20100101 Firefox/72.0"
157.55.39.20 - - [18/Aug/2022:16:39:05 +0200] "GET /wunzees-doll-series-polly-panda-p-45113.html HTTP/1.0" 200 74981 "-" "Mozilla/5.0 (compatible; bingbot/2.0; +http://www.bing.com/bingbot.htm)"
185.191.171.35 - - [18/Aug/2022:16:39:19 +0200] "GET /barcelone-fountain-p-26584.html?action=add_product HTTP/1.0" 302 476 "-" "Mozilla/5.0 (compatible; SemrushBot/7~bl; +http://www.semrush.com/bot.html)"
66.249.64.83 - - [18/Aug/2022:16:39:20 +0200] "GET /gorjuss-trinket-little-wings-p-51404.html HTTP/1.0" 200 75434 "-" "Mozilla/5.0 (Linux; Android 6.0.1; Nexus 5X Build/MMB29P) AppleWebKit/537.36 (KHTML, like Gecko) Chrome/104.0.5112.101 Mobile Safari/537.36 (compatible; Googlebot/2.1; +http://www.google.com/bot.html)"
34.136.230.116 - - [18/Aug/2022:16:39:21 +0200] "GET /images/mini_prod/3453131150576.jpg HTTP/1.0" 200 269 "-" "Mozilla/5.0 (X11; Ubuntu; Linux x86_64; rv:72.0) Gecko/20100101 Firefox/72.0"
185.191.171.2 - - [18/Aug/2022:16:39:23 +0200] "GET /angel-rose-quartz-p-48899.html HTTP/1.0" 200 74357 "-" "Mozilla/5.0 (compatible; SemrushBot/7~bl; +http://www.semrush.com/bot.html)"
141.98.83.247 - - [18/Aug/2022:16:39:27 +0200] "GET / HTTP/1.0" 200 151974 "-" "Mozilla/5.0 (Windows NT 10.0; WOW64) AppleWebKit/537.36 (KHTML, like Gecko) Chrome/55.0.2883.87 Safari/537.36 OPR/42.0.2393.94"
157.55.39.233 - - [18/Aug/2022:16:39:30 +0200] "GET /espresso-cups-bistro-p-49739.html HTTP/1.0" 200 74161 "-" "Mozilla/5.0 (compatible; bingbot/2.0; +http://www.bing.com/bingbot.htm)"
141.98.83.247 - - [18/Aug/2022:16:39:35 +0200] "GET /socks-c-2_142.html HTTP/1.0" 200 81198 "-" "Mozilla/5.0 (Windows NT 10.0; WOW64) AppleWebKit/537.36 (KHTML, like Gecko) Chrome/55.0.2883.87 Safari/537.36 OPR/42.0.2393.94"
141.98.83.247 - - [18/Aug/2022:16:39:38 +0200] "GET /pitchers-drink-dispensers-c-12_243.html HTTP/1.0" 200 90810 "-" "Mozilla/5.0 (Windows NT 10.0; WOW64) AppleWebKit/537.36 (KHTML, like Gecko) Chrome/55.0.2883.87 Safari/537.36 OPR/42.0.2393.94"
185.191.171.8 - - [18/Aug/2022:16:39:39 +0200] "GET /decoration-african-woman-33-cm-p-50493.html HTTP/1.0" 301 71681 "-" "Mozilla/5.0 (compatible; SemrushBot/7~bl; +http://www.semrush.com/bot.html)"
141.98.83.247 - - [18/Aug/2022:16:39:42 +0200] "GET /table-setting-c-97_99.html HTTP/1.0" 200 81734 "-" "Mozilla/5.0 (Windows NT 10.0; WOW64) AppleWebKit/537.36 (KHTML, like Gecko) Chrome/55.0.2883.87 Safari/537.36 OPR/42.0.2393.94"
185.191.171.14 - - [18/Aug/2022:16:39:43 +0200] "GET /decoration-african-woman-p-50493.html HTTP/1.0" 200 71590 "-" "Mozilla/5.0 (compatible; SemrushBot/7~bl; +http://www.semrush.com/bot.html)"
141.98.83.247 - - [18/Aug/2022:16:39:48 +0200] "GET /chandeliers-suspensions-c-86_280.html HTTP/1.0" 200 91331 "-" "Mozilla/5.0 (Windows NT 10.0; WOW64) AppleWebKit/537.36 (KHTML, like Gecko) Chrome/55.0.2883.87 Safari/537.36 OPR/42.0.2393.94"
141.98.83.247 - - [18/Aug/2022:16:39:53 +0200] "GET /olympique-marseille-litre-p-33909.html HTTP/1.0" 200 74251 "-" "Mozilla/5.0 (Windows NT 10.0; WOW64) AppleWebKit/537.36 (KHTML, like Gecko) Chrome/55.0.2883.87 Safari/537.36 OPR/42.0.2393.94"
141.98.83.247 - - [18/Aug/2022:16:39:57 +0200] "GET /collectible-disney-figures-c-292_290.html HTTP/1.0" 200 95651 "-" "Mozilla/5.0 (Windows NT 10.0; WOW64) AppleWebKit/537.36 (KHTML, like Gecko) Chrome/55.0.2883.87 Safari/537.36 OPR/42.0.2393.94"
54.36.149.69 - - [18/Aug/2022:16:39:58 +0200] "GET /right-time-metal-plate-deco-p-38372.html HTTP/1.0" 200 74190 "-" "Mozilla/5.0 (compatible; AhrefsBot/7.0; +http://ahrefs.com/robot/)"
54.36.148.88 - - [18/Aug/2022:16:40:01 +0200] "GET /images/big_prod/4036113261683.jpg HTTP/1.0" 200 268 "-" "Mozilla/5.0 (compatible; AhrefsBot/7.0; +http://ahrefs.com/robot/)"
141.98.83.247 - - [18/Aug/2022:16:40:02 +0200] "GET /mickey-figure-collection-romano-britto-p-23114.html HTTP/1.0" 200 75035 "-" "Mozilla/5.0 (Windows NT 10.0; WOW64) AppleWebKit/537.36 (KHTML, like Gecko) Chrome/55.0.2883.87 Safari/537.36 OPR/42.0.2393.94"
141.98.83.247 - - [18/Aug/2022:16:40:05 +0200] "GET /indoor-fountains-c-13_272.html HTTP/1.0" 200 85809 "-" "Mozilla/5.0 (Windows NT 10.0; WOW64) AppleWebKit/537.36 (KHTML, like Gecko) Chrome/55.0.2883.87 Safari/537.36 OPR/42.0.2393.94"
141.98.83.247 - - [18/Aug/2022:16:40:11 +0200] "GET /buddhist-monk-indoor-mini-fountain-p-49604.html HTTP/1.0" 200 74463 "-" "Mozilla/5.0 (Windows NT 10.0; WOW64) AppleWebKit/537.36 (KHTML, like Gecko) Chrome/55.0.2883.87 Safari/537.36 OPR/42.0.2393.94"
141.98.83.247 - - [18/Aug/2022:16:40:13 +0200] "GET /earrings-c-3_242.html HTTP/1.0" 200 84429 "-" "Mozilla/5.0 (Windows NT 10.0; WOW64) AppleWebKit/537.36 (KHTML, like Gecko) Chrome/55.0.2883.87 Safari/537.36 OPR/42.0.2393.94"
141.98.83.247 - - [18/Aug/2022:16:40:17 +0200] "GET /kimmidoll-love-miso-cute-earrings-p-21707.html HTTP/1.0" 200 74211 "-" "Mozilla/5.0 (Windows NT 10.0; WOW64) AppleWebKit/537.36 (KHTML, like Gecko) Chrome/55.0.2883.87 Safari/537.36 OPR/42.0.2393.94"
141.98.83.247 - - [18/Aug/2022:16:40:20 +0200] "GET /small-indoor-buddha-fountain-p-41300.html HTTP/1.0" 200 74357 "-" "Mozilla/5.0 (Windows NT 10.0; WOW64) AppleWebKit/537.36 (KHTML, like Gecko) Chrome/55.0.2883.87 Safari/537.36 OPR/42.0.2393.94"
141.98.83.247 - - [18/Aug/2022:16:40:24 +0200] "GET /small-angel-heart-stitch-collectible-statuette-p-56318.html HTTP/1.0" 200 75569 "-" "Mozilla/5.0 (Windows NT 10.0; WOW64) AppleWebKit/537.36 (KHTML, like Gecko) Chrome/55.0.2883.87 Safari/537.36 OPR/42.0.2393.94"
141.98.83.247 - - [18/Aug/2022:16:40:28 +0200] "GET /hair-accessories-c-3_205.html HTTP/1.0" 200 91382 "-" "Mozilla/5.0 (Windows NT 10.0; WOW64) AppleWebKit/537.36 (KHTML, like Gecko) Chrome/55.0.2883.87 Safari/537.36 OPR/42.0.2393.94"
141.98.83.247 - - [18/Aug/2022:16:40:33 +0200] "GET /index.php?cPath=2_142&sort=1 HTTP/1.0" 301 81298 "-" "Mozilla/5.0 (Windows NT 10.0; WOW64) AppleWebKit/537.36 (KHTML, like Gecko) Chrome/55.0.2883.87 Safari/537.36 OPR/42.0.2393.94"
141.98.83.247 - - [18/Aug/2022:16:40:34 +0200] "GET /socks-c-2_142.html?sort=1 HTTP/1.0" 200 81219 "-" "Mozilla/5.0 (Windows NT 10.0; WOW64) AppleWebKit/537.36 (KHTML, like Gecko) Chrome/55.0.2883.87 Safari/537.36 OPR/42.0.2393.94"
141.98.83.247 - - [18/Aug/2022:16:40:37 +0200] "GET /cups-c-12_248.html HTTP/1.0" 200 86643 "-" "Mozilla/5.0 (Windows NT 10.0; WOW64) AppleWebKit/537.36 (KHTML, like Gecko) Chrome/55.0.2883.87 Safari/537.36 OPR/42.0.2393.94"
141.98.83.247 - - [18/Aug/2022:16:40:41 +0200] "GET /retro-coffee-ceramic-cups-p-55440.html HTTP/1.0" 200 74946 "-" "Mozilla/5.0 (Windows NT 10.0; WOW64) AppleWebKit/537.36 (KHTML, like Gecko) Chrome/55.0.2883.87 Safari/537.36 OPR/42.0.2393.94"
141.98.83.247 - - [18/Aug/2022:16:40:44 +0200] "GET /egg-cup-p-40823.html HTTP/1.0" 200 73972 "-" "Mozilla/5.0 (Windows NT 10.0; WOW64) AppleWebKit/537.36 (KHTML, like Gecko) Chrome/55.0.2883.87 Safari/537.36 OPR/42.0.2393.94"
141.98.83.247 - - [18/Aug/2022:16:40:47 +0200] "GET /water-bottle-nordic-folk-p-58562.html HTTP/1.0" 200 74921 "-" "Mozilla/5.0 (Windows NT 10.0; WOW64) AppleWebKit/537.36 (KHTML, like Gecko) Chrome/55.0.2883.87 Safari/537.36 OPR/42.0.2393.94"
141.98.83.247 - - [18/Aug/2022:16:40:49 +0200] "GET /bowls-c-12_60.html HTTP/1.0" 200 94363 "-" "Mozilla/5.0 (Windows NT 10.0; WOW64) AppleWebKit/537.36 (KHTML, like Gecko) Chrome/55.0.2883.87 Safari/537.36 OPR/42.0.2393.94"
51.68.224.127 - - [18/Aug/2022:16:40:53 +0200] "GET /adminweb/export_orders_xml.php?token=256de2z6edz6ed2z6DFSFsed2zed6zeDSFDSGdzedezfzf&maxorders=10&orderstart=1&status=14&start_date=2018-10-01 HTTP/1.0" 200 285 "-" "GesCom CharlotteBoutik Serveur"
51.68.224.127 - - [18/Aug/2022:16:40:53 +0200] "GET /adminweb/export_orders_xml.php?token=256de2z6edz6ed2z6DFSFsed2zed6zeDSFDSGdzedezfzf&maxorders=10&orderstart=1&status=6&start_date=2018-10-01 HTTP/1.0" 200 33985 "-" "GesCom CharlotteBoutik Serveur"
114.119.137.43 - - [18/Aug/2022:16:40:54 +0200] "GET /flower-fairies-jewelry-p-53247.html HTTP/1.0" 200 75111 "http://www.wonder-geek.com/boxes-storage-c-13_150.html?page=21" "Mozilla/5.0 (Linux; Android 7.0;) AppleWebKit/537.36 (KHTML, like Gecko) Mobile Safari/537.36 (compatible; PetalBot;+https://webmaster.petalsearch.com/site/petalbot)"
141.98.83.247 - - [18/Aug/2022:16:40:54 +0200] "GET /small-ceramic-starfish-bowl-p-54823.html HTTP/1.0" 200 74151 "-" "Mozilla/5.0 (Windows NT 10.0; WOW64) AppleWebKit/537.36 (KHTML, like Gecko) Chrome/55.0.2883.87 Safari/537.36 OPR/42.0.2393.94"
141.98.83.247 - - [18/Aug/2022:16:40:58 +0200] "GET /good-morning-ceramic-breakfast-bowl-brown-p-55021.html HTTP/1.0" 200 74805 "-" "Mozilla/5.0 (Windows NT 10.0; WOW64) AppleWebKit/537.36 (KHTML, like Gecko) Chrome/55.0.2883.87 Safari/537.36 OPR/42.0.2393.94"
141.98.83.247 - - [18/Aug/2022:16:41:01 +0200] "GET /desk-blotter-c-129_190.html HTTP/1.0" 200 70569 "-" "Mozilla/5.0 (Windows NT 10.0; WOW64) AppleWebKit/537.36 (KHTML, like Gecko) Chrome/55.0.2883.87 Safari/537.36 OPR/42.0.2393.94"
141.98.83.247 - - [18/Aug/2022:16:41:05 +0200] "GET /notebook-notebook-diary-c-129_185.html HTTP/1.0" 200 92950 "-" "Mozilla/5.0 (Windows NT 10.0; WOW64) AppleWebKit/537.36 (KHTML, like Gecko) Chrome/55.0.2883.87 Safari/537.36 OPR/42.0.2393.94"
141.98.83.247 - - [18/Aug/2022:16:41:10 +0200] "GET /candy-cloud-notepad-dasha-p-49838.html HTTP/1.0" 200 74178 "-" "Mozilla/5.0 (Windows NT 10.0; WOW64) AppleWebKit/537.36 (KHTML, like Gecko) Chrome/55.0.2883.87 Safari/537.36 OPR/42.0.2393.94"
141.98.83.247 - - [18/Aug/2022:16:41:13 +0200] "GET /with-infuser-c-12_221.html HTTP/1.0" 200 92455 "-" "Mozilla/5.0 (Windows NT 10.0; WOW64) AppleWebKit/537.36 (KHTML, like Gecko) Chrome/55.0.2883.87 Safari/537.36 OPR/42.0.2393.94"
185.191.171.23 - - [18/Aug/2022:16:41:16 +0200] "GET /door-bell-wall-cast-iron-horse-p-56069.html?action=add_product HTTP/1.0" 302 476 "-" "Mozilla/5.0 (compatible; SemrushBot/7~bl; +http://www.semrush.com/bot.html)"
141.98.83.247 - - [18/Aug/2022:16:41:17 +0200] "GET /city-with-infuser-model-p-54149.html HTTP/1.0" 200 74204 "-" "Mozilla/5.0 (Windows NT 10.0; WOW64) AppleWebKit/537.36 (KHTML, like Gecko) Chrome/55.0.2883.87 Safari/537.36 OPR/42.0.2393.94"
141.98.83.247 - - [18/Aug/2022:16:41:20 +0200] "GET /index.php?cPath=86_280&sort=1 HTTP/1.0" 301 91494 "-" "Mozilla/5.0 (Windows NT 10.0; WOW64) AppleWebKit/537.36 (KHTML, like Gecko) Chrome/55.0.2883.87 Safari/537.36 OPR/42.0.2393.94"
141.98.83.247 - - [18/Aug/2022:16:41:22 +0200] "GET /chandeliers-suspensions-c-86_280.html?sort=1 HTTP/1.0" 200 91396 "-" "Mozilla/5.0 (Windows NT 10.0; WOW64) AppleWebKit/537.36 (KHTML, like Gecko) Chrome/55.0.2883.87 Safari/537.36 OPR/42.0.2393.94"
141.98.83.247 - - [18/Aug/2022:16:41:26 +0200] "GET /eggcups-made-germany-tassen-p-43319.html HTTP/1.0" 200 74291 "-" "Mozilla/5.0 (Windows NT 10.0; WOW64) AppleWebKit/537.36 (KHTML, like Gecko) Chrome/55.0.2883.87 Safari/537.36 OPR/42.0.2393.94"
141.98.83.247 - - [18/Aug/2022:16:41:28 +0200] "GET /olympique-marseille-litre-p-33909.html?action=add_product&cart_quantity=1&products_id=33909 HTTP/1.0" 302 492 "-" "Mozilla/5.0 (Windows NT 10.0; WOW64) AppleWebKit/537.36 (KHTML, like Gecko) Chrome/55.0.2883.87 Safari/537.36 OPR/42.0.2393.94"
141.98.83.247 - - [18/Aug/2022:16:41:29 +0200] "GET /shopping_cart.php?cart_quantity=1 HTTP/1.0" 200 13318 "-" "Mozilla/5.0 (Windows NT 10.0; WOW64) AppleWebKit/537.36 (KHTML, like Gecko) Chrome/55.0.2883.87 Safari/537.36 OPR/42.0.2393.94"
66.249.64.83 - - [18/Aug/2022:16:41:29 +0200] "GET /pepe-jeans-gray-shoulder-p-35984.html HTTP/1.0" 200 74537 "-" "Mozilla/5.0 (Linux; Android 6.0.1; Nexus 5X Build/MMB29P) AppleWebKit/537.36 (KHTML, like Gecko) Chrome/104.0.5112.101 Mobile Safari/537.36 (compatible; Googlebot/2.1; +http://www.google.com/bot.html)"
141.98.83.247 - - [18/Aug/2022:16:41:29 +0200] "GET /monster-high-hair-clips-p-19418.html HTTP/1.0" 200 76902 "-" "Mozilla/5.0 (Windows NT 10.0; WOW64) AppleWebKit/537.36 (KHTML, like Gecko) Chrome/55.0.2883.87 Safari/537.36 OPR/42.0.2393.94"
141.98.83.247 - - [18/Aug/2022:16:41:32 +0200] "GET /sweet-little-bird-mini-rectangular-tray-p-58506.html HTTP/1.0" 200 74967 "-" "Mozilla/5.0 (Windows NT 10.0; WOW64) AppleWebKit/537.36 (KHTML, like Gecko) Chrome/55.0.2883.87 Safari/537.36 OPR/42.0.2393.94"
141.98.83.247 - - [18/Aug/2022:16:41:35 +0200] "GET /mady-white-porcelain-bowl-p-56501.html HTTP/1.0" 200 74131 "-" "Mozilla/5.0 (Windows NT 10.0; WOW64) AppleWebKit/537.36 (KHTML, like Gecko) Chrome/55.0.2883.87 Safari/537.36 OPR/42.0.2393.94"
141.98.83.247 - - [18/Aug/2022:16:41:38 +0200] "GET /tea-pot-c-12_175.html HTTP/1.0" 200 92316 "-" "Mozilla/5.0 (Windows NT 10.0; WOW64) AppleWebKit/537.36 (KHTML, like Gecko) Chrome/55.0.2883.87 Safari/537.36 OPR/42.0.2393.94"
141.98.83.247 - - [18/Aug/2022:16:41:43 +0200] "GET /tea-pot-c-12_175.html?page=6 HTTP/1.0" 200 94596 "-" "Mozilla/5.0 (Windows NT 10.0; WOW64) AppleWebKit/537.36 (KHTML, like Gecko) Chrome/55.0.2883.87 Safari/537.36 OPR/42.0.2393.94"
141.98.83.247 - - [18/Aug/2022:16:41:46 +0200] "GET /tetsubin-yellow-teapots-japanese-p-36059.html HTTP/1.0" 200 74447 "-" "Mozilla/5.0 (Windows NT 10.0; WOW64) AppleWebKit/537.36 (KHTML, like Gecko) Chrome/55.0.2883.87 Safari/537.36 OPR/42.0.2393.94"
54.36.148.87 - - [18/Aug/2022:16:41:48 +0200] "GET /nici-plush-collection-bubble-panda-p-35153.html HTTP/1.0" 200 81074 "-" "Mozilla/5.0 (compatible; AhrefsBot/7.0; +http://ahrefs.com/robot/)"
141.98.83.247 - - [18/Aug/2022:16:41:50 +0200] "GET /japanese-patinated-liter-p-55578.html HTTP/1.0" 200 75139 "-" "Mozilla/5.0 (Windows NT 10.0; WOW64) AppleWebKit/537.36 (KHTML, like Gecko) Chrome/55.0.2883.87 Safari/537.36 OPR/42.0.2393.94"
157.55.39.233 - - [18/Aug/2022:16:41:50 +0200] "GET /pucca-p-22263.html HTTP/1.0" 200 74129 "-" "Mozilla/5.0 (compatible; bingbot/2.0; +http://www.bing.com/bingbot.htm)"
141.98.83.247 - - [18/Aug/2022:16:41:53 +0200] "GET /flower-life-earrings-brass-golden-p-39340.html HTTP/1.0" 200 74204 "-" "Mozilla/5.0 (Windows NT 10.0; WOW64) AppleWebKit/537.36 (KHTML, like Gecko) Chrome/55.0.2883.87 Safari/537.36 OPR/42.0.2393.94"
141.98.83.247 - - [18/Aug/2022:16:41:56 +0200] "GET /bedding-protection-c-11_192.html HTTP/1.0" 200 91939 "-" "Mozilla/5.0 (Windows NT 10.0; WOW64) AppleWebKit/537.36 (KHTML, like Gecko) Chrome/55.0.2883.87 Safari/537.36 OPR/42.0.2393.94"
141.98.83.247 - - [18/Aug/2022:16:42:00 +0200] "GET /protects-mattress-fleece-cotton-p-43572.html HTTP/1.0" 200 74295 "-" "Mozilla/5.0 (Windows NT 10.0; WOW64) AppleWebKit/537.36 (KHTML, like Gecko) Chrome/55.0.2883.87 Safari/537.36 OPR/42.0.2393.94"
141.98.83.247 - - [18/Aug/2022:16:42:05 +0200] "GET /cotton-mattress-range-p-49440.html HTTP/1.0" 200 74324 "-" "Mozilla/5.0 (Windows NT 10.0; WOW64) AppleWebKit/537.36 (KHTML, like Gecko) Chrome/55.0.2883.87 Safari/537.36 OPR/42.0.2393.94"
141.98.83.247 - - [18/Aug/2022:16:42:09 +0200] "GET /pillowcases-bolstercases-c-11_166.html HTTP/1.0" 200 91825 "-" "Mozilla/5.0 (Windows NT 10.0; WOW64) AppleWebKit/537.36 (KHTML, like Gecko) Chrome/55.0.2883.87 Safari/537.36 OPR/42.0.2393.94"
141.98.83.247 - - [18/Aug/2022:16:42:13 +0200] "GET /pillow-case-mustard-yellow-p-51990.html HTTP/1.0" 200 75074 "-" "Mozilla/5.0 (Windows NT 10.0; WOW64) AppleWebKit/537.36 (KHTML, like Gecko) Chrome/55.0.2883.87 Safari/537.36 OPR/42.0.2393.94"
141.98.83.247 - - [18/Aug/2022:16:42:17 +0200] "GET /pots-cookie-jars-c-12_250.html HTTP/1.0" 200 91195 "-" "Mozilla/5.0 (Windows NT 10.0; WOW64) AppleWebKit/537.36 (KHTML, like Gecko) Chrome/55.0.2883.87 Safari/537.36 OPR/42.0.2393.94"
114.119.137.45 - - [18/Aug/2022:16:42:21 +0200] "GET /images/mini_prod/4045233026287.jpg HTTP/1.0" 200 269 "http://www.wonder-geek.com/luggages-schoolbags-leather-shop-c-31.html?page=66" "Mozilla/5.0 (Linux; Android 7.0;) AppleWebKit/537.36 (KHTML, like Gecko) Mobile Safari/537.36 (compatible; PetalBot;+https://webmaster.petalsearch.com/site/petalbot)"
141.98.83.247 - - [18/Aug/2022:16:42:21 +0200] "GET /mini-hermetic-fleur-p-54520.html HTTP/1.0" 200 74172 "-" "Mozilla/5.0 (Windows NT 10.0; WOW64) AppleWebKit/537.36 (KHTML, like Gecko) Chrome/55.0.2883.87 Safari/537.36 OPR/42.0.2393.94"
141.98.83.247 - - [18/Aug/2022:16:42:24 +0200] "GET /cooking-tools-sugar-p-41617.html HTTP/1.0" 200 74107 "-" "Mozilla/5.0 (Windows NT 10.0; WOW64) AppleWebKit/537.36 (KHTML, like Gecko) Chrome/55.0.2883.87 Safari/537.36 OPR/42.0.2393.94"
141.98.83.247 - - [18/Aug/2022:16:42:27 +0200] "GET /bamboo-love-birds-p-49520.html HTTP/1.0" 200 74170 "-" "Mozilla/5.0 (Windows NT 10.0; WOW64) AppleWebKit/537.36 (KHTML, like Gecko) Chrome/55.0.2883.87 Safari/537.36 OPR/42.0.2393.94"
141.98.83.247 - - [18/Aug/2022:16:42:30 +0200] "GET /flower-border-white-mini-rectangular-tray-p-58513.html HTTP/1.0" 200 74987 "-" "Mozilla/5.0 (Windows NT 10.0; WOW64) AppleWebKit/537.36 (KHTML, like Gecko) Chrome/55.0.2883.87 Safari/537.36 OPR/42.0.2393.94"
141.98.83.247 - - [18/Aug/2022:16:42:34 +0200] "GET /japanese-hexagon-style-tetsubin-cast-iron-teapot-p-55203.html HTTP/1.0" 200 76712 "-" "Mozilla/5.0 (Windows NT 10.0; WOW64) AppleWebKit/537.36 (KHTML, like Gecko) Chrome/55.0.2883.87 Safari/537.36 OPR/42.0.2393.94"
141.98.83.247 - - [18/Aug/2022:16:42:38 +0200] "GET /money-boxes-c-13_83.html HTTP/1.0" 200 94148 "-" "Mozilla/5.0 (Windows NT 10.0; WOW64) AppleWebKit/537.36 (KHTML, like Gecko) Chrome/55.0.2883.87 Safari/537.36 OPR/42.0.2393.94"
141.98.83.247 - - [18/Aug/2022:16:42:44 +0200] "GET /small-japanese-cast-iron-teapot-liter-p-54898.html HTTP/1.0" 200 74452 "-" "Mozilla/5.0 (Windows NT 10.0; WOW64) AppleWebKit/537.36 (KHTML, like Gecko) Chrome/55.0.2883.87 Safari/537.36 OPR/42.0.2393.94"
141.98.83.247 - - [18/Aug/2022:16:42:47 +0200] "GET /collectible-disney-figures-c-292_290.html?page=5 HTTP/1.0" 200 96388 "-" "Mozilla/5.0 (Windows NT 10.0; WOW64) AppleWebKit/537.36 (KHTML, like Gecko) Chrome/55.0.2883.87 Safari/537.36 OPR/42.0.2393.94"
141.98.83.247 - - [18/Aug/2022:16:42:51 +0200] "GET /handful-light-cable-cover-made-germany-p-56886.html HTTP/1.0" 200 76947 "-" "Mozilla/5.0 (Windows NT 10.0; WOW64) AppleWebKit/537.36 (KHTML, like Gecko) Chrome/55.0.2883.87 Safari/537.36 OPR/42.0.2393.94"
185.191.171.21 - - [18/Aug/2022:16:42:52 +0200] "GET /oven-mitt-skating-dwarfs-p-58542.html?action=add_product HTTP/1.0" 302 476 "-" "Mozilla/5.0 (compatible; SemrushBot/7~bl; +http://www.semrush.com/bot.html)"
141.98.83.247 - - [18/Aug/2022:16:42:54 +0200] "GET /notebook-notebook-diary-c-129_185.html?page=3 HTTP/1.0" 200 93339 "-" "Mozilla/5.0 (Windows NT 10.0; WOW64) AppleWebKit/537.36 (KHTML, like Gecko) Chrome/55.0.2883.87 Safari/537.36 OPR/42.0.2393.94"
141.98.83.247 - - [18/Aug/2022:16:42:59 +0200] "GET /notebook-york-yankees-navy-blue-p-37642.html HTTP/1.0" 200 74332 "-" "Mozilla/5.0 (Windows NT 10.0; WOW64) AppleWebKit/537.36 (KHTML, like Gecko) Chrome/55.0.2883.87 Safari/537.36 OPR/42.0.2393.94"
157.55.39.9 - - [18/Aug/2022:16:43:01 +0200] "GET /barbapapa-wooden-p-16076.html HTTP/1.0" 200 74276 "-" "Mozilla/5.0 (compatible; bingbot/2.0; +http://www.bing.com/bingbot.htm)"
141.98.83.247 - - [18/Aug/2022:16:43:02 +0200] "GET /notebook-york-yankees-gray-p-37641.html HTTP/1.0" 200 74292 "-" "Mozilla/5.0 (Windows NT 10.0; WOW64) AppleWebKit/537.36 (KHTML, like Gecko) Chrome/55.0.2883.87 Safari/537.36 OPR/42.0.2393.94"
141.98.83.247 - - [18/Aug/2022:16:43:05 +0200] "GET /clocks-c-13_67.html HTTP/1.0" 200 94379 "-" "Mozilla/5.0 (Windows NT 10.0; WOW64) AppleWebKit/537.36 (KHTML, like Gecko) Chrome/55.0.2883.87 Safari/537.36 OPR/42.0.2393.94"
141.98.83.247 - - [18/Aug/2022:16:43:11 +0200] "GET /clock-indian-spirit-lotus-p-42946.html HTTP/1.0" 200 74192 "-" "Mozilla/5.0 (Windows NT 10.0; WOW64) AppleWebKit/537.36 (KHTML, like Gecko) Chrome/55.0.2883.87 Safari/537.36 OPR/42.0.2393.94"
141.98.83.247 - - [18/Aug/2022:16:43:14 +0200] "GET /square-coasters-with-personalized-pictures-p-16333.html HTTP/1.0" 200 74822 "-" "Mozilla/5.0 (Windows NT 10.0; WOW64) AppleWebKit/537.36 (KHTML, like Gecko) Chrome/55.0.2883.87 Safari/537.36 OPR/42.0.2393.94"
141.98.83.247 - - [18/Aug/2022:16:43:17 +0200] "GET /olives-tray-mango-wood-p-58548.html HTTP/1.0" 200 74835 "-" "Mozilla/5.0 (Windows NT 10.0; WOW64) AppleWebKit/537.36 (KHTML, like Gecko) Chrome/55.0.2883.87 Safari/537.36 OPR/42.0.2393.94"
141.98.83.247 - - [18/Aug/2022:16:43:20 +0200] "GET /hung-mirrors-c-31_258.html HTTP/1.0" 200 91570 "-" "Mozilla/5.0 (Windows NT 10.0; WOW64) AppleWebKit/537.36 (KHTML, like Gecko) Chrome/55.0.2883.87 Safari/537.36 OPR/42.0.2393.94"
54.36.149.103 - - [18/Aug/2022:16:43:24 +0200] "GET /astronaut-money-p-52312.html HTTP/1.0" 200 74674 "-" "Mozilla/5.0 (compatible; AhrefsBot/7.0; +http://ahrefs.com/robot/)"
141.98.83.247 - - [18/Aug/2022:16:43:25 +0200] "GET /rock-little-mirror-p-8847.html HTTP/1.0" 200 74237 "-" "Mozilla/5.0 (Windows NT 10.0; WOW64) AppleWebKit/537.36 (KHTML, like Gecko) Chrome/55.0.2883.87 Safari/537.36 OPR/42.0.2393.94"
141.98.83.247 - - [18/Aug/2022:16:43:29 +0200] "GET /posters-stickers-wall-c-13_147.html HTTP/1.0" 200 91615 "-" "Mozilla/5.0 (Windows NT 10.0; WOW64) AppleWebKit/537.36 (KHTML, like Gecko) Chrome/55.0.2883.87 Safari/537.36 OPR/42.0.2393.94"
185.191.171.10 - - [18/Aug/2022:16:43:32 +0200] "GET /provencal-boutis-with-pillowcases-color-saffron-p-48534.html?action=add_product HTTP/1.0" 302 476 "-" "Mozilla/5.0 (compatible; SemrushBot/7~bl; +http://www.semrush.com/bot.html)"
141.98.83.247 - - [18/Aug/2022:16:43:35 +0200] "GET /mini-rectangular-tray-sunny-flowers-cream-p-58512.html HTTP/1.0" 200 74987 "-" "Mozilla/5.0 (Windows NT 10.0; WOW64) AppleWebKit/537.36 (KHTML, like Gecko) Chrome/55.0.2883.87 Safari/537.36 OPR/42.0.2393.94"
141.98.83.247 - - [18/Aug/2022:16:43:39 +0200] "GET /kimmijunior-charly-girly-p-17994.html HTTP/1.0" 200 74521 "-" "Mozilla/5.0 (Windows NT 10.0; WOW64) AppleWebKit/537.36 (KHTML, like Gecko) Chrome/55.0.2883.87 Safari/537.36 OPR/42.0.2393.94"
141.98.83.247 - - [18/Aug/2022:16:43:42 +0200] "GET /accessories-mobiles-c-3_17.html HTTP/1.0" 200 95717 "-" "Mozilla/5.0 (Windows NT 10.0; WOW64) AppleWebKit/537.36 (KHTML, like Gecko) Chrome/55.0.2883.87 Safari/537.36 OPR/42.0.2393.94"
141.98.83.247 - - [18/Aug/2022:16:43:47 +0200] "GET /funny-pets-mobile-sock-p-33078.html HTTP/1.0" 200 74277 "-" "Mozilla/5.0 (Windows NT 10.0; WOW64) AppleWebKit/537.36 (KHTML, like Gecko) Chrome/55.0.2883.87 Safari/537.36 OPR/42.0.2393.94"
141.98.83.247 - - [18/Aug/2022:16:43:50 +0200] "GET /marseille-mobile-sock-p-14944.html HTTP/1.0" 200 73983 "-" "Mozilla/5.0 (Windows NT 10.0; WOW64) AppleWebKit/537.36 (KHTML, like Gecko) Chrome/55.0.2883.87 Safari/537.36 OPR/42.0.2393.94"
141.98.83.247 - - [18/Aug/2022:16:43:53 +0200] "GET /darth-vader-star-wars-jumbo-p-15964.html HTTP/1.0" 200 74252 "-" "Mozilla/5.0 (Windows NT 10.0; WOW64) AppleWebKit/537.36 (KHTML, like Gecko) Chrome/55.0.2883.87 Safari/537.36 OPR/42.0.2393.94"
141.98.83.247 - - [18/Aug/2022:16:43:56 +0200] "GET /little-prince-notebook-p-51221.html HTTP/1.0" 200 74187 "-" "Mozilla/5.0 (Windows NT 10.0; WOW64) AppleWebKit/537.36 (KHTML, like Gecko) Chrome/55.0.2883.87 Safari/537.36 OPR/42.0.2393.94"
141.98.83.247 - - [18/Aug/2022:16:43:59 +0200] "GET /little-prince-notebook-p-51221.html?action=add_product&cart_quantity=1&products_id=51221 HTTP/1.0" 302 492 "-" "Mozilla/5.0 (Windows NT 10.0; WOW64) AppleWebKit/537.36 (KHTML, like Gecko) Chrome/55.0.2883.87 Safari/537.36 OPR/42.0.2393.94"
141.98.83.247 - - [18/Aug/2022:16:43:59 +0200] "GET /shopping_cart.php?cart_quantity=1 HTTP/1.0" 200 13318 "-" "Mozilla/5.0 (Windows NT 10.0; WOW64) AppleWebKit/537.36 (KHTML, like Gecko) Chrome/55.0.2883.87 Safari/537.36 OPR/42.0.2393.94"
141.98.83.247 - - [18/Aug/2022:16:44:00 +0200] "GET /rings-c-3_257.html HTTP/1.0" 200 87265 "-" "Mozilla/5.0 (Windows NT 10.0; WOW64) AppleWebKit/537.36 (KHTML, like Gecko) Chrome/55.0.2883.87 Safari/537.36 OPR/42.0.2393.94"
114.119.137.43 - - [18/Aug/2022:16:44:01 +0200] "GET /disney-doc-mcstuffins-fruit-juice-glass-p-28183.html HTTP/1.0" 301 74375 "http://www.wonder-geek.com/glasses-and-drinking-cup-c-12_62.html?page=1" "Mozilla/5.0 (Linux; Android 7.0;) AppleWebKit/537.36 (KHTML, like Gecko) Mobile Safari/537.36 (compatible; PetalBot;+https://webmaster.petalsearch.com/site/petalbot)"
141.98.83.247 - - [18/Aug/2022:16:44:04 +0200] "GET /index.php?cPath=3_257&sort=1 HTTP/1.0" 301 87365 "-" "Mozilla/5.0 (Windows NT 10.0; WOW64) AppleWebKit/537.36 (KHTML, like Gecko) Chrome/55.0.2883.87 Safari/537.36 OPR/42.0.2393.94"
141.98.83.247 - - [18/Aug/2022:16:44:06 +0200] "GET /rings-c-3_257.html?sort=1 HTTP/1.0" 200 87286 "-" "Mozilla/5.0 (Windows NT 10.0; WOW64) AppleWebKit/537.36 (KHTML, like Gecko) Chrome/55.0.2883.87 Safari/537.36 OPR/42.0.2393.94"
207.46.13.129 - - [18/Aug/2022:16:44:07 +0200] "GET /-p-50928.html HTTP/1.0" 200 71492 "-" "Mozilla/5.0 (compatible; bingbot/2.0; +http://www.bing.com/bingbot.htm)"
114.119.137.43 - - [18/Aug/2022:16:44:09 +0200] "GET /disney-mcstuffins-fruit-juice-glass-p-28183.html HTTP/1.0" 200 74273 "http://www.wonder-geek.com/glasses-and-drinking-cup-c-12_62.html?page=1" "Mozilla/5.0 (Linux; Android 7.0;) AppleWebKit/537.36 (KHTML, like Gecko) Mobile Safari/537.36 (compatible; PetalBot;+https://webmaster.petalsearch.com/site/petalbot)"
141.98.83.247 - - [18/Aug/2022:16:44:09 +0200] "GET /orange-moustache-ring-p-18245.html HTTP/1.0" 200 74905 "-" "Mozilla/5.0 (Windows NT 10.0; WOW64) AppleWebKit/537.36 (KHTML, like Gecko) Chrome/55.0.2883.87 Safari/537.36 OPR/42.0.2393.94"
141.98.83.247 - - [18/Aug/2022:16:44:14 +0200] "GET /porcelain-with-infuser-p-48052.html HTTP/1.0" 200 74154 "-" "Mozilla/5.0 (Windows NT 10.0; WOW64) AppleWebKit/537.36 (KHTML, like Gecko) Chrome/55.0.2883.87 Safari/537.36 OPR/42.0.2393.94"
141.98.83.247 - - [18/Aug/2022:16:44:18 +0200] "GET /clock-greatest-happiness-p-47341.html HTTP/1.0" 200 74856 "-" "Mozilla/5.0 (Windows NT 10.0; WOW64) AppleWebKit/537.36 (KHTML, like Gecko) Chrome/55.0.2883.87 Safari/537.36 OPR/42.0.2393.94"
185.191.171.43 - - [18/Aug/2022:16:44:21 +0200] "GET /mustache-kitchen-towel-p-38785.html HTTP/1.0" 200 74112 "-" "Mozilla/5.0 (compatible; SemrushBot/7~bl; +http://www.semrush.com/bot.html)"
141.98.83.247 - - [18/Aug/2022:16:44:22 +0200] "GET /clock-greatest-happiness-p-47341.html?action=add_product&cart_quantity=1&products_id=47341 HTTP/1.0" 302 492 "-" "Mozilla/5.0 (Windows NT 10.0; WOW64) AppleWebKit/537.36 (KHTML, like Gecko) Chrome/55.0.2883.87 Safari/537.36 OPR/42.0.2393.94"
141.98.83.247 - - [18/Aug/2022:16:44:22 +0200] "GET /shopping_cart.php?cart_quantity=1 HTTP/1.0" 200 13318 "-" "Mozilla/5.0 (Windows NT 10.0; WOW64) AppleWebKit/537.36 (KHTML, like Gecko) Chrome/55.0.2883.87 Safari/537.36 OPR/42.0.2393.94"
141.98.83.247 - - [18/Aug/2022:16:44:23 +0200] "GET /horses-dreams-dotted-notebook-ballpoint-p-21480.html HTTP/1.0" 200 74337 "-" "Mozilla/5.0 (Windows NT 10.0; WOW64) AppleWebKit/537.36 (KHTML, like Gecko) Chrome/55.0.2883.87 Safari/537.36 OPR/42.0.2393.94"
141.98.83.247 - - [18/Aug/2022:16:44:27 +0200] "GET /brass-lapis-lazuli-adjustable-ring-p-57283.html HTTP/1.0" 200 75084 "-" "Mozilla/5.0 (Windows NT 10.0; WOW64) AppleWebKit/537.36 (KHTML, like Gecko) Chrome/55.0.2883.87 Safari/537.36 OPR/42.0.2393.94"
141.98.83.247 - - [18/Aug/2022:16:44:31 +0200] "GET /brass-lapis-lazuli-adjustable-ring-p-57283.html?action=add_product&cart_quantity=1&products_id=57283 HTTP/1.0" 302 492 "-" "Mozilla/5.0 (Windows NT 10.0; WOW64) AppleWebKit/537.36 (KHTML, like Gecko) Chrome/55.0.2883.87 Safari/537.36 OPR/42.0.2393.94"
141.98.83.247 - - [18/Aug/2022:16:44:31 +0200] "GET /shopping_cart.php?cart_quantity=1 HTTP/1.0" 200 13318 "-" "Mozilla/5.0 (Windows NT 10.0; WOW64) AppleWebKit/537.36 (KHTML, like Gecko) Chrome/55.0.2883.87 Safari/537.36 OPR/42.0.2393.94"
141.98.83.247 - - [18/Aug/2022:16:44:31 +0200] "GET /oriental-teapot-liter-p-56409.html HTTP/1.0" 200 75084 "-" "Mozilla/5.0 (Windows NT 10.0; WOW64) AppleWebKit/537.36 (KHTML, like Gecko) Chrome/55.0.2883.87 Safari/537.36 OPR/42.0.2393.94"
141.98.83.247 - - [18/Aug/2022:16:44:35 +0200] "GET /snow-glitter-ball-c-13_259.html HTTP/1.0" 200 91857 "-" "Mozilla/5.0 (Windows NT 10.0; WOW64) AppleWebKit/537.36 (KHTML, like Gecko) Chrome/55.0.2883.87 Safari/537.36 OPR/42.0.2393.94"
141.98.83.247 - - [18/Aug/2022:16:44:40 +0200] "GET /pusheen-holidazzler-p-41961.html HTTP/1.0" 200 75100 "-" "Mozilla/5.0 (Windows NT 10.0; WOW64) AppleWebKit/537.36 (KHTML, like Gecko) Chrome/55.0.2883.87 Safari/537.36 OPR/42.0.2393.94"
157.55.39.9 - - [18/Aug/2022:16:44:40 +0200] "GET /stroll-peru-teapot-with-metal-infuser-p-46537.html HTTP/1.0" 200 74235 "-" "Mozilla/5.0 (compatible; bingbot/2.0; +http://www.bing.com/bingbot.htm)"
141.98.83.247 - - [18/Aug/2022:16:44:43 +0200] "GET /angel-glitter-ball-p-27609.html HTTP/1.0" 200 74348 "-" "Mozilla/5.0 (Windows NT 10.0; WOW64) AppleWebKit/537.36 (KHTML, like Gecko) Chrome/55.0.2883.87 Safari/537.36 OPR/42.0.2393.94"
141.98.83.247 - - [18/Aug/2022:16:44:46 +0200] "GET /bamboo-exotic-spirit-tropical-flowers-p-49322.html HTTP/1.0" 200 74304 "-" "Mozilla/5.0 (Windows NT 10.0; WOW64) AppleWebKit/537.36 (KHTML, like Gecko) Chrome/55.0.2883.87 Safari/537.36 OPR/42.0.2393.94"
185.191.171.8 - - [18/Aug/2022:16:44:49 +0200] "GET /flowers-p-50808.html HTTP/1.0" 200 74405 "-" "Mozilla/5.0 (compatible; SemrushBot/7~bl; +http://www.semrush.com/bot.html)"
141.98.83.247 - - [18/Aug/2022:16:44:49 +0200] "GET /chimes-suspensions-c-13_241.html HTTP/1.0" 200 91825 "-" "Mozilla/5.0 (Windows NT 10.0; WOW64) AppleWebKit/537.36 (KHTML, like Gecko) Chrome/55.0.2883.87 Safari/537.36 OPR/42.0.2393.94"
141.98.83.247 - - [18/Aug/2022:16:44:54 +0200] "GET /windchime-wood-five-chimes-p-43513.html HTTP/1.0" 200 74790 "-" "Mozilla/5.0 (Windows NT 10.0; WOW64) AppleWebKit/537.36 (KHTML, like Gecko) Chrome/55.0.2883.87 Safari/537.36 OPR/42.0.2393.94"
141.98.83.247 - - [18/Aug/2022:16:44:58 +0200] "GET /winnie-pooh-hair-ornements-p-13565.html HTTP/1.0" 200 74285 "-" "Mozilla/5.0 (Windows NT 10.0; WOW64) AppleWebKit/537.36 (KHTML, like Gecko) Chrome/55.0.2883.87 Safari/537.36 OPR/42.0.2393.94"
141.98.83.247 - - [18/Aug/2022:16:45:02 +0200] "GET /pillow-case-organic-cotton-eucalyptus-p-58621.html HTTP/1.0" 200 75616 "-" "Mozilla/5.0 (Windows NT 10.0; WOW64) AppleWebKit/537.36 (KHTML, like Gecko) Chrome/55.0.2883.87 Safari/537.36 OPR/42.0.2393.94"
141.98.83.247 - - [18/Aug/2022:16:45:05 +0200] "GET /scents-provence-teapot-p-52686.html HTTP/1.0" 200 74134 "-" "Mozilla/5.0 (Windows NT 10.0; WOW64) AppleWebKit/537.36 (KHTML, like Gecko) Chrome/55.0.2883.87 Safari/537.36 OPR/42.0.2393.94"
54.36.149.74 - - [18/Aug/2022:16:45:06 +0200] "GET /boxes-storage-c-13_150.html?page=10 HTTP/1.0" 200 94990 "-" "Mozilla/5.0 (compatible; AhrefsBot/7.0; +http://ahrefs.com/robot/)"
141.98.83.247 - - [18/Aug/2022:16:45:08 +0200] "GET /collectible-disney-figures-c-292_290.html?page=9 HTTP/1.0" 200 96336 "-" "Mozilla/5.0 (Windows NT 10.0; WOW64) AppleWebKit/537.36 (KHTML, like Gecko) Chrome/55.0.2883.87 Safari/537.36 OPR/42.0.2393.94"
185.191.171.21 - - [18/Aug/2022:16:45:14 +0200] "GET /cement-tile-stickers-p-50336.html?action=add_product HTTP/1.0" 302 476 "-" "Mozilla/5.0 (compatible; SemrushBot/7~bl; +http://www.semrush.com/bot.html)"
141.98.83.247 - - [18/Aug/2022:16:45:13 +0200] "GET /catch-wave-lilo-stitch-15th-anniversary-figurine-p-39431.html HTTP/1.0" 200 74978 "-" "Mozilla/5.0 (Windows NT 10.0; WOW64) AppleWebKit/537.36 (KHTML, like Gecko) Chrome/55.0.2883.87 Safari/537.36 OPR/42.0.2393.94"
66.249.64.83 - - [18/Aug/2022:16:45:14 +0200] "GET /robots.txt HTTP/1.0" 200 245 "-" "Mozilla/5.0 (compatible; Googlebot/2.1; +http://www.google.com/bot.html)"
141.98.83.247 - - [18/Aug/2022:16:45:16 +0200] "GET /spiderman-pairs-socks-size-p-46846.html HTTP/1.0" 200 73882 "-" "Mozilla/5.0 (Windows NT 10.0; WOW64) AppleWebKit/537.36 (KHTML, like Gecko) Chrome/55.0.2883.87 Safari/537.36 OPR/42.0.2393.94"
141.98.83.247 - - [18/Aug/2022:16:45:19 +0200] "GET /cactus-drink-dispenser-p-48687.html HTTP/1.0" 200 74776 "-" "Mozilla/5.0 (Windows NT 10.0; WOW64) AppleWebKit/537.36 (KHTML, like Gecko) Chrome/55.0.2883.87 Safari/537.36 OPR/42.0.2393.94"
141.98.83.247 - - [18/Aug/2022:16:45:22 +0200] "GET /doormats-entrance-carpets-c-11_269_266.html HTTP/1.0" 200 92522 "-" "Mozilla/5.0 (Windows NT 10.0; WOW64) AppleWebKit/537.36 (KHTML, like Gecko) Chrome/55.0.2883.87 Safari/537.36 OPR/42.0.2393.94"
141.98.83.247 - - [18/Aug/2022:16:45:27 +0200] "GET /need-love-door-coconut-fiber-p-43918.html HTTP/1.0" 200 74407 "-" "Mozilla/5.0 (Windows NT 10.0; WOW64) AppleWebKit/537.36 (KHTML, like Gecko) Chrome/55.0.2883.87 Safari/537.36 OPR/42.0.2393.94"
141.98.83.247 - - [18/Aug/2022:16:45:30 +0200] "GET /fanny-door-coconut-fiber-p-47880.html HTTP/1.0" 200 74312 "-" "Mozilla/5.0 (Windows NT 10.0; WOW64) AppleWebKit/537.36 (KHTML, like Gecko) Chrome/55.0.2883.87 Safari/537.36 OPR/42.0.2393.94"
141.98.83.247 - - [18/Aug/2022:16:45:34 +0200] "GET /coconut-fibers-doormat-koala-p-55109.html HTTP/1.0" 200 75256 "-" "Mozilla/5.0 (Windows NT 10.0; WOW64) AppleWebKit/537.36 (KHTML, like Gecko) Chrome/55.0.2883.87 Safari/537.36 OPR/42.0.2393.94"
114.119.133.245 - - [18/Aug/2022:16:45:34 +0200] "GET /retro-metal-tray-34-cm-p-40726.html HTTP/1.0" 301 71641 "http://www.wonder-geek.com/trays-c-12_159.html?page=10" "Mozilla/5.0 (Linux; Android 7.0;) AppleWebKit/537.36 (KHTML, like Gecko) Mobile Safari/537.36 (compatible; PetalBot;+https://webmaster.petalsearch.com/site/petalbot)"
141.98.83.247 - - [18/Aug/2022:16:45:39 +0200] "GET /household-linen-c-11.html HTTP/1.0" 200 93478 "-" "Mozilla/5.0 (Windows NT 10.0; WOW64) AppleWebKit/537.36 (KHTML, like Gecko) Chrome/55.0.2883.87 Safari/537.36 OPR/42.0.2393.94"
114.119.133.245 - - [18/Aug/2022:16:45:40 +0200] "GET /retro-metal-tray-p-40726.html HTTP/1.0" 200 71558 "http://www.wonder-geek.com/trays-c-12_159.html?page=10" "Mozilla/5.0 (Linux; Android 7.0;) AppleWebKit/537.36 (KHTML, like Gecko) Mobile Safari/537.36 (compatible; PetalBot;+https://webmaster.petalsearch.com/site/petalbot)"
147.92.153.12 - - [18/Aug/2022:16:45:51 +0200] "GET /flasks-c-12_245.html HTTP/1.0" 200 80703 "-" "Mozilla/5.0 (compatible; Linespider/1.1; +https://lin.ee/4dwXkTH)"
216.165.12.8 - - [18/Aug/2022:16:46:06 +0200] "GET /images/mini_prod/3453131143240.jpg HTTP/1.0" 200 269 "-" "Mozilla/5.0 (X11; Ubuntu; Linux x86_64; rv:72.0) Gecko/20100101 Firefox/72.0"
66.249.64.84 - - [18/Aug/2022:16:46:10 +0200] "GET /amys-p-54753.html HTTP/1.0" 200 74903 "-" "Mozilla/5.0 (compatible; Googlebot/2.1; +http://www.google.com/bot.html)"
185.191.171.23 - - [18/Aug/2022:16:46:32 +0200] "GET /three-little-pigs-figurine-silly-symphonies-p-51187.html?action=add_product HTTP/1.0" 302 476 "-" "Mozilla/5.0 (compatible; SemrushBot/7~bl; +http://www.semrush.com/bot.html)"
54.36.148.98 - - [18/Aug/2022:16:46:36 +0200] "GET /stones-rock-crystal-grams-p-46608.html HTTP/1.0" 200 75533 "-" "Mozilla/5.0 (compatible; AhrefsBot/7.0; +http://ahrefs.com/robot/)"
114.119.137.3 - - [18/Aug/2022:16:47:16 +0200] "GET /images/big_prod_1/3453131145923C.jpg HTTP/1.0" 200 271 "http://www.wonder-geek.com/elephant-clock-by-allen-p-47467.html" "Mozilla/5.0 (Linux; Android 7.0;) AppleWebKit/537.36 (KHTML, like Gecko) Mobile Safari/537.36 (compatible; PetalBot;+https://webmaster.petalsearch.com/site/petalbot)"
185.191.171.22 - - [18/Aug/2022:16:47:24 +0200] "GET /tinker-bell-on-mushroom-figurine-by-romero-britto-p-47769.html HTTP/1.0" 301 71559 "-" "Mozilla/5.0 (compatible; SemrushBot/7~bl; +http://www.semrush.com/bot.html)"
185.191.171.8 - - [18/Aug/2022:16:47:28 +0200] "GET /-p-47769.html HTTP/1.0" 200 71492 "-" "Mozilla/5.0 (compatible; SemrushBot/7~bl; +http://www.semrush.com/bot.html)"
185.191.171.22 - - [18/Aug/2022:16:47:31 +0200] "GET /jack-daniel-rectangular-mirror-p-29038.html HTTP/1.0" 200 71606 "-" "Mozilla/5.0 (compatible; SemrushBot/7~bl; +http://www.semrush.com/bot.html)"
185.191.171.3 - - [18/Aug/2022:16:47:46 +0200] "GET /pillow-case-75-75-cm-dark-grey-p-41417.html HTTP/1.0" 301 74477 "-" "Mozilla/5.0 (compatible; SemrushBot/7~bl; +http://www.semrush.com/bot.html)"
185.191.171.26 - - [18/Aug/2022:16:47:48 +0200] "GET /pillow-case-dark-grey-p-41417.html HTTP/1.0" 200 74389 "-" "Mozilla/5.0 (compatible; SemrushBot/7~bl; +http://www.semrush.com/bot.html)"
185.191.171.19 - - [18/Aug/2022:16:47:51 +0200] "GET /gund-mini-horse-sound-plush-p-32795.html HTTP/1.0" 200 74264 "-" "Mozilla/5.0 (compatible; SemrushBot/7~bl; +http://www.semrush.com/bot.html)"
157.55.39.233 - - [18/Aug/2022:16:48:01 +0200] "GET /relief-panel-elephants-carved-wood-p-47213.html HTTP/1.0" 200 71668 "-" "Mozilla/5.0 (compatible; bingbot/2.0; +http://www.bing.com/bingbot.htm)"
54.36.148.111 - - [18/Aug/2022:16:48:09 +0200] "GET /mickey-figurine-collection-december-p-24334.html HTTP/1.0" 301 71559 "-" "Mozilla/5.0 (compatible; AhrefsBot/7.0; +http://ahrefs.com/robot/)"
185.191.171.1 - - [18/Aug/2022:16:48:16 +0200] "GET /copper-colored-ceramic-lamp-p-54055.html?action=add_product HTTP/1.0" 302 476 "-" "Mozilla/5.0 (compatible; SemrushBot/7~bl; +http://www.semrush.com/bot.html)"
157.55.39.233 - - [18/Aug/2022:16:48:20 +0200] "GET /daisy-minnie-lunch-bottle-p-31685.html HTTP/1.0" 200 74380 "-" "Mozilla/5.0 (compatible; bingbot/2.0; +http://www.bing.com/bingbot.htm)"
207.46.13.105 - - [18/Aug/2022:16:48:23 +0200] "GET /russian-doll-blue-figure-p-27616.html HTTP/1.0" 200 74193 "-" "Mozilla/5.0 (compatible; bingbot/2.0; +http://www.bing.com/bingbot.htm)"
54.36.149.97 - - [18/Aug/2022:16:48:42 +0200] "GET /boxes-storage-ceramics-c-13_150_219.html HTTP/1.0" 200 78914 "-" "Mozilla/5.0 (compatible; AhrefsBot/7.0; +http://ahrefs.com/robot/)"
54.36.148.250 - - [18/Aug/2022:16:48:45 +0200] "GET /images/mini_prod/5415203824080.jpg HTTP/1.0" 200 269 "-" "Mozilla/5.0 (compatible; AhrefsBot/7.0; +http://ahrefs.com/robot/)"
54.36.149.0 - - [18/Aug/2022:16:48:45 +0200] "GET /images/mini_prod/8433933011300.jpg HTTP/1.0" 200 269 "-" "Mozilla/5.0 (compatible; AhrefsBot/7.0; +http://ahrefs.com/robot/)"
114.119.137.38 - - [18/Aug/2022:16:48:52 +0200] "GET /images/big_prod_2/3609810072992D.jpg HTTP/1.0" 200 271 "http://www.wonder-geek.com/apro-wall-decor-p-58468.html" "Mozilla/5.0 (Linux; Android 7.0;) AppleWebKit/537.36 (KHTML, like Gecko) Mobile Safari/537.36 (compatible; PetalBot;+https://webmaster.petalsearch.com/site/petalbot)"
66.249.64.83 - - [18/Aug/2022:16:49:02 +0200] "GET / HTTP/1.0" 200 152192 "-" "Mozilla/5.0 (Linux; Android 6.0.1; Nexus 5X Build/MMB29P) AppleWebKit/537.36 (KHTML, like Gecko) Chrome/104.0.5112.101 Mobile Safari/537.36 (compatible; Googlebot/2.1; +http://www.google.com/bot.html)"
207.46.13.105 - - [18/Aug/2022:16:49:13 +0200] "GET /small-baby-teeth-p-51577.html HTTP/1.0" 200 74238 "-" "Mozilla/5.0 (compatible; bingbot/2.0; +http://www.bing.com/bingbot.htm)"
66.249.64.82 - - [18/Aug/2022:16:49:28 +0200] "GET /star-wars-yoda-keyring-p-32336.html HTTP/1.0" 200 74158 "-" "Mozilla/5.0 (compatible; Googlebot/2.1; +http://www.google.com/bot.html)"
185.191.171.17 - - [18/Aug/2022:16:50:14 +0200] "GET /pucca-coin-purse-p-8412.html?action=add_product HTTP/1.0" 302 476 "-" "Mozilla/5.0 (compatible; SemrushBot/7~bl; +http://www.semrush.com/bot.html)"
54.36.148.145 - - [18/Aug/2022:16:50:19 +0200] "GET /retro-coffee-wooden-wall-decoration-hang-p-35915.html HTTP/1.0" 200 74388 "-" "Mozilla/5.0 (compatible; AhrefsBot/7.0; +http://ahrefs.com/robot/)"
54.36.148.243 - - [18/Aug/2022:16:50:24 +0200] "GET /images/big_prod/1384010188996.jpg HTTP/1.0" 200 268 "-" "Mozilla/5.0 (compatible; AhrefsBot/7.0; +http://ahrefs.com/robot/)"
114.119.137.43 - - [18/Aug/2022:16:50:28 +0200] "GET /images/mini_prod/8422012494806.jpg HTTP/1.0" 200 269 "http://www.wonder-geek.com/difference-accessoriess-c-12_59.html?page=1" "Mozilla/5.0 (Linux; Android 7.0;) AppleWebKit/537.36 (KHTML, like Gecko) Mobile Safari/537.36 (compatible; PetalBot;+https://webmaster.petalsearch.com/site/petalbot)"
185.191.171.1 - - [18/Aug/2022:16:50:47 +0200] "GET /mandala-desk-organizer-carved-wood-p-48055.html?action=add_product HTTP/1.0" 302 476 "-" "Mozilla/5.0 (compatible; SemrushBot/7~bl; +http://www.semrush.com/bot.html)"
66.249.64.84 - - [18/Aug/2022:16:50:52 +0200] "GET /games-toys-c-4.html HTTP/1.0" 200 94002 "-" "Mozilla/5.0 (Linux; Android 6.0.1; Nexus 5X Build/MMB29P) AppleWebKit/537.36 (KHTML, like Gecko) Chrome/104.0.5112.79 Mobile Safari/537.36 (compatible; Googlebot/2.1; +http://www.google.com/bot.html)"
185.191.171.15 - - [18/Aug/2022:16:51:00 +0200] "GET /medusa-glass-paperweight-p-53637.html HTTP/1.0" 200 74133 "-" "Mozilla/5.0 (compatible; SemrushBot/7~bl; +http://www.semrush.com/bot.html)"
185.191.171.15 - - [18/Aug/2022:16:51:16 +0200] "GET /incense-stick-holder-hand-fatima-p-50385.html?action=add_product HTTP/1.0" 302 476 "-" "Mozilla/5.0 (compatible; SemrushBot/7~bl; +http://www.semrush.com/bot.html)"
185.191.171.44 - - [18/Aug/2022:16:51:20 +0200] "GET /marseille-isothermic-stainless-steel-bottle-p-57225.html HTTP/1.0" 200 75010 "-" "Mozilla/5.0 (compatible; SemrushBot/7~bl; +http://www.semrush.com/bot.html)"
185.191.171.4 - - [18/Aug/2022:16:51:26 +0200] "GET /small-candle-sanctuary-p-57845.html HTTP/1.0" 200 75452 "-" "Mozilla/5.0 (compatible; SemrushBot/7~bl; +http://www.semrush.com/bot.html)"
17.121.113.17 - - [18/Aug/2022:16:51:28 +0200] "GET /images/mini_prod/8712159169997C.jpg HTTP/1.0" 200 270 "-" "Mozilla/5.0 (Macintosh; Intel Mac OS X 10_15_5) AppleWebKit/605.1.15 (KHTML, like Gecko) Version/13.1.1 Safari/605.1.15 (Applebot/0.1; +http://www.apple.com/go/applebot)"
66.249.64.83 - - [18/Aug/2022:16:51:56 +0200] "GET /wise-wings-owl-keychain-p-51827.html HTTP/1.0" 301 75111 "-" "Mozilla/5.0 (compatible; Googlebot/2.1; +http://www.google.com/bot.html)"
66.249.64.83 - - [18/Aug/2022:16:51:58 +0200] "GET /wise-wings-keychain-p-51827.html HTTP/1.0" 200 75025 "-" "Mozilla/5.0 (compatible; Googlebot/2.1; +http://www.google.com/bot.html)"
114.119.133.245 - - [18/Aug/2022:16:52:00 +0200] "GET /classic-angel-fine-bone-china-p-58534.html HTTP/1.0" 200 74944 "http://wonder-geek.com/" "Mozilla/5.0 (Linux; Android 7.0;) AppleWebKit/537.36 (KHTML, like Gecko) Mobile Safari/537.36 (compatible; PetalBot;+https://webmaster.petalsearch.com/site/petalbot)"
185.191.171.42 - - [18/Aug/2022:16:52:23 +0200] "GET /boulangerie-artisanale-paris-p-39712.html HTTP/1.0" 200 74191 "-" "Mozilla/5.0 (compatible; SemrushBot/7~bl; +http://www.semrush.com/bot.html)"
54.36.148.151 - - [18/Aug/2022:16:52:27 +0200] "GET /flower-cover-white-metal-shape-p-58276.html HTTP/1.0" 200 75252 "-" "Mozilla/5.0 (compatible; AhrefsBot/7.0; +http://ahrefs.com/robot/)"
157.55.39.20 - - [18/Aug/2022:16:52:46 +0200] "GET / HTTP/1.0" 200 151701 "-" "Mozilla/5.0 (compatible; bingbot/2.0; +http://www.bing.com/bingbot.htm)"
185.191.171.42 - - [18/Aug/2022:16:53:04 +0200] "GET /white-tower-chess-piece-p-51213.html?action=add_product HTTP/1.0" 302 476 "-" "Mozilla/5.0 (compatible; SemrushBot/7~bl; +http://www.semrush.com/bot.html)"
185.191.171.34 - - [18/Aug/2022:16:53:09 +0200] "GET /cats-dubout-placemat-p-47078.html HTTP/1.0" 200 74158 "-" "Mozilla/5.0 (compatible; SemrushBot/7~bl; +http://www.semrush.com/bot.html)"
54.236.1.11 - - [18/Aug/2022:16:53:11 +0200] "GET / HTTP/1.0" 301 511 "-" "Mozilla/5.0 (compatible; Pinterestbot/1.0; +http://www.pinterest.com/bot.html)"
185.191.171.9 - - [18/Aug/2022:16:53:46 +0200] "GET /apron-nautilus-p-47946.html?action=add_product HTTP/1.0" 302 476 "-" "Mozilla/5.0 (compatible; SemrushBot/7~bl; +http://www.semrush.com/bot.html)"
