94.154.239.69 - - [18/Aug/2022:03:47:34 +0200] "GET /le-petit-prince-de-st-exupery-collection-mug-p-52454.html HTTP/1.0" 301 71727 "-" "Mozilla/5.0 (compatible; MJ12bot/v1.4.8; http://mj12bot.com/)"
178.150.14.250 - - [18/Aug/2022:03:47:34 +0200] "GET /boho-canvas-frame-dream-catcher-p-39214.html HTTP/1.0" 200 74337 "-" "Mozilla/5.0 (compatible; MJ12bot/v1.4.8; http://mj12bot.com/)"
192.95.29.186 - - [18/Aug/2022:03:47:35 +0200] "GET /wooden-chest-with-hammered-metal-band-45-cm-p-49077.html HTTP/1.0" 301 71746 "-" "Mozilla/5.0 (compatible; MJ12bot/v1.4.8; http://mj12bot.com/)"
95.91.74.136 - - [18/Aug/2022:03:47:36 +0200] "GET /hanging-metal-structure-elephant-p-46787.html HTTP/1.0" 200 74353 "-" "Mozilla/5.0 (compatible; MJ12bot/v1.4.8; http://mj12bot.com/)"
66.249.64.82 - - [18/Aug/2022:03:47:38 +0200] "GET /police-night-light-p-58495.html HTTP/1.0" 200 75210 "-" "Mozilla/5.0 (Linux; Android 6.0.1; Nexus 5X Build/MMB29P) AppleWebKit/537.36 (KHTML, like Gecko) Chrome/104.0.5112.79 Mobile Safari/537.36 (compatible; Googlebot/2.1; +http://www.google.com/bot.html)"
95.91.74.136 - - [18/Aug/2022:03:47:39 +0200] "GET /hanging-plate-disorder-p-55670.html HTTP/1.0" 200 74883 "-" "Mozilla/5.0 (compatible; MJ12bot/v1.4.8; http://mj12bot.com/)"
192.95.29.186 - - [18/Aug/2022:03:47:39 +0200] "GET /wooden-chest-with-hammered-metal-band-p-49077.html HTTP/1.0" 200 71642 "-" "Mozilla/5.0 (compatible; MJ12bot/v1.4.8; http://mj12bot.com/)"
94.154.239.69 - - [18/Aug/2022:03:47:42 +0200] "GET /petit-prince-exupry-collection-p-52454.html HTTP/1.0" 200 71630 "-" "Mozilla/5.0 (compatible; MJ12bot/v1.4.8; http://mj12bot.com/)"
65.108.41.34 - - [18/Aug/2022:03:47:43 +0200] "GET /brass-elephant-statuette-p-47207.html HTTP/1.0" 200 71604 "-" "Mozilla/5.0 (compatible; MJ12bot/v1.4.8; http://mj12bot.com/)"
95.91.74.136 - - [18/Aug/2022:03:47:44 +0200] "GET /hanging-wooden-wall-decoration-19-19-cm-cat-p-47067.html HTTP/1.0" 301 71559 "-" "Mozilla/5.0 (compatible; MJ12bot/v1.4.8; http://mj12bot.com/)"
192.95.29.186 - - [18/Aug/2022:03:47:43 +0200] "GET /wooden-chest-with-hammered-metal-band-55-cm-p-49076.html HTTP/1.0" 301 71746 "-" "Mozilla/5.0 (compatible; MJ12bot/v1.4.8; http://mj12bot.com/)"
66.249.64.82 - - [18/Aug/2022:03:47:44 +0200] "GET /olaf-disney-purple-clock-p-33969.html HTTP/1.0" 200 74129 "-" "Mozilla/5.0 (Linux; Android 6.0.1; Nexus 5X Build/MMB29P) AppleWebKit/537.36 (KHTML, like Gecko) Chrome/104.0.5112.79 Mobile Safari/537.36 (compatible; Googlebot/2.1; +http://www.google.com/bot.html)"
178.150.14.250 - - [18/Aug/2022:03:47:45 +0200] "GET /boho-canvas-frame-dream-catcher-p-39217.html HTTP/1.0" 200 74978 "-" "Mozilla/5.0 (compatible; MJ12bot/v1.4.8; http://mj12bot.com/)"
65.108.41.34 - - [18/Aug/2022:03:47:47 +0200] "GET /british-shorthair-cushion-p-31872.html HTTP/1.0" 301 71559 "-" "Mozilla/5.0 (compatible; MJ12bot/v1.4.8; http://mj12bot.com/)"
192.95.29.186 - - [18/Aug/2022:03:47:48 +0200] "GET /wooden-chest-with-hammered-metal-band-p-49076.html HTTP/1.0" 200 71642 "-" "Mozilla/5.0 (compatible; MJ12bot/v1.4.8; http://mj12bot.com/)"
95.91.74.136 - - [18/Aug/2022:03:47:48 +0200] "GET /-p-47067.html HTTP/1.0" 200 71492 "-" "Mozilla/5.0 (compatible; MJ12bot/v1.4.8; http://mj12bot.com/)"
65.108.41.34 - - [18/Aug/2022:03:47:51 +0200] "GET /-p-31872.html HTTP/1.0" 200 71492 "-" "Mozilla/5.0 (compatible; MJ12bot/v1.4.8; http://mj12bot.com/)"
192.95.29.186 - - [18/Aug/2022:03:47:52 +0200] "GET /wooden-chest-with-hammered-metal-band-p-49076.html HTTP/1.0" 200 71642 "-" "Mozilla/5.0 (compatible; MJ12bot/v1.4.8; http://mj12bot.com/)"
95.91.74.136 - - [18/Aug/2022:03:47:52 +0200] "GET /hanging-wooden-wall-decoration-19-19-cm-corsica-p-47063.html HTTP/1.0" 301 71559 "-" "Mozilla/5.0 (compatible; MJ12bot/v1.4.8; http://mj12bot.com/)"
178.150.14.250 - - [18/Aug/2022:03:47:53 +0200] "GET /boho-canvas-frame-dream-love-p-39221.html HTTP/1.0" 200 74361 "-" "Mozilla/5.0 (compatible; MJ12bot/v1.4.8; http://mj12bot.com/)"
95.91.74.136 - - [18/Aug/2022:03:47:56 +0200] "GET /-p-47063.html HTTP/1.0" 200 71492 "-" "Mozilla/5.0 (compatible; MJ12bot/v1.4.8; http://mj12bot.com/)"
65.108.41.34 - - [18/Aug/2022:03:47:56 +0200] "GET /britto-bear-numbered-limited-edition-p-32664.html HTTP/1.0" 200 71626 "-" "Mozilla/5.0 (compatible; MJ12bot/v1.4.8; http://mj12bot.com/)"
192.95.29.186 - - [18/Aug/2022:03:47:56 +0200] "GET /wooden-chest-with-hammered-metal-band-p-49077.html HTTP/1.0" 200 71642 "-" "Mozilla/5.0 (compatible; MJ12bot/v1.4.8; http://mj12bot.com/)"
95.91.74.136 - - [18/Aug/2022:03:47:59 +0200] "GET /hanging-wooden-wall-decoration-19-19-cm-p-45826.html HTTP/1.0" 301 71559 "-" "Mozilla/5.0 (compatible; MJ12bot/v1.4.8; http://mj12bot.com/)"
66.249.64.82 - - [18/Aug/2022:03:48:00 +0200] "GET /porcelain-owls-kiub-p-57954.html HTTP/1.0" 200 74799 "-" "Mozilla/5.0 (Linux; Android 6.0.1; Nexus 5X Build/MMB29P) AppleWebKit/537.36 (KHTML, like Gecko) Chrome/104.0.5112.79 Mobile Safari/537.36 (compatible; Googlebot/2.1; +http://www.google.com/bot.html)"
178.150.14.250 - - [18/Aug/2022:03:48:02 +0200] "GET /boho-wooden-frame-dream-love-p-39228.html HTTP/1.0" 200 74288 "-" "Mozilla/5.0 (compatible; MJ12bot/v1.4.8; http://mj12bot.com/)"
95.91.74.136 - - [18/Aug/2022:03:48:02 +0200] "GET /-p-45826.html HTTP/1.0" 200 71492 "-" "Mozilla/5.0 (compatible; MJ12bot/v1.4.8; http://mj12bot.com/)"
65.108.41.34 - - [18/Aug/2022:03:48:05 +0200] "GET /britto-black-ceramic-mug-p-32642.html HTTP/1.0" 301 74197 "-" "Mozilla/5.0 (compatible; MJ12bot/v1.4.8; http://mj12bot.com/)"
66.249.64.82 - - [18/Aug/2022:03:48:05 +0200] "GET /gentleman-whiskey-glass-p-54792.html HTTP/1.0" 200 74716 "-" "Mozilla/5.0 (compatible; Googlebot/2.1; +http://www.google.com/bot.html)"
192.95.29.186 - - [18/Aug/2022:03:48:06 +0200] "GET /wooden-retro-chest-345-cm-p-50139.html HTTP/1.0" 301 71655 "-" "Mozilla/5.0 (compatible; MJ12bot/v1.4.8; http://mj12bot.com/)"
95.91.74.136 - - [18/Aug/2022:03:48:06 +0200] "GET /hanging-wooden-wall-decoration-19-19-cm-p-45827.html HTTP/1.0" 301 71559 "-" "Mozilla/5.0 (compatible; MJ12bot/v1.4.8; http://mj12bot.com/)"
178.150.14.250 - - [18/Aug/2022:03:48:07 +0200] "GET /butterfly-wall-decoration-pink-model-p-51726.html HTTP/1.0" 200 74394 "-" "Mozilla/5.0 (compatible; MJ12bot/v1.4.8; http://mj12bot.com/)"
192.95.29.186 - - [18/Aug/2022:03:48:10 +0200] "GET /wooden-retro-chest-p-50139.html HTTP/1.0" 200 71570 "-" "Mozilla/5.0 (compatible; MJ12bot/v1.4.8; http://mj12bot.com/)"
95.91.74.136 - - [18/Aug/2022:03:48:10 +0200] "GET /-p-45827.html HTTP/1.0" 200 71492 "-" "Mozilla/5.0 (compatible; MJ12bot/v1.4.8; http://mj12bot.com/)"
185.191.171.13 - - [18/Aug/2022:03:48:11 +0200] "GET /retro-chest-in-weathered-wood-p-52940.html HTTP/1.0" 301 74234 "-" "Mozilla/5.0 (compatible; SemrushBot/7~bl; +http://www.semrush.com/bot.html)"
95.91.74.136 - - [18/Aug/2022:03:48:14 +0200] "GET /happily-ever-after-cinderella-and-prince-figurine-p-39114.html HTTP/1.0" 301 71559 "-" "Mozilla/5.0 (compatible; MJ12bot/v1.4.8; http://mj12bot.com/)"
178.150.14.250 - - [18/Aug/2022:03:48:14 +0200] "GET /chakra-banner-p-46291.html HTTP/1.0" 200 75132 "-" "Mozilla/5.0 (compatible; MJ12bot/v1.4.8; http://mj12bot.com/)"
192.95.29.186 - - [18/Aug/2022:03:48:15 +0200] "GET /wooden-retro-chest-p-50139.html HTTP/1.0" 200 71570 "-" "Mozilla/5.0 (compatible; MJ12bot/v1.4.8; http://mj12bot.com/)"
185.191.171.26 - - [18/Aug/2022:03:48:17 +0200] "GET /retro-chest-weathered-wood-p-52940.html HTTP/1.0" 200 74141 "-" "Mozilla/5.0 (compatible; SemrushBot/7~bl; +http://www.semrush.com/bot.html)"
65.108.41.34 - - [18/Aug/2022:03:48:18 +0200] "GET /britto-black-ceramic-p-32642.html HTTP/1.0" 200 74110 "-" "Mozilla/5.0 (compatible; MJ12bot/v1.4.8; http://mj12bot.com/)"
54.36.149.80 - - [18/Aug/2022:03:48:20 +0200] "GET /school-trolley-c-31_169.html HTTP/1.0" 200 82281 "-" "Mozilla/5.0 (compatible; AhrefsBot/7.0; +http://ahrefs.com/robot/)"
192.95.29.186 - - [18/Aug/2022:03:48:21 +0200] "GET /wooden-wall-decor-fatima-hand-34-cm-p-49167.html HTTP/1.0" 301 71710 "-" "Mozilla/5.0 (compatible; MJ12bot/v1.4.8; http://mj12bot.com/)"
54.36.148.76 - - [18/Aug/2022:03:48:23 +0200] "GET /images/mini_prod/5410574484604.jpg HTTP/1.0" 200 269 "-" "Mozilla/5.0 (compatible; AhrefsBot/7.0; +http://ahrefs.com/robot/)"
54.36.149.85 - - [18/Aug/2022:03:48:23 +0200] "GET /images/mini_prod/1042GJ03.jpg HTTP/1.0" 200 264 "-" "Mozilla/5.0 (compatible; AhrefsBot/7.0; +http://ahrefs.com/robot/)"
54.36.148.94 - - [18/Aug/2022:03:48:23 +0200] "GET /images/mini_prod/5410574484611.jpg HTTP/1.0" 200 269 "-" "Mozilla/5.0 (compatible; AhrefsBot/7.0; +http://ahrefs.com/robot/)"
54.36.148.104 - - [18/Aug/2022:03:48:23 +0200] "GET /images/mini_prod/5410574484628.jpg HTTP/1.0" 200 269 "-" "Mozilla/5.0 (compatible; AhrefsBot/7.0; +http://ahrefs.com/robot/)"
66.249.64.82 - - [18/Aug/2022:03:48:22 +0200] "GET /london-phone-ashtray-p-40189.html HTTP/1.0" 200 74114 "-" "Mozilla/5.0 (compatible; Googlebot/2.1; +http://www.google.com/bot.html)"
54.36.148.6 - - [18/Aug/2022:03:48:23 +0200] "GET /images/mini_prod/942GJ02.jpg HTTP/1.0" 200 263 "-" "Mozilla/5.0 (compatible; AhrefsBot/7.0; +http://ahrefs.com/robot/)"
54.36.148.143 - - [18/Aug/2022:03:48:23 +0200] "GET /images/mini_prod/5036278062209.jpg HTTP/1.0" 200 269 "-" "Mozilla/5.0 (compatible; AhrefsBot/7.0; +http://ahrefs.com/robot/)"
178.150.14.250 - - [18/Aug/2022:03:48:22 +0200] "GET /corse-little-tray-p-29479.html HTTP/1.0" 200 74135 "-" "Mozilla/5.0 (compatible; MJ12bot/v1.4.8; http://mj12bot.com/)"
65.108.41.34 - - [18/Aug/2022:03:48:24 +0200] "GET /britto-black-ceramic-p-32642.html HTTP/1.0" 200 74110 "-" "Mozilla/5.0 (compatible; MJ12bot/v1.4.8; http://mj12bot.com/)"
192.95.29.186 - - [18/Aug/2022:03:48:27 +0200] "GET /wooden-wall-decor-fatima-hand-p-49167.html HTTP/1.0" 200 71614 "-" "Mozilla/5.0 (compatible; MJ12bot/v1.4.8; http://mj12bot.com/)"
178.150.14.250 - - [18/Aug/2022:03:48:29 +0200] "GET /hanging-metal-structure-elephant-p-46787.html HTTP/1.0" 200 74353 "-" "Mozilla/5.0 (compatible; MJ12bot/v1.4.8; http://mj12bot.com/)"
192.95.29.186 - - [18/Aug/2022:03:48:30 +0200] "GET /wooden-wall-decor-fatima-hand-p-49167.html HTTP/1.0" 200 71614 "-" "Mozilla/5.0 (compatible; MJ12bot/v1.4.8; http://mj12bot.com/)"
192.95.29.186 - - [18/Aug/2022:03:48:35 +0200] "GET /wooden-wall-decoration-hang-p-37232.html HTTP/1.0" 200 74358 "-" "Mozilla/5.0 (compatible; MJ12bot/v1.4.8; http://mj12bot.com/)"
178.150.14.250 - - [18/Aug/2022:03:48:38 +0200] "GET /hanging-wall-decoration-saxo-p-50182.html HTTP/1.0" 200 74250 "-" "Mozilla/5.0 (compatible; MJ12bot/v1.4.8; http://mj12bot.com/)"
65.108.41.34 - - [18/Aug/2022:03:48:38 +0200] "GET /bronze-elephant-statuette-p-47207.html HTTP/1.0" 301 71695 "-" "Mozilla/5.0 (compatible; MJ12bot/v1.4.8; http://mj12bot.com/)"
95.91.74.136 - - [18/Aug/2022:03:48:40 +0200] "GET /-p-39114.html HTTP/1.0" 200 71492 "-" "Mozilla/5.0 (compatible; MJ12bot/v1.4.8; http://mj12bot.com/)"
192.95.29.186 - - [18/Aug/2022:03:48:42 +0200] "GET /wooden-with-chiseled-brass-decoration-p-55078.html HTTP/1.0" 200 75246 "-" "Mozilla/5.0 (compatible; MJ12bot/v1.4.8; http://mj12bot.com/)"
95.91.74.136 - - [18/Aug/2022:03:48:45 +0200] "GET /happily-ever-after-snow-white-with-prince-collection-p-33955.html HTTP/1.0" 301 71559 "-" "Mozilla/5.0 (compatible; MJ12bot/v1.4.8; http://mj12bot.com/)"
178.150.14.250 - - [18/Aug/2022:03:48:47 +0200] "GET /harlan-wall-decor-p-49133.html HTTP/1.0" 200 74223 "-" "Mozilla/5.0 (compatible; MJ12bot/v1.4.8; http://mj12bot.com/)"
192.95.29.186 - - [18/Aug/2022:03:48:47 +0200] "GET /wooden-with-chiseled-brass-decoration-p-55079.html HTTP/1.0" 200 75246 "-" "Mozilla/5.0 (compatible; MJ12bot/v1.4.8; http://mj12bot.com/)"
95.91.74.136 - - [18/Aug/2022:03:48:48 +0200] "GET /-p-33955.html HTTP/1.0" 200 71492 "-" "Mozilla/5.0 (compatible; MJ12bot/v1.4.8; http://mj12bot.com/)"
65.108.41.34 - - [18/Aug/2022:03:48:51 +0200] "GET /brass-elephant-statuette-p-47207.html HTTP/1.0" 200 71604 "-" "Mozilla/5.0 (compatible; MJ12bot/v1.4.8; http://mj12bot.com/)"
95.91.74.136 - - [18/Aug/2022:03:48:53 +0200] "GET /happiness-willow-tree-figurine-p-36264.html HTTP/1.0" 200 71608 "-" "Mozilla/5.0 (compatible; MJ12bot/v1.4.8; http://mj12bot.com/)"
192.95.29.186 - - [18/Aug/2022:03:48:52 +0200] "GET /wrap-stitch-with-santa-figurine-p-49215.html HTTP/1.0" 200 75341 "-" "Mozilla/5.0 (compatible; MJ12bot/v1.4.8; http://mj12bot.com/)"
178.150.14.250 - - [18/Aug/2022:03:48:56 +0200] "GET /posie-bouteille-canvas-frame-p-43001.html HTTP/1.0" 200 74427 "-" "Mozilla/5.0 (compatible; MJ12bot/v1.4.8; http://mj12bot.com/)"
95.91.74.136 - - [18/Aug/2022:03:48:57 +0200] "GET /happy-birthday-card-p-20013.html HTTP/1.0" 301 71559 "-" "Mozilla/5.0 (compatible; MJ12bot/v1.4.8; http://mj12bot.com/)"
192.95.29.186 - - [18/Aug/2022:03:48:58 +0200] "GET /zebra-canvas-frame-60-cm-p-42145.html HTTP/1.0" 301 74311 "-" "Mozilla/5.0 (compatible; MJ12bot/v1.4.8; http://mj12bot.com/)"
65.108.41.34 - - [18/Aug/2022:03:48:59 +0200] "GET /buddha-canvas-frame-90-30-cm-p-38752.html HTTP/1.0" 301 71559 "-" "Mozilla/5.0 (compatible; MJ12bot/v1.4.8; http://mj12bot.com/)"
95.91.74.136 - - [18/Aug/2022:03:49:00 +0200] "GET /-p-20013.html HTTP/1.0" 200 71492 "-" "Mozilla/5.0 (compatible; MJ12bot/v1.4.8; http://mj12bot.com/)"
178.150.14.250 - - [18/Aug/2022:03:49:01 +0200] "GET /wood-glass-pistol-frame-p-48289.html HTTP/1.0" 200 74269 "-" "Mozilla/5.0 (compatible; MJ12bot/v1.4.8; http://mj12bot.com/)"
192.95.29.186 - - [18/Aug/2022:03:49:02 +0200] "GET /zebra-canvas-frame-p-42145.html HTTP/1.0" 200 74226 "-" "Mozilla/5.0 (compatible; MJ12bot/v1.4.8; http://mj12bot.com/)"
95.91.74.136 - - [18/Aug/2022:03:49:05 +0200] "GET /happy-birthday-card-p-20027.html HTTP/1.0" 200 74169 "-" "Mozilla/5.0 (compatible; MJ12bot/v1.4.8; http://mj12bot.com/)"
178.150.14.250 - - [18/Aug/2022:03:49:07 +0200] "GET /wood-glass-pistol-frame-p-48290.html HTTP/1.0" 200 74267 "-" "Mozilla/5.0 (compatible; MJ12bot/v1.4.8; http://mj12bot.com/)"
192.95.29.186 - - [18/Aug/2022:03:49:07 +0200] "GET /zebra-canvas-frame-p-42145.html HTTP/1.0" 200 74226 "-" "Mozilla/5.0 (compatible; MJ12bot/v1.4.8; http://mj12bot.com/)"
185.191.171.6 - - [18/Aug/2022:03:49:07 +0200] "GET /new-york-liberty-pencil-pot-p-23972.html HTTP/1.0" 301 74268 "-" "Mozilla/5.0 (compatible; SemrushBot/7~bl; +http://www.semrush.com/bot.html)"
65.108.41.34 - - [18/Aug/2022:03:49:08 +0200] "GET /-p-38752.html HTTP/1.0" 200 71492 "-" "Mozilla/5.0 (compatible; MJ12bot/v1.4.8; http://mj12bot.com/)"
95.91.74.136 - - [18/Aug/2022:03:49:09 +0200] "GET /happy-birthday-card-p-20044.html HTTP/1.0" 200 74164 "-" "Mozilla/5.0 (compatible; MJ12bot/v1.4.8; http://mj12bot.com/)"
185.191.171.15 - - [18/Aug/2022:03:49:12 +0200] "GET /york-liberty-pencil-p-23972.html HTTP/1.0" 200 74182 "-" "Mozilla/5.0 (compatible; SemrushBot/7~bl; +http://www.semrush.com/bot.html)"
178.150.14.250 - - [18/Aug/2022:03:49:12 +0200] "GET /wooden-wall-decoration-hang-p-42746.html HTTP/1.0" 200 74393 "-" "Mozilla/5.0 (compatible; MJ12bot/v1.4.8; http://mj12bot.com/)"
65.108.41.34 - - [18/Aug/2022:03:49:13 +0200] "GET /buddha-canvas-frame-p-38752.html HTTP/1.0" 301 71559 "-" "Mozilla/5.0 (compatible; MJ12bot/v1.4.8; http://mj12bot.com/)"
95.91.74.136 - - [18/Aug/2022:03:49:13 +0200] "GET /happy-colors-love-pink-door-mat-p-18959.html HTTP/1.0" 301 71559 "-" "Mozilla/5.0 (compatible; MJ12bot/v1.4.8; http://mj12bot.com/)"
192.95.29.186 - - [18/Aug/2022:03:49:13 +0200] "GET /zen-wooden-wall-decoration-to-hang-40-40-cm-p-42746.html HTTP/1.0" 301 74487 "-" "Mozilla/5.0 (compatible; MJ12bot/v1.4.8; http://mj12bot.com/)"
66.249.64.82 - - [18/Aug/2022:03:49:16 +0200] "GET /lamp-african-woman-p-49305.html HTTP/1.0" 200 74793 "-" "Mozilla/5.0 (Linux; Android 6.0.1; Nexus 5X Build/MMB29P) AppleWebKit/537.36 (KHTML, like Gecko) Chrome/104.0.5112.79 Mobile Safari/537.36 (compatible; Googlebot/2.1; +http://www.google.com/bot.html)"
185.191.171.21 - - [18/Aug/2022:03:49:17 +0200] "GET /coconut-fibers-doormat-love-cats-60-cm-p-53696.html HTTP/1.0" 301 75197 "-" "Mozilla/5.0 (compatible; SemrushBot/7~bl; +http://www.semrush.com/bot.html)"
192.95.29.186 - - [18/Aug/2022:03:49:18 +0200] "GET /wooden-wall-decoration-hang-p-42746.html HTTP/1.0" 200 74393 "-" "Mozilla/5.0 (compatible; MJ12bot/v1.4.8; http://mj12bot.com/)"
95.91.74.136 - - [18/Aug/2022:03:49:18 +0200] "GET /-p-18959.html HTTP/1.0" 200 71492 "-" "Mozilla/5.0 (compatible; MJ12bot/v1.4.8; http://mj12bot.com/)"
185.191.171.9 - - [18/Aug/2022:03:49:21 +0200] "GET /coconut-fibers-doormat-love-cats-p-53696.html HTTP/1.0" 200 75098 "-" "Mozilla/5.0 (compatible; SemrushBot/7~bl; +http://www.semrush.com/bot.html)"
95.91.74.136 - - [18/Aug/2022:03:49:21 +0200] "GET /happy-colors-love-pink-door-p-18959.html HTTP/1.0" 301 71559 "-" "Mozilla/5.0 (compatible; MJ12bot/v1.4.8; http://mj12bot.com/)"
178.150.14.250 - - [18/Aug/2022:03:49:22 +0200] "GET /wooden-wall-decoration-hang-p-42748.html HTTP/1.0" 200 74393 "-" "Mozilla/5.0 (compatible; MJ12bot/v1.4.8; http://mj12bot.com/)"
65.108.41.34 - - [18/Aug/2022:03:49:23 +0200] "GET /-p-38752.html HTTP/1.0" 200 71492 "-" "Mozilla/5.0 (compatible; MJ12bot/v1.4.8; http://mj12bot.com/)"
95.91.74.136 - - [18/Aug/2022:03:49:26 +0200] "GET /-p-18959.html HTTP/1.0" 200 71492 "-" "Mozilla/5.0 (compatible; MJ12bot/v1.4.8; http://mj12bot.com/)"
95.91.74.136 - - [18/Aug/2022:03:49:30 +0200] "GET /hard-day-night-metal-magnet-p-10812.html HTTP/1.0" 301 74212 "-" "Mozilla/5.0 (compatible; MJ12bot/v1.4.8; http://mj12bot.com/)"
65.108.41.34 - - [18/Aug/2022:03:49:30 +0200] "GET /buddha-child-statue-polyresin-do-not-say-37-cm-p-36732.html HTTP/1.0" 301 71559 "-" "Mozilla/5.0 (compatible; MJ12bot/v1.4.8; http://mj12bot.com/)"
185.191.171.41 - - [18/Aug/2022:03:49:31 +0200] "GET /accessories-c-3.html?page=15 HTTP/1.0" 200 93851 "-" "Mozilla/5.0 (compatible; SemrushBot/7~bl; +http://www.semrush.com/bot.html)"
95.91.74.136 - - [18/Aug/2022:03:49:33 +0200] "GET /hard-night-metal-magnet-p-10812.html HTTP/1.0" 200 74122 "-" "Mozilla/5.0 (compatible; MJ12bot/v1.4.8; http://mj12bot.com/)"
95.91.74.136 - - [18/Aug/2022:03:49:38 +0200] "GET /hard-night-metal-magnet-p-10812.html HTTP/1.0" 200 74122 "-" "Mozilla/5.0 (compatible; MJ12bot/v1.4.8; http://mj12bot.com/)"
65.108.41.34 - - [18/Aug/2022:03:49:39 +0200] "GET /-p-36732.html HTTP/1.0" 200 71492 "-" "Mozilla/5.0 (compatible; MJ12bot/v1.4.8; http://mj12bot.com/)"
34.173.245.15 - - [18/Aug/2022:03:49:40 +0200] "GET /images/big_prod/8422017826312.jpg HTTP/1.0" 200 268 "-" "Mozilla/5.0 (X11; Ubuntu; Linux x86_64; rv:72.0) Gecko/20100101 Firefox/72.0"
95.91.74.136 - - [18/Aug/2022:03:49:42 +0200] "GET /harlan-wall-decor-45-35-cm-p-49133.html HTTP/1.0" 301 74307 "-" "Mozilla/5.0 (compatible; MJ12bot/v1.4.8; http://mj12bot.com/)"
54.36.148.129 - - [18/Aug/2022:03:49:45 +0200] "GET /cushion-cover-cement-tiles-p-56314.html HTTP/1.0" 200 75005 "-" "Mozilla/5.0 (compatible; AhrefsBot/7.0; +http://ahrefs.com/robot/)"
95.91.74.136 - - [18/Aug/2022:03:49:45 +0200] "GET /harlan-wall-decor-p-49133.html HTTP/1.0" 200 74223 "-" "Mozilla/5.0 (compatible; MJ12bot/v1.4.8; http://mj12bot.com/)"
65.108.41.34 - - [18/Aug/2022:03:49:47 +0200] "GET /buddha-child-statue-polyresin-p-36732.html HTTP/1.0" 301 71559 "-" "Mozilla/5.0 (compatible; MJ12bot/v1.4.8; http://mj12bot.com/)"
95.91.74.136 - - [18/Aug/2022:03:49:50 +0200] "GET /harley-davidson-1936-large-metal-plate-p-15192.html HTTP/1.0" 301 71559 "-" "Mozilla/5.0 (compatible; MJ12bot/v1.4.8; http://mj12bot.com/)"
95.91.74.136 - - [18/Aug/2022:03:49:54 +0200] "GET /-p-15192.html HTTP/1.0" 200 71492 "-" "Mozilla/5.0 (compatible; MJ12bot/v1.4.8; http://mj12bot.com/)"
66.249.64.82 - - [18/Aug/2022:03:49:54 +0200] "GET /kimmidoll-love-bonbon-earrings-p-21704.html HTTP/1.0" 200 74184 "-" "Mozilla/5.0 (compatible; Googlebot/2.1; +http://www.google.com/bot.html)"
65.108.41.34 - - [18/Aug/2022:03:49:56 +0200] "GET /-p-36732.html HTTP/1.0" 200 71492 "-" "Mozilla/5.0 (compatible; MJ12bot/v1.4.8; http://mj12bot.com/)"
95.91.74.136 - - [18/Aug/2022:03:49:57 +0200] "GET /harley-davidson-deco-thermometer-p-15196.html HTTP/1.0" 301 71559 "-" "Mozilla/5.0 (compatible; MJ12bot/v1.4.8; http://mj12bot.com/)"
95.91.74.136 - - [18/Aug/2022:03:50:00 +0200] "GET /-p-15196.html HTTP/1.0" 200 71492 "-" "Mozilla/5.0 (compatible; MJ12bot/v1.4.8; http://mj12bot.com/)"
66.249.64.84 - - [18/Aug/2022:03:50:01 +0200] "GET /jellyfish-glass-paperweight-orange-p-54334.html HTTP/1.0" 200 74925 "-" "Mozilla/5.0 (Linux; Android 6.0.1; Nexus 5X Build/MMB29P) AppleWebKit/537.36 (KHTML, like Gecko) Chrome/104.0.5112.79 Mobile Safari/537.36 (compatible; Googlebot/2.1; +http://www.google.com/bot.html)"
95.91.74.136 - - [18/Aug/2022:03:50:05 +0200] "GET /harley-davidson-eagle-metal-plate-p-12547.html HTTP/1.0" 200 74237 "-" "Mozilla/5.0 (compatible; MJ12bot/v1.4.8; http://mj12bot.com/)"
65.108.41.34 - - [18/Aug/2022:03:50:08 +0200] "GET /buddha-fiberglass-gray-statue-50-cm-p-38747.html HTTP/1.0" 301 71745 "-" "Mozilla/5.0 (compatible; MJ12bot/v1.4.8; http://mj12bot.com/)"
95.91.74.136 - - [18/Aug/2022:03:50:09 +0200] "GET /harley-davidson-genuine-large-metal-plate-p-12549.html HTTP/1.0" 200 74260 "-" "Mozilla/5.0 (compatible; MJ12bot/v1.4.8; http://mj12bot.com/)"
95.91.74.136 - - [18/Aug/2022:03:50:12 +0200] "GET /harley-davidson-genuine-large-metal-plate-p-12551.html HTTP/1.0" 200 74261 "-" "Mozilla/5.0 (compatible; MJ12bot/v1.4.8; http://mj12bot.com/)"
65.108.41.34 - - [18/Aug/2022:03:50:14 +0200] "GET /buddha-fiberglass-gray-statue-p-38747.html HTTP/1.0" 200 71649 "-" "Mozilla/5.0 (compatible; MJ12bot/v1.4.8; http://mj12bot.com/)"
95.91.74.136 - - [18/Aug/2022:03:50:16 +0200] "GET /harley-davidson-genuine-metal-plate-20-15-cm-p-26424.html HTTP/1.0" 301 74468 "-" "Mozilla/5.0 (compatible; MJ12bot/v1.4.8; http://mj12bot.com/)"
66.249.64.83 - - [18/Aug/2022:03:50:17 +0200] "GET /jellyfish-glass-paperweight-orange-p-54334.html HTTP/1.0" 200 74925 "-" "Mozilla/5.0 (compatible; Googlebot/2.1; +http://www.google.com/bot.html)"
95.91.74.136 - - [18/Aug/2022:03:50:19 +0200] "GET /harley-davidson-genuine-metal-plate-p-26424.html HTTP/1.0" 200 74366 "-" "Mozilla/5.0 (compatible; MJ12bot/v1.4.8; http://mj12bot.com/)"
65.108.41.34 - - [18/Aug/2022:03:50:23 +0200] "GET /buddha-fiberglass-gray-statue-p-38747.html HTTP/1.0" 200 71649 "-" "Mozilla/5.0 (compatible; MJ12bot/v1.4.8; http://mj12bot.com/)"
95.91.74.136 - - [18/Aug/2022:03:50:23 +0200] "GET /harley-davidson-genuine-metal-plate-30-20-cm-p-12544.html HTTP/1.0" 301 74370 "-" "Mozilla/5.0 (compatible; MJ12bot/v1.4.8; http://mj12bot.com/)"
95.91.74.136 - - [18/Aug/2022:03:50:28 +0200] "GET /harley-davidson-genuine-metal-plate-p-12544.html HTTP/1.0" 200 74268 "-" "Mozilla/5.0 (compatible; MJ12bot/v1.4.8; http://mj12bot.com/)"
95.91.74.136 - - [18/Aug/2022:03:50:32 +0200] "GET /harley-davidson-genuine-metal-plate-p-12544.html HTTP/1.0" 200 74268 "-" "Mozilla/5.0 (compatible; MJ12bot/v1.4.8; http://mj12bot.com/)"
65.108.41.34 - - [18/Aug/2022:03:50:34 +0200] "GET /buddha-happy-statue-23-cm-p-41240.html HTTP/1.0" 301 71559 "-" "Mozilla/5.0 (compatible; MJ12bot/v1.4.8; http://mj12bot.com/)"
95.91.74.136 - - [18/Aug/2022:03:50:36 +0200] "GET /harley-davidson-genuine-metal-plate-p-23294.html HTTP/1.0" 200 74328 "-" "Mozilla/5.0 (compatible; MJ12bot/v1.4.8; http://mj12bot.com/)"
95.91.74.136 - - [18/Aug/2022:03:50:39 +0200] "GET /harley-davidson-genuine-metal-plate-p-26424.html HTTP/1.0" 200 74366 "-" "Mozilla/5.0 (compatible; MJ12bot/v1.4.8; http://mj12bot.com/)"
94.154.239.69 - - [18/Aug/2022:03:50:39 +0200] "GET /le-petit-prince-de-st-exupery-collection-mug-p-53384.html HTTP/1.0" 301 74398 "-" "Mozilla/5.0 (compatible; MJ12bot/v1.4.8; http://mj12bot.com/)"
95.91.74.136 - - [18/Aug/2022:03:50:43 +0200] "GET /harley-davidson-large-box-p-26374.html HTTP/1.0" 301 71662 "-" "Mozilla/5.0 (compatible; MJ12bot/v1.4.8; http://mj12bot.com/)"
65.108.41.34 - - [18/Aug/2022:03:50:43 +0200] "GET /-p-41240.html HTTP/1.0" 200 71492 "-" "Mozilla/5.0 (compatible; MJ12bot/v1.4.8; http://mj12bot.com/)"
94.154.239.69 - - [18/Aug/2022:03:50:43 +0200] "GET /petit-prince-exupry-collection-p-53384.html HTTP/1.0" 200 74301 "-" "Mozilla/5.0 (compatible; MJ12bot/v1.4.8; http://mj12bot.com/)"
95.91.74.136 - - [18/Aug/2022:03:50:47 +0200] "GET /harley-davidson-large-p-26374.html HTTP/1.0" 200 71574 "-" "Mozilla/5.0 (compatible; MJ12bot/v1.4.8; http://mj12bot.com/)"
95.91.74.136 - - [18/Aug/2022:03:50:50 +0200] "GET /harley-davidson-large-metal-plate-deco-p-26437.html HTTP/1.0" 301 71559 "-" "Mozilla/5.0 (compatible; MJ12bot/v1.4.8; http://mj12bot.com/)"
54.36.148.199 - - [18/Aug/2022:03:50:50 +0200] "GET /decorative-statuette-p-54215.html HTTP/1.0" 200 74246 "-" "Mozilla/5.0 (compatible; AhrefsBot/7.0; +http://ahrefs.com/robot/)"
65.108.41.34 - - [18/Aug/2022:03:50:51 +0200] "GET /buddha-meditation-candle-p-35502.html HTTP/1.0" 301 71559 "-" "Mozilla/5.0 (compatible; MJ12bot/v1.4.8; http://mj12bot.com/)"
94.154.239.69 - - [18/Aug/2022:03:50:50 +0200] "GET /le-vin-est-de-la-poesie-en-bouteille-canvas-frame-40-40-cm-p-43001.html HTTP/1.0" 301 74522 "-" "Mozilla/5.0 (compatible; MJ12bot/v1.4.8; http://mj12bot.com/)"
95.91.74.136 - - [18/Aug/2022:03:50:53 +0200] "GET /-p-26437.html HTTP/1.0" 200 71492 "-" "Mozilla/5.0 (compatible; MJ12bot/v1.4.8; http://mj12bot.com/)"
95.91.74.136 - - [18/Aug/2022:03:50:57 +0200] "GET /harley-davidson-large-metal-plate-deco-p-26644.html HTTP/1.0" 200 74232 "-" "Mozilla/5.0 (compatible; MJ12bot/v1.4.8; http://mj12bot.com/)"
65.108.41.34 - - [18/Aug/2022:03:50:58 +0200] "GET /-p-35502.html HTTP/1.0" 200 71492 "-" "Mozilla/5.0 (compatible; MJ12bot/v1.4.8; http://mj12bot.com/)"
94.154.239.69 - - [18/Aug/2022:03:50:58 +0200] "GET /posie-bouteille-canvas-frame-p-43001.html HTTP/1.0" 200 74427 "-" "Mozilla/5.0 (compatible; MJ12bot/v1.4.8; http://mj12bot.com/)"
95.91.74.136 - - [18/Aug/2022:03:51:02 +0200] "GET /harley-davidson-large-metal-plate-p-23288.html HTTP/1.0" 200 74210 "-" "Mozilla/5.0 (compatible; MJ12bot/v1.4.8; http://mj12bot.com/)"
94.154.239.69 - - [18/Aug/2022:03:51:03 +0200] "GET /led-ambient-light-under-glass-bell-p-43220.html HTTP/1.0" 301 74360 "-" "Mozilla/5.0 (compatible; MJ12bot/v1.4.8; http://mj12bot.com/)"
65.108.41.34 - - [18/Aug/2022:03:51:05 +0200] "GET /buddha-meditation-deco-lamp-p-34286.html HTTP/1.0" 301 71559 "-" "Mozilla/5.0 (compatible; MJ12bot/v1.4.8; http://mj12bot.com/)"
94.154.239.69 - - [18/Aug/2022:03:51:09 +0200] "GET /ambient-light-under-glass-bell-p-43220.html HTTP/1.0" 200 74263 "-" "Mozilla/5.0 (compatible; MJ12bot/v1.4.8; http://mj12bot.com/)"
94.154.239.69 - - [18/Aug/2022:03:51:12 +0200] "GET /led-table-lamp-in-glass-tropical-foliage-large-p-50022.html HTTP/1.0" 301 71762 "-" "Mozilla/5.0 (compatible; MJ12bot/v1.4.8; http://mj12bot.com/)"
65.108.41.34 - - [18/Aug/2022:03:51:13 +0200] "GET /-p-34286.html HTTP/1.0" 200 71492 "-" "Mozilla/5.0 (compatible; MJ12bot/v1.4.8; http://mj12bot.com/)"
94.154.239.69 - - [18/Aug/2022:03:51:17 +0200] "GET /table-lamp-glass-tropical-foliage-large-p-50022.html HTTP/1.0" 200 71656 "-" "Mozilla/5.0 (compatible; MJ12bot/v1.4.8; http://mj12bot.com/)"
95.91.74.136 - - [18/Aug/2022:03:51:19 +0200] "GET /harley-davidson-large-metal-plate-p-40291.html HTTP/1.0" 200 74261 "-" "Mozilla/5.0 (compatible; MJ12bot/v1.4.8; http://mj12bot.com/)"
94.154.239.69 - - [18/Aug/2022:03:51:21 +0200] "GET /led-table-lamp-in-glass-tropical-foliage-medium-p-50021.html HTTP/1.0" 301 71749 "-" "Mozilla/5.0 (compatible; MJ12bot/v1.4.8; http://mj12bot.com/)"
95.91.74.136 - - [18/Aug/2022:03:51:21 +0200] "GET /harley-davidson-large-metal-plate-p-40292.html HTTP/1.0" 200 74215 "-" "Mozilla/5.0 (compatible; MJ12bot/v1.4.8; http://mj12bot.com/)"
65.108.41.34 - - [18/Aug/2022:03:51:25 +0200] "GET /buddha-orange-grey-removable-cushion-p-36574.html HTTP/1.0" 301 71559 "-" "Mozilla/5.0 (compatible; MJ12bot/v1.4.8; http://mj12bot.com/)"
66.249.64.82 - - [18/Aug/2022:03:51:30 +0200] "GET /flat-cotton-case-little-prince-p-58266.html HTTP/1.0" 200 74882 "-" "Mozilla/5.0 (compatible; Googlebot/2.1; +http://www.google.com/bot.html)"
66.249.64.82 - - [18/Aug/2022:03:51:31 +0200] "GET /flat-cotton-case-little-prince-p-58266.html HTTP/1.0" 200 74882 "-" "Mozilla/5.0 (Linux; Android 6.0.1; Nexus 5X Build/MMB29P) AppleWebKit/537.36 (KHTML, like Gecko) Chrome/104.0.5112.79 Mobile Safari/537.36 (compatible; Googlebot/2.1; +http://www.google.com/bot.html)"
94.154.239.69 - - [18/Aug/2022:03:51:31 +0200] "GET /table-lamp-glass-tropical-foliage-medium-p-50021.html HTTP/1.0" 200 71642 "-" "Mozilla/5.0 (compatible; MJ12bot/v1.4.8; http://mj12bot.com/)"
65.108.41.34 - - [18/Aug/2022:03:51:34 +0200] "GET /-p-36574.html HTTP/1.0" 200 71492 "-" "Mozilla/5.0 (compatible; MJ12bot/v1.4.8; http://mj12bot.com/)"
94.154.239.69 - - [18/Aug/2022:03:51:37 +0200] "GET /les-caouettes-hops-the-triceratops-plush-26-cm-p-33416.html HTTP/1.0" 301 71559 "-" "Mozilla/5.0 (compatible; MJ12bot/v1.4.8; http://mj12bot.com/)"
216.244.66.242 - - [18/Aug/2022:03:51:39 +0200] "GET /marley-computer-model-p-21337.html HTTP/1.0" 200 74408 "-" "Mozilla/5.0 (compatible; DotBot/1.2; +https://opensiteexplorer.org/dotbot; help@moz.com)"
65.108.41.34 - - [18/Aug/2022:03:51:42 +0200] "GET /buddha-statue-polyresin-40-cm-p-36727.html HTTP/1.0" 301 71676 "-" "Mozilla/5.0 (compatible; MJ12bot/v1.4.8; http://mj12bot.com/)"
94.154.239.69 - - [18/Aug/2022:03:51:46 +0200] "GET /-p-33416.html HTTP/1.0" 200 71492 "-" "Mozilla/5.0 (compatible; MJ12bot/v1.4.8; http://mj12bot.com/)"
65.108.41.34 - - [18/Aug/2022:03:51:49 +0200] "GET /buddha-statue-polyresin-p-36727.html HTTP/1.0" 200 71586 "-" "Mozilla/5.0 (compatible; MJ12bot/v1.4.8; http://mj12bot.com/)"
94.154.239.69 - - [18/Aug/2022:03:51:50 +0200] "GET /les-copains-abord-metal-plate-deco-p-51898.html HTTP/1.0" 301 74892 "-" "Mozilla/5.0 (compatible; MJ12bot/v1.4.8; http://mj12bot.com/)"
185.191.171.24 - - [18/Aug/2022:03:51:53 +0200] "GET /rectangular-carved-box-buddha-p-47386.html HTTP/1.0" 301 71559 "-" "Mozilla/5.0 (compatible; SemrushBot/7~bl; +http://www.semrush.com/bot.html)"
185.191.171.1 - - [18/Aug/2022:03:51:57 +0200] "GET /-p-47386.html HTTP/1.0" 200 71492 "-" "Mozilla/5.0 (compatible; SemrushBot/7~bl; +http://www.semrush.com/bot.html)"
65.108.41.34 - - [18/Aug/2022:03:51:59 +0200] "GET /buddha-statue-polyresin-p-36727.html HTTP/1.0" 200 71586 "-" "Mozilla/5.0 (compatible; MJ12bot/v1.4.8; http://mj12bot.com/)"
94.154.239.69 - - [18/Aug/2022:03:51:59 +0200] "GET /copains-abord-metal-plate-deco-p-51898.html HTTP/1.0" 200 74795 "-" "Mozilla/5.0 (compatible; MJ12bot/v1.4.8; http://mj12bot.com/)"
95.91.74.136 - - [18/Aug/2022:03:52:01 +0200] "GET /harley-davidson-large-metal-plate-p-40293.html HTTP/1.0" 200 74250 "-" "Mozilla/5.0 (compatible; MJ12bot/v1.4.8; http://mj12bot.com/)"
94.154.239.69 - - [18/Aug/2022:03:52:04 +0200] "GET /liban-clock-by-cbkreation-p-36924.html HTTP/1.0" 301 74219 "-" "Mozilla/5.0 (compatible; MJ12bot/v1.4.8; http://mj12bot.com/)"
65.108.41.34 - - [18/Aug/2022:03:52:07 +0200] "GET /bug-art-cat-cushion-cherry-pits-p-53801.html HTTP/1.0" 301 74315 "-" "Mozilla/5.0 (compatible; MJ12bot/v1.4.8; http://mj12bot.com/)"
95.91.74.136 - - [18/Aug/2022:03:52:08 +0200] "GET /harley-davidson-large-metal-plate-p-40294.html HTTP/1.0" 200 74249 "-" "Mozilla/5.0 (compatible; MJ12bot/v1.4.8; http://mj12bot.com/)"
94.154.239.69 - - [18/Aug/2022:03:52:10 +0200] "GET /liban-clock-cbkreation-p-36924.html HTTP/1.0" 200 74130 "-" "Mozilla/5.0 (compatible; MJ12bot/v1.4.8; http://mj12bot.com/)"
185.191.171.4 - - [18/Aug/2022:03:52:15 +0200] "GET /white-cotton-kitchen-towel-little-prince-p-52481.html HTTP/1.0" 200 74320 "-" "Mozilla/5.0 (compatible; SemrushBot/7~bl; +http://www.semrush.com/bot.html)"
65.108.41.34 - - [18/Aug/2022:03:52:15 +0200] "GET /cushion-cherry-pits-p-53801.html HTTP/1.0" 200 74229 "-" "Mozilla/5.0 (compatible; MJ12bot/v1.4.8; http://mj12bot.com/)"
54.36.148.129 - - [18/Aug/2022:03:52:17 +0200] "GET /valentine-table-lamp-p-55829.html HTTP/1.0" 200 74737 "-" "Mozilla/5.0 (compatible; AhrefsBot/7.0; +http://ahrefs.com/robot/)"
54.36.148.55 - - [18/Aug/2022:03:52:20 +0200] "GET /images/big_prod_1/3520071784700B.jpg HTTP/1.0" 200 271 "-" "Mozilla/5.0 (compatible; AhrefsBot/7.0; +http://ahrefs.com/robot/)"
95.91.74.136 - - [18/Aug/2022:03:52:18 +0200] "GET /harley-davidson-large-p-26374.html HTTP/1.0" 200 71574 "-" "Mozilla/5.0 (compatible; MJ12bot/v1.4.8; http://mj12bot.com/)"
54.36.148.40 - - [18/Aug/2022:03:52:20 +0200] "GET /images/big_prod/3520071784700.jpg HTTP/1.0" 200 268 "-" "Mozilla/5.0 (compatible; AhrefsBot/7.0; +http://ahrefs.com/robot/)"
94.154.239.69 - - [18/Aug/2022:03:52:23 +0200] "GET /liban-clock-cbkreation-p-36924.html HTTP/1.0" 200 74130 "-" "Mozilla/5.0 (compatible; MJ12bot/v1.4.8; http://mj12bot.com/)"
65.108.41.34 - - [18/Aug/2022:03:52:24 +0200] "GET /bug-art-cat-klimt-cushion-cherry-pits-p-53802.html HTTP/1.0" 301 71698 "-" "Mozilla/5.0 (compatible; MJ12bot/v1.4.8; http://mj12bot.com/)"
94.154.239.69 - - [18/Aug/2022:03:52:28 +0200] "GET /liechtenstein-clock-by-cbkreation-p-36928.html HTTP/1.0" 301 74284 "-" "Mozilla/5.0 (compatible; MJ12bot/v1.4.8; http://mj12bot.com/)"
94.142.141.251 - - [18/Aug/2022:03:52:30 +0200] "HEAD /contact_us.php HTTP/1.0" 301 204 "-" "Mozilla/5.0 (Windows NT 10.0; Win64; x64) AppleWebKit/537.36 (KHTML, like Gecko) Chrome/74.0.3729.169 Safari/537.36"
101.236.11.50 - - [18/Aug/2022:03:52:31 +0200] "GET /images/big_prod/3014627830404.jpg HTTP/1.0" 200 268 "-" "python-requests/2.27.1"
95.91.74.136 - - [18/Aug/2022:03:52:30 +0200] "GET /harley-davidson-magnets-p-31621.html HTTP/1.0" 200 74231 "-" "Mozilla/5.0 (compatible; MJ12bot/v1.4.8; http://mj12bot.com/)"
66.249.64.82 - - [18/Aug/2022:03:52:30 +0200] "GET /confetti-bedclothes-p-51956.html HTTP/1.0" 200 74876 "-" "Mozilla/5.0 (compatible; Googlebot/2.1; +http://www.google.com/bot.html)"
94.154.239.69 - - [18/Aug/2022:03:52:32 +0200] "GET /liechtenstein-clock-cbkreation-p-36928.html HTTP/1.0" 200 74187 "-" "Mozilla/5.0 (compatible; MJ12bot/v1.4.8; http://mj12bot.com/)"
65.108.41.34 - - [18/Aug/2022:03:52:33 +0200] "GET /klimt-cushion-cherry-pits-p-53802.html HTTP/1.0" 200 71606 "-" "Mozilla/5.0 (compatible; MJ12bot/v1.4.8; http://mj12bot.com/)"
95.91.74.136 - - [18/Aug/2022:03:52:40 +0200] "GET /harley-davidson-parking-large-metal-plate-p-12545.html HTTP/1.0" 200 74293 "-" "Mozilla/5.0 (compatible; MJ12bot/v1.4.8; http://mj12bot.com/)"
94.154.239.69 - - [18/Aug/2022:03:52:40 +0200] "GET /liechtenstein-clock-cbkreation-p-36928.html HTTP/1.0" 200 74187 "-" "Mozilla/5.0 (compatible; MJ12bot/v1.4.8; http://mj12bot.com/)"
65.108.41.34 - - [18/Aug/2022:03:52:46 +0200] "GET /bull-terrier-saltshaker-and-pepper-pot-p-28652.html HTTP/1.0" 301 71559 "-" "Mozilla/5.0 (compatible; MJ12bot/v1.4.8; http://mj12bot.com/)"
95.91.74.136 - - [18/Aug/2022:03:52:47 +0200] "GET /harley-davidson-set-of-magnets-p-31621.html HTTP/1.0" 301 74321 "-" "Mozilla/5.0 (compatible; MJ12bot/v1.4.8; http://mj12bot.com/)"
94.154.239.69 - - [18/Aug/2022:03:52:48 +0200] "GET /light-wood-lamp-vintage-bulb-p-51789.html HTTP/1.0" 301 71559 "-" "Mozilla/5.0 (compatible; MJ12bot/v1.4.8; http://mj12bot.com/)"
51.68.224.127 - - [18/Aug/2022:03:52:49 +0200] "GET /adminweb/export_orders_xml.php?token=256de2z6edz6ed2z6DFSFsed2zed6zeDSFDSGdzedezfzf&maxorders=10&orderstart=1&status=14&start_date=2018-10-01 HTTP/1.0" 200 285 "-" "GesCom CharlotteBoutik Serveur"
51.68.224.127 - - [18/Aug/2022:03:52:50 +0200] "GET /adminweb/export_orders_xml.php?token=256de2z6edz6ed2z6DFSFsed2zed6zeDSFDSGdzedezfzf&maxorders=10&orderstart=1&status=6&start_date=2018-10-01 HTTP/1.0" 200 33985 "-" "GesCom CharlotteBoutik Serveur"
95.91.74.136 - - [18/Aug/2022:03:52:53 +0200] "GET /harley-davidson-magnets-p-31621.html HTTP/1.0" 200 74231 "-" "Mozilla/5.0 (compatible; MJ12bot/v1.4.8; http://mj12bot.com/)"
65.108.41.34 - - [18/Aug/2022:03:52:53 +0200] "GET /-p-28652.html HTTP/1.0" 200 71492 "-" "Mozilla/5.0 (compatible; MJ12bot/v1.4.8; http://mj12bot.com/)"
94.154.239.69 - - [18/Aug/2022:03:52:59 +0200] "GET /-p-51789.html HTTP/1.0" 200 71492 "-" "Mozilla/5.0 (compatible; MJ12bot/v1.4.8; http://mj12bot.com/)"
185.191.171.24 - - [18/Aug/2022:03:52:59 +0200] "GET /hello-kitty-picnic-bag-p-17166.html HTTP/1.0" 301 74619 "-" "Mozilla/5.0 (compatible; SemrushBot/7~bl; +http://www.semrush.com/bot.html)"
65.108.41.34 - - [18/Aug/2022:03:52:59 +0200] "GET /bulldog-chrome-decorative-statue-p-31484.html HTTP/1.0" 301 71559 "-" "Mozilla/5.0 (compatible; MJ12bot/v1.4.8; http://mj12bot.com/)"
95.91.74.136 - - [18/Aug/2022:03:53:01 +0200] "GET /harley-davidson-speedometer-clock-30-cm-p-45982.html HTTP/1.0" 301 71726 "-" "Mozilla/5.0 (compatible; MJ12bot/v1.4.8; http://mj12bot.com/)"
185.191.171.9 - - [18/Aug/2022:03:53:02 +0200] "GET /hello-kitty-picnic-p-17166.html HTTP/1.0" 200 74534 "-" "Mozilla/5.0 (compatible; SemrushBot/7~bl; +http://www.semrush.com/bot.html)"
94.154.239.69 - - [18/Aug/2022:03:53:04 +0200] "GET /light-wood-pave-lamp-and-neo-vintage-bulb-p-51789.html HTTP/1.0" 301 71559 "-" "Mozilla/5.0 (compatible; MJ12bot/v1.4.8; http://mj12bot.com/)"
65.108.41.34 - - [18/Aug/2022:03:53:05 +0200] "GET /-p-31484.html HTTP/1.0" 200 71492 "-" "Mozilla/5.0 (compatible; MJ12bot/v1.4.8; http://mj12bot.com/)"
95.91.74.136 - - [18/Aug/2022:03:53:07 +0200] "GET /harley-davidson-speedometer-clock-p-45982.html HTTP/1.0" 200 71626 "-" "Mozilla/5.0 (compatible; MJ12bot/v1.4.8; http://mj12bot.com/)"
94.154.239.69 - - [18/Aug/2022:03:53:11 +0200] "GET /-p-51789.html HTTP/1.0" 200 71492 "-" "Mozilla/5.0 (compatible; MJ12bot/v1.4.8; http://mj12bot.com/)"
65.108.41.34 - - [18/Aug/2022:03:53:11 +0200] "GET /bust-of-seamstress-of-decoration-160-cm-p-39359.html HTTP/1.0" 301 71559 "-" "Mozilla/5.0 (compatible; MJ12bot/v1.4.8; http://mj12bot.com/)"
65.108.41.34 - - [18/Aug/2022:03:53:16 +0200] "GET /-p-39359.html HTTP/1.0" 200 71492 "-" "Mozilla/5.0 (compatible; MJ12bot/v1.4.8; http://mj12bot.com/)"
95.91.74.136 - - [18/Aug/2022:03:53:17 +0200] "GET /harley-davidson-speedometer-clock-p-45982.html HTTP/1.0" 200 71626 "-" "Mozilla/5.0 (compatible; MJ12bot/v1.4.8; http://mj12bot.com/)"
65.108.41.34 - - [18/Aug/2022:03:53:21 +0200] "GET /butterfly-desk-lamp-30-cm-led-and-usb-p-45993.html HTTP/1.0" 301 74941 "-" "Mozilla/5.0 (compatible; MJ12bot/v1.4.8; http://mj12bot.com/)"
185.191.171.24 - - [18/Aug/2022:03:53:25 +0200] "GET /small-candle-pearl-bouquet-p-42632.html?action=add_product HTTP/1.0" 302 476 "-" "Mozilla/5.0 (compatible; SemrushBot/7~bl; +http://www.semrush.com/bot.html)"
65.108.41.34 - - [18/Aug/2022:03:53:25 +0200] "GET /butterfly-desk-lamp-p-45993.html HTTP/1.0" 200 74855 "-" "Mozilla/5.0 (compatible; MJ12bot/v1.4.8; http://mj12bot.com/)"
95.91.74.136 - - [18/Aug/2022:03:53:28 +0200] "GET /harley-davidson-wild-at-heart-small-metal-plate-p-40262.html HTTP/1.0" 301 74476 "-" "Mozilla/5.0 (compatible; MJ12bot/v1.4.8; http://mj12bot.com/)"
94.154.239.69 - - [18/Aug/2022:03:53:28 +0200] "GET /light-wood-table-lamp-scandinavian-spirit-p-50721.html HTTP/1.0" 301 71559 "-" "Mozilla/5.0 (compatible; MJ12bot/v1.4.8; http://mj12bot.com/)"
65.108.41.34 - - [18/Aug/2022:03:53:32 +0200] "GET /butterfly-desk-lamp-p-45993.html HTTP/1.0" 200 74855 "-" "Mozilla/5.0 (compatible; MJ12bot/v1.4.8; http://mj12bot.com/)"
95.91.74.136 - - [18/Aug/2022:03:53:32 +0200] "GET /harley-davidson-wild-heart-small-metal-plate-p-40262.html HTTP/1.0" 200 74365 "-" "Mozilla/5.0 (compatible; MJ12bot/v1.4.8; http://mj12bot.com/)"
94.154.239.69 - - [18/Aug/2022:03:53:34 +0200] "GET /-p-50721.html HTTP/1.0" 200 71492 "-" "Mozilla/5.0 (compatible; MJ12bot/v1.4.8; http://mj12bot.com/)"
65.108.41.34 - - [18/Aug/2022:03:53:36 +0200] "GET /calendar-bookmarks-year-2017-16-cm-p-36811.html HTTP/1.0" 301 71559 "-" "Mozilla/5.0 (compatible; MJ12bot/v1.4.8; http://mj12bot.com/)"
54.36.148.19 - - [18/Aug/2022:03:53:36 +0200] "GET /kimmidoll-love-elle-keychain-deco-plate-p-17975.html HTTP/1.0" 200 74680 "-" "Mozilla/5.0 (compatible; AhrefsBot/7.0; +http://ahrefs.com/robot/)"
66.249.64.84 - - [18/Aug/2022:03:53:38 +0200] "GET /anniversaire-card-p-20029.html HTTP/1.0" 200 74177 "-" "Mozilla/5.0 (compatible; Googlebot/2.1; +http://www.google.com/bot.html)"
65.108.41.34 - - [18/Aug/2022:03:53:44 +0200] "GET /-p-36811.html HTTP/1.0" 200 71492 "-" "Mozilla/5.0 (compatible; MJ12bot/v1.4.8; http://mj12bot.com/)"
95.91.74.136 - - [18/Aug/2022:03:53:44 +0200] "GET /harley-davidson-wild-heart-small-metal-plate-p-40262.html HTTP/1.0" 200 74365 "-" "Mozilla/5.0 (compatible; MJ12bot/v1.4.8; http://mj12bot.com/)"
94.154.239.69 - - [18/Aug/2022:03:53:46 +0200] "GET /lighting-p-49205.html HTTP/1.0" 301 71559 "-" "Mozilla/5.0 (compatible; MJ12bot/v1.4.8; http://mj12bot.com/)"
65.108.41.34 - - [18/Aug/2022:03:53:49 +0200] "GET /calimero-mobile-sock-p-11926.html HTTP/1.0" 301 71559 "-" "Mozilla/5.0 (compatible; MJ12bot/v1.4.8; http://mj12bot.com/)"
94.154.239.69 - - [18/Aug/2022:03:53:49 +0200] "GET /-p-49205.html HTTP/1.0" 200 71492 "-" "Mozilla/5.0 (compatible; MJ12bot/v1.4.8; http://mj12bot.com/)"
34.170.78.46 - - [18/Aug/2022:03:53:52 +0200] "GET /images/mini_prod/1384010190029.jpg HTTP/1.0" 200 269 "-" "Mozilla/5.0 (X11; Ubuntu; Linux x86_64; rv:72.0) Gecko/20100101 Firefox/72.0"
95.91.74.136 - - [18/Aug/2022:03:53:52 +0200] "GET /harmony-bath-mat-55-110-cm-granite-p-48144.html HTTP/1.0" 301 71559 "-" "Mozilla/5.0 (compatible; MJ12bot/v1.4.8; http://mj12bot.com/)"
95.91.74.136 - - [18/Aug/2022:03:53:55 +0200] "GET /-p-48144.html HTTP/1.0" 200 71492 "-" "Mozilla/5.0 (compatible; MJ12bot/v1.4.8; http://mj12bot.com/)"
65.108.41.34 - - [18/Aug/2022:03:53:55 +0200] "GET /-p-11926.html HTTP/1.0" 200 71492 "-" "Mozilla/5.0 (compatible; MJ12bot/v1.4.8; http://mj12bot.com/)"
94.154.239.69 - - [18/Aug/2022:03:53:58 +0200] "GET /limited-edition-swarovski-kimmidoll-dolls-15-cm-p-46120.html HTTP/1.0" 301 71760 "-" "Mozilla/5.0 (compatible; MJ12bot/v1.4.8; http://mj12bot.com/)"
65.108.41.34 - - [18/Aug/2022:03:53:59 +0200] "GET /camargua-moroccan-ashtray-p-54602.html HTTP/1.0" 200 74105 "-" "Mozilla/5.0 (compatible; MJ12bot/v1.4.8; http://mj12bot.com/)"
65.108.41.34 - - [18/Aug/2022:03:54:04 +0200] "GET /cambodge-clock-by-cbkreation-p-36831.html HTTP/1.0" 301 74243 "-" "Mozilla/5.0 (compatible; MJ12bot/v1.4.8; http://mj12bot.com/)"
94.154.239.69 - - [18/Aug/2022:03:54:06 +0200] "GET /limited-edition-swarovski-kimmidoll-dolls-p-46120.html HTTP/1.0" 200 71652 "-" "Mozilla/5.0 (compatible; MJ12bot/v1.4.8; http://mj12bot.com/)"
95.91.74.136 - - [18/Aug/2022:03:54:07 +0200] "GET /harmony-bath-mat-60-80-cm-beton-p-48150.html HTTP/1.0" 301 71559 "-" "Mozilla/5.0 (compatible; MJ12bot/v1.4.8; http://mj12bot.com/)"
65.108.41.34 - - [18/Aug/2022:03:54:09 +0200] "GET /cambodge-clock-cbkreation-p-36831.html HTTP/1.0" 200 74151 "-" "Mozilla/5.0 (compatible; MJ12bot/v1.4.8; http://mj12bot.com/)"
65.108.41.34 - - [18/Aug/2022:03:54:12 +0200] "GET /cambodge-clock-cbkreation-p-36831.html HTTP/1.0" 200 74151 "-" "Mozilla/5.0 (compatible; MJ12bot/v1.4.8; http://mj12bot.com/)"
94.154.239.69 - - [18/Aug/2022:03:54:12 +0200] "GET /limited-edition-swarovski-kimmidoll-dolls-p-46120.html HTTP/1.0" 200 71652 "-" "Mozilla/5.0 (compatible; MJ12bot/v1.4.8; http://mj12bot.com/)"
65.108.41.34 - - [18/Aug/2022:03:54:16 +0200] "GET /cambodge-rectangulary-cushion-by-cbkreation-p-36724.html HTTP/1.0" 301 71559 "-" "Mozilla/5.0 (compatible; MJ12bot/v1.4.8; http://mj12bot.com/)"
95.91.74.136 - - [18/Aug/2022:03:54:20 +0200] "GET /-p-48150.html HTTP/1.0" 200 71492 "-" "Mozilla/5.0 (compatible; MJ12bot/v1.4.8; http://mj12bot.com/)"
185.191.171.4 - - [18/Aug/2022:03:54:20 +0200] "GET /ben-10-badges-set-p-6487.html HTTP/1.0" 301 71556 "-" "Mozilla/5.0 (compatible; SemrushBot/7~bl; +http://www.semrush.com/bot.html)"
65.108.41.34 - - [18/Aug/2022:03:54:21 +0200] "GET /-p-36724.html HTTP/1.0" 200 71492 "-" "Mozilla/5.0 (compatible; MJ12bot/v1.4.8; http://mj12bot.com/)"
185.191.171.37 - - [18/Aug/2022:03:54:24 +0200] "GET /-p-6487.html HTTP/1.0" 200 71490 "-" "Mozilla/5.0 (compatible; SemrushBot/7~bl; +http://www.semrush.com/bot.html)"
65.108.41.34 - - [18/Aug/2022:03:54:25 +0200] "GET /cambodge-rectangulary-cushion-cbkreation-p-36724.html HTTP/1.0" 301 71559 "-" "Mozilla/5.0 (compatible; MJ12bot/v1.4.8; http://mj12bot.com/)"
94.154.239.69 - - [18/Aug/2022:03:54:26 +0200] "GET /lion-chinese-guardian-statue-female-p-50068.html HTTP/1.0" 200 71626 "-" "Mozilla/5.0 (compatible; MJ12bot/v1.4.8; http://mj12bot.com/)"
95.91.74.136 - - [18/Aug/2022:03:54:27 +0200] "GET /hawaii-glasses-and-their-support-p-48294.html HTTP/1.0" 301 71736 "-" "Mozilla/5.0 (compatible; MJ12bot/v1.4.8; http://mj12bot.com/)"
65.108.41.34 - - [18/Aug/2022:03:54:32 +0200] "GET /-p-36724.html HTTP/1.0" 200 71492 "-" "Mozilla/5.0 (compatible; MJ12bot/v1.4.8; http://mj12bot.com/)"
94.154.239.69 - - [18/Aug/2022:03:54:35 +0200] "GET /lion-chinese-guardian-statue-head-to-its-right-p-50068.html HTTP/1.0" 301 71728 "-" "Mozilla/5.0 (compatible; MJ12bot/v1.4.8; http://mj12bot.com/)"
65.108.41.34 - - [18/Aug/2022:03:54:37 +0200] "GET /campaign-spirit-adult-apron-p-44189.html HTTP/1.0" 200 74118 "-" "Mozilla/5.0 (compatible; MJ12bot/v1.4.8; http://mj12bot.com/)"
95.91.74.136 - - [18/Aug/2022:03:54:39 +0200] "GET /hawaii-glasses-their-support-p-48294.html HTTP/1.0" 200 71641 "-" "Mozilla/5.0 (compatible; MJ12bot/v1.4.8; http://mj12bot.com/)"
65.108.41.34 - - [18/Aug/2022:03:54:43 +0200] "GET /camper-shells-wall-sticker-p-36401.html HTTP/1.0" 301 71559 "-" "Mozilla/5.0 (compatible; MJ12bot/v1.4.8; http://mj12bot.com/)"
94.154.239.69 - - [18/Aug/2022:03:54:44 +0200] "GET /lion-chinese-guardian-statue-female-p-50068.html HTTP/1.0" 200 71626 "-" "Mozilla/5.0 (compatible; MJ12bot/v1.4.8; http://mj12bot.com/)"
95.91.74.136 - - [18/Aug/2022:03:54:47 +0200] "GET /hawaii-glasses-their-support-p-48294.html HTTP/1.0" 200 71641 "-" "Mozilla/5.0 (compatible; MJ12bot/v1.4.8; http://mj12bot.com/)"
94.154.239.69 - - [18/Aug/2022:03:54:47 +0200] "GET /little-buddha-collection-statuette-blue-13-cm-p-50231.html HTTP/1.0" 301 71734 "-" "Mozilla/5.0 (compatible; MJ12bot/v1.4.8; http://mj12bot.com/)"
65.108.41.34 - - [18/Aug/2022:03:54:48 +0200] "GET /-p-36401.html HTTP/1.0" 200 71492 "-" "Mozilla/5.0 (compatible; MJ12bot/v1.4.8; http://mj12bot.com/)"
65.108.41.34 - - [18/Aug/2022:03:54:54 +0200] "GET /canada-cushion-cbkreation-p-21513.html HTTP/1.0" 301 71559 "-" "Mozilla/5.0 (compatible; MJ12bot/v1.4.8; http://mj12bot.com/)"
54.36.149.7 - - [18/Aug/2022:03:54:54 +0200] "GET /candle-hours-sweet-black-cherries-p-53890.html HTTP/1.0" 200 75440 "-" "Mozilla/5.0 (compatible; AhrefsBot/7.0; +http://ahrefs.com/robot/)"
94.154.239.69 - - [18/Aug/2022:03:54:55 +0200] "GET /little-buddha-collection-statuette-blue-p-50231.html HTTP/1.0" 200 71628 "-" "Mozilla/5.0 (compatible; MJ12bot/v1.4.8; http://mj12bot.com/)"
216.244.66.242 - - [18/Aug/2022:03:54:56 +0200] "GET /protects-mattress-fleece-cotton-p-43570.html HTTP/1.0" 200 74287 "-" "Mozilla/5.0 (compatible; DotBot/1.2; +https://opensiteexplorer.org/dotbot; help@moz.com)"
65.108.41.34 - - [18/Aug/2022:03:54:58 +0200] "GET /-p-21513.html HTTP/1.0" 200 71492 "-" "Mozilla/5.0 (compatible; MJ12bot/v1.4.8; http://mj12bot.com/)"
95.91.74.136 - - [18/Aug/2022:03:54:59 +0200] "GET /hawaii-wooden-wall-decoration-hang-p-36086.html HTTP/1.0" 301 71559 "-" "Mozilla/5.0 (compatible; MJ12bot/v1.4.8; http://mj12bot.com/)"
66.249.64.82 - - [18/Aug/2022:03:55:00 +0200] "GET /light-garland-collection-canar-rainbow-p-39460.html HTTP/1.0" 200 75010 "-" "Mozilla/5.0 (Linux; Android 6.0.1; Nexus 5X Build/MMB29P) AppleWebKit/537.36 (KHTML, like Gecko) Chrome/104.0.5112.79 Mobile Safari/537.36 (compatible; Googlebot/2.1; +http://www.google.com/bot.html)"
94.154.239.69 - - [18/Aug/2022:03:55:02 +0200] "GET /little-buddha-collection-statuette-blue-p-50231.html HTTP/1.0" 200 71628 "-" "Mozilla/5.0 (compatible; MJ12bot/v1.4.8; http://mj12bot.com/)"
65.108.41.34 - - [18/Aug/2022:03:55:04 +0200] "GET /canadian-dollar-money-box-by-cbkreation-p-24137.html HTTP/1.0" 301 74359 "-" "Mozilla/5.0 (compatible; MJ12bot/v1.4.8; http://mj12bot.com/)"
95.91.74.136 - - [18/Aug/2022:03:55:06 +0200] "GET /-p-36086.html HTTP/1.0" 200 71492 "-" "Mozilla/5.0 (compatible; MJ12bot/v1.4.8; http://mj12bot.com/)"
65.108.41.34 - - [18/Aug/2022:03:55:08 +0200] "GET /canadian-dollar-money-cbkreation-p-24137.html HTTP/1.0" 200 74260 "-" "Mozilla/5.0 (compatible; MJ12bot/v1.4.8; http://mj12bot.com/)"
94.154.239.69 - - [18/Aug/2022:03:55:09 +0200] "GET /little-buddha-collection-statuette-blue-p-50236.html HTTP/1.0" 200 71628 "-" "Mozilla/5.0 (compatible; MJ12bot/v1.4.8; http://mj12bot.com/)"
95.91.74.136 - - [18/Aug/2022:03:55:11 +0200] "GET /hawaii-wooden-wall-decoration-to-hang-p-36086.html HTTP/1.0" 301 71559 "-" "Mozilla/5.0 (compatible; MJ12bot/v1.4.8; http://mj12bot.com/)"
65.108.41.34 - - [18/Aug/2022:03:55:15 +0200] "GET /canadian-dollar-money-cbkreation-p-24137.html HTTP/1.0" 200 74260 "-" "Mozilla/5.0 (compatible; MJ12bot/v1.4.8; http://mj12bot.com/)"
95.91.74.136 - - [18/Aug/2022:03:55:17 +0200] "GET /-p-36086.html HTTP/1.0" 200 71492 "-" "Mozilla/5.0 (compatible; MJ12bot/v1.4.8; http://mj12bot.com/)"
65.108.41.34 - - [18/Aug/2022:03:55:19 +0200] "GET /candle-heart-home-tuscan-p-53333.html HTTP/1.0" 200 74774 "-" "Mozilla/5.0 (compatible; MJ12bot/v1.4.8; http://mj12bot.com/)"
94.154.239.69 - - [18/Aug/2022:03:55:20 +0200] "GET /little-buddha-collection-statuette-blue-p-50237.html HTTP/1.0" 200 71628 "-" "Mozilla/5.0 (compatible; MJ12bot/v1.4.8; http://mj12bot.com/)"
65.108.41.34 - - [18/Aug/2022:03:55:24 +0200] "GET /candle-hours-blood-orange-heart-home-p-56290.html HTTP/1.0" 200 75693 "-" "Mozilla/5.0 (compatible; MJ12bot/v1.4.8; http://mj12bot.com/)"
185.191.171.45 - - [18/Aug/2022:03:55:25 +0200] "GET /tea-pot-c-12_175.html?page=5 HTTP/1.0" 200 94724 "-" "Mozilla/5.0 (compatible; SemrushBot/7~bl; +http://www.semrush.com/bot.html)"
