65.108.41.34 - - [18/Aug/2022:04:08:14 +0200] "GET /cotton-floor-cushion-beige-and-lin-45-cm-p-38997.html HTTP/1.0" 301 76284 "-" "Mozilla/5.0 (compatible; MJ12bot/v1.4.8; http://mj12bot.com/)"
95.91.74.136 - - [18/Aug/2022:04:08:16 +0200] "GET /ken-shirt-p-29637.html HTTP/1.0" 301 71559 "-" "Mozilla/5.0 (compatible; MJ12bot/v1.4.8; http://mj12bot.com/)"
65.108.41.34 - - [18/Aug/2022:04:08:17 +0200] "GET /cotton-floor-cushion-beige-p-38997.html HTTP/1.0" 200 76191 "-" "Mozilla/5.0 (compatible; MJ12bot/v1.4.8; http://mj12bot.com/)"
95.91.74.136 - - [18/Aug/2022:04:08:18 +0200] "GET /-p-29637.html HTTP/1.0" 200 71492 "-" "Mozilla/5.0 (compatible; MJ12bot/v1.4.8; http://mj12bot.com/)"
94.154.239.69 - - [18/Aug/2022:04:08:21 +0200] "GET /padded-headboard-p-49070.html HTTP/1.0" 200 71560 "-" "Mozilla/5.0 (compatible; MJ12bot/v1.4.8; http://mj12bot.com/)"
170.106.193.192 - - [18/Aug/2022:04:08:23 +0200] "GET /images/mini_prod/1399984289556.jpg HTTP/1.0" 200 269 "-" "Mozilla/5.0 (X11; Ubuntu; Linux x86_64; rv:72.0) Gecko/20100101 Firefox/72.0"
65.108.41.34 - - [18/Aug/2022:04:08:22 +0200] "GET /cotton-floor-cushion-beige-p-38997.html HTTP/1.0" 200 76191 "-" "Mozilla/5.0 (compatible; MJ12bot/v1.4.8; http://mj12bot.com/)"
95.91.74.136 - - [18/Aug/2022:04:08:22 +0200] "GET /khaki-wall-cap-one-size-p-14223.html HTTP/1.0" 301 71559 "-" "Mozilla/5.0 (compatible; MJ12bot/v1.4.8; http://mj12bot.com/)"
95.91.74.136 - - [18/Aug/2022:04:08:25 +0200] "GET /-p-14223.html HTTP/1.0" 200 71492 "-" "Mozilla/5.0 (compatible; MJ12bot/v1.4.8; http://mj12bot.com/)"
65.108.41.34 - - [18/Aug/2022:04:08:26 +0200] "GET /cotton-floor-cushion-blue-45-cm-p-52450.html HTTP/1.0" 301 75085 "-" "Mozilla/5.0 (compatible; MJ12bot/v1.4.8; http://mj12bot.com/)"
95.91.74.136 - - [18/Aug/2022:04:08:28 +0200] "GET /kids-school-bag-c-31_80.html?page=2 HTTP/1.0" 301 80561 "-" "Mozilla/5.0 (compatible; MJ12bot/v1.4.8; http://mj12bot.com/)"
94.154.239.69 - - [18/Aug/2022:04:08:28 +0200] "GET /padded-headboard-gray-p-49073.html HTTP/1.0" 200 74967 "-" "Mozilla/5.0 (compatible; MJ12bot/v1.4.8; http://mj12bot.com/)"
54.36.148.132 - - [18/Aug/2022:04:08:29 +0200] "GET /parot-training-bottle-cbkreation-p-43337.html HTTP/1.0" 200 74493 "-" "Mozilla/5.0 (compatible; AhrefsBot/7.0; +http://ahrefs.com/robot/)"
65.108.41.34 - - [18/Aug/2022:04:08:30 +0200] "GET /cotton-floor-cushion-blue-p-52450.html HTTP/1.0" 200 74993 "-" "Mozilla/5.0 (compatible; MJ12bot/v1.4.8; http://mj12bot.com/)"
95.91.74.136 - - [18/Aug/2022:04:08:31 +0200] "GET /kids-school-c-80.html?page=2 HTTP/1.0" 301 80406 "-" "Mozilla/5.0 (compatible; MJ12bot/v1.4.8; http://mj12bot.com/)"
65.108.41.34 - - [18/Aug/2022:04:08:34 +0200] "GET /cotton-floor-cushion-blue-p-52450.html HTTP/1.0" 200 74993 "-" "Mozilla/5.0 (compatible; MJ12bot/v1.4.8; http://mj12bot.com/)"
95.91.74.136 - - [18/Aug/2022:04:08:34 +0200] "GET /kids-school-c-31_80.html?page=2 HTTP/1.0" 200 80479 "-" "Mozilla/5.0 (compatible; MJ12bot/v1.4.8; http://mj12bot.com/)"
94.154.239.69 - - [18/Aug/2022:04:08:36 +0200] "GET /padded-headboard-p-49070.html HTTP/1.0" 200 71560 "-" "Mozilla/5.0 (compatible; MJ12bot/v1.4.8; http://mj12bot.com/)"
95.91.74.136 - - [18/Aug/2022:04:08:37 +0200] "GET /kids-school-c-31_80.html?page=2 HTTP/1.0" 200 80479 "-" "Mozilla/5.0 (compatible; MJ12bot/v1.4.8; http://mj12bot.com/)"
65.108.41.34 - - [18/Aug/2022:04:08:38 +0200] "GET /cotton-floor-cushion-green-and-lin-45-cm-p-39347.html HTTP/1.0" 301 71559 "-" "Mozilla/5.0 (compatible; MJ12bot/v1.4.8; http://mj12bot.com/)"
95.91.74.136 - - [18/Aug/2022:04:08:40 +0200] "GET /kids-school-c-80.html?page=2 HTTP/1.0" 301 80406 "-" "Mozilla/5.0 (compatible; MJ12bot/v1.4.8; http://mj12bot.com/)"
94.154.239.69 - - [18/Aug/2022:04:08:41 +0200] "GET /patinated-metal-headlight-clock-p-46212.html HTTP/1.0" 200 74232 "-" "Mozilla/5.0 (compatible; MJ12bot/v1.4.8; http://mj12bot.com/)"
213.139.193.30 - - [18/Aug/2022:04:08:41 +0200] "GET /contact_us.php HTTP/1.0" 200 26241 "-" "Mozilla/5.0 (X11; Ubuntu; Linux x86_64; rv:102.0) Gecko/20100101 Firefox/102.0"
65.108.41.34 - - [18/Aug/2022:04:08:41 +0200] "GET /-p-39347.html HTTP/1.0" 200 71492 "-" "Mozilla/5.0 (compatible; MJ12bot/v1.4.8; http://mj12bot.com/)"
95.91.74.136 - - [18/Aug/2022:04:08:43 +0200] "GET /kids-school-c-31_80.html?page=2 HTTP/1.0" 200 80479 "-" "Mozilla/5.0 (compatible; MJ12bot/v1.4.8; http://mj12bot.com/)"
65.108.41.34 - - [18/Aug/2022:04:08:45 +0200] "GET /cotton-floor-cushion-grey-45-cm-p-49385.html HTTP/1.0" 301 71559 "-" "Mozilla/5.0 (compatible; MJ12bot/v1.4.8; http://mj12bot.com/)"
95.91.74.136 - - [18/Aug/2022:04:08:46 +0200] "GET /kimmidoll-brush-p-42415.html HTTP/1.0" 200 74121 "-" "Mozilla/5.0 (compatible; MJ12bot/v1.4.8; http://mj12bot.com/)"
213.139.193.30 - - [18/Aug/2022:04:08:48 +0200] "GET /images/pixel_trans.gif HTTP/1.0" 200 328 "http://www.wonder-geek.com/contact_us.php?action=send" "Mozilla/5.0 (X11; Ubuntu; Linux x86_64; rv:102.0) Gecko/20100101 Firefox/102.0"
65.108.41.34 - - [18/Aug/2022:04:08:48 +0200] "GET /-p-49385.html HTTP/1.0" 200 71492 "-" "Mozilla/5.0 (compatible; MJ12bot/v1.4.8; http://mj12bot.com/)"
95.91.74.136 - - [18/Aug/2022:04:08:48 +0200] "GET /kimmidoll-brush-p-44813.html HTTP/1.0" 200 74121 "-" "Mozilla/5.0 (compatible; MJ12bot/v1.4.8; http://mj12bot.com/)"
94.154.239.69 - - [18/Aug/2022:04:08:51 +0200] "GET /peace-clock-by-cbkreation-p-24375.html HTTP/1.0" 301 74335 "-" "Mozilla/5.0 (compatible; MJ12bot/v1.4.8; http://mj12bot.com/)"
65.108.41.34 - - [18/Aug/2022:04:08:51 +0200] "GET /cotton-floor-cushion-julie-naturel-p-49386.html HTTP/1.0" 200 75088 "-" "Mozilla/5.0 (compatible; MJ12bot/v1.4.8; http://mj12bot.com/)"
95.91.74.136 - - [18/Aug/2022:04:08:51 +0200] "GET /kimmidoll-brush-p-44814.html HTTP/1.0" 200 74121 "-" "Mozilla/5.0 (compatible; MJ12bot/v1.4.8; http://mj12bot.com/)"
65.108.41.34 - - [18/Aug/2022:04:08:55 +0200] "GET /cotton-floor-cushion-p-38996.html HTTP/1.0" 200 74843 "-" "Mozilla/5.0 (compatible; MJ12bot/v1.4.8; http://mj12bot.com/)"
95.91.74.136 - - [18/Aug/2022:04:08:55 +0200] "GET /kimmidoll-brush-white-p-28673.html HTTP/1.0" 301 71559 "-" "Mozilla/5.0 (compatible; MJ12bot/v1.4.8; http://mj12bot.com/)"
94.154.239.69 - - [18/Aug/2022:04:08:55 +0200] "GET /peace-clock-cbkreation-p-24375.html HTTP/1.0" 200 74246 "-" "Mozilla/5.0 (compatible; MJ12bot/v1.4.8; http://mj12bot.com/)"
95.91.74.136 - - [18/Aug/2022:04:08:57 +0200] "GET /-p-28673.html HTTP/1.0" 200 71492 "-" "Mozilla/5.0 (compatible; MJ12bot/v1.4.8; http://mj12bot.com/)"
65.108.41.34 - - [18/Aug/2022:04:08:58 +0200] "GET /cotton-floor-cushion-p-52452.html HTTP/1.0" 301 71559 "-" "Mozilla/5.0 (compatible; MJ12bot/v1.4.8; http://mj12bot.com/)"
65.108.41.34 - - [18/Aug/2022:04:09:02 +0200] "GET /-p-52452.html HTTP/1.0" 200 71492 "-" "Mozilla/5.0 (compatible; MJ12bot/v1.4.8; http://mj12bot.com/)"
95.91.74.136 - - [18/Aug/2022:04:09:02 +0200] "GET /kimmidoll-collection-p-42421.html HTTP/1.0" 200 71595 "-" "Mozilla/5.0 (compatible; MJ12bot/v1.4.8; http://mj12bot.com/)"
94.154.239.69 - - [18/Aug/2022:04:09:03 +0200] "GET /peace-clock-cbkreation-p-24375.html HTTP/1.0" 200 74246 "-" "Mozilla/5.0 (compatible; MJ12bot/v1.4.8; http://mj12bot.com/)"
95.91.74.136 - - [18/Aug/2022:04:09:05 +0200] "GET /kimmidoll-collection-p-44063.html HTTP/1.0" 200 71595 "-" "Mozilla/5.0 (compatible; MJ12bot/v1.4.8; http://mj12bot.com/)"
65.108.41.34 - - [18/Aug/2022:04:09:06 +0200] "GET /cotton-floor-cushion-red-and-lin-45-cm-p-38996.html HTTP/1.0" 301 74930 "-" "Mozilla/5.0 (compatible; MJ12bot/v1.4.8; http://mj12bot.com/)"
95.91.74.136 - - [18/Aug/2022:04:09:08 +0200] "GET /kimmidoll-doll-hiro-p-49805.html HTTP/1.0" 200 71560 "-" "Mozilla/5.0 (compatible; MJ12bot/v1.4.8; http://mj12bot.com/)"
51.68.224.127 - - [18/Aug/2022:04:09:08 +0200] "GET /adminweb/export_orders_xml.php?token=256de2z6edz6ed2z6DFSFsed2zed6zeDSFDSGdzedezfzf&maxorders=10&orderstart=1&status=14&start_date=2018-10-01 HTTP/1.0" 200 285 "-" "GesCom CharlotteBoutik Serveur"
51.68.224.127 - - [18/Aug/2022:04:09:10 +0200] "GET /adminweb/export_orders_xml.php?token=256de2z6edz6ed2z6DFSFsed2zed6zeDSFDSGdzedezfzf&maxorders=10&orderstart=1&status=6&start_date=2018-10-01 HTTP/1.0" 200 33985 "-" "GesCom CharlotteBoutik Serveur"
65.108.41.34 - - [18/Aug/2022:04:09:10 +0200] "GET /cotton-floor-cushion-p-38996.html HTTP/1.0" 200 74843 "-" "Mozilla/5.0 (compatible; MJ12bot/v1.4.8; http://mj12bot.com/)"
94.154.239.69 - - [18/Aug/2022:04:09:11 +0200] "GET /pencil-with-horse-figurine-model-depending-availability-p-34811.html HTTP/1.0" 200 74593 "-" "Mozilla/5.0 (compatible; MJ12bot/v1.4.8; http://mj12bot.com/)"
95.91.74.136 - - [18/Aug/2022:04:09:11 +0200] "GET /kimmidoll-doll-mieko-p-49806.html HTTP/1.0" 200 71562 "-" "Mozilla/5.0 (compatible; MJ12bot/v1.4.8; http://mj12bot.com/)"
65.108.41.34 - - [18/Aug/2022:04:09:14 +0200] "GET /cotton-floor-cushion-red-isocele-45-cm-p-39143.html HTTP/1.0" 301 71559 "-" "Mozilla/5.0 (compatible; MJ12bot/v1.4.8; http://mj12bot.com/)"
95.91.74.136 - - [18/Aug/2022:04:09:14 +0200] "GET /kimmidoll-dolls-cm-p-46132.html HTTP/1.0" 301 71655 "-" "Mozilla/5.0 (compatible; MJ12bot/v1.4.8; http://mj12bot.com/)"
65.108.41.34 - - [18/Aug/2022:04:09:17 +0200] "GET /-p-39143.html HTTP/1.0" 200 71492 "-" "Mozilla/5.0 (compatible; MJ12bot/v1.4.8; http://mj12bot.com/)"
95.91.74.136 - - [18/Aug/2022:04:09:17 +0200] "GET /kimmidoll-dolls-p-46132.html HTTP/1.0" 200 71573 "-" "Mozilla/5.0 (compatible; MJ12bot/v1.4.8; http://mj12bot.com/)"
94.154.239.69 - - [18/Aug/2022:04:09:19 +0200] "GET /pencil-with-horse-figurine-model-depending-on-availability-p-34811.html HTTP/1.0" 301 74715 "-" "Mozilla/5.0 (compatible; MJ12bot/v1.4.8; http://mj12bot.com/)"
95.91.74.136 - - [18/Aug/2022:04:09:20 +0200] "GET /kimmidoll-dolls-p-42439.html HTTP/1.0" 200 71573 "-" "Mozilla/5.0 (compatible; MJ12bot/v1.4.8; http://mj12bot.com/)"
66.249.64.84 - - [18/Aug/2022:04:09:20 +0200] "GET /theme-lavander-tree-leaves-tisanire-p-51423.html HTTP/1.0" 200 74288 "-" "Mozilla/5.0 (Linux; Android 6.0.1; Nexus 5X Build/MMB29P) AppleWebKit/537.36 (KHTML, like Gecko) Chrome/104.0.5112.79 Mobile Safari/537.36 (compatible; Googlebot/2.1; +http://www.google.com/bot.html)"
185.191.171.44 - - [18/Aug/2022:04:09:22 +0200] "GET /allen-p-25809.html?action=add_product HTTP/1.0" 302 476 "-" "Mozilla/5.0 (compatible; SemrushBot/7~bl; +http://www.semrush.com/bot.html)"
65.108.41.34 - - [18/Aug/2022:04:09:20 +0200] "GET /cotton-kitchen-towel-guyane-p-49659.html HTTP/1.0" 200 75461 "-" "Mozilla/5.0 (compatible; MJ12bot/v1.4.8; http://mj12bot.com/)"
94.154.239.69 - - [18/Aug/2022:04:09:22 +0200] "GET /pencil-with-horse-figurine-model-depending-availability-p-34811.html HTTP/1.0" 200 74593 "-" "Mozilla/5.0 (compatible; MJ12bot/v1.4.8; http://mj12bot.com/)"
95.91.74.136 - - [18/Aug/2022:04:09:23 +0200] "GET /kimmidoll-dolls-p-46132.html HTTP/1.0" 200 71573 "-" "Mozilla/5.0 (compatible; MJ12bot/v1.4.8; http://mj12bot.com/)"
185.191.171.11 - - [18/Aug/2022:04:09:24 +0200] "GET /grey-metal-umbrella-stand-p-57539.html HTTP/1.0" 200 74796 "-" "Mozilla/5.0 (compatible; SemrushBot/7~bl; +http://www.semrush.com/bot.html)"
95.91.74.136 - - [18/Aug/2022:04:09:25 +0200] "GET /kimmidoll-glasses-case-p-46138.html HTTP/1.0" 301 71559 "-" "Mozilla/5.0 (compatible; MJ12bot/v1.4.8; http://mj12bot.com/)"
65.108.41.34 - - [18/Aug/2022:04:09:25 +0200] "GET /cotton-kitchen-towel-pastis-p-44199.html HTTP/1.0" 200 74153 "-" "Mozilla/5.0 (compatible; MJ12bot/v1.4.8; http://mj12bot.com/)"
66.249.64.83 - - [18/Aug/2022:04:09:26 +0200] "GET /vache-bowl-p-44844.html HTTP/1.0" 301 71559 "-" "Mozilla/5.0 (compatible; Googlebot/2.1; +http://www.google.com/bot.html)"
95.91.74.136 - - [18/Aug/2022:04:09:28 +0200] "GET /-p-46138.html HTTP/1.0" 200 71492 "-" "Mozilla/5.0 (compatible; MJ12bot/v1.4.8; http://mj12bot.com/)"
66.249.64.82 - - [18/Aug/2022:04:09:28 +0200] "GET /-p-44844.html HTTP/1.0" 200 71492 "-" "Mozilla/5.0 (compatible; Googlebot/2.1; +http://www.google.com/bot.html)"
65.108.41.34 - - [18/Aug/2022:04:09:29 +0200] "GET /cotton-tablecloth-angele-150-150-cm-p-39199.html HTTP/1.0" 301 71559 "-" "Mozilla/5.0 (compatible; MJ12bot/v1.4.8; http://mj12bot.com/)"
95.91.74.136 - - [18/Aug/2022:04:09:30 +0200] "GET /kimmidoll-glasses-case-p-46143.html HTTP/1.0" 301 71559 "-" "Mozilla/5.0 (compatible; MJ12bot/v1.4.8; http://mj12bot.com/)"
94.154.239.69 - - [18/Aug/2022:04:09:30 +0200] "GET /pet-rug-60-40-cm-pacha-p-49540.html HTTP/1.0" 301 74050 "-" "Mozilla/5.0 (compatible; MJ12bot/v1.4.8; http://mj12bot.com/)"
95.91.74.136 - - [18/Aug/2022:04:09:33 +0200] "GET /-p-46143.html HTTP/1.0" 200 71492 "-" "Mozilla/5.0 (compatible; MJ12bot/v1.4.8; http://mj12bot.com/)"
65.108.41.34 - - [18/Aug/2022:04:09:33 +0200] "GET /-p-39199.html HTTP/1.0" 200 71492 "-" "Mozilla/5.0 (compatible; MJ12bot/v1.4.8; http://mj12bot.com/)"
95.91.74.136 - - [18/Aug/2022:04:09:36 +0200] "GET /kimmidoll-keyring-izumi-p-42467.html HTTP/1.0" 200 71562 "-" "Mozilla/5.0 (compatible; MJ12bot/v1.4.8; http://mj12bot.com/)"
94.154.239.69 - - [18/Aug/2022:04:09:37 +0200] "GET /pacha-p-49540.html HTTP/1.0" 200 73978 "-" "Mozilla/5.0 (compatible; MJ12bot/v1.4.8; http://mj12bot.com/)"
65.108.41.34 - - [18/Aug/2022:04:09:37 +0200] "GET /cotton-tablecloth-angle-p-39199.html HTTP/1.0" 301 71559 "-" "Mozilla/5.0 (compatible; MJ12bot/v1.4.8; http://mj12bot.com/)"
95.91.74.136 - - [18/Aug/2022:04:09:38 +0200] "GET /kimmidoll-keyring-p-33940.html HTTP/1.0" 200 71568 "-" "Mozilla/5.0 (compatible; MJ12bot/v1.4.8; http://mj12bot.com/)"
65.108.41.34 - - [18/Aug/2022:04:09:40 +0200] "GET /-p-39199.html HTTP/1.0" 200 71492 "-" "Mozilla/5.0 (compatible; MJ12bot/v1.4.8; http://mj12bot.com/)"
95.91.74.136 - - [18/Aug/2022:04:09:41 +0200] "GET /kimmidoll-keyring-p-44092.html HTTP/1.0" 200 71568 "-" "Mozilla/5.0 (compatible; MJ12bot/v1.4.8; http://mj12bot.com/)"
94.154.239.69 - - [18/Aug/2022:04:09:43 +0200] "GET /pet-rug-60-80-cm-je-suis-au-poil-p-49542.html HTTP/1.0" 301 74090 "-" "Mozilla/5.0 (compatible; MJ12bot/v1.4.8; http://mj12bot.com/)"
65.108.41.34 - - [18/Aug/2022:04:09:43 +0200] "GET /cow-umbrella-p-28779.html HTTP/1.0" 301 71559 "-" "Mozilla/5.0 (compatible; MJ12bot/v1.4.8; http://mj12bot.com/)"
95.91.74.136 - - [18/Aug/2022:04:09:45 +0200] "GET /kimmidoll-keyring-p-44093.html HTTP/1.0" 200 71550 "-" "Mozilla/5.0 (compatible; MJ12bot/v1.4.8; http://mj12bot.com/)"
65.108.41.34 - - [18/Aug/2022:04:09:48 +0200] "GET /-p-28779.html HTTP/1.0" 200 71492 "-" "Mozilla/5.0 (compatible; MJ12bot/v1.4.8; http://mj12bot.com/)"
94.154.239.69 - - [18/Aug/2022:04:09:47 +0200] "GET /suis-poil-p-49542.html HTTP/1.0" 200 74014 "-" "Mozilla/5.0 (compatible; MJ12bot/v1.4.8; http://mj12bot.com/)"
213.139.193.30 - - [18/Aug/2022:04:09:49 +0200] "GET /images/pixel_trans.gif HTTP/1.0" 200 328 "http://www.wonder-geek.com/contact_us.php?action=send" "Mozilla/5.0 (X11; Ubuntu; Linux x86_64; rv:102.0) Gecko/20100101 Firefox/102.0"
66.249.64.82 - - [18/Aug/2022:04:09:51 +0200] "GET /egg-cup-p-40824.html HTTP/1.0" 200 73972 "-" "Mozilla/5.0 (compatible; Googlebot/2.1; +http://www.google.com/bot.html)"
65.108.41.34 - - [18/Aug/2022:04:09:52 +0200] "GET /crystal-salt-lamp-p-46307.html HTTP/1.0" 200 75763 "-" "Mozilla/5.0 (compatible; MJ12bot/v1.4.8; http://mj12bot.com/)"
54.36.148.54 - - [18/Aug/2022:04:09:53 +0200] "GET /fitted-sheet-color-white-p-38887.html HTTP/1.0" 200 74255 "-" "Mozilla/5.0 (compatible; AhrefsBot/7.0; +http://ahrefs.com/robot/)"
65.108.41.34 - - [18/Aug/2022:04:09:55 +0200] "GET /crystal-salt-lamp-p-46309.html HTTP/1.0" 200 71550 "-" "Mozilla/5.0 (compatible; MJ12bot/v1.4.8; http://mj12bot.com/)"
94.154.239.69 - - [18/Aug/2022:04:09:56 +0200] "GET /petit-prince-exupry-collection-p-52454.html HTTP/1.0" 200 71630 "-" "Mozilla/5.0 (compatible; MJ12bot/v1.4.8; http://mj12bot.com/)"
65.108.41.34 - - [18/Aug/2022:04:09:59 +0200] "GET /cuba-cork-coaster-p-40269.html HTTP/1.0" 200 71568 "-" "Mozilla/5.0 (compatible; MJ12bot/v1.4.8; http://mj12bot.com/)"
65.108.41.34 - - [18/Aug/2022:04:10:02 +0200] "GET /cuba-rectangulary-cushion-by-cbkreation-p-29811.html HTTP/1.0" 301 71559 "-" "Mozilla/5.0 (compatible; MJ12bot/v1.4.8; http://mj12bot.com/)"
94.154.239.69 - - [18/Aug/2022:04:10:04 +0200] "GET /petit-prince-exupry-collection-p-53384.html HTTP/1.0" 200 74301 "-" "Mozilla/5.0 (compatible; MJ12bot/v1.4.8; http://mj12bot.com/)"
65.108.41.34 - - [18/Aug/2022:04:10:07 +0200] "GET /-p-29811.html HTTP/1.0" 200 71492 "-" "Mozilla/5.0 (compatible; MJ12bot/v1.4.8; http://mj12bot.com/)"
65.108.41.34 - - [18/Aug/2022:04:10:10 +0200] "GET /cuba-rectangulary-cushion-cbkreation-p-29811.html HTTP/1.0" 301 71559 "-" "Mozilla/5.0 (compatible; MJ12bot/v1.4.8; http://mj12bot.com/)"
94.154.239.69 - - [18/Aug/2022:04:10:12 +0200] "GET /petit-prince-exupry-sets-cups-p-44600.html HTTP/1.0" 200 71636 "-" "Mozilla/5.0 (compatible; MJ12bot/v1.4.8; http://mj12bot.com/)"
65.108.41.34 - - [18/Aug/2022:04:10:14 +0200] "GET /-p-29811.html HTTP/1.0" 200 71492 "-" "Mozilla/5.0 (compatible; MJ12bot/v1.4.8; http://mj12bot.com/)"
185.191.171.24 - - [18/Aug/2022:04:10:18 +0200] "GET /large-statue-venus-p-56075.html?action=add_product HTTP/1.0" 302 476 "-" "Mozilla/5.0 (compatible; SemrushBot/7~bl; +http://www.semrush.com/bot.html)"
65.108.41.34 - - [18/Aug/2022:04:10:18 +0200] "GET /cupcakes-cushion-by-cbkreation-p-17366.html HTTP/1.0" 301 71559 "-" "Mozilla/5.0 (compatible; MJ12bot/v1.4.8; http://mj12bot.com/)"
94.154.239.69 - - [18/Aug/2022:04:10:18 +0200] "GET /piece-bathroom-p-52497.html HTTP/1.0" 200 71550 "-" "Mozilla/5.0 (compatible; MJ12bot/v1.4.8; http://mj12bot.com/)"
65.108.41.34 - - [18/Aug/2022:04:10:21 +0200] "GET /-p-17366.html HTTP/1.0" 200 71492 "-" "Mozilla/5.0 (compatible; MJ12bot/v1.4.8; http://mj12bot.com/)"
65.108.41.34 - - [18/Aug/2022:04:10:25 +0200] "GET /cupcakes-miam-miam-rectangulary-cushion-by-cbkreation-p-17372.html HTTP/1.0" 301 71559 "-" "Mozilla/5.0 (compatible; MJ12bot/v1.4.8; http://mj12bot.com/)"
94.154.239.69 - - [18/Aug/2022:04:10:26 +0200] "GET /piece-bathroom-set-p-52497.html HTTP/1.0" 301 71631 "-" "Mozilla/5.0 (compatible; MJ12bot/v1.4.8; http://mj12bot.com/)"
65.108.41.34 - - [18/Aug/2022:04:10:29 +0200] "GET /-p-17372.html HTTP/1.0" 200 71492 "-" "Mozilla/5.0 (compatible; MJ12bot/v1.4.8; http://mj12bot.com/)"
65.108.41.34 - - [18/Aug/2022:04:10:33 +0200] "GET /cupcakes-rectangulary-cushion-by-cbkreation-p-17365.html HTTP/1.0" 301 71559 "-" "Mozilla/5.0 (compatible; MJ12bot/v1.4.8; http://mj12bot.com/)"
94.154.239.69 - - [18/Aug/2022:04:10:33 +0200] "GET /piece-bathroom-p-52497.html HTTP/1.0" 200 71550 "-" "Mozilla/5.0 (compatible; MJ12bot/v1.4.8; http://mj12bot.com/)"
65.108.41.34 - - [18/Aug/2022:04:10:36 +0200] "GET /-p-17365.html HTTP/1.0" 200 71492 "-" "Mozilla/5.0 (compatible; MJ12bot/v1.4.8; http://mj12bot.com/)"
65.108.41.34 - - [18/Aug/2022:04:10:39 +0200] "GET /cushion-carlin-cbkreation-p-20737.html HTTP/1.0" 301 71559 "-" "Mozilla/5.0 (compatible; MJ12bot/v1.4.8; http://mj12bot.com/)"
94.154.239.69 - - [18/Aug/2022:04:10:41 +0200] "GET /pineapple-iridescent-decoration-26-cm-p-44697.html HTTP/1.0" 301 71559 "-" "Mozilla/5.0 (compatible; MJ12bot/v1.4.8; http://mj12bot.com/)"
65.108.41.34 - - [18/Aug/2022:04:10:43 +0200] "GET /-p-20737.html HTTP/1.0" 200 71492 "-" "Mozilla/5.0 (compatible; MJ12bot/v1.4.8; http://mj12bot.com/)"
94.154.239.69 - - [18/Aug/2022:04:10:46 +0200] "GET /-p-44697.html HTTP/1.0" 200 71492 "-" "Mozilla/5.0 (compatible; MJ12bot/v1.4.8; http://mj12bot.com/)"
65.108.41.34 - - [18/Aug/2022:04:10:47 +0200] "GET /cushion-chambord-40-cm-p-39142.html HTTP/1.0" 301 71559 "-" "Mozilla/5.0 (compatible; MJ12bot/v1.4.8; http://mj12bot.com/)"
185.191.171.8 - - [18/Aug/2022:04:10:48 +0200] "GET /brown-ceramic-lamp-leaf-pattern-p-55249.html HTTP/1.0" 200 75142 "-" "Mozilla/5.0 (compatible; SemrushBot/7~bl; +http://www.semrush.com/bot.html)"
65.108.41.34 - - [18/Aug/2022:04:10:51 +0200] "GET /-p-39142.html HTTP/1.0" 200 71492 "-" "Mozilla/5.0 (compatible; MJ12bot/v1.4.8; http://mj12bot.com/)"
65.108.41.34 - - [18/Aug/2022:04:10:55 +0200] "GET /cushion-chambord-50-30-cm-p-39161.html HTTP/1.0" 301 71559 "-" "Mozilla/5.0 (compatible; MJ12bot/v1.4.8; http://mj12bot.com/)"
94.154.239.69 - - [18/Aug/2022:04:10:55 +0200] "GET /pineapple-iridescent-decoration-p-44697.html HTTP/1.0" 301 71559 "-" "Mozilla/5.0 (compatible; MJ12bot/v1.4.8; http://mj12bot.com/)"
65.108.41.34 - - [18/Aug/2022:04:10:57 +0200] "GET /-p-39161.html HTTP/1.0" 200 71492 "-" "Mozilla/5.0 (compatible; MJ12bot/v1.4.8; http://mj12bot.com/)"
94.154.239.69 - - [18/Aug/2022:04:11:00 +0200] "GET /-p-44697.html HTTP/1.0" 200 71492 "-" "Mozilla/5.0 (compatible; MJ12bot/v1.4.8; http://mj12bot.com/)"
65.108.41.34 - - [18/Aug/2022:04:11:00 +0200] "GET /cushion-cherry-pits-p-53801.html HTTP/1.0" 200 74229 "-" "Mozilla/5.0 (compatible; MJ12bot/v1.4.8; http://mj12bot.com/)"
65.108.41.34 - - [18/Aug/2022:04:11:04 +0200] "GET /cushion-cover-black-jacquie-and-michel-60-cm-p-39085.html HTTP/1.0" 301 71559 "-" "Mozilla/5.0 (compatible; MJ12bot/v1.4.8; http://mj12bot.com/)"
54.36.148.65 - - [18/Aug/2022:04:11:06 +0200] "GET /vintage-velocity-embossed-metal-plaque-p-56756.html HTTP/1.0" 200 74890 "-" "Mozilla/5.0 (compatible; AhrefsBot/7.0; +http://ahrefs.com/robot/)"
65.108.41.34 - - [18/Aug/2022:04:11:07 +0200] "GET /-p-39085.html HTTP/1.0" 200 71492 "-" "Mozilla/5.0 (compatible; MJ12bot/v1.4.8; http://mj12bot.com/)"
54.36.148.214 - - [18/Aug/2022:04:11:08 +0200] "GET /images/big_prod/8433933244388.jpg HTTP/1.0" 200 268 "-" "Mozilla/5.0 (compatible; AhrefsBot/7.0; +http://ahrefs.com/robot/)"
54.36.148.87 - - [18/Aug/2022:04:11:08 +0200] "GET /images/big_prod_1/8433933244388B.jpg HTTP/1.0" 200 271 "-" "Mozilla/5.0 (compatible; AhrefsBot/7.0; +http://ahrefs.com/robot/)"
94.154.239.69 - - [18/Aug/2022:04:11:08 +0200] "GET /pineapple-lamp-golden-resin-p-48254.html HTTP/1.0" 301 71559 "-" "Mozilla/5.0 (compatible; MJ12bot/v1.4.8; http://mj12bot.com/)"
65.108.41.34 - - [18/Aug/2022:04:11:10 +0200] "GET /cushion-manoir-40-cm-p-39040.html HTTP/1.0" 301 71559 "-" "Mozilla/5.0 (compatible; MJ12bot/v1.4.8; http://mj12bot.com/)"
66.249.64.84 - - [18/Aug/2022:04:11:13 +0200] "GET /keel-toys-plush-heart-bear-p-54160.html HTTP/1.0" 200 74309 "-" "Mozilla/5.0 (Linux; Android 6.0.1; Nexus 5X Build/MMB29P) AppleWebKit/537.36 (KHTML, like Gecko) Chrome/104.0.5112.79 Mobile Safari/537.36 (compatible; Googlebot/2.1; +http://www.google.com/bot.html)"
65.108.41.34 - - [18/Aug/2022:04:11:13 +0200] "GET /-p-39040.html HTTP/1.0" 200 71492 "-" "Mozilla/5.0 (compatible; MJ12bot/v1.4.8; http://mj12bot.com/)"
66.249.64.82 - - [18/Aug/2022:04:11:14 +0200] "GET /volkswagen-wooden-wall-decoration-hang-p-46111.html HTTP/1.0" 200 71648 "-" "Mozilla/5.0 (compatible; Googlebot/2.1; +http://www.google.com/bot.html)"
94.154.239.69 - - [18/Aug/2022:04:11:17 +0200] "GET /-p-48254.html HTTP/1.0" 200 71492 "-" "Mozilla/5.0 (compatible; MJ12bot/v1.4.8; http://mj12bot.com/)"
65.108.41.34 - - [18/Aug/2022:04:11:17 +0200] "GET /cushion-p-31871.html HTTP/1.0" 301 71559 "-" "Mozilla/5.0 (compatible; MJ12bot/v1.4.8; http://mj12bot.com/)"
94.154.239.69 - - [18/Aug/2022:04:11:21 +0200] "GET /pineapple-lamp-in-golden-resin-p-48254.html HTTP/1.0" 301 71559 "-" "Mozilla/5.0 (compatible; MJ12bot/v1.4.8; http://mj12bot.com/)"
65.108.41.34 - - [18/Aug/2022:04:11:22 +0200] "GET /-p-31871.html HTTP/1.0" 200 71492 "-" "Mozilla/5.0 (compatible; MJ12bot/v1.4.8; http://mj12bot.com/)"
65.108.41.34 - - [18/Aug/2022:04:11:26 +0200] "GET /cushion-uk-carlin-by-cbkreation-p-20737.html HTTP/1.0" 301 71559 "-" "Mozilla/5.0 (compatible; MJ12bot/v1.4.8; http://mj12bot.com/)"
94.154.239.69 - - [18/Aug/2022:04:11:28 +0200] "GET /-p-48254.html HTTP/1.0" 200 71492 "-" "Mozilla/5.0 (compatible; MJ12bot/v1.4.8; http://mj12bot.com/)"
65.108.41.34 - - [18/Aug/2022:04:11:29 +0200] "GET /-p-20737.html HTTP/1.0" 200 71492 "-" "Mozilla/5.0 (compatible; MJ12bot/v1.4.8; http://mj12bot.com/)"
40.117.142.122 - - [18/Aug/2022:04:11:31 +0200] "GET /bowls-c-12_255.html HTTP/1.0" 200 79371 "-" "Mozilla/5.0 (Windows NT 10.0; Win64; x64) AppleWebKit/537.36 (KHTML, like Gecko) Chrome/86.0.4240.75 Safari/537.36"
40.117.142.122 - - [18/Aug/2022:04:11:31 +0200] "GET /soap-c-13_150_171.html HTTP/1.0" 200 91558 "-" "Mozilla/5.0 (Windows NT 10.0; Win64; x64) AppleWebKit/537.36 (KHTML, like Gecko) Chrome/86.0.4240.75 Safari/537.36"
65.108.41.34 - - [18/Aug/2022:04:11:32 +0200] "GET /cutting-board-marine-p-48334.html HTTP/1.0" 200 74095 "-" "Mozilla/5.0 (compatible; MJ12bot/v1.4.8; http://mj12bot.com/)"
65.108.41.34 - - [18/Aug/2022:04:11:36 +0200] "GET /cv-renault-clock-p-23286.html HTTP/1.0" 301 71559 "-" "Mozilla/5.0 (compatible; MJ12bot/v1.4.8; http://mj12bot.com/)"
94.154.239.69 - - [18/Aug/2022:04:11:37 +0200] "GET /pink-flamingo-led-ornament-p-41144.html HTTP/1.0" 301 74275 "-" "Mozilla/5.0 (compatible; MJ12bot/v1.4.8; http://mj12bot.com/)"
65.108.41.34 - - [18/Aug/2022:04:11:39 +0200] "GET /-p-23286.html HTTP/1.0" 200 71492 "-" "Mozilla/5.0 (compatible; MJ12bot/v1.4.8; http://mj12bot.com/)"
52.186.138.229 - - [18/Aug/2022:04:11:38 +0200] "GET /storage-cups-c-12_159_264.html HTTP/1.0" 200 91667 "-" "Mozilla/5.0 (Windows NT 10.0; Win64; x64) AppleWebKit/537.36 (KHTML, like Gecko) Chrome/86.0.4240.75 Safari/537.36"
20.124.241.89 - - [18/Aug/2022:04:11:41 +0200] "GET /fragrance-case-cabinet-diffuser-c-231_228.html HTTP/1.0" 200 91320 "-" "Mozilla/5.0 (Windows NT 10.0; Win64; x64) AppleWebKit/537.36 (KHTML, like Gecko) Chrome/86.0.4240.75 Safari/537.36"
40.117.140.157 - - [18/Aug/2022:04:11:40 +0200] "GET /good-point-c-13_150_151.html HTTP/1.0" 200 80646 "-" "Mozilla/5.0 (Windows NT 10.0; Win64; x64) AppleWebKit/537.36 (KHTML, like Gecko) Chrome/86.0.4240.75 Safari/537.36"
20.124.241.89 - - [18/Aug/2022:04:11:41 +0200] "GET /cardboard-boxes-storage-c-13_150_216.html HTTP/1.0" 200 78932 "-" "Mozilla/5.0 (Windows NT 10.0; Win64; x64) AppleWebKit/537.36 (KHTML, like Gecko) Chrome/86.0.4240.75 Safari/537.36"
65.108.41.34 - - [18/Aug/2022:04:11:43 +0200] "GET /cx-collection-large-metal-plate-deco-p-34131.html HTTP/1.0" 301 74950 "-" "Mozilla/5.0 (compatible; MJ12bot/v1.4.8; http://mj12bot.com/)"
94.154.239.69 - - [18/Aug/2022:04:11:44 +0200] "GET /pink-flamingo-ornament-p-41144.html HTTP/1.0" 200 74186 "-" "Mozilla/5.0 (compatible; MJ12bot/v1.4.8; http://mj12bot.com/)"
40.117.140.157 - - [18/Aug/2022:04:11:43 +0200] "GET /holders-c-13_150_201.html HTTP/1.0" 200 90009 "-" "Mozilla/5.0 (Windows NT 10.0; Win64; x64) AppleWebKit/537.36 (KHTML, like Gecko) Chrome/86.0.4240.75 Safari/537.36"
52.186.138.229 - - [18/Aug/2022:04:11:43 +0200] "GET /tealight-holders-candle-holders-c-231_230.html HTTP/1.0" 200 93217 "-" "Mozilla/5.0 (Windows NT 10.0; Win64; x64) AppleWebKit/537.36 (KHTML, like Gecko) Chrome/86.0.4240.75 Safari/537.36"
65.108.41.34 - - [18/Aug/2022:04:11:46 +0200] "GET /collection-large-metal-plate-deco-p-34131.html HTTP/1.0" 200 74850 "-" "Mozilla/5.0 (compatible; MJ12bot/v1.4.8; http://mj12bot.com/)"
20.124.241.89 - - [18/Aug/2022:04:11:46 +0200] "GET /plastic-boxes-storage-c-13_150_217.html HTTP/1.0" 200 77242 "-" "Mozilla/5.0 (Windows NT 10.0; Win64; x64) AppleWebKit/537.36 (KHTML, like Gecko) Chrome/86.0.4240.75 Safari/537.36"
65.108.41.34 - - [18/Aug/2022:04:11:50 +0200] "GET /dachshund-metal-coat-rack-52-cm-p-45944.html HTTP/1.0" 301 74973 "-" "Mozilla/5.0 (compatible; MJ12bot/v1.4.8; http://mj12bot.com/)"
40.117.140.157 - - [18/Aug/2022:04:11:51 +0200] "GET /boxes-textile-storage-c-13_150_215.html HTTP/1.0" 200 79330 "-" "Mozilla/5.0 (Windows NT 10.0; Win64; x64) AppleWebKit/537.36 (KHTML, like Gecko) Chrome/86.0.4240.75 Safari/537.36"
94.154.239.69 - - [18/Aug/2022:04:11:53 +0200] "GET /pink-flamingo-ornament-p-41144.html HTTP/1.0" 200 74186 "-" "Mozilla/5.0 (compatible; MJ12bot/v1.4.8; http://mj12bot.com/)"
65.108.41.34 - - [18/Aug/2022:04:11:53 +0200] "GET /dachshund-metal-coat-rack-p-45944.html HTTP/1.0" 200 74881 "-" "Mozilla/5.0 (compatible; MJ12bot/v1.4.8; http://mj12bot.com/)"
20.124.241.89 - - [18/Aug/2022:04:11:54 +0200] "GET /cellar-slicer-sausage-c-12_252.html HTTP/1.0" 200 82869 "-" "Mozilla/5.0 (Windows NT 10.0; Win64; x64) AppleWebKit/537.36 (KHTML, like Gecko) Chrome/86.0.4240.75 Safari/537.36"
52.186.138.229 - - [18/Aug/2022:04:11:54 +0200] "GET /cups-c-12_248.html HTTP/1.0" 200 86643 "-" "Mozilla/5.0 (Windows NT 10.0; Win64; x64) AppleWebKit/537.36 (KHTML, like Gecko) Chrome/86.0.4240.75 Safari/537.36"
216.165.12.8 - - [18/Aug/2022:04:11:57 +0200] "GET /images/mini_prod/5051276225647.jpg HTTP/1.0" 200 269 "-" "Mozilla/5.0 (X11; Ubuntu; Linux x86_64; rv:72.0) Gecko/20100101 Firefox/72.0"
94.154.239.69 - - [18/Aug/2022:04:11:57 +0200] "GET /pink-flamingo-white-women-shirt-p-34203.html HTTP/1.0" 200 76434 "-" "Mozilla/5.0 (compatible; MJ12bot/v1.4.8; http://mj12bot.com/)"
65.108.41.34 - - [18/Aug/2022:04:11:58 +0200] "GET /dachshund-metal-coat-rack-p-45944.html HTTP/1.0" 200 74881 "-" "Mozilla/5.0 (compatible; MJ12bot/v1.4.8; http://mj12bot.com/)"
52.186.138.229 - - [18/Aug/2022:04:11:58 +0200] "GET /partys-decoration-c-12_51.html HTTP/1.0" 200 70463 "-" "Mozilla/5.0 (Windows NT 10.0; Win64; x64) AppleWebKit/537.36 (KHTML, like Gecko) Chrome/86.0.4240.75 Safari/537.36"
20.124.241.89 - - [18/Aug/2022:04:11:59 +0200] "GET /corkscrew-bottle-opener-sommelier-c-12_213.html HTTP/1.0" 200 91545 "-" "Mozilla/5.0 (Windows NT 10.0; Win64; x64) AppleWebKit/537.36 (KHTML, like Gecko) Chrome/86.0.4240.75 Safari/537.36"
20.124.241.89 - - [18/Aug/2022:04:11:59 +0200] "GET /dishes-dishes-c-12_251.html HTTP/1.0" 200 90624 "-" "Mozilla/5.0 (Windows NT 10.0; Win64; x64) AppleWebKit/537.36 (KHTML, like Gecko) Chrome/86.0.4240.75 Safari/537.36"
65.108.41.34 - - [18/Aug/2022:04:12:01 +0200] "GET /daisy-duck-cup-cake-figure-p-15674.html HTTP/1.0" 301 71559 "-" "Mozilla/5.0 (compatible; MJ12bot/v1.4.8; http://mj12bot.com/)"
40.117.140.157 - - [18/Aug/2022:04:11:59 +0200] "GET /cake-molds-cube-molds-c-12_246.html HTTP/1.0" 200 87035 "-" "Mozilla/5.0 (Windows NT 10.0; Win64; x64) AppleWebKit/537.36 (KHTML, like Gecko) Chrome/86.0.4240.75 Safari/537.36"
20.124.241.89 - - [18/Aug/2022:04:11:59 +0200] "GET /frames-flags-decorative-paintings-c-13_148.html HTTP/1.0" 200 96282 "-" "Mozilla/5.0 (Windows NT 10.0; Win64; x64) AppleWebKit/537.36 (KHTML, like Gecko) Chrome/86.0.4240.75 Safari/537.36"
94.154.239.69 - - [18/Aug/2022:04:12:03 +0200] "GET /pink-flamingo-white-women-tee-shirt-p-34203.html HTTP/1.0" 301 76532 "-" "Mozilla/5.0 (compatible; MJ12bot/v1.4.8; http://mj12bot.com/)"
65.108.41.34 - - [18/Aug/2022:04:12:04 +0200] "GET /-p-15674.html HTTP/1.0" 200 71492 "-" "Mozilla/5.0 (compatible; MJ12bot/v1.4.8; http://mj12bot.com/)"
40.117.140.157 - - [18/Aug/2022:04:12:03 +0200] "GET /perfumes-interior-c-231_234.html HTTP/1.0" 200 92913 "-" "Mozilla/5.0 (Windows NT 10.0; Win64; x64) AppleWebKit/537.36 (KHTML, like Gecko) Chrome/86.0.4240.75 Safari/537.36"
65.108.41.34 - - [18/Aug/2022:04:12:08 +0200] "GET /dangerous-cushion-by-cbkreation-p-17523.html HTTP/1.0" 301 71559 "-" "Mozilla/5.0 (compatible; MJ12bot/v1.4.8; http://mj12bot.com/)"
94.154.239.69 - - [18/Aug/2022:04:12:09 +0200] "GET /pink-flamingo-white-women-shirt-p-34203.html HTTP/1.0" 200 76434 "-" "Mozilla/5.0 (compatible; MJ12bot/v1.4.8; http://mj12bot.com/)"
40.117.140.157 - - [18/Aug/2022:04:12:09 +0200] "GET /mini-trays-c-12_159_260.html HTTP/1.0" 200 93999 "-" "Mozilla/5.0 (Windows NT 10.0; Win64; x64) AppleWebKit/537.36 (KHTML, like Gecko) Chrome/86.0.4240.75 Safari/537.36"
65.108.41.34 - - [18/Aug/2022:04:12:11 +0200] "GET /-p-17523.html HTTP/1.0" 200 71492 "-" "Mozilla/5.0 (compatible; MJ12bot/v1.4.8; http://mj12bot.com/)"
40.117.140.157 - - [18/Aug/2022:04:12:11 +0200] "GET /water-bottles-heaters-c-13_288.html HTTP/1.0" 200 91718 "-" "Mozilla/5.0 (Windows NT 10.0; Win64; x64) AppleWebKit/537.36 (KHTML, like Gecko) Chrome/86.0.4240.75 Safari/537.36"
40.117.140.157 - - [18/Aug/2022:04:12:13 +0200] "GET /childrens-beds-c-13_210.html HTTP/1.0" 200 77071 "-" "Mozilla/5.0 (Windows NT 10.0; Win64; x64) AppleWebKit/537.36 (KHTML, like Gecko) Chrome/86.0.4240.75 Safari/537.36"
65.108.41.34 - - [18/Aug/2022:04:12:15 +0200] "GET /dangerous-rectangulary-cushion-by-cbkreation-p-17538.html HTTP/1.0" 301 71559 "-" "Mozilla/5.0 (compatible; MJ12bot/v1.4.8; http://mj12bot.com/)"
94.154.239.69 - - [18/Aug/2022:04:12:16 +0200] "GET /placemat-little-prince-p-56246.html HTTP/1.0" 200 74140 "-" "Mozilla/5.0 (compatible; MJ12bot/v1.4.8; http://mj12bot.com/)"
185.191.171.8 - - [18/Aug/2022:04:12:17 +0200] "GET /mani-the-lucky-cat-mug-p-46153.html HTTP/1.0" 301 71646 "-" "Mozilla/5.0 (compatible; SemrushBot/7~bl; +http://www.semrush.com/bot.html)"
65.108.41.34 - - [18/Aug/2022:04:12:18 +0200] "GET /-p-17538.html HTTP/1.0" 200 71492 "-" "Mozilla/5.0 (compatible; MJ12bot/v1.4.8; http://mj12bot.com/)"
185.191.171.23 - - [18/Aug/2022:04:12:20 +0200] "GET /mani-lucky-p-46153.html HTTP/1.0" 200 71569 "-" "Mozilla/5.0 (compatible; SemrushBot/7~bl; +http://www.semrush.com/bot.html)"
65.108.41.34 - - [18/Aug/2022:04:12:21 +0200] "GET /dark-grey-fitted-sheet-90-190-cm-p-39059.html HTTP/1.0" 301 71559 "-" "Mozilla/5.0 (compatible; MJ12bot/v1.4.8; http://mj12bot.com/)"
94.154.239.69 - - [18/Aug/2022:04:12:22 +0200] "GET /placemat-little-prince-p-56247.html HTTP/1.0" 200 74141 "-" "Mozilla/5.0 (compatible; MJ12bot/v1.4.8; http://mj12bot.com/)"
52.186.138.229 - - [18/Aug/2022:04:12:23 +0200] "GET /round-trays-c-12_159_263.html HTTP/1.0" 200 91790 "-" "Mozilla/5.0 (Windows NT 10.0; Win64; x64) AppleWebKit/537.36 (KHTML, like Gecko) Chrome/86.0.4240.75 Safari/537.36"
65.108.41.34 - - [18/Aug/2022:04:12:24 +0200] "GET /-p-39059.html HTTP/1.0" 200 71492 "-" "Mozilla/5.0 (compatible; MJ12bot/v1.4.8; http://mj12bot.com/)"
94.154.239.69 - - [18/Aug/2022:04:12:27 +0200] "GET /placemat-little-prince-p-56248.html HTTP/1.0" 200 74140 "-" "Mozilla/5.0 (compatible; MJ12bot/v1.4.8; http://mj12bot.com/)"
54.36.148.193 - - [18/Aug/2022:04:12:27 +0200] "GET /candle-hours-cotton-soft-p-33024.html HTTP/1.0" 200 75402 "-" "Mozilla/5.0 (compatible; AhrefsBot/7.0; +http://ahrefs.com/robot/)"
65.108.41.34 - - [18/Aug/2022:04:12:27 +0200] "GET /dastardly-and-muttley-fast-food-shirt-p-29622.html HTTP/1.0" 301 71559 "-" "Mozilla/5.0 (compatible; MJ12bot/v1.4.8; http://mj12bot.com/)"
65.108.41.34 - - [18/Aug/2022:04:12:32 +0200] "GET /-p-29622.html HTTP/1.0" 200 71492 "-" "Mozilla/5.0 (compatible; MJ12bot/v1.4.8; http://mj12bot.com/)"
94.154.239.69 - - [18/Aug/2022:04:12:35 +0200] "GET /placemat-little-prince-p-56251.html HTTP/1.0" 200 74141 "-" "Mozilla/5.0 (compatible; MJ12bot/v1.4.8; http://mj12bot.com/)"
52.186.138.229 - - [18/Aug/2022:04:12:35 +0200] "GET /esotericism-lithotherapy-c-174.html HTTP/1.0" 200 91330 "-" "Mozilla/5.0 (Windows NT 10.0; Win64; x64) AppleWebKit/537.36 (KHTML, like Gecko) Chrome/86.0.4240.75 Safari/537.36"
65.108.41.34 - - [18/Aug/2022:04:12:37 +0200] "GET /dastardly-muttley-fast-food-shirt-p-29622.html HTTP/1.0" 301 71559 "-" "Mozilla/5.0 (compatible; MJ12bot/v1.4.8; http://mj12bot.com/)"
94.154.239.69 - - [18/Aug/2022:04:12:40 +0200] "GET /placemat-little-prince-p-56254.html HTTP/1.0" 200 74128 "-" "Mozilla/5.0 (compatible; MJ12bot/v1.4.8; http://mj12bot.com/)"
65.108.41.34 - - [18/Aug/2022:04:12:41 +0200] "GET /-p-29622.html HTTP/1.0" 200 71492 "-" "Mozilla/5.0 (compatible; MJ12bot/v1.4.8; http://mj12bot.com/)"
65.108.41.34 - - [18/Aug/2022:04:12:44 +0200] "GET /dc-comics-green-lantern-cushion-p-16249.html HTTP/1.0" 301 71559 "-" "Mozilla/5.0 (compatible; MJ12bot/v1.4.8; http://mj12bot.com/)"
20.124.241.89 - - [18/Aug/2022:04:12:46 +0200] "GET /dishes-c-12.html HTTP/1.0" 200 92329 "-" "Mozilla/5.0 (Windows NT 10.0; Win64; x64) AppleWebKit/537.36 (KHTML, like Gecko) Chrome/86.0.4240.75 Safari/537.36"
65.108.41.34 - - [18/Aug/2022:04:12:48 +0200] "GET /-p-16249.html HTTP/1.0" 200 71492 "-" "Mozilla/5.0 (compatible; MJ12bot/v1.4.8; http://mj12bot.com/)"
65.108.41.34 - - [18/Aug/2022:04:12:51 +0200] "GET /deco-wooden-carved-drum-29-14-cm-p-46277.html HTTP/1.0" 301 74288 "-" "Mozilla/5.0 (compatible; MJ12bot/v1.4.8; http://mj12bot.com/)"
20.84.102.54 - - [18/Aug/2022:04:12:51 +0200] "GET / HTTP/1.0" 200 152273 "-" "Mozilla/5.0 (Windows NT 10.0; Win64; x64) AppleWebKit/537.36 (KHTML, like Gecko) Chrome/86.0.4240.75 Safari/537.36"
94.154.239.69 - - [18/Aug/2022:04:12:53 +0200] "GET /plush-christmas-tree-decoration-12-cm-p-49648.html HTTP/1.0" 301 74359 "-" "Mozilla/5.0 (compatible; MJ12bot/v1.4.8; http://mj12bot.com/)"
20.84.102.54 - - [18/Aug/2022:04:12:53 +0200] "GET /suitcase-lunch-lunch-c-12_64.html HTTP/1.0" 200 82639 "-" "Mozilla/5.0 (Windows NT 10.0; Win64; x64) AppleWebKit/537.36 (KHTML, like Gecko) Chrome/86.0.4240.75 Safari/537.36"
65.108.41.34 - - [18/Aug/2022:04:12:55 +0200] "GET /deco-wooden-carved-drum-p-46277.html HTTP/1.0" 200 74198 "-" "Mozilla/5.0 (compatible; MJ12bot/v1.4.8; http://mj12bot.com/)"
65.108.41.34 - - [18/Aug/2022:04:12:58 +0200] "GET /deco-wooden-carved-drum-29-16-cm-p-46278.html HTTP/1.0" 301 71686 "-" "Mozilla/5.0 (compatible; MJ12bot/v1.4.8; http://mj12bot.com/)"
94.154.239.69 - - [18/Aug/2022:04:12:59 +0200] "GET /plush-christmas-tree-decoration-p-49648.html HTTP/1.0" 200 74261 "-" "Mozilla/5.0 (compatible; MJ12bot/v1.4.8; http://mj12bot.com/)"
65.108.41.34 - - [18/Aug/2022:04:13:02 +0200] "GET /deco-wooden-carved-drum-p-46278.html HTTP/1.0" 200 71596 "-" "Mozilla/5.0 (compatible; MJ12bot/v1.4.8; http://mj12bot.com/)"
94.154.239.69 - - [18/Aug/2022:04:13:04 +0200] "GET /plush-christmas-tree-decoration-p-49648.html HTTP/1.0" 200 74261 "-" "Mozilla/5.0 (compatible; MJ12bot/v1.4.8; http://mj12bot.com/)"
65.108.41.34 - - [18/Aug/2022:04:13:05 +0200] "GET /deco-wooden-carved-drum-p-46277.html HTTP/1.0" 200 74198 "-" "Mozilla/5.0 (compatible; MJ12bot/v1.4.8; http://mj12bot.com/)"
65.108.41.34 - - [18/Aug/2022:04:13:09 +0200] "GET /deco-wooden-carved-drum-p-46278.html HTTP/1.0" 200 71596 "-" "Mozilla/5.0 (compatible; MJ12bot/v1.4.8; http://mj12bot.com/)"
94.154.239.69 - - [18/Aug/2022:04:13:11 +0200] "GET /porcelain-mood-espresso-cup-tassen-made-in-germany-p-46340.html HTTP/1.0" 301 76205 "-" "Mozilla/5.0 (compatible; MJ12bot/v1.4.8; http://mj12bot.com/)"
65.108.41.34 - - [18/Aug/2022:04:13:13 +0200] "GET /decoration-african-woman-27-cm-p-50494.html HTTP/1.0" 301 74319 "-" "Mozilla/5.0 (compatible; MJ12bot/v1.4.8; http://mj12bot.com/)"
52.186.142.27 - - [18/Aug/2022:04:13:13 +0200] "GET /incense-holder-incense-burner-c-231_229.html HTTP/1.0" 200 92199 "-" "Mozilla/5.0 (Windows NT 10.0; Win64; x64) AppleWebKit/537.36 (KHTML, like Gecko) Chrome/86.0.4240.75 Safari/537.36"
52.186.142.27 - - [18/Aug/2022:04:13:13 +0200] "GET /pitchers-drink-dispensers-c-12_243.html HTTP/1.0" 200 90810 "-" "Mozilla/5.0 (Windows NT 10.0; Win64; x64) AppleWebKit/537.36 (KHTML, like Gecko) Chrome/86.0.4240.75 Safari/537.36"
20.120.30.199 - - [18/Aug/2022:04:13:16 +0200] "GET /chairs-stools-c-13_207.html HTTP/1.0" 200 80008 "-" "Mozilla/5.0 (Windows NT 10.0; Win64; x64) AppleWebKit/537.36 (KHTML, like Gecko) Chrome/86.0.4240.75 Safari/537.36"
20.120.30.199 - - [18/Aug/2022:04:13:16 +0200] "GET /fragrances-ambiance-c-231.html HTTP/1.0" 200 93640 "-" "Mozilla/5.0 (Windows NT 10.0; Win64; x64) AppleWebKit/537.36 (KHTML, like Gecko) Chrome/86.0.4240.75 Safari/537.36"
65.108.41.34 - - [18/Aug/2022:04:13:16 +0200] "GET /decoration-african-woman-p-50494.html HTTP/1.0" 200 74228 "-" "Mozilla/5.0 (compatible; MJ12bot/v1.4.8; http://mj12bot.com/)"
65.108.41.34 - - [18/Aug/2022:04:13:21 +0200] "GET /decoration-african-woman-chest-28-cm-p-53808.html HTTP/1.0" 301 74398 "-" "Mozilla/5.0 (compatible; MJ12bot/v1.4.8; http://mj12bot.com/)"
94.154.239.69 - - [18/Aug/2022:04:13:23 +0200] "GET /porcelain-mood-espresso-tassen-made-germany-p-46340.html HTTP/1.0" 200 76095 "-" "Mozilla/5.0 (compatible; MJ12bot/v1.4.8; http://mj12bot.com/)"
65.108.41.34 - - [18/Aug/2022:04:13:24 +0200] "GET /decoration-african-woman-chest-p-53808.html HTTP/1.0" 200 74301 "-" "Mozilla/5.0 (compatible; MJ12bot/v1.4.8; http://mj12bot.com/)"
185.191.171.9 - - [18/Aug/2022:04:13:25 +0200] "GET /cosmetic-bags-and-flat-purse-c-31_239.html?page=9 HTTP/1.0" 301 95118 "-" "Mozilla/5.0 (compatible; SemrushBot/7~bl; +http://www.semrush.com/bot.html)"
66.249.64.82 - - [18/Aug/2022:04:13:26 +0200] "GET /wooden-with-brass-borders-p-55075.html HTTP/1.0" 200 75058 "-" "Mozilla/5.0 (compatible; Googlebot/2.1; +http://www.google.com/bot.html)"
65.108.41.34 - - [18/Aug/2022:04:13:28 +0200] "GET /decoration-african-woman-chest-31-cm-p-53809.html HTTP/1.0" 301 74398 "-" "Mozilla/5.0 (compatible; MJ12bot/v1.4.8; http://mj12bot.com/)"
185.191.171.40 - - [18/Aug/2022:04:13:28 +0200] "GET /cosmetic-bags-flat-purse-c-239.html?page=9 HTTP/1.0" 301 94963 "-" "Mozilla/5.0 (compatible; SemrushBot/7~bl; +http://www.semrush.com/bot.html)"
94.154.239.69 - - [18/Aug/2022:04:13:28 +0200] "GET /porcelain-mood-espresso-tassen-made-germany-p-46340.html HTTP/1.0" 200 76095 "-" "Mozilla/5.0 (compatible; MJ12bot/v1.4.8; http://mj12bot.com/)"
65.108.41.34 - - [18/Aug/2022:04:13:31 +0200] "GET /decoration-african-woman-chest-p-53809.html HTTP/1.0" 200 74301 "-" "Mozilla/5.0 (compatible; MJ12bot/v1.4.8; http://mj12bot.com/)"
185.191.171.24 - - [18/Aug/2022:04:13:32 +0200] "GET /cosmetic-bags-flat-purse-c-31_239.html?page=9 HTTP/1.0" 200 95022 "-" "Mozilla/5.0 (compatible; SemrushBot/7~bl; +http://www.semrush.com/bot.html)"
17.121.114.37 - - [18/Aug/2022:04:13:32 +0200] "GET /plush-panda-glitter-motsu-keel-toys-p-54192.html HTTP/1.0" 200 74420 "-" "Mozilla/5.0 (Macintosh; Intel Mac OS X 10_15_5) AppleWebKit/605.1.15 (KHTML, like Gecko) Version/13.1.1 Safari/605.1.15 (Applebot/0.1; +http://www.apple.com/go/applebot)"
65.108.41.34 - - [18/Aug/2022:04:13:35 +0200] "GET /decoration-african-woman-chest-p-53808.html HTTP/1.0" 200 74301 "-" "Mozilla/5.0 (compatible; MJ12bot/v1.4.8; http://mj12bot.com/)"
94.154.239.69 - - [18/Aug/2022:04:13:37 +0200] "GET /posture-of-the-warrior-yoga-and-cats-statue-p-53350.html HTTP/1.0" 301 74440 "-" "Mozilla/5.0 (compatible; MJ12bot/v1.4.8; http://mj12bot.com/)"
185.191.171.43 - - [18/Aug/2022:04:13:37 +0200] "GET /nasa-trolley-p-52112.html?action=add_product HTTP/1.0" 302 476 "-" "Mozilla/5.0 (compatible; SemrushBot/7~bl; +http://www.semrush.com/bot.html)"
65.108.41.34 - - [18/Aug/2022:04:13:38 +0200] "GET /decoration-african-woman-chest-p-53809.html HTTP/1.0" 200 74301 "-" "Mozilla/5.0 (compatible; MJ12bot/v1.4.8; http://mj12bot.com/)"
65.108.41.34 - - [18/Aug/2022:04:13:41 +0200] "GET /decoration-african-woman-p-50494.html HTTP/1.0" 200 74228 "-" "Mozilla/5.0 (compatible; MJ12bot/v1.4.8; http://mj12bot.com/)"
94.154.239.69 - - [18/Aug/2022:04:13:43 +0200] "GET /posture-warrior-yoga-cats-statue-p-53350.html HTTP/1.0" 200 74341 "-" "Mozilla/5.0 (compatible; MJ12bot/v1.4.8; http://mj12bot.com/)"
65.108.41.34 - - [18/Aug/2022:04:13:45 +0200] "GET /decoration-antique-elephant-45-cm-p-42592.html HTTP/1.0" 301 71696 "-" "Mozilla/5.0 (compatible; MJ12bot/v1.4.8; http://mj12bot.com/)"
54.36.148.36 - - [18/Aug/2022:04:13:46 +0200] "GET /small-candle-guardian-angel-p-53897.html HTTP/1.0" 200 74596 "-" "Mozilla/5.0 (compatible; AhrefsBot/7.0; +http://ahrefs.com/robot/)"
65.108.41.34 - - [18/Aug/2022:04:13:48 +0200] "GET /decoration-antique-elephant-p-42592.html HTTP/1.0" 200 71602 "-" "Mozilla/5.0 (compatible; MJ12bot/v1.4.8; http://mj12bot.com/)"
94.154.239.69 - - [18/Aug/2022:04:13:49 +0200] "GET /posture-warrior-yoga-cats-statue-p-53350.html HTTP/1.0" 200 74341 "-" "Mozilla/5.0 (compatible; MJ12bot/v1.4.8; http://mj12bot.com/)"
65.108.41.34 - - [18/Aug/2022:04:13:52 +0200] "GET /decoration-antique-elephant-p-42592.html HTTP/1.0" 200 71602 "-" "Mozilla/5.0 (compatible; MJ12bot/v1.4.8; http://mj12bot.com/)"
94.154.239.69 - - [18/Aug/2022:04:13:54 +0200] "GET /pouf-covered-with-beige-velvet-315-34-465-cm-p-46353.html HTTP/1.0" 301 71739 "-" "Mozilla/5.0 (compatible; MJ12bot/v1.4.8; http://mj12bot.com/)"
65.108.41.34 - - [18/Aug/2022:04:13:55 +0200] "GET /decoration-ethnic-mask-aged-gold-look-p-57644.html HTTP/1.0" 200 75093 "-" "Mozilla/5.0 (compatible; MJ12bot/v1.4.8; http://mj12bot.com/)"
65.108.41.34 - - [18/Aug/2022:04:13:59 +0200] "GET /decorations-and-furnishings/lighting/hello-kitty-ceiling-light-glass-p-16152.html HTTP/1.0" 301 71559 "-" "Mozilla/5.0 (compatible; MJ12bot/v1.4.8; http://mj12bot.com/)"
94.154.239.69 - - [18/Aug/2022:04:14:00 +0200] "GET /pouf-covered-with-beige-velvet-p-46353.html HTTP/1.0" 200 71642 "-" "Mozilla/5.0 (compatible; MJ12bot/v1.4.8; http://mj12bot.com/)"
65.108.41.34 - - [18/Aug/2022:04:14:03 +0200] "GET /-p-16152.html HTTP/1.0" 200 71492 "-" "Mozilla/5.0 (compatible; MJ12bot/v1.4.8; http://mj12bot.com/)"
20.124.241.89 - - [18/Aug/2022:04:14:03 +0200] "GET /chimes-suspensions-c-13_241.html HTTP/1.0" 200 91825 "-" "Mozilla/5.0 (Windows NT 10.0; Win64; x64) AppleWebKit/537.36 (KHTML, like Gecko) Chrome/86.0.4240.75 Safari/537.36"
65.108.41.34 - - [18/Aug/2022:04:14:06 +0200] "GET /decorative-metal-bell-with-rope-p-38658.html HTTP/1.0" 301 71559 "-" "Mozilla/5.0 (compatible; MJ12bot/v1.4.8; http://mj12bot.com/)"
94.154.239.69 - - [18/Aug/2022:04:14:06 +0200] "GET /pouf-covered-with-beige-velvet-p-46353.html HTTP/1.0" 200 71642 "-" "Mozilla/5.0 (compatible; MJ12bot/v1.4.8; http://mj12bot.com/)"
65.108.41.34 - - [18/Aug/2022:04:14:11 +0200] "GET /-p-38658.html HTTP/1.0" 200 71492 "-" "Mozilla/5.0 (compatible; MJ12bot/v1.4.8; http://mj12bot.com/)"
94.154.239.69 - - [18/Aug/2022:04:14:13 +0200] "GET /pouf-covered-with-grey-velvet-315-34-465-cm-p-46355.html HTTP/1.0" 301 75902 "-" "Mozilla/5.0 (compatible; MJ12bot/v1.4.8; http://mj12bot.com/)"
65.108.41.34 - - [18/Aug/2022:04:14:15 +0200] "GET /decorative-pear-with-its-leaf-golden-ceramic-20-cm-p-46815.html HTTP/1.0" 301 71773 "-" "Mozilla/5.0 (compatible; MJ12bot/v1.4.8; http://mj12bot.com/)"
94.154.239.69 - - [18/Aug/2022:04:14:19 +0200] "GET /pouf-covered-with-grey-velvet-p-46355.html HTTP/1.0" 200 75806 "-" "Mozilla/5.0 (compatible; MJ12bot/v1.4.8; http://mj12bot.com/)"
65.108.41.34 - - [18/Aug/2022:04:14:19 +0200] "GET /decorative-pear-with-leaf-golden-ceramic-p-46815.html HTTP/1.0" 200 71666 "-" "Mozilla/5.0 (compatible; MJ12bot/v1.4.8; http://mj12bot.com/)"
65.108.41.34 - - [18/Aug/2022:04:14:24 +0200] "GET /decorative-pear-with-leaf-golden-ceramic-p-46815.html HTTP/1.0" 200 71666 "-" "Mozilla/5.0 (compatible; MJ12bot/v1.4.8; http://mj12bot.com/)"
94.154.239.69 - - [18/Aug/2022:04:14:25 +0200] "GET /pouf-covered-with-grey-velvet-p-46355.html HTTP/1.0" 200 75806 "-" "Mozilla/5.0 (compatible; MJ12bot/v1.4.8; http://mj12bot.com/)"
20.124.237.69 - - [18/Aug/2022:04:14:27 +0200] "GET /animated-figurines-solar-flowers-c-13_273.html HTTP/1.0" 200 80351 "-" "Mozilla/5.0 (Windows NT 10.0; Win64; x64) AppleWebKit/537.36 (KHTML, like Gecko) Chrome/86.0.4240.75 Safari/537.36"
20.124.237.69 - - [18/Aug/2022:04:14:28 +0200] "GET /utensil-cutlery-c-12_244.html HTTP/1.0" 200 91035 "-" "Mozilla/5.0 (Windows NT 10.0; Win64; x64) AppleWebKit/537.36 (KHTML, like Gecko) Chrome/86.0.4240.75 Safari/537.36"
65.108.41.34 - - [18/Aug/2022:04:14:29 +0200] "GET /decorative-pelican-statue-43-cm-p-44719.html HTTP/1.0" 301 71686 "-" "Mozilla/5.0 (compatible; MJ12bot/v1.4.8; http://mj12bot.com/)"
94.154.239.69 - - [18/Aug/2022:04:14:31 +0200] "GET /pouf-covered-with-light-grey-velvet-315-34-465-cm-p-46354.html HTTP/1.0" 301 71764 "-" "Mozilla/5.0 (compatible; MJ12bot/v1.4.8; http://mj12bot.com/)"
65.108.41.34 - - [18/Aug/2022:04:14:32 +0200] "GET /decorative-pelican-statue-p-44719.html HTTP/1.0" 200 71594 "-" "Mozilla/5.0 (compatible; MJ12bot/v1.4.8; http://mj12bot.com/)"
94.154.239.69 - - [18/Aug/2022:04:14:36 +0200] "GET /pouf-covered-with-light-grey-velvet-p-46354.html HTTP/1.0" 200 71662 "-" "Mozilla/5.0 (compatible; MJ12bot/v1.4.8; http://mj12bot.com/)"
65.108.41.34 - - [18/Aug/2022:04:14:37 +0200] "GET /decorative-pelican-statue-52-cm-p-44719.html HTTP/1.0" 301 71686 "-" "Mozilla/5.0 (compatible; MJ12bot/v1.4.8; http://mj12bot.com/)"
65.108.41.34 - - [18/Aug/2022:04:14:40 +0200] "GET /decorative-pelican-statue-p-44719.html HTTP/1.0" 200 71594 "-" "Mozilla/5.0 (compatible; MJ12bot/v1.4.8; http://mj12bot.com/)"
66.249.64.82 - - [18/Aug/2022:04:14:41 +0200] "GET /yogi-yogini-yogamat-purple-p-48660.html HTTP/1.0" 200 74772 "-" "Mozilla/5.0 (Linux; Android 6.0.1; Nexus 5X Build/MMB29P) AppleWebKit/537.36 (KHTML, like Gecko) Chrome/104.0.5112.79 Mobile Safari/537.36 (compatible; Googlebot/2.1; +http://www.google.com/bot.html)"
65.108.41.34 - - [18/Aug/2022:04:14:44 +0200] "GET /decorative-pelican-statue-p-44719.html HTTP/1.0" 200 71594 "-" "Mozilla/5.0 (compatible; MJ12bot/v1.4.8; http://mj12bot.com/)"
94.154.239.69 - - [18/Aug/2022:04:14:44 +0200] "GET /pouf-covered-with-light-grey-velvet-p-46354.html HTTP/1.0" 200 71662 "-" "Mozilla/5.0 (compatible; MJ12bot/v1.4.8; http://mj12bot.com/)"
17.121.112.155 - - [18/Aug/2022:04:14:46 +0200] "GET /cupcakes-cbkreation-p-17350.html HTTP/1.0" 200 74110 "-" "Mozilla/5.0 (Macintosh; Intel Mac OS X 10_15_5) AppleWebKit/605.1.15 (KHTML, like Gecko) Version/13.1.1 Safari/605.1.15 (Applebot/0.1; +http://www.apple.com/go/applebot)"
65.108.41.34 - - [18/Aug/2022:04:14:48 +0200] "GET /decorative-shark-statuette-aged-wood-p-44720.html HTTP/1.0" 200 71644 "-" "Mozilla/5.0 (compatible; MJ12bot/v1.4.8; http://mj12bot.com/)"
94.154.239.69 - - [18/Aug/2022:04:14:48 +0200] "GET /precarious-pyramid-seven-dwarfs-figurine-p-46254.html HTTP/1.0" 200 71646 "-" "Mozilla/5.0 (compatible; MJ12bot/v1.4.8; http://mj12bot.com/)"
65.108.41.34 - - [18/Aug/2022:04:14:51 +0200] "GET /decorative-shark-statuette-in-aged-metal-52-cm-p-44720.html HTTP/1.0" 301 71747 "-" "Mozilla/5.0 (compatible; MJ12bot/v1.4.8; http://mj12bot.com/)"
94.154.239.69 - - [18/Aug/2022:04:14:54 +0200] "GET /protects-mattress-fleece-cotton-p-54902.html HTTP/1.0" 200 74300 "-" "Mozilla/5.0 (compatible; MJ12bot/v1.4.8; http://mj12bot.com/)"
