66.249.64.83 - - [18/Aug/2022:12:53:15 +0200] "GET /cotton-floor-cushion-monica-p-54418.html HTTP/1.0" 200 74798 "-" "Mozilla/5.0 (Linux; Android 6.0.1; Nexus 5X Build/MMB29P) AppleWebKit/537.36 (KHTML, like Gecko) Chrome/104.0.5112.101 Mobile Safari/537.36 (compatible; Googlebot/2.1; +http://www.google.com/bot.html)"
66.249.64.83 - - [18/Aug/2022:12:53:19 +0200] "GET /images/mini_prod/1384010183458.jpg HTTP/1.0" 200 269 "-" "Mozilla/5.0 (compatible; Googlebot/2.1; +http://www.google.com/bot.html)"
185.191.171.26 - - [18/Aug/2022:12:53:21 +0200] "GET /royal-guests-three-fairies-figurine-p-45967.html HTTP/1.0" 200 75567 "-" "Mozilla/5.0 (compatible; SemrushBot/7~bl; +http://www.semrush.com/bot.html)"
211.249.40.10 - - [18/Aug/2022:12:53:25 +0200] "GET /images/mini_prod/5051265800183.jpg HTTP/1.0" 200 269 "-" "Mozilla/5.0 (X11; Ubuntu; Linux x86_64; rv:72.0) Gecko/20100101 Firefox/72.0"
207.46.13.105 - - [18/Aug/2022:12:53:24 +0200] "GET /le-petit-prince-de-st-exupery-box-sets-of-cups-p-44601.html HTTP/1.0" 301 74440 "-" "Mozilla/5.0 (compatible; bingbot/2.0; +http://www.bing.com/bingbot.htm)"
51.68.224.127 - - [18/Aug/2022:12:53:29 +0200] "GET /adminweb/export_orders_xml.php?token=256de2z6edz6ed2z6DFSFsed2zed6zeDSFDSGdzedezfzf&maxorders=10&orderstart=1&status=14&start_date=2018-10-01 HTTP/1.0" 200 285 "-" "GesCom CharlotteBoutik Serveur"
51.68.224.127 - - [18/Aug/2022:12:53:29 +0200] "GET /adminweb/export_orders_xml.php?token=256de2z6edz6ed2z6DFSFsed2zed6zeDSFDSGdzedezfzf&maxorders=10&orderstart=1&status=6&start_date=2018-10-01 HTTP/1.0" 200 33985 "-" "GesCom CharlotteBoutik Serveur"
54.36.148.255 - - [18/Aug/2022:12:53:32 +0200] "GET /vanua-cotton-basket-planter-p-57439.html HTTP/1.0" 200 75012 "-" "Mozilla/5.0 (compatible; AhrefsBot/7.0; +http://ahrefs.com/robot/)"
185.191.171.13 - - [18/Aug/2022:12:53:39 +0200] "GET /mickey-mouse-swimsuit-p-30575.html HTTP/1.0" 200 75300 "-" "Mozilla/5.0 (compatible; SemrushBot/7~bl; +http://www.semrush.com/bot.html)"
185.191.171.6 - - [18/Aug/2022:12:54:31 +0200] "GET /lotus-candleholder-chakra-purple-silverlining-p-35516.html HTTP/1.0" 200 75769 "-" "Mozilla/5.0 (compatible; SemrushBot/7~bl; +http://www.semrush.com/bot.html)"
34.173.245.15 - - [18/Aug/2022:12:54:47 +0200] "GET /images/big_prod/8424001620586.jpg HTTP/1.0" 200 268 "-" "Mozilla/5.0 (X11; Ubuntu; Linux x86_64; rv:72.0) Gecko/20100101 Firefox/72.0"
66.249.64.82 - - [18/Aug/2022:12:54:53 +0200] "GET /images/mini_prod/3665269103618.jpg HTTP/1.0" 200 269 "-" "Googlebot-Image/1.0"
66.249.64.83 - - [18/Aug/2022:12:55:13 +0200] "GET /images/mini_prod/1384010181898.jpg HTTP/1.0" 200 269 "-" "Mozilla/5.0 (compatible; Googlebot/2.1; +http://www.google.com/bot.html)"
185.191.171.12 - - [18/Aug/2022:12:55:12 +0200] "GET /tetsubin-teapots-japanese-p-54017.html HTTP/1.0" 301 74527 "-" "Mozilla/5.0 (compatible; SemrushBot/7~bl; +http://www.semrush.com/bot.html)"
185.191.171.25 - - [18/Aug/2022:12:55:15 +0200] "GET /green-tetsubin-teapots-japanese-p-54017.html HTTP/1.0" 200 74429 "-" "Mozilla/5.0 (compatible; SemrushBot/7~bl; +http://www.semrush.com/bot.html)"
54.36.148.239 - - [18/Aug/2022:12:55:32 +0200] "GET /crystal-glass-metal-lamp-p-52024.html HTTP/1.0" 200 74819 "-" "Mozilla/5.0 (compatible; AhrefsBot/7.0; +http://ahrefs.com/robot/)"
54.36.148.100 - - [18/Aug/2022:12:55:35 +0200] "GET /images/big_prod/8424345605249.jpg HTTP/1.0" 200 268 "-" "Mozilla/5.0 (compatible; AhrefsBot/7.0; +http://ahrefs.com/robot/)"
54.36.148.225 - - [18/Aug/2022:12:55:35 +0200] "GET /images/big_prod_1/8424345605249B.jpg HTTP/1.0" 200 271 "-" "Mozilla/5.0 (compatible; AhrefsBot/7.0; +http://ahrefs.com/robot/)"
207.46.13.105 - - [18/Aug/2022:12:55:36 +0200] "GET /pill-passion-p-34377.html HTTP/1.0" 200 71556 "-" "Mozilla/5.0 (compatible; bingbot/2.0; +http://www.bing.com/bingbot.htm)"
207.46.13.105 - - [18/Aug/2022:12:55:56 +0200] "GET /pucca-mobile-sock-p-66.html HTTP/1.0" 200 73946 "-" "Mozilla/5.0 (compatible; bingbot/2.0; +http://www.bing.com/bingbot.htm)"
101.236.11.51 - - [18/Aug/2022:12:55:59 +0200] "GET /images/mini_prod/8422666661517.jpg HTTP/1.0" 200 269 "-" "python-requests/2.27.1"
185.191.171.2 - - [18/Aug/2022:12:56:02 +0200] "GET /bmw-cork-coaster-p-37069.html HTTP/1.0" 301 71634 "-" "Mozilla/5.0 (compatible; SemrushBot/7~bl; +http://www.semrush.com/bot.html)"
185.191.171.13 - - [18/Aug/2022:12:56:05 +0200] "GET /cork-coaster-p-37069.html HTTP/1.0" 200 71555 "-" "Mozilla/5.0 (compatible; SemrushBot/7~bl; +http://www.semrush.com/bot.html)"
18.232.186.3 - - [18/Aug/2022:12:56:22 +0200] "GET /templates/Pixame_v1/stylesheet.css HTTP/1.0" 200 267 "http://www.wonder-geek.com/vase-soliflore-c-13_232.html" "Mozilla/5.0 (iPhone; CPU iPhone OS 11_0 like Mac OS X) AppleWebKit/604.1.38 (KHTML, like Gecko) Version/11.0 Mobile/15A372 Safari/604.1"
18.232.186.3 - - [18/Aug/2022:12:56:22 +0200] "GET /highslide/highslide.js HTTP/1.0" 200 262 "http://www.wonder-geek.com/vase-soliflore-c-13_232.html" "Mozilla/5.0 (iPhone; CPU iPhone OS 11_0 like Mac OS X) AppleWebKit/604.1.38 (KHTML, like Gecko) Version/11.0 Mobile/15A372 Safari/604.1"
18.232.186.3 - - [18/Aug/2022:12:56:22 +0200] "GET /js/jquery.jqzoom.js HTTP/1.0" 200 259 "http://www.wonder-geek.com/vase-soliflore-c-13_232.html" "Mozilla/5.0 (iPhone; CPU iPhone OS 11_0 like Mac OS X) AppleWebKit/604.1.38 (KHTML, like Gecko) Version/11.0 Mobile/15A372 Safari/604.1"
18.232.186.3 - - [18/Aug/2022:12:56:22 +0200] "GET /mondial_relay/js/jquery-1.3.2.min.js HTTP/1.0" 200 276 "http://www.wonder-geek.com/vase-soliflore-c-13_232.html" "Mozilla/5.0 (iPhone; CPU iPhone OS 11_0 like Mac OS X) AppleWebKit/604.1.38 (KHTML, like Gecko) Version/11.0 Mobile/15A372 Safari/604.1"
18.232.186.3 - - [18/Aug/2022:12:56:22 +0200] "GET /js/jquery.js HTTP/1.0" 200 252 "http://www.wonder-geek.com/vase-soliflore-c-13_232.html" "Mozilla/5.0 (iPhone; CPU iPhone OS 11_0 like Mac OS X) AppleWebKit/604.1.38 (KHTML, like Gecko) Version/11.0 Mobile/15A372 Safari/604.1"
18.232.186.3 - - [18/Aug/2022:12:56:22 +0200] "GET /swfobject.js HTTP/1.0" 404 1308 "http://www.wonder-geek.com/vase-soliflore-c-13_232.html" "Mozilla/5.0 (iPhone; CPU iPhone OS 11_0 like Mac OS X) AppleWebKit/604.1.38 (KHTML, like Gecko) Version/11.0 Mobile/15A372 Safari/604.1"
18.232.186.3 - - [18/Aug/2022:12:56:22 +0200] "GET /templates/Pixame_v1/images/icon_accueil2.png HTTP/1.0" 200 278 "http://www.wonder-geek.com/vase-soliflore-c-13_232.html" "Mozilla/5.0 (iPhone; CPU iPhone OS 11_0 like Mac OS X) AppleWebKit/604.1.38 (KHTML, like Gecko) Version/11.0 Mobile/15A372 Safari/604.1"
18.232.186.3 - - [18/Aug/2022:12:56:22 +0200] "GET /templates/Pixame_v1/images/infobox/pixel_trans.gif HTTP/1.0" 200 328 "http://www.wonder-geek.com/vase-soliflore-c-13_232.html" "Mozilla/5.0 (iPhone; CPU iPhone OS 11_0 like Mac OS X) AppleWebKit/604.1.38 (KHTML, like Gecko) Version/11.0 Mobile/15A372 Safari/604.1"
18.232.186.3 - - [18/Aug/2022:12:56:22 +0200] "GET /images/pixel_trans.gif HTTP/1.0" 200 328 "http://www.wonder-geek.com/vase-soliflore-c-13_232.html" "Mozilla/5.0 (iPhone; CPU iPhone OS 11_0 like Mac OS X) AppleWebKit/604.1.38 (KHTML, like Gecko) Version/11.0 Mobile/15A372 Safari/604.1"
18.232.186.3 - - [18/Aug/2022:12:56:22 +0200] "GET /templates/Pixame_v1/images/pixel_trans.gif HTTP/1.0" 200 328 "http://www.wonder-geek.com/vase-soliflore-c-13_232.html" "Mozilla/5.0 (iPhone; CPU iPhone OS 11_0 like Mac OS X) AppleWebKit/604.1.38 (KHTML, like Gecko) Version/11.0 Mobile/15A372 Safari/604.1"
18.232.186.3 - - [18/Aug/2022:12:56:22 +0200] "GET /templates/Pixame_v1/images/Middle_texture.jpg HTTP/1.0" 200 280 "http://www.wonder-geek.com/templates/Pixame_v1/stylesheet.css" "Mozilla/5.0 (iPhone; CPU iPhone OS 11_0 like Mac OS X) AppleWebKit/604.1.38 (KHTML, like Gecko) Version/11.0 Mobile/15A372 Safari/604.1"
18.232.186.3 - - [18/Aug/2022:12:56:22 +0200] "GET /templates/Pixame_v1/images/header.png HTTP/1.0" 200 271 "http://www.wonder-geek.com/templates/Pixame_v1/stylesheet.css" "Mozilla/5.0 (iPhone; CPU iPhone OS 11_0 like Mac OS X) AppleWebKit/604.1.38 (KHTML, like Gecko) Version/11.0 Mobile/15A372 Safari/604.1"
18.232.186.3 - - [18/Aug/2022:12:56:22 +0200] "GET /templates/Pixame_v1/images/header-object.png HTTP/1.0" 200 278 "http://www.wonder-geek.com/templates/Pixame_v1/stylesheet.css" "Mozilla/5.0 (iPhone; CPU iPhone OS 11_0 like Mac OS X) AppleWebKit/604.1.38 (KHTML, like Gecko) Version/11.0 Mobile/15A372 Safari/604.1"
18.232.186.3 - - [18/Aug/2022:12:56:22 +0200] "GET /templates/Pixame_v1/images/nav.png HTTP/1.0" 200 268 "http://www.wonder-geek.com/templates/Pixame_v1/stylesheet.css" "Mozilla/5.0 (iPhone; CPU iPhone OS 11_0 like Mac OS X) AppleWebKit/604.1.38 (KHTML, like Gecko) Version/11.0 Mobile/15A372 Safari/604.1"
18.232.186.3 - - [18/Aug/2022:12:56:22 +0200] "GET /templates/Pixame_v1/images/Bottom_texture.jpg HTTP/1.0" 200 280 "http://www.wonder-geek.com/templates/Pixame_v1/stylesheet.css" "Mozilla/5.0 (iPhone; CPU iPhone OS 11_0 like Mac OS X) AppleWebKit/604.1.38 (KHTML, like Gecko) Version/11.0 Mobile/15A372 Safari/604.1"
18.232.186.3 - - [18/Aug/2022:12:56:20 +0200] "GET /vase-soliflore-c-13_232.html HTTP/1.0" 200 91673 "-" "Mozilla/5.0 (iPhone; CPU iPhone OS 11_0 like Mac OS X) AppleWebKit/604.1.38 (KHTML, like Gecko) Version/11.0 Mobile/15A372 Safari/604.1"
18.232.186.3 - - [18/Aug/2022:12:56:22 +0200] "GET /design/productsenstock.png HTTP/1.0" 200 260 "http://www.wonder-geek.com/templates/Pixame_v1/stylesheet.css" "Mozilla/5.0 (iPhone; CPU iPhone OS 11_0 like Mac OS X) AppleWebKit/604.1.38 (KHTML, like Gecko) Version/11.0 Mobile/15A372 Safari/604.1"
18.232.186.3 - - [18/Aug/2022:12:56:22 +0200] "GET /images/mini_prod/8480610040016.jpg HTTP/1.0" 200 269 "http://www.wonder-geek.com/vase-soliflore-c-13_232.html" "Mozilla/5.0 (iPhone; CPU iPhone OS 11_0 like Mac OS X) AppleWebKit/604.1.38 (KHTML, like Gecko) Version/11.0 Mobile/15A372 Safari/604.1"
18.232.186.3 - - [18/Aug/2022:12:56:22 +0200] "GET /images/mini_prod/3700276234006N.jpg HTTP/1.0" 200 270 "http://www.wonder-geek.com/vase-soliflore-c-13_232.html" "Mozilla/5.0 (iPhone; CPU iPhone OS 11_0 like Mac OS X) AppleWebKit/604.1.38 (KHTML, like Gecko) Version/11.0 Mobile/15A372 Safari/604.1"
18.232.186.3 - - [18/Aug/2022:12:56:22 +0200] "GET /templates/Pixame_v1/images/infobox/infobox_footer_middle.gif HTTP/1.0" 200 357 "http://www.wonder-geek.com/vase-soliflore-c-13_232.html" "Mozilla/5.0 (iPhone; CPU iPhone OS 11_0 like Mac OS X) AppleWebKit/604.1.38 (KHTML, like Gecko) Version/11.0 Mobile/15A372 Safari/604.1"
18.232.186.3 - - [18/Aug/2022:12:56:22 +0200] "GET /js/jquery.min.js HTTP/1.0" 404 1308 "http://www.wonder-geek.com/vase-soliflore-c-13_232.html" "Mozilla/5.0 (iPhone; CPU iPhone OS 11_0 like Mac OS X) AppleWebKit/604.1.38 (KHTML, like Gecko) Version/11.0 Mobile/15A372 Safari/604.1"
18.232.186.3 - - [18/Aug/2022:12:56:22 +0200] "GET /images/mini_prod/3700276234013N.jpg HTTP/1.0" 200 270 "http://www.wonder-geek.com/vase-soliflore-c-13_232.html" "Mozilla/5.0 (iPhone; CPU iPhone OS 11_0 like Mac OS X) AppleWebKit/604.1.38 (KHTML, like Gecko) Version/11.0 Mobile/15A372 Safari/604.1"
18.232.186.3 - - [18/Aug/2022:12:56:22 +0200] "GET /js/jquery.masonry.min.js HTTP/1.0" 200 264 "http://www.wonder-geek.com/vase-soliflore-c-13_232.html" "Mozilla/5.0 (iPhone; CPU iPhone OS 11_0 like Mac OS X) AppleWebKit/604.1.38 (KHTML, like Gecko) Version/11.0 Mobile/15A372 Safari/604.1"
18.232.186.3 - - [18/Aug/2022:12:56:22 +0200] "GET /js/modernizr-transitions.js HTTP/1.0" 200 267 "http://www.wonder-geek.com/vase-soliflore-c-13_232.html" "Mozilla/5.0 (iPhone; CPU iPhone OS 11_0 like Mac OS X) AppleWebKit/604.1.38 (KHTML, like Gecko) Version/11.0 Mobile/15A372 Safari/604.1"
18.232.186.3 - - [18/Aug/2022:12:56:22 +0200] "GET /images/mini_prod/8422018289000.jpg HTTP/1.0" 200 269 "http://www.wonder-geek.com/vase-soliflore-c-13_232.html" "Mozilla/5.0 (iPhone; CPU iPhone OS 11_0 like Mac OS X) AppleWebKit/604.1.38 (KHTML, like Gecko) Version/11.0 Mobile/15A372 Safari/604.1"
18.232.186.3 - - [18/Aug/2022:12:56:22 +0200] "GET /images/mini_prod/8422018289017.jpg HTTP/1.0" 200 269 "http://www.wonder-geek.com/vase-soliflore-c-13_232.html" "Mozilla/5.0 (iPhone; CPU iPhone OS 11_0 like Mac OS X) AppleWebKit/604.1.38 (KHTML, like Gecko) Version/11.0 Mobile/15A372 Safari/604.1"
18.232.186.3 - - [18/Aug/2022:12:56:23 +0200] "GET /images/mini_prod/8718375750964C.jpg HTTP/1.0" 200 270 "http://www.wonder-geek.com/vase-soliflore-c-13_232.html" "Mozilla/5.0 (iPhone; CPU iPhone OS 11_0 like Mac OS X) AppleWebKit/604.1.38 (KHTML, like Gecko) Version/11.0 Mobile/15A372 Safari/604.1"
18.232.186.3 - - [18/Aug/2022:12:56:23 +0200] "GET /images/mini_prod/1384010190289.jpg HTTP/1.0" 200 269 "http://www.wonder-geek.com/vase-soliflore-c-13_232.html" "Mozilla/5.0 (iPhone; CPU iPhone OS 11_0 like Mac OS X) AppleWebKit/604.1.38 (KHTML, like Gecko) Version/11.0 Mobile/15A372 Safari/604.1"
18.232.186.3 - - [18/Aug/2022:12:56:23 +0200] "GET /images/mini_prod/1384010190272.jpg HTTP/1.0" 200 269 "http://www.wonder-geek.com/vase-soliflore-c-13_232.html" "Mozilla/5.0 (iPhone; CPU iPhone OS 11_0 like Mac OS X) AppleWebKit/604.1.38 (KHTML, like Gecko) Version/11.0 Mobile/15A372 Safari/604.1"
18.232.186.3 - - [18/Aug/2022:12:56:23 +0200] "GET /images/mini_prod/8422018288904.jpg HTTP/1.0" 200 269 "http://www.wonder-geek.com/vase-soliflore-c-13_232.html" "Mozilla/5.0 (iPhone; CPU iPhone OS 11_0 like Mac OS X) AppleWebKit/604.1.38 (KHTML, like Gecko) Version/11.0 Mobile/15A372 Safari/604.1"
18.232.186.3 - - [18/Aug/2022:12:56:23 +0200] "GET /images/mini_prod/8718317579608.jpg HTTP/1.0" 200 269 "http://www.wonder-geek.com/vase-soliflore-c-13_232.html" "Mozilla/5.0 (iPhone; CPU iPhone OS 11_0 like Mac OS X) AppleWebKit/604.1.38 (KHTML, like Gecko) Version/11.0 Mobile/15A372 Safari/604.1"
18.232.186.3 - - [18/Aug/2022:12:56:23 +0200] "GET /images/mini_prod/8718375750971a.jpg HTTP/1.0" 200 270 "http://www.wonder-geek.com/vase-soliflore-c-13_232.html" "Mozilla/5.0 (iPhone; CPU iPhone OS 11_0 like Mac OS X) AppleWebKit/604.1.38 (KHTML, like Gecko) Version/11.0 Mobile/15A372 Safari/604.1"
18.232.186.3 - - [18/Aug/2022:12:56:23 +0200] "GET /images/mini_prod/8718375750940.jpg HTTP/1.0" 200 269 "http://www.wonder-geek.com/vase-soliflore-c-13_232.html" "Mozilla/5.0 (iPhone; CPU iPhone OS 11_0 like Mac OS X) AppleWebKit/604.1.38 (KHTML, like Gecko) Version/11.0 Mobile/15A372 Safari/604.1"
18.232.186.3 - - [18/Aug/2022:12:56:23 +0200] "GET /images/mini_prod/8718375752890b.jpg HTTP/1.0" 200 270 "http://www.wonder-geek.com/vase-soliflore-c-13_232.html" "Mozilla/5.0 (iPhone; CPU iPhone OS 11_0 like Mac OS X) AppleWebKit/604.1.38 (KHTML, like Gecko) Version/11.0 Mobile/15A372 Safari/604.1"
18.232.186.3 - - [18/Aug/2022:12:56:23 +0200] "GET /images/mini_prod/8445146041814.jpg HTTP/1.0" 200 269 "http://www.wonder-geek.com/vase-soliflore-c-13_232.html" "Mozilla/5.0 (iPhone; CPU iPhone OS 11_0 like Mac OS X) AppleWebKit/604.1.38 (KHTML, like Gecko) Version/11.0 Mobile/15A372 Safari/604.1"
18.232.186.3 - - [18/Aug/2022:12:56:23 +0200] "GET /images/mini_prod/8424001755752.jpg HTTP/1.0" 200 269 "http://www.wonder-geek.com/vase-soliflore-c-13_232.html" "Mozilla/5.0 (iPhone; CPU iPhone OS 11_0 like Mac OS X) AppleWebKit/604.1.38 (KHTML, like Gecko) Version/11.0 Mobile/15A372 Safari/604.1"
18.232.186.3 - - [18/Aug/2022:12:56:23 +0200] "GET /images/mini_prod/8718375750957.jpg HTTP/1.0" 200 269 "http://www.wonder-geek.com/vase-soliflore-c-13_232.html" "Mozilla/5.0 (iPhone; CPU iPhone OS 11_0 like Mac OS X) AppleWebKit/604.1.38 (KHTML, like Gecko) Version/11.0 Mobile/15A372 Safari/604.1"
18.232.186.3 - - [18/Aug/2022:12:56:23 +0200] "GET /images/mini_prod/8422018288911.jpg HTTP/1.0" 200 269 "http://www.wonder-geek.com/vase-soliflore-c-13_232.html" "Mozilla/5.0 (iPhone; CPU iPhone OS 11_0 like Mac OS X) AppleWebKit/604.1.38 (KHTML, like Gecko) Version/11.0 Mobile/15A372 Safari/604.1"
18.232.186.3 - - [18/Aug/2022:12:56:23 +0200] "GET /images/mini_prod/8445146042057.jpg HTTP/1.0" 200 269 "http://www.wonder-geek.com/vase-soliflore-c-13_232.html" "Mozilla/5.0 (iPhone; CPU iPhone OS 11_0 like Mac OS X) AppleWebKit/604.1.38 (KHTML, like Gecko) Version/11.0 Mobile/15A372 Safari/604.1"
18.232.186.3 - - [18/Aug/2022:12:56:23 +0200] "GET /images/mini_prod/8424001782567.jpg HTTP/1.0" 200 269 "http://www.wonder-geek.com/vase-soliflore-c-13_232.html" "Mozilla/5.0 (iPhone; CPU iPhone OS 11_0 like Mac OS X) AppleWebKit/604.1.38 (KHTML, like Gecko) Version/11.0 Mobile/15A372 Safari/604.1"
18.232.186.3 - - [18/Aug/2022:12:56:23 +0200] "GET /images/mini_prod/8718375752906.jpg HTTP/1.0" 200 269 "http://www.wonder-geek.com/vase-soliflore-c-13_232.html" "Mozilla/5.0 (iPhone; CPU iPhone OS 11_0 like Mac OS X) AppleWebKit/604.1.38 (KHTML, like Gecko) Version/11.0 Mobile/15A372 Safari/604.1"
18.232.186.3 - - [18/Aug/2022:12:56:23 +0200] "GET /design/fondcurrent.jpg HTTP/1.0" 200 683 "http://www.wonder-geek.com/templates/Pixame_v1/stylesheet.css" "Mozilla/5.0 (iPhone; CPU iPhone OS 11_0 like Mac OS X) AppleWebKit/604.1.38 (KHTML, like Gecko) Version/11.0 Mobile/15A372 Safari/604.1"
18.232.186.3 - - [18/Aug/2022:12:56:23 +0200] "GET /design/fondothers.jpg HTTP/1.0" 200 667 "http://www.wonder-geek.com/templates/Pixame_v1/stylesheet.css" "Mozilla/5.0 (iPhone; CPU iPhone OS 11_0 like Mac OS X) AppleWebKit/604.1.38 (KHTML, like Gecko) Version/11.0 Mobile/15A372 Safari/604.1"
18.232.186.3 - - [18/Aug/2022:12:56:23 +0200] "GET /highslide/graphics/zoomout.cur HTTP/1.0" 200 614 "http://www.wonder-geek.com/vase-soliflore-c-13_232.html" "Mozilla/5.0 (iPhone; CPU iPhone OS 11_0 like Mac OS X) AppleWebKit/604.1.38 (KHTML, like Gecko) Version/11.0 Mobile/15A372 Safari/604.1"
18.232.186.3 - - [18/Aug/2022:12:56:23 +0200] "GET /highslide/graphics/loader.white.gif HTTP/1.0" 200 960 "http://www.wonder-geek.com/templates/Pixame_v1/stylesheet.css" "Mozilla/5.0 (iPhone; CPU iPhone OS 11_0 like Mac OS X) AppleWebKit/604.1.38 (KHTML, like Gecko) Version/11.0 Mobile/15A372 Safari/604.1"
18.232.186.3 - - [18/Aug/2022:12:56:23 +0200] "GET /highslide/graphics/outlines/drop-shadow.png HTTP/1.0" 200 277 "http://www.wonder-geek.com/vase-soliflore-c-13_232.html" "Mozilla/5.0 (iPhone; CPU iPhone OS 11_0 like Mac OS X) AppleWebKit/604.1.38 (KHTML, like Gecko) Version/11.0 Mobile/15A372 Safari/604.1"
185.191.171.11 - - [18/Aug/2022:12:56:30 +0200] "GET /pouch-kiub-collection-p-54785.html?action=add_product HTTP/1.0" 302 476 "-" "Mozilla/5.0 (compatible; SemrushBot/7~bl; +http://www.semrush.com/bot.html)"
185.191.171.34 - - [18/Aug/2022:12:56:44 +0200] "GET /vronse-body-talk-resin-statuette-seated-p-54714.html?action=add_product HTTP/1.0" 302 476 "-" "Mozilla/5.0 (compatible; SemrushBot/7~bl; +http://www.semrush.com/bot.html)"
54.36.148.254 - - [18/Aug/2022:12:57:05 +0200] "GET /happy-figure-collection-romero-britto-p-53438.html HTTP/1.0" 200 75833 "-" "Mozilla/5.0 (compatible; AhrefsBot/7.0; +http://ahrefs.com/robot/)"
157.55.39.9 - - [18/Aug/2022:12:57:08 +0200] "GET /-p-468.html HTTP/1.0" 200 71488 "-" "Mozilla/5.0 (compatible; bingbot/2.0; +http://www.bing.com/bingbot.htm)"
66.249.64.83 - - [18/Aug/2022:12:57:13 +0200] "GET /hannah-montana-postman-p-1485.html HTTP/1.0" 200 74550 "-" "Mozilla/5.0 (compatible; Googlebot/2.1; +http://www.google.com/bot.html)"
66.249.64.82 - - [18/Aug/2022:12:57:15 +0200] "GET /hannah-montana-postman-p-1485.html HTTP/1.0" 200 74550 "-" "Mozilla/5.0 (compatible; Googlebot/2.1; +http://www.google.com/bot.html)"
66.249.64.83 - - [18/Aug/2022:12:57:16 +0200] "GET /js/jquery.js HTTP/1.0" 200 252 "http://www.wonder-geek.com/hannah-montana-postman-p-1485.html" "Mozilla/5.0 (compatible; Googlebot/2.1; +http://www.google.com/bot.html)"
66.249.64.82 - - [18/Aug/2022:12:57:17 +0200] "GET /highslide/highslide.js HTTP/1.0" 200 262 "http://www.wonder-geek.com/hannah-montana-postman-p-1485.html" "Mozilla/5.0 (compatible; Googlebot/2.1; +http://www.google.com/bot.html)"
66.249.64.82 - - [18/Aug/2022:12:57:17 +0200] "GET /swfobject.js HTTP/1.0" 404 1308 "http://www.wonder-geek.com/hannah-montana-postman-p-1485.html" "Mozilla/5.0 (compatible; Googlebot/2.1; +http://www.google.com/bot.html)"
173.68.29.201 - - [18/Aug/2022:12:57:18 +0200] "GET / HTTP/1.0" 500 74098 "-" "Mozilla/5.0 (iPhone; CPU iPhone OS 15_6 like Mac OS X) AppleWebKit/605.1.15 (KHTML, like Gecko) Version/15.6 Mobile/15E148 Safari/604.1"
157.55.39.9 - - [18/Aug/2022:12:57:30 +0200] "GET /decorative-wooden-plate-entre-interdite-rleurs-white-p-47811.html HTTP/1.0" 200 71690 "-" "Mozilla/5.0 (compatible; bingbot/2.0; +http://www.bing.com/bingbot.htm)"
87.250.224.185 - - [18/Aug/2022:12:58:11 +0200] "GET /robots.txt HTTP/1.0" 200 245 "-" "Mozilla/5.0 (compatible; YandexBot/3.0; +http://yandex.com/bots)"
87.250.224.185 - - [18/Aug/2022:12:58:15 +0200] "GET /iphone-white-shell-with-personalized-picture-p-16339.html HTTP/1.0" 200 74593 "-" "Mozilla/5.0 (compatible; YandexBot/3.0; +http://yandex.com/bots)"
66.249.64.82 - - [18/Aug/2022:12:58:22 +0200] "GET /russian-doll-metal-keychain-cbkreation-p-23489.html HTTP/1.0" 200 75772 "-" "Mozilla/5.0 (Linux; Android 6.0.1; Nexus 5X Build/MMB29P) AppleWebKit/537.36 (KHTML, like Gecko) Chrome/104.0.5112.101 Mobile Safari/537.36 (compatible; Googlebot/2.1; +http://www.google.com/bot.html)"
54.36.148.18 - - [18/Aug/2022:12:58:33 +0200] "GET /premium-percale-cotton-p-46752.html HTTP/1.0" 200 75089 "-" "Mozilla/5.0 (compatible; AhrefsBot/7.0; +http://ahrefs.com/robot/)"
185.191.171.17 - - [18/Aug/2022:12:58:46 +0200] "GET /vanity-by-teo-jasmin-jasmine-p-44217.html HTTP/1.0" 301 71559 "-" "Mozilla/5.0 (compatible; SemrushBot/7~bl; +http://www.semrush.com/bot.html)"
185.191.171.1 - - [18/Aug/2022:12:58:50 +0200] "GET /-p-44217.html HTTP/1.0" 200 71492 "-" "Mozilla/5.0 (compatible; SemrushBot/7~bl; +http://www.semrush.com/bot.html)"
157.55.39.67 - - [18/Aug/2022:12:58:53 +0200] "GET /weapon-mtal-keyring-famas-p-31990.html HTTP/1.0" 200 74177 "-" "Mozilla/5.0 (compatible; bingbot/2.0; +http://www.bing.com/bingbot.htm)"
66.249.64.84 - - [18/Aug/2022:12:59:09 +0200] "GET /pink-flamingo-kitchen-towel-p-38807.html HTTP/1.0" 200 74146 "-" "Mozilla/5.0 (compatible; Googlebot/2.1; +http://www.google.com/bot.html)"
185.191.171.4 - - [18/Aug/2022:12:59:14 +0200] "GET /rugby-player-zippo-lighter-p-45295.html HTTP/1.0" 200 71586 "-" "Mozilla/5.0 (compatible; SemrushBot/7~bl; +http://www.semrush.com/bot.html)"
66.249.64.83 - - [18/Aug/2022:12:59:51 +0200] "GET /yellow-apple-shaped-moneybox-p-36476.html HTTP/1.0" 200 74196 "-" "Mozilla/5.0 (compatible; Googlebot/2.1; +http://www.google.com/bot.html)"
185.191.171.45 - - [18/Aug/2022:12:59:58 +0200] "GET /spain-cbkreation-mouse-p-20059.html?action=add_product HTTP/1.0" 302 476 "-" "Mozilla/5.0 (compatible; SemrushBot/7~bl; +http://www.semrush.com/bot.html)"
54.36.148.205 - - [18/Aug/2022:13:00:01 +0200] "GET /paris-cushion-p-38514.html HTTP/1.0" 200 74169 "-" "Mozilla/5.0 (compatible; AhrefsBot/7.0; +http://ahrefs.com/robot/)"
185.191.171.4 - - [18/Aug/2022:13:00:11 +0200] "GET /kimmidoll-purple-p-49823.html HTTP/1.0" 200 74163 "-" "Mozilla/5.0 (compatible; SemrushBot/7~bl; +http://www.semrush.com/bot.html)"
184.168.102.190 - - [18/Aug/2022:13:00:15 +0200] "GET / HTTP/1.0" 301 511 "http://www.google.com" "Mozilla/5.0 (Windows NT 6.1; rv:22.0) Firefox/22.0 (X11; Linux x86_64) AppleWebKit/537.36 (KHTML, like Gecko) Ubuntu Chromium/36.0.1985.125 Chrome/36.0.1985.125 Safari/537.36"
184.168.102.190 - - [18/Aug/2022:13:00:16 +0200] "GET / HTTP/1.0" 200 152092 "http://wonder-geek.com/" "Mozilla/5.0 (Windows NT 6.1; rv:22.0) Firefox/22.0 (X11; Linux x86_64) AppleWebKit/537.36 (KHTML, like Gecko) Ubuntu Chromium/36.0.1985.125 Chrome/36.0.1985.125 Safari/537.36"
87.250.224.64 - - [18/Aug/2022:13:00:20 +0200] "GET /radio-60-wood-colors-p-19020.html HTTP/1.0" 301 71559 "-" "Mozilla/5.0 (compatible; YandexBot/3.0; +http://yandex.com/bots)"
154.53.60.184 - - [18/Aug/2022:13:00:23 +0200] "GET /contact_us.php HTTP/1.0" 301 539 "-" "Request-Promise"
154.53.60.184 - - [18/Aug/2022:13:00:24 +0200] "GET /contact_us.php HTTP/1.0" 200 26241 "http://wonder-geek.com/contact_us.php" "Request-Promise"
154.53.60.184 - - [18/Aug/2022:13:00:25 +0200] "GET /contact_us.php HTTP/1.0" 301 539 "-" "Request-Promise"
87.250.224.64 - - [18/Aug/2022:13:00:24 +0200] "GET /-p-19020.html HTTP/1.0" 200 71492 "-" "Mozilla/5.0 (compatible; YandexBot/3.0; +http://yandex.com/bots)"
154.53.60.184 - - [18/Aug/2022:13:00:25 +0200] "GET /contact_us.php HTTP/1.0" 200 26241 "http://wonder-geek.com/contact_us.php" "Request-Promise"
154.53.60.184 - - [18/Aug/2022:13:00:28 +0200] "GET /contact_us.php HTTP/1.0" 301 539 "-" "Request-Promise"
154.53.60.184 - - [18/Aug/2022:13:00:29 +0200] "GET /contact_us.php HTTP/1.0" 200 26241 "http://wonder-geek.com/contact_us.php" "Request-Promise"
154.53.60.184 - - [18/Aug/2022:13:00:30 +0200] "GET /contact_us.php HTTP/1.0" 301 539 "-" "Request-Promise"
154.53.60.184 - - [18/Aug/2022:13:00:31 +0200] "GET /contact_us.php HTTP/1.0" 200 26241 "http://wonder-geek.com/contact_us.php" "Request-Promise"
207.46.13.129 - - [18/Aug/2022:13:00:32 +0200] "GET /sofia-first-poster-p-30890.html HTTP/1.0" 301 71559 "-" "Mozilla/5.0 (compatible; bingbot/2.0; +http://www.bing.com/bingbot.htm)"
185.191.171.17 - - [18/Aug/2022:13:00:33 +0200] "GET /bird-mini-mug-p-41634.html HTTP/1.0" 301 71602 "-" "Mozilla/5.0 (compatible; SemrushBot/7~bl; +http://www.semrush.com/bot.html)"
185.191.171.2 - - [18/Aug/2022:13:00:37 +0200] "GET /bird-mini-p-41634.html HTTP/1.0" 200 71526 "-" "Mozilla/5.0 (compatible; SemrushBot/7~bl; +http://www.semrush.com/bot.html)"
157.55.39.233 - - [18/Aug/2022:13:00:48 +0200] "GET /bodega-potholder-p-51441.html HTTP/1.0" 200 71548 "-" "Mozilla/5.0 (compatible; bingbot/2.0; +http://www.bing.com/bingbot.htm)"
66.249.64.84 - - [18/Aug/2022:13:00:58 +0200] "GET /japanese-dream-cbkreation-p-24360.html HTTP/1.0" 200 74837 "-" "Mozilla/5.0 (Linux; Android 6.0.1; Nexus 5X Build/MMB29P) AppleWebKit/537.36 (KHTML, like Gecko) Chrome/104.0.5112.79 Mobile Safari/537.36 (compatible; Googlebot/2.1; +http://www.google.com/bot.html)"
185.191.171.45 - - [18/Aug/2022:13:01:11 +0200] "GET /kimmidoll-doll-miwa-p-49804.html?action=add_product HTTP/1.0" 302 476 "-" "Mozilla/5.0 (compatible; SemrushBot/7~bl; +http://www.semrush.com/bot.html)"
185.191.171.16 - - [18/Aug/2022:13:01:12 +0200] "GET /tangled-disney-card-with-envelope-p-34447.html HTTP/1.0" 200 74232 "-" "Mozilla/5.0 (compatible; SemrushBot/7~bl; +http://www.semrush.com/bot.html)"
54.36.148.179 - - [18/Aug/2022:13:01:29 +0200] "GET /mini-minnie-mouse-figurine-p-56575.html HTTP/1.0" 200 75500 "-" "Mozilla/5.0 (compatible; AhrefsBot/7.0; +http://ahrefs.com/robot/)"
66.249.64.83 - - [18/Aug/2022:13:01:31 +0200] "GET /fff-white-mug-p-38004.html HTTP/1.0" 301 74127 "-" "Mozilla/5.0 (Linux; Android 6.0.1; Nexus 5X Build/MMB29P) AppleWebKit/537.36 (KHTML, like Gecko) Chrome/104.0.5112.79 Mobile Safari/537.36 (compatible; Googlebot/2.1; +http://www.google.com/bot.html)"
66.249.64.82 - - [18/Aug/2022:13:01:33 +0200] "GET /white-p-38004.html HTTP/1.0" 200 74055 "-" "Mozilla/5.0 (Linux; Android 6.0.1; Nexus 5X Build/MMB29P) AppleWebKit/537.36 (KHTML, like Gecko) Chrome/104.0.5112.79 Mobile Safari/537.36 (compatible; Googlebot/2.1; +http://www.google.com/bot.html)"
185.191.171.2 - - [18/Aug/2022:13:01:41 +0200] "GET /with-infuser-tiger-white-p-47844.html HTTP/1.0" 200 74195 "-" "Mozilla/5.0 (compatible; SemrushBot/7~bl; +http://www.semrush.com/bot.html)"
157.55.39.20 - - [18/Aug/2022:13:01:44 +0200] "GET /decorative-wooden-plate-bienvenue-p-51584.html HTTP/1.0" 200 74879 "-" "Mozilla/5.0 (compatible; bingbot/2.0; +http://www.bing.com/bingbot.htm)"
66.249.64.82 - - [18/Aug/2022:13:01:44 +0200] "GET /gorjuss-coaster-p-46926.html HTTP/1.0" 200 71542 "-" "Mozilla/5.0 (compatible; Googlebot/2.1; +http://www.google.com/bot.html)"
207.46.13.129 - - [18/Aug/2022:13:01:52 +0200] "GET /buddhist-bracelet-wooden-beads-black-p-37664.html HTTP/1.0" 200 74176 "-" "Mozilla/5.0 (compatible; bingbot/2.0; +http://www.bing.com/bingbot.htm)"
185.191.171.18 - - [18/Aug/2022:13:02:48 +0200] "GET /hello-kitty-by-victoria-casal-couture-purple-watch-p-20139.html HTTP/1.0" 301 71559 "-" "Mozilla/5.0 (compatible; SemrushBot/7~bl; +http://www.semrush.com/bot.html)"
185.191.171.6 - - [18/Aug/2022:13:02:50 +0200] "GET /-p-20139.html HTTP/1.0" 200 71492 "-" "Mozilla/5.0 (compatible; SemrushBot/7~bl; +http://www.semrush.com/bot.html)"
54.36.148.231 - - [18/Aug/2022:13:03:06 +0200] "GET /olympique-marseille-keyring-p-40811.html HTTP/1.0" 200 74196 "-" "Mozilla/5.0 (compatible; AhrefsBot/7.0; +http://ahrefs.com/robot/)"
157.55.39.9 - - [18/Aug/2022:13:03:42 +0200] "GET /domo-black-shirt-p-30048.html HTTP/1.0" 200 75258 "-" "Mozilla/5.0 (compatible; bingbot/2.0; +http://www.bing.com/bingbot.htm)"
185.191.171.15 - - [18/Aug/2022:13:04:06 +0200] "GET /soar-willow-tree-figurine-p-36267.html HTTP/1.0" 200 75024 "-" "Mozilla/5.0 (compatible; SemrushBot/7~bl; +http://www.semrush.com/bot.html)"
66.249.64.84 - - [18/Aug/2022:13:04:06 +0200] "GET /salt-with-spoon-atol-p-54569.html HTTP/1.0" 200 74313 "-" "Mozilla/5.0 (Linux; Android 6.0.1; Nexus 5X Build/MMB29P) AppleWebKit/537.36 (KHTML, like Gecko) Chrome/104.0.5112.101 Mobile Safari/537.36 (compatible; Googlebot/2.1; +http://www.google.com/bot.html)"
216.244.66.242 - - [18/Aug/2022:13:04:11 +0200] "GET /robots.txt HTTP/1.0" 200 245 "-" "Mozilla/5.0 (compatible; DotBot/1.2; +https://opensiteexplorer.org/dotbot; help@moz.com)"
34.91.17.176 - - [18/Aug/2022:13:04:13 +0200] "GET /images/big_prod_1/8424346366101B.jpg HTTP/1.0" 200 271 "-" "Mozilla/5.0 (X11; Ubuntu; Linux x86_64; rv:72.0) Gecko/20100101 Firefox/72.0"
35.210.104.101 - - [18/Aug/2022:13:04:27 +0200] "GET /robots.txt HTTP/1.0" 301 531 "-" "Go-http-client/1.1"
35.210.104.101 - - [18/Aug/2022:13:04:31 +0200] "GET /robots.txt HTTP/1.0" 200 245 "http://wonder-geek.com/robots.txt" "Go-http-client/1.1"
35.210.104.101 - - [18/Aug/2022:13:04:31 +0200] "GET /incense-holder-incense-burner-c-231_229.html HTTP/1.0" 200 92199 "-" "Mozilla/5.0 (compatible; VelenPublicWebCrawler/1.0; +https://velen.io)"
54.36.148.87 - - [18/Aug/2022:13:04:35 +0200] "GET /cushion-cover-cacatoeas-p-52019.html HTTP/1.0" 200 74979 "-" "Mozilla/5.0 (compatible; AhrefsBot/7.0; +http://ahrefs.com/robot/)"
66.249.64.82 - - [18/Aug/2022:13:04:37 +0200] "GET /images/mini_prod/1399984231258.jpg HTTP/1.0" 200 269 "-" "Googlebot-Image/1.0"
35.210.104.101 - - [18/Aug/2022:13:04:41 +0200] "GET /diffuser-perfume-essential-oils-c-231_162.html HTTP/1.0" 200 92000 "-" "Mozilla/5.0 (compatible; VelenPublicWebCrawler/1.0; +https://velen.io)"
66.249.64.82 - - [18/Aug/2022:13:04:47 +0200] "GET /ceramic-planter-p-55310.html HTTP/1.0" 200 74836 "-" "Mozilla/5.0 (Linux; Android 6.0.1; Nexus 5X Build/MMB29P) AppleWebKit/537.36 (KHTML, like Gecko) Chrome/104.0.5112.101 Mobile Safari/537.36 (compatible; Googlebot/2.1; +http://www.google.com/bot.html)"
185.191.171.2 - - [18/Aug/2022:13:05:07 +0200] "GET /salt-lamp-tree-life-approx-p-56834.html HTTP/1.0" 200 75208 "-" "Mozilla/5.0 (compatible; SemrushBot/7~bl; +http://www.semrush.com/bot.html)"
35.210.104.101 - - [18/Aug/2022:13:05:17 +0200] "GET /bell-wall-bell-c-13_270.html HTTP/1.0" 200 90568 "-" "Mozilla/5.0 (compatible; VelenPublicWebCrawler/1.0; +https://velen.io)"
35.202.73.229 - - [18/Aug/2022:13:05:28 +0200] "GET /images/mini_prod/8904245400026.jpg HTTP/1.0" 200 269 "-" "Mozilla/5.0 (X11; Ubuntu; Linux x86_64; rv:72.0) Gecko/20100101 Firefox/72.0"
35.210.104.101 - - [18/Aug/2022:13:05:32 +0200] "GET /bookend-c-13_202.html HTTP/1.0" 200 90043 "-" "Mozilla/5.0 (compatible; VelenPublicWebCrawler/1.0; +https://velen.io)"
54.36.149.30 - - [18/Aug/2022:13:06:05 +0200] "GET /vintage-black-telephone-clock-p-55993.html HTTP/1.0" 200 75071 "-" "Mozilla/5.0 (compatible; AhrefsBot/7.0; +http://ahrefs.com/robot/)"
54.36.149.97 - - [18/Aug/2022:13:06:08 +0200] "GET /images/big_prod_1/4029811445820B.jpg HTTP/1.0" 200 271 "-" "Mozilla/5.0 (compatible; AhrefsBot/7.0; +http://ahrefs.com/robot/)"
157.55.39.67 - - [18/Aug/2022:13:06:23 +0200] "GET /keel-toys-plush-pipp-panda-p-51011.html HTTP/1.0" 200 74346 "-" "Mozilla/5.0 (compatible; bingbot/2.0; +http://www.bing.com/bingbot.htm)"
185.191.171.8 - - [18/Aug/2022:13:06:34 +0200] "GET /frida-khalo-saucer-p-50163.html HTTP/1.0" 200 74150 "-" "Mozilla/5.0 (compatible; SemrushBot/7~bl; +http://www.semrush.com/bot.html)"
35.210.104.101 - - [18/Aug/2022:13:06:44 +0200] "GET /boxes-textile-storage-c-13_150_215.html HTTP/1.0" 200 79330 "-" "Mozilla/5.0 (compatible; VelenPublicWebCrawler/1.0; +https://velen.io)"
185.191.171.15 - - [18/Aug/2022:13:07:29 +0200] "GET /robots.txt HTTP/1.0" 200 245 "-" "Mozilla/5.0 (compatible; SemrushBot/7~bl; +http://www.semrush.com/bot.html)"
185.191.171.18 - - [18/Aug/2022:13:07:30 +0200] "GET /love-heart-bedclothes-p-35340.html?action=add_product HTTP/1.0" 302 476 "-" "Mozilla/5.0 (compatible; SemrushBot/7~bl; +http://www.semrush.com/bot.html)"
185.191.171.1 - - [18/Aug/2022:13:07:43 +0200] "GET /nature-charming-dekor-bedclothes-240-260-cm-p-47185.html HTTP/1.0" 301 71559 "-" "Mozilla/5.0 (compatible; SemrushBot/7~bl; +http://www.semrush.com/bot.html)"
185.191.171.34 - - [18/Aug/2022:13:07:46 +0200] "GET /-p-47185.html HTTP/1.0" 200 71492 "-" "Mozilla/5.0 (compatible; SemrushBot/7~bl; +http://www.semrush.com/bot.html)"
185.191.171.44 - - [18/Aug/2022:13:07:52 +0200] "GET /horse-photo-frame-p-26645.html HTTP/1.0" 200 74125 "-" "Mozilla/5.0 (compatible; SemrushBot/7~bl; +http://www.semrush.com/bot.html)"
54.36.148.91 - - [18/Aug/2022:13:07:52 +0200] "GET /ceramic-lamp-p-52608.html HTTP/1.0" 200 74919 "-" "Mozilla/5.0 (compatible; AhrefsBot/7.0; +http://ahrefs.com/robot/)"
157.55.39.233 - - [18/Aug/2022:13:07:59 +0200] "GET /ceramic-salt-with-spoon-dory-p-50650.html HTTP/1.0" 200 74204 "-" "Mozilla/5.0 (compatible; bingbot/2.0; +http://www.bing.com/bingbot.htm)"
35.210.104.101 - - [18/Aug/2022:13:08:02 +0200] "GET /boxes-storage-c-13_150.html HTTP/1.0" 200 95592 "-" "Mozilla/5.0 (compatible; VelenPublicWebCrawler/1.0; +https://velen.io)"
109.98.9.86 - - [18/Aug/2022:13:08:21 +0200] "GET /templates/Pixame_v1/stylesheet.css HTTP/1.0" 200 267 "http://www.wonder-geek.com/" "Mozilla/5.0 (Windows NT 10.0; Win64; x64) AppleWebKit/537.36 (KHTML, like Gecko) Chrome/104.0.5112.81 Safari/537.36 Edg/104.0.1293.54"
109.98.9.86 - - [18/Aug/2022:13:08:21 +0200] "GET /highslide/highslide.js HTTP/1.0" 200 262 "http://www.wonder-geek.com/" "Mozilla/5.0 (Windows NT 10.0; Win64; x64) AppleWebKit/537.36 (KHTML, like Gecko) Chrome/104.0.5112.81 Safari/537.36 Edg/104.0.1293.54"
109.98.9.86 - - [18/Aug/2022:13:08:21 +0200] "GET /js/jquery.jqzoom.js HTTP/1.0" 200 259 "http://www.wonder-geek.com/" "Mozilla/5.0 (Windows NT 10.0; Win64; x64) AppleWebKit/537.36 (KHTML, like Gecko) Chrome/104.0.5112.81 Safari/537.36 Edg/104.0.1293.54"
109.98.9.86 - - [18/Aug/2022:13:08:21 +0200] "GET /js/jquery.js HTTP/1.0" 200 252 "http://www.wonder-geek.com/" "Mozilla/5.0 (Windows NT 10.0; Win64; x64) AppleWebKit/537.36 (KHTML, like Gecko) Chrome/104.0.5112.81 Safari/537.36 Edg/104.0.1293.54"
109.98.9.86 - - [18/Aug/2022:13:08:21 +0200] "GET /mondial_relay/js/jquery-1.3.2.min.js HTTP/1.0" 200 276 "http://www.wonder-geek.com/" "Mozilla/5.0 (Windows NT 10.0; Win64; x64) AppleWebKit/537.36 (KHTML, like Gecko) Chrome/104.0.5112.81 Safari/537.36 Edg/104.0.1293.54"
109.98.9.86 - - [18/Aug/2022:13:08:21 +0200] "GET /swfobject.js HTTP/1.0" 404 1308 "http://www.wonder-geek.com/" "Mozilla/5.0 (Windows NT 10.0; Win64; x64) AppleWebKit/537.36 (KHTML, like Gecko) Chrome/104.0.5112.81 Safari/537.36 Edg/104.0.1293.54"
109.98.9.86 - - [18/Aug/2022:13:08:21 +0200] "GET /js/jquery.min.js HTTP/1.0" 404 1308 "http://www.wonder-geek.com/" "Mozilla/5.0 (Windows NT 10.0; Win64; x64) AppleWebKit/537.36 (KHTML, like Gecko) Chrome/104.0.5112.81 Safari/537.36 Edg/104.0.1293.54"
109.98.9.86 - - [18/Aug/2022:13:08:21 +0200] "GET /js/jquery.masonry.min.js HTTP/1.0" 200 264 "http://www.wonder-geek.com/" "Mozilla/5.0 (Windows NT 10.0; Win64; x64) AppleWebKit/537.36 (KHTML, like Gecko) Chrome/104.0.5112.81 Safari/537.36 Edg/104.0.1293.54"
109.98.9.86 - - [18/Aug/2022:13:08:21 +0200] "GET /templates/Pixame_v1/images/infobox/pixel_trans.gif HTTP/1.0" 200 328 "http://www.wonder-geek.com/" "Mozilla/5.0 (Windows NT 10.0; Win64; x64) AppleWebKit/537.36 (KHTML, like Gecko) Chrome/104.0.5112.81 Safari/537.36 Edg/104.0.1293.54"
109.98.9.86 - - [18/Aug/2022:13:08:21 +0200] "GET /js/modernizr-transitions.js HTTP/1.0" 200 267 "http://www.wonder-geek.com/" "Mozilla/5.0 (Windows NT 10.0; Win64; x64) AppleWebKit/537.36 (KHTML, like Gecko) Chrome/104.0.5112.81 Safari/537.36 Edg/104.0.1293.54"
109.98.9.86 - - [18/Aug/2022:13:08:21 +0200] "GET /templates/Pixame_v1/images/icon_accueil2.png HTTP/1.0" 200 278 "http://www.wonder-geek.com/" "Mozilla/5.0 (Windows NT 10.0; Win64; x64) AppleWebKit/537.36 (KHTML, like Gecko) Chrome/104.0.5112.81 Safari/537.36 Edg/104.0.1293.54"
109.98.9.86 - - [18/Aug/2022:13:08:21 +0200] "GET /images/pixel_trans.gif HTTP/1.0" 200 328 "http://www.wonder-geek.com/" "Mozilla/5.0 (Windows NT 10.0; Win64; x64) AppleWebKit/537.36 (KHTML, like Gecko) Chrome/104.0.5112.81 Safari/537.36 Edg/104.0.1293.54"
109.98.9.86 - - [18/Aug/2022:13:08:21 +0200] "GET /images/mini_prod/3700281670035.jpg HTTP/1.0" 200 269 "http://www.wonder-geek.com/" "Mozilla/5.0 (Windows NT 10.0; Win64; x64) AppleWebKit/537.36 (KHTML, like Gecko) Chrome/104.0.5112.81 Safari/537.36 Edg/104.0.1293.54"
109.98.9.86 - - [18/Aug/2022:13:08:21 +0200] "GET /templates/Pixame_v1/images/pixel_trans.gif HTTP/1.0" 200 328 "http://www.wonder-geek.com/" "Mozilla/5.0 (Windows NT 10.0; Win64; x64) AppleWebKit/537.36 (KHTML, like Gecko) Chrome/104.0.5112.81 Safari/537.36 Edg/104.0.1293.54"
109.98.9.86 - - [18/Aug/2022:13:08:21 +0200] "GET /templates/Pixame_v1/images/Bottom_texture.jpg HTTP/1.0" 200 280 "http://www.wonder-geek.com/templates/Pixame_v1/stylesheet.css" "Mozilla/5.0 (Windows NT 10.0; Win64; x64) AppleWebKit/537.36 (KHTML, like Gecko) Chrome/104.0.5112.81 Safari/537.36 Edg/104.0.1293.54"
109.98.9.86 - - [18/Aug/2022:13:08:21 +0200] "GET /templates/Pixame_v1/images/Middle_texture.jpg HTTP/1.0" 200 280 "http://www.wonder-geek.com/templates/Pixame_v1/stylesheet.css" "Mozilla/5.0 (Windows NT 10.0; Win64; x64) AppleWebKit/537.36 (KHTML, like Gecko) Chrome/104.0.5112.81 Safari/537.36 Edg/104.0.1293.54"
109.98.9.86 - - [18/Aug/2022:13:08:21 +0200] "GET /templates/Pixame_v1/images/nav.png HTTP/1.0" 200 268 "http://www.wonder-geek.com/templates/Pixame_v1/stylesheet.css" "Mozilla/5.0 (Windows NT 10.0; Win64; x64) AppleWebKit/537.36 (KHTML, like Gecko) Chrome/104.0.5112.81 Safari/537.36 Edg/104.0.1293.54"
109.98.9.86 - - [18/Aug/2022:13:08:21 +0200] "GET /templates/Pixame_v1/images/header.png HTTP/1.0" 200 271 "http://www.wonder-geek.com/templates/Pixame_v1/stylesheet.css" "Mozilla/5.0 (Windows NT 10.0; Win64; x64) AppleWebKit/537.36 (KHTML, like Gecko) Chrome/104.0.5112.81 Safari/537.36 Edg/104.0.1293.54"
109.98.9.86 - - [18/Aug/2022:13:08:21 +0200] "GET /templates/Pixame_v1/images/header-object.png HTTP/1.0" 200 278 "http://www.wonder-geek.com/templates/Pixame_v1/stylesheet.css" "Mozilla/5.0 (Windows NT 10.0; Win64; x64) AppleWebKit/537.36 (KHTML, like Gecko) Chrome/104.0.5112.81 Safari/537.36 Edg/104.0.1293.54"
109.98.9.86 - - [18/Aug/2022:13:08:21 +0200] "GET /design/productsenstock.png HTTP/1.0" 200 260 "http://www.wonder-geek.com/templates/Pixame_v1/stylesheet.css" "Mozilla/5.0 (Windows NT 10.0; Win64; x64) AppleWebKit/537.36 (KHTML, like Gecko) Chrome/104.0.5112.81 Safari/537.36 Edg/104.0.1293.54"
109.98.9.86 - - [18/Aug/2022:13:08:21 +0200] "GET /templates/Pixame_v1/images/infobox/infobox_footer_middle.gif HTTP/1.0" 200 357 "http://www.wonder-geek.com/" "Mozilla/5.0 (Windows NT 10.0; Win64; x64) AppleWebKit/537.36 (KHTML, like Gecko) Chrome/104.0.5112.81 Safari/537.36 Edg/104.0.1293.54"
109.98.9.86 - - [18/Aug/2022:13:08:18 +0200] "GET / HTTP/1.0" 200 152110 "-" "Mozilla/5.0 (Windows NT 10.0; Win64; x64) AppleWebKit/537.36 (KHTML, like Gecko) Chrome/104.0.5112.81 Safari/537.36 Edg/104.0.1293.54"
109.98.9.86 - - [18/Aug/2022:13:08:21 +0200] "GET /images/mini_prod/3665269133523.jpg HTTP/1.0" 200 269 "http://www.wonder-geek.com/" "Mozilla/5.0 (Windows NT 10.0; Win64; x64) AppleWebKit/537.36 (KHTML, like Gecko) Chrome/104.0.5112.81 Safari/537.36 Edg/104.0.1293.54"
109.98.9.86 - - [18/Aug/2022:13:08:21 +0200] "GET /images/mini_prod/8712159168792.jpg HTTP/1.0" 200 269 "http://www.wonder-geek.com/" "Mozilla/5.0 (Windows NT 10.0; Win64; x64) AppleWebKit/537.36 (KHTML, like Gecko) Chrome/104.0.5112.81 Safari/537.36 Edg/104.0.1293.54"
109.98.9.86 - - [18/Aug/2022:13:08:21 +0200] "GET /images/mini_prod/8424345631309.jpg HTTP/1.0" 200 269 "http://www.wonder-geek.com/" "Mozilla/5.0 (Windows NT 10.0; Win64; x64) AppleWebKit/537.36 (KHTML, like Gecko) Chrome/104.0.5112.81 Safari/537.36 Edg/104.0.1293.54"
109.98.9.86 - - [18/Aug/2022:13:08:21 +0200] "GET /images/mini_prod/3664900085245.jpg HTTP/1.0" 200 269 "http://www.wonder-geek.com/" "Mozilla/5.0 (Windows NT 10.0; Win64; x64) AppleWebKit/537.36 (KHTML, like Gecko) Chrome/104.0.5112.81 Safari/537.36 Edg/104.0.1293.54"
109.98.9.86 - - [18/Aug/2022:13:08:21 +0200] "GET /images/mini_prod/8424346248575.jpg HTTP/1.0" 200 269 "http://www.wonder-geek.com/" "Mozilla/5.0 (Windows NT 10.0; Win64; x64) AppleWebKit/537.36 (KHTML, like Gecko) Chrome/104.0.5112.81 Safari/537.36 Edg/104.0.1293.54"
109.98.9.86 - - [18/Aug/2022:13:08:21 +0200] "GET /images/mini_prod/3665269231748.jpg HTTP/1.0" 200 269 "http://www.wonder-geek.com/" "Mozilla/5.0 (Windows NT 10.0; Win64; x64) AppleWebKit/537.36 (KHTML, like Gecko) Chrome/104.0.5112.81 Safari/537.36 Edg/104.0.1293.54"
109.98.9.86 - - [18/Aug/2022:13:08:21 +0200] "GET /images/mini_prod/8433933252024.jpg HTTP/1.0" 200 269 "http://www.wonder-geek.com/" "Mozilla/5.0 (Windows NT 10.0; Win64; x64) AppleWebKit/537.36 (KHTML, like Gecko) Chrome/104.0.5112.81 Safari/537.36 Edg/104.0.1293.54"
109.98.9.86 - - [18/Aug/2022:13:08:21 +0200] "GET /images/mini_prod/8433933273388.jpg HTTP/1.0" 200 269 "http://www.wonder-geek.com/" "Mozilla/5.0 (Windows NT 10.0; Win64; x64) AppleWebKit/537.36 (KHTML, like Gecko) Chrome/104.0.5112.81 Safari/537.36 Edg/104.0.1293.54"
109.98.9.86 - - [18/Aug/2022:13:08:22 +0200] "GET /images/mini_prod/3665269131918.jpg HTTP/1.0" 200 269 "http://www.wonder-geek.com/" "Mozilla/5.0 (Windows NT 10.0; Win64; x64) AppleWebKit/537.36 (KHTML, like Gecko) Chrome/104.0.5112.81 Safari/537.36 Edg/104.0.1293.54"
109.98.9.86 - - [18/Aug/2022:13:08:22 +0200] "GET /images/mini_prod/3609810071926.jpg HTTP/1.0" 200 269 "http://www.wonder-geek.com/" "Mozilla/5.0 (Windows NT 10.0; Win64; x64) AppleWebKit/537.36 (KHTML, like Gecko) Chrome/104.0.5112.81 Safari/537.36 Edg/104.0.1293.54"
109.98.9.86 - - [18/Aug/2022:13:08:22 +0200] "GET /images/mini_prod/3665269134322.jpg HTTP/1.0" 200 269 "http://www.wonder-geek.com/" "Mozilla/5.0 (Windows NT 10.0; Win64; x64) AppleWebKit/537.36 (KHTML, like Gecko) Chrome/104.0.5112.81 Safari/537.36 Edg/104.0.1293.54"
109.98.9.86 - - [18/Aug/2022:13:08:22 +0200] "GET /images/mini_prod/3665269133905.jpg HTTP/1.0" 200 269 "http://www.wonder-geek.com/" "Mozilla/5.0 (Windows NT 10.0; Win64; x64) AppleWebKit/537.36 (KHTML, like Gecko) Chrome/104.0.5112.81 Safari/537.36 Edg/104.0.1293.54"
109.98.9.86 - - [18/Aug/2022:13:08:22 +0200] "GET /images/mini_prod/8433933273753.jpg HTTP/1.0" 200 269 "http://www.wonder-geek.com/" "Mozilla/5.0 (Windows NT 10.0; Win64; x64) AppleWebKit/537.36 (KHTML, like Gecko) Chrome/104.0.5112.81 Safari/537.36 Edg/104.0.1293.54"
109.98.9.86 - - [18/Aug/2022:13:08:22 +0200] "GET /images/mini_prod/8712159181630.jpg HTTP/1.0" 200 269 "http://www.wonder-geek.com/" "Mozilla/5.0 (Windows NT 10.0; Win64; x64) AppleWebKit/537.36 (KHTML, like Gecko) Chrome/104.0.5112.81 Safari/537.36 Edg/104.0.1293.54"
109.98.9.86 - - [18/Aug/2022:13:08:22 +0200] "GET /images/mini_prod/3700281667561.jpg HTTP/1.0" 200 269 "http://www.wonder-geek.com/" "Mozilla/5.0 (Windows NT 10.0; Win64; x64) AppleWebKit/537.36 (KHTML, like Gecko) Chrome/104.0.5112.81 Safari/537.36 Edg/104.0.1293.54"
109.98.9.86 - - [18/Aug/2022:13:08:22 +0200] "GET /images/mini_prod/8433933273623.jpg HTTP/1.0" 200 269 "http://www.wonder-geek.com/" "Mozilla/5.0 (Windows NT 10.0; Win64; x64) AppleWebKit/537.36 (KHTML, like Gecko) Chrome/104.0.5112.81 Safari/537.36 Edg/104.0.1293.54"
109.98.9.86 - - [18/Aug/2022:13:08:22 +0200] "GET /images/mini_prod/8424345983811.jpg HTTP/1.0" 200 269 "http://www.wonder-geek.com/" "Mozilla/5.0 (Windows NT 10.0; Win64; x64) AppleWebKit/537.36 (KHTML, like Gecko) Chrome/104.0.5112.81 Safari/537.36 Edg/104.0.1293.54"
109.98.9.86 - - [18/Aug/2022:13:08:22 +0200] "GET /images/mini_prod/8712159176766.jpg HTTP/1.0" 200 269 "http://www.wonder-geek.com/" "Mozilla/5.0 (Windows NT 10.0; Win64; x64) AppleWebKit/537.36 (KHTML, like Gecko) Chrome/104.0.5112.81 Safari/537.36 Edg/104.0.1293.54"
109.98.9.86 - - [18/Aug/2022:13:08:22 +0200] "GET /images/mini_prod/3665269134452.jpg HTTP/1.0" 200 269 "http://www.wonder-geek.com/" "Mozilla/5.0 (Windows NT 10.0; Win64; x64) AppleWebKit/537.36 (KHTML, like Gecko) Chrome/104.0.5112.81 Safari/537.36 Edg/104.0.1293.54"
109.98.9.86 - - [18/Aug/2022:13:08:22 +0200] "GET /images/mini_prod/3660173223988.jpg HTTP/1.0" 200 269 "http://www.wonder-geek.com/" "Mozilla/5.0 (Windows NT 10.0; Win64; x64) AppleWebKit/537.36 (KHTML, like Gecko) Chrome/104.0.5112.81 Safari/537.36 Edg/104.0.1293.54"
109.98.9.86 - - [18/Aug/2022:13:08:22 +0200] "GET /images/mini_prod/8712159183061.jpg HTTP/1.0" 200 269 "http://www.wonder-geek.com/" "Mozilla/5.0 (Windows NT 10.0; Win64; x64) AppleWebKit/537.36 (KHTML, like Gecko) Chrome/104.0.5112.81 Safari/537.36 Edg/104.0.1293.54"
109.98.9.86 - - [18/Aug/2022:13:08:22 +0200] "GET /images/mini_prod/3665269134193.jpg HTTP/1.0" 200 269 "http://www.wonder-geek.com/" "Mozilla/5.0 (Windows NT 10.0; Win64; x64) AppleWebKit/537.36 (KHTML, like Gecko) Chrome/104.0.5112.81 Safari/537.36 Edg/104.0.1293.54"
109.98.9.86 - - [18/Aug/2022:13:08:22 +0200] "GET /images/mini_prod/028399302567.jpg HTTP/1.0" 200 268 "http://www.wonder-geek.com/" "Mozilla/5.0 (Windows NT 10.0; Win64; x64) AppleWebKit/537.36 (KHTML, like Gecko) Chrome/104.0.5112.81 Safari/537.36 Edg/104.0.1293.54"
109.98.9.86 - - [18/Aug/2022:13:08:22 +0200] "GET /images/mini_prod/4542202657683.jpg HTTP/1.0" 200 269 "http://www.wonder-geek.com/" "Mozilla/5.0 (Windows NT 10.0; Win64; x64) AppleWebKit/537.36 (KHTML, like Gecko) Chrome/104.0.5112.81 Safari/537.36 Edg/104.0.1293.54"
109.98.9.86 - - [18/Aug/2022:13:08:22 +0200] "GET /images/mini_prod/3770024924237.jpg HTTP/1.0" 200 269 "http://www.wonder-geek.com/" "Mozilla/5.0 (Windows NT 10.0; Win64; x64) AppleWebKit/537.36 (KHTML, like Gecko) Chrome/104.0.5112.81 Safari/537.36 Edg/104.0.1293.54"
109.98.9.86 - - [18/Aug/2022:13:08:22 +0200] "GET /images/mini_prod/028399139842.jpg HTTP/1.0" 200 268 "http://www.wonder-geek.com/" "Mozilla/5.0 (Windows NT 10.0; Win64; x64) AppleWebKit/537.36 (KHTML, like Gecko) Chrome/104.0.5112.81 Safari/537.36 Edg/104.0.1293.54"
109.98.9.86 - - [18/Aug/2022:13:08:22 +0200] "GET /images/mini_prod/3700281659184.jpg HTTP/1.0" 200 269 "http://www.wonder-geek.com/" "Mozilla/5.0 (Windows NT 10.0; Win64; x64) AppleWebKit/537.36 (KHTML, like Gecko) Chrome/104.0.5112.81 Safari/537.36 Edg/104.0.1293.54"
109.98.9.86 - - [18/Aug/2022:13:08:22 +0200] "GET /images/mini_prod/8712159164282B.jpg HTTP/1.0" 200 270 "http://www.wonder-geek.com/" "Mozilla/5.0 (Windows NT 10.0; Win64; x64) AppleWebKit/537.36 (KHTML, like Gecko) Chrome/104.0.5112.81 Safari/537.36 Edg/104.0.1293.54"
109.98.9.86 - - [18/Aug/2022:13:08:22 +0200] "GET /images/mini_prod/8424346242931.jpg HTTP/1.0" 200 269 "http://www.wonder-geek.com/" "Mozilla/5.0 (Windows NT 10.0; Win64; x64) AppleWebKit/537.36 (KHTML, like Gecko) Chrome/104.0.5112.81 Safari/537.36 Edg/104.0.1293.54"
109.98.9.86 - - [18/Aug/2022:13:08:22 +0200] "GET /images/mini_prod/8712159183962.jpg HTTP/1.0" 200 269 "http://www.wonder-geek.com/" "Mozilla/5.0 (Windows NT 10.0; Win64; x64) AppleWebKit/537.36 (KHTML, like Gecko) Chrome/104.0.5112.81 Safari/537.36 Edg/104.0.1293.54"
109.98.9.86 - - [18/Aug/2022:13:08:22 +0200] "GET /images/mini_prod/3770024924244a.jpg HTTP/1.0" 200 270 "http://www.wonder-geek.com/" "Mozilla/5.0 (Windows NT 10.0; Win64; x64) AppleWebKit/537.36 (KHTML, like Gecko) Chrome/104.0.5112.81 Safari/537.36 Edg/104.0.1293.54"
109.98.9.86 - - [18/Aug/2022:13:08:22 +0200] "GET /images/mini_prod/8433933227251.jpg HTTP/1.0" 200 269 "http://www.wonder-geek.com/" "Mozilla/5.0 (Windows NT 10.0; Win64; x64) AppleWebKit/537.36 (KHTML, like Gecko) Chrome/104.0.5112.81 Safari/537.36 Edg/104.0.1293.54"
109.98.9.86 - - [18/Aug/2022:13:08:22 +0200] "GET /images/mini_prod/3660173245140.jpg HTTP/1.0" 200 269 "http://www.wonder-geek.com/" "Mozilla/5.0 (Windows NT 10.0; Win64; x64) AppleWebKit/537.36 (KHTML, like Gecko) Chrome/104.0.5112.81 Safari/537.36 Edg/104.0.1293.54"
109.98.9.86 - - [18/Aug/2022:13:08:22 +0200] "GET /images/mini_prod/3700281659092.jpg HTTP/1.0" 200 269 "http://www.wonder-geek.com/" "Mozilla/5.0 (Windows NT 10.0; Win64; x64) AppleWebKit/537.36 (KHTML, like Gecko) Chrome/104.0.5112.81 Safari/537.36 Edg/104.0.1293.54"
109.98.9.86 - - [18/Aug/2022:13:08:22 +0200] "GET /images/mini_prod/3700281670042A.jpg HTTP/1.0" 200 270 "http://www.wonder-geek.com/" "Mozilla/5.0 (Windows NT 10.0; Win64; x64) AppleWebKit/537.36 (KHTML, like Gecko) Chrome/104.0.5112.81 Safari/537.36 Edg/104.0.1293.54"
109.98.9.86 - - [18/Aug/2022:13:08:22 +0200] "GET /images/mini_prod/8712159111392.jpg HTTP/1.0" 200 269 "http://www.wonder-geek.com/" "Mozilla/5.0 (Windows NT 10.0; Win64; x64) AppleWebKit/537.36 (KHTML, like Gecko) Chrome/104.0.5112.81 Safari/537.36 Edg/104.0.1293.54"
