135.181.113.236 - - [18/Aug/2022:07:07:25 +0200] "GET /-p-41253.html HTTP/1.0" 200 71492 "-" "Mozilla/5.0 (compatible; MJ12bot/v1.4.8; http://mj12bot.com/)"
135.181.113.236 - - [18/Aug/2022:07:07:29 +0200] "GET /bamboo-laundry-basket-p-41254.html HTTP/1.0" 301 71559 "-" "Mozilla/5.0 (compatible; MJ12bot/v1.4.8; http://mj12bot.com/)"
135.181.113.236 - - [18/Aug/2022:07:07:31 +0200] "GET /-p-41254.html HTTP/1.0" 200 71492 "-" "Mozilla/5.0 (compatible; MJ12bot/v1.4.8; http://mj12bot.com/)"
135.181.113.236 - - [18/Aug/2022:07:07:34 +0200] "GET /bamboo-laundry-basket-p-44773.html HTTP/1.0" 301 71559 "-" "Mozilla/5.0 (compatible; MJ12bot/v1.4.8; http://mj12bot.com/)"
135.181.113.236 - - [18/Aug/2022:07:07:37 +0200] "GET /-p-44773.html HTTP/1.0" 200 71492 "-" "Mozilla/5.0 (compatible; MJ12bot/v1.4.8; http://mj12bot.com/)"
135.181.113.236 - - [18/Aug/2022:07:07:40 +0200] "GET /bamboo-laundry-basket-p-44774.html HTTP/1.0" 301 71559 "-" "Mozilla/5.0 (compatible; MJ12bot/v1.4.8; http://mj12bot.com/)"
135.181.113.236 - - [18/Aug/2022:07:07:43 +0200] "GET /-p-44774.html HTTP/1.0" 200 71492 "-" "Mozilla/5.0 (compatible; MJ12bot/v1.4.8; http://mj12bot.com/)"
135.181.113.236 - - [18/Aug/2022:07:07:46 +0200] "GET /bamboo-llama-folk-p-49518.html HTTP/1.0" 301 71559 "-" "Mozilla/5.0 (compatible; MJ12bot/v1.4.8; http://mj12bot.com/)"
135.181.113.236 - - [18/Aug/2022:07:07:49 +0200] "GET /-p-49518.html HTTP/1.0" 200 71492 "-" "Mozilla/5.0 (compatible; MJ12bot/v1.4.8; http://mj12bot.com/)"
135.181.113.236 - - [18/Aug/2022:07:07:52 +0200] "GET /bamboo-pot-cats-p-49516.html HTTP/1.0" 301 74189 "-" "Mozilla/5.0 (compatible; MJ12bot/v1.4.8; http://mj12bot.com/)"
135.181.113.236 - - [18/Aug/2022:07:07:55 +0200] "GET /bamboo-cats-p-49516.html HTTP/1.0" 200 74111 "-" "Mozilla/5.0 (compatible; MJ12bot/v1.4.8; http://mj12bot.com/)"
135.181.113.236 - - [18/Aug/2022:07:07:58 +0200] "GET /bamboo-pot-fish-p-49519.html HTTP/1.0" 301 71559 "-" "Mozilla/5.0 (compatible; MJ12bot/v1.4.8; http://mj12bot.com/)"
135.181.113.236 - - [18/Aug/2022:07:08:00 +0200] "GET /-p-49519.html HTTP/1.0" 200 71492 "-" "Mozilla/5.0 (compatible; MJ12bot/v1.4.8; http://mj12bot.com/)"
135.181.113.236 - - [18/Aug/2022:07:08:03 +0200] "GET /bamboo-pot-llama-folk-p-49518.html HTTP/1.0" 301 71559 "-" "Mozilla/5.0 (compatible; MJ12bot/v1.4.8; http://mj12bot.com/)"
135.181.113.236 - - [18/Aug/2022:07:08:06 +0200] "GET /-p-49518.html HTTP/1.0" 200 71492 "-" "Mozilla/5.0 (compatible; MJ12bot/v1.4.8; http://mj12bot.com/)"
135.181.113.236 - - [18/Aug/2022:07:08:09 +0200] "GET /banania-patchwork-placemat-p-35244.html HTTP/1.0" 200 74206 "-" "Mozilla/5.0 (compatible; MJ12bot/v1.4.8; http://mj12bot.com/)"
135.181.113.236 - - [18/Aug/2022:07:08:12 +0200] "GET /barbabravo-and-barbabright-set-cup-and-saucer-p-6480.html HTTP/1.0" 301 71556 "-" "Mozilla/5.0 (compatible; MJ12bot/v1.4.8; http://mj12bot.com/)"
54.36.148.130 - - [18/Aug/2022:07:08:13 +0200] "GET /industrial-storage-large-size-only-p-53386.html HTTP/1.0" 200 75129 "-" "Mozilla/5.0 (compatible; AhrefsBot/7.0; +http://ahrefs.com/robot/)"
135.181.113.236 - - [18/Aug/2022:07:08:16 +0200] "GET /-p-6480.html HTTP/1.0" 200 71490 "-" "Mozilla/5.0 (compatible; MJ12bot/v1.4.8; http://mj12bot.com/)"
135.181.113.236 - - [18/Aug/2022:07:08:21 +0200] "GET /barbabravo-melamine-plate-p-9353.html HTTP/1.0" 301 71556 "-" "Mozilla/5.0 (compatible; MJ12bot/v1.4.8; http://mj12bot.com/)"
135.181.113.236 - - [18/Aug/2022:07:08:26 +0200] "GET /-p-9353.html HTTP/1.0" 200 71490 "-" "Mozilla/5.0 (compatible; MJ12bot/v1.4.8; http://mj12bot.com/)"
135.181.113.236 - - [18/Aug/2022:07:08:32 +0200] "GET /barbabravo-wooden-plane-p-27242.html HTTP/1.0" 301 71559 "-" "Mozilla/5.0 (compatible; MJ12bot/v1.4.8; http://mj12bot.com/)"
135.181.113.236 - - [18/Aug/2022:07:08:36 +0200] "GET /-p-27242.html HTTP/1.0" 200 71492 "-" "Mozilla/5.0 (compatible; MJ12bot/v1.4.8; http://mj12bot.com/)"
135.181.113.236 - - [18/Aug/2022:07:08:39 +0200] "GET /barbalala-figure-p-474.html HTTP/1.0" 301 71553 "-" "Mozilla/5.0 (compatible; MJ12bot/v1.4.8; http://mj12bot.com/)"
135.181.113.236 - - [18/Aug/2022:07:08:42 +0200] "GET /-p-474.html HTTP/1.0" 200 71488 "-" "Mozilla/5.0 (compatible; MJ12bot/v1.4.8; http://mj12bot.com/)"
185.191.171.40 - - [18/Aug/2022:07:08:43 +0200] "GET /talent-ludwig-beethoven-tassen-made-germany-p-54341.html?action=add_product HTTP/1.0" 302 476 "-" "Mozilla/5.0 (compatible; SemrushBot/7~bl; +http://www.semrush.com/bot.html)"
135.181.113.236 - - [18/Aug/2022:07:08:46 +0200] "GET /barbalib-flowerpot-p-8306.html HTTP/1.0" 301 71556 "-" "Mozilla/5.0 (compatible; MJ12bot/v1.4.8; http://mj12bot.com/)"
135.181.113.236 - - [18/Aug/2022:07:08:49 +0200] "GET /-p-8306.html HTTP/1.0" 200 71490 "-" "Mozilla/5.0 (compatible; MJ12bot/v1.4.8; http://mj12bot.com/)"
135.181.113.236 - - [18/Aug/2022:07:08:52 +0200] "GET /barbalib-mug-p-2721.html HTTP/1.0" 301 71556 "-" "Mozilla/5.0 (compatible; MJ12bot/v1.4.8; http://mj12bot.com/)"
135.181.113.236 - - [18/Aug/2022:07:08:57 +0200] "GET /-p-2721.html HTTP/1.0" 200 71490 "-" "Mozilla/5.0 (compatible; MJ12bot/v1.4.8; http://mj12bot.com/)"
185.191.171.26 - - [18/Aug/2022:07:08:58 +0200] "GET /parrot-figurine-in-pottery-23-cm-p-44980.html HTTP/1.0" 301 74380 "-" "Mozilla/5.0 (compatible; SemrushBot/7~bl; +http://www.semrush.com/bot.html)"
185.191.171.19 - - [18/Aug/2022:07:09:01 +0200] "GET /parrot-figurine-pottery-p-44980.html HTTP/1.0" 200 74290 "-" "Mozilla/5.0 (compatible; SemrushBot/7~bl; +http://www.semrush.com/bot.html)"
135.181.113.236 - - [18/Aug/2022:07:09:01 +0200] "GET /barbamama-melamine-tray-p-8319.html HTTP/1.0" 301 71556 "-" "Mozilla/5.0 (compatible; MJ12bot/v1.4.8; http://mj12bot.com/)"
135.181.113.236 - - [18/Aug/2022:07:09:07 +0200] "GET /-p-8319.html HTTP/1.0" 200 71490 "-" "Mozilla/5.0 (compatible; MJ12bot/v1.4.8; http://mj12bot.com/)"
135.181.113.236 - - [18/Aug/2022:07:09:10 +0200] "GET /barbamama-mini-coffee-mug-p-5308.html HTTP/1.0" 301 71556 "-" "Mozilla/5.0 (compatible; MJ12bot/v1.4.8; http://mj12bot.com/)"
135.181.113.236 - - [18/Aug/2022:07:09:13 +0200] "GET /-p-5308.html HTTP/1.0" 200 71490 "-" "Mozilla/5.0 (compatible; MJ12bot/v1.4.8; http://mj12bot.com/)"
185.191.171.42 - - [18/Aug/2022:07:09:13 +0200] "GET /small-boxes-pill-c-13_150_154.html?page=3 HTTP/1.0" 200 89770 "-" "Mozilla/5.0 (compatible; SemrushBot/7~bl; +http://www.semrush.com/bot.html)"
135.181.113.236 - - [18/Aug/2022:07:09:16 +0200] "GET /barbapapa-beauty-p-3318.html HTTP/1.0" 200 74931 "-" "Mozilla/5.0 (compatible; MJ12bot/v1.4.8; http://mj12bot.com/)"
135.181.113.236 - - [18/Aug/2022:07:09:19 +0200] "GET /barbapapa-cushion-p-27407.html HTTP/1.0" 301 71559 "-" "Mozilla/5.0 (compatible; MJ12bot/v1.4.8; http://mj12bot.com/)"
185.191.171.10 - - [18/Aug/2022:07:09:27 +0200] "GET /fancy-elastic-bracelet-buddha-p-43734.html?action=add_product HTTP/1.0" 302 476 "-" "Mozilla/5.0 (compatible; SemrushBot/7~bl; +http://www.semrush.com/bot.html)"
54.36.148.49 - - [18/Aug/2022:07:09:45 +0200] "GET /tinted-candle-mass-p-56093.html HTTP/1.0" 200 74168 "-" "Mozilla/5.0 (compatible; AhrefsBot/7.0; +http://ahrefs.com/robot/)"
51.68.224.127 - - [18/Aug/2022:07:10:31 +0200] "GET /adminweb/export_orders_xml.php?token=256de2z6edz6ed2z6DFSFsed2zed6zeDSFDSGdzedezfzf&maxorders=10&orderstart=1&status=14&start_date=2018-10-01 HTTP/1.0" 200 285 "-" "GesCom CharlotteBoutik Serveur"
51.68.224.127 - - [18/Aug/2022:07:10:31 +0200] "GET /adminweb/export_orders_xml.php?token=256de2z6edz6ed2z6DFSFsed2zed6zeDSFDSGdzedezfzf&maxorders=10&orderstart=1&status=6&start_date=2018-10-01 HTTP/1.0" 200 33985 "-" "GesCom CharlotteBoutik Serveur"
66.249.64.82 - - [18/Aug/2022:07:10:56 +0200] "GET /nici-lucy-rectangular-black-pencil-case-p-13754.html HTTP/1.0" 200 74277 "-" "Mozilla/5.0 (Linux; Android 6.0.1; Nexus 5X Build/MMB29P) AppleWebKit/537.36 (KHTML, like Gecko) Chrome/104.0.5112.79 Mobile Safari/537.36 (compatible; Googlebot/2.1; +http://www.google.com/bot.html)"
66.249.64.82 - - [18/Aug/2022:07:10:57 +0200] "GET /mickey-club-house-rainwear-years-p-44013.html HTTP/1.0" 200 74155 "-" "Mozilla/5.0 (compatible; Googlebot/2.1; +http://www.google.com/bot.html)"
185.191.171.38 - - [18/Aug/2022:07:10:58 +0200] "GET /support-metal-bottle-lovers-p-41013.html HTTP/1.0" 200 71624 "-" "Mozilla/5.0 (compatible; SemrushBot/7~bl; +http://www.semrush.com/bot.html)"
66.249.64.84 - - [18/Aug/2022:07:11:07 +0200] "GET /cotton-adult-apron-p-41603.html HTTP/1.0" 200 74092 "-" "Mozilla/5.0 (Linux; Android 6.0.1; Nexus 5X Build/MMB29P) AppleWebKit/537.36 (KHTML, like Gecko) Chrome/104.0.5112.79 Mobile Safari/537.36 (compatible; Googlebot/2.1; +http://www.google.com/bot.html)"
54.36.148.224 - - [18/Aug/2022:07:11:28 +0200] "GET /provence-enamelled-ring-p-46909.html HTTP/1.0" 200 74787 "-" "Mozilla/5.0 (compatible; AhrefsBot/7.0; +http://ahrefs.com/robot/)"
54.36.148.141 - - [18/Aug/2022:07:11:31 +0200] "GET /images/big_prod_1/8422000023919B.jpg HTTP/1.0" 200 271 "-" "Mozilla/5.0 (compatible; AhrefsBot/7.0; +http://ahrefs.com/robot/)"
54.36.148.0 - - [18/Aug/2022:07:11:31 +0200] "GET /images/big_prod/8422000023919.jpg HTTP/1.0" 200 268 "-" "Mozilla/5.0 (compatible; AhrefsBot/7.0; +http://ahrefs.com/robot/)"
66.249.64.83 - - [18/Aug/2022:07:11:51 +0200] "GET /white-skull-keyrings-sound-light-p-40193.html HTTP/1.0" 200 74337 "-" "Mozilla/5.0 (compatible; Googlebot/2.1; +http://www.google.com/bot.html)"
77.75.76.162 - - [18/Aug/2022:07:11:57 +0200] "GET /robots.txt HTTP/1.0" 200 245 "-" "Mozilla/5.0 (compatible; SeznamBot/3.2; +http://napoveda.seznam.cz/en/seznambot-intro/)"
77.75.76.162 - - [18/Aug/2022:07:11:58 +0200] "GET /accessories-c-3.html HTTP/1.0" 200 94320 "-" "Mozilla/5.0 (compatible; SeznamBot/3.2; +http://napoveda.seznam.cz/en/seznambot-intro/)"
185.191.171.23 - - [18/Aug/2022:07:12:13 +0200] "GET /small-ceramic-lamp-p-54851.html HTTP/1.0" 200 71574 "-" "Mozilla/5.0 (compatible; SemrushBot/7~bl; +http://www.semrush.com/bot.html)"
135.181.113.236 - - [18/Aug/2022:07:12:18 +0200] "GET /barbapapa-cushion-p-27407.html HTTP/1.0" 301 71559 "-" "Mozilla/5.0 (compatible; MJ12bot/v1.4.8; http://mj12bot.com/)"
135.181.113.236 - - [18/Aug/2022:07:12:21 +0200] "GET /-p-27407.html HTTP/1.0" 200 71492 "-" "Mozilla/5.0 (compatible; MJ12bot/v1.4.8; http://mj12bot.com/)"
135.181.113.236 - - [18/Aug/2022:07:12:24 +0200] "GET /barbapapa-kids-blue-school-bag-p-19803.html HTTP/1.0" 301 71559 "-" "Mozilla/5.0 (compatible; MJ12bot/v1.4.8; http://mj12bot.com/)"
135.181.113.236 - - [18/Aug/2022:07:12:26 +0200] "GET /-p-19803.html HTTP/1.0" 200 71492 "-" "Mozilla/5.0 (compatible; MJ12bot/v1.4.8; http://mj12bot.com/)"
135.181.113.236 - - [18/Aug/2022:07:12:29 +0200] "GET /barbapapa-my-little-radio-p-36790.html HTTP/1.0" 301 71559 "-" "Mozilla/5.0 (compatible; MJ12bot/v1.4.8; http://mj12bot.com/)"
135.181.113.236 - - [18/Aug/2022:07:12:32 +0200] "GET /-p-36790.html HTTP/1.0" 200 71492 "-" "Mozilla/5.0 (compatible; MJ12bot/v1.4.8; http://mj12bot.com/)"
135.181.113.236 - - [18/Aug/2022:07:12:34 +0200] "GET /barbapapa-pastry-making-kit-p-11659.html HTTP/1.0" 301 71559 "-" "Mozilla/5.0 (compatible; MJ12bot/v1.4.8; http://mj12bot.com/)"
185.191.171.3 - - [18/Aug/2022:07:12:37 +0200] "GET /household-linen-c-11.html?page=20 HTTP/1.0" 200 94216 "-" "Mozilla/5.0 (compatible; SemrushBot/7~bl; +http://www.semrush.com/bot.html)"
135.181.113.236 - - [18/Aug/2022:07:12:37 +0200] "GET /-p-11659.html HTTP/1.0" 200 71492 "-" "Mozilla/5.0 (compatible; MJ12bot/v1.4.8; http://mj12bot.com/)"
135.181.113.236 - - [18/Aug/2022:07:12:41 +0200] "GET /barbapapa-pastry-making-p-11659.html HTTP/1.0" 301 71559 "-" "Mozilla/5.0 (compatible; MJ12bot/v1.4.8; http://mj12bot.com/)"
135.181.113.236 - - [18/Aug/2022:07:12:44 +0200] "GET /-p-11659.html HTTP/1.0" 200 71492 "-" "Mozilla/5.0 (compatible; MJ12bot/v1.4.8; http://mj12bot.com/)"
135.181.113.236 - - [18/Aug/2022:07:12:47 +0200] "GET /barbapapa-personal-diary-p-5117.html HTTP/1.0" 301 71556 "-" "Mozilla/5.0 (compatible; MJ12bot/v1.4.8; http://mj12bot.com/)"
135.181.113.236 - - [18/Aug/2022:07:12:49 +0200] "GET /-p-5117.html HTTP/1.0" 200 71490 "-" "Mozilla/5.0 (compatible; MJ12bot/v1.4.8; http://mj12bot.com/)"
66.249.64.84 - - [18/Aug/2022:07:12:50 +0200] "GET /small-white-corsican-money-p-54518.html HTTP/1.0" 200 74246 "-" "Mozilla/5.0 (Linux; Android 6.0.1; Nexus 5X Build/MMB29P) AppleWebKit/537.36 (KHTML, like Gecko) Chrome/104.0.5112.79 Mobile Safari/537.36 (compatible; Googlebot/2.1; +http://www.google.com/bot.html)"
135.181.113.236 - - [18/Aug/2022:07:12:52 +0200] "GET /barbapapa-pink-cosmetic-bag-p-7105.html HTTP/1.0" 301 71556 "-" "Mozilla/5.0 (compatible; MJ12bot/v1.4.8; http://mj12bot.com/)"
185.191.171.35 - - [18/Aug/2022:07:12:54 +0200] "GET /decorative-metal-plate-cbkreation-p-52896.html HTTP/1.0" 200 74253 "-" "Mozilla/5.0 (compatible; SemrushBot/7~bl; +http://www.semrush.com/bot.html)"
135.181.113.236 - - [18/Aug/2022:07:12:56 +0200] "GET /-p-7105.html HTTP/1.0" 200 71490 "-" "Mozilla/5.0 (compatible; MJ12bot/v1.4.8; http://mj12bot.com/)"
185.191.171.19 - - [18/Aug/2022:07:12:58 +0200] "GET /postcard-with-envelope-happy-birthday-p-48869.html?action=add_product HTTP/1.0" 302 476 "-" "Mozilla/5.0 (compatible; SemrushBot/7~bl; +http://www.semrush.com/bot.html)"
135.181.113.236 - - [18/Aug/2022:07:13:00 +0200] "GET /barbapapa-pink-kids-school-bag-p-14471.html HTTP/1.0" 301 74575 "-" "Mozilla/5.0 (compatible; MJ12bot/v1.4.8; http://mj12bot.com/)"
135.181.113.236 - - [18/Aug/2022:07:13:02 +0200] "GET /barbapapa-pink-kids-school-p-14471.html HTTP/1.0" 200 74482 "-" "Mozilla/5.0 (compatible; MJ12bot/v1.4.8; http://mj12bot.com/)"
135.181.113.236 - - [18/Aug/2022:07:13:05 +0200] "GET /barbapapa-pink-kids-school-bag-p-14472.html HTTP/1.0" 301 74578 "-" "Mozilla/5.0 (compatible; MJ12bot/v1.4.8; http://mj12bot.com/)"
135.181.113.236 - - [18/Aug/2022:07:13:08 +0200] "GET /barbapapa-pink-kids-school-p-14472.html HTTP/1.0" 200 74485 "-" "Mozilla/5.0 (compatible; MJ12bot/v1.4.8; http://mj12bot.com/)"
185.191.171.34 - - [18/Aug/2022:07:13:09 +0200] "GET /round-pillow-macaron-p-50732.html HTTP/1.0" 301 71559 "-" "Mozilla/5.0 (compatible; SemrushBot/7~bl; +http://www.semrush.com/bot.html)"
54.36.148.36 - - [18/Aug/2022:07:13:09 +0200] "GET /handcraft-bedclothes-p-52087.html HTTP/1.0" 200 74183 "-" "Mozilla/5.0 (compatible; AhrefsBot/7.0; +http://ahrefs.com/robot/)"
135.181.113.236 - - [18/Aug/2022:07:13:11 +0200] "GET /barbapapa-pink-kids-school-p-14471.html HTTP/1.0" 200 74482 "-" "Mozilla/5.0 (compatible; MJ12bot/v1.4.8; http://mj12bot.com/)"
185.191.171.19 - - [18/Aug/2022:07:13:12 +0200] "GET /-p-50732.html HTTP/1.0" 200 71492 "-" "Mozilla/5.0 (compatible; SemrushBot/7~bl; +http://www.semrush.com/bot.html)"
54.36.149.43 - - [18/Aug/2022:07:13:14 +0200] "GET /images/big_prod/3665269059458.jpg HTTP/1.0" 200 268 "-" "Mozilla/5.0 (compatible; AhrefsBot/7.0; +http://ahrefs.com/robot/)"
135.181.113.236 - - [18/Aug/2022:07:13:15 +0200] "GET /barbapapa-pink-kids-school-p-14472.html HTTP/1.0" 200 74485 "-" "Mozilla/5.0 (compatible; MJ12bot/v1.4.8; http://mj12bot.com/)"
135.181.113.236 - - [18/Aug/2022:07:13:18 +0200] "GET /barbapapa-set-of-jars-of-clay-p-15254.html HTTP/1.0" 301 71559 "-" "Mozilla/5.0 (compatible; MJ12bot/v1.4.8; http://mj12bot.com/)"
135.181.113.236 - - [18/Aug/2022:07:13:21 +0200] "GET /-p-15254.html HTTP/1.0" 200 71492 "-" "Mozilla/5.0 (compatible; MJ12bot/v1.4.8; http://mj12bot.com/)"
185.191.171.3 - - [18/Aug/2022:07:13:22 +0200] "GET /citron-collection-large-metal-plate-deco-p-34130.html HTTP/1.0" 200 74271 "-" "Mozilla/5.0 (compatible; SemrushBot/7~bl; +http://www.semrush.com/bot.html)"
135.181.113.236 - - [18/Aug/2022:07:13:24 +0200] "GET /barbapapa-small-backpack-p-26549.html HTTP/1.0" 301 71559 "-" "Mozilla/5.0 (compatible; MJ12bot/v1.4.8; http://mj12bot.com/)"
135.181.113.236 - - [18/Aug/2022:07:13:27 +0200] "GET /-p-26549.html HTTP/1.0" 200 71492 "-" "Mozilla/5.0 (compatible; MJ12bot/v1.4.8; http://mj12bot.com/)"
135.181.113.236 - - [18/Aug/2022:07:13:29 +0200] "GET /barbapapa-small-backpack-p-26553.html HTTP/1.0" 301 71559 "-" "Mozilla/5.0 (compatible; MJ12bot/v1.4.8; http://mj12bot.com/)"
135.181.113.236 - - [18/Aug/2022:07:13:32 +0200] "GET /-p-26553.html HTTP/1.0" 200 71492 "-" "Mozilla/5.0 (compatible; MJ12bot/v1.4.8; http://mj12bot.com/)"
135.181.113.236 - - [18/Aug/2022:07:13:35 +0200] "GET /barbapapa-stackable-cubes-p-19441.html HTTP/1.0" 301 71559 "-" "Mozilla/5.0 (compatible; MJ12bot/v1.4.8; http://mj12bot.com/)"
135.181.113.236 - - [18/Aug/2022:07:13:38 +0200] "GET /-p-19441.html HTTP/1.0" 200 71492 "-" "Mozilla/5.0 (compatible; MJ12bot/v1.4.8; http://mj12bot.com/)"
135.181.113.236 - - [18/Aug/2022:07:13:41 +0200] "GET /barbibul-melamine-plate-p-9357.html HTTP/1.0" 301 71556 "-" "Mozilla/5.0 (compatible; MJ12bot/v1.4.8; http://mj12bot.com/)"
35.193.6.71 - - [18/Aug/2022:07:13:43 +0200] "GET /images/mini_prod/5018997513248.jpg HTTP/1.0" 200 269 "-" "Mozilla/5.0 (X11; Ubuntu; Linux x86_64; rv:72.0) Gecko/20100101 Firefox/72.0"
135.181.113.236 - - [18/Aug/2022:07:13:44 +0200] "GET /-p-9357.html HTTP/1.0" 200 71490 "-" "Mozilla/5.0 (compatible; MJ12bot/v1.4.8; http://mj12bot.com/)"
135.181.113.236 - - [18/Aug/2022:07:13:46 +0200] "GET /barbibul-mug-p-2669.html HTTP/1.0" 301 71556 "-" "Mozilla/5.0 (compatible; MJ12bot/v1.4.8; http://mj12bot.com/)"
135.181.113.236 - - [18/Aug/2022:07:13:49 +0200] "GET /-p-2669.html HTTP/1.0" 200 71490 "-" "Mozilla/5.0 (compatible; MJ12bot/v1.4.8; http://mj12bot.com/)"
135.181.113.236 - - [18/Aug/2022:07:13:52 +0200] "GET /barbie-little-trolley-p-20213.html HTTP/1.0" 301 71559 "-" "Mozilla/5.0 (compatible; MJ12bot/v1.4.8; http://mj12bot.com/)"
135.181.113.236 - - [18/Aug/2022:07:13:55 +0200] "GET /-p-20213.html HTTP/1.0" 200 71492 "-" "Mozilla/5.0 (compatible; MJ12bot/v1.4.8; http://mj12bot.com/)"
135.181.113.236 - - [18/Aug/2022:07:13:57 +0200] "GET /barbie-polar-blanket-p-10713.html HTTP/1.0" 301 71559 "-" "Mozilla/5.0 (compatible; MJ12bot/v1.4.8; http://mj12bot.com/)"
135.181.113.236 - - [18/Aug/2022:07:14:00 +0200] "GET /-p-10713.html HTTP/1.0" 200 71492 "-" "Mozilla/5.0 (compatible; MJ12bot/v1.4.8; http://mj12bot.com/)"
135.181.113.236 - - [18/Aug/2022:07:14:03 +0200] "GET /barbie-pop-polar-blanket-p-10713.html HTTP/1.0" 301 71559 "-" "Mozilla/5.0 (compatible; MJ12bot/v1.4.8; http://mj12bot.com/)"
135.181.113.236 - - [18/Aug/2022:07:14:06 +0200] "GET /-p-10713.html HTTP/1.0" 200 71492 "-" "Mozilla/5.0 (compatible; MJ12bot/v1.4.8; http://mj12bot.com/)"
135.181.113.236 - - [18/Aug/2022:07:14:09 +0200] "GET /bart-simpsons-small-cushion-p-22178.html HTTP/1.0" 301 71559 "-" "Mozilla/5.0 (compatible; MJ12bot/v1.4.8; http://mj12bot.com/)"
135.181.113.236 - - [18/Aug/2022:07:14:12 +0200] "GET /-p-22178.html HTTP/1.0" 200 71492 "-" "Mozilla/5.0 (compatible; MJ12bot/v1.4.8; http://mj12bot.com/)"
135.181.113.236 - - [18/Aug/2022:07:14:15 +0200] "GET /bas-relief-panel-of-elephants-carved-on-raw-wood-45-15-cm-p-47213.html HTTP/1.0" 301 71769 "-" "Mozilla/5.0 (compatible; MJ12bot/v1.4.8; http://mj12bot.com/)"
135.181.113.236 - - [18/Aug/2022:07:14:18 +0200] "GET /relief-panel-elephants-carved-wood-p-47213.html HTTP/1.0" 200 71668 "-" "Mozilla/5.0 (compatible; MJ12bot/v1.4.8; http://mj12bot.com/)"
135.181.113.236 - - [18/Aug/2022:07:14:21 +0200] "GET /batik-wall-hanging-hand-of-fatima-75-115-cm-p-49453.html HTTP/1.0" 301 74464 "-" "Mozilla/5.0 (compatible; MJ12bot/v1.4.8; http://mj12bot.com/)"
135.181.113.236 - - [18/Aug/2022:07:14:24 +0200] "GET /batik-wall-hanging-hand-fatima-p-49453.html HTTP/1.0" 200 74367 "-" "Mozilla/5.0 (compatible; MJ12bot/v1.4.8; http://mj12bot.com/)"
135.181.113.236 - - [18/Aug/2022:07:14:27 +0200] "GET /batik-wall-hanging-the-meditator-75-115-cm-p-49455.html HTTP/1.0" 301 74453 "-" "Mozilla/5.0 (compatible; MJ12bot/v1.4.8; http://mj12bot.com/)"
135.181.113.236 - - [18/Aug/2022:07:14:30 +0200] "GET /batik-wall-hanging-meditator-p-49455.html HTTP/1.0" 200 74358 "-" "Mozilla/5.0 (compatible; MJ12bot/v1.4.8; http://mj12bot.com/)"
135.181.113.236 - - [18/Aug/2022:07:14:34 +0200] "GET /batman-arkham-knight-poster-p-30242.html HTTP/1.0" 301 71559 "-" "Mozilla/5.0 (compatible; MJ12bot/v1.4.8; http://mj12bot.com/)"
135.181.113.236 - - [18/Aug/2022:07:14:36 +0200] "GET /-p-30242.html HTTP/1.0" 200 71492 "-" "Mozilla/5.0 (compatible; MJ12bot/v1.4.8; http://mj12bot.com/)"
135.181.113.236 - - [18/Aug/2022:07:14:40 +0200] "GET /beach-bar-green-metal-tray-33-cm-p-39378.html HTTP/1.0" 301 74384 "-" "Mozilla/5.0 (compatible; MJ12bot/v1.4.8; http://mj12bot.com/)"
135.181.113.236 - - [18/Aug/2022:07:14:43 +0200] "GET /best-summer-pink-metal-tray-p-39378.html HTTP/1.0" 200 74290 "-" "Mozilla/5.0 (compatible; MJ12bot/v1.4.8; http://mj12bot.com/)"
135.181.113.236 - - [18/Aug/2022:07:14:46 +0200] "GET /bear-cushion-cherry-pits-p-46530.html HTTP/1.0" 200 74191 "-" "Mozilla/5.0 (compatible; MJ12bot/v1.4.8; http://mj12bot.com/)"
135.181.113.236 - - [18/Aug/2022:07:14:50 +0200] "GET /beatles-sergent-peppers-mug-p-4162.html HTTP/1.0" 301 71556 "-" "Mozilla/5.0 (compatible; MJ12bot/v1.4.8; http://mj12bot.com/)"
135.181.113.236 - - [18/Aug/2022:07:14:53 +0200] "GET /-p-4162.html HTTP/1.0" 200 71490 "-" "Mozilla/5.0 (compatible; MJ12bot/v1.4.8; http://mj12bot.com/)"
135.181.113.236 - - [18/Aug/2022:07:14:55 +0200] "GET /bed-linen-in-cotton-romancy-230-250-cm-brown-p-39202.html HTTP/1.0" 301 71559 "-" "Mozilla/5.0 (compatible; MJ12bot/v1.4.8; http://mj12bot.com/)"
66.249.64.83 - - [18/Aug/2022:07:14:56 +0200] "GET /maisy-melamine-plate-p-15249.html HTTP/1.0" 200 74227 "-" "Mozilla/5.0 (compatible; Googlebot/2.1; +http://www.google.com/bot.html)"
54.36.148.5 - - [18/Aug/2022:07:14:57 +0200] "GET /cotton-floor-cushion-izumi-p-57739.html HTTP/1.0" 200 74908 "-" "Mozilla/5.0 (compatible; AhrefsBot/7.0; +http://ahrefs.com/robot/)"
135.181.113.236 - - [18/Aug/2022:07:14:58 +0200] "GET /-p-39202.html HTTP/1.0" 200 71492 "-" "Mozilla/5.0 (compatible; MJ12bot/v1.4.8; http://mj12bot.com/)"
135.181.113.236 - - [18/Aug/2022:07:15:02 +0200] "GET /bedside-lamp-copper-34-cm-p-52455.html HTTP/1.0" 301 75165 "-" "Mozilla/5.0 (compatible; MJ12bot/v1.4.8; http://mj12bot.com/)"
135.181.113.236 - - [18/Aug/2022:07:15:05 +0200] "GET /bedside-lamp-copper-p-52455.html HTTP/1.0" 200 75079 "-" "Mozilla/5.0 (compatible; MJ12bot/v1.4.8; http://mj12bot.com/)"
135.181.113.236 - - [18/Aug/2022:07:15:08 +0200] "GET /bedside-lamp-copper-p-52455.html HTTP/1.0" 200 75079 "-" "Mozilla/5.0 (compatible; MJ12bot/v1.4.8; http://mj12bot.com/)"
135.181.113.236 - - [18/Aug/2022:07:15:11 +0200] "GET /bedside-lamp-taupe-28-cm-p-52456.html HTTP/1.0" 301 75153 "-" "Mozilla/5.0 (compatible; MJ12bot/v1.4.8; http://mj12bot.com/)"
135.181.113.236 - - [18/Aug/2022:07:15:13 +0200] "GET /bedside-lamp-taupe-p-52456.html HTTP/1.0" 200 75068 "-" "Mozilla/5.0 (compatible; MJ12bot/v1.4.8; http://mj12bot.com/)"
135.181.113.236 - - [18/Aug/2022:07:15:16 +0200] "GET /beige-bedclothes-140-200-cm-p-36971.html HTTP/1.0" 301 71559 "-" "Mozilla/5.0 (compatible; MJ12bot/v1.4.8; http://mj12bot.com/)"
135.181.113.236 - - [18/Aug/2022:07:15:19 +0200] "GET /-p-36971.html HTTP/1.0" 200 71492 "-" "Mozilla/5.0 (compatible; MJ12bot/v1.4.8; http://mj12bot.com/)"
66.249.64.83 - - [18/Aug/2022:07:15:21 +0200] "GET /retro-p-58088.html HTTP/1.0" 200 74782 "-" "Mozilla/5.0 (Linux; Android 6.0.1; Nexus 5X Build/MMB29P) AppleWebKit/537.36 (KHTML, like Gecko) Chrome/104.0.5112.79 Mobile Safari/537.36 (compatible; Googlebot/2.1; +http://www.google.com/bot.html)"
135.181.113.236 - - [18/Aug/2022:07:15:22 +0200] "GET /beige-forest-bedclothes-240-220-cm-p-39071.html HTTP/1.0" 301 71559 "-" "Mozilla/5.0 (compatible; MJ12bot/v1.4.8; http://mj12bot.com/)"
135.181.113.236 - - [18/Aug/2022:07:15:25 +0200] "GET /-p-39071.html HTTP/1.0" 200 71492 "-" "Mozilla/5.0 (compatible; MJ12bot/v1.4.8; http://mj12bot.com/)"
135.181.113.236 - - [18/Aug/2022:07:15:27 +0200] "GET /beige-forest-bedclothes-p-39071.html HTTP/1.0" 301 71559 "-" "Mozilla/5.0 (compatible; MJ12bot/v1.4.8; http://mj12bot.com/)"
135.181.113.236 - - [18/Aug/2022:07:15:30 +0200] "GET /-p-39071.html HTTP/1.0" 200 71492 "-" "Mozilla/5.0 (compatible; MJ12bot/v1.4.8; http://mj12bot.com/)"
135.181.113.236 - - [18/Aug/2022:07:15:33 +0200] "GET /beige-rabbit-money-bank-p-56207.html HTTP/1.0" 200 74845 "-" "Mozilla/5.0 (compatible; MJ12bot/v1.4.8; http://mj12bot.com/)"
135.181.113.236 - - [18/Aug/2022:07:15:36 +0200] "GET /belize-rectangulary-cushion-by-cbkreation-p-36723.html HTTP/1.0" 301 71559 "-" "Mozilla/5.0 (compatible; MJ12bot/v1.4.8; http://mj12bot.com/)"
135.181.113.236 - - [18/Aug/2022:07:15:39 +0200] "GET /-p-36723.html HTTP/1.0" 200 71492 "-" "Mozilla/5.0 (compatible; MJ12bot/v1.4.8; http://mj12bot.com/)"
135.181.113.236 - - [18/Aug/2022:07:15:42 +0200] "GET /belize-rectangulary-cushion-cbkreation-p-36723.html HTTP/1.0" 301 71559 "-" "Mozilla/5.0 (compatible; MJ12bot/v1.4.8; http://mj12bot.com/)"
135.181.113.236 - - [18/Aug/2022:07:15:44 +0200] "GET /-p-36723.html HTTP/1.0" 200 71492 "-" "Mozilla/5.0 (compatible; MJ12bot/v1.4.8; http://mj12bot.com/)"
135.181.113.236 - - [18/Aug/2022:07:15:47 +0200] "GET /bell-golden-brass-and-wood-table-205-10-cm-p-41448.html HTTP/1.0" 301 74380 "-" "Mozilla/5.0 (compatible; MJ12bot/v1.4.8; http://mj12bot.com/)"
135.181.113.236 - - [18/Aug/2022:07:15:51 +0200] "GET /bell-golden-brass-wood-table-p-41448.html HTTP/1.0" 200 74285 "-" "Mozilla/5.0 (compatible; MJ12bot/v1.4.8; http://mj12bot.com/)"
135.181.113.236 - - [18/Aug/2022:07:15:54 +0200] "GET /bell-golden-brass-wood-table-p-41448.html HTTP/1.0" 200 74285 "-" "Mozilla/5.0 (compatible; MJ12bot/v1.4.8; http://mj12bot.com/)"
135.181.113.236 - - [18/Aug/2022:07:15:57 +0200] "GET /best-summer-pink-metal-tray-p-39378.html HTTP/1.0" 200 74290 "-" "Mozilla/5.0 (compatible; MJ12bot/v1.4.8; http://mj12bot.com/)"
66.249.64.83 - - [18/Aug/2022:07:15:58 +0200] "GET /foliage-carpet-p-48572.html HTTP/1.0" 200 74324 "-" "Mozilla/5.0 (compatible; Googlebot/2.1; +http://www.google.com/bot.html)"
185.191.171.8 - - [18/Aug/2022:07:15:59 +0200] "GET /minions-yellow-bananas-clock-p-31918.html?action=add_product HTTP/1.0" 302 476 "-" "Mozilla/5.0 (compatible; SemrushBot/7~bl; +http://www.semrush.com/bot.html)"
135.181.113.236 - - [18/Aug/2022:07:16:00 +0200] "GET /betty-boop-money-box-p-40947.html HTTP/1.0" 301 71658 "-" "Mozilla/5.0 (compatible; MJ12bot/v1.4.8; http://mj12bot.com/)"
135.181.113.236 - - [18/Aug/2022:07:16:04 +0200] "GET /betty-boop-money-p-40947.html HTTP/1.0" 200 71575 "-" "Mozilla/5.0 (compatible; MJ12bot/v1.4.8; http://mj12bot.com/)"
135.181.113.236 - - [18/Aug/2022:07:16:07 +0200] "GET /betty-boop-money-p-40947.html HTTP/1.0" 200 71575 "-" "Mozilla/5.0 (compatible; MJ12bot/v1.4.8; http://mj12bot.com/)"
135.181.113.236 - - [18/Aug/2022:07:16:09 +0200] "GET /betty-boop-party-dress-mirror-36-cm-p-27174.html HTTP/1.0" 301 71559 "-" "Mozilla/5.0 (compatible; MJ12bot/v1.4.8; http://mj12bot.com/)"
135.181.113.236 - - [18/Aug/2022:07:16:12 +0200] "GET /-p-27174.html HTTP/1.0" 200 71492 "-" "Mozilla/5.0 (compatible; MJ12bot/v1.4.8; http://mj12bot.com/)"
78.153.130.158 - - [18/Aug/2022:07:16:14 +0200] "GET /contact_us.php HTTP/1.0" 301 539 "https://musicscn.com/" "Mozilla/4.0 (compatible; MSIE 6.0; Windows NT 5.1; .NET CLR 1.0.3705)"
78.153.130.158 - - [18/Aug/2022:07:16:15 +0200] "GET /contact_us.php HTTP/1.0" 301 539 "https://musicscn.com/" "Mozilla/4.0 (compatible; MSIE 6.0; Windows NT 5.1; .NET CLR 1.0.3705)"
78.153.130.158 - - [18/Aug/2022:07:16:15 +0200] "GET /contact_us.php HTTP/1.0" 301 539 "https://musicscn.com/" "Mozilla/4.0 (compatible; MSIE 6.0; Windows NT 5.1; .NET CLR 1.0.3705)"
135.181.113.236 - - [18/Aug/2022:07:16:15 +0200] "GET /betty-boop-party-dress-mirror-36-cm-p-27175.html HTTP/1.0" 301 71559 "-" "Mozilla/5.0 (compatible; MJ12bot/v1.4.8; http://mj12bot.com/)"
135.181.113.236 - - [18/Aug/2022:07:16:17 +0200] "GET /-p-27175.html HTTP/1.0" 200 71492 "-" "Mozilla/5.0 (compatible; MJ12bot/v1.4.8; http://mj12bot.com/)"
54.36.149.26 - - [18/Aug/2022:07:16:35 +0200] "GET /large-resin-statue-buddha-head-p-56034.html HTTP/1.0" 200 75636 "-" "Mozilla/5.0 (compatible; AhrefsBot/7.0; +http://ahrefs.com/robot/)"
185.191.171.2 - - [18/Aug/2022:07:16:41 +0200] "GET /infuser-rest-c-12_247.html?page=2 HTTP/1.0" 200 91319 "-" "Mozilla/5.0 (compatible; SemrushBot/7~bl; +http://www.semrush.com/bot.html)"
66.249.64.82 - - [18/Aug/2022:07:16:47 +0200] "GET /high-school-musical-compact-umbrella-p-20492.html HTTP/1.0" 200 74439 "-" "Mozilla/5.0 (Linux; Android 6.0.1; Nexus 5X Build/MMB29P) AppleWebKit/537.36 (KHTML, like Gecko) Chrome/104.0.5112.79 Mobile Safari/537.36 (compatible; Googlebot/2.1; +http://www.google.com/bot.html)"
185.191.171.26 - - [18/Aug/2022:07:16:48 +0200] "GET /piggy-bank-p-52600.html?action=add_product HTTP/1.0" 302 476 "-" "Mozilla/5.0 (compatible; SemrushBot/7~bl; +http://www.semrush.com/bot.html)"
185.191.171.35 - - [18/Aug/2022:07:16:53 +0200] "GET /unicorn-white-clock-p-50127.html?action=add_product HTTP/1.0" 302 476 "-" "Mozilla/5.0 (compatible; SemrushBot/7~bl; +http://www.semrush.com/bot.html)"
35.210.104.101 - - [18/Aug/2022:07:16:53 +0200] "GET /specials.php HTTP/1.0" 200 124774 "-" "Mozilla/5.0 (compatible; VelenPublicWebCrawler/1.0; +https://velen.io)"
135.181.113.236 - - [18/Aug/2022:07:17:46 +0200] "GET /betty-boop-shoulder-bag-brown-p-13644.html HTTP/1.0" 301 71559 "-" "Mozilla/5.0 (compatible; MJ12bot/v1.4.8; http://mj12bot.com/)"
135.181.113.236 - - [18/Aug/2022:07:17:48 +0200] "GET /-p-13644.html HTTP/1.0" 200 71492 "-" "Mozilla/5.0 (compatible; MJ12bot/v1.4.8; http://mj12bot.com/)"
135.181.113.236 - - [18/Aug/2022:07:17:51 +0200] "GET /beyblade-black-and-silver-swimming-bag-p-15987.html HTTP/1.0" 301 71754 "-" "Mozilla/5.0 (compatible; MJ12bot/v1.4.8; http://mj12bot.com/)"
135.181.113.236 - - [18/Aug/2022:07:17:54 +0200] "GET /beyblade-black-silver-swimming-p-15987.html HTTP/1.0" 200 71657 "-" "Mozilla/5.0 (compatible; MJ12bot/v1.4.8; http://mj12bot.com/)"
135.181.113.236 - - [18/Aug/2022:07:17:56 +0200] "GET /beyblade-black-silver-swimming-p-15987.html HTTP/1.0" 200 71657 "-" "Mozilla/5.0 (compatible; MJ12bot/v1.4.8; http://mj12bot.com/)"
135.181.113.236 - - [18/Aug/2022:07:17:59 +0200] "GET /billiard-ball-ashtray-p-55655.html HTTP/1.0" 200 71566 "-" "Mozilla/5.0 (compatible; MJ12bot/v1.4.8; http://mj12bot.com/)"
135.181.113.236 - - [18/Aug/2022:07:18:02 +0200] "GET /bird-on-swing-stickers-p-39238.html HTTP/1.0" 301 71559 "-" "Mozilla/5.0 (compatible; MJ12bot/v1.4.8; http://mj12bot.com/)"
135.181.113.236 - - [18/Aug/2022:07:18:05 +0200] "GET /-p-39238.html HTTP/1.0" 200 71492 "-" "Mozilla/5.0 (compatible; MJ12bot/v1.4.8; http://mj12bot.com/)"
135.181.113.236 - - [18/Aug/2022:07:18:07 +0200] "GET /birds-bailey-cushion-50-30-cm-p-39194.html HTTP/1.0" 301 71559 "-" "Mozilla/5.0 (compatible; MJ12bot/v1.4.8; http://mj12bot.com/)"
66.249.64.82 - - [18/Aug/2022:07:18:10 +0200] "GET /images/big_prod/8424001550425.jpg HTTP/1.0" 200 268 "-" "Googlebot-Image/1.0"
135.181.113.236 - - [18/Aug/2022:07:18:10 +0200] "GET /-p-39194.html HTTP/1.0" 200 71492 "-" "Mozilla/5.0 (compatible; MJ12bot/v1.4.8; http://mj12bot.com/)"
135.181.113.236 - - [18/Aug/2022:07:18:12 +0200] "GET /bistrot-steel-sign-30-40-cm-p-47058.html HTTP/1.0" 301 71667 "-" "Mozilla/5.0 (compatible; MJ12bot/v1.4.8; http://mj12bot.com/)"
135.181.113.236 - - [18/Aug/2022:07:18:15 +0200] "GET /bistrot-steel-sign-p-47058.html HTTP/1.0" 200 71582 "-" "Mozilla/5.0 (compatible; MJ12bot/v1.4.8; http://mj12bot.com/)"
135.181.113.236 - - [18/Aug/2022:07:18:18 +0200] "GET /bistrot-steel-sign-p-47058.html HTTP/1.0" 200 71582 "-" "Mozilla/5.0 (compatible; MJ12bot/v1.4.8; http://mj12bot.com/)"
157.55.39.20 - - [18/Aug/2022:07:18:19 +0200] "GET /images/med_prod/4036113301310N.jpg HTTP/1.0" 200 269 "-" "Mozilla/5.0 (compatible; bingbot/2.0; +http://www.bing.com/bingbot.htm)"
135.181.113.236 - - [18/Aug/2022:07:18:21 +0200] "GET /black-and-bronze-globe-decoration-p-53349.html HTTP/1.0" 301 71702 "-" "Mozilla/5.0 (compatible; MJ12bot/v1.4.8; http://mj12bot.com/)"
135.181.113.236 - - [18/Aug/2022:07:18:23 +0200] "GET /black-bronze-globe-decoration-p-53349.html HTTP/1.0" 200 71606 "-" "Mozilla/5.0 (compatible; MJ12bot/v1.4.8; http://mj12bot.com/)"
54.36.148.110 - - [18/Aug/2022:07:18:24 +0200] "GET /cbkration-toiletry-p-41267.html HTTP/1.0" 200 74245 "-" "Mozilla/5.0 (compatible; AhrefsBot/7.0; +http://ahrefs.com/robot/)"
135.181.113.236 - - [18/Aug/2022:07:18:26 +0200] "GET /black-and-gold-buddha-glass-lamp-p-47222.html HTTP/1.0" 301 71559 "-" "Mozilla/5.0 (compatible; MJ12bot/v1.4.8; http://mj12bot.com/)"
135.181.113.236 - - [18/Aug/2022:07:18:30 +0200] "GET /-p-47222.html HTTP/1.0" 200 71492 "-" "Mozilla/5.0 (compatible; MJ12bot/v1.4.8; http://mj12bot.com/)"
135.181.113.236 - - [18/Aug/2022:07:18:32 +0200] "GET /black-and-gold-buddha-head-glass-lamp-p-47218.html HTTP/1.0" 301 75013 "-" "Mozilla/5.0 (compatible; MJ12bot/v1.4.8; http://mj12bot.com/)"
135.181.113.236 - - [18/Aug/2022:07:18:35 +0200] "GET /black-gold-buddha-head-glass-lamp-p-47218.html HTTP/1.0" 200 74913 "-" "Mozilla/5.0 (compatible; MJ12bot/v1.4.8; http://mj12bot.com/)"
135.181.113.236 - - [18/Aug/2022:07:18:38 +0200] "GET /black-bronze-globe-decoration-p-53349.html HTTP/1.0" 200 71606 "-" "Mozilla/5.0 (compatible; MJ12bot/v1.4.8; http://mj12bot.com/)"
216.244.66.242 - - [18/Aug/2022:07:18:40 +0200] "GET /-p-25236.html HTTP/1.0" 200 71492 "-" "Mozilla/5.0 (compatible; DotBot/1.2; +https://opensiteexplorer.org/dotbot; help@moz.com)"
135.181.113.236 - - [18/Aug/2022:07:18:41 +0200] "GET /black-dress-bedclothes-140-200-cm-p-39286.html HTTP/1.0" 301 71559 "-" "Mozilla/5.0 (compatible; MJ12bot/v1.4.8; http://mj12bot.com/)"
135.181.113.236 - - [18/Aug/2022:07:18:44 +0200] "GET /-p-39286.html HTTP/1.0" 200 71492 "-" "Mozilla/5.0 (compatible; MJ12bot/v1.4.8; http://mj12bot.com/)"
216.244.66.242 - - [18/Aug/2022:07:18:47 +0200] "GET /-p-25703.html HTTP/1.0" 200 71492 "-" "Mozilla/5.0 (compatible; DotBot/1.2; +https://opensiteexplorer.org/dotbot; help@moz.com)"
135.181.113.236 - - [18/Aug/2022:07:18:47 +0200] "GET /black-dress-bedclothes-p-39286.html HTTP/1.0" 301 71559 "-" "Mozilla/5.0 (compatible; MJ12bot/v1.4.8; http://mj12bot.com/)"
185.191.171.26 - - [18/Aug/2022:07:18:47 +0200] "GET /decorative-carpets-c-11_167.html?page=3 HTTP/1.0" 200 92461 "-" "Mozilla/5.0 (compatible; SemrushBot/7~bl; +http://www.semrush.com/bot.html)"
34.91.17.176 - - [18/Aug/2022:07:18:51 +0200] "GET /images/mini_prod/3032160280258.jpg HTTP/1.0" 200 269 "-" "Mozilla/5.0 (X11; Ubuntu; Linux x86_64; rv:72.0) Gecko/20100101 Firefox/72.0"
135.181.113.236 - - [18/Aug/2022:07:18:51 +0200] "GET /-p-39286.html HTTP/1.0" 200 71492 "-" "Mozilla/5.0 (compatible; MJ12bot/v1.4.8; http://mj12bot.com/)"
216.244.66.242 - - [18/Aug/2022:07:18:53 +0200] "GET /-p-27986.html HTTP/1.0" 200 71492 "-" "Mozilla/5.0 (compatible; DotBot/1.2; +https://opensiteexplorer.org/dotbot; help@moz.com)"
135.181.113.236 - - [18/Aug/2022:07:18:54 +0200] "GET /black-gold-buddha-glass-lamp-p-47222.html HTTP/1.0" 301 71559 "-" "Mozilla/5.0 (compatible; MJ12bot/v1.4.8; http://mj12bot.com/)"
135.181.113.236 - - [18/Aug/2022:07:18:56 +0200] "GET /-p-47222.html HTTP/1.0" 200 71492 "-" "Mozilla/5.0 (compatible; MJ12bot/v1.4.8; http://mj12bot.com/)"
216.244.66.242 - - [18/Aug/2022:07:18:58 +0200] "GET /-p-31012.html HTTP/1.0" 200 71492 "-" "Mozilla/5.0 (compatible; DotBot/1.2; +https://opensiteexplorer.org/dotbot; help@moz.com)"
135.181.113.236 - - [18/Aug/2022:07:18:59 +0200] "GET /black-gold-buddha-head-glass-lamp-p-47218.html HTTP/1.0" 200 74913 "-" "Mozilla/5.0 (compatible; MJ12bot/v1.4.8; http://mj12bot.com/)"
216.244.66.242 - - [18/Aug/2022:07:19:02 +0200] "GET /-p-31203.html HTTP/1.0" 200 71492 "-" "Mozilla/5.0 (compatible; DotBot/1.2; +https://opensiteexplorer.org/dotbot; help@moz.com)"
135.181.113.236 - - [18/Aug/2022:07:19:03 +0200] "GET /black-metal-umbrella-stand-p-55770.html HTTP/1.0" 301 71559 "-" "Mozilla/5.0 (compatible; MJ12bot/v1.4.8; http://mj12bot.com/)"
135.181.113.236 - - [18/Aug/2022:07:19:06 +0200] "GET /-p-55770.html HTTP/1.0" 200 71492 "-" "Mozilla/5.0 (compatible; MJ12bot/v1.4.8; http://mj12bot.com/)"
185.191.171.17 - - [18/Aug/2022:07:19:09 +0200] "GET /robots.txt HTTP/1.0" 200 245 "-" "Mozilla/5.0 (compatible; SemrushBot/7~bl; +http://www.semrush.com/bot.html)"
216.244.66.242 - - [18/Aug/2022:07:19:07 +0200] "GET /-p-35282.html HTTP/1.0" 200 71492 "-" "Mozilla/5.0 (compatible; DotBot/1.2; +https://opensiteexplorer.org/dotbot; help@moz.com)"
185.191.171.16 - - [18/Aug/2022:07:19:08 +0200] "GET /anti-rfid-card-holder-cards-gold-p-50165.html HTTP/1.0" 200 71588 "-" "Mozilla/5.0 (compatible; SemrushBot/7~bl; +http://www.semrush.com/bot.html)"
66.249.64.84 - - [18/Aug/2022:07:19:09 +0200] "GET /pencil-case-p-10348.html HTTP/1.0" 200 74239 "-" "Mozilla/5.0 (Linux; Android 6.0.1; Nexus 5X Build/MMB29P) AppleWebKit/537.36 (KHTML, like Gecko) Chrome/104.0.5112.79 Mobile Safari/537.36 (compatible; Googlebot/2.1; +http://www.google.com/bot.html)"
135.181.113.236 - - [18/Aug/2022:07:19:09 +0200] "GET /black-mustache-creasy-paper-cushion-cbkreation-p-20698.html HTTP/1.0" 301 71559 "-" "Mozilla/5.0 (compatible; MJ12bot/v1.4.8; http://mj12bot.com/)"
185.191.171.39 - - [18/Aug/2022:07:19:11 +0200] "GET /hung-decorative-statue-p-52569.html?action=add_product HTTP/1.0" 302 476 "-" "Mozilla/5.0 (compatible; SemrushBot/7~bl; +http://www.semrush.com/bot.html)"
135.181.113.236 - - [18/Aug/2022:07:19:13 +0200] "GET /-p-20698.html HTTP/1.0" 200 71492 "-" "Mozilla/5.0 (compatible; MJ12bot/v1.4.8; http://mj12bot.com/)"
216.244.66.242 - - [18/Aug/2022:07:19:15 +0200] "GET /-p-41995.html HTTP/1.0" 200 71492 "-" "Mozilla/5.0 (compatible; DotBot/1.2; +https://opensiteexplorer.org/dotbot; help@moz.com)"
135.181.113.236 - - [18/Aug/2022:07:19:15 +0200] "GET /black-retro-alarm-clock-p-50205.html HTTP/1.0" 200 74174 "-" "Mozilla/5.0 (compatible; MJ12bot/v1.4.8; http://mj12bot.com/)"
135.181.113.236 - - [18/Aug/2022:07:19:18 +0200] "GET /black-retro-lamp-in-patinated-metal-68-cm-p-49593.html HTTP/1.0" 301 71559 "-" "Mozilla/5.0 (compatible; MJ12bot/v1.4.8; http://mj12bot.com/)"
135.181.113.236 - - [18/Aug/2022:07:19:21 +0200] "GET /-p-49593.html HTTP/1.0" 200 71492 "-" "Mozilla/5.0 (compatible; MJ12bot/v1.4.8; http://mj12bot.com/)"
216.244.66.242 - - [18/Aug/2022:07:19:21 +0200] "GET /-p-42912.html HTTP/1.0" 200 71492 "-" "Mozilla/5.0 (compatible; DotBot/1.2; +https://opensiteexplorer.org/dotbot; help@moz.com)"
185.191.171.1 - - [18/Aug/2022:07:19:22 +0200] "GET /teo-jasmin-companion-portfolio-hip-hop-denim-p-37995.html HTTP/1.0" 301 75829 "-" "Mozilla/5.0 (compatible; SemrushBot/7~bl; +http://www.semrush.com/bot.html)"
135.181.113.236 - - [18/Aug/2022:07:19:24 +0200] "GET /black-retro-lamp-patinated-metal-p-49593.html HTTP/1.0" 301 71559 "-" "Mozilla/5.0 (compatible; MJ12bot/v1.4.8; http://mj12bot.com/)"
185.191.171.43 - - [18/Aug/2022:07:19:26 +0200] "GET /jasmin-companion-portfolio-denim-p-37995.html HTTP/1.0" 200 75730 "-" "Mozilla/5.0 (compatible; SemrushBot/7~bl; +http://www.semrush.com/bot.html)"
135.181.113.236 - - [18/Aug/2022:07:19:27 +0200] "GET /-p-49593.html HTTP/1.0" 200 71492 "-" "Mozilla/5.0 (compatible; MJ12bot/v1.4.8; http://mj12bot.com/)"
135.181.113.236 - - [18/Aug/2022:07:19:30 +0200] "GET /black-tourmaline-sphere-p-46294.html HTTP/1.0" 200 74323 "-" "Mozilla/5.0 (compatible; MJ12bot/v1.4.8; http://mj12bot.com/)"
216.244.66.242 - - [18/Aug/2022:07:19:32 +0200] "GET /-p-43663.html HTTP/1.0" 200 71492 "-" "Mozilla/5.0 (compatible; DotBot/1.2; +https://opensiteexplorer.org/dotbot; help@moz.com)"
135.181.113.236 - - [18/Aug/2022:07:19:32 +0200] "GET /blue-forest-bedclothes-240-220-cm-p-39070.html HTTP/1.0" 301 71559 "-" "Mozilla/5.0 (compatible; MJ12bot/v1.4.8; http://mj12bot.com/)"
135.181.113.236 - - [18/Aug/2022:07:19:35 +0200] "GET /-p-39070.html HTTP/1.0" 200 71492 "-" "Mozilla/5.0 (compatible; MJ12bot/v1.4.8; http://mj12bot.com/)"
135.181.113.236 - - [18/Aug/2022:07:19:38 +0200] "GET /blue-forest-bedclothes-p-39070.html HTTP/1.0" 301 71559 "-" "Mozilla/5.0 (compatible; MJ12bot/v1.4.8; http://mj12bot.com/)"
135.181.113.236 - - [18/Aug/2022:07:19:41 +0200] "GET /-p-39070.html HTTP/1.0" 200 71492 "-" "Mozilla/5.0 (compatible; MJ12bot/v1.4.8; http://mj12bot.com/)"
135.181.113.236 - - [18/Aug/2022:07:19:43 +0200] "GET /blue-glass-and-metal-desk-lamp-p-50108.html HTTP/1.0" 301 71677 "-" "Mozilla/5.0 (compatible; MJ12bot/v1.4.8; http://mj12bot.com/)"
135.181.113.236 - - [18/Aug/2022:07:19:46 +0200] "GET /blue-glass-metal-desk-lamp-p-50108.html HTTP/1.0" 200 71584 "-" "Mozilla/5.0 (compatible; MJ12bot/v1.4.8; http://mj12bot.com/)"
135.181.113.236 - - [18/Aug/2022:07:19:49 +0200] "GET /blue-glass-metal-desk-lamp-p-50108.html HTTP/1.0" 200 71584 "-" "Mozilla/5.0 (compatible; MJ12bot/v1.4.8; http://mj12bot.com/)"
135.181.113.236 - - [18/Aug/2022:07:19:52 +0200] "GET /blue-kitchen-timer-clock-p-55015.html HTTP/1.0" 200 74157 "-" "Mozilla/5.0 (compatible; MJ12bot/v1.4.8; http://mj12bot.com/)"
135.181.113.236 - - [18/Aug/2022:07:19:54 +0200] "GET /blue-pot-with-reliefs-earthenware-p-52448.html HTTP/1.0" 301 71702 "-" "Mozilla/5.0 (compatible; MJ12bot/v1.4.8; http://mj12bot.com/)"
185.191.171.37 - - [18/Aug/2022:07:19:56 +0200] "GET /laissez-lucie-faire-toiletry-aladin-p-49008.html?action=add_product HTTP/1.0" 302 476 "-" "Mozilla/5.0 (compatible; SemrushBot/7~bl; +http://www.semrush.com/bot.html)"
135.181.113.236 - - [18/Aug/2022:07:19:57 +0200] "GET /blue-with-reliefs-earthenware-p-52448.html HTTP/1.0" 200 71606 "-" "Mozilla/5.0 (compatible; MJ12bot/v1.4.8; http://mj12bot.com/)"
135.181.113.236 - - [18/Aug/2022:07:20:00 +0200] "GET /blue-pot-with-reliefs-earthenware-p-52449.html HTTP/1.0" 301 71702 "-" "Mozilla/5.0 (compatible; MJ12bot/v1.4.8; http://mj12bot.com/)"
135.181.113.236 - - [18/Aug/2022:07:20:02 +0200] "GET /blue-with-reliefs-earthenware-p-52449.html HTTP/1.0" 200 71606 "-" "Mozilla/5.0 (compatible; MJ12bot/v1.4.8; http://mj12bot.com/)"
135.181.113.236 - - [18/Aug/2022:07:20:05 +0200] "GET /blue-wink-panda-pocket-warmer-p-55002.html HTTP/1.0" 200 75628 "-" "Mozilla/5.0 (compatible; MJ12bot/v1.4.8; http://mj12bot.com/)"
54.36.148.94 - - [18/Aug/2022:07:20:09 +0200] "GET /potholder-glove-p-54124.html HTTP/1.0" 200 74138 "-" "Mozilla/5.0 (compatible; AhrefsBot/7.0; +http://ahrefs.com/robot/)"
185.191.171.40 - - [18/Aug/2022:07:20:22 +0200] "GET /retro-glass-cutting-board-p-48515.html?action=add_product HTTP/1.0" 302 476 "-" "Mozilla/5.0 (compatible; SemrushBot/7~bl; +http://www.semrush.com/bot.html)"
35.210.104.101 - - [18/Aug/2022:07:20:44 +0200] "GET /sponge-stand-c-12_256.html HTTP/1.0" 200 78685 "-" "Mozilla/5.0 (compatible; VelenPublicWebCrawler/1.0; +https://velen.io)"
35.210.104.101 - - [18/Aug/2022:07:21:17 +0200] "GET /suitcase-lunch-lunch-c-12_64.html HTTP/1.0" 200 82639 "-" "Mozilla/5.0 (compatible; VelenPublicWebCrawler/1.0; +https://velen.io)"
66.249.64.82 - - [18/Aug/2022:07:21:27 +0200] "GET /shelf-mailbox-metal-p-42352.html HTTP/1.0" 200 74795 "-" "Mozilla/5.0 (Linux; Android 6.0.1; Nexus 5X Build/MMB29P) AppleWebKit/537.36 (KHTML, like Gecko) Chrome/104.0.5112.79 Mobile Safari/537.36 (compatible; Googlebot/2.1; +http://www.google.com/bot.html)"
185.191.171.21 - - [18/Aug/2022:07:21:36 +0200] "GET /little-tree-life-bonsai-pink-quartz-p-47193.html?action=add_product HTTP/1.0" 302 476 "-" "Mozilla/5.0 (compatible; SemrushBot/7~bl; +http://www.semrush.com/bot.html)"
54.36.148.77 - - [18/Aug/2022:07:21:54 +0200] "GET /ecrivons-bonheur-canvas-frame-p-38516.html HTTP/1.0" 200 71626 "-" "Mozilla/5.0 (compatible; AhrefsBot/7.0; +http://ahrefs.com/robot/)"
185.191.171.12 - - [18/Aug/2022:07:21:58 +0200] "GET /pencil-cbkreation-p-43446.html HTTP/1.0" 200 74124 "-" "Mozilla/5.0 (compatible; SemrushBot/7~bl; +http://www.semrush.com/bot.html)"
185.191.171.20 - - [18/Aug/2022:07:22:25 +0200] "GET /metal-hook-support-popular-sports-p-41212.html?action=add_product HTTP/1.0" 302 476 "-" "Mozilla/5.0 (compatible; SemrushBot/7~bl; +http://www.semrush.com/bot.html)"
185.191.171.41 - - [18/Aug/2022:07:22:49 +0200] "GET /marine-navigation-magnifier-feet-p-52904.html?action=add_product HTTP/1.0" 302 476 "-" "Mozilla/5.0 (compatible; SemrushBot/7~bl; +http://www.semrush.com/bot.html)"
185.191.171.6 - - [18/Aug/2022:07:22:58 +0200] "GET /orchids-wall-stickers-p-52222.html HTTP/1.0" 200 74820 "-" "Mozilla/5.0 (compatible; SemrushBot/7~bl; +http://www.semrush.com/bot.html)"
185.191.171.26 - - [18/Aug/2022:07:23:09 +0200] "GET /statuette-moai-of-easter-island-model-p-50060.html HTTP/1.0" 301 71735 "-" "Mozilla/5.0 (compatible; SemrushBot/7~bl; +http://www.semrush.com/bot.html)"
185.191.171.20 - - [18/Aug/2022:07:23:12 +0200] "GET /statuette-moai-easter-island-model-p-50060.html HTTP/1.0" 200 71634 "-" "Mozilla/5.0 (compatible; SemrushBot/7~bl; +http://www.semrush.com/bot.html)"
54.36.149.101 - - [18/Aug/2022:07:23:27 +0200] "GET /cbkration-toiletry-p-41155.html HTTP/1.0" 200 74241 "-" "Mozilla/5.0 (compatible; AhrefsBot/7.0; +http://ahrefs.com/robot/)"
141.8.129.125 - - [18/Aug/2022:07:23:54 +0200] "GET /images/mini_prod/1384010207536.jpg HTTP/1.0" 200 269 "-" "Python-urllib/3.9"
66.249.64.83 - - [18/Aug/2022:07:23:54 +0200] "GET /dark-dudes-doggy-dude-pencil-case-p-6152.html HTTP/1.0" 200 74091 "-" "Mozilla/5.0 (Linux; Android 6.0.1; Nexus 5X Build/MMB29P) AppleWebKit/537.36 (KHTML, like Gecko) Chrome/104.0.5112.79 Mobile Safari/537.36 (compatible; Googlebot/2.1; +http://www.google.com/bot.html)"
185.191.171.6 - - [18/Aug/2022:07:24:32 +0200] "GET /retro-style-chocolate-picerie-traditionnelle-p-57135.html?action=add_product HTTP/1.0" 302 476 "-" "Mozilla/5.0 (compatible; SemrushBot/7~bl; +http://www.semrush.com/bot.html)"
66.249.64.82 - - [18/Aug/2022:07:24:37 +0200] "GET /cotton-floor-cushion-yellow-p-48833.html HTTP/1.0" 200 74796 "-" "Mozilla/5.0 (Linux; Android 6.0.1; Nexus 5X Build/MMB29P) AppleWebKit/537.36 (KHTML, like Gecko) Chrome/104.0.5112.79 Mobile Safari/537.36 (compatible; Googlebot/2.1; +http://www.google.com/bot.html)"
20.99.204.78 - - [18/Aug/2022:07:24:53 +0200] "GET /images/mini_prod/8422019609036.jpg HTTP/1.0" 200 269 "-" "Mozilla/5.0 (Macintosh; Intel Mac OS X 10_11_5) AppleWebKit/537.36 (KHTML, like Gecko) Chrome/50.0.2661.102 Safari/537.36"
185.191.171.25 - - [18/Aug/2022:07:24:59 +0200] "GET /citroen-large-metal-plate-p-15172.html?action=add_product HTTP/1.0" 302 476 "-" "Mozilla/5.0 (compatible; SemrushBot/7~bl; +http://www.semrush.com/bot.html)"
54.36.148.51 - - [18/Aug/2022:07:25:01 +0200] "GET /polar-blanket-purple-p-34642.html HTTP/1.0" 200 74206 "-" "Mozilla/5.0 (compatible; AhrefsBot/7.0; +http://ahrefs.com/robot/)"
54.36.148.7 - - [18/Aug/2022:07:25:04 +0200] "GET /images/med_prod/3014627808182.jpg HTTP/1.0" 200 268 "-" "Mozilla/5.0 (compatible; AhrefsBot/7.0; +http://ahrefs.com/robot/)"
185.191.171.21 - - [18/Aug/2022:07:25:02 +0200] "GET /aum-and-feathers-chime-bells-p-42076.html HTTP/1.0" 301 74894 "-" "Mozilla/5.0 (compatible; SemrushBot/7~bl; +http://www.semrush.com/bot.html)"
185.191.171.45 - - [18/Aug/2022:07:25:06 +0200] "GET /feathers-chime-bells-p-42076.html HTTP/1.0" 200 74807 "-" "Mozilla/5.0 (compatible; SemrushBot/7~bl; +http://www.semrush.com/bot.html)"
157.55.39.233 - - [18/Aug/2022:07:25:14 +0200] "GET /lagoona-blue-monster-high-p-17500.html HTTP/1.0" 200 74265 "-" "Mozilla/5.0 (compatible; bingbot/2.0; +http://www.bing.com/bingbot.htm)"
147.92.153.12 - - [18/Aug/2022:07:25:16 +0200] "GET /pillow-case-organic-cotton-grey-p-58616.html HTTP/1.0" 200 75325 "-" "Mozilla/5.0 (compatible; Linespider/1.1; +https://lin.ee/4dwXkTH)"
122.36.179.17 - - [18/Aug/2022:07:25:43 +0200] "GET /images/mini_prod/3503420107825.jpg HTTP/1.0" 200 269 "-" "Mozilla/5.0 (X11; Ubuntu; Linux x86_64; rv:72.0) Gecko/20100101 Firefox/72.0"
185.191.171.45 - - [18/Aug/2022:07:25:49 +0200] "GET /littlest-petshop-pencil-case-p-6355.html HTTP/1.0" 301 71556 "-" "Mozilla/5.0 (compatible; SemrushBot/7~bl; +http://www.semrush.com/bot.html)"
185.191.171.41 - - [18/Aug/2022:07:25:51 +0200] "GET /-p-6355.html HTTP/1.0" 200 71490 "-" "Mozilla/5.0 (compatible; SemrushBot/7~bl; +http://www.semrush.com/bot.html)"
157.55.39.9 - - [18/Aug/2022:07:25:56 +0200] "GET /images/big_prod/3574642018220.jpg HTTP/1.0" 200 268 "-" "Mozilla/5.0 (compatible; bingbot/2.0; +http://www.bing.com/bingbot.htm)"
66.249.64.84 - - [18/Aug/2022:07:25:59 +0200] "GET /coral-tray-mango-wood-p-58549.html HTTP/1.0" 200 74825 "-" "Mozilla/5.0 (Linux; Android 6.0.1; Nexus 5X Build/MMB29P) AppleWebKit/537.36 (KHTML, like Gecko) Chrome/104.0.5112.79 Mobile Safari/537.36 (compatible; Googlebot/2.1; +http://www.google.com/bot.html)"
66.249.64.82 - - [18/Aug/2022:07:26:28 +0200] "GET /white-porcelain-table-lamp-p-57771.html HTTP/1.0" 200 74843 "-" "Mozilla/5.0 (compatible; Googlebot/2.1; +http://www.google.com/bot.html)"
185.191.171.3 - - [18/Aug/2022:07:26:40 +0200] "GET /angel-french-p-40440.html?action=add_product HTTP/1.0" 302 476 "-" "Mozilla/5.0 (compatible; SemrushBot/7~bl; +http://www.semrush.com/bot.html)"
54.36.148.68 - - [18/Aug/2022:07:26:48 +0200] "GET /winnie-pooh-placemat-p-16822.html HTTP/1.0" 200 74319 "-" "Mozilla/5.0 (compatible; AhrefsBot/7.0; +http://ahrefs.com/robot/)"
51.68.224.127 - - [18/Aug/2022:07:26:52 +0200] "GET /adminweb/export_orders_xml.php?token=256de2z6edz6ed2z6DFSFsed2zed6zeDSFDSGdzedezfzf&maxorders=10&orderstart=1&status=14&start_date=2018-10-01 HTTP/1.0" 200 285 "-" "GesCom CharlotteBoutik Serveur"
51.68.224.127 - - [18/Aug/2022:07:26:52 +0200] "GET /adminweb/export_orders_xml.php?token=256de2z6edz6ed2z6DFSFsed2zed6zeDSFDSGdzedezfzf&maxorders=10&orderstart=1&status=6&start_date=2018-10-01 HTTP/1.0" 200 33985 "-" "GesCom CharlotteBoutik Serveur"
35.210.104.101 - - [18/Aug/2022:07:27:22 +0200] "GET /trays-c-12_159.html HTTP/1.0" 200 93202 "-" "Mozilla/5.0 (compatible; VelenPublicWebCrawler/1.0; +https://velen.io)"
