54.36.149.104 - - [18/Aug/2022:05:42:50 +0200] "GET /gorjuss-pencil-p-49477.html HTTP/1.0" 200 74907 "-" "Mozilla/5.0 (compatible; AhrefsBot/7.0; +http://ahrefs.com/robot/)"
54.36.148.21 - - [18/Aug/2022:05:42:53 +0200] "GET /images/big_prod/5018997625163.jpg HTTP/1.0" 200 268 "-" "Mozilla/5.0 (compatible; AhrefsBot/7.0; +http://ahrefs.com/robot/)"
54.36.148.63 - - [18/Aug/2022:05:42:53 +0200] "GET /images/big_prod_1/5018997625163B.jpg HTTP/1.0" 200 271 "-" "Mozilla/5.0 (compatible; AhrefsBot/7.0; +http://ahrefs.com/robot/)"
66.249.64.82 - - [18/Aug/2022:05:42:53 +0200] "GET /-p-49588.html HTTP/1.0" 200 71492 "-" "Mozilla/5.0 (Linux; Android 6.0.1; Nexus 5X Build/MMB29P) AppleWebKit/537.36 (KHTML, like Gecko) Chrome/104.0.5112.79 Mobile Safari/537.36 (compatible; Googlebot/2.1; +http://www.google.com/bot.html)"
66.249.64.82 - - [18/Aug/2022:05:43:08 +0200] "GET /cats-cutty-door-plate-toilettes-p-50640.html HTTP/1.0" 200 74262 "-" "Mozilla/5.0 (Linux; Android 6.0.1; Nexus 5X Build/MMB29P) AppleWebKit/537.36 (KHTML, like Gecko) Chrome/104.0.5112.79 Mobile Safari/537.36 (compatible; Googlebot/2.1; +http://www.google.com/bot.html)"
185.191.171.37 - - [18/Aug/2022:05:43:23 +0200] "GET /cats-dubout-photo-frame-third-p-38861.html?action=add_product HTTP/1.0" 302 476 "-" "Mozilla/5.0 (compatible; SemrushBot/7~bl; +http://www.semrush.com/bot.html)"
185.191.171.22 - - [18/Aug/2022:05:44:27 +0200] "GET /cotton-floor-cushion-oxford-p-58364.html HTTP/1.0" 200 75487 "-" "Mozilla/5.0 (compatible; SemrushBot/7~bl; +http://www.semrush.com/bot.html)"
54.36.149.81 - - [18/Aug/2022:05:44:34 +0200] "GET /despicable-pencil-case-p-36235.html HTTP/1.0" 200 74164 "-" "Mozilla/5.0 (compatible; AhrefsBot/7.0; +http://ahrefs.com/robot/)"
54.36.149.5 - - [18/Aug/2022:05:44:37 +0200] "GET /images/big_prod/5701359746018.jpg HTTP/1.0" 200 268 "-" "Mozilla/5.0 (compatible; AhrefsBot/7.0; +http://ahrefs.com/robot/)"
185.191.171.10 - - [18/Aug/2022:05:44:49 +0200] "GET /large-candle-hours-christmas-cupcake-p-33007.html?action=add_product HTTP/1.0" 302 476 "-" "Mozilla/5.0 (compatible; SemrushBot/7~bl; +http://www.semrush.com/bot.html)"
40.88.6.118 - - [18/Aug/2022:05:44:56 +0200] "GET /coasters-c-12_157.html HTTP/1.0" 200 92679 "-" "Mozilla/5.0 (Windows NT 10.0; Win64; x64) AppleWebKit/537.36 (KHTML, like Gecko) Chrome/86.0.4240.75 Safari/537.36"
40.88.6.118 - - [18/Aug/2022:05:44:56 +0200] "GET /sugar-c-13_150_152.html HTTP/1.0" 200 91011 "-" "Mozilla/5.0 (Windows NT 10.0; Win64; x64) AppleWebKit/537.36 (KHTML, like Gecko) Chrome/86.0.4240.75 Safari/537.36"
185.191.171.10 - - [18/Aug/2022:05:45:08 +0200] "GET /gund-philbin-chocolate-teddy-bear-p-20447.html HTTP/1.0" 301 71559 "-" "Mozilla/5.0 (compatible; SemrushBot/7~bl; +http://www.semrush.com/bot.html)"
185.191.171.38 - - [18/Aug/2022:05:45:11 +0200] "GET /-p-20447.html HTTP/1.0" 200 71492 "-" "Mozilla/5.0 (compatible; SemrushBot/7~bl; +http://www.semrush.com/bot.html)"
147.92.153.13 - - [18/Aug/2022:05:45:17 +0200] "GET / HTTP/1.0" 200 152019 "-" "Mozilla/5.0 (compatible; Linespider/1.1; +https://lin.ee/4dwXkTH)"
216.165.12.8 - - [18/Aug/2022:05:45:20 +0200] "GET /images/mini_prod/8904245400088.jpg HTTP/1.0" 200 269 "-" "Mozilla/5.0 (X11; Ubuntu; Linux x86_64; rv:72.0) Gecko/20100101 Firefox/72.0"
147.92.153.3 - - [18/Aug/2022:05:45:22 +0200] "GET /js/jquery.min.js HTTP/1.0" 404 1308 "http://www.wonder-geek.com/" "Mozilla/5.0 AppleWebKit/537.36 (KHTML, like Gecko; compatible; Linespider/1.1; +https://lin.ee/4dwXkTH) Chrome/101.0.4951.0 Safari/537.36"
147.92.153.4 - - [18/Aug/2022:05:45:22 +0200] "GET /swfobject.js HTTP/1.0" 404 1308 "http://www.wonder-geek.com/" "Mozilla/5.0 AppleWebKit/537.36 (KHTML, like Gecko; compatible; Linespider/1.1; +https://lin.ee/4dwXkTH) Chrome/101.0.4951.0 Safari/537.36"
185.191.171.26 - - [18/Aug/2022:05:45:22 +0200] "GET /oriental-elephant-statuette-gold-p-55665.html HTTP/1.0" 200 71610 "-" "Mozilla/5.0 (compatible; SemrushBot/7~bl; +http://www.semrush.com/bot.html)"
185.191.171.37 - - [18/Aug/2022:05:45:36 +0200] "GET /salt-pepper-shaker-p-40794.html?action=add_product HTTP/1.0" 302 476 "-" "Mozilla/5.0 (compatible; SemrushBot/7~bl; +http://www.semrush.com/bot.html)"
40.88.6.118 - - [18/Aug/2022:05:45:52 +0200] "GET /create_account.php HTTP/1.0" 200 33633 "-" "Mozilla/5.0 (Windows NT 10.0; Win64; x64) AppleWebKit/537.36 (KHTML, like Gecko) Chrome/86.0.4240.75 Safari/537.36"
54.36.148.61 - - [18/Aug/2022:05:46:00 +0200] "GET /harley-davidson-moneybox-p-26365.html HTTP/1.0" 200 74151 "-" "Mozilla/5.0 (compatible; AhrefsBot/7.0; +http://ahrefs.com/robot/)"
54.36.148.167 - - [18/Aug/2022:05:46:03 +0200] "GET /images/4036113310022.jpg HTTP/1.0" 200 259 "-" "Mozilla/5.0 (compatible; AhrefsBot/7.0; +http://ahrefs.com/robot/)"
185.191.171.21 - - [18/Aug/2022:05:46:13 +0200] "GET /home-and-decoration-c-13.html?page=47 HTTP/1.0" 301 94471 "-" "Mozilla/5.0 (compatible; SemrushBot/7~bl; +http://www.semrush.com/bot.html)"
66.249.64.84 - - [18/Aug/2022:05:46:15 +0200] "GET /gorjuss-trinket-beeloved-p-46950.html HTTP/1.0" 200 74445 "-" "Mozilla/5.0 (Linux; Android 6.0.1; Nexus 5X Build/MMB29P) AppleWebKit/537.36 (KHTML, like Gecko) Chrome/104.0.5112.79 Mobile Safari/537.36 (compatible; Googlebot/2.1; +http://www.google.com/bot.html)"
185.191.171.5 - - [18/Aug/2022:05:46:18 +0200] "GET /home-decoration-c-13.html?page=47 HTTP/1.0" 200 94384 "-" "Mozilla/5.0 (compatible; SemrushBot/7~bl; +http://www.semrush.com/bot.html)"
66.249.64.82 - - [18/Aug/2022:05:46:47 +0200] "GET /verity-rose-moonstruck-decorative-plate-p-29154.html HTTP/1.0" 200 74309 "-" "Mozilla/5.0 (compatible; Googlebot/2.1; +http://www.google.com/bot.html)"
66.249.64.83 - - [18/Aug/2022:05:46:48 +0200] "GET /verity-rose-moonstruck-decorative-plate-p-29154.html HTTP/1.0" 200 74309 "-" "Mozilla/5.0 (Linux; Android 6.0.1; Nexus 5X Build/MMB29P) AppleWebKit/537.36 (KHTML, like Gecko) Chrome/104.0.5112.79 Mobile Safari/537.36 (compatible; Googlebot/2.1; +http://www.google.com/bot.html)"
185.191.171.22 - - [18/Aug/2022:05:46:57 +0200] "GET /fina-metal-money-p-52953.html HTTP/1.0" 301 71559 "-" "Mozilla/5.0 (compatible; SemrushBot/7~bl; +http://www.semrush.com/bot.html)"
185.191.171.8 - - [18/Aug/2022:05:46:59 +0200] "GET /-p-52953.html HTTP/1.0" 200 71492 "-" "Mozilla/5.0 (compatible; SemrushBot/7~bl; +http://www.semrush.com/bot.html)"
66.249.64.82 - - [18/Aug/2022:05:47:22 +0200] "GET /italian-style-mirror-p-21298.html HTTP/1.0" 200 74030 "-" "Mozilla/5.0 (compatible; Googlebot/2.1; +http://www.google.com/bot.html)"
185.191.171.33 - - [18/Aug/2022:05:47:22 +0200] "GET /-p-41277.html?action=add_product HTTP/1.0" 302 476 "-" "Mozilla/5.0 (compatible; SemrushBot/7~bl; +http://www.semrush.com/bot.html)"
54.36.148.85 - - [18/Aug/2022:05:47:26 +0200] "GET /skull-moneybox-hear-nothing-p-52307.html HTTP/1.0" 200 74118 "-" "Mozilla/5.0 (compatible; AhrefsBot/7.0; +http://ahrefs.com/robot/)"
54.36.148.137 - - [18/Aug/2022:05:47:29 +0200] "GET /images/big_prod/8422078576515.jpg HTTP/1.0" 200 268 "-" "Mozilla/5.0 (compatible; AhrefsBot/7.0; +http://ahrefs.com/robot/)"
185.191.171.44 - - [18/Aug/2022:05:47:57 +0200] "GET /silver-leopard-statuette-p-54258.html?action=add_product HTTP/1.0" 302 476 "-" "Mozilla/5.0 (compatible; SemrushBot/7~bl; +http://www.semrush.com/bot.html)"
66.249.64.83 - - [18/Aug/2022:05:47:59 +0200] "GET /barbapapa-barbabravo-bottle-p-18846.html HTTP/1.0" 200 74786 "-" "Mozilla/5.0 (compatible; Googlebot/2.1; +http://www.google.com/bot.html)"
51.68.224.127 - - [18/Aug/2022:05:48:11 +0200] "GET /adminweb/export_orders_xml.php?token=256de2z6edz6ed2z6DFSFsed2zed6zeDSFDSGdzedezfzf&maxorders=10&orderstart=1&status=14&start_date=2018-10-01 HTTP/1.0" 200 285 "-" "GesCom CharlotteBoutik Serveur"
51.68.224.127 - - [18/Aug/2022:05:48:11 +0200] "GET /adminweb/export_orders_xml.php?token=256de2z6edz6ed2z6DFSFsed2zed6zeDSFDSGdzedezfzf&maxorders=10&orderstart=1&status=6&start_date=2018-10-01 HTTP/1.0" 200 33985 "-" "GesCom CharlotteBoutik Serveur"
66.249.64.82 - - [18/Aug/2022:05:48:20 +0200] "GET /chiloe-bedclothes-p-54666.html HTTP/1.0" 200 74781 "-" "Mozilla/5.0 (Linux; Android 6.0.1; Nexus 5X Build/MMB29P) AppleWebKit/537.36 (KHTML, like Gecko) Chrome/104.0.5112.79 Mobile Safari/537.36 (compatible; Googlebot/2.1; +http://www.google.com/bot.html)"
157.55.39.20 - - [18/Aug/2022:05:48:21 +0200] "GET /topiary-bedclothes-p-58447.html HTTP/1.0" 200 74788 "-" "Mozilla/5.0 (compatible; bingbot/2.0; +http://www.bing.com/bingbot.htm)"
185.191.171.5 - - [18/Aug/2022:05:48:42 +0200] "GET /curtain-eyelets-orylia-140-260-cm-p-43611.html HTTP/1.0" 301 77034 "-" "Mozilla/5.0 (compatible; SemrushBot/7~bl; +http://www.semrush.com/bot.html)"
185.191.171.4 - - [18/Aug/2022:05:48:45 +0200] "GET /curtain-eyelets-orylia-p-43611.html HTTP/1.0" 200 76945 "-" "Mozilla/5.0 (compatible; SemrushBot/7~bl; +http://www.semrush.com/bot.html)"
185.191.171.33 - - [18/Aug/2022:05:48:49 +0200] "GET /-p-22562.html?action=add_product HTTP/1.0" 302 476 "-" "Mozilla/5.0 (compatible; SemrushBot/7~bl; +http://www.semrush.com/bot.html)"
54.36.148.179 - - [18/Aug/2022:05:49:01 +0200] "GET /velvet-curtain-orchid-p-50737.html HTTP/1.0" 200 77216 "-" "Mozilla/5.0 (compatible; AhrefsBot/7.0; +http://ahrefs.com/robot/)"
54.36.148.94 - - [18/Aug/2022:05:49:03 +0200] "GET /images/big_prod_2/8424346359110b.jpg HTTP/1.0" 200 271 "-" "Mozilla/5.0 (compatible; AhrefsBot/7.0; +http://ahrefs.com/robot/)"
54.36.149.106 - - [18/Aug/2022:05:49:03 +0200] "GET /images/big_prod_1/8424346359110a.jpg HTTP/1.0" 200 271 "-" "Mozilla/5.0 (compatible; AhrefsBot/7.0; +http://ahrefs.com/robot/)"
54.36.148.53 - - [18/Aug/2022:05:49:03 +0200] "GET /images/big_prod/8424346359110.jpg HTTP/1.0" 200 268 "-" "Mozilla/5.0 (compatible; AhrefsBot/7.0; +http://ahrefs.com/robot/)"
185.191.171.5 - - [18/Aug/2022:05:49:03 +0200] "GET /gorjuss-keyring-sugar-spice-p-46945.html HTTP/1.0" 200 71584 "-" "Mozilla/5.0 (compatible; SemrushBot/7~bl; +http://www.semrush.com/bot.html)"
185.191.171.40 - - [18/Aug/2022:05:49:16 +0200] "GET /retro-coasters-p-40073.html HTTP/1.0" 200 74094 "-" "Mozilla/5.0 (compatible; SemrushBot/7~bl; +http://www.semrush.com/bot.html)"
35.202.73.229 - - [18/Aug/2022:05:49:39 +0200] "GET /images/mini_prod/1399984235690.jpg HTTP/1.0" 200 269 "-" "Mozilla/5.0 (X11; Ubuntu; Linux x86_64; rv:72.0) Gecko/20100101 Firefox/72.0"
185.191.171.7 - - [18/Aug/2022:05:50:13 +0200] "GET /dishes-c-13_12.html?page=83 HTTP/1.0" 200 93359 "-" "Mozilla/5.0 (compatible; SemrushBot/7~bl; +http://www.semrush.com/bot.html)"
66.249.64.82 - - [18/Aug/2022:05:50:18 +0200] "GET /tree-life-wall-sticker-p-41564.html HTTP/1.0" 200 74775 "-" "Mozilla/5.0 (Linux; Android 6.0.1; Nexus 5X Build/MMB29P) AppleWebKit/537.36 (KHTML, like Gecko) Chrome/104.0.5112.79 Mobile Safari/537.36 (compatible; Googlebot/2.1; +http://www.google.com/bot.html)"
216.165.12.8 - - [18/Aug/2022:05:50:23 +0200] "GET /images/mini_prod/3014627889440.jpg HTTP/1.0" 200 269 "-" "Mozilla/5.0 (X11; Ubuntu; Linux x86_64; rv:72.0) Gecko/20100101 Firefox/72.0"
185.191.171.44 - - [18/Aug/2022:05:50:30 +0200] "GET /lighting-c-86.html?page=31 HTTP/1.0" 200 90530 "-" "Mozilla/5.0 (compatible; SemrushBot/7~bl; +http://www.semrush.com/bot.html)"
54.36.148.18 - - [18/Aug/2022:05:50:37 +0200] "GET /moon-jewelry-p-57215.html HTTP/1.0" 200 74202 "-" "Mozilla/5.0 (compatible; AhrefsBot/7.0; +http://ahrefs.com/robot/)"
66.249.64.84 - - [18/Aug/2022:05:51:38 +0200] "GET /protects-mattress-fleece-p-52145.html HTTP/1.0" 200 74446 "-" "Mozilla/5.0 (compatible; Googlebot/2.1; +http://www.google.com/bot.html)"
185.191.171.44 - - [18/Aug/2022:05:51:50 +0200] "GET /fff-sport-bag-p-44947.html HTTP/1.0" 301 71604 "-" "Mozilla/5.0 (compatible; SemrushBot/7~bl; +http://www.semrush.com/bot.html)"
185.191.171.8 - - [18/Aug/2022:05:51:53 +0200] "GET /sport-p-44947.html HTTP/1.0" 200 71532 "-" "Mozilla/5.0 (compatible; SemrushBot/7~bl; +http://www.semrush.com/bot.html)"
54.36.148.192 - - [18/Aug/2022:05:52:20 +0200] "GET /long-skeleton-hoodie-p-35436.html HTTP/1.0" 200 76299 "-" "Mozilla/5.0 (compatible; AhrefsBot/7.0; +http://ahrefs.com/robot/)"
35.210.104.101 - - [18/Aug/2022:05:52:39 +0200] "GET /flatwares-c-12_63.html HTTP/1.0" 200 90071 "-" "Mozilla/5.0 (compatible; VelenPublicWebCrawler/1.0; +https://velen.io)"
66.249.64.82 - - [18/Aug/2022:05:52:53 +0200] "GET /images/big_prod/1384010200568.jpg HTTP/1.0" 200 268 "-" "Googlebot-Image/1.0"
185.191.171.36 - - [18/Aug/2022:05:53:22 +0200] "GET /isaline-bedclothes-220-240-cm-p-50845.html HTTP/1.0" 301 74258 "-" "Mozilla/5.0 (compatible; SemrushBot/7~bl; +http://www.semrush.com/bot.html)"
185.191.171.23 - - [18/Aug/2022:05:53:25 +0200] "GET /isaline-bedclothes-p-50845.html HTTP/1.0" 200 74173 "-" "Mozilla/5.0 (compatible; SemrushBot/7~bl; +http://www.semrush.com/bot.html)"
66.249.64.83 - - [18/Aug/2022:05:53:35 +0200] "GET /france-collectable-figurine-family-p-57420.html HTTP/1.0" 200 76374 "-" "Mozilla/5.0 (compatible; Googlebot/2.1; +http://www.google.com/bot.html)"
185.191.171.1 - - [18/Aug/2022:05:54:03 +0200] "GET /cotton-floor-cushion-soledad-p-56800.html HTTP/1.0" 200 75034 "-" "Mozilla/5.0 (compatible; SemrushBot/7~bl; +http://www.semrush.com/bot.html)"
54.36.148.249 - - [18/Aug/2022:05:54:04 +0200] "GET /save-queen-cbkreation-p-13923.html HTTP/1.0" 200 74179 "-" "Mozilla/5.0 (compatible; AhrefsBot/7.0; +http://ahrefs.com/robot/)"
17.121.114.247 - - [18/Aug/2022:05:54:47 +0200] "GET /bread-bags-pie-bag-c-11_179.html HTTP/1.0" 301 82076 "-" "Mozilla/5.0 (Macintosh; Intel Mac OS X 10_15_5) AppleWebKit/605.1.15 (KHTML, like Gecko) Version/13.1.1 Safari/605.1.15 (Applebot/0.1; +http://www.apple.com/go/applebot)"
17.121.114.247 - - [18/Aug/2022:05:54:49 +0200] "GET /bread-bags-c-179.html HTTP/1.0" 301 81957 "-" "Mozilla/5.0 (Macintosh; Intel Mac OS X 10_15_5) AppleWebKit/605.1.15 (KHTML, like Gecko) Version/13.1.1 Safari/605.1.15 (Applebot/0.1; +http://www.apple.com/go/applebot)"
17.121.114.247 - - [18/Aug/2022:05:54:51 +0200] "GET /bread-bags-c-11_179.html HTTP/1.0" 200 82001 "-" "Mozilla/5.0 (Macintosh; Intel Mac OS X 10_15_5) AppleWebKit/605.1.15 (KHTML, like Gecko) Version/13.1.1 Safari/605.1.15 (Applebot/0.1; +http://www.apple.com/go/applebot)"
185.191.171.4 - - [18/Aug/2022:05:55:25 +0200] "GET /sneezey-figure-collection-by-romero-britto-p-53437.html HTTP/1.0" 301 76033 "-" "Mozilla/5.0 (compatible; SemrushBot/7~bl; +http://www.semrush.com/bot.html)"
185.191.171.16 - - [18/Aug/2022:05:55:28 +0200] "GET /sneezey-figure-collection-romero-britto-p-53437.html HTTP/1.0" 200 75927 "-" "Mozilla/5.0 (compatible; SemrushBot/7~bl; +http://www.semrush.com/bot.html)"
66.249.64.83 - - [18/Aug/2022:05:55:32 +0200] "GET /french-bulldog-eggcup-p-33470.html HTTP/1.0" 200 74195 "-" "Mozilla/5.0 (Linux; Android 6.0.1; Nexus 5X Build/MMB29P) AppleWebKit/537.36 (KHTML, like Gecko) Chrome/104.0.5112.79 Mobile Safari/537.36 (compatible; Googlebot/2.1; +http://www.google.com/bot.html)"
54.36.148.190 - - [18/Aug/2022:05:55:33 +0200] "GET /london-metal-keyring-p-35352.html HTTP/1.0" 200 74169 "-" "Mozilla/5.0 (compatible; AhrefsBot/7.0; +http://ahrefs.com/robot/)"
54.36.148.13 - - [18/Aug/2022:05:55:37 +0200] "GET /images/big_prod/1384010184752.jpg HTTP/1.0" 200 268 "-" "Mozilla/5.0 (compatible; AhrefsBot/7.0; +http://ahrefs.com/robot/)"
35.210.104.101 - - [18/Aug/2022:05:56:56 +0200] "GET /flasks-c-12_245.html HTTP/1.0" 200 80703 "-" "Mozilla/5.0 (compatible; VelenPublicWebCrawler/1.0; +https://velen.io)"
185.191.171.25 - - [18/Aug/2022:05:56:59 +0200] "GET /kimmidoll-storage-cardboard-boxes-p-31956.html HTTP/1.0" 301 71559 "-" "Mozilla/5.0 (compatible; SemrushBot/7~bl; +http://www.semrush.com/bot.html)"
185.191.171.12 - - [18/Aug/2022:05:57:03 +0200] "GET /-p-31956.html HTTP/1.0" 200 71492 "-" "Mozilla/5.0 (compatible; SemrushBot/7~bl; +http://www.semrush.com/bot.html)"
54.36.148.243 - - [18/Aug/2022:05:57:11 +0200] "GET /ceramic-cork-trivet-cement-tiles-p-53064.html HTTP/1.0" 200 74271 "-" "Mozilla/5.0 (compatible; AhrefsBot/7.0; +http://ahrefs.com/robot/)"
185.191.171.3 - - [18/Aug/2022:05:57:12 +0200] "GET /mini-figurine-britto-cat-cm-p-44393.html HTTP/1.0" 301 74273 "-" "Mozilla/5.0 (compatible; SemrushBot/7~bl; +http://www.semrush.com/bot.html)"
35.210.104.101 - - [18/Aug/2022:05:57:12 +0200] "GET /glasses-drinking-c-12_62.html HTTP/1.0" 200 91426 "-" "Mozilla/5.0 (compatible; VelenPublicWebCrawler/1.0; +https://velen.io)"
66.249.64.84 - - [18/Aug/2022:05:57:15 +0200] "GET /oriental-ceramic-bowl-p-56180.html HTTP/1.0" 200 74674 "-" "Mozilla/5.0 (compatible; Googlebot/2.1; +http://www.google.com/bot.html)"
185.191.171.7 - - [18/Aug/2022:05:57:17 +0200] "GET /mini-figurine-britto-p-44393.html HTTP/1.0" 200 74186 "-" "Mozilla/5.0 (compatible; SemrushBot/7~bl; +http://www.semrush.com/bot.html)"
35.210.104.101 - - [18/Aug/2022:05:57:20 +0200] "GET /login.php HTTP/1.0" 200 17155 "-" "Mozilla/5.0 (compatible; VelenPublicWebCrawler/1.0; +https://velen.io)"
35.210.104.101 - - [18/Aug/2022:05:57:38 +0200] "GET /mugs-mazagrans-c-12_57.html HTTP/1.0" 200 97192 "-" "Mozilla/5.0 (compatible; VelenPublicWebCrawler/1.0; +https://velen.io)"
185.191.171.13 - - [18/Aug/2022:05:57:41 +0200] "GET /duvet-cover-cotton-percale-threads-p-53224.html HTTP/1.0" 200 74431 "-" "Mozilla/5.0 (compatible; SemrushBot/7~bl; +http://www.semrush.com/bot.html)"
185.191.171.33 - - [18/Aug/2022:05:58:24 +0200] "GET /leather-wallet-spades-p-47351.html HTTP/1.0" 200 75176 "-" "Mozilla/5.0 (compatible; SemrushBot/7~bl; +http://www.semrush.com/bot.html)"
66.249.64.84 - - [18/Aug/2022:05:58:41 +0200] "GET /gorjuss-trinket-little-wings-p-51404.html HTTP/1.0" 200 75434 "-" "Mozilla/5.0 (compatible; Googlebot/2.1; +http://www.google.com/bot.html)"
54.36.148.210 - - [18/Aug/2022:05:58:48 +0200] "GET /mire-clock-cbkreation-p-24685.html HTTP/1.0" 200 74239 "-" "Mozilla/5.0 (compatible; AhrefsBot/7.0; +http://ahrefs.com/robot/)"
54.36.148.211 - - [18/Aug/2022:05:58:50 +0200] "GET /images/1399984252611.jpg HTTP/1.0" 200 259 "-" "Mozilla/5.0 (compatible; AhrefsBot/7.0; +http://ahrefs.com/robot/)"
185.191.171.22 - - [18/Aug/2022:05:59:15 +0200] "GET /tasting-set-pieces-p-45736.html HTTP/1.0" 301 74224 "-" "Mozilla/5.0 (compatible; SemrushBot/7~bl; +http://www.semrush.com/bot.html)"
185.191.171.21 - - [18/Aug/2022:05:59:17 +0200] "GET /tasting-pieces-p-45736.html HTTP/1.0" 200 74143 "-" "Mozilla/5.0 (compatible; SemrushBot/7~bl; +http://www.semrush.com/bot.html)"
185.191.171.3 - - [18/Aug/2022:05:59:20 +0200] "GET /zodiac-white-women-tee-shirt-p-30801.html HTTP/1.0" 301 76246 "-" "Mozilla/5.0 (compatible; SemrushBot/7~bl; +http://www.semrush.com/bot.html)"
185.191.171.35 - - [18/Aug/2022:05:59:24 +0200] "GET /zodiac-white-women-shirt-p-30801.html HTTP/1.0" 200 76155 "-" "Mozilla/5.0 (compatible; SemrushBot/7~bl; +http://www.semrush.com/bot.html)"
185.191.171.18 - - [18/Aug/2022:05:59:52 +0200] "GET /placemat-kiub-collection-jewels-elephant-p-55921.html HTTP/1.0" 200 74307 "-" "Mozilla/5.0 (compatible; SemrushBot/7~bl; +http://www.semrush.com/bot.html)"
66.249.64.82 - - [18/Aug/2022:06:00:04 +0200] "GET /owl-statue-16-cm-p-41893.html HTTP/1.0" 301 74262 "-" "Mozilla/5.0 (Linux; Android 6.0.1; Nexus 5X Build/MMB29P) AppleWebKit/537.36 (KHTML, like Gecko) Chrome/104.0.5112.79 Mobile Safari/537.36 (compatible; Googlebot/2.1; +http://www.google.com/bot.html)"
66.249.64.84 - - [18/Aug/2022:06:00:06 +0200] "GET /statue-p-41893.html HTTP/1.0" 200 74189 "-" "Mozilla/5.0 (Linux; Android 6.0.1; Nexus 5X Build/MMB29P) AppleWebKit/537.36 (KHTML, like Gecko) Chrome/104.0.5112.79 Mobile Safari/537.36 (compatible; Googlebot/2.1; +http://www.google.com/bot.html)"
185.191.171.9 - - [18/Aug/2022:06:00:10 +0200] "GET /wunzees-doll-series-flora-p-45117.html?action=add_product HTTP/1.0" 302 476 "-" "Mozilla/5.0 (compatible; SemrushBot/7~bl; +http://www.semrush.com/bot.html)"
34.173.245.15 - - [18/Aug/2022:06:00:18 +0200] "GET /images/big_prod/5404006044566.jpg HTTP/1.0" 200 268 "-" "Mozilla/5.0 (X11; Ubuntu; Linux x86_64; rv:72.0) Gecko/20100101 Firefox/72.0"
54.36.148.20 - - [18/Aug/2022:06:00:19 +0200] "GET /kitchen-towel-p-38797.html HTTP/1.0" 200 74063 "-" "Mozilla/5.0 (compatible; AhrefsBot/7.0; +http://ahrefs.com/robot/)"
54.36.148.146 - - [18/Aug/2022:06:00:22 +0200] "GET /images/big_prod/1399985000167.jpg HTTP/1.0" 200 268 "-" "Mozilla/5.0 (compatible; AhrefsBot/7.0; +http://ahrefs.com/robot/)"
185.191.171.38 - - [18/Aug/2022:06:00:22 +0200] "GET /fragrance-sachet-eastern-promise-p-40558.html?action=add_product HTTP/1.0" 302 476 "-" "Mozilla/5.0 (compatible; SemrushBot/7~bl; +http://www.semrush.com/bot.html)"
34.135.5.46 - - [18/Aug/2022:06:00:25 +0200] "GET /images/mini_prod/3574642330520.jpg HTTP/1.0" 200 269 "-" "Mozilla/5.0 (X11; Ubuntu; Linux x86_64; rv:72.0) Gecko/20100101 Firefox/72.0"
17.121.115.115 - - [18/Aug/2022:06:00:32 +0200] "GET /dogs-rectangulary-cushion-cbkreation-p-26475.html HTTP/1.0" 301 71559 "-" "Mozilla/5.0 (Macintosh; Intel Mac OS X 10_15_5) AppleWebKit/605.1.15 (KHTML, like Gecko) Version/13.1.1 Safari/605.1.15 (Applebot/0.1; +http://www.apple.com/go/applebot)"
17.121.115.115 - - [18/Aug/2022:06:00:33 +0200] "GET /-p-26475.html HTTP/1.0" 200 71492 "-" "Mozilla/5.0 (Macintosh; Intel Mac OS X 10_15_5) AppleWebKit/605.1.15 (KHTML, like Gecko) Version/13.1.1 Safari/605.1.15 (Applebot/0.1; +http://www.apple.com/go/applebot)"
185.191.171.10 - - [18/Aug/2022:06:00:40 +0200] "GET /-p-43498.html?action=add_product HTTP/1.0" 302 476 "-" "Mozilla/5.0 (compatible; SemrushBot/7~bl; +http://www.semrush.com/bot.html)"
66.249.64.82 - - [18/Aug/2022:06:01:26 +0200] "GET /jellyfish-glass-paperweight-blue-p-54332.html HTTP/1.0" 200 74931 "-" "Mozilla/5.0 (Linux; Android 6.0.1; Nexus 5X Build/MMB29P) AppleWebKit/537.36 (KHTML, like Gecko) Chrome/104.0.5112.79 Mobile Safari/537.36 (compatible; Googlebot/2.1; +http://www.google.com/bot.html)"
54.36.149.63 - - [18/Aug/2022:06:01:55 +0200] "GET /cotton-mattress-anti-dust-mite-p-48993.html HTTP/1.0" 200 75041 "-" "Mozilla/5.0 (compatible; AhrefsBot/7.0; +http://ahrefs.com/robot/)"
54.36.149.105 - - [18/Aug/2022:06:01:58 +0200] "GET /images/big_prod/3574641009427B.jpg HTTP/1.0" 200 269 "-" "Mozilla/5.0 (compatible; AhrefsBot/7.0; +http://ahrefs.com/robot/)"
54.36.148.171 - - [18/Aug/2022:06:01:58 +0200] "GET /images/big_prod_1/3574641009427.jpg HTTP/1.0" 200 270 "-" "Mozilla/5.0 (compatible; AhrefsBot/7.0; +http://ahrefs.com/robot/)"
35.210.104.101 - - [18/Aug/2022:06:02:01 +0200] "GET /paper-towel-dispenser-c-12_253.html HTTP/1.0" 200 79631 "-" "Mozilla/5.0 (compatible; VelenPublicWebCrawler/1.0; +https://velen.io)"
35.210.104.101 - - [18/Aug/2022:06:02:14 +0200] "GET /placemats-c-12_156.html HTTP/1.0" 200 93559 "-" "Mozilla/5.0 (compatible; VelenPublicWebCrawler/1.0; +https://velen.io)"
66.249.64.82 - - [18/Aug/2022:06:02:23 +0200] "GET /provence-tray-p-45513.html HTTP/1.0" 200 74205 "-" "Mozilla/5.0 (Linux; Android 6.0.1; Nexus 5X Build/MMB29P) AppleWebKit/537.36 (KHTML, like Gecko) Chrome/104.0.5112.79 Mobile Safari/537.36 (compatible; Googlebot/2.1; +http://www.google.com/bot.html)"
185.191.171.8 - - [18/Aug/2022:06:02:27 +0200] "GET /mani-the-lucky-cat-keychain-p-44115.html HTTP/1.0" 301 71660 "-" "Mozilla/5.0 (compatible; SemrushBot/7~bl; +http://www.semrush.com/bot.html)"
35.210.104.101 - - [18/Aug/2022:06:02:30 +0200] "GET /pots-cookie-jars-c-12_250.html HTTP/1.0" 200 91195 "-" "Mozilla/5.0 (compatible; VelenPublicWebCrawler/1.0; +https://velen.io)"
185.191.171.44 - - [18/Aug/2022:06:02:30 +0200] "GET /mani-lucky-keychain-p-44115.html HTTP/1.0" 200 71574 "-" "Mozilla/5.0 (compatible; SemrushBot/7~bl; +http://www.semrush.com/bot.html)"
93.237.77.155 - - [18/Aug/2022:06:02:51 +0200] "GET /images/big_prod/3014627830404.jpg HTTP/1.0" 200 268 "-" "Mozilla/5.0 (X11; Ubuntu; Linux x86_64; rv:72.0) Gecko/20100101 Firefox/72.0"
185.191.171.7 - - [18/Aug/2022:06:03:03 +0200] "GET /-p-39611.html?action=add_product HTTP/1.0" 302 476 "-" "Mozilla/5.0 (compatible; SemrushBot/7~bl; +http://www.semrush.com/bot.html)"
185.191.171.19 - - [18/Aug/2022:06:03:35 +0200] "GET /-p-11122.html?action=add_product HTTP/1.0" 302 476 "-" "Mozilla/5.0 (compatible; SemrushBot/7~bl; +http://www.semrush.com/bot.html)"
54.36.148.141 - - [18/Aug/2022:06:03:38 +0200] "GET /olives-mini-rectangular-tray-p-54917.html HTTP/1.0" 200 74275 "-" "Mozilla/5.0 (compatible; AhrefsBot/7.0; +http://ahrefs.com/robot/)"
17.121.114.100 - - [18/Aug/2022:06:03:49 +0200] "GET /littlest-petshop-double-wall-acrylic-glasses-p-4667.html HTTP/1.0" 200 74344 "-" "Mozilla/5.0 (Macintosh; Intel Mac OS X 10_15_5) AppleWebKit/605.1.15 (KHTML, like Gecko) Version/13.1.1 Safari/605.1.15 (Applebot/0.1; +http://www.apple.com/go/applebot)"
185.191.171.5 - - [18/Aug/2022:06:03:53 +0200] "GET /indian-elephant-statue-13-cm-p-40163.html HTTP/1.0" 301 71559 "-" "Mozilla/5.0 (compatible; SemrushBot/7~bl; +http://www.semrush.com/bot.html)"
185.191.171.22 - - [18/Aug/2022:06:03:57 +0200] "GET /-p-40163.html HTTP/1.0" 200 71492 "-" "Mozilla/5.0 (compatible; SemrushBot/7~bl; +http://www.semrush.com/bot.html)"
51.68.224.127 - - [18/Aug/2022:06:04:29 +0200] "GET /adminweb/export_orders_xml.php?token=256de2z6edz6ed2z6DFSFsed2zed6zeDSFDSGdzedezfzf&maxorders=10&orderstart=1&status=14&start_date=2018-10-01 HTTP/1.0" 200 285 "-" "GesCom CharlotteBoutik Serveur"
51.68.224.127 - - [18/Aug/2022:06:04:29 +0200] "GET /adminweb/export_orders_xml.php?token=256de2z6edz6ed2z6DFSFsed2zed6zeDSFDSGdzedezfzf&maxorders=10&orderstart=1&status=6&start_date=2018-10-01 HTTP/1.0" 200 33985 "-" "GesCom CharlotteBoutik Serveur"
147.92.153.20 - - [18/Aug/2022:06:05:16 +0200] "GET /beige-lampshade-p-58615.html HTTP/1.0" 200 74786 "-" "Mozilla/5.0 (compatible; Linespider/1.1; +https://lin.ee/4dwXkTH)"
66.249.64.84 - - [18/Aug/2022:06:05:18 +0200] "GET /paradise-bedclothes-p-52090.html HTTP/1.0" 200 74178 "-" "Mozilla/5.0 (compatible; Googlebot/2.1; +http://www.google.com/bot.html)"
23.100.232.233 - - [18/Aug/2022:06:05:20 +0200] "GET /johnny-hallyday-cigarettes-case-p-51146.html HTTP/1.0" 200 71606 "-" "Mozilla/5.0 (compatible; MSIE 9.0; Windows NT 6.0; Trident/5.0;  Trident/5.0)"
23.100.232.233 - - [18/Aug/2022:06:05:21 +0200] "GET /templates/Pixame_v1/stylesheet.css HTTP/1.0" 200 267 "http://www.wonder-geek.com/johnny-hallyday-cigarettes-case-p-51146.html" "Mozilla/5.0 (compatible; MSIE 9.0; Windows NT 6.0; Trident/5.0;  Trident/5.0)"
23.100.232.233 - - [18/Aug/2022:06:05:22 +0200] "GET /highslide/highslide.js HTTP/1.0" 200 262 "http://www.wonder-geek.com/johnny-hallyday-cigarettes-case-p-51146.html" "Mozilla/5.0 (compatible; MSIE 9.0; Windows NT 6.0; Trident/5.0;  Trident/5.0)"
23.100.232.233 - - [18/Aug/2022:06:05:22 +0200] "GET /js/jquery.js HTTP/1.0" 200 252 "http://www.wonder-geek.com/johnny-hallyday-cigarettes-case-p-51146.html" "Mozilla/5.0 (compatible; MSIE 9.0; Windows NT 6.0; Trident/5.0;  Trident/5.0)"
23.100.232.233 - - [18/Aug/2022:06:05:22 +0200] "GET /mondial_relay/js/jquery-1.3.2.min.js HTTP/1.0" 200 276 "http://www.wonder-geek.com/johnny-hallyday-cigarettes-case-p-51146.html" "Mozilla/5.0 (compatible; MSIE 9.0; Windows NT 6.0; Trident/5.0;  Trident/5.0)"
23.100.232.233 - - [18/Aug/2022:06:05:22 +0200] "GET /swfobject.js HTTP/1.0" 404 1308 "http://www.wonder-geek.com/johnny-hallyday-cigarettes-case-p-51146.html" "Mozilla/5.0 (compatible; MSIE 9.0; Windows NT 6.0; Trident/5.0;  Trident/5.0)"
23.100.232.233 - - [18/Aug/2022:06:05:23 +0200] "GET /js/jquery.jqzoom.js HTTP/1.0" 200 259 "http://www.wonder-geek.com/johnny-hallyday-cigarettes-case-p-51146.html" "Mozilla/5.0 (compatible; MSIE 9.0; Windows NT 6.0; Trident/5.0;  Trident/5.0)"
23.100.232.233 - - [18/Aug/2022:06:05:23 +0200] "GET /style.ie7.css HTTP/1.0" 404 1308 "http://www.wonder-geek.com/johnny-hallyday-cigarettes-case-p-51146.html" "Mozilla/5.0 (compatible; MSIE 9.0; Windows NT 6.0; Trident/5.0;  Trident/5.0)"
23.100.232.233 - - [18/Aug/2022:06:05:24 +0200] "GET /templates/Pixame_v1/images/flash.swf HTTP/1.0" 200 290 "http://www.wonder-geek.com/johnny-hallyday-cigarettes-case-p-51146.html" "Mozilla/5.0 (compatible; MSIE 9.0; Windows NT 6.0; Trident/5.0;  Trident/5.0)"
23.100.232.233 - - [18/Aug/2022:06:05:25 +0200] "GET /highslide/graphics/zoomout.cur HTTP/1.0" 200 614 "http://www.wonder-geek.com/johnny-hallyday-cigarettes-case-p-51146.html" "Mozilla/5.0 (compatible; MSIE 9.0; Windows NT 6.0; Trident/5.0;  Trident/5.0)"
54.36.149.105 - - [18/Aug/2022:06:05:24 +0200] "GET /tree-life-with-infuser-p-56673.html HTTP/1.0" 200 74759 "-" "Mozilla/5.0 (compatible; AhrefsBot/7.0; +http://ahrefs.com/robot/)"
66.249.64.82 - - [18/Aug/2022:06:05:39 +0200] "GET /beer-beer-metal-plate-deco-p-36751.html HTTP/1.0" 200 74243 "-" "Mozilla/5.0 (Linux; Android 6.0.1; Nexus 5X Build/MMB29P) AppleWebKit/537.36 (KHTML, like Gecko) Chrome/104.0.5112.79 Mobile Safari/537.36 (compatible; Googlebot/2.1; +http://www.google.com/bot.html)"
17.121.115.72 - - [18/Aug/2022:06:05:56 +0200] "GET /rtro-durf-resin-magnets-p-39569.html HTTP/1.0" 200 74160 "-" "Mozilla/5.0 (Macintosh; Intel Mac OS X 10_15_5) AppleWebKit/605.1.15 (KHTML, like Gecko) Version/13.1.1 Safari/605.1.15 (Applebot/0.1; +http://www.apple.com/go/applebot)"
87.250.224.64 - - [18/Aug/2022:06:06:03 +0200] "GET /images/big_prod/8422001572591.jpg HTTP/1.0" 200 268 "-" "Mozilla/5.0 (compatible; YandexImages/3.0; +http://yandex.com/bots)"
66.249.64.82 - - [18/Aug/2022:06:06:23 +0200] "GET /mobile-bells-metal-butterfly-p-41510.html HTTP/1.0" 200 74198 "-" "Mozilla/5.0 (Linux; Android 6.0.1; Nexus 5X Build/MMB29P) AppleWebKit/537.36 (KHTML, like Gecko) Chrome/104.0.5112.79 Mobile Safari/537.36 (compatible; Googlebot/2.1; +http://www.google.com/bot.html)"
185.191.171.42 - - [18/Aug/2022:06:06:26 +0200] "GET /portfolio-pepe-jeans-pina-p-38139.html?action=add_product HTTP/1.0" 302 476 "-" "Mozilla/5.0 (compatible; SemrushBot/7~bl; +http://www.semrush.com/bot.html)"
185.191.171.24 - - [18/Aug/2022:06:06:48 +0200] "GET /rastakana-happiness-cushion-cbkreation-p-24054.html HTTP/1.0" 301 71559 "-" "Mozilla/5.0 (compatible; SemrushBot/7~bl; +http://www.semrush.com/bot.html)"
54.36.148.28 - - [18/Aug/2022:06:06:54 +0200] "GET / HTTP/1.0" 200 152034 "-" "Mozilla/5.0 (compatible; AhrefsBot/7.0; +http://ahrefs.com/robot/)"
185.191.171.18 - - [18/Aug/2022:06:06:55 +0200] "GET /gund-boo-sun-small-plush-p-22166.html HTTP/1.0" 301 71559 "-" "Mozilla/5.0 (compatible; SemrushBot/7~bl; +http://www.semrush.com/bot.html)"
185.191.171.35 - - [18/Aug/2022:06:06:59 +0200] "GET /-p-22166.html HTTP/1.0" 200 71492 "-" "Mozilla/5.0 (compatible; SemrushBot/7~bl; +http://www.semrush.com/bot.html)"
135.181.113.236 - - [18/Aug/2022:06:07:11 +0200] "GET /-p-15254.html HTTP/1.0" 200 71492 "-" "Mozilla/5.0 (compatible; MJ12bot/v1.4.8; http://mj12bot.com/)"
135.181.113.236 - - [18/Aug/2022:06:07:14 +0200] "GET /-p-16249.html HTTP/1.0" 200 71492 "-" "Mozilla/5.0 (compatible; MJ12bot/v1.4.8; http://mj12bot.com/)"
135.181.113.236 - - [18/Aug/2022:06:07:16 +0200] "GET /-p-17328.html HTTP/1.0" 200 71492 "-" "Mozilla/5.0 (compatible; MJ12bot/v1.4.8; http://mj12bot.com/)"
135.181.113.236 - - [18/Aug/2022:06:07:19 +0200] "GET /-p-17365.html HTTP/1.0" 200 71492 "-" "Mozilla/5.0 (compatible; MJ12bot/v1.4.8; http://mj12bot.com/)"
135.181.113.236 - - [18/Aug/2022:06:07:22 +0200] "GET /-p-17366.html HTTP/1.0" 200 71492 "-" "Mozilla/5.0 (compatible; MJ12bot/v1.4.8; http://mj12bot.com/)"
66.249.64.82 - - [18/Aug/2022:06:07:23 +0200] "GET /hedgehog-pencil-cbkreation-p-43428.html HTTP/1.0" 200 74202 "-" "Mozilla/5.0 (Linux; Android 6.0.1; Nexus 5X Build/MMB29P) AppleWebKit/537.36 (KHTML, like Gecko) Chrome/104.0.5112.79 Mobile Safari/537.36 (compatible; Googlebot/2.1; +http://www.google.com/bot.html)"
135.181.113.236 - - [18/Aug/2022:06:07:25 +0200] "GET /-p-17372.html HTTP/1.0" 200 71492 "-" "Mozilla/5.0 (compatible; MJ12bot/v1.4.8; http://mj12bot.com/)"
135.181.113.236 - - [18/Aug/2022:06:07:27 +0200] "GET /-p-17400.html HTTP/1.0" 200 71492 "-" "Mozilla/5.0 (compatible; MJ12bot/v1.4.8; http://mj12bot.com/)"
135.181.113.236 - - [18/Aug/2022:06:07:30 +0200] "GET /-p-17523.html HTTP/1.0" 200 71492 "-" "Mozilla/5.0 (compatible; MJ12bot/v1.4.8; http://mj12bot.com/)"
185.191.171.20 - - [18/Aug/2022:06:07:31 +0200] "GET /-p-52541.html?action=add_product HTTP/1.0" 302 476 "-" "Mozilla/5.0 (compatible; SemrushBot/7~bl; +http://www.semrush.com/bot.html)"
135.181.113.236 - - [18/Aug/2022:06:07:33 +0200] "GET /-p-17538.html HTTP/1.0" 200 71492 "-" "Mozilla/5.0 (compatible; MJ12bot/v1.4.8; http://mj12bot.com/)"
135.181.113.236 - - [18/Aug/2022:06:07:36 +0200] "GET /-p-17832.html HTTP/1.0" 200 71492 "-" "Mozilla/5.0 (compatible; MJ12bot/v1.4.8; http://mj12bot.com/)"
135.181.113.236 - - [18/Aug/2022:06:07:39 +0200] "GET /-p-1927.html HTTP/1.0" 200 71490 "-" "Mozilla/5.0 (compatible; MJ12bot/v1.4.8; http://mj12bot.com/)"
135.181.113.236 - - [18/Aug/2022:06:07:42 +0200] "GET /-p-19803.html HTTP/1.0" 200 71492 "-" "Mozilla/5.0 (compatible; MJ12bot/v1.4.8; http://mj12bot.com/)"
135.181.113.236 - - [18/Aug/2022:06:07:44 +0200] "GET /-p-22102.html HTTP/1.0" 200 71492 "-" "Mozilla/5.0 (compatible; MJ12bot/v1.4.8; http://mj12bot.com/)"
135.181.113.236 - - [18/Aug/2022:06:07:47 +0200] "GET /-p-22178.html HTTP/1.0" 200 71492 "-" "Mozilla/5.0 (compatible; MJ12bot/v1.4.8; http://mj12bot.com/)"
135.181.113.236 - - [18/Aug/2022:06:07:50 +0200] "GET /-p-23446.html HTTP/1.0" 200 71492 "-" "Mozilla/5.0 (compatible; MJ12bot/v1.4.8; http://mj12bot.com/)"
135.181.113.236 - - [18/Aug/2022:06:07:54 +0200] "GET /-p-24679.html HTTP/1.0" 200 71492 "-" "Mozilla/5.0 (compatible; MJ12bot/v1.4.8; http://mj12bot.com/)"
135.181.113.236 - - [18/Aug/2022:06:07:56 +0200] "GET /-p-24927.html HTTP/1.0" 200 71492 "-" "Mozilla/5.0 (compatible; MJ12bot/v1.4.8; http://mj12bot.com/)"
185.191.171.10 - - [18/Aug/2022:06:07:57 +0200] "GET /rolling-stones-notebook-set-p-49808.html HTTP/1.0" 301 71559 "-" "Mozilla/5.0 (compatible; SemrushBot/7~bl; +http://www.semrush.com/bot.html)"
135.181.113.236 - - [18/Aug/2022:06:07:59 +0200] "GET /-p-25352.html HTTP/1.0" 200 71492 "-" "Mozilla/5.0 (compatible; MJ12bot/v1.4.8; http://mj12bot.com/)"
185.191.171.13 - - [18/Aug/2022:06:08:03 +0200] "GET /-p-49808.html HTTP/1.0" 200 71492 "-" "Mozilla/5.0 (compatible; SemrushBot/7~bl; +http://www.semrush.com/bot.html)"
135.181.113.236 - - [18/Aug/2022:06:08:03 +0200] "GET /-p-25354.html HTTP/1.0" 200 71492 "-" "Mozilla/5.0 (compatible; MJ12bot/v1.4.8; http://mj12bot.com/)"
135.181.113.236 - - [18/Aug/2022:06:08:07 +0200] "GET /-p-25355.html HTTP/1.0" 200 71492 "-" "Mozilla/5.0 (compatible; MJ12bot/v1.4.8; http://mj12bot.com/)"
135.181.113.236 - - [18/Aug/2022:06:08:11 +0200] "GET /-p-26078.html HTTP/1.0" 200 71492 "-" "Mozilla/5.0 (compatible; MJ12bot/v1.4.8; http://mj12bot.com/)"
135.181.113.236 - - [18/Aug/2022:06:08:13 +0200] "GET /-p-26549.html HTTP/1.0" 200 71492 "-" "Mozilla/5.0 (compatible; MJ12bot/v1.4.8; http://mj12bot.com/)"
185.191.171.18 - - [18/Aug/2022:06:08:15 +0200] "GET /paper-towel-dispenser-c-12_253.html HTTP/1.0" 200 79631 "-" "Mozilla/5.0 (compatible; SemrushBot/7~bl; +http://www.semrush.com/bot.html)"
135.181.113.236 - - [18/Aug/2022:06:08:16 +0200] "GET /-p-26553.html HTTP/1.0" 200 71492 "-" "Mozilla/5.0 (compatible; MJ12bot/v1.4.8; http://mj12bot.com/)"
135.181.113.236 - - [18/Aug/2022:06:08:20 +0200] "GET /-p-26608.html HTTP/1.0" 200 71492 "-" "Mozilla/5.0 (compatible; MJ12bot/v1.4.8; http://mj12bot.com/)"
135.181.113.236 - - [18/Aug/2022:06:08:23 +0200] "GET /-p-26609.html HTTP/1.0" 200 71492 "-" "Mozilla/5.0 (compatible; MJ12bot/v1.4.8; http://mj12bot.com/)"
135.181.113.236 - - [18/Aug/2022:06:08:27 +0200] "GET /-p-2669.html HTTP/1.0" 200 71490 "-" "Mozilla/5.0 (compatible; MJ12bot/v1.4.8; http://mj12bot.com/)"
135.181.113.236 - - [18/Aug/2022:06:08:30 +0200] "GET /-p-26725.html HTTP/1.0" 200 71492 "-" "Mozilla/5.0 (compatible; MJ12bot/v1.4.8; http://mj12bot.com/)"
135.181.113.236 - - [18/Aug/2022:06:08:33 +0200] "GET /-p-27174.html HTTP/1.0" 200 71492 "-" "Mozilla/5.0 (compatible; MJ12bot/v1.4.8; http://mj12bot.com/)"
54.36.148.15 - - [18/Aug/2022:06:08:35 +0200] "GET /brown-lampshade-p-56446.html HTTP/1.0" 200 74167 "-" "Mozilla/5.0 (compatible; AhrefsBot/7.0; +http://ahrefs.com/robot/)"
135.181.113.236 - - [18/Aug/2022:06:08:37 +0200] "GET /-p-27175.html HTTP/1.0" 200 71492 "-" "Mozilla/5.0 (compatible; MJ12bot/v1.4.8; http://mj12bot.com/)"
54.36.148.185 - - [18/Aug/2022:06:08:39 +0200] "GET /images/big_prod/8424345302346.jpg HTTP/1.0" 200 268 "-" "Mozilla/5.0 (compatible; AhrefsBot/7.0; +http://ahrefs.com/robot/)"
135.181.113.236 - - [18/Aug/2022:06:08:41 +0200] "GET /-p-27189.html HTTP/1.0" 200 71492 "-" "Mozilla/5.0 (compatible; MJ12bot/v1.4.8; http://mj12bot.com/)"
135.181.113.236 - - [18/Aug/2022:06:08:44 +0200] "GET /-p-27190.html HTTP/1.0" 200 71492 "-" "Mozilla/5.0 (compatible; MJ12bot/v1.4.8; http://mj12bot.com/)"
135.181.113.236 - - [18/Aug/2022:06:08:47 +0200] "GET /-p-2721.html HTTP/1.0" 200 71490 "-" "Mozilla/5.0 (compatible; MJ12bot/v1.4.8; http://mj12bot.com/)"
135.181.113.236 - - [18/Aug/2022:06:08:50 +0200] "GET /-p-27242.html HTTP/1.0" 200 71492 "-" "Mozilla/5.0 (compatible; MJ12bot/v1.4.8; http://mj12bot.com/)"
135.181.113.236 - - [18/Aug/2022:06:08:54 +0200] "GET /-p-27407.html HTTP/1.0" 200 71492 "-" "Mozilla/5.0 (compatible; MJ12bot/v1.4.8; http://mj12bot.com/)"
185.191.171.41 - - [18/Aug/2022:06:08:55 +0200] "GET /fireflower-metal-capacity-p-55185.html?action=add_product HTTP/1.0" 302 476 "-" "Mozilla/5.0 (compatible; SemrushBot/7~bl; +http://www.semrush.com/bot.html)"
135.181.113.236 - - [18/Aug/2022:06:08:58 +0200] "GET /-p-27547.html HTTP/1.0" 200 71492 "-" "Mozilla/5.0 (compatible; MJ12bot/v1.4.8; http://mj12bot.com/)"
135.181.113.236 - - [18/Aug/2022:06:09:02 +0200] "GET /-p-27791.html HTTP/1.0" 200 71492 "-" "Mozilla/5.0 (compatible; MJ12bot/v1.4.8; http://mj12bot.com/)"
207.46.13.105 - - [18/Aug/2022:06:09:04 +0200] "GET /spiderman-yellow-swimsuit-p-30821.html HTTP/1.0" 200 75321 "-" "Mozilla/5.0 (compatible; bingbot/2.0; +http://www.bing.com/bingbot.htm)"
135.181.113.236 - - [18/Aug/2022:06:09:05 +0200] "GET /-p-28058.html HTTP/1.0" 200 71492 "-" "Mozilla/5.0 (compatible; MJ12bot/v1.4.8; http://mj12bot.com/)"
135.181.113.236 - - [18/Aug/2022:06:09:10 +0200] "GET /-p-28065.html HTTP/1.0" 200 71492 "-" "Mozilla/5.0 (compatible; MJ12bot/v1.4.8; http://mj12bot.com/)"
135.181.113.236 - - [18/Aug/2022:06:09:13 +0200] "GET /-p-28161.html HTTP/1.0" 200 71492 "-" "Mozilla/5.0 (compatible; MJ12bot/v1.4.8; http://mj12bot.com/)"
135.181.113.236 - - [18/Aug/2022:06:09:16 +0200] "GET /-p-28652.html HTTP/1.0" 200 71492 "-" "Mozilla/5.0 (compatible; MJ12bot/v1.4.8; http://mj12bot.com/)"
135.181.113.236 - - [18/Aug/2022:06:09:19 +0200] "GET /-p-29219.html HTTP/1.0" 200 71492 "-" "Mozilla/5.0 (compatible; MJ12bot/v1.4.8; http://mj12bot.com/)"
135.181.113.236 - - [18/Aug/2022:06:09:22 +0200] "GET /-p-29220.html HTTP/1.0" 200 71492 "-" "Mozilla/5.0 (compatible; MJ12bot/v1.4.8; http://mj12bot.com/)"
135.181.113.236 - - [18/Aug/2022:06:09:26 +0200] "GET /-p-29256.html HTTP/1.0" 200 71492 "-" "Mozilla/5.0 (compatible; MJ12bot/v1.4.8; http://mj12bot.com/)"
185.191.171.20 - - [18/Aug/2022:06:09:28 +0200] "GET /despicable-minion-blue-watch-p-31604.html HTTP/1.0" 200 74401 "-" "Mozilla/5.0 (compatible; SemrushBot/7~bl; +http://www.semrush.com/bot.html)"
135.181.113.236 - - [18/Aug/2022:06:09:29 +0200] "GET /-p-29510.html HTTP/1.0" 200 71492 "-" "Mozilla/5.0 (compatible; MJ12bot/v1.4.8; http://mj12bot.com/)"
135.181.113.236 - - [18/Aug/2022:06:09:33 +0200] "GET /-p-29511.html HTTP/1.0" 200 71492 "-" "Mozilla/5.0 (compatible; MJ12bot/v1.4.8; http://mj12bot.com/)"
135.181.113.236 - - [18/Aug/2022:06:09:37 +0200] "GET /-p-29637.html HTTP/1.0" 200 71492 "-" "Mozilla/5.0 (compatible; MJ12bot/v1.4.8; http://mj12bot.com/)"
54.36.148.123 - - [18/Aug/2022:06:09:40 +0200] "GET /copper-ceramic-cover-p-58063.html HTTP/1.0" 200 74814 "-" "Mozilla/5.0 (compatible; AhrefsBot/7.0; +http://ahrefs.com/robot/)"
135.181.113.236 - - [18/Aug/2022:06:09:40 +0200] "GET /-p-29640.html HTTP/1.0" 200 71492 "-" "Mozilla/5.0 (compatible; MJ12bot/v1.4.8; http://mj12bot.com/)"
135.181.113.236 - - [18/Aug/2022:06:09:44 +0200] "GET /-p-29801.html HTTP/1.0" 200 71492 "-" "Mozilla/5.0 (compatible; MJ12bot/v1.4.8; http://mj12bot.com/)"
135.181.113.236 - - [18/Aug/2022:06:09:48 +0200] "GET /-p-29806.html HTTP/1.0" 200 71492 "-" "Mozilla/5.0 (compatible; MJ12bot/v1.4.8; http://mj12bot.com/)"
135.181.113.236 - - [18/Aug/2022:06:09:51 +0200] "GET /-p-29808.html HTTP/1.0" 200 71492 "-" "Mozilla/5.0 (compatible; MJ12bot/v1.4.8; http://mj12bot.com/)"
135.181.113.236 - - [18/Aug/2022:06:09:55 +0200] "GET /-p-30670.html HTTP/1.0" 200 71492 "-" "Mozilla/5.0 (compatible; MJ12bot/v1.4.8; http://mj12bot.com/)"
66.249.64.82 - - [18/Aug/2022:06:09:57 +0200] "GET /images/big_prod/1300000021371.jpg HTTP/1.0" 200 268 "-" "Googlebot-Image/1.0"
135.181.113.236 - - [18/Aug/2022:06:09:58 +0200] "GET /-p-30693.html HTTP/1.0" 200 71492 "-" "Mozilla/5.0 (compatible; MJ12bot/v1.4.8; http://mj12bot.com/)"
135.181.113.236 - - [18/Aug/2022:06:10:01 +0200] "GET /-p-30844.html HTTP/1.0" 200 71492 "-" "Mozilla/5.0 (compatible; MJ12bot/v1.4.8; http://mj12bot.com/)"
135.181.113.236 - - [18/Aug/2022:06:10:04 +0200] "GET /-p-31298.html HTTP/1.0" 200 71492 "-" "Mozilla/5.0 (compatible; MJ12bot/v1.4.8; http://mj12bot.com/)"
135.181.113.236 - - [18/Aug/2022:06:10:08 +0200] "GET /-p-31484.html HTTP/1.0" 200 71492 "-" "Mozilla/5.0 (compatible; MJ12bot/v1.4.8; http://mj12bot.com/)"
135.181.113.236 - - [18/Aug/2022:06:10:11 +0200] "GET /-p-31520.html HTTP/1.0" 200 71492 "-" "Mozilla/5.0 (compatible; MJ12bot/v1.4.8; http://mj12bot.com/)"
35.210.104.101 - - [18/Aug/2022:06:10:14 +0200] "GET /partys-decoration-c-12_51.html HTTP/1.0" 200 70463 "-" "Mozilla/5.0 (compatible; VelenPublicWebCrawler/1.0; +https://velen.io)"
135.181.113.236 - - [18/Aug/2022:06:10:14 +0200] "GET /-p-31871.html HTTP/1.0" 200 71492 "-" "Mozilla/5.0 (compatible; MJ12bot/v1.4.8; http://mj12bot.com/)"
35.210.104.101 - - [18/Aug/2022:06:10:17 +0200] "GET /pitchers-drink-dispensers-c-12_243.html HTTP/1.0" 200 90810 "-" "Mozilla/5.0 (compatible; VelenPublicWebCrawler/1.0; +https://velen.io)"
135.181.113.236 - - [18/Aug/2022:06:10:20 +0200] "GET /-p-31872.html HTTP/1.0" 200 71492 "-" "Mozilla/5.0 (compatible; MJ12bot/v1.4.8; http://mj12bot.com/)"
135.181.113.236 - - [18/Aug/2022:06:10:23 +0200] "GET /-p-32050.html HTTP/1.0" 200 71492 "-" "Mozilla/5.0 (compatible; MJ12bot/v1.4.8; http://mj12bot.com/)"
135.181.113.236 - - [18/Aug/2022:06:10:26 +0200] "GET /-p-32814.html HTTP/1.0" 200 71492 "-" "Mozilla/5.0 (compatible; MJ12bot/v1.4.8; http://mj12bot.com/)"
35.210.104.101 - - [18/Aug/2022:06:10:26 +0200] "GET /products_new.php HTTP/1.0" 200 94837 "-" "Mozilla/5.0 (compatible; VelenPublicWebCrawler/1.0; +https://velen.io)"
135.181.113.236 - - [18/Aug/2022:06:10:29 +0200] "GET /-p-32830.html HTTP/1.0" 200 71492 "-" "Mozilla/5.0 (compatible; MJ12bot/v1.4.8; http://mj12bot.com/)"
135.181.113.236 - - [18/Aug/2022:06:10:32 +0200] "GET /-p-32833.html HTTP/1.0" 200 71492 "-" "Mozilla/5.0 (compatible; MJ12bot/v1.4.8; http://mj12bot.com/)"
185.191.171.23 - - [18/Aug/2022:06:10:35 +0200] "GET /buddhist-monk-statue-polyresin-35-cm-p-47413.html HTTP/1.0" 301 71711 "-" "Mozilla/5.0 (compatible; SemrushBot/7~bl; +http://www.semrush.com/bot.html)"
135.181.113.236 - - [18/Aug/2022:06:10:35 +0200] "GET /-p-33416.html HTTP/1.0" 200 71492 "-" "Mozilla/5.0 (compatible; MJ12bot/v1.4.8; http://mj12bot.com/)"
185.191.171.22 - - [18/Aug/2022:06:10:37 +0200] "GET /buddhist-monk-statue-polyresin-p-47413.html HTTP/1.0" 200 71614 "-" "Mozilla/5.0 (compatible; SemrushBot/7~bl; +http://www.semrush.com/bot.html)"
135.181.113.236 - - [18/Aug/2022:06:10:39 +0200] "GET /-p-33447.html HTTP/1.0" 200 71492 "-" "Mozilla/5.0 (compatible; MJ12bot/v1.4.8; http://mj12bot.com/)"
135.181.113.236 - - [18/Aug/2022:06:10:42 +0200] "GET /-p-33524.html HTTP/1.0" 200 71492 "-" "Mozilla/5.0 (compatible; MJ12bot/v1.4.8; http://mj12bot.com/)"
135.181.113.236 - - [18/Aug/2022:06:10:45 +0200] "GET /-p-33622.html HTTP/1.0" 200 71492 "-" "Mozilla/5.0 (compatible; MJ12bot/v1.4.8; http://mj12bot.com/)"
135.181.113.236 - - [18/Aug/2022:06:10:48 +0200] "GET /-p-33846.html HTTP/1.0" 200 71492 "-" "Mozilla/5.0 (compatible; MJ12bot/v1.4.8; http://mj12bot.com/)"
135.181.113.236 - - [18/Aug/2022:06:10:51 +0200] "GET /-p-33868.html HTTP/1.0" 200 71492 "-" "Mozilla/5.0 (compatible; MJ12bot/v1.4.8; http://mj12bot.com/)"
135.181.113.236 - - [18/Aug/2022:06:10:54 +0200] "GET /-p-33955.html HTTP/1.0" 200 71492 "-" "Mozilla/5.0 (compatible; MJ12bot/v1.4.8; http://mj12bot.com/)"
135.181.113.236 - - [18/Aug/2022:06:10:57 +0200] "GET /-p-34225.html HTTP/1.0" 200 71492 "-" "Mozilla/5.0 (compatible; MJ12bot/v1.4.8; http://mj12bot.com/)"
185.191.171.20 - - [18/Aug/2022:06:10:58 +0200] "GET /bedding-protection-c-11_192.html?page=2 HTTP/1.0" 200 92376 "-" "Mozilla/5.0 (compatible; SemrushBot/7~bl; +http://www.semrush.com/bot.html)"
135.181.113.236 - - [18/Aug/2022:06:11:00 +0200] "GET /-p-34239.html HTTP/1.0" 200 71492 "-" "Mozilla/5.0 (compatible; MJ12bot/v1.4.8; http://mj12bot.com/)"
135.181.113.236 - - [18/Aug/2022:06:11:03 +0200] "GET /-p-34243.html HTTP/1.0" 200 71492 "-" "Mozilla/5.0 (compatible; MJ12bot/v1.4.8; http://mj12bot.com/)"
135.181.113.236 - - [18/Aug/2022:06:11:07 +0200] "GET /-p-34286.html HTTP/1.0" 200 71492 "-" "Mozilla/5.0 (compatible; MJ12bot/v1.4.8; http://mj12bot.com/)"
135.181.113.236 - - [18/Aug/2022:06:11:10 +0200] "GET /-p-34290.html HTTP/1.0" 200 71492 "-" "Mozilla/5.0 (compatible; MJ12bot/v1.4.8; http://mj12bot.com/)"
66.249.64.84 - - [18/Aug/2022:06:11:10 +0200] "GET /elephant-lamp-resin-p-45800.html HTTP/1.0" 200 74231 "-" "Mozilla/5.0 (Linux; Android 6.0.1; Nexus 5X Build/MMB29P) AppleWebKit/537.36 (KHTML, like Gecko) Chrome/104.0.5112.79 Mobile Safari/537.36 (compatible; Googlebot/2.1; +http://www.google.com/bot.html)"
135.181.113.236 - - [18/Aug/2022:06:11:13 +0200] "GET /-p-34343.html HTTP/1.0" 200 71492 "-" "Mozilla/5.0 (compatible; MJ12bot/v1.4.8; http://mj12bot.com/)"
135.181.113.236 - - [18/Aug/2022:06:11:16 +0200] "GET /-p-34345.html HTTP/1.0" 200 71492 "-" "Mozilla/5.0 (compatible; MJ12bot/v1.4.8; http://mj12bot.com/)"
54.36.149.95 - - [18/Aug/2022:06:11:17 +0200] "GET /guardian-angel-statue-angel-baptism-p-43917.html HTTP/1.0" 200 74317 "-" "Mozilla/5.0 (compatible; AhrefsBot/7.0; +http://ahrefs.com/robot/)"
135.181.113.236 - - [18/Aug/2022:06:11:19 +0200] "GET /-p-35632.html HTTP/1.0" 200 71492 "-" "Mozilla/5.0 (compatible; MJ12bot/v1.4.8; http://mj12bot.com/)"
135.181.113.236 - - [18/Aug/2022:06:11:22 +0200] "GET /-p-35655.html HTTP/1.0" 200 71492 "-" "Mozilla/5.0 (compatible; MJ12bot/v1.4.8; http://mj12bot.com/)"
135.181.113.236 - - [18/Aug/2022:06:11:25 +0200] "GET /-p-35696.html HTTP/1.0" 200 71492 "-" "Mozilla/5.0 (compatible; MJ12bot/v1.4.8; http://mj12bot.com/)"
135.181.113.236 - - [18/Aug/2022:06:11:28 +0200] "GET /-p-35800.html HTTP/1.0" 200 71492 "-" "Mozilla/5.0 (compatible; MJ12bot/v1.4.8; http://mj12bot.com/)"
135.181.113.236 - - [18/Aug/2022:06:11:31 +0200] "GET /-p-36103.html HTTP/1.0" 200 71492 "-" "Mozilla/5.0 (compatible; MJ12bot/v1.4.8; http://mj12bot.com/)"
66.249.64.83 - - [18/Aug/2022:06:11:33 +0200] "GET /small-flowerpot-hang-p-58112.html HTTP/1.0" 200 74774 "-" "Mozilla/5.0 (Linux; Android 6.0.1; Nexus 5X Build/MMB29P) AppleWebKit/537.36 (KHTML, like Gecko) Chrome/104.0.5112.79 Mobile Safari/537.36 (compatible; Googlebot/2.1; +http://www.google.com/bot.html)"
135.181.113.236 - - [18/Aug/2022:06:11:34 +0200] "GET /-p-36104.html HTTP/1.0" 200 71492 "-" "Mozilla/5.0 (compatible; MJ12bot/v1.4.8; http://mj12bot.com/)"
135.181.113.236 - - [18/Aug/2022:06:11:38 +0200] "GET /-p-36401.html HTTP/1.0" 200 71492 "-" "Mozilla/5.0 (compatible; MJ12bot/v1.4.8; http://mj12bot.com/)"
135.181.113.236 - - [18/Aug/2022:06:11:41 +0200] "GET /-p-36574.html HTTP/1.0" 200 71492 "-" "Mozilla/5.0 (compatible; MJ12bot/v1.4.8; http://mj12bot.com/)"
135.181.113.236 - - [18/Aug/2022:06:11:44 +0200] "GET /-p-36790.html HTTP/1.0" 200 71492 "-" "Mozilla/5.0 (compatible; MJ12bot/v1.4.8; http://mj12bot.com/)"
185.191.171.3 - - [18/Aug/2022:06:11:47 +0200] "GET /love-peace-pink-shirt-p-30150.html?action=add_product HTTP/1.0" 302 476 "-" "Mozilla/5.0 (compatible; SemrushBot/7~bl; +http://www.semrush.com/bot.html)"
135.181.113.236 - - [18/Aug/2022:06:11:47 +0200] "GET /-p-36801.html HTTP/1.0" 200 71492 "-" "Mozilla/5.0 (compatible; MJ12bot/v1.4.8; http://mj12bot.com/)"
135.181.113.236 - - [18/Aug/2022:06:11:50 +0200] "GET /-p-36811.html HTTP/1.0" 200 71492 "-" "Mozilla/5.0 (compatible; MJ12bot/v1.4.8; http://mj12bot.com/)"
185.191.171.44 - - [18/Aug/2022:06:11:52 +0200] "GET /rectangular-serving-tray-frida-khalo-model-p-49550.html?action=add_product HTTP/1.0" 302 476 "-" "Mozilla/5.0 (compatible; SemrushBot/7~bl; +http://www.semrush.com/bot.html)"
135.181.113.236 - - [18/Aug/2022:06:11:53 +0200] "GET /-p-36943.html HTTP/1.0" 200 71492 "-" "Mozilla/5.0 (compatible; MJ12bot/v1.4.8; http://mj12bot.com/)"
135.181.113.236 - - [18/Aug/2022:06:11:56 +0200] "GET /-p-36948.html HTTP/1.0" 200 71492 "-" "Mozilla/5.0 (compatible; MJ12bot/v1.4.8; http://mj12bot.com/)"
135.181.113.236 - - [18/Aug/2022:06:11:59 +0200] "GET /-p-36971.html HTTP/1.0" 200 71492 "-" "Mozilla/5.0 (compatible; MJ12bot/v1.4.8; http://mj12bot.com/)"
135.181.113.236 - - [18/Aug/2022:06:12:02 +0200] "GET /-p-37029.html HTTP/1.0" 200 71492 "-" "Mozilla/5.0 (compatible; MJ12bot/v1.4.8; http://mj12bot.com/)"
135.181.113.236 - - [18/Aug/2022:06:12:05 +0200] "GET /-p-37681.html HTTP/1.0" 200 71492 "-" "Mozilla/5.0 (compatible; MJ12bot/v1.4.8; http://mj12bot.com/)"
135.181.113.236 - - [18/Aug/2022:06:12:08 +0200] "GET /-p-37682.html HTTP/1.0" 200 71492 "-" "Mozilla/5.0 (compatible; MJ12bot/v1.4.8; http://mj12bot.com/)"
