65.108.41.34 - - [18/Aug/2022:04:14:54 +0200] "GET /decorative-shark-statuette-aged-wood-p-44720.html HTTP/1.0" 200 71644 "-" "Mozilla/5.0 (compatible; MJ12bot/v1.4.8; http://mj12bot.com/)"
20.120.30.199 - - [18/Aug/2022:04:14:57 +0200] "GET /boxes-storage-ceramics-c-13_150_219.html HTTP/1.0" 200 78914 "-" "Mozilla/5.0 (Windows NT 10.0; Win64; x64) AppleWebKit/537.36 (KHTML, like Gecko) Chrome/86.0.4240.75 Safari/537.36"
20.120.30.199 - - [18/Aug/2022:04:14:57 +0200] "GET /small-trays-c-12_159_261.html HTTP/1.0" 200 90932 "-" "Mozilla/5.0 (Windows NT 10.0; Win64; x64) AppleWebKit/537.36 (KHTML, like Gecko) Chrome/86.0.4240.75 Safari/537.36"
65.108.41.34 - - [18/Aug/2022:04:14:58 +0200] "GET /decorative-shark-statuette-in-aged-wood-52-cm-p-44720.html HTTP/1.0" 301 71747 "-" "Mozilla/5.0 (compatible; MJ12bot/v1.4.8; http://mj12bot.com/)"
94.154.239.69 - - [18/Aug/2022:04:15:00 +0200] "GET /provence-hanging-wooden-clock-p-34225.html HTTP/1.0" 301 71559 "-" "Mozilla/5.0 (compatible; MJ12bot/v1.4.8; http://mj12bot.com/)"
65.108.41.34 - - [18/Aug/2022:04:15:02 +0200] "GET /decorative-shark-statuette-aged-wood-p-44720.html HTTP/1.0" 200 71644 "-" "Mozilla/5.0 (compatible; MJ12bot/v1.4.8; http://mj12bot.com/)"
94.154.239.69 - - [18/Aug/2022:04:15:05 +0200] "GET /-p-34225.html HTTP/1.0" 200 71492 "-" "Mozilla/5.0 (compatible; MJ12bot/v1.4.8; http://mj12bot.com/)"
65.108.41.34 - - [18/Aug/2022:04:15:06 +0200] "GET /decorative-snail-in-magnesia-37-cm-p-44674.html HTTP/1.0" 301 74405 "-" "Mozilla/5.0 (compatible; MJ12bot/v1.4.8; http://mj12bot.com/)"
54.36.148.210 - - [18/Aug/2022:04:15:07 +0200] "GET /white-metal-lamp-p-55233.html HTTP/1.0" 200 75422 "-" "Mozilla/5.0 (compatible; AhrefsBot/7.0; +http://ahrefs.com/robot/)"
54.36.149.62 - - [18/Aug/2022:04:15:10 +0200] "GET /images/big_prod/8424345615675.jpg HTTP/1.0" 200 268 "-" "Mozilla/5.0 (compatible; AhrefsBot/7.0; +http://ahrefs.com/robot/)"
65.108.41.34 - - [18/Aug/2022:04:15:09 +0200] "GET /decorative-snail-magnesia-p-44674.html HTTP/1.0" 200 74313 "-" "Mozilla/5.0 (compatible; MJ12bot/v1.4.8; http://mj12bot.com/)"
54.36.148.228 - - [18/Aug/2022:04:15:10 +0200] "GET /images/big_prod_1/8424345615675d.jpg HTTP/1.0" 200 271 "-" "Mozilla/5.0 (compatible; AhrefsBot/7.0; +http://ahrefs.com/robot/)"
54.36.148.8 - - [18/Aug/2022:04:15:10 +0200] "GET /images/big_prod_4/8424345615675a.jpg HTTP/1.0" 200 271 "-" "Mozilla/5.0 (compatible; AhrefsBot/7.0; +http://ahrefs.com/robot/)"
54.36.148.222 - - [18/Aug/2022:04:15:10 +0200] "GET /images/big_prod_3/8424345615675b.jpg HTTP/1.0" 200 271 "-" "Mozilla/5.0 (compatible; AhrefsBot/7.0; +http://ahrefs.com/robot/)"
54.36.148.80 - - [18/Aug/2022:04:15:11 +0200] "GET /images/big_prod_2/8424345615675c.jpg HTTP/1.0" 200 271 "-" "Mozilla/5.0 (compatible; AhrefsBot/7.0; +http://ahrefs.com/robot/)"
94.154.239.69 - - [18/Aug/2022:04:15:10 +0200] "GET /psg-table-lamp-shaped-balloon-p-38022.html HTTP/1.0" 301 71559 "-" "Mozilla/5.0 (compatible; MJ12bot/v1.4.8; http://mj12bot.com/)"
20.84.102.54 - - [18/Aug/2022:04:15:13 +0200] "GET /bathroom-accessories-c-13_172.html HTTP/1.0" 200 91756 "-" "Mozilla/5.0 (Windows NT 10.0; Win64; x64) AppleWebKit/537.36 (KHTML, like Gecko) Chrome/86.0.4240.75 Safari/537.36"
65.108.41.34 - - [18/Aug/2022:04:15:13 +0200] "GET /decorative-snail-magnesia-p-44674.html HTTP/1.0" 200 74313 "-" "Mozilla/5.0 (compatible; MJ12bot/v1.4.8; http://mj12bot.com/)"
94.154.239.69 - - [18/Aug/2022:04:15:14 +0200] "GET /-p-38022.html HTTP/1.0" 200 71492 "-" "Mozilla/5.0 (compatible; MJ12bot/v1.4.8; http://mj12bot.com/)"
65.108.41.34 - - [18/Aug/2022:04:15:17 +0200] "GET /decorative-statuette-winged-pig-aged-material-mod-p-35655.html HTTP/1.0" 301 71559 "-" "Mozilla/5.0 (compatible; MJ12bot/v1.4.8; http://mj12bot.com/)"
20.84.102.54 - - [18/Aug/2022:04:15:17 +0200] "GET /adaptable-decorative-caps-c-12_249.html HTTP/1.0" 200 80116 "-" "Mozilla/5.0 (Windows NT 10.0; Win64; x64) AppleWebKit/537.36 (KHTML, like Gecko) Chrome/86.0.4240.75 Safari/537.36"
65.108.41.34 - - [18/Aug/2022:04:15:21 +0200] "GET /-p-35655.html HTTP/1.0" 200 71492 "-" "Mozilla/5.0 (compatible; MJ12bot/v1.4.8; http://mj12bot.com/)"
94.154.239.69 - - [18/Aug/2022:04:15:21 +0200] "GET /quichotte-sancho-resin-figure-p-53928.html HTTP/1.0" 200 74335 "-" "Mozilla/5.0 (compatible; MJ12bot/v1.4.8; http://mj12bot.com/)"
65.108.41.34 - - [18/Aug/2022:04:15:26 +0200] "GET /decorative-surfboard-beach-bike-on-green-background-p-49490.html HTTP/1.0" 301 71559 "-" "Mozilla/5.0 (compatible; MJ12bot/v1.4.8; http://mj12bot.com/)"
94.154.239.69 - - [18/Aug/2022:04:15:28 +0200] "GET /quote-cutting-board-p-51900.html HTTP/1.0" 200 74695 "-" "Mozilla/5.0 (compatible; MJ12bot/v1.4.8; http://mj12bot.com/)"
65.108.41.34 - - [18/Aug/2022:04:15:30 +0200] "GET /-p-49490.html HTTP/1.0" 200 71492 "-" "Mozilla/5.0 (compatible; MJ12bot/v1.4.8; http://mj12bot.com/)"
65.108.41.34 - - [18/Aug/2022:04:15:34 +0200] "GET /decorative-tortoise-statue-20-cm-p-46091.html HTTP/1.0" 301 71691 "-" "Mozilla/5.0 (compatible; MJ12bot/v1.4.8; http://mj12bot.com/)"
94.154.239.69 - - [18/Aug/2022:04:15:34 +0200] "GET /quote-cutting-board-p-51905.html HTTP/1.0" 200 74695 "-" "Mozilla/5.0 (compatible; MJ12bot/v1.4.8; http://mj12bot.com/)"
20.120.30.199 - - [18/Aug/2022:04:15:34 +0200] "GET /trays-medium-size-c-12_159_265.html HTTP/1.0" 200 91677 "-" "Mozilla/5.0 (Windows NT 10.0; Win64; x64) AppleWebKit/537.36 (KHTML, like Gecko) Chrome/86.0.4240.75 Safari/537.36"
20.120.30.199 - - [18/Aug/2022:04:15:34 +0200] "GET /decoration-thermometers-c-13_145.html HTTP/1.0" 200 92610 "-" "Mozilla/5.0 (Windows NT 10.0; Win64; x64) AppleWebKit/537.36 (KHTML, like Gecko) Chrome/86.0.4240.75 Safari/537.36"
65.108.41.34 - - [18/Aug/2022:04:15:38 +0200] "GET /decorative-tortoise-statue-p-46091.html HTTP/1.0" 200 71598 "-" "Mozilla/5.0 (compatible; MJ12bot/v1.4.8; http://mj12bot.com/)"
94.154.239.69 - - [18/Aug/2022:04:15:41 +0200] "GET /quote-from-freud-wall-sticker-p-39185.html HTTP/1.0" 200 74410 "-" "Mozilla/5.0 (compatible; MJ12bot/v1.4.8; http://mj12bot.com/)"
65.108.41.34 - - [18/Aug/2022:04:15:42 +0200] "GET /decorative-tortoise-statue-p-46091.html HTTP/1.0" 200 71598 "-" "Mozilla/5.0 (compatible; MJ12bot/v1.4.8; http://mj12bot.com/)"
65.108.41.34 - - [18/Aug/2022:04:15:45 +0200] "GET /decorative-tray-24-cm-p-46089.html HTTP/1.0" 301 71636 "-" "Mozilla/5.0 (compatible; MJ12bot/v1.4.8; http://mj12bot.com/)"
66.249.64.82 - - [18/Aug/2022:04:15:46 +0200] "GET /mickey-mouse-figurine-ornement-collection-disney-traditions-p-12114.html HTTP/1.0" 200 74555 "-" "Mozilla/5.0 (Linux; Android 6.0.1; Nexus 5X Build/MMB29P) AppleWebKit/537.36 (KHTML, like Gecko) Chrome/104.0.5112.79 Mobile Safari/537.36 (compatible; Googlebot/2.1; +http://www.google.com/bot.html)"
94.154.239.69 - - [18/Aug/2022:04:15:47 +0200] "GET /quote-from-musset-wall-sticker-p-39186.html HTTP/1.0" 200 74390 "-" "Mozilla/5.0 (compatible; MJ12bot/v1.4.8; http://mj12bot.com/)"
65.108.41.34 - - [18/Aug/2022:04:15:48 +0200] "GET /decorative-tray-p-46089.html HTTP/1.0" 200 71554 "-" "Mozilla/5.0 (compatible; MJ12bot/v1.4.8; http://mj12bot.com/)"
65.108.41.34 - - [18/Aug/2022:04:15:51 +0200] "GET /decorative-tray-p-46089.html HTTP/1.0" 200 71554 "-" "Mozilla/5.0 (compatible; MJ12bot/v1.4.8; http://mj12bot.com/)"
94.154.239.69 - - [18/Aug/2022:04:15:54 +0200] "GET /rabbit-wait-alice-wonderland-figurine-p-46255.html HTTP/1.0" 200 75940 "-" "Mozilla/5.0 (compatible; MJ12bot/v1.4.8; http://mj12bot.com/)"
65.108.41.34 - - [18/Aug/2022:04:15:54 +0200] "GET /decorative-wooden-flower-foot-p-46288.html HTTP/1.0" 200 71616 "-" "Mozilla/5.0 (compatible; MJ12bot/v1.4.8; http://mj12bot.com/)"
65.108.41.34 - - [18/Aug/2022:04:15:57 +0200] "GET /decorative-wooden-flower-on-foot-48-cm-p-46045.html HTTP/1.0" 301 71559 "-" "Mozilla/5.0 (compatible; MJ12bot/v1.4.8; http://mj12bot.com/)"
94.154.239.69 - - [18/Aug/2022:04:15:57 +0200] "GET /rattan-bedhead-wall-sticker-p-53898.html HTTP/1.0" 200 74916 "-" "Mozilla/5.0 (compatible; MJ12bot/v1.4.8; http://mj12bot.com/)"
65.108.41.34 - - [18/Aug/2022:04:16:00 +0200] "GET /-p-46045.html HTTP/1.0" 200 71492 "-" "Mozilla/5.0 (compatible; MJ12bot/v1.4.8; http://mj12bot.com/)"
65.108.41.34 - - [18/Aug/2022:04:16:04 +0200] "GET /decorative-wooden-flower-on-foot-48-cm-p-46288.html HTTP/1.0" 301 71712 "-" "Mozilla/5.0 (compatible; MJ12bot/v1.4.8; http://mj12bot.com/)"
94.154.239.69 - - [18/Aug/2022:04:16:04 +0200] "GET /rattan-chandelier-p-58309.html HTTP/1.0" 200 74929 "-" "Mozilla/5.0 (compatible; MJ12bot/v1.4.8; http://mj12bot.com/)"
65.108.41.34 - - [18/Aug/2022:04:16:07 +0200] "GET /decorative-wooden-flower-foot-p-46288.html HTTP/1.0" 200 71616 "-" "Mozilla/5.0 (compatible; MJ12bot/v1.4.8; http://mj12bot.com/)"
94.154.239.69 - - [18/Aug/2022:04:16:10 +0200] "GET /raving-rabbids-storage-stool-p-37534.html HTTP/1.0" 200 74311 "-" "Mozilla/5.0 (compatible; MJ12bot/v1.4.8; http://mj12bot.com/)"
65.108.41.34 - - [18/Aug/2022:04:16:11 +0200] "GET /decorative-wooden-tree-on-foot-58-cm-p-46765.html HTTP/1.0" 301 71559 "-" "Mozilla/5.0 (compatible; MJ12bot/v1.4.8; http://mj12bot.com/)"
65.108.41.34 - - [18/Aug/2022:04:16:16 +0200] "GET /-p-46765.html HTTP/1.0" 200 71492 "-" "Mozilla/5.0 (compatible; MJ12bot/v1.4.8; http://mj12bot.com/)"
20.124.237.69 - - [18/Aug/2022:04:16:19 +0200] "GET /glasses-drinking-c-12_62.html HTTP/1.0" 200 91426 "-" "Mozilla/5.0 (Windows NT 10.0; Win64; x64) AppleWebKit/537.36 (KHTML, like Gecko) Chrome/86.0.4240.75 Safari/537.36"
65.108.41.34 - - [18/Aug/2022:04:16:19 +0200] "GET /decorative-zebra-statue-35-cm-p-44671.html HTTP/1.0" 301 71559 "-" "Mozilla/5.0 (compatible; MJ12bot/v1.4.8; http://mj12bot.com/)"
20.124.237.69 - - [18/Aug/2022:04:16:19 +0200] "GET /flatwares-c-12_63.html HTTP/1.0" 200 90071 "-" "Mozilla/5.0 (Windows NT 10.0; Win64; x64) AppleWebKit/537.36 (KHTML, like Gecko) Chrome/86.0.4240.75 Safari/537.36"
20.124.237.69 - - [18/Aug/2022:04:16:19 +0200] "GET /furnishings-c-13_87.html HTTP/1.0" 200 91927 "-" "Mozilla/5.0 (Windows NT 10.0; Win64; x64) AppleWebKit/537.36 (KHTML, like Gecko) Chrome/86.0.4240.75 Safari/537.36"
20.124.237.69 - - [18/Aug/2022:04:16:20 +0200] "GET /collectible-figurines-decorative-c-13_135.html HTTP/1.0" 200 96062 "-" "Mozilla/5.0 (Windows NT 10.0; Win64; x64) AppleWebKit/537.36 (KHTML, like Gecko) Chrome/86.0.4240.75 Safari/537.36"
94.154.239.69 - - [18/Aug/2022:04:16:21 +0200] "GET /relief-panel-elephants-carved-wood-p-47213.html HTTP/1.0" 200 71668 "-" "Mozilla/5.0 (compatible; MJ12bot/v1.4.8; http://mj12bot.com/)"
65.108.41.34 - - [18/Aug/2022:04:16:24 +0200] "GET /-p-44671.html HTTP/1.0" 200 71492 "-" "Mozilla/5.0 (compatible; MJ12bot/v1.4.8; http://mj12bot.com/)"
94.154.239.69 - - [18/Aug/2022:04:16:29 +0200] "GET /renault-clock-p-23286.html HTTP/1.0" 301 71559 "-" "Mozilla/5.0 (compatible; MJ12bot/v1.4.8; http://mj12bot.com/)"
54.36.148.95 - - [18/Aug/2022:04:16:31 +0200] "GET /brezil-cbkreation-p-13968.html HTTP/1.0" 200 74095 "-" "Mozilla/5.0 (compatible; AhrefsBot/7.0; +http://ahrefs.com/robot/)"
65.108.41.34 - - [18/Aug/2022:04:16:32 +0200] "GET /decorative-zebra-statue-36-cm-p-44671.html HTTP/1.0" 301 71559 "-" "Mozilla/5.0 (compatible; MJ12bot/v1.4.8; http://mj12bot.com/)"
94.154.239.69 - - [18/Aug/2022:04:16:35 +0200] "GET /-p-23286.html HTTP/1.0" 200 71492 "-" "Mozilla/5.0 (compatible; MJ12bot/v1.4.8; http://mj12bot.com/)"
65.108.41.34 - - [18/Aug/2022:04:16:37 +0200] "GET /-p-44671.html HTTP/1.0" 200 71492 "-" "Mozilla/5.0 (compatible; MJ12bot/v1.4.8; http://mj12bot.com/)"
185.191.171.43 - - [18/Aug/2022:04:16:40 +0200] "GET /large-monkey-standing-lamp-p-48709.html HTTP/1.0" 200 74829 "-" "Mozilla/5.0 (compatible; SemrushBot/7~bl; +http://www.semrush.com/bot.html)"
94.154.239.69 - - [18/Aug/2022:04:16:41 +0200] "GET /retro-beige-metal-clock-37-23-cm-p-41223.html HTTP/1.0" 301 71718 "-" "Mozilla/5.0 (compatible; MJ12bot/v1.4.8; http://mj12bot.com/)"
66.249.64.84 - - [18/Aug/2022:04:16:43 +0200] "GET /images/mini_prod/3453131107730.jpg HTTP/1.0" 200 269 "-" "Googlebot-Image/1.0"
185.191.171.12 - - [18/Aug/2022:04:16:43 +0200] "GET /bucolic-atmosphere-pencil-cbkreation-p-49142.html HTTP/1.0" 200 74442 "-" "Mozilla/5.0 (compatible; SemrushBot/7~bl; +http://www.semrush.com/bot.html)"
94.154.239.69 - - [18/Aug/2022:04:16:46 +0200] "GET /rtro-beige-metal-clock-p-41223.html HTTP/1.0" 200 71629 "-" "Mozilla/5.0 (compatible; MJ12bot/v1.4.8; http://mj12bot.com/)"
20.124.237.69 - - [18/Aug/2022:04:16:46 +0200] "GET /trivet-boards-c-12_158.html HTTP/1.0" 200 95285 "-" "Mozilla/5.0 (Windows NT 10.0; Win64; x64) AppleWebKit/537.36 (KHTML, like Gecko) Chrome/86.0.4240.75 Safari/537.36"
65.108.41.34 - - [18/Aug/2022:04:16:47 +0200] "GET /default-aspect-dragon-ball-pencil-case-p-33846.html HTTP/1.0" 301 71559 "-" "Mozilla/5.0 (compatible; MJ12bot/v1.4.8; http://mj12bot.com/)"
185.191.171.20 - - [18/Aug/2022:04:16:51 +0200] "GET /superman-backpack-p-30368.html HTTP/1.0" 200 71550 "-" "Mozilla/5.0 (compatible; SemrushBot/7~bl; +http://www.semrush.com/bot.html)"
65.108.41.34 - - [18/Aug/2022:04:16:51 +0200] "GET /-p-33846.html HTTP/1.0" 200 71492 "-" "Mozilla/5.0 (compatible; MJ12bot/v1.4.8; http://mj12bot.com/)"
94.154.239.69 - - [18/Aug/2022:04:16:52 +0200] "GET /retro-deco-thermometer-p-40264.html HTTP/1.0" 200 71578 "-" "Mozilla/5.0 (compatible; MJ12bot/v1.4.8; http://mj12bot.com/)"
94.154.239.69 - - [18/Aug/2022:04:16:59 +0200] "GET /retro-industriel-chandelier-p-37256.html HTTP/1.0" 200 74239 "-" "Mozilla/5.0 (compatible; MJ12bot/v1.4.8; http://mj12bot.com/)"
65.108.41.34 - - [18/Aug/2022:04:17:01 +0200] "GET /desert-wall-sticker-p-49924.html HTTP/1.0" 301 71559 "-" "Mozilla/5.0 (compatible; MJ12bot/v1.4.8; http://mj12bot.com/)"
65.108.41.34 - - [18/Aug/2022:04:17:04 +0200] "GET /-p-49924.html HTTP/1.0" 200 71492 "-" "Mozilla/5.0 (compatible; MJ12bot/v1.4.8; http://mj12bot.com/)"
94.154.239.69 - - [18/Aug/2022:04:17:06 +0200] "GET /retro-metal-lantern-rusty-35-cm-led-p-42516.html HTTP/1.0" 301 71559 "-" "Mozilla/5.0 (compatible; MJ12bot/v1.4.8; http://mj12bot.com/)"
216.165.12.8 - - [18/Aug/2022:04:17:12 +0200] "GET /images/mini_prod/8424222925996.jpg HTTP/1.0" 200 269 "-" "Mozilla/5.0 (X11; Ubuntu; Linux x86_64; rv:72.0) Gecko/20100101 Firefox/72.0"
65.108.41.34 - - [18/Aug/2022:04:17:11 +0200] "GET /despecable-keyring-p-33477.html HTTP/1.0" 200 74204 "-" "Mozilla/5.0 (compatible; MJ12bot/v1.4.8; http://mj12bot.com/)"
94.154.239.69 - - [18/Aug/2022:04:17:15 +0200] "GET /-p-42516.html HTTP/1.0" 200 71492 "-" "Mozilla/5.0 (compatible; MJ12bot/v1.4.8; http://mj12bot.com/)"
65.108.41.34 - - [18/Aug/2022:04:17:17 +0200] "GET /despecable-me-keyring-p-33477.html HTTP/1.0" 301 74289 "-" "Mozilla/5.0 (compatible; MJ12bot/v1.4.8; http://mj12bot.com/)"
94.154.239.69 - - [18/Aug/2022:04:17:20 +0200] "GET /retro-metal-lantern-rusty-p-42516.html HTTP/1.0" 301 71559 "-" "Mozilla/5.0 (compatible; MJ12bot/v1.4.8; http://mj12bot.com/)"
65.108.41.34 - - [18/Aug/2022:04:17:23 +0200] "GET /despecable-keyring-p-33477.html HTTP/1.0" 200 74204 "-" "Mozilla/5.0 (compatible; MJ12bot/v1.4.8; http://mj12bot.com/)"
94.154.239.69 - - [18/Aug/2022:04:17:24 +0200] "GET /-p-42516.html HTTP/1.0" 200 71492 "-" "Mozilla/5.0 (compatible; MJ12bot/v1.4.8; http://mj12bot.com/)"
65.108.41.34 - - [18/Aug/2022:04:17:30 +0200] "GET /dessert-dish-glass-with-anti-slip-feet-p-58317.html HTTP/1.0" 200 74222 "-" "Mozilla/5.0 (compatible; MJ12bot/v1.4.8; http://mj12bot.com/)"
94.154.239.69 - - [18/Aug/2022:04:17:30 +0200] "GET /retro-radio-clock-p-50207.html HTTP/1.0" 200 71550 "-" "Mozilla/5.0 (compatible; MJ12bot/v1.4.8; http://mj12bot.com/)"
94.154.239.69 - - [18/Aug/2022:04:17:36 +0200] "GET /retro-steam-train-clock-p-53816.html HTTP/1.0" 200 74186 "-" "Mozilla/5.0 (compatible; MJ12bot/v1.4.8; http://mj12bot.com/)"
94.154.239.69 - - [18/Aug/2022:04:17:40 +0200] "GET /retro-sugar-bowl-little-prince-p-52472.html HTTP/1.0" 200 71574 "-" "Mozilla/5.0 (compatible; MJ12bot/v1.4.8; http://mj12bot.com/)"
65.108.41.34 - - [18/Aug/2022:04:17:41 +0200] "GET /devilish-charm-taz-p-36948.html HTTP/1.0" 301 71559 "-" "Mozilla/5.0 (compatible; MJ12bot/v1.4.8; http://mj12bot.com/)"
94.154.239.69 - - [18/Aug/2022:04:17:44 +0200] "GET /retro-sugar-bowl-the-little-prince-p-52472.html HTTP/1.0" 301 71671 "-" "Mozilla/5.0 (compatible; MJ12bot/v1.4.8; http://mj12bot.com/)"
66.249.64.82 - - [18/Aug/2022:04:17:46 +0200] "GET /cbkreation-p-36581.html HTTP/1.0" 200 74117 "-" "Mozilla/5.0 (Linux; Android 6.0.1; Nexus 5X Build/MMB29P) AppleWebKit/537.36 (KHTML, like Gecko) Chrome/104.0.5112.79 Mobile Safari/537.36 (compatible; Googlebot/2.1; +http://www.google.com/bot.html)"
65.108.41.34 - - [18/Aug/2022:04:17:46 +0200] "GET /-p-36948.html HTTP/1.0" 200 71492 "-" "Mozilla/5.0 (compatible; MJ12bot/v1.4.8; http://mj12bot.com/)"
66.249.64.82 - - [18/Aug/2022:04:17:52 +0200] "GET /pugsley-keel-toys-plush-unicorn-light-pink-p-46895.html HTTP/1.0" 200 74433 "-" "Mozilla/5.0 (Linux; Android 6.0.1; Nexus 5X Build/MMB29P) AppleWebKit/537.36 (KHTML, like Gecko) Chrome/104.0.5112.79 Mobile Safari/537.36 (compatible; Googlebot/2.1; +http://www.google.com/bot.html)"
94.154.239.69 - - [18/Aug/2022:04:17:52 +0200] "GET /retro-sugar-bowl-little-prince-p-52472.html HTTP/1.0" 200 71574 "-" "Mozilla/5.0 (compatible; MJ12bot/v1.4.8; http://mj12bot.com/)"
54.36.149.11 - - [18/Aug/2022:04:17:53 +0200] "GET /with-infuser-musicowl-p-56471.html HTTP/1.0" 200 74256 "-" "Mozilla/5.0 (compatible; AhrefsBot/7.0; +http://ahrefs.com/robot/)"
65.108.41.34 - - [18/Aug/2022:04:17:57 +0200] "GET /disney-frozen-moneybox-p-33622.html HTTP/1.0" 301 71559 "-" "Mozilla/5.0 (compatible; MJ12bot/v1.4.8; http://mj12bot.com/)"
17.121.113.26 - - [18/Aug/2022:04:17:58 +0200] "GET /dusty-planes-fire-rescue-poster-p-33537.html HTTP/1.0" 301 71559 "-" "Mozilla/5.0 (Macintosh; Intel Mac OS X 10_15_5) AppleWebKit/605.1.15 (KHTML, like Gecko) Version/13.1.1 Safari/605.1.15 (Applebot/0.1; +http://www.apple.com/go/applebot)"
185.191.171.13 - - [18/Aug/2022:04:17:59 +0200] "GET /roma-cbkreation-p-49255.html HTTP/1.0" 200 74121 "-" "Mozilla/5.0 (compatible; SemrushBot/7~bl; +http://www.semrush.com/bot.html)"
17.121.113.26 - - [18/Aug/2022:04:18:00 +0200] "GET /-p-33537.html HTTP/1.0" 200 71492 "-" "Mozilla/5.0 (Macintosh; Intel Mac OS X 10_15_5) AppleWebKit/605.1.15 (KHTML, like Gecko) Version/13.1.1 Safari/605.1.15 (Applebot/0.1; +http://www.apple.com/go/applebot)"
94.154.239.69 - - [18/Aug/2022:04:18:01 +0200] "GET /reverse-yoga-pose-and-cats-statue-p-53351.html HTTP/1.0" 301 71702 "-" "Mozilla/5.0 (compatible; MJ12bot/v1.4.8; http://mj12bot.com/)"
65.108.41.34 - - [18/Aug/2022:04:18:01 +0200] "GET /-p-33622.html HTTP/1.0" 200 71492 "-" "Mozilla/5.0 (compatible; MJ12bot/v1.4.8; http://mj12bot.com/)"
94.154.239.69 - - [18/Aug/2022:04:18:07 +0200] "GET /reverse-yoga-pose-cats-statue-p-53351.html HTTP/1.0" 200 71606 "-" "Mozilla/5.0 (compatible; MJ12bot/v1.4.8; http://mj12bot.com/)"
65.108.41.34 - - [18/Aug/2022:04:18:09 +0200] "GET /disney-planes-fruit-juice-glasses-p-24533.html HTTP/1.0" 200 74213 "-" "Mozilla/5.0 (compatible; MJ12bot/v1.4.8; http://mj12bot.com/)"
94.154.239.69 - - [18/Aug/2022:04:18:11 +0200] "GET /reverse-yoga-pose-cats-statue-p-53351.html HTTP/1.0" 200 71606 "-" "Mozilla/5.0 (compatible; MJ12bot/v1.4.8; http://mj12bot.com/)"
94.154.239.69 - - [18/Aug/2022:04:18:16 +0200] "GET /rock-candle-60-hours-black-p-42105.html HTTP/1.0" 301 71674 "-" "Mozilla/5.0 (compatible; MJ12bot/v1.4.8; http://mj12bot.com/)"
65.108.41.34 - - [18/Aug/2022:04:18:20 +0200] "GET /disney-planes-lunch-box-and-bottle-p-27791.html HTTP/1.0" 301 71559 "-" "Mozilla/5.0 (compatible; MJ12bot/v1.4.8; http://mj12bot.com/)"
94.154.239.69 - - [18/Aug/2022:04:18:20 +0200] "GET /rock-candle-hours-black-p-42105.html HTTP/1.0" 200 71584 "-" "Mozilla/5.0 (compatible; MJ12bot/v1.4.8; http://mj12bot.com/)"
65.108.41.34 - - [18/Aug/2022:04:18:25 +0200] "GET /-p-27791.html HTTP/1.0" 200 71492 "-" "Mozilla/5.0 (compatible; MJ12bot/v1.4.8; http://mj12bot.com/)"
94.154.239.69 - - [18/Aug/2022:04:18:26 +0200] "GET /rock-candle-hours-black-p-42105.html HTTP/1.0" 200 71584 "-" "Mozilla/5.0 (compatible; MJ12bot/v1.4.8; http://mj12bot.com/)"
65.108.41.34 - - [18/Aug/2022:04:18:31 +0200] "GET /disney-princess-cinderella-tee-shirt-p-30844.html HTTP/1.0" 301 71559 "-" "Mozilla/5.0 (compatible; MJ12bot/v1.4.8; http://mj12bot.com/)"
94.154.239.69 - - [18/Aug/2022:04:18:31 +0200] "GET /rococo-green-retro-clock-p-34243.html HTTP/1.0" 301 71559 "-" "Mozilla/5.0 (compatible; MJ12bot/v1.4.8; http://mj12bot.com/)"
65.108.41.34 - - [18/Aug/2022:04:18:37 +0200] "GET /-p-30844.html HTTP/1.0" 200 71492 "-" "Mozilla/5.0 (compatible; MJ12bot/v1.4.8; http://mj12bot.com/)"
94.154.239.69 - - [18/Aug/2022:04:18:38 +0200] "GET /-p-34243.html HTTP/1.0" 200 71492 "-" "Mozilla/5.0 (compatible; MJ12bot/v1.4.8; http://mj12bot.com/)"
94.154.239.69 - - [18/Aug/2022:04:18:42 +0200] "GET /rococo-pink-retro-clock-p-34239.html HTTP/1.0" 301 71559 "-" "Mozilla/5.0 (compatible; MJ12bot/v1.4.8; http://mj12bot.com/)"
52.186.142.27 - - [18/Aug/2022:04:18:45 +0200] "GET /breakfast-c-12_61.html HTTP/1.0" 200 92062 "-" "Mozilla/5.0 (Windows NT 10.0; Win64; x64) AppleWebKit/537.36 (KHTML, like Gecko) Chrome/86.0.4240.75 Safari/537.36"
94.154.239.69 - - [18/Aug/2022:04:18:46 +0200] "GET /-p-34239.html HTTP/1.0" 200 71492 "-" "Mozilla/5.0 (compatible; MJ12bot/v1.4.8; http://mj12bot.com/)"
65.108.41.34 - - [18/Aug/2022:04:18:46 +0200] "GET /disney-princess-crayons-p-497.html HTTP/1.0" 200 74685 "-" "Mozilla/5.0 (compatible; MJ12bot/v1.4.8; http://mj12bot.com/)"
94.154.239.69 - - [18/Aug/2022:04:18:51 +0200] "GET /rococo-retro-phone-p-37502.html HTTP/1.0" 301 71636 "-" "Mozilla/5.0 (compatible; MJ12bot/v1.4.8; http://mj12bot.com/)"
65.108.41.34 - - [18/Aug/2022:04:18:52 +0200] "GET /disney-princess-fruit-juice-glasses-p-24532.html HTTP/1.0" 301 71559 "-" "Mozilla/5.0 (compatible; MJ12bot/v1.4.8; http://mj12bot.com/)"
94.154.239.69 - - [18/Aug/2022:04:18:56 +0200] "GET /rococo-rtro-phone-p-37502.html HTTP/1.0" 200 71552 "-" "Mozilla/5.0 (compatible; MJ12bot/v1.4.8; http://mj12bot.com/)"
65.108.41.34 - - [18/Aug/2022:04:18:58 +0200] "GET /-p-24532.html HTTP/1.0" 200 71492 "-" "Mozilla/5.0 (compatible; MJ12bot/v1.4.8; http://mj12bot.com/)"
54.36.148.36 - - [18/Aug/2022:04:19:00 +0200] "GET /glasses-little-prince-p-53842.html HTTP/1.0" 200 74268 "-" "Mozilla/5.0 (compatible; AhrefsBot/7.0; +http://ahrefs.com/robot/)"
54.36.148.57 - - [18/Aug/2022:04:19:03 +0200] "GET /images/big_prod/8422072740776.jpg HTTP/1.0" 200 268 "-" "Mozilla/5.0 (compatible; AhrefsBot/7.0; +http://ahrefs.com/robot/)"
94.154.239.69 - - [18/Aug/2022:04:19:03 +0200] "GET /rococo-rtro-phone-p-37502.html HTTP/1.0" 200 71552 "-" "Mozilla/5.0 (compatible; MJ12bot/v1.4.8; http://mj12bot.com/)"
94.154.239.69 - - [18/Aug/2022:04:19:08 +0200] "GET /round-bamboo-tray-fish-p-49583.html HTTP/1.0" 200 71560 "-" "Mozilla/5.0 (compatible; MJ12bot/v1.4.8; http://mj12bot.com/)"
65.108.41.34 - - [18/Aug/2022:04:19:08 +0200] "GET /disney-princess-jewelry-box-p-37039.html HTTP/1.0" 301 75132 "-" "Mozilla/5.0 (compatible; MJ12bot/v1.4.8; http://mj12bot.com/)"
94.154.239.69 - - [18/Aug/2022:04:19:11 +0200] "GET /round-mirror-hanging-p-46273.html HTTP/1.0" 200 71595 "-" "Mozilla/5.0 (compatible; MJ12bot/v1.4.8; http://mj12bot.com/)"
66.249.64.82 - - [18/Aug/2022:04:19:11 +0200] "GET /white-natural-wooden-p-55034.html HTTP/1.0" 200 74988 "-" "Mozilla/5.0 (compatible; Googlebot/2.1; +http://www.google.com/bot.html)"
65.108.41.34 - - [18/Aug/2022:04:19:12 +0200] "GET /disney-princess-jewelry-p-37039.html HTTP/1.0" 200 75042 "-" "Mozilla/5.0 (compatible; MJ12bot/v1.4.8; http://mj12bot.com/)"
94.154.239.69 - - [18/Aug/2022:04:19:16 +0200] "GET /rtro-beige-metal-clock-p-41223.html HTTP/1.0" 200 71629 "-" "Mozilla/5.0 (compatible; MJ12bot/v1.4.8; http://mj12bot.com/)"
20.120.30.199 - - [18/Aug/2022:04:19:21 +0200] "GET /login.php HTTP/1.0" 200 17155 "-" "Mozilla/5.0 (Windows NT 10.0; Win64; x64) AppleWebKit/537.36 (KHTML, like Gecko) Chrome/86.0.4240.75 Safari/537.36"
65.108.41.34 - - [18/Aug/2022:04:19:21 +0200] "GET /disney-princess-jewelry-p-37039.html HTTP/1.0" 200 75042 "-" "Mozilla/5.0 (compatible; MJ12bot/v1.4.8; http://mj12bot.com/)"
94.154.239.69 - - [18/Aug/2022:04:19:22 +0200] "GET /salamander-decorative-surfboard-p-46268.html HTTP/1.0" 200 71638 "-" "Mozilla/5.0 (compatible; MJ12bot/v1.4.8; http://mj12bot.com/)"
20.120.30.199 - - [18/Aug/2022:04:19:23 +0200] "GET /decorations-c-13_89.html HTTP/1.0" 200 93106 "-" "Mozilla/5.0 (Windows NT 10.0; Win64; x64) AppleWebKit/537.36 (KHTML, like Gecko) Chrome/86.0.4240.75 Safari/537.36"
65.108.41.34 - - [18/Aug/2022:04:19:26 +0200] "GET /disney-princess-sofia-chandelier-p-33152.html HTTP/1.0" 200 71643 "-" "Mozilla/5.0 (compatible; MJ12bot/v1.4.8; http://mj12bot.com/)"
94.154.239.69 - - [18/Aug/2022:04:19:27 +0200] "GET /salt-lamp-in-the-shape-of-lotus-approx-kgs-p-49603.html HTTP/1.0" 301 74789 "-" "Mozilla/5.0 (compatible; MJ12bot/v1.4.8; http://mj12bot.com/)"
65.108.41.34 - - [18/Aug/2022:04:19:31 +0200] "GET /disney-princess-wax-crayons-box-p-497.html HTTP/1.0" 301 74773 "-" "Mozilla/5.0 (compatible; MJ12bot/v1.4.8; http://mj12bot.com/)"
94.154.239.69 - - [18/Aug/2022:04:19:31 +0200] "GET /salt-lamp-shape-lotus-approx-p-49603.html HTTP/1.0" 200 74694 "-" "Mozilla/5.0 (compatible; MJ12bot/v1.4.8; http://mj12bot.com/)"
65.108.41.34 - - [18/Aug/2022:04:19:34 +0200] "GET /disney-princess-crayons-p-497.html HTTP/1.0" 200 74685 "-" "Mozilla/5.0 (compatible; MJ12bot/v1.4.8; http://mj12bot.com/)"
94.154.239.69 - - [18/Aug/2022:04:19:39 +0200] "GET /salt-lamp-shape-lotus-approx-p-49603.html HTTP/1.0" 200 74694 "-" "Mozilla/5.0 (compatible; MJ12bot/v1.4.8; http://mj12bot.com/)"
65.108.41.34 - - [18/Aug/2022:04:19:39 +0200] "GET /disney-violetta-watch-p-28202.html HTTP/1.0" 301 71559 "-" "Mozilla/5.0 (compatible; MJ12bot/v1.4.8; http://mj12bot.com/)"
65.108.41.34 - - [18/Aug/2022:04:19:44 +0200] "GET /-p-28202.html HTTP/1.0" 200 71492 "-" "Mozilla/5.0 (compatible; MJ12bot/v1.4.8; http://mj12bot.com/)"
94.154.239.69 - - [18/Aug/2022:04:19:45 +0200] "GET /scent-cup-heart-and-home-baubles-and-berries-p-53332.html HTTP/1.0" 301 74555 "-" "Mozilla/5.0 (compatible; MJ12bot/v1.4.8; http://mj12bot.com/)"
52.186.142.27 - - [18/Aug/2022:04:19:46 +0200] "GET /flower-pots-c-13_275.html HTTP/1.0" 200 93286 "-" "Mozilla/5.0 (Windows NT 10.0; Win64; x64) AppleWebKit/537.36 (KHTML, like Gecko) Chrome/86.0.4240.75 Safari/537.36"
52.186.142.27 - - [18/Aug/2022:04:19:48 +0200] "GET /products_new.php HTTP/1.0" 200 94837 "-" "Mozilla/5.0 (Windows NT 10.0; Win64; x64) AppleWebKit/537.36 (KHTML, like Gecko) Chrome/86.0.4240.75 Safari/537.36"
65.108.41.34 - - [18/Aug/2022:04:19:49 +0200] "GET /disney-violetta-watch-p-28203.html HTTP/1.0" 301 71559 "-" "Mozilla/5.0 (compatible; MJ12bot/v1.4.8; http://mj12bot.com/)"
94.154.239.69 - - [18/Aug/2022:04:19:50 +0200] "GET /scent-heart-home-baubles-berries-p-53332.html HTTP/1.0" 200 74456 "-" "Mozilla/5.0 (compatible; MJ12bot/v1.4.8; http://mj12bot.com/)"
65.108.41.34 - - [18/Aug/2022:04:19:54 +0200] "GET /-p-28203.html HTTP/1.0" 200 71492 "-" "Mozilla/5.0 (compatible; MJ12bot/v1.4.8; http://mj12bot.com/)"
94.154.239.69 - - [18/Aug/2022:04:19:55 +0200] "GET /scent-heart-home-baubles-berries-p-53332.html HTTP/1.0" 200 74456 "-" "Mozilla/5.0 (compatible; MJ12bot/v1.4.8; http://mj12bot.com/)"
185.191.171.3 - - [18/Aug/2022:04:19:57 +0200] "GET /gorjuss-backpack-bubble-fairy-p-53965.html?action=add_product HTTP/1.0" 302 476 "-" "Mozilla/5.0 (compatible; SemrushBot/7~bl; +http://www.semrush.com/bot.html)"
94.154.239.69 - - [18/Aug/2022:04:19:59 +0200] "GET /schoolbag-caramel-poetic-dragonfly-p-55618.html HTTP/1.0" 200 75533 "-" "Mozilla/5.0 (compatible; MJ12bot/v1.4.8; http://mj12bot.com/)"
65.108.41.34 - - [18/Aug/2022:04:20:00 +0200] "GET /display-chakra-lotus-lightings-p-39335.html HTTP/1.0" 200 71669 "-" "Mozilla/5.0 (compatible; MJ12bot/v1.4.8; http://mj12bot.com/)"
65.108.41.34 - - [18/Aug/2022:04:20:04 +0200] "GET /display-for-chakra-lotus-lightings-52-cm-p-39335.html HTTP/1.0" 301 71766 "-" "Mozilla/5.0 (compatible; MJ12bot/v1.4.8; http://mj12bot.com/)"
94.154.239.69 - - [18/Aug/2022:04:20:05 +0200] "GET /seagrasslaundry-basket-blue-and-natural-brown-55-cm-p-46346.html HTTP/1.0" 301 71559 "-" "Mozilla/5.0 (compatible; MJ12bot/v1.4.8; http://mj12bot.com/)"
65.108.41.34 - - [18/Aug/2022:04:20:08 +0200] "GET /display-chakra-lotus-lightings-p-39335.html HTTP/1.0" 200 71669 "-" "Mozilla/5.0 (compatible; MJ12bot/v1.4.8; http://mj12bot.com/)"
94.154.239.69 - - [18/Aug/2022:04:20:08 +0200] "GET /-p-46346.html HTTP/1.0" 200 71492 "-" "Mozilla/5.0 (compatible; MJ12bot/v1.4.8; http://mj12bot.com/)"
52.186.142.27 - - [18/Aug/2022:04:20:09 +0200] "GET /barbecue-aperitif-c-12_254.html HTTP/1.0" 200 90823 "-" "Mozilla/5.0 (Windows NT 10.0; Win64; x64) AppleWebKit/537.36 (KHTML, like Gecko) Chrome/86.0.4240.75 Safari/537.36"
52.186.142.27 - - [18/Aug/2022:04:20:10 +0200] "GET /indoor-fountains-c-13_272.html HTTP/1.0" 200 85809 "-" "Mozilla/5.0 (Windows NT 10.0; Win64; x64) AppleWebKit/537.36 (KHTML, like Gecko) Chrome/86.0.4240.75 Safari/537.36"
52.186.142.27 - - [18/Aug/2022:04:20:11 +0200] "GET /coffee-c-13_150_153.html HTTP/1.0" 200 91781 "-" "Mozilla/5.0 (Windows NT 10.0; Win64; x64) AppleWebKit/537.36 (KHTML, like Gecko) Chrome/86.0.4240.75 Safari/537.36"
65.108.41.34 - - [18/Aug/2022:04:20:13 +0200] "GET /dledmv-gentleman-racer-pencil-jar-p-35696.html HTTP/1.0" 301 71559 "-" "Mozilla/5.0 (compatible; MJ12bot/v1.4.8; http://mj12bot.com/)"
94.154.239.69 - - [18/Aug/2022:04:20:13 +0200] "GET /seagrasslaundry-basket-blue-natural-brown-p-46346.html HTTP/1.0" 301 71559 "-" "Mozilla/5.0 (compatible; MJ12bot/v1.4.8; http://mj12bot.com/)"
65.108.41.34 - - [18/Aug/2022:04:20:18 +0200] "GET /-p-35696.html HTTP/1.0" 200 71492 "-" "Mozilla/5.0 (compatible; MJ12bot/v1.4.8; http://mj12bot.com/)"
94.154.239.69 - - [18/Aug/2022:04:20:19 +0200] "GET /-p-46346.html HTTP/1.0" 200 71492 "-" "Mozilla/5.0 (compatible; MJ12bot/v1.4.8; http://mj12bot.com/)"
66.249.64.82 - - [18/Aug/2022:04:20:20 +0200] "GET /water-hyacinth-table-lamp-p-55246.html HTTP/1.0" 200 75238 "-" "Mozilla/5.0 (Linux; Android 6.0.1; Nexus 5X Build/MMB29P) AppleWebKit/537.36 (KHTML, like Gecko) Chrome/104.0.5112.79 Mobile Safari/537.36 (compatible; Googlebot/2.1; +http://www.google.com/bot.html)"
65.108.41.34 - - [18/Aug/2022:04:20:21 +0200] "GET /doc-mcstruffins-toddler-flatware-set-p-27547.html HTTP/1.0" 301 71559 "-" "Mozilla/5.0 (compatible; MJ12bot/v1.4.8; http://mj12bot.com/)"
54.36.149.5 - - [18/Aug/2022:04:20:22 +0200] "GET /mango-statue-head-buddha-p-46054.html HTTP/1.0" 200 75009 "-" "Mozilla/5.0 (compatible; AhrefsBot/7.0; +http://ahrefs.com/robot/)"
94.154.239.69 - - [18/Aug/2022:04:20:23 +0200] "GET /selenite-lamp-with-wooden-base-height-p-47192.html HTTP/1.0" 301 71559 "-" "Mozilla/5.0 (compatible; MJ12bot/v1.4.8; http://mj12bot.com/)"
54.36.148.4 - - [18/Aug/2022:04:20:25 +0200] "GET /images/big_prod_1/8424001419937N.jpg HTTP/1.0" 200 271 "-" "Mozilla/5.0 (compatible; AhrefsBot/7.0; +http://ahrefs.com/robot/)"
54.36.149.15 - - [18/Aug/2022:04:20:26 +0200] "GET /images/big_prod/8424001419937.jpg HTTP/1.0" 200 268 "-" "Mozilla/5.0 (compatible; AhrefsBot/7.0; +http://ahrefs.com/robot/)"
65.108.41.34 - - [18/Aug/2022:04:20:27 +0200] "GET /-p-27547.html HTTP/1.0" 200 71492 "-" "Mozilla/5.0 (compatible; MJ12bot/v1.4.8; http://mj12bot.com/)"
94.154.239.69 - - [18/Aug/2022:04:20:31 +0200] "GET /-p-47192.html HTTP/1.0" 200 71492 "-" "Mozilla/5.0 (compatible; MJ12bot/v1.4.8; http://mj12bot.com/)"
65.108.41.34 - - [18/Aug/2022:04:20:34 +0200] "GET /doc-mcstuffins-bowl-p-29510.html HTTP/1.0" 301 71559 "-" "Mozilla/5.0 (compatible; MJ12bot/v1.4.8; http://mj12bot.com/)"
94.154.239.69 - - [18/Aug/2022:04:20:38 +0200] "GET /selenite-lamp-with-wooden-base-kg-height-34-cm-p-47192.html HTTP/1.0" 301 71559 "-" "Mozilla/5.0 (compatible; MJ12bot/v1.4.8; http://mj12bot.com/)"
65.108.41.34 - - [18/Aug/2022:04:20:39 +0200] "GET /-p-29510.html HTTP/1.0" 200 71492 "-" "Mozilla/5.0 (compatible; MJ12bot/v1.4.8; http://mj12bot.com/)"
94.154.239.69 - - [18/Aug/2022:04:20:42 +0200] "GET /-p-47192.html HTTP/1.0" 200 71492 "-" "Mozilla/5.0 (compatible; MJ12bot/v1.4.8; http://mj12bot.com/)"
65.108.41.34 - - [18/Aug/2022:04:20:46 +0200] "GET /doc-mcstuffins-bowl-p-29511.html HTTP/1.0" 301 71559 "-" "Mozilla/5.0 (compatible; MJ12bot/v1.4.8; http://mj12bot.com/)"
94.154.239.69 - - [18/Aug/2022:04:20:48 +0200] "GET /selenite-pyramid-cm-p-46310.html HTTP/1.0" 301 71629 "-" "Mozilla/5.0 (compatible; MJ12bot/v1.4.8; http://mj12bot.com/)"
211.249.40.10 - - [18/Aug/2022:04:20:50 +0200] "GET /images/mini_prod/1399984241806.jpg HTTP/1.0" 200 269 "-" "Mozilla/5.0 (X11; Ubuntu; Linux x86_64; rv:72.0) Gecko/20100101 Firefox/72.0"
65.108.41.34 - - [18/Aug/2022:04:20:49 +0200] "GET /-p-29511.html HTTP/1.0" 200 71492 "-" "Mozilla/5.0 (compatible; MJ12bot/v1.4.8; http://mj12bot.com/)"
94.154.239.69 - - [18/Aug/2022:04:20:51 +0200] "GET /selenite-pyramid-p-46310.html HTTP/1.0" 200 71546 "-" "Mozilla/5.0 (compatible; MJ12bot/v1.4.8; http://mj12bot.com/)"
66.249.64.83 - - [18/Aug/2022:04:20:56 +0200] "GET /michael-statue-p-46809.html HTTP/1.0" 200 74184 "-" "Mozilla/5.0 (compatible; Googlebot/2.1; +http://www.google.com/bot.html)"
94.154.239.69 - - [18/Aug/2022:04:20:58 +0200] "GET /selenite-pyramid-p-46310.html HTTP/1.0" 200 71546 "-" "Mozilla/5.0 (compatible; MJ12bot/v1.4.8; http://mj12bot.com/)"
94.154.239.69 - - [18/Aug/2022:04:21:02 +0200] "GET /set-of-christmas-under-glasses-p-49645.html HTTP/1.0" 301 74850 "-" "Mozilla/5.0 (compatible; MJ12bot/v1.4.8; http://mj12bot.com/)"
94.154.239.69 - - [18/Aug/2022:04:21:06 +0200] "GET /christmas-under-glasses-p-49645.html HTTP/1.0" 200 74760 "-" "Mozilla/5.0 (compatible; MJ12bot/v1.4.8; http://mj12bot.com/)"
94.154.239.69 - - [18/Aug/2022:04:21:09 +0200] "GET /set-of-cotton-kitchen-towel-50-70-cm-guyane-p-49659.html HTTP/1.0" 301 75555 "-" "Mozilla/5.0 (compatible; MJ12bot/v1.4.8; http://mj12bot.com/)"
94.154.239.69 - - [18/Aug/2022:04:21:14 +0200] "GET /cotton-kitchen-towel-guyane-p-49659.html HTTP/1.0" 200 75461 "-" "Mozilla/5.0 (compatible; MJ12bot/v1.4.8; http://mj12bot.com/)"
94.154.239.69 - - [18/Aug/2022:04:21:17 +0200] "GET /set-of-erasers-delivered-box-model-depending-on-availability-p-33660.html HTTP/1.0" 301 74619 "-" "Mozilla/5.0 (compatible; MJ12bot/v1.4.8; http://mj12bot.com/)"
185.191.171.7 - - [18/Aug/2022:04:21:20 +0200] "GET /personalized-products-c-97.html?page=3 HTTP/1.0" 200 80946 "-" "Mozilla/5.0 (compatible; SemrushBot/7~bl; +http://www.semrush.com/bot.html)"
94.154.239.69 - - [18/Aug/2022:04:21:21 +0200] "GET /erasers-delivered-model-depending-availability-p-33660.html HTTP/1.0" 200 74506 "-" "Mozilla/5.0 (compatible; MJ12bot/v1.4.8; http://mj12bot.com/)"
94.154.239.69 - - [18/Aug/2022:04:21:26 +0200] "GET /set-of-magnets-french-riviera-p-48341.html HTTP/1.0" 301 74325 "-" "Mozilla/5.0 (compatible; MJ12bot/v1.4.8; http://mj12bot.com/)"
54.36.148.227 - - [18/Aug/2022:04:21:28 +0200] "GET /lady-cover-p-24674.html HTTP/1.0" 200 73882 "-" "Mozilla/5.0 (compatible; AhrefsBot/7.0; +http://ahrefs.com/robot/)"
54.36.148.253 - - [18/Aug/2022:04:21:31 +0200] "GET /images/3661443315662.jpg HTTP/1.0" 200 259 "-" "Mozilla/5.0 (compatible; AhrefsBot/7.0; +http://ahrefs.com/robot/)"
94.154.239.69 - - [18/Aug/2022:04:21:30 +0200] "GET /magnets-french-riviera-p-48341.html HTTP/1.0" 200 74236 "-" "Mozilla/5.0 (compatible; MJ12bot/v1.4.8; http://mj12bot.com/)"
185.191.171.44 - - [18/Aug/2022:04:21:29 +0200] "GET /strawberry-shortcake-raspberry-torte-doll-15-cm-p-35281.html HTTP/1.0" 301 71559 "-" "Mozilla/5.0 (compatible; SemrushBot/7~bl; +http://www.semrush.com/bot.html)"
185.191.171.38 - - [18/Aug/2022:04:21:33 +0200] "GET /-p-35281.html HTTP/1.0" 200 71492 "-" "Mozilla/5.0 (compatible; SemrushBot/7~bl; +http://www.semrush.com/bot.html)"
94.154.239.69 - - [18/Aug/2022:04:21:34 +0200] "GET /set-of-magnets-paris-p-48344.html HTTP/1.0" 301 74271 "-" "Mozilla/5.0 (compatible; MJ12bot/v1.4.8; http://mj12bot.com/)"
94.154.239.69 - - [18/Aug/2022:04:21:39 +0200] "GET /magnets-paris-p-48344.html HTTP/1.0" 200 74191 "-" "Mozilla/5.0 (compatible; MJ12bot/v1.4.8; http://mj12bot.com/)"
94.154.239.69 - - [18/Aug/2022:04:21:43 +0200] "GET /sheep-soft-hot-water-bottle-p-53626.html HTTP/1.0" 301 74348 "-" "Mozilla/5.0 (compatible; MJ12bot/v1.4.8; http://mj12bot.com/)"
94.154.239.69 - - [18/Aug/2022:04:21:46 +0200] "GET /sheep-soft-water-bottle-p-53626.html HTTP/1.0" 200 74258 "-" "Mozilla/5.0 (compatible; MJ12bot/v1.4.8; http://mj12bot.com/)"
94.154.239.69 - - [18/Aug/2022:04:21:50 +0200] "GET /sheep-soft-water-bottle-p-53626.html HTTP/1.0" 200 74258 "-" "Mozilla/5.0 (compatible; MJ12bot/v1.4.8; http://mj12bot.com/)"
94.154.239.69 - - [18/Aug/2022:04:21:54 +0200] "GET /shiva-statue-21-cm-p-37200.html HTTP/1.0" 301 74219 "-" "Mozilla/5.0 (compatible; MJ12bot/v1.4.8; http://mj12bot.com/)"
94.154.239.69 - - [18/Aug/2022:04:21:58 +0200] "GET /shiva-statue-p-37200.html HTTP/1.0" 200 74140 "-" "Mozilla/5.0 (compatible; MJ12bot/v1.4.8; http://mj12bot.com/)"
94.154.239.69 - - [18/Aug/2022:04:22:04 +0200] "GET /shiva-statue-p-37200.html HTTP/1.0" 200 74140 "-" "Mozilla/5.0 (compatible; MJ12bot/v1.4.8; http://mj12bot.com/)"
94.154.239.69 - - [18/Aug/2022:04:22:08 +0200] "GET /silver-p-41943.html HTTP/1.0" 200 74087 "-" "Mozilla/5.0 (compatible; MJ12bot/v1.4.8; http://mj12bot.com/)"
94.154.239.69 - - [18/Aug/2022:04:22:12 +0200] "GET /small-bamboo-salad-bowl-with-hummingbirds-p-49513.html HTTP/1.0" 200 71628 "-" "Mozilla/5.0 (compatible; MJ12bot/v1.4.8; http://mj12bot.com/)"
94.154.239.69 - - [18/Aug/2022:04:22:15 +0200] "GET /small-bamboo-salad-bowl-with-lid-hummingbirds-p-49513.html HTTP/1.0" 301 71736 "-" "Mozilla/5.0 (compatible; MJ12bot/v1.4.8; http://mj12bot.com/)"
94.154.239.69 - - [18/Aug/2022:04:22:19 +0200] "GET /small-bamboo-salad-bowl-with-hummingbirds-p-49513.html HTTP/1.0" 200 71628 "-" "Mozilla/5.0 (compatible; MJ12bot/v1.4.8; http://mj12bot.com/)"
94.154.239.69 - - [18/Aug/2022:04:22:24 +0200] "GET /small-bamboo-tray-cats-p-49572.html HTTP/1.0" 200 74202 "-" "Mozilla/5.0 (compatible; MJ12bot/v1.4.8; http://mj12bot.com/)"
94.154.239.69 - - [18/Aug/2022:04:22:28 +0200] "GET /small-bamboo-tray-fish-p-49571.html HTTP/1.0" 200 74202 "-" "Mozilla/5.0 (compatible; MJ12bot/v1.4.8; http://mj12bot.com/)"
66.249.64.83 - - [18/Aug/2022:04:22:31 +0200] "GET /small-louis-philippe-pink-liberty-cushion-p-16230.html HTTP/1.0" 200 74943 "-" "Mozilla/5.0 (compatible; Googlebot/2.1; +http://www.google.com/bot.html)"
94.154.239.69 - - [18/Aug/2022:04:22:32 +0200] "GET /small-bamboo-tray-humming-bird-p-49573.html HTTP/1.0" 200 74242 "-" "Mozilla/5.0 (compatible; MJ12bot/v1.4.8; http://mj12bot.com/)"
94.154.239.69 - - [18/Aug/2022:04:22:38 +0200] "GET /small-bamboo-tray-lama-p-49582.html HTTP/1.0" 200 74222 "-" "Mozilla/5.0 (compatible; MJ12bot/v1.4.8; http://mj12bot.com/)"
66.249.64.82 - - [18/Aug/2022:04:22:38 +0200] "GET /bistrot-rectangular-tray-p-45611.html HTTP/1.0" 200 74222 "-" "Mozilla/5.0 (Linux; Android 6.0.1; Nexus 5X Build/MMB29P) AppleWebKit/537.36 (KHTML, like Gecko) Chrome/104.0.5112.79 Mobile Safari/537.36 (compatible; Googlebot/2.1; +http://www.google.com/bot.html)"
94.154.239.69 - - [18/Aug/2022:04:22:41 +0200] "GET /small-candle-black-vanilla-heart-home-p-56288.html HTTP/1.0" 200 75367 "-" "Mozilla/5.0 (compatible; MJ12bot/v1.4.8; http://mj12bot.com/)"
185.191.171.15 - - [18/Aug/2022:04:22:43 +0200] "GET /swallow-wall-decoration-29-cm-p-51541.html HTTP/1.0" 301 71676 "-" "Mozilla/5.0 (compatible; SemrushBot/7~bl; +http://www.semrush.com/bot.html)"
185.191.171.24 - - [18/Aug/2022:04:22:45 +0200] "GET /swallow-wall-decoration-p-51541.html HTTP/1.0" 200 71586 "-" "Mozilla/5.0 (compatible; SemrushBot/7~bl; +http://www.semrush.com/bot.html)"
66.249.64.82 - - [18/Aug/2022:04:22:46 +0200] "GET /london-keyring-p-22603.html HTTP/1.0" 200 74643 "-" "Mozilla/5.0 (Linux; Android 6.0.1; Nexus 5X Build/MMB29P) AppleWebKit/537.36 (KHTML, like Gecko) Chrome/104.0.5112.79 Mobile Safari/537.36 (compatible; Googlebot/2.1; +http://www.google.com/bot.html)"
94.154.239.69 - - [18/Aug/2022:04:22:46 +0200] "GET /small-ceramic-lamp-white-p-41262.html HTTP/1.0" 301 71559 "-" "Mozilla/5.0 (compatible; MJ12bot/v1.4.8; http://mj12bot.com/)"
216.165.12.8 - - [18/Aug/2022:04:22:51 +0200] "GET /images/mini_prod/8433933201497.jpg HTTP/1.0" 200 269 "-" "Mozilla/5.0 (X11; Ubuntu; Linux x86_64; rv:72.0) Gecko/20100101 Firefox/72.0"
94.154.239.69 - - [18/Aug/2022:04:22:51 +0200] "GET /-p-41262.html HTTP/1.0" 200 71492 "-" "Mozilla/5.0 (compatible; MJ12bot/v1.4.8; http://mj12bot.com/)"
54.36.148.190 - - [18/Aug/2022:04:22:52 +0200] "GET /blacks-keyring-p-43116.html HTTP/1.0" 200 71546 "-" "Mozilla/5.0 (compatible; AhrefsBot/7.0; +http://ahrefs.com/robot/)"
94.154.239.69 - - [18/Aug/2022:04:22:55 +0200] "GET /small-ceramic-lamp-white-p-41263.html HTTP/1.0" 301 71559 "-" "Mozilla/5.0 (compatible; MJ12bot/v1.4.8; http://mj12bot.com/)"
66.249.64.82 - - [18/Aug/2022:04:22:58 +0200] "GET /images/mini_prod/1345544751834.jpg HTTP/1.0" 200 269 "-" "Googlebot-Image/1.0"
94.154.239.69 - - [18/Aug/2022:04:22:59 +0200] "GET /-p-41263.html HTTP/1.0" 200 71492 "-" "Mozilla/5.0 (compatible; MJ12bot/v1.4.8; http://mj12bot.com/)"
20.120.24.38 - - [18/Aug/2022:04:22:59 +0200] "GET /wooden-boxes-storage-c-13_150_220.html HTTP/1.0" 200 91625 "-" "Mozilla/5.0 (Windows NT 10.0; Win64; x64) AppleWebKit/537.36 (KHTML, like Gecko) Chrome/86.0.4240.75 Safari/537.36"
20.120.24.38 - - [18/Aug/2022:04:22:59 +0200] "GET /jewelry-boxes-holders-c-13_150_131.html HTTP/1.0" 200 92172 "-" "Mozilla/5.0 (Windows NT 10.0; Win64; x64) AppleWebKit/537.36 (KHTML, like Gecko) Chrome/86.0.4240.75 Safari/537.36"
94.154.239.69 - - [18/Aug/2022:04:23:04 +0200] "GET /small-mustard-ceramic-lamp-p-54850.html HTTP/1.0" 200 71598 "-" "Mozilla/5.0 (compatible; MJ12bot/v1.4.8; http://mj12bot.com/)"
77.75.78.162 - - [18/Aug/2022:04:23:08 +0200] "GET /robots.txt HTTP/1.0" 200 245 "-" "Mozilla/5.0 (compatible; SeznamBot/3.2; +http://napoveda.seznam.cz/en/seznambot-intro/)"
94.154.239.69 - - [18/Aug/2022:04:23:07 +0200] "GET /small-resin-monkey-statuettes-p-53901.html HTTP/1.0" 200 71602 "-" "Mozilla/5.0 (compatible; MJ12bot/v1.4.8; http://mj12bot.com/)"
77.75.78.162 - - [18/Aug/2022:04:23:08 +0200] "GET /watches-c-3_66.html HTTP/1.0" 200 92226 "-" "Mozilla/5.0 (compatible; SeznamBot/3.2; +http://napoveda.seznam.cz/en/seznambot-intro/)"
94.154.239.69 - - [18/Aug/2022:04:23:12 +0200] "GET /small-school-caramel-green-p-55622.html HTTP/1.0" 200 75345 "-" "Mozilla/5.0 (compatible; MJ12bot/v1.4.8; http://mj12bot.com/)"
94.154.239.69 - - [18/Aug/2022:04:23:15 +0200] "GET /smith-and-wesson-metal-plate-deco-405-215-cm-p-41074.html HTTP/1.0" 301 74373 "-" "Mozilla/5.0 (compatible; MJ12bot/v1.4.8; http://mj12bot.com/)"
185.191.171.35 - - [18/Aug/2022:04:23:17 +0200] "GET /salt-pepper-potager-collection-p-52669.html?action=add_product HTTP/1.0" 302 476 "-" "Mozilla/5.0 (compatible; SemrushBot/7~bl; +http://www.semrush.com/bot.html)"
94.154.239.69 - - [18/Aug/2022:04:23:18 +0200] "GET /smith-wesson-metal-plate-deco-p-41074.html HTTP/1.0" 200 74277 "-" "Mozilla/5.0 (compatible; MJ12bot/v1.4.8; http://mj12bot.com/)"
94.154.239.69 - - [18/Aug/2022:04:23:23 +0200] "GET /smith-wesson-metal-plate-deco-p-41074.html HTTP/1.0" 200 74277 "-" "Mozilla/5.0 (compatible; MJ12bot/v1.4.8; http://mj12bot.com/)"
94.154.239.69 - - [18/Aug/2022:04:23:26 +0200] "GET /smurf-pink-umbrella-p-10330.html HTTP/1.0" 301 71559 "-" "Mozilla/5.0 (compatible; MJ12bot/v1.4.8; http://mj12bot.com/)"
94.154.239.69 - - [18/Aug/2022:04:23:29 +0200] "GET /-p-10330.html HTTP/1.0" 200 71492 "-" "Mozilla/5.0 (compatible; MJ12bot/v1.4.8; http://mj12bot.com/)"
94.154.239.69 - - [18/Aug/2022:04:23:33 +0200] "GET /snow-white-couture-de-force-figurine-p-53355.html HTTP/1.0" 301 76255 "-" "Mozilla/5.0 (compatible; MJ12bot/v1.4.8; http://mj12bot.com/)"
35.210.104.101 - - [18/Aug/2022:04:23:35 +0200] "GET /robots.txt HTTP/1.0" 301 531 "-" "Go-http-client/1.1"
35.210.104.101 - - [18/Aug/2022:04:23:37 +0200] "GET /robots.txt HTTP/1.0" 200 245 "http://wonder-geek.com/robots.txt" "Go-http-client/1.1"
185.191.171.10 - - [18/Aug/2022:04:23:36 +0200] "GET /philosophizing-monkey-rheinhold-p-46894.html HTTP/1.0" 301 71559 "-" "Mozilla/5.0 (compatible; SemrushBot/7~bl; +http://www.semrush.com/bot.html)"
35.210.104.101 - - [18/Aug/2022:04:23:37 +0200] "GET / HTTP/1.0" 301 511 "-" "Mozilla/5.0 (compatible; VelenPublicWebCrawler/1.0; +https://velen.io)"
185.191.171.25 - - [18/Aug/2022:04:23:39 +0200] "GET /-p-46894.html HTTP/1.0" 200 71492 "-" "Mozilla/5.0 (compatible; SemrushBot/7~bl; +http://www.semrush.com/bot.html)"
94.154.239.69 - - [18/Aug/2022:04:23:39 +0200] "GET /snow-white-couture-force-figurine-p-53355.html HTTP/1.0" 200 76155 "-" "Mozilla/5.0 (compatible; MJ12bot/v1.4.8; http://mj12bot.com/)"
35.210.104.101 - - [18/Aug/2022:04:23:39 +0200] "GET / HTTP/1.0" 200 152013 "http://wonder-geek.com" "Mozilla/5.0 (compatible; VelenPublicWebCrawler/1.0; +https://velen.io)"
94.154.239.69 - - [18/Aug/2022:04:23:45 +0200] "GET /snow-white-couture-force-figurine-p-53355.html HTTP/1.0" 200 76155 "-" "Mozilla/5.0 (compatible; MJ12bot/v1.4.8; http://mj12bot.com/)"
66.249.64.82 - - [18/Aug/2022:04:23:49 +0200] "GET /cats-dubout-sugar-p-26839.html HTTP/1.0" 200 74261 "-" "Mozilla/5.0 (Linux; Android 6.0.1; Nexus 5X Build/MMB29P) AppleWebKit/537.36 (KHTML, like Gecko) Chrome/104.0.5112.79 Mobile Safari/537.36 (compatible; Googlebot/2.1; +http://www.google.com/bot.html)"
94.154.239.69 - - [18/Aug/2022:04:23:50 +0200] "GET /sonny-angel-birthday-figurines-p-49374.html HTTP/1.0" 200 74532 "-" "Mozilla/5.0 (compatible; MJ12bot/v1.4.8; http://mj12bot.com/)"
94.154.239.69 - - [18/Aug/2022:04:23:55 +0200] "GET /sonny-angel-chocolate-2016-figurines-p-49375.html HTTP/1.0" 200 74521 "-" "Mozilla/5.0 (compatible; MJ12bot/v1.4.8; http://mj12bot.com/)"
94.154.239.69 - - [18/Aug/2022:04:23:58 +0200] "GET /sonny-hawaii-beach-figurines-p-49376.html HTTP/1.0" 200 74414 "-" "Mozilla/5.0 (compatible; MJ12bot/v1.4.8; http://mj12bot.com/)"
94.154.239.69 - - [18/Aug/2022:04:24:02 +0200] "GET /spanish-flag-round-clock-by-cbkreation-p-24415.html HTTP/1.0" 301 74428 "-" "Mozilla/5.0 (compatible; MJ12bot/v1.4.8; http://mj12bot.com/)"
94.154.239.69 - - [18/Aug/2022:04:24:06 +0200] "GET /spanish-flag-round-clock-cbkreation-p-24415.html HTTP/1.0" 200 74326 "-" "Mozilla/5.0 (compatible; MJ12bot/v1.4.8; http://mj12bot.com/)"
54.36.148.43 - - [18/Aug/2022:04:24:07 +0200] "GET /candle-hours-dawn-mist-p-33023.html HTTP/1.0" 200 75340 "-" "Mozilla/5.0 (compatible; AhrefsBot/7.0; +http://ahrefs.com/robot/)"
94.154.239.69 - - [18/Aug/2022:04:24:10 +0200] "GET /spanish-flag-round-clock-cbkreation-p-24415.html HTTP/1.0" 200 74326 "-" "Mozilla/5.0 (compatible; MJ12bot/v1.4.8; http://mj12bot.com/)"
94.154.239.69 - - [18/Aug/2022:04:24:15 +0200] "GET /sponge-bob-melamine-bowl-p-17120.html HTTP/1.0" 301 74312 "-" "Mozilla/5.0 (compatible; MJ12bot/v1.4.8; http://mj12bot.com/)"
94.154.239.69 - - [18/Aug/2022:04:24:18 +0200] "GET /sponge-melamine-bowl-p-17120.html HTTP/1.0" 200 74225 "-" "Mozilla/5.0 (compatible; MJ12bot/v1.4.8; http://mj12bot.com/)"
94.154.239.69 - - [18/Aug/2022:04:24:22 +0200] "GET /sponge-melamine-bowl-p-17120.html HTTP/1.0" 200 74225 "-" "Mozilla/5.0 (compatible; MJ12bot/v1.4.8; http://mj12bot.com/)"
185.191.171.24 - - [18/Aug/2022:04:24:23 +0200] "GET /curtain-eyelets-goa-navy-blue-140-240-cm-p-42532.html HTTP/1.0" 301 77418 "-" "Mozilla/5.0 (compatible; SemrushBot/7~bl; +http://www.semrush.com/bot.html)"
94.154.239.69 - - [18/Aug/2022:04:24:26 +0200] "GET /star-wars-lava-lamp-p-48892.html HTTP/1.0" 301 71559 "-" "Mozilla/5.0 (compatible; MJ12bot/v1.4.8; http://mj12bot.com/)"
185.191.171.19 - - [18/Aug/2022:04:24:27 +0200] "GET /curtain-eyelets-navy-blue-p-42532.html HTTP/1.0" 200 77326 "-" "Mozilla/5.0 (compatible; SemrushBot/7~bl; +http://www.semrush.com/bot.html)"
94.154.239.69 - - [18/Aug/2022:04:24:30 +0200] "GET /-p-48892.html HTTP/1.0" 200 71492 "-" "Mozilla/5.0 (compatible; MJ12bot/v1.4.8; http://mj12bot.com/)"
94.154.239.69 - - [18/Aug/2022:04:24:33 +0200] "GET /statuette-jesus-christ-sacred-heart-beige-p-47134.html HTTP/1.0" 200 74974 "-" "Mozilla/5.0 (compatible; MJ12bot/v1.4.8; http://mj12bot.com/)"
94.154.239.69 - - [18/Aug/2022:04:24:37 +0200] "GET /statuette-jesus-christ-sacred-heart-p-47136.html HTTP/1.0" 200 74940 "-" "Mozilla/5.0 (compatible; MJ12bot/v1.4.8; http://mj12bot.com/)"
94.154.239.69 - - [18/Aug/2022:04:24:41 +0200] "GET /statuette-jesus-christ-sacred-heart-red-p-47136.html HTTP/1.0" 301 75042 "-" "Mozilla/5.0 (compatible; MJ12bot/v1.4.8; http://mj12bot.com/)"
94.154.239.69 - - [18/Aug/2022:04:24:45 +0200] "GET /statuette-jesus-christ-sacred-heart-p-47136.html HTTP/1.0" 200 74940 "-" "Mozilla/5.0 (compatible; MJ12bot/v1.4.8; http://mj12bot.com/)"
94.154.239.69 - - [18/Aug/2022:04:24:48 +0200] "GET /stone-green-opal-p-46322.html HTTP/1.0" 200 71563 "-" "Mozilla/5.0 (compatible; MJ12bot/v1.4.8; http://mj12bot.com/)"
94.154.239.69 - - [18/Aug/2022:04:24:51 +0200] "GET /stone-labradorite-p-46319.html HTTP/1.0" 301 71559 "-" "Mozilla/5.0 (compatible; MJ12bot/v1.4.8; http://mj12bot.com/)"
94.154.239.69 - - [18/Aug/2022:04:24:55 +0200] "GET /-p-46319.html HTTP/1.0" 200 71492 "-" "Mozilla/5.0 (compatible; MJ12bot/v1.4.8; http://mj12bot.com/)"
94.154.239.69 - - [18/Aug/2022:04:24:59 +0200] "GET /storage-case-suitcase-world-map-56-cm-p-38634.html HTTP/1.0" 301 71559 "-" "Mozilla/5.0 (compatible; MJ12bot/v1.4.8; http://mj12bot.com/)"
94.154.239.69 - - [18/Aug/2022:04:25:03 +0200] "GET /-p-38634.html HTTP/1.0" 200 71492 "-" "Mozilla/5.0 (compatible; MJ12bot/v1.4.8; http://mj12bot.com/)"
