66.249.64.82 - - [02/Sep/2022:04:41:11 +0200] "GET /images/mini_prod/1384010208380.jpg HTTP/1.0" 200 269 "-" "Mozilla/5.0 (compatible; Googlebot/2.1; +http://www.google.com/bot.html)"
66.249.64.82 - - [02/Sep/2022:04:41:11 +0200] "GET /images/mini_prod/3700235441544.jpg HTTP/1.0" 200 269 "-" "Mozilla/5.0 (compatible; Googlebot/2.1; +http://www.google.com/bot.html)"
66.249.64.82 - - [02/Sep/2022:04:41:12 +0200] "GET /images/mini_prod/8433933142332.jpg HTTP/1.0" 200 269 "-" "Mozilla/5.0 (compatible; Googlebot/2.1; +http://www.google.com/bot.html)"
66.249.64.82 - - [02/Sep/2022:04:41:12 +0200] "GET /images/mini_prod/1384000000307.jpg HTTP/1.0" 200 269 "-" "Mozilla/5.0 (compatible; Googlebot/2.1; +http://www.google.com/bot.html)"
66.249.64.82 - - [02/Sep/2022:04:41:13 +0200] "GET /images/mini_prod/5018997618448.jpg HTTP/1.0" 200 269 "-" "Mozilla/5.0 (compatible; Googlebot/2.1; +http://www.google.com/bot.html)"
66.249.64.82 - - [02/Sep/2022:04:41:13 +0200] "GET /images/3281640243133.jpg HTTP/1.0" 200 259 "-" "Mozilla/5.0 (compatible; Googlebot/2.1; +http://www.google.com/bot.html)"
66.249.64.82 - - [02/Sep/2022:04:41:14 +0200] "GET /images/mini_prod/3612875124919.jpg HTTP/1.0" 200 269 "-" "Mozilla/5.0 (compatible; Googlebot/2.1; +http://www.google.com/bot.html)"
66.249.64.82 - - [02/Sep/2022:04:41:14 +0200] "GET /images/mini_prod/1384010206980.jpg HTTP/1.0" 200 269 "-" "Mozilla/5.0 (compatible; Googlebot/2.1; +http://www.google.com/bot.html)"
66.249.64.82 - - [02/Sep/2022:04:41:15 +0200] "GET /images/mini_prod/5051276212487.jpg HTTP/1.0" 200 269 "-" "Mozilla/5.0 (compatible; Googlebot/2.1; +http://www.google.com/bot.html)"
66.249.64.82 - - [02/Sep/2022:04:41:15 +0200] "GET /images/mini_prod/3453131143172.jpg HTTP/1.0" 200 269 "-" "Mozilla/5.0 (compatible; Googlebot/2.1; +http://www.google.com/bot.html)"
66.249.64.82 - - [02/Sep/2022:04:41:16 +0200] "GET /images/mini_prod/8433933220627.jpg HTTP/1.0" 200 269 "-" "Mozilla/5.0 (compatible; Googlebot/2.1; +http://www.google.com/bot.html)"
66.249.64.82 - - [02/Sep/2022:04:41:16 +0200] "GET /images/mini_prod/8435306290718.jpg HTTP/1.0" 200 269 "-" "Mozilla/5.0 (compatible; Googlebot/2.1; +http://www.google.com/bot.html)"
66.249.64.82 - - [02/Sep/2022:04:41:16 +0200] "GET /images/mini_prod/1399984242544.jpg HTTP/1.0" 200 269 "-" "Mozilla/5.0 (compatible; Googlebot/2.1; +http://www.google.com/bot.html)"
66.249.64.82 - - [02/Sep/2022:04:41:17 +0200] "GET /images/mini_prod/8719075391594.jpg HTTP/1.0" 200 269 "-" "Mozilla/5.0 (compatible; Googlebot/2.1; +http://www.google.com/bot.html)"
66.249.64.82 - - [02/Sep/2022:04:41:17 +0200] "GET /images/mini_prod/5050293383620.jpg HTTP/1.0" 200 269 "-" "Mozilla/5.0 (compatible; Googlebot/2.1; +http://www.google.com/bot.html)"
66.249.64.82 - - [02/Sep/2022:04:41:18 +0200] "GET /little-mariners-bowl-p-38766.html HTTP/1.0" 301 71845 "-" "Mozilla/5.0 (compatible; Googlebot/2.1; +http://www.google.com/bot.html)"
66.249.64.82 - - [02/Sep/2022:04:41:19 +0200] "GET /images/mini_prod/1399984249727.jpg HTTP/1.0" 200 269 "-" "Mozilla/5.0 (compatible; Googlebot/2.1; +http://www.google.com/bot.html)"
66.249.64.82 - - [02/Sep/2022:04:41:20 +0200] "GET /images/mini_prod/886767070681.jpg HTTP/1.0" 200 268 "-" "Mozilla/5.0 (compatible; Googlebot/2.1; +http://www.google.com/bot.html)"
66.249.64.82 - - [02/Sep/2022:04:41:20 +0200] "GET /-p-38766.html HTTP/1.0" 200 71778 "-" "Mozilla/5.0 (compatible; Googlebot/2.1; +http://www.google.com/bot.html)"
66.249.64.82 - - [02/Sep/2022:04:41:21 +0200] "GET /images/mini_prod/8436048153217.jpg HTTP/1.0" 200 269 "-" "Mozilla/5.0 (compatible; Googlebot/2.1; +http://www.google.com/bot.html)"
66.249.64.82 - - [02/Sep/2022:04:41:22 +0200] "GET /images/mini_prod/7601019992992.jpg HTTP/1.0" 200 269 "-" "Mozilla/5.0 (compatible; Googlebot/2.1; +http://www.google.com/bot.html)"
66.249.64.82 - - [02/Sep/2022:04:41:22 +0200] "GET /images/mini_prod/3272760389849.jpg HTTP/1.0" 200 269 "-" "Mozilla/5.0 (compatible; Googlebot/2.1; +http://www.google.com/bot.html)"
66.249.64.82 - - [02/Sep/2022:04:41:23 +0200] "GET /images/4010070244156.jpg HTTP/1.0" 200 259 "-" "Mozilla/5.0 (compatible; Googlebot/2.1; +http://www.google.com/bot.html)"
66.249.64.82 - - [02/Sep/2022:04:41:23 +0200] "GET /images/mini_prod/34DSCN8150.jpg HTTP/1.0" 200 266 "-" "Mozilla/5.0 (compatible; Googlebot/2.1; +http://www.google.com/bot.html)"
66.249.64.82 - - [02/Sep/2022:04:41:24 +0200] "GET /images/mini_prod/3453131143196.jpg HTTP/1.0" 200 269 "-" "Mozilla/5.0 (compatible; Googlebot/2.1; +http://www.google.com/bot.html)"
66.249.64.82 - - [02/Sep/2022:04:41:24 +0200] "GET /images/mini_prod/3574642579790.jpg HTTP/1.0" 200 269 "-" "Mozilla/5.0 (compatible; Googlebot/2.1; +http://www.google.com/bot.html)"
66.249.64.82 - - [02/Sep/2022:04:41:25 +0200] "GET /images/mini_prod/1384010202791.jpg HTTP/1.0" 200 269 "-" "Mozilla/5.0 (compatible; Googlebot/2.1; +http://www.google.com/bot.html)"
66.249.64.82 - - [02/Sep/2022:04:41:25 +0200] "GET /images/mini_prod/1399984247242.jpg HTTP/1.0" 200 269 "-" "Mozilla/5.0 (compatible; Googlebot/2.1; +http://www.google.com/bot.html)"
66.249.64.82 - - [02/Sep/2022:04:41:25 +0200] "GET /images/mini_prod/5050293802954.jpg HTTP/1.0" 200 269 "-" "Mozilla/5.0 (compatible; Googlebot/2.1; +http://www.google.com/bot.html)"
66.249.64.82 - - [02/Sep/2022:04:41:26 +0200] "GET /images/mini_prod/3700653508508BB.jpg HTTP/1.0" 200 271 "-" "Mozilla/5.0 (compatible; Googlebot/2.1; +http://www.google.com/bot.html)"
66.249.64.82 - - [02/Sep/2022:04:41:26 +0200] "GET /images/mini_prod/3609810063136.jpg HTTP/1.0" 200 269 "-" "Mozilla/5.0 (compatible; Googlebot/2.1; +http://www.google.com/bot.html)"
66.249.64.82 - - [02/Sep/2022:04:41:27 +0200] "GET /images/mini_prod/8003990631829.jpg HTTP/1.0" 200 269 "-" "Mozilla/5.0 (compatible; Googlebot/2.1; +http://www.google.com/bot.html)"
66.249.64.82 - - [02/Sep/2022:04:41:27 +0200] "GET /images/mini_prod/8003990623473.jpg HTTP/1.0" 200 269 "-" "Mozilla/5.0 (compatible; Googlebot/2.1; +http://www.google.com/bot.html)"
66.249.64.82 - - [02/Sep/2022:04:41:28 +0200] "GET /images/mini_prod/8422666661500.jpg HTTP/1.0" 200 269 "-" "Mozilla/5.0 (compatible; Googlebot/2.1; +http://www.google.com/bot.html)"
66.249.64.82 - - [02/Sep/2022:04:41:28 +0200] "GET /images/mini_prod/8435107822026.jpg HTTP/1.0" 404 1308 "-" "Mozilla/5.0 (compatible; Googlebot/2.1; +http://www.google.com/bot.html)"
66.249.64.82 - - [02/Sep/2022:04:41:29 +0200] "GET /images/mini_prod/8422017072603.jpg HTTP/1.0" 200 269 "-" "Mozilla/5.0 (compatible; Googlebot/2.1; +http://www.google.com/bot.html)"
66.249.64.82 - - [02/Sep/2022:04:41:29 +0200] "GET /images/mini_prod/3553560059690.jpg HTTP/1.0" 200 269 "-" "Mozilla/5.0 (compatible; Googlebot/2.1; +http://www.google.com/bot.html)"
66.249.64.82 - - [02/Sep/2022:04:41:30 +0200] "GET /images/mini_prod/4260082930527.jpg HTTP/1.0" 200 269 "-" "Mozilla/5.0 (compatible; Googlebot/2.1; +http://www.google.com/bot.html)"
66.249.64.82 - - [02/Sep/2022:04:41:30 +0200] "GET /images/mini_prod/MISES-EN-SITUATION-11.jpg HTTP/1.0" 200 277 "-" "Mozilla/5.0 (compatible; Googlebot/2.1; +http://www.google.com/bot.html)"
66.249.64.82 - - [02/Sep/2022:04:41:30 +0200] "GET /images/mini_prod/6942138919509.jpg HTTP/1.0" 200 269 "-" "Mozilla/5.0 (compatible; Googlebot/2.1; +http://www.google.com/bot.html)"
66.249.64.82 - - [02/Sep/2022:04:41:31 +0200] "GET /images/mini_prod/1384010206805.jpg HTTP/1.0" 200 269 "-" "Mozilla/5.0 (compatible; Googlebot/2.1; +http://www.google.com/bot.html)"
66.249.64.82 - - [02/Sep/2022:04:41:31 +0200] "GET /images/mini_prod/MISES-EN-SITUATION-06.jpg HTTP/1.0" 200 277 "-" "Mozilla/5.0 (compatible; Googlebot/2.1; +http://www.google.com/bot.html)"
66.249.64.82 - - [02/Sep/2022:04:41:32 +0200] "GET /images/mini_prod/8430957077954.jpg HTTP/1.0" 200 269 "-" "Mozilla/5.0 (compatible; Googlebot/2.1; +http://www.google.com/bot.html)"
66.249.64.82 - - [02/Sep/2022:04:41:32 +0200] "GET /images/mini_prod/5012128424533.jpg HTTP/1.0" 200 269 "-" "Mozilla/5.0 (compatible; Googlebot/2.1; +http://www.google.com/bot.html)"
66.249.64.82 - - [02/Sep/2022:04:41:33 +0200] "GET /images/big_prod_2/8435153868368F.jpg HTTP/1.0" 200 271 "-" "Mozilla/5.0 (compatible; Googlebot/2.1; +http://www.google.com/bot.html)"
66.249.64.82 - - [02/Sep/2022:04:41:33 +0200] "GET /images/mini_prod/MISES-EN-SITUATION-04.jpg HTTP/1.0" 200 277 "-" "Mozilla/5.0 (compatible; Googlebot/2.1; +http://www.google.com/bot.html)"
66.249.64.82 - - [02/Sep/2022:04:41:34 +0200] "GET /images/mini_prod/8422089196078A.jpg HTTP/1.0" 200 270 "-" "Mozilla/5.0 (compatible; Googlebot/2.1; +http://www.google.com/bot.html)"
66.249.64.82 - - [02/Sep/2022:04:41:34 +0200] "GET /images/mini_prod/MISES-EN-SITUATION-09.jpg HTTP/1.0" 200 277 "-" "Mozilla/5.0 (compatible; Googlebot/2.1; +http://www.google.com/bot.html)"
66.249.64.82 - - [02/Sep/2022:04:41:35 +0200] "GET /images/mini_prod/8003990615898.jpg HTTP/1.0" 200 269 "-" "Mozilla/5.0 (compatible; Googlebot/2.1; +http://www.google.com/bot.html)"
66.249.64.82 - - [02/Sep/2022:04:41:35 +0200] "GET /images/mini_prod/8003990616123.jpg HTTP/1.0" 200 269 "-" "Mozilla/5.0 (compatible; Googlebot/2.1; +http://www.google.com/bot.html)"
66.249.64.82 - - [02/Sep/2022:04:41:35 +0200] "GET /images/mini_prod/8433978414623.jpg HTTP/1.0" 200 269 "-" "Mozilla/5.0 (compatible; Googlebot/2.1; +http://www.google.com/bot.html)"
66.249.64.82 - - [02/Sep/2022:04:41:36 +0200] "GET /images/mini_prod/8433933436172.jpg HTTP/1.0" 200 269 "-" "Mozilla/5.0 (compatible; Googlebot/2.1; +http://www.google.com/bot.html)"
66.249.64.82 - - [02/Sep/2022:04:41:36 +0200] "GET /images/mini_prod/9316188087339.jpg HTTP/1.0" 200 269 "-" "Mozilla/5.0 (compatible; Googlebot/2.1; +http://www.google.com/bot.html)"
66.249.64.82 - - [02/Sep/2022:04:41:37 +0200] "GET /images/mini_prod/8435333842263.jpg HTTP/1.0" 200 269 "-" "Mozilla/5.0 (compatible; Googlebot/2.1; +http://www.google.com/bot.html)"
66.249.64.82 - - [02/Sep/2022:04:41:37 +0200] "GET /images/mini_prod/8422002209427.jpg HTTP/1.0" 200 269 "-" "Mozilla/5.0 (compatible; Googlebot/2.1; +http://www.google.com/bot.html)"
66.249.64.82 - - [02/Sep/2022:04:41:38 +0200] "GET /images/mini_prod/3661443279476.jpg HTTP/1.0" 200 269 "-" "Mozilla/5.0 (compatible; Googlebot/2.1; +http://www.google.com/bot.html)"
66.249.64.82 - - [02/Sep/2022:04:41:38 +0200] "GET /images/mini_prod/1399984254868.jpg HTTP/1.0" 200 269 "-" "Mozilla/5.0 (compatible; Googlebot/2.1; +http://www.google.com/bot.html)"
66.249.64.82 - - [02/Sep/2022:04:41:39 +0200] "GET /images/mini_prod/3453131146845.jpg HTTP/1.0" 200 269 "-" "Mozilla/5.0 (compatible; Googlebot/2.1; +http://www.google.com/bot.html)"
66.249.64.82 - - [02/Sep/2022:04:41:39 +0200] "GET /images/mini_prod/3494150095066.jpg HTTP/1.0" 200 269 "-" "Mozilla/5.0 (compatible; Googlebot/2.1; +http://www.google.com/bot.html)"
66.249.64.82 - - [02/Sep/2022:04:41:40 +0200] "GET /images/mini_prod/14883.jpg HTTP/1.0" 200 261 "-" "Mozilla/5.0 (compatible; Googlebot/2.1; +http://www.google.com/bot.html)"
154.54.249.200 - - [02/Sep/2022:04:41:39 +0200] "GET /bulldog-statue-p-58606.html HTTP/1.0" 200 75383 "-" "Mozilla/5.0 (compatible; Barkrowler/0.9; +https://babbar.tech/crawler)"
66.249.64.82 - - [02/Sep/2022:04:41:40 +0200] "GET /images/mini_prod/8422028078564.jpg HTTP/1.0" 200 269 "-" "Mozilla/5.0 (compatible; Googlebot/2.1; +http://www.google.com/bot.html)"
66.249.64.82 - - [02/Sep/2022:04:41:40 +0200] "GET /images/mini_prod/1384010206300.jpg HTTP/1.0" 200 269 "-" "Mozilla/5.0 (compatible; Googlebot/2.1; +http://www.google.com/bot.html)"
66.249.64.82 - - [02/Sep/2022:04:41:41 +0200] "GET /images/mini_prod/3612875125251.jpg HTTP/1.0" 200 269 "-" "Mozilla/5.0 (compatible; Googlebot/2.1; +http://www.google.com/bot.html)"
66.249.64.82 - - [02/Sep/2022:04:41:41 +0200] "GET /images/mini_prod/VANGOGH.jpg HTTP/1.0" 200 263 "-" "Mozilla/5.0 (compatible; Googlebot/2.1; +http://www.google.com/bot.html)"
66.249.64.82 - - [02/Sep/2022:04:41:42 +0200] "GET /images/mini_prod/1300000022880.jpg HTTP/1.0" 200 269 "-" "Mozilla/5.0 (compatible; Googlebot/2.1; +http://www.google.com/bot.html)"
66.249.64.82 - - [02/Sep/2022:04:41:42 +0200] "GET /images/mini_prod/HSM-3.jpg HTTP/1.0" 200 261 "-" "Mozilla/5.0 (compatible; Googlebot/2.1; +http://www.google.com/bot.html)"
66.249.64.82 - - [02/Sep/2022:04:41:43 +0200] "GET /images/mini_prod/3503420096426.jpg HTTP/1.0" 200 269 "-" "Mozilla/5.0 (compatible; Googlebot/2.1; +http://www.google.com/bot.html)"
66.249.64.82 - - [02/Sep/2022:04:41:43 +0200] "GET /images/mini_prod/3453131122429.jpg HTTP/1.0" 200 269 "-" "Mozilla/5.0 (compatible; Googlebot/2.1; +http://www.google.com/bot.html)"
66.249.64.82 - - [02/Sep/2022:04:41:44 +0200] "GET /images/mini_prod/3014627951239.jpg HTTP/1.0" 200 269 "-" "Mozilla/5.0 (compatible; Googlebot/2.1; +http://www.google.com/bot.html)"
66.249.64.82 - - [02/Sep/2022:04:41:44 +0200] "GET /images/mini_prod/1399984255278.jpg HTTP/1.0" 200 269 "-" "Mozilla/5.0 (compatible; Googlebot/2.1; +http://www.google.com/bot.html)"
66.249.64.82 - - [02/Sep/2022:04:41:45 +0200] "GET /images/mini_prod/3609810082007.jpg HTTP/1.0" 200 269 "-" "Mozilla/5.0 (compatible; Googlebot/2.1; +http://www.google.com/bot.html)"
66.249.64.82 - - [02/Sep/2022:04:41:45 +0200] "GET /images/mini_prod/3700653511768.jpg HTTP/1.0" 200 269 "-" "Mozilla/5.0 (compatible; Googlebot/2.1; +http://www.google.com/bot.html)"
66.249.64.82 - - [02/Sep/2022:04:41:45 +0200] "GET /images/mini_prod/3438100356470.jpg HTTP/1.0" 200 269 "-" "Mozilla/5.0 (compatible; Googlebot/2.1; +http://www.google.com/bot.html)"
66.249.64.82 - - [02/Sep/2022:04:41:46 +0200] "GET /images/mini_prod/3700653590831.jpg HTTP/1.0" 200 269 "-" "Mozilla/5.0 (compatible; Googlebot/2.1; +http://www.google.com/bot.html)"
66.249.64.82 - - [02/Sep/2022:04:41:46 +0200] "GET /images/mini_prod/3585190854208.jpg HTTP/1.0" 200 269 "-" "Mozilla/5.0 (compatible; Googlebot/2.1; +http://www.google.com/bot.html)"
66.249.64.82 - - [02/Sep/2022:04:41:47 +0200] "GET /images/mini_prod/8011717796409.jpg HTTP/1.0" 200 269 "-" "Mozilla/5.0 (compatible; Googlebot/2.1; +http://www.google.com/bot.html)"
66.249.64.82 - - [02/Sep/2022:04:41:47 +0200] "GET /images/mini_prod/8422028078557.jpg HTTP/1.0" 200 269 "-" "Mozilla/5.0 (compatible; Googlebot/2.1; +http://www.google.com/bot.html)"
66.249.64.82 - - [02/Sep/2022:04:41:48 +0200] "GET /images/mini_prod/8033667001822.jpg HTTP/1.0" 200 269 "-" "Mozilla/5.0 (compatible; Googlebot/2.1; +http://www.google.com/bot.html)"
66.249.64.82 - - [02/Sep/2022:04:41:48 +0200] "GET /images/mini_prod/4029811379408.jpg HTTP/1.0" 200 269 "-" "Mozilla/5.0 (compatible; Googlebot/2.1; +http://www.google.com/bot.html)"
66.249.64.82 - - [02/Sep/2022:04:41:49 +0200] "GET /images/mini_prod/3609810045095.jpg HTTP/1.0" 200 269 "-" "Mozilla/5.0 (compatible; Googlebot/2.1; +http://www.google.com/bot.html)"
66.249.64.82 - - [02/Sep/2022:04:41:49 +0200] "GET /images/mini_prod/1384010206997.jpg HTTP/1.0" 200 269 "-" "Mozilla/5.0 (compatible; Googlebot/2.1; +http://www.google.com/bot.html)"
66.249.64.82 - - [02/Sep/2022:04:41:50 +0200] "GET /images/mini_prod/3520071379234.jpg HTTP/1.0" 200 269 "-" "Mozilla/5.0 (compatible; Googlebot/2.1; +http://www.google.com/bot.html)"
66.249.64.82 - - [02/Sep/2022:04:41:50 +0200] "GET /images/mini_prod/1399984238097.jpg HTTP/1.0" 200 269 "-" "Mozilla/5.0 (compatible; Googlebot/2.1; +http://www.google.com/bot.html)"
66.249.64.82 - - [02/Sep/2022:04:41:50 +0200] "GET /images/mini_prod/8422020166344.jpg HTTP/1.0" 200 269 "-" "Mozilla/5.0 (compatible; Googlebot/2.1; +http://www.google.com/bot.html)"
66.249.64.82 - - [02/Sep/2022:04:41:51 +0200] "GET /images/mini_prod/5414629126754.jpg HTTP/1.0" 200 269 "-" "Mozilla/5.0 (compatible; Googlebot/2.1; +http://www.google.com/bot.html)"
66.249.64.82 - - [02/Sep/2022:04:41:51 +0200] "GET /images/mini_prod/3453131153164.jpg HTTP/1.0" 200 269 "-" "Mozilla/5.0 (compatible; Googlebot/2.1; +http://www.google.com/bot.html)"
66.249.64.82 - - [02/Sep/2022:04:41:52 +0200] "GET /images/mini_prod/1384010183823.jpg HTTP/1.0" 200 269 "-" "Mozilla/5.0 (compatible; Googlebot/2.1; +http://www.google.com/bot.html)"
66.249.64.82 - - [02/Sep/2022:04:41:52 +0200] "GET /images/mini_prod/1384010202852.jpg HTTP/1.0" 200 269 "-" "Mozilla/5.0 (compatible; Googlebot/2.1; +http://www.google.com/bot.html)"
66.249.64.82 - - [02/Sep/2022:04:41:53 +0200] "GET /images/mini_prod/8718962010228.jpg HTTP/1.0" 200 269 "-" "Mozilla/5.0 (compatible; Googlebot/2.1; +http://www.google.com/bot.html)"
66.249.64.82 - - [02/Sep/2022:04:41:53 +0200] "GET /images/mini_prod/3014627769278.jpg HTTP/1.0" 200 269 "-" "Mozilla/5.0 (compatible; Googlebot/2.1; +http://www.google.com/bot.html)"
66.249.64.82 - - [02/Sep/2022:04:41:54 +0200] "GET /images/mini_prod/V1186747041830.jpg HTTP/1.0" 200 270 "-" "Mozilla/5.0 (compatible; Googlebot/2.1; +http://www.google.com/bot.html)"
185.191.171.45 - - [02/Sep/2022:04:41:54 +0200] "GET /tisanire-cement-tiles-blue-p-52871.html?action=add_product HTTP/1.0" 302 476 "-" "Mozilla/5.0 (compatible; SemrushBot/7~bl; +http://www.semrush.com/bot.html)"
66.249.64.83 - - [02/Sep/2022:04:41:54 +0200] "GET /images/mini_prod/3565750199642.jpg HTTP/1.0" 200 269 "-" "Mozilla/5.0 (compatible; Googlebot/2.1; +http://www.google.com/bot.html)"
66.249.64.83 - - [02/Sep/2022:04:41:55 +0200] "GET /images/mini_prod/4036113830537.jpg HTTP/1.0" 200 269 "-" "Mozilla/5.0 (compatible; Googlebot/2.1; +http://www.google.com/bot.html)"
66.249.64.83 - - [02/Sep/2022:04:41:55 +0200] "GET /images/mini_prod/1399984242735.jpg HTTP/1.0" 200 269 "-" "Mozilla/5.0 (compatible; Googlebot/2.1; +http://www.google.com/bot.html)"
119.8.115.2 - - [02/Sep/2022:04:42:04 +0200] "GET /images/mini_prod/8422002219815.jpg HTTP/1.0" 200 269 "-" "Mozilla/5.0 (Windows NT 10.0; Win64; x64) AppleWebKit/537.36 (KHTML, like Gecko) Chrome/54.0.2840.99 Safari/537.36"
185.191.171.10 - - [02/Sep/2022:04:42:06 +0200] "GET /-p-37632.html?action=add_product HTTP/1.0" 302 476 "-" "Mozilla/5.0 (compatible; SemrushBot/7~bl; +http://www.semrush.com/bot.html)"
54.36.148.85 - - [02/Sep/2022:04:42:07 +0200] "GET /roller-skate-clock-designed-artist-michelle-allen-p-57630.html HTTP/1.0" 200 75620 "-" "Mozilla/5.0 (compatible; AhrefsBot/7.0; +http://ahrefs.com/robot/)"
154.54.249.200 - - [02/Sep/2022:04:42:08 +0200] "GET /headrest-cushion-blue-p-43996.html HTTP/1.0" 200 74462 "-" "Mozilla/5.0 (compatible; Barkrowler/0.9; +https://babbar.tech/crawler)"
216.165.12.8 - - [02/Sep/2022:04:42:37 +0200] "GET /images/mini_prod/8718375754351.jpg HTTP/1.0" 200 269 "-" "Mozilla/5.0 (X11; Ubuntu; Linux x86_64; rv:72.0) Gecko/20100101 Firefox/72.0"
185.191.171.45 - - [02/Sep/2022:04:42:43 +0200] "GET /fragrance-sachet-simply-spa-p-40561.html HTTP/1.0" 301 75212 "-" "Mozilla/5.0 (compatible; SemrushBot/7~bl; +http://www.semrush.com/bot.html)"
154.54.249.200 - - [02/Sep/2022:04:42:43 +0200] "GET /citroen-large-metal-plate-p-15167.html HTTP/1.0" 200 74367 "-" "Mozilla/5.0 (compatible; Barkrowler/0.9; +https://babbar.tech/crawler)"
185.191.171.7 - - [02/Sep/2022:04:42:46 +0200] "GET /fragrance-sachet-simply-p-40561.html HTTP/1.0" 200 75122 "-" "Mozilla/5.0 (compatible; SemrushBot/7~bl; +http://www.semrush.com/bot.html)"
185.191.171.9 - - [02/Sep/2022:04:42:52 +0200] "GET /amber-wood-vetiver-candle-heart-home-p-57875.html HTTP/1.0" 200 76093 "-" "Mozilla/5.0 (compatible; SemrushBot/7~bl; +http://www.semrush.com/bot.html)"
66.249.64.83 - - [02/Sep/2022:04:43:01 +0200] "GET /small-round-black-white-alarm-clock-p-55548.html HTTP/1.0" 200 75306 "-" "Mozilla/5.0 (Linux; Android 6.0.1; Nexus 5X Build/MMB29P) AppleWebKit/537.36 (KHTML, like Gecko) Chrome/104.0.5112.101 Mobile Safari/537.36 (compatible; Googlebot/2.1; +http://www.google.com/bot.html)"
154.54.249.200 - - [02/Sep/2022:04:43:18 +0200] "GET /citroen-large-metal-plate-p-15172.html HTTP/1.0" 200 74385 "-" "Mozilla/5.0 (compatible; Barkrowler/0.9; +https://babbar.tech/crawler)"
185.191.171.41 - - [02/Sep/2022:04:43:49 +0200] "GET /moto-guzzi-metal-collection-hanging-plate-p-45986.html HTTP/1.0" 200 74925 "-" "Mozilla/5.0 (compatible; SemrushBot/7~bl; +http://www.semrush.com/bot.html)"
154.54.249.200 - - [02/Sep/2022:04:43:51 +0200] "GET /fragrances-ambiance-c-231.html HTTP/1.0" 200 93926 "-" "Mozilla/5.0 (compatible; Barkrowler/0.9; +https://babbar.tech/crawler)"
154.54.249.200 - - [02/Sep/2022:04:44:22 +0200] "GET /snack-cooler-c-31_235.html?page=2 HTTP/1.0" 200 88459 "-" "Mozilla/5.0 (compatible; Barkrowler/0.9; +https://babbar.tech/crawler)"
114.119.137.43 - - [02/Sep/2022:04:44:27 +0200] "GET /images/big_prod_2/1328399304493C.jpg HTTP/1.0" 200 271 "http://www.wonder-geek.com/chipmunk-statuette-shore-p-58368.html" "Mozilla/5.0 (Linux; Android 7.0;) AppleWebKit/537.36 (KHTML, like Gecko) Mobile Safari/537.36 (compatible; PetalBot;+https://webmaster.petalsearch.com/site/petalbot)"
66.249.64.83 - - [02/Sep/2022:04:44:29 +0200] "GET /images/8412906996738.jpg HTTP/1.0" 200 259 "-" "Googlebot-Image/1.0"
66.249.64.82 - - [02/Sep/2022:04:44:37 +0200] "GET /images/mini_prod/1399984254226.jpg HTTP/1.0" 200 269 "-" "Mozilla/5.0 (compatible; Googlebot/2.1; +http://www.google.com/bot.html)"
66.249.64.82 - - [02/Sep/2022:04:44:43 +0200] "GET /images/mini_prod/3700057121709.jpg HTTP/1.0" 200 269 "-" "Mozilla/5.0 (compatible; Googlebot/2.1; +http://www.google.com/bot.html)"
159.138.50.66 - - [02/Sep/2022:04:44:45 +0200] "GET /images/mini_prod/4006891659569.jpg HTTP/1.0" 200 269 "-" "Mozilla/5.0 (Windows NT 10.0; Win64; x64) AppleWebKit/537.36 (KHTML, like Gecko) Chrome/54.0.2840.99 Safari/537.36"
66.249.64.82 - - [02/Sep/2022:04:44:45 +0200] "GET /images/mini_prod/3014627939664.jpg HTTP/1.0" 200 269 "-" "Mozilla/5.0 (compatible; Googlebot/2.1; +http://www.google.com/bot.html)"
66.249.64.82 - - [02/Sep/2022:04:44:46 +0200] "GET /images/mini_prod/9316188087377.jpg HTTP/1.0" 200 269 "-" "Mozilla/5.0 (compatible; Googlebot/2.1; +http://www.google.com/bot.html)"
66.249.64.82 - - [02/Sep/2022:04:44:46 +0200] "GET /images/mini_prod/3700281645163.jpg HTTP/1.0" 200 269 "-" "Mozilla/5.0 (compatible; Googlebot/2.1; +http://www.google.com/bot.html)"
66.249.64.82 - - [02/Sep/2022:04:44:46 +0200] "GET /images/mini_prod/3279510801620.jpg HTTP/1.0" 200 269 "-" "Mozilla/5.0 (compatible; Googlebot/2.1; +http://www.google.com/bot.html)"
66.249.64.82 - - [02/Sep/2022:04:44:47 +0200] "GET /images/mini_prod/5415203901453.jpg HTTP/1.0" 200 269 "-" "Mozilla/5.0 (compatible; Googlebot/2.1; +http://www.google.com/bot.html)"
66.249.64.82 - - [02/Sep/2022:04:44:47 +0200] "GET /images/mini_prod/8421440013221.jpg HTTP/1.0" 200 269 "-" "Mozilla/5.0 (compatible; Googlebot/2.1; +http://www.google.com/bot.html)"
66.249.64.82 - - [02/Sep/2022:04:44:48 +0200] "GET /images/big_prod_1/8719497611096b.jpg HTTP/1.0" 200 271 "-" "Mozilla/5.0 (compatible; Googlebot/2.1; +http://www.google.com/bot.html)"
66.249.64.82 - - [02/Sep/2022:04:44:48 +0200] "GET /images/mini_prod/3032160280258.jpg HTTP/1.0" 200 269 "-" "Mozilla/5.0 (compatible; Googlebot/2.1; +http://www.google.com/bot.html)"
66.249.64.82 - - [02/Sep/2022:04:44:49 +0200] "GET /images/mini_prod/5036278051050.jpg HTTP/1.0" 200 269 "-" "Mozilla/5.0 (compatible; Googlebot/2.1; +http://www.google.com/bot.html)"
66.249.64.82 - - [02/Sep/2022:04:44:49 +0200] "GET /images/mini_prod/3700653592125.jpg HTTP/1.0" 200 269 "-" "Mozilla/5.0 (compatible; Googlebot/2.1; +http://www.google.com/bot.html)"
66.249.64.82 - - [02/Sep/2022:04:44:50 +0200] "GET /images/mini_prod/1399984241806.jpg HTTP/1.0" 200 269 "-" "Mozilla/5.0 (compatible; Googlebot/2.1; +http://www.google.com/bot.html)"
66.249.64.82 - - [02/Sep/2022:04:44:50 +0200] "GET /images/mini_prod/3760076656453.jpg HTTP/1.0" 200 269 "-" "Mozilla/5.0 (compatible; Googlebot/2.1; +http://www.google.com/bot.html)"
66.249.64.82 - - [02/Sep/2022:04:44:51 +0200] "GET /images/mini_prod/1384010204726.jpg HTTP/1.0" 200 269 "-" "Mozilla/5.0 (compatible; Googlebot/2.1; +http://www.google.com/bot.html)"
66.249.64.82 - - [02/Sep/2022:04:44:51 +0200] "GET /images/mini_prod/1384010202876.jpg HTTP/1.0" 200 269 "-" "Mozilla/5.0 (compatible; Googlebot/2.1; +http://www.google.com/bot.html)"
66.249.64.82 - - [02/Sep/2022:04:44:52 +0200] "GET /images/mini_prod/4260082934648.jpg HTTP/1.0" 200 269 "-" "Mozilla/5.0 (compatible; Googlebot/2.1; +http://www.google.com/bot.html)"
66.249.64.82 - - [02/Sep/2022:04:44:52 +0200] "GET /images/mini_prod/1384010183595.jpg HTTP/1.0" 200 269 "-" "Mozilla/5.0 (compatible; Googlebot/2.1; +http://www.google.com/bot.html)"
66.249.64.82 - - [02/Sep/2022:04:44:52 +0200] "GET /images/mini_prod/8718375751039.jpg HTTP/1.0" 200 269 "-" "Mozilla/5.0 (compatible; Googlebot/2.1; +http://www.google.com/bot.html)"
66.249.64.82 - - [02/Sep/2022:04:44:53 +0200] "GET /images/big_prod_1/1328399139835B.jpg HTTP/1.0" 200 271 "-" "Mozilla/5.0 (compatible; Googlebot/2.1; +http://www.google.com/bot.html)"
66.249.64.82 - - [02/Sep/2022:04:44:53 +0200] "GET /images/mini_prod/5425023084267.jpg HTTP/1.0" 200 269 "-" "Mozilla/5.0 (compatible; Googlebot/2.1; +http://www.google.com/bot.html)"
66.249.64.82 - - [02/Sep/2022:04:44:54 +0200] "GET /images/mini_prod/5010994727420.jpg HTTP/1.0" 200 269 "-" "Mozilla/5.0 (compatible; Googlebot/2.1; +http://www.google.com/bot.html)"
66.249.64.82 - - [02/Sep/2022:04:44:54 +0200] "GET /images/mini_prod/8422360068315.jpg HTTP/1.0" 200 269 "-" "Mozilla/5.0 (compatible; Googlebot/2.1; +http://www.google.com/bot.html)"
66.249.64.82 - - [02/Sep/2022:04:44:55 +0200] "GET /images/mini_prod/1399984280591.jpg HTTP/1.0" 200 269 "-" "Mozilla/5.0 (compatible; Googlebot/2.1; +http://www.google.com/bot.html)"
66.249.64.82 - - [02/Sep/2022:04:44:55 +0200] "GET /images/mini_prod/5415203950048.jpg HTTP/1.0" 200 269 "-" "Mozilla/5.0 (compatible; Googlebot/2.1; +http://www.google.com/bot.html)"
66.249.64.82 - - [02/Sep/2022:04:44:56 +0200] "GET /images/mini_prod/5050574335898.jpg HTTP/1.0" 200 269 "-" "Mozilla/5.0 (compatible; Googlebot/2.1; +http://www.google.com/bot.html)"
66.249.64.82 - - [02/Sep/2022:04:44:56 +0200] "GET /images/mini_prod/8433933101193.jpg HTTP/1.0" 200 269 "-" "Mozilla/5.0 (compatible; Googlebot/2.1; +http://www.google.com/bot.html)"
66.249.64.82 - - [02/Sep/2022:04:44:56 +0200] "GET /images/mini_prod/3760116310321.jpg HTTP/1.0" 200 269 "-" "Mozilla/5.0 (compatible; Googlebot/2.1; +http://www.google.com/bot.html)"
66.249.64.82 - - [02/Sep/2022:04:44:57 +0200] "GET /images/mini_prod/3574642579813.jpg HTTP/1.0" 200 269 "-" "Mozilla/5.0 (compatible; Googlebot/2.1; +http://www.google.com/bot.html)"
54.36.148.71 - - [02/Sep/2022:04:44:53 +0200] "GET /wooden-p-35422.html HTTP/1.0" 200 74455 "-" "Mozilla/5.0 (compatible; AhrefsBot/7.0; +http://ahrefs.com/robot/)"
66.249.64.82 - - [02/Sep/2022:04:44:57 +0200] "GET /images/mini_prod/3279510801538.jpg HTTP/1.0" 200 269 "-" "Mozilla/5.0 (compatible; Googlebot/2.1; +http://www.google.com/bot.html)"
185.243.218.27 - - [02/Sep/2022:04:44:57 +0200] "GET /contact_us.php HTTP/1.0" 200 26241 "http://www.wonder-geek.com/contact_us.php" "Mozilla/5.0 (Windows NT 10.0) AppleWebKit/537.36 (KHTML, like Gecko) Chrome/90.0.4430.85 Safari/537.36 Edg/90.0.818.46"
66.249.64.82 - - [02/Sep/2022:04:44:58 +0200] "GET /images/mini_prod/boudha1384010191170.jpg HTTP/1.0" 200 275 "-" "Mozilla/5.0 (compatible; Googlebot/2.1; +http://www.google.com/bot.html)"
66.249.64.82 - - [02/Sep/2022:04:44:58 +0200] "GET /images/big_prod/3014627830404.jpg HTTP/1.0" 200 268 "-" "Mozilla/5.0 (compatible; Googlebot/2.1; +http://www.google.com/bot.html)"
54.36.148.221 - - [02/Sep/2022:04:44:59 +0200] "GET /images/big_prod/8433933017487.jpg HTTP/1.0" 200 268 "-" "Mozilla/5.0 (compatible; AhrefsBot/7.0; +http://ahrefs.com/robot/)"
185.243.218.27 - - [02/Sep/2022:04:44:58 +0200] "POST /contact_us.php?action=send HTTP/1.0" 200 26651 "http://www.wonder-geek.com/contact_us.php" "Mozilla/5.0 (Windows NT 10.0) AppleWebKit/537.36 (KHTML, like Gecko) Chrome/90.0.4430.85 Safari/537.36 Edg/90.0.818.46"
66.249.64.82 - - [02/Sep/2022:04:44:59 +0200] "GET /images/mini_prod/1186747042936.jpg HTTP/1.0" 200 269 "-" "Mozilla/5.0 (compatible; Googlebot/2.1; +http://www.google.com/bot.html)"
66.249.64.82 - - [02/Sep/2022:04:44:59 +0200] "GET /images/mini_prod/1384010201169.jpg HTTP/1.0" 200 269 "-" "Mozilla/5.0 (compatible; Googlebot/2.1; +http://www.google.com/bot.html)"
66.249.64.82 - - [02/Sep/2022:04:45:00 +0200] "GET /images/mini_prod/3453131123617.jpg HTTP/1.0" 200 269 "-" "Mozilla/5.0 (compatible; Googlebot/2.1; +http://www.google.com/bot.html)"
185.243.218.27 - - [02/Sep/2022:04:44:59 +0200] "GET /contact_us.php HTTP/1.0" 200 26241 "http://www.wonder-geek.com/contact_us.php" "Mozilla/5.0 (Windows NT 10.0) AppleWebKit/537.36 (KHTML, like Gecko) Chrome/90.0.4430.85 Safari/537.36 Edg/90.0.818.46"
66.249.64.82 - - [02/Sep/2022:04:45:00 +0200] "GET /images/mini_prod/verityB1186747041830.jpg HTTP/1.0" 200 276 "-" "Mozilla/5.0 (compatible; Googlebot/2.1; +http://www.google.com/bot.html)"
66.249.64.82 - - [02/Sep/2022:04:45:01 +0200] "GET /images/mini_prod/1384010179000.jpg HTTP/1.0" 200 269 "-" "Mozilla/5.0 (compatible; Googlebot/2.1; +http://www.google.com/bot.html)"
66.249.64.82 - - [02/Sep/2022:04:45:01 +0200] "GET /images/mini_prod/3520071714622.jpg HTTP/1.0" 200 269 "-" "Mozilla/5.0 (compatible; Googlebot/2.1; +http://www.google.com/bot.html)"
66.249.64.82 - - [02/Sep/2022:04:45:01 +0200] "GET /images/big_prod_3/d8719497610501.jpg HTTP/1.0" 200 271 "-" "Mozilla/5.0 (compatible; Googlebot/2.1; +http://www.google.com/bot.html)"
66.249.64.82 - - [02/Sep/2022:04:45:02 +0200] "GET /images/mini_prod/1399984263600.jpg HTTP/1.0" 200 269 "-" "Mozilla/5.0 (compatible; Googlebot/2.1; +http://www.google.com/bot.html)"
66.249.64.82 - - [02/Sep/2022:04:45:02 +0200] "GET /images/mini_prod/9316188087353.jpg HTTP/1.0" 200 269 "-" "Mozilla/5.0 (compatible; Googlebot/2.1; +http://www.google.com/bot.html)"
66.249.64.82 - - [02/Sep/2022:04:45:03 +0200] "GET /images/mini_prod/8003990572825.jpg HTTP/1.0" 200 269 "-" "Mozilla/5.0 (compatible; Googlebot/2.1; +http://www.google.com/bot.html)"
66.249.64.82 - - [02/Sep/2022:04:45:03 +0200] "GET /images/mini_prod/3503420187803.jpg HTTP/1.0" 200 269 "-" "Mozilla/5.0 (compatible; Googlebot/2.1; +http://www.google.com/bot.html)"
66.249.64.82 - - [02/Sep/2022:04:45:04 +0200] "GET /images/mini_prod/3503420122644.jpg HTTP/1.0" 200 269 "-" "Mozilla/5.0 (compatible; Googlebot/2.1; +http://www.google.com/bot.html)"
66.249.64.82 - - [02/Sep/2022:04:45:04 +0200] "GET /images/mini_prod/3014627885879.jpg HTTP/1.0" 200 269 "-" "Mozilla/5.0 (compatible; Googlebot/2.1; +http://www.google.com/bot.html)"
154.54.249.200 - - [02/Sep/2022:04:44:53 +0200] "GET /snack-cooler-c-31_235.html?page=1 HTTP/1.0" 200 92305 "-" "Mozilla/5.0 (compatible; Barkrowler/0.9; +https://babbar.tech/crawler)"
66.249.64.82 - - [02/Sep/2022:04:45:05 +0200] "GET /images/big_prod_1/b5018997627761.jpg HTTP/1.0" 200 271 "-" "Mozilla/5.0 (compatible; Googlebot/2.1; +http://www.google.com/bot.html)"
66.249.64.82 - - [02/Sep/2022:04:45:05 +0200] "GET /images/mini_prod/MISES-EN-SITUATION-15.jpg HTTP/1.0" 200 277 "-" "Mozilla/5.0 (compatible; Googlebot/2.1; +http://www.google.com/bot.html)"
66.249.64.82 - - [02/Sep/2022:04:45:06 +0200] "GET /images/mini_prod/1384010206430.jpg HTTP/1.0" 200 269 "-" "Mozilla/5.0 (compatible; Googlebot/2.1; +http://www.google.com/bot.html)"
66.249.64.82 - - [02/Sep/2022:04:45:06 +0200] "GET /images/mini_prod/3457019600467.jpg HTTP/1.0" 200 269 "-" "Mozilla/5.0 (compatible; Googlebot/2.1; +http://www.google.com/bot.html)"
66.249.64.82 - - [02/Sep/2022:04:45:06 +0200] "GET /images/mini_prod/8433933189634.jpg HTTP/1.0" 200 269 "-" "Mozilla/5.0 (compatible; Googlebot/2.1; +http://www.google.com/bot.html)"
66.249.64.82 - - [02/Sep/2022:04:45:07 +0200] "GET /images/mini_prod/8422019609036.jpg HTTP/1.0" 200 269 "-" "Mozilla/5.0 (compatible; Googlebot/2.1; +http://www.google.com/bot.html)"
66.249.64.82 - - [02/Sep/2022:04:45:07 +0200] "GET /images/mini_prod/1300000022569NN.jpg HTTP/1.0" 200 271 "-" "Mozilla/5.0 (compatible; Googlebot/2.1; +http://www.google.com/bot.html)"
66.249.64.82 - - [02/Sep/2022:04:45:08 +0200] "GET /images/mini_prod/8422015958480.jpg HTTP/1.0" 200 269 "-" "Mozilla/5.0 (compatible; Googlebot/2.1; +http://www.google.com/bot.html)"
66.249.64.82 - - [02/Sep/2022:04:45:08 +0200] "GET /images/mini_prod/8435333821862.jpg HTTP/1.0" 200 269 "-" "Mozilla/5.0 (compatible; Googlebot/2.1; +http://www.google.com/bot.html)"
51.68.224.127 - - [02/Sep/2022:04:45:10 +0200] "GET /adminweb/export_orders_xml.php?token=256de2z6edz6ed2z6DFSFsed2zed6zeDSFDSGdzedezfzf&maxorders=10&orderstart=1&status=14&start_date=2018-10-01 HTTP/1.0" 200 285 "-" "GesCom CharlotteBoutik Serveur"
51.68.224.127 - - [02/Sep/2022:04:45:10 +0200] "GET /adminweb/export_orders_xml.php?token=256de2z6edz6ed2z6DFSFsed2zed6zeDSFDSGdzedezfzf&maxorders=10&orderstart=1&status=6&start_date=2018-10-01 HTTP/1.0" 200 33985 "-" "GesCom CharlotteBoutik Serveur"
66.249.64.82 - - [02/Sep/2022:04:45:15 +0200] "GET /images/mini_prod/1384220402431.jpg HTTP/1.0" 200 269 "-" "Mozilla/5.0 (compatible; Googlebot/2.1; +http://www.google.com/bot.html)"
66.249.64.82 - - [02/Sep/2022:04:45:16 +0200] "GET /images/mini_prod/3503420078927.jpg HTTP/1.0" 200 269 "-" "Mozilla/5.0 (compatible; Googlebot/2.1; +http://www.google.com/bot.html)"
154.54.249.200 - - [02/Sep/2022:04:45:34 +0200] "GET /robots.txt HTTP/1.0" 200 245 "-" "Mozilla/5.0 (compatible; Barkrowler/0.9; +https://babbar.tech/crawler)"
147.92.153.10 - - [02/Sep/2022:04:45:38 +0200] "GET /images/big_prod/3700653592828A.jpg HTTP/1.0" 200 269 "-" "Mozilla/5.0 (compatible; Linespider/1.1; +https://lin.ee/4dwXkTH)"
66.249.64.82 - - [02/Sep/2022:04:45:40 +0200] "GET /flamingo-trivet-p-43942.html HTTP/1.0" 200 74351 "-" "Mozilla/5.0 (Linux; Android 6.0.1; Nexus 5X Build/MMB29P) AppleWebKit/537.36 (KHTML, like Gecko) Chrome/104.0.5112.79 Mobile Safari/537.36 (compatible; Googlebot/2.1; +http://www.google.com/bot.html)"
185.191.171.20 - - [02/Sep/2022:04:45:40 +0200] "GET /cats-p-48609.html HTTP/1.0" 200 74282 "-" "Mozilla/5.0 (compatible; SemrushBot/7~bl; +http://www.semrush.com/bot.html)"
66.249.64.82 - - [02/Sep/2022:04:45:49 +0200] "GET /images/mini_prod/3660173185545.jpg HTTP/1.0" 200 269 "-" "Mozilla/5.0 (compatible; Googlebot/2.1; +http://www.google.com/bot.html)"
66.249.64.83 - - [02/Sep/2022:04:46:04 +0200] "GET /images/mini_prod/4029811390830.jpg HTTP/1.0" 200 269 "-" "Mozilla/5.0 (compatible; Googlebot/2.1; +http://www.google.com/bot.html)"
154.54.249.200 - - [02/Sep/2022:04:46:03 +0200] "GET /tree-life-round-wood-p-57888.html HTTP/1.0" 200 75296 "-" "Mozilla/5.0 (compatible; Barkrowler/0.9; +https://babbar.tech/crawler)"
66.249.64.84 - - [02/Sep/2022:04:46:07 +0200] "GET /images/mini_prod/3503420065637N.jpg HTTP/1.0" 200 270 "-" "Mozilla/5.0 (compatible; Googlebot/2.1; +http://www.google.com/bot.html)"
54.36.149.15 - - [02/Sep/2022:04:46:10 +0200] "GET /ty-beanie-buddy-hello-kitty-tartan-plaid-overalls-p-11992.html HTTP/1.0" 301 71845 "-" "Mozilla/5.0 (compatible; AhrefsBot/7.0; +http://ahrefs.com/robot/)"
66.249.64.82 - - [02/Sep/2022:04:46:34 +0200] "GET /bird-blossom-fine-bone-china-p-58527.html HTTP/1.0" 200 75253 "-" "Mozilla/5.0 (Linux; Android 6.0.1; Nexus 5X Build/MMB29P) AppleWebKit/537.36 (KHTML, like Gecko) Chrome/104.0.5112.101 Mobile Safari/537.36 (compatible; Googlebot/2.1; +http://www.google.com/bot.html)"
154.54.249.200 - - [02/Sep/2022:04:46:36 +0200] "GET /fitted-sheet-white-p-31981.html HTTP/1.0" 200 74339 "-" "Mozilla/5.0 (compatible; Barkrowler/0.9; +https://babbar.tech/crawler)"
185.191.171.9 - - [02/Sep/2022:04:46:54 +0200] "GET /double-walled-porcelain-with-infuser-komorebi-p-58329.html?action=add_product HTTP/1.0" 302 476 "-" "Mozilla/5.0 (compatible; SemrushBot/7~bl; +http://www.semrush.com/bot.html)"
185.191.171.11 - - [02/Sep/2022:04:46:56 +0200] "GET /ceramic-with-spoon-magalli-collection-p-52667.html?action=add_product HTTP/1.0" 302 476 "-" "Mozilla/5.0 (compatible; SemrushBot/7~bl; +http://www.semrush.com/bot.html)"
114.119.137.43 - - [02/Sep/2022:04:47:02 +0200] "GET /gemini-cookware-cbkreation-p-43269.html HTTP/1.0" 200 74516 "http://www.wonder-geek.com/pencil-c-129_183.html?page=2" "Mozilla/5.0 (Linux; Android 7.0;) AppleWebKit/537.36 (KHTML, like Gecko) Mobile Safari/537.36 (compatible; PetalBot;+https://webmaster.petalsearch.com/site/petalbot)"
185.191.171.2 - - [02/Sep/2022:04:47:07 +0200] "GET /light-gray-satin-shade-p-57097.html?action=add_product HTTP/1.0" 302 476 "-" "Mozilla/5.0 (compatible; SemrushBot/7~bl; +http://www.semrush.com/bot.html)"
154.54.249.200 - - [02/Sep/2022:04:47:09 +0200] "GET /fitted-sheet-white-p-27503.html HTTP/1.0" 200 74356 "-" "Mozilla/5.0 (compatible; Barkrowler/0.9; +https://babbar.tech/crawler)"
54.36.148.98 - - [02/Sep/2022:04:47:14 +0200] "GET /shiva-statue-24-cm-p-42007.html HTTP/1.0" 301 74525 "-" "Mozilla/5.0 (compatible; AhrefsBot/7.0; +http://ahrefs.com/robot/)"
54.36.148.227 - - [02/Sep/2022:04:47:12 +0200] "GET /glasses-drinking-c-12_62.html?page=2 HTTP/1.0" 200 92722 "-" "Mozilla/5.0 (compatible; AhrefsBot/7.0; +http://ahrefs.com/robot/)"
54.36.148.104 - - [02/Sep/2022:04:47:30 +0200] "GET /images/mini_prod/B6575C2.jpg HTTP/1.0" 200 263 "-" "Mozilla/5.0 (compatible; AhrefsBot/7.0; +http://ahrefs.com/robot/)"
54.36.148.14 - - [02/Sep/2022:04:47:30 +0200] "GET /images/mini_prod/8003990630518.jpg HTTP/1.0" 200 269 "-" "Mozilla/5.0 (compatible; AhrefsBot/7.0; +http://ahrefs.com/robot/)"
54.36.148.223 - - [02/Sep/2022:04:47:30 +0200] "GET /images/mini_prod/1399985000372.jpg HTTP/1.0" 200 269 "-" "Mozilla/5.0 (compatible; AhrefsBot/7.0; +http://ahrefs.com/robot/)"
54.36.148.194 - - [02/Sep/2022:04:47:30 +0200] "GET /images/mini_prod/8720088292464.jpg HTTP/1.0" 200 269 "-" "Mozilla/5.0 (compatible; AhrefsBot/7.0; +http://ahrefs.com/robot/)"
54.36.148.23 - - [02/Sep/2022:04:47:30 +0200] "GET /images/mini_prod/3700572739519.jpg HTTP/1.0" 200 269 "-" "Mozilla/5.0 (compatible; AhrefsBot/7.0; +http://ahrefs.com/robot/)"
54.36.148.204 - - [02/Sep/2022:04:47:30 +0200] "GET /images/mini_prod/B6575B2.jpg HTTP/1.0" 200 263 "-" "Mozilla/5.0 (compatible; AhrefsBot/7.0; +http://ahrefs.com/robot/)"
54.36.148.103 - - [02/Sep/2022:04:47:30 +0200] "GET /images/mini_prod/3560600314695A.jpg HTTP/1.0" 200 270 "-" "Mozilla/5.0 (compatible; AhrefsBot/7.0; +http://ahrefs.com/robot/)"
54.36.148.120 - - [02/Sep/2022:04:47:30 +0200] "GET /images/mini_prod/3700572739502.jpg HTTP/1.0" 200 269 "-" "Mozilla/5.0 (compatible; AhrefsBot/7.0; +http://ahrefs.com/robot/)"
54.36.148.245 - - [02/Sep/2022:04:47:30 +0200] "GET /images/mini_prod/3589363780042.jpg HTTP/1.0" 200 269 "-" "Mozilla/5.0 (compatible; AhrefsBot/7.0; +http://ahrefs.com/robot/)"
54.36.148.109 - - [02/Sep/2022:04:47:30 +0200] "GET /images/mini_prod/9316188029575.jpg HTTP/1.0" 200 269 "-" "Mozilla/5.0 (compatible; AhrefsBot/7.0; +http://ahrefs.com/robot/)"
54.36.149.51 - - [02/Sep/2022:04:47:30 +0200] "GET /images/mini_prod/8720088292471.jpg HTTP/1.0" 200 269 "-" "Mozilla/5.0 (compatible; AhrefsBot/7.0; +http://ahrefs.com/robot/)"
54.36.148.58 - - [02/Sep/2022:04:47:30 +0200] "GET /images/mini_prod/4029811367658.jpg HTTP/1.0" 200 269 "-" "Mozilla/5.0 (compatible; AhrefsBot/7.0; +http://ahrefs.com/robot/)"
54.36.148.224 - - [02/Sep/2022:04:47:30 +0200] "GET /images/mini_prod/3589363780028.jpg HTTP/1.0" 200 269 "-" "Mozilla/5.0 (compatible; AhrefsBot/7.0; +http://ahrefs.com/robot/)"
54.36.149.74 - - [02/Sep/2022:04:47:30 +0200] "GET /images/mini_prod/5422023554141D.jpg HTTP/1.0" 200 270 "-" "Mozilla/5.0 (compatible; AhrefsBot/7.0; +http://ahrefs.com/robot/)"
54.36.149.87 - - [02/Sep/2022:04:47:30 +0200] "GET /images/mini_prod/5424023554145C.jpg HTTP/1.0" 200 270 "-" "Mozilla/5.0 (compatible; AhrefsBot/7.0; +http://ahrefs.com/robot/)"
54.36.148.158 - - [02/Sep/2022:04:47:30 +0200] "GET /images/mini_prod/3700572739526.jpg HTTP/1.0" 200 269 "-" "Mozilla/5.0 (compatible; AhrefsBot/7.0; +http://ahrefs.com/robot/)"
54.36.149.3 - - [02/Sep/2022:04:47:30 +0200] "GET /images/mini_prod/54210235541441.jpg HTTP/1.0" 200 270 "-" "Mozilla/5.0 (compatible; AhrefsBot/7.0; +http://ahrefs.com/robot/)"
54.36.148.219 - - [02/Sep/2022:04:47:30 +0200] "GET /images/mini_prod/9316188029568.jpg HTTP/1.0" 200 269 "-" "Mozilla/5.0 (compatible; AhrefsBot/7.0; +http://ahrefs.com/robot/)"
54.36.148.253 - - [02/Sep/2022:04:47:30 +0200] "GET /images/mini_prod/3560600292184.jpg HTTP/1.0" 200 269 "-" "Mozilla/5.0 (compatible; AhrefsBot/7.0; +http://ahrefs.com/robot/)"
185.191.171.18 - - [02/Sep/2022:04:47:28 +0200] "GET /bakugan-3d-mug-p-6183.html HTTP/1.0" 301 71842 "-" "Mozilla/5.0 (compatible; SemrushBot/7~bl; +http://www.semrush.com/bot.html)"
185.191.171.26 - - [02/Sep/2022:04:47:32 +0200] "GET /-p-6183.html HTTP/1.0" 200 71776 "-" "Mozilla/5.0 (compatible; SemrushBot/7~bl; +http://www.semrush.com/bot.html)"
154.54.249.200 - - [02/Sep/2022:04:47:44 +0200] "GET /fitted-sheet-c-11_193.html?page=7 HTTP/1.0" 200 80810 "-" "Mozilla/5.0 (compatible; Barkrowler/0.9; +https://babbar.tech/crawler)"
66.249.64.83 - - [02/Sep/2022:04:48:02 +0200] "GET /images/big_prod/8424346229093.jpg HTTP/1.0" 200 268 "-" "Googlebot-Image/1.0"
185.191.171.4 - - [02/Sep/2022:04:48:00 +0200] "GET /paris-gift-set-p-49678.html HTTP/1.0" 301 71845 "-" "Mozilla/5.0 (compatible; SemrushBot/7~bl; +http://www.semrush.com/bot.html)"
66.249.64.84 - - [02/Sep/2022:04:48:05 +0200] "GET /blue-japanese-enameled-cast-iron-teapot-p-57702.html HTTP/1.0" 200 75416 "-" "Mozilla/5.0 (Linux; Android 6.0.1; Nexus 5X Build/MMB29P) AppleWebKit/537.36 (KHTML, like Gecko) Chrome/104.0.5112.101 Mobile Safari/537.36 (compatible; Googlebot/2.1; +http://www.google.com/bot.html)"
185.191.171.12 - - [02/Sep/2022:04:48:07 +0200] "GET /-p-49678.html HTTP/1.0" 200 71778 "-" "Mozilla/5.0 (compatible; SemrushBot/7~bl; +http://www.semrush.com/bot.html)"
154.54.249.200 - - [02/Sep/2022:04:48:18 +0200] "GET /fitted-sheet-c-11_193.html?page=3 HTTP/1.0" 200 93930 "-" "Mozilla/5.0 (compatible; Barkrowler/0.9; +https://babbar.tech/crawler)"
216.244.66.242 - - [02/Sep/2022:04:48:54 +0200] "GET /images/1399984256336.jpg HTTP/1.0" 200 259 "-" "Mozilla/5.0 (compatible; DotBot/1.2; +https://opensiteexplorer.org/dotbot; help@moz.com)"
216.244.66.242 - - [02/Sep/2022:04:49:00 +0200] "GET /images/1399984265055.jpg HTTP/1.0" 200 259 "-" "Mozilla/5.0 (compatible; DotBot/1.2; +https://opensiteexplorer.org/dotbot; help@moz.com)"
216.244.66.242 - - [02/Sep/2022:04:49:06 +0200] "GET /images/3457010206101.jpg HTTP/1.0" 200 259 "-" "Mozilla/5.0 (compatible; DotBot/1.2; +https://opensiteexplorer.org/dotbot; help@moz.com)"
154.54.249.200 - - [02/Sep/2022:04:48:57 +0200] "GET /fitted-sheet-c-11_193.html?page=2 HTTP/1.0" 200 92583 "-" "Mozilla/5.0 (compatible; Barkrowler/0.9; +https://babbar.tech/crawler)"
216.244.66.242 - - [02/Sep/2022:04:49:10 +0200] "GET /images/5018997519349.jpg HTTP/1.0" 200 259 "-" "Mozilla/5.0 (compatible; DotBot/1.2; +https://opensiteexplorer.org/dotbot; help@moz.com)"
216.244.66.242 - - [02/Sep/2022:04:49:15 +0200] "GET /images/7601019994149.jpg HTTP/1.0" 200 259 "-" "Mozilla/5.0 (compatible; DotBot/1.2; +https://opensiteexplorer.org/dotbot; help@moz.com)"
216.244.66.242 - - [02/Sep/2022:04:49:18 +0200] "GET /images/7601019995498.jpg HTTP/1.0" 200 259 "-" "Mozilla/5.0 (compatible; DotBot/1.2; +https://opensiteexplorer.org/dotbot; help@moz.com)"
54.36.149.83 - - [02/Sep/2022:04:49:18 +0200] "GET /golden-brass-round-ashtray-with-mosaic-p-49197.html HTTP/1.0" 200 76934 "-" "Mozilla/5.0 (compatible; AhrefsBot/7.0; +http://ahrefs.com/robot/)"
216.244.66.242 - - [02/Sep/2022:04:49:21 +0200] "GET /table-bell-festin-familial-p-46456.html HTTP/1.0" 200 74445 "-" "Mozilla/5.0 (compatible; DotBot/1.2; +https://opensiteexplorer.org/dotbot; help@moz.com)"
114.119.137.45 - - [02/Sep/2022:04:49:40 +0200] "GET /flower-foot-p-55588.html HTTP/1.0" 200 74349 "http://www.wonder-geek.com/flower-pots-c-13_275.html?page=7" "Mozilla/5.0 (Linux; Android 7.0;) AppleWebKit/537.36 (KHTML, like Gecko) Mobile Safari/537.36 (compatible; PetalBot;+https://webmaster.petalsearch.com/site/petalbot)"
154.54.249.200 - - [02/Sep/2022:04:49:39 +0200] "GET /fitted-sheet-c-11_193.html?page=1 HTTP/1.0" 200 92407 "-" "Mozilla/5.0 (compatible; Barkrowler/0.9; +https://babbar.tech/crawler)"
185.191.171.44 - - [02/Sep/2022:04:50:00 +0200] "GET /-p-42320.html?action=add_product HTTP/1.0" 302 476 "-" "Mozilla/5.0 (compatible; SemrushBot/7~bl; +http://www.semrush.com/bot.html)"
185.191.171.45 - - [02/Sep/2022:04:50:07 +0200] "GET /white-wooden-p-42204.html?action=add_product HTTP/1.0" 302 476 "-" "Mozilla/5.0 (compatible; SemrushBot/7~bl; +http://www.semrush.com/bot.html)"
138.197.181.13 - - [02/Sep/2022:04:50:23 +0200] "GET /contact_us.php HTTP/1.0" 200 26241 "http://www.wonder-geek.com/contact_us.php" "Mozilla/5.0 (Windows NT 10.0; WOW64) AppleWebKit/537.36 (KHTML, like Gecko) Chrome/90.0.4430.93 Safari/537.36"
157.55.39.46 - - [02/Sep/2022:04:50:32 +0200] "GET /images/big_prod/3700276218624.jpg HTTP/1.0" 200 268 "-" "Mozilla/5.0 (compatible; bingbot/2.0; +http://www.bing.com/bingbot.htm)"
138.197.181.13 - - [02/Sep/2022:04:50:34 +0200] "POST /contact_us.php?action=send HTTP/1.0" 200 26487 "http://www.wonder-geek.com/contact_us.php" "Mozilla/5.0 (Windows NT 10.0; WOW64) AppleWebKit/537.36 (KHTML, like Gecko) Chrome/90.0.4430.93 Safari/537.36"
154.54.249.200 - - [02/Sep/2022:04:50:21 +0200] "GET /fitted-sheet-c-11_193.html?page=4 HTTP/1.0" 200 94966 "-" "Mozilla/5.0 (compatible; Barkrowler/0.9; +https://babbar.tech/crawler)"
66.249.64.82 - - [02/Sep/2022:04:50:45 +0200] "GET /images/mini_prod/1384010206942.jpg HTTP/1.0" 200 269 "-" "Mozilla/5.0 (compatible; Googlebot/2.1; +http://www.google.com/bot.html)"
185.191.171.9 - - [02/Sep/2022:04:50:50 +0200] "GET /isaline-bedclothes-p-50847.html?action=add_product HTTP/1.0" 302 476 "-" "Mozilla/5.0 (compatible; SemrushBot/7~bl; +http://www.semrush.com/bot.html)"
66.249.64.82 - - [02/Sep/2022:04:50:55 +0200] "GET /images/med_prod/8435306265839.jpg HTTP/1.0" 200 268 "-" "Mozilla/5.0 (compatible; Googlebot/2.1; +http://www.google.com/bot.html)"
54.36.148.249 - - [02/Sep/2022:04:50:55 +0200] "GET /protects-mattress-fleece-cotton-160-200-cm-p-43572.html HTTP/1.0" 301 74679 "-" "Mozilla/5.0 (compatible; AhrefsBot/7.0; +http://ahrefs.com/robot/)"
54.36.148.94 - - [02/Sep/2022:04:50:59 +0200] "GET /minnie-and-mickey-mouse-little-suitcase-p-22636.html HTTP/1.0" 301 71845 "-" "Mozilla/5.0 (compatible; AhrefsBot/7.0; +http://ahrefs.com/robot/)"
185.191.171.5 - - [02/Sep/2022:04:50:57 +0200] "GET /pencil-pot-c-129_183.html?page=2 HTTP/1.0" 301 92622 "-" "Mozilla/5.0 (compatible; SemrushBot/7~bl; +http://www.semrush.com/bot.html)"
66.249.64.84 - - [02/Sep/2022:04:51:18 +0200] "GET /images/mini_prod/9316188078269.jpg HTTP/1.0" 200 269 "-" "Mozilla/5.0 (compatible; Googlebot/2.1; +http://www.google.com/bot.html)"
185.191.171.24 - - [02/Sep/2022:04:51:11 +0200] "GET /pencil-c-183.html?page=2 HTTP/1.0" 301 92486 "-" "Mozilla/5.0 (compatible; SemrushBot/7~bl; +http://www.semrush.com/bot.html)"
154.54.249.200 - - [02/Sep/2022:04:51:10 +0200] "GET /fitted-sheet-c-11_193.html?page=6 HTTP/1.0" 200 95176 "-" "Mozilla/5.0 (compatible; Barkrowler/0.9; +https://babbar.tech/crawler)"
185.191.171.38 - - [02/Sep/2022:04:51:24 +0200] "GET /pencil-c-129_183.html?page=2 HTTP/1.0" 200 92544 "-" "Mozilla/5.0 (compatible; SemrushBot/7~bl; +http://www.semrush.com/bot.html)"
185.191.171.11 - - [02/Sep/2022:04:51:36 +0200] "GET /indian-standing-decoration-p-53721.html?action=add_product HTTP/1.0" 302 476 "-" "Mozilla/5.0 (compatible; SemrushBot/7~bl; +http://www.semrush.com/bot.html)"
54.36.148.245 - - [02/Sep/2022:04:51:39 +0200] "GET /mojito-cocktail-p-58156.html HTTP/1.0" 200 75257 "-" "Mozilla/5.0 (compatible; AhrefsBot/7.0; +http://ahrefs.com/robot/)"
185.191.171.34 - - [02/Sep/2022:04:51:39 +0200] "GET /line-phone-cover-for-iphone-3g-3gs-p-14763.html HTTP/1.0" 301 75323 "-" "Mozilla/5.0 (compatible; SemrushBot/7~bl; +http://www.semrush.com/bot.html)"
185.191.171.21 - - [02/Sep/2022:04:51:43 +0200] "GET /line-phone-cover-iphone-p-14763.html HTTP/1.0" 200 75233 "-" "Mozilla/5.0 (compatible; SemrushBot/7~bl; +http://www.semrush.com/bot.html)"
66.249.64.82 - - [02/Sep/2022:04:51:52 +0200] "GET /images/big_prod_1/b5404006033386.jpg HTTP/1.0" 200 271 "-" "Mozilla/5.0 (compatible; Googlebot/2.1; +http://www.google.com/bot.html)"
154.54.249.200 - - [02/Sep/2022:04:51:53 +0200] "GET /fitted-sheet-black-p-24468.html HTTP/1.0" 200 74952 "-" "Mozilla/5.0 (compatible; Barkrowler/0.9; +https://babbar.tech/crawler)"
185.191.171.24 - - [02/Sep/2022:04:52:02 +0200] "GET /smiski-figure-yoga-series-note-there-single-figure-p-50890.html HTTP/1.0" 200 75741 "-" "Mozilla/5.0 (compatible; SemrushBot/7~bl; +http://www.semrush.com/bot.html)"
66.249.64.82 - - [02/Sep/2022:04:52:22 +0200] "GET /images/mini_prod/1000000946000.jpg HTTP/1.0" 200 269 "-" "Mozilla/5.0 (compatible; Googlebot/2.1; +http://www.google.com/bot.html)"
114.119.137.43 - - [02/Sep/2022:04:52:23 +0200] "GET /wise-wings-integrity-owl-figurine-p-51819.html HTTP/1.0" 301 71972 "http://www.wonder-geek.com/home-and-decoration-c-13.html?page=151" "Mozilla/5.0 (Linux; Android 7.0;) AppleWebKit/537.36 (KHTML, like Gecko) Mobile Safari/537.36 (compatible; PetalBot;+https://webmaster.petalsearch.com/site/petalbot)"
114.119.137.43 - - [02/Sep/2022:04:52:26 +0200] "GET /wise-wings-integrity-figurine-p-51819.html HTTP/1.0" 200 71876 "http://www.wonder-geek.com/home-and-decoration-c-13.html?page=151" "Mozilla/5.0 (Linux; Android 7.0;) AppleWebKit/537.36 (KHTML, like Gecko) Mobile Safari/537.36 (compatible; PetalBot;+https://webmaster.petalsearch.com/site/petalbot)"
154.54.249.200 - - [02/Sep/2022:04:52:22 +0200] "GET /computer-briefcase-c-31_82.html HTTP/1.0" 200 85563 "-" "Mozilla/5.0 (compatible; Barkrowler/0.9; +https://babbar.tech/crawler)"
