65.108.64.210 - - [02/Sep/2022:04:34:01 +0200] "GET /obscur-case-cigarettes-pack-p-42577.html HTTP/1.0" 301 71845 "-" "Mozilla/5.0 (compatible; MJ12bot/v1.4.8; http://mj12bot.com/)"
65.108.64.210 - - [02/Sep/2022:04:34:04 +0200] "GET /-p-42577.html HTTP/1.0" 200 71778 "-" "Mozilla/5.0 (compatible; MJ12bot/v1.4.8; http://mj12bot.com/)"
65.108.64.210 - - [02/Sep/2022:04:34:07 +0200] "GET /patchwork-coasters-p-47157.html HTTP/1.0" 200 75178 "-" "Mozilla/5.0 (compatible; MJ12bot/v1.4.8; http://mj12bot.com/)"
65.108.64.210 - - [02/Sep/2022:04:34:10 +0200] "GET /petit-prince-exupry-collection-p-47091.html HTTP/1.0" 200 74587 "-" "Mozilla/5.0 (compatible; MJ12bot/v1.4.8; http://mj12bot.com/)"
154.54.249.200 - - [02/Sep/2022:04:34:10 +0200] "GET /paperweight-c-129_188.html?page=6 HTTP/1.0" 200 79733 "-" "Mozilla/5.0 (compatible; Barkrowler/0.9; +https://babbar.tech/crawler)"
65.108.64.210 - - [02/Sep/2022:04:34:13 +0200] "GET /petit-prince-exupry-collection-p-47092.html HTTP/1.0" 200 74587 "-" "Mozilla/5.0 (compatible; MJ12bot/v1.4.8; http://mj12bot.com/)"
65.108.64.210 - - [02/Sep/2022:04:34:16 +0200] "GET /plaisir-partager-round-placemat-p-57749.html HTTP/1.0" 200 75111 "-" "Mozilla/5.0 (compatible; MJ12bot/v1.4.8; http://mj12bot.com/)"
65.108.64.210 - - [02/Sep/2022:04:34:19 +0200] "GET /polar-blanket-toronto-p-58365.html HTTP/1.0" 200 75139 "-" "Mozilla/5.0 (compatible; MJ12bot/v1.4.8; http://mj12bot.com/)"
65.108.64.210 - - [02/Sep/2022:04:34:22 +0200] "GET /sandstone-butter-dish-with-bees-pattern-p-57766.html HTTP/1.0" 200 75471 "-" "Mozilla/5.0 (compatible; MJ12bot/v1.4.8; http://mj12bot.com/)"
65.108.64.210 - - [02/Sep/2022:04:34:24 +0200] "GET /sandstone-butter-dish-with-bees-pattern-p-57767.html HTTP/1.0" 200 75244 "-" "Mozilla/5.0 (compatible; MJ12bot/v1.4.8; http://mj12bot.com/)"
65.108.64.210 - - [02/Sep/2022:04:34:27 +0200] "GET /sausage-with-knife-bodega-p-47319.html HTTP/1.0" 200 74468 "-" "Mozilla/5.0 (compatible; MJ12bot/v1.4.8; http://mj12bot.com/)"
216.244.66.242 - - [02/Sep/2022:04:34:30 +0200] "GET /cat-clock-p-24301.html HTTP/1.0" 301 75073 "-" "Mozilla/5.0 (compatible; DotBot/1.2; +https://opensiteexplorer.org/dotbot; help@moz.com)"
65.108.64.210 - - [02/Sep/2022:04:34:30 +0200] "GET /small-japanese-blue-teapot-enameled-cast-iron-liter-p-57693.html HTTP/1.0" 200 74959 "-" "Mozilla/5.0 (compatible; MJ12bot/v1.4.8; http://mj12bot.com/)"
65.108.64.210 - - [02/Sep/2022:04:34:34 +0200] "GET /small-melamine-tray-p-45156.html HTTP/1.0" 200 74479 "-" "Mozilla/5.0 (compatible; MJ12bot/v1.4.8; http://mj12bot.com/)"
65.108.64.210 - - [02/Sep/2022:04:34:37 +0200] "GET /sonny-angel-york-figurines-p-50294.html HTTP/1.0" 200 71898 "-" "Mozilla/5.0 (compatible; MJ12bot/v1.4.8; http://mj12bot.com/)"
65.108.64.210 - - [02/Sep/2022:04:34:40 +0200] "GET /spice-with-sprinkler-vous-tenez-p-46514.html HTTP/1.0" 200 74506 "-" "Mozilla/5.0 (compatible; MJ12bot/v1.4.8; http://mj12bot.com/)"
216.244.66.242 - - [02/Sep/2022:04:34:40 +0200] "GET /wood-black-table-lamp-p-54040.html HTTP/1.0" 200 71860 "-" "Mozilla/5.0 (compatible; DotBot/1.2; +https://opensiteexplorer.org/dotbot; help@moz.com)"
65.108.64.210 - - [02/Sep/2022:04:34:43 +0200] "GET /stars-white-p-46997.html HTTP/1.0" 200 75280 "-" "Mozilla/5.0 (compatible; MJ12bot/v1.4.8; http://mj12bot.com/)"
154.54.249.200 - - [02/Sep/2022:04:34:45 +0200] "GET /mustache-white-shirt-p-31176.html HTTP/1.0" 200 76364 "-" "Mozilla/5.0 (compatible; Barkrowler/0.9; +https://babbar.tech/crawler)"
61.135.159.205 - - [02/Sep/2022:04:34:44 +0200] "GET / HTTP/1.0" 200 151721 "-" "Sogou web spider/4.0(+http://www.sogou.com/docs/help/webmasters.htm#07)"
65.108.64.210 - - [02/Sep/2022:04:34:46 +0200] "GET /tarot-flower-life-p-58366.html HTTP/1.0" 200 75470 "-" "Mozilla/5.0 (compatible; MJ12bot/v1.4.8; http://mj12bot.com/)"
65.108.64.210 - - [02/Sep/2022:04:34:50 +0200] "GET /travel-documents-passport-boarding-pass-p-47347.html HTTP/1.0" 200 75439 "-" "Mozilla/5.0 (compatible; MJ12bot/v1.4.8; http://mj12bot.com/)"
65.108.64.210 - - [02/Sep/2022:04:34:53 +0200] "GET /travel-documents-set-cb-passport-and-boarding-pass-p-47347.html HTTP/1.0" 301 75545 "-" "Mozilla/5.0 (compatible; MJ12bot/v1.4.8; http://mj12bot.com/)"
65.108.64.210 - - [02/Sep/2022:04:34:56 +0200] "GET /travel-documents-passport-boarding-pass-p-47347.html HTTP/1.0" 200 75439 "-" "Mozilla/5.0 (compatible; MJ12bot/v1.4.8; http://mj12bot.com/)"
65.108.64.210 - - [02/Sep/2022:04:34:58 +0200] "GET /tribal-cow-rectangulary-cushion-by-cbkreation-p-42538.html HTTP/1.0" 301 71845 "-" "Mozilla/5.0 (compatible; MJ12bot/v1.4.8; http://mj12bot.com/)"
65.108.64.210 - - [02/Sep/2022:04:35:01 +0200] "GET /-p-42538.html HTTP/1.0" 200 71778 "-" "Mozilla/5.0 (compatible; MJ12bot/v1.4.8; http://mj12bot.com/)"
65.108.64.210 - - [02/Sep/2022:04:35:05 +0200] "GET /tribal-cow-white-tee-shirt-p-39393.html HTTP/1.0" 301 80798 "-" "Mozilla/5.0 (compatible; MJ12bot/v1.4.8; http://mj12bot.com/)"
65.108.64.210 - - [02/Sep/2022:04:35:08 +0200] "GET /tribal-white-shirt-p-39393.html HTTP/1.0" 200 80713 "-" "Mozilla/5.0 (compatible; MJ12bot/v1.4.8; http://mj12bot.com/)"
66.249.64.82 - - [02/Sep/2022:04:35:11 +0200] "GET /selenite-spirale-p-44370.html HTTP/1.0" 200 71844 "-" "Mozilla/5.0 (Linux; Android 6.0.1; Nexus 5X Build/MMB29P) AppleWebKit/537.36 (KHTML, like Gecko) Chrome/104.0.5112.101 Mobile Safari/537.36 (compatible; Googlebot/2.1; +http://www.google.com/bot.html)"
65.108.64.210 - - [02/Sep/2022:04:35:12 +0200] "GET /tribal-rectangulary-cushion-cbkreation-p-42538.html HTTP/1.0" 301 71845 "-" "Mozilla/5.0 (compatible; MJ12bot/v1.4.8; http://mj12bot.com/)"
65.108.64.210 - - [02/Sep/2022:04:35:15 +0200] "GET /-p-42538.html HTTP/1.0" 200 71778 "-" "Mozilla/5.0 (compatible; MJ12bot/v1.4.8; http://mj12bot.com/)"
65.108.64.210 - - [02/Sep/2022:04:35:18 +0200] "GET /tribal-white-shirt-p-39393.html HTTP/1.0" 200 80713 "-" "Mozilla/5.0 (compatible; MJ12bot/v1.4.8; http://mj12bot.com/)"
154.54.249.200 - - [02/Sep/2022:04:35:20 +0200] "GET /hung-mirrors-c-31_258.html?page=1 HTTP/1.0" 200 91867 "-" "Mozilla/5.0 (compatible; Barkrowler/0.9; +https://babbar.tech/crawler)"
54.201.232.193 - - [02/Sep/2022:04:35:22 +0200] "GET /images/mini_prod/5018997618448.jpg HTTP/1.0" 200 269 "-" "Mozilla/5.0 (X11; Ubuntu; Linux x86_64; rv:72.0) Gecko/20100101 Firefox/72.0"
65.108.64.210 - - [02/Sep/2022:04:35:21 +0200] "GET /tropical-round-placemat-p-57750.html HTTP/1.0" 200 74984 "-" "Mozilla/5.0 (compatible; MJ12bot/v1.4.8; http://mj12bot.com/)"
65.108.64.210 - - [02/Sep/2022:04:35:26 +0200] "GET /turquoise-fitted-sheet-160-200-cm-p-36459.html HTTP/1.0" 301 71845 "-" "Mozilla/5.0 (compatible; MJ12bot/v1.4.8; http://mj12bot.com/)"
65.108.64.210 - - [02/Sep/2022:04:35:29 +0200] "GET /-p-36459.html HTTP/1.0" 200 71778 "-" "Mozilla/5.0 (compatible; MJ12bot/v1.4.8; http://mj12bot.com/)"
65.108.64.210 - - [02/Sep/2022:04:35:31 +0200] "GET /uk-bus-bowl-p-36366.html HTTP/1.0" 301 71845 "-" "Mozilla/5.0 (compatible; MJ12bot/v1.4.8; http://mj12bot.com/)"
114.119.137.38 - - [02/Sep/2022:04:35:31 +0200] "GET /deco-kit-sommelier-p-43916.html HTTP/1.0" 301 74663 "http://www.wonder-geek.com/corkscrew-bottle-opener-sommelier-kit-c-12_213.html?page=2" "Mozilla/5.0 (Linux; Android 7.0;) AppleWebKit/537.36 (KHTML, like Gecko) Mobile Safari/537.36 (compatible; PetalBot;+https://webmaster.petalsearch.com/site/petalbot)"
114.119.137.38 - - [02/Sep/2022:04:35:34 +0200] "GET /deco-sommelier-p-43916.html HTTP/1.0" 200 74582 "http://www.wonder-geek.com/corkscrew-bottle-opener-sommelier-kit-c-12_213.html?page=2" "Mozilla/5.0 (Linux; Android 7.0;) AppleWebKit/537.36 (KHTML, like Gecko) Mobile Safari/537.36 (compatible; PetalBot;+https://webmaster.petalsearch.com/site/petalbot)"
65.108.64.210 - - [02/Sep/2022:04:35:34 +0200] "GET /-p-36366.html HTTP/1.0" 200 71778 "-" "Mozilla/5.0 (compatible; MJ12bot/v1.4.8; http://mj12bot.com/)"
65.108.64.210 - - [02/Sep/2022:04:35:37 +0200] "GET /un-chat-sur-le-toit-ceramic-pie-dish-p-34942.html HTTP/1.0" 301 71845 "-" "Mozilla/5.0 (compatible; MJ12bot/v1.4.8; http://mj12bot.com/)"
93.158.161.5 - - [02/Sep/2022:04:35:39 +0200] "GET /images/8421440012309.jpg HTTP/1.0" 200 259 "-" "Mozilla/5.0 (compatible; YandexImages/3.0; +http://yandex.com/bots)"
65.108.64.210 - - [02/Sep/2022:04:35:40 +0200] "GET /-p-34942.html HTTP/1.0" 200 71778 "-" "Mozilla/5.0 (compatible; MJ12bot/v1.4.8; http://mj12bot.com/)"
65.108.64.210 - - [02/Sep/2022:04:35:43 +0200] "GET /union-jack-handbag-p-48433.html HTTP/1.0" 301 71845 "-" "Mozilla/5.0 (compatible; MJ12bot/v1.4.8; http://mj12bot.com/)"
65.108.64.210 - - [02/Sep/2022:04:35:46 +0200] "GET /-p-48433.html HTTP/1.0" 200 71778 "-" "Mozilla/5.0 (compatible; MJ12bot/v1.4.8; http://mj12bot.com/)"
154.54.249.200 - - [02/Sep/2022:04:35:48 +0200] "GET /orchids-wall-stickers-p-52222.html HTTP/1.0" 200 75106 "-" "Mozilla/5.0 (compatible; Barkrowler/0.9; +https://babbar.tech/crawler)"
65.108.64.210 - - [02/Sep/2022:04:35:49 +0200] "GET /usa-cushion-cbkreation-p-22444.html HTTP/1.0" 301 71845 "-" "Mozilla/5.0 (compatible; MJ12bot/v1.4.8; http://mj12bot.com/)"
65.108.64.210 - - [02/Sep/2022:04:35:52 +0200] "GET /-p-22444.html HTTP/1.0" 200 71778 "-" "Mozilla/5.0 (compatible; MJ12bot/v1.4.8; http://mj12bot.com/)"
216.244.66.242 - - [02/Sep/2022:04:35:53 +0200] "GET /flower-mug-by-cbkreation-p-20551.html HTTP/1.0" 301 74521 "-" "Mozilla/5.0 (compatible; DotBot/1.2; +https://opensiteexplorer.org/dotbot; help@moz.com)"
185.191.171.41 - - [02/Sep/2022:04:35:54 +0200] "GET /pineapple-deco-box-39-cm-p-44612.html HTTP/1.0" 301 71845 "-" "Mozilla/5.0 (compatible; SemrushBot/7~bl; +http://www.semrush.com/bot.html)"
65.108.64.210 - - [02/Sep/2022:04:35:55 +0200] "GET /usa-cushion-cbkreation-p-22445.html HTTP/1.0" 301 71845 "-" "Mozilla/5.0 (compatible; MJ12bot/v1.4.8; http://mj12bot.com/)"
185.191.171.1 - - [02/Sep/2022:04:35:57 +0200] "GET /-p-44612.html HTTP/1.0" 200 71778 "-" "Mozilla/5.0 (compatible; SemrushBot/7~bl; +http://www.semrush.com/bot.html)"
65.108.64.210 - - [02/Sep/2022:04:35:58 +0200] "GET /-p-22445.html HTTP/1.0" 200 71778 "-" "Mozilla/5.0 (compatible; MJ12bot/v1.4.8; http://mj12bot.com/)"
65.108.64.210 - - [02/Sep/2022:04:36:01 +0200] "GET /usa-cushion-cbkreation-p-22453.html HTTP/1.0" 301 71845 "-" "Mozilla/5.0 (compatible; MJ12bot/v1.4.8; http://mj12bot.com/)"
216.244.66.242 - - [02/Sep/2022:04:36:03 +0200] "GET /llama-love-clock-by-allen-p-49499.html HTTP/1.0" 301 74652 "-" "Mozilla/5.0 (compatible; DotBot/1.2; +https://opensiteexplorer.org/dotbot; help@moz.com)"
65.108.64.210 - - [02/Sep/2022:04:36:04 +0200] "GET /-p-22453.html HTTP/1.0" 200 71778 "-" "Mozilla/5.0 (compatible; MJ12bot/v1.4.8; http://mj12bot.com/)"
65.108.64.210 - - [02/Sep/2022:04:36:07 +0200] "GET /usa-cushion-cbkreation-p-22454.html HTTP/1.0" 301 71845 "-" "Mozilla/5.0 (compatible; MJ12bot/v1.4.8; http://mj12bot.com/)"
65.108.64.210 - - [02/Sep/2022:04:36:10 +0200] "GET /-p-22454.html HTTP/1.0" 200 71778 "-" "Mozilla/5.0 (compatible; MJ12bot/v1.4.8; http://mj12bot.com/)"
216.244.66.242 - - [02/Sep/2022:04:36:12 +0200] "GET /mug-glam-by-cbkreation-p-17530.html HTTP/1.0" 301 74454 "-" "Mozilla/5.0 (compatible; DotBot/1.2; +https://opensiteexplorer.org/dotbot; help@moz.com)"
65.108.64.210 - - [02/Sep/2022:04:36:13 +0200] "GET /valdavia-cushion-40-40-cm-p-42078.html HTTP/1.0" 301 71845 "-" "Mozilla/5.0 (compatible; MJ12bot/v1.4.8; http://mj12bot.com/)"
65.108.64.210 - - [02/Sep/2022:04:36:16 +0200] "GET /-p-42078.html HTTP/1.0" 200 71778 "-" "Mozilla/5.0 (compatible; MJ12bot/v1.4.8; http://mj12bot.com/)"
65.108.64.210 - - [02/Sep/2022:04:36:20 +0200] "GET /vanity-by-teo-jasmin-teo-rockabilly-p-39246.html HTTP/1.0" 301 71845 "-" "Mozilla/5.0 (compatible; MJ12bot/v1.4.8; http://mj12bot.com/)"
154.54.249.200 - - [02/Sep/2022:04:36:22 +0200] "GET /robots.txt HTTP/1.0" 200 245 "-" "Mozilla/5.0 (compatible; Barkrowler/0.9; +https://babbar.tech/crawler)"
216.244.66.242 - - [02/Sep/2022:04:36:22 +0200] "GET /stefano-tooth-box-p-51570.html HTTP/1.0" 301 75142 "-" "Mozilla/5.0 (compatible; DotBot/1.2; +https://opensiteexplorer.org/dotbot; help@moz.com)"
65.108.64.210 - - [02/Sep/2022:04:36:23 +0200] "GET /-p-39246.html HTTP/1.0" 200 71778 "-" "Mozilla/5.0 (compatible; MJ12bot/v1.4.8; http://mj12bot.com/)"
54.36.148.107 - - [02/Sep/2022:04:36:26 +0200] "GET /daisy-minnie-lunch-bottle-p-31685.html HTTP/1.0" 200 74666 "-" "Mozilla/5.0 (compatible; AhrefsBot/7.0; +http://ahrefs.com/robot/)"
65.108.64.210 - - [02/Sep/2022:04:36:27 +0200] "GET /vanity-jasmin-rockabilly-p-39246.html HTTP/1.0" 301 71845 "-" "Mozilla/5.0 (compatible; MJ12bot/v1.4.8; http://mj12bot.com/)"
65.108.64.210 - - [02/Sep/2022:04:36:30 +0200] "GET /-p-39246.html HTTP/1.0" 200 71778 "-" "Mozilla/5.0 (compatible; MJ12bot/v1.4.8; http://mj12bot.com/)"
216.244.66.242 - - [02/Sep/2022:04:36:31 +0200] "GET /sun-and-bells-metal-chime-p-42071.html HTTP/1.0" 301 75136 "-" "Mozilla/5.0 (compatible; DotBot/1.2; +https://opensiteexplorer.org/dotbot; help@moz.com)"
65.108.64.210 - - [02/Sep/2022:04:36:34 +0200] "GET /velvet-purse-black-and-gold-p-49963.html HTTP/1.0" 301 75159 "-" "Mozilla/5.0 (compatible; MJ12bot/v1.4.8; http://mj12bot.com/)"
65.108.64.210 - - [02/Sep/2022:04:36:37 +0200] "GET /velvet-purse-black-gold-p-49963.html HTTP/1.0" 200 75069 "-" "Mozilla/5.0 (compatible; MJ12bot/v1.4.8; http://mj12bot.com/)"
65.108.64.210 - - [02/Sep/2022:04:36:40 +0200] "GET /velvet-purse-black-gold-p-49963.html HTTP/1.0" 200 75069 "-" "Mozilla/5.0 (compatible; MJ12bot/v1.4.8; http://mj12bot.com/)"
216.244.66.242 - - [02/Sep/2022:04:36:42 +0200] "GET /teo-jasmin-light-to-install-p-29342.html HTTP/1.0" 301 71949 "-" "Mozilla/5.0 (compatible; DotBot/1.2; +https://opensiteexplorer.org/dotbot; help@moz.com)"
65.108.64.210 - - [02/Sep/2022:04:36:43 +0200] "GET /vintage-clock-metal-and-wood-50-cm-p-40394.html HTTP/1.0" 301 71845 "-" "Mozilla/5.0 (compatible; MJ12bot/v1.4.8; http://mj12bot.com/)"
65.108.64.210 - - [02/Sep/2022:04:36:46 +0200] "GET /-p-40394.html HTTP/1.0" 200 71778 "-" "Mozilla/5.0 (compatible; MJ12bot/v1.4.8; http://mj12bot.com/)"
65.108.64.210 - - [02/Sep/2022:04:36:49 +0200] "GET /volkswagen-beige-swiss-knife-p-35054.html HTTP/1.0" 301 71845 "-" "Mozilla/5.0 (compatible; MJ12bot/v1.4.8; http://mj12bot.com/)"
154.54.249.200 - - [02/Sep/2022:04:36:50 +0200] "GET /little-resin-monk-p-56786.html HTTP/1.0" 200 75202 "-" "Mozilla/5.0 (compatible; Barkrowler/0.9; +https://babbar.tech/crawler)"
65.108.64.210 - - [02/Sep/2022:04:36:53 +0200] "GET /-p-35054.html HTTP/1.0" 200 71778 "-" "Mozilla/5.0 (compatible; MJ12bot/v1.4.8; http://mj12bot.com/)"
65.108.64.210 - - [02/Sep/2022:04:36:56 +0200] "GET /volkswagen-black-swiss-knife-p-35053.html HTTP/1.0" 301 71845 "-" "Mozilla/5.0 (compatible; MJ12bot/v1.4.8; http://mj12bot.com/)"
65.108.64.210 - - [02/Sep/2022:04:36:59 +0200] "GET /-p-35053.html HTTP/1.0" 200 71778 "-" "Mozilla/5.0 (compatible; MJ12bot/v1.4.8; http://mj12bot.com/)"
65.108.64.210 - - [02/Sep/2022:04:37:02 +0200] "GET /volkswagen-blue-light-lighter-p-22972.html HTTP/1.0" 301 71845 "-" "Mozilla/5.0 (compatible; MJ12bot/v1.4.8; http://mj12bot.com/)"
65.108.64.210 - - [02/Sep/2022:04:37:05 +0200] "GET /-p-22972.html HTTP/1.0" 200 71778 "-" "Mozilla/5.0 (compatible; MJ12bot/v1.4.8; http://mj12bot.com/)"
65.108.64.210 - - [02/Sep/2022:04:37:09 +0200] "GET /volkswagen-bordeaux-metal-keyring-p-18914.html HTTP/1.0" 301 71845 "-" "Mozilla/5.0 (compatible; MJ12bot/v1.4.8; http://mj12bot.com/)"
47.246.72.66 - - [02/Sep/2022:04:37:13 +0200] "GET /images/mini_prod/8003990616123.jpg HTTP/1.0" 200 269 "-" "Mozilla/5.0 (X11; Ubuntu; Linux x86_64; rv:72.0) Gecko/20100101 Firefox/72.0"
65.108.64.210 - - [02/Sep/2022:04:37:12 +0200] "GET /-p-18914.html HTTP/1.0" 200 71778 "-" "Mozilla/5.0 (compatible; MJ12bot/v1.4.8; http://mj12bot.com/)"
216.244.66.242 - - [02/Sep/2022:04:37:14 +0200] "GET /indian-boho-dream-catcher-wall-sticker-board-20-70-cm-p-42995.html HTTP/1.0" 301 74774 "-" "Mozilla/5.0 (compatible; DotBot/1.2; +https://opensiteexplorer.org/dotbot; help@moz.com)"
65.108.64.210 - - [02/Sep/2022:04:37:15 +0200] "GET /volkswagen-clock-p-23274.html HTTP/1.0" 200 71849 "-" "Mozilla/5.0 (compatible; MJ12bot/v1.4.8; http://mj12bot.com/)"
65.108.64.210 - - [02/Sep/2022:04:37:20 +0200] "GET /watch-freegun-hypercolor-tattoo-old-school-p-35099.html HTTP/1.0" 301 75249 "-" "Mozilla/5.0 (compatible; MJ12bot/v1.4.8; http://mj12bot.com/)"
65.108.64.210 - - [02/Sep/2022:04:37:23 +0200] "GET /watch-freegun-hypercolor-tattoo-school-p-35099.html HTTP/1.0" 200 75144 "-" "Mozilla/5.0 (compatible; MJ12bot/v1.4.8; http://mj12bot.com/)"
216.244.66.242 - - [02/Sep/2022:04:37:24 +0200] "GET /jakarta-dark-blue-carpet-60-120-cm-p-48425.html HTTP/1.0" 301 71979 "-" "Mozilla/5.0 (compatible; DotBot/1.2; +https://opensiteexplorer.org/dotbot; help@moz.com)"
154.54.249.200 - - [02/Sep/2022:04:37:25 +0200] "GET /little-panda-moneybox-p-48697.html HTTP/1.0" 200 74991 "-" "Mozilla/5.0 (compatible; Barkrowler/0.9; +https://babbar.tech/crawler)"
65.108.64.210 - - [02/Sep/2022:04:37:27 +0200] "GET /watch-freegun-hypercolor-tattoo-school-p-35099.html HTTP/1.0" 200 75144 "-" "Mozilla/5.0 (compatible; MJ12bot/v1.4.8; http://mj12bot.com/)"
65.108.64.210 - - [02/Sep/2022:04:37:31 +0200] "GET /watch-lulu-castagnette-girl-p-35104.html HTTP/1.0" 301 71845 "-" "Mozilla/5.0 (compatible; MJ12bot/v1.4.8; http://mj12bot.com/)"
216.244.66.242 - - [02/Sep/2022:04:37:33 +0200] "GET /star-wars-dameron-figure-p-34608.html HTTP/1.0" 200 74642 "-" "Mozilla/5.0 (compatible; DotBot/1.2; +https://opensiteexplorer.org/dotbot; help@moz.com)"
65.108.64.210 - - [02/Sep/2022:04:37:34 +0200] "GET /-p-35104.html HTTP/1.0" 200 71778 "-" "Mozilla/5.0 (compatible; MJ12bot/v1.4.8; http://mj12bot.com/)"
66.249.64.83 - - [02/Sep/2022:04:37:37 +0200] "GET /images/big_prod/3453131106344.jpg HTTP/1.0" 200 268 "-" "Googlebot-Image/1.0"
185.191.171.35 - - [02/Sep/2022:04:37:37 +0200] "GET /nippon-doll-cosmetic-pouch-p-26866.html HTTP/1.0" 200 74666 "-" "Mozilla/5.0 (compatible; SemrushBot/7~bl; +http://www.semrush.com/bot.html)"
65.108.64.210 - - [02/Sep/2022:04:37:38 +0200] "GET /watches-c-3_66.html?page=2 HTTP/1.0" 200 86108 "-" "Mozilla/5.0 (compatible; MJ12bot/v1.4.8; http://mj12bot.com/)"
185.191.171.10 - - [02/Sep/2022:04:37:40 +0200] "GET /oscar-wilde-quote-wall-stickers-50-70-cm-p-42957.html HTTP/1.0" 301 75354 "-" "Mozilla/5.0 (compatible; SemrushBot/7~bl; +http://www.semrush.com/bot.html)"
65.108.64.210 - - [02/Sep/2022:04:37:42 +0200] "GET /watches-c-3_66.html?page=3 HTTP/1.0" 200 86108 "-" "Mozilla/5.0 (compatible; MJ12bot/v1.4.8; http://mj12bot.com/)"
185.191.171.26 - - [02/Sep/2022:04:37:44 +0200] "GET /oscar-wilde-quote-wall-stickers-p-42957.html HTTP/1.0" 200 75256 "-" "Mozilla/5.0 (compatible; SemrushBot/7~bl; +http://www.semrush.com/bot.html)"
216.244.66.242 - - [02/Sep/2022:04:37:45 +0200] "GET /typewriter-pendulum-clock-by-michelle-allen-p-53180.html HTTP/1.0" 301 75638 "-" "Mozilla/5.0 (compatible; DotBot/1.2; +https://opensiteexplorer.org/dotbot; help@moz.com)"
65.108.64.210 - - [02/Sep/2022:04:37:46 +0200] "GET /watches-c-3_66.html?page=4 HTTP/1.0" 200 86108 "-" "Mozilla/5.0 (compatible; MJ12bot/v1.4.8; http://mj12bot.com/)"
65.108.64.210 - - [02/Sep/2022:04:37:50 +0200] "GET /water-and-outdoor-games-c-4_143.html?page=2 HTTP/1.0" 301 82989 "-" "Mozilla/5.0 (compatible; MJ12bot/v1.4.8; http://mj12bot.com/)"
65.108.64.210 - - [02/Sep/2022:04:37:54 +0200] "GET /water-outdoor-games-c-143.html?page=2 HTTP/1.0" 301 82877 "-" "Mozilla/5.0 (compatible; MJ12bot/v1.4.8; http://mj12bot.com/)"
65.108.64.210 - - [02/Sep/2022:04:37:57 +0200] "GET /water-outdoor-games-c-4_143.html?page=2 HTTP/1.0" 200 82898 "-" "Mozilla/5.0 (compatible; MJ12bot/v1.4.8; http://mj12bot.com/)"
216.244.66.242 - - [02/Sep/2022:04:37:57 +0200] "GET /you-can-drink-all-day-metal-plate-deco-p-34329.html HTTP/1.0" 301 74635 "-" "Mozilla/5.0 (compatible; DotBot/1.2; +https://opensiteexplorer.org/dotbot; help@moz.com)"
65.108.64.210 - - [02/Sep/2022:04:38:00 +0200] "GET /water-and-outdoor-games-c-4_143.html?page=3 HTTP/1.0" 301 82989 "-" "Mozilla/5.0 (compatible; MJ12bot/v1.4.8; http://mj12bot.com/)"
154.54.249.200 - - [02/Sep/2022:04:38:01 +0200] "GET /little-prince-trivet-p-27386.html HTTP/1.0" 200 74373 "-" "Mozilla/5.0 (compatible; Barkrowler/0.9; +https://babbar.tech/crawler)"
65.108.64.210 - - [02/Sep/2022:04:38:04 +0200] "GET /water-outdoor-games-c-143.html?page=3 HTTP/1.0" 301 82877 "-" "Mozilla/5.0 (compatible; MJ12bot/v1.4.8; http://mj12bot.com/)"
185.191.171.1 - - [02/Sep/2022:04:38:03 +0200] "GET /boxes-and-storage-box-c-13_150.html?page=1 HTTP/1.0" 301 95974 "-" "Mozilla/5.0 (compatible; SemrushBot/7~bl; +http://www.semrush.com/bot.html)"
65.108.64.210 - - [02/Sep/2022:04:38:06 +0200] "GET /water-outdoor-games-c-4_143.html?page=3 HTTP/1.0" 200 82898 "-" "Mozilla/5.0 (compatible; MJ12bot/v1.4.8; http://mj12bot.com/)"
185.191.171.2 - - [02/Sep/2022:04:38:07 +0200] "GET /boxes-storage-c-150.html?page=1 HTTP/1.0" 301 95854 "-" "Mozilla/5.0 (compatible; SemrushBot/7~bl; +http://www.semrush.com/bot.html)"
114.119.137.3 - - [02/Sep/2022:04:38:09 +0200] "GET /ganesh-statue-p-42033.html HTTP/1.0" 200 74439 "http://www.wonder-geek.com/collectible-figurines-decorative-c-13_135.html?page=23" "Mozilla/5.0 (Linux; Android 7.0;) AppleWebKit/537.36 (KHTML, like Gecko) Mobile Safari/537.36 (compatible; PetalBot;+https://webmaster.petalsearch.com/site/petalbot)"
216.244.66.242 - - [02/Sep/2022:04:38:09 +0200] "GET /zen-singing-bowl-chakra-solar-plexus-yellow-p-42128.html HTTP/1.0" 301 74707 "-" "Mozilla/5.0 (compatible; DotBot/1.2; +https://opensiteexplorer.org/dotbot; help@moz.com)"
65.108.64.210 - - [02/Sep/2022:04:38:09 +0200] "GET /water-and-outdoor-games-c-4_143.html?page=4 HTTP/1.0" 301 82989 "-" "Mozilla/5.0 (compatible; MJ12bot/v1.4.8; http://mj12bot.com/)"
185.191.171.26 - - [02/Sep/2022:04:38:10 +0200] "GET /boxes-storage-c-13_150.html?page=1 HTTP/1.0" 200 95889 "-" "Mozilla/5.0 (compatible; SemrushBot/7~bl; +http://www.semrush.com/bot.html)"
65.108.64.210 - - [02/Sep/2022:04:38:13 +0200] "GET /water-outdoor-games-c-143.html?page=4 HTTP/1.0" 301 82877 "-" "Mozilla/5.0 (compatible; MJ12bot/v1.4.8; http://mj12bot.com/)"
185.191.171.38 - - [02/Sep/2022:04:38:15 +0200] "GET /boho-terracotta-p-51889.html HTTP/1.0" 200 71848 "-" "Mozilla/5.0 (compatible; SemrushBot/7~bl; +http://www.semrush.com/bot.html)"
65.108.64.210 - - [02/Sep/2022:04:38:17 +0200] "GET /water-outdoor-games-c-4_143.html?page=4 HTTP/1.0" 200 82898 "-" "Mozilla/5.0 (compatible; MJ12bot/v1.4.8; http://mj12bot.com/)"
65.108.64.210 - - [02/Sep/2022:04:38:20 +0200] "GET /water-and-outdoor-games-c-4_143.html?page=5 HTTP/1.0" 301 82989 "-" "Mozilla/5.0 (compatible; MJ12bot/v1.4.8; http://mj12bot.com/)"
65.108.64.210 - - [02/Sep/2022:04:38:23 +0200] "GET /water-outdoor-games-c-143.html?page=5 HTTP/1.0" 301 82877 "-" "Mozilla/5.0 (compatible; MJ12bot/v1.4.8; http://mj12bot.com/)"
65.108.64.210 - - [02/Sep/2022:04:38:26 +0200] "GET /water-outdoor-games-c-4_143.html?page=5 HTTP/1.0" 200 82898 "-" "Mozilla/5.0 (compatible; MJ12bot/v1.4.8; http://mj12bot.com/)"
65.108.64.210 - - [02/Sep/2022:04:38:29 +0200] "GET /water-fireman-p-36983.html HTTP/1.0" 301 71845 "-" "Mozilla/5.0 (compatible; MJ12bot/v1.4.8; http://mj12bot.com/)"
154.54.249.200 - - [02/Sep/2022:04:38:31 +0200] "GET /selenite-spirale-p-44370.html HTTP/1.0" 200 71844 "-" "Mozilla/5.0 (compatible; Barkrowler/0.9; +https://babbar.tech/crawler)"
65.108.64.210 - - [02/Sep/2022:04:38:32 +0200] "GET /-p-36983.html HTTP/1.0" 200 71778 "-" "Mozilla/5.0 (compatible; MJ12bot/v1.4.8; http://mj12bot.com/)"
65.108.64.210 - - [02/Sep/2022:04:38:36 +0200] "GET /water-gun-sam-the-fireman-p-36983.html HTTP/1.0" 301 71845 "-" "Mozilla/5.0 (compatible; MJ12bot/v1.4.8; http://mj12bot.com/)"
65.108.64.210 - - [02/Sep/2022:04:38:40 +0200] "GET /-p-36983.html HTTP/1.0" 200 71778 "-" "Mozilla/5.0 (compatible; MJ12bot/v1.4.8; http://mj12bot.com/)"
65.108.64.210 - - [02/Sep/2022:04:38:43 +0200] "GET /water-outdoor-games-c-143.html?page=2 HTTP/1.0" 301 82877 "-" "Mozilla/5.0 (compatible; MJ12bot/v1.4.8; http://mj12bot.com/)"
65.108.64.210 - - [02/Sep/2022:04:38:46 +0200] "GET /water-outdoor-games-c-4_143.html?page=2 HTTP/1.0" 200 82898 "-" "Mozilla/5.0 (compatible; MJ12bot/v1.4.8; http://mj12bot.com/)"
65.108.64.210 - - [02/Sep/2022:04:38:49 +0200] "GET /water-outdoor-games-c-143.html?page=3 HTTP/1.0" 301 82877 "-" "Mozilla/5.0 (compatible; MJ12bot/v1.4.8; http://mj12bot.com/)"
65.108.64.210 - - [02/Sep/2022:04:38:52 +0200] "GET /water-outdoor-games-c-4_143.html?page=3 HTTP/1.0" 200 82898 "-" "Mozilla/5.0 (compatible; MJ12bot/v1.4.8; http://mj12bot.com/)"
185.191.171.4 - - [02/Sep/2022:04:38:54 +0200] "GET /rooster-metal-decoration-p-31503.html?action=add_product HTTP/1.0" 302 476 "-" "Mozilla/5.0 (compatible; SemrushBot/7~bl; +http://www.semrush.com/bot.html)"
65.108.64.210 - - [02/Sep/2022:04:38:55 +0200] "GET /water-outdoor-games-c-143.html?page=4 HTTP/1.0" 301 82877 "-" "Mozilla/5.0 (compatible; MJ12bot/v1.4.8; http://mj12bot.com/)"
65.108.64.210 - - [02/Sep/2022:04:38:59 +0200] "GET /water-outdoor-games-c-4_143.html?page=4 HTTP/1.0" 200 82898 "-" "Mozilla/5.0 (compatible; MJ12bot/v1.4.8; http://mj12bot.com/)"
154.54.249.200 - - [02/Sep/2022:04:39:02 +0200] "GET /pillow-case-pink-light-p-33864.html HTTP/1.0" 200 74692 "-" "Mozilla/5.0 (compatible; Barkrowler/0.9; +https://babbar.tech/crawler)"
65.108.64.210 - - [02/Sep/2022:04:39:03 +0200] "GET /water-outdoor-games-c-143.html?page=5 HTTP/1.0" 301 82877 "-" "Mozilla/5.0 (compatible; MJ12bot/v1.4.8; http://mj12bot.com/)"
65.108.64.210 - - [02/Sep/2022:04:39:07 +0200] "GET /water-outdoor-games-c-4_143.html?page=5 HTTP/1.0" 200 82898 "-" "Mozilla/5.0 (compatible; MJ12bot/v1.4.8; http://mj12bot.com/)"
54.36.148.226 - - [02/Sep/2022:04:39:19 +0200] "GET /vive-paris-spiral-notebook-p-20221.html HTTP/1.0" 200 75126 "-" "Mozilla/5.0 (compatible; AhrefsBot/7.0; +http://ahrefs.com/robot/)"
154.54.249.200 - - [02/Sep/2022:04:39:35 +0200] "GET /pillow-case-light-brown-p-51988.html HTTP/1.0" 200 74725 "-" "Mozilla/5.0 (compatible; Barkrowler/0.9; +https://babbar.tech/crawler)"
185.191.171.4 - - [02/Sep/2022:04:39:41 +0200] "GET /decorative-wooden-plate-coffee-30-22-cm-p-49972.html HTTP/1.0" 301 72007 "-" "Mozilla/5.0 (compatible; SemrushBot/7~bl; +http://www.semrush.com/bot.html)"
185.191.171.18 - - [02/Sep/2022:04:39:45 +0200] "GET /decorative-wooden-plate-coffee-p-49972.html HTTP/1.0" 200 71910 "-" "Mozilla/5.0 (compatible; SemrushBot/7~bl; +http://www.semrush.com/bot.html)"
216.244.66.242 - - [02/Sep/2022:04:40:00 +0200] "GET /winnie-pooh-orange-swimsuit-p-30832.html HTTP/1.0" 200 76228 "-" "Mozilla/5.0 (compatible; DotBot/1.2; +https://opensiteexplorer.org/dotbot; help@moz.com)"
154.54.249.200 - - [02/Sep/2022:04:40:05 +0200] "GET /pillow-case-storm-blue-p-45906.html HTTP/1.0" 200 74637 "-" "Mozilla/5.0 (compatible; Barkrowler/0.9; +https://babbar.tech/crawler)"
66.249.64.82 - - [02/Sep/2022:04:40:11 +0200] "GET /images/mini_prod/DSCN6291.jpg HTTP/1.0" 200 264 "-" "Mozilla/5.0 (compatible; Googlebot/2.1; +http://www.google.com/bot.html)"
66.249.64.82 - - [02/Sep/2022:04:40:12 +0200] "GET /images/mini_prod/3609810061903.jpg HTTP/1.0" 200 269 "-" "Mozilla/5.0 (compatible; Googlebot/2.1; +http://www.google.com/bot.html)"
66.249.64.82 - - [02/Sep/2022:04:40:13 +0200] "GET /images/mini_prod/8435333824245.jpg HTTP/1.0" 200 269 "-" "Mozilla/5.0 (compatible; Googlebot/2.1; +http://www.google.com/bot.html)"
66.249.64.82 - - [02/Sep/2022:04:40:15 +0200] "GET /images/mini_prod/8435107822361.jpg HTTP/1.0" 404 1308 "-" "Mozilla/5.0 (compatible; Googlebot/2.1; +http://www.google.com/bot.html)"
66.249.64.82 - - [02/Sep/2022:04:40:16 +0200] "GET /images/mini_prod/3609810065055.jpg HTTP/1.0" 200 269 "-" "Mozilla/5.0 (compatible; Googlebot/2.1; +http://www.google.com/bot.html)"
66.249.64.82 - - [02/Sep/2022:04:40:17 +0200] "GET /images/mini_prod/J1399984249239J.jpg HTTP/1.0" 200 271 "-" "Mozilla/5.0 (compatible; Googlebot/2.1; +http://www.google.com/bot.html)"
66.249.64.82 - - [02/Sep/2022:04:40:17 +0200] "GET /images/mini_prod/3453131150996.jpg HTTP/1.0" 200 269 "-" "Mozilla/5.0 (compatible; Googlebot/2.1; +http://www.google.com/bot.html)"
66.249.64.82 - - [02/Sep/2022:04:40:18 +0200] "GET /images/mini_prod/1348422000543.jpg HTTP/1.0" 200 269 "-" "Mozilla/5.0 (compatible; Googlebot/2.1; +http://www.google.com/bot.html)"
66.249.64.82 - - [02/Sep/2022:04:40:20 +0200] "GET /images/mini_prod/3014627889389.jpg HTTP/1.0" 200 269 "-" "Mozilla/5.0 (compatible; Googlebot/2.1; +http://www.google.com/bot.html)"
185.191.171.13 - - [02/Sep/2022:04:40:19 +0200] "GET /mappemonde-coasters-p-52605.html HTTP/1.0" 200 74397 "-" "Mozilla/5.0 (compatible; SemrushBot/7~bl; +http://www.semrush.com/bot.html)"
66.249.64.82 - - [02/Sep/2022:04:40:21 +0200] "GET /images/mini_prod/3609810052239.jpg HTTP/1.0" 200 269 "-" "Mozilla/5.0 (compatible; Googlebot/2.1; +http://www.google.com/bot.html)"
66.249.64.82 - - [02/Sep/2022:04:40:22 +0200] "GET /images/mini_prod/8435333820759.jpg HTTP/1.0" 200 269 "-" "Mozilla/5.0 (compatible; Googlebot/2.1; +http://www.google.com/bot.html)"
66.249.64.82 - - [02/Sep/2022:04:40:22 +0200] "GET /images/mini_prod/1300000022545.jpg HTTP/1.0" 200 269 "-" "Mozilla/5.0 (compatible; Googlebot/2.1; +http://www.google.com/bot.html)"
66.249.64.82 - - [02/Sep/2022:04:40:23 +0200] "GET /images/mini_prod/CD4061c.jpg HTTP/1.0" 200 263 "-" "Mozilla/5.0 (compatible; Googlebot/2.1; +http://www.google.com/bot.html)"
66.249.64.82 - - [02/Sep/2022:04:40:23 +0200] "GET /images/mini_prod/3760226372530.jpg HTTP/1.0" 200 269 "-" "Mozilla/5.0 (compatible; Googlebot/2.1; +http://www.google.com/bot.html)"
66.249.64.82 - - [02/Sep/2022:04:40:23 +0200] "GET /images/mini_prod/8422002209410.jpg HTTP/1.0" 200 269 "-" "Mozilla/5.0 (compatible; Googlebot/2.1; +http://www.google.com/bot.html)"
66.249.64.82 - - [02/Sep/2022:04:40:24 +0200] "GET /images/8435333848197.jpg HTTP/1.0" 200 259 "-" "Mozilla/5.0 (compatible; Googlebot/2.1; +http://www.google.com/bot.html)"
66.249.64.82 - - [02/Sep/2022:04:40:24 +0200] "GET /images/mini_prod/3272760398926.jpg HTTP/1.0" 200 269 "-" "Mozilla/5.0 (compatible; Googlebot/2.1; +http://www.google.com/bot.html)"
66.249.64.82 - - [02/Sep/2022:04:40:25 +0200] "GET /images/mini_prod/3503420125034.jpg HTTP/1.0" 200 269 "-" "Mozilla/5.0 (compatible; Googlebot/2.1; +http://www.google.com/bot.html)"
66.249.64.82 - - [02/Sep/2022:04:40:25 +0200] "GET /images/mini_prod/5055071696022.jpg HTTP/1.0" 200 269 "-" "Mozilla/5.0 (compatible; Googlebot/2.1; +http://www.google.com/bot.html)"
66.249.64.82 - - [02/Sep/2022:04:40:26 +0200] "GET /images/mini_prod/4036113830032.jpg HTTP/1.0" 200 269 "-" "Mozilla/5.0 (compatible; Googlebot/2.1; +http://www.google.com/bot.html)"
66.249.64.82 - - [02/Sep/2022:04:40:26 +0200] "GET /images/big_prod_1/493842the.jpg HTTP/1.0" 200 266 "-" "Mozilla/5.0 (compatible; Googlebot/2.1; +http://www.google.com/bot.html)"
66.249.64.82 - - [02/Sep/2022:04:40:27 +0200] "GET /images/mini_prod/8435306281082.jpg HTTP/1.0" 200 269 "-" "Mozilla/5.0 (compatible; Googlebot/2.1; +http://www.google.com/bot.html)"
66.249.64.82 - - [02/Sep/2022:04:40:27 +0200] "GET /images/mini_prod/3524550049182.jpg HTTP/1.0" 200 269 "-" "Mozilla/5.0 (compatible; Googlebot/2.1; +http://www.google.com/bot.html)"
66.249.64.82 - - [02/Sep/2022:04:40:28 +0200] "GET /images/mini_prod/3503420095047.jpg HTTP/1.0" 200 269 "-" "Mozilla/5.0 (compatible; Googlebot/2.1; +http://www.google.com/bot.html)"
66.249.64.82 - - [02/Sep/2022:04:40:28 +0200] "GET /images/mini_prod/1384010202807.jpg HTTP/1.0" 200 269 "-" "Mozilla/5.0 (compatible; Googlebot/2.1; +http://www.google.com/bot.html)"
66.249.64.82 - - [02/Sep/2022:04:40:28 +0200] "GET /images/mini_prod/1399984227282.jpg HTTP/1.0" 200 269 "-" "Mozilla/5.0 (compatible; Googlebot/2.1; +http://www.google.com/bot.html)"
66.249.64.82 - - [02/Sep/2022:04:40:29 +0200] "GET /images/mini_prod/1399984258347.jpg HTTP/1.0" 200 269 "-" "Mozilla/5.0 (compatible; Googlebot/2.1; +http://www.google.com/bot.html)"
66.249.64.82 - - [02/Sep/2022:04:40:29 +0200] "GET /images/mini_prod/3014627830152.jpg HTTP/1.0" 200 269 "-" "Mozilla/5.0 (compatible; Googlebot/2.1; +http://www.google.com/bot.html)"
66.249.64.82 - - [02/Sep/2022:04:40:30 +0200] "GET /images/mini_prod/5018997513248.jpg HTTP/1.0" 200 269 "-" "Mozilla/5.0 (compatible; Googlebot/2.1; +http://www.google.com/bot.html)"
66.249.64.82 - - [02/Sep/2022:04:40:30 +0200] "GET /images/mini_prod/3574642575167.jpg HTTP/1.0" 200 269 "-" "Mozilla/5.0 (compatible; Googlebot/2.1; +http://www.google.com/bot.html)"
66.249.64.82 - - [02/Sep/2022:04:40:31 +0200] "GET /images/mini_prod/4036113830377.jpg HTTP/1.0" 200 269 "-" "Mozilla/5.0 (compatible; Googlebot/2.1; +http://www.google.com/bot.html)"
66.249.64.82 - - [02/Sep/2022:04:40:31 +0200] "GET /images/mini_prod/1186747042905.jpg HTTP/1.0" 200 269 "-" "Mozilla/5.0 (compatible; Googlebot/2.1; +http://www.google.com/bot.html)"
66.249.64.82 - - [02/Sep/2022:04:40:32 +0200] "GET /images/med_prod/1020322275503.jpg HTTP/1.0" 200 268 "-" "Mozilla/5.0 (compatible; Googlebot/2.1; +http://www.google.com/bot.html)"
66.249.64.82 - - [02/Sep/2022:04:40:32 +0200] "GET /images/mini_prod/3453131130738.jpg HTTP/1.0" 200 269 "-" "Mozilla/5.0 (compatible; Googlebot/2.1; +http://www.google.com/bot.html)"
66.249.64.82 - - [02/Sep/2022:04:40:33 +0200] "GET /images/mini_prod/3574642579783.jpg HTTP/1.0" 200 269 "-" "Mozilla/5.0 (compatible; Googlebot/2.1; +http://www.google.com/bot.html)"
66.249.64.82 - - [02/Sep/2022:04:40:33 +0200] "GET /images/mini_prod/8906022930499.jpg HTTP/1.0" 200 269 "-" "Mozilla/5.0 (compatible; Googlebot/2.1; +http://www.google.com/bot.html)"
66.249.64.82 - - [02/Sep/2022:04:40:33 +0200] "GET /images/mini_prod/3279510503234.jpg HTTP/1.0" 200 269 "-" "Mozilla/5.0 (compatible; Googlebot/2.1; +http://www.google.com/bot.html)"
66.249.64.82 - - [02/Sep/2022:04:40:34 +0200] "GET /images/mini_prod/1384010203705NN.jpg HTTP/1.0" 200 271 "-" "Mozilla/5.0 (compatible; Googlebot/2.1; +http://www.google.com/bot.html)"
66.249.64.82 - - [02/Sep/2022:04:40:34 +0200] "GET /images/mini_prod/8430957084426.jpg HTTP/1.0" 200 269 "-" "Mozilla/5.0 (compatible; Googlebot/2.1; +http://www.google.com/bot.html)"
66.249.64.82 - - [02/Sep/2022:04:40:35 +0200] "GET /images/mini_prod/5060021928757.jpg HTTP/1.0" 200 269 "-" "Mozilla/5.0 (compatible; Googlebot/2.1; +http://www.google.com/bot.html)"
154.54.249.200 - - [02/Sep/2022:04:40:34 +0200] "GET /saint-tropez-placemat-p-40085.html HTTP/1.0" 200 74452 "-" "Mozilla/5.0 (compatible; Barkrowler/0.9; +https://babbar.tech/crawler)"
66.249.64.82 - - [02/Sep/2022:04:40:35 +0200] "GET /images/big_prod_1/b3609810063808.jpg HTTP/1.0" 200 271 "-" "Mozilla/5.0 (compatible; Googlebot/2.1; +http://www.google.com/bot.html)"
66.249.64.82 - - [02/Sep/2022:04:40:36 +0200] "GET /images/mini_prod/4029811313723.jpg HTTP/1.0" 200 269 "-" "Mozilla/5.0 (compatible; Googlebot/2.1; +http://www.google.com/bot.html)"
66.249.64.82 - - [02/Sep/2022:04:40:36 +0200] "GET /images/mini_prod/3503420077364.jpg HTTP/1.0" 200 269 "-" "Mozilla/5.0 (compatible; Googlebot/2.1; +http://www.google.com/bot.html)"
66.249.64.82 - - [02/Sep/2022:04:40:37 +0200] "GET /images/mini_prod/9316188068222.jpg HTTP/1.0" 200 269 "-" "Mozilla/5.0 (compatible; Googlebot/2.1; +http://www.google.com/bot.html)"
66.249.64.82 - - [02/Sep/2022:04:40:37 +0200] "GET /images/mini_prod/3612874112801.jpg HTTP/1.0" 200 269 "-" "Mozilla/5.0 (compatible; Googlebot/2.1; +http://www.google.com/bot.html)"
66.249.64.82 - - [02/Sep/2022:04:40:38 +0200] "GET /images/mini_prod/3700791200166.jpg HTTP/1.0" 200 269 "-" "Mozilla/5.0 (compatible; Googlebot/2.1; +http://www.google.com/bot.html)"
66.249.64.82 - - [02/Sep/2022:04:40:38 +0200] "GET /images/mini_prod/1384010206959.jpg HTTP/1.0" 200 269 "-" "Mozilla/5.0 (compatible; Googlebot/2.1; +http://www.google.com/bot.html)"
66.249.64.82 - - [02/Sep/2022:04:40:38 +0200] "GET /images/mini_prod/3453131131223.jpg HTTP/1.0" 200 269 "-" "Mozilla/5.0 (compatible; Googlebot/2.1; +http://www.google.com/bot.html)"
66.249.64.82 - - [02/Sep/2022:04:40:39 +0200] "GET /images/mini_prod/4029811448883.jpg HTTP/1.0" 200 269 "-" "Mozilla/5.0 (compatible; Googlebot/2.1; +http://www.google.com/bot.html)"
66.249.64.82 - - [02/Sep/2022:04:40:39 +0200] "GET /images/mini_prod/1399984252178b.jpg HTTP/1.0" 200 270 "-" "Mozilla/5.0 (compatible; Googlebot/2.1; +http://www.google.com/bot.html)"
66.249.64.82 - - [02/Sep/2022:04:40:40 +0200] "GET /images/mini_prod/5036278061066.jpg HTTP/1.0" 200 269 "-" "Mozilla/5.0 (compatible; Googlebot/2.1; +http://www.google.com/bot.html)"
66.249.64.82 - - [02/Sep/2022:04:40:40 +0200] "GET /images/mini_prod/MUG-BLC-POLAROID.jpg HTTP/1.0" 200 272 "-" "Mozilla/5.0 (compatible; Googlebot/2.1; +http://www.google.com/bot.html)"
66.249.64.82 - - [02/Sep/2022:04:40:41 +0200] "GET /images/mini_prod/1384010192320.jpg HTTP/1.0" 200 269 "-" "Mozilla/5.0 (compatible; Googlebot/2.1; +http://www.google.com/bot.html)"
66.249.64.82 - - [02/Sep/2022:04:40:41 +0200] "GET /images/mini_prod/1384010200636.jpg HTTP/1.0" 200 269 "-" "Mozilla/5.0 (compatible; Googlebot/2.1; +http://www.google.com/bot.html)"
66.249.64.82 - - [02/Sep/2022:04:40:42 +0200] "GET /images/mini_prod/34DSCN8152.jpg HTTP/1.0" 200 266 "-" "Mozilla/5.0 (compatible; Googlebot/2.1; +http://www.google.com/bot.html)"
66.249.64.82 - - [02/Sep/2022:04:40:42 +0200] "GET /images/mini_prod/9316188029582.jpg HTTP/1.0" 200 269 "-" "Mozilla/5.0 (compatible; Googlebot/2.1; +http://www.google.com/bot.html)"
66.249.64.82 - - [02/Sep/2022:04:40:43 +0200] "GET /images/mini_prod/5051265800619.jpg HTTP/1.0" 200 269 "-" "Mozilla/5.0 (compatible; Googlebot/2.1; +http://www.google.com/bot.html)"
66.249.64.82 - - [02/Sep/2022:04:40:43 +0200] "GET /michelle-allen-designs-p-36959.html HTTP/1.0" 200 74597 "-" "Mozilla/5.0 (Linux; Android 6.0.1; Nexus 5X Build/MMB29P) AppleWebKit/537.36 (KHTML, like Gecko) Chrome/104.0.5112.101 Mobile Safari/537.36 (compatible; Googlebot/2.1; +http://www.google.com/bot.html)"
66.249.64.82 - - [02/Sep/2022:04:40:45 +0200] "GET /images/mini_prod/3681643302477.jpg HTTP/1.0" 200 269 "-" "Mozilla/5.0 (compatible; Googlebot/2.1; +http://www.google.com/bot.html)"
66.249.64.82 - - [02/Sep/2022:04:40:45 +0200] "GET /images/mini_prod/8003990566909.jpg HTTP/1.0" 200 269 "-" "Mozilla/5.0 (compatible; Googlebot/2.1; +http://www.google.com/bot.html)"
66.249.64.82 - - [02/Sep/2022:04:40:46 +0200] "GET /images/mini_prod/1399984280089.jpg HTTP/1.0" 200 269 "-" "Mozilla/5.0 (compatible; Googlebot/2.1; +http://www.google.com/bot.html)"
66.249.64.82 - - [02/Sep/2022:04:40:46 +0200] "GET /images/mini_prod/34DSCN8154.jpg HTTP/1.0" 200 266 "-" "Mozilla/5.0 (compatible; Googlebot/2.1; +http://www.google.com/bot.html)"
66.249.64.82 - - [02/Sep/2022:04:40:46 +0200] "GET /images/mini_prod/1384010205105.jpg HTTP/1.0" 200 269 "-" "Mozilla/5.0 (compatible; Googlebot/2.1; +http://www.google.com/bot.html)"
66.249.64.82 - - [02/Sep/2022:04:40:47 +0200] "GET /images/mini_prod/76001110TF.jpg HTTP/1.0" 200 266 "-" "Mozilla/5.0 (compatible; Googlebot/2.1; +http://www.google.com/bot.html)"
66.249.64.82 - - [02/Sep/2022:04:40:47 +0200] "GET /images/mini_prod/1399984234747.jpg HTTP/1.0" 200 269 "-" "Mozilla/5.0 (compatible; Googlebot/2.1; +http://www.google.com/bot.html)"
66.249.64.82 - - [02/Sep/2022:04:40:48 +0200] "GET /images/mini_prod/4036113307329.jpg HTTP/1.0" 200 269 "-" "Mozilla/5.0 (compatible; Googlebot/2.1; +http://www.google.com/bot.html)"
66.249.64.82 - - [02/Sep/2022:04:40:48 +0200] "GET /images/mini_prod/8422142192443.jpg HTTP/1.0" 200 269 "-" "Mozilla/5.0 (compatible; Googlebot/2.1; +http://www.google.com/bot.html)"
66.249.64.82 - - [02/Sep/2022:04:40:49 +0200] "GET /images/mini_prod/8717127433506.jpg HTTP/1.0" 200 269 "-" "Mozilla/5.0 (compatible; Googlebot/2.1; +http://www.google.com/bot.html)"
66.249.64.82 - - [02/Sep/2022:04:40:49 +0200] "GET /images/8435333807729.jpg HTTP/1.0" 200 259 "-" "Mozilla/5.0 (compatible; Googlebot/2.1; +http://www.google.com/bot.html)"
66.249.64.82 - - [02/Sep/2022:04:40:50 +0200] "GET /images/mini_prod/1328399102266.jpg HTTP/1.0" 200 269 "-" "Mozilla/5.0 (compatible; Googlebot/2.1; +http://www.google.com/bot.html)"
66.249.64.82 - - [02/Sep/2022:04:40:50 +0200] "GET /images/mini_prod/1384010204733.jpg HTTP/1.0" 200 269 "-" "Mozilla/5.0 (compatible; Googlebot/2.1; +http://www.google.com/bot.html)"
66.249.64.82 - - [02/Sep/2022:04:40:51 +0200] "GET /images/mini_prod/4260082936802z.jpg HTTP/1.0" 200 270 "-" "Mozilla/5.0 (compatible; Googlebot/2.1; +http://www.google.com/bot.html)"
66.249.64.82 - - [02/Sep/2022:04:40:51 +0200] "GET /images/mini_prod/1384010205075.jpg HTTP/1.0" 200 269 "-" "Mozilla/5.0 (compatible; Googlebot/2.1; +http://www.google.com/bot.html)"
114.119.137.38 - - [02/Sep/2022:04:40:51 +0200] "GET /images/mini_prod/1328399219575.jpg HTTP/1.0" 200 269 "http://www.wonder-geek.com/collectible-disney-figures-c-292_290.html?page=15" "Mozilla/5.0 (Linux; Android 7.0;) AppleWebKit/537.36 (KHTML, like Gecko) Mobile Safari/537.36 (compatible; PetalBot;+https://webmaster.petalsearch.com/site/petalbot)"
66.249.64.82 - - [02/Sep/2022:04:40:51 +0200] "GET /images/mini_prod/1399984289129.jpg HTTP/1.0" 200 269 "-" "Mozilla/5.0 (compatible; Googlebot/2.1; +http://www.google.com/bot.html)"
66.249.64.82 - - [02/Sep/2022:04:40:52 +0200] "GET /images/mini_prod/3457010954422.jpg HTTP/1.0" 200 269 "-" "Mozilla/5.0 (compatible; Googlebot/2.1; +http://www.google.com/bot.html)"
185.191.171.10 - - [02/Sep/2022:04:40:50 +0200] "GET /water-bottles-and-flasks-c-12_161.html?page=4 HTTP/1.0" 301 95836 "-" "Mozilla/5.0 (compatible; SemrushBot/7~bl; +http://www.semrush.com/bot.html)"
66.249.64.82 - - [02/Sep/2022:04:40:52 +0200] "GET /images/mini_prod/1384010206317.jpg HTTP/1.0" 200 269 "-" "Mozilla/5.0 (compatible; Googlebot/2.1; +http://www.google.com/bot.html)"
66.249.64.82 - - [02/Sep/2022:04:40:53 +0200] "GET /images/mini_prod/3574641017361.jpg HTTP/1.0" 200 269 "-" "Mozilla/5.0 (compatible; Googlebot/2.1; +http://www.google.com/bot.html)"
66.249.64.82 - - [02/Sep/2022:04:40:53 +0200] "GET /images/mini_prod/8003990607329.jpg HTTP/1.0" 200 269 "-" "Mozilla/5.0 (compatible; Googlebot/2.1; +http://www.google.com/bot.html)"
66.249.64.82 - - [02/Sep/2022:04:40:54 +0200] "GET /images/mini_prod/8435306265839.jpg HTTP/1.0" 200 269 "-" "Mozilla/5.0 (compatible; Googlebot/2.1; +http://www.google.com/bot.html)"
66.249.64.82 - - [02/Sep/2022:04:40:54 +0200] "GET /images/mini_prod/8422140192445.jpg HTTP/1.0" 200 269 "-" "Mozilla/5.0 (compatible; Googlebot/2.1; +http://www.google.com/bot.html)"
66.249.64.82 - - [02/Sep/2022:04:40:55 +0200] "GET /images/10350.jpg HTTP/1.0" 200 251 "-" "Mozilla/5.0 (compatible; Googlebot/2.1; +http://www.google.com/bot.html)"
66.249.64.82 - - [02/Sep/2022:04:40:55 +0200] "GET /images/mini_prod/3438100321201.jpg HTTP/1.0" 200 269 "-" "Mozilla/5.0 (compatible; Googlebot/2.1; +http://www.google.com/bot.html)"
185.191.171.21 - - [02/Sep/2022:04:40:53 +0200] "GET /water-bottles-sport-bottles-c-161.html?page=4 HTTP/1.0" 301 95735 "-" "Mozilla/5.0 (compatible; SemrushBot/7~bl; +http://www.semrush.com/bot.html)"
66.249.64.82 - - [02/Sep/2022:04:40:56 +0200] "GET /images/mini_prod/c8427787034806.jpg HTTP/1.0" 200 270 "-" "Mozilla/5.0 (compatible; Googlebot/2.1; +http://www.google.com/bot.html)"
66.249.64.82 - - [02/Sep/2022:04:40:56 +0200] "GET /images/mini_prod/1439116000007N.jpg HTTP/1.0" 200 270 "-" "Mozilla/5.0 (compatible; Googlebot/2.1; +http://www.google.com/bot.html)"
66.249.64.82 - - [02/Sep/2022:04:40:56 +0200] "GET /images/mini_prod/DSCN458419072013.jpg HTTP/1.0" 200 272 "-" "Mozilla/5.0 (compatible; Googlebot/2.1; +http://www.google.com/bot.html)"
66.249.64.82 - - [02/Sep/2022:04:40:57 +0200] "GET /images/mini_prod/5055071702778.jpg HTTP/1.0" 200 269 "-" "Mozilla/5.0 (compatible; Googlebot/2.1; +http://www.google.com/bot.html)"
66.249.64.82 - - [02/Sep/2022:04:40:57 +0200] "GET /images/mini_prod/5028486343256.jpg HTTP/1.0" 404 1308 "-" "Mozilla/5.0 (compatible; Googlebot/2.1; +http://www.google.com/bot.html)"
66.249.64.82 - - [02/Sep/2022:04:40:58 +0200] "GET /images/mini_prod/3503420202407.jpg HTTP/1.0" 200 269 "-" "Mozilla/5.0 (compatible; Googlebot/2.1; +http://www.google.com/bot.html)"
66.249.64.82 - - [02/Sep/2022:04:40:58 +0200] "GET /images/mini_prod/3609810022287.jpg HTTP/1.0" 200 269 "-" "Mozilla/5.0 (compatible; Googlebot/2.1; +http://www.google.com/bot.html)"
66.249.64.82 - - [02/Sep/2022:04:40:59 +0200] "GET /images/mini_prod/3453131145435.jpg HTTP/1.0" 200 269 "-" "Mozilla/5.0 (compatible; Googlebot/2.1; +http://www.google.com/bot.html)"
66.249.64.82 - - [02/Sep/2022:04:40:59 +0200] "GET /images/mini_prod/3565750040319.jpg HTTP/1.0" 200 269 "-" "Mozilla/5.0 (compatible; Googlebot/2.1; +http://www.google.com/bot.html)"
185.191.171.9 - - [02/Sep/2022:04:40:57 +0200] "GET /water-bottles-sport-bottles-c-12_161.html?page=4 HTTP/1.0" 200 95737 "-" "Mozilla/5.0 (compatible; SemrushBot/7~bl; +http://www.semrush.com/bot.html)"
66.249.64.82 - - [02/Sep/2022:04:41:00 +0200] "GET /images/mini_prod/1399984289549.jpg HTTP/1.0" 200 269 "-" "Mozilla/5.0 (compatible; Googlebot/2.1; +http://www.google.com/bot.html)"
66.249.64.82 - - [02/Sep/2022:04:41:00 +0200] "GET /images/mini_prod/1384010178843.jpg HTTP/1.0" 200 269 "-" "Mozilla/5.0 (compatible; Googlebot/2.1; +http://www.google.com/bot.html)"
66.249.64.82 - - [02/Sep/2022:04:41:01 +0200] "GET /images/mini_prod/3457019600474a.jpg HTTP/1.0" 200 270 "-" "Mozilla/5.0 (compatible; Googlebot/2.1; +http://www.google.com/bot.html)"
66.249.64.82 - - [02/Sep/2022:04:41:01 +0200] "GET /images/mini_prod/8433933118559.jpg HTTP/1.0" 200 269 "-" "Mozilla/5.0 (compatible; Googlebot/2.1; +http://www.google.com/bot.html)"
66.249.64.82 - - [02/Sep/2022:04:41:01 +0200] "GET /images/mini_prod/3014627981502.jpg HTTP/1.0" 200 269 "-" "Mozilla/5.0 (compatible; Googlebot/2.1; +http://www.google.com/bot.html)"
66.249.64.82 - - [02/Sep/2022:04:41:02 +0200] "GET /images/mini_prod/8430957052104.jpg HTTP/1.0" 200 269 "-" "Mozilla/5.0 (compatible; Googlebot/2.1; +http://www.google.com/bot.html)"
66.249.64.82 - - [02/Sep/2022:04:41:02 +0200] "GET /images/mini_prod/3700057115852.jpg HTTP/1.0" 200 269 "-" "Mozilla/5.0 (compatible; Googlebot/2.1; +http://www.google.com/bot.html)"
66.249.64.82 - - [02/Sep/2022:04:41:03 +0200] "GET /images/mini_prod/3700791201514.jpg HTTP/1.0" 200 269 "-" "Mozilla/5.0 (compatible; Googlebot/2.1; +http://www.google.com/bot.html)"
66.249.64.82 - - [02/Sep/2022:04:41:03 +0200] "GET /images/mini_prod/3760116326421.jpg HTTP/1.0" 200 269 "-" "Mozilla/5.0 (compatible; Googlebot/2.1; +http://www.google.com/bot.html)"
66.249.64.82 - - [02/Sep/2022:04:41:04 +0200] "GET /images/mini_prod/8433933189689.jpg HTTP/1.0" 200 269 "-" "Mozilla/5.0 (compatible; Googlebot/2.1; +http://www.google.com/bot.html)"
66.249.64.82 - - [02/Sep/2022:04:41:04 +0200] "GET /images/mini_prod/8435306251818.jpg HTTP/1.0" 200 269 "-" "Mozilla/5.0 (compatible; Googlebot/2.1; +http://www.google.com/bot.html)"
66.249.64.82 - - [02/Sep/2022:04:41:05 +0200] "GET /images/mini_prod/7601019993210.jpg HTTP/1.0" 200 269 "-" "Mozilla/5.0 (compatible; Googlebot/2.1; +http://www.google.com/bot.html)"
66.249.64.82 - - [02/Sep/2022:04:41:05 +0200] "GET /images/mini_prod/3296580363605.jpg HTTP/1.0" 200 269 "-" "Mozilla/5.0 (compatible; Googlebot/2.1; +http://www.google.com/bot.html)"
66.249.64.82 - - [02/Sep/2022:04:41:06 +0200] "GET /images/mini_prod/DSCN6253.jpg HTTP/1.0" 200 264 "-" "Mozilla/5.0 (compatible; Googlebot/2.1; +http://www.google.com/bot.html)"
66.249.64.82 - - [02/Sep/2022:04:41:06 +0200] "GET /images/mini_prod/3609810083165.jpg HTTP/1.0" 200 269 "-" "Mozilla/5.0 (compatible; Googlebot/2.1; +http://www.google.com/bot.html)"
66.249.64.82 - - [02/Sep/2022:04:41:06 +0200] "GET /images/mini_prod/3438100339787.jpg HTTP/1.0" 200 269 "-" "Mozilla/5.0 (compatible; Googlebot/2.1; +http://www.google.com/bot.html)"
66.249.64.82 - - [02/Sep/2022:04:41:07 +0200] "GET /images/mini_prod/1384010176429.jpg HTTP/1.0" 200 269 "-" "Mozilla/5.0 (compatible; Googlebot/2.1; +http://www.google.com/bot.html)"
66.249.64.82 - - [02/Sep/2022:04:41:07 +0200] "GET /images/mini_prod/1384010182895.jpg HTTP/1.0" 200 269 "-" "Mozilla/5.0 (compatible; Googlebot/2.1; +http://www.google.com/bot.html)"
66.249.64.82 - - [02/Sep/2022:04:41:08 +0200] "GET /images/mini_prod/1384000000055BB.jpg HTTP/1.0" 200 271 "-" "Mozilla/5.0 (compatible; Googlebot/2.1; +http://www.google.com/bot.html)"
154.54.249.200 - - [02/Sep/2022:04:41:04 +0200] "GET /parci-bedclothes-p-49134.html HTTP/1.0" 200 74449 "-" "Mozilla/5.0 (compatible; Barkrowler/0.9; +https://babbar.tech/crawler)"
66.249.64.82 - - [02/Sep/2022:04:41:08 +0200] "GET /images/mini_prod/Image15.jpg HTTP/1.0" 200 263 "-" "Mozilla/5.0 (compatible; Googlebot/2.1; +http://www.google.com/bot.html)"
66.249.64.82 - - [02/Sep/2022:04:41:09 +0200] "GET /images/mini_prod/8003990631232.jpg HTTP/1.0" 200 269 "-" "Mozilla/5.0 (compatible; Googlebot/2.1; +http://www.google.com/bot.html)"
66.249.64.82 - - [02/Sep/2022:04:41:09 +0200] "GET /images/mini_prod/1186747043179.jpg HTTP/1.0" 200 269 "-" "Mozilla/5.0 (compatible; Googlebot/2.1; +http://www.google.com/bot.html)"
66.249.64.82 - - [02/Sep/2022:04:41:10 +0200] "GET /images/mini_prod/DSCN7550.jpg HTTP/1.0" 200 264 "-" "Mozilla/5.0 (compatible; Googlebot/2.1; +http://www.google.com/bot.html)"
66.249.64.82 - - [02/Sep/2022:04:41:10 +0200] "GET /images/mini_prod/1384010203446.jpg HTTP/1.0" 200 269 "-" "Mozilla/5.0 (compatible; Googlebot/2.1; +http://www.google.com/bot.html)"
66.249.64.82 - - [02/Sep/2022:04:41:11 +0200] "GET /images/mini_prod/rayerose.jpg HTTP/1.0" 200 264 "-" "Mozilla/5.0 (compatible; Googlebot/2.1; +http://www.google.com/bot.html)"
