66.249.64.82 - - [02/Sep/2022:04:15:08 +0200] "GET /images/mini_prod/3520071373270.jpg HTTP/1.0" 200 269 "-" "Mozilla/5.0 (compatible; Googlebot/2.1; +http://www.google.com/bot.html)"
12.215.171.132 - - [02/Sep/2022:04:15:08 +0200] "GET /images/mini_prod/8424346247431.jpg HTTP/1.0" 200 269 "-" "Mozilla/5.0 (X11; Ubuntu; Linux x86_64; rv:72.0) Gecko/20100101 Firefox/72.0"
34.71.48.26 - - [02/Sep/2022:04:15:10 +0200] "GET /images/mini_prod/5024693125289.jpg HTTP/1.0" 200 269 "-" "Mozilla/5.0 (X11; Ubuntu; Linux x86_64; rv:72.0) Gecko/20100101 Firefox/72.0"
34.220.131.172 - - [02/Sep/2022:04:15:12 +0200] "GET /favicon.ico HTTP/1.0" 301 533 "-" "Mozilla/5.0 (X11; Linux x86_64) AppleWebKit/537.36 (KHTML, like Gecko) Chrome/83.0.4103.97 Safari/537.36"
154.54.249.200 - - [02/Sep/2022:04:15:12 +0200] "GET /support-metal-bottle-truck-p-54986.html HTTP/1.0" 200 75370 "-" "Mozilla/5.0 (compatible; Barkrowler/0.9; +https://babbar.tech/crawler)"
114.119.137.3 - - [02/Sep/2022:04:15:12 +0200] "GET /r2d2-and-6po-stickers-p-15392.html HTTP/1.0" 301 71916 "http://www.wonder-geek.com/stickers-c-129_50.html?page=1" "Mozilla/5.0 (Linux; Android 7.0;) AppleWebKit/537.36 (KHTML, like Gecko) Mobile Safari/537.36 (compatible; PetalBot;+https://webmaster.petalsearch.com/site/petalbot)"
34.220.131.172 - - [02/Sep/2022:04:15:16 +0200] "GET /favicon.ico HTTP/1.0" 200 260 "http://wonder-geek.com/favicon.ico" "Mozilla/5.0 (X11; Linux x86_64) AppleWebKit/537.36 (KHTML, like Gecko) Chrome/83.0.4103.97 Safari/537.36"
3.238.131.79 - - [02/Sep/2022:04:15:16 +0200] "GET /templates/Pixame_v1/stylesheet.css HTTP/1.0" 200 267 "http://www.wonder-geek.com/coasters-c-12_157.html?page=8" "Mozilla/5.0 (iPhone; CPU iPhone OS 11_0 like Mac OS X) AppleWebKit/604.1.38 (KHTML, like Gecko) Version/11.0 Mobile/15A372 Safari/604.1"
3.238.131.79 - - [02/Sep/2022:04:15:16 +0200] "GET /js/jquery.jqzoom.js HTTP/1.0" 200 259 "http://www.wonder-geek.com/coasters-c-12_157.html?page=8" "Mozilla/5.0 (iPhone; CPU iPhone OS 11_0 like Mac OS X) AppleWebKit/604.1.38 (KHTML, like Gecko) Version/11.0 Mobile/15A372 Safari/604.1"
3.238.131.79 - - [02/Sep/2022:04:15:16 +0200] "GET /highslide/highslide.js HTTP/1.0" 200 262 "http://www.wonder-geek.com/coasters-c-12_157.html?page=8" "Mozilla/5.0 (iPhone; CPU iPhone OS 11_0 like Mac OS X) AppleWebKit/604.1.38 (KHTML, like Gecko) Version/11.0 Mobile/15A372 Safari/604.1"
3.238.131.79 - - [02/Sep/2022:04:15:16 +0200] "GET /mondial_relay/js/jquery-1.3.2.min.js HTTP/1.0" 200 276 "http://www.wonder-geek.com/coasters-c-12_157.html?page=8" "Mozilla/5.0 (iPhone; CPU iPhone OS 11_0 like Mac OS X) AppleWebKit/604.1.38 (KHTML, like Gecko) Version/11.0 Mobile/15A372 Safari/604.1"
3.238.131.79 - - [02/Sep/2022:04:15:16 +0200] "GET /js/jquery.js HTTP/1.0" 200 252 "http://www.wonder-geek.com/coasters-c-12_157.html?page=8" "Mozilla/5.0 (iPhone; CPU iPhone OS 11_0 like Mac OS X) AppleWebKit/604.1.38 (KHTML, like Gecko) Version/11.0 Mobile/15A372 Safari/604.1"
3.238.131.79 - - [02/Sep/2022:04:15:16 +0200] "GET /swfobject.js HTTP/1.0" 404 1308 "http://www.wonder-geek.com/coasters-c-12_157.html?page=8" "Mozilla/5.0 (iPhone; CPU iPhone OS 11_0 like Mac OS X) AppleWebKit/604.1.38 (KHTML, like Gecko) Version/11.0 Mobile/15A372 Safari/604.1"
3.238.131.79 - - [02/Sep/2022:04:15:16 +0200] "GET /templates/Pixame_v1/images/icon_accueil2.png HTTP/1.0" 200 278 "http://www.wonder-geek.com/coasters-c-12_157.html?page=8" "Mozilla/5.0 (iPhone; CPU iPhone OS 11_0 like Mac OS X) AppleWebKit/604.1.38 (KHTML, like Gecko) Version/11.0 Mobile/15A372 Safari/604.1"
3.238.131.79 - - [02/Sep/2022:04:15:16 +0200] "GET /templates/Pixame_v1/images/pixel_trans.gif HTTP/1.0" 200 328 "http://www.wonder-geek.com/coasters-c-12_157.html?page=8" "Mozilla/5.0 (iPhone; CPU iPhone OS 11_0 like Mac OS X) AppleWebKit/604.1.38 (KHTML, like Gecko) Version/11.0 Mobile/15A372 Safari/604.1"
3.238.131.79 - - [02/Sep/2022:04:15:16 +0200] "GET /templates/Pixame_v1/images/infobox/pixel_trans.gif HTTP/1.0" 200 328 "http://www.wonder-geek.com/coasters-c-12_157.html?page=8" "Mozilla/5.0 (iPhone; CPU iPhone OS 11_0 like Mac OS X) AppleWebKit/604.1.38 (KHTML, like Gecko) Version/11.0 Mobile/15A372 Safari/604.1"
3.238.131.79 - - [02/Sep/2022:04:15:16 +0200] "GET /images/pixel_trans.gif HTTP/1.0" 200 328 "http://www.wonder-geek.com/coasters-c-12_157.html?page=8" "Mozilla/5.0 (iPhone; CPU iPhone OS 11_0 like Mac OS X) AppleWebKit/604.1.38 (KHTML, like Gecko) Version/11.0 Mobile/15A372 Safari/604.1"
3.238.131.79 - - [02/Sep/2022:04:15:16 +0200] "GET /templates/Pixame_v1/images/Middle_texture.jpg HTTP/1.0" 200 280 "http://www.wonder-geek.com/templates/Pixame_v1/stylesheet.css" "Mozilla/5.0 (iPhone; CPU iPhone OS 11_0 like Mac OS X) AppleWebKit/604.1.38 (KHTML, like Gecko) Version/11.0 Mobile/15A372 Safari/604.1"
3.238.131.79 - - [02/Sep/2022:04:15:16 +0200] "GET /templates/Pixame_v1/images/header.png HTTP/1.0" 200 271 "http://www.wonder-geek.com/templates/Pixame_v1/stylesheet.css" "Mozilla/5.0 (iPhone; CPU iPhone OS 11_0 like Mac OS X) AppleWebKit/604.1.38 (KHTML, like Gecko) Version/11.0 Mobile/15A372 Safari/604.1"
3.238.131.79 - - [02/Sep/2022:04:15:16 +0200] "GET /templates/Pixame_v1/images/Bottom_texture.jpg HTTP/1.0" 200 280 "http://www.wonder-geek.com/templates/Pixame_v1/stylesheet.css" "Mozilla/5.0 (iPhone; CPU iPhone OS 11_0 like Mac OS X) AppleWebKit/604.1.38 (KHTML, like Gecko) Version/11.0 Mobile/15A372 Safari/604.1"
3.238.131.79 - - [02/Sep/2022:04:15:16 +0200] "GET /templates/Pixame_v1/images/header-object.png HTTP/1.0" 200 278 "http://www.wonder-geek.com/templates/Pixame_v1/stylesheet.css" "Mozilla/5.0 (iPhone; CPU iPhone OS 11_0 like Mac OS X) AppleWebKit/604.1.38 (KHTML, like Gecko) Version/11.0 Mobile/15A372 Safari/604.1"
3.238.131.79 - - [02/Sep/2022:04:15:16 +0200] "GET /templates/Pixame_v1/images/nav.png HTTP/1.0" 200 268 "http://www.wonder-geek.com/templates/Pixame_v1/stylesheet.css" "Mozilla/5.0 (iPhone; CPU iPhone OS 11_0 like Mac OS X) AppleWebKit/604.1.38 (KHTML, like Gecko) Version/11.0 Mobile/15A372 Safari/604.1"
3.238.131.79 - - [02/Sep/2022:04:15:13 +0200] "GET /coasters-c-12_157.html?page=8 HTTP/1.0" 200 93176 "-" "Mozilla/5.0 (iPhone; CPU iPhone OS 11_0 like Mac OS X) AppleWebKit/604.1.38 (KHTML, like Gecko) Version/11.0 Mobile/15A372 Safari/604.1"
3.238.131.79 - - [02/Sep/2022:04:15:17 +0200] "GET /design/productsenstock.png HTTP/1.0" 200 260 "http://www.wonder-geek.com/templates/Pixame_v1/stylesheet.css" "Mozilla/5.0 (iPhone; CPU iPhone OS 11_0 like Mac OS X) AppleWebKit/604.1.38 (KHTML, like Gecko) Version/11.0 Mobile/15A372 Safari/604.1"
34.220.131.172 - - [02/Sep/2022:04:15:17 +0200] "GET / HTTP/1.0" 301 511 "-" "Mozilla/5.0 (X11; Linux x86_64) AppleWebKit/537.36 (KHTML, like Gecko) Chrome/83.0.4103.97 Safari/537.36"
3.238.131.79 - - [02/Sep/2022:04:15:17 +0200] "GET /images/mini_prod/7601019992992.jpg HTTP/1.0" 200 269 "http://www.wonder-geek.com/coasters-c-12_157.html?page=8" "Mozilla/5.0 (iPhone; CPU iPhone OS 11_0 like Mac OS X) AppleWebKit/604.1.38 (KHTML, like Gecko) Version/11.0 Mobile/15A372 Safari/604.1"
3.238.131.79 - - [02/Sep/2022:04:15:17 +0200] "GET /images/mini_prod/1399984250969.jpg HTTP/1.0" 200 269 "http://www.wonder-geek.com/coasters-c-12_157.html?page=8" "Mozilla/5.0 (iPhone; CPU iPhone OS 11_0 like Mac OS X) AppleWebKit/604.1.38 (KHTML, like Gecko) Version/11.0 Mobile/15A372 Safari/604.1"
3.238.131.79 - - [02/Sep/2022:04:15:17 +0200] "GET /images/mini_prod/1399984250976.jpg HTTP/1.0" 200 269 "http://www.wonder-geek.com/coasters-c-12_157.html?page=8" "Mozilla/5.0 (iPhone; CPU iPhone OS 11_0 like Mac OS X) AppleWebKit/604.1.38 (KHTML, like Gecko) Version/11.0 Mobile/15A372 Safari/604.1"
3.238.131.79 - - [02/Sep/2022:04:15:17 +0200] "GET /images/mini_prod/3681643110669.jpg HTTP/1.0" 200 269 "http://www.wonder-geek.com/coasters-c-12_157.html?page=8" "Mozilla/5.0 (iPhone; CPU iPhone OS 11_0 like Mac OS X) AppleWebKit/604.1.38 (KHTML, like Gecko) Version/11.0 Mobile/15A372 Safari/604.1"
3.238.131.79 - - [02/Sep/2022:04:15:17 +0200] "GET /js/jquery.min.js HTTP/1.0" 404 1308 "http://www.wonder-geek.com/coasters-c-12_157.html?page=8" "Mozilla/5.0 (iPhone; CPU iPhone OS 11_0 like Mac OS X) AppleWebKit/604.1.38 (KHTML, like Gecko) Version/11.0 Mobile/15A372 Safari/604.1"
3.238.131.79 - - [02/Sep/2022:04:15:17 +0200] "GET /design/fondothers.jpg HTTP/1.0" 200 667 "http://www.wonder-geek.com/templates/Pixame_v1/stylesheet.css" "Mozilla/5.0 (iPhone; CPU iPhone OS 11_0 like Mac OS X) AppleWebKit/604.1.38 (KHTML, like Gecko) Version/11.0 Mobile/15A372 Safari/604.1"
3.238.131.79 - - [02/Sep/2022:04:15:17 +0200] "GET /templates/Pixame_v1/images/infobox/infobox_footer_middle.gif HTTP/1.0" 200 357 "http://www.wonder-geek.com/coasters-c-12_157.html?page=8" "Mozilla/5.0 (iPhone; CPU iPhone OS 11_0 like Mac OS X) AppleWebKit/604.1.38 (KHTML, like Gecko) Version/11.0 Mobile/15A372 Safari/604.1"
3.238.131.79 - - [02/Sep/2022:04:15:17 +0200] "GET /js/jquery.masonry.min.js HTTP/1.0" 200 264 "http://www.wonder-geek.com/coasters-c-12_157.html?page=8" "Mozilla/5.0 (iPhone; CPU iPhone OS 11_0 like Mac OS X) AppleWebKit/604.1.38 (KHTML, like Gecko) Version/11.0 Mobile/15A372 Safari/604.1"
3.238.131.79 - - [02/Sep/2022:04:15:17 +0200] "GET /js/modernizr-transitions.js HTTP/1.0" 200 267 "http://www.wonder-geek.com/coasters-c-12_157.html?page=8" "Mozilla/5.0 (iPhone; CPU iPhone OS 11_0 like Mac OS X) AppleWebKit/604.1.38 (KHTML, like Gecko) Version/11.0 Mobile/15A372 Safari/604.1"
3.238.131.79 - - [02/Sep/2022:04:15:17 +0200] "GET /images/mini_prod/8719172837216.jpg HTTP/1.0" 200 269 "http://www.wonder-geek.com/coasters-c-12_157.html?page=8" "Mozilla/5.0 (iPhone; CPU iPhone OS 11_0 like Mac OS X) AppleWebKit/604.1.38 (KHTML, like Gecko) Version/11.0 Mobile/15A372 Safari/604.1"
3.238.131.79 - - [02/Sep/2022:04:15:17 +0200] "GET /images/mini_prod/1399984235690.jpg HTTP/1.0" 200 269 "http://www.wonder-geek.com/coasters-c-12_157.html?page=8" "Mozilla/5.0 (iPhone; CPU iPhone OS 11_0 like Mac OS X) AppleWebKit/604.1.38 (KHTML, like Gecko) Version/11.0 Mobile/15A372 Safari/604.1"
3.238.131.79 - - [02/Sep/2022:04:15:17 +0200] "GET /images/mini_prod/1399984235683.jpg HTTP/1.0" 200 269 "http://www.wonder-geek.com/coasters-c-12_157.html?page=8" "Mozilla/5.0 (iPhone; CPU iPhone OS 11_0 like Mac OS X) AppleWebKit/604.1.38 (KHTML, like Gecko) Version/11.0 Mobile/15A372 Safari/604.1"
3.238.131.79 - - [02/Sep/2022:04:15:17 +0200] "GET /images/mini_prod/8719497613205.jpg HTTP/1.0" 200 269 "http://www.wonder-geek.com/coasters-c-12_157.html?page=8" "Mozilla/5.0 (iPhone; CPU iPhone OS 11_0 like Mac OS X) AppleWebKit/604.1.38 (KHTML, like Gecko) Version/11.0 Mobile/15A372 Safari/604.1"
3.238.131.79 - - [02/Sep/2022:04:15:17 +0200] "GET /images/mini_prod/8433933256619.jpg HTTP/1.0" 200 269 "http://www.wonder-geek.com/coasters-c-12_157.html?page=8" "Mozilla/5.0 (iPhone; CPU iPhone OS 11_0 like Mac OS X) AppleWebKit/604.1.38 (KHTML, like Gecko) Version/11.0 Mobile/15A372 Safari/604.1"
3.238.131.79 - - [02/Sep/2022:04:15:17 +0200] "GET /images/mini_prod/3700516225313.jpg HTTP/1.0" 200 269 "http://www.wonder-geek.com/coasters-c-12_157.html?page=8" "Mozilla/5.0 (iPhone; CPU iPhone OS 11_0 like Mac OS X) AppleWebKit/604.1.38 (KHTML, like Gecko) Version/11.0 Mobile/15A372 Safari/604.1"
3.238.131.79 - - [02/Sep/2022:04:15:17 +0200] "GET /images/mini_prod/3560600297028.jpg HTTP/1.0" 200 269 "http://www.wonder-geek.com/coasters-c-12_157.html?page=8" "Mozilla/5.0 (iPhone; CPU iPhone OS 11_0 like Mac OS X) AppleWebKit/604.1.38 (KHTML, like Gecko) Version/11.0 Mobile/15A372 Safari/604.1"
3.238.131.79 - - [02/Sep/2022:04:15:17 +0200] "GET /images/mini_prod/8422025212015N.jpg HTTP/1.0" 200 270 "http://www.wonder-geek.com/coasters-c-12_157.html?page=8" "Mozilla/5.0 (iPhone; CPU iPhone OS 11_0 like Mac OS X) AppleWebKit/604.1.38 (KHTML, like Gecko) Version/11.0 Mobile/15A372 Safari/604.1"
3.238.131.79 - - [02/Sep/2022:04:15:17 +0200] "GET /images/mini_prod/8422025212022N.jpg HTTP/1.0" 200 270 "http://www.wonder-geek.com/coasters-c-12_157.html?page=8" "Mozilla/5.0 (iPhone; CPU iPhone OS 11_0 like Mac OS X) AppleWebKit/604.1.38 (KHTML, like Gecko) Version/11.0 Mobile/15A372 Safari/604.1"
3.238.131.79 - - [02/Sep/2022:04:15:17 +0200] "GET /images/mini_prod/3700516225320.jpg HTTP/1.0" 200 269 "http://www.wonder-geek.com/coasters-c-12_157.html?page=8" "Mozilla/5.0 (iPhone; CPU iPhone OS 11_0 like Mac OS X) AppleWebKit/604.1.38 (KHTML, like Gecko) Version/11.0 Mobile/15A372 Safari/604.1"
3.238.131.79 - - [02/Sep/2022:04:15:17 +0200] "GET /images/mini_prod/8422025212039N.jpg HTTP/1.0" 200 270 "http://www.wonder-geek.com/coasters-c-12_157.html?page=8" "Mozilla/5.0 (iPhone; CPU iPhone OS 11_0 like Mac OS X) AppleWebKit/604.1.38 (KHTML, like Gecko) Version/11.0 Mobile/15A372 Safari/604.1"
3.238.131.79 - - [02/Sep/2022:04:15:17 +0200] "GET /images/mini_prod/3560600300452.jpg HTTP/1.0" 200 269 "http://www.wonder-geek.com/coasters-c-12_157.html?page=8" "Mozilla/5.0 (iPhone; CPU iPhone OS 11_0 like Mac OS X) AppleWebKit/604.1.38 (KHTML, like Gecko) Version/11.0 Mobile/15A372 Safari/604.1"
3.238.131.79 - - [02/Sep/2022:04:15:17 +0200] "GET /images/mini_prod/8422025212008N.jpg HTTP/1.0" 200 270 "http://www.wonder-geek.com/coasters-c-12_157.html?page=8" "Mozilla/5.0 (iPhone; CPU iPhone OS 11_0 like Mac OS X) AppleWebKit/604.1.38 (KHTML, like Gecko) Version/11.0 Mobile/15A372 Safari/604.1"
3.238.131.79 - - [02/Sep/2022:04:15:17 +0200] "GET /images/mini_prod/3700516225276.jpg HTTP/1.0" 200 269 "http://www.wonder-geek.com/coasters-c-12_157.html?page=8" "Mozilla/5.0 (iPhone; CPU iPhone OS 11_0 like Mac OS X) AppleWebKit/604.1.38 (KHTML, like Gecko) Version/11.0 Mobile/15A372 Safari/604.1"
3.238.131.79 - - [02/Sep/2022:04:15:17 +0200] "GET /images/mini_prod/8719497610884.jpg HTTP/1.0" 200 269 "http://www.wonder-geek.com/coasters-c-12_157.html?page=8" "Mozilla/5.0 (iPhone; CPU iPhone OS 11_0 like Mac OS X) AppleWebKit/604.1.38 (KHTML, like Gecko) Version/11.0 Mobile/15A372 Safari/604.1"
3.238.131.79 - - [02/Sep/2022:04:15:17 +0200] "GET /design/fondcurrent.jpg HTTP/1.0" 200 683 "http://www.wonder-geek.com/templates/Pixame_v1/stylesheet.css" "Mozilla/5.0 (iPhone; CPU iPhone OS 11_0 like Mac OS X) AppleWebKit/604.1.38 (KHTML, like Gecko) Version/11.0 Mobile/15A372 Safari/604.1"
3.238.131.79 - - [02/Sep/2022:04:15:17 +0200] "GET /highslide/graphics/zoomout.cur HTTP/1.0" 200 614 "http://www.wonder-geek.com/coasters-c-12_157.html?page=8" "Mozilla/5.0 (iPhone; CPU iPhone OS 11_0 like Mac OS X) AppleWebKit/604.1.38 (KHTML, like Gecko) Version/11.0 Mobile/15A372 Safari/604.1"
3.238.131.79 - - [02/Sep/2022:04:15:17 +0200] "GET /highslide/graphics/outlines/drop-shadow.png HTTP/1.0" 200 277 "http://www.wonder-geek.com/coasters-c-12_157.html?page=8" "Mozilla/5.0 (iPhone; CPU iPhone OS 11_0 like Mac OS X) AppleWebKit/604.1.38 (KHTML, like Gecko) Version/11.0 Mobile/15A372 Safari/604.1"
3.238.131.79 - - [02/Sep/2022:04:15:17 +0200] "GET /highslide/graphics/loader.white.gif HTTP/1.0" 200 960 "http://www.wonder-geek.com/templates/Pixame_v1/stylesheet.css" "Mozilla/5.0 (iPhone; CPU iPhone OS 11_0 like Mac OS X) AppleWebKit/604.1.38 (KHTML, like Gecko) Version/11.0 Mobile/15A372 Safari/604.1"
185.191.171.5 - - [02/Sep/2022:04:15:14 +0200] "GET /clocks-c-13_67.html?page=7 HTTP/1.0" 200 94970 "-" "Mozilla/5.0 (compatible; SemrushBot/7~bl; +http://www.semrush.com/bot.html)"
114.119.137.3 - - [02/Sep/2022:04:15:15 +0200] "GET /r2d2-stickers-p-15392.html HTTP/1.0" 200 71836 "http://www.wonder-geek.com/stickers-c-129_50.html?page=1" "Mozilla/5.0 (Linux; Android 7.0;) AppleWebKit/537.36 (KHTML, like Gecko) Mobile Safari/537.36 (compatible; PetalBot;+https://webmaster.petalsearch.com/site/petalbot)"
34.220.131.172 - - [02/Sep/2022:04:15:18 +0200] "GET / HTTP/1.0" 500 131674 "http://wonder-geek.com" "Mozilla/5.0 (X11; Linux x86_64) AppleWebKit/537.36 (KHTML, like Gecko) Chrome/83.0.4103.97 Safari/537.36"
66.249.64.82 - - [02/Sep/2022:04:15:25 +0200] "GET /images/mini_prod/8435107825133.jpg HTTP/1.0" 404 1308 "-" "Mozilla/5.0 (compatible; Googlebot/2.1; +http://www.google.com/bot.html)"
54.36.148.220 - - [02/Sep/2022:04:15:31 +0200] "GET /butterflies-and-eye-stickers-p-39240.html HTTP/1.0" 301 74574 "-" "Mozilla/5.0 (compatible; AhrefsBot/7.0; +http://ahrefs.com/robot/)"
34.134.53.85 - - [02/Sep/2022:04:15:35 +0200] "GET /images/mini_prod/7601019993210.jpg HTTP/1.0" 200 269 "-" "Mozilla/5.0 (X11; Ubuntu; Linux x86_64; rv:72.0) Gecko/20100101 Firefox/72.0"
154.54.249.200 - - [02/Sep/2022:04:15:38 +0200] "GET /support-metal-bottle-barbecue-p-53422.html HTTP/1.0" 200 74573 "-" "Mozilla/5.0 (compatible; Barkrowler/0.9; +https://babbar.tech/crawler)"
185.191.171.15 - - [02/Sep/2022:04:15:57 +0200] "GET /flower-market-metal-planter-zinc-look-brown-p-55465.html HTTP/1.0" 200 75490 "-" "Mozilla/5.0 (compatible; SemrushBot/7~bl; +http://www.semrush.com/bot.html)"
35.184.129.215 - - [02/Sep/2022:04:15:59 +0200] "GET /images/mini_prod/8003990631829.jpg HTTP/1.0" 200 269 "-" "Mozilla/5.0 (X11; Ubuntu; Linux x86_64; rv:72.0) Gecko/20100101 Firefox/72.0"
154.54.249.200 - - [02/Sep/2022:04:16:08 +0200] "GET /support-metal-bottle-napoleon-p-42091.html HTTP/1.0" 200 74522 "-" "Mozilla/5.0 (compatible; Barkrowler/0.9; +https://babbar.tech/crawler)"
157.55.39.67 - - [02/Sep/2022:04:16:10 +0200] "GET /images/big_prod_1/3665269030952.jpg HTTP/1.0" 200 270 "-" "Mozilla/5.0 (compatible; bingbot/2.0; +http://www.bing.com/bingbot.htm)"
65.108.64.210 - - [02/Sep/2022:04:16:16 +0200] "GET /robots.txt HTTP/1.0" 200 245 "-" "Mozilla/5.0 (compatible; MJ12bot/v1.4.8; http://mj12bot.com/)"
65.108.64.210 - - [02/Sep/2022:04:16:17 +0200] "GET /-p-19438.html HTTP/1.0" 200 71778 "-" "Mozilla/5.0 (compatible; MJ12bot/v1.4.8; http://mj12bot.com/)"
65.108.64.210 - - [02/Sep/2022:04:16:20 +0200] "GET /-p-29385.html HTTP/1.0" 200 71778 "-" "Mozilla/5.0 (compatible; MJ12bot/v1.4.8; http://mj12bot.com/)"
65.108.64.210 - - [02/Sep/2022:04:16:23 +0200] "GET /-p-29387.html HTTP/1.0" 200 71778 "-" "Mozilla/5.0 (compatible; MJ12bot/v1.4.8; http://mj12bot.com/)"
65.108.64.210 - - [02/Sep/2022:04:16:25 +0200] "GET /-p-29389.html HTTP/1.0" 200 71778 "-" "Mozilla/5.0 (compatible; MJ12bot/v1.4.8; http://mj12bot.com/)"
65.108.64.210 - - [02/Sep/2022:04:16:28 +0200] "GET /-p-29639.html HTTP/1.0" 200 71778 "-" "Mozilla/5.0 (compatible; MJ12bot/v1.4.8; http://mj12bot.com/)"
65.108.64.210 - - [02/Sep/2022:04:16:32 +0200] "GET /-p-30694.html HTTP/1.0" 200 71778 "-" "Mozilla/5.0 (compatible; MJ12bot/v1.4.8; http://mj12bot.com/)"
65.108.64.210 - - [02/Sep/2022:04:16:35 +0200] "GET /-p-30696.html HTTP/1.0" 200 71778 "-" "Mozilla/5.0 (compatible; MJ12bot/v1.4.8; http://mj12bot.com/)"
154.54.249.200 - - [02/Sep/2022:04:16:38 +0200] "GET /support-metal-bottle-musician-p-54984.html HTTP/1.0" 200 75194 "-" "Mozilla/5.0 (compatible; Barkrowler/0.9; +https://babbar.tech/crawler)"
65.108.64.210 - - [02/Sep/2022:04:16:38 +0200] "GET /-p-30697.html HTTP/1.0" 200 71778 "-" "Mozilla/5.0 (compatible; MJ12bot/v1.4.8; http://mj12bot.com/)"
65.108.64.210 - - [02/Sep/2022:04:16:42 +0200] "GET /-p-31894.html HTTP/1.0" 200 71778 "-" "Mozilla/5.0 (compatible; MJ12bot/v1.4.8; http://mj12bot.com/)"
65.108.64.210 - - [02/Sep/2022:04:16:45 +0200] "GET /-p-31972.html HTTP/1.0" 200 71778 "-" "Mozilla/5.0 (compatible; MJ12bot/v1.4.8; http://mj12bot.com/)"
65.108.64.210 - - [02/Sep/2022:04:16:48 +0200] "GET /-p-31984.html HTTP/1.0" 200 71778 "-" "Mozilla/5.0 (compatible; MJ12bot/v1.4.8; http://mj12bot.com/)"
65.108.64.210 - - [02/Sep/2022:04:16:51 +0200] "GET /-p-32968.html HTTP/1.0" 200 71778 "-" "Mozilla/5.0 (compatible; MJ12bot/v1.4.8; http://mj12bot.com/)"
34.135.87.154 - - [02/Sep/2022:04:16:53 +0200] "GET /images/mini_prod/8718317633157.jpg HTTP/1.0" 200 269 "-" "Mozilla/5.0 (X11; Ubuntu; Linux x86_64; rv:72.0) Gecko/20100101 Firefox/72.0"
65.108.64.210 - - [02/Sep/2022:04:16:54 +0200] "GET /-p-33031.html HTTP/1.0" 200 71778 "-" "Mozilla/5.0 (compatible; MJ12bot/v1.4.8; http://mj12bot.com/)"
65.108.64.210 - - [02/Sep/2022:04:16:57 +0200] "GET /-p-34657.html HTTP/1.0" 200 71778 "-" "Mozilla/5.0 (compatible; MJ12bot/v1.4.8; http://mj12bot.com/)"
66.249.64.82 - - [02/Sep/2022:04:16:59 +0200] "GET /ginkgo-table-lamp-p-55084.html HTTP/1.0" 200 71850 "-" "Mozilla/5.0 (Linux; Android 6.0.1; Nexus 5X Build/MMB29P) AppleWebKit/537.36 (KHTML, like Gecko) Chrome/104.0.5112.79 Mobile Safari/537.36 (compatible; Googlebot/2.1; +http://www.google.com/bot.html)"
65.108.64.210 - - [02/Sep/2022:04:17:01 +0200] "GET /-p-34663.html HTTP/1.0" 200 71778 "-" "Mozilla/5.0 (compatible; MJ12bot/v1.4.8; http://mj12bot.com/)"
65.108.64.210 - - [02/Sep/2022:04:17:04 +0200] "GET /-p-34664.html HTTP/1.0" 200 71778 "-" "Mozilla/5.0 (compatible; MJ12bot/v1.4.8; http://mj12bot.com/)"
116.198.10.39 - - [02/Sep/2022:04:17:05 +0200] "GET /images/mini_prod/1439116000007N.jpg HTTP/1.0" 200 270 "-" "Mozilla/5.0 (Windows NT 10.0; Win64; x64) AppleWebKit/537.36 (KHTML, like Gecko) Chrome/103.0.5060.134 Safari/537.36 Edg/103.0.1264.71"
65.108.64.210 - - [02/Sep/2022:04:17:06 +0200] "GET /-p-34862.html HTTP/1.0" 200 71778 "-" "Mozilla/5.0 (compatible; MJ12bot/v1.4.8; http://mj12bot.com/)"
65.108.64.210 - - [02/Sep/2022:04:17:10 +0200] "GET /-p-34864.html HTTP/1.0" 200 71778 "-" "Mozilla/5.0 (compatible; MJ12bot/v1.4.8; http://mj12bot.com/)"
35.239.27.177 - - [02/Sep/2022:04:17:12 +0200] "GET /images/mini_prod/3453131146845.jpg HTTP/1.0" 200 269 "-" "Mozilla/5.0 (X11; Ubuntu; Linux x86_64; rv:72.0) Gecko/20100101 Firefox/72.0"
65.108.64.210 - - [02/Sep/2022:04:17:12 +0200] "GET /-p-34942.html HTTP/1.0" 200 71778 "-" "Mozilla/5.0 (compatible; MJ12bot/v1.4.8; http://mj12bot.com/)"
154.54.249.200 - - [02/Sep/2022:04:17:14 +0200] "GET /ethnograf-jute-p-58581.html HTTP/1.0" 200 75371 "-" "Mozilla/5.0 (compatible; Barkrowler/0.9; +https://babbar.tech/crawler)"
65.108.64.210 - - [02/Sep/2022:04:17:15 +0200] "GET /-p-34986.html HTTP/1.0" 200 71778 "-" "Mozilla/5.0 (compatible; MJ12bot/v1.4.8; http://mj12bot.com/)"
54.36.148.5 - - [02/Sep/2022:04:17:16 +0200] "GET /pegase-training-bottle-by-cbk-p-33775.html HTTP/1.0" 301 74886 "-" "Mozilla/5.0 (compatible; AhrefsBot/7.0; +http://ahrefs.com/robot/)"
65.108.64.210 - - [02/Sep/2022:04:17:18 +0200] "GET /-p-34992.html HTTP/1.0" 200 71778 "-" "Mozilla/5.0 (compatible; MJ12bot/v1.4.8; http://mj12bot.com/)"
65.108.64.210 - - [02/Sep/2022:04:17:22 +0200] "GET /-p-34995.html HTTP/1.0" 200 71778 "-" "Mozilla/5.0 (compatible; MJ12bot/v1.4.8; http://mj12bot.com/)"
65.108.64.210 - - [02/Sep/2022:04:17:25 +0200] "GET /-p-35053.html HTTP/1.0" 200 71778 "-" "Mozilla/5.0 (compatible; MJ12bot/v1.4.8; http://mj12bot.com/)"
65.108.64.210 - - [02/Sep/2022:04:17:28 +0200] "GET /-p-35054.html HTTP/1.0" 200 71778 "-" "Mozilla/5.0 (compatible; MJ12bot/v1.4.8; http://mj12bot.com/)"
34.135.87.154 - - [02/Sep/2022:04:17:32 +0200] "GET /images/mini_prod/1384000000307.jpg HTTP/1.0" 200 269 "-" "Mozilla/5.0 (X11; Ubuntu; Linux x86_64; rv:72.0) Gecko/20100101 Firefox/72.0"
65.108.64.210 - - [02/Sep/2022:04:17:31 +0200] "GET /-p-35281.html HTTP/1.0" 200 71778 "-" "Mozilla/5.0 (compatible; MJ12bot/v1.4.8; http://mj12bot.com/)"
65.108.64.210 - - [02/Sep/2022:04:17:34 +0200] "GET /-p-35284.html HTTP/1.0" 200 71778 "-" "Mozilla/5.0 (compatible; MJ12bot/v1.4.8; http://mj12bot.com/)"
54.36.149.70 - - [02/Sep/2022:04:17:37 +0200] "GET /mickey-mouse-clock-p-31606.html HTTP/1.0" 200 74399 "-" "Mozilla/5.0 (compatible; AhrefsBot/7.0; +http://ahrefs.com/robot/)"
65.108.64.210 - - [02/Sep/2022:04:17:38 +0200] "GET /-p-35285.html HTTP/1.0" 200 71778 "-" "Mozilla/5.0 (compatible; MJ12bot/v1.4.8; http://mj12bot.com/)"
54.36.148.54 - - [02/Sep/2022:04:17:41 +0200] "GET /images/med_prod/8435333830635.jpg HTTP/1.0" 200 268 "-" "Mozilla/5.0 (compatible; AhrefsBot/7.0; +http://ahrefs.com/robot/)"
54.36.148.174 - - [02/Sep/2022:04:17:40 +0200] "GET /set-of-pair-of-socks-strawberry-shortcake-size-23-26-p-24853.html HTTP/1.0" 301 71845 "-" "Mozilla/5.0 (compatible; AhrefsBot/7.0; +http://ahrefs.com/robot/)"
65.108.64.210 - - [02/Sep/2022:04:17:42 +0200] "GET /-p-35286.html HTTP/1.0" 200 71778 "-" "Mozilla/5.0 (compatible; MJ12bot/v1.4.8; http://mj12bot.com/)"
35.89.245.72 - - [02/Sep/2022:04:17:46 +0200] "GET /images/mini_prod/3661443279193.jpg HTTP/1.0" 200 269 "-" "Mozilla/5.0 (X11; Ubuntu; Linux x86_64; rv:72.0) Gecko/20100101 Firefox/72.0"
65.108.64.210 - - [02/Sep/2022:04:17:45 +0200] "GET /-p-35467.html HTTP/1.0" 200 71778 "-" "Mozilla/5.0 (compatible; MJ12bot/v1.4.8; http://mj12bot.com/)"
103.72.192.1 - - [02/Sep/2022:04:17:49 +0200] "GET /images/mini_prod/MISES-EN-SITUATION-03.jpg HTTP/1.0" 200 277 "-" "Mozilla/5.0 (X11; Ubuntu; Linux x86_64; rv:72.0) Gecko/20100101 Firefox/72.0"
65.108.64.210 - - [02/Sep/2022:04:17:49 +0200] "GET /-p-36366.html HTTP/1.0" 200 71778 "-" "Mozilla/5.0 (compatible; MJ12bot/v1.4.8; http://mj12bot.com/)"
154.54.249.200 - - [02/Sep/2022:04:17:50 +0200] "GET /bluetooth-speaker-p-57858.html HTTP/1.0" 200 75392 "-" "Mozilla/5.0 (compatible; Barkrowler/0.9; +https://babbar.tech/crawler)"
65.108.64.210 - - [02/Sep/2022:04:17:52 +0200] "GET /-p-36432.html HTTP/1.0" 200 71778 "-" "Mozilla/5.0 (compatible; MJ12bot/v1.4.8; http://mj12bot.com/)"
114.119.137.3 - - [02/Sep/2022:04:17:54 +0200] "GET /ceramic-lamp-p-52412.html HTTP/1.0" 200 75205 "http://www.wonder-geek.com/lighting-c-13_86.html?page=13" "Mozilla/5.0 (Linux; Android 7.0;) AppleWebKit/537.36 (KHTML, like Gecko) Mobile Safari/537.36 (compatible; PetalBot;+https://webmaster.petalsearch.com/site/petalbot)"
65.108.64.210 - - [02/Sep/2022:04:17:55 +0200] "GET /-p-36459.html HTTP/1.0" 200 71778 "-" "Mozilla/5.0 (compatible; MJ12bot/v1.4.8; http://mj12bot.com/)"
65.108.64.210 - - [02/Sep/2022:04:17:59 +0200] "GET /-p-36496.html HTTP/1.0" 200 71778 "-" "Mozilla/5.0 (compatible; MJ12bot/v1.4.8; http://mj12bot.com/)"
65.108.64.210 - - [02/Sep/2022:04:18:02 +0200] "GET /-p-36563.html HTTP/1.0" 200 71778 "-" "Mozilla/5.0 (compatible; MJ12bot/v1.4.8; http://mj12bot.com/)"
65.108.64.210 - - [02/Sep/2022:04:18:05 +0200] "GET /-p-36820.html HTTP/1.0" 200 71778 "-" "Mozilla/5.0 (compatible; MJ12bot/v1.4.8; http://mj12bot.com/)"
65.108.64.210 - - [02/Sep/2022:04:18:09 +0200] "GET /-p-36979.html HTTP/1.0" 200 71778 "-" "Mozilla/5.0 (compatible; MJ12bot/v1.4.8; http://mj12bot.com/)"
93.158.161.5 - - [02/Sep/2022:04:18:12 +0200] "GET /cushion-for-cat-or-small-dog-maison-du-bonheur-p-50856.html HTTP/1.0" 301 75215 "-" "Mozilla/5.0 (compatible; YandexBot/3.0; +http://yandex.com/bots)"
65.108.64.210 - - [02/Sep/2022:04:18:13 +0200] "GET /-p-3705.html HTTP/1.0" 200 71776 "-" "Mozilla/5.0 (compatible; MJ12bot/v1.4.8; http://mj12bot.com/)"
34.172.140.139 - - [02/Sep/2022:04:18:15 +0200] "GET /images/mini_prod/1384010184455.jpg HTTP/1.0" 200 269 "-" "Mozilla/5.0 (X11; Ubuntu; Linux x86_64; rv:72.0) Gecko/20100101 Firefox/72.0"
93.158.161.5 - - [02/Sep/2022:04:18:15 +0200] "GET /cushion-small-maison-bonheur-p-50856.html HTTP/1.0" 200 75120 "-" "Mozilla/5.0 (compatible; YandexBot/3.0; +http://yandex.com/bots)"
66.249.64.82 - - [02/Sep/2022:04:18:17 +0200] "GET /images/mini_prod/4012390325393.jpg HTTP/1.0" 200 269 "-" "Mozilla/5.0 (compatible; Googlebot/2.1; +http://www.google.com/bot.html)"
65.108.64.210 - - [02/Sep/2022:04:18:17 +0200] "GET /-p-37549.html HTTP/1.0" 200 71778 "-" "Mozilla/5.0 (compatible; MJ12bot/v1.4.8; http://mj12bot.com/)"
65.108.64.210 - - [02/Sep/2022:04:18:19 +0200] "GET /-p-37804.html HTTP/1.0" 200 71778 "-" "Mozilla/5.0 (compatible; MJ12bot/v1.4.8; http://mj12bot.com/)"
154.54.249.200 - - [02/Sep/2022:04:18:22 +0200] "GET /robots.txt HTTP/1.0" 200 245 "-" "Mozilla/5.0 (compatible; Barkrowler/0.9; +https://babbar.tech/crawler)"
65.108.64.210 - - [02/Sep/2022:04:18:22 +0200] "GET /-p-37970.html HTTP/1.0" 200 71778 "-" "Mozilla/5.0 (compatible; MJ12bot/v1.4.8; http://mj12bot.com/)"
65.108.64.210 - - [02/Sep/2022:04:18:25 +0200] "GET /-p-38741.html HTTP/1.0" 200 71778 "-" "Mozilla/5.0 (compatible; MJ12bot/v1.4.8; http://mj12bot.com/)"
65.108.64.210 - - [02/Sep/2022:04:18:28 +0200] "GET /-p-39016.html HTTP/1.0" 200 71778 "-" "Mozilla/5.0 (compatible; MJ12bot/v1.4.8; http://mj12bot.com/)"
54.36.148.228 - - [02/Sep/2022:04:18:36 +0200] "GET /johnny-hallyday-alarm-clock-p-17425.html HTTP/1.0" 301 71845 "-" "Mozilla/5.0 (compatible; AhrefsBot/7.0; +http://ahrefs.com/robot/)"
34.132.55.228 - - [02/Sep/2022:04:18:41 +0200] "GET /images/mini_prod/1820024000003.jpg HTTP/1.0" 200 269 "-" "Mozilla/5.0 (X11; Ubuntu; Linux x86_64; rv:72.0) Gecko/20100101 Firefox/72.0"
34.172.145.220 - - [02/Sep/2022:04:18:42 +0200] "GET /images/mini_prod/8719075391594.jpg HTTP/1.0" 200 269 "-" "Mozilla/5.0 (X11; Ubuntu; Linux x86_64; rv:72.0) Gecko/20100101 Firefox/72.0"
154.54.249.200 - - [02/Sep/2022:04:18:51 +0200] "GET /bluetooth-speaker-p-57859.html HTTP/1.0" 200 75392 "-" "Mozilla/5.0 (compatible; Barkrowler/0.9; +https://babbar.tech/crawler)"
66.249.64.84 - - [02/Sep/2022:04:19:01 +0200] "GET /stickers-despicable-p-34106.html HTTP/1.0" 200 74477 "-" "Mozilla/5.0 (compatible; Googlebot/2.1; +http://www.google.com/bot.html)"
66.249.64.84 - - [02/Sep/2022:04:19:02 +0200] "GET /little-mariners-bowl-p-38766.html HTTP/1.0" 301 71845 "-" "Mozilla/5.0 (compatible; Googlebot/2.1; +http://www.google.com/bot.html)"
65.108.64.210 - - [02/Sep/2022:04:19:04 +0200] "GET /-p-39060.html HTTP/1.0" 200 71778 "-" "Mozilla/5.0 (compatible; MJ12bot/v1.4.8; http://mj12bot.com/)"
66.249.64.84 - - [02/Sep/2022:04:19:04 +0200] "GET /-p-38766.html HTTP/1.0" 200 71778 "-" "Mozilla/5.0 (compatible; Googlebot/2.1; +http://www.google.com/bot.html)"
65.108.64.210 - - [02/Sep/2022:04:19:06 +0200] "GET /-p-39082.html HTTP/1.0" 200 71778 "-" "Mozilla/5.0 (compatible; MJ12bot/v1.4.8; http://mj12bot.com/)"
65.108.64.210 - - [02/Sep/2022:04:19:09 +0200] "GET /-p-39187.html HTTP/1.0" 200 71778 "-" "Mozilla/5.0 (compatible; MJ12bot/v1.4.8; http://mj12bot.com/)"
65.108.64.210 - - [02/Sep/2022:04:19:12 +0200] "GET /-p-39188.html HTTP/1.0" 200 71778 "-" "Mozilla/5.0 (compatible; MJ12bot/v1.4.8; http://mj12bot.com/)"
65.108.64.210 - - [02/Sep/2022:04:19:15 +0200] "GET /-p-39349.html HTTP/1.0" 200 71778 "-" "Mozilla/5.0 (compatible; MJ12bot/v1.4.8; http://mj12bot.com/)"
65.108.64.210 - - [02/Sep/2022:04:19:18 +0200] "GET /-p-39350.html HTTP/1.0" 200 71778 "-" "Mozilla/5.0 (compatible; MJ12bot/v1.4.8; http://mj12bot.com/)"
154.54.249.200 - - [02/Sep/2022:04:19:20 +0200] "GET /vache-pitcher-p-44861.html HTTP/1.0" 200 74410 "-" "Mozilla/5.0 (compatible; Barkrowler/0.9; +https://babbar.tech/crawler)"
65.108.64.210 - - [02/Sep/2022:04:19:21 +0200] "GET /-p-39370.html HTTP/1.0" 200 71778 "-" "Mozilla/5.0 (compatible; MJ12bot/v1.4.8; http://mj12bot.com/)"
65.108.64.210 - - [02/Sep/2022:04:19:25 +0200] "GET /-p-40303.html HTTP/1.0" 200 71778 "-" "Mozilla/5.0 (compatible; MJ12bot/v1.4.8; http://mj12bot.com/)"
185.191.171.2 - - [02/Sep/2022:04:19:27 +0200] "GET /hanging-clock-bouddha-p-52334.html HTTP/1.0" 301 71845 "-" "Mozilla/5.0 (compatible; SemrushBot/7~bl; +http://www.semrush.com/bot.html)"
65.108.64.210 - - [02/Sep/2022:04:19:28 +0200] "GET /-p-40337.html HTTP/1.0" 200 71778 "-" "Mozilla/5.0 (compatible; MJ12bot/v1.4.8; http://mj12bot.com/)"
54.36.148.222 - - [02/Sep/2022:04:19:29 +0200] "GET /gund-boo-bear-bathrobe-plush-13-cm-p-24292.html HTTP/1.0" 301 71845 "-" "Mozilla/5.0 (compatible; AhrefsBot/7.0; +http://ahrefs.com/robot/)"
185.191.171.16 - - [02/Sep/2022:04:19:30 +0200] "GET /-p-52334.html HTTP/1.0" 200 71778 "-" "Mozilla/5.0 (compatible; SemrushBot/7~bl; +http://www.semrush.com/bot.html)"
65.108.64.210 - - [02/Sep/2022:04:19:32 +0200] "GET /-p-40338.html HTTP/1.0" 200 71778 "-" "Mozilla/5.0 (compatible; MJ12bot/v1.4.8; http://mj12bot.com/)"
185.191.171.43 - - [02/Sep/2022:04:19:34 +0200] "GET /pink-fitted-sheet-140-190-cm-p-48092.html HTTP/1.0" 301 75126 "-" "Mozilla/5.0 (compatible; SemrushBot/7~bl; +http://www.semrush.com/bot.html)"
65.108.64.210 - - [02/Sep/2022:04:19:35 +0200] "GET /-p-40339.html HTTP/1.0" 200 71778 "-" "Mozilla/5.0 (compatible; MJ12bot/v1.4.8; http://mj12bot.com/)"
185.191.171.17 - - [02/Sep/2022:04:19:37 +0200] "GET /pink-fitted-sheet-p-48092.html HTTP/1.0" 200 75042 "-" "Mozilla/5.0 (compatible; SemrushBot/7~bl; +http://www.semrush.com/bot.html)"
65.108.64.210 - - [02/Sep/2022:04:19:38 +0200] "GET /-p-40358.html HTTP/1.0" 200 71778 "-" "Mozilla/5.0 (compatible; MJ12bot/v1.4.8; http://mj12bot.com/)"
65.108.64.210 - - [02/Sep/2022:04:19:41 +0200] "GET /-p-40365.html HTTP/1.0" 200 71778 "-" "Mozilla/5.0 (compatible; MJ12bot/v1.4.8; http://mj12bot.com/)"
65.108.64.210 - - [02/Sep/2022:04:19:44 +0200] "GET /-p-40367.html HTTP/1.0" 200 71778 "-" "Mozilla/5.0 (compatible; MJ12bot/v1.4.8; http://mj12bot.com/)"
65.108.64.210 - - [02/Sep/2022:04:19:47 +0200] "GET /-p-40368.html HTTP/1.0" 200 71778 "-" "Mozilla/5.0 (compatible; MJ12bot/v1.4.8; http://mj12bot.com/)"
65.108.64.210 - - [02/Sep/2022:04:19:50 +0200] "GET /-p-40386.html HTTP/1.0" 200 71778 "-" "Mozilla/5.0 (compatible; MJ12bot/v1.4.8; http://mj12bot.com/)"
154.54.249.200 - - [02/Sep/2022:04:19:50 +0200] "GET /camargua-porcelain-p-56495.html HTTP/1.0" 200 74421 "-" "Mozilla/5.0 (compatible; Barkrowler/0.9; +https://babbar.tech/crawler)"
65.108.64.210 - - [02/Sep/2022:04:19:53 +0200] "GET /-p-40387.html HTTP/1.0" 200 71778 "-" "Mozilla/5.0 (compatible; MJ12bot/v1.4.8; http://mj12bot.com/)"
65.108.64.210 - - [02/Sep/2022:04:19:56 +0200] "GET /-p-40394.html HTTP/1.0" 200 71778 "-" "Mozilla/5.0 (compatible; MJ12bot/v1.4.8; http://mj12bot.com/)"
65.108.64.210 - - [02/Sep/2022:04:19:59 +0200] "GET /-p-40397.html HTTP/1.0" 200 71778 "-" "Mozilla/5.0 (compatible; MJ12bot/v1.4.8; http://mj12bot.com/)"
65.108.64.210 - - [02/Sep/2022:04:20:01 +0200] "GET /-p-40414.html HTTP/1.0" 200 71778 "-" "Mozilla/5.0 (compatible; MJ12bot/v1.4.8; http://mj12bot.com/)"
54.36.148.243 - - [02/Sep/2022:04:20:03 +0200] "GET /nightlight-shaped-panda-p-37826.html HTTP/1.0" 200 75051 "-" "Mozilla/5.0 (compatible; AhrefsBot/7.0; +http://ahrefs.com/robot/)"
65.108.64.210 - - [02/Sep/2022:04:20:05 +0200] "GET /-p-40415.html HTTP/1.0" 200 71778 "-" "Mozilla/5.0 (compatible; MJ12bot/v1.4.8; http://mj12bot.com/)"
35.188.111.16 - - [02/Sep/2022:04:20:07 +0200] "GET /images/mini_prod/3520071755960.jpg HTTP/1.0" 200 269 "-" "Mozilla/5.0 (X11; Ubuntu; Linux x86_64; rv:72.0) Gecko/20100101 Firefox/72.0"
65.108.64.210 - - [02/Sep/2022:04:20:08 +0200] "GET /-p-4042.html HTTP/1.0" 200 71776 "-" "Mozilla/5.0 (compatible; MJ12bot/v1.4.8; http://mj12bot.com/)"
185.191.171.45 - - [02/Sep/2022:04:20:10 +0200] "GET /terrestrial-globes-bookend-with-marble-base-p-56913.html HTTP/1.0" 200 75253 "-" "Mozilla/5.0 (compatible; SemrushBot/7~bl; +http://www.semrush.com/bot.html)"
65.108.64.210 - - [02/Sep/2022:04:20:12 +0200] "GET /-p-41367.html HTTP/1.0" 200 71778 "-" "Mozilla/5.0 (compatible; MJ12bot/v1.4.8; http://mj12bot.com/)"
65.108.64.210 - - [02/Sep/2022:04:20:15 +0200] "GET /-p-41368.html HTTP/1.0" 200 71778 "-" "Mozilla/5.0 (compatible; MJ12bot/v1.4.8; http://mj12bot.com/)"
65.108.64.210 - - [02/Sep/2022:04:20:18 +0200] "GET /-p-41421.html HTTP/1.0" 200 71778 "-" "Mozilla/5.0 (compatible; MJ12bot/v1.4.8; http://mj12bot.com/)"
154.54.249.200 - - [02/Sep/2022:04:20:19 +0200] "GET /pineapple-cutting-board-p-40705.html HTTP/1.0" 200 74418 "-" "Mozilla/5.0 (compatible; Barkrowler/0.9; +https://babbar.tech/crawler)"
35.239.27.177 - - [02/Sep/2022:04:20:22 +0200] "GET /images/mini_prod/8718375751336.jpg HTTP/1.0" 200 269 "-" "Mozilla/5.0 (X11; Ubuntu; Linux x86_64; rv:72.0) Gecko/20100101 Firefox/72.0"
65.108.64.210 - - [02/Sep/2022:04:20:20 +0200] "GET /-p-41422.html HTTP/1.0" 200 71778 "-" "Mozilla/5.0 (compatible; MJ12bot/v1.4.8; http://mj12bot.com/)"
65.108.64.210 - - [02/Sep/2022:04:20:24 +0200] "GET /-p-41430.html HTTP/1.0" 200 71778 "-" "Mozilla/5.0 (compatible; MJ12bot/v1.4.8; http://mj12bot.com/)"
66.249.64.84 - - [02/Sep/2022:04:20:25 +0200] "GET /images/mini_prod/3565750277777.jpg HTTP/1.0" 200 269 "-" "Mozilla/5.0 (compatible; Googlebot/2.1; +http://www.google.com/bot.html)"
65.108.64.210 - - [02/Sep/2022:04:20:27 +0200] "GET /-p-41432.html HTTP/1.0" 200 71778 "-" "Mozilla/5.0 (compatible; MJ12bot/v1.4.8; http://mj12bot.com/)"
65.108.64.210 - - [02/Sep/2022:04:20:31 +0200] "GET /-p-41434.html HTTP/1.0" 200 71778 "-" "Mozilla/5.0 (compatible; MJ12bot/v1.4.8; http://mj12bot.com/)"
114.119.137.38 - - [02/Sep/2022:04:20:32 +0200] "GET /little-buddha-collection-mug-blue-p-50249.html HTTP/1.0" 301 71978 "http://wonder-geek.com" "Mozilla/5.0 (Linux; Android 7.0;) AppleWebKit/537.36 (KHTML, like Gecko) Mobile Safari/537.36 (compatible; PetalBot;+https://webmaster.petalsearch.com/site/petalbot)"
65.108.64.210 - - [02/Sep/2022:04:20:34 +0200] "GET /-p-41437.html HTTP/1.0" 200 71778 "-" "Mozilla/5.0 (compatible; MJ12bot/v1.4.8; http://mj12bot.com/)"
65.108.64.210 - - [02/Sep/2022:04:20:38 +0200] "GET /-p-41552.html HTTP/1.0" 200 71778 "-" "Mozilla/5.0 (compatible; MJ12bot/v1.4.8; http://mj12bot.com/)"
114.119.137.38 - - [02/Sep/2022:04:20:39 +0200] "GET /little-buddha-collection-blue-p-50249.html HTTP/1.0" 200 71882 "http://wonder-geek.com" "Mozilla/5.0 (Linux; Android 7.0;) AppleWebKit/537.36 (KHTML, like Gecko) Mobile Safari/537.36 (compatible; PetalBot;+https://webmaster.petalsearch.com/site/petalbot)"
65.108.64.210 - - [02/Sep/2022:04:20:42 +0200] "GET /-p-41553.html HTTP/1.0" 200 71778 "-" "Mozilla/5.0 (compatible; MJ12bot/v1.4.8; http://mj12bot.com/)"
65.108.64.210 - - [02/Sep/2022:04:20:46 +0200] "GET /-p-41763.html HTTP/1.0" 200 71778 "-" "Mozilla/5.0 (compatible; MJ12bot/v1.4.8; http://mj12bot.com/)"
65.108.64.210 - - [02/Sep/2022:04:20:49 +0200] "GET /-p-41788.html HTTP/1.0" 200 71778 "-" "Mozilla/5.0 (compatible; MJ12bot/v1.4.8; http://mj12bot.com/)"
154.54.249.200 - - [02/Sep/2022:04:20:50 +0200] "GET /incense-chakras-p-44372.html HTTP/1.0" 200 74489 "-" "Mozilla/5.0 (compatible; Barkrowler/0.9; +https://babbar.tech/crawler)"
65.108.64.210 - - [02/Sep/2022:04:20:53 +0200] "GET /-p-42078.html HTTP/1.0" 200 71778 "-" "Mozilla/5.0 (compatible; MJ12bot/v1.4.8; http://mj12bot.com/)"
185.191.171.35 - - [02/Sep/2022:04:20:53 +0200] "GET /garage-premium-service-metal-wall-decoration-47-cm-p-44439.html HTTP/1.0" 301 75456 "-" "Mozilla/5.0 (compatible; SemrushBot/7~bl; +http://www.semrush.com/bot.html)"
185.191.171.17 - - [02/Sep/2022:04:20:55 +0200] "GET /garage-premium-service-metal-wall-decoration-p-44439.html HTTP/1.0" 200 75345 "-" "Mozilla/5.0 (compatible; SemrushBot/7~bl; +http://www.semrush.com/bot.html)"
65.108.64.210 - - [02/Sep/2022:04:20:56 +0200] "GET /-p-42601.html HTTP/1.0" 200 71778 "-" "Mozilla/5.0 (compatible; MJ12bot/v1.4.8; http://mj12bot.com/)"
65.108.64.210 - - [02/Sep/2022:04:21:00 +0200] "GET /-p-42703.html HTTP/1.0" 200 71778 "-" "Mozilla/5.0 (compatible; MJ12bot/v1.4.8; http://mj12bot.com/)"
65.108.64.210 - - [02/Sep/2022:04:21:04 +0200] "GET /-p-42790.html HTTP/1.0" 200 71778 "-" "Mozilla/5.0 (compatible; MJ12bot/v1.4.8; http://mj12bot.com/)"
65.108.64.210 - - [02/Sep/2022:04:21:07 +0200] "GET /-p-42802.html HTTP/1.0" 200 71778 "-" "Mozilla/5.0 (compatible; MJ12bot/v1.4.8; http://mj12bot.com/)"
65.108.64.210 - - [02/Sep/2022:04:21:10 +0200] "GET /-p-43314.html HTTP/1.0" 200 71778 "-" "Mozilla/5.0 (compatible; MJ12bot/v1.4.8; http://mj12bot.com/)"
185.191.171.5 - - [02/Sep/2022:04:21:11 +0200] "GET /kimmidoll-makeup-p-46148.html?action=add_product HTTP/1.0" 302 476 "-" "Mozilla/5.0 (compatible; SemrushBot/7~bl; +http://www.semrush.com/bot.html)"
34.172.196.101 - - [02/Sep/2022:04:21:14 +0200] "GET /images/mini_prod/1300000022569.jpg HTTP/1.0" 200 269 "-" "Mozilla/5.0 (X11; Ubuntu; Linux x86_64; rv:72.0) Gecko/20100101 Firefox/72.0"
65.108.64.210 - - [02/Sep/2022:04:21:14 +0200] "GET /-p-43315.html HTTP/1.0" 200 71778 "-" "Mozilla/5.0 (compatible; MJ12bot/v1.4.8; http://mj12bot.com/)"
34.135.87.154 - - [02/Sep/2022:04:21:15 +0200] "GET /images/big_prod_3/d8719497610501.jpg HTTP/1.0" 200 271 "-" "Mozilla/5.0 (X11; Ubuntu; Linux x86_64; rv:72.0) Gecko/20100101 Firefox/72.0"
65.108.64.210 - - [02/Sep/2022:04:21:17 +0200] "GET /-p-44326.html HTTP/1.0" 200 71778 "-" "Mozilla/5.0 (compatible; MJ12bot/v1.4.8; http://mj12bot.com/)"
65.108.64.210 - - [02/Sep/2022:04:21:20 +0200] "GET /-p-45206.html HTTP/1.0" 200 71778 "-" "Mozilla/5.0 (compatible; MJ12bot/v1.4.8; http://mj12bot.com/)"
65.108.64.210 - - [02/Sep/2022:04:21:23 +0200] "GET /-p-47189.html HTTP/1.0" 200 71778 "-" "Mozilla/5.0 (compatible; MJ12bot/v1.4.8; http://mj12bot.com/)"
34.67.201.225 - - [02/Sep/2022:04:21:25 +0200] "GET /images/mini_prod/8424001604692.jpg HTTP/1.0" 200 269 "-" "Mozilla/5.0 (X11; Ubuntu; Linux x86_64; rv:72.0) Gecko/20100101 Firefox/72.0"
154.54.249.200 - - [02/Sep/2022:04:21:23 +0200] "GET /incense-c-231_226.html?page=3 HTTP/1.0" 200 93083 "-" "Mozilla/5.0 (compatible; Barkrowler/0.9; +https://babbar.tech/crawler)"
185.191.171.15 - - [02/Sep/2022:04:21:24 +0200] "GET /led-table-lamp-in-glass-tropical-foliage-large-p-50022.html HTTP/1.0" 301 72048 "-" "Mozilla/5.0 (compatible; SemrushBot/7~bl; +http://www.semrush.com/bot.html)"
65.108.64.210 - - [02/Sep/2022:04:21:26 +0200] "GET /-p-47315.html HTTP/1.0" 200 71778 "-" "Mozilla/5.0 (compatible; MJ12bot/v1.4.8; http://mj12bot.com/)"
185.191.171.15 - - [02/Sep/2022:04:21:29 +0200] "GET /table-lamp-glass-tropical-foliage-large-p-50022.html HTTP/1.0" 200 71942 "-" "Mozilla/5.0 (compatible; SemrushBot/7~bl; +http://www.semrush.com/bot.html)"
65.108.64.210 - - [02/Sep/2022:04:21:30 +0200] "GET /-p-47395.html HTTP/1.0" 200 71778 "-" "Mozilla/5.0 (compatible; MJ12bot/v1.4.8; http://mj12bot.com/)"
65.108.64.210 - - [02/Sep/2022:04:21:33 +0200] "GET /-p-47396.html HTTP/1.0" 200 71778 "-" "Mozilla/5.0 (compatible; MJ12bot/v1.4.8; http://mj12bot.com/)"
65.108.64.210 - - [02/Sep/2022:04:21:36 +0200] "GET /-p-50105.html HTTP/1.0" 200 71778 "-" "Mozilla/5.0 (compatible; MJ12bot/v1.4.8; http://mj12bot.com/)"
65.108.64.210 - - [02/Sep/2022:04:21:39 +0200] "GET /-p-5759.html HTTP/1.0" 200 71776 "-" "Mozilla/5.0 (compatible; MJ12bot/v1.4.8; http://mj12bot.com/)"
185.191.171.22 - - [02/Sep/2022:04:21:41 +0200] "GET /lighting-c-13_86.html?page=27 HTTP/1.0" 200 93612 "-" "Mozilla/5.0 (compatible; SemrushBot/7~bl; +http://www.semrush.com/bot.html)"
65.108.64.210 - - [02/Sep/2022:04:21:42 +0200] "GET /acrylic-metal-lamp-p-54025.html HTTP/1.0" 200 75685 "-" "Mozilla/5.0 (compatible; MJ12bot/v1.4.8; http://mj12bot.com/)"
65.108.64.210 - - [02/Sep/2022:04:21:46 +0200] "GET /aircraft-decorative-figurine-p-41499.html HTTP/1.0" 301 71845 "-" "Mozilla/5.0 (compatible; MJ12bot/v1.4.8; http://mj12bot.com/)"
65.108.64.210 - - [02/Sep/2022:04:21:49 +0200] "GET /-p-41499.html HTTP/1.0" 200 71778 "-" "Mozilla/5.0 (compatible; MJ12bot/v1.4.8; http://mj12bot.com/)"
65.108.64.210 - - [02/Sep/2022:04:21:52 +0200] "GET /amazon-love-tote-bag-jungle-p-50284.html HTTP/1.0" 301 75596 "-" "Mozilla/5.0 (compatible; MJ12bot/v1.4.8; http://mj12bot.com/)"
65.108.64.210 - - [02/Sep/2022:04:21:55 +0200] "GET /amazon-love-tote-jungle-p-50284.html HTTP/1.0" 200 75506 "-" "Mozilla/5.0 (compatible; MJ12bot/v1.4.8; http://mj12bot.com/)"
65.108.64.210 - - [02/Sep/2022:04:21:58 +0200] "GET /amazon-love-tote-jungle-p-50284.html HTTP/1.0" 200 75506 "-" "Mozilla/5.0 (compatible; MJ12bot/v1.4.8; http://mj12bot.com/)"
154.54.249.200 - - [02/Sep/2022:04:22:01 +0200] "GET /incense-c-231_226.html?page=5 HTTP/1.0" 200 93296 "-" "Mozilla/5.0 (compatible; Barkrowler/0.9; +https://babbar.tech/crawler)"
65.108.64.210 - - [02/Sep/2022:04:22:02 +0200] "GET /ballerina-statue-collection-p-41472.html HTTP/1.0" 301 71845 "-" "Mozilla/5.0 (compatible; MJ12bot/v1.4.8; http://mj12bot.com/)"
65.108.64.210 - - [02/Sep/2022:04:22:06 +0200] "GET /-p-41472.html HTTP/1.0" 200 71778 "-" "Mozilla/5.0 (compatible; MJ12bot/v1.4.8; http://mj12bot.com/)"
65.108.64.210 - - [02/Sep/2022:04:22:09 +0200] "GET /barbecue-party-cutting-board-p-42579.html HTTP/1.0" 200 74458 "-" "Mozilla/5.0 (compatible; MJ12bot/v1.4.8; http://mj12bot.com/)"
65.108.64.210 - - [02/Sep/2022:04:22:12 +0200] "GET /basket-black-natural-palm-leaves-p-48057.html HTTP/1.0" 200 74579 "-" "Mozilla/5.0 (compatible; MJ12bot/v1.4.8; http://mj12bot.com/)"
54.36.149.36 - - [02/Sep/2022:04:22:13 +0200] "GET /spiderman-spider-strike-p-25292.html HTTP/1.0" 301 71845 "-" "Mozilla/5.0 (compatible; AhrefsBot/7.0; +http://ahrefs.com/robot/)"
65.108.64.210 - - [02/Sep/2022:04:22:16 +0200] "GET /batista-undertaker-expanding-organiser-file-p-13893.html HTTP/1.0" 200 72008 "-" "Mozilla/5.0 (compatible; MJ12bot/v1.4.8; http://mj12bot.com/)"
65.108.64.210 - - [02/Sep/2022:04:22:20 +0200] "GET /bedclothes-gomix-p-53458.html HTTP/1.0" 200 71878 "-" "Mozilla/5.0 (compatible; MJ12bot/v1.4.8; http://mj12bot.com/)"
65.108.64.210 - - [02/Sep/2022:04:22:23 +0200] "GET /beige-twine-fitted-sheet-140-190-cm-p-51983.html HTTP/1.0" 301 71957 "-" "Mozilla/5.0 (compatible; MJ12bot/v1.4.8; http://mj12bot.com/)"
185.191.171.33 - - [02/Sep/2022:04:22:26 +0200] "GET /-p-41150.html?action=add_product HTTP/1.0" 302 476 "-" "Mozilla/5.0 (compatible; SemrushBot/7~bl; +http://www.semrush.com/bot.html)"
65.108.64.210 - - [02/Sep/2022:04:22:26 +0200] "GET /beige-twine-fitted-sheet-p-51983.html HTTP/1.0" 200 71866 "-" "Mozilla/5.0 (compatible; MJ12bot/v1.4.8; http://mj12bot.com/)"
65.108.64.210 - - [02/Sep/2022:04:22:29 +0200] "GET /beige-twine-fitted-sheet-p-51983.html HTTP/1.0" 200 71866 "-" "Mozilla/5.0 (compatible; MJ12bot/v1.4.8; http://mj12bot.com/)"
154.54.249.200 - - [02/Sep/2022:04:22:31 +0200] "GET /incense-c-231_226.html?page=6 HTTP/1.0" 200 86494 "-" "Mozilla/5.0 (compatible; Barkrowler/0.9; +https://babbar.tech/crawler)"
65.108.64.210 - - [02/Sep/2022:04:22:33 +0200] "GET /beline-charming-dekor-bedclothes-240-260-cm-p-47189.html HTTP/1.0" 301 71845 "-" "Mozilla/5.0 (compatible; MJ12bot/v1.4.8; http://mj12bot.com/)"
65.108.64.210 - - [02/Sep/2022:04:22:36 +0200] "GET /-p-47189.html HTTP/1.0" 200 71778 "-" "Mozilla/5.0 (compatible; MJ12bot/v1.4.8; http://mj12bot.com/)"
65.108.64.210 - - [02/Sep/2022:04:22:39 +0200] "GET /beloved-bear-winnie-pooh-personality-pose-figurine-p-54002.html HTTP/1.0" 200 76502 "-" "Mozilla/5.0 (compatible; MJ12bot/v1.4.8; http://mj12bot.com/)"
185.191.171.39 - - [02/Sep/2022:04:22:41 +0200] "GET /candle-heart-home-home-christmas-p-49946.html?action=add_product HTTP/1.0" 302 476 "-" "Mozilla/5.0 (compatible; SemrushBot/7~bl; +http://www.semrush.com/bot.html)"
65.108.64.210 - - [02/Sep/2022:04:22:42 +0200] "GET /best-summer-blue-metal-tray-p-39380.html HTTP/1.0" 301 71845 "-" "Mozilla/5.0 (compatible; MJ12bot/v1.4.8; http://mj12bot.com/)"
65.108.64.210 - - [02/Sep/2022:04:22:45 +0200] "GET /-p-39380.html HTTP/1.0" 200 71778 "-" "Mozilla/5.0 (compatible; MJ12bot/v1.4.8; http://mj12bot.com/)"
54.36.148.22 - - [02/Sep/2022:04:22:47 +0200] "GET /freegun-liberty-cover-iphone-p-19120.html HTTP/1.0" 200 74782 "-" "Mozilla/5.0 (compatible; AhrefsBot/7.0; +http://ahrefs.com/robot/)"
65.108.64.210 - - [02/Sep/2022:04:22:48 +0200] "GET /big-ben-bedclothes-220-240-cm-p-41434.html HTTP/1.0" 301 71845 "-" "Mozilla/5.0 (compatible; MJ12bot/v1.4.8; http://mj12bot.com/)"
35.202.152.72 - - [02/Sep/2022:04:22:50 +0200] "GET /images/mini_prod/1300000022262.jpg HTTP/1.0" 200 269 "-" "Mozilla/5.0 (X11; Ubuntu; Linux x86_64; rv:72.0) Gecko/20100101 Firefox/72.0"
65.108.64.210 - - [02/Sep/2022:04:22:51 +0200] "GET /-p-41434.html HTTP/1.0" 200 71778 "-" "Mozilla/5.0 (compatible; MJ12bot/v1.4.8; http://mj12bot.com/)"
65.108.64.210 - - [02/Sep/2022:04:22:54 +0200] "GET /bistrot-de-paris-adult-apron-p-47142.html HTTP/1.0" 301 74547 "-" "Mozilla/5.0 (compatible; MJ12bot/v1.4.8; http://mj12bot.com/)"
193.232.40.229 - - [02/Sep/2022:04:22:55 +0200] "GET /philosophizing-monkey-rheinhold-p-54829.html HTTP/1.0" 200 75298 "https://www.google.gp/" "Mozilla/5.0 (Windows NT 10.0; WOW64) AppleWebKit/537.36 (KHTML, like Gecko) Chrome/105.0.5195.98 Safari/537.36"
65.108.64.210 - - [02/Sep/2022:04:22:57 +0200] "GET /bistrot-paris-adult-apron-p-47142.html HTTP/1.0" 200 74455 "-" "Mozilla/5.0 (compatible; MJ12bot/v1.4.8; http://mj12bot.com/)"
154.54.249.200 - - [02/Sep/2022:04:23:00 +0200] "GET /incense-c-231_226.html?page=2 HTTP/1.0" 200 93564 "-" "Mozilla/5.0 (compatible; Barkrowler/0.9; +https://babbar.tech/crawler)"
65.108.64.210 - - [02/Sep/2022:04:23:02 +0200] "GET /bistrot-paris-adult-apron-p-47142.html HTTP/1.0" 200 74455 "-" "Mozilla/5.0 (compatible; MJ12bot/v1.4.8; http://mj12bot.com/)"
185.191.171.2 - - [02/Sep/2022:04:23:04 +0200] "GET /pugsley-keel-toys-plush-p-46901.html HTTP/1.0" 200 71872 "-" "Mozilla/5.0 (compatible; SemrushBot/7~bl; +http://www.semrush.com/bot.html)"
65.108.64.210 - - [02/Sep/2022:04:23:05 +0200] "GET /black-metal-flask-motorcycle-p-42761.html HTTP/1.0" 301 71845 "-" "Mozilla/5.0 (compatible; MJ12bot/v1.4.8; http://mj12bot.com/)"
65.108.64.210 - - [02/Sep/2022:04:23:08 +0200] "GET /-p-42761.html HTTP/1.0" 200 71778 "-" "Mozilla/5.0 (compatible; MJ12bot/v1.4.8; http://mj12bot.com/)"
34.135.126.86 - - [02/Sep/2022:04:23:11 +0200] "GET /images/mini_prod/5018997622094.jpg HTTP/1.0" 200 269 "-" "Mozilla/5.0 (X11; Ubuntu; Linux x86_64; rv:72.0) Gecko/20100101 Firefox/72.0"
65.108.64.210 - - [02/Sep/2022:04:23:11 +0200] "GET /bleu-sugar-ameline-collection-p-56480.html HTTP/1.0" 200 74693 "-" "Mozilla/5.0 (compatible; MJ12bot/v1.4.8; http://mj12bot.com/)"
65.108.64.210 - - [02/Sep/2022:04:23:14 +0200] "GET /blooms-isothermic-stainless-steel-bottle-allen-p-52006.html HTTP/1.0" 200 75296 "-" "Mozilla/5.0 (compatible; MJ12bot/v1.4.8; http://mj12bot.com/)"
65.108.64.210 - - [02/Sep/2022:04:23:17 +0200] "GET /blooms-isothermic-stainless-steel-bottle-by-allen-p-52006.html HTTP/1.0" 301 75409 "-" "Mozilla/5.0 (compatible; MJ12bot/v1.4.8; http://mj12bot.com/)"
