65.108.64.210 - - [02/Sep/2022:04:23:21 +0200] "GET /blooms-isothermic-stainless-steel-bottle-allen-p-52006.html HTTP/1.0" 200 75296 "-" "Mozilla/5.0 (compatible; MJ12bot/v1.4.8; http://mj12bot.com/)"
65.108.64.210 - - [02/Sep/2022:04:23:24 +0200] "GET /blue-buddha-statue-resin-20-cm-p-50396.html HTTP/1.0" 301 74614 "-" "Mozilla/5.0 (compatible; MJ12bot/v1.4.8; http://mj12bot.com/)"
66.249.64.83 - - [02/Sep/2022:04:23:25 +0200] "GET /glass-cutting-board-cbkreation-p-51296.html HTTP/1.0" 200 74484 "-" "Mozilla/5.0 (Linux; Android 6.0.1; Nexus 5X Build/MMB29P) AppleWebKit/537.36 (KHTML, like Gecko) Chrome/104.0.5112.79 Mobile Safari/537.36 (compatible; Googlebot/2.1; +http://www.google.com/bot.html)"
65.108.64.210 - - [02/Sep/2022:04:23:27 +0200] "GET /blue-buddha-statue-resin-p-50396.html HTTP/1.0" 200 74523 "-" "Mozilla/5.0 (compatible; MJ12bot/v1.4.8; http://mj12bot.com/)"
154.54.249.200 - - [02/Sep/2022:04:23:30 +0200] "GET /incense-c-231_226.html?page=1 HTTP/1.0" 200 93296 "-" "Mozilla/5.0 (compatible; Barkrowler/0.9; +https://babbar.tech/crawler)"
65.108.64.210 - - [02/Sep/2022:04:23:33 +0200] "GET /blue-buddha-statue-resin-p-50396.html HTTP/1.0" 200 74523 "-" "Mozilla/5.0 (compatible; MJ12bot/v1.4.8; http://mj12bot.com/)"
65.108.64.210 - - [02/Sep/2022:04:23:36 +0200] "GET /bobbing-hugging-knees-phosphorescent-smiski-statuette-p-55924.html HTTP/1.0" 200 76038 "-" "Mozilla/5.0 (compatible; MJ12bot/v1.4.8; http://mj12bot.com/)"
216.244.66.242 - - [02/Sep/2022:04:23:38 +0200] "GET /cotton-floor-cushion-grey-45-cm-p-49385.html HTTP/1.0" 301 599 "-" "Mozilla/5.0 (compatible; DotBot/1.2; +https://opensiteexplorer.org/dotbot; help@moz.com)"
65.108.64.210 - - [02/Sep/2022:04:23:39 +0200] "GET /bobbing-looking-back-phosphorescent-smiski-statuette-p-55925.html HTTP/1.0" 200 76013 "-" "Mozilla/5.0 (compatible; MJ12bot/v1.4.8; http://mj12bot.com/)"
216.244.66.242 - - [02/Sep/2022:04:23:42 +0200] "GET /gift-box-tea-infuser-mug-patchwork-p-47153.html HTTP/1.0" 301 605 "-" "Mozilla/5.0 (compatible; DotBot/1.2; +https://opensiteexplorer.org/dotbot; help@moz.com)"
185.191.171.13 - - [02/Sep/2022:04:23:41 +0200] "GET /decorative-turttle-statue-p-54096.html HTTP/1.0" 200 71876 "-" "Mozilla/5.0 (compatible; SemrushBot/7~bl; +http://www.semrush.com/bot.html)"
65.108.64.210 - - [02/Sep/2022:04:23:42 +0200] "GET /bobbing-lotus-phosphorescent-smiski-statuette-p-55923.html HTTP/1.0" 200 75932 "-" "Mozilla/5.0 (compatible; MJ12bot/v1.4.8; http://mj12bot.com/)"
216.244.66.242 - - [02/Sep/2022:04:23:46 +0200] "GET /teo-jasmin-large-cabas-teo-shikobu-brown-p-46988.html HTTP/1.0" 301 617 "-" "Mozilla/5.0 (compatible; DotBot/1.2; +https://opensiteexplorer.org/dotbot; help@moz.com)"
65.108.64.210 - - [02/Sep/2022:04:23:45 +0200] "GET /bodega-adult-apron-p-40732.html HTTP/1.0" 200 74380 "-" "Mozilla/5.0 (compatible; MJ12bot/v1.4.8; http://mj12bot.com/)"
65.108.64.210 - - [02/Sep/2022:04:23:49 +0200] "GET /bolster-case-45-185-cm-grey-p-36588.html HTTP/1.0" 301 74751 "-" "Mozilla/5.0 (compatible; MJ12bot/v1.4.8; http://mj12bot.com/)"
65.108.64.210 - - [02/Sep/2022:04:23:52 +0200] "GET /bolster-case-grey-p-36588.html HTTP/1.0" 200 74667 "-" "Mozilla/5.0 (compatible; MJ12bot/v1.4.8; http://mj12bot.com/)"
216.244.66.242 - - [02/Sep/2022:04:23:54 +0200] "GET /white-road-66-sign-metal-p-45469.html HTTP/1.0" 301 585 "-" "Mozilla/5.0 (compatible; DotBot/1.2; +https://opensiteexplorer.org/dotbot; help@moz.com)"
65.108.64.210 - - [02/Sep/2022:04:23:55 +0200] "GET /bolster-case-45-185-cm-white-p-31984.html HTTP/1.0" 301 71845 "-" "Mozilla/5.0 (compatible; MJ12bot/v1.4.8; http://mj12bot.com/)"
34.171.27.14 - - [02/Sep/2022:04:23:59 +0200] "GET /images/big_prod_1/8718375755594a.jpg HTTP/1.0" 200 271 "-" "Mozilla/5.0 (X11; Ubuntu; Linux x86_64; rv:72.0) Gecko/20100101 Firefox/72.0"
65.108.64.210 - - [02/Sep/2022:04:23:59 +0200] "GET /-p-31984.html HTTP/1.0" 200 71778 "-" "Mozilla/5.0 (compatible; MJ12bot/v1.4.8; http://mj12bot.com/)"
154.54.249.200 - - [02/Sep/2022:04:24:00 +0200] "GET /incense-c-231_226.html?page=4 HTTP/1.0" 200 92857 "-" "Mozilla/5.0 (compatible; Barkrowler/0.9; +https://babbar.tech/crawler)"
185.191.171.43 - - [02/Sep/2022:04:24:03 +0200] "GET /-p-45208.html?action=add_product HTTP/1.0" 302 476 "-" "Mozilla/5.0 (compatible; SemrushBot/7~bl; +http://www.semrush.com/bot.html)"
65.108.64.210 - - [02/Sep/2022:04:24:02 +0200] "GET /bolster-case-grey-p-36588.html HTTP/1.0" 200 74667 "-" "Mozilla/5.0 (compatible; MJ12bot/v1.4.8; http://mj12bot.com/)"
65.108.64.210 - - [02/Sep/2022:04:24:06 +0200] "GET /boo-in-a-bed-p-42704.html HTTP/1.0" 301 71845 "-" "Mozilla/5.0 (compatible; MJ12bot/v1.4.8; http://mj12bot.com/)"
65.108.64.210 - - [02/Sep/2022:04:24:09 +0200] "GET /-p-42704.html HTTP/1.0" 200 71778 "-" "Mozilla/5.0 (compatible; MJ12bot/v1.4.8; http://mj12bot.com/)"
65.108.64.210 - - [02/Sep/2022:04:24:12 +0200] "GET /boo-in-bed-p-42704.html HTTP/1.0" 301 71845 "-" "Mozilla/5.0 (compatible; MJ12bot/v1.4.8; http://mj12bot.com/)"
65.108.64.210 - - [02/Sep/2022:04:24:15 +0200] "GET /-p-42704.html HTTP/1.0" 200 71778 "-" "Mozilla/5.0 (compatible; MJ12bot/v1.4.8; http://mj12bot.com/)"
114.119.137.43 - - [02/Sep/2022:04:24:14 +0200] "GET /harley-davidson-genuine-finest-quality-lighter-p-45312.html HTTP/1.0" 200 75664 "http://www.wonder-geek.com/accessories-c-3.html?page=20" "Mozilla/5.0 (Linux; Android 7.0;) AppleWebKit/537.36 (KHTML, like Gecko) Mobile Safari/537.36 (compatible; PetalBot;+https://webmaster.petalsearch.com/site/petalbot)"
65.108.64.210 - - [02/Sep/2022:04:24:18 +0200] "GET /boo-play-set-p-42703.html HTTP/1.0" 301 71845 "-" "Mozilla/5.0 (compatible; MJ12bot/v1.4.8; http://mj12bot.com/)"
65.108.64.210 - - [02/Sep/2022:04:24:21 +0200] "GET /-p-42703.html HTTP/1.0" 200 71778 "-" "Mozilla/5.0 (compatible; MJ12bot/v1.4.8; http://mj12bot.com/)"
65.108.64.210 - - [02/Sep/2022:04:24:24 +0200] "GET /bookend-egyptians-p-56408.html HTTP/1.0" 200 75317 "-" "Mozilla/5.0 (compatible; MJ12bot/v1.4.8; http://mj12bot.com/)"
65.108.64.210 - - [02/Sep/2022:04:24:28 +0200] "GET /boutis-bedspread-and-pillowcases-mitra-p-41788.html HTTP/1.0" 301 71845 "-" "Mozilla/5.0 (compatible; MJ12bot/v1.4.8; http://mj12bot.com/)"
65.108.64.210 - - [02/Sep/2022:04:24:31 +0200] "GET /-p-41788.html HTTP/1.0" 200 71778 "-" "Mozilla/5.0 (compatible; MJ12bot/v1.4.8; http://mj12bot.com/)"
34.122.111.58 - - [02/Sep/2022:04:24:33 +0200] "GET /images/mini_prod/3453131152686.jpg HTTP/1.0" 200 269 "-" "Mozilla/5.0 (X11; Ubuntu; Linux x86_64; rv:72.0) Gecko/20100101 Firefox/72.0"
154.54.249.200 - - [02/Sep/2022:04:24:32 +0200] "GET /native-spirits-incense-p-55342.html HTTP/1.0" 200 76422 "-" "Mozilla/5.0 (compatible; Barkrowler/0.9; +https://babbar.tech/crawler)"
65.108.64.210 - - [02/Sep/2022:04:24:35 +0200] "GET /bowl-grinning-purple-made-germany-p-52577.html HTTP/1.0" 200 75361 "-" "Mozilla/5.0 (compatible; MJ12bot/v1.4.8; http://mj12bot.com/)"
54.36.148.13 - - [02/Sep/2022:04:24:35 +0200] "GET /cats-by-dubout-figurine-the-third-eye-p-32710.html HTTP/1.0" 301 75007 "-" "Mozilla/5.0 (compatible; AhrefsBot/7.0; +http://ahrefs.com/robot/)"
65.108.64.210 - - [02/Sep/2022:04:24:38 +0200] "GET /bowl-grinning-purple-made-in-germany-p-52577.html HTTP/1.0" 301 75461 "-" "Mozilla/5.0 (compatible; MJ12bot/v1.4.8; http://mj12bot.com/)"
216.165.12.8 - - [02/Sep/2022:04:24:40 +0200] "GET /images/mini_prod/8422015958480.jpg HTTP/1.0" 200 269 "-" "Mozilla/5.0 (X11; Ubuntu; Linux x86_64; rv:72.0) Gecko/20100101 Firefox/72.0"
65.108.64.210 - - [02/Sep/2022:04:24:42 +0200] "GET /bowl-grinning-purple-made-germany-p-52577.html HTTP/1.0" 200 75361 "-" "Mozilla/5.0 (compatible; MJ12bot/v1.4.8; http://mj12bot.com/)"
65.108.64.210 - - [02/Sep/2022:04:24:45 +0200] "GET /box-of-sonny-angel-new-york-figurines-p-50294.html HTTP/1.0" 301 71991 "-" "Mozilla/5.0 (compatible; MJ12bot/v1.4.8; http://mj12bot.com/)"
65.108.64.210 - - [02/Sep/2022:04:24:48 +0200] "GET /sonny-angel-york-figurines-p-50294.html HTTP/1.0" 200 71898 "-" "Mozilla/5.0 (compatible; MJ12bot/v1.4.8; http://mj12bot.com/)"
65.108.64.210 - - [02/Sep/2022:04:24:52 +0200] "GET /brown-polyester-round-chair-cushion-p-47032.html HTTP/1.0" 200 75168 "-" "Mozilla/5.0 (compatible; MJ12bot/v1.4.8; http://mj12bot.com/)"
65.108.64.210 - - [02/Sep/2022:04:24:55 +0200] "GET /brown-polyester-round-chair-cushion-p-47395.html HTTP/1.0" 301 71845 "-" "Mozilla/5.0 (compatible; MJ12bot/v1.4.8; http://mj12bot.com/)"
65.108.64.210 - - [02/Sep/2022:04:25:00 +0200] "GET /-p-47395.html HTTP/1.0" 200 71778 "-" "Mozilla/5.0 (compatible; MJ12bot/v1.4.8; http://mj12bot.com/)"
185.191.171.4 - - [02/Sep/2022:04:25:01 +0200] "GET /cars-disney-wall-stickers-p-27892.html HTTP/1.0" 200 71894 "-" "Mozilla/5.0 (compatible; SemrushBot/7~bl; +http://www.semrush.com/bot.html)"
65.108.64.210 - - [02/Sep/2022:04:25:03 +0200] "GET /buddha-decorative-statue-185-cm-p-42790.html HTTP/1.0" 301 71845 "-" "Mozilla/5.0 (compatible; MJ12bot/v1.4.8; http://mj12bot.com/)"
154.54.249.200 - - [02/Sep/2022:04:25:02 +0200] "GET /bodega-opener-p-19945.html HTTP/1.0" 200 74399 "-" "Mozilla/5.0 (compatible; Barkrowler/0.9; +https://babbar.tech/crawler)"
65.108.64.210 - - [02/Sep/2022:04:25:06 +0200] "GET /-p-42790.html HTTP/1.0" 200 71778 "-" "Mozilla/5.0 (compatible; MJ12bot/v1.4.8; http://mj12bot.com/)"
65.108.64.210 - - [02/Sep/2022:04:25:09 +0200] "GET /buddha-decorative-statue-185-cm-p-42791.html HTTP/1.0" 301 74627 "-" "Mozilla/5.0 (compatible; MJ12bot/v1.4.8; http://mj12bot.com/)"
66.249.64.84 - - [02/Sep/2022:04:25:10 +0200] "GET /selenite-spirale-p-44370.html HTTP/1.0" 200 71844 "-" "Mozilla/5.0 (Linux; Android 6.0.1; Nexus 5X Build/MMB29P) AppleWebKit/537.36 (KHTML, like Gecko) Chrome/104.0.5112.101 Mobile Safari/537.36 (compatible; Googlebot/2.1; +http://www.google.com/bot.html)"
34.70.253.116 - - [02/Sep/2022:04:25:12 +0200] "GET /images/mini_prod/3279510801538.jpg HTTP/1.0" 200 269 "-" "Mozilla/5.0 (X11; Ubuntu; Linux x86_64; rv:72.0) Gecko/20100101 Firefox/72.0"
216.244.66.242 - - [02/Sep/2022:04:25:13 +0200] "GET /gorjuss-lockable-journal-with-heart-shaped-lock-bee-loved-p-46970.html HTTP/1.0" 301 651 "-" "Mozilla/5.0 (compatible; DotBot/1.2; +https://opensiteexplorer.org/dotbot; help@moz.com)"
65.108.64.210 - - [02/Sep/2022:04:25:13 +0200] "GET /buddha-decorative-statue-p-42791.html HTTP/1.0" 200 74536 "-" "Mozilla/5.0 (compatible; MJ12bot/v1.4.8; http://mj12bot.com/)"
34.171.154.201 - - [02/Sep/2022:04:25:14 +0200] "GET /images/mini_prod/5018997621721.jpg HTTP/1.0" 200 269 "-" "Mozilla/5.0 (X11; Ubuntu; Linux x86_64; rv:72.0) Gecko/20100101 Firefox/72.0"
65.108.64.210 - - [02/Sep/2022:04:25:16 +0200] "GET /buddha-decorative-statue-p-42791.html HTTP/1.0" 200 74536 "-" "Mozilla/5.0 (compatible; MJ12bot/v1.4.8; http://mj12bot.com/)"
185.191.171.24 - - [02/Sep/2022:04:25:17 +0200] "GET /porcelain-mood-espresso-tassen-made-germany-p-46340.html?action=add_product HTTP/1.0" 302 476 "-" "Mozilla/5.0 (compatible; SemrushBot/7~bl; +http://www.semrush.com/bot.html)"
65.108.64.210 - - [02/Sep/2022:04:25:21 +0200] "GET /buffalo-skull-glass-cutting-board-by-cbkreation-p-51465.html HTTP/1.0" 301 74697 "-" "Mozilla/5.0 (compatible; MJ12bot/v1.4.8; http://mj12bot.com/)"
65.108.64.210 - - [02/Sep/2022:04:25:25 +0200] "GET /buffalo-skull-glass-cutting-board-cbkreation-p-51465.html HTTP/1.0" 200 74586 "-" "Mozilla/5.0 (compatible; MJ12bot/v1.4.8; http://mj12bot.com/)"
103.72.192.1 - - [02/Sep/2022:04:25:27 +0200] "GET /images/mini_prod/3661443279476.jpg HTTP/1.0" 200 269 "-" "Mozilla/5.0 (X11; Ubuntu; Linux x86_64; rv:72.0) Gecko/20100101 Firefox/72.0"
65.108.64.210 - - [02/Sep/2022:04:25:28 +0200] "GET /buffalo-skull-glass-cutting-board-cbkreation-p-51465.html HTTP/1.0" 200 74586 "-" "Mozilla/5.0 (compatible; MJ12bot/v1.4.8; http://mj12bot.com/)"
54.36.148.242 - - [02/Sep/2022:04:25:32 +0200] "GET /buddhist-bracelet-wooden-beads-blue-p-37671.html HTTP/1.0" 200 74457 "-" "Mozilla/5.0 (compatible; AhrefsBot/7.0; +http://ahrefs.com/robot/)"
65.108.64.210 - - [02/Sep/2022:04:25:32 +0200] "GET /car-red-wall-decoration-embossed-80-cm-p-42802.html HTTP/1.0" 301 71845 "-" "Mozilla/5.0 (compatible; MJ12bot/v1.4.8; http://mj12bot.com/)"
35.202.152.72 - - [02/Sep/2022:04:25:34 +0200] "GET /images/mini_prod/8719497617470.jpg HTTP/1.0" 200 269 "-" "Mozilla/5.0 (X11; Ubuntu; Linux x86_64; rv:72.0) Gecko/20100101 Firefox/72.0"
154.54.249.200 - - [02/Sep/2022:04:25:34 +0200] "GET /beely-bedclothes-p-52085.html HTTP/1.0" 200 71846 "-" "Mozilla/5.0 (compatible; Barkrowler/0.9; +https://babbar.tech/crawler)"
54.36.148.139 - - [02/Sep/2022:04:25:35 +0200] "GET /images/big_prod/1384010202760.jpg HTTP/1.0" 200 268 "-" "Mozilla/5.0 (compatible; AhrefsBot/7.0; +http://ahrefs.com/robot/)"
65.108.64.210 - - [02/Sep/2022:04:25:36 +0200] "GET /-p-42802.html HTTP/1.0" 200 71778 "-" "Mozilla/5.0 (compatible; MJ12bot/v1.4.8; http://mj12bot.com/)"
185.191.171.45 - - [02/Sep/2022:04:25:38 +0200] "GET /figurine-ceramic-parrot-p-42590.html HTTP/1.0" 200 71876 "-" "Mozilla/5.0 (compatible; SemrushBot/7~bl; +http://www.semrush.com/bot.html)"
65.108.64.210 - - [02/Sep/2022:04:25:41 +0200] "GET /carlin-glass-cutting-board-by-cbkreation-p-51463.html HTTP/1.0" 301 74641 "-" "Mozilla/5.0 (compatible; MJ12bot/v1.4.8; http://mj12bot.com/)"
65.108.64.210 - - [02/Sep/2022:04:25:44 +0200] "GET /carlin-glass-cutting-board-cbkreation-p-51463.html HTTP/1.0" 200 74537 "-" "Mozilla/5.0 (compatible; MJ12bot/v1.4.8; http://mj12bot.com/)"
65.108.64.210 - - [02/Sep/2022:04:25:47 +0200] "GET /carlin-glass-cutting-board-cbkreation-p-51463.html HTTP/1.0" 200 74537 "-" "Mozilla/5.0 (compatible; MJ12bot/v1.4.8; http://mj12bot.com/)"
65.108.64.210 - - [02/Sep/2022:04:25:50 +0200] "GET /carp-bath-towel-p-40756.html HTTP/1.0" 301 71845 "-" "Mozilla/5.0 (compatible; MJ12bot/v1.4.8; http://mj12bot.com/)"
65.108.64.210 - - [02/Sep/2022:04:25:53 +0200] "GET /-p-40756.html HTTP/1.0" 200 71778 "-" "Mozilla/5.0 (compatible; MJ12bot/v1.4.8; http://mj12bot.com/)"
65.108.64.210 - - [02/Sep/2022:04:25:56 +0200] "GET /carp-koi-bath-towel-p-40756.html HTTP/1.0" 301 71845 "-" "Mozilla/5.0 (compatible; MJ12bot/v1.4.8; http://mj12bot.com/)"
65.108.64.210 - - [02/Sep/2022:04:25:59 +0200] "GET /-p-40756.html HTTP/1.0" 200 71778 "-" "Mozilla/5.0 (compatible; MJ12bot/v1.4.8; http://mj12bot.com/)"
154.54.249.200 - - [02/Sep/2022:04:26:03 +0200] "GET /beely-bedclothes-p-52086.html HTTP/1.0" 200 74449 "-" "Mozilla/5.0 (compatible; Barkrowler/0.9; +https://babbar.tech/crawler)"
65.108.64.210 - - [02/Sep/2022:04:26:03 +0200] "GET /cars-disney-p-12459.html HTTP/1.0" 200 74530 "-" "Mozilla/5.0 (compatible; MJ12bot/v1.4.8; http://mj12bot.com/)"
54.36.148.255 - - [02/Sep/2022:04:26:07 +0200] "GET /dubout-cats-pill-box-p-32226.html HTTP/1.0" 301 74608 "-" "Mozilla/5.0 (compatible; AhrefsBot/7.0; +http://ahrefs.com/robot/)"
185.191.171.18 - - [02/Sep/2022:04:26:10 +0200] "GET /kothai-p-26706.html?action=add_product HTTP/1.0" 302 476 "-" "Mozilla/5.0 (compatible; SemrushBot/7~bl; +http://www.semrush.com/bot.html)"
65.108.64.210 - - [02/Sep/2022:04:26:08 +0200] "GET /cars-lunch-bottle-p-31682.html HTTP/1.0" 200 71862 "-" "Mozilla/5.0 (compatible; MJ12bot/v1.4.8; http://mj12bot.com/)"
65.108.64.210 - - [02/Sep/2022:04:26:12 +0200] "GET /cats-dubout-salt-pepper-p-32697.html HTTP/1.0" 200 75282 "-" "Mozilla/5.0 (compatible; MJ12bot/v1.4.8; http://mj12bot.com/)"
65.108.64.210 - - [02/Sep/2022:04:26:15 +0200] "GET /cavale-bedclothes-140-200-cm-p-41763.html HTTP/1.0" 301 71845 "-" "Mozilla/5.0 (compatible; MJ12bot/v1.4.8; http://mj12bot.com/)"
65.108.64.210 - - [02/Sep/2022:04:26:18 +0200] "GET /-p-41763.html HTTP/1.0" 200 71778 "-" "Mozilla/5.0 (compatible; MJ12bot/v1.4.8; http://mj12bot.com/)"
65.108.64.210 - - [02/Sep/2022:04:26:21 +0200] "GET /cbkreation-p-36573.html HTTP/1.0" 200 74391 "-" "Mozilla/5.0 (compatible; MJ12bot/v1.4.8; http://mj12bot.com/)"
65.108.64.210 - - [02/Sep/2022:04:26:24 +0200] "GET /ceramic-bear-statuettes-nothing-said-nothing-seen-nothing-p-56405.html HTTP/1.0" 200 72016 "-" "Mozilla/5.0 (compatible; MJ12bot/v1.4.8; http://mj12bot.com/)"
65.108.64.210 - - [02/Sep/2022:04:26:27 +0200] "GET /ceramic-salt-p-40788.html HTTP/1.0" 200 74383 "-" "Mozilla/5.0 (compatible; MJ12bot/v1.4.8; http://mj12bot.com/)"
65.108.64.210 - - [02/Sep/2022:04:26:31 +0200] "GET /ceramic-salt-pure-simple-living-p-50689.html HTTP/1.0" 200 75367 "-" "Mozilla/5.0 (compatible; MJ12bot/v1.4.8; http://mj12bot.com/)"
65.108.64.210 - - [02/Sep/2022:04:26:34 +0200] "GET /ceramic-with-spoon-simone-collection-p-54471.html HTTP/1.0" 200 74513 "-" "Mozilla/5.0 (compatible; MJ12bot/v1.4.8; http://mj12bot.com/)"
65.108.64.210 - - [02/Sep/2022:04:26:37 +0200] "GET /chair-cushion-dark-grey-40-cm-p-41133.html HTTP/1.0" 301 71845 "-" "Mozilla/5.0 (compatible; MJ12bot/v1.4.8; http://mj12bot.com/)"
114.119.137.45 - - [02/Sep/2022:04:26:39 +0200] "GET /metal-plate-deco-p-54397.html HTTP/1.0" 200 74938 "http://www.wonder-geek.com/mtal-signs-c-13_130.html?page=6" "Mozilla/5.0 (Linux; Android 7.0;) AppleWebKit/537.36 (KHTML, like Gecko) Mobile Safari/537.36 (compatible; PetalBot;+https://webmaster.petalsearch.com/site/petalbot)"
65.108.64.210 - - [02/Sep/2022:04:26:39 +0200] "GET /-p-41133.html HTTP/1.0" 200 71778 "-" "Mozilla/5.0 (compatible; MJ12bot/v1.4.8; http://mj12bot.com/)"
154.54.249.200 - - [02/Sep/2022:04:26:41 +0200] "GET /damask-towels-p-50403.html HTTP/1.0" 200 71860 "-" "Mozilla/5.0 (compatible; Barkrowler/0.9; +https://babbar.tech/crawler)"
65.108.64.210 - - [02/Sep/2022:04:26:42 +0200] "GET /chair-cushion-dark-grey-p-41133.html HTTP/1.0" 301 71845 "-" "Mozilla/5.0 (compatible; MJ12bot/v1.4.8; http://mj12bot.com/)"
52.146.59.12 - - [02/Sep/2022:04:26:46 +0200] "GET /images/big_prod/4010070314224.jpg HTTP/1.0" 200 268 "-" "DuckDuckBot/1.1; (+http://duckduckgo.com/duckduckbot.html)"
65.108.64.210 - - [02/Sep/2022:04:26:45 +0200] "GET /-p-41133.html HTTP/1.0" 200 71778 "-" "Mozilla/5.0 (compatible; MJ12bot/v1.4.8; http://mj12bot.com/)"
65.108.64.210 - - [02/Sep/2022:04:26:48 +0200] "GET /chest-world-p-49062.html HTTP/1.0" 200 71832 "-" "Mozilla/5.0 (compatible; MJ12bot/v1.4.8; http://mj12bot.com/)"
65.108.64.210 - - [02/Sep/2022:04:26:51 +0200] "GET /chewing-dispenser-p-56369.html HTTP/1.0" 200 75061 "-" "Mozilla/5.0 (compatible; MJ12bot/v1.4.8; http://mj12bot.com/)"
65.108.64.210 - - [02/Sep/2022:04:26:54 +0200] "GET /chimes-and-suspensions-c-13_241.html?page=1 HTTP/1.0" 301 92212 "-" "Mozilla/5.0 (compatible; MJ12bot/v1.4.8; http://mj12bot.com/)"
65.108.64.210 - - [02/Sep/2022:04:26:59 +0200] "GET /chimes-suspensions-c-241.html?page=1 HTTP/1.0" 301 92089 "-" "Mozilla/5.0 (compatible; MJ12bot/v1.4.8; http://mj12bot.com/)"
65.108.64.210 - - [02/Sep/2022:04:27:02 +0200] "GET /chimes-suspensions-c-13_241.html?page=1 HTTP/1.0" 200 92122 "-" "Mozilla/5.0 (compatible; MJ12bot/v1.4.8; http://mj12bot.com/)"
65.108.64.210 - - [02/Sep/2022:04:27:06 +0200] "GET /chimes-suspensions-c-13_241.html?page=1 HTTP/1.0" 200 92122 "-" "Mozilla/5.0 (compatible; MJ12bot/v1.4.8; http://mj12bot.com/)"
154.54.249.200 - - [02/Sep/2022:04:27:11 +0200] "GET /robots.txt HTTP/1.0" 200 245 "-" "Mozilla/5.0 (compatible; Barkrowler/0.9; +https://babbar.tech/crawler)"
65.108.64.210 - - [02/Sep/2022:04:27:10 +0200] "GET /chimes-suspensions-c-241.html?page=1 HTTP/1.0" 301 92089 "-" "Mozilla/5.0 (compatible; MJ12bot/v1.4.8; http://mj12bot.com/)"
65.108.64.210 - - [02/Sep/2022:04:27:14 +0200] "GET /chimes-suspensions-c-13_241.html?page=1 HTTP/1.0" 200 92122 "-" "Mozilla/5.0 (compatible; MJ12bot/v1.4.8; http://mj12bot.com/)"
65.108.64.210 - - [02/Sep/2022:04:27:18 +0200] "GET /christmas-spirit-hot-water-bottle-p-52609.html HTTP/1.0" 301 75206 "-" "Mozilla/5.0 (compatible; MJ12bot/v1.4.8; http://mj12bot.com/)"
65.108.64.210 - - [02/Sep/2022:04:27:21 +0200] "GET /christmas-spirit-water-bottle-p-52609.html HTTP/1.0" 200 75110 "-" "Mozilla/5.0 (compatible; MJ12bot/v1.4.8; http://mj12bot.com/)"
185.191.171.1 - - [02/Sep/2022:04:27:22 +0200] "GET /-p-28515.html?action=add_product HTTP/1.0" 302 476 "-" "Mozilla/5.0 (compatible; SemrushBot/7~bl; +http://www.semrush.com/bot.html)"
65.108.64.210 - - [02/Sep/2022:04:27:24 +0200] "GET /christmas-spirit-water-bottle-p-52609.html HTTP/1.0" 200 75110 "-" "Mozilla/5.0 (compatible; MJ12bot/v1.4.8; http://mj12bot.com/)"
65.108.64.210 - - [02/Sep/2022:04:27:28 +0200] "GET /clock-indian-spirit-free-spirit-p-42951.html HTTP/1.0" 200 75182 "-" "Mozilla/5.0 (compatible; MJ12bot/v1.4.8; http://mj12bot.com/)"
65.108.64.210 - - [02/Sep/2022:04:27:31 +0200] "GET /coasters-cbkreation-p-41303.html HTTP/1.0" 200 74400 "-" "Mozilla/5.0 (compatible; MJ12bot/v1.4.8; http://mj12bot.com/)"
65.108.64.210 - - [02/Sep/2022:04:27:34 +0200] "GET /coasters-mandala-green-p-47005.html HTTP/1.0" 200 75254 "-" "Mozilla/5.0 (compatible; MJ12bot/v1.4.8; http://mj12bot.com/)"
65.108.64.210 - - [02/Sep/2022:04:27:37 +0200] "GET /coasters-p-42564.html HTTP/1.0" 200 71818 "-" "Mozilla/5.0 (compatible; MJ12bot/v1.4.8; http://mj12bot.com/)"
65.108.64.210 - - [02/Sep/2022:04:27:41 +0200] "GET /cocktail-sticks-peux-apro-p-47141.html HTTP/1.0" 200 74648 "-" "Mozilla/5.0 (compatible; MJ12bot/v1.4.8; http://mj12bot.com/)"
154.54.249.200 - - [02/Sep/2022:04:27:43 +0200] "GET /lola-shower-towel-white-p-41784.html HTTP/1.0" 200 75331 "-" "Mozilla/5.0 (compatible; Barkrowler/0.9; +https://babbar.tech/crawler)"
65.108.64.210 - - [02/Sep/2022:04:27:44 +0200] "GET /corsica-coasters-p-50947.html HTTP/1.0" 200 74966 "-" "Mozilla/5.0 (compatible; MJ12bot/v1.4.8; http://mj12bot.com/)"
65.108.64.210 - - [02/Sep/2022:04:27:48 +0200] "GET /corsica-paper-towel-dispenser-p-42542.html HTTP/1.0" 200 74438 "-" "Mozilla/5.0 (compatible; MJ12bot/v1.4.8; http://mj12bot.com/)"
65.108.64.210 - - [02/Sep/2022:04:27:52 +0200] "GET /cote-obscur-case-for-cigarettes-pack-p-42577.html HTTP/1.0" 301 71845 "-" "Mozilla/5.0 (compatible; MJ12bot/v1.4.8; http://mj12bot.com/)"
65.108.64.210 - - [02/Sep/2022:04:27:55 +0200] "GET /-p-42577.html HTTP/1.0" 200 71778 "-" "Mozilla/5.0 (compatible; MJ12bot/v1.4.8; http://mj12bot.com/)"
65.108.64.210 - - [02/Sep/2022:04:27:57 +0200] "GET /cotton-and-jute-floor-cushion-40-40-30-cm-p-47396.html HTTP/1.0" 301 71845 "-" "Mozilla/5.0 (compatible; MJ12bot/v1.4.8; http://mj12bot.com/)"
65.108.64.210 - - [02/Sep/2022:04:28:00 +0200] "GET /-p-47396.html HTTP/1.0" 200 71778 "-" "Mozilla/5.0 (compatible; MJ12bot/v1.4.8; http://mj12bot.com/)"
65.108.64.210 - - [02/Sep/2022:04:28:04 +0200] "GET /cotton-base-cover-canon-fusil-p-44228.html HTTP/1.0" 200 71894 "-" "Mozilla/5.0 (compatible; MJ12bot/v1.4.8; http://mj12bot.com/)"
119.123.196.226 - - [02/Sep/2022:04:28:06 +0200] "GET /images/mini_prod/8424001278886.jpg HTTP/1.0" 200 269 "-" "Mozilla/5.0 (X11; Ubuntu; Linux x86_64; rv:72.0) Gecko/20100101 Firefox/72.0"
65.108.64.210 - - [02/Sep/2022:04:28:07 +0200] "GET /cotton-bath-mat-50-80-cm-poudre-de-lila-p-47265.html HTTP/1.0" 301 71956 "-" "Mozilla/5.0 (compatible; MJ12bot/v1.4.8; http://mj12bot.com/)"
65.108.64.210 - - [02/Sep/2022:04:28:09 +0200] "GET /cotton-bath-poudre-lila-p-47265.html HTTP/1.0" 200 71866 "-" "Mozilla/5.0 (compatible; MJ12bot/v1.4.8; http://mj12bot.com/)"
185.191.171.35 - - [02/Sep/2022:04:28:10 +0200] "GET /microfibre-base-cover-black-p-53949.html HTTP/1.0" 200 74588 "-" "Mozilla/5.0 (compatible; SemrushBot/7~bl; +http://www.semrush.com/bot.html)"
65.108.64.210 - - [02/Sep/2022:04:28:13 +0200] "GET /cotton-bath-poudre-lila-p-47265.html HTTP/1.0" 200 71866 "-" "Mozilla/5.0 (compatible; MJ12bot/v1.4.8; http://mj12bot.com/)"
154.54.249.200 - - [02/Sep/2022:04:28:13 +0200] "GET /buddha-wall-stickers-p-51128.html HTTP/1.0" 200 75282 "-" "Mozilla/5.0 (compatible; Barkrowler/0.9; +https://babbar.tech/crawler)"
65.108.64.210 - - [02/Sep/2022:04:28:15 +0200] "GET /cotton-bed-base-cover-160-200-cm-canon-de-fusil-p-44228.html HTTP/1.0" 301 71990 "-" "Mozilla/5.0 (compatible; MJ12bot/v1.4.8; http://mj12bot.com/)"
66.249.64.82 - - [02/Sep/2022:04:28:17 +0200] "GET /images/mini_prod/1384010184721.jpg HTTP/1.0" 200 269 "-" "Mozilla/5.0 (compatible; Googlebot/2.1; +http://www.google.com/bot.html)"
185.191.171.23 - - [02/Sep/2022:04:28:15 +0200] "GET /decorative-wooden-plate-chiens-bienvenus-white-p-47804.html HTTP/1.0" 200 74838 "-" "Mozilla/5.0 (compatible; SemrushBot/7~bl; +http://www.semrush.com/bot.html)"
65.108.64.210 - - [02/Sep/2022:04:28:18 +0200] "GET /cotton-base-cover-canon-fusil-p-44228.html HTTP/1.0" 200 71894 "-" "Mozilla/5.0 (compatible; MJ12bot/v1.4.8; http://mj12bot.com/)"
65.108.64.210 - - [02/Sep/2022:04:28:21 +0200] "GET /cotton-floor-cushion-45-cm-lyna-p-45209.html HTTP/1.0" 301 71976 "-" "Mozilla/5.0 (compatible; MJ12bot/v1.4.8; http://mj12bot.com/)"
65.108.64.210 - - [02/Sep/2022:04:28:25 +0200] "GET /cotton-floor-cushion-lyna-p-45209.html HTTP/1.0" 200 71884 "-" "Mozilla/5.0 (compatible; MJ12bot/v1.4.8; http://mj12bot.com/)"
65.108.64.210 - - [02/Sep/2022:04:28:28 +0200] "GET /cotton-floor-cushion-lyna-p-45209.html HTTP/1.0" 200 71884 "-" "Mozilla/5.0 (compatible; MJ12bot/v1.4.8; http://mj12bot.com/)"
51.68.224.127 - - [02/Sep/2022:04:28:31 +0200] "GET /adminweb/export_orders_xml.php?token=256de2z6edz6ed2z6DFSFsed2zed6zeDSFDSGdzedezfzf&maxorders=10&orderstart=1&status=14&start_date=2018-10-01 HTTP/1.0" 200 285 "-" "GesCom CharlotteBoutik Serveur"
54.36.148.230 - - [02/Sep/2022:04:28:29 +0200] "GET /decorative-magnifier-with-resin-horn-handle-p-50803.html HTTP/1.0" 200 74642 "-" "Mozilla/5.0 (compatible; AhrefsBot/7.0; +http://ahrefs.com/robot/)"
51.68.224.127 - - [02/Sep/2022:04:28:31 +0200] "GET /adminweb/export_orders_xml.php?token=256de2z6edz6ed2z6DFSFsed2zed6zeDSFDSGdzedezfzf&maxorders=10&orderstart=1&status=6&start_date=2018-10-01 HTTP/1.0" 200 33985 "-" "GesCom CharlotteBoutik Serveur"
65.108.64.210 - - [02/Sep/2022:04:28:31 +0200] "GET /cotton-floor-cushion-oxford-p-58364.html HTTP/1.0" 200 75773 "-" "Mozilla/5.0 (compatible; MJ12bot/v1.4.8; http://mj12bot.com/)"
65.108.64.210 - - [02/Sep/2022:04:28:34 +0200] "GET /cotton-percale-premium-fitted-sheet-180-200-cm-p-46745.html HTTP/1.0" 301 74880 "-" "Mozilla/5.0 (compatible; MJ12bot/v1.4.8; http://mj12bot.com/)"
65.108.64.210 - - [02/Sep/2022:04:28:37 +0200] "GET /cotton-percale-premium-fitted-sheet-p-46745.html HTTP/1.0" 200 74778 "-" "Mozilla/5.0 (compatible; MJ12bot/v1.4.8; http://mj12bot.com/)"
65.108.64.210 - - [02/Sep/2022:04:28:41 +0200] "GET /cotton-percale-premium-fitted-sheet-p-46745.html HTTP/1.0" 200 74778 "-" "Mozilla/5.0 (compatible; MJ12bot/v1.4.8; http://mj12bot.com/)"
154.54.249.200 - - [02/Sep/2022:04:28:42 +0200] "GET /motocycle-more-shirt-p-35447.html HTTP/1.0" 200 76374 "-" "Mozilla/5.0 (compatible; Barkrowler/0.9; +https://babbar.tech/crawler)"
65.108.64.210 - - [02/Sep/2022:04:28:44 +0200] "GET /cushion-cover-40-40-cm-boho-p-49957.html HTTP/1.0" 301 74716 "-" "Mozilla/5.0 (compatible; MJ12bot/v1.4.8; http://mj12bot.com/)"
65.108.64.210 - - [02/Sep/2022:04:28:47 +0200] "GET /cushion-cover-boho-p-49957.html HTTP/1.0" 200 74631 "-" "Mozilla/5.0 (compatible; MJ12bot/v1.4.8; http://mj12bot.com/)"
65.108.64.210 - - [02/Sep/2022:04:28:51 +0200] "GET /cushion-cover-boho-p-49957.html HTTP/1.0" 200 74631 "-" "Mozilla/5.0 (compatible; MJ12bot/v1.4.8; http://mj12bot.com/)"
65.108.64.210 - - [02/Sep/2022:04:28:54 +0200] "GET /dans-nuages-wall-sticker-p-41567.html HTTP/1.0" 200 74532 "-" "Mozilla/5.0 (compatible; MJ12bot/v1.4.8; http://mj12bot.com/)"
65.108.64.210 - - [02/Sep/2022:04:28:58 +0200] "GET /decorative-globe-p-46667.html HTTP/1.0" 200 74427 "-" "Mozilla/5.0 (compatible; MJ12bot/v1.4.8; http://mj12bot.com/)"
65.108.64.210 - - [02/Sep/2022:04:29:01 +0200] "GET /dessert-dish-glass-with-anti-slip-feet-p-47337.html HTTP/1.0" 200 75135 "-" "Mozilla/5.0 (compatible; MJ12bot/v1.4.8; http://mj12bot.com/)"
65.108.64.210 - - [02/Sep/2022:04:29:05 +0200] "GET /diesel-black-legend-messenger-bag-p-36496.html HTTP/1.0" 301 71845 "-" "Mozilla/5.0 (compatible; MJ12bot/v1.4.8; http://mj12bot.com/)"
65.108.64.210 - - [02/Sep/2022:04:29:08 +0200] "GET /-p-36496.html HTTP/1.0" 200 71778 "-" "Mozilla/5.0 (compatible; MJ12bot/v1.4.8; http://mj12bot.com/)"
65.108.64.210 - - [02/Sep/2022:04:29:11 +0200] "GET /difference-accessoriess-c-13_12_59.html HTTP/1.0" 200 90620 "-" "Mozilla/5.0 (compatible; MJ12bot/v1.4.8; http://mj12bot.com/)"
154.54.249.200 - - [02/Sep/2022:04:29:15 +0200] "GET /office-lamp-wood-metal-p-46638.html HTTP/1.0" 200 74587 "-" "Mozilla/5.0 (compatible; Barkrowler/0.9; +https://babbar.tech/crawler)"
65.108.64.210 - - [02/Sep/2022:04:29:15 +0200] "GET /difference-accessoriess-c-13_12_59.html?page=1 HTTP/1.0" 200 90631 "-" "Mozilla/5.0 (compatible; MJ12bot/v1.4.8; http://mj12bot.com/)"
65.108.64.210 - - [02/Sep/2022:04:29:20 +0200] "GET /difference-accessoriess-c-13_12_59.html?page=10 HTTP/1.0" 200 86047 "-" "Mozilla/5.0 (compatible; MJ12bot/v1.4.8; http://mj12bot.com/)"
114.119.137.38 - - [02/Sep/2022:04:29:21 +0200] "GET /spain-flag-mug-by-cbkreation-p-13973.html HTTP/1.0" 301 74510 "http://www.wonder-geek.com/mugs-and-mazagrans-c-12_57.html?page=9" "Mozilla/5.0 (Linux; Android 7.0;) AppleWebKit/537.36 (KHTML, like Gecko) Mobile Safari/537.36 (compatible; PetalBot;+https://webmaster.petalsearch.com/site/petalbot)"
65.108.64.210 - - [02/Sep/2022:04:29:23 +0200] "GET /difference-accessoriess-c-13_12_59.html?page=11 HTTP/1.0" 200 86047 "-" "Mozilla/5.0 (compatible; MJ12bot/v1.4.8; http://mj12bot.com/)"
114.119.137.38 - - [02/Sep/2022:04:29:23 +0200] "GET /spain-flag-cbkreation-p-13973.html HTTP/1.0" 200 74422 "http://www.wonder-geek.com/mugs-and-mazagrans-c-12_57.html?page=9" "Mozilla/5.0 (Linux; Android 7.0;) AppleWebKit/537.36 (KHTML, like Gecko) Mobile Safari/537.36 (compatible; PetalBot;+https://webmaster.petalsearch.com/site/petalbot)"
65.108.64.210 - - [02/Sep/2022:04:29:27 +0200] "GET /difference-accessoriess-c-13_12_59.html?page=12 HTTP/1.0" 200 86047 "-" "Mozilla/5.0 (compatible; MJ12bot/v1.4.8; http://mj12bot.com/)"
65.108.64.210 - - [02/Sep/2022:04:29:33 +0200] "GET /difference-accessoriess-c-13_12_59.html?page=13 HTTP/1.0" 200 86047 "-" "Mozilla/5.0 (compatible; MJ12bot/v1.4.8; http://mj12bot.com/)"
65.108.64.210 - - [02/Sep/2022:04:29:37 +0200] "GET /difference-accessoriess-c-13_12_59.html?page=14 HTTP/1.0" 200 86047 "-" "Mozilla/5.0 (compatible; MJ12bot/v1.4.8; http://mj12bot.com/)"
185.191.171.7 - - [02/Sep/2022:04:29:39 +0200] "GET /paris-ashtray-p-36152.html?action=add_product HTTP/1.0" 302 476 "-" "Mozilla/5.0 (compatible; SemrushBot/7~bl; +http://www.semrush.com/bot.html)"
65.108.64.210 - - [02/Sep/2022:04:29:41 +0200] "GET /difference-accessoriess-c-13_12_59.html?page=15 HTTP/1.0" 200 86047 "-" "Mozilla/5.0 (compatible; MJ12bot/v1.4.8; http://mj12bot.com/)"
185.191.171.20 - - [02/Sep/2022:04:29:42 +0200] "GET /magnet-p-51206.html HTTP/1.0" 301 71845 "-" "Mozilla/5.0 (compatible; SemrushBot/7~bl; +http://www.semrush.com/bot.html)"
65.108.64.210 - - [02/Sep/2022:04:29:44 +0200] "GET /difference-accessoriess-c-13_12_59.html?page=16 HTTP/1.0" 200 86047 "-" "Mozilla/5.0 (compatible; MJ12bot/v1.4.8; http://mj12bot.com/)"
185.191.171.34 - - [02/Sep/2022:04:29:46 +0200] "GET /-p-51206.html HTTP/1.0" 200 71778 "-" "Mozilla/5.0 (compatible; SemrushBot/7~bl; +http://www.semrush.com/bot.html)"
154.54.249.200 - - [02/Sep/2022:04:29:47 +0200] "GET /ethnic-decorative-tray-p-44756.html HTTP/1.0" 200 74515 "-" "Mozilla/5.0 (compatible; Barkrowler/0.9; +https://babbar.tech/crawler)"
65.108.64.210 - - [02/Sep/2022:04:29:47 +0200] "GET /difference-accessoriess-c-13_12_59.html?page=17 HTTP/1.0" 200 86047 "-" "Mozilla/5.0 (compatible; MJ12bot/v1.4.8; http://mj12bot.com/)"
65.108.64.210 - - [02/Sep/2022:04:29:52 +0200] "GET /difference-accessoriess-c-13_12_59.html?page=18 HTTP/1.0" 200 86047 "-" "Mozilla/5.0 (compatible; MJ12bot/v1.4.8; http://mj12bot.com/)"
65.108.64.210 - - [02/Sep/2022:04:29:56 +0200] "GET /difference-accessoriess-c-13_12_59.html?page=19 HTTP/1.0" 200 86047 "-" "Mozilla/5.0 (compatible; MJ12bot/v1.4.8; http://mj12bot.com/)"
65.108.64.210 - - [02/Sep/2022:04:30:00 +0200] "GET /difference-accessoriess-c-13_12_59.html?page=2 HTTP/1.0" 200 86046 "-" "Mozilla/5.0 (compatible; MJ12bot/v1.4.8; http://mj12bot.com/)"
65.108.64.210 - - [02/Sep/2022:04:30:04 +0200] "GET /difference-accessoriess-c-13_12_59.html?page=20 HTTP/1.0" 200 86047 "-" "Mozilla/5.0 (compatible; MJ12bot/v1.4.8; http://mj12bot.com/)"
65.108.64.210 - - [02/Sep/2022:04:30:09 +0200] "GET /difference-accessoriess-c-13_12_59.html?page=21 HTTP/1.0" 200 86047 "-" "Mozilla/5.0 (compatible; MJ12bot/v1.4.8; http://mj12bot.com/)"
185.191.171.8 - - [02/Sep/2022:04:30:13 +0200] "GET /lighting-c-86.html?page=1 HTTP/1.0" 200 92392 "-" "Mozilla/5.0 (compatible; SemrushBot/7~bl; +http://www.semrush.com/bot.html)"
65.108.64.210 - - [02/Sep/2022:04:30:14 +0200] "GET /difference-accessoriess-c-13_12_59.html?page=3 HTTP/1.0" 200 86046 "-" "Mozilla/5.0 (compatible; MJ12bot/v1.4.8; http://mj12bot.com/)"
65.108.64.210 - - [02/Sep/2022:04:30:20 +0200] "GET /difference-accessoriess-c-13_12_59.html?page=4 HTTP/1.0" 200 86046 "-" "Mozilla/5.0 (compatible; MJ12bot/v1.4.8; http://mj12bot.com/)"
154.54.249.200 - - [02/Sep/2022:04:30:21 +0200] "GET /ethnic-decorative-tray-p-48801.html HTTP/1.0" 200 75136 "-" "Mozilla/5.0 (compatible; Barkrowler/0.9; +https://babbar.tech/crawler)"
65.108.64.210 - - [02/Sep/2022:04:30:23 +0200] "GET /difference-accessoriess-c-13_12_59.html?page=5 HTTP/1.0" 200 86046 "-" "Mozilla/5.0 (compatible; MJ12bot/v1.4.8; http://mj12bot.com/)"
65.108.64.210 - - [02/Sep/2022:04:30:28 +0200] "GET /difference-accessoriess-c-13_12_59.html?page=6 HTTP/1.0" 200 86046 "-" "Mozilla/5.0 (compatible; MJ12bot/v1.4.8; http://mj12bot.com/)"
65.108.64.210 - - [02/Sep/2022:04:30:32 +0200] "GET /difference-accessoriess-c-13_12_59.html?page=7 HTTP/1.0" 200 86046 "-" "Mozilla/5.0 (compatible; MJ12bot/v1.4.8; http://mj12bot.com/)"
65.108.64.210 - - [02/Sep/2022:04:30:36 +0200] "GET /difference-accessoriess-c-13_12_59.html?page=8 HTTP/1.0" 200 86046 "-" "Mozilla/5.0 (compatible; MJ12bot/v1.4.8; http://mj12bot.com/)"
65.108.64.210 - - [02/Sep/2022:04:30:40 +0200] "GET /difference-accessoriess-c-13_12_59.html?page=9 HTTP/1.0" 200 86046 "-" "Mozilla/5.0 (compatible; MJ12bot/v1.4.8; http://mj12bot.com/)"
65.108.64.210 - - [02/Sep/2022:04:30:44 +0200] "GET /diffuseur-de-parfum-et-dhuiles-essentielles-c-231_162.html HTTP/1.0" 301 92382 "-" "Mozilla/5.0 (compatible; MJ12bot/v1.4.8; http://mj12bot.com/)"
65.108.64.210 - - [02/Sep/2022:04:30:48 +0200] "GET /diffuser-perfume-essential-oils-c-162.html HTTP/1.0" 301 92251 "-" "Mozilla/5.0 (compatible; MJ12bot/v1.4.8; http://mj12bot.com/)"
65.108.64.210 - - [02/Sep/2022:04:30:52 +0200] "GET /diffuser-perfume-essential-oils-c-231_162.html HTTP/1.0" 200 92286 "-" "Mozilla/5.0 (compatible; MJ12bot/v1.4.8; http://mj12bot.com/)"
154.54.249.200 - - [02/Sep/2022:04:30:55 +0200] "GET /ethnic-decorative-tray-p-46090.html HTTP/1.0" 200 75349 "-" "Mozilla/5.0 (compatible; Barkrowler/0.9; +https://babbar.tech/crawler)"
65.108.64.210 - - [02/Sep/2022:04:30:56 +0200] "GET /digibirds-bird-p-29373.html HTTP/1.0" 301 71845 "-" "Mozilla/5.0 (compatible; MJ12bot/v1.4.8; http://mj12bot.com/)"
65.108.64.210 - - [02/Sep/2022:04:30:59 +0200] "GET /-p-29373.html HTTP/1.0" 200 71778 "-" "Mozilla/5.0 (compatible; MJ12bot/v1.4.8; http://mj12bot.com/)"
65.108.64.210 - - [02/Sep/2022:04:31:02 +0200] "GET /digibirds-bird-p-29375.html HTTP/1.0" 301 71845 "-" "Mozilla/5.0 (compatible; MJ12bot/v1.4.8; http://mj12bot.com/)"
65.108.64.210 - - [02/Sep/2022:04:31:05 +0200] "GET /-p-29375.html HTTP/1.0" 200 71778 "-" "Mozilla/5.0 (compatible; MJ12bot/v1.4.8; http://mj12bot.com/)"
54.36.148.96 - - [02/Sep/2022:04:31:17 +0200] "GET /ginnan-bedclothes-p-54675.html HTTP/1.0" 200 75067 "-" "Mozilla/5.0 (compatible; AhrefsBot/7.0; +http://ahrefs.com/robot/)"
54.36.148.181 - - [02/Sep/2022:04:31:20 +0200] "GET /images/big_prod/3665269060317.jpg HTTP/1.0" 200 268 "-" "Mozilla/5.0 (compatible; AhrefsBot/7.0; +http://ahrefs.com/robot/)"
54.36.148.157 - - [02/Sep/2022:04:31:21 +0200] "GET /images/big_prod_1/3665269060317a.jpg HTTP/1.0" 200 271 "-" "Mozilla/5.0 (compatible; AhrefsBot/7.0; +http://ahrefs.com/robot/)"
66.249.64.82 - - [02/Sep/2022:04:31:20 +0200] "GET /draculaura-figure-p-22564.html HTTP/1.0" 200 74456 "-" "Mozilla/5.0 (Linux; Android 6.0.1; Nexus 5X Build/MMB29P) AppleWebKit/537.36 (KHTML, like Gecko) Chrome/104.0.5112.79 Mobile Safari/537.36 (compatible; Googlebot/2.1; +http://www.google.com/bot.html)"
65.108.64.210 - - [02/Sep/2022:04:31:19 +0200] "GET /digibirds-bird-p-29376.html HTTP/1.0" 301 71845 "-" "Mozilla/5.0 (compatible; MJ12bot/v1.4.8; http://mj12bot.com/)"
65.108.64.210 - - [02/Sep/2022:04:31:23 +0200] "GET /-p-29376.html HTTP/1.0" 200 71778 "-" "Mozilla/5.0 (compatible; MJ12bot/v1.4.8; http://mj12bot.com/)"
65.108.64.210 - - [02/Sep/2022:04:31:26 +0200] "GET /digibirds-bird-p-29377.html HTTP/1.0" 301 71845 "-" "Mozilla/5.0 (compatible; MJ12bot/v1.4.8; http://mj12bot.com/)"
154.54.249.200 - - [02/Sep/2022:04:31:27 +0200] "GET /paperweight-c-129_188.html?page=3 HTTP/1.0" 200 93635 "-" "Mozilla/5.0 (compatible; Barkrowler/0.9; +https://babbar.tech/crawler)"
65.108.64.210 - - [02/Sep/2022:04:31:29 +0200] "GET /-p-29377.html HTTP/1.0" 200 71778 "-" "Mozilla/5.0 (compatible; MJ12bot/v1.4.8; http://mj12bot.com/)"
66.249.64.82 - - [02/Sep/2022:04:31:34 +0200] "GET /images/mini_prod/8422014032839A.jpg HTTP/1.0" 200 270 "-" "Mozilla/5.0 (compatible; Googlebot/2.1; +http://www.google.com/bot.html)"
65.108.64.210 - - [02/Sep/2022:04:31:34 +0200] "GET /digibirds-bird-p-29380.html HTTP/1.0" 301 71845 "-" "Mozilla/5.0 (compatible; MJ12bot/v1.4.8; http://mj12bot.com/)"
65.108.64.210 - - [02/Sep/2022:04:31:37 +0200] "GET /-p-29380.html HTTP/1.0" 200 71778 "-" "Mozilla/5.0 (compatible; MJ12bot/v1.4.8; http://mj12bot.com/)"
47.246.72.145 - - [02/Sep/2022:04:31:40 +0200] "GET /images/mini_prod/4500315900003.jpg HTTP/1.0" 200 269 "-" "Mozilla/5.0 (X11; Ubuntu; Linux x86_64; rv:72.0) Gecko/20100101 Firefox/72.0"
65.108.64.210 - - [02/Sep/2022:04:31:41 +0200] "GET /digibirds-bird-p-29383.html HTTP/1.0" 301 71845 "-" "Mozilla/5.0 (compatible; MJ12bot/v1.4.8; http://mj12bot.com/)"
66.249.64.82 - - [02/Sep/2022:04:31:43 +0200] "GET /naruto-picture-frame-p-1481.html HTTP/1.0" 200 74431 "-" "Mozilla/5.0 (Linux; Android 6.0.1; Nexus 5X Build/MMB29P) AppleWebKit/537.36 (KHTML, like Gecko) Chrome/104.0.5112.101 Mobile Safari/537.36 (compatible; Googlebot/2.1; +http://www.google.com/bot.html)"
65.108.64.210 - - [02/Sep/2022:04:31:45 +0200] "GET /-p-29383.html HTTP/1.0" 200 71778 "-" "Mozilla/5.0 (compatible; MJ12bot/v1.4.8; http://mj12bot.com/)"
65.108.64.210 - - [02/Sep/2022:04:31:48 +0200] "GET /digibirds-bird-p-29385.html HTTP/1.0" 301 71845 "-" "Mozilla/5.0 (compatible; MJ12bot/v1.4.8; http://mj12bot.com/)"
185.191.171.2 - - [02/Sep/2022:04:31:49 +0200] "GET /poster-monaco-50-70-cm-p-43710.html HTTP/1.0" 301 74478 "-" "Mozilla/5.0 (compatible; SemrushBot/7~bl; +http://www.semrush.com/bot.html)"
65.108.64.210 - - [02/Sep/2022:04:31:51 +0200] "GET /-p-29385.html HTTP/1.0" 200 71778 "-" "Mozilla/5.0 (compatible; MJ12bot/v1.4.8; http://mj12bot.com/)"
185.191.171.14 - - [02/Sep/2022:04:31:52 +0200] "GET /poster-monaco-p-43710.html HTTP/1.0" 200 74398 "-" "Mozilla/5.0 (compatible; SemrushBot/7~bl; +http://www.semrush.com/bot.html)"
114.119.137.43 - - [02/Sep/2022:04:31:53 +0200] "GET /white-lampshade-p-55318.html HTTP/1.0" 301 71845 "http://www.wonder-geek.com/lampshades-c-86_277.html" "Mozilla/5.0 (Linux; Android 7.0;) AppleWebKit/537.36 (KHTML, like Gecko) Mobile Safari/537.36 (compatible; PetalBot;+https://webmaster.petalsearch.com/site/petalbot)"
185.191.171.36 - - [02/Sep/2022:04:31:55 +0200] "GET /-p-45621.html?action=add_product HTTP/1.0" 302 476 "-" "Mozilla/5.0 (compatible; SemrushBot/7~bl; +http://www.semrush.com/bot.html)"
65.108.64.210 - - [02/Sep/2022:04:31:55 +0200] "GET /digibirds-bird-p-29387.html HTTP/1.0" 301 71845 "-" "Mozilla/5.0 (compatible; MJ12bot/v1.4.8; http://mj12bot.com/)"
114.119.137.43 - - [02/Sep/2022:04:31:57 +0200] "GET /-p-55318.html HTTP/1.0" 200 71778 "http://www.wonder-geek.com/lampshades-c-86_277.html" "Mozilla/5.0 (Linux; Android 7.0;) AppleWebKit/537.36 (KHTML, like Gecko) Mobile Safari/537.36 (compatible; PetalBot;+https://webmaster.petalsearch.com/site/petalbot)"
65.108.64.210 - - [02/Sep/2022:04:31:59 +0200] "GET /-p-29387.html HTTP/1.0" 200 71778 "-" "Mozilla/5.0 (compatible; MJ12bot/v1.4.8; http://mj12bot.com/)"
154.54.249.200 - - [02/Sep/2022:04:32:00 +0200] "GET /paperweight-c-129_188.html?page=2 HTTP/1.0" 200 92924 "-" "Mozilla/5.0 (compatible; Barkrowler/0.9; +https://babbar.tech/crawler)"
65.108.64.210 - - [02/Sep/2022:04:32:02 +0200] "GET /digibirds-bird-p-29389.html HTTP/1.0" 301 71845 "-" "Mozilla/5.0 (compatible; MJ12bot/v1.4.8; http://mj12bot.com/)"
65.108.64.210 - - [02/Sep/2022:04:32:06 +0200] "GET /-p-29389.html HTTP/1.0" 200 71778 "-" "Mozilla/5.0 (compatible; MJ12bot/v1.4.8; http://mj12bot.com/)"
65.108.64.210 - - [02/Sep/2022:04:32:09 +0200] "GET /digibirds-bird-p-30694.html HTTP/1.0" 301 71845 "-" "Mozilla/5.0 (compatible; MJ12bot/v1.4.8; http://mj12bot.com/)"
65.108.64.210 - - [02/Sep/2022:04:32:11 +0200] "GET /-p-30694.html HTTP/1.0" 200 71778 "-" "Mozilla/5.0 (compatible; MJ12bot/v1.4.8; http://mj12bot.com/)"
65.108.64.210 - - [02/Sep/2022:04:32:14 +0200] "GET /digibirds-bird-p-30696.html HTTP/1.0" 301 71845 "-" "Mozilla/5.0 (compatible; MJ12bot/v1.4.8; http://mj12bot.com/)"
65.108.64.210 - - [02/Sep/2022:04:32:17 +0200] "GET /-p-30696.html HTTP/1.0" 200 71778 "-" "Mozilla/5.0 (compatible; MJ12bot/v1.4.8; http://mj12bot.com/)"
185.191.171.1 - - [02/Sep/2022:04:32:19 +0200] "GET /-p-28968.html?action=add_product HTTP/1.0" 302 476 "-" "Mozilla/5.0 (compatible; SemrushBot/7~bl; +http://www.semrush.com/bot.html)"
65.108.64.210 - - [02/Sep/2022:04:32:21 +0200] "GET /digibirds-bird-p-30697.html HTTP/1.0" 301 71845 "-" "Mozilla/5.0 (compatible; MJ12bot/v1.4.8; http://mj12bot.com/)"
66.249.64.84 - - [02/Sep/2022:04:32:22 +0200] "GET /naruto-picture-frame-p-1481.html HTTP/1.0" 200 74431 "-" "Mozilla/5.0 (compatible; Googlebot/2.1; +http://www.google.com/bot.html)"
65.108.64.210 - - [02/Sep/2022:04:32:24 +0200] "GET /-p-30697.html HTTP/1.0" 200 71778 "-" "Mozilla/5.0 (compatible; MJ12bot/v1.4.8; http://mj12bot.com/)"
65.108.64.210 - - [02/Sep/2022:04:32:27 +0200] "GET /dishes-c-12.html?page=145 HTTP/1.0" 200 94416 "-" "Mozilla/5.0 (compatible; MJ12bot/v1.4.8; http://mj12bot.com/)"
65.108.64.210 - - [02/Sep/2022:04:32:32 +0200] "GET /dishes-c-12.html?page=149 HTTP/1.0" 200 94453 "-" "Mozilla/5.0 (compatible; MJ12bot/v1.4.8; http://mj12bot.com/)"
154.54.249.200 - - [02/Sep/2022:04:32:34 +0200] "GET /paperweight-c-129_188.html?page=1 HTTP/1.0" 200 92404 "-" "Mozilla/5.0 (compatible; Barkrowler/0.9; +https://babbar.tech/crawler)"
65.108.64.210 - - [02/Sep/2022:04:32:36 +0200] "GET /dishes-c-12.html?page=150 HTTP/1.0" 200 94433 "-" "Mozilla/5.0 (compatible; MJ12bot/v1.4.8; http://mj12bot.com/)"
65.108.64.210 - - [02/Sep/2022:04:32:41 +0200] "GET /dishes-c-12.html?page=151 HTTP/1.0" 200 92060 "-" "Mozilla/5.0 (compatible; MJ12bot/v1.4.8; http://mj12bot.com/)"
185.191.171.22 - - [02/Sep/2022:04:32:43 +0200] "GET /gingerbread-mug-p-30682.html HTTP/1.0" 301 74414 "-" "Mozilla/5.0 (compatible; SemrushBot/7~bl; +http://www.semrush.com/bot.html)"
17.121.112.199 - - [02/Sep/2022:04:32:44 +0200] "GET /picerie-traditionnelle-bread-p-57199.html HTTP/1.0" 200 75475 "-" "Mozilla/5.0 (Macintosh; Intel Mac OS X 10_15_5) AppleWebKit/605.1.15 (KHTML, like Gecko) Version/13.1.1 Safari/605.1.15 (Applebot/0.1; +http://www.apple.com/go/applebot)"
65.108.64.210 - - [02/Sep/2022:04:32:45 +0200] "GET /dishes-c-12.html?page=152 HTTP/1.0" 200 91875 "-" "Mozilla/5.0 (compatible; MJ12bot/v1.4.8; http://mj12bot.com/)"
185.191.171.4 - - [02/Sep/2022:04:32:46 +0200] "GET /gingerbread-p-30682.html HTTP/1.0" 200 74336 "-" "Mozilla/5.0 (compatible; SemrushBot/7~bl; +http://www.semrush.com/bot.html)"
65.108.64.210 - - [02/Sep/2022:04:32:49 +0200] "GET /dishes-c-12.html?page=153 HTTP/1.0" 200 83801 "-" "Mozilla/5.0 (compatible; MJ12bot/v1.4.8; http://mj12bot.com/)"
65.108.64.210 - - [02/Sep/2022:04:32:52 +0200] "GET /dishes-c-12.html?page=154 HTTP/1.0" 200 83801 "-" "Mozilla/5.0 (compatible; MJ12bot/v1.4.8; http://mj12bot.com/)"
185.191.171.26 - - [02/Sep/2022:04:32:54 +0200] "GET /transportable-gray-table-lamp-p-56449.html HTTP/1.0" 200 75218 "-" "Mozilla/5.0 (compatible; SemrushBot/7~bl; +http://www.semrush.com/bot.html)"
65.108.64.210 - - [02/Sep/2022:04:32:57 +0200] "GET /dishes-c-12.html?page=155 HTTP/1.0" 200 83801 "-" "Mozilla/5.0 (compatible; MJ12bot/v1.4.8; http://mj12bot.com/)"
65.108.64.210 - - [02/Sep/2022:04:33:00 +0200] "GET /dishes-c-13_12.html?page=145 HTTP/1.0" 200 94623 "-" "Mozilla/5.0 (compatible; MJ12bot/v1.4.8; http://mj12bot.com/)"
61.135.159.205 - - [02/Sep/2022:04:33:05 +0200] "GET / HTTP/1.0" 301 511 "-" "Sogou web spider/4.0(+http://www.sogou.com/docs/help/webmasters.htm#07)"
65.108.64.210 - - [02/Sep/2022:04:33:04 +0200] "GET /dishes-c-13_12.html?page=146 HTTP/1.0" 200 94162 "-" "Mozilla/5.0 (compatible; MJ12bot/v1.4.8; http://mj12bot.com/)"
154.54.249.200 - - [02/Sep/2022:04:33:06 +0200] "GET /paperweight-c-129_188.html?page=5 HTTP/1.0" 200 92722 "-" "Mozilla/5.0 (compatible; Barkrowler/0.9; +https://babbar.tech/crawler)"
65.108.64.210 - - [02/Sep/2022:04:33:08 +0200] "GET /dishes-c-13_12.html?page=147 HTTP/1.0" 200 94656 "-" "Mozilla/5.0 (compatible; MJ12bot/v1.4.8; http://mj12bot.com/)"
65.108.64.210 - - [02/Sep/2022:04:33:12 +0200] "GET /dishes-c-13_12.html?page=148 HTTP/1.0" 200 94867 "-" "Mozilla/5.0 (compatible; MJ12bot/v1.4.8; http://mj12bot.com/)"
65.108.64.210 - - [02/Sep/2022:04:33:15 +0200] "GET /dishes-c-13_12.html?page=149 HTTP/1.0" 200 94660 "-" "Mozilla/5.0 (compatible; MJ12bot/v1.4.8; http://mj12bot.com/)"
65.108.64.210 - - [02/Sep/2022:04:33:20 +0200] "GET /dishes-c-13_12.html?page=150 HTTP/1.0" 200 94640 "-" "Mozilla/5.0 (compatible; MJ12bot/v1.4.8; http://mj12bot.com/)"
65.108.64.210 - - [02/Sep/2022:04:33:24 +0200] "GET /dishes-c-13_12.html?page=151 HTTP/1.0" 200 92219 "-" "Mozilla/5.0 (compatible; MJ12bot/v1.4.8; http://mj12bot.com/)"
65.108.64.210 - - [02/Sep/2022:04:33:27 +0200] "GET /dishes-c-13_12.html?page=152 HTTP/1.0" 200 92034 "-" "Mozilla/5.0 (compatible; MJ12bot/v1.4.8; http://mj12bot.com/)"
185.191.171.2 - - [02/Sep/2022:04:33:29 +0200] "GET /banania-large-metal-plate-p-27378.html HTTP/1.0" 200 74494 "-" "Mozilla/5.0 (compatible; SemrushBot/7~bl; +http://www.semrush.com/bot.html)"
65.108.64.210 - - [02/Sep/2022:04:33:31 +0200] "GET /dishes-c-13_12.html?page=153 HTTP/1.0" 200 83954 "-" "Mozilla/5.0 (compatible; MJ12bot/v1.4.8; http://mj12bot.com/)"
66.249.64.82 - - [02/Sep/2022:04:33:34 +0200] "GET /monaco-1912-vintage-poster-p-42504.html HTTP/1.0" 200 74463 "-" "Mozilla/5.0 (compatible; Googlebot/2.1; +http://www.google.com/bot.html)"
185.191.171.8 - - [02/Sep/2022:04:33:34 +0200] "GET /gogh-nuit-toile-shoulder-hook-made-france-p-47436.html?action=add_product HTTP/1.0" 302 476 "-" "Mozilla/5.0 (compatible; SemrushBot/7~bl; +http://www.semrush.com/bot.html)"
154.54.249.200 - - [02/Sep/2022:04:33:34 +0200] "GET /paperweight-c-129_188.html?page=4 HTTP/1.0" 200 93174 "-" "Mozilla/5.0 (compatible; Barkrowler/0.9; +https://babbar.tech/crawler)"
65.108.64.210 - - [02/Sep/2022:04:33:35 +0200] "GET /dishes-c-13_12.html?page=154 HTTP/1.0" 200 83954 "-" "Mozilla/5.0 (compatible; MJ12bot/v1.4.8; http://mj12bot.com/)"
65.108.64.210 - - [02/Sep/2022:04:33:39 +0200] "GET /dishes-c-13_12.html?page=155 HTTP/1.0" 200 83954 "-" "Mozilla/5.0 (compatible; MJ12bot/v1.4.8; http://mj12bot.com/)"
65.108.64.210 - - [02/Sep/2022:04:33:43 +0200] "GET /eccentric-breakfast-p-39752.html HTTP/1.0" 200 74477 "-" "Mozilla/5.0 (compatible; MJ12bot/v1.4.8; http://mj12bot.com/)"
185.191.171.5 - - [02/Sep/2022:04:33:44 +0200] "GET /dragonfly-wall-decoration-p-40997.html HTTP/1.0" 200 74536 "-" "Mozilla/5.0 (compatible; SemrushBot/7~bl; +http://www.semrush.com/bot.html)"
65.108.64.210 - - [02/Sep/2022:04:33:47 +0200] "GET /espresso-eccentric-p-39753.html HTTP/1.0" 200 74523 "-" "Mozilla/5.0 (compatible; MJ12bot/v1.4.8; http://mj12bot.com/)"
65.108.64.210 - - [02/Sep/2022:04:33:49 +0200] "GET /espresso-eccentric-p-39754.html HTTP/1.0" 200 74529 "-" "Mozilla/5.0 (compatible; MJ12bot/v1.4.8; http://mj12bot.com/)"
185.191.171.22 - - [02/Sep/2022:04:33:52 +0200] "GET /the-spirit-of-christmas-tree-decoration-p-53276.html HTTP/1.0" 301 75575 "-" "Mozilla/5.0 (compatible; SemrushBot/7~bl; +http://www.semrush.com/bot.html)"
54.36.148.220 - - [02/Sep/2022:04:33:52 +0200] "GET /kori-kumi-small-notepad-p-30498.html HTTP/1.0" 200 74466 "-" "Mozilla/5.0 (compatible; AhrefsBot/7.0; +http://ahrefs.com/robot/)"
65.108.64.210 - - [02/Sep/2022:04:33:53 +0200] "GET /flower-life-isothermic-stainless-steel-bottle-cbkreation-p-51014.html HTTP/1.0" 200 74698 "-" "Mozilla/5.0 (compatible; MJ12bot/v1.4.8; http://mj12bot.com/)"
185.191.171.10 - - [02/Sep/2022:04:33:55 +0200] "GET /spirit-christmas-tree-decoration-p-53276.html HTTP/1.0" 200 75476 "-" "Mozilla/5.0 (compatible; SemrushBot/7~bl; +http://www.semrush.com/bot.html)"
65.108.64.210 - - [02/Sep/2022:04:33:56 +0200] "GET /isothermic-stainless-steel-bottle-mojito-cbkreation-p-51030.html HTTP/1.0" 200 74683 "-" "Mozilla/5.0 (compatible; MJ12bot/v1.4.8; http://mj12bot.com/)"
185.191.171.9 - - [02/Sep/2022:04:33:58 +0200] "GET /-p-13788.html?action=add_product HTTP/1.0" 302 476 "-" "Mozilla/5.0 (compatible; SemrushBot/7~bl; +http://www.semrush.com/bot.html)"
65.108.64.210 - - [02/Sep/2022:04:33:59 +0200] "GET /kidcat-salt-pepper-p-37396.html HTTP/1.0" 200 71883 "-" "Mozilla/5.0 (compatible; MJ12bot/v1.4.8; http://mj12bot.com/)"
