185.191.171.37 - - [21/Sep/2022:04:44:19 +0200] "GET /mappemonde-coasters-p-52604.html HTTP/1.0" 200 74490 "-" "Mozilla/5.0 (compatible; SemrushBot/7~bl; +http://www.semrush.com/bot.html)"
135.181.180.59 - - [21/Sep/2022:04:44:20 +0200] "GET /peg-and-coat-hook-c-13_198.html?page=3 HTTP/1.0" 301 92202 "-" "Mozilla/5.0 (compatible; MJ12bot/v1.4.8; http://mj12bot.com/)"
149.202.82.11 - - [21/Sep/2022:04:44:23 +0200] "GET /-p-14867.html HTTP/1.0" 200 71872 "-" "Mozilla/5.0 (compatible; MJ12bot/v1.4.8; http://mj12bot.com/)"
135.181.180.59 - - [21/Sep/2022:04:44:23 +0200] "GET /coat-hook-c-198.html?page=3 HTTP/1.0" 301 92079 "-" "Mozilla/5.0 (compatible; MJ12bot/v1.4.8; http://mj12bot.com/)"
135.181.180.59 - - [21/Sep/2022:04:44:26 +0200] "GET /coat-hook-c-13_198.html?page=3 HTTP/1.0" 200 92121 "-" "Mozilla/5.0 (compatible; MJ12bot/v1.4.8; http://mj12bot.com/)"
135.181.180.59 - - [21/Sep/2022:04:44:29 +0200] "GET /pepe-jeans-gray-traveling-p-35988.html HTTP/1.0" 200 74855 "-" "Mozilla/5.0 (compatible; MJ12bot/v1.4.8; http://mj12bot.com/)"
135.181.180.59 - - [21/Sep/2022:04:44:32 +0200] "GET /petite-crmerie-p-35608.html HTTP/1.0" 200 74494 "-" "Mozilla/5.0 (compatible; MJ12bot/v1.4.8; http://mj12bot.com/)"
185.191.171.8 - - [21/Sep/2022:04:44:35 +0200] "GET /angel-figurine-family-p-58776.html HTTP/1.0" 200 74834 "-" "Mozilla/5.0 (compatible; SemrushBot/7~bl; +http://www.semrush.com/bot.html)"
135.181.180.59 - - [21/Sep/2022:04:44:36 +0200] "GET /piggy-bank-p-47726.html HTTP/1.0" 200 71910 "-" "Mozilla/5.0 (compatible; MJ12bot/v1.4.8; http://mj12bot.com/)"
149.202.82.11 - - [21/Sep/2022:04:44:36 +0200] "GET /dragon-ball-shirt-size-years-p-23605.html HTTP/1.0" 301 71939 "-" "Mozilla/5.0 (compatible; MJ12bot/v1.4.8; http://mj12bot.com/)"
54.91.42.203 - - [21/Sep/2022:04:44:38 +0200] "GET /images/mini_prod/8424001159550N.jpg HTTP/1.0" 200 270 "-" "Mozilla/5.0 (X11; Ubuntu; Linux x86_64; rv:72.0) Gecko/20100101 Firefox/72.0"
135.181.180.59 - - [21/Sep/2022:04:44:39 +0200] "GET /pounds-money-cbkreation-p-24140.html HTTP/1.0" 200 74593 "-" "Mozilla/5.0 (compatible; MJ12bot/v1.4.8; http://mj12bot.com/)"
135.181.180.59 - - [21/Sep/2022:04:44:42 +0200] "GET /raving-rabbids-lucha-libre-p-18098.html HTTP/1.0" 200 74544 "-" "Mozilla/5.0 (compatible; MJ12bot/v1.4.8; http://mj12bot.com/)"
135.181.180.59 - - [21/Sep/2022:04:44:45 +0200] "GET /rescue-bernard-bianca-40th-anniversary-piece-p-39574.html HTTP/1.0" 200 72064 "-" "Mozilla/5.0 (compatible; MJ12bot/v1.4.8; http://mj12bot.com/)"
135.181.180.59 - - [21/Sep/2022:04:44:47 +0200] "GET /retro-glass-housewife-life-p-36023.html HTTP/1.0" 200 71978 "-" "Mozilla/5.0 (compatible; MJ12bot/v1.4.8; http://mj12bot.com/)"
149.202.82.11 - - [21/Sep/2022:04:44:49 +0200] "GET /-p-23605.html HTTP/1.0" 200 71872 "-" "Mozilla/5.0 (compatible; MJ12bot/v1.4.8; http://mj12bot.com/)"
135.181.180.59 - - [21/Sep/2022:04:44:50 +0200] "GET /rococo-rtro-phone-p-37501.html HTTP/1.0" 200 71951 "-" "Mozilla/5.0 (compatible; MJ12bot/v1.4.8; http://mj12bot.com/)"
135.181.180.59 - - [21/Sep/2022:04:44:54 +0200] "GET /round-carpet-imitation-cowhide-p-50713.html HTTP/1.0" 200 72008 "-" "Mozilla/5.0 (compatible; MJ12bot/v1.4.8; http://mj12bot.com/)"
135.181.180.59 - - [21/Sep/2022:04:44:58 +0200] "GET /round-doormat-flower-life-diameter-p-50702.html HTTP/1.0" 200 72024 "-" "Mozilla/5.0 (compatible; MJ12bot/v1.4.8; http://mj12bot.com/)"
149.202.82.11 - - [21/Sep/2022:04:45:00 +0200] "GET /dragon-ball-shirt-size-years-p-23606.html HTTP/1.0" 301 71939 "-" "Mozilla/5.0 (compatible; MJ12bot/v1.4.8; http://mj12bot.com/)"
54.36.148.224 - - [21/Sep/2022:04:45:17 +0200] "GET /olaf-sven-frozen-poster-p-30918.html HTTP/1.0" 200 74531 "-" "Mozilla/5.0 (compatible; AhrefsBot/7.0; +http://ahrefs.com/robot/)"
149.202.82.11 - - [21/Sep/2022:04:45:18 +0200] "GET /-p-23606.html HTTP/1.0" 200 71872 "-" "Mozilla/5.0 (compatible; MJ12bot/v1.4.8; http://mj12bot.com/)"
135.181.180.59 - - [21/Sep/2022:04:45:02 +0200] "GET /salt-pepper-shaker-sets-c-12_160.html?page=5 HTTP/1.0" 200 88795 "-" "Mozilla/5.0 (compatible; MJ12bot/v1.4.8; http://mj12bot.com/)"
54.36.148.229 - - [21/Sep/2022:04:45:26 +0200] "GET /images/med_prod/8435107822545.jpg HTTP/1.0" 200 268 "-" "Mozilla/5.0 (compatible; AhrefsBot/7.0; +http://ahrefs.com/robot/)"
114.119.137.43 - - [21/Sep/2022:04:45:23 +0200] "GET /cement-tile-stickers-p-51623.html HTTP/1.0" 200 75441 "http://www.wonder-geek.com/home-and-decoration-c-13.html?page=7" "Mozilla/5.0 (Linux; Android 7.0;) AppleWebKit/537.36 (KHTML, like Gecko) Mobile Safari/537.36 (compatible; PetalBot;+https://webmaster.petalsearch.com/site/petalbot)"
135.181.180.59 - - [21/Sep/2022:04:45:24 +0200] "GET /sausage-with-knife-happy-thrapie-p-47686.html HTTP/1.0" 200 74596 "-" "Mozilla/5.0 (compatible; MJ12bot/v1.4.8; http://mj12bot.com/)"
135.181.180.59 - - [21/Sep/2022:04:45:29 +0200] "GET /shadow-frame-cats-dubout-dinner-p-38863.html HTTP/1.0" 200 72051 "-" "Mozilla/5.0 (compatible; MJ12bot/v1.4.8; http://mj12bot.com/)"
135.181.180.59 - - [21/Sep/2022:04:45:34 +0200] "GET /shadow-frame-cats-dubout-threesome-p-38860.html HTTP/1.0" 200 75111 "-" "Mozilla/5.0 (compatible; MJ12bot/v1.4.8; http://mj12bot.com/)"
66.249.66.210 - - [21/Sep/2022:04:45:39 +0200] "GET /images/big_prod_1/3665269098914a.jpg HTTP/1.0" 200 271 "-" "Googlebot-Image/1.0"
66.249.66.210 - - [21/Sep/2022:04:45:40 +0200] "GET /images/mini_prod/8424017389309.jpg HTTP/1.0" 200 269 "-" "Mozilla/5.0 (compatible; Googlebot/2.1; +http://www.google.com/bot.html)"
135.181.180.59 - - [21/Sep/2022:04:45:39 +0200] "GET /shadow-frame-cats-dubout-walk-p-38859.html HTTP/1.0" 200 75095 "-" "Mozilla/5.0 (compatible; MJ12bot/v1.4.8; http://mj12bot.com/)"
135.181.180.59 - - [21/Sep/2022:04:45:44 +0200] "GET /shape-violin-p-43681.html HTTP/1.0" 200 71965 "-" "Mozilla/5.0 (compatible; MJ12bot/v1.4.8; http://mj12bot.com/)"
135.181.180.59 - - [21/Sep/2022:04:45:47 +0200] "GET /shiva-cbkreation-p-37854.html HTTP/1.0" 200 74514 "-" "Mozilla/5.0 (compatible; MJ12bot/v1.4.8; http://mj12bot.com/)"
135.181.180.59 - - [21/Sep/2022:04:45:52 +0200] "GET /shower-curtain-p-50726.html HTTP/1.0" 200 75398 "-" "Mozilla/5.0 (compatible; MJ12bot/v1.4.8; http://mj12bot.com/)"
149.202.82.11 - - [21/Sep/2022:04:45:56 +0200] "GET /dragon-ball-wastebasket-p-33178.html HTTP/1.0" 301 71939 "-" "Mozilla/5.0 (compatible; MJ12bot/v1.4.8; http://mj12bot.com/)"
135.181.180.59 - - [21/Sep/2022:04:45:57 +0200] "GET /simpsons-p-27551.html HTTP/1.0" 200 74478 "-" "Mozilla/5.0 (compatible; MJ12bot/v1.4.8; http://mj12bot.com/)"
135.181.180.59 - - [21/Sep/2022:04:46:02 +0200] "GET /simpsons-p-27553.html HTTP/1.0" 200 74460 "-" "Mozilla/5.0 (compatible; MJ12bot/v1.4.8; http://mj12bot.com/)"
149.202.82.11 - - [21/Sep/2022:04:46:04 +0200] "GET /-p-33178.html HTTP/1.0" 200 71872 "-" "Mozilla/5.0 (compatible; MJ12bot/v1.4.8; http://mj12bot.com/)"
135.181.180.59 - - [21/Sep/2022:04:46:07 +0200] "GET /simpsons-p-27554.html HTTP/1.0" 200 74460 "-" "Mozilla/5.0 (compatible; MJ12bot/v1.4.8; http://mj12bot.com/)"
135.181.180.59 - - [21/Sep/2022:04:46:11 +0200] "GET /simpsons-p-27555.html HTTP/1.0" 200 74460 "-" "Mozilla/5.0 (compatible; MJ12bot/v1.4.8; http://mj12bot.com/)"
149.202.82.11 - - [21/Sep/2022:04:46:14 +0200] "GET /driftin-cars-small-car-radio-controlled-p-28018.html HTTP/1.0" 301 71939 "-" "Mozilla/5.0 (compatible; MJ12bot/v1.4.8; http://mj12bot.com/)"
135.181.180.59 - - [21/Sep/2022:04:46:16 +0200] "GET /smack-down-small-reels-p-13882.html HTTP/1.0" 200 74902 "-" "Mozilla/5.0 (compatible; MJ12bot/v1.4.8; http://mj12bot.com/)"
66.249.66.212 - - [21/Sep/2022:04:46:18 +0200] "GET /pillow-case-fougre-p-43590.html HTTP/1.0" 200 74730 "-" "Mozilla/5.0 (compatible; Googlebot/2.1; +http://www.google.com/bot.html)"
185.191.171.12 - - [21/Sep/2022:04:46:20 +0200] "GET /boho-canvas-frame-40-30-cm-dream-catcher-p-48995.html HTTP/1.0" 301 71939 "-" "Mozilla/5.0 (compatible; SemrushBot/7~bl; +http://www.semrush.com/bot.html)"
161.97.149.89 - - [21/Sep/2022:04:46:25 +0200] "GET /robots.txt HTTP/1.0" 200 245 "-" "Mozilla/5.0 (compatible; MJ12bot/v1.4.8; http://mj12bot.com/)"
54.36.148.22 - - [21/Sep/2022:04:46:21 +0200] "GET /mouse-saucer-p-57186.html HTTP/1.0" 200 75149 "-" "Mozilla/5.0 (compatible; AhrefsBot/7.0; +http://ahrefs.com/robot/)"
135.181.180.59 - - [21/Sep/2022:04:46:22 +0200] "GET /small-steel-fridge-magnets-p-31631.html HTTP/1.0" 200 74675 "-" "Mozilla/5.0 (compatible; MJ12bot/v1.4.8; http://mj12bot.com/)"
149.202.82.11 - - [21/Sep/2022:04:46:25 +0200] "GET /-p-28018.html HTTP/1.0" 200 71872 "-" "Mozilla/5.0 (compatible; MJ12bot/v1.4.8; http://mj12bot.com/)"
185.191.171.44 - - [21/Sep/2022:04:46:26 +0200] "GET /-p-48995.html HTTP/1.0" 200 71872 "-" "Mozilla/5.0 (compatible; SemrushBot/7~bl; +http://www.semrush.com/bot.html)"
183.71.252.126 - - [21/Sep/2022:04:46:29 +0200] "GET /images/mini_prod/8422666661517.jpg HTTP/1.0" 200 269 "-" "Mozilla/5.0 (X11; Ubuntu; Linux x86_64; rv:72.0) Gecko/20100101 Firefox/72.0"
135.181.180.59 - - [21/Sep/2022:04:46:28 +0200] "GET /smiski-figure-series-note-there-single-figure-p-43652.html HTTP/1.0" 200 75815 "-" "Mozilla/5.0 (compatible; MJ12bot/v1.4.8; http://mj12bot.com/)"
157.55.39.30 - - [21/Sep/2022:04:46:30 +0200] "GET /images/1399984242261.jpg HTTP/1.0" 200 259 "-" "Mozilla/5.0 AppleWebKit/537.36 (KHTML, like Gecko; compatible; bingbot/2.0; +http://www.bing.com/bingbot.htm) Chrome/103.0.5060.134 Safari/537.36"
135.181.180.59 - - [21/Sep/2022:04:46:32 +0200] "GET /smurfs-apron-holder-glove-p-28191.html HTTP/1.0" 200 71996 "-" "Mozilla/5.0 (compatible; MJ12bot/v1.4.8; http://mj12bot.com/)"
149.202.82.11 - - [21/Sep/2022:04:46:33 +0200] "GET /drink-coca-cola-cold-canvas-frame-p-33381.html HTTP/1.0" 200 72024 "-" "Mozilla/5.0 (compatible; MJ12bot/v1.4.8; http://mj12bot.com/)"
157.55.39.30 - - [21/Sep/2022:04:46:40 +0200] "GET /images/med_prod/1399984284308N.jpg HTTP/1.0" 200 269 "-" "Mozilla/5.0 (compatible; bingbot/2.0; +http://www.bing.com/bingbot.htm)"
161.97.149.89 - - [21/Sep/2022:04:46:40 +0200] "GET /-p-40320.html HTTP/1.0" 200 71872 "-" "Mozilla/5.0 (compatible; MJ12bot/v1.4.8; http://mj12bot.com/)"
185.191.171.12 - - [21/Sep/2022:04:46:40 +0200] "GET /red-toilet-brush-p-45523.html HTTP/1.0" 301 71997 "-" "Mozilla/5.0 (compatible; SemrushBot/7~bl; +http://www.semrush.com/bot.html)"
135.181.180.59 - - [21/Sep/2022:04:46:36 +0200] "GET /specials.php?page=36 HTTP/1.0" 200 124253 "-" "Mozilla/5.0 (compatible; MJ12bot/v1.4.8; http://mj12bot.com/)"
54.36.148.76 - - [21/Sep/2022:04:46:45 +0200] "GET /ajna-chakra-cushion-by-cbkreation-p-46834.html HTTP/1.0" 301 71939 "-" "Mozilla/5.0 (compatible; AhrefsBot/7.0; +http://ahrefs.com/robot/)"
185.191.171.43 - - [21/Sep/2022:04:46:45 +0200] "GET /toilet-brush-p-45523.html HTTP/1.0" 200 71918 "-" "Mozilla/5.0 (compatible; SemrushBot/7~bl; +http://www.semrush.com/bot.html)"
114.119.137.3 - - [21/Sep/2022:04:46:45 +0200] "GET /cote-azur-thermos-500-ml-p-48791.html HTTP/1.0" 301 75230 "http://www.wonder-geek.com/kanteen-and-water-bottles-c-12_161.html?page=4" "Mozilla/5.0 (Linux; Android 7.0;) AppleWebKit/537.36 (KHTML, like Gecko) Mobile Safari/537.36 (compatible; PetalBot;+https://webmaster.petalsearch.com/site/petalbot)"
161.97.149.89 - - [21/Sep/2022:04:46:51 +0200] "GET /-p-40321.html HTTP/1.0" 200 71872 "-" "Mozilla/5.0 (compatible; MJ12bot/v1.4.8; http://mj12bot.com/)"
114.119.137.3 - - [21/Sep/2022:04:46:49 +0200] "GET /azur-thermos-p-48791.html HTTP/1.0" 200 75151 "http://www.wonder-geek.com/kanteen-and-water-bottles-c-12_161.html?page=4" "Mozilla/5.0 (Linux; Android 7.0;) AppleWebKit/537.36 (KHTML, like Gecko) Mobile Safari/537.36 (compatible; PetalBot;+https://webmaster.petalsearch.com/site/petalbot)"
149.202.82.11 - - [21/Sep/2022:04:46:51 +0200] "GET /drink-coca-cola-ice-cold-canvas-frame-35-35-cm-p-33381.html HTTP/1.0" 301 72124 "-" "Mozilla/5.0 (compatible; MJ12bot/v1.4.8; http://mj12bot.com/)"
135.181.180.59 - - [21/Sep/2022:04:46:47 +0200] "GET /specials.php?page=37 HTTP/1.0" 200 123806 "-" "Mozilla/5.0 (compatible; MJ12bot/v1.4.8; http://mj12bot.com/)"
54.36.148.19 - - [21/Sep/2022:04:46:57 +0200] "GET /wax-melt-violet-moon-p-42621.html HTTP/1.0" 301 75190 "-" "Mozilla/5.0 (compatible; AhrefsBot/7.0; +http://ahrefs.com/robot/)"
66.249.66.212 - - [21/Sep/2022:04:46:58 +0200] "GET /cats-isothermic-stainless-steel-bottle-allen-p-51919.html HTTP/1.0" 200 75370 "-" "Mozilla/5.0 (Linux; Android 6.0.1; Nexus 5X Build/MMB29P) AppleWebKit/537.36 (KHTML, like Gecko) Chrome/105.0.5195.102 Mobile Safari/537.36 (compatible; Googlebot/2.1; +http://www.google.com/bot.html)"
185.191.171.4 - - [21/Sep/2022:04:47:00 +0200] "GET /us-route-66-usa-flag-mirror-p-37747.html HTTP/1.0" 301 74545 "-" "Mozilla/5.0 (compatible; SemrushBot/7~bl; +http://www.semrush.com/bot.html)"
135.181.180.59 - - [21/Sep/2022:04:47:00 +0200] "GET /specials.php?page=38 HTTP/1.0" 200 125028 "-" "Mozilla/5.0 (compatible; MJ12bot/v1.4.8; http://mj12bot.com/)"
185.191.171.43 - - [21/Sep/2022:04:47:08 +0200] "GET /route-flag-mirror-p-37747.html HTTP/1.0" 200 74461 "-" "Mozilla/5.0 (compatible; SemrushBot/7~bl; +http://www.semrush.com/bot.html)"
77.88.9.3 - - [21/Sep/2022:04:47:17 +0200] "GET /images/102_4505.jpg HTTP/1.0" 200 254 "-" "Mozilla/5.0 (compatible; YandexImages/3.0; +http://yandex.com/bots)"
185.191.171.11 - - [21/Sep/2022:04:47:14 +0200] "GET /retro-notepad-p-33072.html HTTP/1.0" 301 71939 "-" "Mozilla/5.0 (compatible; SemrushBot/7~bl; +http://www.semrush.com/bot.html)"
149.202.82.11 - - [21/Sep/2022:04:47:14 +0200] "GET /drink-coca-cola-cold-canvas-frame-p-33381.html HTTP/1.0" 200 72024 "-" "Mozilla/5.0 (compatible; MJ12bot/v1.4.8; http://mj12bot.com/)"
216.244.66.242 - - [21/Sep/2022:04:47:14 +0200] "GET /coffee-cutting-board-p-35940.html HTTP/1.0" 200 74517 "-" "Mozilla/5.0 (compatible; DotBot/1.2; +https://opensiteexplorer.org/dotbot; help@moz.com)"
161.97.149.89 - - [21/Sep/2022:04:47:18 +0200] "GET /-p-40322.html HTTP/1.0" 200 71872 "-" "Mozilla/5.0 (compatible; MJ12bot/v1.4.8; http://mj12bot.com/)"
54.36.149.35 - - [21/Sep/2022:04:47:19 +0200] "GET /rectangular-indoor-carpet-p-54543.html HTTP/1.0" 200 71984 "-" "Mozilla/5.0 (compatible; AhrefsBot/7.0; +http://ahrefs.com/robot/)"
185.191.171.4 - - [21/Sep/2022:04:47:19 +0200] "GET /-p-33072.html HTTP/1.0" 200 71872 "-" "Mozilla/5.0 (compatible; SemrushBot/7~bl; +http://www.semrush.com/bot.html)"
135.181.180.59 - - [21/Sep/2022:04:47:12 +0200] "GET /specials.php?page=39 HTTP/1.0" 200 124414 "-" "Mozilla/5.0 (compatible; MJ12bot/v1.4.8; http://mj12bot.com/)"
185.191.171.23 - - [21/Sep/2022:04:47:25 +0200] "GET /leopard-shoulder-bag-made-in-france-p-52756.html HTTP/1.0" 301 75589 "-" "Mozilla/5.0 (compatible; SemrushBot/7~bl; +http://www.semrush.com/bot.html)"
185.191.171.15 - - [21/Sep/2022:04:47:31 +0200] "GET /leopard-shoulder-made-france-p-52756.html HTTP/1.0" 200 75494 "-" "Mozilla/5.0 (compatible; SemrushBot/7~bl; +http://www.semrush.com/bot.html)"
135.181.180.59 - - [21/Sep/2022:04:47:25 +0200] "GET /specials.php?page=40 HTTP/1.0" 200 124404 "-" "Mozilla/5.0 (compatible; MJ12bot/v1.4.8; http://mj12bot.com/)"
77.88.9.3 - - [21/Sep/2022:04:47:37 +0200] "GET /images/4036113142234.jpg HTTP/1.0" 200 259 "-" "Mozilla/5.0 (compatible; YandexImages/3.0; +http://yandex.com/bots)"
161.97.149.89 - - [21/Sep/2022:04:47:37 +0200] "GET /-p-40323.html HTTP/1.0" 200 71872 "-" "Mozilla/5.0 (compatible; MJ12bot/v1.4.8; http://mj12bot.com/)"
163.220.128.41 - - [21/Sep/2022:04:47:43 +0200] "GET /images/mini_prod/Image91.jpg HTTP/1.0" 200 263 "-" "Mozilla/5.0 (X11; Ubuntu; Linux x86_64; rv:72.0) Gecko/20100101 Firefox/72.0"
135.181.180.59 - - [21/Sep/2022:04:47:37 +0200] "GET /specials.php?page=41 HTTP/1.0" 200 123666 "-" "Mozilla/5.0 (compatible; MJ12bot/v1.4.8; http://mj12bot.com/)"
149.202.82.11 - - [21/Sep/2022:04:47:44 +0200] "GET /dubout-cats-compact-mirror-p-32232.html HTTP/1.0" 200 71993 "-" "Mozilla/5.0 (compatible; MJ12bot/v1.4.8; http://mj12bot.com/)"
37.139.53.82 - - [21/Sep/2022:04:47:48 +0200] "GET /contact_us.php HTTP/1.0" 200 26241 "http://www.wonder-geek.com/contact_us.php" "Mozilla/5.0 (Windows NT 10.0; Win64; x64) AppleWebKit/537.36 (KHTML, like Gecko) Chrome/83.0.4103.14 Safari/537.36"
37.139.53.82 - - [21/Sep/2022:04:47:48 +0200] "POST /contact_us.php?action=send HTTP/1.0" 200 26553 "http://www.wonder-geek.com/contact_us.php" "Mozilla/5.0 (Windows NT 10.0; Win64; x64) AppleWebKit/537.36 (KHTML, like Gecko) Chrome/83.0.4103.14 Safari/537.36"
161.97.149.89 - - [21/Sep/2022:04:47:46 +0200] "GET /-p-40329.html HTTP/1.0" 200 71872 "-" "Mozilla/5.0 (compatible; MJ12bot/v1.4.8; http://mj12bot.com/)"
101.204.187.217 - - [21/Sep/2022:04:47:55 +0200] "GET /contact_us.php HTTP/1.0" 200 26241 "http://www.wonder-geek.com/contact_us.php" "Mozilla/5.0 (Windows NT 6.1; Win64; x64) AppleWebKit/537.36 (KHTML, like Gecko) Chrome/90.0.4430.85 Safari/537.36 Edg/90.0.818.49"
216.244.66.242 - - [21/Sep/2022:04:47:38 +0200] "GET /difference-accessoriess-c-12_59.html?page=13 HTTP/1.0" 200 85994 "-" "Mozilla/5.0 (compatible; DotBot/1.2; +https://opensiteexplorer.org/dotbot; help@moz.com)"
135.181.180.59 - - [21/Sep/2022:04:47:49 +0200] "GET /specials.php?page=50 HTTP/1.0" 200 117175 "-" "Mozilla/5.0 (compatible; MJ12bot/v1.4.8; http://mj12bot.com/)"
149.202.82.11 - - [21/Sep/2022:04:47:55 +0200] "GET /dubout-cats-compact-mirror-p-32234.html HTTP/1.0" 200 71966 "-" "Mozilla/5.0 (compatible; MJ12bot/v1.4.8; http://mj12bot.com/)"
161.97.149.89 - - [21/Sep/2022:04:48:03 +0200] "GET /-p-40335.html HTTP/1.0" 200 71872 "-" "Mozilla/5.0 (compatible; MJ12bot/v1.4.8; http://mj12bot.com/)"
135.181.180.59 - - [21/Sep/2022:04:47:59 +0200] "GET /specials.php?page=51 HTTP/1.0" 200 117175 "-" "Mozilla/5.0 (compatible; MJ12bot/v1.4.8; http://mj12bot.com/)"
114.119.137.45 - - [21/Sep/2022:04:48:10 +0200] "GET /pedestal-elephant-ethnic-resin-p-52333.html HTTP/1.0" 200 71982 "http://www.wonder-geek.com/tables-c-13_206.html" "Mozilla/5.0 (Linux; Android 7.0;) AppleWebKit/537.36 (KHTML, like Gecko) Mobile Safari/537.36 (compatible; PetalBot;+https://webmaster.petalsearch.com/site/petalbot)"
135.181.180.59 - - [21/Sep/2022:04:48:09 +0200] "GET /specials.php?page=52 HTTP/1.0" 200 117175 "-" "Mozilla/5.0 (compatible; MJ12bot/v1.4.8; http://mj12bot.com/)"
149.202.82.11 - - [21/Sep/2022:04:48:19 +0200] "GET /dubout-cats-compact-mirror-p-32235.html HTTP/1.0" 200 71993 "-" "Mozilla/5.0 (compatible; MJ12bot/v1.4.8; http://mj12bot.com/)"
185.191.171.12 - - [21/Sep/2022:04:48:02 +0200] "GET /home-and-decoration-c-13.html?page=149 HTTP/1.0" 301 94444 "-" "Mozilla/5.0 (compatible; SemrushBot/7~bl; +http://www.semrush.com/bot.html)"
54.36.148.184 - - [21/Sep/2022:04:48:24 +0200] "GET /retro-garage-p-35734.html HTTP/1.0" 200 74518 "-" "Mozilla/5.0 (compatible; AhrefsBot/7.0; +http://ahrefs.com/robot/)"
135.181.180.59 - - [21/Sep/2022:04:48:19 +0200] "GET /specials.php?page=53 HTTP/1.0" 200 117175 "-" "Mozilla/5.0 (compatible; MJ12bot/v1.4.8; http://mj12bot.com/)"
161.97.149.89 - - [21/Sep/2022:04:48:28 +0200] "GET /-p-40361.html HTTP/1.0" 200 71872 "-" "Mozilla/5.0 (compatible; MJ12bot/v1.4.8; http://mj12bot.com/)"
216.244.66.242 - - [21/Sep/2022:04:48:26 +0200] "GET /lamp-paint-white-p-58410.html HTTP/1.0" 200 75843 "-" "Mozilla/5.0 (compatible; DotBot/1.2; +https://opensiteexplorer.org/dotbot; help@moz.com)"
185.191.171.18 - - [21/Sep/2022:04:48:28 +0200] "GET /my-first-teddy-bear-blue-baby-p-33352.html HTTP/1.0" 301 71939 "-" "Mozilla/5.0 (compatible; SemrushBot/7~bl; +http://www.semrush.com/bot.html)"
66.249.66.210 - - [21/Sep/2022:04:48:32 +0200] "GET /images/mini_prod/3438100331842Z.jpg HTTP/1.0" 200 270 "-" "Googlebot-Image/1.0"
185.191.171.10 - - [21/Sep/2022:04:48:32 +0200] "GET /-p-33352.html HTTP/1.0" 200 71872 "-" "Mozilla/5.0 (compatible; SemrushBot/7~bl; +http://www.semrush.com/bot.html)"
135.181.180.59 - - [21/Sep/2022:04:48:29 +0200] "GET /specials.php?page=54 HTTP/1.0" 200 117175 "-" "Mozilla/5.0 (compatible; MJ12bot/v1.4.8; http://mj12bot.com/)"
35.78.201.245 - - [21/Sep/2022:04:48:43 +0200] "GET /contact_us.php HTTP/1.0" 200 26241 "http://www.wonder-geek.com/contact_us.php" "Mozilla/5.0 (Windows NT 6.1; Win64; x64) AppleWebKit/537.36 (KHTML, like Gecko) Chrome/90.0.4430.85 Safari/537.36 Edg/90.0.818.49"
161.97.149.89 - - [21/Sep/2022:04:48:44 +0200] "GET /-p-40363.html HTTP/1.0" 200 71872 "-" "Mozilla/5.0 (compatible; MJ12bot/v1.4.8; http://mj12bot.com/)"
135.181.180.59 - - [21/Sep/2022:04:48:40 +0200] "GET /specials.php?page=55 HTTP/1.0" 200 117175 "-" "Mozilla/5.0 (compatible; MJ12bot/v1.4.8; http://mj12bot.com/)"
35.78.201.245 - - [21/Sep/2022:04:48:46 +0200] "POST /contact_us.php?action=send HTTP/1.0" 200 26488 "http://www.wonder-geek.com/contact_us.php" "Mozilla/5.0 (Windows NT 6.1; Win64; x64) AppleWebKit/537.36 (KHTML, like Gecko) Chrome/90.0.4430.85 Safari/537.36 Edg/90.0.818.49"
135.181.180.59 - - [21/Sep/2022:04:48:49 +0200] "GET /specials.php?page=56 HTTP/1.0" 200 117175 "-" "Mozilla/5.0 (compatible; MJ12bot/v1.4.8; http://mj12bot.com/)"
161.97.149.89 - - [21/Sep/2022:04:48:58 +0200] "GET /-p-4045.html HTTP/1.0" 200 71870 "-" "Mozilla/5.0 (compatible; MJ12bot/v1.4.8; http://mj12bot.com/)"
185.191.171.9 - - [21/Sep/2022:04:48:37 +0200] "GET /home-decoration-c-13.html?page=149 HTTP/1.0" 200 94356 "-" "Mozilla/5.0 (compatible; SemrushBot/7~bl; +http://www.semrush.com/bot.html)"
18.232.58.86 - - [21/Sep/2022:04:49:01 +0200] "GET /images/mini_prod/1384010184721.jpg HTTP/1.0" 200 269 "-" "Mozilla/5.0 (X11; Ubuntu; Linux x86_64; rv:72.0) Gecko/20100101 Firefox/72.0"
149.202.82.11 - - [21/Sep/2022:04:49:04 +0200] "GET /dubout-cats-cookie-jar-p-40059.html HTTP/1.0" 301 71939 "-" "Mozilla/5.0 (compatible; MJ12bot/v1.4.8; http://mj12bot.com/)"
135.181.180.59 - - [21/Sep/2022:04:48:58 +0200] "GET /specials.php?page=57 HTTP/1.0" 200 117175 "-" "Mozilla/5.0 (compatible; MJ12bot/v1.4.8; http://mj12bot.com/)"
135.181.180.59 - - [21/Sep/2022:04:49:09 +0200] "GET /specials.php?page=58 HTTP/1.0" 200 117175 "-" "Mozilla/5.0 (compatible; MJ12bot/v1.4.8; http://mj12bot.com/)"
149.202.82.11 - - [21/Sep/2022:04:49:22 +0200] "GET /-p-40059.html HTTP/1.0" 200 71872 "-" "Mozilla/5.0 (compatible; MJ12bot/v1.4.8; http://mj12bot.com/)"
135.181.180.59 - - [21/Sep/2022:04:49:18 +0200] "GET /specials.php?page=59 HTTP/1.0" 200 117175 "-" "Mozilla/5.0 (compatible; MJ12bot/v1.4.8; http://mj12bot.com/)"
161.97.149.89 - - [21/Sep/2022:04:49:23 +0200] "GET /-p-4053.html HTTP/1.0" 200 71870 "-" "Mozilla/5.0 (compatible; MJ12bot/v1.4.8; http://mj12bot.com/)"
54.36.148.88 - - [21/Sep/2022:04:49:25 +0200] "GET /placemat-little-prince-p-56243.html HTTP/1.0" 200 74518 "-" "Mozilla/5.0 (compatible; AhrefsBot/7.0; +http://ahrefs.com/robot/)"
114.119.137.43 - - [21/Sep/2022:04:49:32 +0200] "GET /britto-bear-pill-box-p-32631.html HTTP/1.0" 301 71939 "http://www.wonder-geek.com/boxes-and-storage-box-c-13_150.html?page=11" "Mozilla/5.0 (Linux; Android 7.0;) AppleWebKit/537.36 (KHTML, like Gecko) Mobile Safari/537.36 (compatible; PetalBot;+https://webmaster.petalsearch.com/site/petalbot)"
54.36.148.151 - - [21/Sep/2022:04:49:34 +0200] "GET /images/big_prod/3713572731704.jpg HTTP/1.0" 200 268 "-" "Mozilla/5.0 (compatible; AhrefsBot/7.0; +http://ahrefs.com/robot/)"
135.181.180.59 - - [21/Sep/2022:04:49:28 +0200] "GET /specials.php?page=60 HTTP/1.0" 200 117175 "-" "Mozilla/5.0 (compatible; MJ12bot/v1.4.8; http://mj12bot.com/)"
114.119.137.43 - - [21/Sep/2022:04:49:34 +0200] "GET /-p-32631.html HTTP/1.0" 200 71872 "http://www.wonder-geek.com/boxes-and-storage-box-c-13_150.html?page=11" "Mozilla/5.0 (Linux; Android 7.0;) AppleWebKit/537.36 (KHTML, like Gecko) Mobile Safari/537.36 (compatible; PetalBot;+https://webmaster.petalsearch.com/site/petalbot)"
185.191.171.12 - - [21/Sep/2022:04:49:35 +0200] "GET /tortoise-statue-in-resin-and-glass-p-48010.html HTTP/1.0" 301 72078 "-" "Mozilla/5.0 (compatible; SemrushBot/7~bl; +http://www.semrush.com/bot.html)"
161.97.149.89 - - [21/Sep/2022:04:49:37 +0200] "GET /-p-40637.html HTTP/1.0" 200 71872 "-" "Mozilla/5.0 (compatible; MJ12bot/v1.4.8; http://mj12bot.com/)"
185.191.171.43 - - [21/Sep/2022:04:49:40 +0200] "GET /tortoise-statue-resin-glass-p-48010.html HTTP/1.0" 200 71984 "-" "Mozilla/5.0 (compatible; SemrushBot/7~bl; +http://www.semrush.com/bot.html)"
135.181.180.59 - - [21/Sep/2022:04:49:38 +0200] "GET /specials.php?page=61 HTTP/1.0" 200 117175 "-" "Mozilla/5.0 (compatible; MJ12bot/v1.4.8; http://mj12bot.com/)"
66.249.66.212 - - [21/Sep/2022:04:49:45 +0200] "GET /beauty-terracotta-cache-p-55347.html HTTP/1.0" 200 74640 "-" "Mozilla/5.0 (Linux; Android 6.0.1; Nexus 5X Build/MMB29P) AppleWebKit/537.36 (KHTML, like Gecko) Chrome/105.0.5195.125 Mobile Safari/537.36 (compatible; Googlebot/2.1; +http://www.google.com/bot.html)"
185.191.171.36 - - [21/Sep/2022:04:49:47 +0200] "GET /our-lady-of-lourdes-prayer-candle-novena-p-44452.html HTTP/1.0" 301 75483 "-" "Mozilla/5.0 (compatible; SemrushBot/7~bl; +http://www.semrush.com/bot.html)"
185.191.171.8 - - [21/Sep/2022:04:49:52 +0200] "GET /lady-lourdes-prayer-candle-novena-p-44452.html HTTP/1.0" 200 75383 "-" "Mozilla/5.0 (compatible; SemrushBot/7~bl; +http://www.semrush.com/bot.html)"
161.97.149.89 - - [21/Sep/2022:04:49:52 +0200] "GET /-p-40789.html HTTP/1.0" 200 71872 "-" "Mozilla/5.0 (compatible; MJ12bot/v1.4.8; http://mj12bot.com/)"
135.181.180.59 - - [21/Sep/2022:04:49:49 +0200] "GET /specials.php?page=62 HTTP/1.0" 200 117175 "-" "Mozilla/5.0 (compatible; MJ12bot/v1.4.8; http://mj12bot.com/)"
149.202.82.11 - - [21/Sep/2022:04:49:56 +0200] "GET /dubout-cats-cookie-p-40059.html HTTP/1.0" 301 71939 "-" "Mozilla/5.0 (compatible; MJ12bot/v1.4.8; http://mj12bot.com/)"
135.181.180.59 - - [21/Sep/2022:04:50:00 +0200] "GET /specials.php?page=63 HTTP/1.0" 200 117175 "-" "Mozilla/5.0 (compatible; MJ12bot/v1.4.8; http://mj12bot.com/)"
135.181.180.59 - - [21/Sep/2022:04:50:11 +0200] "GET /specials.php?page=64 HTTP/1.0" 200 117175 "-" "Mozilla/5.0 (compatible; MJ12bot/v1.4.8; http://mj12bot.com/)"
185.191.171.9 - - [21/Sep/2022:04:50:22 +0200] "GET /statue-the-white-bear-of-francois-pompon-11-21-cm-p-44147.html HTTP/1.0" 301 75875 "-" "Mozilla/5.0 (compatible; SemrushBot/7~bl; +http://www.semrush.com/bot.html)"
149.202.82.11 - - [21/Sep/2022:04:50:26 +0200] "GET /-p-40059.html HTTP/1.0" 200 71872 "-" "Mozilla/5.0 (compatible; MJ12bot/v1.4.8; http://mj12bot.com/)"
135.181.180.59 - - [21/Sep/2022:04:50:22 +0200] "GET /specials.php?page=65 HTTP/1.0" 200 117175 "-" "Mozilla/5.0 (compatible; MJ12bot/v1.4.8; http://mj12bot.com/)"
185.191.171.17 - - [21/Sep/2022:04:50:29 +0200] "GET /statue-white-bear-franois-pompon-p-44147.html HTTP/1.0" 200 75776 "-" "Mozilla/5.0 (compatible; SemrushBot/7~bl; +http://www.semrush.com/bot.html)"
54.36.149.93 - - [21/Sep/2022:04:50:31 +0200] "GET /dubout-cats-large-white-shopping-p-32260.html HTTP/1.0" 200 74829 "-" "Mozilla/5.0 (compatible; AhrefsBot/7.0; +http://ahrefs.com/robot/)"
185.191.171.14 - - [21/Sep/2022:04:50:34 +0200] "GET /goa-aman-bedclothes-220-240-cm-p-42395.html HTTP/1.0" 301 71939 "-" "Mozilla/5.0 (compatible; SemrushBot/7~bl; +http://www.semrush.com/bot.html)"
54.36.149.52 - - [21/Sep/2022:04:50:40 +0200] "GET /images/med_prod/1384010177457.jpg HTTP/1.0" 200 268 "-" "Mozilla/5.0 (compatible; AhrefsBot/7.0; +http://ahrefs.com/robot/)"
135.181.180.59 - - [21/Sep/2022:04:50:33 +0200] "GET /specials.php?page=66 HTTP/1.0" 200 117175 "-" "Mozilla/5.0 (compatible; MJ12bot/v1.4.8; http://mj12bot.com/)"
54.36.148.176 - - [21/Sep/2022:04:50:40 +0200] "GET /emoticon-cushion-45-45-cm-p-40431.html HTTP/1.0" 301 71939 "-" "Mozilla/5.0 (compatible; AhrefsBot/7.0; +http://ahrefs.com/robot/)"
185.191.171.7 - - [21/Sep/2022:04:50:40 +0200] "GET /-p-42395.html HTTP/1.0" 200 71872 "-" "Mozilla/5.0 (compatible; SemrushBot/7~bl; +http://www.semrush.com/bot.html)"
135.181.180.59 - - [21/Sep/2022:04:50:42 +0200] "GET /specials.php?page=67 HTTP/1.0" 200 117175 "-" "Mozilla/5.0 (compatible; MJ12bot/v1.4.8; http://mj12bot.com/)"
161.97.149.89 - - [21/Sep/2022:04:50:54 +0200] "GET /-p-40805.html HTTP/1.0" 200 71872 "-" "Mozilla/5.0 (compatible; MJ12bot/v1.4.8; http://mj12bot.com/)"
114.119.137.45 - - [21/Sep/2022:04:50:55 +0200] "GET /small-box-for-baby-teeth-the-small-mouse-p-49162.html HTTP/1.0" 301 74842 "http://www.wonder-geek.com/toothbox-c-13_150_170.html" "Mozilla/5.0 (Linux; Android 7.0;) AppleWebKit/537.36 (KHTML, like Gecko) Mobile Safari/537.36 (compatible; PetalBot;+https://webmaster.petalsearch.com/site/petalbot)"
135.181.180.59 - - [21/Sep/2022:04:50:52 +0200] "GET /specials.php?page=68 HTTP/1.0" 200 117175 "-" "Mozilla/5.0 (compatible; MJ12bot/v1.4.8; http://mj12bot.com/)"
114.119.137.45 - - [21/Sep/2022:04:50:58 +0200] "GET /small-baby-teeth-small-mouse-p-49162.html HTTP/1.0" 200 74747 "http://www.wonder-geek.com/toothbox-c-13_150_170.html" "Mozilla/5.0 (Linux; Android 7.0;) AppleWebKit/537.36 (KHTML, like Gecko) Mobile Safari/537.36 (compatible; PetalBot;+https://webmaster.petalsearch.com/site/petalbot)"
185.191.171.39 - - [21/Sep/2022:04:51:04 +0200] "GET /tann-pink-and-purple-pencil-case-p-36190.html HTTP/1.0" 301 74963 "-" "Mozilla/5.0 (compatible; SemrushBot/7~bl; +http://www.semrush.com/bot.html)"
135.181.180.59 - - [21/Sep/2022:04:51:02 +0200] "GET /specials.php?page=69 HTTP/1.0" 200 117175 "-" "Mozilla/5.0 (compatible; MJ12bot/v1.4.8; http://mj12bot.com/)"
185.191.171.1 - - [21/Sep/2022:04:51:09 +0200] "GET /tann-pink-purple-pencil-case-p-36190.html HTTP/1.0" 200 74868 "-" "Mozilla/5.0 (compatible; SemrushBot/7~bl; +http://www.semrush.com/bot.html)"
185.191.171.14 - - [21/Sep/2022:04:51:18 +0200] "GET /vanity-by-teo-jasmin-jasmine-p-44217.html HTTP/1.0" 301 71939 "-" "Mozilla/5.0 (compatible; SemrushBot/7~bl; +http://www.semrush.com/bot.html)"
135.181.180.59 - - [21/Sep/2022:04:51:12 +0200] "GET /specials.php?page=70 HTTP/1.0" 200 117175 "-" "Mozilla/5.0 (compatible; MJ12bot/v1.4.8; http://mj12bot.com/)"
185.191.171.24 - - [21/Sep/2022:04:51:23 +0200] "GET /-p-44217.html HTTP/1.0" 200 71872 "-" "Mozilla/5.0 (compatible; SemrushBot/7~bl; +http://www.semrush.com/bot.html)"
77.88.9.3 - - [21/Sep/2022:04:51:21 +0200] "GET /london-beauty-nail-p-28903.html HTTP/1.0" 200 74613 "-" "Mozilla/5.0 (compatible; YandexBot/3.0; +http://yandex.com/bots)"
185.191.171.43 - - [21/Sep/2022:04:51:28 +0200] "GET /animals-cushion-by-cbkreation-p-43800.html HTTP/1.0" 301 71939 "-" "Mozilla/5.0 (compatible; SemrushBot/7~bl; +http://www.semrush.com/bot.html)"
135.181.180.59 - - [21/Sep/2022:04:51:23 +0200] "GET /specials.php?page=71 HTTP/1.0" 200 117175 "-" "Mozilla/5.0 (compatible; MJ12bot/v1.4.8; http://mj12bot.com/)"
185.191.171.39 - - [21/Sep/2022:04:51:33 +0200] "GET /-p-43800.html HTTP/1.0" 200 71872 "-" "Mozilla/5.0 (compatible; SemrushBot/7~bl; +http://www.semrush.com/bot.html)"
135.181.180.59 - - [21/Sep/2022:04:51:34 +0200] "GET /spiderman-blue-swimsuit-p-30823.html HTTP/1.0" 200 75710 "-" "Mozilla/5.0 (compatible; MJ12bot/v1.4.8; http://mj12bot.com/)"
135.181.180.59 - - [21/Sep/2022:04:51:40 +0200] "GET /spiderman-homework-notebooks-p-36234.html HTTP/1.0" 301 71939 "-" "Mozilla/5.0 (compatible; MJ12bot/v1.4.8; http://mj12bot.com/)"
54.36.148.100 - - [21/Sep/2022:04:51:31 +0200] "GET /writing-correction-c-129_186.html?page=4 HTTP/1.0" 200 94296 "-" "Mozilla/5.0 (compatible; AhrefsBot/7.0; +http://ahrefs.com/robot/)"
66.249.66.210 - - [21/Sep/2022:04:51:45 +0200] "GET /images/big_prod_1/3609810035935a.jpg HTTP/1.0" 200 271 "-" "Googlebot-Image/1.0"
135.181.180.59 - - [21/Sep/2022:04:51:44 +0200] "GET /-p-36234.html HTTP/1.0" 200 71872 "-" "Mozilla/5.0 (compatible; MJ12bot/v1.4.8; http://mj12bot.com/)"
135.181.180.59 - - [21/Sep/2022:04:51:48 +0200] "GET /spiderman-keyring-p-28269.html HTTP/1.0" 200 74150 "-" "Mozilla/5.0 (compatible; MJ12bot/v1.4.8; http://mj12bot.com/)"
135.181.180.59 - - [21/Sep/2022:04:51:52 +0200] "GET /spiderman-long-sleeve-shirt-size-10-years-p-23688.html HTTP/1.0" 301 71939 "-" "Mozilla/5.0 (compatible; MJ12bot/v1.4.8; http://mj12bot.com/)"
161.97.149.89 - - [21/Sep/2022:04:51:53 +0200] "GET /-p-40845.html HTTP/1.0" 200 71872 "-" "Mozilla/5.0 (compatible; MJ12bot/v1.4.8; http://mj12bot.com/)"
135.181.180.59 - - [21/Sep/2022:04:51:56 +0200] "GET /-p-23688.html HTTP/1.0" 200 71872 "-" "Mozilla/5.0 (compatible; MJ12bot/v1.4.8; http://mj12bot.com/)"
135.181.180.59 - - [21/Sep/2022:04:52:00 +0200] "GET /spiderman-long-sleeve-shirt-size-years-p-23687.html HTTP/1.0" 301 71939 "-" "Mozilla/5.0 (compatible; MJ12bot/v1.4.8; http://mj12bot.com/)"
135.181.180.59 - - [21/Sep/2022:04:52:04 +0200] "GET /-p-23687.html HTTP/1.0" 200 71872 "-" "Mozilla/5.0 (compatible; MJ12bot/v1.4.8; http://mj12bot.com/)"
135.181.180.59 - - [21/Sep/2022:04:52:08 +0200] "GET /spiderman-navy-blue-cap-glove-set-size-54-cm-p-23962.html HTTP/1.0" 301 71939 "-" "Mozilla/5.0 (compatible; MJ12bot/v1.4.8; http://mj12bot.com/)"
185.191.171.5 - - [21/Sep/2022:04:52:09 +0200] "GET /kimmidoll-dolls-cm-p-46132.html HTTP/1.0" 301 72035 "-" "Mozilla/5.0 (compatible; SemrushBot/7~bl; +http://www.semrush.com/bot.html)"
161.97.149.89 - - [21/Sep/2022:04:52:08 +0200] "GET /-p-40851.html HTTP/1.0" 200 71872 "-" "Mozilla/5.0 (compatible; MJ12bot/v1.4.8; http://mj12bot.com/)"
135.181.180.59 - - [21/Sep/2022:04:52:12 +0200] "GET /-p-23962.html HTTP/1.0" 200 71872 "-" "Mozilla/5.0 (compatible; MJ12bot/v1.4.8; http://mj12bot.com/)"
135.181.180.59 - - [21/Sep/2022:04:52:16 +0200] "GET /spiderman-pack-of-briefs-p-32951.html HTTP/1.0" 301 71939 "-" "Mozilla/5.0 (compatible; MJ12bot/v1.4.8; http://mj12bot.com/)"
114.119.137.3 - - [21/Sep/2022:04:52:19 +0200] "GET /the-little-prince-toddler-flatware-set-p-30325.html HTTP/1.0" 301 72095 "http://www.wonder-geek.com/flatwares-c-12_63.html?page=2" "Mozilla/5.0 (Linux; Android 7.0;) AppleWebKit/537.36 (KHTML, like Gecko) Mobile Safari/537.36 (compatible; PetalBot;+https://webmaster.petalsearch.com/site/petalbot)"
135.181.180.59 - - [21/Sep/2022:04:52:20 +0200] "GET /-p-32951.html HTTP/1.0" 200 71872 "-" "Mozilla/5.0 (compatible; MJ12bot/v1.4.8; http://mj12bot.com/)"
114.119.137.3 - - [21/Sep/2022:04:52:23 +0200] "GET /little-prince-toddler-flatware-p-30325.html HTTP/1.0" 200 71998 "http://www.wonder-geek.com/flatwares-c-12_63.html?page=2" "Mozilla/5.0 (Linux; Android 7.0;) AppleWebKit/537.36 (KHTML, like Gecko) Mobile Safari/537.36 (compatible; PetalBot;+https://webmaster.petalsearch.com/site/petalbot)"
66.249.66.214 - - [21/Sep/2022:04:52:22 +0200] "GET /grey-lampshade-p-55305.html HTTP/1.0" 200 75182 "-" "Mozilla/5.0 (Linux; Android 6.0.1; Nexus 5X Build/MMB29P) AppleWebKit/537.36 (KHTML, like Gecko) Chrome/105.0.5195.125 Mobile Safari/537.36 (compatible; Googlebot/2.1; +http://www.google.com/bot.html)"
135.181.180.59 - - [21/Sep/2022:04:52:24 +0200] "GET /spiderman-paddling-pool-p-14362.html HTTP/1.0" 301 71939 "-" "Mozilla/5.0 (compatible; MJ12bot/v1.4.8; http://mj12bot.com/)"
161.97.149.89 - - [21/Sep/2022:04:52:25 +0200] "GET /-p-40877.html HTTP/1.0" 200 71872 "-" "Mozilla/5.0 (compatible; MJ12bot/v1.4.8; http://mj12bot.com/)"
135.181.180.59 - - [21/Sep/2022:04:52:29 +0200] "GET /-p-14362.html HTTP/1.0" 200 71872 "-" "Mozilla/5.0 (compatible; MJ12bot/v1.4.8; http://mj12bot.com/)"
66.249.66.212 - - [21/Sep/2022:04:52:29 +0200] "GET /peacock-ceramic-table-center-p-49615.html HTTP/1.0" 200 74672 "-" "Mozilla/5.0 (compatible; Googlebot/2.1; +http://www.google.com/bot.html)"
185.191.171.15 - - [21/Sep/2022:04:52:14 +0200] "GET /chairs-cushion-c-11_165.html?page=3 HTTP/1.0" 200 93333 "-" "Mozilla/5.0 (compatible; SemrushBot/7~bl; +http://www.semrush.com/bot.html)"
135.181.180.59 - - [21/Sep/2022:04:52:32 +0200] "GET /spiderman-pairs-of-socks-size-23-26-p-25192.html HTTP/1.0" 301 71939 "-" "Mozilla/5.0 (compatible; MJ12bot/v1.4.8; http://mj12bot.com/)"
54.36.148.194 - - [21/Sep/2022:04:52:32 +0200] "GET /lotus-candleholder-chakra-silverlining-p-35525.html HTTP/1.0" 200 76109 "-" "Mozilla/5.0 (compatible; AhrefsBot/7.0; +http://ahrefs.com/robot/)"
185.191.171.24 - - [21/Sep/2022:04:52:35 +0200] "GET /kimmidoll-dolls-p-46132.html HTTP/1.0" 200 71953 "-" "Mozilla/5.0 (compatible; SemrushBot/7~bl; +http://www.semrush.com/bot.html)"
135.181.180.59 - - [21/Sep/2022:04:52:36 +0200] "GET /-p-25192.html HTTP/1.0" 200 71872 "-" "Mozilla/5.0 (compatible; MJ12bot/v1.4.8; http://mj12bot.com/)"
54.36.149.8 - - [21/Sep/2022:04:52:41 +0200] "GET /images/big_prod_1/8718657460734a.jpg HTTP/1.0" 200 271 "-" "Mozilla/5.0 (compatible; AhrefsBot/7.0; +http://ahrefs.com/robot/)"
54.36.148.207 - - [21/Sep/2022:04:52:41 +0200] "GET /images/big_prod/8718657460734.jpg HTTP/1.0" 200 268 "-" "Mozilla/5.0 (compatible; AhrefsBot/7.0; +http://ahrefs.com/robot/)"
135.181.180.59 - - [21/Sep/2022:04:52:40 +0200] "GET /spiderman-pairs-of-socks-size-23-26-p-25196.html HTTP/1.0" 301 71939 "-" "Mozilla/5.0 (compatible; MJ12bot/v1.4.8; http://mj12bot.com/)"
161.97.149.89 - - [21/Sep/2022:04:52:42 +0200] "GET /-p-40879.html HTTP/1.0" 200 71872 "-" "Mozilla/5.0 (compatible; MJ12bot/v1.4.8; http://mj12bot.com/)"
135.181.180.59 - - [21/Sep/2022:04:52:45 +0200] "GET /-p-25196.html HTTP/1.0" 200 71872 "-" "Mozilla/5.0 (compatible; MJ12bot/v1.4.8; http://mj12bot.com/)"
135.181.180.59 - - [21/Sep/2022:04:52:48 +0200] "GET /spiderman-pairs-of-socks-size-27-30-p-25193.html HTTP/1.0" 301 71939 "-" "Mozilla/5.0 (compatible; MJ12bot/v1.4.8; http://mj12bot.com/)"
135.181.180.59 - - [21/Sep/2022:04:52:52 +0200] "GET /-p-25193.html HTTP/1.0" 200 71872 "-" "Mozilla/5.0 (compatible; MJ12bot/v1.4.8; http://mj12bot.com/)"
135.181.180.59 - - [21/Sep/2022:04:52:56 +0200] "GET /spiderman-pairs-of-socks-size-27-30-p-25194.html HTTP/1.0" 301 71939 "-" "Mozilla/5.0 (compatible; MJ12bot/v1.4.8; http://mj12bot.com/)"
135.181.180.59 - - [21/Sep/2022:04:53:00 +0200] "GET /-p-25194.html HTTP/1.0" 200 71872 "-" "Mozilla/5.0 (compatible; MJ12bot/v1.4.8; http://mj12bot.com/)"
135.181.180.59 - - [21/Sep/2022:04:53:04 +0200] "GET /spiderman-pairs-of-socks-size-27-30-p-25758.html HTTP/1.0" 301 71939 "-" "Mozilla/5.0 (compatible; MJ12bot/v1.4.8; http://mj12bot.com/)"
135.181.180.59 - - [21/Sep/2022:04:53:09 +0200] "GET /-p-25758.html HTTP/1.0" 200 71872 "-" "Mozilla/5.0 (compatible; MJ12bot/v1.4.8; http://mj12bot.com/)"
161.97.149.89 - - [21/Sep/2022:04:53:11 +0200] "GET /-p-40893.html HTTP/1.0" 200 71872 "-" "Mozilla/5.0 (compatible; MJ12bot/v1.4.8; http://mj12bot.com/)"
135.181.180.59 - - [21/Sep/2022:04:53:12 +0200] "GET /spiderman-pairs-of-socks-size-27-30-p-25760.html HTTP/1.0" 301 71939 "-" "Mozilla/5.0 (compatible; MJ12bot/v1.4.8; http://mj12bot.com/)"
34.198.236.55 - - [21/Sep/2022:04:53:19 +0200] "GET /images/mini_prod/3665269006506.jpg HTTP/1.0" 200 269 "-" "Mozilla/5.0 (X11; Ubuntu; Linux x86_64; rv:72.0) Gecko/20100101 Firefox/72.0"
135.181.180.59 - - [21/Sep/2022:04:53:17 +0200] "GET /-p-25760.html HTTP/1.0" 200 71872 "-" "Mozilla/5.0 (compatible; MJ12bot/v1.4.8; http://mj12bot.com/)"
135.181.180.59 - - [21/Sep/2022:04:53:21 +0200] "GET /spiderman-pairs-of-socks-size-31-35-p-25191.html HTTP/1.0" 301 71939 "-" "Mozilla/5.0 (compatible; MJ12bot/v1.4.8; http://mj12bot.com/)"
185.191.171.24 - - [21/Sep/2022:04:53:21 +0200] "GET /tablecloth-washed-linen-170-170-cm-natural-p-48120.html HTTP/1.0" 301 71939 "-" "Mozilla/5.0 (compatible; SemrushBot/7~bl; +http://www.semrush.com/bot.html)"
161.97.149.89 - - [21/Sep/2022:04:53:22 +0200] "GET /-p-40961.html HTTP/1.0" 200 71872 "-" "Mozilla/5.0 (compatible; MJ12bot/v1.4.8; http://mj12bot.com/)"
66.249.66.214 - - [21/Sep/2022:04:53:21 +0200] "GET /zinc-adult-cotton-apron-p-39046.html HTTP/1.0" 200 75089 "-" "Mozilla/5.0 (Linux; Android 6.0.1; Nexus 5X Build/MMB29P) AppleWebKit/537.36 (KHTML, like Gecko) Chrome/105.0.5195.102 Mobile Safari/537.36 (compatible; Googlebot/2.1; +http://www.google.com/bot.html)"
54.36.148.80 - - [21/Sep/2022:04:53:01 +0200] "GET /collectible-figurines-and-decorative-c-13_135.html?page=29 HTTP/1.0" 301 97942 "-" "Mozilla/5.0 (compatible; AhrefsBot/7.0; +http://ahrefs.com/robot/)"
135.181.180.59 - - [21/Sep/2022:04:53:25 +0200] "GET /-p-25191.html HTTP/1.0" 200 71872 "-" "Mozilla/5.0 (compatible; MJ12bot/v1.4.8; http://mj12bot.com/)"
185.191.171.8 - - [21/Sep/2022:04:53:25 +0200] "GET /-p-48120.html HTTP/1.0" 200 71872 "-" "Mozilla/5.0 (compatible; SemrushBot/7~bl; +http://www.semrush.com/bot.html)"
135.181.180.59 - - [21/Sep/2022:04:53:29 +0200] "GET /spiderman-pairs-of-socks-size-31-35-p-25754.html HTTP/1.0" 301 71939 "-" "Mozilla/5.0 (compatible; MJ12bot/v1.4.8; http://mj12bot.com/)"
135.181.180.59 - - [21/Sep/2022:04:53:32 +0200] "GET /-p-25754.html HTTP/1.0" 200 71872 "-" "Mozilla/5.0 (compatible; MJ12bot/v1.4.8; http://mj12bot.com/)"
34.67.96.123 - - [21/Sep/2022:04:53:38 +0200] "GET /images/mini_prod/CADRE-LOUIS-PHILIPPES-01.jpg HTTP/1.0" 200 280 "-" "Mozilla/5.0 (X11; Ubuntu; Linux x86_64; rv:72.0) Gecko/20100101 Firefox/72.0"
135.181.180.59 - - [21/Sep/2022:04:53:36 +0200] "GET /spiderman-pairs-of-socks-size-31-35-p-25755.html HTTP/1.0" 301 71939 "-" "Mozilla/5.0 (compatible; MJ12bot/v1.4.8; http://mj12bot.com/)"
135.181.180.59 - - [21/Sep/2022:04:53:40 +0200] "GET /-p-25755.html HTTP/1.0" 200 71872 "-" "Mozilla/5.0 (compatible; MJ12bot/v1.4.8; http://mj12bot.com/)"
135.181.180.59 - - [21/Sep/2022:04:53:44 +0200] "GET /spiderman-pairs-of-socks-size-31-35-p-36787.html HTTP/1.0" 301 71939 "-" "Mozilla/5.0 (compatible; MJ12bot/v1.4.8; http://mj12bot.com/)"
114.119.137.45 - - [21/Sep/2022:04:53:44 +0200] "GET /collectible-dragon-ball-statue-vegeta-p-33464.html HTTP/1.0" 200 74821 "http://www.wonder-geek.com/home-decoration-c-13.html?page=182" "Mozilla/5.0 (Linux; Android 7.0;) AppleWebKit/537.36 (KHTML, like Gecko) Mobile Safari/537.36 (compatible; PetalBot;+https://webmaster.petalsearch.com/site/petalbot)"
135.181.180.59 - - [21/Sep/2022:04:53:48 +0200] "GET /-p-36787.html HTTP/1.0" 200 71872 "-" "Mozilla/5.0 (compatible; MJ12bot/v1.4.8; http://mj12bot.com/)"
161.97.149.89 - - [21/Sep/2022:04:53:49 +0200] "GET /-p-4098.html HTTP/1.0" 200 71870 "-" "Mozilla/5.0 (compatible; MJ12bot/v1.4.8; http://mj12bot.com/)"
135.181.180.59 - - [21/Sep/2022:04:53:51 +0200] "GET /spiderman-pairs-of-socks-size-35-38-p-25736.html HTTP/1.0" 301 71939 "-" "Mozilla/5.0 (compatible; MJ12bot/v1.4.8; http://mj12bot.com/)"
185.191.171.36 - - [21/Sep/2022:04:53:51 +0200] "GET /hello-kitty-inflatable-boat-p-49368.html HTTP/1.0" 301 71939 "-" "Mozilla/5.0 (compatible; SemrushBot/7~bl; +http://www.semrush.com/bot.html)"
135.181.180.59 - - [21/Sep/2022:04:53:55 +0200] "GET /-p-25736.html HTTP/1.0" 200 71872 "-" "Mozilla/5.0 (compatible; MJ12bot/v1.4.8; http://mj12bot.com/)"
54.36.148.202 - - [21/Sep/2022:04:53:36 +0200] "GET /indoor-fountains-c-13_272.html HTTP/1.0" 200 86189 "-" "Mozilla/5.0 (compatible; AhrefsBot/7.0; +http://ahrefs.com/robot/)"
185.191.171.34 - - [21/Sep/2022:04:53:56 +0200] "GET /-p-49368.html HTTP/1.0" 200 71872 "-" "Mozilla/5.0 (compatible; SemrushBot/7~bl; +http://www.semrush.com/bot.html)"
159.138.137.41 - - [21/Sep/2022:04:54:00 +0200] "GET /images/mini_prod/1313131148954.jpg HTTP/1.0" 200 269 "-" "Mozilla/5.0 (X11; Ubuntu; Linux x86_64; rv:72.0) Gecko/20100101 Firefox/72.0"
135.181.180.59 - - [21/Sep/2022:04:53:59 +0200] "GET /spiderman-pajamas-years-p-22862.html HTTP/1.0" 301 71939 "-" "Mozilla/5.0 (compatible; MJ12bot/v1.4.8; http://mj12bot.com/)"
54.36.149.8 - - [21/Sep/2022:04:54:02 +0200] "GET /images/mini_prod/4029811379385.jpg HTTP/1.0" 200 269 "-" "Mozilla/5.0 (compatible; AhrefsBot/7.0; +http://ahrefs.com/robot/)"
54.36.148.200 - - [21/Sep/2022:04:54:02 +0200] "GET /images/mini_prod/8433933238134.jpg HTTP/1.0" 200 269 "-" "Mozilla/5.0 (compatible; AhrefsBot/7.0; +http://ahrefs.com/robot/)"
54.36.149.59 - - [21/Sep/2022:04:54:02 +0200] "GET /images/mini_prod/8433933246153.jpg HTTP/1.0" 200 269 "-" "Mozilla/5.0 (compatible; AhrefsBot/7.0; +http://ahrefs.com/robot/)"
54.36.149.13 - - [21/Sep/2022:04:54:02 +0200] "GET /images/mini_prod/1399103640152.jpg HTTP/1.0" 200 269 "-" "Mozilla/5.0 (compatible; AhrefsBot/7.0; +http://ahrefs.com/robot/)"
54.36.149.84 - - [21/Sep/2022:04:54:02 +0200] "GET /images/mini_prod/8445148003292.jpg HTTP/1.0" 200 269 "-" "Mozilla/5.0 (compatible; AhrefsBot/7.0; +http://ahrefs.com/robot/)"
54.36.148.184 - - [21/Sep/2022:04:54:02 +0200] "GET /images/mini_prod/8433933142448.jpg HTTP/1.0" 200 269 "-" "Mozilla/5.0 (compatible; AhrefsBot/7.0; +http://ahrefs.com/robot/)"
54.36.149.23 - - [21/Sep/2022:04:54:02 +0200] "GET /images/mini_prod/8433933179604BB.jpg HTTP/1.0" 200 271 "-" "Mozilla/5.0 (compatible; AhrefsBot/7.0; +http://ahrefs.com/robot/)"
54.36.148.176 - - [21/Sep/2022:04:54:02 +0200] "GET /images/mini_prod/4029811379408.jpg HTTP/1.0" 200 269 "-" "Mozilla/5.0 (compatible; AhrefsBot/7.0; +http://ahrefs.com/robot/)"
54.36.148.75 - - [21/Sep/2022:04:54:02 +0200] "GET /images/mini_prod/8433933179529.jpg HTTP/1.0" 200 269 "-" "Mozilla/5.0 (compatible; AhrefsBot/7.0; +http://ahrefs.com/robot/)"
54.36.148.36 - - [21/Sep/2022:04:54:02 +0200] "GET /images/mini_prod/8433933142332.jpg HTTP/1.0" 200 269 "-" "Mozilla/5.0 (compatible; AhrefsBot/7.0; +http://ahrefs.com/robot/)"
54.36.149.82 - - [21/Sep/2022:04:54:02 +0200] "GET /images/mini_prod/8433933142325.jpg HTTP/1.0" 200 269 "-" "Mozilla/5.0 (compatible; AhrefsBot/7.0; +http://ahrefs.com/robot/)"
54.36.148.250 - - [21/Sep/2022:04:54:02 +0200] "GET /images/mini_prod/8433933197172.jpg HTTP/1.0" 200 269 "-" "Mozilla/5.0 (compatible; AhrefsBot/7.0; +http://ahrefs.com/robot/)"
54.36.148.209 - - [21/Sep/2022:04:54:02 +0200] "GET /images/mini_prod/8433933238035.jpg HTTP/1.0" 200 269 "-" "Mozilla/5.0 (compatible; AhrefsBot/7.0; +http://ahrefs.com/robot/)"
135.181.180.59 - - [21/Sep/2022:04:54:03 +0200] "GET /-p-22862.html HTTP/1.0" 200 71872 "-" "Mozilla/5.0 (compatible; MJ12bot/v1.4.8; http://mj12bot.com/)"
161.97.149.89 - - [21/Sep/2022:04:54:06 +0200] "GET /-p-41017.html HTTP/1.0" 200 71872 "-" "Mozilla/5.0 (compatible; MJ12bot/v1.4.8; http://mj12bot.com/)"
135.181.180.59 - - [21/Sep/2022:04:54:07 +0200] "GET /spiderman-peel-and-stick-wall-decals-p-22500.html HTTP/1.0" 301 74719 "-" "Mozilla/5.0 (compatible; MJ12bot/v1.4.8; http://mj12bot.com/)"
135.181.180.59 - - [21/Sep/2022:04:54:10 +0200] "GET /spiderman-peel-stick-wall-decals-p-22500.html HTTP/1.0" 200 74620 "-" "Mozilla/5.0 (compatible; MJ12bot/v1.4.8; http://mj12bot.com/)"
54.36.148.141 - - [21/Sep/2022:04:54:11 +0200] "GET /deco-gold-cats-statue-28-cm-p-44620.html HTTP/1.0" 301 71939 "-" "Mozilla/5.0 (compatible; AhrefsBot/7.0; +http://ahrefs.com/robot/)"
135.181.180.59 - - [21/Sep/2022:04:54:15 +0200] "GET /spiderman-peel-and-stick-wall-decals-p-22536.html HTTP/1.0" 301 74857 "-" "Mozilla/5.0 (compatible; MJ12bot/v1.4.8; http://mj12bot.com/)"
135.181.180.59 - - [21/Sep/2022:04:54:18 +0200] "GET /spiderman-peel-stick-wall-decals-p-22536.html HTTP/1.0" 200 74758 "-" "Mozilla/5.0 (compatible; MJ12bot/v1.4.8; http://mj12bot.com/)"
161.97.149.89 - - [21/Sep/2022:04:54:24 +0200] "GET /-p-41473.html HTTP/1.0" 200 71872 "-" "Mozilla/5.0 (compatible; MJ12bot/v1.4.8; http://mj12bot.com/)"
135.181.180.59 - - [21/Sep/2022:04:54:23 +0200] "GET /spiderman-peel-stick-wall-decals-p-22500.html HTTP/1.0" 200 74620 "-" "Mozilla/5.0 (compatible; MJ12bot/v1.4.8; http://mj12bot.com/)"
135.181.180.59 - - [21/Sep/2022:04:54:28 +0200] "GET /spiderman-peel-stick-wall-decals-p-22536.html HTTP/1.0" 200 74758 "-" "Mozilla/5.0 (compatible; MJ12bot/v1.4.8; http://mj12bot.com/)"
135.181.180.59 - - [21/Sep/2022:04:54:33 +0200] "GET /spiderman-polar-plaid-p-27803.html HTTP/1.0" 301 71939 "-" "Mozilla/5.0 (compatible; MJ12bot/v1.4.8; http://mj12bot.com/)"
135.181.180.59 - - [21/Sep/2022:04:54:37 +0200] "GET /-p-27803.html HTTP/1.0" 200 71872 "-" "Mozilla/5.0 (compatible; MJ12bot/v1.4.8; http://mj12bot.com/)"
54.36.149.61 - - [21/Sep/2022:04:54:38 +0200] "GET /hirondelle-jewelery-holder-p-48887.html HTTP/1.0" 200 74689 "-" "Mozilla/5.0 (compatible; AhrefsBot/7.0; +http://ahrefs.com/robot/)"
38.142.11.235 - - [21/Sep/2022:04:54:43 +0200] "GET /images/mini_prod/3681643100752.jpg HTTP/1.0" 200 269 "-" "Mozilla/5.0 (X11; Ubuntu; Linux x86_64; rv:72.0) Gecko/20100101 Firefox/72.0"
135.181.180.59 - - [21/Sep/2022:04:54:41 +0200] "GET /spiderman-red-swimsuit-p-30825.html HTTP/1.0" 301 71939 "-" "Mozilla/5.0 (compatible; MJ12bot/v1.4.8; http://mj12bot.com/)"
161.97.149.89 - - [21/Sep/2022:04:54:45 +0200] "GET /-p-41691.html HTTP/1.0" 200 71872 "-" "Mozilla/5.0 (compatible; MJ12bot/v1.4.8; http://mj12bot.com/)"
135.181.180.59 - - [21/Sep/2022:04:54:46 +0200] "GET /-p-30825.html HTTP/1.0" 200 71872 "-" "Mozilla/5.0 (compatible; MJ12bot/v1.4.8; http://mj12bot.com/)"
135.181.180.59 - - [21/Sep/2022:04:54:50 +0200] "GET /spiderman-red-swimsuit-p-30826.html HTTP/1.0" 301 71939 "-" "Mozilla/5.0 (compatible; MJ12bot/v1.4.8; http://mj12bot.com/)"
135.181.180.59 - - [21/Sep/2022:04:54:53 +0200] "GET /-p-30826.html HTTP/1.0" 200 71872 "-" "Mozilla/5.0 (compatible; MJ12bot/v1.4.8; http://mj12bot.com/)"
135.181.180.59 - - [21/Sep/2022:04:54:57 +0200] "GET /spiderman-set-10-years-p-22820.html HTTP/1.0" 301 71939 "-" "Mozilla/5.0 (compatible; MJ12bot/v1.4.8; http://mj12bot.com/)"
135.181.180.59 - - [21/Sep/2022:04:55:00 +0200] "GET /-p-22820.html HTTP/1.0" 200 71872 "-" "Mozilla/5.0 (compatible; MJ12bot/v1.4.8; http://mj12bot.com/)"
185.191.171.39 - - [21/Sep/2022:04:54:38 +0200] "GET /vase-flower-pot-and-soliflore-c-13_232.html?page=2 HTTP/1.0" 301 92139 "-" "Mozilla/5.0 (compatible; SemrushBot/7~bl; +http://www.semrush.com/bot.html)"
114.119.137.45 - - [21/Sep/2022:04:55:04 +0200] "GET /manoir-white-sheer-eyelet-curtain-p-39039.html HTTP/1.0" 200 72020 "http://www.wonder-geek.com/curtains-lace-curtains-c-11_69.html?page=2" "Mozilla/5.0 (Linux; Android 7.0;) AppleWebKit/537.36 (KHTML, like Gecko) Mobile Safari/537.36 (compatible; PetalBot;+https://webmaster.petalsearch.com/site/petalbot)"
