149.202.82.11 - - [21/Sep/2022:03:36:51 +0200] "GET /calimero-set-of-beach-p-24446.html HTTP/1.0" 301 71939 "-" "Mozilla/5.0 (compatible; MJ12bot/v1.4.8; http://mj12bot.com/)"
167.86.71.242 - - [21/Sep/2022:03:36:52 +0200] "GET /-p-25662.html HTTP/1.0" 200 71872 "-" "Mozilla/5.0 (compatible; MJ12bot/v1.4.8; http://mj12bot.com/)"
167.86.71.242 - - [21/Sep/2022:03:37:01 +0200] "GET /-p-25664.html HTTP/1.0" 200 71872 "-" "Mozilla/5.0 (compatible; MJ12bot/v1.4.8; http://mj12bot.com/)"
149.202.82.11 - - [21/Sep/2022:03:37:04 +0200] "GET /-p-24446.html HTTP/1.0" 200 71872 "-" "Mozilla/5.0 (compatible; MJ12bot/v1.4.8; http://mj12bot.com/)"
167.86.71.242 - - [21/Sep/2022:03:37:16 +0200] "GET /-p-25665.html HTTP/1.0" 200 71872 "-" "Mozilla/5.0 (compatible; MJ12bot/v1.4.8; http://mj12bot.com/)"
149.202.82.11 - - [21/Sep/2022:03:37:24 +0200] "GET /camargue-moroccan-ashtray-p-34545.html HTTP/1.0" 200 71988 "-" "Mozilla/5.0 (compatible; MJ12bot/v1.4.8; http://mj12bot.com/)"
167.86.71.242 - - [21/Sep/2022:03:37:26 +0200] "GET /-p-25666.html HTTP/1.0" 200 71872 "-" "Mozilla/5.0 (compatible; MJ12bot/v1.4.8; http://mj12bot.com/)"
51.222.253.15 - - [21/Sep/2022:03:37:28 +0200] "GET /trays-c-12_159.html?page=4 HTTP/1.0" 200 93377 "-" "Mozilla/5.0 (compatible; AhrefsBot/7.0; +http://ahrefs.com/robot/)"
167.86.71.242 - - [21/Sep/2022:03:37:33 +0200] "GET /-p-25667.html HTTP/1.0" 200 71872 "-" "Mozilla/5.0 (compatible; MJ12bot/v1.4.8; http://mj12bot.com/)"
51.222.253.6 - - [21/Sep/2022:03:37:34 +0200] "GET /images/mini_prod/3565750237382.jpg HTTP/1.0" 200 269 "-" "Mozilla/5.0 (compatible; AhrefsBot/7.0; +http://ahrefs.com/robot/)"
51.222.253.15 - - [21/Sep/2022:03:37:34 +0200] "GET /images/mini_prod/3453131131605.jpg HTTP/1.0" 200 269 "-" "Mozilla/5.0 (compatible; AhrefsBot/7.0; +http://ahrefs.com/robot/)"
51.222.253.14 - - [21/Sep/2022:03:37:35 +0200] "GET /images/mini_prod/3503420142024B.jpg HTTP/1.0" 200 270 "-" "Mozilla/5.0 (compatible; AhrefsBot/7.0; +http://ahrefs.com/robot/)"
51.222.253.18 - - [21/Sep/2022:03:37:35 +0200] "GET /images/mini_prod/3453131132022.jpg HTTP/1.0" 200 269 "-" "Mozilla/5.0 (compatible; AhrefsBot/7.0; +http://ahrefs.com/robot/)"
51.222.253.20 - - [21/Sep/2022:03:37:35 +0200] "GET /images/mini_prod/3453131131612.jpg HTTP/1.0" 200 269 "-" "Mozilla/5.0 (compatible; AhrefsBot/7.0; +http://ahrefs.com/robot/)"
51.222.253.13 - - [21/Sep/2022:03:37:36 +0200] "GET /images/mini_prod/3503420131004.jpg HTTP/1.0" 200 269 "-" "Mozilla/5.0 (compatible; AhrefsBot/7.0; +http://ahrefs.com/robot/)"
51.222.253.10 - - [21/Sep/2022:03:37:36 +0200] "GET /images/mini_prod/8712159152173a.jpg HTTP/1.0" 200 270 "-" "Mozilla/5.0 (compatible; AhrefsBot/7.0; +http://ahrefs.com/robot/)"
51.222.253.8 - - [21/Sep/2022:03:37:37 +0200] "GET /images/mini_prod/3453131107730.jpg HTTP/1.0" 200 269 "-" "Mozilla/5.0 (compatible; AhrefsBot/7.0; +http://ahrefs.com/robot/)"
51.222.253.10 - - [21/Sep/2022:03:37:37 +0200] "GET /images/mini_prod/3453131150286C.jpg HTTP/1.0" 200 270 "-" "Mozilla/5.0 (compatible; AhrefsBot/7.0; +http://ahrefs.com/robot/)"
149.202.82.11 - - [21/Sep/2022:03:37:37 +0200] "GET /camp-rock-mug-p-3765.html HTTP/1.0" 301 71936 "-" "Mozilla/5.0 (compatible; MJ12bot/v1.4.8; http://mj12bot.com/)"
51.222.253.12 - - [21/Sep/2022:03:37:38 +0200] "GET /images/mini_prod/3540948102970.jpg HTTP/1.0" 200 269 "-" "Mozilla/5.0 (compatible; AhrefsBot/7.0; +http://ahrefs.com/robot/)"
51.222.253.9 - - [21/Sep/2022:03:37:38 +0200] "GET /images/mini_prod/1399984280003.jpg HTTP/1.0" 200 269 "-" "Mozilla/5.0 (compatible; AhrefsBot/7.0; +http://ahrefs.com/robot/)"
51.222.253.11 - - [21/Sep/2022:03:37:39 +0200] "GET /images/mini_prod/3453131123624.jpg HTTP/1.0" 200 269 "-" "Mozilla/5.0 (compatible; AhrefsBot/7.0; +http://ahrefs.com/robot/)"
51.222.253.19 - - [21/Sep/2022:03:37:39 +0200] "GET /images/mini_prod/8712159168013.jpg HTTP/1.0" 200 269 "-" "Mozilla/5.0 (compatible; AhrefsBot/7.0; +http://ahrefs.com/robot/)"
51.222.253.12 - - [21/Sep/2022:03:37:40 +0200] "GET /images/mini_prod/3453131150279B.jpg HTTP/1.0" 200 270 "-" "Mozilla/5.0 (compatible; AhrefsBot/7.0; +http://ahrefs.com/robot/)"
51.222.253.12 - - [21/Sep/2022:03:37:40 +0200] "GET /images/mini_prod/8712159162271.jpg HTTP/1.0" 200 269 "-" "Mozilla/5.0 (compatible; AhrefsBot/7.0; +http://ahrefs.com/robot/)"
167.86.71.242 - - [21/Sep/2022:03:37:39 +0200] "GET /-p-25680.html HTTP/1.0" 200 71872 "-" "Mozilla/5.0 (compatible; MJ12bot/v1.4.8; http://mj12bot.com/)"
159.138.137.41 - - [21/Sep/2022:03:37:47 +0200] "GET /images/mini_prod/5701359740467.jpg HTTP/1.0" 200 269 "-" "Mozilla/5.0 (X11; Ubuntu; Linux x86_64; rv:72.0) Gecko/20100101 Firefox/72.0"
167.86.71.242 - - [21/Sep/2022:03:37:47 +0200] "GET /-p-25681.html HTTP/1.0" 200 71872 "-" "Mozilla/5.0 (compatible; MJ12bot/v1.4.8; http://mj12bot.com/)"
167.86.71.242 - - [21/Sep/2022:03:37:53 +0200] "GET /-p-25683.html HTTP/1.0" 200 71872 "-" "Mozilla/5.0 (compatible; MJ12bot/v1.4.8; http://mj12bot.com/)"
149.202.82.11 - - [21/Sep/2022:03:38:00 +0200] "GET /-p-3765.html HTTP/1.0" 200 71870 "-" "Mozilla/5.0 (compatible; MJ12bot/v1.4.8; http://mj12bot.com/)"
185.191.171.6 - - [21/Sep/2022:03:38:05 +0200] "GET /wooden-hanging-tree-decoration-p-58754.html HTTP/1.0" 200 73867 "-" "Mozilla/5.0 (compatible; SemrushBot/7~bl; +http://www.semrush.com/bot.html)"
167.86.71.242 - - [21/Sep/2022:03:38:07 +0200] "GET /-p-25736.html HTTP/1.0" 200 71872 "-" "Mozilla/5.0 (compatible; MJ12bot/v1.4.8; http://mj12bot.com/)"
66.249.66.210 - - [21/Sep/2022:03:38:12 +0200] "GET /images/big_prod/8718375755389.jpg HTTP/1.0" 200 268 "-" "Googlebot-Image/1.0"
185.191.171.17 - - [21/Sep/2022:03:38:10 +0200] "GET /wooden-rack-nostalgic-art-delivered-empty-p-38447.html HTTP/1.0" 301 75690 "-" "Mozilla/5.0 (compatible; SemrushBot/7~bl; +http://www.semrush.com/bot.html)"
185.191.171.9 - - [21/Sep/2022:03:38:13 +0200] "GET /wooden-rack-nostalgic-delivered-empty-p-38447.html HTTP/1.0" 200 75586 "-" "Mozilla/5.0 (compatible; SemrushBot/7~bl; +http://www.semrush.com/bot.html)"
51.222.253.20 - - [21/Sep/2022:03:38:14 +0200] "GET /yellow-white-cement-tile-round-placemat-p-57745.html HTTP/1.0" 200 75254 "-" "Mozilla/5.0 (compatible; AhrefsBot/7.0; +http://ahrefs.com/robot/)"
185.191.171.26 - - [21/Sep/2022:03:38:16 +0200] "GET /notebook-notebook-diary-c-129_185.html?page=1 HTTP/1.0" 200 93343 "-" "Mozilla/5.0 (compatible; SemrushBot/7~bl; +http://www.semrush.com/bot.html)"
149.202.82.11 - - [21/Sep/2022:03:38:20 +0200] "GET /canarasta-shirt-by-cbk-p-30054.html HTTP/1.0" 301 71939 "-" "Mozilla/5.0 (compatible; MJ12bot/v1.4.8; http://mj12bot.com/)"
167.86.71.242 - - [21/Sep/2022:03:38:24 +0200] "GET /-p-25754.html HTTP/1.0" 200 71872 "-" "Mozilla/5.0 (compatible; MJ12bot/v1.4.8; http://mj12bot.com/)"
216.244.66.242 - - [21/Sep/2022:03:38:29 +0200] "GET /robots.txt HTTP/1.0" 200 245 "-" "Mozilla/5.0 (compatible; DotBot/1.2; +https://opensiteexplorer.org/dotbot; help@moz.com)"
185.191.171.35 - - [21/Sep/2022:03:38:27 +0200] "GET /zen-buddha-frame-with-metal-under-90-50-cm-p-35499.html HTTP/1.0" 301 74820 "-" "Mozilla/5.0 (compatible; SemrushBot/7~bl; +http://www.semrush.com/bot.html)"
167.86.71.242 - - [21/Sep/2022:03:38:28 +0200] "GET /-p-25755.html HTTP/1.0" 200 71872 "-" "Mozilla/5.0 (compatible; MJ12bot/v1.4.8; http://mj12bot.com/)"
185.191.171.22 - - [21/Sep/2022:03:38:30 +0200] "GET /buddha-frame-with-metal-under-p-35499.html HTTP/1.0" 200 74724 "-" "Mozilla/5.0 (compatible; SemrushBot/7~bl; +http://www.semrush.com/bot.html)"
149.202.82.11 - - [21/Sep/2022:03:38:33 +0200] "GET /-p-30054.html HTTP/1.0" 200 71872 "-" "Mozilla/5.0 (compatible; MJ12bot/v1.4.8; http://mj12bot.com/)"
167.86.71.242 - - [21/Sep/2022:03:38:41 +0200] "GET /-p-25758.html HTTP/1.0" 200 71872 "-" "Mozilla/5.0 (compatible; MJ12bot/v1.4.8; http://mj12bot.com/)"
149.202.82.11 - - [21/Sep/2022:03:38:44 +0200] "GET /capsule-coffee-p-31506.html HTTP/1.0" 200 75182 "-" "Mozilla/5.0 (compatible; MJ12bot/v1.4.8; http://mj12bot.com/)"
38.142.11.235 - - [21/Sep/2022:03:38:48 +0200] "GET /images/mini_prod/5010994737429.jpg HTTP/1.0" 200 269 "-" "Mozilla/5.0 (X11; Ubuntu; Linux x86_64; rv:72.0) Gecko/20100101 Firefox/72.0"
66.249.66.212 - - [21/Sep/2022:03:38:53 +0200] "GET /volkswagen-bully-camper-metal-plate-p-37150.html HTTP/1.0" 200 74786 "-" "Mozilla/5.0 (Linux; Android 6.0.1; Nexus 5X Build/MMB29P) AppleWebKit/537.36 (KHTML, like Gecko) Chrome/105.0.5195.125 Mobile Safari/537.36 (compatible; Googlebot/2.1; +http://www.google.com/bot.html)"
167.86.71.242 - - [21/Sep/2022:03:38:56 +0200] "GET /-p-25760.html HTTP/1.0" 200 71872 "-" "Mozilla/5.0 (compatible; MJ12bot/v1.4.8; http://mj12bot.com/)"
185.191.171.5 - - [21/Sep/2022:03:38:57 +0200] "GET /resin-figurines-rabbits-hear-nothing-p-53670.html HTTP/1.0" 200 74873 "-" "Mozilla/5.0 (compatible; SemrushBot/7~bl; +http://www.semrush.com/bot.html)"
149.202.82.11 - - [21/Sep/2022:03:38:59 +0200] "GET /cardboard-boxes-and-storage-c-13_150_216.html HTTP/1.0" 301 79400 "-" "Mozilla/5.0 (compatible; MJ12bot/v1.4.8; http://mj12bot.com/)"
185.191.171.24 - - [21/Sep/2022:03:39:00 +0200] "GET /harley-davidson-genuine-clock-30-cm-p-45981.html HTTP/1.0" 301 71939 "-" "Mozilla/5.0 (compatible; SemrushBot/7~bl; +http://www.semrush.com/bot.html)"
51.222.253.8 - - [21/Sep/2022:03:39:02 +0200] "GET /trays-c-12_159.html?page=3 HTTP/1.0" 200 93190 "-" "Mozilla/5.0 (compatible; AhrefsBot/7.0; +http://ahrefs.com/robot/)"
185.191.171.10 - - [21/Sep/2022:03:39:04 +0200] "GET /-p-45981.html HTTP/1.0" 200 71872 "-" "Mozilla/5.0 (compatible; SemrushBot/7~bl; +http://www.semrush.com/bot.html)"
167.86.71.242 - - [21/Sep/2022:03:39:16 +0200] "GET /-p-25768.html HTTP/1.0" 200 71872 "-" "Mozilla/5.0 (compatible; MJ12bot/v1.4.8; http://mj12bot.com/)"
149.202.82.11 - - [21/Sep/2022:03:39:20 +0200] "GET /cardboard-boxes-storage-c-216.html HTTP/1.0" 301 79154 "-" "Mozilla/5.0 (compatible; MJ12bot/v1.4.8; http://mj12bot.com/)"
185.191.171.45 - - [21/Sep/2022:03:39:26 +0200] "GET /calendar-bookmarks-year-2018-16-cm-p-41806.html HTTP/1.0" 301 71939 "-" "Mozilla/5.0 (compatible; SemrushBot/7~bl; +http://www.semrush.com/bot.html)"
167.86.71.242 - - [21/Sep/2022:03:39:27 +0200] "GET /-p-25771.html HTTP/1.0" 200 71872 "-" "Mozilla/5.0 (compatible; MJ12bot/v1.4.8; http://mj12bot.com/)"
51.68.224.127 - - [21/Sep/2022:03:39:28 +0200] "GET /adminweb/export_orders_xml.php?token=256de2z6edz6ed2z6DFSFsed2zed6zeDSFDSGdzedezfzf&maxorders=10&orderstart=1&status=14&start_date=2018-10-01 HTTP/1.0" 200 285 "-" "GesCom CharlotteBoutik Serveur"
185.191.171.26 - - [21/Sep/2022:03:39:29 +0200] "GET /-p-41806.html HTTP/1.0" 200 71872 "-" "Mozilla/5.0 (compatible; SemrushBot/7~bl; +http://www.semrush.com/bot.html)"
51.68.224.127 - - [21/Sep/2022:03:39:29 +0200] "GET /adminweb/export_orders_xml.php?token=256de2z6edz6ed2z6DFSFsed2zed6zeDSFDSGdzedezfzf&maxorders=10&orderstart=1&status=6&start_date=2018-10-01 HTTP/1.0" 200 33985 "-" "GesCom CharlotteBoutik Serveur"
149.202.82.11 - - [21/Sep/2022:03:39:34 +0200] "GET /cardboard-boxes-storage-c-13_150_216.html HTTP/1.0" 200 79312 "-" "Mozilla/5.0 (compatible; MJ12bot/v1.4.8; http://mj12bot.com/)"
34.67.96.123 - - [21/Sep/2022:03:39:40 +0200] "GET /images/mini_prod/8012052075983190720122.jpg HTTP/1.0" 200 278 "-" "Mozilla/5.0 (X11; Ubuntu; Linux x86_64; rv:72.0) Gecko/20100101 Firefox/72.0"
167.86.71.242 - - [21/Sep/2022:03:39:40 +0200] "GET /-p-25792.html HTTP/1.0" 200 71872 "-" "Mozilla/5.0 (compatible; MJ12bot/v1.4.8; http://mj12bot.com/)"
45.32.110.30 - - [21/Sep/2022:03:39:46 +0200] "GET /contact_us.php HTTP/1.0" 200 26241 "http://www.wonder-geek.com/contact_us.php" "Mozilla/5.0 (Windows NT 6.3; Win64; x64) AppleWebKit/537.36 (KHTML, like Gecko) Chrome/90.0.4430.72 Safari/537.36"
185.191.171.44 - - [21/Sep/2022:03:39:45 +0200] "GET /lola-shower-towel-70-130-cm-420-gr-white-p-41784.html HTTP/1.0" 301 75515 "-" "Mozilla/5.0 (compatible; SemrushBot/7~bl; +http://www.semrush.com/bot.html)"
185.191.171.26 - - [21/Sep/2022:03:39:48 +0200] "GET /lola-shower-towel-white-p-41784.html HTTP/1.0" 200 75425 "-" "Mozilla/5.0 (compatible; SemrushBot/7~bl; +http://www.semrush.com/bot.html)"
45.32.110.30 - - [21/Sep/2022:03:39:50 +0200] "POST /contact_us.php?action=send HTTP/1.0" 200 26507 "http://www.wonder-geek.com/contact_us.php" "Mozilla/5.0 (Windows NT 6.3; Win64; x64) AppleWebKit/537.36 (KHTML, like Gecko) Chrome/90.0.4430.72 Safari/537.36"
51.222.253.19 - - [21/Sep/2022:03:39:49 +0200] "GET /trays-c-12_159.html?page=2 HTTP/1.0" 200 93371 "-" "Mozilla/5.0 (compatible; AhrefsBot/7.0; +http://ahrefs.com/robot/)"
149.202.82.11 - - [21/Sep/2022:03:39:51 +0200] "GET /cardboard-boxes-storage-c-216.html HTTP/1.0" 301 79154 "-" "Mozilla/5.0 (compatible; MJ12bot/v1.4.8; http://mj12bot.com/)"
167.86.71.242 - - [21/Sep/2022:03:39:52 +0200] "GET /-p-25805.html HTTP/1.0" 200 71872 "-" "Mozilla/5.0 (compatible; MJ12bot/v1.4.8; http://mj12bot.com/)"
185.191.171.4 - - [21/Sep/2022:03:39:55 +0200] "GET /protecting-cotton-pillow-60-60-cm-anti-dust-mite-p-48985.html HTTP/1.0" 301 72150 "-" "Mozilla/5.0 (compatible; SemrushBot/7~bl; +http://www.semrush.com/bot.html)"
185.191.171.34 - - [21/Sep/2022:03:39:59 +0200] "GET /gorjuss-collection-wallet-time-to-fly-p-40499.html HTTP/1.0" 301 72095 "-" "Mozilla/5.0 (compatible; SemrushBot/7~bl; +http://www.semrush.com/bot.html)"
185.191.171.9 - - [21/Sep/2022:03:40:02 +0200] "GET /gorjuss-collection-wallet-time-p-40499.html HTTP/1.0" 200 71998 "-" "Mozilla/5.0 (compatible; SemrushBot/7~bl; +http://www.semrush.com/bot.html)"
167.86.71.242 - - [21/Sep/2022:03:40:07 +0200] "GET /-p-25904.html HTTP/1.0" 200 71872 "-" "Mozilla/5.0 (compatible; MJ12bot/v1.4.8; http://mj12bot.com/)"
185.191.171.23 - - [21/Sep/2022:03:40:07 +0200] "GET /protecting-cotton-pillow-anti-dust-mite-p-48985.html HTTP/1.0" 200 72044 "-" "Mozilla/5.0 (compatible; SemrushBot/7~bl; +http://www.semrush.com/bot.html)"
149.202.82.11 - - [21/Sep/2022:03:40:07 +0200] "GET /cardboard-boxes-storage-c-13_150_216.html HTTP/1.0" 200 79312 "-" "Mozilla/5.0 (compatible; MJ12bot/v1.4.8; http://mj12bot.com/)"
185.191.171.10 - - [21/Sep/2022:03:40:12 +0200] "GET /characters-sculpture-natural-wood-aluminum-p-55480.html HTTP/1.0" 200 72040 "-" "Mozilla/5.0 (compatible; SemrushBot/7~bl; +http://www.semrush.com/bot.html)"
185.191.171.11 - - [21/Sep/2022:03:40:14 +0200] "GET /teo-jasmin-large-make-up-pouch-p-44219.html HTTP/1.0" 301 71939 "-" "Mozilla/5.0 (compatible; SemrushBot/7~bl; +http://www.semrush.com/bot.html)"
185.191.171.36 - - [21/Sep/2022:03:40:17 +0200] "GET /mani-the-lucky-cat-figurine-11-cm-p-49895.html HTTP/1.0" 301 72052 "-" "Mozilla/5.0 (compatible; SemrushBot/7~bl; +http://www.semrush.com/bot.html)"
167.86.71.242 - - [21/Sep/2022:03:40:21 +0200] "GET /-p-25907.html HTTP/1.0" 200 71872 "-" "Mozilla/5.0 (compatible; MJ12bot/v1.4.8; http://mj12bot.com/)"
185.191.171.34 - - [21/Sep/2022:03:40:21 +0200] "GET /love-barbapapal-picnic-bag-p-19727.html HTTP/1.0" 301 74893 "-" "Mozilla/5.0 (compatible; SemrushBot/7~bl; +http://www.semrush.com/bot.html)"
149.202.82.11 - - [21/Sep/2022:03:40:21 +0200] "GET /care-bear-pyjama-party-plush-20-cm-p-37295.html HTTP/1.0" 301 71939 "-" "Mozilla/5.0 (compatible; MJ12bot/v1.4.8; http://mj12bot.com/)"
185.191.171.9 - - [21/Sep/2022:03:40:23 +0200] "GET /love-barbapapal-picnic-p-19727.html HTTP/1.0" 200 74804 "-" "Mozilla/5.0 (compatible; SemrushBot/7~bl; +http://www.semrush.com/bot.html)"
185.191.171.12 - - [21/Sep/2022:03:40:26 +0200] "GET /mani-lucky-figurine-p-49895.html HTTP/1.0" 200 71966 "-" "Mozilla/5.0 (compatible; SemrushBot/7~bl; +http://www.semrush.com/bot.html)"
185.191.171.11 - - [21/Sep/2022:03:40:29 +0200] "GET /-p-44219.html HTTP/1.0" 200 71872 "-" "Mozilla/5.0 (compatible; SemrushBot/7~bl; +http://www.semrush.com/bot.html)"
167.86.71.242 - - [21/Sep/2022:03:40:30 +0200] "GET /-p-26041.html HTTP/1.0" 200 71872 "-" "Mozilla/5.0 (compatible; MJ12bot/v1.4.8; http://mj12bot.com/)"
104.1.26.195 - - [21/Sep/2022:03:40:30 +0200] "GET /kiub-collection-cats-cool-p-54782.html HTTP/1.0" 200 75358 "-" "Mozilla/5.0 (iPad; CPU OS 15_7 like Mac OS X) AppleWebKit/605.1.15 (KHTML, like Gecko) Version/15.6,2 Mobile/15E148 Safari/604.1"
104.1.26.195 - - [21/Sep/2022:03:40:32 +0200] "GET /templates/Pixame_v1/stylesheet.css HTTP/1.0" 200 267 "http://www.wonder-geek.com/kiub-collection-cats-cool-p-54782.html" "Mozilla/5.0 (iPad; CPU OS 15_7 like Mac OS X) AppleWebKit/605.1.15 (KHTML, like Gecko) Version/15.6,2 Mobile/15E148 Safari/604.1"
104.1.26.195 - - [21/Sep/2022:03:40:32 +0200] "GET /js/jquery.jqzoom.js HTTP/1.0" 200 259 "http://www.wonder-geek.com/kiub-collection-cats-cool-p-54782.html" "Mozilla/5.0 (iPad; CPU OS 15_7 like Mac OS X) AppleWebKit/605.1.15 (KHTML, like Gecko) Version/15.6,2 Mobile/15E148 Safari/604.1"
104.1.26.195 - - [21/Sep/2022:03:40:32 +0200] "GET /js/jquery.js HTTP/1.0" 200 252 "http://www.wonder-geek.com/kiub-collection-cats-cool-p-54782.html" "Mozilla/5.0 (iPad; CPU OS 15_7 like Mac OS X) AppleWebKit/605.1.15 (KHTML, like Gecko) Version/15.6,2 Mobile/15E148 Safari/604.1"
104.1.26.195 - - [21/Sep/2022:03:40:32 +0200] "GET /highslide/highslide.js HTTP/1.0" 200 262 "http://www.wonder-geek.com/kiub-collection-cats-cool-p-54782.html" "Mozilla/5.0 (iPad; CPU OS 15_7 like Mac OS X) AppleWebKit/605.1.15 (KHTML, like Gecko) Version/15.6,2 Mobile/15E148 Safari/604.1"
104.1.26.195 - - [21/Sep/2022:03:40:32 +0200] "GET /mondial_relay/js/jquery-1.3.2.min.js HTTP/1.0" 200 276 "http://www.wonder-geek.com/kiub-collection-cats-cool-p-54782.html" "Mozilla/5.0 (iPad; CPU OS 15_7 like Mac OS X) AppleWebKit/605.1.15 (KHTML, like Gecko) Version/15.6,2 Mobile/15E148 Safari/604.1"
104.1.26.195 - - [21/Sep/2022:03:40:32 +0200] "GET /swfobject.js HTTP/1.0" 404 1308 "http://www.wonder-geek.com/kiub-collection-cats-cool-p-54782.html" "Mozilla/5.0 (iPad; CPU OS 15_7 like Mac OS X) AppleWebKit/605.1.15 (KHTML, like Gecko) Version/15.6,2 Mobile/15E148 Safari/604.1"
104.1.26.195 - - [21/Sep/2022:03:40:33 +0200] "GET /templates/Pixame_v1/images/icon_accueil2.png HTTP/1.0" 200 278 "http://www.wonder-geek.com/kiub-collection-cats-cool-p-54782.html" "Mozilla/5.0 (iPad; CPU OS 15_7 like Mac OS X) AppleWebKit/605.1.15 (KHTML, like Gecko) Version/15.6,2 Mobile/15E148 Safari/604.1"
104.1.26.195 - - [21/Sep/2022:03:40:33 +0200] "GET /templates/Pixame_v1/images/infobox/pixel_trans.gif HTTP/1.0" 200 328 "http://www.wonder-geek.com/kiub-collection-cats-cool-p-54782.html" "Mozilla/5.0 (iPad; CPU OS 15_7 like Mac OS X) AppleWebKit/605.1.15 (KHTML, like Gecko) Version/15.6,2 Mobile/15E148 Safari/604.1"
104.1.26.195 - - [21/Sep/2022:03:40:33 +0200] "GET /templates/Pixame_v1/images/nav.png HTTP/1.0" 200 268 "http://www.wonder-geek.com/kiub-collection-cats-cool-p-54782.html" "Mozilla/5.0 (iPad; CPU OS 15_7 like Mac OS X) AppleWebKit/605.1.15 (KHTML, like Gecko) Version/15.6,2 Mobile/15E148 Safari/604.1"
104.1.26.195 - - [21/Sep/2022:03:40:33 +0200] "GET /templates/Pixame_v1/images/Bottom_texture.jpg HTTP/1.0" 200 280 "http://www.wonder-geek.com/kiub-collection-cats-cool-p-54782.html" "Mozilla/5.0 (iPad; CPU OS 15_7 like Mac OS X) AppleWebKit/605.1.15 (KHTML, like Gecko) Version/15.6,2 Mobile/15E148 Safari/604.1"
104.1.26.195 - - [21/Sep/2022:03:40:33 +0200] "GET /templates/Pixame_v1/images/pixel_trans.gif HTTP/1.0" 200 328 "http://www.wonder-geek.com/kiub-collection-cats-cool-p-54782.html" "Mozilla/5.0 (iPad; CPU OS 15_7 like Mac OS X) AppleWebKit/605.1.15 (KHTML, like Gecko) Version/15.6,2 Mobile/15E148 Safari/604.1"
104.1.26.195 - - [21/Sep/2022:03:40:33 +0200] "GET /templates/Pixame_v1/images/Middle_texture.jpg HTTP/1.0" 200 280 "http://www.wonder-geek.com/kiub-collection-cats-cool-p-54782.html" "Mozilla/5.0 (iPad; CPU OS 15_7 like Mac OS X) AppleWebKit/605.1.15 (KHTML, like Gecko) Version/15.6,2 Mobile/15E148 Safari/604.1"
104.1.26.195 - - [21/Sep/2022:03:40:33 +0200] "GET /images/big_prod/3700572750460.jpg HTTP/1.0" 200 268 "http://www.wonder-geek.com/kiub-collection-cats-cool-p-54782.html" "Mozilla/5.0 (iPad; CPU OS 15_7 like Mac OS X) AppleWebKit/605.1.15 (KHTML, like Gecko) Version/15.6,2 Mobile/15E148 Safari/604.1"
104.1.26.195 - - [21/Sep/2022:03:40:33 +0200] "GET /templates/Pixame_v1/images/header.png HTTP/1.0" 200 271 "http://www.wonder-geek.com/kiub-collection-cats-cool-p-54782.html" "Mozilla/5.0 (iPad; CPU OS 15_7 like Mac OS X) AppleWebKit/605.1.15 (KHTML, like Gecko) Version/15.6,2 Mobile/15E148 Safari/604.1"
104.1.26.195 - - [21/Sep/2022:03:40:33 +0200] "GET /templates/Pixame_v1/images/infobox/infobox_footer_middle.gif HTTP/1.0" 200 357 "http://www.wonder-geek.com/kiub-collection-cats-cool-p-54782.html" "Mozilla/5.0 (iPad; CPU OS 15_7 like Mac OS X) AppleWebKit/605.1.15 (KHTML, like Gecko) Version/15.6,2 Mobile/15E148 Safari/604.1"
104.1.26.195 - - [21/Sep/2022:03:40:33 +0200] "GET /templates/Pixame_v1/images/header-object.png HTTP/1.0" 200 278 "http://www.wonder-geek.com/kiub-collection-cats-cool-p-54782.html" "Mozilla/5.0 (iPad; CPU OS 15_7 like Mac OS X) AppleWebKit/605.1.15 (KHTML, like Gecko) Version/15.6,2 Mobile/15E148 Safari/604.1"
104.1.26.195 - - [21/Sep/2022:03:40:33 +0200] "GET /images/pixel_trans.gif HTTP/1.0" 200 328 "http://www.wonder-geek.com/kiub-collection-cats-cool-p-54782.html" "Mozilla/5.0 (iPad; CPU OS 15_7 like Mac OS X) AppleWebKit/605.1.15 (KHTML, like Gecko) Version/15.6,2 Mobile/15E148 Safari/604.1"
104.1.26.195 - - [21/Sep/2022:03:40:33 +0200] "GET /design/productsenstock.png HTTP/1.0" 200 260 "http://www.wonder-geek.com/kiub-collection-cats-cool-p-54782.html" "Mozilla/5.0 (iPad; CPU OS 15_7 like Mac OS X) AppleWebKit/605.1.15 (KHTML, like Gecko) Version/15.6,2 Mobile/15E148 Safari/604.1"
104.1.26.195 - - [21/Sep/2022:03:40:33 +0200] "GET /images/big_prod_1/3700572750460B.jpg HTTP/1.0" 200 271 "http://www.wonder-geek.com/kiub-collection-cats-cool-p-54782.html" "Mozilla/5.0 (iPad; CPU OS 15_7 like Mac OS X) AppleWebKit/605.1.15 (KHTML, like Gecko) Version/15.6,2 Mobile/15E148 Safari/604.1"
104.1.26.195 - - [21/Sep/2022:03:40:33 +0200] "GET /highslide/graphics/zoomin.cur HTTP/1.0" 200 614 "http://www.wonder-geek.com/kiub-collection-cats-cool-p-54782.html" "Mozilla/5.0 (iPad; CPU OS 15_7 like Mac OS X) AppleWebKit/605.1.15 (KHTML, like Gecko) Version/15.6,2 Mobile/15E148 Safari/604.1"
104.1.26.195 - - [21/Sep/2022:03:40:33 +0200] "GET /templates/Pixame_v1/images/buttons/english/button_in_cart.gif HTTP/1.0" 200 295 "http://www.wonder-geek.com/kiub-collection-cats-cool-p-54782.html" "Mozilla/5.0 (iPad; CPU OS 15_7 like Mac OS X) AppleWebKit/605.1.15 (KHTML, like Gecko) Version/15.6,2 Mobile/15E148 Safari/604.1"
104.1.26.195 - - [21/Sep/2022:03:40:34 +0200] "GET /highslide/graphics/zoomout.cur HTTP/1.0" 200 614 "http://www.wonder-geek.com/kiub-collection-cats-cool-p-54782.html" "Mozilla/5.0 (iPad; CPU OS 15_7 like Mac OS X) AppleWebKit/605.1.15 (KHTML, like Gecko) Version/15.6,2 Mobile/15E148 Safari/604.1"
104.1.26.195 - - [21/Sep/2022:03:40:34 +0200] "GET /highslide/graphics/loader.white.gif HTTP/1.0" 200 960 "http://www.wonder-geek.com/kiub-collection-cats-cool-p-54782.html" "Mozilla/5.0 (iPad; CPU OS 15_7 like Mac OS X) AppleWebKit/605.1.15 (KHTML, like Gecko) Version/15.6,2 Mobile/15E148 Safari/604.1"
104.1.26.195 - - [21/Sep/2022:03:40:34 +0200] "GET /highslide/graphics/outlines/drop-shadow.png HTTP/1.0" 200 277 "http://www.wonder-geek.com/kiub-collection-cats-cool-p-54782.html" "Mozilla/5.0 (iPad; CPU OS 15_7 like Mac OS X) AppleWebKit/605.1.15 (KHTML, like Gecko) Version/15.6,2 Mobile/15E148 Safari/604.1"
185.191.171.6 - - [21/Sep/2022:03:40:33 +0200] "GET /polar-blanket-grey-130-160-cm-p-46348.html HTTP/1.0" 301 75255 "-" "Mozilla/5.0 (compatible; SemrushBot/7~bl; +http://www.semrush.com/bot.html)"
104.1.26.195 - - [21/Sep/2022:03:40:34 +0200] "GET /favicon.ico HTTP/1.0" 200 260 "http://www.wonder-geek.com/kiub-collection-cats-cool-p-54782.html" "Mozilla/5.0 (iPad; CPU OS 15_7 like Mac OS X) AppleWebKit/605.1.15 (KHTML, like Gecko) Version/15.6,2 Mobile/15E148 Safari/604.1"
66.249.66.212 - - [21/Sep/2022:03:40:36 +0200] "GET /images/big_prod_1/8718375755389N.jpg HTTP/1.0" 200 271 "-" "Googlebot-Image/1.0"
185.191.171.26 - - [21/Sep/2022:03:40:36 +0200] "GET /geishas-mouse-pad-by-cbkreation-p-23467.html HTTP/1.0" 301 74619 "-" "Mozilla/5.0 (compatible; SemrushBot/7~bl; +http://www.semrush.com/bot.html)"
149.202.82.11 - - [21/Sep/2022:03:40:37 +0200] "GET /-p-37295.html HTTP/1.0" 200 71872 "-" "Mozilla/5.0 (compatible; MJ12bot/v1.4.8; http://mj12bot.com/)"
51.222.253.5 - - [21/Sep/2022:03:40:40 +0200] "GET /monkey-gold-resin-p-56366.html HTTP/1.0" 200 75184 "-" "Mozilla/5.0 (compatible; AhrefsBot/7.0; +http://ahrefs.com/robot/)"
185.191.171.35 - - [21/Sep/2022:03:40:40 +0200] "GET /geishas-mouse-cbkreation-p-23467.html HTTP/1.0" 200 74528 "-" "Mozilla/5.0 (compatible; SemrushBot/7~bl; +http://www.semrush.com/bot.html)"
167.86.71.242 - - [21/Sep/2022:03:40:41 +0200] "GET /-p-26154.html HTTP/1.0" 200 71872 "-" "Mozilla/5.0 (compatible; MJ12bot/v1.4.8; http://mj12bot.com/)"
185.191.171.22 - - [21/Sep/2022:03:40:43 +0200] "GET /polar-blanket-grey-p-46348.html HTTP/1.0" 200 75170 "-" "Mozilla/5.0 (compatible; SemrushBot/7~bl; +http://www.semrush.com/bot.html)"
51.222.253.15 - - [21/Sep/2022:03:40:47 +0200] "GET /images/big_prod_1/3520071720593a.jpg HTTP/1.0" 200 271 "-" "Mozilla/5.0 (compatible; AhrefsBot/7.0; +http://ahrefs.com/robot/)"
51.222.253.9 - - [21/Sep/2022:03:40:48 +0200] "GET /images/big_prod/3520071720593.jpg HTTP/1.0" 200 268 "-" "Mozilla/5.0 (compatible; AhrefsBot/7.0; +http://ahrefs.com/robot/)"
149.202.82.11 - - [21/Sep/2022:03:40:51 +0200] "GET /care-bear-pyjama-party-plush-20-cm-p-37296.html HTTP/1.0" 301 71939 "-" "Mozilla/5.0 (compatible; MJ12bot/v1.4.8; http://mj12bot.com/)"
167.86.71.242 - - [21/Sep/2022:03:40:57 +0200] "GET /-p-26188.html HTTP/1.0" 200 71872 "-" "Mozilla/5.0 (compatible; MJ12bot/v1.4.8; http://mj12bot.com/)"
66.249.66.214 - - [21/Sep/2022:03:41:02 +0200] "GET /images/4029811322596.jpg HTTP/1.0" 200 259 "-" "Googlebot-Image/1.0"
149.202.82.11 - - [21/Sep/2022:03:41:04 +0200] "GET /-p-37296.html HTTP/1.0" 200 71872 "-" "Mozilla/5.0 (compatible; MJ12bot/v1.4.8; http://mj12bot.com/)"
167.86.71.242 - - [21/Sep/2022:03:41:11 +0200] "GET /-p-26189.html HTTP/1.0" 200 71872 "-" "Mozilla/5.0 (compatible; MJ12bot/v1.4.8; http://mj12bot.com/)"
167.86.71.242 - - [21/Sep/2022:03:41:18 +0200] "GET /-p-26190.html HTTP/1.0" 200 71872 "-" "Mozilla/5.0 (compatible; MJ12bot/v1.4.8; http://mj12bot.com/)"
149.202.82.11 - - [21/Sep/2022:03:41:20 +0200] "GET /carlin-cushion-p-28910.html HTTP/1.0" 301 71939 "-" "Mozilla/5.0 (compatible; MJ12bot/v1.4.8; http://mj12bot.com/)"
66.249.66.210 - - [21/Sep/2022:03:41:26 +0200] "GET /cache-with-tortoiseshell-ceramic-reliefs-bluish-gray-p-51103.html HTTP/1.0" 200 75074 "-" "Mozilla/5.0 (Linux; Android 6.0.1; Nexus 5X Build/MMB29P) AppleWebKit/537.36 (KHTML, like Gecko) Chrome/105.0.5195.125 Mobile Safari/537.36 (compatible; Googlebot/2.1; +http://www.google.com/bot.html)"
104.1.26.195 - - [21/Sep/2022:03:41:26 +0200] "GET /contact_us.php HTTP/1.0" 200 26241 "http://www.wonder-geek.com/kiub-collection-cats-cool-p-54782.html" "Mozilla/5.0 (iPad; CPU OS 15_7 like Mac OS X) AppleWebKit/605.1.15 (KHTML, like Gecko) Version/15.6,2 Mobile/15E148 Safari/604.1"
104.1.26.195 - - [21/Sep/2022:03:41:28 +0200] "GET /images/table_background_contact_us.gif HTTP/1.0" 200 1094 "http://www.wonder-geek.com/contact_us.php" "Mozilla/5.0 (iPad; CPU OS 15_7 like Mac OS X) AppleWebKit/605.1.15 (KHTML, like Gecko) Version/15.6,2 Mobile/15E148 Safari/604.1"
104.1.26.195 - - [21/Sep/2022:03:41:28 +0200] "GET /templates/Pixame_v1/images/buttons/english/button_continue.gif HTTP/1.0" 200 1264 "http://www.wonder-geek.com/contact_us.php" "Mozilla/5.0 (iPad; CPU OS 15_7 like Mac OS X) AppleWebKit/605.1.15 (KHTML, like Gecko) Version/15.6,2 Mobile/15E148 Safari/604.1"
51.222.253.8 - - [21/Sep/2022:03:41:27 +0200] "GET /gingerbread-cake-dish-p-33301.html HTTP/1.0" 200 74477 "-" "Mozilla/5.0 (compatible; AhrefsBot/7.0; +http://ahrefs.com/robot/)"
167.86.71.242 - - [21/Sep/2022:03:41:28 +0200] "GET /-p-26305.html HTTP/1.0" 200 71872 "-" "Mozilla/5.0 (compatible; MJ12bot/v1.4.8; http://mj12bot.com/)"
149.202.82.11 - - [21/Sep/2022:03:41:30 +0200] "GET /-p-28910.html HTTP/1.0" 200 71872 "-" "Mozilla/5.0 (compatible; MJ12bot/v1.4.8; http://mj12bot.com/)"
216.244.66.242 - - [21/Sep/2022:03:41:34 +0200] "GET /white-shirt-p-30170.html HTTP/1.0" 301 71939 "-" "Mozilla/5.0 (compatible; DotBot/1.2; +https://opensiteexplorer.org/dotbot; help@moz.com)"
167.86.71.242 - - [21/Sep/2022:03:41:37 +0200] "GET /-p-26369.html HTTP/1.0" 200 71872 "-" "Mozilla/5.0 (compatible; MJ12bot/v1.4.8; http://mj12bot.com/)"
216.244.66.242 - - [21/Sep/2022:03:41:45 +0200] "GET /chair-cushion-dark-grey-p-41133.html HTTP/1.0" 301 71939 "-" "Mozilla/5.0 (compatible; DotBot/1.2; +https://opensiteexplorer.org/dotbot; help@moz.com)"
167.86.71.242 - - [21/Sep/2022:03:41:46 +0200] "GET /-p-26406.html HTTP/1.0" 200 71872 "-" "Mozilla/5.0 (compatible; MJ12bot/v1.4.8; http://mj12bot.com/)"
149.202.82.11 - - [21/Sep/2022:03:41:51 +0200] "GET /carlin-decorative-statue-30-cm-p-37481.html HTTP/1.0" 301 72092 "-" "Mozilla/5.0 (compatible; MJ12bot/v1.4.8; http://mj12bot.com/)"
216.244.66.242 - - [21/Sep/2022:03:41:55 +0200] "GET /despicable-puzzle-pieces-p-27681.html HTTP/1.0" 301 71939 "-" "Mozilla/5.0 (compatible; DotBot/1.2; +https://opensiteexplorer.org/dotbot; help@moz.com)"
167.86.71.242 - - [21/Sep/2022:03:41:55 +0200] "GET /-p-26461.html HTTP/1.0" 200 71872 "-" "Mozilla/5.0 (compatible; MJ12bot/v1.4.8; http://mj12bot.com/)"
216.244.66.242 - - [21/Sep/2022:03:42:05 +0200] "GET /minions-swim-ring-p-35065.html HTTP/1.0" 301 71939 "-" "Mozilla/5.0 (compatible; DotBot/1.2; +https://opensiteexplorer.org/dotbot; help@moz.com)"
185.191.171.16 - - [21/Sep/2022:03:42:06 +0200] "GET /unicorne-moneybox-p-52992.html HTTP/1.0" 200 74452 "-" "Mozilla/5.0 (compatible; SemrushBot/7~bl; +http://www.semrush.com/bot.html)"
149.202.82.11 - - [21/Sep/2022:03:42:09 +0200] "GET /carlin-decorative-statue-p-37481.html HTTP/1.0" 200 72001 "-" "Mozilla/5.0 (compatible; MJ12bot/v1.4.8; http://mj12bot.com/)"
51.222.253.15 - - [21/Sep/2022:03:42:11 +0200] "GET /ceramic-white-face-vase-p-56604.html HTTP/1.0" 200 75468 "-" "Mozilla/5.0 (compatible; AhrefsBot/7.0; +http://ahrefs.com/robot/)"
216.244.66.242 - - [21/Sep/2022:03:42:13 +0200] "GET /statuette-made-hand-p-42329.html HTTP/1.0" 301 71939 "-" "Mozilla/5.0 (compatible; DotBot/1.2; +https://opensiteexplorer.org/dotbot; help@moz.com)"
51.222.253.18 - - [21/Sep/2022:03:42:15 +0200] "GET /images/big_prod/8445146044648.jpg HTTP/1.0" 200 268 "-" "Mozilla/5.0 (compatible; AhrefsBot/7.0; +http://ahrefs.com/robot/)"
51.222.253.14 - - [21/Sep/2022:03:42:16 +0200] "GET /images/big_prod_1/8445146044648B.jpg HTTP/1.0" 200 271 "-" "Mozilla/5.0 (compatible; AhrefsBot/7.0; +http://ahrefs.com/robot/)"
51.222.253.3 - - [21/Sep/2022:03:42:16 +0200] "GET /images/big_prod_2/8445146044648C.jpg HTTP/1.0" 200 271 "-" "Mozilla/5.0 (compatible; AhrefsBot/7.0; +http://ahrefs.com/robot/)"
167.86.71.242 - - [21/Sep/2022:03:42:17 +0200] "GET /-p-26488.html HTTP/1.0" 200 71872 "-" "Mozilla/5.0 (compatible; MJ12bot/v1.4.8; http://mj12bot.com/)"
185.191.171.39 - - [21/Sep/2022:03:42:17 +0200] "GET /all-blacks-messenger-bag-p-30646.html HTTP/1.0" 301 71939 "-" "Mozilla/5.0 (compatible; SemrushBot/7~bl; +http://www.semrush.com/bot.html)"
149.202.82.11 - - [21/Sep/2022:03:42:18 +0200] "GET /carlin-decorative-statue-p-37481.html HTTP/1.0" 200 72001 "-" "Mozilla/5.0 (compatible; MJ12bot/v1.4.8; http://mj12bot.com/)"
216.244.66.242 - - [21/Sep/2022:03:42:20 +0200] "GET /asterix-obelix-ordralfabetix-figure-p-15693.html HTTP/1.0" 301 71939 "-" "Mozilla/5.0 (compatible; DotBot/1.2; +https://opensiteexplorer.org/dotbot; help@moz.com)"
185.191.171.7 - - [21/Sep/2022:03:42:21 +0200] "GET /-p-30646.html HTTP/1.0" 200 71872 "-" "Mozilla/5.0 (compatible; SemrushBot/7~bl; +http://www.semrush.com/bot.html)"
167.86.71.242 - - [21/Sep/2022:03:42:24 +0200] "GET /-p-26522.html HTTP/1.0" 200 71872 "-" "Mozilla/5.0 (compatible; MJ12bot/v1.4.8; http://mj12bot.com/)"
34.67.96.123 - - [21/Sep/2022:03:42:30 +0200] "GET /images/mini_prod/4260082936802e.jpg HTTP/1.0" 200 270 "-" "Mozilla/5.0 (X11; Ubuntu; Linux x86_64; rv:72.0) Gecko/20100101 Firefox/72.0"
216.244.66.242 - - [21/Sep/2022:03:42:30 +0200] "GET /black-samsung-cupcakes-phone-cover-cbkreation-p-17358.html HTTP/1.0" 301 71939 "-" "Mozilla/5.0 (compatible; DotBot/1.2; +https://opensiteexplorer.org/dotbot; help@moz.com)"
149.202.82.11 - - [21/Sep/2022:03:42:32 +0200] "GET /carlin-dog-cushion-xl-p-28910.html HTTP/1.0" 301 71939 "-" "Mozilla/5.0 (compatible; MJ12bot/v1.4.8; http://mj12bot.com/)"
167.86.71.242 - - [21/Sep/2022:03:42:33 +0200] "GET /-p-26545.html HTTP/1.0" 200 71872 "-" "Mozilla/5.0 (compatible; MJ12bot/v1.4.8; http://mj12bot.com/)"
185.191.171.17 - - [21/Sep/2022:03:42:35 +0200] "GET /sticker-for-windows-chakra-p-48349.html HTTP/1.0" 301 74661 "-" "Mozilla/5.0 (compatible; SemrushBot/7~bl; +http://www.semrush.com/bot.html)"
185.191.171.15 - - [21/Sep/2022:03:42:38 +0200] "GET /sticker-windows-chakra-p-48349.html HTTP/1.0" 200 74572 "-" "Mozilla/5.0 (compatible; SemrushBot/7~bl; +http://www.semrush.com/bot.html)"
216.244.66.242 - - [21/Sep/2022:03:42:38 +0200] "GET /coca-cola-university-messenger-p-15030.html HTTP/1.0" 301 71939 "-" "Mozilla/5.0 (compatible; DotBot/1.2; +https://opensiteexplorer.org/dotbot; help@moz.com)"
167.86.71.242 - - [21/Sep/2022:03:42:40 +0200] "GET /-p-26598.html HTTP/1.0" 200 71872 "-" "Mozilla/5.0 (compatible; MJ12bot/v1.4.8; http://mj12bot.com/)"
37.230.186.130 - - [21/Sep/2022:03:42:43 +0200] "GET /images/mini_prod/3524550043135.jpg HTTP/1.0" 200 269 "-" "Python/3.7 aiohttp/3.8.1"
149.202.82.11 - - [21/Sep/2022:03:42:42 +0200] "GET /-p-28910.html HTTP/1.0" 200 71872 "-" "Mozilla/5.0 (compatible; MJ12bot/v1.4.8; http://mj12bot.com/)"
185.191.171.2 - - [21/Sep/2022:03:42:48 +0200] "GET /dollar-money-box-by-cbkreation-p-24134.html HTTP/1.0" 301 74650 "-" "Mozilla/5.0 (compatible; SemrushBot/7~bl; +http://www.semrush.com/bot.html)"
167.86.71.242 - - [21/Sep/2022:03:42:49 +0200] "GET /-p-26671.html HTTP/1.0" 200 71872 "-" "Mozilla/5.0 (compatible; MJ12bot/v1.4.8; http://mj12bot.com/)"
216.244.66.242 - - [21/Sep/2022:03:42:49 +0200] "GET /round-tablecloth-black-white-anti-spots-cinema-p-39815.html HTTP/1.0" 301 71939 "-" "Mozilla/5.0 (compatible; DotBot/1.2; +https://opensiteexplorer.org/dotbot; help@moz.com)"
185.191.171.39 - - [21/Sep/2022:03:42:52 +0200] "GET /samsung-galaxy-note-little-green-hearts-phone-cover-cbkreation-p-17895.html HTTP/1.0" 301 71939 "-" "Mozilla/5.0 (compatible; SemrushBot/7~bl; +http://www.semrush.com/bot.html)"
185.191.171.9 - - [21/Sep/2022:03:42:54 +0200] "GET /-p-17895.html HTTP/1.0" 200 71872 "-" "Mozilla/5.0 (compatible; SemrushBot/7~bl; +http://www.semrush.com/bot.html)"
51.222.253.19 - - [21/Sep/2022:03:42:55 +0200] "GET /mary-mother-aromatika-incense-sticks-p-53454.html HTTP/1.0" 200 74677 "-" "Mozilla/5.0 (compatible; AhrefsBot/7.0; +http://ahrefs.com/robot/)"
185.191.171.23 - - [21/Sep/2022:03:42:58 +0200] "GET /dollar-money-cbkreation-p-24134.html HTTP/1.0" 200 74560 "-" "Mozilla/5.0 (compatible; SemrushBot/7~bl; +http://www.semrush.com/bot.html)"
167.86.71.242 - - [21/Sep/2022:03:43:02 +0200] "GET /-p-26714.html HTTP/1.0" 200 71872 "-" "Mozilla/5.0 (compatible; MJ12bot/v1.4.8; http://mj12bot.com/)"
149.202.82.11 - - [21/Sep/2022:03:43:03 +0200] "GET /cars-lightning-mcqueen-suitcase-p-34802.html HTTP/1.0" 200 72018 "-" "Mozilla/5.0 (compatible; MJ12bot/v1.4.8; http://mj12bot.com/)"
167.86.71.242 - - [21/Sep/2022:03:43:16 +0200] "GET /-p-26741.html HTTP/1.0" 200 71872 "-" "Mozilla/5.0 (compatible; MJ12bot/v1.4.8; http://mj12bot.com/)"
185.191.171.6 - - [21/Sep/2022:03:43:24 +0200] "GET /zen-pebble-clock-p-52770.html HTTP/1.0" 301 71939 "-" "Mozilla/5.0 (compatible; SemrushBot/7~bl; +http://www.semrush.com/bot.html)"
149.202.82.11 - - [21/Sep/2022:03:43:24 +0200] "GET /cars-mc-queen-figure-p-11109.html HTTP/1.0" 301 71939 "-" "Mozilla/5.0 (compatible; MJ12bot/v1.4.8; http://mj12bot.com/)"
167.86.71.242 - - [21/Sep/2022:03:43:25 +0200] "GET /-p-26765.html HTTP/1.0" 200 71872 "-" "Mozilla/5.0 (compatible; MJ12bot/v1.4.8; http://mj12bot.com/)"
185.191.171.26 - - [21/Sep/2022:03:43:28 +0200] "GET /robots.txt HTTP/1.0" 200 245 "-" "Mozilla/5.0 (compatible; SemrushBot/7~bl; +http://www.semrush.com/bot.html)"
185.191.171.44 - - [21/Sep/2022:03:43:28 +0200] "GET /-p-52770.html HTTP/1.0" 200 71872 "-" "Mozilla/5.0 (compatible; SemrushBot/7~bl; +http://www.semrush.com/bot.html)"
185.191.171.22 - - [21/Sep/2022:03:43:31 +0200] "GET /boho-canvas-frame-40-30-cm-dream-catcher-p-39217.html HTTP/1.0" 301 75456 "-" "Mozilla/5.0 (compatible; SemrushBot/7~bl; +http://www.semrush.com/bot.html)"
185.191.171.10 - - [21/Sep/2022:03:43:35 +0200] "GET /boho-canvas-frame-dream-catcher-p-39217.html HTTP/1.0" 200 75358 "-" "Mozilla/5.0 (compatible; SemrushBot/7~bl; +http://www.semrush.com/bot.html)"
104.1.26.195 - - [21/Sep/2022:03:43:34 +0200] "GET / HTTP/1.0" 500 66058 "-" "Mozilla/5.0 (iPad; CPU OS 15_7 like Mac OS X) AppleWebKit/605.1.15 (KHTML, like Gecko) Version/15.6,2 Mobile/15E148 Safari/604.1"
167.86.71.242 - - [21/Sep/2022:03:43:36 +0200] "GET /-p-26827.html HTTP/1.0" 200 71872 "-" "Mozilla/5.0 (compatible; MJ12bot/v1.4.8; http://mj12bot.com/)"
51.222.253.2 - - [21/Sep/2022:03:43:40 +0200] "GET /nippon-doll-cosmetic-pouch-p-26866.html HTTP/1.0" 200 74760 "-" "Mozilla/5.0 (compatible; AhrefsBot/7.0; +http://ahrefs.com/robot/)"
149.202.82.11 - - [21/Sep/2022:03:43:41 +0200] "GET /-p-11109.html HTTP/1.0" 200 71872 "-" "Mozilla/5.0 (compatible; MJ12bot/v1.4.8; http://mj12bot.com/)"
167.86.71.242 - - [21/Sep/2022:03:43:43 +0200] "GET /-p-26830.html HTTP/1.0" 200 71872 "-" "Mozilla/5.0 (compatible; MJ12bot/v1.4.8; http://mj12bot.com/)"
185.191.171.25 - - [21/Sep/2022:03:43:50 +0200] "GET /potholder-glove-p-51737.html HTTP/1.0" 200 74518 "-" "Mozilla/5.0 (compatible; SemrushBot/7~bl; +http://www.semrush.com/bot.html)"
167.86.71.242 - - [21/Sep/2022:03:43:57 +0200] "GET /-p-26834.html HTTP/1.0" 200 71872 "-" "Mozilla/5.0 (compatible; MJ12bot/v1.4.8; http://mj12bot.com/)"
149.202.82.11 - - [21/Sep/2022:03:44:00 +0200] "GET /cars-metal-pencil-box-p-516.html HTTP/1.0" 301 75342 "-" "Mozilla/5.0 (compatible; MJ12bot/v1.4.8; http://mj12bot.com/)"
167.86.71.242 - - [21/Sep/2022:03:44:04 +0200] "GET /-p-26843.html HTTP/1.0" 200 71872 "-" "Mozilla/5.0 (compatible; MJ12bot/v1.4.8; http://mj12bot.com/)"
167.86.71.242 - - [21/Sep/2022:03:44:15 +0200] "GET /-p-26852.html HTTP/1.0" 200 71872 "-" "Mozilla/5.0 (compatible; MJ12bot/v1.4.8; http://mj12bot.com/)"
149.202.82.11 - - [21/Sep/2022:03:44:15 +0200] "GET /cars-metal-pencil-p-516.html HTTP/1.0" 200 75260 "-" "Mozilla/5.0 (compatible; MJ12bot/v1.4.8; http://mj12bot.com/)"
167.86.71.242 - - [21/Sep/2022:03:44:22 +0200] "GET /-p-26860.html HTTP/1.0" 200 71872 "-" "Mozilla/5.0 (compatible; MJ12bot/v1.4.8; http://mj12bot.com/)"
149.202.82.11 - - [21/Sep/2022:03:44:24 +0200] "GET /cars-metal-pencil-p-516.html HTTP/1.0" 200 75260 "-" "Mozilla/5.0 (compatible; MJ12bot/v1.4.8; http://mj12bot.com/)"
185.191.171.22 - - [21/Sep/2022:03:44:25 +0200] "GET /cats-by-dubout-figurine-cats-in-row-p-33343.html HTTP/1.0" 301 75152 "-" "Mozilla/5.0 (compatible; SemrushBot/7~bl; +http://www.semrush.com/bot.html)"
167.86.71.242 - - [21/Sep/2022:03:44:28 +0200] "GET /-p-26881.html HTTP/1.0" 200 71872 "-" "Mozilla/5.0 (compatible; MJ12bot/v1.4.8; http://mj12bot.com/)"
185.191.171.38 - - [21/Sep/2022:03:44:29 +0200] "GET /cats-dubout-figurine-cats-p-33343.html HTTP/1.0" 200 75060 "-" "Mozilla/5.0 (compatible; SemrushBot/7~bl; +http://www.semrush.com/bot.html)"
51.222.253.7 - - [21/Sep/2022:03:44:32 +0200] "GET /zippo-lighter-knife-p-51967.html HTTP/1.0" 200 75877 "-" "Mozilla/5.0 (compatible; AhrefsBot/7.0; +http://ahrefs.com/robot/)"
185.191.171.20 - - [21/Sep/2022:03:44:33 +0200] "GET /kids-school-bag-c-31_80.html?page=1 HTTP/1.0" 301 91967 "-" "Mozilla/5.0 (compatible; SemrushBot/7~bl; +http://www.semrush.com/bot.html)"
149.202.82.11 - - [21/Sep/2022:03:44:35 +0200] "GET /cars-pajamas-years-p-22832.html HTTP/1.0" 301 71939 "-" "Mozilla/5.0 (compatible; MJ12bot/v1.4.8; http://mj12bot.com/)"
185.191.171.37 - - [21/Sep/2022:03:44:38 +0200] "GET /kids-school-c-80.html?page=1 HTTP/1.0" 301 91812 "-" "Mozilla/5.0 (compatible; SemrushBot/7~bl; +http://www.semrush.com/bot.html)"
167.86.71.242 - - [21/Sep/2022:03:44:39 +0200] "GET /-p-26886.html HTTP/1.0" 200 71872 "-" "Mozilla/5.0 (compatible; MJ12bot/v1.4.8; http://mj12bot.com/)"
185.191.171.2 - - [21/Sep/2022:03:44:41 +0200] "GET /kids-school-c-31_80.html?page=1 HTTP/1.0" 200 91885 "-" "Mozilla/5.0 (compatible; SemrushBot/7~bl; +http://www.semrush.com/bot.html)"
167.86.71.242 - - [21/Sep/2022:03:44:50 +0200] "GET /-p-26903.html HTTP/1.0" 200 71872 "-" "Mozilla/5.0 (compatible; MJ12bot/v1.4.8; http://mj12bot.com/)"
185.191.171.39 - - [21/Sep/2022:03:44:52 +0200] "GET /decoration-world-map-p-48252.html HTTP/1.0" 301 71939 "-" "Mozilla/5.0 (compatible; SemrushBot/7~bl; +http://www.semrush.com/bot.html)"
147.92.153.9 - - [21/Sep/2022:03:44:52 +0200] "GET /miss-bianca-figurine-p-58783.html HTTP/1.0" 200 74368 "-" "Mozilla/5.0 (compatible; Linespider/1.1; +https://lin.ee/4dwXkTH)"
34.198.236.55 - - [21/Sep/2022:03:44:54 +0200] "GET /images/mini_prod/3760116328203.jpg HTTP/1.0" 200 269 "-" "Mozilla/5.0 (X11; Ubuntu; Linux x86_64; rv:72.0) Gecko/20100101 Firefox/72.0"
149.202.82.11 - - [21/Sep/2022:03:44:54 +0200] "GET /-p-22832.html HTTP/1.0" 200 71872 "-" "Mozilla/5.0 (compatible; MJ12bot/v1.4.8; http://mj12bot.com/)"
185.191.171.8 - - [21/Sep/2022:03:44:56 +0200] "GET /-p-48252.html HTTP/1.0" 200 71872 "-" "Mozilla/5.0 (compatible; SemrushBot/7~bl; +http://www.semrush.com/bot.html)"
167.86.71.242 - - [21/Sep/2022:03:44:58 +0200] "GET /-p-26917.html HTTP/1.0" 200 71872 "-" "Mozilla/5.0 (compatible; MJ12bot/v1.4.8; http://mj12bot.com/)"
167.86.71.242 - - [21/Sep/2022:03:45:07 +0200] "GET /-p-26923.html HTTP/1.0" 200 71872 "-" "Mozilla/5.0 (compatible; MJ12bot/v1.4.8; http://mj12bot.com/)"
185.191.171.9 - - [21/Sep/2022:03:45:08 +0200] "GET /candy-cloud-unicorn-dreamer-p-51812.html HTTP/1.0" 200 71954 "-" "Mozilla/5.0 (compatible; SemrushBot/7~bl; +http://www.semrush.com/bot.html)"
167.86.71.242 - - [21/Sep/2022:03:45:18 +0200] "GET /-p-26957.html HTTP/1.0" 200 71872 "-" "Mozilla/5.0 (compatible; MJ12bot/v1.4.8; http://mj12bot.com/)"
149.202.82.11 - - [21/Sep/2022:03:45:20 +0200] "GET /cars-pajamas-years-p-22833.html HTTP/1.0" 301 71939 "-" "Mozilla/5.0 (compatible; MJ12bot/v1.4.8; http://mj12bot.com/)"
51.222.253.16 - - [21/Sep/2022:03:45:21 +0200] "GET /unicorn-plush-pink-white-p-47653.html HTTP/1.0" 200 74660 "-" "Mozilla/5.0 (compatible; AhrefsBot/7.0; +http://ahrefs.com/robot/)"
185.191.171.13 - - [21/Sep/2022:03:45:27 +0200] "GET /skull-moneybox-hear-nothing-p-52307.html HTTP/1.0" 200 74498 "-" "Mozilla/5.0 (compatible; SemrushBot/7~bl; +http://www.semrush.com/bot.html)"
167.86.71.242 - - [21/Sep/2022:03:45:30 +0200] "GET /-p-26962.html HTTP/1.0" 200 71872 "-" "Mozilla/5.0 (compatible; MJ12bot/v1.4.8; http://mj12bot.com/)"
149.202.82.11 - - [21/Sep/2022:03:45:34 +0200] "GET /-p-22833.html HTTP/1.0" 200 71872 "-" "Mozilla/5.0 (compatible; MJ12bot/v1.4.8; http://mj12bot.com/)"
167.86.71.242 - - [21/Sep/2022:03:45:40 +0200] "GET /-p-26963.html HTTP/1.0" 200 71872 "-" "Mozilla/5.0 (compatible; MJ12bot/v1.4.8; http://mj12bot.com/)"
185.191.171.37 - - [21/Sep/2022:03:45:41 +0200] "GET /salt-pepper-cote-p-47912.html HTTP/1.0" 200 74531 "-" "Mozilla/5.0 (compatible; SemrushBot/7~bl; +http://www.semrush.com/bot.html)"
167.86.71.242 - - [21/Sep/2022:03:45:47 +0200] "GET /-p-26964.html HTTP/1.0" 200 71872 "-" "Mozilla/5.0 (compatible; MJ12bot/v1.4.8; http://mj12bot.com/)"
149.202.82.11 - - [21/Sep/2022:03:45:51 +0200] "GET /cars-pencil-case-p-19643.html HTTP/1.0" 200 71955 "-" "Mozilla/5.0 (compatible; MJ12bot/v1.4.8; http://mj12bot.com/)"
167.86.71.242 - - [21/Sep/2022:03:45:54 +0200] "GET /-p-26966.html HTTP/1.0" 200 71872 "-" "Mozilla/5.0 (compatible; MJ12bot/v1.4.8; http://mj12bot.com/)"
167.86.71.242 - - [21/Sep/2022:03:46:00 +0200] "GET /-p-26967.html HTTP/1.0" 200 71872 "-" "Mozilla/5.0 (compatible; MJ12bot/v1.4.8; http://mj12bot.com/)"
185.191.171.11 - - [21/Sep/2022:03:46:01 +0200] "GET /teo-jasmin-keychains-p-32019.html HTTP/1.0" 301 74769 "-" "Mozilla/5.0 (compatible; SemrushBot/7~bl; +http://www.semrush.com/bot.html)"
185.191.171.36 - - [21/Sep/2022:03:46:04 +0200] "GET /jasmin-keychains-p-32019.html HTTP/1.0" 200 74686 "-" "Mozilla/5.0 (compatible; SemrushBot/7~bl; +http://www.semrush.com/bot.html)"
149.202.82.11 - - [21/Sep/2022:03:46:05 +0200] "GET /cars-placemat-p-22495.html HTTP/1.0" 200 74508 "-" "Mozilla/5.0 (compatible; MJ12bot/v1.4.8; http://mj12bot.com/)"
51.222.253.4 - - [21/Sep/2022:03:46:05 +0200] "GET /jamaican-clock-p-24958.html HTTP/1.0" 200 74437 "-" "Mozilla/5.0 (compatible; AhrefsBot/7.0; +http://ahrefs.com/robot/)"
185.191.171.3 - - [21/Sep/2022:03:46:07 +0200] "GET /set-pepper-and-salt-duo-of-hens-p-50648.html HTTP/1.0" 301 72039 "-" "Mozilla/5.0 (compatible; SemrushBot/7~bl; +http://www.semrush.com/bot.html)"
167.86.71.242 - - [21/Sep/2022:03:46:07 +0200] "GET /-p-27032.html HTTP/1.0" 200 71872 "-" "Mozilla/5.0 (compatible; MJ12bot/v1.4.8; http://mj12bot.com/)"
185.191.171.36 - - [21/Sep/2022:03:46:10 +0200] "GET /pepper-salt-hens-p-50648.html HTTP/1.0" 200 71956 "-" "Mozilla/5.0 (compatible; SemrushBot/7~bl; +http://www.semrush.com/bot.html)"
51.222.253.13 - - [21/Sep/2022:03:46:12 +0200] "GET /images/1399984254189.jpg HTTP/1.0" 200 259 "-" "Mozilla/5.0 (compatible; AhrefsBot/7.0; +http://ahrefs.com/robot/)"
149.202.82.11 - - [21/Sep/2022:03:46:16 +0200] "GET /cars-queen-figure-p-11109.html HTTP/1.0" 301 71939 "-" "Mozilla/5.0 (compatible; MJ12bot/v1.4.8; http://mj12bot.com/)"
167.86.71.242 - - [21/Sep/2022:03:46:17 +0200] "GET /-p-27070.html HTTP/1.0" 200 71872 "-" "Mozilla/5.0 (compatible; MJ12bot/v1.4.8; http://mj12bot.com/)"
167.86.71.242 - - [21/Sep/2022:03:46:23 +0200] "GET /-p-27129.html HTTP/1.0" 200 71872 "-" "Mozilla/5.0 (compatible; MJ12bot/v1.4.8; http://mj12bot.com/)"
114.119.137.31 - - [21/Sep/2022:03:46:27 +0200] "GET /paperweight-amour-et-psyche-by-bouguereau-p-53585.html HTTP/1.0" 301 75434 "-" "Mozilla/5.0 (Linux; Android 7.0;) AppleWebKit/537.36 (KHTML, like Gecko) Mobile Safari/537.36 (compatible; PetalBot;+https://webmaster.petalsearch.com/site/petalbot)"
114.119.137.31 - - [21/Sep/2022:03:46:29 +0200] "GET /paperweight-amour-psych-bouguereau-p-53585.html HTTP/1.0" 200 75333 "-" "Mozilla/5.0 (Linux; Android 7.0;) AppleWebKit/537.36 (KHTML, like Gecko) Mobile Safari/537.36 (compatible; PetalBot;+https://webmaster.petalsearch.com/site/petalbot)"
149.202.82.11 - - [21/Sep/2022:03:46:30 +0200] "GET /-p-11109.html HTTP/1.0" 200 71872 "-" "Mozilla/5.0 (compatible; MJ12bot/v1.4.8; http://mj12bot.com/)"
167.86.71.242 - - [21/Sep/2022:03:46:31 +0200] "GET /-p-27130.html HTTP/1.0" 200 71872 "-" "Mozilla/5.0 (compatible; MJ12bot/v1.4.8; http://mj12bot.com/)"
51.222.253.5 - - [21/Sep/2022:03:46:39 +0200] "GET /suitcase-lunch-and-lunch-box-c-12_64.html HTTP/1.0" 301 83102 "-" "Mozilla/5.0 (compatible; AhrefsBot/7.0; +http://ahrefs.com/robot/)"
149.202.82.11 - - [21/Sep/2022:03:46:42 +0200] "GET /cars-red-pencil-case-p-19643.html HTTP/1.0" 301 72038 "-" "Mozilla/5.0 (compatible; MJ12bot/v1.4.8; http://mj12bot.com/)"
167.86.71.242 - - [21/Sep/2022:03:46:44 +0200] "GET /-p-27146.html HTTP/1.0" 200 71872 "-" "Mozilla/5.0 (compatible; MJ12bot/v1.4.8; http://mj12bot.com/)"
51.222.253.9 - - [21/Sep/2022:03:46:46 +0200] "GET /merciful-christ-aromatika-incense-sticks-p-53429.html HTTP/1.0" 200 74676 "-" "Mozilla/5.0 (compatible; AhrefsBot/7.0; +http://ahrefs.com/robot/)"
185.191.171.21 - - [21/Sep/2022:03:46:49 +0200] "GET /llama-love-collection-mug-p-47572.html HTTP/1.0" 301 72068 "-" "Mozilla/5.0 (compatible; SemrushBot/7~bl; +http://www.semrush.com/bot.html)"
167.86.71.242 - - [21/Sep/2022:03:46:51 +0200] "GET /-p-27173.html HTTP/1.0" 200 71872 "-" "Mozilla/5.0 (compatible; MJ12bot/v1.4.8; http://mj12bot.com/)"
185.191.171.11 - - [21/Sep/2022:03:46:52 +0200] "GET /llama-love-collection-p-47572.html HTTP/1.0" 200 71980 "-" "Mozilla/5.0 (compatible; SemrushBot/7~bl; +http://www.semrush.com/bot.html)"
149.202.82.11 - - [21/Sep/2022:03:46:53 +0200] "GET /cars-pencil-case-p-19643.html HTTP/1.0" 200 71955 "-" "Mozilla/5.0 (compatible; MJ12bot/v1.4.8; http://mj12bot.com/)"
167.86.71.242 - - [21/Sep/2022:03:47:00 +0200] "GET /-p-27191.html HTTP/1.0" 200 71872 "-" "Mozilla/5.0 (compatible; MJ12bot/v1.4.8; http://mj12bot.com/)"
149.202.82.11 - - [21/Sep/2022:03:47:04 +0200] "GET /cars-small-inflatable-pool-p-24444.html HTTP/1.0" 301 71939 "-" "Mozilla/5.0 (compatible; MJ12bot/v1.4.8; http://mj12bot.com/)"
167.86.71.242 - - [21/Sep/2022:03:47:06 +0200] "GET /robots.txt HTTP/1.0" 200 245 "-" "Mozilla/5.0 (compatible; MJ12bot/v1.4.8; http://mj12bot.com/)"
167.86.71.242 - - [21/Sep/2022:03:47:15 +0200] "GET /-p-2720.html HTTP/1.0" 200 71870 "-" "Mozilla/5.0 (compatible; MJ12bot/v1.4.8; http://mj12bot.com/)"
149.202.82.11 - - [21/Sep/2022:03:47:18 +0200] "GET /-p-24444.html HTTP/1.0" 200 71872 "-" "Mozilla/5.0 (compatible; MJ12bot/v1.4.8; http://mj12bot.com/)"
167.86.71.242 - - [21/Sep/2022:03:47:30 +0200] "GET /-p-27210.html HTTP/1.0" 200 71872 "-" "Mozilla/5.0 (compatible; MJ12bot/v1.4.8; http://mj12bot.com/)"
149.202.82.11 - - [21/Sep/2022:03:47:32 +0200] "GET /cars-sprint-suitcase-p-18361.html HTTP/1.0" 301 71939 "-" "Mozilla/5.0 (compatible; MJ12bot/v1.4.8; http://mj12bot.com/)"
167.86.71.242 - - [21/Sep/2022:03:47:39 +0200] "GET /-p-27212.html HTTP/1.0" 200 71872 "-" "Mozilla/5.0 (compatible; MJ12bot/v1.4.8; http://mj12bot.com/)"
