144.91.91.164 - - [21/Sep/2022:11:41:07 +0200] "GET /cherries-red-set-salt-and-pepper-p-34488.html HTTP/1.0" 301 71939 "-" "Mozilla/5.0 (compatible; MJ12bot/v1.4.8; http://mj12bot.com/)"
144.91.91.164 - - [21/Sep/2022:11:41:11 +0200] "GET /-p-34488.html HTTP/1.0" 200 71872 "-" "Mozilla/5.0 (compatible; MJ12bot/v1.4.8; http://mj12bot.com/)"
144.91.91.164 - - [21/Sep/2022:11:41:16 +0200] "GET /cherries-salt-pepper-p-34488.html HTTP/1.0" 301 71939 "-" "Mozilla/5.0 (compatible; MJ12bot/v1.4.8; http://mj12bot.com/)"
144.91.91.164 - - [21/Sep/2022:11:41:22 +0200] "GET /-p-34488.html HTTP/1.0" 200 71872 "-" "Mozilla/5.0 (compatible; MJ12bot/v1.4.8; http://mj12bot.com/)"
144.91.91.164 - - [21/Sep/2022:11:41:27 +0200] "GET /chewbacca-figure-52-cm-p-27764.html HTTP/1.0" 301 71939 "-" "Mozilla/5.0 (compatible; MJ12bot/v1.4.8; http://mj12bot.com/)"
144.91.91.164 - - [21/Sep/2022:11:41:30 +0200] "GET /-p-27764.html HTTP/1.0" 200 71872 "-" "Mozilla/5.0 (compatible; MJ12bot/v1.4.8; http://mj12bot.com/)"
185.191.171.26 - - [21/Sep/2022:11:41:32 +0200] "GET /ceramic-bowl-in-relief-saint-bol-p-45505.html HTTP/1.0" 301 71939 "-" "Mozilla/5.0 (compatible; SemrushBot/7~bl; +http://www.semrush.com/bot.html)"
144.91.91.164 - - [21/Sep/2022:11:41:34 +0200] "GET /chi-pink-kids-school-bag-p-40961.html HTTP/1.0" 301 71939 "-" "Mozilla/5.0 (compatible; MJ12bot/v1.4.8; http://mj12bot.com/)"
185.191.171.6 - - [21/Sep/2022:11:41:35 +0200] "GET /-p-45505.html HTTP/1.0" 200 71872 "-" "Mozilla/5.0 (compatible; SemrushBot/7~bl; +http://www.semrush.com/bot.html)"
185.191.171.16 - - [21/Sep/2022:11:41:39 +0200] "GET /gift-willow-tree-figurine-p-36266.html HTTP/1.0" 200 75344 "-" "Mozilla/5.0 (compatible; SemrushBot/7~bl; +http://www.semrush.com/bot.html)"
144.91.91.164 - - [21/Sep/2022:11:41:39 +0200] "GET /-p-40961.html HTTP/1.0" 200 71872 "-" "Mozilla/5.0 (compatible; MJ12bot/v1.4.8; http://mj12bot.com/)"
144.91.91.164 - - [21/Sep/2022:11:41:43 +0200] "GET /chica-loca-personal-diary-p-17462.html HTTP/1.0" 301 71939 "-" "Mozilla/5.0 (compatible; MJ12bot/v1.4.8; http://mj12bot.com/)"
89.201.195.96 - - [21/Sep/2022:11:41:46 +0200] "GET /contact_us.php HTTP/1.0" 200 26241 "http://www.wonder-geek.com/contact_us.php" "Mozilla/5.0 (Windows NT 10.0) AppleWebKit/537.36 (KHTML, like Gecko) Chrome/90.0.4430.85 Safari/537.36"
89.201.195.96 - - [21/Sep/2022:11:41:46 +0200] "POST /contact_us.php?action=send HTTP/1.0" 200 26486 "http://www.wonder-geek.com/contact_us.php" "Mozilla/5.0 (Windows NT 10.0) AppleWebKit/537.36 (KHTML, like Gecko) Chrome/90.0.4430.85 Safari/537.36"
144.91.91.164 - - [21/Sep/2022:11:41:46 +0200] "GET /-p-17462.html HTTP/1.0" 200 71872 "-" "Mozilla/5.0 (compatible; MJ12bot/v1.4.8; http://mj12bot.com/)"
144.91.91.164 - - [21/Sep/2022:11:41:50 +0200] "GET /chica-vampiro-mug-p-37639.html HTTP/1.0" 301 71939 "-" "Mozilla/5.0 (compatible; MJ12bot/v1.4.8; http://mj12bot.com/)"
66.249.66.212 - - [21/Sep/2022:11:41:51 +0200] "GET /mtal-small-baby-teeth-green-blue-p-47098.html HTTP/1.0" 200 74765 "-" "Mozilla/5.0 (Linux; Android 6.0.1; Nexus 5X Build/MMB29P) AppleWebKit/537.36 (KHTML, like Gecko) Chrome/105.0.5195.125 Mobile Safari/537.36 (compatible; Googlebot/2.1; +http://www.google.com/bot.html)"
144.91.91.164 - - [21/Sep/2022:11:41:54 +0200] "GET /-p-37639.html HTTP/1.0" 200 71872 "-" "Mozilla/5.0 (compatible; MJ12bot/v1.4.8; http://mj12bot.com/)"
144.91.91.164 - - [21/Sep/2022:11:41:57 +0200] "GET /child-blue-apron-p-30705.html HTTP/1.0" 301 71939 "-" "Mozilla/5.0 (compatible; MJ12bot/v1.4.8; http://mj12bot.com/)"
144.91.91.164 - - [21/Sep/2022:11:42:02 +0200] "GET /-p-30705.html HTTP/1.0" 200 71872 "-" "Mozilla/5.0 (compatible; MJ12bot/v1.4.8; http://mj12bot.com/)"
144.91.91.164 - - [21/Sep/2022:11:42:07 +0200] "GET /child-pink-apron-p-24388.html HTTP/1.0" 301 71939 "-" "Mozilla/5.0 (compatible; MJ12bot/v1.4.8; http://mj12bot.com/)"
144.91.91.164 - - [21/Sep/2022:11:42:10 +0200] "GET /-p-24388.html HTTP/1.0" 200 71872 "-" "Mozilla/5.0 (compatible; MJ12bot/v1.4.8; http://mj12bot.com/)"
54.36.149.94 - - [21/Sep/2022:11:42:13 +0200] "GET /luggages-schoolbags-leather-shop-c-31.html?page=42 HTTP/1.0" 200 94889 "-" "Mozilla/5.0 (compatible; AhrefsBot/7.0; +http://ahrefs.com/robot/)"
144.91.91.164 - - [21/Sep/2022:11:42:15 +0200] "GET /chime-owl-metal-and-glass-red-p-37203.html HTTP/1.0" 301 74683 "-" "Mozilla/5.0 (compatible; MJ12bot/v1.4.8; http://mj12bot.com/)"
54.36.148.236 - - [21/Sep/2022:11:42:18 +0200] "GET /images/mini_prod/8422011111131.jpg HTTP/1.0" 200 269 "-" "Mozilla/5.0 (compatible; AhrefsBot/7.0; +http://ahrefs.com/robot/)"
54.36.149.82 - - [21/Sep/2022:11:42:18 +0200] "GET /images/mini_prod/3681643309292.jpg HTTP/1.0" 200 269 "-" "Mozilla/5.0 (compatible; AhrefsBot/7.0; +http://ahrefs.com/robot/)"
54.36.149.96 - - [21/Sep/2022:11:42:18 +0200] "GET /images/mini_prod/8422011111148.jpg HTTP/1.0" 200 269 "-" "Mozilla/5.0 (compatible; AhrefsBot/7.0; +http://ahrefs.com/robot/)"
54.36.148.147 - - [21/Sep/2022:11:42:18 +0200] "GET /images/mini_prod/1399984255810.jpg HTTP/1.0" 200 269 "-" "Mozilla/5.0 (compatible; AhrefsBot/7.0; +http://ahrefs.com/robot/)"
54.36.148.222 - - [21/Sep/2022:11:42:18 +0200] "GET /images/mini_prod/100_2963.gif HTTP/1.0" 200 263 "-" "Mozilla/5.0 (compatible; AhrefsBot/7.0; +http://ahrefs.com/robot/)"
54.36.148.178 - - [21/Sep/2022:11:42:18 +0200] "GET /images/mini_prod/3700572722450.jpg HTTP/1.0" 200 269 "-" "Mozilla/5.0 (compatible; AhrefsBot/7.0; +http://ahrefs.com/robot/)"
54.36.149.36 - - [21/Sep/2022:11:42:19 +0200] "GET /images/mini_prod/3662498017860.jpg HTTP/1.0" 200 269 "-" "Mozilla/5.0 (compatible; AhrefsBot/7.0; +http://ahrefs.com/robot/)"
54.36.148.181 - - [21/Sep/2022:11:42:19 +0200] "GET /images/mini_prod/3700572738857.jpg HTTP/1.0" 200 269 "-" "Mozilla/5.0 (compatible; AhrefsBot/7.0; +http://ahrefs.com/robot/)"
54.36.148.16 - - [21/Sep/2022:11:42:19 +0200] "GET /images/mini_prod/5701359672713.jpg HTTP/1.0" 200 269 "-" "Mozilla/5.0 (compatible; AhrefsBot/7.0; +http://ahrefs.com/robot/)"
54.36.148.90 - - [21/Sep/2022:11:42:19 +0200] "GET /images/mini_prod/308GJ22.jpg HTTP/1.0" 200 263 "-" "Mozilla/5.0 (compatible; AhrefsBot/7.0; +http://ahrefs.com/robot/)"
54.36.148.77 - - [21/Sep/2022:11:42:19 +0200] "GET /images/mini_prod/3700572722443.jpg HTTP/1.0" 200 269 "-" "Mozilla/5.0 (compatible; AhrefsBot/7.0; +http://ahrefs.com/robot/)"
54.36.148.108 - - [21/Sep/2022:11:42:19 +0200] "GET /images/mini_prod/5018997615232.jpg HTTP/1.0" 200 269 "-" "Mozilla/5.0 (compatible; AhrefsBot/7.0; +http://ahrefs.com/robot/)"
54.36.149.71 - - [21/Sep/2022:11:42:19 +0200] "GET /images/mini_prod/5036278062209.jpg HTTP/1.0" 200 269 "-" "Mozilla/5.0 (compatible; AhrefsBot/7.0; +http://ahrefs.com/robot/)"
54.36.148.10 - - [21/Sep/2022:11:42:19 +0200] "GET /images/mini_prod/1399984255766.jpg HTTP/1.0" 200 269 "-" "Mozilla/5.0 (compatible; AhrefsBot/7.0; +http://ahrefs.com/robot/)"
144.91.91.164 - - [21/Sep/2022:11:42:19 +0200] "GET /chime-metal-glass-p-37203.html HTTP/1.0" 200 74599 "-" "Mozilla/5.0 (compatible; MJ12bot/v1.4.8; http://mj12bot.com/)"
144.91.91.164 - - [21/Sep/2022:11:42:23 +0200] "GET /choupi-pairs-of-socks-size-18-20-p-25456.html HTTP/1.0" 301 71939 "-" "Mozilla/5.0 (compatible; MJ12bot/v1.4.8; http://mj12bot.com/)"
144.91.91.164 - - [21/Sep/2022:11:42:27 +0200] "GET /-p-25456.html HTTP/1.0" 200 71872 "-" "Mozilla/5.0 (compatible; MJ12bot/v1.4.8; http://mj12bot.com/)"
144.91.91.164 - - [21/Sep/2022:11:42:30 +0200] "GET /chupa-chups-peas-bag-with-betty-boop-p-31787.html HTTP/1.0" 301 71939 "-" "Mozilla/5.0 (compatible; MJ12bot/v1.4.8; http://mj12bot.com/)"
144.91.91.164 - - [21/Sep/2022:11:42:34 +0200] "GET /-p-31787.html HTTP/1.0" 200 71872 "-" "Mozilla/5.0 (compatible; MJ12bot/v1.4.8; http://mj12bot.com/)"
144.91.91.164 - - [21/Sep/2022:11:42:38 +0200] "GET /chupa-chups-peas-with-betty-boop-p-31787.html HTTP/1.0" 301 71939 "-" "Mozilla/5.0 (compatible; MJ12bot/v1.4.8; http://mj12bot.com/)"
144.91.91.164 - - [21/Sep/2022:11:42:42 +0200] "GET /-p-31787.html HTTP/1.0" 200 71872 "-" "Mozilla/5.0 (compatible; MJ12bot/v1.4.8; http://mj12bot.com/)"
144.91.91.164 - - [21/Sep/2022:11:42:46 +0200] "GET /citroen-sm-metal-plate-20-15-cm-p-37175.html HTTP/1.0" 301 74693 "-" "Mozilla/5.0 (compatible; MJ12bot/v1.4.8; http://mj12bot.com/)"
144.91.91.164 - - [21/Sep/2022:11:42:50 +0200] "GET /citroen-metal-plate-p-37175.html HTTP/1.0" 200 74607 "-" "Mozilla/5.0 (compatible; MJ12bot/v1.4.8; http://mj12bot.com/)"
144.91.91.164 - - [21/Sep/2022:11:42:54 +0200] "GET /citron-collection-metal-plate-deco-p-37159.html HTTP/1.0" 301 71939 "-" "Mozilla/5.0 (compatible; MJ12bot/v1.4.8; http://mj12bot.com/)"
185.191.171.44 - - [21/Sep/2022:11:42:55 +0200] "GET /pillow-case-in-cotton-percale-80-threads-50-70-cm-p-51255.html HTTP/1.0" 301 72133 "-" "Mozilla/5.0 (compatible; SemrushBot/7~bl; +http://www.semrush.com/bot.html)"
144.91.91.164 - - [21/Sep/2022:11:42:58 +0200] "GET /-p-37159.html HTTP/1.0" 200 71872 "-" "Mozilla/5.0 (compatible; MJ12bot/v1.4.8; http://mj12bot.com/)"
185.191.171.38 - - [21/Sep/2022:11:42:58 +0200] "GET /pillow-case-cotton-percale-threads-p-51255.html HTTP/1.0" 200 72032 "-" "Mozilla/5.0 (compatible; SemrushBot/7~bl; +http://www.semrush.com/bot.html)"
54.36.149.47 - - [21/Sep/2022:11:43:01 +0200] "GET /laissez-lucie-faire-large-glass-p-31425.html HTTP/1.0" 301 71939 "-" "Mozilla/5.0 (compatible; AhrefsBot/7.0; +http://ahrefs.com/robot/)"
144.91.91.164 - - [21/Sep/2022:11:43:02 +0200] "GET /citron-ds-collection-metal-plate-deco-p-37159.html HTTP/1.0" 301 71939 "-" "Mozilla/5.0 (compatible; MJ12bot/v1.4.8; http://mj12bot.com/)"
144.91.91.164 - - [21/Sep/2022:11:43:07 +0200] "GET /-p-37159.html HTTP/1.0" 200 71872 "-" "Mozilla/5.0 (compatible; MJ12bot/v1.4.8; http://mj12bot.com/)"
185.191.171.23 - - [21/Sep/2022:11:43:11 +0200] "GET /round-mirror-to-suspend-rope-p-50004.html HTTP/1.0" 301 75238 "-" "Mozilla/5.0 (compatible; SemrushBot/7~bl; +http://www.semrush.com/bot.html)"
144.91.91.164 - - [21/Sep/2022:11:43:11 +0200] "GET /classic-garage-retro-clock-p-37685.html HTTP/1.0" 301 71939 "-" "Mozilla/5.0 (compatible; MJ12bot/v1.4.8; http://mj12bot.com/)"
185.191.171.23 - - [21/Sep/2022:11:43:14 +0200] "GET /round-mirror-suspend-rope-p-50004.html HTTP/1.0" 200 75146 "-" "Mozilla/5.0 (compatible; SemrushBot/7~bl; +http://www.semrush.com/bot.html)"
144.91.91.164 - - [21/Sep/2022:11:43:16 +0200] "GET /-p-37685.html HTTP/1.0" 200 71872 "-" "Mozilla/5.0 (compatible; MJ12bot/v1.4.8; http://mj12bot.com/)"
216.244.66.242 - - [21/Sep/2022:11:43:18 +0200] "GET /-p-7308.html HTTP/1.0" 200 71870 "-" "Mozilla/5.0 (compatible; DotBot/1.2; +https://opensiteexplorer.org/dotbot; help@moz.com)"
35.186.100.103 - - [21/Sep/2022:11:43:20 +0200] "GET /images/big_prod_1/1345544973540a.jpg HTTP/1.0" 200 271 "-" "Mozilla/5.0 (X11; Ubuntu; Linux x86_64; rv:72.0) Gecko/20100101 Firefox/72.0"
144.91.91.164 - - [21/Sep/2022:11:43:20 +0200] "GET /clifford-the-big-red-dog-set-p-32960.html HTTP/1.0" 301 71939 "-" "Mozilla/5.0 (compatible; MJ12bot/v1.4.8; http://mj12bot.com/)"
66.249.66.214 - - [21/Sep/2022:11:43:22 +0200] "GET /corsica-metal-plate-p-52508.html HTTP/1.0" 200 74469 "-" "Mozilla/5.0 (Linux; Android 6.0.1; Nexus 5X Build/MMB29P) AppleWebKit/537.36 (KHTML, like Gecko) Chrome/105.0.5195.102 Mobile Safari/537.36 (compatible; Googlebot/2.1; +http://www.google.com/bot.html)"
144.91.91.164 - - [21/Sep/2022:11:43:24 +0200] "GET /-p-32960.html HTTP/1.0" 200 71872 "-" "Mozilla/5.0 (compatible; MJ12bot/v1.4.8; http://mj12bot.com/)"
144.91.91.164 - - [21/Sep/2022:11:43:27 +0200] "GET /coffee-cup-saucer-set-p-48701.html HTTP/1.0" 301 74631 "-" "Mozilla/5.0 (compatible; MJ12bot/v1.4.8; http://mj12bot.com/)"
216.244.66.242 - - [21/Sep/2022:11:43:28 +0200] "GET /coffee-p-26172.html HTTP/1.0" 301 71939 "-" "Mozilla/5.0 (compatible; DotBot/1.2; +https://opensiteexplorer.org/dotbot; help@moz.com)"
144.91.91.164 - - [21/Sep/2022:11:43:31 +0200] "GET /coffee-saucer-p-48701.html HTTP/1.0" 200 74551 "-" "Mozilla/5.0 (compatible; MJ12bot/v1.4.8; http://mj12bot.com/)"
144.91.91.164 - - [21/Sep/2022:11:43:34 +0200] "GET /coffee-metal-plate-40-30-cm-p-29227.html HTTP/1.0" 301 71939 "-" "Mozilla/5.0 (compatible; MJ12bot/v1.4.8; http://mj12bot.com/)"
216.244.66.242 - - [21/Sep/2022:11:43:35 +0200] "GET /escale-dlices-butter-dish-p-42691.html HTTP/1.0" 200 71976 "-" "Mozilla/5.0 (compatible; DotBot/1.2; +https://opensiteexplorer.org/dotbot; help@moz.com)"
144.91.91.164 - - [21/Sep/2022:11:43:38 +0200] "GET /-p-29227.html HTTP/1.0" 200 71872 "-" "Mozilla/5.0 (compatible; MJ12bot/v1.4.8; http://mj12bot.com/)"
216.244.66.242 - - [21/Sep/2022:11:43:44 +0200] "GET /furniture-knob-children-sold-individually-rainbow-p-57137.html HTTP/1.0" 200 76034 "-" "Mozilla/5.0 (compatible; DotBot/1.2; +https://opensiteexplorer.org/dotbot; help@moz.com)"
144.91.91.164 - - [21/Sep/2022:11:43:45 +0200] "GET /coffee-metal-plate-p-29227.html HTTP/1.0" 301 71939 "-" "Mozilla/5.0 (compatible; MJ12bot/v1.4.8; http://mj12bot.com/)"
34.67.96.123 - - [21/Sep/2022:11:43:49 +0200] "GET /images/mini_prod/8424001471461.jpg HTTP/1.0" 200 269 "-" "Mozilla/5.0 (X11; Ubuntu; Linux x86_64; rv:72.0) Gecko/20100101 Firefox/72.0"
144.91.91.164 - - [21/Sep/2022:11:43:50 +0200] "GET /-p-29227.html HTTP/1.0" 200 71872 "-" "Mozilla/5.0 (compatible; MJ12bot/v1.4.8; http://mj12bot.com/)"
54.36.148.129 - - [21/Sep/2022:11:43:52 +0200] "GET /luggages-schoolbags-leather-shop-c-31.html?page=43 HTTP/1.0" 200 95202 "-" "Mozilla/5.0 (compatible; AhrefsBot/7.0; +http://ahrefs.com/robot/)"
66.249.66.212 - - [21/Sep/2022:11:43:52 +0200] "GET /set-of-circle-coasters-cupcakes-by-cbkreation-p-17349.html HTTP/1.0" 301 74842 "-" "Mozilla/5.0 (Linux; Android 6.0.1; Nexus 5X Build/MMB29P) AppleWebKit/537.36 (KHTML, like Gecko) Chrome/105.0.5195.102 Mobile Safari/537.36 (compatible; Googlebot/2.1; +http://www.google.com/bot.html)"
216.244.66.242 - - [21/Sep/2022:11:43:55 +0200] "GET /harley-davidson-genuine-logo-stripes-lighter-p-45313.html HTTP/1.0" 200 75741 "-" "Mozilla/5.0 (compatible; DotBot/1.2; +https://opensiteexplorer.org/dotbot; help@moz.com)"
66.249.66.212 - - [21/Sep/2022:11:43:55 +0200] "GET /circle-coasters-cupcakes-cbkreation-p-17349.html HTTP/1.0" 200 74740 "-" "Mozilla/5.0 (Linux; Android 6.0.1; Nexus 5X Build/MMB29P) AppleWebKit/537.36 (KHTML, like Gecko) Chrome/105.0.5195.102 Mobile Safari/537.36 (compatible; Googlebot/2.1; +http://www.google.com/bot.html)"
144.91.91.164 - - [21/Sep/2022:11:43:55 +0200] "GET /coffee-tray-p-26190.html HTTP/1.0" 301 71939 "-" "Mozilla/5.0 (compatible; MJ12bot/v1.4.8; http://mj12bot.com/)"
144.91.91.164 - - [21/Sep/2022:11:43:59 +0200] "GET /-p-26190.html HTTP/1.0" 200 71872 "-" "Mozilla/5.0 (compatible; MJ12bot/v1.4.8; http://mj12bot.com/)"
185.191.171.3 - - [21/Sep/2022:11:44:00 +0200] "GET /marine-laundry-basket-black-white-p-48910.html HTTP/1.0" 301 71939 "-" "Mozilla/5.0 (compatible; SemrushBot/7~bl; +http://www.semrush.com/bot.html)"
144.91.91.164 - - [21/Sep/2022:11:44:03 +0200] "GET /cognac-deco-thermometer-p-17004.html HTTP/1.0" 301 71939 "-" "Mozilla/5.0 (compatible; MJ12bot/v1.4.8; http://mj12bot.com/)"
185.191.171.4 - - [21/Sep/2022:11:44:04 +0200] "GET /-p-48910.html HTTP/1.0" 200 71872 "-" "Mozilla/5.0 (compatible; SemrushBot/7~bl; +http://www.semrush.com/bot.html)"
216.244.66.242 - - [21/Sep/2022:11:44:06 +0200] "GET /support-metal-bottle-skier-p-38255.html HTTP/1.0" 200 74608 "-" "Mozilla/5.0 (compatible; DotBot/1.2; +https://opensiteexplorer.org/dotbot; help@moz.com)"
144.91.91.164 - - [21/Sep/2022:11:44:06 +0200] "GET /-p-17004.html HTTP/1.0" 200 71872 "-" "Mozilla/5.0 (compatible; MJ12bot/v1.4.8; http://mj12bot.com/)"
144.91.91.164 - - [21/Sep/2022:11:44:09 +0200] "GET /collection-plate-metal-vespa-the-den-of-the-vespa-p-16827.html HTTP/1.0" 301 71939 "-" "Mozilla/5.0 (compatible; MJ12bot/v1.4.8; http://mj12bot.com/)"
144.91.91.164 - - [21/Sep/2022:11:44:13 +0200] "GET /-p-16827.html HTTP/1.0" 200 71872 "-" "Mozilla/5.0 (compatible; MJ12bot/v1.4.8; http://mj12bot.com/)"
144.91.91.164 - - [21/Sep/2022:11:44:16 +0200] "GET /collection-plate-metal-vespa-the-den-of-the-vespa-p-35031.html HTTP/1.0" 301 75233 "-" "Mozilla/5.0 (compatible; MJ12bot/v1.4.8; http://mj12bot.com/)"
144.91.91.164 - - [21/Sep/2022:11:44:22 +0200] "GET /collection-plate-metal-vespa-vespa-p-35031.html HTTP/1.0" 200 75132 "-" "Mozilla/5.0 (compatible; MJ12bot/v1.4.8; http://mj12bot.com/)"
144.91.91.164 - - [21/Sep/2022:11:44:26 +0200] "GET /collection-plate-metal-vespa-un-avventura-p-16829.html HTTP/1.0" 301 72127 "-" "Mozilla/5.0 (compatible; MJ12bot/v1.4.8; http://mj12bot.com/)"
144.91.91.164 - - [21/Sep/2022:11:44:31 +0200] "GET /collection-plate-metal-vespa-avventura-p-16829.html HTTP/1.0" 200 72022 "-" "Mozilla/5.0 (compatible; MJ12bot/v1.4.8; http://mj12bot.com/)"
144.91.91.164 - - [21/Sep/2022:11:44:35 +0200] "GET /collection-plate-metal-vespa-vespa-p-16827.html HTTP/1.0" 301 71939 "-" "Mozilla/5.0 (compatible; MJ12bot/v1.4.8; http://mj12bot.com/)"
144.91.91.164 - - [21/Sep/2022:11:44:39 +0200] "GET /-p-16827.html HTTP/1.0" 200 71872 "-" "Mozilla/5.0 (compatible; MJ12bot/v1.4.8; http://mj12bot.com/)"
163.220.128.41 - - [21/Sep/2022:11:44:41 +0200] "GET /images/mini_prod/8003990615898.jpg HTTP/1.0" 200 269 "-" "Mozilla/5.0 (X11; Ubuntu; Linux x86_64; rv:72.0) Gecko/20100101 Firefox/72.0"
114.119.137.31 - - [21/Sep/2022:11:44:41 +0200] "GET /pusheen-mermaid-clam-soft-toy-16-cm-p-41681.html HTTP/1.0" 301 71939 "http://www.wonder-geek.com/soft-toys-security-blanket-c-4_46.html?page=5" "Mozilla/5.0 (Linux; Android 7.0;) AppleWebKit/537.36 (KHTML, like Gecko) Mobile Safari/537.36 (compatible; PetalBot;+https://webmaster.petalsearch.com/site/petalbot)"
144.91.91.164 - - [21/Sep/2022:11:44:43 +0200] "GET /come-in-we-re-open-panel-led-p-35336.html HTTP/1.0" 301 71939 "-" "Mozilla/5.0 (compatible; MJ12bot/v1.4.8; http://mj12bot.com/)"
34.198.236.55 - - [21/Sep/2022:11:44:45 +0200] "GET /images/big_prod_2/8435153868368F.jpg HTTP/1.0" 200 271 "-" "Mozilla/5.0 (X11; Ubuntu; Linux x86_64; rv:72.0) Gecko/20100101 Firefox/72.0"
114.119.137.31 - - [21/Sep/2022:11:44:45 +0200] "GET /-p-41681.html HTTP/1.0" 200 71872 "http://www.wonder-geek.com/soft-toys-security-blanket-c-4_46.html?page=5" "Mozilla/5.0 (Linux; Android 7.0;) AppleWebKit/537.36 (KHTML, like Gecko) Mobile Safari/537.36 (compatible; PetalBot;+https://webmaster.petalsearch.com/site/petalbot)"
144.91.91.164 - - [21/Sep/2022:11:44:47 +0200] "GET /-p-35336.html HTTP/1.0" 200 71872 "-" "Mozilla/5.0 (compatible; MJ12bot/v1.4.8; http://mj12bot.com/)"
185.191.171.34 - - [21/Sep/2022:11:44:46 +0200] "GET /mustang-anniversary-metal-plate-deco-p-47179.html HTTP/1.0" 200 74744 "-" "Mozilla/5.0 (compatible; SemrushBot/7~bl; +http://www.semrush.com/bot.html)"
185.191.171.35 - - [21/Sep/2022:11:44:50 +0200] "GET /crystal-grid-love-p-52051.html HTTP/1.0" 200 76416 "-" "Mozilla/5.0 (compatible; SemrushBot/7~bl; +http://www.semrush.com/bot.html)"
144.91.91.164 - - [21/Sep/2022:11:44:51 +0200] "GET /comic-superman-desk-blotter-p-37815.html HTTP/1.0" 301 71939 "-" "Mozilla/5.0 (compatible; MJ12bot/v1.4.8; http://mj12bot.com/)"
144.91.91.164 - - [21/Sep/2022:11:44:55 +0200] "GET /-p-37815.html HTTP/1.0" 200 71872 "-" "Mozilla/5.0 (compatible; MJ12bot/v1.4.8; http://mj12bot.com/)"
144.91.91.164 - - [21/Sep/2022:11:44:59 +0200] "GET /cooco-ylvi-and-the-minimoomis-keyring-p-33979.html HTTP/1.0" 301 72134 "-" "Mozilla/5.0 (compatible; MJ12bot/v1.4.8; http://mj12bot.com/)"
185.191.171.13 - - [21/Sep/2022:11:45:00 +0200] "GET /cocktail-sticks-le-vin-des-amis-p-47138.html HTTP/1.0" 301 74774 "-" "Mozilla/5.0 (compatible; SemrushBot/7~bl; +http://www.semrush.com/bot.html)"
144.91.91.164 - - [21/Sep/2022:11:45:02 +0200] "GET /cooco-ylvi-minimoomis-keyring-p-33979.html HTTP/1.0" 200 72038 "-" "Mozilla/5.0 (compatible; MJ12bot/v1.4.8; http://mj12bot.com/)"
185.191.171.34 - - [21/Sep/2022:11:45:03 +0200] "GET /cocktail-sticks-amis-p-47138.html HTTP/1.0" 200 74687 "-" "Mozilla/5.0 (compatible; SemrushBot/7~bl; +http://www.semrush.com/bot.html)"
144.91.91.164 - - [21/Sep/2022:11:45:07 +0200] "GET /cotton-floor-cushion-yellow-isocele-45-cm-p-39767.html HTTP/1.0" 301 71939 "-" "Mozilla/5.0 (compatible; MJ12bot/v1.4.8; http://mj12bot.com/)"
144.91.91.164 - - [21/Sep/2022:11:45:10 +0200] "GET /-p-39767.html HTTP/1.0" 200 71872 "-" "Mozilla/5.0 (compatible; MJ12bot/v1.4.8; http://mj12bot.com/)"
185.191.171.39 - - [21/Sep/2022:11:45:10 +0200] "GET /spiderman-mug-p-29505.html HTTP/1.0" 301 71939 "-" "Mozilla/5.0 (compatible; SemrushBot/7~bl; +http://www.semrush.com/bot.html)"
185.191.171.34 - - [21/Sep/2022:11:45:13 +0200] "GET /-p-29505.html HTTP/1.0" 200 71872 "-" "Mozilla/5.0 (compatible; SemrushBot/7~bl; +http://www.semrush.com/bot.html)"
144.91.91.164 - - [21/Sep/2022:11:45:15 +0200] "GET /couple-lamas-large-bowl-p-45608.html HTTP/1.0" 301 71939 "-" "Mozilla/5.0 (compatible; MJ12bot/v1.4.8; http://mj12bot.com/)"
144.91.91.164 - - [21/Sep/2022:11:45:18 +0200] "GET /-p-45608.html HTTP/1.0" 200 71872 "-" "Mozilla/5.0 (compatible; MJ12bot/v1.4.8; http://mj12bot.com/)"
144.91.91.164 - - [21/Sep/2022:11:45:23 +0200] "GET /couple-of-lamas-large-bowl-p-45608.html HTTP/1.0" 301 71939 "-" "Mozilla/5.0 (compatible; MJ12bot/v1.4.8; http://mj12bot.com/)"
147.92.153.14 - - [21/Sep/2022:11:45:26 +0200] "GET /images/1399984236802.jpg HTTP/1.0" 200 259 "-" "Mozilla/5.0 (compatible; Linespider/1.1; +https://lin.ee/4dwXkTH)"
54.36.148.170 - - [21/Sep/2022:11:45:25 +0200] "GET /cats-isothermic-stainless-steel-bottle-jewels-p-54547.html HTTP/1.0" 200 75420 "-" "Mozilla/5.0 (compatible; AhrefsBot/7.0; +http://ahrefs.com/robot/)"
144.91.91.164 - - [21/Sep/2022:11:45:27 +0200] "GET /-p-45608.html HTTP/1.0" 200 71872 "-" "Mozilla/5.0 (compatible; MJ12bot/v1.4.8; http://mj12bot.com/)"
144.91.91.164 - - [21/Sep/2022:11:45:31 +0200] "GET /crayola-alphabet-stamper-p-19371.html HTTP/1.0" 301 71939 "-" "Mozilla/5.0 (compatible; MJ12bot/v1.4.8; http://mj12bot.com/)"
185.191.171.23 - - [21/Sep/2022:11:45:35 +0200] "GET /gemini-classic-mug-cbkreation-p-29028.html HTTP/1.0" 301 74586 "-" "Mozilla/5.0 (compatible; SemrushBot/7~bl; +http://www.semrush.com/bot.html)"
144.91.91.164 - - [21/Sep/2022:11:45:36 +0200] "GET /-p-19371.html HTTP/1.0" 200 71872 "-" "Mozilla/5.0 (compatible; MJ12bot/v1.4.8; http://mj12bot.com/)"
185.191.171.24 - - [21/Sep/2022:11:45:38 +0200] "GET /gemini-classic-cbkreation-p-29028.html HTTP/1.0" 200 74494 "-" "Mozilla/5.0 (compatible; SemrushBot/7~bl; +http://www.semrush.com/bot.html)"
144.91.91.164 - - [21/Sep/2022:11:45:41 +0200] "GET /crayola-collage-creations-p-19379.html HTTP/1.0" 301 71939 "-" "Mozilla/5.0 (compatible; MJ12bot/v1.4.8; http://mj12bot.com/)"
54.36.149.61 - - [21/Sep/2022:11:45:41 +0200] "GET /zen-cushion-p-38326.html HTTP/1.0" 301 71939 "-" "Mozilla/5.0 (compatible; AhrefsBot/7.0; +http://ahrefs.com/robot/)"
144.91.91.164 - - [21/Sep/2022:11:45:45 +0200] "GET /-p-19379.html HTTP/1.0" 200 71872 "-" "Mozilla/5.0 (compatible; MJ12bot/v1.4.8; http://mj12bot.com/)"
144.91.91.164 - - [21/Sep/2022:11:45:50 +0200] "GET /crayola-colour-style-unicorn-p-37135.html HTTP/1.0" 301 71939 "-" "Mozilla/5.0 (compatible; MJ12bot/v1.4.8; http://mj12bot.com/)"
144.91.91.164 - - [21/Sep/2022:11:45:55 +0200] "GET /-p-37135.html HTTP/1.0" 200 71872 "-" "Mozilla/5.0 (compatible; MJ12bot/v1.4.8; http://mj12bot.com/)"
144.91.91.164 - - [21/Sep/2022:11:46:02 +0200] "GET /crayola-farm-stamper-kit-p-37134.html HTTP/1.0" 301 71939 "-" "Mozilla/5.0 (compatible; MJ12bot/v1.4.8; http://mj12bot.com/)"
144.91.91.164 - - [21/Sep/2022:11:46:07 +0200] "GET /-p-37134.html HTTP/1.0" 200 71872 "-" "Mozilla/5.0 (compatible; MJ12bot/v1.4.8; http://mj12bot.com/)"
144.91.91.164 - - [21/Sep/2022:11:46:12 +0200] "GET /crayola-farm-stamper-p-37134.html HTTP/1.0" 301 71939 "-" "Mozilla/5.0 (compatible; MJ12bot/v1.4.8; http://mj12bot.com/)"
144.91.91.164 - - [21/Sep/2022:11:46:16 +0200] "GET /-p-37134.html HTTP/1.0" 200 71872 "-" "Mozilla/5.0 (compatible; MJ12bot/v1.4.8; http://mj12bot.com/)"
144.91.91.164 - - [21/Sep/2022:11:46:21 +0200] "GET /crayola-mosaic-fun-kit-p-16680.html HTTP/1.0" 301 71939 "-" "Mozilla/5.0 (compatible; MJ12bot/v1.4.8; http://mj12bot.com/)"
144.91.91.164 - - [21/Sep/2022:11:46:25 +0200] "GET /-p-16680.html HTTP/1.0" 200 71872 "-" "Mozilla/5.0 (compatible; MJ12bot/v1.4.8; http://mj12bot.com/)"
144.91.91.164 - - [21/Sep/2022:11:46:31 +0200] "GET /crayola-sponge-painting-kit-p-16673.html HTTP/1.0" 301 71939 "-" "Mozilla/5.0 (compatible; MJ12bot/v1.4.8; http://mj12bot.com/)"
144.91.91.164 - - [21/Sep/2022:11:46:35 +0200] "GET /-p-16673.html HTTP/1.0" 200 71872 "-" "Mozilla/5.0 (compatible; MJ12bot/v1.4.8; http://mj12bot.com/)"
66.249.66.214 - - [21/Sep/2022:11:46:36 +0200] "GET /baby-mine-figure-collection-disney-traditions-p-34165.html HTTP/1.0" 200 74814 "-" "Mozilla/5.0 (Linux; Android 6.0.1; Nexus 5X Build/MMB29P) AppleWebKit/537.36 (KHTML, like Gecko) Chrome/105.0.5195.102 Mobile Safari/537.36 (compatible; Googlebot/2.1; +http://www.google.com/bot.html)"
144.91.91.164 - - [21/Sep/2022:11:46:39 +0200] "GET /crayola-sponge-painting-p-16673.html HTTP/1.0" 301 71939 "-" "Mozilla/5.0 (compatible; MJ12bot/v1.4.8; http://mj12bot.com/)"
66.249.66.210 - - [21/Sep/2022:11:46:40 +0200] "GET /round-rattan-table-lamp-p-54576.html HTTP/1.0" 200 71954 "-" "Mozilla/5.0 (Linux; Android 6.0.1; Nexus 5X Build/MMB29P) AppleWebKit/537.36 (KHTML, like Gecko) Chrome/105.0.5195.102 Mobile Safari/537.36 (compatible; Googlebot/2.1; +http://www.google.com/bot.html)"
144.91.91.164 - - [21/Sep/2022:11:46:44 +0200] "GET /-p-16673.html HTTP/1.0" 200 71872 "-" "Mozilla/5.0 (compatible; MJ12bot/v1.4.8; http://mj12bot.com/)"
144.91.91.164 - - [21/Sep/2022:11:46:49 +0200] "GET /crayola-sticker-kit-p-16659.html HTTP/1.0" 301 71939 "-" "Mozilla/5.0 (compatible; MJ12bot/v1.4.8; http://mj12bot.com/)"
144.91.91.164 - - [21/Sep/2022:11:46:52 +0200] "GET /-p-16659.html HTTP/1.0" 200 71872 "-" "Mozilla/5.0 (compatible; MJ12bot/v1.4.8; http://mj12bot.com/)"
185.191.171.40 - - [21/Sep/2022:11:46:56 +0200] "GET /ceramic-lamp-p-52964.html HTTP/1.0" 301 71939 "-" "Mozilla/5.0 (compatible; SemrushBot/7~bl; +http://www.semrush.com/bot.html)"
144.91.91.164 - - [21/Sep/2022:11:46:57 +0200] "GET /crayola-washable-paint-kit-p-19381.html HTTP/1.0" 301 71939 "-" "Mozilla/5.0 (compatible; MJ12bot/v1.4.8; http://mj12bot.com/)"
185.191.171.16 - - [21/Sep/2022:11:46:59 +0200] "GET /-p-52964.html HTTP/1.0" 200 71872 "-" "Mozilla/5.0 (compatible; SemrushBot/7~bl; +http://www.semrush.com/bot.html)"
144.91.91.164 - - [21/Sep/2022:11:47:00 +0200] "GET /-p-19381.html HTTP/1.0" 200 71872 "-" "Mozilla/5.0 (compatible; MJ12bot/v1.4.8; http://mj12bot.com/)"
144.91.91.164 - - [21/Sep/2022:11:47:06 +0200] "GET /crayola-washable-paint-p-19381.html HTTP/1.0" 301 71939 "-" "Mozilla/5.0 (compatible; MJ12bot/v1.4.8; http://mj12bot.com/)"
54.36.148.231 - - [21/Sep/2022:11:47:06 +0200] "GET /citron-large-metal-plate-deco-p-26443.html HTTP/1.0" 200 74544 "-" "Mozilla/5.0 (compatible; AhrefsBot/7.0; +http://ahrefs.com/robot/)"
185.191.171.34 - - [21/Sep/2022:11:47:07 +0200] "GET /little-buddha-collection-mug-yellow-p-50248.html HTTP/1.0" 301 72078 "-" "Mozilla/5.0 (compatible; SemrushBot/7~bl; +http://www.semrush.com/bot.html)"
144.91.91.164 - - [21/Sep/2022:11:47:10 +0200] "GET /-p-19381.html HTTP/1.0" 200 71872 "-" "Mozilla/5.0 (compatible; MJ12bot/v1.4.8; http://mj12bot.com/)"
185.191.171.7 - - [21/Sep/2022:11:47:11 +0200] "GET /little-buddha-collection-yellow-p-50248.html HTTP/1.0" 200 71980 "-" "Mozilla/5.0 (compatible; SemrushBot/7~bl; +http://www.semrush.com/bot.html)"
144.91.91.164 - - [21/Sep/2022:11:47:13 +0200] "GET /create-your-fantasy-face-colouring-book-p-33663.html HTTP/1.0" 301 71939 "-" "Mozilla/5.0 (compatible; MJ12bot/v1.4.8; http://mj12bot.com/)"
144.91.91.164 - - [21/Sep/2022:11:47:17 +0200] "GET /-p-33663.html HTTP/1.0" 200 71872 "-" "Mozilla/5.0 (compatible; MJ12bot/v1.4.8; http://mj12bot.com/)"
144.91.91.164 - - [21/Sep/2022:11:47:21 +0200] "GET /create-your-model-design-studio-p-33636.html HTTP/1.0" 301 71939 "-" "Mozilla/5.0 (compatible; MJ12bot/v1.4.8; http://mj12bot.com/)"
144.91.91.164 - - [21/Sep/2022:11:47:25 +0200] "GET /-p-33636.html HTTP/1.0" 200 71872 "-" "Mozilla/5.0 (compatible; MJ12bot/v1.4.8; http://mj12bot.com/)"
185.191.171.17 - - [21/Sep/2022:11:47:26 +0200] "GET /robots.txt HTTP/1.0" 200 245 "-" "Mozilla/5.0 (compatible; SemrushBot/7~bl; +http://www.semrush.com/bot.html)"
185.191.171.39 - - [21/Sep/2022:11:47:27 +0200] "GET /iron-man-marvel-super-hero-mashers-articulate-figurine-p-29853.html HTTP/1.0" 301 71939 "-" "Mozilla/5.0 (compatible; SemrushBot/7~bl; +http://www.semrush.com/bot.html)"
144.91.91.164 - - [21/Sep/2022:11:47:29 +0200] "GET /create-your-top-model-design-studio-p-33636.html HTTP/1.0" 301 71939 "-" "Mozilla/5.0 (compatible; MJ12bot/v1.4.8; http://mj12bot.com/)"
185.191.171.6 - - [21/Sep/2022:11:47:30 +0200] "GET /-p-29853.html HTTP/1.0" 200 71872 "-" "Mozilla/5.0 (compatible; SemrushBot/7~bl; +http://www.semrush.com/bot.html)"
144.91.91.164 - - [21/Sep/2022:11:47:33 +0200] "GET /-p-33636.html HTTP/1.0" 200 71872 "-" "Mozilla/5.0 (compatible; MJ12bot/v1.4.8; http://mj12bot.com/)"
144.91.91.164 - - [21/Sep/2022:11:47:36 +0200] "GET /creative-jewelry-set-plasticine-magical-p-27227.html HTTP/1.0" 301 71939 "-" "Mozilla/5.0 (compatible; MJ12bot/v1.4.8; http://mj12bot.com/)"
144.91.91.164 - - [21/Sep/2022:11:47:39 +0200] "GET /-p-27227.html HTTP/1.0" 200 71872 "-" "Mozilla/5.0 (compatible; MJ12bot/v1.4.8; http://mj12bot.com/)"
144.91.91.164 - - [21/Sep/2022:11:47:43 +0200] "GET /creative-set-lollipops-sugar-paste-p-27223.html HTTP/1.0" 301 71939 "-" "Mozilla/5.0 (compatible; MJ12bot/v1.4.8; http://mj12bot.com/)"
106.14.65.228 - - [21/Sep/2022:11:47:46 +0200] "GET /images/mini_prod/3760054863347.jpg HTTP/1.0" 200 269 "-" "Mozilla/5.0 (X11; Ubuntu; Linux x86_64; rv:72.0) Gecko/20100101 Firefox/72.0"
144.91.91.164 - - [21/Sep/2022:11:47:46 +0200] "GET /-p-27223.html HTTP/1.0" 200 71872 "-" "Mozilla/5.0 (compatible; MJ12bot/v1.4.8; http://mj12bot.com/)"
144.91.91.164 - - [21/Sep/2022:11:47:50 +0200] "GET /creative-set-mosaic-horses-p-27229.html HTTP/1.0" 301 71939 "-" "Mozilla/5.0 (compatible; MJ12bot/v1.4.8; http://mj12bot.com/)"
144.91.91.164 - - [21/Sep/2022:11:47:55 +0200] "GET /-p-27229.html HTTP/1.0" 200 71872 "-" "Mozilla/5.0 (compatible; MJ12bot/v1.4.8; http://mj12bot.com/)"
144.91.91.164 - - [21/Sep/2022:11:47:58 +0200] "GET /creative-set-mosaic-horses-p-27234.html HTTP/1.0" 301 71939 "-" "Mozilla/5.0 (compatible; MJ12bot/v1.4.8; http://mj12bot.com/)"
54.36.149.57 - - [21/Sep/2022:11:47:59 +0200] "GET /bad-wrap-stitch-with-santa-hat-figurine-p-49215.html HTTP/1.0" 301 75819 "-" "Mozilla/5.0 (compatible; AhrefsBot/7.0; +http://ahrefs.com/robot/)"
34.67.96.123 - - [21/Sep/2022:11:48:03 +0200] "GET /images/mini_prod/3519570204031.jpg HTTP/1.0" 200 269 "-" "Mozilla/5.0 (X11; Ubuntu; Linux x86_64; rv:72.0) Gecko/20100101 Firefox/72.0"
144.91.91.164 - - [21/Sep/2022:11:48:02 +0200] "GET /-p-27234.html HTTP/1.0" 200 71872 "-" "Mozilla/5.0 (compatible; MJ12bot/v1.4.8; http://mj12bot.com/)"
144.91.91.164 - - [21/Sep/2022:11:48:06 +0200] "GET /cuba-mouse-pad-by-cbk-p-29813.html HTTP/1.0" 301 74626 "-" "Mozilla/5.0 (compatible; MJ12bot/v1.4.8; http://mj12bot.com/)"
144.91.91.164 - - [21/Sep/2022:11:48:10 +0200] "GET /cuba-mouse-cbkreation-p-29813.html HTTP/1.0" 200 74538 "-" "Mozilla/5.0 (compatible; MJ12bot/v1.4.8; http://mj12bot.com/)"
144.91.91.164 - - [21/Sep/2022:11:48:15 +0200] "GET /cuba-mouse-pad-by-cbkreation-p-29813.html HTTP/1.0" 301 74626 "-" "Mozilla/5.0 (compatible; MJ12bot/v1.4.8; http://mj12bot.com/)"
144.91.91.164 - - [21/Sep/2022:11:48:19 +0200] "GET /cuba-mouse-cbkreation-p-29813.html HTTP/1.0" 200 74538 "-" "Mozilla/5.0 (compatible; MJ12bot/v1.4.8; http://mj12bot.com/)"
144.91.91.164 - - [21/Sep/2022:11:48:23 +0200] "GET /cup-cake-spoons-set-p-22628.html HTTP/1.0" 301 71939 "-" "Mozilla/5.0 (compatible; MJ12bot/v1.4.8; http://mj12bot.com/)"
144.91.91.164 - - [21/Sep/2022:11:48:26 +0200] "GET /-p-22628.html HTTP/1.0" 200 71872 "-" "Mozilla/5.0 (compatible; MJ12bot/v1.4.8; http://mj12bot.com/)"
144.91.91.164 - - [21/Sep/2022:11:48:30 +0200] "GET /cup-cakes-tray-p-28410.html HTTP/1.0" 301 71939 "-" "Mozilla/5.0 (compatible; MJ12bot/v1.4.8; http://mj12bot.com/)"
144.91.91.164 - - [21/Sep/2022:11:48:34 +0200] "GET /-p-28410.html HTTP/1.0" 200 71872 "-" "Mozilla/5.0 (compatible; MJ12bot/v1.4.8; http://mj12bot.com/)"
66.249.66.212 - - [21/Sep/2022:11:48:37 +0200] "GET /images/mini_prod/PPMTINO.jpg HTTP/1.0" 200 263 "-" "Googlebot-Image/1.0"
54.36.148.106 - - [21/Sep/2022:11:48:36 +0200] "GET /paperweight-c-129_188.html?page=4 HTTP/1.0" 200 93401 "-" "Mozilla/5.0 (compatible; AhrefsBot/7.0; +http://ahrefs.com/robot/)"
144.91.91.164 - - [21/Sep/2022:11:48:37 +0200] "GET /cupcake-gloss-p-28871.html HTTP/1.0" 301 71939 "-" "Mozilla/5.0 (compatible; MJ12bot/v1.4.8; http://mj12bot.com/)"
144.91.91.164 - - [21/Sep/2022:11:48:42 +0200] "GET /-p-28871.html HTTP/1.0" 200 71872 "-" "Mozilla/5.0 (compatible; MJ12bot/v1.4.8; http://mj12bot.com/)"
144.91.91.164 - - [21/Sep/2022:11:48:46 +0200] "GET /cupcake-lip-gloss-p-28871.html HTTP/1.0" 301 71939 "-" "Mozilla/5.0 (compatible; MJ12bot/v1.4.8; http://mj12bot.com/)"
144.91.91.164 - - [21/Sep/2022:11:48:49 +0200] "GET /-p-28871.html HTTP/1.0" 200 71872 "-" "Mozilla/5.0 (compatible; MJ12bot/v1.4.8; http://mj12bot.com/)"
144.91.91.164 - - [21/Sep/2022:11:48:52 +0200] "GET /cupcake-set-cup-and-teapot-p-32213.html HTTP/1.0" 301 71939 "-" "Mozilla/5.0 (compatible; MJ12bot/v1.4.8; http://mj12bot.com/)"
185.191.171.40 - - [21/Sep/2022:11:48:54 +0200] "GET /austin-mini-large-metal-plate-deco-p-33793.html HTTP/1.0" 200 74592 "-" "Mozilla/5.0 (compatible; SemrushBot/7~bl; +http://www.semrush.com/bot.html)"
144.91.91.164 - - [21/Sep/2022:11:48:57 +0200] "GET /-p-32213.html HTTP/1.0" 200 71872 "-" "Mozilla/5.0 (compatible; MJ12bot/v1.4.8; http://mj12bot.com/)"
144.91.91.164 - - [21/Sep/2022:11:49:00 +0200] "GET /curtain-eyelets-ecru-and-lin-135-250-cm-p-35114.html HTTP/1.0" 301 71939 "-" "Mozilla/5.0 (compatible; MJ12bot/v1.4.8; http://mj12bot.com/)"
144.91.91.164 - - [21/Sep/2022:11:49:04 +0200] "GET /-p-35114.html HTTP/1.0" 200 71872 "-" "Mozilla/5.0 (compatible; MJ12bot/v1.4.8; http://mj12bot.com/)"
185.191.171.6 - - [21/Sep/2022:11:49:04 +0200] "GET /ball-shaped-lamp-aged-look-20-cm-p-52851.html HTTP/1.0" 301 71939 "-" "Mozilla/5.0 (compatible; SemrushBot/7~bl; +http://www.semrush.com/bot.html)"
144.91.91.164 - - [21/Sep/2022:11:49:07 +0200] "GET /cushion-cover-40-40-cm-ecru-or-white-p-34667.html HTTP/1.0" 301 71939 "-" "Mozilla/5.0 (compatible; MJ12bot/v1.4.8; http://mj12bot.com/)"
185.191.171.22 - - [21/Sep/2022:11:49:08 +0200] "GET /-p-52851.html HTTP/1.0" 200 71872 "-" "Mozilla/5.0 (compatible; SemrushBot/7~bl; +http://www.semrush.com/bot.html)"
119.8.104.113 - - [21/Sep/2022:11:49:11 +0200] "GET /images/mini_prod/1186747042592.jpg HTTP/1.0" 200 269 "-" "Mozilla/5.0 (Windows NT 10.0; Win64; x64) AppleWebKit/537.36 (KHTML, like Gecko) Chrome/54.0.2840.99 Safari/537.36"
185.191.171.35 - - [21/Sep/2022:11:49:11 +0200] "GET /rugby-maori-bath-towel-p-44385.html HTTP/1.0" 301 71939 "-" "Mozilla/5.0 (compatible; SemrushBot/7~bl; +http://www.semrush.com/bot.html)"
144.91.91.164 - - [21/Sep/2022:11:49:11 +0200] "GET /-p-34667.html HTTP/1.0" 200 71872 "-" "Mozilla/5.0 (compatible; MJ12bot/v1.4.8; http://mj12bot.com/)"
185.191.171.2 - - [21/Sep/2022:11:49:14 +0200] "GET /-p-44385.html HTTP/1.0" 200 71872 "-" "Mozilla/5.0 (compatible; SemrushBot/7~bl; +http://www.semrush.com/bot.html)"
144.91.91.164 - - [21/Sep/2022:11:49:14 +0200] "GET /deco-storage-case-atlantique-46-cm-p-41889.html HTTP/1.0" 301 72116 "-" "Mozilla/5.0 (compatible; MJ12bot/v1.4.8; http://mj12bot.com/)"
185.191.171.41 - - [21/Sep/2022:11:49:18 +0200] "GET /mani-lucky-charm-size-amour-p-33281.html HTTP/1.0" 200 74788 "-" "Mozilla/5.0 (compatible; SemrushBot/7~bl; +http://www.semrush.com/bot.html)"
144.91.91.164 - - [21/Sep/2022:11:49:18 +0200] "GET /deco-storage-case-atlantique-p-41889.html HTTP/1.0" 200 72021 "-" "Mozilla/5.0 (compatible; MJ12bot/v1.4.8; http://mj12bot.com/)"
144.91.91.164 - - [21/Sep/2022:11:49:21 +0200] "GET /deco-storage-case-atlantique-48-cm-p-41889.html HTTP/1.0" 301 72116 "-" "Mozilla/5.0 (compatible; MJ12bot/v1.4.8; http://mj12bot.com/)"
144.91.91.164 - - [21/Sep/2022:11:49:26 +0200] "GET /deco-storage-case-atlantique-p-41889.html HTTP/1.0" 200 72021 "-" "Mozilla/5.0 (compatible; MJ12bot/v1.4.8; http://mj12bot.com/)"
144.91.91.164 - - [21/Sep/2022:11:49:29 +0200] "GET /deco-storage-case-sea-adventures-34-cm-p-41891.html HTTP/1.0" 301 72128 "-" "Mozilla/5.0 (compatible; MJ12bot/v1.4.8; http://mj12bot.com/)"
144.91.91.164 - - [21/Sep/2022:11:49:32 +0200] "GET /deco-storage-case-adventures-p-41891.html HTTP/1.0" 200 72033 "-" "Mozilla/5.0 (compatible; MJ12bot/v1.4.8; http://mj12bot.com/)"
144.91.91.164 - - [21/Sep/2022:11:49:37 +0200] "GET /decoration-the-african-water-carrier-p-52876.html HTTP/1.0" 301 72097 "-" "Mozilla/5.0 (compatible; MJ12bot/v1.4.8; http://mj12bot.com/)"
144.91.91.164 - - [21/Sep/2022:11:49:40 +0200] "GET /decoration-african-water-carrier-p-52876.html HTTP/1.0" 200 71998 "-" "Mozilla/5.0 (compatible; MJ12bot/v1.4.8; http://mj12bot.com/)"
144.91.91.164 - - [21/Sep/2022:11:49:43 +0200] "GET /decoration-the-african-water-carrier-p-52877.html HTTP/1.0" 301 72097 "-" "Mozilla/5.0 (compatible; MJ12bot/v1.4.8; http://mj12bot.com/)"
185.191.171.6 - - [21/Sep/2022:11:49:45 +0200] "GET /italian-clock-by-cbkreation-p-28477.html HTTP/1.0" 301 74584 "-" "Mozilla/5.0 (compatible; SemrushBot/7~bl; +http://www.semrush.com/bot.html)"
144.91.91.164 - - [21/Sep/2022:11:49:47 +0200] "GET /decoration-african-water-carrier-p-52877.html HTTP/1.0" 200 71998 "-" "Mozilla/5.0 (compatible; MJ12bot/v1.4.8; http://mj12bot.com/)"
185.191.171.11 - - [21/Sep/2022:11:49:48 +0200] "GET /italian-clock-cbkreation-p-28477.html HTTP/1.0" 200 74493 "-" "Mozilla/5.0 (compatible; SemrushBot/7~bl; +http://www.semrush.com/bot.html)"
144.91.91.164 - - [21/Sep/2022:11:49:51 +0200] "GET /decorative-and-useful-fan-klimt-p-52200.html HTTP/1.0" 301 72060 "-" "Mozilla/5.0 (compatible; MJ12bot/v1.4.8; http://mj12bot.com/)"
144.91.91.164 - - [21/Sep/2022:11:49:54 +0200] "GET /decorative-useful-klimt-p-52200.html HTTP/1.0" 200 71970 "-" "Mozilla/5.0 (compatible; MJ12bot/v1.4.8; http://mj12bot.com/)"
144.91.91.164 - - [21/Sep/2022:11:49:57 +0200] "GET /disney-princess-backpack-p-10685.html HTTP/1.0" 301 71939 "-" "Mozilla/5.0 (compatible; MJ12bot/v1.4.8; http://mj12bot.com/)"
144.91.91.164 - - [21/Sep/2022:11:50:01 +0200] "GET /-p-10685.html HTTP/1.0" 200 71872 "-" "Mozilla/5.0 (compatible; MJ12bot/v1.4.8; http://mj12bot.com/)"
144.91.91.164 - - [21/Sep/2022:11:50:04 +0200] "GET /disney-princess-towel-p-27394.html HTTP/1.0" 301 71939 "-" "Mozilla/5.0 (compatible; MJ12bot/v1.4.8; http://mj12bot.com/)"
144.91.91.164 - - [21/Sep/2022:11:50:07 +0200] "GET /-p-27394.html HTTP/1.0" 200 71872 "-" "Mozilla/5.0 (compatible; MJ12bot/v1.4.8; http://mj12bot.com/)"
54.36.149.94 - - [21/Sep/2022:11:50:09 +0200] "GET /french-delicacies-glass-coaster-p-32861.html HTTP/1.0" 200 74536 "-" "Mozilla/5.0 (compatible; AhrefsBot/7.0; +http://ahrefs.com/robot/)"
144.91.91.164 - - [21/Sep/2022:11:50:11 +0200] "GET /disney-princess-wooden-bed-p-32611.html HTTP/1.0" 301 72074 "-" "Mozilla/5.0 (compatible; MJ12bot/v1.4.8; http://mj12bot.com/)"
144.91.91.164 - - [21/Sep/2022:11:50:15 +0200] "GET /disney-princess-wooden-p-32611.html HTTP/1.0" 200 71985 "-" "Mozilla/5.0 (compatible; MJ12bot/v1.4.8; http://mj12bot.com/)"
144.91.91.164 - - [21/Sep/2022:11:50:18 +0200] "GET /disney-princess-writing-box-p-2084.html HTTP/1.0" 301 74927 "-" "Mozilla/5.0 (compatible; MJ12bot/v1.4.8; http://mj12bot.com/)"
144.91.91.164 - - [21/Sep/2022:11:50:22 +0200] "GET /disney-princess-writing-p-2084.html HTTP/1.0" 200 74838 "-" "Mozilla/5.0 (compatible; MJ12bot/v1.4.8; http://mj12bot.com/)"
144.91.91.164 - - [21/Sep/2022:11:50:26 +0200] "GET /disney-princesses-cinderella-p-18804.html HTTP/1.0" 301 71939 "-" "Mozilla/5.0 (compatible; MJ12bot/v1.4.8; http://mj12bot.com/)"
144.91.91.164 - - [21/Sep/2022:11:50:29 +0200] "GET /-p-18804.html HTTP/1.0" 200 71872 "-" "Mozilla/5.0 (compatible; MJ12bot/v1.4.8; http://mj12bot.com/)"
185.191.171.17 - - [21/Sep/2022:11:50:30 +0200] "GET /mani-the-lucky-cat-figurine-11-cm-p-46172.html HTTP/1.0" 301 72052 "-" "Mozilla/5.0 (compatible; SemrushBot/7~bl; +http://www.semrush.com/bot.html)"
144.91.91.164 - - [21/Sep/2022:11:50:32 +0200] "GET /disney-princesses-cinderella-toy-box-p-18804.html HTTP/1.0" 301 71939 "-" "Mozilla/5.0 (compatible; MJ12bot/v1.4.8; http://mj12bot.com/)"
185.191.171.37 - - [21/Sep/2022:11:50:34 +0200] "GET /mani-lucky-figurine-p-46172.html HTTP/1.0" 200 71966 "-" "Mozilla/5.0 (compatible; SemrushBot/7~bl; +http://www.semrush.com/bot.html)"
144.91.91.164 - - [21/Sep/2022:11:50:36 +0200] "GET /-p-18804.html HTTP/1.0" 200 71872 "-" "Mozilla/5.0 (compatible; MJ12bot/v1.4.8; http://mj12bot.com/)"
144.91.91.164 - - [21/Sep/2022:11:50:39 +0200] "GET /disney-princesses-glitter-mug-p-23213.html HTTP/1.0" 301 71939 "-" "Mozilla/5.0 (compatible; MJ12bot/v1.4.8; http://mj12bot.com/)"
144.91.91.164 - - [21/Sep/2022:11:50:42 +0200] "GET /-p-23213.html HTTP/1.0" 200 71872 "-" "Mozilla/5.0 (compatible; MJ12bot/v1.4.8; http://mj12bot.com/)"
144.91.91.164 - - [21/Sep/2022:11:50:47 +0200] "GET /disney-princesses-glitter-p-23213.html HTTP/1.0" 301 71939 "-" "Mozilla/5.0 (compatible; MJ12bot/v1.4.8; http://mj12bot.com/)"
144.91.91.164 - - [21/Sep/2022:11:50:50 +0200] "GET /-p-23213.html HTTP/1.0" 200 71872 "-" "Mozilla/5.0 (compatible; MJ12bot/v1.4.8; http://mj12bot.com/)"
144.91.91.164 - - [21/Sep/2022:11:50:53 +0200] "GET /dledmv-cars-passion-pompelup-pencil-jar-p-35694.html HTTP/1.0" 301 71939 "-" "Mozilla/5.0 (compatible; MJ12bot/v1.4.8; http://mj12bot.com/)"
144.91.91.164 - - [21/Sep/2022:11:50:56 +0200] "GET /-p-35694.html HTTP/1.0" 200 71872 "-" "Mozilla/5.0 (compatible; MJ12bot/v1.4.8; http://mj12bot.com/)"
144.91.91.164 - - [21/Sep/2022:11:50:59 +0200] "GET /dledmv-driver-pencil-jar-p-35675.html HTTP/1.0" 301 71939 "-" "Mozilla/5.0 (compatible; MJ12bot/v1.4.8; http://mj12bot.com/)"
144.91.91.164 - - [21/Sep/2022:11:51:03 +0200] "GET /-p-35675.html HTTP/1.0" 200 71872 "-" "Mozilla/5.0 (compatible; MJ12bot/v1.4.8; http://mj12bot.com/)"
185.191.171.24 - - [21/Sep/2022:11:51:03 +0200] "GET /frames-flags-decorative-paintings-c-13_148.html?page=15 HTTP/1.0" 200 93379 "-" "Mozilla/5.0 (compatible; SemrushBot/7~bl; +http://www.semrush.com/bot.html)"
144.91.91.164 - - [21/Sep/2022:11:51:07 +0200] "GET /dledmv-french-heritage-pencil-jar-p-35692.html HTTP/1.0" 301 71939 "-" "Mozilla/5.0 (compatible; MJ12bot/v1.4.8; http://mj12bot.com/)"
144.91.91.164 - - [21/Sep/2022:11:51:10 +0200] "GET /-p-35692.html HTTP/1.0" 200 71872 "-" "Mozilla/5.0 (compatible; MJ12bot/v1.4.8; http://mj12bot.com/)"
51.68.224.127 - - [21/Sep/2022:11:51:14 +0200] "GET /adminweb/export_orders_xml.php?token=256de2z6edz6ed2z6DFSFsed2zed6zeDSFDSGdzedezfzf&maxorders=10&orderstart=1&status=14&start_date=2018-10-01 HTTP/1.0" 200 285 "-" "GesCom CharlotteBoutik Serveur"
51.68.224.127 - - [21/Sep/2022:11:51:14 +0200] "GET /adminweb/export_orders_xml.php?token=256de2z6edz6ed2z6DFSFsed2zed6zeDSFDSGdzedezfzf&maxorders=10&orderstart=1&status=6&start_date=2018-10-01 HTTP/1.0" 200 33985 "-" "GesCom CharlotteBoutik Serveur"
144.91.91.164 - - [21/Sep/2022:11:51:14 +0200] "GET /dledmv-gentleman-racer-classic-mug-p-35697.html HTTP/1.0" 301 71939 "-" "Mozilla/5.0 (compatible; MJ12bot/v1.4.8; http://mj12bot.com/)"
185.191.171.8 - - [21/Sep/2022:11:51:19 +0200] "GET /decorative-brass-alidade-p-41505.html HTTP/1.0" 200 74573 "-" "Mozilla/5.0 (compatible; SemrushBot/7~bl; +http://www.semrush.com/bot.html)"
144.91.91.164 - - [21/Sep/2022:11:51:20 +0200] "GET /-p-35697.html HTTP/1.0" 200 71872 "-" "Mozilla/5.0 (compatible; MJ12bot/v1.4.8; http://mj12bot.com/)"
144.91.91.164 - - [21/Sep/2022:11:51:24 +0200] "GET /doc-mc-stuffins-apron-pot-holder-and-glove-set-p-28190.html HTTP/1.0" 301 72104 "-" "Mozilla/5.0 (compatible; MJ12bot/v1.4.8; http://mj12bot.com/)"
185.191.171.22 - - [21/Sep/2022:11:51:25 +0200] "GET /gormiti-polar-blanket-p-8103.html HTTP/1.0" 301 71936 "-" "Mozilla/5.0 (compatible; SemrushBot/7~bl; +http://www.semrush.com/bot.html)"
144.91.91.164 - - [21/Sep/2022:11:51:29 +0200] "GET /stuffins-apron-holder-glove-p-28190.html HTTP/1.0" 200 72010 "-" "Mozilla/5.0 (compatible; MJ12bot/v1.4.8; http://mj12bot.com/)"
185.191.171.24 - - [21/Sep/2022:11:51:30 +0200] "GET /jungle-book-carved-heart-figurine-p-58750.html?action=add_product HTTP/1.0" 302 476 "-" "Mozilla/5.0 (compatible; SemrushBot/7~bl; +http://www.semrush.com/bot.html)"
185.191.171.38 - - [21/Sep/2022:11:51:32 +0200] "GET /cushion-with-mandala-motif-45-cm-p-44033.html HTTP/1.0" 301 71939 "-" "Mozilla/5.0 (compatible; SemrushBot/7~bl; +http://www.semrush.com/bot.html)"
144.91.91.164 - - [21/Sep/2022:11:51:32 +0200] "GET /doc-mcstruffins-wastebasket-p-27777.html HTTP/1.0" 301 74649 "-" "Mozilla/5.0 (compatible; MJ12bot/v1.4.8; http://mj12bot.com/)"
185.191.171.25 - - [21/Sep/2022:11:51:35 +0200] "GET /-p-44033.html HTTP/1.0" 200 71872 "-" "Mozilla/5.0 (compatible; SemrushBot/7~bl; +http://www.semrush.com/bot.html)"
144.91.91.164 - - [21/Sep/2022:11:51:37 +0200] "GET /mcstruffins-wastebasket-p-27777.html HTTP/1.0" 200 74559 "-" "Mozilla/5.0 (compatible; MJ12bot/v1.4.8; http://mj12bot.com/)"
185.191.171.4 - - [21/Sep/2022:11:51:40 +0200] "GET /-p-8103.html HTTP/1.0" 200 71870 "-" "Mozilla/5.0 (compatible; SemrushBot/7~bl; +http://www.semrush.com/bot.html)"
144.91.91.164 - - [21/Sep/2022:11:51:41 +0200] "GET /dog-metal-keyring-p-30437.html HTTP/1.0" 301 71939 "-" "Mozilla/5.0 (compatible; MJ12bot/v1.4.8; http://mj12bot.com/)"
144.91.91.164 - - [21/Sep/2022:11:51:45 +0200] "GET /-p-30437.html HTTP/1.0" 200 71872 "-" "Mozilla/5.0 (compatible; MJ12bot/v1.4.8; http://mj12bot.com/)"
144.91.91.164 - - [21/Sep/2022:11:51:48 +0200] "GET /dog-wood-keychains-p-26077.html HTTP/1.0" 301 74542 "-" "Mozilla/5.0 (compatible; MJ12bot/v1.4.8; http://mj12bot.com/)"
144.91.91.164 - - [21/Sep/2022:11:51:51 +0200] "GET /wood-keychains-p-26077.html HTTP/1.0" 200 74461 "-" "Mozilla/5.0 (compatible; MJ12bot/v1.4.8; http://mj12bot.com/)"
144.91.91.164 - - [21/Sep/2022:11:51:55 +0200] "GET /dogs-paper-towel-dispenser-p-34858.html HTTP/1.0" 301 71939 "-" "Mozilla/5.0 (compatible; MJ12bot/v1.4.8; http://mj12bot.com/)"
54.36.148.32 - - [21/Sep/2022:11:51:55 +0200] "GET /heart-home-spices-cranberry-candle-metal-p-57115.html HTTP/1.0" 200 75875 "-" "Mozilla/5.0 (compatible; AhrefsBot/7.0; +http://ahrefs.com/robot/)"
144.91.91.164 - - [21/Sep/2022:11:51:58 +0200] "GET /-p-34858.html HTTP/1.0" 200 71872 "-" "Mozilla/5.0 (compatible; MJ12bot/v1.4.8; http://mj12bot.com/)"
54.36.148.143 - - [21/Sep/2022:11:52:01 +0200] "GET /images/big_prod_1/5051276424262a.jpg HTTP/1.0" 200 271 "-" "Mozilla/5.0 (compatible; AhrefsBot/7.0; +http://ahrefs.com/robot/)"
54.36.148.90 - - [21/Sep/2022:11:52:01 +0200] "GET /images/big_prod/5051276424262.jpg HTTP/1.0" 200 268 "-" "Mozilla/5.0 (compatible; AhrefsBot/7.0; +http://ahrefs.com/robot/)"
144.91.91.164 - - [21/Sep/2022:11:52:02 +0200] "GET /dogs-rectangulary-cushion-by-cbk-p-26406.html HTTP/1.0" 301 71939 "-" "Mozilla/5.0 (compatible; MJ12bot/v1.4.8; http://mj12bot.com/)"
66.249.66.68 - - [21/Sep/2022:11:52:03 +0200] "GET /happy-life-wall-decor-30-57-cm-p-47925.html HTTP/1.0" 301 75311 "-" "Mozilla/5.0 (Linux; Android 6.0.1; Nexus 5X Build/MMB29P) AppleWebKit/537.36 (KHTML, like Gecko) Chrome/105.0.5195.102 Mobile Safari/537.36 (compatible; Googlebot/2.1; +http://www.google.com/bot.html)"
185.191.171.41 - - [21/Sep/2022:11:52:04 +0200] "GET /charmmy-kitty-large-cosmetic-bag-p-26752.html HTTP/1.0" 301 74849 "-" "Mozilla/5.0 (compatible; SemrushBot/7~bl; +http://www.semrush.com/bot.html)"
66.249.66.68 - - [21/Sep/2022:11:52:05 +0200] "GET /happy-life-wall-decor-p-47925.html HTTP/1.0" 200 75223 "-" "Mozilla/5.0 (Linux; Android 6.0.1; Nexus 5X Build/MMB29P) AppleWebKit/537.36 (KHTML, like Gecko) Chrome/105.0.5195.102 Mobile Safari/537.36 (compatible; Googlebot/2.1; +http://www.google.com/bot.html)"
144.91.91.164 - - [21/Sep/2022:11:52:05 +0200] "GET /-p-26406.html HTTP/1.0" 200 71872 "-" "Mozilla/5.0 (compatible; MJ12bot/v1.4.8; http://mj12bot.com/)"
185.191.171.22 - - [21/Sep/2022:11:52:08 +0200] "GET /charmmy-kitty-large-cosmetic-p-26752.html HTTP/1.0" 200 74754 "-" "Mozilla/5.0 (compatible; SemrushBot/7~bl; +http://www.semrush.com/bot.html)"
144.91.91.164 - - [21/Sep/2022:11:52:09 +0200] "GET /dogs-rectangulary-cushion-by-cbkreation-p-26406.html HTTP/1.0" 301 71939 "-" "Mozilla/5.0 (compatible; MJ12bot/v1.4.8; http://mj12bot.com/)"
17.121.112.196 - - [21/Sep/2022:11:52:09 +0200] "GET /fragrance-case-for-cabinet-and-diffuser-car-c-231_228.html HTTP/1.0" 301 91796 "-" "Mozilla/5.0 (Macintosh; Intel Mac OS X 10_15_5) AppleWebKit/605.1.15 (KHTML, like Gecko) Version/13.1.1 Safari/605.1.15 (Applebot/0.1; +http://www.apple.com/go/applebot)"
66.249.66.210 - - [21/Sep/2022:11:52:11 +0200] "GET /guevara-hasta-victoria-siempre-zippo-lighter-p-37645.html HTTP/1.0" 200 75164 "-" "Mozilla/5.0 (Linux; Android 6.0.1; Nexus 5X Build/MMB29P) AppleWebKit/537.36 (KHTML, like Gecko) Chrome/105.0.5195.125 Mobile Safari/537.36 (compatible; Googlebot/2.1; +http://www.google.com/bot.html)"
17.121.112.196 - - [21/Sep/2022:11:52:11 +0200] "GET /fragrance-case-cabinet-diffuser-c-228.html HTTP/1.0" 301 91669 "-" "Mozilla/5.0 (Macintosh; Intel Mac OS X 10_15_5) AppleWebKit/605.1.15 (KHTML, like Gecko) Version/13.1.1 Safari/605.1.15 (Applebot/0.1; +http://www.apple.com/go/applebot)"
