167.114.173.115 - - [21/Sep/2022:09:17:28 +0200] "GET /-p-36310.html HTTP/1.0" 200 71872 "-" "Mozilla/5.0 (compatible; MJ12bot/v1.4.8; http://mj12bot.com/)"
167.114.173.115 - - [21/Sep/2022:09:17:32 +0200] "GET /-p-36346.html HTTP/1.0" 200 71872 "-" "Mozilla/5.0 (compatible; MJ12bot/v1.4.8; http://mj12bot.com/)"
167.114.173.115 - - [21/Sep/2022:09:17:36 +0200] "GET /-p-36353.html HTTP/1.0" 200 71872 "-" "Mozilla/5.0 (compatible; MJ12bot/v1.4.8; http://mj12bot.com/)"
65.108.40.25 - - [21/Sep/2022:09:17:40 +0200] "GET /beautiful-babushka-kimmidoll-beige-blue-notebook-p-33220.html HTTP/1.0" 301 71939 "-" "Mozilla/5.0 (compatible; MJ12bot/v1.4.8; http://mj12bot.com/)"
34.67.96.123 - - [21/Sep/2022:09:17:43 +0200] "GET /images/mini_prod/3272760398926.jpg HTTP/1.0" 200 269 "-" "Mozilla/5.0 (X11; Ubuntu; Linux x86_64; rv:72.0) Gecko/20100101 Firefox/72.0"
167.114.173.115 - - [21/Sep/2022:09:17:41 +0200] "GET /-p-36427.html HTTP/1.0" 200 71872 "-" "Mozilla/5.0 (compatible; MJ12bot/v1.4.8; http://mj12bot.com/)"
167.114.173.115 - - [21/Sep/2022:09:17:45 +0200] "GET /-p-36440.html HTTP/1.0" 200 71872 "-" "Mozilla/5.0 (compatible; MJ12bot/v1.4.8; http://mj12bot.com/)"
167.114.173.115 - - [21/Sep/2022:09:17:50 +0200] "GET /-p-36460.html HTTP/1.0" 200 71872 "-" "Mozilla/5.0 (compatible; MJ12bot/v1.4.8; http://mj12bot.com/)"
65.108.40.25 - - [21/Sep/2022:09:17:52 +0200] "GET /-p-33220.html HTTP/1.0" 200 71872 "-" "Mozilla/5.0 (compatible; MJ12bot/v1.4.8; http://mj12bot.com/)"
167.114.173.115 - - [21/Sep/2022:09:17:55 +0200] "GET /-p-36810.html HTTP/1.0" 200 71872 "-" "Mozilla/5.0 (compatible; MJ12bot/v1.4.8; http://mj12bot.com/)"
185.191.171.12 - - [21/Sep/2022:09:17:55 +0200] "GET /disney-showcase-figurine-collection-tinker-bell-p-48458.html HTTP/1.0" 301 71939 "-" "Mozilla/5.0 (compatible; SemrushBot/7~bl; +http://www.semrush.com/bot.html)"
167.114.173.115 - - [21/Sep/2022:09:17:59 +0200] "GET /-p-36867.html HTTP/1.0" 200 71872 "-" "Mozilla/5.0 (compatible; MJ12bot/v1.4.8; http://mj12bot.com/)"
185.191.171.26 - - [21/Sep/2022:09:18:00 +0200] "GET /miss-mindy-dear-unicorn-dark-of-night-figurine-p-46253.html HTTP/1.0" 301 76329 "-" "Mozilla/5.0 (compatible; SemrushBot/7~bl; +http://www.semrush.com/bot.html)"
65.108.40.25 - - [21/Sep/2022:09:18:01 +0200] "GET /beautiful-babushka-kimmidoll-black-p-33215.html HTTP/1.0" 301 71939 "-" "Mozilla/5.0 (compatible; MJ12bot/v1.4.8; http://mj12bot.com/)"
167.114.173.115 - - [21/Sep/2022:09:18:03 +0200] "GET /-p-36870.html HTTP/1.0" 200 71872 "-" "Mozilla/5.0 (compatible; MJ12bot/v1.4.8; http://mj12bot.com/)"
185.191.171.22 - - [21/Sep/2022:09:18:05 +0200] "GET /miss-mindy-dear-unicorn-dark-night-figurine-p-46253.html HTTP/1.0" 200 76219 "-" "Mozilla/5.0 (compatible; SemrushBot/7~bl; +http://www.semrush.com/bot.html)"
167.114.173.115 - - [21/Sep/2022:09:18:08 +0200] "GET /-p-36940.html HTTP/1.0" 200 71872 "-" "Mozilla/5.0 (compatible; MJ12bot/v1.4.8; http://mj12bot.com/)"
37.230.186.130 - - [21/Sep/2022:09:18:12 +0200] "GET /images/mini_prod/3660173176284.jpg HTTP/1.0" 200 269 "-" "Python/3.7 aiohttp/3.8.1"
185.191.171.22 - - [21/Sep/2022:09:18:11 +0200] "GET /decorative-canvas-armillary-globe-hang-p-56042.html HTTP/1.0" 200 75607 "-" "Mozilla/5.0 (compatible; SemrushBot/7~bl; +http://www.semrush.com/bot.html)"
167.114.173.115 - - [21/Sep/2022:09:18:13 +0200] "GET /-p-37134.html HTTP/1.0" 200 71872 "-" "Mozilla/5.0 (compatible; MJ12bot/v1.4.8; http://mj12bot.com/)"
65.108.40.25 - - [21/Sep/2022:09:18:13 +0200] "GET /-p-33215.html HTTP/1.0" 200 71872 "-" "Mozilla/5.0 (compatible; MJ12bot/v1.4.8; http://mj12bot.com/)"
167.114.173.115 - - [21/Sep/2022:09:18:16 +0200] "GET /-p-37248.html HTTP/1.0" 200 71872 "-" "Mozilla/5.0 (compatible; MJ12bot/v1.4.8; http://mj12bot.com/)"
185.191.171.22 - - [21/Sep/2022:09:18:18 +0200] "GET /-p-48458.html HTTP/1.0" 200 71872 "-" "Mozilla/5.0 (compatible; SemrushBot/7~bl; +http://www.semrush.com/bot.html)"
167.114.173.115 - - [21/Sep/2022:09:18:21 +0200] "GET /-p-37371.html HTTP/1.0" 200 71872 "-" "Mozilla/5.0 (compatible; MJ12bot/v1.4.8; http://mj12bot.com/)"
65.108.40.25 - - [21/Sep/2022:09:18:22 +0200] "GET /beautiful-babushka-kimmidoll-green-notebook-p-33223.html HTTP/1.0" 301 71939 "-" "Mozilla/5.0 (compatible; MJ12bot/v1.4.8; http://mj12bot.com/)"
167.114.173.115 - - [21/Sep/2022:09:18:25 +0200] "GET /-p-37373.html HTTP/1.0" 200 71872 "-" "Mozilla/5.0 (compatible; MJ12bot/v1.4.8; http://mj12bot.com/)"
185.191.171.24 - - [21/Sep/2022:09:18:25 +0200] "GET /rebecca-bonbon-bag-p-5254.html HTTP/1.0" 301 71936 "-" "Mozilla/5.0 (compatible; SemrushBot/7~bl; +http://www.semrush.com/bot.html)"
185.191.171.3 - - [21/Sep/2022:09:18:29 +0200] "GET /-p-5254.html HTTP/1.0" 200 71870 "-" "Mozilla/5.0 (compatible; SemrushBot/7~bl; +http://www.semrush.com/bot.html)"
167.114.173.115 - - [21/Sep/2022:09:18:30 +0200] "GET /-p-37382.html HTTP/1.0" 200 71872 "-" "Mozilla/5.0 (compatible; MJ12bot/v1.4.8; http://mj12bot.com/)"
65.108.40.25 - - [21/Sep/2022:09:18:34 +0200] "GET /-p-33223.html HTTP/1.0" 200 71872 "-" "Mozilla/5.0 (compatible; MJ12bot/v1.4.8; http://mj12bot.com/)"
167.114.173.115 - - [21/Sep/2022:09:18:35 +0200] "GET //mobile-workshop-while-crayola-p-19401.html HTTP/1.0" 301 71939 "-" "Mozilla/5.0 (compatible; MJ12bot/v1.4.8; http://mj12bot.com/)"
167.114.173.115 - - [21/Sep/2022:09:18:40 +0200] "GET /-p-19401.html HTTP/1.0" 200 71872 "-" "Mozilla/5.0 (compatible; MJ12bot/v1.4.8; http://mj12bot.com/)"
167.114.173.115 - - [21/Sep/2022:09:18:44 +0200] "GET //moto-guzzi-mug-p-11781.html HTTP/1.0" 301 71939 "-" "Mozilla/5.0 (compatible; MJ12bot/v1.4.8; http://mj12bot.com/)"
65.108.40.25 - - [21/Sep/2022:09:18:44 +0200] "GET /beautiful-babushka-kimmidoll-navy-blue-p-33216.html HTTP/1.0" 301 71939 "-" "Mozilla/5.0 (compatible; MJ12bot/v1.4.8; http://mj12bot.com/)"
66.249.66.212 - - [21/Sep/2022:09:18:46 +0200] "GET /bakugan-backpack-p-4417.html HTTP/1.0" 301 71936 "-" "Mozilla/5.0 (Linux; Android 6.0.1; Nexus 5X Build/MMB29P) AppleWebKit/537.36 (KHTML, like Gecko) Chrome/105.0.5195.102 Mobile Safari/537.36 (compatible; Googlebot/2.1; +http://www.google.com/bot.html)"
167.114.173.115 - - [21/Sep/2022:09:18:48 +0200] "GET /-p-11781.html HTTP/1.0" 200 71872 "-" "Mozilla/5.0 (compatible; MJ12bot/v1.4.8; http://mj12bot.com/)"
66.249.66.210 - - [21/Sep/2022:09:18:49 +0200] "GET /-p-4417.html HTTP/1.0" 200 71870 "-" "Mozilla/5.0 (Linux; Android 6.0.1; Nexus 5X Build/MMB29P) AppleWebKit/537.36 (KHTML, like Gecko) Chrome/105.0.5195.102 Mobile Safari/537.36 (compatible; Googlebot/2.1; +http://www.google.com/bot.html)"
207.46.13.149 - - [21/Sep/2022:09:18:44 +0200] "GET /earrings-c-3_242.html HTTP/1.0" 200 84811 "-" "Mozilla/5.0 (compatible; bingbot/2.0; +http://www.bing.com/bingbot.htm)"
167.114.173.115 - - [21/Sep/2022:09:18:52 +0200] "GET //moto-guzzi-tank-silver-metal-keyring-p-18652.html HTTP/1.0" 301 71939 "-" "Mozilla/5.0 (compatible; MJ12bot/v1.4.8; http://mj12bot.com/)"
167.114.173.115 - - [21/Sep/2022:09:18:56 +0200] "GET /-p-18652.html HTTP/1.0" 200 71872 "-" "Mozilla/5.0 (compatible; MJ12bot/v1.4.8; http://mj12bot.com/)"
167.114.173.115 - - [21/Sep/2022:09:19:00 +0200] "GET //nici-horse-pencil-case-p-9477.html HTTP/1.0" 301 71936 "-" "Mozilla/5.0 (compatible; MJ12bot/v1.4.8; http://mj12bot.com/)"
65.108.40.25 - - [21/Sep/2022:09:19:01 +0200] "GET /-p-33216.html HTTP/1.0" 200 71872 "-" "Mozilla/5.0 (compatible; MJ12bot/v1.4.8; http://mj12bot.com/)"
167.114.173.115 - - [21/Sep/2022:09:19:04 +0200] "GET /-p-9477.html HTTP/1.0" 200 71870 "-" "Mozilla/5.0 (compatible; MJ12bot/v1.4.8; http://mj12bot.com/)"
167.114.173.115 - - [21/Sep/2022:09:19:10 +0200] "GET //nici-panda-dangling-and-her-baby-soft-toy-25cm-p-9191.html HTTP/1.0" 301 71936 "-" "Mozilla/5.0 (compatible; MJ12bot/v1.4.8; http://mj12bot.com/)"
54.36.149.39 - - [21/Sep/2022:09:18:50 +0200] "GET /home-decoration-c-13.html?page=41 HTTP/1.0" 200 94061 "-" "Mozilla/5.0 (compatible; AhrefsBot/7.0; +http://ahrefs.com/robot/)"
185.191.171.16 - - [21/Sep/2022:09:19:11 +0200] "GET /ultrasonic-aromatic-diffuser-vienne-p-57379.html HTTP/1.0" 200 75851 "-" "Mozilla/5.0 (compatible; SemrushBot/7~bl; +http://www.semrush.com/bot.html)"
65.108.40.25 - - [21/Sep/2022:09:19:14 +0200] "GET /beautiful-babushka-kimmidoll-notebook-p-33222.html HTTP/1.0" 301 71939 "-" "Mozilla/5.0 (compatible; MJ12bot/v1.4.8; http://mj12bot.com/)"
167.114.173.115 - - [21/Sep/2022:09:19:15 +0200] "GET /-p-9191.html HTTP/1.0" 200 71870 "-" "Mozilla/5.0 (compatible; MJ12bot/v1.4.8; http://mj12bot.com/)"
167.114.173.115 - - [21/Sep/2022:09:19:20 +0200] "GET //puppy-top-model-notebook-and-ballpoint-pen-p-15807.html HTTP/1.0" 301 71939 "-" "Mozilla/5.0 (compatible; MJ12bot/v1.4.8; http://mj12bot.com/)"
167.114.173.115 - - [21/Sep/2022:09:19:24 +0200] "GET /-p-15807.html HTTP/1.0" 200 71872 "-" "Mozilla/5.0 (compatible; MJ12bot/v1.4.8; http://mj12bot.com/)"
167.114.173.115 - - [21/Sep/2022:09:19:28 +0200] "GET //radio-retro-6039s-colors-wood-p-19020.html HTTP/1.0" 301 71939 "-" "Mozilla/5.0 (compatible; MJ12bot/v1.4.8; http://mj12bot.com/)"
65.108.40.25 - - [21/Sep/2022:09:19:28 +0200] "GET /-p-33222.html HTTP/1.0" 200 71872 "-" "Mozilla/5.0 (compatible; MJ12bot/v1.4.8; http://mj12bot.com/)"
167.114.173.115 - - [21/Sep/2022:09:19:32 +0200] "GET /-p-19020.html HTTP/1.0" 200 71872 "-" "Mozilla/5.0 (compatible; MJ12bot/v1.4.8; http://mj12bot.com/)"
167.114.173.115 - - [21/Sep/2022:09:19:36 +0200] "GET //rebecca-bonbon-paris-compact-mirror-p-8842.html HTTP/1.0" 301 71936 "-" "Mozilla/5.0 (compatible; MJ12bot/v1.4.8; http://mj12bot.com/)"
185.191.171.1 - - [21/Sep/2022:09:19:40 +0200] "GET /-p-13998.html HTTP/1.0" 200 71872 "-" "Mozilla/5.0 (compatible; SemrushBot/7~bl; +http://www.semrush.com/bot.html)"
167.114.173.115 - - [21/Sep/2022:09:19:40 +0200] "GET /-p-8842.html HTTP/1.0" 200 71870 "-" "Mozilla/5.0 (compatible; MJ12bot/v1.4.8; http://mj12bot.com/)"
65.108.40.25 - - [21/Sep/2022:09:19:43 +0200] "GET /beautiful-babushka-kimmidoll-yellow-p-33214.html HTTP/1.0" 301 71939 "-" "Mozilla/5.0 (compatible; MJ12bot/v1.4.8; http://mj12bot.com/)"
167.114.173.115 - - [21/Sep/2022:09:19:45 +0200] "GET //shaped-bowler-suspension-p-19747.html HTTP/1.0" 301 71939 "-" "Mozilla/5.0 (compatible; MJ12bot/v1.4.8; http://mj12bot.com/)"
167.114.173.115 - - [21/Sep/2022:09:19:49 +0200] "GET /-p-19747.html HTTP/1.0" 200 71872 "-" "Mozilla/5.0 (compatible; MJ12bot/v1.4.8; http://mj12bot.com/)"
163.220.128.41 - - [21/Sep/2022:09:19:54 +0200] "GET /images/1300010240274.jpg HTTP/1.0" 200 259 "-" "Mozilla/5.0 (X11; Ubuntu; Linux x86_64; rv:72.0) Gecko/20100101 Firefox/72.0"
66.249.66.210 - - [21/Sep/2022:09:19:51 +0200] "GET /horses-keyring-p-33561.html HTTP/1.0" 200 76445 "-" "Mozilla/5.0 (compatible; Googlebot/2.1; +http://www.google.com/bot.html)"
167.114.173.115 - - [21/Sep/2022:09:19:53 +0200] "GET //winnie-beige-sweater-baby-months-p-23384.html HTTP/1.0" 301 71939 "-" "Mozilla/5.0 (compatible; MJ12bot/v1.4.8; http://mj12bot.com/)"
65.108.40.25 - - [21/Sep/2022:09:19:56 +0200] "GET /-p-33214.html HTTP/1.0" 200 71872 "-" "Mozilla/5.0 (compatible; MJ12bot/v1.4.8; http://mj12bot.com/)"
167.114.173.115 - - [21/Sep/2022:09:19:57 +0200] "GET /-p-23384.html HTTP/1.0" 200 71872 "-" "Mozilla/5.0 (compatible; MJ12bot/v1.4.8; http://mj12bot.com/)"
167.114.173.115 - - [21/Sep/2022:09:20:01 +0200] "GET //winnie-beige-sweater-baby-months-p-23385.html HTTP/1.0" 301 71939 "-" "Mozilla/5.0 (compatible; MJ12bot/v1.4.8; http://mj12bot.com/)"
167.114.173.115 - - [21/Sep/2022:09:20:08 +0200] "GET /-p-23385.html HTTP/1.0" 200 71872 "-" "Mozilla/5.0 (compatible; MJ12bot/v1.4.8; http://mj12bot.com/)"
167.114.173.115 - - [21/Sep/2022:09:20:13 +0200] "GET //winnie-beige-sweater-baby-months-p-23387.html HTTP/1.0" 301 71939 "-" "Mozilla/5.0 (compatible; MJ12bot/v1.4.8; http://mj12bot.com/)"
65.108.40.25 - - [21/Sep/2022:09:20:14 +0200] "GET /becassine-figure-p-27311.html HTTP/1.0" 301 71939 "-" "Mozilla/5.0 (compatible; MJ12bot/v1.4.8; http://mj12bot.com/)"
167.114.173.115 - - [21/Sep/2022:09:20:18 +0200] "GET /-p-23387.html HTTP/1.0" 200 71872 "-" "Mozilla/5.0 (compatible; MJ12bot/v1.4.8; http://mj12bot.com/)"
185.191.171.5 - - [21/Sep/2022:09:20:22 +0200] "GET /sonny-halloween-figurines-p-49379.html HTTP/1.0" 200 74751 "-" "Mozilla/5.0 (compatible; SemrushBot/7~bl; +http://www.semrush.com/bot.html)"
167.114.173.115 - - [21/Sep/2022:09:20:23 +0200] "GET /10-12-years-hello-kitty-bathrobe-p-5615.html HTTP/1.0" 301 71936 "-" "Mozilla/5.0 (compatible; MJ12bot/v1.4.8; http://mj12bot.com/)"
65.108.40.25 - - [21/Sep/2022:09:20:27 +0200] "GET /-p-27311.html HTTP/1.0" 200 71872 "-" "Mozilla/5.0 (compatible; MJ12bot/v1.4.8; http://mj12bot.com/)"
167.114.173.115 - - [21/Sep/2022:09:20:28 +0200] "GET /-p-5615.html HTTP/1.0" 200 71870 "-" "Mozilla/5.0 (compatible; MJ12bot/v1.4.8; http://mj12bot.com/)"
167.114.173.115 - - [21/Sep/2022:09:20:34 +0200] "GET /10-12-years-monster-high-bathrobe-p-23091.html HTTP/1.0" 301 71939 "-" "Mozilla/5.0 (compatible; MJ12bot/v1.4.8; http://mj12bot.com/)"
65.108.40.25 - - [21/Sep/2022:09:20:39 +0200] "GET /becassine-figure-p-27313.html HTTP/1.0" 301 71939 "-" "Mozilla/5.0 (compatible; MJ12bot/v1.4.8; http://mj12bot.com/)"
167.114.173.115 - - [21/Sep/2022:09:20:40 +0200] "GET /-p-23091.html HTTP/1.0" 200 71872 "-" "Mozilla/5.0 (compatible; MJ12bot/v1.4.8; http://mj12bot.com/)"
167.114.173.115 - - [21/Sep/2022:09:20:45 +0200] "GET /10-elmer-invitation-card-p-5966.html HTTP/1.0" 301 71936 "-" "Mozilla/5.0 (compatible; MJ12bot/v1.4.8; http://mj12bot.com/)"
65.108.40.25 - - [21/Sep/2022:09:20:49 +0200] "GET /-p-27313.html HTTP/1.0" 200 71872 "-" "Mozilla/5.0 (compatible; MJ12bot/v1.4.8; http://mj12bot.com/)"
167.114.173.115 - - [21/Sep/2022:09:20:49 +0200] "GET /-p-5966.html HTTP/1.0" 200 71870 "-" "Mozilla/5.0 (compatible; MJ12bot/v1.4.8; http://mj12bot.com/)"
167.114.173.115 - - [21/Sep/2022:09:20:54 +0200] "GET /10-pounds-money-box-by-cbk-p-24140.html HTTP/1.0" 301 74683 "-" "Mozilla/5.0 (compatible; MJ12bot/v1.4.8; http://mj12bot.com/)"
185.191.171.43 - - [21/Sep/2022:09:20:55 +0200] "GET /christmas-spirit-hot-water-bottle-p-52610.html HTTP/1.0" 301 75300 "-" "Mozilla/5.0 (compatible; SemrushBot/7~bl; +http://www.semrush.com/bot.html)"
167.114.173.115 - - [21/Sep/2022:09:20:58 +0200] "GET /pounds-money-cbkreation-p-24140.html HTTP/1.0" 200 74593 "-" "Mozilla/5.0 (compatible; MJ12bot/v1.4.8; http://mj12bot.com/)"
65.108.40.25 - - [21/Sep/2022:09:21:00 +0200] "GET /becassine-figure-p-27314.html HTTP/1.0" 301 71939 "-" "Mozilla/5.0 (compatible; MJ12bot/v1.4.8; http://mj12bot.com/)"
185.191.171.22 - - [21/Sep/2022:09:21:01 +0200] "GET /christmas-spirit-water-bottle-p-52610.html HTTP/1.0" 200 75204 "-" "Mozilla/5.0 (compatible; SemrushBot/7~bl; +http://www.semrush.com/bot.html)"
167.114.173.115 - - [21/Sep/2022:09:21:04 +0200] "GET /10-pounds-money-box-by-cbkreation-p-24140.html HTTP/1.0" 301 74683 "-" "Mozilla/5.0 (compatible; MJ12bot/v1.4.8; http://mj12bot.com/)"
167.114.173.115 - - [21/Sep/2022:09:21:10 +0200] "GET /pounds-money-cbkreation-p-24140.html HTTP/1.0" 200 74593 "-" "Mozilla/5.0 (compatible; MJ12bot/v1.4.8; http://mj12bot.com/)"
185.191.171.23 - - [21/Sep/2022:09:21:11 +0200] "GET /gorjuss-p-46937.html HTTP/1.0" 200 71898 "-" "Mozilla/5.0 (compatible; SemrushBot/7~bl; +http://www.semrush.com/bot.html)"
65.108.40.25 - - [21/Sep/2022:09:21:13 +0200] "GET /-p-27314.html HTTP/1.0" 200 71872 "-" "Mozilla/5.0 (compatible; MJ12bot/v1.4.8; http://mj12bot.com/)"
167.114.173.115 - - [21/Sep/2022:09:21:15 +0200] "GET /100-euros-wallet-p-24876.html HTTP/1.0" 301 71939 "-" "Mozilla/5.0 (compatible; MJ12bot/v1.4.8; http://mj12bot.com/)"
54.36.149.42 - - [21/Sep/2022:09:20:50 +0200] "GET /home-decoration-c-13.html?page=40 HTTP/1.0" 200 94398 "-" "Mozilla/5.0 (compatible; AhrefsBot/7.0; +http://ahrefs.com/robot/)"
167.114.173.115 - - [21/Sep/2022:09:21:19 +0200] "GET /-p-24876.html HTTP/1.0" 200 71872 "-" "Mozilla/5.0 (compatible; MJ12bot/v1.4.8; http://mj12bot.com/)"
65.108.40.25 - - [21/Sep/2022:09:21:21 +0200] "GET /becassine-large-metal-plate-30-40-cm-p-15165.html HTTP/1.0" 301 71939 "-" "Mozilla/5.0 (compatible; MJ12bot/v1.4.8; http://mj12bot.com/)"
167.114.173.115 - - [21/Sep/2022:09:21:23 +0200] "GET /100-marseille-ashtray-p-16436.html HTTP/1.0" 301 71939 "-" "Mozilla/5.0 (compatible; MJ12bot/v1.4.8; http://mj12bot.com/)"
167.114.173.115 - - [21/Sep/2022:09:21:28 +0200] "GET /-p-16436.html HTTP/1.0" 200 71872 "-" "Mozilla/5.0 (compatible; MJ12bot/v1.4.8; http://mj12bot.com/)"
65.108.40.25 - - [21/Sep/2022:09:21:31 +0200] "GET /-p-15165.html HTTP/1.0" 200 71872 "-" "Mozilla/5.0 (compatible; MJ12bot/v1.4.8; http://mj12bot.com/)"
167.114.173.115 - - [21/Sep/2022:09:21:34 +0200] "GET /100-marseille-balloon-mouse-pad-p-28420.html HTTP/1.0" 301 71939 "-" "Mozilla/5.0 (compatible; MJ12bot/v1.4.8; http://mj12bot.com/)"
167.114.173.115 - - [21/Sep/2022:09:21:40 +0200] "GET /-p-28420.html HTTP/1.0" 200 71872 "-" "Mozilla/5.0 (compatible; MJ12bot/v1.4.8; http://mj12bot.com/)"
65.108.40.25 - - [21/Sep/2022:09:21:42 +0200] "GET /becassine-large-metal-plate-30-40-cm-p-26834.html HTTP/1.0" 301 71939 "-" "Mozilla/5.0 (compatible; MJ12bot/v1.4.8; http://mj12bot.com/)"
167.114.173.115 - - [21/Sep/2022:09:21:44 +0200] "GET /100-marseille-black-animated-lamp-p-16401.html HTTP/1.0" 301 71939 "-" "Mozilla/5.0 (compatible; MJ12bot/v1.4.8; http://mj12bot.com/)"
185.191.171.38 - - [21/Sep/2022:09:21:44 +0200] "GET /lucky-luke-joe-dalton-figure-p-30503.html HTTP/1.0" 301 72092 "-" "Mozilla/5.0 (compatible; SemrushBot/7~bl; +http://www.semrush.com/bot.html)"
167.114.173.115 - - [21/Sep/2022:09:21:49 +0200] "GET /-p-16401.html HTTP/1.0" 200 71872 "-" "Mozilla/5.0 (compatible; MJ12bot/v1.4.8; http://mj12bot.com/)"
185.191.171.22 - - [21/Sep/2022:09:21:49 +0200] "GET /lucky-luke-dalton-figure-p-30503.html HTTP/1.0" 200 72001 "-" "Mozilla/5.0 (compatible; SemrushBot/7~bl; +http://www.semrush.com/bot.html)"
167.114.173.115 - - [21/Sep/2022:09:21:53 +0200] "GET /100-marseille-black-lamp-p-14555.html HTTP/1.0" 301 71939 "-" "Mozilla/5.0 (compatible; MJ12bot/v1.4.8; http://mj12bot.com/)"
65.108.40.25 - - [21/Sep/2022:09:21:54 +0200] "GET /-p-26834.html HTTP/1.0" 200 71872 "-" "Mozilla/5.0 (compatible; MJ12bot/v1.4.8; http://mj12bot.com/)"
167.114.173.115 - - [21/Sep/2022:09:21:57 +0200] "GET /-p-14555.html HTTP/1.0" 200 71872 "-" "Mozilla/5.0 (compatible; MJ12bot/v1.4.8; http://mj12bot.com/)"
167.114.173.115 - - [21/Sep/2022:09:22:01 +0200] "GET /100-marseille-cup-and-saucer-set-p-17829.html HTTP/1.0" 301 71939 "-" "Mozilla/5.0 (compatible; MJ12bot/v1.4.8; http://mj12bot.com/)"
167.114.173.115 - - [21/Sep/2022:09:22:04 +0200] "GET /-p-17829.html HTTP/1.0" 200 71872 "-" "Mozilla/5.0 (compatible; MJ12bot/v1.4.8; http://mj12bot.com/)"
65.108.40.25 - - [21/Sep/2022:09:22:04 +0200] "GET /becassine-large-metal-plate-30-40-cm-p-28602.html HTTP/1.0" 301 74700 "-" "Mozilla/5.0 (compatible; MJ12bot/v1.4.8; http://mj12bot.com/)"
167.114.173.115 - - [21/Sep/2022:09:22:09 +0200] "GET /100-marseille-shirt-alarm-clock-p-14120.html HTTP/1.0" 301 71939 "-" "Mozilla/5.0 (compatible; MJ12bot/v1.4.8; http://mj12bot.com/)"
185.191.171.43 - - [21/Sep/2022:09:22:07 +0200] "GET /fiat-nuova-500-car-p-27579.html HTTP/1.0" 301 74533 "-" "Mozilla/5.0 (compatible; SemrushBot/7~bl; +http://www.semrush.com/bot.html)"
65.108.40.25 - - [21/Sep/2022:09:22:12 +0200] "GET /becassine-large-metal-plate-p-28602.html HTTP/1.0" 200 74606 "-" "Mozilla/5.0 (compatible; MJ12bot/v1.4.8; http://mj12bot.com/)"
167.114.173.115 - - [21/Sep/2022:09:22:13 +0200] "GET /-p-14120.html HTTP/1.0" 200 71872 "-" "Mozilla/5.0 (compatible; MJ12bot/v1.4.8; http://mj12bot.com/)"
185.191.171.10 - - [21/Sep/2022:09:22:13 +0200] "GET /fiat-nuova-p-27579.html HTTP/1.0" 200 74456 "-" "Mozilla/5.0 (compatible; SemrushBot/7~bl; +http://www.semrush.com/bot.html)"
167.114.173.115 - - [21/Sep/2022:09:22:18 +0200] "GET /100-marseille-small-towel-p-11923.html HTTP/1.0" 301 71939 "-" "Mozilla/5.0 (compatible; MJ12bot/v1.4.8; http://mj12bot.com/)"
65.108.40.25 - - [21/Sep/2022:09:22:20 +0200] "GET /becassine-large-metal-plate-p-15165.html HTTP/1.0" 301 71939 "-" "Mozilla/5.0 (compatible; MJ12bot/v1.4.8; http://mj12bot.com/)"
167.114.173.115 - - [21/Sep/2022:09:22:22 +0200] "GET /-p-11923.html HTTP/1.0" 200 71872 "-" "Mozilla/5.0 (compatible; MJ12bot/v1.4.8; http://mj12bot.com/)"
167.114.173.115 - - [21/Sep/2022:09:22:26 +0200] "GET /100-paris-ashtray-p-15473.html HTTP/1.0" 301 71939 "-" "Mozilla/5.0 (compatible; MJ12bot/v1.4.8; http://mj12bot.com/)"
65.108.40.25 - - [21/Sep/2022:09:22:30 +0200] "GET /-p-15165.html HTTP/1.0" 200 71872 "-" "Mozilla/5.0 (compatible; MJ12bot/v1.4.8; http://mj12bot.com/)"
167.114.173.115 - - [21/Sep/2022:09:22:30 +0200] "GET /-p-15473.html HTTP/1.0" 200 71872 "-" "Mozilla/5.0 (compatible; MJ12bot/v1.4.8; http://mj12bot.com/)"
66.249.66.212 - - [21/Sep/2022:09:22:32 +0200] "GET /beer-glasses-olympique-marseille-p-46526.html HTTP/1.0" 200 75284 "-" "Mozilla/5.0 (compatible; Googlebot/2.1; +http://www.google.com/bot.html)"
167.114.173.115 - - [21/Sep/2022:09:22:35 +0200] "GET /100-paris-ashtray-p-27181.html HTTP/1.0" 301 74566 "-" "Mozilla/5.0 (compatible; MJ12bot/v1.4.8; http://mj12bot.com/)"
167.114.173.115 - - [21/Sep/2022:09:22:39 +0200] "GET /paris-ashtray-p-27181.html HTTP/1.0" 200 74486 "-" "Mozilla/5.0 (compatible; MJ12bot/v1.4.8; http://mj12bot.com/)"
65.108.40.25 - - [21/Sep/2022:09:22:42 +0200] "GET /becassine-paper-towel-dispenser-p-26830.html HTTP/1.0" 301 71939 "-" "Mozilla/5.0 (compatible; MJ12bot/v1.4.8; http://mj12bot.com/)"
167.114.173.115 - - [21/Sep/2022:09:22:44 +0200] "GET /100-paris-ashtray-p-36152.html HTTP/1.0" 301 74564 "-" "Mozilla/5.0 (compatible; MJ12bot/v1.4.8; http://mj12bot.com/)"
167.114.173.115 - - [21/Sep/2022:09:22:48 +0200] "GET /paris-ashtray-p-36152.html HTTP/1.0" 200 74484 "-" "Mozilla/5.0 (compatible; MJ12bot/v1.4.8; http://mj12bot.com/)"
54.36.148.41 - - [21/Sep/2022:09:22:50 +0200] "GET /tinted-candle-mass-yellow-p-56096.html HTTP/1.0" 200 74571 "-" "Mozilla/5.0 (compatible; AhrefsBot/7.0; +http://ahrefs.com/robot/)"
65.108.40.25 - - [21/Sep/2022:09:22:52 +0200] "GET /-p-26830.html HTTP/1.0" 200 71872 "-" "Mozilla/5.0 (compatible; MJ12bot/v1.4.8; http://mj12bot.com/)"
167.114.173.115 - - [21/Sep/2022:09:22:53 +0200] "GET /100-paris-balloon-lamp-p-27173.html HTTP/1.0" 301 71939 "-" "Mozilla/5.0 (compatible; MJ12bot/v1.4.8; http://mj12bot.com/)"
167.114.173.115 - - [21/Sep/2022:09:22:58 +0200] "GET /-p-27173.html HTTP/1.0" 200 71872 "-" "Mozilla/5.0 (compatible; MJ12bot/v1.4.8; http://mj12bot.com/)"
167.114.173.115 - - [21/Sep/2022:09:23:02 +0200] "GET /100-paris-bowl-p-27191.html HTTP/1.0" 301 71939 "-" "Mozilla/5.0 (compatible; MJ12bot/v1.4.8; http://mj12bot.com/)"
65.108.40.25 - - [21/Sep/2022:09:23:03 +0200] "GET /bed-time-besties-baby-first-minnie-figurine-p-31440.html HTTP/1.0" 301 71939 "-" "Mozilla/5.0 (compatible; MJ12bot/v1.4.8; http://mj12bot.com/)"
167.114.173.115 - - [21/Sep/2022:09:23:06 +0200] "GET /-p-27191.html HTTP/1.0" 200 71872 "-" "Mozilla/5.0 (compatible; MJ12bot/v1.4.8; http://mj12bot.com/)"
65.108.40.25 - - [21/Sep/2022:09:23:12 +0200] "GET /-p-31440.html HTTP/1.0" 200 71872 "-" "Mozilla/5.0 (compatible; MJ12bot/v1.4.8; http://mj12bot.com/)"
167.114.173.115 - - [21/Sep/2022:09:23:12 +0200] "GET /100-paris-mouse-pad-p-14082.html HTTP/1.0" 301 74509 "-" "Mozilla/5.0 (compatible; MJ12bot/v1.4.8; http://mj12bot.com/)"
167.114.173.115 - - [21/Sep/2022:09:23:16 +0200] "GET /paris-mouse-p-14082.html HTTP/1.0" 200 74431 "-" "Mozilla/5.0 (compatible; MJ12bot/v1.4.8; http://mj12bot.com/)"
157.55.39.217 - - [21/Sep/2022:09:23:21 +0200] "GET /images/4007176425602.jpg HTTP/1.0" 200 259 "-" "Mozilla/5.0 (compatible; bingbot/2.0; +http://www.bing.com/bingbot.htm)"
65.108.40.25 - - [21/Sep/2022:09:23:19 +0200] "GET /bedclothes-p-31142.html HTTP/1.0" 301 71939 "-" "Mozilla/5.0 (compatible; MJ12bot/v1.4.8; http://mj12bot.com/)"
167.114.173.115 - - [21/Sep/2022:09:23:22 +0200] "GET /100-paris-mug-p-23507.html HTTP/1.0" 301 71939 "-" "Mozilla/5.0 (compatible; MJ12bot/v1.4.8; http://mj12bot.com/)"
167.114.173.115 - - [21/Sep/2022:09:23:26 +0200] "GET /-p-23507.html HTTP/1.0" 200 71872 "-" "Mozilla/5.0 (compatible; MJ12bot/v1.4.8; http://mj12bot.com/)"
183.89.161.165 - - [21/Sep/2022:09:23:28 +0200] "GET /contact_us.php HTTP/1.0" 200 26241 "http://www.wonder-geek.com/contact_us.php" "Mozilla/5.0 (Windows NT 6.3; Win64; x64) AppleWebKit/537.36 (KHTML, like Gecko) Chrome/90.0.4430.85 Safari/537.36 Edg/90.0.818.46"
65.108.40.25 - - [21/Sep/2022:09:23:28 +0200] "GET /-p-31142.html HTTP/1.0" 200 71872 "-" "Mozilla/5.0 (compatible; MJ12bot/v1.4.8; http://mj12bot.com/)"
167.114.173.115 - - [21/Sep/2022:09:23:31 +0200] "GET /100-paris-mug-p-38511.html HTTP/1.0" 301 74466 "-" "Mozilla/5.0 (compatible; MJ12bot/v1.4.8; http://mj12bot.com/)"
167.114.173.115 - - [21/Sep/2022:09:23:36 +0200] "GET /paris-p-38511.html HTTP/1.0" 200 74394 "-" "Mozilla/5.0 (compatible; MJ12bot/v1.4.8; http://mj12bot.com/)"
65.108.40.25 - - [21/Sep/2022:09:23:38 +0200] "GET /brass-sundial-compass-gilbert-sons-p-52859.html HTTP/1.0" 301 74866 "-" "Mozilla/5.0 (compatible; MJ12bot/v1.4.8; http://mj12bot.com/)"
167.114.173.115 - - [21/Sep/2022:09:23:41 +0200] "GET /100-paris-mug-with-spoon-p-33108.html HTTP/1.0" 301 71939 "-" "Mozilla/5.0 (compatible; MJ12bot/v1.4.8; http://mj12bot.com/)"
203.119.241.109 - - [21/Sep/2022:09:23:44 +0200] "GET /images/mini_prod/3585190668607.jpg HTTP/1.0" 200 269 "-" "Mozilla/5.0 (X11; Ubuntu; Linux x86_64; rv:72.0) Gecko/20100101 Firefox/72.0"
167.114.173.115 - - [21/Sep/2022:09:23:45 +0200] "GET /-p-33108.html HTTP/1.0" 200 71872 "-" "Mozilla/5.0 (compatible; MJ12bot/v1.4.8; http://mj12bot.com/)"
65.108.40.25 - - [21/Sep/2022:09:23:45 +0200] "GET /decorative-sundial-compass-brass-gilbert-sons-p-52859.html HTTP/1.0" 200 74754 "-" "Mozilla/5.0 (compatible; MJ12bot/v1.4.8; http://mj12bot.com/)"
167.114.173.115 - - [21/Sep/2022:09:23:49 +0200] "GET /100-paris-pencil-case-p-15434.html HTTP/1.0" 301 75209 "-" "Mozilla/5.0 (compatible; MJ12bot/v1.4.8; http://mj12bot.com/)"
167.114.173.115 - - [21/Sep/2022:09:23:53 +0200] "GET /paris-pencil-case-p-15434.html HTTP/1.0" 200 75125 "-" "Mozilla/5.0 (compatible; MJ12bot/v1.4.8; http://mj12bot.com/)"
65.108.40.25 - - [21/Sep/2022:09:23:54 +0200] "GET /brooklyn-bridge-at-night-poster-p-11065.html HTTP/1.0" 301 71939 "-" "Mozilla/5.0 (compatible; MJ12bot/v1.4.8; http://mj12bot.com/)"
167.114.173.115 - - [21/Sep/2022:09:23:58 +0200] "GET /100-paris-rotating-lamp-p-24181.html HTTP/1.0" 301 71939 "-" "Mozilla/5.0 (compatible; MJ12bot/v1.4.8; http://mj12bot.com/)"
167.114.173.115 - - [21/Sep/2022:09:24:02 +0200] "GET /-p-24181.html HTTP/1.0" 200 71872 "-" "Mozilla/5.0 (compatible; MJ12bot/v1.4.8; http://mj12bot.com/)"
65.108.40.25 - - [21/Sep/2022:09:24:03 +0200] "GET /-p-11065.html HTTP/1.0" 200 71872 "-" "Mozilla/5.0 (compatible; MJ12bot/v1.4.8; http://mj12bot.com/)"
66.249.66.214 - - [21/Sep/2022:09:24:04 +0200] "GET /sons-anarchy-zippo-lighter-p-30268.html HTTP/1.0" 200 76468 "-" "Mozilla/5.0 (compatible; Googlebot/2.1; +http://www.google.com/bot.html)"
167.114.173.115 - - [21/Sep/2022:09:24:06 +0200] "GET /100-tablettes-de-charbon-golden-temple-p-47648.html HTTP/1.0" 301 75047 "-" "Mozilla/5.0 (compatible; MJ12bot/v1.4.8; http://mj12bot.com/)"
77.16.32.122 - - [21/Sep/2022:09:24:13 +0200] "GET /templates/Pixame_v1/stylesheet.css HTTP/1.0" 200 267 "http://www.wonder-geek.com/resin-statuette-naked-woman-p-58561.html" "Mozilla/5.0 (Linux; Android 12; SM-G970F) AppleWebKit/537.36 (KHTML, like Gecko) Chrome/105.0.0.0 Mobile Safari/537.36"
77.16.32.122 - - [21/Sep/2022:09:24:13 +0200] "GET /highslide/highslide.js HTTP/1.0" 200 262 "http://www.wonder-geek.com/resin-statuette-naked-woman-p-58561.html" "Mozilla/5.0 (Linux; Android 12; SM-G970F) AppleWebKit/537.36 (KHTML, like Gecko) Chrome/105.0.0.0 Mobile Safari/537.36"
77.16.32.122 - - [21/Sep/2022:09:24:14 +0200] "GET /mondial_relay/js/jquery-1.3.2.min.js HTTP/1.0" 200 276 "http://www.wonder-geek.com/resin-statuette-naked-woman-p-58561.html" "Mozilla/5.0 (Linux; Android 12; SM-G970F) AppleWebKit/537.36 (KHTML, like Gecko) Chrome/105.0.0.0 Mobile Safari/537.36"
65.108.40.25 - - [21/Sep/2022:09:24:10 +0200] "GET /brooklyn-bridge-night-poster-p-11065.html HTTP/1.0" 301 71939 "-" "Mozilla/5.0 (compatible; MJ12bot/v1.4.8; http://mj12bot.com/)"
77.16.32.122 - - [21/Sep/2022:09:24:10 +0200] "GET /resin-statuette-naked-woman-p-58561.html HTTP/1.0" 200 75256 "-" "Mozilla/5.0 (Linux; Android 12; SM-G970F) AppleWebKit/537.36 (KHTML, like Gecko) Chrome/105.0.0.0 Mobile Safari/537.36"
77.16.32.122 - - [21/Sep/2022:09:24:15 +0200] "GET /js/jquery.js HTTP/1.0" 200 252 "http://www.wonder-geek.com/resin-statuette-naked-woman-p-58561.html" "Mozilla/5.0 (Linux; Android 12; SM-G970F) AppleWebKit/537.36 (KHTML, like Gecko) Chrome/105.0.0.0 Mobile Safari/537.36"
77.16.32.122 - - [21/Sep/2022:09:24:15 +0200] "GET /js/jquery.jqzoom.js HTTP/1.0" 200 259 "http://www.wonder-geek.com/resin-statuette-naked-woman-p-58561.html" "Mozilla/5.0 (Linux; Android 12; SM-G970F) AppleWebKit/537.36 (KHTML, like Gecko) Chrome/105.0.0.0 Mobile Safari/537.36"
77.16.32.122 - - [21/Sep/2022:09:24:16 +0200] "GET /swfobject.js HTTP/1.0" 404 1308 "http://www.wonder-geek.com/resin-statuette-naked-woman-p-58561.html" "Mozilla/5.0 (Linux; Android 12; SM-G970F) AppleWebKit/537.36 (KHTML, like Gecko) Chrome/105.0.0.0 Mobile Safari/537.36"
77.16.32.122 - - [21/Sep/2022:09:24:16 +0200] "GET /templates/Pixame_v1/images/icon_accueil2.png HTTP/1.0" 200 278 "http://www.wonder-geek.com/resin-statuette-naked-woman-p-58561.html" "Mozilla/5.0 (Linux; Android 12; SM-G970F) AppleWebKit/537.36 (KHTML, like Gecko) Chrome/105.0.0.0 Mobile Safari/537.36"
77.16.32.122 - - [21/Sep/2022:09:24:16 +0200] "GET /templates/Pixame_v1/images/infobox/pixel_trans.gif HTTP/1.0" 200 328 "http://www.wonder-geek.com/resin-statuette-naked-woman-p-58561.html" "Mozilla/5.0 (Linux; Android 12; SM-G970F) AppleWebKit/537.36 (KHTML, like Gecko) Chrome/105.0.0.0 Mobile Safari/537.36"
77.16.32.122 - - [21/Sep/2022:09:24:16 +0200] "GET /images/pixel_trans.gif HTTP/1.0" 200 328 "http://www.wonder-geek.com/resin-statuette-naked-woman-p-58561.html" "Mozilla/5.0 (Linux; Android 12; SM-G970F) AppleWebKit/537.36 (KHTML, like Gecko) Chrome/105.0.0.0 Mobile Safari/537.36"
77.16.32.122 - - [21/Sep/2022:09:24:16 +0200] "GET /templates/Pixame_v1/images/pixel_trans.gif HTTP/1.0" 200 328 "http://www.wonder-geek.com/resin-statuette-naked-woman-p-58561.html" "Mozilla/5.0 (Linux; Android 12; SM-G970F) AppleWebKit/537.36 (KHTML, like Gecko) Chrome/105.0.0.0 Mobile Safari/537.36"
77.16.32.122 - - [21/Sep/2022:09:24:16 +0200] "GET /images/big_prod/8433933181195.jpg HTTP/1.0" 200 268 "http://www.wonder-geek.com/resin-statuette-naked-woman-p-58561.html" "Mozilla/5.0 (Linux; Android 12; SM-G970F) AppleWebKit/537.36 (KHTML, like Gecko) Chrome/105.0.0.0 Mobile Safari/537.36"
77.16.32.122 - - [21/Sep/2022:09:24:16 +0200] "GET /images/big_prod_1/8433933181195B.jpg HTTP/1.0" 200 271 "http://www.wonder-geek.com/resin-statuette-naked-woman-p-58561.html" "Mozilla/5.0 (Linux; Android 12; SM-G970F) AppleWebKit/537.36 (KHTML, like Gecko) Chrome/105.0.0.0 Mobile Safari/537.36"
77.16.32.122 - - [21/Sep/2022:09:24:16 +0200] "GET /templates/Pixame_v1/images/buttons/english/button_in_cart.gif HTTP/1.0" 200 295 "http://www.wonder-geek.com/resin-statuette-naked-woman-p-58561.html" "Mozilla/5.0 (Linux; Android 12; SM-G970F) AppleWebKit/537.36 (KHTML, like Gecko) Chrome/105.0.0.0 Mobile Safari/537.36"
77.16.32.122 - - [21/Sep/2022:09:24:16 +0200] "GET /templates/Pixame_v1/images/Bottom_texture.jpg HTTP/1.0" 200 280 "http://www.wonder-geek.com/templates/Pixame_v1/stylesheet.css" "Mozilla/5.0 (Linux; Android 12; SM-G970F) AppleWebKit/537.36 (KHTML, like Gecko) Chrome/105.0.0.0 Mobile Safari/537.36"
77.16.32.122 - - [21/Sep/2022:09:24:16 +0200] "GET /templates/Pixame_v1/images/Middle_texture.jpg HTTP/1.0" 200 280 "http://www.wonder-geek.com/templates/Pixame_v1/stylesheet.css" "Mozilla/5.0 (Linux; Android 12; SM-G970F) AppleWebKit/537.36 (KHTML, like Gecko) Chrome/105.0.0.0 Mobile Safari/537.36"
77.16.32.122 - - [21/Sep/2022:09:24:16 +0200] "GET /templates/Pixame_v1/images/header.png HTTP/1.0" 200 271 "http://www.wonder-geek.com/templates/Pixame_v1/stylesheet.css" "Mozilla/5.0 (Linux; Android 12; SM-G970F) AppleWebKit/537.36 (KHTML, like Gecko) Chrome/105.0.0.0 Mobile Safari/537.36"
77.16.32.122 - - [21/Sep/2022:09:24:16 +0200] "GET /templates/Pixame_v1/images/header-object.png HTTP/1.0" 200 278 "http://www.wonder-geek.com/templates/Pixame_v1/stylesheet.css" "Mozilla/5.0 (Linux; Android 12; SM-G970F) AppleWebKit/537.36 (KHTML, like Gecko) Chrome/105.0.0.0 Mobile Safari/537.36"
77.16.32.122 - - [21/Sep/2022:09:24:16 +0200] "GET /templates/Pixame_v1/images/nav.png HTTP/1.0" 200 268 "http://www.wonder-geek.com/templates/Pixame_v1/stylesheet.css" "Mozilla/5.0 (Linux; Android 12; SM-G970F) AppleWebKit/537.36 (KHTML, like Gecko) Chrome/105.0.0.0 Mobile Safari/537.36"
77.16.32.122 - - [21/Sep/2022:09:24:16 +0200] "GET /design/productsenstock.png HTTP/1.0" 200 260 "http://www.wonder-geek.com/templates/Pixame_v1/stylesheet.css" "Mozilla/5.0 (Linux; Android 12; SM-G970F) AppleWebKit/537.36 (KHTML, like Gecko) Chrome/105.0.0.0 Mobile Safari/537.36"
77.16.32.122 - - [21/Sep/2022:09:24:16 +0200] "GET /templates/Pixame_v1/images/infobox/infobox_footer_middle.gif HTTP/1.0" 200 357 "http://www.wonder-geek.com/resin-statuette-naked-woman-p-58561.html" "Mozilla/5.0 (Linux; Android 12; SM-G970F) AppleWebKit/537.36 (KHTML, like Gecko) Chrome/105.0.0.0 Mobile Safari/537.36"
77.16.32.122 - - [21/Sep/2022:09:24:16 +0200] "GET /highslide/graphics/zoomin.cur HTTP/1.0" 200 614 "http://www.wonder-geek.com/templates/Pixame_v1/stylesheet.css" "Mozilla/5.0 (Linux; Android 12; SM-G970F) AppleWebKit/537.36 (KHTML, like Gecko) Chrome/105.0.0.0 Mobile Safari/537.36"
77.16.32.122 - - [21/Sep/2022:09:24:17 +0200] "GET /highslide/graphics/outlines/drop-shadow.png HTTP/1.0" 200 277 "http://www.wonder-geek.com/resin-statuette-naked-woman-p-58561.html" "Mozilla/5.0 (Linux; Android 12; SM-G970F) AppleWebKit/537.36 (KHTML, like Gecko) Chrome/105.0.0.0 Mobile Safari/537.36"
185.191.171.10 - - [21/Sep/2022:09:24:12 +0200] "GET /et-merde-video-game-shirt-p-29574.html HTTP/1.0" 301 75812 "-" "Mozilla/5.0 (compatible; SemrushBot/7~bl; +http://www.semrush.com/bot.html)"
77.16.32.122 - - [21/Sep/2022:09:24:17 +0200] "GET /highslide/graphics/zoomout.cur HTTP/1.0" 200 614 "http://www.wonder-geek.com/resin-statuette-naked-woman-p-58561.html" "Mozilla/5.0 (Linux; Android 12; SM-G970F) AppleWebKit/537.36 (KHTML, like Gecko) Chrome/105.0.0.0 Mobile Safari/537.36"
77.16.32.122 - - [21/Sep/2022:09:24:17 +0200] "GET /highslide/graphics/loader.white.gif HTTP/1.0" 200 960 "http://www.wonder-geek.com/templates/Pixame_v1/stylesheet.css" "Mozilla/5.0 (Linux; Android 12; SM-G970F) AppleWebKit/537.36 (KHTML, like Gecko) Chrome/105.0.0.0 Mobile Safari/537.36"
77.16.32.122 - - [21/Sep/2022:09:24:17 +0200] "GET /favicon.ico HTTP/1.0" 200 260 "http://www.wonder-geek.com/resin-statuette-naked-woman-p-58561.html" "Mozilla/5.0 (Linux; Android 12; SM-G970F) AppleWebKit/537.36 (KHTML, like Gecko) Chrome/105.0.0.0 Mobile Safari/537.36"
167.114.173.115 - - [21/Sep/2022:09:24:12 +0200] "GET /charcoal-tablets-golden-temple-tablets-p-47648.html HTTP/1.0" 200 74942 "-" "Mozilla/5.0 (compatible; MJ12bot/v1.4.8; http://mj12bot.com/)"
65.108.40.25 - - [21/Sep/2022:09:24:17 +0200] "GET /-p-11065.html HTTP/1.0" 200 71872 "-" "Mozilla/5.0 (compatible; MJ12bot/v1.4.8; http://mj12bot.com/)"
167.114.173.115 - - [21/Sep/2022:09:24:19 +0200] "GET /101-dalmatians-cruella-devil-figure-p-4704.html HTTP/1.0" 301 71936 "-" "Mozilla/5.0 (compatible; MJ12bot/v1.4.8; http://mj12bot.com/)"
185.191.171.5 - - [21/Sep/2022:09:24:18 +0200] "GET /merde-vido-game-shirt-p-29574.html HTTP/1.0" 200 75724 "-" "Mozilla/5.0 (compatible; SemrushBot/7~bl; +http://www.semrush.com/bot.html)"
167.114.173.115 - - [21/Sep/2022:09:24:23 +0200] "GET /-p-4704.html HTTP/1.0" 200 71870 "-" "Mozilla/5.0 (compatible; MJ12bot/v1.4.8; http://mj12bot.com/)"
65.108.40.25 - - [21/Sep/2022:09:24:26 +0200] "GET /buddha-white-statue-25-cm-p-37406.html HTTP/1.0" 301 71939 "-" "Mozilla/5.0 (compatible; MJ12bot/v1.4.8; http://mj12bot.com/)"
167.114.173.115 - - [21/Sep/2022:09:24:28 +0200] "GET /20-cat-eye-marbles-p-27834.html HTTP/1.0" 301 71939 "-" "Mozilla/5.0 (compatible; MJ12bot/v1.4.8; http://mj12bot.com/)"
167.114.173.115 - - [21/Sep/2022:09:24:32 +0200] "GET /-p-27834.html HTTP/1.0" 200 71872 "-" "Mozilla/5.0 (compatible; MJ12bot/v1.4.8; http://mj12bot.com/)"
65.108.40.25 - - [21/Sep/2022:09:24:33 +0200] "GET /-p-37406.html HTTP/1.0" 200 71872 "-" "Mozilla/5.0 (compatible; MJ12bot/v1.4.8; http://mj12bot.com/)"
167.114.173.115 - - [21/Sep/2022:09:24:37 +0200] "GET /20-white-marbles-p-27831.html HTTP/1.0" 301 71939 "-" "Mozilla/5.0 (compatible; MJ12bot/v1.4.8; http://mj12bot.com/)"
167.114.173.115 - - [21/Sep/2022:09:24:42 +0200] "GET /-p-27831.html HTTP/1.0" 200 71872 "-" "Mozilla/5.0 (compatible; MJ12bot/v1.4.8; http://mj12bot.com/)"
65.108.40.25 - - [21/Sep/2022:09:24:42 +0200] "GET /buddha-white-statue-p-37406.html HTTP/1.0" 301 71939 "-" "Mozilla/5.0 (compatible; MJ12bot/v1.4.8; http://mj12bot.com/)"
167.114.173.115 - - [21/Sep/2022:09:24:47 +0200] "GET /300-elastic-loom-bands-p-26692.html HTTP/1.0" 301 74603 "-" "Mozilla/5.0 (compatible; MJ12bot/v1.4.8; http://mj12bot.com/)"
65.108.40.25 - - [21/Sep/2022:09:24:50 +0200] "GET /-p-37406.html HTTP/1.0" 200 71872 "-" "Mozilla/5.0 (compatible; MJ12bot/v1.4.8; http://mj12bot.com/)"
167.114.173.115 - - [21/Sep/2022:09:24:51 +0200] "GET /elastic-loom-bands-p-26692.html HTTP/1.0" 200 74518 "-" "Mozilla/5.0 (compatible; MJ12bot/v1.4.8; http://mj12bot.com/)"
167.114.173.115 - - [21/Sep/2022:09:24:57 +0200] "GET /300-elastic-loom-bands-p-26855.html HTTP/1.0" 301 74604 "-" "Mozilla/5.0 (compatible; MJ12bot/v1.4.8; http://mj12bot.com/)"
54.36.148.48 - - [21/Sep/2022:09:24:57 +0200] "GET /rectangular-indoor-carpet-p-43511.html HTTP/1.0" 200 71968 "-" "Mozilla/5.0 (compatible; AhrefsBot/7.0; +http://ahrefs.com/robot/)"
185.191.171.36 - - [21/Sep/2022:09:24:57 +0200] "GET /buddha-canvas-frame-p-35923.html HTTP/1.0" 200 74603 "-" "Mozilla/5.0 (compatible; SemrushBot/7~bl; +http://www.semrush.com/bot.html)"
65.108.40.25 - - [21/Sep/2022:09:25:01 +0200] "GET /buffalo-skull-storage-stool-34-cm-brown-p-41862.html HTTP/1.0" 301 71939 "-" "Mozilla/5.0 (compatible; MJ12bot/v1.4.8; http://mj12bot.com/)"
167.114.173.115 - - [21/Sep/2022:09:25:01 +0200] "GET /elastic-loom-bands-p-26855.html HTTP/1.0" 200 74519 "-" "Mozilla/5.0 (compatible; MJ12bot/v1.4.8; http://mj12bot.com/)"
185.191.171.5 - - [21/Sep/2022:09:25:04 +0200] "GET /-p-31792.html HTTP/1.0" 200 71872 "-" "Mozilla/5.0 (compatible; SemrushBot/7~bl; +http://www.semrush.com/bot.html)"
167.114.173.115 - - [21/Sep/2022:09:25:07 +0200] "GET /3d-ninja-turtles-mug-p-20837.html HTTP/1.0" 301 71939 "-" "Mozilla/5.0 (compatible; MJ12bot/v1.4.8; http://mj12bot.com/)"
65.108.40.25 - - [21/Sep/2022:09:25:10 +0200] "GET /-p-41862.html HTTP/1.0" 200 71872 "-" "Mozilla/5.0 (compatible; MJ12bot/v1.4.8; http://mj12bot.com/)"
167.114.173.115 - - [21/Sep/2022:09:25:11 +0200] "GET /-p-20837.html HTTP/1.0" 200 71872 "-" "Mozilla/5.0 (compatible; MJ12bot/v1.4.8; http://mj12bot.com/)"
167.114.173.115 - - [21/Sep/2022:09:25:16 +0200] "GET /70-ashtray-circles-p-37718.html HTTP/1.0" 301 71939 "-" "Mozilla/5.0 (compatible; MJ12bot/v1.4.8; http://mj12bot.com/)"
65.108.40.25 - - [21/Sep/2022:09:25:17 +0200] "GET /buffalo-skull-storage-stool-34-cm-white-p-41863.html HTTP/1.0" 301 72152 "-" "Mozilla/5.0 (compatible; MJ12bot/v1.4.8; http://mj12bot.com/)"
167.114.173.115 - - [21/Sep/2022:09:25:20 +0200] "GET /-p-37718.html HTTP/1.0" 200 71872 "-" "Mozilla/5.0 (compatible; MJ12bot/v1.4.8; http://mj12bot.com/)"
167.114.173.115 - - [21/Sep/2022:09:25:24 +0200] "GET /abs-suitcase-cabin-compatible-company-low-cost-p-37086.html HTTP/1.0" 301 71939 "-" "Mozilla/5.0 (compatible; MJ12bot/v1.4.8; http://mj12bot.com/)"
65.108.40.25 - - [21/Sep/2022:09:25:25 +0200] "GET /buffalo-skull-storage-stool-white-p-41863.html HTTP/1.0" 200 72052 "-" "Mozilla/5.0 (compatible; MJ12bot/v1.4.8; http://mj12bot.com/)"
51.68.224.127 - - [21/Sep/2022:09:25:30 +0200] "GET /adminweb/export_orders_xml.php?token=256de2z6edz6ed2z6DFSFsed2zed6zeDSFDSGdzedezfzf&maxorders=10&orderstart=1&status=14&start_date=2018-10-01 HTTP/1.0" 200 285 "-" "GesCom CharlotteBoutik Serveur"
167.114.173.115 - - [21/Sep/2022:09:25:28 +0200] "GET /-p-37086.html HTTP/1.0" 200 71872 "-" "Mozilla/5.0 (compatible; MJ12bot/v1.4.8; http://mj12bot.com/)"
65.108.40.25 - - [21/Sep/2022:09:25:32 +0200] "GET /buffalo-skull-storage-stool-brown-p-41862.html HTTP/1.0" 301 71939 "-" "Mozilla/5.0 (compatible; MJ12bot/v1.4.8; http://mj12bot.com/)"
51.68.224.127 - - [21/Sep/2022:09:25:30 +0200] "GET /adminweb/export_orders_xml.php?token=256de2z6edz6ed2z6DFSFsed2zed6zeDSFDSGdzedezfzf&maxorders=10&orderstart=1&status=6&start_date=2018-10-01 HTTP/1.0" 200 33985 "-" "GesCom CharlotteBoutik Serveur"
167.114.173.115 - - [21/Sep/2022:09:25:32 +0200] "GET /abs-suitcase-cabin-compatible-company-low-cost-p-37087.html HTTP/1.0" 301 72139 "-" "Mozilla/5.0 (compatible; MJ12bot/v1.4.8; http://mj12bot.com/)"
167.114.173.115 - - [21/Sep/2022:09:25:38 +0200] "GET /suitcase-cabin-compatible-company-cost-p-37087.html HTTP/1.0" 200 72034 "-" "Mozilla/5.0 (compatible; MJ12bot/v1.4.8; http://mj12bot.com/)"
65.108.40.25 - - [21/Sep/2022:09:25:40 +0200] "GET /-p-41862.html HTTP/1.0" 200 71872 "-" "Mozilla/5.0 (compatible; MJ12bot/v1.4.8; http://mj12bot.com/)"
167.114.173.115 - - [21/Sep/2022:09:25:42 +0200] "GET /abs-suitcase-cabin-compatible-company-low-cost-p-37089.html HTTP/1.0" 301 71939 "-" "Mozilla/5.0 (compatible; MJ12bot/v1.4.8; http://mj12bot.com/)"
167.114.173.115 - - [21/Sep/2022:09:25:47 +0200] "GET /-p-37089.html HTTP/1.0" 200 71872 "-" "Mozilla/5.0 (compatible; MJ12bot/v1.4.8; http://mj12bot.com/)"
65.108.40.25 - - [21/Sep/2022:09:25:48 +0200] "GET /bugs-bunny-figure-p-3611.html HTTP/1.0" 301 71936 "-" "Mozilla/5.0 (compatible; MJ12bot/v1.4.8; http://mj12bot.com/)"
167.114.173.115 - - [21/Sep/2022:09:25:51 +0200] "GET /ac-milan-fountain-pen-p-36940.html HTTP/1.0" 301 71939 "-" "Mozilla/5.0 (compatible; MJ12bot/v1.4.8; http://mj12bot.com/)"
185.191.171.4 - - [21/Sep/2022:09:25:52 +0200] "GET /metal-push-ashtray-p-53574.html HTTP/1.0" 200 75219 "-" "Mozilla/5.0 (compatible; SemrushBot/7~bl; +http://www.semrush.com/bot.html)"
65.108.40.25 - - [21/Sep/2022:09:25:55 +0200] "GET /-p-3611.html HTTP/1.0" 200 71870 "-" "Mozilla/5.0 (compatible; MJ12bot/v1.4.8; http://mj12bot.com/)"
167.114.173.115 - - [21/Sep/2022:09:25:55 +0200] "GET /-p-36940.html HTTP/1.0" 200 71872 "-" "Mozilla/5.0 (compatible; MJ12bot/v1.4.8; http://mj12bot.com/)"
185.191.171.3 - - [21/Sep/2022:09:25:58 +0200] "GET /decorative-white-cat-14-cm-p-47107.html HTTP/1.0" 301 72017 "-" "Mozilla/5.0 (compatible; SemrushBot/7~bl; +http://www.semrush.com/bot.html)"
167.114.173.115 - - [21/Sep/2022:09:26:01 +0200] "GET /air-liberty-bag-p-22618.html HTTP/1.0" 301 71939 "-" "Mozilla/5.0 (compatible; MJ12bot/v1.4.8; http://mj12bot.com/)"
185.191.171.7 - - [21/Sep/2022:09:26:03 +0200] "GET /decorative-white-p-47107.html HTTP/1.0" 200 71934 "-" "Mozilla/5.0 (compatible; SemrushBot/7~bl; +http://www.semrush.com/bot.html)"
167.114.173.115 - - [21/Sep/2022:09:26:05 +0200] "GET /-p-22618.html HTTP/1.0" 200 71872 "-" "Mozilla/5.0 (compatible; MJ12bot/v1.4.8; http://mj12bot.com/)"
65.108.40.25 - - [21/Sep/2022:09:26:06 +0200] "GET /bugs-bunny-figure-p-3615.html HTTP/1.0" 301 71936 "-" "Mozilla/5.0 (compatible; MJ12bot/v1.4.8; http://mj12bot.com/)"
167.114.173.115 - - [21/Sep/2022:09:26:09 +0200] "GET /air-surfer-large-airplane-p-19892.html HTTP/1.0" 301 71939 "-" "Mozilla/5.0 (compatible; MJ12bot/v1.4.8; http://mj12bot.com/)"
65.108.40.25 - - [21/Sep/2022:09:26:12 +0200] "GET /-p-3615.html HTTP/1.0" 200 71870 "-" "Mozilla/5.0 (compatible; MJ12bot/v1.4.8; http://mj12bot.com/)"
185.191.171.15 - - [21/Sep/2022:09:26:12 +0200] "GET /barbapapa-baroque-striped-canvas-totes-p-5788.html HTTP/1.0" 200 74887 "-" "Mozilla/5.0 (compatible; SemrushBot/7~bl; +http://www.semrush.com/bot.html)"
167.114.173.115 - - [21/Sep/2022:09:26:13 +0200] "GET /-p-19892.html HTTP/1.0" 200 71872 "-" "Mozilla/5.0 (compatible; MJ12bot/v1.4.8; http://mj12bot.com/)"
185.191.171.45 - - [21/Sep/2022:09:26:16 +0200] "GET /mappemonde-coasters-p-52605.html HTTP/1.0" 200 74491 "-" "Mozilla/5.0 (compatible; SemrushBot/7~bl; +http://www.semrush.com/bot.html)"
167.114.173.115 - - [21/Sep/2022:09:26:19 +0200] "GET /alarm-clock-cbkreation-p-28467.html HTTP/1.0" 301 71939 "-" "Mozilla/5.0 (compatible; MJ12bot/v1.4.8; http://mj12bot.com/)"
37.230.186.130 - - [21/Sep/2022:09:26:24 +0200] "GET /images/mini_prod/1399980107731.jpg HTTP/1.0" 200 269 "-" "Python/3.7 aiohttp/3.8.1"
167.114.173.115 - - [21/Sep/2022:09:26:23 +0200] "GET /-p-28467.html HTTP/1.0" 200 71872 "-" "Mozilla/5.0 (compatible; MJ12bot/v1.4.8; http://mj12bot.com/)"
65.108.40.25 - - [21/Sep/2022:09:26:22 +0200] "GET /cactus-drink-dispenser-38-p-48687.html HTTP/1.0" 301 75245 "-" "Mozilla/5.0 (compatible; MJ12bot/v1.4.8; http://mj12bot.com/)"
167.114.173.115 - - [21/Sep/2022:09:26:27 +0200] "GET /alarm-green-horse-p-22174.html HTTP/1.0" 301 71939 "-" "Mozilla/5.0 (compatible; MJ12bot/v1.4.8; http://mj12bot.com/)"
167.114.173.115 - - [21/Sep/2022:09:26:31 +0200] "GET /-p-22174.html HTTP/1.0" 200 71872 "-" "Mozilla/5.0 (compatible; MJ12bot/v1.4.8; http://mj12bot.com/)"
65.108.40.25 - - [21/Sep/2022:09:26:31 +0200] "GET /cactus-drink-dispenser-p-48687.html HTTP/1.0" 200 75156 "-" "Mozilla/5.0 (compatible; MJ12bot/v1.4.8; http://mj12bot.com/)"
167.114.173.115 - - [21/Sep/2022:09:26:36 +0200] "GET /alarms-clocks-clocks-and-watches/clocks/alarm-green-horse-p-22174.html HTTP/1.0" 301 71939 "-" "Mozilla/5.0 (compatible; MJ12bot/v1.4.8; http://mj12bot.com/)"
167.114.173.115 - - [21/Sep/2022:09:26:40 +0200] "GET /-p-22174.html HTTP/1.0" 200 71872 "-" "Mozilla/5.0 (compatible; MJ12bot/v1.4.8; http://mj12bot.com/)"
167.114.173.115 - - [21/Sep/2022:09:26:44 +0200] "GET /alarms-clocks-clocks-and-watches/clocks/alarm-pink-horse-p-22173.html HTTP/1.0" 301 71939 "-" "Mozilla/5.0 (compatible; MJ12bot/v1.4.8; http://mj12bot.com/)"
167.114.173.115 - - [21/Sep/2022:09:26:49 +0200] "GET /-p-22173.html HTTP/1.0" 200 71872 "-" "Mozilla/5.0 (compatible; MJ12bot/v1.4.8; http://mj12bot.com/)"
65.108.40.25 - - [21/Sep/2022:09:26:42 +0200] "GET /coat-hook-c-198.html?page=1 HTTP/1.0" 301 92013 "-" "Mozilla/5.0 (compatible; MJ12bot/v1.4.8; http://mj12bot.com/)"
167.114.173.115 - - [21/Sep/2022:09:26:54 +0200] "GET /alarms-clocks-clocks-and-watches/clocks/jamaican-sound-clock-p-24960.html HTTP/1.0" 301 74570 "-" "Mozilla/5.0 (compatible; MJ12bot/v1.4.8; http://mj12bot.com/)"
167.114.173.115 - - [21/Sep/2022:09:26:57 +0200] "GET /jamaican-sound-clock-p-24960.html HTTP/1.0" 200 74483 "-" "Mozilla/5.0 (compatible; MJ12bot/v1.4.8; http://mj12bot.com/)"
167.114.173.115 - - [21/Sep/2022:09:27:03 +0200] "GET /alarms-clocks-clocks-and-watches/clocks/yin-yang-clock-cbk-p-24708.html HTTP/1.0" 301 74748 "-" "Mozilla/5.0 (compatible; MJ12bot/v1.4.8; http://mj12bot.com/)"
167.114.173.115 - - [21/Sep/2022:09:27:07 +0200] "GET /yang-clock-cbkreation-p-24708.html HTTP/1.0" 200 74660 "-" "Mozilla/5.0 (compatible; MJ12bot/v1.4.8; http://mj12bot.com/)"
65.108.40.25 - - [21/Sep/2022:09:26:45 +0200] "GET /coat-hook-c-13_198.html?page=1 HTTP/1.0" 200 92055 "-" "Mozilla/5.0 (compatible; MJ12bot/v1.4.8; http://mj12bot.com/)"
54.36.148.242 - - [21/Sep/2022:09:27:17 +0200] "GET /kimmidoll-kazumi-canvas-wallet-p-31938.html HTTP/1.0" 200 75290 "-" "Mozilla/5.0 (compatible; AhrefsBot/7.0; +http://ahrefs.com/robot/)"
54.36.149.19 - - [21/Sep/2022:09:27:20 +0200] "GET /wick-ellipse-candle-heart-and-home-winter-wonderment-p-49938.html HTTP/1.0" 301 76283 "-" "Mozilla/5.0 (compatible; AhrefsBot/7.0; +http://ahrefs.com/robot/)"
167.114.173.115 - - [21/Sep/2022:09:27:12 +0200] "GET /alarms-clocks-clocks-and-watches/watches-c-5_14_66.html HTTP/1.0" 301 92482 "-" "Mozilla/5.0 (compatible; MJ12bot/v1.4.8; http://mj12bot.com/)"
54.36.148.138 - - [21/Sep/2022:09:27:26 +0200] "GET /images/mini_prod_1/9316188056427.jpg HTTP/1.0" 200 271 "-" "Mozilla/5.0 (compatible; AhrefsBot/7.0; +http://ahrefs.com/robot/)"
54.36.148.24 - - [21/Sep/2022:09:27:26 +0200] "GET /images/big_prod/N9316188056427.jpg HTTP/1.0" 200 269 "-" "Mozilla/5.0 (compatible; AhrefsBot/7.0; +http://ahrefs.com/robot/)"
167.114.173.115 - - [21/Sep/2022:09:27:15 +0200] "GET /watches-c-66.html HTTP/1.0" 301 92566 "-" "Mozilla/5.0 (compatible; MJ12bot/v1.4.8; http://mj12bot.com/)"
65.108.40.25 - - [21/Sep/2022:09:27:21 +0200] "GET /coat-hook-c-198.html?page=2 HTTP/1.0" 301 92124 "-" "Mozilla/5.0 (compatible; MJ12bot/v1.4.8; http://mj12bot.com/)"
167.114.173.115 - - [21/Sep/2022:09:27:19 +0200] "GET /watches-c-3_66.html HTTP/1.0" 200 92605 "-" "Mozilla/5.0 (compatible; MJ12bot/v1.4.8; http://mj12bot.com/)"
120.237.18.58 - - [21/Sep/2022:09:27:36 +0200] "GET /images/mini_prod/8003990595459.jpg HTTP/1.0" 200 269 "-" "Mozilla/5.0 (X11; Ubuntu; Linux x86_64; rv:72.0) Gecko/20100101 Firefox/72.0"
167.114.173.115 - - [21/Sep/2022:09:27:36 +0200] "GET /alarms-clocks-clocks-and-watches/watches/vespa-watch-p-24939.html HTTP/1.0" 301 71939 "-" "Mozilla/5.0 (compatible; MJ12bot/v1.4.8; http://mj12bot.com/)"
167.114.173.115 - - [21/Sep/2022:09:27:40 +0200] "GET /-p-24939.html HTTP/1.0" 200 71872 "-" "Mozilla/5.0 (compatible; MJ12bot/v1.4.8; http://mj12bot.com/)"
