185.191.171.8 - - [21/Sep/2022:06:16:15 +0200] "GET /marmot-melamine-tray-50-38-cm-p-45131.html HTTP/1.0" 301 72051 "-" "Mozilla/5.0 (compatible; SemrushBot/7~bl; +http://www.semrush.com/bot.html)"
135.181.113.236 - - [21/Sep/2022:06:16:17 +0200] "GET /-p-9000.html HTTP/1.0" 200 71870 "-" "Mozilla/5.0 (compatible; MJ12bot/v1.4.8; http://mj12bot.com/)"
185.191.171.20 - - [21/Sep/2022:06:16:19 +0200] "GET /marmot-melamine-tray-p-45131.html HTTP/1.0" 200 71964 "-" "Mozilla/5.0 (compatible; SemrushBot/7~bl; +http://www.semrush.com/bot.html)"
135.181.113.236 - - [21/Sep/2022:06:16:20 +0200] "GET /-p-9001.html HTTP/1.0" 200 71870 "-" "Mozilla/5.0 (compatible; MJ12bot/v1.4.8; http://mj12bot.com/)"
185.191.171.33 - - [21/Sep/2022:06:16:22 +0200] "GET /gorjuss-scarf-fontain-p-40492.html HTTP/1.0" 200 71962 "-" "Mozilla/5.0 (compatible; SemrushBot/7~bl; +http://www.semrush.com/bot.html)"
135.181.113.236 - - [21/Sep/2022:06:16:23 +0200] "GET /-p-9004.html HTTP/1.0" 200 71870 "-" "Mozilla/5.0 (compatible; MJ12bot/v1.4.8; http://mj12bot.com/)"
17.121.112.6 - - [21/Sep/2022:06:16:23 +0200] "GET /small-tinbox-retro-motorcycle-55-25-cm-p-41338.html HTTP/1.0" 301 71939 "-" "Mozilla/5.0 (Macintosh; Intel Mac OS X 10_15_5) AppleWebKit/605.1.15 (KHTML, like Gecko) Version/13.1.1 Safari/605.1.15 (Applebot/0.1; +http://www.apple.com/go/applebot)"
17.121.112.6 - - [21/Sep/2022:06:16:25 +0200] "GET /-p-41338.html HTTP/1.0" 200 71872 "-" "Mozilla/5.0 (Macintosh; Intel Mac OS X 10_15_5) AppleWebKit/605.1.15 (KHTML, like Gecko) Version/13.1.1 Safari/605.1.15 (Applebot/0.1; +http://www.apple.com/go/applebot)"
135.181.113.236 - - [21/Sep/2022:06:16:25 +0200] "GET /-p-9005.html HTTP/1.0" 200 71870 "-" "Mozilla/5.0 (compatible; MJ12bot/v1.4.8; http://mj12bot.com/)"
185.191.171.45 - - [21/Sep/2022:06:16:28 +0200] "GET /superman-silver-age-p-48295.html HTTP/1.0" 301 72012 "-" "Mozilla/5.0 (compatible; SemrushBot/7~bl; +http://www.semrush.com/bot.html)"
135.181.113.236 - - [21/Sep/2022:06:16:28 +0200] "GET /-p-9006.html HTTP/1.0" 200 71870 "-" "Mozilla/5.0 (compatible; MJ12bot/v1.4.8; http://mj12bot.com/)"
185.191.171.34 - - [21/Sep/2022:06:16:31 +0200] "GET /superman-silver-p-48295.html HTTP/1.0" 200 71930 "-" "Mozilla/5.0 (compatible; SemrushBot/7~bl; +http://www.semrush.com/bot.html)"
135.181.113.236 - - [21/Sep/2022:06:16:31 +0200] "GET /-p-9008.html HTTP/1.0" 200 71870 "-" "Mozilla/5.0 (compatible; MJ12bot/v1.4.8; http://mj12bot.com/)"
135.181.113.236 - - [21/Sep/2022:06:16:34 +0200] "GET /-p-9009.html HTTP/1.0" 200 71870 "-" "Mozilla/5.0 (compatible; MJ12bot/v1.4.8; http://mj12bot.com/)"
135.181.113.236 - - [21/Sep/2022:06:16:37 +0200] "GET /-p-9010.html HTTP/1.0" 200 71870 "-" "Mozilla/5.0 (compatible; MJ12bot/v1.4.8; http://mj12bot.com/)"
135.181.113.236 - - [21/Sep/2022:06:16:39 +0200] "GET /-p-9011.html HTTP/1.0" 200 71870 "-" "Mozilla/5.0 (compatible; MJ12bot/v1.4.8; http://mj12bot.com/)"
135.181.113.236 - - [21/Sep/2022:06:16:42 +0200] "GET /-p-9017.html HTTP/1.0" 200 71870 "-" "Mozilla/5.0 (compatible; MJ12bot/v1.4.8; http://mj12bot.com/)"
54.36.149.96 - - [21/Sep/2022:06:16:42 +0200] "GET /little-prince-exupry-paris-p-57945.html HTTP/1.0" 200 75307 "-" "Mozilla/5.0 (compatible; AhrefsBot/7.0; +http://ahrefs.com/robot/)"
135.181.113.236 - - [21/Sep/2022:06:16:45 +0200] "GET /-p-9018.html HTTP/1.0" 200 71870 "-" "Mozilla/5.0 (compatible; MJ12bot/v1.4.8; http://mj12bot.com/)"
135.181.113.236 - - [21/Sep/2022:06:16:48 +0200] "GET /-p-9019.html HTTP/1.0" 200 71870 "-" "Mozilla/5.0 (compatible; MJ12bot/v1.4.8; http://mj12bot.com/)"
135.181.113.236 - - [21/Sep/2022:06:16:50 +0200] "GET /-p-9020.html HTTP/1.0" 200 71870 "-" "Mozilla/5.0 (compatible; MJ12bot/v1.4.8; http://mj12bot.com/)"
135.181.113.236 - - [21/Sep/2022:06:16:53 +0200] "GET /-p-9023.html HTTP/1.0" 200 71870 "-" "Mozilla/5.0 (compatible; MJ12bot/v1.4.8; http://mj12bot.com/)"
135.181.113.236 - - [21/Sep/2022:06:16:56 +0200] "GET /-p-9024.html HTTP/1.0" 200 71870 "-" "Mozilla/5.0 (compatible; MJ12bot/v1.4.8; http://mj12bot.com/)"
135.181.113.236 - - [21/Sep/2022:06:16:59 +0200] "GET /-p-9032.html HTTP/1.0" 200 71870 "-" "Mozilla/5.0 (compatible; MJ12bot/v1.4.8; http://mj12bot.com/)"
185.191.171.4 - - [21/Sep/2022:06:16:59 +0200] "GET /cats-love-paris-small-melamine-tray-p-55878.html HTTP/1.0" 200 74741 "-" "Mozilla/5.0 (compatible; SemrushBot/7~bl; +http://www.semrush.com/bot.html)"
135.181.113.236 - - [21/Sep/2022:06:17:01 +0200] "GET /-p-9043.html HTTP/1.0" 200 71870 "-" "Mozilla/5.0 (compatible; MJ12bot/v1.4.8; http://mj12bot.com/)"
185.191.171.41 - - [21/Sep/2022:06:17:03 +0200] "GET /baby-monkey-statuette-p-46703.html HTTP/1.0" 200 71962 "-" "Mozilla/5.0 (compatible; SemrushBot/7~bl; +http://www.semrush.com/bot.html)"
135.181.113.236 - - [21/Sep/2022:06:17:05 +0200] "GET /-p-9063.html HTTP/1.0" 200 71870 "-" "Mozilla/5.0 (compatible; MJ12bot/v1.4.8; http://mj12bot.com/)"
135.181.113.236 - - [21/Sep/2022:06:17:09 +0200] "GET /-p-9064.html HTTP/1.0" 200 71870 "-" "Mozilla/5.0 (compatible; MJ12bot/v1.4.8; http://mj12bot.com/)"
135.181.113.236 - - [21/Sep/2022:06:17:12 +0200] "GET /-p-9066.html HTTP/1.0" 200 71870 "-" "Mozilla/5.0 (compatible; MJ12bot/v1.4.8; http://mj12bot.com/)"
135.181.113.236 - - [21/Sep/2022:06:17:15 +0200] "GET /-p-9083.html HTTP/1.0" 200 71870 "-" "Mozilla/5.0 (compatible; MJ12bot/v1.4.8; http://mj12bot.com/)"
135.181.113.236 - - [21/Sep/2022:06:17:18 +0200] "GET /-p-9119.html HTTP/1.0" 200 71870 "-" "Mozilla/5.0 (compatible; MJ12bot/v1.4.8; http://mj12bot.com/)"
135.181.113.236 - - [21/Sep/2022:06:17:20 +0200] "GET /-p-9125.html HTTP/1.0" 200 71870 "-" "Mozilla/5.0 (compatible; MJ12bot/v1.4.8; http://mj12bot.com/)"
135.181.113.236 - - [21/Sep/2022:06:17:23 +0200] "GET /-p-9164.html HTTP/1.0" 200 71870 "-" "Mozilla/5.0 (compatible; MJ12bot/v1.4.8; http://mj12bot.com/)"
135.181.113.236 - - [21/Sep/2022:06:17:26 +0200] "GET /-p-9168.html HTTP/1.0" 200 71870 "-" "Mozilla/5.0 (compatible; MJ12bot/v1.4.8; http://mj12bot.com/)"
135.181.113.236 - - [21/Sep/2022:06:17:29 +0200] "GET /-p-9170.html HTTP/1.0" 200 71870 "-" "Mozilla/5.0 (compatible; MJ12bot/v1.4.8; http://mj12bot.com/)"
135.181.113.236 - - [21/Sep/2022:06:17:32 +0200] "GET /-p-9171.html HTTP/1.0" 200 71870 "-" "Mozilla/5.0 (compatible; MJ12bot/v1.4.8; http://mj12bot.com/)"
135.181.113.236 - - [21/Sep/2022:06:17:34 +0200] "GET /-p-9191.html HTTP/1.0" 200 71870 "-" "Mozilla/5.0 (compatible; MJ12bot/v1.4.8; http://mj12bot.com/)"
66.249.66.212 - - [21/Sep/2022:06:17:36 +0200] "GET /images/mini_prod/1341689489464.jpg HTTP/1.0" 200 269 "-" "Googlebot-Image/1.0"
185.191.171.43 - - [21/Sep/2022:06:17:37 +0200] "GET /cement-plant-pots-p-54293.html HTTP/1.0" 200 71948 "-" "Mozilla/5.0 (compatible; SemrushBot/7~bl; +http://www.semrush.com/bot.html)"
135.181.113.236 - - [21/Sep/2022:06:17:37 +0200] "GET /-p-9192.html HTTP/1.0" 200 71870 "-" "Mozilla/5.0 (compatible; MJ12bot/v1.4.8; http://mj12bot.com/)"
135.181.113.236 - - [21/Sep/2022:06:17:41 +0200] "GET /-p-9232.html HTTP/1.0" 200 71870 "-" "Mozilla/5.0 (compatible; MJ12bot/v1.4.8; http://mj12bot.com/)"
135.181.113.236 - - [21/Sep/2022:06:17:44 +0200] "GET /-p-9233.html HTTP/1.0" 200 71870 "-" "Mozilla/5.0 (compatible; MJ12bot/v1.4.8; http://mj12bot.com/)"
135.181.113.236 - - [21/Sep/2022:06:17:47 +0200] "GET /-p-9255.html HTTP/1.0" 200 71870 "-" "Mozilla/5.0 (compatible; MJ12bot/v1.4.8; http://mj12bot.com/)"
135.181.113.236 - - [21/Sep/2022:06:17:49 +0200] "GET /-p-9258.html HTTP/1.0" 200 71870 "-" "Mozilla/5.0 (compatible; MJ12bot/v1.4.8; http://mj12bot.com/)"
135.181.113.236 - - [21/Sep/2022:06:17:52 +0200] "GET /-p-9259.html HTTP/1.0" 200 71870 "-" "Mozilla/5.0 (compatible; MJ12bot/v1.4.8; http://mj12bot.com/)"
135.181.113.236 - - [21/Sep/2022:06:17:55 +0200] "GET /-p-9281.html HTTP/1.0" 200 71870 "-" "Mozilla/5.0 (compatible; MJ12bot/v1.4.8; http://mj12bot.com/)"
54.36.148.195 - - [21/Sep/2022:06:17:56 +0200] "GET /banania-large-metal-plate-p-19923.html HTTP/1.0" 200 74485 "-" "Mozilla/5.0 (compatible; AhrefsBot/7.0; +http://ahrefs.com/robot/)"
135.181.113.236 - - [21/Sep/2022:06:17:58 +0200] "GET /-p-9283.html HTTP/1.0" 200 71870 "-" "Mozilla/5.0 (compatible; MJ12bot/v1.4.8; http://mj12bot.com/)"
135.181.113.236 - - [21/Sep/2022:06:18:01 +0200] "GET /-p-9285.html HTTP/1.0" 200 71870 "-" "Mozilla/5.0 (compatible; MJ12bot/v1.4.8; http://mj12bot.com/)"
216.244.66.242 - - [21/Sep/2022:06:18:04 +0200] "GET /little-black-moustache-ring-p-18693.html HTTP/1.0" 200 75752 "-" "Mozilla/5.0 (compatible; DotBot/1.2; +https://opensiteexplorer.org/dotbot; help@moz.com)"
135.181.113.236 - - [21/Sep/2022:06:18:04 +0200] "GET /-p-9288.html HTTP/1.0" 200 71870 "-" "Mozilla/5.0 (compatible; MJ12bot/v1.4.8; http://mj12bot.com/)"
135.181.113.236 - - [21/Sep/2022:06:18:08 +0200] "GET /-p-9291.html HTTP/1.0" 200 71870 "-" "Mozilla/5.0 (compatible; MJ12bot/v1.4.8; http://mj12bot.com/)"
135.181.113.236 - - [21/Sep/2022:06:18:11 +0200] "GET /-p-9298.html HTTP/1.0" 200 71870 "-" "Mozilla/5.0 (compatible; MJ12bot/v1.4.8; http://mj12bot.com/)"
135.181.113.236 - - [21/Sep/2022:06:18:14 +0200] "GET /-p-9299.html HTTP/1.0" 200 71870 "-" "Mozilla/5.0 (compatible; MJ12bot/v1.4.8; http://mj12bot.com/)"
135.181.113.236 - - [21/Sep/2022:06:18:16 +0200] "GET /-p-9300.html HTTP/1.0" 200 71870 "-" "Mozilla/5.0 (compatible; MJ12bot/v1.4.8; http://mj12bot.com/)"
185.191.171.8 - - [21/Sep/2022:06:18:17 +0200] "GET /porcelain-mug-set-cheery-and-baffled-tassen-made-in-germany-p-47555.html HTTP/1.0" 301 76772 "-" "Mozilla/5.0 (compatible; SemrushBot/7~bl; +http://www.semrush.com/bot.html)"
135.181.113.236 - - [21/Sep/2022:06:18:19 +0200] "GET /-p-9303.html HTTP/1.0" 200 71870 "-" "Mozilla/5.0 (compatible; MJ12bot/v1.4.8; http://mj12bot.com/)"
185.191.171.9 - - [21/Sep/2022:06:18:21 +0200] "GET /porcelain-cheery-baffled-tassen-made-germany-p-47555.html HTTP/1.0" 200 76661 "-" "Mozilla/5.0 (compatible; SemrushBot/7~bl; +http://www.semrush.com/bot.html)"
135.181.113.236 - - [21/Sep/2022:06:18:22 +0200] "GET /-p-9310.html HTTP/1.0" 200 71870 "-" "Mozilla/5.0 (compatible; MJ12bot/v1.4.8; http://mj12bot.com/)"
135.181.113.236 - - [21/Sep/2022:06:18:24 +0200] "GET /-p-9322.html HTTP/1.0" 200 71870 "-" "Mozilla/5.0 (compatible; MJ12bot/v1.4.8; http://mj12bot.com/)"
135.181.113.236 - - [21/Sep/2022:06:18:27 +0200] "GET /-p-9361.html HTTP/1.0" 200 71870 "-" "Mozilla/5.0 (compatible; MJ12bot/v1.4.8; http://mj12bot.com/)"
135.181.113.236 - - [21/Sep/2022:06:18:30 +0200] "GET /-p-9372.html HTTP/1.0" 200 71870 "-" "Mozilla/5.0 (compatible; MJ12bot/v1.4.8; http://mj12bot.com/)"
135.181.113.236 - - [21/Sep/2022:06:18:33 +0200] "GET /-p-9378.html HTTP/1.0" 200 71870 "-" "Mozilla/5.0 (compatible; MJ12bot/v1.4.8; http://mj12bot.com/)"
185.191.171.12 - - [21/Sep/2022:06:18:35 +0200] "GET /large-eco-responsible-bamboo-ginger-candle-heart-and-home-p-52796.html HTTP/1.0" 301 75989 "-" "Mozilla/5.0 (compatible; SemrushBot/7~bl; +http://www.semrush.com/bot.html)"
135.181.113.236 - - [21/Sep/2022:06:18:35 +0200] "GET /-p-9380.html HTTP/1.0" 200 71870 "-" "Mozilla/5.0 (compatible; MJ12bot/v1.4.8; http://mj12bot.com/)"
185.191.171.4 - - [21/Sep/2022:06:18:38 +0200] "GET /large-responsible-bamboo-ginger-candle-heart-home-p-52796.html HTTP/1.0" 200 75873 "-" "Mozilla/5.0 (compatible; SemrushBot/7~bl; +http://www.semrush.com/bot.html)"
135.181.113.236 - - [21/Sep/2022:06:18:39 +0200] "GET /acdc-keyring-p-28266.html HTTP/1.0" 301 71939 "-" "Mozilla/5.0 (compatible; MJ12bot/v1.4.8; http://mj12bot.com/)"
135.181.113.236 - - [21/Sep/2022:06:18:42 +0200] "GET /-p-28266.html HTTP/1.0" 200 71872 "-" "Mozilla/5.0 (compatible; MJ12bot/v1.4.8; http://mj12bot.com/)"
135.181.113.236 - - [21/Sep/2022:06:18:44 +0200] "GET /adults/tshirts-and-sweatshirts-men/the-atom39ant-show-tshirt-size-p-21099.html HTTP/1.0" 301 71939 "-" "Mozilla/5.0 (compatible; MJ12bot/v1.4.8; http://mj12bot.com/)"
135.181.113.236 - - [21/Sep/2022:06:18:47 +0200] "GET /-p-21099.html HTTP/1.0" 200 71872 "-" "Mozilla/5.0 (compatible; MJ12bot/v1.4.8; http://mj12bot.com/)"
135.181.113.236 - - [21/Sep/2022:06:18:50 +0200] "GET /advent-calendar-in-woods-snowman-p-35644.html HTTP/1.0" 301 74688 "-" "Mozilla/5.0 (compatible; MJ12bot/v1.4.8; http://mj12bot.com/)"
135.181.113.236 - - [21/Sep/2022:06:18:52 +0200] "GET /advent-calendar-woods-snowman-p-35644.html HTTP/1.0" 200 74592 "-" "Mozilla/5.0 (compatible; MJ12bot/v1.4.8; http://mj12bot.com/)"
135.181.113.236 - - [21/Sep/2022:06:18:55 +0200] "GET /advent-calendar-woods-snowman-p-35644.html HTTP/1.0" 200 74592 "-" "Mozilla/5.0 (compatible; MJ12bot/v1.4.8; http://mj12bot.com/)"
135.181.113.236 - - [21/Sep/2022:06:18:58 +0200] "GET /all-black-backpack-p-36257.html HTTP/1.0" 301 71939 "-" "Mozilla/5.0 (compatible; MJ12bot/v1.4.8; http://mj12bot.com/)"
135.181.113.236 - - [21/Sep/2022:06:19:01 +0200] "GET /-p-36257.html HTTP/1.0" 200 71872 "-" "Mozilla/5.0 (compatible; MJ12bot/v1.4.8; http://mj12bot.com/)"
135.181.113.236 - - [21/Sep/2022:06:19:04 +0200] "GET /allen-designs-eyeglass-case-butterfly-p-41701.html HTTP/1.0" 301 71939 "-" "Mozilla/5.0 (compatible; MJ12bot/v1.4.8; http://mj12bot.com/)"
135.181.113.236 - - [21/Sep/2022:06:19:06 +0200] "GET /-p-41701.html HTTP/1.0" 200 71872 "-" "Mozilla/5.0 (compatible; MJ12bot/v1.4.8; http://mj12bot.com/)"
185.191.171.25 - - [21/Sep/2022:06:19:08 +0200] "GET /raving-rabbits-bag-lunch-box-and-bottle-p-31688.html HTTP/1.0" 301 72131 "-" "Mozilla/5.0 (compatible; SemrushBot/7~bl; +http://www.semrush.com/bot.html)"
135.181.113.236 - - [21/Sep/2022:06:19:09 +0200] "GET /allen-designs-eyeglass-case-dogs-p-41702.html HTTP/1.0" 301 71939 "-" "Mozilla/5.0 (compatible; MJ12bot/v1.4.8; http://mj12bot.com/)"
185.191.171.16 - - [21/Sep/2022:06:19:12 +0200] "GET /raving-rabbits-lunch-bottle-p-31688.html HTTP/1.0" 200 72037 "-" "Mozilla/5.0 (compatible; SemrushBot/7~bl; +http://www.semrush.com/bot.html)"
54.36.148.56 - - [21/Sep/2022:06:19:11 +0200] "GET /hello-kitty-maxi-sticker-slate-effect-wall-p-5941.html HTTP/1.0" 200 74871 "-" "Mozilla/5.0 (compatible; AhrefsBot/7.0; +http://ahrefs.com/robot/)"
135.181.113.236 - - [21/Sep/2022:06:19:13 +0200] "GET /-p-41702.html HTTP/1.0" 200 71872 "-" "Mozilla/5.0 (compatible; MJ12bot/v1.4.8; http://mj12bot.com/)"
54.36.149.8 - - [21/Sep/2022:06:19:16 +0200] "GET /freegun-polar-plaid-p-29095.html HTTP/1.0" 301 71939 "-" "Mozilla/5.0 (compatible; AhrefsBot/7.0; +http://ahrefs.com/robot/)"
135.181.113.236 - - [21/Sep/2022:06:19:16 +0200] "GET /allen-the-cat-tote-bag-p-47661.html HTTP/1.0" 301 75207 "-" "Mozilla/5.0 (compatible; MJ12bot/v1.4.8; http://mj12bot.com/)"
135.181.113.236 - - [21/Sep/2022:06:19:19 +0200] "GET /allen-tote-p-47661.html HTTP/1.0" 200 75130 "-" "Mozilla/5.0 (compatible; MJ12bot/v1.4.8; http://mj12bot.com/)"
135.181.113.236 - - [21/Sep/2022:06:19:22 +0200] "GET /allen-the-owl-tote-bag-p-47660.html HTTP/1.0" 301 75207 "-" "Mozilla/5.0 (compatible; MJ12bot/v1.4.8; http://mj12bot.com/)"
135.181.113.236 - - [21/Sep/2022:06:19:25 +0200] "GET /allen-tote-p-47660.html HTTP/1.0" 200 75130 "-" "Mozilla/5.0 (compatible; MJ12bot/v1.4.8; http://mj12bot.com/)"
135.181.113.236 - - [21/Sep/2022:06:19:28 +0200] "GET /allen-tote-p-47660.html HTTP/1.0" 200 75130 "-" "Mozilla/5.0 (compatible; MJ12bot/v1.4.8; http://mj12bot.com/)"
66.249.66.210 - - [21/Sep/2022:06:19:29 +0200] "GET /disney-princess-white-swimsuit-p-30311.html HTTP/1.0" 200 75708 "-" "Mozilla/5.0 (compatible; Googlebot/2.1; +http://www.google.com/bot.html)"
135.181.113.236 - - [21/Sep/2022:06:19:30 +0200] "GET /allen-tote-p-47661.html HTTP/1.0" 200 75130 "-" "Mozilla/5.0 (compatible; MJ12bot/v1.4.8; http://mj12bot.com/)"
135.181.113.236 - - [21/Sep/2022:06:19:34 +0200] "GET /american-cream-clock-p-26642.html HTTP/1.0" 200 74497 "-" "Mozilla/5.0 (compatible; MJ12bot/v1.4.8; http://mj12bot.com/)"
135.181.113.236 - - [21/Sep/2022:06:19:37 +0200] "GET /american-diner-large-metal-plate-deco-p-29727.html HTTP/1.0" 301 71939 "-" "Mozilla/5.0 (compatible; MJ12bot/v1.4.8; http://mj12bot.com/)"
135.181.113.236 - - [21/Sep/2022:06:19:40 +0200] "GET /-p-29727.html HTTP/1.0" 200 71872 "-" "Mozilla/5.0 (compatible; MJ12bot/v1.4.8; http://mj12bot.com/)"
135.181.113.236 - - [21/Sep/2022:06:19:42 +0200] "GET /american-flag-floor-mat-p-33611.html HTTP/1.0" 301 71939 "-" "Mozilla/5.0 (compatible; MJ12bot/v1.4.8; http://mj12bot.com/)"
135.181.113.236 - - [21/Sep/2022:06:19:45 +0200] "GET /-p-33611.html HTTP/1.0" 200 71872 "-" "Mozilla/5.0 (compatible; MJ12bot/v1.4.8; http://mj12bot.com/)"
185.191.171.7 - - [21/Sep/2022:06:19:46 +0200] "GET /amazon-love-bookmark-macaws-p-50287.html HTTP/1.0" 200 74865 "-" "Mozilla/5.0 (compatible; SemrushBot/7~bl; +http://www.semrush.com/bot.html)"
135.181.113.236 - - [21/Sep/2022:06:19:48 +0200] "GET /american-green-old-car-mug-p-33081.html HTTP/1.0" 301 74589 "-" "Mozilla/5.0 (compatible; MJ12bot/v1.4.8; http://mj12bot.com/)"
135.181.113.236 - - [21/Sep/2022:06:19:51 +0200] "GET /american-green-p-33081.html HTTP/1.0" 200 74508 "-" "Mozilla/5.0 (compatible; MJ12bot/v1.4.8; http://mj12bot.com/)"
135.181.113.236 - - [21/Sep/2022:06:19:54 +0200] "GET /american-green-p-33081.html HTTP/1.0" 200 74508 "-" "Mozilla/5.0 (compatible; MJ12bot/v1.4.8; http://mj12bot.com/)"
135.181.113.236 - - [21/Sep/2022:06:19:57 +0200] "GET /american-ice-cream-clock-p-26642.html HTTP/1.0" 301 74584 "-" "Mozilla/5.0 (compatible; MJ12bot/v1.4.8; http://mj12bot.com/)"
135.181.113.236 - - [21/Sep/2022:06:20:00 +0200] "GET /american-cream-clock-p-26642.html HTTP/1.0" 200 74497 "-" "Mozilla/5.0 (compatible; MJ12bot/v1.4.8; http://mj12bot.com/)"
185.191.171.41 - - [21/Sep/2022:06:20:02 +0200] "GET /pucca-cap-54-cm-p-22264.html HTTP/1.0" 301 74581 "-" "Mozilla/5.0 (compatible; SemrushBot/7~bl; +http://www.semrush.com/bot.html)"
135.181.113.236 - - [21/Sep/2022:06:20:05 +0200] "GET /american-revival-bus-suitcase-70-cm-p-25124.html HTTP/1.0" 301 72110 "-" "Mozilla/5.0 (compatible; MJ12bot/v1.4.8; http://mj12bot.com/)"
185.191.171.8 - - [21/Sep/2022:06:20:07 +0200] "GET /petit-prince-exupry-collection-p-55421.html HTTP/1.0" 200 74653 "-" "Mozilla/5.0 (compatible; SemrushBot/7~bl; +http://www.semrush.com/bot.html)"
135.181.113.236 - - [21/Sep/2022:06:20:08 +0200] "GET /american-revival-suitcase-p-25124.html HTTP/1.0" 200 72018 "-" "Mozilla/5.0 (compatible; MJ12bot/v1.4.8; http://mj12bot.com/)"
185.191.171.12 - - [21/Sep/2022:06:20:10 +0200] "GET /pucca-p-22264.html HTTP/1.0" 200 74509 "-" "Mozilla/5.0 (compatible; SemrushBot/7~bl; +http://www.semrush.com/bot.html)"
135.181.113.236 - - [21/Sep/2022:06:20:12 +0200] "GET /american-revival-suitcase-p-25124.html HTTP/1.0" 200 72018 "-" "Mozilla/5.0 (compatible; MJ12bot/v1.4.8; http://mj12bot.com/)"
135.181.113.236 - - [21/Sep/2022:06:20:15 +0200] "GET /andora-cbkreation-p-33772.html HTTP/1.0" 200 74495 "-" "Mozilla/5.0 (compatible; MJ12bot/v1.4.8; http://mj12bot.com/)"
135.181.113.236 - - [21/Sep/2022:06:20:17 +0200] "GET /andora-mug-by-cbk-p-33772.html HTTP/1.0" 301 74579 "-" "Mozilla/5.0 (compatible; MJ12bot/v1.4.8; http://mj12bot.com/)"
135.181.113.236 - - [21/Sep/2022:06:20:20 +0200] "GET /andora-cbkreation-p-33772.html HTTP/1.0" 200 74495 "-" "Mozilla/5.0 (compatible; MJ12bot/v1.4.8; http://mj12bot.com/)"
185.191.171.43 - - [21/Sep/2022:06:20:20 +0200] "GET /welcome-cat-wipes-coconut-fiber-p-46019.html HTTP/1.0" 301 71939 "-" "Mozilla/5.0 (compatible; SemrushBot/7~bl; +http://www.semrush.com/bot.html)"
135.181.113.236 - - [21/Sep/2022:06:20:23 +0200] "GET /andora-mug-by-cbkreation-p-33772.html HTTP/1.0" 301 74579 "-" "Mozilla/5.0 (compatible; MJ12bot/v1.4.8; http://mj12bot.com/)"
216.244.66.242 - - [21/Sep/2022:06:20:23 +0200] "GET /support-metal-bottle-barman-p-41700.html HTTP/1.0" 200 74657 "-" "Mozilla/5.0 (compatible; DotBot/1.2; +https://opensiteexplorer.org/dotbot; help@moz.com)"
185.191.171.3 - - [21/Sep/2022:06:20:25 +0200] "GET /ceramic-salt-box-with-spoon-aderne-blue-p-47870.html HTTP/1.0" 301 74733 "-" "Mozilla/5.0 (compatible; SemrushBot/7~bl; +http://www.semrush.com/bot.html)"
135.181.113.236 - - [21/Sep/2022:06:20:26 +0200] "GET /andora-cbkreation-p-33772.html HTTP/1.0" 200 74495 "-" "Mozilla/5.0 (compatible; MJ12bot/v1.4.8; http://mj12bot.com/)"
185.191.171.13 - - [21/Sep/2022:06:20:28 +0200] "GET /ceramic-salt-with-spoon-aderne-blue-p-47870.html HTTP/1.0" 200 74631 "-" "Mozilla/5.0 (compatible; SemrushBot/7~bl; +http://www.semrush.com/bot.html)"
135.181.113.236 - - [21/Sep/2022:06:20:29 +0200] "GET /angry-birds-blue-backpack-p-19648.html HTTP/1.0" 301 71939 "-" "Mozilla/5.0 (compatible; MJ12bot/v1.4.8; http://mj12bot.com/)"
216.244.66.242 - - [21/Sep/2022:06:20:30 +0200] "GET /toucan-bath-towel-p-43993.html HTTP/1.0" 301 71939 "-" "Mozilla/5.0 (compatible; DotBot/1.2; +https://opensiteexplorer.org/dotbot; help@moz.com)"
135.181.113.236 - - [21/Sep/2022:06:20:31 +0200] "GET /-p-19648.html HTTP/1.0" 200 71872 "-" "Mozilla/5.0 (compatible; MJ12bot/v1.4.8; http://mj12bot.com/)"
185.191.171.44 - - [21/Sep/2022:06:20:31 +0200] "GET /-p-46019.html HTTP/1.0" 200 71872 "-" "Mozilla/5.0 (compatible; SemrushBot/7~bl; +http://www.semrush.com/bot.html)"
54.36.148.155 - - [21/Sep/2022:06:20:32 +0200] "GET /candy-cloud-compact-mirror-dasha-p-49892.html HTTP/1.0" 200 75741 "-" "Mozilla/5.0 (compatible; AhrefsBot/7.0; +http://ahrefs.com/robot/)"
135.181.113.236 - - [21/Sep/2022:06:20:34 +0200] "GET /angry-birds-hair-ornements-p-19410.html HTTP/1.0" 200 72020 "-" "Mozilla/5.0 (compatible; MJ12bot/v1.4.8; http://mj12bot.com/)"
135.181.113.236 - - [21/Sep/2022:06:20:37 +0200] "GET /angry-birds-long-sleeve-shirt-p-32692.html HTTP/1.0" 301 71939 "-" "Mozilla/5.0 (compatible; MJ12bot/v1.4.8; http://mj12bot.com/)"
135.181.113.236 - - [21/Sep/2022:06:20:39 +0200] "GET /-p-32692.html HTTP/1.0" 200 71872 "-" "Mozilla/5.0 (compatible; MJ12bot/v1.4.8; http://mj12bot.com/)"
135.181.113.236 - - [21/Sep/2022:06:20:42 +0200] "GET /angry-birds-long-sleeve-shirt-size-10-years-p-26967.html HTTP/1.0" 301 71939 "-" "Mozilla/5.0 (compatible; MJ12bot/v1.4.8; http://mj12bot.com/)"
135.181.113.236 - - [21/Sep/2022:06:20:45 +0200] "GET /-p-26967.html HTTP/1.0" 200 71872 "-" "Mozilla/5.0 (compatible; MJ12bot/v1.4.8; http://mj12bot.com/)"
135.181.113.236 - - [21/Sep/2022:06:20:48 +0200] "GET /angry-birds-long-sleeve-shirt-size-years-p-26957.html HTTP/1.0" 301 71939 "-" "Mozilla/5.0 (compatible; MJ12bot/v1.4.8; http://mj12bot.com/)"
135.181.113.236 - - [21/Sep/2022:06:20:50 +0200] "GET /-p-26957.html HTTP/1.0" 200 71872 "-" "Mozilla/5.0 (compatible; MJ12bot/v1.4.8; http://mj12bot.com/)"
185.191.171.3 - - [21/Sep/2022:06:20:50 +0200] "GET /small-box-for-baby-teeth-fir-dark-green-p-42381.html HTTP/1.0" 301 71939 "-" "Mozilla/5.0 (compatible; SemrushBot/7~bl; +http://www.semrush.com/bot.html)"
135.181.113.236 - - [21/Sep/2022:06:20:53 +0200] "GET /angry-birds-long-sleeve-shirt-size-years-p-26962.html HTTP/1.0" 301 71939 "-" "Mozilla/5.0 (compatible; MJ12bot/v1.4.8; http://mj12bot.com/)"
185.191.171.6 - - [21/Sep/2022:06:20:54 +0200] "GET /-p-42381.html HTTP/1.0" 200 71872 "-" "Mozilla/5.0 (compatible; SemrushBot/7~bl; +http://www.semrush.com/bot.html)"
135.181.113.236 - - [21/Sep/2022:06:20:55 +0200] "GET /-p-26962.html HTTP/1.0" 200 71872 "-" "Mozilla/5.0 (compatible; MJ12bot/v1.4.8; http://mj12bot.com/)"
135.181.113.236 - - [21/Sep/2022:06:20:58 +0200] "GET /angry-birds-long-sleeve-shirt-size-years-p-26963.html HTTP/1.0" 301 71939 "-" "Mozilla/5.0 (compatible; MJ12bot/v1.4.8; http://mj12bot.com/)"
135.181.113.236 - - [21/Sep/2022:06:21:01 +0200] "GET /-p-26963.html HTTP/1.0" 200 71872 "-" "Mozilla/5.0 (compatible; MJ12bot/v1.4.8; http://mj12bot.com/)"
135.181.113.236 - - [21/Sep/2022:06:21:04 +0200] "GET /angry-birds-long-sleeve-shirt-size-years-p-26964.html HTTP/1.0" 301 71939 "-" "Mozilla/5.0 (compatible; MJ12bot/v1.4.8; http://mj12bot.com/)"
135.181.113.236 - - [21/Sep/2022:06:21:06 +0200] "GET /-p-26964.html HTTP/1.0" 200 71872 "-" "Mozilla/5.0 (compatible; MJ12bot/v1.4.8; http://mj12bot.com/)"
185.191.171.22 - - [21/Sep/2022:06:21:09 +0200] "GET /glass-with-porcelain-infuser-p-41872.html HTTP/1.0" 200 74598 "-" "Mozilla/5.0 (compatible; SemrushBot/7~bl; +http://www.semrush.com/bot.html)"
135.181.113.236 - - [21/Sep/2022:06:21:09 +0200] "GET /angry-birds-long-sleeve-shirt-size-years-p-26966.html HTTP/1.0" 301 71939 "-" "Mozilla/5.0 (compatible; MJ12bot/v1.4.8; http://mj12bot.com/)"
135.181.113.236 - - [21/Sep/2022:06:21:13 +0200] "GET /-p-26966.html HTTP/1.0" 200 71872 "-" "Mozilla/5.0 (compatible; MJ12bot/v1.4.8; http://mj12bot.com/)"
66.249.66.214 - - [21/Sep/2022:06:21:15 +0200] "GET /cement-tile-stickers-p-58017.html HTTP/1.0" 200 75442 "-" "Mozilla/5.0 (compatible; Googlebot/2.1; +http://www.google.com/bot.html)"
135.181.113.236 - - [21/Sep/2022:06:21:15 +0200] "GET /angry-birds-night-light-p-29410.html HTTP/1.0" 200 74712 "-" "Mozilla/5.0 (compatible; MJ12bot/v1.4.8; http://mj12bot.com/)"
135.181.113.236 - - [21/Sep/2022:06:21:18 +0200] "GET /angry-birds-schoolbag-satchel-p-26305.html HTTP/1.0" 301 71939 "-" "Mozilla/5.0 (compatible; MJ12bot/v1.4.8; http://mj12bot.com/)"
135.181.113.236 - - [21/Sep/2022:06:21:21 +0200] "GET /-p-26305.html HTTP/1.0" 200 71872 "-" "Mozilla/5.0 (compatible; MJ12bot/v1.4.8; http://mj12bot.com/)"
135.181.113.236 - - [21/Sep/2022:06:21:24 +0200] "GET /angry-birds-set-of-hair-clips-p-19419.html HTTP/1.0" 301 71939 "-" "Mozilla/5.0 (compatible; MJ12bot/v1.4.8; http://mj12bot.com/)"
135.181.113.236 - - [21/Sep/2022:06:21:26 +0200] "GET /-p-19419.html HTTP/1.0" 200 71872 "-" "Mozilla/5.0 (compatible; MJ12bot/v1.4.8; http://mj12bot.com/)"
66.249.66.210 - - [21/Sep/2022:06:21:29 +0200] "GET /cement-tile-stickers-p-58017.html HTTP/1.0" 200 75442 "-" "Mozilla/5.0 (compatible; Googlebot/2.1; +http://www.google.com/bot.html)"
66.249.66.212 - - [21/Sep/2022:06:21:30 +0200] "GET /js/jquery.jqzoom.js HTTP/1.0" 200 259 "http://www.wonder-geek.com/cement-tile-stickers-p-58017.html" "Mozilla/5.0 (compatible; Googlebot/2.1; +http://www.google.com/bot.html)"
135.181.113.236 - - [21/Sep/2022:06:21:29 +0200] "GET /angry-birds-set-of-hair-ornements-p-19410.html HTTP/1.0" 301 72113 "-" "Mozilla/5.0 (compatible; MJ12bot/v1.4.8; http://mj12bot.com/)"
66.249.66.212 - - [21/Sep/2022:06:21:31 +0200] "GET /mondial_relay/js/jquery-1.3.2.min.js HTTP/1.0" 200 276 "http://www.wonder-geek.com/cement-tile-stickers-p-58017.html" "Mozilla/5.0 (compatible; Googlebot/2.1; +http://www.google.com/bot.html)"
66.249.66.210 - - [21/Sep/2022:06:21:32 +0200] "GET /highslide/highslide.js HTTP/1.0" 200 262 "http://www.wonder-geek.com/cement-tile-stickers-p-58017.html" "Mozilla/5.0 (compatible; Googlebot/2.1; +http://www.google.com/bot.html)"
135.181.113.236 - - [21/Sep/2022:06:21:32 +0200] "GET /angry-birds-hair-ornements-p-19410.html HTTP/1.0" 200 72020 "-" "Mozilla/5.0 (compatible; MJ12bot/v1.4.8; http://mj12bot.com/)"
66.249.66.210 - - [21/Sep/2022:06:21:33 +0200] "GET /js/jquery.js HTTP/1.0" 200 252 "http://www.wonder-geek.com/cement-tile-stickers-p-58017.html" "Mozilla/5.0 (compatible; Googlebot/2.1; +http://www.google.com/bot.html)"
66.249.66.210 - - [21/Sep/2022:06:21:35 +0200] "GET /swfobject.js HTTP/1.0" 404 1308 "http://www.wonder-geek.com/cement-tile-stickers-p-58017.html" "Mozilla/5.0 (compatible; Googlebot/2.1; +http://www.google.com/bot.html)"
135.181.113.236 - - [21/Sep/2022:06:21:35 +0200] "GET /angry-birds-stationery-p-23164.html HTTP/1.0" 200 74768 "-" "Mozilla/5.0 (compatible; MJ12bot/v1.4.8; http://mj12bot.com/)"
135.181.113.236 - - [21/Sep/2022:06:21:37 +0200] "GET /angry-birds-stationery-set-p-23164.html HTTP/1.0" 301 74857 "-" "Mozilla/5.0 (compatible; MJ12bot/v1.4.8; http://mj12bot.com/)"
135.181.113.236 - - [21/Sep/2022:06:21:40 +0200] "GET /angry-birds-stationery-p-23164.html HTTP/1.0" 200 74768 "-" "Mozilla/5.0 (compatible; MJ12bot/v1.4.8; http://mj12bot.com/)"
135.181.113.236 - - [21/Sep/2022:06:21:43 +0200] "GET /angry-birds-text-book-p-30154.html HTTP/1.0" 301 71939 "-" "Mozilla/5.0 (compatible; MJ12bot/v1.4.8; http://mj12bot.com/)"
135.181.113.236 - - [21/Sep/2022:06:21:46 +0200] "GET /-p-30154.html HTTP/1.0" 200 71872 "-" "Mozilla/5.0 (compatible; MJ12bot/v1.4.8; http://mj12bot.com/)"
135.181.113.236 - - [21/Sep/2022:06:21:48 +0200] "GET /anna-and-elsa-black-ballpoint-pen-p-30735.html HTTP/1.0" 301 72104 "-" "Mozilla/5.0 (compatible; MJ12bot/v1.4.8; http://mj12bot.com/)"
135.181.113.236 - - [21/Sep/2022:06:21:51 +0200] "GET /anna-elsa-black-ballpoint-p-30735.html HTTP/1.0" 200 72012 "-" "Mozilla/5.0 (compatible; MJ12bot/v1.4.8; http://mj12bot.com/)"
135.181.113.236 - - [21/Sep/2022:06:21:54 +0200] "GET /anna-elsa-black-ballpoint-p-30735.html HTTP/1.0" 200 72012 "-" "Mozilla/5.0 (compatible; MJ12bot/v1.4.8; http://mj12bot.com/)"
54.36.149.76 - - [21/Sep/2022:06:21:56 +0200] "GET /calimero-pink-cushion-p-22187.html HTTP/1.0" 200 74588 "-" "Mozilla/5.0 (compatible; AhrefsBot/7.0; +http://ahrefs.com/robot/)"
135.181.113.236 - - [21/Sep/2022:06:21:57 +0200] "GET /aprons-c-11_74.html?page=1 HTTP/1.0" 200 92861 "-" "Mozilla/5.0 (compatible; MJ12bot/v1.4.8; http://mj12bot.com/)"
135.181.113.236 - - [21/Sep/2022:06:22:01 +0200] "GET /aprons-c-11_74.html?page=10 HTTP/1.0" 200 92301 "-" "Mozilla/5.0 (compatible; MJ12bot/v1.4.8; http://mj12bot.com/)"
185.191.171.45 - - [21/Sep/2022:06:22:04 +0200] "GET /ceramic-incense-burner-p-58429.html HTTP/1.0" 200 75265 "-" "Mozilla/5.0 (compatible; SemrushBot/7~bl; +http://www.semrush.com/bot.html)"
135.181.113.236 - - [21/Sep/2022:06:22:04 +0200] "GET /aprons-c-11_74.html?page=12 HTTP/1.0" 200 92301 "-" "Mozilla/5.0 (compatible; MJ12bot/v1.4.8; http://mj12bot.com/)"
135.181.113.236 - - [21/Sep/2022:06:22:09 +0200] "GET /aprons-c-11_74.html?page=2 HTTP/1.0" 200 93202 "-" "Mozilla/5.0 (compatible; MJ12bot/v1.4.8; http://mj12bot.com/)"
135.181.113.236 - - [21/Sep/2022:06:22:12 +0200] "GET /aprons-c-11_74.html?page=4 HTTP/1.0" 200 93120 "-" "Mozilla/5.0 (compatible; MJ12bot/v1.4.8; http://mj12bot.com/)"
135.181.113.236 - - [21/Sep/2022:06:22:16 +0200] "GET /aprons-c-11_74.html?page=5 HTTP/1.0" 200 93421 "-" "Mozilla/5.0 (compatible; MJ12bot/v1.4.8; http://mj12bot.com/)"
135.181.113.236 - - [21/Sep/2022:06:22:19 +0200] "GET /aprons-c-11_74.html?page=6 HTTP/1.0" 200 92300 "-" "Mozilla/5.0 (compatible; MJ12bot/v1.4.8; http://mj12bot.com/)"
135.181.113.236 - - [21/Sep/2022:06:22:23 +0200] "GET /badges-p-6487.html HTTP/1.0" 301 71936 "-" "Mozilla/5.0 (compatible; MJ12bot/v1.4.8; http://mj12bot.com/)"
135.181.113.236 - - [21/Sep/2022:06:22:25 +0200] "GET /-p-6487.html HTTP/1.0" 200 71870 "-" "Mozilla/5.0 (compatible; MJ12bot/v1.4.8; http://mj12bot.com/)"
66.249.66.214 - - [21/Sep/2022:06:22:29 +0200] "GET /images/big_prod/8433933714461.jpg HTTP/1.0" 200 268 "-" "Googlebot-Image/1.0"
135.181.113.236 - - [21/Sep/2022:06:22:28 +0200] "GET /bag-in-the-shape-of-violin-p-43681.html HTTP/1.0" 301 72044 "-" "Mozilla/5.0 (compatible; MJ12bot/v1.4.8; http://mj12bot.com/)"
135.181.113.236 - - [21/Sep/2022:06:22:31 +0200] "GET /shape-violin-p-43681.html HTTP/1.0" 200 71965 "-" "Mozilla/5.0 (compatible; MJ12bot/v1.4.8; http://mj12bot.com/)"
135.181.113.236 - - [21/Sep/2022:06:22:33 +0200] "GET /bagshandbags-shoulder-bags-c-31_81.html?page=25 HTTP/1.0" 200 88015 "-" "Mozilla/5.0 (compatible; MJ12bot/v1.4.8; http://mj12bot.com/)"
185.191.171.26 - - [21/Sep/2022:06:22:35 +0200] "GET /toiletry-p-42973.html HTTP/1.0" 200 74528 "-" "Mozilla/5.0 (compatible; SemrushBot/7~bl; +http://www.semrush.com/bot.html)"
135.181.113.236 - - [21/Sep/2022:06:22:36 +0200] "GET /bal-au-moulin-rouge-large-metal-plate-p-15321.html HTTP/1.0" 301 76894 "-" "Mozilla/5.0 (compatible; MJ12bot/v1.4.8; http://mj12bot.com/)"
185.191.171.14 - - [21/Sep/2022:06:22:39 +0200] "GET /portugal-flag-90-150-cm-p-41656.html HTTP/1.0" 301 74657 "-" "Mozilla/5.0 (compatible; SemrushBot/7~bl; +http://www.semrush.com/bot.html)"
135.181.113.236 - - [21/Sep/2022:06:22:40 +0200] "GET /moulin-rouge-large-metal-plate-p-15321.html HTTP/1.0" 200 76797 "-" "Mozilla/5.0 (compatible; MJ12bot/v1.4.8; http://mj12bot.com/)"
135.181.113.236 - - [21/Sep/2022:06:22:44 +0200] "GET /bamboo-rain-stick-91-cm-red-and-green-pattern-p-41878.html HTTP/1.0" 301 71939 "-" "Mozilla/5.0 (compatible; MJ12bot/v1.4.8; http://mj12bot.com/)"
185.191.171.4 - - [21/Sep/2022:06:22:44 +0200] "GET /decorative-wooden-plate-chien-mechant-red-herms-p-47803.html HTTP/1.0" 301 75043 "-" "Mozilla/5.0 (compatible; SemrushBot/7~bl; +http://www.semrush.com/bot.html)"
135.181.113.236 - - [21/Sep/2022:06:22:47 +0200] "GET /-p-41878.html HTTP/1.0" 200 71872 "-" "Mozilla/5.0 (compatible; MJ12bot/v1.4.8; http://mj12bot.com/)"
185.191.171.44 - - [21/Sep/2022:06:22:48 +0200] "GET /decorative-wooden-plate-chien-mchant-herms-p-47803.html HTTP/1.0" 200 74934 "-" "Mozilla/5.0 (compatible; SemrushBot/7~bl; +http://www.semrush.com/bot.html)"
135.181.113.236 - - [21/Sep/2022:06:22:49 +0200] "GET /bamboo-rain-stick-green-pattern-p-41878.html HTTP/1.0" 301 71939 "-" "Mozilla/5.0 (compatible; MJ12bot/v1.4.8; http://mj12bot.com/)"
185.191.171.45 - - [21/Sep/2022:06:22:51 +0200] "GET /portugal-flag-p-41656.html HTTP/1.0" 200 74577 "-" "Mozilla/5.0 (compatible; SemrushBot/7~bl; +http://www.semrush.com/bot.html)"
54.36.148.63 - - [21/Sep/2022:06:22:52 +0200] "GET /stationery-and-cardmaking-c-129.html?page=34 HTTP/1.0" 301 93652 "-" "Mozilla/5.0 (compatible; AhrefsBot/7.0; +http://ahrefs.com/robot/)"
135.181.113.236 - - [21/Sep/2022:06:22:52 +0200] "GET /-p-41878.html HTTP/1.0" 200 71872 "-" "Mozilla/5.0 (compatible; MJ12bot/v1.4.8; http://mj12bot.com/)"
135.181.113.236 - - [21/Sep/2022:06:22:56 +0200] "GET /barbapa-acrylic-glasses-p-19444.html HTTP/1.0" 200 71978 "-" "Mozilla/5.0 (compatible; MJ12bot/v1.4.8; http://mj12bot.com/)"
135.181.113.236 - - [21/Sep/2022:06:22:59 +0200] "GET /barbapapa-3d-stamp-set-p-16086.html HTTP/1.0" 301 72041 "-" "Mozilla/5.0 (compatible; MJ12bot/v1.4.8; http://mj12bot.com/)"
135.181.113.236 - - [21/Sep/2022:06:23:01 +0200] "GET /barbapapa-stamp-p-16086.html HTTP/1.0" 200 71959 "-" "Mozilla/5.0 (compatible; MJ12bot/v1.4.8; http://mj12bot.com/)"
135.181.113.236 - - [21/Sep/2022:06:23:04 +0200] "GET /barbapapa-and-barbamama-beauty-bag-p-6249.html HTTP/1.0" 301 71936 "-" "Mozilla/5.0 (compatible; MJ12bot/v1.4.8; http://mj12bot.com/)"
135.181.113.236 - - [21/Sep/2022:06:23:07 +0200] "GET /-p-6249.html HTTP/1.0" 200 71870 "-" "Mozilla/5.0 (compatible; MJ12bot/v1.4.8; http://mj12bot.com/)"
135.181.113.236 - - [21/Sep/2022:06:23:09 +0200] "GET /barbapapa-apron-adult-size-p-1345.html HTTP/1.0" 301 71936 "-" "Mozilla/5.0 (compatible; MJ12bot/v1.4.8; http://mj12bot.com/)"
135.181.113.236 - - [21/Sep/2022:06:23:12 +0200] "GET /-p-1345.html HTTP/1.0" 200 71870 "-" "Mozilla/5.0 (compatible; MJ12bot/v1.4.8; http://mj12bot.com/)"
135.181.113.236 - - [21/Sep/2022:06:23:15 +0200] "GET /barbapapa-backpack-p-19642.html HTTP/1.0" 301 71939 "-" "Mozilla/5.0 (compatible; MJ12bot/v1.4.8; http://mj12bot.com/)"
135.181.113.236 - - [21/Sep/2022:06:23:17 +0200] "GET /-p-19642.html HTTP/1.0" 200 71872 "-" "Mozilla/5.0 (compatible; MJ12bot/v1.4.8; http://mj12bot.com/)"
54.36.148.151 - - [21/Sep/2022:06:23:17 +0200] "GET /spiderman-mattress-swimming-pool-p-30010.html HTTP/1.0" 200 74999 "-" "Mozilla/5.0 (compatible; AhrefsBot/7.0; +http://ahrefs.com/robot/)"
54.36.148.122 - - [21/Sep/2022:06:23:21 +0200] "GET /images/med_prod/6942138911381.jpg HTTP/1.0" 200 268 "-" "Mozilla/5.0 (compatible; AhrefsBot/7.0; +http://ahrefs.com/robot/)"
135.181.113.236 - - [21/Sep/2022:06:23:20 +0200] "GET /barbapapa-barbabravo-bottle-p-18846.html HTTP/1.0" 200 75166 "-" "Mozilla/5.0 (compatible; MJ12bot/v1.4.8; http://mj12bot.com/)"
135.181.113.236 - - [21/Sep/2022:06:23:23 +0200] "GET /barbapapa-barbabright-bottle-p-18843.html HTTP/1.0" 301 71939 "-" "Mozilla/5.0 (compatible; MJ12bot/v1.4.8; http://mj12bot.com/)"
135.181.113.236 - - [21/Sep/2022:06:23:26 +0200] "GET /-p-18843.html HTTP/1.0" 200 71872 "-" "Mozilla/5.0 (compatible; MJ12bot/v1.4.8; http://mj12bot.com/)"
135.181.113.236 - - [21/Sep/2022:06:23:28 +0200] "GET /barbapapa-baroque-striped-canvas-totes-bag-p-5788.html HTTP/1.0" 301 74991 "-" "Mozilla/5.0 (compatible; MJ12bot/v1.4.8; http://mj12bot.com/)"
51.68.224.127 - - [21/Sep/2022:06:23:30 +0200] "GET /adminweb/export_orders_xml.php?token=256de2z6edz6ed2z6DFSFsed2zed6zeDSFDSGdzedezfzf&maxorders=10&orderstart=1&status=14&start_date=2018-10-01 HTTP/1.0" 200 285 "-" "GesCom CharlotteBoutik Serveur"
51.68.224.127 - - [21/Sep/2022:06:23:30 +0200] "GET /adminweb/export_orders_xml.php?token=256de2z6edz6ed2z6DFSFsed2zed6zeDSFDSGdzedezfzf&maxorders=10&orderstart=1&status=6&start_date=2018-10-01 HTTP/1.0" 200 33985 "-" "GesCom CharlotteBoutik Serveur"
135.181.113.236 - - [21/Sep/2022:06:23:31 +0200] "GET /barbapapa-baroque-striped-canvas-totes-p-5788.html HTTP/1.0" 200 74887 "-" "Mozilla/5.0 (compatible; MJ12bot/v1.4.8; http://mj12bot.com/)"
135.181.113.236 - - [21/Sep/2022:06:23:35 +0200] "GET /barbapapa-baroque-striped-canvas-totes-p-5788.html HTTP/1.0" 200 74887 "-" "Mozilla/5.0 (compatible; MJ12bot/v1.4.8; http://mj12bot.com/)"
135.181.113.236 - - [21/Sep/2022:06:23:38 +0200] "GET /barbapapa-bath-toys-animals-p-15681.html HTTP/1.0" 301 71939 "-" "Mozilla/5.0 (compatible; MJ12bot/v1.4.8; http://mj12bot.com/)"
66.249.66.212 - - [21/Sep/2022:06:23:41 +0200] "GET /images/big_prod/8712159170191.jpg HTTP/1.0" 200 268 "-" "Googlebot-Image/1.0"
135.181.113.236 - - [21/Sep/2022:06:23:40 +0200] "GET /-p-15681.html HTTP/1.0" 200 71872 "-" "Mozilla/5.0 (compatible; MJ12bot/v1.4.8; http://mj12bot.com/)"
135.181.113.236 - - [21/Sep/2022:06:23:43 +0200] "GET /barbapapa-bead-maze-p-17286.html HTTP/1.0" 301 71939 "-" "Mozilla/5.0 (compatible; MJ12bot/v1.4.8; http://mj12bot.com/)"
135.181.113.236 - - [21/Sep/2022:06:23:45 +0200] "GET /-p-17286.html HTTP/1.0" 200 71872 "-" "Mozilla/5.0 (compatible; MJ12bot/v1.4.8; http://mj12bot.com/)"
216.244.66.242 - - [21/Sep/2022:06:23:45 +0200] "GET /apache-women-watch-multicolor-dream-catcher-p-41561.html HTTP/1.0" 200 74863 "-" "Mozilla/5.0 (compatible; DotBot/1.2; +https://opensiteexplorer.org/dotbot; help@moz.com)"
185.191.171.24 - - [21/Sep/2022:06:23:45 +0200] "GET /home-and-decoration-c-13.html?page=73 HTTP/1.0" 301 93264 "-" "Mozilla/5.0 (compatible; SemrushBot/7~bl; +http://www.semrush.com/bot.html)"
135.181.113.236 - - [21/Sep/2022:06:23:48 +0200] "GET /barbapapa-black-shirt-p-29629.html HTTP/1.0" 301 71939 "-" "Mozilla/5.0 (compatible; MJ12bot/v1.4.8; http://mj12bot.com/)"
135.181.113.236 - - [21/Sep/2022:06:23:51 +0200] "GET /-p-29629.html HTTP/1.0" 200 71872 "-" "Mozilla/5.0 (compatible; MJ12bot/v1.4.8; http://mj12bot.com/)"
185.191.171.5 - - [21/Sep/2022:06:23:51 +0200] "GET /home-decoration-c-13.html?page=73 HTTP/1.0" 200 93177 "-" "Mozilla/5.0 (compatible; SemrushBot/7~bl; +http://www.semrush.com/bot.html)"
135.181.113.236 - - [21/Sep/2022:06:23:53 +0200] "GET /barbapapa-black-shirt-p-29634.html HTTP/1.0" 301 71939 "-" "Mozilla/5.0 (compatible; MJ12bot/v1.4.8; http://mj12bot.com/)"
216.244.66.242 - - [21/Sep/2022:06:23:55 +0200] "GET /dalmatian-cushion-p-40177.html HTTP/1.0" 200 74573 "-" "Mozilla/5.0 (compatible; DotBot/1.2; +https://opensiteexplorer.org/dotbot; help@moz.com)"
135.181.113.236 - - [21/Sep/2022:06:23:56 +0200] "GET /-p-29634.html HTTP/1.0" 200 71872 "-" "Mozilla/5.0 (compatible; MJ12bot/v1.4.8; http://mj12bot.com/)"
135.181.113.236 - - [21/Sep/2022:06:23:59 +0200] "GET /barbapapa-bowling-bag-p-10521.html HTTP/1.0" 301 71939 "-" "Mozilla/5.0 (compatible; MJ12bot/v1.4.8; http://mj12bot.com/)"
135.181.113.236 - - [21/Sep/2022:06:24:01 +0200] "GET /-p-10521.html HTTP/1.0" 200 71872 "-" "Mozilla/5.0 (compatible; MJ12bot/v1.4.8; http://mj12bot.com/)"
135.181.113.236 - - [21/Sep/2022:06:24:04 +0200] "GET /barbapapa-box-of-pearls-p-5860.html HTTP/1.0" 301 71936 "-" "Mozilla/5.0 (compatible; MJ12bot/v1.4.8; http://mj12bot.com/)"
216.244.66.242 - - [21/Sep/2022:06:24:04 +0200] "GET /furniture-knob-sold-individually-p-55985.html HTTP/1.0" 200 75286 "-" "Mozilla/5.0 (compatible; DotBot/1.2; +https://opensiteexplorer.org/dotbot; help@moz.com)"
135.181.113.236 - - [21/Sep/2022:06:24:07 +0200] "GET /-p-5860.html HTTP/1.0" 200 71870 "-" "Mozilla/5.0 (compatible; MJ12bot/v1.4.8; http://mj12bot.com/)"
135.181.113.236 - - [21/Sep/2022:06:24:09 +0200] "GET /barbapapa-clock-p-26488.html HTTP/1.0" 301 71939 "-" "Mozilla/5.0 (compatible; MJ12bot/v1.4.8; http://mj12bot.com/)"
135.181.113.236 - - [21/Sep/2022:06:24:12 +0200] "GET /-p-26488.html HTTP/1.0" 200 71872 "-" "Mozilla/5.0 (compatible; MJ12bot/v1.4.8; http://mj12bot.com/)"
135.181.113.236 - - [21/Sep/2022:06:24:15 +0200] "GET /barbapapa-clock-shows-giant-p-12165.html HTTP/1.0" 200 71998 "-" "Mozilla/5.0 (compatible; MJ12bot/v1.4.8; http://mj12bot.com/)"
185.191.171.42 - - [21/Sep/2022:06:24:16 +0200] "GET /stone-labradorite-grams-p-46589.html HTTP/1.0" 200 71976 "-" "Mozilla/5.0 (compatible; SemrushBot/7~bl; +http://www.semrush.com/bot.html)"
135.181.113.236 - - [21/Sep/2022:06:24:17 +0200] "GET /barbapapa-cosmetic-bag-p-19522.html HTTP/1.0" 301 71939 "-" "Mozilla/5.0 (compatible; MJ12bot/v1.4.8; http://mj12bot.com/)"
135.181.113.236 - - [21/Sep/2022:06:24:20 +0200] "GET /-p-19522.html HTTP/1.0" 200 71872 "-" "Mozilla/5.0 (compatible; MJ12bot/v1.4.8; http://mj12bot.com/)"
185.191.171.44 - - [21/Sep/2022:06:24:22 +0200] "GET /tetsubin-light-blue-teapot-japanese-07-liter-p-38423.html HTTP/1.0" 301 74999 "-" "Mozilla/5.0 (compatible; SemrushBot/7~bl; +http://www.semrush.com/bot.html)"
135.181.113.236 - - [21/Sep/2022:06:24:23 +0200] "GET /barbapapa-family-stool-child-p-23090.html HTTP/1.0" 301 71939 "-" "Mozilla/5.0 (compatible; MJ12bot/v1.4.8; http://mj12bot.com/)"
185.191.171.39 - - [21/Sep/2022:06:24:25 +0200] "GET /tetsubin-light-blue-teapot-japanese-liter-p-38423.html HTTP/1.0" 200 74891 "-" "Mozilla/5.0 (compatible; SemrushBot/7~bl; +http://www.semrush.com/bot.html)"
135.181.113.236 - - [21/Sep/2022:06:24:26 +0200] "GET /-p-23090.html HTTP/1.0" 200 71872 "-" "Mozilla/5.0 (compatible; MJ12bot/v1.4.8; http://mj12bot.com/)"
135.181.113.236 - - [21/Sep/2022:06:24:29 +0200] "GET /barbapapa-family-weed-toybox-p-32604.html HTTP/1.0" 301 71939 "-" "Mozilla/5.0 (compatible; MJ12bot/v1.4.8; http://mj12bot.com/)"
135.181.113.236 - - [21/Sep/2022:06:24:32 +0200] "GET /-p-32604.html HTTP/1.0" 200 71872 "-" "Mozilla/5.0 (compatible; MJ12bot/v1.4.8; http://mj12bot.com/)"
54.36.148.190 - - [21/Sep/2022:06:24:33 +0200] "GET /tray-with-buffalo-head-mango-wood-p-55120.html HTTP/1.0" 200 75540 "-" "Mozilla/5.0 (compatible; AhrefsBot/7.0; +http://ahrefs.com/robot/)"
135.181.113.236 - - [21/Sep/2022:06:24:35 +0200] "GET /barbapapa-family-wood-toybox-p-32604.html HTTP/1.0" 301 71939 "-" "Mozilla/5.0 (compatible; MJ12bot/v1.4.8; http://mj12bot.com/)"
135.181.113.236 - - [21/Sep/2022:06:24:37 +0200] "GET /-p-32604.html HTTP/1.0" 200 71872 "-" "Mozilla/5.0 (compatible; MJ12bot/v1.4.8; http://mj12bot.com/)"
135.181.113.236 - - [21/Sep/2022:06:24:40 +0200] "GET /barbapapa-figure-in-its-egg-p-9372.html HTTP/1.0" 301 71936 "-" "Mozilla/5.0 (compatible; MJ12bot/v1.4.8; http://mj12bot.com/)"
135.181.113.236 - - [21/Sep/2022:06:24:42 +0200] "GET /-p-9372.html HTTP/1.0" 200 71870 "-" "Mozilla/5.0 (compatible; MJ12bot/v1.4.8; http://mj12bot.com/)"
135.181.113.236 - - [21/Sep/2022:06:24:45 +0200] "GET /barbapapa-giant-cup-p-4124.html HTTP/1.0" 301 71936 "-" "Mozilla/5.0 (compatible; MJ12bot/v1.4.8; http://mj12bot.com/)"
135.181.113.236 - - [21/Sep/2022:06:24:48 +0200] "GET /-p-4124.html HTTP/1.0" 200 71870 "-" "Mozilla/5.0 (compatible; MJ12bot/v1.4.8; http://mj12bot.com/)"
135.181.113.236 - - [21/Sep/2022:06:24:51 +0200] "GET /barbapapa-horizontal-lunch-bag-p-13770.html HTTP/1.0" 301 75106 "-" "Mozilla/5.0 (compatible; MJ12bot/v1.4.8; http://mj12bot.com/)"
147.92.153.14 - - [21/Sep/2022:06:24:52 +0200] "GET /bistrot-paris-isothermic-stainless-steel-bottle-p-58785.html HTTP/1.0" 200 73946 "-" "Mozilla/5.0 (compatible; Linespider/1.1; +https://lin.ee/4dwXkTH)"
135.181.113.236 - - [21/Sep/2022:06:24:53 +0200] "GET /barbapapa-horizontal-lunch-p-13770.html HTTP/1.0" 200 75013 "-" "Mozilla/5.0 (compatible; MJ12bot/v1.4.8; http://mj12bot.com/)"
185.191.171.12 - - [21/Sep/2022:06:24:57 +0200] "GET /animals-alarm-clock-cbkreation-p-43812.html HTTP/1.0" 200 74661 "-" "Mozilla/5.0 (compatible; SemrushBot/7~bl; +http://www.semrush.com/bot.html)"
135.181.113.236 - - [21/Sep/2022:06:24:57 +0200] "GET /barbapapa-horizontal-lunch-p-13770.html HTTP/1.0" 200 75013 "-" "Mozilla/5.0 (compatible; MJ12bot/v1.4.8; http://mj12bot.com/)"
135.181.113.236 - - [21/Sep/2022:06:25:01 +0200] "GET /barbapapa-inflatable-balloon-p-14001.html HTTP/1.0" 301 71939 "-" "Mozilla/5.0 (compatible; MJ12bot/v1.4.8; http://mj12bot.com/)"
135.181.113.236 - - [21/Sep/2022:06:25:04 +0200] "GET /-p-14001.html HTTP/1.0" 200 71872 "-" "Mozilla/5.0 (compatible; MJ12bot/v1.4.8; http://mj12bot.com/)"
66.249.66.210 - - [21/Sep/2022:06:25:06 +0200] "GET /disney-princess-white-swimsuit-p-30311.html HTTP/1.0" 200 75708 "-" "Mozilla/5.0 (Linux; Android 6.0.1; Nexus 5X Build/MMB29P) AppleWebKit/537.36 (KHTML, like Gecko) Chrome/105.0.5195.102 Mobile Safari/537.36 (compatible; Googlebot/2.1; +http://www.google.com/bot.html)"
135.181.113.236 - - [21/Sep/2022:06:25:07 +0200] "GET /barbapapa-jump-rope-p-6652.html HTTP/1.0" 301 71936 "-" "Mozilla/5.0 (compatible; MJ12bot/v1.4.8; http://mj12bot.com/)"
135.181.113.236 - - [21/Sep/2022:06:25:10 +0200] "GET /-p-6652.html HTTP/1.0" 200 71870 "-" "Mozilla/5.0 (compatible; MJ12bot/v1.4.8; http://mj12bot.com/)"
135.181.113.236 - - [21/Sep/2022:06:25:13 +0200] "GET /barbapapa-kids-school-bag-p-26522.html HTTP/1.0" 301 71939 "-" "Mozilla/5.0 (compatible; MJ12bot/v1.4.8; http://mj12bot.com/)"
66.249.66.210 - - [21/Sep/2022:06:25:15 +0200] "GET /london-sticker-p-35393.html HTTP/1.0" 200 74552 "-" "Mozilla/5.0 (Linux; Android 6.0.1; Nexus 5X Build/MMB29P) AppleWebKit/537.36 (KHTML, like Gecko) Chrome/105.0.5195.125 Mobile Safari/537.36 (compatible; Googlebot/2.1; +http://www.google.com/bot.html)"
135.181.113.236 - - [21/Sep/2022:06:25:16 +0200] "GET /-p-26522.html HTTP/1.0" 200 71872 "-" "Mozilla/5.0 (compatible; MJ12bot/v1.4.8; http://mj12bot.com/)"
66.249.66.212 - - [21/Sep/2022:06:25:17 +0200] "GET /-p-23202.html HTTP/1.0" 200 71872 "-" "Mozilla/5.0 (Linux; Android 6.0.1; Nexus 5X Build/MMB29P) AppleWebKit/537.36 (KHTML, like Gecko) Chrome/105.0.5195.102 Mobile Safari/537.36 (compatible; Googlebot/2.1; +http://www.google.com/bot.html)"
135.181.113.236 - - [21/Sep/2022:06:25:20 +0200] "GET /barbapapa-music-bedclothes-140x200-p-21820.html HTTP/1.0" 301 71939 "-" "Mozilla/5.0 (compatible; MJ12bot/v1.4.8; http://mj12bot.com/)"
185.191.171.11 - - [21/Sep/2022:06:25:22 +0200] "GET /elephants-ceramic-bathroom-set-p-44792.html HTTP/1.0" 301 74763 "-" "Mozilla/5.0 (compatible; SemrushBot/7~bl; +http://www.semrush.com/bot.html)"
135.181.113.236 - - [21/Sep/2022:06:25:23 +0200] "GET /-p-21820.html HTTP/1.0" 200 71872 "-" "Mozilla/5.0 (compatible; MJ12bot/v1.4.8; http://mj12bot.com/)"
185.191.171.41 - - [21/Sep/2022:06:25:25 +0200] "GET /elephants-ceramic-bathroom-p-44792.html HTTP/1.0" 200 74670 "-" "Mozilla/5.0 (compatible; SemrushBot/7~bl; +http://www.semrush.com/bot.html)"
135.181.113.236 - - [21/Sep/2022:06:25:25 +0200] "GET /barbapapa-paint-apron-p-12263.html HTTP/1.0" 200 71968 "-" "Mozilla/5.0 (compatible; MJ12bot/v1.4.8; http://mj12bot.com/)"
135.181.113.236 - - [21/Sep/2022:06:25:28 +0200] "GET /barbapapa-phone-cover-for-iphone-and-p-14167.html HTTP/1.0" 301 75039 "-" "Mozilla/5.0 (compatible; MJ12bot/v1.4.8; http://mj12bot.com/)"
135.181.113.236 - - [21/Sep/2022:06:25:31 +0200] "GET /barbapapa-phone-cover-iphone-p-14167.html HTTP/1.0" 200 74944 "-" "Mozilla/5.0 (compatible; MJ12bot/v1.4.8; http://mj12bot.com/)"
135.181.113.236 - - [21/Sep/2022:06:25:34 +0200] "GET /barbapapa-phone-cover-iphone-p-14167.html HTTP/1.0" 200 74944 "-" "Mozilla/5.0 (compatible; MJ12bot/v1.4.8; http://mj12bot.com/)"
135.181.113.236 - - [21/Sep/2022:06:25:37 +0200] "GET /barbapapa-stamp-p-16086.html HTTP/1.0" 200 71959 "-" "Mozilla/5.0 (compatible; MJ12bot/v1.4.8; http://mj12bot.com/)"
135.181.113.236 - - [21/Sep/2022:06:25:39 +0200] "GET /barbapapa-stool-p-6193.html HTTP/1.0" 200 71936 "-" "Mozilla/5.0 (compatible; MJ12bot/v1.4.8; http://mj12bot.com/)"
135.181.113.236 - - [21/Sep/2022:06:25:42 +0200] "GET /barbapapa-swimming-ring-p-13995.html HTTP/1.0" 301 71939 "-" "Mozilla/5.0 (compatible; MJ12bot/v1.4.8; http://mj12bot.com/)"
66.249.66.210 - - [21/Sep/2022:06:25:45 +0200] "GET /images/big_prod/3700572739083.jpg HTTP/1.0" 200 268 "-" "Googlebot-Image/1.0"
135.181.113.236 - - [21/Sep/2022:06:25:45 +0200] "GET /-p-13995.html HTTP/1.0" 200 71872 "-" "Mozilla/5.0 (compatible; MJ12bot/v1.4.8; http://mj12bot.com/)"
135.181.113.236 - - [21/Sep/2022:06:25:47 +0200] "GET /barbapapa-table-of-activity-p-15916.html HTTP/1.0" 301 71939 "-" "Mozilla/5.0 (compatible; MJ12bot/v1.4.8; http://mj12bot.com/)"
54.36.148.58 - - [21/Sep/2022:06:25:47 +0200] "GET /cement-tile-stickers-p-58019.html HTTP/1.0" 200 75442 "-" "Mozilla/5.0 (compatible; AhrefsBot/7.0; +http://ahrefs.com/robot/)"
135.181.113.236 - - [21/Sep/2022:06:25:50 +0200] "GET /-p-15916.html HTTP/1.0" 200 71872 "-" "Mozilla/5.0 (compatible; MJ12bot/v1.4.8; http://mj12bot.com/)"
54.36.148.246 - - [21/Sep/2022:06:25:52 +0200] "GET /images/big_prod/3609810076259B.jpg HTTP/1.0" 200 269 "-" "Mozilla/5.0 (compatible; AhrefsBot/7.0; +http://ahrefs.com/robot/)"
135.181.113.236 - - [21/Sep/2022:06:25:53 +0200] "GET /barbapapa-tableo-tablet-p-22744.html HTTP/1.0" 301 71939 "-" "Mozilla/5.0 (compatible; MJ12bot/v1.4.8; http://mj12bot.com/)"
135.181.113.236 - - [21/Sep/2022:06:25:55 +0200] "GET /-p-22744.html HTTP/1.0" 200 71872 "-" "Mozilla/5.0 (compatible; MJ12bot/v1.4.8; http://mj12bot.com/)"
