54.36.149.107 - - [21/Sep/2022:07:02:40 +0200] "GET /images/big_prod_1/846007011829a.jpg HTTP/1.0" 200 270 "-" "Mozilla/5.0 (compatible; AhrefsBot/7.0; +http://ahrefs.com/robot/)"
66.249.66.214 - - [21/Sep/2022:07:02:41 +0200] "GET /piggy-bank-coconut-p-50590.html HTTP/1.0" 200 75114 "-" "Mozilla/5.0 (compatible; Googlebot/2.1; +http://www.google.com/bot.html)"
185.191.171.40 - - [21/Sep/2022:07:03:05 +0200] "GET /retro-chest-in-weathered-wood-p-52933.html HTTP/1.0" 301 74614 "-" "Mozilla/5.0 (compatible; SemrushBot/7~bl; +http://www.semrush.com/bot.html)"
185.191.171.41 - - [21/Sep/2022:07:03:10 +0200] "GET /retro-chest-weathered-wood-p-52933.html HTTP/1.0" 200 74521 "-" "Mozilla/5.0 (compatible; SemrushBot/7~bl; +http://www.semrush.com/bot.html)"
185.191.171.1 - - [21/Sep/2022:07:03:49 +0200] "GET /statuette-african-bust-44-cm-p-48838.html HTTP/1.0" 301 75716 "-" "Mozilla/5.0 (compatible; SemrushBot/7~bl; +http://www.semrush.com/bot.html)"
185.191.171.24 - - [21/Sep/2022:07:03:53 +0200] "GET /statuette-african-bust-p-48838.html HTTP/1.0" 200 75627 "-" "Mozilla/5.0 (compatible; SemrushBot/7~bl; +http://www.semrush.com/bot.html)"
54.36.149.36 - - [21/Sep/2022:07:04:06 +0200] "GET /child-apron-princesse-p-58787.html HTTP/1.0" 200 75174 "-" "Mozilla/5.0 (compatible; AhrefsBot/7.0; +http://ahrefs.com/robot/)"
54.36.148.46 - - [21/Sep/2022:07:04:16 +0200] "GET /images/big_prod_1/846007011874a.jpg HTTP/1.0" 200 270 "-" "Mozilla/5.0 (compatible; AhrefsBot/7.0; +http://ahrefs.com/robot/)"
54.36.148.10 - - [21/Sep/2022:07:04:16 +0200] "GET /images/big_prod/846007011874.jpg HTTP/1.0" 200 267 "-" "Mozilla/5.0 (compatible; AhrefsBot/7.0; +http://ahrefs.com/robot/)"
157.55.39.12 - - [21/Sep/2022:07:04:34 +0200] "GET /images/big_prod/1384010204849.jpg HTTP/1.0" 200 268 "-" "Mozilla/5.0 (compatible; bingbot/2.0; +http://www.bing.com/bingbot.htm)"
185.191.171.12 - - [21/Sep/2022:07:04:40 +0200] "GET /chair-cushion-scratchs-blue-and-lin-38-cm-p-49314.html HTTP/1.0" 301 74730 "-" "Mozilla/5.0 (compatible; SemrushBot/7~bl; +http://www.semrush.com/bot.html)"
185.191.171.25 - - [21/Sep/2022:07:04:44 +0200] "GET /chair-cushion-scratchs-blue-p-49314.html HTTP/1.0" 200 74636 "-" "Mozilla/5.0 (compatible; SemrushBot/7~bl; +http://www.semrush.com/bot.html)"
216.244.66.242 - - [21/Sep/2022:07:04:48 +0200] "GET /paris-blue-look-aged-p-41912.html HTTP/1.0" 301 71939 "-" "Mozilla/5.0 (compatible; DotBot/1.2; +https://opensiteexplorer.org/dotbot; help@moz.com)"
216.244.66.242 - - [21/Sep/2022:07:04:58 +0200] "GET /polar-cover-black-dress-p-39088.html HTTP/1.0" 301 71939 "-" "Mozilla/5.0 (compatible; DotBot/1.2; +https://opensiteexplorer.org/dotbot; help@moz.com)"
216.244.66.242 - - [21/Sep/2022:07:05:07 +0200] "GET /asterix-obelix-cacofonix-figure-p-15702.html HTTP/1.0" 301 71939 "-" "Mozilla/5.0 (compatible; DotBot/1.2; +https://opensiteexplorer.org/dotbot; help@moz.com)"
216.244.66.242 - - [21/Sep/2022:07:05:25 +0200] "GET /wooden-aluminum-effigy-buddha-p-46005.html HTTP/1.0" 301 71939 "-" "Mozilla/5.0 (compatible; DotBot/1.2; +https://opensiteexplorer.org/dotbot; help@moz.com)"
147.92.153.14 - - [21/Sep/2022:07:05:27 +0200] "GET /images/big_prod/8719497613526.jpg HTTP/1.0" 200 268 "-" "Mozilla/5.0 (compatible; Linespider/1.1; +https://lin.ee/4dwXkTH)"
185.191.171.39 - - [21/Sep/2022:07:05:37 +0200] "GET /mug-flower-of-life-by-cbkreation-p-43028.html HTTP/1.0" 301 74623 "-" "Mozilla/5.0 (compatible; SemrushBot/7~bl; +http://www.semrush.com/bot.html)"
216.244.66.242 - - [21/Sep/2022:07:05:40 +0200] "GET /hello-kitty-chocolate-houndstooth-companion-camomilla-p-16292.html HTTP/1.0" 301 71939 "-" "Mozilla/5.0 (compatible; DotBot/1.2; +https://opensiteexplorer.org/dotbot; help@moz.com)"
185.191.171.9 - - [21/Sep/2022:07:05:42 +0200] "GET /flower-life-cbkreation-p-43028.html HTTP/1.0" 200 74534 "-" "Mozilla/5.0 (compatible; SemrushBot/7~bl; +http://www.semrush.com/bot.html)"
54.36.148.88 - - [21/Sep/2022:07:05:42 +0200] "GET /terracotta-ginkgo-cover-green-p-55525.html HTTP/1.0" 200 75287 "-" "Mozilla/5.0 (compatible; AhrefsBot/7.0; +http://ahrefs.com/robot/)"
185.191.171.25 - - [21/Sep/2022:07:06:25 +0200] "GET /incense-holder-and-incense-burner-c-231_229.html HTTP/1.0" 301 92678 "-" "Mozilla/5.0 (compatible; SemrushBot/7~bl; +http://www.semrush.com/bot.html)"
66.249.66.214 - - [21/Sep/2022:07:06:41 +0200] "GET /images/mini_prod/1384010202777.jpg HTTP/1.0" 200 269 "-" "Mozilla/5.0 (compatible; Googlebot/2.1; +http://www.google.com/bot.html)"
65.21.206.43 - - [21/Sep/2022:07:06:40 +0200] "GET /tinted-candle-mass-blue-p-58251.html HTTP/1.0" 200 75178 "-" "Mozilla/5.0 (Windows NT 10.0; Win64; x64) AppleWebKit/537.36 (KHTML, like Gecko) Chrome/91.0.4472.114 Safari/537.36 Edg/91.0.864.54"
185.191.171.3 - - [21/Sep/2022:07:06:38 +0200] "GET /incense-holder-incense-burner-c-229.html HTTP/1.0" 301 92547 "-" "Mozilla/5.0 (compatible; SemrushBot/7~bl; +http://www.semrush.com/bot.html)"
185.191.171.11 - - [21/Sep/2022:07:06:55 +0200] "GET /washed-linen-pillowcase-65-65-cm-celadon-p-48174.html HTTP/1.0" 301 71939 "-" "Mozilla/5.0 (compatible; SemrushBot/7~bl; +http://www.semrush.com/bot.html)"
185.191.171.12 - - [21/Sep/2022:07:07:00 +0200] "GET /-p-48174.html HTTP/1.0" 200 71872 "-" "Mozilla/5.0 (compatible; SemrushBot/7~bl; +http://www.semrush.com/bot.html)"
185.191.171.37 - - [21/Sep/2022:07:07:06 +0200] "GET /incense-holder-incense-burner-c-231_229.html HTTP/1.0" 200 92584 "-" "Mozilla/5.0 (compatible; SemrushBot/7~bl; +http://www.semrush.com/bot.html)"
54.36.148.172 - - [21/Sep/2022:07:07:23 +0200] "GET /blue-glass-lamp-p-58732.html HTTP/1.0" 200 75761 "-" "Mozilla/5.0 (compatible; AhrefsBot/7.0; +http://ahrefs.com/robot/)"
185.191.171.24 - - [21/Sep/2022:07:07:44 +0200] "GET /kimmidoll-keyring-p-44094.html HTTP/1.0" 200 71948 "-" "Mozilla/5.0 (compatible; SemrushBot/7~bl; +http://www.semrush.com/bot.html)"
185.191.171.39 - - [21/Sep/2022:07:08:33 +0200] "GET /soft-toy-rattle-gund-beige-dog-p-21368.html HTTP/1.0" 301 74838 "-" "Mozilla/5.0 (compatible; SemrushBot/7~bl; +http://www.semrush.com/bot.html)"
66.249.66.212 - - [21/Sep/2022:07:08:37 +0200] "GET /buddha-statue-polyresin-p-36730.html HTTP/1.0" 200 71966 "-" "Mozilla/5.0 (Linux; Android 6.0.1; Nexus 5X Build/MMB29P) AppleWebKit/537.36 (KHTML, like Gecko) Chrome/105.0.5195.125 Mobile Safari/537.36 (compatible; Googlebot/2.1; +http://www.google.com/bot.html)"
185.191.171.12 - - [21/Sep/2022:07:08:38 +0200] "GET /soft-rattle-gund-beige-p-21368.html HTTP/1.0" 200 74749 "-" "Mozilla/5.0 (compatible; SemrushBot/7~bl; +http://www.semrush.com/bot.html)"
66.249.66.214 - - [21/Sep/2022:07:09:07 +0200] "GET /mobile-metallic-tealight-blue-house-p-38563.html HTTP/1.0" 200 74707 "-" "Mozilla/5.0 (Linux; Android 6.0.1; Nexus 5X Build/MMB29P) AppleWebKit/537.36 (KHTML, like Gecko) Chrome/105.0.5195.125 Mobile Safari/537.36 (compatible; Googlebot/2.1; +http://www.google.com/bot.html)"
163.220.128.41 - - [21/Sep/2022:07:09:12 +0200] "GET /images/mini_prod/8003990631829.jpg HTTP/1.0" 200 269 "-" "Mozilla/5.0 (X11; Ubuntu; Linux x86_64; rv:72.0) Gecko/20100101 Firefox/72.0"
66.249.66.210 - - [21/Sep/2022:07:09:11 +0200] "GET /batista-pencil-p-13877.html HTTP/1.0" 200 74588 "-" "Mozilla/5.0 (compatible; Googlebot/2.1; +http://www.google.com/bot.html)"
66.249.66.210 - - [21/Sep/2022:07:09:15 +0200] "GET /salt-made-ceramic-bamboo-p-56112.html HTTP/1.0" 200 74600 "-" "Mozilla/5.0 (Linux; Android 6.0.1; Nexus 5X Build/MMB29P) AppleWebKit/537.36 (KHTML, like Gecko) Chrome/105.0.5195.102 Mobile Safari/537.36 (compatible; Googlebot/2.1; +http://www.google.com/bot.html)"
54.36.148.195 - - [21/Sep/2022:07:09:19 +0200] "GET /flowerpot-cover-textured-wicker-p-58279.html HTTP/1.0" 200 75265 "-" "Mozilla/5.0 (compatible; AhrefsBot/7.0; +http://ahrefs.com/robot/)"
54.36.149.38 - - [21/Sep/2022:07:09:22 +0200] "GET /betty-boop-metal-box-p-15227.html HTTP/1.0" 301 71939 "-" "Mozilla/5.0 (compatible; AhrefsBot/7.0; +http://ahrefs.com/robot/)"
34.67.96.123 - - [21/Sep/2022:07:09:30 +0200] "GET /images/mini_prod/3438100348888[1].jpg HTTP/1.0" 200 272 "-" "Mozilla/5.0 (X11; Ubuntu; Linux x86_64; rv:72.0) Gecko/20100101 Firefox/72.0"
66.249.66.210 - - [21/Sep/2022:07:09:38 +0200] "GET /medusa-glass-paperweight-p-57279.html HTTP/1.0" 200 75116 "-" "Mozilla/5.0 (Linux; Android 6.0.1; Nexus 5X Build/MMB29P) AppleWebKit/537.36 (KHTML, like Gecko) Chrome/105.0.5195.125 Mobile Safari/537.36 (compatible; Googlebot/2.1; +http://www.google.com/bot.html)"
185.191.171.2 - - [21/Sep/2022:07:09:44 +0200] "GET /limited-edition-swarovski-kimmidoll-dolls-p-49800.html HTTP/1.0" 200 75654 "-" "Mozilla/5.0 (compatible; SemrushBot/7~bl; +http://www.semrush.com/bot.html)"
103.152.220.119 - - [21/Sep/2022:07:09:49 +0200] "GET /contact_us.php HTTP/1.0" 200 26241 "http://www.wonder-geek.com/contact_us.php" "Mozilla/5.0 (Windows NT 6.1; WOW64) AppleWebKit/537.36 (KHTML, like Gecko) Chrome/90.0.4430.93 Safari/537.36"
103.152.220.119 - - [21/Sep/2022:07:09:51 +0200] "POST /contact_us.php?action=send HTTP/1.0" 200 26491 "http://www.wonder-geek.com/contact_us.php" "Mozilla/5.0 (Windows NT 6.1; WOW64) AppleWebKit/537.36 (KHTML, like Gecko) Chrome/90.0.4430.93 Safari/537.36"
66.249.66.210 - - [21/Sep/2022:07:09:51 +0200] "GET /christmas-tree-decoration-hanging-p-49642.html HTTP/1.0" 200 74644 "-" "Mozilla/5.0 (Linux; Android 6.0.1; Nexus 5X Build/MMB29P) AppleWebKit/537.36 (KHTML, like Gecko) Chrome/105.0.5195.125 Mobile Safari/537.36 (compatible; Googlebot/2.1; +http://www.google.com/bot.html)"
185.191.171.35 - - [21/Sep/2022:07:09:49 +0200] "GET /incense-holder-and-incense-burner-c-13_229.html?page=1 HTTP/1.0" 301 92675 "-" "Mozilla/5.0 (compatible; SemrushBot/7~bl; +http://www.semrush.com/bot.html)"
157.55.39.30 - - [21/Sep/2022:07:10:15 +0200] "GET /images/3760194750842.jpg HTTP/1.0" 200 259 "-" "Mozilla/5.0 (compatible; bingbot/2.0; +http://www.bing.com/bingbot.htm)"
185.191.171.21 - - [21/Sep/2022:07:11:07 +0200] "GET /-p-13490.html HTTP/1.0" 200 71872 "-" "Mozilla/5.0 (compatible; SemrushBot/7~bl; +http://www.semrush.com/bot.html)"
157.55.39.80 - - [21/Sep/2022:07:11:16 +0200] "GET /images/big_prod/8422020184195.jpg HTTP/1.0" 200 268 "-" "Mozilla/5.0 AppleWebKit/537.36 (KHTML, like Gecko; compatible; bingbot/2.0; +http://www.bing.com/bingbot.htm) Chrome/103.0.5060.134 Safari/537.36"
54.36.148.177 - - [21/Sep/2022:07:11:13 +0200] "GET /flower-market-metal-planter-zinc-look-beige-p-55464.html HTTP/1.0" 200 75584 "-" "Mozilla/5.0 (compatible; AhrefsBot/7.0; +http://ahrefs.com/robot/)"
54.36.148.115 - - [21/Sep/2022:07:11:43 +0200] "GET /images/big_prod/3665284220659.jpg HTTP/1.0" 200 268 "-" "Mozilla/5.0 (compatible; AhrefsBot/7.0; +http://ahrefs.com/robot/)"
54.36.148.167 - - [21/Sep/2022:07:11:44 +0200] "GET /images/big_prod_2/3665284220659b.jpg HTTP/1.0" 200 271 "-" "Mozilla/5.0 (compatible; AhrefsBot/7.0; +http://ahrefs.com/robot/)"
54.36.148.57 - - [21/Sep/2022:07:11:54 +0200] "GET /barbapapa-polar-blanket-p-6806.html HTTP/1.0" 301 71936 "-" "Mozilla/5.0 (compatible; AhrefsBot/7.0; +http://ahrefs.com/robot/)"
66.249.66.214 - - [21/Sep/2022:07:11:56 +0200] "GET /amazon-love-cosmetic-purse-butterflies-p-50280.html HTTP/1.0" 200 75007 "-" "Mozilla/5.0 (Linux; Android 6.0.1; Nexus 5X Build/MMB29P) AppleWebKit/537.36 (KHTML, like Gecko) Chrome/105.0.5195.125 Mobile Safari/537.36 (compatible; Googlebot/2.1; +http://www.google.com/bot.html)"
66.249.66.212 - - [21/Sep/2022:07:12:02 +0200] "GET /images/big_prod_5/3665269002652e.jpg HTTP/1.0" 200 271 "-" "Googlebot-Image/1.0"
77.75.78.169 - - [21/Sep/2022:07:12:13 +0200] "GET /robots.txt HTTP/1.0" 200 245 "-" "Mozilla/5.0 (compatible; SeznamBot/3.2; +http://napoveda.seznam.cz/en/seznambot-intro/)"
77.75.78.169 - - [21/Sep/2022:07:12:13 +0200] "GET /images/big_prod/3503420067259.jpg HTTP/1.0" 200 268 "-" "Mozilla/5.0 (compatible; SeznamBot/3.2; +http://napoveda.seznam.cz/en/seznambot-intro/)"
50.19.52.96 - - [21/Sep/2022:07:12:18 +0200] "GET /images/mini_prod/1399984238097.jpg HTTP/1.0" 200 269 "-" "Mozilla/5.0 (X11; Ubuntu; Linux x86_64; rv:72.0) Gecko/20100101 Firefox/72.0"
216.244.66.242 - - [21/Sep/2022:07:12:37 +0200] "GET /-p-30816.html HTTP/1.0" 200 71872 "-" "Mozilla/5.0 (compatible; DotBot/1.2; +https://opensiteexplorer.org/dotbot; help@moz.com)"
185.191.171.8 - - [21/Sep/2022:07:12:38 +0200] "GET /espresso-cups-coffee-counter-p-52661.html HTTP/1.0" 200 71994 "-" "Mozilla/5.0 (compatible; SemrushBot/7~bl; +http://www.semrush.com/bot.html)"
185.191.171.9 - - [21/Sep/2022:07:12:42 +0200] "GET /cat-head-wallet-model-p-39436.html HTTP/1.0" 301 74607 "-" "Mozilla/5.0 (compatible; SemrushBot/7~bl; +http://www.semrush.com/bot.html)"
185.191.171.23 - - [21/Sep/2022:07:12:45 +0200] "GET /head-wallet-model-p-39436.html HTTP/1.0" 200 74523 "-" "Mozilla/5.0 (compatible; SemrushBot/7~bl; +http://www.semrush.com/bot.html)"
216.244.66.242 - - [21/Sep/2022:07:12:50 +0200] "GET /apptit-placemat-p-57753.html HTTP/1.0" 200 75025 "-" "Mozilla/5.0 (compatible; DotBot/1.2; +https://opensiteexplorer.org/dotbot; help@moz.com)"
51.68.224.127 - - [21/Sep/2022:07:12:52 +0200] "GET /adminweb/export_orders_xml.php?token=256de2z6edz6ed2z6DFSFsed2zed6zeDSFDSGdzedezfzf&maxorders=10&orderstart=1&status=14&start_date=2018-10-01 HTTP/1.0" 200 285 "-" "GesCom CharlotteBoutik Serveur"
51.68.224.127 - - [21/Sep/2022:07:12:53 +0200] "GET /adminweb/export_orders_xml.php?token=256de2z6edz6ed2z6DFSFsed2zed6zeDSFDSGdzedezfzf&maxorders=10&orderstart=1&status=6&start_date=2018-10-01 HTTP/1.0" 200 33985 "-" "GesCom CharlotteBoutik Serveur"
207.46.13.149 - - [21/Sep/2022:07:13:02 +0200] "GET /-p-24798.html HTTP/1.0" 200 71872 "-" "Mozilla/5.0 (compatible; bingbot/2.0; +http://www.bing.com/bingbot.htm)"
216.244.66.242 - - [21/Sep/2022:07:13:03 +0200] "GET /klimt-little-tray-p-51680.html HTTP/1.0" 200 74533 "-" "Mozilla/5.0 (compatible; DotBot/1.2; +https://opensiteexplorer.org/dotbot; help@moz.com)"
185.191.171.19 - - [21/Sep/2022:07:13:02 +0200] "GET /corsica-poster-50-70-cm-p-42455.html HTTP/1.0" 301 74597 "-" "Mozilla/5.0 (compatible; SemrushBot/7~bl; +http://www.semrush.com/bot.html)"
185.191.171.23 - - [21/Sep/2022:07:13:06 +0200] "GET /corsica-poster-p-42455.html HTTP/1.0" 200 74516 "-" "Mozilla/5.0 (compatible; SemrushBot/7~bl; +http://www.semrush.com/bot.html)"
216.244.66.242 - - [21/Sep/2022:07:13:14 +0200] "GET /minions-stickers-p-31216.html HTTP/1.0" 200 74468 "-" "Mozilla/5.0 (compatible; DotBot/1.2; +https://opensiteexplorer.org/dotbot; help@moz.com)"
54.36.149.67 - - [21/Sep/2022:07:13:24 +0200] "GET /stationery-c-129_191.html HTTP/1.0" 200 92393 "-" "Mozilla/5.0 (compatible; AhrefsBot/7.0; +http://ahrefs.com/robot/)"
216.244.66.242 - - [21/Sep/2022:07:13:24 +0200] "GET /pauline-charming-dekor-bedclothes-p-56927.html HTTP/1.0" 200 75407 "-" "Mozilla/5.0 (compatible; DotBot/1.2; +https://opensiteexplorer.org/dotbot; help@moz.com)"
185.191.171.19 - - [21/Sep/2022:07:13:41 +0200] "GET /paris-enjoy-vintage-bedclothes-p-31138.html HTTP/1.0" 200 72008 "-" "Mozilla/5.0 (compatible; SemrushBot/7~bl; +http://www.semrush.com/bot.html)"
5.161.89.173 - - [21/Sep/2022:07:13:55 +0200] "GET /images/mini_prod/3503420096426.jpg HTTP/1.0" 200 269 "-" "Mozilla/5.0 (X11; Ubuntu; Linux x86_64; rv:72.0) Gecko/20100101 Firefox/72.0"
185.191.171.21 - - [21/Sep/2022:07:13:58 +0200] "GET /indian-the-roadking-collection-metal-plate-deco-p-37166.html HTTP/1.0" 301 74846 "-" "Mozilla/5.0 (compatible; SemrushBot/7~bl; +http://www.semrush.com/bot.html)"
185.191.171.7 - - [21/Sep/2022:07:14:01 +0200] "GET /indian-roadking-collection-metal-plate-deco-p-37166.html HTTP/1.0" 200 74736 "-" "Mozilla/5.0 (compatible; SemrushBot/7~bl; +http://www.semrush.com/bot.html)"
185.191.171.21 - - [21/Sep/2022:07:14:06 +0200] "GET /cars-placemat-p-22495.html HTTP/1.0" 200 74508 "-" "Mozilla/5.0 (compatible; SemrushBot/7~bl; +http://www.semrush.com/bot.html)"
185.191.171.7 - - [21/Sep/2022:07:14:10 +0200] "GET /african-art-wood-statue-50-cm-p-44724.html HTTP/1.0" 301 72074 "-" "Mozilla/5.0 (compatible; SemrushBot/7~bl; +http://www.semrush.com/bot.html)"
185.191.171.4 - - [21/Sep/2022:07:14:13 +0200] "GET /african-wood-statue-p-44724.html HTTP/1.0" 200 71988 "-" "Mozilla/5.0 (compatible; SemrushBot/7~bl; +http://www.semrush.com/bot.html)"
185.191.171.43 - - [21/Sep/2022:07:14:22 +0200] "GET /20-our-lady-of-deliverance-aromatika-incense-sticks-p-53453.html HTTP/1.0" 301 74810 "-" "Mozilla/5.0 (compatible; SemrushBot/7~bl; +http://www.semrush.com/bot.html)"
185.191.171.38 - - [21/Sep/2022:07:14:25 +0200] "GET /lady-deliverance-aromatika-incense-sticks-p-53453.html HTTP/1.0" 200 74702 "-" "Mozilla/5.0 (compatible; SemrushBot/7~bl; +http://www.semrush.com/bot.html)"
203.119.241.110 - - [21/Sep/2022:07:14:33 +0200] "GET /images/mini_prod/3700653593269.jpg HTTP/1.0" 200 269 "-" "Mozilla/5.0 (X11; Ubuntu; Linux x86_64; rv:72.0) Gecko/20100101 Firefox/72.0"
185.191.171.40 - - [21/Sep/2022:07:14:34 +0200] "GET /placemat-little-prince-p-56247.html HTTP/1.0" 200 74521 "-" "Mozilla/5.0 (compatible; SemrushBot/7~bl; +http://www.semrush.com/bot.html)"
66.249.66.212 - - [21/Sep/2022:07:15:05 +0200] "GET /-p-39409.html HTTP/1.0" 200 71872 "-" "Mozilla/5.0 (Linux; Android 6.0.1; Nexus 5X Build/MMB29P) AppleWebKit/537.36 (KHTML, like Gecko) Chrome/105.0.5195.102 Mobile Safari/537.36 (compatible; Googlebot/2.1; +http://www.google.com/bot.html)"
54.36.149.43 - - [21/Sep/2022:07:15:09 +0200] "GET /tights-c-1_48.html HTTP/1.0" 200 80818 "-" "Mozilla/5.0 (compatible; AhrefsBot/7.0; +http://ahrefs.com/robot/)"
66.249.66.212 - - [21/Sep/2022:07:15:12 +0200] "GET /winnie-pooh-tigger-sticker-p-20477.html HTTP/1.0" 200 76824 "-" "Mozilla/5.0 (compatible; Googlebot/2.1; +http://www.google.com/bot.html)"
185.191.171.33 - - [21/Sep/2022:07:15:26 +0200] "GET /home-decoration-c-13.html?page=295 HTTP/1.0" 200 80065 "-" "Mozilla/5.0 (compatible; SemrushBot/7~bl; +http://www.semrush.com/bot.html)"
54.36.148.26 - - [21/Sep/2022:07:16:00 +0200] "GET /corkscrew-bottle-opener-sommelier-kit-c-12_213.html?page=1 HTTP/1.0" 301 92041 "-" "Mozilla/5.0 (compatible; AhrefsBot/7.0; +http://ahrefs.com/robot/)"
54.174.193.10 - - [21/Sep/2022:07:16:10 +0200] "GET /images/mini_prod/3661443439436.jpg HTTP/1.0" 200 269 "-" "Mozilla/5.0 (X11; Ubuntu; Linux x86_64; rv:72.0) Gecko/20100101 Firefox/72.0"
216.244.66.242 - - [21/Sep/2022:07:16:32 +0200] "GET /allen-decorated-cotton-flat-pouch-koala-p-58298.html HTTP/1.0" 200 75335 "-" "Mozilla/5.0 (compatible; DotBot/1.2; +https://opensiteexplorer.org/dotbot; help@moz.com)"
185.191.171.7 - - [21/Sep/2022:07:16:39 +0200] "GET /heart-home-votive-candle-hours-sweet-peas-p-55373.html HTTP/1.0" 200 75665 "-" "Mozilla/5.0 (compatible; SemrushBot/7~bl; +http://www.semrush.com/bot.html)"
216.244.66.242 - - [21/Sep/2022:07:16:50 +0200] "GET /ceramic-lamp-p-54023.html HTTP/1.0" 200 71926 "-" "Mozilla/5.0 (compatible; DotBot/1.2; +https://opensiteexplorer.org/dotbot; help@moz.com)"
54.36.148.0 - - [21/Sep/2022:07:16:55 +0200] "GET /mini-pony-statuette-shore-p-54021.html HTTP/1.0" 200 76261 "-" "Mozilla/5.0 (compatible; AhrefsBot/7.0; +http://ahrefs.com/robot/)"
185.191.171.43 - - [21/Sep/2022:07:17:01 +0200] "GET /star-wars-air-mat-p-34886.html HTTP/1.0" 301 74747 "-" "Mozilla/5.0 (compatible; SemrushBot/7~bl; +http://www.semrush.com/bot.html)"
185.191.171.44 - - [21/Sep/2022:07:17:04 +0200] "GET /star-wars-p-34886.html HTTP/1.0" 200 74671 "-" "Mozilla/5.0 (compatible; SemrushBot/7~bl; +http://www.semrush.com/bot.html)"
216.244.66.242 - - [21/Sep/2022:07:17:10 +0200] "GET /chair-cushion-reversible-celadon-gray-p-43353.html HTTP/1.0" 200 75552 "-" "Mozilla/5.0 (compatible; DotBot/1.2; +https://opensiteexplorer.org/dotbot; help@moz.com)"
216.244.66.242 - - [21/Sep/2022:07:17:28 +0200] "GET /michelle-allen-breakfast-p-32829.html HTTP/1.0" 301 71939 "-" "Mozilla/5.0 (compatible; DotBot/1.2; +https://opensiteexplorer.org/dotbot; help@moz.com)"
34.67.96.123 - - [21/Sep/2022:07:17:43 +0200] "GET /images/mini_prod/5701359747039.jpg HTTP/1.0" 200 269 "-" "Mozilla/5.0 (X11; Ubuntu; Linux x86_64; rv:72.0) Gecko/20100101 Firefox/72.0"
185.191.171.9 - - [21/Sep/2022:07:17:47 +0200] "GET /ceramic-incense-burner-p-58426.html HTTP/1.0" 301 71939 "-" "Mozilla/5.0 (compatible; SemrushBot/7~bl; +http://www.semrush.com/bot.html)"
66.249.66.210 - - [21/Sep/2022:07:17:52 +0200] "GET /images/big_prod_1/3014627945566a.jpg HTTP/1.0" 200 271 "-" "Googlebot-Image/1.0"
185.191.171.13 - - [21/Sep/2022:07:17:51 +0200] "GET /-p-58426.html HTTP/1.0" 200 71872 "-" "Mozilla/5.0 (compatible; SemrushBot/7~bl; +http://www.semrush.com/bot.html)"
66.249.66.210 - - [21/Sep/2022:07:17:59 +0200] "GET /large-candle-hours-sweet-black-cherries-p-53882.html HTTP/1.0" 200 75866 "-" "Mozilla/5.0 (Linux; Android 6.0.1; Nexus 5X Build/MMB29P) AppleWebKit/537.36 (KHTML, like Gecko) Chrome/105.0.5195.102 Mobile Safari/537.36 (compatible; Googlebot/2.1; +http://www.google.com/bot.html)"
185.191.171.25 - - [21/Sep/2022:07:18:15 +0200] "GET /resin-statuette-chinese-p-45014.html HTTP/1.0" 301 71939 "-" "Mozilla/5.0 (compatible; SemrushBot/7~bl; +http://www.semrush.com/bot.html)"
185.191.171.22 - - [21/Sep/2022:07:18:18 +0200] "GET /-p-45014.html HTTP/1.0" 200 71872 "-" "Mozilla/5.0 (compatible; SemrushBot/7~bl; +http://www.semrush.com/bot.html)"
54.36.148.51 - - [21/Sep/2022:07:18:40 +0200] "GET /lamp-paint-blue-p-58412.html HTTP/1.0" 200 75827 "-" "Mozilla/5.0 (compatible; AhrefsBot/7.0; +http://ahrefs.com/robot/)"
211.249.40.22 - - [21/Sep/2022:07:19:23 +0200] "GET /images/big_prod_1/b8435333821862.jpg HTTP/1.0" 200 271 "-" "Mozilla/5.0 (X11; Ubuntu; Linux x86_64; rv:72.0) Gecko/20100101 Firefox/72.0"
185.191.171.9 - - [21/Sep/2022:07:19:38 +0200] "GET /stone-carnelian-170-180-grammes-p-46576.html HTTP/1.0" 301 76124 "-" "Mozilla/5.0 (compatible; SemrushBot/7~bl; +http://www.semrush.com/bot.html)"
185.191.171.8 - - [21/Sep/2022:07:19:41 +0200] "GET /stone-carnelian-grammes-p-46576.html HTTP/1.0" 200 76034 "-" "Mozilla/5.0 (compatible; SemrushBot/7~bl; +http://www.semrush.com/bot.html)"
216.244.66.242 - - [21/Sep/2022:07:20:07 +0200] "GET /game-balls-p-58182.html HTTP/1.0" 200 75112 "-" "Mozilla/5.0 (compatible; DotBot/1.2; +https://opensiteexplorer.org/dotbot; help@moz.com)"
94.41.100.219 - - [21/Sep/2022:07:20:16 +0200] "GET /contact_us.php HTTP/1.0" 200 26241 "http://www.wonder-geek.com/contact_us.php" "Mozilla/5.0 (Windows NT 10.0; WOW64) AppleWebKit/537.36 (KHTML, like Gecko) Chrome/90.0.4400.8 Safari/537.36"
94.41.100.219 - - [21/Sep/2022:07:20:17 +0200] "POST /contact_us.php?action=send HTTP/1.0" 200 26462 "http://www.wonder-geek.com/contact_us.php" "Mozilla/5.0 (Windows NT 10.0; WOW64) AppleWebKit/537.36 (KHTML, like Gecko) Chrome/90.0.4400.8 Safari/537.36"
216.244.66.242 - - [21/Sep/2022:07:20:22 +0200] "GET /harley-davidson-grey-dusk-zippo-lighter-p-52760.html HTTP/1.0" 200 77814 "-" "Mozilla/5.0 (compatible; DotBot/1.2; +https://opensiteexplorer.org/dotbot; help@moz.com)"
185.191.171.7 - - [21/Sep/2022:07:20:28 +0200] "GET /amys-p-54751.html HTTP/1.0" 200 75283 "-" "Mozilla/5.0 (compatible; SemrushBot/7~bl; +http://www.semrush.com/bot.html)"
54.36.149.31 - - [21/Sep/2022:07:20:34 +0200] "GET /cats-dubout-cutting-board-p-27374.html HTTP/1.0" 200 74508 "-" "Mozilla/5.0 (compatible; AhrefsBot/7.0; +http://ahrefs.com/robot/)"
216.244.66.242 - - [21/Sep/2022:07:20:35 +0200] "GET /little-prince-soap-p-52467.html HTTP/1.0" 200 74814 "-" "Mozilla/5.0 (compatible; DotBot/1.2; +https://opensiteexplorer.org/dotbot; help@moz.com)"
216.244.66.242 - - [21/Sep/2022:07:20:48 +0200] "GET /maisy-melamine-baby-dinner-p-9329.html HTTP/1.0" 200 71972 "-" "Mozilla/5.0 (compatible; DotBot/1.2; +https://opensiteexplorer.org/dotbot; help@moz.com)"
129.41.87.1 - - [21/Sep/2022:07:20:53 +0200] "GET /images/mini_prod/3700653593221.jpg HTTP/1.0" 200 269 "-" "Mozilla/5.0 (X11; Ubuntu; Linux x86_64; rv:72.0) Gecko/20100101 Firefox/72.0"
54.36.148.129 - - [21/Sep/2022:07:20:53 +0200] "GET /candles-and-scents-c-13_162.html?page=2 HTTP/1.0" 301 92607 "-" "Mozilla/5.0 (compatible; AhrefsBot/7.0; +http://ahrefs.com/robot/)"
185.191.171.25 - - [21/Sep/2022:07:20:55 +0200] "GET /whisky-set-of-cork-coasters-p-39783.html HTTP/1.0" 301 72077 "-" "Mozilla/5.0 (compatible; SemrushBot/7~bl; +http://www.semrush.com/bot.html)"
185.191.171.9 - - [21/Sep/2022:07:20:59 +0200] "GET /whisky-cork-coasters-p-39783.html HTTP/1.0" 200 71990 "-" "Mozilla/5.0 (compatible; SemrushBot/7~bl; +http://www.semrush.com/bot.html)"
54.36.149.20 - - [21/Sep/2022:07:21:12 +0200] "GET /duvet-cover-in-cotton-percale-80-threads-260-240-cm-p-52104.html HTTP/1.0" 301 74911 "-" "Mozilla/5.0 (compatible; AhrefsBot/7.0; +http://ahrefs.com/robot/)"
185.191.171.1 - - [21/Sep/2022:07:21:59 +0200] "GET /beautiful-ballerina-minnie-mouse-figurine-p-45971.html HTTP/1.0" 200 72030 "-" "Mozilla/5.0 (compatible; SemrushBot/7~bl; +http://www.semrush.com/bot.html)"
54.36.148.75 - - [21/Sep/2022:07:22:16 +0200] "GET /nightlight-shaped-multicolor-p-35349.html HTTP/1.0" 200 71994 "-" "Mozilla/5.0 (compatible; AhrefsBot/7.0; +http://ahrefs.com/robot/)"
185.191.171.5 - - [21/Sep/2022:07:22:38 +0200] "GET /tin-and-metal-signs-c-13_130.html?page=17 HTTP/1.0" 301 96747 "-" "Mozilla/5.0 (compatible; SemrushBot/7~bl; +http://www.semrush.com/bot.html)"
185.191.171.1 - - [21/Sep/2022:07:22:43 +0200] "GET /mtal-signs-c-130.html?page=17 HTTP/1.0" 301 96624 "-" "Mozilla/5.0 (compatible; SemrushBot/7~bl; +http://www.semrush.com/bot.html)"
185.191.171.17 - - [21/Sep/2022:07:22:47 +0200] "GET /mtal-signs-c-13_130.html?page=17 HTTP/1.0" 200 96664 "-" "Mozilla/5.0 (compatible; SemrushBot/7~bl; +http://www.semrush.com/bot.html)"
185.191.171.7 - - [21/Sep/2022:07:23:42 +0200] "GET /glass-cutting-board-cbkreation-p-51346.html HTTP/1.0" 200 74578 "-" "Mozilla/5.0 (compatible; SemrushBot/7~bl; +http://www.semrush.com/bot.html)"
66.249.66.212 - - [21/Sep/2022:07:23:46 +0200] "GET /mani-lucky-fuchsia-p-37336.html HTTP/1.0" 200 74593 "-" "Mozilla/5.0 (compatible; Googlebot/2.1; +http://www.google.com/bot.html)"
34.67.96.123 - - [21/Sep/2022:07:24:04 +0200] "GET /images/mini_prod/5036278052187.jpg HTTP/1.0" 200 269 "-" "Mozilla/5.0 (X11; Ubuntu; Linux x86_64; rv:72.0) Gecko/20100101 Firefox/72.0"
54.36.149.68 - - [21/Sep/2022:07:24:10 +0200] "GET /walking-dead-shirt-p-29586.html HTTP/1.0" 200 76162 "-" "Mozilla/5.0 (compatible; AhrefsBot/7.0; +http://ahrefs.com/robot/)"
185.191.171.8 - - [21/Sep/2022:07:24:37 +0200] "GET /door-coconut-fiber-p-51883.html HTTP/1.0" 200 71954 "-" "Mozilla/5.0 (compatible; SemrushBot/7~bl; +http://www.semrush.com/bot.html)"
185.191.171.9 - - [21/Sep/2022:07:24:40 +0200] "GET /us-route-66-picture-frame-p-23043.html HTTP/1.0" 301 74685 "-" "Mozilla/5.0 (compatible; SemrushBot/7~bl; +http://www.semrush.com/bot.html)"
185.191.171.26 - - [21/Sep/2022:07:24:44 +0200] "GET /route-picture-frame-p-23043.html HTTP/1.0" 200 74599 "-" "Mozilla/5.0 (compatible; SemrushBot/7~bl; +http://www.semrush.com/bot.html)"
185.191.171.8 - - [21/Sep/2022:07:24:50 +0200] "GET /-p-30230.html HTTP/1.0" 200 71872 "-" "Mozilla/5.0 (compatible; SemrushBot/7~bl; +http://www.semrush.com/bot.html)"
34.67.96.123 - - [21/Sep/2022:07:25:37 +0200] "GET /images/mini_prod/DSCN6817.jpg HTTP/1.0" 200 264 "-" "Mozilla/5.0 (X11; Ubuntu; Linux x86_64; rv:72.0) Gecko/20100101 Firefox/72.0"
124.161.205.6 - - [21/Sep/2022:07:25:39 +0200] "GET /contact_us.php HTTP/1.0" 200 26241 "http://www.wonder-geek.com/contact_us.php" "Mozilla/5.0 (Windows NT 6.1; WOW64) AppleWebKit/537.36 (KHTML, like Gecko) Chrome/90.0.4430.93 Safari/537.36"
124.161.205.6 - - [21/Sep/2022:07:25:42 +0200] "POST /contact_us.php?action=send HTTP/1.0" 200 26485 "http://www.wonder-geek.com/contact_us.php" "Mozilla/5.0 (Windows NT 6.1; WOW64) AppleWebKit/537.36 (KHTML, like Gecko) Chrome/90.0.4430.93 Safari/537.36"
185.191.171.15 - - [21/Sep/2022:07:26:03 +0200] "GET /beige-blue-white-piggy-bank-p-34687.html HTTP/1.0" 301 71939 "-" "Mozilla/5.0 (compatible; SemrushBot/7~bl; +http://www.semrush.com/bot.html)"
54.36.148.228 - - [21/Sep/2022:07:26:07 +0200] "GET /pill-provence-p-54011.html HTTP/1.0" 200 75200 "-" "Mozilla/5.0 (compatible; AhrefsBot/7.0; +http://ahrefs.com/robot/)"
185.191.171.12 - - [21/Sep/2022:07:26:08 +0200] "GET /-p-34687.html HTTP/1.0" 200 71872 "-" "Mozilla/5.0 (compatible; SemrushBot/7~bl; +http://www.semrush.com/bot.html)"
104.154.83.131 - - [21/Sep/2022:07:26:19 +0200] "GET /images/big_prod_2/bambou1.jpg HTTP/1.0" 200 264 "-" "Mozilla/5.0 (X11; Ubuntu; Linux x86_64; rv:72.0) Gecko/20100101 Firefox/72.0"
185.191.171.41 - - [21/Sep/2022:07:26:35 +0200] "GET /my-little-pony-mousepad-p-16006.html HTTP/1.0" 301 74736 "-" "Mozilla/5.0 (compatible; SemrushBot/7~bl; +http://www.semrush.com/bot.html)"
185.191.171.16 - - [21/Sep/2022:07:26:38 +0200] "GET /little-pony-mousepad-p-16006.html HTTP/1.0" 200 74649 "-" "Mozilla/5.0 (compatible; SemrushBot/7~bl; +http://www.semrush.com/bot.html)"
66.249.66.210 - - [21/Sep/2022:07:26:46 +0200] "GET /cement-tile-coasters-p-55999.html HTTP/1.0" 200 71960 "-" "Mozilla/5.0 (compatible; Googlebot/2.1; +http://www.google.com/bot.html)"
185.191.171.13 - - [21/Sep/2022:07:27:00 +0200] "GET /gund-philbin-chocolate-teddy-bear-p-20447.html HTTP/1.0" 301 71939 "-" "Mozilla/5.0 (compatible; SemrushBot/7~bl; +http://www.semrush.com/bot.html)"
185.191.171.8 - - [21/Sep/2022:07:27:03 +0200] "GET /-p-20447.html HTTP/1.0" 200 71872 "-" "Mozilla/5.0 (compatible; SemrushBot/7~bl; +http://www.semrush.com/bot.html)"
54.36.148.181 - - [21/Sep/2022:07:27:57 +0200] "GET /stones-ground-sheet-p-52153.html HTTP/1.0" 200 75551 "-" "Mozilla/5.0 (compatible; AhrefsBot/7.0; +http://ahrefs.com/robot/)"
157.55.39.12 - - [21/Sep/2022:07:28:16 +0200] "GET /images/big_prod/4029811317080.jpg HTTP/1.0" 200 268 "-" "Mozilla/5.0 (compatible; bingbot/2.0; +http://www.bing.com/bingbot.htm)"
66.249.66.212 - - [21/Sep/2022:07:28:22 +0200] "GET /india-clock-cbkreation-p-36921.html HTTP/1.0" 200 74510 "-" "Mozilla/5.0 (Linux; Android 6.0.1; Nexus 5X Build/MMB29P) AppleWebKit/537.36 (KHTML, like Gecko) Chrome/105.0.5195.125 Mobile Safari/537.36 (compatible; Googlebot/2.1; +http://www.google.com/bot.html)"
185.191.171.11 - - [21/Sep/2022:07:28:43 +0200] "GET /wax-melt-calming-aloe-p-43772.html HTTP/1.0" 301 75173 "-" "Mozilla/5.0 (compatible; SemrushBot/7~bl; +http://www.semrush.com/bot.html)"
185.191.171.13 - - [21/Sep/2022:07:28:47 +0200] "GET /melt-calming-aloe-p-43772.html HTTP/1.0" 200 75089 "-" "Mozilla/5.0 (compatible; SemrushBot/7~bl; +http://www.semrush.com/bot.html)"
185.191.171.12 - - [21/Sep/2022:07:28:50 +0200] "GET /robots.txt HTTP/1.0" 200 245 "-" "Mozilla/5.0 (compatible; SemrushBot/7~bl; +http://www.semrush.com/bot.html)"
185.191.171.13 - - [21/Sep/2022:07:28:51 +0200] "GET /ballerina-personal-diary-printed-in-france-p-40959.html HTTP/1.0" 301 71939 "-" "Mozilla/5.0 (compatible; SemrushBot/7~bl; +http://www.semrush.com/bot.html)"
185.191.171.11 - - [21/Sep/2022:07:28:54 +0200] "GET /pear-tealight-holder-p-48890.html HTTP/1.0" 200 71954 "-" "Mozilla/5.0 (compatible; SemrushBot/7~bl; +http://www.semrush.com/bot.html)"
185.191.171.21 - - [21/Sep/2022:07:28:57 +0200] "GET /-p-40959.html HTTP/1.0" 200 71872 "-" "Mozilla/5.0 (compatible; SemrushBot/7~bl; +http://www.semrush.com/bot.html)"
51.68.224.127 - - [21/Sep/2022:07:29:03 +0200] "GET /adminweb/export_orders_xml.php?token=256de2z6edz6ed2z6DFSFsed2zed6zeDSFDSGdzedezfzf&maxorders=10&orderstart=1&status=14&start_date=2018-10-01 HTTP/1.0" 200 285 "-" "GesCom CharlotteBoutik Serveur"
51.68.224.127 - - [21/Sep/2022:07:29:03 +0200] "GET /adminweb/export_orders_xml.php?token=256de2z6edz6ed2z6DFSFsed2zed6zeDSFDSGdzedezfzf&maxorders=10&orderstart=1&status=6&start_date=2018-10-01 HTTP/1.0" 200 33985 "-" "GesCom CharlotteBoutik Serveur"
185.191.171.3 - - [21/Sep/2022:07:29:07 +0200] "GET /espresso-set-cups-olive-p-51373.html HTTP/1.0" 301 74619 "-" "Mozilla/5.0 (compatible; SemrushBot/7~bl; +http://www.semrush.com/bot.html)"
185.191.171.34 - - [21/Sep/2022:07:29:10 +0200] "GET /espresso-cups-olive-p-51373.html HTTP/1.0" 200 74533 "-" "Mozilla/5.0 (compatible; SemrushBot/7~bl; +http://www.semrush.com/bot.html)"
211.249.40.22 - - [21/Sep/2022:07:29:23 +0200] "GET /images/big_prod_1/b8435333821862.jpg HTTP/1.0" 200 271 "-" "Mozilla/5.0 (X11; Ubuntu; Linux x86_64; rv:72.0) Gecko/20100101 Firefox/72.0"
185.191.171.15 - - [21/Sep/2022:07:29:36 +0200] "GET /allen-designs-eyeglass-case-dogs-p-41702.html HTTP/1.0" 301 71939 "-" "Mozilla/5.0 (compatible; SemrushBot/7~bl; +http://www.semrush.com/bot.html)"
185.191.171.38 - - [21/Sep/2022:07:29:41 +0200] "GET /-p-41702.html HTTP/1.0" 200 71872 "-" "Mozilla/5.0 (compatible; SemrushBot/7~bl; +http://www.semrush.com/bot.html)"
54.36.148.187 - - [21/Sep/2022:07:29:52 +0200] "GET /gogh-tournesols-eyeglass-case-p-47646.html HTTP/1.0" 200 74559 "-" "Mozilla/5.0 (compatible; AhrefsBot/7.0; +http://ahrefs.com/robot/)"
185.191.171.3 - - [21/Sep/2022:07:30:07 +0200] "GET /on-ne-dit-pas-set-of-coasters-p-42563.html HTTP/1.0" 301 72005 "-" "Mozilla/5.0 (compatible; SemrushBot/7~bl; +http://www.semrush.com/bot.html)"
185.191.171.42 - - [21/Sep/2022:07:30:11 +0200] "GET /coasters-p-42563.html HTTP/1.0" 200 71930 "-" "Mozilla/5.0 (compatible; SemrushBot/7~bl; +http://www.semrush.com/bot.html)"
185.191.171.12 - - [21/Sep/2022:07:30:31 +0200] "GET /votive-candle-violet-moon-p-42622.html HTTP/1.0" 200 75135 "-" "Mozilla/5.0 (compatible; SemrushBot/7~bl; +http://www.semrush.com/bot.html)"
157.55.39.12 - - [21/Sep/2022:07:30:37 +0200] "GET /images/big_prod_2/1491693113433C.jpg HTTP/1.0" 200 271 "-" "Mozilla/5.0 AppleWebKit/537.36 (KHTML, like Gecko; compatible; bingbot/2.0; +http://www.bing.com/bingbot.htm) Chrome/103.0.5060.134 Safari/537.36"
185.191.171.44 - - [21/Sep/2022:07:30:37 +0200] "GET /love-cats-salt-and-pepper-shakers-p-42695.html HTTP/1.0" 301 71939 "-" "Mozilla/5.0 (compatible; SemrushBot/7~bl; +http://www.semrush.com/bot.html)"
185.191.171.7 - - [21/Sep/2022:07:30:41 +0200] "GET /-p-42695.html HTTP/1.0" 200 71872 "-" "Mozilla/5.0 (compatible; SemrushBot/7~bl; +http://www.semrush.com/bot.html)"
185.191.171.15 - - [21/Sep/2022:07:31:01 +0200] "GET /bomb-marvel-super-hero-mashers-articulate-figurine-p-32445.html HTTP/1.0" 301 71939 "-" "Mozilla/5.0 (compatible; SemrushBot/7~bl; +http://www.semrush.com/bot.html)"
185.191.171.35 - - [21/Sep/2022:07:31:04 +0200] "GET /-p-32445.html HTTP/1.0" 200 71872 "-" "Mozilla/5.0 (compatible; SemrushBot/7~bl; +http://www.semrush.com/bot.html)"
211.249.40.22 - - [21/Sep/2022:07:31:43 +0200] "GET /images/big_prod_1/b8435333821862.jpg HTTP/1.0" 200 271 "-" "Mozilla/5.0 (X11; Ubuntu; Linux x86_64; rv:72.0) Gecko/20100101 Firefox/72.0"
54.36.148.167 - - [21/Sep/2022:07:31:55 +0200] "GET /coasters-mandala-p-50120.html HTTP/1.0" 200 74430 "-" "Mozilla/5.0 (compatible; AhrefsBot/7.0; +http://ahrefs.com/robot/)"
66.249.66.210 - - [21/Sep/2022:07:32:06 +0200] "GET /images/big_prod/3453131155779.jpg HTTP/1.0" 200 268 "-" "Googlebot-Image/1.0"
185.191.171.43 - - [21/Sep/2022:07:32:17 +0200] "GET /buddhist-bracelet-wooden-beads-blue-p-37671.html HTTP/1.0" 200 74551 "-" "Mozilla/5.0 (compatible; SemrushBot/7~bl; +http://www.semrush.com/bot.html)"
185.191.171.44 - - [21/Sep/2022:07:32:22 +0200] "GET /salt-pepper-nautilus-p-47914.html HTTP/1.0" 200 74526 "-" "Mozilla/5.0 (compatible; SemrushBot/7~bl; +http://www.semrush.com/bot.html)"
173.212.246.91 - - [21/Sep/2022:07:32:38 +0200] "GET /robots.txt HTTP/1.0" 200 245 "-" "Mozilla/5.0 (compatible; MJ12bot/v1.4.8; http://mj12bot.com/)"
173.212.246.91 - - [21/Sep/2022:07:32:42 +0200] "GET /-p-10005.html HTTP/1.0" 200 71872 "-" "Mozilla/5.0 (compatible; MJ12bot/v1.4.8; http://mj12bot.com/)"
173.212.246.91 - - [21/Sep/2022:07:32:47 +0200] "GET /-p-10023.html HTTP/1.0" 200 71872 "-" "Mozilla/5.0 (compatible; MJ12bot/v1.4.8; http://mj12bot.com/)"
185.191.171.2 - - [21/Sep/2022:07:32:48 +0200] "GET /bas-relief-panel-of-elephants-carved-on-raw-wood-45-15-cm-p-47213.html HTTP/1.0" 301 72149 "-" "Mozilla/5.0 (compatible; SemrushBot/7~bl; +http://www.semrush.com/bot.html)"
173.212.246.91 - - [21/Sep/2022:07:32:50 +0200] "GET /-p-10403.html HTTP/1.0" 200 71872 "-" "Mozilla/5.0 (compatible; MJ12bot/v1.4.8; http://mj12bot.com/)"
185.191.171.23 - - [21/Sep/2022:07:32:52 +0200] "GET /relief-panel-elephants-carved-wood-p-47213.html HTTP/1.0" 200 72048 "-" "Mozilla/5.0 (compatible; SemrushBot/7~bl; +http://www.semrush.com/bot.html)"
173.212.246.91 - - [21/Sep/2022:07:32:55 +0200] "GET /-p-10437.html HTTP/1.0" 200 71872 "-" "Mozilla/5.0 (compatible; MJ12bot/v1.4.8; http://mj12bot.com/)"
185.191.171.3 - - [21/Sep/2022:07:32:57 +0200] "GET /sardines-de-marseille-adult-apron-p-51188.html HTTP/1.0" 301 74613 "-" "Mozilla/5.0 (compatible; SemrushBot/7~bl; +http://www.semrush.com/bot.html)"
173.212.246.91 - - [21/Sep/2022:07:32:59 +0200] "GET /-p-10488.html HTTP/1.0" 200 71872 "-" "Mozilla/5.0 (compatible; MJ12bot/v1.4.8; http://mj12bot.com/)"
185.191.171.23 - - [21/Sep/2022:07:33:00 +0200] "GET /sardines-marseille-adult-apron-p-51188.html HTTP/1.0" 200 74516 "-" "Mozilla/5.0 (compatible; SemrushBot/7~bl; +http://www.semrush.com/bot.html)"
173.212.246.91 - - [21/Sep/2022:07:33:04 +0200] "GET /-p-10521.html HTTP/1.0" 200 71872 "-" "Mozilla/5.0 (compatible; MJ12bot/v1.4.8; http://mj12bot.com/)"
173.212.246.91 - - [21/Sep/2022:07:33:07 +0200] "GET /-p-10685.html HTTP/1.0" 200 71872 "-" "Mozilla/5.0 (compatible; MJ12bot/v1.4.8; http://mj12bot.com/)"
173.212.246.91 - - [21/Sep/2022:07:33:11 +0200] "GET /-p-10692.html HTTP/1.0" 200 71872 "-" "Mozilla/5.0 (compatible; MJ12bot/v1.4.8; http://mj12bot.com/)"
173.212.246.91 - - [21/Sep/2022:07:33:14 +0200] "GET /-p-11000.html HTTP/1.0" 200 71872 "-" "Mozilla/5.0 (compatible; MJ12bot/v1.4.8; http://mj12bot.com/)"
173.212.246.91 - - [21/Sep/2022:07:33:18 +0200] "GET /-p-11065.html HTTP/1.0" 200 71872 "-" "Mozilla/5.0 (compatible; MJ12bot/v1.4.8; http://mj12bot.com/)"
173.212.246.91 - - [21/Sep/2022:07:33:22 +0200] "GET /-p-11099.html HTTP/1.0" 200 71872 "-" "Mozilla/5.0 (compatible; MJ12bot/v1.4.8; http://mj12bot.com/)"
173.212.246.91 - - [21/Sep/2022:07:33:26 +0200] "GET /-p-11108.html HTTP/1.0" 200 71872 "-" "Mozilla/5.0 (compatible; MJ12bot/v1.4.8; http://mj12bot.com/)"
173.212.246.91 - - [21/Sep/2022:07:33:29 +0200] "GET /-p-11109.html HTTP/1.0" 200 71872 "-" "Mozilla/5.0 (compatible; MJ12bot/v1.4.8; http://mj12bot.com/)"
185.191.171.3 - - [21/Sep/2022:07:33:31 +0200] "GET /pusheen-the-grey-cat-pip-soft-toy-17-cm-p-44586.html HTTP/1.0" 301 71939 "-" "Mozilla/5.0 (compatible; SemrushBot/7~bl; +http://www.semrush.com/bot.html)"
173.212.246.91 - - [21/Sep/2022:07:33:33 +0200] "GET /-p-11268.html HTTP/1.0" 200 71872 "-" "Mozilla/5.0 (compatible; MJ12bot/v1.4.8; http://mj12bot.com/)"
185.191.171.40 - - [21/Sep/2022:07:33:34 +0200] "GET /-p-44586.html HTTP/1.0" 200 71872 "-" "Mozilla/5.0 (compatible; SemrushBot/7~bl; +http://www.semrush.com/bot.html)"
173.212.246.91 - - [21/Sep/2022:07:33:36 +0200] "GET /-p-11420.html HTTP/1.0" 200 71872 "-" "Mozilla/5.0 (compatible; MJ12bot/v1.4.8; http://mj12bot.com/)"
66.249.66.212 - - [21/Sep/2022:07:33:38 +0200] "GET /images/mini_prod/8718969000611.jpg HTTP/1.0" 200 269 "-" "Mozilla/5.0 (compatible; Googlebot/2.1; +http://www.google.com/bot.html)"
173.212.246.91 - - [21/Sep/2022:07:33:40 +0200] "GET /-p-11529.html HTTP/1.0" 200 71872 "-" "Mozilla/5.0 (compatible; MJ12bot/v1.4.8; http://mj12bot.com/)"
54.36.149.21 - - [21/Sep/2022:07:33:42 +0200] "GET /frozen-white-pink-disney-p-35543.html HTTP/1.0" 200 74921 "-" "Mozilla/5.0 (compatible; AhrefsBot/7.0; +http://ahrefs.com/robot/)"
173.212.246.91 - - [21/Sep/2022:07:33:44 +0200] "GET /-p-11577.html HTTP/1.0" 200 71872 "-" "Mozilla/5.0 (compatible; MJ12bot/v1.4.8; http://mj12bot.com/)"
173.212.246.91 - - [21/Sep/2022:07:33:48 +0200] "GET /-p-11647.html HTTP/1.0" 200 71872 "-" "Mozilla/5.0 (compatible; MJ12bot/v1.4.8; http://mj12bot.com/)"
173.212.246.91 - - [21/Sep/2022:07:33:52 +0200] "GET /-p-11781.html HTTP/1.0" 200 71872 "-" "Mozilla/5.0 (compatible; MJ12bot/v1.4.8; http://mj12bot.com/)"
173.212.246.91 - - [21/Sep/2022:07:33:56 +0200] "GET /-p-11923.html HTTP/1.0" 200 71872 "-" "Mozilla/5.0 (compatible; MJ12bot/v1.4.8; http://mj12bot.com/)"
173.212.246.91 - - [21/Sep/2022:07:33:59 +0200] "GET /-p-11924.html HTTP/1.0" 200 71872 "-" "Mozilla/5.0 (compatible; MJ12bot/v1.4.8; http://mj12bot.com/)"
125.65.46.208 - - [21/Sep/2022:07:33:59 +0200] "GET / HTTP/1.0" 200 150906 "-" "-"
173.212.246.91 - - [21/Sep/2022:07:34:03 +0200] "GET /-p-12106.html HTTP/1.0" 200 71872 "-" "Mozilla/5.0 (compatible; MJ12bot/v1.4.8; http://mj12bot.com/)"
173.212.246.91 - - [21/Sep/2022:07:34:06 +0200] "GET /-p-12122.html HTTP/1.0" 200 71872 "-" "Mozilla/5.0 (compatible; MJ12bot/v1.4.8; http://mj12bot.com/)"
173.212.246.91 - - [21/Sep/2022:07:34:10 +0200] "GET /-p-12141.html HTTP/1.0" 200 71872 "-" "Mozilla/5.0 (compatible; MJ12bot/v1.4.8; http://mj12bot.com/)"
173.212.246.91 - - [21/Sep/2022:07:34:13 +0200] "GET /-p-12291.html HTTP/1.0" 200 71872 "-" "Mozilla/5.0 (compatible; MJ12bot/v1.4.8; http://mj12bot.com/)"
173.212.246.91 - - [21/Sep/2022:07:34:18 +0200] "GET /-p-12351.html HTTP/1.0" 200 71872 "-" "Mozilla/5.0 (compatible; MJ12bot/v1.4.8; http://mj12bot.com/)"
125.65.46.208 - - [21/Sep/2022:07:34:22 +0200] "GET /contact_us.php HTTP/1.0" 200 26241 "-" "-"
173.212.246.91 - - [21/Sep/2022:07:34:21 +0200] "GET /-p-12356.html HTTP/1.0" 200 71872 "-" "Mozilla/5.0 (compatible; MJ12bot/v1.4.8; http://mj12bot.com/)"
125.65.46.208 - - [21/Sep/2022:07:34:24 +0200] "GET /contact_us.php HTTP/1.0" 200 26241 "-" "-"
173.212.246.91 - - [21/Sep/2022:07:34:25 +0200] "GET /-p-12383.html HTTP/1.0" 200 71872 "-" "Mozilla/5.0 (compatible; MJ12bot/v1.4.8; http://mj12bot.com/)"
125.65.46.208 - - [21/Sep/2022:07:34:27 +0200] "GET /create_account.php HTTP/1.0" 200 33633 "-" "-"
173.212.246.91 - - [21/Sep/2022:07:34:28 +0200] "GET /-p-22581.html HTTP/1.0" 200 71872 "-" "Mozilla/5.0 (compatible; MJ12bot/v1.4.8; http://mj12bot.com/)"
185.191.171.8 - - [21/Sep/2022:07:34:28 +0200] "GET /small-dotty-pink-vintage-pin-up-wallet-p-34364.html HTTP/1.0" 301 71939 "-" "Mozilla/5.0 (compatible; SemrushBot/7~bl; +http://www.semrush.com/bot.html)"
185.191.171.13 - - [21/Sep/2022:07:34:31 +0200] "GET /gund-plush-dog-love-patch-28-cm-p-24294.html HTTP/1.0" 301 79160 "-" "Mozilla/5.0 (compatible; SemrushBot/7~bl; +http://www.semrush.com/bot.html)"
173.212.246.91 - - [21/Sep/2022:07:34:32 +0200] "GET /-p-3438.html HTTP/1.0" 200 71870 "-" "Mozilla/5.0 (compatible; MJ12bot/v1.4.8; http://mj12bot.com/)"
185.191.171.4 - - [21/Sep/2022:07:34:34 +0200] "GET /gund-plush-love-patch-p-24294.html HTTP/1.0" 200 79072 "-" "Mozilla/5.0 (compatible; SemrushBot/7~bl; +http://www.semrush.com/bot.html)"
173.212.246.91 - - [21/Sep/2022:07:34:36 +0200] "GET /-p-34391.html HTTP/1.0" 200 71872 "-" "Mozilla/5.0 (compatible; MJ12bot/v1.4.8; http://mj12bot.com/)"
185.191.171.13 - - [21/Sep/2022:07:34:38 +0200] "GET /-p-34364.html HTTP/1.0" 200 71872 "-" "Mozilla/5.0 (compatible; SemrushBot/7~bl; +http://www.semrush.com/bot.html)"
173.212.246.91 - - [21/Sep/2022:07:34:40 +0200] "GET /-p-3442.html HTTP/1.0" 200 71870 "-" "Mozilla/5.0 (compatible; MJ12bot/v1.4.8; http://mj12bot.com/)"
173.212.246.91 - - [21/Sep/2022:07:34:43 +0200] "GET /-p-3446.html HTTP/1.0" 200 71870 "-" "Mozilla/5.0 (compatible; MJ12bot/v1.4.8; http://mj12bot.com/)"
173.212.246.91 - - [21/Sep/2022:07:34:47 +0200] "GET /-p-3447.html HTTP/1.0" 200 71870 "-" "Mozilla/5.0 (compatible; MJ12bot/v1.4.8; http://mj12bot.com/)"
173.212.246.91 - - [21/Sep/2022:07:34:50 +0200] "GET /-p-34487.html HTTP/1.0" 200 71872 "-" "Mozilla/5.0 (compatible; MJ12bot/v1.4.8; http://mj12bot.com/)"
173.212.246.91 - - [21/Sep/2022:07:34:53 +0200] "GET /-p-34488.html HTTP/1.0" 200 71872 "-" "Mozilla/5.0 (compatible; MJ12bot/v1.4.8; http://mj12bot.com/)"
173.212.246.91 - - [21/Sep/2022:07:34:56 +0200] "GET /-p-3450.html HTTP/1.0" 200 71870 "-" "Mozilla/5.0 (compatible; MJ12bot/v1.4.8; http://mj12bot.com/)"
173.212.246.91 - - [21/Sep/2022:07:34:59 +0200] "GET /-p-3451.html HTTP/1.0" 200 71870 "-" "Mozilla/5.0 (compatible; MJ12bot/v1.4.8; http://mj12bot.com/)"
157.55.39.217 - - [21/Sep/2022:07:35:00 +0200] "GET /artisan-plaster-thermometer-handcrafted-p-58029.html HTTP/1.0" 200 75634 "-" "Mozilla/5.0 (compatible; bingbot/2.0; +http://www.bing.com/bingbot.htm)"
173.212.246.91 - - [21/Sep/2022:07:35:02 +0200] "GET /-p-3458.html HTTP/1.0" 200 71870 "-" "Mozilla/5.0 (compatible; MJ12bot/v1.4.8; http://mj12bot.com/)"
173.212.246.91 - - [21/Sep/2022:07:35:06 +0200] "GET /-p-34584.html HTTP/1.0" 200 71872 "-" "Mozilla/5.0 (compatible; MJ12bot/v1.4.8; http://mj12bot.com/)"
173.212.246.91 - - [21/Sep/2022:07:35:09 +0200] "GET /-p-34587.html HTTP/1.0" 200 71872 "-" "Mozilla/5.0 (compatible; MJ12bot/v1.4.8; http://mj12bot.com/)"
173.212.246.91 - - [21/Sep/2022:07:35:12 +0200] "GET /-p-3459.html HTTP/1.0" 200 71870 "-" "Mozilla/5.0 (compatible; MJ12bot/v1.4.8; http://mj12bot.com/)"
173.212.246.91 - - [21/Sep/2022:07:35:15 +0200] "GET /-p-34597.html HTTP/1.0" 200 71872 "-" "Mozilla/5.0 (compatible; MJ12bot/v1.4.8; http://mj12bot.com/)"
173.212.246.91 - - [21/Sep/2022:07:35:18 +0200] "GET /-p-3460.html HTTP/1.0" 200 71870 "-" "Mozilla/5.0 (compatible; MJ12bot/v1.4.8; http://mj12bot.com/)"
125.65.46.208 - - [21/Sep/2022:07:35:20 +0200] "GET /checkout_shipping.php HTTP/1.0" 302 468 "-" "-"
173.212.246.91 - - [21/Sep/2022:07:35:21 +0200] "GET /-p-34600.html HTTP/1.0" 200 71872 "-" "Mozilla/5.0 (compatible; MJ12bot/v1.4.8; http://mj12bot.com/)"
125.65.46.208 - - [21/Sep/2022:07:35:22 +0200] "GET /login.php HTTP/1.0" 200 17155 "-" "-"
185.191.171.16 - - [21/Sep/2022:07:35:23 +0200] "GET /-p-39575.html HTTP/1.0" 200 71872 "-" "Mozilla/5.0 (compatible; SemrushBot/7~bl; +http://www.semrush.com/bot.html)"
125.65.46.208 - - [21/Sep/2022:07:35:24 +0200] "GET /shopping_cart.php HTTP/1.0" 200 13298 "-" "-"
54.36.148.196 - - [21/Sep/2022:07:35:24 +0200] "GET /dessert-dish-glass-with-anti-slip-feet-p-47333.html HTTP/1.0" 200 74601 "-" "Mozilla/5.0 (compatible; AhrefsBot/7.0; +http://ahrefs.com/robot/)"
125.65.46.208 - - [21/Sep/2022:07:35:26 +0200] "GET /login.php HTTP/1.0" 200 17155 "-" "-"
173.212.246.91 - - [21/Sep/2022:07:35:25 +0200] "GET /-p-3461.html HTTP/1.0" 200 71870 "-" "Mozilla/5.0 (compatible; MJ12bot/v1.4.8; http://mj12bot.com/)"
173.212.246.91 - - [21/Sep/2022:07:35:29 +0200] "GET /-p-34634.html HTTP/1.0" 200 71872 "-" "Mozilla/5.0 (compatible; MJ12bot/v1.4.8; http://mj12bot.com/)"
54.36.148.73 - - [21/Sep/2022:07:35:32 +0200] "GET /images/big_prod/8499132034991.jpg HTTP/1.0" 200 268 "-" "Mozilla/5.0 (compatible; AhrefsBot/7.0; +http://ahrefs.com/robot/)"
125.65.46.208 - - [21/Sep/2022:07:35:29 +0200] "GET /specials.php HTTP/1.0" 200 124319 "-" "-"
173.212.246.91 - - [21/Sep/2022:07:35:32 +0200] "GET /-p-34636.html HTTP/1.0" 200 71872 "-" "Mozilla/5.0 (compatible; MJ12bot/v1.4.8; http://mj12bot.com/)"
66.249.66.214 - - [21/Sep/2022:07:35:33 +0200] "GET /mobile-bells-metal-butterfly-p-41510.html HTTP/1.0" 200 74578 "-" "Mozilla/5.0 (Linux; Android 6.0.1; Nexus 5X Build/MMB29P) AppleWebKit/537.36 (KHTML, like Gecko) Chrome/105.0.5195.102 Mobile Safari/537.36 (compatible; Googlebot/2.1; +http://www.google.com/bot.html)"
173.212.246.91 - - [21/Sep/2022:07:35:35 +0200] "GET /-p-3466.html HTTP/1.0" 200 71870 "-" "Mozilla/5.0 (compatible; MJ12bot/v1.4.8; http://mj12bot.com/)"
125.65.46.208 - - [21/Sep/2022:07:35:36 +0200] "GET /products_new.php HTTP/1.0" 200 94955 "-" "-"
173.212.246.91 - - [21/Sep/2022:07:35:39 +0200] "GET /-p-34667.html HTTP/1.0" 200 71872 "-" "Mozilla/5.0 (compatible; MJ12bot/v1.4.8; http://mj12bot.com/)"
173.212.246.91 - - [21/Sep/2022:07:35:42 +0200] "GET /-p-3467.html HTTP/1.0" 200 71870 "-" "Mozilla/5.0 (compatible; MJ12bot/v1.4.8; http://mj12bot.com/)"
125.65.46.208 - - [21/Sep/2022:07:35:41 +0200] "GET /dishes-c-12.html HTTP/1.0" 200 92707 "-" "-"
125.65.46.208 - - [21/Sep/2022:07:35:45 +0200] "GET /adaptable-decorative-caps-c-12_249.html HTTP/1.0" 200 80496 "-" "-"
173.212.246.91 - - [21/Sep/2022:07:35:46 +0200] "GET /-p-3468.html HTTP/1.0" 200 71870 "-" "Mozilla/5.0 (compatible; MJ12bot/v1.4.8; http://mj12bot.com/)"
173.212.246.91 - - [21/Sep/2022:07:35:49 +0200] "GET /-p-34712.html HTTP/1.0" 200 71872 "-" "Mozilla/5.0 (compatible; MJ12bot/v1.4.8; http://mj12bot.com/)"
125.65.46.208 - - [21/Sep/2022:07:35:50 +0200] "GET /barbecue-aperitif-c-12_254.html HTTP/1.0" 200 91203 "-" "-"
173.212.246.91 - - [21/Sep/2022:07:35:53 +0200] "GET /-p-3472.html HTTP/1.0" 200 71870 "-" "Mozilla/5.0 (compatible; MJ12bot/v1.4.8; http://mj12bot.com/)"
125.65.46.208 - - [21/Sep/2022:07:35:55 +0200] "GET /bottle-holder-beer-bucket-c-12_224.html HTTP/1.0" 200 91978 "-" "-"
173.212.246.91 - - [21/Sep/2022:07:35:56 +0200] "GET /-p-34752.html HTTP/1.0" 200 71872 "-" "Mozilla/5.0 (compatible; MJ12bot/v1.4.8; http://mj12bot.com/)"
173.212.246.91 - - [21/Sep/2022:07:36:00 +0200] "GET /-p-34761.html HTTP/1.0" 200 71872 "-" "Mozilla/5.0 (compatible; MJ12bot/v1.4.8; http://mj12bot.com/)"
125.65.46.208 - - [21/Sep/2022:07:36:00 +0200] "GET /bowls-c-12_60.html HTTP/1.0" 200 94747 "-" "-"
173.212.246.91 - - [21/Sep/2022:07:36:03 +0200] "GET /-p-34784.html HTTP/1.0" 200 71872 "-" "Mozilla/5.0 (compatible; MJ12bot/v1.4.8; http://mj12bot.com/)"
185.191.171.1 - - [21/Sep/2022:07:36:04 +0200] "GET /figurine-caricature-polyrsine-biker-p-42885.html HTTP/1.0" 200 74853 "-" "Mozilla/5.0 (compatible; SemrushBot/7~bl; +http://www.semrush.com/bot.html)"
173.212.246.91 - - [21/Sep/2022:07:36:06 +0200] "GET /-p-34785.html HTTP/1.0" 200 71872 "-" "Mozilla/5.0 (compatible; MJ12bot/v1.4.8; http://mj12bot.com/)"
125.65.46.208 - - [21/Sep/2022:07:36:05 +0200] "GET /bowls-c-12_255.html HTTP/1.0" 200 79751 "-" "-"
173.212.246.91 - - [21/Sep/2022:07:36:10 +0200] "GET /-p-34817.html HTTP/1.0" 200 71872 "-" "Mozilla/5.0 (compatible; MJ12bot/v1.4.8; http://mj12bot.com/)"
