185.191.171.19 - - [21/Sep/2022:03:25:52 +0200] "GET /pisces-mousepad-by-cbkreation-p-43306.html HTTP/1.0" 301 74675 "-" "Mozilla/5.0 (compatible; SemrushBot/7~bl; +http://www.semrush.com/bot.html)"
185.191.171.17 - - [21/Sep/2022:03:25:55 +0200] "GET /pisces-mousepad-cbkreation-p-43306.html HTTP/1.0" 200 74582 "-" "Mozilla/5.0 (compatible; SemrushBot/7~bl; +http://www.semrush.com/bot.html)"
149.202.82.11 - - [21/Sep/2022:03:25:57 +0200] "GET /boutis-bedspread-pillowcases-arkansas-p-38894.html HTTP/1.0" 200 72004 "-" "Mozilla/5.0 (compatible; MJ12bot/v1.4.8; http://mj12bot.com/)"
167.86.71.242 - - [21/Sep/2022:03:26:00 +0200] "GET /-p-23680.html HTTP/1.0" 200 71872 "-" "Mozilla/5.0 (compatible; MJ12bot/v1.4.8; http://mj12bot.com/)"
185.191.171.2 - - [21/Sep/2022:03:26:03 +0200] "GET /dubout-cats-glasses-box-p-32243.html HTTP/1.0" 301 74651 "-" "Mozilla/5.0 (compatible; SemrushBot/7~bl; +http://www.semrush.com/bot.html)"
185.191.171.40 - - [21/Sep/2022:03:26:06 +0200] "GET /dubout-cats-glasses-p-32243.html HTTP/1.0" 200 74565 "-" "Mozilla/5.0 (compatible; SemrushBot/7~bl; +http://www.semrush.com/bot.html)"
114.119.137.45 - - [21/Sep/2022:03:26:09 +0200] "GET /images/big_prod_2/4250255859250c.jpg HTTP/1.0" 200 271 "https://www.viomathisis.gr/it/products-Mood-Tassen-Made-in-411781.jsp" "Mozilla/5.0 (Linux; Android 7.0;) AppleWebKit/537.36 (KHTML, like Gecko) Mobile Safari/537.36 (compatible; PetalBot;+https://webmaster.petalsearch.com/site/petalbot)"
51.222.253.2 - - [21/Sep/2022:03:26:08 +0200] "GET /paris-vintage-clock-p-50366.html HTTP/1.0" 200 74631 "-" "Mozilla/5.0 (compatible; AhrefsBot/7.0; +http://ahrefs.com/robot/)"
51.222.253.16 - - [21/Sep/2022:03:26:13 +0200] "GET /images/big_prod/3453131149754NN.jpg HTTP/1.0" 200 270 "-" "Mozilla/5.0 (compatible; AhrefsBot/7.0; +http://ahrefs.com/robot/)"
167.86.71.242 - - [21/Sep/2022:03:26:13 +0200] "GET /-p-23687.html HTTP/1.0" 200 71872 "-" "Mozilla/5.0 (compatible; MJ12bot/v1.4.8; http://mj12bot.com/)"
54.174.193.10 - - [21/Sep/2022:03:26:14 +0200] "GET /images/mini_prod/3609810063679.jpg HTTP/1.0" 200 269 "-" "Mozilla/5.0 (X11; Ubuntu; Linux x86_64; rv:72.0) Gecko/20100101 Firefox/72.0"
66.249.66.212 - - [21/Sep/2022:03:26:13 +0200] "GET /tweety-surf-money-box-p-34080.html HTTP/1.0" 301 74653 "-" "Mozilla/5.0 (compatible; Googlebot/2.1; +http://www.google.com/bot.html)"
149.202.82.11 - - [21/Sep/2022:03:26:15 +0200] "GET /boutis-bedspread-and-pillowcases-pascale-p-39804.html HTTP/1.0" 301 71939 "-" "Mozilla/5.0 (compatible; MJ12bot/v1.4.8; http://mj12bot.com/)"
66.249.66.214 - - [21/Sep/2022:03:26:16 +0200] "GET /tweety-surf-money-p-34080.html HTTP/1.0" 200 74569 "-" "Mozilla/5.0 (compatible; Googlebot/2.1; +http://www.google.com/bot.html)"
185.191.171.2 - - [21/Sep/2022:03:26:21 +0200] "GET /model-best-musical-card-with-envelope-p-19786.html HTTP/1.0" 200 74772 "-" "Mozilla/5.0 (compatible; SemrushBot/7~bl; +http://www.semrush.com/bot.html)"
167.86.71.242 - - [21/Sep/2022:03:26:25 +0200] "GET /-p-23688.html HTTP/1.0" 200 71872 "-" "Mozilla/5.0 (compatible; MJ12bot/v1.4.8; http://mj12bot.com/)"
149.202.82.11 - - [21/Sep/2022:03:26:27 +0200] "GET /-p-39804.html HTTP/1.0" 200 71872 "-" "Mozilla/5.0 (compatible; MJ12bot/v1.4.8; http://mj12bot.com/)"
51.15.183.168 - - [21/Sep/2022:03:26:29 +0200] "GET /mambots/editors/fckeditor/editor/filemanager/browser/default/connectors/php/connector.php?Command=GetFoldersAndFiles&Type=File&CurrentFolder=%2F HTTP/1.0" 301 811 "-" "Mozilla/5.0 (Windows NT 6.3; Win64; x64) AppleWebKit/537.36 (KHTML, like Gecko) Chrome/75.0.3770.100 Safari/537.36"
51.15.183.168 - - [21/Sep/2022:03:26:29 +0200] "GET /mambots/editors/fckeditor/editor/filemanager/browser/default/connectors/php/connector.php?Command=GetFoldersAndFiles&Type=File&CurrentFolder=%252F HTTP/1.0" 404 1308 "-" "Mozilla/5.0 (Windows NT 6.3; Win64; x64) AppleWebKit/537.36 (KHTML, like Gecko) Chrome/75.0.3770.100 Safari/537.36"
185.191.171.42 - - [21/Sep/2022:03:26:35 +0200] "GET /shooters-and-their-resin-display-stand-p-42771.html HTTP/1.0" 301 74765 "-" "Mozilla/5.0 (compatible; SemrushBot/7~bl; +http://www.semrush.com/bot.html)"
167.86.71.242 - - [21/Sep/2022:03:26:35 +0200] "GET /-p-23699.html HTTP/1.0" 200 71872 "-" "Mozilla/5.0 (compatible; MJ12bot/v1.4.8; http://mj12bot.com/)"
51.222.253.7 - - [21/Sep/2022:03:26:37 +0200] "GET /coca-cola-large-metal-plate-deco-p-35213.html HTTP/1.0" 200 74608 "-" "Mozilla/5.0 (compatible; AhrefsBot/7.0; +http://ahrefs.com/robot/)"
185.191.171.2 - - [21/Sep/2022:03:26:38 +0200] "GET /shooters-their-resin-display-stand-p-42771.html HTTP/1.0" 200 74664 "-" "Mozilla/5.0 (compatible; SemrushBot/7~bl; +http://www.semrush.com/bot.html)"
149.202.82.11 - - [21/Sep/2022:03:26:41 +0200] "GET /boutis-bedspread-and-pillowcases-philippe-p-39803.html HTTP/1.0" 301 71939 "-" "Mozilla/5.0 (compatible; MJ12bot/v1.4.8; http://mj12bot.com/)"
51.222.253.15 - - [21/Sep/2022:03:26:42 +0200] "GET /small-appliances-and-hifi-c-13_88.html HTTP/1.0" 301 85382 "-" "Mozilla/5.0 (compatible; AhrefsBot/7.0; +http://ahrefs.com/robot/)"
167.86.71.242 - - [21/Sep/2022:03:26:43 +0200] "GET /-p-23702.html HTTP/1.0" 200 71872 "-" "Mozilla/5.0 (compatible; MJ12bot/v1.4.8; http://mj12bot.com/)"
66.249.66.212 - - [21/Sep/2022:03:26:43 +0200] "GET /guevara-hasta-victoria-siempre-zippo-lighter-p-37645.html HTTP/1.0" 200 75164 "-" "Mozilla/5.0 (Linux; Android 6.0.1; Nexus 5X Build/MMB29P) AppleWebKit/537.36 (KHTML, like Gecko) Chrome/105.0.5195.125 Mobile Safari/537.36 (compatible; Googlebot/2.1; +http://www.google.com/bot.html)"
34.67.96.123 - - [21/Sep/2022:03:26:47 +0200] "GET /images/mini_prod/5051276388168.jpg HTTP/1.0" 200 269 "-" "Mozilla/5.0 (X11; Ubuntu; Linux x86_64; rv:72.0) Gecko/20100101 Firefox/72.0"
167.86.71.242 - - [21/Sep/2022:03:26:48 +0200] "GET /-p-23763.html HTTP/1.0" 200 71872 "-" "Mozilla/5.0 (compatible; MJ12bot/v1.4.8; http://mj12bot.com/)"
167.86.71.242 - - [21/Sep/2022:03:26:55 +0200] "GET /-p-23813.html HTTP/1.0" 200 71872 "-" "Mozilla/5.0 (compatible; MJ12bot/v1.4.8; http://mj12bot.com/)"
149.202.82.11 - - [21/Sep/2022:03:27:03 +0200] "GET /-p-39803.html HTTP/1.0" 200 71872 "-" "Mozilla/5.0 (compatible; MJ12bot/v1.4.8; http://mj12bot.com/)"
51.222.253.20 - - [21/Sep/2022:03:27:06 +0200] "GET /coca-cola-large-metal-plate-deco-p-27969.html HTTP/1.0" 200 74575 "-" "Mozilla/5.0 (compatible; AhrefsBot/7.0; +http://ahrefs.com/robot/)"
167.86.71.242 - - [21/Sep/2022:03:27:07 +0200] "GET /-p-23815.html HTTP/1.0" 200 71872 "-" "Mozilla/5.0 (compatible; MJ12bot/v1.4.8; http://mj12bot.com/)"
51.222.253.2 - - [21/Sep/2022:03:27:11 +0200] "GET /images/big_prod/4036113270067.jpg HTTP/1.0" 200 268 "-" "Mozilla/5.0 (compatible; AhrefsBot/7.0; +http://ahrefs.com/robot/)"
66.249.66.210 - - [21/Sep/2022:03:27:09 +0200] "GET /story-prickles-figure-p-6754.html HTTP/1.0" 200 74646 "-" "Mozilla/5.0 (Linux; Android 6.0.1; Nexus 5X Build/MMB29P) AppleWebKit/537.36 (KHTML, like Gecko) Chrome/105.0.5195.125 Mobile Safari/537.36 (compatible; Googlebot/2.1; +http://www.google.com/bot.html)"
68.49.151.216 - - [21/Sep/2022:03:27:14 +0200] "GET /betty-boop-mtal-ashtray-hussy-p-36136.html HTTP/1.0" 200 75218 "https://www.google.com/" "Mozilla/5.0 (Macintosh; Intel Mac OS X 10_15_7) AppleWebKit/537.36 (KHTML, like Gecko) Chrome/104.0.0.0 Safari/537.36"
68.49.151.216 - - [21/Sep/2022:03:27:15 +0200] "GET /highslide/highslide.js HTTP/1.0" 200 262 "http://www.wonder-geek.com/betty-boop-mtal-ashtray-hussy-p-36136.html" "Mozilla/5.0 (Macintosh; Intel Mac OS X 10_15_7) AppleWebKit/537.36 (KHTML, like Gecko) Chrome/104.0.0.0 Safari/537.36"
68.49.151.216 - - [21/Sep/2022:03:27:15 +0200] "GET /templates/Pixame_v1/stylesheet.css HTTP/1.0" 200 267 "http://www.wonder-geek.com/betty-boop-mtal-ashtray-hussy-p-36136.html" "Mozilla/5.0 (Macintosh; Intel Mac OS X 10_15_7) AppleWebKit/537.36 (KHTML, like Gecko) Chrome/104.0.0.0 Safari/537.36"
68.49.151.216 - - [21/Sep/2022:03:27:15 +0200] "GET /js/jquery.js HTTP/1.0" 200 252 "http://www.wonder-geek.com/betty-boop-mtal-ashtray-hussy-p-36136.html" "Mozilla/5.0 (Macintosh; Intel Mac OS X 10_15_7) AppleWebKit/537.36 (KHTML, like Gecko) Chrome/104.0.0.0 Safari/537.36"
68.49.151.216 - - [21/Sep/2022:03:27:16 +0200] "GET /js/jquery.jqzoom.js HTTP/1.0" 200 259 "http://www.wonder-geek.com/betty-boop-mtal-ashtray-hussy-p-36136.html" "Mozilla/5.0 (Macintosh; Intel Mac OS X 10_15_7) AppleWebKit/537.36 (KHTML, like Gecko) Chrome/104.0.0.0 Safari/537.36"
68.49.151.216 - - [21/Sep/2022:03:27:16 +0200] "GET /mondial_relay/js/jquery-1.3.2.min.js HTTP/1.0" 200 276 "http://www.wonder-geek.com/betty-boop-mtal-ashtray-hussy-p-36136.html" "Mozilla/5.0 (Macintosh; Intel Mac OS X 10_15_7) AppleWebKit/537.36 (KHTML, like Gecko) Chrome/104.0.0.0 Safari/537.36"
68.49.151.216 - - [21/Sep/2022:03:27:16 +0200] "GET /swfobject.js HTTP/1.0" 404 1308 "http://www.wonder-geek.com/betty-boop-mtal-ashtray-hussy-p-36136.html" "Mozilla/5.0 (Macintosh; Intel Mac OS X 10_15_7) AppleWebKit/537.36 (KHTML, like Gecko) Chrome/104.0.0.0 Safari/537.36"
68.49.151.216 - - [21/Sep/2022:03:27:16 +0200] "GET /templates/Pixame_v1/images/icon_accueil2.png HTTP/1.0" 200 278 "http://www.wonder-geek.com/betty-boop-mtal-ashtray-hussy-p-36136.html" "Mozilla/5.0 (Macintosh; Intel Mac OS X 10_15_7) AppleWebKit/537.36 (KHTML, like Gecko) Chrome/104.0.0.0 Safari/537.36"
68.49.151.216 - - [21/Sep/2022:03:27:16 +0200] "GET /templates/Pixame_v1/images/infobox/pixel_trans.gif HTTP/1.0" 200 328 "http://www.wonder-geek.com/betty-boop-mtal-ashtray-hussy-p-36136.html" "Mozilla/5.0 (Macintosh; Intel Mac OS X 10_15_7) AppleWebKit/537.36 (KHTML, like Gecko) Chrome/104.0.0.0 Safari/537.36"
68.49.151.216 - - [21/Sep/2022:03:27:16 +0200] "GET /images/pixel_trans.gif HTTP/1.0" 200 328 "http://www.wonder-geek.com/betty-boop-mtal-ashtray-hussy-p-36136.html" "Mozilla/5.0 (Macintosh; Intel Mac OS X 10_15_7) AppleWebKit/537.36 (KHTML, like Gecko) Chrome/104.0.0.0 Safari/537.36"
68.49.151.216 - - [21/Sep/2022:03:27:16 +0200] "GET /templates/Pixame_v1/images/Bottom_texture.jpg HTTP/1.0" 200 280 "http://www.wonder-geek.com/templates/Pixame_v1/stylesheet.css" "Mozilla/5.0 (Macintosh; Intel Mac OS X 10_15_7) AppleWebKit/537.36 (KHTML, like Gecko) Chrome/104.0.0.0 Safari/537.36"
68.49.151.216 - - [21/Sep/2022:03:27:16 +0200] "GET /templates/Pixame_v1/images/Middle_texture.jpg HTTP/1.0" 200 280 "http://www.wonder-geek.com/templates/Pixame_v1/stylesheet.css" "Mozilla/5.0 (Macintosh; Intel Mac OS X 10_15_7) AppleWebKit/537.36 (KHTML, like Gecko) Chrome/104.0.0.0 Safari/537.36"
68.49.151.216 - - [21/Sep/2022:03:27:16 +0200] "GET /templates/Pixame_v1/images/header.png HTTP/1.0" 200 271 "http://www.wonder-geek.com/templates/Pixame_v1/stylesheet.css" "Mozilla/5.0 (Macintosh; Intel Mac OS X 10_15_7) AppleWebKit/537.36 (KHTML, like Gecko) Chrome/104.0.0.0 Safari/537.36"
68.49.151.216 - - [21/Sep/2022:03:27:17 +0200] "GET /templates/Pixame_v1/images/header-object.png HTTP/1.0" 200 278 "http://www.wonder-geek.com/templates/Pixame_v1/stylesheet.css" "Mozilla/5.0 (Macintosh; Intel Mac OS X 10_15_7) AppleWebKit/537.36 (KHTML, like Gecko) Chrome/104.0.0.0 Safari/537.36"
68.49.151.216 - - [21/Sep/2022:03:27:17 +0200] "GET /templates/Pixame_v1/images/nav.png HTTP/1.0" 200 268 "http://www.wonder-geek.com/templates/Pixame_v1/stylesheet.css" "Mozilla/5.0 (Macintosh; Intel Mac OS X 10_15_7) AppleWebKit/537.36 (KHTML, like Gecko) Chrome/104.0.0.0 Safari/537.36"
68.49.151.216 - - [21/Sep/2022:03:27:17 +0200] "GET /images/big_prod/1384010189962B.jpg HTTP/1.0" 200 269 "http://www.wonder-geek.com/betty-boop-mtal-ashtray-hussy-p-36136.html" "Mozilla/5.0 (Macintosh; Intel Mac OS X 10_15_7) AppleWebKit/537.36 (KHTML, like Gecko) Chrome/104.0.0.0 Safari/537.36"
68.49.151.216 - - [21/Sep/2022:03:27:17 +0200] "GET /highslide/graphics/zoomin.cur HTTP/1.0" 200 614 "http://www.wonder-geek.com/templates/Pixame_v1/stylesheet.css" "Mozilla/5.0 (Macintosh; Intel Mac OS X 10_15_7) AppleWebKit/537.36 (KHTML, like Gecko) Chrome/104.0.0.0 Safari/537.36"
68.49.151.216 - - [21/Sep/2022:03:27:17 +0200] "GET /design/productsenstock.png HTTP/1.0" 200 260 "http://www.wonder-geek.com/templates/Pixame_v1/stylesheet.css" "Mozilla/5.0 (Macintosh; Intel Mac OS X 10_15_7) AppleWebKit/537.36 (KHTML, like Gecko) Chrome/104.0.0.0 Safari/537.36"
68.49.151.216 - - [21/Sep/2022:03:27:17 +0200] "GET /templates/Pixame_v1/images/infobox/infobox_footer_middle.gif HTTP/1.0" 200 357 "http://www.wonder-geek.com/betty-boop-mtal-ashtray-hussy-p-36136.html" "Mozilla/5.0 (Macintosh; Intel Mac OS X 10_15_7) AppleWebKit/537.36 (KHTML, like Gecko) Chrome/104.0.0.0 Safari/537.36"
68.49.151.216 - - [21/Sep/2022:03:27:17 +0200] "GET /templates/Pixame_v1/images/pixel_trans.gif HTTP/1.0" 200 328 "http://www.wonder-geek.com/betty-boop-mtal-ashtray-hussy-p-36136.html" "Mozilla/5.0 (Macintosh; Intel Mac OS X 10_15_7) AppleWebKit/537.36 (KHTML, like Gecko) Chrome/104.0.0.0 Safari/537.36"
68.49.151.216 - - [21/Sep/2022:03:27:17 +0200] "GET /images/big_prod_1/1384010189962C.jpg HTTP/1.0" 200 271 "http://www.wonder-geek.com/betty-boop-mtal-ashtray-hussy-p-36136.html" "Mozilla/5.0 (Macintosh; Intel Mac OS X 10_15_7) AppleWebKit/537.36 (KHTML, like Gecko) Chrome/104.0.0.0 Safari/537.36"
68.49.151.216 - - [21/Sep/2022:03:27:17 +0200] "GET /templates/Pixame_v1/images/buttons/english/button_in_cart.gif HTTP/1.0" 200 295 "http://www.wonder-geek.com/betty-boop-mtal-ashtray-hussy-p-36136.html" "Mozilla/5.0 (Macintosh; Intel Mac OS X 10_15_7) AppleWebKit/537.36 (KHTML, like Gecko) Chrome/104.0.0.0 Safari/537.36"
68.49.151.216 - - [21/Sep/2022:03:27:18 +0200] "GET /highslide/graphics/outlines/drop-shadow.png HTTP/1.0" 200 277 "http://www.wonder-geek.com/betty-boop-mtal-ashtray-hussy-p-36136.html" "Mozilla/5.0 (Macintosh; Intel Mac OS X 10_15_7) AppleWebKit/537.36 (KHTML, like Gecko) Chrome/104.0.0.0 Safari/537.36"
68.49.151.216 - - [21/Sep/2022:03:27:18 +0200] "GET /highslide/graphics/loader.white.gif HTTP/1.0" 200 960 "http://www.wonder-geek.com/templates/Pixame_v1/stylesheet.css" "Mozilla/5.0 (Macintosh; Intel Mac OS X 10_15_7) AppleWebKit/537.36 (KHTML, like Gecko) Chrome/104.0.0.0 Safari/537.36"
68.49.151.216 - - [21/Sep/2022:03:27:18 +0200] "GET /highslide/graphics/zoomout.cur HTTP/1.0" 200 614 "http://www.wonder-geek.com/betty-boop-mtal-ashtray-hussy-p-36136.html" "Mozilla/5.0 (Macintosh; Intel Mac OS X 10_15_7) AppleWebKit/537.36 (KHTML, like Gecko) Chrome/104.0.0.0 Safari/537.36"
68.49.151.216 - - [21/Sep/2022:03:27:18 +0200] "GET /favicon.ico HTTP/1.0" 200 260 "http://www.wonder-geek.com/betty-boop-mtal-ashtray-hussy-p-36136.html" "Mozilla/5.0 (Macintosh; Intel Mac OS X 10_15_7) AppleWebKit/537.36 (KHTML, like Gecko) Chrome/104.0.0.0 Safari/537.36"
149.202.82.11 - - [21/Sep/2022:03:27:18 +0200] "GET /boutis-bedspread-pillowcases-arkansas-p-38894.html HTTP/1.0" 200 72004 "-" "Mozilla/5.0 (compatible; MJ12bot/v1.4.8; http://mj12bot.com/)"
167.86.71.242 - - [21/Sep/2022:03:27:18 +0200] "GET /-p-23817.html HTTP/1.0" 200 71872 "-" "Mozilla/5.0 (compatible; MJ12bot/v1.4.8; http://mj12bot.com/)"
167.86.71.242 - - [21/Sep/2022:03:27:32 +0200] "GET /-p-23819.html HTTP/1.0" 200 71872 "-" "Mozilla/5.0 (compatible; MJ12bot/v1.4.8; http://mj12bot.com/)"
149.202.82.11 - - [21/Sep/2022:03:27:34 +0200] "GET /bowler-halogen-lamp-design-p-19748.html HTTP/1.0" 301 71939 "-" "Mozilla/5.0 (compatible; MJ12bot/v1.4.8; http://mj12bot.com/)"
51.222.253.6 - - [21/Sep/2022:03:27:35 +0200] "GET /storage-cups-c-12_159_264.html HTTP/1.0" 200 92047 "-" "Mozilla/5.0 (compatible; AhrefsBot/7.0; +http://ahrefs.com/robot/)"
185.191.171.43 - - [21/Sep/2022:03:27:41 +0200] "GET /rolling-stones-glitters-zippo-lighter-p-41026.html HTTP/1.0" 200 77060 "-" "Mozilla/5.0 (compatible; SemrushBot/7~bl; +http://www.semrush.com/bot.html)"
51.222.253.15 - - [21/Sep/2022:03:27:42 +0200] "GET /images/mini_prod/8424001424788.jpg HTTP/1.0" 200 269 "-" "Mozilla/5.0 (compatible; AhrefsBot/7.0; +http://ahrefs.com/robot/)"
51.222.253.12 - - [21/Sep/2022:03:27:43 +0200] "GET /images/mini_prod/3453131129664.jpg HTTP/1.0" 200 269 "-" "Mozilla/5.0 (compatible; AhrefsBot/7.0; +http://ahrefs.com/robot/)"
51.222.253.17 - - [21/Sep/2022:03:27:43 +0200] "GET /images/mini_prod/1961330000001.jpg HTTP/1.0" 200 269 "-" "Mozilla/5.0 (compatible; AhrefsBot/7.0; +http://ahrefs.com/robot/)"
51.222.253.2 - - [21/Sep/2022:03:27:43 +0200] "GET /images/mini_prod/3453131155441.jpg HTTP/1.0" 200 269 "-" "Mozilla/5.0 (compatible; AhrefsBot/7.0; +http://ahrefs.com/robot/)"
51.222.253.10 - - [21/Sep/2022:03:27:44 +0200] "GET /images/mini_prod/3453131129657.jpg HTTP/1.0" 200 269 "-" "Mozilla/5.0 (compatible; AhrefsBot/7.0; +http://ahrefs.com/robot/)"
51.222.253.14 - - [21/Sep/2022:03:27:44 +0200] "GET /images/mini_prod/8433933240403.jpg HTTP/1.0" 200 269 "-" "Mozilla/5.0 (compatible; AhrefsBot/7.0; +http://ahrefs.com/robot/)"
51.222.253.13 - - [21/Sep/2022:03:27:45 +0200] "GET /images/mini_prod/8424001622061.jpg HTTP/1.0" 200 269 "-" "Mozilla/5.0 (compatible; AhrefsBot/7.0; +http://ahrefs.com/robot/)"
51.222.253.17 - - [21/Sep/2022:03:27:45 +0200] "GET /images/mini_prod/3453131145978.jpg HTTP/1.0" 200 269 "-" "Mozilla/5.0 (compatible; AhrefsBot/7.0; +http://ahrefs.com/robot/)"
167.86.71.242 - - [21/Sep/2022:03:27:44 +0200] "GET /-p-23822.html HTTP/1.0" 200 71872 "-" "Mozilla/5.0 (compatible; MJ12bot/v1.4.8; http://mj12bot.com/)"
51.222.253.12 - - [21/Sep/2022:03:27:45 +0200] "GET /images/mini_prod/3453131149815.jpg HTTP/1.0" 200 269 "-" "Mozilla/5.0 (compatible; AhrefsBot/7.0; +http://ahrefs.com/robot/)"
51.222.253.6 - - [21/Sep/2022:03:27:46 +0200] "GET /images/mini_prod/3453131129589.jpg HTTP/1.0" 200 269 "-" "Mozilla/5.0 (compatible; AhrefsBot/7.0; +http://ahrefs.com/robot/)"
51.222.253.2 - - [21/Sep/2022:03:27:46 +0200] "GET /images/mini_prod/8424001421770.jpg HTTP/1.0" 200 269 "-" "Mozilla/5.0 (compatible; AhrefsBot/7.0; +http://ahrefs.com/robot/)"
51.222.253.19 - - [21/Sep/2022:03:27:47 +0200] "GET /images/mini_prod/8433933192832.jpg HTTP/1.0" 200 269 "-" "Mozilla/5.0 (compatible; AhrefsBot/7.0; +http://ahrefs.com/robot/)"
51.222.253.3 - - [21/Sep/2022:03:27:47 +0200] "GET /images/mini_prod/8424346048717.jpg HTTP/1.0" 200 269 "-" "Mozilla/5.0 (compatible; AhrefsBot/7.0; +http://ahrefs.com/robot/)"
51.222.253.17 - - [21/Sep/2022:03:27:47 +0200] "GET /images/mini_prod/3453131129671.jpg HTTP/1.0" 200 269 "-" "Mozilla/5.0 (compatible; AhrefsBot/7.0; +http://ahrefs.com/robot/)"
51.222.253.19 - - [21/Sep/2022:03:27:48 +0200] "GET /images/mini_prod/1962360000009.jpg HTTP/1.0" 200 269 "-" "Mozilla/5.0 (compatible; AhrefsBot/7.0; +http://ahrefs.com/robot/)"
51.222.253.17 - - [21/Sep/2022:03:27:49 +0200] "GET /images/mini_prod/8424346041534.jpg HTTP/1.0" 200 269 "-" "Mozilla/5.0 (compatible; AhrefsBot/7.0; +http://ahrefs.com/robot/)"
51.222.253.6 - - [21/Sep/2022:03:27:50 +0200] "GET /images/mini_prod/3453131114080.jpg HTTP/1.0" 200 269 "-" "Mozilla/5.0 (compatible; AhrefsBot/7.0; +http://ahrefs.com/robot/)"
167.86.71.242 - - [21/Sep/2022:03:27:50 +0200] "GET /-p-23855.html HTTP/1.0" 200 71872 "-" "Mozilla/5.0 (compatible; MJ12bot/v1.4.8; http://mj12bot.com/)"
149.202.82.11 - - [21/Sep/2022:03:27:52 +0200] "GET /-p-19748.html HTTP/1.0" 200 71872 "-" "Mozilla/5.0 (compatible; MJ12bot/v1.4.8; http://mj12bot.com/)"
185.191.171.8 - - [21/Sep/2022:03:27:52 +0200] "GET /kimmidoll-eika-phone-cover-for-iphone-4s-p-18048.html HTTP/1.0" 301 77435 "-" "Mozilla/5.0 (compatible; SemrushBot/7~bl; +http://www.semrush.com/bot.html)"
185.191.171.19 - - [21/Sep/2022:03:27:56 +0200] "GET /kimmidoll-eika-phone-cover-iphone-p-18048.html HTTP/1.0" 200 77335 "-" "Mozilla/5.0 (compatible; SemrushBot/7~bl; +http://www.semrush.com/bot.html)"
185.191.171.35 - - [21/Sep/2022:03:27:59 +0200] "GET /vronse-body-talk-resin-statuette-seated-naked-p-54721.html HTTP/1.0" 200 75788 "-" "Mozilla/5.0 (compatible; SemrushBot/7~bl; +http://www.semrush.com/bot.html)"
167.86.71.242 - - [21/Sep/2022:03:28:03 +0200] "GET /-p-23959.html HTTP/1.0" 200 71872 "-" "Mozilla/5.0 (compatible; MJ12bot/v1.4.8; http://mj12bot.com/)"
51.222.253.16 - - [21/Sep/2022:03:28:03 +0200] "GET /fitted-sheet-color-black-p-38886.html HTTP/1.0" 200 75483 "-" "Mozilla/5.0 (compatible; AhrefsBot/7.0; +http://ahrefs.com/robot/)"
51.222.253.18 - - [21/Sep/2022:03:28:10 +0200] "GET /images/big_prod_2/3014627829361b.jpg HTTP/1.0" 200 271 "-" "Mozilla/5.0 (compatible; AhrefsBot/7.0; +http://ahrefs.com/robot/)"
51.222.253.17 - - [21/Sep/2022:03:28:11 +0200] "GET /images/big_prod/3014627829361.jpg HTTP/1.0" 200 268 "-" "Mozilla/5.0 (compatible; AhrefsBot/7.0; +http://ahrefs.com/robot/)"
51.222.253.4 - - [21/Sep/2022:03:28:12 +0200] "GET /images/big_prod_1/3014627829361a.jpg HTTP/1.0" 200 271 "-" "Mozilla/5.0 (compatible; AhrefsBot/7.0; +http://ahrefs.com/robot/)"
149.202.82.11 - - [21/Sep/2022:03:28:12 +0200] "GET /box-of-sardines-metal-clock-29-cm-p-40851.html HTTP/1.0" 301 71939 "-" "Mozilla/5.0 (compatible; MJ12bot/v1.4.8; http://mj12bot.com/)"
167.86.71.242 - - [21/Sep/2022:03:28:12 +0200] "GET /-p-23962.html HTTP/1.0" 200 71872 "-" "Mozilla/5.0 (compatible; MJ12bot/v1.4.8; http://mj12bot.com/)"
185.191.171.10 - - [21/Sep/2022:03:28:21 +0200] "GET /plush-keeleco-eco-friendly-tortoise-p-51856.html HTTP/1.0" 301 72078 "-" "Mozilla/5.0 (compatible; SemrushBot/7~bl; +http://www.semrush.com/bot.html)"
167.86.71.242 - - [21/Sep/2022:03:28:22 +0200] "GET /-p-24019.html HTTP/1.0" 200 71872 "-" "Mozilla/5.0 (compatible; MJ12bot/v1.4.8; http://mj12bot.com/)"
185.191.171.42 - - [21/Sep/2022:03:28:24 +0200] "GET /plush-keeleco-friendly-tortoise-p-51856.html HTTP/1.0" 200 71980 "-" "Mozilla/5.0 (compatible; SemrushBot/7~bl; +http://www.semrush.com/bot.html)"
149.202.82.11 - - [21/Sep/2022:03:28:27 +0200] "GET /-p-40851.html HTTP/1.0" 200 71872 "-" "Mozilla/5.0 (compatible; MJ12bot/v1.4.8; http://mj12bot.com/)"
51.222.253.8 - - [21/Sep/2022:03:28:28 +0200] "GET /ceramic-incense-burner-p-58419.html HTTP/1.0" 200 75270 "-" "Mozilla/5.0 (compatible; AhrefsBot/7.0; +http://ahrefs.com/robot/)"
167.86.71.242 - - [21/Sep/2022:03:28:30 +0200] "GET /-p-24058.html HTTP/1.0" 200 71872 "-" "Mozilla/5.0 (compatible; MJ12bot/v1.4.8; http://mj12bot.com/)"
51.222.253.14 - - [21/Sep/2022:03:28:34 +0200] "GET /images/big_prod/4029825006307C.jpg HTTP/1.0" 200 269 "-" "Mozilla/5.0 (compatible; AhrefsBot/7.0; +http://ahrefs.com/robot/)"
51.222.253.18 - - [21/Sep/2022:03:28:35 +0200] "GET /images/big_prod_1/4029825006307B.jpg HTTP/1.0" 200 271 "-" "Mozilla/5.0 (compatible; AhrefsBot/7.0; +http://ahrefs.com/robot/)"
66.249.66.212 - - [21/Sep/2022:03:28:38 +0200] "GET /images/mini_prod/3700276294475.jpg HTTP/1.0" 200 269 "-" "Googlebot-Image/1.0"
167.86.71.242 - - [21/Sep/2022:03:28:40 +0200] "GET /-p-24110.html HTTP/1.0" 200 71872 "-" "Mozilla/5.0 (compatible; MJ12bot/v1.4.8; http://mj12bot.com/)"
149.202.82.11 - - [21/Sep/2022:03:28:40 +0200] "GET /british-metal-case-business-cards-p-11853.html HTTP/1.0" 200 75456 "-" "Mozilla/5.0 (compatible; MJ12bot/v1.4.8; http://mj12bot.com/)"
149.202.82.11 - - [21/Sep/2022:03:28:51 +0200] "GET /britto-cat-photo-frame-p-33333.html HTTP/1.0" 301 71939 "-" "Mozilla/5.0 (compatible; MJ12bot/v1.4.8; http://mj12bot.com/)"
167.86.71.242 - - [21/Sep/2022:03:28:54 +0200] "GET /-p-24181.html HTTP/1.0" 200 71872 "-" "Mozilla/5.0 (compatible; MJ12bot/v1.4.8; http://mj12bot.com/)"
51.222.253.14 - - [21/Sep/2022:03:28:57 +0200] "GET /dishes-c-12.html?page=21 HTTP/1.0" 200 93192 "-" "Mozilla/5.0 (compatible; AhrefsBot/7.0; +http://ahrefs.com/robot/)"
149.202.82.11 - - [21/Sep/2022:03:29:05 +0200] "GET /-p-33333.html HTTP/1.0" 200 71872 "-" "Mozilla/5.0 (compatible; MJ12bot/v1.4.8; http://mj12bot.com/)"
167.86.71.242 - - [21/Sep/2022:03:29:05 +0200] "GET /-p-24269.html HTTP/1.0" 200 71872 "-" "Mozilla/5.0 (compatible; MJ12bot/v1.4.8; http://mj12bot.com/)"
167.86.71.242 - - [21/Sep/2022:03:29:16 +0200] "GET /-p-24270.html HTTP/1.0" 200 71872 "-" "Mozilla/5.0 (compatible; MJ12bot/v1.4.8; http://mj12bot.com/)"
114.119.137.43 - - [21/Sep/2022:03:29:17 +0200] "GET /vintage-hook-bolt-hole-p-48554.html HTTP/1.0" 301 71939 "http://www.wonder-geek.com/vase-flower-pot-and-soliflore-c-13_232.html?page=1" "Mozilla/5.0 (Linux; Android 7.0;) AppleWebKit/537.36 (KHTML, like Gecko) Mobile Safari/537.36 (compatible; PetalBot;+https://webmaster.petalsearch.com/site/petalbot)"
114.119.137.43 - - [21/Sep/2022:03:29:19 +0200] "GET /-p-48554.html HTTP/1.0" 200 71872 "http://www.wonder-geek.com/vase-flower-pot-and-soliflore-c-13_232.html?page=1" "Mozilla/5.0 (Linux; Android 7.0;) AppleWebKit/537.36 (KHTML, like Gecko) Mobile Safari/537.36 (compatible; PetalBot;+https://webmaster.petalsearch.com/site/petalbot)"
149.202.82.11 - - [21/Sep/2022:03:29:23 +0200] "GET /britto-cat-snow-numbered-limited-edition-p-32661.html HTTP/1.0" 301 72164 "-" "Mozilla/5.0 (compatible; MJ12bot/v1.4.8; http://mj12bot.com/)"
51.222.253.8 - - [21/Sep/2022:03:29:25 +0200] "GET /nici-horse-club-stationery-p-20586.html HTTP/1.0" 200 74568 "-" "Mozilla/5.0 (compatible; AhrefsBot/7.0; +http://ahrefs.com/robot/)"
167.86.71.242 - - [21/Sep/2022:03:29:29 +0200] "GET /-p-24283.html HTTP/1.0" 200 71872 "-" "Mozilla/5.0 (compatible; MJ12bot/v1.4.8; http://mj12bot.com/)"
66.249.66.212 - - [21/Sep/2022:03:29:32 +0200] "GET /jellyfish-glass-paperweight-orange-p-54334.html HTTP/1.0" 200 75305 "-" "Mozilla/5.0 (compatible; Googlebot/2.1; +http://www.google.com/bot.html)"
149.202.82.11 - - [21/Sep/2022:03:29:35 +0200] "GET /britto-happy-numbered-limited-edition-p-32661.html HTTP/1.0" 200 72060 "-" "Mozilla/5.0 (compatible; MJ12bot/v1.4.8; http://mj12bot.com/)"
66.249.66.212 - - [21/Sep/2022:03:29:38 +0200] "GET /cheshire-notepad-romero-britto-p-17860.html HTTP/1.0" 200 74706 "-" "Mozilla/5.0 (Linux; Android 6.0.1; Nexus 5X Build/MMB29P) AppleWebKit/537.36 (KHTML, like Gecko) Chrome/105.0.5195.125 Mobile Safari/537.36 (compatible; Googlebot/2.1; +http://www.google.com/bot.html)"
167.86.71.242 - - [21/Sep/2022:03:29:38 +0200] "GET /-p-24388.html HTTP/1.0" 200 71872 "-" "Mozilla/5.0 (compatible; MJ12bot/v1.4.8; http://mj12bot.com/)"
66.249.66.210 - - [21/Sep/2022:03:29:42 +0200] "GET /images/mini_prod/8433933229750.jpg HTTP/1.0" 200 269 "-" "Googlebot-Image/1.0"
185.191.171.41 - - [21/Sep/2022:03:29:49 +0200] "GET /tarot-flower-life-p-58366.html HTTP/1.0" 200 75564 "-" "Mozilla/5.0 (compatible; SemrushBot/7~bl; +http://www.semrush.com/bot.html)"
149.202.82.11 - - [21/Sep/2022:03:29:52 +0200] "GET /britto-elephant-statuette-20-cm-limited-edition-p-50679.html HTTP/1.0" 301 74884 "-" "Mozilla/5.0 (compatible; MJ12bot/v1.4.8; http://mj12bot.com/)"
51.222.253.8 - - [21/Sep/2022:03:29:54 +0200] "GET /tray-p-57345.html HTTP/1.0" 200 74476 "-" "Mozilla/5.0 (compatible; AhrefsBot/7.0; +http://ahrefs.com/robot/)"
37.230.186.130 - - [21/Sep/2022:03:29:55 +0200] "GET /images/mini_prod/5203199036064.jpg HTTP/1.0" 200 269 "-" "Python/3.7 aiohttp/3.8.1"
185.191.171.35 - - [21/Sep/2022:03:29:57 +0200] "GET /little-toiletry-bag-p-43417.html HTTP/1.0" 301 74665 "-" "Mozilla/5.0 (compatible; SemrushBot/7~bl; +http://www.semrush.com/bot.html)"
167.86.71.242 - - [21/Sep/2022:03:29:58 +0200] "GET /-p-24428.html HTTP/1.0" 200 71872 "-" "Mozilla/5.0 (compatible; MJ12bot/v1.4.8; http://mj12bot.com/)"
51.222.253.12 - - [21/Sep/2022:03:30:02 +0200] "GET /images/big_prod/3503420129339.jpg HTTP/1.0" 200 268 "-" "Mozilla/5.0 (compatible; AhrefsBot/7.0; +http://ahrefs.com/robot/)"
185.191.171.23 - - [21/Sep/2022:03:30:00 +0200] "GET /little-toiletry-p-43417.html HTTP/1.0" 200 74583 "-" "Mozilla/5.0 (compatible; SemrushBot/7~bl; +http://www.semrush.com/bot.html)"
51.222.253.6 - - [21/Sep/2022:03:30:08 +0200] "GET /zen-stone-bedclothes-240-220-cm-p-34460.html HTTP/1.0" 301 71939 "-" "Mozilla/5.0 (compatible; AhrefsBot/7.0; +http://ahrefs.com/robot/)"
149.202.82.11 - - [21/Sep/2022:03:30:09 +0200] "GET /britto-elephant-statuette-limited-edition-p-50679.html HTTP/1.0" 200 74776 "-" "Mozilla/5.0 (compatible; MJ12bot/v1.4.8; http://mj12bot.com/)"
167.86.71.242 - - [21/Sep/2022:03:30:16 +0200] "GET /-p-24437.html HTTP/1.0" 200 71872 "-" "Mozilla/5.0 (compatible; MJ12bot/v1.4.8; http://mj12bot.com/)"
149.202.82.11 - - [21/Sep/2022:03:30:20 +0200] "GET /britto-elephant-statuette-limited-edition-p-50679.html HTTP/1.0" 200 74776 "-" "Mozilla/5.0 (compatible; MJ12bot/v1.4.8; http://mj12bot.com/)"
51.222.253.19 - - [21/Sep/2022:03:30:22 +0200] "GET /samurai-statue-resin-p-56943.html HTTP/1.0" 200 75361 "-" "Mozilla/5.0 (compatible; AhrefsBot/7.0; +http://ahrefs.com/robot/)"
185.191.171.18 - - [21/Sep/2022:03:30:23 +0200] "GET /kimmidoll-mirror-pendant-bag-p-12994.html HTTP/1.0" 301 71939 "-" "Mozilla/5.0 (compatible; SemrushBot/7~bl; +http://www.semrush.com/bot.html)"
167.86.71.242 - - [21/Sep/2022:03:30:26 +0200] "GET /-p-24550.html HTTP/1.0" 200 71872 "-" "Mozilla/5.0 (compatible; MJ12bot/v1.4.8; http://mj12bot.com/)"
185.191.171.18 - - [21/Sep/2022:03:30:27 +0200] "GET /-p-12994.html HTTP/1.0" 200 71872 "-" "Mozilla/5.0 (compatible; SemrushBot/7~bl; +http://www.semrush.com/bot.html)"
167.86.71.242 - - [21/Sep/2022:03:30:39 +0200] "GET /-p-24714.html HTTP/1.0" 200 71872 "-" "Mozilla/5.0 (compatible; MJ12bot/v1.4.8; http://mj12bot.com/)"
149.202.82.11 - - [21/Sep/2022:03:30:39 +0200] "GET /britto-flowers-folding-umbrella-p-38857.html HTTP/1.0" 200 71986 "-" "Mozilla/5.0 (compatible; MJ12bot/v1.4.8; http://mj12bot.com/)"
167.86.71.242 - - [21/Sep/2022:03:30:54 +0200] "GET /-p-24746.html HTTP/1.0" 200 71872 "-" "Mozilla/5.0 (compatible; MJ12bot/v1.4.8; http://mj12bot.com/)"
51.222.253.8 - - [21/Sep/2022:03:30:54 +0200] "GET /protects-plastic-mattress-p-36800.html HTTP/1.0" 200 74698 "-" "Mozilla/5.0 (compatible; AhrefsBot/7.0; +http://ahrefs.com/robot/)"
149.202.82.11 - - [21/Sep/2022:03:30:59 +0200] "GET /britto-flying-heart-folding-umbrella-p-38856.html HTTP/1.0" 200 72006 "-" "Mozilla/5.0 (compatible; MJ12bot/v1.4.8; http://mj12bot.com/)"
51.222.253.15 - - [21/Sep/2022:03:31:04 +0200] "GET /images/big_prod/3014627558919.jpg HTTP/1.0" 200 268 "-" "Mozilla/5.0 (compatible; AhrefsBot/7.0; +http://ahrefs.com/robot/)"
167.86.71.242 - - [21/Sep/2022:03:31:06 +0200] "GET /-p-24766.html HTTP/1.0" 200 71872 "-" "Mozilla/5.0 (compatible; MJ12bot/v1.4.8; http://mj12bot.com/)"
167.86.71.242 - - [21/Sep/2022:03:31:16 +0200] "GET /-p-24770.html HTTP/1.0" 200 71872 "-" "Mozilla/5.0 (compatible; MJ12bot/v1.4.8; http://mj12bot.com/)"
149.202.82.11 - - [21/Sep/2022:03:31:21 +0200] "GET /britto-glass-buttlerfly-p-32651.html HTTP/1.0" 200 71957 "-" "Mozilla/5.0 (compatible; MJ12bot/v1.4.8; http://mj12bot.com/)"
51.222.253.11 - - [21/Sep/2022:03:31:22 +0200] "GET /miss-fifties-thermos-500-ml-p-47779.html HTTP/1.0" 301 74630 "-" "Mozilla/5.0 (compatible; AhrefsBot/7.0; +http://ahrefs.com/robot/)"
51.222.253.5 - - [21/Sep/2022:03:31:23 +0200] "GET /little-prince-clock-p-54944.html HTTP/1.0" 200 74520 "-" "Mozilla/5.0 (compatible; AhrefsBot/7.0; +http://ahrefs.com/robot/)"
167.86.71.242 - - [21/Sep/2022:03:31:25 +0200] "GET /-p-24774.html HTTP/1.0" 200 71872 "-" "Mozilla/5.0 (compatible; MJ12bot/v1.4.8; http://mj12bot.com/)"
66.249.66.210 - - [21/Sep/2022:03:31:27 +0200] "GET /cake-molds-cube-molds-c-12_246.html HTTP/1.0" 200 87415 "-" "Mozilla/5.0 (Linux; Android 6.0.1; Nexus 5X Build/MMB29P) AppleWebKit/537.36 (KHTML, like Gecko) Chrome/105.0.5195.102 Mobile Safari/537.36 (compatible; Googlebot/2.1; +http://www.google.com/bot.html)"
185.191.171.14 - - [21/Sep/2022:03:31:30 +0200] "GET /-p-49136.html HTTP/1.0" 200 71872 "-" "Mozilla/5.0 (compatible; SemrushBot/7~bl; +http://www.semrush.com/bot.html)"
149.202.82.11 - - [21/Sep/2022:03:31:34 +0200] "GET /britto-glass-mug-buttlerfly-p-32651.html HTTP/1.0" 301 72047 "-" "Mozilla/5.0 (compatible; MJ12bot/v1.4.8; http://mj12bot.com/)"
167.86.71.242 - - [21/Sep/2022:03:31:35 +0200] "GET /-p-24776.html HTTP/1.0" 200 71872 "-" "Mozilla/5.0 (compatible; MJ12bot/v1.4.8; http://mj12bot.com/)"
167.86.71.242 - - [21/Sep/2022:03:31:46 +0200] "GET /-p-24778.html HTTP/1.0" 200 71872 "-" "Mozilla/5.0 (compatible; MJ12bot/v1.4.8; http://mj12bot.com/)"
149.202.82.11 - - [21/Sep/2022:03:31:47 +0200] "GET /britto-glass-buttlerfly-p-32651.html HTTP/1.0" 200 71957 "-" "Mozilla/5.0 (compatible; MJ12bot/v1.4.8; http://mj12bot.com/)"
185.191.171.3 - - [21/Sep/2022:03:31:49 +0200] "GET /gift-box-tea-infuser-mug-mandala-purple-p-46304.html HTTP/1.0" 301 76047 "-" "Mozilla/5.0 (compatible; SemrushBot/7~bl; +http://www.semrush.com/bot.html)"
185.191.171.4 - - [21/Sep/2022:03:31:52 +0200] "GET /bottle-holder-hunter-with-his-dog-table-decoration-p-45752.html HTTP/1.0" 301 71939 "-" "Mozilla/5.0 (compatible; SemrushBot/7~bl; +http://www.semrush.com/bot.html)"
66.249.66.212 - - [21/Sep/2022:03:31:54 +0200] "GET /small-baby-teeth-small-mouse-p-49164.html HTTP/1.0" 200 74746 "-" "Mozilla/5.0 (Linux; Android 6.0.1; Nexus 5X Build/MMB29P) AppleWebKit/537.36 (KHTML, like Gecko) Chrome/105.0.5195.125 Mobile Safari/537.36 (compatible; Googlebot/2.1; +http://www.google.com/bot.html)"
185.191.171.25 - - [21/Sep/2022:03:31:55 +0200] "GET /-p-45752.html HTTP/1.0" 200 71872 "-" "Mozilla/5.0 (compatible; SemrushBot/7~bl; +http://www.semrush.com/bot.html)"
51.222.253.20 - - [21/Sep/2022:03:31:55 +0200] "GET /rugby-isothermic-stainless-steel-bottle-p-54533.html HTTP/1.0" 200 74648 "-" "Mozilla/5.0 (compatible; AhrefsBot/7.0; +http://ahrefs.com/robot/)"
185.191.171.38 - - [21/Sep/2022:03:31:58 +0200] "GET /gift-infuser-mandala-purple-p-46304.html HTTP/1.0" 200 75953 "-" "Mozilla/5.0 (compatible; SemrushBot/7~bl; +http://www.semrush.com/bot.html)"
167.86.71.242 - - [21/Sep/2022:03:31:58 +0200] "GET /-p-24782.html HTTP/1.0" 200 71872 "-" "Mozilla/5.0 (compatible; MJ12bot/v1.4.8; http://mj12bot.com/)"
185.191.171.6 - - [21/Sep/2022:03:32:01 +0200] "GET /set-of-retro-coffee-cups-p-49109.html HTTP/1.0" 301 72032 "-" "Mozilla/5.0 (compatible; SemrushBot/7~bl; +http://www.semrush.com/bot.html)"
185.191.171.22 - - [21/Sep/2022:03:32:04 +0200] "GET /retro-coffee-cups-p-49109.html HTTP/1.0" 200 71948 "-" "Mozilla/5.0 (compatible; SemrushBot/7~bl; +http://www.semrush.com/bot.html)"
185.191.171.33 - - [21/Sep/2022:03:32:07 +0200] "GET /shell-retro-sugar-box-p-39714.html HTTP/1.0" 301 71939 "-" "Mozilla/5.0 (compatible; SemrushBot/7~bl; +http://www.semrush.com/bot.html)"
167.86.71.242 - - [21/Sep/2022:03:32:08 +0200] "GET /-p-24783.html HTTP/1.0" 200 71872 "-" "Mozilla/5.0 (compatible; MJ12bot/v1.4.8; http://mj12bot.com/)"
149.202.82.11 - - [21/Sep/2022:03:32:09 +0200] "GET /britto-happy-cat-numbered-limited-edition-p-32661.html HTTP/1.0" 301 72164 "-" "Mozilla/5.0 (compatible; MJ12bot/v1.4.8; http://mj12bot.com/)"
185.191.171.19 - - [21/Sep/2022:03:32:10 +0200] "GET /-p-39714.html HTTP/1.0" 200 71872 "-" "Mozilla/5.0 (compatible; SemrushBot/7~bl; +http://www.semrush.com/bot.html)"
114.119.137.3 - - [21/Sep/2022:03:32:20 +0200] "GET /avengers-marvel-kids-school-bag-41-cm-p-36230.html HTTP/1.0" 301 72084 "http://www.wonder-geek.com/kids-school-bag-c-31_80.html?page=1" "Mozilla/5.0 (Linux; Android 7.0;) AppleWebKit/537.36 (KHTML, like Gecko) Mobile Safari/537.36 (compatible; PetalBot;+https://webmaster.petalsearch.com/site/petalbot)"
114.119.137.3 - - [21/Sep/2022:03:32:22 +0200] "GET /avengers-marvel-kids-school-p-36230.html HTTP/1.0" 200 71990 "http://www.wonder-geek.com/kids-school-bag-c-31_80.html?page=1" "Mozilla/5.0 (Linux; Android 7.0;) AppleWebKit/537.36 (KHTML, like Gecko) Mobile Safari/537.36 (compatible; PetalBot;+https://webmaster.petalsearch.com/site/petalbot)"
51.222.253.15 - - [21/Sep/2022:03:32:22 +0200] "GET /small-oval-placemat-p-17138.html HTTP/1.0" 200 74858 "-" "Mozilla/5.0 (compatible; AhrefsBot/7.0; +http://ahrefs.com/robot/)"
167.86.71.242 - - [21/Sep/2022:03:32:22 +0200] "GET /-p-24788.html HTTP/1.0" 200 71872 "-" "Mozilla/5.0 (compatible; MJ12bot/v1.4.8; http://mj12bot.com/)"
149.202.82.11 - - [21/Sep/2022:03:32:26 +0200] "GET /britto-happy-numbered-limited-edition-p-32661.html HTTP/1.0" 200 72060 "-" "Mozilla/5.0 (compatible; MJ12bot/v1.4.8; http://mj12bot.com/)"
167.86.71.242 - - [21/Sep/2022:03:32:33 +0200] "GET /-p-24801.html HTTP/1.0" 200 71872 "-" "Mozilla/5.0 (compatible; MJ12bot/v1.4.8; http://mj12bot.com/)"
167.86.71.242 - - [21/Sep/2022:03:32:40 +0200] "GET /-p-24805.html HTTP/1.0" 200 71872 "-" "Mozilla/5.0 (compatible; MJ12bot/v1.4.8; http://mj12bot.com/)"
149.202.82.11 - - [21/Sep/2022:03:32:40 +0200] "GET /britto-happy-numbered-limited-edition-p-32661.html HTTP/1.0" 200 72060 "-" "Mozilla/5.0 (compatible; MJ12bot/v1.4.8; http://mj12bot.com/)"
185.191.171.2 - - [21/Sep/2022:03:32:42 +0200] "GET /french-bulldog-pill-p-32053.html HTTP/1.0" 301 71939 "-" "Mozilla/5.0 (compatible; SemrushBot/7~bl; +http://www.semrush.com/bot.html)"
185.191.171.12 - - [21/Sep/2022:03:32:46 +0200] "GET /-p-32053.html HTTP/1.0" 200 71872 "-" "Mozilla/5.0 (compatible; SemrushBot/7~bl; +http://www.semrush.com/bot.html)"
34.67.96.123 - - [21/Sep/2022:03:32:54 +0200] "GET /images/mini_prod/5051265800619.jpg HTTP/1.0" 200 269 "-" "Mozilla/5.0 (X11; Ubuntu; Linux x86_64; rv:72.0) Gecko/20100101 Firefox/72.0"
167.86.71.242 - - [21/Sep/2022:03:32:53 +0200] "GET /-p-24832.html HTTP/1.0" 200 71872 "-" "Mozilla/5.0 (compatible; MJ12bot/v1.4.8; http://mj12bot.com/)"
51.222.253.15 - - [21/Sep/2022:03:32:54 +0200] "GET /princess-maxi-mirror-effect-wall-sticker-p-5947.html HTTP/1.0" 200 74794 "-" "Mozilla/5.0 (compatible; AhrefsBot/7.0; +http://ahrefs.com/robot/)"
149.202.82.11 - - [21/Sep/2022:03:32:56 +0200] "GET /britto-photo-frame-p-33333.html HTTP/1.0" 301 71939 "-" "Mozilla/5.0 (compatible; MJ12bot/v1.4.8; http://mj12bot.com/)"
51.222.253.9 - - [21/Sep/2022:03:32:59 +0200] "GET /images/5410905418117.jpg HTTP/1.0" 200 259 "-" "Mozilla/5.0 (compatible; AhrefsBot/7.0; +http://ahrefs.com/robot/)"
149.202.82.11 - - [21/Sep/2022:03:33:07 +0200] "GET /-p-33333.html HTTP/1.0" 200 71872 "-" "Mozilla/5.0 (compatible; MJ12bot/v1.4.8; http://mj12bot.com/)"
167.86.71.242 - - [21/Sep/2022:03:33:10 +0200] "GET /-p-24833.html HTTP/1.0" 200 71872 "-" "Mozilla/5.0 (compatible; MJ12bot/v1.4.8; http://mj12bot.com/)"
167.86.71.242 - - [21/Sep/2022:03:33:18 +0200] "GET /-p-24838.html HTTP/1.0" 200 71872 "-" "Mozilla/5.0 (compatible; MJ12bot/v1.4.8; http://mj12bot.com/)"
149.202.82.11 - - [21/Sep/2022:03:33:21 +0200] "GET /brown-cat-statuette-37-cm-p-43101.html HTTP/1.0" 301 72024 "-" "Mozilla/5.0 (compatible; MJ12bot/v1.4.8; http://mj12bot.com/)"
66.249.66.214 - - [21/Sep/2022:03:33:26 +0200] "GET /magnet-citron-p-40120.html HTTP/1.0" 200 74518 "-" "Mozilla/5.0 (compatible; Googlebot/2.1; +http://www.google.com/bot.html)"
167.86.71.242 - - [21/Sep/2022:03:33:30 +0200] "GET /-p-24853.html HTTP/1.0" 200 71872 "-" "Mozilla/5.0 (compatible; MJ12bot/v1.4.8; http://mj12bot.com/)"
51.222.253.9 - - [21/Sep/2022:03:33:33 +0200] "GET /mustache-mouse-pad-cbkreation-p-19294.html HTTP/1.0" 301 74602 "-" "Mozilla/5.0 (compatible; AhrefsBot/7.0; +http://ahrefs.com/robot/)"
51.222.253.11 - - [21/Sep/2022:03:33:34 +0200] "GET /renault-gordini-large-metal-plate-deco-p-34127.html HTTP/1.0" 200 74624 "-" "Mozilla/5.0 (compatible; AhrefsBot/7.0; +http://ahrefs.com/robot/)"
149.202.82.11 - - [21/Sep/2022:03:33:39 +0200] "GET /brown-statuette-p-43101.html HTTP/1.0" 200 71942 "-" "Mozilla/5.0 (compatible; MJ12bot/v1.4.8; http://mj12bot.com/)"
167.86.71.242 - - [21/Sep/2022:03:33:43 +0200] "GET /-p-24876.html HTTP/1.0" 200 71872 "-" "Mozilla/5.0 (compatible; MJ12bot/v1.4.8; http://mj12bot.com/)"
167.86.71.242 - - [21/Sep/2022:03:33:53 +0200] "GET /-p-24886.html HTTP/1.0" 200 71872 "-" "Mozilla/5.0 (compatible; MJ12bot/v1.4.8; http://mj12bot.com/)"
149.202.82.11 - - [21/Sep/2022:03:33:55 +0200] "GET /brown-lampshade-p-55316.html HTTP/1.0" 200 71922 "-" "Mozilla/5.0 (compatible; MJ12bot/v1.4.8; http://mj12bot.com/)"
185.191.171.7 - - [21/Sep/2022:03:34:04 +0200] "GET /decorative-figurine-old-ice-cream-truck-yellow-p-49527.html HTTP/1.0" 301 72135 "-" "Mozilla/5.0 (compatible; SemrushBot/7~bl; +http://www.semrush.com/bot.html)"
167.86.71.242 - - [21/Sep/2022:03:34:06 +0200] "GET /-p-24888.html HTTP/1.0" 200 71872 "-" "Mozilla/5.0 (compatible; MJ12bot/v1.4.8; http://mj12bot.com/)"
185.191.171.6 - - [21/Sep/2022:03:34:07 +0200] "GET /green-and-yellow-fish-statuette-p-53094.html HTTP/1.0" 301 72072 "-" "Mozilla/5.0 (compatible; SemrushBot/7~bl; +http://www.semrush.com/bot.html)"
51.222.253.6 - - [21/Sep/2022:03:34:07 +0200] "GET /accessories-c-3.html HTTP/1.0" 200 94700 "-" "Mozilla/5.0 (compatible; AhrefsBot/7.0; +http://ahrefs.com/robot/)"
149.202.82.11 - - [21/Sep/2022:03:34:08 +0200] "GET /brown-statuette-p-43101.html HTTP/1.0" 200 71942 "-" "Mozilla/5.0 (compatible; MJ12bot/v1.4.8; http://mj12bot.com/)"
185.191.171.4 - - [21/Sep/2022:03:34:10 +0200] "GET /cushion-cover-40-60-cm-p-52123.html HTTP/1.0" 301 74740 "-" "Mozilla/5.0 (compatible; SemrushBot/7~bl; +http://www.semrush.com/bot.html)"
185.191.171.25 - - [21/Sep/2022:03:34:16 +0200] "GET /cushion-cover-p-52123.html HTTP/1.0" 200 74660 "-" "Mozilla/5.0 (compatible; SemrushBot/7~bl; +http://www.semrush.com/bot.html)"
167.86.71.242 - - [21/Sep/2022:03:34:17 +0200] "GET /-p-24893.html HTTP/1.0" 200 71872 "-" "Mozilla/5.0 (compatible; MJ12bot/v1.4.8; http://mj12bot.com/)"
185.191.171.44 - - [21/Sep/2022:03:34:19 +0200] "GET /green-yellow-fish-statuette-p-53094.html HTTP/1.0" 200 71978 "-" "Mozilla/5.0 (compatible; SemrushBot/7~bl; +http://www.semrush.com/bot.html)"
149.202.82.11 - - [21/Sep/2022:03:34:20 +0200] "GET /buffalo-skull-storage-stool-white-p-41863.html HTTP/1.0" 200 72052 "-" "Mozilla/5.0 (compatible; MJ12bot/v1.4.8; http://mj12bot.com/)"
185.191.171.23 - - [21/Sep/2022:03:34:23 +0200] "GET /decorative-figurine-cream-truck-yellow-p-49527.html HTTP/1.0" 200 72030 "-" "Mozilla/5.0 (compatible; SemrushBot/7~bl; +http://www.semrush.com/bot.html)"
167.86.71.242 - - [21/Sep/2022:03:34:24 +0200] "GET /-p-24903.html HTTP/1.0" 200 71872 "-" "Mozilla/5.0 (compatible; MJ12bot/v1.4.8; http://mj12bot.com/)"
149.202.82.11 - - [21/Sep/2022:03:34:35 +0200] "GET /burning-house-quad-playmobil-p-29559.html HTTP/1.0" 301 71939 "-" "Mozilla/5.0 (compatible; MJ12bot/v1.4.8; http://mj12bot.com/)"
52.202.121.150 - - [21/Sep/2022:03:34:39 +0200] "GET /images/mini_prod/1361623281047.jpg HTTP/1.0" 200 269 "-" "Mozilla/5.0 (X11; Ubuntu; Linux x86_64; rv:72.0) Gecko/20100101 Firefox/72.0"
167.86.71.242 - - [21/Sep/2022:03:34:39 +0200] "GET /-p-24905.html HTTP/1.0" 200 71872 "-" "Mozilla/5.0 (compatible; MJ12bot/v1.4.8; http://mj12bot.com/)"
51.222.253.7 - - [21/Sep/2022:03:34:44 +0200] "GET /cement-cover-green-p-57984.html HTTP/1.0" 200 75289 "-" "Mozilla/5.0 (compatible; AhrefsBot/7.0; +http://ahrefs.com/robot/)"
167.86.71.242 - - [21/Sep/2022:03:34:44 +0200] "GET /-p-24939.html HTTP/1.0" 200 71872 "-" "Mozilla/5.0 (compatible; MJ12bot/v1.4.8; http://mj12bot.com/)"
149.202.82.11 - - [21/Sep/2022:03:34:46 +0200] "GET /-p-29559.html HTTP/1.0" 200 71872 "-" "Mozilla/5.0 (compatible; MJ12bot/v1.4.8; http://mj12bot.com/)"
170.106.193.192 - - [21/Sep/2022:03:34:51 +0200] "GET /images/mini_prod/3503420122644.jpg HTTP/1.0" 200 269 "-" "Mozilla/5.0 (X11; Ubuntu; Linux x86_64; rv:72.0) Gecko/20100101 Firefox/72.0"
185.191.171.14 - - [21/Sep/2022:03:34:55 +0200] "GET /butterfly-wall-decoration-blue-p-41408.html HTTP/1.0" 200 74698 "-" "Mozilla/5.0 (compatible; SemrushBot/7~bl; +http://www.semrush.com/bot.html)"
167.86.71.242 - - [21/Sep/2022:03:35:01 +0200] "GET /-p-25071.html HTTP/1.0" 200 71872 "-" "Mozilla/5.0 (compatible; MJ12bot/v1.4.8; http://mj12bot.com/)"
149.202.82.11 - - [21/Sep/2022:03:35:06 +0200] "GET /cactus-drink-dispenser-p-48687.html HTTP/1.0" 200 75156 "-" "Mozilla/5.0 (compatible; MJ12bot/v1.4.8; http://mj12bot.com/)"
167.86.71.242 - - [21/Sep/2022:03:35:15 +0200] "GET /-p-25101.html HTTP/1.0" 200 71872 "-" "Mozilla/5.0 (compatible; MJ12bot/v1.4.8; http://mj12bot.com/)"
51.222.253.7 - - [21/Sep/2022:03:35:18 +0200] "GET /figurines-statuettes-statues-decoration-collection-c-292.html?page=1 HTTP/1.0" 200 94928 "-" "Mozilla/5.0 (compatible; AhrefsBot/7.0; +http://ahrefs.com/robot/)"
149.202.82.11 - - [21/Sep/2022:03:35:23 +0200] "GET /cactus-vase-p-41875.html HTTP/1.0" 200 71942 "-" "Mozilla/5.0 (compatible; MJ12bot/v1.4.8; http://mj12bot.com/)"
167.86.71.242 - - [21/Sep/2022:03:35:23 +0200] "GET /-p-25191.html HTTP/1.0" 200 71872 "-" "Mozilla/5.0 (compatible; MJ12bot/v1.4.8; http://mj12bot.com/)"
149.202.82.11 - - [21/Sep/2022:03:35:33 +0200] "GET /cadillac-small-metal-plate-p-27979.html HTTP/1.0" 200 71993 "-" "Mozilla/5.0 (compatible; MJ12bot/v1.4.8; http://mj12bot.com/)"
51.222.253.16 - - [21/Sep/2022:03:35:35 +0200] "GET /barbapapa-toddler-flatware-set-p-9322.html HTTP/1.0" 301 71936 "-" "Mozilla/5.0 (compatible; AhrefsBot/7.0; +http://ahrefs.com/robot/)"
167.86.71.242 - - [21/Sep/2022:03:35:37 +0200] "GET /-p-25192.html HTTP/1.0" 200 71872 "-" "Mozilla/5.0 (compatible; MJ12bot/v1.4.8; http://mj12bot.com/)"
149.202.82.11 - - [21/Sep/2022:03:35:40 +0200] "GET /calavera-salt-pepper-p-29276.html HTTP/1.0" 200 71975 "-" "Mozilla/5.0 (compatible; MJ12bot/v1.4.8; http://mj12bot.com/)"
167.86.71.242 - - [21/Sep/2022:03:35:46 +0200] "GET /-p-25193.html HTTP/1.0" 200 71872 "-" "Mozilla/5.0 (compatible; MJ12bot/v1.4.8; http://mj12bot.com/)"
149.202.82.11 - - [21/Sep/2022:03:35:59 +0200] "GET /calavera-salt-pepper-p-29278.html HTTP/1.0" 200 71950 "-" "Mozilla/5.0 (compatible; MJ12bot/v1.4.8; http://mj12bot.com/)"
167.86.71.242 - - [21/Sep/2022:03:35:59 +0200] "GET /-p-25194.html HTTP/1.0" 200 71872 "-" "Mozilla/5.0 (compatible; MJ12bot/v1.4.8; http://mj12bot.com/)"
51.222.253.15 - - [21/Sep/2022:03:36:00 +0200] "GET /trays-c-12_159.html?page=6 HTTP/1.0" 200 93793 "-" "Mozilla/5.0 (compatible; AhrefsBot/7.0; +http://ahrefs.com/robot/)"
185.191.171.25 - - [21/Sep/2022:03:36:01 +0200] "GET /tinker-bell-figurine-collection-disney-traditions-fun-elf-p-20188.html HTTP/1.0" 301 75681 "-" "Mozilla/5.0 (compatible; SemrushBot/7~bl; +http://www.semrush.com/bot.html)"
185.191.171.13 - - [21/Sep/2022:03:36:05 +0200] "GET /little-cushion-carlin-cbkreation-p-20739.html HTTP/1.0" 301 71939 "-" "Mozilla/5.0 (compatible; SemrushBot/7~bl; +http://www.semrush.com/bot.html)"
185.191.171.13 - - [21/Sep/2022:03:36:10 +0200] "GET /stationery-cardmaking-c-129.html?page=31 HTTP/1.0" 200 93074 "-" "Mozilla/5.0 (compatible; SemrushBot/7~bl; +http://www.semrush.com/bot.html)"
167.86.71.242 - - [21/Sep/2022:03:36:11 +0200] "GET /-p-25196.html HTTP/1.0" 200 71872 "-" "Mozilla/5.0 (compatible; MJ12bot/v1.4.8; http://mj12bot.com/)"
149.202.82.11 - - [21/Sep/2022:03:36:14 +0200] "GET /calimero-bedclothes-140-200-cm-p-12628.html HTTP/1.0" 301 71939 "-" "Mozilla/5.0 (compatible; MJ12bot/v1.4.8; http://mj12bot.com/)"
185.191.171.33 - - [21/Sep/2022:03:36:14 +0200] "GET /britto-flower-pill-box-p-32625.html HTTP/1.0" 301 71939 "-" "Mozilla/5.0 (compatible; SemrushBot/7~bl; +http://www.semrush.com/bot.html)"
66.249.66.210 - - [21/Sep/2022:03:36:16 +0200] "GET /jane-crowther-ziggy-elephant-bowl-p-53864.html HTTP/1.0" 200 75238 "-" "Mozilla/5.0 (Linux; Android 6.0.1; Nexus 5X Build/MMB29P) AppleWebKit/537.36 (KHTML, like Gecko) Chrome/105.0.5195.102 Mobile Safari/537.36 (compatible; Googlebot/2.1; +http://www.google.com/bot.html)"
185.191.171.2 - - [21/Sep/2022:03:36:17 +0200] "GET /mareva-coated-tablecloth-grey-and-orange-p-44306.html HTTP/1.0" 301 74771 "-" "Mozilla/5.0 (compatible; SemrushBot/7~bl; +http://www.semrush.com/bot.html)"
167.86.71.242 - - [21/Sep/2022:03:36:19 +0200] "GET /-p-25317.html HTTP/1.0" 200 71872 "-" "Mozilla/5.0 (compatible; MJ12bot/v1.4.8; http://mj12bot.com/)"
185.191.171.3 - - [21/Sep/2022:03:36:20 +0200] "GET /mareva-coated-tablecloth-grey-orange-p-44306.html HTTP/1.0" 200 74668 "-" "Mozilla/5.0 (compatible; SemrushBot/7~bl; +http://www.semrush.com/bot.html)"
185.191.171.13 - - [21/Sep/2022:03:36:24 +0200] "GET /pairs-of-socks-disney-tinkerbell-27-30-p-50912.html HTTP/1.0" 301 71939 "-" "Mozilla/5.0 (compatible; SemrushBot/7~bl; +http://www.semrush.com/bot.html)"
149.202.82.11 - - [21/Sep/2022:03:36:24 +0200] "GET /-p-12628.html HTTP/1.0" 200 71872 "-" "Mozilla/5.0 (compatible; MJ12bot/v1.4.8; http://mj12bot.com/)"
185.191.171.25 - - [21/Sep/2022:03:36:28 +0200] "GET /jewel-box-flower-of-life-p-48483.html HTTP/1.0" 301 75362 "-" "Mozilla/5.0 (compatible; SemrushBot/7~bl; +http://www.semrush.com/bot.html)"
167.86.71.242 - - [21/Sep/2022:03:36:32 +0200] "GET /-p-25456.html HTTP/1.0" 200 71872 "-" "Mozilla/5.0 (compatible; MJ12bot/v1.4.8; http://mj12bot.com/)"
185.191.171.17 - - [21/Sep/2022:03:36:32 +0200] "GET /jewel-flower-life-p-48483.html HTTP/1.0" 200 75278 "-" "Mozilla/5.0 (compatible; SemrushBot/7~bl; +http://www.semrush.com/bot.html)"
185.191.171.14 - - [21/Sep/2022:03:36:35 +0200] "GET /-p-50912.html HTTP/1.0" 200 71872 "-" "Mozilla/5.0 (compatible; SemrushBot/7~bl; +http://www.semrush.com/bot.html)"
149.202.82.11 - - [21/Sep/2022:03:36:38 +0200] "GET /calimero-mousepad-p-31836.html HTTP/1.0" 200 74454 "-" "Mozilla/5.0 (compatible; MJ12bot/v1.4.8; http://mj12bot.com/)"
185.191.171.1 - - [21/Sep/2022:03:36:39 +0200] "GET /-p-32625.html HTTP/1.0" 200 71872 "-" "Mozilla/5.0 (compatible; SemrushBot/7~bl; +http://www.semrush.com/bot.html)"
167.86.71.242 - - [21/Sep/2022:03:36:41 +0200] "GET /-p-25661.html HTTP/1.0" 200 71872 "-" "Mozilla/5.0 (compatible; MJ12bot/v1.4.8; http://mj12bot.com/)"
185.191.171.41 - - [21/Sep/2022:03:36:44 +0200] "GET /rattan-baskets-35-cm-p-45463.html HTTP/1.0" 301 72032 "-" "Mozilla/5.0 (compatible; SemrushBot/7~bl; +http://www.semrush.com/bot.html)"
51.222.253.5 - - [21/Sep/2022:03:36:46 +0200] "GET /trays-c-12_159.html?page=5 HTTP/1.0" 200 93552 "-" "Mozilla/5.0 (compatible; AhrefsBot/7.0; +http://ahrefs.com/robot/)"
185.191.171.9 - - [21/Sep/2022:03:36:47 +0200] "GET /tinker-bell-figurine-collection-disney-traditions-p-20188.html HTTP/1.0" 200 75565 "-" "Mozilla/5.0 (compatible; SemrushBot/7~bl; +http://www.semrush.com/bot.html)"
