51.222.253.5 - - [21/Sep/2022:03:12:23 +0200] "GET /images/mini_prod/8433933819333.jpg HTTP/1.0" 200 269 "-" "Mozilla/5.0 (compatible; AhrefsBot/7.0; +http://ahrefs.com/robot/)"
51.222.253.5 - - [21/Sep/2022:03:12:23 +0200] "GET /images/mini_prod/8433933100394.jpg HTTP/1.0" 200 269 "-" "Mozilla/5.0 (compatible; AhrefsBot/7.0; +http://ahrefs.com/robot/)"
51.222.253.18 - - [21/Sep/2022:03:12:24 +0200] "GET /images/mini_prod/8433933100325.jpg HTTP/1.0" 200 269 "-" "Mozilla/5.0 (compatible; AhrefsBot/7.0; +http://ahrefs.com/robot/)"
51.222.253.11 - - [21/Sep/2022:03:12:24 +0200] "GET /images/mini_prod/NN8718317655548N.jpg HTTP/1.0" 200 272 "-" "Mozilla/5.0 (compatible; AhrefsBot/7.0; +http://ahrefs.com/robot/)"
167.86.71.242 - - [21/Sep/2022:03:12:23 +0200] "GET /-p-21569.html HTTP/1.0" 200 71872 "-" "Mozilla/5.0 (compatible; MJ12bot/v1.4.8; http://mj12bot.com/)"
51.222.253.10 - - [21/Sep/2022:03:12:25 +0200] "GET /images/mini_prod/3700572741161.jpg HTTP/1.0" 200 269 "-" "Mozilla/5.0 (compatible; AhrefsBot/7.0; +http://ahrefs.com/robot/)"
51.222.253.15 - - [21/Sep/2022:03:12:25 +0200] "GET /images/mini_prod/8433933228739.jpg HTTP/1.0" 200 269 "-" "Mozilla/5.0 (compatible; AhrefsBot/7.0; +http://ahrefs.com/robot/)"
51.222.253.14 - - [21/Sep/2022:03:12:26 +0200] "GET /images/mini_prod/8433933819357.jpg HTTP/1.0" 200 269 "-" "Mozilla/5.0 (compatible; AhrefsBot/7.0; +http://ahrefs.com/robot/)"
51.222.253.8 - - [21/Sep/2022:03:12:26 +0200] "GET /images/mini_prod/8433933368961.jpg HTTP/1.0" 200 269 "-" "Mozilla/5.0 (compatible; AhrefsBot/7.0; +http://ahrefs.com/robot/)"
51.222.253.15 - - [21/Sep/2022:03:12:26 +0200] "GET /images/mini_prod/4250255859175.jpg HTTP/1.0" 200 269 "-" "Mozilla/5.0 (compatible; AhrefsBot/7.0; +http://ahrefs.com/robot/)"
51.222.253.7 - - [21/Sep/2022:03:12:27 +0200] "GET /images/mini_prod/5400924016203.jpg HTTP/1.0" 200 269 "-" "Mozilla/5.0 (compatible; AhrefsBot/7.0; +http://ahrefs.com/robot/)"
51.222.253.15 - - [21/Sep/2022:03:12:28 +0200] "GET /images/mini_prod/8433933100608.jpg HTTP/1.0" 200 269 "-" "Mozilla/5.0 (compatible; AhrefsBot/7.0; +http://ahrefs.com/robot/)"
51.222.253.8 - - [21/Sep/2022:03:12:28 +0200] "GET /images/mini_prod/8433933114735.jpg HTTP/1.0" 200 269 "-" "Mozilla/5.0 (compatible; AhrefsBot/7.0; +http://ahrefs.com/robot/)"
149.202.82.11 - - [21/Sep/2022:03:12:27 +0200] "GET /blue-wood-p-40637.html HTTP/1.0" 301 71939 "-" "Mozilla/5.0 (compatible; MJ12bot/v1.4.8; http://mj12bot.com/)"
51.222.253.13 - - [21/Sep/2022:03:12:27 +0200] "GET /eggcups-made-germany-tassen-p-43319.html HTTP/1.0" 200 74672 "-" "Mozilla/5.0 (compatible; AhrefsBot/7.0; +http://ahrefs.com/robot/)"
185.244.195.157 - - [21/Sep/2022:03:12:32 +0200] "GET /contact_us.php HTTP/1.0" 200 26241 "http://www.wonder-geek.com/contact_us.php" "Mozilla/5.0 (Windows NT 10.0) AppleWebKit/537.36 (KHTML, like Gecko) Chrome/90.0.4430.72 Safari/537.36"
167.86.71.242 - - [21/Sep/2022:03:12:33 +0200] "GET /-p-2167.html HTTP/1.0" 200 71870 "-" "Mozilla/5.0 (compatible; MJ12bot/v1.4.8; http://mj12bot.com/)"
185.14.97.176 - - [21/Sep/2022:03:12:34 +0200] "POST /contact_us.php?action=send HTTP/1.0" 200 26630 "http://www.wonder-geek.com/contact_us.php" "Mozilla/5.0 (Windows NT 10.0) AppleWebKit/537.36 (KHTML, like Gecko) Chrome/90.0.4430.72 Safari/537.36"
185.14.97.176 - - [21/Sep/2022:03:12:36 +0200] "GET /contact_us.php HTTP/1.0" 200 26241 "http://www.wonder-geek.com/contact_us.php" "Mozilla/5.0 (Windows NT 10.0) AppleWebKit/537.36 (KHTML, like Gecko) Chrome/90.0.4430.72 Safari/537.36"
167.86.71.242 - - [21/Sep/2022:03:12:41 +0200] "GET /-p-21786.html HTTP/1.0" 200 71872 "-" "Mozilla/5.0 (compatible; MJ12bot/v1.4.8; http://mj12bot.com/)"
66.249.66.210 - - [21/Sep/2022:03:12:44 +0200] "GET /ceramic-incense-burner-p-58419.html HTTP/1.0" 200 75270 "-" "Mozilla/5.0 (Linux; Android 6.0.1; Nexus 5X Build/MMB29P) AppleWebKit/537.36 (KHTML, like Gecko) Chrome/105.0.5195.125 Mobile Safari/537.36 (compatible; Googlebot/2.1; +http://www.google.com/bot.html)"
149.202.82.11 - - [21/Sep/2022:03:12:52 +0200] "GET /-p-40637.html HTTP/1.0" 200 71872 "-" "Mozilla/5.0 (compatible; MJ12bot/v1.4.8; http://mj12bot.com/)"
185.191.171.10 - - [21/Sep/2022:03:12:53 +0200] "GET /barbapapa-set-of-two-sets-of-card-games-p-7874.html HTTP/1.0" 301 71936 "-" "Mozilla/5.0 (compatible; SemrushBot/7~bl; +http://www.semrush.com/bot.html)"
167.86.71.242 - - [21/Sep/2022:03:12:54 +0200] "GET /-p-21903.html HTTP/1.0" 200 71872 "-" "Mozilla/5.0 (compatible; MJ12bot/v1.4.8; http://mj12bot.com/)"
51.222.253.6 - - [21/Sep/2022:03:12:55 +0200] "GET /little-prince-metal-bicycle-horn-p-55437.html HTTP/1.0" 200 74634 "-" "Mozilla/5.0 (compatible; AhrefsBot/7.0; +http://ahrefs.com/robot/)"
185.191.171.17 - - [21/Sep/2022:03:12:58 +0200] "GET /-p-7874.html HTTP/1.0" 200 71870 "-" "Mozilla/5.0 (compatible; SemrushBot/7~bl; +http://www.semrush.com/bot.html)"
167.86.71.242 - - [21/Sep/2022:03:13:07 +0200] "GET /-p-22057.html HTTP/1.0" 200 71872 "-" "Mozilla/5.0 (compatible; MJ12bot/v1.4.8; http://mj12bot.com/)"
149.202.82.11 - - [21/Sep/2022:03:13:08 +0200] "GET /bmw-1200-gs-112-p-30519.html HTTP/1.0" 301 71996 "-" "Mozilla/5.0 (compatible; MJ12bot/v1.4.8; http://mj12bot.com/)"
185.191.171.11 - - [21/Sep/2022:03:13:14 +0200] "GET /book-rectangular-box-with-card-games-queen-p-36766.html HTTP/1.0" 301 71939 "-" "Mozilla/5.0 (compatible; SemrushBot/7~bl; +http://www.semrush.com/bot.html)"
185.191.171.7 - - [21/Sep/2022:03:13:18 +0200] "GET /-p-36766.html HTTP/1.0" 200 71872 "-" "Mozilla/5.0 (compatible; SemrushBot/7~bl; +http://www.semrush.com/bot.html)"
167.86.71.242 - - [21/Sep/2022:03:13:18 +0200] "GET /-p-22058.html HTTP/1.0" 200 71872 "-" "Mozilla/5.0 (compatible; MJ12bot/v1.4.8; http://mj12bot.com/)"
149.202.82.11 - - [21/Sep/2022:03:13:23 +0200] "GET /1200-p-30519.html HTTP/1.0" 200 71925 "-" "Mozilla/5.0 (compatible; MJ12bot/v1.4.8; http://mj12bot.com/)"
51.222.253.18 - - [21/Sep/2022:03:13:24 +0200] "GET /unicorn-plush-gold-white-p-49624.html HTTP/1.0" 200 74662 "-" "Mozilla/5.0 (compatible; AhrefsBot/7.0; +http://ahrefs.com/robot/)"
163.220.128.41 - - [21/Sep/2022:03:13:31 +0200] "GET /images/mini_prod/MISES-EN-SITUATION-04.jpg HTTP/1.0" 200 277 "-" "Mozilla/5.0 (X11; Ubuntu; Linux x86_64; rv:72.0) Gecko/20100101 Firefox/72.0"
167.86.71.242 - - [21/Sep/2022:03:13:30 +0200] "GET /-p-22059.html HTTP/1.0" 200 71872 "-" "Mozilla/5.0 (compatible; MJ12bot/v1.4.8; http://mj12bot.com/)"
167.86.71.242 - - [21/Sep/2022:03:13:39 +0200] "GET /-p-22060.html HTTP/1.0" 200 71872 "-" "Mozilla/5.0 (compatible; MJ12bot/v1.4.8; http://mj12bot.com/)"
167.86.71.242 - - [21/Sep/2022:03:13:44 +0200] "GET /-p-22174.html HTTP/1.0" 200 71872 "-" "Mozilla/5.0 (compatible; MJ12bot/v1.4.8; http://mj12bot.com/)"
149.202.82.11 - - [21/Sep/2022:03:13:47 +0200] "GET /bmw-2002-tii-1972-132-classic-p-37798.html HTTP/1.0" 301 72077 "-" "Mozilla/5.0 (compatible; MJ12bot/v1.4.8; http://mj12bot.com/)"
51.222.253.7 - - [21/Sep/2022:03:13:51 +0200] "GET /dishes-c-12.html?page=103 HTTP/1.0" 200 93554 "-" "Mozilla/5.0 (compatible; AhrefsBot/7.0; +http://ahrefs.com/robot/)"
51.222.253.9 - - [21/Sep/2022:03:13:58 +0200] "GET /images/mini_prod/3560600309561.jpg HTTP/1.0" 200 269 "-" "Mozilla/5.0 (compatible; AhrefsBot/7.0; +http://ahrefs.com/robot/)"
51.222.253.20 - - [21/Sep/2022:03:13:59 +0200] "GET /images/mini_prod/4044927061641.jpg HTTP/1.0" 200 269 "-" "Mozilla/5.0 (compatible; AhrefsBot/7.0; +http://ahrefs.com/robot/)"
51.222.253.20 - - [21/Sep/2022:03:13:59 +0200] "GET /images/mini_prod/3700572763576.jpg HTTP/1.0" 200 269 "-" "Mozilla/5.0 (compatible; AhrefsBot/7.0; +http://ahrefs.com/robot/)"
51.222.253.5 - - [21/Sep/2022:03:13:59 +0200] "GET /images/mini_prod/3560600293624.jpg HTTP/1.0" 200 269 "-" "Mozilla/5.0 (compatible; AhrefsBot/7.0; +http://ahrefs.com/robot/)"
167.86.71.242 - - [21/Sep/2022:03:13:58 +0200] "GET /-p-22180.html HTTP/1.0" 200 71872 "-" "Mozilla/5.0 (compatible; MJ12bot/v1.4.8; http://mj12bot.com/)"
51.222.253.12 - - [21/Sep/2022:03:14:00 +0200] "GET /images/mini_prod/3560600293594.jpg HTTP/1.0" 200 269 "-" "Mozilla/5.0 (compatible; AhrefsBot/7.0; +http://ahrefs.com/robot/)"
51.222.253.15 - - [21/Sep/2022:03:14:00 +0200] "GET /images/mini_prod/3503420161728C.jpg HTTP/1.0" 200 270 "-" "Mozilla/5.0 (compatible; AhrefsBot/7.0; +http://ahrefs.com/robot/)"
51.222.253.14 - - [21/Sep/2022:03:14:01 +0200] "GET /images/mini_prod/3503420163074.jpg HTTP/1.0" 200 269 "-" "Mozilla/5.0 (compatible; AhrefsBot/7.0; +http://ahrefs.com/robot/)"
51.222.253.19 - - [21/Sep/2022:03:14:02 +0200] "GET /images/mini_prod/3560600293693N.jpg HTTP/1.0" 200 270 "-" "Mozilla/5.0 (compatible; AhrefsBot/7.0; +http://ahrefs.com/robot/)"
51.222.253.7 - - [21/Sep/2022:03:14:02 +0200] "GET /images/mini_prod/3560600290265.jpg HTTP/1.0" 200 269 "-" "Mozilla/5.0 (compatible; AhrefsBot/7.0; +http://ahrefs.com/robot/)"
51.222.253.16 - - [21/Sep/2022:03:14:03 +0200] "GET /images/mini_prod/3700572762951.jpg HTTP/1.0" 200 269 "-" "Mozilla/5.0 (compatible; AhrefsBot/7.0; +http://ahrefs.com/robot/)"
51.222.253.14 - - [21/Sep/2022:03:14:03 +0200] "GET /images/mini_prod/3700572751726B.jpg HTTP/1.0" 200 270 "-" "Mozilla/5.0 (compatible; AhrefsBot/7.0; +http://ahrefs.com/robot/)"
51.222.253.3 - - [21/Sep/2022:03:14:04 +0200] "GET /images/mini_prod/3453131151146.jpg HTTP/1.0" 200 269 "-" "Mozilla/5.0 (compatible; AhrefsBot/7.0; +http://ahrefs.com/robot/)"
51.222.253.7 - - [21/Sep/2022:03:14:04 +0200] "GET /images/mini_prod/3560600301978.jpg HTTP/1.0" 200 269 "-" "Mozilla/5.0 (compatible; AhrefsBot/7.0; +http://ahrefs.com/robot/)"
51.222.253.13 - - [21/Sep/2022:03:14:05 +0200] "GET /images/mini_prod/3560600296960.jpg HTTP/1.0" 200 269 "-" "Mozilla/5.0 (compatible; AhrefsBot/7.0; +http://ahrefs.com/robot/)"
51.222.253.10 - - [21/Sep/2022:03:14:05 +0200] "GET /images/mini_prod/3560600301640.jpg HTTP/1.0" 200 269 "-" "Mozilla/5.0 (compatible; AhrefsBot/7.0; +http://ahrefs.com/robot/)"
51.222.253.20 - - [21/Sep/2022:03:14:05 +0200] "GET /images/mini_prod/720322284079.jpg HTTP/1.0" 200 268 "-" "Mozilla/5.0 (compatible; AhrefsBot/7.0; +http://ahrefs.com/robot/)"
149.202.82.11 - - [21/Sep/2022:03:14:11 +0200] "GET /2002-1972-classic-p-37798.html HTTP/1.0" 200 71993 "-" "Mozilla/5.0 (compatible; MJ12bot/v1.4.8; http://mj12bot.com/)"
167.86.71.242 - - [21/Sep/2022:03:14:15 +0200] "GET /-p-22260.html HTTP/1.0" 200 71872 "-" "Mozilla/5.0 (compatible; MJ12bot/v1.4.8; http://mj12bot.com/)"
51.222.253.14 - - [21/Sep/2022:03:14:21 +0200] "GET /baroque-bedhead-wall-sticker-p-38330.html HTTP/1.0" 200 74672 "-" "Mozilla/5.0 (compatible; AhrefsBot/7.0; +http://ahrefs.com/robot/)"
167.86.71.242 - - [21/Sep/2022:03:14:27 +0200] "GET /-p-22262.html HTTP/1.0" 200 71872 "-" "Mozilla/5.0 (compatible; MJ12bot/v1.4.8; http://mj12bot.com/)"
77.88.9.3 - - [21/Sep/2022:03:14:29 +0200] "GET /robots.txt HTTP/1.0" 200 245 "-" "Mozilla/5.0 (compatible; YandexBot/3.0; +http://yandex.com/bots)"
77.88.9.3 - - [21/Sep/2022:03:14:33 +0200] "GET /images/big_prod/5051276388281.jpg HTTP/1.0" 200 268 "-" "Mozilla/5.0 (compatible; YandexImages/3.0; +http://yandex.com/bots)"
149.202.82.11 - - [21/Sep/2022:03:14:32 +0200] "GET /bob-marley-computer-bag-model-n2-p-21337.html HTTP/1.0" 301 74876 "-" "Mozilla/5.0 (compatible; MJ12bot/v1.4.8; http://mj12bot.com/)"
185.191.171.22 - - [21/Sep/2022:03:14:36 +0200] "GET /nici-moon-ville-mug-p-22377.html HTTP/1.0" 301 74559 "-" "Mozilla/5.0 (compatible; SemrushBot/7~bl; +http://www.semrush.com/bot.html)"
185.191.171.22 - - [21/Sep/2022:03:14:39 +0200] "GET /nici-moon-ville-p-22377.html HTTP/1.0" 200 74477 "-" "Mozilla/5.0 (compatible; SemrushBot/7~bl; +http://www.semrush.com/bot.html)"
114.119.133.245 - - [21/Sep/2022:03:14:40 +0200] "GET /glass-cutting-board-by-cbkreation-p-51335.html HTTP/1.0" 301 74675 "http://www.wonder-geek.com/trivet-and-boards-cut-c-12_158.html?page=7" "Mozilla/5.0 (Linux; Android 7.0;) AppleWebKit/537.36 (KHTML, like Gecko) Mobile Safari/537.36 (compatible; PetalBot;+https://webmaster.petalsearch.com/site/petalbot)"
167.86.71.242 - - [21/Sep/2022:03:14:41 +0200] "GET /-p-22325.html HTTP/1.0" 200 71872 "-" "Mozilla/5.0 (compatible; MJ12bot/v1.4.8; http://mj12bot.com/)"
114.119.133.245 - - [21/Sep/2022:03:14:42 +0200] "GET /glass-cutting-board-cbkreation-p-51335.html HTTP/1.0" 200 74578 "http://www.wonder-geek.com/trivet-and-boards-cut-c-12_158.html?page=7" "Mozilla/5.0 (Linux; Android 7.0;) AppleWebKit/537.36 (KHTML, like Gecko) Mobile Safari/537.36 (compatible; PetalBot;+https://webmaster.petalsearch.com/site/petalbot)"
149.202.82.11 - - [21/Sep/2022:03:14:48 +0200] "GET /marley-computer-model-p-21337.html HTTP/1.0" 200 74788 "-" "Mozilla/5.0 (compatible; MJ12bot/v1.4.8; http://mj12bot.com/)"
167.86.71.242 - - [21/Sep/2022:03:14:48 +0200] "GET /-p-22430.html HTTP/1.0" 200 71872 "-" "Mozilla/5.0 (compatible; MJ12bot/v1.4.8; http://mj12bot.com/)"
51.222.253.9 - - [21/Sep/2022:03:14:51 +0200] "GET /cotton-floor-cushion-purple-p-53471.html HTTP/1.0" 200 75176 "-" "Mozilla/5.0 (compatible; AhrefsBot/7.0; +http://ahrefs.com/robot/)"
185.191.171.14 - - [21/Sep/2022:03:14:55 +0200] "GET /ceramic-lamp-p-52766.html HTTP/1.0" 200 71922 "-" "Mozilla/5.0 (compatible; SemrushBot/7~bl; +http://www.semrush.com/bot.html)"
167.86.71.242 - - [21/Sep/2022:03:14:59 +0200] "GET /-p-22484.html HTTP/1.0" 200 71872 "-" "Mozilla/5.0 (compatible; MJ12bot/v1.4.8; http://mj12bot.com/)"
149.202.82.11 - - [21/Sep/2022:03:15:06 +0200] "GET /bob-marley-photo-frame-p-13928.html HTTP/1.0" 301 71939 "-" "Mozilla/5.0 (compatible; MJ12bot/v1.4.8; http://mj12bot.com/)"
167.86.71.242 - - [21/Sep/2022:03:15:14 +0200] "GET /-p-22548.html HTTP/1.0" 200 71872 "-" "Mozilla/5.0 (compatible; MJ12bot/v1.4.8; http://mj12bot.com/)"
185.191.171.38 - - [21/Sep/2022:03:15:15 +0200] "GET /home-and-decoration-c-13.html?page=33 HTTP/1.0" 301 93861 "-" "Mozilla/5.0 (compatible; SemrushBot/7~bl; +http://www.semrush.com/bot.html)"
185.191.171.9 - - [21/Sep/2022:03:15:21 +0200] "GET /home-decoration-c-13.html?page=33 HTTP/1.0" 200 93774 "-" "Mozilla/5.0 (compatible; SemrushBot/7~bl; +http://www.semrush.com/bot.html)"
149.202.82.11 - - [21/Sep/2022:03:15:25 +0200] "GET /-p-13928.html HTTP/1.0" 200 71872 "-" "Mozilla/5.0 (compatible; MJ12bot/v1.4.8; http://mj12bot.com/)"
167.86.71.242 - - [21/Sep/2022:03:15:26 +0200] "GET /-p-22574.html HTTP/1.0" 200 71872 "-" "Mozilla/5.0 (compatible; MJ12bot/v1.4.8; http://mj12bot.com/)"
185.191.171.9 - - [21/Sep/2022:03:15:28 +0200] "GET /tweety-money-p-8595.html HTTP/1.0" 200 74599 "-" "Mozilla/5.0 (compatible; SemrushBot/7~bl; +http://www.semrush.com/bot.html)"
51.222.253.9 - - [21/Sep/2022:03:15:32 +0200] "GET /trays-c-12_159.html?page=9 HTTP/1.0" 200 93999 "-" "Mozilla/5.0 (compatible; AhrefsBot/7.0; +http://ahrefs.com/robot/)"
167.86.71.242 - - [21/Sep/2022:03:15:33 +0200] "GET /-p-22575.html HTTP/1.0" 200 71872 "-" "Mozilla/5.0 (compatible; MJ12bot/v1.4.8; http://mj12bot.com/)"
51.222.253.1 - - [21/Sep/2022:03:15:38 +0200] "GET /images/mini_prod/3700572739458.jpg HTTP/1.0" 200 269 "-" "Mozilla/5.0 (compatible; AhrefsBot/7.0; +http://ahrefs.com/robot/)"
51.222.253.15 - - [21/Sep/2022:03:15:39 +0200] "GET /images/mini_prod/3453131138161.jpg HTTP/1.0" 200 269 "-" "Mozilla/5.0 (compatible; AhrefsBot/7.0; +http://ahrefs.com/robot/)"
51.222.253.3 - - [21/Sep/2022:03:15:39 +0200] "GET /images/mini_prod/3453131143776.jpg HTTP/1.0" 200 269 "-" "Mozilla/5.0 (compatible; AhrefsBot/7.0; +http://ahrefs.com/robot/)"
51.222.253.9 - - [21/Sep/2022:03:15:39 +0200] "GET /images/mini_prod/3453131139595.jpg HTTP/1.0" 200 269 "-" "Mozilla/5.0 (compatible; AhrefsBot/7.0; +http://ahrefs.com/robot/)"
51.222.253.19 - - [21/Sep/2022:03:15:40 +0200] "GET /images/mini_prod/3760233683490.jpg HTTP/1.0" 200 269 "-" "Mozilla/5.0 (compatible; AhrefsBot/7.0; +http://ahrefs.com/robot/)"
51.222.253.18 - - [21/Sep/2022:03:15:40 +0200] "GET /images/mini_prod/3760233683261.jpg HTTP/1.0" 200 269 "-" "Mozilla/5.0 (compatible; AhrefsBot/7.0; +http://ahrefs.com/robot/)"
51.222.253.5 - - [21/Sep/2022:03:15:41 +0200] "GET /images/mini_prod/3609810065512.jpg HTTP/1.0" 200 269 "-" "Mozilla/5.0 (compatible; AhrefsBot/7.0; +http://ahrefs.com/robot/)"
51.222.253.9 - - [21/Sep/2022:03:15:41 +0200] "GET /images/mini_prod/3700572754444.jpg HTTP/1.0" 200 269 "-" "Mozilla/5.0 (compatible; AhrefsBot/7.0; +http://ahrefs.com/robot/)"
51.222.253.14 - - [21/Sep/2022:03:15:41 +0200] "GET /images/mini_prod/3760233683254.jpg HTTP/1.0" 200 269 "-" "Mozilla/5.0 (compatible; AhrefsBot/7.0; +http://ahrefs.com/robot/)"
51.222.253.16 - - [21/Sep/2022:03:15:42 +0200] "GET /images/mini_prod/3700572739496.jpg HTTP/1.0" 200 269 "-" "Mozilla/5.0 (compatible; AhrefsBot/7.0; +http://ahrefs.com/robot/)"
51.222.253.12 - - [21/Sep/2022:03:15:42 +0200] "GET /images/mini_prod/3453131146739.jpg HTTP/1.0" 200 269 "-" "Mozilla/5.0 (compatible; AhrefsBot/7.0; +http://ahrefs.com/robot/)"
51.222.253.18 - - [21/Sep/2022:03:15:42 +0200] "GET /images/mini_prod/4029811341191.jpg HTTP/1.0" 200 269 "-" "Mozilla/5.0 (compatible; AhrefsBot/7.0; +http://ahrefs.com/robot/)"
51.222.253.6 - - [21/Sep/2022:03:15:43 +0200] "GET /images/mini_prod/3700572739632.jpg HTTP/1.0" 200 269 "-" "Mozilla/5.0 (compatible; AhrefsBot/7.0; +http://ahrefs.com/robot/)"
51.222.253.8 - - [21/Sep/2022:03:15:43 +0200] "GET /images/mini_prod/3760233683506.jpg HTTP/1.0" 200 269 "-" "Mozilla/5.0 (compatible; AhrefsBot/7.0; +http://ahrefs.com/robot/)"
51.222.253.11 - - [21/Sep/2022:03:15:43 +0200] "GET /images/mini_prod/3453131143806.jpg HTTP/1.0" 200 269 "-" "Mozilla/5.0 (compatible; AhrefsBot/7.0; +http://ahrefs.com/robot/)"
51.222.253.10 - - [21/Sep/2022:03:15:44 +0200] "GET /images/mini_prod/8433914429018.jpg HTTP/1.0" 200 269 "-" "Mozilla/5.0 (compatible; AhrefsBot/7.0; +http://ahrefs.com/robot/)"
51.222.253.7 - - [21/Sep/2022:03:15:44 +0200] "GET /images/mini_prod/3760233683483.jpg HTTP/1.0" 200 269 "-" "Mozilla/5.0 (compatible; AhrefsBot/7.0; +http://ahrefs.com/robot/)"
167.86.71.242 - - [21/Sep/2022:03:15:43 +0200] "GET /-p-22579.html HTTP/1.0" 200 71872 "-" "Mozilla/5.0 (compatible; MJ12bot/v1.4.8; http://mj12bot.com/)"
51.222.253.10 - - [21/Sep/2022:03:15:45 +0200] "GET /images/mini_prod/3609810065529.jpg HTTP/1.0" 200 269 "-" "Mozilla/5.0 (compatible; AhrefsBot/7.0; +http://ahrefs.com/robot/)"
51.222.253.8 - - [21/Sep/2022:03:15:45 +0200] "GET /images/mini_prod/3453131143783.jpg HTTP/1.0" 200 269 "-" "Mozilla/5.0 (compatible; AhrefsBot/7.0; +http://ahrefs.com/robot/)"
185.191.171.41 - - [21/Sep/2022:03:15:45 +0200] "GET /furniture-three-shelves-ethnic-metal-wood-and-macrame-p-46218.html HTTP/1.0" 301 71939 "-" "Mozilla/5.0 (compatible; SemrushBot/7~bl; +http://www.semrush.com/bot.html)"
185.191.171.17 - - [21/Sep/2022:03:15:48 +0200] "GET /paris-eiffel-tower-metal-ring-hearts-p-38617.html HTTP/1.0" 200 74668 "-" "Mozilla/5.0 (compatible; SemrushBot/7~bl; +http://www.semrush.com/bot.html)"
185.191.171.6 - - [21/Sep/2022:03:15:51 +0200] "GET /-p-46218.html HTTP/1.0" 200 71872 "-" "Mozilla/5.0 (compatible; SemrushBot/7~bl; +http://www.semrush.com/bot.html)"
149.202.82.11 - - [21/Sep/2022:03:15:52 +0200] "GET /bob-the-builder-bedclothes-135x200-p-9291.html HTTP/1.0" 301 71936 "-" "Mozilla/5.0 (compatible; MJ12bot/v1.4.8; http://mj12bot.com/)"
167.86.71.242 - - [21/Sep/2022:03:15:54 +0200] "GET /-p-22580.html HTTP/1.0" 200 71872 "-" "Mozilla/5.0 (compatible; MJ12bot/v1.4.8; http://mj12bot.com/)"
51.222.253.2 - - [21/Sep/2022:03:16:00 +0200] "GET /unicorn-plush-silver-white-p-49625.html HTTP/1.0" 200 74678 "-" "Mozilla/5.0 (compatible; AhrefsBot/7.0; +http://ahrefs.com/robot/)"
185.191.171.7 - - [21/Sep/2022:03:16:05 +0200] "GET /sign-bar-in-aged-metal-86-cm-p-42505.html HTTP/1.0" 301 74680 "-" "Mozilla/5.0 (compatible; SemrushBot/7~bl; +http://www.semrush.com/bot.html)"
167.86.71.242 - - [21/Sep/2022:03:16:08 +0200] "GET /-p-22618.html HTTP/1.0" 200 71872 "-" "Mozilla/5.0 (compatible; MJ12bot/v1.4.8; http://mj12bot.com/)"
185.191.171.24 - - [21/Sep/2022:03:16:08 +0200] "GET /sign-aged-metal-p-42505.html HTTP/1.0" 200 74598 "-" "Mozilla/5.0 (compatible; SemrushBot/7~bl; +http://www.semrush.com/bot.html)"
185.191.171.13 - - [21/Sep/2022:03:16:13 +0200] "GET /set-of-coaster-retro-auto-p-42011.html HTTP/1.0" 301 71939 "-" "Mozilla/5.0 (compatible; SemrushBot/7~bl; +http://www.semrush.com/bot.html)"
149.202.82.11 - - [21/Sep/2022:03:16:13 +0200] "GET /-p-9291.html HTTP/1.0" 200 71870 "-" "Mozilla/5.0 (compatible; MJ12bot/v1.4.8; http://mj12bot.com/)"
185.191.171.12 - - [21/Sep/2022:03:16:15 +0200] "GET /-p-42011.html HTTP/1.0" 200 71872 "-" "Mozilla/5.0 (compatible; SemrushBot/7~bl; +http://www.semrush.com/bot.html)"
167.86.71.242 - - [21/Sep/2022:03:16:18 +0200] "GET /-p-22622.html HTTP/1.0" 200 71872 "-" "Mozilla/5.0 (compatible; MJ12bot/v1.4.8; http://mj12bot.com/)"
185.191.171.43 - - [21/Sep/2022:03:16:25 +0200] "GET /pharaoh-ramses-ii-statuette-in-bronze-aspect-resin-p-52831.html HTTP/1.0" 301 74872 "-" "Mozilla/5.0 (compatible; SemrushBot/7~bl; +http://www.semrush.com/bot.html)"
167.86.71.242 - - [21/Sep/2022:03:16:26 +0200] "GET /-p-22628.html HTTP/1.0" 200 71872 "-" "Mozilla/5.0 (compatible; MJ12bot/v1.4.8; http://mj12bot.com/)"
185.191.171.6 - - [21/Sep/2022:03:16:28 +0200] "GET /pharaoh-ramses-statuette-bronze-aspect-resin-p-52831.html HTTP/1.0" 200 74761 "-" "Mozilla/5.0 (compatible; SemrushBot/7~bl; +http://www.semrush.com/bot.html)"
51.222.253.2 - - [21/Sep/2022:03:16:27 +0200] "GET /frida-p-57551.html HTTP/1.0" 200 75325 "-" "Mozilla/5.0 (compatible; AhrefsBot/7.0; +http://ahrefs.com/robot/)"
149.202.82.11 - - [21/Sep/2022:03:16:30 +0200] "GET /bob-the-builder-set-of-briefs-size-years-p-23699.html HTTP/1.0" 301 71939 "-" "Mozilla/5.0 (compatible; MJ12bot/v1.4.8; http://mj12bot.com/)"
51.222.253.13 - - [21/Sep/2022:03:16:34 +0200] "GET /images/big_prod/8433933238448.jpg HTTP/1.0" 200 268 "-" "Mozilla/5.0 (compatible; AhrefsBot/7.0; +http://ahrefs.com/robot/)"
185.191.171.36 - - [21/Sep/2022:03:16:33 +0200] "GET /yuco-quilted-glove-and-potholder-curry-p-48214.html HTTP/1.0" 301 75723 "-" "Mozilla/5.0 (compatible; SemrushBot/7~bl; +http://www.semrush.com/bot.html)"
51.222.253.2 - - [21/Sep/2022:03:16:35 +0200] "GET /images/big_prod_1/8433933238448a.jpg HTTP/1.0" 200 271 "-" "Mozilla/5.0 (compatible; AhrefsBot/7.0; +http://ahrefs.com/robot/)"
51.222.253.11 - - [21/Sep/2022:03:16:36 +0200] "GET /images/big_prod_2/8433933238448b.jpg HTTP/1.0" 200 271 "-" "Mozilla/5.0 (compatible; AhrefsBot/7.0; +http://ahrefs.com/robot/)"
185.191.171.23 - - [21/Sep/2022:03:16:36 +0200] "GET /yuco-quilted-glove-potholder-curry-p-48214.html HTTP/1.0" 200 75622 "-" "Mozilla/5.0 (compatible; SemrushBot/7~bl; +http://www.semrush.com/bot.html)"
167.86.71.242 - - [21/Sep/2022:03:16:38 +0200] "GET /-p-22694.html HTTP/1.0" 200 71872 "-" "Mozilla/5.0 (compatible; MJ12bot/v1.4.8; http://mj12bot.com/)"
167.86.71.242 - - [21/Sep/2022:03:16:50 +0200] "GET /-p-22744.html HTTP/1.0" 200 71872 "-" "Mozilla/5.0 (compatible; MJ12bot/v1.4.8; http://mj12bot.com/)"
149.202.82.11 - - [21/Sep/2022:03:16:52 +0200] "GET /-p-23699.html HTTP/1.0" 200 71872 "-" "Mozilla/5.0 (compatible; MJ12bot/v1.4.8; http://mj12bot.com/)"
66.249.66.210 - - [21/Sep/2022:03:16:54 +0200] "GET /expresso-paris-moulin-rouge-p-18947.html HTTP/1.0" 200 74998 "-" "Mozilla/5.0 (Linux; Android 6.0.1; Nexus 5X Build/MMB29P) AppleWebKit/537.36 (KHTML, like Gecko) Chrome/105.0.5195.102 Mobile Safari/537.36 (compatible; Googlebot/2.1; +http://www.google.com/bot.html)"
185.191.171.13 - - [21/Sep/2022:03:16:55 +0200] "GET /postcard-with-envelope-cushion-cat-p-48845.html HTTP/1.0" 301 74780 "-" "Mozilla/5.0 (compatible; SemrushBot/7~bl; +http://www.semrush.com/bot.html)"
51.222.253.19 - - [21/Sep/2022:03:16:58 +0200] "GET /long-beach-metal-plate-deco-p-34325.html HTTP/1.0" 200 74541 "-" "Mozilla/5.0 (compatible; AhrefsBot/7.0; +http://ahrefs.com/robot/)"
185.191.171.41 - - [21/Sep/2022:03:16:59 +0200] "GET /postcard-with-envelope-cushion-p-48845.html HTTP/1.0" 200 74683 "-" "Mozilla/5.0 (compatible; SemrushBot/7~bl; +http://www.semrush.com/bot.html)"
167.86.71.242 - - [21/Sep/2022:03:17:00 +0200] "GET /-p-22820.html HTTP/1.0" 200 71872 "-" "Mozilla/5.0 (compatible; MJ12bot/v1.4.8; http://mj12bot.com/)"
66.249.66.214 - - [21/Sep/2022:03:17:12 +0200] "GET /swfobject.js HTTP/1.0" 404 1308 "http://www.wonder-geek.com/expresso-paris-moulin-rouge-p-18947.html" "Mozilla/5.0 (Linux; Android 6.0.1; Nexus 5X Build/MMB29P) AppleWebKit/537.36 (KHTML, like Gecko) Chrome/105.0.5195.102 Mobile Safari/537.36 (compatible; Googlebot/2.1; +http://www.google.com/bot.html)"
66.249.66.212 - - [21/Sep/2022:03:17:12 +0200] "GET /swfobject.js HTTP/1.0" 404 1308 "http://www.wonder-geek.com/expresso-paris-moulin-rouge-p-18947.html" "Mozilla/5.0 (Linux; Android 6.0.1; Nexus 5X Build/MMB29P) AppleWebKit/537.36 (KHTML, like Gecko) Chrome/105.0.5195.102 Mobile Safari/537.36 (compatible; Googlebot/2.1; +http://www.google.com/bot.html)"
149.202.82.11 - - [21/Sep/2022:03:17:11 +0200] "GET /bodega-cbkreation-p-24118.html HTTP/1.0" 200 74497 "-" "Mozilla/5.0 (compatible; MJ12bot/v1.4.8; http://mj12bot.com/)"
185.191.171.1 - - [21/Sep/2022:03:17:13 +0200] "GET /carved-chest-mango-wood-malle-p-45996.html HTTP/1.0" 200 71976 "-" "Mozilla/5.0 (compatible; SemrushBot/7~bl; +http://www.semrush.com/bot.html)"
167.86.71.242 - - [21/Sep/2022:03:17:14 +0200] "GET /-p-22832.html HTTP/1.0" 200 71872 "-" "Mozilla/5.0 (compatible; MJ12bot/v1.4.8; http://mj12bot.com/)"
114.119.137.31 - - [21/Sep/2022:03:17:25 +0200] "GET /incense-sticks-burner-storage-ganesh-p-53400.html HTTP/1.0" 200 74964 "http://www.wonder-geek.com/incense-holder-incense-burner-c-231_229.html?page=3" "Mozilla/5.0 (Linux; Android 7.0;) AppleWebKit/537.36 (KHTML, like Gecko) Mobile Safari/537.36 (compatible; PetalBot;+https://webmaster.petalsearch.com/site/petalbot)"
183.71.252.125 - - [21/Sep/2022:03:17:27 +0200] "GET /images/mini_prod/3760054863347.jpg HTTP/1.0" 200 269 "-" "Mozilla/5.0 (X11; Ubuntu; Linux x86_64; rv:72.0) Gecko/20100101 Firefox/72.0"
51.222.253.9 - - [21/Sep/2022:03:17:26 +0200] "GET /mister-beauty-p-3321.html HTTP/1.0" 200 75313 "-" "Mozilla/5.0 (compatible; AhrefsBot/7.0; +http://ahrefs.com/robot/)"
149.202.82.11 - - [21/Sep/2022:03:17:31 +0200] "GET /bodega-napkins-dispenser-p-39780.html HTTP/1.0" 301 71939 "-" "Mozilla/5.0 (compatible; MJ12bot/v1.4.8; http://mj12bot.com/)"
167.86.71.242 - - [21/Sep/2022:03:17:37 +0200] "GET /-p-22833.html HTTP/1.0" 200 71872 "-" "Mozilla/5.0 (compatible; MJ12bot/v1.4.8; http://mj12bot.com/)"
167.86.71.242 - - [21/Sep/2022:03:17:49 +0200] "GET /-p-22862.html HTTP/1.0" 200 71872 "-" "Mozilla/5.0 (compatible; MJ12bot/v1.4.8; http://mj12bot.com/)"
149.202.82.11 - - [21/Sep/2022:03:17:52 +0200] "GET /-p-39780.html HTTP/1.0" 200 71872 "-" "Mozilla/5.0 (compatible; MJ12bot/v1.4.8; http://mj12bot.com/)"
185.191.171.2 - - [21/Sep/2022:03:17:54 +0200] "GET /volkswagen-green-metal-keyring-p-18909.html HTTP/1.0" 301 71939 "-" "Mozilla/5.0 (compatible; SemrushBot/7~bl; +http://www.semrush.com/bot.html)"
185.191.171.43 - - [21/Sep/2022:03:17:57 +0200] "GET /-p-18909.html HTTP/1.0" 200 71872 "-" "Mozilla/5.0 (compatible; SemrushBot/7~bl; +http://www.semrush.com/bot.html)"
51.222.253.5 - - [21/Sep/2022:03:17:58 +0200] "GET /diffuser-perfume-essential-oils-c-231_162.html?page=4 HTTP/1.0" 200 93508 "-" "Mozilla/5.0 (compatible; AhrefsBot/7.0; +http://ahrefs.com/robot/)"
167.86.71.242 - - [21/Sep/2022:03:18:03 +0200] "GET /-p-22952.html HTTP/1.0" 200 71872 "-" "Mozilla/5.0 (compatible; MJ12bot/v1.4.8; http://mj12bot.com/)"
149.202.82.11 - - [21/Sep/2022:03:18:16 +0200] "GET /bodega-oven-mitt-p-37466.html HTTP/1.0" 301 71939 "-" "Mozilla/5.0 (compatible; MJ12bot/v1.4.8; http://mj12bot.com/)"
167.86.71.242 - - [21/Sep/2022:03:18:17 +0200] "GET /-p-23022.html HTTP/1.0" 200 71872 "-" "Mozilla/5.0 (compatible; MJ12bot/v1.4.8; http://mj12bot.com/)"
185.191.171.34 - - [21/Sep/2022:03:18:19 +0200] "GET /iphone-phone-metal-cover-little-green-hearts-by-cbkreation-p-17911.html HTTP/1.0" 301 71939 "-" "Mozilla/5.0 (compatible; SemrushBot/7~bl; +http://www.semrush.com/bot.html)"
185.191.171.26 - - [21/Sep/2022:03:18:23 +0200] "GET /-p-17911.html HTTP/1.0" 200 71872 "-" "Mozilla/5.0 (compatible; SemrushBot/7~bl; +http://www.semrush.com/bot.html)"
51.222.253.14 - - [21/Sep/2022:03:18:25 +0200] "GET /quote-from-jean-louis-auguste-commerson-wall-sticker-p-39604.html HTTP/1.0" 200 75616 "-" "Mozilla/5.0 (compatible; AhrefsBot/7.0; +http://ahrefs.com/robot/)"
167.86.71.242 - - [21/Sep/2022:03:18:31 +0200] "GET /-p-23060.html HTTP/1.0" 200 71872 "-" "Mozilla/5.0 (compatible; MJ12bot/v1.4.8; http://mj12bot.com/)"
149.202.82.11 - - [21/Sep/2022:03:18:39 +0200] "GET /-p-37466.html HTTP/1.0" 200 71872 "-" "Mozilla/5.0 (compatible; MJ12bot/v1.4.8; http://mj12bot.com/)"
66.249.66.212 - - [21/Sep/2022:03:18:48 +0200] "GET /images/mini_prod/3014627766949.jpg HTTP/1.0" 200 269 "-" "Googlebot-Image/1.0"
157.55.39.30 - - [21/Sep/2022:03:18:52 +0200] "GET /images/5601392210050.jpg HTTP/1.0" 200 259 "-" "Mozilla/5.0 (compatible; bingbot/2.0; +http://www.bing.com/bingbot.htm)"
34.67.96.123 - - [21/Sep/2022:03:18:54 +0200] "GET /images/mini_prod/8435333820520.jpg HTTP/1.0" 200 269 "-" "Mozilla/5.0 (X11; Ubuntu; Linux x86_64; rv:72.0) Gecko/20100101 Firefox/72.0"
51.222.253.13 - - [21/Sep/2022:03:18:54 +0200] "GET /scotty-clock-allen-p-44573.html HTTP/1.0" 200 75196 "-" "Mozilla/5.0 (compatible; AhrefsBot/7.0; +http://ahrefs.com/robot/)"
149.202.82.11 - - [21/Sep/2022:03:18:54 +0200] "GET /boho-canvas-frame-60-40-cm-dream-catcher-p-43086.html HTTP/1.0" 301 74810 "-" "Mozilla/5.0 (compatible; MJ12bot/v1.4.8; http://mj12bot.com/)"
51.222.253.11 - - [21/Sep/2022:03:18:59 +0200] "GET /images/big_prod_1/3453131138994a.jpg HTTP/1.0" 200 271 "-" "Mozilla/5.0 (compatible; AhrefsBot/7.0; +http://ahrefs.com/robot/)"
167.86.71.242 - - [21/Sep/2022:03:18:58 +0200] "GET /-p-23090.html HTTP/1.0" 200 71872 "-" "Mozilla/5.0 (compatible; MJ12bot/v1.4.8; http://mj12bot.com/)"
51.222.253.18 - - [21/Sep/2022:03:19:00 +0200] "GET /images/big_prod/3453131138994.jpg HTTP/1.0" 200 268 "-" "Mozilla/5.0 (compatible; AhrefsBot/7.0; +http://ahrefs.com/robot/)"
52.202.121.150 - - [21/Sep/2022:03:19:02 +0200] "GET /images/mini_prod/3453131139199.jpg HTTP/1.0" 200 269 "-" "Mozilla/5.0 (X11; Ubuntu; Linux x86_64; rv:72.0) Gecko/20100101 Firefox/72.0"
149.202.82.11 - - [21/Sep/2022:03:19:08 +0200] "GET /boho-canvas-frame-dream-catcher-p-43086.html HTTP/1.0" 200 74712 "-" "Mozilla/5.0 (compatible; MJ12bot/v1.4.8; http://mj12bot.com/)"
167.86.71.242 - - [21/Sep/2022:03:19:12 +0200] "GET /-p-23091.html HTTP/1.0" 200 71872 "-" "Mozilla/5.0 (compatible; MJ12bot/v1.4.8; http://mj12bot.com/)"
51.222.253.10 - - [21/Sep/2022:03:19:20 +0200] "GET /pepe-jeans-leather-wallet-p-36007.html HTTP/1.0" 200 75642 "-" "Mozilla/5.0 (compatible; AhrefsBot/7.0; +http://ahrefs.com/robot/)"
149.202.82.11 - - [21/Sep/2022:03:19:28 +0200] "GET /boho-canvas-frame-60-40-cm-wolf-p-43087.html HTTP/1.0" 301 74729 "-" "Mozilla/5.0 (compatible; MJ12bot/v1.4.8; http://mj12bot.com/)"
167.86.71.242 - - [21/Sep/2022:03:19:28 +0200] "GET /-p-23145.html HTTP/1.0" 200 71872 "-" "Mozilla/5.0 (compatible; MJ12bot/v1.4.8; http://mj12bot.com/)"
167.86.71.242 - - [21/Sep/2022:03:19:43 +0200] "GET /-p-23170.html HTTP/1.0" 200 71872 "-" "Mozilla/5.0 (compatible; MJ12bot/v1.4.8; http://mj12bot.com/)"
51.222.253.6 - - [21/Sep/2022:03:19:49 +0200] "GET /polyester-round-chair-cushion-p-46460.html HTTP/1.0" 200 75225 "-" "Mozilla/5.0 (compatible; AhrefsBot/7.0; +http://ahrefs.com/robot/)"
149.202.82.11 - - [21/Sep/2022:03:19:50 +0200] "GET /boho-canvas-frame-wolf-p-43087.html HTTP/1.0" 200 74640 "-" "Mozilla/5.0 (compatible; MJ12bot/v1.4.8; http://mj12bot.com/)"
185.191.171.26 - - [21/Sep/2022:03:19:51 +0200] "GET /luggages-schoolbags-leather-shop/pencil-case/pucca-round-pencil-case-p-3095.html HTTP/1.0" 301 71936 "-" "Mozilla/5.0 (compatible; SemrushBot/7~bl; +http://www.semrush.com/bot.html)"
167.86.71.242 - - [21/Sep/2022:03:19:56 +0200] "GET /-p-23213.html HTTP/1.0" 200 71872 "-" "Mozilla/5.0 (compatible; MJ12bot/v1.4.8; http://mj12bot.com/)"
185.191.171.9 - - [21/Sep/2022:03:19:56 +0200] "GET /-p-3095.html HTTP/1.0" 200 71870 "-" "Mozilla/5.0 (compatible; SemrushBot/7~bl; +http://www.semrush.com/bot.html)"
149.202.82.11 - - [21/Sep/2022:03:20:04 +0200] "GET /boho-canvas-frame-dream-catcher-p-43086.html HTTP/1.0" 200 74712 "-" "Mozilla/5.0 (compatible; MJ12bot/v1.4.8; http://mj12bot.com/)"
185.191.171.23 - - [21/Sep/2022:03:20:07 +0200] "GET /trudi-perla-lamb-soft-toy-20-cm-p-16221.html HTTP/1.0" 301 74731 "-" "Mozilla/5.0 (compatible; SemrushBot/7~bl; +http://www.semrush.com/bot.html)"
114.119.137.45 - - [21/Sep/2022:03:20:11 +0200] "GET /images/big_prod_1/8422010052237B.jpg HTTP/1.0" 200 271 "http://www.wonder-geek.com/quote-cutting-board-p-51904.html" "Mozilla/5.0 (Linux; Android 7.0;) AppleWebKit/537.36 (KHTML, like Gecko) Mobile Safari/537.36 (compatible; PetalBot;+https://webmaster.petalsearch.com/site/petalbot)"
185.191.171.10 - - [21/Sep/2022:03:20:11 +0200] "GET /trudi-perla-lamb-soft-p-16221.html HTTP/1.0" 200 74643 "-" "Mozilla/5.0 (compatible; SemrushBot/7~bl; +http://www.semrush.com/bot.html)"
185.191.171.36 - - [21/Sep/2022:03:20:15 +0200] "GET /postcard-with-envelope-happy-birthday-p-48869.html HTTP/1.0" 200 74717 "-" "Mozilla/5.0 (compatible; SemrushBot/7~bl; +http://www.semrush.com/bot.html)"
51.222.253.6 - - [21/Sep/2022:03:20:15 +0200] "GET /cosmetic-bags-flat-purse-c-31_239.html?page=11 HTTP/1.0" 200 80888 "-" "Mozilla/5.0 (compatible; AhrefsBot/7.0; +http://ahrefs.com/robot/)"
51.222.253.18 - - [21/Sep/2022:03:20:22 +0200] "GET /images/mini_prod/5018997260074.jpg HTTP/1.0" 200 269 "-" "Mozilla/5.0 (compatible; AhrefsBot/7.0; +http://ahrefs.com/robot/)"
167.86.71.242 - - [21/Sep/2022:03:20:22 +0200] "GET /-p-23384.html HTTP/1.0" 200 71872 "-" "Mozilla/5.0 (compatible; MJ12bot/v1.4.8; http://mj12bot.com/)"
149.202.82.11 - - [21/Sep/2022:03:20:31 +0200] "GET /boho-canvas-frame-wolf-p-43087.html HTTP/1.0" 200 74640 "-" "Mozilla/5.0 (compatible; MJ12bot/v1.4.8; http://mj12bot.com/)"
185.191.171.19 - - [21/Sep/2022:03:20:32 +0200] "GET /unicorn-nightlight-pink-p-55361.html HTTP/1.0" 200 71952 "-" "Mozilla/5.0 (compatible; SemrushBot/7~bl; +http://www.semrush.com/bot.html)"
167.86.71.242 - - [21/Sep/2022:03:20:35 +0200] "GET /-p-23385.html HTTP/1.0" 200 71872 "-" "Mozilla/5.0 (compatible; MJ12bot/v1.4.8; http://mj12bot.com/)"
51.222.253.19 - - [21/Sep/2022:03:20:43 +0200] "GET /gund-rainbow-plush-p-44579.html HTTP/1.0" 200 74606 "-" "Mozilla/5.0 (compatible; AhrefsBot/7.0; +http://ahrefs.com/robot/)"
149.202.82.11 - - [21/Sep/2022:03:20:45 +0200] "GET /boite-coca-cola-p-31663.html HTTP/1.0" 301 71939 "-" "Mozilla/5.0 (compatible; MJ12bot/v1.4.8; http://mj12bot.com/)"
167.86.71.242 - - [21/Sep/2022:03:20:54 +0200] "GET /-p-23387.html HTTP/1.0" 200 71872 "-" "Mozilla/5.0 (compatible; MJ12bot/v1.4.8; http://mj12bot.com/)"
149.202.82.11 - - [21/Sep/2022:03:20:55 +0200] "GET /-p-31663.html HTTP/1.0" 200 71872 "-" "Mozilla/5.0 (compatible; MJ12bot/v1.4.8; http://mj12bot.com/)"
167.86.71.242 - - [21/Sep/2022:03:21:08 +0200] "GET /-p-23435.html HTTP/1.0" 200 71872 "-" "Mozilla/5.0 (compatible; MJ12bot/v1.4.8; http://mj12bot.com/)"
51.222.253.11 - - [21/Sep/2022:03:21:08 +0200] "GET /kori-kumi-vanity-p-30500.html HTTP/1.0" 200 75180 "-" "Mozilla/5.0 (compatible; AhrefsBot/7.0; +http://ahrefs.com/robot/)"
185.191.171.9 - - [21/Sep/2022:03:21:15 +0200] "GET /-p-29571.html HTTP/1.0" 200 71872 "-" "Mozilla/5.0 (compatible; SemrushBot/7~bl; +http://www.semrush.com/bot.html)"
149.202.82.11 - - [21/Sep/2022:03:21:16 +0200] "GET /bolster-case-45-185-cm-green-blue-p-43618.html HTTP/1.0" 301 74860 "-" "Mozilla/5.0 (compatible; MJ12bot/v1.4.8; http://mj12bot.com/)"
54.174.193.10 - - [21/Sep/2022:03:21:21 +0200] "GET /images/mini_prod/4036113102924.jpg HTTP/1.0" 200 269 "-" "Mozilla/5.0 (X11; Ubuntu; Linux x86_64; rv:72.0) Gecko/20100101 Firefox/72.0"
167.86.71.242 - - [21/Sep/2022:03:21:29 +0200] "GET /-p-23443.html HTTP/1.0" 200 71872 "-" "Mozilla/5.0 (compatible; MJ12bot/v1.4.8; http://mj12bot.com/)"
149.202.82.11 - - [21/Sep/2022:03:21:33 +0200] "GET /bolster-case-green-blue-p-43618.html HTTP/1.0" 200 74770 "-" "Mozilla/5.0 (compatible; MJ12bot/v1.4.8; http://mj12bot.com/)"
61.77.32.97 - - [21/Sep/2022:03:21:36 +0200] "GET /images/big_prod_1/b3612875121895.jpg HTTP/1.0" 200 271 "-" "Mozilla/5.0 (X11; Ubuntu; Linux x86_64; rv:72.0) Gecko/20100101 Firefox/72.0"
51.222.253.19 - - [21/Sep/2022:03:21:37 +0200] "GET /disney-witches-luminous-glitter-ball-p-53255.html HTTP/1.0" 200 75394 "-" "Mozilla/5.0 (compatible; AhrefsBot/7.0; +http://ahrefs.com/robot/)"
51.222.253.2 - - [21/Sep/2022:03:21:48 +0200] "GET /large-tassen-porcelain-mood-bowl-made-in-germany-p-47551.html HTTP/1.0" 301 75956 "-" "Mozilla/5.0 (compatible; AhrefsBot/7.0; +http://ahrefs.com/robot/)"
185.191.171.5 - - [21/Sep/2022:03:21:51 +0200] "GET /robots.txt HTTP/1.0" 200 245 "-" "Mozilla/5.0 (compatible; SemrushBot/7~bl; +http://www.semrush.com/bot.html)"
149.202.82.11 - - [21/Sep/2022:03:21:50 +0200] "GET /bolster-case-45-185-cm-green-p-43668.html HTTP/1.0" 301 72031 "-" "Mozilla/5.0 (compatible; MJ12bot/v1.4.8; http://mj12bot.com/)"
185.191.171.1 - - [21/Sep/2022:03:21:51 +0200] "GET /white-and-grey-moroccan-ashtray-p-52623.html HTTP/1.0" 301 75216 "-" "Mozilla/5.0 (compatible; SemrushBot/7~bl; +http://www.semrush.com/bot.html)"
185.191.171.10 - - [21/Sep/2022:03:21:54 +0200] "GET /white-grey-moroccan-ashtray-p-52623.html HTTP/1.0" 200 75122 "-" "Mozilla/5.0 (compatible; SemrushBot/7~bl; +http://www.semrush.com/bot.html)"
167.86.71.242 - - [21/Sep/2022:03:21:58 +0200] "GET /-p-23507.html HTTP/1.0" 200 71872 "-" "Mozilla/5.0 (compatible; MJ12bot/v1.4.8; http://mj12bot.com/)"
149.202.82.11 - - [21/Sep/2022:03:21:59 +0200] "GET /bolster-case-green-p-43668.html HTTP/1.0" 200 71946 "-" "Mozilla/5.0 (compatible; MJ12bot/v1.4.8; http://mj12bot.com/)"
185.191.171.5 - - [21/Sep/2022:03:22:01 +0200] "GET /quote-wall-stickers-20-70-cm-jules-renard-p-42988.html HTTP/1.0" 301 74763 "-" "Mozilla/5.0 (compatible; SemrushBot/7~bl; +http://www.semrush.com/bot.html)"
185.191.171.9 - - [21/Sep/2022:03:22:05 +0200] "GET /cotton-floor-cushion-p-38996.html HTTP/1.0" 200 75223 "-" "Mozilla/5.0 (compatible; SemrushBot/7~bl; +http://www.semrush.com/bot.html)"
51.222.253.8 - - [21/Sep/2022:03:22:05 +0200] "GET /tea-pot-c-12_175.html?page=8 HTTP/1.0" 200 94934 "-" "Mozilla/5.0 (compatible; AhrefsBot/7.0; +http://ahrefs.com/robot/)"
167.86.71.242 - - [21/Sep/2022:03:22:09 +0200] "GET /-p-23510.html HTTP/1.0" 200 71872 "-" "Mozilla/5.0 (compatible; MJ12bot/v1.4.8; http://mj12bot.com/)"
185.191.171.44 - - [21/Sep/2022:03:22:08 +0200] "GET /quote-wall-stickers-jules-renard-p-42988.html HTTP/1.0" 200 74664 "-" "Mozilla/5.0 (compatible; SemrushBot/7~bl; +http://www.semrush.com/bot.html)"
185.191.171.2 - - [21/Sep/2022:03:22:16 +0200] "GET /fragrance-sachet-lavender-and-sage-p-40542.html HTTP/1.0" 301 75365 "-" "Mozilla/5.0 (compatible; SemrushBot/7~bl; +http://www.semrush.com/bot.html)"
51.222.253.18 - - [21/Sep/2022:03:22:17 +0200] "GET /images/mini_prod/8424001522354.jpg HTTP/1.0" 200 269 "-" "Mozilla/5.0 (compatible; AhrefsBot/7.0; +http://ahrefs.com/robot/)"
149.202.82.11 - - [21/Sep/2022:03:22:16 +0200] "GET /bolster-case-green-blue-p-43618.html HTTP/1.0" 200 74770 "-" "Mozilla/5.0 (compatible; MJ12bot/v1.4.8; http://mj12bot.com/)"
51.222.253.14 - - [21/Sep/2022:03:22:18 +0200] "GET /images/mini_prod/720322284468.jpg HTTP/1.0" 200 268 "-" "Mozilla/5.0 (compatible; AhrefsBot/7.0; +http://ahrefs.com/robot/)"
51.222.253.8 - - [21/Sep/2022:03:22:18 +0200] "GET /images/mini_prod/8433933243237.jpg HTTP/1.0" 200 269 "-" "Mozilla/5.0 (compatible; AhrefsBot/7.0; +http://ahrefs.com/robot/)"
51.222.253.3 - - [21/Sep/2022:03:22:18 +0200] "GET /images/mini_prod/1937signes.jpg HTTP/1.0" 200 266 "-" "Mozilla/5.0 (compatible; AhrefsBot/7.0; +http://ahrefs.com/robot/)"
51.222.253.9 - - [21/Sep/2022:03:22:19 +0200] "GET /images/mini_prod/720322284536.jpg HTTP/1.0" 200 268 "-" "Mozilla/5.0 (compatible; AhrefsBot/7.0; +http://ahrefs.com/robot/)"
51.222.253.9 - - [21/Sep/2022:03:22:19 +0200] "GET /images/mini_prod/8433933243251.jpg HTTP/1.0" 200 269 "-" "Mozilla/5.0 (compatible; AhrefsBot/7.0; +http://ahrefs.com/robot/)"
51.222.253.15 - - [21/Sep/2022:03:22:20 +0200] "GET /images/mini_prod/8433933243152.jpg HTTP/1.0" 200 269 "-" "Mozilla/5.0 (compatible; AhrefsBot/7.0; +http://ahrefs.com/robot/)"
51.222.253.7 - - [21/Sep/2022:03:22:20 +0200] "GET /images/mini_prod/8433933228722A.jpg HTTP/1.0" 200 270 "-" "Mozilla/5.0 (compatible; AhrefsBot/7.0; +http://ahrefs.com/robot/)"
54.236.1.13 - - [21/Sep/2022:03:22:20 +0200] "GET / HTTP/1.0" 301 511 "-" "Mozilla/5.0 (compatible; Pinterestbot/1.0; +http://www.pinterest.com/bot.html)"
51.222.253.17 - - [21/Sep/2022:03:22:20 +0200] "GET /images/mini_prod/8433933100202.jpg HTTP/1.0" 200 269 "-" "Mozilla/5.0 (compatible; AhrefsBot/7.0; +http://ahrefs.com/robot/)"
185.191.171.10 - - [21/Sep/2022:03:22:20 +0200] "GET /fragrance-sachet-lavender-sage-p-40542.html HTTP/1.0" 200 75268 "-" "Mozilla/5.0 (compatible; SemrushBot/7~bl; +http://www.semrush.com/bot.html)"
54.236.1.13 - - [21/Sep/2022:03:22:20 +0200] "GET / HTTP/1.0" 200 150917 "-" "Mozilla/5.0 (compatible; Pinterestbot/1.0; +http://www.pinterest.com/bot.html)"
167.86.71.242 - - [21/Sep/2022:03:22:27 +0200] "GET /-p-23511.html HTTP/1.0" 200 71872 "-" "Mozilla/5.0 (compatible; MJ12bot/v1.4.8; http://mj12bot.com/)"
149.202.82.11 - - [21/Sep/2022:03:22:35 +0200] "GET /bolster-case-green-p-43668.html HTTP/1.0" 200 71946 "-" "Mozilla/5.0 (compatible; MJ12bot/v1.4.8; http://mj12bot.com/)"
51.222.253.12 - - [21/Sep/2022:03:22:36 +0200] "GET /harley-davidson-lighter-p-37649.html HTTP/1.0" 200 75586 "-" "Mozilla/5.0 (compatible; AhrefsBot/7.0; +http://ahrefs.com/robot/)"
37.230.186.130 - - [21/Sep/2022:03:22:46 +0200] "GET /images/mini_prod/3609810083165.jpg HTTP/1.0" 200 269 "-" "Python/3.7 aiohttp/3.8.1"
167.86.71.242 - - [21/Sep/2022:03:22:46 +0200] "GET /-p-23512.html HTTP/1.0" 200 71872 "-" "Mozilla/5.0 (compatible; MJ12bot/v1.4.8; http://mj12bot.com/)"
149.202.82.11 - - [21/Sep/2022:03:22:49 +0200] "GET /bomb-marvel-super-hero-mashers-articulate-figurine-p-32445.html HTTP/1.0" 301 71939 "-" "Mozilla/5.0 (compatible; MJ12bot/v1.4.8; http://mj12bot.com/)"
185.191.171.3 - - [21/Sep/2022:03:22:57 +0200] "GET /curtain-eyelets-lin-and-yellow-135-250-cm-p-49126.html HTTP/1.0" 301 76931 "-" "Mozilla/5.0 (compatible; SemrushBot/7~bl; +http://www.semrush.com/bot.html)"
185.191.171.25 - - [21/Sep/2022:03:23:00 +0200] "GET /curtain-eyelets-yellow-p-49126.html HTTP/1.0" 200 76842 "-" "Mozilla/5.0 (compatible; SemrushBot/7~bl; +http://www.semrush.com/bot.html)"
157.55.39.30 - - [21/Sep/2022:03:23:02 +0200] "GET /images/mini_prod/N1384010207314N.jpg HTTP/1.0" 200 271 "-" "Mozilla/5.0 (compatible; bingbot/2.0; +http://www.bing.com/bingbot.htm)"
149.202.82.11 - - [21/Sep/2022:03:23:03 +0200] "GET /-p-32445.html HTTP/1.0" 200 71872 "-" "Mozilla/5.0 (compatible; MJ12bot/v1.4.8; http://mj12bot.com/)"
51.222.253.8 - - [21/Sep/2022:03:23:07 +0200] "GET /scent-heart-home-ginger-lemongrass-p-53338.html HTTP/1.0" 200 75076 "-" "Mozilla/5.0 (compatible; AhrefsBot/7.0; +http://ahrefs.com/robot/)"
114.119.133.245 - - [21/Sep/2022:03:23:08 +0200] "GET /disney-frozen-anna-elsa-p-28166.html HTTP/1.0" 200 71970 "http://www.wonder-geek.com/mugs-mazagrans-c-12_57.html?page=2" "Mozilla/5.0 (Linux; Android 7.0;) AppleWebKit/537.36 (KHTML, like Gecko) Mobile Safari/537.36 (compatible; PetalBot;+https://webmaster.petalsearch.com/site/petalbot)"
167.86.71.242 - - [21/Sep/2022:03:23:10 +0200] "GET /-p-23580.html HTTP/1.0" 200 71872 "-" "Mozilla/5.0 (compatible; MJ12bot/v1.4.8; http://mj12bot.com/)"
51.68.224.127 - - [21/Sep/2022:03:23:11 +0200] "GET /adminweb/export_orders_xml.php?token=256de2z6edz6ed2z6DFSFsed2zed6zeDSFDSGdzedezfzf&maxorders=10&orderstart=1&status=14&start_date=2018-10-01 HTTP/1.0" 200 285 "-" "GesCom CharlotteBoutik Serveur"
51.68.224.127 - - [21/Sep/2022:03:23:12 +0200] "GET /adminweb/export_orders_xml.php?token=256de2z6edz6ed2z6DFSFsed2zed6zeDSFDSGdzedezfzf&maxorders=10&orderstart=1&status=6&start_date=2018-10-01 HTTP/1.0" 200 33985 "-" "GesCom CharlotteBoutik Serveur"
149.202.82.11 - - [21/Sep/2022:03:23:22 +0200] "GET /bon-voyage-suitcase-p-18998.html HTTP/1.0" 301 71939 "-" "Mozilla/5.0 (compatible; MJ12bot/v1.4.8; http://mj12bot.com/)"
167.86.71.242 - - [21/Sep/2022:03:23:31 +0200] "GET /-p-23590.html HTTP/1.0" 200 71872 "-" "Mozilla/5.0 (compatible; MJ12bot/v1.4.8; http://mj12bot.com/)"
51.222.253.12 - - [21/Sep/2022:03:23:37 +0200] "GET /wooden-bedhead-wall-sticker-p-42900.html HTTP/1.0" 200 75297 "-" "Mozilla/5.0 (compatible; AhrefsBot/7.0; +http://ahrefs.com/robot/)"
149.202.82.11 - - [21/Sep/2022:03:23:39 +0200] "GET /-p-18998.html HTTP/1.0" 200 71872 "-" "Mozilla/5.0 (compatible; MJ12bot/v1.4.8; http://mj12bot.com/)"
185.191.171.26 - - [21/Sep/2022:03:23:47 +0200] "GET /jolies-cocottes-bread-bag-70-25-cm-p-43809.html HTTP/1.0" 301 71939 "-" "Mozilla/5.0 (compatible; SemrushBot/7~bl; +http://www.semrush.com/bot.html)"
167.86.71.242 - - [21/Sep/2022:03:23:48 +0200] "GET /-p-23605.html HTTP/1.0" 200 71872 "-" "Mozilla/5.0 (compatible; MJ12bot/v1.4.8; http://mj12bot.com/)"
185.191.171.43 - - [21/Sep/2022:03:23:50 +0200] "GET /-p-43809.html HTTP/1.0" 200 71872 "-" "Mozilla/5.0 (compatible; SemrushBot/7~bl; +http://www.semrush.com/bot.html)"
149.202.82.11 - - [21/Sep/2022:03:23:51 +0200] "GET /bonheur-dans-ceramic-with-infuser-p-31534.html HTTP/1.0" 301 71939 "-" "Mozilla/5.0 (compatible; MJ12bot/v1.4.8; http://mj12bot.com/)"
34.67.96.123 - - [21/Sep/2022:03:24:01 +0200] "GET /images/mini_prod/3609810076020.jpg HTTP/1.0" 200 269 "-" "Mozilla/5.0 (X11; Ubuntu; Linux x86_64; rv:72.0) Gecko/20100101 Firefox/72.0"
167.86.71.242 - - [21/Sep/2022:03:24:04 +0200] "GET /-p-23606.html HTTP/1.0" 200 71872 "-" "Mozilla/5.0 (compatible; MJ12bot/v1.4.8; http://mj12bot.com/)"
149.202.82.11 - - [21/Sep/2022:03:24:10 +0200] "GET /-p-31534.html HTTP/1.0" 200 71872 "-" "Mozilla/5.0 (compatible; MJ12bot/v1.4.8; http://mj12bot.com/)"
51.222.253.5 - - [21/Sep/2022:03:24:11 +0200] "GET /happy-reporter-p-21802.html HTTP/1.0" 200 74857 "-" "Mozilla/5.0 (compatible; AhrefsBot/7.0; +http://ahrefs.com/robot/)"
167.86.71.242 - - [21/Sep/2022:03:24:15 +0200] "GET /-p-23630.html HTTP/1.0" 200 71872 "-" "Mozilla/5.0 (compatible; MJ12bot/v1.4.8; http://mj12bot.com/)"
149.202.82.11 - - [21/Sep/2022:03:24:24 +0200] "GET /book-lamp-real-wood-color-walnut-size-p-54337.html HTTP/1.0" 200 72028 "-" "Mozilla/5.0 (compatible; MJ12bot/v1.4.8; http://mj12bot.com/)"
185.191.171.4 - - [21/Sep/2022:03:24:25 +0200] "GET /tendresse-duvet-cover-washed-cotton-gauze-p-54431.html HTTP/1.0" 200 76171 "-" "Mozilla/5.0 (compatible; SemrushBot/7~bl; +http://www.semrush.com/bot.html)"
167.86.71.242 - - [21/Sep/2022:03:24:29 +0200] "GET /-p-23631.html HTTP/1.0" 200 71872 "-" "Mozilla/5.0 (compatible; MJ12bot/v1.4.8; http://mj12bot.com/)"
149.202.82.11 - - [21/Sep/2022:03:24:36 +0200] "GET /bookend-monkeys-p-41854.html HTTP/1.0" 200 71922 "-" "Mozilla/5.0 (compatible; MJ12bot/v1.4.8; http://mj12bot.com/)"
51.222.253.14 - - [21/Sep/2022:03:24:40 +0200] "GET /sausage-with-knife-boucherie-charcuterie-p-47323.html HTTP/1.0" 200 75496 "-" "Mozilla/5.0 (compatible; AhrefsBot/7.0; +http://ahrefs.com/robot/)"
66.249.66.210 - - [21/Sep/2022:03:24:52 +0200] "GET /images/mini_prod/3565750040326.jpg HTTP/1.0" 200 269 "-" "Mozilla/5.0 (compatible; Googlebot/2.1; +http://www.google.com/bot.html)"
106.39.217.152 - - [21/Sep/2022:03:24:52 +0200] "GET /images/mini_prod/1399984257043.jpg HTTP/1.0" 200 269 "-" "Mozilla/5.0 (X11; Ubuntu; Linux x86_64; rv:72.0) Gecko/20100101 Firefox/72.0"
149.202.82.11 - - [21/Sep/2022:03:24:56 +0200] "GET /bottle-rack-made-of-raw-wood-and-metal-615-cm-p-49042.html HTTP/1.0" 301 72106 "-" "Mozilla/5.0 (compatible; MJ12bot/v1.4.8; http://mj12bot.com/)"
167.86.71.242 - - [21/Sep/2022:03:24:56 +0200] "GET /-p-23639.html HTTP/1.0" 200 71872 "-" "Mozilla/5.0 (compatible; MJ12bot/v1.4.8; http://mj12bot.com/)"
34.67.96.123 - - [21/Sep/2022:03:25:07 +0200] "GET /images/mini_prod/1384010179048.jpg HTTP/1.0" 200 269 "-" "Mozilla/5.0 (X11; Ubuntu; Linux x86_64; rv:72.0) Gecko/20100101 Firefox/72.0"
51.222.253.14 - - [21/Sep/2022:03:25:08 +0200] "GET /jute-p-56521.html HTTP/1.0" 200 75369 "-" "Mozilla/5.0 (compatible; AhrefsBot/7.0; +http://ahrefs.com/robot/)"
149.202.82.11 - - [21/Sep/2022:03:25:16 +0200] "GET /bottle-rack-made-wood-metal-p-49042.html HTTP/1.0" 200 72012 "-" "Mozilla/5.0 (compatible; MJ12bot/v1.4.8; http://mj12bot.com/)"
167.86.71.242 - - [21/Sep/2022:03:25:25 +0200] "GET /-p-23659.html HTTP/1.0" 200 71872 "-" "Mozilla/5.0 (compatible; MJ12bot/v1.4.8; http://mj12bot.com/)"
149.202.82.11 - - [21/Sep/2022:03:25:29 +0200] "GET /bottle-rack-made-wood-metal-p-49042.html HTTP/1.0" 200 72012 "-" "Mozilla/5.0 (compatible; MJ12bot/v1.4.8; http://mj12bot.com/)"
167.86.71.242 - - [21/Sep/2022:03:25:36 +0200] "GET /-p-23678.html HTTP/1.0" 200 71872 "-" "Mozilla/5.0 (compatible; MJ12bot/v1.4.8; http://mj12bot.com/)"
51.222.253.6 - - [21/Sep/2022:03:25:40 +0200] "GET /pistols-messenger-p-14499.html HTTP/1.0" 200 76081 "-" "Mozilla/5.0 (compatible; AhrefsBot/7.0; +http://ahrefs.com/robot/)"
149.202.82.11 - - [21/Sep/2022:03:25:41 +0200] "GET /boutis-bedspread-and-pillowcases-arkansas-p-38894.html HTTP/1.0" 301 72108 "-" "Mozilla/5.0 (compatible; MJ12bot/v1.4.8; http://mj12bot.com/)"
167.86.71.242 - - [21/Sep/2022:03:25:48 +0200] "GET /-p-23679.html HTTP/1.0" 200 71872 "-" "Mozilla/5.0 (compatible; MJ12bot/v1.4.8; http://mj12bot.com/)"
