167.114.173.115 - - [21/Sep/2022:09:44:49 +0200] "GET /-p-10023.html HTTP/1.0" 200 71872 "-" "Mozilla/5.0 (compatible; MJ12bot/v1.4.8; http://mj12bot.com/)"
54.36.148.176 - - [21/Sep/2022:09:44:51 +0200] "GET /images/big_prod_2/4542202662328b.jpg HTTP/1.0" 200 271 "-" "Mozilla/5.0 (compatible; AhrefsBot/7.0; +http://ahrefs.com/robot/)"
54.36.149.58 - - [21/Sep/2022:09:44:51 +0200] "GET /images/big_prod_4/a4542202662298.jpg HTTP/1.0" 200 271 "-" "Mozilla/5.0 (compatible; AhrefsBot/7.0; +http://ahrefs.com/robot/)"
54.36.149.99 - - [21/Sep/2022:09:44:51 +0200] "GET /images/big_prod/4542202662328NN.jpg HTTP/1.0" 200 270 "-" "Mozilla/5.0 (compatible; AhrefsBot/7.0; +http://ahrefs.com/robot/)"
54.36.149.104 - - [21/Sep/2022:09:44:51 +0200] "GET /images/big_prod_3/4542202662328c.jpg HTTP/1.0" 200 271 "-" "Mozilla/5.0 (compatible; AhrefsBot/7.0; +http://ahrefs.com/robot/)"
167.114.173.115 - - [21/Sep/2022:09:44:52 +0200] "GET /beatles-story-navy-shoulder-bag-p-7731.html HTTP/1.0" 301 71936 "-" "Mozilla/5.0 (compatible; MJ12bot/v1.4.8; http://mj12bot.com/)"
65.108.40.25 - - [21/Sep/2022:09:44:52 +0200] "GET /-p-29998.html HTTP/1.0" 200 71872 "-" "Mozilla/5.0 (compatible; MJ12bot/v1.4.8; http://mj12bot.com/)"
167.114.173.115 - - [21/Sep/2022:09:44:57 +0200] "GET /-p-7731.html HTTP/1.0" 200 71870 "-" "Mozilla/5.0 (compatible; MJ12bot/v1.4.8; http://mj12bot.com/)"
65.108.40.25 - - [21/Sep/2022:09:44:58 +0200] "GET /london-mug-p-26174.html HTTP/1.0" 301 71939 "-" "Mozilla/5.0 (compatible; MJ12bot/v1.4.8; http://mj12bot.com/)"
167.114.173.115 - - [21/Sep/2022:09:44:59 +0200] "GET /beatles-story-phone-cover-for-iphone-and-p-14157.html HTTP/1.0" 301 75552 "-" "Mozilla/5.0 (compatible; MJ12bot/v1.4.8; http://mj12bot.com/)"
65.108.40.25 - - [21/Sep/2022:09:45:01 +0200] "GET /-p-26174.html HTTP/1.0" 200 71872 "-" "Mozilla/5.0 (compatible; MJ12bot/v1.4.8; http://mj12bot.com/)"
167.114.173.115 - - [21/Sep/2022:09:45:02 +0200] "GET /beatles-story-phone-cover-iphone-p-14157.html HTTP/1.0" 200 75453 "-" "Mozilla/5.0 (compatible; MJ12bot/v1.4.8; http://mj12bot.com/)"
65.108.40.25 - - [21/Sep/2022:09:45:05 +0200] "GET /london-mug-p-26185.html HTTP/1.0" 301 74461 "-" "Mozilla/5.0 (compatible; MJ12bot/v1.4.8; http://mj12bot.com/)"
167.114.173.115 - - [21/Sep/2022:09:45:06 +0200] "GET /beatles-union-jack-black-shirt-p-29547.html HTTP/1.0" 301 71939 "-" "Mozilla/5.0 (compatible; MJ12bot/v1.4.8; http://mj12bot.com/)"
167.114.173.115 - - [21/Sep/2022:09:45:09 +0200] "GET /-p-29547.html HTTP/1.0" 200 71872 "-" "Mozilla/5.0 (compatible; MJ12bot/v1.4.8; http://mj12bot.com/)"
65.108.40.25 - - [21/Sep/2022:09:45:09 +0200] "GET /london-p-26185.html HTTP/1.0" 200 74388 "-" "Mozilla/5.0 (compatible; MJ12bot/v1.4.8; http://mj12bot.com/)"
167.114.173.115 - - [21/Sep/2022:09:45:12 +0200] "GET /beautiful-babushka-by-kimmidoll-beige-and-blue-notebook-p-33220.html HTTP/1.0" 301 71939 "-" "Mozilla/5.0 (compatible; MJ12bot/v1.4.8; http://mj12bot.com/)"
65.108.40.25 - - [21/Sep/2022:09:45:13 +0200] "GET /lotus-zen-bedclothes-260-240-cm-p-35010.html HTTP/1.0" 301 71939 "-" "Mozilla/5.0 (compatible; MJ12bot/v1.4.8; http://mj12bot.com/)"
167.114.173.115 - - [21/Sep/2022:09:45:15 +0200] "GET /-p-33220.html HTTP/1.0" 200 71872 "-" "Mozilla/5.0 (compatible; MJ12bot/v1.4.8; http://mj12bot.com/)"
167.114.173.115 - - [21/Sep/2022:09:45:18 +0200] "GET /beautiful-babushka-by-kimmidoll-black-notebook-p-33221.html HTTP/1.0" 301 74912 "-" "Mozilla/5.0 (compatible; MJ12bot/v1.4.8; http://mj12bot.com/)"
65.108.40.25 - - [21/Sep/2022:09:45:19 +0200] "GET /-p-35010.html HTTP/1.0" 200 71872 "-" "Mozilla/5.0 (compatible; MJ12bot/v1.4.8; http://mj12bot.com/)"
167.114.173.115 - - [21/Sep/2022:09:45:21 +0200] "GET /beautiful-babushka-kimmidoll-black-notebook-p-33221.html HTTP/1.0" 200 74802 "-" "Mozilla/5.0 (compatible; MJ12bot/v1.4.8; http://mj12bot.com/)"
147.92.153.5 - - [21/Sep/2022:09:45:24 +0200] "GET /images/big_prod/3442440238020.jpg HTTP/1.0" 200 268 "-" "Mozilla/5.0 (compatible; Linespider/1.1; +https://lin.ee/4dwXkTH)"
65.108.40.25 - - [21/Sep/2022:09:45:23 +0200] "GET /love-wonderful-bedclothes-220-240-cm-p-33898.html HTTP/1.0" 301 71939 "-" "Mozilla/5.0 (compatible; MJ12bot/v1.4.8; http://mj12bot.com/)"
167.114.173.115 - - [21/Sep/2022:09:45:25 +0200] "GET /beautiful-babushka-by-kimmidoll-black-pen-p-33215.html HTTP/1.0" 301 71939 "-" "Mozilla/5.0 (compatible; MJ12bot/v1.4.8; http://mj12bot.com/)"
65.108.40.25 - - [21/Sep/2022:09:45:27 +0200] "GET /-p-33898.html HTTP/1.0" 200 71872 "-" "Mozilla/5.0 (compatible; MJ12bot/v1.4.8; http://mj12bot.com/)"
185.191.171.14 - - [21/Sep/2022:09:45:27 +0200] "GET /laissez-lucie-faire-make-byako-p-38979.html HTTP/1.0" 200 72040 "-" "Mozilla/5.0 (compatible; SemrushBot/7~bl; +http://www.semrush.com/bot.html)"
167.114.173.115 - - [21/Sep/2022:09:45:28 +0200] "GET /-p-33215.html HTTP/1.0" 200 71872 "-" "Mozilla/5.0 (compatible; MJ12bot/v1.4.8; http://mj12bot.com/)"
65.108.40.25 - - [21/Sep/2022:09:45:32 +0200] "GET /luggages-schoolbags-leather-shop/computer-bag-and-briefcase/bob-marley-computer-bag-model-n%C3%82%C2%B02-p-21337.html HTTP/1.0" 301 74876 "-" "Mozilla/5.0 (compatible; MJ12bot/v1.4.8; http://mj12bot.com/)"
65.108.40.25 - - [21/Sep/2022:09:45:35 +0200] "GET /marley-computer-model-p-21337.html HTTP/1.0" 200 74788 "-" "Mozilla/5.0 (compatible; MJ12bot/v1.4.8; http://mj12bot.com/)"
65.108.40.25 - - [21/Sep/2022:09:45:43 +0200] "GET /luggages-schoolbags-leather-shop/suitcaselittle-suitcase-trolley/beatles-black-suitcase-p-25101.html HTTP/1.0" 301 71939 "-" "Mozilla/5.0 (compatible; MJ12bot/v1.4.8; http://mj12bot.com/)"
65.108.40.25 - - [21/Sep/2022:09:45:49 +0200] "GET /-p-25101.html HTTP/1.0" 200 71872 "-" "Mozilla/5.0 (compatible; MJ12bot/v1.4.8; http://mj12bot.com/)"
65.108.40.25 - - [21/Sep/2022:09:45:55 +0200] "GET /luggages-schoolbags-leather-shop/suitcaselittle-suitcase-trolley/beatles-silver-suitcase-p-25100.html HTTP/1.0" 301 71939 "-" "Mozilla/5.0 (compatible; MJ12bot/v1.4.8; http://mj12bot.com/)"
185.191.171.40 - - [21/Sep/2022:09:45:57 +0200] "GET /-p-41395.html HTTP/1.0" 200 71872 "-" "Mozilla/5.0 (compatible; SemrushBot/7~bl; +http://www.semrush.com/bot.html)"
65.108.40.25 - - [21/Sep/2022:09:46:00 +0200] "GET /-p-25100.html HTTP/1.0" 200 71872 "-" "Mozilla/5.0 (compatible; MJ12bot/v1.4.8; http://mj12bot.com/)"
185.191.171.24 - - [21/Sep/2022:09:46:01 +0200] "GET /scented-candles-and-novenas-c-231_227.html?page=11 HTTP/1.0" 301 96604 "-" "Mozilla/5.0 (compatible; SemrushBot/7~bl; +http://www.semrush.com/bot.html)"
185.191.171.7 - - [21/Sep/2022:09:46:05 +0200] "GET /posters-stickers-wall-c-13_147.html?page=4 HTTP/1.0" 200 89374 "-" "Mozilla/5.0 (compatible; SemrushBot/7~bl; +http://www.semrush.com/bot.html)"
65.108.40.25 - - [21/Sep/2022:09:46:05 +0200] "GET /luna-desk-blotter-p-36353.html HTTP/1.0" 301 71939 "-" "Mozilla/5.0 (compatible; MJ12bot/v1.4.8; http://mj12bot.com/)"
185.191.171.41 - - [21/Sep/2022:09:46:08 +0200] "GET /scented-candles-novenas-c-227.html?page=11 HTTP/1.0" 301 96473 "-" "Mozilla/5.0 (compatible; SemrushBot/7~bl; +http://www.semrush.com/bot.html)"
65.108.40.25 - - [21/Sep/2022:09:46:11 +0200] "GET /-p-36353.html HTTP/1.0" 200 71872 "-" "Mozilla/5.0 (compatible; MJ12bot/v1.4.8; http://mj12bot.com/)"
185.191.171.41 - - [21/Sep/2022:09:46:12 +0200] "GET /scented-candles-novenas-c-231_227.html?page=11 HTTP/1.0" 200 96508 "-" "Mozilla/5.0 (compatible; SemrushBot/7~bl; +http://www.semrush.com/bot.html)"
65.108.40.25 - - [21/Sep/2022:09:46:15 +0200] "GET /lyon-training-bottle-by-cbkreation-p-31270.html HTTP/1.0" 301 74936 "-" "Mozilla/5.0 (compatible; MJ12bot/v1.4.8; http://mj12bot.com/)"
216.244.66.242 - - [21/Sep/2022:09:46:16 +0200] "GET /palette-knife-p-41592.html HTTP/1.0" 200 74414 "-" "Mozilla/5.0 (compatible; DotBot/1.2; +https://opensiteexplorer.org/dotbot; help@moz.com)"
65.108.40.25 - - [21/Sep/2022:09:46:18 +0200] "GET /lyon-training-bottle-cbkreation-p-31270.html HTTP/1.0" 200 74838 "-" "Mozilla/5.0 (compatible; MJ12bot/v1.4.8; http://mj12bot.com/)"
157.55.39.12 - - [21/Sep/2022:09:46:21 +0200] "GET /images/mini_prod/8424346089000.jpg HTTP/1.0" 200 269 "-" "Mozilla/5.0 (compatible; bingbot/2.0; +http://www.bing.com/bingbot.htm)"
65.108.40.25 - - [21/Sep/2022:09:46:22 +0200] "GET /ma-maman-elle-dechire-white-tee-shirt-p-48998.html HTTP/1.0" 301 76655 "-" "Mozilla/5.0 (compatible; MJ12bot/v1.4.8; http://mj12bot.com/)"
65.108.40.25 - - [21/Sep/2022:09:46:27 +0200] "GET /maman-elle-dchire-white-shirt-p-48998.html HTTP/1.0" 200 76559 "-" "Mozilla/5.0 (compatible; MJ12bot/v1.4.8; http://mj12bot.com/)"
185.191.171.20 - - [21/Sep/2022:09:46:30 +0200] "GET /cats-dubout-placemat-p-47082.html HTTP/1.0" 200 74548 "-" "Mozilla/5.0 (compatible; SemrushBot/7~bl; +http://www.semrush.com/bot.html)"
66.249.66.210 - - [21/Sep/2022:09:46:33 +0200] "GET /images/big_prod_1/3609810076273C.jpg HTTP/1.0" 200 271 "-" "Googlebot-Image/1.0"
65.108.40.25 - - [21/Sep/2022:09:46:32 +0200] "GET /ma-petite-cremerie-pot-p-35608.html HTTP/1.0" 301 74575 "-" "Mozilla/5.0 (compatible; MJ12bot/v1.4.8; http://mj12bot.com/)"
65.108.40.25 - - [21/Sep/2022:09:46:35 +0200] "GET /petite-crmerie-p-35608.html HTTP/1.0" 200 74494 "-" "Mozilla/5.0 (compatible; MJ12bot/v1.4.8; http://mj12bot.com/)"
54.36.148.244 - - [21/Sep/2022:09:46:35 +0200] "GET /toiletbrush-dreamcatchers-p-50695.html HTTP/1.0" 200 75408 "-" "Mozilla/5.0 (compatible; AhrefsBot/7.0; +http://ahrefs.com/robot/)"
54.36.148.36 - - [21/Sep/2022:09:46:40 +0200] "GET /images/big_prod/8424346355310.jpg HTTP/1.0" 200 268 "-" "Mozilla/5.0 (compatible; AhrefsBot/7.0; +http://ahrefs.com/robot/)"
66.249.66.210 - - [21/Sep/2022:09:46:39 +0200] "GET /plush-keeleco-friendly-seal-p-51851.html HTTP/1.0" 200 71972 "-" "Mozilla/5.0 (Linux; Android 6.0.1; Nexus 5X Build/MMB29P) AppleWebKit/537.36 (KHTML, like Gecko) Chrome/105.0.5195.102 Mobile Safari/537.36 (compatible; Googlebot/2.1; +http://www.google.com/bot.html)"
54.36.149.91 - - [21/Sep/2022:09:46:40 +0200] "GET /images/big_prod_2/8424346355310C.jpg HTTP/1.0" 200 271 "-" "Mozilla/5.0 (compatible; AhrefsBot/7.0; +http://ahrefs.com/robot/)"
54.36.148.190 - - [21/Sep/2022:09:46:40 +0200] "GET /images/big_prod_1/8424346355310B.jpg HTTP/1.0" 200 271 "-" "Mozilla/5.0 (compatible; AhrefsBot/7.0; +http://ahrefs.com/robot/)"
185.191.171.5 - - [21/Sep/2022:09:46:39 +0200] "GET /tassen-mood-made-germany-p-46334.html HTTP/1.0" 301 76059 "-" "Mozilla/5.0 (compatible; SemrushBot/7~bl; +http://www.semrush.com/bot.html)"
65.108.40.25 - - [21/Sep/2022:09:46:41 +0200] "GET /made-usa-black-cushion-p-31461.html HTTP/1.0" 301 71939 "-" "Mozilla/5.0 (compatible; MJ12bot/v1.4.8; http://mj12bot.com/)"
185.191.171.34 - - [21/Sep/2022:09:46:43 +0200] "GET /tassen-farceur-avec-anse-fabriqu-allemagne-p-46334.html HTTP/1.0" 200 75950 "-" "Mozilla/5.0 (compatible; SemrushBot/7~bl; +http://www.semrush.com/bot.html)"
65.108.40.25 - - [21/Sep/2022:09:46:44 +0200] "GET /-p-31461.html HTTP/1.0" 200 71872 "-" "Mozilla/5.0 (compatible; MJ12bot/v1.4.8; http://mj12bot.com/)"
54.36.149.39 - - [21/Sep/2022:09:46:49 +0200] "GET /car-air-freshener-heart-and-home-lavender-and-sage-p-40602.html HTTP/1.0" 301 74986 "-" "Mozilla/5.0 (compatible; AhrefsBot/7.0; +http://ahrefs.com/robot/)"
65.108.40.25 - - [21/Sep/2022:09:46:50 +0200] "GET /mademoiselle-paris-mug-p-22224.html HTTP/1.0" 301 72056 "-" "Mozilla/5.0 (compatible; MJ12bot/v1.4.8; http://mj12bot.com/)"
185.191.171.23 - - [21/Sep/2022:09:46:55 +0200] "GET /kimmijunior-summer-girly-set-p-17995.html HTTP/1.0" 301 75621 "-" "Mozilla/5.0 (compatible; SemrushBot/7~bl; +http://www.semrush.com/bot.html)"
65.108.40.25 - - [21/Sep/2022:09:46:56 +0200] "GET /mademoiselle-paris-p-22224.html HTTP/1.0" 200 71971 "-" "Mozilla/5.0 (compatible; MJ12bot/v1.4.8; http://mj12bot.com/)"
185.191.171.6 - - [21/Sep/2022:09:46:58 +0200] "GET /kimmijunior-summer-girly-p-17995.html HTTP/1.0" 200 75530 "-" "Mozilla/5.0 (compatible; SemrushBot/7~bl; +http://www.semrush.com/bot.html)"
65.108.40.25 - - [21/Sep/2022:09:47:01 +0200] "GET /magic-suitcase-janod-p-19489.html HTTP/1.0" 301 71939 "-" "Mozilla/5.0 (compatible; MJ12bot/v1.4.8; http://mj12bot.com/)"
185.191.171.11 - - [21/Sep/2022:09:47:02 +0200] "GET /solar-powered-shark-dancing-p-38828.html HTTP/1.0" 200 74792 "-" "Mozilla/5.0 (compatible; SemrushBot/7~bl; +http://www.semrush.com/bot.html)"
65.108.40.25 - - [21/Sep/2022:09:47:05 +0200] "GET /-p-19489.html HTTP/1.0" 200 71872 "-" "Mozilla/5.0 (compatible; MJ12bot/v1.4.8; http://mj12bot.com/)"
185.191.171.36 - - [21/Sep/2022:09:47:08 +0200] "GET /soldier-statuette-emperor-p-56033.html HTTP/1.0" 200 75571 "-" "Mozilla/5.0 (compatible; SemrushBot/7~bl; +http://www.semrush.com/bot.html)"
65.108.40.25 - - [21/Sep/2022:09:47:09 +0200] "GET /maisy-game-of-skittles-p-19434.html HTTP/1.0" 301 71939 "-" "Mozilla/5.0 (compatible; MJ12bot/v1.4.8; http://mj12bot.com/)"
65.108.40.25 - - [21/Sep/2022:09:47:13 +0200] "GET /-p-19434.html HTTP/1.0" 200 71872 "-" "Mozilla/5.0 (compatible; MJ12bot/v1.4.8; http://mj12bot.com/)"
65.108.40.25 - - [21/Sep/2022:09:47:16 +0200] "GET /maisy-little-bowling-bag-oilcloth-p-15248.html HTTP/1.0" 301 72084 "-" "Mozilla/5.0 (compatible; MJ12bot/v1.4.8; http://mj12bot.com/)"
65.108.40.25 - - [21/Sep/2022:09:47:20 +0200] "GET /maisy-little-bowling-oilcloth-p-15248.html HTTP/1.0" 200 71988 "-" "Mozilla/5.0 (compatible; MJ12bot/v1.4.8; http://mj12bot.com/)"
65.108.40.25 - - [21/Sep/2022:09:47:24 +0200] "GET /maisy-melamine-baby-dinner-set-p-9329.html HTTP/1.0" 301 72064 "-" "Mozilla/5.0 (compatible; MJ12bot/v1.4.8; http://mj12bot.com/)"
65.108.40.25 - - [21/Sep/2022:09:47:27 +0200] "GET /maisy-melamine-baby-dinner-p-9329.html HTTP/1.0" 200 71972 "-" "Mozilla/5.0 (compatible; MJ12bot/v1.4.8; http://mj12bot.com/)"
65.108.40.25 - - [21/Sep/2022:09:47:30 +0200] "GET /maisy-melamine-bowl-p-18274.html HTTP/1.0" 301 71939 "-" "Mozilla/5.0 (compatible; MJ12bot/v1.4.8; http://mj12bot.com/)"
185.191.171.2 - - [21/Sep/2022:09:47:32 +0200] "GET /snow-white-art-deco-figurine-p-41976.html HTTP/1.0" 301 72057 "-" "Mozilla/5.0 (compatible; SemrushBot/7~bl; +http://www.semrush.com/bot.html)"
65.108.40.25 - - [21/Sep/2022:09:47:33 +0200] "GET /-p-18274.html HTTP/1.0" 200 71872 "-" "Mozilla/5.0 (compatible; MJ12bot/v1.4.8; http://mj12bot.com/)"
185.191.171.24 - - [21/Sep/2022:09:47:35 +0200] "GET /snow-white-deco-figurine-p-41976.html HTTP/1.0" 200 71966 "-" "Mozilla/5.0 (compatible; SemrushBot/7~bl; +http://www.semrush.com/bot.html)"
65.108.40.25 - - [21/Sep/2022:09:47:37 +0200] "GET /makeup-kit-retro-old-school-p-37593.html HTTP/1.0" 301 74745 "-" "Mozilla/5.0 (compatible; MJ12bot/v1.4.8; http://mj12bot.com/)"
65.108.40.25 - - [21/Sep/2022:09:47:41 +0200] "GET /makeup-retro-school-p-37593.html HTTP/1.0" 200 74659 "-" "Mozilla/5.0 (compatible; MJ12bot/v1.4.8; http://mj12bot.com/)"
65.108.40.25 - - [21/Sep/2022:09:47:45 +0200] "GET /marilyn-monroe-black-vertical-shopping-bag-p-39787.html HTTP/1.0" 301 72170 "-" "Mozilla/5.0 (compatible; MJ12bot/v1.4.8; http://mj12bot.com/)"
185.191.171.15 - - [21/Sep/2022:09:47:46 +0200] "GET /20-st-raphael-aromatika-incense-sticks-p-53446.html HTTP/1.0" 301 74745 "-" "Mozilla/5.0 (compatible; SemrushBot/7~bl; +http://www.semrush.com/bot.html)"
65.108.40.25 - - [21/Sep/2022:09:47:48 +0200] "GET /marilyn-monroe-black-vertical-shopping-p-39787.html HTTP/1.0" 200 72065 "-" "Mozilla/5.0 (compatible; MJ12bot/v1.4.8; http://mj12bot.com/)"
185.191.171.25 - - [21/Sep/2022:09:47:50 +0200] "GET /raphael-aromatika-incense-sticks-p-53446.html HTTP/1.0" 200 74646 "-" "Mozilla/5.0 (compatible; SemrushBot/7~bl; +http://www.semrush.com/bot.html)"
65.108.40.25 - - [21/Sep/2022:09:47:54 +0200] "GET /marilyn-monroe-wallet-p-26903.html HTTP/1.0" 301 71939 "-" "Mozilla/5.0 (compatible; MJ12bot/v1.4.8; http://mj12bot.com/)"
65.108.40.25 - - [21/Sep/2022:09:47:57 +0200] "GET /-p-26903.html HTTP/1.0" 200 71872 "-" "Mozilla/5.0 (compatible; MJ12bot/v1.4.8; http://mj12bot.com/)"
65.108.40.25 - - [21/Sep/2022:09:48:00 +0200] "GET /mario-big-figure-48-cm-p-27761.html HTTP/1.0" 301 72002 "-" "Mozilla/5.0 (compatible; MJ12bot/v1.4.8; http://mj12bot.com/)"
65.108.40.25 - - [21/Sep/2022:09:48:03 +0200] "GET /mario-figure-p-27761.html HTTP/1.0" 200 71923 "-" "Mozilla/5.0 (compatible; MJ12bot/v1.4.8; http://mj12bot.com/)"
185.191.171.9 - - [21/Sep/2022:09:48:07 +0200] "GET /decoration-thermometers-c-13_145.html HTTP/1.0" 200 92990 "-" "Mozilla/5.0 (compatible; SemrushBot/7~bl; +http://www.semrush.com/bot.html)"
65.108.40.25 - - [21/Sep/2022:09:48:09 +0200] "GET /marseille-glass-tray-p-23022.html HTTP/1.0" 301 71939 "-" "Mozilla/5.0 (compatible; MJ12bot/v1.4.8; http://mj12bot.com/)"
65.108.40.25 - - [21/Sep/2022:09:48:13 +0200] "GET /-p-23022.html HTTP/1.0" 200 71872 "-" "Mozilla/5.0 (compatible; MJ12bot/v1.4.8; http://mj12bot.com/)"
54.36.148.77 - - [21/Sep/2022:09:48:13 +0200] "GET /real-madrid-backpack-p-57442.html HTTP/1.0" 200 75270 "-" "Mozilla/5.0 (compatible; AhrefsBot/7.0; +http://ahrefs.com/robot/)"
54.36.149.83 - - [21/Sep/2022:09:48:18 +0200] "GET /images/big_prod_1/3700516243126B.jpg HTTP/1.0" 200 271 "-" "Mozilla/5.0 (compatible; AhrefsBot/7.0; +http://ahrefs.com/robot/)"
54.36.149.74 - - [21/Sep/2022:09:48:18 +0200] "GET /images/big_prod/3700516243126.jpg HTTP/1.0" 200 268 "-" "Mozilla/5.0 (compatible; AhrefsBot/7.0; +http://ahrefs.com/robot/)"
65.108.40.25 - - [21/Sep/2022:09:48:17 +0200] "GET /marseille-lamp-p-14922.html HTTP/1.0" 301 71939 "-" "Mozilla/5.0 (compatible; MJ12bot/v1.4.8; http://mj12bot.com/)"
65.108.40.25 - - [21/Sep/2022:09:48:20 +0200] "GET /-p-14922.html HTTP/1.0" 200 71872 "-" "Mozilla/5.0 (compatible; MJ12bot/v1.4.8; http://mj12bot.com/)"
65.108.40.25 - - [21/Sep/2022:09:48:23 +0200] "GET /mickey-mouse-mug-p-28175.html HTTP/1.0" 301 71939 "-" "Mozilla/5.0 (compatible; MJ12bot/v1.4.8; http://mj12bot.com/)"
65.108.40.25 - - [21/Sep/2022:09:48:26 +0200] "GET /-p-28175.html HTTP/1.0" 200 71872 "-" "Mozilla/5.0 (compatible; MJ12bot/v1.4.8; http://mj12bot.com/)"
65.108.40.25 - - [21/Sep/2022:09:48:29 +0200] "GET /mickey-mouse-mug-p-28176.html HTTP/1.0" 301 71997 "-" "Mozilla/5.0 (compatible; MJ12bot/v1.4.8; http://mj12bot.com/)"
65.108.40.25 - - [21/Sep/2022:09:48:33 +0200] "GET /mickey-mouse-p-28176.html HTTP/1.0" 200 71918 "-" "Mozilla/5.0 (compatible; MJ12bot/v1.4.8; http://mj12bot.com/)"
54.36.148.82 - - [21/Sep/2022:09:48:35 +0200] "GET /boho-canvas-frame-40-30-cm-dream-and-love-p-41543.html HTTP/1.0" 301 74858 "-" "Mozilla/5.0 (compatible; AhrefsBot/7.0; +http://ahrefs.com/robot/)"
65.108.40.25 - - [21/Sep/2022:09:48:36 +0200] "GET /mickey-mouse-mug-p-28177.html HTTP/1.0" 301 71997 "-" "Mozilla/5.0 (compatible; MJ12bot/v1.4.8; http://mj12bot.com/)"
65.108.40.25 - - [21/Sep/2022:09:48:41 +0200] "GET /mickey-mouse-p-28177.html HTTP/1.0" 200 71918 "-" "Mozilla/5.0 (compatible; MJ12bot/v1.4.8; http://mj12bot.com/)"
65.108.40.25 - - [21/Sep/2022:09:48:44 +0200] "GET /mickey-mouse-red-swimsuit-p-30580.html HTTP/1.0" 301 71939 "-" "Mozilla/5.0 (compatible; MJ12bot/v1.4.8; http://mj12bot.com/)"
65.108.40.25 - - [21/Sep/2022:09:48:48 +0200] "GET /-p-30580.html HTTP/1.0" 200 71872 "-" "Mozilla/5.0 (compatible; MJ12bot/v1.4.8; http://mj12bot.com/)"
65.108.40.25 - - [21/Sep/2022:09:48:51 +0200] "GET /mickey-mouse-red-swimsuit-p-30668.html HTTP/1.0" 301 76059 "-" "Mozilla/5.0 (compatible; MJ12bot/v1.4.8; http://mj12bot.com/)"
185.191.171.22 - - [21/Sep/2022:09:48:54 +0200] "GET /cotton-floor-cushion-45-cm-julie-naturel-p-49386.html HTTP/1.0" 301 75569 "-" "Mozilla/5.0 (compatible; SemrushBot/7~bl; +http://www.semrush.com/bot.html)"
216.244.66.242 - - [21/Sep/2022:09:48:57 +0200] "GET /images/B10492.jpg HTTP/1.0" 200 252 "-" "Mozilla/5.0 (compatible; DotBot/1.2; +https://opensiteexplorer.org/dotbot; help@moz.com)"
65.108.40.25 - - [21/Sep/2022:09:48:56 +0200] "GET /mickey-mouse-swimsuit-p-30668.html HTTP/1.0" 200 75971 "-" "Mozilla/5.0 (compatible; MJ12bot/v1.4.8; http://mj12bot.com/)"
185.191.171.9 - - [21/Sep/2022:09:48:57 +0200] "GET /cotton-floor-cushion-julie-naturel-p-49386.html HTTP/1.0" 200 75468 "-" "Mozilla/5.0 (compatible; SemrushBot/7~bl; +http://www.semrush.com/bot.html)"
65.108.40.25 - - [21/Sep/2022:09:49:00 +0200] "GET /mickey-mouse-set-of-briefs-size-years-p-23702.html HTTP/1.0" 301 71939 "-" "Mozilla/5.0 (compatible; MJ12bot/v1.4.8; http://mj12bot.com/)"
65.108.40.25 - - [21/Sep/2022:09:49:03 +0200] "GET /-p-23702.html HTTP/1.0" 200 71872 "-" "Mozilla/5.0 (compatible; MJ12bot/v1.4.8; http://mj12bot.com/)"
65.108.40.25 - - [21/Sep/2022:09:49:08 +0200] "GET /mickey-mouse-tee-shirt-10-years-p-22058.html HTTP/1.0" 301 71939 "-" "Mozilla/5.0 (compatible; MJ12bot/v1.4.8; http://mj12bot.com/)"
185.191.171.42 - - [21/Sep/2022:09:49:10 +0200] "GET /small-sound-plush-character-the-lion-guard-p-38381.html HTTP/1.0" 301 71939 "-" "Mozilla/5.0 (compatible; SemrushBot/7~bl; +http://www.semrush.com/bot.html)"
65.108.40.25 - - [21/Sep/2022:09:49:11 +0200] "GET /-p-22058.html HTTP/1.0" 200 71872 "-" "Mozilla/5.0 (compatible; MJ12bot/v1.4.8; http://mj12bot.com/)"
185.191.171.3 - - [21/Sep/2022:09:49:13 +0200] "GET /-p-38381.html HTTP/1.0" 200 71872 "-" "Mozilla/5.0 (compatible; SemrushBot/7~bl; +http://www.semrush.com/bot.html)"
65.108.40.25 - - [21/Sep/2022:09:49:15 +0200] "GET /mickey-mouse-tee-shirt-12-years-p-22057.html HTTP/1.0" 301 71939 "-" "Mozilla/5.0 (compatible; MJ12bot/v1.4.8; http://mj12bot.com/)"
65.108.40.25 - - [21/Sep/2022:09:49:18 +0200] "GET /-p-22057.html HTTP/1.0" 200 71872 "-" "Mozilla/5.0 (compatible; MJ12bot/v1.4.8; http://mj12bot.com/)"
95.90.189.24 - - [21/Sep/2022:09:49:22 +0200] "GET /small-akio-night-light-hello-kitty-cloud-p-51497.html HTTP/1.0" 200 72034 "-" "Mozilla/5.0 (iPhone; CPU iPhone OS 15_7 like Mac OS X) AppleWebKit/605.1.15 (KHTML, like Gecko) Version/15.6,2 Mobile/15E148 Safari/604.1"
95.90.189.24 - - [21/Sep/2022:09:49:24 +0200] "GET /templates/Pixame_v1/images/buttons/english/button_continue.gif HTTP/1.0" 200 1264 "http://www.wonder-geek.com/small-akio-night-light-hello-kitty-cloud-p-51497.html" "Mozilla/5.0 (iPhone; CPU iPhone OS 15_7 like Mac OS X) AppleWebKit/605.1.15 (KHTML, like Gecko) Version/15.6,2 Mobile/15E148 Safari/604.1"
65.108.40.25 - - [21/Sep/2022:09:49:22 +0200] "GET /mickey-mouse-tee-shirt-14-ans-p-22060.html HTTP/1.0" 301 71939 "-" "Mozilla/5.0 (compatible; MJ12bot/v1.4.8; http://mj12bot.com/)"
65.108.40.25 - - [21/Sep/2022:09:49:27 +0200] "GET /-p-22060.html HTTP/1.0" 200 71872 "-" "Mozilla/5.0 (compatible; MJ12bot/v1.4.8; http://mj12bot.com/)"
65.108.40.25 - - [21/Sep/2022:09:49:30 +0200] "GET /mickey-mouse-tee-shirt-years-p-22059.html HTTP/1.0" 301 71939 "-" "Mozilla/5.0 (compatible; MJ12bot/v1.4.8; http://mj12bot.com/)"
87.250.224.94 - - [21/Sep/2022:09:49:32 +0200] "GET /robots.txt HTTP/1.0" 200 245 "-" "Mozilla/5.0 (compatible; YandexBot/3.0; +http://yandex.com/bots)"
65.108.40.25 - - [21/Sep/2022:09:49:34 +0200] "GET /-p-22059.html HTTP/1.0" 200 71872 "-" "Mozilla/5.0 (compatible; MJ12bot/v1.4.8; http://mj12bot.com/)"
87.250.224.94 - - [21/Sep/2022:09:49:35 +0200] "GET /love-personnalized-white-shell-galaxy-note-p-17688.html HTTP/1.0" 200 74860 "-" "Mozilla/5.0 (compatible; YandexBot/3.0; +http://yandex.com/bots)"
65.108.40.25 - - [21/Sep/2022:09:49:37 +0200] "GET /mickey-mouse-vintage-suitcase-50-cm-p-34769.html HTTP/1.0" 301 72122 "-" "Mozilla/5.0 (compatible; MJ12bot/v1.4.8; http://mj12bot.com/)"
65.108.40.25 - - [21/Sep/2022:09:49:40 +0200] "GET /mickey-mouse-vintage-suitcase-p-34769.html HTTP/1.0" 200 72026 "-" "Mozilla/5.0 (compatible; MJ12bot/v1.4.8; http://mj12bot.com/)"
65.108.40.25 - - [21/Sep/2022:09:49:44 +0200] "GET /mickey-mouse-with-kisses-figurine-collection-disney-traditions-p-26852.html HTTP/1.0" 301 71939 "-" "Mozilla/5.0 (compatible; MJ12bot/v1.4.8; http://mj12bot.com/)"
65.108.40.25 - - [21/Sep/2022:09:49:46 +0200] "GET /-p-26852.html HTTP/1.0" 200 71872 "-" "Mozilla/5.0 (compatible; MJ12bot/v1.4.8; http://mj12bot.com/)"
66.249.66.210 - - [21/Sep/2022:09:49:48 +0200] "GET /images/med_prod/8435107771287.jpg HTTP/1.0" 200 268 "-" "Googlebot-Image/1.0"
185.191.171.2 - - [21/Sep/2022:09:49:49 +0200] "GET /coca-cola-sugar-box-p-33734.html HTTP/1.0" 301 71939 "-" "Mozilla/5.0 (compatible; SemrushBot/7~bl; +http://www.semrush.com/bot.html)"
65.108.40.25 - - [21/Sep/2022:09:49:49 +0200] "GET /mickey-pvc-led-ceiling-light-p-33141.html HTTP/1.0" 301 72045 "-" "Mozilla/5.0 (compatible; MJ12bot/v1.4.8; http://mj12bot.com/)"
65.108.40.25 - - [21/Sep/2022:09:49:52 +0200] "GET /mickey-ceiling-light-p-33141.html HTTP/1.0" 200 71958 "-" "Mozilla/5.0 (compatible; MJ12bot/v1.4.8; http://mj12bot.com/)"
185.191.171.19 - - [21/Sep/2022:09:49:53 +0200] "GET /-p-33734.html HTTP/1.0" 200 71872 "-" "Mozilla/5.0 (compatible; SemrushBot/7~bl; +http://www.semrush.com/bot.html)"
65.108.40.25 - - [21/Sep/2022:09:49:55 +0200] "GET /mini-rectangular-tray-mini-van-surfing-green-p-40893.html HTTP/1.0" 301 71939 "-" "Mozilla/5.0 (compatible; MJ12bot/v1.4.8; http://mj12bot.com/)"
185.191.171.1 - - [21/Sep/2022:09:49:56 +0200] "GET /votive-candle-hours-strawberry-cream-p-38108.html HTTP/1.0" 200 75702 "-" "Mozilla/5.0 (compatible; SemrushBot/7~bl; +http://www.semrush.com/bot.html)"
54.36.148.234 - - [21/Sep/2022:09:49:58 +0200] "GET /dubout-cats-white-p-35234.html HTTP/1.0" 200 74469 "-" "Mozilla/5.0 (compatible; AhrefsBot/7.0; +http://ahrefs.com/robot/)"
65.108.40.25 - - [21/Sep/2022:09:49:58 +0200] "GET /-p-40893.html HTTP/1.0" 200 71872 "-" "Mozilla/5.0 (compatible; MJ12bot/v1.4.8; http://mj12bot.com/)"
65.108.40.25 - - [21/Sep/2022:09:50:01 +0200] "GET /minions-cushion-p-31725.html HTTP/1.0" 301 71939 "-" "Mozilla/5.0 (compatible; MJ12bot/v1.4.8; http://mj12bot.com/)"
65.108.40.25 - - [21/Sep/2022:09:50:03 +0200] "GET /-p-31725.html HTTP/1.0" 200 71872 "-" "Mozilla/5.0 (compatible; MJ12bot/v1.4.8; http://mj12bot.com/)"
65.108.40.25 - - [21/Sep/2022:09:50:06 +0200] "GET /moto-guzzi-p-11781.html HTTP/1.0" 301 71939 "-" "Mozilla/5.0 (compatible; MJ12bot/v1.4.8; http://mj12bot.com/)"
65.108.40.25 - - [21/Sep/2022:09:50:11 +0200] "GET /-p-11781.html HTTP/1.0" 200 71872 "-" "Mozilla/5.0 (compatible; MJ12bot/v1.4.8; http://mj12bot.com/)"
65.108.40.25 - - [21/Sep/2022:09:50:14 +0200] "GET /mug-museum-p-39748.html HTTP/1.0" 301 71939 "-" "Mozilla/5.0 (compatible; MJ12bot/v1.4.8; http://mj12bot.com/)"
65.108.40.25 - - [21/Sep/2022:09:50:17 +0200] "GET /-p-39748.html HTTP/1.0" 200 71872 "-" "Mozilla/5.0 (compatible; MJ12bot/v1.4.8; http://mj12bot.com/)"
65.108.40.25 - - [21/Sep/2022:09:50:20 +0200] "GET /mugs-and-mazagrans-c-12_57.html HTTP/1.0" 301 97652 "-" "Mozilla/5.0 (compatible; MJ12bot/v1.4.8; http://mj12bot.com/)"
65.108.40.25 - - [21/Sep/2022:09:50:23 +0200] "GET /mugs-mazagrans-c-57.html HTTP/1.0" 301 97551 "-" "Mozilla/5.0 (compatible; MJ12bot/v1.4.8; http://mj12bot.com/)"
65.108.40.25 - - [21/Sep/2022:09:50:25 +0200] "GET /mugs-mazagrans-c-12_57.html HTTP/1.0" 200 97574 "-" "Mozilla/5.0 (compatible; MJ12bot/v1.4.8; http://mj12bot.com/)"
65.108.40.25 - - [21/Sep/2022:09:50:30 +0200] "GET /mugs-and-mazagrans-c-12_57.html?page=1 HTTP/1.0" 301 97670 "-" "Mozilla/5.0 (compatible; MJ12bot/v1.4.8; http://mj12bot.com/)"
65.108.40.25 - - [21/Sep/2022:09:50:33 +0200] "GET /mugs-mazagrans-c-57.html?page=1 HTTP/1.0" 301 97569 "-" "Mozilla/5.0 (compatible; MJ12bot/v1.4.8; http://mj12bot.com/)"
37.230.186.130 - - [21/Sep/2022:09:50:36 +0200] "GET /images/mini_prod/4029811340675.jpg HTTP/1.0" 200 269 "-" "Python/3.7 aiohttp/3.8.1"
185.191.171.24 - - [21/Sep/2022:09:50:35 +0200] "GET /wind-chime-angel-glow-in-the-dark-yellow-p-40219.html HTTP/1.0" 301 72060 "-" "Mozilla/5.0 (compatible; SemrushBot/7~bl; +http://www.semrush.com/bot.html)"
114.119.137.45 - - [21/Sep/2022:09:50:35 +0200] "GET /coconut-fibers-doormat-welcome-house-p-56385.html HTTP/1.0" 200 72038 "http://www.wonder-geek.com/doormats-and-entrance-carpets-c-11_269_266.html?page=1" "Mozilla/5.0 (Linux; Android 7.0;) AppleWebKit/537.36 (KHTML, like Gecko) Mobile Safari/537.36 (compatible; PetalBot;+https://webmaster.petalsearch.com/site/petalbot)"
65.108.40.25 - - [21/Sep/2022:09:50:36 +0200] "GET /mugs-mazagrans-c-12_57.html?page=1 HTTP/1.0" 200 97585 "-" "Mozilla/5.0 (compatible; MJ12bot/v1.4.8; http://mj12bot.com/)"
185.191.171.8 - - [21/Sep/2022:09:50:39 +0200] "GET /wind-chime-angel-glow-dark-yellow-p-40219.html HTTP/1.0" 200 71960 "-" "Mozilla/5.0 (compatible; SemrushBot/7~bl; +http://www.semrush.com/bot.html)"
65.108.40.25 - - [21/Sep/2022:09:50:41 +0200] "GET /mustache-necktie-and-top-hat-mug-p-24310.html HTTP/1.0" 301 74843 "-" "Mozilla/5.0 (compatible; MJ12bot/v1.4.8; http://mj12bot.com/)"
65.108.40.25 - - [21/Sep/2022:09:50:44 +0200] "GET /mustache-necktie-p-24310.html HTTP/1.0" 200 74760 "-" "Mozilla/5.0 (compatible; MJ12bot/v1.4.8; http://mj12bot.com/)"
65.108.40.25 - - [21/Sep/2022:09:50:48 +0200] "GET /my-little-pony-mini-led-glitter-shake-and-shine-p-31919.html HTTP/1.0" 301 75126 "-" "Mozilla/5.0 (compatible; MJ12bot/v1.4.8; http://mj12bot.com/)"
65.108.40.25 - - [21/Sep/2022:09:50:52 +0200] "GET /little-pony-mini-glitter-shake-shine-p-31919.html HTTP/1.0" 200 75023 "-" "Mozilla/5.0 (compatible; MJ12bot/v1.4.8; http://mj12bot.com/)"
65.108.40.25 - - [21/Sep/2022:09:50:55 +0200] "GET /nemo-mattress-swimming-pool-p-13998.html HTTP/1.0" 301 71939 "-" "Mozilla/5.0 (compatible; MJ12bot/v1.4.8; http://mj12bot.com/)"
66.249.66.210 - - [21/Sep/2022:09:50:58 +0200] "GET /images/big_prod/8433914429018.jpg HTTP/1.0" 200 268 "-" "Googlebot-Image/1.0"
65.108.40.25 - - [21/Sep/2022:09:50:57 +0200] "GET /-p-13998.html HTTP/1.0" 200 71872 "-" "Mozilla/5.0 (compatible; MJ12bot/v1.4.8; http://mj12bot.com/)"
65.108.40.25 - - [21/Sep/2022:09:51:00 +0200] "GET /nemo-swim-vest-p-25219.html HTTP/1.0" 301 71999 "-" "Mozilla/5.0 (compatible; MJ12bot/v1.4.8; http://mj12bot.com/)"
65.108.40.25 - - [21/Sep/2022:09:51:03 +0200] "GET /swim-vest-p-25219.html HTTP/1.0" 200 71923 "-" "Mozilla/5.0 (compatible; MJ12bot/v1.4.8; http://mj12bot.com/)"
185.191.171.35 - - [21/Sep/2022:09:51:03 +0200] "GET /zeus-polyresin-statue-in-bronze-color-50-cm-p-53034.html HTTP/1.0" 301 74822 "-" "Mozilla/5.0 (compatible; SemrushBot/7~bl; +http://www.semrush.com/bot.html)"
185.191.171.44 - - [21/Sep/2022:09:51:06 +0200] "GET /zeus-polyresin-statue-bronze-color-p-53034.html HTTP/1.0" 200 74721 "-" "Mozilla/5.0 (compatible; SemrushBot/7~bl; +http://www.semrush.com/bot.html)"
65.108.40.25 - - [21/Sep/2022:09:51:06 +0200] "GET /nintendo-mario-poster-p-15745.html HTTP/1.0" 301 71939 "-" "Mozilla/5.0 (compatible; MJ12bot/v1.4.8; http://mj12bot.com/)"
65.108.40.25 - - [21/Sep/2022:09:51:09 +0200] "GET /-p-15745.html HTTP/1.0" 200 71872 "-" "Mozilla/5.0 (compatible; MJ12bot/v1.4.8; http://mj12bot.com/)"
185.191.171.24 - - [21/Sep/2022:09:51:09 +0200] "GET /statuette-moai-of-easter-island-model-p-50059.html HTTP/1.0" 301 72115 "-" "Mozilla/5.0 (compatible; SemrushBot/7~bl; +http://www.semrush.com/bot.html)"
65.108.40.25 - - [21/Sep/2022:09:51:12 +0200] "GET /nintendo-mario-wii-poster-p-15745.html HTTP/1.0" 301 71939 "-" "Mozilla/5.0 (compatible; MJ12bot/v1.4.8; http://mj12bot.com/)"
185.191.171.25 - - [21/Sep/2022:09:51:12 +0200] "GET /butterfly-wall-decoration-24-19-cm-pink-model-p-51726.html HTTP/1.0" 301 74877 "-" "Mozilla/5.0 (compatible; SemrushBot/7~bl; +http://www.semrush.com/bot.html)"
65.108.40.25 - - [21/Sep/2022:09:51:15 +0200] "GET /-p-15745.html HTTP/1.0" 200 71872 "-" "Mozilla/5.0 (compatible; MJ12bot/v1.4.8; http://mj12bot.com/)"
185.191.171.2 - - [21/Sep/2022:09:51:17 +0200] "GET /butterfly-wall-decoration-pink-model-p-51726.html HTTP/1.0" 200 74774 "-" "Mozilla/5.0 (compatible; SemrushBot/7~bl; +http://www.semrush.com/bot.html)"
65.108.40.25 - - [21/Sep/2022:09:51:19 +0200] "GET /nitro-backpack-stash-blur-orange-trims-49-cm-p-35706.html HTTP/1.0" 301 71939 "-" "Mozilla/5.0 (compatible; MJ12bot/v1.4.8; http://mj12bot.com/)"
95.163.255.140 - - [21/Sep/2022:09:51:20 +0200] "GET /robots.txt HTTP/1.0" 200 245 "-" "Mozilla/5.0 (compatible; Linux x86_64; Mail.RU_Bot/Img/2.0; +https://help.mail.ru/webmaster/indexing/robots)"
95.163.255.130 - - [21/Sep/2022:09:51:22 +0200] "GET /images/mini_prod/3048700058171.gif HTTP/1.0" 200 268 "http://go.mail.ru/search_images" "Mozilla/5.0 (compatible; Linux x86_64; Mail.RU_Bot/Img/2.0; +https://help.mail.ru/webmaster/indexing/robots)"
185.191.171.23 - - [21/Sep/2022:09:51:20 +0200] "GET /resin-monkey-statuettes-p-54873.html HTTP/1.0" 200 71958 "-" "Mozilla/5.0 (compatible; SemrushBot/7~bl; +http://www.semrush.com/bot.html)"
65.108.40.25 - - [21/Sep/2022:09:51:23 +0200] "GET /-p-35706.html HTTP/1.0" 200 71872 "-" "Mozilla/5.0 (compatible; MJ12bot/v1.4.8; http://mj12bot.com/)"
185.191.171.40 - - [21/Sep/2022:09:51:24 +0200] "GET /statuette-moai-easter-island-model-p-50059.html HTTP/1.0" 200 72014 "-" "Mozilla/5.0 (compatible; SemrushBot/7~bl; +http://www.semrush.com/bot.html)"
65.108.40.25 - - [21/Sep/2022:09:51:26 +0200] "GET /noddy-pencil-case-p-31290.html HTTP/1.0" 301 71939 "-" "Mozilla/5.0 (compatible; MJ12bot/v1.4.8; http://mj12bot.com/)"
65.108.40.25 - - [21/Sep/2022:09:51:30 +0200] "GET /-p-31290.html HTTP/1.0" 200 71872 "-" "Mozilla/5.0 (compatible; MJ12bot/v1.4.8; http://mj12bot.com/)"
54.36.148.38 - - [21/Sep/2022:09:51:38 +0200] "GET /ceramic-vase-klimt-kiss-p-55168.html HTTP/1.0" 200 75739 "-" "Mozilla/5.0 (compatible; AhrefsBot/7.0; +http://ahrefs.com/robot/)"
65.108.40.25 - - [21/Sep/2022:09:51:38 +0200] "GET /noddy-red-sweater-p-31329.html HTTP/1.0" 301 71939 "-" "Mozilla/5.0 (compatible; MJ12bot/v1.4.8; http://mj12bot.com/)"
65.108.40.25 - - [21/Sep/2022:09:51:41 +0200] "GET /-p-31329.html HTTP/1.0" 200 71872 "-" "Mozilla/5.0 (compatible; MJ12bot/v1.4.8; http://mj12bot.com/)"
65.108.40.25 - - [21/Sep/2022:09:51:45 +0200] "GET /noddy-sly-plate-p-2167.html HTTP/1.0" 301 71936 "-" "Mozilla/5.0 (compatible; MJ12bot/v1.4.8; http://mj12bot.com/)"
65.108.40.25 - - [21/Sep/2022:09:51:48 +0200] "GET /-p-2167.html HTTP/1.0" 200 71870 "-" "Mozilla/5.0 (compatible; MJ12bot/v1.4.8; http://mj12bot.com/)"
65.108.40.25 - - [21/Sep/2022:09:51:51 +0200] "GET /ny-statue-of-liberty-pot-cookware-cbkreation-p-23969.html HTTP/1.0" 301 74739 "-" "Mozilla/5.0 (compatible; MJ12bot/v1.4.8; http://mj12bot.com/)"
65.108.40.25 - - [21/Sep/2022:09:51:54 +0200] "GET /statue-liberty-cookware-cbkreation-p-23969.html HTTP/1.0" 200 74638 "-" "Mozilla/5.0 (compatible; MJ12bot/v1.4.8; http://mj12bot.com/)"
65.108.40.25 - - [21/Sep/2022:09:51:57 +0200] "GET /ny-statue-of-liberty-pot-cookware-p-23969.html HTTP/1.0" 301 74739 "-" "Mozilla/5.0 (compatible; MJ12bot/v1.4.8; http://mj12bot.com/)"
65.108.40.25 - - [21/Sep/2022:09:52:02 +0200] "GET /statue-liberty-cookware-cbkreation-p-23969.html HTTP/1.0" 200 74638 "-" "Mozilla/5.0 (compatible; MJ12bot/v1.4.8; http://mj12bot.com/)"
65.108.40.25 - - [21/Sep/2022:09:52:05 +0200] "GET /obelix-3d-magnet-p-6015.html HTTP/1.0" 301 72011 "-" "Mozilla/5.0 (compatible; MJ12bot/v1.4.8; http://mj12bot.com/)"
65.108.40.25 - - [21/Sep/2022:09:52:09 +0200] "GET /oblix-magnet-p-6015.html HTTP/1.0" 200 71933 "-" "Mozilla/5.0 (compatible; MJ12bot/v1.4.8; http://mj12bot.com/)"
65.108.40.25 - - [21/Sep/2022:09:52:12 +0200] "GET /obi-wan-kenobi-stars-wars-10-cm-figure-p-21569.html HTTP/1.0" 301 71939 "-" "Mozilla/5.0 (compatible; MJ12bot/v1.4.8; http://mj12bot.com/)"
65.108.40.25 - - [21/Sep/2022:09:52:16 +0200] "GET /-p-21569.html HTTP/1.0" 200 71872 "-" "Mozilla/5.0 (compatible; MJ12bot/v1.4.8; http://mj12bot.com/)"
65.108.40.25 - - [21/Sep/2022:09:52:19 +0200] "GET /oddments-paris-bathtub-p-14654.html HTTP/1.0" 301 71939 "-" "Mozilla/5.0 (compatible; MJ12bot/v1.4.8; http://mj12bot.com/)"
203.119.241.97 - - [21/Sep/2022:09:52:20 +0200] "GET /images/mini_prod/3660173163628.jpg HTTP/1.0" 200 269 "-" "Mozilla/5.0 (X11; Ubuntu; Linux x86_64; rv:72.0) Gecko/20100101 Firefox/72.0"
65.108.40.25 - - [21/Sep/2022:09:52:22 +0200] "GET /-p-14654.html HTTP/1.0" 200 71872 "-" "Mozilla/5.0 (compatible; MJ12bot/v1.4.8; http://mj12bot.com/)"
216.244.66.242 - - [21/Sep/2022:09:52:26 +0200] "GET /images/3048700058324.jpg HTTP/1.0" 200 259 "-" "Mozilla/5.0 (compatible; DotBot/1.2; +https://opensiteexplorer.org/dotbot; help@moz.com)"
65.108.40.25 - - [21/Sep/2022:09:52:27 +0200] "GET /oddments-provence-lavender-bathtub-p-14661.html HTTP/1.0" 301 71939 "-" "Mozilla/5.0 (compatible; MJ12bot/v1.4.8; http://mj12bot.com/)"
216.244.66.242 - - [21/Sep/2022:09:52:30 +0200] "GET /images/3521320003306.jpg HTTP/1.0" 200 259 "-" "Mozilla/5.0 (compatible; DotBot/1.2; +https://opensiteexplorer.org/dotbot; help@moz.com)"
65.108.40.25 - - [21/Sep/2022:09:52:31 +0200] "GET /-p-14661.html HTTP/1.0" 200 71872 "-" "Mozilla/5.0 (compatible; MJ12bot/v1.4.8; http://mj12bot.com/)"
65.108.40.25 - - [21/Sep/2022:09:52:34 +0200] "GET /old-couple-motorcycle-salt-and-pepper-p-34184.html HTTP/1.0" 301 72128 "-" "Mozilla/5.0 (compatible; MJ12bot/v1.4.8; http://mj12bot.com/)"
216.244.66.242 - - [21/Sep/2022:09:52:37 +0200] "GET /images/3540943109301.jpg HTTP/1.0" 200 259 "-" "Mozilla/5.0 (compatible; DotBot/1.2; +https://opensiteexplorer.org/dotbot; help@moz.com)"
65.108.40.25 - - [21/Sep/2022:09:52:37 +0200] "GET /couple-motorcycle-salt-pepper-p-34184.html HTTP/1.0" 200 72032 "-" "Mozilla/5.0 (compatible; MJ12bot/v1.4.8; http://mj12bot.com/)"
65.108.40.25 - - [21/Sep/2022:09:52:39 +0200] "GET /olympique-de-marseille-keyring-p-40811.html HTTP/1.0" 301 74670 "-" "Mozilla/5.0 (compatible; MJ12bot/v1.4.8; http://mj12bot.com/)"
216.244.66.242 - - [21/Sep/2022:09:52:43 +0200] "GET /images/3609080552651.jpg HTTP/1.0" 200 259 "-" "Mozilla/5.0 (compatible; DotBot/1.2; +https://opensiteexplorer.org/dotbot; help@moz.com)"
65.108.40.25 - - [21/Sep/2022:09:52:43 +0200] "GET /olympique-marseille-keyring-p-40811.html HTTP/1.0" 200 74576 "-" "Mozilla/5.0 (compatible; MJ12bot/v1.4.8; http://mj12bot.com/)"
66.249.66.210 - - [21/Sep/2022:09:52:43 +0200] "GET /elephant-mini-melamine-tray-kook-kiub-p-57202.html HTTP/1.0" 200 74707 "-" "Mozilla/5.0 (Linux; Android 6.0.1; Nexus 5X Build/MMB29P) AppleWebKit/537.36 (KHTML, like Gecko) Chrome/105.0.5195.125 Mobile Safari/537.36 (compatible; Googlebot/2.1; +http://www.google.com/bot.html)"
65.108.40.25 - - [21/Sep/2022:09:52:46 +0200] "GET /owl-saltshaker-and-pepper-pot-p-37862.html HTTP/1.0" 301 74646 "-" "Mozilla/5.0 (compatible; MJ12bot/v1.4.8; http://mj12bot.com/)"
185.191.171.20 - - [21/Sep/2022:09:52:47 +0200] "GET /industrial-pouf-storage-box-small-size-26-cm-only-p-45099.html HTTP/1.0" 301 72148 "-" "Mozilla/5.0 (compatible; SemrushBot/7~bl; +http://www.semrush.com/bot.html)"
216.244.66.242 - - [21/Sep/2022:09:52:48 +0200] "GET /images/9316188043779.jpg HTTP/1.0" 200 259 "-" "Mozilla/5.0 (compatible; DotBot/1.2; +https://opensiteexplorer.org/dotbot; help@moz.com)"
65.108.40.25 - - [21/Sep/2022:09:52:49 +0200] "GET /saltshaker-pepper-p-37862.html HTTP/1.0" 200 74562 "-" "Mozilla/5.0 (compatible; MJ12bot/v1.4.8; http://mj12bot.com/)"
66.249.66.212 - - [21/Sep/2022:09:52:48 +0200] "GET /trays-c-12_159.html?page=13 HTTP/1.0" 200 93384 "-" "Mozilla/5.0 (Linux; Android 6.0.1; Nexus 5X Build/MMB29P) AppleWebKit/537.36 (KHTML, like Gecko) Chrome/105.0.5195.102 Mobile Safari/537.36 (compatible; Googlebot/2.1; +http://www.google.com/bot.html)"
185.191.171.11 - - [21/Sep/2022:09:52:50 +0200] "GET /industrial-pouf-storage-small-size-only-p-45099.html HTTP/1.0" 200 72042 "-" "Mozilla/5.0 (compatible; SemrushBot/7~bl; +http://www.semrush.com/bot.html)"
216.244.66.242 - - [21/Sep/2022:09:52:52 +0200] "GET /spiderman-storage-ottoman-p-16491.html HTTP/1.0" 301 71939 "-" "Mozilla/5.0 (compatible; DotBot/1.2; +https://opensiteexplorer.org/dotbot; help@moz.com)"
65.108.40.25 - - [21/Sep/2022:09:52:52 +0200] "GET /owl-statue-26-cm-p-41892.html HTTP/1.0" 301 74571 "-" "Mozilla/5.0 (compatible; MJ12bot/v1.4.8; http://mj12bot.com/)"
65.108.40.25 - - [21/Sep/2022:09:52:55 +0200] "GET /statue-p-41892.html HTTP/1.0" 200 74498 "-" "Mozilla/5.0 (compatible; MJ12bot/v1.4.8; http://mj12bot.com/)"
66.249.66.210 - - [21/Sep/2022:09:52:59 +0200] "GET /js/jquery.min.js HTTP/1.0" 404 1308 "http://www.wonder-geek.com/trays-c-12_159.html?page=13" "Mozilla/5.0 (Linux; Android 6.0.1; Nexus 5X Build/MMB29P) AppleWebKit/537.36 (KHTML, like Gecko) Chrome/105.0.5195.102 Mobile Safari/537.36 (compatible; Googlebot/2.1; +http://www.google.com/bot.html)"
65.108.40.25 - - [21/Sep/2022:09:52:58 +0200] "GET /owls-and-cats-michelle-allen-designs-box-of-coasters-p-47690.html HTTP/1.0" 301 72160 "-" "Mozilla/5.0 (compatible; MJ12bot/v1.4.8; http://mj12bot.com/)"
66.249.66.210 - - [21/Sep/2022:09:53:00 +0200] "GET /images/big_prod/3503420157110.jpg HTTP/1.0" 200 268 "-" "Googlebot-Image/1.0"
65.108.40.25 - - [21/Sep/2022:09:53:00 +0200] "GET /owls-cats-michelle-allen-designs-coasters-p-47690.html HTTP/1.0" 200 72052 "-" "Mozilla/5.0 (compatible; MJ12bot/v1.4.8; http://mj12bot.com/)"
157.55.39.80 - - [21/Sep/2022:09:53:02 +0200] "GET /images/5414629126112.jpg HTTP/1.0" 200 259 "-" "Mozilla/5.0 (compatible; bingbot/2.0; +http://www.bing.com/bingbot.htm)"
65.108.40.25 - - [21/Sep/2022:09:53:03 +0200] "GET /owls-potholder-and-glove-set-p-34970.html HTTP/1.0" 301 71939 "-" "Mozilla/5.0 (compatible; MJ12bot/v1.4.8; http://mj12bot.com/)"
65.108.40.25 - - [21/Sep/2022:09:53:06 +0200] "GET /-p-34970.html HTTP/1.0" 200 71872 "-" "Mozilla/5.0 (compatible; MJ12bot/v1.4.8; http://mj12bot.com/)"
34.67.96.123 - - [21/Sep/2022:09:53:11 +0200] "GET /images/big_prod_1/8433933162910b.jpg HTTP/1.0" 200 271 "-" "Mozilla/5.0 (X11; Ubuntu; Linux x86_64; rv:72.0) Gecko/20100101 Firefox/72.0"
65.108.40.25 - - [21/Sep/2022:09:53:11 +0200] "GET /panda-hot-water-bottle-p-48677.html HTTP/1.0" 301 75204 "-" "Mozilla/5.0 (compatible; MJ12bot/v1.4.8; http://mj12bot.com/)"
65.108.40.25 - - [21/Sep/2022:09:53:14 +0200] "GET /panda-water-bottle-p-48677.html HTTP/1.0" 200 75119 "-" "Mozilla/5.0 (compatible; MJ12bot/v1.4.8; http://mj12bot.com/)"
65.108.40.25 - - [21/Sep/2022:09:53:18 +0200] "GET /paris-aime-chair-cushion-gray-cotton-p-39813.html HTTP/1.0" 301 71939 "-" "Mozilla/5.0 (compatible; MJ12bot/v1.4.8; http://mj12bot.com/)"
185.191.171.42 - - [21/Sep/2022:09:53:19 +0200] "GET /-p-25052.html HTTP/1.0" 200 71872 "-" "Mozilla/5.0 (compatible; SemrushBot/7~bl; +http://www.semrush.com/bot.html)"
65.108.40.25 - - [21/Sep/2022:09:53:21 +0200] "GET /-p-39813.html HTTP/1.0" 200 71872 "-" "Mozilla/5.0 (compatible; MJ12bot/v1.4.8; http://mj12bot.com/)"
54.36.148.234 - - [21/Sep/2022:09:53:22 +0200] "GET /suicide-squad-sheet-poster-p-37818.html HTTP/1.0" 200 74561 "-" "Mozilla/5.0 (compatible; AhrefsBot/7.0; +http://ahrefs.com/robot/)"
65.108.40.25 - - [21/Sep/2022:09:53:24 +0200] "GET /paris-coasters-p-28400.html HTTP/1.0" 301 71939 "-" "Mozilla/5.0 (compatible; MJ12bot/v1.4.8; http://mj12bot.com/)"
65.108.40.25 - - [21/Sep/2022:09:53:29 +0200] "GET /-p-28400.html HTTP/1.0" 200 71872 "-" "Mozilla/5.0 (compatible; MJ12bot/v1.4.8; http://mj12bot.com/)"
65.108.40.25 - - [21/Sep/2022:09:53:32 +0200] "GET /paris-eyelets-curtain-grey-p-39808.html HTTP/1.0" 301 71939 "-" "Mozilla/5.0 (compatible; MJ12bot/v1.4.8; http://mj12bot.com/)"
65.108.40.25 - - [21/Sep/2022:09:53:35 +0200] "GET /-p-39808.html HTTP/1.0" 200 71872 "-" "Mozilla/5.0 (compatible; MJ12bot/v1.4.8; http://mj12bot.com/)"
65.108.40.25 - - [21/Sep/2022:09:53:38 +0200] "GET /paris-eyelets-curtain-p-39808.html HTTP/1.0" 301 71939 "-" "Mozilla/5.0 (compatible; MJ12bot/v1.4.8; http://mj12bot.com/)"
65.108.40.25 - - [21/Sep/2022:09:53:42 +0200] "GET /-p-39808.html HTTP/1.0" 200 71872 "-" "Mozilla/5.0 (compatible; MJ12bot/v1.4.8; http://mj12bot.com/)"
65.108.40.25 - - [21/Sep/2022:09:53:46 +0200] "GET /paris-je-aime-chair-cushion-gray-cotton-40-cm-p-39813.html HTTP/1.0" 301 71939 "-" "Mozilla/5.0 (compatible; MJ12bot/v1.4.8; http://mj12bot.com/)"
65.108.40.25 - - [21/Sep/2022:09:53:49 +0200] "GET /-p-39813.html HTTP/1.0" 200 71872 "-" "Mozilla/5.0 (compatible; MJ12bot/v1.4.8; http://mj12bot.com/)"
65.108.40.25 - - [21/Sep/2022:09:53:52 +0200] "GET /paris-monuments-vinyl-bag-p-25805.html HTTP/1.0" 301 71939 "-" "Mozilla/5.0 (compatible; MJ12bot/v1.4.8; http://mj12bot.com/)"
185.191.171.40 - - [21/Sep/2022:09:53:53 +0200] "GET /the-spongebob-3d-clock-p-12220.html HTTP/1.0" 301 71939 "-" "Mozilla/5.0 (compatible; SemrushBot/7~bl; +http://www.semrush.com/bot.html)"
65.108.40.25 - - [21/Sep/2022:09:53:55 +0200] "GET /-p-25805.html HTTP/1.0" 200 71872 "-" "Mozilla/5.0 (compatible; MJ12bot/v1.4.8; http://mj12bot.com/)"
185.191.171.24 - - [21/Sep/2022:09:53:56 +0200] "GET /-p-12220.html HTTP/1.0" 200 71872 "-" "Mozilla/5.0 (compatible; SemrushBot/7~bl; +http://www.semrush.com/bot.html)"
65.108.40.25 - - [21/Sep/2022:09:53:58 +0200] "GET /paris-saint-germain-backpack-p-26598.html HTTP/1.0" 301 71939 "-" "Mozilla/5.0 (compatible; MJ12bot/v1.4.8; http://mj12bot.com/)"
65.108.40.25 - - [21/Sep/2022:09:54:03 +0200] "GET /-p-26598.html HTTP/1.0" 200 71872 "-" "Mozilla/5.0 (compatible; MJ12bot/v1.4.8; http://mj12bot.com/)"
65.108.40.25 - - [21/Sep/2022:09:54:06 +0200] "GET /pepe-jeans-black-backpack-laptop-p-35998.html HTTP/1.0" 301 75010 "-" "Mozilla/5.0 (compatible; MJ12bot/v1.4.8; http://mj12bot.com/)"
185.191.171.38 - - [21/Sep/2022:09:54:08 +0200] "GET /glass-cutting-board-by-cbkreation-p-51330.html HTTP/1.0" 301 74675 "-" "Mozilla/5.0 (compatible; SemrushBot/7~bl; +http://www.semrush.com/bot.html)"
65.108.40.25 - - [21/Sep/2022:09:54:09 +0200] "GET /jeans-black-backpack-laptop-p-35998.html HTTP/1.0" 200 74916 "-" "Mozilla/5.0 (compatible; MJ12bot/v1.4.8; http://mj12bot.com/)"
185.191.171.15 - - [21/Sep/2022:09:54:11 +0200] "GET /glass-cutting-board-cbkreation-p-51330.html HTTP/1.0" 200 74578 "-" "Mozilla/5.0 (compatible; SemrushBot/7~bl; +http://www.semrush.com/bot.html)"
65.108.40.25 - - [21/Sep/2022:09:54:14 +0200] "GET /pepe-jeans-blue-backpack-laptop-p-35999.html HTTP/1.0" 301 71939 "-" "Mozilla/5.0 (compatible; MJ12bot/v1.4.8; http://mj12bot.com/)"
65.108.40.25 - - [21/Sep/2022:09:54:17 +0200] "GET /-p-35999.html HTTP/1.0" 200 71872 "-" "Mozilla/5.0 (compatible; MJ12bot/v1.4.8; http://mj12bot.com/)"
65.108.40.25 - - [21/Sep/2022:09:54:21 +0200] "GET /pepe-jeans-gray-traveling-bag-p-35988.html HTTP/1.0" 301 74947 "-" "Mozilla/5.0 (compatible; MJ12bot/v1.4.8; http://mj12bot.com/)"
65.108.40.25 - - [21/Sep/2022:09:54:25 +0200] "GET /pepe-jeans-gray-traveling-p-35988.html HTTP/1.0" 200 74855 "-" "Mozilla/5.0 (compatible; MJ12bot/v1.4.8; http://mj12bot.com/)"
65.108.40.25 - - [21/Sep/2022:09:54:28 +0200] "GET /pets-rock-katy-handbag-p-16881.html HTTP/1.0" 301 71939 "-" "Mozilla/5.0 (compatible; MJ12bot/v1.4.8; http://mj12bot.com/)"
65.108.40.25 - - [21/Sep/2022:09:54:31 +0200] "GET /-p-16881.html HTTP/1.0" 200 71872 "-" "Mozilla/5.0 (compatible; MJ12bot/v1.4.8; http://mj12bot.com/)"
65.108.40.25 - - [21/Sep/2022:09:54:34 +0200] "GET /peugeot-large-metal-plate-deco-p-27966.html HTTP/1.0" 301 71939 "-" "Mozilla/5.0 (compatible; MJ12bot/v1.4.8; http://mj12bot.com/)"
185.191.171.11 - - [21/Sep/2022:09:54:37 +0200] "GET /boys/swimwear/naruto-blue-swimwear-size-years-p-23891.html HTTP/1.0" 301 71939 "-" "Mozilla/5.0 (compatible; SemrushBot/7~bl; +http://www.semrush.com/bot.html)"
65.108.40.25 - - [21/Sep/2022:09:54:37 +0200] "GET /-p-27966.html HTTP/1.0" 200 71872 "-" "Mozilla/5.0 (compatible; MJ12bot/v1.4.8; http://mj12bot.com/)"
185.191.171.35 - - [21/Sep/2022:09:54:40 +0200] "GET /-p-23891.html HTTP/1.0" 200 71872 "-" "Mozilla/5.0 (compatible; SemrushBot/7~bl; +http://www.semrush.com/bot.html)"
65.108.40.25 - - [21/Sep/2022:09:54:41 +0200] "GET /pin-up-small-steel-fridge-magnets-p-31631.html HTTP/1.0" 301 74768 "-" "Mozilla/5.0 (compatible; MJ12bot/v1.4.8; http://mj12bot.com/)"
65.108.40.25 - - [21/Sep/2022:09:54:44 +0200] "GET /small-steel-fridge-magnets-p-31631.html HTTP/1.0" 200 74675 "-" "Mozilla/5.0 (compatible; MJ12bot/v1.4.8; http://mj12bot.com/)"
65.108.40.25 - - [21/Sep/2022:09:54:48 +0200] "GET /pink-kids-school-p-40961.html HTTP/1.0" 301 71939 "-" "Mozilla/5.0 (compatible; MJ12bot/v1.4.8; http://mj12bot.com/)"
65.108.40.25 - - [21/Sep/2022:09:54:53 +0200] "GET /-p-40961.html HTTP/1.0" 200 71872 "-" "Mozilla/5.0 (compatible; MJ12bot/v1.4.8; http://mj12bot.com/)"
66.249.66.210 - - [21/Sep/2022:09:54:55 +0200] "GET /images/big_prod_1/1384010179642B.jpg HTTP/1.0" 200 271 "-" "Googlebot-Image/1.0"
54.36.148.33 - - [21/Sep/2022:09:54:54 +0200] "GET /eyelets-screen-curtain-grey-p-49319.html HTTP/1.0" 200 76718 "-" "Mozilla/5.0 (compatible; AhrefsBot/7.0; +http://ahrefs.com/robot/)"
65.108.40.25 - - [21/Sep/2022:09:54:56 +0200] "GET /playboy-black-and-pink-bar-stool-p-16757.html HTTP/1.0" 301 71939 "-" "Mozilla/5.0 (compatible; MJ12bot/v1.4.8; http://mj12bot.com/)"
185.191.171.13 - - [21/Sep/2022:09:54:56 +0200] "GET /cotton-floor-cushion-coventry-45-cm-p-51656.html HTTP/1.0" 301 71939 "-" "Mozilla/5.0 (compatible; SemrushBot/7~bl; +http://www.semrush.com/bot.html)"
54.36.148.153 - - [21/Sep/2022:09:55:01 +0200] "GET /images/big_prod/3014627885879.jpg HTTP/1.0" 200 268 "-" "Mozilla/5.0 (compatible; AhrefsBot/7.0; +http://ahrefs.com/robot/)"
65.108.40.25 - - [21/Sep/2022:09:54:59 +0200] "GET /-p-16757.html HTTP/1.0" 200 71872 "-" "Mozilla/5.0 (compatible; MJ12bot/v1.4.8; http://mj12bot.com/)"
185.191.171.10 - - [21/Sep/2022:09:55:00 +0200] "GET /-p-51656.html HTTP/1.0" 200 71872 "-" "Mozilla/5.0 (compatible; SemrushBot/7~bl; +http://www.semrush.com/bot.html)"
65.108.40.25 - - [21/Sep/2022:09:55:02 +0200] "GET /playboy-usa-bar-table-p-16755.html HTTP/1.0" 301 72032 "-" "Mozilla/5.0 (compatible; MJ12bot/v1.4.8; http://mj12bot.com/)"
65.108.40.25 - - [21/Sep/2022:09:55:06 +0200] "GET /playboy-table-p-16755.html HTTP/1.0" 200 71952 "-" "Mozilla/5.0 (compatible; MJ12bot/v1.4.8; http://mj12bot.com/)"
65.108.40.25 - - [21/Sep/2022:09:55:10 +0200] "GET /playmobil-boat-p-24437.html HTTP/1.0" 301 71939 "-" "Mozilla/5.0 (compatible; MJ12bot/v1.4.8; http://mj12bot.com/)"
