51.222.253.12 - - [21/Sep/2022:03:47:40 +0200] "GET /small-bamboo-alarm-clock-p-47510.html HTTP/1.0" 200 75799 "-" "Mozilla/5.0 (compatible; AhrefsBot/7.0; +http://ahrefs.com/robot/)"
167.86.71.242 - - [21/Sep/2022:03:47:47 +0200] "GET /-p-27223.html HTTP/1.0" 200 71872 "-" "Mozilla/5.0 (compatible; MJ12bot/v1.4.8; http://mj12bot.com/)"
149.202.82.11 - - [21/Sep/2022:03:47:51 +0200] "GET /-p-18361.html HTTP/1.0" 200 71872 "-" "Mozilla/5.0 (compatible; MJ12bot/v1.4.8; http://mj12bot.com/)"
167.86.71.242 - - [21/Sep/2022:03:47:53 +0200] "GET /-p-27227.html HTTP/1.0" 200 71872 "-" "Mozilla/5.0 (compatible; MJ12bot/v1.4.8; http://mj12bot.com/)"
185.191.171.38 - - [21/Sep/2022:03:47:57 +0200] "GET /chair-cushion-reversible-lin-and-coral-40-cm-p-36462.html HTTP/1.0" 301 71939 "-" "Mozilla/5.0 (compatible; SemrushBot/7~bl; +http://www.semrush.com/bot.html)"
185.191.171.38 - - [21/Sep/2022:03:48:00 +0200] "GET /-p-36462.html HTTP/1.0" 200 71872 "-" "Mozilla/5.0 (compatible; SemrushBot/7~bl; +http://www.semrush.com/bot.html)"
114.119.137.45 - - [21/Sep/2022:03:48:02 +0200] "GET /bravo-genial-super-card-p-20052.html HTTP/1.0" 301 74641 "http://www.wonder-geek.com/cardmaking-c-129_128.html?page=2" "Mozilla/5.0 (Linux; Android 7.0;) AppleWebKit/537.36 (KHTML, like Gecko) Mobile Safari/537.36 (compatible; PetalBot;+https://webmaster.petalsearch.com/site/petalbot)"
114.119.137.45 - - [21/Sep/2022:03:48:04 +0200] "GET /bravo-gnial-super-card-p-20052.html HTTP/1.0" 200 74552 "http://www.wonder-geek.com/cardmaking-c-129_128.html?page=2" "Mozilla/5.0 (Linux; Android 7.0;) AppleWebKit/537.36 (KHTML, like Gecko) Mobile Safari/537.36 (compatible; PetalBot;+https://webmaster.petalsearch.com/site/petalbot)"
185.191.171.36 - - [21/Sep/2022:03:48:03 +0200] "GET /-p-19981.html HTTP/1.0" 200 71872 "-" "Mozilla/5.0 (compatible; SemrushBot/7~bl; +http://www.semrush.com/bot.html)"
167.86.71.242 - - [21/Sep/2022:03:48:04 +0200] "GET /-p-27229.html HTTP/1.0" 200 71872 "-" "Mozilla/5.0 (compatible; MJ12bot/v1.4.8; http://mj12bot.com/)"
149.202.82.11 - - [21/Sep/2022:03:48:05 +0200] "GET /cars-sweater-years-p-24110.html HTTP/1.0" 301 71939 "-" "Mozilla/5.0 (compatible; MJ12bot/v1.4.8; http://mj12bot.com/)"
66.249.66.212 - - [21/Sep/2022:03:48:06 +0200] "GET /cotton-mattress-anti-dust-mite-p-48993.html HTTP/1.0" 200 75421 "-" "Mozilla/5.0 (Linux; Android 6.0.1; Nexus 5X Build/MMB29P) AppleWebKit/537.36 (KHTML, like Gecko) Chrome/105.0.5195.125 Mobile Safari/537.36 (compatible; Googlebot/2.1; +http://www.google.com/bot.html)"
216.244.66.242 - - [21/Sep/2022:03:48:12 +0200] "GET /tiger-obelisk-p-53738.html HTTP/1.0" 200 75311 "-" "Mozilla/5.0 (compatible; DotBot/1.2; +https://opensiteexplorer.org/dotbot; help@moz.com)"
149.202.82.11 - - [21/Sep/2022:03:48:17 +0200] "GET /-p-24110.html HTTP/1.0" 200 71872 "-" "Mozilla/5.0 (compatible; MJ12bot/v1.4.8; http://mj12bot.com/)"
167.86.71.242 - - [21/Sep/2022:03:48:18 +0200] "GET /-p-27234.html HTTP/1.0" 200 71872 "-" "Mozilla/5.0 (compatible; MJ12bot/v1.4.8; http://mj12bot.com/)"
185.191.171.38 - - [21/Sep/2022:03:48:24 +0200] "GET /incense-burner-brass-charcoal-incense-sticks-purple-p-58687.html?action=add_product HTTP/1.0" 302 476 "-" "Mozilla/5.0 (compatible; SemrushBot/7~bl; +http://www.semrush.com/bot.html)"
167.86.71.242 - - [21/Sep/2022:03:48:24 +0200] "GET /-p-27248.html HTTP/1.0" 200 71872 "-" "Mozilla/5.0 (compatible; MJ12bot/v1.4.8; http://mj12bot.com/)"
51.222.253.19 - - [21/Sep/2022:03:48:24 +0200] "GET /gorjuss-cards-supplied-with-envelope-dark-streak-p-48386.html HTTP/1.0" 200 74836 "-" "Mozilla/5.0 (compatible; AhrefsBot/7.0; +http://ahrefs.com/robot/)"
149.202.82.11 - - [21/Sep/2022:03:48:32 +0200] "GET /cars-table-and-stool-p-32606.html HTTP/1.0" 301 72038 "-" "Mozilla/5.0 (compatible; MJ12bot/v1.4.8; http://mj12bot.com/)"
167.86.71.242 - - [21/Sep/2022:03:48:34 +0200] "GET /-p-27279.html HTTP/1.0" 200 71872 "-" "Mozilla/5.0 (compatible; MJ12bot/v1.4.8; http://mj12bot.com/)"
149.202.82.11 - - [21/Sep/2022:03:48:42 +0200] "GET /cars-table-stool-p-32606.html HTTP/1.0" 200 71955 "-" "Mozilla/5.0 (compatible; MJ12bot/v1.4.8; http://mj12bot.com/)"
185.191.171.22 - - [21/Sep/2022:03:48:44 +0200] "GET /gund-plush-chocolate-rabbit-wispers-25-cm-p-21364.html HTTP/1.0" 301 72116 "-" "Mozilla/5.0 (compatible; SemrushBot/7~bl; +http://www.semrush.com/bot.html)"
185.191.171.42 - - [21/Sep/2022:03:48:47 +0200] "GET /gund-plush-chocolate-rabbit-wispers-p-21364.html HTTP/1.0" 200 72014 "-" "Mozilla/5.0 (compatible; SemrushBot/7~bl; +http://www.semrush.com/bot.html)"
207.46.13.149 - - [21/Sep/2022:03:48:50 +0200] "GET /images/5010994809850.jpg HTTP/1.0" 200 259 "-" "Mozilla/5.0 (compatible; bingbot/2.0; +http://www.bing.com/bingbot.htm)"
149.202.82.11 - - [21/Sep/2022:03:49:01 +0200] "GET /cars-table-stool-p-32606.html HTTP/1.0" 200 71955 "-" "Mozilla/5.0 (compatible; MJ12bot/v1.4.8; http://mj12bot.com/)"
185.191.171.11 - - [21/Sep/2022:03:49:08 +0200] "GET /jacquard-cotton-velvet-towel-boat-p-45351.html HTTP/1.0" 301 71939 "-" "Mozilla/5.0 (compatible; SemrushBot/7~bl; +http://www.semrush.com/bot.html)"
185.191.171.3 - - [21/Sep/2022:03:49:15 +0200] "GET /glitter-statue-p-40197.html HTTP/1.0" 200 71942 "-" "Mozilla/5.0 (compatible; SemrushBot/7~bl; +http://www.semrush.com/bot.html)"
149.202.82.11 - - [21/Sep/2022:03:49:16 +0200] "GET /cars-trolley-p-20328.html HTTP/1.0" 301 71939 "-" "Mozilla/5.0 (compatible; MJ12bot/v1.4.8; http://mj12bot.com/)"
51.222.253.17 - - [21/Sep/2022:03:49:17 +0200] "GET /cats-love-grey-adult-apron-p-44367.html HTTP/1.0" 200 74550 "-" "Mozilla/5.0 (compatible; AhrefsBot/7.0; +http://ahrefs.com/robot/)"
51.222.253.2 - - [21/Sep/2022:03:49:24 +0200] "GET /images/big_prod/3503420203565.jpg HTTP/1.0" 200 268 "-" "Mozilla/5.0 (compatible; AhrefsBot/7.0; +http://ahrefs.com/robot/)"
149.202.82.11 - - [21/Sep/2022:03:49:28 +0200] "GET /-p-20328.html HTTP/1.0" 200 71872 "-" "Mozilla/5.0 (compatible; MJ12bot/v1.4.8; http://mj12bot.com/)"
114.119.137.45 - - [21/Sep/2022:03:49:34 +0200] "GET /plush-keel-toys-koala-p-50304.html HTTP/1.0" 200 71950 "http://wonder-geek.com" "Mozilla/5.0 (Linux; Android 7.0;) AppleWebKit/537.36 (KHTML, like Gecko) Mobile Safari/537.36 (compatible; PetalBot;+https://webmaster.petalsearch.com/site/petalbot)"
185.191.171.7 - - [21/Sep/2022:03:49:44 +0200] "GET /retro-wooden-peg-hook-p-41098.html HTTP/1.0" 301 72093 "-" "Mozilla/5.0 (compatible; SemrushBot/7~bl; +http://www.semrush.com/bot.html)"
185.191.171.37 - - [21/Sep/2022:03:49:47 +0200] "GET /wooden-deco-plate-crossing-theme-p-41098.html HTTP/1.0" 200 71994 "-" "Mozilla/5.0 (compatible; SemrushBot/7~bl; +http://www.semrush.com/bot.html)"
149.202.82.11 - - [21/Sep/2022:03:49:48 +0200] "GET /cars-wastebasket-p-26765.html HTTP/1.0" 301 71939 "-" "Mozilla/5.0 (compatible; MJ12bot/v1.4.8; http://mj12bot.com/)"
51.222.253.8 - - [21/Sep/2022:03:50:03 +0200] "GET /spice-furniture-wooden-turnstile-p-47326.html HTTP/1.0" 200 75417 "-" "Mozilla/5.0 (compatible; AhrefsBot/7.0; +http://ahrefs.com/robot/)"
149.202.82.11 - - [21/Sep/2022:03:50:04 +0200] "GET /-p-26765.html HTTP/1.0" 200 71872 "-" "Mozilla/5.0 (compatible; MJ12bot/v1.4.8; http://mj12bot.com/)"
149.202.82.11 - - [21/Sep/2022:03:50:28 +0200] "GET /cars-wax-crayons-box-p-496.html HTTP/1.0" 301 71933 "-" "Mozilla/5.0 (compatible; MJ12bot/v1.4.8; http://mj12bot.com/)"
185.191.171.16 - - [21/Sep/2022:03:50:31 +0200] "GET /fff-kids-school-bag-p-52063.html HTTP/1.0" 301 72000 "-" "Mozilla/5.0 (compatible; SemrushBot/7~bl; +http://www.semrush.com/bot.html)"
185.191.171.43 - - [21/Sep/2022:03:50:34 +0200] "GET /kids-school-p-52063.html HTTP/1.0" 200 71922 "-" "Mozilla/5.0 (compatible; SemrushBot/7~bl; +http://www.semrush.com/bot.html)"
185.191.171.12 - - [21/Sep/2022:03:50:38 +0200] "GET /hanging-metal-structure-elephant-80-54-cm-p-46787.html HTTP/1.0" 301 74832 "-" "Mozilla/5.0 (compatible; SemrushBot/7~bl; +http://www.semrush.com/bot.html)"
51.222.253.19 - - [21/Sep/2022:03:50:39 +0200] "GET /paul-frank-set-pen-notebook-and-keyring-p-9933.html HTTP/1.0" 301 74739 "-" "Mozilla/5.0 (compatible; AhrefsBot/7.0; +http://ahrefs.com/robot/)"
185.191.171.2 - - [21/Sep/2022:03:50:41 +0200] "GET /hanging-metal-structure-elephant-p-46787.html HTTP/1.0" 200 74733 "-" "Mozilla/5.0 (compatible; SemrushBot/7~bl; +http://www.semrush.com/bot.html)"
149.202.82.11 - - [21/Sep/2022:03:50:42 +0200] "GET /-p-496.html HTTP/1.0" 200 71868 "-" "Mozilla/5.0 (compatible; MJ12bot/v1.4.8; http://mj12bot.com/)"
104.154.83.131 - - [21/Sep/2022:03:50:48 +0200] "GET /images/big_prod_2/1328399271337b.jpg HTTP/1.0" 200 271 "-" "Mozilla/5.0 (X11; Ubuntu; Linux x86_64; rv:72.0) Gecko/20100101 Firefox/72.0"
185.191.171.9 - - [21/Sep/2022:03:50:52 +0200] "GET /provence-box-of-coasters-p-48347.html HTTP/1.0" 301 74547 "-" "Mozilla/5.0 (compatible; SemrushBot/7~bl; +http://www.semrush.com/bot.html)"
51.222.253.5 - - [21/Sep/2022:03:50:55 +0200] "GET /figurine-scorcerer-mickey-p-53352.html HTTP/1.0" 200 76177 "-" "Mozilla/5.0 (compatible; AhrefsBot/7.0; +http://ahrefs.com/robot/)"
185.191.171.9 - - [21/Sep/2022:03:50:55 +0200] "GET /provence-coasters-p-48347.html HTTP/1.0" 200 74463 "-" "Mozilla/5.0 (compatible; SemrushBot/7~bl; +http://www.semrush.com/bot.html)"
185.191.171.40 - - [21/Sep/2022:03:51:00 +0200] "GET /home-decoration-c-13.html?page=153 HTTP/1.0" 200 94302 "-" "Mozilla/5.0 (compatible; SemrushBot/7~bl; +http://www.semrush.com/bot.html)"
149.202.82.11 - - [21/Sep/2022:03:51:01 +0200] "GET /cars-weed-toybox-p-18805.html HTTP/1.0" 301 71939 "-" "Mozilla/5.0 (compatible; MJ12bot/v1.4.8; http://mj12bot.com/)"
3.85.52.224 - - [21/Sep/2022:03:51:15 +0200] "GET /images/mini_prod/8422014032815A.jpg HTTP/1.0" 200 270 "-" "Mozilla/5.0 (X11; Ubuntu; Linux x86_64; rv:72.0) Gecko/20100101 Firefox/72.0"
114.119.137.43 - - [21/Sep/2022:03:51:16 +0200] "GET /fitted-sheet-in-cotton-percale-80-threads-90-190-30-cm-p-51245.html HTTP/1.0" 301 75616 "http://www.wonder-geek.com/household-linen-c-11.html?page=61" "Mozilla/5.0 (Linux; Android 7.0;) AppleWebKit/537.36 (KHTML, like Gecko) Mobile Safari/537.36 (compatible; PetalBot;+https://webmaster.petalsearch.com/site/petalbot)"
114.119.137.43 - - [21/Sep/2022:03:51:18 +0200] "GET /fitted-sheet-cotton-percale-threads-p-51245.html HTTP/1.0" 200 75514 "http://www.wonder-geek.com/household-linen-c-11.html?page=61" "Mozilla/5.0 (Linux; Android 7.0;) AppleWebKit/537.36 (KHTML, like Gecko) Mobile Safari/537.36 (compatible; PetalBot;+https://webmaster.petalsearch.com/site/petalbot)"
34.67.96.123 - - [21/Sep/2022:03:51:20 +0200] "GET /images/mini_prod/3585190668607.jpg HTTP/1.0" 200 269 "-" "Mozilla/5.0 (X11; Ubuntu; Linux x86_64; rv:72.0) Gecko/20100101 Firefox/72.0"
66.249.66.212 - - [21/Sep/2022:03:51:19 +0200] "GET /swaziland-rectangulary-cushion-by-cbkreation-p-36764.html HTTP/1.0" 301 71939 "-" "Mozilla/5.0 (Linux; Android 6.0.1; Nexus 5X Build/MMB29P) AppleWebKit/537.36 (KHTML, like Gecko) Chrome/105.0.5195.102 Mobile Safari/537.36 (compatible; Googlebot/2.1; +http://www.google.com/bot.html)"
149.202.82.11 - - [21/Sep/2022:03:51:21 +0200] "GET /-p-18805.html HTTP/1.0" 200 71872 "-" "Mozilla/5.0 (compatible; MJ12bot/v1.4.8; http://mj12bot.com/)"
66.249.66.214 - - [21/Sep/2022:03:51:21 +0200] "GET /-p-36764.html HTTP/1.0" 200 71872 "-" "Mozilla/5.0 (Linux; Android 6.0.1; Nexus 5X Build/MMB29P) AppleWebKit/537.36 (KHTML, like Gecko) Chrome/105.0.5195.102 Mobile Safari/537.36 (compatible; Googlebot/2.1; +http://www.google.com/bot.html)"
66.249.66.212 - - [21/Sep/2022:03:51:30 +0200] "GET /images/big_prod_3/906GJ02c.jpg HTTP/1.0" 200 265 "-" "Googlebot-Image/1.0"
51.222.253.14 - - [21/Sep/2022:03:51:39 +0200] "GET /jewels-cats-espresso-p-54559.html HTTP/1.0" 200 75374 "-" "Mozilla/5.0 (compatible; AhrefsBot/7.0; +http://ahrefs.com/robot/)"
149.202.82.11 - - [21/Sep/2022:03:51:41 +0200] "GET /cars-white-shirt-size-years-p-23580.html HTTP/1.0" 301 71939 "-" "Mozilla/5.0 (compatible; MJ12bot/v1.4.8; http://mj12bot.com/)"
51.222.253.2 - - [21/Sep/2022:03:51:44 +0200] "GET /images/big_prod_1/3700572750361C.jpg HTTP/1.0" 200 271 "-" "Mozilla/5.0 (compatible; AhrefsBot/7.0; +http://ahrefs.com/robot/)"
216.244.66.242 - - [21/Sep/2022:03:51:43 +0200] "GET /corsica-mini-metal-tray-p-44856.html HTTP/1.0" 200 74591 "-" "Mozilla/5.0 (compatible; DotBot/1.2; +https://opensiteexplorer.org/dotbot; help@moz.com)"
51.222.253.12 - - [21/Sep/2022:03:51:45 +0200] "GET /images/big_prod/3700572750361.jpg HTTP/1.0" 200 268 "-" "Mozilla/5.0 (compatible; AhrefsBot/7.0; +http://ahrefs.com/robot/)"
51.222.253.16 - - [21/Sep/2022:03:51:46 +0200] "GET /images/big_prod_2/3700572750361D.jpg HTTP/1.0" 200 271 "-" "Mozilla/5.0 (compatible; AhrefsBot/7.0; +http://ahrefs.com/robot/)"
185.191.171.2 - - [21/Sep/2022:03:51:51 +0200] "GET /elephant-gold-jewelry-stand-and-white-cup-p-48827.html HTTP/1.0" 301 74901 "-" "Mozilla/5.0 (compatible; SemrushBot/7~bl; +http://www.semrush.com/bot.html)"
185.191.171.45 - - [21/Sep/2022:03:51:55 +0200] "GET /elephant-gold-jewelry-stand-white-p-48827.html HTTP/1.0" 200 74801 "-" "Mozilla/5.0 (compatible; SemrushBot/7~bl; +http://www.semrush.com/bot.html)"
149.202.82.11 - - [21/Sep/2022:03:51:56 +0200] "GET /-p-23580.html HTTP/1.0" 200 71872 "-" "Mozilla/5.0 (compatible; MJ12bot/v1.4.8; http://mj12bot.com/)"
77.88.9.3 - - [21/Sep/2022:03:51:58 +0200] "GET /images/big_prod/8718657461069.jpg HTTP/1.0" 200 268 "-" "Mozilla/5.0 (compatible; YandexImages/3.0; +http://yandex.com/bots)"
185.191.171.4 - - [21/Sep/2022:03:52:09 +0200] "GET /beige-small-box-for-baby-teeth-moon-and-mouse-p-35472.html HTTP/1.0" 301 72170 "-" "Mozilla/5.0 (compatible; SemrushBot/7~bl; +http://www.semrush.com/bot.html)"
185.191.171.11 - - [21/Sep/2022:03:52:12 +0200] "GET /beige-small-baby-teeth-moon-mouse-p-35472.html HTTP/1.0" 200 72070 "-" "Mozilla/5.0 (compatible; SemrushBot/7~bl; +http://www.semrush.com/bot.html)"
149.202.82.11 - - [21/Sep/2022:03:52:12 +0200] "GET /casino-clock-by-cbk-p-28519.html HTTP/1.0" 301 74591 "-" "Mozilla/5.0 (compatible; MJ12bot/v1.4.8; http://mj12bot.com/)"
149.202.82.11 - - [21/Sep/2022:03:52:24 +0200] "GET /casino-clock-cbkreation-p-28519.html HTTP/1.0" 200 74501 "-" "Mozilla/5.0 (compatible; MJ12bot/v1.4.8; http://mj12bot.com/)"
51.222.253.6 - - [21/Sep/2022:03:52:26 +0200] "GET /strawberry-shortcake-poncho-years-p-31118.html HTTP/1.0" 200 75765 "-" "Mozilla/5.0 (compatible; AhrefsBot/7.0; +http://ahrefs.com/robot/)"
106.39.217.136 - - [21/Sep/2022:03:52:37 +0200] "GET /images/mini_prod/3438100326046.jpg HTTP/1.0" 200 269 "-" "Mozilla/5.0 (X11; Ubuntu; Linux x86_64; rv:72.0) Gecko/20100101 Firefox/72.0"
149.202.82.11 - - [21/Sep/2022:03:52:39 +0200] "GET /casino-clock-by-cbkreation-p-28519.html HTTP/1.0" 301 74591 "-" "Mozilla/5.0 (compatible; MJ12bot/v1.4.8; http://mj12bot.com/)"
149.202.82.11 - - [21/Sep/2022:03:52:57 +0200] "GET /casino-clock-cbkreation-p-28519.html HTTP/1.0" 200 74501 "-" "Mozilla/5.0 (compatible; MJ12bot/v1.4.8; http://mj12bot.com/)"
114.119.137.31 - - [21/Sep/2022:03:53:00 +0200] "GET /decorative-jar-african-inspired-cats-p-50589.html HTTP/1.0" 301 71939 "http://www.wonder-geek.com/home-and-decoration-c-13.html?page=120" "Mozilla/5.0 (Linux; Android 7.0;) AppleWebKit/537.36 (KHTML, like Gecko) Mobile Safari/537.36 (compatible; PetalBot;+https://webmaster.petalsearch.com/site/petalbot)"
114.119.137.31 - - [21/Sep/2022:03:53:01 +0200] "GET /-p-50589.html HTTP/1.0" 200 71872 "http://www.wonder-geek.com/home-and-decoration-c-13.html?page=120" "Mozilla/5.0 (Linux; Android 7.0;) AppleWebKit/537.36 (KHTML, like Gecko) Mobile Safari/537.36 (compatible; PetalBot;+https://webmaster.petalsearch.com/site/petalbot)"
185.191.171.9 - - [21/Sep/2022:03:53:06 +0200] "GET /turtle-statue-with-triangles-on-its-shell-p-49883.html HTTP/1.0" 301 72113 "-" "Mozilla/5.0 (compatible; SemrushBot/7~bl; +http://www.semrush.com/bot.html)"
185.191.171.45 - - [21/Sep/2022:03:53:09 +0200] "GET /indian-elephant-statue-20-cm-p-40143.html HTTP/1.0" 301 72051 "-" "Mozilla/5.0 (compatible; SemrushBot/7~bl; +http://www.semrush.com/bot.html)"
185.191.171.4 - - [21/Sep/2022:03:53:12 +0200] "GET /coca-cola-black-metal-plate-30-20-cm-p-37157.html HTTP/1.0" 301 74696 "-" "Mozilla/5.0 (compatible; SemrushBot/7~bl; +http://www.semrush.com/bot.html)"
51.222.253.10 - - [21/Sep/2022:03:53:13 +0200] "GET /mugs-mazagrans-c-12_57.html HTTP/1.0" 200 97574 "-" "Mozilla/5.0 (compatible; AhrefsBot/7.0; +http://ahrefs.com/robot/)"
149.202.82.11 - - [21/Sep/2022:03:53:15 +0200] "GET /casino-clock-cbkreation-p-28519.html HTTP/1.0" 200 74501 "-" "Mozilla/5.0 (compatible; MJ12bot/v1.4.8; http://mj12bot.com/)"
185.191.171.45 - - [21/Sep/2022:03:53:15 +0200] "GET /coca-cola-black-metal-plate-p-37157.html HTTP/1.0" 200 74602 "-" "Mozilla/5.0 (compatible; SemrushBot/7~bl; +http://www.semrush.com/bot.html)"
51.222.253.5 - - [21/Sep/2022:03:53:19 +0200] "GET /images/mini_prod/6953270923965A.jpg HTTP/1.0" 200 270 "-" "Mozilla/5.0 (compatible; AhrefsBot/7.0; +http://ahrefs.com/robot/)"
51.222.253.3 - - [21/Sep/2022:03:53:20 +0200] "GET /images/mini_prod/1384010178799.jpg HTTP/1.0" 200 269 "-" "Mozilla/5.0 (compatible; AhrefsBot/7.0; +http://ahrefs.com/robot/)"
51.222.253.6 - - [21/Sep/2022:03:53:20 +0200] "GET /images/mini_prod/5204549086333A.jpg HTTP/1.0" 200 270 "-" "Mozilla/5.0 (compatible; AhrefsBot/7.0; +http://ahrefs.com/robot/)"
51.222.253.9 - - [21/Sep/2022:03:53:20 +0200] "GET /images/mini_prod/3503420045332.jpg HTTP/1.0" 200 269 "-" "Mozilla/5.0 (compatible; AhrefsBot/7.0; +http://ahrefs.com/robot/)"
185.191.171.11 - - [21/Sep/2022:03:53:19 +0200] "GET /indian-elephant-statue-p-40143.html HTTP/1.0" 200 71962 "-" "Mozilla/5.0 (compatible; SemrushBot/7~bl; +http://www.semrush.com/bot.html)"
51.222.253.19 - - [21/Sep/2022:03:53:21 +0200] "GET /images/mini_prod/1399984264614.jpg HTTP/1.0" 200 269 "-" "Mozilla/5.0 (compatible; AhrefsBot/7.0; +http://ahrefs.com/robot/)"
51.222.253.5 - - [21/Sep/2022:03:53:21 +0200] "GET /images/mini_prod/8422028134208.jpg HTTP/1.0" 200 269 "-" "Mozilla/5.0 (compatible; AhrefsBot/7.0; +http://ahrefs.com/robot/)"
51.222.253.7 - - [21/Sep/2022:03:53:22 +0200] "GET /images/mini_prod/1300000020008.jpg HTTP/1.0" 200 269 "-" "Mozilla/5.0 (compatible; AhrefsBot/7.0; +http://ahrefs.com/robot/)"
51.222.253.20 - - [21/Sep/2022:03:53:22 +0200] "GET /images/mini_prod/1399984261293.jpg HTTP/1.0" 200 269 "-" "Mozilla/5.0 (compatible; AhrefsBot/7.0; +http://ahrefs.com/robot/)"
51.222.253.11 - - [21/Sep/2022:03:53:23 +0200] "GET /images/mini_prod/3503420093463.jpg HTTP/1.0" 200 269 "-" "Mozilla/5.0 (compatible; AhrefsBot/7.0; +http://ahrefs.com/robot/)"
51.222.253.1 - - [21/Sep/2022:03:53:23 +0200] "GET /images/mini_prod/3503420153532.jpg HTTP/1.0" 200 269 "-" "Mozilla/5.0 (compatible; AhrefsBot/7.0; +http://ahrefs.com/robot/)"
185.191.171.5 - - [21/Sep/2022:03:53:23 +0200] "GET /turtle-statue-with-triangles-shell-p-49883.html HTTP/1.0" 200 72012 "-" "Mozilla/5.0 (compatible; SemrushBot/7~bl; +http://www.semrush.com/bot.html)"
51.222.253.6 - - [21/Sep/2022:03:53:24 +0200] "GET /images/mini_prod/1300000020015.jpg HTTP/1.0" 200 269 "-" "Mozilla/5.0 (compatible; AhrefsBot/7.0; +http://ahrefs.com/robot/)"
51.222.253.11 - - [21/Sep/2022:03:53:25 +0200] "GET /images/mini_prod/1384010178782.jpg HTTP/1.0" 200 269 "-" "Mozilla/5.0 (compatible; AhrefsBot/7.0; +http://ahrefs.com/robot/)"
51.222.253.4 - - [21/Sep/2022:03:53:25 +0200] "GET /images/mini_prod/6953270923989.jpg HTTP/1.0" 200 269 "-" "Mozilla/5.0 (compatible; AhrefsBot/7.0; +http://ahrefs.com/robot/)"
51.222.253.7 - - [21/Sep/2022:03:53:25 +0200] "GET /images/mini_prod/3503420032967.jpg HTTP/1.0" 200 269 "-" "Mozilla/5.0 (compatible; AhrefsBot/7.0; +http://ahrefs.com/robot/)"
51.222.253.10 - - [21/Sep/2022:03:53:26 +0200] "GET /images/mini_prod/3503420105654.jpg HTTP/1.0" 200 269 "-" "Mozilla/5.0 (compatible; AhrefsBot/7.0; +http://ahrefs.com/robot/)"
51.222.253.20 - - [21/Sep/2022:03:53:26 +0200] "GET /images/mini_prod/3503420026096.jpg HTTP/1.0" 200 269 "-" "Mozilla/5.0 (compatible; AhrefsBot/7.0; +http://ahrefs.com/robot/)"
51.222.253.6 - - [21/Sep/2022:03:53:27 +0200] "GET /images/mini_prod/1384010178805.jpg HTTP/1.0" 200 269 "-" "Mozilla/5.0 (compatible; AhrefsBot/7.0; +http://ahrefs.com/robot/)"
51.222.253.6 - - [21/Sep/2022:03:53:27 +0200] "GET /images/mini_prod/1384010178775.jpg HTTP/1.0" 200 269 "-" "Mozilla/5.0 (compatible; AhrefsBot/7.0; +http://ahrefs.com/robot/)"
149.202.82.11 - - [21/Sep/2022:03:53:28 +0200] "GET /cat-black-and-white-set-salt-and-pepper-p-37398.html HTTP/1.0" 301 71939 "-" "Mozilla/5.0 (compatible; MJ12bot/v1.4.8; http://mj12bot.com/)"
149.202.82.11 - - [21/Sep/2022:03:53:42 +0200] "GET /-p-37398.html HTTP/1.0" 200 71872 "-" "Mozilla/5.0 (compatible; MJ12bot/v1.4.8; http://mj12bot.com/)"
66.249.66.214 - - [21/Sep/2022:03:53:50 +0200] "GET /images/mini_prod/1399984286081.jpg HTTP/1.0" 200 269 "-" "Mozilla/5.0 (compatible; Googlebot/2.1; +http://www.google.com/bot.html)"
51.222.253.16 - - [21/Sep/2022:03:53:53 +0200] "GET /pillowcases-bolstercases-c-11_166.html?page=4 HTTP/1.0" 200 91296 "-" "Mozilla/5.0 (compatible; AhrefsBot/7.0; +http://ahrefs.com/robot/)"
149.202.82.11 - - [21/Sep/2022:03:53:57 +0200] "GET /cat-clock-p-24301.html HTTP/1.0" 301 75167 "-" "Mozilla/5.0 (compatible; MJ12bot/v1.4.8; http://mj12bot.com/)"
185.191.171.8 - - [21/Sep/2022:03:54:08 +0200] "GET /mini-metal-tray-becassine-p-40093.html HTTP/1.0" 301 72051 "-" "Mozilla/5.0 (compatible; SemrushBot/7~bl; +http://www.semrush.com/bot.html)"
149.202.82.11 - - [21/Sep/2022:03:54:09 +0200] "GET /clock-p-24301.html HTTP/1.0" 200 75095 "-" "Mozilla/5.0 (compatible; MJ12bot/v1.4.8; http://mj12bot.com/)"
185.191.171.7 - - [21/Sep/2022:03:54:12 +0200] "GET /mini-metal-tray-bcassine-p-40093.html HTTP/1.0" 200 71960 "-" "Mozilla/5.0 (compatible; SemrushBot/7~bl; +http://www.semrush.com/bot.html)"
66.249.66.212 - - [21/Sep/2022:03:54:15 +0200] "GET /small-akio-night-light-hello-kitty-p-51498.html HTTP/1.0" 200 72010 "-" "Mozilla/5.0 (Linux; Android 6.0.1; Nexus 5X Build/MMB29P) AppleWebKit/537.36 (KHTML, like Gecko) Chrome/105.0.5195.102 Mobile Safari/537.36 (compatible; Googlebot/2.1; +http://www.google.com/bot.html)"
52.202.121.150 - - [21/Sep/2022:03:54:18 +0200] "GET /images/mini_prod/1399984256367.jpg HTTP/1.0" 200 269 "-" "Mozilla/5.0 (X11; Ubuntu; Linux x86_64; rv:72.0) Gecko/20100101 Firefox/72.0"
185.191.171.3 - - [21/Sep/2022:03:54:19 +0200] "GET /yumiko-gold-p-50772.html HTTP/1.0" 200 75480 "-" "Mozilla/5.0 (compatible; SemrushBot/7~bl; +http://www.semrush.com/bot.html)"
37.230.186.130 - - [21/Sep/2022:03:54:21 +0200] "GET /images/mini_prod/1399984252567.jpg HTTP/1.0" 200 269 "-" "Python/3.7 aiohttp/3.8.1"
149.202.82.11 - - [21/Sep/2022:03:54:20 +0200] "GET /cat-eye-marbles-p-27835.html HTTP/1.0" 301 71939 "-" "Mozilla/5.0 (compatible; MJ12bot/v1.4.8; http://mj12bot.com/)"
114.119.137.43 - - [21/Sep/2022:03:54:41 +0200] "GET /salt-with-wooden-spoon-sardy-p-54525.html HTTP/1.0" 200 74552 "http://www.wonder-geek.com/dishes-c-12.html?page=105" "Mozilla/5.0 (Linux; Android 7.0;) AppleWebKit/537.36 (KHTML, like Gecko) Mobile Safari/537.36 (compatible; PetalBot;+https://webmaster.petalsearch.com/site/petalbot)"
149.202.82.11 - - [21/Sep/2022:03:54:41 +0200] "GET /-p-27835.html HTTP/1.0" 200 71872 "-" "Mozilla/5.0 (compatible; MJ12bot/v1.4.8; http://mj12bot.com/)"
51.222.253.10 - - [21/Sep/2022:03:54:41 +0200] "GET /sonny-angel-figure-series-caribbean-p-36108.html HTTP/1.0" 200 74909 "-" "Mozilla/5.0 (compatible; AhrefsBot/7.0; +http://ahrefs.com/robot/)"
185.191.171.15 - - [21/Sep/2022:03:54:58 +0200] "GET /decorative-embroidered-cotton-heart-to-hang-10-cm-marie-p-46377.html HTTP/1.0" 301 71939 "-" "Mozilla/5.0 (compatible; SemrushBot/7~bl; +http://www.semrush.com/bot.html)"
149.202.82.11 - - [21/Sep/2022:03:55:01 +0200] "GET /cat-figurine-decorative-p-32842.html HTTP/1.0" 301 71939 "-" "Mozilla/5.0 (compatible; MJ12bot/v1.4.8; http://mj12bot.com/)"
185.191.171.43 - - [21/Sep/2022:03:55:02 +0200] "GET /indian-boho-dream-catcher-wall-sticker-p-45018.html HTTP/1.0" 200 74701 "-" "Mozilla/5.0 (compatible; SemrushBot/7~bl; +http://www.semrush.com/bot.html)"
185.191.171.3 - - [21/Sep/2022:03:55:05 +0200] "GET /-p-46377.html HTTP/1.0" 200 71872 "-" "Mozilla/5.0 (compatible; SemrushBot/7~bl; +http://www.semrush.com/bot.html)"
149.202.82.11 - - [21/Sep/2022:03:55:13 +0200] "GET /-p-32842.html HTTP/1.0" 200 71872 "-" "Mozilla/5.0 (compatible; MJ12bot/v1.4.8; http://mj12bot.com/)"
51.222.253.10 - - [21/Sep/2022:03:55:24 +0200] "GET /snazzy-sailor-mickey-sailor-personality-pose-figurine-p-54000.html HTTP/1.0" 200 76584 "-" "Mozilla/5.0 (compatible; AhrefsBot/7.0; +http://ahrefs.com/robot/)"
149.202.82.11 - - [21/Sep/2022:03:55:30 +0200] "GET /cat-figurine-decorative-p-33496.html HTTP/1.0" 301 71939 "-" "Mozilla/5.0 (compatible; MJ12bot/v1.4.8; http://mj12bot.com/)"
185.191.171.20 - - [21/Sep/2022:03:55:31 +0200] "GET /comptoir-du-cafe-potholder-p-51425.html HTTP/1.0" 301 72023 "-" "Mozilla/5.0 (compatible; SemrushBot/7~bl; +http://www.semrush.com/bot.html)"
185.191.171.25 - - [21/Sep/2022:03:55:35 +0200] "GET /comptoir-potholder-p-51425.html HTTP/1.0" 200 71938 "-" "Mozilla/5.0 (compatible; SemrushBot/7~bl; +http://www.semrush.com/bot.html)"
66.249.66.210 - - [21/Sep/2022:03:55:38 +0200] "GET /cream-face-vase-p-57291.html HTTP/1.0" 200 75411 "-" "Mozilla/5.0 (Linux; Android 6.0.1; Nexus 5X Build/MMB29P) AppleWebKit/537.36 (KHTML, like Gecko) Chrome/105.0.5195.102 Mobile Safari/537.36 (compatible; Googlebot/2.1; +http://www.google.com/bot.html)"
51.68.224.127 - - [21/Sep/2022:03:55:42 +0200] "GET /adminweb/export_orders_xml.php?token=256de2z6edz6ed2z6DFSFsed2zed6zeDSFDSGdzedezfzf&maxorders=10&orderstart=1&status=14&start_date=2018-10-01 HTTP/1.0" 200 285 "-" "GesCom CharlotteBoutik Serveur"
51.68.224.127 - - [21/Sep/2022:03:55:42 +0200] "GET /adminweb/export_orders_xml.php?token=256de2z6edz6ed2z6DFSFsed2zed6zeDSFDSGdzedezfzf&maxorders=10&orderstart=1&status=6&start_date=2018-10-01 HTTP/1.0" 200 33985 "-" "GesCom CharlotteBoutik Serveur"
185.191.171.5 - - [21/Sep/2022:03:55:43 +0200] "GET /samurai-statue-in-resin-24-cm-p-52325.html HTTP/1.0" 301 72051 "-" "Mozilla/5.0 (compatible; SemrushBot/7~bl; +http://www.semrush.com/bot.html)"
149.202.82.11 - - [21/Sep/2022:03:55:46 +0200] "GET /-p-33496.html HTTP/1.0" 200 71872 "-" "Mozilla/5.0 (compatible; MJ12bot/v1.4.8; http://mj12bot.com/)"
185.191.171.25 - - [21/Sep/2022:03:55:47 +0200] "GET /samurai-statue-resin-p-52325.html HTTP/1.0" 200 71964 "-" "Mozilla/5.0 (compatible; SemrushBot/7~bl; +http://www.semrush.com/bot.html)"
185.191.171.8 - - [21/Sep/2022:03:55:53 +0200] "GET /fragrances-ambiance-c-231.html?page=8 HTTP/1.0" 200 93715 "-" "Mozilla/5.0 (compatible; SemrushBot/7~bl; +http://www.semrush.com/bot.html)"
216.244.66.242 - - [21/Sep/2022:03:55:59 +0200] "GET /aprons-c-13_11_74.html?page=1 HTTP/1.0" 200 93032 "-" "Mozilla/5.0 (compatible; DotBot/1.2; +https://opensiteexplorer.org/dotbot; help@moz.com)"
149.202.82.11 - - [21/Sep/2022:03:55:59 +0200] "GET /cat-food-bowl-cat-p-31704.html HTTP/1.0" 301 71939 "-" "Mozilla/5.0 (compatible; MJ12bot/v1.4.8; http://mj12bot.com/)"
51.222.253.1 - - [21/Sep/2022:03:56:07 +0200] "GET /almond-milk-fragrance-diffuser-made-provence-p-57057.html HTTP/1.0" 200 75947 "-" "Mozilla/5.0 (compatible; AhrefsBot/7.0; +http://ahrefs.com/robot/)"
149.202.82.11 - - [21/Sep/2022:03:56:08 +0200] "GET /-p-31704.html HTTP/1.0" 200 71872 "-" "Mozilla/5.0 (compatible; MJ12bot/v1.4.8; http://mj12bot.com/)"
51.222.253.4 - - [21/Sep/2022:03:56:12 +0200] "GET /images/big_prod/8422084800079.jpg HTTP/1.0" 200 268 "-" "Mozilla/5.0 (compatible; AhrefsBot/7.0; +http://ahrefs.com/robot/)"
114.119.137.31 - - [21/Sep/2022:03:56:18 +0200] "GET /images/big_prod_1/1328399305742B.jpg HTTP/1.0" 200 271 "http://www.wonder-geek.com/marie-facets-figurine-licensed-facets-p-58479.html" "Mozilla/5.0 (Linux; Android 7.0;) AppleWebKit/537.36 (KHTML, like Gecko) Mobile Safari/537.36 (compatible; PetalBot;+https://webmaster.petalsearch.com/site/petalbot)"
216.244.66.242 - - [21/Sep/2022:03:56:17 +0200] "GET /household-linen-c-13_11.html?page=10 HTTP/1.0" 200 94581 "-" "Mozilla/5.0 (compatible; DotBot/1.2; +https://opensiteexplorer.org/dotbot; help@moz.com)"
207.46.13.149 - - [21/Sep/2022:03:56:22 +0200] "GET /images/mini_prod/3520071854410.jpg HTTP/1.0" 200 269 "-" "Mozilla/5.0 (compatible; bingbot/2.0; +http://www.bing.com/bingbot.htm)"
149.202.82.11 - - [21/Sep/2022:03:56:27 +0200] "GET /cat-newspaper-set-cup-and-teapot-p-31530.html HTTP/1.0" 301 71939 "-" "Mozilla/5.0 (compatible; MJ12bot/v1.4.8; http://mj12bot.com/)"
185.191.171.45 - - [21/Sep/2022:03:56:29 +0200] "GET /letter-wall-decor-sticker-gray-p-57774.html HTTP/1.0" 200 75382 "-" "Mozilla/5.0 (compatible; SemrushBot/7~bl; +http://www.semrush.com/bot.html)"
66.249.66.210 - - [21/Sep/2022:03:56:28 +0200] "GET /fitted-sheet-cotton-percale-threads-p-44300.html HTTP/1.0" 200 74832 "-" "Mozilla/5.0 (Linux; Android 6.0.1; Nexus 5X Build/MMB29P) AppleWebKit/537.36 (KHTML, like Gecko) Chrome/105.0.5195.125 Mobile Safari/537.36 (compatible; Googlebot/2.1; +http://www.google.com/bot.html)"
34.67.96.123 - - [21/Sep/2022:03:56:34 +0200] "GET /images/mini_prod/9316188065245.jpg HTTP/1.0" 200 269 "-" "Mozilla/5.0 (X11; Ubuntu; Linux x86_64; rv:72.0) Gecko/20100101 Firefox/72.0"
216.244.66.242 - - [21/Sep/2022:03:56:33 +0200] "GET /models-and-replicas-c-4_140.html?page=5 HTTP/1.0" 301 87240 "-" "Mozilla/5.0 (compatible; DotBot/1.2; +https://opensiteexplorer.org/dotbot; help@moz.com)"
149.202.82.11 - - [21/Sep/2022:03:56:38 +0200] "GET /-p-31530.html HTTP/1.0" 200 71872 "-" "Mozilla/5.0 (compatible; MJ12bot/v1.4.8; http://mj12bot.com/)"
216.244.66.242 - - [21/Sep/2022:03:56:48 +0200] "GET /nintendo-black-shirt-p-30195.html HTTP/1.0" 200 75910 "-" "Mozilla/5.0 (compatible; DotBot/1.2; +https://opensiteexplorer.org/dotbot; help@moz.com)"
51.222.253.19 - - [21/Sep/2022:03:56:52 +0200] "GET /eeyore-facets-figurine-p-58478.html HTTP/1.0" 200 75932 "-" "Mozilla/5.0 (compatible; AhrefsBot/7.0; +http://ahrefs.com/robot/)"
149.202.82.11 - - [21/Sep/2022:03:56:53 +0200] "GET /cat-pen-p-26860.html HTTP/1.0" 301 71939 "-" "Mozilla/5.0 (compatible; MJ12bot/v1.4.8; http://mj12bot.com/)"
216.244.66.242 - - [21/Sep/2022:03:57:02 +0200] "GET /planes-p-24525.html HTTP/1.0" 200 74549 "-" "Mozilla/5.0 (compatible; DotBot/1.2; +https://opensiteexplorer.org/dotbot; help@moz.com)"
149.202.82.11 - - [21/Sep/2022:03:57:08 +0200] "GET /-p-26860.html HTTP/1.0" 200 71872 "-" "Mozilla/5.0 (compatible; MJ12bot/v1.4.8; http://mj12bot.com/)"
185.191.171.5 - - [21/Sep/2022:03:57:10 +0200] "GET /little-buddha-collection-keychain-pink-and-blue-p-46074.html HTTP/1.0" 301 72124 "-" "Mozilla/5.0 (compatible; SemrushBot/7~bl; +http://www.semrush.com/bot.html)"
185.191.171.22 - - [21/Sep/2022:03:57:13 +0200] "GET /little-buddha-collection-keychain-pink-blue-p-46074.html HTTP/1.0" 200 72014 "-" "Mozilla/5.0 (compatible; SemrushBot/7~bl; +http://www.semrush.com/bot.html)"
216.244.66.242 - - [21/Sep/2022:03:57:14 +0200] "GET /york-yankees-retro-black-shoulder-p-22238.html HTTP/1.0" 200 74908 "-" "Mozilla/5.0 (compatible; DotBot/1.2; +https://opensiteexplorer.org/dotbot; help@moz.com)"
149.202.82.11 - - [21/Sep/2022:03:57:21 +0200] "GET /cat-saltshaker-and-pepper-pot-p-31387.html HTTP/1.0" 301 71939 "-" "Mozilla/5.0 (compatible; MJ12bot/v1.4.8; http://mj12bot.com/)"
149.202.82.11 - - [21/Sep/2022:03:57:32 +0200] "GET /-p-31387.html HTTP/1.0" 200 71872 "-" "Mozilla/5.0 (compatible; MJ12bot/v1.4.8; http://mj12bot.com/)"
51.222.253.8 - - [21/Sep/2022:03:57:37 +0200] "GET /decorative-door-sticker-p-51536.html HTTP/1.0" 200 75325 "-" "Mozilla/5.0 (compatible; AhrefsBot/7.0; +http://ahrefs.com/robot/)"
185.191.171.8 - - [21/Sep/2022:03:57:38 +0200] "GET /bakugan-towel-p-5737.html HTTP/1.0" 301 71936 "-" "Mozilla/5.0 (compatible; SemrushBot/7~bl; +http://www.semrush.com/bot.html)"
185.191.171.9 - - [21/Sep/2022:03:57:43 +0200] "GET /-p-5737.html HTTP/1.0" 200 71870 "-" "Mozilla/5.0 (compatible; SemrushBot/7~bl; +http://www.semrush.com/bot.html)"
149.202.82.11 - - [21/Sep/2022:03:57:46 +0200] "GET /cat-shopping-trolley-p-31077.html HTTP/1.0" 301 71939 "-" "Mozilla/5.0 (compatible; MJ12bot/v1.4.8; http://mj12bot.com/)"
149.202.82.11 - - [21/Sep/2022:03:57:57 +0200] "GET /-p-31077.html HTTP/1.0" 200 71872 "-" "Mozilla/5.0 (compatible; MJ12bot/v1.4.8; http://mj12bot.com/)"
114.119.137.43 - - [21/Sep/2022:03:58:07 +0200] "GET /vespa-ipad-pencil-case-p-13046.html HTTP/1.0" 200 74815 "http://www.wonder-geek.com/bagshandbags-shoulder-bags-c-31_81.html?page=6" "Mozilla/5.0 (Linux; Android 7.0;) AppleWebKit/537.36 (KHTML, like Gecko) Mobile Safari/537.36 (compatible; PetalBot;+https://webmaster.petalsearch.com/site/petalbot)"
185.191.171.1 - - [21/Sep/2022:03:58:07 +0200] "GET /hello-kitty-flowers-glitter-lamp-p-12833.html HTTP/1.0" 301 71939 "-" "Mozilla/5.0 (compatible; SemrushBot/7~bl; +http://www.semrush.com/bot.html)"
185.191.171.25 - - [21/Sep/2022:03:58:11 +0200] "GET /-p-12833.html HTTP/1.0" 200 71872 "-" "Mozilla/5.0 (compatible; SemrushBot/7~bl; +http://www.semrush.com/bot.html)"
185.191.171.40 - - [21/Sep/2022:03:58:15 +0200] "GET /cotton-kitchen-towel-recette-amiti-p-55960.html HTTP/1.0" 200 74655 "-" "Mozilla/5.0 (compatible; SemrushBot/7~bl; +http://www.semrush.com/bot.html)"
149.202.82.11 - - [21/Sep/2022:03:58:15 +0200] "GET /cat-suitcase-p-28647.html HTTP/1.0" 301 71939 "-" "Mozilla/5.0 (compatible; MJ12bot/v1.4.8; http://mj12bot.com/)"
51.222.253.7 - - [21/Sep/2022:03:58:20 +0200] "GET /small-soft-toys-christmas-balls-p-56332.html HTTP/1.0" 200 75846 "-" "Mozilla/5.0 (compatible; AhrefsBot/7.0; +http://ahrefs.com/robot/)"
149.202.82.11 - - [21/Sep/2022:03:58:40 +0200] "GET /-p-28647.html HTTP/1.0" 200 71872 "-" "Mozilla/5.0 (compatible; MJ12bot/v1.4.8; http://mj12bot.com/)"
149.202.82.11 - - [21/Sep/2022:03:58:50 +0200] "GET /cat-waves-and-rhinestone-statue-19-cm-p-37587.html HTTP/1.0" 301 72072 "-" "Mozilla/5.0 (compatible; MJ12bot/v1.4.8; http://mj12bot.com/)"
185.191.171.8 - - [21/Sep/2022:03:59:02 +0200] "GET /pillow-case-65-65-cm-blue-jean-p-36885.html HTTP/1.0" 301 74872 "-" "Mozilla/5.0 (compatible; SemrushBot/7~bl; +http://www.semrush.com/bot.html)"
149.202.82.11 - - [21/Sep/2022:03:59:06 +0200] "GET /waves-rhinestone-statue-p-37587.html HTTP/1.0" 200 71982 "-" "Mozilla/5.0 (compatible; MJ12bot/v1.4.8; http://mj12bot.com/)"
185.191.171.4 - - [21/Sep/2022:03:59:06 +0200] "GET /pillow-case-blue-jean-p-36885.html HTTP/1.0" 200 74784 "-" "Mozilla/5.0 (compatible; SemrushBot/7~bl; +http://www.semrush.com/bot.html)"
51.222.253.16 - - [21/Sep/2022:03:59:06 +0200] "GET /winnie-pooh-yellow-swimsuit-p-30253.html HTTP/1.0" 200 76021 "-" "Mozilla/5.0 (compatible; AhrefsBot/7.0; +http://ahrefs.com/robot/)"
185.191.171.15 - - [21/Sep/2022:03:59:12 +0200] "GET /kimmidoll-doll-10-cm-p-46126.html HTTP/1.0" 301 72032 "-" "Mozilla/5.0 (compatible; SemrushBot/7~bl; +http://www.semrush.com/bot.html)"
149.202.82.11 - - [21/Sep/2022:03:59:15 +0200] "GET /catches-dreams-24-cm-green-and-blue-p-42789.html HTTP/1.0" 301 71939 "-" "Mozilla/5.0 (compatible; MJ12bot/v1.4.8; http://mj12bot.com/)"
185.191.171.25 - - [21/Sep/2022:03:59:16 +0200] "GET /kimmidoll-doll-p-46126.html HTTP/1.0" 200 71951 "-" "Mozilla/5.0 (compatible; SemrushBot/7~bl; +http://www.semrush.com/bot.html)"
149.202.82.11 - - [21/Sep/2022:03:59:29 +0200] "GET /-p-42789.html HTTP/1.0" 200 71872 "-" "Mozilla/5.0 (compatible; MJ12bot/v1.4.8; http://mj12bot.com/)"
149.202.82.11 - - [21/Sep/2022:03:59:44 +0200] "GET /cats-adult-apron-p-31411.html HTTP/1.0" 301 71939 "-" "Mozilla/5.0 (compatible; MJ12bot/v1.4.8; http://mj12bot.com/)"
114.119.137.45 - - [21/Sep/2022:03:59:44 +0200] "GET /moroccan-red-ashtray-p-31882.html HTTP/1.0" 301 74577 "http://www.wonder-geek.com/home-and-decoration-c-13.html?page=35" "Mozilla/5.0 (Linux; Android 7.0;) AppleWebKit/537.36 (KHTML, like Gecko) Mobile Safari/537.36 (compatible; PetalBot;+https://webmaster.petalsearch.com/site/petalbot)"
119.8.57.70 - - [21/Sep/2022:03:59:47 +0200] "GET /images/big_prod_1/b045544846769.jpg HTTP/1.0" 200 270 "-" "Mozilla/5.0 (X11; Ubuntu; Linux x86_64; rv:72.0) Gecko/20100101 Firefox/72.0"
114.119.137.45 - - [21/Sep/2022:03:59:47 +0200] "GET /moroccan-ashtray-p-31882.html HTTP/1.0" 200 74494 "http://www.wonder-geek.com/home-and-decoration-c-13.html?page=35" "Mozilla/5.0 (Linux; Android 7.0;) AppleWebKit/537.36 (KHTML, like Gecko) Mobile Safari/537.36 (compatible; PetalBot;+https://webmaster.petalsearch.com/site/petalbot)"
37.230.186.130 - - [21/Sep/2022:03:59:48 +0200] "GET /images/mini_prod/4036113101170.jpg HTTP/1.0" 200 269 "-" "Python/3.7 aiohttp/3.8.1"
51.222.253.19 - - [21/Sep/2022:03:59:53 +0200] "GET /zodiac-black-women-shirt-p-30811.html HTTP/1.0" 200 76506 "-" "Mozilla/5.0 (compatible; AhrefsBot/7.0; +http://ahrefs.com/robot/)"
185.191.171.41 - - [21/Sep/2022:03:59:57 +0200] "GET /disney-princess-miniature-character-with-accessories-p-38130.html HTTP/1.0" 301 71939 "-" "Mozilla/5.0 (compatible; SemrushBot/7~bl; +http://www.semrush.com/bot.html)"
149.202.82.11 - - [21/Sep/2022:03:59:59 +0200] "GET /-p-31411.html HTTP/1.0" 200 71872 "-" "Mozilla/5.0 (compatible; MJ12bot/v1.4.8; http://mj12bot.com/)"
185.191.171.17 - - [21/Sep/2022:04:00:00 +0200] "GET /-p-38130.html HTTP/1.0" 200 71872 "-" "Mozilla/5.0 (compatible; SemrushBot/7~bl; +http://www.semrush.com/bot.html)"
149.202.82.11 - - [21/Sep/2022:04:00:12 +0200] "GET /cats-and-umbrella-set-salt-and-pepper-p-34486.html HTTP/1.0" 301 72078 "-" "Mozilla/5.0 (compatible; MJ12bot/v1.4.8; http://mj12bot.com/)"
149.202.82.11 - - [21/Sep/2022:04:00:26 +0200] "GET /cats-umbrella-salt-pepper-p-34486.html HTTP/1.0" 200 71986 "-" "Mozilla/5.0 (compatible; MJ12bot/v1.4.8; http://mj12bot.com/)"
51.222.253.2 - - [21/Sep/2022:04:00:38 +0200] "GET /small-japanese-cast-iron-teapot-liter-p-54883.html HTTP/1.0" 200 74830 "-" "Mozilla/5.0 (compatible; AhrefsBot/7.0; +http://ahrefs.com/robot/)"
149.202.82.11 - - [21/Sep/2022:04:00:40 +0200] "GET /cats-by-dubout-figurine-cutie-p-32704.html HTTP/1.0" 301 75894 "-" "Mozilla/5.0 (compatible; MJ12bot/v1.4.8; http://mj12bot.com/)"
185.191.171.23 - - [21/Sep/2022:04:00:41 +0200] "GET /charmmy-kitty-small-cosmetic-bag-p-26658.html HTTP/1.0" 301 74908 "-" "Mozilla/5.0 (compatible; SemrushBot/7~bl; +http://www.semrush.com/bot.html)"
51.222.253.7 - - [21/Sep/2022:04:00:45 +0200] "GET /images/big_prod/1915signes.jpg HTTP/1.0" 200 265 "-" "Mozilla/5.0 (compatible; AhrefsBot/7.0; +http://ahrefs.com/robot/)"
185.191.171.37 - - [21/Sep/2022:04:00:45 +0200] "GET /charmmy-kitty-small-cosmetic-p-26658.html HTTP/1.0" 200 74813 "-" "Mozilla/5.0 (compatible; SemrushBot/7~bl; +http://www.semrush.com/bot.html)"
185.191.171.6 - - [21/Sep/2022:04:00:48 +0200] "GET /-p-42236.html HTTP/1.0" 200 71872 "-" "Mozilla/5.0 (compatible; SemrushBot/7~bl; +http://www.semrush.com/bot.html)"
149.202.82.11 - - [21/Sep/2022:04:00:58 +0200] "GET /cats-dubout-figurine-cutie-p-32704.html HTTP/1.0" 200 75801 "-" "Mozilla/5.0 (compatible; MJ12bot/v1.4.8; http://mj12bot.com/)"
51.222.253.15 - - [21/Sep/2022:04:01:09 +0200] "GET /london-bus-shower-curtain-180-180-cm-p-37299.html HTTP/1.0" 301 71939 "-" "Mozilla/5.0 (compatible; AhrefsBot/7.0; +http://ahrefs.com/robot/)"
149.202.82.11 - - [21/Sep/2022:04:01:12 +0200] "GET /cats-by-dubout-figurine-grooming-time-p-32712.html HTTP/1.0" 301 75156 "-" "Mozilla/5.0 (compatible; MJ12bot/v1.4.8; http://mj12bot.com/)"
185.191.171.37 - - [21/Sep/2022:04:01:13 +0200] "GET /vintage-hook-bolt-hole-p-48554.html HTTP/1.0" 301 71939 "-" "Mozilla/5.0 (compatible; SemrushBot/7~bl; +http://www.semrush.com/bot.html)"
185.191.171.20 - - [21/Sep/2022:04:01:16 +0200] "GET /-p-48554.html HTTP/1.0" 200 71872 "-" "Mozilla/5.0 (compatible; SemrushBot/7~bl; +http://www.semrush.com/bot.html)"
114.119.137.43 - - [21/Sep/2022:04:01:20 +0200] "GET /lord-brian-london-tea-box-p-39518.html HTTP/1.0" 301 71939 "http://www.wonder-geek.com/boxes-and-storage-box-c-13_150.html?page=9" "Mozilla/5.0 (Linux; Android 7.0;) AppleWebKit/537.36 (KHTML, like Gecko) Mobile Safari/537.36 (compatible; PetalBot;+https://webmaster.petalsearch.com/site/petalbot)"
114.119.137.43 - - [21/Sep/2022:04:01:22 +0200] "GET /-p-39518.html HTTP/1.0" 200 71872 "http://www.wonder-geek.com/boxes-and-storage-box-c-13_150.html?page=9" "Mozilla/5.0 (Linux; Android 7.0;) AppleWebKit/537.36 (KHTML, like Gecko) Mobile Safari/537.36 (compatible; PetalBot;+https://webmaster.petalsearch.com/site/petalbot)"
51.222.253.4 - - [21/Sep/2022:04:01:25 +0200] "GET /pucca-towel-p-2355.html HTTP/1.0" 200 74558 "-" "Mozilla/5.0 (compatible; AhrefsBot/7.0; +http://ahrefs.com/robot/)"
149.202.82.11 - - [21/Sep/2022:04:01:26 +0200] "GET /cats-dubout-figurine-grooming-time-p-32712.html HTTP/1.0" 200 75055 "-" "Mozilla/5.0 (compatible; MJ12bot/v1.4.8; http://mj12bot.com/)"
51.222.253.10 - - [21/Sep/2022:04:01:30 +0200] "GET /images/Pucca-Surfing-75x150.jpg HTTP/1.0" 200 266 "-" "Mozilla/5.0 (compatible; AhrefsBot/7.0; +http://ahrefs.com/robot/)"
185.191.171.19 - - [21/Sep/2022:04:01:30 +0200] "GET /spanish-kitchen-towel-p-38868.html HTTP/1.0" 200 74485 "-" "Mozilla/5.0 (compatible; SemrushBot/7~bl; +http://www.semrush.com/bot.html)"
185.191.171.36 - - [21/Sep/2022:04:01:34 +0200] "GET /lion-white-women-tee-shirt-p-31149.html HTTP/1.0" 301 76587 "-" "Mozilla/5.0 (compatible; SemrushBot/7~bl; +http://www.semrush.com/bot.html)"
185.191.171.20 - - [21/Sep/2022:04:01:37 +0200] "GET /lion-white-women-shirt-p-31149.html HTTP/1.0" 200 76498 "-" "Mozilla/5.0 (compatible; SemrushBot/7~bl; +http://www.semrush.com/bot.html)"
149.202.82.11 - - [21/Sep/2022:04:01:38 +0200] "GET /cats-by-dubout-figurine-happy-days-extra-red-p-33342.html HTTP/1.0" 301 72136 "-" "Mozilla/5.0 (compatible; MJ12bot/v1.4.8; http://mj12bot.com/)"
149.202.82.11 - - [21/Sep/2022:04:01:55 +0200] "GET /cats-dubout-figurine-happy-days-extra-p-33342.html HTTP/1.0" 200 72032 "-" "Mozilla/5.0 (compatible; MJ12bot/v1.4.8; http://mj12bot.com/)"
185.191.171.10 - - [21/Sep/2022:04:01:59 +0200] "GET /small-jar-candle-sweet-apple-treat-p-42616.html HTTP/1.0" 301 72128 "-" "Mozilla/5.0 (compatible; SemrushBot/7~bl; +http://www.semrush.com/bot.html)"
185.191.171.35 - - [21/Sep/2022:04:02:01 +0200] "GET /small-candle-sweet-apple-treat-p-42616.html HTTP/1.0" 200 72031 "-" "Mozilla/5.0 (compatible; SemrushBot/7~bl; +http://www.semrush.com/bot.html)"
149.202.82.11 - - [21/Sep/2022:04:02:06 +0200] "GET /cats-by-dubout-figurine-happy-days-p-32702.html HTTP/1.0" 301 75102 "-" "Mozilla/5.0 (compatible; MJ12bot/v1.4.8; http://mj12bot.com/)"
119.28.156.186 - - [21/Sep/2022:04:02:14 +0200] "GET /images/mini_prod/5018997618431.jpg HTTP/1.0" 200 269 "-" "Mozilla/5.0 (X11; Ubuntu; Linux x86_64; rv:72.0) Gecko/20100101 Firefox/72.0"
51.222.253.20 - - [21/Sep/2022:04:02:22 +0200] "GET /metal-clock-vinyl-turntable-p-54036.html HTTP/1.0" 200 75482 "-" "Mozilla/5.0 (compatible; AhrefsBot/7.0; +http://ahrefs.com/robot/)"
66.249.66.210 - - [21/Sep/2022:04:02:24 +0200] "GET /images/big_prod/4260082938400.jpg HTTP/1.0" 200 268 "-" "Googlebot-Image/1.0"
185.191.171.5 - - [21/Sep/2022:04:02:24 +0200] "GET /metal-clock-shape-motorcycle-white-color-p-50024.html HTTP/1.0" 200 72034 "-" "Mozilla/5.0 (compatible; SemrushBot/7~bl; +http://www.semrush.com/bot.html)"
149.202.82.11 - - [21/Sep/2022:04:02:24 +0200] "GET /cats-dubout-figurine-happy-days-p-32702.html HTTP/1.0" 200 75004 "-" "Mozilla/5.0 (compatible; MJ12bot/v1.4.8; http://mj12bot.com/)"
149.202.82.11 - - [21/Sep/2022:04:02:34 +0200] "GET /cats-by-dubout-figurine-la-belle-p-33337.html HTTP/1.0" 301 75940 "-" "Mozilla/5.0 (compatible; MJ12bot/v1.4.8; http://mj12bot.com/)"
185.191.171.45 - - [21/Sep/2022:04:02:38 +0200] "GET /swiss-cbkreation-p-33769.html HTTP/1.0" 200 74488 "-" "Mozilla/5.0 (compatible; SemrushBot/7~bl; +http://www.semrush.com/bot.html)"
149.202.82.11 - - [21/Sep/2022:04:02:50 +0200] "GET /cats-dubout-figurine-belle-p-33337.html HTTP/1.0" 200 75847 "-" "Mozilla/5.0 (compatible; MJ12bot/v1.4.8; http://mj12bot.com/)"
185.191.171.4 - - [21/Sep/2022:04:02:53 +0200] "GET /coasters-candy-cbkreation-p-15015.html HTTP/1.0" 200 74640 "-" "Mozilla/5.0 (compatible; SemrushBot/7~bl; +http://www.semrush.com/bot.html)"
114.119.137.43 - - [21/Sep/2022:04:02:57 +0200] "GET /mirror-c-13_133.html?page=7 HTTP/1.0" 200 82646 "http://www.wonder-geek.com/mirror-c-13_133.html?page=6" "Mozilla/5.0 (Linux; Android 7.0;) AppleWebKit/537.36 (KHTML, like Gecko) Mobile Safari/537.36 (compatible; PetalBot;+https://webmaster.petalsearch.com/site/petalbot)"
149.202.82.11 - - [21/Sep/2022:04:02:58 +0200] "GET /cats-by-dubout-figurine-playtime-p-32705.html HTTP/1.0" 301 75088 "-" "Mozilla/5.0 (compatible; MJ12bot/v1.4.8; http://mj12bot.com/)"
185.191.171.9 - - [21/Sep/2022:04:03:06 +0200] "GET /parot-rectangulary-cushion-cbkreation-p-43369.html HTTP/1.0" 200 72016 "-" "Mozilla/5.0 (compatible; SemrushBot/7~bl; +http://www.semrush.com/bot.html)"
149.202.82.11 - - [21/Sep/2022:04:03:07 +0200] "GET /cats-dubout-figurine-playtime-p-32705.html HTTP/1.0" 200 74992 "-" "Mozilla/5.0 (compatible; MJ12bot/v1.4.8; http://mj12bot.com/)"
51.222.253.16 - - [21/Sep/2022:04:03:11 +0200] "GET /retro-industriel-chandelier-p-50082.html HTTP/1.0" 200 75696 "-" "Mozilla/5.0 (compatible; AhrefsBot/7.0; +http://ahrefs.com/robot/)"
149.202.82.11 - - [21/Sep/2022:04:03:18 +0200] "GET /cats-by-dubout-photo-frame-the-third-eye-p-33753.html HTTP/1.0" 301 75785 "-" "Mozilla/5.0 (compatible; MJ12bot/v1.4.8; http://mj12bot.com/)"
185.191.171.11 - - [21/Sep/2022:04:03:36 +0200] "GET /blue-elephant-piggy-bank-p-47729.html HTTP/1.0" 301 71939 "-" "Mozilla/5.0 (compatible; SemrushBot/7~bl; +http://www.semrush.com/bot.html)"
149.202.82.11 - - [21/Sep/2022:04:03:36 +0200] "GET /cats-dubout-photo-frame-third-p-33753.html HTTP/1.0" 200 75689 "-" "Mozilla/5.0 (compatible; MJ12bot/v1.4.8; http://mj12bot.com/)"
185.191.171.37 - - [21/Sep/2022:04:03:39 +0200] "GET /-p-47729.html HTTP/1.0" 200 71872 "-" "Mozilla/5.0 (compatible; SemrushBot/7~bl; +http://www.semrush.com/bot.html)"
185.191.171.2 - - [21/Sep/2022:04:03:50 +0200] "GET /theme-lavander-tree-leaves-tisanire-p-51423.html HTTP/1.0" 200 74668 "-" "Mozilla/5.0 (compatible; SemrushBot/7~bl; +http://www.semrush.com/bot.html)"
149.202.82.11 - - [21/Sep/2022:04:03:51 +0200] "GET /cats-by-dubout-photo-frame-the-third-eye-p-38861.html HTTP/1.0" 301 75780 "-" "Mozilla/5.0 (compatible; MJ12bot/v1.4.8; http://mj12bot.com/)"
149.202.82.11 - - [21/Sep/2022:04:04:01 +0200] "GET /cats-dubout-photo-frame-third-p-38861.html HTTP/1.0" 200 75684 "-" "Mozilla/5.0 (compatible; MJ12bot/v1.4.8; http://mj12bot.com/)"
51.222.253.17 - - [21/Sep/2022:04:04:03 +0200] "GET /indian-elephant-statue-195-cm-p-38547.html HTTP/1.0" 301 71939 "-" "Mozilla/5.0 (compatible; AhrefsBot/7.0; +http://ahrefs.com/robot/)"
51.222.253.5 - - [21/Sep/2022:04:04:04 +0200] "GET /bamboo-tray-with-cushion-p-56989.html HTTP/1.0" 200 75510 "-" "Mozilla/5.0 (compatible; AhrefsBot/7.0; +http://ahrefs.com/robot/)"
149.202.82.11 - - [21/Sep/2022:04:04:17 +0200] "GET /cats-by-dubout-salt-and-pepper-p-32698.html HTTP/1.0" 301 75485 "-" "Mozilla/5.0 (compatible; MJ12bot/v1.4.8; http://mj12bot.com/)"
149.202.82.11 - - [21/Sep/2022:04:04:35 +0200] "GET /cats-dubout-salt-pepper-p-32698.html HTTP/1.0" 200 75395 "-" "Mozilla/5.0 (compatible; MJ12bot/v1.4.8; http://mj12bot.com/)"
114.119.137.3 - - [21/Sep/2022:04:04:41 +0200] "GET /metal-bottle-holder-santa-claus-p-53249.html HTTP/1.0" 200 74650 "http://www.wonder-geek.com/bottle-holder-beer-bucket-c-12_224.html?page=2" "Mozilla/5.0 (Linux; Android 7.0;) AppleWebKit/537.36 (KHTML, like Gecko) Mobile Safari/537.36 (compatible; PetalBot;+https://webmaster.petalsearch.com/site/petalbot)"
51.222.253.4 - - [21/Sep/2022:04:04:49 +0200] "GET /cat-mini-melamine-tray-p-53813.html HTTP/1.0" 301 74651 "-" "Mozilla/5.0 (compatible; AhrefsBot/7.0; +http://ahrefs.com/robot/)"
207.46.13.149 - - [21/Sep/2022:04:04:52 +0200] "GET /images/4999913831596.jpg HTTP/1.0" 200 259 "-" "Mozilla/5.0 (compatible; bingbot/2.0; +http://www.bing.com/bingbot.htm)"
149.202.82.11 - - [21/Sep/2022:04:04:52 +0200] "GET /cats-cup-and-saucer-ceramic-p-37470.html HTTP/1.0" 301 72040 "-" "Mozilla/5.0 (compatible; MJ12bot/v1.4.8; http://mj12bot.com/)"
51.222.253.7 - - [21/Sep/2022:04:04:53 +0200] "GET /pauline-lampshade-p-56321.html HTTP/1.0" 200 71930 "-" "Mozilla/5.0 (compatible; AhrefsBot/7.0; +http://ahrefs.com/robot/)"
104.1.26.195 - - [21/Sep/2022:04:04:59 +0200] "GET /highslide/graphics/fullexpand.gif HTTP/1.0" 200 495 "http://www.wonder-geek.com/kiub-collection-cats-cool-p-54782.html" "Mozilla/5.0 (iPad; CPU OS 15_7 like Mac OS X) AppleWebKit/605.1.15 (KHTML, like Gecko) Version/15.6,2 Mobile/15E148 Safari/604.1"
149.202.82.11 - - [21/Sep/2022:04:05:09 +0200] "GET /cats-saucer-ceramic-p-37470.html HTTP/1.0" 200 71954 "-" "Mozilla/5.0 (compatible; MJ12bot/v1.4.8; http://mj12bot.com/)"
185.191.171.26 - - [21/Sep/2022:04:05:25 +0200] "GET /cats-isothermic-stainless-steel-bottle-allen-p-51919.html HTTP/1.0" 200 75370 "-" "Mozilla/5.0 (compatible; SemrushBot/7~bl; +http://www.semrush.com/bot.html)"
149.202.82.11 - - [21/Sep/2022:04:05:25 +0200] "GET /cats-dubout-cotton-kitchen-apron-made-france-p-36640.html HTTP/1.0" 200 72098 "-" "Mozilla/5.0 (compatible; MJ12bot/v1.4.8; http://mj12bot.com/)"
185.191.171.33 - - [21/Sep/2022:04:05:28 +0200] "GET /barbabright-magnet-p-6013.html HTTP/1.0" 200 74423 "-" "Mozilla/5.0 (compatible; SemrushBot/7~bl; +http://www.semrush.com/bot.html)"
149.202.82.11 - - [21/Sep/2022:04:05:40 +0200] "GET /cats-dubout-cotton-kitchen-towel-made-france-p-36636.html HTTP/1.0" 200 72098 "-" "Mozilla/5.0 (compatible; MJ12bot/v1.4.8; http://mj12bot.com/)"
