135.181.113.236 - - [21/Sep/2022:06:25:58 +0200] "GET /barbapapa-toddler-flatware-set-p-28345.html HTTP/1.0" 301 71939 "-" "Mozilla/5.0 (compatible; MJ12bot/v1.4.8; http://mj12bot.com/)"
135.181.113.236 - - [21/Sep/2022:06:26:01 +0200] "GET /-p-28345.html HTTP/1.0" 200 71872 "-" "Mozilla/5.0 (compatible; MJ12bot/v1.4.8; http://mj12bot.com/)"
135.181.113.236 - - [21/Sep/2022:06:26:03 +0200] "GET /barbapapa-toddler-flatware-set-p-9322.html HTTP/1.0" 301 71936 "-" "Mozilla/5.0 (compatible; MJ12bot/v1.4.8; http://mj12bot.com/)"
135.181.113.236 - - [21/Sep/2022:06:26:06 +0200] "GET /-p-9322.html HTTP/1.0" 200 71870 "-" "Mozilla/5.0 (compatible; MJ12bot/v1.4.8; http://mj12bot.com/)"
135.181.113.236 - - [21/Sep/2022:06:26:09 +0200] "GET /barbapapa-wastebasket-p-26714.html HTTP/1.0" 301 71939 "-" "Mozilla/5.0 (compatible; MJ12bot/v1.4.8; http://mj12bot.com/)"
135.181.113.236 - - [21/Sep/2022:06:26:11 +0200] "GET /-p-26714.html HTTP/1.0" 200 71872 "-" "Mozilla/5.0 (compatible; MJ12bot/v1.4.8; http://mj12bot.com/)"
135.181.113.236 - - [21/Sep/2022:06:26:14 +0200] "GET /barbapapa-wheels-scooter-p-24377.html HTTP/1.0" 301 71939 "-" "Mozilla/5.0 (compatible; MJ12bot/v1.4.8; http://mj12bot.com/)"
135.181.113.236 - - [21/Sep/2022:06:26:16 +0200] "GET /-p-24377.html HTTP/1.0" 200 71872 "-" "Mozilla/5.0 (compatible; MJ12bot/v1.4.8; http://mj12bot.com/)"
135.181.113.236 - - [21/Sep/2022:06:26:19 +0200] "GET /barbapapa-wooden-pink-piano-p-21484.html HTTP/1.0" 301 71939 "-" "Mozilla/5.0 (compatible; MJ12bot/v1.4.8; http://mj12bot.com/)"
135.181.113.236 - - [21/Sep/2022:06:26:22 +0200] "GET /-p-21484.html HTTP/1.0" 200 71872 "-" "Mozilla/5.0 (compatible; MJ12bot/v1.4.8; http://mj12bot.com/)"
135.181.113.236 - - [21/Sep/2022:06:26:25 +0200] "GET /barbapapa-wooden-puzzles-p-21486.html HTTP/1.0" 301 71939 "-" "Mozilla/5.0 (compatible; MJ12bot/v1.4.8; http://mj12bot.com/)"
135.181.113.236 - - [21/Sep/2022:06:26:27 +0200] "GET /-p-21486.html HTTP/1.0" 200 71872 "-" "Mozilla/5.0 (compatible; MJ12bot/v1.4.8; http://mj12bot.com/)"
135.181.113.236 - - [21/Sep/2022:06:26:30 +0200] "GET /becassine-large-metal-plate-p-28602.html HTTP/1.0" 200 74606 "-" "Mozilla/5.0 (compatible; MJ12bot/v1.4.8; http://mj12bot.com/)"
135.181.113.236 - - [21/Sep/2022:06:26:33 +0200] "GET /behold-believe-golden-garland-holy-family-shore-p-41699.html HTTP/1.0" 200 76109 "-" "Mozilla/5.0 (compatible; MJ12bot/v1.4.8; http://mj12bot.com/)"
135.181.113.236 - - [21/Sep/2022:06:26:36 +0200] "GET /belle-chocolate-mold-p-28232.html HTTP/1.0" 301 71939 "-" "Mozilla/5.0 (compatible; MJ12bot/v1.4.8; http://mj12bot.com/)"
185.191.171.5 - - [21/Sep/2022:06:26:36 +0200] "GET /old-car-mouse-pad-by-cbkreation-p-23325.html HTTP/1.0" 301 74620 "-" "Mozilla/5.0 (compatible; SemrushBot/7~bl; +http://www.semrush.com/bot.html)"
135.181.113.236 - - [21/Sep/2022:06:26:38 +0200] "GET /-p-28232.html HTTP/1.0" 200 71872 "-" "Mozilla/5.0 (compatible; MJ12bot/v1.4.8; http://mj12bot.com/)"
185.191.171.43 - - [21/Sep/2022:06:26:40 +0200] "GET /mouse-cbkreation-p-23325.html HTTP/1.0" 200 74537 "-" "Mozilla/5.0 (compatible; SemrushBot/7~bl; +http://www.semrush.com/bot.html)"
135.181.113.236 - - [21/Sep/2022:06:26:42 +0200] "GET /ben-10-badges-set-p-6487.html HTTP/1.0" 301 71936 "-" "Mozilla/5.0 (compatible; MJ12bot/v1.4.8; http://mj12bot.com/)"
135.181.113.236 - - [21/Sep/2022:06:26:46 +0200] "GET /-p-6487.html HTTP/1.0" 200 71870 "-" "Mozilla/5.0 (compatible; MJ12bot/v1.4.8; http://mj12bot.com/)"
135.181.113.236 - - [21/Sep/2022:06:26:48 +0200] "GET /ben-10-blue-swimsuit-p-30428.html HTTP/1.0" 301 71939 "-" "Mozilla/5.0 (compatible; MJ12bot/v1.4.8; http://mj12bot.com/)"
135.181.113.236 - - [21/Sep/2022:06:26:51 +0200] "GET /-p-30428.html HTTP/1.0" 200 71872 "-" "Mozilla/5.0 (compatible; MJ12bot/v1.4.8; http://mj12bot.com/)"
135.181.113.236 - - [21/Sep/2022:06:26:54 +0200] "GET /ben-10-clock-p-8342.html HTTP/1.0" 301 74609 "-" "Mozilla/5.0 (compatible; MJ12bot/v1.4.8; http://mj12bot.com/)"
135.181.113.236 - - [21/Sep/2022:06:26:56 +0200] "GET /clock-p-8342.html HTTP/1.0" 200 74538 "-" "Mozilla/5.0 (compatible; MJ12bot/v1.4.8; http://mj12bot.com/)"
135.181.113.236 - - [21/Sep/2022:06:26:59 +0200] "GET /ben-10-orange-swimwear-size-years-p-23813.html HTTP/1.0" 301 71939 "-" "Mozilla/5.0 (compatible; MJ12bot/v1.4.8; http://mj12bot.com/)"
135.181.113.236 - - [21/Sep/2022:06:27:02 +0200] "GET /-p-23813.html HTTP/1.0" 200 71872 "-" "Mozilla/5.0 (compatible; MJ12bot/v1.4.8; http://mj12bot.com/)"
185.191.171.40 - - [21/Sep/2022:06:27:04 +0200] "GET /lotus-candle-holder-glass-p-42831.html HTTP/1.0" 200 75681 "-" "Mozilla/5.0 (compatible; SemrushBot/7~bl; +http://www.semrush.com/bot.html)"
135.181.113.236 - - [21/Sep/2022:06:27:05 +0200] "GET /ben-10-orange-swimwear-size-years-p-23815.html HTTP/1.0" 301 71939 "-" "Mozilla/5.0 (compatible; MJ12bot/v1.4.8; http://mj12bot.com/)"
54.36.148.168 - - [21/Sep/2022:06:27:06 +0200] "GET /havana-small-ashtray-p-47853.html HTTP/1.0" 200 74463 "-" "Mozilla/5.0 (compatible; AhrefsBot/7.0; +http://ahrefs.com/robot/)"
135.181.113.236 - - [21/Sep/2022:06:27:08 +0200] "GET /-p-23815.html HTTP/1.0" 200 71872 "-" "Mozilla/5.0 (compatible; MJ12bot/v1.4.8; http://mj12bot.com/)"
216.244.66.242 - - [21/Sep/2022:06:27:11 +0200] "GET /donkey-kong-shirt-p-29598.html HTTP/1.0" 200 75896 "-" "Mozilla/5.0 (compatible; DotBot/1.2; +https://opensiteexplorer.org/dotbot; help@moz.com)"
135.181.113.236 - - [21/Sep/2022:06:27:12 +0200] "GET /ben-10-pairs-of-socks-size-23-26-p-25683.html HTTP/1.0" 301 71939 "-" "Mozilla/5.0 (compatible; MJ12bot/v1.4.8; http://mj12bot.com/)"
135.181.113.236 - - [21/Sep/2022:06:27:16 +0200] "GET /-p-25683.html HTTP/1.0" 200 71872 "-" "Mozilla/5.0 (compatible; MJ12bot/v1.4.8; http://mj12bot.com/)"
216.244.66.242 - - [21/Sep/2022:06:27:18 +0200] "GET /gorjuss-coaster-toadstools-p-46918.html HTTP/1.0" 200 71944 "-" "Mozilla/5.0 (compatible; DotBot/1.2; +https://opensiteexplorer.org/dotbot; help@moz.com)"
135.181.113.236 - - [21/Sep/2022:06:27:18 +0200] "GET /ben-10-pairs-of-socks-size-27-30-p-25680.html HTTP/1.0" 301 71939 "-" "Mozilla/5.0 (compatible; MJ12bot/v1.4.8; http://mj12bot.com/)"
135.181.113.236 - - [21/Sep/2022:06:27:22 +0200] "GET /-p-25680.html HTTP/1.0" 200 71872 "-" "Mozilla/5.0 (compatible; MJ12bot/v1.4.8; http://mj12bot.com/)"
135.181.113.236 - - [21/Sep/2022:06:27:25 +0200] "GET /ben-10-pairs-of-socks-size-27-30-p-25681.html HTTP/1.0" 301 71939 "-" "Mozilla/5.0 (compatible; MJ12bot/v1.4.8; http://mj12bot.com/)"
135.181.113.236 - - [21/Sep/2022:06:27:27 +0200] "GET /-p-25681.html HTTP/1.0" 200 71872 "-" "Mozilla/5.0 (compatible; MJ12bot/v1.4.8; http://mj12bot.com/)"
135.181.113.236 - - [21/Sep/2022:06:27:30 +0200] "GET /ben-10-wallet-p-5434.html HTTP/1.0" 301 71936 "-" "Mozilla/5.0 (compatible; MJ12bot/v1.4.8; http://mj12bot.com/)"
216.244.66.242 - - [21/Sep/2022:06:27:31 +0200] "GET /jeans-black-backpack-laptop-p-35998.html HTTP/1.0" 200 74916 "-" "Mozilla/5.0 (compatible; DotBot/1.2; +https://opensiteexplorer.org/dotbot; help@moz.com)"
135.181.113.236 - - [21/Sep/2022:06:27:33 +0200] "GET /-p-5434.html HTTP/1.0" 200 71870 "-" "Mozilla/5.0 (compatible; MJ12bot/v1.4.8; http://mj12bot.com/)"
135.181.113.236 - - [21/Sep/2022:06:27:37 +0200] "GET /best-friends-forever-pooh-and-piglet-p-32571.html HTTP/1.0" 301 71939 "-" "Mozilla/5.0 (compatible; MJ12bot/v1.4.8; http://mj12bot.com/)"
135.181.113.236 - - [21/Sep/2022:06:27:39 +0200] "GET /-p-32571.html HTTP/1.0" 200 71872 "-" "Mozilla/5.0 (compatible; MJ12bot/v1.4.8; http://mj12bot.com/)"
135.181.113.236 - - [21/Sep/2022:06:27:42 +0200] "GET /best-street-london-semi-sheer-voile-grommet-panel-p-27032.html HTTP/1.0" 301 71939 "-" "Mozilla/5.0 (compatible; MJ12bot/v1.4.8; http://mj12bot.com/)"
216.244.66.242 - - [21/Sep/2022:06:27:42 +0200] "GET /mini-metal-tray-dubout-cats-p-52475.html HTTP/1.0" 200 74637 "-" "Mozilla/5.0 (compatible; DotBot/1.2; +https://opensiteexplorer.org/dotbot; help@moz.com)"
135.181.113.236 - - [21/Sep/2022:06:27:45 +0200] "GET /-p-27032.html HTTP/1.0" 200 71872 "-" "Mozilla/5.0 (compatible; MJ12bot/v1.4.8; http://mj12bot.com/)"
135.181.113.236 - - [21/Sep/2022:06:27:47 +0200] "GET /betty-boop-ashtray-p-27178.html HTTP/1.0" 200 74487 "-" "Mozilla/5.0 (compatible; MJ12bot/v1.4.8; http://mj12bot.com/)"
185.191.171.43 - - [21/Sep/2022:06:27:48 +0200] "GET /harley-quinn-money-box-16-cm-p-41827.html HTTP/1.0" 301 74608 "-" "Mozilla/5.0 (compatible; SemrushBot/7~bl; +http://www.semrush.com/bot.html)"
135.181.113.236 - - [21/Sep/2022:06:27:50 +0200] "GET /betty-boop-ashtray-p-27179.html HTTP/1.0" 200 74487 "-" "Mozilla/5.0 (compatible; MJ12bot/v1.4.8; http://mj12bot.com/)"
185.191.171.24 - - [21/Sep/2022:06:27:52 +0200] "GET /harley-quinn-money-p-41827.html HTTP/1.0" 200 74523 "-" "Mozilla/5.0 (compatible; SemrushBot/7~bl; +http://www.semrush.com/bot.html)"
216.244.66.242 - - [21/Sep/2022:06:27:53 +0200] "GET /nitro-backpack-urban-classic-p-35709.html HTTP/1.0" 200 74922 "-" "Mozilla/5.0 (compatible; DotBot/1.2; +https://opensiteexplorer.org/dotbot; help@moz.com)"
135.181.113.236 - - [21/Sep/2022:06:27:53 +0200] "GET /betty-boop-bar-stool-p-33830.html HTTP/1.0" 301 71939 "-" "Mozilla/5.0 (compatible; MJ12bot/v1.4.8; http://mj12bot.com/)"
135.181.113.236 - - [21/Sep/2022:06:27:56 +0200] "GET /-p-33830.html HTTP/1.0" 200 71872 "-" "Mozilla/5.0 (compatible; MJ12bot/v1.4.8; http://mj12bot.com/)"
135.181.113.236 - - [21/Sep/2022:06:27:59 +0200] "GET /betty-boop-bathroom-set-p-32872.html HTTP/1.0" 301 71939 "-" "Mozilla/5.0 (compatible; MJ12bot/v1.4.8; http://mj12bot.com/)"
114.119.133.245 - - [21/Sep/2022:06:27:59 +0200] "GET /gold-metal-umbrella-stand-p-57249.html HTTP/1.0" 200 75176 "http://www.wonder-geek.com/furnishings-c-13_87.html?page=1" "Mozilla/5.0 (Linux; Android 7.0;) AppleWebKit/537.36 (KHTML, like Gecko) Mobile Safari/537.36 (compatible; PetalBot;+https://webmaster.petalsearch.com/site/petalbot)"
135.181.113.236 - - [21/Sep/2022:06:28:01 +0200] "GET /-p-32872.html HTTP/1.0" 200 71872 "-" "Mozilla/5.0 (compatible; MJ12bot/v1.4.8; http://mj12bot.com/)"
216.244.66.242 - - [21/Sep/2022:06:28:01 +0200] "GET /oscar-wilde-stickers-p-39325.html HTTP/1.0" 200 75270 "-" "Mozilla/5.0 (compatible; DotBot/1.2; +https://opensiteexplorer.org/dotbot; help@moz.com)"
77.88.9.3 - - [21/Sep/2022:06:28:01 +0200] "GET /cleo-nile-figure-p-22566.html HTTP/1.0" 200 74573 "-" "Mozilla/5.0 (compatible; YandexBot/3.0; +http://yandex.com/bots)"
135.181.113.236 - - [21/Sep/2022:06:28:04 +0200] "GET /betty-boop-biker-grey-wallet-p-13686.html HTTP/1.0" 301 71939 "-" "Mozilla/5.0 (compatible; MJ12bot/v1.4.8; http://mj12bot.com/)"
135.181.113.236 - - [21/Sep/2022:06:28:07 +0200] "GET /-p-13686.html HTTP/1.0" 200 71872 "-" "Mozilla/5.0 (compatible; MJ12bot/v1.4.8; http://mj12bot.com/)"
216.244.66.242 - - [21/Sep/2022:06:28:09 +0200] "GET /teapot-graphic-variations-cocooning-p-45333.html HTTP/1.0" 200 74608 "-" "Mozilla/5.0 (compatible; DotBot/1.2; +https://opensiteexplorer.org/dotbot; help@moz.com)"
135.181.113.236 - - [21/Sep/2022:06:28:10 +0200] "GET /betty-boop-black-shoulder-bag-p-12590.html HTTP/1.0" 301 71939 "-" "Mozilla/5.0 (compatible; MJ12bot/v1.4.8; http://mj12bot.com/)"
135.181.113.236 - - [21/Sep/2022:06:28:12 +0200] "GET /-p-12590.html HTTP/1.0" 200 71872 "-" "Mozilla/5.0 (compatible; MJ12bot/v1.4.8; http://mj12bot.com/)"
135.181.113.236 - - [21/Sep/2022:06:28:15 +0200] "GET /betty-boop-brown-shoulder-bag-p-12291.html HTTP/1.0" 301 71939 "-" "Mozilla/5.0 (compatible; MJ12bot/v1.4.8; http://mj12bot.com/)"
135.181.113.236 - - [21/Sep/2022:06:28:18 +0200] "GET /-p-12291.html HTTP/1.0" 200 71872 "-" "Mozilla/5.0 (compatible; MJ12bot/v1.4.8; http://mj12bot.com/)"
135.181.113.236 - - [21/Sep/2022:06:28:20 +0200] "GET /betty-boop-champagne-sugar-box-p-15277.html HTTP/1.0" 301 71939 "-" "Mozilla/5.0 (compatible; MJ12bot/v1.4.8; http://mj12bot.com/)"
216.244.66.242 - - [21/Sep/2022:06:28:20 +0200] "GET /tetsubin-dragon-teapot-japanese-liter-p-37195.html HTTP/1.0" 200 74891 "-" "Mozilla/5.0 (compatible; DotBot/1.2; +https://opensiteexplorer.org/dotbot; help@moz.com)"
54.36.148.136 - - [21/Sep/2022:06:28:23 +0200] "GET /flower-pots-c-13_275.html?page=7 HTTP/1.0" 200 94441 "-" "Mozilla/5.0 (compatible; AhrefsBot/7.0; +http://ahrefs.com/robot/)"
77.88.9.3 - - [21/Sep/2022:06:28:22 +0200] "GET / HTTP/1.0" 200 150526 "-" "Mozilla/5.0 (compatible; YandexBot/3.0; +http://yandex.com/bots)"
135.181.113.236 - - [21/Sep/2022:06:28:23 +0200] "GET /-p-15277.html HTTP/1.0" 200 71872 "-" "Mozilla/5.0 (compatible; MJ12bot/v1.4.8; http://mj12bot.com/)"
77.88.9.3 - - [21/Sep/2022:06:28:25 +0200] "GET /kitchen-gloves-potholders-c-11_178.html HTTP/1.0" 200 91143 "-" "Mozilla/5.0 (compatible; YandexBot/3.0; +http://yandex.com/bots)"
135.181.113.236 - - [21/Sep/2022:06:28:27 +0200] "GET /betty-boop-champagne-sugar-p-15277.html HTTP/1.0" 301 71939 "-" "Mozilla/5.0 (compatible; MJ12bot/v1.4.8; http://mj12bot.com/)"
77.88.9.3 - - [21/Sep/2022:06:28:28 +0200] "GET /-c-95_297.html HTTP/1.0" 200 70740 "-" "Mozilla/5.0 (compatible; YandexBot/3.0; +http://yandex.com/bots)"
54.36.148.61 - - [21/Sep/2022:06:28:30 +0200] "GET /images/mini_prod/8424346365401.jpg HTTP/1.0" 200 269 "-" "Mozilla/5.0 (compatible; AhrefsBot/7.0; +http://ahrefs.com/robot/)"
54.36.149.58 - - [21/Sep/2022:06:28:30 +0200] "GET /images/mini_prod/5400924228002B.jpg HTTP/1.0" 200 270 "-" "Mozilla/5.0 (compatible; AhrefsBot/7.0; +http://ahrefs.com/robot/)"
135.181.113.236 - - [21/Sep/2022:06:28:29 +0200] "GET /-p-15277.html HTTP/1.0" 200 71872 "-" "Mozilla/5.0 (compatible; MJ12bot/v1.4.8; http://mj12bot.com/)"
54.36.148.76 - - [21/Sep/2022:06:28:30 +0200] "GET /images/mini_prod/8422048831804D.jpg HTTP/1.0" 200 270 "-" "Mozilla/5.0 (compatible; AhrefsBot/7.0; +http://ahrefs.com/robot/)"
54.36.149.82 - - [21/Sep/2022:06:28:31 +0200] "GET /images/mini_prod/8422017826909.jpg HTTP/1.0" 200 269 "-" "Mozilla/5.0 (compatible; AhrefsBot/7.0; +http://ahrefs.com/robot/)"
54.36.148.253 - - [21/Sep/2022:06:28:31 +0200] "GET /images/mini_prod/5400924034504.jpg HTTP/1.0" 200 269 "-" "Mozilla/5.0 (compatible; AhrefsBot/7.0; +http://ahrefs.com/robot/)"
54.36.148.221 - - [21/Sep/2022:06:28:31 +0200] "GET /images/mini_prod/8422048830203D.jpg HTTP/1.0" 200 270 "-" "Mozilla/5.0 (compatible; AhrefsBot/7.0; +http://ahrefs.com/robot/)"
185.191.171.36 - - [21/Sep/2022:06:28:30 +0200] "GET /green-dragon-money-p-54836.html HTTP/1.0" 200 74552 "-" "Mozilla/5.0 (compatible; SemrushBot/7~bl; +http://www.semrush.com/bot.html)"
54.36.149.48 - - [21/Sep/2022:06:28:32 +0200] "GET /images/mini_prod/8422048831606D.jpg HTTP/1.0" 200 270 "-" "Mozilla/5.0 (compatible; AhrefsBot/7.0; +http://ahrefs.com/robot/)"
77.88.9.3 - - [21/Sep/2022:06:28:31 +0200] "GET /-c-95_297.html HTTP/1.0" 200 70740 "-" "Mozilla/5.0 (compatible; YandexBot/3.0; +http://yandex.com/bots)"
135.181.113.236 - - [21/Sep/2022:06:28:32 +0200] "GET /betty-boop-checkpoint-metal-magnet-p-8176.html HTTP/1.0" 200 72031 "-" "Mozilla/5.0 (compatible; MJ12bot/v1.4.8; http://mj12bot.com/)"
185.191.171.9 - - [21/Sep/2022:06:28:33 +0200] "GET /coffee-box-retro-metal-wood-pattern-p-38825.html HTTP/1.0" 301 71939 "-" "Mozilla/5.0 (compatible; SemrushBot/7~bl; +http://www.semrush.com/bot.html)"
135.181.113.236 - - [21/Sep/2022:06:28:35 +0200] "GET /betty-boop-cigarettes-case-p-17843.html HTTP/1.0" 301 71939 "-" "Mozilla/5.0 (compatible; MJ12bot/v1.4.8; http://mj12bot.com/)"
185.191.171.41 - - [21/Sep/2022:06:28:36 +0200] "GET /-p-38825.html HTTP/1.0" 200 71872 "-" "Mozilla/5.0 (compatible; SemrushBot/7~bl; +http://www.semrush.com/bot.html)"
54.36.149.70 - - [21/Sep/2022:06:28:37 +0200] "GET /images/mini_prod/8718317876905.jpg HTTP/1.0" 200 269 "-" "Mozilla/5.0 (compatible; AhrefsBot/7.0; +http://ahrefs.com/robot/)"
54.36.148.187 - - [21/Sep/2022:06:28:39 +0200] "GET /images/mini_prod/3660173235318.jpg HTTP/1.0" 200 269 "-" "Mozilla/5.0 (compatible; AhrefsBot/7.0; +http://ahrefs.com/robot/)"
135.181.113.236 - - [21/Sep/2022:06:28:37 +0200] "GET /-p-17843.html HTTP/1.0" 200 71872 "-" "Mozilla/5.0 (compatible; MJ12bot/v1.4.8; http://mj12bot.com/)"
54.36.148.244 - - [21/Sep/2022:06:28:39 +0200] "GET /images/mini_prod/3660173235325.jpg HTTP/1.0" 200 269 "-" "Mozilla/5.0 (compatible; AhrefsBot/7.0; +http://ahrefs.com/robot/)"
54.36.149.53 - - [21/Sep/2022:06:28:39 +0200] "GET /images/mini_prod/3520071688251.jpg HTTP/1.0" 200 269 "-" "Mozilla/5.0 (compatible; AhrefsBot/7.0; +http://ahrefs.com/robot/)"
54.36.148.186 - - [21/Sep/2022:06:28:39 +0200] "GET /images/mini_prod/8422017826916.jpg HTTP/1.0" 200 269 "-" "Mozilla/5.0 (compatible; AhrefsBot/7.0; +http://ahrefs.com/robot/)"
54.36.148.86 - - [21/Sep/2022:06:28:39 +0200] "GET /images/mini_prod/8422048831811E.jpg HTTP/1.0" 200 270 "-" "Mozilla/5.0 (compatible; AhrefsBot/7.0; +http://ahrefs.com/robot/)"
54.36.148.74 - - [21/Sep/2022:06:28:39 +0200] "GET /images/mini_prod/3665284220659.jpg HTTP/1.0" 200 269 "-" "Mozilla/5.0 (compatible; AhrefsBot/7.0; +http://ahrefs.com/robot/)"
54.36.148.83 - - [21/Sep/2022:06:28:39 +0200] "GET /images/mini_prod/8422048831613D.jpg HTTP/1.0" 200 270 "-" "Mozilla/5.0 (compatible; AhrefsBot/7.0; +http://ahrefs.com/robot/)"
135.181.113.236 - - [21/Sep/2022:06:28:40 +0200] "GET /betty-boop-coin-purse-p-4855.html HTTP/1.0" 301 71936 "-" "Mozilla/5.0 (compatible; MJ12bot/v1.4.8; http://mj12bot.com/)"
135.181.113.236 - - [21/Sep/2022:06:28:43 +0200] "GET /-p-4855.html HTTP/1.0" 200 71870 "-" "Mozilla/5.0 (compatible; MJ12bot/v1.4.8; http://mj12bot.com/)"
135.181.113.236 - - [21/Sep/2022:06:28:45 +0200] "GET /betty-boop-computer-bag-model-n1-p-5069.html HTTP/1.0" 301 71936 "-" "Mozilla/5.0 (compatible; MJ12bot/v1.4.8; http://mj12bot.com/)"
185.191.171.34 - - [21/Sep/2022:06:28:46 +0200] "GET /kimmi-junior-set-of-10-felt-p-15815.html HTTP/1.0" 301 76926 "-" "Mozilla/5.0 (compatible; SemrushBot/7~bl; +http://www.semrush.com/bot.html)"
77.88.9.3 - - [21/Sep/2022:06:28:47 +0200] "GET /angel-figurine-thank-p-58766.html HTTP/1.0" 200 74837 "-" "Mozilla/5.0 (compatible; YandexBot/3.0; +http://yandex.com/bots)"
135.181.113.236 - - [21/Sep/2022:06:28:48 +0200] "GET /-p-5069.html HTTP/1.0" 200 71870 "-" "Mozilla/5.0 (compatible; MJ12bot/v1.4.8; http://mj12bot.com/)"
77.88.9.3 - - [21/Sep/2022:06:28:50 +0200] "GET /polar-blanket-p-58798.html HTTP/1.0" 200 75336 "-" "Mozilla/5.0 (compatible; YandexBot/3.0; +http://yandex.com/bots)"
185.191.171.45 - - [21/Sep/2022:06:28:50 +0200] "GET /kimmi-junior-felt-p-15815.html HTTP/1.0" 200 76842 "-" "Mozilla/5.0 (compatible; SemrushBot/7~bl; +http://www.semrush.com/bot.html)"
135.181.113.236 - - [21/Sep/2022:06:28:52 +0200] "GET /betty-boop-cushion-p-13443.html HTTP/1.0" 301 71939 "-" "Mozilla/5.0 (compatible; MJ12bot/v1.4.8; http://mj12bot.com/)"
77.88.9.11 - - [21/Sep/2022:06:28:52 +0200] "GET /wooden-hanging-tree-decoration-p-58756.html HTTP/1.0" 200 75250 "-" "Mozilla/5.0 (compatible; YandexBot/3.0; +http://yandex.com/bots)"
54.36.148.153 - - [21/Sep/2022:06:28:52 +0200] "GET /small-moneybox-in-the-shape-of-english-letter-box-p-46489.html HTTP/1.0" 301 72182 "-" "Mozilla/5.0 (compatible; AhrefsBot/7.0; +http://ahrefs.com/robot/)"
135.181.113.236 - - [21/Sep/2022:06:28:54 +0200] "GET /-p-13443.html HTTP/1.0" 200 71872 "-" "Mozilla/5.0 (compatible; MJ12bot/v1.4.8; http://mj12bot.com/)"
77.88.9.3 - - [21/Sep/2022:06:28:54 +0200] "GET /angel-figurine-heart-p-58767.html HTTP/1.0" 200 74833 "-" "Mozilla/5.0 (compatible; YandexBot/3.0; +http://yandex.com/bots)"
77.88.9.11 - - [21/Sep/2022:06:28:56 +0200] "GET /stitch-tree-topper-p-58751.html HTTP/1.0" 200 76064 "-" "Mozilla/5.0 (compatible; YandexBot/3.0; +http://yandex.com/bots)"
135.181.113.236 - - [21/Sep/2022:06:28:57 +0200] "GET /betty-boop-deco-thermometer-p-15266.html HTTP/1.0" 200 71998 "-" "Mozilla/5.0 (compatible; MJ12bot/v1.4.8; http://mj12bot.com/)"
77.88.9.3 - - [21/Sep/2022:06:28:57 +0200] "GET /child-apron-princesse-p-58787.html HTTP/1.0" 200 75174 "-" "Mozilla/5.0 (compatible; YandexBot/3.0; +http://yandex.com/bots)"
77.88.9.11 - - [21/Sep/2022:06:28:59 +0200] "GET /wooden-hanging-tree-decoration-p-58760.html HTTP/1.0" 200 73890 "-" "Mozilla/5.0 (compatible; YandexBot/3.0; +http://yandex.com/bots)"
135.181.113.236 - - [21/Sep/2022:06:29:00 +0200] "GET /betty-boop-fruit-juice-glasses-p-10488.html HTTP/1.0" 301 71939 "-" "Mozilla/5.0 (compatible; MJ12bot/v1.4.8; http://mj12bot.com/)"
77.88.9.3 - - [21/Sep/2022:06:29:01 +0200] "GET /wooden-hanging-tree-decoration-p-58756.html HTTP/1.0" 200 75250 "-" "Mozilla/5.0 (compatible; YandexBot/3.0; +http://yandex.com/bots)"
185.191.171.9 - - [21/Sep/2022:06:29:01 +0200] "GET /nici-debbie-giraffe-plush-25-cm-p-35186.html HTTP/1.0" 301 72066 "-" "Mozilla/5.0 (compatible; SemrushBot/7~bl; +http://www.semrush.com/bot.html)"
77.88.9.11 - - [21/Sep/2022:06:29:02 +0200] "GET /tinkerbell-couture-force-figurine-p-58749.html HTTP/1.0" 200 76090 "-" "Mozilla/5.0 (compatible; YandexBot/3.0; +http://yandex.com/bots)"
135.181.113.236 - - [21/Sep/2022:06:29:02 +0200] "GET /-p-10488.html HTTP/1.0" 200 71872 "-" "Mozilla/5.0 (compatible; MJ12bot/v1.4.8; http://mj12bot.com/)"
77.88.9.3 - - [21/Sep/2022:06:29:04 +0200] "GET /angel-figurine-forever-p-58769.html HTTP/1.0" 200 74839 "-" "Mozilla/5.0 (compatible; YandexBot/3.0; +http://yandex.com/bots)"
185.191.171.1 - - [21/Sep/2022:06:29:04 +0200] "GET /nici-debbie-giraffe-plush-p-35186.html HTTP/1.0" 200 71974 "-" "Mozilla/5.0 (compatible; SemrushBot/7~bl; +http://www.semrush.com/bot.html)"
77.88.9.11 - - [21/Sep/2022:06:29:05 +0200] "GET /child-apron-princesse-p-58787.html HTTP/1.0" 200 75174 "-" "Mozilla/5.0 (compatible; YandexBot/3.0; +http://yandex.com/bots)"
135.181.113.236 - - [21/Sep/2022:06:29:05 +0200] "GET /betty-boop-fuchsia-sugar-box-p-12648.html HTTP/1.0" 301 71939 "-" "Mozilla/5.0 (compatible; MJ12bot/v1.4.8; http://mj12bot.com/)"
77.88.9.3 - - [21/Sep/2022:06:29:07 +0200] "GET /angel-figurine-forever-p-58769.html HTTP/1.0" 200 74839 "-" "Mozilla/5.0 (compatible; YandexBot/3.0; +http://yandex.com/bots)"
77.88.9.11 - - [21/Sep/2022:06:29:08 +0200] "GET /small-adjustable-white-lampshade-p-58796.html HTTP/1.0" 200 75476 "-" "Mozilla/5.0 (compatible; YandexBot/3.0; +http://yandex.com/bots)"
135.181.113.236 - - [21/Sep/2022:06:29:09 +0200] "GET /-p-12648.html HTTP/1.0" 200 71872 "-" "Mozilla/5.0 (compatible; MJ12bot/v1.4.8; http://mj12bot.com/)"
77.88.9.3 - - [21/Sep/2022:06:29:10 +0200] "GET /polar-blanket-p-58800.html HTTP/1.0" 200 75135 "-" "Mozilla/5.0 (compatible; YandexBot/3.0; +http://yandex.com/bots)"
77.88.9.11 - - [21/Sep/2022:06:29:11 +0200] "GET /polar-blanket-p-58798.html HTTP/1.0" 200 75336 "-" "Mozilla/5.0 (compatible; YandexBot/3.0; +http://yandex.com/bots)"
135.181.113.236 - - [21/Sep/2022:06:29:12 +0200] "GET /betty-boop-fuchsia-sugar-p-12648.html HTTP/1.0" 301 71939 "-" "Mozilla/5.0 (compatible; MJ12bot/v1.4.8; http://mj12bot.com/)"
185.191.171.23 - - [21/Sep/2022:06:29:13 +0200] "GET /robots.txt HTTP/1.0" 200 245 "-" "Mozilla/5.0 (compatible; SemrushBot/7~bl; +http://www.semrush.com/bot.html)"
77.88.9.3 - - [21/Sep/2022:06:29:13 +0200] "GET /wooden-hanging-tree-decoration-p-58760.html HTTP/1.0" 200 73890 "-" "Mozilla/5.0 (compatible; YandexBot/3.0; +http://yandex.com/bots)"
54.36.148.27 - - [21/Sep/2022:06:29:12 +0200] "GET /flower-pot-summer-collection-fox-p-52693.html HTTP/1.0" 301 72073 "-" "Mozilla/5.0 (compatible; AhrefsBot/7.0; +http://ahrefs.com/robot/)"
77.88.9.11 - - [21/Sep/2022:06:29:14 +0200] "GET /tinkerbell-couture-force-figurine-p-58749.html HTTP/1.0" 200 76090 "-" "Mozilla/5.0 (compatible; YandexBot/3.0; +http://yandex.com/bots)"
185.191.171.3 - - [21/Sep/2022:06:29:14 +0200] "GET /wiggles-gund-animated-plush-35-cm-p-40392.html HTTP/1.0" 301 71939 "-" "Mozilla/5.0 (compatible; SemrushBot/7~bl; +http://www.semrush.com/bot.html)"
135.181.113.236 - - [21/Sep/2022:06:29:14 +0200] "GET /-p-12648.html HTTP/1.0" 200 71872 "-" "Mozilla/5.0 (compatible; MJ12bot/v1.4.8; http://mj12bot.com/)"
77.88.9.3 - - [21/Sep/2022:06:29:15 +0200] "GET /angel-figurine-heart-p-58767.html HTTP/1.0" 200 74833 "-" "Mozilla/5.0 (compatible; YandexBot/3.0; +http://yandex.com/bots)"
77.88.9.11 - - [21/Sep/2022:06:29:17 +0200] "GET /small-adjustable-white-lampshade-p-58796.html HTTP/1.0" 200 75476 "-" "Mozilla/5.0 (compatible; YandexBot/3.0; +http://yandex.com/bots)"
135.181.113.236 - - [21/Sep/2022:06:29:18 +0200] "GET /betty-boop-get-refreshed-metal-magnet-p-8178.html HTTP/1.0" 301 72137 "-" "Mozilla/5.0 (compatible; MJ12bot/v1.4.8; http://mj12bot.com/)"
77.88.9.3 - - [21/Sep/2022:06:29:18 +0200] "GET /polar-blanket-p-58800.html HTTP/1.0" 200 75135 "-" "Mozilla/5.0 (compatible; YandexBot/3.0; +http://yandex.com/bots)"
185.191.171.26 - - [21/Sep/2022:06:29:19 +0200] "GET /-p-40392.html HTTP/1.0" 200 71872 "-" "Mozilla/5.0 (compatible; SemrushBot/7~bl; +http://www.semrush.com/bot.html)"
77.88.9.11 - - [21/Sep/2022:06:29:20 +0200] "GET /bamboo-floor-lamp-p-58721.html HTTP/1.0" 200 75313 "-" "Mozilla/5.0 (compatible; YandexBot/3.0; +http://yandex.com/bots)"
135.181.113.236 - - [21/Sep/2022:06:29:21 +0200] "GET /betty-boop-refreshed-metal-magnet-p-8178.html HTTP/1.0" 200 72038 "-" "Mozilla/5.0 (compatible; MJ12bot/v1.4.8; http://mj12bot.com/)"
77.88.9.3 - - [21/Sep/2022:06:29:21 +0200] "GET /figurine-resin-decorative-p-58782.html HTTP/1.0" 200 73928 "-" "Mozilla/5.0 (compatible; YandexBot/3.0; +http://yandex.com/bots)"
77.88.9.11 - - [21/Sep/2022:06:29:23 +0200] "GET /angel-figurine-thank-p-58766.html HTTP/1.0" 200 74837 "-" "Mozilla/5.0 (compatible; YandexBot/3.0; +http://yandex.com/bots)"
135.181.113.236 - - [21/Sep/2022:06:29:23 +0200] "GET /betty-boop-get-refreshed-small-metal-plate-p-12522.html HTTP/1.0" 301 71939 "-" "Mozilla/5.0 (compatible; MJ12bot/v1.4.8; http://mj12bot.com/)"
135.181.113.236 - - [21/Sep/2022:06:29:26 +0200] "GET /-p-12522.html HTTP/1.0" 200 71872 "-" "Mozilla/5.0 (compatible; MJ12bot/v1.4.8; http://mj12bot.com/)"
135.181.113.236 - - [21/Sep/2022:06:29:29 +0200] "GET /betty-boop-girl-glam-clutch-bag-p-7538.html HTTP/1.0" 301 71936 "-" "Mozilla/5.0 (compatible; MJ12bot/v1.4.8; http://mj12bot.com/)"
135.181.113.236 - - [21/Sep/2022:06:29:31 +0200] "GET /-p-7538.html HTTP/1.0" 200 71870 "-" "Mozilla/5.0 (compatible; MJ12bot/v1.4.8; http://mj12bot.com/)"
77.88.9.3 - - [21/Sep/2022:06:29:33 +0200] "GET /angel-figurine-infinite-p-58780.html HTTP/1.0" 200 74843 "-" "Mozilla/5.0 (compatible; YandexBot/3.0; +http://yandex.com/bots)"
135.181.113.236 - - [21/Sep/2022:06:29:34 +0200] "GET /betty-boop-girl-silhouette-clutch-bag-p-11647.html HTTP/1.0" 301 71939 "-" "Mozilla/5.0 (compatible; MJ12bot/v1.4.8; http://mj12bot.com/)"
77.88.9.3 - - [21/Sep/2022:06:29:35 +0200] "GET /angel-figurine-infinite-p-58780.html HTTP/1.0" 200 74843 "-" "Mozilla/5.0 (compatible; YandexBot/3.0; +http://yandex.com/bots)"
77.88.9.3 - - [21/Sep/2022:06:29:37 +0200] "GET /white-lampshade-p-58792.html HTTP/1.0" 200 75339 "-" "Mozilla/5.0 (compatible; YandexBot/3.0; +http://yandex.com/bots)"
135.181.113.236 - - [21/Sep/2022:06:29:37 +0200] "GET /-p-11647.html HTTP/1.0" 200 71872 "-" "Mozilla/5.0 (compatible; MJ12bot/v1.4.8; http://mj12bot.com/)"
77.88.9.11 - - [21/Sep/2022:06:29:38 +0200] "GET /white-lampshade-p-58792.html HTTP/1.0" 200 75339 "-" "Mozilla/5.0 (compatible; YandexBot/3.0; +http://yandex.com/bots)"
66.249.66.212 - - [21/Sep/2022:06:29:38 +0200] "GET /gift-towels-p-52068.html HTTP/1.0" 200 71968 "-" "Mozilla/5.0 (Linux; Android 6.0.1; Nexus 5X Build/MMB29P) AppleWebKit/537.36 (KHTML, like Gecko) Chrome/105.0.5195.125 Mobile Safari/537.36 (compatible; Googlebot/2.1; +http://www.google.com/bot.html)"
54.36.148.63 - - [21/Sep/2022:06:29:39 +0200] "GET /decorative-wooden-plate-gourmandise-p-51585.html HTTP/1.0" 200 75271 "-" "Mozilla/5.0 (compatible; AhrefsBot/7.0; +http://ahrefs.com/robot/)"
77.88.9.3 - - [21/Sep/2022:06:29:40 +0200] "GET /figurine-resin-decorative-p-58782.html HTTP/1.0" 200 73928 "-" "Mozilla/5.0 (compatible; YandexBot/3.0; +http://yandex.com/bots)"
135.181.113.236 - - [21/Sep/2022:06:29:41 +0200] "GET /betty-boop-glam-travel-bag-p-7565.html HTTP/1.0" 301 71936 "-" "Mozilla/5.0 (compatible; MJ12bot/v1.4.8; http://mj12bot.com/)"
135.181.113.236 - - [21/Sep/2022:06:29:43 +0200] "GET /-p-7565.html HTTP/1.0" 200 71870 "-" "Mozilla/5.0 (compatible; MJ12bot/v1.4.8; http://mj12bot.com/)"
54.36.148.35 - - [21/Sep/2022:06:29:46 +0200] "GET /images/big_prod/3609810079748.jpg HTTP/1.0" 200 268 "-" "Mozilla/5.0 (compatible; AhrefsBot/7.0; +http://ahrefs.com/robot/)"
54.36.148.183 - - [21/Sep/2022:06:29:47 +0200] "GET /images/big_prod_1/3609810079748a.jpg HTTP/1.0" 200 271 "-" "Mozilla/5.0 (compatible; AhrefsBot/7.0; +http://ahrefs.com/robot/)"
135.181.113.236 - - [21/Sep/2022:06:29:46 +0200] "GET /betty-boop-glam-wallet-p-13696.html HTTP/1.0" 301 71939 "-" "Mozilla/5.0 (compatible; MJ12bot/v1.4.8; http://mj12bot.com/)"
135.181.113.236 - - [21/Sep/2022:06:29:49 +0200] "GET /-p-13696.html HTTP/1.0" 200 71872 "-" "Mozilla/5.0 (compatible; MJ12bot/v1.4.8; http://mj12bot.com/)"
135.181.113.236 - - [21/Sep/2022:06:29:51 +0200] "GET /betty-boop-kiss-pencil-pot-p-14588.html HTTP/1.0" 301 71939 "-" "Mozilla/5.0 (compatible; MJ12bot/v1.4.8; http://mj12bot.com/)"
135.181.113.236 - - [21/Sep/2022:06:29:54 +0200] "GET /-p-14588.html HTTP/1.0" 200 71872 "-" "Mozilla/5.0 (compatible; MJ12bot/v1.4.8; http://mj12bot.com/)"
77.88.9.3 - - [21/Sep/2022:06:29:56 +0200] "GET /figurine-resin-decorative-p-58781.html HTTP/1.0" 200 73928 "-" "Mozilla/5.0 (compatible; YandexBot/3.0; +http://yandex.com/bots)"
135.181.113.236 - - [21/Sep/2022:06:29:57 +0200] "GET /betty-boop-large-bag-p-3351.html HTTP/1.0" 301 71936 "-" "Mozilla/5.0 (compatible; MJ12bot/v1.4.8; http://mj12bot.com/)"
77.88.9.3 - - [21/Sep/2022:06:29:57 +0200] "GET /figurine-resin-decorative-p-58781.html HTTP/1.0" 200 73928 "-" "Mozilla/5.0 (compatible; YandexBot/3.0; +http://yandex.com/bots)"
135.181.113.236 - - [21/Sep/2022:06:29:59 +0200] "GET /-p-3351.html HTTP/1.0" 200 71870 "-" "Mozilla/5.0 (compatible; MJ12bot/v1.4.8; http://mj12bot.com/)"
135.181.113.236 - - [21/Sep/2022:06:30:02 +0200] "GET /betty-boop-large-glass-p-6858.html HTTP/1.0" 301 71936 "-" "Mozilla/5.0 (compatible; MJ12bot/v1.4.8; http://mj12bot.com/)"
135.181.113.236 - - [21/Sep/2022:06:30:04 +0200] "GET /-p-6858.html HTTP/1.0" 200 71870 "-" "Mozilla/5.0 (compatible; MJ12bot/v1.4.8; http://mj12bot.com/)"
135.181.113.236 - - [21/Sep/2022:06:30:08 +0200] "GET /betty-boop-large-metal-plate-p-8157.html HTTP/1.0" 200 72001 "-" "Mozilla/5.0 (compatible; MJ12bot/v1.4.8; http://mj12bot.com/)"
185.191.171.16 - - [21/Sep/2022:06:30:09 +0200] "GET /retro-coffee-wooden-wall-decoration-to-hang-p-35917.html HTTP/1.0" 301 72135 "-" "Mozilla/5.0 (compatible; SemrushBot/7~bl; +http://www.semrush.com/bot.html)"
135.181.113.236 - - [21/Sep/2022:06:30:11 +0200] "GET /betty-boop-large-p-3351.html HTTP/1.0" 301 71936 "-" "Mozilla/5.0 (compatible; MJ12bot/v1.4.8; http://mj12bot.com/)"
135.181.113.236 - - [21/Sep/2022:06:30:14 +0200] "GET /-p-3351.html HTTP/1.0" 200 71870 "-" "Mozilla/5.0 (compatible; MJ12bot/v1.4.8; http://mj12bot.com/)"
185.191.171.18 - - [21/Sep/2022:06:30:15 +0200] "GET /retro-coffee-wooden-wall-decoration-hang-p-35917.html HTTP/1.0" 200 72028 "-" "Mozilla/5.0 (compatible; SemrushBot/7~bl; +http://www.semrush.com/bot.html)"
135.181.113.236 - - [21/Sep/2022:06:30:17 +0200] "GET /betty-boop-messenger-bag-p-13711.html HTTP/1.0" 301 71939 "-" "Mozilla/5.0 (compatible; MJ12bot/v1.4.8; http://mj12bot.com/)"
135.181.113.236 - - [21/Sep/2022:06:30:20 +0200] "GET /-p-13711.html HTTP/1.0" 200 71872 "-" "Mozilla/5.0 (compatible; MJ12bot/v1.4.8; http://mj12bot.com/)"
135.181.113.236 - - [21/Sep/2022:06:30:23 +0200] "GET /betty-boop-movie-pencil-pot-p-20603.html HTTP/1.0" 301 71939 "-" "Mozilla/5.0 (compatible; MJ12bot/v1.4.8; http://mj12bot.com/)"
135.181.113.236 - - [21/Sep/2022:06:30:25 +0200] "GET /-p-20603.html HTTP/1.0" 200 71872 "-" "Mozilla/5.0 (compatible; MJ12bot/v1.4.8; http://mj12bot.com/)"
66.249.66.210 - - [21/Sep/2022:06:30:28 +0200] "GET /images/mini_prod/3700276254981.jpg HTTP/1.0" 200 269 "-" "Mozilla/5.0 (compatible; Googlebot/2.1; +http://www.google.com/bot.html)"
135.181.113.236 - - [21/Sep/2022:06:30:28 +0200] "GET /betty-boop-mug-p-28184.html HTTP/1.0" 301 71939 "-" "Mozilla/5.0 (compatible; MJ12bot/v1.4.8; http://mj12bot.com/)"
185.191.171.6 - - [21/Sep/2022:06:30:31 +0200] "GET /oval-lamp-in-multicolored-glass-p-49595.html HTTP/1.0" 301 71939 "-" "Mozilla/5.0 (compatible; SemrushBot/7~bl; +http://www.semrush.com/bot.html)"
135.181.113.236 - - [21/Sep/2022:06:30:31 +0200] "GET /-p-28184.html HTTP/1.0" 200 71872 "-" "Mozilla/5.0 (compatible; MJ12bot/v1.4.8; http://mj12bot.com/)"
185.191.171.44 - - [21/Sep/2022:06:30:34 +0200] "GET /-p-49595.html HTTP/1.0" 200 71872 "-" "Mozilla/5.0 (compatible; SemrushBot/7~bl; +http://www.semrush.com/bot.html)"
135.181.113.236 - - [21/Sep/2022:06:30:35 +0200] "GET /betty-boop-mug-p-28185.html HTTP/1.0" 301 71939 "-" "Mozilla/5.0 (compatible; MJ12bot/v1.4.8; http://mj12bot.com/)"
135.181.113.236 - - [21/Sep/2022:06:30:37 +0200] "GET /-p-28185.html HTTP/1.0" 200 71872 "-" "Mozilla/5.0 (compatible; MJ12bot/v1.4.8; http://mj12bot.com/)"
135.181.113.236 - - [21/Sep/2022:06:30:40 +0200] "GET /betty-boop-paris-white-quilted-handbag-p-18516.html HTTP/1.0" 301 71939 "-" "Mozilla/5.0 (compatible; MJ12bot/v1.4.8; http://mj12bot.com/)"
135.181.113.236 - - [21/Sep/2022:06:30:42 +0200] "GET /-p-18516.html HTTP/1.0" 200 71872 "-" "Mozilla/5.0 (compatible; MJ12bot/v1.4.8; http://mj12bot.com/)"
66.249.66.212 - - [21/Sep/2022:06:30:44 +0200] "GET /sorcerer-mickey-figure-collection-britto-p-18000.html HTTP/1.0" 200 77383 "-" "Mozilla/5.0 (Linux; Android 6.0.1; Nexus 5X Build/MMB29P) AppleWebKit/537.36 (KHTML, like Gecko) Chrome/105.0.5195.102 Mobile Safari/537.36 (compatible; Googlebot/2.1; +http://www.google.com/bot.html)"
135.181.113.236 - - [21/Sep/2022:06:30:45 +0200] "GET /betty-boop-pencil-pot-p-14602.html HTTP/1.0" 301 71939 "-" "Mozilla/5.0 (compatible; MJ12bot/v1.4.8; http://mj12bot.com/)"
135.181.113.236 - - [21/Sep/2022:06:30:48 +0200] "GET /-p-14602.html HTTP/1.0" 200 71872 "-" "Mozilla/5.0 (compatible; MJ12bot/v1.4.8; http://mj12bot.com/)"
135.181.113.236 - - [21/Sep/2022:06:30:51 +0200] "GET /betty-boop-perpetual-calendar-large-sheet-metal-p-15312.html HTTP/1.0" 200 72098 "-" "Mozilla/5.0 (compatible; MJ12bot/v1.4.8; http://mj12bot.com/)"
135.181.113.236 - - [21/Sep/2022:06:30:53 +0200] "GET /betty-boop-pudgy-weekend-bag-taupe-p-13646.html HTTP/1.0" 301 71939 "-" "Mozilla/5.0 (compatible; MJ12bot/v1.4.8; http://mj12bot.com/)"
135.181.113.236 - - [21/Sep/2022:06:30:56 +0200] "GET /-p-13646.html HTTP/1.0" 200 71872 "-" "Mozilla/5.0 (compatible; MJ12bot/v1.4.8; http://mj12bot.com/)"
135.181.113.236 - - [21/Sep/2022:06:30:58 +0200] "GET /betty-boop-rectangular-metal-plate-p-12383.html HTTP/1.0" 301 71939 "-" "Mozilla/5.0 (compatible; MJ12bot/v1.4.8; http://mj12bot.com/)"
54.36.148.247 - - [21/Sep/2022:06:31:01 +0200] "GET /choupy-tisanire-p-54596.html HTTP/1.0" 200 74520 "-" "Mozilla/5.0 (compatible; AhrefsBot/7.0; +http://ahrefs.com/robot/)"
135.181.113.236 - - [21/Sep/2022:06:31:01 +0200] "GET /-p-12383.html HTTP/1.0" 200 71872 "-" "Mozilla/5.0 (compatible; MJ12bot/v1.4.8; http://mj12bot.com/)"
66.249.66.212 - - [21/Sep/2022:06:31:01 +0200] "GET /baby-girl-angel-statue-angel-baptism-p-51136.html HTTP/1.0" 200 75338 "-" "Mozilla/5.0 (Linux; Android 6.0.1; Nexus 5X Build/MMB29P) AppleWebKit/537.36 (KHTML, like Gecko) Chrome/105.0.5195.125 Mobile Safari/537.36 (compatible; Googlebot/2.1; +http://www.google.com/bot.html)"
185.191.171.37 - - [21/Sep/2022:06:31:03 +0200] "GET /jeans-black-pencil-case-p-36004.html HTTP/1.0" 200 74601 "-" "Mozilla/5.0 (compatible; SemrushBot/7~bl; +http://www.semrush.com/bot.html)"
135.181.113.236 - - [21/Sep/2022:06:31:05 +0200] "GET /betty-boop-refreshed-metal-magnet-p-8178.html HTTP/1.0" 200 72038 "-" "Mozilla/5.0 (compatible; MJ12bot/v1.4.8; http://mj12bot.com/)"
135.181.113.236 - - [21/Sep/2022:06:31:08 +0200] "GET /betty-boop-refreshed-small-metal-plate-p-12522.html HTTP/1.0" 301 71939 "-" "Mozilla/5.0 (compatible; MJ12bot/v1.4.8; http://mj12bot.com/)"
54.36.149.42 - - [21/Sep/2022:06:31:10 +0200] "GET /images/big_prod/3503420127571.jpg HTTP/1.0" 200 268 "-" "Mozilla/5.0 (compatible; AhrefsBot/7.0; +http://ahrefs.com/robot/)"
135.181.113.236 - - [21/Sep/2022:06:31:10 +0200] "GET /-p-12522.html HTTP/1.0" 200 71872 "-" "Mozilla/5.0 (compatible; MJ12bot/v1.4.8; http://mj12bot.com/)"
77.88.9.3 - - [21/Sep/2022:06:31:11 +0200] "GET /wooden-hanging-tree-decoration-p-58763.html HTTP/1.0" 200 73890 "-" "Mozilla/5.0 (compatible; YandexBot/3.0; +http://yandex.com/bots)"
135.181.113.236 - - [21/Sep/2022:06:31:13 +0200] "GET /betty-boop-shopping-bag-p-3334.html HTTP/1.0" 301 71936 "-" "Mozilla/5.0 (compatible; MJ12bot/v1.4.8; http://mj12bot.com/)"
77.88.9.3 - - [21/Sep/2022:06:31:15 +0200] "GET /wooden-hanging-tree-decoration-p-58763.html HTTP/1.0" 200 73890 "-" "Mozilla/5.0 (compatible; YandexBot/3.0; +http://yandex.com/bots)"
135.181.113.236 - - [21/Sep/2022:06:31:16 +0200] "GET /-p-3334.html HTTP/1.0" 200 71870 "-" "Mozilla/5.0 (compatible; MJ12bot/v1.4.8; http://mj12bot.com/)"
66.249.66.212 - - [21/Sep/2022:06:31:16 +0200] "GET /baby-girl-angel-statue-angel-baptism-p-51136.html HTTP/1.0" 200 75338 "-" "Mozilla/5.0 (compatible; Googlebot/2.1; +http://www.google.com/bot.html)"
135.181.113.236 - - [21/Sep/2022:06:31:18 +0200] "GET /betty-boop-shopping-bag-p-3335.html HTTP/1.0" 301 71936 "-" "Mozilla/5.0 (compatible; MJ12bot/v1.4.8; http://mj12bot.com/)"
135.181.113.236 - - [21/Sep/2022:06:31:21 +0200] "GET /-p-3335.html HTTP/1.0" 200 71870 "-" "Mozilla/5.0 (compatible; MJ12bot/v1.4.8; http://mj12bot.com/)"
135.181.113.236 - - [21/Sep/2022:06:31:24 +0200] "GET /betty-boop-small-mug-p-20615.html HTTP/1.0" 301 71939 "-" "Mozilla/5.0 (compatible; MJ12bot/v1.4.8; http://mj12bot.com/)"
135.181.113.236 - - [21/Sep/2022:06:31:26 +0200] "GET /-p-20615.html HTTP/1.0" 200 71872 "-" "Mozilla/5.0 (compatible; MJ12bot/v1.4.8; http://mj12bot.com/)"
135.181.113.236 - - [21/Sep/2022:06:31:29 +0200] "GET /betty-boop-soap-dispenser-p-27070.html HTTP/1.0" 301 71939 "-" "Mozilla/5.0 (compatible; MJ12bot/v1.4.8; http://mj12bot.com/)"
66.249.66.210 - - [21/Sep/2022:06:31:30 +0200] "GET /wunzees-doll-series-ginger-giraffe-p-45115.html HTTP/1.0" 200 75382 "-" "Mozilla/5.0 (Linux; Android 6.0.1; Nexus 5X Build/MMB29P) AppleWebKit/537.36 (KHTML, like Gecko) Chrome/105.0.5195.102 Mobile Safari/537.36 (compatible; Googlebot/2.1; +http://www.google.com/bot.html)"
135.181.113.236 - - [21/Sep/2022:06:31:32 +0200] "GET /-p-27070.html HTTP/1.0" 200 71872 "-" "Mozilla/5.0 (compatible; MJ12bot/v1.4.8; http://mj12bot.com/)"
135.181.113.236 - - [21/Sep/2022:06:31:34 +0200] "GET /betty-boop-soap-large-sheet-metal-p-15305.html HTTP/1.0" 200 72028 "-" "Mozilla/5.0 (compatible; MJ12bot/v1.4.8; http://mj12bot.com/)"
77.88.9.3 - - [21/Sep/2022:06:31:37 +0200] "GET /cylindrical-lampshade-white-p-58791.html HTTP/1.0" 200 75417 "-" "Mozilla/5.0 (compatible; YandexBot/3.0; +http://yandex.com/bots)"
135.181.113.236 - - [21/Sep/2022:06:31:37 +0200] "GET /betty-boop-soap-metal-magnet-p-8179.html HTTP/1.0" 200 72001 "-" "Mozilla/5.0 (compatible; MJ12bot/v1.4.8; http://mj12bot.com/)"
77.88.9.3 - - [21/Sep/2022:06:31:40 +0200] "GET /cylindrical-lampshade-white-p-58791.html HTTP/1.0" 200 75417 "-" "Mozilla/5.0 (compatible; YandexBot/3.0; +http://yandex.com/bots)"
135.181.113.236 - - [21/Sep/2022:06:31:41 +0200] "GET /betty-boop-stickers-p-12141.html HTTP/1.0" 301 71939 "-" "Mozilla/5.0 (compatible; MJ12bot/v1.4.8; http://mj12bot.com/)"
135.181.113.236 - - [21/Sep/2022:06:31:45 +0200] "GET /-p-12141.html HTTP/1.0" 200 71872 "-" "Mozilla/5.0 (compatible; MJ12bot/v1.4.8; http://mj12bot.com/)"
77.88.9.3 - - [21/Sep/2022:06:31:45 +0200] "GET /child-apron-gourmandise-p-58788.html HTTP/1.0" 200 75170 "-" "Mozilla/5.0 (compatible; YandexBot/3.0; +http://yandex.com/bots)"
77.88.9.3 - - [21/Sep/2022:06:31:47 +0200] "GET /child-apron-gourmandise-p-58788.html HTTP/1.0" 200 75170 "-" "Mozilla/5.0 (compatible; YandexBot/3.0; +http://yandex.com/bots)"
135.181.113.236 - - [21/Sep/2022:06:31:47 +0200] "GET /betty-boop-sugar-box-p-12648.html HTTP/1.0" 301 71939 "-" "Mozilla/5.0 (compatible; MJ12bot/v1.4.8; http://mj12bot.com/)"
135.181.113.236 - - [21/Sep/2022:06:31:51 +0200] "GET /-p-12648.html HTTP/1.0" 200 71872 "-" "Mozilla/5.0 (compatible; MJ12bot/v1.4.8; http://mj12bot.com/)"
135.181.113.236 - - [21/Sep/2022:06:31:54 +0200] "GET /betty-boop-summer-handbag-beige-p-13687.html HTTP/1.0" 301 71939 "-" "Mozilla/5.0 (compatible; MJ12bot/v1.4.8; http://mj12bot.com/)"
135.181.113.236 - - [21/Sep/2022:06:31:56 +0200] "GET /-p-13687.html HTTP/1.0" 200 71872 "-" "Mozilla/5.0 (compatible; MJ12bot/v1.4.8; http://mj12bot.com/)"
135.181.113.236 - - [21/Sep/2022:06:31:59 +0200] "GET /betty-boop-summer-handbag-black-p-13685.html HTTP/1.0" 301 71939 "-" "Mozilla/5.0 (compatible; MJ12bot/v1.4.8; http://mj12bot.com/)"
185.191.171.26 - - [21/Sep/2022:06:32:00 +0200] "GET /shoulder-bag-jasmine-by-teo-jasmin-p-39252.html HTTP/1.0" 301 72066 "-" "Mozilla/5.0 (compatible; SemrushBot/7~bl; +http://www.semrush.com/bot.html)"
135.181.113.236 - - [21/Sep/2022:06:32:01 +0200] "GET /-p-13685.html HTTP/1.0" 200 71872 "-" "Mozilla/5.0 (compatible; MJ12bot/v1.4.8; http://mj12bot.com/)"
185.191.171.44 - - [21/Sep/2022:06:32:03 +0200] "GET /shoulder-jasmine-jasmin-p-39252.html HTTP/1.0" 200 71976 "-" "Mozilla/5.0 (compatible; SemrushBot/7~bl; +http://www.semrush.com/bot.html)"
135.181.113.236 - - [21/Sep/2022:06:32:04 +0200] "GET /betty-boop-vinyl-vanity-p-16554.html HTTP/1.0" 301 71939 "-" "Mozilla/5.0 (compatible; MJ12bot/v1.4.8; http://mj12bot.com/)"
66.249.66.212 - - [21/Sep/2022:06:32:06 +0200] "GET /images/mini_prod/8445146010438.jpg HTTP/1.0" 200 269 "-" "Googlebot-Image/1.0"
135.181.113.236 - - [21/Sep/2022:06:32:07 +0200] "GET /-p-16554.html HTTP/1.0" 200 71872 "-" "Mozilla/5.0 (compatible; MJ12bot/v1.4.8; http://mj12bot.com/)"
135.181.113.236 - - [21/Sep/2022:06:32:10 +0200] "GET /beyblade-black-and-blue-backpack-p-15995.html HTTP/1.0" 301 71939 "-" "Mozilla/5.0 (compatible; MJ12bot/v1.4.8; http://mj12bot.com/)"
135.181.113.236 - - [21/Sep/2022:06:32:12 +0200] "GET /-p-15995.html HTTP/1.0" 200 71872 "-" "Mozilla/5.0 (compatible; MJ12bot/v1.4.8; http://mj12bot.com/)"
66.249.66.212 - - [21/Sep/2022:06:32:16 +0200] "GET /swfobject.js HTTP/1.0" 404 1308 "http://www.wonder-geek.com/wunzees-doll-series-ginger-giraffe-p-45115.html" "Mozilla/5.0 (Linux; Android 6.0.1; Nexus 5X Build/MMB29P) AppleWebKit/537.36 (KHTML, like Gecko) Chrome/105.0.5195.102 Mobile Safari/537.36 (compatible; Googlebot/2.1; +http://www.google.com/bot.html)"
135.181.113.236 - - [21/Sep/2022:06:32:15 +0200] "GET /beyblade-black-and-silver-backpack-p-14450.html HTTP/1.0" 301 71939 "-" "Mozilla/5.0 (compatible; MJ12bot/v1.4.8; http://mj12bot.com/)"
66.249.66.210 - - [21/Sep/2022:06:32:16 +0200] "GET /swfobject.js HTTP/1.0" 404 1308 "http://www.wonder-geek.com/wunzees-doll-series-ginger-giraffe-p-45115.html" "Mozilla/5.0 (Linux; Android 6.0.1; Nexus 5X Build/MMB29P) AppleWebKit/537.36 (KHTML, like Gecko) Chrome/105.0.5195.102 Mobile Safari/537.36 (compatible; Googlebot/2.1; +http://www.google.com/bot.html)"
135.181.113.236 - - [21/Sep/2022:06:32:18 +0200] "GET /-p-14450.html HTTP/1.0" 200 71872 "-" "Mozilla/5.0 (compatible; MJ12bot/v1.4.8; http://mj12bot.com/)"
185.191.171.43 - - [21/Sep/2022:06:32:18 +0200] "GET /manoir-white-sheer-eyelet-curtain-135-260-cm-p-39039.html HTTP/1.0" 301 72120 "-" "Mozilla/5.0 (compatible; SemrushBot/7~bl; +http://www.semrush.com/bot.html)"
135.181.113.236 - - [21/Sep/2022:06:32:20 +0200] "GET /beyblade-blue-swimwear-size-years-p-23817.html HTTP/1.0" 301 71939 "-" "Mozilla/5.0 (compatible; MJ12bot/v1.4.8; http://mj12bot.com/)"
54.36.148.67 - - [21/Sep/2022:06:32:22 +0200] "GET /foliage-bamboo-flower-cover-p-57716.html HTTP/1.0" 200 75181 "-" "Mozilla/5.0 (compatible; AhrefsBot/7.0; +http://ahrefs.com/robot/)"
185.191.171.44 - - [21/Sep/2022:06:32:23 +0200] "GET /manoir-white-sheer-eyelet-curtain-p-39039.html HTTP/1.0" 200 72020 "-" "Mozilla/5.0 (compatible; SemrushBot/7~bl; +http://www.semrush.com/bot.html)"
135.181.113.236 - - [21/Sep/2022:06:32:24 +0200] "GET /-p-23817.html HTTP/1.0" 200 71872 "-" "Mozilla/5.0 (compatible; MJ12bot/v1.4.8; http://mj12bot.com/)"
185.191.171.21 - - [21/Sep/2022:06:32:27 +0200] "GET /bear-on-ice-potholder-and-glove-set-p-45530.html HTTP/1.0" 301 71939 "-" "Mozilla/5.0 (compatible; SemrushBot/7~bl; +http://www.semrush.com/bot.html)"
135.181.113.236 - - [21/Sep/2022:06:32:27 +0200] "GET /beyblade-blue-swimwear-size-years-p-23819.html HTTP/1.0" 301 71939 "-" "Mozilla/5.0 (compatible; MJ12bot/v1.4.8; http://mj12bot.com/)"
185.191.171.18 - - [21/Sep/2022:06:32:30 +0200] "GET /-p-45530.html HTTP/1.0" 200 71872 "-" "Mozilla/5.0 (compatible; SemrushBot/7~bl; +http://www.semrush.com/bot.html)"
135.181.113.236 - - [21/Sep/2022:06:32:30 +0200] "GET /-p-23819.html HTTP/1.0" 200 71872 "-" "Mozilla/5.0 (compatible; MJ12bot/v1.4.8; http://mj12bot.com/)"
185.191.171.38 - - [21/Sep/2022:06:32:32 +0200] "GET /mexique-clock-cbkreation-p-28476.html HTTP/1.0" 200 74494 "-" "Mozilla/5.0 (compatible; SemrushBot/7~bl; +http://www.semrush.com/bot.html)"
135.181.113.236 - - [21/Sep/2022:06:32:33 +0200] "GET /beyblade-blue-trolley-backpack-p-15997.html HTTP/1.0" 301 71939 "-" "Mozilla/5.0 (compatible; MJ12bot/v1.4.8; http://mj12bot.com/)"
135.181.113.236 - - [21/Sep/2022:06:32:35 +0200] "GET /-p-15997.html HTTP/1.0" 200 71872 "-" "Mozilla/5.0 (compatible; MJ12bot/v1.4.8; http://mj12bot.com/)"
54.36.148.118 - - [21/Sep/2022:06:32:37 +0200] "GET /hello-kitty-by-camomilla-watch-with-rhinestones-p-7783.html HTTP/1.0" 301 71936 "-" "Mozilla/5.0 (compatible; AhrefsBot/7.0; +http://ahrefs.com/robot/)"
135.181.113.236 - - [21/Sep/2022:06:32:38 +0200] "GET /beyblade-dvd-p-31769.html HTTP/1.0" 301 71977 "-" "Mozilla/5.0 (compatible; MJ12bot/v1.4.8; http://mj12bot.com/)"
185.191.171.5 - - [21/Sep/2022:06:32:40 +0200] "GET /emoticon-cushion-p-40433.html HTTP/1.0" 301 71939 "-" "Mozilla/5.0 (compatible; SemrushBot/7~bl; +http://www.semrush.com/bot.html)"
135.181.113.236 - - [21/Sep/2022:06:32:42 +0200] "GET /beyblade-p-31769.html HTTP/1.0" 200 71902 "-" "Mozilla/5.0 (compatible; MJ12bot/v1.4.8; http://mj12bot.com/)"
185.191.171.24 - - [21/Sep/2022:06:32:43 +0200] "GET /-p-40433.html HTTP/1.0" 200 71872 "-" "Mozilla/5.0 (compatible; SemrushBot/7~bl; +http://www.semrush.com/bot.html)"
135.181.113.236 - - [21/Sep/2022:06:32:45 +0200] "GET /beyblade-gift-box-p-18658.html HTTP/1.0" 301 71939 "-" "Mozilla/5.0 (compatible; MJ12bot/v1.4.8; http://mj12bot.com/)"
135.181.113.236 - - [21/Sep/2022:06:32:48 +0200] "GET /-p-18658.html HTTP/1.0" 200 71872 "-" "Mozilla/5.0 (compatible; MJ12bot/v1.4.8; http://mj12bot.com/)"
135.181.113.236 - - [21/Sep/2022:06:32:51 +0200] "GET /beyblade-great-red-alarm-clock-p-16694.html HTTP/1.0" 301 71939 "-" "Mozilla/5.0 (compatible; MJ12bot/v1.4.8; http://mj12bot.com/)"
77.88.9.3 - - [21/Sep/2022:06:32:53 +0200] "GET /wooden-tilting-lamp-p-58729.html HTTP/1.0" 200 75415 "-" "Mozilla/5.0 (compatible; YandexBot/3.0; +http://yandex.com/bots)"
135.181.113.236 - - [21/Sep/2022:06:32:54 +0200] "GET /-p-16694.html HTTP/1.0" 200 71872 "-" "Mozilla/5.0 (compatible; MJ12bot/v1.4.8; http://mj12bot.com/)"
77.88.9.3 - - [21/Sep/2022:06:32:55 +0200] "GET /wooden-tilting-lamp-p-58729.html HTTP/1.0" 200 75415 "-" "Mozilla/5.0 (compatible; YandexBot/3.0; +http://yandex.com/bots)"
135.181.113.236 - - [21/Sep/2022:06:32:58 +0200] "GET /beyblade-large-school-bag-p-20634.html HTTP/1.0" 301 71939 "-" "Mozilla/5.0 (compatible; MJ12bot/v1.4.8; http://mj12bot.com/)"
185.191.171.37 - - [21/Sep/2022:06:32:58 +0200] "GET /white-pineapple-natural-leds-p-40174.html HTTP/1.0" 200 71992 "-" "Mozilla/5.0 (compatible; SemrushBot/7~bl; +http://www.semrush.com/bot.html)"
54.36.148.139 - - [21/Sep/2022:06:32:59 +0200] "GET /teo-jasmin-jasmine-rockabilly-companion-portfolio-p-39129.html HTTP/1.0" 301 75718 "-" "Mozilla/5.0 (compatible; AhrefsBot/7.0; +http://ahrefs.com/robot/)"
135.181.113.236 - - [21/Sep/2022:06:33:00 +0200] "GET /-p-20634.html HTTP/1.0" 200 71872 "-" "Mozilla/5.0 (compatible; MJ12bot/v1.4.8; http://mj12bot.com/)"
135.181.113.236 - - [21/Sep/2022:06:33:04 +0200] "GET /beyblade-p-31769.html HTTP/1.0" 200 71902 "-" "Mozilla/5.0 (compatible; MJ12bot/v1.4.8; http://mj12bot.com/)"
135.181.113.236 - - [21/Sep/2022:06:33:06 +0200] "GET /beyblade-purple-perpetual-agenda-p-20198.html HTTP/1.0" 301 71939 "-" "Mozilla/5.0 (compatible; MJ12bot/v1.4.8; http://mj12bot.com/)"
135.181.113.236 - - [21/Sep/2022:06:33:09 +0200] "GET /-p-20198.html HTTP/1.0" 200 71872 "-" "Mozilla/5.0 (compatible; MJ12bot/v1.4.8; http://mj12bot.com/)"
135.181.113.236 - - [21/Sep/2022:06:33:12 +0200] "GET /beyblade-red-backpack-p-15992.html HTTP/1.0" 301 71939 "-" "Mozilla/5.0 (compatible; MJ12bot/v1.4.8; http://mj12bot.com/)"
135.181.113.236 - - [21/Sep/2022:06:33:14 +0200] "GET /-p-15992.html HTTP/1.0" 200 71872 "-" "Mozilla/5.0 (compatible; MJ12bot/v1.4.8; http://mj12bot.com/)"
135.181.113.236 - - [21/Sep/2022:06:33:17 +0200] "GET /beyblade-red-swimwear-size-years-p-23822.html HTTP/1.0" 301 71939 "-" "Mozilla/5.0 (compatible; MJ12bot/v1.4.8; http://mj12bot.com/)"
135.181.113.236 - - [21/Sep/2022:06:33:20 +0200] "GET /-p-23822.html HTTP/1.0" 200 71872 "-" "Mozilla/5.0 (compatible; MJ12bot/v1.4.8; http://mj12bot.com/)"
135.181.113.236 - - [21/Sep/2022:06:33:22 +0200] "GET /biere-blonde-opener-p-22622.html HTTP/1.0" 301 71939 "-" "Mozilla/5.0 (compatible; MJ12bot/v1.4.8; http://mj12bot.com/)"
135.181.113.236 - - [21/Sep/2022:06:33:25 +0200] "GET /-p-22622.html HTTP/1.0" 200 71872 "-" "Mozilla/5.0 (compatible; MJ12bot/v1.4.8; http://mj12bot.com/)"
