125.65.46.208 - - [21/Sep/2022:07:36:10 +0200] "GET /butter-dish-c-12_222.html HTTP/1.0" 200 85374 "-" "-"
173.212.246.91 - - [21/Sep/2022:07:36:13 +0200] "GET /-p-34888.html HTTP/1.0" 200 71872 "-" "Mozilla/5.0 (compatible; MJ12bot/v1.4.8; http://mj12bot.com/)"
125.65.46.208 - - [21/Sep/2022:07:36:15 +0200] "GET /cake-molds-cube-molds-c-12_246.html HTTP/1.0" 200 87415 "-" "-"
106.39.217.136 - - [21/Sep/2022:07:36:17 +0200] "GET /images/mini_prod/8028501269414.jpg HTTP/1.0" 200 269 "-" "Mozilla/5.0 (X11; Ubuntu; Linux x86_64; rv:72.0) Gecko/20100101 Firefox/72.0"
173.212.246.91 - - [21/Sep/2022:07:36:17 +0200] "GET /-p-34935.html HTTP/1.0" 200 71872 "-" "Mozilla/5.0 (compatible; MJ12bot/v1.4.8; http://mj12bot.com/)"
125.65.46.208 - - [21/Sep/2022:07:36:19 +0200] "GET /cellar-slicer-sausage-c-12_252.html HTTP/1.0" 200 83249 "-" "-"
173.212.246.91 - - [21/Sep/2022:07:36:21 +0200] "GET /-p-34944.html HTTP/1.0" 200 71872 "-" "Mozilla/5.0 (compatible; MJ12bot/v1.4.8; http://mj12bot.com/)"
125.65.46.208 - - [21/Sep/2022:07:36:23 +0200] "GET /coasters-c-12_157.html HTTP/1.0" 200 93058 "-" "-"
173.212.246.91 - - [21/Sep/2022:07:36:24 +0200] "GET /-p-3495.html HTTP/1.0" 200 71870 "-" "Mozilla/5.0 (compatible; MJ12bot/v1.4.8; http://mj12bot.com/)"
125.65.46.208 - - [21/Sep/2022:07:36:27 +0200] "GET /corkscrew-bottle-opener-sommelier-c-12_213.html HTTP/1.0" 200 91925 "-" "-"
173.212.246.91 - - [21/Sep/2022:07:36:28 +0200] "GET /-p-34952.html HTTP/1.0" 200 71872 "-" "Mozilla/5.0 (compatible; MJ12bot/v1.4.8; http://mj12bot.com/)"
125.65.46.208 - - [21/Sep/2022:07:36:32 +0200] "GET /dishes-dishes-c-12_251.html HTTP/1.0" 200 91004 "-" "-"
173.212.246.91 - - [21/Sep/2022:07:36:33 +0200] "GET /-p-34961.html HTTP/1.0" 200 71872 "-" "Mozilla/5.0 (compatible; MJ12bot/v1.4.8; http://mj12bot.com/)"
125.65.46.208 - - [21/Sep/2022:07:36:36 +0200] "GET /cups-c-12_248.html HTTP/1.0" 200 87024 "-" "-"
185.191.171.25 - - [21/Sep/2022:07:36:38 +0200] "GET /amys-p-54272.html HTTP/1.0" 200 74423 "-" "Mozilla/5.0 (compatible; SemrushBot/7~bl; +http://www.semrush.com/bot.html)"
173.212.246.91 - - [21/Sep/2022:07:36:38 +0200] "GET /-p-34970.html HTTP/1.0" 200 71872 "-" "Mozilla/5.0 (compatible; MJ12bot/v1.4.8; http://mj12bot.com/)"
125.65.46.208 - - [21/Sep/2022:07:36:40 +0200] "GET /flasks-c-12_245.html HTTP/1.0" 200 81083 "-" "-"
173.212.246.91 - - [21/Sep/2022:07:36:43 +0200] "GET /-p-34984.html HTTP/1.0" 200 71872 "-" "Mozilla/5.0 (compatible; MJ12bot/v1.4.8; http://mj12bot.com/)"
125.65.46.208 - - [21/Sep/2022:07:36:44 +0200] "GET /flatwares-c-12_63.html HTTP/1.0" 200 90459 "-" "-"
173.212.246.91 - - [21/Sep/2022:07:36:47 +0200] "GET /-p-3500.html HTTP/1.0" 200 71870 "-" "Mozilla/5.0 (compatible; MJ12bot/v1.4.8; http://mj12bot.com/)"
125.65.46.208 - - [21/Sep/2022:07:36:48 +0200] "GET /glasses-drinking-c-12_62.html HTTP/1.0" 200 91806 "-" "-"
185.191.171.34 - - [21/Sep/2022:07:36:49 +0200] "GET /cars-metal-pencil-box-p-516.html HTTP/1.0" 301 75342 "-" "Mozilla/5.0 (compatible; SemrushBot/7~bl; +http://www.semrush.com/bot.html)"
173.212.246.91 - - [21/Sep/2022:07:36:51 +0200] "GET /-p-35005.html HTTP/1.0" 200 71872 "-" "Mozilla/5.0 (compatible; MJ12bot/v1.4.8; http://mj12bot.com/)"
125.65.46.208 - - [21/Sep/2022:07:36:53 +0200] "GET /with-infuser-c-12_221.html HTTP/1.0" 200 92835 "-" "-"
185.191.171.15 - - [21/Sep/2022:07:36:54 +0200] "GET /cars-metal-pencil-p-516.html HTTP/1.0" 200 75260 "-" "Mozilla/5.0 (compatible; SemrushBot/7~bl; +http://www.semrush.com/bot.html)"
173.212.246.91 - - [21/Sep/2022:07:36:55 +0200] "GET /-p-35010.html HTTP/1.0" 200 71872 "-" "Mozilla/5.0 (compatible; MJ12bot/v1.4.8; http://mj12bot.com/)"
185.191.171.38 - - [21/Sep/2022:07:36:57 +0200] "GET /figurine-caricature-in-polyresine-145-cm-the-baker-p-48690.html HTTP/1.0" 301 75549 "-" "Mozilla/5.0 (compatible; SemrushBot/7~bl; +http://www.semrush.com/bot.html)"
125.65.46.208 - - [21/Sep/2022:07:36:57 +0200] "GET /mugs-mazagrans-c-12_57.html HTTP/1.0" 200 97574 "-" "-"
173.212.246.91 - - [21/Sep/2022:07:36:58 +0200] "GET /-p-3503.html HTTP/1.0" 200 71870 "-" "Mozilla/5.0 (compatible; MJ12bot/v1.4.8; http://mj12bot.com/)"
66.249.66.212 - - [21/Sep/2022:07:37:01 +0200] "GET /images/big_prod/3701206604036.jpg HTTP/1.0" 200 268 "-" "Googlebot-Image/1.0"
185.191.171.3 - - [21/Sep/2022:07:37:00 +0200] "GET /figurine-caricature-polyrsine-baker-p-48690.html HTTP/1.0" 200 75447 "-" "Mozilla/5.0 (compatible; SemrushBot/7~bl; +http://www.semrush.com/bot.html)"
125.65.46.208 - - [21/Sep/2022:07:37:01 +0200] "GET /paper-towel-dispenser-c-12_253.html HTTP/1.0" 200 80011 "-" "-"
173.212.246.91 - - [21/Sep/2022:07:37:03 +0200] "GET /-p-35114.html HTTP/1.0" 200 71872 "-" "Mozilla/5.0 (compatible; MJ12bot/v1.4.8; http://mj12bot.com/)"
125.65.46.208 - - [21/Sep/2022:07:37:05 +0200] "GET /partys-decoration-c-12_51.html HTTP/1.0" 200 70843 "-" "-"
173.212.246.91 - - [21/Sep/2022:07:37:06 +0200] "GET /-p-35149.html HTTP/1.0" 200 71872 "-" "Mozilla/5.0 (compatible; MJ12bot/v1.4.8; http://mj12bot.com/)"
185.191.171.2 - - [21/Sep/2022:07:37:08 +0200] "GET /frozen-white-and-pink-bag-disney-p-35543.html HTTP/1.0" 301 75012 "-" "Mozilla/5.0 (compatible; SemrushBot/7~bl; +http://www.semrush.com/bot.html)"
173.212.246.91 - - [21/Sep/2022:07:37:09 +0200] "GET /-p-35163.html HTTP/1.0" 200 71872 "-" "Mozilla/5.0 (compatible; MJ12bot/v1.4.8; http://mj12bot.com/)"
185.191.171.12 - - [21/Sep/2022:07:37:11 +0200] "GET /frozen-white-pink-disney-p-35543.html HTTP/1.0" 200 74921 "-" "Mozilla/5.0 (compatible; SemrushBot/7~bl; +http://www.semrush.com/bot.html)"
54.36.148.202 - - [21/Sep/2022:07:37:12 +0200] "GET /coasters-mandala-p-50117.html HTTP/1.0" 200 74430 "-" "Mozilla/5.0 (compatible; AhrefsBot/7.0; +http://ahrefs.com/robot/)"
173.212.246.91 - - [21/Sep/2022:07:37:14 +0200] "GET /-p-35210.html HTTP/1.0" 200 71872 "-" "Mozilla/5.0 (compatible; MJ12bot/v1.4.8; http://mj12bot.com/)"
173.212.246.91 - - [21/Sep/2022:07:37:18 +0200] "GET /-p-35212.html HTTP/1.0" 200 71872 "-" "Mozilla/5.0 (compatible; MJ12bot/v1.4.8; http://mj12bot.com/)"
173.212.246.91 - - [21/Sep/2022:07:37:21 +0200] "GET /-p-35216.html HTTP/1.0" 200 71872 "-" "Mozilla/5.0 (compatible; MJ12bot/v1.4.8; http://mj12bot.com/)"
125.65.46.208 - - [21/Sep/2022:07:37:22 +0200] "GET /pitchers-drink-dispensers-c-12_243.html HTTP/1.0" 200 91190 "-" "-"
173.212.246.91 - - [21/Sep/2022:07:37:25 +0200] "GET /-p-35243.html HTTP/1.0" 200 71872 "-" "Mozilla/5.0 (compatible; MJ12bot/v1.4.8; http://mj12bot.com/)"
173.212.246.91 - - [21/Sep/2022:07:37:29 +0200] "GET /-p-35279.html HTTP/1.0" 200 71872 "-" "Mozilla/5.0 (compatible; MJ12bot/v1.4.8; http://mj12bot.com/)"
185.191.171.16 - - [21/Sep/2022:07:37:30 +0200] "GET /poppy-oven-mitt-p-57263.html HTTP/1.0" 200 75127 "-" "Mozilla/5.0 (compatible; SemrushBot/7~bl; +http://www.semrush.com/bot.html)"
173.212.246.91 - - [21/Sep/2022:07:37:33 +0200] "GET /-p-35297.html HTTP/1.0" 200 71872 "-" "Mozilla/5.0 (compatible; MJ12bot/v1.4.8; http://mj12bot.com/)"
185.191.171.13 - - [21/Sep/2022:07:37:34 +0200] "GET /smiski-figure-series-bed-note-there-is-single-figure-p-50045.html HTTP/1.0" 301 76448 "-" "Mozilla/5.0 (compatible; SemrushBot/7~bl; +http://www.semrush.com/bot.html)"
173.212.246.91 - - [21/Sep/2022:07:37:38 +0200] "GET /-p-35304.html HTTP/1.0" 200 71872 "-" "Mozilla/5.0 (compatible; MJ12bot/v1.4.8; http://mj12bot.com/)"
185.191.171.19 - - [21/Sep/2022:07:37:38 +0200] "GET /smiski-figure-series-note-there-single-figure-p-50045.html HTTP/1.0" 200 76336 "-" "Mozilla/5.0 (compatible; SemrushBot/7~bl; +http://www.semrush.com/bot.html)"
173.212.246.91 - - [21/Sep/2022:07:37:41 +0200] "GET /-p-35312.html HTTP/1.0" 200 71872 "-" "Mozilla/5.0 (compatible; MJ12bot/v1.4.8; http://mj12bot.com/)"
125.65.46.208 - - [21/Sep/2022:07:37:41 +0200] "GET /placemats-c-12_156.html HTTP/1.0" 200 93938 "-" "-"
173.212.246.91 - - [21/Sep/2022:07:37:45 +0200] "GET /-p-35336.html HTTP/1.0" 200 71872 "-" "Mozilla/5.0 (compatible; MJ12bot/v1.4.8; http://mj12bot.com/)"
173.212.246.91 - - [21/Sep/2022:07:37:48 +0200] "GET /-p-3541.html HTTP/1.0" 200 71870 "-" "Mozilla/5.0 (compatible; MJ12bot/v1.4.8; http://mj12bot.com/)"
173.212.246.91 - - [21/Sep/2022:07:37:51 +0200] "GET /-p-35410.html HTTP/1.0" 200 71872 "-" "Mozilla/5.0 (compatible; MJ12bot/v1.4.8; http://mj12bot.com/)"
173.212.246.91 - - [21/Sep/2022:07:37:55 +0200] "GET /-p-35530.html HTTP/1.0" 200 71872 "-" "Mozilla/5.0 (compatible; MJ12bot/v1.4.8; http://mj12bot.com/)"
173.212.246.91 - - [21/Sep/2022:07:37:58 +0200] "GET /-p-35966.html HTTP/1.0" 200 71872 "-" "Mozilla/5.0 (compatible; MJ12bot/v1.4.8; http://mj12bot.com/)"
125.65.46.208 - - [21/Sep/2022:07:37:59 +0200] "GET /plates-cups-c-12_58.html HTTP/1.0" 200 80604 "-" "-"
173.212.246.91 - - [21/Sep/2022:07:38:02 +0200] "GET /-p-35969.html HTTP/1.0" 200 71872 "-" "Mozilla/5.0 (compatible; MJ12bot/v1.4.8; http://mj12bot.com/)"
173.212.246.91 - - [21/Sep/2022:07:38:06 +0200] "GET /-p-35970.html HTTP/1.0" 200 71872 "-" "Mozilla/5.0 (compatible; MJ12bot/v1.4.8; http://mj12bot.com/)"
125.65.46.208 - - [21/Sep/2022:07:38:07 +0200] "GET /pots-cookie-jars-c-12_250.html HTTP/1.0" 200 91575 "-" "-"
173.212.246.91 - - [21/Sep/2022:07:38:09 +0200] "GET /-p-35971.html HTTP/1.0" 200 71872 "-" "Mozilla/5.0 (compatible; MJ12bot/v1.4.8; http://mj12bot.com/)"
173.212.246.91 - - [21/Sep/2022:07:38:13 +0200] "GET /-p-35972.html HTTP/1.0" 200 71872 "-" "Mozilla/5.0 (compatible; MJ12bot/v1.4.8; http://mj12bot.com/)"
173.212.246.91 - - [21/Sep/2022:07:38:17 +0200] "GET /-p-35980.html HTTP/1.0" 200 71872 "-" "Mozilla/5.0 (compatible; MJ12bot/v1.4.8; http://mj12bot.com/)"
54.36.148.83 - - [21/Sep/2022:07:38:19 +0200] "GET /large-moto-guzzi-sugar-box-p-52958.html HTTP/1.0" 301 74721 "-" "Mozilla/5.0 (compatible; AhrefsBot/7.0; +http://ahrefs.com/robot/)"
173.212.246.91 - - [21/Sep/2022:07:38:20 +0200] "GET /-p-35981.html HTTP/1.0" 200 71872 "-" "Mozilla/5.0 (compatible; MJ12bot/v1.4.8; http://mj12bot.com/)"
173.212.246.91 - - [21/Sep/2022:07:38:24 +0200] "GET /-p-35999.html HTTP/1.0" 200 71872 "-" "Mozilla/5.0 (compatible; MJ12bot/v1.4.8; http://mj12bot.com/)"
173.212.246.91 - - [21/Sep/2022:07:38:28 +0200] "GET /-p-3611.html HTTP/1.0" 200 71870 "-" "Mozilla/5.0 (compatible; MJ12bot/v1.4.8; http://mj12bot.com/)"
173.212.246.91 - - [21/Sep/2022:07:38:32 +0200] "GET /-p-3615.html HTTP/1.0" 200 71870 "-" "Mozilla/5.0 (compatible; MJ12bot/v1.4.8; http://mj12bot.com/)"
185.191.171.19 - - [21/Sep/2022:07:38:32 +0200] "GET /-p-42599.html HTTP/1.0" 200 71872 "-" "Mozilla/5.0 (compatible; SemrushBot/7~bl; +http://www.semrush.com/bot.html)"
66.249.66.212 - - [21/Sep/2022:07:38:35 +0200] "GET /images/big_prod_1/8433933248447B.jpg HTTP/1.0" 200 271 "-" "Googlebot-Image/1.0"
173.212.246.91 - - [21/Sep/2022:07:38:36 +0200] "GET /-p-36166.html HTTP/1.0" 200 71872 "-" "Mozilla/5.0 (compatible; MJ12bot/v1.4.8; http://mj12bot.com/)"
173.212.246.91 - - [21/Sep/2022:07:38:39 +0200] "GET /-p-36196.html HTTP/1.0" 200 71872 "-" "Mozilla/5.0 (compatible; MJ12bot/v1.4.8; http://mj12bot.com/)"
173.212.246.91 - - [21/Sep/2022:07:38:43 +0200] "GET /-p-36197.html HTTP/1.0" 200 71872 "-" "Mozilla/5.0 (compatible; MJ12bot/v1.4.8; http://mj12bot.com/)"
173.212.246.91 - - [21/Sep/2022:07:38:46 +0200] "GET /-p-3620.html HTTP/1.0" 200 71870 "-" "Mozilla/5.0 (compatible; MJ12bot/v1.4.8; http://mj12bot.com/)"
173.212.246.91 - - [21/Sep/2022:07:38:50 +0200] "GET /-p-36205.html HTTP/1.0" 200 71872 "-" "Mozilla/5.0 (compatible; MJ12bot/v1.4.8; http://mj12bot.com/)"
173.212.246.91 - - [21/Sep/2022:07:38:53 +0200] "GET /-p-36234.html HTTP/1.0" 200 71872 "-" "Mozilla/5.0 (compatible; MJ12bot/v1.4.8; http://mj12bot.com/)"
173.212.246.91 - - [21/Sep/2022:07:38:57 +0200] "GET /-p-36461.html HTTP/1.0" 200 71872 "-" "Mozilla/5.0 (compatible; MJ12bot/v1.4.8; http://mj12bot.com/)"
173.212.246.91 - - [21/Sep/2022:07:39:00 +0200] "GET /-p-36471.html HTTP/1.0" 200 71872 "-" "Mozilla/5.0 (compatible; MJ12bot/v1.4.8; http://mj12bot.com/)"
173.212.246.91 - - [21/Sep/2022:07:39:04 +0200] "GET /-p-36490.html HTTP/1.0" 200 71872 "-" "Mozilla/5.0 (compatible; MJ12bot/v1.4.8; http://mj12bot.com/)"
173.212.246.91 - - [21/Sep/2022:07:39:07 +0200] "GET /-p-36491.html HTTP/1.0" 200 71872 "-" "Mozilla/5.0 (compatible; MJ12bot/v1.4.8; http://mj12bot.com/)"
103.138.75.211 - - [21/Sep/2022:07:39:10 +0200] "GET /contact_us.php HTTP/1.0" 200 26241 "http://www.wonder-geek.com/contact_us.php" "Mozilla/5.0 (Windows NT 6.1; Win64; x64) AppleWebKit/537.36 (KHTML, like Gecko) Chrome/90.0.4430.93 Safari/537.36"
173.212.246.91 - - [21/Sep/2022:07:39:11 +0200] "GET /-p-36503.html HTTP/1.0" 200 71872 "-" "Mozilla/5.0 (compatible; MJ12bot/v1.4.8; http://mj12bot.com/)"
173.212.246.91 - - [21/Sep/2022:07:39:14 +0200] "GET /-p-36661.html HTTP/1.0" 200 71872 "-" "Mozilla/5.0 (compatible; MJ12bot/v1.4.8; http://mj12bot.com/)"
54.36.149.62 - - [21/Sep/2022:07:39:16 +0200] "GET /barbabeau-postcard-p-19475.html HTTP/1.0" 200 74577 "-" "Mozilla/5.0 (compatible; AhrefsBot/7.0; +http://ahrefs.com/robot/)"
185.191.171.44 - - [21/Sep/2022:07:39:17 +0200] "GET /boho-canvas-frame-40-40-cm-p-41548.html HTTP/1.0" 301 74706 "-" "Mozilla/5.0 (compatible; SemrushBot/7~bl; +http://www.semrush.com/bot.html)"
173.212.246.91 - - [21/Sep/2022:07:39:17 +0200] "GET /-p-3672.html HTTP/1.0" 200 71870 "-" "Mozilla/5.0 (compatible; MJ12bot/v1.4.8; http://mj12bot.com/)"
185.191.171.12 - - [21/Sep/2022:07:39:21 +0200] "GET /boho-canvas-frame-p-41548.html HTTP/1.0" 200 74622 "-" "Mozilla/5.0 (compatible; SemrushBot/7~bl; +http://www.semrush.com/bot.html)"
173.212.246.91 - - [21/Sep/2022:07:39:23 +0200] "GET /-p-36769.html HTTP/1.0" 200 71872 "-" "Mozilla/5.0 (compatible; MJ12bot/v1.4.8; http://mj12bot.com/)"
103.138.75.211 - - [21/Sep/2022:07:39:25 +0200] "POST /contact_us.php?action=send HTTP/1.0" 200 26476 "http://www.wonder-geek.com/contact_us.php" "Mozilla/5.0 (Windows NT 6.1; Win64; x64) AppleWebKit/537.36 (KHTML, like Gecko) Chrome/90.0.4430.93 Safari/537.36"
173.212.246.91 - - [21/Sep/2022:07:39:26 +0200] "GET /-p-36787.html HTTP/1.0" 200 71872 "-" "Mozilla/5.0 (compatible; MJ12bot/v1.4.8; http://mj12bot.com/)"
185.191.171.25 - - [21/Sep/2022:07:39:28 +0200] "GET /paris-bistro-black-mug-p-47473.html HTTP/1.0" 301 74654 "-" "Mozilla/5.0 (compatible; SemrushBot/7~bl; +http://www.semrush.com/bot.html)"
173.212.246.91 - - [21/Sep/2022:07:39:30 +0200] "GET /-p-36806.html HTTP/1.0" 200 71872 "-" "Mozilla/5.0 (compatible; MJ12bot/v1.4.8; http://mj12bot.com/)"
185.191.171.4 - - [21/Sep/2022:07:39:31 +0200] "GET /paris-bistro-black-p-47473.html HTTP/1.0" 200 74569 "-" "Mozilla/5.0 (compatible; SemrushBot/7~bl; +http://www.semrush.com/bot.html)"
173.212.246.91 - - [21/Sep/2022:07:39:35 +0200] "GET /-p-36975.html HTTP/1.0" 200 71872 "-" "Mozilla/5.0 (compatible; MJ12bot/v1.4.8; http://mj12bot.com/)"
173.212.246.91 - - [21/Sep/2022:07:39:39 +0200] "GET /-p-37086.html HTTP/1.0" 200 71872 "-" "Mozilla/5.0 (compatible; MJ12bot/v1.4.8; http://mj12bot.com/)"
173.212.246.91 - - [21/Sep/2022:07:39:43 +0200] "GET /-p-37089.html HTTP/1.0" 200 71872 "-" "Mozilla/5.0 (compatible; MJ12bot/v1.4.8; http://mj12bot.com/)"
34.134.218.31 - - [21/Sep/2022:07:39:46 +0200] "GET /images/mini_prod/5203199036064.jpg HTTP/1.0" 200 269 "-" "Mozilla/5.0 (X11; Ubuntu; Linux x86_64; rv:72.0) Gecko/20100101 Firefox/72.0"
173.212.246.91 - - [21/Sep/2022:07:39:47 +0200] "GET /-p-37096.html HTTP/1.0" 200 71872 "-" "Mozilla/5.0 (compatible; MJ12bot/v1.4.8; http://mj12bot.com/)"
173.212.246.91 - - [21/Sep/2022:07:39:52 +0200] "GET /-p-37135.html HTTP/1.0" 200 71872 "-" "Mozilla/5.0 (compatible; MJ12bot/v1.4.8; http://mj12bot.com/)"
173.212.246.91 - - [21/Sep/2022:07:39:55 +0200] "GET /-p-3714.html HTTP/1.0" 200 71870 "-" "Mozilla/5.0 (compatible; MJ12bot/v1.4.8; http://mj12bot.com/)"
45.142.182.99 - - [21/Sep/2022:07:39:59 +0200] "GET /contact_us.php HTTP/1.0" 200 26241 "http://www.wonder-geek.com/contact_us.php" "Mozilla/5.0 (Windows NT 6.1) AppleWebKit/537.36 (KHTML, like Gecko) Chrome/90.0.4430.72 Safari/537.36"
173.212.246.91 - - [21/Sep/2022:07:40:00 +0200] "GET /-p-37159.html HTTP/1.0" 200 71872 "-" "Mozilla/5.0 (compatible; MJ12bot/v1.4.8; http://mj12bot.com/)"
173.212.246.91 - - [21/Sep/2022:07:40:04 +0200] "GET /-p-37186.html HTTP/1.0" 200 71872 "-" "Mozilla/5.0 (compatible; MJ12bot/v1.4.8; http://mj12bot.com/)"
173.212.246.91 - - [21/Sep/2022:07:40:08 +0200] "GET /-p-37238.html HTTP/1.0" 200 71872 "-" "Mozilla/5.0 (compatible; MJ12bot/v1.4.8; http://mj12bot.com/)"
45.142.182.99 - - [21/Sep/2022:07:40:10 +0200] "POST /contact_us.php?action=send HTTP/1.0" 200 26468 "http://www.wonder-geek.com/contact_us.php" "Mozilla/5.0 (Windows NT 6.1) AppleWebKit/537.36 (KHTML, like Gecko) Chrome/90.0.4430.72 Safari/537.36"
173.212.246.91 - - [21/Sep/2022:07:40:12 +0200] "GET /-p-37239.html HTTP/1.0" 200 71872 "-" "Mozilla/5.0 (compatible; MJ12bot/v1.4.8; http://mj12bot.com/)"
185.191.171.38 - - [21/Sep/2022:07:40:13 +0200] "GET /isothermic-stainless-steel-bottle-p-56551.html HTTP/1.0" 200 75236 "-" "Mozilla/5.0 (compatible; SemrushBot/7~bl; +http://www.semrush.com/bot.html)"
173.212.246.91 - - [21/Sep/2022:07:40:16 +0200] "GET /-p-37244.html HTTP/1.0" 200 71872 "-" "Mozilla/5.0 (compatible; MJ12bot/v1.4.8; http://mj12bot.com/)"
173.212.246.91 - - [21/Sep/2022:07:40:20 +0200] "GET /-p-37394.html HTTP/1.0" 200 71872 "-" "Mozilla/5.0 (compatible; MJ12bot/v1.4.8; http://mj12bot.com/)"
173.212.246.91 - - [21/Sep/2022:07:40:24 +0200] "GET /-p-37871.html HTTP/1.0" 200 71872 "-" "Mozilla/5.0 (compatible; MJ12bot/v1.4.8; http://mj12bot.com/)"
173.212.246.91 - - [21/Sep/2022:07:40:28 +0200] "GET /-p-37876.html HTTP/1.0" 200 71872 "-" "Mozilla/5.0 (compatible; MJ12bot/v1.4.8; http://mj12bot.com/)"
173.212.246.91 - - [21/Sep/2022:07:40:33 +0200] "GET /-p-37879.html HTTP/1.0" 200 71872 "-" "Mozilla/5.0 (compatible; MJ12bot/v1.4.8; http://mj12bot.com/)"
173.212.246.91 - - [21/Sep/2022:07:40:37 +0200] "GET /-p-37894.html HTTP/1.0" 200 71872 "-" "Mozilla/5.0 (compatible; MJ12bot/v1.4.8; http://mj12bot.com/)"
173.212.246.91 - - [21/Sep/2022:07:40:42 +0200] "GET /-p-37915.html HTTP/1.0" 200 71872 "-" "Mozilla/5.0 (compatible; MJ12bot/v1.4.8; http://mj12bot.com/)"
185.191.171.7 - - [21/Sep/2022:07:40:44 +0200] "GET /bamboo-fiber-mattress-protector-p-53662.html HTTP/1.0" 200 72012 "-" "Mozilla/5.0 (compatible; SemrushBot/7~bl; +http://www.semrush.com/bot.html)"
173.212.246.91 - - [21/Sep/2022:07:40:49 +0200] "GET /-p-37917.html HTTP/1.0" 200 71872 "-" "Mozilla/5.0 (compatible; MJ12bot/v1.4.8; http://mj12bot.com/)"
173.212.246.91 - - [21/Sep/2022:07:40:53 +0200] "GET /-p-37964.html HTTP/1.0" 200 71872 "-" "Mozilla/5.0 (compatible; MJ12bot/v1.4.8; http://mj12bot.com/)"
185.191.171.7 - - [21/Sep/2022:07:40:53 +0200] "GET /longboard-decorative-surfboard-on-light-bleu-background-p-50792.html HTTP/1.0" 301 72195 "-" "Mozilla/5.0 (compatible; SemrushBot/7~bl; +http://www.semrush.com/bot.html)"
185.191.171.40 - - [21/Sep/2022:07:40:59 +0200] "GET /longboard-decorative-surfboard-light-bleu-background-p-50792.html HTTP/1.0" 200 72076 "-" "Mozilla/5.0 (compatible; SemrushBot/7~bl; +http://www.semrush.com/bot.html)"
173.212.246.91 - - [21/Sep/2022:07:40:59 +0200] "GET /-p-37965.html HTTP/1.0" 200 71872 "-" "Mozilla/5.0 (compatible; MJ12bot/v1.4.8; http://mj12bot.com/)"
173.212.246.91 - - [21/Sep/2022:07:41:05 +0200] "GET /-p-38240.html HTTP/1.0" 200 71872 "-" "Mozilla/5.0 (compatible; MJ12bot/v1.4.8; http://mj12bot.com/)"
185.191.171.23 - - [21/Sep/2022:07:41:05 +0200] "GET /home-and-decoration-c-13.html?page=245 HTTP/1.0" 301 94901 "-" "Mozilla/5.0 (compatible; SemrushBot/7~bl; +http://www.semrush.com/bot.html)"
185.191.171.40 - - [21/Sep/2022:07:41:09 +0200] "GET /home-decoration-c-13.html?page=245 HTTP/1.0" 200 94813 "-" "Mozilla/5.0 (compatible; SemrushBot/7~bl; +http://www.semrush.com/bot.html)"
173.212.246.91 - - [21/Sep/2022:07:41:10 +0200] "GET /-p-38241.html HTTP/1.0" 200 71872 "-" "Mozilla/5.0 (compatible; MJ12bot/v1.4.8; http://mj12bot.com/)"
173.212.246.91 - - [21/Sep/2022:07:41:16 +0200] "GET /-p-38292.html HTTP/1.0" 200 71872 "-" "Mozilla/5.0 (compatible; MJ12bot/v1.4.8; http://mj12bot.com/)"
173.212.246.91 - - [21/Sep/2022:07:41:21 +0200] "GET /-p-38300.html HTTP/1.0" 200 71872 "-" "Mozilla/5.0 (compatible; MJ12bot/v1.4.8; http://mj12bot.com/)"
173.212.246.91 - - [21/Sep/2022:07:41:26 +0200] "GET /-p-38301.html HTTP/1.0" 200 71872 "-" "Mozilla/5.0 (compatible; MJ12bot/v1.4.8; http://mj12bot.com/)"
173.212.246.91 - - [21/Sep/2022:07:41:31 +0200] "GET /-p-38302.html HTTP/1.0" 200 71872 "-" "Mozilla/5.0 (compatible; MJ12bot/v1.4.8; http://mj12bot.com/)"
173.212.246.91 - - [21/Sep/2022:07:41:39 +0200] "GET /-p-38303.html HTTP/1.0" 200 71872 "-" "Mozilla/5.0 (compatible; MJ12bot/v1.4.8; http://mj12bot.com/)"
157.55.39.12 - - [21/Sep/2022:07:41:40 +0200] "GET /-p-39367.html HTTP/1.0" 200 71872 "-" "Mozilla/5.0 (compatible; bingbot/2.0; +http://www.bing.com/bingbot.htm)"
173.212.246.91 - - [21/Sep/2022:07:41:42 +0200] "GET /-p-38310.html HTTP/1.0" 200 71872 "-" "Mozilla/5.0 (compatible; MJ12bot/v1.4.8; http://mj12bot.com/)"
173.212.246.91 - - [21/Sep/2022:07:41:47 +0200] "GET /-p-38314.html HTTP/1.0" 200 71872 "-" "Mozilla/5.0 (compatible; MJ12bot/v1.4.8; http://mj12bot.com/)"
173.212.246.91 - - [21/Sep/2022:07:41:53 +0200] "GET /-p-38334.html HTTP/1.0" 200 71872 "-" "Mozilla/5.0 (compatible; MJ12bot/v1.4.8; http://mj12bot.com/)"
185.191.171.5 - - [21/Sep/2022:07:41:54 +0200] "GET /wall-decoration-p-51026.html HTTP/1.0" 200 71952 "-" "Mozilla/5.0 (compatible; SemrushBot/7~bl; +http://www.semrush.com/bot.html)"
173.212.246.91 - - [21/Sep/2022:07:41:57 +0200] "GET /-p-38342.html HTTP/1.0" 200 71872 "-" "Mozilla/5.0 (compatible; MJ12bot/v1.4.8; http://mj12bot.com/)"
54.36.148.47 - - [21/Sep/2022:07:41:59 +0200] "GET /wallet-c-31_237.html HTTP/1.0" 200 92982 "-" "Mozilla/5.0 (compatible; AhrefsBot/7.0; +http://ahrefs.com/robot/)"
173.212.246.91 - - [21/Sep/2022:07:42:03 +0200] "GET /-p-38345.html HTTP/1.0" 200 71872 "-" "Mozilla/5.0 (compatible; MJ12bot/v1.4.8; http://mj12bot.com/)"
173.212.246.91 - - [21/Sep/2022:07:42:06 +0200] "GET /-p-38430.html HTTP/1.0" 200 71872 "-" "Mozilla/5.0 (compatible; MJ12bot/v1.4.8; http://mj12bot.com/)"
106.39.217.152 - - [21/Sep/2022:07:42:09 +0200] "GET /images/mini_prod/8422666661500.jpg HTTP/1.0" 200 269 "-" "Mozilla/5.0 (X11; Ubuntu; Linux x86_64; rv:72.0) Gecko/20100101 Firefox/72.0"
173.212.246.91 - - [21/Sep/2022:07:42:11 +0200] "GET /-p-3850.html HTTP/1.0" 200 71870 "-" "Mozilla/5.0 (compatible; MJ12bot/v1.4.8; http://mj12bot.com/)"
185.191.171.8 - - [21/Sep/2022:07:42:15 +0200] "GET /corsica-pencil-jar-cbkreation-p-33818.html HTTP/1.0" 301 74661 "-" "Mozilla/5.0 (compatible; SemrushBot/7~bl; +http://www.semrush.com/bot.html)"
185.191.171.36 - - [21/Sep/2022:07:42:18 +0200] "GET /corsica-pencil-cbkreation-p-33818.html HTTP/1.0" 200 74569 "-" "Mozilla/5.0 (compatible; SemrushBot/7~bl; +http://www.semrush.com/bot.html)"
173.212.246.91 - - [21/Sep/2022:07:42:18 +0200] "GET /-p-3851.html HTTP/1.0" 200 71870 "-" "Mozilla/5.0 (compatible; MJ12bot/v1.4.8; http://mj12bot.com/)"
173.212.246.91 - - [21/Sep/2022:07:42:24 +0200] "GET /-p-38541.html HTTP/1.0" 200 71872 "-" "Mozilla/5.0 (compatible; MJ12bot/v1.4.8; http://mj12bot.com/)"
173.212.246.91 - - [21/Sep/2022:07:42:29 +0200] "GET /-p-38726.html HTTP/1.0" 200 71872 "-" "Mozilla/5.0 (compatible; MJ12bot/v1.4.8; http://mj12bot.com/)"
173.212.246.91 - - [21/Sep/2022:07:42:35 +0200] "GET /-p-38735.html HTTP/1.0" 200 71872 "-" "Mozilla/5.0 (compatible; MJ12bot/v1.4.8; http://mj12bot.com/)"
185.191.171.25 - - [21/Sep/2022:07:42:41 +0200] "GET /dubout-cats-white-mug-p-52492.html HTTP/1.0" 301 74552 "-" "Mozilla/5.0 (compatible; SemrushBot/7~bl; +http://www.semrush.com/bot.html)"
173.212.246.91 - - [21/Sep/2022:07:42:41 +0200] "GET /-p-3877.html HTTP/1.0" 200 71870 "-" "Mozilla/5.0 (compatible; MJ12bot/v1.4.8; http://mj12bot.com/)"
185.191.171.2 - - [21/Sep/2022:07:42:44 +0200] "GET /dubout-cats-white-p-52492.html HTTP/1.0" 200 74468 "-" "Mozilla/5.0 (compatible; SemrushBot/7~bl; +http://www.semrush.com/bot.html)"
173.212.246.91 - - [21/Sep/2022:07:42:47 +0200] "GET /-p-3882.html HTTP/1.0" 200 71870 "-" "Mozilla/5.0 (compatible; MJ12bot/v1.4.8; http://mj12bot.com/)"
173.212.246.91 - - [21/Sep/2022:07:42:52 +0200] "GET /-p-3885.html HTTP/1.0" 200 71870 "-" "Mozilla/5.0 (compatible; MJ12bot/v1.4.8; http://mj12bot.com/)"
173.212.246.91 - - [21/Sep/2022:07:42:56 +0200] "GET /-p-38850.html HTTP/1.0" 200 71872 "-" "Mozilla/5.0 (compatible; MJ12bot/v1.4.8; http://mj12bot.com/)"
185.191.171.38 - - [21/Sep/2022:07:43:00 +0200] "GET /paris-mug-xl-sepia-p-38587.html HTTP/1.0" 301 74665 "-" "Mozilla/5.0 (compatible; SemrushBot/7~bl; +http://www.semrush.com/bot.html)"
173.212.246.91 - - [21/Sep/2022:07:43:02 +0200] "GET /-p-38851.html HTTP/1.0" 200 71872 "-" "Mozilla/5.0 (compatible; MJ12bot/v1.4.8; http://mj12bot.com/)"
185.191.171.23 - - [21/Sep/2022:07:43:03 +0200] "GET /paris-sepia-p-38587.html HTTP/1.0" 200 74587 "-" "Mozilla/5.0 (compatible; SemrushBot/7~bl; +http://www.semrush.com/bot.html)"
173.212.246.91 - - [21/Sep/2022:07:43:06 +0200] "GET /-p-3888.html HTTP/1.0" 200 71870 "-" "Mozilla/5.0 (compatible; MJ12bot/v1.4.8; http://mj12bot.com/)"
173.212.246.91 - - [21/Sep/2022:07:43:11 +0200] "GET /-p-3889.html HTTP/1.0" 200 71870 "-" "Mozilla/5.0 (compatible; MJ12bot/v1.4.8; http://mj12bot.com/)"
103.131.71.193 - - [21/Sep/2022:07:43:14 +0200] "GET /robots.txt HTTP/1.0" 301 531 "-" "Mozilla/5.0 (compatible; coccocbot-web/1.0; +http://help.coccoc.com/searchengine)"
103.131.71.193 - - [21/Sep/2022:07:43:16 +0200] "GET /robots.txt HTTP/1.0" 200 245 "-" "Mozilla/5.0 (compatible; coccocbot-web/1.0; +http://help.coccoc.com/searchengine)"
173.212.246.91 - - [21/Sep/2022:07:43:18 +0200] "GET /-p-3890.html HTTP/1.0" 200 71870 "-" "Mozilla/5.0 (compatible; MJ12bot/v1.4.8; http://mj12bot.com/)"
185.191.171.3 - - [21/Sep/2022:07:43:23 +0200] "GET /geishas-cushion-cbkreation-p-24343.html HTTP/1.0" 301 71939 "-" "Mozilla/5.0 (compatible; SemrushBot/7~bl; +http://www.semrush.com/bot.html)"
173.212.246.91 - - [21/Sep/2022:07:43:23 +0200] "GET /-p-39103.html HTTP/1.0" 200 71872 "-" "Mozilla/5.0 (compatible; MJ12bot/v1.4.8; http://mj12bot.com/)"
1.20.168.51 - - [21/Sep/2022:07:43:25 +0200] "GET /contact_us.php HTTP/1.0" 200 26241 "http://www.wonder-geek.com/contact_us.php" "Mozilla/5.0 (Windows NT 10.0; Win64; x64) AppleWebKit/537.36 (KHTML, like Gecko) Chrome/90.0.4430.86 Safari/537.36"
185.191.171.1 - - [21/Sep/2022:07:43:26 +0200] "GET /portfolio-pepe-jeans-nat-p-38141.html HTTP/1.0" 301 71939 "-" "Mozilla/5.0 (compatible; SemrushBot/7~bl; +http://www.semrush.com/bot.html)"
185.191.171.33 - - [21/Sep/2022:07:43:29 +0200] "GET /-p-38141.html HTTP/1.0" 200 71872 "-" "Mozilla/5.0 (compatible; SemrushBot/7~bl; +http://www.semrush.com/bot.html)"
173.212.246.91 - - [21/Sep/2022:07:43:29 +0200] "GET /-p-39159.html HTTP/1.0" 200 71872 "-" "Mozilla/5.0 (compatible; MJ12bot/v1.4.8; http://mj12bot.com/)"
38.142.11.235 - - [21/Sep/2022:07:43:30 +0200] "GET /images/mini_prod/DSCN06783384372015150.jpg HTTP/1.0" 200 277 "-" "Mozilla/5.0 (X11; Ubuntu; Linux x86_64; rv:72.0) Gecko/20100101 Firefox/72.0"
185.191.171.33 - - [21/Sep/2022:07:43:32 +0200] "GET /-p-24343.html HTTP/1.0" 200 71872 "-" "Mozilla/5.0 (compatible; SemrushBot/7~bl; +http://www.semrush.com/bot.html)"
173.212.246.91 - - [21/Sep/2022:07:43:33 +0200] "GET /-p-39181.html HTTP/1.0" 200 71872 "-" "Mozilla/5.0 (compatible; MJ12bot/v1.4.8; http://mj12bot.com/)"
173.212.246.91 - - [21/Sep/2022:07:43:37 +0200] "GET /-p-39203.html HTTP/1.0" 200 71872 "-" "Mozilla/5.0 (compatible; MJ12bot/v1.4.8; http://mj12bot.com/)"
173.212.246.91 - - [21/Sep/2022:07:43:43 +0200] "GET /-p-39204.html HTTP/1.0" 200 71872 "-" "Mozilla/5.0 (compatible; MJ12bot/v1.4.8; http://mj12bot.com/)"
173.212.246.91 - - [21/Sep/2022:07:43:48 +0200] "GET /-p-39209.html HTTP/1.0" 200 71872 "-" "Mozilla/5.0 (compatible; MJ12bot/v1.4.8; http://mj12bot.com/)"
173.212.246.91 - - [21/Sep/2022:07:43:52 +0200] "GET /-p-39210.html HTTP/1.0" 200 71872 "-" "Mozilla/5.0 (compatible; MJ12bot/v1.4.8; http://mj12bot.com/)"
66.249.66.212 - - [21/Sep/2022:07:43:53 +0200] "GET /images/big_prod/3609810058781.jpg HTTP/1.0" 200 268 "-" "Googlebot-Image/1.0"
185.191.171.44 - - [21/Sep/2022:07:43:53 +0200] "GET /le-chat-noir-metal-plate-30-15-cm-p-47641.html HTTP/1.0" 301 74603 "-" "Mozilla/5.0 (compatible; SemrushBot/7~bl; +http://www.semrush.com/bot.html)"
185.191.171.2 - - [21/Sep/2022:07:43:57 +0200] "GET /chat-noir-metal-plate-p-47641.html HTTP/1.0" 200 74515 "-" "Mozilla/5.0 (compatible; SemrushBot/7~bl; +http://www.semrush.com/bot.html)"
173.212.246.91 - - [21/Sep/2022:07:43:58 +0200] "GET /-p-39211.html HTTP/1.0" 200 71872 "-" "Mozilla/5.0 (compatible; MJ12bot/v1.4.8; http://mj12bot.com/)"
173.212.246.91 - - [21/Sep/2022:07:44:05 +0200] "GET /-p-39227.html HTTP/1.0" 200 71872 "-" "Mozilla/5.0 (compatible; MJ12bot/v1.4.8; http://mj12bot.com/)"
173.212.246.91 - - [21/Sep/2022:07:44:10 +0200] "GET /-p-39234.html HTTP/1.0" 200 71872 "-" "Mozilla/5.0 (compatible; MJ12bot/v1.4.8; http://mj12bot.com/)"
173.212.246.91 - - [21/Sep/2022:07:44:15 +0200] "GET /-p-39366.html HTTP/1.0" 200 71872 "-" "Mozilla/5.0 (compatible; MJ12bot/v1.4.8; http://mj12bot.com/)"
173.212.246.91 - - [21/Sep/2022:07:44:20 +0200] "GET /-p-39413.html HTTP/1.0" 200 71872 "-" "Mozilla/5.0 (compatible; MJ12bot/v1.4.8; http://mj12bot.com/)"
66.249.66.210 - - [21/Sep/2022:07:44:20 +0200] "GET /cotton-floor-cushion-white-p-45278.html HTTP/1.0" 200 71986 "-" "Mozilla/5.0 (Linux; Android 6.0.1; Nexus 5X Build/MMB29P) AppleWebKit/537.36 (KHTML, like Gecko) Chrome/105.0.5195.102 Mobile Safari/537.36 (compatible; Googlebot/2.1; +http://www.google.com/bot.html)"
173.212.246.91 - - [21/Sep/2022:07:44:23 +0200] "GET /-p-39632.html HTTP/1.0" 200 71872 "-" "Mozilla/5.0 (compatible; MJ12bot/v1.4.8; http://mj12bot.com/)"
54.36.148.158 - - [21/Sep/2022:07:44:24 +0200] "GET /love-isothermic-stainless-steel-bottle-p-53169.html HTTP/1.0" 200 74657 "-" "Mozilla/5.0 (compatible; AhrefsBot/7.0; +http://ahrefs.com/robot/)"
173.212.246.91 - - [21/Sep/2022:07:44:26 +0200] "GET /-p-39725.html HTTP/1.0" 200 71872 "-" "Mozilla/5.0 (compatible; MJ12bot/v1.4.8; http://mj12bot.com/)"
173.212.246.91 - - [21/Sep/2022:07:44:30 +0200] "GET /-p-39748.html HTTP/1.0" 200 71872 "-" "Mozilla/5.0 (compatible; MJ12bot/v1.4.8; http://mj12bot.com/)"
173.212.246.91 - - [21/Sep/2022:07:44:34 +0200] "GET /-p-39759.html HTTP/1.0" 200 71872 "-" "Mozilla/5.0 (compatible; MJ12bot/v1.4.8; http://mj12bot.com/)"
185.191.171.43 - - [21/Sep/2022:07:44:39 +0200] "GET /root-chakra-mug-by-cbkreation-p-49254.html HTTP/1.0" 301 74646 "-" "Mozilla/5.0 (compatible; SemrushBot/7~bl; +http://www.semrush.com/bot.html)"
173.212.246.91 - - [21/Sep/2022:07:44:39 +0200] "GET /-p-39763.html HTTP/1.0" 200 71872 "-" "Mozilla/5.0 (compatible; MJ12bot/v1.4.8; http://mj12bot.com/)"
185.191.171.33 - - [21/Sep/2022:07:44:42 +0200] "GET /root-chakra-cbkreation-p-49254.html HTTP/1.0" 200 74557 "-" "Mozilla/5.0 (compatible; SemrushBot/7~bl; +http://www.semrush.com/bot.html)"
173.212.246.91 - - [21/Sep/2022:07:44:43 +0200] "GET /-p-39767.html HTTP/1.0" 200 71872 "-" "Mozilla/5.0 (compatible; MJ12bot/v1.4.8; http://mj12bot.com/)"
185.191.171.19 - - [21/Sep/2022:07:44:44 +0200] "GET /candlestick-statuette-yoga-meditation-p-50861.html HTTP/1.0" 200 74703 "-" "Mozilla/5.0 (compatible; SemrushBot/7~bl; +http://www.semrush.com/bot.html)"
173.212.246.91 - - [21/Sep/2022:07:44:49 +0200] "GET /-p-39774.html HTTP/1.0" 200 71872 "-" "Mozilla/5.0 (compatible; MJ12bot/v1.4.8; http://mj12bot.com/)"
173.212.246.91 - - [21/Sep/2022:07:44:55 +0200] "GET /-p-39775.html HTTP/1.0" 200 71872 "-" "Mozilla/5.0 (compatible; MJ12bot/v1.4.8; http://mj12bot.com/)"
173.212.246.91 - - [21/Sep/2022:07:44:59 +0200] "GET /-p-39780.html HTTP/1.0" 200 71872 "-" "Mozilla/5.0 (compatible; MJ12bot/v1.4.8; http://mj12bot.com/)"
185.191.171.2 - - [21/Sep/2022:07:45:07 +0200] "GET /bluetooth-speaker-p-57859.html HTTP/1.0" 200 75486 "-" "Mozilla/5.0 (compatible; SemrushBot/7~bl; +http://www.semrush.com/bot.html)"
173.212.246.91 - - [21/Sep/2022:07:45:09 +0200] "GET /-p-39786.html HTTP/1.0" 200 71872 "-" "Mozilla/5.0 (compatible; MJ12bot/v1.4.8; http://mj12bot.com/)"
185.191.171.43 - - [21/Sep/2022:07:45:11 +0200] "GET /buddha-lamp-45-cm-in-fiberglass-p-52294.html HTTP/1.0" 301 71939 "-" "Mozilla/5.0 (compatible; SemrushBot/7~bl; +http://www.semrush.com/bot.html)"
173.212.246.91 - - [21/Sep/2022:07:45:14 +0200] "GET /-p-39803.html HTTP/1.0" 200 71872 "-" "Mozilla/5.0 (compatible; MJ12bot/v1.4.8; http://mj12bot.com/)"
185.191.171.44 - - [21/Sep/2022:07:45:15 +0200] "GET /-p-52294.html HTTP/1.0" 200 71872 "-" "Mozilla/5.0 (compatible; SemrushBot/7~bl; +http://www.semrush.com/bot.html)"
173.212.246.91 - - [21/Sep/2022:07:45:19 +0200] "GET /-p-39804.html HTTP/1.0" 200 71872 "-" "Mozilla/5.0 (compatible; MJ12bot/v1.4.8; http://mj12bot.com/)"
185.191.171.22 - - [21/Sep/2022:07:45:19 +0200] "GET /uk-carlin-by-cbk-case-notepad-p-30102.html HTTP/1.0" 301 74741 "-" "Mozilla/5.0 (compatible; SemrushBot/7~bl; +http://www.semrush.com/bot.html)"
185.191.171.44 - - [21/Sep/2022:07:45:23 +0200] "GET /carlin-case-notepad-p-30102.html HTTP/1.0" 200 74655 "-" "Mozilla/5.0 (compatible; SemrushBot/7~bl; +http://www.semrush.com/bot.html)"
173.212.246.91 - - [21/Sep/2022:07:45:23 +0200] "GET /-p-39808.html HTTP/1.0" 200 71872 "-" "Mozilla/5.0 (compatible; MJ12bot/v1.4.8; http://mj12bot.com/)"
147.92.153.19 - - [21/Sep/2022:07:45:27 +0200] "GET /images/big_prod/8718969179843.jpg HTTP/1.0" 200 268 "-" "Mozilla/5.0 (compatible; Linespider/1.1; +https://lin.ee/4dwXkTH)"
173.212.246.91 - - [21/Sep/2022:07:45:28 +0200] "GET /-p-39813.html HTTP/1.0" 200 71872 "-" "Mozilla/5.0 (compatible; MJ12bot/v1.4.8; http://mj12bot.com/)"
203.119.241.116 - - [21/Sep/2022:07:45:29 +0200] "GET /images/mini_prod/MISES-EN-SITUATION-03.jpg HTTP/1.0" 200 277 "-" "Mozilla/5.0 (X11; Ubuntu; Linux x86_64; rv:72.0) Gecko/20100101 Firefox/72.0"
185.191.171.26 - - [21/Sep/2022:07:45:29 +0200] "GET /marble-tile-stickers-30-30-cm-p-51947.html HTTP/1.0" 301 75547 "-" "Mozilla/5.0 (compatible; SemrushBot/7~bl; +http://www.semrush.com/bot.html)"
51.68.224.127 - - [21/Sep/2022:07:45:32 +0200] "GET /adminweb/export_orders_xml.php?token=256de2z6edz6ed2z6DFSFsed2zed6zeDSFDSGdzedezfzf&maxorders=10&orderstart=1&status=14&start_date=2018-10-01 HTTP/1.0" 200 285 "-" "GesCom CharlotteBoutik Serveur"
51.68.224.127 - - [21/Sep/2022:07:45:32 +0200] "GET /adminweb/export_orders_xml.php?token=256de2z6edz6ed2z6DFSFsed2zed6zeDSFDSGdzedezfzf&maxorders=10&orderstart=1&status=6&start_date=2018-10-01 HTTP/1.0" 200 33985 "-" "GesCom CharlotteBoutik Serveur"
173.212.246.91 - - [21/Sep/2022:07:45:33 +0200] "GET /-p-39854.html HTTP/1.0" 200 71872 "-" "Mozilla/5.0 (compatible; MJ12bot/v1.4.8; http://mj12bot.com/)"
185.191.171.16 - - [21/Sep/2022:07:45:35 +0200] "GET /marble-tile-stickers-p-51947.html HTTP/1.0" 200 75460 "-" "Mozilla/5.0 (compatible; SemrushBot/7~bl; +http://www.semrush.com/bot.html)"
173.212.246.91 - - [21/Sep/2022:07:45:38 +0200] "GET /-p-40020.html HTTP/1.0" 200 71872 "-" "Mozilla/5.0 (compatible; MJ12bot/v1.4.8; http://mj12bot.com/)"
185.191.171.26 - - [21/Sep/2022:07:45:39 +0200] "GET /francine-charming-dekor-bedclothes-240-260-cm-p-43540.html HTTP/1.0" 301 71939 "-" "Mozilla/5.0 (compatible; SemrushBot/7~bl; +http://www.semrush.com/bot.html)"
66.249.66.214 - - [21/Sep/2022:07:45:40 +0200] "GET /olympique-marseille-keyring-p-40811.html HTTP/1.0" 200 74576 "-" "Mozilla/5.0 (Linux; Android 6.0.1; Nexus 5X Build/MMB29P) AppleWebKit/537.36 (KHTML, like Gecko) Chrome/105.0.5195.125 Mobile Safari/537.36 (compatible; Googlebot/2.1; +http://www.google.com/bot.html)"
185.191.171.7 - - [21/Sep/2022:07:45:43 +0200] "GET /-p-43540.html HTTP/1.0" 200 71872 "-" "Mozilla/5.0 (compatible; SemrushBot/7~bl; +http://www.semrush.com/bot.html)"
173.212.246.91 - - [21/Sep/2022:07:45:42 +0200] "GET /-p-40059.html HTTP/1.0" 200 71872 "-" "Mozilla/5.0 (compatible; MJ12bot/v1.4.8; http://mj12bot.com/)"
173.212.246.91 - - [21/Sep/2022:07:45:47 +0200] "GET /-p-40235.html HTTP/1.0" 200 71872 "-" "Mozilla/5.0 (compatible; MJ12bot/v1.4.8; http://mj12bot.com/)"
54.36.148.211 - - [21/Sep/2022:07:45:49 +0200] "GET /teo-jasmin-marley-jamaica-large-lamp-p-35759.html HTTP/1.0" 301 74950 "-" "Mozilla/5.0 (compatible; AhrefsBot/7.0; +http://ahrefs.com/robot/)"
66.249.66.210 - - [21/Sep/2022:07:45:54 +0200] "GET /wall-decoration-beer-capsule-collector-p-56430.html HTTP/1.0" 200 72014 "-" "Mozilla/5.0 (compatible; Googlebot/2.1; +http://www.google.com/bot.html)"
173.212.246.91 - - [21/Sep/2022:07:45:54 +0200] "GET /-p-40237.html HTTP/1.0" 200 71872 "-" "Mozilla/5.0 (compatible; MJ12bot/v1.4.8; http://mj12bot.com/)"
173.212.246.91 - - [21/Sep/2022:07:45:57 +0200] "GET /-p-40300.html HTTP/1.0" 200 71872 "-" "Mozilla/5.0 (compatible; MJ12bot/v1.4.8; http://mj12bot.com/)"
173.212.246.91 - - [21/Sep/2022:07:46:03 +0200] "GET /-p-4117.html HTTP/1.0" 200 71870 "-" "Mozilla/5.0 (compatible; MJ12bot/v1.4.8; http://mj12bot.com/)"
173.212.246.91 - - [21/Sep/2022:07:46:07 +0200] "GET /-p-4124.html HTTP/1.0" 200 71870 "-" "Mozilla/5.0 (compatible; MJ12bot/v1.4.8; http://mj12bot.com/)"
173.212.246.91 - - [21/Sep/2022:07:46:13 +0200] "GET /-p-41451.html HTTP/1.0" 200 71872 "-" "Mozilla/5.0 (compatible; MJ12bot/v1.4.8; http://mj12bot.com/)"
173.212.246.91 - - [21/Sep/2022:07:46:16 +0200] "GET /-p-41834.html HTTP/1.0" 200 71872 "-" "Mozilla/5.0 (compatible; MJ12bot/v1.4.8; http://mj12bot.com/)"
173.212.246.91 - - [21/Sep/2022:07:46:21 +0200] "GET /-p-9394.html HTTP/1.0" 200 71870 "-" "Mozilla/5.0 (compatible; MJ12bot/v1.4.8; http://mj12bot.com/)"
173.212.246.91 - - [21/Sep/2022:07:46:24 +0200] "GET /-p-9395.html HTTP/1.0" 200 71870 "-" "Mozilla/5.0 (compatible; MJ12bot/v1.4.8; http://mj12bot.com/)"
54.36.149.45 - - [21/Sep/2022:07:46:24 +0200] "GET /crystal-salt-night-light-p-56697.html HTTP/1.0" 200 76361 "-" "Mozilla/5.0 (compatible; AhrefsBot/7.0; +http://ahrefs.com/robot/)"
173.212.246.91 - - [21/Sep/2022:07:46:29 +0200] "GET /-p-9399.html HTTP/1.0" 200 71870 "-" "Mozilla/5.0 (compatible; MJ12bot/v1.4.8; http://mj12bot.com/)"
185.191.171.23 - - [21/Sep/2022:07:46:30 +0200] "GET /le-chat-noir-metal-plate-21-15-cm-p-27390.html HTTP/1.0" 301 72062 "-" "Mozilla/5.0 (compatible; SemrushBot/7~bl; +http://www.semrush.com/bot.html)"
173.212.246.91 - - [21/Sep/2022:07:46:34 +0200] "GET /-p-9400.html HTTP/1.0" 200 71870 "-" "Mozilla/5.0 (compatible; MJ12bot/v1.4.8; http://mj12bot.com/)"
185.191.171.23 - - [21/Sep/2022:07:46:33 +0200] "GET /glasses-drinking-c-12_62.html?page=3 HTTP/1.0" 200 92995 "-" "Mozilla/5.0 (compatible; SemrushBot/7~bl; +http://www.semrush.com/bot.html)"
185.191.171.38 - - [21/Sep/2022:07:46:37 +0200] "GET /chat-noir-metal-plate-p-27390.html HTTP/1.0" 200 71974 "-" "Mozilla/5.0 (compatible; SemrushBot/7~bl; +http://www.semrush.com/bot.html)"
173.212.246.91 - - [21/Sep/2022:07:46:39 +0200] "GET /-p-9402.html HTTP/1.0" 200 71870 "-" "Mozilla/5.0 (compatible; MJ12bot/v1.4.8; http://mj12bot.com/)"
54.36.148.139 - - [21/Sep/2022:07:46:43 +0200] "GET /my-little-poney-pairs-of-socks-size-31-35-p-25390.html HTTP/1.0" 301 71939 "-" "Mozilla/5.0 (compatible; AhrefsBot/7.0; +http://ahrefs.com/robot/)"
173.212.246.91 - - [21/Sep/2022:07:46:44 +0200] "GET /-p-9405.html HTTP/1.0" 200 71870 "-" "Mozilla/5.0 (compatible; MJ12bot/v1.4.8; http://mj12bot.com/)"
173.212.246.91 - - [21/Sep/2022:07:46:49 +0200] "GET /-p-9406.html HTTP/1.0" 200 71870 "-" "Mozilla/5.0 (compatible; MJ12bot/v1.4.8; http://mj12bot.com/)"
173.212.246.91 - - [21/Sep/2022:07:46:54 +0200] "GET /-p-9477.html HTTP/1.0" 200 71870 "-" "Mozilla/5.0 (compatible; MJ12bot/v1.4.8; http://mj12bot.com/)"
173.212.246.91 - - [21/Sep/2022:07:46:59 +0200] "GET /-p-9739.html HTTP/1.0" 200 71870 "-" "Mozilla/5.0 (compatible; MJ12bot/v1.4.8; http://mj12bot.com/)"
173.212.246.91 - - [21/Sep/2022:07:47:02 +0200] "GET //volkswagen-permanent-calendar-small-metal-plate-p-15211.html HTTP/1.0" 200 72098 "-" "Mozilla/5.0 (compatible; MJ12bot/v1.4.8; http://mj12bot.com/)"
185.191.171.40 - - [21/Sep/2022:07:47:07 +0200] "GET /small-lilac-rabbit-kaloo-plume-p-15719.html HTTP/1.0" 301 71939 "-" "Mozilla/5.0 (compatible; SemrushBot/7~bl; +http://www.semrush.com/bot.html)"
173.212.246.91 - - [21/Sep/2022:07:47:07 +0200] "GET /1200-p-30519.html HTTP/1.0" 200 71925 "-" "Mozilla/5.0 (compatible; MJ12bot/v1.4.8; http://mj12bot.com/)"
185.191.171.24 - - [21/Sep/2022:07:47:09 +0200] "GET /-p-15719.html HTTP/1.0" 200 71872 "-" "Mozilla/5.0 (compatible; SemrushBot/7~bl; +http://www.semrush.com/bot.html)"
173.212.246.91 - - [21/Sep/2022:07:47:12 +0200] "GET /2002-1972-classic-p-37798.html HTTP/1.0" 200 71993 "-" "Mozilla/5.0 (compatible; MJ12bot/v1.4.8; http://mj12bot.com/)"
173.212.246.91 - - [21/Sep/2022:07:47:15 +0200] "GET /apache-women-watch-multicolor-freedom-p-41562.html HTTP/1.0" 200 74821 "-" "Mozilla/5.0 (compatible; MJ12bot/v1.4.8; http://mj12bot.com/)"
173.212.246.91 - - [21/Sep/2022:07:47:20 +0200] "GET /apple-resin-decoration-p-41851.html HTTP/1.0" 200 71991 "-" "Mozilla/5.0 (compatible; MJ12bot/v1.4.8; http://mj12bot.com/)"
185.191.171.17 - - [21/Sep/2022:07:47:24 +0200] "GET /betty-boop-figure-p-27307.html HTTP/1.0" 301 71939 "-" "Mozilla/5.0 (compatible; SemrushBot/7~bl; +http://www.semrush.com/bot.html)"
173.212.246.91 - - [21/Sep/2022:07:47:24 +0200] "GET /aprons-c-11_74.html?page=7 HTTP/1.0" 200 92300 "-" "Mozilla/5.0 (compatible; MJ12bot/v1.4.8; http://mj12bot.com/)"
185.191.171.43 - - [21/Sep/2022:07:47:28 +0200] "GET /-p-27307.html HTTP/1.0" 200 71872 "-" "Mozilla/5.0 (compatible; SemrushBot/7~bl; +http://www.semrush.com/bot.html)"
173.212.246.91 - - [21/Sep/2022:07:47:36 +0200] "GET /aprons-c-11_74.html?page=8 HTTP/1.0" 200 92300 "-" "Mozilla/5.0 (compatible; MJ12bot/v1.4.8; http://mj12bot.com/)"
173.212.246.91 - - [21/Sep/2022:07:47:40 +0200] "GET /aprons-c-11_74.html?page=9 HTTP/1.0" 200 92300 "-" "Mozilla/5.0 (compatible; MJ12bot/v1.4.8; http://mj12bot.com/)"
185.191.171.41 - - [21/Sep/2022:07:47:40 +0200] "GET /decorative-wooden-plate-habite-chez-chien-light-brown-p-47829.html HTTP/1.0" 200 72062 "-" "Mozilla/5.0 (compatible; SemrushBot/7~bl; +http://www.semrush.com/bot.html)"
173.212.246.91 - - [21/Sep/2022:07:47:44 +0200] "GET /aquarius-classic-cbkreation-p-29035.html HTTP/1.0" 200 74512 "-" "Mozilla/5.0 (compatible; MJ12bot/v1.4.8; http://mj12bot.com/)"
173.212.246.91 - - [21/Sep/2022:07:47:52 +0200] "GET /arrow-metal-plate-p-41717.html HTTP/1.0" 200 74484 "-" "Mozilla/5.0 (compatible; MJ12bot/v1.4.8; http://mj12bot.com/)"
173.212.246.91 - - [21/Sep/2022:07:47:58 +0200] "GET /atlantic-surf-spot-small-ashtray-p-39665.html HTTP/1.0" 200 74579 "-" "Mozilla/5.0 (compatible; MJ12bot/v1.4.8; http://mj12bot.com/)"
173.212.246.91 - - [21/Sep/2022:07:48:03 +0200] "GET /atlas-statue-p-41845.html HTTP/1.0" 200 71941 "-" "Mozilla/5.0 (compatible; MJ12bot/v1.4.8; http://mj12bot.com/)"
185.191.171.44 - - [21/Sep/2022:07:48:06 +0200] "GET /montenegro-clock-by-cbkreation-p-36925.html HTTP/1.0" 301 74640 "-" "Mozilla/5.0 (compatible; SemrushBot/7~bl; +http://www.semrush.com/bot.html)"
173.212.246.91 - - [21/Sep/2022:07:48:07 +0200] "GET /audrey-hepburn-tiffany-small-metal-plate-postcard-p-8195.html HTTP/1.0" 200 72112 "-" "Mozilla/5.0 (compatible; MJ12bot/v1.4.8; http://mj12bot.com/)"
185.191.171.4 - - [21/Sep/2022:07:48:09 +0200] "GET /montenegro-clock-cbkreation-p-36925.html HTTP/1.0" 200 74546 "-" "Mozilla/5.0 (compatible; SemrushBot/7~bl; +http://www.semrush.com/bot.html)"
173.212.246.91 - - [21/Sep/2022:07:48:11 +0200] "GET /aurora-figure-p-32164.html HTTP/1.0" 200 71928 "-" "Mozilla/5.0 (compatible; MJ12bot/v1.4.8; http://mj12bot.com/)"
173.212.246.91 - - [21/Sep/2022:07:48:15 +0200] "GET /austin-mini-cooper-large-metal-plate-deco-p-33724.html HTTP/1.0" 200 72026 "-" "Mozilla/5.0 (compatible; MJ12bot/v1.4.8; http://mj12bot.com/)"
173.212.246.91 - - [21/Sep/2022:07:48:20 +0200] "GET /austin-mini-metal-plate-p-33711.html HTTP/1.0" 200 74570 "-" "Mozilla/5.0 (compatible; MJ12bot/v1.4.8; http://mj12bot.com/)"
54.36.148.140 - - [21/Sep/2022:07:48:21 +0200] "GET /egyptian-queen-nefertiti-statuette-bronze-aspect-resin-p-52829.html HTTP/1.0" 200 74825 "-" "Mozilla/5.0 (compatible; AhrefsBot/7.0; +http://ahrefs.com/robot/)"
173.212.246.91 - - [21/Sep/2022:07:48:26 +0200] "GET /avengers-lunchbox-p-37539.html HTTP/1.0" 200 71930 "-" "Mozilla/5.0 (compatible; MJ12bot/v1.4.8; http://mj12bot.com/)"
173.212.246.91 - - [21/Sep/2022:07:48:30 +0200] "GET /avengers-marvel-kids-school-p-36229.html HTTP/1.0" 200 74804 "-" "Mozilla/5.0 (compatible; MJ12bot/v1.4.8; http://mj12bot.com/)"
66.249.66.212 - - [21/Sep/2022:07:48:34 +0200] "GET /images/mini_prod/1900514906159.jpg HTTP/1.0" 200 269 "-" "Mozilla/5.0 (compatible; Googlebot/2.1; +http://www.google.com/bot.html)"
37.230.186.130 - - [21/Sep/2022:07:48:34 +0200] "GET /images/mini_prod/1300000022545.jpg HTTP/1.0" 200 269 "-" "Python/3.7 aiohttp/3.8.1"
173.212.246.91 - - [21/Sep/2022:07:48:34 +0200] "GET /avengers-marvel-kids-school-p-36230.html HTTP/1.0" 200 71990 "-" "Mozilla/5.0 (compatible; MJ12bot/v1.4.8; http://mj12bot.com/)"
173.212.246.91 - - [21/Sep/2022:07:48:40 +0200] "GET /avengers-marvel-p-31619.html HTTP/1.0" 200 75514 "-" "Mozilla/5.0 (compatible; MJ12bot/v1.4.8; http://mj12bot.com/)"
66.249.81.148 - - [21/Sep/2022:07:48:49 +0200] "GET /images/big_prod/4029825006512.jpg HTTP/1.0" 200 268 "-" "Mozilla/5.0 (Windows NT 5.1; rv:11.0) Gecko Firefox/11.0 (via ggpht.com GoogleImageProxy)"
173.212.246.91 - - [21/Sep/2022:07:48:48 +0200] "GET /avengers-p-37514.html HTTP/1.0" 200 71902 "-" "Mozilla/5.0 (compatible; MJ12bot/v1.4.8; http://mj12bot.com/)"
173.212.246.91 - - [21/Sep/2022:07:48:52 +0200] "GET /avengers-small-suitcase-with-wheels-p-34794.html HTTP/1.0" 200 72038 "-" "Mozilla/5.0 (compatible; MJ12bot/v1.4.8; http://mj12bot.com/)"
66.249.81.148 - - [21/Sep/2022:07:48:55 +0200] "GET /images/big_prod_1/4029825005416B.jpg HTTP/1.0" 200 271 "-" "Mozilla/5.0 (Windows NT 5.1; rv:11.0) Gecko Firefox/11.0 (via ggpht.com GoogleImageProxy)"
173.212.246.91 - - [21/Sep/2022:07:48:56 +0200] "GET /aztec-mini-ceramic-flower-black-p-55312.html HTTP/1.0" 200 75386 "-" "Mozilla/5.0 (compatible; MJ12bot/v1.4.8; http://mj12bot.com/)"
173.212.246.91 - - [21/Sep/2022:07:49:01 +0200] "GET /aztec-mini-ceramic-flower-white-p-55314.html HTTP/1.0" 200 75410 "-" "Mozilla/5.0 (compatible; MJ12bot/v1.4.8; http://mj12bot.com/)"
35.225.87.87 - - [21/Sep/2022:07:49:05 +0200] "GET /images/big_prod_2/3442440302790z.jpg HTTP/1.0" 200 271 "-" "Mozilla/5.0 (X11; Ubuntu; Linux x86_64; rv:72.0) Gecko/20100101 Firefox/72.0"
173.212.246.91 - - [21/Sep/2022:07:49:06 +0200] "GET /babuchka-kimmidoll-green-grey-coin-purse-p-33205.html HTTP/1.0" 200 72072 "-" "Mozilla/5.0 (compatible; MJ12bot/v1.4.8; http://mj12bot.com/)"
185.191.171.8 - - [21/Sep/2022:07:49:09 +0200] "GET /miso-cute-kimmidoll-love-pen-p-21767.html HTTP/1.0" 301 79057 "-" "Mozilla/5.0 (compatible; SemrushBot/7~bl; +http://www.semrush.com/bot.html)"
173.212.246.91 - - [21/Sep/2022:07:49:11 +0200] "GET /bamboo-fiber-plant-cover-p-55350.html HTTP/1.0" 200 75118 "-" "Mozilla/5.0 (compatible; MJ12bot/v1.4.8; http://mj12bot.com/)"
185.191.171.25 - - [21/Sep/2022:07:49:12 +0200] "GET /miso-cute-kimmidoll-love-p-21767.html HTTP/1.0" 200 78966 "-" "Mozilla/5.0 (compatible; SemrushBot/7~bl; +http://www.semrush.com/bot.html)"
173.212.246.91 - - [21/Sep/2022:07:49:15 +0200] "GET /bamboo-fiber-plant-cover-p-55351.html HTTP/1.0" 200 75144 "-" "Mozilla/5.0 (compatible; MJ12bot/v1.4.8; http://mj12bot.com/)"
173.212.246.91 - - [21/Sep/2022:07:49:18 +0200] "GET /bamboo-wall-sticker-p-42966.html HTTP/1.0" 200 75151 "-" "Mozilla/5.0 (compatible; MJ12bot/v1.4.8; http://mj12bot.com/)"
173.212.246.91 - - [21/Sep/2022:07:49:22 +0200] "GET /barbabeau-apron-p-30342.html HTTP/1.0" 200 71938 "-" "Mozilla/5.0 (compatible; MJ12bot/v1.4.8; http://mj12bot.com/)"
185.191.171.4 - - [21/Sep/2022:07:49:25 +0200] "GET /gorjuss-shopping-p-29454.html HTTP/1.0" 200 75249 "-" "Mozilla/5.0 (compatible; SemrushBot/7~bl; +http://www.semrush.com/bot.html)"
173.212.246.91 - - [21/Sep/2022:07:49:25 +0200] "GET /barrot-kitchen-towel-p-43062.html HTTP/1.0" 200 74478 "-" "Mozilla/5.0 (compatible; MJ12bot/v1.4.8; http://mj12bot.com/)"
173.212.246.91 - - [21/Sep/2022:07:49:30 +0200] "GET /baskets-magazine-rack-p-50693.html HTTP/1.0" 200 75589 "-" "Mozilla/5.0 (compatible; MJ12bot/v1.4.8; http://mj12bot.com/)"
185.191.171.12 - - [21/Sep/2022:07:49:33 +0200] "GET /corsica-metal-plate-deco-p-50943.html HTTP/1.0" 301 71939 "-" "Mozilla/5.0 (compatible; SemrushBot/7~bl; +http://www.semrush.com/bot.html)"
173.212.246.91 - - [21/Sep/2022:07:49:33 +0200] "GET /beatles-abbey-road-ivory-large-bowling-p-7112.html HTTP/1.0" 200 72020 "-" "Mozilla/5.0 (compatible; MJ12bot/v1.4.8; http://mj12bot.com/)"
185.191.171.8 - - [21/Sep/2022:07:49:36 +0200] "GET /-p-50943.html HTTP/1.0" 200 71872 "-" "Mozilla/5.0 (compatible; SemrushBot/7~bl; +http://www.semrush.com/bot.html)"
173.212.246.91 - - [21/Sep/2022:07:49:38 +0200] "GET /beatles-apple-pink-cover-ipad-tablets-p-17620.html HTTP/1.0" 200 74889 "-" "Mozilla/5.0 (compatible; MJ12bot/v1.4.8; http://mj12bot.com/)"
66.249.66.214 - - [21/Sep/2022:07:49:38 +0200] "GET /ul13-large-metal-plate-deco-p-34120.html HTTP/1.0" 200 74560 "-" "Mozilla/5.0 (compatible; Googlebot/2.1; +http://www.google.com/bot.html)"
173.212.246.91 - - [21/Sep/2022:07:49:41 +0200] "GET /beatles-sergent-peppers-black-cover-ipad-tablets-p-17618.html HTTP/1.0" 200 74979 "-" "Mozilla/5.0 (compatible; MJ12bot/v1.4.8; http://mj12bot.com/)"
