54.91.42.203 - - [21/Sep/2022:04:36:07 +0200] "GET /images/mini_prod/9316188077521.jpg HTTP/1.0" 200 269 "-" "Mozilla/5.0 (X11; Ubuntu; Linux x86_64; rv:72.0) Gecko/20100101 Firefox/72.0"
149.202.82.11 - - [21/Sep/2022:04:36:07 +0200] "GET /-p-19986.html HTTP/1.0" 200 71872 "-" "Mozilla/5.0 (compatible; MJ12bot/v1.4.8; http://mj12bot.com/)"
135.181.180.59 - - [21/Sep/2022:04:36:09 +0200] "GET /jerry-toddler-flatware-p-14878.html HTTP/1.0" 200 74990 "-" "Mozilla/5.0 (compatible; MJ12bot/v1.4.8; http://mj12bot.com/)"
185.191.171.40 - - [21/Sep/2022:04:36:12 +0200] "GET /shooter-the-mona-lisa-p-38614.html HTTP/1.0" 301 74545 "-" "Mozilla/5.0 (compatible; SemrushBot/7~bl; +http://www.semrush.com/bot.html)"
135.181.180.59 - - [21/Sep/2022:04:36:12 +0200] "GET /johnny-hallyday-sun-large-lamp-p-10437.html HTTP/1.0" 301 71939 "-" "Mozilla/5.0 (compatible; MJ12bot/v1.4.8; http://mj12bot.com/)"
185.191.171.9 - - [21/Sep/2022:04:36:15 +0200] "GET /shooter-mona-lisa-p-38614.html HTTP/1.0" 200 74461 "-" "Mozilla/5.0 (compatible; SemrushBot/7~bl; +http://www.semrush.com/bot.html)"
135.181.180.59 - - [21/Sep/2022:04:36:16 +0200] "GET /-p-10437.html HTTP/1.0" 200 71872 "-" "Mozilla/5.0 (compatible; MJ12bot/v1.4.8; http://mj12bot.com/)"
135.181.180.59 - - [21/Sep/2022:04:36:20 +0200] "GET /jojo-and-his-airplane-friction-p-21903.html HTTP/1.0" 301 71939 "-" "Mozilla/5.0 (compatible; MJ12bot/v1.4.8; http://mj12bot.com/)"
135.181.180.59 - - [21/Sep/2022:04:36:22 +0200] "GET /-p-21903.html HTTP/1.0" 200 71872 "-" "Mozilla/5.0 (compatible; MJ12bot/v1.4.8; http://mj12bot.com/)"
149.202.82.11 - - [21/Sep/2022:04:36:23 +0200] "GET /disney-princess-kids-school-bag-p-14535.html HTTP/1.0" 301 72072 "-" "Mozilla/5.0 (compatible; MJ12bot/v1.4.8; http://mj12bot.com/)"
54.36.148.182 - - [21/Sep/2022:04:36:23 +0200] "GET /ceramic-salt-selena-p-57243.html HTTP/1.0" 200 74518 "-" "Mozilla/5.0 (compatible; AhrefsBot/7.0; +http://ahrefs.com/robot/)"
135.181.180.59 - - [21/Sep/2022:04:36:25 +0200] "GET /jolly-angel-nici-charm-smartphone-plug-p-33459.html HTTP/1.0" 200 72014 "-" "Mozilla/5.0 (compatible; MJ12bot/v1.4.8; http://mj12bot.com/)"
135.181.180.59 - - [21/Sep/2022:04:36:28 +0200] "GET /julie-bedclothes-140-200-cm-p-51606.html HTTP/1.0" 301 71939 "-" "Mozilla/5.0 (compatible; MJ12bot/v1.4.8; http://mj12bot.com/)"
54.36.149.53 - - [21/Sep/2022:04:36:31 +0200] "GET /images/big_prod/3503420163180.jpg HTTP/1.0" 200 268 "-" "Mozilla/5.0 (compatible; AhrefsBot/7.0; +http://ahrefs.com/robot/)"
135.181.180.59 - - [21/Sep/2022:04:36:31 +0200] "GET /-p-51606.html HTTP/1.0" 200 71872 "-" "Mozilla/5.0 (compatible; MJ12bot/v1.4.8; http://mj12bot.com/)"
135.181.180.59 - - [21/Sep/2022:04:36:33 +0200] "GET /keep-calm-metal-plate-deco-p-37229.html HTTP/1.0" 200 74535 "-" "Mozilla/5.0 (compatible; MJ12bot/v1.4.8; http://mj12bot.com/)"
185.191.171.9 - - [21/Sep/2022:04:36:35 +0200] "GET /gorjuss-cards-supplied-with-an-envelope-hush-little-bunny-p-48375.html HTTP/1.0" 301 74987 "-" "Mozilla/5.0 (compatible; SemrushBot/7~bl; +http://www.semrush.com/bot.html)"
135.181.180.59 - - [21/Sep/2022:04:36:36 +0200] "GET /kitten-cardboard-p-27643.html HTTP/1.0" 200 74717 "-" "Mozilla/5.0 (compatible; MJ12bot/v1.4.8; http://mj12bot.com/)"
149.202.82.11 - - [21/Sep/2022:04:36:38 +0200] "GET /disney-princess-kids-school-p-14535.html HTTP/1.0" 200 71978 "-" "Mozilla/5.0 (compatible; MJ12bot/v1.4.8; http://mj12bot.com/)"
135.181.180.59 - - [21/Sep/2022:04:36:39 +0200] "GET /kothai-union-jack-alarm-clock-p-13750.html HTTP/1.0" 200 74706 "-" "Mozilla/5.0 (compatible; MJ12bot/v1.4.8; http://mj12bot.com/)"
185.191.171.26 - - [21/Sep/2022:04:36:39 +0200] "GET /gorjuss-cards-supplied-with-envelope-hush-little-bunny-p-48375.html HTTP/1.0" 200 74866 "-" "Mozilla/5.0 (compatible; SemrushBot/7~bl; +http://www.semrush.com/bot.html)"
135.181.180.59 - - [21/Sep/2022:04:36:42 +0200] "GET /laissez-lucie-faire-card-holders-p-29299.html HTTP/1.0" 200 72023 "-" "Mozilla/5.0 (compatible; MJ12bot/v1.4.8; http://mj12bot.com/)"
135.181.180.59 - - [21/Sep/2022:04:36:45 +0200] "GET /laissez-lucie-faire-card-holders-p-29300.html HTTP/1.0" 200 72023 "-" "Mozilla/5.0 (compatible; MJ12bot/v1.4.8; http://mj12bot.com/)"
66.249.66.210 - - [21/Sep/2022:04:36:47 +0200] "GET /images/mini_prod/3700572740249.jpg HTTP/1.0" 200 269 "-" "Googlebot-Image/1.0"
135.181.180.59 - - [21/Sep/2022:04:36:48 +0200] "GET /laissez-lucie-faire-card-holders-p-29301.html HTTP/1.0" 200 72023 "-" "Mozilla/5.0 (compatible; MJ12bot/v1.4.8; http://mj12bot.com/)"
135.181.180.59 - - [21/Sep/2022:04:36:50 +0200] "GET /laissez-lucie-faire-card-holders-p-29303.html HTTP/1.0" 200 72023 "-" "Mozilla/5.0 (compatible; MJ12bot/v1.4.8; http://mj12bot.com/)"
135.181.180.59 - - [21/Sep/2022:04:36:53 +0200] "GET /laissez-lucie-faire-paris-p-31090.html HTTP/1.0" 200 75140 "-" "Mozilla/5.0 (compatible; MJ12bot/v1.4.8; http://mj12bot.com/)"
54.36.148.128 - - [21/Sep/2022:04:36:54 +0200] "GET /support-metal-bottle-the-guitarist-p-41012.html HTTP/1.0" 301 74735 "-" "Mozilla/5.0 (compatible; AhrefsBot/7.0; +http://ahrefs.com/robot/)"
135.181.180.59 - - [21/Sep/2022:04:36:56 +0200] "GET /laissez-lucie-faire-purse-clip-closure-p-29316.html HTTP/1.0" 200 72053 "-" "Mozilla/5.0 (compatible; MJ12bot/v1.4.8; http://mj12bot.com/)"
149.202.82.11 - - [21/Sep/2022:04:36:58 +0200] "GET /disney-princess-kids-school-p-14535.html HTTP/1.0" 200 71978 "-" "Mozilla/5.0 (compatible; MJ12bot/v1.4.8; http://mj12bot.com/)"
135.181.180.59 - - [21/Sep/2022:04:36:59 +0200] "GET /large-candle-christmas-night-p-42619.html HTTP/1.0" 200 72021 "-" "Mozilla/5.0 (compatible; MJ12bot/v1.4.8; http://mj12bot.com/)"
135.181.180.59 - - [21/Sep/2022:04:37:02 +0200] "GET /large-candle-hours-christmas-cupcake-p-33007.html HTTP/1.0" 200 75881 "-" "Mozilla/5.0 (compatible; MJ12bot/v1.4.8; http://mj12bot.com/)"
114.119.137.3 - - [21/Sep/2022:04:37:04 +0200] "GET /isaline-bedclothes-260-240-cm-p-50846.html HTTP/1.0" 301 71939 "http://www.wonder-geek.com/household-linen-c-11.html?page=73" "Mozilla/5.0 (Linux; Android 7.0;) AppleWebKit/537.36 (KHTML, like Gecko) Mobile Safari/537.36 (compatible; PetalBot;+https://webmaster.petalsearch.com/site/petalbot)"
114.119.137.3 - - [21/Sep/2022:04:37:06 +0200] "GET /-p-50846.html HTTP/1.0" 200 71872 "http://www.wonder-geek.com/household-linen-c-11.html?page=73" "Mozilla/5.0 (Linux; Android 7.0;) AppleWebKit/537.36 (KHTML, like Gecko) Mobile Safari/537.36 (compatible; PetalBot;+https://webmaster.petalsearch.com/site/petalbot)"
135.181.180.59 - - [21/Sep/2022:04:37:05 +0200] "GET /large-candle-hours-jasmine-daydream-p-33009.html HTTP/1.0" 200 75884 "-" "Mozilla/5.0 (compatible; MJ12bot/v1.4.8; http://mj12bot.com/)"
135.181.180.59 - - [21/Sep/2022:04:37:09 +0200] "GET /large-candle-hours-simply-p-33016.html HTTP/1.0" 200 75770 "-" "Mozilla/5.0 (compatible; MJ12bot/v1.4.8; http://mj12bot.com/)"
54.36.148.38 - - [21/Sep/2022:04:37:10 +0200] "GET /flower-pots-c-13_275.html?page=2 HTTP/1.0" 200 94573 "-" "Mozilla/5.0 (compatible; AhrefsBot/7.0; +http://ahrefs.com/robot/)"
135.181.180.59 - - [21/Sep/2022:04:37:12 +0200] "GET /large-candle-hours-sweet-black-cherries-p-33014.html HTTP/1.0" 200 75866 "-" "Mozilla/5.0 (compatible; MJ12bot/v1.4.8; http://mj12bot.com/)"
135.181.180.59 - - [21/Sep/2022:04:37:15 +0200] "GET /large-candle-hours-waiting-santa-p-33008.html HTTP/1.0" 200 72062 "-" "Mozilla/5.0 (compatible; MJ12bot/v1.4.8; http://mj12bot.com/)"
66.249.66.214 - - [21/Sep/2022:04:37:16 +0200] "GET /boho-canvas-frame-dream-catcher-p-39217.html HTTP/1.0" 200 75358 "-" "Mozilla/5.0 (compatible; Googlebot/2.1; +http://www.google.com/bot.html)"
149.202.82.11 - - [21/Sep/2022:04:37:16 +0200] "GET /disney-princess-personal-diary-p-17198.html HTTP/1.0" 200 71982 "-" "Mozilla/5.0 (compatible; MJ12bot/v1.4.8; http://mj12bot.com/)"
135.181.180.59 - - [21/Sep/2022:04:37:18 +0200] "GET /large-elmer-training-bottle-p-15257.html HTTP/1.0" 200 71998 "-" "Mozilla/5.0 (compatible; MJ12bot/v1.4.8; http://mj12bot.com/)"
135.181.180.59 - - [21/Sep/2022:04:37:20 +0200] "GET /large-graphic-tray-p-44934.html HTTP/1.0" 200 71971 "-" "Mozilla/5.0 (compatible; MJ12bot/v1.4.8; http://mj12bot.com/)"
135.181.180.59 - - [21/Sep/2022:04:37:23 +0200] "GET /lavender-provence-little-tray-p-39727.html HTTP/1.0" 200 74709 "-" "Mozilla/5.0 (compatible; MJ12bot/v1.4.8; http://mj12bot.com/)"
135.181.180.59 - - [21/Sep/2022:04:37:26 +0200] "GET /lavender-wall-sticker-p-52219.html HTTP/1.0" 200 75217 "-" "Mozilla/5.0 (compatible; MJ12bot/v1.4.8; http://mj12bot.com/)"
135.181.180.59 - - [21/Sep/2022:04:37:29 +0200] "GET /laying-ceramic-money-p-35399.html HTTP/1.0" 200 71987 "-" "Mozilla/5.0 (compatible; MJ12bot/v1.4.8; http://mj12bot.com/)"
149.202.82.11 - - [21/Sep/2022:04:37:31 +0200] "GET /disney-princess-pink-tee-shirt-p-30847.html HTTP/1.0" 301 71939 "-" "Mozilla/5.0 (compatible; MJ12bot/v1.4.8; http://mj12bot.com/)"
135.181.180.59 - - [21/Sep/2022:04:37:32 +0200] "GET /libra-classic-cbkreation-p-29031.html HTTP/1.0" 200 74488 "-" "Mozilla/5.0 (compatible; MJ12bot/v1.4.8; http://mj12bot.com/)"
135.181.180.59 - - [21/Sep/2022:04:37:35 +0200] "GET /little-buddha-retractable-ballpoint-yellow-p-43068.html HTTP/1.0" 200 74766 "-" "Mozilla/5.0 (compatible; MJ12bot/v1.4.8; http://mj12bot.com/)"
135.181.180.59 - - [21/Sep/2022:04:37:39 +0200] "GET /little-pony-mini-glitter-shake-shine-p-31919.html HTTP/1.0" 200 75023 "-" "Mozilla/5.0 (compatible; MJ12bot/v1.4.8; http://mj12bot.com/)"
135.181.180.59 - - [21/Sep/2022:04:37:41 +0200] "GET /little-prince-exupry-rose-p-57947.html HTTP/1.0" 200 75320 "-" "Mozilla/5.0 (compatible; MJ12bot/v1.4.8; http://mj12bot.com/)"
149.202.82.11 - - [21/Sep/2022:04:37:44 +0200] "GET /-p-30847.html HTTP/1.0" 200 71872 "-" "Mozilla/5.0 (compatible; MJ12bot/v1.4.8; http://mj12bot.com/)"
135.181.180.59 - - [21/Sep/2022:04:37:45 +0200] "GET /little-prince-exupry-rose-p-57948.html HTTP/1.0" 200 75320 "-" "Mozilla/5.0 (compatible; MJ12bot/v1.4.8; http://mj12bot.com/)"
34.67.96.123 - - [21/Sep/2022:04:37:46 +0200] "GET /images/mini_prod/3453131080910.jpg HTTP/1.0" 200 269 "-" "Mozilla/5.0 (X11; Ubuntu; Linux x86_64; rv:72.0) Gecko/20100101 Firefox/72.0"
135.181.180.59 - - [21/Sep/2022:04:37:48 +0200] "GET /little-prince-pink-apron-p-10315.html HTTP/1.0" 200 75283 "-" "Mozilla/5.0 (compatible; MJ12bot/v1.4.8; http://mj12bot.com/)"
135.181.180.59 - - [21/Sep/2022:04:37:51 +0200] "GET /littlest-petshop-cap-54-cm-p-22260.html HTTP/1.0" 301 71939 "-" "Mozilla/5.0 (compatible; MJ12bot/v1.4.8; http://mj12bot.com/)"
135.181.180.59 - - [21/Sep/2022:04:37:53 +0200] "GET /-p-22260.html HTTP/1.0" 200 71872 "-" "Mozilla/5.0 (compatible; MJ12bot/v1.4.8; http://mj12bot.com/)"
135.181.180.59 - - [21/Sep/2022:04:37:56 +0200] "GET /littlest-petshop-cap-54-cm-p-22262.html HTTP/1.0" 301 71939 "-" "Mozilla/5.0 (compatible; MJ12bot/v1.4.8; http://mj12bot.com/)"
135.181.180.59 - - [21/Sep/2022:04:37:59 +0200] "GET /-p-22262.html HTTP/1.0" 200 71872 "-" "Mozilla/5.0 (compatible; MJ12bot/v1.4.8; http://mj12bot.com/)"
54.36.148.88 - - [21/Sep/2022:04:38:00 +0200] "GET /ginkgo-espresso-p-56487.html HTTP/1.0" 200 74515 "-" "Mozilla/5.0 (compatible; AhrefsBot/7.0; +http://ahrefs.com/robot/)"
185.191.171.25 - - [21/Sep/2022:04:38:01 +0200] "GET /new-york-and-statue-of-liberty-stickers-p-35378.html HTTP/1.0" 301 71939 "-" "Mozilla/5.0 (compatible; SemrushBot/7~bl; +http://www.semrush.com/bot.html)"
149.202.82.11 - - [21/Sep/2022:04:38:03 +0200] "GET /disney-princess-wooden-p-32611.html HTTP/1.0" 200 71985 "-" "Mozilla/5.0 (compatible; MJ12bot/v1.4.8; http://mj12bot.com/)"
135.181.180.59 - - [21/Sep/2022:04:38:02 +0200] "GET /littlest-petshop-p-22262.html HTTP/1.0" 301 71939 "-" "Mozilla/5.0 (compatible; MJ12bot/v1.4.8; http://mj12bot.com/)"
185.191.171.22 - - [21/Sep/2022:04:38:05 +0200] "GET /-p-35378.html HTTP/1.0" 200 71872 "-" "Mozilla/5.0 (compatible; SemrushBot/7~bl; +http://www.semrush.com/bot.html)"
135.181.180.59 - - [21/Sep/2022:04:38:05 +0200] "GET /-p-22262.html HTTP/1.0" 200 71872 "-" "Mozilla/5.0 (compatible; MJ12bot/v1.4.8; http://mj12bot.com/)"
135.181.180.59 - - [21/Sep/2022:04:38:08 +0200] "GET /london-p-26185.html HTTP/1.0" 200 74388 "-" "Mozilla/5.0 (compatible; MJ12bot/v1.4.8; http://mj12bot.com/)"
135.181.180.59 - - [21/Sep/2022:04:38:11 +0200] "GET /luna-desk-blotter-p-37821.html HTTP/1.0" 200 71938 "-" "Mozilla/5.0 (compatible; MJ12bot/v1.4.8; http://mj12bot.com/)"
135.181.180.59 - - [21/Sep/2022:04:38:14 +0200] "GET /luna-disney-apron-chef-p-37538.html HTTP/1.0" 200 74563 "-" "Mozilla/5.0 (compatible; MJ12bot/v1.4.8; http://mj12bot.com/)"
135.181.180.59 - - [21/Sep/2022:04:38:17 +0200] "GET /mademoiselle-paris-p-22224.html HTTP/1.0" 200 71971 "-" "Mozilla/5.0 (compatible; MJ12bot/v1.4.8; http://mj12bot.com/)"
149.202.82.11 - - [21/Sep/2022:04:38:18 +0200] "GET /disney-princess-writing-p-2084.html HTTP/1.0" 200 74838 "-" "Mozilla/5.0 (compatible; MJ12bot/v1.4.8; http://mj12bot.com/)"
135.181.180.59 - - [21/Sep/2022:04:38:20 +0200] "GET /magnet-betty-boop-kiss-p-15269.html HTTP/1.0" 200 71973 "-" "Mozilla/5.0 (compatible; MJ12bot/v1.4.8; http://mj12bot.com/)"
135.181.180.59 - - [21/Sep/2022:04:38:23 +0200] "GET /maisy-little-bowling-oilcloth-p-15248.html HTTP/1.0" 200 71988 "-" "Mozilla/5.0 (compatible; MJ12bot/v1.4.8; http://mj12bot.com/)"
149.202.82.11 - - [21/Sep/2022:04:38:25 +0200] "GET /doggy-mustache-gentleman-decorative-statue-p-31498.html HTTP/1.0" 200 72030 "-" "Mozilla/5.0 (compatible; MJ12bot/v1.4.8; http://mj12bot.com/)"
135.181.180.59 - - [21/Sep/2022:04:38:25 +0200] "GET /maisy-melamine-baby-dinner-p-9329.html HTTP/1.0" 200 71972 "-" "Mozilla/5.0 (compatible; MJ12bot/v1.4.8; http://mj12bot.com/)"
114.119.137.3 - - [21/Sep/2022:04:38:28 +0200] "GET /images/big_prod/4029811447817.jpg HTTP/1.0" 200 268 "http://www.wonder-geek.com/tequila-wooden-board-p-58416.html" "Mozilla/5.0 (Linux; Android 7.0;) AppleWebKit/537.36 (KHTML, like Gecko) Mobile Safari/537.36 (compatible; PetalBot;+https://webmaster.petalsearch.com/site/petalbot)"
135.181.180.59 - - [21/Sep/2022:04:38:28 +0200] "GET /makeup-retro-school-p-37593.html HTTP/1.0" 200 74659 "-" "Mozilla/5.0 (compatible; MJ12bot/v1.4.8; http://mj12bot.com/)"
135.181.180.59 - - [21/Sep/2022:04:38:31 +0200] "GET /maman-elle-dchire-white-shirt-p-48998.html HTTP/1.0" 200 76559 "-" "Mozilla/5.0 (compatible; MJ12bot/v1.4.8; http://mj12bot.com/)"
135.181.180.59 - - [21/Sep/2022:04:38:34 +0200] "GET /marilyn-monroe-black-vertical-shopping-p-39787.html HTTP/1.0" 200 72065 "-" "Mozilla/5.0 (compatible; MJ12bot/v1.4.8; http://mj12bot.com/)"
135.181.180.59 - - [21/Sep/2022:04:38:37 +0200] "GET /mcstruffins-wastebasket-p-27777.html HTTP/1.0" 200 74559 "-" "Mozilla/5.0 (compatible; MJ12bot/v1.4.8; http://mj12bot.com/)"
135.181.180.59 - - [21/Sep/2022:04:38:40 +0200] "GET /metal-beer-bucket-p-54342.html HTTP/1.0" 200 75074 "-" "Mozilla/5.0 (compatible; MJ12bot/v1.4.8; http://mj12bot.com/)"
149.202.82.11 - - [21/Sep/2022:04:38:40 +0200] "GET /dollar-cbkreation-p-14046.html HTTP/1.0" 200 74476 "-" "Mozilla/5.0 (compatible; MJ12bot/v1.4.8; http://mj12bot.com/)"
39.51.251.244 - - [21/Sep/2022:04:38:41 +0200] "GET /california-khaki-shoulder-bag-p-37121.html HTTP/1.0" 301 74992 "-" "Mozilla/5.0 (Macintosh; Intel Mac OS X 12_5) AppleWebKit/537.36 (KHTML, like Gecko) Chrome/103.0.0.0 Safari/537.36 Vivaldi/5.3.2679.68"
135.181.180.59 - - [21/Sep/2022:04:38:43 +0200] "GET /mickey-ceiling-light-p-33141.html HTTP/1.0" 200 71958 "-" "Mozilla/5.0 (compatible; MJ12bot/v1.4.8; http://mj12bot.com/)"
39.51.251.244 - - [21/Sep/2022:04:38:44 +0200] "GET /california-khaki-shoulder-p-37121.html HTTP/1.0" 200 74900 "-" "Mozilla/5.0 (Macintosh; Intel Mac OS X 12_5) AppleWebKit/537.36 (KHTML, like Gecko) Chrome/103.0.0.0 Safari/537.36 Vivaldi/5.3.2679.68"
135.181.180.59 - - [21/Sep/2022:04:38:46 +0200] "GET /mickey-mouse-p-28176.html HTTP/1.0" 200 71918 "-" "Mozilla/5.0 (compatible; MJ12bot/v1.4.8; http://mj12bot.com/)"
39.51.251.244 - - [21/Sep/2022:04:38:47 +0200] "GET /contact_us.php HTTP/1.0" 200 26241 "http://www.wonder-geek.com/california-khaki-shoulder-bag-p-37121.html" "Mozilla/5.0 (Macintosh; Intel Mac OS X 12_5) AppleWebKit/537.36 (KHTML, like Gecko) Chrome/103.0.0.0 Safari/537.36 Vivaldi/5.3.2679.68"
39.51.251.244 - - [21/Sep/2022:04:38:48 +0200] "GET /images/pixel_trans.gif HTTP/1.0" 200 328 "http://www.wonder-geek.com/contact_us.php?action=send" "Mozilla/5.0 (Macintosh; Intel Mac OS X 12_5) AppleWebKit/537.36 (KHTML, like Gecko) Chrome/103.0.0.0 Safari/537.36 Vivaldi/5.3.2679.68"
39.51.251.244 - - [21/Sep/2022:04:38:49 +0200] "GET /images/pixel_trans.gif HTTP/1.0" 200 328 "http://www.wonder-geek.com/contact_us.php?action=send" "Mozilla/5.0 (Macintosh; Intel Mac OS X 12_5) AppleWebKit/537.36 (KHTML, like Gecko) Chrome/103.0.0.0 Safari/537.36 Vivaldi/5.3.2679.68"
135.181.180.59 - - [21/Sep/2022:04:38:48 +0200] "GET /mickey-mouse-p-28177.html HTTP/1.0" 200 71918 "-" "Mozilla/5.0 (compatible; MJ12bot/v1.4.8; http://mj12bot.com/)"
135.181.180.59 - - [21/Sep/2022:04:38:51 +0200] "GET /mickey-mouse-swimsuit-p-30668.html HTTP/1.0" 200 75971 "-" "Mozilla/5.0 (compatible; MJ12bot/v1.4.8; http://mj12bot.com/)"
135.181.180.59 - - [21/Sep/2022:04:38:54 +0200] "GET /mickey-mouse-vintage-suitcase-p-34769.html HTTP/1.0" 200 72026 "-" "Mozilla/5.0 (compatible; MJ12bot/v1.4.8; http://mj12bot.com/)"
54.36.148.221 - - [21/Sep/2022:04:38:56 +0200] "GET /corsica-mini-metal-tray-p-42355.html HTTP/1.0" 200 74591 "-" "Mozilla/5.0 (compatible; AhrefsBot/7.0; +http://ahrefs.com/robot/)"
149.202.82.11 - - [21/Sep/2022:04:38:56 +0200] "GET /donald-duck-great-wall-sticker-repositionable-p-18831.html HTTP/1.0" 200 74853 "-" "Mozilla/5.0 (compatible; MJ12bot/v1.4.8; http://mj12bot.com/)"
135.181.180.59 - - [21/Sep/2022:04:38:58 +0200] "GET /mini-luxy-ceramic-planter-p-55330.html HTTP/1.0" 200 74664 "-" "Mozilla/5.0 (compatible; MJ12bot/v1.4.8; http://mj12bot.com/)"
135.181.180.59 - - [21/Sep/2022:04:39:01 +0200] "GET /minnie-mouse-blue-mug-p-22484.html HTTP/1.0" 301 71939 "-" "Mozilla/5.0 (compatible; MJ12bot/v1.4.8; http://mj12bot.com/)"
135.181.180.59 - - [21/Sep/2022:04:39:03 +0200] "GET /-p-22484.html HTTP/1.0" 200 71872 "-" "Mozilla/5.0 (compatible; MJ12bot/v1.4.8; http://mj12bot.com/)"
149.202.82.11 - - [21/Sep/2022:04:39:05 +0200] "GET /door-wall-coat-green-van-p-37239.html HTTP/1.0" 301 71939 "-" "Mozilla/5.0 (compatible; MJ12bot/v1.4.8; http://mj12bot.com/)"
135.181.180.59 - - [21/Sep/2022:04:39:06 +0200] "GET /minnie-mouse-blue-p-22484.html HTTP/1.0" 301 71939 "-" "Mozilla/5.0 (compatible; MJ12bot/v1.4.8; http://mj12bot.com/)"
185.191.171.40 - - [21/Sep/2022:04:39:06 +0200] "GET /dishes-c-12.html?page=70 HTTP/1.0" 200 94593 "-" "Mozilla/5.0 (compatible; SemrushBot/7~bl; +http://www.semrush.com/bot.html)"
135.181.180.59 - - [21/Sep/2022:04:39:09 +0200] "GET /-p-22484.html HTTP/1.0" 200 71872 "-" "Mozilla/5.0 (compatible; MJ12bot/v1.4.8; http://mj12bot.com/)"
216.244.66.242 - - [21/Sep/2022:04:39:11 +0200] "GET /finding-dory-homework-notebooks-p-40846.html HTTP/1.0" 200 74898 "-" "Mozilla/5.0 (compatible; DotBot/1.2; +https://opensiteexplorer.org/dotbot; help@moz.com)"
149.202.82.11 - - [21/Sep/2022:04:39:12 +0200] "GET /-p-37239.html HTTP/1.0" 200 71872 "-" "Mozilla/5.0 (compatible; MJ12bot/v1.4.8; http://mj12bot.com/)"
135.181.180.59 - - [21/Sep/2022:04:39:12 +0200] "GET /minnie-mouse-mini-figurine-by-romero-britto-p-32582.html HTTP/1.0" 301 75796 "-" "Mozilla/5.0 (compatible; MJ12bot/v1.4.8; http://mj12bot.com/)"
135.181.180.59 - - [21/Sep/2022:04:39:16 +0200] "GET /minnie-mouse-mini-figurine-romero-britto-p-32582.html HTTP/1.0" 200 75689 "-" "Mozilla/5.0 (compatible; MJ12bot/v1.4.8; http://mj12bot.com/)"
185.191.171.1 - - [21/Sep/2022:04:39:16 +0200] "GET /metal-plate-wine-p-57509.html HTTP/1.0" 200 75095 "-" "Mozilla/5.0 (compatible; SemrushBot/7~bl; +http://www.semrush.com/bot.html)"
135.181.180.59 - - [21/Sep/2022:04:39:19 +0200] "GET /minnie-mouse-mini-figurine-romero-britto-p-32582.html HTTP/1.0" 200 75689 "-" "Mozilla/5.0 (compatible; MJ12bot/v1.4.8; http://mj12bot.com/)"
149.202.82.11 - - [21/Sep/2022:04:39:21 +0200] "GET /door-wall-coat-red-van-p-37238.html HTTP/1.0" 301 71939 "-" "Mozilla/5.0 (compatible; MJ12bot/v1.4.8; http://mj12bot.com/)"
135.181.180.59 - - [21/Sep/2022:04:39:21 +0200] "GET /mister-men-set-soft-bowling-game-p-5656.html HTTP/1.0" 301 71936 "-" "Mozilla/5.0 (compatible; MJ12bot/v1.4.8; http://mj12bot.com/)"
135.181.180.59 - - [21/Sep/2022:04:39:25 +0200] "GET /-p-5656.html HTTP/1.0" 200 71870 "-" "Mozilla/5.0 (compatible; MJ12bot/v1.4.8; http://mj12bot.com/)"
54.36.149.62 - - [21/Sep/2022:04:39:27 +0200] "GET /coffee-house-frame-with-led-p-46684.html HTTP/1.0" 301 74699 "-" "Mozilla/5.0 (compatible; AhrefsBot/7.0; +http://ahrefs.com/robot/)"
185.191.171.1 - - [21/Sep/2022:04:39:30 +0200] "GET /robots.txt HTTP/1.0" 200 245 "-" "Mozilla/5.0 (compatible; SemrushBot/7~bl; +http://www.semrush.com/bot.html)"
135.181.180.59 - - [21/Sep/2022:04:39:28 +0200] "GET /mister-men-soft-ball-p-26545.html HTTP/1.0" 301 71939 "-" "Mozilla/5.0 (compatible; MJ12bot/v1.4.8; http://mj12bot.com/)"
185.191.171.20 - - [21/Sep/2022:04:39:30 +0200] "GET /70-ashtray-circles-p-37718.html HTTP/1.0" 301 71939 "-" "Mozilla/5.0 (compatible; SemrushBot/7~bl; +http://www.semrush.com/bot.html)"
149.202.82.11 - - [21/Sep/2022:04:39:31 +0200] "GET /-p-37238.html HTTP/1.0" 200 71872 "-" "Mozilla/5.0 (compatible; MJ12bot/v1.4.8; http://mj12bot.com/)"
135.181.180.59 - - [21/Sep/2022:04:39:32 +0200] "GET /-p-26545.html HTTP/1.0" 200 71872 "-" "Mozilla/5.0 (compatible; MJ12bot/v1.4.8; http://mj12bot.com/)"
185.191.171.40 - - [21/Sep/2022:04:39:33 +0200] "GET /-p-37718.html HTTP/1.0" 200 71872 "-" "Mozilla/5.0 (compatible; SemrushBot/7~bl; +http://www.semrush.com/bot.html)"
135.181.180.59 - - [21/Sep/2022:04:39:35 +0200] "GET /mister-men-under-turtleneck-sweater-size-years-p-23763.html HTTP/1.0" 301 71939 "-" "Mozilla/5.0 (compatible; MJ12bot/v1.4.8; http://mj12bot.com/)"
135.181.180.59 - - [21/Sep/2022:04:39:38 +0200] "GET /-p-23763.html HTTP/1.0" 200 71872 "-" "Mozilla/5.0 (compatible; MJ12bot/v1.4.8; http://mj12bot.com/)"
216.244.66.242 - - [21/Sep/2022:04:39:39 +0200] "GET /pill-only-mirabelle-p-38204.html HTTP/1.0" 301 71939 "-" "Mozilla/5.0 (compatible; DotBot/1.2; +https://opensiteexplorer.org/dotbot; help@moz.com)"
135.181.180.59 - - [21/Sep/2022:04:39:41 +0200] "GET /mister-soft-ball-p-26545.html HTTP/1.0" 301 71939 "-" "Mozilla/5.0 (compatible; MJ12bot/v1.4.8; http://mj12bot.com/)"
135.181.180.59 - - [21/Sep/2022:04:39:44 +0200] "GET /-p-26545.html HTTP/1.0" 200 71872 "-" "Mozilla/5.0 (compatible; MJ12bot/v1.4.8; http://mj12bot.com/)"
135.181.180.59 - - [21/Sep/2022:04:39:46 +0200] "GET /mister-strong-round-pencil-case-p-20516.html HTTP/1.0" 200 75217 "-" "Mozilla/5.0 (compatible; MJ12bot/v1.4.8; http://mj12bot.com/)"
135.181.180.59 - - [21/Sep/2022:04:39:50 +0200] "GET /model-blue-messenger-p-34282.html HTTP/1.0" 200 71987 "-" "Mozilla/5.0 (compatible; MJ12bot/v1.4.8; http://mj12bot.com/)"
114.119.137.43 - - [21/Sep/2022:04:39:50 +0200] "GET /frozen-rectangular-mirror-p-31612.html HTTP/1.0" 200 74514 "http://www.wonder-geek.com/mirror-c-13_133.html" "Mozilla/5.0 (Linux; Android 7.0;) AppleWebKit/537.36 (KHTML, like Gecko) Mobile Safari/537.36 (compatible; PetalBot;+https://webmaster.petalsearch.com/site/petalbot)"
185.191.171.19 - - [21/Sep/2022:04:39:52 +0200] "GET /titeuf-sticker-p-24721.html HTTP/1.0" 200 75151 "-" "Mozilla/5.0 (compatible; SemrushBot/7~bl; +http://www.semrush.com/bot.html)"
135.181.180.59 - - [21/Sep/2022:04:39:52 +0200] "GET /model-creative-p-24981.html HTTP/1.0" 200 71957 "-" "Mozilla/5.0 (compatible; MJ12bot/v1.4.8; http://mj12bot.com/)"
135.181.180.59 - - [21/Sep/2022:04:39:55 +0200] "GET /model-criterium-p-35449.html HTTP/1.0" 200 74549 "-" "Mozilla/5.0 (compatible; MJ12bot/v1.4.8; http://mj12bot.com/)"
149.202.82.11 - - [21/Sep/2022:04:39:56 +0200] "GET /dopey-romero-britto-small-notebook-p-32418.html HTTP/1.0" 200 74665 "-" "Mozilla/5.0 (compatible; MJ12bot/v1.4.8; http://mj12bot.com/)"
135.181.180.59 - - [21/Sep/2022:04:39:58 +0200] "GET /model-fantasy-desk-blotter-p-26640.html HTTP/1.0" 200 72005 "-" "Mozilla/5.0 (compatible; MJ12bot/v1.4.8; http://mj12bot.com/)"
54.36.149.16 - - [21/Sep/2022:04:39:59 +0200] "GET /corsica-mini-metal-tray-p-44857.html HTTP/1.0" 200 74591 "-" "Mozilla/5.0 (compatible; AhrefsBot/7.0; +http://ahrefs.com/robot/)"
149.202.82.11 - - [21/Sep/2022:04:40:00 +0200] "GET /dora-explorer-bathrobe-size-years-p-12639.html HTTP/1.0" 200 72010 "-" "Mozilla/5.0 (compatible; MJ12bot/v1.4.8; http://mj12bot.com/)"
135.181.180.59 - - [21/Sep/2022:04:40:01 +0200] "GET /model-fantasy-pencil-case-p-23257.html HTTP/1.0" 200 72000 "-" "Mozilla/5.0 (compatible; MJ12bot/v1.4.8; http://mj12bot.com/)"
135.181.180.59 - - [21/Sep/2022:04:40:04 +0200] "GET /model-fantasy-pink-roller-ball-p-24984.html HTTP/1.0" 200 72025 "-" "Mozilla/5.0 (compatible; MJ12bot/v1.4.8; http://mj12bot.com/)"
216.244.66.242 - - [21/Sep/2022:04:40:05 +0200] "GET /soft-rattle-gund-pistachio-p-21884.html HTTP/1.0" 301 71939 "-" "Mozilla/5.0 (compatible; DotBot/1.2; +https://opensiteexplorer.org/dotbot; help@moz.com)"
135.181.180.59 - - [21/Sep/2022:04:40:07 +0200] "GET /model-fantasy-roller-ball-p-29907.html HTTP/1.0" 200 72000 "-" "Mozilla/5.0 (compatible; MJ12bot/v1.4.8; http://mj12bot.com/)"
135.181.180.59 - - [21/Sep/2022:04:40:10 +0200] "GET /model-fantasy-roller-ball-p-29909.html HTTP/1.0" 200 72000 "-" "Mozilla/5.0 (compatible; MJ12bot/v1.4.8; http://mj12bot.com/)"
149.202.82.11 - - [21/Sep/2022:04:40:12 +0200] "GET /dora-explorer-flowers-poster-p-32302.html HTTP/1.0" 200 74593 "-" "Mozilla/5.0 (compatible; MJ12bot/v1.4.8; http://mj12bot.com/)"
135.181.180.59 - - [21/Sep/2022:04:40:13 +0200] "GET /moroccan-ashtray-p-40799.html HTTP/1.0" 200 74480 "-" "Mozilla/5.0 (compatible; MJ12bot/v1.4.8; http://mj12bot.com/)"
135.181.180.59 - - [21/Sep/2022:04:40:17 +0200] "GET /moroccan-ashtray-p-40815.html HTTP/1.0" 200 74479 "-" "Mozilla/5.0 (compatible; MJ12bot/v1.4.8; http://mj12bot.com/)"
135.181.180.59 - - [21/Sep/2022:04:40:20 +0200] "GET /moulin-rouge-large-metal-plate-p-15321.html HTTP/1.0" 200 76797 "-" "Mozilla/5.0 (compatible; MJ12bot/v1.4.8; http://mj12bot.com/)"
185.191.171.6 - - [21/Sep/2022:04:40:22 +0200] "GET /minnie-mouse-large-disney-suitcase-p-31209.html HTTP/1.0" 200 72033 "-" "Mozilla/5.0 (compatible; SemrushBot/7~bl; +http://www.semrush.com/bot.html)"
135.181.180.59 - - [21/Sep/2022:04:40:23 +0200] "GET /mustache-necktie-p-24310.html HTTP/1.0" 200 74760 "-" "Mozilla/5.0 (compatible; MJ12bot/v1.4.8; http://mj12bot.com/)"
149.202.82.11 - - [21/Sep/2022:04:40:27 +0200] "GET /dora-explorer-laces-p-22274.html HTTP/1.0" 200 74426 "-" "Mozilla/5.0 (compatible; MJ12bot/v1.4.8; http://mj12bot.com/)"
135.181.180.59 - - [21/Sep/2022:04:40:27 +0200] "GET /new-york-set-of-12-magnets-p-32902.html HTTP/1.0" 301 71939 "-" "Mozilla/5.0 (compatible; MJ12bot/v1.4.8; http://mj12bot.com/)"
135.181.180.59 - - [21/Sep/2022:04:40:31 +0200] "GET /-p-32902.html HTTP/1.0" 200 71872 "-" "Mozilla/5.0 (compatible; MJ12bot/v1.4.8; http://mj12bot.com/)"
135.181.180.59 - - [21/Sep/2022:04:40:34 +0200] "GET /new-york-small-cushion-by-cbk-30-cm-p-17318.html HTTP/1.0" 301 71939 "-" "Mozilla/5.0 (compatible; MJ12bot/v1.4.8; http://mj12bot.com/)"
66.249.66.212 - - [21/Sep/2022:04:40:34 +0200] "GET /nightmare-before-xmas-mayor-p-49394.html HTTP/1.0" 200 75904 "-" "Mozilla/5.0 (Linux; Android 6.0.1; Nexus 5X Build/MMB29P) AppleWebKit/537.36 (KHTML, like Gecko) Chrome/105.0.5195.102 Mobile Safari/537.36 (compatible; Googlebot/2.1; +http://www.google.com/bot.html)"
135.181.180.59 - - [21/Sep/2022:04:40:37 +0200] "GET /-p-17318.html HTTP/1.0" 200 71872 "-" "Mozilla/5.0 (compatible; MJ12bot/v1.4.8; http://mj12bot.com/)"
149.202.82.11 - - [21/Sep/2022:04:40:37 +0200] "GET /dragon-ball-blue-bathing-suit-size-years-p-23855.html HTTP/1.0" 301 71939 "-" "Mozilla/5.0 (compatible; MJ12bot/v1.4.8; http://mj12bot.com/)"
135.181.180.59 - - [21/Sep/2022:04:40:40 +0200] "GET /new-york-small-cushion-by-cbkreation-30-cm-p-17318.html HTTP/1.0" 301 71939 "-" "Mozilla/5.0 (compatible; MJ12bot/v1.4.8; http://mj12bot.com/)"
185.191.171.15 - - [21/Sep/2022:04:40:41 +0200] "GET /-p-9323.html HTTP/1.0" 200 71870 "-" "Mozilla/5.0 (compatible; SemrushBot/7~bl; +http://www.semrush.com/bot.html)"
135.181.180.59 - - [21/Sep/2022:04:40:42 +0200] "GET /-p-17318.html HTTP/1.0" 200 71872 "-" "Mozilla/5.0 (compatible; MJ12bot/v1.4.8; http://mj12bot.com/)"
135.181.180.59 - - [21/Sep/2022:04:40:45 +0200] "GET /new-york-tee-shirt-p-29599.html HTTP/1.0" 301 75787 "-" "Mozilla/5.0 (compatible; MJ12bot/v1.4.8; http://mj12bot.com/)"
135.181.180.59 - - [21/Sep/2022:04:40:48 +0200] "GET /york-shirt-p-29599.html HTTP/1.0" 200 75710 "-" "Mozilla/5.0 (compatible; MJ12bot/v1.4.8; http://mj12bot.com/)"
135.181.180.59 - - [21/Sep/2022:04:40:51 +0200] "GET /new-york-theatre-signs-poster-p-14367.html HTTP/1.0" 301 71939 "-" "Mozilla/5.0 (compatible; MJ12bot/v1.4.8; http://mj12bot.com/)"
149.202.82.11 - - [21/Sep/2022:04:40:53 +0200] "GET /-p-23855.html HTTP/1.0" 200 71872 "-" "Mozilla/5.0 (compatible; MJ12bot/v1.4.8; http://mj12bot.com/)"
135.181.180.59 - - [21/Sep/2022:04:40:54 +0200] "GET /-p-14367.html HTTP/1.0" 200 71872 "-" "Mozilla/5.0 (compatible; MJ12bot/v1.4.8; http://mj12bot.com/)"
135.181.180.59 - - [21/Sep/2022:04:40:57 +0200] "GET /new-york-white-tee-shirt-p-30908.html HTTP/1.0" 301 76517 "-" "Mozilla/5.0 (compatible; MJ12bot/v1.4.8; http://mj12bot.com/)"
135.181.180.59 - - [21/Sep/2022:04:41:00 +0200] "GET /york-white-shirt-p-30908.html HTTP/1.0" 200 76434 "-" "Mozilla/5.0 (compatible; MJ12bot/v1.4.8; http://mj12bot.com/)"
135.181.180.59 - - [21/Sep/2022:04:41:03 +0200] "GET /new-york-yankees-black-bag-post-office-p-19821.html HTTP/1.0" 301 75071 "-" "Mozilla/5.0 (compatible; MJ12bot/v1.4.8; http://mj12bot.com/)"
149.202.82.11 - - [21/Sep/2022:04:41:07 +0200] "GET /dragon-ball-blue-long-sleeve-shirt-size-years-p-23659.html HTTP/1.0" 301 71939 "-" "Mozilla/5.0 (compatible; MJ12bot/v1.4.8; http://mj12bot.com/)"
54.36.148.159 - - [21/Sep/2022:04:41:03 +0200] "GET /couple-figurine-inspired-klimt-resin-p-56615.html HTTP/1.0" 200 76007 "-" "Mozilla/5.0 (compatible; AhrefsBot/7.0; +http://ahrefs.com/robot/)"
135.181.180.59 - - [21/Sep/2022:04:41:06 +0200] "GET /york-yankees-black-post-office-p-19821.html HTTP/1.0" 200 74974 "-" "Mozilla/5.0 (compatible; MJ12bot/v1.4.8; http://mj12bot.com/)"
135.181.180.59 - - [21/Sep/2022:04:41:11 +0200] "GET /new-york-yankees-black-wallet-p-11577.html HTTP/1.0" 301 71939 "-" "Mozilla/5.0 (compatible; MJ12bot/v1.4.8; http://mj12bot.com/)"
135.181.180.59 - - [21/Sep/2022:04:41:13 +0200] "GET /-p-11577.html HTTP/1.0" 200 71872 "-" "Mozilla/5.0 (compatible; MJ12bot/v1.4.8; http://mj12bot.com/)"
114.119.137.43 - - [21/Sep/2022:04:41:13 +0200] "GET /strawberry-shortcake-scarf-years-p-22135.html HTTP/1.0" 200 74830 "http://www.wonder-geek.com/hats-caps-c-1_44.html?page=2" "Mozilla/5.0 (Linux; Android 7.0;) AppleWebKit/537.36 (KHTML, like Gecko) Mobile Safari/537.36 (compatible; PetalBot;+https://webmaster.petalsearch.com/site/petalbot)"
185.191.171.14 - - [21/Sep/2022:04:41:14 +0200] "GET /incense-satya-meditation-grams-about-sticks-p-54237.html HTTP/1.0" 200 75099 "-" "Mozilla/5.0 (compatible; SemrushBot/7~bl; +http://www.semrush.com/bot.html)"
135.181.180.59 - - [21/Sep/2022:04:41:16 +0200] "GET /new-york-yankees-blue-wallet-p-11579.html HTTP/1.0" 301 74871 "-" "Mozilla/5.0 (compatible; MJ12bot/v1.4.8; http://mj12bot.com/)"
135.181.180.59 - - [21/Sep/2022:04:41:18 +0200] "GET /york-yankees-blue-wallet-p-11579.html HTTP/1.0" 200 74780 "-" "Mozilla/5.0 (compatible; MJ12bot/v1.4.8; http://mj12bot.com/)"
135.181.180.59 - - [21/Sep/2022:04:41:21 +0200] "GET /new-york-yankees-grey-kids-school-bag-p-20063.html HTTP/1.0" 301 71939 "-" "Mozilla/5.0 (compatible; MJ12bot/v1.4.8; http://mj12bot.com/)"
135.181.180.59 - - [21/Sep/2022:04:41:24 +0200] "GET /-p-20063.html HTTP/1.0" 200 71872 "-" "Mozilla/5.0 (compatible; MJ12bot/v1.4.8; http://mj12bot.com/)"
149.202.82.11 - - [21/Sep/2022:04:41:25 +0200] "GET /-p-23659.html HTTP/1.0" 200 71872 "-" "Mozilla/5.0 (compatible; MJ12bot/v1.4.8; http://mj12bot.com/)"
135.181.180.59 - - [21/Sep/2022:04:41:27 +0200] "GET /new-york-yankees-school-bag-38-cm-p-41167.html HTTP/1.0" 301 75119 "-" "Mozilla/5.0 (compatible; MJ12bot/v1.4.8; http://mj12bot.com/)"
135.181.180.59 - - [21/Sep/2022:04:41:29 +0200] "GET /york-yankees-school-p-41167.html HTTP/1.0" 200 75033 "-" "Mozilla/5.0 (compatible; MJ12bot/v1.4.8; http://mj12bot.com/)"
135.181.180.59 - - [21/Sep/2022:04:41:32 +0200] "GET /new-york-yankees-vertical-navy-shoulder-bag-p-11589.html HTTP/1.0" 301 75158 "-" "Mozilla/5.0 (compatible; MJ12bot/v1.4.8; http://mj12bot.com/)"
135.181.180.59 - - [21/Sep/2022:04:41:35 +0200] "GET /york-yankees-vertical-navy-shoulder-p-11589.html HTTP/1.0" 200 75056 "-" "Mozilla/5.0 (compatible; MJ12bot/v1.4.8; http://mj12bot.com/)"
185.191.171.14 - - [21/Sep/2022:04:41:36 +0200] "GET /-p-41638.html HTTP/1.0" 200 71872 "-" "Mozilla/5.0 (compatible; SemrushBot/7~bl; +http://www.semrush.com/bot.html)"
135.181.180.59 - - [21/Sep/2022:04:41:38 +0200] "GET /new-york-yankees-vertical-shoulder-bag-p-11585.html HTTP/1.0" 301 75119 "-" "Mozilla/5.0 (compatible; MJ12bot/v1.4.8; http://mj12bot.com/)"
149.202.82.11 - - [21/Sep/2022:04:41:38 +0200] "GET /dragon-ball-grey-hoody-p-31321.html HTTP/1.0" 301 71939 "-" "Mozilla/5.0 (compatible; MJ12bot/v1.4.8; http://mj12bot.com/)"
23.20.233.183 - - [21/Sep/2022:04:41:40 +0200] "GET /images/mini_prod/5024693125289.jpg HTTP/1.0" 200 269 "-" "Mozilla/5.0 (X11; Ubuntu; Linux x86_64; rv:72.0) Gecko/20100101 Firefox/72.0"
135.181.180.59 - - [21/Sep/2022:04:41:40 +0200] "GET /york-yankees-vertical-shoulder-p-11585.html HTTP/1.0" 200 75022 "-" "Mozilla/5.0 (compatible; MJ12bot/v1.4.8; http://mj12bot.com/)"
135.181.180.59 - - [21/Sep/2022:04:41:43 +0200] "GET /nici-ayumi-brown-mirror-bag-p-33429.html HTTP/1.0" 301 74663 "-" "Mozilla/5.0 (compatible; MJ12bot/v1.4.8; http://mj12bot.com/)"
135.181.180.59 - - [21/Sep/2022:04:41:46 +0200] "GET /nici-ayumi-brown-mirror-p-33429.html HTTP/1.0" 200 74573 "-" "Mozilla/5.0 (compatible; MJ12bot/v1.4.8; http://mj12bot.com/)"
77.88.9.3 - - [21/Sep/2022:04:41:49 +0200] "GET /images/MISES-EN-SITUATION-16.jpg HTTP/1.0" 200 267 "-" "Mozilla/5.0 (compatible; YandexImages/3.0; +http://yandex.com/bots)"
135.181.180.59 - - [21/Sep/2022:04:41:49 +0200] "GET /nici-ayumi-brown-mirror-p-33429.html HTTP/1.0" 200 74573 "-" "Mozilla/5.0 (compatible; MJ12bot/v1.4.8; http://mj12bot.com/)"
149.202.82.11 - - [21/Sep/2022:04:41:50 +0200] "GET /-p-31321.html HTTP/1.0" 200 71872 "-" "Mozilla/5.0 (compatible; MJ12bot/v1.4.8; http://mj12bot.com/)"
135.181.180.59 - - [21/Sep/2022:04:41:51 +0200] "GET /nici-ayumi-green-mirror-bag-p-33428.html HTTP/1.0" 301 74663 "-" "Mozilla/5.0 (compatible; MJ12bot/v1.4.8; http://mj12bot.com/)"
135.181.180.59 - - [21/Sep/2022:04:41:55 +0200] "GET /nici-ayumi-green-mirror-p-33428.html HTTP/1.0" 200 74573 "-" "Mozilla/5.0 (compatible; MJ12bot/v1.4.8; http://mj12bot.com/)"
135.181.180.59 - - [21/Sep/2022:04:41:58 +0200] "GET /nici-ayumi-green-mirror-p-33428.html HTTP/1.0" 200 74573 "-" "Mozilla/5.0 (compatible; MJ12bot/v1.4.8; http://mj12bot.com/)"
135.181.180.59 - - [21/Sep/2022:04:42:01 +0200] "GET /nici-ayumi-pink-mirror-bag-p-33431.html HTTP/1.0" 301 74654 "-" "Mozilla/5.0 (compatible; MJ12bot/v1.4.8; http://mj12bot.com/)"
135.181.180.59 - - [21/Sep/2022:04:42:03 +0200] "GET /nici-ayumi-pink-mirror-p-33431.html HTTP/1.0" 200 74565 "-" "Mozilla/5.0 (compatible; MJ12bot/v1.4.8; http://mj12bot.com/)"
135.181.180.59 - - [21/Sep/2022:04:42:07 +0200] "GET /nici-ayumi-pink-mirror-p-33431.html HTTP/1.0" 200 74565 "-" "Mozilla/5.0 (compatible; MJ12bot/v1.4.8; http://mj12bot.com/)"
54.36.149.71 - - [21/Sep/2022:04:42:07 +0200] "GET /christmas-balls-first-christmas-p-56205.html HTTP/1.0" 200 75705 "-" "Mozilla/5.0 (compatible; AhrefsBot/7.0; +http://ahrefs.com/robot/)"
54.36.149.72 - - [21/Sep/2022:04:42:09 +0200] "GET /boho-clock-by-cbkreation-p-42910.html HTTP/1.0" 301 74575 "-" "Mozilla/5.0 (compatible; AhrefsBot/7.0; +http://ahrefs.com/robot/)"
163.220.128.41 - - [21/Sep/2022:04:42:12 +0200] "GET /images/mini_prod/3609810022287.jpg HTTP/1.0" 200 269 "-" "Mozilla/5.0 (X11; Ubuntu; Linux x86_64; rv:72.0) Gecko/20100101 Firefox/72.0"
135.181.180.59 - - [21/Sep/2022:04:42:10 +0200] "GET /nici-bear-articulated-soft-p-7057.html HTTP/1.0" 200 72003 "-" "Mozilla/5.0 (compatible; MJ12bot/v1.4.8; http://mj12bot.com/)"
66.249.66.210 - - [21/Sep/2022:04:42:10 +0200] "GET /porcelain-bowl-pacha-p-54462.html HTTP/1.0" 200 74505 "-" "Mozilla/5.0 (compatible; Googlebot/2.1; +http://www.google.com/bot.html)"
135.181.180.59 - - [21/Sep/2022:04:42:14 +0200] "GET /nici-bear-articulated-soft-toy-p-7057.html HTTP/1.0" 301 72095 "-" "Mozilla/5.0 (compatible; MJ12bot/v1.4.8; http://mj12bot.com/)"
149.202.82.11 - - [21/Sep/2022:04:42:15 +0200] "GET /dragon-ball-gt-grey-long-sleeve-shirt-p-32716.html HTTP/1.0" 301 71939 "-" "Mozilla/5.0 (compatible; MJ12bot/v1.4.8; http://mj12bot.com/)"
135.181.180.59 - - [21/Sep/2022:04:42:16 +0200] "GET /nici-bear-articulated-soft-p-7057.html HTTP/1.0" 200 72003 "-" "Mozilla/5.0 (compatible; MJ12bot/v1.4.8; http://mj12bot.com/)"
135.181.180.59 - - [21/Sep/2022:04:42:20 +0200] "GET /nici-bee-pencil-case-p-20571.html HTTP/1.0" 301 71939 "-" "Mozilla/5.0 (compatible; MJ12bot/v1.4.8; http://mj12bot.com/)"
135.181.180.59 - - [21/Sep/2022:04:42:22 +0200] "GET /-p-20571.html HTTP/1.0" 200 71872 "-" "Mozilla/5.0 (compatible; MJ12bot/v1.4.8; http://mj12bot.com/)"
185.191.171.6 - - [21/Sep/2022:04:42:24 +0200] "GET /filling-station-wodden-frame-148-cm-342-cm-p-39970.html HTTP/1.0" 301 72107 "-" "Mozilla/5.0 (compatible; SemrushBot/7~bl; +http://www.semrush.com/bot.html)"
135.181.180.59 - - [21/Sep/2022:04:42:26 +0200] "GET /nici-bison-keyring-p-6881.html HTTP/1.0" 200 71951 "-" "Mozilla/5.0 (compatible; MJ12bot/v1.4.8; http://mj12bot.com/)"
185.191.171.44 - - [21/Sep/2022:04:42:28 +0200] "GET /filling-station-wodden-frame-p-39970.html HTTP/1.0" 200 72012 "-" "Mozilla/5.0 (compatible; SemrushBot/7~bl; +http://www.semrush.com/bot.html)"
135.181.180.59 - - [21/Sep/2022:04:42:28 +0200] "GET /nici-chameleon-plush-33-cm-p-22325.html HTTP/1.0" 301 71939 "-" "Mozilla/5.0 (compatible; MJ12bot/v1.4.8; http://mj12bot.com/)"
149.202.82.11 - - [21/Sep/2022:04:42:29 +0200] "GET /-p-32716.html HTTP/1.0" 200 71872 "-" "Mozilla/5.0 (compatible; MJ12bot/v1.4.8; http://mj12bot.com/)"
135.181.180.59 - - [21/Sep/2022:04:42:31 +0200] "GET /-p-22325.html HTTP/1.0" 200 71872 "-" "Mozilla/5.0 (compatible; MJ12bot/v1.4.8; http://mj12bot.com/)"
114.119.133.245 - - [21/Sep/2022:04:42:36 +0200] "GET /images/big_prod/842201898815.jpg HTTP/1.0" 200 267 "http://www.wonder-geek.com/small-japanese-petrol-blue-enameled-cast-iron-teapot-liter-p-57694.html" "Mozilla/5.0 (Linux; Android 7.0;) AppleWebKit/537.36 (KHTML, like Gecko) Mobile Safari/537.36 (compatible; PetalBot;+https://webmaster.petalsearch.com/site/petalbot)"
135.181.180.59 - - [21/Sep/2022:04:42:40 +0200] "GET /nici-cushion-plush-p-7050.html HTTP/1.0" 301 71936 "-" "Mozilla/5.0 (compatible; MJ12bot/v1.4.8; http://mj12bot.com/)"
135.181.180.59 - - [21/Sep/2022:04:42:43 +0200] "GET /-p-7050.html HTTP/1.0" 200 71870 "-" "Mozilla/5.0 (compatible; MJ12bot/v1.4.8; http://mj12bot.com/)"
135.181.180.59 - - [21/Sep/2022:04:42:46 +0200] "GET /nici-jolly-sheep-colors-p-20579.html HTTP/1.0" 200 74536 "-" "Mozilla/5.0 (compatible; MJ12bot/v1.4.8; http://mj12bot.com/)"
149.202.82.11 - - [21/Sep/2022:04:42:48 +0200] "GET /dragon-ball-gt-grey-long-sleeve-shirt-p-32718.html HTTP/1.0" 301 71939 "-" "Mozilla/5.0 (compatible; MJ12bot/v1.4.8; http://mj12bot.com/)"
135.181.180.59 - - [21/Sep/2022:04:42:48 +0200] "GET /nici-jolly-sheep-pen-colors-p-20579.html HTTP/1.0" 301 74626 "-" "Mozilla/5.0 (compatible; MJ12bot/v1.4.8; http://mj12bot.com/)"
135.181.180.59 - - [21/Sep/2022:04:42:52 +0200] "GET /nici-jolly-sheep-colors-p-20579.html HTTP/1.0" 200 74536 "-" "Mozilla/5.0 (compatible; MJ12bot/v1.4.8; http://mj12bot.com/)"
135.181.180.59 - - [21/Sep/2022:04:42:55 +0200] "GET /nici-love-cats-notebook-p-12299.html HTTP/1.0" 200 74614 "-" "Mozilla/5.0 (compatible; MJ12bot/v1.4.8; http://mj12bot.com/)"
135.181.180.59 - - [21/Sep/2022:04:42:58 +0200] "GET /nici-love-cats-notebook-set-p-12299.html HTTP/1.0" 301 74704 "-" "Mozilla/5.0 (compatible; MJ12bot/v1.4.8; http://mj12bot.com/)"
185.191.171.20 - - [21/Sep/2022:04:43:00 +0200] "GET /vintage-wooden-box-p-35592.html HTTP/1.0" 301 75476 "-" "Mozilla/5.0 (compatible; SemrushBot/7~bl; +http://www.semrush.com/bot.html)"
135.181.180.59 - - [21/Sep/2022:04:43:01 +0200] "GET /nici-love-cats-notebook-p-12299.html HTTP/1.0" 200 74614 "-" "Mozilla/5.0 (compatible; MJ12bot/v1.4.8; http://mj12bot.com/)"
149.202.82.11 - - [21/Sep/2022:04:43:03 +0200] "GET /-p-32718.html HTTP/1.0" 200 71872 "-" "Mozilla/5.0 (compatible; MJ12bot/v1.4.8; http://mj12bot.com/)"
185.191.171.41 - - [21/Sep/2022:04:43:03 +0200] "GET /vintage-wooden-p-35592.html HTTP/1.0" 200 75395 "-" "Mozilla/5.0 (compatible; SemrushBot/7~bl; +http://www.semrush.com/bot.html)"
135.181.180.59 - - [21/Sep/2022:04:43:05 +0200] "GET /nici-love-pooh-pencil-case-p-23170.html HTTP/1.0" 301 71939 "-" "Mozilla/5.0 (compatible; MJ12bot/v1.4.8; http://mj12bot.com/)"
135.181.180.59 - - [21/Sep/2022:04:43:08 +0200] "GET /-p-23170.html HTTP/1.0" 200 71872 "-" "Mozilla/5.0 (compatible; MJ12bot/v1.4.8; http://mj12bot.com/)"
185.191.171.44 - - [21/Sep/2022:04:43:08 +0200] "GET /table-lamp-monkey-gold-white-p-54686.html HTTP/1.0" 301 71939 "-" "Mozilla/5.0 (compatible; SemrushBot/7~bl; +http://www.semrush.com/bot.html)"
216.244.66.242 - - [21/Sep/2022:04:43:09 +0200] "GET /horses-poster-p-36324.html HTTP/1.0" 301 71939 "-" "Mozilla/5.0 (compatible; DotBot/1.2; +https://opensiteexplorer.org/dotbot; help@moz.com)"
135.181.180.59 - - [21/Sep/2022:04:43:11 +0200] "GET /ninja-turtles-large-sticker-p-27890.html HTTP/1.0" 200 74547 "-" "Mozilla/5.0 (compatible; MJ12bot/v1.4.8; http://mj12bot.com/)"
185.191.171.4 - - [21/Sep/2022:04:43:11 +0200] "GET /kimmidoll-glasses-case-p-46143.html HTTP/1.0" 301 71939 "-" "Mozilla/5.0 (compatible; SemrushBot/7~bl; +http://www.semrush.com/bot.html)"
54.36.149.73 - - [21/Sep/2022:04:43:12 +0200] "GET /california-khaki-backpack-p-37099.html HTTP/1.0" 200 74850 "-" "Mozilla/5.0 (compatible; AhrefsBot/7.0; +http://ahrefs.com/robot/)"
135.181.180.59 - - [21/Sep/2022:04:43:14 +0200] "GET /ninja-turtles-large-sticker-p-27891.html HTTP/1.0" 200 74604 "-" "Mozilla/5.0 (compatible; MJ12bot/v1.4.8; http://mj12bot.com/)"
185.191.171.17 - - [21/Sep/2022:04:43:15 +0200] "GET /lola-shower-towel-70-130-cm-420-gr-grey-p-41786.html HTTP/1.0" 301 72085 "-" "Mozilla/5.0 (compatible; SemrushBot/7~bl; +http://www.semrush.com/bot.html)"
135.181.180.59 - - [21/Sep/2022:04:43:17 +0200] "GET /ninja-warriors-hiro-pencil-case-p-10376.html HTTP/1.0" 200 72018 "-" "Mozilla/5.0 (compatible; MJ12bot/v1.4.8; http://mj12bot.com/)"
185.191.171.4 - - [21/Sep/2022:04:43:18 +0200] "GET /lola-shower-towel-grey-p-41786.html HTTP/1.0" 200 71996 "-" "Mozilla/5.0 (compatible; SemrushBot/7~bl; +http://www.semrush.com/bot.html)"
135.181.180.59 - - [21/Sep/2022:04:43:20 +0200] "GET /oblix-magnet-p-6015.html HTTP/1.0" 200 71933 "-" "Mozilla/5.0 (compatible; MJ12bot/v1.4.8; http://mj12bot.com/)"
185.191.171.11 - - [21/Sep/2022:04:43:21 +0200] "GET /-p-46143.html HTTP/1.0" 200 71872 "-" "Mozilla/5.0 (compatible; SemrushBot/7~bl; +http://www.semrush.com/bot.html)"
18.232.58.86 - - [21/Sep/2022:04:43:23 +0200] "GET /images/mini_prod/1399984242728.jpg HTTP/1.0" 200 269 "-" "Mozilla/5.0 (X11; Ubuntu; Linux x86_64; rv:72.0) Gecko/20100101 Firefox/72.0"
135.181.180.59 - - [21/Sep/2022:04:43:22 +0200] "GET /olympique-marseille-keyring-p-40811.html HTTP/1.0" 200 74576 "-" "Mozilla/5.0 (compatible; MJ12bot/v1.4.8; http://mj12bot.com/)"
149.202.82.11 - - [21/Sep/2022:04:43:23 +0200] "GET /dragon-ball-gt-red-long-sleeve-shirt-p-32719.html HTTP/1.0" 301 71939 "-" "Mozilla/5.0 (compatible; MJ12bot/v1.4.8; http://mj12bot.com/)"
185.191.171.6 - - [21/Sep/2022:04:43:25 +0200] "GET /-p-54686.html HTTP/1.0" 200 71872 "-" "Mozilla/5.0 (compatible; SemrushBot/7~bl; +http://www.semrush.com/bot.html)"
135.181.180.59 - - [21/Sep/2022:04:43:26 +0200] "GET /orchids-wall-stickers-p-52222.html HTTP/1.0" 200 75200 "-" "Mozilla/5.0 (compatible; MJ12bot/v1.4.8; http://mj12bot.com/)"
135.181.180.59 - - [21/Sep/2022:04:43:30 +0200] "GET /owls-cats-michelle-allen-designs-coasters-p-47690.html HTTP/1.0" 200 72052 "-" "Mozilla/5.0 (compatible; MJ12bot/v1.4.8; http://mj12bot.com/)"
135.181.180.59 - - [21/Sep/2022:04:43:32 +0200] "GET /panda-water-bottle-p-48677.html HTTP/1.0" 200 75119 "-" "Mozilla/5.0 (compatible; MJ12bot/v1.4.8; http://mj12bot.com/)"
216.244.66.242 - - [21/Sep/2022:04:43:34 +0200] "GET /rattan-basket-p-49421.html HTTP/1.0" 200 75255 "-" "Mozilla/5.0 (compatible; DotBot/1.2; +https://opensiteexplorer.org/dotbot; help@moz.com)"
135.181.180.59 - - [21/Sep/2022:04:43:35 +0200] "GET /paris-ashtray-p-27181.html HTTP/1.0" 200 74486 "-" "Mozilla/5.0 (compatible; MJ12bot/v1.4.8; http://mj12bot.com/)"
149.202.82.11 - - [21/Sep/2022:04:43:37 +0200] "GET /-p-32719.html HTTP/1.0" 200 71872 "-" "Mozilla/5.0 (compatible; MJ12bot/v1.4.8; http://mj12bot.com/)"
135.181.180.59 - - [21/Sep/2022:04:43:38 +0200] "GET /paris-ashtray-p-36152.html HTTP/1.0" 200 74484 "-" "Mozilla/5.0 (compatible; MJ12bot/v1.4.8; http://mj12bot.com/)"
135.181.180.59 - - [21/Sep/2022:04:43:41 +0200] "GET /paris-moulin-rouge-metal-magnet-p-17052.html HTTP/1.0" 200 77864 "-" "Mozilla/5.0 (compatible; MJ12bot/v1.4.8; http://mj12bot.com/)"
135.181.180.59 - - [21/Sep/2022:04:43:44 +0200] "GET /paris-mouse-p-14082.html HTTP/1.0" 200 74431 "-" "Mozilla/5.0 (compatible; MJ12bot/v1.4.8; http://mj12bot.com/)"
135.181.180.59 - - [21/Sep/2022:04:43:47 +0200] "GET /paris-p-38511.html HTTP/1.0" 200 74394 "-" "Mozilla/5.0 (compatible; MJ12bot/v1.4.8; http://mj12bot.com/)"
149.202.82.11 - - [21/Sep/2022:04:43:48 +0200] "GET /dragon-ball-photo-frame-canvas-p-2373.html HTTP/1.0" 200 71984 "-" "Mozilla/5.0 (compatible; MJ12bot/v1.4.8; http://mj12bot.com/)"
135.181.180.59 - - [21/Sep/2022:04:43:49 +0200] "GET /paris-pencil-case-p-15434.html HTTP/1.0" 200 75125 "-" "Mozilla/5.0 (compatible; MJ12bot/v1.4.8; http://mj12bot.com/)"
135.181.180.59 - - [21/Sep/2022:04:43:52 +0200] "GET /peace-and-love-hoodies-p-31775.html HTTP/1.0" 301 77343 "-" "Mozilla/5.0 (compatible; MJ12bot/v1.4.8; http://mj12bot.com/)"
135.181.180.59 - - [21/Sep/2022:04:43:55 +0200] "GET /peace-love-hoodies-p-31775.html HTTP/1.0" 200 77258 "-" "Mozilla/5.0 (compatible; MJ12bot/v1.4.8; http://mj12bot.com/)"
185.191.171.22 - - [21/Sep/2022:04:43:57 +0200] "GET /-p-33144.html HTTP/1.0" 200 71872 "-" "Mozilla/5.0 (compatible; SemrushBot/7~bl; +http://www.semrush.com/bot.html)"
135.181.180.59 - - [21/Sep/2022:04:43:58 +0200] "GET /peace-love-hoodies-p-31775.html HTTP/1.0" 200 77258 "-" "Mozilla/5.0 (compatible; MJ12bot/v1.4.8; http://mj12bot.com/)"
114.119.137.43 - - [21/Sep/2022:04:44:00 +0200] "GET /small-resin-monkey-statuette-nothing-p-55812.html HTTP/1.0" 200 72034 "http://www.wonder-geek.com/home-decoration-c-13.html?page=175" "Mozilla/5.0 (Linux; Android 7.0;) AppleWebKit/537.36 (KHTML, like Gecko) Mobile Safari/537.36 (compatible; PetalBot;+https://webmaster.petalsearch.com/site/petalbot)"
135.181.180.59 - - [21/Sep/2022:04:44:01 +0200] "GET /peg-and-coat-hook-c-13_198.html?page=1 HTTP/1.0" 301 92136 "-" "Mozilla/5.0 (compatible; MJ12bot/v1.4.8; http://mj12bot.com/)"
135.181.180.59 - - [21/Sep/2022:04:44:04 +0200] "GET /coat-hook-c-198.html?page=1 HTTP/1.0" 301 92013 "-" "Mozilla/5.0 (compatible; MJ12bot/v1.4.8; http://mj12bot.com/)"
135.181.180.59 - - [21/Sep/2022:04:44:07 +0200] "GET /coat-hook-c-13_198.html?page=1 HTTP/1.0" 200 92055 "-" "Mozilla/5.0 (compatible; MJ12bot/v1.4.8; http://mj12bot.com/)"
149.202.82.11 - - [21/Sep/2022:04:44:08 +0200] "GET /dragon-ball-poncho-towels-p-14867.html HTTP/1.0" 301 71939 "-" "Mozilla/5.0 (compatible; MJ12bot/v1.4.8; http://mj12bot.com/)"
54.36.149.103 - - [21/Sep/2022:04:44:08 +0200] "GET /retro-chest-p-34949.html HTTP/1.0" 200 74475 "-" "Mozilla/5.0 (compatible; AhrefsBot/7.0; +http://ahrefs.com/robot/)"
185.191.171.19 - - [21/Sep/2022:04:44:07 +0200] "GET /dishes-c-12.html?page=48 HTTP/1.0" 200 93215 "-" "Mozilla/5.0 (compatible; SemrushBot/7~bl; +http://www.semrush.com/bot.html)"
135.181.180.59 - - [21/Sep/2022:04:44:11 +0200] "GET /peg-and-coat-hook-c-13_198.html?page=2 HTTP/1.0" 301 92247 "-" "Mozilla/5.0 (compatible; MJ12bot/v1.4.8; http://mj12bot.com/)"
135.181.180.59 - - [21/Sep/2022:04:44:14 +0200] "GET /coat-hook-c-198.html?page=2 HTTP/1.0" 301 92124 "-" "Mozilla/5.0 (compatible; MJ12bot/v1.4.8; http://mj12bot.com/)"
51.68.224.127 - - [21/Sep/2022:04:44:17 +0200] "GET /adminweb/export_orders_xml.php?token=256de2z6edz6ed2z6DFSFsed2zed6zeDSFDSGdzedezfzf&maxorders=10&orderstart=1&status=14&start_date=2018-10-01 HTTP/1.0" 200 285 "-" "GesCom CharlotteBoutik Serveur"
185.191.171.26 - - [21/Sep/2022:04:44:16 +0200] "GET /set-of-mappemonde-coasters-p-52604.html HTTP/1.0" 301 74576 "-" "Mozilla/5.0 (compatible; SemrushBot/7~bl; +http://www.semrush.com/bot.html)"
51.68.224.127 - - [21/Sep/2022:04:44:17 +0200] "GET /adminweb/export_orders_xml.php?token=256de2z6edz6ed2z6DFSFsed2zed6zeDSFDSGdzedezfzf&maxorders=10&orderstart=1&status=6&start_date=2018-10-01 HTTP/1.0" 200 33985 "-" "GesCom CharlotteBoutik Serveur"
135.181.180.59 - - [21/Sep/2022:04:44:16 +0200] "GET /coat-hook-c-13_198.html?page=2 HTTP/1.0" 200 92166 "-" "Mozilla/5.0 (compatible; MJ12bot/v1.4.8; http://mj12bot.com/)"
