114.119.137.43 - - [21/Sep/2022:14:34:01 +0200] "GET /metal-tray-p-45853.html HTTP/1.0" 200 74556 "http://www.wonder-geek.com/trays-medium-size-c-12_159_265.html?page=1" "Mozilla/5.0 (Linux; Android 7.0;) AppleWebKit/537.36 (KHTML, like Gecko) Mobile Safari/537.36 (compatible; PetalBot;+https://webmaster.petalsearch.com/site/petalbot)"
192.99.36.126 - - [21/Sep/2022:14:34:02 +0200] "GET /the-smurfs-bath-toys-p-7290.html HTTP/1.0" 301 71936 "-" "Mozilla/5.0 (compatible; MJ12bot/v1.4.8; http://mj12bot.com/)"
192.99.36.126 - - [21/Sep/2022:14:34:05 +0200] "GET /-p-7290.html HTTP/1.0" 200 71870 "-" "Mozilla/5.0 (compatible; MJ12bot/v1.4.8; http://mj12bot.com/)"
192.99.36.126 - - [21/Sep/2022:14:34:08 +0200] "GET /the-smurfs-bath-toys-p-7291.html HTTP/1.0" 301 71936 "-" "Mozilla/5.0 (compatible; MJ12bot/v1.4.8; http://mj12bot.com/)"
192.99.36.126 - - [21/Sep/2022:14:34:11 +0200] "GET /-p-7291.html HTTP/1.0" 200 71870 "-" "Mozilla/5.0 (compatible; MJ12bot/v1.4.8; http://mj12bot.com/)"
192.99.36.126 - - [21/Sep/2022:14:34:14 +0200] "GET /the-thinker-statue-of-deep-contemplation-by-rodin-10-cm-p-43680.html HTTP/1.0" 301 75562 "-" "Mozilla/5.0 (compatible; MJ12bot/v1.4.8; http://mj12bot.com/)"
54.36.148.165 - - [21/Sep/2022:14:34:15 +0200] "GET /household-linen-c-11.html?page=37 HTTP/1.0" 200 94362 "-" "Mozilla/5.0 (compatible; AhrefsBot/7.0; +http://ahrefs.com/robot/)"
192.99.36.126 - - [21/Sep/2022:14:34:17 +0200] "GET /thinker-statue-deep-contemplation-rodin-p-43680.html HTTP/1.0" 200 75456 "-" "Mozilla/5.0 (compatible; MJ12bot/v1.4.8; http://mj12bot.com/)"
157.55.39.30 - - [21/Sep/2022:14:34:19 +0200] "GET /protects-plastic-mattress-p-47773.html HTTP/1.0" 200 74692 "-" "Mozilla/5.0 (compatible; bingbot/2.0; +http://www.bing.com/bingbot.htm)"
157.55.39.217 - - [21/Sep/2022:14:34:21 +0200] "GET /decorative-binocular-brass-p-51517.html HTTP/1.0" 200 74576 "-" "Mozilla/5.0 (compatible; bingbot/2.0; +http://www.bing.com/bingbot.htm)"
192.99.36.126 - - [21/Sep/2022:14:34:21 +0200] "GET /the-thinker-statue-of-deep-contemplation-by-rodin-14-cm-p-43679.html HTTP/1.0" 301 75562 "-" "Mozilla/5.0 (compatible; MJ12bot/v1.4.8; http://mj12bot.com/)"
157.55.39.80 - - [21/Sep/2022:14:34:24 +0200] "GET /gorjuss-fairy-lights-p-27144.html HTTP/1.0" 200 74713 "-" "Mozilla/5.0 (compatible; bingbot/2.0; +http://www.bing.com/bingbot.htm)"
192.99.36.126 - - [21/Sep/2022:14:34:25 +0200] "GET /thinker-statue-deep-contemplation-rodin-p-43679.html HTTP/1.0" 200 75456 "-" "Mozilla/5.0 (compatible; MJ12bot/v1.4.8; http://mj12bot.com/)"
192.99.36.126 - - [21/Sep/2022:14:34:28 +0200] "GET /the-thinker-statue-of-deep-contemplation-by-rodin-26-cm-p-43678.html HTTP/1.0" 301 75564 "-" "Mozilla/5.0 (compatible; MJ12bot/v1.4.8; http://mj12bot.com/)"
192.99.36.126 - - [21/Sep/2022:14:34:31 +0200] "GET /thinker-statue-deep-contemplation-rodin-p-43678.html HTTP/1.0" 200 75458 "-" "Mozilla/5.0 (compatible; MJ12bot/v1.4.8; http://mj12bot.com/)"
192.99.36.126 - - [21/Sep/2022:14:34:34 +0200] "GET /the-thinker-statue-of-deep-contemplation-by-rodin-36-cm-p-43677.html HTTP/1.0" 301 75565 "-" "Mozilla/5.0 (compatible; MJ12bot/v1.4.8; http://mj12bot.com/)"
192.99.36.126 - - [21/Sep/2022:14:34:36 +0200] "GET /thinker-statue-deep-contemplation-rodin-p-43677.html HTTP/1.0" 200 75459 "-" "Mozilla/5.0 (compatible; MJ12bot/v1.4.8; http://mj12bot.com/)"
192.99.36.126 - - [21/Sep/2022:14:34:39 +0200] "GET /the-thinker-statue-of-deep-contemplation-by-rodin-37-cm-p-43677.html HTTP/1.0" 301 75565 "-" "Mozilla/5.0 (compatible; MJ12bot/v1.4.8; http://mj12bot.com/)"
192.99.36.126 - - [21/Sep/2022:14:34:42 +0200] "GET /thinker-statue-deep-contemplation-rodin-p-43677.html HTTP/1.0" 200 75459 "-" "Mozilla/5.0 (compatible; MJ12bot/v1.4.8; http://mj12bot.com/)"
192.99.36.126 - - [21/Sep/2022:14:34:45 +0200] "GET /tinkerbell-down-jacket-p-31262.html HTTP/1.0" 301 71939 "-" "Mozilla/5.0 (compatible; MJ12bot/v1.4.8; http://mj12bot.com/)"
192.99.36.126 - - [21/Sep/2022:14:34:48 +0200] "GET /-p-31262.html HTTP/1.0" 200 71872 "-" "Mozilla/5.0 (compatible; MJ12bot/v1.4.8; http://mj12bot.com/)"
192.99.36.126 - - [21/Sep/2022:14:34:51 +0200] "GET /tinkerbell-figure-collection-disney-traditions-p-12106.html HTTP/1.0" 301 71939 "-" "Mozilla/5.0 (compatible; MJ12bot/v1.4.8; http://mj12bot.com/)"
192.99.36.126 - - [21/Sep/2022:14:34:54 +0200] "GET /-p-12106.html HTTP/1.0" 200 71872 "-" "Mozilla/5.0 (compatible; MJ12bot/v1.4.8; http://mj12bot.com/)"
192.99.36.126 - - [21/Sep/2022:14:34:57 +0200] "GET /tinkerbell-figurine-ornement-collection-disney-traditions-p-12122.html HTTP/1.0" 301 71939 "-" "Mozilla/5.0 (compatible; MJ12bot/v1.4.8; http://mj12bot.com/)"
192.99.36.126 - - [21/Sep/2022:14:34:59 +0200] "GET /-p-12122.html HTTP/1.0" 200 71872 "-" "Mozilla/5.0 (compatible; MJ12bot/v1.4.8; http://mj12bot.com/)"
34.222.68.130 - - [21/Sep/2022:14:35:02 +0200] "GET /images/mini_prod/DSCN458419072013.jpg HTTP/1.0" 200 272 "-" "Mozilla/5.0 (X11; Ubuntu; Linux x86_64; rv:72.0) Gecko/20100101 Firefox/72.0"
192.99.36.126 - - [21/Sep/2022:14:35:02 +0200] "GET /tinkerbell-girl-brief-p-31169.html HTTP/1.0" 301 71939 "-" "Mozilla/5.0 (compatible; MJ12bot/v1.4.8; http://mj12bot.com/)"
192.99.36.126 - - [21/Sep/2022:14:35:07 +0200] "GET /-p-31169.html HTTP/1.0" 200 71872 "-" "Mozilla/5.0 (compatible; MJ12bot/v1.4.8; http://mj12bot.com/)"
192.99.36.126 - - [21/Sep/2022:14:35:10 +0200] "GET /tinkerbell-girl-brief-size-years-p-26923.html HTTP/1.0" 301 71939 "-" "Mozilla/5.0 (compatible; MJ12bot/v1.4.8; http://mj12bot.com/)"
192.99.36.126 - - [21/Sep/2022:14:35:13 +0200] "GET /-p-26923.html HTTP/1.0" 200 71872 "-" "Mozilla/5.0 (compatible; MJ12bot/v1.4.8; http://mj12bot.com/)"
192.99.36.126 - - [21/Sep/2022:14:35:16 +0200] "GET /tis-the-season-snoopy-with-woodstocks-figurine-p-41691.html HTTP/1.0" 301 71939 "-" "Mozilla/5.0 (compatible; MJ12bot/v1.4.8; http://mj12bot.com/)"
192.99.36.126 - - [21/Sep/2022:14:35:19 +0200] "GET /-p-41691.html HTTP/1.0" 200 71872 "-" "Mozilla/5.0 (compatible; MJ12bot/v1.4.8; http://mj12bot.com/)"
192.99.36.126 - - [21/Sep/2022:14:35:23 +0200] "GET /titeuf-manu-figure-p-7330.html HTTP/1.0" 301 71936 "-" "Mozilla/5.0 (compatible; MJ12bot/v1.4.8; http://mj12bot.com/)"
192.99.36.126 - - [21/Sep/2022:14:35:26 +0200] "GET /-p-7330.html HTTP/1.0" 200 71870 "-" "Mozilla/5.0 (compatible; MJ12bot/v1.4.8; http://mj12bot.com/)"
192.99.36.126 - - [21/Sep/2022:14:35:29 +0200] "GET /to-the-rescue-bernard-and-bianca-40th-anniversary-piece-p-39574.html HTTP/1.0" 301 72175 "-" "Mozilla/5.0 (compatible; MJ12bot/v1.4.8; http://mj12bot.com/)"
192.99.36.126 - - [21/Sep/2022:14:35:32 +0200] "GET /rescue-bernard-bianca-40th-anniversary-piece-p-39574.html HTTP/1.0" 200 72064 "-" "Mozilla/5.0 (compatible; MJ12bot/v1.4.8; http://mj12bot.com/)"
192.99.36.126 - - [21/Sep/2022:14:35:35 +0200] "GET /toaster-crazy-diner-p-24893.html HTTP/1.0" 301 71939 "-" "Mozilla/5.0 (compatible; MJ12bot/v1.4.8; http://mj12bot.com/)"
192.99.36.126 - - [21/Sep/2022:14:35:38 +0200] "GET /-p-24893.html HTTP/1.0" 200 71872 "-" "Mozilla/5.0 (compatible; MJ12bot/v1.4.8; http://mj12bot.com/)"
185.191.171.15 - - [21/Sep/2022:14:35:39 +0200] "GET /-p-20503.html HTTP/1.0" 200 71872 "-" "Mozilla/5.0 (compatible; SemrushBot/7~bl; +http://www.semrush.com/bot.html)"
192.99.36.126 - - [21/Sep/2022:14:35:41 +0200] "GET /toilet-brush-dinosaur-p-44885.html HTTP/1.0" 301 71939 "-" "Mozilla/5.0 (compatible; MJ12bot/v1.4.8; http://mj12bot.com/)"
54.36.148.181 - - [21/Sep/2022:14:35:42 +0200] "GET /tiana-naveen-frogs-disney-traditions-p-51164.html HTTP/1.0" 200 75115 "-" "Mozilla/5.0 (compatible; AhrefsBot/7.0; +http://ahrefs.com/robot/)"
192.99.36.126 - - [21/Sep/2022:14:35:44 +0200] "GET /-p-44885.html HTTP/1.0" 200 71872 "-" "Mozilla/5.0 (compatible; MJ12bot/v1.4.8; http://mj12bot.com/)"
192.99.36.126 - - [21/Sep/2022:14:35:47 +0200] "GET /toilet-paper-holder-bamboo-82-cm-p-52160.html HTTP/1.0" 301 75514 "-" "Mozilla/5.0 (compatible; MJ12bot/v1.4.8; http://mj12bot.com/)"
192.99.36.126 - - [21/Sep/2022:14:35:50 +0200] "GET /toilet-paper-holder-bamboo-p-52160.html HTTP/1.0" 200 75421 "-" "Mozilla/5.0 (compatible; MJ12bot/v1.4.8; http://mj12bot.com/)"
192.99.36.126 - - [21/Sep/2022:14:35:53 +0200] "GET /toilet-seat-picto-wood-mdf-gray-p-41585.html HTTP/1.0" 301 74674 "-" "Mozilla/5.0 (compatible; MJ12bot/v1.4.8; http://mj12bot.com/)"
192.99.36.126 - - [21/Sep/2022:14:35:55 +0200] "GET /toilet-seat-picto-wood-gray-p-41585.html HTTP/1.0" 200 74580 "-" "Mozilla/5.0 (compatible; MJ12bot/v1.4.8; http://mj12bot.com/)"
192.99.36.126 - - [21/Sep/2022:14:35:58 +0200] "GET /tom-and-jerry-toddler-flatware-set-p-14878.html HTTP/1.0" 301 75079 "-" "Mozilla/5.0 (compatible; MJ12bot/v1.4.8; http://mj12bot.com/)"
157.55.39.12 - - [21/Sep/2022:14:35:59 +0200] "GET /marsupilami-soft-20cm-p-14378.html HTTP/1.0" 200 71954 "-" "Mozilla/5.0 (compatible; bingbot/2.0; +http://www.bing.com/bingbot.htm)"
103.7.29.101 - - [21/Sep/2022:14:36:03 +0200] "GET /images/mini_prod/3453131122429.jpg HTTP/1.0" 200 269 "-" "Mozilla/5.0 (X11; Ubuntu; Linux x86_64; rv:72.0) Gecko/20100101 Firefox/72.0"
192.99.36.126 - - [21/Sep/2022:14:36:01 +0200] "GET /jerry-toddler-flatware-p-14878.html HTTP/1.0" 200 74990 "-" "Mozilla/5.0 (compatible; MJ12bot/v1.4.8; http://mj12bot.com/)"
192.99.36.126 - - [21/Sep/2022:14:36:05 +0200] "GET /tony-parker-nba-polar-blanket-p-31999.html HTTP/1.0" 301 71939 "-" "Mozilla/5.0 (compatible; MJ12bot/v1.4.8; http://mj12bot.com/)"
192.99.36.126 - - [21/Sep/2022:14:36:08 +0200] "GET /-p-31999.html HTTP/1.0" 200 71872 "-" "Mozilla/5.0 (compatible; MJ12bot/v1.4.8; http://mj12bot.com/)"
157.55.39.80 - - [21/Sep/2022:14:36:10 +0200] "GET /gund-unicorn-plush-p-44580.html HTTP/1.0" 200 74606 "-" "Mozilla/5.0 (compatible; bingbot/2.0; +http://www.bing.com/bingbot.htm)"
192.99.36.126 - - [21/Sep/2022:14:36:11 +0200] "GET /tony-parker-polar-blanket-p-31999.html HTTP/1.0" 301 71939 "-" "Mozilla/5.0 (compatible; MJ12bot/v1.4.8; http://mj12bot.com/)"
192.99.36.126 - - [21/Sep/2022:14:36:15 +0200] "GET /-p-31999.html HTTP/1.0" 200 71872 "-" "Mozilla/5.0 (compatible; MJ12bot/v1.4.8; http://mj12bot.com/)"
192.99.36.126 - - [21/Sep/2022:14:36:18 +0200] "GET /top-model-album-magic-p-21510.html HTTP/1.0" 301 71939 "-" "Mozilla/5.0 (compatible; MJ12bot/v1.4.8; http://mj12bot.com/)"
66.249.66.68 - - [21/Sep/2022:14:36:21 +0200] "GET /images/big_prod_1/3665269009538b.jpg HTTP/1.0" 200 271 "-" "Googlebot-Image/1.0"
192.99.36.126 - - [21/Sep/2022:14:36:20 +0200] "GET /-p-21510.html HTTP/1.0" 200 71872 "-" "Mozilla/5.0 (compatible; MJ12bot/v1.4.8; http://mj12bot.com/)"
192.99.36.126 - - [21/Sep/2022:14:36:23 +0200] "GET /top-model-blue-messenger-bag-p-34282.html HTTP/1.0" 301 72074 "-" "Mozilla/5.0 (compatible; MJ12bot/v1.4.8; http://mj12bot.com/)"
192.99.36.126 - - [21/Sep/2022:14:36:26 +0200] "GET /model-blue-messenger-p-34282.html HTTP/1.0" 200 71987 "-" "Mozilla/5.0 (compatible; MJ12bot/v1.4.8; http://mj12bot.com/)"
192.99.36.126 - - [21/Sep/2022:14:36:29 +0200] "GET /top-model-brush-p-35163.html HTTP/1.0" 301 71939 "-" "Mozilla/5.0 (compatible; MJ12bot/v1.4.8; http://mj12bot.com/)"
192.99.36.126 - - [21/Sep/2022:14:36:32 +0200] "GET /-p-35163.html HTTP/1.0" 200 71872 "-" "Mozilla/5.0 (compatible; MJ12bot/v1.4.8; http://mj12bot.com/)"
192.99.36.126 - - [21/Sep/2022:14:36:35 +0200] "GET /top-model-cosmetic-bag-p-24986.html HTTP/1.0" 301 72035 "-" "Mozilla/5.0 (compatible; MJ12bot/v1.4.8; http://mj12bot.com/)"
192.99.36.126 - - [21/Sep/2022:14:36:38 +0200] "GET /model-cosmtic-p-24986.html HTTP/1.0" 200 71955 "-" "Mozilla/5.0 (compatible; MJ12bot/v1.4.8; http://mj12bot.com/)"
192.99.36.126 - - [21/Sep/2022:14:36:41 +0200] "GET /top-model-creative-beads-set-p-17582.html HTTP/1.0" 301 71939 "-" "Mozilla/5.0 (compatible; MJ12bot/v1.4.8; http://mj12bot.com/)"
192.99.36.126 - - [21/Sep/2022:14:36:43 +0200] "GET /-p-17582.html HTTP/1.0" 200 71872 "-" "Mozilla/5.0 (compatible; MJ12bot/v1.4.8; http://mj12bot.com/)"
192.99.36.126 - - [21/Sep/2022:14:36:46 +0200] "GET /top-model-creative-beads-set-p-29900.html HTTP/1.0" 301 71939 "-" "Mozilla/5.0 (compatible; MJ12bot/v1.4.8; http://mj12bot.com/)"
192.99.36.126 - - [21/Sep/2022:14:36:49 +0200] "GET /-p-29900.html HTTP/1.0" 200 71872 "-" "Mozilla/5.0 (compatible; MJ12bot/v1.4.8; http://mj12bot.com/)"
185.191.171.1 - - [21/Sep/2022:14:36:52 +0200] "GET /rectangular-indoor-carpet-p-53973.html HTTP/1.0" 200 75806 "-" "Mozilla/5.0 (compatible; SemrushBot/7~bl; +http://www.semrush.com/bot.html)"
192.99.36.126 - - [21/Sep/2022:14:36:52 +0200] "GET /top-model-creative-set-p-24981.html HTTP/1.0" 301 72038 "-" "Mozilla/5.0 (compatible; MJ12bot/v1.4.8; http://mj12bot.com/)"
66.249.66.212 - - [21/Sep/2022:14:36:54 +0200] "GET /chat-noir-sugar-p-26836.html HTTP/1.0" 200 74609 "-" "Mozilla/5.0 (compatible; Googlebot/2.1; +http://www.google.com/bot.html)"
192.99.36.126 - - [21/Sep/2022:14:36:56 +0200] "GET /model-creative-p-24981.html HTTP/1.0" 200 71957 "-" "Mozilla/5.0 (compatible; MJ12bot/v1.4.8; http://mj12bot.com/)"
192.99.36.126 - - [21/Sep/2022:14:36:59 +0200] "GET /top-model-criterium-p-35449.html HTTP/1.0" 301 74631 "-" "Mozilla/5.0 (compatible; MJ12bot/v1.4.8; http://mj12bot.com/)"
192.99.36.126 - - [21/Sep/2022:14:37:02 +0200] "GET /model-criterium-p-35449.html HTTP/1.0" 200 74549 "-" "Mozilla/5.0 (compatible; MJ12bot/v1.4.8; http://mj12bot.com/)"
54.36.148.10 - - [21/Sep/2022:14:37:03 +0200] "GET /panda-money-p-55564.html HTTP/1.0" 200 74497 "-" "Mozilla/5.0 (compatible; AhrefsBot/7.0; +http://ahrefs.com/robot/)"
192.99.36.126 - - [21/Sep/2022:14:37:05 +0200] "GET /top-model-fantasy-colouring-book-p-29905.html HTTP/1.0" 301 71939 "-" "Mozilla/5.0 (compatible; MJ12bot/v1.4.8; http://mj12bot.com/)"
54.36.148.145 - - [21/Sep/2022:14:37:09 +0200] "GET /images/big_prod/3589363850028.jpg HTTP/1.0" 200 268 "-" "Mozilla/5.0 (compatible; AhrefsBot/7.0; +http://ahrefs.com/robot/)"
192.99.36.126 - - [21/Sep/2022:14:37:08 +0200] "GET /-p-29905.html HTTP/1.0" 200 71872 "-" "Mozilla/5.0 (compatible; MJ12bot/v1.4.8; http://mj12bot.com/)"
192.99.36.126 - - [21/Sep/2022:14:37:11 +0200] "GET /top-model-fantasy-desk-blotter-p-26640.html HTTP/1.0" 301 72098 "-" "Mozilla/5.0 (compatible; MJ12bot/v1.4.8; http://mj12bot.com/)"
192.99.36.126 - - [21/Sep/2022:14:37:14 +0200] "GET /model-fantasy-desk-blotter-p-26640.html HTTP/1.0" 200 72005 "-" "Mozilla/5.0 (compatible; MJ12bot/v1.4.8; http://mj12bot.com/)"
192.99.36.126 - - [21/Sep/2022:14:37:17 +0200] "GET /top-model-fantasy-pegasus-personal-diary-p-35452.html HTTP/1.0" 301 71939 "-" "Mozilla/5.0 (compatible; MJ12bot/v1.4.8; http://mj12bot.com/)"
192.99.36.126 - - [21/Sep/2022:14:37:20 +0200] "GET /-p-35452.html HTTP/1.0" 200 71872 "-" "Mozilla/5.0 (compatible; MJ12bot/v1.4.8; http://mj12bot.com/)"
34.209.79.237 - - [21/Sep/2022:14:37:22 +0200] "GET /images/mini_prod/4260082934778.jpg HTTP/1.0" 200 269 "-" "Mozilla/5.0 (X11; Ubuntu; Linux x86_64; rv:72.0) Gecko/20100101 Firefox/72.0"
192.99.36.126 - - [21/Sep/2022:14:37:23 +0200] "GET /top-model-fantasy-pencil-case-p-23257.html HTTP/1.0" 301 72092 "-" "Mozilla/5.0 (compatible; MJ12bot/v1.4.8; http://mj12bot.com/)"
192.99.36.126 - - [21/Sep/2022:14:37:26 +0200] "GET /model-fantasy-pencil-case-p-23257.html HTTP/1.0" 200 72000 "-" "Mozilla/5.0 (compatible; MJ12bot/v1.4.8; http://mj12bot.com/)"
192.99.36.126 - - [21/Sep/2022:14:37:29 +0200] "GET /top-model-fantasy-pink-roller-ball-p-24984.html HTTP/1.0" 301 72122 "-" "Mozilla/5.0 (compatible; MJ12bot/v1.4.8; http://mj12bot.com/)"
192.99.36.126 - - [21/Sep/2022:14:37:31 +0200] "GET /model-fantasy-pink-roller-ball-p-24984.html HTTP/1.0" 200 72025 "-" "Mozilla/5.0 (compatible; MJ12bot/v1.4.8; http://mj12bot.com/)"
192.99.36.126 - - [21/Sep/2022:14:37:34 +0200] "GET /top-model-fantasy-roller-ball-p-29907.html HTTP/1.0" 301 72092 "-" "Mozilla/5.0 (compatible; MJ12bot/v1.4.8; http://mj12bot.com/)"
192.99.36.126 - - [21/Sep/2022:14:37:37 +0200] "GET /model-fantasy-roller-ball-p-29907.html HTTP/1.0" 200 72000 "-" "Mozilla/5.0 (compatible; MJ12bot/v1.4.8; http://mj12bot.com/)"
192.99.36.126 - - [21/Sep/2022:14:37:40 +0200] "GET /top-model-fantasy-roller-ball-p-29909.html HTTP/1.0" 301 72092 "-" "Mozilla/5.0 (compatible; MJ12bot/v1.4.8; http://mj12bot.com/)"
192.99.36.126 - - [21/Sep/2022:14:37:43 +0200] "GET /model-fantasy-roller-ball-p-29909.html HTTP/1.0" 200 72000 "-" "Mozilla/5.0 (compatible; MJ12bot/v1.4.8; http://mj12bot.com/)"
37.230.186.130 - - [21/Sep/2022:14:37:46 +0200] "GET /images/mini_prod/5018997405604.jpg HTTP/1.0" 200 269 "-" "Python/3.7 aiohttp/3.8.1"
192.99.36.126 - - [21/Sep/2022:14:37:46 +0200] "GET /toy-story-stacking-book-shelf-p-7751.html HTTP/1.0" 301 72089 "-" "Mozilla/5.0 (compatible; MJ12bot/v1.4.8; http://mj12bot.com/)"
192.99.36.126 - - [21/Sep/2022:14:37:49 +0200] "GET /story-stacking-book-shelf-p-7751.html HTTP/1.0" 200 71998 "-" "Mozilla/5.0 (compatible; MJ12bot/v1.4.8; http://mj12bot.com/)"
18.237.46.102 - - [21/Sep/2022:14:37:52 +0200] "GET /images/mini_prod/3014627981502.jpg HTTP/1.0" 200 269 "-" "Mozilla/5.0 (X11; Ubuntu; Linux x86_64; rv:72.0) Gecko/20100101 Firefox/72.0"
192.99.36.126 - - [21/Sep/2022:14:37:51 +0200] "GET /trivet-boards-c-158.html?page=7 HTTP/1.0" 301 95471 "-" "Mozilla/5.0 (compatible; MJ12bot/v1.4.8; http://mj12bot.com/)"
192.99.36.126 - - [21/Sep/2022:14:37:54 +0200] "GET /trivet-boards-c-12_158.html?page=7 HTTP/1.0" 200 95487 "-" "Mozilla/5.0 (compatible; MJ12bot/v1.4.8; http://mj12bot.com/)"
17.121.114.22 - - [21/Sep/2022:14:37:56 +0200] "GET /butterfly-cast-iron-wall-gate-bell-p-58637.html HTTP/1.0" 200 75221 "-" "Mozilla/5.0 (Macintosh; Intel Mac OS X 10_15_5) AppleWebKit/605.1.15 (KHTML, like Gecko) Version/13.1.1 Safari/605.1.15 (Applebot/0.1; +http://www.apple.com/go/applebot)"
192.99.36.126 - - [21/Sep/2022:14:37:58 +0200] "GET /union-jack-eyelets-curtain-p-28573.html HTTP/1.0" 301 71939 "-" "Mozilla/5.0 (compatible; MJ12bot/v1.4.8; http://mj12bot.com/)"
192.99.36.126 - - [21/Sep/2022:14:38:02 +0200] "GET /-p-28573.html HTTP/1.0" 200 71872 "-" "Mozilla/5.0 (compatible; MJ12bot/v1.4.8; http://mj12bot.com/)"
192.99.36.126 - - [21/Sep/2022:14:38:05 +0200] "GET /union-jack-phonebox-cushion-p-34634.html HTTP/1.0" 301 71939 "-" "Mozilla/5.0 (compatible; MJ12bot/v1.4.8; http://mj12bot.com/)"
192.99.36.126 - - [21/Sep/2022:14:38:07 +0200] "GET /-p-34634.html HTTP/1.0" 200 71872 "-" "Mozilla/5.0 (compatible; MJ12bot/v1.4.8; http://mj12bot.com/)"
192.99.36.126 - - [21/Sep/2022:14:38:10 +0200] "GET /vache-paper-towel-dispenser-p-26827.html HTTP/1.0" 301 71939 "-" "Mozilla/5.0 (compatible; MJ12bot/v1.4.8; http://mj12bot.com/)"
157.55.39.12 - - [21/Sep/2022:14:38:10 +0200] "GET /traditional-water-bottle-p-52639.html HTTP/1.0" 200 71974 "-" "Mozilla/5.0 (compatible; bingbot/2.0; +http://www.bing.com/bingbot.htm)"
192.99.36.126 - - [21/Sep/2022:14:38:13 +0200] "GET /-p-26827.html HTTP/1.0" 200 71872 "-" "Mozilla/5.0 (compatible; MJ12bot/v1.4.8; http://mj12bot.com/)"
192.99.36.126 - - [21/Sep/2022:14:38:16 +0200] "GET /vache-rtro-white-p-40045.html HTTP/1.0" 301 71939 "-" "Mozilla/5.0 (compatible; MJ12bot/v1.4.8; http://mj12bot.com/)"
192.99.36.126 - - [21/Sep/2022:14:38:19 +0200] "GET /-p-40045.html HTTP/1.0" 200 71872 "-" "Mozilla/5.0 (compatible; MJ12bot/v1.4.8; http://mj12bot.com/)"
192.99.36.126 - - [21/Sep/2022:14:38:22 +0200] "GET /vache-sugar-p-27373.html HTTP/1.0" 301 71939 "-" "Mozilla/5.0 (compatible; MJ12bot/v1.4.8; http://mj12bot.com/)"
54.36.148.108 - - [21/Sep/2022:14:38:22 +0200] "GET /ethnic-wooden-shelf-cabinet-white-patina-p-45817.html HTTP/1.0" 200 74688 "-" "Mozilla/5.0 (compatible; AhrefsBot/7.0; +http://ahrefs.com/robot/)"
192.99.36.126 - - [21/Sep/2022:14:38:25 +0200] "GET /-p-27373.html HTTP/1.0" 200 71872 "-" "Mozilla/5.0 (compatible; MJ12bot/v1.4.8; http://mj12bot.com/)"
192.99.36.126 - - [21/Sep/2022:14:38:28 +0200] "GET /vegas-poster-p-27248.html HTTP/1.0" 301 71939 "-" "Mozilla/5.0 (compatible; MJ12bot/v1.4.8; http://mj12bot.com/)"
37.230.186.130 - - [21/Sep/2022:14:38:31 +0200] "GET /images/mini_prod/3700653590855.jpg HTTP/1.0" 200 269 "-" "Python/3.7 aiohttp/3.8.1"
192.99.36.126 - - [21/Sep/2022:14:38:30 +0200] "GET /-p-27248.html HTTP/1.0" 200 71872 "-" "Mozilla/5.0 (compatible; MJ12bot/v1.4.8; http://mj12bot.com/)"
207.46.13.149 - - [21/Sep/2022:14:38:34 +0200] "GET /images/boby121212.jpg.jpg HTTP/1.0" 200 260 "-" "Mozilla/5.0 (compatible; bingbot/2.0; +http://www.bing.com/bingbot.htm)"
192.99.36.126 - - [21/Sep/2022:14:38:33 +0200] "GET /vespa-desk-lamp-p-29039.html HTTP/1.0" 301 71939 "-" "Mozilla/5.0 (compatible; MJ12bot/v1.4.8; http://mj12bot.com/)"
192.99.36.126 - - [21/Sep/2022:14:38:36 +0200] "GET /-p-29039.html HTTP/1.0" 200 71872 "-" "Mozilla/5.0 (compatible; MJ12bot/v1.4.8; http://mj12bot.com/)"
54.36.148.245 - - [21/Sep/2022:14:38:37 +0200] "GET /pucca-yakusa-black-large-bag-p-2639.html HTTP/1.0" 301 71936 "-" "Mozilla/5.0 (compatible; AhrefsBot/7.0; +http://ahrefs.com/robot/)"
192.99.36.126 - - [21/Sep/2022:14:38:39 +0200] "GET /vespa-lighter-keyring-p-27863.html HTTP/1.0" 301 71939 "-" "Mozilla/5.0 (compatible; MJ12bot/v1.4.8; http://mj12bot.com/)"
192.99.36.126 - - [21/Sep/2022:14:38:42 +0200] "GET /-p-27863.html HTTP/1.0" 200 71872 "-" "Mozilla/5.0 (compatible; MJ12bot/v1.4.8; http://mj12bot.com/)"
192.99.36.126 - - [21/Sep/2022:14:38:45 +0200] "GET /vespa-orange-lighter-keyring-p-27868.html HTTP/1.0" 301 71939 "-" "Mozilla/5.0 (compatible; MJ12bot/v1.4.8; http://mj12bot.com/)"
192.99.36.126 - - [21/Sep/2022:14:38:48 +0200] "GET /-p-27868.html HTTP/1.0" 200 71872 "-" "Mozilla/5.0 (compatible; MJ12bot/v1.4.8; http://mj12bot.com/)"
192.99.36.126 - - [21/Sep/2022:14:38:51 +0200] "GET /vespa-watch-p-24939.html HTTP/1.0" 301 71939 "-" "Mozilla/5.0 (compatible; MJ12bot/v1.4.8; http://mj12bot.com/)"
192.99.36.126 - - [21/Sep/2022:14:38:53 +0200] "GET /-p-24939.html HTTP/1.0" 200 71872 "-" "Mozilla/5.0 (compatible; MJ12bot/v1.4.8; http://mj12bot.com/)"
34.67.96.123 - - [21/Sep/2022:14:38:56 +0200] "GET /images/mini_prod/270607_001746_PEEL_G78R4h.jpg HTTP/1.0" 200 281 "-" "Mozilla/5.0 (X11; Ubuntu; Linux x86_64; rv:72.0) Gecko/20100101 Firefox/72.0"
192.99.36.126 - - [21/Sep/2022:14:38:56 +0200] "GET /wall-decoration-heart-30-20-cm-p-52201.html HTTP/1.0" 301 72064 "-" "Mozilla/5.0 (compatible; MJ12bot/v1.4.8; http://mj12bot.com/)"
66.249.66.56 - - [21/Sep/2022:14:38:54 +0200] "GET / HTTP/1.0" 200 151304 "-" "Mozilla/5.0 (Linux; Android 6.0.1; Nexus 5X Build/MMB29P) AppleWebKit/537.36 (KHTML, like Gecko) Chrome/105.0.5195.102 Mobile Safari/537.36 (compatible; Googlebot/2.1; +http://www.google.com/bot.html)"
192.99.36.126 - - [21/Sep/2022:14:39:00 +0200] "GET /wall-decoration-heart-p-52201.html HTTP/1.0" 200 71976 "-" "Mozilla/5.0 (compatible; MJ12bot/v1.4.8; http://mj12bot.com/)"
192.99.36.126 - - [21/Sep/2022:14:39:03 +0200] "GET /wall-decoration-home-30-20-cm-p-52202.html HTTP/1.0" 301 74702 "-" "Mozilla/5.0 (compatible; MJ12bot/v1.4.8; http://mj12bot.com/)"
192.99.36.126 - - [21/Sep/2022:14:39:06 +0200] "GET /wall-decoration-home-p-52202.html HTTP/1.0" 200 74615 "-" "Mozilla/5.0 (compatible; MJ12bot/v1.4.8; http://mj12bot.com/)"
192.99.36.126 - - [21/Sep/2022:14:39:09 +0200] "GET /warriors-soft-green-sword-foam-p-19889.html HTTP/1.0" 301 71939 "-" "Mozilla/5.0 (compatible; MJ12bot/v1.4.8; http://mj12bot.com/)"
157.55.39.12 - - [21/Sep/2022:14:39:10 +0200] "GET /-p-31898.html HTTP/1.0" 200 71872 "-" "Mozilla/5.0 (compatible; bingbot/2.0; +http://www.bing.com/bingbot.htm)"
192.99.36.126 - - [21/Sep/2022:14:39:12 +0200] "GET /-p-19889.html HTTP/1.0" 200 71872 "-" "Mozilla/5.0 (compatible; MJ12bot/v1.4.8; http://mj12bot.com/)"
185.191.171.21 - - [21/Sep/2022:14:39:13 +0200] "GET /luggages-schoolbags-leather-shop-c-31.html?page=73 HTTP/1.0" 200 84361 "-" "Mozilla/5.0 (compatible; SemrushBot/7~bl; +http://www.semrush.com/bot.html)"
192.99.36.126 - - [21/Sep/2022:14:39:15 +0200] "GET /water-and-outdoor-games-c-143.html HTTP/1.0" 301 93529 "-" "Mozilla/5.0 (compatible; MJ12bot/v1.4.8; http://mj12bot.com/)"
192.99.36.126 - - [21/Sep/2022:14:39:18 +0200] "GET /water-outdoor-games-c-4_143.html HTTP/1.0" 200 93557 "-" "Mozilla/5.0 (compatible; MJ12bot/v1.4.8; http://mj12bot.com/)"
192.99.36.126 - - [21/Sep/2022:14:39:21 +0200] "GET /water-and-outdoor-games-c-143.html?page=1 HTTP/1.0" 301 93547 "-" "Mozilla/5.0 (compatible; MJ12bot/v1.4.8; http://mj12bot.com/)"
192.99.36.126 - - [21/Sep/2022:14:39:24 +0200] "GET /water-outdoor-games-c-4_143.html?page=1 HTTP/1.0" 200 93568 "-" "Mozilla/5.0 (compatible; MJ12bot/v1.4.8; http://mj12bot.com/)"
192.99.36.126 - - [21/Sep/2022:14:39:27 +0200] "GET /water-and-outdoor-games-c-143.html?page=6 HTTP/1.0" 301 82971 "-" "Mozilla/5.0 (compatible; MJ12bot/v1.4.8; http://mj12bot.com/)"
192.99.36.126 - - [21/Sep/2022:14:39:30 +0200] "GET /water-outdoor-games-c-4_143.html?page=6 HTTP/1.0" 200 82992 "-" "Mozilla/5.0 (compatible; MJ12bot/v1.4.8; http://mj12bot.com/)"
192.99.36.126 - - [21/Sep/2022:14:39:33 +0200] "GET /water-and-outdoor-games-c-4_143.html?page=1 HTTP/1.0" 301 93659 "-" "Mozilla/5.0 (compatible; MJ12bot/v1.4.8; http://mj12bot.com/)"
192.99.36.126 - - [21/Sep/2022:14:39:36 +0200] "GET /water-outdoor-games-c-143.html?page=1 HTTP/1.0" 301 93547 "-" "Mozilla/5.0 (compatible; MJ12bot/v1.4.8; http://mj12bot.com/)"
192.99.36.126 - - [21/Sep/2022:14:39:38 +0200] "GET /water-outdoor-games-c-4_143.html?page=1 HTTP/1.0" 200 93568 "-" "Mozilla/5.0 (compatible; MJ12bot/v1.4.8; http://mj12bot.com/)"
54.36.148.9 - - [21/Sep/2022:14:39:39 +0200] "GET /planter-blue-p-55560.html HTTP/1.0" 200 75369 "-" "Mozilla/5.0 (compatible; AhrefsBot/7.0; +http://ahrefs.com/robot/)"
192.99.36.126 - - [21/Sep/2022:14:39:42 +0200] "GET /water-and-outdoor-games-c-4_143.html?page=6 HTTP/1.0" 301 83083 "-" "Mozilla/5.0 (compatible; MJ12bot/v1.4.8; http://mj12bot.com/)"
54.36.149.99 - - [21/Sep/2022:14:39:44 +0200] "GET /images/big_prod/3660173235318.jpg HTTP/1.0" 200 268 "-" "Mozilla/5.0 (compatible; AhrefsBot/7.0; +http://ahrefs.com/robot/)"
54.36.148.125 - - [21/Sep/2022:14:39:44 +0200] "GET /images/big_prod_2/3660173235318b.jpg HTTP/1.0" 200 271 "-" "Mozilla/5.0 (compatible; AhrefsBot/7.0; +http://ahrefs.com/robot/)"
54.36.148.18 - - [21/Sep/2022:14:39:44 +0200] "GET /images/big_prod_1/3660173235318a.jpg HTTP/1.0" 200 271 "-" "Mozilla/5.0 (compatible; AhrefsBot/7.0; +http://ahrefs.com/robot/)"
192.99.36.126 - - [21/Sep/2022:14:39:45 +0200] "GET /water-outdoor-games-c-143.html?page=6 HTTP/1.0" 301 82971 "-" "Mozilla/5.0 (compatible; MJ12bot/v1.4.8; http://mj12bot.com/)"
192.99.36.126 - - [21/Sep/2022:14:39:47 +0200] "GET /water-outdoor-games-c-4_143.html?page=6 HTTP/1.0" 200 82992 "-" "Mozilla/5.0 (compatible; MJ12bot/v1.4.8; http://mj12bot.com/)"
192.99.36.126 - - [21/Sep/2022:14:39:50 +0200] "GET /white-cotton-kitchen-towel-45-70-cm-corsica-p-43599.html HTTP/1.0" 301 72105 "-" "Mozilla/5.0 (compatible; MJ12bot/v1.4.8; http://mj12bot.com/)"
192.99.36.126 - - [21/Sep/2022:14:39:53 +0200] "GET /white-cotton-kitchen-towel-corsica-p-43599.html HTTP/1.0" 200 72004 "-" "Mozilla/5.0 (compatible; MJ12bot/v1.4.8; http://mj12bot.com/)"
192.99.36.126 - - [21/Sep/2022:14:39:56 +0200] "GET /white-cover-ipad-cupcakes-cbkcbkreation-p-17361.html HTTP/1.0" 301 71939 "-" "Mozilla/5.0 (compatible; MJ12bot/v1.4.8; http://mj12bot.com/)"
192.99.36.126 - - [21/Sep/2022:14:39:59 +0200] "GET /-p-17361.html HTTP/1.0" 200 71872 "-" "Mozilla/5.0 (compatible; MJ12bot/v1.4.8; http://mj12bot.com/)"
192.99.36.126 - - [21/Sep/2022:14:40:02 +0200] "GET /white-cover-ipad-cupcakes-cbkreation-p-17346.html HTTP/1.0" 301 71939 "-" "Mozilla/5.0 (compatible; MJ12bot/v1.4.8; http://mj12bot.com/)"
192.99.36.126 - - [21/Sep/2022:14:40:05 +0200] "GET /-p-17346.html HTTP/1.0" 200 71872 "-" "Mozilla/5.0 (compatible; MJ12bot/v1.4.8; http://mj12bot.com/)"
192.99.36.126 - - [21/Sep/2022:14:40:07 +0200] "GET /white-cover-ipad-little-green-hearts-cbkreation-p-17893.html HTTP/1.0" 301 71939 "-" "Mozilla/5.0 (compatible; MJ12bot/v1.4.8; http://mj12bot.com/)"
192.99.36.126 - - [21/Sep/2022:14:40:10 +0200] "GET /-p-17893.html HTTP/1.0" 200 71872 "-" "Mozilla/5.0 (compatible; MJ12bot/v1.4.8; http://mj12bot.com/)"
66.249.66.60 - - [21/Sep/2022:14:40:12 +0200] "GET /marseille-decorative-metal-plate-cbkreation-p-53155.html HTTP/1.0" 200 74689 "-" "Mozilla/5.0 (Linux; Android 6.0.1; Nexus 5X Build/MMB29P) AppleWebKit/537.36 (KHTML, like Gecko) Chrome/105.0.5195.102 Mobile Safari/537.36 (compatible; Googlebot/2.1; +http://www.google.com/bot.html)"
192.99.36.126 - - [21/Sep/2022:14:40:13 +0200] "GET /white-dledmv-tee-shirt-p-35600.html HTTP/1.0" 301 71939 "-" "Mozilla/5.0 (compatible; MJ12bot/v1.4.8; http://mj12bot.com/)"
192.99.36.126 - - [21/Sep/2022:14:40:17 +0200] "GET /-p-35600.html HTTP/1.0" 200 71872 "-" "Mozilla/5.0 (compatible; MJ12bot/v1.4.8; http://mj12bot.com/)"
192.99.36.126 - - [21/Sep/2022:14:40:20 +0200] "GET /white-dledmv-tee-shirt-p-35616.html HTTP/1.0" 301 71939 "-" "Mozilla/5.0 (compatible; MJ12bot/v1.4.8; http://mj12bot.com/)"
192.99.36.126 - - [21/Sep/2022:14:40:23 +0200] "GET /-p-35616.html HTTP/1.0" 200 71872 "-" "Mozilla/5.0 (compatible; MJ12bot/v1.4.8; http://mj12bot.com/)"
192.99.36.126 - - [21/Sep/2022:14:40:26 +0200] "GET /white-dledmv-tee-shirt-p-35623.html HTTP/1.0" 301 71939 "-" "Mozilla/5.0 (compatible; MJ12bot/v1.4.8; http://mj12bot.com/)"
192.99.36.126 - - [21/Sep/2022:14:40:28 +0200] "GET /-p-35623.html HTTP/1.0" 200 71872 "-" "Mozilla/5.0 (compatible; MJ12bot/v1.4.8; http://mj12bot.com/)"
192.99.36.126 - - [21/Sep/2022:14:40:31 +0200] "GET /white-dledmv-vintage-racer-tee-shirt-p-35711.html HTTP/1.0" 301 71939 "-" "Mozilla/5.0 (compatible; MJ12bot/v1.4.8; http://mj12bot.com/)"
192.99.36.126 - - [21/Sep/2022:14:40:34 +0200] "GET /-p-35711.html HTTP/1.0" 200 71872 "-" "Mozilla/5.0 (compatible; MJ12bot/v1.4.8; http://mj12bot.com/)"
192.99.36.126 - - [21/Sep/2022:14:40:37 +0200] "GET /white-dledmv-vintage-racer-tee-shirt-p-35716.html HTTP/1.0" 301 71939 "-" "Mozilla/5.0 (compatible; MJ12bot/v1.4.8; http://mj12bot.com/)"
192.99.36.126 - - [21/Sep/2022:14:40:40 +0200] "GET /-p-35716.html HTTP/1.0" 200 71872 "-" "Mozilla/5.0 (compatible; MJ12bot/v1.4.8; http://mj12bot.com/)"
192.99.36.126 - - [21/Sep/2022:14:40:43 +0200] "GET /white-ganesh-statue-21-cm-p-35427.html HTTP/1.0" 301 71939 "-" "Mozilla/5.0 (compatible; MJ12bot/v1.4.8; http://mj12bot.com/)"
192.99.36.126 - - [21/Sep/2022:14:40:46 +0200] "GET /-p-35427.html HTTP/1.0" 200 71872 "-" "Mozilla/5.0 (compatible; MJ12bot/v1.4.8; http://mj12bot.com/)"
66.249.66.56 - - [21/Sep/2022:14:40:47 +0200] "GET /jasmin-croisette-notebook-p-34953.html HTTP/1.0" 200 74661 "-" "Mozilla/5.0 (compatible; Googlebot/2.1; +http://www.google.com/bot.html)"
192.99.36.126 - - [21/Sep/2022:14:40:49 +0200] "GET /white-lampshade-p-55318.html HTTP/1.0" 301 71939 "-" "Mozilla/5.0 (compatible; MJ12bot/v1.4.8; http://mj12bot.com/)"
192.99.36.126 - - [21/Sep/2022:14:40:52 +0200] "GET /-p-55318.html HTTP/1.0" 200 71872 "-" "Mozilla/5.0 (compatible; MJ12bot/v1.4.8; http://mj12bot.com/)"
192.99.36.126 - - [21/Sep/2022:14:40:55 +0200] "GET /white-skull-money-box-p-28321.html HTTP/1.0" 301 71939 "-" "Mozilla/5.0 (compatible; MJ12bot/v1.4.8; http://mj12bot.com/)"
192.99.36.126 - - [21/Sep/2022:14:40:58 +0200] "GET /-p-28321.html HTTP/1.0" 200 71872 "-" "Mozilla/5.0 (compatible; MJ12bot/v1.4.8; http://mj12bot.com/)"
54.36.149.104 - - [21/Sep/2022:14:41:00 +0200] "GET /games-toys-c-4.html?page=13 HTTP/1.0" 200 92547 "-" "Mozilla/5.0 (compatible; AhrefsBot/7.0; +http://ahrefs.com/robot/)"
192.99.36.126 - - [21/Sep/2022:14:41:01 +0200] "GET /wooden-boxes-and-storage-c-13_150_220.html HTTP/1.0" 301 92090 "-" "Mozilla/5.0 (compatible; MJ12bot/v1.4.8; http://mj12bot.com/)"
192.99.36.126 - - [21/Sep/2022:14:41:05 +0200] "GET /wooden-boxes-storage-c-220.html HTTP/1.0" 301 91844 "-" "Mozilla/5.0 (compatible; MJ12bot/v1.4.8; http://mj12bot.com/)"
192.99.36.126 - - [21/Sep/2022:14:41:10 +0200] "GET /wooden-boxes-storage-c-13_150_220.html HTTP/1.0" 200 92005 "-" "Mozilla/5.0 (compatible; MJ12bot/v1.4.8; http://mj12bot.com/)"
192.99.36.126 - - [21/Sep/2022:14:41:14 +0200] "GET /wooden-boxes-storage-c-220.html HTTP/1.0" 301 91844 "-" "Mozilla/5.0 (compatible; MJ12bot/v1.4.8; http://mj12bot.com/)"
66.249.66.8 - - [21/Sep/2022:14:41:16 +0200] "GET /images/mini_prod/8718317633140.jpg HTTP/1.0" 200 269 "-" "Mozilla/5.0 (compatible; Googlebot/2.1; +http://www.google.com/bot.html)"
192.99.36.126 - - [21/Sep/2022:14:41:16 +0200] "GET /wooden-boxes-storage-c-13_150_220.html HTTP/1.0" 200 92005 "-" "Mozilla/5.0 (compatible; MJ12bot/v1.4.8; http://mj12bot.com/)"
192.99.36.126 - - [21/Sep/2022:14:41:20 +0200] "GET /york-small-cushion-cbkreation-p-17318.html HTTP/1.0" 301 71939 "-" "Mozilla/5.0 (compatible; MJ12bot/v1.4.8; http://mj12bot.com/)"
192.99.36.126 - - [21/Sep/2022:14:41:23 +0200] "GET /-p-17318.html HTTP/1.0" 200 71872 "-" "Mozilla/5.0 (compatible; MJ12bot/v1.4.8; http://mj12bot.com/)"
192.99.36.126 - - [21/Sep/2022:14:41:25 +0200] "GET /zen-shower-curtain-180-200-cm-p-50726.html HTTP/1.0" 301 75479 "-" "Mozilla/5.0 (compatible; MJ12bot/v1.4.8; http://mj12bot.com/)"
192.99.36.126 - - [21/Sep/2022:14:41:28 +0200] "GET /shower-curtain-p-50726.html HTTP/1.0" 200 75398 "-" "Mozilla/5.0 (compatible; MJ12bot/v1.4.8; http://mj12bot.com/)"
159.75.102.74 - - [21/Sep/2022:14:41:33 +0200] "GET /images/med_prod/1384010184271.jpg HTTP/1.0" 200 268 "-" "Mozilla/5.0 (X11; Ubuntu; Linux x86_64; rv:72.0) Gecko/20100101 Firefox/72.0"
207.46.13.149 - - [21/Sep/2022:14:41:36 +0200] "GET /educational-watch-children-koala-p-51721.html HTTP/1.0" 200 76111 "-" "Mozilla/5.0 AppleWebKit/537.36 (KHTML, like Gecko; compatible; bingbot/2.0; +http://www.bing.com/bingbot.htm) Chrome/103.0.5060.134 Safari/537.36"
54.36.149.0 - - [21/Sep/2022:14:42:02 +0200] "GET /travel-documents-set-cb-passport-and-boarding-pass-p-47344.html HTTP/1.0" 301 75639 "-" "Mozilla/5.0 (compatible; AhrefsBot/7.0; +http://ahrefs.com/robot/)"
185.191.171.16 - - [21/Sep/2022:14:42:15 +0200] "GET /embroidered-rectangular-tablecloth-kolam-p-46463.html HTTP/1.0" 200 72048 "-" "Mozilla/5.0 (compatible; SemrushBot/7~bl; +http://www.semrush.com/bot.html)"
54.36.148.149 - - [21/Sep/2022:14:42:16 +0200] "GET /horse-small-round-magnet-p-31913.html HTTP/1.0" 200 74498 "-" "Mozilla/5.0 (compatible; AhrefsBot/7.0; +http://ahrefs.com/robot/)"
54.36.149.26 - - [21/Sep/2022:14:42:19 +0200] "GET /led-table-lamp-in-glass-tropical-foliage-p-50018.html HTTP/1.0" 301 72108 "-" "Mozilla/5.0 (compatible; AhrefsBot/7.0; +http://ahrefs.com/robot/)"
207.46.13.149 - - [21/Sep/2022:14:42:25 +0200] "GET /heure-adult-apron-p-51196.html HTTP/1.0" 200 74514 "-" "Mozilla/5.0 (compatible; bingbot/2.0; +http://www.bing.com/bingbot.htm)"
34.220.193.233 - - [21/Sep/2022:14:43:06 +0200] "GET /images/mini_prod/b8012052011455.jpg HTTP/1.0" 200 270 "-" "Mozilla/5.0 (X11; Ubuntu; Linux x86_64; rv:72.0) Gecko/20100101 Firefox/72.0"
185.191.171.39 - - [21/Sep/2022:14:43:10 +0200] "GET /decorative-globe-p-49402.html HTTP/1.0" 200 71926 "-" "Mozilla/5.0 (compatible; SemrushBot/7~bl; +http://www.semrush.com/bot.html)"
157.55.39.80 - - [21/Sep/2022:14:43:40 +0200] "GET /cement-tile-stickers-p-50329.html HTTP/1.0" 200 75441 "-" "Mozilla/5.0 (compatible; bingbot/2.0; +http://www.bing.com/bingbot.htm)"
54.36.148.112 - - [21/Sep/2022:14:43:48 +0200] "GET /bulldog-resin-decoration-p-54083.html HTTP/1.0" 200 75723 "-" "Mozilla/5.0 (compatible; AhrefsBot/7.0; +http://ahrefs.com/robot/)"
185.191.171.15 - - [21/Sep/2022:14:43:51 +0200] "GET /taipei-ottoman-storage-nesting-p-55831.html HTTP/1.0" 200 75349 "-" "Mozilla/5.0 (compatible; SemrushBot/7~bl; +http://www.semrush.com/bot.html)"
66.249.66.6 - - [21/Sep/2022:14:43:53 +0200] "GET /images/mini_prod/1399986107230.jpg HTTP/1.0" 200 269 "-" "Mozilla/5.0 (compatible; Googlebot/2.1; +http://www.google.com/bot.html)"
54.36.148.73 - - [21/Sep/2022:14:43:59 +0200] "GET /images/big_prod_3/8433933174487a.jpg HTTP/1.0" 200 271 "-" "Mozilla/5.0 (compatible; AhrefsBot/7.0; +http://ahrefs.com/robot/)"
54.36.148.128 - - [21/Sep/2022:14:44:00 +0200] "GET /images/big_prod_2/8433933174487c.jpg HTTP/1.0" 200 271 "-" "Mozilla/5.0 (compatible; AhrefsBot/7.0; +http://ahrefs.com/robot/)"
54.36.148.174 - - [21/Sep/2022:14:44:00 +0200] "GET /images/big_prod_1/8433933174487b.jpg HTTP/1.0" 200 271 "-" "Mozilla/5.0 (compatible; AhrefsBot/7.0; +http://ahrefs.com/robot/)"
54.36.149.28 - - [21/Sep/2022:14:44:00 +0200] "GET /images/big_prod/8433933174487.jpg HTTP/1.0" 200 268 "-" "Mozilla/5.0 (compatible; AhrefsBot/7.0; +http://ahrefs.com/robot/)"
157.55.39.80 - - [21/Sep/2022:14:44:09 +0200] "GET /images/big_prod/3453131130011.jpg HTTP/1.0" 200 268 "-" "Mozilla/5.0 (compatible; bingbot/2.0; +http://www.bing.com/bingbot.htm)"
66.249.66.148 - - [21/Sep/2022:14:44:33 +0200] "GET /images/mini_prod/3116457105544.jpg HTTP/1.0" 200 269 "-" "Googlebot-Image/1.0"
157.55.39.80 - - [21/Sep/2022:14:44:51 +0200] "GET /galileo-thermometer-indoors-p-50140.html HTTP/1.0" 200 74638 "-" "Mozilla/5.0 AppleWebKit/537.36 (KHTML, like Gecko; compatible; bingbot/2.0; +http://www.bing.com/bingbot.htm) Chrome/103.0.5060.134 Safari/537.36"
185.191.171.17 - - [21/Sep/2022:14:44:55 +0200] "GET /wall-deco-smiling-african-mask-p-48948.html HTTP/1.0" 200 71984 "-" "Mozilla/5.0 (compatible; SemrushBot/7~bl; +http://www.semrush.com/bot.html)"
207.46.13.149 - - [21/Sep/2022:14:45:06 +0200] "GET /kids-school-p-52080.html HTTP/1.0" 200 75354 "-" "Mozilla/5.0 (compatible; bingbot/2.0; +http://www.bing.com/bingbot.htm)"
54.36.149.0 - - [21/Sep/2022:14:45:13 +0200] "GET /zinc-look-metal-flowerpot-cover-pumpkin-yellow-p-55460.html HTTP/1.0" 200 75352 "-" "Mozilla/5.0 (compatible; AhrefsBot/7.0; +http://ahrefs.com/robot/)"
157.55.39.30 - - [21/Sep/2022:14:45:19 +0200] "GET /minions-despicable-backpack-p-35791.html HTTP/1.0" 200 75428 "-" "Mozilla/5.0 (compatible; bingbot/2.0; +http://www.bing.com/bingbot.htm)"
54.36.148.224 - - [21/Sep/2022:14:45:23 +0200] "GET /images/big_prod_1/3665284220611a.jpg HTTP/1.0" 200 271 "-" "Mozilla/5.0 (compatible; AhrefsBot/7.0; +http://ahrefs.com/robot/)"
54.36.148.209 - - [21/Sep/2022:14:45:23 +0200] "GET /images/big_prod/3665284220611.jpg HTTP/1.0" 200 268 "-" "Mozilla/5.0 (compatible; AhrefsBot/7.0; +http://ahrefs.com/robot/)"
34.209.79.237 - - [21/Sep/2022:14:45:41 +0200] "GET /images/mini_prod/8424001159550N.jpg HTTP/1.0" 200 270 "-" "Mozilla/5.0 (X11; Ubuntu; Linux x86_64; rv:72.0) Gecko/20100101 Firefox/72.0"
185.191.171.19 - - [21/Sep/2022:14:46:05 +0200] "GET /plush-keeleco-friendly-p-55366.html HTTP/1.0" 200 71974 "-" "Mozilla/5.0 (compatible; SemrushBot/7~bl; +http://www.semrush.com/bot.html)"
157.55.39.12 - - [21/Sep/2022:14:46:21 +0200] "GET /mani-lucky-charm-size-cagnotte-p-33276.html HTTP/1.0" 200 74824 "-" "Mozilla/5.0 (compatible; bingbot/2.0; +http://www.bing.com/bingbot.htm)"
185.191.171.18 - - [21/Sep/2022:14:46:33 +0200] "GET /-p-50915.html HTTP/1.0" 200 71872 "-" "Mozilla/5.0 (compatible; SemrushBot/7~bl; +http://www.semrush.com/bot.html)"
54.36.149.9 - - [21/Sep/2022:14:46:42 +0200] "GET /ceramic-planter-night-p-55308.html HTTP/1.0" 200 75178 "-" "Mozilla/5.0 (compatible; AhrefsBot/7.0; +http://ahrefs.com/robot/)"
5.161.89.173 - - [21/Sep/2022:14:46:50 +0200] "GET /images/mini_prod/2110DSCN8647.jpg HTTP/1.0" 200 268 "-" "Mozilla/5.0 (X11; Ubuntu; Linux x86_64; rv:72.0) Gecko/20100101 Firefox/72.0"
216.244.66.242 - - [21/Sep/2022:14:47:18 +0200] "GET /robots.txt HTTP/1.0" 200 245 "-" "Mozilla/5.0 (compatible; DotBot/1.2; +https://opensiteexplorer.org/dotbot; help@moz.com)"
114.119.133.245 - - [21/Sep/2022:14:47:26 +0200] "GET /archangel-st-michel-prayer-candle-novena-p-43997.html HTTP/1.0" 301 71939 "http://www.wonder-geek.com/fragrances-of-ambiance-c-231.html?page=18" "Mozilla/5.0 (Linux; Android 7.0;) AppleWebKit/537.36 (KHTML, like Gecko) Mobile Safari/537.36 (compatible; PetalBot;+https://webmaster.petalsearch.com/site/petalbot)"
114.119.133.245 - - [21/Sep/2022:14:47:27 +0200] "GET /-p-43997.html HTTP/1.0" 200 71872 "http://www.wonder-geek.com/fragrances-of-ambiance-c-231.html?page=18" "Mozilla/5.0 (Linux; Android 7.0;) AppleWebKit/537.36 (KHTML, like Gecko) Mobile Safari/537.36 (compatible; PetalBot;+https://webmaster.petalsearch.com/site/petalbot)"
157.55.39.30 - - [21/Sep/2022:14:48:20 +0200] "GET /wicker-picnic-basket-with-dishes-p-42062.html HTTP/1.0" 200 72002 "-" "Mozilla/5.0 (compatible; bingbot/2.0; +http://www.bing.com/bingbot.htm)"
18.237.46.102 - - [21/Sep/2022:14:48:22 +0200] "GET /images/mini_prod/8435306290718.jpg HTTP/1.0" 200 269 "-" "Mozilla/5.0 (X11; Ubuntu; Linux x86_64; rv:72.0) Gecko/20100101 Firefox/72.0"
54.36.149.73 - - [21/Sep/2022:14:48:33 +0200] "GET /mandala-coasters-p-55596.html HTTP/1.0" 200 75503 "-" "Mozilla/5.0 (compatible; AhrefsBot/7.0; +http://ahrefs.com/robot/)"
185.220.100.242 - - [21/Sep/2022:14:48:48 +0200] "GET /contact_us.php HTTP/1.0" 301 539 "http://wonder-geek.com/contact_us.php" "Mozilla/5.0 (Windows NT 6.3; Win64; x64) AppleWebKit/537.36 (KHTML, like Gecko) Chrome/90.0.4430.85 Safari/537.36 Edg/90.0.818.46"
213.164.206.124 - - [21/Sep/2022:14:48:50 +0200] "GET /contact_us.php HTTP/1.0" 200 26241 "http://www.wonder-geek.com/contact_us.php" "Mozilla/5.0 (Windows NT 6.3; Win64; x64) AppleWebKit/537.36 (KHTML, like Gecko) Chrome/90.0.4430.85 Safari/537.36 Edg/90.0.818.46"
213.164.206.124 - - [21/Sep/2022:14:48:51 +0200] "POST /contact_us.php?action=send HTTP/1.0" 200 26659 "http://www.wonder-geek.com/contact_us.php" "Mozilla/5.0 (Windows NT 6.3; Win64; x64) AppleWebKit/537.36 (KHTML, like Gecko) Chrome/90.0.4430.85 Safari/537.36 Edg/90.0.818.46"
157.55.39.12 - - [21/Sep/2022:14:48:51 +0200] "GET /images/35DSCN8195.jpg HTTP/1.0" 200 256 "-" "Mozilla/5.0 (compatible; bingbot/2.0; +http://www.bing.com/bingbot.htm)"
213.164.206.124 - - [21/Sep/2022:14:48:51 +0200] "GET /contact_us.php HTTP/1.0" 200 26241 "http://www.wonder-geek.com/contact_us.php" "Mozilla/5.0 (Windows NT 6.3; Win64; x64) AppleWebKit/537.36 (KHTML, like Gecko) Chrome/90.0.4430.85 Safari/537.36 Edg/90.0.818.46"
66.249.66.210 - - [21/Sep/2022:14:49:04 +0200] "GET /images/36DSCN8194.jpg HTTP/1.0" 200 256 "-" "Googlebot-Image/1.0"
18.237.46.102 - - [21/Sep/2022:14:49:06 +0200] "GET /images/mini_prod/3700281645163.jpg HTTP/1.0" 200 269 "-" "Mozilla/5.0 (X11; Ubuntu; Linux x86_64; rv:72.0) Gecko/20100101 Firefox/72.0"
185.191.171.12 - - [21/Sep/2022:14:49:20 +0200] "GET /luggages-schoolbags-leather-shop-c-31.html?page=36 HTTP/1.0" 200 95658 "-" "Mozilla/5.0 (compatible; SemrushBot/7~bl; +http://www.semrush.com/bot.html)"
157.55.39.217 - - [21/Sep/2022:14:49:23 +0200] "GET /-p-51412.html HTTP/1.0" 200 71872 "-" "Mozilla/5.0 (compatible; bingbot/2.0; +http://www.bing.com/bingbot.htm)"
51.68.224.127 - - [21/Sep/2022:14:49:24 +0200] "GET /adminweb/export_orders_xml.php?token=256de2z6edz6ed2z6DFSFsed2zed6zeDSFDSGdzedezfzf&maxorders=10&orderstart=1&status=14&start_date=2018-10-01 HTTP/1.0" 200 285 "-" "GesCom CharlotteBoutik Serveur"
157.55.39.217 - - [21/Sep/2022:14:49:25 +0200] "GET /hello-kitty-red-tiara-p-13512.html HTTP/1.0" 301 74548 "-" "Mozilla/5.0 (compatible; bingbot/2.0; +http://www.bing.com/bingbot.htm)"
51.68.224.127 - - [21/Sep/2022:14:49:25 +0200] "GET /adminweb/export_orders_xml.php?token=256de2z6edz6ed2z6DFSFsed2zed6zeDSFDSGdzedezfzf&maxorders=10&orderstart=1&status=6&start_date=2018-10-01 HTTP/1.0" 200 33985 "-" "GesCom CharlotteBoutik Serveur"
207.46.13.149 - - [21/Sep/2022:14:49:27 +0200] "GET /marley-zippo-lighter-p-29777.html HTTP/1.0" 200 71975 "-" "Mozilla/5.0 (compatible; bingbot/2.0; +http://www.bing.com/bingbot.htm)"
157.55.39.12 - - [21/Sep/2022:14:49:33 +0200] "GET /alien-green-ceramic-p-48689.html HTTP/1.0" 200 75110 "-" "Mozilla/5.0 (compatible; bingbot/2.0; +http://www.bing.com/bingbot.htm)"
37.230.186.130 - - [21/Sep/2022:14:49:38 +0200] "GET /images/mini_prod/1384000000307.jpg HTTP/1.0" 200 269 "-" "Python/3.7 aiohttp/3.8.1"
185.191.171.40 - - [21/Sep/2022:14:49:59 +0200] "GET /-p-40906.html HTTP/1.0" 200 71872 "-" "Mozilla/5.0 (compatible; SemrushBot/7~bl; +http://www.semrush.com/bot.html)"
54.36.148.231 - - [21/Sep/2022:14:50:11 +0200] "GET /lavender-rosemary-adult-apron-p-39736.html HTTP/1.0" 200 74586 "-" "Mozilla/5.0 (compatible; AhrefsBot/7.0; +http://ahrefs.com/robot/)"
185.191.171.22 - - [21/Sep/2022:14:50:12 +0200] "GET /rhinoceros-plant-p-54316.html HTTP/1.0" 200 75089 "-" "Mozilla/5.0 (compatible; SemrushBot/7~bl; +http://www.semrush.com/bot.html)"
114.119.137.45 - - [21/Sep/2022:14:50:12 +0200] "GET /take-cake-irma-p-48106.html HTTP/1.0" 200 75334 "http://www.wonder-geek.com/household-linen-c-11.html?page=31" "Mozilla/5.0 (Linux; Android 7.0;) AppleWebKit/537.36 (KHTML, like Gecko) Mobile Safari/537.36 (compatible; PetalBot;+https://webmaster.petalsearch.com/site/petalbot)"
216.244.66.242 - - [21/Sep/2022:14:50:32 +0200] "GET /anniversaire-round-p-19180.html HTTP/1.0" 301 71939 "-" "Mozilla/5.0 (compatible; DotBot/1.2; +https://opensiteexplorer.org/dotbot; help@moz.com)"
66.249.66.58 - - [21/Sep/2022:14:50:46 +0200] "GET /jane-crowther-cats-p-53788.html HTTP/1.0" 200 74601 "-" "Mozilla/5.0 (compatible; Googlebot/2.1; +http://www.google.com/bot.html)"
66.249.66.212 - - [21/Sep/2022:14:50:54 +0200] "GET /pillow-case-white-p-39126.html HTTP/1.0" 200 74751 "-" "Mozilla/5.0 (compatible; Googlebot/2.1; +http://www.google.com/bot.html)"
185.191.171.18 - - [21/Sep/2022:14:51:02 +0200] "GET /champa-dragon-blood-backflow-incense-cones-p-54736.html HTTP/1.0" 200 75753 "-" "Mozilla/5.0 (compatible; SemrushBot/7~bl; +http://www.semrush.com/bot.html)"
157.55.39.12 - - [21/Sep/2022:14:51:12 +0200] "GET /jasmin-pencil-case-marley-p-41282.html HTTP/1.0" 200 75258 "-" "Mozilla/5.0 (compatible; bingbot/2.0; +http://www.bing.com/bingbot.htm)"
119.13.76.31 - - [21/Sep/2022:14:51:21 +0200] "GET /images/mini_prod/5414451899994.jpg HTTP/1.0" 200 269 "-" "Mozilla/5.0 (Windows NT 10.0; Win64; x64) AppleWebKit/537.36 (KHTML, like Gecko) Chrome/54.0.2840.99 Safari/537.36"
66.249.66.146 - - [21/Sep/2022:14:51:41 +0200] "GET /lotus-candleholder-light-gold-p-40684.html HTTP/1.0" 200 75973 "-" "Mozilla/5.0 (compatible; Googlebot/2.1; +http://www.google.com/bot.html)"
54.36.149.24 - - [21/Sep/2022:14:51:44 +0200] "GET /planes-cushion-p-25908.html HTTP/1.0" 200 74544 "-" "Mozilla/5.0 (compatible; AhrefsBot/7.0; +http://ahrefs.com/robot/)"
66.249.66.70 - - [21/Sep/2022:14:51:59 +0200] "GET /mani-lucky-fuchsia-p-37336.html HTTP/1.0" 200 74593 "-" "Mozilla/5.0 (Linux; Android 6.0.1; Nexus 5X Build/MMB29P) AppleWebKit/537.36 (KHTML, like Gecko) Chrome/105.0.5195.125 Mobile Safari/537.36 (compatible; Googlebot/2.1; +http://www.google.com/bot.html)"
66.249.66.58 - - [21/Sep/2022:14:52:01 +0200] "GET /images/big_prod/3700344872178.jpg HTTP/1.0" 200 268 "-" "Googlebot-Image/1.0"
66.249.66.68 - - [21/Sep/2022:14:52:17 +0200] "GET /decorative-statuette-love-bear-p-57101.html HTTP/1.0" 200 75304 "-" "Mozilla/5.0 (Linux; Android 6.0.1; Nexus 5X Build/MMB29P) AppleWebKit/537.36 (KHTML, like Gecko) Chrome/105.0.5195.102 Mobile Safari/537.36 (compatible; Googlebot/2.1; +http://www.google.com/bot.html)"
34.67.96.123 - - [21/Sep/2022:14:52:27 +0200] "GET /images/mini_prod/8422010628807.jpg HTTP/1.0" 200 269 "-" "Mozilla/5.0 (X11; Ubuntu; Linux x86_64; rv:72.0) Gecko/20100101 Firefox/72.0"
66.249.66.210 - - [21/Sep/2022:14:52:43 +0200] "GET /images/big_prod_1/8422133370577B.jpg HTTP/1.0" 200 271 "-" "Googlebot-Image/1.0"
5.161.89.173 - - [21/Sep/2022:14:53:07 +0200] "GET /images/mini_prod/3661443611191.jpg HTTP/1.0" 200 269 "-" "Mozilla/5.0 (X11; Ubuntu; Linux x86_64; rv:72.0) Gecko/20100101 Firefox/72.0"
54.36.148.13 - - [21/Sep/2022:14:53:15 +0200] "GET /chakras-hanging-banner-p-56158.html HTTP/1.0" 200 75224 "-" "Mozilla/5.0 (compatible; AhrefsBot/7.0; +http://ahrefs.com/robot/)"
54.36.148.96 - - [21/Sep/2022:14:53:18 +0200] "GET /images/big_prod_1/8718969178020a.jpg HTTP/1.0" 200 271 "-" "Mozilla/5.0 (compatible; AhrefsBot/7.0; +http://ahrefs.com/robot/)"
54.36.148.4 - - [21/Sep/2022:14:53:19 +0200] "GET /images/big_prod/8718969178020.jpg HTTP/1.0" 200 268 "-" "Mozilla/5.0 (compatible; AhrefsBot/7.0; +http://ahrefs.com/robot/)"
87.250.224.94 - - [21/Sep/2022:14:53:25 +0200] "GET /robots.txt HTTP/1.0" 200 245 "-" "Mozilla/5.0 (compatible; YandexBot/3.0; +http://yandex.com/bots)"
87.250.224.94 - - [21/Sep/2022:14:53:29 +0200] "GET /images/spi2.jpg HTTP/1.0" 200 250 "-" "Mozilla/5.0 (compatible; YandexImages/3.0; +http://yandex.com/bots)"
66.249.66.144 - - [21/Sep/2022:14:53:41 +0200] "GET /images/mini_prod/7601019994705.jpg HTTP/1.0" 200 269 "-" "Mozilla/5.0 (compatible; Googlebot/2.1; +http://www.google.com/bot.html)"
66.249.66.144 - - [21/Sep/2022:14:53:49 +0200] "GET /images/big_prod/3014627880140.jpg HTTP/1.0" 200 268 "-" "Mozilla/5.0 (compatible; Googlebot/2.1; +http://www.google.com/bot.html)"
103.131.71.29 - - [21/Sep/2022:14:53:55 +0200] "GET /robots.txt HTTP/1.0" 301 531 "-" "Mozilla/5.0 (compatible; coccocbot-image/1.0; +http://help.coccoc.com/searchengine)"
103.131.71.29 - - [21/Sep/2022:14:53:57 +0200] "GET /robots.txt HTTP/1.0" 200 245 "-" "Mozilla/5.0 (compatible; coccocbot-image/1.0; +http://help.coccoc.com/searchengine)"
103.131.71.30 - - [21/Sep/2022:14:53:59 +0200] "GET /robots.txt HTTP/1.0" 200 245 "-" "Mozilla/5.0 (compatible; coccocbot-image/1.0; +http://help.coccoc.com/searchengine)"
54.245.128.150 - - [21/Sep/2022:14:54:01 +0200] "GET /images/mini_prod/3681643402818B.jpg HTTP/1.0" 200 270 "-" "Mozilla/5.0 (X11; Ubuntu; Linux x86_64; rv:72.0) Gecko/20100101 Firefox/72.0"
103.131.71.31 - - [21/Sep/2022:14:54:01 +0200] "GET /images/pixel_trans.gif HTTP/1.0" 304 135 "-" "Mozilla/5.0 (compatible; coccocbot-image/1.0; +http://help.coccoc.com/searchengine)"
157.55.39.12 - - [21/Sep/2022:14:54:42 +0200] "GET /finding-dory-disney-backpack-p-35793.html HTTP/1.0" 200 74810 "-" "Mozilla/5.0 (compatible; bingbot/2.0; +http://www.bing.com/bingbot.htm)"
