65.108.40.25 - - [21/Sep/2022:09:37:40 +0200] "GET /jasmin-pencil-case-p-31567.html HTTP/1.0" 301 71939 "-" "Mozilla/5.0 (compatible; MJ12bot/v1.4.8; http://mj12bot.com/)"
167.114.173.115 - - [21/Sep/2022:09:37:40 +0200] "GET /aurora-masquerade-figurine-p-32385.html HTTP/1.0" 301 71939 "-" "Mozilla/5.0 (compatible; MJ12bot/v1.4.8; http://mj12bot.com/)"
185.191.171.22 - - [21/Sep/2022:09:37:42 +0200] "GET /transportable-rechargeable-radio-p-52633.html HTTP/1.0" 200 75503 "-" "Mozilla/5.0 (compatible; SemrushBot/7~bl; +http://www.semrush.com/bot.html)"
167.114.173.115 - - [21/Sep/2022:09:37:43 +0200] "GET /-p-32385.html HTTP/1.0" 200 71872 "-" "Mozilla/5.0 (compatible; MJ12bot/v1.4.8; http://mj12bot.com/)"
185.191.171.8 - - [21/Sep/2022:09:37:45 +0200] "GET /provence-little-tray-p-51672.html HTTP/1.0" 200 74590 "-" "Mozilla/5.0 (compatible; SemrushBot/7~bl; +http://www.semrush.com/bot.html)"
65.108.40.25 - - [21/Sep/2022:09:37:46 +0200] "GET /-p-31567.html HTTP/1.0" 200 71872 "-" "Mozilla/5.0 (compatible; MJ12bot/v1.4.8; http://mj12bot.com/)"
167.114.173.115 - - [21/Sep/2022:09:37:46 +0200] "GET /austin-mini-metal-plate-30-20-cm-p-33711.html HTTP/1.0" 301 74660 "-" "Mozilla/5.0 (compatible; MJ12bot/v1.4.8; http://mj12bot.com/)"
167.114.173.115 - - [21/Sep/2022:09:37:49 +0200] "GET /austin-mini-metal-plate-p-33711.html HTTP/1.0" 200 74570 "-" "Mozilla/5.0 (compatible; MJ12bot/v1.4.8; http://mj12bot.com/)"
65.108.40.25 - - [21/Sep/2022:09:37:52 +0200] "GET /keep-calm-wooden-book-box-p-27637.html HTTP/1.0" 301 71939 "-" "Mozilla/5.0 (compatible; MJ12bot/v1.4.8; http://mj12bot.com/)"
167.114.173.115 - - [21/Sep/2022:09:37:52 +0200] "GET /avengers-homework-notebooks-p-35841.html HTTP/1.0" 301 71939 "-" "Mozilla/5.0 (compatible; MJ12bot/v1.4.8; http://mj12bot.com/)"
167.114.173.115 - - [21/Sep/2022:09:37:56 +0200] "GET /-p-35841.html HTTP/1.0" 200 71872 "-" "Mozilla/5.0 (compatible; MJ12bot/v1.4.8; http://mj12bot.com/)"
65.108.40.25 - - [21/Sep/2022:09:37:56 +0200] "GET /-p-27637.html HTTP/1.0" 200 71872 "-" "Mozilla/5.0 (compatible; MJ12bot/v1.4.8; http://mj12bot.com/)"
167.114.173.115 - - [21/Sep/2022:09:37:59 +0200] "GET /avengers-homework-notebooks-p-40845.html HTTP/1.0" 301 71939 "-" "Mozilla/5.0 (compatible; MJ12bot/v1.4.8; http://mj12bot.com/)"
167.114.173.115 - - [21/Sep/2022:09:38:01 +0200] "GET /-p-40845.html HTTP/1.0" 200 71872 "-" "Mozilla/5.0 (compatible; MJ12bot/v1.4.8; http://mj12bot.com/)"
65.108.40.25 - - [21/Sep/2022:09:38:02 +0200] "GET /keith-haring-mug-p-28644.html HTTP/1.0" 301 71939 "-" "Mozilla/5.0 (compatible; MJ12bot/v1.4.8; http://mj12bot.com/)"
167.114.173.115 - - [21/Sep/2022:09:38:04 +0200] "GET /avengers-icons-marvel-large-weekend-bag-p-33309.html HTTP/1.0" 301 71939 "-" "Mozilla/5.0 (compatible; MJ12bot/v1.4.8; http://mj12bot.com/)"
167.114.173.115 - - [21/Sep/2022:09:38:07 +0200] "GET /-p-33309.html HTTP/1.0" 200 71872 "-" "Mozilla/5.0 (compatible; MJ12bot/v1.4.8; http://mj12bot.com/)"
65.108.40.25 - - [21/Sep/2022:09:38:08 +0200] "GET /-p-28644.html HTTP/1.0" 200 71872 "-" "Mozilla/5.0 (compatible; MJ12bot/v1.4.8; http://mj12bot.com/)"
167.114.173.115 - - [21/Sep/2022:09:38:10 +0200] "GET /avengers-marvel-kids-school-bag-41-cm-p-36230.html HTTP/1.0" 301 72084 "-" "Mozilla/5.0 (compatible; MJ12bot/v1.4.8; http://mj12bot.com/)"
167.114.173.115 - - [21/Sep/2022:09:38:14 +0200] "GET /avengers-marvel-kids-school-p-36230.html HTTP/1.0" 200 71990 "-" "Mozilla/5.0 (compatible; MJ12bot/v1.4.8; http://mj12bot.com/)"
65.108.40.25 - - [21/Sep/2022:09:38:15 +0200] "GET /keith-haring-set-of-stackable-boxes-p-28657.html HTTP/1.0" 301 71939 "-" "Mozilla/5.0 (compatible; MJ12bot/v1.4.8; http://mj12bot.com/)"
167.114.173.115 - - [21/Sep/2022:09:38:17 +0200] "GET /avengers-marvel-kids-school-bag-p-44925.html HTTP/1.0" 301 71939 "-" "Mozilla/5.0 (compatible; MJ12bot/v1.4.8; http://mj12bot.com/)"
185.191.171.1 - - [21/Sep/2022:09:38:18 +0200] "GET /gund-boo-13-cm-plush-p-22167.html HTTP/1.0" 301 79114 "-" "Mozilla/5.0 (compatible; SemrushBot/7~bl; +http://www.semrush.com/bot.html)"
65.108.40.25 - - [21/Sep/2022:09:38:19 +0200] "GET /-p-28657.html HTTP/1.0" 200 71872 "-" "Mozilla/5.0 (compatible; MJ12bot/v1.4.8; http://mj12bot.com/)"
167.114.173.115 - - [21/Sep/2022:09:38:20 +0200] "GET /-p-44925.html HTTP/1.0" 200 71872 "-" "Mozilla/5.0 (compatible; MJ12bot/v1.4.8; http://mj12bot.com/)"
185.191.171.8 - - [21/Sep/2022:09:38:21 +0200] "GET /cotton-kitchen-towel-paris-bistrot-p-58741.html?action=add_product HTTP/1.0" 302 476 "-" "Mozilla/5.0 (compatible; SemrushBot/7~bl; +http://www.semrush.com/bot.html)"
65.108.40.25 - - [21/Sep/2022:09:38:24 +0200] "GET /kellogg-box-p-26369.html HTTP/1.0" 301 71939 "-" "Mozilla/5.0 (compatible; MJ12bot/v1.4.8; http://mj12bot.com/)"
167.114.173.115 - - [21/Sep/2022:09:38:24 +0200] "GET /avengers-marvel-kids-school-p-30187.html HTTP/1.0" 301 71939 "-" "Mozilla/5.0 (compatible; MJ12bot/v1.4.8; http://mj12bot.com/)"
185.191.171.3 - - [21/Sep/2022:09:38:24 +0200] "GET /gund-plush-p-22167.html HTTP/1.0" 200 79037 "-" "Mozilla/5.0 (compatible; SemrushBot/7~bl; +http://www.semrush.com/bot.html)"
167.114.173.115 - - [21/Sep/2022:09:38:27 +0200] "GET /-p-30187.html HTTP/1.0" 200 71872 "-" "Mozilla/5.0 (compatible; MJ12bot/v1.4.8; http://mj12bot.com/)"
65.108.40.25 - - [21/Sep/2022:09:38:27 +0200] "GET /-p-26369.html HTTP/1.0" 200 71872 "-" "Mozilla/5.0 (compatible; MJ12bot/v1.4.8; http://mj12bot.com/)"
185.191.171.33 - - [21/Sep/2022:09:38:29 +0200] "GET /cars-disney-3d-card-with-envelope-p-34426.html HTTP/1.0" 301 74685 "-" "Mozilla/5.0 (compatible; SemrushBot/7~bl; +http://www.semrush.com/bot.html)"
167.114.173.115 - - [21/Sep/2022:09:38:30 +0200] "GET /avengers-marvel-large-weekend-bag-p-33673.html HTTP/1.0" 301 71939 "-" "Mozilla/5.0 (compatible; MJ12bot/v1.4.8; http://mj12bot.com/)"
65.108.40.25 - - [21/Sep/2022:09:38:31 +0200] "GET /kellogg-girl-vintage-mug-p-17175.html HTTP/1.0" 301 71939 "-" "Mozilla/5.0 (compatible; MJ12bot/v1.4.8; http://mj12bot.com/)"
167.114.173.115 - - [21/Sep/2022:09:38:32 +0200] "GET /-p-33673.html HTTP/1.0" 200 71872 "-" "Mozilla/5.0 (compatible; MJ12bot/v1.4.8; http://mj12bot.com/)"
185.191.171.10 - - [21/Sep/2022:09:38:33 +0200] "GET /cars-disney-card-with-envelope-p-34426.html HTTP/1.0" 200 74588 "-" "Mozilla/5.0 (compatible; SemrushBot/7~bl; +http://www.semrush.com/bot.html)"
65.108.40.25 - - [21/Sep/2022:09:38:35 +0200] "GET /-p-17175.html HTTP/1.0" 200 71872 "-" "Mozilla/5.0 (compatible; MJ12bot/v1.4.8; http://mj12bot.com/)"
167.114.173.115 - - [21/Sep/2022:09:38:35 +0200] "GET /avengers-marvel-mug-p-31619.html HTTP/1.0" 301 75596 "-" "Mozilla/5.0 (compatible; MJ12bot/v1.4.8; http://mj12bot.com/)"
216.244.66.242 - - [21/Sep/2022:09:38:39 +0200] "GET /robots.txt HTTP/1.0" 200 245 "-" "Mozilla/5.0 (compatible; DotBot/1.2; +https://opensiteexplorer.org/dotbot; help@moz.com)"
167.114.173.115 - - [21/Sep/2022:09:38:38 +0200] "GET /avengers-marvel-p-31619.html HTTP/1.0" 200 75514 "-" "Mozilla/5.0 (compatible; MJ12bot/v1.4.8; http://mj12bot.com/)"
65.108.40.25 - - [21/Sep/2022:09:38:38 +0200] "GET /kellogg-p-26369.html HTTP/1.0" 301 71939 "-" "Mozilla/5.0 (compatible; MJ12bot/v1.4.8; http://mj12bot.com/)"
167.114.173.115 - - [21/Sep/2022:09:38:41 +0200] "GET /avengers-mug-p-37514.html HTTP/1.0" 301 71977 "-" "Mozilla/5.0 (compatible; MJ12bot/v1.4.8; http://mj12bot.com/)"
65.108.40.25 - - [21/Sep/2022:09:38:43 +0200] "GET /-p-26369.html HTTP/1.0" 200 71872 "-" "Mozilla/5.0 (compatible; MJ12bot/v1.4.8; http://mj12bot.com/)"
167.114.173.115 - - [21/Sep/2022:09:38:44 +0200] "GET /avengers-p-37514.html HTTP/1.0" 200 71902 "-" "Mozilla/5.0 (compatible; MJ12bot/v1.4.8; http://mj12bot.com/)"
54.36.148.106 - - [21/Sep/2022:09:38:45 +0200] "GET /-p-7482.html HTTP/1.0" 200 71870 "-" "Mozilla/5.0 (compatible; AhrefsBot/7.0; +http://ahrefs.com/robot/)"
167.114.173.115 - - [21/Sep/2022:09:38:47 +0200] "GET /aviation-malle-size-p-34337.html HTTP/1.0" 301 71939 "-" "Mozilla/5.0 (compatible; MJ12bot/v1.4.8; http://mj12bot.com/)"
65.108.40.25 - - [21/Sep/2022:09:38:47 +0200] "GET /kitten-cardboard-box-mod-p-27643.html HTTP/1.0" 301 74800 "-" "Mozilla/5.0 (compatible; MJ12bot/v1.4.8; http://mj12bot.com/)"
103.135.102.58 - - [21/Sep/2022:09:38:49 +0200] "GET /contact_us.php HTTP/1.0" 200 26241 "http://www.wonder-geek.com/contact_us.php" "Mozilla/5.0 (Windows NT 6.1) AppleWebKit/537.36 (KHTML, like Gecko) Chrome/90.0.4430.93 Safari/537.36"
167.114.173.115 - - [21/Sep/2022:09:38:49 +0200] "GET /-p-34337.html HTTP/1.0" 200 71872 "-" "Mozilla/5.0 (compatible; MJ12bot/v1.4.8; http://mj12bot.com/)"
103.135.102.58 - - [21/Sep/2022:09:38:51 +0200] "POST /contact_us.php?action=send HTTP/1.0" 200 26489 "http://www.wonder-geek.com/contact_us.php" "Mozilla/5.0 (Windows NT 6.1) AppleWebKit/537.36 (KHTML, like Gecko) Chrome/90.0.4430.93 Safari/537.36"
167.114.173.115 - - [21/Sep/2022:09:38:52 +0200] "GET /aviation-malle-size-p-34338.html HTTP/1.0" 301 71939 "-" "Mozilla/5.0 (compatible; MJ12bot/v1.4.8; http://mj12bot.com/)"
65.108.40.25 - - [21/Sep/2022:09:38:53 +0200] "GET /kitten-cardboard-p-27643.html HTTP/1.0" 200 74717 "-" "Mozilla/5.0 (compatible; MJ12bot/v1.4.8; http://mj12bot.com/)"
167.114.173.115 - - [21/Sep/2022:09:38:55 +0200] "GET /-p-34338.html HTTP/1.0" 200 71872 "-" "Mozilla/5.0 (compatible; MJ12bot/v1.4.8; http://mj12bot.com/)"
65.108.40.25 - - [21/Sep/2022:09:38:58 +0200] "GET /kylo-ren-miniature-character-p-32471.html HTTP/1.0" 301 71939 "-" "Mozilla/5.0 (compatible; MJ12bot/v1.4.8; http://mj12bot.com/)"
167.114.173.115 - - [21/Sep/2022:09:38:58 +0200] "GET /babar-bedclothes-140-200-cm-p-10403.html HTTP/1.0" 301 71939 "-" "Mozilla/5.0 (compatible; MJ12bot/v1.4.8; http://mj12bot.com/)"
167.114.173.115 - - [21/Sep/2022:09:39:01 +0200] "GET /-p-10403.html HTTP/1.0" 200 71872 "-" "Mozilla/5.0 (compatible; MJ12bot/v1.4.8; http://mj12bot.com/)"
65.108.40.25 - - [21/Sep/2022:09:39:02 +0200] "GET /-p-32471.html HTTP/1.0" 200 71872 "-" "Mozilla/5.0 (compatible; MJ12bot/v1.4.8; http://mj12bot.com/)"
167.114.173.115 - - [21/Sep/2022:09:39:04 +0200] "GET /babar-bedclothes-140-200-cm-p-14729.html HTTP/1.0" 301 71939 "-" "Mozilla/5.0 (compatible; MJ12bot/v1.4.8; http://mj12bot.com/)"
65.108.40.25 - - [21/Sep/2022:09:39:06 +0200] "GET /la-belle-vie-paris-tray-p-19865.html HTTP/1.0" 301 71939 "-" "Mozilla/5.0 (compatible; MJ12bot/v1.4.8; http://mj12bot.com/)"
167.114.173.115 - - [21/Sep/2022:09:39:08 +0200] "GET /-p-14729.html HTTP/1.0" 200 71872 "-" "Mozilla/5.0 (compatible; MJ12bot/v1.4.8; http://mj12bot.com/)"
185.191.171.39 - - [21/Sep/2022:09:39:10 +0200] "GET /stone-black-moonstone-p-46323.html HTTP/1.0" 301 72074 "-" "Mozilla/5.0 (compatible; SemrushBot/7~bl; +http://www.semrush.com/bot.html)"
65.108.40.25 - - [21/Sep/2022:09:39:12 +0200] "GET /-p-19865.html HTTP/1.0" 200 71872 "-" "Mozilla/5.0 (compatible; MJ12bot/v1.4.8; http://mj12bot.com/)"
34.67.96.123 - - [21/Sep/2022:09:39:14 +0200] "GET /images/mini_prod/1399986107230.jpg HTTP/1.0" 200 269 "-" "Mozilla/5.0 (X11; Ubuntu; Linux x86_64; rv:72.0) Gecko/20100101 Firefox/72.0"
167.114.173.115 - - [21/Sep/2022:09:39:12 +0200] "GET /babar-bedclothes-p-14729.html HTTP/1.0" 301 71939 "-" "Mozilla/5.0 (compatible; MJ12bot/v1.4.8; http://mj12bot.com/)"
185.191.171.38 - - [21/Sep/2022:09:39:14 +0200] "GET /harley-davidson-mini-p-31640.html HTTP/1.0" 200 74672 "-" "Mozilla/5.0 (compatible; SemrushBot/7~bl; +http://www.semrush.com/bot.html)"
167.114.173.115 - - [21/Sep/2022:09:39:16 +0200] "GET /-p-14729.html HTTP/1.0" 200 71872 "-" "Mozilla/5.0 (compatible; MJ12bot/v1.4.8; http://mj12bot.com/)"
129.41.87.1 - - [21/Sep/2022:09:39:17 +0200] "GET /images/mini_prod/5036278051203.jpg HTTP/1.0" 200 269 "-" "Mozilla/5.0 (X11; Ubuntu; Linux x86_64; rv:72.0) Gecko/20100101 Firefox/72.0"
65.108.40.25 - - [21/Sep/2022:09:39:17 +0200] "GET /la-bodega-by-cbk-cbkreation-p-24118.html HTTP/1.0" 301 74581 "-" "Mozilla/5.0 (compatible; MJ12bot/v1.4.8; http://mj12bot.com/)"
185.191.171.4 - - [21/Sep/2022:09:39:17 +0200] "GET /stone-black-moonstone-grams-p-46323.html HTTP/1.0" 200 71980 "-" "Mozilla/5.0 (compatible; SemrushBot/7~bl; +http://www.semrush.com/bot.html)"
167.114.173.115 - - [21/Sep/2022:09:39:19 +0200] "GET /babuchka-by-kimmidoll-green-grey-coin-purse-p-33205.html HTTP/1.0" 301 72179 "-" "Mozilla/5.0 (compatible; MJ12bot/v1.4.8; http://mj12bot.com/)"
185.191.171.17 - - [21/Sep/2022:09:39:21 +0200] "GET /mickey-small-flexible-molds-red-model-p-28211.html HTTP/1.0" 301 74722 "-" "Mozilla/5.0 (compatible; SemrushBot/7~bl; +http://www.semrush.com/bot.html)"
167.114.173.115 - - [21/Sep/2022:09:39:22 +0200] "GET /babuchka-kimmidoll-green-grey-coin-purse-p-33205.html HTTP/1.0" 200 72072 "-" "Mozilla/5.0 (compatible; MJ12bot/v1.4.8; http://mj12bot.com/)"
65.108.40.25 - - [21/Sep/2022:09:39:23 +0200] "GET /bodega-cbkreation-p-24118.html HTTP/1.0" 200 74497 "-" "Mozilla/5.0 (compatible; MJ12bot/v1.4.8; http://mj12bot.com/)"
185.191.171.4 - - [21/Sep/2022:09:39:24 +0200] "GET /mickey-small-flexible-molds-model-p-28211.html HTTP/1.0" 200 74622 "-" "Mozilla/5.0 (compatible; SemrushBot/7~bl; +http://www.semrush.com/bot.html)"
167.114.173.115 - - [21/Sep/2022:09:39:25 +0200] "GET /ballooning-allen-little-tray-p-34391.html HTTP/1.0" 301 71939 "-" "Mozilla/5.0 (compatible; MJ12bot/v1.4.8; http://mj12bot.com/)"
167.114.173.115 - - [21/Sep/2022:09:39:27 +0200] "GET /-p-34391.html HTTP/1.0" 200 71872 "-" "Mozilla/5.0 (compatible; MJ12bot/v1.4.8; http://mj12bot.com/)"
65.108.40.25 - - [21/Sep/2022:09:39:29 +0200] "GET /la-bodega-by-cbk-mug-p-24118.html HTTP/1.0" 301 74581 "-" "Mozilla/5.0 (compatible; MJ12bot/v1.4.8; http://mj12bot.com/)"
167.114.173.115 - - [21/Sep/2022:09:39:30 +0200] "GET /bambi-shopping-bag-and-mobile-phone-case-beige-p-24269.html HTTP/1.0" 301 71939 "-" "Mozilla/5.0 (compatible; MJ12bot/v1.4.8; http://mj12bot.com/)"
167.114.173.115 - - [21/Sep/2022:09:39:33 +0200] "GET /-p-24269.html HTTP/1.0" 200 71872 "-" "Mozilla/5.0 (compatible; MJ12bot/v1.4.8; http://mj12bot.com/)"
65.108.40.25 - - [21/Sep/2022:09:39:33 +0200] "GET /bodega-cbkreation-p-24118.html HTTP/1.0" 200 74497 "-" "Mozilla/5.0 (compatible; MJ12bot/v1.4.8; http://mj12bot.com/)"
167.114.173.115 - - [21/Sep/2022:09:39:36 +0200] "GET /bambi-shopping-bag-and-mobile-phone-case-khaki-p-24270.html HTTP/1.0" 301 71939 "-" "Mozilla/5.0 (compatible; MJ12bot/v1.4.8; http://mj12bot.com/)"
65.108.40.25 - - [21/Sep/2022:09:39:38 +0200] "GET /la-vache-qui-rit-paper-towel-dispenser-p-26827.html HTTP/1.0" 301 71939 "-" "Mozilla/5.0 (compatible; MJ12bot/v1.4.8; http://mj12bot.com/)"
167.114.173.115 - - [21/Sep/2022:09:39:39 +0200] "GET /-p-24270.html HTTP/1.0" 200 71872 "-" "Mozilla/5.0 (compatible; MJ12bot/v1.4.8; http://mj12bot.com/)"
167.114.173.115 - - [21/Sep/2022:09:39:43 +0200] "GET /banania-cacao-box-by-herve-morvan-p-26843.html HTTP/1.0" 301 71939 "-" "Mozilla/5.0 (compatible; MJ12bot/v1.4.8; http://mj12bot.com/)"
207.46.13.149 - - [21/Sep/2022:09:39:46 +0200] "GET /images/med_prod/5036278061301.jpg HTTP/1.0" 200 268 "-" "Mozilla/5.0 (compatible; bingbot/2.0; +http://www.bing.com/bingbot.htm)"
65.108.40.25 - - [21/Sep/2022:09:39:44 +0200] "GET /-p-26827.html HTTP/1.0" 200 71872 "-" "Mozilla/5.0 (compatible; MJ12bot/v1.4.8; http://mj12bot.com/)"
185.191.171.8 - - [21/Sep/2022:09:39:45 +0200] "GET /cotton-floor-cushion-iceland-40-40-30-cm-p-45159.html HTTP/1.0" 301 71939 "-" "Mozilla/5.0 (compatible; SemrushBot/7~bl; +http://www.semrush.com/bot.html)"
167.114.173.115 - - [21/Sep/2022:09:39:46 +0200] "GET /-p-26843.html HTTP/1.0" 200 71872 "-" "Mozilla/5.0 (compatible; MJ12bot/v1.4.8; http://mj12bot.com/)"
65.108.40.25 - - [21/Sep/2022:09:39:48 +0200] "GET /lady-pets-rock-hairbrush-p-16771.html HTTP/1.0" 301 71939 "-" "Mozilla/5.0 (compatible; MJ12bot/v1.4.8; http://mj12bot.com/)"
185.191.171.2 - - [21/Sep/2022:09:39:49 +0200] "GET /-p-45159.html HTTP/1.0" 200 71872 "-" "Mozilla/5.0 (compatible; SemrushBot/7~bl; +http://www.semrush.com/bot.html)"
167.114.173.115 - - [21/Sep/2022:09:39:50 +0200] "GET /banania-paper-towel-dispenser-p-35243.html HTTP/1.0" 301 71939 "-" "Mozilla/5.0 (compatible; MJ12bot/v1.4.8; http://mj12bot.com/)"
167.114.173.115 - - [21/Sep/2022:09:39:52 +0200] "GET /-p-35243.html HTTP/1.0" 200 71872 "-" "Mozilla/5.0 (compatible; MJ12bot/v1.4.8; http://mj12bot.com/)"
65.108.40.25 - - [21/Sep/2022:09:39:55 +0200] "GET /-p-16771.html HTTP/1.0" 200 71872 "-" "Mozilla/5.0 (compatible; MJ12bot/v1.4.8; http://mj12bot.com/)"
167.114.173.115 - - [21/Sep/2022:09:39:55 +0200] "GET /banania-sugar-pot-p-30414.html HTTP/1.0" 301 71939 "-" "Mozilla/5.0 (compatible; MJ12bot/v1.4.8; http://mj12bot.com/)"
185.191.171.1 - - [21/Sep/2022:09:39:58 +0200] "GET /blue-meditation-buddha-resin-statuette-p-50397.html HTTP/1.0" 200 74732 "-" "Mozilla/5.0 (compatible; SemrushBot/7~bl; +http://www.semrush.com/bot.html)"
167.114.173.115 - - [21/Sep/2022:09:39:58 +0200] "GET /-p-30414.html HTTP/1.0" 200 71872 "-" "Mozilla/5.0 (compatible; MJ12bot/v1.4.8; http://mj12bot.com/)"
65.108.40.25 - - [21/Sep/2022:09:40:00 +0200] "GET /laissez-lucie-faire-liberty-small-melamine-tray-p-39854.html HTTP/1.0" 301 71939 "-" "Mozilla/5.0 (compatible; MJ12bot/v1.4.8; http://mj12bot.com/)"
66.249.66.210 - - [21/Sep/2022:09:40:00 +0200] "GET /wooden-cubi-cover-bistrot-p-58138.html HTTP/1.0" 200 75313 "-" "Mozilla/5.0 (compatible; Googlebot/2.1; +http://www.google.com/bot.html)"
167.114.173.115 - - [21/Sep/2022:09:40:01 +0200] "GET /bar-stool-red-retro-p-34322.html HTTP/1.0" 301 71939 "-" "Mozilla/5.0 (compatible; MJ12bot/v1.4.8; http://mj12bot.com/)"
167.114.173.115 - - [21/Sep/2022:09:40:04 +0200] "GET /-p-34322.html HTTP/1.0" 200 71872 "-" "Mozilla/5.0 (compatible; MJ12bot/v1.4.8; http://mj12bot.com/)"
65.108.40.25 - - [21/Sep/2022:09:40:04 +0200] "GET /-p-39854.html HTTP/1.0" 200 71872 "-" "Mozilla/5.0 (compatible; MJ12bot/v1.4.8; http://mj12bot.com/)"
167.114.173.115 - - [21/Sep/2022:09:40:07 +0200] "GET /bar-stools-retro-80-cm-p-37186.html HTTP/1.0" 301 71939 "-" "Mozilla/5.0 (compatible; MJ12bot/v1.4.8; http://mj12bot.com/)"
65.108.40.25 - - [21/Sep/2022:09:40:09 +0200] "GET /laissez-lucie-faire-mug-p-31086.html HTTP/1.0" 301 71939 "-" "Mozilla/5.0 (compatible; MJ12bot/v1.4.8; http://mj12bot.com/)"
167.114.173.115 - - [21/Sep/2022:09:40:10 +0200] "GET /-p-37186.html HTTP/1.0" 200 71872 "-" "Mozilla/5.0 (compatible; MJ12bot/v1.4.8; http://mj12bot.com/)"
167.114.173.115 - - [21/Sep/2022:09:40:13 +0200] "GET /barbabeau-figure-p-461.html HTTP/1.0" 301 71933 "-" "Mozilla/5.0 (compatible; MJ12bot/v1.4.8; http://mj12bot.com/)"
65.108.40.25 - - [21/Sep/2022:09:40:14 +0200] "GET /-p-31086.html HTTP/1.0" 200 71872 "-" "Mozilla/5.0 (compatible; MJ12bot/v1.4.8; http://mj12bot.com/)"
167.114.173.115 - - [21/Sep/2022:09:40:15 +0200] "GET /-p-461.html HTTP/1.0" 200 71868 "-" "Mozilla/5.0 (compatible; MJ12bot/v1.4.8; http://mj12bot.com/)"
167.114.173.115 - - [21/Sep/2022:09:40:18 +0200] "GET /barbabeau-mug-p-24019.html HTTP/1.0" 301 71939 "-" "Mozilla/5.0 (compatible; MJ12bot/v1.4.8; http://mj12bot.com/)"
65.108.40.25 - - [21/Sep/2022:09:40:19 +0200] "GET /laissez-lucie-faire-mug-p-31088.html HTTP/1.0" 301 71939 "-" "Mozilla/5.0 (compatible; MJ12bot/v1.4.8; http://mj12bot.com/)"
167.114.173.115 - - [21/Sep/2022:09:40:21 +0200] "GET /-p-24019.html HTTP/1.0" 200 71872 "-" "Mozilla/5.0 (compatible; MJ12bot/v1.4.8; http://mj12bot.com/)"
167.114.173.115 - - [21/Sep/2022:09:40:24 +0200] "GET /barbabeau-red-messenger-bag-p-15792.html HTTP/1.0" 301 71939 "-" "Mozilla/5.0 (compatible; MJ12bot/v1.4.8; http://mj12bot.com/)"
65.108.40.25 - - [21/Sep/2022:09:40:25 +0200] "GET /-p-31088.html HTTP/1.0" 200 71872 "-" "Mozilla/5.0 (compatible; MJ12bot/v1.4.8; http://mj12bot.com/)"
167.114.173.115 - - [21/Sep/2022:09:40:27 +0200] "GET /-p-15792.html HTTP/1.0" 200 71872 "-" "Mozilla/5.0 (compatible; MJ12bot/v1.4.8; http://mj12bot.com/)"
65.108.40.25 - - [21/Sep/2022:09:40:30 +0200] "GET /laissez-lucie-faire-paris-mug-p-31090.html HTTP/1.0" 301 75232 "-" "Mozilla/5.0 (compatible; MJ12bot/v1.4.8; http://mj12bot.com/)"
167.114.173.115 - - [21/Sep/2022:09:40:31 +0200] "GET /barbabelle-mug-p-2720.html HTTP/1.0" 301 71936 "-" "Mozilla/5.0 (compatible; MJ12bot/v1.4.8; http://mj12bot.com/)"
54.36.148.241 - - [21/Sep/2022:09:40:34 +0200] "GET /decorative-door-sticker-p-51538.html HTTP/1.0" 200 75330 "-" "Mozilla/5.0 (compatible; AhrefsBot/7.0; +http://ahrefs.com/robot/)"
185.191.171.11 - - [21/Sep/2022:09:40:35 +0200] "GET /elephant-table-p-45464.html HTTP/1.0" 301 71939 "-" "Mozilla/5.0 (compatible; SemrushBot/7~bl; +http://www.semrush.com/bot.html)"
65.108.40.25 - - [21/Sep/2022:09:40:35 +0200] "GET /laissez-lucie-faire-paris-p-31090.html HTTP/1.0" 200 75140 "-" "Mozilla/5.0 (compatible; MJ12bot/v1.4.8; http://mj12bot.com/)"
167.114.173.115 - - [21/Sep/2022:09:40:35 +0200] "GET /-p-2720.html HTTP/1.0" 200 71870 "-" "Mozilla/5.0 (compatible; MJ12bot/v1.4.8; http://mj12bot.com/)"
167.114.173.115 - - [21/Sep/2022:09:40:39 +0200] "GET /barbabelle-small-bag-p-16873.html HTTP/1.0" 301 71939 "-" "Mozilla/5.0 (compatible; MJ12bot/v1.4.8; http://mj12bot.com/)"
185.191.171.9 - - [21/Sep/2022:09:40:40 +0200] "GET /-p-45464.html HTTP/1.0" 200 71872 "-" "Mozilla/5.0 (compatible; SemrushBot/7~bl; +http://www.semrush.com/bot.html)"
65.108.40.25 - - [21/Sep/2022:09:40:41 +0200] "GET /large-box-retro-metal-garage-p-28512.html HTTP/1.0" 301 71939 "-" "Mozilla/5.0 (compatible; MJ12bot/v1.4.8; http://mj12bot.com/)"
167.114.173.115 - - [21/Sep/2022:09:40:42 +0200] "GET /-p-16873.html HTTP/1.0" 200 71872 "-" "Mozilla/5.0 (compatible; MJ12bot/v1.4.8; http://mj12bot.com/)"
65.108.40.25 - - [21/Sep/2022:09:40:45 +0200] "GET /-p-28512.html HTTP/1.0" 200 71872 "-" "Mozilla/5.0 (compatible; MJ12bot/v1.4.8; http://mj12bot.com/)"
167.114.173.115 - - [21/Sep/2022:09:40:45 +0200] "GET /barbabo-hochet-soft-toy-p-18895.html HTTP/1.0" 301 71939 "-" "Mozilla/5.0 (compatible; MJ12bot/v1.4.8; http://mj12bot.com/)"
167.114.173.115 - - [21/Sep/2022:09:40:48 +0200] "GET /-p-18895.html HTTP/1.0" 200 71872 "-" "Mozilla/5.0 (compatible; MJ12bot/v1.4.8; http://mj12bot.com/)"
65.108.40.25 - - [21/Sep/2022:09:40:50 +0200] "GET /large-graphic-tray-43-cm-p-44934.html HTTP/1.0" 301 72056 "-" "Mozilla/5.0 (compatible; MJ12bot/v1.4.8; http://mj12bot.com/)"
167.114.173.115 - - [21/Sep/2022:09:40:51 +0200] "GET /barbabravo-pencil-box-p-7865.html HTTP/1.0" 301 71936 "-" "Mozilla/5.0 (compatible; MJ12bot/v1.4.8; http://mj12bot.com/)"
167.114.173.115 - - [21/Sep/2022:09:40:54 +0200] "GET /-p-7865.html HTTP/1.0" 200 71870 "-" "Mozilla/5.0 (compatible; MJ12bot/v1.4.8; http://mj12bot.com/)"
65.108.40.25 - - [21/Sep/2022:09:40:56 +0200] "GET /large-graphic-tray-p-44934.html HTTP/1.0" 200 71971 "-" "Mozilla/5.0 (compatible; MJ12bot/v1.4.8; http://mj12bot.com/)"
167.114.173.115 - - [21/Sep/2022:09:40:57 +0200] "GET /barbabravo-small-oddments-p-8300.html HTTP/1.0" 301 71936 "-" "Mozilla/5.0 (compatible; MJ12bot/v1.4.8; http://mj12bot.com/)"
167.114.173.115 - - [21/Sep/2022:09:41:00 +0200] "GET /-p-8300.html HTTP/1.0" 200 71870 "-" "Mozilla/5.0 (compatible; MJ12bot/v1.4.8; http://mj12bot.com/)"
65.108.40.25 - - [21/Sep/2022:09:41:00 +0200] "GET /large-jar-candle-70-hours-christmas-cupcake-p-33007.html HTTP/1.0" 301 75984 "-" "Mozilla/5.0 (compatible; MJ12bot/v1.4.8; http://mj12bot.com/)"
167.114.173.115 - - [21/Sep/2022:09:41:03 +0200] "GET /barbabright-birth-barbabib-p-18364.html HTTP/1.0" 301 71939 "-" "Mozilla/5.0 (compatible; MJ12bot/v1.4.8; http://mj12bot.com/)"
167.114.173.115 - - [21/Sep/2022:09:41:06 +0200] "GET /-p-18364.html HTTP/1.0" 200 71872 "-" "Mozilla/5.0 (compatible; MJ12bot/v1.4.8; http://mj12bot.com/)"
65.108.40.25 - - [21/Sep/2022:09:41:05 +0200] "GET /large-candle-hours-christmas-cupcake-p-33007.html HTTP/1.0" 200 75881 "-" "Mozilla/5.0 (compatible; MJ12bot/v1.4.8; http://mj12bot.com/)"
167.114.173.115 - - [21/Sep/2022:09:41:11 +0200] "GET /barbalala-barbapapa-family-soft-toy-14-cm-p-14330.html HTTP/1.0" 301 71939 "-" "Mozilla/5.0 (compatible; MJ12bot/v1.4.8; http://mj12bot.com/)"
65.108.40.25 - - [21/Sep/2022:09:41:14 +0200] "GET /large-jar-candle-70-hours-jasmine-daydream-p-33009.html HTTP/1.0" 301 75986 "-" "Mozilla/5.0 (compatible; MJ12bot/v1.4.8; http://mj12bot.com/)"
167.114.173.115 - - [21/Sep/2022:09:41:14 +0200] "GET /-p-14330.html HTTP/1.0" 200 71872 "-" "Mozilla/5.0 (compatible; MJ12bot/v1.4.8; http://mj12bot.com/)"
167.114.173.115 - - [21/Sep/2022:09:41:18 +0200] "GET /baroque-paris-bedclothes-220-240-cm-p-33563.html HTTP/1.0" 301 71939 "-" "Mozilla/5.0 (compatible; MJ12bot/v1.4.8; http://mj12bot.com/)"
65.108.40.25 - - [21/Sep/2022:09:41:18 +0200] "GET /large-candle-hours-jasmine-daydream-p-33009.html HTTP/1.0" 200 75884 "-" "Mozilla/5.0 (compatible; MJ12bot/v1.4.8; http://mj12bot.com/)"
167.114.173.115 - - [21/Sep/2022:09:41:20 +0200] "GET /-p-33563.html HTTP/1.0" 200 71872 "-" "Mozilla/5.0 (compatible; MJ12bot/v1.4.8; http://mj12bot.com/)"
65.108.40.25 - - [21/Sep/2022:09:41:23 +0200] "GET /large-jar-candle-70-hours-simply-spa-p-33016.html HTTP/1.0" 301 75862 "-" "Mozilla/5.0 (compatible; MJ12bot/v1.4.8; http://mj12bot.com/)"
167.114.173.115 - - [21/Sep/2022:09:41:23 +0200] "GET /bart-simpsons-brown-small-cushion-p-22180.html HTTP/1.0" 301 71939 "-" "Mozilla/5.0 (compatible; MJ12bot/v1.4.8; http://mj12bot.com/)"
167.114.173.115 - - [21/Sep/2022:09:41:26 +0200] "GET /-p-22180.html HTTP/1.0" 200 71872 "-" "Mozilla/5.0 (compatible; MJ12bot/v1.4.8; http://mj12bot.com/)"
65.108.40.25 - - [21/Sep/2022:09:41:29 +0200] "GET /large-candle-hours-simply-p-33016.html HTTP/1.0" 200 75770 "-" "Mozilla/5.0 (compatible; MJ12bot/v1.4.8; http://mj12bot.com/)"
167.114.173.115 - - [21/Sep/2022:09:41:29 +0200] "GET /baseball-bat-humorous-red-p-37777.html HTTP/1.0" 301 71939 "-" "Mozilla/5.0 (compatible; MJ12bot/v1.4.8; http://mj12bot.com/)"
157.55.39.217 - - [21/Sep/2022:09:41:33 +0200] "GET /images/DSCN4025n.jpg HTTP/1.0" 200 255 "-" "Mozilla/5.0 (compatible; bingbot/2.0; +http://www.bing.com/bingbot.htm)"
167.114.173.115 - - [21/Sep/2022:09:41:32 +0200] "GET /-p-37777.html HTTP/1.0" 200 71872 "-" "Mozilla/5.0 (compatible; MJ12bot/v1.4.8; http://mj12bot.com/)"
65.108.40.25 - - [21/Sep/2022:09:41:34 +0200] "GET /large-jar-candle-70-hours-sweet-black-cherries-p-33014.html HTTP/1.0" 301 75972 "-" "Mozilla/5.0 (compatible; MJ12bot/v1.4.8; http://mj12bot.com/)"
185.191.171.7 - - [21/Sep/2022:09:41:34 +0200] "GET /flower-life-boxes-mango-wood-p-57338.html HTTP/1.0" 200 75896 "-" "Mozilla/5.0 (compatible; SemrushBot/7~bl; +http://www.semrush.com/bot.html)"
167.114.173.115 - - [21/Sep/2022:09:41:35 +0200] "GET /baseball-humorous-p-37777.html HTTP/1.0" 301 71939 "-" "Mozilla/5.0 (compatible; MJ12bot/v1.4.8; http://mj12bot.com/)"
65.108.40.25 - - [21/Sep/2022:09:41:37 +0200] "GET /large-candle-hours-sweet-black-cherries-p-33014.html HTTP/1.0" 200 75866 "-" "Mozilla/5.0 (compatible; MJ12bot/v1.4.8; http://mj12bot.com/)"
167.114.173.115 - - [21/Sep/2022:09:41:38 +0200] "GET /-p-37777.html HTTP/1.0" 200 71872 "-" "Mozilla/5.0 (compatible; MJ12bot/v1.4.8; http://mj12bot.com/)"
185.191.171.42 - - [21/Sep/2022:09:41:40 +0200] "GET /harley-davidson-large-box-p-33735.html HTTP/1.0" 301 74749 "-" "Mozilla/5.0 (compatible; SemrushBot/7~bl; +http://www.semrush.com/bot.html)"
167.114.173.115 - - [21/Sep/2022:09:41:41 +0200] "GET /batman-kids-school-bag-p-36196.html HTTP/1.0" 301 71939 "-" "Mozilla/5.0 (compatible; MJ12bot/v1.4.8; http://mj12bot.com/)"
65.108.40.25 - - [21/Sep/2022:09:41:43 +0200] "GET /large-jar-candle-70-hours-waiting-for-santa-p-33008.html HTTP/1.0" 301 72161 "-" "Mozilla/5.0 (compatible; MJ12bot/v1.4.8; http://mj12bot.com/)"
185.191.171.9 - - [21/Sep/2022:09:41:43 +0200] "GET /harley-davidson-large-p-33735.html HTTP/1.0" 200 74661 "-" "Mozilla/5.0 (compatible; SemrushBot/7~bl; +http://www.semrush.com/bot.html)"
51.68.224.127 - - [21/Sep/2022:09:41:46 +0200] "GET /adminweb/export_orders_xml.php?token=256de2z6edz6ed2z6DFSFsed2zed6zeDSFDSGdzedezfzf&maxorders=10&orderstart=1&status=14&start_date=2018-10-01 HTTP/1.0" 200 285 "-" "GesCom CharlotteBoutik Serveur"
167.114.173.115 - - [21/Sep/2022:09:41:44 +0200] "GET /-p-36196.html HTTP/1.0" 200 71872 "-" "Mozilla/5.0 (compatible; MJ12bot/v1.4.8; http://mj12bot.com/)"
51.68.224.127 - - [21/Sep/2022:09:41:46 +0200] "GET /adminweb/export_orders_xml.php?token=256de2z6edz6ed2z6DFSFsed2zed6zeDSFDSGdzedezfzf&maxorders=10&orderstart=1&status=6&start_date=2018-10-01 HTTP/1.0" 200 33985 "-" "GesCom CharlotteBoutik Serveur"
167.114.173.115 - - [21/Sep/2022:09:41:48 +0200] "GET /batman-kids-school-p-36196.html HTTP/1.0" 301 71939 "-" "Mozilla/5.0 (compatible; MJ12bot/v1.4.8; http://mj12bot.com/)"
65.108.40.25 - - [21/Sep/2022:09:41:49 +0200] "GET /large-candle-hours-waiting-santa-p-33008.html HTTP/1.0" 200 72062 "-" "Mozilla/5.0 (compatible; MJ12bot/v1.4.8; http://mj12bot.com/)"
167.114.173.115 - - [21/Sep/2022:09:41:51 +0200] "GET /-p-36196.html HTTP/1.0" 200 71872 "-" "Mozilla/5.0 (compatible; MJ12bot/v1.4.8; http://mj12bot.com/)"
167.114.173.115 - - [21/Sep/2022:09:41:54 +0200] "GET /batman-swim-vest-p-19976.html HTTP/1.0" 301 71939 "-" "Mozilla/5.0 (compatible; MJ12bot/v1.4.8; http://mj12bot.com/)"
65.108.40.25 - - [21/Sep/2022:09:41:55 +0200] "GET /large-jar-candle-christmas-night-p-42619.html HTTP/1.0" 301 72116 "-" "Mozilla/5.0 (compatible; MJ12bot/v1.4.8; http://mj12bot.com/)"
167.114.173.115 - - [21/Sep/2022:09:41:56 +0200] "GET /-p-19976.html HTTP/1.0" 200 71872 "-" "Mozilla/5.0 (compatible; MJ12bot/v1.4.8; http://mj12bot.com/)"
65.108.40.25 - - [21/Sep/2022:09:42:00 +0200] "GET /large-candle-christmas-night-p-42619.html HTTP/1.0" 200 72021 "-" "Mozilla/5.0 (compatible; MJ12bot/v1.4.8; http://mj12bot.com/)"
167.114.173.115 - - [21/Sep/2022:09:42:00 +0200] "GET /batman-underwear-boxer-p-32792.html HTTP/1.0" 301 71939 "-" "Mozilla/5.0 (compatible; MJ12bot/v1.4.8; http://mj12bot.com/)"
65.108.40.25 - - [21/Sep/2022:09:42:04 +0200] "GET /large-sheet-metal-coca-cola-pin-up-p-12356.html HTTP/1.0" 301 71939 "-" "Mozilla/5.0 (compatible; MJ12bot/v1.4.8; http://mj12bot.com/)"
167.114.173.115 - - [21/Sep/2022:09:42:05 +0200] "GET /-p-32792.html HTTP/1.0" 200 71872 "-" "Mozilla/5.0 (compatible; MJ12bot/v1.4.8; http://mj12bot.com/)"
216.244.66.242 - - [21/Sep/2022:09:42:06 +0200] "GET /astrix-figure-p-3925.html HTTP/1.0" 301 71936 "-" "Mozilla/5.0 (compatible; DotBot/1.2; +https://opensiteexplorer.org/dotbot; help@moz.com)"
167.114.173.115 - - [21/Sep/2022:09:42:09 +0200] "GET /baymax-action-figure-15-cm-p-35279.html HTTP/1.0" 301 71939 "-" "Mozilla/5.0 (compatible; MJ12bot/v1.4.8; http://mj12bot.com/)"
65.108.40.25 - - [21/Sep/2022:09:42:11 +0200] "GET /-p-12356.html HTTP/1.0" 200 71872 "-" "Mozilla/5.0 (compatible; MJ12bot/v1.4.8; http://mj12bot.com/)"
167.114.173.115 - - [21/Sep/2022:09:42:11 +0200] "GET /-p-35279.html HTTP/1.0" 200 71872 "-" "Mozilla/5.0 (compatible; MJ12bot/v1.4.8; http://mj12bot.com/)"
65.108.40.25 - - [21/Sep/2022:09:42:13 +0200] "GET /large-sheet-metal-ice-cold-coca-cola-p-12360.html HTTP/1.0" 301 74720 "-" "Mozilla/5.0 (compatible; MJ12bot/v1.4.8; http://mj12bot.com/)"
216.244.66.242 - - [21/Sep/2022:09:42:15 +0200] "GET /bcassine-cutting-board-p-27375.html HTTP/1.0" 301 71939 "-" "Mozilla/5.0 (compatible; DotBot/1.2; +https://opensiteexplorer.org/dotbot; help@moz.com)"
167.114.173.115 - - [21/Sep/2022:09:42:15 +0200] "GET /baymax-rocket-fist-p-35297.html HTTP/1.0" 301 71939 "-" "Mozilla/5.0 (compatible; MJ12bot/v1.4.8; http://mj12bot.com/)"
167.114.173.115 - - [21/Sep/2022:09:42:19 +0200] "GET /-p-35297.html HTTP/1.0" 200 71872 "-" "Mozilla/5.0 (compatible; MJ12bot/v1.4.8; http://mj12bot.com/)"
65.108.40.25 - - [21/Sep/2022:09:42:20 +0200] "GET /coca-cola-rectangular-large-metal-plate-p-12360.html HTTP/1.0" 200 74614 "-" "Mozilla/5.0 (compatible; MJ12bot/v1.4.8; http://mj12bot.com/)"
167.114.173.115 - - [21/Sep/2022:09:42:22 +0200] "GET /beatles-abbey-road-black-shirt-p-29554.html HTTP/1.0" 301 71939 "-" "Mozilla/5.0 (compatible; MJ12bot/v1.4.8; http://mj12bot.com/)"
216.244.66.242 - - [21/Sep/2022:09:42:24 +0200] "GET /little-pony-puzzle-pieces-p-27905.html HTTP/1.0" 301 71939 "-" "Mozilla/5.0 (compatible; DotBot/1.2; +https://opensiteexplorer.org/dotbot; help@moz.com)"
167.114.173.115 - - [21/Sep/2022:09:42:25 +0200] "GET /-p-29554.html HTTP/1.0" 200 71872 "-" "Mozilla/5.0 (compatible; MJ12bot/v1.4.8; http://mj12bot.com/)"
65.108.40.25 - - [21/Sep/2022:09:42:25 +0200] "GET /las-vegas-poster-p-27248.html HTTP/1.0" 301 71939 "-" "Mozilla/5.0 (compatible; MJ12bot/v1.4.8; http://mj12bot.com/)"
167.114.173.115 - - [21/Sep/2022:09:42:28 +0200] "GET /beatles-abbey-road-ivory-large-bowling-bag-p-7112.html HTTP/1.0" 301 72124 "-" "Mozilla/5.0 (compatible; MJ12bot/v1.4.8; http://mj12bot.com/)"
167.114.173.115 - - [21/Sep/2022:09:42:30 +0200] "GET /beatles-abbey-road-ivory-large-bowling-p-7112.html HTTP/1.0" 200 72020 "-" "Mozilla/5.0 (compatible; MJ12bot/v1.4.8; http://mj12bot.com/)"
37.230.186.130 - - [21/Sep/2022:09:42:32 +0200] "GET /images/mini_prod/1384220402417.jpg HTTP/1.0" 200 269 "-" "Python/3.7 aiohttp/3.8.1"
185.191.171.17 - - [21/Sep/2022:09:42:31 +0200] "GET /letter-wall-decor-sticker-gray-p-57773.html HTTP/1.0" 200 75382 "-" "Mozilla/5.0 (compatible; SemrushBot/7~bl; +http://www.semrush.com/bot.html)"
216.244.66.242 - - [21/Sep/2022:09:42:32 +0200] "GET /jasmine-medium-cabas-jasmine-diner-pink-p-38678.html HTTP/1.0" 301 71939 "-" "Mozilla/5.0 (compatible; DotBot/1.2; +https://opensiteexplorer.org/dotbot; help@moz.com)"
65.108.40.25 - - [21/Sep/2022:09:42:31 +0200] "GET /-p-27248.html HTTP/1.0" 200 71872 "-" "Mozilla/5.0 (compatible; MJ12bot/v1.4.8; http://mj12bot.com/)"
167.114.173.115 - - [21/Sep/2022:09:42:33 +0200] "GET /beatles-abbey-road-large-bowling-bag-p-7111.html HTTP/1.0" 301 71936 "-" "Mozilla/5.0 (compatible; MJ12bot/v1.4.8; http://mj12bot.com/)"
185.191.171.19 - - [21/Sep/2022:09:42:34 +0200] "GET /jasmin-cups-espresso-p-39840.html HTTP/1.0" 200 74564 "-" "Mozilla/5.0 (compatible; SemrushBot/7~bl; +http://www.semrush.com/bot.html)"
65.108.40.25 - - [21/Sep/2022:09:42:36 +0200] "GET /lavender-of-provence-little-tray-20-14-cm-p-39727.html HTTP/1.0" 301 74805 "-" "Mozilla/5.0 (compatible; MJ12bot/v1.4.8; http://mj12bot.com/)"
167.114.173.115 - - [21/Sep/2022:09:42:37 +0200] "GET /-p-7111.html HTTP/1.0" 200 71870 "-" "Mozilla/5.0 (compatible; MJ12bot/v1.4.8; http://mj12bot.com/)"
159.138.137.41 - - [21/Sep/2022:09:42:40 +0200] "GET /images/mini_prod/8435333824252.jpg HTTP/1.0" 200 269 "-" "Mozilla/5.0 (X11; Ubuntu; Linux x86_64; rv:72.0) Gecko/20100101 Firefox/72.0"
216.244.66.242 - - [21/Sep/2022:09:42:39 +0200] "GET /phone-cover-iphone-cbkreation-p-13955.html HTTP/1.0" 301 71939 "-" "Mozilla/5.0 (compatible; DotBot/1.2; +https://opensiteexplorer.org/dotbot; help@moz.com)"
65.108.40.25 - - [21/Sep/2022:09:42:40 +0200] "GET /lavender-provence-little-tray-p-39727.html HTTP/1.0" 200 74709 "-" "Mozilla/5.0 (compatible; MJ12bot/v1.4.8; http://mj12bot.com/)"
167.114.173.115 - - [21/Sep/2022:09:42:41 +0200] "GET /beatles-abbey-road-marine-bowling-bag-p-14651.html HTTP/1.0" 301 71939 "-" "Mozilla/5.0 (compatible; MJ12bot/v1.4.8; http://mj12bot.com/)"
167.114.173.115 - - [21/Sep/2022:09:42:44 +0200] "GET /-p-14651.html HTTP/1.0" 200 71872 "-" "Mozilla/5.0 (compatible; MJ12bot/v1.4.8; http://mj12bot.com/)"
65.108.40.25 - - [21/Sep/2022:09:42:45 +0200] "GET /lavender-soap-dish-p-39763.html HTTP/1.0" 301 71939 "-" "Mozilla/5.0 (compatible; MJ12bot/v1.4.8; http://mj12bot.com/)"
167.114.173.115 - - [21/Sep/2022:09:42:47 +0200] "GET /beatles-abbey-road-metal-suitcase-p-8309.html HTTP/1.0" 301 71936 "-" "Mozilla/5.0 (compatible; MJ12bot/v1.4.8; http://mj12bot.com/)"
216.244.66.242 - - [21/Sep/2022:09:42:48 +0200] "GET /rebel-pilot-miniature-figure-p-29886.html HTTP/1.0" 301 71939 "-" "Mozilla/5.0 (compatible; DotBot/1.2; +https://opensiteexplorer.org/dotbot; help@moz.com)"
54.36.148.11 - - [21/Sep/2022:09:42:50 +0200] "GET /om-mug-p-43212.html HTTP/1.0" 200 74338 "-" "Mozilla/5.0 (compatible; AhrefsBot/7.0; +http://ahrefs.com/robot/)"
167.114.173.115 - - [21/Sep/2022:09:42:50 +0200] "GET /-p-8309.html HTTP/1.0" 200 71870 "-" "Mozilla/5.0 (compatible; MJ12bot/v1.4.8; http://mj12bot.com/)"
65.108.40.25 - - [21/Sep/2022:09:42:51 +0200] "GET /-p-39763.html HTTP/1.0" 200 71872 "-" "Mozilla/5.0 (compatible; MJ12bot/v1.4.8; http://mj12bot.com/)"
167.114.173.115 - - [21/Sep/2022:09:42:53 +0200] "GET /beatles-all-you-need-is-love-handbag-hanger-p-11849.html HTTP/1.0" 301 71939 "-" "Mozilla/5.0 (compatible; MJ12bot/v1.4.8; http://mj12bot.com/)"
167.114.173.115 - - [21/Sep/2022:09:42:55 +0200] "GET /-p-11849.html HTTP/1.0" 200 71872 "-" "Mozilla/5.0 (compatible; MJ12bot/v1.4.8; http://mj12bot.com/)"
65.108.40.25 - - [21/Sep/2022:09:42:56 +0200] "GET /laying-fox-ceramic-money-box-p-35399.html HTTP/1.0" 301 72074 "-" "Mozilla/5.0 (compatible; MJ12bot/v1.4.8; http://mj12bot.com/)"
167.114.173.115 - - [21/Sep/2022:09:42:58 +0200] "GET /beatles-apple-pink-cover-ipad-and-tablets-p-17620.html HTTP/1.0" 301 74993 "-" "Mozilla/5.0 (compatible; MJ12bot/v1.4.8; http://mj12bot.com/)"
65.108.40.25 - - [21/Sep/2022:09:43:01 +0200] "GET /laying-ceramic-money-p-35399.html HTTP/1.0" 200 71987 "-" "Mozilla/5.0 (compatible; MJ12bot/v1.4.8; http://mj12bot.com/)"
167.114.173.115 - - [21/Sep/2022:09:43:01 +0200] "GET /beatles-apple-pink-cover-ipad-tablets-p-17620.html HTTP/1.0" 200 74889 "-" "Mozilla/5.0 (compatible; MJ12bot/v1.4.8; http://mj12bot.com/)"
167.114.173.115 - - [21/Sep/2022:09:43:04 +0200] "GET /beatles-beige-canvas-shopping-bag-p-5344.html HTTP/1.0" 301 71936 "-" "Mozilla/5.0 (compatible; MJ12bot/v1.4.8; http://mj12bot.com/)"
65.108.40.25 - - [21/Sep/2022:09:43:06 +0200] "GET /le-bonheur-est-dans-le-pre-ceramic-mug-with-infuser-p-31534.html HTTP/1.0" 301 71939 "-" "Mozilla/5.0 (compatible; MJ12bot/v1.4.8; http://mj12bot.com/)"
167.114.173.115 - - [21/Sep/2022:09:43:07 +0200] "GET /-p-5344.html HTTP/1.0" 200 71870 "-" "Mozilla/5.0 (compatible; MJ12bot/v1.4.8; http://mj12bot.com/)"
167.114.173.115 - - [21/Sep/2022:09:43:09 +0200] "GET /beatles-black-and-white-little-shoulder-bag-p-11000.html HTTP/1.0" 301 71939 "-" "Mozilla/5.0 (compatible; MJ12bot/v1.4.8; http://mj12bot.com/)"
185.191.171.39 - - [21/Sep/2022:09:43:10 +0200] "GET /purse-and-wallet-c-31_76.html?page=12 HTTP/1.0" 301 88010 "-" "Mozilla/5.0 (compatible; SemrushBot/7~bl; +http://www.semrush.com/bot.html)"
65.108.40.25 - - [21/Sep/2022:09:43:11 +0200] "GET /-p-31534.html HTTP/1.0" 200 71872 "-" "Mozilla/5.0 (compatible; MJ12bot/v1.4.8; http://mj12bot.com/)"
167.114.173.115 - - [21/Sep/2022:09:43:12 +0200] "GET /-p-11000.html HTTP/1.0" 200 71872 "-" "Mozilla/5.0 (compatible; MJ12bot/v1.4.8; http://mj12bot.com/)"
185.191.171.19 - - [21/Sep/2022:09:43:13 +0200] "GET /purse-wallet-c-76.html?page=12 HTTP/1.0" 301 87855 "-" "Mozilla/5.0 (compatible; SemrushBot/7~bl; +http://www.semrush.com/bot.html)"
185.191.171.26 - - [21/Sep/2022:09:43:15 +0200] "GET /robots.txt HTTP/1.0" 200 245 "-" "Mozilla/5.0 (compatible; SemrushBot/7~bl; +http://www.semrush.com/bot.html)"
167.114.173.115 - - [21/Sep/2022:09:43:15 +0200] "GET /beatles-black-and-white-shoulder-bag-p-10996.html HTTP/1.0" 301 71939 "-" "Mozilla/5.0 (compatible; MJ12bot/v1.4.8; http://mj12bot.com/)"
65.108.40.25 - - [21/Sep/2022:09:43:15 +0200] "GET /liberty-russian-doll-cover-for-samsung-s4-p-27010.html HTTP/1.0" 301 71939 "-" "Mozilla/5.0 (compatible; MJ12bot/v1.4.8; http://mj12bot.com/)"
185.191.171.4 - - [21/Sep/2022:09:43:16 +0200] "GET /crystal-salt-lamp-p-46306.html HTTP/1.0" 301 71939 "-" "Mozilla/5.0 (compatible; SemrushBot/7~bl; +http://www.semrush.com/bot.html)"
167.114.173.115 - - [21/Sep/2022:09:43:18 +0200] "GET /-p-10996.html HTTP/1.0" 200 71872 "-" "Mozilla/5.0 (compatible; MJ12bot/v1.4.8; http://mj12bot.com/)"
185.191.171.11 - - [21/Sep/2022:09:43:20 +0200] "GET /-p-46306.html HTTP/1.0" 200 71872 "-" "Mozilla/5.0 (compatible; SemrushBot/7~bl; +http://www.semrush.com/bot.html)"
167.114.173.115 - - [21/Sep/2022:09:43:21 +0200] "GET /beatles-black-logo-messenger-bag-p-11420.html HTTP/1.0" 301 71939 "-" "Mozilla/5.0 (compatible; MJ12bot/v1.4.8; http://mj12bot.com/)"
167.114.173.115 - - [21/Sep/2022:09:43:24 +0200] "GET /-p-11420.html HTTP/1.0" 200 71872 "-" "Mozilla/5.0 (compatible; MJ12bot/v1.4.8; http://mj12bot.com/)"
65.108.40.25 - - [21/Sep/2022:09:43:26 +0200] "GET /-p-27010.html HTTP/1.0" 200 71872 "-" "Mozilla/5.0 (compatible; MJ12bot/v1.4.8; http://mj12bot.com/)"
185.191.171.19 - - [21/Sep/2022:09:43:25 +0200] "GET /purse-wallet-c-31_76.html?page=12 HTTP/1.0" 200 87926 "-" "Mozilla/5.0 (compatible; SemrushBot/7~bl; +http://www.semrush.com/bot.html)"
167.114.173.115 - - [21/Sep/2022:09:43:27 +0200] "GET /beatles-black-logo-messenger-p-11420.html HTTP/1.0" 301 71939 "-" "Mozilla/5.0 (compatible; MJ12bot/v1.4.8; http://mj12bot.com/)"
167.114.173.115 - - [21/Sep/2022:09:43:30 +0200] "GET /-p-11420.html HTTP/1.0" 200 71872 "-" "Mozilla/5.0 (compatible; MJ12bot/v1.4.8; http://mj12bot.com/)"
65.108.40.25 - - [21/Sep/2022:09:43:30 +0200] "GET /libra-classic-mug-cbkreation-p-29031.html HTTP/1.0" 301 74579 "-" "Mozilla/5.0 (compatible; MJ12bot/v1.4.8; http://mj12bot.com/)"
167.114.173.115 - - [21/Sep/2022:09:43:33 +0200] "GET /beatles-black-logo-red-messenger-bag-p-11688.html HTTP/1.0" 301 71939 "-" "Mozilla/5.0 (compatible; MJ12bot/v1.4.8; http://mj12bot.com/)"
65.108.40.25 - - [21/Sep/2022:09:43:35 +0200] "GET /libra-classic-cbkreation-p-29031.html HTTP/1.0" 200 74488 "-" "Mozilla/5.0 (compatible; MJ12bot/v1.4.8; http://mj12bot.com/)"
167.114.173.115 - - [21/Sep/2022:09:43:36 +0200] "GET /-p-11688.html HTTP/1.0" 200 71872 "-" "Mozilla/5.0 (compatible; MJ12bot/v1.4.8; http://mj12bot.com/)"
167.114.173.115 - - [21/Sep/2022:09:43:39 +0200] "GET /beatles-black-shirt-p-29643.html HTTP/1.0" 301 71939 "-" "Mozilla/5.0 (compatible; MJ12bot/v1.4.8; http://mj12bot.com/)"
65.108.40.25 - - [21/Sep/2022:09:43:39 +0200] "GET /libra-classic-mug-p-29031.html HTTP/1.0" 301 74579 "-" "Mozilla/5.0 (compatible; MJ12bot/v1.4.8; http://mj12bot.com/)"
167.114.173.115 - - [21/Sep/2022:09:43:42 +0200] "GET /-p-29643.html HTTP/1.0" 200 71872 "-" "Mozilla/5.0 (compatible; MJ12bot/v1.4.8; http://mj12bot.com/)"
65.108.40.25 - - [21/Sep/2022:09:43:44 +0200] "GET /libra-classic-cbkreation-p-29031.html HTTP/1.0" 200 74488 "-" "Mozilla/5.0 (compatible; MJ12bot/v1.4.8; http://mj12bot.com/)"
167.114.173.115 - - [21/Sep/2022:09:43:45 +0200] "GET /beatles-black-shirt-p-29644.html HTTP/1.0" 301 71939 "-" "Mozilla/5.0 (compatible; MJ12bot/v1.4.8; http://mj12bot.com/)"
167.114.173.115 - - [21/Sep/2022:09:43:47 +0200] "GET /-p-29644.html HTTP/1.0" 200 71872 "-" "Mozilla/5.0 (compatible; MJ12bot/v1.4.8; http://mj12bot.com/)"
65.108.40.25 - - [21/Sep/2022:09:43:48 +0200] "GET /life-gray-shirt-by-etienne-boyer-size-p-25224.html HTTP/1.0" 301 71939 "-" "Mozilla/5.0 (compatible; MJ12bot/v1.4.8; http://mj12bot.com/)"
167.114.173.115 - - [21/Sep/2022:09:43:50 +0200] "GET /beatles-black-shirt-p-29645.html HTTP/1.0" 301 71939 "-" "Mozilla/5.0 (compatible; MJ12bot/v1.4.8; http://mj12bot.com/)"
167.114.173.115 - - [21/Sep/2022:09:43:53 +0200] "GET /-p-29645.html HTTP/1.0" 200 71872 "-" "Mozilla/5.0 (compatible; MJ12bot/v1.4.8; http://mj12bot.com/)"
65.108.40.25 - - [21/Sep/2022:09:43:54 +0200] "GET /-p-25224.html HTTP/1.0" 200 71872 "-" "Mozilla/5.0 (compatible; MJ12bot/v1.4.8; http://mj12bot.com/)"
167.114.173.115 - - [21/Sep/2022:09:43:56 +0200] "GET /beatles-black-white-little-shoulder-p-11000.html HTTP/1.0" 301 71939 "-" "Mozilla/5.0 (compatible; MJ12bot/v1.4.8; http://mj12bot.com/)"
185.191.171.42 - - [21/Sep/2022:09:43:57 +0200] "GET /apple-in-ceramic-16-cm-p-48592.html HTTP/1.0" 301 74598 "-" "Mozilla/5.0 (compatible; SemrushBot/7~bl; +http://www.semrush.com/bot.html)"
65.108.40.25 - - [21/Sep/2022:09:44:00 +0200] "GET /life-gray-shirt-by-etienne-boyer-size-xl-p-25226.html HTTP/1.0" 301 71939 "-" "Mozilla/5.0 (compatible; MJ12bot/v1.4.8; http://mj12bot.com/)"
157.55.39.30 - - [21/Sep/2022:09:43:59 +0200] "GET /fitted-sheet-p-31982.html HTTP/1.0" 200 74425 "-" "Mozilla/5.0 (compatible; bingbot/2.0; +http://www.bing.com/bingbot.htm)"
167.114.173.115 - - [21/Sep/2022:09:43:59 +0200] "GET /-p-11000.html HTTP/1.0" 200 71872 "-" "Mozilla/5.0 (compatible; MJ12bot/v1.4.8; http://mj12bot.com/)"
185.191.171.16 - - [21/Sep/2022:09:44:01 +0200] "GET /apple-ceramic-p-48592.html HTTP/1.0" 200 74518 "-" "Mozilla/5.0 (compatible; SemrushBot/7~bl; +http://www.semrush.com/bot.html)"
167.114.173.115 - - [21/Sep/2022:09:44:03 +0200] "GET /beatles-blue-canvas-shopping-bag-p-4997.html HTTP/1.0" 301 71936 "-" "Mozilla/5.0 (compatible; MJ12bot/v1.4.8; http://mj12bot.com/)"
65.108.40.25 - - [21/Sep/2022:09:44:05 +0200] "GET /-p-25226.html HTTP/1.0" 200 71872 "-" "Mozilla/5.0 (compatible; MJ12bot/v1.4.8; http://mj12bot.com/)"
167.114.173.115 - - [21/Sep/2022:09:44:06 +0200] "GET /-p-4997.html HTTP/1.0" 200 71870 "-" "Mozilla/5.0 (compatible; MJ12bot/v1.4.8; http://mj12bot.com/)"
185.191.171.40 - - [21/Sep/2022:09:44:07 +0200] "GET /decorative-statuettes-monkeys-of-wisdom-orange-p-52731.html HTTP/1.0" 301 72158 "-" "Mozilla/5.0 (compatible; SemrushBot/7~bl; +http://www.semrush.com/bot.html)"
167.114.173.115 - - [21/Sep/2022:09:44:09 +0200] "GET /beatles-breakfast-p-28844.html HTTP/1.0" 301 71939 "-" "Mozilla/5.0 (compatible; MJ12bot/v1.4.8; http://mj12bot.com/)"
185.191.171.17 - - [21/Sep/2022:09:44:10 +0200] "GET /decorative-statuettes-monkeys-wisdom-orange-p-52731.html HTTP/1.0" 200 72048 "-" "Mozilla/5.0 (compatible; SemrushBot/7~bl; +http://www.semrush.com/bot.html)"
65.108.40.25 - - [21/Sep/2022:09:44:10 +0200] "GET /life-gray-shirt-by-etienne-boyer-size-xxxl-p-25228.html HTTP/1.0" 301 71939 "-" "Mozilla/5.0 (compatible; MJ12bot/v1.4.8; http://mj12bot.com/)"
167.114.173.115 - - [21/Sep/2022:09:44:12 +0200] "GET /-p-28844.html HTTP/1.0" 200 71872 "-" "Mozilla/5.0 (compatible; MJ12bot/v1.4.8; http://mj12bot.com/)"
167.114.173.115 - - [21/Sep/2022:09:44:15 +0200] "GET /beatles-breakfast-set-p-28844.html HTTP/1.0" 301 71939 "-" "Mozilla/5.0 (compatible; MJ12bot/v1.4.8; http://mj12bot.com/)"
65.108.40.25 - - [21/Sep/2022:09:44:15 +0200] "GET /-p-25228.html HTTP/1.0" 200 71872 "-" "Mozilla/5.0 (compatible; MJ12bot/v1.4.8; http://mj12bot.com/)"
167.114.173.115 - - [21/Sep/2022:09:44:17 +0200] "GET /-p-28844.html HTTP/1.0" 200 71872 "-" "Mozilla/5.0 (compatible; MJ12bot/v1.4.8; http://mj12bot.com/)"
167.114.173.115 - - [21/Sep/2022:09:44:20 +0200] "GET /beatles-glass-p-25792.html HTTP/1.0" 301 71939 "-" "Mozilla/5.0 (compatible; MJ12bot/v1.4.8; http://mj12bot.com/)"
65.108.40.25 - - [21/Sep/2022:09:44:21 +0200] "GET /little-buddha-retractable-ballpoint-pen-yellow-p-43068.html HTTP/1.0" 301 74875 "-" "Mozilla/5.0 (compatible; MJ12bot/v1.4.8; http://mj12bot.com/)"
167.114.173.115 - - [21/Sep/2022:09:44:23 +0200] "GET /-p-25792.html HTTP/1.0" 200 71872 "-" "Mozilla/5.0 (compatible; MJ12bot/v1.4.8; http://mj12bot.com/)"
185.191.171.3 - - [21/Sep/2022:09:44:25 +0200] "GET /small-cool-bag-lunch-box-24-15-15-cm-blue-p-44328.html HTTP/1.0" 301 74786 "-" "Mozilla/5.0 (compatible; SemrushBot/7~bl; +http://www.semrush.com/bot.html)"
65.108.40.25 - - [21/Sep/2022:09:44:25 +0200] "GET /little-buddha-retractable-ballpoint-yellow-p-43068.html HTTP/1.0" 200 74766 "-" "Mozilla/5.0 (compatible; MJ12bot/v1.4.8; http://mj12bot.com/)"
167.114.173.115 - - [21/Sep/2022:09:44:26 +0200] "GET /beatles-large-travel-bag-p-7755.html HTTP/1.0" 301 71936 "-" "Mozilla/5.0 (compatible; MJ12bot/v1.4.8; http://mj12bot.com/)"
185.191.171.26 - - [21/Sep/2022:09:44:28 +0200] "GET /small-cool-lunch-blue-p-44328.html HTTP/1.0" 200 74698 "-" "Mozilla/5.0 (compatible; SemrushBot/7~bl; +http://www.semrush.com/bot.html)"
65.108.40.25 - - [21/Sep/2022:09:44:29 +0200] "GET /little-miss-sunshine-black-cosmetic-bag-p-24283.html HTTP/1.0" 301 71939 "-" "Mozilla/5.0 (compatible; MJ12bot/v1.4.8; http://mj12bot.com/)"
167.114.173.115 - - [21/Sep/2022:09:44:30 +0200] "GET /-p-7755.html HTTP/1.0" 200 71870 "-" "Mozilla/5.0 (compatible; MJ12bot/v1.4.8; http://mj12bot.com/)"
167.114.173.115 - - [21/Sep/2022:09:44:34 +0200] "GET /beatles-sergent-peppers-black-cover-ipad-and-tablets-p-17618.html HTTP/1.0" 301 75094 "-" "Mozilla/5.0 (compatible; MJ12bot/v1.4.8; http://mj12bot.com/)"
65.108.40.25 - - [21/Sep/2022:09:44:34 +0200] "GET /-p-24283.html HTTP/1.0" 200 71872 "-" "Mozilla/5.0 (compatible; MJ12bot/v1.4.8; http://mj12bot.com/)"
167.114.173.115 - - [21/Sep/2022:09:44:36 +0200] "GET /beatles-sergent-peppers-black-cover-ipad-tablets-p-17618.html HTTP/1.0" 200 74979 "-" "Mozilla/5.0 (compatible; MJ12bot/v1.4.8; http://mj12bot.com/)"
167.114.173.115 - - [21/Sep/2022:09:44:39 +0200] "GET /beatles-square-box-p-10023.html HTTP/1.0" 301 71939 "-" "Mozilla/5.0 (compatible; MJ12bot/v1.4.8; http://mj12bot.com/)"
65.108.40.25 - - [21/Sep/2022:09:44:40 +0200] "GET /little-miss-sunshine-parma-shirt-p-30173.html HTTP/1.0" 301 71939 "-" "Mozilla/5.0 (compatible; MJ12bot/v1.4.8; http://mj12bot.com/)"
167.114.173.115 - - [21/Sep/2022:09:44:42 +0200] "GET /-p-10023.html HTTP/1.0" 200 71872 "-" "Mozilla/5.0 (compatible; MJ12bot/v1.4.8; http://mj12bot.com/)"
65.108.40.25 - - [21/Sep/2022:09:44:43 +0200] "GET /-p-30173.html HTTP/1.0" 200 71872 "-" "Mozilla/5.0 (compatible; MJ12bot/v1.4.8; http://mj12bot.com/)"
54.36.149.54 - - [21/Sep/2022:09:44:44 +0200] "GET /smiski-phosphorescent-tooth-brush-holder-p-47289.html HTTP/1.0" 200 76024 "-" "Mozilla/5.0 (compatible; AhrefsBot/7.0; +http://ahrefs.com/robot/)"
167.114.173.115 - - [21/Sep/2022:09:44:45 +0200] "GET /beatles-square-p-10023.html HTTP/1.0" 301 71939 "-" "Mozilla/5.0 (compatible; MJ12bot/v1.4.8; http://mj12bot.com/)"
65.108.40.25 - - [21/Sep/2022:09:44:48 +0200] "GET /london-bd-bedclothes-220-240-cm-p-29998.html HTTP/1.0" 301 71939 "-" "Mozilla/5.0 (compatible; MJ12bot/v1.4.8; http://mj12bot.com/)"
