65.108.40.25 - - [21/Sep/2022:09:55:13 +0200] "GET /-p-24437.html HTTP/1.0" 200 71872 "-" "Mozilla/5.0 (compatible; MJ12bot/v1.4.8; http://mj12bot.com/)"
185.191.171.21 - - [21/Sep/2022:09:55:15 +0200] "GET /small-baby-teeth-eliot-p-56212.html HTTP/1.0" 200 75533 "-" "Mozilla/5.0 (compatible; SemrushBot/7~bl; +http://www.semrush.com/bot.html)"
65.108.40.25 - - [21/Sep/2022:09:55:16 +0200] "GET /playmobil-british-soldier-p-21366.html HTTP/1.0" 301 71939 "-" "Mozilla/5.0 (compatible; MJ12bot/v1.4.8; http://mj12bot.com/)"
65.108.40.25 - - [21/Sep/2022:09:55:19 +0200] "GET /-p-21366.html HTTP/1.0" 200 71872 "-" "Mozilla/5.0 (compatible; MJ12bot/v1.4.8; http://mj12bot.com/)"
65.108.40.25 - - [21/Sep/2022:09:55:23 +0200] "GET /playmobil-custom-boat-p-24428.html HTTP/1.0" 301 71939 "-" "Mozilla/5.0 (compatible; MJ12bot/v1.4.8; http://mj12bot.com/)"
65.108.40.25 - - [21/Sep/2022:09:55:26 +0200] "GET /-p-24428.html HTTP/1.0" 200 71872 "-" "Mozilla/5.0 (compatible; MJ12bot/v1.4.8; http://mj12bot.com/)"
65.108.40.25 - - [21/Sep/2022:09:55:30 +0200] "GET /playmobil-duo-firefighters-p-21376.html HTTP/1.0" 301 71939 "-" "Mozilla/5.0 (compatible; MJ12bot/v1.4.8; http://mj12bot.com/)"
185.191.171.35 - - [21/Sep/2022:09:55:31 +0200] "GET /large-jar-candle-gingerbread-house-p-46027.html HTTP/1.0" 301 72128 "-" "Mozilla/5.0 (compatible; SemrushBot/7~bl; +http://www.semrush.com/bot.html)"
65.108.40.25 - - [21/Sep/2022:09:55:33 +0200] "GET /-p-21376.html HTTP/1.0" 200 71872 "-" "Mozilla/5.0 (compatible; MJ12bot/v1.4.8; http://mj12bot.com/)"
185.191.171.4 - - [21/Sep/2022:09:55:34 +0200] "GET /large-candle-gingerbread-house-p-46027.html HTTP/1.0" 200 72031 "-" "Mozilla/5.0 (compatible; SemrushBot/7~bl; +http://www.semrush.com/bot.html)"
65.108.40.25 - - [21/Sep/2022:09:55:36 +0200] "GET /playmobil-duo-pirate-and-soldier-p-21374.html HTTP/1.0" 301 71939 "-" "Mozilla/5.0 (compatible; MJ12bot/v1.4.8; http://mj12bot.com/)"
65.108.40.25 - - [21/Sep/2022:09:55:39 +0200] "GET /-p-21374.html HTTP/1.0" 200 71872 "-" "Mozilla/5.0 (compatible; MJ12bot/v1.4.8; http://mj12bot.com/)"
65.108.40.25 - - [21/Sep/2022:09:55:43 +0200] "GET /playmobil-helicopter-rescue-p-22694.html HTTP/1.0" 301 71939 "-" "Mozilla/5.0 (compatible; MJ12bot/v1.4.8; http://mj12bot.com/)"
185.191.171.19 - - [21/Sep/2022:09:55:44 +0200] "GET /panda-hot-water-bottle-p-48676.html HTTP/1.0" 301 75205 "-" "Mozilla/5.0 (compatible; SemrushBot/7~bl; +http://www.semrush.com/bot.html)"
65.108.40.25 - - [21/Sep/2022:09:55:46 +0200] "GET /-p-22694.html HTTP/1.0" 200 71872 "-" "Mozilla/5.0 (compatible; MJ12bot/v1.4.8; http://mj12bot.com/)"
185.191.171.17 - - [21/Sep/2022:09:55:47 +0200] "GET /panda-water-bottle-p-48676.html HTTP/1.0" 200 75120 "-" "Mozilla/5.0 (compatible; SemrushBot/7~bl; +http://www.semrush.com/bot.html)"
65.108.40.25 - - [21/Sep/2022:09:55:49 +0200] "GET /playmobil-jockey-and-his-horse-p-21369.html HTTP/1.0" 301 71939 "-" "Mozilla/5.0 (compatible; MJ12bot/v1.4.8; http://mj12bot.com/)"
65.108.40.25 - - [21/Sep/2022:09:55:52 +0200] "GET /-p-21369.html HTTP/1.0" 200 71872 "-" "Mozilla/5.0 (compatible; MJ12bot/v1.4.8; http://mj12bot.com/)"
65.108.40.25 - - [21/Sep/2022:09:55:56 +0200] "GET /playmobil-knights-suitcase-p-22430.html HTTP/1.0" 301 71939 "-" "Mozilla/5.0 (compatible; MJ12bot/v1.4.8; http://mj12bot.com/)"
65.108.40.25 - - [21/Sep/2022:09:55:59 +0200] "GET /-p-22430.html HTTP/1.0" 200 71872 "-" "Mozilla/5.0 (compatible; MJ12bot/v1.4.8; http://mj12bot.com/)"
185.191.171.3 - - [21/Sep/2022:09:55:59 +0200] "GET /decoration-african-woman-33-cm-p-53032.html HTTP/1.0" 301 74697 "-" "Mozilla/5.0 (compatible; SemrushBot/7~bl; +http://www.semrush.com/bot.html)"
185.191.171.15 - - [21/Sep/2022:09:56:05 +0200] "GET /decoration-african-woman-p-53032.html HTTP/1.0" 200 74606 "-" "Mozilla/5.0 (compatible; SemrushBot/7~bl; +http://www.semrush.com/bot.html)"
65.108.40.25 - - [21/Sep/2022:09:56:06 +0200] "GET /playmobil-motorcycle-us-custom-p-21322.html HTTP/1.0" 301 71939 "-" "Mozilla/5.0 (compatible; MJ12bot/v1.4.8; http://mj12bot.com/)"
65.108.40.25 - - [21/Sep/2022:09:56:11 +0200] "GET /-p-21322.html HTTP/1.0" 200 71872 "-" "Mozilla/5.0 (compatible; MJ12bot/v1.4.8; http://mj12bot.com/)"
34.134.218.31 - - [21/Sep/2022:09:56:13 +0200] "GET /images/mini_prod/5213199036063.jpg HTTP/1.0" 200 269 "-" "Mozilla/5.0 (X11; Ubuntu; Linux x86_64; rv:72.0) Gecko/20100101 Firefox/72.0"
65.108.40.25 - - [21/Sep/2022:09:56:15 +0200] "GET /playmobil-pirate-suitcase-and-soldier-p-21330.html HTTP/1.0" 301 71939 "-" "Mozilla/5.0 (compatible; MJ12bot/v1.4.8; http://mj12bot.com/)"
65.108.40.25 - - [21/Sep/2022:09:56:18 +0200] "GET /-p-21330.html HTTP/1.0" 200 71872 "-" "Mozilla/5.0 (compatible; MJ12bot/v1.4.8; http://mj12bot.com/)"
65.108.40.25 - - [21/Sep/2022:09:56:22 +0200] "GET /police-costumes-10-years-p-22581.html HTTP/1.0" 301 71939 "-" "Mozilla/5.0 (compatible; MJ12bot/v1.4.8; http://mj12bot.com/)"
216.244.66.242 - - [21/Sep/2022:09:56:24 +0200] "GET /harley-davidson-lighter-p-41025.html HTTP/1.0" 200 74956 "-" "Mozilla/5.0 (compatible; DotBot/1.2; +https://opensiteexplorer.org/dotbot; help@moz.com)"
65.108.40.25 - - [21/Sep/2022:09:56:26 +0200] "GET /-p-22581.html HTTP/1.0" 200 71872 "-" "Mozilla/5.0 (compatible; MJ12bot/v1.4.8; http://mj12bot.com/)"
65.108.40.25 - - [21/Sep/2022:09:56:29 +0200] "GET /police-costumes-years-p-22579.html HTTP/1.0" 301 71939 "-" "Mozilla/5.0 (compatible; MJ12bot/v1.4.8; http://mj12bot.com/)"
216.244.66.242 - - [21/Sep/2022:09:56:31 +0200] "GET /lion-women-shirt-p-31150.html HTTP/1.0" 200 76475 "-" "Mozilla/5.0 (compatible; DotBot/1.2; +https://opensiteexplorer.org/dotbot; help@moz.com)"
65.108.40.25 - - [21/Sep/2022:09:56:33 +0200] "GET /-p-22579.html HTTP/1.0" 200 71872 "-" "Mozilla/5.0 (compatible; MJ12bot/v1.4.8; http://mj12bot.com/)"
65.108.40.25 - - [21/Sep/2022:09:56:37 +0200] "GET /police-costumes-years-p-22580.html HTTP/1.0" 301 71939 "-" "Mozilla/5.0 (compatible; MJ12bot/v1.4.8; http://mj12bot.com/)"
65.108.40.25 - - [21/Sep/2022:09:56:40 +0200] "GET /-p-22580.html HTTP/1.0" 200 71872 "-" "Mozilla/5.0 (compatible; MJ12bot/v1.4.8; http://mj12bot.com/)"
65.108.40.25 - - [21/Sep/2022:09:56:43 +0200] "GET /poppies-moroccan-ashtray-p-37382.html HTTP/1.0" 301 71939 "-" "Mozilla/5.0 (compatible; MJ12bot/v1.4.8; http://mj12bot.com/)"
65.108.40.25 - - [21/Sep/2022:09:56:46 +0200] "GET /-p-37382.html HTTP/1.0" 200 71872 "-" "Mozilla/5.0 (compatible; MJ12bot/v1.4.8; http://mj12bot.com/)"
54.36.149.40 - - [21/Sep/2022:09:56:48 +0200] "GET /kiub-collection-jewels-cool-p-56237.html HTTP/1.0" 200 75410 "-" "Mozilla/5.0 (compatible; AhrefsBot/7.0; +http://ahrefs.com/robot/)"
65.108.40.25 - - [21/Sep/2022:09:56:49 +0200] "GET /porcelain-mug-set-funny-and-tasty-tassen-made-in-germany-p-50705.html HTTP/1.0" 301 76454 "-" "Mozilla/5.0 (compatible; MJ12bot/v1.4.8; http://mj12bot.com/)"
54.36.149.50 - - [21/Sep/2022:09:56:53 +0200] "GET /images/big_prod_1/3700572750484a.jpg HTTP/1.0" 200 271 "-" "Mozilla/5.0 (compatible; AhrefsBot/7.0; +http://ahrefs.com/robot/)"
54.36.148.0 - - [21/Sep/2022:09:56:54 +0200] "GET /images/big_prod/3700572750484.jpg HTTP/1.0" 200 268 "-" "Mozilla/5.0 (compatible; AhrefsBot/7.0; +http://ahrefs.com/robot/)"
65.108.40.25 - - [21/Sep/2022:09:56:53 +0200] "GET /porcelain-funny-tasty-tassen-made-germany-p-50705.html HTTP/1.0" 200 76346 "-" "Mozilla/5.0 (compatible; MJ12bot/v1.4.8; http://mj12bot.com/)"
65.108.40.25 - - [21/Sep/2022:09:56:57 +0200] "GET /pot-cookware-blue-p-41840.html HTTP/1.0" 301 74551 "-" "Mozilla/5.0 (compatible; MJ12bot/v1.4.8; http://mj12bot.com/)"
65.108.40.25 - - [21/Sep/2022:09:57:00 +0200] "GET /cookware-blue-p-41840.html HTTP/1.0" 200 74471 "-" "Mozilla/5.0 (compatible; MJ12bot/v1.4.8; http://mj12bot.com/)"
65.108.40.25 - - [21/Sep/2022:09:57:03 +0200] "GET /pot-retro-glass-housewife-life-p-36023.html HTTP/1.0" 301 72071 "-" "Mozilla/5.0 (compatible; MJ12bot/v1.4.8; http://mj12bot.com/)"
65.108.40.25 - - [21/Sep/2022:09:57:06 +0200] "GET /retro-glass-housewife-life-p-36023.html HTTP/1.0" 200 71978 "-" "Mozilla/5.0 (compatible; MJ12bot/v1.4.8; http://mj12bot.com/)"
65.108.40.25 - - [21/Sep/2022:09:57:09 +0200] "GET /pots-and-cookie-jars-c-12_250.html HTTP/1.0" 301 91656 "-" "Mozilla/5.0 (compatible; MJ12bot/v1.4.8; http://mj12bot.com/)"
65.108.40.25 - - [21/Sep/2022:09:57:14 +0200] "GET /pots-cookie-jars-c-250.html HTTP/1.0" 301 91555 "-" "Mozilla/5.0 (compatible; MJ12bot/v1.4.8; http://mj12bot.com/)"
65.108.40.25 - - [21/Sep/2022:09:57:17 +0200] "GET /pots-cookie-jars-c-12_250.html HTTP/1.0" 200 91575 "-" "Mozilla/5.0 (compatible; MJ12bot/v1.4.8; http://mj12bot.com/)"
65.108.40.25 - - [21/Sep/2022:09:57:22 +0200] "GET /raving-rabbids-lucha-libre-cap-p-18098.html HTTP/1.0" 301 74637 "-" "Mozilla/5.0 (compatible; MJ12bot/v1.4.8; http://mj12bot.com/)"
65.108.40.25 - - [21/Sep/2022:09:57:24 +0200] "GET /raving-rabbids-lucha-libre-p-18098.html HTTP/1.0" 200 74544 "-" "Mozilla/5.0 (compatible; MJ12bot/v1.4.8; http://mj12bot.com/)"
65.108.40.25 - - [21/Sep/2022:09:57:28 +0200] "GET /robocar-poli-flying-heli-p-34984.html HTTP/1.0" 301 71939 "-" "Mozilla/5.0 (compatible; MJ12bot/v1.4.8; http://mj12bot.com/)"
65.108.40.25 - - [21/Sep/2022:09:57:31 +0200] "GET /-p-34984.html HTTP/1.0" 200 71872 "-" "Mozilla/5.0 (compatible; MJ12bot/v1.4.8; http://mj12bot.com/)"
65.108.40.25 - - [21/Sep/2022:09:57:34 +0200] "GET /robocar-poli-flying-p-34984.html HTTP/1.0" 301 71939 "-" "Mozilla/5.0 (compatible; MJ12bot/v1.4.8; http://mj12bot.com/)"
65.108.40.25 - - [21/Sep/2022:09:57:37 +0200] "GET /-p-34984.html HTTP/1.0" 200 71872 "-" "Mozilla/5.0 (compatible; MJ12bot/v1.4.8; http://mj12bot.com/)"
65.108.40.25 - - [21/Sep/2022:09:57:40 +0200] "GET /rocky-apron-p-11529.html HTTP/1.0" 301 71939 "-" "Mozilla/5.0 (compatible; MJ12bot/v1.4.8; http://mj12bot.com/)"
65.108.40.25 - - [21/Sep/2022:09:57:44 +0200] "GET /-p-11529.html HTTP/1.0" 200 71872 "-" "Mozilla/5.0 (compatible; MJ12bot/v1.4.8; http://mj12bot.com/)"
65.108.40.25 - - [21/Sep/2022:09:57:48 +0200] "GET /rococo-retro-phone-p-37501.html HTTP/1.0" 301 72035 "-" "Mozilla/5.0 (compatible; MJ12bot/v1.4.8; http://mj12bot.com/)"
65.108.40.25 - - [21/Sep/2022:09:57:51 +0200] "GET /rococo-rtro-phone-p-37501.html HTTP/1.0" 200 71951 "-" "Mozilla/5.0 (compatible; MJ12bot/v1.4.8; http://mj12bot.com/)"
51.68.224.127 - - [21/Sep/2022:09:57:52 +0200] "GET /adminweb/export_orders_xml.php?token=256de2z6edz6ed2z6DFSFsed2zed6zeDSFDSGdzedezfzf&maxorders=10&orderstart=1&status=14&start_date=2018-10-01 HTTP/1.0" 200 285 "-" "GesCom CharlotteBoutik Serveur"
51.68.224.127 - - [21/Sep/2022:09:57:52 +0200] "GET /adminweb/export_orders_xml.php?token=256de2z6edz6ed2z6DFSFsed2zed6zeDSFDSGdzedezfzf&maxorders=10&orderstart=1&status=6&start_date=2018-10-01 HTTP/1.0" 200 33985 "-" "GesCom CharlotteBoutik Serveur"
65.108.40.25 - - [21/Sep/2022:09:57:53 +0200] "GET /rolling-stones-black-bag-p-37633.html HTTP/1.0" 301 71939 "-" "Mozilla/5.0 (compatible; MJ12bot/v1.4.8; http://mj12bot.com/)"
65.108.40.25 - - [21/Sep/2022:09:57:57 +0200] "GET /-p-37633.html HTTP/1.0" 200 71872 "-" "Mozilla/5.0 (compatible; MJ12bot/v1.4.8; http://mj12bot.com/)"
185.191.171.15 - - [21/Sep/2022:09:58:00 +0200] "GET /dark-grey-fitted-sheet-160-200-30-cm-p-41415.html HTTP/1.0" 301 74697 "-" "Mozilla/5.0 (compatible; SemrushBot/7~bl; +http://www.semrush.com/bot.html)"
65.108.40.25 - - [21/Sep/2022:09:58:01 +0200] "GET /rolling-stones-black-p-37633.html HTTP/1.0" 301 71939 "-" "Mozilla/5.0 (compatible; MJ12bot/v1.4.8; http://mj12bot.com/)"
185.191.171.5 - - [21/Sep/2022:09:58:04 +0200] "GET /dark-grey-fitted-sheet-p-41415.html HTTP/1.0" 200 74608 "-" "Mozilla/5.0 (compatible; SemrushBot/7~bl; +http://www.semrush.com/bot.html)"
65.108.40.25 - - [21/Sep/2022:09:58:06 +0200] "GET /-p-37633.html HTTP/1.0" 200 71872 "-" "Mozilla/5.0 (compatible; MJ12bot/v1.4.8; http://mj12bot.com/)"
157.55.39.30 - - [21/Sep/2022:09:58:11 +0200] "GET /images/big_prod_1/1328399144969a.jpg HTTP/1.0" 200 271 "-" "Mozilla/5.0 AppleWebKit/537.36 (KHTML, like Gecko; compatible; bingbot/2.0; +http://www.bing.com/bingbot.htm) Chrome/103.0.5060.134 Safari/537.36"
65.108.40.25 - - [21/Sep/2022:09:58:10 +0200] "GET /round-carpet-imitation-cowhide-140-140-cm-p-50713.html HTTP/1.0" 301 72105 "-" "Mozilla/5.0 (compatible; MJ12bot/v1.4.8; http://mj12bot.com/)"
65.108.40.25 - - [21/Sep/2022:09:58:14 +0200] "GET /round-carpet-imitation-cowhide-p-50713.html HTTP/1.0" 200 72008 "-" "Mozilla/5.0 (compatible; MJ12bot/v1.4.8; http://mj12bot.com/)"
207.46.13.149 - - [21/Sep/2022:09:58:15 +0200] "GET /salt-made-ceramic-bamboo-p-56112.html HTTP/1.0" 200 74600 "-" "Mozilla/5.0 AppleWebKit/537.36 (KHTML, like Gecko; compatible; bingbot/2.0; +http://www.bing.com/bingbot.htm) Chrome/103.0.5060.134 Safari/537.36"
65.108.40.25 - - [21/Sep/2022:09:58:17 +0200] "GET /round-doormat-flower-of-life-diameter-60-cm-p-50702.html HTTP/1.0" 301 72125 "-" "Mozilla/5.0 (compatible; MJ12bot/v1.4.8; http://mj12bot.com/)"
65.108.40.25 - - [21/Sep/2022:09:58:20 +0200] "GET /round-doormat-flower-life-diameter-p-50702.html HTTP/1.0" 200 72024 "-" "Mozilla/5.0 (compatible; MJ12bot/v1.4.8; http://mj12bot.com/)"
65.108.40.25 - - [21/Sep/2022:09:58:23 +0200] "GET /round-pillow-macaron-p-50731.html HTTP/1.0" 301 71939 "-" "Mozilla/5.0 (compatible; MJ12bot/v1.4.8; http://mj12bot.com/)"
65.108.40.25 - - [21/Sep/2022:09:58:26 +0200] "GET /-p-50731.html HTTP/1.0" 200 71872 "-" "Mozilla/5.0 (compatible; MJ12bot/v1.4.8; http://mj12bot.com/)"
65.108.40.25 - - [21/Sep/2022:09:58:30 +0200] "GET /salt-and-pepper-shaker-sets-c-12_160.html?page=1 HTTP/1.0" 301 91385 "-" "Mozilla/5.0 (compatible; MJ12bot/v1.4.8; http://mj12bot.com/)"
65.108.40.25 - - [21/Sep/2022:09:58:34 +0200] "GET /salt-pepper-shaker-sets-c-160.html?page=1 HTTP/1.0" 301 91284 "-" "Mozilla/5.0 (compatible; MJ12bot/v1.4.8; http://mj12bot.com/)"
185.191.171.13 - - [21/Sep/2022:09:58:36 +0200] "GET /mani-the-lucky-cat-charm-size-chance-p-33279.html HTTP/1.0" 301 74891 "-" "Mozilla/5.0 (compatible; SemrushBot/7~bl; +http://www.semrush.com/bot.html)"
65.108.40.25 - - [21/Sep/2022:09:58:37 +0200] "GET /salt-pepper-shaker-sets-c-12_160.html?page=1 HTTP/1.0" 200 91290 "-" "Mozilla/5.0 (compatible; MJ12bot/v1.4.8; http://mj12bot.com/)"
66.249.66.210 - - [21/Sep/2022:09:58:41 +0200] "GET /images/big_prod_1/PPMWAPI2.jpg HTTP/1.0" 200 265 "-" "Googlebot-Image/1.0"
185.191.171.37 - - [21/Sep/2022:09:58:39 +0200] "GET /mani-lucky-charm-size-chance-p-33279.html HTTP/1.0" 200 74796 "-" "Mozilla/5.0 (compatible; SemrushBot/7~bl; +http://www.semrush.com/bot.html)"
65.108.40.25 - - [21/Sep/2022:09:58:42 +0200] "GET /salt-and-pepper-shaker-sets-c-12_160.html?page=5 HTTP/1.0" 301 88890 "-" "Mozilla/5.0 (compatible; MJ12bot/v1.4.8; http://mj12bot.com/)"
65.108.40.25 - - [21/Sep/2022:09:58:45 +0200] "GET /salt-pepper-shaker-sets-c-160.html?page=5 HTTP/1.0" 301 88789 "-" "Mozilla/5.0 (compatible; MJ12bot/v1.4.8; http://mj12bot.com/)"
65.108.40.25 - - [21/Sep/2022:09:58:48 +0200] "GET /salt-pepper-shaker-sets-c-12_160.html?page=5 HTTP/1.0" 200 88795 "-" "Mozilla/5.0 (compatible; MJ12bot/v1.4.8; http://mj12bot.com/)"
65.108.40.25 - - [21/Sep/2022:09:58:52 +0200] "GET /salt-pepper-shaker-sets-c-160.html?page=1 HTTP/1.0" 301 91284 "-" "Mozilla/5.0 (compatible; MJ12bot/v1.4.8; http://mj12bot.com/)"
65.108.40.25 - - [21/Sep/2022:09:58:55 +0200] "GET /salt-pepper-shaker-sets-c-12_160.html?page=1 HTTP/1.0" 200 91290 "-" "Mozilla/5.0 (compatible; MJ12bot/v1.4.8; http://mj12bot.com/)"
185.191.171.24 - - [21/Sep/2022:09:58:55 +0200] "GET /little-miss-super-cawaii-cosmetic-p-21788.html HTTP/1.0" 200 74637 "-" "Mozilla/5.0 (compatible; SemrushBot/7~bl; +http://www.semrush.com/bot.html)"
65.108.40.25 - - [21/Sep/2022:09:58:59 +0200] "GET /salt-pepper-shaker-sets-c-160.html?page=5 HTTP/1.0" 301 88789 "-" "Mozilla/5.0 (compatible; MJ12bot/v1.4.8; http://mj12bot.com/)"
65.108.40.25 - - [21/Sep/2022:09:59:02 +0200] "GET /salt-pepper-shaker-sets-c-12_160.html?page=5 HTTP/1.0" 200 88795 "-" "Mozilla/5.0 (compatible; MJ12bot/v1.4.8; http://mj12bot.com/)"
65.108.40.25 - - [21/Sep/2022:09:59:06 +0200] "GET /saltshaker-pepper-p-31387.html HTTP/1.0" 301 71939 "-" "Mozilla/5.0 (compatible; MJ12bot/v1.4.8; http://mj12bot.com/)"
65.108.40.25 - - [21/Sep/2022:09:59:09 +0200] "GET /-p-31387.html HTTP/1.0" 200 71872 "-" "Mozilla/5.0 (compatible; MJ12bot/v1.4.8; http://mj12bot.com/)"
54.36.148.68 - - [21/Sep/2022:09:59:09 +0200] "GET /dubout-cats-white-p-56339.html HTTP/1.0" 200 75063 "-" "Mozilla/5.0 (compatible; AhrefsBot/7.0; +http://ahrefs.com/robot/)"
65.108.40.25 - - [21/Sep/2022:09:59:12 +0200] "GET /sausage-box-with-knife-happy-therapie-p-47686.html HTTP/1.0" 301 74695 "-" "Mozilla/5.0 (compatible; MJ12bot/v1.4.8; http://mj12bot.com/)"
65.108.40.25 - - [21/Sep/2022:09:59:15 +0200] "GET /sausage-with-knife-happy-thrapie-p-47686.html HTTP/1.0" 200 74596 "-" "Mozilla/5.0 (compatible; MJ12bot/v1.4.8; http://mj12bot.com/)"
65.108.40.25 - - [21/Sep/2022:09:59:18 +0200] "GET /set-cap-scarf-and-gloves-bratz-yellow-color-p-22128.html HTTP/1.0" 301 74910 "-" "Mozilla/5.0 (compatible; MJ12bot/v1.4.8; http://mj12bot.com/)"
65.108.40.25 - - [21/Sep/2022:09:59:21 +0200] "GET /scarf-gloves-bratz-yellow-color-p-22128.html HTTP/1.0" 200 74812 "-" "Mozilla/5.0 (compatible; MJ12bot/v1.4.8; http://mj12bot.com/)"
65.108.40.25 - - [21/Sep/2022:09:59:24 +0200] "GET /set-of-bed-linen-c-11_68.html?page=11 HTTP/1.0" 301 88478 "-" "Mozilla/5.0 (compatible; MJ12bot/v1.4.8; http://mj12bot.com/)"
185.191.171.14 - - [21/Sep/2022:09:59:27 +0200] "GET /zen-wooden-wall-decoration-to-hang-34-23-cm-p-41538.html HTTP/1.0" 301 71939 "-" "Mozilla/5.0 (compatible; SemrushBot/7~bl; +http://www.semrush.com/bot.html)"
65.108.40.25 - - [21/Sep/2022:09:59:27 +0200] "GET /linen-c-68.html?page=11 HTTP/1.0" 301 88359 "-" "Mozilla/5.0 (compatible; MJ12bot/v1.4.8; http://mj12bot.com/)"
185.191.171.17 - - [21/Sep/2022:09:59:31 +0200] "GET /incense-burner-sticks-and-cones-sandstone-flower-of-life-p-48357.html HTTP/1.0" 301 75595 "-" "Mozilla/5.0 (compatible; SemrushBot/7~bl; +http://www.semrush.com/bot.html)"
65.108.40.25 - - [21/Sep/2022:09:59:31 +0200] "GET /linen-c-11_68.html?page=11 HTTP/1.0" 200 88401 "-" "Mozilla/5.0 (compatible; MJ12bot/v1.4.8; http://mj12bot.com/)"
185.191.171.1 - - [21/Sep/2022:09:59:34 +0200] "GET /incense-burner-sticks-cones-sandstone-flower-life-p-48357.html HTTP/1.0" 200 75479 "-" "Mozilla/5.0 (compatible; SemrushBot/7~bl; +http://www.semrush.com/bot.html)"
65.108.40.25 - - [21/Sep/2022:09:59:34 +0200] "GET /set-of-bed-linen-c-11_68.html?page=13 HTTP/1.0" 301 88478 "-" "Mozilla/5.0 (compatible; MJ12bot/v1.4.8; http://mj12bot.com/)"
185.191.171.2 - - [21/Sep/2022:09:59:37 +0200] "GET /-p-41538.html HTTP/1.0" 200 71872 "-" "Mozilla/5.0 (compatible; SemrushBot/7~bl; +http://www.semrush.com/bot.html)"
65.108.40.25 - - [21/Sep/2022:09:59:37 +0200] "GET /linen-c-68.html?page=13 HTTP/1.0" 301 88359 "-" "Mozilla/5.0 (compatible; MJ12bot/v1.4.8; http://mj12bot.com/)"
65.108.40.25 - - [21/Sep/2022:09:59:40 +0200] "GET /linen-c-11_68.html?page=13 HTTP/1.0" 200 88401 "-" "Mozilla/5.0 (compatible; MJ12bot/v1.4.8; http://mj12bot.com/)"
65.108.40.25 - - [21/Sep/2022:09:59:43 +0200] "GET /set-of-bed-linen-c-11_68.html?page=14 HTTP/1.0" 301 88478 "-" "Mozilla/5.0 (compatible; MJ12bot/v1.4.8; http://mj12bot.com/)"
65.108.40.25 - - [21/Sep/2022:09:59:47 +0200] "GET /linen-c-68.html?page=14 HTTP/1.0" 301 88359 "-" "Mozilla/5.0 (compatible; MJ12bot/v1.4.8; http://mj12bot.com/)"
65.108.40.25 - - [21/Sep/2022:09:59:50 +0200] "GET /linen-c-11_68.html?page=14 HTTP/1.0" 200 88401 "-" "Mozilla/5.0 (compatible; MJ12bot/v1.4.8; http://mj12bot.com/)"
65.108.40.25 - - [21/Sep/2022:09:59:54 +0200] "GET /set-of-bed-linen-c-11_68.html?page=15 HTTP/1.0" 301 88478 "-" "Mozilla/5.0 (compatible; MJ12bot/v1.4.8; http://mj12bot.com/)"
65.108.40.25 - - [21/Sep/2022:09:59:58 +0200] "GET /linen-c-68.html?page=15 HTTP/1.0" 301 88359 "-" "Mozilla/5.0 (compatible; MJ12bot/v1.4.8; http://mj12bot.com/)"
65.108.40.25 - - [21/Sep/2022:10:00:00 +0200] "GET /linen-c-11_68.html?page=15 HTTP/1.0" 200 88401 "-" "Mozilla/5.0 (compatible; MJ12bot/v1.4.8; http://mj12bot.com/)"
216.244.66.242 - - [21/Sep/2022:10:00:02 +0200] "GET /pokemon-pikachu-school-p-55755.html HTTP/1.0" 200 75568 "-" "Mozilla/5.0 (compatible; DotBot/1.2; +https://opensiteexplorer.org/dotbot; help@moz.com)"
65.108.40.25 - - [21/Sep/2022:10:00:04 +0200] "GET /set-of-bed-linen-c-11_68.html?page=16 HTTP/1.0" 301 88478 "-" "Mozilla/5.0 (compatible; MJ12bot/v1.4.8; http://mj12bot.com/)"
65.108.40.25 - - [21/Sep/2022:10:00:09 +0200] "GET /linen-c-68.html?page=16 HTTP/1.0" 301 88359 "-" "Mozilla/5.0 (compatible; MJ12bot/v1.4.8; http://mj12bot.com/)"
65.108.40.25 - - [21/Sep/2022:10:00:14 +0200] "GET /linen-c-11_68.html?page=16 HTTP/1.0" 200 88401 "-" "Mozilla/5.0 (compatible; MJ12bot/v1.4.8; http://mj12bot.com/)"
65.108.40.25 - - [21/Sep/2022:10:00:19 +0200] "GET /set-of-bed-linen-c-11_68.html?page=17 HTTP/1.0" 301 88478 "-" "Mozilla/5.0 (compatible; MJ12bot/v1.4.8; http://mj12bot.com/)"
65.108.40.25 - - [21/Sep/2022:10:00:23 +0200] "GET /linen-c-68.html?page=17 HTTP/1.0" 301 88359 "-" "Mozilla/5.0 (compatible; MJ12bot/v1.4.8; http://mj12bot.com/)"
65.108.40.25 - - [21/Sep/2022:10:00:27 +0200] "GET /linen-c-11_68.html?page=17 HTTP/1.0" 200 88401 "-" "Mozilla/5.0 (compatible; MJ12bot/v1.4.8; http://mj12bot.com/)"
185.191.171.8 - - [21/Sep/2022:10:00:30 +0200] "GET /crystal-salt-lamp-heart-p-48790.html HTTP/1.0" 200 71954 "-" "Mozilla/5.0 (compatible; SemrushBot/7~bl; +http://www.semrush.com/bot.html)"
65.108.40.25 - - [21/Sep/2022:10:00:31 +0200] "GET /set-of-bed-linen-c-68.html?page=11 HTTP/1.0" 301 88359 "-" "Mozilla/5.0 (compatible; MJ12bot/v1.4.8; http://mj12bot.com/)"
65.108.40.25 - - [21/Sep/2022:10:00:35 +0200] "GET /linen-c-11_68.html?page=11 HTTP/1.0" 200 88401 "-" "Mozilla/5.0 (compatible; MJ12bot/v1.4.8; http://mj12bot.com/)"
65.108.40.25 - - [21/Sep/2022:10:00:39 +0200] "GET /set-of-bed-linen-c-68.html?page=12 HTTP/1.0" 301 88359 "-" "Mozilla/5.0 (compatible; MJ12bot/v1.4.8; http://mj12bot.com/)"
66.249.66.214 - - [21/Sep/2022:10:00:41 +0200] "GET /aztec-mini-ceramic-flower-p-55313.html HTTP/1.0" 200 75383 "-" "Mozilla/5.0 (Linux; Android 6.0.1; Nexus 5X Build/MMB29P) AppleWebKit/537.36 (KHTML, like Gecko) Chrome/105.0.5195.125 Mobile Safari/537.36 (compatible; Googlebot/2.1; +http://www.google.com/bot.html)"
65.108.40.25 - - [21/Sep/2022:10:00:43 +0200] "GET /linen-c-11_68.html?page=12 HTTP/1.0" 200 88401 "-" "Mozilla/5.0 (compatible; MJ12bot/v1.4.8; http://mj12bot.com/)"
65.108.40.25 - - [21/Sep/2022:10:00:47 +0200] "GET /set-of-bed-linen-c-68.html?page=15 HTTP/1.0" 301 88359 "-" "Mozilla/5.0 (compatible; MJ12bot/v1.4.8; http://mj12bot.com/)"
65.108.40.25 - - [21/Sep/2022:10:00:50 +0200] "GET /linen-c-11_68.html?page=15 HTTP/1.0" 200 88401 "-" "Mozilla/5.0 (compatible; MJ12bot/v1.4.8; http://mj12bot.com/)"
66.249.66.210 - - [21/Sep/2022:10:00:51 +0200] "GET /gendarme-saint-tropez-metal-plate-deco-p-47183.html HTTP/1.0" 200 74787 "-" "Mozilla/5.0 (Linux; Android 6.0.1; Nexus 5X Build/MMB29P) AppleWebKit/537.36 (KHTML, like Gecko) Chrome/105.0.5195.125 Mobile Safari/537.36 (compatible; Googlebot/2.1; +http://www.google.com/bot.html)"
65.108.40.25 - - [21/Sep/2022:10:00:54 +0200] "GET /set-of-bed-linen-c-68.html?page=16 HTTP/1.0" 301 88359 "-" "Mozilla/5.0 (compatible; MJ12bot/v1.4.8; http://mj12bot.com/)"
54.36.149.91 - - [21/Sep/2022:10:00:54 +0200] "GET /resin-statuette-chinese-p-48705.html HTTP/1.0" 200 74583 "-" "Mozilla/5.0 (compatible; AhrefsBot/7.0; +http://ahrefs.com/robot/)"
185.191.171.2 - - [21/Sep/2022:10:00:55 +0200] "GET /dolphin-figurine-carved-wood-p-47205.html HTTP/1.0" 200 75801 "-" "Mozilla/5.0 (compatible; SemrushBot/7~bl; +http://www.semrush.com/bot.html)"
65.108.40.25 - - [21/Sep/2022:10:00:57 +0200] "GET /linen-c-11_68.html?page=16 HTTP/1.0" 200 88401 "-" "Mozilla/5.0 (compatible; MJ12bot/v1.4.8; http://mj12bot.com/)"
65.108.40.25 - - [21/Sep/2022:10:01:02 +0200] "GET /set-of-bed-linen-c-68.html?page=17 HTTP/1.0" 301 88359 "-" "Mozilla/5.0 (compatible; MJ12bot/v1.4.8; http://mj12bot.com/)"
65.108.40.25 - - [21/Sep/2022:10:01:05 +0200] "GET /linen-c-11_68.html?page=17 HTTP/1.0" 200 88401 "-" "Mozilla/5.0 (compatible; MJ12bot/v1.4.8; http://mj12bot.com/)"
65.108.40.25 - - [21/Sep/2022:10:01:09 +0200] "GET /set-of-felt-pens-p-40835.html HTTP/1.0" 301 74674 "-" "Mozilla/5.0 (compatible; MJ12bot/v1.4.8; http://mj12bot.com/)"
65.108.40.25 - - [21/Sep/2022:10:01:14 +0200] "GET /felt-pens-p-40835.html HTTP/1.0" 200 74598 "-" "Mozilla/5.0 (compatible; MJ12bot/v1.4.8; http://mj12bot.com/)"
65.108.40.25 - - [21/Sep/2022:10:01:17 +0200] "GET /set-of-pair-of-socks-barbie-size-31-34-p-24741.html HTTP/1.0" 301 71939 "-" "Mozilla/5.0 (compatible; MJ12bot/v1.4.8; http://mj12bot.com/)"
65.108.40.25 - - [21/Sep/2022:10:01:20 +0200] "GET /-p-24741.html HTTP/1.0" 200 71872 "-" "Mozilla/5.0 (compatible; MJ12bot/v1.4.8; http://mj12bot.com/)"
65.108.40.25 - - [21/Sep/2022:10:01:23 +0200] "GET /set-of-pair-of-socks-betty-boop-size-27-30-p-24766.html HTTP/1.0" 301 71939 "-" "Mozilla/5.0 (compatible; MJ12bot/v1.4.8; http://mj12bot.com/)"
65.108.40.25 - - [21/Sep/2022:10:01:27 +0200] "GET /-p-24766.html HTTP/1.0" 200 71872 "-" "Mozilla/5.0 (compatible; MJ12bot/v1.4.8; http://mj12bot.com/)"
65.108.40.25 - - [21/Sep/2022:10:01:30 +0200] "GET /set-of-pair-of-socks-betty-boop-size-31-34-p-24770.html HTTP/1.0" 301 71939 "-" "Mozilla/5.0 (compatible; MJ12bot/v1.4.8; http://mj12bot.com/)"
106.14.65.228 - - [21/Sep/2022:10:01:33 +0200] "GET /images/mini_prod/8435333835920.jpg HTTP/1.0" 200 269 "-" "Mozilla/5.0 (X11; Ubuntu; Linux x86_64; rv:72.0) Gecko/20100101 Firefox/72.0"
65.108.40.25 - - [21/Sep/2022:10:01:33 +0200] "GET /-p-24770.html HTTP/1.0" 200 71872 "-" "Mozilla/5.0 (compatible; MJ12bot/v1.4.8; http://mj12bot.com/)"
65.108.40.25 - - [21/Sep/2022:10:01:36 +0200] "GET /set-of-pair-of-socks-betty-boop-size-31-34-p-24774.html HTTP/1.0" 301 71939 "-" "Mozilla/5.0 (compatible; MJ12bot/v1.4.8; http://mj12bot.com/)"
65.108.40.25 - - [21/Sep/2022:10:01:40 +0200] "GET /-p-24774.html HTTP/1.0" 200 71872 "-" "Mozilla/5.0 (compatible; MJ12bot/v1.4.8; http://mj12bot.com/)"
65.108.40.25 - - [21/Sep/2022:10:01:43 +0200] "GET /set-of-pair-of-socks-betty-boop-size-31-34-p-24776.html HTTP/1.0" 301 71939 "-" "Mozilla/5.0 (compatible; MJ12bot/v1.4.8; http://mj12bot.com/)"
65.108.40.25 - - [21/Sep/2022:10:01:46 +0200] "GET /-p-24776.html HTTP/1.0" 200 71872 "-" "Mozilla/5.0 (compatible; MJ12bot/v1.4.8; http://mj12bot.com/)"
65.108.40.25 - - [21/Sep/2022:10:01:49 +0200] "GET /set-of-pair-of-socks-betty-boop-size-31-34-p-24778.html HTTP/1.0" 301 71939 "-" "Mozilla/5.0 (compatible; MJ12bot/v1.4.8; http://mj12bot.com/)"
65.108.40.25 - - [21/Sep/2022:10:01:52 +0200] "GET /-p-24778.html HTTP/1.0" 200 71872 "-" "Mozilla/5.0 (compatible; MJ12bot/v1.4.8; http://mj12bot.com/)"
66.249.66.212 - - [21/Sep/2022:10:01:54 +0200] "GET /christmas-tree-decoration-hanging-p-49643.html HTTP/1.0" 200 74642 "-" "Mozilla/5.0 (compatible; Googlebot/2.1; +http://www.google.com/bot.html)"
65.108.40.25 - - [21/Sep/2022:10:01:54 +0200] "GET /set-of-pair-of-socks-mignon-croquer-size-24-26-p-24746.html HTTP/1.0" 301 71939 "-" "Mozilla/5.0 (compatible; MJ12bot/v1.4.8; http://mj12bot.com/)"
65.108.40.25 - - [21/Sep/2022:10:01:58 +0200] "GET /-p-24746.html HTTP/1.0" 200 71872 "-" "Mozilla/5.0 (compatible; MJ12bot/v1.4.8; http://mj12bot.com/)"
65.108.40.25 - - [21/Sep/2022:10:02:01 +0200] "GET /set-of-pair-of-socks-spongebob-size-19-22-p-24782.html HTTP/1.0" 301 71939 "-" "Mozilla/5.0 (compatible; MJ12bot/v1.4.8; http://mj12bot.com/)"
65.108.40.25 - - [21/Sep/2022:10:02:04 +0200] "GET /-p-24782.html HTTP/1.0" 200 71872 "-" "Mozilla/5.0 (compatible; MJ12bot/v1.4.8; http://mj12bot.com/)"
65.108.40.25 - - [21/Sep/2022:10:02:07 +0200] "GET /set-of-pair-of-socks-spongebob-size-23-26-p-24783.html HTTP/1.0" 301 71939 "-" "Mozilla/5.0 (compatible; MJ12bot/v1.4.8; http://mj12bot.com/)"
65.108.40.25 - - [21/Sep/2022:10:02:11 +0200] "GET /-p-24783.html HTTP/1.0" 200 71872 "-" "Mozilla/5.0 (compatible; MJ12bot/v1.4.8; http://mj12bot.com/)"
65.108.40.25 - - [21/Sep/2022:10:02:14 +0200] "GET /set-of-pair-of-socks-strawberry-shortcake-size-23-26-p-24853.html HTTP/1.0" 301 71939 "-" "Mozilla/5.0 (compatible; MJ12bot/v1.4.8; http://mj12bot.com/)"
65.108.40.25 - - [21/Sep/2022:10:02:17 +0200] "GET /-p-24853.html HTTP/1.0" 200 71872 "-" "Mozilla/5.0 (compatible; MJ12bot/v1.4.8; http://mj12bot.com/)"
65.108.40.25 - - [21/Sep/2022:10:02:20 +0200] "GET /set-of-pair-of-socks-strawberry-shortcake-size-24-26-p-24788.html HTTP/1.0" 301 71939 "-" "Mozilla/5.0 (compatible; MJ12bot/v1.4.8; http://mj12bot.com/)"
34.67.96.123 - - [21/Sep/2022:10:02:21 +0200] "GET /images/mini_prod/3371010281282.jpg HTTP/1.0" 200 269 "-" "Mozilla/5.0 (X11; Ubuntu; Linux x86_64; rv:72.0) Gecko/20100101 Firefox/72.0"
65.108.40.25 - - [21/Sep/2022:10:02:22 +0200] "GET /-p-24788.html HTTP/1.0" 200 71872 "-" "Mozilla/5.0 (compatible; MJ12bot/v1.4.8; http://mj12bot.com/)"
66.249.66.212 - - [21/Sep/2022:10:02:24 +0200] "GET /images/big_prod/1384010201992.jpg HTTP/1.0" 200 268 "-" "Googlebot-Image/1.0"
65.108.40.25 - - [21/Sep/2022:10:02:25 +0200] "GET /set-of-pair-of-socks-strawberry-shortcake-size-24-26-p-24805.html HTTP/1.0" 301 71939 "-" "Mozilla/5.0 (compatible; MJ12bot/v1.4.8; http://mj12bot.com/)"
185.191.171.1 - - [21/Sep/2022:10:02:25 +0200] "GET /-p-50402.html HTTP/1.0" 200 71872 "-" "Mozilla/5.0 (compatible; SemrushBot/7~bl; +http://www.semrush.com/bot.html)"
65.108.40.25 - - [21/Sep/2022:10:02:28 +0200] "GET /-p-24805.html HTTP/1.0" 200 71872 "-" "Mozilla/5.0 (compatible; MJ12bot/v1.4.8; http://mj12bot.com/)"
65.108.40.25 - - [21/Sep/2022:10:02:31 +0200] "GET /set-of-pair-of-socks-strawberry-shortcake-size-27-30-p-24801.html HTTP/1.0" 301 71939 "-" "Mozilla/5.0 (compatible; MJ12bot/v1.4.8; http://mj12bot.com/)"
65.108.40.25 - - [21/Sep/2022:10:02:34 +0200] "GET /-p-24801.html HTTP/1.0" 200 71872 "-" "Mozilla/5.0 (compatible; MJ12bot/v1.4.8; http://mj12bot.com/)"
65.108.40.25 - - [21/Sep/2022:10:02:37 +0200] "GET /set-of-pair-of-socks-strawberry-shortcake-size-27-30-p-24832.html HTTP/1.0" 301 71939 "-" "Mozilla/5.0 (compatible; MJ12bot/v1.4.8; http://mj12bot.com/)"
185.191.171.23 - - [21/Sep/2022:10:02:40 +0200] "GET /rose-of-provence-adult-apron-p-44190.html HTTP/1.0" 301 74574 "-" "Mozilla/5.0 (compatible; SemrushBot/7~bl; +http://www.semrush.com/bot.html)"
65.108.40.25 - - [21/Sep/2022:10:02:40 +0200] "GET /-p-24832.html HTTP/1.0" 200 71872 "-" "Mozilla/5.0 (compatible; MJ12bot/v1.4.8; http://mj12bot.com/)"
54.36.149.2 - - [21/Sep/2022:10:02:42 +0200] "GET /paris-saint-germain-black-backpack-p-57443.html HTTP/1.0" 200 75427 "-" "Mozilla/5.0 (compatible; AhrefsBot/7.0; +http://ahrefs.com/robot/)"
65.108.40.25 - - [21/Sep/2022:10:02:44 +0200] "GET /set-of-pair-of-socks-strawberry-shortcake-size-27-30-p-24833.html HTTP/1.0" 301 71939 "-" "Mozilla/5.0 (compatible; MJ12bot/v1.4.8; http://mj12bot.com/)"
185.191.171.25 - - [21/Sep/2022:10:02:43 +0200] "GET /provence-adult-apron-p-44190.html HTTP/1.0" 200 74487 "-" "Mozilla/5.0 (compatible; SemrushBot/7~bl; +http://www.semrush.com/bot.html)"
65.108.40.25 - - [21/Sep/2022:10:02:47 +0200] "GET /-p-24833.html HTTP/1.0" 200 71872 "-" "Mozilla/5.0 (compatible; MJ12bot/v1.4.8; http://mj12bot.com/)"
65.108.40.25 - - [21/Sep/2022:10:02:50 +0200] "GET /set-of-two-baskets-and-magazine-rack-p-50693.html HTTP/1.0" 301 75677 "-" "Mozilla/5.0 (compatible; MJ12bot/v1.4.8; http://mj12bot.com/)"
35.225.176.186 - - [21/Sep/2022:10:02:52 +0200] "GET /images/big_prod_1/8720088291276b.jpg HTTP/1.0" 200 271 "-" "Mozilla/5.0 (X11; Ubuntu; Linux x86_64; rv:72.0) Gecko/20100101 Firefox/72.0"
65.108.40.25 - - [21/Sep/2022:10:02:52 +0200] "GET /baskets-magazine-rack-p-50693.html HTTP/1.0" 200 75589 "-" "Mozilla/5.0 (compatible; MJ12bot/v1.4.8; http://mj12bot.com/)"
65.108.40.25 - - [21/Sep/2022:10:02:55 +0200] "GET /set-of-wwe-smack-down-small-reels-p-13882.html HTTP/1.0" 301 74991 "-" "Mozilla/5.0 (compatible; MJ12bot/v1.4.8; http://mj12bot.com/)"
185.191.171.13 - - [21/Sep/2022:10:02:56 +0200] "GET /home-decoration-c-13.html?page=88 HTTP/1.0" 200 94232 "-" "Mozilla/5.0 (compatible; SemrushBot/7~bl; +http://www.semrush.com/bot.html)"
65.108.40.25 - - [21/Sep/2022:10:02:58 +0200] "GET /smack-down-small-reels-p-13882.html HTTP/1.0" 200 74902 "-" "Mozilla/5.0 (compatible; MJ12bot/v1.4.8; http://mj12bot.com/)"
65.108.40.25 - - [21/Sep/2022:10:03:01 +0200] "GET /shadoks-led-blue-keyring-p-19138.html HTTP/1.0" 301 71939 "-" "Mozilla/5.0 (compatible; MJ12bot/v1.4.8; http://mj12bot.com/)"
65.108.40.25 - - [21/Sep/2022:10:03:04 +0200] "GET /-p-19138.html HTTP/1.0" 200 71872 "-" "Mozilla/5.0 (compatible; MJ12bot/v1.4.8; http://mj12bot.com/)"
66.249.66.214 - - [21/Sep/2022:10:03:07 +0200] "GET /images/mini_prod/8433933229729.jpg HTTP/1.0" 200 269 "-" "Googlebot-Image/1.0"
65.108.40.25 - - [21/Sep/2022:10:03:07 +0200] "GET /shadoks-led-purple-keyring-p-19139.html HTTP/1.0" 301 71939 "-" "Mozilla/5.0 (compatible; MJ12bot/v1.4.8; http://mj12bot.com/)"
65.108.40.25 - - [21/Sep/2022:10:03:10 +0200] "GET /-p-19139.html HTTP/1.0" 200 71872 "-" "Mozilla/5.0 (compatible; MJ12bot/v1.4.8; http://mj12bot.com/)"
65.108.40.25 - - [21/Sep/2022:10:03:13 +0200] "GET /shaped-bowler-suspension-p-19747.html HTTP/1.0" 301 71939 "-" "Mozilla/5.0 (compatible; MJ12bot/v1.4.8; http://mj12bot.com/)"
65.108.40.25 - - [21/Sep/2022:10:03:16 +0200] "GET /-p-19747.html HTTP/1.0" 200 71872 "-" "Mozilla/5.0 (compatible; MJ12bot/v1.4.8; http://mj12bot.com/)"
65.108.40.25 - - [21/Sep/2022:10:03:19 +0200] "GET /sheep-mug-p-26188.html HTTP/1.0" 301 71939 "-" "Mozilla/5.0 (compatible; MJ12bot/v1.4.8; http://mj12bot.com/)"
65.108.40.25 - - [21/Sep/2022:10:03:22 +0200] "GET /-p-26188.html HTTP/1.0" 200 71872 "-" "Mozilla/5.0 (compatible; MJ12bot/v1.4.8; http://mj12bot.com/)"
65.108.40.25 - - [21/Sep/2022:10:03:25 +0200] "GET /sheer-curtain-eyelets-paris-135-250-cm-p-36471.html HTTP/1.0" 301 71939 "-" "Mozilla/5.0 (compatible; MJ12bot/v1.4.8; http://mj12bot.com/)"
65.108.40.25 - - [21/Sep/2022:10:03:28 +0200] "GET /-p-36471.html HTTP/1.0" 200 71872 "-" "Mozilla/5.0 (compatible; MJ12bot/v1.4.8; http://mj12bot.com/)"
185.191.171.40 - - [21/Sep/2022:10:03:30 +0200] "GET /cat-lighting-p-49205.html HTTP/1.0" 301 71939 "-" "Mozilla/5.0 (compatible; SemrushBot/7~bl; +http://www.semrush.com/bot.html)"
65.108.40.25 - - [21/Sep/2022:10:03:31 +0200] "GET /shell-retro-sugar-p-39714.html HTTP/1.0" 301 71939 "-" "Mozilla/5.0 (compatible; MJ12bot/v1.4.8; http://mj12bot.com/)"
185.191.171.8 - - [21/Sep/2022:10:03:32 +0200] "GET /-p-49205.html HTTP/1.0" 200 71872 "-" "Mozilla/5.0 (compatible; SemrushBot/7~bl; +http://www.semrush.com/bot.html)"
65.108.40.25 - - [21/Sep/2022:10:03:34 +0200] "GET /-p-39714.html HTTP/1.0" 200 71872 "-" "Mozilla/5.0 (compatible; MJ12bot/v1.4.8; http://mj12bot.com/)"
65.108.40.25 - - [21/Sep/2022:10:03:37 +0200] "GET /shiva-mug-by-cbkreation-p-37854.html HTTP/1.0" 301 74597 "-" "Mozilla/5.0 (compatible; MJ12bot/v1.4.8; http://mj12bot.com/)"
65.108.40.25 - - [21/Sep/2022:10:03:40 +0200] "GET /shiva-cbkreation-p-37854.html HTTP/1.0" 200 74514 "-" "Mozilla/5.0 (compatible; MJ12bot/v1.4.8; http://mj12bot.com/)"
54.36.148.125 - - [21/Sep/2022:10:03:41 +0200] "GET /minions-shirt-despicable-me-p-29492.html HTTP/1.0" 301 71939 "-" "Mozilla/5.0 (compatible; AhrefsBot/7.0; +http://ahrefs.com/robot/)"
65.108.40.25 - - [21/Sep/2022:10:03:44 +0200] "GET /small-backpack-ladybug-p-52207.html HTTP/1.0" 200 74686 "-" "Mozilla/5.0 (compatible; MJ12bot/v1.4.8; http://mj12bot.com/)"
65.108.40.25 - - [21/Sep/2022:10:03:47 +0200] "GET /small-boxes-and-pill-c-13_150_154.html HTTP/1.0" 301 91846 "-" "Mozilla/5.0 (compatible; MJ12bot/v1.4.8; http://mj12bot.com/)"
65.108.40.25 - - [21/Sep/2022:10:03:50 +0200] "GET /small-boxes-pill-c-154.html HTTP/1.0" 301 91600 "-" "Mozilla/5.0 (compatible; MJ12bot/v1.4.8; http://mj12bot.com/)"
65.108.40.25 - - [21/Sep/2022:10:03:54 +0200] "GET /small-boxes-pill-c-13_150_154.html HTTP/1.0" 200 91765 "-" "Mozilla/5.0 (compatible; MJ12bot/v1.4.8; http://mj12bot.com/)"
65.108.40.25 - - [21/Sep/2022:10:03:57 +0200] "GET /small-to-ride-pink-vintage-pin-up-wallet-p-34368.html HTTP/1.0" 301 71939 "-" "Mozilla/5.0 (compatible; MJ12bot/v1.4.8; http://mj12bot.com/)"
66.249.66.214 - - [21/Sep/2022:10:04:02 +0200] "GET /images/big_prod_1/3453131153720A.jpg HTTP/1.0" 200 271 "-" "Googlebot-Image/1.0"
65.108.40.25 - - [21/Sep/2022:10:04:01 +0200] "GET /-p-34368.html HTTP/1.0" 200 71872 "-" "Mozilla/5.0 (compatible; MJ12bot/v1.4.8; http://mj12bot.com/)"
65.108.40.25 - - [21/Sep/2022:10:04:04 +0200] "GET /smiley-pencil-case-p-20151.html HTTP/1.0" 301 71939 "-" "Mozilla/5.0 (compatible; MJ12bot/v1.4.8; http://mj12bot.com/)"
65.108.40.25 - - [21/Sep/2022:10:04:07 +0200] "GET /-p-20151.html HTTP/1.0" 200 71872 "-" "Mozilla/5.0 (compatible; MJ12bot/v1.4.8; http://mj12bot.com/)"
65.108.40.25 - - [21/Sep/2022:10:04:10 +0200] "GET /smiley-world-pencil-tray-rigid-p-34116.html HTTP/1.0" 301 71939 "-" "Mozilla/5.0 (compatible; MJ12bot/v1.4.8; http://mj12bot.com/)"
65.108.40.25 - - [21/Sep/2022:10:04:13 +0200] "GET /-p-34116.html HTTP/1.0" 200 71872 "-" "Mozilla/5.0 (compatible; MJ12bot/v1.4.8; http://mj12bot.com/)"
65.108.40.25 - - [21/Sep/2022:10:04:16 +0200] "GET /smiski-figure-series-note-there-is-single-figure-p-43652.html HTTP/1.0" 301 75927 "-" "Mozilla/5.0 (compatible; MJ12bot/v1.4.8; http://mj12bot.com/)"
65.108.40.25 - - [21/Sep/2022:10:04:19 +0200] "GET /smiski-figure-series-note-there-single-figure-p-43652.html HTTP/1.0" 200 75815 "-" "Mozilla/5.0 (compatible; MJ12bot/v1.4.8; http://mj12bot.com/)"
65.108.40.25 - - [21/Sep/2022:10:04:24 +0200] "GET /smurf-glasses-resin-figurine-collection-p-23435.html HTTP/1.0" 301 71939 "-" "Mozilla/5.0 (compatible; MJ12bot/v1.4.8; http://mj12bot.com/)"
185.191.171.26 - - [21/Sep/2022:10:04:24 +0200] "GET /cat-saucer-for-tea-bag-p-49562.html HTTP/1.0" 301 74533 "-" "Mozilla/5.0 (compatible; SemrushBot/7~bl; +http://www.semrush.com/bot.html)"
54.36.148.118 - - [21/Sep/2022:10:04:24 +0200] "GET /shower-curtain-c-11_168.html HTTP/1.0" 200 90913 "-" "Mozilla/5.0 (compatible; AhrefsBot/7.0; +http://ahrefs.com/robot/)"
65.108.40.25 - - [21/Sep/2022:10:04:28 +0200] "GET /-p-23435.html HTTP/1.0" 200 71872 "-" "Mozilla/5.0 (compatible; MJ12bot/v1.4.8; http://mj12bot.com/)"
185.191.171.24 - - [21/Sep/2022:10:04:28 +0200] "GET /kimmidoll-dolls-cm-yumi-p-49798.html HTTP/1.0" 301 72029 "-" "Mozilla/5.0 (compatible; SemrushBot/7~bl; +http://www.semrush.com/bot.html)"
163.220.128.41 - - [21/Sep/2022:10:04:32 +0200] "GET /images/mini_prod/1384000000307.jpg HTTP/1.0" 200 269 "-" "Mozilla/5.0 (X11; Ubuntu; Linux x86_64; rv:72.0) Gecko/20100101 Firefox/72.0"
65.108.40.25 - - [21/Sep/2022:10:04:31 +0200] "GET /smurfette-and-baby-resin-figurine-collection-p-22575.html HTTP/1.0" 301 71939 "-" "Mozilla/5.0 (compatible; MJ12bot/v1.4.8; http://mj12bot.com/)"
185.191.171.1 - - [21/Sep/2022:10:04:31 +0200] "GET /kimmidoll-dolls-yumi-p-49798.html HTTP/1.0" 200 71942 "-" "Mozilla/5.0 (compatible; SemrushBot/7~bl; +http://www.semrush.com/bot.html)"
65.108.40.25 - - [21/Sep/2022:10:04:34 +0200] "GET /-p-22575.html HTTP/1.0" 200 71872 "-" "Mozilla/5.0 (compatible; MJ12bot/v1.4.8; http://mj12bot.com/)"
185.191.171.3 - - [21/Sep/2022:10:04:35 +0200] "GET /saucer-p-49562.html HTTP/1.0" 200 74460 "-" "Mozilla/5.0 (compatible; SemrushBot/7~bl; +http://www.semrush.com/bot.html)"
65.108.40.25 - - [21/Sep/2022:10:04:37 +0200] "GET /smurfette-cacao-mug-p-10692.html HTTP/1.0" 301 71939 "-" "Mozilla/5.0 (compatible; MJ12bot/v1.4.8; http://mj12bot.com/)"
65.108.40.25 - - [21/Sep/2022:10:04:40 +0200] "GET /-p-10692.html HTTP/1.0" 200 71872 "-" "Mozilla/5.0 (compatible; MJ12bot/v1.4.8; http://mj12bot.com/)"
34.67.96.123 - - [21/Sep/2022:10:04:43 +0200] "GET /images/mini_prod/3681643100752.jpg HTTP/1.0" 200 269 "-" "Mozilla/5.0 (X11; Ubuntu; Linux x86_64; rv:72.0) Gecko/20100101 Firefox/72.0"
65.108.40.25 - - [21/Sep/2022:10:04:43 +0200] "GET /smurfette-resin-figurine-collection-p-22574.html HTTP/1.0" 301 71939 "-" "Mozilla/5.0 (compatible; MJ12bot/v1.4.8; http://mj12bot.com/)"
65.108.40.25 - - [21/Sep/2022:10:04:46 +0200] "GET /-p-22574.html HTTP/1.0" 200 71872 "-" "Mozilla/5.0 (compatible; MJ12bot/v1.4.8; http://mj12bot.com/)"
65.108.40.25 - - [21/Sep/2022:10:04:49 +0200] "GET /smurfette-round-pencil-case-p-14447.html HTTP/1.0" 301 71939 "-" "Mozilla/5.0 (compatible; MJ12bot/v1.4.8; http://mj12bot.com/)"
65.108.40.25 - - [21/Sep/2022:10:04:52 +0200] "GET /-p-14447.html HTTP/1.0" 200 71872 "-" "Mozilla/5.0 (compatible; MJ12bot/v1.4.8; http://mj12bot.com/)"
65.108.40.25 - - [21/Sep/2022:10:04:55 +0200] "GET /snow-and-glitter-ball-c-13_259.html HTTP/1.0" 301 92319 "-" "Mozilla/5.0 (compatible; MJ12bot/v1.4.8; http://mj12bot.com/)"
65.108.40.25 - - [21/Sep/2022:10:04:58 +0200] "GET /snow-glitter-ball-c-259.html HTTP/1.0" 301 92196 "-" "Mozilla/5.0 (compatible; MJ12bot/v1.4.8; http://mj12bot.com/)"
65.108.40.25 - - [21/Sep/2022:10:05:01 +0200] "GET /snow-glitter-ball-c-13_259.html HTTP/1.0" 200 92237 "-" "Mozilla/5.0 (compatible; MJ12bot/v1.4.8; http://mj12bot.com/)"
65.108.40.25 - - [21/Sep/2022:10:05:05 +0200] "GET /so-british-metal-case-for-business-cards-p-11853.html HTTP/1.0" 301 75556 "-" "Mozilla/5.0 (compatible; MJ12bot/v1.4.8; http://mj12bot.com/)"
65.108.40.25 - - [21/Sep/2022:10:05:08 +0200] "GET /british-metal-case-business-cards-p-11853.html HTTP/1.0" 200 75456 "-" "Mozilla/5.0 (compatible; MJ12bot/v1.4.8; http://mj12bot.com/)"
65.108.40.25 - - [21/Sep/2022:10:05:11 +0200] "GET /sofia-the-first-girl-brief-p-31173.html HTTP/1.0" 301 71939 "-" "Mozilla/5.0 (compatible; MJ12bot/v1.4.8; http://mj12bot.com/)"
65.108.40.25 - - [21/Sep/2022:10:05:13 +0200] "GET /-p-31173.html HTTP/1.0" 200 71872 "-" "Mozilla/5.0 (compatible; MJ12bot/v1.4.8; http://mj12bot.com/)"
65.108.40.25 - - [21/Sep/2022:10:05:16 +0200] "GET /sonny-angel-figure-series-p-12572.html HTTP/1.0" 301 71939 "-" "Mozilla/5.0 (compatible; MJ12bot/v1.4.8; http://mj12bot.com/)"
65.108.40.25 - - [21/Sep/2022:10:05:20 +0200] "GET /-p-12572.html HTTP/1.0" 200 71872 "-" "Mozilla/5.0 (compatible; MJ12bot/v1.4.8; http://mj12bot.com/)"
157.55.39.12 - - [21/Sep/2022:10:05:22 +0200] "GET /-p-22936.html HTTP/1.0" 200 71872 "-" "Mozilla/5.0 (compatible; bingbot/2.0; +http://www.bing.com/bingbot.htm)"
65.108.40.25 - - [21/Sep/2022:10:05:23 +0200] "GET /sonny-angel-figure-series-p-12575.html HTTP/1.0" 301 71939 "-" "Mozilla/5.0 (compatible; MJ12bot/v1.4.8; http://mj12bot.com/)"
185.191.171.13 - - [21/Sep/2022:10:05:23 +0200] "GET /ceramic-lamp-p-52767.html HTTP/1.0" 301 71939 "-" "Mozilla/5.0 (compatible; SemrushBot/7~bl; +http://www.semrush.com/bot.html)"
65.108.40.25 - - [21/Sep/2022:10:05:26 +0200] "GET /-p-12575.html HTTP/1.0" 200 71872 "-" "Mozilla/5.0 (compatible; MJ12bot/v1.4.8; http://mj12bot.com/)"
185.191.171.2 - - [21/Sep/2022:10:05:27 +0200] "GET /real-black-mug-p-43114.html HTTP/1.0" 301 71972 "-" "Mozilla/5.0 (compatible; SemrushBot/7~bl; +http://www.semrush.com/bot.html)"
65.108.40.25 - - [21/Sep/2022:10:05:29 +0200] "GET /soy-luna-desk-blotter-p-36353.html HTTP/1.0" 301 71939 "-" "Mozilla/5.0 (compatible; MJ12bot/v1.4.8; http://mj12bot.com/)"
185.191.171.41 - - [21/Sep/2022:10:05:30 +0200] "GET /black-p-43114.html HTTP/1.0" 200 71900 "-" "Mozilla/5.0 (compatible; SemrushBot/7~bl; +http://www.semrush.com/bot.html)"
65.108.40.25 - - [21/Sep/2022:10:05:32 +0200] "GET /-p-36353.html HTTP/1.0" 200 71872 "-" "Mozilla/5.0 (compatible; MJ12bot/v1.4.8; http://mj12bot.com/)"
185.191.171.41 - - [21/Sep/2022:10:05:33 +0200] "GET /-p-52767.html HTTP/1.0" 200 71872 "-" "Mozilla/5.0 (compatible; SemrushBot/7~bl; +http://www.semrush.com/bot.html)"
65.108.40.25 - - [21/Sep/2022:10:05:34 +0200] "GET /soy-luna-desk-blotter-p-37821.html HTTP/1.0" 301 72022 "-" "Mozilla/5.0 (compatible; MJ12bot/v1.4.8; http://mj12bot.com/)"
185.191.171.23 - - [21/Sep/2022:10:05:36 +0200] "GET /burgundy-japanese-enameled-cast-iron-teapot-liter-p-57691.html HTTP/1.0" 200 75608 "-" "Mozilla/5.0 (compatible; SemrushBot/7~bl; +http://www.semrush.com/bot.html)"
65.108.40.25 - - [21/Sep/2022:10:05:37 +0200] "GET /luna-desk-blotter-p-37821.html HTTP/1.0" 200 71938 "-" "Mozilla/5.0 (compatible; MJ12bot/v1.4.8; http://mj12bot.com/)"
35.222.56.175 - - [21/Sep/2022:10:05:42 +0200] "GET /images/big_prod_1/8720088291276b.jpg HTTP/1.0" 200 271 "-" "Mozilla/5.0 (X11; Ubuntu; Linux x86_64; rv:72.0) Gecko/20100101 Firefox/72.0"
65.108.40.25 - - [21/Sep/2022:10:05:40 +0200] "GET /soy-luna-disney-apron-and-chef-hat-p-37538.html HTTP/1.0" 301 74652 "-" "Mozilla/5.0 (compatible; MJ12bot/v1.4.8; http://mj12bot.com/)"
65.108.40.25 - - [21/Sep/2022:10:05:43 +0200] "GET /luna-disney-apron-chef-p-37538.html HTTP/1.0" 200 74563 "-" "Mozilla/5.0 (compatible; MJ12bot/v1.4.8; http://mj12bot.com/)"
65.108.40.25 - - [21/Sep/2022:10:05:46 +0200] "GET /soy-luna-disney-suitcase-59-cm-p-35536.html HTTP/1.0" 301 71939 "-" "Mozilla/5.0 (compatible; MJ12bot/v1.4.8; http://mj12bot.com/)"
65.108.40.25 - - [21/Sep/2022:10:05:49 +0200] "GET /-p-35536.html HTTP/1.0" 200 71872 "-" "Mozilla/5.0 (compatible; MJ12bot/v1.4.8; http://mj12bot.com/)"
154.85.51.160 - - [21/Sep/2022:10:05:50 +0200] "GET /images/mini_prod/080109_161031_PEEL_xdwZBP.jpg HTTP/1.0" 200 281 "-" "Mozilla/5.0 (X11; Ubuntu; Linux x86_64; rv:72.0) Gecko/20100101 Firefox/72.0"
65.108.40.25 - - [21/Sep/2022:10:05:52 +0200] "GET /soy-luna-disney-suitcase-59-cm-p-36295.html HTTP/1.0" 301 71939 "-" "Mozilla/5.0 (compatible; MJ12bot/v1.4.8; http://mj12bot.com/)"
65.108.40.25 - - [21/Sep/2022:10:05:55 +0200] "GET /-p-36295.html HTTP/1.0" 200 71872 "-" "Mozilla/5.0 (compatible; MJ12bot/v1.4.8; http://mj12bot.com/)"
65.108.40.25 - - [21/Sep/2022:10:05:58 +0200] "GET /spiderman-as-building-play-tent-p-16052.html HTTP/1.0" 301 71939 "-" "Mozilla/5.0 (compatible; MJ12bot/v1.4.8; http://mj12bot.com/)"
65.108.40.25 - - [21/Sep/2022:10:06:01 +0200] "GET /-p-16052.html HTTP/1.0" 200 71872 "-" "Mozilla/5.0 (compatible; MJ12bot/v1.4.8; http://mj12bot.com/)"
185.191.171.25 - - [21/Sep/2022:10:06:01 +0200] "GET /flamingo-training-bottle-by-cbkreation-p-43339.html HTTP/1.0" 301 74998 "-" "Mozilla/5.0 (compatible; SemrushBot/7~bl; +http://www.semrush.com/bot.html)"
65.108.40.25 - - [21/Sep/2022:10:06:03 +0200] "GET /spiderman-black-cap-glove-set-size-52-cm-p-26741.html HTTP/1.0" 301 71939 "-" "Mozilla/5.0 (compatible; MJ12bot/v1.4.8; http://mj12bot.com/)"
185.191.171.45 - - [21/Sep/2022:10:06:04 +0200] "GET /flamingo-training-bottle-cbkreation-p-43339.html HTTP/1.0" 200 74896 "-" "Mozilla/5.0 (compatible; SemrushBot/7~bl; +http://www.semrush.com/bot.html)"
54.36.148.63 - - [21/Sep/2022:10:06:05 +0200] "GET /court-sleeves-shirts-c-2_39.html HTTP/1.0" 200 78087 "-" "Mozilla/5.0 (compatible; AhrefsBot/7.0; +http://ahrefs.com/robot/)"
65.108.40.25 - - [21/Sep/2022:10:06:06 +0200] "GET /-p-26741.html HTTP/1.0" 200 71872 "-" "Mozilla/5.0 (compatible; MJ12bot/v1.4.8; http://mj12bot.com/)"
185.191.171.34 - - [21/Sep/2022:10:06:07 +0200] "GET /ice-cream-clock-by-allen-p-34166.html HTTP/1.0" 301 72028 "-" "Mozilla/5.0 (compatible; SemrushBot/7~bl; +http://www.semrush.com/bot.html)"
54.36.148.47 - - [21/Sep/2022:10:06:11 +0200] "GET /images/mini_prod/teeshirtcapuchepokemon.gif HTTP/1.0" 200 277 "-" "Mozilla/5.0 (compatible; AhrefsBot/7.0; +http://ahrefs.com/robot/)"
65.108.40.25 - - [21/Sep/2022:10:06:10 +0200] "GET /spiderman-black-raincoat-p-32639.html HTTP/1.0" 301 71939 "-" "Mozilla/5.0 (compatible; MJ12bot/v1.4.8; http://mj12bot.com/)"
185.191.171.43 - - [21/Sep/2022:10:06:11 +0200] "GET /cream-clock-allen-p-34166.html HTTP/1.0" 200 71944 "-" "Mozilla/5.0 (compatible; SemrushBot/7~bl; +http://www.semrush.com/bot.html)"
65.108.40.25 - - [21/Sep/2022:10:06:13 +0200] "GET /-p-32639.html HTTP/1.0" 200 71872 "-" "Mozilla/5.0 (compatible; MJ12bot/v1.4.8; http://mj12bot.com/)"
65.108.40.25 - - [21/Sep/2022:10:06:18 +0200] "GET /spiderman-black-swimsuit-p-30824.html HTTP/1.0" 301 71939 "-" "Mozilla/5.0 (compatible; MJ12bot/v1.4.8; http://mj12bot.com/)"
65.108.40.25 - - [21/Sep/2022:10:06:20 +0200] "GET /-p-30824.html HTTP/1.0" 200 71872 "-" "Mozilla/5.0 (compatible; MJ12bot/v1.4.8; http://mj12bot.com/)"
65.108.40.25 - - [21/Sep/2022:10:06:23 +0200] "GET /spiderman-blue-long-sleeve-shirt-size-years-p-23678.html HTTP/1.0" 301 71939 "-" "Mozilla/5.0 (compatible; MJ12bot/v1.4.8; http://mj12bot.com/)"
65.108.40.25 - - [21/Sep/2022:10:06:26 +0200] "GET /-p-23678.html HTTP/1.0" 200 71872 "-" "Mozilla/5.0 (compatible; MJ12bot/v1.4.8; http://mj12bot.com/)"
65.108.40.25 - - [21/Sep/2022:10:06:29 +0200] "GET /spiderman-blue-long-sleeve-shirt-size-years-p-23679.html HTTP/1.0" 301 71939 "-" "Mozilla/5.0 (compatible; MJ12bot/v1.4.8; http://mj12bot.com/)"
65.108.40.25 - - [21/Sep/2022:10:06:32 +0200] "GET /-p-23679.html HTTP/1.0" 200 71872 "-" "Mozilla/5.0 (compatible; MJ12bot/v1.4.8; http://mj12bot.com/)"
185.191.171.1 - - [21/Sep/2022:10:06:33 +0200] "GET /large-jar-candle-70-hours-simply-spa-p-33016.html HTTP/1.0" 301 75862 "-" "Mozilla/5.0 (compatible; SemrushBot/7~bl; +http://www.semrush.com/bot.html)"
65.108.40.25 - - [21/Sep/2022:10:06:35 +0200] "GET /spiderman-blue-long-sleeve-shirt-size-years-p-23680.html HTTP/1.0" 301 71939 "-" "Mozilla/5.0 (compatible; MJ12bot/v1.4.8; http://mj12bot.com/)"
185.191.171.23 - - [21/Sep/2022:10:06:37 +0200] "GET /large-candle-hours-simply-p-33016.html HTTP/1.0" 200 75770 "-" "Mozilla/5.0 (compatible; SemrushBot/7~bl; +http://www.semrush.com/bot.html)"
65.108.40.25 - - [21/Sep/2022:10:06:38 +0200] "GET /-p-23680.html HTTP/1.0" 200 71872 "-" "Mozilla/5.0 (compatible; MJ12bot/v1.4.8; http://mj12bot.com/)"
