167.114.173.115 - - [21/Sep/2022:09:27:44 +0200] "GET /apple-resin-decoration-16-cm-p-41851.html HTTP/1.0" 301 72080 "-" "Mozilla/5.0 (compatible; MJ12bot/v1.4.8; http://mj12bot.com/)"
167.114.173.115 - - [21/Sep/2022:09:27:48 +0200] "GET /apple-resin-decoration-p-41851.html HTTP/1.0" 200 71991 "-" "Mozilla/5.0 (compatible; MJ12bot/v1.4.8; http://mj12bot.com/)"
65.108.40.25 - - [21/Sep/2022:09:27:30 +0200] "GET /coat-hook-c-13_198.html?page=2 HTTP/1.0" 200 92166 "-" "Mozilla/5.0 (compatible; MJ12bot/v1.4.8; http://mj12bot.com/)"
167.114.173.115 - - [21/Sep/2022:09:27:54 +0200] "GET /apron-adult-bodega-p-37469.html HTTP/1.0" 301 71939 "-" "Mozilla/5.0 (compatible; MJ12bot/v1.4.8; http://mj12bot.com/)"
167.114.173.115 - - [21/Sep/2022:09:27:58 +0200] "GET /-p-37469.html HTTP/1.0" 200 71872 "-" "Mozilla/5.0 (compatible; MJ12bot/v1.4.8; http://mj12bot.com/)"
65.108.40.25 - - [21/Sep/2022:09:28:02 +0200] "GET /coat-hook-c-198.html?page=3 HTTP/1.0" 301 92079 "-" "Mozilla/5.0 (compatible; MJ12bot/v1.4.8; http://mj12bot.com/)"
167.114.173.115 - - [21/Sep/2022:09:28:03 +0200] "GET /aprons-c-74.html?page=1 HTTP/1.0" 301 92819 "-" "Mozilla/5.0 (compatible; MJ12bot/v1.4.8; http://mj12bot.com/)"
167.114.173.115 - - [21/Sep/2022:09:28:07 +0200] "GET /aprons-c-11_74.html?page=1 HTTP/1.0" 200 92861 "-" "Mozilla/5.0 (compatible; MJ12bot/v1.4.8; http://mj12bot.com/)"
65.108.40.25 - - [21/Sep/2022:09:28:08 +0200] "GET /coat-hook-c-13_198.html?page=3 HTTP/1.0" 200 92121 "-" "Mozilla/5.0 (compatible; MJ12bot/v1.4.8; http://mj12bot.com/)"
167.114.173.115 - - [21/Sep/2022:09:28:28 +0200] "GET /aprons-c-74.html?page=10 HTTP/1.0" 301 92260 "-" "Mozilla/5.0 (compatible; MJ12bot/v1.4.8; http://mj12bot.com/)"
185.191.171.25 - - [21/Sep/2022:09:28:39 +0200] "GET /lire-phone-cover-for-iphone-cbkreation-p-14431.html HTTP/1.0" 301 71939 "-" "Mozilla/5.0 (compatible; SemrushBot/7~bl; +http://www.semrush.com/bot.html)"
65.108.40.25 - - [21/Sep/2022:09:28:41 +0200] "GET /coca-cola-apron-p-27926.html HTTP/1.0" 301 71939 "-" "Mozilla/5.0 (compatible; MJ12bot/v1.4.8; http://mj12bot.com/)"
185.191.171.11 - - [21/Sep/2022:09:28:43 +0200] "GET /-p-14431.html HTTP/1.0" 200 71872 "-" "Mozilla/5.0 (compatible; SemrushBot/7~bl; +http://www.semrush.com/bot.html)"
167.114.173.115 - - [21/Sep/2022:09:28:32 +0200] "GET /aprons-c-11_74.html?page=10 HTTP/1.0" 200 92301 "-" "Mozilla/5.0 (compatible; MJ12bot/v1.4.8; http://mj12bot.com/)"
65.108.40.25 - - [21/Sep/2022:09:28:49 +0200] "GET /-p-27926.html HTTP/1.0" 200 71872 "-" "Mozilla/5.0 (compatible; MJ12bot/v1.4.8; http://mj12bot.com/)"
185.191.171.4 - - [21/Sep/2022:09:28:53 +0200] "GET /mickey-mouse-disney-large-suitcase-p-33678.html HTTP/1.0" 301 71939 "-" "Mozilla/5.0 (compatible; SemrushBot/7~bl; +http://www.semrush.com/bot.html)"
185.191.171.1 - - [21/Sep/2022:09:28:58 +0200] "GET /-p-33678.html HTTP/1.0" 200 71872 "-" "Mozilla/5.0 (compatible; SemrushBot/7~bl; +http://www.semrush.com/bot.html)"
65.108.40.25 - - [21/Sep/2022:09:28:58 +0200] "GET /coca-cola-bag-handles-red-p-21786.html HTTP/1.0" 301 71939 "-" "Mozilla/5.0 (compatible; MJ12bot/v1.4.8; http://mj12bot.com/)"
167.114.173.115 - - [21/Sep/2022:09:28:52 +0200] "GET /aprons-c-74.html?page=12 HTTP/1.0" 301 92260 "-" "Mozilla/5.0 (compatible; MJ12bot/v1.4.8; http://mj12bot.com/)"
65.108.40.25 - - [21/Sep/2022:09:29:05 +0200] "GET /-p-21786.html HTTP/1.0" 200 71872 "-" "Mozilla/5.0 (compatible; MJ12bot/v1.4.8; http://mj12bot.com/)"
185.191.171.3 - - [21/Sep/2022:09:29:05 +0200] "GET /strawberry-shortcake-hat-36-years-p-22120.html HTTP/1.0" 301 74804 "-" "Mozilla/5.0 (compatible; SemrushBot/7~bl; +http://www.semrush.com/bot.html)"
65.108.40.25 - - [21/Sep/2022:09:29:12 +0200] "GET /coca-cola-bedclothes-140-200-cm-p-31644.html HTTP/1.0" 301 71939 "-" "Mozilla/5.0 (compatible; MJ12bot/v1.4.8; http://mj12bot.com/)"
185.191.171.33 - - [21/Sep/2022:09:29:12 +0200] "GET /strawberry-shortcake-years-p-22120.html HTTP/1.0" 200 74711 "-" "Mozilla/5.0 (compatible; SemrushBot/7~bl; +http://www.semrush.com/bot.html)"
167.114.173.115 - - [21/Sep/2022:09:28:55 +0200] "GET /aprons-c-11_74.html?page=12 HTTP/1.0" 200 92301 "-" "Mozilla/5.0 (compatible; MJ12bot/v1.4.8; http://mj12bot.com/)"
65.108.40.25 - - [21/Sep/2022:09:29:20 +0200] "GET /-p-31644.html HTTP/1.0" 200 71872 "-" "Mozilla/5.0 (compatible; MJ12bot/v1.4.8; http://mj12bot.com/)"
54.36.149.6 - - [21/Sep/2022:09:29:22 +0200] "GET /piggy-bank-with-small-hammer-vive-maris-p-38529.html HTTP/1.0" 200 75415 "-" "Mozilla/5.0 (compatible; AhrefsBot/7.0; +http://ahrefs.com/robot/)"
65.108.40.25 - - [21/Sep/2022:09:29:28 +0200] "GET /coca-cola-bedclothes-200-cm-p-31645.html HTTP/1.0" 301 71939 "-" "Mozilla/5.0 (compatible; MJ12bot/v1.4.8; http://mj12bot.com/)"
167.114.173.115 - - [21/Sep/2022:09:29:19 +0200] "GET /aprons-c-74.html?page=2 HTTP/1.0" 301 93160 "-" "Mozilla/5.0 (compatible; MJ12bot/v1.4.8; http://mj12bot.com/)"
185.191.171.26 - - [21/Sep/2022:09:29:36 +0200] "GET /chair-cushion-reversible-grey-and-beige-38-cm-p-37249.html HTTP/1.0" 301 75461 "-" "Mozilla/5.0 (compatible; SemrushBot/7~bl; +http://www.semrush.com/bot.html)"
65.108.40.25 - - [21/Sep/2022:09:29:36 +0200] "GET /-p-31645.html HTTP/1.0" 200 71872 "-" "Mozilla/5.0 (compatible; MJ12bot/v1.4.8; http://mj12bot.com/)"
167.114.173.115 - - [21/Sep/2022:09:29:22 +0200] "GET /aprons-c-11_74.html?page=2 HTTP/1.0" 200 93202 "-" "Mozilla/5.0 (compatible; MJ12bot/v1.4.8; http://mj12bot.com/)"
66.249.66.210 - - [21/Sep/2022:09:29:42 +0200] "GET /corsica-small-cushion-cbkreation-30-cm-p-38852.html HTTP/1.0" 301 71939 "-" "Mozilla/5.0 (compatible; Googlebot/2.1; +http://www.google.com/bot.html)"
185.191.171.8 - - [21/Sep/2022:09:29:41 +0200] "GET /chair-cushion-reversible-grey-beige-p-37249.html HTTP/1.0" 200 75359 "-" "Mozilla/5.0 (compatible; SemrushBot/7~bl; +http://www.semrush.com/bot.html)"
65.108.40.25 - - [21/Sep/2022:09:29:43 +0200] "GET /coca-cola-bedclothes-p-31644.html HTTP/1.0" 301 71939 "-" "Mozilla/5.0 (compatible; MJ12bot/v1.4.8; http://mj12bot.com/)"
66.249.66.210 - - [21/Sep/2022:09:29:45 +0200] "GET /-p-38852.html HTTP/1.0" 200 71872 "-" "Mozilla/5.0 (compatible; Googlebot/2.1; +http://www.google.com/bot.html)"
65.108.40.25 - - [21/Sep/2022:09:29:54 +0200] "GET /-p-31644.html HTTP/1.0" 200 71872 "-" "Mozilla/5.0 (compatible; MJ12bot/v1.4.8; http://mj12bot.com/)"
167.114.173.115 - - [21/Sep/2022:09:29:46 +0200] "GET /aprons-c-74.html?page=4 HTTP/1.0" 301 93078 "-" "Mozilla/5.0 (compatible; MJ12bot/v1.4.8; http://mj12bot.com/)"
65.108.40.25 - - [21/Sep/2022:09:30:02 +0200] "GET /coca-cola-bedclothes-p-31645.html HTTP/1.0" 301 71939 "-" "Mozilla/5.0 (compatible; MJ12bot/v1.4.8; http://mj12bot.com/)"
167.114.173.115 - - [21/Sep/2022:09:29:49 +0200] "GET /aprons-c-11_74.html?page=4 HTTP/1.0" 200 93120 "-" "Mozilla/5.0 (compatible; MJ12bot/v1.4.8; http://mj12bot.com/)"
65.108.40.25 - - [21/Sep/2022:09:30:12 +0200] "GET /-p-31645.html HTTP/1.0" 200 71872 "-" "Mozilla/5.0 (compatible; MJ12bot/v1.4.8; http://mj12bot.com/)"
65.108.40.25 - - [21/Sep/2022:09:30:20 +0200] "GET /coca-cola-carpet-picnic-p-28046.html HTTP/1.0" 301 71939 "-" "Mozilla/5.0 (compatible; MJ12bot/v1.4.8; http://mj12bot.com/)"
167.114.173.115 - - [21/Sep/2022:09:30:12 +0200] "GET /aprons-c-74.html?page=5 HTTP/1.0" 301 93379 "-" "Mozilla/5.0 (compatible; MJ12bot/v1.4.8; http://mj12bot.com/)"
65.108.40.25 - - [21/Sep/2022:09:30:29 +0200] "GET /-p-28046.html HTTP/1.0" 200 71872 "-" "Mozilla/5.0 (compatible; MJ12bot/v1.4.8; http://mj12bot.com/)"
185.191.171.18 - - [21/Sep/2022:09:30:33 +0200] "GET /flamingo-large-soup-bowl-p-42239.html HTTP/1.0" 301 71939 "-" "Mozilla/5.0 (compatible; SemrushBot/7~bl; +http://www.semrush.com/bot.html)"
65.108.40.25 - - [21/Sep/2022:09:30:33 +0200] "GET /coca-cola-clock-p-26881.html HTTP/1.0" 301 71939 "-" "Mozilla/5.0 (compatible; MJ12bot/v1.4.8; http://mj12bot.com/)"
185.191.171.43 - - [21/Sep/2022:09:30:38 +0200] "GET /-p-42239.html HTTP/1.0" 200 71872 "-" "Mozilla/5.0 (compatible; SemrushBot/7~bl; +http://www.semrush.com/bot.html)"
167.114.173.115 - - [21/Sep/2022:09:30:15 +0200] "GET /aprons-c-11_74.html?page=5 HTTP/1.0" 200 93421 "-" "Mozilla/5.0 (compatible; MJ12bot/v1.4.8; http://mj12bot.com/)"
65.108.40.25 - - [21/Sep/2022:09:30:40 +0200] "GET /-p-26881.html HTTP/1.0" 200 71872 "-" "Mozilla/5.0 (compatible; MJ12bot/v1.4.8; http://mj12bot.com/)"
65.108.40.25 - - [21/Sep/2022:09:30:48 +0200] "GET /coca-cola-delicious-refreshing-canvas-frame-30-60-cm-p-33388.html HTTP/1.0" 301 71939 "-" "Mozilla/5.0 (compatible; MJ12bot/v1.4.8; http://mj12bot.com/)"
167.114.173.115 - - [21/Sep/2022:09:30:43 +0200] "GET /aprons-c-74.html?page=6 HTTP/1.0" 301 92258 "-" "Mozilla/5.0 (compatible; MJ12bot/v1.4.8; http://mj12bot.com/)"
65.108.40.25 - - [21/Sep/2022:09:30:58 +0200] "GET /-p-33388.html HTTP/1.0" 200 71872 "-" "Mozilla/5.0 (compatible; MJ12bot/v1.4.8; http://mj12bot.com/)"
65.108.40.25 - - [21/Sep/2022:09:31:05 +0200] "GET /coca-cola-delicious-refreshing-canvas-frame-p-33388.html HTTP/1.0" 301 71939 "-" "Mozilla/5.0 (compatible; MJ12bot/v1.4.8; http://mj12bot.com/)"
167.114.173.115 - - [21/Sep/2022:09:30:47 +0200] "GET /aprons-c-11_74.html?page=6 HTTP/1.0" 200 92300 "-" "Mozilla/5.0 (compatible; MJ12bot/v1.4.8; http://mj12bot.com/)"
65.108.40.25 - - [21/Sep/2022:09:31:15 +0200] "GET /-p-33388.html HTTP/1.0" 200 71872 "-" "Mozilla/5.0 (compatible; MJ12bot/v1.4.8; http://mj12bot.com/)"
167.114.173.115 - - [21/Sep/2022:09:31:13 +0200] "GET /aprons-c-74.html?page=7 HTTP/1.0" 301 92258 "-" "Mozilla/5.0 (compatible; MJ12bot/v1.4.8; http://mj12bot.com/)"
65.108.40.25 - - [21/Sep/2022:09:31:23 +0200] "GET /coca-cola-diner-paper-towel-dispenser-p-35210.html HTTP/1.0" 301 71939 "-" "Mozilla/5.0 (compatible; MJ12bot/v1.4.8; http://mj12bot.com/)"
54.36.148.158 - - [21/Sep/2022:09:31:30 +0200] "GET /sixtine-bedspread-p-51294.html HTTP/1.0" 200 75233 "-" "Mozilla/5.0 (compatible; AhrefsBot/7.0; +http://ahrefs.com/robot/)"
65.108.40.25 - - [21/Sep/2022:09:31:31 +0200] "GET /-p-35210.html HTTP/1.0" 200 71872 "-" "Mozilla/5.0 (compatible; MJ12bot/v1.4.8; http://mj12bot.com/)"
54.36.148.224 - - [21/Sep/2022:09:31:37 +0200] "GET /images/big_prod/8422024026019.jpg HTTP/1.0" 200 268 "-" "Mozilla/5.0 (compatible; AhrefsBot/7.0; +http://ahrefs.com/robot/)"
167.114.173.115 - - [21/Sep/2022:09:31:16 +0200] "GET /aprons-c-11_74.html?page=7 HTTP/1.0" 200 92300 "-" "Mozilla/5.0 (compatible; MJ12bot/v1.4.8; http://mj12bot.com/)"
65.108.40.25 - - [21/Sep/2022:09:31:40 +0200] "GET /coca-cola-drink-paper-towel-dispenser-p-35212.html HTTP/1.0" 301 71939 "-" "Mozilla/5.0 (compatible; MJ12bot/v1.4.8; http://mj12bot.com/)"
65.108.40.25 - - [21/Sep/2022:09:31:46 +0200] "GET /-p-35212.html HTTP/1.0" 200 71872 "-" "Mozilla/5.0 (compatible; MJ12bot/v1.4.8; http://mj12bot.com/)"
167.114.173.115 - - [21/Sep/2022:09:31:40 +0200] "GET /aprons-c-74.html?page=8 HTTP/1.0" 301 92258 "-" "Mozilla/5.0 (compatible; MJ12bot/v1.4.8; http://mj12bot.com/)"
65.108.40.25 - - [21/Sep/2022:09:31:57 +0200] "GET /coca-cola-glass-door-wall-p-26886.html HTTP/1.0" 301 71939 "-" "Mozilla/5.0 (compatible; MJ12bot/v1.4.8; http://mj12bot.com/)"
167.114.173.115 - - [21/Sep/2022:09:31:43 +0200] "GET /aprons-c-11_74.html?page=8 HTTP/1.0" 200 92300 "-" "Mozilla/5.0 (compatible; MJ12bot/v1.4.8; http://mj12bot.com/)"
65.108.40.25 - - [21/Sep/2022:09:32:04 +0200] "GET /-p-26886.html HTTP/1.0" 200 71872 "-" "Mozilla/5.0 (compatible; MJ12bot/v1.4.8; http://mj12bot.com/)"
65.108.40.25 - - [21/Sep/2022:09:32:10 +0200] "GET /coca-cola-handbag-p-14187.html HTTP/1.0" 301 71939 "-" "Mozilla/5.0 (compatible; MJ12bot/v1.4.8; http://mj12bot.com/)"
167.114.173.115 - - [21/Sep/2022:09:32:06 +0200] "GET /aprons-c-74.html?page=9 HTTP/1.0" 301 92258 "-" "Mozilla/5.0 (compatible; MJ12bot/v1.4.8; http://mj12bot.com/)"
65.108.40.25 - - [21/Sep/2022:09:32:17 +0200] "GET /-p-14187.html HTTP/1.0" 200 71872 "-" "Mozilla/5.0 (compatible; MJ12bot/v1.4.8; http://mj12bot.com/)"
185.191.171.22 - - [21/Sep/2022:09:31:57 +0200] "GET /dishes-c-13_12.html?page=116 HTTP/1.0" 200 93809 "-" "Mozilla/5.0 (compatible; SemrushBot/7~bl; +http://www.semrush.com/bot.html)"
65.108.40.25 - - [21/Sep/2022:09:32:25 +0200] "GET /coca-cola-handles-p-21786.html HTTP/1.0" 301 71939 "-" "Mozilla/5.0 (compatible; MJ12bot/v1.4.8; http://mj12bot.com/)"
167.114.173.115 - - [21/Sep/2022:09:32:09 +0200] "GET /aprons-c-11_74.html?page=9 HTTP/1.0" 200 92300 "-" "Mozilla/5.0 (compatible; MJ12bot/v1.4.8; http://mj12bot.com/)"
65.108.40.25 - - [21/Sep/2022:09:32:29 +0200] "GET /-p-21786.html HTTP/1.0" 200 71872 "-" "Mozilla/5.0 (compatible; MJ12bot/v1.4.8; http://mj12bot.com/)"
185.191.171.16 - - [21/Sep/2022:09:32:35 +0200] "GET /led-table-lamp-in-glass-tropical-foliage-p-50018.html HTTP/1.0" 301 72108 "-" "Mozilla/5.0 (compatible; SemrushBot/7~bl; +http://www.semrush.com/bot.html)"
65.108.40.25 - - [21/Sep/2022:09:32:35 +0200] "GET /coca-cola-moneybox-p-35216.html HTTP/1.0" 301 71939 "-" "Mozilla/5.0 (compatible; MJ12bot/v1.4.8; http://mj12bot.com/)"
185.191.171.8 - - [21/Sep/2022:09:32:43 +0200] "GET /table-lamp-glass-tropical-foliage-p-50018.html HTTP/1.0" 200 72008 "-" "Mozilla/5.0 (compatible; SemrushBot/7~bl; +http://www.semrush.com/bot.html)"
65.108.40.25 - - [21/Sep/2022:09:32:44 +0200] "GET /-p-35216.html HTTP/1.0" 200 71872 "-" "Mozilla/5.0 (compatible; MJ12bot/v1.4.8; http://mj12bot.com/)"
34.67.96.123 - - [21/Sep/2022:09:32:52 +0200] "GET /images/mini_prod/DSCN7544.jpg HTTP/1.0" 200 264 "-" "Mozilla/5.0 (X11; Ubuntu; Linux x86_64; rv:72.0) Gecko/20100101 Firefox/72.0"
167.114.173.115 - - [21/Sep/2022:09:32:31 +0200] "GET /aprons-tablecloths-and-linen-c-11_74.html?page=12 HTTP/1.0" 301 92379 "-" "Mozilla/5.0 (compatible; MJ12bot/v1.4.8; http://mj12bot.com/)"
65.108.40.25 - - [21/Sep/2022:09:32:52 +0200] "GET /coca-cola-neon-guitar-clock-p-23263.html HTTP/1.0" 301 71939 "-" "Mozilla/5.0 (compatible; MJ12bot/v1.4.8; http://mj12bot.com/)"
167.114.173.115 - - [21/Sep/2022:09:32:44 +0200] "GET /aprons-c-74.html?page=12 HTTP/1.0" 301 92260 "-" "Mozilla/5.0 (compatible; MJ12bot/v1.4.8; http://mj12bot.com/)"
185.191.171.7 - - [21/Sep/2022:09:33:00 +0200] "GET /salamander-wall-decoration-29-cm-p-47402.html HTTP/1.0" 301 74717 "-" "Mozilla/5.0 (compatible; SemrushBot/7~bl; +http://www.semrush.com/bot.html)"
65.108.40.25 - - [21/Sep/2022:09:33:02 +0200] "GET /-p-23263.html HTTP/1.0" 200 71872 "-" "Mozilla/5.0 (compatible; MJ12bot/v1.4.8; http://mj12bot.com/)"
167.114.173.115 - - [21/Sep/2022:09:32:47 +0200] "GET /aprons-c-11_74.html?page=12 HTTP/1.0" 200 92301 "-" "Mozilla/5.0 (compatible; MJ12bot/v1.4.8; http://mj12bot.com/)"
185.191.171.38 - - [21/Sep/2022:09:33:05 +0200] "GET /salamander-wall-decoration-p-47402.html HTTP/1.0" 200 74624 "-" "Mozilla/5.0 (compatible; SemrushBot/7~bl; +http://www.semrush.com/bot.html)"
65.108.40.25 - - [21/Sep/2022:09:33:08 +0200] "GET /coca-cola-pop-art-mirror-p-27210.html HTTP/1.0" 301 71939 "-" "Mozilla/5.0 (compatible; MJ12bot/v1.4.8; http://mj12bot.com/)"
207.46.13.149 - - [21/Sep/2022:09:33:15 +0200] "GET /images/mini_prod/8499132034137.jpg HTTP/1.0" 200 269 "-" "Mozilla/5.0 (compatible; bingbot/2.0; +http://www.bing.com/bingbot.htm)"
65.108.40.25 - - [21/Sep/2022:09:33:14 +0200] "GET /-p-27210.html HTTP/1.0" 200 71872 "-" "Mozilla/5.0 (compatible; MJ12bot/v1.4.8; http://mj12bot.com/)"
78.46.200.87 - - [21/Sep/2022:09:33:23 +0200] "GET /images/big_prod/1304038301191.jpg HTTP/1.0" 200 268 "-" "Mozilla/5.0 (X11; Fedora; Linux x86_64) AppleWebKit/537.36 (KHTML, like Gecko) Chrome/79.0.3945.117 Safari/537.36"
65.108.40.25 - - [21/Sep/2022:09:33:21 +0200] "GET /coca-cola-rectangular-large-metal-plate-p-12356.html HTTP/1.0" 301 71939 "-" "Mozilla/5.0 (compatible; MJ12bot/v1.4.8; http://mj12bot.com/)"
185.191.171.5 - - [21/Sep/2022:09:33:26 +0200] "GET /top-model-fantasy-unicorn-brush-p-33975.html HTTP/1.0" 301 72104 "-" "Mozilla/5.0 (compatible; SemrushBot/7~bl; +http://www.semrush.com/bot.html)"
167.114.173.115 - - [21/Sep/2022:09:33:10 +0200] "GET /aprons-tablecloths-and-linen-c-11_74.html?page=2 HTTP/1.0" 301 93279 "-" "Mozilla/5.0 (compatible; MJ12bot/v1.4.8; http://mj12bot.com/)"
65.108.40.25 - - [21/Sep/2022:09:33:28 +0200] "GET /-p-12356.html HTTP/1.0" 200 71872 "-" "Mozilla/5.0 (compatible; MJ12bot/v1.4.8; http://mj12bot.com/)"
167.114.173.115 - - [21/Sep/2022:09:33:21 +0200] "GET /aprons-c-74.html?page=2 HTTP/1.0" 301 93160 "-" "Mozilla/5.0 (compatible; MJ12bot/v1.4.8; http://mj12bot.com/)"
185.191.171.36 - - [21/Sep/2022:09:33:32 +0200] "GET /model-fantasy-unicorn-brush-p-33975.html HTTP/1.0" 200 72010 "-" "Mozilla/5.0 (compatible; SemrushBot/7~bl; +http://www.semrush.com/bot.html)"
65.108.40.25 - - [21/Sep/2022:09:33:36 +0200] "GET /coca-cola-round-metal-tray-p-24550.html HTTP/1.0" 301 71939 "-" "Mozilla/5.0 (compatible; MJ12bot/v1.4.8; http://mj12bot.com/)"
54.174.193.10 - - [21/Sep/2022:09:33:39 +0200] "GET /images/1300010240489.jpg HTTP/1.0" 200 259 "-" "Mozilla/5.0 (X11; Ubuntu; Linux x86_64; rv:72.0) Gecko/20100101 Firefox/72.0"
185.191.171.45 - - [21/Sep/2022:09:33:39 +0200] "GET /cherry-grey-espresso-p-35147.html HTTP/1.0" 200 74521 "-" "Mozilla/5.0 (compatible; SemrushBot/7~bl; +http://www.semrush.com/bot.html)"
65.108.40.25 - - [21/Sep/2022:09:33:42 +0200] "GET /-p-24550.html HTTP/1.0" 200 71872 "-" "Mozilla/5.0 (compatible; MJ12bot/v1.4.8; http://mj12bot.com/)"
167.114.173.115 - - [21/Sep/2022:09:33:25 +0200] "GET /aprons-c-11_74.html?page=2 HTTP/1.0" 200 93202 "-" "Mozilla/5.0 (compatible; MJ12bot/v1.4.8; http://mj12bot.com/)"
65.108.40.25 - - [21/Sep/2022:09:33:48 +0200] "GET /coca-cola-sugar-box-p-31659.html HTTP/1.0" 301 71939 "-" "Mozilla/5.0 (compatible; MJ12bot/v1.4.8; http://mj12bot.com/)"
54.36.148.35 - - [21/Sep/2022:09:33:39 +0200] "GET /rugs-c-11_269.html?page=10 HTTP/1.0" 200 90189 "-" "Mozilla/5.0 (compatible; AhrefsBot/7.0; +http://ahrefs.com/robot/)"
167.114.173.115 - - [21/Sep/2022:09:33:48 +0200] "GET /aprons-tablecloths-and-linen-c-11_74.html?page=3 HTTP/1.0" 301 93218 "-" "Mozilla/5.0 (compatible; MJ12bot/v1.4.8; http://mj12bot.com/)"
167.114.173.115 - - [21/Sep/2022:09:33:52 +0200] "GET /aprons-c-74.html?page=3 HTTP/1.0" 301 93099 "-" "Mozilla/5.0 (compatible; MJ12bot/v1.4.8; http://mj12bot.com/)"
65.108.40.25 - - [21/Sep/2022:09:33:55 +0200] "GET /-p-31659.html HTTP/1.0" 200 71872 "-" "Mozilla/5.0 (compatible; MJ12bot/v1.4.8; http://mj12bot.com/)"
123.31.64.238 - - [21/Sep/2022:09:33:55 +0200] "GET /amazon-zippo-lighter-p-49096.html HTTP/1.0" 200 77591 "https://www.google.com/" "Mozilla/5.0 (iPhone; CPU iPhone OS 15_2 like Mac OS X) AppleWebKit/605.1.15 (KHTML, like Gecko) GSA/228.0.471065565 Mobile/15E148 Safari/604.1"
123.31.64.238 - - [21/Sep/2022:09:33:56 +0200] "GET /templates/Pixame_v1/stylesheet.css HTTP/1.0" 200 267 "http://www.wonder-geek.com/amazon-zippo-lighter-p-49096.html" "Mozilla/5.0 (iPhone; CPU iPhone OS 15_2 like Mac OS X) AppleWebKit/605.1.15 (KHTML, like Gecko) GSA/228.0.471065565 Mobile/15E148 Safari/604.1"
123.31.64.238 - - [21/Sep/2022:09:33:57 +0200] "GET /js/jquery.js HTTP/1.0" 200 252 "http://www.wonder-geek.com/amazon-zippo-lighter-p-49096.html" "Mozilla/5.0 (iPhone; CPU iPhone OS 15_2 like Mac OS X) AppleWebKit/605.1.15 (KHTML, like Gecko) GSA/228.0.471065565 Mobile/15E148 Safari/604.1"
123.31.64.238 - - [21/Sep/2022:09:33:57 +0200] "GET /mondial_relay/js/jquery-1.3.2.min.js HTTP/1.0" 200 276 "http://www.wonder-geek.com/amazon-zippo-lighter-p-49096.html" "Mozilla/5.0 (iPhone; CPU iPhone OS 15_2 like Mac OS X) AppleWebKit/605.1.15 (KHTML, like Gecko) GSA/228.0.471065565 Mobile/15E148 Safari/604.1"
123.31.64.238 - - [21/Sep/2022:09:33:57 +0200] "GET /highslide/highslide.js HTTP/1.0" 200 262 "http://www.wonder-geek.com/amazon-zippo-lighter-p-49096.html" "Mozilla/5.0 (iPhone; CPU iPhone OS 15_2 like Mac OS X) AppleWebKit/605.1.15 (KHTML, like Gecko) GSA/228.0.471065565 Mobile/15E148 Safari/604.1"
123.31.64.238 - - [21/Sep/2022:09:33:57 +0200] "GET /js/jquery.jqzoom.js HTTP/1.0" 200 259 "http://www.wonder-geek.com/amazon-zippo-lighter-p-49096.html" "Mozilla/5.0 (iPhone; CPU iPhone OS 15_2 like Mac OS X) AppleWebKit/605.1.15 (KHTML, like Gecko) GSA/228.0.471065565 Mobile/15E148 Safari/604.1"
167.114.173.115 - - [21/Sep/2022:09:33:55 +0200] "GET /aprons-c-11_74.html?page=3 HTTP/1.0" 200 93141 "-" "Mozilla/5.0 (compatible; MJ12bot/v1.4.8; http://mj12bot.com/)"
123.31.64.238 - - [21/Sep/2022:09:33:57 +0200] "GET /swfobject.js HTTP/1.0" 404 1308 "http://www.wonder-geek.com/amazon-zippo-lighter-p-49096.html" "Mozilla/5.0 (iPhone; CPU iPhone OS 15_2 like Mac OS X) AppleWebKit/605.1.15 (KHTML, like Gecko) GSA/228.0.471065565 Mobile/15E148 Safari/604.1"
123.31.64.238 - - [21/Sep/2022:09:33:59 +0200] "GET /templates/Pixame_v1/images/icon_accueil2.png HTTP/1.0" 200 278 "http://www.wonder-geek.com/amazon-zippo-lighter-p-49096.html" "Mozilla/5.0 (iPhone; CPU iPhone OS 15_2 like Mac OS X) AppleWebKit/605.1.15 (KHTML, like Gecko) GSA/228.0.471065565 Mobile/15E148 Safari/604.1"
123.31.64.238 - - [21/Sep/2022:09:33:59 +0200] "GET /templates/Pixame_v1/images/infobox/pixel_trans.gif HTTP/1.0" 200 328 "http://www.wonder-geek.com/amazon-zippo-lighter-p-49096.html" "Mozilla/5.0 (iPhone; CPU iPhone OS 15_2 like Mac OS X) AppleWebKit/605.1.15 (KHTML, like Gecko) GSA/228.0.471065565 Mobile/15E148 Safari/604.1"
123.31.64.238 - - [21/Sep/2022:09:33:59 +0200] "GET /images/pixel_trans.gif HTTP/1.0" 200 328 "http://www.wonder-geek.com/amazon-zippo-lighter-p-49096.html" "Mozilla/5.0 (iPhone; CPU iPhone OS 15_2 like Mac OS X) AppleWebKit/605.1.15 (KHTML, like Gecko) GSA/228.0.471065565 Mobile/15E148 Safari/604.1"
123.31.64.238 - - [21/Sep/2022:09:33:59 +0200] "GET /templates/Pixame_v1/images/nav.png HTTP/1.0" 200 268 "http://www.wonder-geek.com/amazon-zippo-lighter-p-49096.html" "Mozilla/5.0 (iPhone; CPU iPhone OS 15_2 like Mac OS X) AppleWebKit/605.1.15 (KHTML, like Gecko) GSA/228.0.471065565 Mobile/15E148 Safari/604.1"
123.31.64.238 - - [21/Sep/2022:09:33:59 +0200] "GET /templates/Pixame_v1/images/pixel_trans.gif HTTP/1.0" 200 328 "http://www.wonder-geek.com/amazon-zippo-lighter-p-49096.html" "Mozilla/5.0 (iPhone; CPU iPhone OS 15_2 like Mac OS X) AppleWebKit/605.1.15 (KHTML, like Gecko) GSA/228.0.471065565 Mobile/15E148 Safari/604.1"
123.31.64.238 - - [21/Sep/2022:09:33:59 +0200] "GET /templates/Pixame_v1/images/Bottom_texture.jpg HTTP/1.0" 200 280 "http://www.wonder-geek.com/amazon-zippo-lighter-p-49096.html" "Mozilla/5.0 (iPhone; CPU iPhone OS 15_2 like Mac OS X) AppleWebKit/605.1.15 (KHTML, like Gecko) GSA/228.0.471065565 Mobile/15E148 Safari/604.1"
123.31.64.238 - - [21/Sep/2022:09:33:59 +0200] "GET /images/big_prod_1/6970204135645B.jpg HTTP/1.0" 200 271 "http://www.wonder-geek.com/amazon-zippo-lighter-p-49096.html" "Mozilla/5.0 (iPhone; CPU iPhone OS 15_2 like Mac OS X) AppleWebKit/605.1.15 (KHTML, like Gecko) GSA/228.0.471065565 Mobile/15E148 Safari/604.1"
123.31.64.238 - - [21/Sep/2022:09:33:59 +0200] "GET /templates/Pixame_v1/images/Middle_texture.jpg HTTP/1.0" 200 280 "http://www.wonder-geek.com/amazon-zippo-lighter-p-49096.html" "Mozilla/5.0 (iPhone; CPU iPhone OS 15_2 like Mac OS X) AppleWebKit/605.1.15 (KHTML, like Gecko) GSA/228.0.471065565 Mobile/15E148 Safari/604.1"
123.31.64.238 - - [21/Sep/2022:09:34:00 +0200] "GET /templates/Pixame_v1/images/header.png HTTP/1.0" 200 271 "http://www.wonder-geek.com/amazon-zippo-lighter-p-49096.html" "Mozilla/5.0 (iPhone; CPU iPhone OS 15_2 like Mac OS X) AppleWebKit/605.1.15 (KHTML, like Gecko) GSA/228.0.471065565 Mobile/15E148 Safari/604.1"
123.31.64.238 - - [21/Sep/2022:09:34:00 +0200] "GET /images/big_prod_2/6970204135645C.jpg HTTP/1.0" 200 271 "http://www.wonder-geek.com/amazon-zippo-lighter-p-49096.html" "Mozilla/5.0 (iPhone; CPU iPhone OS 15_2 like Mac OS X) AppleWebKit/605.1.15 (KHTML, like Gecko) GSA/228.0.471065565 Mobile/15E148 Safari/604.1"
167.114.173.115 - - [21/Sep/2022:09:33:58 +0200] "GET /aprons-tablecloths-and-linen-c-11_74.html?page=4 HTTP/1.0" 301 93197 "-" "Mozilla/5.0 (compatible; MJ12bot/v1.4.8; http://mj12bot.com/)"
123.31.64.238 - - [21/Sep/2022:09:34:01 +0200] "GET /images/big_prod/6970204135645.jpg HTTP/1.0" 200 268 "http://www.wonder-geek.com/amazon-zippo-lighter-p-49096.html" "Mozilla/5.0 (iPhone; CPU iPhone OS 15_2 like Mac OS X) AppleWebKit/605.1.15 (KHTML, like Gecko) GSA/228.0.471065565 Mobile/15E148 Safari/604.1"
123.31.64.238 - - [21/Sep/2022:09:34:01 +0200] "GET /templates/Pixame_v1/images/buttons/english/button_in_cart.gif HTTP/1.0" 200 295 "http://www.wonder-geek.com/amazon-zippo-lighter-p-49096.html" "Mozilla/5.0 (iPhone; CPU iPhone OS 15_2 like Mac OS X) AppleWebKit/605.1.15 (KHTML, like Gecko) GSA/228.0.471065565 Mobile/15E148 Safari/604.1"
123.31.64.238 - - [21/Sep/2022:09:34:01 +0200] "GET /templates/Pixame_v1/images/infobox/infobox_footer_middle.gif HTTP/1.0" 200 357 "http://www.wonder-geek.com/amazon-zippo-lighter-p-49096.html" "Mozilla/5.0 (iPhone; CPU iPhone OS 15_2 like Mac OS X) AppleWebKit/605.1.15 (KHTML, like Gecko) GSA/228.0.471065565 Mobile/15E148 Safari/604.1"
123.31.64.238 - - [21/Sep/2022:09:34:01 +0200] "GET /templates/Pixame_v1/images/header-object.png HTTP/1.0" 200 278 "http://www.wonder-geek.com/amazon-zippo-lighter-p-49096.html" "Mozilla/5.0 (iPhone; CPU iPhone OS 15_2 like Mac OS X) AppleWebKit/605.1.15 (KHTML, like Gecko) GSA/228.0.471065565 Mobile/15E148 Safari/604.1"
123.31.64.238 - - [21/Sep/2022:09:34:02 +0200] "GET /design/productsenstock.png HTTP/1.0" 200 260 "http://www.wonder-geek.com/amazon-zippo-lighter-p-49096.html" "Mozilla/5.0 (iPhone; CPU iPhone OS 15_2 like Mac OS X) AppleWebKit/605.1.15 (KHTML, like Gecko) GSA/228.0.471065565 Mobile/15E148 Safari/604.1"
123.31.64.238 - - [21/Sep/2022:09:34:02 +0200] "GET /highslide/graphics/zoomin.cur HTTP/1.0" 200 614 "http://www.wonder-geek.com/amazon-zippo-lighter-p-49096.html" "Mozilla/5.0 (iPhone; CPU iPhone OS 15_2 like Mac OS X) AppleWebKit/605.1.15 (KHTML, like Gecko) GSA/228.0.471065565 Mobile/15E148 Safari/604.1"
65.108.40.25 - - [21/Sep/2022:09:34:02 +0200] "GET /coca-cola-sugar-p-31659.html HTTP/1.0" 301 71939 "-" "Mozilla/5.0 (compatible; MJ12bot/v1.4.8; http://mj12bot.com/)"
167.114.173.115 - - [21/Sep/2022:09:34:01 +0200] "GET /aprons-c-74.html?page=4 HTTP/1.0" 301 93078 "-" "Mozilla/5.0 (compatible; MJ12bot/v1.4.8; http://mj12bot.com/)"
123.31.64.238 - - [21/Sep/2022:09:34:03 +0200] "GET /highslide/graphics/outlines/drop-shadow.png HTTP/1.0" 200 277 "http://www.wonder-geek.com/amazon-zippo-lighter-p-49096.html" "Mozilla/5.0 (iPhone; CPU iPhone OS 15_2 like Mac OS X) AppleWebKit/605.1.15 (KHTML, like Gecko) GSA/228.0.471065565 Mobile/15E148 Safari/604.1"
123.31.64.238 - - [21/Sep/2022:09:34:03 +0200] "GET /highslide/graphics/zoomout.cur HTTP/1.0" 200 614 "http://www.wonder-geek.com/amazon-zippo-lighter-p-49096.html" "Mozilla/5.0 (iPhone; CPU iPhone OS 15_2 like Mac OS X) AppleWebKit/605.1.15 (KHTML, like Gecko) GSA/228.0.471065565 Mobile/15E148 Safari/604.1"
123.31.64.238 - - [21/Sep/2022:09:34:03 +0200] "GET /highslide/graphics/loader.white.gif HTTP/1.0" 200 960 "http://www.wonder-geek.com/amazon-zippo-lighter-p-49096.html" "Mozilla/5.0 (iPhone; CPU iPhone OS 15_2 like Mac OS X) AppleWebKit/605.1.15 (KHTML, like Gecko) GSA/228.0.471065565 Mobile/15E148 Safari/604.1"
167.114.173.115 - - [21/Sep/2022:09:34:04 +0200] "GET /aprons-c-11_74.html?page=4 HTTP/1.0" 200 93120 "-" "Mozilla/5.0 (compatible; MJ12bot/v1.4.8; http://mj12bot.com/)"
65.108.40.25 - - [21/Sep/2022:09:34:07 +0200] "GET /-p-31659.html HTTP/1.0" 200 71872 "-" "Mozilla/5.0 (compatible; MJ12bot/v1.4.8; http://mj12bot.com/)"
167.114.173.115 - - [21/Sep/2022:09:34:07 +0200] "GET /aprons-tablecloths-and-linen-c-13_11_74.html HTTP/1.0" 301 93091 "-" "Mozilla/5.0 (compatible; MJ12bot/v1.4.8; http://mj12bot.com/)"
167.114.173.115 - - [21/Sep/2022:09:34:12 +0200] "GET /aprons-c-74.html HTTP/1.0" 301 92801 "-" "Mozilla/5.0 (compatible; MJ12bot/v1.4.8; http://mj12bot.com/)"
167.114.173.115 - - [21/Sep/2022:09:34:15 +0200] "GET /aprons-c-11_74.html HTTP/1.0" 200 92850 "-" "Mozilla/5.0 (compatible; MJ12bot/v1.4.8; http://mj12bot.com/)"
65.108.40.25 - - [21/Sep/2022:09:34:16 +0200] "GET /coca-cola-university-large-messenger-bag-p-17106.html HTTP/1.0" 301 71939 "-" "Mozilla/5.0 (compatible; MJ12bot/v1.4.8; http://mj12bot.com/)"
167.114.173.115 - - [21/Sep/2022:09:34:18 +0200] "GET /aprons-tablecloths-and-linen-c-13_11_74.html?page=1 HTTP/1.0" 301 93109 "-" "Mozilla/5.0 (compatible; MJ12bot/v1.4.8; http://mj12bot.com/)"
167.114.173.115 - - [21/Sep/2022:09:34:21 +0200] "GET /aprons-c-74.html?page=1 HTTP/1.0" 301 92819 "-" "Mozilla/5.0 (compatible; MJ12bot/v1.4.8; http://mj12bot.com/)"
65.108.40.25 - - [21/Sep/2022:09:34:22 +0200] "GET /-p-17106.html HTTP/1.0" 200 71872 "-" "Mozilla/5.0 (compatible; MJ12bot/v1.4.8; http://mj12bot.com/)"
167.114.173.115 - - [21/Sep/2022:09:34:24 +0200] "GET /aprons-c-11_74.html?page=1 HTTP/1.0" 200 92861 "-" "Mozilla/5.0 (compatible; MJ12bot/v1.4.8; http://mj12bot.com/)"
167.114.173.115 - - [21/Sep/2022:09:34:27 +0200] "GET /aprons-tablecloths-and-linen-c-13_11_74.html?page=10 HTTP/1.0" 301 92550 "-" "Mozilla/5.0 (compatible; MJ12bot/v1.4.8; http://mj12bot.com/)"
65.108.40.25 - - [21/Sep/2022:09:34:30 +0200] "GET /coca-cola-university-large-messenger-p-17106.html HTTP/1.0" 301 71939 "-" "Mozilla/5.0 (compatible; MJ12bot/v1.4.8; http://mj12bot.com/)"
167.114.173.115 - - [21/Sep/2022:09:34:31 +0200] "GET /aprons-c-74.html?page=10 HTTP/1.0" 301 92260 "-" "Mozilla/5.0 (compatible; MJ12bot/v1.4.8; http://mj12bot.com/)"
65.108.40.25 - - [21/Sep/2022:09:34:34 +0200] "GET /-p-17106.html HTTP/1.0" 200 71872 "-" "Mozilla/5.0 (compatible; MJ12bot/v1.4.8; http://mj12bot.com/)"
167.114.173.115 - - [21/Sep/2022:09:34:35 +0200] "GET /aprons-c-11_74.html?page=10 HTTP/1.0" 200 92301 "-" "Mozilla/5.0 (compatible; MJ12bot/v1.4.8; http://mj12bot.com/)"
185.191.171.15 - - [21/Sep/2022:09:34:37 +0200] "GET /retro-glass-cutting-board-30-20-cm-p-45916.html HTTP/1.0" 301 74964 "-" "Mozilla/5.0 (compatible; SemrushBot/7~bl; +http://www.semrush.com/bot.html)"
65.108.40.25 - - [21/Sep/2022:09:34:40 +0200] "GET /coca-cola-wastebasket-p-31780.html HTTP/1.0" 301 71939 "-" "Mozilla/5.0 (compatible; MJ12bot/v1.4.8; http://mj12bot.com/)"
167.114.173.115 - - [21/Sep/2022:09:34:39 +0200] "GET /aprons-tablecloths-and-linen-c-13_11_74.html?page=11 HTTP/1.0" 301 92550 "-" "Mozilla/5.0 (compatible; MJ12bot/v1.4.8; http://mj12bot.com/)"
185.191.171.42 - - [21/Sep/2022:09:34:41 +0200] "GET /retro-glass-cutting-board-p-45916.html HTTP/1.0" 200 74872 "-" "Mozilla/5.0 (compatible; SemrushBot/7~bl; +http://www.semrush.com/bot.html)"
157.55.39.12 - - [21/Sep/2022:09:34:41 +0200] "GET /-p-26517.html HTTP/1.0" 200 71872 "-" "Mozilla/5.0 (compatible; bingbot/2.0; +http://www.bing.com/bingbot.htm)"
167.114.173.115 - - [21/Sep/2022:09:34:43 +0200] "GET /aprons-c-74.html?page=11 HTTP/1.0" 301 92260 "-" "Mozilla/5.0 (compatible; MJ12bot/v1.4.8; http://mj12bot.com/)"
65.108.40.25 - - [21/Sep/2022:09:34:46 +0200] "GET /-p-31780.html HTTP/1.0" 200 71872 "-" "Mozilla/5.0 (compatible; MJ12bot/v1.4.8; http://mj12bot.com/)"
167.114.173.115 - - [21/Sep/2022:09:34:46 +0200] "GET /aprons-c-11_74.html?page=11 HTTP/1.0" 200 92301 "-" "Mozilla/5.0 (compatible; MJ12bot/v1.4.8; http://mj12bot.com/)"
167.114.173.115 - - [21/Sep/2022:09:34:49 +0200] "GET /aprons-tablecloths-and-linen-c-13_11_74.html?page=2 HTTP/1.0" 301 93456 "-" "Mozilla/5.0 (compatible; MJ12bot/v1.4.8; http://mj12bot.com/)"
185.191.171.15 - - [21/Sep/2022:09:34:50 +0200] "GET /espresso-set-cups-bistro-p-49738.html HTTP/1.0" 301 72031 "-" "Mozilla/5.0 (compatible; SemrushBot/7~bl; +http://www.semrush.com/bot.html)"
65.108.40.25 - - [21/Sep/2022:09:34:51 +0200] "GET /coca-cola-white-swimsuit-size-16-years-p-24058.html HTTP/1.0" 301 71939 "-" "Mozilla/5.0 (compatible; MJ12bot/v1.4.8; http://mj12bot.com/)"
167.114.173.115 - - [21/Sep/2022:09:34:52 +0200] "GET /aprons-c-74.html?page=2 HTTP/1.0" 301 93160 "-" "Mozilla/5.0 (compatible; MJ12bot/v1.4.8; http://mj12bot.com/)"
185.191.171.19 - - [21/Sep/2022:09:34:53 +0200] "GET /espresso-cups-bistro-p-49738.html HTTP/1.0" 200 71944 "-" "Mozilla/5.0 (compatible; SemrushBot/7~bl; +http://www.semrush.com/bot.html)"
65.108.40.25 - - [21/Sep/2022:09:34:55 +0200] "GET /-p-24058.html HTTP/1.0" 200 71872 "-" "Mozilla/5.0 (compatible; MJ12bot/v1.4.8; http://mj12bot.com/)"
167.114.173.115 - - [21/Sep/2022:09:34:55 +0200] "GET /aprons-c-11_74.html?page=2 HTTP/1.0" 200 93202 "-" "Mozilla/5.0 (compatible; MJ12bot/v1.4.8; http://mj12bot.com/)"
167.114.173.115 - - [21/Sep/2022:09:34:58 +0200] "GET /aprons-tablecloths-and-linen-c-13_11_74.html?page=4 HTTP/1.0" 301 93374 "-" "Mozilla/5.0 (compatible; MJ12bot/v1.4.8; http://mj12bot.com/)"
167.114.173.115 - - [21/Sep/2022:09:35:02 +0200] "GET /aprons-c-74.html?page=4 HTTP/1.0" 301 93078 "-" "Mozilla/5.0 (compatible; MJ12bot/v1.4.8; http://mj12bot.com/)"
65.108.40.25 - - [21/Sep/2022:09:35:02 +0200] "GET /cock-salt-and-pepper-p-35945.html HTTP/1.0" 301 74565 "-" "Mozilla/5.0 (compatible; MJ12bot/v1.4.8; http://mj12bot.com/)"
167.114.173.115 - - [21/Sep/2022:09:35:04 +0200] "GET /aprons-c-11_74.html?page=4 HTTP/1.0" 200 93120 "-" "Mozilla/5.0 (compatible; MJ12bot/v1.4.8; http://mj12bot.com/)"
65.108.40.25 - - [21/Sep/2022:09:35:07 +0200] "GET /cock-salt-pepper-p-35945.html HTTP/1.0" 200 74482 "-" "Mozilla/5.0 (compatible; MJ12bot/v1.4.8; http://mj12bot.com/)"
167.114.173.115 - - [21/Sep/2022:09:35:08 +0200] "GET /aprons-tablecloths-and-linen-c-13_11_74.html?page=5 HTTP/1.0" 301 93675 "-" "Mozilla/5.0 (compatible; MJ12bot/v1.4.8; http://mj12bot.com/)"
167.114.173.115 - - [21/Sep/2022:09:35:11 +0200] "GET /aprons-c-74.html?page=5 HTTP/1.0" 301 93379 "-" "Mozilla/5.0 (compatible; MJ12bot/v1.4.8; http://mj12bot.com/)"
65.108.40.25 - - [21/Sep/2022:09:35:14 +0200] "GET /deco-storage-case-atlantique-40-cm-p-41890.html HTTP/1.0" 301 72116 "-" "Mozilla/5.0 (compatible; MJ12bot/v1.4.8; http://mj12bot.com/)"
167.114.173.115 - - [21/Sep/2022:09:35:13 +0200] "GET /aprons-c-11_74.html?page=5 HTTP/1.0" 200 93421 "-" "Mozilla/5.0 (compatible; MJ12bot/v1.4.8; http://mj12bot.com/)"
167.114.173.115 - - [21/Sep/2022:09:35:17 +0200] "GET /aprons-tablecloths-and-linen-c-13_11_74.html?page=6 HTTP/1.0" 301 92548 "-" "Mozilla/5.0 (compatible; MJ12bot/v1.4.8; http://mj12bot.com/)"
185.191.171.16 - - [21/Sep/2022:09:35:19 +0200] "GET /finding-dory-homework-notebooks-p-40846.html HTTP/1.0" 200 74898 "-" "Mozilla/5.0 (compatible; SemrushBot/7~bl; +http://www.semrush.com/bot.html)"
167.114.173.115 - - [21/Sep/2022:09:35:20 +0200] "GET /aprons-c-74.html?page=6 HTTP/1.0" 301 92258 "-" "Mozilla/5.0 (compatible; MJ12bot/v1.4.8; http://mj12bot.com/)"
65.108.40.25 - - [21/Sep/2022:09:35:21 +0200] "GET /deco-storage-case-atlantique-p-41890.html HTTP/1.0" 200 72021 "-" "Mozilla/5.0 (compatible; MJ12bot/v1.4.8; http://mj12bot.com/)"
167.114.173.115 - - [21/Sep/2022:09:35:24 +0200] "GET /aprons-c-11_74.html?page=6 HTTP/1.0" 200 92300 "-" "Mozilla/5.0 (compatible; MJ12bot/v1.4.8; http://mj12bot.com/)"
65.108.40.25 - - [21/Sep/2022:09:35:27 +0200] "GET /food-bowl-p-31704.html HTTP/1.0" 301 71939 "-" "Mozilla/5.0 (compatible; MJ12bot/v1.4.8; http://mj12bot.com/)"
167.114.173.115 - - [21/Sep/2022:09:35:27 +0200] "GET /aprons-tablecloths-and-linen-c-13_11_74.html?page=7 HTTP/1.0" 301 92548 "-" "Mozilla/5.0 (compatible; MJ12bot/v1.4.8; http://mj12bot.com/)"
167.114.173.115 - - [21/Sep/2022:09:35:30 +0200] "GET /aprons-c-74.html?page=7 HTTP/1.0" 301 92258 "-" "Mozilla/5.0 (compatible; MJ12bot/v1.4.8; http://mj12bot.com/)"
54.36.148.76 - - [21/Sep/2022:09:35:31 +0200] "GET /amethyst-salt-lamp-p-50903.html HTTP/1.0" 200 76961 "-" "Mozilla/5.0 (compatible; AhrefsBot/7.0; +http://ahrefs.com/robot/)"
65.108.40.25 - - [21/Sep/2022:09:35:32 +0200] "GET /-p-31704.html HTTP/1.0" 200 71872 "-" "Mozilla/5.0 (compatible; MJ12bot/v1.4.8; http://mj12bot.com/)"
167.114.173.115 - - [21/Sep/2022:09:35:33 +0200] "GET /aprons-c-11_74.html?page=7 HTTP/1.0" 200 92300 "-" "Mozilla/5.0 (compatible; MJ12bot/v1.4.8; http://mj12bot.com/)"
167.114.173.115 - - [21/Sep/2022:09:35:37 +0200] "GET /aprons-tablecloths-and-linen-c-13_11_74.html?page=8 HTTP/1.0" 301 92548 "-" "Mozilla/5.0 (compatible; MJ12bot/v1.4.8; http://mj12bot.com/)"
167.114.173.115 - - [21/Sep/2022:09:35:40 +0200] "GET /aprons-c-74.html?page=8 HTTP/1.0" 301 92258 "-" "Mozilla/5.0 (compatible; MJ12bot/v1.4.8; http://mj12bot.com/)"
65.108.40.25 - - [21/Sep/2022:09:35:40 +0200] "GET /hannah-montana-black-and-pink-swimsuit-p-30262.html HTTP/1.0" 301 71939 "-" "Mozilla/5.0 (compatible; MJ12bot/v1.4.8; http://mj12bot.com/)"
167.114.173.115 - - [21/Sep/2022:09:35:43 +0200] "GET /aprons-c-11_74.html?page=8 HTTP/1.0" 200 92300 "-" "Mozilla/5.0 (compatible; MJ12bot/v1.4.8; http://mj12bot.com/)"
65.108.40.25 - - [21/Sep/2022:09:35:46 +0200] "GET /-p-30262.html HTTP/1.0" 200 71872 "-" "Mozilla/5.0 (compatible; MJ12bot/v1.4.8; http://mj12bot.com/)"
167.114.173.115 - - [21/Sep/2022:09:35:46 +0200] "GET /aprons-tablecloths-and-linen-c-13_11_74.html?page=9 HTTP/1.0" 301 92548 "-" "Mozilla/5.0 (compatible; MJ12bot/v1.4.8; http://mj12bot.com/)"
66.249.66.212 - - [21/Sep/2022:09:35:47 +0200] "GET /olive-oyl-large-shopping-bag-p-7603.html HTTP/1.0" 301 71936 "-" "Mozilla/5.0 (Linux; Android 6.0.1; Nexus 5X Build/MMB29P) AppleWebKit/537.36 (KHTML, like Gecko) Chrome/105.0.5195.102 Mobile Safari/537.36 (compatible; Googlebot/2.1; +http://www.google.com/bot.html)"
66.249.66.214 - - [21/Sep/2022:09:35:49 +0200] "GET /-p-7603.html HTTP/1.0" 200 71870 "-" "Mozilla/5.0 (Linux; Android 6.0.1; Nexus 5X Build/MMB29P) AppleWebKit/537.36 (KHTML, like Gecko) Chrome/105.0.5195.102 Mobile Safari/537.36 (compatible; Googlebot/2.1; +http://www.google.com/bot.html)"
167.114.173.115 - - [21/Sep/2022:09:35:49 +0200] "GET /aprons-c-74.html?page=9 HTTP/1.0" 301 92258 "-" "Mozilla/5.0 (compatible; MJ12bot/v1.4.8; http://mj12bot.com/)"
185.191.171.11 - - [21/Sep/2022:09:35:50 +0200] "GET /toucan-resin-on-green-perch-24-cm-p-44709.html HTTP/1.0" 301 72067 "-" "Mozilla/5.0 (compatible; SemrushBot/7~bl; +http://www.semrush.com/bot.html)"
65.108.40.25 - - [21/Sep/2022:09:35:50 +0200] "GET /hats-and-caps-c-2_43.html HTTP/1.0" 301 70868 "-" "Mozilla/5.0 (compatible; MJ12bot/v1.4.8; http://mj12bot.com/)"
167.114.173.115 - - [21/Sep/2022:09:35:52 +0200] "GET /aprons-c-11_74.html?page=9 HTTP/1.0" 200 92300 "-" "Mozilla/5.0 (compatible; MJ12bot/v1.4.8; http://mj12bot.com/)"
185.191.171.7 - - [21/Sep/2022:09:35:54 +0200] "GET /toucan-resin-green-perch-p-44709.html HTTP/1.0" 200 71976 "-" "Mozilla/5.0 (compatible; SemrushBot/7~bl; +http://www.semrush.com/bot.html)"
167.114.173.115 - - [21/Sep/2022:09:35:56 +0200] "GET /aprons-tablecloths-and-linen-c-74.html?page=2 HTTP/1.0" 301 93160 "-" "Mozilla/5.0 (compatible; MJ12bot/v1.4.8; http://mj12bot.com/)"
65.108.40.25 - - [21/Sep/2022:09:35:57 +0200] "GET /hats-caps-c-43.html HTTP/1.0" 301 70774 "-" "Mozilla/5.0 (compatible; MJ12bot/v1.4.8; http://mj12bot.com/)"
167.114.173.115 - - [21/Sep/2022:09:35:59 +0200] "GET /aprons-c-11_74.html?page=2 HTTP/1.0" 200 93202 "-" "Mozilla/5.0 (compatible; MJ12bot/v1.4.8; http://mj12bot.com/)"
65.108.40.25 - - [21/Sep/2022:09:36:02 +0200] "GET /hats-caps-c-2_43.html HTTP/1.0" 200 70795 "-" "Mozilla/5.0 (compatible; MJ12bot/v1.4.8; http://mj12bot.com/)"
167.114.173.115 - - [21/Sep/2022:09:36:02 +0200] "GET /aprons-tablecloths-and-linen-c-74.html?page=3 HTTP/1.0" 301 93099 "-" "Mozilla/5.0 (compatible; MJ12bot/v1.4.8; http://mj12bot.com/)"
167.114.173.115 - - [21/Sep/2022:09:36:05 +0200] "GET /aprons-c-11_74.html?page=3 HTTP/1.0" 200 93141 "-" "Mozilla/5.0 (compatible; MJ12bot/v1.4.8; http://mj12bot.com/)"
65.108.40.25 - - [21/Sep/2022:09:36:07 +0200] "GET /hero-cushion-p-33183.html HTTP/1.0" 301 71939 "-" "Mozilla/5.0 (compatible; MJ12bot/v1.4.8; http://mj12bot.com/)"
167.114.173.115 - - [21/Sep/2022:09:36:09 +0200] "GET /aprons-tablecloths-and-linen-c-74.html?page=4 HTTP/1.0" 301 93078 "-" "Mozilla/5.0 (compatible; MJ12bot/v1.4.8; http://mj12bot.com/)"
65.108.40.25 - - [21/Sep/2022:09:36:11 +0200] "GET /-p-33183.html HTTP/1.0" 200 71872 "-" "Mozilla/5.0 (compatible; MJ12bot/v1.4.8; http://mj12bot.com/)"
167.114.173.115 - - [21/Sep/2022:09:36:12 +0200] "GET /aprons-c-11_74.html?page=4 HTTP/1.0" 200 93120 "-" "Mozilla/5.0 (compatible; MJ12bot/v1.4.8; http://mj12bot.com/)"
65.108.40.25 - - [21/Sep/2022:09:36:14 +0200] "GET /hero-poster-p-30924.html HTTP/1.0" 301 71939 "-" "Mozilla/5.0 (compatible; MJ12bot/v1.4.8; http://mj12bot.com/)"
167.114.173.115 - - [21/Sep/2022:09:36:16 +0200] "GET /aquarius-classic-mug-cbkreation-p-29035.html HTTP/1.0" 301 74606 "-" "Mozilla/5.0 (compatible; MJ12bot/v1.4.8; http://mj12bot.com/)"
167.114.173.115 - - [21/Sep/2022:09:36:19 +0200] "GET /aquarius-classic-cbkreation-p-29035.html HTTP/1.0" 200 74512 "-" "Mozilla/5.0 (compatible; MJ12bot/v1.4.8; http://mj12bot.com/)"
65.108.40.25 - - [21/Sep/2022:09:36:19 +0200] "GET /-p-30924.html HTTP/1.0" 200 71872 "-" "Mozilla/5.0 (compatible; MJ12bot/v1.4.8; http://mj12bot.com/)"
167.114.173.115 - - [21/Sep/2022:09:36:22 +0200] "GET /aquarius-classic-mug-p-29035.html HTTP/1.0" 301 74606 "-" "Mozilla/5.0 (compatible; MJ12bot/v1.4.8; http://mj12bot.com/)"
167.114.173.115 - - [21/Sep/2022:09:36:25 +0200] "GET /aquarius-classic-cbkreation-p-29035.html HTTP/1.0" 200 74512 "-" "Mozilla/5.0 (compatible; MJ12bot/v1.4.8; http://mj12bot.com/)"
195.191.219.132 - - [21/Sep/2022:09:36:27 +0200] "GET /robots.txt HTTP/1.0" 200 245 "-" "Mozilla/5.0 (compatible; MJ12bot/v1.4.8; http://mj12bot.com/)"
65.108.40.25 - - [21/Sep/2022:09:36:26 +0200] "GET /italia-figc-black-mug-p-18633.html HTTP/1.0" 301 74542 "-" "Mozilla/5.0 (compatible; MJ12bot/v1.4.8; http://mj12bot.com/)"
167.114.173.115 - - [21/Sep/2022:09:36:28 +0200] "GET /are-you-radis-shirt-size-p-20366.html HTTP/1.0" 301 71939 "-" "Mozilla/5.0 (compatible; MJ12bot/v1.4.8; http://mj12bot.com/)"
65.108.40.25 - - [21/Sep/2022:09:36:30 +0200] "GET /italia-figc-black-p-18633.html HTTP/1.0" 200 74458 "-" "Mozilla/5.0 (compatible; MJ12bot/v1.4.8; http://mj12bot.com/)"
195.191.219.132 - - [21/Sep/2022:09:36:29 +0200] "GET / HTTP/1.0" 200 151030 "-" "Mozilla/5.0 (compatible; MJ12bot/v1.4.8; http://mj12bot.com/)"
167.114.173.115 - - [21/Sep/2022:09:36:30 +0200] "GET /-p-20366.html HTTP/1.0" 200 71872 "-" "Mozilla/5.0 (compatible; MJ12bot/v1.4.8; http://mj12bot.com/)"
167.114.173.115 - - [21/Sep/2022:09:36:35 +0200] "GET /artist-barcelos-cockerel-sonny-angel-figure-lucky-galo-p-38851.html HTTP/1.0" 301 71939 "-" "Mozilla/5.0 (compatible; MJ12bot/v1.4.8; http://mj12bot.com/)"
65.108.40.25 - - [21/Sep/2022:09:36:35 +0200] "GET /italia-figc-mug-p-15551.html HTTP/1.0" 301 74488 "-" "Mozilla/5.0 (compatible; MJ12bot/v1.4.8; http://mj12bot.com/)"
167.114.173.115 - - [21/Sep/2022:09:36:37 +0200] "GET /-p-38851.html HTTP/1.0" 200 71872 "-" "Mozilla/5.0 (compatible; MJ12bot/v1.4.8; http://mj12bot.com/)"
65.108.40.25 - - [21/Sep/2022:09:36:40 +0200] "GET /italia-figc-p-15551.html HTTP/1.0" 200 74410 "-" "Mozilla/5.0 (compatible; MJ12bot/v1.4.8; http://mj12bot.com/)"
167.114.173.115 - - [21/Sep/2022:09:36:40 +0200] "GET /artist-barcelos-rabbit-sonny-angel-figure-lucky-galo-p-38850.html HTTP/1.0" 301 71939 "-" "Mozilla/5.0 (compatible; MJ12bot/v1.4.8; http://mj12bot.com/)"
66.249.66.210 - - [21/Sep/2022:09:36:42 +0200] "GET /images/7601019990547.jpg HTTP/1.0" 200 259 "-" "Googlebot-Image/1.0"
167.114.173.115 - - [21/Sep/2022:09:36:43 +0200] "GET /-p-38850.html HTTP/1.0" 200 71872 "-" "Mozilla/5.0 (compatible; MJ12bot/v1.4.8; http://mj12bot.com/)"
65.108.40.25 - - [21/Sep/2022:09:36:44 +0200] "GET /jack-and-the-never-land-pencil-case-p-19636.html HTTP/1.0" 301 71939 "-" "Mozilla/5.0 (compatible; MJ12bot/v1.4.8; http://mj12bot.com/)"
167.114.173.115 - - [21/Sep/2022:09:36:46 +0200] "GET /ashtray-circles-p-37718.html HTTP/1.0" 301 71939 "-" "Mozilla/5.0 (compatible; MJ12bot/v1.4.8; http://mj12bot.com/)"
167.114.173.115 - - [21/Sep/2022:09:36:49 +0200] "GET /-p-37718.html HTTP/1.0" 200 71872 "-" "Mozilla/5.0 (compatible; MJ12bot/v1.4.8; http://mj12bot.com/)"
65.108.40.25 - - [21/Sep/2022:09:36:50 +0200] "GET /-p-19636.html HTTP/1.0" 200 71872 "-" "Mozilla/5.0 (compatible; MJ12bot/v1.4.8; http://mj12bot.com/)"
167.114.173.115 - - [21/Sep/2022:09:36:52 +0200] "GET /assassin-creed-syndicate-agenda-year-2017-2018-p-40877.html HTTP/1.0" 301 71939 "-" "Mozilla/5.0 (compatible; MJ12bot/v1.4.8; http://mj12bot.com/)"
167.114.173.115 - - [21/Sep/2022:09:36:55 +0200] "GET /-p-40877.html HTTP/1.0" 200 71872 "-" "Mozilla/5.0 (compatible; MJ12bot/v1.4.8; http://mj12bot.com/)"
167.114.173.115 - - [21/Sep/2022:09:36:58 +0200] "GET /assassin-creed-syndicate-agenda-year-2017-2018-p-40879.html HTTP/1.0" 301 71939 "-" "Mozilla/5.0 (compatible; MJ12bot/v1.4.8; http://mj12bot.com/)"
65.108.40.25 - - [21/Sep/2022:09:36:59 +0200] "GET /jasmin-claudie-large-backpack-p-35971.html HTTP/1.0" 301 71939 "-" "Mozilla/5.0 (compatible; MJ12bot/v1.4.8; http://mj12bot.com/)"
167.114.173.115 - - [21/Sep/2022:09:37:01 +0200] "GET /-p-40879.html HTTP/1.0" 200 71872 "-" "Mozilla/5.0 (compatible; MJ12bot/v1.4.8; http://mj12bot.com/)"
167.114.173.115 - - [21/Sep/2022:09:37:05 +0200] "GET /assassins-creed-backpack-p-41017.html HTTP/1.0" 301 71939 "-" "Mozilla/5.0 (compatible; MJ12bot/v1.4.8; http://mj12bot.com/)"
65.108.40.25 - - [21/Sep/2022:09:37:05 +0200] "GET /-p-35971.html HTTP/1.0" 200 71872 "-" "Mozilla/5.0 (compatible; MJ12bot/v1.4.8; http://mj12bot.com/)"
167.114.173.115 - - [21/Sep/2022:09:37:07 +0200] "GET /-p-41017.html HTTP/1.0" 200 71872 "-" "Mozilla/5.0 (compatible; MJ12bot/v1.4.8; http://mj12bot.com/)"
167.114.173.115 - - [21/Sep/2022:09:37:11 +0200] "GET /asterix-holding-his-braces-figure-p-15700.html HTTP/1.0" 301 71939 "-" "Mozilla/5.0 (compatible; MJ12bot/v1.4.8; http://mj12bot.com/)"
54.36.148.139 - - [21/Sep/2022:09:37:10 +0200] "GET /christmas-tree-decoration-provence-p-47071.html HTTP/1.0" 200 75977 "-" "Mozilla/5.0 (compatible; AhrefsBot/7.0; +http://ahrefs.com/robot/)"
65.108.40.25 - - [21/Sep/2022:09:37:11 +0200] "GET /jasmin-medium-cabas-geisha-amande-p-39774.html HTTP/1.0" 301 71939 "-" "Mozilla/5.0 (compatible; MJ12bot/v1.4.8; http://mj12bot.com/)"
167.114.173.115 - - [21/Sep/2022:09:37:13 +0200] "GET /-p-15700.html HTTP/1.0" 200 71872 "-" "Mozilla/5.0 (compatible; MJ12bot/v1.4.8; http://mj12bot.com/)"
54.36.148.16 - - [21/Sep/2022:09:37:15 +0200] "GET /images/big_prod_1/3453131138390.jpg HTTP/1.0" 200 270 "-" "Mozilla/5.0 (compatible; AhrefsBot/7.0; +http://ahrefs.com/robot/)"
54.36.149.30 - - [21/Sep/2022:09:37:15 +0200] "GET /images/big_prod_4/a3453131138390.jpg HTTP/1.0" 200 271 "-" "Mozilla/5.0 (compatible; AhrefsBot/7.0; +http://ahrefs.com/robot/)"
54.36.148.234 - - [21/Sep/2022:09:37:15 +0200] "GET /images/big_prod_3/d3453131138390.jpg HTTP/1.0" 200 271 "-" "Mozilla/5.0 (compatible; AhrefsBot/7.0; +http://ahrefs.com/robot/)"
54.36.148.58 - - [21/Sep/2022:09:37:15 +0200] "GET /images/big_prod/b3453131138390.jpg HTTP/1.0" 200 269 "-" "Mozilla/5.0 (compatible; AhrefsBot/7.0; +http://ahrefs.com/robot/)"
54.36.148.243 - - [21/Sep/2022:09:37:15 +0200] "GET /images/big_prod_2/e3453131138390.jpg HTTP/1.0" 200 271 "-" "Mozilla/5.0 (compatible; AhrefsBot/7.0; +http://ahrefs.com/robot/)"
167.114.173.115 - - [21/Sep/2022:09:37:16 +0200] "GET /athena-statue-285-cm-p-37371.html HTTP/1.0" 301 71939 "-" "Mozilla/5.0 (compatible; MJ12bot/v1.4.8; http://mj12bot.com/)"
65.108.40.25 - - [21/Sep/2022:09:37:16 +0200] "GET /-p-39774.html HTTP/1.0" 200 71872 "-" "Mozilla/5.0 (compatible; MJ12bot/v1.4.8; http://mj12bot.com/)"
167.114.173.115 - - [21/Sep/2022:09:37:19 +0200] "GET /-p-37371.html HTTP/1.0" 200 71872 "-" "Mozilla/5.0 (compatible; MJ12bot/v1.4.8; http://mj12bot.com/)"
65.108.40.25 - - [21/Sep/2022:09:37:21 +0200] "GET /jasmin-medium-cabas-jasmine-geisha-champagne-p-39775.html HTTP/1.0" 301 71939 "-" "Mozilla/5.0 (compatible; MJ12bot/v1.4.8; http://mj12bot.com/)"
167.114.173.115 - - [21/Sep/2022:09:37:22 +0200] "GET /atlas-statue-29-cm-p-41845.html HTTP/1.0" 301 72020 "-" "Mozilla/5.0 (compatible; MJ12bot/v1.4.8; http://mj12bot.com/)"
167.114.173.115 - - [21/Sep/2022:09:37:25 +0200] "GET /atlas-statue-p-41845.html HTTP/1.0" 200 71941 "-" "Mozilla/5.0 (compatible; MJ12bot/v1.4.8; http://mj12bot.com/)"
65.108.40.25 - - [21/Sep/2022:09:37:26 +0200] "GET /-p-39775.html HTTP/1.0" 200 71872 "-" "Mozilla/5.0 (compatible; MJ12bot/v1.4.8; http://mj12bot.com/)"
167.114.173.115 - - [21/Sep/2022:09:37:28 +0200] "GET /audrey-hepburn-metal-magnet-p-10005.html HTTP/1.0" 301 71939 "-" "Mozilla/5.0 (compatible; MJ12bot/v1.4.8; http://mj12bot.com/)"
167.114.173.115 - - [21/Sep/2022:09:37:31 +0200] "GET /-p-10005.html HTTP/1.0" 200 71872 "-" "Mozilla/5.0 (compatible; MJ12bot/v1.4.8; http://mj12bot.com/)"
65.108.40.25 - - [21/Sep/2022:09:37:32 +0200] "GET /jasmin-pencil-case-p-31565.html HTTP/1.0" 301 71939 "-" "Mozilla/5.0 (compatible; MJ12bot/v1.4.8; http://mj12bot.com/)"
167.114.173.115 - - [21/Sep/2022:09:37:34 +0200] "GET /aurora-chocolate-mold-p-28230.html HTTP/1.0" 301 71939 "-" "Mozilla/5.0 (compatible; MJ12bot/v1.4.8; http://mj12bot.com/)"
65.108.40.25 - - [21/Sep/2022:09:37:36 +0200] "GET /-p-31565.html HTTP/1.0" 200 71872 "-" "Mozilla/5.0 (compatible; MJ12bot/v1.4.8; http://mj12bot.com/)"
185.191.171.34 - - [21/Sep/2022:09:37:36 +0200] "GET /provence-little-tray-21-14-cm-p-51672.html HTTP/1.0" 301 74677 "-" "Mozilla/5.0 (compatible; SemrushBot/7~bl; +http://www.semrush.com/bot.html)"
167.114.173.115 - - [21/Sep/2022:09:37:36 +0200] "GET /-p-28230.html HTTP/1.0" 200 71872 "-" "Mozilla/5.0 (compatible; MJ12bot/v1.4.8; http://mj12bot.com/)"
185.191.171.7 - - [21/Sep/2022:09:37:39 +0200] "GET /transportable-and-rechargeable-radio-p-52633.html HTTP/1.0" 301 75602 "-" "Mozilla/5.0 (compatible; SemrushBot/7~bl; +http://www.semrush.com/bot.html)"
