185.191.171.39 - - [21/Sep/2022:11:25:20 +0200] "GET /artist-tropical-elephant-figure-p-30964.html HTTP/1.0" 200 74678 "-" "Mozilla/5.0 (compatible; SemrushBot/7~bl; +http://www.semrush.com/bot.html)"
144.91.91.164 - - [21/Sep/2022:11:25:20 +0200] "GET /calavera-salt-pepper-p-29276.html HTTP/1.0" 200 71975 "-" "Mozilla/5.0 (compatible; MJ12bot/v1.4.8; http://mj12bot.com/)"
185.191.171.38 - - [21/Sep/2022:11:25:23 +0200] "GET /plush-keeleco-friendly-cheetah-p-51844.html HTTP/1.0" 200 75779 "-" "Mozilla/5.0 (compatible; SemrushBot/7~bl; +http://www.semrush.com/bot.html)"
144.91.91.164 - - [21/Sep/2022:11:25:29 +0200] "GET /calavera-salt-and-pepper-p-29278.html HTTP/1.0" 301 72037 "-" "Mozilla/5.0 (compatible; MJ12bot/v1.4.8; http://mj12bot.com/)"
144.91.91.164 - - [21/Sep/2022:11:25:38 +0200] "GET /calavera-salt-pepper-p-29278.html HTTP/1.0" 200 71950 "-" "Mozilla/5.0 (compatible; MJ12bot/v1.4.8; http://mj12bot.com/)"
114.119.137.45 - - [21/Sep/2022:11:25:46 +0200] "GET /small-box-for-baby-teeth-the-blue-small-mouse-p-44655.html HTTP/1.0" 301 74889 "http://www.wonder-geek.com/toothbox-c-13_150_170.html?page=3" "Mozilla/5.0 (Linux; Android 7.0;) AppleWebKit/537.36 (KHTML, like Gecko) Mobile Safari/537.36 (compatible; PetalBot;+https://webmaster.petalsearch.com/site/petalbot)"
144.91.91.164 - - [21/Sep/2022:11:25:48 +0200] "GET /calendar-bookmarks-year-2017-16-cm-p-36806.html HTTP/1.0" 301 71939 "-" "Mozilla/5.0 (compatible; MJ12bot/v1.4.8; http://mj12bot.com/)"
114.119.137.45 - - [21/Sep/2022:11:25:48 +0200] "GET /small-baby-teeth-blue-small-mouse-p-44655.html HTTP/1.0" 200 74789 "http://www.wonder-geek.com/toothbox-c-13_150_170.html?page=3" "Mozilla/5.0 (Linux; Android 7.0;) AppleWebKit/537.36 (KHTML, like Gecko) Mobile Safari/537.36 (compatible; PetalBot;+https://webmaster.petalsearch.com/site/petalbot)"
144.91.91.164 - - [21/Sep/2022:11:25:57 +0200] "GET /-p-36806.html HTTP/1.0" 200 71872 "-" "Mozilla/5.0 (compatible; MJ12bot/v1.4.8; http://mj12bot.com/)"
216.244.66.242 - - [21/Sep/2022:11:26:01 +0200] "GET /jasmin-p-43129.html HTTP/1.0" 301 71939 "-" "Mozilla/5.0 (compatible; DotBot/1.2; +https://opensiteexplorer.org/dotbot; help@moz.com)"
144.91.91.164 - - [21/Sep/2022:11:26:04 +0200] "GET /calendar-bookmarks-year-2017-16-cm-p-36810.html HTTP/1.0" 301 71939 "-" "Mozilla/5.0 (compatible; MJ12bot/v1.4.8; http://mj12bot.com/)"
54.36.148.7 - - [21/Sep/2022:11:26:05 +0200] "GET /decorations-c-13_89.html HTTP/1.0" 200 93485 "-" "Mozilla/5.0 (compatible; AhrefsBot/7.0; +http://ahrefs.com/robot/)"
216.244.66.242 - - [21/Sep/2022:11:26:07 +0200] "GET /petit-beurre-p-41063.html HTTP/1.0" 301 71939 "-" "Mozilla/5.0 (compatible; DotBot/1.2; +https://opensiteexplorer.org/dotbot; help@moz.com)"
144.91.91.164 - - [21/Sep/2022:11:26:13 +0200] "GET /-p-36810.html HTTP/1.0" 200 71872 "-" "Mozilla/5.0 (compatible; MJ12bot/v1.4.8; http://mj12bot.com/)"
216.244.66.242 - - [21/Sep/2022:11:26:17 +0200] "GET /spain-phone-cover-iphone-cbkreation-p-13964.html HTTP/1.0" 301 71939 "-" "Mozilla/5.0 (compatible; DotBot/1.2; +https://opensiteexplorer.org/dotbot; help@moz.com)"
54.36.148.249 - - [21/Sep/2022:11:26:18 +0200] "GET /au-menu-ce-soir-adult-apron-p-49747.html HTTP/1.0" 301 75181 "-" "Mozilla/5.0 (compatible; AhrefsBot/7.0; +http://ahrefs.com/robot/)"
185.191.171.4 - - [21/Sep/2022:11:26:19 +0200] "GET /-p-38280.html HTTP/1.0" 200 71872 "-" "Mozilla/5.0 (compatible; SemrushBot/7~bl; +http://www.semrush.com/bot.html)"
144.91.91.164 - - [21/Sep/2022:11:26:24 +0200] "GET /calendar-bookmarks-year-2018-16-cm-p-36806.html HTTP/1.0" 301 71939 "-" "Mozilla/5.0 (compatible; MJ12bot/v1.4.8; http://mj12bot.com/)"
66.249.66.214 - - [21/Sep/2022:11:26:26 +0200] "GET /star-adult-military-cbkration-p-36528.html HTTP/1.0" 200 74703 "-" "Mozilla/5.0 (Linux; Android 6.0.1; Nexus 5X Build/MMB29P) AppleWebKit/537.36 (KHTML, like Gecko) Chrome/105.0.5195.125 Mobile Safari/537.36 (compatible; Googlebot/2.1; +http://www.google.com/bot.html)"
144.91.91.164 - - [21/Sep/2022:11:26:32 +0200] "GET /-p-36806.html HTTP/1.0" 200 71872 "-" "Mozilla/5.0 (compatible; MJ12bot/v1.4.8; http://mj12bot.com/)"
144.91.91.164 - - [21/Sep/2022:11:26:42 +0200] "GET /candy-cane-christmas-tree-ornament-p-32857.html HTTP/1.0" 301 71939 "-" "Mozilla/5.0 (compatible; MJ12bot/v1.4.8; http://mj12bot.com/)"
144.91.91.164 - - [21/Sep/2022:11:26:49 +0200] "GET /-p-32857.html HTTP/1.0" 200 71872 "-" "Mozilla/5.0 (compatible; MJ12bot/v1.4.8; http://mj12bot.com/)"
144.91.91.164 - - [21/Sep/2022:11:26:57 +0200] "GET /capsule-coffee-box-p-31506.html HTTP/1.0" 301 75263 "-" "Mozilla/5.0 (compatible; MJ12bot/v1.4.8; http://mj12bot.com/)"
144.91.91.164 - - [21/Sep/2022:11:27:07 +0200] "GET /capsule-coffee-p-31506.html HTTP/1.0" 200 75182 "-" "Mozilla/5.0 (compatible; MJ12bot/v1.4.8; http://mj12bot.com/)"
144.91.91.164 - - [21/Sep/2022:11:27:15 +0200] "GET /captain-america-shield-p-24838.html HTTP/1.0" 301 71939 "-" "Mozilla/5.0 (compatible; MJ12bot/v1.4.8; http://mj12bot.com/)"
144.91.91.164 - - [21/Sep/2022:11:27:21 +0200] "GET /-p-24838.html HTTP/1.0" 200 71872 "-" "Mozilla/5.0 (compatible; MJ12bot/v1.4.8; http://mj12bot.com/)"
144.91.91.164 - - [21/Sep/2022:11:27:28 +0200] "GET /captain-america-shirt-p-29617.html HTTP/1.0" 301 71939 "-" "Mozilla/5.0 (compatible; MJ12bot/v1.4.8; http://mj12bot.com/)"
87.250.224.94 - - [21/Sep/2022:11:27:32 +0200] "GET /images/4010070193683.jpg HTTP/1.0" 200 259 "-" "Mozilla/5.0 (compatible; YandexImages/3.0; +http://yandex.com/bots)"
66.249.66.212 - - [21/Sep/2022:11:27:31 +0200] "GET /coconut-fibers-doormat-dogs-panama-p-56987.html HTTP/1.0" 200 75760 "-" "Mozilla/5.0 (Linux; Android 6.0.1; Nexus 5X Build/MMB29P) AppleWebKit/537.36 (KHTML, like Gecko) Chrome/105.0.5195.102 Mobile Safari/537.36 (compatible; Googlebot/2.1; +http://www.google.com/bot.html)"
144.91.91.164 - - [21/Sep/2022:11:27:38 +0200] "GET /-p-29617.html HTTP/1.0" 200 71872 "-" "Mozilla/5.0 (compatible; MJ12bot/v1.4.8; http://mj12bot.com/)"
144.91.91.164 - - [21/Sep/2022:11:27:45 +0200] "GET /captain-haddock-keyring-p-12351.html HTTP/1.0" 301 71939 "-" "Mozilla/5.0 (compatible; MJ12bot/v1.4.8; http://mj12bot.com/)"
144.91.91.164 - - [21/Sep/2022:11:27:53 +0200] "GET /-p-12351.html HTTP/1.0" 200 71872 "-" "Mozilla/5.0 (compatible; MJ12bot/v1.4.8; http://mj12bot.com/)"
144.91.91.164 - - [21/Sep/2022:11:27:59 +0200] "GET /cars-3d-placemat-p-22495.html HTTP/1.0" 301 74588 "-" "Mozilla/5.0 (compatible; MJ12bot/v1.4.8; http://mj12bot.com/)"
144.91.91.164 - - [21/Sep/2022:11:28:05 +0200] "GET /cars-placemat-p-22495.html HTTP/1.0" 200 74508 "-" "Mozilla/5.0 (compatible; MJ12bot/v1.4.8; http://mj12bot.com/)"
54.36.149.48 - - [21/Sep/2022:11:28:09 +0200] "GET /butter-dish-c-12_222.html HTTP/1.0" 200 85374 "-" "Mozilla/5.0 (compatible; AhrefsBot/7.0; +http://ahrefs.com/robot/)"
66.249.66.214 - - [21/Sep/2022:11:28:12 +0200] "GET /stade-toulousain-p-40801.html HTTP/1.0" 200 74583 "-" "Mozilla/5.0 (compatible; Googlebot/2.1; +http://www.google.com/bot.html)"
114.119.137.31 - - [21/Sep/2022:11:28:16 +0200] "GET /prayer-candle-novena-p-44463.html HTTP/1.0" 200 75298 "http://www.wonder-geek.com/fragrances-of-ambiance-c-231.html?page=20" "Mozilla/5.0 (Linux; Android 7.0;) AppleWebKit/537.36 (KHTML, like Gecko) Mobile Safari/537.36 (compatible; PetalBot;+https://webmaster.petalsearch.com/site/petalbot)"
144.91.91.164 - - [21/Sep/2022:11:28:19 +0200] "GET /cars-apron-and-chef-hat-p-27549.html HTTP/1.0" 301 71939 "-" "Mozilla/5.0 (compatible; MJ12bot/v1.4.8; http://mj12bot.com/)"
185.191.171.36 - - [21/Sep/2022:11:28:22 +0200] "GET /miss-sunshine-money-box-p-2715.html HTTP/1.0" 301 71936 "-" "Mozilla/5.0 (compatible; SemrushBot/7~bl; +http://www.semrush.com/bot.html)"
185.191.171.36 - - [21/Sep/2022:11:28:25 +0200] "GET /sixtine-bedspread-240-260-cm-p-51276.html HTTP/1.0" 301 71939 "-" "Mozilla/5.0 (compatible; SemrushBot/7~bl; +http://www.semrush.com/bot.html)"
144.91.91.164 - - [21/Sep/2022:11:28:26 +0200] "GET /-p-27549.html HTTP/1.0" 200 71872 "-" "Mozilla/5.0 (compatible; MJ12bot/v1.4.8; http://mj12bot.com/)"
185.191.171.34 - - [21/Sep/2022:11:28:28 +0200] "GET /-p-51276.html HTTP/1.0" 200 71872 "-" "Mozilla/5.0 (compatible; SemrushBot/7~bl; +http://www.semrush.com/bot.html)"
144.91.91.164 - - [21/Sep/2022:11:28:34 +0200] "GET /cars-apron-chef-p-27549.html HTTP/1.0" 301 71939 "-" "Mozilla/5.0 (compatible; MJ12bot/v1.4.8; http://mj12bot.com/)"
144.91.91.164 - - [21/Sep/2022:11:28:39 +0200] "GET /-p-27549.html HTTP/1.0" 200 71872 "-" "Mozilla/5.0 (compatible; MJ12bot/v1.4.8; http://mj12bot.com/)"
185.191.171.36 - - [21/Sep/2022:11:28:39 +0200] "GET /playmobil-racing-car-p-24435.html HTTP/1.0" 301 71939 "-" "Mozilla/5.0 (compatible; SemrushBot/7~bl; +http://www.semrush.com/bot.html)"
185.191.171.2 - - [21/Sep/2022:11:28:44 +0200] "GET /-p-24435.html HTTP/1.0" 200 71872 "-" "Mozilla/5.0 (compatible; SemrushBot/7~bl; +http://www.semrush.com/bot.html)"
144.91.91.164 - - [21/Sep/2022:11:28:47 +0200] "GET /cars-black-sweatshirts-zip-p-31319.html HTTP/1.0" 301 71939 "-" "Mozilla/5.0 (compatible; MJ12bot/v1.4.8; http://mj12bot.com/)"
185.191.171.1 - - [21/Sep/2022:11:28:48 +0200] "GET /uk-coin-purse-p-30024.html HTTP/1.0" 301 74558 "-" "Mozilla/5.0 (compatible; SemrushBot/7~bl; +http://www.semrush.com/bot.html)"
185.191.171.25 - - [21/Sep/2022:11:28:52 +0200] "GET /coin-purse-p-30024.html HTTP/1.0" 200 74481 "-" "Mozilla/5.0 (compatible; SemrushBot/7~bl; +http://www.semrush.com/bot.html)"
144.91.91.164 - - [21/Sep/2022:11:28:54 +0200] "GET /-p-31319.html HTTP/1.0" 200 71872 "-" "Mozilla/5.0 (compatible; MJ12bot/v1.4.8; http://mj12bot.com/)"
66.249.66.212 - - [21/Sep/2022:11:28:59 +0200] "GET /images/big_prod/8422020184188.jpg HTTP/1.0" 200 268 "-" "Googlebot-Image/1.0"
175.10.242.148 - - [21/Sep/2022:11:29:04 +0200] "GET /contact_us.php HTTP/1.0" 200 26241 "http://www.wonder-geek.com/contact_us.php" "Mozilla/5.0 (Windows NT 6.1) AppleWebKit/537.36 (KHTML, like Gecko) Chrome/90.0.4430.72 Safari/537.36"
144.91.91.164 - - [21/Sep/2022:11:29:04 +0200] "GET /cars-cap-blue-48-cm-p-22952.html HTTP/1.0" 301 71939 "-" "Mozilla/5.0 (compatible; MJ12bot/v1.4.8; http://mj12bot.com/)"
144.91.91.164 - - [21/Sep/2022:11:29:12 +0200] "GET /-p-22952.html HTTP/1.0" 200 71872 "-" "Mozilla/5.0 (compatible; MJ12bot/v1.4.8; http://mj12bot.com/)"
185.191.171.19 - - [21/Sep/2022:11:29:14 +0200] "GET /-p-33870.html HTTP/1.0" 200 71872 "-" "Mozilla/5.0 (compatible; SemrushBot/7~bl; +http://www.semrush.com/bot.html)"
144.91.91.164 - - [21/Sep/2022:11:29:18 +0200] "GET /cars-crate-toys-p-27146.html HTTP/1.0" 301 71939 "-" "Mozilla/5.0 (compatible; MJ12bot/v1.4.8; http://mj12bot.com/)"
144.91.91.164 - - [21/Sep/2022:11:29:24 +0200] "GET /-p-27146.html HTTP/1.0" 200 71872 "-" "Mozilla/5.0 (compatible; MJ12bot/v1.4.8; http://mj12bot.com/)"
54.36.149.53 - - [21/Sep/2022:11:29:28 +0200] "GET /squirrel-mini-mug-p-45268.html HTTP/1.0" 301 72002 "-" "Mozilla/5.0 (compatible; AhrefsBot/7.0; +http://ahrefs.com/robot/)"
66.249.66.214 - - [21/Sep/2022:11:29:30 +0200] "GET /gogh-terrasse-soir-shoulder-made-france-p-47435.html HTTP/1.0" 200 75014 "-" "Mozilla/5.0 (compatible; Googlebot/2.1; +http://www.google.com/bot.html)"
144.91.91.164 - - [21/Sep/2022:11:29:31 +0200] "GET /cars-cushion-p-25907.html HTTP/1.0" 301 71939 "-" "Mozilla/5.0 (compatible; MJ12bot/v1.4.8; http://mj12bot.com/)"
144.91.91.164 - - [21/Sep/2022:11:29:39 +0200] "GET /-p-25907.html HTTP/1.0" 200 71872 "-" "Mozilla/5.0 (compatible; MJ12bot/v1.4.8; http://mj12bot.com/)"
114.119.137.43 - - [21/Sep/2022:11:29:44 +0200] "GET /wall-hanging-ganesha-god-75-115-cm-p-49457.html HTTP/1.0" 301 74760 "http://www.wonder-geek.com/home-and-decoration-c-13.html?page=76" "Mozilla/5.0 (Linux; Android 7.0;) AppleWebKit/537.36 (KHTML, like Gecko) Mobile Safari/537.36 (compatible; PetalBot;+https://webmaster.petalsearch.com/site/petalbot)"
114.119.137.43 - - [21/Sep/2022:11:29:46 +0200] "GET /wall-hanging-ganesha-p-49457.html HTTP/1.0" 200 74673 "http://www.wonder-geek.com/home-and-decoration-c-13.html?page=76" "Mozilla/5.0 (Linux; Android 7.0;) AppleWebKit/537.36 (KHTML, like Gecko) Mobile Safari/537.36 (compatible; PetalBot;+https://webmaster.petalsearch.com/site/petalbot)"
144.91.91.164 - - [21/Sep/2022:11:29:45 +0200] "GET /cars-cushion-p-31712.html HTTP/1.0" 301 71939 "-" "Mozilla/5.0 (compatible; MJ12bot/v1.4.8; http://mj12bot.com/)"
188.34.155.113 - - [21/Sep/2022:11:29:55 +0200] "GET /images/med_prod/1384010184271.jpg HTTP/1.0" 200 268 "-" "Mozilla/5.0 (X11; Fedora; Linux x86_64) AppleWebKit/537.36 (KHTML, like Gecko) Chrome/79.0.3945.117 Safari/537.36"
144.91.91.164 - - [21/Sep/2022:11:29:52 +0200] "GET /-p-31712.html HTTP/1.0" 200 71872 "-" "Mozilla/5.0 (compatible; MJ12bot/v1.4.8; http://mj12bot.com/)"
144.91.91.164 - - [21/Sep/2022:11:29:59 +0200] "GET /cars-francesco-figure-p-11108.html HTTP/1.0" 301 71939 "-" "Mozilla/5.0 (compatible; MJ12bot/v1.4.8; http://mj12bot.com/)"
185.191.171.4 - - [21/Sep/2022:11:30:03 +0200] "GET /cotton-floor-cushion-pink-45-cm-p-49744.html HTTP/1.0" 301 71939 "-" "Mozilla/5.0 (compatible; SemrushBot/7~bl; +http://www.semrush.com/bot.html)"
144.91.91.164 - - [21/Sep/2022:11:30:05 +0200] "GET /-p-11108.html HTTP/1.0" 200 71872 "-" "Mozilla/5.0 (compatible; MJ12bot/v1.4.8; http://mj12bot.com/)"
185.191.171.25 - - [21/Sep/2022:11:30:08 +0200] "GET /-p-49744.html HTTP/1.0" 200 71872 "-" "Mozilla/5.0 (compatible; SemrushBot/7~bl; +http://www.semrush.com/bot.html)"
54.36.148.137 - - [21/Sep/2022:11:30:13 +0200] "GET /wall-sticker-p-26684.html HTTP/1.0" 301 71939 "-" "Mozilla/5.0 (compatible; AhrefsBot/7.0; +http://ahrefs.com/robot/)"
144.91.91.164 - - [21/Sep/2022:11:30:15 +0200] "GET /cars-grey-blue-shirt-size-years-p-23590.html HTTP/1.0" 301 71939 "-" "Mozilla/5.0 (compatible; MJ12bot/v1.4.8; http://mj12bot.com/)"
54.36.149.100 - - [21/Sep/2022:11:30:19 +0200] "GET /shirts-sweatshirts-women-c-53_55.html HTTP/1.0" 200 95751 "-" "Mozilla/5.0 (compatible; AhrefsBot/7.0; +http://ahrefs.com/robot/)"
144.91.91.164 - - [21/Sep/2022:11:30:21 +0200] "GET /-p-23590.html HTTP/1.0" 200 71872 "-" "Mozilla/5.0 (compatible; MJ12bot/v1.4.8; http://mj12bot.com/)"
144.91.91.164 - - [21/Sep/2022:11:30:28 +0200] "GET /cars-hook-figure-p-11099.html HTTP/1.0" 301 71939 "-" "Mozilla/5.0 (compatible; MJ12bot/v1.4.8; http://mj12bot.com/)"
54.36.148.183 - - [21/Sep/2022:11:30:30 +0200] "GET /images/mini_prod/1399984265154.jpg HTTP/1.0" 200 269 "-" "Mozilla/5.0 (compatible; AhrefsBot/7.0; +http://ahrefs.com/robot/)"
54.36.148.109 - - [21/Sep/2022:11:30:30 +0200] "GET /images/mini_prod/DSCN0628.gif HTTP/1.0" 200 263 "-" "Mozilla/5.0 (compatible; AhrefsBot/7.0; +http://ahrefs.com/robot/)"
54.36.148.9 - - [21/Sep/2022:11:30:30 +0200] "GET /images/mini_prod/8422001018136.gif HTTP/1.0" 200 268 "-" "Mozilla/5.0 (compatible; AhrefsBot/7.0; +http://ahrefs.com/robot/)"
54.36.148.35 - - [21/Sep/2022:11:30:30 +0200] "GET /images/mini_prod/3384371185076b.jpg HTTP/1.0" 200 270 "-" "Mozilla/5.0 (compatible; AhrefsBot/7.0; +http://ahrefs.com/robot/)"
54.36.149.23 - - [21/Sep/2022:11:30:30 +0200] "GET /images/mini_prod/TBA26SF2noir.gif HTTP/1.0" 200 267 "-" "Mozilla/5.0 (compatible; AhrefsBot/7.0; +http://ahrefs.com/robot/)"
54.36.148.125 - - [21/Sep/2022:11:30:30 +0200] "GET /images/mini_prod/8422001018068b.gif HTTP/1.0" 200 269 "-" "Mozilla/5.0 (compatible; AhrefsBot/7.0; +http://ahrefs.com/robot/)"
54.36.148.129 - - [21/Sep/2022:11:30:30 +0200] "GET /images/mini_prod/3384674185070.jpg HTTP/1.0" 200 269 "-" "Mozilla/5.0 (compatible; AhrefsBot/7.0; +http://ahrefs.com/robot/)"
54.36.149.62 - - [21/Sep/2022:11:30:30 +0200] "GET /images/mini_prod/1399984255544.jpg HTTP/1.0" 200 269 "-" "Mozilla/5.0 (compatible; AhrefsBot/7.0; +http://ahrefs.com/robot/)"
54.36.148.198 - - [21/Sep/2022:11:30:31 +0200] "GET /images/mini_prod/TJA04SFLR.gif HTTP/1.0" 200 264 "-" "Mozilla/5.0 (compatible; AhrefsBot/7.0; +http://ahrefs.com/robot/)"
54.36.149.4 - - [21/Sep/2022:11:30:31 +0200] "GET /images/mini_prod/03032012DSCN9712.jpg HTTP/1.0" 200 272 "-" "Mozilla/5.0 (compatible; AhrefsBot/7.0; +http://ahrefs.com/robot/)"
54.36.148.89 - - [21/Sep/2022:11:30:32 +0200] "GET /images/mini_prod/DSCN0624.gif HTTP/1.0" 200 263 "-" "Mozilla/5.0 (compatible; AhrefsBot/7.0; +http://ahrefs.com/robot/)"
54.36.148.252 - - [21/Sep/2022:11:30:32 +0200] "GET /images/mini_prod/5036381288466.jpg HTTP/1.0" 200 269 "-" "Mozilla/5.0 (compatible; AhrefsBot/7.0; +http://ahrefs.com/robot/)"
54.36.148.102 - - [21/Sep/2022:11:30:33 +0200] "GET /images/mini_prod/1300010237526.jpg HTTP/1.0" 200 269 "-" "Mozilla/5.0 (compatible; AhrefsBot/7.0; +http://ahrefs.com/robot/)"
144.91.91.164 - - [21/Sep/2022:11:30:35 +0200] "GET /-p-11099.html HTTP/1.0" 200 71872 "-" "Mozilla/5.0 (compatible; MJ12bot/v1.4.8; http://mj12bot.com/)"
144.91.91.164 - - [21/Sep/2022:11:30:41 +0200] "GET /cars-hook-figure-p-19355.html HTTP/1.0" 301 71939 "-" "Mozilla/5.0 (compatible; MJ12bot/v1.4.8; http://mj12bot.com/)"
144.91.91.164 - - [21/Sep/2022:11:30:46 +0200] "GET /-p-19355.html HTTP/1.0" 200 71872 "-" "Mozilla/5.0 (compatible; MJ12bot/v1.4.8; http://mj12bot.com/)"
144.91.91.164 - - [21/Sep/2022:11:30:51 +0200] "GET /cars-lunchbox-p-31794.html HTTP/1.0" 301 71939 "-" "Mozilla/5.0 (compatible; MJ12bot/v1.4.8; http://mj12bot.com/)"
144.91.91.164 - - [21/Sep/2022:11:30:59 +0200] "GET /-p-31794.html HTTP/1.0" 200 71872 "-" "Mozilla/5.0 (compatible; MJ12bot/v1.4.8; http://mj12bot.com/)"
144.91.91.164 - - [21/Sep/2022:11:31:09 +0200] "GET /cats-dubout-cotton-kitchen-apron-made-in-france-p-36640.html HTTP/1.0" 301 72209 "-" "Mozilla/5.0 (compatible; MJ12bot/v1.4.8; http://mj12bot.com/)"
144.91.91.164 - - [21/Sep/2022:11:31:14 +0200] "GET /cats-dubout-cotton-kitchen-apron-made-france-p-36640.html HTTP/1.0" 200 72098 "-" "Mozilla/5.0 (compatible; MJ12bot/v1.4.8; http://mj12bot.com/)"
144.91.91.164 - - [21/Sep/2022:11:31:19 +0200] "GET /cats-dubout-cotton-kitchen-towel-made-in-france-p-36636.html HTTP/1.0" 301 72209 "-" "Mozilla/5.0 (compatible; MJ12bot/v1.4.8; http://mj12bot.com/)"
144.91.91.164 - - [21/Sep/2022:11:31:23 +0200] "GET /cats-dubout-cotton-kitchen-towel-made-france-p-36636.html HTTP/1.0" 200 72098 "-" "Mozilla/5.0 (compatible; MJ12bot/v1.4.8; http://mj12bot.com/)"
144.91.91.164 - - [21/Sep/2022:11:31:29 +0200] "GET /cats-dubout-cotton-kitchen-towel-made-in-france-p-36638.html HTTP/1.0" 301 72209 "-" "Mozilla/5.0 (compatible; MJ12bot/v1.4.8; http://mj12bot.com/)"
66.249.66.210 - - [21/Sep/2022:11:31:38 +0200] "GET /postcard-with-envelope-anniversary-50-years-p-48849.html HTTP/1.0" 301 74830 "-" "Mozilla/5.0 (Linux; Android 6.0.1; Nexus 5X Build/MMB29P) AppleWebKit/537.36 (KHTML, like Gecko) Chrome/105.0.5195.102 Mobile Safari/537.36 (compatible; Googlebot/2.1; +http://www.google.com/bot.html)"
66.249.66.212 - - [21/Sep/2022:11:31:40 +0200] "GET /postcard-with-envelope-anniversary-years-p-48849.html HTTP/1.0" 200 74723 "-" "Mozilla/5.0 (Linux; Android 6.0.1; Nexus 5X Build/MMB29P) AppleWebKit/537.36 (KHTML, like Gecko) Chrome/105.0.5195.102 Mobile Safari/537.36 (compatible; Googlebot/2.1; +http://www.google.com/bot.html)"
144.91.91.164 - - [21/Sep/2022:11:31:39 +0200] "GET /cats-dubout-cotton-kitchen-towel-made-france-p-36638.html HTTP/1.0" 200 72098 "-" "Mozilla/5.0 (compatible; MJ12bot/v1.4.8; http://mj12bot.com/)"
144.91.91.164 - - [21/Sep/2022:11:31:46 +0200] "GET /cats-family-bread-bag-70-25-cm-p-37471.html HTTP/1.0" 301 71939 "-" "Mozilla/5.0 (compatible; MJ12bot/v1.4.8; http://mj12bot.com/)"
66.249.66.212 - - [21/Sep/2022:11:31:53 +0200] "GET /images/big_prod_1/3453131157933B.jpg HTTP/1.0" 200 271 "-" "Googlebot-Image/1.0"
144.91.91.164 - - [21/Sep/2022:11:31:53 +0200] "GET /-p-37471.html HTTP/1.0" 200 71872 "-" "Mozilla/5.0 (compatible; MJ12bot/v1.4.8; http://mj12bot.com/)"
144.91.91.164 - - [21/Sep/2022:11:31:58 +0200] "GET /cats-family-bread-p-37471.html HTTP/1.0" 301 71939 "-" "Mozilla/5.0 (compatible; MJ12bot/v1.4.8; http://mj12bot.com/)"
144.91.91.164 - - [21/Sep/2022:11:32:03 +0200] "GET /-p-37471.html HTTP/1.0" 200 71872 "-" "Mozilla/5.0 (compatible; MJ12bot/v1.4.8; http://mj12bot.com/)"
144.91.91.164 - - [21/Sep/2022:11:32:13 +0200] "GET /cats-in-love-beige-adult-apron-p-35149.html HTTP/1.0" 301 71939 "-" "Mozilla/5.0 (compatible; MJ12bot/v1.4.8; http://mj12bot.com/)"
144.91.91.164 - - [21/Sep/2022:11:32:23 +0200] "GET /-p-35149.html HTTP/1.0" 200 71872 "-" "Mozilla/5.0 (compatible; MJ12bot/v1.4.8; http://mj12bot.com/)"
54.36.149.18 - - [21/Sep/2022:11:32:25 +0200] "GET /salt-boxes-jars-c-12_223.html HTTP/1.0" 200 92070 "-" "Mozilla/5.0 (compatible; AhrefsBot/7.0; +http://ahrefs.com/robot/)"
144.91.91.164 - - [21/Sep/2022:11:32:30 +0200] "GET /cats-in-love-ceramic-solitary-teapot-p-37393.html HTTP/1.0" 301 72137 "-" "Mozilla/5.0 (compatible; MJ12bot/v1.4.8; http://mj12bot.com/)"
144.91.91.164 - - [21/Sep/2022:11:32:35 +0200] "GET /cats-love-ceramic-solitary-teapot-p-37393.html HTTP/1.0" 200 72037 "-" "Mozilla/5.0 (compatible; MJ12bot/v1.4.8; http://mj12bot.com/)"
185.191.171.10 - - [21/Sep/2022:11:32:40 +0200] "GET /dubout-cats-hang-bag-p-47162.html HTTP/1.0" 301 74607 "-" "Mozilla/5.0 (compatible; SemrushBot/7~bl; +http://www.semrush.com/bot.html)"
144.91.91.164 - - [21/Sep/2022:11:32:41 +0200] "GET /cats-in-love-potholder-p-37464.html HTTP/1.0" 301 72053 "-" "Mozilla/5.0 (compatible; MJ12bot/v1.4.8; http://mj12bot.com/)"
185.191.171.11 - - [21/Sep/2022:11:32:43 +0200] "GET /angel-glitter-ball-p-27611.html HTTP/1.0" 200 74718 "-" "Mozilla/5.0 (compatible; SemrushBot/7~bl; +http://www.semrush.com/bot.html)"
185.191.171.9 - - [21/Sep/2022:11:32:46 +0200] "GET /dubout-cats-hang-p-47162.html HTTP/1.0" 200 74524 "-" "Mozilla/5.0 (compatible; SemrushBot/7~bl; +http://www.semrush.com/bot.html)"
144.91.91.164 - - [21/Sep/2022:11:32:48 +0200] "GET /cats-love-potholder-p-37464.html HTTP/1.0" 200 71967 "-" "Mozilla/5.0 (compatible; MJ12bot/v1.4.8; http://mj12bot.com/)"
54.36.148.86 - - [21/Sep/2022:11:32:51 +0200] "GET /iron-legion-miniature-figure-p-29865.html HTTP/1.0" 301 71939 "-" "Mozilla/5.0 (compatible; AhrefsBot/7.0; +http://ahrefs.com/robot/)"
144.91.91.164 - - [21/Sep/2022:11:32:55 +0200] "GET /cats-in-love-set-salt-and-pepper-p-37397.html HTTP/1.0" 301 74690 "-" "Mozilla/5.0 (compatible; MJ12bot/v1.4.8; http://mj12bot.com/)"
144.91.91.164 - - [21/Sep/2022:11:33:01 +0200] "GET /cats-love-salt-pepper-p-37397.html HTTP/1.0" 200 74602 "-" "Mozilla/5.0 (compatible; MJ12bot/v1.4.8; http://mj12bot.com/)"
144.91.91.164 - - [21/Sep/2022:11:33:05 +0200] "GET /cats-large-glass-sold-individually-p-37865.html HTTP/1.0" 301 71939 "-" "Mozilla/5.0 (compatible; MJ12bot/v1.4.8; http://mj12bot.com/)"
144.91.91.164 - - [21/Sep/2022:11:33:11 +0200] "GET /-p-37865.html HTTP/1.0" 200 71872 "-" "Mozilla/5.0 (compatible; MJ12bot/v1.4.8; http://mj12bot.com/)"
144.91.91.164 - - [21/Sep/2022:11:33:18 +0200] "GET /cats-large-glass-sold-individually-p-37866.html HTTP/1.0" 301 71939 "-" "Mozilla/5.0 (compatible; MJ12bot/v1.4.8; http://mj12bot.com/)"
144.91.91.164 - - [21/Sep/2022:11:33:24 +0200] "GET /-p-37866.html HTTP/1.0" 200 71872 "-" "Mozilla/5.0 (compatible; MJ12bot/v1.4.8; http://mj12bot.com/)"
144.91.91.164 - - [21/Sep/2022:11:33:33 +0200] "GET /cats-love-beige-adult-apron-p-35149.html HTTP/1.0" 301 71939 "-" "Mozilla/5.0 (compatible; MJ12bot/v1.4.8; http://mj12bot.com/)"
144.91.91.164 - - [21/Sep/2022:11:33:43 +0200] "GET /-p-35149.html HTTP/1.0" 200 71872 "-" "Mozilla/5.0 (compatible; MJ12bot/v1.4.8; http://mj12bot.com/)"
144.91.91.164 - - [21/Sep/2022:11:33:48 +0200] "GET /cats-metal-trivet-p-52846.html HTTP/1.0" 301 74588 "-" "Mozilla/5.0 (compatible; MJ12bot/v1.4.8; http://mj12bot.com/)"
144.91.91.164 - - [21/Sep/2022:11:33:53 +0200] "GET /iron-cast-trivet-cats-p-52846.html HTTP/1.0" 200 74500 "-" "Mozilla/5.0 (compatible; MJ12bot/v1.4.8; http://mj12bot.com/)"
185.191.171.33 - - [21/Sep/2022:11:33:56 +0200] "GET /sweets-jar-dog-beige-24-cm-p-31681.html HTTP/1.0" 301 74499 "-" "Mozilla/5.0 (compatible; SemrushBot/7~bl; +http://www.semrush.com/bot.html)"
144.91.91.164 - - [21/Sep/2022:11:33:58 +0200] "GET /cats-on-roofs-mini-mug-p-37894.html HTTP/1.0" 301 71939 "-" "Mozilla/5.0 (compatible; MJ12bot/v1.4.8; http://mj12bot.com/)"
66.249.66.212 - - [21/Sep/2022:11:34:00 +0200] "GET /images/8435333807699.jpg HTTP/1.0" 200 259 "-" "Mozilla/5.0 (compatible; Googlebot/2.1; +http://www.google.com/bot.html)"
185.191.171.15 - - [21/Sep/2022:11:33:59 +0200] "GET /sweets-beige-p-31681.html HTTP/1.0" 200 74420 "-" "Mozilla/5.0 (compatible; SemrushBot/7~bl; +http://www.semrush.com/bot.html)"
144.91.91.164 - - [21/Sep/2022:11:34:04 +0200] "GET /-p-37894.html HTTP/1.0" 200 71872 "-" "Mozilla/5.0 (compatible; MJ12bot/v1.4.8; http://mj12bot.com/)"
144.91.91.164 - - [21/Sep/2022:11:34:12 +0200] "GET /cats-placemat-p-31383.html HTTP/1.0" 301 71939 "-" "Mozilla/5.0 (compatible; MJ12bot/v1.4.8; http://mj12bot.com/)"
114.119.137.31 - - [21/Sep/2022:11:34:12 +0200] "GET /aluminum-bottle-roaarrr-printed-france-p-56359.html HTTP/1.0" 200 75388 "http://www.wonder-geek.com/kanteen-and-water-bottles-c-12_161.html?page=3" "Mozilla/5.0 (Linux; Android 7.0;) AppleWebKit/537.36 (KHTML, like Gecko) Mobile Safari/537.36 (compatible; PetalBot;+https://webmaster.petalsearch.com/site/petalbot)"
144.91.91.164 - - [21/Sep/2022:11:34:22 +0200] "GET /-p-31383.html HTTP/1.0" 200 71872 "-" "Mozilla/5.0 (compatible; MJ12bot/v1.4.8; http://mj12bot.com/)"
54.36.149.58 - - [21/Sep/2022:11:34:24 +0200] "GET / HTTP/1.0" 200 151320 "-" "Mozilla/5.0 (compatible; AhrefsBot/7.0; +http://ahrefs.com/robot/)"
144.91.91.164 - - [21/Sep/2022:11:34:29 +0200] "GET /cats-placemat-p-32786.html HTTP/1.0" 301 71939 "-" "Mozilla/5.0 (compatible; MJ12bot/v1.4.8; http://mj12bot.com/)"
144.91.91.164 - - [21/Sep/2022:11:34:35 +0200] "GET /-p-32786.html HTTP/1.0" 200 71872 "-" "Mozilla/5.0 (compatible; MJ12bot/v1.4.8; http://mj12bot.com/)"
144.91.91.164 - - [21/Sep/2022:11:34:41 +0200] "GET /cats-red-and-grey-saltshaker-and-pepper-pot-p-37864.html HTTP/1.0" 301 74758 "-" "Mozilla/5.0 (compatible; MJ12bot/v1.4.8; http://mj12bot.com/)"
144.91.91.164 - - [21/Sep/2022:11:34:45 +0200] "GET /cats-grey-saltshaker-pepper-p-37864.html HTTP/1.0" 200 74664 "-" "Mozilla/5.0 (compatible; MJ12bot/v1.4.8; http://mj12bot.com/)"
144.91.91.164 - - [21/Sep/2022:11:34:51 +0200] "GET /cats-sponge-holder-p-37394.html HTTP/1.0" 301 71939 "-" "Mozilla/5.0 (compatible; MJ12bot/v1.4.8; http://mj12bot.com/)"
144.91.91.164 - - [21/Sep/2022:11:34:59 +0200] "GET /-p-37394.html HTTP/1.0" 200 71872 "-" "Mozilla/5.0 (compatible; MJ12bot/v1.4.8; http://mj12bot.com/)"
51.68.224.127 - - [21/Sep/2022:11:35:06 +0200] "GET /adminweb/export_orders_xml.php?token=256de2z6edz6ed2z6DFSFsed2zed6zeDSFDSGdzedezfzf&maxorders=10&orderstart=1&status=14&start_date=2018-10-01 HTTP/1.0" 200 285 "-" "GesCom CharlotteBoutik Serveur"
51.68.224.127 - - [21/Sep/2022:11:35:06 +0200] "GET /adminweb/export_orders_xml.php?token=256de2z6edz6ed2z6DFSFsed2zed6zeDSFDSGdzedezfzf&maxorders=10&orderstart=1&status=6&start_date=2018-10-01 HTTP/1.0" 200 33985 "-" "GesCom CharlotteBoutik Serveur"
144.91.91.164 - - [21/Sep/2022:11:35:07 +0200] "GET /cats-stars-guest-towel-p-31413.html HTTP/1.0" 301 71939 "-" "Mozilla/5.0 (compatible; MJ12bot/v1.4.8; http://mj12bot.com/)"
183.71.252.125 - - [21/Sep/2022:11:35:13 +0200] "GET /images/mini_prod/3760054863347.jpg HTTP/1.0" 200 269 "-" "Mozilla/5.0 (X11; Ubuntu; Linux x86_64; rv:72.0) Gecko/20100101 Firefox/72.0"
144.91.91.164 - - [21/Sep/2022:11:35:13 +0200] "GET /-p-31413.html HTTP/1.0" 200 71872 "-" "Mozilla/5.0 (compatible; MJ12bot/v1.4.8; http://mj12bot.com/)"
144.91.91.164 - - [21/Sep/2022:11:35:18 +0200] "GET /ceramic-salt-box-all-you-need-is-salty-friends-p-41856.html HTTP/1.0" 301 71939 "-" "Mozilla/5.0 (compatible; MJ12bot/v1.4.8; http://mj12bot.com/)"
216.244.66.242 - - [21/Sep/2022:11:35:21 +0200] "GET /boys/set-c-2_34.html HTTP/1.0" 301 78261 "-" "Mozilla/5.0 (compatible; DotBot/1.2; +https://opensiteexplorer.org/dotbot; help@moz.com)"
144.91.91.164 - - [21/Sep/2022:11:35:25 +0200] "GET /-p-41856.html HTTP/1.0" 200 71872 "-" "Mozilla/5.0 (compatible; MJ12bot/v1.4.8; http://mj12bot.com/)"
216.244.66.242 - - [21/Sep/2022:11:35:29 +0200] "GET /images/1341689281274.jpg HTTP/1.0" 200 259 "-" "Mozilla/5.0 (compatible; DotBot/1.2; +https://opensiteexplorer.org/dotbot; help@moz.com)"
144.91.91.164 - - [21/Sep/2022:11:35:31 +0200] "GET /ceramic-salt-box-all-you-need-vintage-look-p-41868.html HTTP/1.0" 301 71939 "-" "Mozilla/5.0 (compatible; MJ12bot/v1.4.8; http://mj12bot.com/)"
216.244.66.242 - - [21/Sep/2022:11:35:35 +0200] "GET /images/1345544751827.jpg HTTP/1.0" 200 259 "-" "Mozilla/5.0 (compatible; DotBot/1.2; +https://opensiteexplorer.org/dotbot; help@moz.com)"
144.91.91.164 - - [21/Sep/2022:11:35:35 +0200] "GET /-p-41868.html HTTP/1.0" 200 71872 "-" "Mozilla/5.0 (compatible; MJ12bot/v1.4.8; http://mj12bot.com/)"
216.244.66.242 - - [21/Sep/2022:11:35:40 +0200] "GET /images/1399984257081.jpg HTTP/1.0" 200 259 "-" "Mozilla/5.0 (compatible; DotBot/1.2; +https://opensiteexplorer.org/dotbot; help@moz.com)"
144.91.91.164 - - [21/Sep/2022:11:35:41 +0200] "GET /ceramic-salt-box-happy-things-p-41855.html HTTP/1.0" 301 71939 "-" "Mozilla/5.0 (compatible; MJ12bot/v1.4.8; http://mj12bot.com/)"
66.249.66.212 - - [21/Sep/2022:11:35:42 +0200] "GET /white-dog-table-lamp-p-32052.html HTTP/1.0" 301 71939 "-" "Mozilla/5.0 (Linux; Android 6.0.1; Nexus 5X Build/MMB29P) AppleWebKit/537.36 (KHTML, like Gecko) Chrome/105.0.5195.102 Mobile Safari/537.36 (compatible; Googlebot/2.1; +http://www.google.com/bot.html)"
114.119.137.31 - - [21/Sep/2022:11:35:43 +0200] "GET /volkswagen-mini-magnets-enamelled-p-31623.html HTTP/1.0" 200 74846 "http://www.wonder-geek.com/home-decoration-c-13.html?page=101" "Mozilla/5.0 (Linux; Android 7.0;) AppleWebKit/537.36 (KHTML, like Gecko) Mobile Safari/537.36 (compatible; PetalBot;+https://webmaster.petalsearch.com/site/petalbot)"
216.244.66.242 - - [21/Sep/2022:11:35:46 +0200] "GET /images/4036113811864.jpg HTTP/1.0" 200 259 "-" "Mozilla/5.0 (compatible; DotBot/1.2; +https://opensiteexplorer.org/dotbot; help@moz.com)"
66.249.66.214 - - [21/Sep/2022:11:35:44 +0200] "GET /-p-32052.html HTTP/1.0" 200 71872 "-" "Mozilla/5.0 (Linux; Android 6.0.1; Nexus 5X Build/MMB29P) AppleWebKit/537.36 (KHTML, like Gecko) Chrome/105.0.5195.102 Mobile Safari/537.36 (compatible; Googlebot/2.1; +http://www.google.com/bot.html)"
144.91.91.164 - - [21/Sep/2022:11:35:45 +0200] "GET /-p-41855.html HTTP/1.0" 200 71872 "-" "Mozilla/5.0 (compatible; MJ12bot/v1.4.8; http://mj12bot.com/)"
144.91.91.164 - - [21/Sep/2022:11:35:51 +0200] "GET /ceramic-salt-box-p-40789.html HTTP/1.0" 301 71939 "-" "Mozilla/5.0 (compatible; MJ12bot/v1.4.8; http://mj12bot.com/)"
144.91.91.164 - - [21/Sep/2022:11:35:56 +0200] "GET /-p-40789.html HTTP/1.0" 200 71872 "-" "Mozilla/5.0 (compatible; MJ12bot/v1.4.8; http://mj12bot.com/)"
216.244.66.242 - - [21/Sep/2022:11:35:57 +0200] "GET /images/5025123105703.jpg HTTP/1.0" 200 259 "-" "Mozilla/5.0 (compatible; DotBot/1.2; +https://opensiteexplorer.org/dotbot; help@moz.com)"
144.91.91.164 - - [21/Sep/2022:11:36:00 +0200] "GET /ceramic-salt-happy-things-p-41855.html HTTP/1.0" 301 71939 "-" "Mozilla/5.0 (compatible; MJ12bot/v1.4.8; http://mj12bot.com/)"
54.36.148.172 - - [21/Sep/2022:11:36:02 +0200] "GET /luggages-schoolbags-leather-shop-c-31.html?page=48 HTTP/1.0" 200 94755 "-" "Mozilla/5.0 (compatible; AhrefsBot/7.0; +http://ahrefs.com/robot/)"
216.244.66.242 - - [21/Sep/2022:11:36:05 +0200] "GET /images/720322259749.jpg HTTP/1.0" 200 258 "-" "Mozilla/5.0 (compatible; DotBot/1.2; +https://opensiteexplorer.org/dotbot; help@moz.com)"
144.91.91.164 - - [21/Sep/2022:11:36:04 +0200] "GET /-p-41855.html HTTP/1.0" 200 71872 "-" "Mozilla/5.0 (compatible; MJ12bot/v1.4.8; http://mj12bot.com/)"
144.91.91.164 - - [21/Sep/2022:11:36:09 +0200] "GET /ceramic-salt-need-salty-friends-p-41856.html HTTP/1.0" 301 71939 "-" "Mozilla/5.0 (compatible; MJ12bot/v1.4.8; http://mj12bot.com/)"
66.249.66.212 - - [21/Sep/2022:11:36:11 +0200] "GET /images/big_prod/3503420096853.jpg HTTP/1.0" 200 268 "-" "Googlebot-Image/1.0"
216.244.66.242 - - [21/Sep/2022:11:36:12 +0200] "GET /laissez-lucie-faire-placemat-p-31116.html HTTP/1.0" 200 74508 "-" "Mozilla/5.0 (compatible; DotBot/1.2; +https://opensiteexplorer.org/dotbot; help@moz.com)"
144.91.91.164 - - [21/Sep/2022:11:36:12 +0200] "GET /-p-41856.html HTTP/1.0" 200 71872 "-" "Mozilla/5.0 (compatible; MJ12bot/v1.4.8; http://mj12bot.com/)"
144.91.91.164 - - [21/Sep/2022:11:36:18 +0200] "GET /ceramic-salt-need-vintage-look-p-41868.html HTTP/1.0" 301 71939 "-" "Mozilla/5.0 (compatible; MJ12bot/v1.4.8; http://mj12bot.com/)"
144.91.91.164 - - [21/Sep/2022:11:36:23 +0200] "GET /-p-41868.html HTTP/1.0" 200 71872 "-" "Mozilla/5.0 (compatible; MJ12bot/v1.4.8; http://mj12bot.com/)"
144.91.91.164 - - [21/Sep/2022:11:36:28 +0200] "GET /ceramic-salt-p-40789.html HTTP/1.0" 301 71939 "-" "Mozilla/5.0 (compatible; MJ12bot/v1.4.8; http://mj12bot.com/)"
144.91.91.164 - - [21/Sep/2022:11:36:32 +0200] "GET /-p-40789.html HTTP/1.0" 200 71872 "-" "Mozilla/5.0 (compatible; MJ12bot/v1.4.8; http://mj12bot.com/)"
144.91.91.164 - - [21/Sep/2022:11:36:37 +0200] "GET /ceramic-seasoning-set-in-metal-basket-leaves-p-50687.html HTTP/1.0" 301 72136 "-" "Mozilla/5.0 (compatible; MJ12bot/v1.4.8; http://mj12bot.com/)"
144.91.91.164 - - [21/Sep/2022:11:36:42 +0200] "GET /ceramic-seasoning-metal-basket-leaves-p-50687.html HTTP/1.0" 200 72032 "-" "Mozilla/5.0 (compatible; MJ12bot/v1.4.8; http://mj12bot.com/)"
144.91.91.164 - - [21/Sep/2022:11:36:46 +0200] "GET /chair-cushion-reversible-grey-and-beige-38-cm-p-37249.html HTTP/1.0" 301 75461 "-" "Mozilla/5.0 (compatible; MJ12bot/v1.4.8; http://mj12bot.com/)"
185.191.171.22 - - [21/Sep/2022:11:36:50 +0200] "GET /-p-35706.html HTTP/1.0" 200 71872 "-" "Mozilla/5.0 (compatible; SemrushBot/7~bl; +http://www.semrush.com/bot.html)"
144.91.91.164 - - [21/Sep/2022:11:36:50 +0200] "GET /chair-cushion-reversible-grey-beige-p-37249.html HTTP/1.0" 200 75359 "-" "Mozilla/5.0 (compatible; MJ12bot/v1.4.8; http://mj12bot.com/)"
144.91.91.164 - - [21/Sep/2022:11:36:56 +0200] "GET /chair-cushion-reversible-grey-and-pink-40-cm-p-36460.html HTTP/1.0" 301 71939 "-" "Mozilla/5.0 (compatible; MJ12bot/v1.4.8; http://mj12bot.com/)"
144.91.91.164 - - [21/Sep/2022:11:36:59 +0200] "GET /-p-36460.html HTTP/1.0" 200 71872 "-" "Mozilla/5.0 (compatible; MJ12bot/v1.4.8; http://mj12bot.com/)"
144.91.91.164 - - [21/Sep/2022:11:37:04 +0200] "GET /chair-cushion-reversible-navy-blue-and-beige-38-cm-p-37248.html HTTP/1.0" 301 71939 "-" "Mozilla/5.0 (compatible; MJ12bot/v1.4.8; http://mj12bot.com/)"
144.91.91.164 - - [21/Sep/2022:11:37:09 +0200] "GET /-p-37248.html HTTP/1.0" 200 71872 "-" "Mozilla/5.0 (compatible; MJ12bot/v1.4.8; http://mj12bot.com/)"
114.119.137.43 - - [21/Sep/2022:11:37:10 +0200] "GET /transparent-glass-teapot-p-52794.html HTTP/1.0" 200 75258 "http://www.wonder-geek.com/tea-pot-c-12_175.html?page=1" "Mozilla/5.0 (Linux; Android 7.0;) AppleWebKit/537.36 (KHTML, like Gecko) Mobile Safari/537.36 (compatible; PetalBot;+https://webmaster.petalsearch.com/site/petalbot)"
66.249.66.212 - - [21/Sep/2022:11:37:11 +0200] "GET /ceramic-lamp-p-58137.html HTTP/1.0" 200 75423 "-" "Mozilla/5.0 (Linux; Android 6.0.1; Nexus 5X Build/MMB29P) AppleWebKit/537.36 (KHTML, like Gecko) Chrome/105.0.5195.125 Mobile Safari/537.36 (compatible; Googlebot/2.1; +http://www.google.com/bot.html)"
144.91.91.164 - - [21/Sep/2022:11:37:13 +0200] "GET /chair-cushion-reversible-navy-blue-and-beige-40-cm-p-36461.html HTTP/1.0" 301 71939 "-" "Mozilla/5.0 (compatible; MJ12bot/v1.4.8; http://mj12bot.com/)"
144.91.91.164 - - [21/Sep/2022:11:37:17 +0200] "GET /-p-36461.html HTTP/1.0" 200 71872 "-" "Mozilla/5.0 (compatible; MJ12bot/v1.4.8; http://mj12bot.com/)"
144.91.91.164 - - [21/Sep/2022:11:37:21 +0200] "GET /charcoal-tablets-golden-temple-100-tablets-p-47648.html HTTP/1.0" 301 75047 "-" "Mozilla/5.0 (compatible; MJ12bot/v1.4.8; http://mj12bot.com/)"
144.91.91.164 - - [21/Sep/2022:11:37:25 +0200] "GET /charcoal-tablets-golden-temple-tablets-p-47648.html HTTP/1.0" 200 74942 "-" "Mozilla/5.0 (compatible; MJ12bot/v1.4.8; http://mj12bot.com/)"
185.191.171.11 - - [21/Sep/2022:11:37:28 +0200] "GET /frozen-disney-small-backpack-p-35958.html HTTP/1.0" 301 71939 "-" "Mozilla/5.0 (compatible; SemrushBot/7~bl; +http://www.semrush.com/bot.html)"
144.91.91.164 - - [21/Sep/2022:11:37:29 +0200] "GET /charmmy-kitty-banner-p-17222.html HTTP/1.0" 301 71939 "-" "Mozilla/5.0 (compatible; MJ12bot/v1.4.8; http://mj12bot.com/)"
185.191.171.23 - - [21/Sep/2022:11:37:32 +0200] "GET /-p-35958.html HTTP/1.0" 200 71872 "-" "Mozilla/5.0 (compatible; SemrushBot/7~bl; +http://www.semrush.com/bot.html)"
144.91.91.164 - - [21/Sep/2022:11:37:34 +0200] "GET /-p-17222.html HTTP/1.0" 200 71872 "-" "Mozilla/5.0 (compatible; MJ12bot/v1.4.8; http://mj12bot.com/)"
54.36.149.3 - - [21/Sep/2022:11:37:33 +0200] "GET /luggages-schoolbags-leather-shop-c-31.html?page=49 HTTP/1.0" 200 95398 "-" "Mozilla/5.0 (compatible; AhrefsBot/7.0; +http://ahrefs.com/robot/)"
144.91.91.164 - - [21/Sep/2022:11:37:39 +0200] "GET /charmmy-kitty-embroidered-shoulder-bag-p-8371.html HTTP/1.0" 301 72143 "-" "Mozilla/5.0 (compatible; MJ12bot/v1.4.8; http://mj12bot.com/)"
144.91.91.164 - - [21/Sep/2022:11:37:44 +0200] "GET /charmmy-kitty-embroidered-shoulder-p-8371.html HTTP/1.0" 200 72043 "-" "Mozilla/5.0 (compatible; MJ12bot/v1.4.8; http://mj12bot.com/)"
144.91.91.164 - - [21/Sep/2022:11:37:47 +0200] "GET /charmmy-kitty-embroidered-square-bag-p-8369.html HTTP/1.0" 301 71936 "-" "Mozilla/5.0 (compatible; MJ12bot/v1.4.8; http://mj12bot.com/)"
144.91.91.164 - - [21/Sep/2022:11:37:50 +0200] "GET /-p-8369.html HTTP/1.0" 200 71870 "-" "Mozilla/5.0 (compatible; MJ12bot/v1.4.8; http://mj12bot.com/)"
144.91.91.164 - - [21/Sep/2022:11:37:54 +0200] "GET /charmmy-kitty-grey-legging-p-30216.html HTTP/1.0" 301 71939 "-" "Mozilla/5.0 (compatible; MJ12bot/v1.4.8; http://mj12bot.com/)"
144.91.91.164 - - [21/Sep/2022:11:37:58 +0200] "GET /-p-30216.html HTTP/1.0" 200 71872 "-" "Mozilla/5.0 (compatible; MJ12bot/v1.4.8; http://mj12bot.com/)"
144.91.91.164 - - [21/Sep/2022:11:38:03 +0200] "GET /charmmy-kitty-jacket-10-years-p-27130.html HTTP/1.0" 301 71939 "-" "Mozilla/5.0 (compatible; MJ12bot/v1.4.8; http://mj12bot.com/)"
144.91.91.164 - - [21/Sep/2022:11:38:06 +0200] "GET /-p-27130.html HTTP/1.0" 200 71872 "-" "Mozilla/5.0 (compatible; MJ12bot/v1.4.8; http://mj12bot.com/)"
106.39.217.152 - - [21/Sep/2022:11:38:10 +0200] "GET /images/mini_prod/5036278051203.jpg HTTP/1.0" 200 269 "-" "Mozilla/5.0 (X11; Ubuntu; Linux x86_64; rv:72.0) Gecko/20100101 Firefox/72.0"
185.191.171.11 - - [21/Sep/2022:11:38:10 +0200] "GET /jacquard-cotton-velvet-towel-170-95-cm-fish-p-45352.html HTTP/1.0" 301 71939 "-" "Mozilla/5.0 (compatible; SemrushBot/7~bl; +http://www.semrush.com/bot.html)"
144.91.91.164 - - [21/Sep/2022:11:38:12 +0200] "GET /charmmy-kitty-jacket-years-p-27129.html HTTP/1.0" 301 71939 "-" "Mozilla/5.0 (compatible; MJ12bot/v1.4.8; http://mj12bot.com/)"
185.191.171.4 - - [21/Sep/2022:11:38:14 +0200] "GET /-p-45352.html HTTP/1.0" 200 71872 "-" "Mozilla/5.0 (compatible; SemrushBot/7~bl; +http://www.semrush.com/bot.html)"
144.91.91.164 - - [21/Sep/2022:11:38:17 +0200] "GET /-p-27129.html HTTP/1.0" 200 71872 "-" "Mozilla/5.0 (compatible; MJ12bot/v1.4.8; http://mj12bot.com/)"
144.91.91.164 - - [21/Sep/2022:11:38:21 +0200] "GET /charmmy-kitty-kids-school-bag-p-14487.html HTTP/1.0" 301 71939 "-" "Mozilla/5.0 (compatible; MJ12bot/v1.4.8; http://mj12bot.com/)"
144.91.91.164 - - [21/Sep/2022:11:38:24 +0200] "GET /-p-14487.html HTTP/1.0" 200 71872 "-" "Mozilla/5.0 (compatible; MJ12bot/v1.4.8; http://mj12bot.com/)"
144.91.91.164 - - [21/Sep/2022:11:38:28 +0200] "GET /charmmy-kitty-large-cosmetic-bag-p-26671.html HTTP/1.0" 301 71939 "-" "Mozilla/5.0 (compatible; MJ12bot/v1.4.8; http://mj12bot.com/)"
144.91.91.164 - - [21/Sep/2022:11:38:35 +0200] "GET /-p-26671.html HTTP/1.0" 200 71872 "-" "Mozilla/5.0 (compatible; MJ12bot/v1.4.8; http://mj12bot.com/)"
144.91.91.164 - - [21/Sep/2022:11:38:38 +0200] "GET /charmmy-kitty-medium-cosmetic-bag-p-26665.html HTTP/1.0" 301 74923 "-" "Mozilla/5.0 (compatible; MJ12bot/v1.4.8; http://mj12bot.com/)"
185.191.171.10 - - [21/Sep/2022:11:38:41 +0200] "GET /set-of-enamelled-retro-mugs-p-49043.html HTTP/1.0" 301 72047 "-" "Mozilla/5.0 (compatible; SemrushBot/7~bl; +http://www.semrush.com/bot.html)"
185.191.171.2 - - [21/Sep/2022:11:38:44 +0200] "GET /enamelled-retro-mugs-p-49043.html HTTP/1.0" 200 71960 "-" "Mozilla/5.0 (compatible; SemrushBot/7~bl; +http://www.semrush.com/bot.html)"
144.91.91.164 - - [21/Sep/2022:11:38:44 +0200] "GET /charmmy-kitty-medium-cosmetic-p-26665.html HTTP/1.0" 200 74827 "-" "Mozilla/5.0 (compatible; MJ12bot/v1.4.8; http://mj12bot.com/)"
144.91.91.164 - - [21/Sep/2022:11:38:51 +0200] "GET /charmmy-kitty-pajamas-and-pajama-pillow-bag-p-31299.html HTTP/1.0" 301 71939 "-" "Mozilla/5.0 (compatible; MJ12bot/v1.4.8; http://mj12bot.com/)"
144.91.91.164 - - [21/Sep/2022:11:38:55 +0200] "GET /-p-31299.html HTTP/1.0" 200 71872 "-" "Mozilla/5.0 (compatible; MJ12bot/v1.4.8; http://mj12bot.com/)"
114.119.137.45 - - [21/Sep/2022:11:38:59 +0200] "GET /gorjuss-little-red-riding-hood-manicure-set-p-46949.html HTTP/1.0" 301 75883 "http://www.wonder-geek.com/manicure-articles-c-31_204.html?page=2" "Mozilla/5.0 (Linux; Android 7.0;) AppleWebKit/537.36 (KHTML, like Gecko) Mobile Safari/537.36 (compatible; PetalBot;+https://webmaster.petalsearch.com/site/petalbot)"
114.119.137.45 - - [21/Sep/2022:11:39:01 +0200] "GET /gorjuss-little-riding-hood-manicure-p-46949.html HTTP/1.0" 200 75781 "http://www.wonder-geek.com/manicure-articles-c-31_204.html?page=2" "Mozilla/5.0 (Linux; Android 7.0;) AppleWebKit/537.36 (KHTML, like Gecko) Mobile Safari/537.36 (compatible; PetalBot;+https://webmaster.petalsearch.com/site/petalbot)"
144.91.91.164 - - [21/Sep/2022:11:39:00 +0200] "GET /charmmy-kitty-paper-plates-p-17210.html HTTP/1.0" 301 71939 "-" "Mozilla/5.0 (compatible; MJ12bot/v1.4.8; http://mj12bot.com/)"
54.36.148.77 - - [21/Sep/2022:11:39:06 +0200] "GET /luggages-schoolbags-leather-shop-c-31.html?page=47 HTTP/1.0" 200 95191 "-" "Mozilla/5.0 (compatible; AhrefsBot/7.0; +http://ahrefs.com/robot/)"
144.91.91.164 - - [21/Sep/2022:11:39:07 +0200] "GET /-p-17210.html HTTP/1.0" 200 71872 "-" "Mozilla/5.0 (compatible; MJ12bot/v1.4.8; http://mj12bot.com/)"
66.249.66.214 - - [21/Sep/2022:11:39:13 +0200] "GET /corsica-post-card-10x15-p-43544.html HTTP/1.0" 200 74474 "-" "Mozilla/5.0 (Linux; Android 6.0.1; Nexus 5X Build/MMB29P) AppleWebKit/537.36 (KHTML, like Gecko) Chrome/105.0.5195.125 Mobile Safari/537.36 (compatible; Googlebot/2.1; +http://www.google.com/bot.html)"
144.91.91.164 - - [21/Sep/2022:11:39:15 +0200] "GET /charmmy-kitty-set-of-hair-clips-p-13536.html HTTP/1.0" 301 72101 "-" "Mozilla/5.0 (compatible; MJ12bot/v1.4.8; http://mj12bot.com/)"
216.244.66.242 - - [21/Sep/2022:11:39:16 +0200] "GET /deutsche-mark-money-cbkreation-p-24143.html HTTP/1.0" 200 74608 "-" "Mozilla/5.0 (compatible; DotBot/1.2; +https://opensiteexplorer.org/dotbot; help@moz.com)"
185.191.171.42 - - [21/Sep/2022:11:39:18 +0200] "GET /girl-baby-shower-confetti-p-55933.html HTTP/1.0" 200 75667 "-" "Mozilla/5.0 (compatible; SemrushBot/7~bl; +http://www.semrush.com/bot.html)"
144.91.91.164 - - [21/Sep/2022:11:39:19 +0200] "GET /charmmy-kitty-hair-clips-p-13536.html HTTP/1.0" 200 72010 "-" "Mozilla/5.0 (compatible; MJ12bot/v1.4.8; http://mj12bot.com/)"
216.244.66.242 - - [21/Sep/2022:11:39:22 +0200] "GET /heart-christmas-tree-hanging-p-49639.html HTTP/1.0" 200 74622 "-" "Mozilla/5.0 (compatible; DotBot/1.2; +https://opensiteexplorer.org/dotbot; help@moz.com)"
144.91.91.164 - - [21/Sep/2022:11:39:24 +0200] "GET /charmmy-kitty-set-of-hair-ornements-p-13559.html HTTP/1.0" 301 74899 "-" "Mozilla/5.0 (compatible; MJ12bot/v1.4.8; http://mj12bot.com/)"
144.91.91.164 - - [21/Sep/2022:11:39:28 +0200] "GET /charmmy-kitty-hair-ornements-p-13559.html HTTP/1.0" 200 74804 "-" "Mozilla/5.0 (compatible; MJ12bot/v1.4.8; http://mj12bot.com/)"
216.244.66.242 - - [21/Sep/2022:11:39:29 +0200] "GET /raving-rabbids-cushion-p-27534.html HTTP/1.0" 200 71950 "-" "Mozilla/5.0 (compatible; DotBot/1.2; +https://opensiteexplorer.org/dotbot; help@moz.com)"
144.91.91.164 - - [21/Sep/2022:11:39:33 +0200] "GET /charmmy-kitty-set-of-paper-cups-p-17186.html HTTP/1.0" 301 71939 "-" "Mozilla/5.0 (compatible; MJ12bot/v1.4.8; http://mj12bot.com/)"
216.244.66.242 - - [21/Sep/2022:11:39:34 +0200] "GET /socks-c-1_141.html?page=1 HTTP/1.0" 200 80079 "-" "Mozilla/5.0 (compatible; DotBot/1.2; +https://opensiteexplorer.org/dotbot; help@moz.com)"
144.91.91.164 - - [21/Sep/2022:11:39:39 +0200] "GET /-p-17186.html HTTP/1.0" 200 71872 "-" "Mozilla/5.0 (compatible; MJ12bot/v1.4.8; http://mj12bot.com/)"
144.91.91.164 - - [21/Sep/2022:11:39:43 +0200] "GET /charmmy-kitty-set-of-paper-plates-p-17210.html HTTP/1.0" 301 71939 "-" "Mozilla/5.0 (compatible; MJ12bot/v1.4.8; http://mj12bot.com/)"
144.91.91.164 - - [21/Sep/2022:11:39:47 +0200] "GET /-p-17210.html HTTP/1.0" 200 71872 "-" "Mozilla/5.0 (compatible; MJ12bot/v1.4.8; http://mj12bot.com/)"
144.91.91.164 - - [21/Sep/2022:11:39:52 +0200] "GET /charmmy-kitty-small-cosmetic-bag-p-26658.html HTTP/1.0" 301 74908 "-" "Mozilla/5.0 (compatible; MJ12bot/v1.4.8; http://mj12bot.com/)"
144.91.91.164 - - [21/Sep/2022:11:39:55 +0200] "GET /charmmy-kitty-small-cosmetic-p-26658.html HTTP/1.0" 200 74813 "-" "Mozilla/5.0 (compatible; MJ12bot/v1.4.8; http://mj12bot.com/)"
185.191.171.6 - - [21/Sep/2022:11:39:57 +0200] "GET /accessories-c-3.html?page=46 HTTP/1.0" 200 86260 "-" "Mozilla/5.0 (compatible; SemrushBot/7~bl; +http://www.semrush.com/bot.html)"
144.91.91.164 - - [21/Sep/2022:11:39:59 +0200] "GET /charmmy-kitty-small-cosmetic-bag-p-26751.html HTTP/1.0" 301 72110 "-" "Mozilla/5.0 (compatible; MJ12bot/v1.4.8; http://mj12bot.com/)"
144.91.91.164 - - [21/Sep/2022:11:40:04 +0200] "GET /charmmy-kitty-small-cosmetic-p-26751.html HTTP/1.0" 200 72015 "-" "Mozilla/5.0 (compatible; MJ12bot/v1.4.8; http://mj12bot.com/)"
144.91.91.164 - - [21/Sep/2022:11:40:07 +0200] "GET /charmmy-kitty-soft-toy-p-12224.html HTTP/1.0" 301 71939 "-" "Mozilla/5.0 (compatible; MJ12bot/v1.4.8; http://mj12bot.com/)"
144.91.91.164 - - [21/Sep/2022:11:40:11 +0200] "GET /-p-12224.html HTTP/1.0" 200 71872 "-" "Mozilla/5.0 (compatible; MJ12bot/v1.4.8; http://mj12bot.com/)"
106.14.65.228 - - [21/Sep/2022:11:40:14 +0200] "GET /images/mini_prod/3272760389849.jpg HTTP/1.0" 200 269 "-" "Mozilla/5.0 (X11; Ubuntu; Linux x86_64; rv:72.0) Gecko/20100101 Firefox/72.0"
185.191.171.6 - - [21/Sep/2022:11:40:15 +0200] "GET /hello-kitty-set-of-fountain-pen-and-ballpoint-pen-p-7214.html HTTP/1.0" 301 74801 "-" "Mozilla/5.0 (compatible; SemrushBot/7~bl; +http://www.semrush.com/bot.html)"
144.91.91.164 - - [21/Sep/2022:11:40:15 +0200] "GET /charmmy-kitty-triangular-pencil-case-p-5638.html HTTP/1.0" 301 71936 "-" "Mozilla/5.0 (compatible; MJ12bot/v1.4.8; http://mj12bot.com/)"
185.191.171.8 - - [21/Sep/2022:11:40:18 +0200] "GET /hello-kitty-fountain-ballpoint-p-7214.html HTTP/1.0" 200 74705 "-" "Mozilla/5.0 (compatible; SemrushBot/7~bl; +http://www.semrush.com/bot.html)"
144.91.91.164 - - [21/Sep/2022:11:40:21 +0200] "GET /-p-5638.html HTTP/1.0" 200 71870 "-" "Mozilla/5.0 (compatible; MJ12bot/v1.4.8; http://mj12bot.com/)"
144.91.91.164 - - [21/Sep/2022:11:40:24 +0200] "GET /charmmy-kitty-waistcoat-p-31125.html HTTP/1.0" 301 71939 "-" "Mozilla/5.0 (compatible; MJ12bot/v1.4.8; http://mj12bot.com/)"
144.91.91.164 - - [21/Sep/2022:11:40:29 +0200] "GET /-p-31125.html HTTP/1.0" 200 71872 "-" "Mozilla/5.0 (compatible; MJ12bot/v1.4.8; http://mj12bot.com/)"
144.91.91.164 - - [21/Sep/2022:11:40:32 +0200] "GET /chef-du-barbecue-adult-apron-p-47692.html HTTP/1.0" 301 72026 "-" "Mozilla/5.0 (compatible; MJ12bot/v1.4.8; http://mj12bot.com/)"
144.91.91.164 - - [21/Sep/2022:11:40:38 +0200] "GET /chef-barbecue-adult-apron-p-47692.html HTTP/1.0" 200 71934 "-" "Mozilla/5.0 (compatible; MJ12bot/v1.4.8; http://mj12bot.com/)"
54.36.149.50 - - [21/Sep/2022:11:40:39 +0200] "GET /luggages-schoolbags-leather-shop-c-31.html?page=44 HTTP/1.0" 200 95618 "-" "Mozilla/5.0 (compatible; AhrefsBot/7.0; +http://ahrefs.com/robot/)"
144.91.91.164 - - [21/Sep/2022:11:40:42 +0200] "GET /cherries-grey-salt-pepper-p-34487.html HTTP/1.0" 301 71939 "-" "Mozilla/5.0 (compatible; MJ12bot/v1.4.8; http://mj12bot.com/)"
144.91.91.164 - - [21/Sep/2022:11:40:46 +0200] "GET /-p-34487.html HTTP/1.0" 200 71872 "-" "Mozilla/5.0 (compatible; MJ12bot/v1.4.8; http://mj12bot.com/)"
144.91.91.164 - - [21/Sep/2022:11:40:50 +0200] "GET /cherries-grey-set-salt-and-pepper-p-34487.html HTTP/1.0" 301 71939 "-" "Mozilla/5.0 (compatible; MJ12bot/v1.4.8; http://mj12bot.com/)"
144.91.91.164 - - [21/Sep/2022:11:40:54 +0200] "GET /-p-34487.html HTTP/1.0" 200 71872 "-" "Mozilla/5.0 (compatible; MJ12bot/v1.4.8; http://mj12bot.com/)"
144.91.91.164 - - [21/Sep/2022:11:40:57 +0200] "GET /cherries-grey-set-salt-and-pepper-p-37399.html HTTP/1.0" 301 72074 "-" "Mozilla/5.0 (compatible; MJ12bot/v1.4.8; http://mj12bot.com/)"
185.191.171.12 - - [21/Sep/2022:11:40:58 +0200] "GET /wall-sticker-copains-abord-p-52218.html HTTP/1.0" 200 75288 "-" "Mozilla/5.0 (compatible; SemrushBot/7~bl; +http://www.semrush.com/bot.html)"
154.85.51.160 - - [21/Sep/2022:11:41:02 +0200] "GET /images/1399984260098.jpg HTTP/1.0" 200 259 "-" "Mozilla/5.0 (X11; Ubuntu; Linux x86_64; rv:72.0) Gecko/20100101 Firefox/72.0"
185.191.171.3 - - [21/Sep/2022:11:41:02 +0200] "GET /spain-collectable-figurine-family-p-57416.html HTTP/1.0" 200 76719 "-" "Mozilla/5.0 (compatible; SemrushBot/7~bl; +http://www.semrush.com/bot.html)"
144.91.91.164 - - [21/Sep/2022:11:41:02 +0200] "GET /cherries-grey-salt-pepper-p-37399.html HTTP/1.0" 200 71982 "-" "Mozilla/5.0 (compatible; MJ12bot/v1.4.8; http://mj12bot.com/)"
