66.249.66.68 - - [22/Sep/2022:21:00:12 +0200] "GET /mondial_relay/js/jquery-1.3.2.min.js HTTP/1.0" 200 276 "http://www.wonder-geek.com/mickey-birthday-card-with-envelope-p-25252.html" "Mozilla/5.0 (Linux; Android 6.0.1; Nexus 5X Build/MMB29P) AppleWebKit/537.36 (KHTML, like Gecko) Chrome/105.0.5195.102 Mobile Safari/537.36 (compatible; Googlebot/2.1; +http://www.google.com/bot.html)"
66.249.66.144 - - [22/Sep/2022:21:00:39 +0200] "GET /images/mini_prod/8422011475127.jpg HTTP/1.0" 200 269 "-" "Googlebot-Image/1.0"
66.249.66.144 - - [22/Sep/2022:21:00:40 +0200] "GET /images/big_prod/8422666661432.jpg HTTP/1.0" 200 268 "-" "Googlebot-Image/1.0"
66.249.66.68 - - [22/Sep/2022:21:00:41 +0200] "GET /images/mini_prod/7601019994057.jpg HTTP/1.0" 200 269 "-" "Googlebot-Image/1.0"
66.249.66.68 - - [22/Sep/2022:21:00:52 +0200] "GET /bird-terracotta-planter-p-55320.html HTTP/1.0" 200 75411 "-" "Mozilla/5.0 (Linux; Android 6.0.1; Nexus 5X Build/MMB29P) AppleWebKit/537.36 (KHTML, like Gecko) Chrome/105.0.5195.125 Mobile Safari/537.36 (compatible; Googlebot/2.1; +http://www.google.com/bot.html)"
154.85.51.160 - - [22/Sep/2022:21:01:04 +0200] "GET /images/mini_prod/34DSCN8150.jpg HTTP/1.0" 200 266 "-" "Mozilla/5.0 (X11; Ubuntu; Linux x86_64; rv:72.0) Gecko/20100101 Firefox/72.0"
185.191.171.39 - - [22/Sep/2022:21:01:05 +0200] "GET /-p-48708.html HTTP/1.0" 200 72060 "-" "Mozilla/5.0 (compatible; SemrushBot/7~bl; +http://www.semrush.com/bot.html)"
66.249.66.6 - - [22/Sep/2022:21:01:09 +0200] "GET /little-prince-soap-p-52467.html HTTP/1.0" 200 75002 "-" "Mozilla/5.0 (compatible; Googlebot/2.1; +http://www.google.com/bot.html)"
66.249.66.212 - - [22/Sep/2022:21:02:26 +0200] "GET /verity-rose-starlet-mirror-p-29172.html HTTP/1.0" 200 74851 "-" "Mozilla/5.0 (compatible; Googlebot/2.1; +http://www.google.com/bot.html)"
185.191.171.21 - - [22/Sep/2022:21:02:50 +0200] "GET /zippo-flat-bracelet-braided-leather-black-silver-stai-p-49086.html HTTP/1.0" 200 75970 "-" "Mozilla/5.0 (compatible; SemrushBot/7~bl; +http://www.semrush.com/bot.html)"
66.249.66.60 - - [22/Sep/2022:21:03:15 +0200] "GET /gift-infuser-moment-p-58595.html HTTP/1.0" 200 75918 "-" "Mozilla/5.0 (Linux; Android 6.0.1; Nexus 5X Build/MMB29P) AppleWebKit/537.36 (KHTML, like Gecko) Chrome/105.0.5195.125 Mobile Safari/537.36 (compatible; Googlebot/2.1; +http://www.google.com/bot.html)"
114.119.137.3 - - [22/Sep/2022:21:03:37 +0200] "GET /images/big_prod_1/3438100333297T.jpg HTTP/1.0" 200 271 "http://www.wonder-geek.com/beatles-notebook-p-17107.html" "Mozilla/5.0 (Linux; Android 7.0;) AppleWebKit/537.36 (KHTML, like Gecko) Mobile Safari/537.36 (compatible; PetalBot;+https://webmaster.petalsearch.com/site/petalbot)"
185.191.171.40 - - [22/Sep/2022:21:04:15 +0200] "GET /candle-heart-home-christmas-tree-p-53313.html HTTP/1.0" 200 72198 "-" "Mozilla/5.0 (compatible; SemrushBot/7~bl; +http://www.semrush.com/bot.html)"
147.92.153.20 - - [22/Sep/2022:21:04:53 +0200] "GET /wooden-hanging-tree-decoration-p-58757.html HTTP/1.0" 200 74065 "-" "Mozilla/5.0 (compatible; Linespider/1.1; +https://lin.ee/4dwXkTH)"
66.249.66.8 - - [22/Sep/2022:21:05:00 +0200] "GET /images/mini_prod/3453131146760.jpg HTTP/1.0" 200 269 "-" "Mozilla/5.0 (compatible; Googlebot/2.1; +http://www.google.com/bot.html)"
66.249.66.68 - - [22/Sep/2022:21:05:00 +0200] "GET /images/mini_prod/3388761924573.jpg HTTP/1.0" 200 269 "-" "Mozilla/5.0 (compatible; Googlebot/2.1; +http://www.google.com/bot.html)"
66.249.66.58 - - [22/Sep/2022:21:05:06 +0200] "GET /little-toiletry-p-57997.html HTTP/1.0" 200 74774 "-" "Mozilla/5.0 (Linux; Android 6.0.1; Nexus 5X Build/MMB29P) AppleWebKit/537.36 (KHTML, like Gecko) Chrome/105.0.5195.125 Mobile Safari/537.36 (compatible; Googlebot/2.1; +http://www.google.com/bot.html)"
207.46.13.149 - - [22/Sep/2022:21:05:13 +0200] "GET /resin-decoration-heart-kitten-p-58658.html HTTP/1.0" 200 75527 "-" "Mozilla/5.0 (compatible; bingbot/2.0; +http://www.bing.com/bingbot.htm)"
185.191.171.2 - - [22/Sep/2022:21:05:26 +0200] "GET /miss-mindy-sally-vinyl-figurine-p-50671.html HTTP/1.0" 200 72174 "-" "Mozilla/5.0 (compatible; SemrushBot/7~bl; +http://www.semrush.com/bot.html)"
66.249.66.56 - - [22/Sep/2022:21:05:40 +0200] "GET /noddy-pairs-of-socks-size-19-22-p-25611.html HTTP/1.0" 301 72127 "-" "Mozilla/5.0 (Linux; Android 6.0.1; Nexus 5X Build/MMB29P) AppleWebKit/537.36 (KHTML, like Gecko) Chrome/105.0.5195.125 Mobile Safari/537.36 (compatible; Googlebot/2.1; +http://www.google.com/bot.html)"
66.249.66.8 - - [22/Sep/2022:21:05:42 +0200] "GET /-p-25611.html HTTP/1.0" 200 72060 "-" "Mozilla/5.0 (Linux; Android 6.0.1; Nexus 5X Build/MMB29P) AppleWebKit/537.36 (KHTML, like Gecko) Chrome/105.0.5195.125 Mobile Safari/537.36 (compatible; Googlebot/2.1; +http://www.google.com/bot.html)"
185.191.171.12 - - [22/Sep/2022:21:05:45 +0200] "GET /harley-davidson-cork-coaster-p-37064.html HTTP/1.0" 200 72162 "-" "Mozilla/5.0 (compatible; SemrushBot/7~bl; +http://www.semrush.com/bot.html)"
34.67.96.123 - - [22/Sep/2022:21:06:02 +0200] "GET /images/mini_prod/8435107822361.jpg HTTP/1.0" 404 1308 "-" "Mozilla/5.0 (X11; Ubuntu; Linux x86_64; rv:72.0) Gecko/20100101 Firefox/72.0"
66.249.66.68 - - [22/Sep/2022:21:07:30 +0200] "GET /route-66-us-small-lamp-p-29403.html HTTP/1.0" 301 74935 "-" "Mozilla/5.0 (Linux; Android 6.0.1; Nexus 5X Build/MMB29P) AppleWebKit/537.36 (KHTML, like Gecko) Chrome/105.0.5195.125 Mobile Safari/537.36 (compatible; Googlebot/2.1; +http://www.google.com/bot.html)"
66.249.66.6 - - [22/Sep/2022:21:07:32 +0200] "GET /route-small-lamp-p-29403.html HTTP/1.0" 200 74852 "-" "Mozilla/5.0 (Linux; Android 6.0.1; Nexus 5X Build/MMB29P) AppleWebKit/537.36 (KHTML, like Gecko) Chrome/105.0.5195.125 Mobile Safari/537.36 (compatible; Googlebot/2.1; +http://www.google.com/bot.html)"
185.191.171.23 - - [22/Sep/2022:21:07:44 +0200] "GET /embossed-metal-plate-p-56758.html HTTP/1.0" 200 75333 "-" "Mozilla/5.0 (compatible; SemrushBot/7~bl; +http://www.semrush.com/bot.html)"
185.191.171.41 - - [22/Sep/2022:21:07:52 +0200] "GET /white-woodland-holy-family-shore-p-49629.html HTTP/1.0" 200 76286 "-" "Mozilla/5.0 (compatible; SemrushBot/7~bl; +http://www.semrush.com/bot.html)"
66.249.66.68 - - [22/Sep/2022:21:08:05 +0200] "GET /little-prince-soap-p-52467.html HTTP/1.0" 200 75002 "-" "Mozilla/5.0 (Linux; Android 6.0.1; Nexus 5X Build/MMB29P) AppleWebKit/537.36 (KHTML, like Gecko) Chrome/105.0.5195.125 Mobile Safari/537.36 (compatible; Googlebot/2.1; +http://www.google.com/bot.html)"
38.142.11.235 - - [22/Sep/2022:21:08:36 +0200] "GET /images/mini_prod/3520071678474.jpg HTTP/1.0" 200 269 "-" "Mozilla/5.0 (X11; Ubuntu; Linux x86_64; rv:72.0) Gecko/20100101 Firefox/72.0"
34.67.96.123 - - [22/Sep/2022:21:08:49 +0200] "GET /images/mini_prod/3684225058342.jpg HTTP/1.0" 200 269 "-" "Mozilla/5.0 (X11; Ubuntu; Linux x86_64; rv:72.0) Gecko/20100101 Firefox/72.0"
66.249.66.8 - - [22/Sep/2022:21:09:40 +0200] "GET /images/mini_prod/1384010205235.jpg HTTP/1.0" 200 269 "-" "Mozilla/5.0 (compatible; Googlebot/2.1; +http://www.google.com/bot.html)"
66.249.66.210 - - [22/Sep/2022:21:10:16 +0200] "GET /images/big_prod_2/1491693047073C.jpg HTTP/1.0" 200 271 "-" "Googlebot-Image/1.0"
66.249.66.6 - - [22/Sep/2022:21:10:29 +0200] "GET /swimsuit-c-1_18.html?page=2 HTTP/1.0" 200 79669 "-" "Mozilla/5.0 (Linux; Android 6.0.1; Nexus 5X Build/MMB29P) AppleWebKit/537.36 (KHTML, like Gecko) Chrome/105.0.5195.125 Mobile Safari/537.36 (compatible; Googlebot/2.1; +http://www.google.com/bot.html)"
185.191.171.10 - - [22/Sep/2022:21:10:32 +0200] "GET /cubi-door-wood-copines-p-56138.html HTTP/1.0" 200 75467 "-" "Mozilla/5.0 (compatible; SemrushBot/7~bl; +http://www.semrush.com/bot.html)"
17.121.113.103 - - [22/Sep/2022:21:11:09 +0200] "GET /dessert-dish-glass-with-anti-slip-feet-p-58314.html HTTP/1.0" 200 74790 "-" "Mozilla/5.0 (Macintosh; Intel Mac OS X 10_15_5) AppleWebKit/605.1.15 (KHTML, like Gecko) Version/13.1.1 Safari/605.1.15 (Applebot/0.1; +http://www.apple.com/go/applebot)"
66.249.66.8 - - [22/Sep/2022:21:11:25 +0200] "GET /images/mini_prod/3520071365336.jpg HTTP/1.0" 200 269 "-" "Mozilla/5.0 (compatible; Googlebot/2.1; +http://www.google.com/bot.html)"
66.249.66.212 - - [22/Sep/2022:21:11:31 +0200] "GET /images/mini_prod/3661443279476.jpg HTTP/1.0" 200 269 "-" "Mozilla/5.0 (compatible; Googlebot/2.1; +http://www.google.com/bot.html)"
185.191.171.7 - - [22/Sep/2022:21:11:39 +0200] "GET /angel-figurine-peace-p-58777.html?action=add_product HTTP/1.0" 302 476 "-" "Mozilla/5.0 (compatible; SemrushBot/7~bl; +http://www.semrush.com/bot.html)"
66.249.66.68 - - [22/Sep/2022:21:12:46 +0200] "GET /images/mini_prod/4036113830544.jpg HTTP/1.0" 404 1308 "-" "Mozilla/5.0 (compatible; Googlebot/2.1; +http://www.google.com/bot.html)"
66.249.66.58 - - [22/Sep/2022:21:12:54 +0200] "GET /franklin-purple-swimsuit-p-30244.html HTTP/1.0" 200 76705 "-" "Mozilla/5.0 (Linux; Android 6.0.1; Nexus 5X Build/MMB29P) AppleWebKit/537.36 (KHTML, like Gecko) Chrome/105.0.5195.125 Mobile Safari/537.36 (compatible; Googlebot/2.1; +http://www.google.com/bot.html)"
185.191.171.41 - - [22/Sep/2022:21:13:44 +0200] "GET /bires-coasters-p-50290.html HTTP/1.0" 200 74721 "-" "Mozilla/5.0 (compatible; SemrushBot/7~bl; +http://www.semrush.com/bot.html)"
170.106.193.192 - - [22/Sep/2022:21:14:09 +0200] "GET /images/mini_prod/76001110TF.jpg HTTP/1.0" 200 266 "-" "Mozilla/5.0 (X11; Ubuntu; Linux x86_64; rv:72.0) Gecko/20100101 Firefox/72.0"
185.191.171.44 - - [22/Sep/2022:21:14:55 +0200] "GET /skull-angel-wings-figure-p-34180.html HTTP/1.0" 200 72171 "-" "Mozilla/5.0 (compatible; SemrushBot/7~bl; +http://www.semrush.com/bot.html)"
51.68.224.127 - - [22/Sep/2022:21:14:57 +0200] "GET /adminweb/export_orders_xml.php?token=256de2z6edz6ed2z6DFSFsed2zed6zeDSFDSGdzedezfzf&maxorders=10&orderstart=1&status=14&start_date=2018-10-01 HTTP/1.0" 200 285 "-" "GesCom CharlotteBoutik Serveur"
51.68.224.127 - - [22/Sep/2022:21:14:57 +0200] "GET /adminweb/export_orders_xml.php?token=256de2z6edz6ed2z6DFSFsed2zed6zeDSFDSGdzedezfzf&maxorders=10&orderstart=1&status=6&start_date=2018-10-01 HTTP/1.0" 200 33985 "-" "GesCom CharlotteBoutik Serveur"
66.249.66.60 - - [22/Sep/2022:21:15:19 +0200] "GET /salt-with-spoon-camargua-p-54571.html HTTP/1.0" 200 74741 "-" "Mozilla/5.0 (Linux; Android 6.0.1; Nexus 5X Build/MMB29P) AppleWebKit/537.36 (KHTML, like Gecko) Chrome/105.0.5195.125 Mobile Safari/537.36 (compatible; Googlebot/2.1; +http://www.google.com/bot.html)"
163.220.128.41 - - [22/Sep/2022:21:16:20 +0200] "GET /images/mini_prod/3014627889334.jpg HTTP/1.0" 200 269 "-" "Mozilla/5.0 (X11; Ubuntu; Linux x86_64; rv:72.0) Gecko/20100101 Firefox/72.0"
185.191.171.22 - - [22/Sep/2022:21:17:14 +0200] "GET /collection-plate-metal-vespa-gran-sport-p-16825.html HTTP/1.0" 200 74975 "-" "Mozilla/5.0 (compatible; SemrushBot/7~bl; +http://www.semrush.com/bot.html)"
66.249.66.56 - - [22/Sep/2022:21:17:43 +0200] "GET /dishes-c-12.html?page=16 HTTP/1.0" 200 93677 "-" "Mozilla/5.0 (Linux; Android 6.0.1; Nexus 5X Build/MMB29P) AppleWebKit/537.36 (KHTML, like Gecko) Chrome/105.0.5195.125 Mobile Safari/537.36 (compatible; Googlebot/2.1; +http://www.google.com/bot.html)"
66.249.66.68 - - [22/Sep/2022:21:17:51 +0200] "GET /js/jquery.masonry.min.js HTTP/1.0" 200 264 "http://www.wonder-geek.com/dishes-c-12.html?page=16" "Mozilla/5.0 (Linux; Android 6.0.1; Nexus 5X Build/MMB29P) AppleWebKit/537.36 (KHTML, like Gecko) Chrome/105.0.5195.102 Mobile Safari/537.36 (compatible; Googlebot/2.1; +http://www.google.com/bot.html)"
146.212.189.100 - - [22/Sep/2022:21:18:26 +0200] "GET /images/big_prod/8712159172669.jpg HTTP/1.0" 200 268 "https://www.google.com/" "Mozilla/5.0 (Linux; Android 10; JNY-LX1; HMSCore 6.7.0.322) AppleWebKit/537.36 (KHTML, like Gecko) Chrome/92.0.4515.105 HuaweiBrowser/12.1.1.324 Mobile Safari/537.36"
185.191.171.3 - - [22/Sep/2022:21:18:36 +0200] "GET /allium-wall-stickers-p-42962.html HTTP/1.0" 200 74817 "-" "Mozilla/5.0 (compatible; SemrushBot/7~bl; +http://www.semrush.com/bot.html)"
66.249.66.214 - - [22/Sep/2022:21:18:38 +0200] "GET /images/mini_prod/3553560059751B.jpg HTTP/1.0" 200 270 "-" "Mozilla/5.0 (compatible; Googlebot/2.1; +http://www.google.com/bot.html)"
66.249.66.214 - - [22/Sep/2022:21:18:40 +0200] "GET /images/mini_prod/8424001351428.jpg HTTP/1.0" 200 269 "-" "Mozilla/5.0 (compatible; Googlebot/2.1; +http://www.google.com/bot.html)"
66.249.66.6 - - [22/Sep/2022:21:18:51 +0200] "GET /images/mini_prod/3453131152549.jpg HTTP/1.0" 200 269 "-" "Mozilla/5.0 (compatible; Googlebot/2.1; +http://www.google.com/bot.html)"
34.67.96.123 - - [22/Sep/2022:21:18:54 +0200] "GET /images/mini_prod/8424001604685.jpg HTTP/1.0" 200 269 "-" "Mozilla/5.0 (X11; Ubuntu; Linux x86_64; rv:72.0) Gecko/20100101 Firefox/72.0"
66.249.66.146 - - [22/Sep/2022:21:19:09 +0200] "GET /captain-america-shirt-p-29615.html HTTP/1.0" 301 76176 "-" "Mozilla/5.0 (Linux; Android 6.0.1; Nexus 5X Build/MMB29P) AppleWebKit/537.36 (KHTML, like Gecko) Chrome/105.0.5195.125 Mobile Safari/537.36 (compatible; Googlebot/2.1; +http://www.google.com/bot.html)"
66.249.66.70 - - [22/Sep/2022:21:19:11 +0200] "GET /captain-amrica-shirt-p-29615.html HTTP/1.0" 200 76089 "-" "Mozilla/5.0 (Linux; Android 6.0.1; Nexus 5X Build/MMB29P) AppleWebKit/537.36 (KHTML, like Gecko) Chrome/105.0.5195.125 Mobile Safari/537.36 (compatible; Googlebot/2.1; +http://www.google.com/bot.html)"
185.191.171.16 - - [22/Sep/2022:21:19:33 +0200] "GET /golden-tree-pattern-metal-plate-p-45739.html HTTP/1.0" 200 72206 "-" "Mozilla/5.0 (compatible; SemrushBot/7~bl; +http://www.semrush.com/bot.html)"
185.191.171.43 - - [22/Sep/2022:21:19:43 +0200] "GET /oven-mitt-skating-dwarfs-p-58542.html HTTP/1.0" 200 75406 "-" "Mozilla/5.0 (compatible; SemrushBot/7~bl; +http://www.semrush.com/bot.html)"
66.249.66.144 - - [22/Sep/2022:21:20:08 +0200] "GET /jane-crowther-ziggy-mouse-saucer-p-57193.html HTTP/1.0" 200 75537 "-" "Mozilla/5.0 (Linux; Android 6.0.1; Nexus 5X Build/MMB29P) AppleWebKit/537.36 (KHTML, like Gecko) Chrome/105.0.5195.125 Mobile Safari/537.36 (compatible; Googlebot/2.1; +http://www.google.com/bot.html)"
66.249.66.212 - - [22/Sep/2022:21:20:46 +0200] "GET /woodlove-charming-dekor-bedclothes-p-42851.html HTTP/1.0" 200 75595 "-" "Mozilla/5.0 (compatible; Googlebot/2.1; +http://www.google.com/bot.html)"
66.249.66.56 - - [22/Sep/2022:21:20:59 +0200] "GET /images/mini_prod/1300000022439.jpg HTTP/1.0" 200 269 "-" "Mozilla/5.0 (compatible; Googlebot/2.1; +http://www.google.com/bot.html)"
66.249.66.6 - - [22/Sep/2022:21:21:05 +0200] "GET /images/mini_prod/3661443612495.jpg HTTP/1.0" 200 269 "-" "Mozilla/5.0 (compatible; Googlebot/2.1; +http://www.google.com/bot.html)"
37.139.53.82 - - [22/Sep/2022:21:21:09 +0200] "GET /contact_us.php HTTP/1.0" 200 26241 "http://www.wonder-geek.com/contact_us.php" "Mozilla/5.0 (Windows NT 10.0; Win64; x64) AppleWebKit/537.36 (KHTML, like Gecko) Chrome/83.0.4089.0 Safari/537.36"
37.139.53.82 - - [22/Sep/2022:21:21:09 +0200] "POST /contact_us.php?action=send HTTP/1.0" 200 26531 "http://www.wonder-geek.com/contact_us.php" "Mozilla/5.0 (Windows NT 10.0; Win64; x64) AppleWebKit/537.36 (KHTML, like Gecko) Chrome/83.0.4089.0 Safari/537.36"
66.249.66.56 - - [22/Sep/2022:21:21:10 +0200] "GET /images/mini_prod/5012128424533.jpg HTTP/1.0" 200 269 "-" "Mozilla/5.0 (compatible; Googlebot/2.1; +http://www.google.com/bot.html)"
66.249.66.8 - - [22/Sep/2022:21:21:12 +0200] "GET /images/mini_prod/8433910189923.jpg HTTP/1.0" 200 269 "-" "Mozilla/5.0 (compatible; Googlebot/2.1; +http://www.google.com/bot.html)"
185.191.171.9 - - [22/Sep/2022:21:21:44 +0200] "GET /robots.txt HTTP/1.0" 200 245 "-" "Mozilla/5.0 (compatible; SemrushBot/7~bl; +http://www.semrush.com/bot.html)"
185.191.171.17 - - [22/Sep/2022:21:21:44 +0200] "GET /empty-pocket-lotus-flower-white-melting-p-46000.html HTTP/1.0" 200 72255 "-" "Mozilla/5.0 (compatible; SemrushBot/7~bl; +http://www.semrush.com/bot.html)"
66.249.66.68 - - [22/Sep/2022:21:21:58 +0200] "GET /images/mini_prod/5051265800183.jpg HTTP/1.0" 200 269 "-" "Mozilla/5.0 (compatible; Googlebot/2.1; +http://www.google.com/bot.html)"
66.249.66.144 - - [22/Sep/2022:21:22:26 +0200] "GET /images/mini_prod/1367103427257.jpg HTTP/1.0" 200 269 "-" "Mozilla/5.0 (compatible; Googlebot/2.1; +http://www.google.com/bot.html)"
66.249.66.56 - - [22/Sep/2022:21:22:26 +0200] "GET /images/mini_prod/14883.jpg HTTP/1.0" 200 261 "-" "Mozilla/5.0 (compatible; Googlebot/2.1; +http://www.google.com/bot.html)"
66.249.66.68 - - [22/Sep/2022:21:22:30 +0200] "GET /gorjuss-biscuit-tin-oops-daisy-p-40475.html HTTP/1.0" 301 72127 "-" "Mozilla/5.0 (compatible; Googlebot/2.1; +http://www.google.com/bot.html)"
66.249.66.68 - - [22/Sep/2022:21:22:32 +0200] "GET /-p-40475.html HTTP/1.0" 200 72060 "-" "Mozilla/5.0 (compatible; Googlebot/2.1; +http://www.google.com/bot.html)"
66.249.66.6 - - [22/Sep/2022:21:22:33 +0200] "GET /coconut-fibers-doormat-lily-p-56267.html HTTP/1.0" 200 75617 "-" "Mozilla/5.0 (Linux; Android 6.0.1; Nexus 5X Build/MMB29P) AppleWebKit/537.36 (KHTML, like Gecko) Chrome/105.0.5195.125 Mobile Safari/537.36 (compatible; Googlebot/2.1; +http://www.google.com/bot.html)"
66.249.66.144 - - [22/Sep/2022:21:22:52 +0200] "GET /images/mini_prod/4036113101170.jpg HTTP/1.0" 200 269 "-" "Mozilla/5.0 (compatible; Googlebot/2.1; +http://www.google.com/bot.html)"
117.207.180.254 - - [22/Sep/2022:21:24:02 +0200] "GET /contact_us.php HTTP/1.0" 200 26241 "http://www.wonder-geek.com/contact_us.php" "Mozilla/5.0 (Windows NT 6.3; Win64; x64) AppleWebKit/537.36 (KHTML, like Gecko) Chrome/90.0.4430.72 Safari/537.36"
117.207.180.254 - - [22/Sep/2022:21:24:05 +0200] "POST /contact_us.php?action=send HTTP/1.0" 200 26460 "http://www.wonder-geek.com/contact_us.php" "Mozilla/5.0 (Windows NT 6.3; Win64; x64) AppleWebKit/537.36 (KHTML, like Gecko) Chrome/90.0.4430.72 Safari/537.36"
66.249.81.146 - - [22/Sep/2022:21:24:13 +0200] "GET /images/3700829400070.jpg HTTP/1.0" 200 259 "-" "Mozilla/5.0 (Windows NT 5.1; rv:11.0) Gecko Firefox/11.0 (via ggpht.com GoogleImageProxy)"
185.191.171.16 - - [22/Sep/2022:21:24:44 +0200] "GET /perfume-burner-natura-series-birdy-black-p-57353.html HTTP/1.0" 200 75789 "-" "Mozilla/5.0 (compatible; SemrushBot/7~bl; +http://www.semrush.com/bot.html)"
66.249.66.210 - - [22/Sep/2022:21:24:57 +0200] "GET /retro-helicopter-table-clock-p-58075.html HTTP/1.0" 200 75418 "-" "Mozilla/5.0 (Linux; Android 6.0.1; Nexus 5X Build/MMB29P) AppleWebKit/537.36 (KHTML, like Gecko) Chrome/105.0.5195.125 Mobile Safari/537.36 (compatible; Googlebot/2.1; +http://www.google.com/bot.html)"
185.191.171.36 - - [22/Sep/2022:21:26:41 +0200] "GET /decorative-snail-magnesia-p-44674.html HTTP/1.0" 200 74881 "-" "Mozilla/5.0 (compatible; SemrushBot/7~bl; +http://www.semrush.com/bot.html)"
185.191.171.45 - - [22/Sep/2022:21:26:51 +0200] "GET /mini-metal-tray-bcassine-p-35254.html HTTP/1.0" 200 74820 "-" "Mozilla/5.0 (compatible; SemrushBot/7~bl; +http://www.semrush.com/bot.html)"
66.249.66.210 - - [22/Sep/2022:21:27:14 +0200] "GET /images/mini_prod/3660173149899.jpg HTTP/1.0" 200 269 "-" "Mozilla/5.0 (compatible; Googlebot/2.1; +http://www.google.com/bot.html)"
66.249.66.214 - - [22/Sep/2022:21:27:15 +0200] "GET /images/mini_prod/5060275045248.jpg HTTP/1.0" 200 269 "-" "Mozilla/5.0 (compatible; Googlebot/2.1; +http://www.google.com/bot.html)"
66.249.66.8 - - [22/Sep/2022:21:27:22 +0200] "GET /planes-sports-bottle-p-25060.html HTTP/1.0" 200 75291 "-" "Mozilla/5.0 (Linux; Android 6.0.1; Nexus 5X Build/MMB29P) AppleWebKit/537.36 (KHTML, like Gecko) Chrome/105.0.5195.125 Mobile Safari/537.36 (compatible; Googlebot/2.1; +http://www.google.com/bot.html)"
17.121.115.100 - - [22/Sep/2022:21:27:40 +0200] "GET /bamboo-basket-black-white-p-50133.html HTTP/1.0" 301 72127 "-" "Mozilla/5.0 (Macintosh; Intel Mac OS X 10_15_5) AppleWebKit/605.1.15 (KHTML, like Gecko) Version/13.1.1 Safari/605.1.15 (Applebot/0.1; +http://www.apple.com/go/applebot)"
17.121.115.100 - - [22/Sep/2022:21:27:42 +0200] "GET /-p-50133.html HTTP/1.0" 200 72060 "-" "Mozilla/5.0 (Macintosh; Intel Mac OS X 10_15_5) AppleWebKit/605.1.15 (KHTML, like Gecko) Version/13.1.1 Safari/605.1.15 (Applebot/0.1; +http://www.apple.com/go/applebot)"
66.249.66.56 - - [22/Sep/2022:21:27:52 +0200] "GET /images/mini_prod/8422020415008.jpg HTTP/1.0" 200 269 "-" "Mozilla/5.0 (compatible; Googlebot/2.1; +http://www.google.com/bot.html)"
66.249.66.210 - - [22/Sep/2022:21:27:52 +0200] "GET /images/mini_prod/3438100345672.jpg HTTP/1.0" 200 269 "-" "Mozilla/5.0 (compatible; Googlebot/2.1; +http://www.google.com/bot.html)"
66.249.66.56 - - [22/Sep/2022:21:27:53 +0200] "GET /images/mini_prod/3032160280258.jpg HTTP/1.0" 200 269 "-" "Mozilla/5.0 (compatible; Googlebot/2.1; +http://www.google.com/bot.html)"
184.55.70.139 - - [22/Sep/2022:21:28:00 +0200] "GET /images/800399061711319072012.jpg HTTP/1.0" 200 267 "-" "Mozilla/5.0 (iPad; CPU OS 12_5_6 like Mac OS X) AppleWebKit/605.1.15 (KHTML, like Gecko) Version/12.1.2 Mobile/15E148 Safari/604.1"
66.249.66.146 - - [22/Sep/2022:21:28:09 +0200] "GET /captain-america-shirt-p-29615.html HTTP/1.0" 301 76176 "-" "Mozilla/5.0 (compatible; Googlebot/2.1; +http://www.google.com/bot.html)"
66.249.66.70 - - [22/Sep/2022:21:28:11 +0200] "GET /captain-amrica-shirt-p-29615.html HTTP/1.0" 200 76089 "-" "Mozilla/5.0 (compatible; Googlebot/2.1; +http://www.google.com/bot.html)"
66.249.66.58 - - [22/Sep/2022:21:28:16 +0200] "GET /images/big_prod/1399985100461.jpg HTTP/1.0" 200 268 "-" "Googlebot-Image/1.0"
216.244.66.242 - - [22/Sep/2022:21:28:47 +0200] "GET /robots.txt HTTP/1.0" 200 245 "-" "Mozilla/5.0 (compatible; DotBot/1.2; +https://opensiteexplorer.org/dotbot; help@moz.com)"
185.191.171.8 - - [22/Sep/2022:21:29:37 +0200] "GET /decoration-african-woman-chest-p-53808.html HTTP/1.0" 200 74869 "-" "Mozilla/5.0 (compatible; SemrushBot/7~bl; +http://www.semrush.com/bot.html)"
66.249.66.214 - - [22/Sep/2022:21:29:46 +0200] "GET /swimsuit-c-1_18.html?page=1 HTTP/1.0" 200 93757 "-" "Mozilla/5.0 (Linux; Android 6.0.1; Nexus 5X Build/MMB29P) AppleWebKit/537.36 (KHTML, like Gecko) Chrome/105.0.5195.125 Mobile Safari/537.36 (compatible; Googlebot/2.1; +http://www.google.com/bot.html)"
66.249.66.58 - - [22/Sep/2022:21:29:53 +0200] "GET /js/jquery.min.js HTTP/1.0" 404 1308 "http://www.wonder-geek.com/swimsuit-c-1_18.html?page=1" "Mozilla/5.0 (Linux; Android 6.0.1; Nexus 5X Build/MMB29P) AppleWebKit/537.36 (KHTML, like Gecko) Chrome/105.0.5195.102 Mobile Safari/537.36 (compatible; Googlebot/2.1; +http://www.google.com/bot.html)"
66.249.66.68 - - [22/Sep/2022:21:29:58 +0200] "GET /images/mini_prod/1384000000055BB.jpg HTTP/1.0" 200 271 "-" "Mozilla/5.0 (compatible; Googlebot/2.1; +http://www.google.com/bot.html)"
17.121.113.5 - - [22/Sep/2022:21:30:14 +0200] "GET /images/big_prod/3700281647358C.jpg HTTP/1.0" 200 269 "-" "Mozilla/5.0 (Macintosh; Intel Mac OS X 10_15_5) AppleWebKit/605.1.15 (KHTML, like Gecko) Version/13.1.1 Safari/605.1.15 (Applebot/0.1; +http://www.apple.com/go/applebot)"
34.67.96.123 - - [22/Sep/2022:21:30:22 +0200] "GET /images/mini_prod/3560600256971.jpg HTTP/1.0" 200 269 "-" "Mozilla/5.0 (X11; Ubuntu; Linux x86_64; rv:72.0) Gecko/20100101 Firefox/72.0"
185.191.171.34 - - [22/Sep/2022:21:30:43 +0200] "GET /bright-home-canvas-frame-p-37741.html HTTP/1.0" 200 74819 "-" "Mozilla/5.0 (compatible; SemrushBot/7~bl; +http://www.semrush.com/bot.html)"
185.191.171.16 - - [22/Sep/2022:21:30:50 +0200] "GET /elephant-brass-decorative-statuette-p-46485.html HTTP/1.0" 200 72190 "-" "Mozilla/5.0 (compatible; SemrushBot/7~bl; +http://www.semrush.com/bot.html)"
185.191.171.26 - - [22/Sep/2022:21:30:59 +0200] "GET /caramel-shoulder-pink-glitter-p-55624.html HTTP/1.0" 200 72192 "-" "Mozilla/5.0 (compatible; SemrushBot/7~bl; +http://www.semrush.com/bot.html)"
66.249.66.6 - - [22/Sep/2022:21:31:14 +0200] "GET /images/big_prod_1/b1300070829624.jpg HTTP/1.0" 200 271 "-" "Googlebot-Image/1.0"
185.191.171.4 - - [22/Sep/2022:21:31:13 +0200] "GET /buddha-cherry-blossoms-sticker-p-39174.html HTTP/1.0" 200 75575 "-" "Mozilla/5.0 (compatible; SemrushBot/7~bl; +http://www.semrush.com/bot.html)"
185.191.171.37 - - [22/Sep/2022:21:32:00 +0200] "GET /white-p-38004.html HTTP/1.0" 200 74623 "-" "Mozilla/5.0 (compatible; SemrushBot/7~bl; +http://www.semrush.com/bot.html)"
216.244.66.242 - - [22/Sep/2022:21:32:03 +0200] "GET /images/8029759054739.jpg HTTP/1.0" 200 259 "-" "Mozilla/5.0 (compatible; DotBot/1.2; +https://opensiteexplorer.org/dotbot; help@moz.com)"
66.249.66.8 - - [22/Sep/2022:21:32:11 +0200] "GET /dark-blue-vase-p-56583.html HTTP/1.0" 200 75430 "-" "Mozilla/5.0 (Linux; Android 6.0.1; Nexus 5X Build/MMB29P) AppleWebKit/537.36 (KHTML, like Gecko) Chrome/105.0.5195.125 Mobile Safari/537.36 (compatible; Googlebot/2.1; +http://www.google.com/bot.html)"
216.244.66.242 - - [22/Sep/2022:21:32:12 +0200] "GET /fireman-ocean-helicopter-p-32481.html HTTP/1.0" 301 72127 "-" "Mozilla/5.0 (compatible; DotBot/1.2; +https://opensiteexplorer.org/dotbot; help@moz.com)"
216.244.66.242 - - [22/Sep/2022:21:32:18 +0200] "GET /seagrasslaundry-basket-blue-natural-brown-p-46346.html HTTP/1.0" 301 72127 "-" "Mozilla/5.0 (compatible; DotBot/1.2; +https://opensiteexplorer.org/dotbot; help@moz.com)"
51.68.224.127 - - [22/Sep/2022:21:32:21 +0200] "GET /adminweb/export_orders_xml.php?token=256de2z6edz6ed2z6DFSFsed2zed6zeDSFDSGdzedezfzf&maxorders=10&orderstart=1&status=14&start_date=2018-10-01 HTTP/1.0" 200 285 "-" "GesCom CharlotteBoutik Serveur"
51.68.224.127 - - [22/Sep/2022:21:32:21 +0200] "GET /adminweb/export_orders_xml.php?token=256de2z6edz6ed2z6DFSFsed2zed6zeDSFDSGdzedezfzf&maxorders=10&orderstart=1&status=6&start_date=2018-10-01 HTTP/1.0" 200 33985 "-" "GesCom CharlotteBoutik Serveur"
185.191.171.9 - - [22/Sep/2022:21:32:30 +0200] "GET /accessories-c-3.html?page=18 HTTP/1.0" 200 94935 "-" "Mozilla/5.0 (compatible; SemrushBot/7~bl; +http://www.semrush.com/bot.html)"
34.67.96.123 - - [22/Sep/2022:21:34:00 +0200] "GET /images/mini_prod/3520071755977.jpg HTTP/1.0" 200 269 "-" "Mozilla/5.0 (X11; Ubuntu; Linux x86_64; rv:72.0) Gecko/20100101 Firefox/72.0"
66.249.66.58 - - [22/Sep/2022:21:34:36 +0200] "GET /london-bus-sticker-p-35394.html HTTP/1.0" 301 74768 "-" "Mozilla/5.0 (Linux; Android 6.0.1; Nexus 5X Build/MMB29P) AppleWebKit/537.36 (KHTML, like Gecko) Chrome/105.0.5195.125 Mobile Safari/537.36 (compatible; Googlebot/2.1; +http://www.google.com/bot.html)"
66.249.66.68 - - [22/Sep/2022:21:34:38 +0200] "GET /london-sticker-p-35394.html HTTP/1.0" 200 74687 "-" "Mozilla/5.0 (Linux; Android 6.0.1; Nexus 5X Build/MMB29P) AppleWebKit/537.36 (KHTML, like Gecko) Chrome/105.0.5195.125 Mobile Safari/537.36 (compatible; Googlebot/2.1; +http://www.google.com/bot.html)"
66.249.66.8 - - [22/Sep/2022:21:34:41 +0200] "GET /images/8435333807729.jpg HTTP/1.0" 200 259 "-" "Mozilla/5.0 (compatible; Googlebot/2.1; +http://www.google.com/bot.html)"
185.191.171.42 - - [22/Sep/2022:21:35:41 +0200] "GET /melt-pink-blossom-p-38943.html HTTP/1.0" 200 75265 "-" "Mozilla/5.0 (compatible; SemrushBot/7~bl; +http://www.semrush.com/bot.html)"
185.191.171.22 - - [22/Sep/2022:21:35:47 +0200] "GET /wooden-kitchen-with-clock-p-32058.html HTTP/1.0" 200 74783 "-" "Mozilla/5.0 (compatible; SemrushBot/7~bl; +http://www.semrush.com/bot.html)"
114.119.133.245 - - [22/Sep/2022:21:36:01 +0200] "GET /home-and-decoration-c-13.html?page=149 HTTP/1.0" 301 94802 "http://www.wonder-geek.com/home-and-decoration-c-13.html?page=143" "Mozilla/5.0 (Linux; Android 7.0;) AppleWebKit/537.36 (KHTML, like Gecko) Mobile Safari/537.36 (compatible; PetalBot;+https://webmaster.petalsearch.com/site/petalbot)"
114.119.133.245 - - [22/Sep/2022:21:36:03 +0200] "GET /home-decoration-c-13.html?page=149 HTTP/1.0" 200 94714 "http://www.wonder-geek.com/home-and-decoration-c-13.html?page=143" "Mozilla/5.0 (Linux; Android 7.0;) AppleWebKit/537.36 (KHTML, like Gecko) Mobile Safari/537.36 (compatible; PetalBot;+https://webmaster.petalsearch.com/site/petalbot)"
34.67.96.123 - - [22/Sep/2022:21:36:07 +0200] "GET /images/mini_prod/1345544960021.jpg HTTP/1.0" 200 269 "-" "Mozilla/5.0 (X11; Ubuntu; Linux x86_64; rv:72.0) Gecko/20100101 Firefox/72.0"
216.244.66.242 - - [22/Sep/2022:21:36:08 +0200] "GET /maman-super-maman-adult-apron-p-54711.html HTTP/1.0" 200 74811 "-" "Mozilla/5.0 (compatible; DotBot/1.2; +https://opensiteexplorer.org/dotbot; help@moz.com)"
66.249.66.60 - - [22/Sep/2022:21:36:21 +0200] "GET /toucan-lamp-golden-resin-p-53606.html HTTP/1.0" 200 72168 "-" "Mozilla/5.0 (Linux; Android 6.0.1; Nexus 5X Build/MMB29P) AppleWebKit/537.36 (KHTML, like Gecko) Chrome/105.0.5195.125 Mobile Safari/537.36 (compatible; Googlebot/2.1; +http://www.google.com/bot.html)"
188.68.32.101 - - [22/Sep/2022:21:36:36 +0200] "GET /contact_us.php HTTP/1.0" 200 26241 "http://www.wonder-geek.com/contact_us.php" "Mozilla/5.0 (Windows NT 10.0; WOW64) AppleWebKit/537.36 (KHTML, like Gecko) Chrome/90.0.4400.8 Safari/537.36"
188.68.32.101 - - [22/Sep/2022:21:36:37 +0200] "POST /contact_us.php?action=send HTTP/1.0" 200 26674 "http://www.wonder-geek.com/contact_us.php" "Mozilla/5.0 (Windows NT 10.0; WOW64) AppleWebKit/537.36 (KHTML, like Gecko) Chrome/90.0.4400.8 Safari/537.36"
188.68.32.101 - - [22/Sep/2022:21:36:38 +0200] "GET /contact_us.php HTTP/1.0" 200 26241 "http://www.wonder-geek.com/contact_us.php" "Mozilla/5.0 (Windows NT 10.0; WOW64) AppleWebKit/537.36 (KHTML, like Gecko) Chrome/90.0.4400.8 Safari/537.36"
66.249.66.212 - - [22/Sep/2022:21:36:40 +0200] "GET /images/mini_prod/3438100339787.jpg HTTP/1.0" 200 269 "-" "Mozilla/5.0 (compatible; Googlebot/2.1; +http://www.google.com/bot.html)"
17.121.114.158 - - [22/Sep/2022:21:36:42 +0200] "GET /london-rectangular-mirror-p-29006.html HTTP/1.0" 200 72158 "-" "Mozilla/5.0 (Macintosh; Intel Mac OS X 10_15_5) AppleWebKit/605.1.15 (KHTML, like Gecko) Version/13.1.1 Safari/605.1.15 (Applebot/0.1; +http://www.apple.com/go/applebot)"
66.249.66.6 - - [22/Sep/2022:21:37:00 +0200] "GET /schleich-peanuts-charlie-brown-p-35079.html HTTP/1.0" 200 74930 "-" "Mozilla/5.0 (Linux; Android 6.0.1; Nexus 5X Build/MMB29P) AppleWebKit/537.36 (KHTML, like Gecko) Chrome/105.0.5195.125 Mobile Safari/537.36 (compatible; Googlebot/2.1; +http://www.google.com/bot.html)"
66.249.66.214 - - [22/Sep/2022:21:37:09 +0200] "GET /tea-for-one-little-hearts-p-52287.html HTTP/1.0" 301 75389 "-" "Mozilla/5.0 (compatible; Googlebot/2.1; +http://www.google.com/bot.html)"
66.249.66.56 - - [22/Sep/2022:21:37:11 +0200] "GET /little-hearts-p-52287.html HTTP/1.0" 200 75309 "-" "Mozilla/5.0 (compatible; Googlebot/2.1; +http://www.google.com/bot.html)"
66.249.66.212 - - [22/Sep/2022:21:37:27 +0200] "GET /images/mini_prod/4036113830827.jpg HTTP/1.0" 200 269 "-" "Mozilla/5.0 (compatible; Googlebot/2.1; +http://www.google.com/bot.html)"
66.249.66.212 - - [22/Sep/2022:21:37:30 +0200] "GET /decorative-white-squirrel-p-47109.html HTTP/1.0" 200 74862 "-" "Mozilla/5.0 (Linux; Android 6.0.1; Nexus 5X Build/MMB29P) AppleWebKit/537.36 (KHTML, like Gecko) Chrome/105.0.5195.125 Mobile Safari/537.36 (compatible; Googlebot/2.1; +http://www.google.com/bot.html)"
66.249.66.210 - - [22/Sep/2022:21:37:42 +0200] "GET /images/mini_prod/8422089800302.jpg HTTP/1.0" 200 269 "-" "Mozilla/5.0 (compatible; Googlebot/2.1; +http://www.google.com/bot.html)"
66.249.66.56 - - [22/Sep/2022:21:37:50 +0200] "GET /thread-count-cotton-percale-fitted-sheet-p-54440.html HTTP/1.0" 200 75841 "-" "Mozilla/5.0 (Linux; Android 6.0.1; Nexus 5X Build/MMB29P) AppleWebKit/537.36 (KHTML, like Gecko) Chrome/105.0.5195.125 Mobile Safari/537.36 (compatible; Googlebot/2.1; +http://www.google.com/bot.html)"
66.249.66.56 - - [22/Sep/2022:21:37:51 +0200] "GET /images/mini_prod/080109_161031_PEEL_xdwZBP.jpg HTTP/1.0" 200 281 "-" "Mozilla/5.0 (compatible; Googlebot/2.1; +http://www.google.com/bot.html)"
66.249.66.210 - - [22/Sep/2022:21:37:55 +0200] "GET /images/mini_prod/3700276874486.jpg HTTP/1.0" 200 269 "-" "Mozilla/5.0 (compatible; Googlebot/2.1; +http://www.google.com/bot.html)"
66.249.66.56 - - [22/Sep/2022:21:37:56 +0200] "GET /images/mini_prod/9316188067454.jpg HTTP/1.0" 200 269 "-" "Mozilla/5.0 (compatible; Googlebot/2.1; +http://www.google.com/bot.html)"
66.249.66.144 - - [22/Sep/2022:21:38:10 +0200] "GET /images/mini_prod/8422019609029.jpg HTTP/1.0" 200 269 "-" "Mozilla/5.0 (compatible; Googlebot/2.1; +http://www.google.com/bot.html)"
66.249.66.8 - - [22/Sep/2022:21:38:11 +0200] "GET /images/big_prod_1/8433933199671B.jpg HTTP/1.0" 200 271 "-" "Mozilla/5.0 (compatible; Googlebot/2.1; +http://www.google.com/bot.html)"
17.121.113.135 - - [22/Sep/2022:21:38:40 +0200] "GET /cafe-wall-decor-p-58318.html HTTP/1.0" 200 75326 "-" "Mozilla/5.0 (Macintosh; Intel Mac OS X 10_15_5) AppleWebKit/605.1.15 (KHTML, like Gecko) Version/13.1.1 Safari/605.1.15 (Applebot/0.1; +http://www.apple.com/go/applebot)"
185.191.171.22 - - [22/Sep/2022:21:39:23 +0200] "GET /-p-49290.html HTTP/1.0" 200 72060 "-" "Mozilla/5.0 (compatible; SemrushBot/7~bl; +http://www.semrush.com/bot.html)"
66.249.66.148 - - [22/Sep/2022:21:39:25 +0200] "GET /towels-napkins-c-11_177.html?page=2 HTTP/1.0" 200 94737 "-" "Mozilla/5.0 (Linux; Android 6.0.1; Nexus 5X Build/MMB29P) AppleWebKit/537.36 (KHTML, like Gecko) Chrome/105.0.5195.125 Mobile Safari/537.36 (compatible; Googlebot/2.1; +http://www.google.com/bot.html)"
185.191.171.13 - - [22/Sep/2022:21:39:31 +0200] "GET /white-piggy-bank-p-34691.html HTTP/1.0" 200 72114 "-" "Mozilla/5.0 (compatible; SemrushBot/7~bl; +http://www.semrush.com/bot.html)"
163.220.128.41 - - [22/Sep/2022:21:39:51 +0200] "GET /images/8036281601133.jpg HTTP/1.0" 200 259 "-" "Mozilla/5.0 (X11; Ubuntu; Linux x86_64; rv:72.0) Gecko/20100101 Firefox/72.0"
114.119.137.43 - - [22/Sep/2022:21:40:30 +0200] "GET /elmer-colored-pencil-p-14305.html HTTP/1.0" 200 74387 "http://www.wonder-geek.com/writing-correction-c-129_186.html?page=3" "Mozilla/5.0 (Linux; Android 7.0;) AppleWebKit/537.36 (KHTML, like Gecko) Mobile Safari/537.36 (compatible; PetalBot;+https://webmaster.petalsearch.com/site/petalbot)"
216.244.66.242 - - [22/Sep/2022:21:40:35 +0200] "GET /cats-dubout-photo-frame-cats-p-33754.html HTTP/1.0" 200 76106 "-" "Mozilla/5.0 (compatible; DotBot/1.2; +https://opensiteexplorer.org/dotbot; help@moz.com)"
66.249.66.68 - - [22/Sep/2022:21:40:53 +0200] "GET /images/mini_prod/190907_025632_PEEL_keGG7K.jpg HTTP/1.0" 200 281 "-" "Mozilla/5.0 (compatible; Googlebot/2.1; +http://www.google.com/bot.html)"
66.249.66.144 - - [22/Sep/2022:21:40:53 +0200] "GET /images/mini_prod/6942138919509.jpg HTTP/1.0" 200 269 "-" "Mozilla/5.0 (compatible; Googlebot/2.1; +http://www.google.com/bot.html)"
66.249.66.70 - - [22/Sep/2022:21:41:01 +0200] "GET /images/mini_prod/8422142192450.jpg HTTP/1.0" 200 269 "-" "Mozilla/5.0 (compatible; Googlebot/2.1; +http://www.google.com/bot.html)"
66.249.66.70 - - [22/Sep/2022:21:41:21 +0200] "GET /images/mini_prod/1384000000000.jpg HTTP/1.0" 200 269 "-" "Mozilla/5.0 (compatible; Googlebot/2.1; +http://www.google.com/bot.html)"
66.249.66.210 - - [22/Sep/2022:21:41:50 +0200] "GET /unicorn-night-light-p-55389.html HTTP/1.0" 200 76477 "-" "Mozilla/5.0 (Linux; Android 6.0.1; Nexus 5X Build/MMB29P) AppleWebKit/537.36 (KHTML, like Gecko) Chrome/105.0.5195.125 Mobile Safari/537.36 (compatible; Googlebot/2.1; +http://www.google.com/bot.html)"
66.249.66.210 - - [22/Sep/2022:21:42:01 +0200] "GET /images/mini_prod/1384010201176.jpg HTTP/1.0" 200 269 "-" "Mozilla/5.0 (compatible; Googlebot/2.1; +http://www.google.com/bot.html)"
185.191.171.4 - - [22/Sep/2022:21:42:12 +0200] "GET /-p-41972.html HTTP/1.0" 200 72060 "-" "Mozilla/5.0 (compatible; SemrushBot/7~bl; +http://www.semrush.com/bot.html)"
185.191.171.5 - - [22/Sep/2022:21:42:27 +0200] "GET /london-metal-keyring-welsh-guard-p-35353.html HTTP/1.0" 200 74796 "-" "Mozilla/5.0 (compatible; SemrushBot/7~bl; +http://www.semrush.com/bot.html)"
66.249.66.212 - - [22/Sep/2022:21:42:47 +0200] "GET /images/mini_prod/1399984254226.jpg HTTP/1.0" 200 269 "-" "Mozilla/5.0 (compatible; Googlebot/2.1; +http://www.google.com/bot.html)"
87.250.224.94 - - [22/Sep/2022:21:44:00 +0200] "GET /images/5601392210050.jpg HTTP/1.0" 200 259 "-" "Mozilla/5.0 (compatible; YandexImages/3.0; +http://yandex.com/bots)"
66.249.66.144 - - [22/Sep/2022:21:44:08 +0200] "GET /mickey-birthday-card-with-envelope-p-25252.html HTTP/1.0" 200 74758 "-" "Mozilla/5.0 (Linux; Android 6.0.1; Nexus 5X Build/MMB29P) AppleWebKit/537.36 (KHTML, like Gecko) Chrome/105.0.5195.125 Mobile Safari/537.36 (compatible; Googlebot/2.1; +http://www.google.com/bot.html)"
66.249.66.6 - - [22/Sep/2022:21:44:14 +0200] "GET /jamaica-coasters-p-24228.html HTTP/1.0" 200 74626 "-" "Mozilla/5.0 (Linux; Android 6.0.1; Nexus 5X Build/MMB29P) AppleWebKit/537.36 (KHTML, like Gecko) Chrome/105.0.5195.125 Mobile Safari/537.36 (compatible; Googlebot/2.1; +http://www.google.com/bot.html)"
163.220.128.41 - - [22/Sep/2022:21:44:36 +0200] "GET /images/mini_prod/3700653507945.jpg HTTP/1.0" 200 269 "-" "Mozilla/5.0 (X11; Ubuntu; Linux x86_64; rv:72.0) Gecko/20100101 Firefox/72.0"
147.92.153.7 - - [22/Sep/2022:21:44:53 +0200] "GET /retro-standing-clock-black-metal-with-gold-patina-p-58816.html HTTP/1.0" 200 75885 "-" "Mozilla/5.0 (compatible; Linespider/1.1; +https://lin.ee/4dwXkTH)"
147.92.153.12 - - [22/Sep/2022:21:44:56 +0200] "GET /swfobject.js HTTP/1.0" 404 1308 "http://www.wonder-geek.com/retro-standing-clock-black-metal-with-gold-patina-p-58816.html" "Mozilla/5.0 AppleWebKit/537.36 (KHTML, like Gecko; compatible; Linespider/1.1; +https://lin.ee/4dwXkTH) Chrome/101.0.4951.0 Safari/537.36, Mozilla/5.0 (compatible; Linespider/1.1; +https://lin.ee/4dwXkTH)"
185.191.171.22 - - [22/Sep/2022:21:44:58 +0200] "GET /lavande-soap-soap-p-40113.html HTTP/1.0" 200 74982 "-" "Mozilla/5.0 (compatible; SemrushBot/7~bl; +http://www.semrush.com/bot.html)"
66.249.66.58 - - [22/Sep/2022:21:45:40 +0200] "GET /images/big_prod_2/8422059532318C.jpg HTTP/1.0" 200 271 "-" "Googlebot-Image/1.0"
66.249.66.210 - - [22/Sep/2022:21:45:49 +0200] "GET /images/mini_prod/8435306290718.jpg HTTP/1.0" 200 269 "-" "Mozilla/5.0 (compatible; Googlebot/2.1; +http://www.google.com/bot.html)"
216.244.66.242 - - [22/Sep/2022:21:45:47 +0200] "GET /cushions-c-11_71.html?page=16 HTTP/1.0" 200 81553 "-" "Mozilla/5.0 (compatible; DotBot/1.2; +https://opensiteexplorer.org/dotbot; help@moz.com)"
34.67.96.123 - - [22/Sep/2022:21:45:53 +0200] "GET /images/mini_prod/1300000020282.jpg HTTP/1.0" 200 269 "-" "Mozilla/5.0 (X11; Ubuntu; Linux x86_64; rv:72.0) Gecko/20100101 Firefox/72.0"
216.244.66.242 - - [22/Sep/2022:21:45:55 +0200] "GET /white-natural-mini-wooden-p-55032.html HTTP/1.0" 200 75591 "-" "Mozilla/5.0 (compatible; DotBot/1.2; +https://opensiteexplorer.org/dotbot; help@moz.com)"
66.249.66.68 - - [22/Sep/2022:21:45:56 +0200] "GET /repositionable-wall-stickers-p-28115.html HTTP/1.0" 200 74985 "-" "Mozilla/5.0 (compatible; Googlebot/2.1; +http://www.google.com/bot.html)"
66.249.66.60 - - [22/Sep/2022:21:46:09 +0200] "GET /tea-for-one-little-hearts-p-52287.html HTTP/1.0" 301 75389 "-" "Mozilla/5.0 (Linux; Android 6.0.1; Nexus 5X Build/MMB29P) AppleWebKit/537.36 (KHTML, like Gecko) Chrome/105.0.5195.125 Mobile Safari/537.36 (compatible; Googlebot/2.1; +http://www.google.com/bot.html)"
66.249.66.144 - - [22/Sep/2022:21:46:11 +0200] "GET /little-hearts-p-52287.html HTTP/1.0" 200 75309 "-" "Mozilla/5.0 (Linux; Android 6.0.1; Nexus 5X Build/MMB29P) AppleWebKit/537.36 (KHTML, like Gecko) Chrome/105.0.5195.125 Mobile Safari/537.36 (compatible; Googlebot/2.1; +http://www.google.com/bot.html)"
66.249.66.68 - - [22/Sep/2022:21:46:16 +0200] "GET /images/big_prod/3503420144462.jpg HTTP/1.0" 200 268 "-" "Googlebot-Image/1.0"
185.191.171.26 - - [22/Sep/2022:21:46:31 +0200] "GET /ginkgo-table-lamp-p-55084.html HTTP/1.0" 200 72132 "-" "Mozilla/5.0 (compatible; SemrushBot/7~bl; +http://www.semrush.com/bot.html)"
66.249.66.144 - - [22/Sep/2022:21:46:39 +0200] "GET /wooden-support-for-keys-grey-p-41923.html HTTP/1.0" 301 72249 "-" "Mozilla/5.0 (Linux; Android 6.0.1; Nexus 5X Build/MMB29P) AppleWebKit/537.36 (KHTML, like Gecko) Chrome/105.0.5195.125 Mobile Safari/537.36 (compatible; Googlebot/2.1; +http://www.google.com/bot.html)"
66.249.66.210 - - [22/Sep/2022:21:46:41 +0200] "GET /wooden-support-keys-grey-p-41923.html HTTP/1.0" 200 72158 "-" "Mozilla/5.0 (Linux; Android 6.0.1; Nexus 5X Build/MMB29P) AppleWebKit/537.36 (KHTML, like Gecko) Chrome/105.0.5195.125 Mobile Safari/537.36 (compatible; Googlebot/2.1; +http://www.google.com/bot.html)"
185.191.171.40 - - [22/Sep/2022:21:46:45 +0200] "GET /beach-cabin-tray-melamine-p-54920.html HTTP/1.0" 200 74864 "-" "Mozilla/5.0 (compatible; SemrushBot/7~bl; +http://www.semrush.com/bot.html)"
185.191.171.44 - - [22/Sep/2022:21:46:59 +0200] "GET /provence-soap-dish-p-44566.html HTTP/1.0" 200 74672 "-" "Mozilla/5.0 (compatible; SemrushBot/7~bl; +http://www.semrush.com/bot.html)"
203.119.241.110 - - [22/Sep/2022:21:47:16 +0200] "GET /images/mini_prod/4007176122563.jpg HTTP/1.0" 200 269 "-" "Mozilla/5.0 (X11; Ubuntu; Linux x86_64; rv:72.0) Gecko/20100101 Firefox/72.0"
66.249.66.70 - - [22/Sep/2022:21:48:10 +0200] "GET /images/mini_prod/17637.jpg HTTP/1.0" 200 261 "-" "Mozilla/5.0 (compatible; Googlebot/2.1; +http://www.google.com/bot.html)"
51.68.224.127 - - [22/Sep/2022:21:48:38 +0200] "GET /adminweb/export_orders_xml.php?token=256de2z6edz6ed2z6DFSFsed2zed6zeDSFDSGdzedezfzf&maxorders=10&orderstart=1&status=14&start_date=2018-10-01 HTTP/1.0" 200 285 "-" "GesCom CharlotteBoutik Serveur"
51.68.224.127 - - [22/Sep/2022:21:48:38 +0200] "GET /adminweb/export_orders_xml.php?token=256de2z6edz6ed2z6DFSFsed2zed6zeDSFDSGdzedezfzf&maxorders=10&orderstart=1&status=6&start_date=2018-10-01 HTTP/1.0" 200 33985 "-" "GesCom CharlotteBoutik Serveur"
66.249.66.6 - - [22/Sep/2022:21:48:50 +0200] "GET /images/big_prod/3442440282764.jpg HTTP/1.0" 200 268 "-" "Googlebot-Image/1.0"
66.249.66.144 - - [22/Sep/2022:21:49:04 +0200] "GET /decoration-pen-hippos-p-21332.html HTTP/1.0" 301 74939 "-" "Mozilla/5.0 (Linux; Android 6.0.1; Nexus 5X Build/MMB29P) AppleWebKit/537.36 (KHTML, like Gecko) Chrome/105.0.5195.125 Mobile Safari/537.36 (compatible; Googlebot/2.1; +http://www.google.com/bot.html)"
66.249.66.144 - - [22/Sep/2022:21:49:06 +0200] "GET /decoration-hippos-p-21332.html HTTP/1.0" 200 74855 "-" "Mozilla/5.0 (Linux; Android 6.0.1; Nexus 5X Build/MMB29P) AppleWebKit/537.36 (KHTML, like Gecko) Chrome/105.0.5195.125 Mobile Safari/537.36 (compatible; Googlebot/2.1; +http://www.google.com/bot.html)"
66.249.66.210 - - [22/Sep/2022:21:49:09 +0200] "GET /mondial_relay/js/jquery-1.3.2.min.js HTTP/1.0" 200 276 "http://www.wonder-geek.com/decoration-hippos-p-21332.html" "Mozilla/5.0 (Linux; Android 6.0.1; Nexus 5X Build/MMB29P) AppleWebKit/537.36 (KHTML, like Gecko) Chrome/105.0.5195.102 Mobile Safari/537.36 (compatible; Googlebot/2.1; +http://www.google.com/bot.html)"
185.191.171.21 - - [22/Sep/2022:21:49:18 +0200] "GET /-p-474.html HTTP/1.0" 200 72056 "-" "Mozilla/5.0 (compatible; SemrushBot/7~bl; +http://www.semrush.com/bot.html)"
34.67.96.123 - - [22/Sep/2022:21:49:22 +0200] "GET /images/3438100333747.jpg HTTP/1.0" 200 259 "-" "Mozilla/5.0 (X11; Ubuntu; Linux x86_64; rv:72.0) Gecko/20100101 Firefox/72.0"
66.249.66.6 - - [22/Sep/2022:21:49:22 +0200] "GET /images/mini_prod/3574642579806.jpg HTTP/1.0" 200 269 "-" "Mozilla/5.0 (compatible; Googlebot/2.1; +http://www.google.com/bot.html)"
87.250.224.94 - - [22/Sep/2022:21:49:47 +0200] "GET /personalized-products-c-97.html?page=5 HTTP/1.0" 200 81514 "-" "Mozilla/5.0 (compatible; YandexBot/3.0; +http://yandex.com/bots)"
87.250.224.94 - - [22/Sep/2022:21:49:50 +0200] "GET /pinasun-bedclothes-240-220-cm-p-47186.html HTTP/1.0" 301 72127 "-" "Mozilla/5.0 (compatible; YandexBot/3.0; +http://yandex.com/bots)"
87.250.224.94 - - [22/Sep/2022:21:49:52 +0200] "GET /-p-47186.html HTTP/1.0" 200 72060 "-" "Mozilla/5.0 (compatible; YandexBot/3.0; +http://yandex.com/bots)"
185.191.171.15 - - [22/Sep/2022:21:50:06 +0200] "GET /aime-bien-lunettes-glasses-p-41487.html HTTP/1.0" 200 74850 "-" "Mozilla/5.0 (compatible; SemrushBot/7~bl; +http://www.semrush.com/bot.html)"
87.250.224.94 - - [22/Sep/2022:21:50:14 +0200] "GET /love-personnalized-ipad-pink-shell-p-17685.html HTTP/1.0" 200 75058 "-" "Mozilla/5.0 (compatible; YandexBot/3.0; +http://yandex.com/bots)"
185.191.171.10 - - [22/Sep/2022:21:50:37 +0200] "GET /plush-tree-hanging-decorations-p-52842.html HTTP/1.0" 200 74849 "-" "Mozilla/5.0 (compatible; SemrushBot/7~bl; +http://www.semrush.com/bot.html)"
172.56.73.218 - - [22/Sep/2022:21:51:09 +0200] "GET /talent-ludwig-beethoven-tassen-made-germany-p-54341.html HTTP/1.0" 200 77681 "https://www.google.com/" "Mozilla/5.0 (Macintosh; Intel Mac OS X 10_15_7) AppleWebKit/605.1.15 (KHTML, like Gecko) Version/15.6.1 Safari/605.1.15"
172.56.73.218 - - [22/Sep/2022:21:51:11 +0200] "GET /js/jquery.js HTTP/1.0" 200 252 "http://www.wonder-geek.com/talent-ludwig-beethoven-tassen-made-germany-p-54341.html" "Mozilla/5.0 (Macintosh; Intel Mac OS X 10_15_7) AppleWebKit/605.1.15 (KHTML, like Gecko) Version/15.6.1 Safari/605.1.15"
172.56.73.218 - - [22/Sep/2022:21:51:11 +0200] "GET /js/jquery.jqzoom.js HTTP/1.0" 200 259 "http://www.wonder-geek.com/talent-ludwig-beethoven-tassen-made-germany-p-54341.html" "Mozilla/5.0 (Macintosh; Intel Mac OS X 10_15_7) AppleWebKit/605.1.15 (KHTML, like Gecko) Version/15.6.1 Safari/605.1.15"
172.56.73.218 - - [22/Sep/2022:21:51:11 +0200] "GET /templates/Pixame_v1/stylesheet.css HTTP/1.0" 200 267 "http://www.wonder-geek.com/talent-ludwig-beethoven-tassen-made-germany-p-54341.html" "Mozilla/5.0 (Macintosh; Intel Mac OS X 10_15_7) AppleWebKit/605.1.15 (KHTML, like Gecko) Version/15.6.1 Safari/605.1.15"
172.56.73.218 - - [22/Sep/2022:21:51:11 +0200] "GET /highslide/highslide.js HTTP/1.0" 200 262 "http://www.wonder-geek.com/talent-ludwig-beethoven-tassen-made-germany-p-54341.html" "Mozilla/5.0 (Macintosh; Intel Mac OS X 10_15_7) AppleWebKit/605.1.15 (KHTML, like Gecko) Version/15.6.1 Safari/605.1.15"
172.56.73.218 - - [22/Sep/2022:21:51:11 +0200] "GET /mondial_relay/js/jquery-1.3.2.min.js HTTP/1.0" 200 276 "http://www.wonder-geek.com/talent-ludwig-beethoven-tassen-made-germany-p-54341.html" "Mozilla/5.0 (Macintosh; Intel Mac OS X 10_15_7) AppleWebKit/605.1.15 (KHTML, like Gecko) Version/15.6.1 Safari/605.1.15"
172.56.73.218 - - [22/Sep/2022:21:51:11 +0200] "GET /swfobject.js HTTP/1.0" 404 1308 "http://www.wonder-geek.com/talent-ludwig-beethoven-tassen-made-germany-p-54341.html" "Mozilla/5.0 (Macintosh; Intel Mac OS X 10_15_7) AppleWebKit/605.1.15 (KHTML, like Gecko) Version/15.6.1 Safari/605.1.15"
172.56.73.218 - - [22/Sep/2022:21:51:11 +0200] "GET /templates/Pixame_v1/images/icon_accueil2.png HTTP/1.0" 200 278 "http://www.wonder-geek.com/talent-ludwig-beethoven-tassen-made-germany-p-54341.html" "Mozilla/5.0 (Macintosh; Intel Mac OS X 10_15_7) AppleWebKit/605.1.15 (KHTML, like Gecko) Version/15.6.1 Safari/605.1.15"
172.56.73.218 - - [22/Sep/2022:21:51:11 +0200] "GET /templates/Pixame_v1/images/infobox/pixel_trans.gif HTTP/1.0" 200 328 "http://www.wonder-geek.com/talent-ludwig-beethoven-tassen-made-germany-p-54341.html" "Mozilla/5.0 (Macintosh; Intel Mac OS X 10_15_7) AppleWebKit/605.1.15 (KHTML, like Gecko) Version/15.6.1 Safari/605.1.15"
172.56.73.218 - - [22/Sep/2022:21:51:11 +0200] "GET /templates/Pixame_v1/images/Bottom_texture.jpg HTTP/1.0" 200 280 "http://www.wonder-geek.com/talent-ludwig-beethoven-tassen-made-germany-p-54341.html" "Mozilla/5.0 (Macintosh; Intel Mac OS X 10_15_7) AppleWebKit/605.1.15 (KHTML, like Gecko) Version/15.6.1 Safari/605.1.15"
172.56.73.218 - - [22/Sep/2022:21:51:11 +0200] "GET /images/pixel_trans.gif HTTP/1.0" 200 328 "http://www.wonder-geek.com/talent-ludwig-beethoven-tassen-made-germany-p-54341.html" "Mozilla/5.0 (Macintosh; Intel Mac OS X 10_15_7) AppleWebKit/605.1.15 (KHTML, like Gecko) Version/15.6.1 Safari/605.1.15"
172.56.73.218 - - [22/Sep/2022:21:51:11 +0200] "GET /templates/Pixame_v1/images/nav.png HTTP/1.0" 200 268 "http://www.wonder-geek.com/talent-ludwig-beethoven-tassen-made-germany-p-54341.html" "Mozilla/5.0 (Macintosh; Intel Mac OS X 10_15_7) AppleWebKit/605.1.15 (KHTML, like Gecko) Version/15.6.1 Safari/605.1.15"
172.56.73.218 - - [22/Sep/2022:21:51:11 +0200] "GET /images/big_prod/4250255880032.jpg HTTP/1.0" 200 268 "http://www.wonder-geek.com/talent-ludwig-beethoven-tassen-made-germany-p-54341.html" "Mozilla/5.0 (Macintosh; Intel Mac OS X 10_15_7) AppleWebKit/605.1.15 (KHTML, like Gecko) Version/15.6.1 Safari/605.1.15"
172.56.73.218 - - [22/Sep/2022:21:51:11 +0200] "GET /templates/Pixame_v1/images/pixel_trans.gif HTTP/1.0" 200 328 "http://www.wonder-geek.com/talent-ludwig-beethoven-tassen-made-germany-p-54341.html" "Mozilla/5.0 (Macintosh; Intel Mac OS X 10_15_7) AppleWebKit/605.1.15 (KHTML, like Gecko) Version/15.6.1 Safari/605.1.15"
172.56.73.218 - - [22/Sep/2022:21:51:12 +0200] "GET /templates/Pixame_v1/images/header.png HTTP/1.0" 200 271 "http://www.wonder-geek.com/talent-ludwig-beethoven-tassen-made-germany-p-54341.html" "Mozilla/5.0 (Macintosh; Intel Mac OS X 10_15_7) AppleWebKit/605.1.15 (KHTML, like Gecko) Version/15.6.1 Safari/605.1.15"
172.56.73.218 - - [22/Sep/2022:21:51:12 +0200] "GET /templates/Pixame_v1/images/Middle_texture.jpg HTTP/1.0" 200 280 "http://www.wonder-geek.com/talent-ludwig-beethoven-tassen-made-germany-p-54341.html" "Mozilla/5.0 (Macintosh; Intel Mac OS X 10_15_7) AppleWebKit/605.1.15 (KHTML, like Gecko) Version/15.6.1 Safari/605.1.15"
172.56.73.218 - - [22/Sep/2022:21:51:12 +0200] "GET /templates/Pixame_v1/images/infobox/infobox_footer_middle.gif HTTP/1.0" 200 357 "http://www.wonder-geek.com/talent-ludwig-beethoven-tassen-made-germany-p-54341.html" "Mozilla/5.0 (Macintosh; Intel Mac OS X 10_15_7) AppleWebKit/605.1.15 (KHTML, like Gecko) Version/15.6.1 Safari/605.1.15"
