49.36.220.172 - - [22/Sep/2022:17:01:53 +0200] "GET /templates/Pixame_v1/images/icon_accueil2.png HTTP/1.0" 200 278 "http://www.wonder-geek.com/zinc-look-metal-flowerpot-cover-pumpkin-yellow-p-55460.html" "Mozilla/5.0 (Windows NT 10.0; Win64; x64) AppleWebKit/537.36 (KHTML, like Gecko) Chrome/105.0.0.0 Safari/537.36 Edg/105.0.1343.42"
49.36.220.172 - - [22/Sep/2022:17:01:54 +0200] "GET /templates/Pixame_v1/images/Bottom_texture.jpg HTTP/1.0" 200 280 "http://www.wonder-geek.com/templates/Pixame_v1/stylesheet.css" "Mozilla/5.0 (Windows NT 10.0; Win64; x64) AppleWebKit/537.36 (KHTML, like Gecko) Chrome/105.0.0.0 Safari/537.36 Edg/105.0.1343.42"
157.55.39.80 - - [22/Sep/2022:17:01:51 +0200] "GET /cactus-theme-indian-espresso-p-39625.html HTTP/1.0" 200 74761 "-" "Mozilla/5.0 (compatible; bingbot/2.0; +http://www.bing.com/bingbot.htm)"
49.36.220.172 - - [22/Sep/2022:17:01:54 +0200] "GET /templates/Pixame_v1/images/Middle_texture.jpg HTTP/1.0" 200 280 "http://www.wonder-geek.com/templates/Pixame_v1/stylesheet.css" "Mozilla/5.0 (Windows NT 10.0; Win64; x64) AppleWebKit/537.36 (KHTML, like Gecko) Chrome/105.0.0.0 Safari/537.36 Edg/105.0.1343.42"
49.36.220.172 - - [22/Sep/2022:17:01:54 +0200] "GET /templates/Pixame_v1/images/header.png HTTP/1.0" 200 271 "http://www.wonder-geek.com/templates/Pixame_v1/stylesheet.css" "Mozilla/5.0 (Windows NT 10.0; Win64; x64) AppleWebKit/537.36 (KHTML, like Gecko) Chrome/105.0.0.0 Safari/537.36 Edg/105.0.1343.42"
157.90.177.217 - - [22/Sep/2022:17:01:53 +0200] "GET /white-board-wood-p-39456.html HTTP/1.0" 200 74932 "-" "Mozilla/5.0 (compatible; BLEXBot/1.0; +http://webmeup-crawler.com/)"
49.36.220.172 - - [22/Sep/2022:17:01:55 +0200] "GET /templates/Pixame_v1/images/nav.png HTTP/1.0" 200 268 "http://www.wonder-geek.com/templates/Pixame_v1/stylesheet.css" "Mozilla/5.0 (Windows NT 10.0; Win64; x64) AppleWebKit/537.36 (KHTML, like Gecko) Chrome/105.0.0.0 Safari/537.36 Edg/105.0.1343.42"
49.36.220.172 - - [22/Sep/2022:17:01:55 +0200] "GET /templates/Pixame_v1/images/header-object.png HTTP/1.0" 200 278 "http://www.wonder-geek.com/templates/Pixame_v1/stylesheet.css" "Mozilla/5.0 (Windows NT 10.0; Win64; x64) AppleWebKit/537.36 (KHTML, like Gecko) Chrome/105.0.0.0 Safari/537.36 Edg/105.0.1343.42"
49.36.220.172 - - [22/Sep/2022:17:01:56 +0200] "GET /images/big_prod/3665284220611.jpg HTTP/1.0" 200 268 "http://www.wonder-geek.com/zinc-look-metal-flowerpot-cover-pumpkin-yellow-p-55460.html" "Mozilla/5.0 (Windows NT 10.0; Win64; x64) AppleWebKit/537.36 (KHTML, like Gecko) Chrome/105.0.0.0 Safari/537.36 Edg/105.0.1343.42"
49.36.220.172 - - [22/Sep/2022:17:01:56 +0200] "GET /highslide/graphics/zoomin.cur HTTP/1.0" 200 614 "http://www.wonder-geek.com/templates/Pixame_v1/stylesheet.css" "Mozilla/5.0 (Windows NT 10.0; Win64; x64) AppleWebKit/537.36 (KHTML, like Gecko) Chrome/105.0.0.0 Safari/537.36 Edg/105.0.1343.42"
49.36.220.172 - - [22/Sep/2022:17:01:56 +0200] "GET /design/productsenstock.png HTTP/1.0" 200 260 "http://www.wonder-geek.com/templates/Pixame_v1/stylesheet.css" "Mozilla/5.0 (Windows NT 10.0; Win64; x64) AppleWebKit/537.36 (KHTML, like Gecko) Chrome/105.0.0.0 Safari/537.36 Edg/105.0.1343.42"
49.36.220.172 - - [22/Sep/2022:17:01:56 +0200] "GET /templates/Pixame_v1/images/infobox/infobox_footer_middle.gif HTTP/1.0" 200 357 "http://www.wonder-geek.com/zinc-look-metal-flowerpot-cover-pumpkin-yellow-p-55460.html" "Mozilla/5.0 (Windows NT 10.0; Win64; x64) AppleWebKit/537.36 (KHTML, like Gecko) Chrome/105.0.0.0 Safari/537.36 Edg/105.0.1343.42"
49.36.220.172 - - [22/Sep/2022:17:01:56 +0200] "GET /images/pixel_trans.gif HTTP/1.0" 200 328 "http://www.wonder-geek.com/zinc-look-metal-flowerpot-cover-pumpkin-yellow-p-55460.html" "Mozilla/5.0 (Windows NT 10.0; Win64; x64) AppleWebKit/537.36 (KHTML, like Gecko) Chrome/105.0.0.0 Safari/537.36 Edg/105.0.1343.42"
49.36.220.172 - - [22/Sep/2022:17:01:57 +0200] "GET /templates/Pixame_v1/images/infobox/pixel_trans.gif HTTP/1.0" 200 328 "http://www.wonder-geek.com/zinc-look-metal-flowerpot-cover-pumpkin-yellow-p-55460.html" "Mozilla/5.0 (Windows NT 10.0; Win64; x64) AppleWebKit/537.36 (KHTML, like Gecko) Chrome/105.0.0.0 Safari/537.36 Edg/105.0.1343.42"
49.36.220.172 - - [22/Sep/2022:17:01:57 +0200] "GET /templates/Pixame_v1/images/pixel_trans.gif HTTP/1.0" 200 328 "http://www.wonder-geek.com/zinc-look-metal-flowerpot-cover-pumpkin-yellow-p-55460.html" "Mozilla/5.0 (Windows NT 10.0; Win64; x64) AppleWebKit/537.36 (KHTML, like Gecko) Chrome/105.0.0.0 Safari/537.36 Edg/105.0.1343.42"
49.36.220.172 - - [22/Sep/2022:17:01:57 +0200] "GET /images/big_prod_1/3665284220611a.jpg HTTP/1.0" 200 271 "http://www.wonder-geek.com/zinc-look-metal-flowerpot-cover-pumpkin-yellow-p-55460.html" "Mozilla/5.0 (Windows NT 10.0; Win64; x64) AppleWebKit/537.36 (KHTML, like Gecko) Chrome/105.0.0.0 Safari/537.36 Edg/105.0.1343.42"
49.36.220.172 - - [22/Sep/2022:17:01:57 +0200] "GET /templates/Pixame_v1/images/buttons/english/button_in_cart.gif HTTP/1.0" 200 295 "http://www.wonder-geek.com/zinc-look-metal-flowerpot-cover-pumpkin-yellow-p-55460.html" "Mozilla/5.0 (Windows NT 10.0; Win64; x64) AppleWebKit/537.36 (KHTML, like Gecko) Chrome/105.0.0.0 Safari/537.36 Edg/105.0.1343.42"
49.36.220.172 - - [22/Sep/2022:17:01:58 +0200] "GET /highslide/graphics/outlines/drop-shadow.png HTTP/1.0" 200 277 "http://www.wonder-geek.com/zinc-look-metal-flowerpot-cover-pumpkin-yellow-p-55460.html" "Mozilla/5.0 (Windows NT 10.0; Win64; x64) AppleWebKit/537.36 (KHTML, like Gecko) Chrome/105.0.0.0 Safari/537.36 Edg/105.0.1343.42"
49.36.220.172 - - [22/Sep/2022:17:01:58 +0200] "GET /highslide/graphics/zoomout.cur HTTP/1.0" 200 614 "http://www.wonder-geek.com/zinc-look-metal-flowerpot-cover-pumpkin-yellow-p-55460.html" "Mozilla/5.0 (Windows NT 10.0; Win64; x64) AppleWebKit/537.36 (KHTML, like Gecko) Chrome/105.0.0.0 Safari/537.36 Edg/105.0.1343.42"
49.36.220.172 - - [22/Sep/2022:17:01:58 +0200] "GET /highslide/graphics/loader.white.gif HTTP/1.0" 200 960 "http://www.wonder-geek.com/templates/Pixame_v1/stylesheet.css" "Mozilla/5.0 (Windows NT 10.0; Win64; x64) AppleWebKit/537.36 (KHTML, like Gecko) Chrome/105.0.0.0 Safari/537.36 Edg/105.0.1343.42"
49.36.220.172 - - [22/Sep/2022:17:01:59 +0200] "GET /favicon.ico HTTP/1.0" 200 260 "http://www.wonder-geek.com/zinc-look-metal-flowerpot-cover-pumpkin-yellow-p-55460.html" "Mozilla/5.0 (Windows NT 10.0; Win64; x64) AppleWebKit/537.36 (KHTML, like Gecko) Chrome/105.0.0.0 Safari/537.36 Edg/105.0.1343.42"
114.119.133.245 - - [22/Sep/2022:17:01:59 +0200] "GET /gormiti-polar-blanket-p-8103.html HTTP/1.0" 301 72124 "-" "Mozilla/5.0 (Linux; Android 7.0;) AppleWebKit/537.36 (KHTML, like Gecko) Mobile Safari/537.36 (compatible; PetalBot;+https://webmaster.petalsearch.com/site/petalbot)"
114.119.133.245 - - [22/Sep/2022:17:02:00 +0200] "GET /-p-8103.html HTTP/1.0" 200 72058 "-" "Mozilla/5.0 (Linux; Android 7.0;) AppleWebKit/537.36 (KHTML, like Gecko) Mobile Safari/537.36 (compatible; PetalBot;+https://webmaster.petalsearch.com/site/petalbot)"
157.90.177.217 - - [22/Sep/2022:17:02:10 +0200] "GET /white-ceramic-p-50009.html HTTP/1.0" 200 74665 "-" "Mozilla/5.0 (compatible; BLEXBot/1.0; +http://webmeup-crawler.com/)"
5.161.89.173 - - [22/Sep/2022:17:02:14 +0200] "GET /images/mini_prod/5036278052187.jpg HTTP/1.0" 200 269 "-" "Mozilla/5.0 (X11; Ubuntu; Linux x86_64; rv:72.0) Gecko/20100101 Firefox/72.0"
49.36.220.172 - - [22/Sep/2022:17:02:15 +0200] "GET /zinc-look-metal-flowerpot-cover-pumpkin-yellow-p-55460.html HTTP/1.0" 200 75540 "-" "Mozilla/5.0 (Windows NT 10.0; Win64; x64) AppleWebKit/537.36 (KHTML, like Gecko) Chrome/105.0.0.0 Safari/537.36 Edg/105.0.1343.42"
49.36.220.172 - - [22/Sep/2022:17:02:16 +0200] "GET /swfobject.js HTTP/1.0" 404 1308 "http://www.wonder-geek.com/zinc-look-metal-flowerpot-cover-pumpkin-yellow-p-55460.html" "Mozilla/5.0 (Windows NT 10.0; Win64; x64) AppleWebKit/537.36 (KHTML, like Gecko) Chrome/105.0.0.0 Safari/537.36 Edg/105.0.1343.42"
157.90.177.217 - - [22/Sep/2022:17:02:18 +0200] "GET /white-cotton-chandelier-p-58310.html HTTP/1.0" 200 75581 "-" "Mozilla/5.0 (compatible; BLEXBot/1.0; +http://webmeup-crawler.com/)"
157.90.177.217 - - [22/Sep/2022:17:02:25 +0200] "GET /white-decorative-statue-p-31563.html HTTP/1.0" 200 74854 "-" "Mozilla/5.0 (compatible; BLEXBot/1.0; +http://webmeup-crawler.com/)"
49.36.220.172 - - [22/Sep/2022:17:02:31 +0200] "GET /highslide/graphics/fullexpand.gif HTTP/1.0" 200 495 "http://www.wonder-geek.com/templates/Pixame_v1/stylesheet.css" "Mozilla/5.0 (Windows NT 10.0; Win64; x64) AppleWebKit/537.36 (KHTML, like Gecko) Chrome/105.0.0.0 Safari/537.36 Edg/105.0.1343.42"
157.90.177.217 - - [22/Sep/2022:17:02:31 +0200] "GET /white-foliage-soliflore-p-36360.html HTTP/1.0" 200 74744 "-" "Mozilla/5.0 (compatible; BLEXBot/1.0; +http://webmeup-crawler.com/)"
157.90.177.217 - - [22/Sep/2022:17:02:36 +0200] "GET /white-gold-jewelry-holder-p-58457.html HTTP/1.0" 200 75751 "-" "Mozilla/5.0 (compatible; BLEXBot/1.0; +http://webmeup-crawler.com/)"
157.90.177.217 - - [22/Sep/2022:17:02:42 +0200] "GET /white-jellyfish-paperweight-glass-p-58647.html HTTP/1.0" 200 75460 "-" "Mozilla/5.0 (compatible; BLEXBot/1.0; +http://webmeup-crawler.com/)"
49.36.220.172 - - [22/Sep/2022:17:02:44 +0200] "OPTIONS /images/big_prod/ HTTP/1.0" 200 223 "-" "Microsoft Office Protocol Discovery"
49.36.220.172 - - [22/Sep/2022:17:02:44 +0200] "OPTIONS /images/big_prod/ HTTP/1.0" 200 223 "-" "Microsoft Office Protocol Discovery"
49.36.220.172 - - [22/Sep/2022:17:02:44 +0200] "GET /images/big_prod/3665284220611.jpg HTTP/1.0" 200 268 "-" "Mozilla/4.0 (compatible; MSIE 7.0; Windows NT 6.2; WOW64; Trident/7.0; .NET4.0C; .NET4.0E; InfoPath.3; ms-office; MSOffice 14)"
49.36.220.172 - - [22/Sep/2022:17:02:46 +0200] "OPTIONS /images/big_prod/ HTTP/1.0" 200 223 "-" "Microsoft Office Protocol Discovery"
49.36.220.172 - - [22/Sep/2022:17:02:46 +0200] "OPTIONS /images/big_prod/ HTTP/1.0" 200 223 "-" "Microsoft Office Protocol Discovery"
157.90.177.217 - - [22/Sep/2022:17:02:49 +0200] "GET /white-kitchen-towel-p-38795.html HTTP/1.0" 200 74730 "-" "Mozilla/5.0 (compatible; BLEXBot/1.0; +http://webmeup-crawler.com/)"
157.90.177.217 - - [22/Sep/2022:17:02:55 +0200] "GET /white-lampshade-p-53665.html HTTP/1.0" 200 74735 "-" "Mozilla/5.0 (compatible; BLEXBot/1.0; +http://webmeup-crawler.com/)"
157.90.177.217 - - [22/Sep/2022:17:03:00 +0200] "GET /white-lampshade-p-56443.html HTTP/1.0" 200 74736 "-" "Mozilla/5.0 (compatible; BLEXBot/1.0; +http://webmeup-crawler.com/)"
185.191.171.18 - - [22/Sep/2022:17:03:04 +0200] "GET /-p-49635.html HTTP/1.0" 200 72060 "-" "Mozilla/5.0 (compatible; SemrushBot/7~bl; +http://www.semrush.com/bot.html)"
157.90.177.217 - - [22/Sep/2022:17:03:06 +0200] "GET /white-lampshade-p-58625.html HTTP/1.0" 200 75328 "-" "Mozilla/5.0 (compatible; BLEXBot/1.0; +http://webmeup-crawler.com/)"
157.90.177.217 - - [22/Sep/2022:17:03:12 +0200] "GET /white-lampshade-p-58792.html HTTP/1.0" 200 75527 "-" "Mozilla/5.0 (compatible; BLEXBot/1.0; +http://webmeup-crawler.com/)"
157.90.177.217 - - [22/Sep/2022:17:03:17 +0200] "GET /white-meditation-buddha-resin-statuette-p-50399.html HTTP/1.0" 200 74928 "-" "Mozilla/5.0 (compatible; BLEXBot/1.0; +http://webmeup-crawler.com/)"
157.90.177.217 - - [22/Sep/2022:17:03:24 +0200] "GET /white-metal-chandelier-p-58722.html HTTP/1.0" 200 75540 "-" "Mozilla/5.0 (compatible; BLEXBot/1.0; +http://webmeup-crawler.com/)"
66.249.66.10 - - [22/Sep/2022:17:03:29 +0200] "GET /images/mini_prod/3560600300964.jpg HTTP/1.0" 200 269 "-" "Mozilla/5.0 (compatible; Googlebot/2.1; +http://www.google.com/bot.html)"
114.119.137.45 - - [22/Sep/2022:17:03:30 +0200] "GET /luggages-schoolbags-leather-shop-c-31.html?page=29 HTTP/1.0" 200 93524 "http://www.wonder-geek.com/luggages-schoolbags-leather-shop-c-31.html?page=22" "Mozilla/5.0 (Linux; Android 7.0;) AppleWebKit/537.36 (KHTML, like Gecko) Mobile Safari/537.36 (compatible; PetalBot;+https://webmaster.petalsearch.com/site/petalbot)"
157.90.177.217 - - [22/Sep/2022:17:03:30 +0200] "GET /white-metal-chandelier-p-58726.html HTTP/1.0" 200 75543 "-" "Mozilla/5.0 (compatible; BLEXBot/1.0; +http://webmeup-crawler.com/)"
157.90.177.217 - - [22/Sep/2022:17:03:36 +0200] "GET /white-metal-umbrella-stand-p-57538.html HTTP/1.0" 200 75374 "-" "Mozilla/5.0 (compatible; BLEXBot/1.0; +http://webmeup-crawler.com/)"
66.249.66.210 - - [22/Sep/2022:17:03:39 +0200] "GET /images/mini_prod/3371010281282.jpg HTTP/1.0" 200 269 "-" "Mozilla/5.0 (compatible; Googlebot/2.1; +http://www.google.com/bot.html)"
157.90.177.217 - - [22/Sep/2022:17:03:42 +0200] "GET /white-metal-umbrella-stand-p-57882.html HTTP/1.0" 200 75361 "-" "Mozilla/5.0 (compatible; BLEXBot/1.0; +http://webmeup-crawler.com/)"
66.249.66.56 - - [22/Sep/2022:17:03:49 +0200] "GET /images/mini_prod/8003990595459.jpg HTTP/1.0" 200 269 "-" "Mozilla/5.0 (compatible; Googlebot/2.1; +http://www.google.com/bot.html)"
157.90.177.217 - - [22/Sep/2022:17:03:48 +0200] "GET /white-moustache-ring-p-18243.html HTTP/1.0" 200 74851 "-" "Mozilla/5.0 (compatible; BLEXBot/1.0; +http://webmeup-crawler.com/)"
157.90.177.217 - - [22/Sep/2022:17:03:54 +0200] "GET /white-natural-mini-wooden-p-55027.html HTTP/1.0" 200 75509 "-" "Mozilla/5.0 (compatible; BLEXBot/1.0; +http://webmeup-crawler.com/)"
156.59.237.147 - - [22/Sep/2022:17:03:57 +0200] "GET /images/mini_prod/3700057121709.jpg HTTP/1.0" 200 269 "-" "Mozilla/5.0 (X11; Ubuntu; Linux x86_64; rv:72.0) Gecko/20100101 Firefox/72.0"
66.249.66.6 - - [22/Sep/2022:17:04:00 +0200] "GET /images/mini_prod/8422111018095b2.jpg HTTP/1.0" 200 271 "-" "Mozilla/5.0 (compatible; Googlebot/2.1; +http://www.google.com/bot.html)"
157.90.177.217 - - [22/Sep/2022:17:04:00 +0200] "GET /white-natural-mini-wooden-p-55028.html HTTP/1.0" 200 75591 "-" "Mozilla/5.0 (compatible; BLEXBot/1.0; +http://webmeup-crawler.com/)"
157.90.177.217 - - [22/Sep/2022:17:04:06 +0200] "GET /white-natural-mini-wooden-p-55031.html HTTP/1.0" 200 75591 "-" "Mozilla/5.0 (compatible; BLEXBot/1.0; +http://webmeup-crawler.com/)"
157.55.39.80 - - [22/Sep/2022:17:04:12 +0200] "GET /james-towel-75-150-cm-p-39101.html HTTP/1.0" 301 74747 "-" "Mozilla/5.0 AppleWebKit/537.36 (KHTML, like Gecko; compatible; bingbot/2.0; +http://www.bing.com/bingbot.htm) Chrome/103.0.5060.134 Safari/537.36"
157.90.177.217 - - [22/Sep/2022:17:04:13 +0200] "GET /white-natural-mini-wooden-p-55032.html HTTP/1.0" 200 75591 "-" "Mozilla/5.0 (compatible; BLEXBot/1.0; +http://webmeup-crawler.com/)"
157.90.177.217 - - [22/Sep/2022:17:04:24 +0200] "GET /white-natural-mini-wooden-p-55036.html HTTP/1.0" 200 75591 "-" "Mozilla/5.0 (compatible; BLEXBot/1.0; +http://webmeup-crawler.com/)"
157.90.177.217 - - [22/Sep/2022:17:04:29 +0200] "GET /white-natural-wooden-mini-p-55033.html HTTP/1.0" 200 75591 "-" "Mozilla/5.0 (compatible; BLEXBot/1.0; +http://webmeup-crawler.com/)"
49.36.220.172 - - [22/Sep/2022:17:04:35 +0200] "GET /swfobject.js HTTP/1.0" 404 1308 "http://www.wonder-geek.com/flower-pots-c-13_275.html" "Mozilla/5.0 (Windows NT 10.0; Win64; x64) AppleWebKit/537.36 (KHTML, like Gecko) Chrome/105.0.0.0 Safari/537.36 Edg/105.0.1343.42"
49.36.220.172 - - [22/Sep/2022:17:04:33 +0200] "GET /flower-pots-c-13_275.html HTTP/1.0" 200 93854 "http://www.wonder-geek.com/zinc-look-metal-flowerpot-cover-pumpkin-yellow-p-55460.html" "Mozilla/5.0 (Windows NT 10.0; Win64; x64) AppleWebKit/537.36 (KHTML, like Gecko) Chrome/105.0.0.0 Safari/537.36 Edg/105.0.1343.42"
49.36.220.172 - - [22/Sep/2022:17:04:36 +0200] "GET /images/mini_prod/a8422048810403.jpg HTTP/1.0" 200 270 "http://www.wonder-geek.com/flower-pots-c-13_275.html" "Mozilla/5.0 (Windows NT 10.0; Win64; x64) AppleWebKit/537.36 (KHTML, like Gecko) Chrome/105.0.0.0 Safari/537.36 Edg/105.0.1343.42"
49.36.220.172 - - [22/Sep/2022:17:04:36 +0200] "GET /images/mini_prod/8422048801104.jpg HTTP/1.0" 200 269 "http://www.wonder-geek.com/flower-pots-c-13_275.html" "Mozilla/5.0 (Windows NT 10.0; Win64; x64) AppleWebKit/537.36 (KHTML, like Gecko) Chrome/105.0.0.0 Safari/537.36 Edg/105.0.1343.42"
49.36.220.172 - - [22/Sep/2022:17:04:36 +0200] "GET /js/jquery.min.js HTTP/1.0" 404 1308 "http://www.wonder-geek.com/flower-pots-c-13_275.html" "Mozilla/5.0 (Windows NT 10.0; Win64; x64) AppleWebKit/537.36 (KHTML, like Gecko) Chrome/105.0.0.0 Safari/537.36 Edg/105.0.1343.42"
49.36.220.172 - - [22/Sep/2022:17:04:36 +0200] "GET /images/mini_prod/8422010090833.jpg HTTP/1.0" 200 269 "http://www.wonder-geek.com/flower-pots-c-13_275.html" "Mozilla/5.0 (Windows NT 10.0; Win64; x64) AppleWebKit/537.36 (KHTML, like Gecko) Chrome/105.0.0.0 Safari/537.36 Edg/105.0.1343.42"
49.36.220.172 - - [22/Sep/2022:17:04:36 +0200] "GET /images/mini_prod/8422048800909.jpg HTTP/1.0" 200 269 "http://www.wonder-geek.com/flower-pots-c-13_275.html" "Mozilla/5.0 (Windows NT 10.0; Win64; x64) AppleWebKit/537.36 (KHTML, like Gecko) Chrome/105.0.0.0 Safari/537.36 Edg/105.0.1343.42"
49.36.220.172 - - [22/Sep/2022:17:04:36 +0200] "GET /images/mini_prod/8422010090840.jpg HTTP/1.0" 200 269 "http://www.wonder-geek.com/flower-pots-c-13_275.html" "Mozilla/5.0 (Windows NT 10.0; Win64; x64) AppleWebKit/537.36 (KHTML, like Gecko) Chrome/105.0.0.0 Safari/537.36 Edg/105.0.1343.42"
49.36.220.172 - - [22/Sep/2022:17:04:36 +0200] "GET /images/mini_prod/842204880111.jpg HTTP/1.0" 200 268 "http://www.wonder-geek.com/flower-pots-c-13_275.html" "Mozilla/5.0 (Windows NT 10.0; Win64; x64) AppleWebKit/537.36 (KHTML, like Gecko) Chrome/105.0.0.0 Safari/537.36 Edg/105.0.1343.42"
49.36.220.172 - - [22/Sep/2022:17:04:36 +0200] "GET /images/mini_prod/8422048800916.jpg HTTP/1.0" 200 269 "http://www.wonder-geek.com/flower-pots-c-13_275.html" "Mozilla/5.0 (Windows NT 10.0; Win64; x64) AppleWebKit/537.36 (KHTML, like Gecko) Chrome/105.0.0.0 Safari/537.36 Edg/105.0.1343.42"
49.36.220.172 - - [22/Sep/2022:17:04:36 +0200] "GET /design/fondcurrent.jpg HTTP/1.0" 200 683 "http://www.wonder-geek.com/templates/Pixame_v1/stylesheet.css" "Mozilla/5.0 (Windows NT 10.0; Win64; x64) AppleWebKit/537.36 (KHTML, like Gecko) Chrome/105.0.0.0 Safari/537.36 Edg/105.0.1343.42"
49.36.220.172 - - [22/Sep/2022:17:04:36 +0200] "GET /design/fondothers.jpg HTTP/1.0" 200 667 "http://www.wonder-geek.com/templates/Pixame_v1/stylesheet.css" "Mozilla/5.0 (Windows NT 10.0; Win64; x64) AppleWebKit/537.36 (KHTML, like Gecko) Chrome/105.0.0.0 Safari/537.36 Edg/105.0.1343.42"
49.36.220.172 - - [22/Sep/2022:17:04:36 +0200] "GET /js/jquery.masonry.min.js HTTP/1.0" 200 264 "http://www.wonder-geek.com/flower-pots-c-13_275.html" "Mozilla/5.0 (Windows NT 10.0; Win64; x64) AppleWebKit/537.36 (KHTML, like Gecko) Chrome/105.0.0.0 Safari/537.36 Edg/105.0.1343.42"
49.36.220.172 - - [22/Sep/2022:17:04:36 +0200] "GET /js/modernizr-transitions.js HTTP/1.0" 200 267 "http://www.wonder-geek.com/flower-pots-c-13_275.html" "Mozilla/5.0 (Windows NT 10.0; Win64; x64) AppleWebKit/537.36 (KHTML, like Gecko) Chrome/105.0.0.0 Safari/537.36 Edg/105.0.1343.42"
49.36.220.172 - - [22/Sep/2022:17:04:36 +0200] "GET /images/mini_prod/8422048810700.jpg HTTP/1.0" 200 269 "http://www.wonder-geek.com/flower-pots-c-13_275.html" "Mozilla/5.0 (Windows NT 10.0; Win64; x64) AppleWebKit/537.36 (KHTML, like Gecko) Chrome/105.0.0.0 Safari/537.36 Edg/105.0.1343.42"
49.36.220.172 - - [22/Sep/2022:17:04:36 +0200] "GET /images/mini_prod/8422048801906C.jpg HTTP/1.0" 200 270 "http://www.wonder-geek.com/flower-pots-c-13_275.html" "Mozilla/5.0 (Windows NT 10.0; Win64; x64) AppleWebKit/537.36 (KHTML, like Gecko) Chrome/105.0.0.0 Safari/537.36 Edg/105.0.1343.42"
49.36.220.172 - - [22/Sep/2022:17:04:36 +0200] "GET /images/mini_prod/8422048810717.jpg HTTP/1.0" 200 269 "http://www.wonder-geek.com/flower-pots-c-13_275.html" "Mozilla/5.0 (Windows NT 10.0; Win64; x64) AppleWebKit/537.36 (KHTML, like Gecko) Chrome/105.0.0.0 Safari/537.36 Edg/105.0.1343.42"
49.36.220.172 - - [22/Sep/2022:17:04:36 +0200] "GET /images/mini_prod/8422048801913C.jpg HTTP/1.0" 200 270 "http://www.wonder-geek.com/flower-pots-c-13_275.html" "Mozilla/5.0 (Windows NT 10.0; Win64; x64) AppleWebKit/537.36 (KHTML, like Gecko) Chrome/105.0.0.0 Safari/537.36 Edg/105.0.1343.42"
49.36.220.172 - - [22/Sep/2022:17:04:36 +0200] "GET /images/mini_prod/8422048801616.jpg HTTP/1.0" 200 269 "http://www.wonder-geek.com/flower-pots-c-13_275.html" "Mozilla/5.0 (Windows NT 10.0; Win64; x64) AppleWebKit/537.36 (KHTML, like Gecko) Chrome/105.0.0.0 Safari/537.36 Edg/105.0.1343.42"
49.36.220.172 - - [22/Sep/2022:17:04:36 +0200] "GET /images/mini_prod/8422048801609.jpg HTTP/1.0" 200 269 "http://www.wonder-geek.com/flower-pots-c-13_275.html" "Mozilla/5.0 (Windows NT 10.0; Win64; x64) AppleWebKit/537.36 (KHTML, like Gecko) Chrome/105.0.0.0 Safari/537.36 Edg/105.0.1343.42"
49.36.220.172 - - [22/Sep/2022:17:04:37 +0200] "GET /images/mini_prod/8422048800503b.jpg HTTP/1.0" 200 270 "http://www.wonder-geek.com/flower-pots-c-13_275.html" "Mozilla/5.0 (Windows NT 10.0; Win64; x64) AppleWebKit/537.36 (KHTML, like Gecko) Chrome/105.0.0.0 Safari/537.36 Edg/105.0.1343.42"
49.36.220.172 - - [22/Sep/2022:17:04:37 +0200] "GET /images/mini_prod/5055321765836B.jpg HTTP/1.0" 200 270 "http://www.wonder-geek.com/flower-pots-c-13_275.html" "Mozilla/5.0 (Windows NT 10.0; Win64; x64) AppleWebKit/537.36 (KHTML, like Gecko) Chrome/105.0.0.0 Safari/537.36 Edg/105.0.1343.42"
49.36.220.172 - - [22/Sep/2022:17:04:37 +0200] "GET /images/mini_prod/5055321765850.jpg HTTP/1.0" 200 269 "http://www.wonder-geek.com/flower-pots-c-13_275.html" "Mozilla/5.0 (Windows NT 10.0; Win64; x64) AppleWebKit/537.36 (KHTML, like Gecko) Chrome/105.0.0.0 Safari/537.36 Edg/105.0.1343.42"
157.90.177.217 - - [22/Sep/2022:17:04:35 +0200] "GET /white-natural-wooden-p-55034.html HTTP/1.0" 200 75556 "-" "Mozilla/5.0 (compatible; BLEXBot/1.0; +http://webmeup-crawler.com/)"
156.59.237.146 - - [22/Sep/2022:17:04:42 +0200] "GET /images/mini_prod/4036113830827.jpg HTTP/1.0" 200 269 "-" "Mozilla/5.0 (X11; Ubuntu; Linux x86_64; rv:72.0) Gecko/20100101 Firefox/72.0"
157.90.177.217 - - [22/Sep/2022:17:04:42 +0200] "GET /white-natural-wooden-p-55037.html HTTP/1.0" 200 75476 "-" "Mozilla/5.0 (compatible; BLEXBot/1.0; +http://webmeup-crawler.com/)"
49.36.220.172 - - [22/Sep/2022:17:04:46 +0200] "GET /flower-pots-c-13_275.html?page=2 HTTP/1.0" 200 94761 "http://www.wonder-geek.com/flower-pots-c-13_275.html" "Mozilla/5.0 (Windows NT 10.0; Win64; x64) AppleWebKit/537.36 (KHTML, like Gecko) Chrome/105.0.0.0 Safari/537.36 Edg/105.0.1343.42"
157.90.177.217 - - [22/Sep/2022:17:04:48 +0200] "GET /white-patinated-wood-p-58806.html HTTP/1.0" 200 75698 "-" "Mozilla/5.0 (compatible; BLEXBot/1.0; +http://webmeup-crawler.com/)"
147.92.153.20 - - [22/Sep/2022:17:04:52 +0200] "GET /robots.txt HTTP/1.0" 200 245 "-" "Mozilla/5.0 (compatible; Linespider/1.1; +https://lin.ee/4dwXkTH)"
147.92.153.4 - - [22/Sep/2022:17:04:52 +0200] "GET /pocket-warmer-bien-chaud-p-58829.html HTTP/1.0" 200 74241 "-" "Mozilla/5.0 (compatible; Linespider/1.1; +https://lin.ee/4dwXkTH)"
156.59.237.147 - - [22/Sep/2022:17:04:55 +0200] "GET /images/mini_prod/1399984254240.jpg HTTP/1.0" 200 269 "-" "Mozilla/5.0 (X11; Ubuntu; Linux x86_64; rv:72.0) Gecko/20100101 Firefox/72.0"
157.90.177.217 - - [22/Sep/2022:17:04:55 +0200] "GET /white-patinated-wood-p-58807.html HTTP/1.0" 200 75698 "-" "Mozilla/5.0 (compatible; BLEXBot/1.0; +http://webmeup-crawler.com/)"
49.36.220.172 - - [22/Sep/2022:17:04:56 +0200] "GET /flower-pots-c-13_275.html?page=2 HTTP/1.0" 200 94761 "http://www.wonder-geek.com/flower-pots-c-13_275.html" "Mozilla/5.0 (Windows NT 10.0; Win64; x64) AppleWebKit/537.36 (KHTML, like Gecko) Chrome/105.0.0.0 Safari/537.36 Edg/105.0.1343.42"
114.119.137.45 - - [22/Sep/2022:17:04:57 +0200] "GET /beyblade-blue-swimsuit-p-30447.html HTTP/1.0" 200 76438 "http://www.wonder-geek.com/swimwear-c-2_35.html" "Mozilla/5.0 (Linux; Android 7.0;) AppleWebKit/537.36 (KHTML, like Gecko) Mobile Safari/537.36 (compatible; PetalBot;+https://webmaster.petalsearch.com/site/petalbot)"
157.55.39.28 - - [22/Sep/2022:17:04:58 +0200] "GET /collectible-labubu-figurine-p-50061.html HTTP/1.0" 200 72166 "-" "Mozilla/5.0 AppleWebKit/537.36 (KHTML, like Gecko; compatible; bingbot/2.0; +http://www.bing.com/bingbot.htm) Chrome/103.0.5060.134 Safari/537.36"
157.90.177.217 - - [22/Sep/2022:17:05:01 +0200] "GET /white-piggy-bank-p-55553.html HTTP/1.0" 200 75459 "-" "Mozilla/5.0 (compatible; BLEXBot/1.0; +http://webmeup-crawler.com/)"
49.36.220.172 - - [22/Sep/2022:17:05:04 +0200] "GET /flower-pots-c-13_275.html?page=2 HTTP/1.0" 200 94761 "http://www.wonder-geek.com/flower-pots-c-13_275.html" "Mozilla/5.0 (Windows NT 10.0; Win64; x64) AppleWebKit/537.36 (KHTML, like Gecko) Chrome/105.0.0.0 Safari/537.36 Edg/105.0.1343.42"
157.90.177.217 - - [22/Sep/2022:17:05:07 +0200] "GET /white-polyester-chandelier-p-58373.html HTTP/1.0" 200 76022 "-" "Mozilla/5.0 (compatible; BLEXBot/1.0; +http://webmeup-crawler.com/)"
156.59.237.147 - - [22/Sep/2022:17:05:12 +0200] "GET /images/mini_prod/3014627896257.jpg HTTP/1.0" 200 269 "-" "Mozilla/5.0 (X11; Ubuntu; Linux x86_64; rv:72.0) Gecko/20100101 Firefox/72.0"
157.90.177.217 - - [22/Sep/2022:17:05:13 +0200] "GET /white-polyester-round-chair-cushion-p-46458.html HTTP/1.0" 200 75435 "-" "Mozilla/5.0 (compatible; BLEXBot/1.0; +http://webmeup-crawler.com/)"
182.160.11.209 - - [22/Sep/2022:17:05:14 +0200] "GET /images/mini_prod/8714274360044.jpg HTTP/1.0" 200 269 "-" "Mozilla/5.0 (Windows NT 10.0; Win64; x64) AppleWebKit/537.36 (KHTML, like Gecko) Chrome/54.0.2840.99 Safari/537.36"
207.46.13.149 - - [22/Sep/2022:17:05:19 +0200] "GET /images/big_prod/4012390386721.jpg HTTP/1.0" 200 268 "-" "Mozilla/5.0 (compatible; bingbot/2.0; +http://www.bing.com/bingbot.htm)"
157.90.177.217 - - [22/Sep/2022:17:05:18 +0200] "GET /white-rabbit-decorative-statue-p-31562.html HTTP/1.0" 200 74887 "-" "Mozilla/5.0 (compatible; BLEXBot/1.0; +http://webmeup-crawler.com/)"
38.142.11.235 - - [22/Sep/2022:17:05:21 +0200] "GET /images/mini_prod/MISES-EN-SITUATION-02.jpg HTTP/1.0" 200 277 "-" "Mozilla/5.0 (X11; Ubuntu; Linux x86_64; rv:72.0) Gecko/20100101 Firefox/72.0"
157.90.177.217 - - [22/Sep/2022:17:05:24 +0200] "GET /white-sage-california-incense-p-48492.html HTTP/1.0" 200 74765 "-" "Mozilla/5.0 (compatible; BLEXBot/1.0; +http://webmeup-crawler.com/)"
49.36.220.172 - - [22/Sep/2022:17:05:30 +0200] "GET /swfobject.js HTTP/1.0" 404 1308 "http://www.wonder-geek.com/flower-pots-c-13_275.html?page=2" "Mozilla/5.0 (Windows NT 10.0; Win64; x64) AppleWebKit/537.36 (KHTML, like Gecko) Chrome/105.0.0.0 Safari/537.36 Edg/105.0.1343.42"
157.90.177.217 - - [22/Sep/2022:17:05:29 +0200] "GET /white-shell-galaxy-note-with-personalized-picture-p-16354.html HTTP/1.0" 200 75077 "-" "Mozilla/5.0 (compatible; BLEXBot/1.0; +http://webmeup-crawler.com/)"
49.36.220.172 - - [22/Sep/2022:17:05:35 +0200] "GET /images/mini_prod/5055321765829.jpg HTTP/1.0" 200 269 "http://www.wonder-geek.com/flower-pots-c-13_275.html?page=2" "Mozilla/5.0 (Windows NT 10.0; Win64; x64) AppleWebKit/537.36 (KHTML, like Gecko) Chrome/105.0.0.0 Safari/537.36 Edg/105.0.1343.42"
49.36.220.172 - - [22/Sep/2022:17:05:35 +0200] "GET /images/mini_prod/8422048821508.jpg HTTP/1.0" 200 269 "http://www.wonder-geek.com/flower-pots-c-13_275.html?page=2" "Mozilla/5.0 (Windows NT 10.0; Win64; x64) AppleWebKit/537.36 (KHTML, like Gecko) Chrome/105.0.0.0 Safari/537.36 Edg/105.0.1343.42"
49.36.220.172 - - [22/Sep/2022:17:05:35 +0200] "GET /images/mini_prod/3665284220604.jpg HTTP/1.0" 200 269 "http://www.wonder-geek.com/flower-pots-c-13_275.html?page=2" "Mozilla/5.0 (Windows NT 10.0; Win64; x64) AppleWebKit/537.36 (KHTML, like Gecko) Chrome/105.0.0.0 Safari/537.36 Edg/105.0.1343.42"
49.36.220.172 - - [22/Sep/2022:17:05:35 +0200] "GET /images/mini_prod/8422048821515.jpg HTTP/1.0" 200 269 "http://www.wonder-geek.com/flower-pots-c-13_275.html?page=2" "Mozilla/5.0 (Windows NT 10.0; Win64; x64) AppleWebKit/537.36 (KHTML, like Gecko) Chrome/105.0.0.0 Safari/537.36 Edg/105.0.1343.42"
49.36.220.172 - - [22/Sep/2022:17:05:35 +0200] "GET /images/mini_prod/8422048811707.jpg HTTP/1.0" 200 269 "http://www.wonder-geek.com/flower-pots-c-13_275.html?page=2" "Mozilla/5.0 (Windows NT 10.0; Win64; x64) AppleWebKit/537.36 (KHTML, like Gecko) Chrome/105.0.0.0 Safari/537.36 Edg/105.0.1343.42"
49.36.220.172 - - [22/Sep/2022:17:05:35 +0200] "GET /images/mini_prod/8422048811738.jpg HTTP/1.0" 200 269 "http://www.wonder-geek.com/flower-pots-c-13_275.html?page=2" "Mozilla/5.0 (Windows NT 10.0; Win64; x64) AppleWebKit/537.36 (KHTML, like Gecko) Chrome/105.0.0.0 Safari/537.36 Edg/105.0.1343.42"
49.36.220.172 - - [22/Sep/2022:17:05:35 +0200] "GET /images/mini_prod/8422048810205.jpg HTTP/1.0" 200 269 "http://www.wonder-geek.com/flower-pots-c-13_275.html?page=2" "Mozilla/5.0 (Windows NT 10.0; Win64; x64) AppleWebKit/537.36 (KHTML, like Gecko) Chrome/105.0.0.0 Safari/537.36 Edg/105.0.1343.42"
49.36.220.172 - - [22/Sep/2022:17:05:36 +0200] "GET /images/mini_prod/8422048810212.jpg HTTP/1.0" 200 269 "http://www.wonder-geek.com/flower-pots-c-13_275.html?page=2" "Mozilla/5.0 (Windows NT 10.0; Win64; x64) AppleWebKit/537.36 (KHTML, like Gecko) Chrome/105.0.0.0 Safari/537.36 Edg/105.0.1343.42"
49.36.220.172 - - [22/Sep/2022:17:05:36 +0200] "GET /images/mini_prod/3665284220574.jpg HTTP/1.0" 200 269 "http://www.wonder-geek.com/flower-pots-c-13_275.html?page=2" "Mozilla/5.0 (Windows NT 10.0; Win64; x64) AppleWebKit/537.36 (KHTML, like Gecko) Chrome/105.0.0.0 Safari/537.36 Edg/105.0.1343.42"
49.36.220.172 - - [22/Sep/2022:17:05:36 +0200] "GET /images/mini_prod/5055321765843.jpg HTTP/1.0" 200 269 "http://www.wonder-geek.com/flower-pots-c-13_275.html?page=2" "Mozilla/5.0 (Windows NT 10.0; Win64; x64) AppleWebKit/537.36 (KHTML, like Gecko) Chrome/105.0.0.0 Safari/537.36 Edg/105.0.1343.42"
157.90.177.217 - - [22/Sep/2022:17:05:35 +0200] "GET /white-shell-samsung-with-personalized-picture-p-16356.html HTTP/1.0" 200 75144 "-" "Mozilla/5.0 (compatible; BLEXBot/1.0; +http://webmeup-crawler.com/)"
49.36.220.172 - - [22/Sep/2022:17:05:40 +0200] "GET /images/mini_prod/3665284220581.jpg HTTP/1.0" 200 269 "http://www.wonder-geek.com/flower-pots-c-13_275.html?page=2" "Mozilla/5.0 (Windows NT 10.0; Win64; x64) AppleWebKit/537.36 (KHTML, like Gecko) Chrome/105.0.0.0 Safari/537.36 Edg/105.0.1343.42"
49.36.220.172 - - [22/Sep/2022:17:05:40 +0200] "GET /js/jquery.min.js HTTP/1.0" 404 1308 "http://www.wonder-geek.com/flower-pots-c-13_275.html?page=2" "Mozilla/5.0 (Windows NT 10.0; Win64; x64) AppleWebKit/537.36 (KHTML, like Gecko) Chrome/105.0.0.0 Safari/537.36 Edg/105.0.1343.42"
157.90.177.217 - - [22/Sep/2022:17:05:41 +0200] "GET /white-skull-keyring-p-28904.html HTTP/1.0" 200 74653 "-" "Mozilla/5.0 (compatible; BLEXBot/1.0; +http://webmeup-crawler.com/)"
49.36.220.172 - - [22/Sep/2022:17:05:46 +0200] "GET /images/mini_prod/3665284220598.jpg HTTP/1.0" 200 269 "http://www.wonder-geek.com/flower-pots-c-13_275.html?page=2" "Mozilla/5.0 (Windows NT 10.0; Win64; x64) AppleWebKit/537.36 (KHTML, like Gecko) Chrome/105.0.0.0 Safari/537.36 Edg/105.0.1343.42"
49.36.220.172 - - [22/Sep/2022:17:05:46 +0200] "GET /images/mini_prod/8422010063578.jpg HTTP/1.0" 200 269 "http://www.wonder-geek.com/flower-pots-c-13_275.html?page=2" "Mozilla/5.0 (Windows NT 10.0; Win64; x64) AppleWebKit/537.36 (KHTML, like Gecko) Chrome/105.0.0.0 Safari/537.36 Edg/105.0.1343.42"
185.191.171.15 - - [22/Sep/2022:17:05:45 +0200] "GET /sleeping-beauty-with-animals-disney-traditions-p-51163.html HTTP/1.0" 200 76275 "-" "Mozilla/5.0 (compatible; SemrushBot/7~bl; +http://www.semrush.com/bot.html)"
157.90.177.217 - - [22/Sep/2022:17:05:46 +0200] "GET /white-skull-keyrings-sound-light-p-40193.html HTTP/1.0" 200 74905 "-" "Mozilla/5.0 (compatible; BLEXBot/1.0; +http://webmeup-crawler.com/)"
49.36.220.172 - - [22/Sep/2022:17:05:55 +0200] "GET /images/mini_prod/8422048821218.jpg HTTP/1.0" 200 269 "http://www.wonder-geek.com/flower-pots-c-13_275.html?page=2" "Mozilla/5.0 (Windows NT 10.0; Win64; x64) AppleWebKit/537.36 (KHTML, like Gecko) Chrome/105.0.0.0 Safari/537.36 Edg/105.0.1343.42"
49.36.220.172 - - [22/Sep/2022:17:05:55 +0200] "GET /images/mini_prod/8422000414809B.jpg HTTP/1.0" 200 270 "http://www.wonder-geek.com/flower-pots-c-13_275.html?page=2" "Mozilla/5.0 (Windows NT 10.0; Win64; x64) AppleWebKit/537.36 (KHTML, like Gecko) Chrome/105.0.0.0 Safari/537.36 Edg/105.0.1343.42"
49.36.220.172 - - [22/Sep/2022:17:05:56 +0200] "GET /images/mini_prod/5055321760329.jpg HTTP/1.0" 200 269 "http://www.wonder-geek.com/flower-pots-c-13_275.html?page=2" "Mozilla/5.0 (Windows NT 10.0; Win64; x64) AppleWebKit/537.36 (KHTML, like Gecko) Chrome/105.0.0.0 Safari/537.36 Edg/105.0.1343.42"
157.90.177.217 - - [22/Sep/2022:17:05:55 +0200] "GET /white-small-baby-teeth-dentino-latte-p-35470.html HTTP/1.0" 200 74992 "-" "Mozilla/5.0 (compatible; BLEXBot/1.0; +http://webmeup-crawler.com/)"
49.36.220.172 - - [22/Sep/2022:17:05:58 +0200] "GET /flower-pots-c-13_275.html?page=3 HTTP/1.0" 200 95044 "http://www.wonder-geek.com/flower-pots-c-13_275.html?page=2" "Mozilla/5.0 (Windows NT 10.0; Win64; x64) AppleWebKit/537.36 (KHTML, like Gecko) Chrome/105.0.0.0 Safari/537.36 Edg/105.0.1343.42"
185.191.171.12 - - [22/Sep/2022:17:06:01 +0200] "GET /rectangular-kitchen-towel-cotton-aoli-p-51354.html HTTP/1.0" 200 74863 "-" "Mozilla/5.0 (compatible; SemrushBot/7~bl; +http://www.semrush.com/bot.html)"
157.90.177.217 - - [22/Sep/2022:17:06:01 +0200] "GET /white-small-baby-teeth-p-33506.html HTTP/1.0" 200 75463 "-" "Mozilla/5.0 (compatible; BLEXBot/1.0; +http://webmeup-crawler.com/)"
156.59.237.153 - - [22/Sep/2022:17:06:03 +0200] "GET /images/big_prod_1/b3014627896844.jpg HTTP/1.0" 200 271 "-" "Mozilla/5.0 (X11; Ubuntu; Linux x86_64; rv:72.0) Gecko/20100101 Firefox/72.0"
49.36.220.172 - - [22/Sep/2022:17:06:09 +0200] "GET /images/mini_prod/8422048821201.jpg HTTP/1.0" 200 269 "http://www.wonder-geek.com/flower-pots-c-13_275.html?page=2" "Mozilla/5.0 (Windows NT 10.0; Win64; x64) AppleWebKit/537.36 (KHTML, like Gecko) Chrome/105.0.0.0 Safari/537.36 Edg/105.0.1343.42"
49.36.220.172 - - [22/Sep/2022:17:06:09 +0200] "GET /images/mini_prod/8422041540000.jpg HTTP/1.0" 200 269 "http://www.wonder-geek.com/flower-pots-c-13_275.html?page=2" "Mozilla/5.0 (Windows NT 10.0; Win64; x64) AppleWebKit/537.36 (KHTML, like Gecko) Chrome/105.0.0.0 Safari/537.36 Edg/105.0.1343.42"
157.90.177.217 - - [22/Sep/2022:17:06:09 +0200] "GET /white-stained-pine-wood-chest-p-53540.html HTTP/1.0" 200 75385 "-" "Mozilla/5.0 (compatible; BLEXBot/1.0; +http://webmeup-crawler.com/)"
49.36.220.172 - - [22/Sep/2022:17:06:12 +0200] "GET /images/mini_prod/5055321760312.jpg HTTP/1.0" 200 269 "http://www.wonder-geek.com/flower-pots-c-13_275.html?page=2" "Mozilla/5.0 (Windows NT 10.0; Win64; x64) AppleWebKit/537.36 (KHTML, like Gecko) Chrome/105.0.0.0 Safari/537.36 Edg/105.0.1343.42"
49.36.220.172 - - [22/Sep/2022:17:06:13 +0200] "GET /images/mini_prod/5055321760336.jpg HTTP/1.0" 200 269 "http://www.wonder-geek.com/flower-pots-c-13_275.html?page=2" "Mozilla/5.0 (Windows NT 10.0; Win64; x64) AppleWebKit/537.36 (KHTML, like Gecko) Chrome/105.0.0.0 Safari/537.36 Edg/105.0.1343.42"
66.249.66.210 - - [22/Sep/2022:17:06:13 +0200] "GET /eyelet-curtain-p-52384.html HTTP/1.0" 200 76879 "-" "Mozilla/5.0 (Linux; Android 6.0.1; Nexus 5X Build/MMB29P) AppleWebKit/537.36 (KHTML, like Gecko) Chrome/105.0.5195.125 Mobile Safari/537.36 (compatible; Googlebot/2.1; +http://www.google.com/bot.html)"
157.90.177.217 - - [22/Sep/2022:17:06:15 +0200] "GET /white-unicorn-moneybox-p-50753.html HTTP/1.0" 200 74708 "-" "Mozilla/5.0 (compatible; BLEXBot/1.0; +http://webmeup-crawler.com/)"
49.36.220.172 - - [22/Sep/2022:17:06:18 +0200] "GET /swfobject.js HTTP/1.0" 404 1308 "http://www.wonder-geek.com/flower-pots-c-13_275.html?page=3" "Mozilla/5.0 (Windows NT 10.0; Win64; x64) AppleWebKit/537.36 (KHTML, like Gecko) Chrome/105.0.0.0 Safari/537.36 Edg/105.0.1343.42"
185.191.171.40 - - [22/Sep/2022:17:06:21 +0200] "GET /gift-bowl-plaid-p-31525.html HTTP/1.0" 200 75016 "-" "Mozilla/5.0 (compatible; SemrushBot/7~bl; +http://www.semrush.com/bot.html)"
157.90.177.217 - - [22/Sep/2022:17:06:22 +0200] "GET /white-wood-p-45693.html HTTP/1.0" 200 74892 "-" "Mozilla/5.0 (compatible; BLEXBot/1.0; +http://webmeup-crawler.com/)"
66.249.66.210 - - [22/Sep/2022:17:06:24 +0200] "GET /images/big_prod_1/8718375750117BBBB.jpg HTTP/1.0" 200 274 "-" "Googlebot-Image/1.0"
157.90.177.217 - - [22/Sep/2022:17:06:26 +0200] "GET /white-wood-p-56383.html HTTP/1.0" 200 75849 "-" "Mozilla/5.0 (compatible; BLEXBot/1.0; +http://webmeup-crawler.com/)"
114.119.137.45 - - [22/Sep/2022:17:06:30 +0200] "GET /jasmin-bowl-p-32942.html HTTP/1.0" 200 74636 "http://www.wonder-geek.com/dishes-c-12.html?page=89" "Mozilla/5.0 (Linux; Android 7.0;) AppleWebKit/537.36 (KHTML, like Gecko) Mobile Safari/537.36 (compatible; PetalBot;+https://webmaster.petalsearch.com/site/petalbot)"
156.59.237.147 - - [22/Sep/2022:17:06:35 +0200] "GET /images/mini_prod/1384010176245.jpg HTTP/1.0" 200 269 "-" "Mozilla/5.0 (X11; Ubuntu; Linux x86_64; rv:72.0) Gecko/20100101 Firefox/72.0"
157.90.177.217 - - [22/Sep/2022:17:06:35 +0200] "GET /white-wooden-tray-aged-appearance-p-40590.html HTTP/1.0" 200 74914 "-" "Mozilla/5.0 (compatible; BLEXBot/1.0; +http://webmeup-crawler.com/)"
157.90.177.217 - - [22/Sep/2022:17:06:39 +0200] "GET /white-wooden-tray-aged-appearance-p-40591.html HTTP/1.0" 200 74931 "-" "Mozilla/5.0 (compatible; BLEXBot/1.0; +http://webmeup-crawler.com/)"
49.36.220.172 - - [22/Sep/2022:17:06:43 +0200] "GET /images/mini_prod/5055321766208Z.jpg HTTP/1.0" 200 270 "http://www.wonder-geek.com/flower-pots-c-13_275.html?page=3" "Mozilla/5.0 (Windows NT 10.0; Win64; x64) AppleWebKit/537.36 (KHTML, like Gecko) Chrome/105.0.0.0 Safari/537.36 Edg/105.0.1343.42"
49.36.220.172 - - [22/Sep/2022:17:06:43 +0200] "GET /images/mini_prod/N5055321752836.jpg HTTP/1.0" 200 270 "http://www.wonder-geek.com/flower-pots-c-13_275.html?page=3" "Mozilla/5.0 (Windows NT 10.0; Win64; x64) AppleWebKit/537.36 (KHTML, like Gecko) Chrome/105.0.0.0 Safari/537.36 Edg/105.0.1343.42"
49.36.220.172 - - [22/Sep/2022:17:06:44 +0200] "GET /images/mini_prod/8422041540017.jpg HTTP/1.0" 200 269 "http://www.wonder-geek.com/flower-pots-c-13_275.html?page=3" "Mozilla/5.0 (Windows NT 10.0; Win64; x64) AppleWebKit/537.36 (KHTML, like Gecko) Chrome/105.0.0.0 Safari/537.36 Edg/105.0.1343.42"
49.36.220.172 - - [22/Sep/2022:17:06:44 +0200] "GET /images/mini_prod/3700281656961.jpg HTTP/1.0" 200 269 "http://www.wonder-geek.com/flower-pots-c-13_275.html?page=3" "Mozilla/5.0 (Windows NT 10.0; Win64; x64) AppleWebKit/537.36 (KHTML, like Gecko) Chrome/105.0.0.0 Safari/537.36 Edg/105.0.1343.42"
49.36.220.172 - - [22/Sep/2022:17:06:44 +0200] "GET /images/mini_prod/3665269098686.jpg HTTP/1.0" 200 269 "http://www.wonder-geek.com/flower-pots-c-13_275.html?page=3" "Mozilla/5.0 (Windows NT 10.0; Win64; x64) AppleWebKit/537.36 (KHTML, like Gecko) Chrome/105.0.0.0 Safari/537.36 Edg/105.0.1343.42"
49.36.220.172 - - [22/Sep/2022:17:06:44 +0200] "GET /images/mini_prod/3700281655131D.jpg HTTP/1.0" 200 270 "http://www.wonder-geek.com/flower-pots-c-13_275.html?page=3" "Mozilla/5.0 (Windows NT 10.0; Win64; x64) AppleWebKit/537.36 (KHTML, like Gecko) Chrome/105.0.0.0 Safari/537.36 Edg/105.0.1343.42"
49.36.220.172 - - [22/Sep/2022:17:06:44 +0200] "GET /images/mini_prod/3665284220642.jpg HTTP/1.0" 200 269 "http://www.wonder-geek.com/flower-pots-c-13_275.html?page=3" "Mozilla/5.0 (Windows NT 10.0; Win64; x64) AppleWebKit/537.36 (KHTML, like Gecko) Chrome/105.0.0.0 Safari/537.36 Edg/105.0.1343.42"
49.36.220.172 - - [22/Sep/2022:17:06:44 +0200] "GET /images/mini_prod/3665269195569b.jpg HTTP/1.0" 200 270 "http://www.wonder-geek.com/flower-pots-c-13_275.html?page=3" "Mozilla/5.0 (Windows NT 10.0; Win64; x64) AppleWebKit/537.36 (KHTML, like Gecko) Chrome/105.0.0.0 Safari/537.36 Edg/105.0.1343.42"
49.36.220.172 - - [22/Sep/2022:17:06:44 +0200] "GET /images/mini_prod/8422000414816B.jpg HTTP/1.0" 200 270 "http://www.wonder-geek.com/flower-pots-c-13_275.html?page=3" "Mozilla/5.0 (Windows NT 10.0; Win64; x64) AppleWebKit/537.36 (KHTML, like Gecko) Chrome/105.0.0.0 Safari/537.36 Edg/105.0.1343.42"
49.36.220.172 - - [22/Sep/2022:17:06:44 +0200] "GET /images/mini_prod/8422000414823B.jpg HTTP/1.0" 200 270 "http://www.wonder-geek.com/flower-pots-c-13_275.html?page=3" "Mozilla/5.0 (Windows NT 10.0; Win64; x64) AppleWebKit/537.36 (KHTML, like Gecko) Chrome/105.0.0.0 Safari/537.36 Edg/105.0.1343.42"
49.36.220.172 - - [22/Sep/2022:17:06:44 +0200] "GET /images/mini_prod/8718317848063B.jpg HTTP/1.0" 200 270 "http://www.wonder-geek.com/flower-pots-c-13_275.html?page=3" "Mozilla/5.0 (Windows NT 10.0; Win64; x64) AppleWebKit/537.36 (KHTML, like Gecko) Chrome/105.0.0.0 Safari/537.36 Edg/105.0.1343.42"
49.36.220.172 - - [22/Sep/2022:17:06:44 +0200] "GET /images/mini_prod/3665284220628.jpg HTTP/1.0" 200 269 "http://www.wonder-geek.com/flower-pots-c-13_275.html?page=3" "Mozilla/5.0 (Windows NT 10.0; Win64; x64) AppleWebKit/537.36 (KHTML, like Gecko) Chrome/105.0.0.0 Safari/537.36 Edg/105.0.1343.42"
49.36.220.172 - - [22/Sep/2022:17:06:44 +0200] "GET /images/mini_prod/3665284220635.jpg HTTP/1.0" 200 269 "http://www.wonder-geek.com/flower-pots-c-13_275.html?page=3" "Mozilla/5.0 (Windows NT 10.0; Win64; x64) AppleWebKit/537.36 (KHTML, like Gecko) Chrome/105.0.0.0 Safari/537.36 Edg/105.0.1343.42"
49.36.220.172 - - [22/Sep/2022:17:06:44 +0200] "GET /images/mini_prod/3665284220611.jpg HTTP/1.0" 200 269 "http://www.wonder-geek.com/flower-pots-c-13_275.html?page=3" "Mozilla/5.0 (Windows NT 10.0; Win64; x64) AppleWebKit/537.36 (KHTML, like Gecko) Chrome/105.0.0.0 Safari/537.36 Edg/105.0.1343.42"
49.36.220.172 - - [22/Sep/2022:17:06:44 +0200] "GET /images/mini_prod/8718317848070.jpg HTTP/1.0" 200 269 "http://www.wonder-geek.com/flower-pots-c-13_275.html?page=3" "Mozilla/5.0 (Windows NT 10.0; Win64; x64) AppleWebKit/537.36 (KHTML, like Gecko) Chrome/105.0.0.0 Safari/537.36 Edg/105.0.1343.42"
49.36.220.172 - - [22/Sep/2022:17:06:44 +0200] "GET /images/mini_prod/8422048821706.jpg HTTP/1.0" 200 269 "http://www.wonder-geek.com/flower-pots-c-13_275.html?page=3" "Mozilla/5.0 (Windows NT 10.0; Win64; x64) AppleWebKit/537.36 (KHTML, like Gecko) Chrome/105.0.0.0 Safari/537.36 Edg/105.0.1343.42"
157.90.177.217 - - [22/Sep/2022:17:06:43 +0200] "GET /white-wooden-tray-aged-appearance-p-40592.html HTTP/1.0" 200 74927 "-" "Mozilla/5.0 (compatible; BLEXBot/1.0; +http://webmeup-crawler.com/)"
49.36.220.172 - - [22/Sep/2022:17:06:45 +0200] "GET /js/jquery.min.js HTTP/1.0" 404 1308 "http://www.wonder-geek.com/flower-pots-c-13_275.html?page=3" "Mozilla/5.0 (Windows NT 10.0; Win64; x64) AppleWebKit/537.36 (KHTML, like Gecko) Chrome/105.0.0.0 Safari/537.36 Edg/105.0.1343.42"
49.36.220.172 - - [22/Sep/2022:17:06:45 +0200] "GET /images/mini_prod/8422048821713.jpg HTTP/1.0" 200 269 "http://www.wonder-geek.com/flower-pots-c-13_275.html?page=3" "Mozilla/5.0 (Windows NT 10.0; Win64; x64) AppleWebKit/537.36 (KHTML, like Gecko) Chrome/105.0.0.0 Safari/537.36 Edg/105.0.1343.42"
157.90.177.217 - - [22/Sep/2022:17:06:47 +0200] "GET /wild-about-words-bowl-p-31970.html HTTP/1.0" 200 74582 "-" "Mozilla/5.0 (compatible; BLEXBot/1.0; +http://webmeup-crawler.com/)"
157.90.177.217 - - [22/Sep/2022:17:06:55 +0200] "GET /willow-tree-collection-mother-daughter-p-55500.html HTTP/1.0" 200 76436 "-" "Mozilla/5.0 (compatible; BLEXBot/1.0; +http://webmeup-crawler.com/)"
66.249.66.144 - - [22/Sep/2022:17:06:59 +0200] "GET /images/mini_prod/3660173124445.jpg HTTP/1.0" 200 269 "-" "Mozilla/5.0 (compatible; Googlebot/2.1; +http://www.google.com/bot.html)"
157.90.177.217 - - [22/Sep/2022:17:07:01 +0200] "GET /willow-tree-collection-tree-player-p-55499.html HTTP/1.0" 200 76618 "-" "Mozilla/5.0 (compatible; BLEXBot/1.0; +http://webmeup-crawler.com/)"
157.90.177.217 - - [22/Sep/2022:17:07:07 +0200] "GET /wind-chime-flower-life-with-rudraksha-beads-p-40220.html HTTP/1.0" 200 75720 "-" "Mozilla/5.0 (compatible; BLEXBot/1.0; +http://webmeup-crawler.com/)"
157.90.177.217 - - [22/Sep/2022:17:07:13 +0200] "GET /windchime-wood-chimes-p-43519.html HTTP/1.0" 200 75334 "-" "Mozilla/5.0 (compatible; BLEXBot/1.0; +http://webmeup-crawler.com/)"
157.90.177.217 - - [22/Sep/2022:17:07:18 +0200] "GET /windchime-wood-chimes-p-43520.html HTTP/1.0" 200 75334 "-" "Mozilla/5.0 (compatible; BLEXBot/1.0; +http://webmeup-crawler.com/)"
157.90.177.217 - - [22/Sep/2022:17:07:23 +0200] "GET /windchime-wood-chimes-p-43521.html HTTP/1.0" 200 75334 "-" "Mozilla/5.0 (compatible; BLEXBot/1.0; +http://webmeup-crawler.com/)"
49.36.220.172 - - [22/Sep/2022:17:07:27 +0200] "GET /swfobject.js HTTP/1.0" 404 1308 "http://www.wonder-geek.com/flower-pots-c-13_275.html?page=4" "Mozilla/5.0 (Windows NT 10.0; Win64; x64) AppleWebKit/537.36 (KHTML, like Gecko) Chrome/105.0.0.0 Safari/537.36 Edg/105.0.1343.42"
49.36.220.172 - - [22/Sep/2022:17:07:24 +0200] "GET /flower-pots-c-13_275.html?page=4 HTTP/1.0" 200 94835 "http://www.wonder-geek.com/flower-pots-c-13_275.html?page=3" "Mozilla/5.0 (Windows NT 10.0; Win64; x64) AppleWebKit/537.36 (KHTML, like Gecko) Chrome/105.0.0.0 Safari/537.36 Edg/105.0.1343.42"
49.36.220.172 - - [22/Sep/2022:17:07:28 +0200] "GET /images/mini_prod/8422048821805D.jpg HTTP/1.0" 200 270 "http://www.wonder-geek.com/flower-pots-c-13_275.html?page=4" "Mozilla/5.0 (Windows NT 10.0; Win64; x64) AppleWebKit/537.36 (KHTML, like Gecko) Chrome/105.0.0.0 Safari/537.36 Edg/105.0.1343.42"
49.36.220.172 - - [22/Sep/2022:17:07:28 +0200] "GET /images/mini_prod/8422048821812D.jpg HTTP/1.0" 200 270 "http://www.wonder-geek.com/flower-pots-c-13_275.html?page=4" "Mozilla/5.0 (Windows NT 10.0; Win64; x64) AppleWebKit/537.36 (KHTML, like Gecko) Chrome/105.0.0.0 Safari/537.36 Edg/105.0.1343.42"
49.36.220.172 - - [22/Sep/2022:17:07:28 +0200] "GET /images/mini_prod/3503420188251.jpg HTTP/1.0" 200 269 "http://www.wonder-geek.com/flower-pots-c-13_275.html?page=4" "Mozilla/5.0 (Windows NT 10.0; Win64; x64) AppleWebKit/537.36 (KHTML, like Gecko) Chrome/105.0.0.0 Safari/537.36 Edg/105.0.1343.42"
49.36.220.172 - - [22/Sep/2022:17:07:28 +0200] "GET /js/jquery.min.js HTTP/1.0" 404 1308 "http://www.wonder-geek.com/flower-pots-c-13_275.html?page=4" "Mozilla/5.0 (Windows NT 10.0; Win64; x64) AppleWebKit/537.36 (KHTML, like Gecko) Chrome/105.0.0.0 Safari/537.36 Edg/105.0.1343.42"
49.36.220.172 - - [22/Sep/2022:17:07:28 +0200] "GET /images/mini_prod/8422048821614N.jpg HTTP/1.0" 200 270 "http://www.wonder-geek.com/flower-pots-c-13_275.html?page=4" "Mozilla/5.0 (Windows NT 10.0; Win64; x64) AppleWebKit/537.36 (KHTML, like Gecko) Chrome/105.0.0.0 Safari/537.36 Edg/105.0.1343.42"
49.36.220.172 - - [22/Sep/2022:17:07:29 +0200] "GET /images/mini_prod/8422048821607N.jpg HTTP/1.0" 200 270 "http://www.wonder-geek.com/flower-pots-c-13_275.html?page=4" "Mozilla/5.0 (Windows NT 10.0; Win64; x64) AppleWebKit/537.36 (KHTML, like Gecko) Chrome/105.0.0.0 Safari/537.36 Edg/105.0.1343.42"
49.36.220.172 - - [22/Sep/2022:17:07:29 +0200] "GET /images/mini_prod/5400924128258.jpg HTTP/1.0" 200 269 "http://www.wonder-geek.com/flower-pots-c-13_275.html?page=4" "Mozilla/5.0 (Windows NT 10.0; Win64; x64) AppleWebKit/537.36 (KHTML, like Gecko) Chrome/105.0.0.0 Safari/537.36 Edg/105.0.1343.42"
49.36.220.172 - - [22/Sep/2022:17:07:29 +0200] "GET /images/mini_prod/8422018289611A.jpg HTTP/1.0" 200 270 "http://www.wonder-geek.com/flower-pots-c-13_275.html?page=4" "Mozilla/5.0 (Windows NT 10.0; Win64; x64) AppleWebKit/537.36 (KHTML, like Gecko) Chrome/105.0.0.0 Safari/537.36 Edg/105.0.1343.42"
49.36.220.172 - - [22/Sep/2022:17:07:29 +0200] "GET /images/mini_prod/8718317876899.jpg HTTP/1.0" 200 269 "http://www.wonder-geek.com/flower-pots-c-13_275.html?page=4" "Mozilla/5.0 (Windows NT 10.0; Win64; x64) AppleWebKit/537.36 (KHTML, like Gecko) Chrome/105.0.0.0 Safari/537.36 Edg/105.0.1343.42"
49.36.220.172 - - [22/Sep/2022:17:07:29 +0200] "GET /images/mini_prod/8718317848087.jpg HTTP/1.0" 200 269 "http://www.wonder-geek.com/flower-pots-c-13_275.html?page=4" "Mozilla/5.0 (Windows NT 10.0; Win64; x64) AppleWebKit/537.36 (KHTML, like Gecko) Chrome/105.0.0.0 Safari/537.36 Edg/105.0.1343.42"
49.36.220.172 - - [22/Sep/2022:17:07:30 +0200] "GET /images/mini_prod/8422004158006B.jpg HTTP/1.0" 200 270 "http://www.wonder-geek.com/flower-pots-c-13_275.html?page=4" "Mozilla/5.0 (Windows NT 10.0; Win64; x64) AppleWebKit/537.36 (KHTML, like Gecko) Chrome/105.0.0.0 Safari/537.36 Edg/105.0.1343.42"
49.36.220.172 - - [22/Sep/2022:17:07:30 +0200] "GET /images/mini_prod/8422004158013B.jpg HTTP/1.0" 200 270 "http://www.wonder-geek.com/flower-pots-c-13_275.html?page=4" "Mozilla/5.0 (Windows NT 10.0; Win64; x64) AppleWebKit/537.36 (KHTML, like Gecko) Chrome/105.0.0.0 Safari/537.36 Edg/105.0.1343.42"
157.90.177.217 - - [22/Sep/2022:17:07:28 +0200] "GET /windchime-wood-five-chimes-p-43513.html HTTP/1.0" 200 75358 "-" "Mozilla/5.0 (compatible; BLEXBot/1.0; +http://webmeup-crawler.com/)"
49.36.220.172 - - [22/Sep/2022:17:07:30 +0200] "GET /images/mini_prod/8422004158020B.jpg HTTP/1.0" 200 270 "http://www.wonder-geek.com/flower-pots-c-13_275.html?page=4" "Mozilla/5.0 (Windows NT 10.0; Win64; x64) AppleWebKit/537.36 (KHTML, like Gecko) Chrome/105.0.0.0 Safari/537.36 Edg/105.0.1343.42"
49.36.220.172 - - [22/Sep/2022:17:07:30 +0200] "GET /images/mini_prod/3503420146008B.jpg HTTP/1.0" 200 270 "http://www.wonder-geek.com/flower-pots-c-13_275.html?page=4" "Mozilla/5.0 (Windows NT 10.0; Win64; x64) AppleWebKit/537.36 (KHTML, like Gecko) Chrome/105.0.0.0 Safari/537.36 Edg/105.0.1343.42"
49.36.220.172 - - [22/Sep/2022:17:07:30 +0200] "GET /images/mini_prod/3520071658261.jpg HTTP/1.0" 200 269 "http://www.wonder-geek.com/flower-pots-c-13_275.html?page=4" "Mozilla/5.0 (Windows NT 10.0; Win64; x64) AppleWebKit/537.36 (KHTML, like Gecko) Chrome/105.0.0.0 Safari/537.36 Edg/105.0.1343.42"
