157.90.177.217 - - [22/Sep/2022:13:48:57 +0200] "GET /james-towel-p-39104.html HTTP/1.0" 200 74690 "-" "Mozilla/5.0 (compatible; BLEXBot/1.0; +http://webmeup-crawler.com/)"
157.90.177.217 - - [22/Sep/2022:13:49:01 +0200] "GET /japan-alarm-clock-cbkreation-p-24998.html HTTP/1.0" 200 74790 "-" "Mozilla/5.0 (compatible; BLEXBot/1.0; +http://webmeup-crawler.com/)"
185.191.171.3 - - [22/Sep/2022:13:49:10 +0200] "GET /glass-ashtray-p-55742.html HTTP/1.0" 200 74714 "-" "Mozilla/5.0 (compatible; SemrushBot/7~bl; +http://www.semrush.com/bot.html)"
157.90.177.217 - - [22/Sep/2022:13:49:10 +0200] "GET /jar-for-jam-p-56573.html HTTP/1.0" 200 74583 "-" "Mozilla/5.0 (compatible; BLEXBot/1.0; +http://webmeup-crawler.com/)"
157.90.177.217 - - [22/Sep/2022:13:49:16 +0200] "GET /jasmin-chandelier-p-31376.html HTTP/1.0" 200 74886 "-" "Mozilla/5.0 (compatible; BLEXBot/1.0; +http://webmeup-crawler.com/)"
157.90.177.217 - - [22/Sep/2022:13:49:21 +0200] "GET /jasmin-companion-portfolio-p-33600.html HTTP/1.0" 200 74986 "-" "Mozilla/5.0 (compatible; BLEXBot/1.0; +http://webmeup-crawler.com/)"
157.90.177.217 - - [22/Sep/2022:13:49:24 +0200] "GET /jasmin-companion-portfolio-p-38837.html HTTP/1.0" 200 76161 "-" "Mozilla/5.0 (compatible; BLEXBot/1.0; +http://webmeup-crawler.com/)"
157.90.177.217 - - [22/Sep/2022:13:49:29 +0200] "GET /jasmin-companion-portfolio-p-44296.html HTTP/1.0" 200 76197 "-" "Mozilla/5.0 (compatible; BLEXBot/1.0; +http://webmeup-crawler.com/)"
157.90.177.217 - - [22/Sep/2022:13:49:36 +0200] "GET /jasmin-dessert-spoon-p-32024.html HTTP/1.0" 200 74665 "-" "Mozilla/5.0 (compatible; BLEXBot/1.0; +http://webmeup-crawler.com/)"
157.90.177.217 - - [22/Sep/2022:13:49:42 +0200] "GET /jasmin-kawai-blue-scarf-p-35978.html HTTP/1.0" 200 74724 "-" "Mozilla/5.0 (compatible; BLEXBot/1.0; +http://webmeup-crawler.com/)"
157.90.177.217 - - [22/Sep/2022:13:49:48 +0200] "GET /jasmin-kitten-scarf-p-35977.html HTTP/1.0" 200 74700 "-" "Mozilla/5.0 (compatible; BLEXBot/1.0; +http://webmeup-crawler.com/)"
157.90.177.217 - - [22/Sep/2022:13:49:57 +0200] "GET /jasmin-large-round-melamine-plate-p-37912.html HTTP/1.0" 200 74787 "-" "Mozilla/5.0 (compatible; BLEXBot/1.0; +http://webmeup-crawler.com/)"
17.121.112.95 - - [22/Sep/2022:13:50:04 +0200] "GET /images/med_prod/1399984280553.jpg HTTP/1.0" 200 268 "-" "Mozilla/5.0 (Macintosh; Intel Mac OS X 10_15_5) AppleWebKit/605.1.15 (KHTML, like Gecko) Version/13.1.1 Safari/605.1.15 (Applebot/0.1; +http://www.apple.com/go/applebot)"
157.90.177.217 - - [22/Sep/2022:13:50:03 +0200] "GET /jasmin-marley-jamaica-chandelier-p-35767.html HTTP/1.0" 200 75001 "-" "Mozilla/5.0 (compatible; BLEXBot/1.0; +http://webmeup-crawler.com/)"
157.90.177.217 - - [22/Sep/2022:13:50:07 +0200] "GET /jasmin-melamine-dish-cake-p-37906.html HTTP/1.0" 200 74729 "-" "Mozilla/5.0 (compatible; BLEXBot/1.0; +http://webmeup-crawler.com/)"
207.46.13.149 - - [22/Sep/2022:13:50:08 +0200] "GET /stroll-peru-teapot-with-metal-infuser-p-46537.html HTTP/1.0" 200 74803 "-" "Mozilla/5.0 (compatible; bingbot/2.0; +http://www.bing.com/bingbot.htm)"
157.90.177.217 - - [22/Sep/2022:13:50:12 +0200] "GET /jasmin-melamine-dish-cake-p-41623.html HTTP/1.0" 200 74730 "-" "Mozilla/5.0 (compatible; BLEXBot/1.0; +http://webmeup-crawler.com/)"
157.90.177.217 - - [22/Sep/2022:13:50:18 +0200] "GET /jasmin-racing-scarf-p-35979.html HTTP/1.0" 200 74694 "-" "Mozilla/5.0 (compatible; BLEXBot/1.0; +http://webmeup-crawler.com/)"
157.90.177.217 - - [22/Sep/2022:13:50:22 +0200] "GET /jasmin-saucer-p-37959.html HTTP/1.0" 200 74709 "-" "Mozilla/5.0 (compatible; BLEXBot/1.0; +http://webmeup-crawler.com/)"
157.90.177.217 - - [22/Sep/2022:13:50:31 +0200] "GET /jasmin-scarf-p-32502.html HTTP/1.0" 200 74648 "-" "Mozilla/5.0 (compatible; BLEXBot/1.0; +http://webmeup-crawler.com/)"
157.90.177.217 - - [22/Sep/2022:13:50:36 +0200] "GET /jeans-suitcase-p-33482.html HTTP/1.0" 200 75140 "-" "Mozilla/5.0 (compatible; BLEXBot/1.0; +http://webmeup-crawler.com/)"
157.90.177.217 - - [22/Sep/2022:13:50:41 +0200] "GET /jeans-suitcase-p-38102.html HTTP/1.0" 200 75109 "-" "Mozilla/5.0 (compatible; BLEXBot/1.0; +http://webmeup-crawler.com/)"
157.90.177.217 - - [22/Sep/2022:13:50:46 +0200] "GET /jerry-toddler-flatware-p-14878.html HTTP/1.0" 200 75178 "-" "Mozilla/5.0 (compatible; BLEXBot/1.0; +http://webmeup-crawler.com/)"
216.244.66.242 - - [22/Sep/2022:13:50:48 +0200] "GET /adult-apron-p-45926.html HTTP/1.0" 301 72127 "-" "Mozilla/5.0 (compatible; DotBot/1.2; +https://opensiteexplorer.org/dotbot; help@moz.com)"
157.90.177.217 - - [22/Sep/2022:13:50:51 +0200] "GET /jeux-vido-ruin-black-shirt-p-30072.html HTTP/1.0" 200 76052 "-" "Mozilla/5.0 (compatible; BLEXBot/1.0; +http://webmeup-crawler.com/)"
185.191.171.2 - - [22/Sep/2022:13:50:52 +0200] "GET /wood-black-table-lamp-p-54040.html HTTP/1.0" 200 72142 "-" "Mozilla/5.0 (compatible; SemrushBot/7~bl; +http://www.semrush.com/bot.html)"
66.249.66.214 - - [22/Sep/2022:13:50:52 +0200] "GET /cats-love-paris-small-melamine-tray-p-55878.html HTTP/1.0" 200 74929 "-" "Mozilla/5.0 (Linux; Android 6.0.1; Nexus 5X Build/MMB29P) AppleWebKit/537.36 (KHTML, like Gecko) Chrome/105.0.5195.125 Mobile Safari/537.36 (compatible; Googlebot/2.1; +http://www.google.com/bot.html)"
157.90.177.217 - - [22/Sep/2022:13:50:55 +0200] "GET /jewel-flower-life-p-48483.html HTTP/1.0" 200 75466 "-" "Mozilla/5.0 (compatible; BLEXBot/1.0; +http://webmeup-crawler.com/)"
216.244.66.242 - - [22/Sep/2022:13:50:57 +0200] "GET /basset-keychains-p-26278.html HTTP/1.0" 301 72127 "-" "Mozilla/5.0 (compatible; DotBot/1.2; +https://opensiteexplorer.org/dotbot; help@moz.com)"
157.90.177.217 - - [22/Sep/2022:13:50:59 +0200] "GET /jewel-p-48485.html HTTP/1.0" 200 75339 "-" "Mozilla/5.0 (compatible; BLEXBot/1.0; +http://webmeup-crawler.com/)"
34.67.96.123 - - [22/Sep/2022:13:51:02 +0200] "GET /images/mini_prod/8422089196078A.jpg HTTP/1.0" 200 270 "-" "Mozilla/5.0 (X11; Ubuntu; Linux x86_64; rv:72.0) Gecko/20100101 Firefox/72.0"
185.191.171.7 - - [22/Sep/2022:13:51:05 +0200] "GET /viens-fait-rien-water-bottle-p-58477.html HTTP/1.0" 200 75448 "-" "Mozilla/5.0 (compatible; SemrushBot/7~bl; +http://www.semrush.com/bot.html)"
157.90.177.217 - - [22/Sep/2022:13:51:05 +0200] "GET /jewel-seed-life-p-48486.html HTTP/1.0" 200 75446 "-" "Mozilla/5.0 (compatible; BLEXBot/1.0; +http://webmeup-crawler.com/)"
216.244.66.242 - - [22/Sep/2022:13:51:08 +0200] "GET /cats-mini-mug-p-48622.html HTTP/1.0" 301 72170 "-" "Mozilla/5.0 (compatible; DotBot/1.2; +https://opensiteexplorer.org/dotbot; help@moz.com)"
157.90.177.217 - - [22/Sep/2022:13:51:10 +0200] "GET /jewel-tree-life-p-48484.html HTTP/1.0" 200 75419 "-" "Mozilla/5.0 (compatible; BLEXBot/1.0; +http://webmeup-crawler.com/)"
157.90.177.217 - - [22/Sep/2022:13:51:15 +0200] "GET /jewelry-boxes-holders-c-13_150_131.html?page=2 HTTP/1.0" 200 92811 "-" "Mozilla/5.0 (compatible; BLEXBot/1.0; +http://webmeup-crawler.com/)"
216.244.66.242 - - [22/Sep/2022:13:51:17 +0200] "GET /maisy-bowl-p-19457.html HTTP/1.0" 301 72127 "-" "Mozilla/5.0 (compatible; DotBot/1.2; +https://opensiteexplorer.org/dotbot; help@moz.com)"
157.90.177.217 - - [22/Sep/2022:13:51:22 +0200] "GET /jewelry-holder-flower-dress-p-47489.html HTTP/1.0" 200 74849 "-" "Mozilla/5.0 (compatible; BLEXBot/1.0; +http://webmeup-crawler.com/)"
216.244.66.242 - - [22/Sep/2022:13:51:25 +0200] "GET /minions-cushion-p-31727.html HTTP/1.0" 301 72127 "-" "Mozilla/5.0 (compatible; DotBot/1.2; +https://opensiteexplorer.org/dotbot; help@moz.com)"
157.90.177.217 - - [22/Sep/2022:13:51:27 +0200] "GET /jewelry-holder-mirror-stand-p-55771.html HTTP/1.0" 200 75468 "-" "Mozilla/5.0 (compatible; BLEXBot/1.0; +http://webmeup-crawler.com/)"
185.191.171.43 - - [22/Sep/2022:13:51:31 +0200] "GET /bedclothes-gomix-p-51703.html HTTP/1.0" 200 74840 "-" "Mozilla/5.0 (compatible; SemrushBot/7~bl; +http://www.semrush.com/bot.html)"
157.90.177.217 - - [22/Sep/2022:13:51:32 +0200] "GET /jewelry-holder-polka-dress-p-47490.html HTTP/1.0" 200 74877 "-" "Mozilla/5.0 (compatible; BLEXBot/1.0; +http://webmeup-crawler.com/)"
216.244.66.242 - - [22/Sep/2022:13:51:32 +0200] "GET /cement-tile-stickers-15-15-cm-p-51628.html HTTP/1.0" 301 75717 "-" "Mozilla/5.0 (compatible; DotBot/1.2; +https://opensiteexplorer.org/dotbot; help@moz.com)"
157.90.177.217 - - [22/Sep/2022:13:51:36 +0200] "GET /johnny-hallyday-mouse-p-10931.html HTTP/1.0" 200 74704 "-" "Mozilla/5.0 (compatible; BLEXBot/1.0; +http://webmeup-crawler.com/)"
157.90.177.217 - - [22/Sep/2022:13:51:41 +0200] "GET /johnny-hallyday-mouse-p-10932.html HTTP/1.0" 200 74684 "-" "Mozilla/5.0 (compatible; BLEXBot/1.0; +http://webmeup-crawler.com/)"
216.244.66.242 - - [22/Sep/2022:13:51:43 +0200] "GET /corsica-mug-by-cbkreation-p-43144.html HTTP/1.0" 301 74772 "-" "Mozilla/5.0 (compatible; DotBot/1.2; +https://opensiteexplorer.org/dotbot; help@moz.com)"
157.55.39.12 - - [22/Sep/2022:13:51:46 +0200] "GET /decorations-and-furnishings/bob-marley-floor-standing-ashtray-p-20602.html HTTP/1.0" 301 72127 "-" "Mozilla/5.0 (compatible; bingbot/2.0; +http://www.bing.com/bingbot.htm)"
157.90.177.217 - - [22/Sep/2022:13:51:46 +0200] "GET /johnny-hallyday-mouse-p-6833.html HTTP/1.0" 200 74690 "-" "Mozilla/5.0 (compatible; BLEXBot/1.0; +http://webmeup-crawler.com/)"
216.244.66.242 - - [22/Sep/2022:13:51:52 +0200] "GET /johnny-hallyday-towel-p-9037.html HTTP/1.0" 301 72124 "-" "Mozilla/5.0 (compatible; DotBot/1.2; +https://opensiteexplorer.org/dotbot; help@moz.com)"
157.90.177.217 - - [22/Sep/2022:13:51:53 +0200] "GET /johnny-hallyday-mouse-p-6834.html HTTP/1.0" 200 74671 "-" "Mozilla/5.0 (compatible; BLEXBot/1.0; +http://webmeup-crawler.com/)"
185.191.171.26 - - [22/Sep/2022:13:51:53 +0200] "GET /-p-7482.html HTTP/1.0" 200 72058 "-" "Mozilla/5.0 (compatible; SemrushBot/7~bl; +http://www.semrush.com/bot.html)"
157.90.177.217 - - [22/Sep/2022:13:51:59 +0200] "GET /johnny-hallyday-mouse-p-6835.html HTTP/1.0" 200 74686 "-" "Mozilla/5.0 (compatible; BLEXBot/1.0; +http://webmeup-crawler.com/)"
216.244.66.242 - - [22/Sep/2022:13:51:59 +0200] "GET /miss-sunshine-money-box-p-2715.html HTTP/1.0" 301 72124 "-" "Mozilla/5.0 (compatible; DotBot/1.2; +https://opensiteexplorer.org/dotbot; help@moz.com)"
185.191.171.33 - - [22/Sep/2022:13:52:03 +0200] "GET /since-1960-small-clock-p-55074.html HTTP/1.0" 200 74779 "-" "Mozilla/5.0 (compatible; SemrushBot/7~bl; +http://www.semrush.com/bot.html)"
157.90.177.217 - - [22/Sep/2022:13:52:04 +0200] "GET /johnny-hallyday-mouse-p-6836.html HTTP/1.0" 200 74671 "-" "Mozilla/5.0 (compatible; BLEXBot/1.0; +http://webmeup-crawler.com/)"
216.244.66.242 - - [22/Sep/2022:13:52:06 +0200] "GET /cache-pot-with-tortoiseshell-ceramic-reliefs-bluish-gray-32-cm-p-51103.html HTTP/1.0" 301 75381 "-" "Mozilla/5.0 (compatible; DotBot/1.2; +https://opensiteexplorer.org/dotbot; help@moz.com)"
216.244.66.242 - - [22/Sep/2022:13:52:12 +0200] "GET /savonnette-provence-made-in-france-olive-oil-perfume-p-40102.html HTTP/1.0" 301 72127 "-" "Mozilla/5.0 (compatible; DotBot/1.2; +https://opensiteexplorer.org/dotbot; help@moz.com)"
157.90.177.217 - - [22/Sep/2022:13:52:14 +0200] "GET /jolie-provence-metal-tray-p-47717.html HTTP/1.0" 200 74820 "-" "Mozilla/5.0 (compatible; BLEXBot/1.0; +http://webmeup-crawler.com/)"
157.90.177.217 - - [22/Sep/2022:13:52:19 +0200] "GET /jungle-book-carved-heart-figurine-p-58750.html HTTP/1.0" 200 75828 "-" "Mozilla/5.0 (compatible; BLEXBot/1.0; +http://webmeup-crawler.com/)"
114.119.137.31 - - [22/Sep/2022:13:52:22 +0200] "GET /drawstring-yoga-mat-bag-purple-with-flower-of-life-embroidery-p-45459.html HTTP/1.0" 301 72389 "http://www.wonder-geek.com/bagshandbags-shoulder-bags-c-31_81.html?page=7" "Mozilla/5.0 (Linux; Android 7.0;) AppleWebKit/537.36 (KHTML, like Gecko) Mobile Safari/537.36 (compatible; PetalBot;+https://webmaster.petalsearch.com/site/petalbot)"
114.119.137.31 - - [22/Sep/2022:13:52:23 +0200] "GET /drawstring-yoga-purple-with-flower-life-embroidery-p-45459.html HTTP/1.0" 200 72272 "http://www.wonder-geek.com/bagshandbags-shoulder-bags-c-31_81.html?page=7" "Mozilla/5.0 (Linux; Android 7.0;) AppleWebKit/537.36 (KHTML, like Gecko) Mobile Safari/537.36 (compatible; PetalBot;+https://webmaster.petalsearch.com/site/petalbot)"
216.244.66.242 - - [22/Sep/2022:13:52:24 +0200] "GET /white-samsung-s2-cupcakes-phone-cover-cbkreation-p-17357.html HTTP/1.0" 301 72127 "-" "Mozilla/5.0 (compatible; DotBot/1.2; +https://opensiteexplorer.org/dotbot; help@moz.com)"
157.90.177.217 - - [22/Sep/2022:13:52:25 +0200] "GET /kawasaki-sugar-p-51154.html HTTP/1.0" 200 75357 "-" "Mozilla/5.0 (compatible; BLEXBot/1.0; +http://webmeup-crawler.com/)"
87.250.224.94 - - [22/Sep/2022:13:52:25 +0200] "GET /cats-dubout-figurine-third-p-32711.html HTTP/1.0" 200 77215 "-" "Mozilla/5.0 (compatible; YandexBot/3.0; +http://yandex.com/bots)"
157.90.177.217 - - [22/Sep/2022:13:52:31 +0200] "GET /keith-haring-tote-p-29252.html HTTP/1.0" 200 74833 "-" "Mozilla/5.0 (compatible; BLEXBot/1.0; +http://webmeup-crawler.com/)"
157.90.177.217 - - [22/Sep/2022:13:52:36 +0200] "GET /keith-haring-tote-p-39089.html HTTP/1.0" 200 74727 "-" "Mozilla/5.0 (compatible; BLEXBot/1.0; +http://webmeup-crawler.com/)"
157.90.177.217 - - [22/Sep/2022:13:52:40 +0200] "GET /keyboard-cube-p-24899.html HTTP/1.0" 200 74667 "-" "Mozilla/5.0 (compatible; BLEXBot/1.0; +http://webmeup-crawler.com/)"
157.90.177.217 - - [22/Sep/2022:13:52:47 +0200] "GET /keyboard-cube-p-27590.html HTTP/1.0" 200 74619 "-" "Mozilla/5.0 (compatible; BLEXBot/1.0; +http://webmeup-crawler.com/)"
157.90.177.217 - - [22/Sep/2022:13:52:53 +0200] "GET /keyboard-shaped-house-p-47687.html HTTP/1.0" 200 74893 "-" "Mozilla/5.0 (compatible; BLEXBot/1.0; +http://webmeup-crawler.com/)"
157.90.177.217 - - [22/Sep/2022:13:53:00 +0200] "GET /keyrings-c-31_52.html?page=10 HTTP/1.0" 200 95652 "-" "Mozilla/5.0 (compatible; BLEXBot/1.0; +http://webmeup-crawler.com/)"
66.249.66.210 - - [22/Sep/2022:13:53:03 +0200] "GET /images/3660173174990.jpg HTTP/1.0" 200 259 "-" "Googlebot-Image/1.0"
157.90.177.217 - - [22/Sep/2022:13:53:06 +0200] "GET /keyrings-c-31_52.html?page=11 HTTP/1.0" 200 94089 "-" "Mozilla/5.0 (compatible; BLEXBot/1.0; +http://webmeup-crawler.com/)"
157.90.177.217 - - [22/Sep/2022:13:53:12 +0200] "GET /keyrings-c-31_52.html?page=2 HTTP/1.0" 200 95111 "-" "Mozilla/5.0 (compatible; BLEXBot/1.0; +http://webmeup-crawler.com/)"
157.90.177.217 - - [22/Sep/2022:13:53:18 +0200] "GET /keyrings-c-31_52.html?page=3 HTTP/1.0" 200 96014 "-" "Mozilla/5.0 (compatible; BLEXBot/1.0; +http://webmeup-crawler.com/)"
157.90.177.217 - - [22/Sep/2022:13:53:25 +0200] "GET /keyrings-c-31_52.html?page=4 HTTP/1.0" 200 95676 "-" "Mozilla/5.0 (compatible; BLEXBot/1.0; +http://webmeup-crawler.com/)"
157.90.177.217 - - [22/Sep/2022:13:53:31 +0200] "GET /keyrings-c-31_52.html?page=5 HTTP/1.0" 200 96010 "-" "Mozilla/5.0 (compatible; BLEXBot/1.0; +http://webmeup-crawler.com/)"
157.90.177.217 - - [22/Sep/2022:13:53:36 +0200] "GET /keyrings-c-31_52.html?page=6 HTTP/1.0" 200 96502 "-" "Mozilla/5.0 (compatible; BLEXBot/1.0; +http://webmeup-crawler.com/)"
157.90.177.217 - - [22/Sep/2022:13:53:42 +0200] "GET /keyrings-c-31_52.html?page=7 HTTP/1.0" 200 96018 "-" "Mozilla/5.0 (compatible; BLEXBot/1.0; +http://webmeup-crawler.com/)"
157.90.177.217 - - [22/Sep/2022:13:53:47 +0200] "GET /keyrings-c-31_52.html?page=8 HTTP/1.0" 200 96387 "-" "Mozilla/5.0 (compatible; BLEXBot/1.0; +http://webmeup-crawler.com/)"
185.191.171.3 - - [22/Sep/2022:13:53:51 +0200] "GET /gift-infuser-buddha-paradise-p-53439.html HTTP/1.0" 200 75929 "-" "Mozilla/5.0 (compatible; SemrushBot/7~bl; +http://www.semrush.com/bot.html)"
157.90.177.217 - - [22/Sep/2022:13:53:54 +0200] "GET /keyrings-c-31_52.html?page=9 HTTP/1.0" 200 96013 "-" "Mozilla/5.0 (compatible; BLEXBot/1.0; +http://webmeup-crawler.com/)"
157.55.39.28 - - [22/Sep/2022:13:54:00 +0200] "GET /vintage-cola-cola-canvas-frame-p-33386.html HTTP/1.0" 200 74953 "-" "Mozilla/5.0 (compatible; bingbot/2.0; +http://www.bing.com/bingbot.htm)"
157.90.177.217 - - [22/Sep/2022:13:54:02 +0200] "GET /kidcat-salt-pepper-p-46876.html HTTP/1.0" 200 75291 "-" "Mozilla/5.0 (compatible; BLEXBot/1.0; +http://webmeup-crawler.com/)"
66.249.66.210 - - [22/Sep/2022:13:54:04 +0200] "GET /images/4010070173449.jpg HTTP/1.0" 200 259 "-" "Googlebot-Image/1.0"
163.220.128.41 - - [22/Sep/2022:13:54:07 +0200] "GET /images/mini_prod/4029811423385.jpg HTTP/1.0" 200 269 "-" "Mozilla/5.0 (X11; Ubuntu; Linux x86_64; rv:72.0) Gecko/20100101 Firefox/72.0"
157.90.177.217 - - [22/Sep/2022:13:54:13 +0200] "GET /kids-school-c-31_80.html?page=2 HTTP/1.0" 200 81047 "-" "Mozilla/5.0 (compatible; BLEXBot/1.0; +http://webmeup-crawler.com/)"
157.90.177.217 - - [22/Sep/2022:13:54:18 +0200] "GET /kids-school-p-18788.html HTTP/1.0" 200 75076 "-" "Mozilla/5.0 (compatible; BLEXBot/1.0; +http://webmeup-crawler.com/)"
157.90.177.217 - - [22/Sep/2022:13:54:22 +0200] "GET /kids-school-p-52080.html HTTP/1.0" 200 75542 "-" "Mozilla/5.0 (compatible; BLEXBot/1.0; +http://webmeup-crawler.com/)"
157.55.39.217 - - [22/Sep/2022:13:54:26 +0200] "GET /-p-14851.html HTTP/1.0" 200 72060 "-" "Mozilla/5.0 (compatible; bingbot/2.0; +http://www.bing.com/bingbot.htm)"
157.90.177.217 - - [22/Sep/2022:13:54:28 +0200] "GET /kimmi-junior-best-friend-necklaces-p-8750.html HTTP/1.0" 200 74820 "-" "Mozilla/5.0 (compatible; BLEXBot/1.0; +http://webmeup-crawler.com/)"
157.90.177.217 - - [22/Sep/2022:13:54:33 +0200] "GET /kimmi-junior-best-friend-necklaces-p-8753.html HTTP/1.0" 200 74809 "-" "Mozilla/5.0 (compatible; BLEXBot/1.0; +http://webmeup-crawler.com/)"
182.160.1.221 - - [22/Sep/2022:13:54:39 +0200] "GET /images/mini_prod/3700653500830.jpg HTTP/1.0" 200 269 "-" "Mozilla/5.0 (Windows NT 10.0; Win64; x64) AppleWebKit/537.36 (KHTML, like Gecko) Chrome/54.0.2840.99 Safari/537.36"
157.90.177.217 - - [22/Sep/2022:13:54:38 +0200] "GET /kimmi-junior-best-friend-necklaces-p-8754.html HTTP/1.0" 200 74809 "-" "Mozilla/5.0 (compatible; BLEXBot/1.0; +http://webmeup-crawler.com/)"
185.191.171.35 - - [22/Sep/2022:13:54:40 +0200] "GET /dragon-ball-krilin-money-p-40943.html HTTP/1.0" 200 74761 "-" "Mozilla/5.0 (compatible; SemrushBot/7~bl; +http://www.semrush.com/bot.html)"
157.90.177.217 - - [22/Sep/2022:13:54:45 +0200] "GET /kimmi-junior-best-friend-necklaces-p-8755.html HTTP/1.0" 200 74809 "-" "Mozilla/5.0 (compatible; BLEXBot/1.0; +http://webmeup-crawler.com/)"
157.90.177.217 - - [22/Sep/2022:13:54:53 +0200] "GET /kimmi-junior-best-friend-necklaces-p-8756.html HTTP/1.0" 200 74809 "-" "Mozilla/5.0 (compatible; BLEXBot/1.0; +http://webmeup-crawler.com/)"
157.90.177.217 - - [22/Sep/2022:13:54:58 +0200] "GET /kimmi-junior-glass-p-11840.html HTTP/1.0" 200 74604 "-" "Mozilla/5.0 (compatible; BLEXBot/1.0; +http://webmeup-crawler.com/)"
87.250.224.94 - - [22/Sep/2022:13:54:58 +0200] "GET /angel-figurine-love-p-58779.html HTTP/1.0" 200 75019 "-" "Mozilla/5.0 (compatible; YandexBot/3.0; +http://yandex.com/bots)"
87.250.224.94 - - [22/Sep/2022:13:55:01 +0200] "GET /scandinavian-wooden-clock-p-58820.html HTTP/1.0" 200 75358 "-" "Mozilla/5.0 (compatible; YandexBot/3.0; +http://yandex.com/bots)"
157.90.177.217 - - [22/Sep/2022:13:55:03 +0200] "GET /kimmi-junior-meika-pocket-mirror-p-15846.html HTTP/1.0" 200 77781 "-" "Mozilla/5.0 (compatible; BLEXBot/1.0; +http://webmeup-crawler.com/)"
87.250.224.94 - - [22/Sep/2022:13:55:03 +0200] "GET /-c-95_298.html HTTP/1.0" 200 70928 "-" "Mozilla/5.0 (compatible; YandexBot/3.0; +http://yandex.com/bots)"
87.250.224.94 - - [22/Sep/2022:13:55:06 +0200] "GET /angel-figurine-love-p-58779.html HTTP/1.0" 200 75019 "-" "Mozilla/5.0 (compatible; YandexBot/3.0; +http://yandex.com/bots)"
87.250.224.94 - - [22/Sep/2022:13:55:08 +0200] "GET /angel-figurine-family-p-58776.html HTTP/1.0" 200 75022 "-" "Mozilla/5.0 (compatible; YandexBot/3.0; +http://yandex.com/bots)"
157.90.177.217 - - [22/Sep/2022:13:55:09 +0200] "GET /kimmi-junior-polar-plaid-p-13087.html HTTP/1.0" 200 74863 "-" "Mozilla/5.0 (compatible; BLEXBot/1.0; +http://webmeup-crawler.com/)"
87.250.224.94 - - [22/Sep/2022:13:55:10 +0200] "GET /-c-95_299.html HTTP/1.0" 200 70928 "-" "Mozilla/5.0 (compatible; YandexBot/3.0; +http://yandex.com/bots)"
87.250.224.94 - - [22/Sep/2022:13:55:12 +0200] "GET /clock-retro-feet-black-metal-p-58817.html HTTP/1.0" 200 75716 "-" "Mozilla/5.0 (compatible; YandexBot/3.0; +http://yandex.com/bots)"
87.250.224.94 - - [22/Sep/2022:13:55:14 +0200] "GET /vanua-cotton-basket-planter-p-58824.html HTTP/1.0" 200 75565 "-" "Mozilla/5.0 (compatible; YandexBot/3.0; +http://yandex.com/bots)"
157.90.177.217 - - [22/Sep/2022:13:55:14 +0200] "GET /kimmidoll-airi-nail-files-p-31933.html HTTP/1.0" 200 74782 "-" "Mozilla/5.0 (compatible; BLEXBot/1.0; +http://webmeup-crawler.com/)"
87.250.224.94 - - [22/Sep/2022:13:55:16 +0200] "GET /polar-blanket-p-58799.html HTTP/1.0" 200 75524 "-" "Mozilla/5.0 (compatible; YandexBot/3.0; +http://yandex.com/bots)"
216.244.66.242 - - [22/Sep/2022:13:55:17 +0200] "GET /angry-birds-p-19142.html HTTP/1.0" 200 74850 "-" "Mozilla/5.0 (compatible; DotBot/1.2; +https://opensiteexplorer.org/dotbot; help@moz.com)"
87.250.224.188 - - [22/Sep/2022:13:55:18 +0200] "GET /clock-retro-feet-black-metal-p-58817.html HTTP/1.0" 200 75716 "-" "Mozilla/5.0 (compatible; YandexBot/3.0; +http://yandex.com/bots)"
87.250.224.94 - - [22/Sep/2022:13:55:19 +0200] "GET /-c-95_298.html HTTP/1.0" 200 70928 "-" "Mozilla/5.0 (compatible; YandexBot/3.0; +http://yandex.com/bots)"
157.90.177.217 - - [22/Sep/2022:13:55:19 +0200] "GET /kimmidoll-brush-p-42415.html HTTP/1.0" 200 74689 "-" "Mozilla/5.0 (compatible; BLEXBot/1.0; +http://webmeup-crawler.com/)"
87.250.224.94 - - [22/Sep/2022:13:55:21 +0200] "GET /wooden-hanging-tree-decoration-p-58761.html HTTP/1.0" 200 74078 "-" "Mozilla/5.0 (compatible; YandexBot/3.0; +http://yandex.com/bots)"
87.250.224.94 - - [22/Sep/2022:13:55:23 +0200] "GET /wooden-hanging-tree-decoration-p-58756.html HTTP/1.0" 200 75438 "-" "Mozilla/5.0 (compatible; YandexBot/3.0; +http://yandex.com/bots)"
157.90.177.217 - - [22/Sep/2022:13:55:25 +0200] "GET /kimmidoll-brush-p-42417.html HTTP/1.0" 200 74689 "-" "Mozilla/5.0 (compatible; BLEXBot/1.0; +http://webmeup-crawler.com/)"
87.250.224.188 - - [22/Sep/2022:13:55:25 +0200] "GET /wooden-hanging-tree-decoration-p-58760.html HTTP/1.0" 200 74078 "-" "Mozilla/5.0 (compatible; YandexBot/3.0; +http://yandex.com/bots)"
87.250.224.94 - - [22/Sep/2022:13:55:27 +0200] "GET /scandinavian-wooden-clock-p-58820.html HTTP/1.0" 200 75358 "-" "Mozilla/5.0 (compatible; YandexBot/3.0; +http://yandex.com/bots)"
156.59.237.146 - - [22/Sep/2022:13:55:30 +0200] "GET /images/mini_prod/5051276225647.jpg HTTP/1.0" 200 269 "-" "Mozilla/5.0 (X11; Ubuntu; Linux x86_64; rv:72.0) Gecko/20100101 Firefox/72.0"
87.250.224.188 - - [22/Sep/2022:13:55:29 +0200] "GET /polar-blanket-p-58799.html HTTP/1.0" 200 75524 "-" "Mozilla/5.0 (compatible; YandexBot/3.0; +http://yandex.com/bots)"
157.90.177.217 - - [22/Sep/2022:13:55:29 +0200] "GET /kimmidoll-brush-p-43208.html HTTP/1.0" 200 74691 "-" "Mozilla/5.0 (compatible; BLEXBot/1.0; +http://webmeup-crawler.com/)"
87.250.224.94 - - [22/Sep/2022:13:55:31 +0200] "GET /maori-jute-p-58801.html HTTP/1.0" 200 75804 "-" "Mozilla/5.0 (compatible; YandexBot/3.0; +http://yandex.com/bots)"
163.220.128.41 - - [22/Sep/2022:13:55:33 +0200] "GET /images/mini_prod/3014627830152.jpg HTTP/1.0" 200 269 "-" "Mozilla/5.0 (X11; Ubuntu; Linux x86_64; rv:72.0) Gecko/20100101 Firefox/72.0"
87.250.224.188 - - [22/Sep/2022:13:55:32 +0200] "GET /wooden-hanging-tree-decoration-p-58761.html HTTP/1.0" 200 74078 "-" "Mozilla/5.0 (compatible; YandexBot/3.0; +http://yandex.com/bots)"
87.250.224.94 - - [22/Sep/2022:13:55:34 +0200] "GET /-c-95_299.html HTTP/1.0" 200 70928 "-" "Mozilla/5.0 (compatible; YandexBot/3.0; +http://yandex.com/bots)"
157.90.177.217 - - [22/Sep/2022:13:55:35 +0200] "GET /kimmidoll-brush-p-44111.html HTTP/1.0" 200 74689 "-" "Mozilla/5.0 (compatible; BLEXBot/1.0; +http://webmeup-crawler.com/)"
87.250.224.188 - - [22/Sep/2022:13:55:36 +0200] "GET /sonny-angel-figure-happy-birthday-series-p-58740.html HTTP/1.0" 200 75770 "-" "Mozilla/5.0 (compatible; YandexBot/3.0; +http://yandex.com/bots)"
87.250.224.94 - - [22/Sep/2022:13:55:38 +0200] "GET /rattan-chandelier-p-58651.html HTTP/1.0" 200 75497 "-" "Mozilla/5.0 (compatible; YandexBot/3.0; +http://yandex.com/bots)"
87.250.224.188 - - [22/Sep/2022:13:55:40 +0200] "GET /polar-blanket-p-58798.html HTTP/1.0" 200 75524 "-" "Mozilla/5.0 (compatible; YandexBot/3.0; +http://yandex.com/bots)"
157.90.177.217 - - [22/Sep/2022:13:55:41 +0200] "GET /kimmidoll-brush-p-44811.html HTTP/1.0" 200 74689 "-" "Mozilla/5.0 (compatible; BLEXBot/1.0; +http://webmeup-crawler.com/)"
87.250.224.94 - - [22/Sep/2022:13:55:42 +0200] "GET /angel-figurine-family-p-58776.html HTTP/1.0" 200 75022 "-" "Mozilla/5.0 (compatible; YandexBot/3.0; +http://yandex.com/bots)"
66.249.66.212 - - [22/Sep/2022:13:55:44 +0200] "GET /metal-cylindrical-coffee-box-p-52611.html HTTP/1.0" 301 74962 "-" "Mozilla/5.0 (compatible; Googlebot/2.1; +http://www.google.com/bot.html)"
66.249.66.212 - - [22/Sep/2022:13:55:46 +0200] "GET /metal-cylindrical-coffee-p-52611.html HTTP/1.0" 200 74871 "-" "Mozilla/5.0 (compatible; Googlebot/2.1; +http://www.google.com/bot.html)"
157.90.177.217 - - [22/Sep/2022:13:55:47 +0200] "GET /kimmidoll-brush-p-44813.html HTTP/1.0" 200 74689 "-" "Mozilla/5.0 (compatible; BLEXBot/1.0; +http://webmeup-crawler.com/)"
157.90.177.217 - - [22/Sep/2022:13:55:52 +0200] "GET /kimmidoll-brush-p-44814.html HTTP/1.0" 200 74689 "-" "Mozilla/5.0 (compatible; BLEXBot/1.0; +http://webmeup-crawler.com/)"
185.191.171.1 - - [22/Sep/2022:13:55:53 +0200] "GET /raving-rabbids-lucha-libre-p-18098.html HTTP/1.0" 200 74732 "-" "Mozilla/5.0 (compatible; SemrushBot/7~bl; +http://www.semrush.com/bot.html)"
87.250.224.94 - - [22/Sep/2022:13:56:00 +0200] "GET /vanua-cotton-basket-planter-p-58824.html HTTP/1.0" 200 75565 "-" "Mozilla/5.0 (compatible; YandexBot/3.0; +http://yandex.com/bots)"
157.90.177.217 - - [22/Sep/2022:13:56:02 +0200] "GET /kimmidoll-brush-p-44882.html HTTP/1.0" 200 74689 "-" "Mozilla/5.0 (compatible; BLEXBot/1.0; +http://webmeup-crawler.com/)"
157.90.177.217 - - [22/Sep/2022:13:56:08 +0200] "GET /kimmidoll-glasses-case-kazumi-p-49829.html HTTP/1.0" 200 74804 "-" "Mozilla/5.0 (compatible; BLEXBot/1.0; +http://webmeup-crawler.com/)"
157.90.177.217 - - [22/Sep/2022:13:56:14 +0200] "GET /kimmidoll-glasses-case-p-44287.html HTTP/1.0" 200 74761 "-" "Mozilla/5.0 (compatible; BLEXBot/1.0; +http://webmeup-crawler.com/)"
157.90.177.217 - - [22/Sep/2022:13:56:19 +0200] "GET /kimmidoll-glasses-case-p-44289.html HTTP/1.0" 200 74761 "-" "Mozilla/5.0 (compatible; BLEXBot/1.0; +http://webmeup-crawler.com/)"
157.90.177.217 - - [22/Sep/2022:13:56:24 +0200] "GET /kimmidoll-glasses-case-p-47584.html HTTP/1.0" 200 75358 "-" "Mozilla/5.0 (compatible; BLEXBot/1.0; +http://webmeup-crawler.com/)"
157.90.177.217 - - [22/Sep/2022:13:56:28 +0200] "GET /kimmidoll-glasses-case-p-47586.html HTTP/1.0" 200 75358 "-" "Mozilla/5.0 (compatible; BLEXBot/1.0; +http://webmeup-crawler.com/)"
87.250.224.94 - - [22/Sep/2022:13:56:28 +0200] "GET /child-apron-parfait-petit-chef-p-58789.html HTTP/1.0" 200 75451 "-" "Mozilla/5.0 (compatible; YandexBot/3.0; +http://yandex.com/bots)"
87.250.224.94 - - [22/Sep/2022:13:56:31 +0200] "GET /child-apron-parfait-petit-chef-p-58789.html HTTP/1.0" 200 75451 "-" "Mozilla/5.0 (compatible; YandexBot/3.0; +http://yandex.com/bots)"
157.90.177.217 - - [22/Sep/2022:13:56:32 +0200] "GET /kimmidoll-glasses-case-p-49830.html HTTP/1.0" 200 74781 "-" "Mozilla/5.0 (compatible; BLEXBot/1.0; +http://webmeup-crawler.com/)"
87.250.224.94 - - [22/Sep/2022:13:56:32 +0200] "GET /angel-figurine-peace-p-58777.html HTTP/1.0" 200 75019 "-" "Mozilla/5.0 (compatible; YandexBot/3.0; +http://yandex.com/bots)"
87.250.224.94 - - [22/Sep/2022:13:56:35 +0200] "GET /angel-figurine-peace-p-58777.html HTTP/1.0" 200 75019 "-" "Mozilla/5.0 (compatible; YandexBot/3.0; +http://yandex.com/bots)"
87.250.224.94 - - [22/Sep/2022:13:56:37 +0200] "GET /maori-jute-p-58801.html HTTP/1.0" 200 75804 "-" "Mozilla/5.0 (compatible; YandexBot/3.0; +http://yandex.com/bots)"
87.250.224.94 - - [22/Sep/2022:13:56:39 +0200] "GET /angel-figurine-hope-p-58775.html HTTP/1.0" 200 75016 "-" "Mozilla/5.0 (compatible; YandexBot/3.0; +http://yandex.com/bots)"
157.90.177.217 - - [22/Sep/2022:13:56:40 +0200] "GET /kimmidoll-glasses-case-yumi-p-49831.html HTTP/1.0" 200 74794 "-" "Mozilla/5.0 (compatible; BLEXBot/1.0; +http://webmeup-crawler.com/)"
87.250.224.94 - - [22/Sep/2022:13:56:40 +0200] "GET /angel-figurine-hope-p-58775.html HTTP/1.0" 200 75016 "-" "Mozilla/5.0 (compatible; YandexBot/3.0; +http://yandex.com/bots)"
157.90.177.217 - - [22/Sep/2022:13:56:45 +0200] "GET /kimmidoll-kazumi-nail-files-p-31934.html HTTP/1.0" 200 74798 "-" "Mozilla/5.0 (compatible; BLEXBot/1.0; +http://webmeup-crawler.com/)"
87.250.224.94 - - [22/Sep/2022:13:56:48 +0200] "GET /small-baby-teeth-p-58649.html HTTP/1.0" 200 75516 "-" "Mozilla/5.0 (compatible; YandexBot/3.0; +http://yandex.com/bots)"
157.90.177.217 - - [22/Sep/2022:13:56:50 +0200] "GET /kimmidoll-love-bonbon-earrings-p-21704.html HTTP/1.0" 200 74752 "-" "Mozilla/5.0 (compatible; BLEXBot/1.0; +http://webmeup-crawler.com/)"
157.90.177.217 - - [22/Sep/2022:13:56:57 +0200] "GET /kimmidoll-love-miso-cute-earrings-p-21707.html HTTP/1.0" 200 74779 "-" "Mozilla/5.0 (compatible; BLEXBot/1.0; +http://webmeup-crawler.com/)"
51.68.224.127 - - [22/Sep/2022:13:56:58 +0200] "GET /adminweb/export_orders_xml.php?token=256de2z6edz6ed2z6DFSFsed2zed6zeDSFDSGdzedezfzf&maxorders=10&orderstart=1&status=14&start_date=2018-10-01 HTTP/1.0" 200 285 "-" "GesCom CharlotteBoutik Serveur"
51.68.224.127 - - [22/Sep/2022:13:56:58 +0200] "GET /adminweb/export_orders_xml.php?token=256de2z6edz6ed2z6DFSFsed2zed6zeDSFDSGdzedezfzf&maxorders=10&orderstart=1&status=6&start_date=2018-10-01 HTTP/1.0" 200 33985 "-" "GesCom CharlotteBoutik Serveur"
87.250.224.94 - - [22/Sep/2022:13:56:57 +0200] "GET /coca-cola-sugar-box-p-31660.html HTTP/1.0" 301 72127 "-" "Mozilla/5.0 (compatible; YandexBot/3.0; +http://yandex.com/bots)"
87.250.224.94 - - [22/Sep/2022:13:57:00 +0200] "GET /brown-face-resin-flower-p-58812.html HTTP/1.0" 200 75379 "-" "Mozilla/5.0 (compatible; YandexBot/3.0; +http://yandex.com/bots)"
87.250.224.94 - - [22/Sep/2022:13:57:01 +0200] "GET /-p-31660.html HTTP/1.0" 200 72060 "-" "Mozilla/5.0 (compatible; YandexBot/3.0; +http://yandex.com/bots)"
87.250.224.188 - - [22/Sep/2022:13:57:03 +0200] "GET /brown-face-resin-flower-p-58812.html HTTP/1.0" 200 75379 "-" "Mozilla/5.0 (compatible; YandexBot/3.0; +http://yandex.com/bots)"
157.90.177.217 - - [22/Sep/2022:13:57:06 +0200] "GET /kimmidoll-masayo-nail-files-p-31932.html HTTP/1.0" 200 74797 "-" "Mozilla/5.0 (compatible; BLEXBot/1.0; +http://webmeup-crawler.com/)"
157.90.177.217 - - [22/Sep/2022:13:57:13 +0200] "GET /kimmidoll-namika-nail-files-p-31931.html HTTP/1.0" 200 74798 "-" "Mozilla/5.0 (compatible; BLEXBot/1.0; +http://webmeup-crawler.com/)"
157.90.177.217 - - [22/Sep/2022:13:57:17 +0200] "GET /kimmijunior-charly-girly-p-17994.html HTTP/1.0" 200 75089 "-" "Mozilla/5.0 (compatible; BLEXBot/1.0; +http://webmeup-crawler.com/)"
87.250.224.94 - - [22/Sep/2022:13:57:23 +0200] "GET /-p-31660.html HTTP/1.0" 200 72060 "-" "Mozilla/5.0 (compatible; YandexBot/3.0; +http://yandex.com/bots)"
157.90.177.217 - - [22/Sep/2022:13:57:23 +0200] "GET /kimmijunior-summer-girly-p-17995.html HTTP/1.0" 200 75718 "-" "Mozilla/5.0 (compatible; BLEXBot/1.0; +http://webmeup-crawler.com/)"
157.90.177.217 - - [22/Sep/2022:13:57:30 +0200] "GET /kimmijunior-taylor-girly-p-17990.html HTTP/1.0" 200 75089 "-" "Mozilla/5.0 (compatible; BLEXBot/1.0; +http://webmeup-crawler.com/)"
157.90.177.217 - - [22/Sep/2022:13:57:35 +0200] "GET /kiss-compact-mirror-p-26195.html HTTP/1.0" 200 74783 "-" "Mozilla/5.0 (compatible; BLEXBot/1.0; +http://webmeup-crawler.com/)"
87.250.224.94 - - [22/Sep/2022:13:57:38 +0200] "GET /angel-figurine-love-p-58772.html HTTP/1.0" 200 75016 "-" "Mozilla/5.0 (compatible; YandexBot/3.0; +http://yandex.com/bots)"
87.250.224.94 - - [22/Sep/2022:13:57:40 +0200] "GET /vanua-cotton-basket-planter-p-58823.html HTTP/1.0" 200 75581 "-" "Mozilla/5.0 (compatible; YandexBot/3.0; +http://yandex.com/bots)"
87.250.224.188 - - [22/Sep/2022:13:57:41 +0200] "GET /angel-figurine-love-p-58772.html HTTP/1.0" 200 75016 "-" "Mozilla/5.0 (compatible; YandexBot/3.0; +http://yandex.com/bots)"
157.90.177.217 - - [22/Sep/2022:13:57:41 +0200] "GET /kitchen-gloves-potholders-c-11_178.html?page=2 HTTP/1.0" 200 91852 "-" "Mozilla/5.0 (compatible; BLEXBot/1.0; +http://webmeup-crawler.com/)"
157.90.177.217 - - [22/Sep/2022:13:57:47 +0200] "GET /kitchen-gloves-potholders-c-11_178.html?page=3 HTTP/1.0" 200 87996 "-" "Mozilla/5.0 (compatible; BLEXBot/1.0; +http://webmeup-crawler.com/)"
157.90.177.217 - - [22/Sep/2022:13:57:53 +0200] "GET /kitchen-p-51894.html HTTP/1.0" 200 74834 "-" "Mozilla/5.0 (compatible; BLEXBot/1.0; +http://webmeup-crawler.com/)"
87.250.224.94 - - [22/Sep/2022:13:57:53 +0200] "GET /marseille-adult-apron-p-58745.html HTTP/1.0" 200 75241 "-" "Mozilla/5.0 (compatible; YandexBot/3.0; +http://yandex.com/bots)"
66.249.66.214 - - [22/Sep/2022:13:57:55 +0200] "GET /images/mini_prod/1384010202852.jpg HTTP/1.0" 200 269 "-" "Mozilla/5.0 (compatible; Googlebot/2.1; +http://www.google.com/bot.html)"
87.250.224.94 - - [22/Sep/2022:13:57:55 +0200] "GET /marseille-adult-apron-p-58745.html HTTP/1.0" 200 75241 "-" "Mozilla/5.0 (compatible; YandexBot/3.0; +http://yandex.com/bots)"
185.191.171.7 - - [22/Sep/2022:13:57:57 +0200] "GET /pepe-jeans-black-leather-wallet-p-38146.html HTTP/1.0" 200 75913 "-" "Mozilla/5.0 (compatible; SemrushBot/7~bl; +http://www.semrush.com/bot.html)"
157.90.177.217 - - [22/Sep/2022:13:57:58 +0200] "GET /kitchen-support-p-40857.html HTTP/1.0" 200 74898 "-" "Mozilla/5.0 (compatible; BLEXBot/1.0; +http://webmeup-crawler.com/)"
157.90.177.217 - - [22/Sep/2022:13:58:03 +0200] "GET /kitchen-support-p-40859.html HTTP/1.0" 200 74898 "-" "Mozilla/5.0 (compatible; BLEXBot/1.0; +http://webmeup-crawler.com/)"
157.90.177.217 - - [22/Sep/2022:13:58:07 +0200] "GET /kitchen-supports-p-44485.html HTTP/1.0" 200 74924 "-" "Mozilla/5.0 (compatible; BLEXBot/1.0; +http://webmeup-crawler.com/)"
34.198.236.55 - - [22/Sep/2022:13:58:15 +0200] "GET /images/mini_prod/1399984256633.jpg HTTP/1.0" 200 269 "-" "Mozilla/5.0 (X11; Ubuntu; Linux x86_64; rv:72.0) Gecko/20100101 Firefox/72.0"
157.90.177.217 - - [22/Sep/2022:13:58:14 +0200] "GET /kitchen-timer-pink-metal-p-40920.html HTTP/1.0" 200 74727 "-" "Mozilla/5.0 (compatible; BLEXBot/1.0; +http://webmeup-crawler.com/)"
66.249.66.214 - - [22/Sep/2022:13:58:21 +0200] "GET /images/big_prod_2/3660173245331a.jpg HTTP/1.0" 200 271 "-" "Googlebot-Image/1.0"
157.90.177.217 - - [22/Sep/2022:13:58:20 +0200] "GET /kitchen-towel-beige-p-54117.html HTTP/1.0" 200 74719 "-" "Mozilla/5.0 (compatible; BLEXBot/1.0; +http://webmeup-crawler.com/)"
87.250.224.94 - - [22/Sep/2022:13:58:22 +0200] "GET /oriental-resin-vase-p-58809.html HTTP/1.0" 200 75294 "-" "Mozilla/5.0 (compatible; YandexBot/3.0; +http://yandex.com/bots)"
87.250.224.188 - - [22/Sep/2022:13:58:23 +0200] "GET /oriental-resin-vase-p-58809.html HTTP/1.0" 200 75294 "-" "Mozilla/5.0 (compatible; YandexBot/3.0; +http://yandex.com/bots)"
157.90.177.217 - - [22/Sep/2022:13:58:26 +0200] "GET /kitchen-towel-blue-p-54115.html HTTP/1.0" 200 74713 "-" "Mozilla/5.0 (compatible; BLEXBot/1.0; +http://webmeup-crawler.com/)"
157.90.177.217 - - [22/Sep/2022:13:58:32 +0200] "GET /kitchen-towel-brown-p-54118.html HTTP/1.0" 200 74719 "-" "Mozilla/5.0 (compatible; BLEXBot/1.0; +http://webmeup-crawler.com/)"
157.90.177.217 - - [22/Sep/2022:13:58:37 +0200] "GET /kitchen-towel-brown-p-54119.html HTTP/1.0" 200 74719 "-" "Mozilla/5.0 (compatible; BLEXBot/1.0; +http://webmeup-crawler.com/)"
157.90.177.217 - - [22/Sep/2022:13:58:42 +0200] "GET /kitchen-towel-dark-blue-p-54116.html HTTP/1.0" 200 74739 "-" "Mozilla/5.0 (compatible; BLEXBot/1.0; +http://webmeup-crawler.com/)"
87.250.224.94 - - [22/Sep/2022:13:58:47 +0200] "GET /blue-metal-retro-clock-p-58813.html HTTP/1.0" 200 75530 "-" "Mozilla/5.0 (compatible; YandexBot/3.0; +http://yandex.com/bots)"
157.90.177.217 - - [22/Sep/2022:13:58:49 +0200] "GET /kitchen-towel-green-p-54120.html HTTP/1.0" 200 74718 "-" "Mozilla/5.0 (compatible; BLEXBot/1.0; +http://webmeup-crawler.com/)"
87.250.224.94 - - [22/Sep/2022:13:58:50 +0200] "GET /blue-metal-retro-clock-p-58813.html HTTP/1.0" 200 75530 "-" "Mozilla/5.0 (compatible; YandexBot/3.0; +http://yandex.com/bots)"
185.191.171.5 - - [22/Sep/2022:13:58:50 +0200] "GET /mani-lucky-glasses-case-p-49903.html HTTP/1.0" 200 74811 "-" "Mozilla/5.0 (compatible; SemrushBot/7~bl; +http://www.semrush.com/bot.html)"
157.90.177.217 - - [22/Sep/2022:13:58:56 +0200] "GET /kitchen-towel-holder-hooks-p-47376.html HTTP/1.0" 200 75323 "-" "Mozilla/5.0 (compatible; BLEXBot/1.0; +http://webmeup-crawler.com/)"
157.90.177.217 - - [22/Sep/2022:13:59:01 +0200] "GET /kitchen-towel-holder-hooks-p-52709.html HTTP/1.0" 200 75337 "-" "Mozilla/5.0 (compatible; BLEXBot/1.0; +http://webmeup-crawler.com/)"
157.90.177.217 - - [22/Sep/2022:13:59:05 +0200] "GET /kitchen-towel-p-44414.html HTTP/1.0" 200 74694 "-" "Mozilla/5.0 (compatible; BLEXBot/1.0; +http://webmeup-crawler.com/)"
157.90.177.217 - - [22/Sep/2022:13:59:10 +0200] "GET /kitten-cardboard-p-27643.html HTTP/1.0" 200 74905 "-" "Mozilla/5.0 (compatible; BLEXBot/1.0; +http://webmeup-crawler.com/)"
157.90.177.217 - - [22/Sep/2022:13:59:14 +0200] "GET /kitten-cardboard-p-27644.html HTTP/1.0" 200 74903 "-" "Mozilla/5.0 (compatible; BLEXBot/1.0; +http://webmeup-crawler.com/)"
157.90.177.217 - - [22/Sep/2022:13:59:23 +0200] "GET /kitten-glass-clock-p-27208.html HTTP/1.0" 200 74662 "-" "Mozilla/5.0 (compatible; BLEXBot/1.0; +http://webmeup-crawler.com/)"
87.250.224.94 - - [22/Sep/2022:13:59:26 +0200] "GET /beige-lampshade-p-58795.html HTTP/1.0" 200 75543 "-" "Mozilla/5.0 (compatible; YandexBot/3.0; +http://yandex.com/bots)"
157.90.177.217 - - [22/Sep/2022:13:59:27 +0200] "GET /kitten-glue-stick-p-40832.html HTTP/1.0" 200 74676 "-" "Mozilla/5.0 (compatible; BLEXBot/1.0; +http://webmeup-crawler.com/)"
87.250.224.94 - - [22/Sep/2022:13:59:28 +0200] "GET /scandinavian-wooden-clock-p-58821.html HTTP/1.0" 200 75358 "-" "Mozilla/5.0 (compatible; YandexBot/3.0; +http://yandex.com/bots)"
87.250.224.94 - - [22/Sep/2022:13:59:30 +0200] "GET /scandinavian-wooden-clock-p-58821.html HTTP/1.0" 200 75358 "-" "Mozilla/5.0 (compatible; YandexBot/3.0; +http://yandex.com/bots)"
87.250.224.188 - - [22/Sep/2022:13:59:32 +0200] "GET /beige-lampshade-p-58795.html HTTP/1.0" 200 75543 "-" "Mozilla/5.0 (compatible; YandexBot/3.0; +http://yandex.com/bots)"
87.250.224.94 - - [22/Sep/2022:13:59:33 +0200] "GET /beige-face-resin-flower-p-58811.html HTTP/1.0" 200 75361 "-" "Mozilla/5.0 (compatible; YandexBot/3.0; +http://yandex.com/bots)"
157.90.177.217 - - [22/Sep/2022:13:59:34 +0200] "GET /kiub-collection-cats-cool-p-54781.html HTTP/1.0" 200 75522 "-" "Mozilla/5.0 (compatible; BLEXBot/1.0; +http://webmeup-crawler.com/)"
87.250.224.188 - - [22/Sep/2022:13:59:34 +0200] "GET /beige-face-resin-flower-p-58811.html HTTP/1.0" 200 75361 "-" "Mozilla/5.0 (compatible; YandexBot/3.0; +http://yandex.com/bots)"
66.249.66.210 - - [22/Sep/2022:13:59:35 +0200] "GET /peace-love-glass-tray-p-24156.html HTTP/1.0" 200 74709 "-" "Mozilla/5.0 (Linux; Android 6.0.1; Nexus 5X Build/MMB29P) AppleWebKit/537.36 (KHTML, like Gecko) Chrome/105.0.5195.125 Mobile Safari/537.36 (compatible; Googlebot/2.1; +http://www.google.com/bot.html)"
216.244.66.242 - - [22/Sep/2022:13:59:35 +0200] "GET /decorations/mirror-c-13_133.html HTTP/1.0" 301 92488 "-" "Mozilla/5.0 (compatible; DotBot/1.2; +https://opensiteexplorer.org/dotbot; help@moz.com)"
157.90.177.217 - - [22/Sep/2022:13:59:42 +0200] "GET /kiub-collection-cats-cool-p-54782.html HTTP/1.0" 200 75546 "-" "Mozilla/5.0 (compatible; BLEXBot/1.0; +http://webmeup-crawler.com/)"
216.244.66.242 - - [22/Sep/2022:13:59:47 +0200] "GET /images/3585190249226.jpg HTTP/1.0" 200 259 "-" "Mozilla/5.0 (compatible; DotBot/1.2; +https://opensiteexplorer.org/dotbot; help@moz.com)"
157.90.177.217 - - [22/Sep/2022:13:59:50 +0200] "GET /kiub-collection-cats-cool-p-54783.html HTTP/1.0" 200 75546 "-" "Mozilla/5.0 (compatible; BLEXBot/1.0; +http://webmeup-crawler.com/)"
216.244.66.242 - - [22/Sep/2022:13:59:55 +0200] "GET /images/50100659300001.jpg HTTP/1.0" 200 260 "-" "Mozilla/5.0 (compatible; DotBot/1.2; +https://opensiteexplorer.org/dotbot; help@moz.com)"
157.90.177.217 - - [22/Sep/2022:13:59:56 +0200] "GET /kiub-collection-cats-cool-p-57314.html HTTP/1.0" 200 74919 "-" "Mozilla/5.0 (compatible; BLEXBot/1.0; +http://webmeup-crawler.com/)"
216.244.66.242 - - [22/Sep/2022:14:00:02 +0200] "GET /images/5060021863898.jpg HTTP/1.0" 200 259 "-" "Mozilla/5.0 (compatible; DotBot/1.2; +https://opensiteexplorer.org/dotbot; help@moz.com)"
157.90.177.217 - - [22/Sep/2022:14:00:04 +0200] "GET /kiub-collection-cats-cool-p-57956.html HTTP/1.0" 200 75560 "-" "Mozilla/5.0 (compatible; BLEXBot/1.0; +http://webmeup-crawler.com/)"
216.244.66.242 - - [22/Sep/2022:14:00:08 +0200] "GET /images/5425016101674.jpg HTTP/1.0" 200 259 "-" "Mozilla/5.0 (compatible; DotBot/1.2; +https://opensiteexplorer.org/dotbot; help@moz.com)"
157.90.177.217 - - [22/Sep/2022:14:00:09 +0200] "GET /kiub-collection-cats-cool-p-57957.html HTTP/1.0" 200 75671 "-" "Mozilla/5.0 (compatible; BLEXBot/1.0; +http://webmeup-crawler.com/)"
185.191.171.43 - - [22/Sep/2022:14:00:09 +0200] "GET /chicago-bulls-p-44957.html HTTP/1.0" 200 74662 "-" "Mozilla/5.0 (compatible; SemrushBot/7~bl; +http://www.semrush.com/bot.html)"
87.250.224.94 - - [22/Sep/2022:14:00:09 +0200] "GET /wooden-hanging-tree-decoration-p-58752.html HTTP/1.0" 200 75460 "-" "Mozilla/5.0 (compatible; YandexBot/3.0; +http://yandex.com/bots)"
216.244.66.242 - - [22/Sep/2022:14:00:13 +0200] "GET /images/7601019993401.jpg HTTP/1.0" 200 259 "-" "Mozilla/5.0 (compatible; DotBot/1.2; +https://opensiteexplorer.org/dotbot; help@moz.com)"
87.250.224.94 - - [22/Sep/2022:14:00:12 +0200] "GET /wooden-hanging-tree-decoration-p-58752.html HTTP/1.0" 200 75460 "-" "Mozilla/5.0 (compatible; YandexBot/3.0; +http://yandex.com/bots)"
87.250.224.94 - - [22/Sep/2022:14:00:14 +0200] "GET /polar-blanket-p-58799.html HTTP/1.0" 200 75524 "-" "Mozilla/5.0 (compatible; YandexBot/3.0; +http://yandex.com/bots)"
157.90.177.217 - - [22/Sep/2022:14:00:15 +0200] "GET /kiub-collection-cats-cool-p-58387.html HTTP/1.0" 200 75546 "-" "Mozilla/5.0 (compatible; BLEXBot/1.0; +http://webmeup-crawler.com/)"
216.244.66.242 - - [22/Sep/2022:14:00:17 +0200] "GET /images/8003990629666.jpg HTTP/1.0" 200 259 "-" "Mozilla/5.0 (compatible; DotBot/1.2; +https://opensiteexplorer.org/dotbot; help@moz.com)"
87.250.224.94 - - [22/Sep/2022:14:00:17 +0200] "GET /wooden-hanging-tree-decoration-p-58759.html HTTP/1.0" 200 74065 "-" "Mozilla/5.0 (compatible; YandexBot/3.0; +http://yandex.com/bots)"
216.244.66.242 - - [22/Sep/2022:14:00:21 +0200] "GET /images/8428551001475.jpg HTTP/1.0" 200 259 "-" "Mozilla/5.0 (compatible; DotBot/1.2; +https://opensiteexplorer.org/dotbot; help@moz.com)"
87.250.224.94 - - [22/Sep/2022:14:00:19 +0200] "GET /wooden-hanging-tree-decoration-p-58759.html HTTP/1.0" 200 74065 "-" "Mozilla/5.0 (compatible; YandexBot/3.0; +http://yandex.com/bots)"
216.244.66.242 - - [22/Sep/2022:14:00:24 +0200] "GET /images/8716241068335.jpg HTTP/1.0" 200 259 "-" "Mozilla/5.0 (compatible; DotBot/1.2; +https://opensiteexplorer.org/dotbot; help@moz.com)"
157.90.177.217 - - [22/Sep/2022:14:00:23 +0200] "GET /kiub-collection-jewels-butterflies-cool-p-57958.html HTTP/1.0" 200 75682 "-" "Mozilla/5.0 (compatible; BLEXBot/1.0; +http://webmeup-crawler.com/)"
216.244.66.242 - - [22/Sep/2022:14:00:27 +0200] "GET /images/DSCN07092CHEVRE.jpg HTTP/1.0" 200 261 "-" "Mozilla/5.0 (compatible; DotBot/1.2; +https://opensiteexplorer.org/dotbot; help@moz.com)"
216.244.66.242 - - [22/Sep/2022:14:00:29 +0200] "GET /images/DSCN07092girverte.jpg HTTP/1.0" 200 263 "-" "Mozilla/5.0 (compatible; DotBot/1.2; +https://opensiteexplorer.org/dotbot; help@moz.com)"
216.244.66.242 - - [22/Sep/2022:14:00:32 +0200] "GET /images/DSCN8578b.jpg HTTP/1.0" 200 255 "-" "Mozilla/5.0 (compatible; DotBot/1.2; +https://opensiteexplorer.org/dotbot; help@moz.com)"
157.90.177.217 - - [22/Sep/2022:14:00:30 +0200] "GET /kiub-collection-jewels-cool-p-56237.html HTTP/1.0" 200 75598 "-" "Mozilla/5.0 (compatible; BLEXBot/1.0; +http://webmeup-crawler.com/)"
185.191.171.9 - - [22/Sep/2022:14:00:31 +0200] "GET /light-bulb-amber-loop-p-42507.html HTTP/1.0" 200 75355 "-" "Mozilla/5.0 (compatible; SemrushBot/7~bl; +http://www.semrush.com/bot.html)"
216.244.66.242 - - [22/Sep/2022:14:00:33 +0200] "GET /images/TROBP3417.jpg HTTP/1.0" 200 255 "-" "Mozilla/5.0 (compatible; DotBot/1.2; +https://opensiteexplorer.org/dotbot; help@moz.com)"
157.90.177.217 - - [22/Sep/2022:14:00:37 +0200] "GET /kiub-collection-jewels-cool-p-57955.html HTTP/1.0" 200 75636 "-" "Mozilla/5.0 (compatible; BLEXBot/1.0; +http://webmeup-crawler.com/)"
157.90.177.217 - - [22/Sep/2022:14:00:42 +0200] "GET /kiub-collection-little-prince-cool-p-56241.html HTTP/1.0" 200 75606 "-" "Mozilla/5.0 (compatible; BLEXBot/1.0; +http://webmeup-crawler.com/)"
157.90.177.217 - - [22/Sep/2022:14:00:48 +0200] "GET /klimt-cotton-pouch-p-51203.html HTTP/1.0" 200 74719 "-" "Mozilla/5.0 (compatible; BLEXBot/1.0; +http://webmeup-crawler.com/)"
157.90.177.217 - - [22/Sep/2022:14:00:54 +0200] "GET /klimt-kiss-large-wallet-p-54977.html HTTP/1.0" 200 75616 "-" "Mozilla/5.0 (compatible; BLEXBot/1.0; +http://webmeup-crawler.com/)"
157.90.177.217 - - [22/Sep/2022:14:00:59 +0200] "GET /klimt-little-tray-p-51678.html HTTP/1.0" 200 74721 "-" "Mozilla/5.0 (compatible; BLEXBot/1.0; +http://webmeup-crawler.com/)"
87.250.224.94 - - [22/Sep/2022:14:01:00 +0200] "GET /clock-retro-feet-black-metal-p-58817.html HTTP/1.0" 200 75716 "-" "Mozilla/5.0 (compatible; YandexBot/3.0; +http://yandex.com/bots)"
157.90.177.217 - - [22/Sep/2022:14:01:05 +0200] "GET /klimt-little-tray-p-51679.html HTTP/1.0" 200 74721 "-" "Mozilla/5.0 (compatible; BLEXBot/1.0; +http://webmeup-crawler.com/)"
157.55.39.12 - - [22/Sep/2022:14:01:07 +0200] "GET /eyelet-curtain-p-52381.html HTTP/1.0" 200 76878 "-" "Mozilla/5.0 (compatible; bingbot/2.0; +http://www.bing.com/bingbot.htm)"
157.90.177.217 - - [22/Sep/2022:14:01:10 +0200] "GET /koala-shaped-night-light-p-58644.html HTTP/1.0" 200 75724 "-" "Mozilla/5.0 (compatible; BLEXBot/1.0; +http://webmeup-crawler.com/)"
157.90.177.217 - - [22/Sep/2022:14:01:15 +0200] "GET /kori-kumi-calendar-year-2017-p-36750.html HTTP/1.0" 200 74927 "-" "Mozilla/5.0 (compatible; BLEXBot/1.0; +http://webmeup-crawler.com/)"
157.90.177.217 - - [22/Sep/2022:14:01:20 +0200] "GET /kori-kumi-vanity-p-30500.html HTTP/1.0" 200 75368 "-" "Mozilla/5.0 (compatible; BLEXBot/1.0; +http://webmeup-crawler.com/)"
157.90.177.217 - - [22/Sep/2022:14:01:24 +0200] "GET /kothai-small-p-26705.html HTTP/1.0" 200 74760 "-" "Mozilla/5.0 (compatible; BLEXBot/1.0; +http://webmeup-crawler.com/)"
157.90.177.217 - - [22/Sep/2022:14:01:29 +0200] "GET /kraft-folding-seat-white-p-41578.html HTTP/1.0" 200 75828 "-" "Mozilla/5.0 (compatible; BLEXBot/1.0; +http://webmeup-crawler.com/)"
157.90.177.217 - - [22/Sep/2022:14:01:33 +0200] "GET /kwan-metal-bell-p-47242.html HTTP/1.0" 200 75253 "-" "Mozilla/5.0 (compatible; BLEXBot/1.0; +http://webmeup-crawler.com/)"
157.90.177.217 - - [22/Sep/2022:14:01:39 +0200] "GET /labrador-puppies-bedside-lamp-p-26616.html HTTP/1.0" 200 74817 "-" "Mozilla/5.0 (compatible; BLEXBot/1.0; +http://webmeup-crawler.com/)"
157.90.177.217 - - [22/Sep/2022:14:01:45 +0200] "GET /lady-tramp-figure-p-4711.html HTTP/1.0" 200 74537 "-" "Mozilla/5.0 (compatible; BLEXBot/1.0; +http://webmeup-crawler.com/)"
157.55.39.28 - - [22/Sep/2022:14:01:49 +0200] "GET /images/mini_prod/1300000023016NNN.jpg HTTP/1.0" 200 272 "-" "Mozilla/5.0 (compatible; bingbot/2.0; +http://www.bing.com/bingbot.htm)"
157.90.177.217 - - [22/Sep/2022:14:01:49 +0200] "GET /ladybug-moneybox-p-37738.html HTTP/1.0" 200 75243 "-" "Mozilla/5.0 (compatible; BLEXBot/1.0; +http://webmeup-crawler.com/)"
157.90.177.217 - - [22/Sep/2022:14:01:54 +0200] "GET /lagoona-blue-monster-high-p-17500.html HTTP/1.0" 200 74833 "-" "Mozilla/5.0 (compatible; BLEXBot/1.0; +http://webmeup-crawler.com/)"
17.121.114.32 - - [22/Sep/2022:14:02:00 +0200] "GET /images/big_prod_1/3609810022546C.jpg HTTP/1.0" 200 271 "-" "Mozilla/5.0 (Macintosh; Intel Mac OS X 10_15_5) AppleWebKit/605.1.15 (KHTML, like Gecko) Version/13.1.1 Safari/605.1.15 (Applebot/0.1; +http://www.apple.com/go/applebot)"
157.90.177.217 - - [22/Sep/2022:14:02:01 +0200] "GET /laissez-lucie-faire-liberty-sugar-p-39835.html HTTP/1.0" 200 74787 "-" "Mozilla/5.0 (compatible; BLEXBot/1.0; +http://webmeup-crawler.com/)"
157.90.177.217 - - [22/Sep/2022:14:02:06 +0200] "GET /laitiere-tablecloth-p-28546.html HTTP/1.0" 200 74706 "-" "Mozilla/5.0 (compatible; BLEXBot/1.0; +http://webmeup-crawler.com/)"
157.90.177.217 - - [22/Sep/2022:14:02:11 +0200] "GET /lamp-buddha-green-p-44890.html HTTP/1.0" 200 74775 "-" "Mozilla/5.0 (compatible; BLEXBot/1.0; +http://webmeup-crawler.com/)"
157.90.177.217 - - [22/Sep/2022:14:02:18 +0200] "GET /lampshades-c-86_277.html?page=2 HTTP/1.0" 200 89868 "-" "Mozilla/5.0 (compatible; BLEXBot/1.0; +http://webmeup-crawler.com/)"
157.90.177.217 - - [22/Sep/2022:14:02:23 +0200] "GET /large-allen-design-bloom-umbrella-p-54947.html HTTP/1.0" 200 75740 "-" "Mozilla/5.0 (compatible; BLEXBot/1.0; +http://webmeup-crawler.com/)"
157.90.177.217 - - [22/Sep/2022:14:02:28 +0200] "GET /large-allen-design-crasy-umbrella-p-54948.html HTTP/1.0" 200 75553 "-" "Mozilla/5.0 (compatible; BLEXBot/1.0; +http://webmeup-crawler.com/)"
