95.163.255.138 - - [22/Sep/2022:20:23:13 +0200] "GET /robots.txt HTTP/1.0" 301 531 "-" "Mozilla/5.0 (compatible; Linux x86_64; Mail.RU_Bot/Img/2.0; +https://help.mail.ru/webmaster/indexing/robots)"
95.163.255.131 - - [22/Sep/2022:20:23:18 +0200] "GET /images/med_prod/5028486044207.jpg HTTP/1.0" 301 577 "http://go.mail.ru/search_images" "Mozilla/5.0 (compatible; Linux x86_64; Mail.RU_Bot/Img/2.0; +https://help.mail.ru/webmaster/indexing/robots)"
95.163.255.130 - - [22/Sep/2022:20:23:22 +0200] "GET /images/big_prod/071662213732.jpg HTTP/1.0" 301 575 "http://go.mail.ru/search_images" "Mozilla/5.0 (compatible; Linux x86_64; Mail.RU_Bot/Img/2.0; +https://help.mail.ru/webmaster/indexing/robots)"
95.163.255.131 - - [22/Sep/2022:20:23:29 +0200] "GET /robots.txt HTTP/1.0" 200 245 "-" "Mozilla/5.0 (compatible; Linux x86_64; Mail.RU_Bot/Img/2.0; +https://help.mail.ru/webmaster/indexing/robots)"
185.191.171.2 - - [22/Sep/2022:20:23:30 +0200] "GET /quilted-floor-triangles-p-45106.html HTTP/1.0" 200 72154 "-" "Mozilla/5.0 (compatible; SemrushBot/7~bl; +http://www.semrush.com/bot.html)"
95.163.255.111 - - [22/Sep/2022:20:23:54 +0200] "GET /images/med_prod/5028486044207.jpg HTTP/1.0" 200 268 "http://wonder-geek.com/images/med_prod/5028486044207.jpg" "Mozilla/5.0 (compatible; Linux x86_64; Mail.RU_Bot/Img/2.0; +https://help.mail.ru/webmaster/indexing/robots)"
95.163.255.121 - - [22/Sep/2022:20:24:00 +0200] "GET /images/big_prod/071662213732.jpg HTTP/1.0" 200 267 "http://wonder-geek.com/images/big_prod/071662213732.jpg" "Mozilla/5.0 (compatible; Linux x86_64; Mail.RU_Bot/Img/2.0; +https://help.mail.ru/webmaster/indexing/robots)"
159.138.137.41 - - [22/Sep/2022:20:24:21 +0200] "GET /images/mini_prod/8422038285518.jpg HTTP/1.0" 200 269 "-" "Mozilla/5.0 (X11; Ubuntu; Linux x86_64; rv:72.0) Gecko/20100101 Firefox/72.0"
147.92.153.18 - - [22/Sep/2022:20:24:53 +0200] "GET /pocket-warmer-concentr-chaleur-p-58830.html HTTP/1.0" 200 74260 "-" "Mozilla/5.0 (compatible; Linespider/1.1; +https://lin.ee/4dwXkTH)"
147.92.153.13 - - [22/Sep/2022:20:24:56 +0200] "GET /swfobject.js HTTP/1.0" 404 1308 "http://www.wonder-geek.com/pocket-warmer-concentr-chaleur-p-58830.html" "Mozilla/5.0 AppleWebKit/537.36 (KHTML, like Gecko; compatible; Linespider/1.1; +https://lin.ee/4dwXkTH) Chrome/101.0.4951.0 Safari/537.36, Mozilla/5.0 (compatible; Linespider/1.1; +https://lin.ee/4dwXkTH)"
185.191.171.5 - - [22/Sep/2022:20:25:20 +0200] "GET /cotton-kitchen-towel-made-france-p-43974.html HTTP/1.0" 200 72210 "-" "Mozilla/5.0 (compatible; SemrushBot/7~bl; +http://www.semrush.com/bot.html)"
51.68.224.127 - - [22/Sep/2022:20:26:19 +0200] "GET /adminweb/export_orders_xml.php?token=256de2z6edz6ed2z6DFSFsed2zed6zeDSFDSGdzedezfzf&maxorders=10&orderstart=1&status=14&start_date=2018-10-01 HTTP/1.0" 200 285 "-" "GesCom CharlotteBoutik Serveur"
51.68.224.127 - - [22/Sep/2022:20:26:19 +0200] "GET /adminweb/export_orders_xml.php?token=256de2z6edz6ed2z6DFSFsed2zed6zeDSFDSGdzedezfzf&maxorders=10&orderstart=1&status=6&start_date=2018-10-01 HTTP/1.0" 200 33985 "-" "GesCom CharlotteBoutik Serveur"
66.249.66.144 - - [22/Sep/2022:20:26:37 +0200] "GET /images/mini_prod/4012390325393.jpg HTTP/1.0" 200 269 "-" "Mozilla/5.0 (compatible; Googlebot/2.1; +http://www.google.com/bot.html)"
66.249.66.58 - - [22/Sep/2022:20:26:38 +0200] "GET /images/mini_prod/3661611901550.jpg HTTP/1.0" 200 269 "-" "Mozilla/5.0 (compatible; Googlebot/2.1; +http://www.google.com/bot.html)"
185.191.171.8 - - [22/Sep/2022:20:26:47 +0200] "GET /products_new.php?page=15 HTTP/1.0" 200 87827 "-" "Mozilla/5.0 (compatible; SemrushBot/7~bl; +http://www.semrush.com/bot.html)"
66.249.66.70 - - [22/Sep/2022:20:27:17 +0200] "GET /tout-travail-mrite-bire-toothpick-display-p-58264.html HTTP/1.0" 200 74897 "-" "Mozilla/5.0 (Linux; Android 6.0.1; Nexus 5X Build/MMB29P) AppleWebKit/537.36 (KHTML, like Gecko) Chrome/105.0.5195.125 Mobile Safari/537.36 (compatible; Googlebot/2.1; +http://www.google.com/bot.html)"
66.249.66.70 - - [22/Sep/2022:20:28:03 +0200] "GET /banao-cotton-jute-basket-planter-p-57924.html HTTP/1.0" 200 75526 "-" "Mozilla/5.0 (Linux; Android 6.0.1; Nexus 5X Build/MMB29P) AppleWebKit/537.36 (KHTML, like Gecko) Chrome/105.0.5195.125 Mobile Safari/537.36 (compatible; Googlebot/2.1; +http://www.google.com/bot.html)"
66.249.66.56 - - [22/Sep/2022:20:28:38 +0200] "GET /images/mini_prod/3438100326046.jpg HTTP/1.0" 200 269 "-" "Mozilla/5.0 (compatible; Googlebot/2.1; +http://www.google.com/bot.html)"
66.249.66.6 - - [22/Sep/2022:20:28:52 +0200] "GET /images/big_prod_1/1328399139835B.jpg HTTP/1.0" 200 271 "-" "Mozilla/5.0 (compatible; Googlebot/2.1; +http://www.google.com/bot.html)"
66.249.66.6 - - [22/Sep/2022:20:28:52 +0200] "GET /images/mini_prod/3014627874392.jpg HTTP/1.0" 200 269 "-" "Mozilla/5.0 (compatible; Googlebot/2.1; +http://www.google.com/bot.html)"
87.250.224.94 - - [22/Sep/2022:20:28:54 +0200] "GET /robots.txt HTTP/1.0" 200 245 "-" "Mozilla/5.0 (compatible; YandexBot/3.0; +http://yandex.com/bots)"
87.250.224.94 - - [22/Sep/2022:20:28:58 +0200] "GET /images/3700653591821.jpg HTTP/1.0" 200 259 "-" "Mozilla/5.0 (compatible; YandexImages/3.0; +http://yandex.com/bots)"
66.249.66.72 - - [22/Sep/2022:20:29:19 +0200] "GET /petit-beurre-nantais-mini-metal-tray-p-40092.html HTTP/1.0" 200 74901 "-" "Mozilla/5.0 (compatible; Googlebot/2.1; +http://www.google.com/bot.html)"
5.161.89.173 - - [22/Sep/2022:20:29:32 +0200] "GET /images/mini_prod/4895029627446.jpg HTTP/1.0" 200 269 "-" "Mozilla/5.0 (X11; Ubuntu; Linux x86_64; rv:72.0) Gecko/20100101 Firefox/72.0"
66.249.66.58 - - [22/Sep/2022:20:29:38 +0200] "GET /images/big_prod_1/8422084818005B.jpg HTTP/1.0" 200 271 "-" "Googlebot-Image/1.0"
66.249.66.6 - - [22/Sep/2022:20:29:45 +0200] "GET /images/big_prod/8433933712368.jpg HTTP/1.0" 200 268 "-" "Googlebot-Image/1.0"
23.100.232.233 - - [22/Sep/2022:20:30:24 +0200] "GET /alarms-clocks-clocks-and-watches/alarms-clocks/spongebob-alarm-clock-p-8337.html HTTP/1.0" 301 671 "-" "Mozilla/5.0 (compatible; MSIE 9.0; Windows NT 6.1; Trident/5.0;  Trident/5.0)"
66.249.66.212 - - [22/Sep/2022:20:30:24 +0200] "GET /glasses-drinking-c-62.html?page=1 HTTP/1.0" 301 91991 "-" "Mozilla/5.0 (Linux; Android 6.0.1; Nexus 5X Build/MMB29P) AppleWebKit/537.36 (KHTML, like Gecko) Chrome/105.0.5195.125 Mobile Safari/537.36 (compatible; Googlebot/2.1; +http://www.google.com/bot.html)"
23.100.232.233 - - [22/Sep/2022:20:30:25 +0200] "GET /alarms-clocks-clocks-and-watches/alarms-clocks/spongebob-alarm-clock-p-8337.html HTTP/1.0" 301 72124 "-" "Mozilla/5.0 (compatible; MSIE 9.0; Windows NT 6.1; Trident/5.0;  Trident/5.0)"
66.249.66.58 - - [22/Sep/2022:20:30:26 +0200] "GET /glasses-drinking-c-12_62.html?page=1 HTTP/1.0" 200 92005 "-" "Mozilla/5.0 (Linux; Android 6.0.1; Nexus 5X Build/MMB29P) AppleWebKit/537.36 (KHTML, like Gecko) Chrome/105.0.5195.125 Mobile Safari/537.36 (compatible; Googlebot/2.1; +http://www.google.com/bot.html)"
23.100.232.233 - - [22/Sep/2022:20:30:28 +0200] "GET /-p-8337.html HTTP/1.0" 200 72058 "-" "Mozilla/5.0 (compatible; MSIE 9.0; Windows NT 6.1; Trident/5.0;  Trident/5.0)"
23.100.232.233 - - [22/Sep/2022:20:30:30 +0200] "GET /highslide/highslide.js HTTP/1.0" 200 262 "http://www.wonder-geek.com/-p-8337.html" "Mozilla/5.0 (compatible; MSIE 9.0; Windows NT 6.1; Trident/5.0;  Trident/5.0)"
23.100.232.233 - - [22/Sep/2022:20:30:30 +0200] "GET /templates/Pixame_v1/stylesheet.css HTTP/1.0" 200 267 "http://www.wonder-geek.com/-p-8337.html" "Mozilla/5.0 (compatible; MSIE 9.0; Windows NT 6.1; Trident/5.0;  Trident/5.0)"
23.100.232.233 - - [22/Sep/2022:20:30:30 +0200] "GET /js/jquery.js HTTP/1.0" 200 252 "http://www.wonder-geek.com/-p-8337.html" "Mozilla/5.0 (compatible; MSIE 9.0; Windows NT 6.1; Trident/5.0;  Trident/5.0)"
23.100.232.233 - - [22/Sep/2022:20:30:30 +0200] "GET /js/jquery.jqzoom.js HTTP/1.0" 200 259 "http://www.wonder-geek.com/-p-8337.html" "Mozilla/5.0 (compatible; MSIE 9.0; Windows NT 6.1; Trident/5.0;  Trident/5.0)"
23.100.232.233 - - [22/Sep/2022:20:30:31 +0200] "GET /swfobject.js HTTP/1.0" 404 1308 "http://www.wonder-geek.com/-p-8337.html" "Mozilla/5.0 (compatible; MSIE 9.0; Windows NT 6.1; Trident/5.0;  Trident/5.0)"
23.100.232.233 - - [22/Sep/2022:20:30:31 +0200] "GET /mondial_relay/js/jquery-1.3.2.min.js HTTP/1.0" 200 276 "http://www.wonder-geek.com/-p-8337.html" "Mozilla/5.0 (compatible; MSIE 9.0; Windows NT 6.1; Trident/5.0;  Trident/5.0)"
23.100.232.233 - - [22/Sep/2022:20:30:31 +0200] "GET /style.ie7.css HTTP/1.0" 404 1308 "http://www.wonder-geek.com/-p-8337.html" "Mozilla/5.0 (compatible; MSIE 9.0; Windows NT 6.1; Trident/5.0;  Trident/5.0)"
23.100.232.233 - - [22/Sep/2022:20:30:32 +0200] "GET /templates/Pixame_v1/images/flash.swf HTTP/1.0" 200 290 "http://www.wonder-geek.com/-p-8337.html" "Mozilla/5.0 (compatible; MSIE 9.0; Windows NT 6.1; Trident/5.0;  Trident/5.0)"
23.100.232.233 - - [22/Sep/2022:20:30:32 +0200] "GET /highslide/graphics/zoomout.cur HTTP/1.0" 200 614 "http://www.wonder-geek.com/-p-8337.html" "Mozilla/5.0 (compatible; MSIE 9.0; Windows NT 6.1; Trident/5.0;  Trident/5.0)"
185.191.171.38 - - [22/Sep/2022:20:31:06 +0200] "GET /blue-ceramic-p-53010.html HTTP/1.0" 200 74619 "-" "Mozilla/5.0 (compatible; SemrushBot/7~bl; +http://www.semrush.com/bot.html)"
66.249.66.8 - - [22/Sep/2022:20:31:34 +0200] "GET /images/mini_prod/9316188067461.jpg HTTP/1.0" 200 269 "-" "Mozilla/5.0 (compatible; Googlebot/2.1; +http://www.google.com/bot.html)"
66.249.66.210 - - [22/Sep/2022:20:31:43 +0200] "GET /retro-transistor-clock-p-56714.html HTTP/1.0" 200 75499 "-" "Mozilla/5.0 (Linux; Android 6.0.1; Nexus 5X Build/MMB29P) AppleWebKit/537.36 (KHTML, like Gecko) Chrome/105.0.5195.125 Mobile Safari/537.36 (compatible; Googlebot/2.1; +http://www.google.com/bot.html)"
66.249.66.144 - - [22/Sep/2022:20:31:51 +0200] "GET /images/mini_prod/7601019995504.jpg HTTP/1.0" 200 269 "-" "Mozilla/5.0 (compatible; Googlebot/2.1; +http://www.google.com/bot.html)"
66.249.66.146 - - [22/Sep/2022:20:33:12 +0200] "GET /cccp-logo-adult-cbkration-p-36533.html HTTP/1.0" 200 74834 "-" "Mozilla/5.0 (compatible; Googlebot/2.1; +http://www.google.com/bot.html)"
66.249.66.212 - - [22/Sep/2022:20:33:31 +0200] "GET /boys-cover-p-24673.html HTTP/1.0" 200 74450 "-" "Mozilla/5.0 (Linux; Android 6.0.1; Nexus 5X Build/MMB29P) AppleWebKit/537.36 (KHTML, like Gecko) Chrome/105.0.5195.125 Mobile Safari/537.36 (compatible; Googlebot/2.1; +http://www.google.com/bot.html)"
66.249.66.144 - - [22/Sep/2022:20:33:54 +0200] "GET /swfobject.js HTTP/1.0" 404 1308 "http://www.wonder-geek.com/boys-cover-p-24673.html" "Mozilla/5.0 (Linux; Android 6.0.1; Nexus 5X Build/MMB29P) AppleWebKit/537.36 (KHTML, like Gecko) Chrome/105.0.5195.102 Mobile Safari/537.36 (compatible; Googlebot/2.1; +http://www.google.com/bot.html)"
66.249.66.210 - - [22/Sep/2022:20:33:55 +0200] "GET /swfobject.js HTTP/1.0" 404 1308 "http://www.wonder-geek.com/boys-cover-p-24673.html" "Mozilla/5.0 (Linux; Android 6.0.1; Nexus 5X Build/MMB29P) AppleWebKit/537.36 (KHTML, like Gecko) Chrome/105.0.5195.102 Mobile Safari/537.36 (compatible; Googlebot/2.1; +http://www.google.com/bot.html)"
185.191.171.38 - - [22/Sep/2022:20:34:06 +0200] "GET /burner-soapstone-lotus-p-56893.html HTTP/1.0" 200 75486 "-" "Mozilla/5.0 (compatible; SemrushBot/7~bl; +http://www.semrush.com/bot.html)"
163.220.128.41 - - [22/Sep/2022:20:35:07 +0200] "GET /images/mini_prod/1384010190029.jpg HTTP/1.0" 200 269 "-" "Mozilla/5.0 (X11; Ubuntu; Linux x86_64; rv:72.0) Gecko/20100101 Firefox/72.0"
185.191.171.42 - - [22/Sep/2022:20:35:13 +0200] "GET /wooden-cubi-cover-apro-recrute-p-56689.html HTTP/1.0" 200 75617 "-" "Mozilla/5.0 (compatible; SemrushBot/7~bl; +http://www.semrush.com/bot.html)"
185.191.171.17 - - [22/Sep/2022:20:35:21 +0200] "GET /smiski-figure-series-bathroom-note-there-single-figure-p-43108.html HTTP/1.0" 200 76082 "-" "Mozilla/5.0 (compatible; SemrushBot/7~bl; +http://www.semrush.com/bot.html)"
207.46.13.149 - - [22/Sep/2022:20:35:27 +0200] "GET /teo-jasmin-mouse-pad-p-31373.html HTTP/1.0" 301 74766 "-" "Mozilla/5.0 (compatible; bingbot/2.0; +http://www.bing.com/bingbot.htm)"
157.55.39.217 - - [22/Sep/2022:20:35:36 +0200] "GET /large-statue-venus-p-56075.html HTTP/1.0" 200 72150 "-" "Mozilla/5.0 AppleWebKit/537.36 (KHTML, like Gecko; compatible; bingbot/2.0; +http://www.bing.com/bingbot.htm) Chrome/103.0.5060.134 Safari/537.36"
185.191.171.1 - - [22/Sep/2022:20:35:44 +0200] "GET /-p-42329.html HTTP/1.0" 200 72060 "-" "Mozilla/5.0 (compatible; SemrushBot/7~bl; +http://www.semrush.com/bot.html)"
66.29.138.73 - - [22/Sep/2022:20:36:16 +0200] "GET /wp-login.php HTTP/1.0" 301 535 "-" "Mozilla/5.0 (Windows NT 10.0; Win64; x64; rv:96.0) Gecko/20100101 Firefox/96"
66.29.138.73 - - [22/Sep/2022:20:36:17 +0200] "GET /wp-login.php HTTP/1.0" 404 1308 "http://wonder-geek.com/wp-login.php" "Mozilla/5.0 (Windows NT 10.0; Win64; x64; rv:96.0) Gecko/20100101 Firefox/96"
185.191.171.34 - - [22/Sep/2022:20:36:33 +0200] "GET /-p-39502.html HTTP/1.0" 200 72060 "-" "Mozilla/5.0 (compatible; SemrushBot/7~bl; +http://www.semrush.com/bot.html)"
66.249.66.214 - - [22/Sep/2022:20:36:38 +0200] "GET /cbkration-toiletry-p-41043.html HTTP/1.0" 200 74809 "-" "Mozilla/5.0 (Linux; Android 6.0.1; Nexus 5X Build/MMB29P) AppleWebKit/537.36 (KHTML, like Gecko) Chrome/105.0.5195.125 Mobile Safari/537.36 (compatible; Googlebot/2.1; +http://www.google.com/bot.html)"
66.249.66.8 - - [22/Sep/2022:20:36:47 +0200] "GET /js/jquery.js HTTP/1.0" 200 252 "http://www.wonder-geek.com/cbkration-toiletry-p-41043.html" "Mozilla/5.0 (Linux; Android 6.0.1; Nexus 5X Build/MMB29P) AppleWebKit/537.36 (KHTML, like Gecko) Chrome/105.0.5195.102 Mobile Safari/537.36 (compatible; Googlebot/2.1; +http://www.google.com/bot.html)"
216.244.66.242 - - [22/Sep/2022:20:36:49 +0200] "GET /robots.txt HTTP/1.0" 200 245 "-" "Mozilla/5.0 (compatible; DotBot/1.2; +https://opensiteexplorer.org/dotbot; help@moz.com)"
185.191.171.33 - - [22/Sep/2022:20:37:53 +0200] "GET /bells-metal-chime-p-42072.html HTTP/1.0" 200 74788 "-" "Mozilla/5.0 (compatible; SemrushBot/7~bl; +http://www.semrush.com/bot.html)"
66.249.66.68 - - [22/Sep/2022:20:37:58 +0200] "GET /little-prince-plane-figurine-p-47070.html HTTP/1.0" 200 75538 "-" "Mozilla/5.0 (Linux; Android 6.0.1; Nexus 5X Build/MMB29P) AppleWebKit/537.36 (KHTML, like Gecko) Chrome/105.0.5195.125 Mobile Safari/537.36 (compatible; Googlebot/2.1; +http://www.google.com/bot.html)"
66.249.66.58 - - [22/Sep/2022:20:38:05 +0200] "GET /little-prince-plane-figurine-p-47070.html HTTP/1.0" 200 75538 "-" "Mozilla/5.0 (compatible; Googlebot/2.1; +http://www.google.com/bot.html)"
157.55.39.12 - - [22/Sep/2022:20:38:15 +0200] "GET /images/med_prod/8717202557929.jpg HTTP/1.0" 200 268 "-" "Mozilla/5.0 AppleWebKit/537.36 (KHTML, like Gecko; compatible; bingbot/2.0; +http://www.bing.com/bingbot.htm) Chrome/103.0.5060.134 Safari/537.36"
185.191.171.44 - - [22/Sep/2022:20:38:35 +0200] "GET /resin-deer-bookend-p-56179.html HTTP/1.0" 200 75301 "-" "Mozilla/5.0 (compatible; SemrushBot/7~bl; +http://www.semrush.com/bot.html)"
185.191.171.6 - - [22/Sep/2022:20:39:08 +0200] "GET /tendresse-pillowcase-washed-cotton-gauze-p-54452.html HTTP/1.0" 200 75660 "-" "Mozilla/5.0 (compatible; SemrushBot/7~bl; +http://www.semrush.com/bot.html)"
185.191.171.41 - - [22/Sep/2022:20:39:21 +0200] "GET /large-resin-gorilla-statuette-p-54086.html HTTP/1.0" 200 72167 "-" "Mozilla/5.0 (compatible; SemrushBot/7~bl; +http://www.semrush.com/bot.html)"
185.191.171.37 - - [22/Sep/2022:20:39:42 +0200] "GET /-p-51780.html HTTP/1.0" 200 72060 "-" "Mozilla/5.0 (compatible; SemrushBot/7~bl; +http://www.semrush.com/bot.html)"
66.249.66.210 - - [22/Sep/2022:20:39:45 +0200] "GET /foliage-bamboo-flower-cover-p-58253.html HTTP/1.0" 200 75383 "-" "Mozilla/5.0 (Linux; Android 6.0.1; Nexus 5X Build/MMB29P) AppleWebKit/537.36 (KHTML, like Gecko) Chrome/105.0.5195.125 Mobile Safari/537.36 (compatible; Googlebot/2.1; +http://www.google.com/bot.html)"
66.249.66.68 - - [22/Sep/2022:20:39:51 +0200] "GET /images/mini_prod/3700653500830.jpg HTTP/1.0" 200 269 "-" "Mozilla/5.0 (compatible; Googlebot/2.1; +http://www.google.com/bot.html)"
66.249.66.6 - - [22/Sep/2022:20:39:51 +0200] "GET /images/mini_prod/1399984263600.jpg HTTP/1.0" 200 269 "-" "Mozilla/5.0 (compatible; Googlebot/2.1; +http://www.google.com/bot.html)"
66.249.66.144 - - [22/Sep/2022:20:39:52 +0200] "GET /images/mini_prod/9316188087339.jpg HTTP/1.0" 200 269 "-" "Mozilla/5.0 (compatible; Googlebot/2.1; +http://www.google.com/bot.html)"
38.142.11.235 - - [22/Sep/2022:20:40:02 +0200] "GET /images/mini_prod/5051265800183.jpg HTTP/1.0" 200 269 "-" "Mozilla/5.0 (X11; Ubuntu; Linux x86_64; rv:72.0) Gecko/20100101 Firefox/72.0"
66.249.66.56 - - [22/Sep/2022:20:40:05 +0200] "GET /images/mini_prod/B5425023083772B.jpg HTTP/1.0" 200 271 "-" "Mozilla/5.0 (compatible; Googlebot/2.1; +http://www.google.com/bot.html)"
185.191.171.4 - - [22/Sep/2022:20:40:06 +0200] "GET /route-metal-plate-p-12559.html HTTP/1.0" 200 74699 "-" "Mozilla/5.0 (compatible; SemrushBot/7~bl; +http://www.semrush.com/bot.html)"
66.249.66.56 - - [22/Sep/2022:20:40:39 +0200] "GET /images/3438100333747.jpg HTTP/1.0" 200 259 "-" "Mozilla/5.0 (compatible; Googlebot/2.1; +http://www.google.com/bot.html)"
66.249.66.56 - - [22/Sep/2022:20:41:02 +0200] "GET /frozen-jewelry-p-53243.html HTTP/1.0" 200 75656 "-" "Mozilla/5.0 (compatible; Googlebot/2.1; +http://www.google.com/bot.html)"
66.249.66.6 - - [22/Sep/2022:20:42:18 +0200] "GET /images/big_prod/3608860236156.jpg HTTP/1.0" 200 268 "-" "Googlebot-Image/1.0"
51.68.224.127 - - [22/Sep/2022:20:42:32 +0200] "GET /adminweb/export_orders_xml.php?token=256de2z6edz6ed2z6DFSFsed2zed6zeDSFDSGdzedezfzf&maxorders=10&orderstart=1&status=14&start_date=2018-10-01 HTTP/1.0" 200 285 "-" "GesCom CharlotteBoutik Serveur"
51.68.224.127 - - [22/Sep/2022:20:42:32 +0200] "GET /adminweb/export_orders_xml.php?token=256de2z6edz6ed2z6DFSFsed2zed6zeDSFDSGdzedezfzf&maxorders=10&orderstart=1&status=6&start_date=2018-10-01 HTTP/1.0" 200 33985 "-" "GesCom CharlotteBoutik Serveur"
185.191.171.37 - - [22/Sep/2022:20:42:33 +0200] "GET /melt-cerulean-p-38944.html HTTP/1.0" 200 75270 "-" "Mozilla/5.0 (compatible; SemrushBot/7~bl; +http://www.semrush.com/bot.html)"
66.249.66.6 - - [22/Sep/2022:20:42:51 +0200] "GET /elastic-loom-bands-p-26692.html HTTP/1.0" 200 74706 "-" "Mozilla/5.0 (Linux; Android 6.0.1; Nexus 5X Build/MMB29P) AppleWebKit/537.36 (KHTML, like Gecko) Chrome/105.0.5195.125 Mobile Safari/537.36 (compatible; Googlebot/2.1; +http://www.google.com/bot.html)"
185.191.171.33 - - [22/Sep/2022:20:43:18 +0200] "GET /gaspard-tooth-p-56881.html HTTP/1.0" 200 75343 "-" "Mozilla/5.0 (compatible; SemrushBot/7~bl; +http://www.semrush.com/bot.html)"
216.244.66.242 - - [22/Sep/2022:20:44:58 +0200] "GET /vespa-p-18631.html HTTP/1.0" 301 72127 "-" "Mozilla/5.0 (compatible; DotBot/1.2; +https://opensiteexplorer.org/dotbot; help@moz.com)"
216.244.66.242 - - [22/Sep/2022:20:45:13 +0200] "GET /nice-training-bottle-p-41271.html HTTP/1.0" 301 72127 "-" "Mozilla/5.0 (compatible; DotBot/1.2; +https://opensiteexplorer.org/dotbot; help@moz.com)"
216.244.66.242 - - [22/Sep/2022:20:45:22 +0200] "GET /retro-sugar-bowl-vache-p-43602.html HTTP/1.0" 301 72127 "-" "Mozilla/5.0 (compatible; DotBot/1.2; +https://opensiteexplorer.org/dotbot; help@moz.com)"
87.250.224.94 - - [22/Sep/2022:20:45:34 +0200] "GET /images/210320123420070.jpg HTTP/1.0" 200 261 "-" "Mozilla/5.0 (compatible; YandexImages/3.0; +http://yandex.com/bots)"
54.236.1.13 - - [22/Sep/2022:20:45:38 +0200] "GET / HTTP/1.0" 301 511 "-" "Mozilla/5.0 (compatible; Pinterestbot/1.0; +http://www.pinterest.com/bot.html)"
54.236.1.13 - - [22/Sep/2022:20:45:38 +0200] "GET / HTTP/1.0" 200 151913 "-" "Mozilla/5.0 (compatible; Pinterestbot/1.0; +http://www.pinterest.com/bot.html)"
216.244.66.242 - - [22/Sep/2022:20:45:45 +0200] "GET /wall-decoration-music-p-43871.html HTTP/1.0" 301 72127 "-" "Mozilla/5.0 (compatible; DotBot/1.2; +https://opensiteexplorer.org/dotbot; help@moz.com)"
185.191.171.8 - - [22/Sep/2022:20:45:48 +0200] "GET /boho-wooden-frame-buffalo-skull-p-41822.html HTTP/1.0" 200 74860 "-" "Mozilla/5.0 (compatible; SemrushBot/7~bl; +http://www.semrush.com/bot.html)"
203.119.241.88 - - [22/Sep/2022:20:45:51 +0200] "GET /images/mini_prod/DSCN7557.jpg HTTP/1.0" 200 264 "-" "Mozilla/5.0 (X11; Ubuntu; Linux x86_64; rv:72.0) Gecko/20100101 Firefox/72.0"
185.191.171.17 - - [22/Sep/2022:20:45:54 +0200] "GET /shoulder-jasmine-jasmin-p-43134.html HTTP/1.0" 200 75646 "-" "Mozilla/5.0 (compatible; SemrushBot/7~bl; +http://www.semrush.com/bot.html)"
163.220.128.41 - - [22/Sep/2022:20:45:56 +0200] "GET /images/mini_prod/3609810010864.jpg HTTP/1.0" 200 269 "-" "Mozilla/5.0 (X11; Ubuntu; Linux x86_64; rv:72.0) Gecko/20100101 Firefox/72.0"
66.249.66.6 - - [22/Sep/2022:20:45:58 +0200] "GET /lyon-black-shirt-p-31275.html HTTP/1.0" 200 76622 "-" "Mozilla/5.0 (Linux; Android 6.0.1; Nexus 5X Build/MMB29P) AppleWebKit/537.36 (KHTML, like Gecko) Chrome/105.0.5195.125 Mobile Safari/537.36 (compatible; Googlebot/2.1; +http://www.google.com/bot.html)"
216.244.66.242 - - [22/Sep/2022:20:46:03 +0200] "GET /small-tinbox-rtro-motorcycle-p-41337.html HTTP/1.0" 301 72127 "-" "Mozilla/5.0 (compatible; DotBot/1.2; +https://opensiteexplorer.org/dotbot; help@moz.com)"
66.249.66.68 - - [22/Sep/2022:20:46:05 +0200] "GET /patinated-wooden-lamp-with-beige-shade-p-57737.html HTTP/1.0" 200 75520 "-" "Mozilla/5.0 (Linux; Android 6.0.1; Nexus 5X Build/MMB29P) AppleWebKit/537.36 (KHTML, like Gecko) Chrome/105.0.5195.125 Mobile Safari/537.36 (compatible; Googlebot/2.1; +http://www.google.com/bot.html)"
185.191.171.26 - - [22/Sep/2022:20:46:15 +0200] "GET /storage-cups-c-12_159_264.html HTTP/1.0" 200 92235 "-" "Mozilla/5.0 (compatible; SemrushBot/7~bl; +http://www.semrush.com/bot.html)"
114.119.137.3 - - [22/Sep/2022:20:46:20 +0200] "GET /handy-manny-money-box-p-8421.html HTTP/1.0" 301 74877 "http://www.wonder-geek.com/home-and-decoration-c-13.html?page=213" "Mozilla/5.0 (Linux; Android 7.0;) AppleWebKit/537.36 (KHTML, like Gecko) Mobile Safari/537.36 (compatible; PetalBot;+https://webmaster.petalsearch.com/site/petalbot)"
114.119.137.3 - - [22/Sep/2022:20:46:22 +0200] "GET /handy-manny-money-p-8421.html HTTP/1.0" 200 74794 "http://www.wonder-geek.com/home-and-decoration-c-13.html?page=213" "Mozilla/5.0 (Linux; Android 7.0;) AppleWebKit/537.36 (KHTML, like Gecko) Mobile Safari/537.36 (compatible; PetalBot;+https://webmaster.petalsearch.com/site/petalbot)"
66.249.66.146 - - [22/Sep/2022:20:46:33 +0200] "GET / HTTP/1.0" 200 150942 "-" "Mozilla/5.0 (Linux; Android 6.0.1; Nexus 5X Build/MMB29P) AppleWebKit/537.36 (KHTML, like Gecko) Chrome/105.0.5195.125 Mobile Safari/537.36 (compatible; Googlebot/2.1; +http://www.google.com/bot.html)"
185.191.171.42 - - [22/Sep/2022:20:46:48 +0200] "GET /quartz-geode-size-about-p-46286.html HTTP/1.0" 200 72162 "-" "Mozilla/5.0 (compatible; SemrushBot/7~bl; +http://www.semrush.com/bot.html)"
185.191.171.9 - - [22/Sep/2022:20:47:14 +0200] "GET /strange-life-forms-stitch-with-frog-figurine-p-45590.html HTTP/1.0" 200 76396 "-" "Mozilla/5.0 (compatible; SemrushBot/7~bl; +http://www.semrush.com/bot.html)"
66.249.66.56 - - [22/Sep/2022:20:47:31 +0200] "GET /bistrot-motif-side-table-p-56622.html HTTP/1.0" 200 75483 "-" "Mozilla/5.0 (Linux; Android 6.0.1; Nexus 5X Build/MMB29P) AppleWebKit/537.36 (KHTML, like Gecko) Chrome/105.0.5195.125 Mobile Safari/537.36 (compatible; Googlebot/2.1; +http://www.google.com/bot.html)"
114.119.133.245 - - [22/Sep/2022:20:47:47 +0200] "GET /cbkreation-toiletry-bag-p-40655.html HTTP/1.0" 301 74892 "http://www.wonder-geek.com/cosmetic-bags-and-flat-purse-c-31_239.html?page=7" "Mozilla/5.0 (Linux; Android 7.0;) AppleWebKit/537.36 (KHTML, like Gecko) Mobile Safari/537.36 (compatible; PetalBot;+https://webmaster.petalsearch.com/site/petalbot)"
114.119.133.245 - - [22/Sep/2022:20:47:49 +0200] "GET /cbkration-toiletry-p-40655.html HTTP/1.0" 200 74807 "http://www.wonder-geek.com/cosmetic-bags-and-flat-purse-c-31_239.html?page=7" "Mozilla/5.0 (Linux; Android 7.0;) AppleWebKit/537.36 (KHTML, like Gecko) Mobile Safari/537.36 (compatible; PetalBot;+https://webmaster.petalsearch.com/site/petalbot)"
163.220.128.41 - - [22/Sep/2022:20:47:55 +0200] "GET /images/mini_prod/3453131137751.jpg HTTP/1.0" 200 269 "-" "Mozilla/5.0 (X11; Ubuntu; Linux x86_64; rv:72.0) Gecko/20100101 Firefox/72.0"
203.119.241.117 - - [22/Sep/2022:20:48:43 +0200] "GET /images/mini_prod/4025055184372.jpg HTTP/1.0" 200 269 "-" "Mozilla/5.0 (X11; Ubuntu; Linux x86_64; rv:72.0) Gecko/20100101 Firefox/72.0"
66.249.66.212 - - [22/Sep/2022:20:49:05 +0200] "GET /memo-frame-to-hang-p-42526.html HTTP/1.0" 301 72127 "-" "Mozilla/5.0 (Linux; Android 6.0.1; Nexus 5X Build/MMB29P) AppleWebKit/537.36 (KHTML, like Gecko) Chrome/105.0.5195.125 Mobile Safari/537.36 (compatible; Googlebot/2.1; +http://www.google.com/bot.html)"
66.249.66.58 - - [22/Sep/2022:20:49:07 +0200] "GET /-p-42526.html HTTP/1.0" 200 72060 "-" "Mozilla/5.0 (Linux; Android 6.0.1; Nexus 5X Build/MMB29P) AppleWebKit/537.36 (KHTML, like Gecko) Chrome/105.0.5195.125 Mobile Safari/537.36 (compatible; Googlebot/2.1; +http://www.google.com/bot.html)"
185.191.171.41 - - [22/Sep/2022:20:49:12 +0200] "GET /large-decorative-bell-gold-metal-p-56602.html HTTP/1.0" 200 75640 "-" "Mozilla/5.0 (compatible; SemrushBot/7~bl; +http://www.semrush.com/bot.html)"
185.191.171.35 - - [22/Sep/2022:20:49:43 +0200] "GET /tropical-beverage-dispenser-p-49323.html HTTP/1.0" 200 74823 "-" "Mozilla/5.0 (compatible; SemrushBot/7~bl; +http://www.semrush.com/bot.html)"
185.191.171.41 - - [22/Sep/2022:20:49:47 +0200] "GET /monaco-vintage-poster-p-42523.html HTTP/1.0" 200 74676 "-" "Mozilla/5.0 (compatible; SemrushBot/7~bl; +http://www.semrush.com/bot.html)"
54.236.1.11 - - [22/Sep/2022:20:50:07 +0200] "GET /swing-map-collection-gorjuss-p-23145.html HTTP/1.0" 301 72127 "-" "Mozilla/5.0 (compatible; Pinterestbot/1.0; +http://www.pinterest.com/bot.html)"
54.236.1.11 - - [22/Sep/2022:20:50:09 +0200] "GET /-p-23145.html HTTP/1.0" 200 72060 "-" "Mozilla/5.0 (compatible; Pinterestbot/1.0; +http://www.pinterest.com/bot.html)"
163.220.128.41 - - [22/Sep/2022:20:50:16 +0200] "GET /images/mini_prod/1399986106912.jpg HTTP/1.0" 200 269 "-" "Mozilla/5.0 (X11; Ubuntu; Linux x86_64; rv:72.0) Gecko/20100101 Firefox/72.0"
185.191.171.25 - - [22/Sep/2022:20:50:15 +0200] "GET /treasure-tibetan-with-lotus-p-53341.html HTTP/1.0" 200 76315 "-" "Mozilla/5.0 (compatible; SemrushBot/7~bl; +http://www.semrush.com/bot.html)"
66.249.66.146 - - [22/Sep/2022:20:50:17 +0200] "GET /grey-isothermic-stainless-steel-bottle-cbkreation-p-54163.html HTTP/1.0" 200 75597 "-" "Mozilla/5.0 (compatible; Googlebot/2.1; +http://www.google.com/bot.html)"
116.198.10.48 - - [22/Sep/2022:20:50:28 +0200] "GET /images/mini_prod/8718375756010.jpg HTTP/1.0" 200 269 "-" "Mozilla/5.0 (Windows NT 10.0; Win64; x64) AppleWebKit/537.36 (KHTML, like Gecko) Chrome/103.0.5060.134 Safari/537.36 Edg/103.0.1264.71"
216.244.66.242 - - [22/Sep/2022:20:50:53 +0200] "GET /delia-bedclothes-p-50788.html HTTP/1.0" 200 75725 "-" "Mozilla/5.0 (compatible; DotBot/1.2; +https://opensiteexplorer.org/dotbot; help@moz.com)"
216.244.66.242 - - [22/Sep/2022:20:51:12 +0200] "GET /dispenser-bottles-p-32079.html HTTP/1.0" 200 74806 "-" "Mozilla/5.0 (compatible; DotBot/1.2; +https://opensiteexplorer.org/dotbot; help@moz.com)"
216.244.66.242 - - [22/Sep/2022:20:51:28 +0200] "GET /moroccan-ashtray-p-40624.html HTTP/1.0" 200 74668 "-" "Mozilla/5.0 (compatible; DotBot/1.2; +https://opensiteexplorer.org/dotbot; help@moz.com)"
87.250.224.94 - - [22/Sep/2022:20:51:31 +0200] "GET /tenue-de-soiree-underpants-p-30207.html HTTP/1.0" 301 72235 "-" "Mozilla/5.0 (compatible; YandexBot/3.0; +http://yandex.com/bots)"
87.250.224.94 - - [22/Sep/2022:20:51:34 +0200] "GET /tenue-soire-underpants-p-30207.html HTTP/1.0" 200 72146 "-" "Mozilla/5.0 (compatible; YandexBot/3.0; +http://yandex.com/bots)"
66.249.66.6 - - [22/Sep/2022:20:51:36 +0200] "GET /images/mini_prod/5701359747039.jpg HTTP/1.0" 200 269 "-" "Mozilla/5.0 (compatible; Googlebot/2.1; +http://www.google.com/bot.html)"
185.191.171.23 - - [22/Sep/2022:20:51:39 +0200] "GET /black-tourmaline-crystal-point-pyramid-with-flower-life-p-54366.html HTTP/1.0" 200 72276 "-" "Mozilla/5.0 (compatible; SemrushBot/7~bl; +http://www.semrush.com/bot.html)"
66.249.66.58 - - [22/Sep/2022:20:51:42 +0200] "GET /images/mini_prod/3524550044613.jpg HTTP/1.0" 200 269 "-" "Mozilla/5.0 (compatible; Googlebot/2.1; +http://www.google.com/bot.html)"
66.249.66.8 - - [22/Sep/2022:20:51:42 +0200] "GET /images/mini_prod/3438100346686.jpg HTTP/1.0" 200 269 "-" "Mozilla/5.0 (compatible; Googlebot/2.1; +http://www.google.com/bot.html)"
185.191.171.5 - - [22/Sep/2022:20:51:43 +0200] "GET /home-decoration-c-13.html?page=194 HTTP/1.0" 200 94622 "-" "Mozilla/5.0 (compatible; SemrushBot/7~bl; +http://www.semrush.com/bot.html)"
216.244.66.242 - - [22/Sep/2022:20:51:43 +0200] "GET /mountain-view-sticker-p-39171.html HTTP/1.0" 200 74722 "-" "Mozilla/5.0 (compatible; DotBot/1.2; +https://opensiteexplorer.org/dotbot; help@moz.com)"
216.244.66.242 - - [22/Sep/2022:20:51:58 +0200] "GET /educational-watch-for-children-koala-p-51721.html HTTP/1.0" 301 76398 "-" "Mozilla/5.0 (compatible; DotBot/1.2; +https://opensiteexplorer.org/dotbot; help@moz.com)"
66.249.66.10 - - [22/Sep/2022:20:52:03 +0200] "GET /images/mini_prod/1399984258422.jpg HTTP/1.0" 200 269 "-" "Mozilla/5.0 (compatible; Googlebot/2.1; +http://www.google.com/bot.html)"
216.244.66.242 - - [22/Sep/2022:20:52:11 +0200] "GET /emoticon-moneybox-model-p-39384.html HTTP/1.0" 200 72150 "-" "Mozilla/5.0 (compatible; DotBot/1.2; +https://opensiteexplorer.org/dotbot; help@moz.com)"
66.249.66.210 - - [22/Sep/2022:20:52:12 +0200] "GET /angel-figurine-thank-p-58766.html HTTP/1.0" 200 75025 "-" "Mozilla/5.0 (Linux; Android 6.0.1; Nexus 5X Build/MMB29P) AppleWebKit/537.36 (KHTML, like Gecko) Chrome/105.0.5195.125 Mobile Safari/537.36 (compatible; Googlebot/2.1; +http://www.google.com/bot.html)"
66.249.66.6 - - [22/Sep/2022:20:52:16 +0200] "GET /images/med_prod/1399984280898.jpg HTTP/1.0" 200 268 "-" "Googlebot-Image/1.0"
216.244.66.242 - - [22/Sep/2022:20:52:22 +0200] "GET /glass-cutting-board-by-cbkreation-p-51323.html HTTP/1.0" 301 74863 "-" "Mozilla/5.0 (compatible; DotBot/1.2; +https://opensiteexplorer.org/dotbot; help@moz.com)"
66.249.66.144 - - [22/Sep/2022:20:52:24 +0200] "GET /images/mini_prod/3609810071988.jpg HTTP/1.0" 200 269 "-" "Mozilla/5.0 (compatible; Googlebot/2.1; +http://www.google.com/bot.html)"
216.244.66.242 - - [22/Sep/2022:20:52:33 +0200] "GET /grey-cosmos-bedclothes-p-39997.html HTTP/1.0" 301 72127 "-" "Mozilla/5.0 (compatible; DotBot/1.2; +https://opensiteexplorer.org/dotbot; help@moz.com)"
66.249.66.56 - - [22/Sep/2022:20:52:43 +0200] "GET /images/big_prod/8422022313005.jpg HTTP/1.0" 200 268 "-" "Googlebot-Image/1.0"
216.244.66.242 - - [22/Sep/2022:20:52:42 +0200] "GET /little-princess-style-pocket-album-p-15787.html HTTP/1.0" 200 72186 "-" "Mozilla/5.0 (compatible; DotBot/1.2; +https://opensiteexplorer.org/dotbot; help@moz.com)"
216.244.66.242 - - [22/Sep/2022:20:52:51 +0200] "GET /olaf-silly-swowman-figure-collection-p-27137.html HTTP/1.0" 301 72127 "-" "Mozilla/5.0 (compatible; DotBot/1.2; +https://opensiteexplorer.org/dotbot; help@moz.com)"
5.45.235.78 - - [22/Sep/2022:20:52:53 +0200] "GET /images/big_prod_1/8718375754344a.jpg HTTP/1.0" 200 271 "-" "Mozilla/5.0 (Macintosh; Intel Mac OS X 10_11_5) AppleWebKit/537.36 (KHTML, like Gecko) Chrome/50.0.2661.102 Safari/537.36"
216.244.66.242 - - [22/Sep/2022:20:52:59 +0200] "GET /teo-jasmin-small-cabas-america-denim-p-38669.html HTTP/1.0" 301 72127 "-" "Mozilla/5.0 (compatible; DotBot/1.2; +https://opensiteexplorer.org/dotbot; help@moz.com)"
216.244.66.242 - - [22/Sep/2022:20:53:10 +0200] "GET /vanity-by-teo-jasmin-jasmine-labaule-p-43154.html HTTP/1.0" 301 72127 "-" "Mozilla/5.0 (compatible; DotBot/1.2; +https://opensiteexplorer.org/dotbot; help@moz.com)"
216.244.66.242 - - [22/Sep/2022:20:53:20 +0200] "GET /cement-tile-stickers-15-15-cm-black-and-white-p-45011.html HTTP/1.0" 301 76092 "-" "Mozilla/5.0 (compatible; DotBot/1.2; +https://opensiteexplorer.org/dotbot; help@moz.com)"
66.249.66.60 - - [22/Sep/2022:20:53:27 +0200] "GET /anthracite-fitted-sheet-p-51987.html HTTP/1.0" 200 74725 "-" "Mozilla/5.0 (compatible; Googlebot/2.1; +http://www.google.com/bot.html)"
216.244.66.242 - - [22/Sep/2022:20:53:28 +0200] "GET /italia-tablecloth-anti-stain-140-240-cm-p-34994.html HTTP/1.0" 301 74907 "-" "Mozilla/5.0 (compatible; DotBot/1.2; +https://opensiteexplorer.org/dotbot; help@moz.com)"
185.191.171.19 - - [22/Sep/2022:20:53:35 +0200] "GET /keyboard-cube-p-24899.html HTTP/1.0" 200 74667 "-" "Mozilla/5.0 (compatible; SemrushBot/7~bl; +http://www.semrush.com/bot.html)"
216.244.66.242 - - [22/Sep/2022:20:53:37 +0200] "GET /laissez-lucie-faire-toiletry-bag-maria-p-42657.html HTTP/1.0" 301 72283 "-" "Mozilla/5.0 (compatible; DotBot/1.2; +https://opensiteexplorer.org/dotbot; help@moz.com)"
216.244.66.242 - - [22/Sep/2022:20:53:45 +0200] "GET /storage-case-suitcase-world-map-50-cm-p-38633.html HTTP/1.0" 301 72127 "-" "Mozilla/5.0 (compatible; DotBot/1.2; +https://opensiteexplorer.org/dotbot; help@moz.com)"
66.249.66.8 - - [22/Sep/2022:20:53:59 +0200] "GET /images/mini_prod/4036113101224.jpg HTTP/1.0" 200 269 "-" "Mozilla/5.0 (compatible; Googlebot/2.1; +http://www.google.com/bot.html)"
66.249.66.210 - - [22/Sep/2022:20:53:59 +0200] "GET /images/mini_prod/4029811313853.jpg HTTP/1.0" 200 269 "-" "Mozilla/5.0 (compatible; Googlebot/2.1; +http://www.google.com/bot.html)"
66.249.66.6 - - [22/Sep/2022:20:54:00 +0200] "GET /images/mini_prod/1399984265154.jpg HTTP/1.0" 200 269 "-" "Mozilla/5.0 (compatible; Googlebot/2.1; +http://www.google.com/bot.html)"
66.249.66.72 - - [22/Sep/2022:20:54:03 +0200] "GET /little-prince-exupry-rose-p-57948.html HTTP/1.0" 200 75508 "-" "Mozilla/5.0 (compatible; Googlebot/2.1; +http://www.google.com/bot.html)"
66.249.66.6 - - [22/Sep/2022:20:54:09 +0200] "GET /images/big_prod_2/c5018997632079.jpg HTTP/1.0" 200 271 "-" "Mozilla/5.0 (compatible; Googlebot/2.1; +http://www.google.com/bot.html)"
66.249.66.68 - - [22/Sep/2022:20:54:27 +0200] "GET /images/mini_prod/5050293803975.jpg HTTP/1.0" 200 269 "-" "Mozilla/5.0 (compatible; Googlebot/2.1; +http://www.google.com/bot.html)"
87.250.224.188 - - [22/Sep/2022:20:54:30 +0200] "GET /images/parme3384370102340.jpg HTTP/1.0" 200 264 "-" "Mozilla/5.0 (compatible; YandexImages/3.0; +http://yandex.com/bots)"
66.249.66.68 - - [22/Sep/2022:20:54:48 +0200] "GET /images/mini_prod/1341689284534.jpg HTTP/1.0" 200 269 "-" "Mozilla/5.0 (compatible; Googlebot/2.1; +http://www.google.com/bot.html)"
66.249.66.146 - - [22/Sep/2022:20:55:19 +0200] "GET /hello-kitty-cap-52-cm-p-22244.html HTTP/1.0" 301 74867 "-" "Mozilla/5.0 (Linux; Android 6.0.1; Nexus 5X Build/MMB29P) AppleWebKit/537.36 (KHTML, like Gecko) Chrome/105.0.5195.125 Mobile Safari/537.36 (compatible; Googlebot/2.1; +http://www.google.com/bot.html)"
66.249.66.10 - - [22/Sep/2022:20:55:21 +0200] "GET /hello-kitty-p-22244.html HTTP/1.0" 200 74789 "-" "Mozilla/5.0 (Linux; Android 6.0.1; Nexus 5X Build/MMB29P) AppleWebKit/537.36 (KHTML, like Gecko) Chrome/105.0.5195.125 Mobile Safari/537.36 (compatible; Googlebot/2.1; +http://www.google.com/bot.html)"
185.191.171.24 - - [22/Sep/2022:20:55:38 +0200] "GET /coca-cola-mirror-p-28092.html HTTP/1.0" 200 74599 "-" "Mozilla/5.0 (compatible; SemrushBot/7~bl; +http://www.semrush.com/bot.html)"
216.244.66.242 - - [22/Sep/2022:20:56:09 +0200] "GET /pillow-case-p-33865.html HTTP/1.0" 200 74910 "-" "Mozilla/5.0 (compatible; DotBot/1.2; +https://opensiteexplorer.org/dotbot; help@moz.com)"
185.191.171.21 - - [22/Sep/2022:20:56:25 +0200] "GET /home-decoration-c-13.html?page=108 HTTP/1.0" 200 94110 "-" "Mozilla/5.0 (compatible; SemrushBot/7~bl; +http://www.semrush.com/bot.html)"
17.121.112.10 - - [22/Sep/2022:20:56:50 +0200] "GET /pink-rabbit-statuette-p-44914.html HTTP/1.0" 200 72146 "-" "Mozilla/5.0 (Macintosh; Intel Mac OS X 10_15_5) AppleWebKit/605.1.15 (KHTML, like Gecko) Version/13.1.1 Safari/605.1.15 (Applebot/0.1; +http://www.apple.com/go/applebot)"
66.249.66.210 - - [22/Sep/2022:20:57:01 +0200] "GET /images/mini_prod/3574642017162.jpg HTTP/1.0" 200 269 "-" "Mozilla/5.0 (compatible; Googlebot/2.1; +http://www.google.com/bot.html)"
81.247.181.169 - - [22/Sep/2022:20:57:06 +0200] "GET /distributor-chewing-gum-23-cm-p-37838.html HTTP/1.0" 301 74910 "https://r.search.yahoo.com/_ylt=AwrNPnT8ryxjp78qT3aJzbkF;_ylu=c2VjA3NyBHNsawNpbWcEb2lkAzkzODEwNjNmMzM0NGU1MDI1ZDhjZDA2ZDFlMTM1N2ZiBGdwb3MDMQRpdANiaW5n/RV=2/RE=1663901821/RO=11/RU=http%3a%2f%2fwww.wonder-geek.com%2fdistributor-chewing-gum-23-cm-p-37838.html/RK=2/RS=Y5uxvmQ5kj92I_.e6sKcQfajpEw-" "Mozilla/5.0 (Macintosh; Intel Mac OS X 10_15_6) AppleWebKit/605.1.15 (KHTML, like Gecko) Version/15.6.1 Safari/605.1.15"
81.247.181.169 - - [22/Sep/2022:20:57:08 +0200] "GET /distributor-chewing-p-37838.html HTTP/1.0" 200 74824 "-" "Mozilla/5.0 (Macintosh; Intel Mac OS X 10_15_6) AppleWebKit/605.1.15 (KHTML, like Gecko) Version/15.6.1 Safari/605.1.15"
81.247.181.169 - - [22/Sep/2022:20:57:10 +0200] "GET /swfobject.js HTTP/1.0" 404 1308 "http://www.wonder-geek.com/distributor-chewing-p-37838.html" "Mozilla/5.0 (Macintosh; Intel Mac OS X 10_15_6) AppleWebKit/605.1.15 (KHTML, like Gecko) Version/15.6.1 Safari/605.1.15"
81.247.181.169 - - [22/Sep/2022:20:57:10 +0200] "GET /templates/Pixame_v1/stylesheet.css HTTP/1.0" 200 267 "http://www.wonder-geek.com/distributor-chewing-p-37838.html" "Mozilla/5.0 (Macintosh; Intel Mac OS X 10_15_6) AppleWebKit/605.1.15 (KHTML, like Gecko) Version/15.6.1 Safari/605.1.15"
81.247.181.169 - - [22/Sep/2022:20:57:10 +0200] "GET /highslide/highslide.js HTTP/1.0" 200 262 "http://www.wonder-geek.com/distributor-chewing-p-37838.html" "Mozilla/5.0 (Macintosh; Intel Mac OS X 10_15_6) AppleWebKit/605.1.15 (KHTML, like Gecko) Version/15.6.1 Safari/605.1.15"
81.247.181.169 - - [22/Sep/2022:20:57:10 +0200] "GET /js/jquery.js HTTP/1.0" 200 252 "http://www.wonder-geek.com/distributor-chewing-p-37838.html" "Mozilla/5.0 (Macintosh; Intel Mac OS X 10_15_6) AppleWebKit/605.1.15 (KHTML, like Gecko) Version/15.6.1 Safari/605.1.15"
81.247.181.169 - - [22/Sep/2022:20:57:10 +0200] "GET /js/jquery.jqzoom.js HTTP/1.0" 200 259 "http://www.wonder-geek.com/distributor-chewing-p-37838.html" "Mozilla/5.0 (Macintosh; Intel Mac OS X 10_15_6) AppleWebKit/605.1.15 (KHTML, like Gecko) Version/15.6.1 Safari/605.1.15"
81.247.181.169 - - [22/Sep/2022:20:57:10 +0200] "GET /mondial_relay/js/jquery-1.3.2.min.js HTTP/1.0" 200 276 "http://www.wonder-geek.com/distributor-chewing-p-37838.html" "Mozilla/5.0 (Macintosh; Intel Mac OS X 10_15_6) AppleWebKit/605.1.15 (KHTML, like Gecko) Version/15.6.1 Safari/605.1.15"
81.247.181.169 - - [22/Sep/2022:20:57:10 +0200] "GET /templates/Pixame_v1/images/icon_accueil2.png HTTP/1.0" 200 278 "http://www.wonder-geek.com/distributor-chewing-p-37838.html" "Mozilla/5.0 (Macintosh; Intel Mac OS X 10_15_6) AppleWebKit/605.1.15 (KHTML, like Gecko) Version/15.6.1 Safari/605.1.15"
81.247.181.169 - - [22/Sep/2022:20:57:10 +0200] "GET /templates/Pixame_v1/images/infobox/pixel_trans.gif HTTP/1.0" 200 328 "http://www.wonder-geek.com/distributor-chewing-p-37838.html" "Mozilla/5.0 (Macintosh; Intel Mac OS X 10_15_6) AppleWebKit/605.1.15 (KHTML, like Gecko) Version/15.6.1 Safari/605.1.15"
81.247.181.169 - - [22/Sep/2022:20:57:10 +0200] "GET /images/pixel_trans.gif HTTP/1.0" 200 328 "http://www.wonder-geek.com/distributor-chewing-p-37838.html" "Mozilla/5.0 (Macintosh; Intel Mac OS X 10_15_6) AppleWebKit/605.1.15 (KHTML, like Gecko) Version/15.6.1 Safari/605.1.15"
81.247.181.169 - - [22/Sep/2022:20:57:10 +0200] "GET /templates/Pixame_v1/images/pixel_trans.gif HTTP/1.0" 200 328 "http://www.wonder-geek.com/distributor-chewing-p-37838.html" "Mozilla/5.0 (Macintosh; Intel Mac OS X 10_15_6) AppleWebKit/605.1.15 (KHTML, like Gecko) Version/15.6.1 Safari/605.1.15"
81.247.181.169 - - [22/Sep/2022:20:57:10 +0200] "GET /images/big_prod/3660173072234.jpg HTTP/1.0" 200 268 "http://www.wonder-geek.com/distributor-chewing-p-37838.html" "Mozilla/5.0 (Macintosh; Intel Mac OS X 10_15_6) AppleWebKit/605.1.15 (KHTML, like Gecko) Version/15.6.1 Safari/605.1.15"
81.247.181.169 - - [22/Sep/2022:20:57:10 +0200] "GET /templates/Pixame_v1/images/buttons/english/button_in_cart.gif HTTP/1.0" 200 295 "http://www.wonder-geek.com/distributor-chewing-p-37838.html" "Mozilla/5.0 (Macintosh; Intel Mac OS X 10_15_6) AppleWebKit/605.1.15 (KHTML, like Gecko) Version/15.6.1 Safari/605.1.15"
81.247.181.169 - - [22/Sep/2022:20:57:10 +0200] "GET /templates/Pixame_v1/images/Bottom_texture.jpg HTTP/1.0" 200 280 "http://www.wonder-geek.com/distributor-chewing-p-37838.html" "Mozilla/5.0 (Macintosh; Intel Mac OS X 10_15_6) AppleWebKit/605.1.15 (KHTML, like Gecko) Version/15.6.1 Safari/605.1.15"
81.247.181.169 - - [22/Sep/2022:20:57:10 +0200] "GET /templates/Pixame_v1/images/header-object.png HTTP/1.0" 200 278 "http://www.wonder-geek.com/distributor-chewing-p-37838.html" "Mozilla/5.0 (Macintosh; Intel Mac OS X 10_15_6) AppleWebKit/605.1.15 (KHTML, like Gecko) Version/15.6.1 Safari/605.1.15"
81.247.181.169 - - [22/Sep/2022:20:57:10 +0200] "GET /templates/Pixame_v1/images/Middle_texture.jpg HTTP/1.0" 200 280 "http://www.wonder-geek.com/distributor-chewing-p-37838.html" "Mozilla/5.0 (Macintosh; Intel Mac OS X 10_15_6) AppleWebKit/605.1.15 (KHTML, like Gecko) Version/15.6.1 Safari/605.1.15"
81.247.181.169 - - [22/Sep/2022:20:57:10 +0200] "GET /templates/Pixame_v1/images/infobox/infobox_footer_middle.gif HTTP/1.0" 200 357 "http://www.wonder-geek.com/distributor-chewing-p-37838.html" "Mozilla/5.0 (Macintosh; Intel Mac OS X 10_15_6) AppleWebKit/605.1.15 (KHTML, like Gecko) Version/15.6.1 Safari/605.1.15"
81.247.181.169 - - [22/Sep/2022:20:57:10 +0200] "GET /templates/Pixame_v1/images/header.png HTTP/1.0" 200 271 "http://www.wonder-geek.com/distributor-chewing-p-37838.html" "Mozilla/5.0 (Macintosh; Intel Mac OS X 10_15_6) AppleWebKit/605.1.15 (KHTML, like Gecko) Version/15.6.1 Safari/605.1.15"
81.247.181.169 - - [22/Sep/2022:20:57:10 +0200] "GET /templates/Pixame_v1/images/nav.png HTTP/1.0" 200 268 "http://www.wonder-geek.com/distributor-chewing-p-37838.html" "Mozilla/5.0 (Macintosh; Intel Mac OS X 10_15_6) AppleWebKit/605.1.15 (KHTML, like Gecko) Version/15.6.1 Safari/605.1.15"
81.247.181.169 - - [22/Sep/2022:20:57:10 +0200] "GET /design/productsenstock.png HTTP/1.0" 200 260 "http://www.wonder-geek.com/distributor-chewing-p-37838.html" "Mozilla/5.0 (Macintosh; Intel Mac OS X 10_15_6) AppleWebKit/605.1.15 (KHTML, like Gecko) Version/15.6.1 Safari/605.1.15"
81.247.181.169 - - [22/Sep/2022:20:57:10 +0200] "GET /highslide/graphics/zoomin.cur HTTP/1.0" 200 614 "http://www.wonder-geek.com/distributor-chewing-p-37838.html" "Mozilla/5.0 (Macintosh; Intel Mac OS X 10_15_6) AppleWebKit/605.1.15 (KHTML, like Gecko) Version/15.6.1 Safari/605.1.15"
81.247.181.169 - - [22/Sep/2022:20:57:10 +0200] "GET /highslide/graphics/outlines/drop-shadow.png HTTP/1.0" 200 277 "http://www.wonder-geek.com/distributor-chewing-p-37838.html" "Mozilla/5.0 (Macintosh; Intel Mac OS X 10_15_6) AppleWebKit/605.1.15 (KHTML, like Gecko) Version/15.6.1 Safari/605.1.15"
81.247.181.169 - - [22/Sep/2022:20:57:10 +0200] "GET /highslide/graphics/zoomout.cur HTTP/1.0" 200 614 "http://www.wonder-geek.com/distributor-chewing-p-37838.html" "Mozilla/5.0 (Macintosh; Intel Mac OS X 10_15_6) AppleWebKit/605.1.15 (KHTML, like Gecko) Version/15.6.1 Safari/605.1.15"
81.247.181.169 - - [22/Sep/2022:20:57:10 +0200] "GET /highslide/graphics/loader.white.gif HTTP/1.0" 200 960 "http://www.wonder-geek.com/distributor-chewing-p-37838.html" "Mozilla/5.0 (Macintosh; Intel Mac OS X 10_15_6) AppleWebKit/605.1.15 (KHTML, like Gecko) Version/15.6.1 Safari/605.1.15"
81.247.181.169 - - [22/Sep/2022:20:57:10 +0200] "GET /favicon.ico HTTP/1.0" 200 260 "http://www.wonder-geek.com/distributor-chewing-p-37838.html" "Mozilla/5.0 (Macintosh; Intel Mac OS X 10_15_6) AppleWebKit/605.1.15 (KHTML, like Gecko) Version/15.6.1 Safari/605.1.15"
66.249.66.8 - - [22/Sep/2022:20:57:15 +0200] "GET /images/big_prod_1/b045544846769.jpg HTTP/1.0" 200 270 "-" "Mozilla/5.0 (compatible; Googlebot/2.1; +http://www.google.com/bot.html)"
185.191.171.8 - - [22/Sep/2022:20:58:05 +0200] "GET /angry-birds-stickers-stationery-p-22218.html HTTP/1.0" 200 75006 "-" "Mozilla/5.0 (compatible; SemrushBot/7~bl; +http://www.semrush.com/bot.html)"
216.244.66.242 - - [22/Sep/2022:20:58:09 +0200] "GET /cherry-grey-espresso-p-35147.html HTTP/1.0" 200 74709 "-" "Mozilla/5.0 (compatible; DotBot/1.2; +https://opensiteexplorer.org/dotbot; help@moz.com)"
66.249.66.56 - - [22/Sep/2022:20:58:26 +0200] "GET /gund-mini-plush-beige-p-51581.html HTTP/1.0" 200 74876 "-" "Mozilla/5.0 (Linux; Android 6.0.1; Nexus 5X Build/MMB29P) AppleWebKit/537.36 (KHTML, like Gecko) Chrome/105.0.5195.125 Mobile Safari/537.36 (compatible; Googlebot/2.1; +http://www.google.com/bot.html)"
51.68.224.127 - - [22/Sep/2022:20:58:45 +0200] "GET /adminweb/export_orders_xml.php?token=256de2z6edz6ed2z6DFSFsed2zed6zeDSFDSGdzedezfzf&maxorders=10&orderstart=1&status=14&start_date=2018-10-01 HTTP/1.0" 200 285 "-" "GesCom CharlotteBoutik Serveur"
51.68.224.127 - - [22/Sep/2022:20:58:45 +0200] "GET /adminweb/export_orders_xml.php?token=256de2z6edz6ed2z6DFSFsed2zed6zeDSFDSGdzedezfzf&maxorders=10&orderstart=1&status=6&start_date=2018-10-01 HTTP/1.0" 200 33985 "-" "GesCom CharlotteBoutik Serveur"
87.250.224.94 - - [22/Sep/2022:20:59:11 +0200] "GET /snow-and-glitter-ball-c-13_259.html HTTP/1.0" 301 92507 "-" "Mozilla/5.0 (compatible; YandexBot/3.0; +http://yandex.com/bots)"
87.250.224.94 - - [22/Sep/2022:20:59:15 +0200] "GET /snow-glitter-ball-c-259.html HTTP/1.0" 301 92384 "-" "Mozilla/5.0 (compatible; YandexBot/3.0; +http://yandex.com/bots)"
66.249.66.8 - - [22/Sep/2022:20:59:28 +0200] "GET /bookend-monkeys-p-54178.html HTTP/1.0" 200 75238 "-" "Mozilla/5.0 (compatible; Googlebot/2.1; +http://www.google.com/bot.html)"
87.250.224.177 - - [22/Sep/2022:20:59:28 +0200] "GET /snow-glitter-ball-c-13_259.html HTTP/1.0" 200 92425 "-" "Mozilla/5.0 (compatible; YandexBot/3.0; +http://yandex.com/bots)"
66.249.66.144 - - [22/Sep/2022:20:59:29 +0200] "GET /small-postcard-plate-with-envelope-15-105-cm-p-40131.html HTTP/1.0" 301 75038 "-" "Mozilla/5.0 (Linux; Android 6.0.1; Nexus 5X Build/MMB29P) AppleWebKit/537.36 (KHTML, like Gecko) Chrome/105.0.5195.125 Mobile Safari/537.36 (compatible; Googlebot/2.1; +http://www.google.com/bot.html)"
66.249.66.212 - - [22/Sep/2022:20:59:32 +0200] "GET /barbabelle-beauty-p-15961.html HTTP/1.0" 200 72126 "-" "Mozilla/5.0 (Linux; Android 6.0.1; Nexus 5X Build/MMB29P) AppleWebKit/537.36 (KHTML, like Gecko) Chrome/105.0.5195.125 Mobile Safari/537.36 (compatible; Googlebot/2.1; +http://www.google.com/bot.html)"
66.249.66.144 - - [22/Sep/2022:20:59:33 +0200] "GET /small-postcard-plate-with-envelope-p-40131.html HTTP/1.0" 200 74937 "-" "Mozilla/5.0 (Linux; Android 6.0.1; Nexus 5X Build/MMB29P) AppleWebKit/537.36 (KHTML, like Gecko) Chrome/105.0.5195.125 Mobile Safari/537.36 (compatible; Googlebot/2.1; +http://www.google.com/bot.html)"
5.255.253.108 - - [22/Sep/2022:20:59:33 +0200] "GET /snow-glitter-ball-c-259.html HTTP/1.0" 301 92384 "-" "Mozilla/5.0 (compatible; YandexBot/3.0; +http://yandex.com/bots)"
66.249.66.68 - - [22/Sep/2022:20:59:35 +0200] "GET /corsica-metal-plate-deco-p-54611.html HTTP/1.0" 200 74699 "-" "Mozilla/5.0 (Linux; Android 6.0.1; Nexus 5X Build/MMB29P) AppleWebKit/537.36 (KHTML, like Gecko) Chrome/105.0.5195.125 Mobile Safari/537.36 (compatible; Googlebot/2.1; +http://www.google.com/bot.html)"
66.249.66.144 - - [22/Sep/2022:20:59:36 +0200] "GET /mickey-birthday-card-with-envelope-p-25252.html HTTP/1.0" 200 74758 "-" "Mozilla/5.0 (Linux; Android 6.0.1; Nexus 5X Build/MMB29P) AppleWebKit/537.36 (KHTML, like Gecko) Chrome/105.0.5195.125 Mobile Safari/537.36 (compatible; Googlebot/2.1; +http://www.google.com/bot.html)"
87.250.224.94 - - [22/Sep/2022:20:59:36 +0200] "GET /snow-glitter-ball-c-13_259.html HTTP/1.0" 200 92425 "-" "Mozilla/5.0 (compatible; YandexBot/3.0; +http://yandex.com/bots)"
216.244.66.242 - - [22/Sep/2022:20:59:38 +0200] "GET /images/3565750123142.jpg HTTP/1.0" 200 259 "-" "Mozilla/5.0 (compatible; DotBot/1.2; +https://opensiteexplorer.org/dotbot; help@moz.com)"
66.249.66.210 - - [22/Sep/2022:20:59:39 +0200] "GET /mondial_relay/js/jquery-1.3.2.min.js HTTP/1.0" 200 276 "http://www.wonder-geek.com/bookend-monkeys-p-54178.html" "Mozilla/5.0 AppleWebKit/537.36 (KHTML, like Gecko; compatible; Googlebot/2.1; +http://www.google.com/bot.html) Chrome/105.0.5195.102 Safari/537.36"
66.249.66.210 - - [22/Sep/2022:20:59:39 +0200] "GET /js/jquery.jqzoom.js HTTP/1.0" 200 259 "http://www.wonder-geek.com/bookend-monkeys-p-54178.html" "Mozilla/5.0 AppleWebKit/537.36 (KHTML, like Gecko; compatible; Googlebot/2.1; +http://www.google.com/bot.html) Chrome/105.0.5195.102 Safari/537.36"
66.249.66.56 - - [22/Sep/2022:20:59:43 +0200] "GET /images/big_prod/5400924053291.jpg HTTP/1.0" 200 268 "-" "Googlebot-Image/1.0"
185.191.171.11 - - [22/Sep/2022:20:59:57 +0200] "GET /glasses-drinking-c-12_62.html?page=5 HTTP/1.0" 200 82246 "-" "Mozilla/5.0 (compatible; SemrushBot/7~bl; +http://www.semrush.com/bot.html)"
157.55.39.28 - - [22/Sep/2022:21:00:10 +0200] "GET /images/med_prod/8719033260641.jpg HTTP/1.0" 200 268 "-" "Mozilla/5.0 (compatible; bingbot/2.0; +http://www.bing.com/bingbot.htm)"
66.249.66.6 - - [22/Sep/2022:21:00:11 +0200] "GET /js/jquery.jqzoom.js HTTP/1.0" 200 259 "http://www.wonder-geek.com/mickey-birthday-card-with-envelope-p-25252.html" "Mozilla/5.0 (Linux; Android 6.0.1; Nexus 5X Build/MMB29P) AppleWebKit/537.36 (KHTML, like Gecko) Chrome/105.0.5195.102 Mobile Safari/537.36 (compatible; Googlebot/2.1; +http://www.google.com/bot.html)"
