216.244.66.242 - - [22/Sep/2022:16:32:27 +0200] "GET /gorjuss-tall-tails-manicure-set-p-46951.html HTTP/1.0" 301 75939 "-" "Mozilla/5.0 (compatible; DotBot/1.2; +https://opensiteexplorer.org/dotbot; help@moz.com)"
157.90.177.217 - - [22/Sep/2022:16:32:29 +0200] "GET /table-bell-apro-p-58021.html HTTP/1.0" 200 75353 "-" "Mozilla/5.0 (compatible; BLEXBot/1.0; +http://webmeup-crawler.com/)"
114.119.137.43 - - [22/Sep/2022:16:32:31 +0200] "GET /home-decoration-c-13.html?page=244 HTTP/1.0" 200 93451 "http://www.wonder-geek.com/home-and-decoration-c-13.html?page=248" "Mozilla/5.0 (Linux; Android 7.0;) AppleWebKit/537.36 (KHTML, like Gecko) Mobile Safari/537.36 (compatible; PetalBot;+https://webmaster.petalsearch.com/site/petalbot)"
216.244.66.242 - - [22/Sep/2022:16:32:33 +0200] "GET /jacquard-cozy-curtain-135-260-cm-p-50738.html HTTP/1.0" 301 72252 "-" "Mozilla/5.0 (compatible; DotBot/1.2; +https://opensiteexplorer.org/dotbot; help@moz.com)"
157.90.177.217 - - [22/Sep/2022:16:32:36 +0200] "GET /table-bell-besoin-calin-p-58022.html HTTP/1.0" 200 75326 "-" "Mozilla/5.0 (compatible; BLEXBot/1.0; +http://webmeup-crawler.com/)"
216.244.66.242 - - [22/Sep/2022:16:32:39 +0200] "GET /la-coq-sportif-black-backpack-p-35853.html HTTP/1.0" 301 72127 "-" "Mozilla/5.0 (compatible; DotBot/1.2; +https://opensiteexplorer.org/dotbot; help@moz.com)"
157.90.177.217 - - [22/Sep/2022:16:32:43 +0200] "GET /table-bell-bisous-p-58132.html HTTP/1.0" 200 75207 "-" "Mozilla/5.0 (compatible; BLEXBot/1.0; +http://webmeup-crawler.com/)"
216.244.66.242 - - [22/Sep/2022:16:32:46 +0200] "GET /large-jar-candle-70-hours-snow-angel-p-38115.html HTTP/1.0" 301 72319 "-" "Mozilla/5.0 (compatible; DotBot/1.2; +https://opensiteexplorer.org/dotbot; help@moz.com)"
157.90.177.217 - - [22/Sep/2022:16:32:48 +0200] "GET /table-bell-calin-p-58128.html HTTP/1.0" 200 75200 "-" "Mozilla/5.0 (compatible; BLEXBot/1.0; +http://webmeup-crawler.com/)"
216.244.66.242 - - [22/Sep/2022:16:32:51 +0200] "GET /lego-cones-blue-storage-box-p-32574.html HTTP/1.0" 301 72127 "-" "Mozilla/5.0 (compatible; DotBot/1.2; +https://opensiteexplorer.org/dotbot; help@moz.com)"
157.90.177.217 - - [22/Sep/2022:16:32:53 +0200] "GET /table-bell-festin-familial-p-46456.html HTTP/1.0" 200 74727 "-" "Mozilla/5.0 (compatible; BLEXBot/1.0; +http://webmeup-crawler.com/)"
216.244.66.242 - - [22/Sep/2022:16:32:58 +0200] "GET /lotus-padmasana-yoga-statuette-p-50181.html HTTP/1.0" 301 72127 "-" "Mozilla/5.0 (compatible; DotBot/1.2; +https://opensiteexplorer.org/dotbot; help@moz.com)"
157.90.177.217 - - [22/Sep/2022:16:32:59 +0200] "GET /table-bell-p-55016.html HTTP/1.0" 200 74584 "-" "Mozilla/5.0 (compatible; BLEXBot/1.0; +http://webmeup-crawler.com/)"
216.244.66.242 - - [22/Sep/2022:16:33:04 +0200] "GET /mani-lucky-glasses-case-p-39907.html HTTP/1.0" 301 72127 "-" "Mozilla/5.0 (compatible; DotBot/1.2; +https://opensiteexplorer.org/dotbot; help@moz.com)"
157.90.177.217 - - [22/Sep/2022:16:33:06 +0200] "GET /table-bell-p-56827.html HTTP/1.0" 200 75165 "-" "Mozilla/5.0 (compatible; BLEXBot/1.0; +http://webmeup-crawler.com/)"
216.244.66.242 - - [22/Sep/2022:16:33:09 +0200] "GET /pin-up-pill-box-fashion-and-flavours-p-34378.html HTTP/1.0" 301 72127 "-" "Mozilla/5.0 (compatible; DotBot/1.2; +https://opensiteexplorer.org/dotbot; help@moz.com)"
185.191.171.12 - - [22/Sep/2022:16:33:09 +0200] "GET /route-large-motor-mirror-p-13925.html HTTP/1.0" 200 74668 "-" "Mozilla/5.0 (compatible; SemrushBot/7~bl; +http://www.semrush.com/bot.html)"
157.90.177.217 - - [22/Sep/2022:16:33:12 +0200] "GET /table-bell-pause-p-46457.html HTTP/1.0" 200 74674 "-" "Mozilla/5.0 (compatible; BLEXBot/1.0; +http://webmeup-crawler.com/)"
157.90.177.217 - - [22/Sep/2022:16:33:18 +0200] "GET /table-bell-pour-bire-sonnez-p-58130.html HTTP/1.0" 200 75302 "-" "Mozilla/5.0 (compatible; BLEXBot/1.0; +http://webmeup-crawler.com/)"
216.244.66.242 - - [22/Sep/2022:16:33:18 +0200] "GET /rolling-stones-zippo-lighter-p-29788.html HTTP/1.0" 301 72127 "-" "Mozilla/5.0 (compatible; DotBot/1.2; +https://opensiteexplorer.org/dotbot; help@moz.com)"
157.90.177.217 - - [22/Sep/2022:16:33:24 +0200] "GET /table-bell-table-p-58131.html HTTP/1.0" 200 75210 "-" "Mozilla/5.0 (compatible; BLEXBot/1.0; +http://webmeup-crawler.com/)"
216.244.66.242 - - [22/Sep/2022:16:33:27 +0200] "GET /star-wars-large-backpack-p-30760.html HTTP/1.0" 200 72171 "-" "Mozilla/5.0 (compatible; DotBot/1.2; +https://opensiteexplorer.org/dotbot; help@moz.com)"
157.90.177.217 - - [22/Sep/2022:16:33:30 +0200] "GET /table-lamp-metal-gold-color-p-58736.html HTTP/1.0" 200 75657 "-" "Mozilla/5.0 (compatible; BLEXBot/1.0; +http://webmeup-crawler.com/)"
66.249.66.56 - - [22/Sep/2022:16:33:32 +0200] "GET /images/mini_prod/MISES-EN-SITUATION-17.jpg HTTP/1.0" 200 277 "-" "Mozilla/5.0 (compatible; Googlebot/2.1; +http://www.google.com/bot.html)"
216.244.66.242 - - [22/Sep/2022:16:33:35 +0200] "GET /baked-goods-since-1923-wooden-wall-decoration-to-hang-p-35922.html HTTP/1.0" 301 72127 "-" "Mozilla/5.0 (compatible; DotBot/1.2; +https://opensiteexplorer.org/dotbot; help@moz.com)"
157.90.177.217 - - [22/Sep/2022:16:33:35 +0200] "GET /table-lamps-c-86_286.html?page=10 HTTP/1.0" 200 94988 "-" "Mozilla/5.0 (compatible; BLEXBot/1.0; +http://webmeup-crawler.com/)"
216.244.66.242 - - [22/Sep/2022:16:33:41 +0200] "GET /cotton-floor-cushion-red-45-cm-verone-p-39209.html HTTP/1.0" 301 72127 "-" "Mozilla/5.0 (compatible; DotBot/1.2; +https://opensiteexplorer.org/dotbot; help@moz.com)"
157.90.177.217 - - [22/Sep/2022:16:33:43 +0200] "GET /table-lamps-c-86_286.html?page=11 HTTP/1.0" 200 92940 "-" "Mozilla/5.0 (compatible; BLEXBot/1.0; +http://webmeup-crawler.com/)"
216.244.66.242 - - [22/Sep/2022:16:33:46 +0200] "GET /embroidered-rectangular-tablecloth-kolam-140-240-cm-p-44468.html HTTP/1.0" 301 72343 "-" "Mozilla/5.0 (compatible; DotBot/1.2; +https://opensiteexplorer.org/dotbot; help@moz.com)"
157.90.177.217 - - [22/Sep/2022:16:33:49 +0200] "GET /table-lamps-c-86_286.html?page=2 HTTP/1.0" 200 94474 "-" "Mozilla/5.0 (compatible; BLEXBot/1.0; +http://webmeup-crawler.com/)"
216.244.66.242 - - [22/Sep/2022:16:33:51 +0200] "GET /gorjuss-fold-out-zip-wallet-pastel-print-toadstools-p-34749.html HTTP/1.0" 301 75724 "-" "Mozilla/5.0 (compatible; DotBot/1.2; +https://opensiteexplorer.org/dotbot; help@moz.com)"
157.90.177.217 - - [22/Sep/2022:16:33:55 +0200] "GET /table-lamps-c-86_286.html?page=3 HTTP/1.0" 200 94641 "-" "Mozilla/5.0 (compatible; BLEXBot/1.0; +http://webmeup-crawler.com/)"
216.244.66.242 - - [22/Sep/2022:16:33:57 +0200] "GET /small-box-for-baby-teeth-grey-hedgehog-p-36687.html HTTP/1.0" 301 72328 "-" "Mozilla/5.0 (compatible; DotBot/1.2; +https://opensiteexplorer.org/dotbot; help@moz.com)"
157.90.177.217 - - [22/Sep/2022:16:34:02 +0200] "GET /table-lamps-c-86_286.html?page=4 HTTP/1.0" 200 95114 "-" "Mozilla/5.0 (compatible; BLEXBot/1.0; +http://webmeup-crawler.com/)"
216.244.66.242 - - [22/Sep/2022:16:34:04 +0200] "GET /the-little-prince-toddler-flatware-set-p-30325.html HTTP/1.0" 301 72283 "-" "Mozilla/5.0 (compatible; DotBot/1.2; +https://opensiteexplorer.org/dotbot; help@moz.com)"
157.90.177.217 - - [22/Sep/2022:16:34:08 +0200] "GET /table-lamps-c-86_286.html?page=5 HTTP/1.0" 200 95091 "-" "Mozilla/5.0 (compatible; BLEXBot/1.0; +http://webmeup-crawler.com/)"
34.198.236.55 - - [22/Sep/2022:16:34:12 +0200] "GET /images/mini_prod/8422014433100.jpg HTTP/1.0" 200 269 "-" "Mozilla/5.0 (X11; Ubuntu; Linux x86_64; rv:72.0) Gecko/20100101 Firefox/72.0"
216.244.66.242 - - [22/Sep/2022:16:34:12 +0200] "GET /votive-candle-15-hours-christmas-tree-p-38126.html HTTP/1.0" 301 72337 "-" "Mozilla/5.0 (compatible; DotBot/1.2; +https://opensiteexplorer.org/dotbot; help@moz.com)"
157.90.177.217 - - [22/Sep/2022:16:34:12 +0200] "GET /table-lamps-c-86_286.html?page=6 HTTP/1.0" 200 95072 "-" "Mozilla/5.0 (compatible; BLEXBot/1.0; +http://webmeup-crawler.com/)"
114.119.137.43 - - [22/Sep/2022:16:34:15 +0200] "GET /dark-blue-vase-p-56583.html HTTP/1.0" 200 75430 "http://www.wonder-geek.com/vase-soliflore-c-13_232.html?page=3" "Mozilla/5.0 (Linux; Android 7.0;) AppleWebKit/537.36 (KHTML, like Gecko) Mobile Safari/537.36 (compatible; PetalBot;+https://webmaster.petalsearch.com/site/petalbot)"
185.191.171.33 - - [22/Sep/2022:16:34:18 +0200] "GET /figurines-statuettes-statues-decoration-collection-c-292.html?page=19 HTTP/1.0" 200 96521 "-" "Mozilla/5.0 (compatible; SemrushBot/7~bl; +http://www.semrush.com/bot.html)"
216.244.66.242 - - [22/Sep/2022:16:34:19 +0200] "GET /weight-of-tablecloth-cicada-in-pack-of-p-48624.html HTTP/1.0" 301 72127 "-" "Mozilla/5.0 (compatible; DotBot/1.2; +https://opensiteexplorer.org/dotbot; help@moz.com)"
157.90.177.217 - - [22/Sep/2022:16:34:19 +0200] "GET /table-lamps-c-86_286.html?page=7 HTTP/1.0" 200 95091 "-" "Mozilla/5.0 (compatible; BLEXBot/1.0; +http://webmeup-crawler.com/)"
66.249.66.68 - - [22/Sep/2022:16:34:23 +0200] "GET /images/big_prod_2/8421693148497.jpg HTTP/1.0" 200 270 "-" "Googlebot-Image/1.0"
157.90.177.217 - - [22/Sep/2022:16:34:27 +0200] "GET /table-lamps-c-86_286.html?page=8 HTTP/1.0" 200 94984 "-" "Mozilla/5.0 (compatible; BLEXBot/1.0; +http://webmeup-crawler.com/)"
157.90.177.217 - - [22/Sep/2022:16:34:33 +0200] "GET /table-lamps-c-86_286.html?page=9 HTTP/1.0" 200 94546 "-" "Mozilla/5.0 (compatible; BLEXBot/1.0; +http://webmeup-crawler.com/)"
157.90.177.217 - - [22/Sep/2022:16:34:37 +0200] "GET /tablecloths-c-11_176.html?page=2 HTTP/1.0" 200 92532 "-" "Mozilla/5.0 (compatible; BLEXBot/1.0; +http://webmeup-crawler.com/)"
157.90.177.217 - - [22/Sep/2022:16:34:43 +0200] "GET /tablecloths-c-11_176.html?page=3 HTTP/1.0" 200 83385 "-" "Mozilla/5.0 (compatible; BLEXBot/1.0; +http://webmeup-crawler.com/)"
157.90.177.217 - - [22/Sep/2022:16:34:48 +0200] "GET /tables-c-13_206.html?page=2 HTTP/1.0" 200 78816 "-" "Mozilla/5.0 (compatible; BLEXBot/1.0; +http://webmeup-crawler.com/)"
185.191.171.5 - - [22/Sep/2022:16:34:50 +0200] "GET /bamboo-fiber-plant-cover-p-57462.html HTTP/1.0" 200 75333 "-" "Mozilla/5.0 (compatible; SemrushBot/7~bl; +http://www.semrush.com/bot.html)"
157.90.177.217 - - [22/Sep/2022:16:34:54 +0200] "GET /tablet-cover-p-25016.html HTTP/1.0" 200 74838 "-" "Mozilla/5.0 (compatible; BLEXBot/1.0; +http://webmeup-crawler.com/)"
157.90.177.217 - - [22/Sep/2022:16:34:58 +0200] "GET /taipei-bedclothes-p-51522.html HTTP/1.0" 200 74817 "-" "Mozilla/5.0 (compatible; BLEXBot/1.0; +http://webmeup-crawler.com/)"
185.191.171.37 - - [22/Sep/2022:16:35:00 +0200] "GET /marvel-avengers-civil-backpack-p-35550.html HTTP/1.0" 200 75001 "-" "Mozilla/5.0 (compatible; SemrushBot/7~bl; +http://www.semrush.com/bot.html)"
157.90.177.217 - - [22/Sep/2022:16:35:04 +0200] "GET /taipei-ottoman-storage-nesting-p-55673.html HTTP/1.0" 200 76428 "-" "Mozilla/5.0 (compatible; BLEXBot/1.0; +http://webmeup-crawler.com/)"
157.90.177.217 - - [22/Sep/2022:16:35:10 +0200] "GET /taipei-ottoman-storage-nesting-p-55831.html HTTP/1.0" 200 75537 "-" "Mozilla/5.0 (compatible; BLEXBot/1.0; +http://webmeup-crawler.com/)"
185.191.171.44 - - [22/Sep/2022:16:35:15 +0200] "GET /large-storage-white-silver-p-52920.html HTTP/1.0" 200 72170 "-" "Mozilla/5.0 (compatible; SemrushBot/7~bl; +http://www.semrush.com/bot.html)"
157.90.177.217 - - [22/Sep/2022:16:35:15 +0200] "GET /take-cake-chrie-party-p-48105.html HTTP/1.0" 200 75370 "-" "Mozilla/5.0 (compatible; BLEXBot/1.0; +http://webmeup-crawler.com/)"
156.59.237.152 - - [22/Sep/2022:16:35:18 +0200] "GET /images/mini_prod/8422088054812.jpg HTTP/1.0" 200 269 "-" "Mozilla/5.0 (X11; Ubuntu; Linux x86_64; rv:72.0) Gecko/20100101 Firefox/72.0"
157.90.177.217 - - [22/Sep/2022:16:35:23 +0200] "GET /take-cake-irma-p-48106.html HTTP/1.0" 200 75522 "-" "Mozilla/5.0 (compatible; BLEXBot/1.0; +http://webmeup-crawler.com/)"
157.90.177.217 - - [22/Sep/2022:16:35:29 +0200] "GET /take-cake-made-cuisine-p-48104.html HTTP/1.0" 200 75413 "-" "Mozilla/5.0 (compatible; BLEXBot/1.0; +http://webmeup-crawler.com/)"
66.249.66.72 - - [22/Sep/2022:16:35:32 +0200] "GET /images/mini_prod/8424345495765.jpg HTTP/1.0" 200 269 "-" "Googlebot-Image/1.0"
207.46.13.149 - - [22/Sep/2022:16:35:34 +0200] "GET /us-eagle-adult-cap-by-cbkreation-p-36537.html HTTP/1.0" 301 72127 "-" "Mozilla/5.0 (compatible; bingbot/2.0; +http://www.bing.com/bingbot.htm)"
157.90.177.217 - - [22/Sep/2022:16:35:35 +0200] "GET /tapas-pitcher-sangria-p-37402.html HTTP/1.0" 200 74814 "-" "Mozilla/5.0 (compatible; BLEXBot/1.0; +http://webmeup-crawler.com/)"
157.90.177.217 - - [22/Sep/2022:16:35:40 +0200] "GET /tasting-pieces-p-45736.html HTTP/1.0" 200 74711 "-" "Mozilla/5.0 (compatible; BLEXBot/1.0; +http://webmeup-crawler.com/)"
114.119.137.31 - - [22/Sep/2022:16:35:44 +0200] "GET /coca-cola-beauty-bag-p-49159.html HTTP/1.0" 301 72127 "http://www.wonder-geek.com/cosmetic-bags-and-flat-purse-c-31_239.html?page=3" "Mozilla/5.0 (Linux; Android 7.0;) AppleWebKit/537.36 (KHTML, like Gecko) Mobile Safari/537.36 (compatible; PetalBot;+https://webmaster.petalsearch.com/site/petalbot)"
157.90.177.217 - - [22/Sep/2022:16:35:46 +0200] "GET /taupe-metal-umbrella-stand-p-57883.html HTTP/1.0" 200 75368 "-" "Mozilla/5.0 (compatible; BLEXBot/1.0; +http://webmeup-crawler.com/)"
114.119.137.31 - - [22/Sep/2022:16:35:46 +0200] "GET /-p-49159.html HTTP/1.0" 200 72060 "http://www.wonder-geek.com/cosmetic-bags-and-flat-purse-c-31_239.html?page=3" "Mozilla/5.0 (Linux; Android 7.0;) AppleWebKit/537.36 (KHTML, like Gecko) Mobile Safari/537.36 (compatible; PetalBot;+https://webmaster.petalsearch.com/site/petalbot)"
157.90.177.217 - - [22/Sep/2022:16:35:53 +0200] "GET /taxi-shower-curtain-p-34866.html HTTP/1.0" 200 74801 "-" "Mozilla/5.0 (compatible; BLEXBot/1.0; +http://webmeup-crawler.com/)"
157.90.177.217 - - [22/Sep/2022:16:35:59 +0200] "GET /tea-pot-c-12_175.html?page=10 HTTP/1.0" 200 85435 "-" "Mozilla/5.0 (compatible; BLEXBot/1.0; +http://webmeup-crawler.com/)"
157.90.177.217 - - [22/Sep/2022:16:36:05 +0200] "GET /tea-pot-c-12_175.html?page=2 HTTP/1.0" 200 95069 "-" "Mozilla/5.0 (compatible; BLEXBot/1.0; +http://webmeup-crawler.com/)"
157.90.177.217 - - [22/Sep/2022:16:36:13 +0200] "GET /tea-pot-c-12_175.html?page=3 HTTP/1.0" 200 94860 "-" "Mozilla/5.0 (compatible; BLEXBot/1.0; +http://webmeup-crawler.com/)"
207.46.13.149 - - [22/Sep/2022:16:36:15 +0200] "GET /-p-35201.html HTTP/1.0" 200 72060 "-" "Mozilla/5.0 (compatible; bingbot/2.0; +http://www.bing.com/bingbot.htm)"
66.249.66.58 - - [22/Sep/2022:16:36:13 +0200] "GET /small-boxes-and-pill-c-13_150_154.html?page=3 HTTP/1.0" 301 90426 "-" "Mozilla/5.0 (compatible; Googlebot/2.1; +http://www.google.com/bot.html)"
66.249.66.60 - - [22/Sep/2022:16:36:16 +0200] "GET /small-boxes-pill-c-154.html?page=3 HTTP/1.0" 301 90180 "-" "Mozilla/5.0 (compatible; Googlebot/2.1; +http://www.google.com/bot.html)"
66.249.66.58 - - [22/Sep/2022:16:36:18 +0200] "GET /small-boxes-pill-c-13_150_154.html?page=3 HTTP/1.0" 200 90338 "-" "Mozilla/5.0 (compatible; Googlebot/2.1; +http://www.google.com/bot.html)"
66.249.66.210 - - [22/Sep/2022:16:36:20 +0200] "GET /images/mini_prod/3565750263749.jpg HTTP/1.0" 200 269 "-" "Mozilla/5.0 (compatible; Googlebot/2.1; +http://www.google.com/bot.html)"
66.249.66.210 - - [22/Sep/2022:16:36:22 +0200] "GET /images/mini_prod/9316188068239.jpg HTTP/1.0" 200 269 "-" "Mozilla/5.0 (compatible; Googlebot/2.1; +http://www.google.com/bot.html)"
157.90.177.217 - - [22/Sep/2022:16:36:21 +0200] "GET /tea-pot-c-12_175.html?page=4 HTTP/1.0" 200 95304 "-" "Mozilla/5.0 (compatible; BLEXBot/1.0; +http://webmeup-crawler.com/)"
156.59.237.151 - - [22/Sep/2022:16:36:25 +0200] "GET /images/big_prod_1/4250255859151a.jpg HTTP/1.0" 200 271 "-" "Mozilla/5.0 (X11; Ubuntu; Linux x86_64; rv:72.0) Gecko/20100101 Firefox/72.0"
157.90.177.217 - - [22/Sep/2022:16:36:26 +0200] "GET /tea-pot-c-12_175.html?page=5 HTTP/1.0" 200 95292 "-" "Mozilla/5.0 (compatible; BLEXBot/1.0; +http://webmeup-crawler.com/)"
185.191.171.43 - - [22/Sep/2022:16:36:29 +0200] "GET /blue-glass-lamp-p-58732.html?action=add_product HTTP/1.0" 302 476 "-" "Mozilla/5.0 (compatible; SemrushBot/7~bl; +http://www.semrush.com/bot.html)"
157.90.177.217 - - [22/Sep/2022:16:36:34 +0200] "GET /tea-pot-c-12_175.html?page=6 HTTP/1.0" 200 95164 "-" "Mozilla/5.0 (compatible; BLEXBot/1.0; +http://webmeup-crawler.com/)"
185.191.171.17 - - [22/Sep/2022:16:36:38 +0200] "GET /household-linen-c-11.html?page=72 HTTP/1.0" 200 82947 "-" "Mozilla/5.0 (compatible; SemrushBot/7~bl; +http://www.semrush.com/bot.html)"
157.90.177.217 - - [22/Sep/2022:16:36:41 +0200] "GET /tea-pot-c-12_175.html?page=7 HTTP/1.0" 200 95404 "-" "Mozilla/5.0 (compatible; BLEXBot/1.0; +http://webmeup-crawler.com/)"
157.90.177.217 - - [22/Sep/2022:16:36:47 +0200] "GET /tea-pot-c-12_175.html?page=8 HTTP/1.0" 200 95122 "-" "Mozilla/5.0 (compatible; BLEXBot/1.0; +http://webmeup-crawler.com/)"
157.90.177.217 - - [22/Sep/2022:16:36:51 +0200] "GET /tea-pot-c-12_175.html?page=9 HTTP/1.0" 200 95035 "-" "Mozilla/5.0 (compatible; BLEXBot/1.0; +http://webmeup-crawler.com/)"
157.90.177.217 - - [22/Sep/2022:16:36:57 +0200] "GET /tealight-holders-candle-holders-c-231_230.html?page=2 HTTP/1.0" 200 94925 "-" "Mozilla/5.0 (compatible; BLEXBot/1.0; +http://webmeup-crawler.com/)"
157.90.177.217 - - [22/Sep/2022:16:37:07 +0200] "GET /tealight-holders-candle-holders-c-231_230.html?page=3 HTTP/1.0" 200 95210 "-" "Mozilla/5.0 (compatible; BLEXBot/1.0; +http://webmeup-crawler.com/)"
114.119.137.3 - - [22/Sep/2022:16:37:12 +0200] "GET /cheese-tray-excuse-my-french-p-45517.html HTTP/1.0" 301 72252 "http://www.wonder-geek.com/round-trays-c-12_159_263.html?page=3" "Mozilla/5.0 (Linux; Android 7.0;) AppleWebKit/537.36 (KHTML, like Gecko) Mobile Safari/537.36 (compatible; PetalBot;+https://webmaster.petalsearch.com/site/petalbot)"
157.90.177.217 - - [22/Sep/2022:16:37:13 +0200] "GET /tealight-holders-candle-holders-c-231_230.html?page=4 HTTP/1.0" 200 94568 "-" "Mozilla/5.0 (compatible; BLEXBot/1.0; +http://webmeup-crawler.com/)"
114.119.137.3 - - [22/Sep/2022:16:37:14 +0200] "GET /cheese-tray-excuse-french-p-45517.html HTTP/1.0" 200 72160 "http://www.wonder-geek.com/round-trays-c-12_159_263.html?page=3" "Mozilla/5.0 (Linux; Android 7.0;) AppleWebKit/537.36 (KHTML, like Gecko) Mobile Safari/537.36 (compatible; PetalBot;+https://webmaster.petalsearch.com/site/petalbot)"
185.191.171.16 - - [22/Sep/2022:16:37:17 +0200] "GET /game-balls-p-58182.html HTTP/1.0" 200 75300 "-" "Mozilla/5.0 (compatible; SemrushBot/7~bl; +http://www.semrush.com/bot.html)"
157.90.177.217 - - [22/Sep/2022:16:37:20 +0200] "GET /tealight-holders-candle-holders-c-231_230.html?page=5 HTTP/1.0" 200 94243 "-" "Mozilla/5.0 (compatible; BLEXBot/1.0; +http://webmeup-crawler.com/)"
157.90.177.217 - - [22/Sep/2022:16:37:26 +0200] "GET /tealight-holders-candle-holders-c-231_230.html?page=6 HTTP/1.0" 200 94397 "-" "Mozilla/5.0 (compatible; BLEXBot/1.0; +http://webmeup-crawler.com/)"
185.191.171.15 - - [22/Sep/2022:16:37:29 +0200] "GET /aime-azur-p-44538.html HTTP/1.0" 200 75328 "-" "Mozilla/5.0 (compatible; SemrushBot/7~bl; +http://www.semrush.com/bot.html)"
157.55.39.12 - - [22/Sep/2022:16:37:31 +0200] "GET /images/big_prod/8422011475257.jpg HTTP/1.0" 200 268 "-" "Mozilla/5.0 (compatible; bingbot/2.0; +http://www.bing.com/bingbot.htm)"
157.90.177.217 - - [22/Sep/2022:16:37:33 +0200] "GET /tealight-holders-candle-holders-c-231_230.html?page=7 HTTP/1.0" 200 90707 "-" "Mozilla/5.0 (compatible; BLEXBot/1.0; +http://webmeup-crawler.com/)"
157.90.177.217 - - [22/Sep/2022:16:37:38 +0200] "GET /teapot-graphic-variations-p-45331.html HTTP/1.0" 200 74677 "-" "Mozilla/5.0 (compatible; BLEXBot/1.0; +http://webmeup-crawler.com/)"
156.59.237.150 - - [22/Sep/2022:16:37:43 +0200] "GET /images/mini_prod/7601019995153.jpg HTTP/1.0" 200 269 "-" "Mozilla/5.0 (X11; Ubuntu; Linux x86_64; rv:72.0) Gecko/20100101 Firefox/72.0"
157.90.177.217 - - [22/Sep/2022:16:37:44 +0200] "GET /tequila-wooden-board-p-58416.html HTTP/1.0" 200 75866 "-" "Mozilla/5.0 (compatible; BLEXBot/1.0; +http://webmeup-crawler.com/)"
157.90.177.217 - - [22/Sep/2022:16:37:49 +0200] "GET /terracota-polyester-round-chair-cushion-p-50046.html HTTP/1.0" 200 75463 "-" "Mozilla/5.0 (compatible; BLEXBot/1.0; +http://webmeup-crawler.com/)"
157.90.177.217 - - [22/Sep/2022:16:37:56 +0200] "GET /terracotta-buddha-flowerpot-p-58705.html HTTP/1.0" 200 75556 "-" "Mozilla/5.0 (compatible; BLEXBot/1.0; +http://webmeup-crawler.com/)"
157.90.177.217 - - [22/Sep/2022:16:38:01 +0200] "GET /terrasses-parisiennes-tray-p-12438.html HTTP/1.0" 200 74948 "-" "Mozilla/5.0 (compatible; BLEXBot/1.0; +http://webmeup-crawler.com/)"
207.46.13.149 - - [22/Sep/2022:16:38:05 +0200] "GET /canvas-frame-p-38319.html HTTP/1.0" 200 74697 "-" "Mozilla/5.0 (compatible; bingbot/2.0; +http://www.bing.com/bingbot.htm)"
157.90.177.217 - - [22/Sep/2022:16:38:06 +0200] "GET /terrasses-parisiennes-tray-p-12439.html HTTP/1.0" 200 74948 "-" "Mozilla/5.0 (compatible; BLEXBot/1.0; +http://webmeup-crawler.com/)"
185.191.171.3 - - [22/Sep/2022:16:38:11 +0200] "GET /wall-sticker-c-13_187.html?page=14 HTTP/1.0" 200 95858 "-" "Mozilla/5.0 (compatible; SemrushBot/7~bl; +http://www.semrush.com/bot.html)"
157.90.177.217 - - [22/Sep/2022:16:38:13 +0200] "GET /thermometer-metal-plate-deco-homemade-p-40000.html HTTP/1.0" 200 74870 "-" "Mozilla/5.0 (compatible; BLEXBot/1.0; +http://webmeup-crawler.com/)"
157.90.177.217 - - [22/Sep/2022:16:38:22 +0200] "GET /thermometers-meat-p-48685.html HTTP/1.0" 200 74687 "-" "Mozilla/5.0 (compatible; BLEXBot/1.0; +http://webmeup-crawler.com/)"
157.55.39.12 - - [22/Sep/2022:16:38:23 +0200] "GET /ceramic-salt-with-spoon-aderne-blue-p-47870.html HTTP/1.0" 200 74819 "-" "Mozilla/5.0 (compatible; bingbot/2.0; +http://www.bing.com/bingbot.htm)"
157.90.177.217 - - [22/Sep/2022:16:38:29 +0200] "GET /thinkerbell-p-22160.html HTTP/1.0" 200 74841 "-" "Mozilla/5.0 (compatible; BLEXBot/1.0; +http://webmeup-crawler.com/)"
157.90.177.217 - - [22/Sep/2022:16:38:34 +0200] "GET /thumper-mini-figurine-collection-p-57284.html HTTP/1.0" 200 76218 "-" "Mozilla/5.0 (compatible; BLEXBot/1.0; +http://webmeup-crawler.com/)"
157.90.177.217 - - [22/Sep/2022:16:38:40 +0200] "GET /tigrou-birthday-card-with-envelope-p-25260.html HTTP/1.0" 200 74748 "-" "Mozilla/5.0 (compatible; BLEXBot/1.0; +http://webmeup-crawler.com/)"
157.90.177.217 - - [22/Sep/2022:16:38:45 +0200] "GET /tinkerbell-disney-jean-p-30235.html HTTP/1.0" 200 75888 "-" "Mozilla/5.0 (compatible; BLEXBot/1.0; +http://webmeup-crawler.com/)"
157.90.177.217 - - [22/Sep/2022:16:38:50 +0200] "GET /tinkerbell-parka-p-31261.html HTTP/1.0" 200 75902 "-" "Mozilla/5.0 (compatible; BLEXBot/1.0; +http://webmeup-crawler.com/)"
114.119.137.43 - - [22/Sep/2022:16:38:51 +0200] "GET /kimmijunior-taylor-girly-p-17990.html HTTP/1.0" 200 75089 "http://www.wonder-geek.com/hair-accessories-c-3_205.html" "Mozilla/5.0 (Linux; Android 7.0;) AppleWebKit/537.36 (KHTML, like Gecko) Mobile Safari/537.36 (compatible; PetalBot;+https://webmaster.petalsearch.com/site/petalbot)"
185.191.171.38 - - [22/Sep/2022:16:38:52 +0200] "GET /mirror-c-13_133.html?page=3 HTTP/1.0" 200 92898 "-" "Mozilla/5.0 (compatible; SemrushBot/7~bl; +http://www.semrush.com/bot.html)"
157.90.177.217 - - [22/Sep/2022:16:38:55 +0200] "GET /tinted-candle-mass-apple-green-color-p-48931.html HTTP/1.0" 200 74544 "-" "Mozilla/5.0 (compatible; BLEXBot/1.0; +http://webmeup-crawler.com/)"
157.90.177.217 - - [22/Sep/2022:16:39:02 +0200] "GET /tinted-candle-mass-beige-p-48917.html HTTP/1.0" 200 74771 "-" "Mozilla/5.0 (compatible; BLEXBot/1.0; +http://webmeup-crawler.com/)"
216.244.66.242 - - [22/Sep/2022:16:39:09 +0200] "GET /charmmy-kitty-large-cosmetic-p-26666.html HTTP/1.0" 200 75039 "-" "Mozilla/5.0 (compatible; DotBot/1.2; +https://opensiteexplorer.org/dotbot; help@moz.com)"
157.90.177.217 - - [22/Sep/2022:16:39:09 +0200] "GET /tinted-candle-mass-black-color-p-48929.html HTTP/1.0" 200 74793 "-" "Mozilla/5.0 (compatible; BLEXBot/1.0; +http://webmeup-crawler.com/)"
157.90.177.217 - - [22/Sep/2022:16:39:14 +0200] "GET /tinted-candle-mass-blue-color-p-48924.html HTTP/1.0" 200 74505 "-" "Mozilla/5.0 (compatible; BLEXBot/1.0; +http://webmeup-crawler.com/)"
157.90.177.217 - - [22/Sep/2022:16:39:19 +0200] "GET /tinted-candle-mass-brown-color-p-48923.html HTTP/1.0" 200 74783 "-" "Mozilla/5.0 (compatible; BLEXBot/1.0; +http://webmeup-crawler.com/)"
157.90.177.217 - - [22/Sep/2022:16:39:24 +0200] "GET /tinted-candle-mass-burgundy-p-48918.html HTTP/1.0" 200 74778 "-" "Mozilla/5.0 (compatible; BLEXBot/1.0; +http://webmeup-crawler.com/)"
51.68.224.127 - - [22/Sep/2022:16:39:27 +0200] "GET /adminweb/export_orders_xml.php?token=256de2z6edz6ed2z6DFSFsed2zed6zeDSFDSGdzedezfzf&maxorders=10&orderstart=1&status=14&start_date=2018-10-01 HTTP/1.0" 200 285 "-" "GesCom CharlotteBoutik Serveur"
51.68.224.127 - - [22/Sep/2022:16:39:27 +0200] "GET /adminweb/export_orders_xml.php?token=256de2z6edz6ed2z6DFSFsed2zed6zeDSFDSGdzedezfzf&maxorders=10&orderstart=1&status=6&start_date=2018-10-01 HTTP/1.0" 200 33985 "-" "GesCom CharlotteBoutik Serveur"
157.90.177.217 - - [22/Sep/2022:16:39:29 +0200] "GET /tinted-candle-mass-dark-blue-color-p-48926.html HTTP/1.0" 200 74813 "-" "Mozilla/5.0 (compatible; BLEXBot/1.0; +http://webmeup-crawler.com/)"
157.90.177.217 - - [22/Sep/2022:16:39:37 +0200] "GET /tinted-candle-mass-dark-green-p-48920.html HTTP/1.0" 200 74788 "-" "Mozilla/5.0 (compatible; BLEXBot/1.0; +http://webmeup-crawler.com/)"
157.90.177.217 - - [22/Sep/2022:16:39:42 +0200] "GET /tinted-candle-mass-grey-color-p-48927.html HTTP/1.0" 200 74788 "-" "Mozilla/5.0 (compatible; BLEXBot/1.0; +http://webmeup-crawler.com/)"
66.249.66.68 - - [22/Sep/2022:16:39:48 +0200] "GET /images/big_prod/3609810036055.jpg HTTP/1.0" 200 268 "-" "Googlebot-Image/1.0"
185.191.171.23 - - [22/Sep/2022:16:39:47 +0200] "GET /decorative-wall-mounted-bottle-opener-tout-travail-p-55734.html HTTP/1.0" 200 72286 "-" "Mozilla/5.0 (compatible; SemrushBot/7~bl; +http://www.semrush.com/bot.html)"
157.90.177.217 - - [22/Sep/2022:16:39:50 +0200] "GET /tinted-candle-mass-honey-color-p-48914.html HTTP/1.0" 200 74783 "-" "Mozilla/5.0 (compatible; BLEXBot/1.0; +http://webmeup-crawler.com/)"
157.90.177.217 - - [22/Sep/2022:16:39:56 +0200] "GET /tinted-candle-mass-ivory-color-p-48915.html HTTP/1.0" 200 74793 "-" "Mozilla/5.0 (compatible; BLEXBot/1.0; +http://webmeup-crawler.com/)"
157.55.39.80 - - [22/Sep/2022:16:39:59 +0200] "GET /bistrot-paris-clock-p-51368.html HTTP/1.0" 301 72127 "-" "Mozilla/5.0 (compatible; bingbot/2.0; +http://www.bing.com/bingbot.htm)"
157.90.177.217 - - [22/Sep/2022:16:40:01 +0200] "GET /tinted-candle-mass-light-blue-color-p-48925.html HTTP/1.0" 200 74818 "-" "Mozilla/5.0 (compatible; BLEXBot/1.0; +http://webmeup-crawler.com/)"
157.90.177.217 - - [22/Sep/2022:16:40:05 +0200] "GET /tinted-candle-mass-lilac-p-53427.html HTTP/1.0" 200 74480 "-" "Mozilla/5.0 (compatible; BLEXBot/1.0; +http://webmeup-crawler.com/)"
157.90.177.217 - - [22/Sep/2022:16:40:11 +0200] "GET /tinted-candle-mass-ocher-color-p-48916.html HTTP/1.0" 200 74785 "-" "Mozilla/5.0 (compatible; BLEXBot/1.0; +http://webmeup-crawler.com/)"
156.59.237.147 - - [22/Sep/2022:16:40:13 +0200] "GET /images/mini_prod/1384010184417.jpg HTTP/1.0" 200 269 "-" "Mozilla/5.0 (X11; Ubuntu; Linux x86_64; rv:72.0) Gecko/20100101 Firefox/72.0"
157.90.177.217 - - [22/Sep/2022:16:40:17 +0200] "GET /tinted-candle-mass-orange-color-p-48932.html HTTP/1.0" 200 74515 "-" "Mozilla/5.0 (compatible; BLEXBot/1.0; +http://webmeup-crawler.com/)"
157.90.177.217 - - [22/Sep/2022:16:40:22 +0200] "GET /tinted-candle-mass-p-48912.html HTTP/1.0" 200 74735 "-" "Mozilla/5.0 (compatible; BLEXBot/1.0; +http://webmeup-crawler.com/)"
114.119.137.31 - - [22/Sep/2022:16:40:24 +0200] "GET /uk-carlin-tea-cup-by-cbkreation-p-30076.html HTTP/1.0" 301 74808 "http://www.wonder-geek.com/mugs-and-mazagrans-c-12_57.html?page=14" "Mozilla/5.0 (Linux; Android 7.0;) AppleWebKit/537.36 (KHTML, like Gecko) Mobile Safari/537.36 (compatible; PetalBot;+https://webmaster.petalsearch.com/site/petalbot)"
114.119.137.31 - - [22/Sep/2022:16:40:25 +0200] "GET /carlin-cbkreation-p-30076.html HTTP/1.0" 200 74724 "http://www.wonder-geek.com/mugs-and-mazagrans-c-12_57.html?page=14" "Mozilla/5.0 (Linux; Android 7.0;) AppleWebKit/537.36 (KHTML, like Gecko) Mobile Safari/537.36 (compatible; PetalBot;+https://webmaster.petalsearch.com/site/petalbot)"
157.90.177.217 - - [22/Sep/2022:16:40:28 +0200] "GET /tinted-candle-mass-pink-color-p-48928.html HTTP/1.0" 200 74778 "-" "Mozilla/5.0 (compatible; BLEXBot/1.0; +http://webmeup-crawler.com/)"
157.90.177.217 - - [22/Sep/2022:16:40:33 +0200] "GET /tinted-candle-mass-pink-color-p-52036.html HTTP/1.0" 200 74778 "-" "Mozilla/5.0 (compatible; BLEXBot/1.0; +http://webmeup-crawler.com/)"
157.90.177.217 - - [22/Sep/2022:16:40:39 +0200] "GET /tinted-candle-mass-purple-color-p-48930.html HTTP/1.0" 200 74521 "-" "Mozilla/5.0 (compatible; BLEXBot/1.0; +http://webmeup-crawler.com/)"
157.90.177.217 - - [22/Sep/2022:16:40:44 +0200] "GET /tinted-candle-mass-saffron-color-p-48913.html HTTP/1.0" 200 74797 "-" "Mozilla/5.0 (compatible; BLEXBot/1.0; +http://webmeup-crawler.com/)"
157.90.177.217 - - [22/Sep/2022:16:40:53 +0200] "GET /tisanire-cement-tiles-gray-p-55750.html HTTP/1.0" 200 74739 "-" "Mozilla/5.0 (compatible; BLEXBot/1.0; +http://webmeup-crawler.com/)"
157.90.177.217 - - [22/Sep/2022:16:40:58 +0200] "GET /titanic-bell-wall-p-47447.html HTTP/1.0" 200 74735 "-" "Mozilla/5.0 (compatible; BLEXBot/1.0; +http://webmeup-crawler.com/)"
185.191.171.10 - - [22/Sep/2022:16:41:00 +0200] "GET /paper-currency-cbkreation-p-26474.html HTTP/1.0" 200 74730 "-" "Mozilla/5.0 (compatible; SemrushBot/7~bl; +http://www.semrush.com/bot.html)"
157.90.177.217 - - [22/Sep/2022:16:41:04 +0200] "GET /toilet-brush-p-45522.html HTTP/1.0" 200 72098 "-" "Mozilla/5.0 (compatible; BLEXBot/1.0; +http://webmeup-crawler.com/)"
157.55.39.28 - - [22/Sep/2022:16:41:06 +0200] "GET /violetta-apron-chef-p-29524.html HTTP/1.0" 200 74840 "-" "Mozilla/5.0 (compatible; bingbot/2.0; +http://www.bing.com/bingbot.htm)"
157.90.177.217 - - [22/Sep/2022:16:41:09 +0200] "GET /toilet-paper-dispenser-p-42983.html HTTP/1.0" 200 74692 "-" "Mozilla/5.0 (compatible; BLEXBot/1.0; +http://webmeup-crawler.com/)"
157.90.177.217 - - [22/Sep/2022:16:41:14 +0200] "GET /tooth-glass-paris-parfum-p-37460.html HTTP/1.0" 200 74783 "-" "Mozilla/5.0 (compatible; BLEXBot/1.0; +http://webmeup-crawler.com/)"
157.90.177.217 - - [22/Sep/2022:16:41:20 +0200] "GET /toothbox-c-13_150_170.html?page=2 HTTP/1.0" 200 92639 "-" "Mozilla/5.0 (compatible; BLEXBot/1.0; +http://webmeup-crawler.com/)"
17.121.114.239 - - [22/Sep/2022:16:41:20 +0200] "GET /marseille-toothpick-display-p-58265.html HTTP/1.0" 200 74741 "-" "Mozilla/5.0 (Macintosh; Intel Mac OS X 10_15_5) AppleWebKit/605.1.15 (KHTML, like Gecko) Version/13.1.1 Safari/605.1.15 (Applebot/0.1; +http://www.apple.com/go/applebot)"
185.191.171.42 - - [22/Sep/2022:16:41:20 +0200] "GET /mini-metal-tray-citron-type-p-35255.html HTTP/1.0" 200 75469 "-" "Mozilla/5.0 (compatible; SemrushBot/7~bl; +http://www.semrush.com/bot.html)"
185.191.171.11 - - [22/Sep/2022:16:41:25 +0200] "GET /crystal-salt-night-light-p-52242.html HTTP/1.0" 200 72146 "-" "Mozilla/5.0 (compatible; SemrushBot/7~bl; +http://www.semrush.com/bot.html)"
157.90.177.217 - - [22/Sep/2022:16:41:26 +0200] "GET /toothbox-c-13_150_170.html?page=3 HTTP/1.0" 200 92160 "-" "Mozilla/5.0 (compatible; BLEXBot/1.0; +http://webmeup-crawler.com/)"
185.191.171.36 - - [22/Sep/2022:16:41:27 +0200] "GET /tour-eiffel-deco-thermometer-p-17023.html HTTP/1.0" 200 76480 "-" "Mozilla/5.0 (compatible; SemrushBot/7~bl; +http://www.semrush.com/bot.html)"
66.249.66.210 - - [22/Sep/2022:16:41:27 +0200] "GET /disney-planes-fruit-juice-glasses-p-24533.html HTTP/1.0" 200 74781 "-" "Mozilla/5.0 (compatible; Googlebot/2.1; +http://www.google.com/bot.html)"
157.90.177.217 - - [22/Sep/2022:16:41:33 +0200] "GET /toothbox-c-13_150_170.html?page=4 HTTP/1.0" 200 91915 "-" "Mozilla/5.0 (compatible; BLEXBot/1.0; +http://webmeup-crawler.com/)"
157.90.177.217 - - [22/Sep/2022:16:41:41 +0200] "GET /toothbox-c-13_150_170.html?page=5 HTTP/1.0" 200 80706 "-" "Mozilla/5.0 (compatible; BLEXBot/1.0; +http://webmeup-crawler.com/)"
156.59.237.153 - - [22/Sep/2022:16:41:44 +0200] "GET /images/mini_prod/3700235441544.jpg HTTP/1.0" 200 269 "-" "Mozilla/5.0 (X11; Ubuntu; Linux x86_64; rv:72.0) Gecko/20100101 Firefox/72.0"
157.90.177.217 - - [22/Sep/2022:16:41:46 +0200] "GET /toro-tapas-feria-little-tray-p-34395.html HTTP/1.0" 200 74795 "-" "Mozilla/5.0 (compatible; BLEXBot/1.0; +http://webmeup-crawler.com/)"
156.59.237.148 - - [22/Sep/2022:16:41:52 +0200] "GET /images/mini_prod/3503420099304SC001.jpg HTTP/1.0" 200 274 "-" "Mozilla/5.0 (X11; Ubuntu; Linux x86_64; rv:72.0) Gecko/20100101 Firefox/72.0"
157.90.177.217 - - [22/Sep/2022:16:41:52 +0200] "GET /totally-spies-swimsuit-p-30420.html HTTP/1.0" 200 75857 "-" "Mozilla/5.0 (compatible; BLEXBot/1.0; +http://webmeup-crawler.com/)"
114.119.137.45 - - [22/Sep/2022:16:41:53 +0200] "GET /lighting-c-86.html?page=1 HTTP/1.0" 200 92801 "http://www.wonder-geek.com/lighting-c-86.html?page=5" "Mozilla/5.0 (Linux; Android 7.0;) AppleWebKit/537.36 (KHTML, like Gecko) Mobile Safari/537.36 (compatible; PetalBot;+https://webmaster.petalsearch.com/site/petalbot)"
157.90.177.217 - - [22/Sep/2022:16:41:57 +0200] "GET /tour-eiffel-cookware-cbkreation-p-29704.html HTTP/1.0" 200 74773 "-" "Mozilla/5.0 (compatible; BLEXBot/1.0; +http://webmeup-crawler.com/)"
157.90.177.217 - - [22/Sep/2022:16:42:02 +0200] "GET /tour-france-little-tray-p-51673.html HTTP/1.0" 200 74802 "-" "Mozilla/5.0 (compatible; BLEXBot/1.0; +http://webmeup-crawler.com/)"
157.90.177.217 - - [22/Sep/2022:16:42:05 +0200] "GET /tour-france-little-tray-p-51674.html HTTP/1.0" 200 74803 "-" "Mozilla/5.0 (compatible; BLEXBot/1.0; +http://webmeup-crawler.com/)"
156.59.237.152 - - [22/Sep/2022:16:42:08 +0200] "GET /images/mini_prod/3700057117641.jpg HTTP/1.0" 200 269 "-" "Mozilla/5.0 (X11; Ubuntu; Linux x86_64; rv:72.0) Gecko/20100101 Firefox/72.0"
157.90.177.217 - - [22/Sep/2022:16:42:10 +0200] "GET /tour-france-snow-globe-p-52188.html HTTP/1.0" 200 74736 "-" "Mozilla/5.0 (compatible; BLEXBot/1.0; +http://webmeup-crawler.com/)"
157.90.177.217 - - [22/Sep/2022:16:42:16 +0200] "GET /tour-france-snow-globe-p-53653.html HTTP/1.0" 200 74734 "-" "Mozilla/5.0 (compatible; BLEXBot/1.0; +http://webmeup-crawler.com/)"
157.90.177.217 - - [22/Sep/2022:16:42:21 +0200] "GET /tout-travail-mrite-bire-toothpick-display-p-58264.html HTTP/1.0" 200 74897 "-" "Mozilla/5.0 (compatible; BLEXBot/1.0; +http://webmeup-crawler.com/)"
157.90.177.217 - - [22/Sep/2022:16:42:25 +0200] "GET /towel-dispenser-c-12_225.html?page=2 HTTP/1.0" 200 80179 "-" "Mozilla/5.0 (compatible; BLEXBot/1.0; +http://webmeup-crawler.com/)"
185.191.171.14 - - [22/Sep/2022:16:42:27 +0200] "GET /-p-5185.html HTTP/1.0" 200 72058 "-" "Mozilla/5.0 (compatible; SemrushBot/7~bl; +http://www.semrush.com/bot.html)"
35.227.21.106 - - [22/Sep/2022:16:42:31 +0200] "GET /robots.txt HTTP/1.0" 200 245 "-" "ZoominfoBot (zoominfobot at zoominfo dot com)"
35.227.21.106 - - [22/Sep/2022:16:42:31 +0200] "GET / HTTP/1.0" 200 151750 "-" "ZoominfoBot (zoominfobot at zoominfo dot com)"
157.90.177.217 - - [22/Sep/2022:16:42:33 +0200] "GET /towels-napkins-c-11_177.html?page=2 HTTP/1.0" 200 94737 "-" "Mozilla/5.0 (compatible; BLEXBot/1.0; +http://webmeup-crawler.com/)"
66.249.66.56 - - [22/Sep/2022:16:42:40 +0200] "GET /images/DSCN3394.jpg HTTP/1.0" 200 254 "-" "Googlebot-Image/1.0"
185.191.171.13 - - [22/Sep/2022:16:42:41 +0200] "GET /glass-jellyfish-paperweight-p-57333.html HTTP/1.0" 200 74786 "-" "Mozilla/5.0 (compatible; SemrushBot/7~bl; +http://www.semrush.com/bot.html)"
66.249.66.56 - - [22/Sep/2022:16:42:41 +0200] "GET /mustache-white-shirt-p-31176.html HTTP/1.0" 200 76646 "-" "Mozilla/5.0 (Linux; Android 6.0.1; Nexus 5X Build/MMB29P) AppleWebKit/537.36 (KHTML, like Gecko) Chrome/105.0.5195.125 Mobile Safari/537.36 (compatible; Googlebot/2.1; +http://www.google.com/bot.html)"
157.90.177.217 - - [22/Sep/2022:16:42:42 +0200] "GET /towels-napkins-c-11_177.html?page=3 HTTP/1.0" 200 94881 "-" "Mozilla/5.0 (compatible; BLEXBot/1.0; +http://webmeup-crawler.com/)"
66.249.66.6 - - [22/Sep/2022:16:42:44 +0200] "GET /images/big_prod/3453131116398.jpg HTTP/1.0" 200 268 "-" "Googlebot-Image/1.0"
157.90.177.217 - - [22/Sep/2022:16:42:48 +0200] "GET /towels-napkins-c-11_177.html?page=4 HTTP/1.0" 200 94908 "-" "Mozilla/5.0 (compatible; BLEXBot/1.0; +http://webmeup-crawler.com/)"
157.90.177.217 - - [22/Sep/2022:16:42:54 +0200] "GET /towels-napkins-c-11_177.html?page=5 HTTP/1.0" 200 93669 "-" "Mozilla/5.0 (compatible; BLEXBot/1.0; +http://webmeup-crawler.com/)"
185.191.171.11 - - [22/Sep/2022:16:42:55 +0200] "GET /cement-tile-coasters-p-56007.html HTTP/1.0" 200 72148 "-" "Mozilla/5.0 (compatible; SemrushBot/7~bl; +http://www.semrush.com/bot.html)"
157.90.177.217 - - [22/Sep/2022:16:43:01 +0200] "GET /towels-napkins-c-11_177.html?page=6 HTTP/1.0" 200 93258 "-" "Mozilla/5.0 (compatible; BLEXBot/1.0; +http://webmeup-crawler.com/)"
185.191.171.11 - - [22/Sep/2022:16:43:09 +0200] "GET /green-piggy-bank-premire-tirelire-p-53365.html HTTP/1.0" 200 72136 "-" "Mozilla/5.0 (compatible; SemrushBot/7~bl; +http://www.semrush.com/bot.html)"
157.90.177.217 - - [22/Sep/2022:16:43:09 +0200] "GET /towels-napkins-c-11_177.html?page=7 HTTP/1.0" 200 94235 "-" "Mozilla/5.0 (compatible; BLEXBot/1.0; +http://webmeup-crawler.com/)"
87.250.224.188 - - [22/Sep/2022:16:43:14 +0200] "GET /harley-quinn-poster-p-30901.html HTTP/1.0" 301 72127 "-" "Mozilla/5.0 (compatible; YandexBot/3.0; +http://yandex.com/bots)"
157.90.177.217 - - [22/Sep/2022:16:43:16 +0200] "GET /transformers-optimus-prime-mousepad-p-18071.html HTTP/1.0" 200 74939 "-" "Mozilla/5.0 (compatible; BLEXBot/1.0; +http://webmeup-crawler.com/)"
87.250.224.188 - - [22/Sep/2022:16:43:17 +0200] "GET /-p-30901.html HTTP/1.0" 200 72060 "-" "Mozilla/5.0 (compatible; YandexBot/3.0; +http://yandex.com/bots)"
114.119.137.31 - - [22/Sep/2022:16:43:20 +0200] "GET /white-ellipse-flower-table-lamp-p-52979.html HTTP/1.0" 200 75462 "http://www.wonder-geek.com/lighting-c-86.html?page=18" "Mozilla/5.0 (Linux; Android 7.0;) AppleWebKit/537.36 (KHTML, like Gecko) Mobile Safari/537.36 (compatible; PetalBot;+https://webmaster.petalsearch.com/site/petalbot)"
157.90.177.217 - - [22/Sep/2022:16:43:22 +0200] "GET /translucent-medusa-glass-paperweight-p-52228.html HTTP/1.0" 200 74800 "-" "Mozilla/5.0 (compatible; BLEXBot/1.0; +http://webmeup-crawler.com/)"
156.59.237.147 - - [22/Sep/2022:16:43:27 +0200] "GET /images/mini_prod/3453131143820.jpg HTTP/1.0" 200 269 "-" "Mozilla/5.0 (X11; Ubuntu; Linux x86_64; rv:72.0) Gecko/20100101 Firefox/72.0"
157.90.177.217 - - [22/Sep/2022:16:43:30 +0200] "GET /transparent-glass-teapot-p-52794.html HTTP/1.0" 200 75446 "-" "Mozilla/5.0 (compatible; BLEXBot/1.0; +http://webmeup-crawler.com/)"
157.90.177.217 - - [22/Sep/2022:16:43:37 +0200] "GET /transparent-plastic-tablecloth-p-52781.html HTTP/1.0" 200 74835 "-" "Mozilla/5.0 (compatible; BLEXBot/1.0; +http://webmeup-crawler.com/)"
170.106.193.192 - - [22/Sep/2022:16:43:44 +0200] "GET /images/mini_prod/3660173208350.jpg HTTP/1.0" 200 269 "-" "Mozilla/5.0 (X11; Ubuntu; Linux x86_64; rv:72.0) Gecko/20100101 Firefox/72.0"
157.90.177.217 - - [22/Sep/2022:16:43:46 +0200] "GET /transparent-rectangular-plastic-tablecloth-p-52777.html HTTP/1.0" 200 74931 "-" "Mozilla/5.0 (compatible; BLEXBot/1.0; +http://webmeup-crawler.com/)"
157.90.177.217 - - [22/Sep/2022:16:43:53 +0200] "GET /transparent-rectangular-plastic-tablecloth-p-52779.html HTTP/1.0" 200 74932 "-" "Mozilla/5.0 (compatible; BLEXBot/1.0; +http://webmeup-crawler.com/)"
87.250.224.94 - - [22/Sep/2022:16:43:57 +0200] "GET /-p-30901.html HTTP/1.0" 200 72060 "-" "Mozilla/5.0 (compatible; YandexBot/3.0; +http://yandex.com/bots)"
207.46.13.149 - - [22/Sep/2022:16:43:58 +0200] "GET /saint-seiya-stickers-p-15397.html HTTP/1.0" 200 74639 "-" "Mozilla/5.0 (compatible; bingbot/2.0; +http://www.bing.com/bingbot.htm)"
157.90.177.217 - - [22/Sep/2022:16:43:59 +0200] "GET /transparent-rectangular-plastic-tablecloth-p-52780.html HTTP/1.0" 200 74937 "-" "Mozilla/5.0 (compatible; BLEXBot/1.0; +http://webmeup-crawler.com/)"
157.90.177.217 - - [22/Sep/2022:16:44:04 +0200] "GET /transparent-rectangular-plastic-tablecloth-p-54903.html HTTP/1.0" 200 74937 "-" "Mozilla/5.0 (compatible; BLEXBot/1.0; +http://webmeup-crawler.com/)"
157.90.177.217 - - [22/Sep/2022:16:44:12 +0200] "GET /transparent-rectangular-plastic-tablecloth-p-56701.html HTTP/1.0" 200 74932 "-" "Mozilla/5.0 (compatible; BLEXBot/1.0; +http://webmeup-crawler.com/)"
157.90.177.217 - - [22/Sep/2022:16:44:17 +0200] "GET /transportable-black-table-lamp-p-56448.html HTTP/1.0" 200 75510 "-" "Mozilla/5.0 (compatible; BLEXBot/1.0; +http://webmeup-crawler.com/)"
157.90.177.217 - - [22/Sep/2022:16:44:21 +0200] "GET /transportable-gray-table-lamp-p-56449.html HTTP/1.0" 200 75500 "-" "Mozilla/5.0 (compatible; BLEXBot/1.0; +http://webmeup-crawler.com/)"
77.75.72.26 - - [22/Sep/2022:16:44:21 +0200] "GET /santa-claus-solar-powered-dancing-p-33073.html HTTP/1.0" 200 75035 "-" "Mozilla/5.0 (compatible; SeznamBot/4.0-RC1; +http://napoveda.seznam.cz/seznambot-intro/)"
157.90.177.217 - - [22/Sep/2022:16:44:27 +0200] "GET /transportable-light-brown-table-lamp-p-56450.html HTTP/1.0" 200 75570 "-" "Mozilla/5.0 (compatible; BLEXBot/1.0; +http://webmeup-crawler.com/)"
157.90.177.217 - - [22/Sep/2022:16:44:32 +0200] "GET /transportable-rechargeable-radio-p-52633.html HTTP/1.0" 200 75691 "-" "Mozilla/5.0 (compatible; BLEXBot/1.0; +http://webmeup-crawler.com/)"
66.249.66.8 - - [22/Sep/2022:16:44:38 +0200] "GET /images/mini_prod/3281640395115.jpg HTTP/1.0" 200 269 "-" "Mozilla/5.0 (compatible; Googlebot/2.1; +http://www.google.com/bot.html)"
66.249.66.10 - - [22/Sep/2022:16:44:38 +0200] "GET /images/mini_prod/8003990623497.jpg HTTP/1.0" 200 269 "-" "Mozilla/5.0 (compatible; Googlebot/2.1; +http://www.google.com/bot.html)"
157.90.177.217 - - [22/Sep/2022:16:44:37 +0200] "GET /travel-documents-passport-boarding-pass-p-47343.html HTTP/1.0" 200 75070 "-" "Mozilla/5.0 (compatible; BLEXBot/1.0; +http://webmeup-crawler.com/)"
157.90.177.217 - - [22/Sep/2022:16:44:42 +0200] "GET /travel-documents-passport-boarding-pass-p-47344.html HTTP/1.0" 200 75721 "-" "Mozilla/5.0 (compatible; BLEXBot/1.0; +http://webmeup-crawler.com/)"
157.90.177.217 - - [22/Sep/2022:16:44:47 +0200] "GET /travel-documents-passport-boarding-pass-p-47345.html HTTP/1.0" 200 75721 "-" "Mozilla/5.0 (compatible; BLEXBot/1.0; +http://webmeup-crawler.com/)"
157.90.177.217 - - [22/Sep/2022:16:44:52 +0200] "GET /travel-documents-passport-boarding-pass-p-47347.html HTTP/1.0" 200 75721 "-" "Mozilla/5.0 (compatible; BLEXBot/1.0; +http://webmeup-crawler.com/)"
157.55.39.217 - - [22/Sep/2022:16:44:53 +0200] "GET /planes-placemat-p-31796.html HTTP/1.0" 200 74711 "-" "Mozilla/5.0 (compatible; bingbot/2.0; +http://www.bing.com/bingbot.htm)"
157.90.177.217 - - [22/Sep/2022:16:44:58 +0200] "GET /travel-phosphorescent-polar-plaid-p-51609.html HTTP/1.0" 200 74804 "-" "Mozilla/5.0 (compatible; BLEXBot/1.0; +http://webmeup-crawler.com/)"
156.59.237.153 - - [22/Sep/2022:16:45:00 +0200] "GET /images/mini_prod/3585190646254.jpg HTTP/1.0" 200 269 "-" "Mozilla/5.0 (X11; Ubuntu; Linux x86_64; rv:72.0) Gecko/20100101 Firefox/72.0"
114.119.137.43 - - [22/Sep/2022:16:45:00 +0200] "GET /car-air-freshener-heart-and-home-welcome-home-p-40609.html HTTP/1.0" 301 75153 "http://www.wonder-geek.com/fragrance-case-for-cabinet-and-diffuser-car-c-231_228.html" "Mozilla/5.0 (Linux; Android 7.0;) AppleWebKit/537.36 (KHTML, like Gecko) Mobile Safari/537.36 (compatible; PetalBot;+https://webmaster.petalsearch.com/site/petalbot)"
114.119.137.43 - - [22/Sep/2022:16:45:02 +0200] "GET /freshener-heart-home-welcome-home-p-40609.html HTTP/1.0" 200 75053 "http://www.wonder-geek.com/fragrance-case-for-cabinet-and-diffuser-car-c-231_228.html" "Mozilla/5.0 (Linux; Android 7.0;) AppleWebKit/537.36 (KHTML, like Gecko) Mobile Safari/537.36 (compatible; PetalBot;+https://webmaster.petalsearch.com/site/petalbot)"
157.90.177.217 - - [22/Sep/2022:16:45:04 +0200] "GET /travel-yoga-gray-p-51588.html HTTP/1.0" 200 75722 "-" "Mozilla/5.0 (compatible; BLEXBot/1.0; +http://webmeup-crawler.com/)"
163.220.128.41 - - [22/Sep/2022:16:45:09 +0200] "GET /images/mini_prod/1384010202876.jpg HTTP/1.0" 200 269 "-" "Mozilla/5.0 (X11; Ubuntu; Linux x86_64; rv:72.0) Gecko/20100101 Firefox/72.0"
157.90.177.217 - - [22/Sep/2022:16:45:10 +0200] "GET /tray-legs-metal-black-p-57407.html HTTP/1.0" 200 75537 "-" "Mozilla/5.0 (compatible; BLEXBot/1.0; +http://webmeup-crawler.com/)"
157.90.177.217 - - [22/Sep/2022:16:45:15 +0200] "GET /tray-legs-metal-white-p-57408.html HTTP/1.0" 200 75537 "-" "Mozilla/5.0 (compatible; BLEXBot/1.0; +http://webmeup-crawler.com/)"
185.191.171.17 - - [22/Sep/2022:16:45:16 +0200] "GET /-p-46150.html HTTP/1.0" 200 72060 "-" "Mozilla/5.0 (compatible; SemrushBot/7~bl; +http://www.semrush.com/bot.html)"
157.90.177.217 - - [22/Sep/2022:16:45:22 +0200] "GET /tray-legs-metal-wood-color-p-57409.html HTTP/1.0" 200 75853 "-" "Mozilla/5.0 (compatible; BLEXBot/1.0; +http://webmeup-crawler.com/)"
157.90.177.217 - - [22/Sep/2022:16:45:29 +0200] "GET /tray-p-45566.html HTTP/1.0" 200 74648 "-" "Mozilla/5.0 (compatible; BLEXBot/1.0; +http://webmeup-crawler.com/)"
157.90.177.217 - - [22/Sep/2022:16:45:35 +0200] "GET /tray-with-buffalo-head-mango-wood-p-55120.html HTTP/1.0" 200 75728 "-" "Mozilla/5.0 (compatible; BLEXBot/1.0; +http://webmeup-crawler.com/)"
157.90.177.217 - - [22/Sep/2022:16:45:41 +0200] "GET /trays-c-12_159.html?page=10 HTTP/1.0" 200 93686 "-" "Mozilla/5.0 (compatible; BLEXBot/1.0; +http://webmeup-crawler.com/)"
157.90.177.217 - - [22/Sep/2022:16:45:51 +0200] "GET /trays-c-12_159.html?page=11 HTTP/1.0" 200 93600 "-" "Mozilla/5.0 (compatible; BLEXBot/1.0; +http://webmeup-crawler.com/)"
157.90.177.217 - - [22/Sep/2022:16:45:58 +0200] "GET /trays-c-12_159.html?page=2 HTTP/1.0" 200 93559 "-" "Mozilla/5.0 (compatible; BLEXBot/1.0; +http://webmeup-crawler.com/)"
157.90.177.217 - - [22/Sep/2022:16:46:08 +0200] "GET /trays-c-12_159.html?page=3 HTTP/1.0" 200 93378 "-" "Mozilla/5.0 (compatible; BLEXBot/1.0; +http://webmeup-crawler.com/)"
66.249.66.60 - - [22/Sep/2022:16:46:13 +0200] "GET /live-to-ride-black-tee-shirt-p-30592.html HTTP/1.0" 301 76760 "-" "Mozilla/5.0 (Linux; Android 6.0.1; Nexus 5X Build/MMB29P) AppleWebKit/537.36 (KHTML, like Gecko) Chrome/105.0.5195.125 Mobile Safari/537.36 (compatible; Googlebot/2.1; +http://www.google.com/bot.html)"
66.249.66.10 - - [22/Sep/2022:16:46:15 +0200] "GET /live-ride-black-shirt-p-30592.html HTTP/1.0" 200 76672 "-" "Mozilla/5.0 (Linux; Android 6.0.1; Nexus 5X Build/MMB29P) AppleWebKit/537.36 (KHTML, like Gecko) Chrome/105.0.5195.125 Mobile Safari/537.36 (compatible; Googlebot/2.1; +http://www.google.com/bot.html)"
157.90.177.217 - - [22/Sep/2022:16:46:15 +0200] "GET /trays-c-12_159.html?page=4 HTTP/1.0" 200 93565 "-" "Mozilla/5.0 (compatible; BLEXBot/1.0; +http://webmeup-crawler.com/)"
23.100.232.233 - - [22/Sep/2022:16:46:19 +0200] "GET /slipknot-zippo-lighter-p-42882.html HTTP/1.0" 301 72127 "-" "Mozilla/5.0 (compatible; MSIE 9.0; Windows NT 6.0; Trident/5.0;  Trident/5.0)"
23.100.232.233 - - [22/Sep/2022:16:46:21 +0200] "GET /-p-42882.html HTTP/1.0" 200 72060 "-" "Mozilla/5.0 (compatible; MSIE 9.0; Windows NT 6.0; Trident/5.0;  Trident/5.0)"
23.100.232.233 - - [22/Sep/2022:16:46:23 +0200] "GET /templates/Pixame_v1/stylesheet.css HTTP/1.0" 200 267 "http://www.wonder-geek.com/-p-42882.html" "Mozilla/5.0 (compatible; MSIE 9.0; Windows NT 6.0; Trident/5.0;  Trident/5.0)"
23.100.232.233 - - [22/Sep/2022:16:46:23 +0200] "GET /highslide/highslide.js HTTP/1.0" 200 262 "http://www.wonder-geek.com/-p-42882.html" "Mozilla/5.0 (compatible; MSIE 9.0; Windows NT 6.0; Trident/5.0;  Trident/5.0)"
23.100.232.233 - - [22/Sep/2022:16:46:23 +0200] "GET /js/jquery.js HTTP/1.0" 200 252 "http://www.wonder-geek.com/-p-42882.html" "Mozilla/5.0 (compatible; MSIE 9.0; Windows NT 6.0; Trident/5.0;  Trident/5.0)"
23.100.232.233 - - [22/Sep/2022:16:46:23 +0200] "GET /js/jquery.jqzoom.js HTTP/1.0" 200 259 "http://www.wonder-geek.com/-p-42882.html" "Mozilla/5.0 (compatible; MSIE 9.0; Windows NT 6.0; Trident/5.0;  Trident/5.0)"
23.100.232.233 - - [22/Sep/2022:16:46:23 +0200] "GET /mondial_relay/js/jquery-1.3.2.min.js HTTP/1.0" 200 276 "http://www.wonder-geek.com/-p-42882.html" "Mozilla/5.0 (compatible; MSIE 9.0; Windows NT 6.0; Trident/5.0;  Trident/5.0)"
23.100.232.233 - - [22/Sep/2022:16:46:23 +0200] "GET /swfobject.js HTTP/1.0" 404 1308 "http://www.wonder-geek.com/-p-42882.html" "Mozilla/5.0 (compatible; MSIE 9.0; Windows NT 6.0; Trident/5.0;  Trident/5.0)"
23.100.232.233 - - [22/Sep/2022:16:46:24 +0200] "GET /style.ie7.css HTTP/1.0" 404 1308 "http://www.wonder-geek.com/-p-42882.html" "Mozilla/5.0 (compatible; MSIE 9.0; Windows NT 6.0; Trident/5.0;  Trident/5.0)"
23.100.232.233 - - [22/Sep/2022:16:46:24 +0200] "GET /templates/Pixame_v1/images/flash.swf HTTP/1.0" 200 290 "http://www.wonder-geek.com/-p-42882.html" "Mozilla/5.0 (compatible; MSIE 9.0; Windows NT 6.0; Trident/5.0;  Trident/5.0)"
157.90.177.217 - - [22/Sep/2022:16:46:23 +0200] "GET /trays-c-12_159.html?page=5 HTTP/1.0" 200 93740 "-" "Mozilla/5.0 (compatible; BLEXBot/1.0; +http://webmeup-crawler.com/)"
23.100.232.233 - - [22/Sep/2022:16:46:25 +0200] "GET /highslide/graphics/zoomout.cur HTTP/1.0" 200 614 "http://www.wonder-geek.com/-p-42882.html" "Mozilla/5.0 (compatible; MSIE 9.0; Windows NT 6.0; Trident/5.0;  Trident/5.0)"
163.220.128.41 - - [22/Sep/2022:16:46:28 +0200] "GET /images/mini_prod/3453131147279.jpg HTTP/1.0" 200 269 "-" "Mozilla/5.0 (X11; Ubuntu; Linux x86_64; rv:72.0) Gecko/20100101 Firefox/72.0"
