66.249.66.68 - - [22/Sep/2022:23:53:48 +0200] "GET /scented-candles-and-novenas-c-13_227.html?page=4 HTTP/1.0" 301 94748 "-" "Mozilla/5.0 (Linux; Android 6.0.1; Nexus 5X Build/MMB29P) AppleWebKit/537.36 (KHTML, like Gecko) Chrome/105.0.5195.125 Mobile Safari/537.36 (compatible; Googlebot/2.1; +http://www.google.com/bot.html)"
66.249.66.210 - - [22/Sep/2022:23:53:51 +0200] "GET /scented-candles-novenas-c-227.html?page=4 HTTP/1.0" 301 94652 "-" "Mozilla/5.0 (Linux; Android 6.0.1; Nexus 5X Build/MMB29P) AppleWebKit/537.36 (KHTML, like Gecko) Chrome/105.0.5195.125 Mobile Safari/537.36 (compatible; Googlebot/2.1; +http://www.google.com/bot.html)"
66.249.66.56 - - [22/Sep/2022:23:53:53 +0200] "GET /scented-candles-novenas-c-231_227.html?page=4 HTTP/1.0" 200 94688 "-" "Mozilla/5.0 (Linux; Android 6.0.1; Nexus 5X Build/MMB29P) AppleWebKit/537.36 (KHTML, like Gecko) Chrome/105.0.5195.125 Mobile Safari/537.36 (compatible; Googlebot/2.1; +http://www.google.com/bot.html)"
66.249.66.56 - - [22/Sep/2022:23:54:08 +0200] "GET /allen-decorated-cotton-coin-purse-p-58304.html HTTP/1.0" 200 75496 "-" "Mozilla/5.0 (Linux; Android 6.0.1; Nexus 5X Build/MMB29P) AppleWebKit/537.36 (KHTML, like Gecko) Chrome/105.0.5195.125 Mobile Safari/537.36 (compatible; Googlebot/2.1; +http://www.google.com/bot.html)"
185.191.171.15 - - [22/Sep/2022:23:54:19 +0200] "GET /games-toys-c-4.html?page=5 HTTP/1.0" 200 94091 "-" "Mozilla/5.0 (compatible; SemrushBot/7~bl; +http://www.semrush.com/bot.html)"
193.218.118.95 - - [22/Sep/2022:23:54:30 +0200] "GET /contact_us.php HTTP/1.0" 200 26241 "http://www.wonder-geek.com/contact_us.php" "Mozilla/5.0 (Windows NT 10.0) AppleWebKit/537.36 (KHTML, like Gecko) Chrome/90.0.4430.85 Safari/537.36"
45.154.98.220 - - [22/Sep/2022:23:54:31 +0200] "POST /contact_us.php?action=send HTTP/1.0" 200 26654 "http://www.wonder-geek.com/contact_us.php" "Mozilla/5.0 (Windows NT 10.0) AppleWebKit/537.36 (KHTML, like Gecko) Chrome/90.0.4430.85 Safari/537.36"
45.154.98.220 - - [22/Sep/2022:23:54:32 +0200] "GET /contact_us.php HTTP/1.0" 200 26241 "http://www.wonder-geek.com/contact_us.php" "Mozilla/5.0 (Windows NT 10.0) AppleWebKit/537.36 (KHTML, like Gecko) Chrome/90.0.4430.85 Safari/537.36"
66.249.66.146 - - [22/Sep/2022:23:54:41 +0200] "GET /allen-decorated-cotton-coin-purse-p-58304.html HTTP/1.0" 200 75496 "-" "Mozilla/5.0 (compatible; Googlebot/2.1; +http://www.google.com/bot.html)"
185.191.171.22 - - [22/Sep/2022:23:54:44 +0200] "GET /unicorn-white-clock-p-50127.html HTTP/1.0" 200 72126 "-" "Mozilla/5.0 (compatible; SemrushBot/7~bl; +http://www.semrush.com/bot.html)"
66.249.66.144 - - [22/Sep/2022:23:54:47 +0200] "GET /images/big_prod/1384010207925.jpg HTTP/1.0" 200 268 "-" "Googlebot-Image/1.0"
66.249.66.6 - - [22/Sep/2022:23:54:52 +0200] "GET /images/mini_prod/3665269032109.jpg HTTP/1.0" 200 269 "-" "Mozilla/5.0 (compatible; Googlebot/2.1; +http://www.google.com/bot.html)"
159.138.137.41 - - [22/Sep/2022:23:54:57 +0200] "GET /images/mini_prod/5010065073210.jpg HTTP/1.0" 200 269 "-" "Mozilla/5.0 (X11; Ubuntu; Linux x86_64; rv:72.0) Gecko/20100101 Firefox/72.0"
114.119.133.245 - - [22/Sep/2022:23:55:19 +0200] "GET /jane-crowther-squirrel-saucer-p-57971.html HTTP/1.0" 200 75505 "http://www.wonder-geek.com/dishes-c-12.html?page=19" "Mozilla/5.0 (Linux; Android 7.0;) AppleWebKit/537.36 (KHTML, like Gecko) Mobile Safari/537.36 (compatible; PetalBot;+https://webmaster.petalsearch.com/site/petalbot)"
185.191.171.8 - - [22/Sep/2022:23:55:22 +0200] "GET /allen-desings-breakfast-p-44323.html HTTP/1.0" 200 74807 "-" "Mozilla/5.0 (compatible; SemrushBot/7~bl; +http://www.semrush.com/bot.html)"
66.249.66.58 - - [22/Sep/2022:23:55:34 +0200] "GET /barbapapa-black-shirt-p-29636.html HTTP/1.0" 200 75857 "-" "Mozilla/5.0 (compatible; Googlebot/2.1; +http://www.google.com/bot.html)"
185.191.171.34 - - [22/Sep/2022:23:55:38 +0200] "GET /decorative-useful-little-buddha-p-53307.html HTTP/1.0" 200 74820 "-" "Mozilla/5.0 (compatible; SemrushBot/7~bl; +http://www.semrush.com/bot.html)"
82.165.74.218 - - [22/Sep/2022:23:55:46 +0200] "GET / HTTP/1.0" 301 511 "-" "Mozilla/5.0 (X11; U; Linux i686; en-US; rv:1.9.2.1) Gecko/20100122 firefox/3.6.1"
157.55.39.28 - - [22/Sep/2022:23:55:45 +0200] "GET /-p-11101.html HTTP/1.0" 200 72060 "-" "Mozilla/5.0 (compatible; bingbot/2.0; +http://www.bing.com/bingbot.htm)"
82.165.74.218 - - [22/Sep/2022:23:55:46 +0200] "GET / HTTP/1.0" 200 151097 "-" "Mozilla/5.0 (X11; U; Linux i686; en-US; rv:1.9.2.1) Gecko/20100122 firefox/3.6.1"
66.249.66.70 - - [22/Sep/2022:23:55:53 +0200] "GET /toiletry-p-43422.html HTTP/1.0" 200 74716 "-" "Mozilla/5.0 (Linux; Android 6.0.1; Nexus 5X Build/MMB29P) AppleWebKit/537.36 (KHTML, like Gecko) Chrome/105.0.5195.125 Mobile Safari/537.36 (compatible; Googlebot/2.1; +http://www.google.com/bot.html)"
66.249.66.212 - - [22/Sep/2022:23:55:55 +0200] "GET /images/med_prod/3014627862283.jpg HTTP/1.0" 200 268 "-" "Googlebot-Image/1.0"
108.233.11.195 - - [22/Sep/2022:23:56:00 +0200] "GET /images/mini_prod/8435306215780.jpg HTTP/1.0" 200 269 "-" "Mozilla/5.0 (X11; Ubuntu; Linux x86_64; rv:72.0) Gecko/20100101 Firefox/72.0"
185.191.171.2 - - [22/Sep/2022:23:56:20 +0200] "GET /jute-basket-planter-p-57622.html HTTP/1.0" 200 75515 "-" "Mozilla/5.0 (compatible; SemrushBot/7~bl; +http://www.semrush.com/bot.html)"
185.191.171.24 - - [22/Sep/2022:23:57:03 +0200] "GET /karur-bedclothes-p-54968.html HTTP/1.0" 200 75360 "-" "Mozilla/5.0 (compatible; SemrushBot/7~bl; +http://www.semrush.com/bot.html)"
114.119.133.245 - - [22/Sep/2022:23:57:18 +0200] "GET /kettle-pendulum-clock-p-41648.html HTTP/1.0" 200 74883 "http://www.wonder-geek.com/home-decoration-c-13.html?page=230" "Mozilla/5.0 (Linux; Android 7.0;) AppleWebKit/537.36 (KHTML, like Gecko) Mobile Safari/537.36 (compatible; PetalBot;+https://webmaster.petalsearch.com/site/petalbot)"
66.249.66.210 - - [22/Sep/2022:23:57:23 +0200] "GET /little-buddha-collection-statuette-p-53288.html HTTP/1.0" 200 74842 "-" "Mozilla/5.0 (Linux; Android 6.0.1; Nexus 5X Build/MMB29P) AppleWebKit/537.36 (KHTML, like Gecko) Chrome/105.0.5195.125 Mobile Safari/537.36 (compatible; Googlebot/2.1; +http://www.google.com/bot.html)"
66.249.66.58 - - [22/Sep/2022:23:57:26 +0200] "GET /ceramic-salt-with-spoon-dory-p-50650.html HTTP/1.0" 200 74772 "-" "Mozilla/5.0 (compatible; Googlebot/2.1; +http://www.google.com/bot.html)"
185.191.171.7 - - [22/Sep/2022:23:57:43 +0200] "GET /gorjuss-clasp-purse-pastel-pattern-print-toadstools-p-34747.html HTTP/1.0" 200 75702 "-" "Mozilla/5.0 (compatible; SemrushBot/7~bl; +http://www.semrush.com/bot.html)"
66.249.66.68 - - [22/Sep/2022:23:57:45 +0200] "GET /disney-princess-white-swimsuit-p-30311.html HTTP/1.0" 200 75896 "-" "Mozilla/5.0 (Linux; Android 6.0.1; Nexus 5X Build/MMB29P) AppleWebKit/537.36 (KHTML, like Gecko) Chrome/105.0.5195.125 Mobile Safari/537.36 (compatible; Googlebot/2.1; +http://www.google.com/bot.html)"
185.191.171.24 - - [22/Sep/2022:23:57:46 +0200] "GET /banania-trivet-p-28600.html HTTP/1.0" 200 72106 "-" "Mozilla/5.0 (compatible; SemrushBot/7~bl; +http://www.semrush.com/bot.html)"
185.191.171.8 - - [22/Sep/2022:23:58:28 +0200] "GET /ul13-large-metal-plate-deco-p-34120.html HTTP/1.0" 200 74748 "-" "Mozilla/5.0 (compatible; SemrushBot/7~bl; +http://www.semrush.com/bot.html)"
66.249.66.210 - - [22/Sep/2022:23:58:38 +0200] "GET /images/mini_prod/VANGOGH.jpg HTTP/1.0" 200 263 "-" "Mozilla/5.0 (compatible; Googlebot/2.1; +http://www.google.com/bot.html)"
66.249.66.72 - - [22/Sep/2022:23:58:38 +0200] "GET /images/mini_prod/3453131141178.jpg HTTP/1.0" 200 269 "-" "Mozilla/5.0 (compatible; Googlebot/2.1; +http://www.google.com/bot.html)"
51.68.224.127 - - [22/Sep/2022:23:58:51 +0200] "GET /adminweb/export_orders_xml.php?token=256de2z6edz6ed2z6DFSFsed2zed6zeDSFDSGdzedezfzf&maxorders=10&orderstart=1&status=14&start_date=2018-10-01 HTTP/1.0" 200 285 "-" "GesCom CharlotteBoutik Serveur"
51.68.224.127 - - [22/Sep/2022:23:58:51 +0200] "GET /adminweb/export_orders_xml.php?token=256de2z6edz6ed2z6DFSFsed2zed6zeDSFDSGdzedezfzf&maxorders=10&orderstart=1&status=6&start_date=2018-10-01 HTTP/1.0" 200 33985 "-" "GesCom CharlotteBoutik Serveur"
114.119.137.31 - - [22/Sep/2022:23:59:00 +0200] "GET /flat-thread-sheet-cotton-color-lila-powder-p-46738.html HTTP/1.0" 301 72127 "http://www.wonder-geek.com/set-of-bed-linen-c-11_68.html?page=1" "Mozilla/5.0 (Linux; Android 7.0;) AppleWebKit/537.36 (KHTML, like Gecko) Mobile Safari/537.36 (compatible; PetalBot;+https://webmaster.petalsearch.com/site/petalbot)"
163.220.128.41 - - [22/Sep/2022:23:59:01 +0200] "GET /images/mini_prod/8433933189689.jpg HTTP/1.0" 200 269 "-" "Mozilla/5.0 (X11; Ubuntu; Linux x86_64; rv:72.0) Gecko/20100101 Firefox/72.0"
114.119.137.31 - - [22/Sep/2022:23:59:02 +0200] "GET /-p-46738.html HTTP/1.0" 200 72060 "http://www.wonder-geek.com/set-of-bed-linen-c-11_68.html?page=1" "Mozilla/5.0 (Linux; Android 7.0;) AppleWebKit/537.36 (KHTML, like Gecko) Mobile Safari/537.36 (compatible; PetalBot;+https://webmaster.petalsearch.com/site/petalbot)"
185.191.171.39 - - [22/Sep/2022:23:59:04 +0200] "GET /wunzees-doll-series-lilly-ladybug-p-45112.html HTTP/1.0" 200 72207 "-" "Mozilla/5.0 (compatible; SemrushBot/7~bl; +http://www.semrush.com/bot.html)"
185.191.171.24 - - [22/Sep/2022:23:59:31 +0200] "GET /-p-31461.html HTTP/1.0" 200 72060 "-" "Mozilla/5.0 (compatible; SemrushBot/7~bl; +http://www.semrush.com/bot.html)"
66.249.66.146 - - [22/Sep/2022:23:59:45 +0200] "GET /images/4036113142265.jpg HTTP/1.0" 200 259 "-" "Googlebot-Image/1.0"
66.249.66.6 - - [22/Sep/2022:23:59:57 +0200] "GET /images/mini_prod/1399984254943.jpg HTTP/1.0" 200 269 "-" "Mozilla/5.0 (compatible; Googlebot/2.1; +http://www.google.com/bot.html)"
66.249.66.146 - - [23/Sep/2022:00:00:34 +0200] "GET /little-prince-exupery-little-tray-p-44550.html HTTP/1.0" 200 74873 "-" "Mozilla/5.0 (compatible; Googlebot/2.1; +http://www.google.com/bot.html)"
66.249.66.58 - - [23/Sep/2022:00:00:37 +0200] "GET /images/4325055184984.jpg HTTP/1.0" 200 259 "-" "Googlebot-Image/1.0"
66.249.66.144 - - [23/Sep/2022:00:00:40 +0200] "GET /retro-matte-black-metal-p-37705.html HTTP/1.0" 200 74865 "-" "Mozilla/5.0 (compatible; Googlebot/2.1; +http://www.google.com/bot.html)"
185.191.171.38 - - [23/Sep/2022:00:01:02 +0200] "GET /resin-ninja-skull-statuette-p-48767.html HTTP/1.0" 200 75398 "-" "Mozilla/5.0 (compatible; SemrushBot/7~bl; +http://www.semrush.com/bot.html)"
114.119.137.45 - - [23/Sep/2022:00:01:10 +0200] "GET /glass-double-wall-flower-life-p-51476.html HTTP/1.0" 200 74909 "http://www.wonder-geek.com/mugs-mazagrans-c-12_57.html?page=33" "Mozilla/5.0 (Linux; Android 7.0;) AppleWebKit/537.36 (KHTML, like Gecko) Mobile Safari/537.36 (compatible; PetalBot;+https://webmaster.petalsearch.com/site/petalbot)"
66.249.66.146 - - [23/Sep/2022:00:01:22 +0200] "GET /charcoal-tablets-golden-temple-tablets-p-48788.html HTTP/1.0" 200 75837 "-" "Mozilla/5.0 (Linux; Android 6.0.1; Nexus 5X Build/MMB29P) AppleWebKit/537.36 (KHTML, like Gecko) Chrome/105.0.5195.125 Mobile Safari/537.36 (compatible; Googlebot/2.1; +http://www.google.com/bot.html)"
66.249.66.58 - - [23/Sep/2022:00:01:24 +0200] "GET /images/mini_prod/80039905585252.jpg HTTP/1.0" 200 270 "-" "Mozilla/5.0 (compatible; Googlebot/2.1; +http://www.google.com/bot.html)"
66.249.66.58 - - [23/Sep/2022:00:01:29 +0200] "GET /images/mini_prod/8433933015933.jpg HTTP/1.0" 200 269 "-" "Mozilla/5.0 (compatible; Googlebot/2.1; +http://www.google.com/bot.html)"
66.249.66.68 - - [23/Sep/2022:00:01:29 +0200] "GET /images/mini_prod/3503420074585.jpg HTTP/1.0" 200 269 "-" "Mozilla/5.0 (compatible; Googlebot/2.1; +http://www.google.com/bot.html)"
207.46.13.149 - - [23/Sep/2022:00:01:41 +0200] "GET /images/big_prod/4029811380275.jpg HTTP/1.0" 200 268 "-" "Mozilla/5.0 (compatible; bingbot/2.0; +http://www.bing.com/bingbot.htm)"
66.249.66.144 - - [23/Sep/2022:00:01:48 +0200] "GET /images/big_prod/8433933152522.jpg HTTP/1.0" 200 268 "-" "Googlebot-Image/1.0"
185.191.171.20 - - [23/Sep/2022:00:02:10 +0200] "GET /black-fancy-elastic-bracelet-p-43720.html HTTP/1.0" 200 74700 "-" "Mozilla/5.0 (compatible; SemrushBot/7~bl; +http://www.semrush.com/bot.html)"
114.119.137.3 - - [23/Sep/2022:00:02:36 +0200] "GET /superman-mug-and-plate-box-p-16431.html HTTP/1.0" 301 75321 "http://www.wonder-geek.com/mugs-and-mazagrans-c-12_57.html?page=28" "Mozilla/5.0 (Linux; Android 7.0;) AppleWebKit/537.36 (KHTML, like Gecko) Mobile Safari/537.36 (compatible; PetalBot;+https://webmaster.petalsearch.com/site/petalbot)"
114.119.137.3 - - [23/Sep/2022:00:02:37 +0200] "GET /superman-plate-p-16431.html HTTP/1.0" 200 75240 "http://www.wonder-geek.com/mugs-and-mazagrans-c-12_57.html?page=28" "Mozilla/5.0 (Linux; Android 7.0;) AppleWebKit/537.36 (KHTML, like Gecko) Mobile Safari/537.36 (compatible; PetalBot;+https://webmaster.petalsearch.com/site/petalbot)"
185.191.171.25 - - [23/Sep/2022:00:02:48 +0200] "GET /cats-dubout-figurine-walk-p-35262.html HTTP/1.0" 200 75554 "-" "Mozilla/5.0 (compatible; SemrushBot/7~bl; +http://www.semrush.com/bot.html)"
185.191.171.23 - - [23/Sep/2022:00:02:59 +0200] "GET /kimmi-junior-polar-plaid-p-13087.html HTTP/1.0" 200 74863 "-" "Mozilla/5.0 (compatible; SemrushBot/7~bl; +http://www.semrush.com/bot.html)"
66.249.66.70 - - [23/Sep/2022:00:03:14 +0200] "GET /images/mini_prod/8422702358005.jpg HTTP/1.0" 200 269 "-" "Mozilla/5.0 (compatible; Googlebot/2.1; +http://www.google.com/bot.html)"
216.244.66.242 - - [23/Sep/2022:00:04:07 +0200] "GET /robots.txt HTTP/1.0" 200 245 "-" "Mozilla/5.0 (compatible; DotBot/1.2; +https://opensiteexplorer.org/dotbot; help@moz.com)"
114.119.137.43 - - [23/Sep/2022:00:04:07 +0200] "GET /set-of-gorjuss-stamps-with-ink-the-scarf-p-40495.html HTTP/1.0" 301 74924 "http://www.wonder-geek.com/creative-hobbies-and-coloring-c-129_30.html?page=2" "Mozilla/5.0 (Linux; Android 7.0;) AppleWebKit/537.36 (KHTML, like Gecko) Mobile Safari/537.36 (compatible; PetalBot;+https://webmaster.petalsearch.com/site/petalbot)"
114.119.137.43 - - [23/Sep/2022:00:04:09 +0200] "GET /gorjuss-stamps-with-scarf-p-40495.html HTTP/1.0" 200 74832 "http://www.wonder-geek.com/creative-hobbies-and-coloring-c-129_30.html?page=2" "Mozilla/5.0 (Linux; Android 7.0;) AppleWebKit/537.36 (KHTML, like Gecko) Mobile Safari/537.36 (compatible; PetalBot;+https://webmaster.petalsearch.com/site/petalbot)"
185.191.171.23 - - [23/Sep/2022:00:05:03 +0200] "GET /ultrasonic-aroma-diffuser-breeze-natural-p-54111.html HTTP/1.0" 200 76746 "-" "Mozilla/5.0 (compatible; SemrushBot/7~bl; +http://www.semrush.com/bot.html)"
185.191.171.16 - - [23/Sep/2022:00:05:06 +0200] "GET /american-cbkreation-p-23974.html HTTP/1.0" 200 74728 "-" "Mozilla/5.0 (compatible; SemrushBot/7~bl; +http://www.semrush.com/bot.html)"
185.191.171.16 - - [23/Sep/2022:00:05:09 +0200] "GET /indoor-buddha-fountain-p-48808.html HTTP/1.0" 200 74890 "-" "Mozilla/5.0 (compatible; SemrushBot/7~bl; +http://www.semrush.com/bot.html)"
157.55.39.80 - - [23/Sep/2022:00:05:19 +0200] "GET / HTTP/1.0" 200 151307 "-" "Mozilla/5.0 (compatible; bingbot/2.0; +http://www.bing.com/bingbot.htm)"
66.249.66.214 - - [23/Sep/2022:00:05:21 +0200] "GET /water-hyacinth-hanging-flowerpot-p-57568.html HTTP/1.0" 200 75504 "-" "Mozilla/5.0 (Linux; Android 6.0.1; Nexus 5X Build/MMB29P) AppleWebKit/537.36 (KHTML, like Gecko) Chrome/105.0.5195.125 Mobile Safari/537.36 (compatible; Googlebot/2.1; +http://www.google.com/bot.html)"
34.67.96.123 - - [23/Sep/2022:00:05:31 +0200] "GET /images/big_prod_1/KIT-PALLETTE-2.jpg HTTP/1.0" 200 271 "-" "Mozilla/5.0 (X11; Ubuntu; Linux x86_64; rv:72.0) Gecko/20100101 Firefox/72.0"
185.191.171.22 - - [23/Sep/2022:00:05:54 +0200] "GET /bolster-case-green-blue-p-43618.html HTTP/1.0" 200 74958 "-" "Mozilla/5.0 (compatible; SemrushBot/7~bl; +http://www.semrush.com/bot.html)"
114.119.137.43 - - [23/Sep/2022:00:05:54 +0200] "GET /removable-grey-cushion-beast-p-50884.html HTTP/1.0" 301 72127 "http://www.wonder-geek.com/cushions-c-11_71.html?page=3" "Mozilla/5.0 (Linux; Android 7.0;) AppleWebKit/537.36 (KHTML, like Gecko) Mobile Safari/537.36 (compatible; PetalBot;+https://webmaster.petalsearch.com/site/petalbot)"
185.191.171.21 - - [23/Sep/2022:00:05:56 +0200] "GET /black-buffalo-skull-jewelry-holder-white-horns-p-46733.html HTTP/1.0" 200 72262 "-" "Mozilla/5.0 (compatible; SemrushBot/7~bl; +http://www.semrush.com/bot.html)"
114.119.137.43 - - [23/Sep/2022:00:05:57 +0200] "GET /-p-50884.html HTTP/1.0" 200 72060 "http://www.wonder-geek.com/cushions-c-11_71.html?page=3" "Mozilla/5.0 (Linux; Android 7.0;) AppleWebKit/537.36 (KHTML, like Gecko) Mobile Safari/537.36 (compatible; PetalBot;+https://webmaster.petalsearch.com/site/petalbot)"
34.134.168.225 - - [23/Sep/2022:00:06:13 +0200] "GET /images/big_prod_1/BOISDEOUD.jpg HTTP/1.0" 200 266 "-" "Mozilla/5.0 (X11; Ubuntu; Linux x86_64; rv:72.0) Gecko/20100101 Firefox/72.0"
185.191.171.45 - - [23/Sep/2022:00:06:42 +0200] "GET /graphic-variations-white-p-44939.html HTTP/1.0" 200 74726 "-" "Mozilla/5.0 (compatible; SemrushBot/7~bl; +http://www.semrush.com/bot.html)"
35.187.118.85 - - [23/Sep/2022:00:06:57 +0200] "GET / HTTP/1.0" 200 151051 "-" "Mozilla/5.0 (Windows NT 10.0; Win64; x64) AppleWebKit/537.36 (KHTML, like Gecko) Chrome/84.0.4147.105 Safari/537.36"
185.191.171.25 - - [23/Sep/2022:00:07:05 +0200] "GET /quote-wooden-wall-decoration-hang-p-43085.html HTTP/1.0" 200 72188 "-" "Mozilla/5.0 (compatible; SemrushBot/7~bl; +http://www.semrush.com/bot.html)"
114.119.137.31 - - [23/Sep/2022:00:07:23 +0200] "GET /sentiment-tea-towel-kitchen-towel-70-35-cm-p-43638.html HTTP/1.0" 301 72274 "http://www.wonder-geek.com/tea-towels-napkins-c-11_177.html?page=3" "Mozilla/5.0 (Linux; Android 7.0;) AppleWebKit/537.36 (KHTML, like Gecko) Mobile Safari/537.36 (compatible; PetalBot;+https://webmaster.petalsearch.com/site/petalbot)"
114.119.137.31 - - [23/Sep/2022:00:07:25 +0200] "GET /sentiment-towel-kitchen-towel-p-43638.html HTTP/1.0" 200 72178 "http://www.wonder-geek.com/tea-towels-napkins-c-11_177.html?page=3" "Mozilla/5.0 (Linux; Android 7.0;) AppleWebKit/537.36 (KHTML, like Gecko) Mobile Safari/537.36 (compatible; PetalBot;+https://webmaster.petalsearch.com/site/petalbot)"
66.249.66.10 - - [23/Sep/2022:00:07:39 +0200] "GET /images/big_prod/4542202657683.jpg HTTP/1.0" 200 268 "-" "Googlebot-Image/1.0"
216.244.66.242 - - [23/Sep/2022:00:07:42 +0200] "GET /peter-wendy-figure-p-2886.html HTTP/1.0" 301 72124 "-" "Mozilla/5.0 (compatible; DotBot/1.2; +https://opensiteexplorer.org/dotbot; help@moz.com)"
66.249.66.56 - - [23/Sep/2022:00:07:47 +0200] "GET /images/big_prod/3560600303507.jpg HTTP/1.0" 200 268 "-" "Googlebot-Image/1.0"
216.244.66.242 - - [23/Sep/2022:00:07:54 +0200] "GET /star-wars-solo-poster-p-36315.html HTTP/1.0" 301 72127 "-" "Mozilla/5.0 (compatible; DotBot/1.2; +https://opensiteexplorer.org/dotbot; help@moz.com)"
66.249.66.6 - - [23/Sep/2022:00:07:59 +0200] "GET /images/mini_prod/1399984236208.jpg HTTP/1.0" 200 269 "-" "Mozilla/5.0 (compatible; Googlebot/2.1; +http://www.google.com/bot.html)"
66.249.66.144 - - [23/Sep/2022:00:08:02 +0200] "GET /lotus-wooden-wall-decoration-p-58576.html HTTP/1.0" 200 75352 "-" "Mozilla/5.0 (compatible; Googlebot/2.1; +http://www.google.com/bot.html)"
66.249.66.8 - - [23/Sep/2022:00:08:04 +0200] "GET /images/mini_prod/1384010205105.jpg HTTP/1.0" 200 269 "-" "Mozilla/5.0 (compatible; Googlebot/2.1; +http://www.google.com/bot.html)"
216.244.66.242 - - [23/Sep/2022:00:08:04 +0200] "GET /story-woody-figure-p-6743.html HTTP/1.0" 301 72124 "-" "Mozilla/5.0 (compatible; DotBot/1.2; +https://opensiteexplorer.org/dotbot; help@moz.com)"
66.249.66.70 - - [23/Sep/2022:00:08:07 +0200] "GET /images/mini_prod/8935770604696.jpg HTTP/1.0" 200 269 "-" "Mozilla/5.0 (compatible; Googlebot/2.1; +http://www.google.com/bot.html)"
185.191.171.26 - - [23/Sep/2022:00:08:21 +0200] "GET /mickey-mouse-large-pencil-case-p-19639.html HTTP/1.0" 200 72170 "-" "Mozilla/5.0 (compatible; SemrushBot/7~bl; +http://www.semrush.com/bot.html)"
185.191.171.10 - - [23/Sep/2022:00:08:25 +0200] "GET /metal-table-lamp-p-51784.html HTTP/1.0" 200 72114 "-" "Mozilla/5.0 (compatible; SemrushBot/7~bl; +http://www.semrush.com/bot.html)"
66.249.66.8 - - [23/Sep/2022:00:09:19 +0200] "GET /beautiful-babushka-by-kimmidoll-blue-magnet-p-33209.html HTTP/1.0" 301 72367 "-" "Mozilla/5.0 (compatible; Googlebot/2.1; +http://www.google.com/bot.html)"
66.249.66.8 - - [23/Sep/2022:00:09:21 +0200] "GET /beautiful-babushka-kimmidoll-blue-magnet-p-33209.html HTTP/1.0" 200 72260 "-" "Mozilla/5.0 (compatible; Googlebot/2.1; +http://www.google.com/bot.html)"
5.161.89.173 - - [23/Sep/2022:00:09:43 +0200] "GET /images/mini_prod/3457019600474a.jpg HTTP/1.0" 200 270 "-" "Mozilla/5.0 (X11; Ubuntu; Linux x86_64; rv:72.0) Gecko/20100101 Firefox/72.0"
114.119.137.43 - - [23/Sep/2022:00:09:44 +0200] "GET /body-baby-knight-p-50931.html HTTP/1.0" 200 74602 "http://www.wonder-geek.com/boys-c-2.html?page=2" "Mozilla/5.0 (Linux; Android 7.0;) AppleWebKit/537.36 (KHTML, like Gecko) Mobile Safari/537.36 (compatible; PetalBot;+https://webmaster.petalsearch.com/site/petalbot)"
35.239.173.137 - - [23/Sep/2022:00:09:55 +0200] "GET /images/big_prod_1/8435153868368D.jpg HTTP/1.0" 200 271 "-" "Mozilla/5.0 (X11; Ubuntu; Linux x86_64; rv:72.0) Gecko/20100101 Firefox/72.0"
66.249.66.68 - - [23/Sep/2022:00:10:14 +0200] "GET /images/mini_prod/3520071373270.jpg HTTP/1.0" 200 269 "-" "Mozilla/5.0 (compatible; Googlebot/2.1; +http://www.google.com/bot.html)"
185.191.171.17 - - [23/Sep/2022:00:10:32 +0200] "GET /placemat-kiub-collection-cats-piano-p-55906.html HTTP/1.0" 200 78518 "-" "Mozilla/5.0 (compatible; SemrushBot/7~bl; +http://www.semrush.com/bot.html)"
66.249.66.212 - - [23/Sep/2022:00:10:39 +0200] "GET /images/mini_prod/3453131147712.jpg HTTP/1.0" 200 269 "-" "Mozilla/5.0 (compatible; Googlebot/2.1; +http://www.google.com/bot.html)"
66.249.66.146 - - [23/Sep/2022:00:10:40 +0200] "GET /images/mini_prod/3503420107825.jpg HTTP/1.0" 200 269 "-" "Mozilla/5.0 (compatible; Googlebot/2.1; +http://www.google.com/bot.html)"
66.249.66.56 - - [23/Sep/2022:00:10:59 +0200] "GET /images/mini_prod/8435306290381.jpg HTTP/1.0" 200 269 "-" "Mozilla/5.0 (compatible; Googlebot/2.1; +http://www.google.com/bot.html)"
185.191.171.16 - - [23/Sep/2022:00:11:40 +0200] "GET /decorative-wooden-plate-entre-interdite-rleurs-light-brown-p-47813.html HTTP/1.0" 200 75241 "-" "Mozilla/5.0 (compatible; SemrushBot/7~bl; +http://www.semrush.com/bot.html)"
157.55.39.217 - - [23/Sep/2022:00:11:52 +0200] "GET /ceramic-incense-burner-p-58642.html HTTP/1.0" 200 75459 "-" "Mozilla/5.0 AppleWebKit/537.36 (KHTML, like Gecko; compatible; bingbot/2.0; +http://www.bing.com/bingbot.htm) Chrome/103.0.5060.134 Safari/537.36"
34.67.96.123 - - [23/Sep/2022:00:12:12 +0200] "GET /images/mini_prod/3660173148601.jpg HTTP/1.0" 200 269 "-" "Mozilla/5.0 (X11; Ubuntu; Linux x86_64; rv:72.0) Gecko/20100101 Firefox/72.0"
34.67.96.123 - - [23/Sep/2022:00:12:33 +0200] "GET /images/mini_prod/3560600300964.jpg HTTP/1.0" 200 269 "-" "Mozilla/5.0 (X11; Ubuntu; Linux x86_64; rv:72.0) Gecko/20100101 Firefox/72.0"
146.70.52.229 - - [23/Sep/2022:00:12:35 +0200] "GET /contact_us.php?action=success HTTP/1.0" 200 13477 "http://www.wonder-geek.com/contact_us.php?action=success" "Mozilla/5.0 (Windows NT 6.2; Win64; x64) AppleWebKit/537.36 (KHTML, like Gecko) Chrome/90.0.4430.93 Safari/537.36"
146.70.52.229 - - [23/Sep/2022:00:12:36 +0200] "GET /index.php HTTP/1.0" 200 151131 "http://www.wonder-geek.com/index.php" "Mozilla/5.0 (Windows NT 6.2; Win64; x64) AppleWebKit/537.36 (KHTML, like Gecko) Chrome/90.0.4430.93 Safari/537.36"
146.70.52.229 - - [23/Sep/2022:00:12:39 +0200] "GET /trivet-boards-c-12_158.html HTTP/1.0" 200 95853 "http://www.wonder-geek.com/trivet-boards-c-12_158.html" "Mozilla/5.0 (Windows NT 6.2; Win64; x64) AppleWebKit/537.36 (KHTML, like Gecko) Chrome/90.0.4430.93 Safari/537.36"
146.70.52.229 - - [23/Sep/2022:00:12:42 +0200] "GET /cardboard-boxes-storage-c-13_150_216.html HTTP/1.0" 200 79500 "http://www.wonder-geek.com/cardboard-boxes-storage-c-13_150_216.html" "Mozilla/5.0 (Windows NT 6.2; Win64; x64) AppleWebKit/537.36 (KHTML, like Gecko) Chrome/90.0.4430.93 Safari/537.36"
146.70.52.229 - - [23/Sep/2022:00:12:43 +0200] "GET /cushion-headboard-c-11_173.html HTTP/1.0" 200 78918 "http://www.wonder-geek.com/cushion-headboard-c-11_173.html" "Mozilla/5.0 (Windows NT 6.2; Win64; x64) AppleWebKit/537.36 (KHTML, like Gecko) Chrome/90.0.4430.93 Safari/537.36"
146.70.52.229 - - [23/Sep/2022:00:12:45 +0200] "GET /board-games-c-4_47.html HTTP/1.0" 200 77398 "http://www.wonder-geek.com/board-games-c-4_47.html" "Mozilla/5.0 (Windows NT 6.2; Win64; x64) AppleWebKit/537.36 (KHTML, like Gecko) Chrome/90.0.4430.93 Safari/537.36"
185.191.171.10 - - [23/Sep/2022:00:13:18 +0200] "GET /meditation-cushion-black-organic-cotton-p-47257.html HTTP/1.0" 200 76353 "-" "Mozilla/5.0 (compatible; SemrushBot/7~bl; +http://www.semrush.com/bot.html)"
66.249.66.10 - - [23/Sep/2022:00:13:18 +0200] "GET /cats-dubout-vase-trio-p-35042.html HTTP/1.0" 200 75736 "-" "Mozilla/5.0 (Linux; Android 6.0.1; Nexus 5X Build/MMB29P) AppleWebKit/537.36 (KHTML, like Gecko) Chrome/105.0.5195.125 Mobile Safari/537.36 (compatible; Googlebot/2.1; +http://www.google.com/bot.html)"
185.191.171.1 - - [23/Sep/2022:00:13:21 +0200] "GET /marley-song-zippo-lighter-p-13400.html HTTP/1.0" 200 75189 "-" "Mozilla/5.0 (compatible; SemrushBot/7~bl; +http://www.semrush.com/bot.html)"
34.67.96.123 - - [23/Sep/2022:00:13:46 +0200] "GET /images/mini_prod/3760116326421.jpg HTTP/1.0" 200 269 "-" "Mozilla/5.0 (X11; Ubuntu; Linux x86_64; rv:72.0) Gecko/20100101 Firefox/72.0"
66.249.66.146 - - [23/Sep/2022:00:14:41 +0200] "GET /images/big_prod/4029811349258.jpg HTTP/1.0" 200 268 "-" "Googlebot-Image/1.0"
185.191.171.1 - - [23/Sep/2022:00:14:42 +0200] "GET /grey-shirt-p-33811.html HTTP/1.0" 200 76563 "-" "Mozilla/5.0 (compatible; SemrushBot/7~bl; +http://www.semrush.com/bot.html)"
51.68.224.127 - - [23/Sep/2022:00:15:07 +0200] "GET /adminweb/export_orders_xml.php?token=256de2z6edz6ed2z6DFSFsed2zed6zeDSFDSGdzedezfzf&maxorders=10&orderstart=1&status=14&start_date=2018-10-01 HTTP/1.0" 200 285 "-" "GesCom CharlotteBoutik Serveur"
51.68.224.127 - - [23/Sep/2022:00:15:07 +0200] "GET /adminweb/export_orders_xml.php?token=256de2z6edz6ed2z6DFSFsed2zed6zeDSFDSGdzedezfzf&maxorders=10&orderstart=1&status=6&start_date=2018-10-01 HTTP/1.0" 200 33985 "-" "GesCom CharlotteBoutik Serveur"
185.191.171.26 - - [23/Sep/2022:00:15:34 +0200] "GET /orangutan-glass-clock-p-28111.html HTTP/1.0" 200 74693 "-" "Mozilla/5.0 (compatible; SemrushBot/7~bl; +http://www.semrush.com/bot.html)"
66.249.66.6 - - [23/Sep/2022:00:15:38 +0200] "GET /images/med_prod/1399984286319.jpg HTTP/1.0" 200 268 "-" "Googlebot-Image/1.0"
185.191.171.23 - - [23/Sep/2022:00:15:55 +0200] "GET /-p-17392.html HTTP/1.0" 200 72060 "-" "Mozilla/5.0 (compatible; SemrushBot/7~bl; +http://www.semrush.com/bot.html)"
34.198.236.55 - - [23/Sep/2022:00:16:13 +0200] "GET /images/mini_prod/3574642579790.jpg HTTP/1.0" 200 269 "-" "Mozilla/5.0 (X11; Ubuntu; Linux x86_64; rv:72.0) Gecko/20100101 Firefox/72.0"
157.55.39.12 - - [23/Sep/2022:00:16:54 +0200] "GET /images/mini_prod/3520071850986T.jpg HTTP/1.0" 200 270 "-" "Mozilla/5.0 (compatible; bingbot/2.0; +http://www.bing.com/bingbot.htm)"
66.249.66.210 - - [23/Sep/2022:00:17:17 +0200] "GET /dishes-c-12.html?page=97 HTTP/1.0" 200 93268 "-" "Mozilla/5.0 (Linux; Android 6.0.1; Nexus 5X Build/MMB29P) AppleWebKit/537.36 (KHTML, like Gecko) Chrome/105.0.5195.125 Mobile Safari/537.36 (compatible; Googlebot/2.1; +http://www.google.com/bot.html)"
216.244.66.242 - - [23/Sep/2022:00:17:33 +0200] "GET /horse-photo-frame-p-26643.html HTTP/1.0" 200 74697 "-" "Mozilla/5.0 (compatible; DotBot/1.2; +https://opensiteexplorer.org/dotbot; help@moz.com)"
216.244.66.242 - - [23/Sep/2022:00:17:43 +0200] "GET /verrine-unit-p-53426.html HTTP/1.0" 200 74703 "-" "Mozilla/5.0 (compatible; DotBot/1.2; +https://opensiteexplorer.org/dotbot; help@moz.com)"
185.191.171.21 - - [23/Sep/2022:00:18:22 +0200] "GET /little-prince-exupery-little-tray-p-55866.html HTTP/1.0" 200 75072 "-" "Mozilla/5.0 (compatible; SemrushBot/7~bl; +http://www.semrush.com/bot.html)"
66.249.66.210 - - [23/Sep/2022:00:18:31 +0200] "GET /images/mini_prod/3453131062558.jpg HTTP/1.0" 200 269 "-" "Mozilla/5.0 (compatible; Googlebot/2.1; +http://www.google.com/bot.html)"
66.249.66.146 - - [23/Sep/2022:00:18:33 +0200] "GET /images/mini_prod/3520071724584.jpg HTTP/1.0" 200 269 "-" "Mozilla/5.0 (compatible; Googlebot/2.1; +http://www.google.com/bot.html)"
66.249.66.144 - - [23/Sep/2022:00:18:35 +0200] "GET /images/mini_prod/1384010192023.jpg HTTP/1.0" 200 269 "-" "Mozilla/5.0 (compatible; Googlebot/2.1; +http://www.google.com/bot.html)"
66.249.66.6 - - [23/Sep/2022:00:18:41 +0200] "GET /images/mini_prod/8003990623886BB.jpg HTTP/1.0" 200 271 "-" "Mozilla/5.0 (compatible; Googlebot/2.1; +http://www.google.com/bot.html)"
185.191.171.21 - - [23/Sep/2022:00:18:49 +0200] "GET /-p-46859.html HTTP/1.0" 200 72060 "-" "Mozilla/5.0 (compatible; SemrushBot/7~bl; +http://www.semrush.com/bot.html)"
114.119.137.3 - - [23/Sep/2022:00:18:54 +0200] "GET /wall-decor-octopus-45-35-cm-p-47397.html HTTP/1.0" 301 75502 "http://www.wonder-geek.com/home-and-decoration-c-13.html?page=91" "Mozilla/5.0 (Linux; Android 7.0;) AppleWebKit/537.36 (KHTML, like Gecko) Mobile Safari/537.36 (compatible; PetalBot;+https://webmaster.petalsearch.com/site/petalbot)"
114.119.137.3 - - [23/Sep/2022:00:18:56 +0200] "GET /wall-decor-octopus-p-47397.html HTTP/1.0" 200 75417 "http://www.wonder-geek.com/home-and-decoration-c-13.html?page=91" "Mozilla/5.0 (Linux; Android 7.0;) AppleWebKit/537.36 (KHTML, like Gecko) Mobile Safari/537.36 (compatible; PetalBot;+https://webmaster.petalsearch.com/site/petalbot)"
66.249.66.72 - - [23/Sep/2022:00:19:16 +0200] "GET /images/mini_prod/4029811448883.jpg HTTP/1.0" 200 269 "-" "Mozilla/5.0 (compatible; Googlebot/2.1; +http://www.google.com/bot.html)"
66.249.66.214 - - [23/Sep/2022:00:20:30 +0200] "GET /images/mini_prod/3609810034587.jpg HTTP/1.0" 200 269 "-" "Googlebot-Image/1.0"
216.244.66.242 - - [23/Sep/2022:00:20:38 +0200] "GET /animals-pencil-cbkreation-p-45063.html HTTP/1.0" 200 74770 "-" "Mozilla/5.0 (compatible; DotBot/1.2; +https://opensiteexplorer.org/dotbot; help@moz.com)"
216.244.66.242 - - [23/Sep/2022:00:20:51 +0200] "GET /figurine-snail-cement-aged-effect-p-45677.html HTTP/1.0" 200 74898 "-" "Mozilla/5.0 (compatible; DotBot/1.2; +https://opensiteexplorer.org/dotbot; help@moz.com)"
185.191.171.17 - - [23/Sep/2022:00:21:02 +0200] "GET /vase-buddha-head-p-52316.html HTTP/1.0" 200 72130 "-" "Mozilla/5.0 (compatible; SemrushBot/7~bl; +http://www.semrush.com/bot.html)"
216.244.66.242 - - [23/Sep/2022:00:21:02 +0200] "GET /home-and-decoration-c-13.html?page=2 HTTP/1.0" 301 94038 "-" "Mozilla/5.0 (compatible; DotBot/1.2; +https://opensiteexplorer.org/dotbot; help@moz.com)"
66.249.66.58 - - [23/Sep/2022:00:21:15 +0200] "GET /gorjuss-premium-metal-toadstools-p-40508.html HTTP/1.0" 200 75373 "-" "Mozilla/5.0 (Linux; Android 6.0.1; Nexus 5X Build/MMB29P) AppleWebKit/537.36 (KHTML, like Gecko) Chrome/105.0.5195.125 Mobile Safari/537.36 (compatible; Googlebot/2.1; +http://www.google.com/bot.html)"
216.244.66.242 - - [23/Sep/2022:00:21:16 +0200] "GET /placemat-bonne-franquette-p-53599.html HTTP/1.0" 200 75332 "-" "Mozilla/5.0 (compatible; DotBot/1.2; +https://opensiteexplorer.org/dotbot; help@moz.com)"
66.249.66.212 - - [23/Sep/2022:00:21:21 +0200] "GET /images/mini_prod/5055071662638.jpg HTTP/1.0" 200 269 "-" "Mozilla/5.0 (compatible; Googlebot/2.1; +http://www.google.com/bot.html)"
216.244.66.242 - - [23/Sep/2022:00:21:27 +0200] "GET /spongebob-punk-dead-wall-clock-p-13457.html HTTP/1.0" 200 74836 "-" "Mozilla/5.0 (compatible; DotBot/1.2; +https://opensiteexplorer.org/dotbot; help@moz.com)"
185.191.171.18 - - [23/Sep/2022:00:21:34 +0200] "GET /concentr-chaleur-water-bottle-p-58476.html HTTP/1.0" 200 75460 "-" "Mozilla/5.0 (compatible; SemrushBot/7~bl; +http://www.semrush.com/bot.html)"
216.244.66.242 - - [23/Sep/2022:00:21:36 +0200] "GET /tetsubin-black-teapot-japanese-liter-p-39976.html HTTP/1.0" 200 75029 "-" "Mozilla/5.0 (compatible; DotBot/1.2; +https://opensiteexplorer.org/dotbot; help@moz.com)"
114.119.137.43 - - [23/Sep/2022:00:21:41 +0200] "GET /mugs-and-mazagrans-c-12_57.html HTTP/1.0" 301 97840 "http://www.wonder-geek.com" "Mozilla/5.0 (Linux; Android 7.0;) AppleWebKit/537.36 (KHTML, like Gecko) Mobile Safari/537.36 (compatible; PetalBot;+https://webmaster.petalsearch.com/site/petalbot)"
114.119.137.43 - - [23/Sep/2022:00:21:42 +0200] "GET /mugs-mazagrans-c-57.html HTTP/1.0" 301 97739 "http://www.wonder-geek.com" "Mozilla/5.0 (Linux; Android 7.0;) AppleWebKit/537.36 (KHTML, like Gecko) Mobile Safari/537.36 (compatible; PetalBot;+https://webmaster.petalsearch.com/site/petalbot)"
114.119.137.43 - - [23/Sep/2022:00:21:45 +0200] "GET /mugs-mazagrans-c-12_57.html HTTP/1.0" 200 97762 "http://www.wonder-geek.com" "Mozilla/5.0 (Linux; Android 7.0;) AppleWebKit/537.36 (KHTML, like Gecko) Mobile Safari/537.36 (compatible; PetalBot;+https://webmaster.petalsearch.com/site/petalbot)"
66.249.66.144 - - [23/Sep/2022:00:21:56 +0200] "GET /images/mini_prod/3700407620326.jpg HTTP/1.0" 200 269 "-" "Mozilla/5.0 (compatible; Googlebot/2.1; +http://www.google.com/bot.html)"
185.191.171.17 - - [23/Sep/2022:00:22:16 +0200] "GET /french-bulldog-chihuahua-p-34850.html HTTP/1.0" 200 74748 "-" "Mozilla/5.0 (compatible; SemrushBot/7~bl; +http://www.semrush.com/bot.html)"
66.249.66.70 - - [23/Sep/2022:00:23:03 +0200] "GET /images/mini_prod/8003990631232.jpg HTTP/1.0" 200 269 "-" "Mozilla/5.0 (compatible; Googlebot/2.1; +http://www.google.com/bot.html)"
66.249.66.212 - - [23/Sep/2022:00:23:04 +0200] "GET /images/mini_prod/4029811423385.jpg HTTP/1.0" 200 269 "-" "Mozilla/5.0 (compatible; Googlebot/2.1; +http://www.google.com/bot.html)"
185.191.171.16 - - [23/Sep/2022:00:23:11 +0200] "GET /robots.txt HTTP/1.0" 200 245 "-" "Mozilla/5.0 (compatible; SemrushBot/7~bl; +http://www.semrush.com/bot.html)"
185.191.171.37 - - [23/Sep/2022:00:23:12 +0200] "GET /retro-wooden-chest-p-52932.html HTTP/1.0" 200 72134 "-" "Mozilla/5.0 (compatible; SemrushBot/7~bl; +http://www.semrush.com/bot.html)"
66.249.66.146 - - [23/Sep/2022:00:23:19 +0200] "GET /images/mini_prod/1384000001717.jpg HTTP/1.0" 200 269 "-" "Mozilla/5.0 (compatible; Googlebot/2.1; +http://www.google.com/bot.html)"
66.249.66.144 - - [23/Sep/2022:00:23:48 +0200] "GET /images/mini_prod/3574642575228.jpg HTTP/1.0" 200 269 "-" "Mozilla/5.0 (compatible; Googlebot/2.1; +http://www.google.com/bot.html)"
66.249.66.144 - - [23/Sep/2022:00:24:08 +0200] "GET /images/mini_prod/1384010176016.jpg HTTP/1.0" 200 269 "-" "Mozilla/5.0 (compatible; Googlebot/2.1; +http://www.google.com/bot.html)"
114.119.137.3 - - [23/Sep/2022:00:24:22 +0200] "GET /britto-heart-pill-box-p-32626.html HTTP/1.0" 301 72127 "http://www.wonder-geek.com/boxes-and-storage-box-c-13_150.html?page=11" "Mozilla/5.0 (Linux; Android 7.0;) AppleWebKit/537.36 (KHTML, like Gecko) Mobile Safari/537.36 (compatible; PetalBot;+https://webmaster.petalsearch.com/site/petalbot)"
66.249.66.56 - - [23/Sep/2022:00:24:23 +0200] "GET /images/mini_prod/5050293803197.jpg HTTP/1.0" 200 269 "-" "Mozilla/5.0 (compatible; Googlebot/2.1; +http://www.google.com/bot.html)"
66.249.66.210 - - [23/Sep/2022:00:24:24 +0200] "GET /images/mini_prod/3453131145268.jpg HTTP/1.0" 200 269 "-" "Mozilla/5.0 (compatible; Googlebot/2.1; +http://www.google.com/bot.html)"
114.119.137.3 - - [23/Sep/2022:00:24:24 +0200] "GET /-p-32626.html HTTP/1.0" 200 72060 "http://www.wonder-geek.com/boxes-and-storage-box-c-13_150.html?page=11" "Mozilla/5.0 (Linux; Android 7.0;) AppleWebKit/537.36 (KHTML, like Gecko) Mobile Safari/537.36 (compatible; PetalBot;+https://webmaster.petalsearch.com/site/petalbot)"
66.249.66.68 - - [23/Sep/2022:00:24:28 +0200] "GET /images/mini_prod/1384010200476.jpg HTTP/1.0" 200 269 "-" "Mozilla/5.0 (compatible; Googlebot/2.1; +http://www.google.com/bot.html)"
66.249.66.68 - - [23/Sep/2022:00:24:39 +0200] "GET /images/mini_prod/4029811320004.jpg HTTP/1.0" 200 269 "-" "Mozilla/5.0 (compatible; Googlebot/2.1; +http://www.google.com/bot.html)"
66.249.66.68 - - [23/Sep/2022:00:24:40 +0200] "GET /images/mini_prod/8718375751336.jpg HTTP/1.0" 200 269 "-" "Mozilla/5.0 (compatible; Googlebot/2.1; +http://www.google.com/bot.html)"
66.249.66.56 - - [23/Sep/2022:00:24:41 +0200] "GET /images/mini_prod/1399984227435.jpg HTTP/1.0" 200 269 "-" "Mozilla/5.0 (compatible; Googlebot/2.1; +http://www.google.com/bot.html)"
66.249.66.10 - - [23/Sep/2022:00:25:14 +0200] "GET /myrrhe-aromatika-incense-sticks-p-58248.html HTTP/1.0" 200 74837 "-" "Mozilla/5.0 (Linux; Android 6.0.1; Nexus 5X Build/MMB29P) AppleWebKit/537.36 (KHTML, like Gecko) Chrome/105.0.5195.125 Mobile Safari/537.36 (compatible; Googlebot/2.1; +http://www.google.com/bot.html)"
147.92.153.9 - - [23/Sep/2022:00:25:22 +0200] "GET /-i-17.html HTTP/1.0" 200 101217 "-" "Mozilla/5.0 (compatible; Linespider/1.1; +https://lin.ee/4dwXkTH)"
163.220.128.41 - - [23/Sep/2022:00:25:26 +0200] "GET /images/mini_prod/1399984241820.jpg HTTP/1.0" 200 269 "-" "Mozilla/5.0 (X11; Ubuntu; Linux x86_64; rv:72.0) Gecko/20100101 Firefox/72.0"
147.92.153.18 - - [23/Sep/2022:00:25:26 +0200] "GET /swfobject.js HTTP/1.0" 404 1308 "http://www.wonder-geek.com/-i-17.html" "Mozilla/5.0 AppleWebKit/537.36 (KHTML, like Gecko; compatible; Linespider/1.1; +https://lin.ee/4dwXkTH) Chrome/101.0.4951.0 Safari/537.36, Mozilla/5.0 (compatible; Linespider/1.1; +https://lin.ee/4dwXkTH)"
66.249.66.210 - - [23/Sep/2022:00:25:45 +0200] "GET /bamboo-fiber-plant-cover-p-54252.html HTTP/1.0" 200 75333 "-" "Mozilla/5.0 (Linux; Android 6.0.1; Nexus 5X Build/MMB29P) AppleWebKit/537.36 (KHTML, like Gecko) Chrome/105.0.5195.125 Mobile Safari/537.36 (compatible; Googlebot/2.1; +http://www.google.com/bot.html)"
66.249.66.8 - - [23/Sep/2022:00:26:16 +0200] "GET /images/mini_prod/3272760389849.jpg HTTP/1.0" 200 269 "-" "Mozilla/5.0 (compatible; Googlebot/2.1; +http://www.google.com/bot.html)"
66.249.66.148 - - [23/Sep/2022:00:26:16 +0200] "GET /images/mini_prod/3684225058366.jpg HTTP/1.0" 200 269 "-" "Mozilla/5.0 (compatible; Googlebot/2.1; +http://www.google.com/bot.html)"
66.249.66.210 - - [23/Sep/2022:00:28:07 +0200] "GET /images/mini_prod/8435306269776.jpg HTTP/1.0" 200 269 "-" "Mozilla/5.0 (compatible; Googlebot/2.1; +http://www.google.com/bot.html)"
66.249.66.210 - - [23/Sep/2022:00:28:47 +0200] "GET /images/mini_prod/3453131146647.jpg HTTP/1.0" 200 269 "-" "Mozilla/5.0 (compatible; Googlebot/2.1; +http://www.google.com/bot.html)"
66.249.66.68 - - [23/Sep/2022:00:30:35 +0200] "GET /images/big_prod_1/8422018883413B.jpg HTTP/1.0" 200 271 "-" "Googlebot-Image/1.0"
185.191.171.41 - - [23/Sep/2022:00:30:41 +0200] "GET /paperweight-oiseau-ciel-magritte-p-53583.html HTTP/1.0" 200 76303 "-" "Mozilla/5.0 (compatible; SemrushBot/7~bl; +http://www.semrush.com/bot.html)"
157.55.39.28 - - [23/Sep/2022:00:30:58 +0200] "GET /images/DSCN4698.jpg HTTP/1.0" 200 254 "-" "Mozilla/5.0 AppleWebKit/537.36 (KHTML, like Gecko; compatible; bingbot/2.0; +http://www.bing.com/bingbot.htm) Chrome/103.0.5060.134 Safari/537.36"
185.191.171.3 - - [23/Sep/2022:00:31:08 +0200] "GET /cicada-cast-iron-trivet-p-48577.html HTTP/1.0" 200 74720 "-" "Mozilla/5.0 (compatible; SemrushBot/7~bl; +http://www.semrush.com/bot.html)"
207.46.13.149 - - [23/Sep/2022:00:31:29 +0200] "GET /images/med_prod/5415203516114.jpg HTTP/1.0" 200 268 "-" "Mozilla/5.0 (compatible; bingbot/2.0; +http://www.bing.com/bingbot.htm)"
66.249.66.214 - - [23/Sep/2022:00:31:54 +0200] "GET /images/mini_prod/8422088054812.jpg HTTP/1.0" 200 269 "-" "Mozilla/5.0 (compatible; Googlebot/2.1; +http://www.google.com/bot.html)"
66.249.66.144 - - [23/Sep/2022:00:31:55 +0200] "GET /images/mini_prod/3438100344569.jpg HTTP/1.0" 200 269 "-" "Mozilla/5.0 (compatible; Googlebot/2.1; +http://www.google.com/bot.html)"
119.8.115.2 - - [23/Sep/2022:00:32:08 +0200] "GET /images/mini_prod/MISES-EN-SITUATION-06.jpg HTTP/1.0" 200 277 "-" "Mozilla/5.0 (Windows NT 10.0; Win64; x64) AppleWebKit/537.36 (KHTML, like Gecko) Chrome/54.0.2840.99 Safari/537.36"
51.68.224.127 - - [23/Sep/2022:00:32:21 +0200] "GET /adminweb/export_orders_xml.php?token=256de2z6edz6ed2z6DFSFsed2zed6zeDSFDSGdzedezfzf&maxorders=10&orderstart=1&status=14&start_date=2018-10-01 HTTP/1.0" 200 285 "-" "GesCom CharlotteBoutik Serveur"
66.249.66.146 - - [23/Sep/2022:00:32:21 +0200] "GET /images/mini_prod/1384010189283.jpg HTTP/1.0" 200 269 "-" "Mozilla/5.0 (compatible; Googlebot/2.1; +http://www.google.com/bot.html)"
51.68.224.127 - - [23/Sep/2022:00:32:21 +0200] "GET /adminweb/export_orders_xml.php?token=256de2z6edz6ed2z6DFSFsed2zed6zeDSFDSGdzedezfzf&maxorders=10&orderstart=1&status=6&start_date=2018-10-01 HTTP/1.0" 200 33985 "-" "GesCom CharlotteBoutik Serveur"
114.119.137.3 - - [23/Sep/2022:00:32:58 +0200] "GET /images/big_prod_1/3660173208558a.jpg HTTP/1.0" 200 271 "http://www.wonder-geek.com/rabbit-shaped-night-light-p-55542.html" "Mozilla/5.0 (Linux; Android 7.0;) AppleWebKit/537.36 (KHTML, like Gecko) Mobile Safari/537.36 (compatible; PetalBot;+https://webmaster.petalsearch.com/site/petalbot)"
163.220.128.41 - - [23/Sep/2022:00:33:12 +0200] "GET /images/mini_prod/8432699066876.jpg HTTP/1.0" 200 269 "-" "Mozilla/5.0 (X11; Ubuntu; Linux x86_64; rv:72.0) Gecko/20100101 Firefox/72.0"
66.249.66.144 - - [23/Sep/2022:00:33:11 +0200] "GET /waterproof-backpack-liters-pink-p-58218.html HTTP/1.0" 200 75726 "-" "Mozilla/5.0 (Linux; Android 6.0.1; Nexus 5X Build/MMB29P) AppleWebKit/537.36 (KHTML, like Gecko) Chrome/105.0.5195.125 Mobile Safari/537.36 (compatible; Googlebot/2.1; +http://www.google.com/bot.html)"
66.249.66.58 - - [23/Sep/2022:00:33:22 +0200] "GET /images/mini_prod/1300000022101.jpg HTTP/1.0" 200 269 "-" "Googlebot-Image/1.0"
66.249.66.210 - - [23/Sep/2022:00:33:41 +0200] "GET /lying-gray-maurice-figurine-p-53647.html HTTP/1.0" 200 74864 "-" "Mozilla/5.0 (Linux; Android 6.0.1; Nexus 5X Build/MMB29P) AppleWebKit/537.36 (KHTML, like Gecko) Chrome/105.0.5195.125 Mobile Safari/537.36 (compatible; Googlebot/2.1; +http://www.google.com/bot.html)"
66.249.66.6 - - [23/Sep/2022:00:33:56 +0200] "GET /images/mini_prod/3560600297288.jpg HTTP/1.0" 200 269 "-" "Mozilla/5.0 (compatible; Googlebot/2.1; +http://www.google.com/bot.html)"
185.191.171.25 - - [23/Sep/2022:00:35:05 +0200] "GET /copains-abord-wooden-tray-p-58484.html HTTP/1.0" 200 75490 "-" "Mozilla/5.0 (compatible; SemrushBot/7~bl; +http://www.semrush.com/bot.html)"
185.191.171.6 - - [23/Sep/2022:00:35:41 +0200] "GET /votive-candle-hours-true-enchantment-p-33129.html HTTP/1.0" 200 76021 "-" "Mozilla/5.0 (compatible; SemrushBot/7~bl; +http://www.semrush.com/bot.html)"
207.46.13.149 - - [23/Sep/2022:00:35:58 +0200] "GET /images/4025055993929.jpg HTTP/1.0" 200 259 "-" "Mozilla/5.0 AppleWebKit/537.36 (KHTML, like Gecko; compatible; bingbot/2.0; +http://www.bing.com/bingbot.htm) Chrome/103.0.5060.134 Safari/537.36"
87.250.224.94 - - [23/Sep/2022:00:36:01 +0200] "GET /robots.txt HTTP/1.0" 200 245 "-" "Mozilla/5.0 (compatible; YandexBot/3.0; +http://yandex.com/bots)"
87.250.224.94 - - [23/Sep/2022:00:36:05 +0200] "GET /images/5425023083802.jpg HTTP/1.0" 200 259 "-" "Mozilla/5.0 (compatible; YandexImages/3.0; +http://yandex.com/bots)"
66.249.66.210 - - [23/Sep/2022:00:36:06 +0200] "GET /images/mini_prod/1300000030021.jpg HTTP/1.0" 200 269 "-" "Mozilla/5.0 (compatible; Googlebot/2.1; +http://www.google.com/bot.html)"
66.249.66.58 - - [23/Sep/2022:00:36:33 +0200] "GET /images/mini_prod/3438100321195.jpg HTTP/1.0" 200 269 "-" "Mozilla/5.0 (compatible; Googlebot/2.1; +http://www.google.com/bot.html)"
66.249.66.210 - - [23/Sep/2022:00:36:36 +0200] "GET /images/mini_prod/3494150095066.jpg HTTP/1.0" 200 269 "-" "Mozilla/5.0 (compatible; Googlebot/2.1; +http://www.google.com/bot.html)"
114.119.137.31 - - [23/Sep/2022:00:36:38 +0200] "GET /images/big_prod/4542202657683.jpg HTTP/1.0" 200 268 "http://www.wonder-geek.com/message-love-series-sonny-angel-figure-p-58629.html" "Mozilla/5.0 (Linux; Android 7.0;) AppleWebKit/537.36 (KHTML, like Gecko) Mobile Safari/537.36 (compatible; PetalBot;+https://webmaster.petalsearch.com/site/petalbot)"
185.191.171.25 - - [23/Sep/2022:00:37:10 +0200] "GET /bears-decoration-statuette-p-49275.html HTTP/1.0" 200 72154 "-" "Mozilla/5.0 (compatible; SemrushBot/7~bl; +http://www.semrush.com/bot.html)"
66.249.66.10 - - [23/Sep/2022:00:37:10 +0200] "GET /shopping-gogh-iris-p-53536.html HTTP/1.0" 200 75539 "-" "Mozilla/5.0 (compatible; Googlebot/2.1; +http://www.google.com/bot.html)"
185.191.171.39 - - [23/Sep/2022:00:37:13 +0200] "GET /glass-cutting-board-cbkreation-p-51283.html HTTP/1.0" 200 74766 "-" "Mozilla/5.0 (compatible; SemrushBot/7~bl; +http://www.semrush.com/bot.html)"
66.249.66.6 - - [23/Sep/2022:00:37:19 +0200] "GET /images/mini_prod/3453131143219.jpg HTTP/1.0" 200 269 "-" "Mozilla/5.0 (compatible; Googlebot/2.1; +http://www.google.com/bot.html)"
34.67.96.123 - - [23/Sep/2022:00:37:47 +0200] "GET /images/mini_prod/3503420069482.jpg HTTP/1.0" 200 269 "-" "Mozilla/5.0 (X11; Ubuntu; Linux x86_64; rv:72.0) Gecko/20100101 Firefox/72.0"
185.191.171.6 - - [23/Sep/2022:00:38:06 +0200] "GET /decoration-pose-patinated-resin-circles-p-48842.html HTTP/1.0" 200 72212 "-" "Mozilla/5.0 (compatible; SemrushBot/7~bl; +http://www.semrush.com/bot.html)"
114.119.137.31 - - [23/Sep/2022:00:38:15 +0200] "GET /the-little-prince-of-saint-exupery-wall-decoration-19-19-cm-p-45842.html HTTP/1.0" 301 75115 "http://www.wonder-geek.com/home-and-decoration-c-13.html?page=70" "Mozilla/5.0 (Linux; Android 7.0;) AppleWebKit/537.36 (KHTML, like Gecko) Mobile Safari/537.36 (compatible; PetalBot;+https://webmaster.petalsearch.com/site/petalbot)"
114.119.137.31 - - [23/Sep/2022:00:38:17 +0200] "GET /little-prince-saint-exupery-wall-decoration-p-45842.html HTTP/1.0" 200 75005 "http://www.wonder-geek.com/home-and-decoration-c-13.html?page=70" "Mozilla/5.0 (Linux; Android 7.0;) AppleWebKit/537.36 (KHTML, like Gecko) Mobile Safari/537.36 (compatible; PetalBot;+https://webmaster.petalsearch.com/site/petalbot)"
66.249.66.68 - - [23/Sep/2022:00:38:22 +0200] "GET /images/8421440076011.jpg HTTP/1.0" 200 259 "-" "Googlebot-Image/1.0"
34.67.96.123 - - [23/Sep/2022:00:38:54 +0200] "GET /images/mini_prod/3681644302094.jpg HTTP/1.0" 200 269 "-" "Mozilla/5.0 (X11; Ubuntu; Linux x86_64; rv:72.0) Gecko/20100101 Firefox/72.0"
185.191.171.10 - - [23/Sep/2022:00:39:26 +0200] "GET /buddha-statue-bust-p-49881.html HTTP/1.0" 200 75701 "-" "Mozilla/5.0 (compatible; SemrushBot/7~bl; +http://www.semrush.com/bot.html)"
114.119.137.45 - - [23/Sep/2022:00:39:54 +0200] "GET /monks-sheet-p-48286.html HTTP/1.0" 200 74725 "http://www.wonder-geek.com/home-decoration-c-13.html?page=217" "Mozilla/5.0 (Linux; Android 7.0;) AppleWebKit/537.36 (KHTML, like Gecko) Mobile Safari/537.36 (compatible; PetalBot;+https://webmaster.petalsearch.com/site/petalbot)"
185.191.171.7 - - [23/Sep/2022:00:40:03 +0200] "GET /blue-zigzag-flower-p-51108.html HTTP/1.0" 200 74723 "-" "Mozilla/5.0 (compatible; SemrushBot/7~bl; +http://www.semrush.com/bot.html)"
66.249.66.144 - - [23/Sep/2022:00:40:28 +0200] "GET /images/big_prod_1/4029811442935B.jpg HTTP/1.0" 200 271 "-" "Googlebot-Image/1.0"
134.160.184.6 - - [23/Sep/2022:00:40:34 +0200] "GET /images/mini_prod/9316188029582.jpg HTTP/1.0" 200 269 "-" "Mozilla/5.0 (X11; Ubuntu; Linux x86_64; rv:72.0) Gecko/20100101 Firefox/72.0"
66.249.66.6 - - [23/Sep/2022:00:40:55 +0200] "GET /images/mini_prod/1384010202913.jpg HTTP/1.0" 200 269 "-" "Mozilla/5.0 (compatible; Googlebot/2.1; +http://www.google.com/bot.html)"
66.249.66.8 - - [23/Sep/2022:00:41:09 +0200] "GET /double-walled-porcelain-with-infuser-opra-p-58330.html HTTP/1.0" 200 75531 "-" "Mozilla/5.0 (Linux; Android 6.0.1; Nexus 5X Build/MMB29P) AppleWebKit/537.36 (KHTML, like Gecko) Chrome/105.0.5195.125 Mobile Safari/537.36 (compatible; Googlebot/2.1; +http://www.google.com/bot.html)"
114.119.137.3 - - [23/Sep/2022:00:41:24 +0200] "GET /charline-bedclothes-p-52097.html HTTP/1.0" 200 74821 "http://www.wonder-geek.com/household-linen-c-11.html?page=45" "Mozilla/5.0 (Linux; Android 7.0;) AppleWebKit/537.36 (KHTML, like Gecko) Mobile Safari/537.36 (compatible; PetalBot;+https://webmaster.petalsearch.com/site/petalbot)"
185.191.171.24 - - [23/Sep/2022:00:41:48 +0200] "GET /mustache-money-cbkreation-p-16695.html HTTP/1.0" 200 74876 "-" "Mozilla/5.0 (compatible; SemrushBot/7~bl; +http://www.semrush.com/bot.html)"
185.191.171.25 - - [23/Sep/2022:00:42:35 +0200] "GET /flower-terracotta-turtle-p-52700.html HTTP/1.0" 200 72162 "-" "Mozilla/5.0 (compatible; SemrushBot/7~bl; +http://www.semrush.com/bot.html)"
185.191.171.1 - - [23/Sep/2022:00:42:39 +0200] "GET /transparent-rectangular-plastic-tablecloth-p-52779.html HTTP/1.0" 200 74932 "-" "Mozilla/5.0 (compatible; SemrushBot/7~bl; +http://www.semrush.com/bot.html)"
114.119.133.245 - - [23/Sep/2022:00:42:52 +0200] "GET /votive-candle-hours-sandalwood-vanilla-p-37308.html HTTP/1.0" 200 76096 "http://www.wonder-geek.com/fragrances-of-ambiance-c-231.html?page=9" "Mozilla/5.0 (Linux; Android 7.0;) AppleWebKit/537.36 (KHTML, like Gecko) Mobile Safari/537.36 (compatible; PetalBot;+https://webmaster.petalsearch.com/site/petalbot)"
185.191.171.8 - - [23/Sep/2022:00:43:28 +0200] "GET /models-replicas-c-4_140.html?page=1 HTTP/1.0" 200 87341 "-" "Mozilla/5.0 (compatible; SemrushBot/7~bl; +http://www.semrush.com/bot.html)"
185.191.171.8 - - [23/Sep/2022:00:43:32 +0200] "GET /decoration-long-ethnic-mask-aged-gold-look-p-49879.html HTTP/1.0" 200 75598 "-" "Mozilla/5.0 (compatible; SemrushBot/7~bl; +http://www.semrush.com/bot.html)"
66.249.66.72 - - [23/Sep/2022:00:43:44 +0200] "GET /images/mini_prod/8433933189634.jpg HTTP/1.0" 200 269 "-" "Mozilla/5.0 (compatible; Googlebot/2.1; +http://www.google.com/bot.html)"
