157.90.177.217 - - [22/Sep/2022:12:34:10 +0200] "GET /embossed-door-plate-bedroom-p-57207.html HTTP/1.0" 200 75361 "-" "Mozilla/5.0 (compatible; BLEXBot/1.0; +http://webmeup-crawler.com/)"
157.90.177.217 - - [22/Sep/2022:12:34:16 +0200] "GET /embossed-kitchen-door-plate-p-57208.html HTTP/1.0" 200 75322 "-" "Mozilla/5.0 (compatible; BLEXBot/1.0; +http://webmeup-crawler.com/)"
157.90.177.217 - - [22/Sep/2022:12:34:21 +0200] "GET /embossed-toilet-door-plate-p-57206.html HTTP/1.0" 200 75314 "-" "Mozilla/5.0 (compatible; BLEXBot/1.0; +http://webmeup-crawler.com/)"
170.106.193.192 - - [22/Sep/2022:12:34:22 +0200] "GET /images/mini_prod/9316188069182.jpg HTTP/1.0" 200 269 "-" "Mozilla/5.0 (X11; Ubuntu; Linux x86_64; rv:72.0) Gecko/20100101 Firefox/72.0"
66.249.66.212 - - [22/Sep/2022:12:34:23 +0200] "GET /images/mini_prod/3684225058250.jpg HTTP/1.0" 200 269 "-" "Mozilla/5.0 (compatible; Googlebot/2.1; +http://www.google.com/bot.html)"
157.90.177.217 - - [22/Sep/2022:12:34:30 +0200] "GET /embroidered-rectangular-tablecloth-kolam-p-42552.html HTTP/1.0" 200 74908 "-" "Mozilla/5.0 (compatible; BLEXBot/1.0; +http://webmeup-crawler.com/)"
157.90.177.217 - - [22/Sep/2022:12:34:35 +0200] "GET /embroidered-rectangular-tablecloth-kolam-p-44469.html HTTP/1.0" 200 75567 "-" "Mozilla/5.0 (compatible; BLEXBot/1.0; +http://webmeup-crawler.com/)"
157.90.177.217 - - [22/Sep/2022:12:34:40 +0200] "GET /emoticon-cushion-emoji-p-42821.html HTTP/1.0" 200 74919 "-" "Mozilla/5.0 (compatible; BLEXBot/1.0; +http://webmeup-crawler.com/)"
66.249.66.210 - - [22/Sep/2022:12:34:43 +0200] "GET /images/mini_prod/3665269006490.jpg HTTP/1.0" 200 269 "-" "Mozilla/5.0 (compatible; Googlebot/2.1; +http://www.google.com/bot.html)"
157.90.177.217 - - [22/Sep/2022:12:34:45 +0200] "GET /emoticon-cushion-emoji-p-42822.html HTTP/1.0" 200 74919 "-" "Mozilla/5.0 (compatible; BLEXBot/1.0; +http://webmeup-crawler.com/)"
66.249.66.210 - - [22/Sep/2022:12:34:47 +0200] "GET /images/mini_prod/3453131145947.jpg HTTP/1.0" 200 269 "-" "Mozilla/5.0 (compatible; Googlebot/2.1; +http://www.google.com/bot.html)"
157.90.177.217 - - [22/Sep/2022:12:34:50 +0200] "GET /emoticon-cushion-emoji-p-42824.html HTTP/1.0" 200 74919 "-" "Mozilla/5.0 (compatible; BLEXBot/1.0; +http://webmeup-crawler.com/)"
157.90.177.217 - - [22/Sep/2022:12:34:56 +0200] "GET /empire-taxi-cushion-p-27466.html HTTP/1.0" 200 74902 "-" "Mozilla/5.0 (compatible; BLEXBot/1.0; +http://webmeup-crawler.com/)"
157.90.177.217 - - [22/Sep/2022:12:35:02 +0200] "GET /empty-pocket-metal-fatma-hands-p-45949.html HTTP/1.0" 200 75763 "-" "Mozilla/5.0 (compatible; BLEXBot/1.0; +http://webmeup-crawler.com/)"
66.249.66.212 - - [22/Sep/2022:12:35:08 +0200] "GET /images/mini_prod/3681643402818B.jpg HTTP/1.0" 200 270 "-" "Mozilla/5.0 (compatible; Googlebot/2.1; +http://www.google.com/bot.html)"
157.90.177.217 - - [22/Sep/2022:12:35:08 +0200] "GET /empty-tray-pocket-oriental-pattern-carved-wood-p-46384.html HTTP/1.0" 200 75619 "-" "Mozilla/5.0 (compatible; BLEXBot/1.0; +http://webmeup-crawler.com/)"
157.90.177.217 - - [22/Sep/2022:12:35:14 +0200] "GET /empty-tray-pocket-tree-life-pattern-carved-wood-p-53772.html HTTP/1.0" 200 75018 "-" "Mozilla/5.0 (compatible; BLEXBot/1.0; +http://webmeup-crawler.com/)"
157.90.177.217 - - [22/Sep/2022:12:35:18 +0200] "GET /empty-tray-pocket-tree-life-pattern-carved-wood-p-53773.html HTTP/1.0" 200 75024 "-" "Mozilla/5.0 (compatible; BLEXBot/1.0; +http://webmeup-crawler.com/)"
157.90.177.217 - - [22/Sep/2022:12:35:23 +0200] "GET /enjoy-life-vanity-p-45022.html HTTP/1.0" 200 74837 "-" "Mozilla/5.0 (compatible; BLEXBot/1.0; +http://webmeup-crawler.com/)"
157.90.177.217 - - [22/Sep/2022:12:35:32 +0200] "GET /eraser-friction-vehicle-monster-cars-p-34275.html HTTP/1.0" 200 83196 "-" "Mozilla/5.0 (compatible; BLEXBot/1.0; +http://webmeup-crawler.com/)"
157.90.177.217 - - [22/Sep/2022:12:35:36 +0200] "GET /erasers-delivered-model-depending-availability-p-33660.html HTTP/1.0" 200 75074 "-" "Mozilla/5.0 (compatible; BLEXBot/1.0; +http://webmeup-crawler.com/)"
66.249.66.212 - - [22/Sep/2022:12:35:38 +0200] "GET /organic-cotton-fitted-sheet-curry-size-p-58699.html HTTP/1.0" 200 75810 "-" "Mozilla/5.0 (Linux; Android 6.0.1; Nexus 5X Build/MMB29P) AppleWebKit/537.36 (KHTML, like Gecko) Chrome/105.0.5195.125 Mobile Safari/537.36 (compatible; Googlebot/2.1; +http://www.google.com/bot.html)"
185.191.171.41 - - [22/Sep/2022:12:35:40 +0200] "GET /fisherman-metal-bottle-holder-p-56373.html HTTP/1.0" 200 75514 "-" "Mozilla/5.0 (compatible; SemrushBot/7~bl; +http://www.semrush.com/bot.html)"
65.109.26.43 - - [22/Sep/2022:12:35:40 +0200] "GET /union-jack-flag-wooden-frame-p-32610.html HTTP/1.0" 301 72127 "-" "Mozilla/5.0 (compatible; MJ12bot/v1.4.8; http://mj12bot.com/)"
157.90.177.217 - - [22/Sep/2022:12:35:42 +0200] "GET /eskimo-cream-spoons-p-39008.html HTTP/1.0" 200 75500 "-" "Mozilla/5.0 (compatible; BLEXBot/1.0; +http://webmeup-crawler.com/)"
65.109.26.43 - - [22/Sep/2022:12:35:44 +0200] "GET /-p-32610.html HTTP/1.0" 200 72060 "-" "Mozilla/5.0 (compatible; MJ12bot/v1.4.8; http://mj12bot.com/)"
65.109.26.43 - - [22/Sep/2022:12:35:48 +0200] "GET /union-jack-mini-magnet-mirror-p-19666.html HTTP/1.0" 200 74790 "-" "Mozilla/5.0 (compatible; MJ12bot/v1.4.8; http://mj12bot.com/)"
65.109.26.43 - - [22/Sep/2022:12:35:50 +0200] "GET /union-jack-small-stapler-p-33362.html HTTP/1.0" 200 74739 "-" "Mozilla/5.0 (compatible; MJ12bot/v1.4.8; http://mj12bot.com/)"
157.90.177.217 - - [22/Sep/2022:12:35:51 +0200] "GET /esotericism-lithotherapy-c-174.html?page=2 HTTP/1.0" 200 92169 "-" "Mozilla/5.0 (compatible; BLEXBot/1.0; +http://webmeup-crawler.com/)"
185.191.171.22 - - [22/Sep/2022:12:35:53 +0200] "GET /wooden-wall-decoration-flamingo-p-44249.html HTTP/1.0" 200 74777 "-" "Mozilla/5.0 (compatible; SemrushBot/7~bl; +http://www.semrush.com/bot.html)"
65.109.26.43 - - [22/Sep/2022:12:35:53 +0200] "GET /unsurpassable-independence-vespa-shoulder-bag-p-15591.html HTTP/1.0" 301 72127 "-" "Mozilla/5.0 (compatible; MJ12bot/v1.4.8; http://mj12bot.com/)"
65.109.26.43 - - [22/Sep/2022:12:35:57 +0200] "GET /-p-15591.html HTTP/1.0" 200 72060 "-" "Mozilla/5.0 (compatible; MJ12bot/v1.4.8; http://mj12bot.com/)"
66.249.66.210 - - [22/Sep/2022:12:35:58 +0200] "GET /images/mini_prod/34DSCN8150.jpg HTTP/1.0" 200 266 "-" "Mozilla/5.0 (compatible; Googlebot/2.1; +http://www.google.com/bot.html)"
157.90.177.217 - - [22/Sep/2022:12:35:57 +0200] "GET /esotericism-lithotherapy-c-174.html?page=3 HTTP/1.0" 200 92856 "-" "Mozilla/5.0 (compatible; BLEXBot/1.0; +http://webmeup-crawler.com/)"
65.109.26.43 - - [22/Sep/2022:12:35:59 +0200] "GET /unsurpassable-independence-vespa-shoulder-p-15591.html HTTP/1.0" 301 72127 "-" "Mozilla/5.0 (compatible; MJ12bot/v1.4.8; http://mj12bot.com/)"
65.109.26.43 - - [22/Sep/2022:12:36:02 +0200] "GET /-p-15591.html HTTP/1.0" 200 72060 "-" "Mozilla/5.0 (compatible; MJ12bot/v1.4.8; http://mj12bot.com/)"
157.90.177.217 - - [22/Sep/2022:12:36:03 +0200] "GET /esotericism-lithotherapy-c-174.html?page=4 HTTP/1.0" 200 88636 "-" "Mozilla/5.0 (compatible; BLEXBot/1.0; +http://webmeup-crawler.com/)"
65.109.26.43 - - [22/Sep/2022:12:36:05 +0200] "GET /us-route-66-pencil-pot-p-24212.html HTTP/1.0" 301 74742 "-" "Mozilla/5.0 (compatible; MJ12bot/v1.4.8; http://mj12bot.com/)"
65.109.26.43 - - [22/Sep/2022:12:36:07 +0200] "GET /route-pencil-p-24212.html HTTP/1.0" 200 74663 "-" "Mozilla/5.0 (compatible; MJ12bot/v1.4.8; http://mj12bot.com/)"
65.109.26.43 - - [22/Sep/2022:12:36:10 +0200] "GET /usa-new-york-colors-desk-blotter-p-36354.html HTTP/1.0" 301 72127 "-" "Mozilla/5.0 (compatible; MJ12bot/v1.4.8; http://mj12bot.com/)"
157.90.177.217 - - [22/Sep/2022:12:36:10 +0200] "GET /espresso-allen-desings-p-48229.html HTTP/1.0" 200 75366 "-" "Mozilla/5.0 (compatible; BLEXBot/1.0; +http://webmeup-crawler.com/)"
65.109.26.43 - - [22/Sep/2022:12:36:12 +0200] "GET /-p-36354.html HTTP/1.0" 200 72060 "-" "Mozilla/5.0 (compatible; MJ12bot/v1.4.8; http://mj12bot.com/)"
157.90.177.217 - - [22/Sep/2022:12:36:15 +0200] "GET /espresso-cups-bistro-p-49739.html HTTP/1.0" 200 74729 "-" "Mozilla/5.0 (compatible; BLEXBot/1.0; +http://webmeup-crawler.com/)"
65.109.26.43 - - [22/Sep/2022:12:36:15 +0200] "GET /usa-pencil-pot-cbkreation-p-33816.html HTTP/1.0" 301 74800 "-" "Mozilla/5.0 (compatible; MJ12bot/v1.4.8; http://mj12bot.com/)"
65.109.26.43 - - [22/Sep/2022:12:36:18 +0200] "GET /pencil-cbkreation-p-33816.html HTTP/1.0" 200 74716 "-" "Mozilla/5.0 (compatible; MJ12bot/v1.4.8; http://mj12bot.com/)"
157.90.177.217 - - [22/Sep/2022:12:36:20 +0200] "GET /espresso-cups-dogs-p-49737.html HTTP/1.0" 200 74700 "-" "Mozilla/5.0 (compatible; BLEXBot/1.0; +http://webmeup-crawler.com/)"
65.109.26.43 - - [22/Sep/2022:12:36:21 +0200] "GET /usa-road-shirt-by-cbk-p-30202.html HTTP/1.0" 301 72127 "-" "Mozilla/5.0 (compatible; MJ12bot/v1.4.8; http://mj12bot.com/)"
51.68.224.127 - - [22/Sep/2022:12:36:22 +0200] "GET /adminweb/export_orders_xml.php?token=256de2z6edz6ed2z6DFSFsed2zed6zeDSFDSGdzedezfzf&maxorders=10&orderstart=1&status=14&start_date=2018-10-01 HTTP/1.0" 200 285 "-" "GesCom CharlotteBoutik Serveur"
51.68.224.127 - - [22/Sep/2022:12:36:22 +0200] "GET /adminweb/export_orders_xml.php?token=256de2z6edz6ed2z6DFSFsed2zed6zeDSFDSGdzedezfzf&maxorders=10&orderstart=1&status=6&start_date=2018-10-01 HTTP/1.0" 200 33985 "-" "GesCom CharlotteBoutik Serveur"
65.109.26.43 - - [22/Sep/2022:12:36:23 +0200] "GET /-p-30202.html HTTP/1.0" 200 72060 "-" "Mozilla/5.0 (compatible; MJ12bot/v1.4.8; http://mj12bot.com/)"
65.109.26.43 - - [22/Sep/2022:12:36:26 +0200] "GET /usa-stickers-p-32988.html HTTP/1.0" 301 72127 "-" "Mozilla/5.0 (compatible; MJ12bot/v1.4.8; http://mj12bot.com/)"
157.90.177.217 - - [22/Sep/2022:12:36:28 +0200] "GET /espresso-cups-love-corsica-p-54767.html HTTP/1.0" 200 75454 "-" "Mozilla/5.0 (compatible; BLEXBot/1.0; +http://webmeup-crawler.com/)"
65.109.26.43 - - [22/Sep/2022:12:36:29 +0200] "GET /-p-32988.html HTTP/1.0" 200 72060 "-" "Mozilla/5.0 (compatible; MJ12bot/v1.4.8; http://mj12bot.com/)"
65.109.26.43 - - [22/Sep/2022:12:36:31 +0200] "GET /van-gogh-nuit-toile-city-bag-made-in-france-p-47426.html HTTP/1.0" 301 75847 "-" "Mozilla/5.0 (compatible; MJ12bot/v1.4.8; http://mj12bot.com/)"
157.90.177.217 - - [22/Sep/2022:12:36:33 +0200] "GET /espresso-cups-marseille-p-51374.html HTTP/1.0" 200 74717 "-" "Mozilla/5.0 (compatible; BLEXBot/1.0; +http://webmeup-crawler.com/)"
65.109.26.43 - - [22/Sep/2022:12:36:34 +0200] "GET /gogh-nuit-toile-city-made-france-p-47426.html HTTP/1.0" 200 75748 "-" "Mozilla/5.0 (compatible; MJ12bot/v1.4.8; http://mj12bot.com/)"
65.109.26.43 - - [22/Sep/2022:12:36:37 +0200] "GET /van-gogh-nuit-toile-make-up-pencil-case-made-in-france-p-47451.html HTTP/1.0" 301 72365 "-" "Mozilla/5.0 (compatible; MJ12bot/v1.4.8; http://mj12bot.com/)"
65.109.26.43 - - [22/Sep/2022:12:36:40 +0200] "GET /gogh-nuit-toile-make-pencil-case-made-france-p-47451.html HTTP/1.0" 200 72254 "-" "Mozilla/5.0 (compatible; MJ12bot/v1.4.8; http://mj12bot.com/)"
157.90.177.217 - - [22/Sep/2022:12:36:42 +0200] "GET /espresso-cups-olive-p-51373.html HTTP/1.0" 200 74721 "-" "Mozilla/5.0 (compatible; BLEXBot/1.0; +http://webmeup-crawler.com/)"
65.109.26.43 - - [22/Sep/2022:12:36:43 +0200] "GET /van-gogh-nuit-toile-zip-purse-made-in-france-p-47749.html HTTP/1.0" 301 75751 "-" "Mozilla/5.0 (compatible; MJ12bot/v1.4.8; http://mj12bot.com/)"
65.109.26.43 - - [22/Sep/2022:12:36:46 +0200] "GET /gogh-nuit-toile-purse-made-france-p-47749.html HTTP/1.0" 200 75651 "-" "Mozilla/5.0 (compatible; MJ12bot/v1.4.8; http://mj12bot.com/)"
157.90.177.217 - - [22/Sep/2022:12:36:48 +0200] "GET /espresso-cups-paris-p-52012.html HTTP/1.0" 200 75335 "-" "Mozilla/5.0 (compatible; BLEXBot/1.0; +http://webmeup-crawler.com/)"
65.109.26.43 - - [22/Sep/2022:12:36:49 +0200] "GET /van-gogh-terrasse-du-caf-le-soir-city-bag-made-in-france-p-47425.html HTTP/1.0" 301 75281 "-" "Mozilla/5.0 (compatible; MJ12bot/v1.4.8; http://mj12bot.com/)"
65.109.26.43 - - [22/Sep/2022:12:36:52 +0200] "GET /gogh-terrasse-soir-city-made-france-p-47425.html HTTP/1.0" 200 75179 "-" "Mozilla/5.0 (compatible; MJ12bot/v1.4.8; http://mj12bot.com/)"
157.90.177.217 - - [22/Sep/2022:12:36:53 +0200] "GET /espresso-eccentric-p-39753.html HTTP/1.0" 200 74805 "-" "Mozilla/5.0 (compatible; BLEXBot/1.0; +http://webmeup-crawler.com/)"
185.191.171.34 - - [22/Sep/2022:12:36:55 +0200] "GET /wooden-wall-decoration-chakras-p-46228.html HTTP/1.0" 200 74803 "-" "Mozilla/5.0 (compatible; SemrushBot/7~bl; +http://www.semrush.com/bot.html)"
65.109.26.43 - - [22/Sep/2022:12:36:55 +0200] "GET /van-gogh-terrasse-du-caf-le-soir-zip-purse-made-in-france-p-47460.html HTTP/1.0" 301 75201 "-" "Mozilla/5.0 (compatible; MJ12bot/v1.4.8; http://mj12bot.com/)"
65.109.26.43 - - [22/Sep/2022:12:36:58 +0200] "GET /gogh-terrasse-soir-purse-made-france-p-47460.html HTTP/1.0" 200 75098 "-" "Mozilla/5.0 (compatible; MJ12bot/v1.4.8; http://mj12bot.com/)"
157.90.177.217 - - [22/Sep/2022:12:37:01 +0200] "GET /espresso-eccentric-p-39754.html HTTP/1.0" 200 74811 "-" "Mozilla/5.0 (compatible; BLEXBot/1.0; +http://webmeup-crawler.com/)"
65.109.26.43 - - [22/Sep/2022:12:37:01 +0200] "GET /vanity-beauty-bags-c-31_78.html?page=8 HTTP/1.0" 200 82121 "-" "Mozilla/5.0 (compatible; MJ12bot/v1.4.8; http://mj12bot.com/)"
66.249.66.210 - - [22/Sep/2022:12:37:03 +0200] "GET /images/mini_prod/1384010184721.jpg HTTP/1.0" 200 269 "-" "Mozilla/5.0 (compatible; Googlebot/2.1; +http://www.google.com/bot.html)"
65.109.26.43 - - [22/Sep/2022:12:37:04 +0200] "GET /vanity-mickey-mouse-comics-vintage-p-34771.html HTTP/1.0" 200 72221 "-" "Mozilla/5.0 (compatible; MJ12bot/v1.4.8; http://mj12bot.com/)"
157.90.177.217 - - [22/Sep/2022:12:37:05 +0200] "GET /espresso-humor-p-46259.html HTTP/1.0" 200 74672 "-" "Mozilla/5.0 (compatible; BLEXBot/1.0; +http://webmeup-crawler.com/)"
185.191.171.24 - - [22/Sep/2022:12:37:06 +0200] "GET /mango-wood-tray-world-p-49040.html HTTP/1.0" 200 72156 "-" "Mozilla/5.0 (compatible; SemrushBot/7~bl; +http://www.semrush.com/bot.html)"
65.109.26.43 - - [22/Sep/2022:12:37:07 +0200] "GET /velvet-curtain-orchid-140-260-cm-p-50737.html HTTP/1.0" 301 72256 "-" "Mozilla/5.0 (compatible; MJ12bot/v1.4.8; http://mj12bot.com/)"
65.109.26.43 - - [22/Sep/2022:12:37:10 +0200] "GET /velvet-curtain-orchid-p-50737.html HTTP/1.0" 200 72168 "-" "Mozilla/5.0 (compatible; MJ12bot/v1.4.8; http://mj12bot.com/)"
157.90.177.217 - - [22/Sep/2022:12:37:10 +0200] "GET /espresso-love-p-46258.html HTTP/1.0" 200 74667 "-" "Mozilla/5.0 (compatible; BLEXBot/1.0; +http://webmeup-crawler.com/)"
65.109.26.43 - - [22/Sep/2022:12:37:13 +0200] "GET /velvet-curtain-orchid-p-50737.html HTTP/1.0" 200 72168 "-" "Mozilla/5.0 (compatible; MJ12bot/v1.4.8; http://mj12bot.com/)"
157.90.177.217 - - [22/Sep/2022:12:37:15 +0200] "GET /espresso-museum-collection-p-39755.html HTTP/1.0" 200 74845 "-" "Mozilla/5.0 (compatible; BLEXBot/1.0; +http://webmeup-crawler.com/)"
65.109.26.43 - - [22/Sep/2022:12:37:16 +0200] "GET /venise-wall-sticker-p-43089.html HTTP/1.0" 200 74704 "-" "Mozilla/5.0 (compatible; MJ12bot/v1.4.8; http://mj12bot.com/)"
66.249.66.210 - - [22/Sep/2022:12:37:17 +0200] "GET /images/mini_prod/1399984242568.jpg HTTP/1.0" 200 269 "-" "Mozilla/5.0 (compatible; Googlebot/2.1; +http://www.google.com/bot.html)"
157.90.177.217 - - [22/Sep/2022:12:37:23 +0200] "GET /espresso-retro-deco-thermometer-p-27631.html HTTP/1.0" 200 74834 "-" "Mozilla/5.0 (compatible; BLEXBot/1.0; +http://webmeup-crawler.com/)"
66.249.66.210 - - [22/Sep/2022:12:37:30 +0200] "GET /images/mini_prod/1399984243046.jpg HTTP/1.0" 200 269 "-" "Mozilla/5.0 (compatible; Googlebot/2.1; +http://www.google.com/bot.html)"
157.90.177.217 - - [22/Sep/2022:12:37:30 +0200] "GET /ethnic-decorative-tray-p-44756.html HTTP/1.0" 200 74797 "-" "Mozilla/5.0 (compatible; BLEXBot/1.0; +http://webmeup-crawler.com/)"
157.90.177.217 - - [22/Sep/2022:12:37:36 +0200] "GET /ethnic-decorative-tray-p-48717.html HTTP/1.0" 200 74790 "-" "Mozilla/5.0 (compatible; BLEXBot/1.0; +http://webmeup-crawler.com/)"
157.55.39.80 - - [22/Sep/2022:12:37:36 +0200] "GET /charmmy-kitty-waistcoat-p-31126.html HTTP/1.0" 200 75912 "-" "Mozilla/5.0 (compatible; bingbot/2.0; +http://www.bing.com/bingbot.htm)"
157.90.177.217 - - [22/Sep/2022:12:37:40 +0200] "GET /ethnic-elephant-storage-chest-p-57344.html HTTP/1.0" 200 75893 "-" "Mozilla/5.0 (compatible; BLEXBot/1.0; +http://webmeup-crawler.com/)"
157.90.177.217 - - [22/Sep/2022:12:37:45 +0200] "GET /ethnic-leopard-decorative-statuette-p-55277.html HTTP/1.0" 200 75019 "-" "Mozilla/5.0 (compatible; BLEXBot/1.0; +http://webmeup-crawler.com/)"
185.191.171.18 - - [22/Sep/2022:12:37:48 +0200] "GET /yoga-props-block-cork-p-46540.html HTTP/1.0" 200 72170 "-" "Mozilla/5.0 (compatible; SemrushBot/7~bl; +http://www.semrush.com/bot.html)"
157.90.177.217 - - [22/Sep/2022:12:37:50 +0200] "GET /ethnic-style-burlap-table-p-48440.html HTTP/1.0" 200 74683 "-" "Mozilla/5.0 (compatible; BLEXBot/1.0; +http://webmeup-crawler.com/)"
157.90.177.217 - - [22/Sep/2022:12:37:56 +0200] "GET /ethnic-style-burlap-table-p-48442.html HTTP/1.0" 200 74683 "-" "Mozilla/5.0 (compatible; BLEXBot/1.0; +http://webmeup-crawler.com/)"
157.90.177.217 - - [22/Sep/2022:12:38:02 +0200] "GET /europe-england-travel-adapter-p-58669.html HTTP/1.0" 200 75792 "-" "Mozilla/5.0 (compatible; BLEXBot/1.0; +http://webmeup-crawler.com/)"
34.67.96.123 - - [22/Sep/2022:12:38:04 +0200] "GET /images/mini_prod/1399980107816.jpg HTTP/1.0" 200 269 "-" "Mozilla/5.0 (X11; Ubuntu; Linux x86_64; rv:72.0) Gecko/20100101 Firefox/72.0"
157.90.177.217 - - [22/Sep/2022:12:38:08 +0200] "GET /exit-hand-wooden-frame-p-45701.html HTTP/1.0" 200 74827 "-" "Mozilla/5.0 (compatible; BLEXBot/1.0; +http://webmeup-crawler.com/)"
66.249.66.212 - - [22/Sep/2022:12:38:10 +0200] "GET /images/mini_prod/1399984244135.jpg HTTP/1.0" 200 269 "-" "Mozilla/5.0 (compatible; Googlebot/2.1; +http://www.google.com/bot.html)"
157.90.177.217 - - [22/Sep/2022:12:38:12 +0200] "GET /exotic-spirit-tray-tropical-flowers-p-49320.html HTTP/1.0" 200 74888 "-" "Mozilla/5.0 (compatible; BLEXBot/1.0; +http://webmeup-crawler.com/)"
157.90.177.217 - - [22/Sep/2022:12:38:16 +0200] "GET /expandable-cutlery-storage-tray-p-58375.html HTTP/1.0" 200 75763 "-" "Mozilla/5.0 (compatible; BLEXBot/1.0; +http://webmeup-crawler.com/)"
157.55.39.12 - - [22/Sep/2022:12:38:19 +0200] "GET /grey-ceramic-lamp-p-52594.html HTTP/1.0" 200 72134 "-" "Mozilla/5.0 (compatible; bingbot/2.0; +http://www.bing.com/bingbot.htm)"
157.90.177.217 - - [22/Sep/2022:12:38:21 +0200] "GET /experts-mousepad-p-18072.html HTTP/1.0" 200 74835 "-" "Mozilla/5.0 (compatible; BLEXBot/1.0; +http://webmeup-crawler.com/)"
66.249.66.212 - - [22/Sep/2022:12:38:25 +0200] "GET /images/mini_prod/5036278060298.jpg HTTP/1.0" 200 269 "-" "Mozilla/5.0 (compatible; Googlebot/2.1; +http://www.google.com/bot.html)"
66.249.66.210 - - [22/Sep/2022:12:38:25 +0200] "GET /images/mini_prod/1328399102266.jpg HTTP/1.0" 200 269 "-" "Mozilla/5.0 (compatible; Googlebot/2.1; +http://www.google.com/bot.html)"
157.90.177.217 - - [22/Sep/2022:12:38:27 +0200] "GET /exupry-petit-prince-holder-rose-p-53859.html HTTP/1.0" 200 75512 "-" "Mozilla/5.0 (compatible; BLEXBot/1.0; +http://webmeup-crawler.com/)"
157.55.39.28 - - [22/Sep/2022:12:38:32 +0200] "GET /little-miss-super-cawaii-cosmetic-bag-p-21781.html HTTP/1.0" 301 74918 "-" "Mozilla/5.0 (compatible; bingbot/2.0; +http://www.bing.com/bingbot.htm)"
157.90.177.217 - - [22/Sep/2022:12:38:37 +0200] "GET /eyelet-curtain-p-52355.html HTTP/1.0" 200 77485 "-" "Mozilla/5.0 (compatible; BLEXBot/1.0; +http://webmeup-crawler.com/)"
157.90.177.217 - - [22/Sep/2022:12:38:45 +0200] "GET /eyelet-curtain-p-52356.html HTTP/1.0" 200 76878 "-" "Mozilla/5.0 (compatible; BLEXBot/1.0; +http://webmeup-crawler.com/)"
185.191.171.20 - - [22/Sep/2022:12:38:47 +0200] "GET /orgonite-pendulum-black-tourmaline-facet-pointed-p-45155.html HTTP/1.0" 200 72258 "-" "Mozilla/5.0 (compatible; SemrushBot/7~bl; +http://www.semrush.com/bot.html)"
157.90.177.217 - - [22/Sep/2022:12:38:51 +0200] "GET /eyelet-curtain-p-52357.html HTTP/1.0" 200 76878 "-" "Mozilla/5.0 (compatible; BLEXBot/1.0; +http://webmeup-crawler.com/)"
66.249.66.210 - - [22/Sep/2022:12:38:56 +0200] "GET /images/mini_prod/3560600315708.jpg HTTP/1.0" 200 269 "-" "Googlebot-Image/1.0"
157.90.177.217 - - [22/Sep/2022:12:38:56 +0200] "GET /eyelet-curtain-p-52358.html HTTP/1.0" 200 76874 "-" "Mozilla/5.0 (compatible; BLEXBot/1.0; +http://webmeup-crawler.com/)"
66.249.66.210 - - [22/Sep/2022:12:39:01 +0200] "GET /images/mini_prod/3700516208750.jpg HTTP/1.0" 200 269 "-" "Mozilla/5.0 (compatible; Googlebot/2.1; +http://www.google.com/bot.html)"
157.90.177.217 - - [22/Sep/2022:12:39:01 +0200] "GET /eyelet-curtain-p-52380.html HTTP/1.0" 200 77485 "-" "Mozilla/5.0 (compatible; BLEXBot/1.0; +http://webmeup-crawler.com/)"
34.67.96.123 - - [22/Sep/2022:12:39:07 +0200] "GET /images/mini_prod/3660173143606.jpg HTTP/1.0" 200 269 "-" "Mozilla/5.0 (X11; Ubuntu; Linux x86_64; rv:72.0) Gecko/20100101 Firefox/72.0"
157.90.177.217 - - [22/Sep/2022:12:39:06 +0200] "GET /eyelet-curtain-p-52381.html HTTP/1.0" 200 76878 "-" "Mozilla/5.0 (compatible; BLEXBot/1.0; +http://webmeup-crawler.com/)"
185.191.171.26 - - [22/Sep/2022:12:39:08 +0200] "GET /kori-kumi-horizontal-shoulder-p-30501.html HTTP/1.0" 200 75112 "-" "Mozilla/5.0 (compatible; SemrushBot/7~bl; +http://www.semrush.com/bot.html)"
157.90.177.217 - - [22/Sep/2022:12:39:12 +0200] "GET /eyelet-curtain-p-52382.html HTTP/1.0" 200 76878 "-" "Mozilla/5.0 (compatible; BLEXBot/1.0; +http://webmeup-crawler.com/)"
185.191.171.5 - - [22/Sep/2022:12:39:16 +0200] "GET /-p-48621.html HTTP/1.0" 200 72060 "-" "Mozilla/5.0 (compatible; SemrushBot/7~bl; +http://www.semrush.com/bot.html)"
157.90.177.217 - - [22/Sep/2022:12:39:17 +0200] "GET /eyelet-curtain-p-52384.html HTTP/1.0" 200 76879 "-" "Mozilla/5.0 (compatible; BLEXBot/1.0; +http://webmeup-crawler.com/)"
157.90.177.217 - - [22/Sep/2022:12:39:24 +0200] "GET /eyelet-curtain-p-52387.html HTTP/1.0" 200 77485 "-" "Mozilla/5.0 (compatible; BLEXBot/1.0; +http://webmeup-crawler.com/)"
157.90.177.217 - - [22/Sep/2022:12:39:29 +0200] "GET /eyelets-screen-curtain-color-linen-p-46235.html HTTP/1.0" 200 77823 "-" "Mozilla/5.0 (compatible; BLEXBot/1.0; +http://webmeup-crawler.com/)"
157.90.177.217 - - [22/Sep/2022:12:39:34 +0200] "GET /eyelets-screen-curtain-grey-p-49319.html HTTP/1.0" 200 76906 "-" "Mozilla/5.0 (compatible; BLEXBot/1.0; +http://webmeup-crawler.com/)"
157.90.177.217 - - [22/Sep/2022:12:39:40 +0200] "GET /eyelets-screen-curtain-white-p-46236.html HTTP/1.0" 200 76929 "-" "Mozilla/5.0 (compatible; BLEXBot/1.0; +http://webmeup-crawler.com/)"
185.191.171.8 - - [22/Sep/2022:12:39:41 +0200] "GET /little-prince-isothermic-stainless-steel-bottle-p-53162.html HTTP/1.0" 200 74941 "-" "Mozilla/5.0 (compatible; SemrushBot/7~bl; +http://www.semrush.com/bot.html)"
157.90.177.217 - - [22/Sep/2022:12:39:46 +0200] "GET /eyelets-sheer-curtain-mona-white-p-58384.html HTTP/1.0" 200 75803 "-" "Mozilla/5.0 (compatible; BLEXBot/1.0; +http://webmeup-crawler.com/)"
157.55.39.12 - - [22/Sep/2022:12:39:48 +0200] "GET /-p-14526.html HTTP/1.0" 200 72060 "-" "Mozilla/5.0 (compatible; bingbot/2.0; +http://www.bing.com/bingbot.htm)"
157.90.177.217 - - [22/Sep/2022:12:39:53 +0200] "GET /fabrique-bonheurs-metal-metal-paper-reel-p-42684.html HTTP/1.0" 200 74926 "-" "Mozilla/5.0 (compatible; BLEXBot/1.0; +http://webmeup-crawler.com/)"
157.90.177.217 - - [22/Sep/2022:12:39:59 +0200] "GET /fairies-backpack-p-19685.html HTTP/1.0" 200 74671 "-" "Mozilla/5.0 (compatible; BLEXBot/1.0; +http://webmeup-crawler.com/)"
157.90.177.217 - - [22/Sep/2022:12:40:05 +0200] "GET /fairies-fairy-lights-p-24738.html HTTP/1.0" 200 74892 "-" "Mozilla/5.0 (compatible; BLEXBot/1.0; +http://webmeup-crawler.com/)"
66.249.66.210 - - [22/Sep/2022:12:40:11 +0200] "GET /wooden-hanging-tree-decoration-p-58758.html HTTP/1.0" 200 74065 "-" "Mozilla/5.0 (Linux; Android 6.0.1; Nexus 5X Build/MMB29P) AppleWebKit/537.36 (KHTML, like Gecko) Chrome/105.0.5195.125 Mobile Safari/537.36 (compatible; Googlebot/2.1; +http://www.google.com/bot.html)"
157.90.177.217 - - [22/Sep/2022:12:40:13 +0200] "GET /fairy-accessories-p-27850.html HTTP/1.0" 200 74966 "-" "Mozilla/5.0 (compatible; BLEXBot/1.0; +http://webmeup-crawler.com/)"
157.90.177.217 - - [22/Sep/2022:12:40:17 +0200] "GET /family-illuminated-indoor-fountain-p-54057.html HTTP/1.0" 200 75867 "-" "Mozilla/5.0 (compatible; BLEXBot/1.0; +http://webmeup-crawler.com/)"
66.249.66.212 - - [22/Sep/2022:12:40:21 +0200] "GET /images/mini_prod/8029759059925.jpg HTTP/1.0" 200 269 "-" "Mozilla/5.0 (compatible; Googlebot/2.1; +http://www.google.com/bot.html)"
157.90.177.217 - - [22/Sep/2022:12:40:23 +0200] "GET /fantasy-watch-women-fowers-p-49960.html HTTP/1.0" 200 75400 "-" "Mozilla/5.0 (compatible; BLEXBot/1.0; +http://webmeup-crawler.com/)"
157.90.177.217 - - [22/Sep/2022:12:40:29 +0200] "GET /fantasy-watch-women-fowers-p-49961.html HTTP/1.0" 200 74783 "-" "Mozilla/5.0 (compatible; BLEXBot/1.0; +http://webmeup-crawler.com/)"
157.90.177.217 - - [22/Sep/2022:12:40:34 +0200] "GET /fantasy-watch-women-fowers-p-49962.html HTTP/1.0" 200 74783 "-" "Mozilla/5.0 (compatible; BLEXBot/1.0; +http://webmeup-crawler.com/)"
157.90.177.217 - - [22/Sep/2022:12:40:41 +0200] "GET /fantasy-watch-women-toucan-p-49959.html HTTP/1.0" 200 74783 "-" "Mozilla/5.0 (compatible; BLEXBot/1.0; +http://webmeup-crawler.com/)"
157.90.177.217 - - [22/Sep/2022:12:40:45 +0200] "GET /fashioned-ceramic-espresso-blue-p-41676.html HTTP/1.0" 200 74812 "-" "Mozilla/5.0 (compatible; BLEXBot/1.0; +http://webmeup-crawler.com/)"
157.90.177.217 - - [22/Sep/2022:12:40:50 +0200] "GET /fashioned-ceramic-espresso-green-p-41672.html HTTP/1.0" 200 74817 "-" "Mozilla/5.0 (compatible; BLEXBot/1.0; +http://webmeup-crawler.com/)"
182.160.9.10 - - [22/Sep/2022:12:40:55 +0200] "GET /images/mini_prod/5036278051203.jpg HTTP/1.0" 200 269 "-" "Mozilla/5.0 (Windows NT 10.0; Win64; x64) AppleWebKit/537.36 (KHTML, like Gecko) Chrome/54.0.2840.99 Safari/537.36"
66.249.66.210 - - [22/Sep/2022:12:40:56 +0200] "GET /images/big_prod_1/8433933162910b.jpg HTTP/1.0" 200 271 "-" "Mozilla/5.0 (compatible; Googlebot/2.1; +http://www.google.com/bot.html)"
157.90.177.217 - - [22/Sep/2022:12:40:55 +0200] "GET /feathers-espresso-p-45763.html HTTP/1.0" 200 74681 "-" "Mozilla/5.0 (compatible; BLEXBot/1.0; +http://webmeup-crawler.com/)"
185.191.171.44 - - [22/Sep/2022:12:40:55 +0200] "GET /aquarius-mousepad-cbkreation-p-43312.html HTTP/1.0" 200 74786 "-" "Mozilla/5.0 (compatible; SemrushBot/7~bl; +http://www.semrush.com/bot.html)"
157.90.177.217 - - [22/Sep/2022:12:41:02 +0200] "GET /feathers-theme-indian-espresso-p-39626.html HTTP/1.0" 200 74776 "-" "Mozilla/5.0 (compatible; BLEXBot/1.0; +http://webmeup-crawler.com/)"
157.90.177.217 - - [22/Sep/2022:12:41:08 +0200] "GET /feng-shui-flower-life-champagne-coloured-p-53468.html HTTP/1.0" 200 76291 "-" "Mozilla/5.0 (compatible; BLEXBot/1.0; +http://webmeup-crawler.com/)"
66.249.66.214 - - [22/Sep/2022:12:41:10 +0200] "GET /smiski-figure-series-note-there-single-figure-p-39458.html HTTP/1.0" 200 76004 "-" "Mozilla/5.0 (Linux; Android 6.0.1; Nexus 5X Build/MMB29P) AppleWebKit/537.36 (KHTML, like Gecko) Chrome/105.0.5195.125 Mobile Safari/537.36 (compatible; Googlebot/2.1; +http://www.google.com/bot.html)"
157.90.177.217 - - [22/Sep/2022:12:41:13 +0200] "GET /feng-shui-flower-life-champagne-coloured-p-53469.html HTTP/1.0" 200 75653 "-" "Mozilla/5.0 (compatible; BLEXBot/1.0; +http://webmeup-crawler.com/)"
157.90.177.217 - - [22/Sep/2022:12:41:19 +0200] "GET /feng-shui-flower-life-decoration-p-41663.html HTTP/1.0" 200 75854 "-" "Mozilla/5.0 (compatible; BLEXBot/1.0; +http://webmeup-crawler.com/)"
157.90.177.217 - - [22/Sep/2022:12:41:25 +0200] "GET /feng-shui-ganesh-decoration-with-seven-chakra-colors-p-42837.html HTTP/1.0" 200 75194 "-" "Mozilla/5.0 (compatible; BLEXBot/1.0; +http://webmeup-crawler.com/)"
157.90.177.217 - - [22/Sep/2022:12:41:30 +0200] "GET /feng-shui-seven-chakra-decoration-with-seven-chakra-colors-p-42836.html HTTP/1.0" 200 75255 "-" "Mozilla/5.0 (compatible; BLEXBot/1.0; +http://webmeup-crawler.com/)"
157.90.177.217 - - [22/Sep/2022:12:41:36 +0200] "GET /fiat-multifunction-knife-torch-p-23061.html HTTP/1.0" 200 74990 "-" "Mozilla/5.0 (compatible; BLEXBot/1.0; +http://webmeup-crawler.com/)"
185.191.171.42 - - [22/Sep/2022:12:41:38 +0200] "GET /headrest-cushion-p-53492.html HTTP/1.0" 200 72136 "-" "Mozilla/5.0 (compatible; SemrushBot/7~bl; +http://www.semrush.com/bot.html)"
157.90.177.217 - - [22/Sep/2022:12:41:45 +0200] "GET /fiat-nuova-p-27579.html HTTP/1.0" 200 74644 "-" "Mozilla/5.0 (compatible; BLEXBot/1.0; +http://webmeup-crawler.com/)"
157.90.177.217 - - [22/Sep/2022:12:41:52 +0200] "GET /fiat-nuova-p-27583.html HTTP/1.0" 200 74644 "-" "Mozilla/5.0 (compatible; BLEXBot/1.0; +http://webmeup-crawler.com/)"
157.90.177.217 - - [22/Sep/2022:12:41:57 +0200] "GET /fiers-etre-marseillais-baby-sweatsuit-p-29987.html HTTP/1.0" 200 76546 "-" "Mozilla/5.0 (compatible; BLEXBot/1.0; +http://webmeup-crawler.com/)"
157.90.177.217 - - [22/Sep/2022:12:42:03 +0200] "GET /fiers-etre-marseillais-blue-track-jacket-p-29914.html HTTP/1.0" 200 76155 "-" "Mozilla/5.0 (compatible; BLEXBot/1.0; +http://webmeup-crawler.com/)"
157.90.177.217 - - [22/Sep/2022:12:42:10 +0200] "GET /fiers-etre-marseillais-orange-black-track-jacket-p-29984.html HTTP/1.0" 200 76233 "-" "Mozilla/5.0 (compatible; BLEXBot/1.0; +http://webmeup-crawler.com/)"
157.90.177.217 - - [22/Sep/2022:12:42:16 +0200] "GET /fiers-etre-marseillais-sweatsuit-p-29990.html HTTP/1.0" 200 76149 "-" "Mozilla/5.0 (compatible; BLEXBot/1.0; +http://webmeup-crawler.com/)"
157.90.177.217 - - [22/Sep/2022:12:42:19 +0200] "GET /figures-c-4_15.html?page=2 HTTP/1.0" 200 88920 "-" "Mozilla/5.0 (compatible; BLEXBot/1.0; +http://webmeup-crawler.com/)"
207.46.13.149 - - [22/Sep/2022:12:42:23 +0200] "GET /home-and-decoration/jewelry-boxes-and-music-boxes/monster-high-jewelry-box-p-22194.html HTTP/1.0" 301 72127 "-" "Mozilla/5.0 (compatible; bingbot/2.0; +http://www.bing.com/bingbot.htm)"
157.90.177.217 - - [22/Sep/2022:12:42:25 +0200] "GET /figurine-cage-p-45756.html HTTP/1.0" 200 74833 "-" "Mozilla/5.0 (compatible; BLEXBot/1.0; +http://webmeup-crawler.com/)"
157.90.177.217 - - [22/Sep/2022:12:42:29 +0200] "GET /figurine-resin-decorative-p-58781.html HTTP/1.0" 200 75485 "-" "Mozilla/5.0 (compatible; BLEXBot/1.0; +http://webmeup-crawler.com/)"
157.90.177.217 - - [22/Sep/2022:12:42:36 +0200] "GET /figurine-resin-decorative-p-58782.html HTTP/1.0" 200 75485 "-" "Mozilla/5.0 (compatible; BLEXBot/1.0; +http://webmeup-crawler.com/)"
157.90.177.217 - - [22/Sep/2022:12:42:41 +0200] "GET /figurine-snail-cement-aged-effect-p-45677.html HTTP/1.0" 200 74898 "-" "Mozilla/5.0 (compatible; BLEXBot/1.0; +http://webmeup-crawler.com/)"
157.90.177.217 - - [22/Sep/2022:12:42:46 +0200] "GET /figurines-fireman-nicolas-p-55656.html HTTP/1.0" 200 74876 "-" "Mozilla/5.0 (compatible; BLEXBot/1.0; +http://webmeup-crawler.com/)"
185.191.171.44 - - [22/Sep/2022:12:42:49 +0200] "GET /incense-satya-champa-palo-santo-grams-about-sticks-p-44397.html HTTP/1.0" 200 75347 "-" "Mozilla/5.0 (compatible; SemrushBot/7~bl; +http://www.semrush.com/bot.html)"
66.249.66.212 - - [22/Sep/2022:12:42:53 +0200] "GET /images/mini_prod/8003990606209.jpg HTTP/1.0" 200 269 "-" "Mozilla/5.0 (compatible; Googlebot/2.1; +http://www.google.com/bot.html)"
157.90.177.217 - - [22/Sep/2022:12:42:52 +0200] "GET /figurines-sonny-angel-c-292_293.html?page=2 HTTP/1.0" 200 93093 "-" "Mozilla/5.0 (compatible; BLEXBot/1.0; +http://webmeup-crawler.com/)"
157.55.39.28 - - [22/Sep/2022:12:42:52 +0200] "GET /little-pony-mini-glitter-shake-shine-p-31922.html HTTP/1.0" 200 75210 "-" "Mozilla/5.0 (compatible; bingbot/2.0; +http://www.bing.com/bingbot.htm)"
157.90.177.217 - - [22/Sep/2022:12:42:57 +0200] "GET /figurines-sonny-angel-c-292_293.html?page=3 HTTP/1.0" 200 90029 "-" "Mozilla/5.0 (compatible; BLEXBot/1.0; +http://webmeup-crawler.com/)"
157.90.177.217 - - [22/Sep/2022:12:43:05 +0200] "GET /figurines-statuettes-statues-decoration-collection-c-292.html?page=10 HTTP/1.0" 200 95968 "-" "Mozilla/5.0 (compatible; BLEXBot/1.0; +http://webmeup-crawler.com/)"
157.90.177.217 - - [22/Sep/2022:12:43:10 +0200] "GET /figurines-statuettes-statues-decoration-collection-c-292.html?page=11 HTTP/1.0" 200 96833 "-" "Mozilla/5.0 (compatible; BLEXBot/1.0; +http://webmeup-crawler.com/)"
157.90.177.217 - - [22/Sep/2022:12:43:16 +0200] "GET /figurines-statuettes-statues-decoration-collection-c-292.html?page=2 HTTP/1.0" 200 95917 "-" "Mozilla/5.0 (compatible; BLEXBot/1.0; +http://webmeup-crawler.com/)"
157.90.177.217 - - [22/Sep/2022:12:43:21 +0200] "GET /figurines-statuettes-statues-decoration-collection-c-292.html?page=3 HTTP/1.0" 200 95792 "-" "Mozilla/5.0 (compatible; BLEXBot/1.0; +http://webmeup-crawler.com/)"
157.90.177.217 - - [22/Sep/2022:12:43:28 +0200] "GET /figurines-statuettes-statues-decoration-collection-c-292.html?page=4 HTTP/1.0" 200 95103 "-" "Mozilla/5.0 (compatible; BLEXBot/1.0; +http://webmeup-crawler.com/)"
157.90.177.217 - - [22/Sep/2022:12:43:34 +0200] "GET /figurines-statuettes-statues-decoration-collection-c-292.html?page=5 HTTP/1.0" 200 95636 "-" "Mozilla/5.0 (compatible; BLEXBot/1.0; +http://webmeup-crawler.com/)"
157.90.177.217 - - [22/Sep/2022:12:43:40 +0200] "GET /figurines-statuettes-statues-decoration-collection-c-292.html?page=6 HTTP/1.0" 200 95146 "-" "Mozilla/5.0 (compatible; BLEXBot/1.0; +http://webmeup-crawler.com/)"
157.90.177.217 - - [22/Sep/2022:12:43:46 +0200] "GET /figurines-statuettes-statues-decoration-collection-c-292.html?page=7 HTTP/1.0" 200 95612 "-" "Mozilla/5.0 (compatible; BLEXBot/1.0; +http://webmeup-crawler.com/)"
185.191.171.2 - - [22/Sep/2022:12:43:47 +0200] "GET /beatles-p-29681.html HTTP/1.0" 200 74608 "-" "Mozilla/5.0 (compatible; SemrushBot/7~bl; +http://www.semrush.com/bot.html)"
157.90.177.217 - - [22/Sep/2022:12:43:52 +0200] "GET /figurines-statuettes-statues-decoration-collection-c-292.html?page=8 HTTP/1.0" 200 95997 "-" "Mozilla/5.0 (compatible; BLEXBot/1.0; +http://webmeup-crawler.com/)"
66.249.66.212 - - [22/Sep/2022:12:43:56 +0200] "GET /rolling-stones-love-rock-roll-zippo-lighter-p-32570.html HTTP/1.0" 200 77333 "-" "Mozilla/5.0 (compatible; Googlebot/2.1; +http://www.google.com/bot.html)"
157.90.177.217 - - [22/Sep/2022:12:43:58 +0200] "GET /figurines-statuettes-statues-decoration-collection-c-292.html?page=9 HTTP/1.0" 200 95898 "-" "Mozilla/5.0 (compatible; BLEXBot/1.0; +http://webmeup-crawler.com/)"
157.90.177.217 - - [22/Sep/2022:12:44:04 +0200] "GET /finding-dory-disney-backpack-p-35793.html HTTP/1.0" 200 74998 "-" "Mozilla/5.0 (compatible; BLEXBot/1.0; +http://webmeup-crawler.com/)"
66.249.66.210 - - [22/Sep/2022:12:44:08 +0200] "GET /images/mini_prod/5051276388212.jpg HTTP/1.0" 200 269 "-" "Mozilla/5.0 (compatible; Googlebot/2.1; +http://www.google.com/bot.html)"
157.90.177.217 - - [22/Sep/2022:12:44:11 +0200] "GET /finding-dory-homework-notebooks-p-40846.html HTTP/1.0" 200 75086 "-" "Mozilla/5.0 (compatible; BLEXBot/1.0; +http://webmeup-crawler.com/)"
66.249.66.212 - - [22/Sep/2022:12:44:14 +0200] "GET /images/mini_prod/3453131150439.jpg HTTP/1.0" 200 269 "-" "Googlebot-Image/1.0"
157.90.177.217 - - [22/Sep/2022:12:44:21 +0200] "GET /fine-porcelain-saucer-p-57261.html HTTP/1.0" 200 74860 "-" "Mozilla/5.0 (compatible; BLEXBot/1.0; +http://webmeup-crawler.com/)"
157.90.177.217 - - [22/Sep/2022:12:44:26 +0200] "GET /finn-miniature-character-p-32473.html HTTP/1.0" 200 74895 "-" "Mozilla/5.0 (compatible; BLEXBot/1.0; +http://webmeup-crawler.com/)"
157.90.177.217 - - [22/Sep/2022:12:44:32 +0200] "GET /fishes-teapot-p-48245.html HTTP/1.0" 200 75285 "-" "Mozilla/5.0 (compatible; BLEXBot/1.0; +http://webmeup-crawler.com/)"
157.90.177.217 - - [22/Sep/2022:12:44:36 +0200] "GET /fitted-sheet-brown-p-38809.html HTTP/1.0" 200 75329 "-" "Mozilla/5.0 (compatible; BLEXBot/1.0; +http://webmeup-crawler.com/)"
66.249.66.210 - - [22/Sep/2022:12:44:39 +0200] "GET /images/mini_prod/3453131156349.jpg HTTP/1.0" 200 269 "-" "Mozilla/5.0 (compatible; Googlebot/2.1; +http://www.google.com/bot.html)"
66.249.66.210 - - [22/Sep/2022:12:44:41 +0200] "GET /images/big_prod_1/1491693130119B.jpg HTTP/1.0" 200 271 "-" "Mozilla/5.0 (compatible; Googlebot/2.1; +http://www.google.com/bot.html)"
157.90.177.217 - - [22/Sep/2022:12:44:44 +0200] "GET /fitted-sheet-c-11_193.html?page=2 HTTP/1.0" 200 92865 "-" "Mozilla/5.0 (compatible; BLEXBot/1.0; +http://webmeup-crawler.com/)"
157.90.177.217 - - [22/Sep/2022:12:44:52 +0200] "GET /fitted-sheet-c-11_193.html?page=3 HTTP/1.0" 200 94183 "-" "Mozilla/5.0 (compatible; BLEXBot/1.0; +http://webmeup-crawler.com/)"
157.90.177.217 - - [22/Sep/2022:12:44:57 +0200] "GET /fitted-sheet-c-11_193.html?page=4 HTTP/1.0" 200 95283 "-" "Mozilla/5.0 (compatible; BLEXBot/1.0; +http://webmeup-crawler.com/)"
157.90.177.217 - - [22/Sep/2022:12:45:05 +0200] "GET /fitted-sheet-c-11_193.html?page=5 HTTP/1.0" 200 95267 "-" "Mozilla/5.0 (compatible; BLEXBot/1.0; +http://webmeup-crawler.com/)"
66.249.66.212 - - [22/Sep/2022:12:45:14 +0200] "GET /images/mini_prod/MISES-EN-SITUATION-10.jpg HTTP/1.0" 200 277 "-" "Mozilla/5.0 (compatible; Googlebot/2.1; +http://www.google.com/bot.html)"
157.90.177.217 - - [22/Sep/2022:12:45:13 +0200] "GET /fitted-sheet-c-11_193.html?page=6 HTTP/1.0" 200 95412 "-" "Mozilla/5.0 (compatible; BLEXBot/1.0; +http://webmeup-crawler.com/)"
207.46.13.149 - - [22/Sep/2022:12:45:17 +0200] "GET /merde-vido-game-shirt-p-29574.html HTTP/1.0" 200 75912 "-" "Mozilla/5.0 (compatible; bingbot/2.0; +http://www.bing.com/bingbot.htm)"
157.90.177.217 - - [22/Sep/2022:12:45:19 +0200] "GET /fitted-sheet-c-11_193.html?page=7 HTTP/1.0" 200 83450 "-" "Mozilla/5.0 (compatible; BLEXBot/1.0; +http://webmeup-crawler.com/)"
157.90.177.217 - - [22/Sep/2022:12:45:24 +0200] "GET /fitted-sheet-color-light-grey-p-38877.html HTTP/1.0" 200 74826 "-" "Mozilla/5.0 (compatible; BLEXBot/1.0; +http://webmeup-crawler.com/)"
66.249.66.210 - - [22/Sep/2022:12:45:30 +0200] "GET /images/mini_prod/J1399984249246.jpg HTTP/1.0" 200 270 "-" "Mozilla/5.0 (compatible; Googlebot/2.1; +http://www.google.com/bot.html)"
157.90.177.217 - - [22/Sep/2022:12:45:31 +0200] "GET /fitted-sheet-color-light-grey-p-38883.html HTTP/1.0" 200 74838 "-" "Mozilla/5.0 (compatible; BLEXBot/1.0; +http://webmeup-crawler.com/)"
157.90.177.217 - - [22/Sep/2022:12:45:38 +0200] "GET /fitted-sheet-color-p-38875.html HTTP/1.0" 200 74782 "-" "Mozilla/5.0 (compatible; BLEXBot/1.0; +http://webmeup-crawler.com/)"
66.249.66.210 - - [22/Sep/2022:12:45:43 +0200] "GET /images/mini_prod/1610882000006.jpg HTTP/1.0" 200 269 "-" "Mozilla/5.0 (compatible; Googlebot/2.1; +http://www.google.com/bot.html)"
157.90.177.217 - - [22/Sep/2022:12:45:43 +0200] "GET /fitted-sheet-color-p-38878.html HTTP/1.0" 200 74802 "-" "Mozilla/5.0 (compatible; BLEXBot/1.0; +http://webmeup-crawler.com/)"
157.90.177.217 - - [22/Sep/2022:12:45:48 +0200] "GET /fitted-sheet-p-27502.html HTTP/1.0" 200 75207 "-" "Mozilla/5.0 (compatible; BLEXBot/1.0; +http://webmeup-crawler.com/)"
207.46.13.149 - - [22/Sep/2022:12:45:54 +0200] "GET /-p-31901.html HTTP/1.0" 200 72060 "-" "Mozilla/5.0 (compatible; bingbot/2.0; +http://www.bing.com/bingbot.htm)"
157.90.177.217 - - [22/Sep/2022:12:45:57 +0200] "GET /fitted-sheet-p-31982.html HTTP/1.0" 200 74613 "-" "Mozilla/5.0 (compatible; BLEXBot/1.0; +http://webmeup-crawler.com/)"
66.249.66.214 - - [22/Sep/2022:12:46:02 +0200] "GET /images/mini_prod/1399984258330.jpg HTTP/1.0" 200 269 "-" "Mozilla/5.0 (compatible; Googlebot/2.1; +http://www.google.com/bot.html)"
157.90.177.217 - - [22/Sep/2022:12:46:01 +0200] "GET /fitted-sheet-white-p-27503.html HTTP/1.0" 200 74638 "-" "Mozilla/5.0 (compatible; BLEXBot/1.0; +http://webmeup-crawler.com/)"
66.249.66.214 - - [22/Sep/2022:12:46:06 +0200] "GET /images/mini_prod/A84360429032013.jpg HTTP/1.0" 200 271 "-" "Mozilla/5.0 (compatible; Googlebot/2.1; +http://www.google.com/bot.html)"
157.90.177.217 - - [22/Sep/2022:12:46:06 +0200] "GET /flag-compact-mirror-p-26192.html HTTP/1.0" 200 74807 "-" "Mozilla/5.0 (compatible; BLEXBot/1.0; +http://webmeup-crawler.com/)"
66.249.66.210 - - [22/Sep/2022:12:46:07 +0200] "GET /images/mini_prod/1399984258439.jpg HTTP/1.0" 200 269 "-" "Mozilla/5.0 (compatible; Googlebot/2.1; +http://www.google.com/bot.html)"
157.90.177.217 - - [22/Sep/2022:12:46:11 +0200] "GET /flamingo-allen-pill-p-51383.html HTTP/1.0" 200 75405 "-" "Mozilla/5.0 (compatible; BLEXBot/1.0; +http://webmeup-crawler.com/)"
157.90.177.217 - - [22/Sep/2022:12:46:16 +0200] "GET /flamingo-fitted-sheet-p-51977.html HTTP/1.0" 200 74707 "-" "Mozilla/5.0 (compatible; BLEXBot/1.0; +http://webmeup-crawler.com/)"
157.55.39.80 - - [22/Sep/2022:12:46:16 +0200] "GET /decorations-and-furnishings/bob-marley-song-zippo-lighter-p-13400.html HTTP/1.0" 301 75281 "-" "Mozilla/5.0 (compatible; bingbot/2.0; +http://www.bing.com/bingbot.htm)"
157.90.177.217 - - [22/Sep/2022:12:46:21 +0200] "GET /flamingo-fitted-sheet-p-51981.html HTTP/1.0" 200 75337 "-" "Mozilla/5.0 (compatible; BLEXBot/1.0; +http://webmeup-crawler.com/)"
35.243.235.72 - - [22/Sep/2022:12:46:25 +0200] "GET /robots.txt HTTP/1.0" 200 245 "-" "ZoominfoBot (zoominfobot at zoominfo dot com)"
157.90.177.217 - - [22/Sep/2022:12:46:24 +0200] "GET /flamingo-metal-tray-blue-p-40180.html HTTP/1.0" 200 74805 "-" "Mozilla/5.0 (compatible; BLEXBot/1.0; +http://webmeup-crawler.com/)"
35.243.235.72 - - [22/Sep/2022:12:46:25 +0200] "GET / HTTP/1.0" 200 151603 "-" "ZoominfoBot (zoominfobot at zoominfo dot com)"
157.90.177.217 - - [22/Sep/2022:12:46:30 +0200] "GET /flamingo-metal-tray-green-p-40182.html HTTP/1.0" 200 74810 "-" "Mozilla/5.0 (compatible; BLEXBot/1.0; +http://webmeup-crawler.com/)"
185.191.171.21 - - [22/Sep/2022:12:46:32 +0200] "GET /small-baby-teeth-brown-p-55708.html HTTP/1.0" 200 75465 "-" "Mozilla/5.0 (compatible; SemrushBot/7~bl; +http://www.semrush.com/bot.html)"
157.90.177.217 - - [22/Sep/2022:12:46:36 +0200] "GET /flamingo-metal-tray-light-green-p-40183.html HTTP/1.0" 200 74840 "-" "Mozilla/5.0 (compatible; BLEXBot/1.0; +http://webmeup-crawler.com/)"
157.90.177.217 - - [22/Sep/2022:12:46:40 +0200] "GET /flamingo-shower-curtain-p-57405.html HTTP/1.0" 200 75433 "-" "Mozilla/5.0 (compatible; BLEXBot/1.0; +http://webmeup-crawler.com/)"
185.191.171.13 - - [22/Sep/2022:12:46:44 +0200] "GET /buddha-backflow-incense-burner-p-51744.html HTTP/1.0" 200 75591 "-" "Mozilla/5.0 (compatible; SemrushBot/7~bl; +http://www.semrush.com/bot.html)"
157.90.177.217 - - [22/Sep/2022:12:46:48 +0200] "GET /flamingo-teapot-p-48244.html HTTP/1.0" 200 75278 "-" "Mozilla/5.0 (compatible; BLEXBot/1.0; +http://webmeup-crawler.com/)"
157.90.177.217 - - [22/Sep/2022:12:46:52 +0200] "GET /flamingo-tray-p-45510.html HTTP/1.0" 200 74772 "-" "Mozilla/5.0 (compatible; BLEXBot/1.0; +http://webmeup-crawler.com/)"
216.244.66.242 - - [22/Sep/2022:12:46:56 +0200] "GET /robots.txt HTTP/1.0" 200 245 "-" "Mozilla/5.0 (compatible; DotBot/1.2; +https://opensiteexplorer.org/dotbot; help@moz.com)"
157.90.177.217 - - [22/Sep/2022:12:46:57 +0200] "GET /flat-cotton-case-little-prince-p-58266.html HTTP/1.0" 200 75450 "-" "Mozilla/5.0 (compatible; BLEXBot/1.0; +http://webmeup-crawler.com/)"
157.90.177.217 - - [22/Sep/2022:12:47:08 +0200] "GET /flin-p-49539.html HTTP/1.0" 200 74544 "-" "Mozilla/5.0 (compatible; BLEXBot/1.0; +http://webmeup-crawler.com/)"
157.90.177.217 - - [22/Sep/2022:12:47:16 +0200] "GET /floor-cushions-c-11_182.html?page=2 HTTP/1.0" 200 93072 "-" "Mozilla/5.0 (compatible; BLEXBot/1.0; +http://webmeup-crawler.com/)"
157.55.39.80 - - [22/Sep/2022:12:47:17 +0200] "GET /resin-statue-little-monk-blue-dress-p-51505.html HTTP/1.0" 200 74868 "-" "Mozilla/5.0 (compatible; bingbot/2.0; +http://www.bing.com/bingbot.htm)"
157.90.177.217 - - [22/Sep/2022:12:47:22 +0200] "GET /floor-cushions-c-11_182.html?page=3 HTTP/1.0" 200 93229 "-" "Mozilla/5.0 (compatible; BLEXBot/1.0; +http://webmeup-crawler.com/)"
66.249.66.212 - - [22/Sep/2022:12:47:26 +0200] "GET /images/mini_prod/1384000000765.jpg HTTP/1.0" 200 269 "-" "Mozilla/5.0 (compatible; Googlebot/2.1; +http://www.google.com/bot.html)"
157.90.177.217 - - [22/Sep/2022:12:47:28 +0200] "GET /floor-cushions-c-11_182.html?page=4 HTTP/1.0" 200 93900 "-" "Mozilla/5.0 (compatible; BLEXBot/1.0; +http://webmeup-crawler.com/)"
66.249.66.212 - - [22/Sep/2022:12:47:30 +0200] "GET /images/mini_prod/1399984266236.jpg HTTP/1.0" 200 269 "-" "Mozilla/5.0 (compatible; Googlebot/2.1; +http://www.google.com/bot.html)"
65.21.206.43 - - [22/Sep/2022:12:47:31 +0200] "GET /incense-holder-incense-burner-c-231_229.html HTTP/1.0" 200 92772 "-" "Mozilla/5.0 (Windows NT 10.0; Win64; x64) AppleWebKit/537.36 (KHTML, like Gecko) Chrome/91.0.4472.114 Safari/537.36 Edg/91.0.864.54"
66.249.66.210 - - [22/Sep/2022:12:47:35 +0200] "GET /images/mini_prod/4029811340675.jpg HTTP/1.0" 200 269 "-" "Mozilla/5.0 (compatible; Googlebot/2.1; +http://www.google.com/bot.html)"
157.90.177.217 - - [22/Sep/2022:12:47:34 +0200] "GET /floor-cushions-c-11_182.html?page=5 HTTP/1.0" 200 81971 "-" "Mozilla/5.0 (compatible; BLEXBot/1.0; +http://webmeup-crawler.com/)"
157.90.177.217 - - [22/Sep/2022:12:47:38 +0200] "GET /florialys-fragrance-provence-bergamot-p-48500.html HTTP/1.0" 200 74979 "-" "Mozilla/5.0 (compatible; BLEXBot/1.0; +http://webmeup-crawler.com/)"
66.249.66.210 - - [22/Sep/2022:12:47:43 +0200] "GET /images/mini_prod/1300000022903.jpg HTTP/1.0" 200 269 "-" "Mozilla/5.0 (compatible; Googlebot/2.1; +http://www.google.com/bot.html)"
157.90.177.217 - - [22/Sep/2022:12:47:43 +0200] "GET /florialys-fragrance-provence-divine-rose-p-48504.html HTTP/1.0" 200 74981 "-" "Mozilla/5.0 (compatible; BLEXBot/1.0; +http://webmeup-crawler.com/)"
157.90.177.217 - - [22/Sep/2022:12:47:51 +0200] "GET /florialys-fragrance-provence-flower-p-48505.html HTTP/1.0" 200 74967 "-" "Mozilla/5.0 (compatible; BLEXBot/1.0; +http://webmeup-crawler.com/)"
157.90.177.217 - - [22/Sep/2022:12:47:55 +0200] "GET /florialys-fragrance-provence-golden-jasmine-p-48498.html HTTP/1.0" 200 74999 "-" "Mozilla/5.0 (compatible; BLEXBot/1.0; +http://webmeup-crawler.com/)"
66.249.66.210 - - [22/Sep/2022:12:47:57 +0200] "GET /images/mini_prod/1399984251522b.jpg HTTP/1.0" 200 270 "-" "Mozilla/5.0 (compatible; Googlebot/2.1; +http://www.google.com/bot.html)"
157.55.39.12 - - [22/Sep/2022:12:48:00 +0200] "GET /mickey-birthday-card-with-envelope-p-25256.html HTTP/1.0" 200 74758 "-" "Mozilla/5.0 AppleWebKit/537.36 (KHTML, like Gecko; compatible; bingbot/2.0; +http://www.bing.com/bingbot.htm) Chrome/103.0.5060.134 Safari/537.36"
157.90.177.217 - - [22/Sep/2022:12:48:01 +0200] "GET /florialys-fragrance-provence-heart-peony-p-48506.html HTTP/1.0" 200 74993 "-" "Mozilla/5.0 (compatible; BLEXBot/1.0; +http://webmeup-crawler.com/)"
34.67.96.123 - - [22/Sep/2022:12:48:09 +0200] "GET /images/mini_prod/1610882000006.jpg HTTP/1.0" 200 269 "-" "Mozilla/5.0 (X11; Ubuntu; Linux x86_64; rv:72.0) Gecko/20100101 Firefox/72.0"
157.90.177.217 - - [22/Sep/2022:12:48:08 +0200] "GET /florialys-fragrance-provence-imperial-lavender-p-48502.html HTTP/1.0" 200 75017 "-" "Mozilla/5.0 (compatible; BLEXBot/1.0; +http://webmeup-crawler.com/)"
157.90.177.217 - - [22/Sep/2022:12:48:15 +0200] "GET /florialys-fragrance-provence-musk-woody-p-48499.html HTTP/1.0" 200 74975 "-" "Mozilla/5.0 (compatible; BLEXBot/1.0; +http://webmeup-crawler.com/)"
156.59.237.146 - - [22/Sep/2022:12:48:19 +0200] "GET /images/mini_prod/5051276225647.jpg HTTP/1.0" 200 269 "-" "Mozilla/5.0 (X11; Ubuntu; Linux x86_64; rv:72.0) Gecko/20100101 Firefox/72.0"
157.90.177.217 - - [22/Sep/2022:12:48:21 +0200] "GET /florialys-fragrance-provence-orange-blossom-p-48503.html HTTP/1.0" 200 74999 "-" "Mozilla/5.0 (compatible; BLEXBot/1.0; +http://webmeup-crawler.com/)"
157.90.177.217 - - [22/Sep/2022:12:48:26 +0200] "GET /florialys-fragrance-provence-tiare-flower-p-48501.html HTTP/1.0" 200 75019 "-" "Mozilla/5.0 (compatible; BLEXBot/1.0; +http://webmeup-crawler.com/)"
66.249.66.214 - - [22/Sep/2022:12:48:30 +0200] "GET /images/mini_prod/1399986102747.jpg HTTP/1.0" 200 269 "-" "Mozilla/5.0 (compatible; Googlebot/2.1; +http://www.google.com/bot.html)"
157.90.177.217 - - [22/Sep/2022:12:48:32 +0200] "GET /flower-aged-ceramic-p-58709.html HTTP/1.0" 200 75514 "-" "Mozilla/5.0 (compatible; BLEXBot/1.0; +http://webmeup-crawler.com/)"
157.90.177.217 - - [22/Sep/2022:12:48:37 +0200] "GET /flower-bowl-model-p-49586.html HTTP/1.0" 200 74761 "-" "Mozilla/5.0 (compatible; BLEXBot/1.0; +http://webmeup-crawler.com/)"
157.90.177.217 - - [22/Sep/2022:12:48:42 +0200] "GET /flower-fairies-jewelry-p-53246.html HTTP/1.0" 200 75687 "-" "Mozilla/5.0 (compatible; BLEXBot/1.0; +http://webmeup-crawler.com/)"
66.249.66.210 - - [22/Sep/2022:12:48:48 +0200] "GET /images/mini_prod/1384010182178.jpg HTTP/1.0" 200 269 "-" "Mozilla/5.0 (compatible; Googlebot/2.1; +http://www.google.com/bot.html)"
157.90.177.217 - - [22/Sep/2022:12:48:49 +0200] "GET /flower-fairies-jewelry-p-53247.html HTTP/1.0" 200 75679 "-" "Mozilla/5.0 (compatible; BLEXBot/1.0; +http://webmeup-crawler.com/)"
157.90.177.217 - - [22/Sep/2022:12:48:55 +0200] "GET /flower-life-earrings-brass-golden-p-39340.html HTTP/1.0" 200 75619 "-" "Mozilla/5.0 (compatible; BLEXBot/1.0; +http://webmeup-crawler.com/)"
66.249.66.210 - - [22/Sep/2022:12:49:00 +0200] "GET /melamine-plate-tom-and-jerry-p-14891.html HTTP/1.0" 301 72127 "-" "Mozilla/5.0 (Linux; Android 6.0.1; Nexus 5X Build/MMB29P) AppleWebKit/537.36 (KHTML, like Gecko) Chrome/105.0.5195.125 Mobile Safari/537.36 (compatible; Googlebot/2.1; +http://www.google.com/bot.html)"
66.249.66.210 - - [22/Sep/2022:12:49:01 +0200] "GET /images/mini_prod/5415203427489.jpg HTTP/1.0" 200 269 "-" "Mozilla/5.0 (compatible; Googlebot/2.1; +http://www.google.com/bot.html)"
