216.244.66.242 - - [22/Sep/2022:17:25:41 +0200] "GET /wood-box-carved-hand-of-fatma-p-50144.html HTTP/1.0" 301 72127 "-" "Mozilla/5.0 (compatible; DotBot/1.2; +https://opensiteexplorer.org/dotbot; help@moz.com)"
216.244.66.242 - - [22/Sep/2022:17:25:47 +0200] "GET /wooden-chime-metal-and-glass-p-43524.html HTTP/1.0" 301 74872 "-" "Mozilla/5.0 (compatible; DotBot/1.2; +https://opensiteexplorer.org/dotbot; help@moz.com)"
66.249.66.10 - - [22/Sep/2022:17:25:52 +0200] "GET /inside-backpack-p-31286.html HTTP/1.0" 301 72127 "-" "Mozilla/5.0 (compatible; Googlebot/2.1; +http://www.google.com/bot.html)"
66.249.66.72 - - [22/Sep/2022:17:25:54 +0200] "GET /-p-31286.html HTTP/1.0" 200 72060 "-" "Mozilla/5.0 (compatible; Googlebot/2.1; +http://www.google.com/bot.html)"
216.244.66.242 - - [22/Sep/2022:17:25:53 +0200] "GET /beige-and-orange-bedclothes-260-240-cm-p-36972.html HTTP/1.0" 301 72127 "-" "Mozilla/5.0 (compatible; DotBot/1.2; +https://opensiteexplorer.org/dotbot; help@moz.com)"
216.244.66.242 - - [22/Sep/2022:17:26:02 +0200] "GET /box-of-sardines-grey-metal-clock-30-cm-p-34977.html HTTP/1.0" 301 72127 "-" "Mozilla/5.0 (compatible; DotBot/1.2; +https://opensiteexplorer.org/dotbot; help@moz.com)"
87.250.224.94 - - [22/Sep/2022:17:26:04 +0200] "GET /the-funny-little-bugs-cars-fiona-fly-p-7302.html HTTP/1.0" 301 72124 "-" "Mozilla/5.0 (compatible; YandexBot/3.0; +http://yandex.com/bots)"
87.250.224.94 - - [22/Sep/2022:17:26:07 +0200] "GET /-p-7302.html HTTP/1.0" 200 72058 "-" "Mozilla/5.0 (compatible; YandexBot/3.0; +http://yandex.com/bots)"
216.244.66.242 - - [22/Sep/2022:17:26:10 +0200] "GET /britto-dog-birthday-edition-ceramic-mug-p-50407.html HTTP/1.0" 301 72288 "-" "Mozilla/5.0 (compatible; DotBot/1.2; +https://opensiteexplorer.org/dotbot; help@moz.com)"
20.119.96.169 - - [22/Sep/2022:17:26:12 +0200] "GET /.env HTTP/1.0" 301 519 "-" "Mozilla/5.0 (X11; Linux x86_64; rv:83.0) Gecko/20100101 Firefox/83.0"
20.119.96.169 - - [22/Sep/2022:17:26:13 +0200] "POST / HTTP/1.0" 301 511 "-" "Mozilla/5.0 (X11; Linux x86_64; rv:83.0) Gecko/20100101 Firefox/83.0"
66.249.66.56 - - [22/Sep/2022:17:26:13 +0200] "GET /images/mini_prod/3014627880119.jpg HTTP/1.0" 200 269 "-" "Mozilla/5.0 (compatible; Googlebot/2.1; +http://www.google.com/bot.html)"
66.249.66.56 - - [22/Sep/2022:17:26:14 +0200] "GET /placemat-kiub-collection-jewels-p-55913.html HTTP/1.0" 200 74826 "-" "Mozilla/5.0 (Linux; Android 6.0.1; Nexus 5X Build/MMB29P) AppleWebKit/537.36 (KHTML, like Gecko) Chrome/105.0.5195.125 Mobile Safari/537.36 (compatible; Googlebot/2.1; +http://www.google.com/bot.html)"
216.244.66.242 - - [22/Sep/2022:17:26:16 +0200] "GET /duvet-cover-in-cotton-percale-80-threads-240-220-cm-p-43842.html HTTP/1.0" 301 75099 "-" "Mozilla/5.0 (compatible; DotBot/1.2; +https://opensiteexplorer.org/dotbot; help@moz.com)"
216.244.66.242 - - [22/Sep/2022:17:26:23 +0200] "GET /duvet-cover-in-cotton-percale-80-threads-240-220-cm-p-51259.html HTTP/1.0" 301 75760 "-" "Mozilla/5.0 (compatible; DotBot/1.2; +https://opensiteexplorer.org/dotbot; help@moz.com)"
185.191.171.45 - - [22/Sep/2022:17:26:28 +0200] "GET /metal-lamp-black-p-48266.html HTTP/1.0" 200 75296 "-" "Mozilla/5.0 (compatible; SemrushBot/7~bl; +http://www.semrush.com/bot.html)"
216.244.66.242 - - [22/Sep/2022:17:26:28 +0200] "GET /fitted-sheet-in-cotton-percale-80-threads-160-200-30-cm-p-43830.html HTTP/1.0" 301 72340 "-" "Mozilla/5.0 (compatible; DotBot/1.2; +https://opensiteexplorer.org/dotbot; help@moz.com)"
185.191.171.5 - - [22/Sep/2022:17:26:31 +0200] "GET /football-shoe-pencil-case-p-40967.html HTTP/1.0" 200 74747 "-" "Mozilla/5.0 (compatible; SemrushBot/7~bl; +http://www.semrush.com/bot.html)"
216.244.66.242 - - [22/Sep/2022:17:26:37 +0200] "GET /hand-painted-tin-sunflower-small-sacred-temple-garden-p-36654.html HTTP/1.0" 301 72127 "-" "Mozilla/5.0 (compatible; DotBot/1.2; +https://opensiteexplorer.org/dotbot; help@moz.com)"
114.119.137.3 - - [22/Sep/2022:17:26:39 +0200] "GET /littlest-petshop-yellow-swimsuit-p-30264.html HTTP/1.0" 200 76198 "http://www.wonder-geek.com/swimsuit-c-1_18.html?page=1" "Mozilla/5.0 (Linux; Android 7.0;) AppleWebKit/537.36 (KHTML, like Gecko) Mobile Safari/537.36 (compatible; PetalBot;+https://webmaster.petalsearch.com/site/petalbot)"
216.244.66.242 - - [22/Sep/2022:17:26:45 +0200] "GET /models-to-assemble-and-paint-the-deuche-p-21672.html HTTP/1.0" 301 72127 "-" "Mozilla/5.0 (compatible; DotBot/1.2; +https://opensiteexplorer.org/dotbot; help@moz.com)"
216.244.66.242 - - [22/Sep/2022:17:26:51 +0200] "GET /olives-of-provence-set-salt-and-pepper-p-39666.html HTTP/1.0" 301 72127 "-" "Mozilla/5.0 (compatible; DotBot/1.2; +https://opensiteexplorer.org/dotbot; help@moz.com)"
185.191.171.5 - - [22/Sep/2022:17:26:52 +0200] "GET /dubout-cats-white-p-52491.html HTTP/1.0" 200 74659 "-" "Mozilla/5.0 (compatible; SemrushBot/7~bl; +http://www.semrush.com/bot.html)"
216.244.66.242 - - [22/Sep/2022:17:26:57 +0200] "GET /set-of-gorjuss-storage-tins-ladybird-hush-little-bunny-p-35809.html HTTP/1.0" 301 72400 "-" "Mozilla/5.0 (compatible; DotBot/1.2; +https://opensiteexplorer.org/dotbot; help@moz.com)"
35.225.100.86 - - [22/Sep/2022:17:27:01 +0200] "GET /images/big_prod_2/bambou1.jpg HTTP/1.0" 200 264 "-" "Mozilla/5.0 (X11; Ubuntu; Linux x86_64; rv:72.0) Gecko/20100101 Firefox/72.0"
216.244.66.242 - - [22/Sep/2022:17:27:01 +0200] "GET /votive-candle-15-hours-true-enchantment-p-33129.html HTTP/1.0" 301 76124 "-" "Mozilla/5.0 (compatible; DotBot/1.2; +https://opensiteexplorer.org/dotbot; help@moz.com)"
185.191.171.20 - - [22/Sep/2022:17:27:11 +0200] "GET /crasy-allen-cotton-pouch-p-53176.html HTTP/1.0" 200 74797 "-" "Mozilla/5.0 (compatible; SemrushBot/7~bl; +http://www.semrush.com/bot.html)"
207.46.13.149 - - [22/Sep/2022:17:27:19 +0200] "GET /strawberries-butter-dish-p-51417.html HTTP/1.0" 200 72154 "-" "Mozilla/5.0 (compatible; bingbot/2.0; +http://www.bing.com/bingbot.htm)"
66.249.66.6 - - [22/Sep/2022:17:27:23 +0200] "GET /images/mini_prod/1384010190029.jpg HTTP/1.0" 200 269 "-" "Mozilla/5.0 (compatible; Googlebot/2.1; +http://www.google.com/bot.html)"
23.100.232.233 - - [22/Sep/2022:17:27:38 +0200] "GET /minnie-mouse-disney-suitcase-p-31207.html HTTP/1.0" 200 75161 "-" "Mozilla/5.0 (compatible; MSIE 9.0; Windows NT 6.0; Trident/5.0;  Trident/5.0)"
23.100.232.233 - - [22/Sep/2022:17:27:39 +0200] "GET /templates/Pixame_v1/stylesheet.css HTTP/1.0" 200 267 "http://www.wonder-geek.com/minnie-mouse-disney-suitcase-p-31207.html" "Mozilla/5.0 (compatible; MSIE 9.0; Windows NT 6.0; Trident/5.0;  Trident/5.0)"
23.100.232.233 - - [22/Sep/2022:17:27:40 +0200] "GET /highslide/highslide.js HTTP/1.0" 200 262 "http://www.wonder-geek.com/minnie-mouse-disney-suitcase-p-31207.html" "Mozilla/5.0 (compatible; MSIE 9.0; Windows NT 6.0; Trident/5.0;  Trident/5.0)"
23.100.232.233 - - [22/Sep/2022:17:27:40 +0200] "GET /js/jquery.jqzoom.js HTTP/1.0" 200 259 "http://www.wonder-geek.com/minnie-mouse-disney-suitcase-p-31207.html" "Mozilla/5.0 (compatible; MSIE 9.0; Windows NT 6.0; Trident/5.0;  Trident/5.0)"
23.100.232.233 - - [22/Sep/2022:17:27:40 +0200] "GET /js/jquery.js HTTP/1.0" 200 252 "http://www.wonder-geek.com/minnie-mouse-disney-suitcase-p-31207.html" "Mozilla/5.0 (compatible; MSIE 9.0; Windows NT 6.0; Trident/5.0;  Trident/5.0)"
23.100.232.233 - - [22/Sep/2022:17:27:40 +0200] "GET /swfobject.js HTTP/1.0" 404 1308 "http://www.wonder-geek.com/minnie-mouse-disney-suitcase-p-31207.html" "Mozilla/5.0 (compatible; MSIE 9.0; Windows NT 6.0; Trident/5.0;  Trident/5.0)"
23.100.232.233 - - [22/Sep/2022:17:27:40 +0200] "GET /mondial_relay/js/jquery-1.3.2.min.js HTTP/1.0" 200 276 "http://www.wonder-geek.com/minnie-mouse-disney-suitcase-p-31207.html" "Mozilla/5.0 (compatible; MSIE 9.0; Windows NT 6.0; Trident/5.0;  Trident/5.0)"
23.100.232.233 - - [22/Sep/2022:17:27:40 +0200] "GET /style.ie7.css HTTP/1.0" 404 1308 "http://www.wonder-geek.com/minnie-mouse-disney-suitcase-p-31207.html" "Mozilla/5.0 (compatible; MSIE 9.0; Windows NT 6.0; Trident/5.0;  Trident/5.0)"
23.100.232.233 - - [22/Sep/2022:17:27:41 +0200] "GET /templates/Pixame_v1/images/flash.swf HTTP/1.0" 200 290 "http://www.wonder-geek.com/minnie-mouse-disney-suitcase-p-31207.html" "Mozilla/5.0 (compatible; MSIE 9.0; Windows NT 6.0; Trident/5.0;  Trident/5.0)"
23.100.232.233 - - [22/Sep/2022:17:27:41 +0200] "GET /highslide/graphics/zoomin.cur HTTP/1.0" 200 614 "http://www.wonder-geek.com/minnie-mouse-disney-suitcase-p-31207.html" "Mozilla/5.0 (compatible; MSIE 9.0; Windows NT 6.0; Trident/5.0;  Trident/5.0)"
23.100.232.233 - - [22/Sep/2022:17:27:41 +0200] "GET /highslide/graphics/zoomout.cur HTTP/1.0" 200 614 "http://www.wonder-geek.com/minnie-mouse-disney-suitcase-p-31207.html" "Mozilla/5.0 (compatible; MSIE 9.0; Windows NT 6.0; Trident/5.0;  Trident/5.0)"
51.68.224.127 - - [22/Sep/2022:17:27:53 +0200] "GET /adminweb/export_orders_xml.php?token=256de2z6edz6ed2z6DFSFsed2zed6zeDSFDSGdzedezfzf&maxorders=10&orderstart=1&status=14&start_date=2018-10-01 HTTP/1.0" 200 285 "-" "GesCom CharlotteBoutik Serveur"
51.68.224.127 - - [22/Sep/2022:17:27:53 +0200] "GET /adminweb/export_orders_xml.php?token=256de2z6edz6ed2z6DFSFsed2zed6zeDSFDSGdzedezfzf&maxorders=10&orderstart=1&status=6&start_date=2018-10-01 HTTP/1.0" 200 33985 "-" "GesCom CharlotteBoutik Serveur"
114.119.137.31 - - [22/Sep/2022:17:28:08 +0200] "GET /white-black-moroccan-ashtray-p-56528.html HTTP/1.0" 200 75365 "http://www.wonder-geek.com/home-decoration-c-13.html?page=75" "Mozilla/5.0 (Linux; Android 7.0;) AppleWebKit/537.36 (KHTML, like Gecko) Mobile Safari/537.36 (compatible; PetalBot;+https://webmaster.petalsearch.com/site/petalbot)"
156.59.237.147 - - [22/Sep/2022:17:28:48 +0200] "GET /images/mini_prod/3438100339794.jpg HTTP/1.0" 200 269 "-" "Mozilla/5.0 (X11; Ubuntu; Linux x86_64; rv:72.0) Gecko/20100101 Firefox/72.0"
185.191.171.42 - - [22/Sep/2022:17:28:57 +0200] "GET /decorative-statuette-monkey-baby-p-51562.html HTTP/1.0" 200 74923 "-" "Mozilla/5.0 (compatible; SemrushBot/7~bl; +http://www.semrush.com/bot.html)"
203.119.241.104 - - [22/Sep/2022:17:29:05 +0200] "GET /images/mini_prod/8435333853245.jpg HTTP/1.0" 200 269 "-" "Mozilla/5.0 (X11; Ubuntu; Linux x86_64; rv:72.0) Gecko/20100101 Firefox/72.0"
114.119.137.31 - - [22/Sep/2022:17:29:48 +0200] "GET /cupcakes-cushion-personalized-picture-p-16981.html HTTP/1.0" 200 75280 "http://www.wonder-geek.com/personalized-products-c-97.html?page=2" "Mozilla/5.0 (Linux; Android 7.0;) AppleWebKit/537.36 (KHTML, like Gecko) Mobile Safari/537.36 (compatible; PetalBot;+https://webmaster.petalsearch.com/site/petalbot)"
185.191.171.23 - - [22/Sep/2022:17:30:13 +0200] "GET /flowers-boho-p-50798.html HTTP/1.0" 200 72126 "-" "Mozilla/5.0 (compatible; SemrushBot/7~bl; +http://www.semrush.com/bot.html)"
66.249.66.10 - - [22/Sep/2022:17:30:26 +0200] "GET /images/mini_prod/8433914427915.jpg HTTP/1.0" 200 269 "-" "Mozilla/5.0 (compatible; Googlebot/2.1; +http://www.google.com/bot.html)"
66.249.66.8 - - [22/Sep/2022:17:30:27 +0200] "GET /images/mini_prod/3453131130738.jpg HTTP/1.0" 200 269 "-" "Mozilla/5.0 (compatible; Googlebot/2.1; +http://www.google.com/bot.html)"
88.198.65.89 - - [22/Sep/2022:17:30:37 +0200] "GET / HTTP/1.0" 200 151146 "-" "Mozilla/5.0 (X11; Linux x86_64) AppleWebKit/537.11 (KHTML, like Gecko) Chrome/23.0.1271.64 Safari/537.11"
88.198.65.89 - - [22/Sep/2022:17:30:41 +0200] "GET /wp-admin/admin-ajax.php?action=duplicator_download&file=../wp-config.php HTTP/1.0" 404 1308 "-" "Mozilla/5.0 (X11; Linux x86_64) AppleWebKit/537.11 (KHTML, like Gecko) Chrome/23.0.1271.64 Safari/537.11"
88.198.65.89 - - [22/Sep/2022:17:30:41 +0200] "GET /wp-admin/admin-ajax.php?action=revslider_show_image&img=../wp-config.php HTTP/1.0" 404 1308 "-" "Mozilla/5.0 (X11; Linux x86_64) AppleWebKit/537.11 (KHTML, like Gecko) Chrome/23.0.1271.64 Safari/537.11"
88.198.65.89 - - [22/Sep/2022:17:30:41 +0200] "GET /wp-config.txt HTTP/1.0" 404 1308 "-" "Mozilla/5.0 (X11; Linux x86_64) AppleWebKit/537.11 (KHTML, like Gecko) Chrome/23.0.1271.64 Safari/537.11"
88.198.65.89 - - [22/Sep/2022:17:30:41 +0200] "GET /wp-config.php HTTP/1.0" 404 1308 "-" "Mozilla/5.0 (X11; Linux x86_64) AppleWebKit/537.11 (KHTML, like Gecko) Chrome/23.0.1271.64 Safari/537.11"
88.198.65.89 - - [22/Sep/2022:17:30:41 +0200] "GET /wp-content/plugins/cherry-plugin/admin/import-export/download-content.php?file=../../../../../wp-config.php HTTP/1.0" 404 1308 "-" "Mozilla/5.0 (X11; Linux x86_64) AppleWebKit/537.11 (KHTML, like Gecko) Chrome/23.0.1271.64 Safari/537.11"
88.198.65.89 - - [22/Sep/2022:17:30:41 +0200] "GET /wp-content/plugins/google-mp3-audio-player/direct_download.php?file=../../../wp-config.php HTTP/1.0" 404 1308 "-" "Mozilla/5.0 (X11; Linux x86_64) AppleWebKit/537.11 (KHTML, like Gecko) Chrome/23.0.1271.64 Safari/537.11"
88.198.65.89 - - [22/Sep/2022:17:30:41 +0200] "GET /wp-admin/admin.php?page=miwoftp&option=com_miwoftp&action=download&dir=/&item=wp-config.php&order=name&srt=yes HTTP/1.0" 404 1308 "-" "Mozilla/5.0 (X11; Linux x86_64) AppleWebKit/537.11 (KHTML, like Gecko) Chrome/23.0.1271.64 Safari/537.11"
88.198.65.89 - - [22/Sep/2022:17:30:41 +0200] "GET /wp-content/plugins/recent-backups/download-file.php?file_link=../../../wp-config.php HTTP/1.0" 404 1308 "-" "Mozilla/5.0 (X11; Linux x86_64) AppleWebKit/537.11 (KHTML, like Gecko) Chrome/23.0.1271.64 Safari/537.11"
88.198.65.89 - - [22/Sep/2022:17:30:41 +0200] "GET /wp-content/themes/churchope/lib/downloadlink.php?file=../../../../wp-config.php HTTP/1.0" 404 1308 "-" "Mozilla/5.0 (X11; Linux x86_64) AppleWebKit/537.11 (KHTML, like Gecko) Chrome/23.0.1271.64 Safari/537.11"
88.198.65.89 - - [22/Sep/2022:17:30:41 +0200] "GET /wp-content/force-download.php?file=../wp-config.php HTTP/1.0" 404 1308 "-" "Mozilla/5.0 (X11; Linux x86_64) AppleWebKit/537.11 (KHTML, like Gecko) Chrome/23.0.1271.64 Safari/537.11"
88.198.65.89 - - [22/Sep/2022:17:30:41 +0200] "GET /wp-admin/admin-ajax.php?action=kbslider_show_image&img=../wp-config.php HTTP/1.0" 404 1308 "-" "Mozilla/5.0 (X11; Linux x86_64) AppleWebKit/537.11 (KHTML, like Gecko) Chrome/23.0.1271.64 Safari/537.11"
88.198.65.89 - - [22/Sep/2022:17:30:41 +0200] "GET /force-download.php?file=wp-config.php HTTP/1.0" 404 1308 "-" "Mozilla/5.0 (X11; Linux x86_64) AppleWebKit/537.11 (KHTML, like Gecko) Chrome/23.0.1271.64 Safari/537.11"
88.198.65.89 - - [22/Sep/2022:17:30:41 +0200] "GET /wp-content/themes/NativeChurch/download/download.php?file=../../../../wp-config.php HTTP/1.0" 404 1308 "-" "Mozilla/5.0 (X11; Linux x86_64) AppleWebKit/537.11 (KHTML, like Gecko) Chrome/23.0.1271.64 Safari/537.11"
88.198.65.89 - - [22/Sep/2022:17:30:41 +0200] "GET /wp-content/plugins/wp-support-plus-responsive-ticket-system/includes/admin/downloadAttachment.php?path=../../../../../wp-config.php HTTP/1.0" 404 1308 "-" "Mozilla/5.0 (X11; Linux x86_64) AppleWebKit/537.11 (KHTML, like Gecko) Chrome/23.0.1271.64 Safari/537.11"
88.198.65.89 - - [22/Sep/2022:17:30:41 +0200] "GET /wp-content/plugins/aspose-doc-exporter/aspose_doc_exporter_download.php?file=../../../wp-config.php HTTP/1.0" 404 1308 "-" "Mozilla/5.0 (X11; Linux x86_64) AppleWebKit/537.11 (KHTML, like Gecko) Chrome/23.0.1271.64 Safari/537.11"
88.198.65.89 - - [22/Sep/2022:17:30:41 +0200] "GET /wp-content/plugins/db-backup/download.php?file=../../../wp-config.php HTTP/1.0" 404 1308 "-" "Mozilla/5.0 (X11; Linux x86_64) AppleWebKit/537.11 (KHTML, like Gecko) Chrome/23.0.1271.64 Safari/537.11"
88.198.65.89 - - [22/Sep/2022:17:30:41 +0200] "GET /wp-content/plugins/wp-filemanager/incl/libfile.php?&path=../../&filename=wp-config.php&action=download HTTP/1.0" 404 1308 "-" "Mozilla/5.0 (X11; Linux x86_64) AppleWebKit/537.11 (KHTML, like Gecko) Chrome/23.0.1271.64 Safari/537.11"
88.198.65.89 - - [22/Sep/2022:17:30:41 +0200] "GET /wp-content/plugins/mac-dock-gallery/macdownload.php?albid=../../../wp-config.php HTTP/1.0" 404 1308 "-" "Mozilla/5.0 (X11; Linux x86_64) AppleWebKit/537.11 (KHTML, like Gecko) Chrome/23.0.1271.64 Safari/537.11"
66.249.66.210 - - [22/Sep/2022:17:30:45 +0200] "GET /images/mini_prod/3453131130417.jpg HTTP/1.0" 200 269 "-" "Mozilla/5.0 (compatible; Googlebot/2.1; +http://www.google.com/bot.html)"
185.191.171.45 - - [22/Sep/2022:17:30:57 +0200] "GET /home-decoration-c-13.html?page=228 HTTP/1.0" 200 94447 "-" "Mozilla/5.0 (compatible; SemrushBot/7~bl; +http://www.semrush.com/bot.html)"
185.191.171.37 - - [22/Sep/2022:17:31:10 +0200] "GET /bathroom-accessories-c-13_172.html?page=4 HTTP/1.0" 200 87718 "-" "Mozilla/5.0 (compatible; SemrushBot/7~bl; +http://www.semrush.com/bot.html)"
114.119.137.3 - - [22/Sep/2022:17:31:21 +0200] "GET /cat-bowls-table-p-31428.html HTTP/1.0" 301 74777 "http://www.wonder-geek.com/pet-shop-c-155.html" "Mozilla/5.0 (Linux; Android 7.0;) AppleWebKit/537.36 (KHTML, like Gecko) Mobile Safari/537.36 (compatible; PetalBot;+https://webmaster.petalsearch.com/site/petalbot)"
114.119.137.3 - - [22/Sep/2022:17:31:22 +0200] "GET /bowls-table-p-31428.html HTTP/1.0" 200 74699 "http://www.wonder-geek.com/pet-shop-c-155.html" "Mozilla/5.0 (Linux; Android 7.0;) AppleWebKit/537.36 (KHTML, like Gecko) Mobile Safari/537.36 (compatible; PetalBot;+https://webmaster.petalsearch.com/site/petalbot)"
185.191.171.33 - - [22/Sep/2022:17:31:33 +0200] "GET /scented-votive-chakra-candles-p-55100.html HTTP/1.0" 200 78254 "-" "Mozilla/5.0 (compatible; SemrushBot/7~bl; +http://www.semrush.com/bot.html)"
185.191.171.12 - - [22/Sep/2022:17:31:36 +0200] "GET /allen-buzz-clock-p-58678.html HTTP/1.0" 200 75307 "-" "Mozilla/5.0 (compatible; SemrushBot/7~bl; +http://www.semrush.com/bot.html)"
216.244.66.242 - - [22/Sep/2022:17:32:03 +0200] "GET /games-and-toys/soft-toys-security-blanket/gund-boo-bear-bathrobe-plush-p-24292.html HTTP/1.0" 301 677 "-" "Mozilla/5.0 (compatible; DotBot/1.2; +https://opensiteexplorer.org/dotbot; help@moz.com)"
216.244.66.242 - - [22/Sep/2022:17:32:17 +0200] "GET /display-coasters-black-metal-p-35233.html HTTP/1.0" 200 74775 "-" "Mozilla/5.0 (compatible; DotBot/1.2; +https://opensiteexplorer.org/dotbot; help@moz.com)"
185.191.171.37 - - [22/Sep/2022:17:32:20 +0200] "GET /accessories-c-3.html?page=8 HTTP/1.0" 200 94896 "-" "Mozilla/5.0 (compatible; SemrushBot/7~bl; +http://www.semrush.com/bot.html)"
114.119.137.31 - - [22/Sep/2022:17:32:48 +0200] "GET /white-cotton-kitchen-towel-petit-beurre-p-42549.html HTTP/1.0" 200 74880 "http://www.wonder-geek.com/tea-towels-napkins-c-11_177.html?page=8" "Mozilla/5.0 (Linux; Android 7.0;) AppleWebKit/537.36 (KHTML, like Gecko) Mobile Safari/537.36 (compatible; PetalBot;+https://webmaster.petalsearch.com/site/petalbot)"
66.249.66.56 - - [22/Sep/2022:17:33:24 +0200] "GET /images/mini_prod/1384010207543.jpg HTTP/1.0" 200 269 "-" "Mozilla/5.0 (compatible; Googlebot/2.1; +http://www.google.com/bot.html)"
185.191.171.39 - - [22/Sep/2022:17:33:37 +0200] "GET /artisan-plaster-thermometer-handcrafted-p-58012.html HTTP/1.0" 200 75779 "-" "Mozilla/5.0 (compatible; SemrushBot/7~bl; +http://www.semrush.com/bot.html)"
185.191.171.2 - - [22/Sep/2022:17:33:58 +0200] "GET /retro-p-11765.html HTTP/1.0" 200 74583 "-" "Mozilla/5.0 (compatible; SemrushBot/7~bl; +http://www.semrush.com/bot.html)"
114.119.137.3 - - [22/Sep/2022:17:34:22 +0200] "GET /blue-zigzag-flower-pot-135-cm-p-51107.html HTTP/1.0" 301 72231 "http://www.wonder-geek.com/home-and-decoration-c-13.html?page=73" "Mozilla/5.0 (Linux; Android 7.0;) AppleWebKit/537.36 (KHTML, like Gecko) Mobile Safari/537.36 (compatible; PetalBot;+https://webmaster.petalsearch.com/site/petalbot)"
114.119.137.3 - - [22/Sep/2022:17:34:26 +0200] "GET /blue-zigzag-flower-p-51107.html HTTP/1.0" 200 72146 "http://www.wonder-geek.com/home-and-decoration-c-13.html?page=73" "Mozilla/5.0 (Linux; Android 7.0;) AppleWebKit/537.36 (KHTML, like Gecko) Mobile Safari/537.36 (compatible; PetalBot;+https://webmaster.petalsearch.com/site/petalbot)"
103.7.29.106 - - [22/Sep/2022:17:34:37 +0200] "GET /images/mini_prod/8422000053541.jpg HTTP/1.0" 200 269 "-" "Mozilla/5.0 (X11; Ubuntu; Linux x86_64; rv:72.0) Gecko/20100101 Firefox/72.0"
157.55.39.217 - - [22/Sep/2022:17:34:57 +0200] "GET /motorcycle-decorative-metal-plate-p-47948.html HTTP/1.0" 200 74793 "-" "Mozilla/5.0 (compatible; bingbot/2.0; +http://www.bing.com/bingbot.htm)"
185.191.171.44 - - [22/Sep/2022:17:35:12 +0200] "GET /bear-kitchen-towel-laissez-lucie-faire-p-42225.html HTTP/1.0" 200 72162 "-" "Mozilla/5.0 (compatible; SemrushBot/7~bl; +http://www.semrush.com/bot.html)"
185.191.171.39 - - [22/Sep/2022:17:35:15 +0200] "GET /home-decoration-c-13.html?page=51 HTTP/1.0" 200 94407 "-" "Mozilla/5.0 (compatible; SemrushBot/7~bl; +http://www.semrush.com/bot.html)"
163.220.128.41 - - [22/Sep/2022:17:35:26 +0200] "GET /images/mini_prod/4036113102986.jpg HTTP/1.0" 200 269 "-" "Mozilla/5.0 (X11; Ubuntu; Linux x86_64; rv:72.0) Gecko/20100101 Firefox/72.0"
185.191.171.12 - - [22/Sep/2022:17:35:45 +0200] "GET /jasmin-kitten-scarf-p-35977.html HTTP/1.0" 200 74700 "-" "Mozilla/5.0 (compatible; SemrushBot/7~bl; +http://www.semrush.com/bot.html)"
42.123.114.236 - - [22/Sep/2022:17:35:51 +0200] "GET /images/mini_prod/8424001278886.jpg HTTP/1.0" 200 269 "-" "Mozilla/5.0 (X11; Ubuntu; Linux x86_64; rv:72.0) Gecko/20100101 Firefox/72.0"
114.119.137.31 - - [22/Sep/2022:17:36:00 +0200] "GET /pencil-case-turning-into-pencil-pot-pig-p-49230.html HTTP/1.0" 301 72127 "http://www.wonder-geek.com/pencil-case-c-31_75.html?page=8" "Mozilla/5.0 (Linux; Android 7.0;) AppleWebKit/537.36 (KHTML, like Gecko) Mobile Safari/537.36 (compatible; PetalBot;+https://webmaster.petalsearch.com/site/petalbot)"
114.119.137.31 - - [22/Sep/2022:17:36:02 +0200] "GET /-p-49230.html HTTP/1.0" 200 72060 "http://www.wonder-geek.com/pencil-case-c-31_75.html?page=8" "Mozilla/5.0 (Linux; Android 7.0;) AppleWebKit/537.36 (KHTML, like Gecko) Mobile Safari/537.36 (compatible; PetalBot;+https://webmaster.petalsearch.com/site/petalbot)"
66.249.66.60 - - [22/Sep/2022:17:36:11 +0200] "GET /images/mini_prod/1399984259146.jpg HTTP/1.0" 200 269 "-" "Mozilla/5.0 (compatible; Googlebot/2.1; +http://www.google.com/bot.html)"
66.249.66.8 - - [22/Sep/2022:17:36:11 +0200] "GET /robots.txt HTTP/1.0" 200 245 "-" "Mozilla/5.0 (compatible; Googlebot/2.1; +http://www.google.com/bot.html)"
66.249.66.8 - - [22/Sep/2022:17:36:13 +0200] "GET /beatles-union-jack-black-cover-ipad-and-tablets-p-17619.html HTTP/1.0" 301 75253 "-" "Mozilla/5.0 (Linux; Android 6.0.1; Nexus 5X Build/MMB29P) AppleWebKit/537.36 (KHTML, like Gecko) Chrome/105.0.5195.125 Mobile Safari/537.36 (compatible; Googlebot/2.1; +http://www.google.com/bot.html)"
66.249.66.144 - - [22/Sep/2022:17:36:15 +0200] "GET /images/mini_prod/8433933201497.jpg HTTP/1.0" 200 269 "-" "Mozilla/5.0 (compatible; Googlebot/2.1; +http://www.google.com/bot.html)"
66.249.66.56 - - [22/Sep/2022:17:36:15 +0200] "GET /beatles-union-jack-black-cover-ipad-tablets-p-17619.html HTTP/1.0" 200 75143 "-" "Mozilla/5.0 (Linux; Android 6.0.1; Nexus 5X Build/MMB29P) AppleWebKit/537.36 (KHTML, like Gecko) Chrome/105.0.5195.125 Mobile Safari/537.36 (compatible; Googlebot/2.1; +http://www.google.com/bot.html)"
163.220.128.41 - - [22/Sep/2022:17:36:28 +0200] "GET /images/mini_prod/8422535842405.jpg HTTP/1.0" 200 269 "-" "Mozilla/5.0 (X11; Ubuntu; Linux x86_64; rv:72.0) Gecko/20100101 Firefox/72.0"
66.249.66.58 - - [22/Sep/2022:17:36:28 +0200] "GET /images/mini_prod/8424001497430.jpg HTTP/1.0" 200 269 "-" "Mozilla/5.0 (compatible; Googlebot/2.1; +http://www.google.com/bot.html)"
185.191.171.3 - - [22/Sep/2022:17:36:38 +0200] "GET /paul-frank-backpack-p-15109.html HTTP/1.0" 200 75557 "-" "Mozilla/5.0 (compatible; SemrushBot/7~bl; +http://www.semrush.com/bot.html)"
23.100.232.233 - - [22/Sep/2022:17:36:44 +0200] "GET /minnie-mouse-large-disney-suitcase-p-31213.html HTTP/1.0" 301 72127 "-" "Mozilla/5.0 (compatible; MSIE 9.0; Windows NT 6.1; Trident/5.0;  Trident/5.0)"
23.100.232.233 - - [22/Sep/2022:17:36:46 +0200] "GET /-p-31213.html HTTP/1.0" 200 72060 "-" "Mozilla/5.0 (compatible; MSIE 9.0; Windows NT 6.1; Trident/5.0;  Trident/5.0)"
23.100.232.233 - - [22/Sep/2022:17:36:47 +0200] "GET /templates/Pixame_v1/stylesheet.css HTTP/1.0" 200 267 "http://www.wonder-geek.com/-p-31213.html" "Mozilla/5.0 (compatible; MSIE 9.0; Windows NT 6.1; Trident/5.0;  Trident/5.0)"
23.100.232.233 - - [22/Sep/2022:17:36:47 +0200] "GET /highslide/highslide.js HTTP/1.0" 200 262 "http://www.wonder-geek.com/-p-31213.html" "Mozilla/5.0 (compatible; MSIE 9.0; Windows NT 6.1; Trident/5.0;  Trident/5.0)"
23.100.232.233 - - [22/Sep/2022:17:36:48 +0200] "GET /js/jquery.js HTTP/1.0" 200 252 "http://www.wonder-geek.com/-p-31213.html" "Mozilla/5.0 (compatible; MSIE 9.0; Windows NT 6.1; Trident/5.0;  Trident/5.0)"
23.100.232.233 - - [22/Sep/2022:17:36:48 +0200] "GET /js/jquery.jqzoom.js HTTP/1.0" 200 259 "http://www.wonder-geek.com/-p-31213.html" "Mozilla/5.0 (compatible; MSIE 9.0; Windows NT 6.1; Trident/5.0;  Trident/5.0)"
23.100.232.233 - - [22/Sep/2022:17:36:48 +0200] "GET /mondial_relay/js/jquery-1.3.2.min.js HTTP/1.0" 200 276 "http://www.wonder-geek.com/-p-31213.html" "Mozilla/5.0 (compatible; MSIE 9.0; Windows NT 6.1; Trident/5.0;  Trident/5.0)"
23.100.232.233 - - [22/Sep/2022:17:36:48 +0200] "GET /swfobject.js HTTP/1.0" 404 1308 "http://www.wonder-geek.com/-p-31213.html" "Mozilla/5.0 (compatible; MSIE 9.0; Windows NT 6.1; Trident/5.0;  Trident/5.0)"
23.100.232.233 - - [22/Sep/2022:17:36:48 +0200] "GET /style.ie7.css HTTP/1.0" 404 1308 "http://www.wonder-geek.com/-p-31213.html" "Mozilla/5.0 (compatible; MSIE 9.0; Windows NT 6.1; Trident/5.0;  Trident/5.0)"
23.100.232.233 - - [22/Sep/2022:17:36:49 +0200] "GET /templates/Pixame_v1/images/flash.swf HTTP/1.0" 200 290 "http://www.wonder-geek.com/-p-31213.html" "Mozilla/5.0 (compatible; MSIE 9.0; Windows NT 6.1; Trident/5.0;  Trident/5.0)"
23.100.232.233 - - [22/Sep/2022:17:36:50 +0200] "GET /highslide/graphics/zoomout.cur HTTP/1.0" 200 614 "http://www.wonder-geek.com/-p-31213.html" "Mozilla/5.0 (compatible; MSIE 9.0; Windows NT 6.1; Trident/5.0;  Trident/5.0)"
157.55.39.12 - - [22/Sep/2022:17:37:28 +0200] "GET /images/big_prod_1/3014627889785.jpg HTTP/1.0" 200 270 "-" "Mozilla/5.0 (compatible; bingbot/2.0; +http://www.bing.com/bingbot.htm)"
114.119.133.245 - - [22/Sep/2022:17:37:28 +0200] "GET /stationery-cardmaking-c-129.html?page=32 HTTP/1.0" 200 93182 "http://www.wonder-geek.com/stationery-cardmaking-c-129.html?page=36" "Mozilla/5.0 (Linux; Android 7.0;) AppleWebKit/537.36 (KHTML, like Gecko) Mobile Safari/537.36 (compatible; PetalBot;+https://webmaster.petalsearch.com/site/petalbot)"
185.191.171.26 - - [22/Sep/2022:17:37:40 +0200] "GET /-p-45488.html HTTP/1.0" 200 72060 "-" "Mozilla/5.0 (compatible; SemrushBot/7~bl; +http://www.semrush.com/bot.html)"
185.191.171.33 - - [22/Sep/2022:17:37:55 +0200] "GET /corsica-bath-towel-p-44387.html HTTP/1.0" 200 72122 "-" "Mozilla/5.0 (compatible; SemrushBot/7~bl; +http://www.semrush.com/bot.html)"
66.249.66.8 - - [22/Sep/2022:17:38:24 +0200] "GET /volkswagen-beetle-blue-glitter-p-26268.html HTTP/1.0" 200 74749 "-" "Mozilla/5.0 (Linux; Android 6.0.1; Nexus 5X Build/MMB29P) AppleWebKit/537.36 (KHTML, like Gecko) Chrome/105.0.5195.125 Mobile Safari/537.36 (compatible; Googlebot/2.1; +http://www.google.com/bot.html)"
114.119.133.245 - - [22/Sep/2022:17:38:54 +0200] "GET /chevrolet-metal-plate-deco-p-45219.html HTTP/1.0" 200 74796 "http://www.wonder-geek.com/home-and-decoration-c-13.html?page=166" "Mozilla/5.0 (Linux; Android 7.0;) AppleWebKit/537.36 (KHTML, like Gecko) Mobile Safari/537.36 (compatible; PetalBot;+https://webmaster.petalsearch.com/site/petalbot)"
185.191.171.8 - - [22/Sep/2022:17:39:34 +0200] "GET /trunks-c-13_208.html?page=1 HTTP/1.0" 200 89647 "-" "Mozilla/5.0 (compatible; SemrushBot/7~bl; +http://www.semrush.com/bot.html)"
185.191.171.34 - - [22/Sep/2022:17:39:50 +0200] "GET /-p-47673.html HTTP/1.0" 200 72060 "-" "Mozilla/5.0 (compatible; SemrushBot/7~bl; +http://www.semrush.com/bot.html)"
66.249.66.58 - - [22/Sep/2022:17:40:04 +0200] "GET /small-tassen-porcelain-mood-bowls-made-germany-p-43292.html HTTP/1.0" 200 75028 "-" "Mozilla/5.0 (compatible; Googlebot/2.1; +http://www.google.com/bot.html)"
157.55.39.12 - - [22/Sep/2022:17:40:18 +0200] "GET /-p-24435.html HTTP/1.0" 200 72060 "-" "Mozilla/5.0 AppleWebKit/537.36 (KHTML, like Gecko; compatible; bingbot/2.0; +http://www.bing.com/bingbot.htm) Chrome/103.0.5060.134 Safari/537.36"
114.119.137.31 - - [22/Sep/2022:17:40:36 +0200] "GET /sheaffer-fountain-ferrari-p-38771.html HTTP/1.0" 200 75485 "http://www.wonder-geek.com/stationery-cardmaking-c-129.html?page=36" "Mozilla/5.0 (Linux; Android 7.0;) AppleWebKit/537.36 (KHTML, like Gecko) Mobile Safari/537.36 (compatible; PetalBot;+https://webmaster.petalsearch.com/site/petalbot)"
66.249.66.58 - - [22/Sep/2022:17:40:43 +0200] "GET /tweety-hammer-figurine-p-42736.html HTTP/1.0" 200 74701 "-" "Mozilla/5.0 (compatible; Googlebot/2.1; +http://www.google.com/bot.html)"
185.191.171.14 - - [22/Sep/2022:17:41:28 +0200] "GET /paris-shower-curtain-p-52156.html HTTP/1.0" 200 75404 "-" "Mozilla/5.0 (compatible; SemrushBot/7~bl; +http://www.semrush.com/bot.html)"
87.250.224.94 - - [22/Sep/2022:17:41:43 +0200] "GET /images/1300010238004.jpg HTTP/1.0" 200 259 "-" "Mozilla/5.0 (compatible; YandexImages/3.0; +http://yandex.com/bots)"
207.46.13.149 - - [22/Sep/2022:17:41:44 +0200] "GET /luggages-schoolbags-leather-shop/suitcaselittle-suitcase-trolley/disney-universe-suitcase-p-17270.html HTTP/1.0" 301 72262 "-" "Mozilla/5.0 (compatible; bingbot/2.0; +http://www.bing.com/bingbot.htm)"
185.191.171.8 - - [22/Sep/2022:17:41:54 +0200] "GET /oblix-money-p-28448.html HTTP/1.0" 200 72121 "-" "Mozilla/5.0 (compatible; SemrushBot/7~bl; +http://www.semrush.com/bot.html)"
163.220.128.41 - - [22/Sep/2022:17:41:57 +0200] "GET /images/mini_prod/1384000000659.jpg HTTP/1.0" 200 269 "-" "Mozilla/5.0 (X11; Ubuntu; Linux x86_64; rv:72.0) Gecko/20100101 Firefox/72.0"
185.191.171.18 - - [22/Sep/2022:17:42:02 +0200] "GET /olla-ppin-terracotta-blue-metal-finish-p-58494.html HTTP/1.0" 200 76379 "-" "Mozilla/5.0 (compatible; SemrushBot/7~bl; +http://www.semrush.com/bot.html)"
114.119.133.245 - - [22/Sep/2022:17:42:08 +0200] "GET /sardines-metal-clock-p-50638.html HTTP/1.0" 200 72156 "http://www.wonder-geek.com/home-and-decoration-c-13.html?page=200" "Mozilla/5.0 (Linux; Android 7.0;) AppleWebKit/537.36 (KHTML, like Gecko) Mobile Safari/537.36 (compatible; PetalBot;+https://webmaster.petalsearch.com/site/petalbot)"
66.249.66.214 - - [22/Sep/2022:17:42:26 +0200] "GET /brush-placemat-kiub-p-57960.html HTTP/1.0" 200 74733 "-" "Mozilla/5.0 (compatible; Googlebot/2.1; +http://www.google.com/bot.html)"
66.249.66.70 - - [22/Sep/2022:17:42:52 +0200] "GET /images/mini_prod/7601019991339.jpg HTTP/1.0" 200 269 "-" "Googlebot-Image/1.0"
66.249.66.6 - - [22/Sep/2022:17:43:01 +0200] "GET /images/mini_prod/8421440012309.jpg HTTP/1.0" 200 269 "-" "Mozilla/5.0 (compatible; Googlebot/2.1; +http://www.google.com/bot.html)"
66.249.66.10 - - [22/Sep/2022:17:43:08 +0200] "GET /images/4005221.jpg HTTP/1.0" 200 253 "-" "Mozilla/5.0 (compatible; Googlebot/2.1; +http://www.google.com/bot.html)"
66.249.66.56 - - [22/Sep/2022:17:43:08 +0200] "GET /images/mini_prod/8003990631249.jpg HTTP/1.0" 200 269 "-" "Mozilla/5.0 (compatible; Googlebot/2.1; +http://www.google.com/bot.html)"
66.249.66.58 - - [22/Sep/2022:17:43:27 +0200] "GET /images/mini_prod/9316188087377.jpg HTTP/1.0" 200 269 "-" "Mozilla/5.0 (compatible; Googlebot/2.1; +http://www.google.com/bot.html)"
66.249.66.68 - - [22/Sep/2022:17:43:35 +0200] "GET /images/big_prod_1/028399270163c.jpg HTTP/1.0" 200 270 "-" "Mozilla/5.0 (compatible; Googlebot/2.1; +http://www.google.com/bot.html)"
157.55.39.80 - - [22/Sep/2022:17:43:35 +0200] "GET /indian-elephant-statuette-p-51512.html HTTP/1.0" 200 72166 "-" "Mozilla/5.0 (compatible; bingbot/2.0; +http://www.bing.com/bingbot.htm)"
185.191.171.10 - - [22/Sep/2022:17:43:37 +0200] "GET /shell-collection-large-metal-plate-deco-p-37114.html HTTP/1.0" 200 74824 "-" "Mozilla/5.0 (compatible; SemrushBot/7~bl; +http://www.semrush.com/bot.html)"
114.119.137.43 - - [22/Sep/2022:17:43:38 +0200] "GET /water-bottle-nordic-folk-p-58562.html HTTP/1.0" 200 75489 "http://www.wonder-geek.com/home-and-decoration-c-13.html?page=112" "Mozilla/5.0 (Linux; Android 7.0;) AppleWebKit/537.36 (KHTML, like Gecko) Mobile Safari/537.36 (compatible; PetalBot;+https://webmaster.petalsearch.com/site/petalbot)"
185.191.171.45 - - [22/Sep/2022:17:43:52 +0200] "GET /classic-horse-cotton-towel-p-54935.html HTTP/1.0" 200 74955 "-" "Mozilla/5.0 (compatible; SemrushBot/7~bl; +http://www.semrush.com/bot.html)"
185.191.171.7 - - [22/Sep/2022:17:43:55 +0200] "GET /jiminy-cricket-britto-collection-p-40068.html HTTP/1.0" 200 72232 "-" "Mozilla/5.0 (compatible; SemrushBot/7~bl; +http://www.semrush.com/bot.html)"
51.68.224.127 - - [22/Sep/2022:17:44:02 +0200] "GET /adminweb/export_orders_xml.php?token=256de2z6edz6ed2z6DFSFsed2zed6zeDSFDSGdzedezfzf&maxorders=10&orderstart=1&status=14&start_date=2018-10-01 HTTP/1.0" 200 285 "-" "GesCom CharlotteBoutik Serveur"
51.68.224.127 - - [22/Sep/2022:17:44:02 +0200] "GET /adminweb/export_orders_xml.php?token=256de2z6edz6ed2z6DFSFsed2zed6zeDSFDSGdzedezfzf&maxorders=10&orderstart=1&status=6&start_date=2018-10-01 HTTP/1.0" 200 33985 "-" "GesCom CharlotteBoutik Serveur"
157.55.39.28 - - [22/Sep/2022:17:44:02 +0200] "GET /-p-38363.html HTTP/1.0" 200 72060 "-" "Mozilla/5.0 (compatible; bingbot/2.0; +http://www.bing.com/bingbot.htm)"
157.55.39.80 - - [22/Sep/2022:17:44:15 +0200] "GET /-p-30157.html HTTP/1.0" 200 72060 "-" "Mozilla/5.0 (compatible; bingbot/2.0; +http://www.bing.com/bingbot.htm)"
157.55.39.80 - - [22/Sep/2022:17:44:18 +0200] "GET / HTTP/1.0" 200 151327 "-" "Mozilla/5.0 (compatible; bingbot/2.0; +http://www.bing.com/bingbot.htm)"
185.191.171.3 - - [22/Sep/2022:17:44:22 +0200] "GET /bamboo-fiber-plant-cover-p-57467.html HTTP/1.0" 200 75311 "-" "Mozilla/5.0 (compatible; SemrushBot/7~bl; +http://www.semrush.com/bot.html)"
147.92.153.8 - - [22/Sep/2022:17:44:52 +0200] "GET /white-wooden-pedestal-tray-p-58826.html HTTP/1.0" 200 75656 "-" "Mozilla/5.0 (compatible; Linespider/1.1; +https://lin.ee/4dwXkTH)"
147.92.153.14 - - [22/Sep/2022:17:44:55 +0200] "GET /swfobject.js HTTP/1.0" 404 1308 "http://www.wonder-geek.com/white-wooden-pedestal-tray-p-58826.html" "Mozilla/5.0 AppleWebKit/537.36 (KHTML, like Gecko; compatible; Linespider/1.1; +https://lin.ee/4dwXkTH) Chrome/101.0.4951.0 Safari/537.36, Mozilla/5.0 (compatible; Linespider/1.1; +https://lin.ee/4dwXkTH)"
54.236.1.11 - - [22/Sep/2022:17:44:59 +0200] "GET /harley-davidson-large-box-p-33735.html HTTP/1.0" 301 74937 "-" "Mozilla/5.0 (compatible; Pinterestbot/1.0; +http://www.pinterest.com/bot.html)"
54.236.1.11 - - [22/Sep/2022:17:45:00 +0200] "GET /harley-davidson-large-p-33735.html HTTP/1.0" 200 74849 "-" "Mozilla/5.0 (compatible; Pinterestbot/1.0; +http://www.pinterest.com/bot.html)"
114.119.137.3 - - [22/Sep/2022:17:45:08 +0200] "GET /uk-alarm-clock-by-cbkreation-p-24993.html HTTP/1.0" 301 74858 "http://www.wonder-geek.com/alarms-clocks-c-13_65.html" "Mozilla/5.0 (Linux; Android 7.0;) AppleWebKit/537.36 (KHTML, like Gecko) Mobile Safari/537.36 (compatible; PetalBot;+https://webmaster.petalsearch.com/site/petalbot)"
114.119.137.3 - - [22/Sep/2022:17:45:10 +0200] "GET /alarm-clock-cbkreation-p-24993.html HTTP/1.0" 200 74769 "http://www.wonder-geek.com/alarms-clocks-c-13_65.html" "Mozilla/5.0 (Linux; Android 7.0;) AppleWebKit/537.36 (KHTML, like Gecko) Mobile Safari/537.36 (compatible; PetalBot;+https://webmaster.petalsearch.com/site/petalbot)"
54.236.1.11 - - [22/Sep/2022:17:45:30 +0200] "GET /harley-davidson-large-box-p-33735.html HTTP/1.0" 301 74937 "-" "Mozilla/5.0 (compatible; Pinterestbot/1.0; +http://www.pinterest.com/bot.html)"
54.236.1.11 - - [22/Sep/2022:17:45:31 +0200] "GET /harley-davidson-large-p-33735.html HTTP/1.0" 200 74849 "-" "Mozilla/5.0 (compatible; Pinterestbot/1.0; +http://www.pinterest.com/bot.html)"
163.220.128.41 - - [22/Sep/2022:17:45:50 +0200] "GET /images/mini_prod/1399984241806.jpg HTTP/1.0" 200 269 "-" "Mozilla/5.0 (X11; Ubuntu; Linux x86_64; rv:72.0) Gecko/20100101 Firefox/72.0"
66.249.66.8 - - [22/Sep/2022:17:46:13 +0200] "GET /luggages-schoolbags-leather-shop-c-31.html?page=40 HTTP/1.0" 200 93883 "-" "Mozilla/5.0 (Linux; Android 6.0.1; Nexus 5X Build/MMB29P) AppleWebKit/537.36 (KHTML, like Gecko) Chrome/105.0.5195.125 Mobile Safari/537.36 (compatible; Googlebot/2.1; +http://www.google.com/bot.html)"
185.191.171.6 - - [22/Sep/2022:17:46:40 +0200] "GET /star-wars-r2d2-sound-effects-pencil-case-p-32742.html HTTP/1.0" 200 72210 "-" "Mozilla/5.0 (compatible; SemrushBot/7~bl; +http://www.semrush.com/bot.html)"
114.119.137.45 - - [22/Sep/2022:17:46:51 +0200] "GET /gorjuss-cards-supplied-with-an-envelope-little-song-p-48381.html HTTP/1.0" 301 75139 "http://www.wonder-geek.com/cardmaking-c-129_128.html?page=3" "Mozilla/5.0 (Linux; Android 7.0;) AppleWebKit/537.36 (KHTML, like Gecko) Mobile Safari/537.36 (compatible; PetalBot;+https://webmaster.petalsearch.com/site/petalbot)"
114.119.137.45 - - [22/Sep/2022:17:46:53 +0200] "GET /gorjuss-cards-supplied-with-envelope-little-song-p-48381.html HTTP/1.0" 200 75024 "http://www.wonder-geek.com/cardmaking-c-129_128.html?page=3" "Mozilla/5.0 (Linux; Android 7.0;) AppleWebKit/537.36 (KHTML, like Gecko) Mobile Safari/537.36 (compatible; PetalBot;+https://webmaster.petalsearch.com/site/petalbot)"
207.46.13.149 - - [22/Sep/2022:17:47:05 +0200] "GET /mickey-figure-collection-romero-britto-p-51458.html HTTP/1.0" 200 76191 "-" "Mozilla/5.0 (compatible; bingbot/2.0; +http://www.bing.com/bingbot.htm)"
34.67.96.123 - - [22/Sep/2022:17:47:17 +0200] "GET /images/mini_prod/1384010206805.jpg HTTP/1.0" 200 269 "-" "Mozilla/5.0 (X11; Ubuntu; Linux x86_64; rv:72.0) Gecko/20100101 Firefox/72.0"
185.191.171.25 - - [22/Sep/2022:17:47:29 +0200] "GET /duvet-cover-cotton-percale-threads-p-48211.html HTTP/1.0" 200 74999 "-" "Mozilla/5.0 (compatible; SemrushBot/7~bl; +http://www.semrush.com/bot.html)"
114.119.137.45 - - [22/Sep/2022:17:48:18 +0200] "GET /mtal-signs-c-13_130.html?page=7 HTTP/1.0" 200 96535 "http://www.wonder-geek.com/tin-and-metal-signs-c-13_130.html" "Mozilla/5.0 (Linux; Android 7.0;) AppleWebKit/537.36 (KHTML, like Gecko) Mobile Safari/537.36 (compatible; PetalBot;+https://webmaster.petalsearch.com/site/petalbot)"
185.191.171.6 - - [22/Sep/2022:17:49:07 +0200] "GET /candle-hours-white-p-42095.html HTTP/1.0" 200 74828 "-" "Mozilla/5.0 (compatible; SemrushBot/7~bl; +http://www.semrush.com/bot.html)"
35.222.56.175 - - [22/Sep/2022:17:49:23 +0200] "GET /images/big_prod_2/8422092340062C.jpg HTTP/1.0" 200 271 "-" "Mozilla/5.0 (X11; Ubuntu; Linux x86_64; rv:72.0) Gecko/20100101 Firefox/72.0"
185.191.171.4 - - [22/Sep/2022:17:49:25 +0200] "GET /chin-card-p-20033.html HTTP/1.0" 200 74682 "-" "Mozilla/5.0 (compatible; SemrushBot/7~bl; +http://www.semrush.com/bot.html)"
130.44.212.102 - - [22/Sep/2022:17:49:50 +0200] "GET /images/big_prod_1/b8435333821862.jpg HTTP/1.0" 200 271 "-" "Mozilla/5.0 (X11; Ubuntu; Linux x86_64; rv:72.0) Gecko/20100101 Firefox/72.0"
66.249.66.10 - - [22/Sep/2022:17:49:51 +0200] "GET /images/mini_prod/1384010178829.jpg HTTP/1.0" 200 269 "-" "Mozilla/5.0 (compatible; Googlebot/2.1; +http://www.google.com/bot.html)"
66.249.66.148 - - [22/Sep/2022:17:50:06 +0200] "GET /images/mini_prod/1300000790673.jpg HTTP/1.0" 200 269 "-" "Mozilla/5.0 (compatible; Googlebot/2.1; +http://www.google.com/bot.html)"
66.249.66.70 - - [22/Sep/2022:17:50:27 +0200] "GET /images/mini_prod/3447200075761.jpg HTTP/1.0" 200 269 "-" "Mozilla/5.0 (compatible; Googlebot/2.1; +http://www.google.com/bot.html)"
66.249.66.212 - - [22/Sep/2022:17:50:30 +0200] "GET /images/mini_prod/1439116000007N.jpg HTTP/1.0" 200 270 "-" "Mozilla/5.0 (compatible; Googlebot/2.1; +http://www.google.com/bot.html)"
66.249.66.70 - - [22/Sep/2022:17:50:30 +0200] "GET /images/3079091105403.jpg HTTP/1.0" 200 259 "-" "Googlebot-Image/1.0"
185.191.171.35 - - [22/Sep/2022:17:50:53 +0200] "GET /small-slate-blue-white-cube-alarm-clock-p-55546.html HTTP/1.0" 200 76159 "-" "Mozilla/5.0 (compatible; SemrushBot/7~bl; +http://www.semrush.com/bot.html)"
185.191.171.5 - - [22/Sep/2022:17:51:11 +0200] "GET /vine-barrel-wall-decoration-p-58690.html HTTP/1.0" 200 75371 "-" "Mozilla/5.0 (compatible; SemrushBot/7~bl; +http://www.semrush.com/bot.html)"
66.249.66.210 - - [22/Sep/2022:17:51:35 +0200] "GET /images/big_prod/3148422000288.jpg HTTP/1.0" 200 268 "-" "Googlebot-Image/1.0"
66.249.66.144 - - [22/Sep/2022:17:52:01 +0200] "GET /images/mini_prod/1384010191675.jpg HTTP/1.0" 200 269 "-" "Mozilla/5.0 (compatible; Googlebot/2.1; +http://www.google.com/bot.html)"
66.249.66.144 - - [22/Sep/2022:17:52:05 +0200] "GET /images/mini_prod/3384370122492.JPG HTTP/1.0" 200 269 "-" "Mozilla/5.0 (compatible; Googlebot/2.1; +http://www.google.com/bot.html)"
185.191.171.4 - - [22/Sep/2022:17:52:22 +0200] "GET /ceramic-star-lamp-p-55785.html HTTP/1.0" 200 72130 "-" "Mozilla/5.0 (compatible; SemrushBot/7~bl; +http://www.semrush.com/bot.html)"
185.191.171.39 - - [22/Sep/2022:17:52:36 +0200] "GET /winnie-pooh-swimming-ring-p-19969.html HTTP/1.0" 200 74565 "-" "Mozilla/5.0 (compatible; SemrushBot/7~bl; +http://www.semrush.com/bot.html)"
34.67.96.123 - - [22/Sep/2022:17:53:18 +0200] "GET /images/mini_prod/9316188070218.jpg HTTP/1.0" 200 269 "-" "Mozilla/5.0 (X11; Ubuntu; Linux x86_64; rv:72.0) Gecko/20100101 Firefox/72.0"
66.249.66.144 - - [22/Sep/2022:17:53:24 +0200] "GET /images/big_prod_1/8422048831811a.jpg HTTP/1.0" 200 271 "-" "Googlebot-Image/1.0"
185.191.171.5 - - [22/Sep/2022:17:53:48 +0200] "GET /jack-gravestone-figurine-p-58697.html HTTP/1.0" 200 75901 "-" "Mozilla/5.0 (compatible; SemrushBot/7~bl; +http://www.semrush.com/bot.html)"
66.249.66.60 - - [22/Sep/2022:17:54:39 +0200] "GET /tetsubin-plum-teapot-japanese-liter-p-40901.html HTTP/1.0" 200 75020 "-" "Mozilla/5.0 (compatible; Googlebot/2.1; +http://www.google.com/bot.html)"
185.191.171.24 - - [22/Sep/2022:17:54:59 +0200] "GET /-p-43352.html HTTP/1.0" 200 72060 "-" "Mozilla/5.0 (compatible; SemrushBot/7~bl; +http://www.semrush.com/bot.html)"
66.249.66.210 - - [22/Sep/2022:17:55:02 +0200] "GET /images/mini_prod/9316188081184.jpg HTTP/1.0" 200 269 "-" "Mozilla/5.0 (compatible; Googlebot/2.1; +http://www.google.com/bot.html)"
66.249.66.70 - - [22/Sep/2022:17:55:02 +0200] "GET /images/mini_prod/3494150095097.jpg HTTP/1.0" 200 269 "-" "Mozilla/5.0 (compatible; Googlebot/2.1; +http://www.google.com/bot.html)"
156.59.237.146 - - [22/Sep/2022:17:55:09 +0200] "GET /images/mini_prod/5051276225647.jpg HTTP/1.0" 200 269 "-" "Mozilla/5.0 (X11; Ubuntu; Linux x86_64; rv:72.0) Gecko/20100101 Firefox/72.0"
157.55.39.217 - - [22/Sep/2022:17:55:09 +0200] "GET /chair-cushion-scratchs-terracotta-p-51736.html HTTP/1.0" 200 75469 "-" "Mozilla/5.0 AppleWebKit/537.36 (KHTML, like Gecko; compatible; bingbot/2.0; +http://www.bing.com/bingbot.htm) Chrome/103.0.5060.134 Safari/537.36"
185.191.171.2 - - [22/Sep/2022:17:55:31 +0200] "GET /johnny-hallyday-zippo-lighter-p-49856.html HTTP/1.0" 200 75823 "-" "Mozilla/5.0 (compatible; SemrushBot/7~bl; +http://www.semrush.com/bot.html)"
66.249.66.6 - - [22/Sep/2022:17:55:35 +0200] "GET /images/mini_prod/3700057117641.jpg HTTP/1.0" 200 269 "-" "Mozilla/5.0 (compatible; Googlebot/2.1; +http://www.google.com/bot.html)"
66.249.66.210 - - [22/Sep/2022:17:55:35 +0200] "GET /images/mini_prod/9316188070225.jpg HTTP/1.0" 200 269 "-" "Mozilla/5.0 (compatible; Googlebot/2.1; +http://www.google.com/bot.html)"
185.191.171.40 - - [22/Sep/2022:17:55:50 +0200] "GET /star-wars-blue-training-bottle-p-29945.html HTTP/1.0" 200 74816 "-" "Mozilla/5.0 (compatible; SemrushBot/7~bl; +http://www.semrush.com/bot.html)"
66.249.66.144 - - [22/Sep/2022:17:56:13 +0200] "GET /bravo-gnial-super-card-p-20052.html HTTP/1.0" 200 74740 "-" "Mozilla/5.0 (Linux; Android 6.0.1; Nexus 5X Build/MMB29P) AppleWebKit/537.36 (KHTML, like Gecko) Chrome/105.0.5195.125 Mobile Safari/537.36 (compatible; Googlebot/2.1; +http://www.google.com/bot.html)"
66.249.66.148 - - [22/Sep/2022:17:57:20 +0200] "GET /images/mini_prod/3700276274453.jpg HTTP/1.0" 200 269 "-" "Mozilla/5.0 (compatible; Googlebot/2.1; +http://www.google.com/bot.html)"
185.191.171.4 - - [22/Sep/2022:17:57:22 +0200] "GET /small-buddhist-monk-blue-dress-p-46804.html HTTP/1.0" 200 75497 "-" "Mozilla/5.0 (compatible; SemrushBot/7~bl; +http://www.semrush.com/bot.html)"
66.249.66.56 - - [22/Sep/2022:17:57:48 +0200] "GET /images/big_prod_2/1384010179642X.jpg HTTP/1.0" 200 271 "-" "Googlebot-Image/1.0"
159.75.102.74 - - [22/Sep/2022:17:58:19 +0200] "GET /images/8435333807712.jpg HTTP/1.0" 200 259 "-" "Mozilla/5.0 (X11; Ubuntu; Linux x86_64; rv:72.0) Gecko/20100101 Firefox/72.0"
156.59.237.147 - - [22/Sep/2022:17:58:21 +0200] "GET /images/mini_prod/1300000022880.jpg HTTP/1.0" 200 269 "-" "Mozilla/5.0 (X11; Ubuntu; Linux x86_64; rv:72.0) Gecko/20100101 Firefox/72.0"
66.249.66.60 - - [22/Sep/2022:17:58:31 +0200] "GET /minions-blue-clock-p-33704.html HTTP/1.0" 200 74683 "-" "Mozilla/5.0 (Linux; Android 6.0.1; Nexus 5X Build/MMB29P) AppleWebKit/537.36 (KHTML, like Gecko) Chrome/105.0.5195.125 Mobile Safari/537.36 (compatible; Googlebot/2.1; +http://www.google.com/bot.html)"
185.191.171.5 - - [22/Sep/2022:17:58:34 +0200] "GET /laissez-lucie-faire-adult-apron-p-31117.html HTTP/1.0" 200 72174 "-" "Mozilla/5.0 (compatible; SemrushBot/7~bl; +http://www.semrush.com/bot.html)"
157.55.39.217 - - [22/Sep/2022:17:59:09 +0200] "GET /hello-kitty-umbrella-p-20485.html HTTP/1.0" 200 75365 "-" "Mozilla/5.0 (compatible; bingbot/2.0; +http://www.bing.com/bingbot.htm)"
87.250.224.94 - - [22/Sep/2022:17:59:11 +0200] "GET /stickers-c-129_50.html HTTP/1.0" 200 89153 "-" "Mozilla/5.0 (compatible; YandexBot/3.0; +http://yandex.com/bots)"
87.250.224.94 - - [22/Sep/2022:17:59:14 +0200] "GET /girls-c-1.html HTTP/1.0" 200 93306 "-" "Mozilla/5.0 (compatible; YandexBot/3.0; +http://yandex.com/bots)"
87.250.224.94 - - [22/Sep/2022:17:59:16 +0200] "GET /cosmetic-bags-flat-purse-c-31_239.html HTTP/1.0" 200 97105 "-" "Mozilla/5.0 (compatible; YandexBot/3.0; +http://yandex.com/bots)"
87.250.224.94 - - [22/Sep/2022:17:59:18 +0200] "GET /resin-stone-boxes-storage-c-13_150_84.html HTTP/1.0" 200 87250 "-" "Mozilla/5.0 (compatible; YandexBot/3.0; +http://yandex.com/bots)"
87.250.224.94 - - [22/Sep/2022:17:59:20 +0200] "GET /mattress-cover-c-11_197.html HTTP/1.0" 200 84060 "-" "Mozilla/5.0 (compatible; YandexBot/3.0; +http://yandex.com/bots)"
185.191.171.14 - - [22/Sep/2022:17:59:20 +0200] "GET /tinted-candle-mass-burgundy-p-56092.html HTTP/1.0" 200 75394 "-" "Mozilla/5.0 (compatible; SemrushBot/7~bl; +http://www.semrush.com/bot.html)"
87.250.224.94 - - [22/Sep/2022:17:59:22 +0200] "GET /dresses-skirts-c-1_19.html HTTP/1.0" 200 80887 "-" "Mozilla/5.0 (compatible; YandexBot/3.0; +http://yandex.com/bots)"
87.250.224.94 - - [22/Sep/2022:17:59:24 +0200] "GET /posters-stickers-wall-c-13_147.html HTTP/1.0" 200 92182 "-" "Mozilla/5.0 (compatible; YandexBot/3.0; +http://yandex.com/bots)"
87.250.224.94 - - [22/Sep/2022:17:59:26 +0200] "GET /shower-curtain-c-11_168.html HTTP/1.0" 200 91101 "-" "Mozilla/5.0 (compatible; YandexBot/3.0; +http://yandex.com/bots)"
87.250.224.94 - - [22/Sep/2022:17:59:28 +0200] "GET /boxes-storage-c-13_150.html HTTP/1.0" 200 96159 "-" "Mozilla/5.0 (compatible; YandexBot/3.0; +http://yandex.com/bots)"
185.191.171.38 - - [22/Sep/2022:18:00:09 +0200] "GET /-p-46750.html HTTP/1.0" 200 72060 "-" "Mozilla/5.0 (compatible; SemrushBot/7~bl; +http://www.semrush.com/bot.html)"
51.68.224.127 - - [22/Sep/2022:18:00:14 +0200] "GET /adminweb/export_orders_xml.php?token=256de2z6edz6ed2z6DFSFsed2zed6zeDSFDSGdzedezfzf&maxorders=10&orderstart=1&status=14&start_date=2018-10-01 HTTP/1.0" 200 285 "-" "GesCom CharlotteBoutik Serveur"
51.68.224.127 - - [22/Sep/2022:18:00:14 +0200] "GET /adminweb/export_orders_xml.php?token=256de2z6edz6ed2z6DFSFsed2zed6zeDSFDSGdzedezfzf&maxorders=10&orderstart=1&status=6&start_date=2018-10-01 HTTP/1.0" 200 33985 "-" "GesCom CharlotteBoutik Serveur"
66.249.66.210 - - [22/Sep/2022:18:01:05 +0200] "GET /little-prince-exupery-little-tray-p-44551.html HTTP/1.0" 200 74873 "-" "Mozilla/5.0 (Linux; Android 6.0.1; Nexus 5X Build/MMB29P) AppleWebKit/537.36 (KHTML, like Gecko) Chrome/105.0.5195.125 Mobile Safari/537.36 (compatible; Googlebot/2.1; +http://www.google.com/bot.html)"
66.249.66.210 - - [22/Sep/2022:18:01:10 +0200] "GET /images/mini_prod/3279510503234.jpg HTTP/1.0" 200 269 "-" "Mozilla/5.0 (compatible; Googlebot/2.1; +http://www.google.com/bot.html)"
163.220.128.41 - - [22/Sep/2022:18:01:11 +0200] "GET /images/mini_prod/5701359679484.jpg HTTP/1.0" 200 269 "-" "Mozilla/5.0 (X11; Ubuntu; Linux x86_64; rv:72.0) Gecko/20100101 Firefox/72.0"
66.249.66.68 - - [22/Sep/2022:18:01:20 +0200] "GET /images/big_prod/8433833201993.jpg HTTP/1.0" 200 268 "-" "Googlebot-Image/1.0"
185.191.171.20 - - [22/Sep/2022:18:01:24 +0200] "GET /metal-push-ashtray-p-53573.html HTTP/1.0" 200 75222 "-" "Mozilla/5.0 (compatible; SemrushBot/7~bl; +http://www.semrush.com/bot.html)"
66.249.66.68 - - [22/Sep/2022:18:01:26 +0200] "GET /little-prince-exupery-little-tray-p-44551.html HTTP/1.0" 200 74873 "-" "Mozilla/5.0 (compatible; Googlebot/2.1; +http://www.google.com/bot.html)"
66.249.66.6 - - [22/Sep/2022:18:01:32 +0200] "GET /js/jquery.min.js HTTP/1.0" 404 1308 "http://www.wonder-geek.com/mugs-mazagrans-c-12_57.html?page=21" "Mozilla/5.0 (Linux; Android 6.0.1; Nexus 5X Build/MMB29P) AppleWebKit/537.36 (KHTML, like Gecko) Chrome/105.0.5195.102 Mobile Safari/537.36 (compatible; Googlebot/2.1; +http://www.google.com/bot.html)"
66.249.66.210 - - [22/Sep/2022:18:01:33 +0200] "GET /swfobject.js HTTP/1.0" 404 1308 "http://www.wonder-geek.com/mugs-mazagrans-c-12_57.html?page=21" "Mozilla/5.0 (Linux; Android 6.0.1; Nexus 5X Build/MMB29P) AppleWebKit/537.36 (KHTML, like Gecko) Chrome/105.0.5195.102 Mobile Safari/537.36 (compatible; Googlebot/2.1; +http://www.google.com/bot.html)"
