87.250.224.94 - - [22/Sep/2022:23:07:53 +0200] "GET /barbecue-aperitif-c-254.html HTTP/1.0" 301 91372 "-" "Mozilla/5.0 (compatible; YandexBot/3.0; +http://yandex.com/bots)"
87.250.224.94 - - [22/Sep/2022:23:07:56 +0200] "GET /barbecue-aperitif-c-12_254.html HTTP/1.0" 200 91391 "-" "Mozilla/5.0 (compatible; YandexBot/3.0; +http://yandex.com/bots)"
185.191.171.6 - - [22/Sep/2022:23:08:34 +0200] "GET /giant-decorative-clothespin-p-58323.html HTTP/1.0" 200 75413 "-" "Mozilla/5.0 (compatible; SemrushBot/7~bl; +http://www.semrush.com/bot.html)"
66.249.66.72 - - [22/Sep/2022:23:08:37 +0200] "GET /petit-prince-exupry-collection-p-55419.html HTTP/1.0" 200 74841 "-" "Mozilla/5.0 (Linux; Android 6.0.1; Nexus 5X Build/MMB29P) AppleWebKit/537.36 (KHTML, like Gecko) Chrome/105.0.5195.125 Mobile Safari/537.36 (compatible; Googlebot/2.1; +http://www.google.com/bot.html)"
66.249.66.6 - - [22/Sep/2022:23:08:45 +0200] "GET /images/mini_prod/5055071708930.jpg HTTP/1.0" 200 269 "-" "Mozilla/5.0 (compatible; Googlebot/2.1; +http://www.google.com/bot.html)"
185.191.171.44 - - [22/Sep/2022:23:09:14 +0200] "GET /dishes-c-13_12.html?page=155 HTTP/1.0" 200 82848 "-" "Mozilla/5.0 (compatible; SemrushBot/7~bl; +http://www.semrush.com/bot.html)"
87.250.224.94 - - [22/Sep/2022:23:09:35 +0200] "GET /hello-kitty-glossy-red-small-handbag-by-camomilla-p-16997.html HTTP/1.0" 301 72127 "-" "Mozilla/5.0 (compatible; YandexBot/3.0; +http://yandex.com/bots)"
87.250.224.94 - - [22/Sep/2022:23:09:38 +0200] "GET /-p-16997.html HTTP/1.0" 200 72060 "-" "Mozilla/5.0 (compatible; YandexBot/3.0; +http://yandex.com/bots)"
185.191.171.7 - - [22/Sep/2022:23:09:47 +0200] "GET /gogh-starry-night-candle-holder-p-53527.html HTTP/1.0" 200 76212 "-" "Mozilla/5.0 (compatible; SemrushBot/7~bl; +http://www.semrush.com/bot.html)"
66.249.66.212 - - [22/Sep/2022:23:09:49 +0200] "GET /images/mini_prod/3565750042054.jpg HTTP/1.0" 200 269 "-" "Mozilla/5.0 (compatible; Googlebot/2.1; +http://www.google.com/bot.html)"
51.68.224.127 - - [22/Sep/2022:23:10:07 +0200] "GET /adminweb/export_orders_xml.php?token=256de2z6edz6ed2z6DFSFsed2zed6zeDSFDSGdzedezfzf&maxorders=10&orderstart=1&status=14&start_date=2018-10-01 HTTP/1.0" 200 285 "-" "GesCom CharlotteBoutik Serveur"
51.68.224.127 - - [22/Sep/2022:23:10:07 +0200] "GET /adminweb/export_orders_xml.php?token=256de2z6edz6ed2z6DFSFsed2zed6zeDSFDSGdzedezfzf&maxorders=10&orderstart=1&status=6&start_date=2018-10-01 HTTP/1.0" 200 33985 "-" "GesCom CharlotteBoutik Serveur"
185.191.171.2 - - [22/Sep/2022:23:10:17 +0200] "GET /frame-canvas-dogs-p-37030.html HTTP/1.0" 200 74812 "-" "Mozilla/5.0 (compatible; SemrushBot/7~bl; +http://www.semrush.com/bot.html)"
66.249.66.10 - - [22/Sep/2022:23:10:21 +0200] "GET /postcard-with-envelope-russian-doll-p-48859.html HTTP/1.0" 200 74895 "-" "Mozilla/5.0 (Linux; Android 6.0.1; Nexus 5X Build/MMB29P) AppleWebKit/537.36 (KHTML, like Gecko) Chrome/105.0.5195.125 Mobile Safari/537.36 (compatible; Googlebot/2.1; +http://www.google.com/bot.html)"
66.249.66.56 - - [22/Sep/2022:23:11:02 +0200] "GET /industrial-storage-small-size-only-p-45110.html HTTP/1.0" 200 75692 "-" "Mozilla/5.0 (Linux; Android 6.0.1; Nexus 5X Build/MMB29P) AppleWebKit/537.36 (KHTML, like Gecko) Chrome/105.0.5195.125 Mobile Safari/537.36 (compatible; Googlebot/2.1; +http://www.google.com/bot.html)"
66.249.66.6 - - [22/Sep/2022:23:11:22 +0200] "GET /route-feel-freedom-cosmetic-p-18867.html HTTP/1.0" 200 74911 "-" "Mozilla/5.0 (compatible; Googlebot/2.1; +http://www.google.com/bot.html)"
207.46.13.149 - - [22/Sep/2022:23:11:33 +0200] "GET /images/110908_065947_PEEL_GWSzgf.jpg HTTP/1.0" 200 271 "-" "Mozilla/5.0 AppleWebKit/537.36 (KHTML, like Gecko; compatible; bingbot/2.0; +http://www.bing.com/bingbot.htm) Chrome/103.0.5060.134 Safari/537.36"
66.249.66.144 - - [22/Sep/2022:23:11:35 +0200] "GET /images/big_prod/3503420107740.jpg HTTP/1.0" 200 268 "-" "Googlebot-Image/1.0"
87.250.224.94 - - [22/Sep/2022:23:11:35 +0200] "GET /winnie-the-pooh-figure-p-2894.html HTTP/1.0" 301 72124 "-" "Mozilla/5.0 (compatible; YandexBot/3.0; +http://yandex.com/bots)"
87.250.224.94 - - [22/Sep/2022:23:11:37 +0200] "GET /-p-2894.html HTTP/1.0" 200 72058 "-" "Mozilla/5.0 (compatible; YandexBot/3.0; +http://yandex.com/bots)"
185.191.171.20 - - [22/Sep/2022:23:12:04 +0200] "GET /calimero-pink-cushion-p-22187.html HTTP/1.0" 200 74776 "-" "Mozilla/5.0 (compatible; SemrushBot/7~bl; +http://www.semrush.com/bot.html)"
66.249.66.72 - - [22/Sep/2022:23:12:07 +0200] "GET /images/mini_prod/5051276388199.jpg HTTP/1.0" 200 269 "-" "Mozilla/5.0 (compatible; Googlebot/2.1; +http://www.google.com/bot.html)"
66.249.66.144 - - [22/Sep/2022:23:12:08 +0200] "GET /images/mini_prod/8003990585733b.jpg HTTP/1.0" 200 270 "-" "Mozilla/5.0 (compatible; Googlebot/2.1; +http://www.google.com/bot.html)"
216.244.66.242 - - [22/Sep/2022:23:12:18 +0200] "GET /robots.txt HTTP/1.0" 200 245 "-" "Mozilla/5.0 (compatible; DotBot/1.2; +https://opensiteexplorer.org/dotbot; help@moz.com)"
114.119.137.43 - - [22/Sep/2022:23:12:32 +0200] "GET /memory-bolster-p-47974.html HTTP/1.0" 200 72130 "http://www.wonder-geek.com/household-linen-c-11.html?page=66" "Mozilla/5.0 (Linux; Android 7.0;) AppleWebKit/537.36 (KHTML, like Gecko) Mobile Safari/537.36 (compatible; PetalBot;+https://webmaster.petalsearch.com/site/petalbot)"
17.121.112.114 - - [22/Sep/2022:23:12:38 +0200] "GET /school-trolley-c-31_169.html HTTP/1.0" 200 82849 "-" "Mozilla/5.0 (Macintosh; Intel Mac OS X 10_15_5) AppleWebKit/605.1.15 (KHTML, like Gecko) Version/13.1.1 Safari/605.1.15 (Applebot/0.1; +http://www.apple.com/go/applebot)"
66.249.66.6 - - [22/Sep/2022:23:12:48 +0200] "GET /images/mini_prod/1384010202883.jpg HTTP/1.0" 200 269 "-" "Mozilla/5.0 (compatible; Googlebot/2.1; +http://www.google.com/bot.html)"
203.119.241.119 - - [22/Sep/2022:23:12:48 +0200] "GET /images/mini_prod/3660173148601.jpg HTTP/1.0" 200 269 "-" "Mozilla/5.0 (X11; Ubuntu; Linux x86_64; rv:72.0) Gecko/20100101 Firefox/72.0"
66.249.66.144 - - [22/Sep/2022:23:12:49 +0200] "GET /images/mini_prod/9316188078214.jpg HTTP/1.0" 200 269 "-" "Mozilla/5.0 (compatible; Googlebot/2.1; +http://www.google.com/bot.html)"
66.249.66.72 - - [22/Sep/2022:23:13:03 +0200] "GET /mini-melamine-tray-p-55846.html HTTP/1.0" 200 74754 "-" "Mozilla/5.0 (compatible; Googlebot/2.1; +http://www.google.com/bot.html)"
66.249.66.70 - - [22/Sep/2022:23:13:15 +0200] "GET /house-stark-bookends-game-thrones-p-57383.html HTTP/1.0" 200 76217 "-" "Mozilla/5.0 (compatible; Googlebot/2.1; +http://www.google.com/bot.html)"
185.191.171.21 - - [22/Sep/2022:23:13:19 +0200] "GET /allen-decorated-cotton-children-apron-p-58292.html HTTP/1.0" 200 74825 "-" "Mozilla/5.0 (compatible; SemrushBot/7~bl; +http://www.semrush.com/bot.html)"
66.249.66.68 - - [22/Sep/2022:23:13:26 +0200] "GET /child-apron-little-prince-p-58743.html HTTP/1.0" 200 75434 "-" "Mozilla/5.0 (Linux; Android 6.0.1; Nexus 5X Build/MMB29P) AppleWebKit/537.36 (KHTML, like Gecko) Chrome/105.0.5195.125 Mobile Safari/537.36 (compatible; Googlebot/2.1; +http://www.google.com/bot.html)"
185.191.171.11 - - [22/Sep/2022:23:13:34 +0200] "GET /shiva-cbkreation-p-37855.html HTTP/1.0" 200 74702 "-" "Mozilla/5.0 (compatible; SemrushBot/7~bl; +http://www.semrush.com/bot.html)"
87.250.224.94 - - [22/Sep/2022:23:15:05 +0200] "GET /love-cats-cup-and-saucer-p-37304.html HTTP/1.0" 301 72127 "-" "Mozilla/5.0 (compatible; YandexBot/3.0; +http://yandex.com/bots)"
87.250.224.94 - - [22/Sep/2022:23:15:07 +0200] "GET /-p-37304.html HTTP/1.0" 200 72060 "-" "Mozilla/5.0 (compatible; YandexBot/3.0; +http://yandex.com/bots)"
87.250.224.94 - - [22/Sep/2022:23:15:38 +0200] "GET /images/big_prod_1/5018997612170.jpg HTTP/1.0" 200 270 "-" "Mozilla/5.0 (compatible; YandexImages/3.0; +http://yandex.com/bots)"
66.249.66.56 - - [22/Sep/2022:23:15:40 +0200] "GET /images/big_prod/8424001255238.jpg HTTP/1.0" 200 268 "-" "Googlebot-Image/1.0"
216.244.66.242 - - [22/Sep/2022:23:15:44 +0200] "GET /lulu-castagnette-watch-girl-kids-p-38232.html HTTP/1.0" 301 72127 "-" "Mozilla/5.0 (compatible; DotBot/1.2; +https://opensiteexplorer.org/dotbot; help@moz.com)"
66.249.66.8 - - [22/Sep/2022:23:15:51 +0200] "GET /memo-frame-to-hang-p-42524.html HTTP/1.0" 301 72127 "-" "Mozilla/5.0 (Linux; Android 6.0.1; Nexus 5X Build/MMB29P) AppleWebKit/537.36 (KHTML, like Gecko) Chrome/105.0.5195.125 Mobile Safari/537.36 (compatible; Googlebot/2.1; +http://www.google.com/bot.html)"
66.249.66.70 - - [22/Sep/2022:23:15:53 +0200] "GET /-p-42524.html HTTP/1.0" 200 72060 "-" "Mozilla/5.0 (Linux; Android 6.0.1; Nexus 5X Build/MMB29P) AppleWebKit/537.36 (KHTML, like Gecko) Chrome/105.0.5195.125 Mobile Safari/537.36 (compatible; Googlebot/2.1; +http://www.google.com/bot.html)"
66.249.66.58 - - [22/Sep/2022:23:16:10 +0200] "GET /traditional-penguin-water-bottle-p-54177.html HTTP/1.0" 200 72186 "-" "Mozilla/5.0 (compatible; Googlebot/2.1; +http://www.google.com/bot.html)"
66.249.66.68 - - [22/Sep/2022:23:16:16 +0200] "GET /images/7316191464822.jpg HTTP/1.0" 200 259 "-" "Googlebot-Image/1.0"
185.191.171.9 - - [22/Sep/2022:23:16:18 +0200] "GET /cement-tile-stickers-p-50338.html HTTP/1.0" 200 75630 "-" "Mozilla/5.0 (compatible; SemrushBot/7~bl; +http://www.semrush.com/bot.html)"
87.250.224.94 - - [22/Sep/2022:23:16:21 +0200] "GET /-p-2894.html HTTP/1.0" 200 72058 "-" "Mozilla/5.0 (compatible; YandexBot/3.0; +http://yandex.com/bots)"
157.55.39.80 - - [22/Sep/2022:23:16:28 +0200] "GET /images/big_prod/3700407600182.jpg HTTP/1.0" 200 268 "-" "Mozilla/5.0 (compatible; bingbot/2.0; +http://www.bing.com/bingbot.htm)"
114.119.137.43 - - [22/Sep/2022:23:16:56 +0200] "GET /buddha-resin-box-p-38531.html HTTP/1.0" 301 72127 "http://www.wonder-geek.com/boxes-and-storage-box-c-13_150.html?page=3" "Mozilla/5.0 (Linux; Android 7.0;) AppleWebKit/537.36 (KHTML, like Gecko) Mobile Safari/537.36 (compatible; PetalBot;+https://webmaster.petalsearch.com/site/petalbot)"
114.119.137.43 - - [22/Sep/2022:23:16:58 +0200] "GET /-p-38531.html HTTP/1.0" 200 72060 "http://www.wonder-geek.com/boxes-and-storage-box-c-13_150.html?page=3" "Mozilla/5.0 (Linux; Android 7.0;) AppleWebKit/537.36 (KHTML, like Gecko) Mobile Safari/537.36 (compatible; PetalBot;+https://webmaster.petalsearch.com/site/petalbot)"
66.249.66.70 - - [22/Sep/2022:23:17:38 +0200] "GET /images/mini_prod/3453131132299.jpg HTTP/1.0" 200 269 "-" "Mozilla/5.0 (compatible; Googlebot/2.1; +http://www.google.com/bot.html)"
159.138.137.41 - - [22/Sep/2022:23:17:39 +0200] "GET /images/mini_prod/3453131153164.jpg HTTP/1.0" 200 269 "-" "Mozilla/5.0 (X11; Ubuntu; Linux x86_64; rv:72.0) Gecko/20100101 Firefox/72.0"
185.191.171.8 - - [22/Sep/2022:23:17:59 +0200] "GET /eggplant-japanese-enameled-cast-iron-teapot-p-57707.html HTTP/1.0" 200 75808 "-" "Mozilla/5.0 (compatible; SemrushBot/7~bl; +http://www.semrush.com/bot.html)"
66.249.66.148 - - [22/Sep/2022:23:18:16 +0200] "GET /harlekin-piggy-bank-beige-p-35460.html HTTP/1.0" 200 74862 "-" "Mozilla/5.0 (Linux; Android 6.0.1; Nexus 5X Build/MMB29P) AppleWebKit/537.36 (KHTML, like Gecko) Chrome/105.0.5195.125 Mobile Safari/537.36 (compatible; Googlebot/2.1; +http://www.google.com/bot.html)"
185.191.171.19 - - [22/Sep/2022:23:18:20 +0200] "GET /cheshire-leaning-tail-mini-figurine-p-54993.html HTTP/1.0" 200 76075 "-" "Mozilla/5.0 (compatible; SemrushBot/7~bl; +http://www.semrush.com/bot.html)"
216.244.66.242 - - [22/Sep/2022:23:18:27 +0200] "GET /pillow-case-flamingo-p-51989.html HTTP/1.0" 200 74963 "-" "Mozilla/5.0 (compatible; DotBot/1.2; +https://opensiteexplorer.org/dotbot; help@moz.com)"
163.220.128.41 - - [22/Sep/2022:23:18:48 +0200] "GET /images/mini_prod/3503420167744.jpg HTTP/1.0" 200 269 "-" "Mozilla/5.0 (X11; Ubuntu; Linux x86_64; rv:72.0) Gecko/20100101 Firefox/72.0"
216.244.66.242 - - [22/Sep/2022:23:18:52 +0200] "GET /images/1399984259504.jpg HTTP/1.0" 200 259 "-" "Mozilla/5.0 (compatible; DotBot/1.2; +https://opensiteexplorer.org/dotbot; help@moz.com)"
216.244.66.242 - - [22/Sep/2022:23:18:57 +0200] "GET /images/3609810014558.jpg HTTP/1.0" 200 259 "-" "Mozilla/5.0 (compatible; DotBot/1.2; +https://opensiteexplorer.org/dotbot; help@moz.com)"
185.191.171.3 - - [22/Sep/2022:23:19:00 +0200] "GET /tweety-figurine-p-45058.html HTTP/1.0" 200 74668 "-" "Mozilla/5.0 (compatible; SemrushBot/7~bl; +http://www.semrush.com/bot.html)"
216.244.66.242 - - [22/Sep/2022:23:19:02 +0200] "GET /images/4007176121870.jpg HTTP/1.0" 200 259 "-" "Mozilla/5.0 (compatible; DotBot/1.2; +https://opensiteexplorer.org/dotbot; help@moz.com)"
216.244.66.242 - - [22/Sep/2022:23:19:05 +0200] "GET /images/7316191496052.jpg HTTP/1.0" 200 259 "-" "Mozilla/5.0 (compatible; DotBot/1.2; +https://opensiteexplorer.org/dotbot; help@moz.com)"
66.249.66.212 - - [22/Sep/2022:23:19:07 +0200] "GET /images/big_prod_1/8719497614288b.jpg HTTP/1.0" 200 271 "-" "Googlebot-Image/1.0"
159.138.54.167 - - [22/Sep/2022:23:19:32 +0200] "GET /images/mini_prod/3560600292962.jpg HTTP/1.0" 200 269 "-" "Mozilla/5.0 (Windows NT 10.0; Win64; x64) AppleWebKit/537.36 (KHTML, like Gecko) Chrome/54.0.2840.99 Safari/537.36"
66.249.66.60 - - [22/Sep/2022:23:20:40 +0200] "GET /volkswagen-electronic-lighter-p-47735.html HTTP/1.0" 301 72127 "-" "Mozilla/5.0 (Linux; Android 6.0.1; Nexus 5X Build/MMB29P) AppleWebKit/537.36 (KHTML, like Gecko) Chrome/105.0.5195.125 Mobile Safari/537.36 (compatible; Googlebot/2.1; +http://www.google.com/bot.html)"
66.249.66.214 - - [22/Sep/2022:23:20:42 +0200] "GET /-p-47735.html HTTP/1.0" 200 72060 "-" "Mozilla/5.0 (Linux; Android 6.0.1; Nexus 5X Build/MMB29P) AppleWebKit/537.36 (KHTML, like Gecko) Chrome/105.0.5195.125 Mobile Safari/537.36 (compatible; Googlebot/2.1; +http://www.google.com/bot.html)"
66.249.66.210 - - [22/Sep/2022:23:20:51 +0200] "GET /canvas-frame-p-56137.html HTTP/1.0" 200 75501 "-" "Mozilla/5.0 (compatible; Googlebot/2.1; +http://www.google.com/bot.html)"
66.249.66.56 - - [22/Sep/2022:23:20:56 +0200] "GET /images/mini_prod/5060021928740.jpg HTTP/1.0" 200 269 "-" "Mozilla/5.0 (compatible; Googlebot/2.1; +http://www.google.com/bot.html)"
185.191.171.24 - - [22/Sep/2022:23:21:17 +0200] "GET /wooden-hanging-tree-decoration-p-58759.html?action=add_product HTTP/1.0" 302 476 "-" "Mozilla/5.0 (compatible; SemrushBot/7~bl; +http://www.semrush.com/bot.html)"
114.119.133.245 - - [22/Sep/2022:23:21:23 +0200] "GET /watch-freegun-hypercolor-tattoo-school-p-35099.html HTTP/1.0" 200 75426 "http://www.wonder-geek.com/watches-c-3_66.html?page=1" "Mozilla/5.0 (Linux; Android 7.0;) AppleWebKit/537.36 (KHTML, like Gecko) Mobile Safari/537.36 (compatible; PetalBot;+https://webmaster.petalsearch.com/site/petalbot)"
216.244.66.242 - - [22/Sep/2022:23:21:28 +0200] "GET /hello-kitty-hair-clips-p-13576.html HTTP/1.0" 200 74798 "-" "Mozilla/5.0 (compatible; DotBot/1.2; +https://opensiteexplorer.org/dotbot; help@moz.com)"
185.191.171.11 - - [22/Sep/2022:23:22:08 +0200] "GET /cbkration-toiletry-p-41154.html HTTP/1.0" 200 74809 "-" "Mozilla/5.0 (compatible; SemrushBot/7~bl; +http://www.semrush.com/bot.html)"
185.191.171.45 - - [22/Sep/2022:23:22:49 +0200] "GET /robots.txt HTTP/1.0" 200 245 "-" "Mozilla/5.0 (compatible; SemrushBot/7~bl; +http://www.semrush.com/bot.html)"
185.191.171.24 - - [22/Sep/2022:23:22:49 +0200] "GET /retro-sugar-matte-black-metal-p-37706.html HTTP/1.0" 200 74879 "-" "Mozilla/5.0 (compatible; SemrushBot/7~bl; +http://www.semrush.com/bot.html)"
185.191.171.4 - - [22/Sep/2022:23:22:53 +0200] "GET /incense-burner-sticks-cones-lotus-p-44273.html HTTP/1.0" 200 75470 "-" "Mozilla/5.0 (compatible; SemrushBot/7~bl; +http://www.semrush.com/bot.html)"
66.249.66.60 - - [22/Sep/2022:23:23:05 +0200] "GET /giant-decorative-clothespin-p-58321.html HTTP/1.0" 200 75413 "-" "Mozilla/5.0 (compatible; Googlebot/2.1; +http://www.google.com/bot.html)"
66.249.66.144 - - [22/Sep/2022:23:23:14 +0200] "GET /images/mini_prod/4036113162157.jpg HTTP/1.0" 200 269 "-" "Mozilla/5.0 (compatible; Googlebot/2.1; +http://www.google.com/bot.html)"
170.106.193.192 - - [22/Sep/2022:23:23:40 +0200] "GET /images/3281640243133.jpg HTTP/1.0" 200 259 "-" "Mozilla/5.0 (X11; Ubuntu; Linux x86_64; rv:72.0) Gecko/20100101 Firefox/72.0"
185.191.171.45 - - [22/Sep/2022:23:23:41 +0200] "GET /tray-exotic-wood-flower-life-p-57336.html HTTP/1.0" 200 75577 "-" "Mozilla/5.0 (compatible; SemrushBot/7~bl; +http://www.semrush.com/bot.html)"
182.43.148.98 - - [22/Sep/2022:23:23:48 +0200] "GET / HTTP/1.0" 301 511 "-" "Mozilla/5.0 (iPhone; CPU iPhone OS 13_2_3 like Mac OS X) AppleWebKit/605.1.15 (KHTML, like Gecko) Version/13.0.3 Mobile/15E148 Safari/604.1"
185.191.171.4 - - [22/Sep/2022:23:24:07 +0200] "GET /resin-statue-little-monk-pink-dress-p-52903.html HTTP/1.0" 200 74895 "-" "Mozilla/5.0 (compatible; SemrushBot/7~bl; +http://www.semrush.com/bot.html)"
66.249.66.144 - - [22/Sep/2022:23:24:14 +0200] "GET /images/big_prod/3700407611812.jpg HTTP/1.0" 200 268 "-" "Googlebot-Image/1.0"
185.191.171.23 - - [22/Sep/2022:23:24:34 +0200] "GET /home-decoration-c-13.html?page=193 HTTP/1.0" 200 94592 "-" "Mozilla/5.0 (compatible; SemrushBot/7~bl; +http://www.semrush.com/bot.html)"
66.249.66.210 - - [22/Sep/2022:23:24:53 +0200] "GET /images/mini_prod/3520071393056.jpg HTTP/1.0" 200 269 "-" "Mozilla/5.0 (compatible; Googlebot/2.1; +http://www.google.com/bot.html)"
66.249.66.60 - - [22/Sep/2022:23:25:03 +0200] "GET /strawberry-shortcake-poncho-years-p-31119.html HTTP/1.0" 200 75960 "-" "Mozilla/5.0 (compatible; Googlebot/2.1; +http://www.google.com/bot.html)"
216.244.66.242 - - [22/Sep/2022:23:25:06 +0200] "GET /-p-35842.html HTTP/1.0" 200 72060 "-" "Mozilla/5.0 (compatible; DotBot/1.2; +https://opensiteexplorer.org/dotbot; help@moz.com)"
185.191.171.16 - - [22/Sep/2022:23:25:07 +0200] "GET /silicone-case-iphone-happy-colors-pink-love-p-22378.html HTTP/1.0" 200 74934 "-" "Mozilla/5.0 (compatible; SemrushBot/7~bl; +http://www.semrush.com/bot.html)"
66.249.66.68 - - [22/Sep/2022:23:25:10 +0200] "GET /traditional-penguin-water-bottle-p-54177.html HTTP/1.0" 200 72186 "-" "Mozilla/5.0 (Linux; Android 6.0.1; Nexus 5X Build/MMB29P) AppleWebKit/537.36 (KHTML, like Gecko) Chrome/105.0.5195.125 Mobile Safari/537.36 (compatible; Googlebot/2.1; +http://www.google.com/bot.html)"
216.244.66.242 - - [22/Sep/2022:23:25:11 +0200] "GET /hello-kitty-notebook-with-p-7217.html HTTP/1.0" 200 74763 "-" "Mozilla/5.0 (compatible; DotBot/1.2; +https://opensiteexplorer.org/dotbot; help@moz.com)"
216.244.66.242 - - [22/Sep/2022:23:25:16 +0200] "GET /horse-mini-trolley-p-49037.html HTTP/1.0" 200 75392 "-" "Mozilla/5.0 (compatible; DotBot/1.2; +https://opensiteexplorer.org/dotbot; help@moz.com)"
216.244.66.242 - - [22/Sep/2022:23:25:22 +0200] "GET /vintage-adult-apron-p-38480.html HTTP/1.0" 200 74667 "-" "Mozilla/5.0 (compatible; DotBot/1.2; +https://opensiteexplorer.org/dotbot; help@moz.com)"
66.249.66.144 - - [22/Sep/2022:23:25:24 +0200] "GET /images/mini_prod/8435333820513.jpg HTTP/1.0" 200 269 "-" "Mozilla/5.0 (compatible; Googlebot/2.1; +http://www.google.com/bot.html)"
66.249.66.56 - - [22/Sep/2022:23:25:29 +0200] "GET /strawberry-shortcake-poncho-years-p-31119.html HTTP/1.0" 200 75960 "-" "Mozilla/5.0 (Linux; Android 6.0.1; Nexus 5X Build/MMB29P) AppleWebKit/537.36 (KHTML, like Gecko) Chrome/105.0.5195.125 Mobile Safari/537.36 (compatible; Googlebot/2.1; +http://www.google.com/bot.html)"
66.249.66.144 - - [22/Sep/2022:23:25:31 +0200] "GET /large-straw-vase-p-58374.html HTTP/1.0" 200 74727 "-" "Mozilla/5.0 (compatible; Googlebot/2.1; +http://www.google.com/bot.html)"
66.249.66.148 - - [22/Sep/2022:23:26:08 +0200] "GET /images/mini_prod/1399984289549.jpg HTTP/1.0" 200 269 "-" "Mozilla/5.0 (compatible; Googlebot/2.1; +http://www.google.com/bot.html)"
51.68.224.127 - - [22/Sep/2022:23:26:22 +0200] "GET /adminweb/export_orders_xml.php?token=256de2z6edz6ed2z6DFSFsed2zed6zeDSFDSGdzedezfzf&maxorders=10&orderstart=1&status=14&start_date=2018-10-01 HTTP/1.0" 200 285 "-" "GesCom CharlotteBoutik Serveur"
51.68.224.127 - - [22/Sep/2022:23:26:22 +0200] "GET /adminweb/export_orders_xml.php?token=256de2z6edz6ed2z6DFSFsed2zed6zeDSFDSGdzedezfzf&maxorders=10&orderstart=1&status=6&start_date=2018-10-01 HTTP/1.0" 200 33985 "-" "GesCom CharlotteBoutik Serveur"
185.191.171.8 - - [22/Sep/2022:23:26:55 +0200] "GET /small-metal-plate-collection-vespa-best-p-16831.html HTTP/1.0" 200 75528 "-" "Mozilla/5.0 (compatible; SemrushBot/7~bl; +http://www.semrush.com/bot.html)"
86.189.177.215 - - [22/Sep/2022:23:27:29 +0200] "GET /images/big_prod_2/8422648608219b.jpg HTTP/1.0" 200 271 "-" "Mozilla/5.0 (iPhone; CPU iPhone OS 15_6_1 like Mac OS X) AppleWebKit/605.1.15 (KHTML, like Gecko) Version/15.6.1 Mobile/15E148 Safari/604.1"
185.191.171.41 - - [22/Sep/2022:23:27:43 +0200] "GET /flask-metal-cork-p-46677.html HTTP/1.0" 200 72128 "-" "Mozilla/5.0 (compatible; SemrushBot/7~bl; +http://www.semrush.com/bot.html)"
66.249.66.214 - - [22/Sep/2022:23:27:54 +0200] "GET /frozen-rectangular-mirror-p-31612.html HTTP/1.0" 200 74702 "-" "Mozilla/5.0 (Linux; Android 6.0.1; Nexus 5X Build/MMB29P) AppleWebKit/537.36 (KHTML, like Gecko) Chrome/105.0.5195.125 Mobile Safari/537.36 (compatible; Googlebot/2.1; +http://www.google.com/bot.html)"
87.250.224.94 - - [22/Sep/2022:23:28:09 +0200] "GET /barbecue-aperitif-c-254.html HTTP/1.0" 301 91372 "-" "Mozilla/5.0 (compatible; YandexBot/3.0; +http://yandex.com/bots)"
87.250.224.94 - - [22/Sep/2022:23:28:11 +0200] "GET /barbecue-aperitif-c-12_254.html HTTP/1.0" 200 91391 "-" "Mozilla/5.0 (compatible; YandexBot/3.0; +http://yandex.com/bots)"
66.249.66.8 - - [22/Sep/2022:23:28:41 +0200] "GET /images/big_prod/3453131153096.jpg HTTP/1.0" 200 268 "-" "Googlebot-Image/1.0"
216.244.66.242 - - [22/Sep/2022:23:28:40 +0200] "GET /expresso-paris-macaron-p-24314.html HTTP/1.0" 200 75134 "-" "Mozilla/5.0 (compatible; DotBot/1.2; +https://opensiteexplorer.org/dotbot; help@moz.com)"
66.249.66.212 - - [22/Sep/2022:23:29:15 +0200] "GET /mani-lucky-brush-p-44107.html HTTP/1.0" 200 74723 "-" "Mozilla/5.0 (Linux; Android 6.0.1; Nexus 5X Build/MMB29P) AppleWebKit/537.36 (KHTML, like Gecko) Chrome/105.0.5195.125 Mobile Safari/537.36 (compatible; Googlebot/2.1; +http://www.google.com/bot.html)"
114.119.133.245 - - [22/Sep/2022:23:29:18 +0200] "GET /traditional-water-bottle-panda-p-53375.html HTTP/1.0" 200 72178 "http://www.wonder-geek.com/water-bottles-heaters-c-13_288.html?page=4" "Mozilla/5.0 (Linux; Android 7.0;) AppleWebKit/537.36 (KHTML, like Gecko) Mobile Safari/537.36 (compatible; PetalBot;+https://webmaster.petalsearch.com/site/petalbot)"
66.249.66.8 - - [22/Sep/2022:23:29:29 +0200] "GET /images/big_prod_1/b3574642018220.jpg HTTP/1.0" 200 271 "-" "Mozilla/5.0 (compatible; Googlebot/2.1; +http://www.google.com/bot.html)"
37.139.53.82 - - [22/Sep/2022:23:29:32 +0200] "GET /contact_us.php HTTP/1.0" 200 26241 "http://www.wonder-geek.com/contact_us.php" "Mozilla/5.0 (Windows NT 10.0; Win64; x64) AppleWebKit/537.36 (KHTML, like Gecko) Chrome/83.0.4103.61 Safari/537.36/iYA9HebN-7"
37.139.53.82 - - [22/Sep/2022:23:29:32 +0200] "POST /contact_us.php?action=send HTTP/1.0" 200 26558 "http://www.wonder-geek.com/contact_us.php" "Mozilla/5.0 (Windows NT 10.0; Win64; x64) AppleWebKit/537.36 (KHTML, like Gecko) Chrome/83.0.4103.61 Safari/537.36/iYA9HebN-7"
66.249.66.210 - - [22/Sep/2022:23:29:47 +0200] "GET /images/mini_prod/3560600301893.jpg HTTP/1.0" 200 269 "-" "Mozilla/5.0 (compatible; Googlebot/2.1; +http://www.google.com/bot.html)"
66.249.66.56 - - [22/Sep/2022:23:30:07 +0200] "GET /images/big_prod/WU75115.jpg HTTP/1.0" 200 262 "-" "Googlebot-Image/1.0"
66.249.66.144 - - [22/Sep/2022:23:30:08 +0200] "GET /images/mini_prod/5051276211053.jpg HTTP/1.0" 200 269 "-" "Mozilla/5.0 (compatible; Googlebot/2.1; +http://www.google.com/bot.html)"
66.249.66.144 - - [22/Sep/2022:23:30:19 +0200] "GET /camlia-teapot-glass-porcelain-p-58456.html HTTP/1.0" 200 75837 "-" "Mozilla/5.0 (Linux; Android 6.0.1; Nexus 5X Build/MMB29P) AppleWebKit/537.36 (KHTML, like Gecko) Chrome/105.0.5195.125 Mobile Safari/537.36 (compatible; Googlebot/2.1; +http://www.google.com/bot.html)"
66.249.66.6 - - [22/Sep/2022:23:30:30 +0200] "GET /images/mini_prod/3661443611191.jpg HTTP/1.0" 200 269 "-" "Mozilla/5.0 (compatible; Googlebot/2.1; +http://www.google.com/bot.html)"
185.191.171.43 - - [22/Sep/2022:23:31:17 +0200] "GET /white-paris-square-coasters-cbkreation-p-17252.html HTTP/1.0" 200 74937 "-" "Mozilla/5.0 (compatible; SemrushBot/7~bl; +http://www.semrush.com/bot.html)"
66.249.66.10 - - [22/Sep/2022:23:31:45 +0200] "GET /images/mini_prod/3700276294710.jpg HTTP/1.0" 200 269 "-" "Mozilla/5.0 (compatible; Googlebot/2.1; +http://www.google.com/bot.html)"
66.249.66.58 - - [22/Sep/2022:23:31:45 +0200] "GET /images/big_prod/1384010200759.jpg HTTP/1.0" 200 268 "-" "Googlebot-Image/1.0"
66.249.66.8 - - [22/Sep/2022:23:32:44 +0200] "GET /guardian-angel-statue-angel-baptism-p-56833.html HTTP/1.0" 200 75512 "-" "Mozilla/5.0 (Linux; Android 6.0.1; Nexus 5X Build/MMB29P) AppleWebKit/537.36 (KHTML, like Gecko) Chrome/105.0.5195.125 Mobile Safari/537.36 (compatible; Googlebot/2.1; +http://www.google.com/bot.html)"
38.142.11.235 - - [22/Sep/2022:23:32:45 +0200] "GET /images/mini_prod/8435333830697N.jpg HTTP/1.0" 200 270 "-" "Mozilla/5.0 (X11; Ubuntu; Linux x86_64; rv:72.0) Gecko/20100101 Firefox/72.0"
66.249.66.210 - - [22/Sep/2022:23:34:10 +0200] "GET /flower-summer-collection-ladybug-p-52694.html HTTP/1.0" 200 72194 "-" "Mozilla/5.0 (compatible; Googlebot/2.1; +http://www.google.com/bot.html)"
185.191.171.40 - - [22/Sep/2022:23:34:42 +0200] "GET /porcelain-bowl-white-moon-stars-p-53705.html HTTP/1.0" 200 75362 "-" "Mozilla/5.0 (compatible; SemrushBot/7~bl; +http://www.semrush.com/bot.html)"
66.249.66.214 - - [22/Sep/2022:23:35:08 +0200] "GET /star-wars-darth-vader-gobelet-p-15965.html HTTP/1.0" 200 75267 "-" "Mozilla/5.0 (Linux; Android 6.0.1; Nexus 5X Build/MMB29P) AppleWebKit/537.36 (KHTML, like Gecko) Chrome/105.0.5195.125 Mobile Safari/537.36 (compatible; Googlebot/2.1; +http://www.google.com/bot.html)"
66.249.66.146 - - [22/Sep/2022:23:35:20 +0200] "GET /cement-tile-stickers-p-58020.html HTTP/1.0" 200 75629 "-" "Mozilla/5.0 (Linux; Android 6.0.1; Nexus 5X Build/MMB29P) AppleWebKit/537.36 (KHTML, like Gecko) Chrome/105.0.5195.125 Mobile Safari/537.36 (compatible; Googlebot/2.1; +http://www.google.com/bot.html)"
66.249.66.68 - - [22/Sep/2022:23:35:28 +0200] "GET /images/7601019993166.jpg HTTP/1.0" 200 259 "-" "Googlebot-Image/1.0"
66.249.66.144 - - [22/Sep/2022:23:35:49 +0200] "GET /glass-ashtray-p-55680.html HTTP/1.0" 200 75295 "-" "Mozilla/5.0 (compatible; Googlebot/2.1; +http://www.google.com/bot.html)"
185.191.171.11 - - [22/Sep/2022:23:36:23 +0200] "GET /angel-figurine-love-p-58779.html?action=add_product HTTP/1.0" 302 476 "-" "Mozilla/5.0 (compatible; SemrushBot/7~bl; +http://www.semrush.com/bot.html)"
185.225.73.129 - - [22/Sep/2022:23:36:42 +0200] "GET / HTTP/1.0" 301 511 "-" "python-requests/2.27.1"
185.225.73.129 - - [22/Sep/2022:23:36:52 +0200] "GET / HTTP/1.0" 200 150709 "-" "python-requests/2.27.1"
185.225.73.129 - - [22/Sep/2022:23:37:01 +0200] "GET /.env HTTP/1.0" 301 519 "-" "python-requests/2.27.1"
185.31.166.234 - - [22/Sep/2022:23:37:06 +0200] "GET /templates/Pixame_v1/stylesheet.css HTTP/1.0" 200 267 "http://www.wonder-geek.com/bunch-violets-green-fine-porcelain-p-57994.html" "Mozilla/5.0 (Windows NT 10.0; WOW64) AppleWebKit/537.36 (KHTML, like Gecko) Chrome/102.0.5005.167 YaBrowser/22.7.5.1029 Yowser/2.5 Safari/537.36"
185.31.166.234 - - [22/Sep/2022:23:37:06 +0200] "GET /highslide/highslide.js HTTP/1.0" 200 262 "http://www.wonder-geek.com/bunch-violets-green-fine-porcelain-p-57994.html" "Mozilla/5.0 (Windows NT 10.0; WOW64) AppleWebKit/537.36 (KHTML, like Gecko) Chrome/102.0.5005.167 YaBrowser/22.7.5.1029 Yowser/2.5 Safari/537.36"
185.31.166.234 - - [22/Sep/2022:23:37:06 +0200] "GET /js/jquery.js HTTP/1.0" 200 252 "http://www.wonder-geek.com/bunch-violets-green-fine-porcelain-p-57994.html" "Mozilla/5.0 (Windows NT 10.0; WOW64) AppleWebKit/537.36 (KHTML, like Gecko) Chrome/102.0.5005.167 YaBrowser/22.7.5.1029 Yowser/2.5 Safari/537.36"
185.31.166.234 - - [22/Sep/2022:23:37:06 +0200] "GET /js/jquery.jqzoom.js HTTP/1.0" 200 259 "http://www.wonder-geek.com/bunch-violets-green-fine-porcelain-p-57994.html" "Mozilla/5.0 (Windows NT 10.0; WOW64) AppleWebKit/537.36 (KHTML, like Gecko) Chrome/102.0.5005.167 YaBrowser/22.7.5.1029 Yowser/2.5 Safari/537.36"
185.31.166.234 - - [22/Sep/2022:23:37:06 +0200] "GET /mondial_relay/js/jquery-1.3.2.min.js HTTP/1.0" 200 276 "http://www.wonder-geek.com/bunch-violets-green-fine-porcelain-p-57994.html" "Mozilla/5.0 (Windows NT 10.0; WOW64) AppleWebKit/537.36 (KHTML, like Gecko) Chrome/102.0.5005.167 YaBrowser/22.7.5.1029 Yowser/2.5 Safari/537.36"
185.31.166.234 - - [22/Sep/2022:23:37:04 +0200] "GET /bunch-violets-green-fine-porcelain-p-57994.html HTTP/1.0" 200 75609 "-" "Mozilla/5.0 (Windows NT 10.0; WOW64) AppleWebKit/537.36 (KHTML, like Gecko) Chrome/102.0.5005.167 YaBrowser/22.7.5.1029 Yowser/2.5 Safari/537.36"
185.225.73.129 - - [22/Sep/2022:23:37:06 +0200] "GET /.env HTTP/1.0" 404 1308 "-" "python-requests/2.27.1"
185.31.166.234 - - [22/Sep/2022:23:37:06 +0200] "GET /swfobject.js HTTP/1.0" 404 1308 "http://www.wonder-geek.com/bunch-violets-green-fine-porcelain-p-57994.html" "Mozilla/5.0 (Windows NT 10.0; WOW64) AppleWebKit/537.36 (KHTML, like Gecko) Chrome/102.0.5005.167 YaBrowser/22.7.5.1029 Yowser/2.5 Safari/537.36"
185.31.166.234 - - [22/Sep/2022:23:37:06 +0200] "GET /templates/Pixame_v1/images/icon_accueil2.png HTTP/1.0" 200 278 "http://www.wonder-geek.com/bunch-violets-green-fine-porcelain-p-57994.html" "Mozilla/5.0 (Windows NT 10.0; WOW64) AppleWebKit/537.36 (KHTML, like Gecko) Chrome/102.0.5005.167 YaBrowser/22.7.5.1029 Yowser/2.5 Safari/537.36"
185.31.166.234 - - [22/Sep/2022:23:37:06 +0200] "GET /templates/Pixame_v1/images/infobox/pixel_trans.gif HTTP/1.0" 200 328 "http://www.wonder-geek.com/bunch-violets-green-fine-porcelain-p-57994.html" "Mozilla/5.0 (Windows NT 10.0; WOW64) AppleWebKit/537.36 (KHTML, like Gecko) Chrome/102.0.5005.167 YaBrowser/22.7.5.1029 Yowser/2.5 Safari/537.36"
185.31.166.234 - - [22/Sep/2022:23:37:06 +0200] "GET /images/pixel_trans.gif HTTP/1.0" 200 328 "http://www.wonder-geek.com/bunch-violets-green-fine-porcelain-p-57994.html" "Mozilla/5.0 (Windows NT 10.0; WOW64) AppleWebKit/537.36 (KHTML, like Gecko) Chrome/102.0.5005.167 YaBrowser/22.7.5.1029 Yowser/2.5 Safari/537.36"
185.31.166.234 - - [22/Sep/2022:23:37:06 +0200] "GET /images/big_prod_1/8712159151527B.jpg HTTP/1.0" 200 271 "http://www.wonder-geek.com/bunch-violets-green-fine-porcelain-p-57994.html" "Mozilla/5.0 (Windows NT 10.0; WOW64) AppleWebKit/537.36 (KHTML, like Gecko) Chrome/102.0.5005.167 YaBrowser/22.7.5.1029 Yowser/2.5 Safari/537.36"
185.31.166.234 - - [22/Sep/2022:23:37:06 +0200] "GET /templates/Pixame_v1/images/pixel_trans.gif HTTP/1.0" 200 328 "http://www.wonder-geek.com/bunch-violets-green-fine-porcelain-p-57994.html" "Mozilla/5.0 (Windows NT 10.0; WOW64) AppleWebKit/537.36 (KHTML, like Gecko) Chrome/102.0.5005.167 YaBrowser/22.7.5.1029 Yowser/2.5 Safari/537.36"
185.31.166.234 - - [22/Sep/2022:23:37:06 +0200] "GET /images/big_prod/8712159151527.jpg HTTP/1.0" 200 268 "http://www.wonder-geek.com/bunch-violets-green-fine-porcelain-p-57994.html" "Mozilla/5.0 (Windows NT 10.0; WOW64) AppleWebKit/537.36 (KHTML, like Gecko) Chrome/102.0.5005.167 YaBrowser/22.7.5.1029 Yowser/2.5 Safari/537.36"
185.31.166.234 - - [22/Sep/2022:23:37:06 +0200] "GET /templates/Pixame_v1/images/buttons/english/button_in_cart.gif HTTP/1.0" 200 295 "http://www.wonder-geek.com/bunch-violets-green-fine-porcelain-p-57994.html" "Mozilla/5.0 (Windows NT 10.0; WOW64) AppleWebKit/537.36 (KHTML, like Gecko) Chrome/102.0.5005.167 YaBrowser/22.7.5.1029 Yowser/2.5 Safari/537.36"
185.31.166.234 - - [22/Sep/2022:23:37:06 +0200] "GET /templates/Pixame_v1/images/Bottom_texture.jpg HTTP/1.0" 200 280 "http://www.wonder-geek.com/templates/Pixame_v1/stylesheet.css" "Mozilla/5.0 (Windows NT 10.0; WOW64) AppleWebKit/537.36 (KHTML, like Gecko) Chrome/102.0.5005.167 YaBrowser/22.7.5.1029 Yowser/2.5 Safari/537.36"
185.31.166.234 - - [22/Sep/2022:23:37:06 +0200] "GET /templates/Pixame_v1/images/Middle_texture.jpg HTTP/1.0" 200 280 "http://www.wonder-geek.com/templates/Pixame_v1/stylesheet.css" "Mozilla/5.0 (Windows NT 10.0; WOW64) AppleWebKit/537.36 (KHTML, like Gecko) Chrome/102.0.5005.167 YaBrowser/22.7.5.1029 Yowser/2.5 Safari/537.36"
185.31.166.234 - - [22/Sep/2022:23:37:06 +0200] "GET /templates/Pixame_v1/images/nav.png HTTP/1.0" 200 268 "http://www.wonder-geek.com/templates/Pixame_v1/stylesheet.css" "Mozilla/5.0 (Windows NT 10.0; WOW64) AppleWebKit/537.36 (KHTML, like Gecko) Chrome/102.0.5005.167 YaBrowser/22.7.5.1029 Yowser/2.5 Safari/537.36"
185.31.166.234 - - [22/Sep/2022:23:37:06 +0200] "GET /templates/Pixame_v1/images/header.png HTTP/1.0" 200 271 "http://www.wonder-geek.com/templates/Pixame_v1/stylesheet.css" "Mozilla/5.0 (Windows NT 10.0; WOW64) AppleWebKit/537.36 (KHTML, like Gecko) Chrome/102.0.5005.167 YaBrowser/22.7.5.1029 Yowser/2.5 Safari/537.36"
185.31.166.234 - - [22/Sep/2022:23:37:06 +0200] "GET /templates/Pixame_v1/images/header-object.png HTTP/1.0" 200 278 "http://www.wonder-geek.com/templates/Pixame_v1/stylesheet.css" "Mozilla/5.0 (Windows NT 10.0; WOW64) AppleWebKit/537.36 (KHTML, like Gecko) Chrome/102.0.5005.167 YaBrowser/22.7.5.1029 Yowser/2.5 Safari/537.36"
185.31.166.234 - - [22/Sep/2022:23:37:06 +0200] "GET /design/productsenstock.png HTTP/1.0" 200 260 "http://www.wonder-geek.com/templates/Pixame_v1/stylesheet.css" "Mozilla/5.0 (Windows NT 10.0; WOW64) AppleWebKit/537.36 (KHTML, like Gecko) Chrome/102.0.5005.167 YaBrowser/22.7.5.1029 Yowser/2.5 Safari/537.36"
185.31.166.234 - - [22/Sep/2022:23:37:07 +0200] "GET /templates/Pixame_v1/images/infobox/infobox_footer_middle.gif HTTP/1.0" 200 357 "http://www.wonder-geek.com/bunch-violets-green-fine-porcelain-p-57994.html" "Mozilla/5.0 (Windows NT 10.0; WOW64) AppleWebKit/537.36 (KHTML, like Gecko) Chrome/102.0.5005.167 YaBrowser/22.7.5.1029 Yowser/2.5 Safari/537.36"
185.31.166.234 - - [22/Sep/2022:23:37:07 +0200] "GET /highslide/graphics/zoomin.cur HTTP/1.0" 200 614 "http://www.wonder-geek.com/templates/Pixame_v1/stylesheet.css" "Mozilla/5.0 (Windows NT 10.0; WOW64) AppleWebKit/537.36 (KHTML, like Gecko) Chrome/102.0.5005.167 YaBrowser/22.7.5.1029 Yowser/2.5 Safari/537.36"
185.31.166.234 - - [22/Sep/2022:23:37:07 +0200] "GET /highslide/graphics/outlines/drop-shadow.png HTTP/1.0" 200 277 "http://www.wonder-geek.com/bunch-violets-green-fine-porcelain-p-57994.html" "Mozilla/5.0 (Windows NT 10.0; WOW64) AppleWebKit/537.36 (KHTML, like Gecko) Chrome/102.0.5005.167 YaBrowser/22.7.5.1029 Yowser/2.5 Safari/537.36"
185.31.166.234 - - [22/Sep/2022:23:37:07 +0200] "GET /highslide/graphics/zoomout.cur HTTP/1.0" 200 614 "http://www.wonder-geek.com/bunch-violets-green-fine-porcelain-p-57994.html" "Mozilla/5.0 (Windows NT 10.0; WOW64) AppleWebKit/537.36 (KHTML, like Gecko) Chrome/102.0.5005.167 YaBrowser/22.7.5.1029 Yowser/2.5 Safari/537.36"
185.31.166.234 - - [22/Sep/2022:23:37:07 +0200] "GET /highslide/graphics/loader.white.gif HTTP/1.0" 200 960 "http://www.wonder-geek.com/templates/Pixame_v1/stylesheet.css" "Mozilla/5.0 (Windows NT 10.0; WOW64) AppleWebKit/537.36 (KHTML, like Gecko) Chrome/102.0.5005.167 YaBrowser/22.7.5.1029 Yowser/2.5 Safari/537.36"
66.249.66.210 - - [22/Sep/2022:23:37:33 +0200] "GET /-p-26369.html HTTP/1.0" 200 72060 "-" "Mozilla/5.0 (Linux; Android 6.0.1; Nexus 5X Build/MMB29P) AppleWebKit/537.36 (KHTML, like Gecko) Chrome/105.0.5195.125 Mobile Safari/537.36 (compatible; Googlebot/2.1; +http://www.google.com/bot.html)"
95.163.255.121 - - [22/Sep/2022:23:38:05 +0200] "GET /robots.txt HTTP/1.0" 301 531 "-" "Mozilla/5.0 (compatible; Linux x86_64; Mail.RU_Bot/Img/2.0; +https://help.mail.ru/webmaster/indexing/robots)"
95.163.255.140 - - [22/Sep/2022:23:38:11 +0200] "GET /images/3524550049205.jpg HTTP/1.0" 301 559 "http://go.mail.ru/search_images" "Mozilla/5.0 (compatible; Linux x86_64; Mail.RU_Bot/Img/2.0; +https://help.mail.ru/webmaster/indexing/robots)"
95.163.255.131 - - [22/Sep/2022:23:38:15 +0200] "GET /images/big_prod/4029811349227.jpg HTTP/1.0" 301 577 "http://go.mail.ru/search_images" "Mozilla/5.0 (compatible; Linux x86_64; Mail.RU_Bot/Img/2.0; +https://help.mail.ru/webmaster/indexing/robots)"
95.163.255.198 - - [22/Sep/2022:23:38:23 +0200] "GET /robots.txt HTTP/1.0" 200 245 "-" "Mozilla/5.0 (compatible; Linux x86_64; Mail.RU_Bot/Img/2.0; +https://help.mail.ru/webmaster/indexing/robots)"
95.163.255.198 - - [22/Sep/2022:23:38:29 +0200] "GET /images/3524550049205.jpg HTTP/1.0" 200 259 "http://wonder-geek.com/images/3524550049205.jpg" "Mozilla/5.0 (compatible; Linux x86_64; Mail.RU_Bot/Img/2.0; +https://help.mail.ru/webmaster/indexing/robots)"
95.163.255.141 - - [22/Sep/2022:23:38:35 +0200] "GET /images/big_prod/4029811349227.jpg HTTP/1.0" 200 268 "http://wonder-geek.com/images/big_prod/4029811349227.jpg" "Mozilla/5.0 (compatible; Linux x86_64; Mail.RU_Bot/Img/2.0; +https://help.mail.ru/webmaster/indexing/robots)"
66.249.66.212 - - [22/Sep/2022:23:39:03 +0200] "GET /images/big_prod_1/8424346256051B.jpg HTTP/1.0" 200 271 "-" "Mozilla/5.0 (compatible; Googlebot/2.1; +http://www.google.com/bot.html)"
66.249.66.212 - - [22/Sep/2022:23:39:28 +0200] "GET /round-wooden-tray-p-47706.html HTTP/1.0" 200 74790 "-" "Mozilla/5.0 (Linux; Android 6.0.1; Nexus 5X Build/MMB29P) AppleWebKit/537.36 (KHTML, like Gecko) Chrome/105.0.5195.125 Mobile Safari/537.36 (compatible; Googlebot/2.1; +http://www.google.com/bot.html)"
87.250.224.94 - - [22/Sep/2022:23:39:58 +0200] "GET /images/big_prod/1384010200742.jpg HTTP/1.0" 200 268 "-" "Mozilla/5.0 (compatible; YandexImages/3.0; +http://yandex.com/bots)"
185.191.171.4 - - [22/Sep/2022:23:40:48 +0200] "GET /little-prince-saint-exupery-bowl-p-56348.html HTTP/1.0" 200 74790 "-" "Mozilla/5.0 (compatible; SemrushBot/7~bl; +http://www.semrush.com/bot.html)"
66.249.66.148 - - [22/Sep/2022:23:40:56 +0200] "GET /images/mini_prod/3014627982318.jpg HTTP/1.0" 200 269 "-" "Mozilla/5.0 (compatible; Googlebot/2.1; +http://www.google.com/bot.html)"
66.249.66.10 - - [22/Sep/2022:23:40:56 +0200] "GET /images/mini_prod/8719075391150.jpg HTTP/1.0" 200 269 "-" "Mozilla/5.0 (compatible; Googlebot/2.1; +http://www.google.com/bot.html)"
34.67.96.123 - - [22/Sep/2022:23:40:59 +0200] "GET /images/mini_prod/3384370063436.jpg HTTP/1.0" 200 269 "-" "Mozilla/5.0 (X11; Ubuntu; Linux x86_64; rv:72.0) Gecko/20100101 Firefox/72.0"
66.249.66.210 - - [22/Sep/2022:23:41:39 +0200] "GET /tasty-road-bagels-p-24914.html HTTP/1.0" 200 74749 "-" "Mozilla/5.0 (Linux; Android 6.0.1; Nexus 5X Build/MMB29P) AppleWebKit/537.36 (KHTML, like Gecko) Chrome/105.0.5195.125 Mobile Safari/537.36 (compatible; Googlebot/2.1; +http://www.google.com/bot.html)"
66.249.66.210 - - [22/Sep/2022:23:41:59 +0200] "GET /images/mini_prod/3565750273229.jpg HTTP/1.0" 200 269 "-" "Googlebot-Image/1.0"
66.249.66.210 - - [22/Sep/2022:23:42:26 +0200] "GET /images/big_prod_1/5055321765492a.jpg HTTP/1.0" 200 271 "-" "Googlebot-Image/1.0"
51.68.224.127 - - [22/Sep/2022:23:42:38 +0200] "GET /adminweb/export_orders_xml.php?token=256de2z6edz6ed2z6DFSFsed2zed6zeDSFDSGdzedezfzf&maxorders=10&orderstart=1&status=14&start_date=2018-10-01 HTTP/1.0" 200 285 "-" "GesCom CharlotteBoutik Serveur"
51.68.224.127 - - [22/Sep/2022:23:42:38 +0200] "GET /adminweb/export_orders_xml.php?token=256de2z6edz6ed2z6DFSFsed2zed6zeDSFDSGdzedezfzf&maxorders=10&orderstart=1&status=6&start_date=2018-10-01 HTTP/1.0" 200 33985 "-" "GesCom CharlotteBoutik Serveur"
207.46.13.149 - - [22/Sep/2022:23:43:17 +0200] "GET /images/big_prod/3560600309868.jpg HTTP/1.0" 200 268 "-" "Mozilla/5.0 (compatible; bingbot/2.0; +http://www.bing.com/bingbot.htm)"
66.249.66.56 - - [22/Sep/2022:23:43:23 +0200] "GET /images/mini_prod/8422020166344.jpg HTTP/1.0" 200 269 "-" "Mozilla/5.0 (compatible; Googlebot/2.1; +http://www.google.com/bot.html)"
185.191.171.21 - - [22/Sep/2022:23:43:37 +0200] "GET /white-unicorn-money-p-55427.html HTTP/1.0" 200 76115 "-" "Mozilla/5.0 (compatible; SemrushBot/7~bl; +http://www.semrush.com/bot.html)"
223.38.61.155 - - [22/Sep/2022:23:43:57 +0200] "GET /images/big_prod_1/3700281643725a.jpg HTTP/1.0" 200 271 "-" "Mozilla/5.0 (X11; Ubuntu; Linux x86_64; rv:72.0) Gecko/20100101 Firefox/72.0"
66.249.66.210 - - [22/Sep/2022:23:44:03 +0200] "GET /images/mini_prod/8422019609067.jpg HTTP/1.0" 200 269 "-" "Mozilla/5.0 (compatible; Googlebot/2.1; +http://www.google.com/bot.html)"
66.249.66.8 - - [22/Sep/2022:23:44:29 +0200] "GET /images/mini_prod/3612875115658.jpg HTTP/1.0" 200 269 "-" "Mozilla/5.0 (compatible; Googlebot/2.1; +http://www.google.com/bot.html)"
185.191.171.35 - - [22/Sep/2022:23:44:28 +0200] "GET /russian-cavalier-illustrated-etienne-boyer-p-29202.html HTTP/1.0" 200 74954 "-" "Mozilla/5.0 (compatible; SemrushBot/7~bl; +http://www.semrush.com/bot.html)"
66.249.66.72 - - [22/Sep/2022:23:45:13 +0200] "GET /images/mini_prod/5018997618448.jpg HTTP/1.0" 200 269 "-" "Mozilla/5.0 (compatible; Googlebot/2.1; +http://www.google.com/bot.html)"
66.249.66.146 - - [22/Sep/2022:23:45:26 +0200] "GET /images/mini_prod/3574641017361.jpg HTTP/1.0" 200 269 "-" "Mozilla/5.0 (compatible; Googlebot/2.1; +http://www.google.com/bot.html)"
114.119.137.43 - - [22/Sep/2022:23:45:30 +0200] "GET /cats-dubout-paperweight-p-43669.html HTTP/1.0" 200 75742 "http://www.wonder-geek.com/paperweight-c-129_188.html?page=2" "Mozilla/5.0 (Linux; Android 7.0;) AppleWebKit/537.36 (KHTML, like Gecko) Mobile Safari/537.36 (compatible; PetalBot;+https://webmaster.petalsearch.com/site/petalbot)"
66.249.66.56 - - [22/Sep/2022:23:45:30 +0200] "GET /pendulum-gold-color-p-40957.html HTTP/1.0" 200 74604 "-" "Mozilla/5.0 (Linux; Android 6.0.1; Nexus 5X Build/MMB29P) AppleWebKit/537.36 (KHTML, like Gecko) Chrome/105.0.5195.125 Mobile Safari/537.36 (compatible; Googlebot/2.1; +http://www.google.com/bot.html)"
147.92.153.5 - - [22/Sep/2022:23:45:40 +0200] "GET /trays-c-12_159.html HTTP/1.0" 200 93770 "-" "Mozilla/5.0 (compatible; Linespider/1.1; +https://lin.ee/4dwXkTH)"
185.191.171.36 - - [22/Sep/2022:23:45:52 +0200] "GET /fitted-sheet-p-27507.html HTTP/1.0" 200 75201 "-" "Mozilla/5.0 (compatible; SemrushBot/7~bl; +http://www.semrush.com/bot.html)"
185.191.171.12 - - [22/Sep/2022:23:46:21 +0200] "GET /corsica-retro-coasters-p-42354.html HTTP/1.0" 200 74702 "-" "Mozilla/5.0 (compatible; SemrushBot/7~bl; +http://www.semrush.com/bot.html)"
42.194.235.210 - - [22/Sep/2022:23:46:32 +0200] "GET /images/4891813831860.jpg HTTP/1.0" 200 259 "-" "Mozilla/5.0 (X11; Ubuntu; Linux x86_64; rv:72.0) Gecko/20100101 Firefox/72.0"
66.249.66.68 - - [22/Sep/2022:23:46:36 +0200] "GET /images/mini_prod/1300010239834.jpg HTTP/1.0" 200 269 "-" "Mozilla/5.0 (compatible; Googlebot/2.1; +http://www.google.com/bot.html)"
66.249.66.212 - - [22/Sep/2022:23:46:38 +0200] "GET /small-wood-rtro-perpetual-calendar-p-45695.html HTTP/1.0" 200 74789 "-" "Mozilla/5.0 (Linux; Android 6.0.1; Nexus 5X Build/MMB29P) AppleWebKit/537.36 (KHTML, like Gecko) Chrome/105.0.5195.125 Mobile Safari/537.36 (compatible; Googlebot/2.1; +http://www.google.com/bot.html)"
114.119.137.45 - - [22/Sep/2022:23:46:56 +0200] "GET /carpet-jute-cotton-p-57562.html HTTP/1.0" 200 75893 "http://www.wonder-geek.com/household-linen-c-11.html?page=76" "Mozilla/5.0 (Linux; Android 7.0;) AppleWebKit/537.36 (KHTML, like Gecko) Mobile Safari/537.36 (compatible; PetalBot;+https://webmaster.petalsearch.com/site/petalbot)"
34.67.96.123 - - [22/Sep/2022:23:47:07 +0200] "GET /images/mini_prod/3453131147712.jpg HTTP/1.0" 200 269 "-" "Mozilla/5.0 (X11; Ubuntu; Linux x86_64; rv:72.0) Gecko/20100101 Firefox/72.0"
66.249.66.214 - - [22/Sep/2022:23:47:47 +0200] "GET /images/mini_prod/3453131132466.jpg HTTP/1.0" 200 269 "-" "Mozilla/5.0 (compatible; Googlebot/2.1; +http://www.google.com/bot.html)"
185.191.171.1 - - [22/Sep/2022:23:47:52 +0200] "GET /raiponce-live-your-dream-carved-heart-tangled-figurine-p-44949.html HTTP/1.0" 200 75802 "-" "Mozilla/5.0 (compatible; SemrushBot/7~bl; +http://www.semrush.com/bot.html)"
66.249.66.212 - - [22/Sep/2022:23:48:09 +0200] "GET /images/mini_prod/8718657467153.jpg HTTP/1.0" 200 269 "-" "Mozilla/5.0 (compatible; Googlebot/2.1; +http://www.google.com/bot.html)"
66.249.66.60 - - [22/Sep/2022:23:48:09 +0200] "GET /images/mini_prod/3609810007895.jpg HTTP/1.0" 200 269 "-" "Mozilla/5.0 (compatible; Googlebot/2.1; +http://www.google.com/bot.html)"
185.191.171.5 - - [22/Sep/2022:23:48:33 +0200] "GET /-p-24342.html HTTP/1.0" 200 72060 "-" "Mozilla/5.0 (compatible; SemrushBot/7~bl; +http://www.semrush.com/bot.html)"
114.119.137.3 - - [22/Sep/2022:23:48:37 +0200] "GET /chimes-suspensions-c-13_241.html?page=2 HTTP/1.0" 200 92915 "http://www.wonder-geek.com/chimes-suspensions-c-13_241.html?page=3" "Mozilla/5.0 (Linux; Android 7.0;) AppleWebKit/537.36 (KHTML, like Gecko) Mobile Safari/537.36 (compatible; PetalBot;+https://webmaster.petalsearch.com/site/petalbot)"
66.249.66.72 - - [22/Sep/2022:23:49:26 +0200] "GET /lucia-prayer-candle-novena-p-44425.html HTTP/1.0" 200 75528 "-" "Mozilla/5.0 (Linux; Android 6.0.1; Nexus 5X Build/MMB29P) AppleWebKit/537.36 (KHTML, like Gecko) Chrome/105.0.5195.125 Mobile Safari/537.36 (compatible; Googlebot/2.1; +http://www.google.com/bot.html)"
66.249.66.146 - - [22/Sep/2022:23:49:39 +0200] "GET /images/mini_prod/4260082934785.jpg HTTP/1.0" 200 269 "-" "Mozilla/5.0 (compatible; Googlebot/2.1; +http://www.google.com/bot.html)"
66.249.66.70 - - [22/Sep/2022:23:49:39 +0200] "GET /images/mini_prod/4036113830964.jpg HTTP/1.0" 200 269 "-" "Mozilla/5.0 (compatible; Googlebot/2.1; +http://www.google.com/bot.html)"
66.249.66.56 - - [22/Sep/2022:23:49:44 +0200] "GET /spongebob-food-melamine-plate-p-54787.html HTTP/1.0" 200 74723 "-" "Mozilla/5.0 (Linux; Android 6.0.1; Nexus 5X Build/MMB29P) AppleWebKit/537.36 (KHTML, like Gecko) Chrome/105.0.5195.125 Mobile Safari/537.36 (compatible; Googlebot/2.1; +http://www.google.com/bot.html)"
87.250.224.94 - - [22/Sep/2022:23:49:53 +0200] "GET /images/big_prod_3/SPRAYBAMBOO.jpg HTTP/1.0" 200 268 "-" "Mozilla/5.0 (compatible; YandexImages/3.0; +http://yandex.com/bots)"
66.249.66.6 - - [22/Sep/2022:23:49:54 +0200] "GET /images/mini_prod/5027417019895.jpg HTTP/1.0" 200 269 "-" "Mozilla/5.0 (compatible; Googlebot/2.1; +http://www.google.com/bot.html)"
185.191.171.35 - - [22/Sep/2022:23:50:12 +0200] "GET /hello-kitty-ceiling-light-p-11193.html HTTP/1.0" 200 74911 "-" "Mozilla/5.0 (compatible; SemrushBot/7~bl; +http://www.semrush.com/bot.html)"
185.191.171.33 - - [22/Sep/2022:23:50:30 +0200] "GET /dubout-cats-pill-p-32227.html HTTP/1.0" 200 74807 "-" "Mozilla/5.0 (compatible; SemrushBot/7~bl; +http://www.semrush.com/bot.html)"
163.220.128.41 - - [22/Sep/2022:23:50:44 +0200] "GET /images/mini_prod/1384000001700.jpg HTTP/1.0" 200 269 "-" "Mozilla/5.0 (X11; Ubuntu; Linux x86_64; rv:72.0) Gecko/20100101 Firefox/72.0"
114.119.137.45 - - [22/Sep/2022:23:51:54 +0200] "GET /decorative-statue-silver-leopard-30-cm-p-52754.html HTTP/1.0" 301 72289 "http://www.wonder-geek.com/home-and-decoration-c-13.html?page=219" "Mozilla/5.0 (Linux; Android 7.0;) AppleWebKit/537.36 (KHTML, like Gecko) Mobile Safari/537.36 (compatible; PetalBot;+https://webmaster.petalsearch.com/site/petalbot)"
114.119.137.45 - - [22/Sep/2022:23:52:00 +0200] "GET /decorative-statue-silver-leopard-p-52754.html HTTP/1.0" 200 72190 "http://www.wonder-geek.com/home-and-decoration-c-13.html?page=219" "Mozilla/5.0 (Linux; Android 7.0;) AppleWebKit/537.36 (KHTML, like Gecko) Mobile Safari/537.36 (compatible; PetalBot;+https://webmaster.petalsearch.com/site/petalbot)"
66.249.66.212 - - [22/Sep/2022:23:52:21 +0200] "GET /images/mini_prod/1399984252178b.jpg HTTP/1.0" 200 270 "-" "Mozilla/5.0 (compatible; Googlebot/2.1; +http://www.google.com/bot.html)"
66.249.66.56 - - [22/Sep/2022:23:52:27 +0200] "GET /images/mini_prod/8422088078528.jpg HTTP/1.0" 200 269 "-" "Mozilla/5.0 (compatible; Googlebot/2.1; +http://www.google.com/bot.html)"
157.55.39.80 - - [22/Sep/2022:23:52:37 +0200] "GET / HTTP/1.0" 200 150848 "-" "Mozilla/5.0 (compatible; bingbot/2.0; +http://www.bing.com/bingbot.htm)"
66.249.66.210 - - [22/Sep/2022:23:52:43 +0200] "GET /images/mini_prod/3665269030983.jpg HTTP/1.0" 200 269 "-" "Mozilla/5.0 (compatible; Googlebot/2.1; +http://www.google.com/bot.html)"
157.55.39.12 - - [22/Sep/2022:23:53:00 +0200] "GET /highslide/graphics/zoomout.cur HTTP/1.0" 200 614 "-" "Mozilla/5.0 AppleWebKit/537.36 (KHTML, like Gecko; compatible; bingbot/2.0; +http://www.bing.com/bingbot.htm) Chrome/103.0.5060.134 Safari/537.36"
207.46.13.149 - - [22/Sep/2022:23:53:05 +0200] "GET /swfobject.js HTTP/1.0" 404 1308 "-" "Mozilla/5.0 AppleWebKit/537.36 (KHTML, like Gecko; compatible; bingbot/2.0; +http://www.bing.com/bingbot.htm) Chrome/103.0.5060.134 Safari/537.36"
108.233.11.195 - - [22/Sep/2022:23:53:09 +0200] "GET /images/mini_prod/3014627769278.jpg HTTP/1.0" 200 269 "-" "Mozilla/5.0 (X11; Ubuntu; Linux x86_64; rv:72.0) Gecko/20100101 Firefox/72.0"
66.249.66.58 - - [22/Sep/2022:23:53:13 +0200] "GET /minions-swimming-armband-p-35064.html HTTP/1.0" 200 74857 "-" "Mozilla/5.0 (compatible; Googlebot/2.1; +http://www.google.com/bot.html)"
38.142.11.235 - - [22/Sep/2022:23:53:17 +0200] "GET /images/mini_prod/3453131080910.jpg HTTP/1.0" 200 269 "-" "Mozilla/5.0 (X11; Ubuntu; Linux x86_64; rv:72.0) Gecko/20100101 Firefox/72.0"
66.249.66.210 - - [22/Sep/2022:23:53:25 +0200] "GET /shopping-gogh-iris-p-53536.html HTTP/1.0" 200 75539 "-" "Mozilla/5.0 (Linux; Android 6.0.1; Nexus 5X Build/MMB29P) AppleWebKit/537.36 (KHTML, like Gecko) Chrome/105.0.5195.125 Mobile Safari/537.36 (compatible; Googlebot/2.1; +http://www.google.com/bot.html)"
