157.90.177.217 - - [22/Sep/2022:16:19:47 +0200] "GET /springy-potholder-p-54731.html HTTP/1.0" 200 74681 "-" "Mozilla/5.0 (compatible; BLEXBot/1.0; +http://webmeup-crawler.com/)"
185.191.171.11 - - [22/Sep/2022:16:19:49 +0200] "GET /-p-31215.html HTTP/1.0" 200 72060 "-" "Mozilla/5.0 (compatible; SemrushBot/7~bl; +http://www.semrush.com/bot.html)"
156.59.237.148 - - [22/Sep/2022:16:19:55 +0200] "GET /images/mini_prod/1399986100019.jpg HTTP/1.0" 200 269 "-" "Mozilla/5.0 (X11; Ubuntu; Linux x86_64; rv:72.0) Gecko/20100101 Firefox/72.0"
157.90.177.217 - - [22/Sep/2022:16:19:56 +0200] "GET /sprint-watch-p-22632.html HTTP/1.0" 200 74726 "-" "Mozilla/5.0 (compatible; BLEXBot/1.0; +http://webmeup-crawler.com/)"
203.119.241.94 - - [22/Sep/2022:16:20:00 +0200] "GET /images/mini_prod/8433933189689.jpg HTTP/1.0" 200 269 "-" "Mozilla/5.0 (X11; Ubuntu; Linux x86_64; rv:72.0) Gecko/20100101 Firefox/72.0"
66.249.66.60 - - [22/Sep/2022:16:20:06 +0200] "GET /images/mini_prod/3700057121808.jpg HTTP/1.0" 200 269 "-" "Mozilla/5.0 (compatible; Googlebot/2.1; +http://www.google.com/bot.html)"
157.90.177.217 - - [22/Sep/2022:16:20:05 +0200] "GET /square-coasters-with-personalized-pictures-p-16333.html HTTP/1.0" 200 75390 "-" "Mozilla/5.0 (compatible; BLEXBot/1.0; +http://webmeup-crawler.com/)"
157.90.177.217 - - [22/Sep/2022:16:20:09 +0200] "GET /squirrel-jewelry-support-statuette-p-47111.html HTTP/1.0" 200 74943 "-" "Mozilla/5.0 (compatible; BLEXBot/1.0; +http://webmeup-crawler.com/)"
157.90.177.217 - - [22/Sep/2022:16:20:14 +0200] "GET /squirrel-natural-cement-aged-effect-p-45622.html HTTP/1.0" 200 74922 "-" "Mozilla/5.0 (compatible; BLEXBot/1.0; +http://webmeup-crawler.com/)"
114.119.133.245 - - [22/Sep/2022:16:20:15 +0200] "GET /tea-bag-saucer-p-40670.html HTTP/1.0" 301 74675 "http://www.wonder-geek.com/tea-infuser-tea-bag-rest-c-12_247.html" "Mozilla/5.0 (Linux; Android 7.0;) AppleWebKit/537.36 (KHTML, like Gecko) Mobile Safari/537.36 (compatible; PetalBot;+https://webmaster.petalsearch.com/site/petalbot)"
114.119.133.245 - - [22/Sep/2022:16:20:18 +0200] "GET /saucer-p-40670.html HTTP/1.0" 200 74602 "http://www.wonder-geek.com/tea-infuser-tea-bag-rest-c-12_247.html" "Mozilla/5.0 (Linux; Android 7.0;) AppleWebKit/537.36 (KHTML, like Gecko) Mobile Safari/537.36 (compatible; PetalBot;+https://webmaster.petalsearch.com/site/petalbot)"
157.90.177.217 - - [22/Sep/2022:16:20:18 +0200] "GET /stade-toulousain-homework-notebooks-p-36249.html HTTP/1.0" 200 75013 "-" "Mozilla/5.0 (compatible; BLEXBot/1.0; +http://webmeup-crawler.com/)"
157.90.177.217 - - [22/Sep/2022:16:20:27 +0200] "GET /stade-toulousain-kids-school-p-30641.html HTTP/1.0" 200 75065 "-" "Mozilla/5.0 (compatible; BLEXBot/1.0; +http://webmeup-crawler.com/)"
157.90.177.217 - - [22/Sep/2022:16:20:32 +0200] "GET /stained-pine-wood-chest-p-53486.html HTTP/1.0" 200 75529 "-" "Mozilla/5.0 (compatible; BLEXBot/1.0; +http://webmeup-crawler.com/)"
157.90.177.217 - - [22/Sep/2022:16:20:37 +0200] "GET /stainless-steel-knife-secured-rescue-p-37495.html HTTP/1.0" 200 75561 "-" "Mozilla/5.0 (compatible; BLEXBot/1.0; +http://webmeup-crawler.com/)"
157.90.177.217 - - [22/Sep/2022:16:20:45 +0200] "GET /stainless-steel-piece-barbecue-p-41218.html HTTP/1.0" 200 74839 "-" "Mozilla/5.0 (compatible; BLEXBot/1.0; +http://webmeup-crawler.com/)"
185.191.171.14 - - [22/Sep/2022:16:20:48 +0200] "GET /large-responsible-wood-geranium-candle-heart-home-p-52798.html HTTP/1.0" 200 76093 "-" "Mozilla/5.0 (compatible; SemrushBot/7~bl; +http://www.semrush.com/bot.html)"
157.90.177.217 - - [22/Sep/2022:16:20:51 +0200] "GET /stainless-steel-piece-barbecue-p-48878.html HTTP/1.0" 200 75727 "-" "Mozilla/5.0 (compatible; BLEXBot/1.0; +http://webmeup-crawler.com/)"
157.90.177.217 - - [22/Sep/2022:16:20:56 +0200] "GET /star-adult-cbkration-p-36521.html HTTP/1.0" 200 74819 "-" "Mozilla/5.0 (compatible; BLEXBot/1.0; +http://webmeup-crawler.com/)"
157.90.177.217 - - [22/Sep/2022:16:21:02 +0200] "GET /star-adult-military-cbkration-p-36528.html HTTP/1.0" 200 74891 "-" "Mozilla/5.0 (compatible; BLEXBot/1.0; +http://webmeup-crawler.com/)"
157.90.177.217 - - [22/Sep/2022:16:21:07 +0200] "GET /star-hanging-tree-decoration-p-56571.html HTTP/1.0" 200 75441 "-" "Mozilla/5.0 (compatible; BLEXBot/1.0; +http://webmeup-crawler.com/)"
157.90.177.217 - - [22/Sep/2022:16:21:14 +0200] "GET /star-trendy-earphone-p-48311.html HTTP/1.0" 200 74995 "-" "Mozilla/5.0 (compatible; BLEXBot/1.0; +http://webmeup-crawler.com/)"
157.90.177.217 - - [22/Sep/2022:16:21:18 +0200] "GET /star-wars-backpack-p-35795.html HTTP/1.0" 200 74897 "-" "Mozilla/5.0 (compatible; BLEXBot/1.0; +http://webmeup-crawler.com/)"
157.90.177.217 - - [22/Sep/2022:16:21:24 +0200] "GET /star-wars-blue-training-bottle-p-29945.html HTTP/1.0" 200 74816 "-" "Mozilla/5.0 (compatible; BLEXBot/1.0; +http://webmeup-crawler.com/)"
157.90.177.217 - - [22/Sep/2022:16:21:29 +0200] "GET /star-wars-darth-vader-stackable-lunch-p-34029.html HTTP/1.0" 200 75021 "-" "Mozilla/5.0 (compatible; BLEXBot/1.0; +http://webmeup-crawler.com/)"
157.90.177.217 - - [22/Sep/2022:16:21:35 +0200] "GET /star-wars-p-34886.html HTTP/1.0" 200 74859 "-" "Mozilla/5.0 (compatible; BLEXBot/1.0; +http://webmeup-crawler.com/)"
157.90.177.217 - - [22/Sep/2022:16:21:41 +0200] "GET /star-wars-rectangular-mirror-p-31609.html HTTP/1.0" 200 74726 "-" "Mozilla/5.0 (compatible; BLEXBot/1.0; +http://webmeup-crawler.com/)"
157.90.177.217 - - [22/Sep/2022:16:21:47 +0200] "GET /star-wars-vehicle-miniature-with-miniature-character-p-33427.html HTTP/1.0" 200 75135 "-" "Mozilla/5.0 (compatible; BLEXBot/1.0; +http://webmeup-crawler.com/)"
114.119.137.45 - - [22/Sep/2022:16:21:50 +0200] "GET /frozen-disney-pencil-p-34086.html HTTP/1.0" 200 74692 "http://www.wonder-geek.com/pencil-c-129_183.html?page=1" "Mozilla/5.0 (Linux; Android 7.0;) AppleWebKit/537.36 (KHTML, like Gecko) Mobile Safari/537.36 (compatible; PetalBot;+https://webmaster.petalsearch.com/site/petalbot)"
157.90.177.217 - - [22/Sep/2022:16:21:52 +0200] "GET /star-wars-yoda-stackable-lunch-p-34030.html HTTP/1.0" 200 74958 "-" "Mozilla/5.0 (compatible; BLEXBot/1.0; +http://webmeup-crawler.com/)"
157.90.177.217 - - [22/Sep/2022:16:21:56 +0200] "GET /starfish-teapot-person-p-56412.html HTTP/1.0" 200 75985 "-" "Mozilla/5.0 (compatible; BLEXBot/1.0; +http://webmeup-crawler.com/)"
34.67.96.123 - - [22/Sep/2022:16:22:06 +0200] "GET /images/mini_prod/045544427890.jpg HTTP/1.0" 200 268 "-" "Mozilla/5.0 (X11; Ubuntu; Linux x86_64; rv:72.0) Gecko/20100101 Firefox/72.0"
157.90.177.217 - - [22/Sep/2022:16:22:08 +0200] "GET /stars-teapot-p-55245.html HTTP/1.0" 200 75487 "-" "Mozilla/5.0 (compatible; BLEXBot/1.0; +http://webmeup-crawler.com/)"
157.90.177.217 - - [22/Sep/2022:16:22:15 +0200] "GET /stationery-c-129_191.html?page=2 HTTP/1.0" 200 92969 "-" "Mozilla/5.0 (compatible; BLEXBot/1.0; +http://webmeup-crawler.com/)"
156.59.237.151 - - [22/Sep/2022:16:22:20 +0200] "GET /images/mini_prod/1384010178959.jpg HTTP/1.0" 200 269 "-" "Mozilla/5.0 (X11; Ubuntu; Linux x86_64; rv:72.0) Gecko/20100101 Firefox/72.0"
157.90.177.217 - - [22/Sep/2022:16:22:24 +0200] "GET /stationery-c-129_191.html?page=3 HTTP/1.0" 200 81903 "-" "Mozilla/5.0 (compatible; BLEXBot/1.0; +http://webmeup-crawler.com/)"
185.191.171.19 - - [22/Sep/2022:16:22:24 +0200] "GET /nightlight-shaped-cream-p-44646.html HTTP/1.0" 200 74786 "-" "Mozilla/5.0 (compatible; SemrushBot/7~bl; +http://www.semrush.com/bot.html)"
66.249.66.6 - - [22/Sep/2022:16:22:28 +0200] "GET /salt-with-wooden-spoon-mateline-p-54488.html HTTP/1.0" 200 74871 "-" "Mozilla/5.0 (compatible; Googlebot/2.1; +http://www.google.com/bot.html)"
157.90.177.217 - - [22/Sep/2022:16:22:29 +0200] "GET /stationery-cardmaking-c-129.html?page=10 HTTP/1.0" 200 94140 "-" "Mozilla/5.0 (compatible; BLEXBot/1.0; +http://webmeup-crawler.com/)"
157.90.177.217 - - [22/Sep/2022:16:22:34 +0200] "GET /stationery-cardmaking-c-129.html?page=11 HTTP/1.0" 200 94527 "-" "Mozilla/5.0 (compatible; BLEXBot/1.0; +http://webmeup-crawler.com/)"
157.90.177.217 - - [22/Sep/2022:16:22:42 +0200] "GET /stationery-cardmaking-c-129.html?page=2 HTTP/1.0" 200 94558 "-" "Mozilla/5.0 (compatible; BLEXBot/1.0; +http://webmeup-crawler.com/)"
185.191.171.37 - - [22/Sep/2022:16:22:44 +0200] "GET /cotton-flower-fragrance-diffuser-made-provence-p-57052.html HTTP/1.0" 200 76161 "-" "Mozilla/5.0 (compatible; SemrushBot/7~bl; +http://www.semrush.com/bot.html)"
157.90.177.217 - - [22/Sep/2022:16:22:49 +0200] "GET /stationery-cardmaking-c-129.html?page=3 HTTP/1.0" 200 94429 "-" "Mozilla/5.0 (compatible; BLEXBot/1.0; +http://webmeup-crawler.com/)"
157.90.177.217 - - [22/Sep/2022:16:22:55 +0200] "GET /stationery-cardmaking-c-129.html?page=4 HTTP/1.0" 200 94338 "-" "Mozilla/5.0 (compatible; BLEXBot/1.0; +http://webmeup-crawler.com/)"
157.90.177.217 - - [22/Sep/2022:16:23:02 +0200] "GET /stationery-cardmaking-c-129.html?page=5 HTTP/1.0" 200 94655 "-" "Mozilla/5.0 (compatible; BLEXBot/1.0; +http://webmeup-crawler.com/)"
157.90.177.217 - - [22/Sep/2022:16:23:07 +0200] "GET /stationery-cardmaking-c-129.html?page=6 HTTP/1.0" 200 96031 "-" "Mozilla/5.0 (compatible; BLEXBot/1.0; +http://webmeup-crawler.com/)"
157.90.177.217 - - [22/Sep/2022:16:23:11 +0200] "GET /stationery-cardmaking-c-129.html?page=7 HTTP/1.0" 200 94208 "-" "Mozilla/5.0 (compatible; BLEXBot/1.0; +http://webmeup-crawler.com/)"
156.59.237.151 - - [22/Sep/2022:16:23:16 +0200] "GET /images/mini_prod/1300000022859.jpg HTTP/1.0" 200 269 "-" "Mozilla/5.0 (X11; Ubuntu; Linux x86_64; rv:72.0) Gecko/20100101 Firefox/72.0"
157.90.177.217 - - [22/Sep/2022:16:23:15 +0200] "GET /stationery-cardmaking-c-129.html?page=8 HTTP/1.0" 200 94054 "-" "Mozilla/5.0 (compatible; BLEXBot/1.0; +http://webmeup-crawler.com/)"
156.59.237.149 - - [22/Sep/2022:16:23:18 +0200] "GET /images/mini_prod/8422140192445.jpg HTTP/1.0" 200 269 "-" "Mozilla/5.0 (X11; Ubuntu; Linux x86_64; rv:72.0) Gecko/20100101 Firefox/72.0"
51.68.224.127 - - [22/Sep/2022:16:23:19 +0200] "GET /adminweb/export_orders_xml.php?token=256de2z6edz6ed2z6DFSFsed2zed6zeDSFDSGdzedezfzf&maxorders=10&orderstart=1&status=14&start_date=2018-10-01 HTTP/1.0" 200 285 "-" "GesCom CharlotteBoutik Serveur"
51.68.224.127 - - [22/Sep/2022:16:23:19 +0200] "GET /adminweb/export_orders_xml.php?token=256de2z6edz6ed2z6DFSFsed2zed6zeDSFDSGdzedezfzf&maxorders=10&orderstart=1&status=6&start_date=2018-10-01 HTTP/1.0" 200 33985 "-" "GesCom CharlotteBoutik Serveur"
156.59.237.153 - - [22/Sep/2022:16:23:21 +0200] "GET /images/mini_prod/1399169040019.jpg HTTP/1.0" 200 269 "-" "Mozilla/5.0 (X11; Ubuntu; Linux x86_64; rv:72.0) Gecko/20100101 Firefox/72.0"
157.90.177.217 - - [22/Sep/2022:16:23:21 +0200] "GET /stationery-cardmaking-c-129.html?page=9 HTTP/1.0" 200 94186 "-" "Mozilla/5.0 (compatible; BLEXBot/1.0; +http://webmeup-crawler.com/)"
157.90.177.217 - - [22/Sep/2022:16:23:27 +0200] "GET /statue-liberty-cookware-cbkreation-p-23969.html HTTP/1.0" 200 74826 "-" "Mozilla/5.0 (compatible; BLEXBot/1.0; +http://webmeup-crawler.com/)"
114.119.137.3 - - [22/Sep/2022:16:23:28 +0200] "GET /klimt-little-tray-p-51678.html HTTP/1.0" 200 74721 "http://www.wonder-geek.com/dishes-c-12.html?page=46" "Mozilla/5.0 (Linux; Android 7.0;) AppleWebKit/537.36 (KHTML, like Gecko) Mobile Safari/537.36 (compatible; PetalBot;+https://webmaster.petalsearch.com/site/petalbot)"
66.249.66.72 - - [22/Sep/2022:16:23:28 +0200] "GET /retro-wooden-storage-cabinet-p-45805.html HTTP/1.0" 200 74806 "-" "Mozilla/5.0 (compatible; Googlebot/2.1; +http://www.google.com/bot.html)"
157.90.177.217 - - [22/Sep/2022:16:23:33 +0200] "GET /statuette-jesus-christ-sacred-heart-p-47137.html HTTP/1.0" 200 74846 "-" "Mozilla/5.0 (compatible; BLEXBot/1.0; +http://webmeup-crawler.com/)"
185.191.171.1 - - [22/Sep/2022:16:23:37 +0200] "GET /bracelet-aquamarine-p-48651.html HTTP/1.0" 200 75657 "-" "Mozilla/5.0 (compatible; SemrushBot/7~bl; +http://www.semrush.com/bot.html)"
157.90.177.217 - - [22/Sep/2022:16:23:38 +0200] "GET /statuettes-animal-figurines-c-292_291.html?page=2 HTTP/1.0" 200 93898 "-" "Mozilla/5.0 (compatible; BLEXBot/1.0; +http://webmeup-crawler.com/)"
157.90.177.217 - - [22/Sep/2022:16:23:45 +0200] "GET /statuettes-animal-figurines-c-292_291.html?page=3 HTTP/1.0" 200 94297 "-" "Mozilla/5.0 (compatible; BLEXBot/1.0; +http://webmeup-crawler.com/)"
157.90.177.217 - - [22/Sep/2022:16:23:52 +0200] "GET /statuettes-animal-figurines-c-292_291.html?page=4 HTTP/1.0" 200 94919 "-" "Mozilla/5.0 (compatible; BLEXBot/1.0; +http://webmeup-crawler.com/)"
157.90.177.217 - - [22/Sep/2022:16:23:58 +0200] "GET /statuettes-animal-figurines-c-292_291.html?page=5 HTTP/1.0" 200 94751 "-" "Mozilla/5.0 (compatible; BLEXBot/1.0; +http://webmeup-crawler.com/)"
157.90.177.217 - - [22/Sep/2022:16:24:05 +0200] "GET /statuettes-animal-figurines-c-292_291.html?page=6 HTTP/1.0" 200 94853 "-" "Mozilla/5.0 (compatible; BLEXBot/1.0; +http://webmeup-crawler.com/)"
185.191.171.11 - - [22/Sep/2022:16:24:08 +0200] "GET /sweet-little-bird-mini-rectangular-tray-p-58506.html HTTP/1.0" 200 75535 "-" "Mozilla/5.0 (compatible; SemrushBot/7~bl; +http://www.semrush.com/bot.html)"
66.249.66.212 - - [22/Sep/2022:16:24:10 +0200] "GET /images/big_prod/3609810076211A.jpg HTTP/1.0" 200 269 "-" "Googlebot-Image/1.0"
157.90.177.217 - - [22/Sep/2022:16:24:10 +0200] "GET /statuettes-animal-figurines-c-292_291.html?page=7 HTTP/1.0" 200 94484 "-" "Mozilla/5.0 (compatible; BLEXBot/1.0; +http://webmeup-crawler.com/)"
157.90.177.217 - - [22/Sep/2022:16:24:15 +0200] "GET /statuettes-animal-figurines-c-292_291.html?page=8 HTTP/1.0" 200 94284 "-" "Mozilla/5.0 (compatible; BLEXBot/1.0; +http://webmeup-crawler.com/)"
157.90.177.217 - - [22/Sep/2022:16:24:22 +0200] "GET /sticker-guitar-photo-frame-p-25041.html HTTP/1.0" 200 74947 "-" "Mozilla/5.0 (compatible; BLEXBot/1.0; +http://webmeup-crawler.com/)"
157.90.177.217 - - [22/Sep/2022:16:24:27 +0200] "GET /sticker-windows-chakra-p-48349.html HTTP/1.0" 200 74760 "-" "Mozilla/5.0 (compatible; BLEXBot/1.0; +http://webmeup-crawler.com/)"
157.90.177.217 - - [22/Sep/2022:16:24:33 +0200] "GET /sticker-windows-chakra-p-48350.html HTTP/1.0" 200 74760 "-" "Mozilla/5.0 (compatible; BLEXBot/1.0; +http://webmeup-crawler.com/)"
157.90.177.217 - - [22/Sep/2022:16:24:38 +0200] "GET /sticker-windows-chakra-p-48351.html HTTP/1.0" 200 74760 "-" "Mozilla/5.0 (compatible; BLEXBot/1.0; +http://webmeup-crawler.com/)"
66.249.66.210 - - [22/Sep/2022:16:24:42 +0200] "GET /images/mini_prod/3700653590855.jpg HTTP/1.0" 200 269 "-" "Mozilla/5.0 (compatible; Googlebot/2.1; +http://www.google.com/bot.html)"
157.90.177.217 - - [22/Sep/2022:16:24:43 +0200] "GET /sticker-windows-chakra-p-48353.html HTTP/1.0" 200 74760 "-" "Mozilla/5.0 (compatible; BLEXBot/1.0; +http://webmeup-crawler.com/)"
185.191.171.11 - - [22/Sep/2022:16:24:46 +0200] "GET /salt-made-ceramic-bamboo-p-55753.html HTTP/1.0" 200 74786 "-" "Mozilla/5.0 (compatible; SemrushBot/7~bl; +http://www.semrush.com/bot.html)"
157.90.177.217 - - [22/Sep/2022:16:24:48 +0200] "GET /sticker-windows-chakra-p-48354.html HTTP/1.0" 200 74760 "-" "Mozilla/5.0 (compatible; BLEXBot/1.0; +http://webmeup-crawler.com/)"
147.92.153.5 - - [22/Sep/2022:16:24:53 +0200] "GET /white-patinated-wood-p-58807.html HTTP/1.0" 200 75698 "-" "Mozilla/5.0 (compatible; Linespider/1.1; +https://lin.ee/4dwXkTH)"
157.90.177.217 - - [22/Sep/2022:16:24:53 +0200] "GET /sticker-windows-chakra-p-48355.html HTTP/1.0" 200 74760 "-" "Mozilla/5.0 (compatible; BLEXBot/1.0; +http://webmeup-crawler.com/)"
147.92.153.14 - - [22/Sep/2022:16:24:56 +0200] "GET /swfobject.js HTTP/1.0" 404 1308 "http://www.wonder-geek.com/white-patinated-wood-p-58807.html" "Mozilla/5.0 AppleWebKit/537.36 (KHTML, like Gecko; compatible; Linespider/1.1; +https://lin.ee/4dwXkTH) Chrome/101.0.4951.0 Safari/537.36, Mozilla/5.0 (compatible; Linespider/1.1; +https://lin.ee/4dwXkTH)"
185.191.171.37 - - [22/Sep/2022:16:24:54 +0200] "GET /decorative-henna-foot-wood-p-46814.html HTTP/1.0" 200 74921 "-" "Mozilla/5.0 (compatible; SemrushBot/7~bl; +http://www.semrush.com/bot.html)"
156.59.237.149 - - [22/Sep/2022:16:24:57 +0200] "GET /images/mini_prod/3520071275741.jpg HTTP/1.0" 200 269 "-" "Mozilla/5.0 (X11; Ubuntu; Linux x86_64; rv:72.0) Gecko/20100101 Firefox/72.0"
114.119.133.245 - - [22/Sep/2022:16:24:57 +0200] "GET /household-linen-c-11.html?page=59 HTTP/1.0" 200 95113 "http://www.wonder-geek.com/household-linen-c-11.html?page=52" "Mozilla/5.0 (Linux; Android 7.0;) AppleWebKit/537.36 (KHTML, like Gecko) Mobile Safari/537.36 (compatible; PetalBot;+https://webmaster.petalsearch.com/site/petalbot)"
157.90.177.217 - - [22/Sep/2022:16:25:00 +0200] "GET /stitch-guitar-collection-statuette-p-47678.html HTTP/1.0" 200 76492 "-" "Mozilla/5.0 (compatible; BLEXBot/1.0; +http://webmeup-crawler.com/)"
185.191.171.25 - - [22/Sep/2022:16:25:04 +0200] "GET /florialys-fragrance-provence-patchouli-scent-bergamot-p-48497.html HTTP/1.0" 200 72218 "-" "Mozilla/5.0 (compatible; SemrushBot/7~bl; +http://www.semrush.com/bot.html)"
157.90.177.217 - - [22/Sep/2022:16:25:06 +0200] "GET /stitch-guitar-collection-statuette-p-51399.html HTTP/1.0" 200 76056 "-" "Mozilla/5.0 (compatible; BLEXBot/1.0; +http://webmeup-crawler.com/)"
87.250.224.94 - - [22/Sep/2022:16:25:10 +0200] "GET /robots.txt HTTP/1.0" 200 245 "-" "Mozilla/5.0 (compatible; YandexBot/3.0; +http://yandex.com/bots)"
157.90.177.217 - - [22/Sep/2022:16:25:11 +0200] "GET /stitch-heart-collection-statuette-p-47669.html HTTP/1.0" 200 76497 "-" "Mozilla/5.0 (compatible; BLEXBot/1.0; +http://webmeup-crawler.com/)"
87.250.224.94 - - [22/Sep/2022:16:25:14 +0200] "GET /images/med_prod/8412497761951.jpg HTTP/1.0" 200 268 "-" "Mozilla/5.0 (compatible; YandexImages/3.0; +http://yandex.com/bots)"
157.90.177.217 - - [22/Sep/2022:16:25:15 +0200] "GET /stitch-laying-down-collection-statuette-p-47679.html HTTP/1.0" 200 76557 "-" "Mozilla/5.0 (compatible; BLEXBot/1.0; +http://webmeup-crawler.com/)"
157.90.177.217 - - [22/Sep/2022:16:25:21 +0200] "GET /stitch-mini-figurine-p-56808.html HTTP/1.0" 200 75718 "-" "Mozilla/5.0 (compatible; BLEXBot/1.0; +http://webmeup-crawler.com/)"
185.191.171.12 - - [22/Sep/2022:16:25:26 +0200] "GET /wall-sticker-buddha-p-53960.html HTTP/1.0" 200 75504 "-" "Mozilla/5.0 (compatible; SemrushBot/7~bl; +http://www.semrush.com/bot.html)"
157.90.177.217 - - [22/Sep/2022:16:25:26 +0200] "GET /stone-carnelian-grams-p-46572.html HTTP/1.0" 200 76189 "-" "Mozilla/5.0 (compatible; BLEXBot/1.0; +http://webmeup-crawler.com/)"
157.90.177.217 - - [22/Sep/2022:16:25:32 +0200] "GET /stone-carnelian-grams-p-46573.html HTTP/1.0" 200 76203 "-" "Mozilla/5.0 (compatible; BLEXBot/1.0; +http://webmeup-crawler.com/)"
66.249.66.56 - - [22/Sep/2022:16:25:35 +0200] "GET /images/mini_prod/DSCN06783384372015150.jpg HTTP/1.0" 200 277 "-" "Mozilla/5.0 (compatible; Googlebot/2.1; +http://www.google.com/bot.html)"
66.249.66.6 - - [22/Sep/2022:16:25:36 +0200] "GET /images/mini_prod/5410574484611.jpg HTTP/1.0" 200 269 "-" "Mozilla/5.0 (compatible; Googlebot/2.1; +http://www.google.com/bot.html)"
157.90.177.217 - - [22/Sep/2022:16:25:37 +0200] "GET /stone-green-opal-grams-p-46618.html HTTP/1.0" 200 75859 "-" "Mozilla/5.0 (compatible; BLEXBot/1.0; +http://webmeup-crawler.com/)"
157.90.177.217 - - [22/Sep/2022:16:25:43 +0200] "GET /stone-green-opal-grams-p-46620.html HTTP/1.0" 200 75859 "-" "Mozilla/5.0 (compatible; BLEXBot/1.0; +http://webmeup-crawler.com/)"
157.90.177.217 - - [22/Sep/2022:16:25:49 +0200] "GET /stone-green-opal-grams-p-46621.html HTTP/1.0" 200 75859 "-" "Mozilla/5.0 (compatible; BLEXBot/1.0; +http://webmeup-crawler.com/)"
157.90.177.217 - - [22/Sep/2022:16:25:54 +0200] "GET /stone-petrified-wood-grams-p-46569.html HTTP/1.0" 200 76001 "-" "Mozilla/5.0 (compatible; BLEXBot/1.0; +http://webmeup-crawler.com/)"
185.191.171.16 - - [22/Sep/2022:16:25:58 +0200] "GET /espresso-love-p-46258.html HTTP/1.0" 200 74667 "-" "Mozilla/5.0 (compatible; SemrushBot/7~bl; +http://www.semrush.com/bot.html)"
157.90.177.217 - - [22/Sep/2022:16:25:59 +0200] "GET /stone-polychrome-jasper-grams-p-46581.html HTTP/1.0" 200 76024 "-" "Mozilla/5.0 (compatible; BLEXBot/1.0; +http://webmeup-crawler.com/)"
216.244.66.242 - - [22/Sep/2022:16:26:05 +0200] "GET /angry-birds-mlamine-plate-p-23218.html HTTP/1.0" 301 72127 "-" "Mozilla/5.0 (compatible; DotBot/1.2; +https://opensiteexplorer.org/dotbot; help@moz.com)"
157.90.177.217 - - [22/Sep/2022:16:26:06 +0200] "GET /stone-polychrome-jasper-grams-p-46583.html HTTP/1.0" 200 76025 "-" "Mozilla/5.0 (compatible; BLEXBot/1.0; +http://webmeup-crawler.com/)"
185.191.171.24 - - [22/Sep/2022:16:26:09 +0200] "GET /fantasy-watch-women-toucan-p-49959.html HTTP/1.0" 200 74783 "-" "Mozilla/5.0 (compatible; SemrushBot/7~bl; +http://www.semrush.com/bot.html)"
157.90.177.217 - - [22/Sep/2022:16:26:12 +0200] "GET /stone-septarian-grams-p-46596.html HTTP/1.0" 200 76026 "-" "Mozilla/5.0 (compatible; BLEXBot/1.0; +http://webmeup-crawler.com/)"
216.244.66.242 - - [22/Sep/2022:16:26:12 +0200] "GET /hedgehogs-potholder-glove-p-42230.html HTTP/1.0" 301 72127 "-" "Mozilla/5.0 (compatible; DotBot/1.2; +https://opensiteexplorer.org/dotbot; help@moz.com)"
66.249.66.68 - - [22/Sep/2022:16:26:13 +0200] "GET /beatles-union-jack-black-cover-ipad-and-tablets-p-17619.html HTTP/1.0" 301 75253 "-" "Mozilla/5.0 (Linux; Android 6.0.1; Nexus 5X Build/MMB29P) AppleWebKit/537.36 (KHTML, like Gecko) Chrome/105.0.5195.125 Mobile Safari/537.36 (compatible; Googlebot/2.1; +http://www.google.com/bot.html)"
66.249.66.56 - - [22/Sep/2022:16:26:15 +0200] "GET /beatles-union-jack-black-cover-ipad-tablets-p-17619.html HTTP/1.0" 200 75143 "-" "Mozilla/5.0 (Linux; Android 6.0.1; Nexus 5X Build/MMB29P) AppleWebKit/537.36 (KHTML, like Gecko) Chrome/105.0.5195.125 Mobile Safari/537.36 (compatible; Googlebot/2.1; +http://www.google.com/bot.html)"
157.90.177.217 - - [22/Sep/2022:16:26:17 +0200] "GET /stone-septarian-grams-p-46597.html HTTP/1.0" 200 76026 "-" "Mozilla/5.0 (compatible; BLEXBot/1.0; +http://webmeup-crawler.com/)"
114.119.137.31 - - [22/Sep/2022:16:26:24 +0200] "GET /round-carpet-p-52427.html HTTP/1.0" 200 72112 "http://www.wonder-geek.com/household-linen-c-11.html?page=79" "Mozilla/5.0 (Linux; Android 7.0;) AppleWebKit/537.36 (KHTML, like Gecko) Mobile Safari/537.36 (compatible; PetalBot;+https://webmaster.petalsearch.com/site/petalbot)"
157.90.177.217 - - [22/Sep/2022:16:26:25 +0200] "GET /stone-septarian-grams-p-46598.html HTTP/1.0" 200 76026 "-" "Mozilla/5.0 (compatible; BLEXBot/1.0; +http://webmeup-crawler.com/)"
216.244.66.242 - - [22/Sep/2022:16:26:29 +0200] "GET /maisy-oilcloth-p-19470.html HTTP/1.0" 301 72127 "-" "Mozilla/5.0 (compatible; DotBot/1.2; +https://opensiteexplorer.org/dotbot; help@moz.com)"
185.191.171.33 - - [22/Sep/2022:16:26:30 +0200] "GET /charcoal-tablets-golden-temple-tablets-p-47648.html HTTP/1.0" 200 75130 "-" "Mozilla/5.0 (compatible; SemrushBot/7~bl; +http://www.semrush.com/bot.html)"
157.90.177.217 - - [22/Sep/2022:16:26:31 +0200] "GET /stones-ground-sheet-p-52153.html HTTP/1.0" 200 75739 "-" "Mozilla/5.0 (compatible; BLEXBot/1.0; +http://webmeup-crawler.com/)"
157.90.177.217 - - [22/Sep/2022:16:26:36 +0200] "GET /stones-rock-crystal-grams-p-46606.html HTTP/1.0" 200 76100 "-" "Mozilla/5.0 (compatible; BLEXBot/1.0; +http://webmeup-crawler.com/)"
157.90.177.217 - - [22/Sep/2022:16:26:42 +0200] "GET /stoneware-lamp-p-54167.html HTTP/1.0" 200 75516 "-" "Mozilla/5.0 (compatible; BLEXBot/1.0; +http://webmeup-crawler.com/)"
216.244.66.242 - - [22/Sep/2022:16:26:43 +0200] "GET /shoulder-jasmine-jasmin-p-39251.html HTTP/1.0" 301 72127 "-" "Mozilla/5.0 (compatible; DotBot/1.2; +https://opensiteexplorer.org/dotbot; help@moz.com)"
157.90.177.217 - - [22/Sep/2022:16:26:48 +0200] "GET /stoneware-lamp-p-54168.html HTTP/1.0" 200 75522 "-" "Mozilla/5.0 (compatible; BLEXBot/1.0; +http://webmeup-crawler.com/)"
109.103.3.190 - - [22/Sep/2022:16:26:48 +0200] "GET /amys-p-54236.html HTTP/1.0" 200 75471 "https://www.google.com/" "Mozilla/5.0 (Windows NT 10.0; Win64; x64) AppleWebKit/537.36 (KHTML, like Gecko) Chrome/105.0.0.0 Safari/537.36"
109.103.3.190 - - [22/Sep/2022:16:26:51 +0200] "GET /templates/Pixame_v1/stylesheet.css HTTP/1.0" 200 267 "http://www.wonder-geek.com/amys-p-54236.html" "Mozilla/5.0 (Windows NT 10.0; Win64; x64) AppleWebKit/537.36 (KHTML, like Gecko) Chrome/105.0.0.0 Safari/537.36"
109.103.3.190 - - [22/Sep/2022:16:26:51 +0200] "GET /js/jquery.js HTTP/1.0" 200 252 "http://www.wonder-geek.com/amys-p-54236.html" "Mozilla/5.0 (Windows NT 10.0; Win64; x64) AppleWebKit/537.36 (KHTML, like Gecko) Chrome/105.0.0.0 Safari/537.36"
109.103.3.190 - - [22/Sep/2022:16:26:51 +0200] "GET /highslide/highslide.js HTTP/1.0" 200 262 "http://www.wonder-geek.com/amys-p-54236.html" "Mozilla/5.0 (Windows NT 10.0; Win64; x64) AppleWebKit/537.36 (KHTML, like Gecko) Chrome/105.0.0.0 Safari/537.36"
109.103.3.190 - - [22/Sep/2022:16:26:51 +0200] "GET /js/jquery.jqzoom.js HTTP/1.0" 200 259 "http://www.wonder-geek.com/amys-p-54236.html" "Mozilla/5.0 (Windows NT 10.0; Win64; x64) AppleWebKit/537.36 (KHTML, like Gecko) Chrome/105.0.0.0 Safari/537.36"
109.103.3.190 - - [22/Sep/2022:16:26:51 +0200] "GET /mondial_relay/js/jquery-1.3.2.min.js HTTP/1.0" 200 276 "http://www.wonder-geek.com/amys-p-54236.html" "Mozilla/5.0 (Windows NT 10.0; Win64; x64) AppleWebKit/537.36 (KHTML, like Gecko) Chrome/105.0.0.0 Safari/537.36"
109.103.3.190 - - [22/Sep/2022:16:26:51 +0200] "GET /swfobject.js HTTP/1.0" 404 1308 "http://www.wonder-geek.com/amys-p-54236.html" "Mozilla/5.0 (Windows NT 10.0; Win64; x64) AppleWebKit/537.36 (KHTML, like Gecko) Chrome/105.0.0.0 Safari/537.36"
109.103.3.190 - - [22/Sep/2022:16:26:51 +0200] "GET /templates/Pixame_v1/images/icon_accueil2.png HTTP/1.0" 200 278 "http://www.wonder-geek.com/amys-p-54236.html" "Mozilla/5.0 (Windows NT 10.0; Win64; x64) AppleWebKit/537.36 (KHTML, like Gecko) Chrome/105.0.0.0 Safari/537.36"
109.103.3.190 - - [22/Sep/2022:16:26:51 +0200] "GET /templates/Pixame_v1/images/infobox/pixel_trans.gif HTTP/1.0" 200 328 "http://www.wonder-geek.com/amys-p-54236.html" "Mozilla/5.0 (Windows NT 10.0; Win64; x64) AppleWebKit/537.36 (KHTML, like Gecko) Chrome/105.0.0.0 Safari/537.36"
109.103.3.190 - - [22/Sep/2022:16:26:51 +0200] "GET /templates/Pixame_v1/images/Bottom_texture.jpg HTTP/1.0" 200 280 "http://www.wonder-geek.com/templates/Pixame_v1/stylesheet.css" "Mozilla/5.0 (Windows NT 10.0; Win64; x64) AppleWebKit/537.36 (KHTML, like Gecko) Chrome/105.0.0.0 Safari/537.36"
109.103.3.190 - - [22/Sep/2022:16:26:51 +0200] "GET /templates/Pixame_v1/images/Middle_texture.jpg HTTP/1.0" 200 280 "http://www.wonder-geek.com/templates/Pixame_v1/stylesheet.css" "Mozilla/5.0 (Windows NT 10.0; Win64; x64) AppleWebKit/537.36 (KHTML, like Gecko) Chrome/105.0.0.0 Safari/537.36"
109.103.3.190 - - [22/Sep/2022:16:26:52 +0200] "GET /templates/Pixame_v1/images/header.png HTTP/1.0" 200 271 "http://www.wonder-geek.com/templates/Pixame_v1/stylesheet.css" "Mozilla/5.0 (Windows NT 10.0; Win64; x64) AppleWebKit/537.36 (KHTML, like Gecko) Chrome/105.0.0.0 Safari/537.36"
109.103.3.190 - - [22/Sep/2022:16:26:52 +0200] "GET /templates/Pixame_v1/images/nav.png HTTP/1.0" 200 268 "http://www.wonder-geek.com/templates/Pixame_v1/stylesheet.css" "Mozilla/5.0 (Windows NT 10.0; Win64; x64) AppleWebKit/537.36 (KHTML, like Gecko) Chrome/105.0.0.0 Safari/537.36"
109.103.3.190 - - [22/Sep/2022:16:26:52 +0200] "GET /templates/Pixame_v1/images/header-object.png HTTP/1.0" 200 278 "http://www.wonder-geek.com/templates/Pixame_v1/stylesheet.css" "Mozilla/5.0 (Windows NT 10.0; Win64; x64) AppleWebKit/537.36 (KHTML, like Gecko) Chrome/105.0.0.0 Safari/537.36"
109.103.3.190 - - [22/Sep/2022:16:26:52 +0200] "GET /images/big_prod/3700572740027.jpg HTTP/1.0" 200 268 "http://www.wonder-geek.com/amys-p-54236.html" "Mozilla/5.0 (Windows NT 10.0; Win64; x64) AppleWebKit/537.36 (KHTML, like Gecko) Chrome/105.0.0.0 Safari/537.36"
109.103.3.190 - - [22/Sep/2022:16:26:52 +0200] "GET /highslide/graphics/zoomin.cur HTTP/1.0" 200 614 "http://www.wonder-geek.com/templates/Pixame_v1/stylesheet.css" "Mozilla/5.0 (Windows NT 10.0; Win64; x64) AppleWebKit/537.36 (KHTML, like Gecko) Chrome/105.0.0.0 Safari/537.36"
109.103.3.190 - - [22/Sep/2022:16:26:52 +0200] "GET /design/productsenstock.png HTTP/1.0" 200 260 "http://www.wonder-geek.com/templates/Pixame_v1/stylesheet.css" "Mozilla/5.0 (Windows NT 10.0; Win64; x64) AppleWebKit/537.36 (KHTML, like Gecko) Chrome/105.0.0.0 Safari/537.36"
109.103.3.190 - - [22/Sep/2022:16:26:52 +0200] "GET /templates/Pixame_v1/images/infobox/infobox_footer_middle.gif HTTP/1.0" 200 357 "http://www.wonder-geek.com/amys-p-54236.html" "Mozilla/5.0 (Windows NT 10.0; Win64; x64) AppleWebKit/537.36 (KHTML, like Gecko) Chrome/105.0.0.0 Safari/537.36"
109.103.3.190 - - [22/Sep/2022:16:26:52 +0200] "GET /images/pixel_trans.gif HTTP/1.0" 200 328 "http://www.wonder-geek.com/amys-p-54236.html" "Mozilla/5.0 (Windows NT 10.0; Win64; x64) AppleWebKit/537.36 (KHTML, like Gecko) Chrome/105.0.0.0 Safari/537.36"
109.103.3.190 - - [22/Sep/2022:16:26:52 +0200] "GET /templates/Pixame_v1/images/pixel_trans.gif HTTP/1.0" 200 328 "http://www.wonder-geek.com/amys-p-54236.html" "Mozilla/5.0 (Windows NT 10.0; Win64; x64) AppleWebKit/537.36 (KHTML, like Gecko) Chrome/105.0.0.0 Safari/537.36"
109.103.3.190 - - [22/Sep/2022:16:26:52 +0200] "GET /images/big_prod_1/3700572740027B.jpg HTTP/1.0" 200 271 "http://www.wonder-geek.com/amys-p-54236.html" "Mozilla/5.0 (Windows NT 10.0; Win64; x64) AppleWebKit/537.36 (KHTML, like Gecko) Chrome/105.0.0.0 Safari/537.36"
109.103.3.190 - - [22/Sep/2022:16:26:52 +0200] "GET /templates/Pixame_v1/images/buttons/english/button_in_cart.gif HTTP/1.0" 200 295 "http://www.wonder-geek.com/amys-p-54236.html" "Mozilla/5.0 (Windows NT 10.0; Win64; x64) AppleWebKit/537.36 (KHTML, like Gecko) Chrome/105.0.0.0 Safari/537.36"
109.103.3.190 - - [22/Sep/2022:16:26:53 +0200] "GET /highslide/graphics/outlines/drop-shadow.png HTTP/1.0" 200 277 "http://www.wonder-geek.com/amys-p-54236.html" "Mozilla/5.0 (Windows NT 10.0; Win64; x64) AppleWebKit/537.36 (KHTML, like Gecko) Chrome/105.0.0.0 Safari/537.36"
109.103.3.190 - - [22/Sep/2022:16:26:53 +0200] "GET /highslide/graphics/zoomout.cur HTTP/1.0" 200 614 "http://www.wonder-geek.com/amys-p-54236.html" "Mozilla/5.0 (Windows NT 10.0; Win64; x64) AppleWebKit/537.36 (KHTML, like Gecko) Chrome/105.0.0.0 Safari/537.36"
109.103.3.190 - - [22/Sep/2022:16:26:53 +0200] "GET /highslide/graphics/loader.white.gif HTTP/1.0" 200 960 "http://www.wonder-geek.com/templates/Pixame_v1/stylesheet.css" "Mozilla/5.0 (Windows NT 10.0; Win64; x64) AppleWebKit/537.36 (KHTML, like Gecko) Chrome/105.0.0.0 Safari/537.36"
109.103.3.190 - - [22/Sep/2022:16:26:53 +0200] "GET /favicon.ico HTTP/1.0" 200 260 "http://www.wonder-geek.com/amys-p-54236.html" "Mozilla/5.0 (Windows NT 10.0; Win64; x64) AppleWebKit/537.36 (KHTML, like Gecko) Chrome/105.0.0.0 Safari/537.36"
157.90.177.217 - - [22/Sep/2022:16:26:53 +0200] "GET /stool-shaped-like-face-p-49045.html HTTP/1.0" 200 75511 "-" "Mozilla/5.0 (compatible; BLEXBot/1.0; +http://webmeup-crawler.com/)"
216.244.66.242 - - [22/Sep/2022:16:26:56 +0200] "GET /bambi-disney-birthday-card-with-envelope-p-34442.html HTTP/1.0" 301 72127 "-" "Mozilla/5.0 (compatible; DotBot/1.2; +https://opensiteexplorer.org/dotbot; help@moz.com)"
216.244.66.242 - - [22/Sep/2022:16:27:09 +0200] "GET /mini-magnetic-plate-give-chocolate-p-34461.html HTTP/1.0" 301 72127 "-" "Mozilla/5.0 (compatible; DotBot/1.2; +https://opensiteexplorer.org/dotbot; help@moz.com)"
157.90.177.217 - - [22/Sep/2022:16:27:12 +0200] "GET /stop-shaped-books-p-30440.html HTTP/1.0" 200 75272 "-" "Mozilla/5.0 (compatible; BLEXBot/1.0; +http://webmeup-crawler.com/)"
157.90.177.217 - - [22/Sep/2022:16:27:19 +0200] "GET /stop-shaped-books-p-41577.html HTTP/1.0" 200 74665 "-" "Mozilla/5.0 (compatible; BLEXBot/1.0; +http://webmeup-crawler.com/)"
34.67.96.123 - - [22/Sep/2022:16:27:20 +0200] "GET /images/mini_prod/8718969196024B.jpg HTTP/1.0" 200 270 "-" "Mozilla/5.0 (X11; Ubuntu; Linux x86_64; rv:72.0) Gecko/20100101 Firefox/72.0"
216.244.66.242 - - [22/Sep/2022:16:27:20 +0200] "GET /winnie-pooh-with-honey-figure-p-15643.html HTTP/1.0" 301 72127 "-" "Mozilla/5.0 (compatible; DotBot/1.2; +https://opensiteexplorer.org/dotbot; help@moz.com)"
157.90.177.217 - - [22/Sep/2022:16:27:24 +0200] "GET /storage-basket-bordlique-p-55799.html HTTP/1.0" 200 75453 "-" "Mozilla/5.0 (compatible; BLEXBot/1.0; +http://webmeup-crawler.com/)"
157.90.177.217 - - [22/Sep/2022:16:27:30 +0200] "GET /storage-basket-cactus-p-55801.html HTTP/1.0" 200 75428 "-" "Mozilla/5.0 (compatible; BLEXBot/1.0; +http://webmeup-crawler.com/)"
216.244.66.242 - - [22/Sep/2022:16:27:31 +0200] "GET /zebra-phone-cover-iphone-cbkreation-p-14151.html HTTP/1.0" 301 72127 "-" "Mozilla/5.0 (compatible; DotBot/1.2; +https://opensiteexplorer.org/dotbot; help@moz.com)"
157.90.177.217 - - [22/Sep/2022:16:27:37 +0200] "GET /storage-basket-monstera-p-55800.html HTTP/1.0" 200 75441 "-" "Mozilla/5.0 (compatible; BLEXBot/1.0; +http://webmeup-crawler.com/)"
157.90.177.217 - - [22/Sep/2022:16:27:42 +0200] "GET /storage-cups-c-12_159_264.html?page=2 HTTP/1.0" 200 89807 "-" "Mozilla/5.0 (compatible; BLEXBot/1.0; +http://webmeup-crawler.com/)"
157.90.177.217 - - [22/Sep/2022:16:27:50 +0200] "GET /storing-cereals-frenchy-style-p-57968.html HTTP/1.0" 200 75587 "-" "Mozilla/5.0 (compatible; BLEXBot/1.0; +http://webmeup-crawler.com/)"
157.90.177.217 - - [22/Sep/2022:16:27:56 +0200] "GET /storing-cereals-picerie-traditionnelle-p-57969.html HTTP/1.0" 200 75692 "-" "Mozilla/5.0 (compatible; BLEXBot/1.0; +http://webmeup-crawler.com/)"
157.90.177.217 - - [22/Sep/2022:16:28:00 +0200] "GET /strawberries-butter-dish-p-51414.html HTTP/1.0" 200 74796 "-" "Mozilla/5.0 (compatible; BLEXBot/1.0; +http://webmeup-crawler.com/)"
114.119.137.3 - - [22/Sep/2022:16:28:05 +0200] "GET /tree-life-coasters-p-57554.html HTTP/1.0" 200 75610 "http://www.wonder-geek.com/dishes-c-12.html?page=93" "Mozilla/5.0 (Linux; Android 7.0;) AppleWebKit/537.36 (KHTML, like Gecko) Mobile Safari/537.36 (compatible; PetalBot;+https://webmaster.petalsearch.com/site/petalbot)"
105.4.7.140 - - [22/Sep/2022:16:28:07 +0200] "GET /images/big_prod/8433933031421.jpg HTTP/1.0" 200 268 "https://www.google.com/" "Mozilla/5.0 (Linux; Android 6.0; PURE MINI Build/MRA58K; wv) AppleWebKit/537.36 (KHTML, like Gecko) Version/4.0 Chrome/55.0.2883.91 Mobile Safari/537.36 GSA/6.8.23.21.arm"
157.90.177.217 - - [22/Sep/2022:16:28:06 +0200] "GET /strawberry-shortcake-bathrobe-size-years-p-12632.html HTTP/1.0" 200 75008 "-" "Mozilla/5.0 (compatible; BLEXBot/1.0; +http://webmeup-crawler.com/)"
66.249.66.70 - - [22/Sep/2022:16:28:09 +0200] "GET /images/mini_prod/3574642579820.jpg HTTP/1.0" 200 269 "-" "Mozilla/5.0 (compatible; Googlebot/2.1; +http://www.google.com/bot.html)"
157.90.177.217 - - [22/Sep/2022:16:28:10 +0200] "GET /strawberry-shortcake-blue-swimsuit-p-30285.html HTTP/1.0" 200 76206 "-" "Mozilla/5.0 (compatible; BLEXBot/1.0; +http://webmeup-crawler.com/)"
157.90.177.217 - - [22/Sep/2022:16:28:16 +0200] "GET /strawberry-shortcake-embroidered-vest-p-36364.html HTTP/1.0" 200 76074 "-" "Mozilla/5.0 (compatible; BLEXBot/1.0; +http://webmeup-crawler.com/)"
156.59.237.152 - - [22/Sep/2022:16:28:20 +0200] "GET /images/mini_prod/1384010189269.jpg HTTP/1.0" 200 269 "-" "Mozilla/5.0 (X11; Ubuntu; Linux x86_64; rv:72.0) Gecko/20100101 Firefox/72.0"
157.90.177.217 - - [22/Sep/2022:16:28:20 +0200] "GET /strawberry-shortcake-just-dance-swimsuit-p-30286.html HTTP/1.0" 200 76260 "-" "Mozilla/5.0 (compatible; BLEXBot/1.0; +http://webmeup-crawler.com/)"
157.90.177.217 - - [22/Sep/2022:16:28:27 +0200] "GET /strawberry-shortcake-mattress-swimming-pool-p-48756.html HTTP/1.0" 200 75206 "-" "Mozilla/5.0 (compatible; BLEXBot/1.0; +http://webmeup-crawler.com/)"
157.90.177.217 - - [22/Sep/2022:16:28:33 +0200] "GET /strawberry-shortcake-p-22140.html HTTP/1.0" 200 74834 "-" "Mozilla/5.0 (compatible; BLEXBot/1.0; +http://webmeup-crawler.com/)"
157.90.177.217 - - [22/Sep/2022:16:28:39 +0200] "GET /strawberry-shortcake-padded-jacket-p-31239.html HTTP/1.0" 200 76041 "-" "Mozilla/5.0 (compatible; BLEXBot/1.0; +http://webmeup-crawler.com/)"
156.59.237.151 - - [22/Sep/2022:16:28:43 +0200] "GET /images/mini_prod/1384010189962.jpg HTTP/1.0" 200 269 "-" "Mozilla/5.0 (X11; Ubuntu; Linux x86_64; rv:72.0) Gecko/20100101 Firefox/72.0"
157.90.177.217 - - [22/Sep/2022:16:28:44 +0200] "GET /strawberry-shortcake-pink-blue-swimsuit-p-30246.html HTTP/1.0" 200 76010 "-" "Mozilla/5.0 (compatible; BLEXBot/1.0; +http://webmeup-crawler.com/)"
157.90.177.217 - - [22/Sep/2022:16:28:48 +0200] "GET /strawberry-shortcake-pink-swimsuit-p-30284.html HTTP/1.0" 200 75961 "-" "Mozilla/5.0 (compatible; BLEXBot/1.0; +http://webmeup-crawler.com/)"
185.191.171.1 - - [22/Sep/2022:16:28:55 +0200] "GET /golden-brass-round-ashtray-with-mosaic-p-49197.html HTTP/1.0" 200 77216 "-" "Mozilla/5.0 (compatible; SemrushBot/7~bl; +http://www.semrush.com/bot.html)"
66.249.66.70 - - [22/Sep/2022:16:28:56 +0200] "GET /images/mini_prod/1384010182659.jpg HTTP/1.0" 200 269 "-" "Googlebot-Image/1.0"
157.90.177.217 - - [22/Sep/2022:16:28:55 +0200] "GET /strawberry-shortcake-poncho-years-p-31118.html HTTP/1.0" 200 75953 "-" "Mozilla/5.0 (compatible; BLEXBot/1.0; +http://webmeup-crawler.com/)"
157.90.177.217 - - [22/Sep/2022:16:29:02 +0200] "GET /strawberry-shortcake-poncho-years-p-31119.html HTTP/1.0" 200 75960 "-" "Mozilla/5.0 (compatible; BLEXBot/1.0; +http://webmeup-crawler.com/)"
157.90.177.217 - - [22/Sep/2022:16:29:07 +0200] "GET /strawberry-shortcake-poncho-years-p-31120.html HTTP/1.0" 200 75959 "-" "Mozilla/5.0 (compatible; BLEXBot/1.0; +http://webmeup-crawler.com/)"
185.191.171.8 - - [22/Sep/2022:16:29:11 +0200] "GET /wooden-hanging-tree-decoration-p-58761.html?action=add_product HTTP/1.0" 302 476 "-" "Mozilla/5.0 (compatible; SemrushBot/7~bl; +http://www.semrush.com/bot.html)"
157.90.177.217 - - [22/Sep/2022:16:29:13 +0200] "GET /strawberry-shortcake-raincoat-p-31187.html HTTP/1.0" 200 75986 "-" "Mozilla/5.0 (compatible; BLEXBot/1.0; +http://webmeup-crawler.com/)"
66.249.66.56 - - [22/Sep/2022:16:29:17 +0200] "GET /images/mini_prod/1384010202036.jpg HTTP/1.0" 200 269 "-" "Mozilla/5.0 (compatible; Googlebot/2.1; +http://www.google.com/bot.html)"
185.191.171.25 - - [22/Sep/2022:16:29:16 +0200] "GET /wooden-decorative-plate-bistrot-copains-p-53545.html HTTP/1.0" 200 74908 "-" "Mozilla/5.0 (compatible; SemrushBot/7~bl; +http://www.semrush.com/bot.html)"
157.90.177.217 - - [22/Sep/2022:16:29:21 +0200] "GET /strawberry-shortcake-sweater-p-31122.html HTTP/1.0" 200 75940 "-" "Mozilla/5.0 (compatible; BLEXBot/1.0; +http://webmeup-crawler.com/)"
157.90.177.217 - - [22/Sep/2022:16:29:27 +0200] "GET /strawberry-shortcake-swimming-ring-p-20718.html HTTP/1.0" 200 74883 "-" "Mozilla/5.0 (compatible; BLEXBot/1.0; +http://webmeup-crawler.com/)"
157.90.177.217 - - [22/Sep/2022:16:29:33 +0200] "GET /strawberry-shortcake-swimsuit-p-30289.html HTTP/1.0" 200 75886 "-" "Mozilla/5.0 (compatible; BLEXBot/1.0; +http://webmeup-crawler.com/)"
114.119.137.3 - - [22/Sep/2022:16:29:37 +0200] "GET /disney-princess-jewelry-p-37039.html HTTP/1.0" 200 75610 "http://www.wonder-geek.com/musical-c-13_150_149.html" "Mozilla/5.0 (Linux; Android 7.0;) AppleWebKit/537.36 (KHTML, like Gecko) Mobile Safari/537.36 (compatible; PetalBot;+https://webmaster.petalsearch.com/site/petalbot)"
157.90.177.217 - - [22/Sep/2022:16:29:38 +0200] "GET /strawberry-shortcake-tights-model-p-34656.html HTTP/1.0" 200 75927 "-" "Mozilla/5.0 (compatible; BLEXBot/1.0; +http://webmeup-crawler.com/)"
157.90.177.217 - - [22/Sep/2022:16:29:42 +0200] "GET /strawberry-shortcake-tights-model-p-34662.html HTTP/1.0" 200 75955 "-" "Mozilla/5.0 (compatible; BLEXBot/1.0; +http://webmeup-crawler.com/)"
157.90.177.217 - - [22/Sep/2022:16:29:48 +0200] "GET /strawberry-shortcake-tights-p-50919.html HTTP/1.0" 200 74737 "-" "Mozilla/5.0 (compatible; BLEXBot/1.0; +http://webmeup-crawler.com/)"
157.90.177.217 - - [22/Sep/2022:16:29:54 +0200] "GET /strawberry-shortcake-visor-p-20458.html HTTP/1.0" 200 74879 "-" "Mozilla/5.0 (compatible; BLEXBot/1.0; +http://webmeup-crawler.com/)"
157.90.177.217 - - [22/Sep/2022:16:29:59 +0200] "GET /strawberry-shortcake-years-p-22120.html HTTP/1.0" 200 74899 "-" "Mozilla/5.0 (compatible; BLEXBot/1.0; +http://webmeup-crawler.com/)"
185.191.171.35 - - [22/Sep/2022:16:30:10 +0200] "GET /volkswagen-light-keychain-blue-p-28753.html HTTP/1.0" 200 72174 "-" "Mozilla/5.0 (compatible; SemrushBot/7~bl; +http://www.semrush.com/bot.html)"
157.90.177.217 - - [22/Sep/2022:16:30:11 +0200] "GET /strawberry-shortcake-years-p-22143.html HTTP/1.0" 200 74841 "-" "Mozilla/5.0 (compatible; BLEXBot/1.0; +http://webmeup-crawler.com/)"
66.249.66.214 - - [22/Sep/2022:16:30:17 +0200] "GET /coronal-chakra-mug-by-cbkreation-p-49252.html HTTP/1.0" 301 74861 "-" "Mozilla/5.0 (Linux; Android 6.0.1; Nexus 5X Build/MMB29P) AppleWebKit/537.36 (KHTML, like Gecko) Chrome/105.0.5195.125 Mobile Safari/537.36 (compatible; Googlebot/2.1; +http://www.google.com/bot.html)"
157.90.177.217 - - [22/Sep/2022:16:30:17 +0200] "GET /strawberry-shortcake-years-p-22145.html HTTP/1.0" 200 74841 "-" "Mozilla/5.0 (compatible; BLEXBot/1.0; +http://webmeup-crawler.com/)"
66.249.66.58 - - [22/Sep/2022:16:30:19 +0200] "GET /coronal-chakra-cbkreation-p-49252.html HTTP/1.0" 200 74769 "-" "Mozilla/5.0 (Linux; Android 6.0.1; Nexus 5X Build/MMB29P) AppleWebKit/537.36 (KHTML, like Gecko) Chrome/105.0.5195.125 Mobile Safari/537.36 (compatible; Googlebot/2.1; +http://www.google.com/bot.html)"
157.90.177.217 - - [22/Sep/2022:16:30:24 +0200] "GET /strawberry-shortcake-years-p-22146.html HTTP/1.0" 200 74866 "-" "Mozilla/5.0 (compatible; BLEXBot/1.0; +http://webmeup-crawler.com/)"
157.90.177.217 - - [22/Sep/2022:16:30:30 +0200] "GET /street-fighter-mousepad-p-16003.html HTTP/1.0" 200 74843 "-" "Mozilla/5.0 (compatible; BLEXBot/1.0; +http://webmeup-crawler.com/)"
157.90.177.217 - - [22/Sep/2022:16:30:36 +0200] "GET /street-fighter-poster-p-26023.html HTTP/1.0" 200 74747 "-" "Mozilla/5.0 (compatible; BLEXBot/1.0; +http://webmeup-crawler.com/)"
157.90.177.217 - - [22/Sep/2022:16:30:42 +0200] "GET /stuffins-small-satchel-p-30352.html HTTP/1.0" 200 75032 "-" "Mozilla/5.0 (compatible; BLEXBot/1.0; +http://webmeup-crawler.com/)"
66.249.66.56 - - [22/Sep/2022:16:30:45 +0200] "GET /images/mini_prod/1384010179048.jpg HTTP/1.0" 200 269 "-" "Mozilla/5.0 (compatible; Googlebot/2.1; +http://www.google.com/bot.html)"
157.90.177.217 - - [22/Sep/2022:16:30:48 +0200] "GET /sugar-ameline-collection-p-56478.html HTTP/1.0" 200 74959 "-" "Mozilla/5.0 (compatible; BLEXBot/1.0; +http://webmeup-crawler.com/)"
157.90.177.217 - - [22/Sep/2022:16:30:53 +0200] "GET /sugar-bowl-chaltimbanques-scat-cats-p-50645.html HTTP/1.0" 200 74817 "-" "Mozilla/5.0 (compatible; BLEXBot/1.0; +http://webmeup-crawler.com/)"
185.191.171.9 - - [22/Sep/2022:16:30:58 +0200] "GET /gorjuss-handbag-tall-tails-p-46974.html HTTP/1.0" 200 76832 "-" "Mozilla/5.0 (compatible; SemrushBot/7~bl; +http://www.semrush.com/bot.html)"
157.90.177.217 - - [22/Sep/2022:16:30:59 +0200] "GET /sugar-bowl-pastry-p-55000.html HTTP/1.0" 200 74704 "-" "Mozilla/5.0 (compatible; BLEXBot/1.0; +http://webmeup-crawler.com/)"
66.249.66.210 - - [22/Sep/2022:16:30:59 +0200] "GET /pillow-case-cotton-percale-threads-p-43854.html HTTP/1.0" 200 75644 "-" "Mozilla/5.0 (Linux; Android 6.0.1; Nexus 5X Build/MMB29P) AppleWebKit/537.36 (KHTML, like Gecko) Chrome/105.0.5195.125 Mobile Safari/537.36 (compatible; Googlebot/2.1; +http://www.google.com/bot.html)"
185.191.171.5 - - [22/Sep/2022:16:31:01 +0200] "GET /dasha-candy-cloud-keychain-p-49759.html HTTP/1.0" 200 74720 "-" "Mozilla/5.0 (compatible; SemrushBot/7~bl; +http://www.semrush.com/bot.html)"
114.119.137.3 - - [22/Sep/2022:16:31:03 +0200] "GET /household-linen-c-11.html?page=47 HTTP/1.0" 200 94811 "http://www.wonder-geek.com/household-linen-c-11.html?page=45" "Mozilla/5.0 (Linux; Android 7.0;) AppleWebKit/537.36 (KHTML, like Gecko) Mobile Safari/537.36 (compatible; PetalBot;+https://webmaster.petalsearch.com/site/petalbot)"
157.90.177.217 - - [22/Sep/2022:16:31:04 +0200] "GET /sugar-cesarine-collection-p-56476.html HTTP/1.0" 200 74943 "-" "Mozilla/5.0 (compatible; BLEXBot/1.0; +http://webmeup-crawler.com/)"
157.90.177.217 - - [22/Sep/2022:16:31:10 +0200] "GET /suicide-squad-group-poster-p-37817.html HTTP/1.0" 200 74725 "-" "Mozilla/5.0 (compatible; BLEXBot/1.0; +http://webmeup-crawler.com/)"
157.90.177.217 - - [22/Sep/2022:16:31:15 +0200] "GET /suicide-squad-sheet-poster-p-37818.html HTTP/1.0" 200 74749 "-" "Mozilla/5.0 (compatible; BLEXBot/1.0; +http://webmeup-crawler.com/)"
157.90.177.217 - - [22/Sep/2022:16:31:22 +0200] "GET /suicide-squad-skulls-poster-p-37820.html HTTP/1.0" 200 74733 "-" "Mozilla/5.0 (compatible; BLEXBot/1.0; +http://webmeup-crawler.com/)"
216.244.66.242 - - [22/Sep/2022:16:31:23 +0200] "GET /jamaca-lamp-p-43451.html HTTP/1.0" 301 72127 "-" "Mozilla/5.0 (compatible; DotBot/1.2; +https://opensiteexplorer.org/dotbot; help@moz.com)"
157.90.177.217 - - [22/Sep/2022:16:31:28 +0200] "GET /suis-poil-p-49542.html HTTP/1.0" 200 74582 "-" "Mozilla/5.0 (compatible; BLEXBot/1.0; +http://webmeup-crawler.com/)"
216.244.66.242 - - [22/Sep/2022:16:31:31 +0200] "GET /tin-and-metal-signs-c-130.html HTTP/1.0" 301 95965 "-" "Mozilla/5.0 (compatible; DotBot/1.2; +https://opensiteexplorer.org/dotbot; help@moz.com)"
157.90.177.217 - - [22/Sep/2022:16:31:32 +0200] "GET /suis-unique-comme-tout-monde-little-tray-p-42086.html HTTP/1.0" 200 74959 "-" "Mozilla/5.0 (compatible; BLEXBot/1.0; +http://webmeup-crawler.com/)"
66.249.66.8 - - [22/Sep/2022:16:31:36 +0200] "GET /images/mini_prod/3418175549014.jpg HTTP/1.0" 200 269 "-" "Mozilla/5.0 (compatible; Googlebot/2.1; +http://www.google.com/bot.html)"
157.90.177.217 - - [22/Sep/2022:16:31:38 +0200] "GET /suite-prochain-apro-clock-p-45026.html HTTP/1.0" 200 74820 "-" "Mozilla/5.0 (compatible; BLEXBot/1.0; +http://webmeup-crawler.com/)"
216.244.66.242 - - [22/Sep/2022:16:31:38 +0200] "GET /volkswagen-clock-p-23274.html HTTP/1.0" 200 72131 "-" "Mozilla/5.0 (compatible; DotBot/1.2; +https://opensiteexplorer.org/dotbot; help@moz.com)"
157.90.177.217 - - [22/Sep/2022:16:31:44 +0200] "GET /sumo-solar-powered-dancing-p-33550.html HTTP/1.0" 200 74976 "-" "Mozilla/5.0 (compatible; BLEXBot/1.0; +http://webmeup-crawler.com/)"
157.90.177.217 - - [22/Sep/2022:16:31:49 +0200] "GET /superman-backpack-p-3539.html HTTP/1.0" 200 74911 "-" "Mozilla/5.0 (compatible; BLEXBot/1.0; +http://webmeup-crawler.com/)"
185.191.171.3 - - [22/Sep/2022:16:31:53 +0200] "GET /surfer-statuette-p-53056.html HTTP/1.0" 200 74689 "-" "Mozilla/5.0 (compatible; SemrushBot/7~bl; +http://www.semrush.com/bot.html)"
216.244.66.242 - - [22/Sep/2022:16:31:55 +0200] "GET /black-dress-bedclothes-p-39286.html HTTP/1.0" 301 72127 "-" "Mozilla/5.0 (compatible; DotBot/1.2; +https://opensiteexplorer.org/dotbot; help@moz.com)"
157.90.177.217 - - [22/Sep/2022:16:31:55 +0200] "GET /superman-polar-blanket-p-31998.html HTTP/1.0" 200 74888 "-" "Mozilla/5.0 (compatible; BLEXBot/1.0; +http://webmeup-crawler.com/)"
66.249.66.212 - - [22/Sep/2022:16:31:58 +0200] "GET /tweety-surf-money-p-34080.html HTTP/1.0" 200 74757 "-" "Mozilla/5.0 (compatible; Googlebot/2.1; +http://www.google.com/bot.html)"
66.249.66.70 - - [22/Sep/2022:16:32:01 +0200] "GET /with-genie-lamp-figurine-p-58583.html HTTP/1.0" 200 76474 "-" "Mozilla/5.0 (Linux; Android 6.0.1; Nexus 5X Build/MMB29P) AppleWebKit/537.36 (KHTML, like Gecko) Chrome/105.0.5195.125 Mobile Safari/537.36 (compatible; Googlebot/2.1; +http://www.google.com/bot.html)"
157.90.177.217 - - [22/Sep/2022:16:32:02 +0200] "GET /support-metal-bottle-p-47885.html HTTP/1.0" 200 74738 "-" "Mozilla/5.0 (compatible; BLEXBot/1.0; +http://webmeup-crawler.com/)"
216.244.66.242 - - [22/Sep/2022:16:32:05 +0200] "GET /cement-tile-stickers-15-15-cm-gray-p-43006.html HTTP/1.0" 301 76021 "-" "Mozilla/5.0 (compatible; DotBot/1.2; +https://opensiteexplorer.org/dotbot; help@moz.com)"
157.90.177.217 - - [22/Sep/2022:16:32:07 +0200] "GET /sweet-lovely-kitchen-ceramic-dish-p-45759.html HTTP/1.0" 200 74784 "-" "Mozilla/5.0 (compatible; BLEXBot/1.0; +http://webmeup-crawler.com/)"
66.249.66.210 - - [22/Sep/2022:16:32:11 +0200] "GET /with-genie-lamp-figurine-p-58583.html HTTP/1.0" 200 76474 "-" "Mozilla/5.0 (compatible; Googlebot/2.1; +http://www.google.com/bot.html)"
157.90.177.217 - - [22/Sep/2022:16:32:13 +0200] "GET /swimsuit-c-1_18.html?page=2 HTTP/1.0" 200 79669 "-" "Mozilla/5.0 (compatible; BLEXBot/1.0; +http://webmeup-crawler.com/)"
216.244.66.242 - - [22/Sep/2022:16:32:13 +0200] "GET /dubout-cats-white-ceramic-plate-p-41048.html HTTP/1.0" 301 72127 "-" "Mozilla/5.0 (compatible; DotBot/1.2; +https://opensiteexplorer.org/dotbot; help@moz.com)"
66.249.66.68 - - [22/Sep/2022:16:32:18 +0200] "GET /images/mini_prod/1384010202050.jpg HTTP/1.0" 200 269 "-" "Mozilla/5.0 (compatible; Googlebot/2.1; +http://www.google.com/bot.html)"
66.249.66.6 - - [22/Sep/2022:16:32:18 +0200] "GET /images/hiver048.jpg HTTP/1.0" 200 254 "-" "Mozilla/5.0 (compatible; Googlebot/2.1; +http://www.google.com/bot.html)"
157.90.177.217 - - [22/Sep/2022:16:32:18 +0200] "GET /table-bell-apero-p-58127.html HTTP/1.0" 200 75200 "-" "Mozilla/5.0 (compatible; BLEXBot/1.0; +http://webmeup-crawler.com/)"
66.249.66.210 - - [22/Sep/2022:16:32:19 +0200] "GET /images/big_prod_1/3700281645163a.jpg HTTP/1.0" 200 271 "-" "Mozilla/5.0 (compatible; Googlebot/2.1; +http://www.google.com/bot.html)"
216.244.66.242 - - [22/Sep/2022:16:32:21 +0200] "GET /ethnik-round-side-table-p-50229.html HTTP/1.0" 200 74661 "-" "Mozilla/5.0 (compatible; DotBot/1.2; +https://opensiteexplorer.org/dotbot; help@moz.com)"
157.90.177.217 - - [22/Sep/2022:16:32:23 +0200] "GET /table-bell-apero-recrute-p-58129.html HTTP/1.0" 200 75256 "-" "Mozilla/5.0 (compatible; BLEXBot/1.0; +http://webmeup-crawler.com/)"
