157.90.177.217 - - [22/Sep/2022:15:04:11 +0200] "GET /noel-gourmand-little-tray-p-30689.html HTTP/1.0" 200 74792 "-" "Mozilla/5.0 (compatible; BLEXBot/1.0; +http://webmeup-crawler.com/)"
156.59.237.148 - - [22/Sep/2022:15:04:16 +0200] "GET /images/mini_prod/8006180300482.jpg HTTP/1.0" 200 269 "-" "Mozilla/5.0 (X11; Ubuntu; Linux x86_64; rv:72.0) Gecko/20100101 Firefox/72.0"
157.90.177.217 - - [22/Sep/2022:15:04:17 +0200] "GET /norma-jeane-towel-p-39106.html HTTP/1.0" 200 74737 "-" "Mozilla/5.0 (compatible; BLEXBot/1.0; +http://webmeup-crawler.com/)"
157.90.177.217 - - [22/Sep/2022:15:04:21 +0200] "GET /notebook-notebook-diary-c-129_185.html?page=2 HTTP/1.0" 200 93946 "-" "Mozilla/5.0 (compatible; BLEXBot/1.0; +http://webmeup-crawler.com/)"
157.90.177.217 - - [22/Sep/2022:15:04:27 +0200] "GET /notebook-notebook-diary-c-129_185.html?page=3 HTTP/1.0" 200 93917 "-" "Mozilla/5.0 (compatible; BLEXBot/1.0; +http://webmeup-crawler.com/)"
157.90.177.217 - - [22/Sep/2022:15:04:33 +0200] "GET /notebook-notebook-diary-c-129_185.html?page=4 HTTP/1.0" 200 94349 "-" "Mozilla/5.0 (compatible; BLEXBot/1.0; +http://webmeup-crawler.com/)"
157.90.177.217 - - [22/Sep/2022:15:04:38 +0200] "GET /notebook-notebook-diary-c-129_185.html?page=5 HTTP/1.0" 200 82491 "-" "Mozilla/5.0 (compatible; BLEXBot/1.0; +http://webmeup-crawler.com/)"
185.191.171.7 - - [22/Sep/2022:15:04:41 +0200] "GET /cats-surf-small-mini-tray-p-45581.html HTTP/1.0" 200 72158 "-" "Mozilla/5.0 (compatible; SemrushBot/7~bl; +http://www.semrush.com/bot.html)"
157.90.177.217 - - [22/Sep/2022:15:04:43 +0200] "GET /ocean-musical-jewelry-p-57011.html HTTP/1.0" 200 75719 "-" "Mozilla/5.0 (compatible; BLEXBot/1.0; +http://webmeup-crawler.com/)"
157.90.177.217 - - [22/Sep/2022:15:04:49 +0200] "GET /olaf-disney-trolley-p-30351.html HTTP/1.0" 200 74991 "-" "Mozilla/5.0 (compatible; BLEXBot/1.0; +http://webmeup-crawler.com/)"
157.90.177.217 - - [22/Sep/2022:15:04:54 +0200] "GET /olaf-sven-frozen-poster-p-30918.html HTTP/1.0" 200 74719 "-" "Mozilla/5.0 (compatible; BLEXBot/1.0; +http://webmeup-crawler.com/)"
157.90.177.217 - - [22/Sep/2022:15:04:59 +0200] "GET /olivier-soap-soap-p-40112.html HTTP/1.0" 200 75007 "-" "Mozilla/5.0 (compatible; BLEXBot/1.0; +http://webmeup-crawler.com/)"
157.90.177.217 - - [22/Sep/2022:15:05:04 +0200] "GET /olympique-marseille-litre-p-33909.html HTTP/1.0" 200 74819 "-" "Mozilla/5.0 (compatible; BLEXBot/1.0; +http://webmeup-crawler.com/)"
157.90.177.217 - - [22/Sep/2022:15:05:07 +0200] "GET /open-your-heart-phone-cover-iphone-p-17817.html HTTP/1.0" 200 75586 "-" "Mozilla/5.0 (compatible; BLEXBot/1.0; +http://webmeup-crawler.com/)"
157.90.177.217 - - [22/Sep/2022:15:05:11 +0200] "GET /orange-kitchen-towel-p-44418.html HTTP/1.0" 200 74717 "-" "Mozilla/5.0 (compatible; BLEXBot/1.0; +http://webmeup-crawler.com/)"
157.90.177.217 - - [22/Sep/2022:15:05:17 +0200] "GET /orange-macaroon-ring-p-15338.html HTTP/1.0" 200 74733 "-" "Mozilla/5.0 (compatible; BLEXBot/1.0; +http://webmeup-crawler.com/)"
66.249.66.210 - - [22/Sep/2022:15:05:19 +0200] "GET /images/mini_prod/3574642579783.jpg HTTP/1.0" 200 269 "-" "Mozilla/5.0 (compatible; Googlebot/2.1; +http://www.google.com/bot.html)"
185.191.171.10 - - [22/Sep/2022:15:05:20 +0200] "GET /tree-life-side-tables-p-53061.html HTTP/1.0" 200 74751 "-" "Mozilla/5.0 (compatible; SemrushBot/7~bl; +http://www.semrush.com/bot.html)"
157.90.177.217 - - [22/Sep/2022:15:05:23 +0200] "GET /orange-moustache-ring-p-18245.html HTTP/1.0" 200 75473 "-" "Mozilla/5.0 (compatible; BLEXBot/1.0; +http://webmeup-crawler.com/)"
66.249.66.212 - - [22/Sep/2022:15:05:27 +0200] "GET /images/mini_prod/3700653501776.jpg HTTP/1.0" 200 269 "-" "Mozilla/5.0 (compatible; Googlebot/2.1; +http://www.google.com/bot.html)"
157.90.177.217 - - [22/Sep/2022:15:05:29 +0200] "GET /orange-pocket-warmer-peux-trop-froid-p-56151.html HTTP/1.0" 200 75822 "-" "Mozilla/5.0 (compatible; BLEXBot/1.0; +http://webmeup-crawler.com/)"
157.90.177.217 - - [22/Sep/2022:15:05:37 +0200] "GET /orange-polyester-round-chair-cushion-p-47036.html HTTP/1.0" 200 75442 "-" "Mozilla/5.0 (compatible; BLEXBot/1.0; +http://webmeup-crawler.com/)"
157.90.177.217 - - [22/Sep/2022:15:05:42 +0200] "GET /organic-cotton-fitted-sheet-color-linen-size-p-58701.html HTTP/1.0" 200 75910 "-" "Mozilla/5.0 (compatible; BLEXBot/1.0; +http://webmeup-crawler.com/)"
157.90.177.217 - - [22/Sep/2022:15:05:48 +0200] "GET /organic-cotton-fitted-sheet-grey-size-p-58700.html HTTP/1.0" 200 75826 "-" "Mozilla/5.0 (compatible; BLEXBot/1.0; +http://webmeup-crawler.com/)"
157.90.177.217 - - [22/Sep/2022:15:05:53 +0200] "GET /owls-small-melamine-tray-p-45176.html HTTP/1.0" 200 74779 "-" "Mozilla/5.0 (compatible; BLEXBot/1.0; +http://webmeup-crawler.com/)"
157.90.177.217 - - [22/Sep/2022:15:05:57 +0200] "GET /oympique-marseille-kids-school-p-52064.html HTTP/1.0" 200 75995 "-" "Mozilla/5.0 (compatible; BLEXBot/1.0; +http://webmeup-crawler.com/)"
203.119.241.83 - - [22/Sep/2022:15:06:01 +0200] "GET /images/mini_prod/3560600248556.jpg HTTP/1.0" 200 269 "-" "Mozilla/5.0 (X11; Ubuntu; Linux x86_64; rv:72.0) Gecko/20100101 Firefox/72.0"
157.90.177.217 - - [22/Sep/2022:15:06:03 +0200] "GET /pacha-p-49540.html HTTP/1.0" 200 74546 "-" "Mozilla/5.0 (compatible; BLEXBot/1.0; +http://webmeup-crawler.com/)"
66.249.66.6 - - [22/Sep/2022:15:06:10 +0200] "GET /images/mini_prod/3662600010338.jpg HTTP/1.0" 200 269 "-" "Mozilla/5.0 (compatible; Googlebot/2.1; +http://www.google.com/bot.html)"
157.90.177.217 - - [22/Sep/2022:15:06:09 +0200] "GET /pairs-mickey-mouse-socks-size-p-25177.html HTTP/1.0" 200 74782 "-" "Mozilla/5.0 (compatible; BLEXBot/1.0; +http://webmeup-crawler.com/)"
157.90.177.217 - - [22/Sep/2022:15:06:15 +0200] "GET /pairs-socks-peanuts-p-50911.html HTTP/1.0" 200 74394 "-" "Mozilla/5.0 (compatible; BLEXBot/1.0; +http://webmeup-crawler.com/)"
157.90.177.217 - - [22/Sep/2022:15:06:20 +0200] "GET /palette-knife-p-41592.html HTTP/1.0" 200 74602 "-" "Mozilla/5.0 (compatible; BLEXBot/1.0; +http://webmeup-crawler.com/)"
157.90.177.217 - - [22/Sep/2022:15:06:25 +0200] "GET /palm-trees-cube-mold-p-58566.html HTTP/1.0" 200 75330 "-" "Mozilla/5.0 (compatible; BLEXBot/1.0; +http://webmeup-crawler.com/)"
157.90.177.217 - - [22/Sep/2022:15:06:30 +0200] "GET /palm-trees-shower-curtain-p-57980.html HTTP/1.0" 200 75699 "-" "Mozilla/5.0 (compatible; BLEXBot/1.0; +http://webmeup-crawler.com/)"
157.90.177.217 - - [22/Sep/2022:15:06:34 +0200] "GET /panda-ground-sheet-p-45411.html HTTP/1.0" 200 75458 "-" "Mozilla/5.0 (compatible; BLEXBot/1.0; +http://webmeup-crawler.com/)"
157.90.177.217 - - [22/Sep/2022:15:06:39 +0200] "GET /panda-water-bottle-p-48675.html HTTP/1.0" 200 75308 "-" "Mozilla/5.0 (compatible; BLEXBot/1.0; +http://webmeup-crawler.com/)"
66.249.66.56 - - [22/Sep/2022:15:06:43 +0200] "GET /protects-plastic-mattress-p-36799.html HTTP/1.0" 200 74892 "-" "Mozilla/5.0 (Linux; Android 6.0.1; Nexus 5X Build/MMB29P) AppleWebKit/537.36 (KHTML, like Gecko) Chrome/105.0.5195.125 Mobile Safari/537.36 (compatible; Googlebot/2.1; +http://www.google.com/bot.html)"
157.90.177.217 - - [22/Sep/2022:15:06:43 +0200] "GET /panda-water-bottle-p-48676.html HTTP/1.0" 200 75308 "-" "Mozilla/5.0 (compatible; BLEXBot/1.0; +http://webmeup-crawler.com/)"
157.90.177.217 - - [22/Sep/2022:15:06:54 +0200] "GET /panda-water-bottle-p-48677.html HTTP/1.0" 200 75307 "-" "Mozilla/5.0 (compatible; BLEXBot/1.0; +http://webmeup-crawler.com/)"
157.90.177.217 - - [22/Sep/2022:15:07:02 +0200] "GET /panda-water-bottle-p-48678.html HTTP/1.0" 200 75307 "-" "Mozilla/5.0 (compatible; BLEXBot/1.0; +http://webmeup-crawler.com/)"
66.249.66.146 - - [22/Sep/2022:15:07:04 +0200] "GET /images/mini_prod/V1186747042882.jpg HTTP/1.0" 200 270 "-" "Mozilla/5.0 (compatible; Googlebot/2.1; +http://www.google.com/bot.html)"
66.249.66.146 - - [22/Sep/2022:15:07:06 +0200] "GET /kiub-collection-cats-cool-p-54782.html HTTP/1.0" 200 75546 "-" "Mozilla/5.0 (Linux; Android 6.0.1; Nexus 5X Build/MMB29P) AppleWebKit/537.36 (KHTML, like Gecko) Chrome/105.0.5195.125 Mobile Safari/537.36 (compatible; Googlebot/2.1; +http://www.google.com/bot.html)"
157.90.177.217 - - [22/Sep/2022:15:07:08 +0200] "GET /paon-musical-jewelry-p-50835.html HTTP/1.0" 200 75624 "-" "Mozilla/5.0 (compatible; BLEXBot/1.0; +http://webmeup-crawler.com/)"
157.90.177.217 - - [22/Sep/2022:15:07:13 +0200] "GET /paper-fiber-chandelier-p-57544.html HTTP/1.0" 200 76016 "-" "Mozilla/5.0 (compatible; BLEXBot/1.0; +http://webmeup-crawler.com/)"
157.90.177.217 - - [22/Sep/2022:15:07:19 +0200] "GET /paper-towel-rack-delicious-p-49592.html HTTP/1.0" 200 74737 "-" "Mozilla/5.0 (compatible; BLEXBot/1.0; +http://webmeup-crawler.com/)"
156.59.237.150 - - [22/Sep/2022:15:07:20 +0200] "GET /images/mini_prod/5414629126754.jpg HTTP/1.0" 200 269 "-" "Mozilla/5.0 (X11; Ubuntu; Linux x86_64; rv:72.0) Gecko/20100101 Firefox/72.0"
157.90.177.217 - - [22/Sep/2022:15:07:24 +0200] "GET /papers-holder-indian-spirit-dark-brown-p-42943.html HTTP/1.0" 200 74957 "-" "Mozilla/5.0 (compatible; BLEXBot/1.0; +http://webmeup-crawler.com/)"
185.191.171.12 - - [22/Sep/2022:15:07:28 +0200] "GET /sally-gravestone-figurine-p-58695.html?action=add_product HTTP/1.0" 302 476 "-" "Mozilla/5.0 (compatible; SemrushBot/7~bl; +http://www.semrush.com/bot.html)"
157.90.177.217 - - [22/Sep/2022:15:07:29 +0200] "GET /papers-holder-indian-spirit-light-brown-p-42942.html HTTP/1.0" 200 74962 "-" "Mozilla/5.0 (compatible; BLEXBot/1.0; +http://webmeup-crawler.com/)"
157.90.177.217 - - [22/Sep/2022:15:07:34 +0200] "GET /paperweight-c-129_188.html?page=2 HTTP/1.0" 200 93257 "-" "Mozilla/5.0 (compatible; BLEXBot/1.0; +http://webmeup-crawler.com/)"
211.140.23.130 - - [22/Sep/2022:15:07:36 +0200] "GET /images/mini_prod/4029811326181.jpg HTTP/1.0" 200 269 "-" "Mozilla/5.0 (Windows NT 10.0; WOW64) AppleWebKit/537.36 (KHTML, like Gecko) Chrome/90.0.4430.212 Safari/537.36"
211.140.23.130 - - [22/Sep/2022:15:07:36 +0200] "GET /images/mini_prod/N1399984256046N.jpg HTTP/1.0" 200 271 "-" "Mozilla/5.0 (Windows NT 10.0; WOW64) AppleWebKit/537.36 (KHTML, like Gecko) Chrome/90.0.4430.212 Safari/537.36"
157.90.177.217 - - [22/Sep/2022:15:07:40 +0200] "GET /paperweight-c-129_188.html?page=3 HTTP/1.0" 200 93673 "-" "Mozilla/5.0 (compatible; BLEXBot/1.0; +http://webmeup-crawler.com/)"
157.90.177.217 - - [22/Sep/2022:15:07:47 +0200] "GET /paperweight-c-129_188.html?page=4 HTTP/1.0" 200 93589 "-" "Mozilla/5.0 (compatible; BLEXBot/1.0; +http://webmeup-crawler.com/)"
156.59.237.153 - - [22/Sep/2022:15:07:53 +0200] "GET /images/mini_prod/8433933052198.jpg HTTP/1.0" 200 269 "-" "Mozilla/5.0 (X11; Ubuntu; Linux x86_64; rv:72.0) Gecko/20100101 Firefox/72.0"
157.90.177.217 - - [22/Sep/2022:15:07:53 +0200] "GET /paperweight-c-129_188.html?page=5 HTTP/1.0" 200 93064 "-" "Mozilla/5.0 (compatible; BLEXBot/1.0; +http://webmeup-crawler.com/)"
207.46.13.149 - - [22/Sep/2022:15:07:58 +0200] "GET /clock-sweetest-happiness-wooden-p-47342.html HTTP/1.0" 200 74867 "-" "Mozilla/5.0 AppleWebKit/537.36 (KHTML, like Gecko; compatible; bingbot/2.0; +http://www.bing.com/bingbot.htm) Chrome/103.0.5060.134 Safari/537.36"
157.90.177.217 - - [22/Sep/2022:15:07:59 +0200] "GET /paperweight-c-129_188.html?page=6 HTTP/1.0" 200 80015 "-" "Mozilla/5.0 (compatible; BLEXBot/1.0; +http://webmeup-crawler.com/)"
5.161.89.173 - - [22/Sep/2022:15:08:06 +0200] "GET /images/mini_prod/3585190854208.jpg HTTP/1.0" 200 269 "-" "Mozilla/5.0 (X11; Ubuntu; Linux x86_64; rv:72.0) Gecko/20100101 Firefox/72.0"
157.90.177.217 - - [22/Sep/2022:15:08:07 +0200] "GET /parfum-provence-soap-dish-p-47698.html HTTP/1.0" 200 74716 "-" "Mozilla/5.0 (compatible; BLEXBot/1.0; +http://webmeup-crawler.com/)"
157.90.177.217 - - [22/Sep/2022:15:08:12 +0200] "GET /paris-beauty-nail-p-34520.html HTTP/1.0" 200 74891 "-" "Mozilla/5.0 (compatible; BLEXBot/1.0; +http://webmeup-crawler.com/)"
211.140.23.130 - - [22/Sep/2022:15:08:17 +0200] "GET /images/mini_prod/8432193231985.jpg HTTP/1.0" 200 269 "-" "Mozilla/5.0 (Windows NT 10.0; WOW64) AppleWebKit/537.36 (KHTML, like Gecko) Chrome/90.0.4430.212 Safari/537.36"
66.249.66.72 - - [22/Sep/2022:15:08:18 +0200] "GET /images/mini_prod/4895029627446.jpg HTTP/1.0" 200 269 "-" "Mozilla/5.0 (compatible; Googlebot/2.1; +http://www.google.com/bot.html)"
157.90.177.217 - - [22/Sep/2022:15:08:17 +0200] "GET /paris-black-cotton-pouch-p-47655.html HTTP/1.0" 200 75355 "-" "Mozilla/5.0 (compatible; BLEXBot/1.0; +http://webmeup-crawler.com/)"
157.90.177.217 - - [22/Sep/2022:15:08:22 +0200] "GET /paris-bottle-p-30714.html HTTP/1.0" 200 74738 "-" "Mozilla/5.0 (compatible; BLEXBot/1.0; +http://webmeup-crawler.com/)"
157.90.177.217 - - [22/Sep/2022:15:08:29 +0200] "GET /paris-corkscrew-notre-dame-paris-grey-metal-p-38608.html HTTP/1.0" 200 74883 "-" "Mozilla/5.0 (compatible; BLEXBot/1.0; +http://webmeup-crawler.com/)"
157.90.177.217 - - [22/Sep/2022:15:08:37 +0200] "GET /paris-corkscrew-notre-dame-paris-metal-copper-color-p-38611.html HTTP/1.0" 200 74919 "-" "Mozilla/5.0 (compatible; BLEXBot/1.0; +http://webmeup-crawler.com/)"
211.140.23.130 - - [22/Sep/2022:15:08:41 +0200] "GET /images/mini_prod/3520071634081.jpg HTTP/1.0" 200 269 "-" "Mozilla/5.0 (Windows NT 10.0; WOW64) AppleWebKit/537.36 (KHTML, like Gecko) Chrome/90.0.4430.212 Safari/537.36"
157.90.177.217 - - [22/Sep/2022:15:08:41 +0200] "GET /paris-corkscrew-triumphal-arch-bronze-color-p-38609.html HTTP/1.0" 200 74870 "-" "Mozilla/5.0 (compatible; BLEXBot/1.0; +http://webmeup-crawler.com/)"
157.90.177.217 - - [22/Sep/2022:15:08:46 +0200] "GET /paris-corkscrew-triumphal-arch-brushed-metal-p-38607.html HTTP/1.0" 200 74875 "-" "Mozilla/5.0 (compatible; BLEXBot/1.0; +http://webmeup-crawler.com/)"
157.90.177.217 - - [22/Sep/2022:15:08:50 +0200] "GET /paris-embroidered-adult-size-p-38606.html HTTP/1.0" 200 77755 "-" "Mozilla/5.0 (compatible; BLEXBot/1.0; +http://webmeup-crawler.com/)"
157.90.177.217 - - [22/Sep/2022:15:08:55 +0200] "GET /paris-grey-companion-wallet-p-38623.html HTTP/1.0" 200 75446 "-" "Mozilla/5.0 (compatible; BLEXBot/1.0; +http://webmeup-crawler.com/)"
185.191.171.38 - - [22/Sep/2022:15:08:55 +0200] "GET /kimmidoll-sonomi-p-49826.html HTTP/1.0" 200 74731 "-" "Mozilla/5.0 (compatible; SemrushBot/7~bl; +http://www.semrush.com/bot.html)"
211.140.23.130 - - [22/Sep/2022:15:08:58 +0200] "GET /images/mini_prod/241208_121646_PEEL_4aHFkG.jpg HTTP/1.0" 200 281 "-" "Mozilla/5.0 (Windows NT 10.0; WOW64) AppleWebKit/537.36 (KHTML, like Gecko) Chrome/90.0.4430.212 Safari/537.36"
157.90.177.217 - - [22/Sep/2022:15:09:00 +0200] "GET /paris-macarons-little-tray-p-44545.html HTTP/1.0" 200 74855 "-" "Mozilla/5.0 (compatible; BLEXBot/1.0; +http://webmeup-crawler.com/)"
66.249.66.70 - - [22/Sep/2022:15:09:04 +0200] "GET /images/big_prod/3574642011542a.jpg HTTP/1.0" 200 269 "-" "Googlebot-Image/1.0"
157.90.177.217 - - [22/Sep/2022:15:09:05 +0200] "GET /paris-money-p-42893.html HTTP/1.0" 200 74629 "-" "Mozilla/5.0 (compatible; BLEXBot/1.0; +http://webmeup-crawler.com/)"
157.90.177.217 - - [22/Sep/2022:15:09:11 +0200] "GET /paris-money-p-49153.html HTTP/1.0" 200 74616 "-" "Mozilla/5.0 (compatible; BLEXBot/1.0; +http://webmeup-crawler.com/)"
157.90.177.217 - - [22/Sep/2022:15:09:16 +0200] "GET /paris-pencil-case-p-15434.html HTTP/1.0" 200 75313 "-" "Mozilla/5.0 (compatible; BLEXBot/1.0; +http://webmeup-crawler.com/)"
185.191.171.37 - - [22/Sep/2022:15:09:19 +0200] "GET /wooden-deco-tray-p-47311.html HTTP/1.0" 200 75393 "-" "Mozilla/5.0 (compatible; SemrushBot/7~bl; +http://www.semrush.com/bot.html)"
157.90.177.217 - - [22/Sep/2022:15:09:21 +0200] "GET /paris-pill-p-52009.html HTTP/1.0" 200 75342 "-" "Mozilla/5.0 (compatible; BLEXBot/1.0; +http://webmeup-crawler.com/)"
157.55.39.12 - - [22/Sep/2022:15:09:23 +0200] "GET /beatles-p-29682.html HTTP/1.0" 200 74559 "-" "Mozilla/5.0 (compatible; bingbot/2.0; +http://www.bing.com/bingbot.htm)"
157.90.177.217 - - [22/Sep/2022:15:09:24 +0200] "GET /paris-pill-p-52010.html HTTP/1.0" 200 75342 "-" "Mozilla/5.0 (compatible; BLEXBot/1.0; +http://webmeup-crawler.com/)"
157.90.177.217 - - [22/Sep/2022:15:09:32 +0200] "GET /paris-pill-p-52011.html HTTP/1.0" 200 75342 "-" "Mozilla/5.0 (compatible; BLEXBot/1.0; +http://webmeup-crawler.com/)"
157.90.177.217 - - [22/Sep/2022:15:09:37 +0200] "GET /paris-pink-companion-wallet-p-38621.html HTTP/1.0" 200 75446 "-" "Mozilla/5.0 (compatible; BLEXBot/1.0; +http://webmeup-crawler.com/)"
157.90.177.217 - - [22/Sep/2022:15:09:42 +0200] "GET /paris-pink-companion-wallet-p-38622.html HTTP/1.0" 200 75446 "-" "Mozilla/5.0 (compatible; BLEXBot/1.0; +http://webmeup-crawler.com/)"
157.90.177.217 - - [22/Sep/2022:15:09:47 +0200] "GET /paris-porcelain-bowl-p-56512.html HTTP/1.0" 200 74686 "-" "Mozilla/5.0 (compatible; BLEXBot/1.0; +http://webmeup-crawler.com/)"
157.90.177.217 - - [22/Sep/2022:15:09:52 +0200] "GET /paris-shooter-p-30710.html HTTP/1.0" 200 74631 "-" "Mozilla/5.0 (compatible; BLEXBot/1.0; +http://webmeup-crawler.com/)"
157.90.177.217 - - [22/Sep/2022:15:09:58 +0200] "GET /paris-shower-curtain-p-52156.html HTTP/1.0" 200 75404 "-" "Mozilla/5.0 (compatible; BLEXBot/1.0; +http://webmeup-crawler.com/)"
157.90.177.217 - - [22/Sep/2022:15:10:07 +0200] "GET /paris-small-snow-globe-p-39571.html HTTP/1.0" 200 74769 "-" "Mozilla/5.0 (compatible; BLEXBot/1.0; +http://webmeup-crawler.com/)"
157.90.177.217 - - [22/Sep/2022:15:10:12 +0200] "GET /paris-snow-globe-p-52189.html HTTP/1.0" 200 74668 "-" "Mozilla/5.0 (compatible; BLEXBot/1.0; +http://webmeup-crawler.com/)"
157.90.177.217 - - [22/Sep/2022:15:10:19 +0200] "GET /paris-toothpick-display-p-53463.html HTTP/1.0" 200 74672 "-" "Mozilla/5.0 (compatible; BLEXBot/1.0; +http://webmeup-crawler.com/)"
157.90.177.217 - - [22/Sep/2022:15:10:25 +0200] "GET /paris-tour-eiffel-soap-dish-p-8642.html HTTP/1.0" 200 74726 "-" "Mozilla/5.0 (compatible; BLEXBot/1.0; +http://webmeup-crawler.com/)"
157.90.177.217 - - [22/Sep/2022:15:10:31 +0200] "GET /paris-tree-decoration-hanging-p-31812.html HTTP/1.0" 200 74784 "-" "Mozilla/5.0 (compatible; BLEXBot/1.0; +http://webmeup-crawler.com/)"
185.191.171.33 - - [22/Sep/2022:15:10:32 +0200] "GET /earth-globe-decoration-p-50865.html HTTP/1.0" 200 72138 "-" "Mozilla/5.0 (compatible; SemrushBot/7~bl; +http://www.semrush.com/bot.html)"
66.249.66.70 - - [22/Sep/2022:15:10:35 +0200] "GET /white-p-38004.html HTTP/1.0" 200 74623 "-" "Mozilla/5.0 (compatible; Googlebot/2.1; +http://www.google.com/bot.html)"
157.90.177.217 - - [22/Sep/2022:15:10:37 +0200] "GET /parking-only-small-metal-plate-p-37182.html HTTP/1.0" 200 74823 "-" "Mozilla/5.0 (compatible; BLEXBot/1.0; +http://webmeup-crawler.com/)"
157.55.39.80 - - [22/Sep/2022:15:10:40 +0200] "GET /burlap-round-table-free-p-48453.html HTTP/1.0" 200 72140 "-" "Mozilla/5.0 AppleWebKit/537.36 (KHTML, like Gecko; compatible; bingbot/2.0; +http://www.bing.com/bingbot.htm) Chrome/103.0.5060.134 Safari/537.36"
157.90.177.217 - - [22/Sep/2022:15:10:42 +0200] "GET /parma-perfume-diffuser-p-35891.html HTTP/1.0" 200 74815 "-" "Mozilla/5.0 (compatible; BLEXBot/1.0; +http://webmeup-crawler.com/)"
157.90.177.217 - - [22/Sep/2022:15:10:47 +0200] "GET /parrot-cast-iron-wall-bell-p-46493.html HTTP/1.0" 200 75392 "-" "Mozilla/5.0 (compatible; BLEXBot/1.0; +http://webmeup-crawler.com/)"
87.250.224.94 - - [22/Sep/2022:15:10:48 +0200] "GET /coca-cola-black-metal-plate-30-20-cm-p-37157.html HTTP/1.0" 301 74884 "-" "Mozilla/5.0 (compatible; YandexBot/3.0; +http://yandex.com/bots)"
87.250.224.94 - - [22/Sep/2022:15:10:55 +0200] "GET /coca-cola-black-metal-plate-p-37157.html HTTP/1.0" 200 74790 "-" "Mozilla/5.0 (compatible; YandexBot/3.0; +http://yandex.com/bots)"
157.90.177.217 - - [22/Sep/2022:15:10:55 +0200] "GET /parrot-figurine-pottery-p-44979.html HTTP/1.0" 200 74858 "-" "Mozilla/5.0 (compatible; BLEXBot/1.0; +http://webmeup-crawler.com/)"
157.55.39.80 - - [22/Sep/2022:15:11:00 +0200] "GET /images/800399062384819072012.jpg HTTP/1.0" 200 267 "-" "Mozilla/5.0 (compatible; bingbot/2.0; +http://www.bing.com/bingbot.htm)"
157.90.177.217 - - [22/Sep/2022:15:11:02 +0200] "GET /parrot-figurine-pottery-p-44980.html HTTP/1.0" 200 74858 "-" "Mozilla/5.0 (compatible; BLEXBot/1.0; +http://webmeup-crawler.com/)"
157.90.177.217 - - [22/Sep/2022:15:11:07 +0200] "GET /pastel-porcelain-bowl-p-56514.html HTTP/1.0" 200 74693 "-" "Mozilla/5.0 (compatible; BLEXBot/1.0; +http://webmeup-crawler.com/)"
157.90.177.217 - - [22/Sep/2022:15:11:14 +0200] "GET /pastis-marseille-little-tray-p-44546.html HTTP/1.0" 200 74827 "-" "Mozilla/5.0 (compatible; BLEXBot/1.0; +http://webmeup-crawler.com/)"
157.90.177.217 - - [22/Sep/2022:15:11:19 +0200] "GET /patinated-gold-metal-chandelier-p-58735.html HTTP/1.0" 200 75852 "-" "Mozilla/5.0 (compatible; BLEXBot/1.0; +http://webmeup-crawler.com/)"
156.59.237.151 - - [22/Sep/2022:15:11:21 +0200] "GET /images/mini_prod/1384010183854.jpg HTTP/1.0" 200 269 "-" "Mozilla/5.0 (X11; Ubuntu; Linux x86_64; rv:72.0) Gecko/20100101 Firefox/72.0"
157.90.177.217 - - [22/Sep/2022:15:11:22 +0200] "GET /patrick-sponge-memo-clip-p-3695.html HTTP/1.0" 200 74742 "-" "Mozilla/5.0 (compatible; BLEXBot/1.0; +http://webmeup-crawler.com/)"
157.90.177.217 - - [22/Sep/2022:15:11:29 +0200] "GET /paul-frank-blue-computer-p-6062.html HTTP/1.0" 200 75614 "-" "Mozilla/5.0 (compatible; BLEXBot/1.0; +http://webmeup-crawler.com/)"
87.250.224.94 - - [22/Sep/2022:15:11:31 +0200] "GET /coca-cola-black-metal-plate-p-37157.html HTTP/1.0" 200 74790 "-" "Mozilla/5.0 (compatible; YandexBot/3.0; +http://yandex.com/bots)"
157.90.177.217 - - [22/Sep/2022:15:11:34 +0200] "GET /pauline-charming-dekor-bedclothes-p-56927.html HTTP/1.0" 200 75595 "-" "Mozilla/5.0 (compatible; BLEXBot/1.0; +http://webmeup-crawler.com/)"
157.90.177.217 - - [22/Sep/2022:15:11:42 +0200] "GET /peacock-wall-lamp-golden-resin-p-57931.html HTTP/1.0" 200 75449 "-" "Mozilla/5.0 (compatible; BLEXBot/1.0; +http://webmeup-crawler.com/)"
156.59.237.152 - - [22/Sep/2022:15:11:43 +0200] "GET /images/mini_prod/3453131145435.jpg HTTP/1.0" 200 269 "-" "Mozilla/5.0 (X11; Ubuntu; Linux x86_64; rv:72.0) Gecko/20100101 Firefox/72.0"
157.90.177.217 - - [22/Sep/2022:15:11:48 +0200] "GET /peanuts-figure-p-11179.html HTTP/1.0" 200 74730 "-" "Mozilla/5.0 (compatible; BLEXBot/1.0; +http://webmeup-crawler.com/)"
203.119.241.117 - - [22/Sep/2022:15:11:57 +0200] "GET /images/mini_prod/5051265800183.jpg HTTP/1.0" 200 269 "-" "Mozilla/5.0 (X11; Ubuntu; Linux x86_64; rv:72.0) Gecko/20100101 Firefox/72.0"
157.90.177.217 - - [22/Sep/2022:15:11:55 +0200] "GET /peanuts-linus-figure-p-11180.html HTTP/1.0" 200 74786 "-" "Mozilla/5.0 (compatible; BLEXBot/1.0; +http://webmeup-crawler.com/)"
185.191.171.40 - - [22/Sep/2022:15:11:56 +0200] "GET /silver-wall-mirror-p-53690.html HTTP/1.0" 200 74684 "-" "Mozilla/5.0 (compatible; SemrushBot/7~bl; +http://www.semrush.com/bot.html)"
5.161.89.173 - - [22/Sep/2022:15:11:59 +0200] "GET /images/mini_prod/3520071365336.jpg HTTP/1.0" 200 269 "-" "Mozilla/5.0 (X11; Ubuntu; Linux x86_64; rv:72.0) Gecko/20100101 Firefox/72.0"
66.249.66.56 - - [22/Sep/2022:15:12:01 +0200] "GET /cats-by-dubout-figurine-escape-plan-p-32703.html HTTP/1.0" 301 75922 "-" "Mozilla/5.0 (Linux; Android 6.0.1; Nexus 5X Build/MMB29P) AppleWebKit/537.36 (KHTML, like Gecko) Chrome/105.0.5195.125 Mobile Safari/537.36 (compatible; Googlebot/2.1; +http://www.google.com/bot.html)"
157.90.177.217 - - [22/Sep/2022:15:12:02 +0200] "GET /peanuts-lucy-figure-p-11181.html HTTP/1.0" 200 74757 "-" "Mozilla/5.0 (compatible; BLEXBot/1.0; +http://webmeup-crawler.com/)"
66.249.66.10 - - [22/Sep/2022:15:12:04 +0200] "GET /cats-dubout-figurine-escape-plan-p-32703.html HTTP/1.0" 200 75823 "-" "Mozilla/5.0 (Linux; Android 6.0.1; Nexus 5X Build/MMB29P) AppleWebKit/537.36 (KHTML, like Gecko) Chrome/105.0.5195.125 Mobile Safari/537.36 (compatible; Googlebot/2.1; +http://www.google.com/bot.html)"
66.249.66.56 - - [22/Sep/2022:15:12:09 +0200] "GET /images/mini_prod/3520071755960.jpg HTTP/1.0" 200 269 "-" "Mozilla/5.0 (compatible; Googlebot/2.1; +http://www.google.com/bot.html)"
157.90.177.217 - - [22/Sep/2022:15:12:08 +0200] "GET /peanuts-wallet-p-3546.html HTTP/1.0" 200 74866 "-" "Mozilla/5.0 (compatible; BLEXBot/1.0; +http://webmeup-crawler.com/)"
211.140.23.130 - - [22/Sep/2022:15:12:10 +0200] "GET /images/mini_prod/3453131153164.jpg HTTP/1.0" 200 269 "-" "Mozilla/5.0 (Windows NT 10.0; WOW64) AppleWebKit/537.36 (KHTML, like Gecko) Chrome/90.0.4430.212 Safari/537.36"
157.90.177.217 - - [22/Sep/2022:15:12:13 +0200] "GET /pearl-side-table-p-53423.html HTTP/1.0" 200 75264 "-" "Mozilla/5.0 (compatible; BLEXBot/1.0; +http://webmeup-crawler.com/)"
211.140.23.130 - - [22/Sep/2022:15:12:18 +0200] "GET /images/mini_prod/1399984264232.jpg HTTP/1.0" 200 269 "-" "Mozilla/5.0 (Windows NT 10.0; WOW64) AppleWebKit/537.36 (KHTML, like Gecko) Chrome/90.0.4430.212 Safari/537.36"
157.90.177.217 - - [22/Sep/2022:15:12:18 +0200] "GET /pedal-blue-p-52592.html HTTP/1.0" 200 75593 "-" "Mozilla/5.0 (compatible; BLEXBot/1.0; +http://webmeup-crawler.com/)"
119.8.107.217 - - [22/Sep/2022:15:12:25 +0200] "GET /images/mini_prod/8719075395370.jpg HTTP/1.0" 200 269 "-" "Mozilla/5.0 (Windows NT 10.0; Win64; x64) AppleWebKit/537.36 (KHTML, like Gecko) Chrome/54.0.2840.99 Safari/537.36"
157.90.177.217 - - [22/Sep/2022:15:12:24 +0200] "GET /pedal-gray-p-52587.html HTTP/1.0" 200 75580 "-" "Mozilla/5.0 (compatible; BLEXBot/1.0; +http://webmeup-crawler.com/)"
157.90.177.217 - - [22/Sep/2022:15:12:29 +0200] "GET /pedal-green-p-52588.html HTTP/1.0" 200 75794 "-" "Mozilla/5.0 (compatible; BLEXBot/1.0; +http://webmeup-crawler.com/)"
185.191.171.18 - - [22/Sep/2022:15:12:33 +0200] "GET /cork-storage-chest-p-52927.html HTTP/1.0" 200 72142 "-" "Mozilla/5.0 (compatible; SemrushBot/7~bl; +http://www.semrush.com/bot.html)"
157.90.177.217 - - [22/Sep/2022:15:12:34 +0200] "GET /pedal-pink-p-52591.html HTTP/1.0" 200 75567 "-" "Mozilla/5.0 (compatible; BLEXBot/1.0; +http://webmeup-crawler.com/)"
157.90.177.217 - - [22/Sep/2022:15:12:40 +0200] "GET /pedestal-elephant-ethnic-resin-p-44910.html HTTP/1.0" 200 74838 "-" "Mozilla/5.0 (compatible; BLEXBot/1.0; +http://webmeup-crawler.com/)"
157.90.177.217 - - [22/Sep/2022:15:12:45 +0200] "GET /pencil-c-129_183.html?page=2 HTTP/1.0" 200 92826 "-" "Mozilla/5.0 (compatible; BLEXBot/1.0; +http://webmeup-crawler.com/)"
66.249.66.6 - - [22/Sep/2022:15:12:51 +0200] "GET /images/mini_prod/3457010954422.jpg HTTP/1.0" 200 269 "-" "Mozilla/5.0 (compatible; Googlebot/2.1; +http://www.google.com/bot.html)"
157.90.177.217 - - [22/Sep/2022:15:12:55 +0200] "GET /pencil-c-129_183.html?page=3 HTTP/1.0" 200 92587 "-" "Mozilla/5.0 (compatible; BLEXBot/1.0; +http://webmeup-crawler.com/)"
157.90.177.217 - - [22/Sep/2022:15:13:02 +0200] "GET /pencil-c-129_183.html?page=4 HTTP/1.0" 200 86207 "-" "Mozilla/5.0 (compatible; BLEXBot/1.0; +http://webmeup-crawler.com/)"
157.90.177.217 - - [22/Sep/2022:15:13:09 +0200] "GET /pencil-case-c-31_75.html?page=2 HTTP/1.0" 200 96390 "-" "Mozilla/5.0 (compatible; BLEXBot/1.0; +http://webmeup-crawler.com/)"
157.90.177.217 - - [22/Sep/2022:15:13:15 +0200] "GET /pencil-case-c-31_75.html?page=3 HTTP/1.0" 200 95984 "-" "Mozilla/5.0 (compatible; BLEXBot/1.0; +http://webmeup-crawler.com/)"
17.121.113.6 - - [22/Sep/2022:15:13:17 +0200] "GET /adult-cbkreation-p-29960.html HTTP/1.0" 200 74767 "-" "Mozilla/5.0 (Macintosh; Intel Mac OS X 10_15_5) AppleWebKit/605.1.15 (KHTML, like Gecko) Version/13.1.1 Safari/605.1.15 (Applebot/0.1; +http://www.apple.com/go/applebot)"
157.90.177.217 - - [22/Sep/2022:15:13:23 +0200] "GET /pencil-case-c-31_75.html?page=4 HTTP/1.0" 200 96644 "-" "Mozilla/5.0 (compatible; BLEXBot/1.0; +http://webmeup-crawler.com/)"
157.90.177.217 - - [22/Sep/2022:15:13:28 +0200] "GET /pencil-case-c-31_75.html?page=5 HTTP/1.0" 200 95687 "-" "Mozilla/5.0 (compatible; BLEXBot/1.0; +http://webmeup-crawler.com/)"
157.90.177.217 - - [22/Sep/2022:15:13:34 +0200] "GET /pencil-case-c-31_75.html?page=6 HTTP/1.0" 200 95903 "-" "Mozilla/5.0 (compatible; BLEXBot/1.0; +http://webmeup-crawler.com/)"
207.46.13.149 - - [22/Sep/2022:15:13:37 +0200] "GET /pusheen-sticker-sheet-pastel-p-42603.html HTTP/1.0" 200 74987 "-" "Mozilla/5.0 (compatible; bingbot/2.0; +http://www.bing.com/bingbot.htm)"
211.140.23.130 - - [22/Sep/2022:15:13:41 +0200] "GET /images/mini_prod/1399984264249.jpg HTTP/1.0" 200 269 "-" "Mozilla/5.0 (Windows NT 10.0; WOW64) AppleWebKit/537.36 (KHTML, like Gecko) Chrome/90.0.4430.212 Safari/537.36"
211.140.23.130 - - [22/Sep/2022:15:13:41 +0200] "GET /images/mini_prod/3609810067066.jpg HTTP/1.0" 200 269 "-" "Mozilla/5.0 (Windows NT 10.0; WOW64) AppleWebKit/537.36 (KHTML, like Gecko) Chrome/90.0.4430.212 Safari/537.36"
157.90.177.217 - - [22/Sep/2022:15:13:40 +0200] "GET /pencil-case-c-31_75.html?page=7 HTTP/1.0" 200 96067 "-" "Mozilla/5.0 (compatible; BLEXBot/1.0; +http://webmeup-crawler.com/)"
185.191.171.44 - - [22/Sep/2022:15:13:42 +0200] "GET /klimt-baiser-purse-made-france-p-47420.html HTTP/1.0" 200 75567 "-" "Mozilla/5.0 (compatible; SemrushBot/7~bl; +http://www.semrush.com/bot.html)"
157.90.177.217 - - [22/Sep/2022:15:13:45 +0200] "GET /pencil-case-c-31_75.html?page=8 HTTP/1.0" 200 89556 "-" "Mozilla/5.0 (compatible; BLEXBot/1.0; +http://webmeup-crawler.com/)"
157.90.177.217 - - [22/Sep/2022:15:13:51 +0200] "GET /pencil-case-p-10348.html HTTP/1.0" 200 74807 "-" "Mozilla/5.0 (compatible; BLEXBot/1.0; +http://webmeup-crawler.com/)"
157.90.177.217 - - [22/Sep/2022:15:13:58 +0200] "GET /pencil-case-p-10628.html HTTP/1.0" 200 74822 "-" "Mozilla/5.0 (compatible; BLEXBot/1.0; +http://webmeup-crawler.com/)"
157.90.177.217 - - [22/Sep/2022:15:14:05 +0200] "GET /pencil-case-p-3528.html HTTP/1.0" 200 74833 "-" "Mozilla/5.0 (compatible; BLEXBot/1.0; +http://webmeup-crawler.com/)"
157.90.177.217 - - [22/Sep/2022:15:14:11 +0200] "GET /pencil-cbkreation-p-43446.html HTTP/1.0" 200 74692 "-" "Mozilla/5.0 (compatible; BLEXBot/1.0; +http://webmeup-crawler.com/)"
157.90.177.217 - - [22/Sep/2022:15:14:15 +0200] "GET /pencil-cbkreation-p-43449.html HTTP/1.0" 200 74691 "-" "Mozilla/5.0 (compatible; BLEXBot/1.0; +http://webmeup-crawler.com/)"
34.67.96.123 - - [22/Sep/2022:15:14:19 +0200] "GET /images/mini_prod/9316188087377.jpg HTTP/1.0" 200 269 "-" "Mozilla/5.0 (X11; Ubuntu; Linux x86_64; rv:72.0) Gecko/20100101 Firefox/72.0"
185.191.171.1 - - [22/Sep/2022:15:14:20 +0200] "GET /white-hook-metal-p-44992.html HTTP/1.0" 200 74783 "-" "Mozilla/5.0 (compatible; SemrushBot/7~bl; +http://www.semrush.com/bot.html)"
162.247.74.204 - - [22/Sep/2022:15:14:20 +0200] "GET /contact_us.php HTTP/1.0" 200 26241 "http://www.wonder-geek.com/contact_us.php" "Mozilla/5.0 (Windows NT 6.1) AppleWebKit/537.36 (KHTML, like Gecko) Chrome/90.0.4430.72 Safari/537.36"
157.90.177.217 - - [22/Sep/2022:15:14:20 +0200] "GET /pencil-cbkreation-p-43450.html HTTP/1.0" 200 74691 "-" "Mozilla/5.0 (compatible; BLEXBot/1.0; +http://webmeup-crawler.com/)"
157.90.177.217 - - [22/Sep/2022:15:14:26 +0200] "GET /pencil-cooco-ylvi-minimoomis-p-33973.html HTTP/1.0" 200 76646 "-" "Mozilla/5.0 (compatible; BLEXBot/1.0; +http://webmeup-crawler.com/)"
157.90.177.217 - - [22/Sep/2022:15:14:31 +0200] "GET /pencil-loola-ylvi-minimoomis-p-33974.html HTTP/1.0" 200 76647 "-" "Mozilla/5.0 (compatible; BLEXBot/1.0; +http://webmeup-crawler.com/)"
157.90.177.217 - - [22/Sep/2022:15:14:36 +0200] "GET /pencil-p-40952.html HTTP/1.0" 200 74608 "-" "Mozilla/5.0 (compatible; BLEXBot/1.0; +http://webmeup-crawler.com/)"
119.8.107.150 - - [22/Sep/2022:15:14:38 +0200] "GET /images/mini_prod/3079091105175.jpg HTTP/1.0" 200 269 "-" "Mozilla/5.0 (Windows NT 10.0; Win64; x64) AppleWebKit/537.36 (KHTML, like Gecko) Chrome/54.0.2840.99 Safari/537.36"
157.90.177.217 - - [22/Sep/2022:15:14:43 +0200] "GET /pencil-pooby-ylvi-minimoomis-p-33972.html HTTP/1.0" 200 76646 "-" "Mozilla/5.0 (compatible; BLEXBot/1.0; +http://webmeup-crawler.com/)"
157.90.177.217 - - [22/Sep/2022:15:14:48 +0200] "GET /pencil-with-horse-figurine-model-depending-availability-p-34811.html HTTP/1.0" 200 75161 "-" "Mozilla/5.0 (compatible; BLEXBot/1.0; +http://webmeup-crawler.com/)"
157.90.177.217 - - [22/Sep/2022:15:14:53 +0200] "GET /pendants-necklaces-c-3_214.html?page=2 HTTP/1.0" 200 88966 "-" "Mozilla/5.0 (compatible; BLEXBot/1.0; +http://webmeup-crawler.com/)"
157.90.177.217 - - [22/Sep/2022:15:15:02 +0200] "GET /penguin-jewelry-holder-statuette-p-57765.html HTTP/1.0" 200 74923 "-" "Mozilla/5.0 (compatible; BLEXBot/1.0; +http://webmeup-crawler.com/)"
185.191.171.8 - - [22/Sep/2022:15:15:06 +0200] "GET /-p-18689.html HTTP/1.0" 200 72060 "-" "Mozilla/5.0 (compatible; SemrushBot/7~bl; +http://www.semrush.com/bot.html)"
157.90.177.217 - - [22/Sep/2022:15:15:07 +0200] "GET /penguins-jewelry-support-statuette-p-47113.html HTTP/1.0" 200 74967 "-" "Mozilla/5.0 (compatible; BLEXBot/1.0; +http://webmeup-crawler.com/)"
157.90.177.217 - - [22/Sep/2022:15:15:13 +0200] "GET /penseurs-bookend-patinated-black-resin-p-58810.html HTTP/1.0" 200 75841 "-" "Mozilla/5.0 (compatible; BLEXBot/1.0; +http://webmeup-crawler.com/)"
157.90.177.217 - - [22/Sep/2022:15:15:18 +0200] "GET /perfumes-interior-c-231_234.html?page=2 HTTP/1.0" 200 94148 "-" "Mozilla/5.0 (compatible; BLEXBot/1.0; +http://webmeup-crawler.com/)"
66.249.66.144 - - [22/Sep/2022:15:15:21 +0200] "GET /images/mini_prod/8003990585245.jpg HTTP/1.0" 200 269 "-" "Mozilla/5.0 (compatible; Googlebot/2.1; +http://www.google.com/bot.html)"
157.90.177.217 - - [22/Sep/2022:15:15:26 +0200] "GET /perfumes-interior-c-231_234.html?page=3 HTTP/1.0" 200 87690 "-" "Mozilla/5.0 (compatible; BLEXBot/1.0; +http://webmeup-crawler.com/)"
157.90.177.217 - - [22/Sep/2022:15:15:32 +0200] "GET /periodic-system-shower-curtain-p-41939.html HTTP/1.0" 200 74865 "-" "Mozilla/5.0 (compatible; BLEXBot/1.0; +http://webmeup-crawler.com/)"
157.90.177.217 - - [22/Sep/2022:15:15:38 +0200] "GET /personalized-products-c-97.html?page=2 HTTP/1.0" 200 93126 "-" "Mozilla/5.0 (compatible; BLEXBot/1.0; +http://webmeup-crawler.com/)"
157.90.177.217 - - [22/Sep/2022:15:15:45 +0200] "GET /personalized-products-c-97.html?page=3 HTTP/1.0" 200 81514 "-" "Mozilla/5.0 (compatible; BLEXBot/1.0; +http://webmeup-crawler.com/)"
66.249.66.70 - - [22/Sep/2022:15:15:53 +0200] "GET /images/mini_prod/5411217332207.jpg HTTP/1.0" 200 269 "-" "Mozilla/5.0 (compatible; Googlebot/2.1; +http://www.google.com/bot.html)"
157.55.39.80 - - [22/Sep/2022:15:15:50 +0200] "GET / HTTP/1.0" 200 151846 "-" "Mozilla/5.0 (compatible; bingbot/2.0; +http://www.bing.com/bingbot.htm)"
66.249.66.56 - - [22/Sep/2022:15:15:54 +0200] "GET /images/mini_prod/5013138656426.jpg HTTP/1.0" 200 269 "-" "Mozilla/5.0 (compatible; Googlebot/2.1; +http://www.google.com/bot.html)"
157.90.177.217 - - [22/Sep/2022:15:15:51 +0200] "GET /petit-bonheur-ceramic-with-infuser-p-32210.html HTTP/1.0" 200 74820 "-" "Mozilla/5.0 (compatible; BLEXBot/1.0; +http://webmeup-crawler.com/)"
157.90.177.217 - - [22/Sep/2022:15:15:57 +0200] "GET /petit-prince-exupry-sets-cups-p-44601.html HTTP/1.0" 200 74912 "-" "Mozilla/5.0 (compatible; BLEXBot/1.0; +http://webmeup-crawler.com/)"
157.90.177.217 - - [22/Sep/2022:15:16:03 +0200] "GET /pets-bedclothes-140x200-p-8231.html HTTP/1.0" 200 74955 "-" "Mozilla/5.0 (compatible; BLEXBot/1.0; +http://webmeup-crawler.com/)"
157.90.177.217 - - [22/Sep/2022:15:16:07 +0200] "GET /pets-polar-blanket-p-8422.html HTTP/1.0" 200 74852 "-" "Mozilla/5.0 (compatible; BLEXBot/1.0; +http://webmeup-crawler.com/)"
157.90.177.217 - - [22/Sep/2022:15:16:16 +0200] "GET /peux-rsister-tout-sauf-tentation-clock-p-41554.html HTTP/1.0" 200 74961 "-" "Mozilla/5.0 (compatible; BLEXBot/1.0; +http://webmeup-crawler.com/)"
157.90.177.217 - - [22/Sep/2022:15:16:21 +0200] "GET /peux-rsister-tout-sauf-tentation-little-tray-p-42087.html HTTP/1.0" 200 75042 "-" "Mozilla/5.0 (compatible; BLEXBot/1.0; +http://webmeup-crawler.com/)"
157.55.39.217 - - [22/Sep/2022:15:16:24 +0200] "GET /darling-bedclothes-p-51591.html HTTP/1.0" 200 74741 "-" "Mozilla/5.0 (compatible; bingbot/2.0; +http://www.bing.com/bingbot.htm)"
157.90.177.217 - - [22/Sep/2022:15:16:30 +0200] "GET /pharaoh-desktop-clock-p-50614.html HTTP/1.0" 200 75617 "-" "Mozilla/5.0 (compatible; BLEXBot/1.0; +http://webmeup-crawler.com/)"
157.90.177.217 - - [22/Sep/2022:15:16:35 +0200] "GET /phone-cover-iphone-p-20609.html HTTP/1.0" 200 75463 "-" "Mozilla/5.0 (compatible; BLEXBot/1.0; +http://webmeup-crawler.com/)"
157.90.177.217 - - [22/Sep/2022:15:16:40 +0200] "GET /photo-frames-memo-clips-c-13_132.html?page=2 HTTP/1.0" 200 84828 "-" "Mozilla/5.0 (compatible; BLEXBot/1.0; +http://webmeup-crawler.com/)"
157.90.177.217 - - [22/Sep/2022:15:16:46 +0200] "GET /picapica-tapas-tablecloth-anti-stain-p-34993.html HTTP/1.0" 200 74876 "-" "Mozilla/5.0 (compatible; BLEXBot/1.0; +http://webmeup-crawler.com/)"
157.90.177.217 - - [22/Sep/2022:15:16:51 +0200] "GET /picerie-traditionnelle-bread-p-57199.html HTTP/1.0" 200 75757 "-" "Mozilla/5.0 (compatible; BLEXBot/1.0; +http://webmeup-crawler.com/)"
157.90.177.217 - - [22/Sep/2022:15:16:56 +0200] "GET /pick-venus-firefighter-p-46446.html HTTP/1.0" 200 75026 "-" "Mozilla/5.0 (compatible; BLEXBot/1.0; +http://webmeup-crawler.com/)"
157.90.177.217 - - [22/Sep/2022:15:17:02 +0200] "GET /piggy-bank-p-52600.html HTTP/1.0" 200 74619 "-" "Mozilla/5.0 (compatible; BLEXBot/1.0; +http://webmeup-crawler.com/)"
157.90.177.217 - - [22/Sep/2022:15:17:08 +0200] "GET /piggy-bank-with-chalk-p-37722.html HTTP/1.0" 200 74805 "-" "Mozilla/5.0 (compatible; BLEXBot/1.0; +http://webmeup-crawler.com/)"
114.119.137.31 - - [22/Sep/2022:15:17:13 +0200] "GET /little-buddha-resin-money-green-p-56377.html HTTP/1.0" 200 75394 "http://www.wonder-geek.com/money-boxes-c-13_83.html?page=1" "Mozilla/5.0 (Linux; Android 7.0;) AppleWebKit/537.36 (KHTML, like Gecko) Mobile Safari/537.36 (compatible; PetalBot;+https://webmaster.petalsearch.com/site/petalbot)"
157.90.177.217 - - [22/Sep/2022:15:17:13 +0200] "GET /pikaly-bedclothes-p-45418.html HTTP/1.0" 200 74872 "-" "Mozilla/5.0 (compatible; BLEXBot/1.0; +http://webmeup-crawler.com/)"
157.90.177.217 - - [22/Sep/2022:15:17:18 +0200] "GET /pill-lavande-p-51388.html HTTP/1.0" 200 75384 "-" "Mozilla/5.0 (compatible; BLEXBot/1.0; +http://webmeup-crawler.com/)"
66.249.66.68 - - [22/Sep/2022:15:17:19 +0200] "GET /dishes-c-12.html?page=17 HTTP/1.0" 200 93668 "-" "Mozilla/5.0 (Linux; Android 6.0.1; Nexus 5X Build/MMB29P) AppleWebKit/537.36 (KHTML, like Gecko) Chrome/105.0.5195.125 Mobile Safari/537.36 (compatible; Googlebot/2.1; +http://www.google.com/bot.html)"
157.90.177.217 - - [22/Sep/2022:15:17:22 +0200] "GET /pill-provence-p-54011.html HTTP/1.0" 200 75388 "-" "Mozilla/5.0 (compatible; BLEXBot/1.0; +http://webmeup-crawler.com/)"
66.249.66.210 - - [22/Sep/2022:15:17:25 +0200] "GET /js/jquery.min.js HTTP/1.0" 404 1308 "http://www.wonder-geek.com/dishes-c-12.html?page=17" "Mozilla/5.0 (Linux; Android 6.0.1; Nexus 5X Build/MMB29P) AppleWebKit/537.36 (KHTML, like Gecko) Chrome/105.0.5195.102 Mobile Safari/537.36 (compatible; Googlebot/2.1; +http://www.google.com/bot.html)"
157.90.177.217 - - [22/Sep/2022:15:17:28 +0200] "GET /pill-provence-p-54012.html HTTP/1.0" 200 75388 "-" "Mozilla/5.0 (compatible; BLEXBot/1.0; +http://webmeup-crawler.com/)"
185.191.171.41 - - [22/Sep/2022:15:17:36 +0200] "GET /gorjuss-storage-tins-dear-alice-collector-p-38197.html HTTP/1.0" 200 72272 "-" "Mozilla/5.0 (compatible; SemrushBot/7~bl; +http://www.semrush.com/bot.html)"
157.90.177.217 - - [22/Sep/2022:15:17:37 +0200] "GET /pill-provence-p-54013.html HTTP/1.0" 200 75388 "-" "Mozilla/5.0 (compatible; BLEXBot/1.0; +http://webmeup-crawler.com/)"
157.90.177.217 - - [22/Sep/2022:15:17:43 +0200] "GET /pillow-case-black-p-34836.html HTTP/1.0" 200 74939 "-" "Mozilla/5.0 (compatible; BLEXBot/1.0; +http://webmeup-crawler.com/)"
157.90.177.217 - - [22/Sep/2022:15:17:48 +0200] "GET /pillow-case-blue-jean-p-36885.html HTTP/1.0" 200 74972 "-" "Mozilla/5.0 (compatible; BLEXBot/1.0; +http://webmeup-crawler.com/)"
66.249.66.56 - - [22/Sep/2022:15:17:51 +0200] "GET /images/mini_prod/1399984234747.jpg HTTP/1.0" 200 269 "-" "Mozilla/5.0 (compatible; Googlebot/2.1; +http://www.google.com/bot.html)"
157.90.177.217 - - [22/Sep/2022:15:17:53 +0200] "GET /pillow-case-color-p-39685.html HTTP/1.0" 200 74963 "-" "Mozilla/5.0 (compatible; BLEXBot/1.0; +http://webmeup-crawler.com/)"
157.55.39.12 - - [22/Sep/2022:15:17:54 +0200] "GET /stone-golden-healer-grams-p-46604.html HTTP/1.0" 200 72138 "-" "Mozilla/5.0 (compatible; bingbot/2.0; +http://www.bing.com/bingbot.htm)"
157.90.177.217 - - [22/Sep/2022:15:17:58 +0200] "GET /pillow-case-dark-grey-p-41417.html HTTP/1.0" 200 74957 "-" "Mozilla/5.0 (compatible; BLEXBot/1.0; +http://webmeup-crawler.com/)"
157.90.177.217 - - [22/Sep/2022:15:18:03 +0200] "GET /pillow-case-flamingo-p-51989.html HTTP/1.0" 200 74963 "-" "Mozilla/5.0 (compatible; BLEXBot/1.0; +http://webmeup-crawler.com/)"
157.90.177.217 - - [22/Sep/2022:15:18:08 +0200] "GET /pillow-case-fougre-p-43590.html HTTP/1.0" 200 74918 "-" "Mozilla/5.0 (compatible; BLEXBot/1.0; +http://webmeup-crawler.com/)"
196.244.192.38 - - [22/Sep/2022:15:18:08 +0200] "GET /contact_us.php HTTP/1.0" 200 26241 "-" "Mozilla/5.0 (Windows NT 6.3; Win64; x64) AppleWebKit/537.36 (KHTML, like Gecko) Chrome/75.0.3770.100 Safari/537.36"
87.250.224.188 - - [22/Sep/2022:15:18:10 +0200] "GET /burglar-pink-panther-little-soft-toy-p-18794.html HTTP/1.0" 301 72127 "-" "Mozilla/5.0 (compatible; YandexBot/3.0; +http://yandex.com/bots)"
87.250.224.188 - - [22/Sep/2022:15:18:11 +0200] "GET /-p-18794.html HTTP/1.0" 200 72060 "-" "Mozilla/5.0 (compatible; YandexBot/3.0; +http://yandex.com/bots)"
157.90.177.217 - - [22/Sep/2022:15:18:12 +0200] "GET /pillow-case-green-blue-p-43619.html HTTP/1.0" 200 74941 "-" "Mozilla/5.0 (compatible; BLEXBot/1.0; +http://webmeup-crawler.com/)"
157.90.177.217 - - [22/Sep/2022:15:18:18 +0200] "GET /pillow-case-grey-color-p-39688.html HTTP/1.0" 200 74980 "-" "Mozilla/5.0 (compatible; BLEXBot/1.0; +http://webmeup-crawler.com/)"
157.90.177.217 - - [22/Sep/2022:15:18:24 +0200] "GET /pillow-case-grey-p-34834.html HTTP/1.0" 200 74932 "-" "Mozilla/5.0 (compatible; BLEXBot/1.0; +http://webmeup-crawler.com/)"
185.191.171.23 - - [22/Sep/2022:15:18:26 +0200] "GET /robots.txt HTTP/1.0" 200 245 "-" "Mozilla/5.0 (compatible; SemrushBot/7~bl; +http://www.semrush.com/bot.html)"
185.191.171.7 - - [22/Sep/2022:15:18:28 +0200] "GET /-p-34591.html HTTP/1.0" 200 72060 "-" "Mozilla/5.0 (compatible; SemrushBot/7~bl; +http://www.semrush.com/bot.html)"
157.90.177.217 - - [22/Sep/2022:15:18:29 +0200] "GET /pillow-case-light-brown-color-p-57404.html HTTP/1.0" 200 75035 "-" "Mozilla/5.0 (compatible; BLEXBot/1.0; +http://webmeup-crawler.com/)"
66.249.66.10 - - [22/Sep/2022:15:18:31 +0200] "GET /smiski-figure-series-note-there-single-figure-p-48332.html HTTP/1.0" 200 75903 "-" "Mozilla/5.0 (compatible; Googlebot/2.1; +http://www.google.com/bot.html)"
185.191.171.10 - - [22/Sep/2022:15:18:33 +0200] "GET /ottomans-storage-ottomans-c-13_209.html?page=2 HTTP/1.0" 200 91616 "-" "Mozilla/5.0 (compatible; SemrushBot/7~bl; +http://www.semrush.com/bot.html)"
157.90.177.217 - - [22/Sep/2022:15:18:37 +0200] "GET /pillow-case-light-brown-p-51988.html HTTP/1.0" 200 75007 "-" "Mozilla/5.0 (compatible; BLEXBot/1.0; +http://webmeup-crawler.com/)"
114.119.133.245 - - [22/Sep/2022:15:18:41 +0200] "GET /om-mug-p-43212.html HTTP/1.0" 200 74526 "http://www.wonder-geek.com/dishes-c-12.html?page=107" "Mozilla/5.0 (Linux; Android 7.0;) AppleWebKit/537.36 (KHTML, like Gecko) Mobile Safari/537.36 (compatible; PetalBot;+https://webmaster.petalsearch.com/site/petalbot)"
157.90.177.217 - - [22/Sep/2022:15:18:42 +0200] "GET /pillow-case-mustard-yellow-p-51990.html HTTP/1.0" 200 75642 "-" "Mozilla/5.0 (compatible; BLEXBot/1.0; +http://webmeup-crawler.com/)"
80.67.167.81 - - [22/Sep/2022:15:18:42 +0200] "POST /contact_us.php?action=send HTTP/1.0" 200 26670 "http://www.wonder-geek.com/contact_us.php" "Mozilla/5.0 (Windows NT 6.1) AppleWebKit/537.36 (KHTML, like Gecko) Chrome/90.0.4430.72 Safari/537.36"
80.67.167.81 - - [22/Sep/2022:15:18:44 +0200] "GET /contact_us.php HTTP/1.0" 200 26241 "http://www.wonder-geek.com/contact_us.php" "Mozilla/5.0 (Windows NT 6.1) AppleWebKit/537.36 (KHTML, like Gecko) Chrome/90.0.4430.72 Safari/537.36"
157.90.177.217 - - [22/Sep/2022:15:18:49 +0200] "GET /pillow-case-p-33865.html HTTP/1.0" 200 74910 "-" "Mozilla/5.0 (compatible; BLEXBot/1.0; +http://webmeup-crawler.com/)"
51.68.224.127 - - [22/Sep/2022:15:18:52 +0200] "GET /adminweb/export_orders_xml.php?token=256de2z6edz6ed2z6DFSFsed2zed6zeDSFDSGdzedezfzf&maxorders=10&orderstart=1&status=14&start_date=2018-10-01 HTTP/1.0" 200 285 "-" "GesCom CharlotteBoutik Serveur"
51.68.224.127 - - [22/Sep/2022:15:18:52 +0200] "GET /adminweb/export_orders_xml.php?token=256de2z6edz6ed2z6DFSFsed2zed6zeDSFDSGdzedezfzf&maxorders=10&orderstart=1&status=6&start_date=2018-10-01 HTTP/1.0" 200 33985 "-" "GesCom CharlotteBoutik Serveur"
157.90.177.217 - - [22/Sep/2022:15:18:55 +0200] "GET /pillow-case-p-39127.html HTTP/1.0" 200 74915 "-" "Mozilla/5.0 (compatible; BLEXBot/1.0; +http://webmeup-crawler.com/)"
157.90.177.217 - - [22/Sep/2022:15:19:00 +0200] "GET /pillow-case-pink-light-p-33864.html HTTP/1.0" 200 74974 "-" "Mozilla/5.0 (compatible; BLEXBot/1.0; +http://webmeup-crawler.com/)"
157.55.39.12 - - [22/Sep/2022:15:19:03 +0200] "GET /jiminy-cricket-figure-collection-romero-britto-p-51461.html HTTP/1.0" 200 76467 "-" "Mozilla/5.0 AppleWebKit/537.36 (KHTML, like Gecko; compatible; bingbot/2.0; +http://www.bing.com/bingbot.htm) Chrome/103.0.5060.134 Safari/537.36"
157.90.177.217 - - [22/Sep/2022:15:19:06 +0200] "GET /pillow-case-white-p-39126.html HTTP/1.0" 200 74939 "-" "Mozilla/5.0 (compatible; BLEXBot/1.0; +http://webmeup-crawler.com/)"
157.90.177.217 - - [22/Sep/2022:15:19:11 +0200] "GET /pillowcase-color-lila-powder-p-46740.html HTTP/1.0" 200 75495 "-" "Mozilla/5.0 (compatible; BLEXBot/1.0; +http://webmeup-crawler.com/)"
157.90.177.217 - - [22/Sep/2022:15:19:17 +0200] "GET /pillowcase-white-p-46741.html HTTP/1.0" 200 75369 "-" "Mozilla/5.0 (compatible; BLEXBot/1.0; +http://webmeup-crawler.com/)"
157.90.177.217 - - [22/Sep/2022:15:19:21 +0200] "GET /pillowcases-bolstercases-c-11_166.html?page=2 HTTP/1.0" 200 92811 "-" "Mozilla/5.0 (compatible; BLEXBot/1.0; +http://webmeup-crawler.com/)"
66.249.66.212 - - [22/Sep/2022:15:19:26 +0200] "GET /hannah-montana-postman-p-1485.html HTTP/1.0" 200 75118 "-" "Mozilla/5.0 (Linux; Android 6.0.1; Nexus 5X Build/MMB29P) AppleWebKit/537.36 (KHTML, like Gecko) Chrome/105.0.5195.125 Mobile Safari/537.36 (compatible; Googlebot/2.1; +http://www.google.com/bot.html)"
157.90.177.217 - - [22/Sep/2022:15:19:27 +0200] "GET /pillowcases-bolstercases-c-11_166.html?page=3 HTTP/1.0" 200 93926 "-" "Mozilla/5.0 (compatible; BLEXBot/1.0; +http://webmeup-crawler.com/)"
157.90.177.217 - - [22/Sep/2022:15:19:35 +0200] "GET /pillowcases-bolstercases-c-11_166.html?page=4 HTTP/1.0" 200 91484 "-" "Mozilla/5.0 (compatible; BLEXBot/1.0; +http://webmeup-crawler.com/)"
157.90.177.217 - - [22/Sep/2022:15:19:40 +0200] "GET /pimpon-bedclothes-p-58444.html HTTP/1.0" 200 75403 "-" "Mozilla/5.0 (compatible; BLEXBot/1.0; +http://webmeup-crawler.com/)"
185.191.171.10 - - [22/Sep/2022:15:19:42 +0200] "GET /placemat-little-prince-p-56248.html HTTP/1.0" 200 74708 "-" "Mozilla/5.0 (compatible; SemrushBot/7~bl; +http://www.semrush.com/bot.html)"
157.90.177.217 - - [22/Sep/2022:15:19:45 +0200] "GET /pine-wood-chest-p-53487.html HTTP/1.0" 200 75269 "-" "Mozilla/5.0 (compatible; BLEXBot/1.0; +http://webmeup-crawler.com/)"
157.90.177.217 - - [22/Sep/2022:15:19:51 +0200] "GET /pine-wood-chest-p-53538.html HTTP/1.0" 200 75446 "-" "Mozilla/5.0 (compatible; BLEXBot/1.0; +http://webmeup-crawler.com/)"
157.90.177.217 - - [22/Sep/2022:15:19:57 +0200] "GET /pine-wood-chest-p-53539.html HTTP/1.0" 200 75495 "-" "Mozilla/5.0 (compatible; BLEXBot/1.0; +http://webmeup-crawler.com/)"
157.90.177.217 - - [22/Sep/2022:15:20:02 +0200] "GET /pineapple-orange-p-44636.html HTTP/1.0" 200 74930 "-" "Mozilla/5.0 (compatible; BLEXBot/1.0; +http://webmeup-crawler.com/)"
157.90.177.217 - - [22/Sep/2022:15:20:07 +0200] "GET /pineapple-palette-knife-p-41594.html HTTP/1.0" 200 74658 "-" "Mozilla/5.0 (compatible; BLEXBot/1.0; +http://webmeup-crawler.com/)"
157.90.177.217 - - [22/Sep/2022:15:20:12 +0200] "GET /pink-aquaducks-duck-bath-swims-quacks-p-34990.html HTTP/1.0" 200 75337 "-" "Mozilla/5.0 (compatible; BLEXBot/1.0; +http://webmeup-crawler.com/)"
66.249.66.210 - - [22/Sep/2022:15:20:18 +0200] "GET /hannah-montana-postman-p-1485.html HTTP/1.0" 200 75118 "-" "Mozilla/5.0 (compatible; Googlebot/2.1; +http://www.google.com/bot.html)"
157.90.177.217 - - [22/Sep/2022:15:20:26 +0200] "GET /pink-beauty-nail-p-28912.html HTTP/1.0" 200 74791 "-" "Mozilla/5.0 (compatible; BLEXBot/1.0; +http://webmeup-crawler.com/)"
157.90.177.217 - - [22/Sep/2022:15:20:32 +0200] "GET /pink-fitted-sheet-p-48092.html HTTP/1.0" 200 75324 "-" "Mozilla/5.0 (compatible; BLEXBot/1.0; +http://webmeup-crawler.com/)"
157.90.177.217 - - [22/Sep/2022:15:20:37 +0200] "GET /pink-flamingos-placemat-p-43014.html HTTP/1.0" 200 74679 "-" "Mozilla/5.0 (compatible; BLEXBot/1.0; +http://webmeup-crawler.com/)"
157.90.177.217 - - [22/Sep/2022:15:20:43 +0200] "GET /pink-flamingos-placemat-p-43015.html HTTP/1.0" 200 74679 "-" "Mozilla/5.0 (compatible; BLEXBot/1.0; +http://webmeup-crawler.com/)"
156.59.237.147 - - [22/Sep/2022:15:20:44 +0200] "GET /images/mini_prod/5018997621738.jpg HTTP/1.0" 200 269 "-" "Mozilla/5.0 (X11; Ubuntu; Linux x86_64; rv:72.0) Gecko/20100101 Firefox/72.0"
157.90.177.217 - - [22/Sep/2022:15:20:49 +0200] "GET /pink-globe-decoration-p-51769.html HTTP/1.0" 200 74773 "-" "Mozilla/5.0 (compatible; BLEXBot/1.0; +http://webmeup-crawler.com/)"
157.90.177.217 - - [22/Sep/2022:15:20:53 +0200] "GET /pink-kitchen-towel-p-55171.html HTTP/1.0" 200 75319 "-" "Mozilla/5.0 (compatible; BLEXBot/1.0; +http://webmeup-crawler.com/)"
