195.80.8.18 - - [22/Sep/2022:14:48:49 +0200] "GET /favicon.ico HTTP/1.0" 200 260 "http://www.wonder-geek.com/gorjuss-lockable-trinket-autumn-leaves-p-51401.html" "Mozilla/5.0 (Windows NT 10.0; Win64; x64) AppleWebKit/537.36 (KHTML, like Gecko) Chrome/105.0.0.0 Safari/537.36 Edg/105.0.1343.42"
195.80.8.18 - - [22/Sep/2022:14:48:49 +0200] "GET /highslide/graphics/outlines/drop-shadow.png HTTP/1.0" 200 277 "http://www.wonder-geek.com/gorjuss-lockable-trinket-autumn-leaves-p-51401.html" "Mozilla/5.0 (Windows NT 10.0; Win64; x64) AppleWebKit/537.36 (KHTML, like Gecko) Chrome/105.0.0.0 Safari/537.36 Edg/105.0.1343.42"
195.80.8.18 - - [22/Sep/2022:14:48:49 +0200] "GET /highslide/graphics/zoomout.cur HTTP/1.0" 200 614 "http://www.wonder-geek.com/gorjuss-lockable-trinket-autumn-leaves-p-51401.html" "Mozilla/5.0 (Windows NT 10.0; Win64; x64) AppleWebKit/537.36 (KHTML, like Gecko) Chrome/105.0.0.0 Safari/537.36 Edg/105.0.1343.42"
195.80.8.18 - - [22/Sep/2022:14:48:49 +0200] "GET /highslide/graphics/loader.white.gif HTTP/1.0" 200 960 "http://www.wonder-geek.com/templates/Pixame_v1/stylesheet.css" "Mozilla/5.0 (Windows NT 10.0; Win64; x64) AppleWebKit/537.36 (KHTML, like Gecko) Chrome/105.0.0.0 Safari/537.36 Edg/105.0.1343.42"
89.201.194.112 - - [22/Sep/2022:14:48:48 +0200] "GET /cushion-headboard-c-11_173.html HTTP/1.0" 200 78918 "http://www.wonder-geek.com/cushion-headboard-c-11_173.html" "Mozilla/5.0 (Windows NT 6.1; ) AppleWebKit/537.36 (KHTML, like Gecko) Chrome/90.0.4430.85 Safari/537.36"
89.201.194.112 - - [22/Sep/2022:14:48:49 +0200] "GET /contact_us.php HTTP/1.0" 200 26241 "http://www.wonder-geek.com/contact_us.php" "Mozilla/5.0 (Windows NT 6.1; ) AppleWebKit/537.36 (KHTML, like Gecko) Chrome/90.0.4430.85 Safari/537.36"
157.90.177.217 - - [22/Sep/2022:14:48:50 +0200] "GET /miss-miew-pinky-pink-p-42845.html HTTP/1.0" 200 74857 "-" "Mozilla/5.0 (compatible; BLEXBot/1.0; +http://webmeup-crawler.com/)"
157.90.177.217 - - [22/Sep/2022:14:48:54 +0200] "GET /miss-mister-saltshaker-pepper-p-28748.html HTTP/1.0" 200 74890 "-" "Mozilla/5.0 (compatible; BLEXBot/1.0; +http://webmeup-crawler.com/)"
157.90.177.217 - - [22/Sep/2022:14:48:59 +0200] "GET /miss-photo-frame-p-5145.html HTTP/1.0" 200 74712 "-" "Mozilla/5.0 (compatible; BLEXBot/1.0; +http://webmeup-crawler.com/)"
207.46.13.149 - - [22/Sep/2022:14:49:06 +0200] "GET /images/3521320605203b.jpg HTTP/1.0" 200 260 "-" "Mozilla/5.0 AppleWebKit/537.36 (KHTML, like Gecko; compatible; bingbot/2.0; +http://www.bing.com/bingbot.htm) Chrome/103.0.5060.134 Safari/537.36"
157.90.177.217 - - [22/Sep/2022:14:49:05 +0200] "GET /miss-sunshine-computer-p-34669.html HTTP/1.0" 200 74909 "-" "Mozilla/5.0 (compatible; BLEXBot/1.0; +http://webmeup-crawler.com/)"
156.59.237.149 - - [22/Sep/2022:14:49:07 +0200] "GET /images/mini_prod/3453131143189.jpg HTTP/1.0" 200 269 "-" "Mozilla/5.0 (X11; Ubuntu; Linux x86_64; rv:72.0) Gecko/20100101 Firefox/72.0"
114.119.137.43 - - [22/Sep/2022:14:49:06 +0200] "GET /tea-towels-napkins-c-11_177.html?page=2 HTTP/1.0" 301 94823 "http://www.wonder-geek.com/tea-towels-napkins-c-11_177.html?page=7" "Mozilla/5.0 (Linux; Android 7.0;) AppleWebKit/537.36 (KHTML, like Gecko) Mobile Safari/537.36 (compatible; PetalBot;+https://webmaster.petalsearch.com/site/petalbot)"
185.191.171.7 - - [22/Sep/2022:14:49:09 +0200] "GET /corsica-espresso-p-57146.html HTTP/1.0" 200 75283 "-" "Mozilla/5.0 (compatible; SemrushBot/7~bl; +http://www.semrush.com/bot.html)"
114.119.137.43 - - [22/Sep/2022:14:49:08 +0200] "GET /towels-napkins-c-177.html?page=2 HTTP/1.0" 301 94704 "http://www.wonder-geek.com/tea-towels-napkins-c-11_177.html?page=7" "Mozilla/5.0 (Linux; Android 7.0;) AppleWebKit/537.36 (KHTML, like Gecko) Mobile Safari/537.36 (compatible; PetalBot;+https://webmaster.petalsearch.com/site/petalbot)"
114.119.137.43 - - [22/Sep/2022:14:49:11 +0200] "GET /towels-napkins-c-11_177.html?page=2 HTTP/1.0" 200 94737 "http://www.wonder-geek.com/tea-towels-napkins-c-11_177.html?page=7" "Mozilla/5.0 (Linux; Android 7.0;) AppleWebKit/537.36 (KHTML, like Gecko) Mobile Safari/537.36 (compatible; PetalBot;+https://webmaster.petalsearch.com/site/petalbot)"
66.249.66.56 - - [22/Sep/2022:14:49:13 +0200] "GET /images/big_prod/045544398732.jpg HTTP/1.0" 200 267 "-" "Googlebot-Image/1.0"
157.90.177.217 - - [22/Sep/2022:14:49:15 +0200] "GET /miss-sunshine-little-mirror-p-8861.html HTTP/1.0" 200 74887 "-" "Mozilla/5.0 (compatible; BLEXBot/1.0; +http://webmeup-crawler.com/)"
157.90.177.217 - - [22/Sep/2022:14:49:20 +0200] "GET /miss-wallet-p-2683.html HTTP/1.0" 200 74904 "-" "Mozilla/5.0 (compatible; BLEXBot/1.0; +http://webmeup-crawler.com/)"
183.71.252.125 - - [22/Sep/2022:14:49:22 +0200] "GET /images/mini_prod/34DSCN8154.jpg HTTP/1.0" 200 266 "-" "Mozilla/5.0 (X11; Ubuntu; Linux x86_64; rv:72.0) Gecko/20100101 Firefox/72.0"
66.249.66.6 - - [22/Sep/2022:14:49:23 +0200] "GET /images/big_prod_2/045544950015c.jpg HTTP/1.0" 200 270 "-" "Mozilla/5.0 (compatible; Googlebot/2.1; +http://www.google.com/bot.html)"
157.90.177.217 - - [22/Sep/2022:14:49:25 +0200] "GET /mister-long-sleeve-shirt-p-31041.html HTTP/1.0" 200 75868 "-" "Mozilla/5.0 (compatible; BLEXBot/1.0; +http://webmeup-crawler.com/)"
157.90.177.217 - - [22/Sep/2022:14:49:31 +0200] "GET /moai-statue-p-54268.html HTTP/1.0" 200 75240 "-" "Mozilla/5.0 (compatible; BLEXBot/1.0; +http://webmeup-crawler.com/)"
157.90.177.217 - - [22/Sep/2022:14:49:36 +0200] "GET /mobile-bells-metal-butterfly-p-41510.html HTTP/1.0" 200 74766 "-" "Mozilla/5.0 (compatible; BLEXBot/1.0; +http://webmeup-crawler.com/)"
157.90.177.217 - - [22/Sep/2022:14:49:45 +0200] "GET /mobile-bells-metal-elephants-p-41508.html HTTP/1.0" 200 75369 "-" "Mozilla/5.0 (compatible; BLEXBot/1.0; +http://webmeup-crawler.com/)"
66.249.66.144 - - [22/Sep/2022:14:49:47 +0200] "GET /images/mini_prod/8422784258286NN.jpg HTTP/1.0" 200 271 "-" "Googlebot-Image/1.0"
157.90.177.217 - - [22/Sep/2022:14:49:52 +0200] "GET /mobile-bells-metal-elephants-p-41509.html HTTP/1.0" 200 75390 "-" "Mozilla/5.0 (compatible; BLEXBot/1.0; +http://webmeup-crawler.com/)"
157.90.177.217 - - [22/Sep/2022:14:49:57 +0200] "GET /mobile-trees-leaves-rusty-metal-p-49498.html HTTP/1.0" 200 75451 "-" "Mozilla/5.0 (compatible; BLEXBot/1.0; +http://webmeup-crawler.com/)"
156.59.237.147 - - [22/Sep/2022:14:50:00 +0200] "GET /images/mini_prod/8424017389316.jpg HTTP/1.0" 200 269 "-" "Mozilla/5.0 (X11; Ubuntu; Linux x86_64; rv:72.0) Gecko/20100101 Firefox/72.0"
157.90.177.217 - - [22/Sep/2022:14:50:05 +0200] "GET /model-criterium-p-35449.html HTTP/1.0" 200 74737 "-" "Mozilla/5.0 (compatible; BLEXBot/1.0; +http://webmeup-crawler.com/)"
216.244.66.242 - - [22/Sep/2022:14:50:08 +0200] "GET /images/big_prod/4542202656389.jpg HTTP/1.0" 200 268 "-" "Mozilla/5.0 (compatible; DotBot/1.2; +https://opensiteexplorer.org/dotbot; help@moz.com)"
157.90.177.217 - - [22/Sep/2022:14:50:11 +0200] "GET /model-felt-orange-p-20193.html HTTP/1.0" 200 74814 "-" "Mozilla/5.0 (compatible; BLEXBot/1.0; +http://webmeup-crawler.com/)"
216.244.66.242 - - [22/Sep/2022:14:50:13 +0200] "GET /love-personnalized-small-p-17677.html HTTP/1.0" 200 74955 "-" "Mozilla/5.0 (compatible; DotBot/1.2; +https://opensiteexplorer.org/dotbot; help@moz.com)"
157.90.177.217 - - [22/Sep/2022:14:50:17 +0200] "GET /model-felt-yellow-p-20192.html HTTP/1.0" 200 74814 "-" "Mozilla/5.0 (compatible; BLEXBot/1.0; +http://webmeup-crawler.com/)"
157.90.177.217 - - [22/Sep/2022:14:50:22 +0200] "GET /model-green-glitter-p-15847.html HTTP/1.0" 200 75391 "-" "Mozilla/5.0 (compatible; BLEXBot/1.0; +http://webmeup-crawler.com/)"
185.191.171.43 - - [22/Sep/2022:14:50:26 +0200] "GET /decorative-wooden-plate-table-p-55802.html HTTP/1.0" 200 75446 "-" "Mozilla/5.0 (compatible; SemrushBot/7~bl; +http://www.semrush.com/bot.html)"
157.90.177.217 - - [22/Sep/2022:14:50:27 +0200] "GET /mojito-metal-plate-deco-p-50003.html HTTP/1.0" 200 74669 "-" "Mozilla/5.0 (compatible; BLEXBot/1.0; +http://webmeup-crawler.com/)"
157.90.177.217 - - [22/Sep/2022:14:50:35 +0200] "GET /mojito-metal-tray-p-53575.html HTTP/1.0" 200 75540 "-" "Mozilla/5.0 (compatible; BLEXBot/1.0; +http://webmeup-crawler.com/)"
157.90.177.217 - - [22/Sep/2022:14:50:41 +0200] "GET /moki-bedspread-gold-p-56951.html HTTP/1.0" 200 75536 "-" "Mozilla/5.0 (compatible; BLEXBot/1.0; +http://webmeup-crawler.com/)"
34.67.96.123 - - [22/Sep/2022:14:50:43 +0200] "GET /images/mini_prod/3014627950058.jpg HTTP/1.0" 200 269 "-" "Mozilla/5.0 (X11; Ubuntu; Linux x86_64; rv:72.0) Gecko/20100101 Firefox/72.0"
157.90.177.217 - - [22/Sep/2022:14:50:46 +0200] "GET /moki-bedspread-gold-p-56952.html HTTP/1.0" 200 75524 "-" "Mozilla/5.0 (compatible; BLEXBot/1.0; +http://webmeup-crawler.com/)"
185.191.171.45 - - [22/Sep/2022:14:50:47 +0200] "GET /-p-34004.html HTTP/1.0" 200 72060 "-" "Mozilla/5.0 (compatible; SemrushBot/7~bl; +http://www.semrush.com/bot.html)"
66.249.66.60 - - [22/Sep/2022:14:50:48 +0200] "GET /doormats-entrance-carpets-c-11_269_266.html?page=1 HTTP/1.0" 200 92695 "-" "Mozilla/5.0 (Linux; Android 6.0.1; Nexus 5X Build/MMB29P) AppleWebKit/537.36 (KHTML, like Gecko) Chrome/105.0.5195.125 Mobile Safari/537.36 (compatible; Googlebot/2.1; +http://www.google.com/bot.html)"
156.59.237.148 - - [22/Sep/2022:14:50:51 +0200] "GET /images/big_prod_1/1328399139835B.jpg HTTP/1.0" 200 271 "-" "Mozilla/5.0 (X11; Ubuntu; Linux x86_64; rv:72.0) Gecko/20100101 Firefox/72.0"
157.90.177.217 - - [22/Sep/2022:14:50:52 +0200] "GET /moki-bedspread-p-53238.html HTTP/1.0" 200 74895 "-" "Mozilla/5.0 (compatible; BLEXBot/1.0; +http://webmeup-crawler.com/)"
157.90.177.217 - - [22/Sep/2022:14:50:57 +0200] "GET /moki-bedspread-p-53242.html HTTP/1.0" 200 75479 "-" "Mozilla/5.0 (compatible; BLEXBot/1.0; +http://webmeup-crawler.com/)"
185.191.171.12 - - [22/Sep/2022:14:51:00 +0200] "GET /-p-40822.html HTTP/1.0" 200 72060 "-" "Mozilla/5.0 (compatible; SemrushBot/7~bl; +http://www.semrush.com/bot.html)"
157.90.177.217 - - [22/Sep/2022:14:51:03 +0200] "GET /monaco-homework-notebooks-p-36936.html HTTP/1.0" 200 74933 "-" "Mozilla/5.0 (compatible; BLEXBot/1.0; +http://webmeup-crawler.com/)"
66.249.66.212 - - [22/Sep/2022:14:51:04 +0200] "GET /sonny-angel-musician-series-p-56723.html HTTP/1.0" 200 75840 "-" "Mozilla/5.0 (compatible; Googlebot/2.1; +http://www.google.com/bot.html)"
157.90.177.217 - - [22/Sep/2022:14:51:08 +0200] "GET /monaco-white-wallet-p-38645.html HTTP/1.0" 200 75621 "-" "Mozilla/5.0 (compatible; BLEXBot/1.0; +http://webmeup-crawler.com/)"
114.119.133.245 - - [22/Sep/2022:14:51:10 +0200] "GET /images/big_prod/3453131155205.jpg HTTP/1.0" 200 268 "http://www.wonder-geek.com/crazy-michelle-allen-designs-coasters-p-53172.html" "Mozilla/5.0 (Linux; Android 7.0;) AppleWebKit/537.36 (KHTML, like Gecko) Mobile Safari/537.36 (compatible; PetalBot;+https://webmaster.petalsearch.com/site/petalbot)"
157.90.177.217 - - [22/Sep/2022:14:51:13 +0200] "GET /money-boxes-c-13_83.html?page=10 HTTP/1.0" 200 95202 "-" "Mozilla/5.0 (compatible; BLEXBot/1.0; +http://webmeup-crawler.com/)"
156.59.237.152 - - [22/Sep/2022:14:51:21 +0200] "GET /images/mini_prod/3662468005415.jpg HTTP/1.0" 200 269 "-" "Mozilla/5.0 (X11; Ubuntu; Linux x86_64; rv:72.0) Gecko/20100101 Firefox/72.0"
157.90.177.217 - - [22/Sep/2022:14:51:25 +0200] "GET /money-boxes-c-13_83.html?page=11 HTTP/1.0" 200 93766 "-" "Mozilla/5.0 (compatible; BLEXBot/1.0; +http://webmeup-crawler.com/)"
17.121.114.220 - - [22/Sep/2022:14:51:28 +0200] "GET /images/big_prod_1/8422017830135B.jpg HTTP/1.0" 200 271 "-" "Mozilla/5.0 (Macintosh; Intel Mac OS X 10_15_5) AppleWebKit/605.1.15 (KHTML, like Gecko) Version/13.1.1 Safari/605.1.15 (Applebot/0.1; +http://www.apple.com/go/applebot)"
157.90.177.217 - - [22/Sep/2022:14:51:31 +0200] "GET /money-boxes-c-13_83.html?page=2 HTTP/1.0" 200 95171 "-" "Mozilla/5.0 (compatible; BLEXBot/1.0; +http://webmeup-crawler.com/)"
157.55.39.12 - - [22/Sep/2022:14:51:32 +0200] "GET /terracota-polyester-round-chair-cushion-p-50046.html HTTP/1.0" 200 75463 "-" "Mozilla/5.0 AppleWebKit/537.36 (KHTML, like Gecko; compatible; bingbot/2.0; +http://www.bing.com/bingbot.htm) Chrome/103.0.5060.134 Safari/537.36"
66.249.66.70 - - [22/Sep/2022:14:51:37 +0200] "GET /images/big_prod_1/50141424346522613A.jpg HTTP/1.0" 200 275 "-" "Googlebot-Image/1.0"
157.90.177.217 - - [22/Sep/2022:14:51:38 +0200] "GET /money-boxes-c-13_83.html?page=3 HTTP/1.0" 200 94991 "-" "Mozilla/5.0 (compatible; BLEXBot/1.0; +http://webmeup-crawler.com/)"
157.90.177.217 - - [22/Sep/2022:14:51:43 +0200] "GET /money-boxes-c-13_83.html?page=4 HTTP/1.0" 200 94815 "-" "Mozilla/5.0 (compatible; BLEXBot/1.0; +http://webmeup-crawler.com/)"
157.90.177.217 - - [22/Sep/2022:14:51:49 +0200] "GET /money-boxes-c-13_83.html?page=5 HTTP/1.0" 200 95180 "-" "Mozilla/5.0 (compatible; BLEXBot/1.0; +http://webmeup-crawler.com/)"
157.90.177.217 - - [22/Sep/2022:14:51:55 +0200] "GET /money-boxes-c-13_83.html?page=6 HTTP/1.0" 200 96118 "-" "Mozilla/5.0 (compatible; BLEXBot/1.0; +http://webmeup-crawler.com/)"
156.59.237.148 - - [22/Sep/2022:14:52:02 +0200] "GET /images/mini_prod/3453131145718.jpg HTTP/1.0" 200 269 "-" "Mozilla/5.0 (X11; Ubuntu; Linux x86_64; rv:72.0) Gecko/20100101 Firefox/72.0"
157.90.177.217 - - [22/Sep/2022:14:52:01 +0200] "GET /money-boxes-c-13_83.html?page=7 HTTP/1.0" 200 95469 "-" "Mozilla/5.0 (compatible; BLEXBot/1.0; +http://webmeup-crawler.com/)"
157.90.177.217 - - [22/Sep/2022:14:52:06 +0200] "GET /money-boxes-c-13_83.html?page=8 HTTP/1.0" 200 95527 "-" "Mozilla/5.0 (compatible; BLEXBot/1.0; +http://webmeup-crawler.com/)"
157.90.177.217 - - [22/Sep/2022:14:52:12 +0200] "GET /money-boxes-c-13_83.html?page=9 HTTP/1.0" 200 95348 "-" "Mozilla/5.0 (compatible; BLEXBot/1.0; +http://webmeup-crawler.com/)"
157.90.177.217 - - [22/Sep/2022:14:52:18 +0200] "GET /monkey-gold-resin-p-56366.html HTTP/1.0" 200 75372 "-" "Mozilla/5.0 (compatible; BLEXBot/1.0; +http://webmeup-crawler.com/)"
157.90.177.217 - - [22/Sep/2022:14:52:23 +0200] "GET /monkey-statue-resin-said-nothing-nothing-seen-nothing-heard-p-54871.html HTTP/1.0" 200 75799 "-" "Mozilla/5.0 (compatible; BLEXBot/1.0; +http://webmeup-crawler.com/)"
157.90.177.217 - - [22/Sep/2022:14:52:28 +0200] "GET /monster-doll-cushion-personalized-picture-p-16681.html HTTP/1.0" 200 75311 "-" "Mozilla/5.0 (compatible; BLEXBot/1.0; +http://webmeup-crawler.com/)"
157.90.177.217 - - [22/Sep/2022:14:52:34 +0200] "GET /monster-doll-small-white-cushion-with-personalized-picture-p-16983.html HTTP/1.0" 200 75471 "-" "Mozilla/5.0 (compatible; BLEXBot/1.0; +http://webmeup-crawler.com/)"
34.198.236.55 - - [22/Sep/2022:14:52:39 +0200] "GET /images/mini_prod/3609810065192.jpg HTTP/1.0" 200 269 "-" "Mozilla/5.0 (X11; Ubuntu; Linux x86_64; rv:72.0) Gecko/20100101 Firefox/72.0"
157.90.177.217 - - [22/Sep/2022:14:52:38 +0200] "GET /monster-high-companion-wallet-p-15502.html HTTP/1.0" 200 75545 "-" "Mozilla/5.0 (compatible; BLEXBot/1.0; +http://webmeup-crawler.com/)"
157.90.177.217 - - [22/Sep/2022:14:52:44 +0200] "GET /monster-high-hair-clips-p-19418.html HTTP/1.0" 200 77470 "-" "Mozilla/5.0 (compatible; BLEXBot/1.0; +http://webmeup-crawler.com/)"
157.55.39.80 - - [22/Sep/2022:14:52:49 +0200] "GET /nici-porcupine-plush-p-35176.html HTTP/1.0" 200 72142 "-" "Mozilla/5.0 (compatible; bingbot/2.0; +http://www.bing.com/bingbot.htm)"
157.90.177.217 - - [22/Sep/2022:14:52:50 +0200] "GET /monster-high-lagoona-blue-polar-blanket-p-17429.html HTTP/1.0" 200 74970 "-" "Mozilla/5.0 (compatible; BLEXBot/1.0; +http://webmeup-crawler.com/)"
157.90.177.217 - - [22/Sep/2022:14:52:55 +0200] "GET /monster-high-logo-keyring-p-17475.html HTTP/1.0" 200 75623 "-" "Mozilla/5.0 (compatible; BLEXBot/1.0; +http://webmeup-crawler.com/)"
157.90.177.217 - - [22/Sep/2022:14:53:00 +0200] "GET /monster-high-mini-keychain-flashlight-white-p-17848.html HTTP/1.0" 200 74994 "-" "Mozilla/5.0 (compatible; BLEXBot/1.0; +http://webmeup-crawler.com/)"
157.90.177.217 - - [22/Sep/2022:14:53:05 +0200] "GET /monster-high-p-18676.html HTTP/1.0" 200 74909 "-" "Mozilla/5.0 (compatible; BLEXBot/1.0; +http://webmeup-crawler.com/)"
157.90.177.217 - - [22/Sep/2022:14:53:11 +0200] "GET /monster-high-pencil-p-21803.html HTTP/1.0" 200 75453 "-" "Mozilla/5.0 (compatible; BLEXBot/1.0; +http://webmeup-crawler.com/)"
157.90.177.217 - - [22/Sep/2022:14:53:16 +0200] "GET /monster-high-stationery-p-20401.html HTTP/1.0" 200 74956 "-" "Mozilla/5.0 (compatible; BLEXBot/1.0; +http://webmeup-crawler.com/)"
157.90.177.217 - - [22/Sep/2022:14:53:20 +0200] "GET /monstera-bamboo-flower-cover-p-57713.html HTTP/1.0" 200 75364 "-" "Mozilla/5.0 (compatible; BLEXBot/1.0; +http://webmeup-crawler.com/)"
157.90.177.217 - - [22/Sep/2022:14:53:24 +0200] "GET /monstera-shower-curtain-p-58289.html HTTP/1.0" 200 75434 "-" "Mozilla/5.0 (compatible; BLEXBot/1.0; +http://webmeup-crawler.com/)"
157.90.177.217 - - [22/Sep/2022:14:53:34 +0200] "GET /moroccan-ashtray-p-40617.html HTTP/1.0" 200 74666 "-" "Mozilla/5.0 (compatible; BLEXBot/1.0; +http://webmeup-crawler.com/)"
157.90.177.217 - - [22/Sep/2022:14:53:38 +0200] "GET /moto-retro-ottoman-storage-p-47384.html HTTP/1.0" 200 74893 "-" "Mozilla/5.0 (compatible; BLEXBot/1.0; +http://webmeup-crawler.com/)"
66.249.66.6 - - [22/Sep/2022:14:53:45 +0200] "GET /images/mini_prod/3438100339879.jpg HTTP/1.0" 200 269 "-" "Mozilla/5.0 (compatible; Googlebot/2.1; +http://www.google.com/bot.html)"
157.90.177.217 - - [22/Sep/2022:14:53:45 +0200] "GET /motor-cycles-small-metal-plate-p-37183.html HTTP/1.0" 200 74823 "-" "Mozilla/5.0 (compatible; BLEXBot/1.0; +http://webmeup-crawler.com/)"
157.90.177.217 - - [22/Sep/2022:14:53:50 +0200] "GET /motor-ottoman-storage-p-47385.html HTTP/1.0" 200 74853 "-" "Mozilla/5.0 (compatible; BLEXBot/1.0; +http://webmeup-crawler.com/)"
157.90.177.217 - - [22/Sep/2022:14:53:54 +0200] "GET /motor-ottoman-storage-p-47388.html HTTP/1.0" 200 74853 "-" "Mozilla/5.0 (compatible; BLEXBot/1.0; +http://webmeup-crawler.com/)"
157.90.177.217 - - [22/Sep/2022:14:53:59 +0200] "GET /mouse-c-129_85.html?page=2 HTTP/1.0" 200 93285 "-" "Mozilla/5.0 (compatible; BLEXBot/1.0; +http://webmeup-crawler.com/)"
216.244.66.242 - - [22/Sep/2022:14:54:02 +0200] "GET /images/3453131120968.jpg HTTP/1.0" 200 259 "-" "Mozilla/5.0 (compatible; DotBot/1.2; +https://opensiteexplorer.org/dotbot; help@moz.com)"
216.244.66.242 - - [22/Sep/2022:14:54:06 +0200] "GET /images/3553561711375ROUGE.JPG HTTP/1.0" 200 264 "-" "Mozilla/5.0 (compatible; DotBot/1.2; +https://opensiteexplorer.org/dotbot; help@moz.com)"
157.90.177.217 - - [22/Sep/2022:14:54:05 +0200] "GET /mouse-c-129_85.html?page=3 HTTP/1.0" 200 93144 "-" "Mozilla/5.0 (compatible; BLEXBot/1.0; +http://webmeup-crawler.com/)"
216.244.66.242 - - [22/Sep/2022:14:54:10 +0200] "GET /images/4895028508319.jpg HTTP/1.0" 200 259 "-" "Mozilla/5.0 (compatible; DotBot/1.2; +https://opensiteexplorer.org/dotbot; help@moz.com)"
157.90.177.217 - - [22/Sep/2022:14:54:10 +0200] "GET /mouse-c-129_85.html?page=4 HTTP/1.0" 200 93016 "-" "Mozilla/5.0 (compatible; BLEXBot/1.0; +http://webmeup-crawler.com/)"
216.244.66.242 - - [22/Sep/2022:14:54:14 +0200] "GET /images/75508bis.jpg HTTP/1.0" 200 254 "-" "Mozilla/5.0 (compatible; DotBot/1.2; +https://opensiteexplorer.org/dotbot; help@moz.com)"
157.90.177.217 - - [22/Sep/2022:14:54:15 +0200] "GET /mouse-c-129_85.html?page=5 HTTP/1.0" 200 85365 "-" "Mozilla/5.0 (compatible; BLEXBot/1.0; +http://webmeup-crawler.com/)"
185.191.171.14 - - [22/Sep/2022:14:54:19 +0200] "GET /gold-snake-statuette-p-52336.html HTTP/1.0" 200 72130 "-" "Mozilla/5.0 (compatible; SemrushBot/7~bl; +http://www.semrush.com/bot.html)"
157.90.177.217 - - [22/Sep/2022:14:54:21 +0200] "GET /moustache-ring-p-18244.html HTTP/1.0" 200 74845 "-" "Mozilla/5.0 (compatible; BLEXBot/1.0; +http://webmeup-crawler.com/)"
157.90.177.217 - - [22/Sep/2022:14:54:25 +0200] "GET /mtal-signs-c-13_130.html?page=10 HTTP/1.0" 200 96606 "-" "Mozilla/5.0 (compatible; BLEXBot/1.0; +http://webmeup-crawler.com/)"
157.55.39.217 - - [22/Sep/2022:14:54:32 +0200] "GET /games-and-toys/toys/sunshine-kimmi-junior-dolls-p-9973.html HTTP/1.0" 301 72124 "-" "Mozilla/5.0 (compatible; bingbot/2.0; +http://www.bing.com/bingbot.htm)"
157.90.177.217 - - [22/Sep/2022:14:54:31 +0200] "GET /mtal-signs-c-13_130.html?page=11 HTTP/1.0" 200 97374 "-" "Mozilla/5.0 (compatible; BLEXBot/1.0; +http://webmeup-crawler.com/)"
207.46.13.149 - - [22/Sep/2022:14:54:36 +0200] "GET /little-prince-white-ceramic-plate-p-52499.html HTTP/1.0" 301 72127 "-" "Mozilla/5.0 AppleWebKit/537.36 (KHTML, like Gecko; compatible; bingbot/2.0; +http://www.bing.com/bingbot.htm) Chrome/103.0.5060.134 Safari/537.36"
157.90.177.217 - - [22/Sep/2022:14:54:40 +0200] "GET /mtal-signs-c-13_130.html?page=2 HTTP/1.0" 200 95723 "-" "Mozilla/5.0 (compatible; BLEXBot/1.0; +http://webmeup-crawler.com/)"
157.90.177.217 - - [22/Sep/2022:14:54:46 +0200] "GET /mtal-signs-c-13_130.html?page=3 HTTP/1.0" 200 95073 "-" "Mozilla/5.0 (compatible; BLEXBot/1.0; +http://webmeup-crawler.com/)"
207.46.13.149 - - [22/Sep/2022:14:54:47 +0200] "GET /gund-pink-small-plush-p-32416.html HTTP/1.0" 200 74822 "-" "Mozilla/5.0 (compatible; bingbot/2.0; +http://www.bing.com/bingbot.htm)"
157.90.177.217 - - [22/Sep/2022:14:54:51 +0200] "GET /mtal-signs-c-13_130.html?page=4 HTTP/1.0" 200 95898 "-" "Mozilla/5.0 (compatible; BLEXBot/1.0; +http://webmeup-crawler.com/)"
157.90.177.217 - - [22/Sep/2022:14:54:57 +0200] "GET /mtal-signs-c-13_130.html?page=5 HTTP/1.0" 200 95994 "-" "Mozilla/5.0 (compatible; BLEXBot/1.0; +http://webmeup-crawler.com/)"
157.90.177.217 - - [22/Sep/2022:14:55:03 +0200] "GET /mtal-signs-c-13_130.html?page=6 HTTP/1.0" 200 96431 "-" "Mozilla/5.0 (compatible; BLEXBot/1.0; +http://webmeup-crawler.com/)"
185.191.171.14 - - [22/Sep/2022:14:55:09 +0200] "GET /moroccan-triskel-ashtray-blue-p-46441.html HTTP/1.0" 200 75347 "-" "Mozilla/5.0 (compatible; SemrushBot/7~bl; +http://www.semrush.com/bot.html)"
157.90.177.217 - - [22/Sep/2022:14:55:09 +0200] "GET /mtal-signs-c-13_130.html?page=7 HTTP/1.0" 200 96535 "-" "Mozilla/5.0 (compatible; BLEXBot/1.0; +http://webmeup-crawler.com/)"
157.55.39.28 - - [22/Sep/2022:14:55:15 +0200] "GET /images/big_prod_1/3660173235608a.jpg HTTP/1.0" 200 271 "-" "Mozilla/5.0 (compatible; bingbot/2.0; +http://www.bing.com/bingbot.htm)"
34.198.236.55 - - [22/Sep/2022:14:55:16 +0200] "GET /images/mini_prod/1384220402431.jpg HTTP/1.0" 200 269 "-" "Mozilla/5.0 (X11; Ubuntu; Linux x86_64; rv:72.0) Gecko/20100101 Firefox/72.0"
157.90.177.217 - - [22/Sep/2022:14:55:16 +0200] "GET /mtal-signs-c-13_130.html?page=8 HTTP/1.0" 200 96581 "-" "Mozilla/5.0 (compatible; BLEXBot/1.0; +http://webmeup-crawler.com/)"
157.90.177.217 - - [22/Sep/2022:14:55:22 +0200] "GET /mtal-signs-c-13_130.html?page=9 HTTP/1.0" 200 96213 "-" "Mozilla/5.0 (compatible; BLEXBot/1.0; +http://webmeup-crawler.com/)"
157.90.177.217 - - [22/Sep/2022:14:55:26 +0200] "GET /mtal-small-baby-teeth-green-blue-p-47098.html HTTP/1.0" 200 74953 "-" "Mozilla/5.0 (compatible; BLEXBot/1.0; +http://webmeup-crawler.com/)"
157.90.177.217 - - [22/Sep/2022:14:55:32 +0200] "GET /mtal-small-baby-teeth-p-50821.html HTTP/1.0" 200 74854 "-" "Mozilla/5.0 (compatible; BLEXBot/1.0; +http://webmeup-crawler.com/)"
66.249.66.144 - - [22/Sep/2022:14:55:41 +0200] "GET /images/big_prod/3609810052994.jpg HTTP/1.0" 200 268 "-" "Googlebot-Image/1.0"
157.55.39.28 - - [22/Sep/2022:14:55:45 +0200] "GET /-p-3950.html HTTP/1.0" 200 72058 "-" "Mozilla/5.0 AppleWebKit/537.36 (KHTML, like Gecko; compatible; bingbot/2.0; +http://www.bing.com/bingbot.htm) Chrome/103.0.5060.134 Safari/537.36"
157.90.177.217 - - [22/Sep/2022:14:55:47 +0200] "GET /mtal-small-baby-teeth-p-50822.html HTTP/1.0" 200 74854 "-" "Mozilla/5.0 (compatible; BLEXBot/1.0; +http://webmeup-crawler.com/)"
157.55.39.80 - - [22/Sep/2022:14:55:50 +0200] "GET /ceramic-salt-with-spoon-cabourg-p-50635.html HTTP/1.0" 200 74765 "-" "Mozilla/5.0 (compatible; bingbot/2.0; +http://www.bing.com/bingbot.htm)"
157.90.177.217 - - [22/Sep/2022:14:55:53 +0200] "GET /mtal-small-baby-teeth-p-50824.html HTTP/1.0" 200 74854 "-" "Mozilla/5.0 (compatible; BLEXBot/1.0; +http://webmeup-crawler.com/)"
207.46.13.149 - - [22/Sep/2022:14:55:55 +0200] "GET /oops-daisy-vintage-gorjuss-post-card-p-34617.html HTTP/1.0" 301 72127 "-" "Mozilla/5.0 (compatible; bingbot/2.0; +http://www.bing.com/bingbot.htm)"
157.90.177.217 - - [22/Sep/2022:14:55:57 +0200] "GET /mtal-small-baby-teeth-pink-p-47099.html HTTP/1.0" 200 75512 "-" "Mozilla/5.0 (compatible; BLEXBot/1.0; +http://webmeup-crawler.com/)"
157.90.177.217 - - [22/Sep/2022:14:56:03 +0200] "GET /mtal-small-baby-teeth-pink-p-47100.html HTTP/1.0" 200 75511 "-" "Mozilla/5.0 (compatible; BLEXBot/1.0; +http://webmeup-crawler.com/)"
66.249.66.148 - - [22/Sep/2022:14:56:06 +0200] "GET /cats-isothermic-stainless-steel-bottle-jewels-p-54544.html HTTP/1.0" 200 75608 "-" "Mozilla/5.0 (Linux; Android 6.0.1; Nexus 5X Build/MMB29P) AppleWebKit/537.36 (KHTML, like Gecko) Chrome/105.0.5195.125 Mobile Safari/537.36 (compatible; Googlebot/2.1; +http://www.google.com/bot.html)"
157.90.177.217 - - [22/Sep/2022:14:56:08 +0200] "GET /mugs-mazagrans-c-12_57.html?page=10 HTTP/1.0" 200 98004 "-" "Mozilla/5.0 (compatible; BLEXBot/1.0; +http://webmeup-crawler.com/)"
17.121.112.172 - - [22/Sep/2022:14:56:09 +0200] "GET /toothbox-c-13_150_170.html HTTP/1.0" 200 92689 "-" "Mozilla/5.0 (Macintosh; Intel Mac OS X 10_15_5) AppleWebKit/605.1.15 (KHTML, like Gecko) Version/13.1.1 Safari/605.1.15 (Applebot/0.1; +http://www.apple.com/go/applebot)"
66.249.66.8 - - [22/Sep/2022:14:56:12 +0200] "GET /images/mini_prod/5017224571938.jpg HTTP/1.0" 200 269 "-" "Googlebot-Image/1.0"
157.90.177.217 - - [22/Sep/2022:14:56:14 +0200] "GET /mugs-mazagrans-c-12_57.html?page=11 HTTP/1.0" 200 98501 "-" "Mozilla/5.0 (compatible; BLEXBot/1.0; +http://webmeup-crawler.com/)"
157.90.177.217 - - [22/Sep/2022:14:56:19 +0200] "GET /mugs-mazagrans-c-12_57.html?page=2 HTTP/1.0" 200 97181 "-" "Mozilla/5.0 (compatible; BLEXBot/1.0; +http://webmeup-crawler.com/)"
157.90.177.217 - - [22/Sep/2022:14:56:27 +0200] "GET /mugs-mazagrans-c-12_57.html?page=3 HTTP/1.0" 200 97654 "-" "Mozilla/5.0 (compatible; BLEXBot/1.0; +http://webmeup-crawler.com/)"
157.90.177.217 - - [22/Sep/2022:14:56:33 +0200] "GET /mugs-mazagrans-c-12_57.html?page=4 HTTP/1.0" 200 97091 "-" "Mozilla/5.0 (compatible; BLEXBot/1.0; +http://webmeup-crawler.com/)"
157.90.177.217 - - [22/Sep/2022:14:56:40 +0200] "GET /mugs-mazagrans-c-12_57.html?page=5 HTTP/1.0" 200 97131 "-" "Mozilla/5.0 (compatible; BLEXBot/1.0; +http://webmeup-crawler.com/)"
157.55.39.217 - - [22/Sep/2022:14:56:41 +0200] "GET /isothermic-stainless-steel-bottle-parrot-by-cbkreation-p-51045.html HTTP/1.0" 301 75084 "-" "Mozilla/5.0 AppleWebKit/537.36 (KHTML, like Gecko; compatible; bingbot/2.0; +http://www.bing.com/bingbot.htm) Chrome/103.0.5060.134 Safari/537.36"
157.90.177.217 - - [22/Sep/2022:14:56:46 +0200] "GET /mugs-mazagrans-c-12_57.html?page=6 HTTP/1.0" 200 97385 "-" "Mozilla/5.0 (compatible; BLEXBot/1.0; +http://webmeup-crawler.com/)"
157.90.177.217 - - [22/Sep/2022:14:56:50 +0200] "GET /mugs-mazagrans-c-12_57.html?page=7 HTTP/1.0" 200 97977 "-" "Mozilla/5.0 (compatible; BLEXBot/1.0; +http://webmeup-crawler.com/)"
157.90.177.217 - - [22/Sep/2022:14:56:54 +0200] "GET /mugs-mazagrans-c-12_57.html?page=8 HTTP/1.0" 200 97768 "-" "Mozilla/5.0 (compatible; BLEXBot/1.0; +http://webmeup-crawler.com/)"
34.67.96.123 - - [22/Sep/2022:14:56:56 +0200] "GET /images/mini_prod/5415203904171.jpg HTTP/1.0" 200 269 "-" "Mozilla/5.0 (X11; Ubuntu; Linux x86_64; rv:72.0) Gecko/20100101 Firefox/72.0"
157.90.177.217 - - [22/Sep/2022:14:57:00 +0200] "GET /mugs-mazagrans-c-12_57.html?page=9 HTTP/1.0" 200 97681 "-" "Mozilla/5.0 (compatible; BLEXBot/1.0; +http://webmeup-crawler.com/)"
157.90.177.217 - - [22/Sep/2022:14:57:05 +0200] "GET /multifunctional-clamp-stainless-steel-p-37497.html HTTP/1.0" 200 74915 "-" "Mozilla/5.0 (compatible; BLEXBot/1.0; +http://webmeup-crawler.com/)"
211.140.23.130 - - [22/Sep/2022:14:57:15 +0200] "GET /images/mini_prod/3503420208263.jpg HTTP/1.0" 200 269 "-" "Mozilla/5.0 (Windows NT 10.0; WOW64) AppleWebKit/537.36 (KHTML, like Gecko) Chrome/90.0.4430.212 Safari/537.36"
157.90.177.217 - - [22/Sep/2022:14:57:15 +0200] "GET /music-disc-turns-recorder-p-41581.html HTTP/1.0" 200 75777 "-" "Mozilla/5.0 (compatible; BLEXBot/1.0; +http://webmeup-crawler.com/)"
66.249.66.6 - - [22/Sep/2022:14:57:17 +0200] "GET /images/big_prod_1/1384010201701D.jpg HTTP/1.0" 200 271 "-" "Googlebot-Image/1.0"
211.140.23.130 - - [22/Sep/2022:14:57:22 +0200] "GET /images/mini_prod/3503420121401.jpg HTTP/1.0" 200 269 "-" "Mozilla/5.0 (Windows NT 10.0; WOW64) AppleWebKit/537.36 (KHTML, like Gecko) Chrome/90.0.4430.212 Safari/537.36"
157.90.177.217 - - [22/Sep/2022:14:57:21 +0200] "GET /musical-c-13_150_149.html?page=2 HTTP/1.0" 200 93482 "-" "Mozilla/5.0 (compatible; BLEXBot/1.0; +http://webmeup-crawler.com/)"
157.90.177.217 - - [22/Sep/2022:14:57:26 +0200] "GET /musical-c-13_150_149.html?page=3 HTTP/1.0" 200 80205 "-" "Mozilla/5.0 (compatible; BLEXBot/1.0; +http://webmeup-crawler.com/)"
157.90.177.217 - - [22/Sep/2022:14:57:31 +0200] "GET /musical-jewelery-tutu-dancer-p-50833.html HTTP/1.0" 200 75860 "-" "Mozilla/5.0 (compatible; BLEXBot/1.0; +http://webmeup-crawler.com/)"
211.140.23.130 - - [22/Sep/2022:14:57:33 +0200] "GET /images/mini_prod/3503420237386.jpg HTTP/1.0" 200 269 "-" "Mozilla/5.0 (Windows NT 10.0; WOW64) AppleWebKit/537.36 (KHTML, like Gecko) Chrome/90.0.4430.212 Safari/537.36"
157.55.39.12 - - [22/Sep/2022:14:57:31 +0200] "GET /goldorak-p-30225.html HTTP/1.0" 200 74760 "-" "Mozilla/5.0 (compatible; bingbot/2.0; +http://www.bing.com/bingbot.htm)"
157.90.177.217 - - [22/Sep/2022:14:57:37 +0200] "GET /musical-jewelry-p-42719.html HTTP/1.0" 200 74802 "-" "Mozilla/5.0 (compatible; BLEXBot/1.0; +http://webmeup-crawler.com/)"
157.90.177.217 - - [22/Sep/2022:14:57:42 +0200] "GET /mustard-yellow-fitted-sheet-p-51978.html HTTP/1.0" 200 75369 "-" "Mozilla/5.0 (compatible; BLEXBot/1.0; +http://webmeup-crawler.com/)"
157.90.177.217 - - [22/Sep/2022:14:57:47 +0200] "GET /napkin-holder-branch-black-p-57990.html HTTP/1.0" 200 75370 "-" "Mozilla/5.0 (compatible; BLEXBot/1.0; +http://webmeup-crawler.com/)"
157.90.177.217 - - [22/Sep/2022:14:57:54 +0200] "GET /napkin-holder-branch-cream-p-58519.html HTTP/1.0" 200 75363 "-" "Mozilla/5.0 (compatible; BLEXBot/1.0; +http://webmeup-crawler.com/)"
157.90.177.217 - - [22/Sep/2022:14:58:00 +0200] "GET /napkin-holder-branch-gold-p-58520.html HTTP/1.0" 200 75360 "-" "Mozilla/5.0 (compatible; BLEXBot/1.0; +http://webmeup-crawler.com/)"
157.90.177.217 - - [22/Sep/2022:14:58:06 +0200] "GET /napkin-holder-branch-silver-p-58521.html HTTP/1.0" 200 75373 "-" "Mozilla/5.0 (compatible; BLEXBot/1.0; +http://webmeup-crawler.com/)"
157.90.177.217 - - [22/Sep/2022:14:58:12 +0200] "GET /napkin-holder-heart-black-p-58516.html HTTP/1.0" 200 75458 "-" "Mozilla/5.0 (compatible; BLEXBot/1.0; +http://webmeup-crawler.com/)"
185.191.171.6 - - [22/Sep/2022:14:58:15 +0200] "GET /baskets-magazine-rack-p-50693.html HTTP/1.0" 200 75777 "-" "Mozilla/5.0 (compatible; SemrushBot/7~bl; +http://www.semrush.com/bot.html)"
156.59.237.152 - - [22/Sep/2022:14:58:18 +0200] "GET /images/mini_prod/3438100344569.jpg HTTP/1.0" 200 269 "-" "Mozilla/5.0 (X11; Ubuntu; Linux x86_64; rv:72.0) Gecko/20100101 Firefox/72.0"
157.90.177.217 - - [22/Sep/2022:14:58:17 +0200] "GET /napkin-holder-heart-cream-p-58515.html HTTP/1.0" 200 75458 "-" "Mozilla/5.0 (compatible; BLEXBot/1.0; +http://webmeup-crawler.com/)"
157.90.177.217 - - [22/Sep/2022:14:58:22 +0200] "GET /napkin-holder-heart-small-black-p-58517.html HTTP/1.0" 200 75403 "-" "Mozilla/5.0 (compatible; BLEXBot/1.0; +http://webmeup-crawler.com/)"
185.191.171.4 - - [22/Sep/2022:14:58:28 +0200] "GET /daisy-candy-cloud-keychain-p-49762.html HTTP/1.0" 200 74720 "-" "Mozilla/5.0 (compatible; SemrushBot/7~bl; +http://www.semrush.com/bot.html)"
157.90.177.217 - - [22/Sep/2022:14:58:31 +0200] "GET /napkin-holder-standing-lattice-cream-p-58523.html HTTP/1.0" 200 75439 "-" "Mozilla/5.0 (compatible; BLEXBot/1.0; +http://webmeup-crawler.com/)"
211.140.23.130 - - [22/Sep/2022:14:58:32 +0200] "GET /images/mini_prod/3503420121333.jpg HTTP/1.0" 200 269 "-" "Mozilla/5.0 (Windows NT 10.0; WOW64) AppleWebKit/537.36 (KHTML, like Gecko) Chrome/90.0.4430.212 Safari/537.36"
157.90.177.217 - - [22/Sep/2022:14:58:35 +0200] "GET /napkin-holder-standing-lattice-gold-p-58524.html HTTP/1.0" 200 75429 "-" "Mozilla/5.0 (compatible; BLEXBot/1.0; +http://webmeup-crawler.com/)"
156.59.237.147 - - [22/Sep/2022:14:58:41 +0200] "GET /images/big_prod_1/b3608860261035.jpg HTTP/1.0" 200 271 "-" "Mozilla/5.0 (X11; Ubuntu; Linux x86_64; rv:72.0) Gecko/20100101 Firefox/72.0"
157.90.177.217 - - [22/Sep/2022:14:58:40 +0200] "GET /napkins-dispenser-p-40694.html HTTP/1.0" 200 74616 "-" "Mozilla/5.0 (compatible; BLEXBot/1.0; +http://webmeup-crawler.com/)"
211.140.23.130 - - [22/Sep/2022:14:58:45 +0200] "GET /images/mini_prod/3503420192593.jpg HTTP/1.0" 200 269 "-" "Mozilla/5.0 (Windows NT 10.0; WOW64) AppleWebKit/537.36 (KHTML, like Gecko) Chrome/90.0.4430.212 Safari/537.36"
157.90.177.217 - - [22/Sep/2022:14:58:44 +0200] "GET /naruto-black-swimsuit-p-30583.html HTTP/1.0" 200 75846 "-" "Mozilla/5.0 (compatible; BLEXBot/1.0; +http://webmeup-crawler.com/)"
157.90.177.217 - - [22/Sep/2022:14:58:51 +0200] "GET /naruto-blue-swimsuit-p-30582.html HTTP/1.0" 200 75817 "-" "Mozilla/5.0 (compatible; BLEXBot/1.0; +http://webmeup-crawler.com/)"
157.90.177.217 - - [22/Sep/2022:14:58:54 +0200] "GET /naruto-picture-frame-p-1481.html HTTP/1.0" 200 74713 "-" "Mozilla/5.0 (compatible; BLEXBot/1.0; +http://webmeup-crawler.com/)"
157.90.177.217 - - [22/Sep/2022:14:58:58 +0200] "GET /narval-night-light-p-48239.html HTTP/1.0" 200 75366 "-" "Mozilla/5.0 (compatible; BLEXBot/1.0; +http://webmeup-crawler.com/)"
157.90.177.217 - - [22/Sep/2022:14:59:05 +0200] "GET /natural-bamboo-bath-p-56262.html HTTP/1.0" 200 75659 "-" "Mozilla/5.0 (compatible; BLEXBot/1.0; +http://webmeup-crawler.com/)"
157.90.177.217 - - [22/Sep/2022:14:59:11 +0200] "GET /natural-rattan-bread-p-49280.html HTTP/1.0" 200 75419 "-" "Mozilla/5.0 (compatible; BLEXBot/1.0; +http://webmeup-crawler.com/)"
157.90.177.217 - - [22/Sep/2022:14:59:17 +0200] "GET /natural-wood-p-54954.html HTTP/1.0" 200 75399 "-" "Mozilla/5.0 (compatible; BLEXBot/1.0; +http://webmeup-crawler.com/)"
157.90.177.217 - - [22/Sep/2022:14:59:23 +0200] "GET /neon-colored-pencils-model-p-15795.html HTTP/1.0" 200 74509 "-" "Mozilla/5.0 (compatible; BLEXBot/1.0; +http://webmeup-crawler.com/)"
157.90.177.217 - - [22/Sep/2022:14:59:29 +0200] "GET /nerf-darts-refill-elite-p-20346.html HTTP/1.0" 200 74595 "-" "Mozilla/5.0 (compatible; BLEXBot/1.0; +http://webmeup-crawler.com/)"
157.90.177.217 - - [22/Sep/2022:14:59:36 +0200] "GET /nici-adventure-wild-friends-pencil-sharpener-p-20587.html HTTP/1.0" 200 75168 "-" "Mozilla/5.0 (compatible; BLEXBot/1.0; +http://webmeup-crawler.com/)"
157.55.39.12 - - [22/Sep/2022:14:59:41 +0200] "GET /green-polyester-round-chair-cushion-p-51499.html HTTP/1.0" 200 75434 "-" "Mozilla/5.0 (compatible; bingbot/2.0; +http://www.bing.com/bingbot.htm)"
185.191.171.18 - - [22/Sep/2022:14:59:42 +0200] "GET /pink-kitchen-towel-p-55171.html HTTP/1.0" 200 75319 "-" "Mozilla/5.0 (compatible; SemrushBot/7~bl; +http://www.semrush.com/bot.html)"
157.90.177.217 - - [22/Sep/2022:14:59:44 +0200] "GET /nici-adventure-wild-friends-pencils-gray-p-20582.html HTTP/1.0" 200 75515 "-" "Mozilla/5.0 (compatible; BLEXBot/1.0; +http://webmeup-crawler.com/)"
66.249.66.72 - - [22/Sep/2022:14:59:47 +0200] "GET /images/mini_prod/3442440259261.jpg HTTP/1.0" 200 269 "-" "Mozilla/5.0 (compatible; Googlebot/2.1; +http://www.google.com/bot.html)"
87.250.224.94 - - [22/Sep/2022:14:59:48 +0200] "GET /green-polyester-round-chair-cushion-p-51499.html HTTP/1.0" 200 75434 "-" "Mozilla/5.0 (compatible; YandexBot/3.0; +http://yandex.com/bots)"
157.90.177.217 - - [22/Sep/2022:14:59:50 +0200] "GET /nici-ayumi-brown-portfolio-p-33439.html HTTP/1.0" 200 74929 "-" "Mozilla/5.0 (compatible; BLEXBot/1.0; +http://webmeup-crawler.com/)"
185.191.171.44 - - [22/Sep/2022:14:59:53 +0200] "GET /spongebob-small-oval-placemat-p-17139.html HTTP/1.0" 200 74959 "-" "Mozilla/5.0 (compatible; SemrushBot/7~bl; +http://www.semrush.com/bot.html)"
157.90.177.217 - - [22/Sep/2022:14:59:57 +0200] "GET /nici-ayumi-brown-portfolio-p-33644.html HTTP/1.0" 200 74929 "-" "Mozilla/5.0 (compatible; BLEXBot/1.0; +http://webmeup-crawler.com/)"
66.249.66.210 - - [22/Sep/2022:15:00:04 +0200] "GET /images/mini_prod/3612875122755.jpg HTTP/1.0" 200 269 "-" "Mozilla/5.0 (compatible; Googlebot/2.1; +http://www.google.com/bot.html)"
157.90.177.217 - - [22/Sep/2022:15:00:02 +0200] "GET /nici-horses-mouse-p-9494.html HTTP/1.0" 200 74802 "-" "Mozilla/5.0 (compatible; BLEXBot/1.0; +http://webmeup-crawler.com/)"
157.90.177.217 - - [22/Sep/2022:15:00:10 +0200] "GET /nici-jolly-elsa-sheep-wallet-p-9244.html HTTP/1.0" 200 75044 "-" "Mozilla/5.0 (compatible; BLEXBot/1.0; +http://webmeup-crawler.com/)"
207.46.13.149 - - [22/Sep/2022:15:00:15 +0200] "GET /pill-passion-p-34377.html HTTP/1.0" 200 72124 "-" "Mozilla/5.0 (compatible; bingbot/2.0; +http://www.bing.com/bingbot.htm)"
185.191.171.24 - - [22/Sep/2022:15:00:17 +0200] "GET /drive-love-metal-plate-deco-p-36120.html HTTP/1.0" 200 74833 "-" "Mozilla/5.0 (compatible; SemrushBot/7~bl; +http://www.semrush.com/bot.html)"
185.191.171.21 - - [22/Sep/2022:15:00:21 +0200] "GET /pure-washed-linen-cushion-cover-p-54380.html HTTP/1.0" 200 75954 "-" "Mozilla/5.0 (compatible; SemrushBot/7~bl; +http://www.semrush.com/bot.html)"
157.90.177.217 - - [22/Sep/2022:15:00:21 +0200] "GET /nici-jolly-gustuv-wallet-p-9245.html HTTP/1.0" 200 75001 "-" "Mozilla/5.0 (compatible; BLEXBot/1.0; +http://webmeup-crawler.com/)"
157.90.177.217 - - [22/Sep/2022:15:00:28 +0200] "GET /nici-jolly-sheep-pencils-gray-p-20584.html HTTP/1.0" 200 74781 "-" "Mozilla/5.0 (compatible; BLEXBot/1.0; +http://webmeup-crawler.com/)"
157.55.39.217 - - [22/Sep/2022:15:00:32 +0200] "GET /mickey-birthday-card-with-envelope-p-25258.html HTTP/1.0" 200 74759 "-" "Mozilla/5.0 (compatible; bingbot/2.0; +http://www.bing.com/bingbot.htm)"
157.90.177.217 - - [22/Sep/2022:15:00:36 +0200] "GET /nici-love-cats-notebook-p-12299.html HTTP/1.0" 200 74802 "-" "Mozilla/5.0 (compatible; BLEXBot/1.0; +http://webmeup-crawler.com/)"
185.191.171.3 - - [22/Sep/2022:15:00:37 +0200] "GET /stone-septarian-grams-p-46597.html HTTP/1.0" 200 76026 "-" "Mozilla/5.0 (compatible; SemrushBot/7~bl; +http://www.semrush.com/bot.html)"
17.121.115.20 - - [22/Sep/2022:15:00:42 +0200] "GET /images/3281640356321.jpg HTTP/1.0" 200 259 "-" "Mozilla/5.0 (Macintosh; Intel Mac OS X 10_15_5) AppleWebKit/605.1.15 (KHTML, like Gecko) Version/13.1.1 Safari/605.1.15 (Applebot/0.1; +http://www.apple.com/go/applebot)"
157.90.177.217 - - [22/Sep/2022:15:00:45 +0200] "GET /nici-love-pooh-memo-clip-p-23175.html HTTP/1.0" 200 74692 "-" "Mozilla/5.0 (compatible; BLEXBot/1.0; +http://webmeup-crawler.com/)"
157.90.177.217 - - [22/Sep/2022:15:00:53 +0200] "GET /nici-love-pooh-wallet-p-23167.html HTTP/1.0" 200 74964 "-" "Mozilla/5.0 (compatible; BLEXBot/1.0; +http://webmeup-crawler.com/)"
157.90.177.217 - - [22/Sep/2022:15:00:58 +0200] "GET /nici-milo-gorilla-memo-clip-p-4972.html HTTP/1.0" 200 74744 "-" "Mozilla/5.0 (compatible; BLEXBot/1.0; +http://webmeup-crawler.com/)"
157.90.177.217 - - [22/Sep/2022:15:01:05 +0200] "GET /nici-penguin-wallet-p-33671.html HTTP/1.0" 200 74808 "-" "Mozilla/5.0 (compatible; BLEXBot/1.0; +http://webmeup-crawler.com/)"
157.90.177.217 - - [22/Sep/2022:15:01:14 +0200] "GET /nici-pirate-wallet-p-54622.html HTTP/1.0" 200 74850 "-" "Mozilla/5.0 (compatible; BLEXBot/1.0; +http://webmeup-crawler.com/)"
157.90.177.217 - - [22/Sep/2022:15:01:20 +0200] "GET /nici-snow-rabbit-wallet-p-33670.html HTTP/1.0" 200 74841 "-" "Mozilla/5.0 (compatible; BLEXBot/1.0; +http://webmeup-crawler.com/)"
38.242.214.236 - - [22/Sep/2022:15:01:24 +0200] "GET / HTTP/1.0" 301 511 "-" "Scrapy/1.7.3 (+https://scrapy.org)"
66.249.66.72 - - [22/Sep/2022:15:01:24 +0200] "GET /gorjuss-trinket-beeloved-p-46950.html HTTP/1.0" 200 75013 "-" "Mozilla/5.0 (Linux; Android 6.0.1; Nexus 5X Build/MMB29P) AppleWebKit/537.36 (KHTML, like Gecko) Chrome/105.0.5195.125 Mobile Safari/537.36 (compatible; Googlebot/2.1; +http://www.google.com/bot.html)"
38.242.214.236 - - [22/Sep/2022:15:01:24 +0200] "GET / HTTP/1.0" 200 151666 "-" "Scrapy/1.7.3 (+https://scrapy.org)"
157.90.177.217 - - [22/Sep/2022:15:01:26 +0200] "GET /night-light-shape-fawn-p-52618.html HTTP/1.0" 200 75438 "-" "Mozilla/5.0 (compatible; BLEXBot/1.0; +http://webmeup-crawler.com/)"
157.90.177.217 - - [22/Sep/2022:15:01:32 +0200] "GET /night-lights-c-86_278.html?page=2 HTTP/1.0" 200 92250 "-" "Mozilla/5.0 (compatible; BLEXBot/1.0; +http://webmeup-crawler.com/)"
157.90.177.217 - - [22/Sep/2022:15:01:38 +0200] "GET /night-lights-c-86_278.html?page=3 HTTP/1.0" 200 81929 "-" "Mozilla/5.0 (compatible; BLEXBot/1.0; +http://webmeup-crawler.com/)"
157.90.177.217 - - [22/Sep/2022:15:01:45 +0200] "GET /nightlight-shaped-bear-multicolor-p-42887.html HTTP/1.0" 200 75481 "-" "Mozilla/5.0 (compatible; BLEXBot/1.0; +http://webmeup-crawler.com/)"
185.191.171.4 - - [22/Sep/2022:15:01:45 +0200] "GET /focus-phone-cover-iphone-p-17818.html HTTP/1.0" 200 75505 "-" "Mozilla/5.0 (compatible; SemrushBot/7~bl; +http://www.semrush.com/bot.html)"
185.191.171.5 - - [22/Sep/2022:15:01:48 +0200] "GET /ceramic-incense-burner-p-58421.html HTTP/1.0" 200 75456 "-" "Mozilla/5.0 (compatible; SemrushBot/7~bl; +http://www.semrush.com/bot.html)"
157.90.177.217 - - [22/Sep/2022:15:01:50 +0200] "GET /nightlight-shaped-bird-p-44649.html HTTP/1.0" 200 75369 "-" "Mozilla/5.0 (compatible; BLEXBot/1.0; +http://webmeup-crawler.com/)"
157.90.177.217 - - [22/Sep/2022:15:01:56 +0200] "GET /nightlight-shaped-cream-p-44646.html HTTP/1.0" 200 74786 "-" "Mozilla/5.0 (compatible; BLEXBot/1.0; +http://webmeup-crawler.com/)"
114.119.137.45 - - [22/Sep/2022:15:01:57 +0200] "GET /vintage-retro-ottoman-storage-box-41-cm-p-50177.html HTTP/1.0" 301 72282 "http://www.wonder-geek.com/home-and-decoration-c-13.html?page=241" "Mozilla/5.0 (Linux; Android 7.0;) AppleWebKit/537.36 (KHTML, like Gecko) Mobile Safari/537.36 (compatible; PetalBot;+https://webmaster.petalsearch.com/site/petalbot)"
114.119.137.45 - - [22/Sep/2022:15:02:01 +0200] "GET /vintage-retro-ottoman-storage-p-50177.html HTTP/1.0" 200 72186 "http://www.wonder-geek.com/home-and-decoration-c-13.html?page=241" "Mozilla/5.0 (Linux; Android 7.0;) AppleWebKit/537.36 (KHTML, like Gecko) Mobile Safari/537.36 (compatible; PetalBot;+https://webmaster.petalsearch.com/site/petalbot)"
157.90.177.217 - - [22/Sep/2022:15:02:03 +0200] "GET /nightlight-shaped-cream-p-44647.html HTTP/1.0" 200 74778 "-" "Mozilla/5.0 (compatible; BLEXBot/1.0; +http://webmeup-crawler.com/)"
157.90.177.217 - - [22/Sep/2022:15:02:10 +0200] "GET /nightlight-shaped-cream-p-44648.html HTTP/1.0" 200 74778 "-" "Mozilla/5.0 (compatible; BLEXBot/1.0; +http://webmeup-crawler.com/)"
157.90.177.217 - - [22/Sep/2022:15:02:17 +0200] "GET /nightlight-shaped-p-44650.html HTTP/1.0" 200 75313 "-" "Mozilla/5.0 (compatible; BLEXBot/1.0; +http://webmeup-crawler.com/)"
157.90.177.217 - - [22/Sep/2022:15:02:21 +0200] "GET /nightlight-shaped-poodle-p-35643.html HTTP/1.0" 200 74779 "-" "Mozilla/5.0 (compatible; BLEXBot/1.0; +http://webmeup-crawler.com/)"
157.90.177.217 - - [22/Sep/2022:15:02:28 +0200] "GET /nightlight-shaped-rabbit-multicolor-p-37825.html HTTP/1.0" 200 75701 "-" "Mozilla/5.0 (compatible; BLEXBot/1.0; +http://webmeup-crawler.com/)"
157.90.177.217 - - [22/Sep/2022:15:02:31 +0200] "GET /nightlight-shaped-rabbit-p-37286.html HTTP/1.0" 200 74740 "-" "Mozilla/5.0 (compatible; BLEXBot/1.0; +http://webmeup-crawler.com/)"
157.90.177.217 - - [22/Sep/2022:15:02:38 +0200] "GET /nightlight-shaped-swan-p-51770.html HTTP/1.0" 200 75368 "-" "Mozilla/5.0 (compatible; BLEXBot/1.0; +http://webmeup-crawler.com/)"
156.59.237.150 - - [22/Sep/2022:15:02:39 +0200] "GET /images/mini_prod/8433933142325.jpg HTTP/1.0" 200 269 "-" "Mozilla/5.0 (X11; Ubuntu; Linux x86_64; rv:72.0) Gecko/20100101 Firefox/72.0"
156.59.237.148 - - [22/Sep/2022:15:02:41 +0200] "GET /images/mini_prod/3700653591180.jpg HTTP/1.0" 200 269 "-" "Mozilla/5.0 (X11; Ubuntu; Linux x86_64; rv:72.0) Gecko/20100101 Firefox/72.0"
51.68.224.127 - - [22/Sep/2022:15:02:42 +0200] "GET /adminweb/export_orders_xml.php?token=256de2z6edz6ed2z6DFSFsed2zed6zeDSFDSGdzedezfzf&maxorders=10&orderstart=1&status=14&start_date=2018-10-01 HTTP/1.0" 200 285 "-" "GesCom CharlotteBoutik Serveur"
51.68.224.127 - - [22/Sep/2022:15:02:42 +0200] "GET /adminweb/export_orders_xml.php?token=256de2z6edz6ed2z6DFSFsed2zed6zeDSFDSGdzedezfzf&maxorders=10&orderstart=1&status=6&start_date=2018-10-01 HTTP/1.0" 200 33985 "-" "GesCom CharlotteBoutik Serveur"
157.90.177.217 - - [22/Sep/2022:15:02:43 +0200] "GET /nightlite-minion-despicable-p-34083.html HTTP/1.0" 200 74928 "-" "Mozilla/5.0 (compatible; BLEXBot/1.0; +http://webmeup-crawler.com/)"
37.139.53.82 - - [22/Sep/2022:15:02:48 +0200] "GET /contact_us.php HTTP/1.0" 200 26241 "http://www.wonder-geek.com/contact_us.php" "Mozilla/5.0 (Windows NT 10.0; Win64; x64) AppleWebKit/537.36 (KHTML, like Gecko) Chrome/83.0.4098.0 Safari/537.36"
157.90.177.217 - - [22/Sep/2022:15:02:48 +0200] "GET /ninja-turtles-storage-stool-p-27533.html HTTP/1.0" 200 75495 "-" "Mozilla/5.0 (compatible; BLEXBot/1.0; +http://webmeup-crawler.com/)"
37.139.53.82 - - [22/Sep/2022:15:02:48 +0200] "POST /contact_us.php?action=send HTTP/1.0" 200 26552 "http://www.wonder-geek.com/contact_us.php" "Mozilla/5.0 (Windows NT 10.0; Win64; x64) AppleWebKit/537.36 (KHTML, like Gecko) Chrome/83.0.4098.0 Safari/537.36"
156.59.237.152 - - [22/Sep/2022:15:02:50 +0200] "GET /images/mini_prod/8424346248728.jpg HTTP/1.0" 200 269 "-" "Mozilla/5.0 (X11; Ubuntu; Linux x86_64; rv:72.0) Gecko/20100101 Firefox/72.0"
157.90.177.217 - - [22/Sep/2022:15:02:53 +0200] "GET /nintendo-black-shirt-p-30195.html HTTP/1.0" 200 76098 "-" "Mozilla/5.0 (compatible; BLEXBot/1.0; +http://webmeup-crawler.com/)"
157.90.177.217 - - [22/Sep/2022:15:02:57 +0200] "GET /nintendo-black-shirt-p-30196.html HTTP/1.0" 200 75828 "-" "Mozilla/5.0 (compatible; BLEXBot/1.0; +http://webmeup-crawler.com/)"
157.90.177.217 - - [22/Sep/2022:15:03:06 +0200] "GET /nintendo-laptop-cover-p-17625.html HTTP/1.0" 200 77436 "-" "Mozilla/5.0 (compatible; BLEXBot/1.0; +http://webmeup-crawler.com/)"
157.90.177.217 - - [22/Sep/2022:15:03:11 +0200] "GET /nintendo-logo-laptop-cover-p-17627.html HTTP/1.0" 200 77450 "-" "Mozilla/5.0 (compatible; BLEXBot/1.0; +http://webmeup-crawler.com/)"
157.90.177.217 - - [22/Sep/2022:15:03:16 +0200] "GET /nintendo-mario-vintage-laptop-cover-p-17628.html HTTP/1.0" 200 77518 "-" "Mozilla/5.0 (compatible; BLEXBot/1.0; +http://webmeup-crawler.com/)"
66.249.66.212 - - [22/Sep/2022:15:03:21 +0200] "GET /images/mini_prod/9316188073882.jpg HTTP/1.0" 200 269 "-" "Mozilla/5.0 (compatible; Googlebot/2.1; +http://www.google.com/bot.html)"
66.249.66.210 - - [22/Sep/2022:15:03:22 +0200] "GET /images/mini_prod/8435333853283.jpg HTTP/1.0" 200 269 "-" "Mozilla/5.0 (compatible; Googlebot/2.1; +http://www.google.com/bot.html)"
157.90.177.217 - - [22/Sep/2022:15:03:20 +0200] "GET /nintendo-mushroom-shirt-p-29606.html HTTP/1.0" 200 75878 "-" "Mozilla/5.0 (compatible; BLEXBot/1.0; +http://webmeup-crawler.com/)"
114.119.137.43 - - [22/Sep/2022:15:03:24 +0200] "GET /cotton-bath-mat-50-80-cm-figue-p-47264.html HTTP/1.0" 301 72220 "http://www.wonder-geek.com/the-rugs-c-11_269.html?page=3" "Mozilla/5.0 (Linux; Android 7.0;) AppleWebKit/537.36 (KHTML, like Gecko) Mobile Safari/537.36 (compatible; PetalBot;+https://webmaster.petalsearch.com/site/petalbot)"
114.119.137.43 - - [22/Sep/2022:15:03:26 +0200] "GET /cotton-bath-figue-p-47264.html HTTP/1.0" 200 72136 "http://www.wonder-geek.com/the-rugs-c-11_269.html?page=3" "Mozilla/5.0 (Linux; Android 7.0;) AppleWebKit/537.36 (KHTML, like Gecko) Mobile Safari/537.36 (compatible; PetalBot;+https://webmaster.petalsearch.com/site/petalbot)"
157.90.177.217 - - [22/Sep/2022:15:03:28 +0200] "GET /nintendo-power-laptop-cover-p-57942.html HTTP/1.0" 200 77341 "-" "Mozilla/5.0 (compatible; BLEXBot/1.0; +http://webmeup-crawler.com/)"
157.55.39.12 - - [22/Sep/2022:15:03:31 +0200] "GET /images/mini_prod/8718657461007.jpg HTTP/1.0" 200 269 "-" "Mozilla/5.0 (compatible; bingbot/2.0; +http://www.bing.com/bingbot.htm)"
157.90.177.217 - - [22/Sep/2022:15:03:32 +0200] "GET /nippon-doll-portfolio-p-26862.html HTTP/1.0" 200 75001 "-" "Mozilla/5.0 (compatible; BLEXBot/1.0; +http://webmeup-crawler.com/)"
157.90.177.217 - - [22/Sep/2022:15:03:39 +0200] "GET /nippon-doll-portfolio-p-26863.html HTTP/1.0" 200 75001 "-" "Mozilla/5.0 (compatible; BLEXBot/1.0; +http://webmeup-crawler.com/)"
157.90.177.217 - - [22/Sep/2022:15:03:44 +0200] "GET /nippon-doll-portfolio-p-26864.html HTTP/1.0" 200 75001 "-" "Mozilla/5.0 (compatible; BLEXBot/1.0; +http://webmeup-crawler.com/)"
66.249.66.146 - - [22/Sep/2022:15:03:46 +0200] "GET /images/3519570004204.jpg HTTP/1.0" 200 259 "-" "Mozilla/5.0 (compatible; Googlebot/2.1; +http://www.google.com/bot.html)"
157.90.177.217 - - [22/Sep/2022:15:03:49 +0200] "GET /nippon-doll-portfolio-p-26865.html HTTP/1.0" 200 75001 "-" "Mozilla/5.0 (compatible; BLEXBot/1.0; +http://webmeup-crawler.com/)"
157.90.177.217 - - [22/Sep/2022:15:03:53 +0200] "GET /nippon-doll-portfolio-p-27069.html HTTP/1.0" 200 75003 "-" "Mozilla/5.0 (compatible; BLEXBot/1.0; +http://webmeup-crawler.com/)"
157.90.177.217 - - [22/Sep/2022:15:03:59 +0200] "GET /nodding-toys-p-53221.html HTTP/1.0" 200 75612 "-" "Mozilla/5.0 (compatible; BLEXBot/1.0; +http://webmeup-crawler.com/)"
157.90.177.217 - - [22/Sep/2022:15:04:04 +0200] "GET /noddy-swimsuit-p-30585.html HTTP/1.0" 200 75790 "-" "Mozilla/5.0 (compatible; BLEXBot/1.0; +http://webmeup-crawler.com/)"
