157.90.177.217 - - [22/Sep/2022:13:32:05 +0200] "GET /high-school-musical-sleeveless-padded-jacket-p-31264.html HTTP/1.0" 200 76802 "-" "Mozilla/5.0 (compatible; BLEXBot/1.0; +http://webmeup-crawler.com/)"
157.90.177.217 - - [22/Sep/2022:13:32:11 +0200] "GET /high-school-musical-storage-p-1521.html HTTP/1.0" 200 75073 "-" "Mozilla/5.0 (compatible; BLEXBot/1.0; +http://webmeup-crawler.com/)"
157.90.177.217 - - [22/Sep/2022:13:32:17 +0200] "GET /high-school-musical-waterproof-parka-p-31265.html HTTP/1.0" 200 76621 "-" "Mozilla/5.0 (compatible; BLEXBot/1.0; +http://webmeup-crawler.com/)"
185.191.171.6 - - [22/Sep/2022:13:32:21 +0200] "GET /cotton-floor-cushion-chypre-p-51504.html HTTP/1.0" 200 72170 "-" "Mozilla/5.0 (compatible; SemrushBot/7~bl; +http://www.semrush.com/bot.html)"
157.90.177.217 - - [22/Sep/2022:13:32:24 +0200] "GET /hirondelle-jewelery-holder-p-48887.html HTTP/1.0" 200 74877 "-" "Mozilla/5.0 (compatible; BLEXBot/1.0; +http://webmeup-crawler.com/)"
20.168.57.187 - - [22/Sep/2022:13:32:27 +0200] "POST /wp-plain.php HTTP/1.0" 301 535 "www.google.com" "Mozilla/5.0 (Linux; Android 7.0; SM-G892A Bulid/NRD90M; wv) AppleWebKit/537.36 (KHTML, like Gecko) Version/4.0 Chrome/60.0.3112.107 Moblie Safari/537.36"
20.168.57.187 - - [22/Sep/2022:13:32:27 +0200] "GET / HTTP/1.0" 301 511 "-" "Mozlila/5.0 (Linux; Android 7.0; SM-G892A Bulid/NRD90M; wv) AppleWebKit/537.36 (KHTML, like Gecko) Version/4.0 Chrome/60.0.3112.107 Moblie Safari/537.36"
20.168.57.187 - - [22/Sep/2022:13:32:27 +0200] "POST /ALFA_DATA/alfacgiapi/perl.alfa HTTP/1.0" 301 571 "www.google.com" "Mozlila/5.0 (Linux; Android 7.0; SM-G892A Bulid/NRD90M; wv) AppleWebKit/537.36 (KHTML, like Gecko) Version/4.0 Chrome/60.0.3112.107 Moblie Safari/537.36"
20.168.57.187 - - [22/Sep/2022:13:32:27 +0200] "GET /zdecsjno.php?Fox=d3wL7 HTTP/1.0" 301 555 "www.google.com" "Mozilla/5.0 (Linux; Android 7.0; SM-G892A Bulid/NRD90M; wv) AppleWebKit/537.36 (KHTML, like Gecko) Version/4.0 Chrome/60.0.3112.107 Moblie Safari/537.36"
20.168.57.187 - - [22/Sep/2022:13:32:28 +0200] "POST /ALFA_DATA/alfacgiapi/perl.alfa HTTP/1.0" 404 1308 "www.google.com" "Mozlila/5.0 (Linux; Android 7.0; SM-G892A Bulid/NRD90M; wv) AppleWebKit/537.36 (KHTML, like Gecko) Version/4.0 Chrome/60.0.3112.107 Moblie Safari/537.36"
20.168.57.187 - - [22/Sep/2022:13:32:28 +0200] "POST /alfacgiapi/perl.alfa HTTP/1.0" 301 551 "www.google.com" "Mozlila/5.0 (Linux; Android 7.0; SM-G892A Bulid/NRD90M; wv) AppleWebKit/537.36 (KHTML, like Gecko) Version/4.0 Chrome/60.0.3112.107 Moblie Safari/537.36"
20.168.57.187 - - [22/Sep/2022:13:32:28 +0200] "POST /alfacgiapi/perl.alfa HTTP/1.0" 404 1308 "www.google.com" "Mozlila/5.0 (Linux; Android 7.0; SM-G892A Bulid/NRD90M; wv) AppleWebKit/537.36 (KHTML, like Gecko) Version/4.0 Chrome/60.0.3112.107 Moblie Safari/537.36"
20.168.57.187 - - [22/Sep/2022:13:32:28 +0200] "GET / HTTP/1.0" 200 151201 "-" "Mozlila/5.0 (Linux; Android 7.0; SM-G892A Bulid/NRD90M; wv) AppleWebKit/537.36 (KHTML, like Gecko) Version/4.0 Chrome/60.0.3112.107 Moblie Safari/537.36"
157.90.177.217 - - [22/Sep/2022:13:32:30 +0200] "GET /hirondelle-jewelery-holder-p-48888.html HTTP/1.0" 200 74877 "-" "Mozilla/5.0 (compatible; BLEXBot/1.0; +http://webmeup-crawler.com/)"
157.90.177.217 - - [22/Sep/2022:13:32:37 +0200] "GET /holder-wood-p-47969.html HTTP/1.0" 200 75493 "-" "Mozilla/5.0 (compatible; BLEXBot/1.0; +http://webmeup-crawler.com/)"
157.90.177.217 - - [22/Sep/2022:13:32:42 +0200] "GET /holiday-moneybox-p-55012.html HTTP/1.0" 200 75252 "-" "Mozilla/5.0 (compatible; BLEXBot/1.0; +http://webmeup-crawler.com/)"
157.90.177.217 - - [22/Sep/2022:13:32:48 +0200] "GET /home-bedclothes-p-38558.html HTTP/1.0" 200 74796 "-" "Mozilla/5.0 (compatible; BLEXBot/1.0; +http://webmeup-crawler.com/)"
66.249.66.56 - - [22/Sep/2022:13:32:54 +0200] "GET /images/mini_prod/1399984242551.jpg HTTP/1.0" 200 269 "-" "Mozilla/5.0 (compatible; Googlebot/2.1; +http://www.google.com/bot.html)"
157.90.177.217 - - [22/Sep/2022:13:32:54 +0200] "GET /home-christmas-mickey-minnie-with-gingerbread-house-p-56736.html HTTP/1.0" 200 76529 "-" "Mozilla/5.0 (compatible; BLEXBot/1.0; +http://webmeup-crawler.com/)"
207.46.13.149 - - [22/Sep/2022:13:32:58 +0200] "GET /pucca-mobile-sock-p-66.html HTTP/1.0" 200 74794 "-" "Mozilla/5.0 AppleWebKit/537.36 (KHTML, like Gecko; compatible; bingbot/2.0; +http://www.bing.com/bingbot.htm) Chrome/103.0.5060.134 Safari/537.36"
157.90.177.217 - - [22/Sep/2022:13:33:01 +0200] "GET /home-decoration-c-13.html?page=10 HTTP/1.0" 200 94175 "-" "Mozilla/5.0 (compatible; BLEXBot/1.0; +http://webmeup-crawler.com/)"
66.249.66.56 - - [22/Sep/2022:13:33:07 +0200] "GET /tenue-de-soiree-underpants-p-30207.html HTTP/1.0" 301 72235 "-" "Mozilla/5.0 (Linux; Android 6.0.1; Nexus 5X Build/MMB29P) AppleWebKit/537.36 (KHTML, like Gecko) Chrome/105.0.5195.125 Mobile Safari/537.36 (compatible; Googlebot/2.1; +http://www.google.com/bot.html)"
66.249.66.210 - - [22/Sep/2022:13:33:08 +0200] "GET /tenue-soire-underpants-p-30207.html HTTP/1.0" 200 72146 "-" "Mozilla/5.0 (Linux; Android 6.0.1; Nexus 5X Build/MMB29P) AppleWebKit/537.36 (KHTML, like Gecko) Chrome/105.0.5195.125 Mobile Safari/537.36 (compatible; Googlebot/2.1; +http://www.google.com/bot.html)"
157.90.177.217 - - [22/Sep/2022:13:33:11 +0200] "GET /home-decoration-c-13.html?page=11 HTTP/1.0" 200 94243 "-" "Mozilla/5.0 (compatible; BLEXBot/1.0; +http://webmeup-crawler.com/)"
66.249.66.68 - - [22/Sep/2022:13:33:19 +0200] "GET /images/mini_prod/8424001528226.jpg HTTP/1.0" 200 269 "-" "Mozilla/5.0 (compatible; Googlebot/2.1; +http://www.google.com/bot.html)"
157.90.177.217 - - [22/Sep/2022:13:33:17 +0200] "GET /home-decoration-c-13.html?page=2 HTTP/1.0" 200 93952 "-" "Mozilla/5.0 (compatible; BLEXBot/1.0; +http://webmeup-crawler.com/)"
114.119.137.3 - - [22/Sep/2022:13:33:22 +0200] "GET /tour-france-p-53979.html HTTP/1.0" 200 74621 "http://www.wonder-geek.com/mugs-and-mazagrans-c-12_57.html?page=6" "Mozilla/5.0 (Linux; Android 7.0;) AppleWebKit/537.36 (KHTML, like Gecko) Mobile Safari/537.36 (compatible; PetalBot;+https://webmaster.petalsearch.com/site/petalbot)"
157.90.177.217 - - [22/Sep/2022:13:33:24 +0200] "GET /home-decoration-c-13.html?page=3 HTTP/1.0" 200 93459 "-" "Mozilla/5.0 (compatible; BLEXBot/1.0; +http://webmeup-crawler.com/)"
157.90.177.217 - - [22/Sep/2022:13:33:30 +0200] "GET /home-decoration-c-13.html?page=4 HTTP/1.0" 200 93584 "-" "Mozilla/5.0 (compatible; BLEXBot/1.0; +http://webmeup-crawler.com/)"
185.191.171.13 - - [22/Sep/2022:13:33:31 +0200] "GET /corsica-espresso-p-57148.html HTTP/1.0" 200 75283 "-" "Mozilla/5.0 (compatible; SemrushBot/7~bl; +http://www.semrush.com/bot.html)"
23.100.232.233 - - [22/Sep/2022:13:33:38 +0200] "GET /bag-of-mini-erasers-random-patterns-p-33549.html HTTP/1.0" 301 74992 "-" "Mozilla/5.0 (compatible; MSIE 9.0; Windows NT 6.1; Trident/5.0;  Trident/5.0)"
23.100.232.233 - - [22/Sep/2022:13:33:39 +0200] "GET /mini-erasers-random-patterns-p-33549.html HTTP/1.0" 200 74897 "-" "Mozilla/5.0 (compatible; MSIE 9.0; Windows NT 6.1; Trident/5.0;  Trident/5.0)"
23.100.232.233 - - [22/Sep/2022:13:33:41 +0200] "GET /templates/Pixame_v1/stylesheet.css HTTP/1.0" 200 267 "http://www.wonder-geek.com/mini-erasers-random-patterns-p-33549.html" "Mozilla/5.0 (compatible; MSIE 9.0; Windows NT 6.1; Trident/5.0;  Trident/5.0)"
23.100.232.233 - - [22/Sep/2022:13:33:41 +0200] "GET /highslide/highslide.js HTTP/1.0" 200 262 "http://www.wonder-geek.com/mini-erasers-random-patterns-p-33549.html" "Mozilla/5.0 (compatible; MSIE 9.0; Windows NT 6.1; Trident/5.0;  Trident/5.0)"
23.100.232.233 - - [22/Sep/2022:13:33:41 +0200] "GET /js/jquery.js HTTP/1.0" 200 252 "http://www.wonder-geek.com/mini-erasers-random-patterns-p-33549.html" "Mozilla/5.0 (compatible; MSIE 9.0; Windows NT 6.1; Trident/5.0;  Trident/5.0)"
23.100.232.233 - - [22/Sep/2022:13:33:41 +0200] "GET /js/jquery.jqzoom.js HTTP/1.0" 200 259 "http://www.wonder-geek.com/mini-erasers-random-patterns-p-33549.html" "Mozilla/5.0 (compatible; MSIE 9.0; Windows NT 6.1; Trident/5.0;  Trident/5.0)"
23.100.232.233 - - [22/Sep/2022:13:33:41 +0200] "GET /mondial_relay/js/jquery-1.3.2.min.js HTTP/1.0" 200 276 "http://www.wonder-geek.com/mini-erasers-random-patterns-p-33549.html" "Mozilla/5.0 (compatible; MSIE 9.0; Windows NT 6.1; Trident/5.0;  Trident/5.0)"
23.100.232.233 - - [22/Sep/2022:13:33:41 +0200] "GET /swfobject.js HTTP/1.0" 404 1308 "http://www.wonder-geek.com/mini-erasers-random-patterns-p-33549.html" "Mozilla/5.0 (compatible; MSIE 9.0; Windows NT 6.1; Trident/5.0;  Trident/5.0)"
23.100.232.233 - - [22/Sep/2022:13:33:42 +0200] "GET /style.ie7.css HTTP/1.0" 404 1308 "http://www.wonder-geek.com/mini-erasers-random-patterns-p-33549.html" "Mozilla/5.0 (compatible; MSIE 9.0; Windows NT 6.1; Trident/5.0;  Trident/5.0)"
157.90.177.217 - - [22/Sep/2022:13:33:39 +0200] "GET /home-decoration-c-13.html?page=5 HTTP/1.0" 200 93292 "-" "Mozilla/5.0 (compatible; BLEXBot/1.0; +http://webmeup-crawler.com/)"
23.100.232.233 - - [22/Sep/2022:13:33:42 +0200] "GET /templates/Pixame_v1/images/flash.swf HTTP/1.0" 200 290 "http://www.wonder-geek.com/mini-erasers-random-patterns-p-33549.html" "Mozilla/5.0 (compatible; MSIE 9.0; Windows NT 6.1; Trident/5.0;  Trident/5.0)"
23.100.232.233 - - [22/Sep/2022:13:33:42 +0200] "GET /highslide/graphics/zoomin.cur HTTP/1.0" 200 614 "http://www.wonder-geek.com/mini-erasers-random-patterns-p-33549.html" "Mozilla/5.0 (compatible; MSIE 9.0; Windows NT 6.1; Trident/5.0;  Trident/5.0)"
23.100.232.233 - - [22/Sep/2022:13:33:42 +0200] "GET /highslide/graphics/zoomout.cur HTTP/1.0" 200 614 "http://www.wonder-geek.com/mini-erasers-random-patterns-p-33549.html" "Mozilla/5.0 (compatible; MSIE 9.0; Windows NT 6.1; Trident/5.0;  Trident/5.0)"
157.90.177.217 - - [22/Sep/2022:13:33:45 +0200] "GET /home-decoration-c-13.html?page=6 HTTP/1.0" 200 93513 "-" "Mozilla/5.0 (compatible; BLEXBot/1.0; +http://webmeup-crawler.com/)"
157.90.177.217 - - [22/Sep/2022:13:33:51 +0200] "GET /home-decoration-c-13.html?page=7 HTTP/1.0" 200 93715 "-" "Mozilla/5.0 (compatible; BLEXBot/1.0; +http://webmeup-crawler.com/)"
157.90.177.217 - - [22/Sep/2022:13:33:59 +0200] "GET /home-decoration-c-13.html?page=8 HTTP/1.0" 200 94148 "-" "Mozilla/5.0 (compatible; BLEXBot/1.0; +http://webmeup-crawler.com/)"
157.90.177.217 - - [22/Sep/2022:13:34:06 +0200] "GET /home-decoration-c-13.html?page=9 HTTP/1.0" 200 94005 "-" "Mozilla/5.0 (compatible; BLEXBot/1.0; +http://webmeup-crawler.com/)"
157.90.177.217 - - [22/Sep/2022:13:34:12 +0200] "GET /home-fragrance-heart-home-amber-wood-vetiver-p-57856.html HTTP/1.0" 200 76081 "-" "Mozilla/5.0 (compatible; BLEXBot/1.0; +http://webmeup-crawler.com/)"
157.55.39.12 - - [22/Sep/2022:13:34:14 +0200] "GET /mandala-bread-p-46538.html HTTP/1.0" 200 74730 "-" "Mozilla/5.0 (compatible; bingbot/2.0; +http://www.bing.com/bingbot.htm)"
157.90.177.217 - - [22/Sep/2022:13:34:17 +0200] "GET /home-fragrance-heart-home-bamboo-ginger-p-52817.html HTTP/1.0" 200 76073 "-" "Mozilla/5.0 (compatible; BLEXBot/1.0; +http://webmeup-crawler.com/)"
157.90.177.217 - - [22/Sep/2022:13:34:23 +0200] "GET /home-fragrance-heart-home-bergamot-marine-musk-p-55307.html HTTP/1.0" 200 75924 "-" "Mozilla/5.0 (compatible; BLEXBot/1.0; +http://webmeup-crawler.com/)"
157.90.177.217 - - [22/Sep/2022:13:34:29 +0200] "GET /home-fragrance-heart-home-christmas-p-57111.html HTTP/1.0" 200 76006 "-" "Mozilla/5.0 (compatible; BLEXBot/1.0; +http://webmeup-crawler.com/)"
66.249.66.6 - - [22/Sep/2022:13:34:34 +0200] "GET /images/big_prod/3700344872017.jpg HTTP/1.0" 200 268 "-" "Googlebot-Image/1.0"
157.90.177.217 - - [22/Sep/2022:13:34:34 +0200] "GET /home-fragrance-heart-home-crackling-wood-fire-p-56999.html HTTP/1.0" 200 75958 "-" "Mozilla/5.0 (compatible; BLEXBot/1.0; +http://webmeup-crawler.com/)"
157.90.177.217 - - [22/Sep/2022:13:34:40 +0200] "GET /home-fragrance-heart-home-patchouli-gaac-wood-p-55306.html HTTP/1.0" 200 75922 "-" "Mozilla/5.0 (compatible; BLEXBot/1.0; +http://webmeup-crawler.com/)"
157.90.177.217 - - [22/Sep/2022:13:34:45 +0200] "GET /home-fragrance-heart-home-rosewood-vanilla-p-52816.html HTTP/1.0" 200 76118 "-" "Mozilla/5.0 (compatible; BLEXBot/1.0; +http://webmeup-crawler.com/)"
185.191.171.21 - - [22/Sep/2022:13:34:47 +0200] "GET /pinocchio-figure-collection-britto-p-52404.html HTTP/1.0" 200 76578 "-" "Mozilla/5.0 (compatible; SemrushBot/7~bl; +http://www.semrush.com/bot.html)"
157.90.177.217 - - [22/Sep/2022:13:34:50 +0200] "GET /home-fragrance-heart-home-spiced-apple-cinnamon-p-56998.html HTTP/1.0" 200 76145 "-" "Mozilla/5.0 (compatible; BLEXBot/1.0; +http://webmeup-crawler.com/)"
157.90.177.217 - - [22/Sep/2022:13:34:55 +0200] "GET /home-fragrance-heart-home-vanilla-rosewood-p-52819.html HTTP/1.0" 200 76119 "-" "Mozilla/5.0 (compatible; BLEXBot/1.0; +http://webmeup-crawler.com/)"
157.90.177.217 - - [22/Sep/2022:13:35:01 +0200] "GET /home-fragrance-heart-home-vanilla-white-woods-p-57857.html HTTP/1.0" 200 76108 "-" "Mozilla/5.0 (compatible; BLEXBot/1.0; +http://webmeup-crawler.com/)"
157.90.177.217 - - [22/Sep/2022:13:35:05 +0200] "GET /home-fragrance-heart-home-white-musk-cedarwood-p-52818.html HTTP/1.0" 200 76164 "-" "Mozilla/5.0 (compatible; BLEXBot/1.0; +http://webmeup-crawler.com/)"
157.90.177.217 - - [22/Sep/2022:13:35:10 +0200] "GET /horse-alarm-clock-cbkreation-p-25048.html HTTP/1.0" 200 74814 "-" "Mozilla/5.0 (compatible; BLEXBot/1.0; +http://webmeup-crawler.com/)"
34.67.96.123 - - [22/Sep/2022:13:35:14 +0200] "GET /images/mini_prod/5701359740948.jpg HTTP/1.0" 200 269 "-" "Mozilla/5.0 (X11; Ubuntu; Linux x86_64; rv:72.0) Gecko/20100101 Firefox/72.0"
157.90.177.217 - - [22/Sep/2022:13:35:15 +0200] "GET /horse-club-brown-umbrella-p-9493.html HTTP/1.0" 200 74868 "-" "Mozilla/5.0 (compatible; BLEXBot/1.0; +http://webmeup-crawler.com/)"
157.90.177.217 - - [22/Sep/2022:13:35:21 +0200] "GET /horse-cookware-cbkreation-p-29752.html HTTP/1.0" 200 74724 "-" "Mozilla/5.0 (compatible; BLEXBot/1.0; +http://webmeup-crawler.com/)"
157.90.177.217 - - [22/Sep/2022:13:35:25 +0200] "GET /horse-cookware-cbkreation-p-29797.html HTTP/1.0" 200 74724 "-" "Mozilla/5.0 (compatible; BLEXBot/1.0; +http://webmeup-crawler.com/)"
66.249.66.210 - - [22/Sep/2022:13:35:32 +0200] "GET /images/mini_prod/3503420096426.jpg HTTP/1.0" 200 269 "-" "Mozilla/5.0 (compatible; Googlebot/2.1; +http://www.google.com/bot.html)"
157.90.177.217 - - [22/Sep/2022:13:35:32 +0200] "GET /horse-jewelry-p-49356.html HTTP/1.0" 200 74820 "-" "Mozilla/5.0 (compatible; BLEXBot/1.0; +http://webmeup-crawler.com/)"
157.90.177.217 - - [22/Sep/2022:13:35:37 +0200] "GET /horse-mini-trolley-p-49037.html HTTP/1.0" 200 75392 "-" "Mozilla/5.0 (compatible; BLEXBot/1.0; +http://webmeup-crawler.com/)"
157.90.177.217 - - [22/Sep/2022:13:35:42 +0200] "GET /horse-mouse-p-24680.html HTTP/1.0" 200 74581 "-" "Mozilla/5.0 (compatible; BLEXBot/1.0; +http://webmeup-crawler.com/)"
66.249.66.210 - - [22/Sep/2022:13:35:52 +0200] "GET /images/mini_prod/DSCN7557.jpg HTTP/1.0" 200 264 "-" "Mozilla/5.0 (compatible; Googlebot/2.1; +http://www.google.com/bot.html)"
157.90.177.217 - - [22/Sep/2022:13:35:51 +0200] "GET /horse-photo-frame-p-26643.html HTTP/1.0" 200 74697 "-" "Mozilla/5.0 (compatible; BLEXBot/1.0; +http://webmeup-crawler.com/)"
17.121.114.72 - - [22/Sep/2022:13:35:55 +0200] "GET /bell-and-wall-bell-c-13_270.html HTTP/1.0" 301 91596 "-" "Mozilla/5.0 (Macintosh; Intel Mac OS X 10_15_5) AppleWebKit/605.1.15 (KHTML, like Gecko) Version/13.1.1 Safari/605.1.15 (Applebot/0.1; +http://www.apple.com/go/applebot)"
17.121.114.72 - - [22/Sep/2022:13:35:57 +0200] "GET /bell-wall-bell-c-270.html HTTP/1.0" 301 91473 "-" "Mozilla/5.0 (Macintosh; Intel Mac OS X 10_15_5) AppleWebKit/605.1.15 (KHTML, like Gecko) Version/13.1.1 Safari/605.1.15 (Applebot/0.1; +http://www.apple.com/go/applebot)"
17.121.114.72 - - [22/Sep/2022:13:35:59 +0200] "GET /bell-wall-bell-c-13_270.html HTTP/1.0" 200 91517 "-" "Mozilla/5.0 (Macintosh; Intel Mac OS X 10_15_5) AppleWebKit/605.1.15 (KHTML, like Gecko) Version/13.1.1 Safari/605.1.15 (Applebot/0.1; +http://www.apple.com/go/applebot)"
157.90.177.217 - - [22/Sep/2022:13:35:59 +0200] "GET /horse-photo-frame-p-26645.html HTTP/1.0" 200 74693 "-" "Mozilla/5.0 (compatible; BLEXBot/1.0; +http://webmeup-crawler.com/)"
89.185.85.245 - - [22/Sep/2022:13:36:03 +0200] "GET /contact_us.php HTTP/1.0" 301 539 "https://saunapermi.ru/" "Mozilla/4.0 (compatible; MSIE 6.0; Windows NT 5.0; APC; .NET CLR 1.0.3705; .NET CLR 1.1.4322; .NET CLR 2.0.50215; InfoPath.1)"
89.185.85.245 - - [22/Sep/2022:13:36:04 +0200] "GET /contact_us.php HTTP/1.0" 301 539 "https://saunapermi.ru/" "Mozilla/4.0 (compatible; MSIE 6.0; Windows NT 5.0; APC; .NET CLR 1.0.3705; .NET CLR 1.1.4322; .NET CLR 2.0.50215; InfoPath.1)"
89.185.85.245 - - [22/Sep/2022:13:36:04 +0200] "GET /contact_us.php HTTP/1.0" 301 539 "https://saunapermi.ru/" "Mozilla/4.0 (compatible; MSIE 6.0; Windows NT 5.0; APC; .NET CLR 1.0.3705; .NET CLR 1.1.4322; .NET CLR 2.0.50215; InfoPath.1)"
66.249.66.214 - - [22/Sep/2022:13:36:07 +0200] "GET /images/mini_prod/8430957052104.jpg HTTP/1.0" 200 269 "-" "Mozilla/5.0 (compatible; Googlebot/2.1; +http://www.google.com/bot.html)"
157.90.177.217 - - [22/Sep/2022:13:36:05 +0200] "GET /horse-photo-frame-p-26647.html HTTP/1.0" 200 74694 "-" "Mozilla/5.0 (compatible; BLEXBot/1.0; +http://webmeup-crawler.com/)"
157.90.177.217 - - [22/Sep/2022:13:36:13 +0200] "GET /horse-portrait-canvas-frame-p-31840.html HTTP/1.0" 200 74783 "-" "Mozilla/5.0 (compatible; BLEXBot/1.0; +http://webmeup-crawler.com/)"
157.90.177.217 - - [22/Sep/2022:13:36:19 +0200] "GET /horse-portrait-canvas-frame-p-31841.html HTTP/1.0" 200 74783 "-" "Mozilla/5.0 (compatible; BLEXBot/1.0; +http://webmeup-crawler.com/)"
157.90.177.217 - - [22/Sep/2022:13:36:25 +0200] "GET /horse-portrait-canvas-frame-p-31842.html HTTP/1.0" 200 74783 "-" "Mozilla/5.0 (compatible; BLEXBot/1.0; +http://webmeup-crawler.com/)"
185.191.171.7 - - [22/Sep/2022:13:36:30 +0200] "GET /hourglass-decoration-glass-sand-glitter-p-53613.html HTTP/1.0" 200 74864 "-" "Mozilla/5.0 (compatible; SemrushBot/7~bl; +http://www.semrush.com/bot.html)"
157.90.177.217 - - [22/Sep/2022:13:36:31 +0200] "GET /horse-small-round-magnet-p-31913.html HTTP/1.0" 200 74686 "-" "Mozilla/5.0 (compatible; BLEXBot/1.0; +http://webmeup-crawler.com/)"
157.90.177.217 - - [22/Sep/2022:13:36:35 +0200] "GET /horse-wastebasket-p-50761.html HTTP/1.0" 200 74658 "-" "Mozilla/5.0 (compatible; BLEXBot/1.0; +http://webmeup-crawler.com/)"
157.90.177.217 - - [22/Sep/2022:13:36:39 +0200] "GET /horse-wastebasket-p-50762.html HTTP/1.0" 200 74658 "-" "Mozilla/5.0 (compatible; BLEXBot/1.0; +http://webmeup-crawler.com/)"
185.191.171.34 - - [22/Sep/2022:13:36:42 +0200] "GET /chair-cushion-scratchs-terracotta-p-51736.html HTTP/1.0" 200 75469 "-" "Mozilla/5.0 (compatible; SemrushBot/7~bl; +http://www.semrush.com/bot.html)"
157.90.177.217 - - [22/Sep/2022:13:36:44 +0200] "GET /horses-bookends-p-57573.html HTTP/1.0" 200 75231 "-" "Mozilla/5.0 (compatible; BLEXBot/1.0; +http://webmeup-crawler.com/)"
157.90.177.217 - - [22/Sep/2022:13:36:50 +0200] "GET /horses-cosmetic-p-24232.html HTTP/1.0" 200 74750 "-" "Mozilla/5.0 (compatible; BLEXBot/1.0; +http://webmeup-crawler.com/)"
185.191.171.23 - - [22/Sep/2022:13:36:52 +0200] "GET /-p-38497.html HTTP/1.0" 200 72060 "-" "Mozilla/5.0 (compatible; SemrushBot/7~bl; +http://www.semrush.com/bot.html)"
157.55.39.217 - - [22/Sep/2022:13:36:54 +0200] "GET /harley-davidson-first-zippo-lighter-p-29785.html HTTP/1.0" 200 75269 "-" "Mozilla/5.0 (compatible; bingbot/2.0; +http://www.bing.com/bingbot.htm)"
157.90.177.217 - - [22/Sep/2022:13:36:58 +0200] "GET /horses-keyring-p-33559.html HTTP/1.0" 200 76633 "-" "Mozilla/5.0 (compatible; BLEXBot/1.0; +http://webmeup-crawler.com/)"
157.90.177.217 - - [22/Sep/2022:13:37:03 +0200] "GET /horses-keyring-p-33560.html HTTP/1.0" 200 76456 "-" "Mozilla/5.0 (compatible; BLEXBot/1.0; +http://webmeup-crawler.com/)"
66.249.66.210 - - [22/Sep/2022:13:37:06 +0200] "GET /images/mini_prod/1384010179017.jpg HTTP/1.0" 200 269 "-" "Mozilla/5.0 (compatible; Googlebot/2.1; +http://www.google.com/bot.html)"
157.90.177.217 - - [22/Sep/2022:13:37:07 +0200] "GET /horses-keyring-p-33561.html HTTP/1.0" 200 76633 "-" "Mozilla/5.0 (compatible; BLEXBot/1.0; +http://webmeup-crawler.com/)"
66.249.66.212 - - [22/Sep/2022:13:37:10 +0200] "GET /images/1399984251706.jpg HTTP/1.0" 200 259 "-" "Googlebot-Image/1.0"
157.90.177.217 - - [22/Sep/2022:13:37:12 +0200] "GET /horses-keyring-p-33562.html HTTP/1.0" 200 75873 "-" "Mozilla/5.0 (compatible; BLEXBot/1.0; +http://webmeup-crawler.com/)"
157.90.177.217 - - [22/Sep/2022:13:37:17 +0200] "GET /horses-little-beauty-p-24233.html HTTP/1.0" 200 74844 "-" "Mozilla/5.0 (compatible; BLEXBot/1.0; +http://webmeup-crawler.com/)"
157.90.177.217 - - [22/Sep/2022:13:37:22 +0200] "GET /horses-stickers-p-19586.html HTTP/1.0" 200 74687 "-" "Mozilla/5.0 (compatible; BLEXBot/1.0; +http://webmeup-crawler.com/)"
157.90.177.217 - - [22/Sep/2022:13:37:27 +0200] "GET /horses-stickers-p-19589.html HTTP/1.0" 200 74412 "-" "Mozilla/5.0 (compatible; BLEXBot/1.0; +http://webmeup-crawler.com/)"
185.191.171.5 - - [22/Sep/2022:13:37:28 +0200] "GET /lagoona-blue-monster-high-p-17500.html HTTP/1.0" 200 74833 "-" "Mozilla/5.0 (compatible; SemrushBot/7~bl; +http://www.semrush.com/bot.html)"
157.90.177.217 - - [22/Sep/2022:13:37:33 +0200] "GET /horses-stickers-p-19590.html HTTP/1.0" 200 74686 "-" "Mozilla/5.0 (compatible; BLEXBot/1.0; +http://webmeup-crawler.com/)"
157.90.177.217 - - [22/Sep/2022:13:37:39 +0200] "GET /horses-training-bottle-cbkreation-p-29795.html HTTP/1.0" 200 75669 "-" "Mozilla/5.0 (compatible; BLEXBot/1.0; +http://webmeup-crawler.com/)"
157.90.177.217 - - [22/Sep/2022:13:37:45 +0200] "GET /household-linen-c-11.html?page=10 HTTP/1.0" 200 94568 "-" "Mozilla/5.0 (compatible; BLEXBot/1.0; +http://webmeup-crawler.com/)"
157.90.177.217 - - [22/Sep/2022:13:37:52 +0200] "GET /household-linen-c-11.html?page=11 HTTP/1.0" 200 94841 "-" "Mozilla/5.0 (compatible; BLEXBot/1.0; +http://webmeup-crawler.com/)"
157.90.177.217 - - [22/Sep/2022:13:37:59 +0200] "GET /household-linen-c-11.html?page=2 HTTP/1.0" 200 93565 "-" "Mozilla/5.0 (compatible; BLEXBot/1.0; +http://webmeup-crawler.com/)"
157.90.177.217 - - [22/Sep/2022:13:38:06 +0200] "GET /household-linen-c-11.html?page=3 HTTP/1.0" 200 93221 "-" "Mozilla/5.0 (compatible; BLEXBot/1.0; +http://webmeup-crawler.com/)"
157.90.177.217 - - [22/Sep/2022:13:38:16 +0200] "GET /household-linen-c-11.html?page=4 HTTP/1.0" 200 93893 "-" "Mozilla/5.0 (compatible; BLEXBot/1.0; +http://webmeup-crawler.com/)"
157.90.177.217 - - [22/Sep/2022:13:38:25 +0200] "GET /household-linen-c-11.html?page=5 HTTP/1.0" 200 93793 "-" "Mozilla/5.0 (compatible; BLEXBot/1.0; +http://webmeup-crawler.com/)"
157.90.177.217 - - [22/Sep/2022:13:38:32 +0200] "GET /household-linen-c-11.html?page=6 HTTP/1.0" 200 93718 "-" "Mozilla/5.0 (compatible; BLEXBot/1.0; +http://webmeup-crawler.com/)"
157.90.177.217 - - [22/Sep/2022:13:38:39 +0200] "GET /household-linen-c-11.html?page=7 HTTP/1.0" 200 93784 "-" "Mozilla/5.0 (compatible; BLEXBot/1.0; +http://webmeup-crawler.com/)"
157.90.177.217 - - [22/Sep/2022:13:38:44 +0200] "GET /household-linen-c-11.html?page=8 HTTP/1.0" 200 94746 "-" "Mozilla/5.0 (compatible; BLEXBot/1.0; +http://webmeup-crawler.com/)"
157.90.177.217 - - [22/Sep/2022:13:38:51 +0200] "GET /household-linen-c-11.html?page=9 HTTP/1.0" 200 93646 "-" "Mozilla/5.0 (compatible; BLEXBot/1.0; +http://webmeup-crawler.com/)"
157.90.177.217 - - [22/Sep/2022:13:38:58 +0200] "GET /huey-figurine-p-20561.html HTTP/1.0" 200 74723 "-" "Mozilla/5.0 (compatible; BLEXBot/1.0; +http://webmeup-crawler.com/)"
157.90.177.217 - - [22/Sep/2022:13:39:04 +0200] "GET /humorous-thermometer-apro-p-53418.html HTTP/1.0" 200 74750 "-" "Mozilla/5.0 (compatible; BLEXBot/1.0; +http://webmeup-crawler.com/)"
157.55.39.28 - - [22/Sep/2022:13:39:08 +0200] "GET /-p-47325.html HTTP/1.0" 200 72060 "-" "Mozilla/5.0 (compatible; bingbot/2.0; +http://www.bing.com/bingbot.htm)"
157.90.177.217 - - [22/Sep/2022:13:39:08 +0200] "GET /hung-mirrors-c-31_258.html?page=2 HTTP/1.0" 200 86661 "-" "Mozilla/5.0 (compatible; BLEXBot/1.0; +http://webmeup-crawler.com/)"
157.90.177.217 - - [22/Sep/2022:13:39:16 +0200] "GET /incense-aura-cleansing-grams-about-sticks-p-52435.html HTTP/1.0" 200 75226 "-" "Mozilla/5.0 (compatible; BLEXBot/1.0; +http://webmeup-crawler.com/)"
157.90.177.217 - - [22/Sep/2022:13:39:21 +0200] "GET /incense-burner-sticks-cones-flower-life-p-53440.html HTTP/1.0" 200 74873 "-" "Mozilla/5.0 (compatible; BLEXBot/1.0; +http://webmeup-crawler.com/)"
157.90.177.217 - - [22/Sep/2022:13:39:26 +0200] "GET /incense-burner-sticks-cones-ganesh-p-44271.html HTTP/1.0" 200 74851 "-" "Mozilla/5.0 (compatible; BLEXBot/1.0; +http://webmeup-crawler.com/)"
157.90.177.217 - - [22/Sep/2022:13:39:31 +0200] "GET /incense-burner-sticks-cones-hebru-hand-soapstone-p-44275.html HTTP/1.0" 200 75634 "-" "Mozilla/5.0 (compatible; BLEXBot/1.0; +http://webmeup-crawler.com/)"
157.90.177.217 - - [22/Sep/2022:13:39:37 +0200] "GET /incense-burner-sticks-cones-lotus-p-44273.html HTTP/1.0" 200 75470 "-" "Mozilla/5.0 (compatible; BLEXBot/1.0; +http://webmeup-crawler.com/)"
157.90.177.217 - - [22/Sep/2022:13:39:42 +0200] "GET /incense-burner-sticks-p-49360.html HTTP/1.0" 200 75351 "-" "Mozilla/5.0 (compatible; BLEXBot/1.0; +http://webmeup-crawler.com/)"
157.90.177.217 - - [22/Sep/2022:13:39:49 +0200] "GET /incense-c-231_226.html?page=2 HTTP/1.0" 200 93845 "-" "Mozilla/5.0 (compatible; BLEXBot/1.0; +http://webmeup-crawler.com/)"
66.249.66.214 - - [22/Sep/2022:13:39:51 +0200] "GET /laissez-lucie-faire-small-wallet-wendy-p-49017.html HTTP/1.0" 200 75560 "-" "Mozilla/5.0 (compatible; Googlebot/2.1; +http://www.google.com/bot.html)"
157.55.39.217 - - [22/Sep/2022:13:39:54 +0200] "GET /dollar-money-cbkreation-p-24136.html HTTP/1.0" 200 74747 "-" "Mozilla/5.0 (compatible; bingbot/2.0; +http://www.bing.com/bingbot.htm)"
157.90.177.217 - - [22/Sep/2022:13:39:55 +0200] "GET /incense-c-231_226.html?page=3 HTTP/1.0" 200 93363 "-" "Mozilla/5.0 (compatible; BLEXBot/1.0; +http://webmeup-crawler.com/)"
216.244.66.242 - - [22/Sep/2022:13:40:01 +0200] "GET /robots.txt HTTP/1.0" 200 245 "-" "Mozilla/5.0 (compatible; DotBot/1.2; +https://opensiteexplorer.org/dotbot; help@moz.com)"
157.90.177.217 - - [22/Sep/2022:13:40:02 +0200] "GET /incense-c-231_226.html?page=4 HTTP/1.0" 200 93139 "-" "Mozilla/5.0 (compatible; BLEXBot/1.0; +http://webmeup-crawler.com/)"
157.90.177.217 - - [22/Sep/2022:13:40:09 +0200] "GET /incense-c-231_226.html?page=5 HTTP/1.0" 200 93578 "-" "Mozilla/5.0 (compatible; BLEXBot/1.0; +http://webmeup-crawler.com/)"
157.90.177.217 - - [22/Sep/2022:13:40:15 +0200] "GET /incense-c-231_226.html?page=6 HTTP/1.0" 200 86776 "-" "Mozilla/5.0 (compatible; BLEXBot/1.0; +http://webmeup-crawler.com/)"
157.90.177.217 - - [22/Sep/2022:13:40:22 +0200] "GET /incense-champa-super-grams-about-sticks-p-48090.html HTTP/1.0" 200 75280 "-" "Mozilla/5.0 (compatible; BLEXBot/1.0; +http://webmeup-crawler.com/)"
157.90.177.217 - - [22/Sep/2022:13:40:25 +0200] "GET /incense-holder-incense-burner-c-231_229.html?page=2 HTTP/1.0" 200 93456 "-" "Mozilla/5.0 (compatible; BLEXBot/1.0; +http://webmeup-crawler.com/)"
157.90.177.217 - - [22/Sep/2022:13:40:36 +0200] "GET /incense-holder-incense-burner-c-231_229.html?page=3 HTTP/1.0" 200 94028 "-" "Mozilla/5.0 (compatible; BLEXBot/1.0; +http://webmeup-crawler.com/)"
157.90.177.217 - - [22/Sep/2022:13:40:43 +0200] "GET /incense-holder-incense-burner-c-231_229.html?page=4 HTTP/1.0" 200 94004 "-" "Mozilla/5.0 (compatible; BLEXBot/1.0; +http://webmeup-crawler.com/)"
157.90.177.217 - - [22/Sep/2022:13:40:49 +0200] "GET /incense-holder-incense-burner-c-231_229.html?page=5 HTTP/1.0" 200 86160 "-" "Mozilla/5.0 (compatible; BLEXBot/1.0; +http://webmeup-crawler.com/)"
51.68.224.127 - - [22/Sep/2022:13:40:52 +0200] "GET /adminweb/export_orders_xml.php?token=256de2z6edz6ed2z6DFSFsed2zed6zeDSFDSGdzedezfzf&maxorders=10&orderstart=1&status=14&start_date=2018-10-01 HTTP/1.0" 200 285 "-" "GesCom CharlotteBoutik Serveur"
51.68.224.127 - - [22/Sep/2022:13:40:52 +0200] "GET /adminweb/export_orders_xml.php?token=256de2z6edz6ed2z6DFSFsed2zed6zeDSFDSGdzedezfzf&maxorders=10&orderstart=1&status=6&start_date=2018-10-01 HTTP/1.0" 200 33985 "-" "GesCom CharlotteBoutik Serveur"
157.90.177.217 - - [22/Sep/2022:13:40:54 +0200] "GET /incense-meditation-grams-about-sticks-p-45149.html HTTP/1.0" 200 75219 "-" "Mozilla/5.0 (compatible; BLEXBot/1.0; +http://webmeup-crawler.com/)"
157.90.177.217 - - [22/Sep/2022:13:41:00 +0200] "GET /incense-namaste-grams-about-sticks-p-45147.html HTTP/1.0" 200 75196 "-" "Mozilla/5.0 (compatible; BLEXBot/1.0; +http://webmeup-crawler.com/)"
66.249.66.214 - - [22/Sep/2022:13:41:09 +0200] "GET /images/mini_prod/8003990623510.jpg HTTP/1.0" 200 269 "-" "Mozilla/5.0 (compatible; Googlebot/2.1; +http://www.google.com/bot.html)"
157.90.177.217 - - [22/Sep/2022:13:41:08 +0200] "GET /incense-positive-vibes-grams-about-sticks-p-45148.html HTTP/1.0" 200 75905 "-" "Mozilla/5.0 (compatible; BLEXBot/1.0; +http://webmeup-crawler.com/)"
157.90.177.217 - - [22/Sep/2022:13:41:13 +0200] "GET /incense-reiki-grams-about-sticks-p-45146.html HTTP/1.0" 200 75179 "-" "Mozilla/5.0 (compatible; BLEXBot/1.0; +http://webmeup-crawler.com/)"
157.90.177.217 - - [22/Sep/2022:13:41:18 +0200] "GET /incense-rose-grams-about-sticks-p-52436.html HTTP/1.0" 200 74977 "-" "Mozilla/5.0 (compatible; BLEXBot/1.0; +http://webmeup-crawler.com/)"
157.90.177.217 - - [22/Sep/2022:13:41:24 +0200] "GET /incense-satya-champa-jasmine-grams-about-sticks-p-44396.html HTTP/1.0" 200 75336 "-" "Mozilla/5.0 (compatible; BLEXBot/1.0; +http://webmeup-crawler.com/)"
157.90.177.217 - - [22/Sep/2022:13:41:32 +0200] "GET /incense-satya-champa-karma-grams-about-sticks-p-45279.html HTTP/1.0" 200 75319 "-" "Mozilla/5.0 (compatible; BLEXBot/1.0; +http://webmeup-crawler.com/)"
185.191.171.41 - - [22/Sep/2022:13:41:35 +0200] "GET /barbabeau-money-p-27869.html HTTP/1.0" 200 72138 "-" "Mozilla/5.0 (compatible; SemrushBot/7~bl; +http://www.semrush.com/bot.html)"
157.90.177.217 - - [22/Sep/2022:13:41:37 +0200] "GET /incense-satya-champa-spiritual-grams-about-sticks-p-45280.html HTTP/1.0" 200 76056 "-" "Mozilla/5.0 (compatible; BLEXBot/1.0; +http://webmeup-crawler.com/)"
185.191.171.5 - - [22/Sep/2022:13:41:38 +0200] "GET /yogini-yogini-yoga-jute-violet-p-45292.html HTTP/1.0" 200 76294 "-" "Mozilla/5.0 (compatible; SemrushBot/7~bl; +http://www.semrush.com/bot.html)"
66.249.66.212 - - [22/Sep/2022:13:41:44 +0200] "GET /images/mini_prod/8422010628807.jpg HTTP/1.0" 200 269 "-" "Mozilla/5.0 (compatible; Googlebot/2.1; +http://www.google.com/bot.html)"
157.90.177.217 - - [22/Sep/2022:13:41:43 +0200] "GET /incense-satya-dragon-blood-grams-about-sticks-p-54739.html HTTP/1.0" 200 75308 "-" "Mozilla/5.0 (compatible; BLEXBot/1.0; +http://webmeup-crawler.com/)"
157.90.177.217 - - [22/Sep/2022:13:41:48 +0200] "GET /incense-satya-lavender-grams-about-sticks-p-54235.html HTTP/1.0" 200 75271 "-" "Mozilla/5.0 (compatible; BLEXBot/1.0; +http://webmeup-crawler.com/)"
157.90.177.217 - - [22/Sep/2022:13:41:54 +0200] "GET /incense-satya-meditation-grams-about-sticks-p-54237.html HTTP/1.0" 200 75287 "-" "Mozilla/5.0 (compatible; BLEXBot/1.0; +http://webmeup-crawler.com/)"
66.249.66.210 - - [22/Sep/2022:13:41:56 +0200] "GET /metal-hook-support-baseball-stories-p-41211.html HTTP/1.0" 200 72194 "-" "Mozilla/5.0 (Linux; Android 6.0.1; Nexus 5X Build/MMB29P) AppleWebKit/537.36 (KHTML, like Gecko) Chrome/105.0.5195.125 Mobile Safari/537.36 (compatible; Googlebot/2.1; +http://www.google.com/bot.html)"
157.90.177.217 - - [22/Sep/2022:13:42:00 +0200] "GET /incense-satya-musk-grams-about-sticks-p-53925.html HTTP/1.0" 200 75757 "-" "Mozilla/5.0 (compatible; BLEXBot/1.0; +http://webmeup-crawler.com/)"
157.90.177.217 - - [22/Sep/2022:13:42:07 +0200] "GET /incense-satya-myrrh-grams-about-sticks-p-54219.html HTTP/1.0" 200 75242 "-" "Mozilla/5.0 (compatible; BLEXBot/1.0; +http://webmeup-crawler.com/)"
157.90.177.217 - - [22/Sep/2022:13:42:11 +0200] "GET /incense-spiritual-guide-contains-incense-sticks-p-57226.html HTTP/1.0" 200 75762 "-" "Mozilla/5.0 (compatible; BLEXBot/1.0; +http://webmeup-crawler.com/)"
157.90.177.217 - - [22/Sep/2022:13:42:16 +0200] "GET /incense-spiritual-guide-grams-about-sticks-p-35490.html HTTP/1.0" 200 75066 "-" "Mozilla/5.0 (compatible; BLEXBot/1.0; +http://webmeup-crawler.com/)"
157.90.177.217 - - [22/Sep/2022:13:42:21 +0200] "GET /incense-stick-holder-buddha-p-35504.html HTTP/1.0" 200 75706 "-" "Mozilla/5.0 (compatible; BLEXBot/1.0; +http://webmeup-crawler.com/)"
66.249.66.214 - - [22/Sep/2022:13:42:28 +0200] "GET /images/big_prod/1300000020008.jpg HTTP/1.0" 200 268 "-" "Googlebot-Image/1.0"
157.90.177.217 - - [22/Sep/2022:13:42:28 +0200] "GET /incense-stick-holder-buddha-p-39334.html HTTP/1.0" 200 75071 "-" "Mozilla/5.0 (compatible; BLEXBot/1.0; +http://webmeup-crawler.com/)"
157.90.177.217 - - [22/Sep/2022:13:42:34 +0200] "GET /incense-stick-holder-chakra-p-57939.html HTTP/1.0" 200 75712 "-" "Mozilla/5.0 (compatible; BLEXBot/1.0; +http://webmeup-crawler.com/)"
157.90.177.217 - - [22/Sep/2022:13:42:40 +0200] "GET /incense-stick-holder-elephant-p-35503.html HTTP/1.0" 200 75729 "-" "Mozilla/5.0 (compatible; BLEXBot/1.0; +http://webmeup-crawler.com/)"
66.249.66.212 - - [22/Sep/2022:13:42:41 +0200] "GET /barbazoo-birth-barbabib-p-16321.html HTTP/1.0" 200 74930 "-" "Mozilla/5.0 (compatible; Googlebot/2.1; +http://www.google.com/bot.html)"
157.90.177.217 - - [22/Sep/2022:13:42:47 +0200] "GET /incense-stick-holder-flower-life-p-54081.html HTTP/1.0" 200 74867 "-" "Mozilla/5.0 (compatible; BLEXBot/1.0; +http://webmeup-crawler.com/)"
157.90.177.217 - - [22/Sep/2022:13:42:56 +0200] "GET /incense-stick-holder-ganesh-engraved-wood-p-43195.html HTTP/1.0" 200 75958 "-" "Mozilla/5.0 (compatible; BLEXBot/1.0; +http://webmeup-crawler.com/)"
157.90.177.217 - - [22/Sep/2022:13:43:03 +0200] "GET /incense-stick-holder-ganesh-p-35506.html HTTP/1.0" 200 75499 "-" "Mozilla/5.0 (compatible; BLEXBot/1.0; +http://webmeup-crawler.com/)"
157.90.177.217 - - [22/Sep/2022:13:43:08 +0200] "GET /incense-stick-holder-lotus-p-52501.html HTTP/1.0" 200 74863 "-" "Mozilla/5.0 (compatible; BLEXBot/1.0; +http://webmeup-crawler.com/)"
157.90.177.217 - - [22/Sep/2022:13:43:13 +0200] "GET /incense-stick-holder-moon-p-56704.html HTTP/1.0" 200 75479 "-" "Mozilla/5.0 (compatible; BLEXBot/1.0; +http://webmeup-crawler.com/)"
157.90.177.217 - - [22/Sep/2022:13:43:19 +0200] "GET /incense-stick-holder-p-35505.html HTTP/1.0" 200 76254 "-" "Mozilla/5.0 (compatible; BLEXBot/1.0; +http://webmeup-crawler.com/)"
66.249.66.210 - - [22/Sep/2022:13:43:21 +0200] "GET /barbazoo-birth-barbabib-p-16321.html HTTP/1.0" 200 74930 "-" "Mozilla/5.0 (Linux; Android 6.0.1; Nexus 5X Build/MMB29P) AppleWebKit/537.36 (KHTML, like Gecko) Chrome/105.0.5195.125 Mobile Safari/537.36 (compatible; Googlebot/2.1; +http://www.google.com/bot.html)"
185.191.171.24 - - [22/Sep/2022:13:43:26 +0200] "GET /allen-designs-flowerpot-p-58672.html HTTP/1.0" 200 75386 "-" "Mozilla/5.0 (compatible; SemrushBot/7~bl; +http://www.semrush.com/bot.html)"
157.90.177.217 - - [22/Sep/2022:13:43:26 +0200] "GET /incense-stick-holder-p-56703.html HTTP/1.0" 200 75463 "-" "Mozilla/5.0 (compatible; BLEXBot/1.0; +http://webmeup-crawler.com/)"
157.90.177.217 - - [22/Sep/2022:13:43:32 +0200] "GET /incense-stick-holder-pentacle-p-44964.html HTTP/1.0" 200 74989 "-" "Mozilla/5.0 (compatible; BLEXBot/1.0; +http://webmeup-crawler.com/)"
157.55.39.217 - - [22/Sep/2022:13:43:35 +0200] "GET /pillow-case-cotton-percale-threads-p-48192.html HTTP/1.0" 200 75644 "-" "Mozilla/5.0 (compatible; bingbot/2.0; +http://www.bing.com/bingbot.htm)"
44.207.2.156 - - [22/Sep/2022:13:43:37 +0200] "GET / HTTP/1.0" 301 511 "-" "Apache-HttpClient/4.5.9 (Java/1.8.0_342)"
44.207.2.156 - - [22/Sep/2022:13:43:37 +0200] "GET / HTTP/1.0" 200 151317 "-" "Apache-HttpClient/4.5.9 (Java/1.8.0_342)"
157.90.177.217 - - [22/Sep/2022:13:43:38 +0200] "GET /incense-stick-holder-yang-p-35507.html HTTP/1.0" 200 75722 "-" "Mozilla/5.0 (compatible; BLEXBot/1.0; +http://webmeup-crawler.com/)"
157.90.177.217 - - [22/Sep/2022:13:43:45 +0200] "GET /incense-sticks-camphor-p-51691.html HTTP/1.0" 200 74939 "-" "Mozilla/5.0 (compatible; BLEXBot/1.0; +http://webmeup-crawler.com/)"
157.90.177.217 - - [22/Sep/2022:13:43:50 +0200] "GET /index.php HTTP/1.0" 200 151617 "-" "Mozilla/5.0 (compatible; BLEXBot/1.0; +http://webmeup-crawler.com/)"
157.90.177.217 - - [22/Sep/2022:13:43:57 +0200] "GET /indian-craft-drawers-p-37257.html HTTP/1.0" 200 75042 "-" "Mozilla/5.0 (compatible; BLEXBot/1.0; +http://webmeup-crawler.com/)"
157.90.177.217 - - [22/Sep/2022:13:44:02 +0200] "GET /indian-craft-drawers-p-37259.html HTTP/1.0" 200 75045 "-" "Mozilla/5.0 (compatible; BLEXBot/1.0; +http://webmeup-crawler.com/)"
157.90.177.217 - - [22/Sep/2022:13:44:10 +0200] "GET /indoor-buddha-fountain-p-46663.html HTTP/1.0" 200 74886 "-" "Mozilla/5.0 (compatible; BLEXBot/1.0; +http://webmeup-crawler.com/)"
157.90.177.217 - - [22/Sep/2022:13:44:17 +0200] "GET /indoor-buddha-fountain-p-47421.html HTTP/1.0" 200 74872 "-" "Mozilla/5.0 (compatible; BLEXBot/1.0; +http://webmeup-crawler.com/)"
87.250.224.188 - - [22/Sep/2022:13:44:22 +0200] "GET /robots.txt HTTP/1.0" 200 245 "-" "Mozilla/5.0 (compatible; YandexBot/3.0; +http://yandex.com/bots)"
157.90.177.217 - - [22/Sep/2022:13:44:23 +0200] "GET /indoor-buddha-fountain-p-48808.html HTTP/1.0" 200 74890 "-" "Mozilla/5.0 (compatible; BLEXBot/1.0; +http://webmeup-crawler.com/)"
87.250.224.188 - - [22/Sep/2022:13:44:25 +0200] "GET /images/B4039.jpg HTTP/1.0" 200 251 "-" "Mozilla/5.0 (compatible; YandexImages/3.0; +http://yandex.com/bots)"
157.90.177.217 - - [22/Sep/2022:13:44:28 +0200] "GET /indoor-buddha-fountain-p-51728.html HTTP/1.0" 200 74877 "-" "Mozilla/5.0 (compatible; BLEXBot/1.0; +http://webmeup-crawler.com/)"
157.90.177.217 - - [22/Sep/2022:13:44:35 +0200] "GET /indoor-ganesh-fountain-p-47227.html HTTP/1.0" 200 75486 "-" "Mozilla/5.0 (compatible; BLEXBot/1.0; +http://webmeup-crawler.com/)"
66.249.66.210 - - [22/Sep/2022:13:44:38 +0200] "GET /volkswagen-beetle-large-metal-plate-deco-p-26436.html HTTP/1.0" 200 74816 "-" "Mozilla/5.0 (Linux; Android 6.0.1; Nexus 5X Build/MMB29P) AppleWebKit/537.36 (KHTML, like Gecko) Chrome/105.0.5195.125 Mobile Safari/537.36 (compatible; Googlebot/2.1; +http://www.google.com/bot.html)"
157.90.177.217 - - [22/Sep/2022:13:44:41 +0200] "GET /indoor-shiva-fountain-p-46688.html HTTP/1.0" 200 74869 "-" "Mozilla/5.0 (compatible; BLEXBot/1.0; +http://webmeup-crawler.com/)"
157.90.177.217 - - [22/Sep/2022:13:44:46 +0200] "GET /industrial-pouf-storage-large-size-only-p-48579.html HTTP/1.0" 200 75664 "-" "Mozilla/5.0 (compatible; BLEXBot/1.0; +http://webmeup-crawler.com/)"
66.249.66.210 - - [22/Sep/2022:13:44:49 +0200] "GET /images/mini_prod/1399984258194.jpg HTTP/1.0" 200 269 "-" "Mozilla/5.0 (compatible; Googlebot/2.1; +http://www.google.com/bot.html)"
157.90.177.217 - - [22/Sep/2022:13:44:54 +0200] "GET /industrial-pouf-storage-medium-size-only-p-48581.html HTTP/1.0" 200 75670 "-" "Mozilla/5.0 (compatible; BLEXBot/1.0; +http://webmeup-crawler.com/)"
185.191.171.21 - - [22/Sep/2022:13:44:56 +0200] "GET /fitted-sheet-cotton-percale-threads-p-43834.html HTTP/1.0" 200 75032 "-" "Mozilla/5.0 (compatible; SemrushBot/7~bl; +http://www.semrush.com/bot.html)"
157.90.177.217 - - [22/Sep/2022:13:44:59 +0200] "GET /industrial-pouf-storage-small-size-only-p-48580.html HTTP/1.0" 200 75593 "-" "Mozilla/5.0 (compatible; BLEXBot/1.0; +http://webmeup-crawler.com/)"
157.90.177.217 - - [22/Sep/2022:13:45:08 +0200] "GET /infuser-rest-c-12_247.html?page=2 HTTP/1.0" 200 91887 "-" "Mozilla/5.0 (compatible; BLEXBot/1.0; +http://webmeup-crawler.com/)"
157.90.177.217 - - [22/Sep/2022:13:45:17 +0200] "GET /infuser-rest-c-12_247.html?page=3 HTTP/1.0" 200 91586 "-" "Mozilla/5.0 (compatible; BLEXBot/1.0; +http://webmeup-crawler.com/)"
157.55.39.217 - - [22/Sep/2022:13:45:24 +0200] "GET /images/big_prod/5018997622100.jpg HTTP/1.0" 200 268 "-" "Mozilla/5.0 AppleWebKit/537.36 (KHTML, like Gecko; compatible; bingbot/2.0; +http://www.bing.com/bingbot.htm) Chrome/103.0.5060.134 Safari/537.36"
157.90.177.217 - - [22/Sep/2022:13:45:23 +0200] "GET /inuit-bedclothes-p-28332.html HTTP/1.0" 200 74924 "-" "Mozilla/5.0 (compatible; BLEXBot/1.0; +http://webmeup-crawler.com/)"
157.90.177.217 - - [22/Sep/2022:13:45:29 +0200] "GET /invitation-cards-envelopes-p-2101.html HTTP/1.0" 200 74903 "-" "Mozilla/5.0 (compatible; BLEXBot/1.0; +http://webmeup-crawler.com/)"
66.249.66.210 - - [22/Sep/2022:13:45:33 +0200] "GET /images/mini_prod/1399980107618.jpg HTTP/1.0" 200 269 "-" "Mozilla/5.0 (compatible; Googlebot/2.1; +http://www.google.com/bot.html)"
157.90.177.217 - - [22/Sep/2022:13:45:35 +0200] "GET /ipad-black-shell-with-personalized-picture-p-16335.html HTTP/1.0" 200 75093 "-" "Mozilla/5.0 (compatible; BLEXBot/1.0; +http://webmeup-crawler.com/)"
147.92.153.4 - - [22/Sep/2022:13:45:42 +0200] "GET /images/big_prod/3700281667561.jpg HTTP/1.0" 200 268 "-" "Mozilla/5.0 (compatible; Linespider/1.1; +https://lin.ee/4dwXkTH)"
157.90.177.217 - - [22/Sep/2022:13:45:41 +0200] "GET /ipad-pink-shell-with-personalized-picture-p-16336.html HTTP/1.0" 200 75089 "-" "Mozilla/5.0 (compatible; BLEXBot/1.0; +http://webmeup-crawler.com/)"
66.249.66.212 - - [22/Sep/2022:13:45:43 +0200] "GET /images/mini_prod/8435306281259.jpg HTTP/1.0" 200 269 "-" "Mozilla/5.0 (compatible; Googlebot/2.1; +http://www.google.com/bot.html)"
66.249.66.210 - - [22/Sep/2022:13:45:43 +0200] "GET /images/mini_prod/CD4061d.jpg HTTP/1.0" 200 263 "-" "Mozilla/5.0 (compatible; Googlebot/2.1; +http://www.google.com/bot.html)"
157.90.177.217 - - [22/Sep/2022:13:45:46 +0200] "GET /ipad-white-shell-with-personalized-picture-p-16337.html HTTP/1.0" 200 75098 "-" "Mozilla/5.0 (compatible; BLEXBot/1.0; +http://webmeup-crawler.com/)"
157.90.177.217 - - [22/Sep/2022:13:45:52 +0200] "GET /iphone-black-shell-with-personalized-picture-p-16338.html HTTP/1.0" 200 75151 "-" "Mozilla/5.0 (compatible; BLEXBot/1.0; +http://webmeup-crawler.com/)"
157.90.177.217 - - [22/Sep/2022:13:45:58 +0200] "GET /iphone-silicone-black-shell-audiocassette-p-18936.html HTTP/1.0" 200 78185 "-" "Mozilla/5.0 (compatible; BLEXBot/1.0; +http://webmeup-crawler.com/)"
115.156.91.37 - - [22/Sep/2022:13:46:02 +0200] "GET /images/mini_prod/3503420077364.jpg HTTP/1.0" 200 269 "-" "Mozilla/5.0 (X11; Ubuntu; Linux x86_64; rv:72.0) Gecko/20100101 Firefox/72.0"
157.90.177.217 - - [22/Sep/2022:13:46:03 +0200] "GET /iphone-silicone-bleue-shell-audiocassette-p-18940.html HTTP/1.0" 200 78118 "-" "Mozilla/5.0 (compatible; BLEXBot/1.0; +http://webmeup-crawler.com/)"
157.90.177.217 - - [22/Sep/2022:13:46:08 +0200] "GET /iphone-transparent-shell-with-personalized-picture-p-16340.html HTTP/1.0" 200 75215 "-" "Mozilla/5.0 (compatible; BLEXBot/1.0; +http://webmeup-crawler.com/)"
157.90.177.217 - - [22/Sep/2022:13:46:14 +0200] "GET /iphone-white-shell-with-personalized-picture-p-16339.html HTTP/1.0" 200 75161 "-" "Mozilla/5.0 (compatible; BLEXBot/1.0; +http://webmeup-crawler.com/)"
185.191.171.9 - - [22/Sep/2022:13:46:14 +0200] "GET /flower-aged-ceramic-blue-p-57656.html HTTP/1.0" 200 75366 "-" "Mozilla/5.0 (compatible; SemrushBot/7~bl; +http://www.semrush.com/bot.html)"
157.90.177.217 - - [22/Sep/2022:13:46:22 +0200] "GET /iron-avengers-figure-p-24825.html HTTP/1.0" 200 74801 "-" "Mozilla/5.0 (compatible; BLEXBot/1.0; +http://webmeup-crawler.com/)"
157.90.177.217 - - [22/Sep/2022:13:46:28 +0200] "GET /isothermic-stainless-steel-bottle-cbkreation-p-51159.html HTTP/1.0" 200 74035 "-" "Mozilla/5.0 (compatible; BLEXBot/1.0; +http://webmeup-crawler.com/)"
17.121.113.227 - - [22/Sep/2022:13:46:30 +0200] "GET /collectible-disney-figures-c-292_290.html HTTP/1.0" 200 96263 "-" "Mozilla/5.0 (Macintosh; Intel Mac OS X 10_15_5) AppleWebKit/605.1.15 (KHTML, like Gecko) Version/13.1.1 Safari/605.1.15 (Applebot/0.1; +http://www.apple.com/go/applebot)"
157.90.177.217 - - [22/Sep/2022:13:46:33 +0200] "GET /isothermic-stainless-steel-bottle-cbkreation-p-57638.html HTTP/1.0" 200 74035 "-" "Mozilla/5.0 (compatible; BLEXBot/1.0; +http://webmeup-crawler.com/)"
216.244.66.242 - - [22/Sep/2022:13:46:37 +0200] "GET /mani-lucky-blue-p-42457.html HTTP/1.0" 301 72127 "-" "Mozilla/5.0 (compatible; DotBot/1.2; +https://opensiteexplorer.org/dotbot; help@moz.com)"
157.90.177.217 - - [22/Sep/2022:13:46:39 +0200] "GET /italia-small-oddments-p-25933.html HTTP/1.0" 200 74747 "-" "Mozilla/5.0 (compatible; BLEXBot/1.0; +http://webmeup-crawler.com/)"
216.244.66.242 - - [22/Sep/2022:13:46:45 +0200] "GET /scarf-nice-black-p-41295.html HTTP/1.0" 301 72127 "-" "Mozilla/5.0 (compatible; DotBot/1.2; +https://opensiteexplorer.org/dotbot; help@moz.com)"
157.90.177.217 - - [22/Sep/2022:13:46:46 +0200] "GET /italia-tablecloth-anti-stain-p-34994.html HTTP/1.0" 200 74812 "-" "Mozilla/5.0 (compatible; BLEXBot/1.0; +http://webmeup-crawler.com/)"
163.220.128.41 - - [22/Sep/2022:13:46:49 +0200] "GET /images/mini_prod/886767070681.jpg HTTP/1.0" 200 268 "-" "Mozilla/5.0 (X11; Ubuntu; Linux x86_64; rv:72.0) Gecko/20100101 Firefox/72.0"
157.90.177.217 - - [22/Sep/2022:13:46:52 +0200] "GET /italian-style-mirror-p-21298.html HTTP/1.0" 200 74598 "-" "Mozilla/5.0 (compatible; BLEXBot/1.0; +http://webmeup-crawler.com/)"
216.244.66.242 - - [22/Sep/2022:13:46:52 +0200] "GET /hello-kitty-camomilla-wallet-purse-p-13173.html HTTP/1.0" 301 72127 "-" "Mozilla/5.0 (compatible; DotBot/1.2; +https://opensiteexplorer.org/dotbot; help@moz.com)"
157.90.177.217 - - [22/Sep/2022:13:46:59 +0200] "GET /ivory-beige-kitchen-towel-p-44421.html HTTP/1.0" 200 74743 "-" "Mozilla/5.0 (compatible; BLEXBot/1.0; +http://webmeup-crawler.com/)"
157.90.177.217 - - [22/Sep/2022:13:47:06 +0200] "GET /ivory-sandstone-lamp-p-56456.html HTTP/1.0" 200 75441 "-" "Mozilla/5.0 (compatible; BLEXBot/1.0; +http://webmeup-crawler.com/)"
157.90.177.217 - - [22/Sep/2022:13:47:11 +0200] "GET /jack-gravestone-figurine-p-58697.html HTTP/1.0" 200 75901 "-" "Mozilla/5.0 (compatible; BLEXBot/1.0; +http://webmeup-crawler.com/)"
87.250.224.94 - - [22/Sep/2022:13:47:15 +0200] "GET / HTTP/1.0" 200 151145 "-" "Mozilla/5.0 (compatible; YandexBot/3.0; +http://yandex.com/bots)"
157.90.177.217 - - [22/Sep/2022:13:47:16 +0200] "GET /jack-never-land-pirates-little-backpack-p-30384.html HTTP/1.0" 200 75126 "-" "Mozilla/5.0 (compatible; BLEXBot/1.0; +http://webmeup-crawler.com/)"
157.90.177.217 - - [22/Sep/2022:13:47:23 +0200] "GET /jack-sally-trinket-p-56311.html HTTP/1.0" 200 75880 "-" "Mozilla/5.0 (compatible; BLEXBot/1.0; +http://webmeup-crawler.com/)"
157.90.177.217 - - [22/Sep/2022:13:47:32 +0200] "GET /jacquard-anti-stain-tablecloth-charcoal-grey-p-34054.html HTTP/1.0" 200 74974 "-" "Mozilla/5.0 (compatible; BLEXBot/1.0; +http://webmeup-crawler.com/)"
66.249.66.214 - - [22/Sep/2022:13:47:34 +0200] "GET /images/mini_prod/4029811313730.jpg HTTP/1.0" 200 269 "-" "Mozilla/5.0 (compatible; Googlebot/2.1; +http://www.google.com/bot.html)"
66.249.66.212 - - [22/Sep/2022:13:47:40 +0200] "GET /images/mini_prod/1820024000003.jpg HTTP/1.0" 200 269 "-" "Mozilla/5.0 (compatible; Googlebot/2.1; +http://www.google.com/bot.html)"
157.90.177.217 - - [22/Sep/2022:13:47:40 +0200] "GET /jaguars-shower-curtain-p-57892.html HTTP/1.0" 200 75643 "-" "Mozilla/5.0 (compatible; BLEXBot/1.0; +http://webmeup-crawler.com/)"
185.191.171.15 - - [22/Sep/2022:13:47:42 +0200] "GET /retro-barrel-clock-p-50212.html HTTP/1.0" 200 72122 "-" "Mozilla/5.0 (compatible; SemrushBot/7~bl; +http://www.semrush.com/bot.html)"
66.249.66.210 - - [22/Sep/2022:13:47:46 +0200] "GET /images/mini_prod/4036113830780.jpg HTTP/1.0" 200 269 "-" "Googlebot-Image/1.0"
157.90.177.217 - - [22/Sep/2022:13:47:47 +0200] "GET /jake-never-land-pirates-jack-figure-p-27306.html HTTP/1.0" 200 74666 "-" "Mozilla/5.0 (compatible; BLEXBot/1.0; +http://webmeup-crawler.com/)"
157.90.177.217 - - [22/Sep/2022:13:47:54 +0200] "GET /jake-never-land-pirates-toddler-flatware-p-27545.html HTTP/1.0" 200 74888 "-" "Mozilla/5.0 (compatible; BLEXBot/1.0; +http://webmeup-crawler.com/)"
157.90.177.217 - - [22/Sep/2022:13:48:00 +0200] "GET /jamaca-case-lenticulaire-iphone-sries-p-24226.html HTTP/1.0" 200 77518 "-" "Mozilla/5.0 (compatible; BLEXBot/1.0; +http://webmeup-crawler.com/)"
157.90.177.217 - - [22/Sep/2022:13:48:08 +0200] "GET /jamaica-coasters-p-24228.html HTTP/1.0" 200 74626 "-" "Mozilla/5.0 (compatible; BLEXBot/1.0; +http://webmeup-crawler.com/)"
157.90.177.217 - - [22/Sep/2022:13:48:14 +0200] "GET /jamaica-mouse-p-19552.html HTTP/1.0" 200 74743 "-" "Mozilla/5.0 (compatible; BLEXBot/1.0; +http://webmeup-crawler.com/)"
157.90.177.217 - - [22/Sep/2022:13:48:22 +0200] "GET /jamaica-mouse-p-19554.html HTTP/1.0" 200 74743 "-" "Mozilla/5.0 (compatible; BLEXBot/1.0; +http://webmeup-crawler.com/)"
157.90.177.217 - - [22/Sep/2022:13:48:28 +0200] "GET /jamaica-paper-towel-dispenser-p-17439.html HTTP/1.0" 200 74736 "-" "Mozilla/5.0 (compatible; BLEXBot/1.0; +http://webmeup-crawler.com/)"
157.90.177.217 - - [22/Sep/2022:13:48:34 +0200] "GET /jamaican-cbkreation-alarm-clock-p-25002.html HTTP/1.0" 200 74819 "-" "Mozilla/5.0 (compatible; BLEXBot/1.0; +http://webmeup-crawler.com/)"
157.90.177.217 - - [22/Sep/2022:13:48:39 +0200] "GET /jamaican-clock-p-24958.html HTTP/1.0" 200 74625 "-" "Mozilla/5.0 (compatible; BLEXBot/1.0; +http://webmeup-crawler.com/)"
157.90.177.217 - - [22/Sep/2022:13:48:45 +0200] "GET /jamaican-sound-clock-p-24960.html HTTP/1.0" 200 74671 "-" "Mozilla/5.0 (compatible; BLEXBot/1.0; +http://webmeup-crawler.com/)"
157.90.177.217 - - [22/Sep/2022:13:48:51 +0200] "GET /james-towel-p-39101.html HTTP/1.0" 200 74669 "-" "Mozilla/5.0 (compatible; BLEXBot/1.0; +http://webmeup-crawler.com/)"
