157.90.177.217 - - [22/Sep/2022:15:52:17 +0200] "GET /russian-doll-blue-figure-p-27616.html HTTP/1.0" 200 74761 "-" "Mozilla/5.0 (compatible; BLEXBot/1.0; +http://webmeup-crawler.com/)"
157.90.177.217 - - [22/Sep/2022:15:52:21 +0200] "GET /russian-doll-cookware-cbkreation-p-29703.html HTTP/1.0" 200 74781 "-" "Mozilla/5.0 (compatible; BLEXBot/1.0; +http://webmeup-crawler.com/)"
157.90.177.217 - - [22/Sep/2022:15:52:26 +0200] "GET /russian-doll-figurine-jewelry-p-27613.html HTTP/1.0" 200 75597 "-" "Mozilla/5.0 (compatible; BLEXBot/1.0; +http://webmeup-crawler.com/)"
157.90.177.217 - - [22/Sep/2022:15:52:32 +0200] "GET /russian-doll-green-figure-p-27615.html HTTP/1.0" 200 74770 "-" "Mozilla/5.0 (compatible; BLEXBot/1.0; +http://webmeup-crawler.com/)"
185.191.171.2 - - [22/Sep/2022:15:52:34 +0200] "GET /stop-shaped-books-p-41577.html HTTP/1.0" 200 74665 "-" "Mozilla/5.0 (compatible; SemrushBot/7~bl; +http://www.semrush.com/bot.html)"
157.90.177.217 - - [22/Sep/2022:15:52:37 +0200] "GET /russian-doll-pink-figure-p-27614.html HTTP/1.0" 200 74762 "-" "Mozilla/5.0 (compatible; BLEXBot/1.0; +http://webmeup-crawler.com/)"
157.90.177.217 - - [22/Sep/2022:15:52:42 +0200] "GET /rusty-metal-buddha-mobile-p-56719.html HTTP/1.0" 200 75530 "-" "Mozilla/5.0 (compatible; BLEXBot/1.0; +http://webmeup-crawler.com/)"
157.90.177.217 - - [22/Sep/2022:15:52:46 +0200] "GET /rusty-metal-hand-fatma-mobile-p-56717.html HTTP/1.0" 200 75606 "-" "Mozilla/5.0 (compatible; BLEXBot/1.0; +http://webmeup-crawler.com/)"
157.90.177.217 - - [22/Sep/2022:15:52:51 +0200] "GET /saddle-club-pieces-p-27691.html HTTP/1.0" 200 74887 "-" "Mozilla/5.0 (compatible; BLEXBot/1.0; +http://webmeup-crawler.com/)"
157.90.177.217 - - [22/Sep/2022:15:52:57 +0200] "GET /saddle-club-pieces-puzzle-p-27686.html HTTP/1.0" 200 74931 "-" "Mozilla/5.0 (compatible; BLEXBot/1.0; +http://webmeup-crawler.com/)"
157.90.177.217 - - [22/Sep/2022:15:53:08 +0200] "GET /saddle-club-pieces-puzzle-p-27690.html HTTP/1.0" 200 74931 "-" "Mozilla/5.0 (compatible; BLEXBot/1.0; +http://webmeup-crawler.com/)"
157.90.177.217 - - [22/Sep/2022:15:53:13 +0200] "GET /saffron-kitchen-towel-p-44423.html HTTP/1.0" 200 74723 "-" "Mozilla/5.0 (compatible; BLEXBot/1.0; +http://webmeup-crawler.com/)"
157.90.177.217 - - [22/Sep/2022:15:53:19 +0200] "GET /saint-seiya-stickers-p-15397.html HTTP/1.0" 200 74639 "-" "Mozilla/5.0 (compatible; BLEXBot/1.0; +http://webmeup-crawler.com/)"
114.119.137.45 - - [22/Sep/2022:15:53:23 +0200] "GET /images/big_prod_1/3609810048133a.jpg HTTP/1.0" 200 271 "http://www.wonder-geek.com/daisies-adhesive-decoration-board-p-55496.html" "Mozilla/5.0 (Linux; Android 7.0;) AppleWebKit/537.36 (KHTML, like Gecko) Mobile Safari/537.36 (compatible; PetalBot;+https://webmaster.petalsearch.com/site/petalbot)"
157.90.177.217 - - [22/Sep/2022:15:53:23 +0200] "GET /salsa-hermetic-p-37454.html HTTP/1.0" 200 74667 "-" "Mozilla/5.0 (compatible; BLEXBot/1.0; +http://webmeup-crawler.com/)"
157.90.177.217 - - [22/Sep/2022:15:53:28 +0200] "GET /salsa-ramekin-p-37453.html HTTP/1.0" 200 74638 "-" "Mozilla/5.0 (compatible; BLEXBot/1.0; +http://webmeup-crawler.com/)"
66.249.66.144 - - [22/Sep/2022:15:53:29 +0200] "GET /images/big_prod/3660173200033.jpg HTTP/1.0" 200 268 "-" "Googlebot-Image/1.0"
157.55.39.28 - - [22/Sep/2022:15:53:31 +0200] "GET /luggages-schoolbags-leather-shop/kids-school-bag/monster-high-kids-school-bag-p-26604.html HTTP/1.0" 301 72127 "-" "Mozilla/5.0 AppleWebKit/537.36 (KHTML, like Gecko; compatible; bingbot/2.0; +http://www.bing.com/bingbot.htm) Chrome/103.0.5060.134 Safari/537.36"
157.90.177.217 - - [22/Sep/2022:15:53:37 +0200] "GET /salt-boxes-jars-c-12_223.html?page=2 HTTP/1.0" 200 92730 "-" "Mozilla/5.0 (compatible; BLEXBot/1.0; +http://webmeup-crawler.com/)"
157.90.177.217 - - [22/Sep/2022:15:53:43 +0200] "GET /salt-boxes-jars-c-12_223.html?page=3 HTTP/1.0" 200 92529 "-" "Mozilla/5.0 (compatible; BLEXBot/1.0; +http://webmeup-crawler.com/)"
157.90.177.217 - - [22/Sep/2022:15:53:48 +0200] "GET /salt-boxes-jars-c-12_223.html?page=4 HTTP/1.0" 200 82438 "-" "Mozilla/5.0 (compatible; BLEXBot/1.0; +http://webmeup-crawler.com/)"
185.191.171.10 - - [22/Sep/2022:15:53:50 +0200] "GET /surfboard-ceramic-magnet-p-42049.html HTTP/1.0" 200 75631 "-" "Mozilla/5.0 (compatible; SemrushBot/7~bl; +http://www.semrush.com/bot.html)"
157.90.177.217 - - [22/Sep/2022:15:53:54 +0200] "GET /salt-made-ceramic-bamboo-p-55753.html HTTP/1.0" 200 74786 "-" "Mozilla/5.0 (compatible; BLEXBot/1.0; +http://webmeup-crawler.com/)"
157.90.177.217 - - [22/Sep/2022:15:54:00 +0200] "GET /salt-made-ceramic-bamboo-p-55754.html HTTP/1.0" 200 74786 "-" "Mozilla/5.0 (compatible; BLEXBot/1.0; +http://webmeup-crawler.com/)"
157.90.177.217 - - [22/Sep/2022:15:54:05 +0200] "GET /salt-made-ceramic-bamboo-p-56111.html HTTP/1.0" 200 74786 "-" "Mozilla/5.0 (compatible; BLEXBot/1.0; +http://webmeup-crawler.com/)"
157.90.177.217 - - [22/Sep/2022:15:54:09 +0200] "GET /salt-made-ceramic-bamboo-p-56112.html HTTP/1.0" 200 74788 "-" "Mozilla/5.0 (compatible; BLEXBot/1.0; +http://webmeup-crawler.com/)"
157.90.177.217 - - [22/Sep/2022:15:54:15 +0200] "GET /salt-pepper-faces-p-32463.html HTTP/1.0" 200 74723 "-" "Mozilla/5.0 (compatible; BLEXBot/1.0; +http://webmeup-crawler.com/)"
66.249.66.146 - - [22/Sep/2022:15:54:20 +0200] "GET /little-prince-tote-p-51202.html HTTP/1.0" 200 74761 "-" "Mozilla/5.0 (compatible; Googlebot/2.1; +http://www.google.com/bot.html)"
66.249.66.58 - - [22/Sep/2022:15:54:21 +0200] "GET /little-prince-tote-p-51202.html HTTP/1.0" 200 74761 "-" "Mozilla/5.0 (Linux; Android 6.0.1; Nexus 5X Build/MMB29P) AppleWebKit/537.36 (KHTML, like Gecko) Chrome/105.0.5195.125 Mobile Safari/537.36 (compatible; Googlebot/2.1; +http://www.google.com/bot.html)"
66.249.66.210 - - [22/Sep/2022:15:54:25 +0200] "GET /sweets-beige-p-31686.html HTTP/1.0" 200 74579 "-" "Mozilla/5.0 (Linux; Android 6.0.1; Nexus 5X Build/MMB29P) AppleWebKit/537.36 (KHTML, like Gecko) Chrome/105.0.5195.125 Mobile Safari/537.36 (compatible; Googlebot/2.1; +http://www.google.com/bot.html)"
157.90.177.217 - - [22/Sep/2022:15:54:29 +0200] "GET /salt-pepper-p-49111.html HTTP/1.0" 200 74691 "-" "Mozilla/5.0 (compatible; BLEXBot/1.0; +http://webmeup-crawler.com/)"
157.90.177.217 - - [22/Sep/2022:15:54:36 +0200] "GET /salt-pepper-p-50747.html HTTP/1.0" 200 75361 "-" "Mozilla/5.0 (compatible; BLEXBot/1.0; +http://webmeup-crawler.com/)"
157.90.177.217 - - [22/Sep/2022:15:54:42 +0200] "GET /salt-pepper-p-52772.html HTTP/1.0" 200 75517 "-" "Mozilla/5.0 (compatible; BLEXBot/1.0; +http://webmeup-crawler.com/)"
157.55.39.80 - - [22/Sep/2022:15:54:44 +0200] "GET /vinegar-salt-pepper-shakers-p-51795.html HTTP/1.0" 200 72186 "-" "Mozilla/5.0 (compatible; bingbot/2.0; +http://www.bing.com/bingbot.htm)"
157.90.177.217 - - [22/Sep/2022:15:54:47 +0200] "GET /salt-pepper-savoie-p-56559.html HTTP/1.0" 200 74862 "-" "Mozilla/5.0 (compatible; BLEXBot/1.0; +http://webmeup-crawler.com/)"
157.90.177.217 - - [22/Sep/2022:15:54:52 +0200] "GET /salt-pepper-shaker-p-40790.html HTTP/1.0" 200 74715 "-" "Mozilla/5.0 (compatible; BLEXBot/1.0; +http://webmeup-crawler.com/)"
157.90.177.217 - - [22/Sep/2022:15:54:57 +0200] "GET /salt-pepper-shaker-p-40791.html HTTP/1.0" 200 74736 "-" "Mozilla/5.0 (compatible; BLEXBot/1.0; +http://webmeup-crawler.com/)"
157.90.177.217 - - [22/Sep/2022:15:55:02 +0200] "GET /salt-pepper-shaker-p-40792.html HTTP/1.0" 200 74808 "-" "Mozilla/5.0 (compatible; BLEXBot/1.0; +http://webmeup-crawler.com/)"
157.90.177.217 - - [22/Sep/2022:15:55:08 +0200] "GET /salt-pepper-shaker-p-40794.html HTTP/1.0" 200 74808 "-" "Mozilla/5.0 (compatible; BLEXBot/1.0; +http://webmeup-crawler.com/)"
157.90.177.217 - - [22/Sep/2022:15:55:13 +0200] "GET /salt-pepper-shaker-p-40795.html HTTP/1.0" 200 74808 "-" "Mozilla/5.0 (compatible; BLEXBot/1.0; +http://webmeup-crawler.com/)"
154.85.51.160 - - [22/Sep/2022:15:55:16 +0200] "GET /images/mini_prod/1384010202913.jpg HTTP/1.0" 200 269 "-" "Mozilla/5.0 (X11; Ubuntu; Linux x86_64; rv:72.0) Gecko/20100101 Firefox/72.0"
66.249.66.56 - - [22/Sep/2022:15:55:17 +0200] "GET /images/mini_prod/1384010206423.jpg HTTP/1.0" 200 269 "-" "Mozilla/5.0 (compatible; Googlebot/2.1; +http://www.google.com/bot.html)"
157.90.177.217 - - [22/Sep/2022:15:55:18 +0200] "GET /salt-pepper-shaker-p-40797.html HTTP/1.0" 200 74808 "-" "Mozilla/5.0 (compatible; BLEXBot/1.0; +http://webmeup-crawler.com/)"
17.121.114.68 - - [22/Sep/2022:15:55:20 +0200] "GET /images/big_prod/3609810022546B.jpg HTTP/1.0" 200 269 "-" "Mozilla/5.0 (Macintosh; Intel Mac OS X 10_15_5) AppleWebKit/605.1.15 (KHTML, like Gecko) Version/13.1.1 Safari/605.1.15 (Applebot/0.1; +http://www.apple.com/go/applebot)"
157.90.177.217 - - [22/Sep/2022:15:55:25 +0200] "GET /salt-pepper-shaker-p-40798.html HTTP/1.0" 200 74808 "-" "Mozilla/5.0 (compatible; BLEXBot/1.0; +http://webmeup-crawler.com/)"
158.248.0.138 - - [22/Sep/2022:15:55:32 +0200] "GET /highslide/highslide.js HTTP/1.0" 200 262 "http://www.wonder-geek.com/magnet-kissing-tassen-p-47560.html" "Mozilla/5.0 (Windows NT 10.0; Win64; x64; rv:104.0) Gecko/20100101 Firefox/104.0"
158.248.0.138 - - [22/Sep/2022:15:55:32 +0200] "GET /templates/Pixame_v1/stylesheet.css HTTP/1.0" 200 267 "http://www.wonder-geek.com/magnet-kissing-tassen-p-47560.html" "Mozilla/5.0 (Windows NT 10.0; Win64; x64; rv:104.0) Gecko/20100101 Firefox/104.0"
158.248.0.138 - - [22/Sep/2022:15:55:32 +0200] "GET /js/jquery.js HTTP/1.0" 200 252 "http://www.wonder-geek.com/magnet-kissing-tassen-p-47560.html" "Mozilla/5.0 (Windows NT 10.0; Win64; x64; rv:104.0) Gecko/20100101 Firefox/104.0"
158.248.0.138 - - [22/Sep/2022:15:55:32 +0200] "GET /js/jquery.jqzoom.js HTTP/1.0" 200 259 "http://www.wonder-geek.com/magnet-kissing-tassen-p-47560.html" "Mozilla/5.0 (Windows NT 10.0; Win64; x64; rv:104.0) Gecko/20100101 Firefox/104.0"
158.248.0.138 - - [22/Sep/2022:15:55:30 +0200] "GET /magnet-kissing-tassen-p-47560.html HTTP/1.0" 200 75640 "https://www.google.com/" "Mozilla/5.0 (Windows NT 10.0; Win64; x64; rv:104.0) Gecko/20100101 Firefox/104.0"
158.248.0.138 - - [22/Sep/2022:15:55:32 +0200] "GET /mondial_relay/js/jquery-1.3.2.min.js HTTP/1.0" 200 276 "http://www.wonder-geek.com/magnet-kissing-tassen-p-47560.html" "Mozilla/5.0 (Windows NT 10.0; Win64; x64; rv:104.0) Gecko/20100101 Firefox/104.0"
158.248.0.138 - - [22/Sep/2022:15:55:32 +0200] "GET /swfobject.js HTTP/1.0" 404 1308 "http://www.wonder-geek.com/magnet-kissing-tassen-p-47560.html" "Mozilla/5.0 (Windows NT 10.0; Win64; x64; rv:104.0) Gecko/20100101 Firefox/104.0"
158.248.0.138 - - [22/Sep/2022:15:55:32 +0200] "GET /templates/Pixame_v1/images/icon_accueil2.png HTTP/1.0" 200 278 "http://www.wonder-geek.com/magnet-kissing-tassen-p-47560.html" "Mozilla/5.0 (Windows NT 10.0; Win64; x64; rv:104.0) Gecko/20100101 Firefox/104.0"
158.248.0.138 - - [22/Sep/2022:15:55:32 +0200] "GET /templates/Pixame_v1/images/infobox/pixel_trans.gif HTTP/1.0" 200 328 "http://www.wonder-geek.com/magnet-kissing-tassen-p-47560.html" "Mozilla/5.0 (Windows NT 10.0; Win64; x64; rv:104.0) Gecko/20100101 Firefox/104.0"
158.248.0.138 - - [22/Sep/2022:15:55:32 +0200] "GET /images/big_prod/8422004110134.jpg HTTP/1.0" 200 268 "http://www.wonder-geek.com/magnet-kissing-tassen-p-47560.html" "Mozilla/5.0 (Windows NT 10.0; Win64; x64; rv:104.0) Gecko/20100101 Firefox/104.0"
158.248.0.138 - - [22/Sep/2022:15:55:32 +0200] "GET /images/big_prod_1/TASSENMAGNET.jpg HTTP/1.0" 200 269 "http://www.wonder-geek.com/magnet-kissing-tassen-p-47560.html" "Mozilla/5.0 (Windows NT 10.0; Win64; x64; rv:104.0) Gecko/20100101 Firefox/104.0"
158.248.0.138 - - [22/Sep/2022:15:55:32 +0200] "GET /images/pixel_trans.gif HTTP/1.0" 200 328 "http://www.wonder-geek.com/magnet-kissing-tassen-p-47560.html" "Mozilla/5.0 (Windows NT 10.0; Win64; x64; rv:104.0) Gecko/20100101 Firefox/104.0"
158.248.0.138 - - [22/Sep/2022:15:55:32 +0200] "GET /templates/Pixame_v1/images/pixel_trans.gif HTTP/1.0" 200 328 "http://www.wonder-geek.com/magnet-kissing-tassen-p-47560.html" "Mozilla/5.0 (Windows NT 10.0; Win64; x64; rv:104.0) Gecko/20100101 Firefox/104.0"
158.248.0.138 - - [22/Sep/2022:15:55:32 +0200] "GET /templates/Pixame_v1/images/Bottom_texture.jpg HTTP/1.0" 200 280 "http://www.wonder-geek.com/templates/Pixame_v1/stylesheet.css" "Mozilla/5.0 (Windows NT 10.0; Win64; x64; rv:104.0) Gecko/20100101 Firefox/104.0"
158.248.0.138 - - [22/Sep/2022:15:55:32 +0200] "GET /swfobject.js HTTP/1.0" 404 1308 "http://www.wonder-geek.com/magnet-kissing-tassen-p-47560.html" "Mozilla/5.0 (Windows NT 10.0; Win64; x64; rv:104.0) Gecko/20100101 Firefox/104.0"
158.248.0.138 - - [22/Sep/2022:15:55:32 +0200] "GET /templates/Pixame_v1/images/Middle_texture.jpg HTTP/1.0" 200 280 "http://www.wonder-geek.com/templates/Pixame_v1/stylesheet.css" "Mozilla/5.0 (Windows NT 10.0; Win64; x64; rv:104.0) Gecko/20100101 Firefox/104.0"
158.248.0.138 - - [22/Sep/2022:15:55:32 +0200] "GET /templates/Pixame_v1/images/nav.png HTTP/1.0" 200 268 "http://www.wonder-geek.com/templates/Pixame_v1/stylesheet.css" "Mozilla/5.0 (Windows NT 10.0; Win64; x64; rv:104.0) Gecko/20100101 Firefox/104.0"
158.248.0.138 - - [22/Sep/2022:15:55:32 +0200] "GET /templates/Pixame_v1/images/header.png HTTP/1.0" 200 271 "http://www.wonder-geek.com/templates/Pixame_v1/stylesheet.css" "Mozilla/5.0 (Windows NT 10.0; Win64; x64; rv:104.0) Gecko/20100101 Firefox/104.0"
158.248.0.138 - - [22/Sep/2022:15:55:32 +0200] "GET /templates/Pixame_v1/images/header-object.png HTTP/1.0" 200 278 "http://www.wonder-geek.com/templates/Pixame_v1/stylesheet.css" "Mozilla/5.0 (Windows NT 10.0; Win64; x64; rv:104.0) Gecko/20100101 Firefox/104.0"
158.248.0.138 - - [22/Sep/2022:15:55:32 +0200] "GET /templates/Pixame_v1/images/flash.swf HTTP/1.0" 200 290 "http://www.wonder-geek.com/magnet-kissing-tassen-p-47560.html" "Mozilla/5.0 (Windows NT 10.0; Win64; x64; rv:104.0) Gecko/20100101 Firefox/104.0"
158.248.0.138 - - [22/Sep/2022:15:55:32 +0200] "GET /templates/Pixame_v1/images/infobox/infobox_footer_middle.gif HTTP/1.0" 200 357 "http://www.wonder-geek.com/magnet-kissing-tassen-p-47560.html" "Mozilla/5.0 (Windows NT 10.0; Win64; x64; rv:104.0) Gecko/20100101 Firefox/104.0"
158.248.0.138 - - [22/Sep/2022:15:55:32 +0200] "GET /design/productsenstock.png HTTP/1.0" 200 260 "http://www.wonder-geek.com/templates/Pixame_v1/stylesheet.css" "Mozilla/5.0 (Windows NT 10.0; Win64; x64; rv:104.0) Gecko/20100101 Firefox/104.0"
158.248.0.138 - - [22/Sep/2022:15:55:32 +0200] "GET /templates/Pixame_v1/images/buttons/english/button_in_cart.gif HTTP/1.0" 200 295 "http://www.wonder-geek.com/magnet-kissing-tassen-p-47560.html" "Mozilla/5.0 (Windows NT 10.0; Win64; x64; rv:104.0) Gecko/20100101 Firefox/104.0"
158.248.0.138 - - [22/Sep/2022:15:55:32 +0200] "GET /highslide/graphics/zoomin.cur HTTP/1.0" 200 614 "http://www.wonder-geek.com/templates/Pixame_v1/stylesheet.css" "Mozilla/5.0 (Windows NT 10.0; Win64; x64; rv:104.0) Gecko/20100101 Firefox/104.0"
158.248.0.138 - - [22/Sep/2022:15:55:32 +0200] "GET /favicon.ico HTTP/1.0" 200 260 "http://www.wonder-geek.com/magnet-kissing-tassen-p-47560.html" "Mozilla/5.0 (Windows NT 10.0; Win64; x64; rv:104.0) Gecko/20100101 Firefox/104.0"
158.248.0.138 - - [22/Sep/2022:15:55:32 +0200] "GET /highslide/graphics/outlines/drop-shadow.png HTTP/1.0" 200 277 "http://www.wonder-geek.com/magnet-kissing-tassen-p-47560.html" "Mozilla/5.0 (Windows NT 10.0; Win64; x64; rv:104.0) Gecko/20100101 Firefox/104.0"
158.248.0.138 - - [22/Sep/2022:15:55:32 +0200] "GET /highslide/graphics/zoomout.cur HTTP/1.0" 200 614 "http://www.wonder-geek.com/magnet-kissing-tassen-p-47560.html" "Mozilla/5.0 (Windows NT 10.0; Win64; x64; rv:104.0) Gecko/20100101 Firefox/104.0"
158.248.0.138 - - [22/Sep/2022:15:55:32 +0200] "GET /highslide/graphics/loader.white.gif HTTP/1.0" 200 960 "http://www.wonder-geek.com/templates/Pixame_v1/stylesheet.css" "Mozilla/5.0 (Windows NT 10.0; Win64; x64; rv:104.0) Gecko/20100101 Firefox/104.0"
157.90.177.217 - - [22/Sep/2022:15:55:31 +0200] "GET /salt-pepper-shaker-sets-c-12_160.html?page=2 HTTP/1.0" 200 92363 "-" "Mozilla/5.0 (compatible; BLEXBot/1.0; +http://webmeup-crawler.com/)"
156.59.237.152 - - [22/Sep/2022:15:55:36 +0200] "GET /images/big_prod_1/5903313954105b.jpg HTTP/1.0" 200 271 "-" "Mozilla/5.0 (X11; Ubuntu; Linux x86_64; rv:72.0) Gecko/20100101 Firefox/72.0"
66.249.66.212 - - [22/Sep/2022:15:55:38 +0200] "GET /images/big_prod/1304038301221.jpg HTTP/1.0" 200 268 "-" "Mozilla/5.0 (compatible; Googlebot/2.1; +http://www.google.com/bot.html)"
157.90.177.217 - - [22/Sep/2022:15:55:37 +0200] "GET /salt-pepper-shaker-sets-c-12_160.html?page=3 HTTP/1.0" 200 88983 "-" "Mozilla/5.0 (compatible; BLEXBot/1.0; +http://webmeup-crawler.com/)"
66.249.66.58 - - [22/Sep/2022:15:55:39 +0200] "GET /images/mini_prod/4029811344741.jpg HTTP/1.0" 200 269 "-" "Mozilla/5.0 (compatible; Googlebot/2.1; +http://www.google.com/bot.html)"
66.249.66.8 - - [22/Sep/2022:15:55:39 +0200] "GET /images/med_prod/8435306290398.jpg HTTP/1.0" 200 268 "-" "Mozilla/5.0 (compatible; Googlebot/2.1; +http://www.google.com/bot.html)"
157.90.177.217 - - [22/Sep/2022:15:55:43 +0200] "GET /salt-pepper-small-fish-p-54509.html HTTP/1.0" 200 74842 "-" "Mozilla/5.0 (compatible; BLEXBot/1.0; +http://webmeup-crawler.com/)"
156.59.237.151 - - [22/Sep/2022:15:55:48 +0200] "GET /images/mini_prod/4025055987645.jpg HTTP/1.0" 200 269 "-" "Mozilla/5.0 (X11; Ubuntu; Linux x86_64; rv:72.0) Gecko/20100101 Firefox/72.0"
157.90.177.217 - - [22/Sep/2022:15:55:49 +0200] "GET /salt-salers-p-56536.html HTTP/1.0" 200 74731 "-" "Mozilla/5.0 (compatible; BLEXBot/1.0; +http://webmeup-crawler.com/)"
121.237.7.149 - - [22/Sep/2022:15:55:50 +0200] "GET /contact_us.php HTTP/1.0" 200 26241 "http://www.wonder-geek.com/contact_us.php" "Mozilla/5.0 (Windows NT 10.0; Win64; x64) AppleWebKit/537.36 (KHTML, like Gecko) Chrome/90.0.4430.86 Safari/537.36"
157.90.177.217 - - [22/Sep/2022:15:55:53 +0200] "GET /salt-silver-pepper-p-53747.html HTTP/1.0" 200 75446 "-" "Mozilla/5.0 (compatible; BLEXBot/1.0; +http://webmeup-crawler.com/)"
157.90.177.217 - - [22/Sep/2022:15:55:58 +0200] "GET /salt-with-wooden-spoon-inaya-p-54497.html HTTP/1.0" 200 74858 "-" "Mozilla/5.0 (compatible; BLEXBot/1.0; +http://webmeup-crawler.com/)"
66.249.66.68 - - [22/Sep/2022:15:56:03 +0200] "GET /images/mini_prod/1399984256367.jpg HTTP/1.0" 200 269 "-" "Mozilla/5.0 (compatible; Googlebot/2.1; +http://www.google.com/bot.html)"
157.90.177.217 - - [22/Sep/2022:15:56:03 +0200] "GET /salt-with-wooden-spoon-jania-p-54487.html HTTP/1.0" 200 75481 "-" "Mozilla/5.0 (compatible; BLEXBot/1.0; +http://webmeup-crawler.com/)"
157.90.177.217 - - [22/Sep/2022:15:56:08 +0200] "GET /salt-with-wooden-spoon-mateline-p-54488.html HTTP/1.0" 200 74871 "-" "Mozilla/5.0 (compatible; BLEXBot/1.0; +http://webmeup-crawler.com/)"
185.191.171.44 - - [22/Sep/2022:15:56:09 +0200] "GET /american-p-33079.html HTTP/1.0" 200 74672 "-" "Mozilla/5.0 (compatible; SemrushBot/7~bl; +http://www.semrush.com/bot.html)"
207.46.13.149 - - [22/Sep/2022:15:56:11 +0200] "GET /rococo-rtro-phone-p-37503.html HTTP/1.0" 200 72120 "-" "Mozilla/5.0 (compatible; bingbot/2.0; +http://www.bing.com/bingbot.htm)"
124.223.217.79 - - [22/Sep/2022:15:56:12 +0200] "GET /contact_us.php HTTP/1.0" 200 26241 "http://www.wonder-geek.com/contact_us.php" "Mozilla/5.0 (Windows NT 10.0; Win64; x64) AppleWebKit/537.36 (KHTML, like Gecko) Chrome/90.0.4430.86 Safari/537.36"
157.90.177.217 - - [22/Sep/2022:15:56:13 +0200] "GET /salt-with-wooden-spoon-sardy-p-54510.html HTTP/1.0" 200 74753 "-" "Mozilla/5.0 (compatible; BLEXBot/1.0; +http://webmeup-crawler.com/)"
157.90.177.217 - - [22/Sep/2022:15:56:18 +0200] "GET /sandstone-butter-dish-with-bees-pattern-p-57766.html HTTP/1.0" 200 75753 "-" "Mozilla/5.0 (compatible; BLEXBot/1.0; +http://webmeup-crawler.com/)"
157.90.177.217 - - [22/Sep/2022:15:56:23 +0200] "GET /sandstone-butter-dish-with-bees-pattern-p-57767.html HTTP/1.0" 200 75526 "-" "Mozilla/5.0 (compatible; BLEXBot/1.0; +http://webmeup-crawler.com/)"
156.59.237.146 - - [22/Sep/2022:15:56:27 +0200] "GET /images/mini_prod/8904245400088.jpg HTTP/1.0" 200 269 "-" "Mozilla/5.0 (X11; Ubuntu; Linux x86_64; rv:72.0) Gecko/20100101 Firefox/72.0"
157.90.177.217 - - [22/Sep/2022:15:56:28 +0200] "GET /santa-claus-solar-powered-dancing-p-33073.html HTTP/1.0" 200 75035 "-" "Mozilla/5.0 (compatible; BLEXBot/1.0; +http://webmeup-crawler.com/)"
37.45.42.250 - - [22/Sep/2022:15:56:32 +0200] "GET /contact_us.php HTTP/1.0" 200 26241 "http://www.wonder-geek.com/contact_us.php" "Mozilla/5.0 (Windows NT 10.0; Win64; x64) AppleWebKit/537.36 (KHTML, like Gecko) Chrome/90.0.4430.86 Safari/537.36"
37.45.42.250 - - [22/Sep/2022:15:56:32 +0200] "POST /contact_us.php?action=send HTTP/1.0" 200 26485 "http://www.wonder-geek.com/contact_us.php" "Mozilla/5.0 (Windows NT 10.0; Win64; x64) AppleWebKit/537.36 (KHTML, like Gecko) Chrome/90.0.4430.86 Safari/537.36"
157.90.177.217 - - [22/Sep/2022:15:56:33 +0200] "GET /santa-stitch-statement-figurine-p-58694.html HTTP/1.0" 200 76078 "-" "Mozilla/5.0 (compatible; BLEXBot/1.0; +http://webmeup-crawler.com/)"
157.55.39.12 - - [22/Sep/2022:15:56:38 +0200] "GET /ceramic-salt-with-spoon-dory-p-50650.html HTTP/1.0" 200 74772 "-" "Mozilla/5.0 (compatible; bingbot/2.0; +http://www.bing.com/bingbot.htm)"
157.90.177.217 - - [22/Sep/2022:15:56:38 +0200] "GET /sardinerie-kitchen-utensil-holder-p-56555.html HTTP/1.0" 200 75007 "-" "Mozilla/5.0 (compatible; BLEXBot/1.0; +http://webmeup-crawler.com/)"
157.90.177.217 - - [22/Sep/2022:15:56:44 +0200] "GET /sardy-ceramic-butter-dish-p-50646.html HTTP/1.0" 200 75419 "-" "Mozilla/5.0 (compatible; BLEXBot/1.0; +http://webmeup-crawler.com/)"
156.59.237.149 - - [22/Sep/2022:15:56:46 +0200] "GET /images/mini_prod/3453131132299.jpg HTTP/1.0" 200 269 "-" "Mozilla/5.0 (X11; Ubuntu; Linux x86_64; rv:72.0) Gecko/20100101 Firefox/72.0"
157.90.177.217 - - [22/Sep/2022:15:56:48 +0200] "GET /saturnin-bedclothes-p-57076.html HTTP/1.0" 200 75444 "-" "Mozilla/5.0 (compatible; BLEXBot/1.0; +http://webmeup-crawler.com/)"
157.90.177.217 - - [22/Sep/2022:15:56:53 +0200] "GET /saucer-p-40670.html HTTP/1.0" 200 74602 "-" "Mozilla/5.0 (compatible; BLEXBot/1.0; +http://webmeup-crawler.com/)"
157.90.177.217 - - [22/Sep/2022:15:56:58 +0200] "GET /saucer-p-40671.html HTTP/1.0" 200 74602 "-" "Mozilla/5.0 (compatible; BLEXBot/1.0; +http://webmeup-crawler.com/)"
185.191.171.15 - - [22/Sep/2022:15:57:01 +0200] "GET /christmas-tree-ornament-christmas-balls-c-13_271.html?page=4 HTTP/1.0" 200 80300 "-" "Mozilla/5.0 (compatible; SemrushBot/7~bl; +http://www.semrush.com/bot.html)"
157.90.177.217 - - [22/Sep/2022:15:57:06 +0200] "GET /saucer-p-40672.html HTTP/1.0" 200 74602 "-" "Mozilla/5.0 (compatible; BLEXBot/1.0; +http://webmeup-crawler.com/)"
157.90.177.217 - - [22/Sep/2022:15:57:10 +0200] "GET /saucer-p-40673.html HTTP/1.0" 200 74602 "-" "Mozilla/5.0 (compatible; BLEXBot/1.0; +http://webmeup-crawler.com/)"
114.119.137.43 - - [22/Sep/2022:15:57:12 +0200] "GET /koala-shaped-night-light-p-58644.html HTTP/1.0" 200 75724 "http://wonder-geek.com/" "Mozilla/5.0 (Linux; Android 7.0;) AppleWebKit/537.36 (KHTML, like Gecko) Mobile Safari/537.36 (compatible; PetalBot;+https://webmaster.petalsearch.com/site/petalbot)"
66.249.66.210 - - [22/Sep/2022:15:57:14 +0200] "GET /allen-decorated-cotton-coin-purse-p-58304.html HTTP/1.0" 200 75496 "-" "Mozilla/5.0 (Linux; Android 6.0.1; Nexus 5X Build/MMB29P) AppleWebKit/537.36 (KHTML, like Gecko) Chrome/105.0.5195.125 Mobile Safari/537.36 (compatible; Googlebot/2.1; +http://www.google.com/bot.html)"
157.90.177.217 - - [22/Sep/2022:15:57:16 +0200] "GET /saucer-p-53817.html HTTP/1.0" 200 74646 "-" "Mozilla/5.0 (compatible; BLEXBot/1.0; +http://webmeup-crawler.com/)"
157.90.177.217 - - [22/Sep/2022:15:57:21 +0200] "GET /saucer-p-53823.html HTTP/1.0" 200 74646 "-" "Mozilla/5.0 (compatible; BLEXBot/1.0; +http://webmeup-crawler.com/)"
157.90.177.217 - - [22/Sep/2022:15:57:27 +0200] "GET /saucer-p-55879.html HTTP/1.0" 200 74646 "-" "Mozilla/5.0 (compatible; BLEXBot/1.0; +http://webmeup-crawler.com/)"
157.90.177.217 - - [22/Sep/2022:15:57:32 +0200] "GET /saucer-p-55881.html HTTP/1.0" 200 74646 "-" "Mozilla/5.0 (compatible; BLEXBot/1.0; +http://webmeup-crawler.com/)"
157.90.177.217 - - [22/Sep/2022:15:57:37 +0200] "GET /saucer-p-55882.html HTTP/1.0" 200 74646 "-" "Mozilla/5.0 (compatible; BLEXBot/1.0; +http://webmeup-crawler.com/)"
34.67.96.123 - - [22/Sep/2022:15:57:39 +0200] "GET /images/mini_prod/3700516211415B.jpg HTTP/1.0" 200 270 "-" "Mozilla/5.0 (X11; Ubuntu; Linux x86_64; rv:72.0) Gecko/20100101 Firefox/72.0"
157.55.39.217 - - [22/Sep/2022:15:57:38 +0200] "GET /paris-saint-germain-kids-school-p-41162.html HTTP/1.0" 200 72182 "-" "Mozilla/5.0 (compatible; bingbot/2.0; +http://www.bing.com/bingbot.htm)"
157.90.177.217 - - [22/Sep/2022:15:57:43 +0200] "GET /sausage-apro-p-58143.html HTTP/1.0" 200 75274 "-" "Mozilla/5.0 (compatible; BLEXBot/1.0; +http://webmeup-crawler.com/)"
185.191.171.8 - - [22/Sep/2022:15:57:45 +0200] "GET /owls-michelle-allen-makeup-p-37694.html HTTP/1.0" 200 74830 "-" "Mozilla/5.0 (compatible; SemrushBot/7~bl; +http://www.semrush.com/bot.html)"
157.90.177.217 - - [22/Sep/2022:15:57:48 +0200] "GET /sausage-apro-recrute-p-58142.html HTTP/1.0" 200 75315 "-" "Mozilla/5.0 (compatible; BLEXBot/1.0; +http://webmeup-crawler.com/)"
157.90.177.217 - - [22/Sep/2022:15:57:53 +0200] "GET /sausage-tout-travail-p-58141.html HTTP/1.0" 200 75285 "-" "Mozilla/5.0 (compatible; BLEXBot/1.0; +http://webmeup-crawler.com/)"
157.90.177.217 - - [22/Sep/2022:15:57:58 +0200] "GET /sausage-veillis-p-58140.html HTTP/1.0" 200 75300 "-" "Mozilla/5.0 (compatible; BLEXBot/1.0; +http://webmeup-crawler.com/)"
157.90.177.217 - - [22/Sep/2022:15:58:03 +0200] "GET /sausage-with-knife-bodega-p-47319.html HTTP/1.0" 200 74750 "-" "Mozilla/5.0 (compatible; BLEXBot/1.0; +http://webmeup-crawler.com/)"
157.55.39.12 - - [22/Sep/2022:15:58:07 +0200] "GET /-p-36836.html HTTP/1.0" 200 72060 "-" "Mozilla/5.0 (compatible; bingbot/2.0; +http://www.bing.com/bingbot.htm)"
157.90.177.217 - - [22/Sep/2022:15:58:08 +0200] "GET /sausage-with-knife-boucherie-charcuterie-p-47323.html HTTP/1.0" 200 75684 "-" "Mozilla/5.0 (compatible; BLEXBot/1.0; +http://webmeup-crawler.com/)"
66.249.66.214 - - [22/Sep/2022:15:58:13 +0200] "GET /images/mini_prod/9316188068222.jpg HTTP/1.0" 200 269 "-" "Mozilla/5.0 (compatible; Googlebot/2.1; +http://www.google.com/bot.html)"
157.90.177.217 - - [22/Sep/2022:15:58:14 +0200] "GET /sausage-with-knife-excuse-french-p-47322.html HTTP/1.0" 200 75402 "-" "Mozilla/5.0 (compatible; BLEXBot/1.0; +http://webmeup-crawler.com/)"
185.191.171.13 - - [22/Sep/2022:15:58:16 +0200] "GET /quote-from-jean-louis-auguste-commerson-wall-sticker-p-39604.html HTTP/1.0" 200 75804 "-" "Mozilla/5.0 (compatible; SemrushBot/7~bl; +http://www.semrush.com/bot.html)"
157.90.177.217 - - [22/Sep/2022:15:58:17 +0200] "GET /sausage-with-knife-happy-thrapie-p-47686.html HTTP/1.0" 200 74784 "-" "Mozilla/5.0 (compatible; BLEXBot/1.0; +http://webmeup-crawler.com/)"
157.90.177.217 - - [22/Sep/2022:15:58:23 +0200] "GET /sausage-with-knife-paris-p-47324.html HTTP/1.0" 200 74741 "-" "Mozilla/5.0 (compatible; BLEXBot/1.0; +http://webmeup-crawler.com/)"
157.90.177.217 - - [22/Sep/2022:15:58:26 +0200] "GET /savonnette-provence-made-france-sweet-almond-milk-p-44883.html HTTP/1.0" 200 75359 "-" "Mozilla/5.0 (compatible; BLEXBot/1.0; +http://webmeup-crawler.com/)"
157.90.177.217 - - [22/Sep/2022:15:58:31 +0200] "GET /scarf-gloves-bratz-yellow-color-p-22128.html HTTP/1.0" 200 75000 "-" "Mozilla/5.0 (compatible; BLEXBot/1.0; +http://webmeup-crawler.com/)"
114.119.137.45 - - [22/Sep/2022:15:58:37 +0200] "GET /rectangular-clock-indian-spirit-50-cm-p-42934.html HTTP/1.0" 301 74931 "http://www.wonder-geek.com/home-and-decoration-c-13.html?page=147" "Mozilla/5.0 (Linux; Android 7.0;) AppleWebKit/537.36 (KHTML, like Gecko) Mobile Safari/537.36 (compatible; PetalBot;+https://webmaster.petalsearch.com/site/petalbot)"
114.119.137.45 - - [22/Sep/2022:15:58:38 +0200] "GET /rectangular-clock-indian-spirit-p-42934.html HTTP/1.0" 200 74833 "http://www.wonder-geek.com/home-and-decoration-c-13.html?page=147" "Mozilla/5.0 (Linux; Android 7.0;) AppleWebKit/537.36 (KHTML, like Gecko) Mobile Safari/537.36 (compatible; PetalBot;+https://webmaster.petalsearch.com/site/petalbot)"
157.90.177.217 - - [22/Sep/2022:15:58:38 +0200] "GET /scented-candles-novenas-c-231_227.html?page=10 HTTP/1.0" 200 96013 "-" "Mozilla/5.0 (compatible; BLEXBot/1.0; +http://webmeup-crawler.com/)"
156.59.237.151 - - [22/Sep/2022:15:58:45 +0200] "GET /images/big_prod_1/493842the.jpg HTTP/1.0" 200 266 "-" "Mozilla/5.0 (X11; Ubuntu; Linux x86_64; rv:72.0) Gecko/20100101 Firefox/72.0"
157.90.177.217 - - [22/Sep/2022:15:58:48 +0200] "GET /scented-candles-novenas-c-231_227.html?page=11 HTTP/1.0" 200 96696 "-" "Mozilla/5.0 (compatible; BLEXBot/1.0; +http://webmeup-crawler.com/)"
157.90.177.217 - - [22/Sep/2022:15:58:53 +0200] "GET /scented-candles-novenas-c-231_227.html?page=2 HTTP/1.0" 200 95324 "-" "Mozilla/5.0 (compatible; BLEXBot/1.0; +http://webmeup-crawler.com/)"
157.90.177.217 - - [22/Sep/2022:15:58:59 +0200] "GET /scented-candles-novenas-c-231_227.html?page=3 HTTP/1.0" 200 94641 "-" "Mozilla/5.0 (compatible; BLEXBot/1.0; +http://webmeup-crawler.com/)"
157.90.177.217 - - [22/Sep/2022:15:59:04 +0200] "GET /scented-candles-novenas-c-231_227.html?page=4 HTTP/1.0" 200 94688 "-" "Mozilla/5.0 (compatible; BLEXBot/1.0; +http://webmeup-crawler.com/)"
157.90.177.217 - - [22/Sep/2022:15:59:09 +0200] "GET /scented-candles-novenas-c-231_227.html?page=5 HTTP/1.0" 200 95656 "-" "Mozilla/5.0 (compatible; BLEXBot/1.0; +http://webmeup-crawler.com/)"
156.59.237.148 - - [22/Sep/2022:15:59:14 +0200] "GET /images/mini_prod/7601019993210.jpg HTTP/1.0" 200 269 "-" "Mozilla/5.0 (X11; Ubuntu; Linux x86_64; rv:72.0) Gecko/20100101 Firefox/72.0"
157.90.177.217 - - [22/Sep/2022:15:59:16 +0200] "GET /scented-candles-novenas-c-231_227.html?page=6 HTTP/1.0" 200 95977 "-" "Mozilla/5.0 (compatible; BLEXBot/1.0; +http://webmeup-crawler.com/)"
157.55.39.28 - - [22/Sep/2022:15:59:21 +0200] "GET /images/big_prod/3014627889327.jpg HTTP/1.0" 200 268 "-" "Mozilla/5.0 (compatible; bingbot/2.0; +http://www.bing.com/bingbot.htm)"
157.90.177.217 - - [22/Sep/2022:15:59:22 +0200] "GET /scented-candles-novenas-c-231_227.html?page=7 HTTP/1.0" 200 95578 "-" "Mozilla/5.0 (compatible; BLEXBot/1.0; +http://webmeup-crawler.com/)"
157.90.177.217 - - [22/Sep/2022:15:59:27 +0200] "GET /scented-candles-novenas-c-231_227.html?page=8 HTTP/1.0" 200 96062 "-" "Mozilla/5.0 (compatible; BLEXBot/1.0; +http://webmeup-crawler.com/)"
157.90.177.217 - - [22/Sep/2022:15:59:33 +0200] "GET /scented-candles-novenas-c-231_227.html?page=9 HTTP/1.0" 200 96043 "-" "Mozilla/5.0 (compatible; BLEXBot/1.0; +http://webmeup-crawler.com/)"
156.59.237.152 - - [22/Sep/2022:15:59:35 +0200] "GET /images/mini_prod/1399984241882.jpg HTTP/1.0" 200 269 "-" "Mozilla/5.0 (X11; Ubuntu; Linux x86_64; rv:72.0) Gecko/20100101 Firefox/72.0"
66.249.66.72 - - [22/Sep/2022:15:59:43 +0200] "GET /statue-of-liberty-blue-merci-gustave-disney-p-31381.html HTTP/1.0" 301 72127 "-" "Mozilla/5.0 (compatible; Googlebot/2.1; +http://www.google.com/bot.html)"
66.249.66.210 - - [22/Sep/2022:15:59:45 +0200] "GET /-p-31381.html HTTP/1.0" 200 72060 "-" "Mozilla/5.0 (compatible; Googlebot/2.1; +http://www.google.com/bot.html)"
157.90.177.217 - - [22/Sep/2022:15:59:45 +0200] "GET /scents-provence-teapot-p-52686.html HTTP/1.0" 200 74702 "-" "Mozilla/5.0 (compatible; BLEXBot/1.0; +http://webmeup-crawler.com/)"
66.249.66.144 - - [22/Sep/2022:15:59:52 +0200] "GET /images/mini_prod/3453131146821.jpg HTTP/1.0" 200 269 "-" "Mozilla/5.0 (compatible; Googlebot/2.1; +http://www.google.com/bot.html)"
157.90.177.217 - - [22/Sep/2022:15:59:52 +0200] "GET /schleich-peanuts-charlie-brown-p-35079.html HTTP/1.0" 200 74930 "-" "Mozilla/5.0 (compatible; BLEXBot/1.0; +http://webmeup-crawler.com/)"
157.90.177.217 - - [22/Sep/2022:15:59:58 +0200] "GET /schleich-peanuts-snoopy-with-supper-p-35072.html HTTP/1.0" 200 74970 "-" "Mozilla/5.0 (compatible; BLEXBot/1.0; +http://webmeup-crawler.com/)"
157.90.177.217 - - [22/Sep/2022:16:00:05 +0200] "GET /school-gorjuss-sugar-spice-agenda-year-2017-2018-p-39785.html HTTP/1.0" 200 75203 "-" "Mozilla/5.0 (compatible; BLEXBot/1.0; +http://webmeup-crawler.com/)"
157.90.177.217 - - [22/Sep/2022:16:00:12 +0200] "GET /schoolbag-caramel-blue-butterfly-p-55617.html HTTP/1.0" 200 76083 "-" "Mozilla/5.0 (compatible; BLEXBot/1.0; +http://webmeup-crawler.com/)"
157.90.177.217 - - [22/Sep/2022:16:00:16 +0200] "GET /schoolbag-caramel-poetic-dragonfly-p-55618.html HTTP/1.0" 200 76101 "-" "Mozilla/5.0 (compatible; BLEXBot/1.0; +http://webmeup-crawler.com/)"
157.55.39.217 - - [22/Sep/2022:16:00:19 +0200] "GET /lady-liberty-zippo-lighter-p-32566.html HTTP/1.0" 200 75221 "-" "Mozilla/5.0 (compatible; bingbot/2.0; +http://www.bing.com/bingbot.htm)"
114.119.133.245 - - [22/Sep/2022:16:00:19 +0200] "GET /red-polyester-round-chair-cushion-p-46460.html HTTP/1.0" 301 75509 "http://www.wonder-geek.com/chairs-cushion-c-11_165.html" "Mozilla/5.0 (Linux; Android 7.0;) AppleWebKit/537.36 (KHTML, like Gecko) Mobile Safari/537.36 (compatible; PetalBot;+https://webmaster.petalsearch.com/site/petalbot)"
157.90.177.217 - - [22/Sep/2022:16:00:21 +0200] "GET /scooby-p-27884.html HTTP/1.0" 200 74826 "-" "Mozilla/5.0 (compatible; BLEXBot/1.0; +http://webmeup-crawler.com/)"
207.46.13.149 - - [22/Sep/2022:16:00:23 +0200] "GET /images/big_prod/8011717796478.jpg HTTP/1.0" 200 268 "-" "Mozilla/5.0 (compatible; bingbot/2.0; +http://www.bing.com/bingbot.htm)"
114.119.133.245 - - [22/Sep/2022:16:00:22 +0200] "GET /polyester-round-chair-cushion-p-46460.html HTTP/1.0" 200 75413 "http://www.wonder-geek.com/chairs-cushion-c-11_165.html" "Mozilla/5.0 (Linux; Android 7.0;) AppleWebKit/537.36 (KHTML, like Gecko) Mobile Safari/537.36 (compatible; PetalBot;+https://webmaster.petalsearch.com/site/petalbot)"
157.90.177.217 - - [22/Sep/2022:16:00:34 +0200] "GET /scratch-france-wall-decoration-paper-p-56711.html HTTP/1.0" 200 75573 "-" "Mozilla/5.0 (compatible; BLEXBot/1.0; +http://webmeup-crawler.com/)"
185.191.171.2 - - [22/Sep/2022:16:00:36 +0200] "GET /harley-davidson-gray-dusk-lighter-p-45322.html HTTP/1.0" 200 75214 "-" "Mozilla/5.0 (compatible; SemrushBot/7~bl; +http://www.semrush.com/bot.html)"
157.90.177.217 - - [22/Sep/2022:16:00:39 +0200] "GET /sculpted-resin-celtic-goddesses-p-57561.html HTTP/1.0" 200 74957 "-" "Mozilla/5.0 (compatible; BLEXBot/1.0; +http://webmeup-crawler.com/)"
157.90.177.217 - - [22/Sep/2022:16:00:44 +0200] "GET /seahorse-figurine-albasia-p-58083.html HTTP/1.0" 200 75472 "-" "Mozilla/5.0 (compatible; BLEXBot/1.0; +http://webmeup-crawler.com/)"
157.90.177.217 - - [22/Sep/2022:16:00:49 +0200] "GET /serve-coffee-cutting-board-p-40647.html HTTP/1.0" 200 74804 "-" "Mozilla/5.0 (compatible; BLEXBot/1.0; +http://webmeup-crawler.com/)"
157.90.177.217 - - [22/Sep/2022:16:00:54 +0200] "GET /seven-dwarfs-hair-clips-p-19417.html HTTP/1.0" 200 77343 "-" "Mozilla/5.0 (compatible; BLEXBot/1.0; +http://webmeup-crawler.com/)"
157.90.177.217 - - [22/Sep/2022:16:01:01 +0200] "GET /shadow-ceramic-pitcher-p-46408.html HTTP/1.0" 200 74718 "-" "Mozilla/5.0 (compatible; BLEXBot/1.0; +http://webmeup-crawler.com/)"
157.90.177.217 - - [22/Sep/2022:16:01:07 +0200] "GET /shirts-sweatshirts-c-53_54.html?page=2 HTTP/1.0" 200 94566 "-" "Mozilla/5.0 (compatible; BLEXBot/1.0; +http://webmeup-crawler.com/)"
157.90.177.217 - - [22/Sep/2022:16:01:13 +0200] "GET /shirts-sweatshirts-c-53_54.html?page=3 HTTP/1.0" 200 93522 "-" "Mozilla/5.0 (compatible; BLEXBot/1.0; +http://webmeup-crawler.com/)"
157.90.177.217 - - [22/Sep/2022:16:01:20 +0200] "GET /shirts-sweatshirts-c-53_54.html?page=4 HTTP/1.0" 200 93521 "-" "Mozilla/5.0 (compatible; BLEXBot/1.0; +http://webmeup-crawler.com/)"
157.90.177.217 - - [22/Sep/2022:16:01:27 +0200] "GET /shirts-sweatshirts-c-53_54.html?page=5 HTTP/1.0" 200 93826 "-" "Mozilla/5.0 (compatible; BLEXBot/1.0; +http://webmeup-crawler.com/)"
157.90.177.217 - - [22/Sep/2022:16:01:32 +0200] "GET /shirts-sweatshirts-c-53_54.html?page=6 HTTP/1.0" 200 84229 "-" "Mozilla/5.0 (compatible; BLEXBot/1.0; +http://webmeup-crawler.com/)"
157.90.177.217 - - [22/Sep/2022:16:01:38 +0200] "GET /shirts-sweatshirts-women-c-53_55.html?page=2 HTTP/1.0" 200 94682 "-" "Mozilla/5.0 (compatible; BLEXBot/1.0; +http://webmeup-crawler.com/)"
157.90.177.217 - - [22/Sep/2022:16:01:43 +0200] "GET /shirts-sweatshirts-women-c-53_55.html?page=3 HTTP/1.0" 200 94525 "-" "Mozilla/5.0 (compatible; BLEXBot/1.0; +http://webmeup-crawler.com/)"
156.59.237.151 - - [22/Sep/2022:16:01:46 +0200] "GET /images/mini_prod/4036113831022.jpg HTTP/1.0" 200 269 "-" "Mozilla/5.0 (X11; Ubuntu; Linux x86_64; rv:72.0) Gecko/20100101 Firefox/72.0"
157.90.177.217 - - [22/Sep/2022:16:01:48 +0200] "GET /shirts-sweatshirts-women-c-53_55.html?page=4 HTTP/1.0" 200 94531 "-" "Mozilla/5.0 (compatible; BLEXBot/1.0; +http://webmeup-crawler.com/)"
114.119.137.3 - - [22/Sep/2022:16:01:49 +0200] "GET /union-jack-phone-cover-iphone-p-14165.html HTTP/1.0" 200 75617 "http://www.wonder-geek.com/accessories-mobiles-c-3_17.html?page=2" "Mozilla/5.0 (Linux; Android 7.0;) AppleWebKit/537.36 (KHTML, like Gecko) Mobile Safari/537.36 (compatible; PetalBot;+https://webmaster.petalsearch.com/site/petalbot)"
156.59.237.150 - - [22/Sep/2022:16:01:52 +0200] "GET /images/mini_prod/3700574900535.jpg HTTP/1.0" 200 269 "-" "Mozilla/5.0 (X11; Ubuntu; Linux x86_64; rv:72.0) Gecko/20100101 Firefox/72.0"
157.90.177.217 - - [22/Sep/2022:16:01:54 +0200] "GET /shirts-sweatshirts-women-c-53_55.html?page=5 HTTP/1.0" 200 94175 "-" "Mozilla/5.0 (compatible; BLEXBot/1.0; +http://webmeup-crawler.com/)"
157.55.39.12 - - [22/Sep/2022:16:01:57 +0200] "GET /maori-jute-p-58801.html HTTP/1.0" 200 75804 "-" "Mozilla/5.0 (compatible; bingbot/2.0; +http://www.bing.com/bingbot.htm)"
157.55.39.12 - - [22/Sep/2022:16:01:59 +0200] "GET /angel-figurine-forever-p-58769.html HTTP/1.0" 200 75027 "-" "Mozilla/5.0 (compatible; bingbot/2.0; +http://www.bing.com/bingbot.htm)"
185.191.171.2 - - [22/Sep/2022:16:01:58 +0200] "GET /-p-20198.html HTTP/1.0" 200 72060 "-" "Mozilla/5.0 (compatible; SemrushBot/7~bl; +http://www.semrush.com/bot.html)"
207.46.13.149 - - [22/Sep/2022:16:02:00 +0200] "GET /paris-place-amoureux-isothermic-stainless-steel-bottle-p-58786.html HTTP/1.0" 200 75641 "-" "Mozilla/5.0 AppleWebKit/537.36 (KHTML, like Gecko; compatible; bingbot/2.0; +http://www.bing.com/bingbot.htm) Chrome/103.0.5060.134 Safari/537.36"
157.90.177.217 - - [22/Sep/2022:16:01:59 +0200] "GET /shirts-sweatshirts-women-c-53_55.html?page=6 HTTP/1.0" 200 94519 "-" "Mozilla/5.0 (compatible; BLEXBot/1.0; +http://webmeup-crawler.com/)"
157.55.39.217 - - [22/Sep/2022:16:02:01 +0200] "GET /oriental-golden-resin-vase-p-58808.html HTTP/1.0" 200 75364 "-" "Mozilla/5.0 AppleWebKit/537.36 (KHTML, like Gecko; compatible; bingbot/2.0; +http://www.bing.com/bingbot.htm) Chrome/103.0.5060.134 Safari/537.36"
157.90.177.217 - - [22/Sep/2022:16:02:05 +0200] "GET /shirts-sweatshirts-women-c-53_55.html?page=7 HTTP/1.0" 200 86150 "-" "Mozilla/5.0 (compatible; BLEXBot/1.0; +http://webmeup-crawler.com/)"
156.59.237.147 - - [22/Sep/2022:16:02:12 +0200] "GET /images/mini_prod/1399980107755.jpg HTTP/1.0" 200 269 "-" "Mozilla/5.0 (X11; Ubuntu; Linux x86_64; rv:72.0) Gecko/20100101 Firefox/72.0"
157.90.177.217 - - [22/Sep/2022:16:02:12 +0200] "GET /shooter-mona-lisa-p-38614.html HTTP/1.0" 200 74649 "-" "Mozilla/5.0 (compatible; BLEXBot/1.0; +http://webmeup-crawler.com/)"
157.90.177.217 - - [22/Sep/2022:16:02:16 +0200] "GET /shop-c-155.html?page=2 HTTP/1.0" 200 91244 "-" "Mozilla/5.0 (compatible; BLEXBot/1.0; +http://webmeup-crawler.com/)"
157.90.177.217 - - [22/Sep/2022:16:02:23 +0200] "GET /shop-c-155.html?page=3 HTTP/1.0" 200 78714 "-" "Mozilla/5.0 (compatible; BLEXBot/1.0; +http://webmeup-crawler.com/)"
157.55.39.115 - - [22/Sep/2022:16:02:28 +0200] "GET /images/big_prod_1/8422018220508B.jpg HTTP/1.0" 200 271 "-" "Mozilla/5.0 (compatible; bingbot/2.0; +http://www.bing.com/bingbot.htm)"
157.90.177.217 - - [22/Sep/2022:16:02:27 +0200] "GET /shopping-cats-dubout-dodo-p-44030.html HTTP/1.0" 200 75661 "-" "Mozilla/5.0 (compatible; BLEXBot/1.0; +http://webmeup-crawler.com/)"
40.77.167.90 - - [22/Sep/2022:16:02:33 +0200] "GET /images/big_prod/8422018220508.jpg HTTP/1.0" 200 268 "-" "Mozilla/5.0 (compatible; bingbot/2.0; +http://www.bing.com/bingbot.htm)"
157.90.177.217 - - [22/Sep/2022:16:02:36 +0200] "GET /shopping-cats-dubout-p-53970.html HTTP/1.0" 200 74934 "-" "Mozilla/5.0 (compatible; BLEXBot/1.0; +http://webmeup-crawler.com/)"
66.249.66.8 - - [22/Sep/2022:16:02:36 +0200] "GET /small-hippopotamus-light-gray-money-bank-p-56210.html HTTP/1.0" 200 75674 "-" "Mozilla/5.0 (compatible; Googlebot/2.1; +http://www.google.com/bot.html)"
66.249.66.68 - - [22/Sep/2022:16:02:39 +0200] "GET /images/mini_prod/3662049036555.jpg HTTP/1.0" 200 269 "-" "Mozilla/5.0 (compatible; Googlebot/2.1; +http://www.google.com/bot.html)"
61.147.199.12 - - [22/Sep/2022:16:02:39 +0200] "GET / HTTP/1.0" 200 150503 "-" "-"
61.147.199.12 - - [22/Sep/2022:16:02:43 +0200] "GET /contact_us.php HTTP/1.0" 200 26241 "-" "-"
61.147.199.12 - - [22/Sep/2022:16:02:44 +0200] "GET /create_account.php HTTP/1.0" 200 33633 "-" "-"
61.147.199.12 - - [22/Sep/2022:16:02:45 +0200] "GET /checkout_shipping.php HTTP/1.0" 302 468 "-" "-"
157.90.177.217 - - [22/Sep/2022:16:02:44 +0200] "GET /shopping-gogh-iris-p-53536.html HTTP/1.0" 200 75539 "-" "Mozilla/5.0 (compatible; BLEXBot/1.0; +http://webmeup-crawler.com/)"
61.147.199.12 - - [22/Sep/2022:16:02:45 +0200] "GET /login.php HTTP/1.0" 200 17155 "-" "-"
61.147.199.12 - - [22/Sep/2022:16:02:46 +0200] "GET /shopping_cart.php HTTP/1.0" 200 13298 "-" "-"
61.147.199.12 - - [22/Sep/2022:16:02:46 +0200] "GET /login.php HTTP/1.0" 200 17155 "-" "-"
185.191.171.11 - - [22/Sep/2022:16:02:46 +0200] "GET /lucia-prayer-candle-novena-p-44425.html HTTP/1.0" 200 75528 "-" "Mozilla/5.0 (compatible; SemrushBot/7~bl; +http://www.semrush.com/bot.html)"
157.90.177.217 - - [22/Sep/2022:16:02:48 +0200] "GET /shopping-kandinsky-p-53535.html HTTP/1.0" 200 75491 "-" "Mozilla/5.0 (compatible; BLEXBot/1.0; +http://webmeup-crawler.com/)"
61.147.199.12 - - [22/Sep/2022:16:02:48 +0200] "GET / HTTP/1.0" 200 151493 "-" "-"
157.90.177.217 - - [22/Sep/2022:16:02:53 +0200] "GET /shower-curtain-p-50726.html HTTP/1.0" 200 75586 "-" "Mozilla/5.0 (compatible; BLEXBot/1.0; +http://webmeup-crawler.com/)"
61.147.199.12 - - [22/Sep/2022:16:02:53 +0200] "GET /index.php?language=fr HTTP/1.0" 200 157653 "-" "-"
157.90.177.217 - - [22/Sep/2022:16:02:58 +0200] "GET /shower-curtain-p-50727.html HTTP/1.0" 200 75587 "-" "Mozilla/5.0 (compatible; BLEXBot/1.0; +http://webmeup-crawler.com/)"
61.147.199.12 - - [22/Sep/2022:16:03:00 +0200] "GET /specials.php HTTP/1.0" 200 124493 "-" "-"
157.90.177.217 - - [22/Sep/2022:16:03:04 +0200] "GET /shower-curtain-p-57890.html HTTP/1.0" 200 75376 "-" "Mozilla/5.0 (compatible; BLEXBot/1.0; +http://webmeup-crawler.com/)"
61.147.199.12 - - [22/Sep/2022:16:03:04 +0200] "GET /products_new.php HTTP/1.0" 200 95118 "-" "-"
61.147.199.12 - - [22/Sep/2022:16:03:07 +0200] "GET /dishes-c-12.html HTTP/1.0" 200 92895 "-" "-"
157.90.177.217 - - [22/Sep/2022:16:03:10 +0200] "GET /shower-curtain-p-58602.html HTTP/1.0" 200 75376 "-" "Mozilla/5.0 (compatible; BLEXBot/1.0; +http://webmeup-crawler.com/)"
61.147.199.12 - - [22/Sep/2022:16:03:10 +0200] "GET /adaptable-decorative-caps-c-12_249.html HTTP/1.0" 200 80684 "-" "-"
61.147.199.12 - - [22/Sep/2022:16:03:14 +0200] "GET /barbecue-aperitif-c-12_254.html HTTP/1.0" 200 91391 "-" "-"
114.119.137.3 - - [22/Sep/2022:16:03:14 +0200] "GET /plush-keeleco-friendly-p-55366.html HTTP/1.0" 200 72162 "http://www.wonder-geek.com/soft-toys-security-blanket-c-4_46.html?page=3" "Mozilla/5.0 (Linux; Android 7.0;) AppleWebKit/537.36 (KHTML, like Gecko) Mobile Safari/537.36 (compatible; PetalBot;+https://webmaster.petalsearch.com/site/petalbot)"
157.90.177.217 - - [22/Sep/2022:16:03:15 +0200] "GET /shower-curtain-p-58603.html HTTP/1.0" 200 75587 "-" "Mozilla/5.0 (compatible; BLEXBot/1.0; +http://webmeup-crawler.com/)"
61.147.199.12 - - [22/Sep/2022:16:03:18 +0200] "GET /bottle-holder-beer-bucket-c-12_224.html HTTP/1.0" 200 92166 "-" "-"
61.147.199.12 - - [22/Sep/2022:16:03:21 +0200] "GET /bowls-c-12_255.html HTTP/1.0" 200 79939 "-" "-"
66.249.66.56 - - [22/Sep/2022:16:03:22 +0200] "GET /images/mini_prod/8719075391143.jpg HTTP/1.0" 200 269 "-" "Mozilla/5.0 (compatible; Googlebot/2.1; +http://www.google.com/bot.html)"
157.90.177.217 - - [22/Sep/2022:16:03:21 +0200] "GET /silver-amethyst-brass-earrings-p-44818.html HTTP/1.0" 200 74798 "-" "Mozilla/5.0 (compatible; BLEXBot/1.0; +http://webmeup-crawler.com/)"
61.147.199.12 - - [22/Sep/2022:16:03:24 +0200] "GET /bowls-c-12_60.html HTTP/1.0" 200 94935 "-" "-"
61.147.199.12 - - [22/Sep/2022:16:03:27 +0200] "GET /butter-dish-c-12_222.html HTTP/1.0" 200 85562 "-" "-"
157.90.177.217 - - [22/Sep/2022:16:03:28 +0200] "GET /silver-amethyst-brass-earrings-p-44961.html HTTP/1.0" 200 74833 "-" "Mozilla/5.0 (compatible; BLEXBot/1.0; +http://webmeup-crawler.com/)"
61.147.199.12 - - [22/Sep/2022:16:03:31 +0200] "GET /cake-molds-cube-molds-c-12_246.html HTTP/1.0" 200 87603 "-" "-"
157.90.177.217 - - [22/Sep/2022:16:03:34 +0200] "GET /silver-skull-keyrings-p-34191.html HTTP/1.0" 200 74729 "-" "Mozilla/5.0 (compatible; BLEXBot/1.0; +http://webmeup-crawler.com/)"
157.55.39.80 - - [22/Sep/2022:16:03:35 +0200] "GET /flowerpot-petit-bonhomme-assis-p-51208.html HTTP/1.0" 200 72180 "-" "Mozilla/5.0 (compatible; bingbot/2.0; +http://www.bing.com/bingbot.htm)"
61.147.199.12 - - [22/Sep/2022:16:03:35 +0200] "GET /cellar-slicer-sausage-c-12_252.html HTTP/1.0" 200 83437 "-" "-"
61.147.199.12 - - [22/Sep/2022:16:03:38 +0200] "GET /coasters-c-12_157.html HTTP/1.0" 200 93246 "-" "-"
61.147.199.12 - - [22/Sep/2022:16:03:41 +0200] "GET /corkscrew-bottle-opener-sommelier-c-12_213.html HTTP/1.0" 200 92113 "-" "-"
157.90.177.217 - - [22/Sep/2022:16:03:42 +0200] "GET /silver-tourmaline-brass-earrings-p-48664.html HTTP/1.0" 200 74821 "-" "Mozilla/5.0 (compatible; BLEXBot/1.0; +http://webmeup-crawler.com/)"
61.147.199.12 - - [22/Sep/2022:16:03:44 +0200] "GET /dishes-dishes-c-12_251.html HTTP/1.0" 200 91192 "-" "-"
157.90.177.217 - - [22/Sep/2022:16:03:47 +0200] "GET /silver-wall-mirror-p-53690.html HTTP/1.0" 200 74684 "-" "Mozilla/5.0 (compatible; BLEXBot/1.0; +http://webmeup-crawler.com/)"
61.147.199.12 - - [22/Sep/2022:16:03:48 +0200] "GET /cups-c-12_248.html HTTP/1.0" 200 87212 "-" "-"
185.191.171.8 - - [22/Sep/2022:16:03:50 +0200] "GET /beer-capsule-coasters-p-52929.html HTTP/1.0" 200 72152 "-" "Mozilla/5.0 (compatible; SemrushBot/7~bl; +http://www.semrush.com/bot.html)"
157.90.177.217 - - [22/Sep/2022:16:03:51 +0200] "GET /silvery-with-personalized-picture-p-16299.html HTTP/1.0" 200 75250 "-" "Mozilla/5.0 (compatible; BLEXBot/1.0; +http://webmeup-crawler.com/)"
61.147.199.12 - - [22/Sep/2022:16:03:52 +0200] "GET /flasks-c-12_245.html HTTP/1.0" 200 81271 "-" "-"
157.90.177.217 - - [22/Sep/2022:16:03:56 +0200] "GET /simba-mini-figurine-p-56809.html HTTP/1.0" 200 75774 "-" "Mozilla/5.0 (compatible; BLEXBot/1.0; +http://webmeup-crawler.com/)"
61.147.199.12 - - [22/Sep/2022:16:03:55 +0200] "GET /flatwares-c-12_63.html HTTP/1.0" 200 90647 "-" "-"
61.147.199.12 - - [22/Sep/2022:16:03:58 +0200] "GET /glasses-drinking-c-12_62.html HTTP/1.0" 200 91994 "-" "-"
61.147.199.12 - - [22/Sep/2022:16:04:01 +0200] "GET /with-infuser-c-12_221.html HTTP/1.0" 200 93023 "-" "-"
157.90.177.217 - - [22/Sep/2022:16:04:03 +0200] "GET /simpsons-pairs-socks-size-p-25502.html HTTP/1.0" 200 74647 "-" "Mozilla/5.0 (compatible; BLEXBot/1.0; +http://webmeup-crawler.com/)"
61.147.199.12 - - [22/Sep/2022:16:04:05 +0200] "GET /mugs-mazagrans-c-12_57.html HTTP/1.0" 200 97762 "-" "-"
157.90.177.217 - - [22/Sep/2022:16:04:08 +0200] "GET /simpsons-pairs-socks-size-p-46845.html HTTP/1.0" 200 74515 "-" "Mozilla/5.0 (compatible; BLEXBot/1.0; +http://webmeup-crawler.com/)"
61.147.199.12 - - [22/Sep/2022:16:04:09 +0200] "GET /paper-towel-dispenser-c-12_253.html HTTP/1.0" 200 80199 "-" "-"
157.90.177.217 - - [22/Sep/2022:16:04:13 +0200] "GET /simpsons-shirt-p-29593.html HTTP/1.0" 200 76075 "-" "Mozilla/5.0 (compatible; BLEXBot/1.0; +http://webmeup-crawler.com/)"
61.147.199.12 - - [22/Sep/2022:16:04:14 +0200] "GET /partys-decoration-c-12_51.html HTTP/1.0" 200 71031 "-" "-"
157.90.177.217 - - [22/Sep/2022:16:04:18 +0200] "GET /simpsons-tray-p-27368.html HTTP/1.0" 200 74662 "-" "Mozilla/5.0 (compatible; BLEXBot/1.0; +http://webmeup-crawler.com/)"
61.147.199.12 - - [22/Sep/2022:16:04:20 +0200] "GET /pitchers-drink-dispensers-c-12_243.html HTTP/1.0" 200 91378 "-" "-"
34.67.96.123 - - [22/Sep/2022:16:04:23 +0200] "GET /images/mini_prod/5036278060298.jpg HTTP/1.0" 200 269 "-" "Mozilla/5.0 (X11; Ubuntu; Linux x86_64; rv:72.0) Gecko/20100101 Firefox/72.0"
163.220.128.41 - - [22/Sep/2022:16:04:24 +0200] "GET /images/big_prod_1/4029811411795N.jpg HTTP/1.0" 200 271 "-" "Mozilla/5.0 (X11; Ubuntu; Linux x86_64; rv:72.0) Gecko/20100101 Firefox/72.0"
61.147.199.12 - - [22/Sep/2022:16:04:23 +0200] "GET /placemats-c-12_156.html HTTP/1.0" 200 94126 "-" "-"
157.90.177.217 - - [22/Sep/2022:16:04:23 +0200] "GET /since-1960-small-clock-p-55074.html HTTP/1.0" 200 74779 "-" "Mozilla/5.0 (compatible; BLEXBot/1.0; +http://webmeup-crawler.com/)"
66.249.66.6 - - [22/Sep/2022:16:04:25 +0200] "GET /candle-made-france-hours-patchouli-p-43864.html HTTP/1.0" 200 74812 "-" "Mozilla/5.0 (compatible; Googlebot/2.1; +http://www.google.com/bot.html)"
61.147.199.12 - - [22/Sep/2022:16:04:28 +0200] "GET /plates-cups-c-12_58.html HTTP/1.0" 200 80792 "-" "-"
157.90.177.217 - - [22/Sep/2022:16:04:29 +0200] "GET /sixtine-bedspread-p-51292.html HTTP/1.0" 200 75421 "-" "Mozilla/5.0 (compatible; BLEXBot/1.0; +http://webmeup-crawler.com/)"
