163.220.128.41 - - [23/Sep/2022:01:30:02 +0200] "GET /images/mini_prod/3457010910947.jpg HTTP/1.0" 200 269 "-" "Mozilla/5.0 (X11; Ubuntu; Linux x86_64; rv:72.0) Gecko/20100101 Firefox/72.0"
114.119.137.31 - - [23/Sep/2022:01:30:17 +0200] "GET /glass-cutting-board-by-cbkreation-p-51322.html HTTP/1.0" 301 74863 "http://www.wonder-geek.com/trivet-and-boards-cut-c-12_158.html?page=7" "Mozilla/5.0 (Linux; Android 7.0;) AppleWebKit/537.36 (KHTML, like Gecko) Mobile Safari/537.36 (compatible; PetalBot;+https://webmaster.petalsearch.com/site/petalbot)"
114.119.137.31 - - [23/Sep/2022:01:30:19 +0200] "GET /glass-cutting-board-cbkreation-p-51322.html HTTP/1.0" 200 74766 "http://www.wonder-geek.com/trivet-and-boards-cut-c-12_158.html?page=7" "Mozilla/5.0 (Linux; Android 7.0;) AppleWebKit/537.36 (KHTML, like Gecko) Mobile Safari/537.36 (compatible; PetalBot;+https://webmaster.petalsearch.com/site/petalbot)"
185.191.171.3 - - [23/Sep/2022:01:30:21 +0200] "GET /little-buddha-notebook-yellow-p-50259.html HTTP/1.0" 200 72182 "-" "Mozilla/5.0 (compatible; SemrushBot/7~bl; +http://www.semrush.com/bot.html)"
66.249.66.210 - - [23/Sep/2022:01:30:38 +0200] "GET /images/mini_prod/1399984255278.jpg HTTP/1.0" 200 269 "-" "Mozilla/5.0 (compatible; Googlebot/2.1; +http://www.google.com/bot.html)"
66.249.66.146 - - [23/Sep/2022:01:30:40 +0200] "GET /images/mini_prod/3609810034013.jpg HTTP/1.0" 200 269 "-" "Mozilla/5.0 (compatible; Googlebot/2.1; +http://www.google.com/bot.html)"
66.249.66.56 - - [23/Sep/2022:01:31:19 +0200] "GET /images/mini_prod/3014627950003.jpg HTTP/1.0" 200 269 "-" "Mozilla/5.0 (compatible; Googlebot/2.1; +http://www.google.com/bot.html)"
185.191.171.22 - - [23/Sep/2022:01:31:28 +0200] "GET /story-prickles-figure-p-6754.html HTTP/1.0" 200 74834 "-" "Mozilla/5.0 (compatible; SemrushBot/7~bl; +http://www.semrush.com/bot.html)"
185.191.171.14 - - [23/Sep/2022:01:31:31 +0200] "GET /little-sheep-bedside-lamp-p-40450.html HTTP/1.0" 200 72150 "-" "Mozilla/5.0 (compatible; SemrushBot/7~bl; +http://www.semrush.com/bot.html)"
54.236.1.11 - - [23/Sep/2022:01:31:44 +0200] "GET /french-bulldog-eggcup-p-33470.html HTTP/1.0" 200 74763 "-" "Mozilla/5.0 (compatible; Pinterestbot/1.0; +http://www.pinterest.com/bot.html)"
66.249.66.68 - - [23/Sep/2022:01:32:04 +0200] "GET /images/mini_prod/9316188080736.jpg HTTP/1.0" 200 269 "-" "Mozilla/5.0 (compatible; Googlebot/2.1; +http://www.google.com/bot.html)"
66.249.66.58 - - [23/Sep/2022:01:32:19 +0200] "GET /mareva-coated-tablecloth-grey-blue-p-44309.html HTTP/1.0" 200 74840 "-" "Mozilla/5.0 (compatible; Googlebot/2.1; +http://www.google.com/bot.html)"
50.19.52.96 - - [23/Sep/2022:01:32:35 +0200] "GET /images/GormitiBassa.jpg HTTP/1.0" 200 258 "-" "Mozilla/5.0 (X11; Ubuntu; Linux x86_64; rv:72.0) Gecko/20100101 Firefox/72.0"
185.191.171.45 - - [23/Sep/2022:01:32:45 +0200] "GET /poster-corsica-p-43695.html HTTP/1.0" 200 74699 "-" "Mozilla/5.0 (compatible; SemrushBot/7~bl; +http://www.semrush.com/bot.html)"
185.191.171.45 - - [23/Sep/2022:01:33:07 +0200] "GET /blue-ceramic-p-53009.html HTTP/1.0" 200 74619 "-" "Mozilla/5.0 (compatible; SemrushBot/7~bl; +http://www.semrush.com/bot.html)"
114.119.133.245 - - [23/Sep/2022:01:33:17 +0200] "GET /table-decoration-bowl-elephant-p-48816.html HTTP/1.0" 200 72172 "http://www.wonder-geek.com/storage-and-cups-c-12_159_264.html?page=1" "Mozilla/5.0 (Linux; Android 7.0;) AppleWebKit/537.36 (KHTML, like Gecko) Mobile Safari/537.36 (compatible; PetalBot;+https://webmaster.petalsearch.com/site/petalbot)"
66.249.66.148 - - [23/Sep/2022:01:33:19 +0200] "GET /images/mini_prod/DSCN7544.jpg HTTP/1.0" 200 264 "-" "Mozilla/5.0 (compatible; Googlebot/2.1; +http://www.google.com/bot.html)"
82.156.32.32 - - [23/Sep/2022:01:33:19 +0200] "GET /images/mini_prod/4006891659569.jpg HTTP/1.0" 200 269 "-" "python-requests/2.27.1"
66.249.66.148 - - [23/Sep/2022:01:33:20 +0200] "GET /images/mini_prod/4029811377152.jpg HTTP/1.0" 200 269 "-" "Mozilla/5.0 (compatible; Googlebot/2.1; +http://www.google.com/bot.html)"
37.139.53.82 - - [23/Sep/2022:01:33:53 +0200] "GET /contact_us.php HTTP/1.0" 200 26241 "http://www.wonder-geek.com/contact_us.php" "Mozilla/5.0 (Windows NT 10.0; Win64; x64) AppleWebKit/537.36 (KHTML, like Gecko) Chrome/83.0.4103.61 Safari/537.36/iYA9HebN-7"
37.139.53.82 - - [23/Sep/2022:01:33:54 +0200] "POST /contact_us.php?action=send HTTP/1.0" 200 26570 "http://www.wonder-geek.com/contact_us.php" "Mozilla/5.0 (Windows NT 10.0; Win64; x64) AppleWebKit/537.36 (KHTML, like Gecko) Chrome/83.0.4103.61 Safari/537.36/iYA9HebN-7"
82.156.32.32 - - [23/Sep/2022:01:33:59 +0200] "GET /images/mini_prod/8422002219815.jpg HTTP/1.0" 200 269 "-" "python-requests/2.27.1"
185.191.171.5 - - [23/Sep/2022:01:34:06 +0200] "GET /cats-cookware-p-39647.html HTTP/1.0" 200 74690 "-" "Mozilla/5.0 (compatible; SemrushBot/7~bl; +http://www.semrush.com/bot.html)"
114.119.137.43 - - [23/Sep/2022:01:34:11 +0200] "GET /skull-beach-towel-p-25789.html HTTP/1.0" 301 72127 "-" "Mozilla/5.0 (Linux; Android 7.0;) AppleWebKit/537.36 (KHTML, like Gecko) Mobile Safari/537.36 (compatible; PetalBot;+https://webmaster.petalsearch.com/site/petalbot)"
114.119.137.43 - - [23/Sep/2022:01:34:13 +0200] "GET /-p-25789.html HTTP/1.0" 200 72060 "-" "Mozilla/5.0 (Linux; Android 7.0;) AppleWebKit/537.36 (KHTML, like Gecko) Mobile Safari/537.36 (compatible; PetalBot;+https://webmaster.petalsearch.com/site/petalbot)"
114.119.137.43 - - [23/Sep/2022:01:34:15 +0200] "GET /mondial_relay/js/jquery-1.3.2.min.js HTTP/1.0" 200 276 "http://www.wonder-geek.com/-p-25789.html" "Mozilla/5.0 (Linux; Android 7.0;) AppleWebKit/537.36 (KHTML, like Gecko) Mobile Safari/537.36 (compatible; PetalBot;+https://webmaster.petalsearch.com/site/petalbot)"
114.119.137.43 - - [23/Sep/2022:01:34:15 +0200] "GET /highslide/highslide.js HTTP/1.0" 200 262 "http://www.wonder-geek.com/-p-25789.html" "Mozilla/5.0 (Linux; Android 7.0;) AppleWebKit/537.36 (KHTML, like Gecko) Mobile Safari/537.36 (compatible; PetalBot;+https://webmaster.petalsearch.com/site/petalbot)"
114.119.137.43 - - [23/Sep/2022:01:34:15 +0200] "GET /js/jquery.jqzoom.js HTTP/1.0" 200 259 "http://www.wonder-geek.com/-p-25789.html" "Mozilla/5.0 (Linux; Android 7.0;) AppleWebKit/537.36 (KHTML, like Gecko) Mobile Safari/537.36 (compatible; PetalBot;+https://webmaster.petalsearch.com/site/petalbot)"
114.119.137.43 - - [23/Sep/2022:01:34:15 +0200] "GET /templates/Pixame_v1/stylesheet.css HTTP/1.0" 200 267 "http://www.wonder-geek.com/-p-25789.html" "Mozilla/5.0 (Linux; Android 7.0;) AppleWebKit/537.36 (KHTML, like Gecko) Mobile Safari/537.36 (compatible; PetalBot;+https://webmaster.petalsearch.com/site/petalbot)"
114.119.137.43 - - [23/Sep/2022:01:34:15 +0200] "GET /js/jquery.js HTTP/1.0" 200 252 "http://www.wonder-geek.com/-p-25789.html" "Mozilla/5.0 (Linux; Android 7.0;) AppleWebKit/537.36 (KHTML, like Gecko) Mobile Safari/537.36 (compatible; PetalBot;+https://webmaster.petalsearch.com/site/petalbot)"
66.249.66.148 - - [23/Sep/2022:01:34:16 +0200] "GET /images/mini_prod/1300000022545.jpg HTTP/1.0" 200 269 "-" "Mozilla/5.0 (compatible; Googlebot/2.1; +http://www.google.com/bot.html)"
114.119.137.43 - - [23/Sep/2022:01:34:17 +0200] "GET /swfobject.js HTTP/1.0" 404 1308 "http://www.wonder-geek.com/-p-25789.html" "Mozilla/5.0 (Linux; Android 7.0;) AppleWebKit/537.36 (KHTML, like Gecko) Mobile Safari/537.36 (compatible; PetalBot;+https://webmaster.petalsearch.com/site/petalbot)"
185.191.171.11 - - [23/Sep/2022:01:34:27 +0200] "GET /sloth-baby-moneybox-p-46775.html HTTP/1.0" 200 74737 "-" "Mozilla/5.0 (compatible; SemrushBot/7~bl; +http://www.semrush.com/bot.html)"
185.191.171.45 - - [23/Sep/2022:01:34:54 +0200] "GET /-p-46263.html HTTP/1.0" 200 72060 "-" "Mozilla/5.0 (compatible; SemrushBot/7~bl; +http://www.semrush.com/bot.html)"
185.191.171.14 - - [23/Sep/2022:01:35:12 +0200] "GET /little-buddha-collection-statuette-green-p-46070.html HTTP/1.0" 200 72233 "-" "Mozilla/5.0 (compatible; SemrushBot/7~bl; +http://www.semrush.com/bot.html)"
185.191.171.3 - - [23/Sep/2022:01:35:34 +0200] "GET /figurine-britto-p-57484.html HTTP/1.0" 200 75856 "-" "Mozilla/5.0 (compatible; SemrushBot/7~bl; +http://www.semrush.com/bot.html)"
66.249.66.6 - - [23/Sep/2022:01:35:50 +0200] "GET /images/big_prod_1/8720088292686a.jpg HTTP/1.0" 200 271 "-" "Mozilla/5.0 (compatible; Googlebot/2.1; +http://www.google.com/bot.html)"
66.249.66.148 - - [23/Sep/2022:01:35:51 +0200] "GET /images/mini_prod/1186747042905.jpg HTTP/1.0" 200 269 "-" "Mozilla/5.0 (compatible; Googlebot/2.1; +http://www.google.com/bot.html)"
114.119.133.245 - - [23/Sep/2022:01:36:13 +0200] "GET /little-buddha-notebook-p-53280.html HTTP/1.0" 200 72168 "http://www.wonder-geek.com/stationery-and-cardmaking-c-129.html?page=13" "Mozilla/5.0 (Linux; Android 7.0;) AppleWebKit/537.36 (KHTML, like Gecko) Mobile Safari/537.36 (compatible; PetalBot;+https://webmaster.petalsearch.com/site/petalbot)"
66.249.66.144 - - [23/Sep/2022:01:36:17 +0200] "GET /images/mini_prod/3048700086402.jpg HTTP/1.0" 200 269 "-" "Mozilla/5.0 (compatible; Googlebot/2.1; +http://www.google.com/bot.html)"
66.249.66.72 - - [23/Sep/2022:01:36:17 +0200] "GET /images/mini_prod/3574642579790.jpg HTTP/1.0" 200 269 "-" "Mozilla/5.0 (compatible; Googlebot/2.1; +http://www.google.com/bot.html)"
185.191.171.13 - - [23/Sep/2022:01:36:38 +0200] "GET /large-brown-elephant-statue-p-49278.html HTTP/1.0" 200 74858 "-" "Mozilla/5.0 (compatible; SemrushBot/7~bl; +http://www.semrush.com/bot.html)"
66.249.66.56 - - [23/Sep/2022:01:36:53 +0200] "GET /images/mini_prod/1384010207536.jpg HTTP/1.0" 200 269 "-" "Mozilla/5.0 (compatible; Googlebot/2.1; +http://www.google.com/bot.html)"
185.191.171.1 - - [23/Sep/2022:01:37:03 +0200] "GET /jane-crowther-bowl-p-54777.html HTTP/1.0" 200 75418 "-" "Mozilla/5.0 (compatible; SemrushBot/7~bl; +http://www.semrush.com/bot.html)"
185.191.171.35 - - [23/Sep/2022:01:37:17 +0200] "GET /polyresin-goddess-gaia-statuette-bronze-color-p-56772.html HTTP/1.0" 200 75621 "-" "Mozilla/5.0 (compatible; SemrushBot/7~bl; +http://www.semrush.com/bot.html)"
51.68.224.127 - - [23/Sep/2022:01:37:44 +0200] "GET /adminweb/export_orders_xml.php?token=256de2z6edz6ed2z6DFSFsed2zed6zeDSFDSGdzedezfzf&maxorders=10&orderstart=1&status=14&start_date=2018-10-01 HTTP/1.0" 200 285 "-" "GesCom CharlotteBoutik Serveur"
51.68.224.127 - - [23/Sep/2022:01:37:45 +0200] "GET /adminweb/export_orders_xml.php?token=256de2z6edz6ed2z6DFSFsed2zed6zeDSFDSGdzedezfzf&maxorders=10&orderstart=1&status=6&start_date=2018-10-01 HTTP/1.0" 200 33985 "-" "GesCom CharlotteBoutik Serveur"
114.119.137.43 - - [23/Sep/2022:01:39:13 +0200] "GET /jasmin-chandelier-p-31376.html HTTP/1.0" 200 74886 "http://www.wonder-geek.com/chandeliers-suspensions-c-86_280.html?page=1" "Mozilla/5.0 (Linux; Android 7.0;) AppleWebKit/537.36 (KHTML, like Gecko) Mobile Safari/537.36 (compatible; PetalBot;+https://webmaster.petalsearch.com/site/petalbot)"
119.8.113.14 - - [23/Sep/2022:01:39:54 +0200] "GET /images/mini_prod/3662049036555.jpg HTTP/1.0" 200 269 "-" "Mozilla/5.0 (Windows NT 10.0; Win64; x64) AppleWebKit/537.36 (KHTML, like Gecko) Chrome/54.0.2840.99 Safari/537.36"
185.191.171.43 - - [23/Sep/2022:01:40:29 +0200] "GET /city-groundsheet-p-53472.html HTTP/1.0" 200 72138 "-" "Mozilla/5.0 (compatible; SemrushBot/7~bl; +http://www.semrush.com/bot.html)"
185.191.171.15 - - [23/Sep/2022:01:41:37 +0200] "GET /flower-cover-p-55345.html HTTP/1.0" 200 75321 "-" "Mozilla/5.0 (compatible; SemrushBot/7~bl; +http://www.semrush.com/bot.html)"
163.220.128.41 - - [23/Sep/2022:01:41:41 +0200] "GET /images/mini_prod/3700653507501.jpg HTTP/1.0" 200 269 "-" "Mozilla/5.0 (X11; Ubuntu; Linux x86_64; rv:72.0) Gecko/20100101 Firefox/72.0"
163.220.128.41 - - [23/Sep/2022:01:41:56 +0200] "GET /images/mini_prod/3609810083165.jpg HTTP/1.0" 200 269 "-" "Mozilla/5.0 (X11; Ubuntu; Linux x86_64; rv:72.0) Gecko/20100101 Firefox/72.0"
163.220.128.41 - - [23/Sep/2022:01:42:49 +0200] "GET /images/mini_prod/3453131146241.jpg HTTP/1.0" 200 269 "-" "Mozilla/5.0 (X11; Ubuntu; Linux x86_64; rv:72.0) Gecko/20100101 Firefox/72.0"
66.249.66.148 - - [23/Sep/2022:01:42:55 +0200] "GET /images/mini_prod/3661443603141.jpg HTTP/1.0" 200 269 "-" "Mozilla/5.0 (compatible; Googlebot/2.1; +http://www.google.com/bot.html)"
38.142.11.235 - - [23/Sep/2022:01:42:57 +0200] "GET /images/mini_prod/3453131147712.jpg HTTP/1.0" 200 269 "-" "Mozilla/5.0 (X11; Ubuntu; Linux x86_64; rv:72.0) Gecko/20100101 Firefox/72.0"
66.249.66.60 - - [23/Sep/2022:01:43:02 +0200] "GET /images/mini_prod/3700407620029.jpg HTTP/1.0" 200 269 "-" "Mozilla/5.0 (compatible; Googlebot/2.1; +http://www.google.com/bot.html)"
114.119.133.245 - - [23/Sep/2022:01:43:06 +0200] "GET /bowl-p-50785.html HTTP/1.0" 200 75139 "http://www.wonder-geek.com/dishes-c-12.html?page=85" "Mozilla/5.0 (Linux; Android 7.0;) AppleWebKit/537.36 (KHTML, like Gecko) Mobile Safari/537.36 (compatible; PetalBot;+https://webmaster.petalsearch.com/site/petalbot)"
87.250.224.177 - - [23/Sep/2022:01:43:22 +0200] "GET /disney-princess-mattress-swimming-pool-p-19982.html HTTP/1.0" 200 74904 "-" "Mozilla/5.0 (compatible; YandexBot/3.0; +http://yandex.com/bots)"
34.198.236.55 - - [23/Sep/2022:01:43:30 +0200] "GET /images/mini_prod/5055071642180.jpg HTTP/1.0" 200 269 "-" "Mozilla/5.0 (X11; Ubuntu; Linux x86_64; rv:72.0) Gecko/20100101 Firefox/72.0"
185.191.171.22 - - [23/Sep/2022:01:43:43 +0200] "GET /gaston-oven-mitt-p-52681.html HTTP/1.0" 200 72118 "-" "Mozilla/5.0 (compatible; SemrushBot/7~bl; +http://www.semrush.com/bot.html)"
185.191.171.3 - - [23/Sep/2022:01:43:48 +0200] "GET /-p-23051.html HTTP/1.0" 200 72060 "-" "Mozilla/5.0 (compatible; SemrushBot/7~bl; +http://www.semrush.com/bot.html)"
185.191.171.3 - - [23/Sep/2022:01:44:01 +0200] "GET /jewel-seed-life-p-48486.html HTTP/1.0" 200 75446 "-" "Mozilla/5.0 (compatible; SemrushBot/7~bl; +http://www.semrush.com/bot.html)"
66.249.66.70 - - [23/Sep/2022:01:44:19 +0200] "GET /jasmin-marley-jamaica-large-lamp-p-35759.html HTTP/1.0" 200 75039 "-" "Mozilla/5.0 (Linux; Android 6.0.1; Nexus 5X Build/MMB29P) AppleWebKit/537.36 (KHTML, like Gecko) Chrome/105.0.5195.125 Mobile Safari/537.36 (compatible; Googlebot/2.1; +http://www.google.com/bot.html)"
66.249.66.212 - - [23/Sep/2022:01:44:30 +0200] "GET /images/mini_prod/5051276388168.jpg HTTP/1.0" 200 269 "-" "Mozilla/5.0 (compatible; Googlebot/2.1; +http://www.google.com/bot.html)"
66.249.66.68 - - [23/Sep/2022:01:44:30 +0200] "GET /images/big_prod_2/028399270163b.jpg HTTP/1.0" 200 270 "-" "Mozilla/5.0 (compatible; Googlebot/2.1; +http://www.google.com/bot.html)"
34.67.96.123 - - [23/Sep/2022:01:44:48 +0200] "GET /images/mini_prod/1399984242551.jpg HTTP/1.0" 200 269 "-" "Mozilla/5.0 (X11; Ubuntu; Linux x86_64; rv:72.0) Gecko/20100101 Firefox/72.0"
66.249.66.56 - - [23/Sep/2022:01:45:09 +0200] "GET /oven-mitt-butterfly-collection-white-p-58539.html HTTP/1.0" 200 75526 "-" "Mozilla/5.0 (Linux; Android 6.0.1; Nexus 5X Build/MMB29P) AppleWebKit/537.36 (KHTML, like Gecko) Chrome/105.0.5195.125 Mobile Safari/537.36 (compatible; Googlebot/2.1; +http://www.google.com/bot.html)"
147.92.153.5 - - [23/Sep/2022:01:45:21 +0200] "GET /images/big_prod/3665269131918.jpg HTTP/1.0" 200 268 "-" "Mozilla/5.0 (compatible; Linespider/1.1; +https://lin.ee/4dwXkTH)"
66.249.66.210 - - [23/Sep/2022:01:45:34 +0200] "GET /images/mini_prod/8422000971012.jpg HTTP/1.0" 200 269 "-" "Mozilla/5.0 (compatible; Googlebot/2.1; +http://www.google.com/bot.html)"
185.191.171.7 - - [23/Sep/2022:01:46:07 +0200] "GET /-p-36401.html HTTP/1.0" 200 72060 "-" "Mozilla/5.0 (compatible; SemrushBot/7~bl; +http://www.semrush.com/bot.html)"
17.121.113.244 - - [23/Sep/2022:01:47:29 +0200] "GET /washed-dyed-cotton-tablecloth-pearl-p-55047.html HTTP/1.0" 200 72194 "-" "Mozilla/5.0 (Macintosh; Intel Mac OS X 10_15_5) AppleWebKit/605.1.15 (KHTML, like Gecko) Version/13.1.1 Safari/605.1.15 (Applebot/0.1; +http://www.apple.com/go/applebot)"
66.249.66.210 - - [23/Sep/2022:01:47:31 +0200] "GET /images/mini_prod/B11068-copie.jpg HTTP/1.0" 200 268 "-" "Mozilla/5.0 (compatible; Googlebot/2.1; +http://www.google.com/bot.html)"
114.119.137.43 - - [23/Sep/2022:01:47:32 +0200] "GET /large-bamboo-bowl-with-lid-fish-p-49510.html HTTP/1.0" 301 72127 "http://www.wonder-geek.com/bowls-c-12_60.html?page=7" "Mozilla/5.0 (Linux; Android 7.0;) AppleWebKit/537.36 (KHTML, like Gecko) Mobile Safari/537.36 (compatible; PetalBot;+https://webmaster.petalsearch.com/site/petalbot)"
114.119.137.43 - - [23/Sep/2022:01:47:34 +0200] "GET /-p-49510.html HTTP/1.0" 200 72060 "http://www.wonder-geek.com/bowls-c-12_60.html?page=7" "Mozilla/5.0 (Linux; Android 7.0;) AppleWebKit/537.36 (KHTML, like Gecko) Mobile Safari/537.36 (compatible; PetalBot;+https://webmaster.petalsearch.com/site/petalbot)"
216.244.66.242 - - [23/Sep/2022:01:47:46 +0200] "GET /robots.txt HTTP/1.0" 200 245 "-" "Mozilla/5.0 (compatible; DotBot/1.2; +https://opensiteexplorer.org/dotbot; help@moz.com)"
5.161.89.173 - - [23/Sep/2022:01:48:06 +0200] "GET /images/mini_prod/3700653593269.jpg HTTP/1.0" 200 269 "-" "Mozilla/5.0 (X11; Ubuntu; Linux x86_64; rv:72.0) Gecko/20100101 Firefox/72.0"
66.249.66.60 - - [23/Sep/2022:01:48:12 +0200] "GET /harley-quinn-suicide-squad-poster-p-36704.html HTTP/1.0" 301 72127 "-" "Mozilla/5.0 (Linux; Android 6.0.1; Nexus 5X Build/MMB29P) AppleWebKit/537.36 (KHTML, like Gecko) Chrome/105.0.5195.125 Mobile Safari/537.36 (compatible; Googlebot/2.1; +http://www.google.com/bot.html)"
66.249.66.56 - - [23/Sep/2022:01:48:14 +0200] "GET /-p-36704.html HTTP/1.0" 200 72060 "-" "Mozilla/5.0 (Linux; Android 6.0.1; Nexus 5X Build/MMB29P) AppleWebKit/537.36 (KHTML, like Gecko) Chrome/105.0.5195.125 Mobile Safari/537.36 (compatible; Googlebot/2.1; +http://www.google.com/bot.html)"
66.249.66.146 - - [23/Sep/2022:01:48:16 +0200] "GET /images/mini_prod/SatyaArabianMusk.jpg HTTP/1.0" 200 272 "-" "Mozilla/5.0 (compatible; Googlebot/2.1; +http://www.google.com/bot.html)"
185.191.171.44 - - [23/Sep/2022:01:48:49 +0200] "GET /rectangular-woven-jute-carpet-p-56663.html HTTP/1.0" 200 76242 "-" "Mozilla/5.0 (compatible; SemrushBot/7~bl; +http://www.semrush.com/bot.html)"
114.119.137.45 - - [23/Sep/2022:01:49:02 +0200] "GET /nici-jolly-elsa-sheep-wallet-p-9244.html HTTP/1.0" 200 75044 "http://www.wonder-geek.com/wallet-c-31_237.html?page=1" "Mozilla/5.0 (Linux; Android 7.0;) AppleWebKit/537.36 (KHTML, like Gecko) Mobile Safari/537.36 (compatible; PetalBot;+https://webmaster.petalsearch.com/site/petalbot)"
185.191.171.26 - - [23/Sep/2022:01:49:18 +0200] "GET /allen-pill-make-happen-p-51385.html HTTP/1.0" 200 75502 "-" "Mozilla/5.0 (compatible; SemrushBot/7~bl; +http://www.semrush.com/bot.html)"
185.191.171.3 - - [23/Sep/2022:01:49:22 +0200] "GET /curtain-bliss-velvet-p-50739.html HTTP/1.0" 200 77742 "-" "Mozilla/5.0 (compatible; SemrushBot/7~bl; +http://www.semrush.com/bot.html)"
185.191.171.10 - - [23/Sep/2022:01:49:31 +0200] "GET /love-pucca-mouse-p-2419.html HTTP/1.0" 200 74833 "-" "Mozilla/5.0 (compatible; SemrushBot/7~bl; +http://www.semrush.com/bot.html)"
38.142.11.235 - - [23/Sep/2022:01:49:43 +0200] "GET /images/med_prod/3700516207456.jpg HTTP/1.0" 200 268 "-" "Mozilla/5.0 (X11; Ubuntu; Linux x86_64; rv:72.0) Gecko/20100101 Firefox/72.0"
185.191.171.15 - - [23/Sep/2022:01:49:59 +0200] "GET /-p-44666.html HTTP/1.0" 200 72060 "-" "Mozilla/5.0 (compatible; SemrushBot/7~bl; +http://www.semrush.com/bot.html)"
114.119.137.45 - - [23/Sep/2022:01:50:33 +0200] "GET /cotton-kitchen-towel-made-france-p-43977.html HTTP/1.0" 200 72210 "http://www.wonder-geek.com/towels-napkins-c-11_177.html?page=5" "Mozilla/5.0 (Linux; Android 7.0;) AppleWebKit/537.36 (KHTML, like Gecko) Mobile Safari/537.36 (compatible; PetalBot;+https://webmaster.petalsearch.com/site/petalbot)"
66.249.66.210 - - [23/Sep/2022:01:51:09 +0200] "GET /images/mini_prod/D5411217321171.jpg HTTP/1.0" 200 270 "-" "Mozilla/5.0 (compatible; Googlebot/2.1; +http://www.google.com/bot.html)"
66.249.66.210 - - [23/Sep/2022:01:51:49 +0200] "GET /images/mini_prod/B11068-copie-4.jpg HTTP/1.0" 200 270 "-" "Mozilla/5.0 (compatible; Googlebot/2.1; +http://www.google.com/bot.html)"
114.119.133.245 - - [23/Sep/2022:01:52:09 +0200] "GET /scent-heart-home-ocean-sapphire-p-51071.html HTTP/1.0" 200 75109 "http://www.wonder-geek.com/scented-candles-and-novenas-c-231_227.html?page=8" "Mozilla/5.0 (Linux; Android 7.0;) AppleWebKit/537.36 (KHTML, like Gecko) Mobile Safari/537.36 (compatible; PetalBot;+https://webmaster.petalsearch.com/site/petalbot)"
185.191.171.37 - - [23/Sep/2022:01:52:17 +0200] "GET /boys-cover-p-24673.html HTTP/1.0" 200 74450 "-" "Mozilla/5.0 (compatible; SemrushBot/7~bl; +http://www.semrush.com/bot.html)"
216.244.66.242 - - [23/Sep/2022:01:52:35 +0200] "GET /mani-lucky-white-green-collar-p-37365.html HTTP/1.0" 301 72127 "-" "Mozilla/5.0 (compatible; DotBot/1.2; +https://opensiteexplorer.org/dotbot; help@moz.com)"
38.142.11.235 - - [23/Sep/2022:01:52:44 +0200] "GET /images/mini_prod/8422086196071A.jpg HTTP/1.0" 200 270 "-" "Mozilla/5.0 (X11; Ubuntu; Linux x86_64; rv:72.0) Gecko/20100101 Firefox/72.0"
216.244.66.242 - - [23/Sep/2022:01:52:44 +0200] "GET /phone-cover-iphone-cbkreation-p-13939.html HTTP/1.0" 301 72127 "-" "Mozilla/5.0 (compatible; DotBot/1.2; +https://opensiteexplorer.org/dotbot; help@moz.com)"
216.244.66.242 - - [23/Sep/2022:01:52:51 +0200] "GET /toilet-paper-dispenser-natural-wood-p-42201.html HTTP/1.0" 301 72127 "-" "Mozilla/5.0 (compatible; DotBot/1.2; +https://opensiteexplorer.org/dotbot; help@moz.com)"
66.249.66.8 - - [23/Sep/2022:01:52:53 +0200] "GET /images/mini_prod/8432193202787.jpg HTTP/1.0" 200 269 "-" "Mozilla/5.0 (compatible; Googlebot/2.1; +http://www.google.com/bot.html)"
185.191.171.15 - - [23/Sep/2022:01:53:09 +0200] "GET /tweety-basketball-player-figurine-p-42731.html HTTP/1.0" 200 74756 "-" "Mozilla/5.0 (compatible; SemrushBot/7~bl; +http://www.semrush.com/bot.html)"
203.119.241.91 - - [23/Sep/2022:01:53:37 +0200] "GET /images/mini_prod/3079091105175.jpg HTTP/1.0" 200 269 "-" "Mozilla/5.0 (X11; Ubuntu; Linux x86_64; rv:72.0) Gecko/20100101 Firefox/72.0"
34.198.236.55 - - [23/Sep/2022:01:53:40 +0200] "GET /images/mini_prod/8435333824252.jpg HTTP/1.0" 200 269 "-" "Mozilla/5.0 (X11; Ubuntu; Linux x86_64; rv:72.0) Gecko/20100101 Firefox/72.0"
114.119.137.45 - - [23/Sep/2022:01:53:52 +0200] "GET /dumbo-figurine-collection-p-33642.html HTTP/1.0" 200 72150 "http://www.wonder-geek.com/collectible-figurines-decorative-c-13_135.html?page=63" "Mozilla/5.0 (Linux; Android 7.0;) AppleWebKit/537.36 (KHTML, like Gecko) Mobile Safari/537.36 (compatible; PetalBot;+https://webmaster.petalsearch.com/site/petalbot)"
51.68.224.127 - - [23/Sep/2022:01:53:58 +0200] "GET /adminweb/export_orders_xml.php?token=256de2z6edz6ed2z6DFSFsed2zed6zeDSFDSGdzedezfzf&maxorders=10&orderstart=1&status=14&start_date=2018-10-01 HTTP/1.0" 200 285 "-" "GesCom CharlotteBoutik Serveur"
51.68.224.127 - - [23/Sep/2022:01:53:58 +0200] "GET /adminweb/export_orders_xml.php?token=256de2z6edz6ed2z6DFSFsed2zed6zeDSFDSGdzedezfzf&maxorders=10&orderstart=1&status=6&start_date=2018-10-01 HTTP/1.0" 200 33985 "-" "GesCom CharlotteBoutik Serveur"
185.191.171.22 - - [23/Sep/2022:01:54:56 +0200] "GET /roses-paperweight-charles-rennie-mackintosh-p-56633.html HTTP/1.0" 200 76068 "-" "Mozilla/5.0 (compatible; SemrushBot/7~bl; +http://www.semrush.com/bot.html)"
185.191.171.23 - - [23/Sep/2022:01:55:11 +0200] "GET /medusa-glass-paperweight-p-51096.html HTTP/1.0" 200 74707 "-" "Mozilla/5.0 (compatible; SemrushBot/7~bl; +http://www.semrush.com/bot.html)"
114.119.137.3 - - [23/Sep/2022:01:55:20 +0200] "GET /happy-thrapie-adult-apron-p-45520.html HTTP/1.0" 200 72152 "http://www.wonder-geek.com/household-linen-c-11.html?page=31" "Mozilla/5.0 (Linux; Android 7.0;) AppleWebKit/537.36 (KHTML, like Gecko) Mobile Safari/537.36 (compatible; PetalBot;+https://webmaster.petalsearch.com/site/petalbot)"
185.191.171.22 - - [23/Sep/2022:01:55:28 +0200] "GET /moroccan-ashtray-p-40618.html HTTP/1.0" 200 74666 "-" "Mozilla/5.0 (compatible; SemrushBot/7~bl; +http://www.semrush.com/bot.html)"
66.249.66.68 - - [23/Sep/2022:01:56:03 +0200] "GET /images/mini_prod/4036113163741.jpg HTTP/1.0" 200 269 "-" "Mozilla/5.0 (compatible; Googlebot/2.1; +http://www.google.com/bot.html)"
66.249.66.8 - - [23/Sep/2022:01:56:10 +0200] "GET /images/mini_prod/8999233899531.jpg HTTP/1.0" 200 269 "-" "Mozilla/5.0 (compatible; Googlebot/2.1; +http://www.google.com/bot.html)"
103.131.71.129 - - [23/Sep/2022:01:56:21 +0200] "GET /robots.txt HTTP/1.0" 301 531 "-" "Mozilla/5.0 (compatible; coccocbot-web/1.0; +http://help.coccoc.com/searchengine)"
216.244.66.242 - - [23/Sep/2022:01:56:22 +0200] "GET /images/big_prod_1/1328399271320a.jpg HTTP/1.0" 200 271 "-" "Mozilla/5.0 (compatible; DotBot/1.2; +https://opensiteexplorer.org/dotbot; help@moz.com)"
103.131.71.129 - - [23/Sep/2022:01:56:23 +0200] "GET /robots.txt HTTP/1.0" 200 245 "-" "Mozilla/5.0 (compatible; coccocbot-web/1.0; +http://help.coccoc.com/searchengine)"
114.119.137.43 - - [23/Sep/2022:01:56:48 +0200] "GET /protects-mattress-fleece-cotton-180-200-cm-p-39791.html HTTP/1.0" 301 72127 "http://www.wonder-geek.com/bedding-protection-c-11_192.html?page=3" "Mozilla/5.0 (Linux; Android 7.0;) AppleWebKit/537.36 (KHTML, like Gecko) Mobile Safari/537.36 (compatible; PetalBot;+https://webmaster.petalsearch.com/site/petalbot)"
114.119.137.43 - - [23/Sep/2022:01:56:49 +0200] "GET /-p-39791.html HTTP/1.0" 200 72060 "http://www.wonder-geek.com/bedding-protection-c-11_192.html?page=3" "Mozilla/5.0 (Linux; Android 7.0;) AppleWebKit/537.36 (KHTML, like Gecko) Mobile Safari/537.36 (compatible; PetalBot;+https://webmaster.petalsearch.com/site/petalbot)"
35.193.112.41 - - [23/Sep/2022:01:56:59 +0200] "GET /images/mini_prod/DSCN6817.jpg HTTP/1.0" 200 264 "-" "Mozilla/5.0 (X11; Ubuntu; Linux x86_64; rv:72.0) Gecko/20100101 Firefox/72.0"
216.244.66.242 - - [23/Sep/2022:01:57:18 +0200] "GET /images/big_prod/8422016847530.jpg HTTP/1.0" 200 268 "-" "Mozilla/5.0 (compatible; DotBot/1.2; +https://opensiteexplorer.org/dotbot; help@moz.com)"
42.123.114.236 - - [23/Sep/2022:01:57:18 +0200] "GET /images/mini_prod/1384010181898.jpg HTTP/1.0" 200 269 "-" "Mozilla/5.0 (X11; Ubuntu; Linux x86_64; rv:72.0) Gecko/20100101 Firefox/72.0"
185.191.171.8 - - [23/Sep/2022:01:57:32 +0200] "GET /kimmidoll-heart-keyring-p-32398.html HTTP/1.0" 200 72142 "-" "Mozilla/5.0 (compatible; SemrushBot/7~bl; +http://www.semrush.com/bot.html)"
185.191.171.43 - - [23/Sep/2022:01:57:46 +0200] "GET /wood-frame-ophthalmologist-1035-p-42312.html HTTP/1.0" 200 74802 "-" "Mozilla/5.0 (compatible; SemrushBot/7~bl; +http://www.semrush.com/bot.html)"
216.244.66.242 - - [23/Sep/2022:01:58:11 +0200] "GET /corail-fitted-sheet-p-39684.html HTTP/1.0" 200 72150 "-" "Mozilla/5.0 (compatible; DotBot/1.2; +https://opensiteexplorer.org/dotbot; help@moz.com)"
66.249.66.144 - - [23/Sep/2022:01:58:15 +0200] "GET /images/big_prod/3565750277852.jpg HTTP/1.0" 200 268 "-" "Googlebot-Image/1.0"
216.244.66.242 - - [23/Sep/2022:01:58:18 +0200] "GET /tea-pot-c-12_175.html?page=7 HTTP/1.0" 200 95404 "-" "Mozilla/5.0 (compatible; DotBot/1.2; +https://opensiteexplorer.org/dotbot; help@moz.com)"
66.249.66.68 - - [23/Sep/2022:01:59:03 +0200] "GET /minions-despicable-backpack-p-35792.html HTTP/1.0" 200 75034 "-" "Mozilla/5.0 (Linux; Android 6.0.1; Nexus 5X Build/MMB29P) AppleWebKit/537.36 (KHTML, like Gecko) Chrome/105.0.5195.125 Mobile Safari/537.36 (compatible; Googlebot/2.1; +http://www.google.com/bot.html)"
66.249.66.58 - - [23/Sep/2022:01:59:22 +0200] "GET /images/mini_prod/3565750263770.jpg HTTP/1.0" 200 269 "-" "Mozilla/5.0 (compatible; Googlebot/2.1; +http://www.google.com/bot.html)"
216.244.66.242 - - [23/Sep/2022:01:59:35 +0200] "GET /hello-kitty-victoria-casal-couture-orange-watch-p-20144.html HTTP/1.0" 200 74836 "-" "Mozilla/5.0 (compatible; DotBot/1.2; +https://opensiteexplorer.org/dotbot; help@moz.com)"
216.244.66.242 - - [23/Sep/2022:01:59:43 +0200] "GET /images/3700057116057.jpg HTTP/1.0" 200 259 "-" "Mozilla/5.0 (compatible; DotBot/1.2; +https://opensiteexplorer.org/dotbot; help@moz.com)"
216.244.66.242 - - [23/Sep/2022:01:59:48 +0200] "GET /images/8028501835060B.jpg HTTP/1.0" 200 260 "-" "Mozilla/5.0 (compatible; DotBot/1.2; +https://opensiteexplorer.org/dotbot; help@moz.com)"
216.244.66.242 - - [23/Sep/2022:01:59:53 +0200] "GET /marley-young-mirror-p-19673.html HTTP/1.0" 200 74622 "-" "Mozilla/5.0 (compatible; DotBot/1.2; +https://opensiteexplorer.org/dotbot; help@moz.com)"
66.249.66.10 - - [23/Sep/2022:02:00:14 +0200] "GET /laissez-lucie-faire-small-wallet-wapi-p-49016.html HTTP/1.0" 200 75550 "-" "Mozilla/5.0 (compatible; Googlebot/2.1; +http://www.google.com/bot.html)"
66.249.66.68 - - [23/Sep/2022:02:00:30 +0200] "GET /minions-despicable-backpack-p-35792.html HTTP/1.0" 200 75034 "-" "Mozilla/5.0 (compatible; Googlebot/2.1; +http://www.google.com/bot.html)"
157.55.39.80 - - [23/Sep/2022:02:01:22 +0200] "GET /images/800399061711319072012.jpg HTTP/1.0" 200 267 "-" "Mozilla/5.0 (compatible; bingbot/2.0; +http://www.bing.com/bingbot.htm)"
66.249.66.70 - - [23/Sep/2022:02:01:36 +0200] "GET /images/mini_prod/3612875115269.jpg HTTP/1.0" 200 269 "-" "Mozilla/5.0 (compatible; Googlebot/2.1; +http://www.google.com/bot.html)"
216.244.66.242 - - [23/Sep/2022:02:01:45 +0200] "GET /accessories/rectangulary-cushion-c-97_98_127.html HTTP/1.0" 301 71059 "-" "Mozilla/5.0 (compatible; DotBot/1.2; +https://opensiteexplorer.org/dotbot; help@moz.com)"
185.191.171.24 - - [23/Sep/2022:02:01:47 +0200] "GET /metal-plate-p-31676.html HTTP/1.0" 200 72124 "-" "Mozilla/5.0 (compatible; SemrushBot/7~bl; +http://www.semrush.com/bot.html)"
216.244.66.242 - - [23/Sep/2022:02:02:04 +0200] "GET /cement-tile-stickers-p-50332.html HTTP/1.0" 200 75627 "-" "Mozilla/5.0 (compatible; DotBot/1.2; +https://opensiteexplorer.org/dotbot; help@moz.com)"
66.249.66.212 - - [23/Sep/2022:02:02:06 +0200] "GET /images/mini_prod/8422013484226.jpg HTTP/1.0" 200 269 "-" "Mozilla/5.0 (compatible; Googlebot/2.1; +http://www.google.com/bot.html)"
66.249.66.8 - - [23/Sep/2022:02:02:31 +0200] "GET /images/mini_prod/8435333824252.jpg HTTP/1.0" 200 269 "-" "Mozilla/5.0 (compatible; Googlebot/2.1; +http://www.google.com/bot.html)"
66.249.66.6 - - [23/Sep/2022:02:02:52 +0200] "GET /images/big_prod_3/d8719497610501.jpg HTTP/1.0" 200 271 "-" "Mozilla/5.0 (compatible; Googlebot/2.1; +http://www.google.com/bot.html)"
34.67.96.123 - - [23/Sep/2022:02:02:55 +0200] "GET /images/mini_prod/1384010202050.jpg HTTP/1.0" 200 269 "-" "Mozilla/5.0 (X11; Ubuntu; Linux x86_64; rv:72.0) Gecko/20100101 Firefox/72.0"
66.249.66.144 - - [23/Sep/2022:02:02:57 +0200] "GET /images/mini_prod/1384010205242B.jpg HTTP/1.0" 200 270 "-" "Mozilla/5.0 (compatible; Googlebot/2.1; +http://www.google.com/bot.html)"
185.191.171.43 - - [23/Sep/2022:02:03:25 +0200] "GET /decorative-statuettes-bear-brown-nothing-hear-nothin-p-52743.html HTTP/1.0" 200 72312 "-" "Mozilla/5.0 (compatible; SemrushBot/7~bl; +http://www.semrush.com/bot.html)"
114.119.137.45 - - [23/Sep/2022:02:03:38 +0200] "GET /orchid-square-tablecloth-p-57934.html HTTP/1.0" 200 75565 "http://www.wonder-geek.com/household-linen-c-11.html?page=54" "Mozilla/5.0 (Linux; Android 7.0;) AppleWebKit/537.36 (KHTML, like Gecko) Mobile Safari/537.36 (compatible; PetalBot;+https://webmaster.petalsearch.com/site/petalbot)"
216.244.66.242 - - [23/Sep/2022:02:04:34 +0200] "GET /incense-positive-vibes-grams-about-sticks-p-45148.html HTTP/1.0" 200 75905 "-" "Mozilla/5.0 (compatible; DotBot/1.2; +https://opensiteexplorer.org/dotbot; help@moz.com)"
34.198.236.55 - - [23/Sep/2022:02:04:38 +0200] "GET /images/mini_prod/1384010179567.jpg HTTP/1.0" 200 269 "-" "Mozilla/5.0 (X11; Ubuntu; Linux x86_64; rv:72.0) Gecko/20100101 Firefox/72.0"
216.244.66.242 - - [23/Sep/2022:02:04:49 +0200] "GET /suite-prochain-apro-clock-p-45026.html HTTP/1.0" 200 74820 "-" "Mozilla/5.0 (compatible; DotBot/1.2; +https://opensiteexplorer.org/dotbot; help@moz.com)"
17.121.114.222 - - [23/Sep/2022:02:04:59 +0200] "GET /tessie-bear-plate-p-2168.html HTTP/1.0" 200 72116 "-" "Mozilla/5.0 (Macintosh; Intel Mac OS X 10_15_5) AppleWebKit/605.1.15 (KHTML, like Gecko) Version/13.1.1 Safari/605.1.15 (Applebot/0.1; +http://www.apple.com/go/applebot)"
108.233.11.195 - - [23/Sep/2022:02:05:01 +0200] "GET /images/mini_prod/9316188029582.jpg HTTP/1.0" 200 269 "-" "Mozilla/5.0 (X11; Ubuntu; Linux x86_64; rv:72.0) Gecko/20100101 Firefox/72.0"
216.244.66.242 - - [23/Sep/2022:02:05:03 +0200] "GET /yoga-meditation-statue-p-50391.html HTTP/1.0" 200 74774 "-" "Mozilla/5.0 (compatible; DotBot/1.2; +https://opensiteexplorer.org/dotbot; help@moz.com)"
147.92.153.18 - - [23/Sep/2022:02:05:27 +0200] "GET /images/big_prod/3665269134322.jpg HTTP/1.0" 200 268 "-" "Mozilla/5.0 (compatible; Linespider/1.1; +https://lin.ee/4dwXkTH)"
114.119.137.43 - - [23/Sep/2022:02:05:27 +0200] "GET /braided-straw-basket-with-white-straps-p-50700.html HTTP/1.0" 200 72202 "http://www.wonder-geek.com/furnishings-c-13_87.html?page=4" "Mozilla/5.0 (Linux; Android 7.0;) AppleWebKit/537.36 (KHTML, like Gecko) Mobile Safari/537.36 (compatible; PetalBot;+https://webmaster.petalsearch.com/site/petalbot)"
185.191.171.6 - - [23/Sep/2022:02:05:55 +0200] "GET /roof-bugs-bunny-p-41690.html HTTP/1.0" 200 75357 "-" "Mozilla/5.0 (compatible; SemrushBot/7~bl; +http://www.semrush.com/bot.html)"
66.249.66.144 - - [23/Sep/2022:02:06:04 +0200] "GET /images/big_prod/3700653501776.jpg HTTP/1.0" 200 268 "-" "Googlebot-Image/1.0"
114.119.137.45 - - [23/Sep/2022:02:06:51 +0200] "GET /sukhasana-chakras-wooden-plate-40-cm-p-46223.html HTTP/1.0" 301 74900 "http://www.wonder-geek.com/home-and-decoration-c-13.html?page=197" "Mozilla/5.0 (Linux; Android 7.0;) AppleWebKit/537.36 (KHTML, like Gecko) Mobile Safari/537.36 (compatible; PetalBot;+https://webmaster.petalsearch.com/site/petalbot)"
114.119.137.45 - - [23/Sep/2022:02:06:52 +0200] "GET /sukhasana-chakras-wooden-plate-p-46223.html HTTP/1.0" 200 74803 "http://www.wonder-geek.com/home-and-decoration-c-13.html?page=197" "Mozilla/5.0 (Linux; Android 7.0;) AppleWebKit/537.36 (KHTML, like Gecko) Mobile Safari/537.36 (compatible; PetalBot;+https://webmaster.petalsearch.com/site/petalbot)"
66.249.66.212 - - [23/Sep/2022:02:08:16 +0200] "GET /marilyn-monroe-airlines-blue-cosmetic-p-7116.html HTTP/1.0" 200 75029 "-" "Mozilla/5.0 (compatible; Googlebot/2.1; +http://www.google.com/bot.html)"
114.119.137.3 - - [23/Sep/2022:02:08:21 +0200] "GET /the-spirit-of-christmas-tree-decoration-p-53275.html HTTP/1.0" 301 75857 "http://www.wonder-geek.com/christmas-tree-ornament-christmas-balls-c-13_271.html?page=2" "Mozilla/5.0 (Linux; Android 7.0;) AppleWebKit/537.36 (KHTML, like Gecko) Mobile Safari/537.36 (compatible; PetalBot;+https://webmaster.petalsearch.com/site/petalbot)"
114.119.137.3 - - [23/Sep/2022:02:08:22 +0200] "GET /spirit-christmas-tree-decoration-p-53275.html HTTP/1.0" 200 75758 "http://www.wonder-geek.com/christmas-tree-ornament-christmas-balls-c-13_271.html?page=2" "Mozilla/5.0 (Linux; Android 7.0;) AppleWebKit/537.36 (KHTML, like Gecko) Mobile Safari/537.36 (compatible; PetalBot;+https://webmaster.petalsearch.com/site/petalbot)"
185.191.171.18 - - [23/Sep/2022:02:09:33 +0200] "GET /miss-miew-pinky-pink-p-42845.html HTTP/1.0" 200 74857 "-" "Mozilla/5.0 (compatible; SemrushBot/7~bl; +http://www.semrush.com/bot.html)"
66.249.66.144 - - [23/Sep/2022:02:09:48 +0200] "GET /images/big_prod_1/1491693003964B.jpg HTTP/1.0" 200 271 "-" "Googlebot-Image/1.0"
51.68.224.127 - - [23/Sep/2022:02:10:09 +0200] "GET /adminweb/export_orders_xml.php?token=256de2z6edz6ed2z6DFSFsed2zed6zeDSFDSGdzedezfzf&maxorders=10&orderstart=1&status=14&start_date=2018-10-01 HTTP/1.0" 200 285 "-" "GesCom CharlotteBoutik Serveur"
51.68.224.127 - - [23/Sep/2022:02:10:09 +0200] "GET /adminweb/export_orders_xml.php?token=256de2z6edz6ed2z6DFSFsed2zed6zeDSFDSGdzedezfzf&maxorders=10&orderstart=1&status=6&start_date=2018-10-01 HTTP/1.0" 200 33985 "-" "GesCom CharlotteBoutik Serveur"
66.249.66.72 - - [23/Sep/2022:02:10:24 +0200] "GET /images/mini_prod/5701359679484.jpg HTTP/1.0" 200 269 "-" "Mozilla/5.0 (compatible; Googlebot/2.1; +http://www.google.com/bot.html)"
66.249.66.70 - - [23/Sep/2022:02:10:29 +0200] "GET /images/mini_prod/251GJS12.jpg HTTP/1.0" 200 264 "-" "Mozilla/5.0 (compatible; Googlebot/2.1; +http://www.google.com/bot.html)"
66.249.66.58 - - [23/Sep/2022:02:10:29 +0200] "GET /images/mini_prod/3609810045095.jpg HTTP/1.0" 200 269 "-" "Mozilla/5.0 (compatible; Googlebot/2.1; +http://www.google.com/bot.html)"
185.191.171.5 - - [23/Sep/2022:02:10:32 +0200] "GET /portfolio-pepe-jeans-pina-p-38139.html HTTP/1.0" 200 75731 "-" "Mozilla/5.0 (compatible; SemrushBot/7~bl; +http://www.semrush.com/bot.html)"
114.119.137.31 - - [23/Sep/2022:02:11:17 +0200] "GET /aromatic-stearin-candle-hours-chakra-muladhara-p-39491.html HTTP/1.0" 200 77168 "http://www.wonder-geek.com/fragrances-ambiance-c-231.html?page=31" "Mozilla/5.0 (Linux; Android 7.0;) AppleWebKit/537.36 (KHTML, like Gecko) Mobile Safari/537.36 (compatible; PetalBot;+https://webmaster.petalsearch.com/site/petalbot)"
66.249.66.68 - - [23/Sep/2022:02:11:21 +0200] "GET /images/8003990627907.jpg HTTP/1.0" 200 259 "-" "Mozilla/5.0 (compatible; Googlebot/2.1; +http://www.google.com/bot.html)"
66.249.66.68 - - [23/Sep/2022:02:11:32 +0200] "GET /votive-candle-hours-lemon-amalfi-p-47629.html HTTP/1.0" 200 75341 "-" "Mozilla/5.0 (Linux; Android 6.0.1; Nexus 5X Build/MMB29P) AppleWebKit/537.36 (KHTML, like Gecko) Chrome/105.0.5195.125 Mobile Safari/537.36 (compatible; Googlebot/2.1; +http://www.google.com/bot.html)"
66.249.66.56 - - [23/Sep/2022:02:11:33 +0200] "GET /images/mini_prod/1384010206379.jpg HTTP/1.0" 200 269 "-" "Mozilla/5.0 (compatible; Googlebot/2.1; +http://www.google.com/bot.html)"
160.194.185.65 - - [23/Sep/2022:02:11:42 +0200] "GET /images/med_prod/8435306265839.jpg HTTP/1.0" 200 268 "-" "Mozilla/5.0 (X11; Ubuntu; Linux x86_64; rv:72.0) Gecko/20100101 Firefox/72.0"
185.191.171.3 - - [23/Sep/2022:02:11:42 +0200] "GET /cotton-kitchen-towel-made-france-p-43976.html HTTP/1.0" 200 72210 "-" "Mozilla/5.0 (compatible; SemrushBot/7~bl; +http://www.semrush.com/bot.html)"
185.191.171.1 - - [23/Sep/2022:02:11:46 +0200] "GET /-p-30271.html HTTP/1.0" 200 72060 "-" "Mozilla/5.0 (compatible; SemrushBot/7~bl; +http://www.semrush.com/bot.html)"
91.218.219.246 - - [23/Sep/2022:02:12:10 +0200] "GET /contact_us.php HTTP/1.0" 301 539 "http://wonder-geek.com/contact_us.php" "Mozilla/5.0 (Windows NT 6.2; Win64; x64) AppleWebKit/537.36 (KHTML, like Gecko) Chrome/90.0.4430.72 Safari/537.36"
91.218.219.246 - - [23/Sep/2022:02:12:11 +0200] "GET /contact_us.php HTTP/1.0" 200 26241 "http://www.wonder-geek.com/contact_us.php" "Mozilla/5.0 (Windows NT 6.2; Win64; x64) AppleWebKit/537.36 (KHTML, like Gecko) Chrome/90.0.4430.72 Safari/537.36"
185.191.171.3 - - [23/Sep/2022:02:12:18 +0200] "GET /merci-gustave-paris-chic-espresso-p-49661.html HTTP/1.0" 200 72196 "-" "Mozilla/5.0 (compatible; SemrushBot/7~bl; +http://www.semrush.com/bot.html)"
34.67.96.123 - - [23/Sep/2022:02:12:49 +0200] "GET /images/mini_prod/3453131141178.jpg HTTP/1.0" 200 269 "-" "Mozilla/5.0 (X11; Ubuntu; Linux x86_64; rv:72.0) Gecko/20100101 Firefox/72.0"
66.249.66.68 - - [23/Sep/2022:02:13:12 +0200] "GET /scented-candles-novenas-c-231_227.html?page=6 HTTP/1.0" 200 95977 "-" "Mozilla/5.0 (compatible; Googlebot/2.1; +http://www.google.com/bot.html)"
114.119.137.31 - - [23/Sep/2022:02:13:12 +0200] "GET /home-and-decoration-c-13.html?page=134 HTTP/1.0" 301 94624 "http://www.wonder-geek.com/home-and-decoration-c-13.html?page=139" "Mozilla/5.0 (Linux; Android 7.0;) AppleWebKit/537.36 (KHTML, like Gecko) Mobile Safari/537.36 (compatible; PetalBot;+https://webmaster.petalsearch.com/site/petalbot)"
114.119.137.31 - - [23/Sep/2022:02:13:16 +0200] "GET /home-decoration-c-13.html?page=134 HTTP/1.0" 200 94536 "http://www.wonder-geek.com/home-and-decoration-c-13.html?page=139" "Mozilla/5.0 (Linux; Android 7.0;) AppleWebKit/537.36 (KHTML, like Gecko) Mobile Safari/537.36 (compatible; PetalBot;+https://webmaster.petalsearch.com/site/petalbot)"
185.191.171.25 - - [23/Sep/2022:02:13:35 +0200] "GET /-p-17366.html HTTP/1.0" 200 72060 "-" "Mozilla/5.0 (compatible; SemrushBot/7~bl; +http://www.semrush.com/bot.html)"
66.249.66.210 - - [23/Sep/2022:02:13:48 +0200] "GET /images/mini_prod/8422193202788.jpg HTTP/1.0" 200 269 "-" "Mozilla/5.0 (compatible; Googlebot/2.1; +http://www.google.com/bot.html)"
34.67.96.123 - - [23/Sep/2022:02:14:02 +0200] "GET /images/mini_prod/B8006181600086B.jpg HTTP/1.0" 200 271 "-" "Mozilla/5.0 (X11; Ubuntu; Linux x86_64; rv:72.0) Gecko/20100101 Firefox/72.0"
66.249.66.212 - - [23/Sep/2022:02:14:36 +0200] "GET /mouse-pad-c-129_85.html?page=4 HTTP/1.0" 301 93092 "-" "Mozilla/5.0 (Linux; Android 6.0.1; Nexus 5X Build/MMB29P) AppleWebKit/537.36 (KHTML, like Gecko) Chrome/105.0.5195.125 Mobile Safari/537.36 (compatible; Googlebot/2.1; +http://www.google.com/bot.html)"
66.249.66.10 - - [23/Sep/2022:02:14:38 +0200] "GET /mouse-c-85.html?page=4 HTTP/1.0" 301 92956 "-" "Mozilla/5.0 (Linux; Android 6.0.1; Nexus 5X Build/MMB29P) AppleWebKit/537.36 (KHTML, like Gecko) Chrome/105.0.5195.125 Mobile Safari/537.36 (compatible; Googlebot/2.1; +http://www.google.com/bot.html)"
66.249.66.70 - - [23/Sep/2022:02:14:40 +0200] "GET /mouse-c-129_85.html?page=4 HTTP/1.0" 200 93016 "-" "Mozilla/5.0 (Linux; Android 6.0.1; Nexus 5X Build/MMB29P) AppleWebKit/537.36 (KHTML, like Gecko) Chrome/105.0.5195.125 Mobile Safari/537.36 (compatible; Googlebot/2.1; +http://www.google.com/bot.html)"
114.119.137.43 - - [23/Sep/2022:02:14:46 +0200] "GET /gund-boo-pink-small-plush-p-32416.html HTTP/1.0" 301 74910 "http://www.wonder-geek.com/soft-toys-security-blanket-c-4_46.html?page=3" "Mozilla/5.0 (Linux; Android 7.0;) AppleWebKit/537.36 (KHTML, like Gecko) Mobile Safari/537.36 (compatible; PetalBot;+https://webmaster.petalsearch.com/site/petalbot)"
114.119.137.43 - - [23/Sep/2022:02:14:48 +0200] "GET /gund-pink-small-plush-p-32416.html HTTP/1.0" 200 74822 "http://www.wonder-geek.com/soft-toys-security-blanket-c-4_46.html?page=3" "Mozilla/5.0 (Linux; Android 7.0;) AppleWebKit/537.36 (KHTML, like Gecko) Mobile Safari/537.36 (compatible; PetalBot;+https://webmaster.petalsearch.com/site/petalbot)"
66.249.66.144 - - [23/Sep/2022:02:14:50 +0200] "GET /images/mini_prod/3700653507501.jpg HTTP/1.0" 200 269 "-" "Mozilla/5.0 (compatible; Googlebot/2.1; +http://www.google.com/bot.html)"
185.191.171.6 - - [23/Sep/2022:02:15:00 +0200] "GET /round-natural-teak-mirror-p-56142.html HTTP/1.0" 200 72150 "-" "Mozilla/5.0 (compatible; SemrushBot/7~bl; +http://www.semrush.com/bot.html)"
66.249.66.56 - - [23/Sep/2022:02:15:15 +0200] "GET /images/med_prod/8433933838365.jpg HTTP/1.0" 200 268 "-" "Googlebot-Image/1.0"
185.191.171.11 - - [23/Sep/2022:02:15:45 +0200] "GET /saxophonist-statue-p-47488.html HTTP/1.0" 200 72134 "-" "Mozilla/5.0 (compatible; SemrushBot/7~bl; +http://www.semrush.com/bot.html)"
66.249.66.70 - - [23/Sep/2022:02:16:08 +0200] "GET /images/mini_prod/1384010204238.jpg HTTP/1.0" 200 269 "-" "Mozilla/5.0 (compatible; Googlebot/2.1; +http://www.google.com/bot.html)"
91.218.219.246 - - [23/Sep/2022:02:16:11 +0200] "POST /contact_us.php?action=send HTTP/1.0" 302 488 "http://www.wonder-geek.com/contact_us.php" "Mozilla/5.0 (Windows NT 6.2; Win64; x64) AppleWebKit/537.36 (KHTML, like Gecko) Chrome/90.0.4430.72 Safari/537.36"
91.218.219.246 - - [23/Sep/2022:02:16:11 +0200] "GET /contact_us.php?action=success HTTP/1.0" 200 13477 "http://www.wonder-geek.com/contact_us.php?action=success" "Mozilla/5.0 (Windows NT 6.2; Win64; x64) AppleWebKit/537.36 (KHTML, like Gecko) Chrome/90.0.4430.72 Safari/537.36"
66.249.66.8 - - [23/Sep/2022:02:16:25 +0200] "GET /decorative-wooden-plate-carpediem-p-49988.html HTTP/1.0" 200 74920 "-" "Mozilla/5.0 (Linux; Android 6.0.1; Nexus 5X Build/MMB29P) AppleWebKit/537.36 (KHTML, like Gecko) Chrome/105.0.5195.125 Mobile Safari/537.36 (compatible; Googlebot/2.1; +http://www.google.com/bot.html)"
114.119.137.3 - - [23/Sep/2022:02:16:27 +0200] "GET /young-thumper-figure-p-2918.html HTTP/1.0" 301 72124 "http://www.wonder-geek.com/figures-c-4_15.html" "Mozilla/5.0 (Linux; Android 7.0;) AppleWebKit/537.36 (KHTML, like Gecko) Mobile Safari/537.36 (compatible; PetalBot;+https://webmaster.petalsearch.com/site/petalbot)"
114.119.137.3 - - [23/Sep/2022:02:16:29 +0200] "GET /-p-2918.html HTTP/1.0" 200 72058 "http://www.wonder-geek.com/figures-c-4_15.html" "Mozilla/5.0 (Linux; Android 7.0;) AppleWebKit/537.36 (KHTML, like Gecko) Mobile Safari/537.36 (compatible; PetalBot;+https://webmaster.petalsearch.com/site/petalbot)"
66.249.66.6 - - [23/Sep/2022:02:16:33 +0200] "GET /images/mini_prod/3453131138932.jpg HTTP/1.0" 200 269 "-" "Mozilla/5.0 (compatible; Googlebot/2.1; +http://www.google.com/bot.html)"
185.191.171.24 - - [23/Sep/2022:02:16:58 +0200] "GET /braided-paper-fiber-basket-beige-p-58190.html HTTP/1.0" 200 75417 "-" "Mozilla/5.0 (compatible; SemrushBot/7~bl; +http://www.semrush.com/bot.html)"
185.191.171.33 - - [23/Sep/2022:02:17:02 +0200] "GET /-p-39408.html HTTP/1.0" 200 72060 "-" "Mozilla/5.0 (compatible; SemrushBot/7~bl; +http://www.semrush.com/bot.html)"
185.191.171.24 - - [23/Sep/2022:02:17:29 +0200] "GET /gorjuss-cards-supplied-with-envelope-pulling-your-heart-p-48380.html HTTP/1.0" 200 75068 "-" "Mozilla/5.0 (compatible; SemrushBot/7~bl; +http://www.semrush.com/bot.html)"
