157.55.39.28 - - [22/Sep/2022:14:36:22 +0200] "GET /images/big_prod_1/3442440234060.jpg HTTP/1.0" 200 270 "-" "Mozilla/5.0 AppleWebKit/537.36 (KHTML, like Gecko; compatible; bingbot/2.0; +http://www.bing.com/bingbot.htm) Chrome/103.0.5060.134 Safari/537.36"
157.90.177.217 - - [22/Sep/2022:14:36:24 +0200] "GET /metal-beer-bucket-p-54345.html HTTP/1.0" 200 75262 "-" "Mozilla/5.0 (compatible; BLEXBot/1.0; +http://webmeup-crawler.com/)"
157.90.177.217 - - [22/Sep/2022:14:36:31 +0200] "GET /metal-beer-bucket-p-55612.html HTTP/1.0" 200 74661 "-" "Mozilla/5.0 (compatible; BLEXBot/1.0; +http://webmeup-crawler.com/)"
157.90.177.217 - - [22/Sep/2022:14:36:36 +0200] "GET /metal-beer-bucket-p-55613.html HTTP/1.0" 200 74659 "-" "Mozilla/5.0 (compatible; BLEXBot/1.0; +http://webmeup-crawler.com/)"
157.55.39.217 - - [22/Sep/2022:14:36:40 +0200] "GET /weapon-mtal-keyring-famas-p-31990.html HTTP/1.0" 200 74745 "-" "Mozilla/5.0 (compatible; bingbot/2.0; +http://www.bing.com/bingbot.htm)"
157.90.177.217 - - [22/Sep/2022:14:36:41 +0200] "GET /metal-beer-bucket-p-55614.html HTTP/1.0" 200 74659 "-" "Mozilla/5.0 (compatible; BLEXBot/1.0; +http://webmeup-crawler.com/)"
157.90.177.217 - - [22/Sep/2022:14:36:47 +0200] "GET /metal-beer-bucket-p-55615.html HTTP/1.0" 200 74659 "-" "Mozilla/5.0 (compatible; BLEXBot/1.0; +http://webmeup-crawler.com/)"
157.90.177.217 - - [22/Sep/2022:14:36:53 +0200] "GET /metal-beer-bucket-pizza-bire-foot-p-53421.html HTTP/1.0" 200 74802 "-" "Mozilla/5.0 (compatible; BLEXBot/1.0; +http://webmeup-crawler.com/)"
66.249.66.8 - - [22/Sep/2022:14:36:55 +0200] "GET /images/big_prod_2/8718375754351c.jpg HTTP/1.0" 404 1308 "-" "Googlebot-Image/1.0"
157.90.177.217 - - [22/Sep/2022:14:36:59 +0200] "GET /metal-beer-bucket-tattooed-sailor-p-42681.html HTTP/1.0" 200 74842 "-" "Mozilla/5.0 (compatible; BLEXBot/1.0; +http://webmeup-crawler.com/)"
157.90.177.217 - - [22/Sep/2022:14:37:06 +0200] "GET /metal-beer-bucket-zinc-look-with-integrated-bottle-opener-p-58144.html HTTP/1.0" 200 75976 "-" "Mozilla/5.0 (compatible; BLEXBot/1.0; +http://webmeup-crawler.com/)"
157.90.177.217 - - [22/Sep/2022:14:37:11 +0200] "GET /metal-beer-bucket-zinc-look-with-integrated-bottle-opener-p-58145.html HTTP/1.0" 200 75707 "-" "Mozilla/5.0 (compatible; BLEXBot/1.0; +http://webmeup-crawler.com/)"
157.90.177.217 - - [22/Sep/2022:14:37:17 +0200] "GET /metal-beer-bucket-zinc-look-with-integrated-bottle-opener-p-58146.html HTTP/1.0" 200 75707 "-" "Mozilla/5.0 (compatible; BLEXBot/1.0; +http://webmeup-crawler.com/)"
66.249.66.70 - - [22/Sep/2022:14:37:22 +0200] "GET /images/mini_prod/3279510509281.jpg HTTP/1.0" 200 269 "-" "Mozilla/5.0 (compatible; Googlebot/2.1; +http://www.google.com/bot.html)"
157.90.177.217 - - [22/Sep/2022:14:37:22 +0200] "GET /metal-bell-p-32128.html HTTP/1.0" 200 74636 "-" "Mozilla/5.0 (compatible; BLEXBot/1.0; +http://webmeup-crawler.com/)"
66.249.66.72 - - [22/Sep/2022:14:37:24 +0200] "GET /images/mini_prod/8433933031476.jpg HTTP/1.0" 200 269 "-" "Mozilla/5.0 (compatible; Googlebot/2.1; +http://www.google.com/bot.html)"
157.90.177.217 - - [22/Sep/2022:14:37:27 +0200] "GET /metal-bicycle-bookend-p-58077.html HTTP/1.0" 200 75472 "-" "Mozilla/5.0 (compatible; BLEXBot/1.0; +http://webmeup-crawler.com/)"
66.249.66.58 - - [22/Sep/2022:14:37:30 +0200] "GET /images/mini_prod/3609810077386c.jpg HTTP/1.0" 200 270 "-" "Mozilla/5.0 (compatible; Googlebot/2.1; +http://www.google.com/bot.html)"
157.90.177.217 - - [22/Sep/2022:14:37:31 +0200] "GET /metal-boxes-storage-c-13_150_218.html?page=2 HTTP/1.0" 200 91860 "-" "Mozilla/5.0 (compatible; BLEXBot/1.0; +http://webmeup-crawler.com/)"
157.90.177.217 - - [22/Sep/2022:14:37:40 +0200] "GET /metal-boxes-storage-c-13_150_218.html?page=3 HTTP/1.0" 200 88511 "-" "Mozilla/5.0 (compatible; BLEXBot/1.0; +http://webmeup-crawler.com/)"
157.90.177.217 - - [22/Sep/2022:14:37:48 +0200] "GET /metal-cylindrical-p-52612.html HTTP/1.0" 200 74805 "-" "Mozilla/5.0 (compatible; BLEXBot/1.0; +http://webmeup-crawler.com/)"
196.244.192.38 - - [22/Sep/2022:14:37:50 +0200] "GET /contact_us.php HTTP/1.0" 200 26241 "-" "Mozilla/5.0 (Windows NT 6.3; Win64; x64) AppleWebKit/537.36 (KHTML, like Gecko) Chrome/75.0.3770.100 Safari/537.36"
157.90.177.217 - - [22/Sep/2022:14:37:53 +0200] "GET /metal-cylindrical-p-57511.html HTTP/1.0" 200 75440 "-" "Mozilla/5.0 (compatible; BLEXBot/1.0; +http://webmeup-crawler.com/)"
66.249.66.144 - - [22/Sep/2022:14:37:55 +0200] "GET /images/mini_prod/1399984259269.jpg HTTP/1.0" 200 269 "-" "Mozilla/5.0 (compatible; Googlebot/2.1; +http://www.google.com/bot.html)"
157.55.39.28 - - [22/Sep/2022:14:37:53 +0200] "GET /little-buddha-happy-statue-p-37707.html HTTP/1.0" 200 72166 "-" "Mozilla/5.0 (compatible; bingbot/2.0; +http://www.bing.com/bingbot.htm)"
157.90.177.217 - - [22/Sep/2022:14:37:59 +0200] "GET /metal-cylindrical-p-57512.html HTTP/1.0" 200 75440 "-" "Mozilla/5.0 (compatible; BLEXBot/1.0; +http://webmeup-crawler.com/)"
157.90.177.217 - - [22/Sep/2022:14:38:04 +0200] "GET /metal-flask-aperophiles-p-48468.html HTTP/1.0" 200 75323 "-" "Mozilla/5.0 (compatible; BLEXBot/1.0; +http://webmeup-crawler.com/)"
157.90.177.217 - - [22/Sep/2022:14:38:10 +0200] "GET /metal-flask-whisky-p-48469.html HTTP/1.0" 200 75254 "-" "Mozilla/5.0 (compatible; BLEXBot/1.0; +http://webmeup-crawler.com/)"
157.90.177.217 - - [22/Sep/2022:14:38:15 +0200] "GET /metal-hook-support-p-41213.html HTTP/1.0" 200 74762 "-" "Mozilla/5.0 (compatible; BLEXBot/1.0; +http://webmeup-crawler.com/)"
157.90.177.217 - - [22/Sep/2022:14:38:21 +0200] "GET /metal-metal-paper-reel-p-42682.html HTTP/1.0" 200 74792 "-" "Mozilla/5.0 (compatible; BLEXBot/1.0; +http://webmeup-crawler.com/)"
157.90.177.217 - - [22/Sep/2022:14:38:25 +0200] "GET /metal-ruler-little-prince-p-58153.html HTTP/1.0" 200 75362 "-" "Mozilla/5.0 (compatible; BLEXBot/1.0; +http://webmeup-crawler.com/)"
157.90.177.217 - - [22/Sep/2022:14:38:30 +0200] "GET /metal-tray-p-45851.html HTTP/1.0" 200 74744 "-" "Mozilla/5.0 (compatible; BLEXBot/1.0; +http://webmeup-crawler.com/)"
157.90.177.217 - - [22/Sep/2022:14:38:34 +0200] "GET /metal-tray-p-45852.html HTTP/1.0" 200 74744 "-" "Mozilla/5.0 (compatible; BLEXBot/1.0; +http://webmeup-crawler.com/)"
157.90.177.217 - - [22/Sep/2022:14:38:38 +0200] "GET /metal-tray-p-45853.html HTTP/1.0" 200 74744 "-" "Mozilla/5.0 (compatible; BLEXBot/1.0; +http://webmeup-crawler.com/)"
66.249.66.56 - - [22/Sep/2022:14:38:40 +0200] "GET /images/mini_prod/1399984257432.jpg HTTP/1.0" 200 269 "-" "Mozilla/5.0 (compatible; Googlebot/2.1; +http://www.google.com/bot.html)"
157.90.177.217 - - [22/Sep/2022:14:38:43 +0200] "GET /metal-tray-p-53581.html HTTP/1.0" 200 75505 "-" "Mozilla/5.0 (compatible; BLEXBot/1.0; +http://webmeup-crawler.com/)"
157.90.177.217 - - [22/Sep/2022:14:38:50 +0200] "GET /meter-outdoor-fairy-lights-p-57989.html HTTP/1.0" 200 76388 "-" "Mozilla/5.0 (compatible; BLEXBot/1.0; +http://webmeup-crawler.com/)"
157.90.177.217 - - [22/Sep/2022:14:38:54 +0200] "GET /miami-small-clock-p-55072.html HTTP/1.0" 200 74739 "-" "Mozilla/5.0 (compatible; BLEXBot/1.0; +http://webmeup-crawler.com/)"
183.71.252.126 - - [22/Sep/2022:14:38:59 +0200] "GET /images/mini_prod/1399984241790.jpg HTTP/1.0" 200 269 "-" "Mozilla/5.0 (X11; Ubuntu; Linux x86_64; rv:72.0) Gecko/20100101 Firefox/72.0"
157.90.177.217 - - [22/Sep/2022:14:38:58 +0200] "GET /michelle-allen-designs-p-36958.html HTTP/1.0" 200 74879 "-" "Mozilla/5.0 (compatible; BLEXBot/1.0; +http://webmeup-crawler.com/)"
185.191.171.17 - - [22/Sep/2022:14:38:59 +0200] "GET /corsica-money-cbkreation-p-24000.html HTTP/1.0" 200 74755 "-" "Mozilla/5.0 (compatible; SemrushBot/7~bl; +http://www.semrush.com/bot.html)"
157.90.177.217 - - [22/Sep/2022:14:39:03 +0200] "GET /michelle-allen-designs-p-36959.html HTTP/1.0" 200 74879 "-" "Mozilla/5.0 (compatible; BLEXBot/1.0; +http://webmeup-crawler.com/)"
157.90.177.217 - - [22/Sep/2022:14:39:08 +0200] "GET /michelle-allen-glass-p-24318.html HTTP/1.0" 200 74690 "-" "Mozilla/5.0 (compatible; BLEXBot/1.0; +http://webmeup-crawler.com/)"
157.90.177.217 - - [22/Sep/2022:14:39:13 +0200] "GET /michelle-allen-little-tray-p-39729.html HTTP/1.0" 200 74895 "-" "Mozilla/5.0 (compatible; BLEXBot/1.0; +http://webmeup-crawler.com/)"
66.249.66.148 - - [22/Sep/2022:14:39:14 +0200] "GET /images/mini_prod/8718375751022.jpg HTTP/1.0" 200 269 "-" "Mozilla/5.0 (compatible; Googlebot/2.1; +http://www.google.com/bot.html)"
157.90.177.217 - - [22/Sep/2022:14:39:18 +0200] "GET /mickael-want-back-shirt-p-29537.html HTTP/1.0" 200 76153 "-" "Mozilla/5.0 (compatible; BLEXBot/1.0; +http://webmeup-crawler.com/)"
157.90.177.217 - - [22/Sep/2022:14:39:27 +0200] "GET /mickael-white-shirt-p-30158.html HTTP/1.0" 200 75842 "-" "Mozilla/5.0 (compatible; BLEXBot/1.0; +http://webmeup-crawler.com/)"
216.244.66.242 - - [22/Sep/2022:14:39:27 +0200] "GET /baseball-humorous-white-p-42583.html HTTP/1.0" 301 72127 "-" "Mozilla/5.0 (compatible; DotBot/1.2; +https://opensiteexplorer.org/dotbot; help@moz.com)"
157.90.177.217 - - [22/Sep/2022:14:39:32 +0200] "GET /mickael-white-shirt-p-30159.html HTTP/1.0" 200 76110 "-" "Mozilla/5.0 (compatible; BLEXBot/1.0; +http://webmeup-crawler.com/)"
156.59.237.148 - - [22/Sep/2022:14:39:35 +0200] "GET /images/mini_prod/5414451899994.jpg HTTP/1.0" 200 269 "-" "Mozilla/5.0 (X11; Ubuntu; Linux x86_64; rv:72.0) Gecko/20100101 Firefox/72.0"
157.90.177.217 - - [22/Sep/2022:14:39:36 +0200] "GET /mickey-birthday-card-with-envelope-p-25252.html HTTP/1.0" 200 74758 "-" "Mozilla/5.0 (compatible; BLEXBot/1.0; +http://webmeup-crawler.com/)"
216.244.66.242 - - [22/Sep/2022:14:39:37 +0200] "GET /snow-white-prince-figure-p-2937.html HTTP/1.0" 301 72124 "-" "Mozilla/5.0 (compatible; DotBot/1.2; +https://opensiteexplorer.org/dotbot; help@moz.com)"
157.55.39.217 - - [22/Sep/2022:14:39:41 +0200] "GET /blue-alarm-clock-p-38250.html HTTP/1.0" 200 72122 "-" "Mozilla/5.0 (compatible; bingbot/2.0; +http://www.bing.com/bingbot.htm)"
157.90.177.217 - - [22/Sep/2022:14:39:42 +0200] "GET /mickey-birthday-card-with-envelope-p-25256.html HTTP/1.0" 200 74758 "-" "Mozilla/5.0 (compatible; BLEXBot/1.0; +http://webmeup-crawler.com/)"
157.90.177.217 - - [22/Sep/2022:14:39:48 +0200] "GET /mickey-birthday-card-with-envelope-p-25257.html HTTP/1.0" 200 74759 "-" "Mozilla/5.0 (compatible; BLEXBot/1.0; +http://webmeup-crawler.com/)"
66.249.66.212 - - [22/Sep/2022:14:39:51 +0200] "GET /images/mini_prod/5018997621738.jpg HTTP/1.0" 200 269 "-" "Mozilla/5.0 (compatible; Googlebot/2.1; +http://www.google.com/bot.html)"
157.90.177.217 - - [22/Sep/2022:14:39:52 +0200] "GET /mickey-birthday-card-with-envelope-p-25258.html HTTP/1.0" 200 74759 "-" "Mozilla/5.0 (compatible; BLEXBot/1.0; +http://webmeup-crawler.com/)"
157.90.177.217 - - [22/Sep/2022:14:39:56 +0200] "GET /mickey-club-house-melamine-bowl-p-20359.html HTTP/1.0" 200 74827 "-" "Mozilla/5.0 (compatible; BLEXBot/1.0; +http://webmeup-crawler.com/)"
185.191.171.22 - - [22/Sep/2022:14:40:05 +0200] "GET /-p-54355.html HTTP/1.0" 200 72060 "-" "Mozilla/5.0 (compatible; SemrushBot/7~bl; +http://www.semrush.com/bot.html)"
157.90.177.217 - - [22/Sep/2022:14:40:08 +0200] "GET /mickey-club-house-rainwear-years-p-44013.html HTTP/1.0" 200 74723 "-" "Mozilla/5.0 (compatible; BLEXBot/1.0; +http://webmeup-crawler.com/)"
66.249.66.60 - - [22/Sep/2022:14:40:12 +0200] "GET /corail-fitted-sheet-p-39684.html HTTP/1.0" 200 72150 "-" "Mozilla/5.0 (Linux; Android 6.0.1; Nexus 5X Build/MMB29P) AppleWebKit/537.36 (KHTML, like Gecko) Chrome/105.0.5195.125 Mobile Safari/537.36 (compatible; Googlebot/2.1; +http://www.google.com/bot.html)"
157.90.177.217 - - [22/Sep/2022:14:40:15 +0200] "GET /mickey-club-house-umbrella-p-20499.html HTTP/1.0" 200 74950 "-" "Mozilla/5.0 (compatible; BLEXBot/1.0; +http://webmeup-crawler.com/)"
185.191.171.8 - - [22/Sep/2022:14:40:16 +0200] "GET /salt-pepper-laeticia-collection-p-52668.html HTTP/1.0" 200 74809 "-" "Mozilla/5.0 (compatible; SemrushBot/7~bl; +http://www.semrush.com/bot.html)"
157.90.177.217 - - [22/Sep/2022:14:40:21 +0200] "GET /mickey-club-house-umbrella-p-20500.html HTTP/1.0" 200 74937 "-" "Mozilla/5.0 (compatible; BLEXBot/1.0; +http://webmeup-crawler.com/)"
157.90.177.217 - - [22/Sep/2022:14:40:27 +0200] "GET /mickey-collection-romano-britto-p-20288.html HTTP/1.0" 200 74969 "-" "Mozilla/5.0 (compatible; BLEXBot/1.0; +http://webmeup-crawler.com/)"
66.249.66.6 - - [22/Sep/2022:14:40:31 +0200] "GET /images/med_prod/3700516207456.jpg HTTP/1.0" 200 268 "-" "Mozilla/5.0 (compatible; Googlebot/2.1; +http://www.google.com/bot.html)"
66.249.66.212 - - [22/Sep/2022:14:40:31 +0200] "GET /images/mini_prod/8435333853245.jpg HTTP/1.0" 200 269 "-" "Mozilla/5.0 (compatible; Googlebot/2.1; +http://www.google.com/bot.html)"
157.90.177.217 - - [22/Sep/2022:14:40:31 +0200] "GET /mickey-figure-collection-romano-britto-p-23114.html HTTP/1.0" 200 75603 "-" "Mozilla/5.0 (compatible; BLEXBot/1.0; +http://webmeup-crawler.com/)"
157.90.177.217 - - [22/Sep/2022:14:40:38 +0200] "GET /mickey-minnie-collection-romano-britto-p-20751.html HTTP/1.0" 200 77116 "-" "Mozilla/5.0 (compatible; BLEXBot/1.0; +http://webmeup-crawler.com/)"
66.249.66.210 - - [22/Sep/2022:14:40:44 +0200] "GET /images/big_prod/8433933100196.jpg HTTP/1.0" 200 268 "-" "Googlebot-Image/1.0"
157.90.177.217 - - [22/Sep/2022:14:40:43 +0200] "GET /mickey-mouse-blue-swimsuit-p-30484.html HTTP/1.0" 200 75913 "-" "Mozilla/5.0 (compatible; BLEXBot/1.0; +http://webmeup-crawler.com/)"
157.90.177.217 - - [22/Sep/2022:14:40:49 +0200] "GET /mickey-mouse-clock-p-31606.html HTTP/1.0" 200 74681 "-" "Mozilla/5.0 (compatible; BLEXBot/1.0; +http://webmeup-crawler.com/)"
157.90.177.217 - - [22/Sep/2022:14:40:53 +0200] "GET /mickey-mouse-disney-glitter-globe-p-33588.html HTTP/1.0" 200 74907 "-" "Mozilla/5.0 (compatible; BLEXBot/1.0; +http://webmeup-crawler.com/)"
157.90.177.217 - - [22/Sep/2022:14:40:58 +0200] "GET /mickey-mouse-folding-chair-p-20554.html HTTP/1.0" 200 74452 "-" "Mozilla/5.0 (compatible; BLEXBot/1.0; +http://webmeup-crawler.com/)"
157.90.177.217 - - [22/Sep/2022:14:41:03 +0200] "GET /mickey-mouse-green-swimsuit-p-30577.html HTTP/1.0" 200 75885 "-" "Mozilla/5.0 (compatible; BLEXBot/1.0; +http://webmeup-crawler.com/)"
157.90.177.217 - - [22/Sep/2022:14:41:12 +0200] "GET /mickey-mouse-large-expandable-backpack-p-19679.html HTTP/1.0" 200 75320 "-" "Mozilla/5.0 (compatible; BLEXBot/1.0; +http://webmeup-crawler.com/)"
66.249.66.56 - - [22/Sep/2022:14:41:17 +0200] "GET /images/mini_prod/3565750061208.jpg HTTP/1.0" 200 269 "-" "Mozilla/5.0 (compatible; Googlebot/2.1; +http://www.google.com/bot.html)"
157.90.177.217 - - [22/Sep/2022:14:41:20 +0200] "GET /mickey-mouse-sports-bottle-p-25061.html HTTP/1.0" 200 75545 "-" "Mozilla/5.0 (compatible; BLEXBot/1.0; +http://webmeup-crawler.com/)"
157.90.177.217 - - [22/Sep/2022:14:41:24 +0200] "GET /mickey-mouse-swimming-ring-p-19968.html HTTP/1.0" 200 74849 "-" "Mozilla/5.0 (compatible; BLEXBot/1.0; +http://webmeup-crawler.com/)"
157.90.177.217 - - [22/Sep/2022:14:41:29 +0200] "GET /mickey-mouse-swimsuit-p-30575.html HTTP/1.0" 200 75868 "-" "Mozilla/5.0 (compatible; BLEXBot/1.0; +http://webmeup-crawler.com/)"
66.249.66.8 - - [22/Sep/2022:14:41:37 +0200] "GET /images/mini_prod/3700653591197.jpg HTTP/1.0" 200 269 "-" "Mozilla/5.0 (compatible; Googlebot/2.1; +http://www.google.com/bot.html)"
157.90.177.217 - - [22/Sep/2022:14:41:37 +0200] "GET /mickey-mouse-swimsuit-p-30668.html HTTP/1.0" 200 76159 "-" "Mozilla/5.0 (compatible; BLEXBot/1.0; +http://webmeup-crawler.com/)"
207.46.13.149 - - [22/Sep/2022:14:41:36 +0200] "GET /index.php HTTP/1.0" 200 151119 "-" "Mozilla/5.0 (compatible; bingbot/2.0; +http://www.bing.com/bingbot.htm)"
157.90.177.217 - - [22/Sep/2022:14:41:42 +0200] "GET /mickey-mouse-with-flowers-mini-figurine-p-57156.html HTTP/1.0" 200 76086 "-" "Mozilla/5.0 (compatible; BLEXBot/1.0; +http://webmeup-crawler.com/)"
34.67.96.123 - - [22/Sep/2022:14:41:47 +0200] "GET /images/mini_prod/1348422000567.jpg HTTP/1.0" 200 269 "-" "Mozilla/5.0 (X11; Ubuntu; Linux x86_64; rv:72.0) Gecko/20100101 Firefox/72.0"
157.90.177.217 - - [22/Sep/2022:14:41:48 +0200] "GET /mickey-small-flexible-molds-blue-model-p-28214.html HTTP/1.0" 200 74826 "-" "Mozilla/5.0 (compatible; BLEXBot/1.0; +http://webmeup-crawler.com/)"
66.249.66.6 - - [22/Sep/2022:14:41:52 +0200] "GET /images/mini_prod/3438100339831.jpg HTTP/1.0" 200 269 "-" "Mozilla/5.0 (compatible; Googlebot/2.1; +http://www.google.com/bot.html)"
157.90.177.217 - - [22/Sep/2022:14:41:52 +0200] "GET /mickey-small-flexible-molds-model-p-28211.html HTTP/1.0" 200 74810 "-" "Mozilla/5.0 (compatible; BLEXBot/1.0; +http://webmeup-crawler.com/)"
157.90.177.217 - - [22/Sep/2022:14:41:57 +0200] "GET /mickey-small-flexible-molds-yellow-model-p-28210.html HTTP/1.0" 200 74830 "-" "Mozilla/5.0 (compatible; BLEXBot/1.0; +http://webmeup-crawler.com/)"
157.90.177.217 - - [22/Sep/2022:14:42:01 +0200] "GET /microfiber-bolster-p-35012.html HTTP/1.0" 200 74825 "-" "Mozilla/5.0 (compatible; BLEXBot/1.0; +http://webmeup-crawler.com/)"
157.90.177.217 - - [22/Sep/2022:14:42:08 +0200] "GET /microfiber-bolster-p-39798.html HTTP/1.0" 200 74825 "-" "Mozilla/5.0 (compatible; BLEXBot/1.0; +http://webmeup-crawler.com/)"
66.249.66.72 - - [22/Sep/2022:14:42:14 +0200] "GET /images/mini_prod/3457019604168.jpg HTTP/1.0" 200 269 "-" "Mozilla/5.0 (compatible; Googlebot/2.1; +http://www.google.com/bot.html)"
157.90.177.217 - - [22/Sep/2022:14:42:13 +0200] "GET /microfibre-base-cover-black-p-47978.html HTTP/1.0" 200 74870 "-" "Mozilla/5.0 (compatible; BLEXBot/1.0; +http://webmeup-crawler.com/)"
157.90.177.217 - - [22/Sep/2022:14:42:18 +0200] "GET /microfibre-base-cover-black-p-47980.html HTTP/1.0" 200 74873 "-" "Mozilla/5.0 (compatible; BLEXBot/1.0; +http://webmeup-crawler.com/)"
157.90.177.217 - - [22/Sep/2022:14:42:23 +0200] "GET /microfibre-base-cover-black-p-53949.html HTTP/1.0" 200 74870 "-" "Mozilla/5.0 (compatible; BLEXBot/1.0; +http://webmeup-crawler.com/)"
157.90.177.217 - - [22/Sep/2022:14:42:28 +0200] "GET /microfibre-base-cover-brown-p-53950.html HTTP/1.0" 200 74870 "-" "Mozilla/5.0 (compatible; BLEXBot/1.0; +http://webmeup-crawler.com/)"
157.90.177.217 - - [22/Sep/2022:14:42:33 +0200] "GET /microfibre-base-cover-grey-p-47368.html HTTP/1.0" 200 74870 "-" "Mozilla/5.0 (compatible; BLEXBot/1.0; +http://webmeup-crawler.com/)"
157.90.177.217 - - [22/Sep/2022:14:42:38 +0200] "GET /microfibre-base-cover-light-brown-p-47979.html HTTP/1.0" 200 74900 "-" "Mozilla/5.0 (compatible; BLEXBot/1.0; +http://webmeup-crawler.com/)"
87.250.224.94 - - [22/Sep/2022:14:42:43 +0200] "GET /images/12398.jpg HTTP/1.0" 200 251 "-" "Mozilla/5.0 (compatible; YandexImages/3.0; +http://yandex.com/bots)"
157.90.177.217 - - [22/Sep/2022:14:42:44 +0200] "GET /microfibre-base-cover-light-brown-p-47981.html HTTP/1.0" 200 74903 "-" "Mozilla/5.0 (compatible; BLEXBot/1.0; +http://webmeup-crawler.com/)"
157.90.177.217 - - [22/Sep/2022:14:42:49 +0200] "GET /milk-ceramic-pitcher-p-45724.html HTTP/1.0" 200 74726 "-" "Mozilla/5.0 (compatible; BLEXBot/1.0; +http://webmeup-crawler.com/)"
156.59.237.152 - - [22/Sep/2022:14:42:54 +0200] "GET /images/mini_prod/4007176121023.jpg HTTP/1.0" 200 269 "-" "Mozilla/5.0 (X11; Ubuntu; Linux x86_64; rv:72.0) Gecko/20100101 Firefox/72.0"
157.90.177.217 - - [22/Sep/2022:14:42:54 +0200] "GET /milk-fine-bone-china-p-54933.html HTTP/1.0" 200 74869 "-" "Mozilla/5.0 (compatible; BLEXBot/1.0; +http://webmeup-crawler.com/)"
157.90.177.217 - - [22/Sep/2022:14:43:00 +0200] "GET /mini-bright-christmas-p-38256.html HTTP/1.0" 200 74767 "-" "Mozilla/5.0 (compatible; BLEXBot/1.0; +http://webmeup-crawler.com/)"
157.55.39.217 - - [22/Sep/2022:14:43:01 +0200] "GET /buddha-canvas-frame-p-38503.html HTTP/1.0" 200 74792 "-" "Mozilla/5.0 (compatible; bingbot/2.0; +http://www.bing.com/bingbot.htm)"
157.90.177.217 - - [22/Sep/2022:14:43:06 +0200] "GET /mini-ceramic-butter-sardy-p-56557.html HTTP/1.0" 200 74893 "-" "Mozilla/5.0 (compatible; BLEXBot/1.0; +http://webmeup-crawler.com/)"
66.249.66.8 - - [22/Sep/2022:14:43:07 +0200] "GET /gorjuss-coaster-white-rabbit-p-47740.html HTTP/1.0" 200 72136 "-" "Mozilla/5.0 (compatible; Googlebot/2.1; +http://www.google.com/bot.html)"
157.90.177.217 - - [22/Sep/2022:14:43:10 +0200] "GET /mini-cooper-1300-p-27589.html HTTP/1.0" 200 74707 "-" "Mozilla/5.0 (compatible; BLEXBot/1.0; +http://webmeup-crawler.com/)"
157.90.177.217 - - [22/Sep/2022:14:43:15 +0200] "GET /mini-cooper-union-jack-figurine-p-28503.html HTTP/1.0" 200 74853 "-" "Mozilla/5.0 (compatible; BLEXBot/1.0; +http://webmeup-crawler.com/)"
66.249.66.68 - - [22/Sep/2022:14:43:21 +0200] "GET /images/big_prod_1/8422015595708R.jpg HTTP/1.0" 200 271 "-" "Googlebot-Image/1.0"
157.90.177.217 - - [22/Sep/2022:14:43:23 +0200] "GET /mini-cooper-union-jack-figurine-p-28504.html HTTP/1.0" 200 78497 "-" "Mozilla/5.0 (compatible; BLEXBot/1.0; +http://webmeup-crawler.com/)"
66.249.66.210 - - [22/Sep/2022:14:43:26 +0200] "GET /images/big_prod/8720088291139a.jpg HTTP/1.0" 200 269 "-" "Googlebot-Image/1.0"
157.90.177.217 - - [22/Sep/2022:14:43:30 +0200] "GET /mini-cork-notes-dartboard-target-p-54990.html HTTP/1.0" 200 75391 "-" "Mozilla/5.0 (compatible; BLEXBot/1.0; +http://webmeup-crawler.com/)"
157.55.39.28 - - [22/Sep/2022:14:43:33 +0200] "GET /images/mini_prod/8445146018403.jpg HTTP/1.0" 200 269 "-" "Mozilla/5.0 (compatible; bingbot/2.0; +http://www.bing.com/bingbot.htm)"
157.90.177.217 - - [22/Sep/2022:14:43:36 +0200] "GET /mini-dlices-sugar-bowl-p-25772.html HTTP/1.0" 200 74712 "-" "Mozilla/5.0 (compatible; BLEXBot/1.0; +http://webmeup-crawler.com/)"
156.59.237.150 - - [22/Sep/2022:14:43:39 +0200] "GET /images/mini_prod/541185414661-8.jpg HTTP/1.0" 200 270 "-" "Mozilla/5.0 (X11; Ubuntu; Linux x86_64; rv:72.0) Gecko/20100101 Firefox/72.0"
157.90.177.217 - - [22/Sep/2022:14:43:42 +0200] "GET /mini-earth-globe-decoration-p-50873.html HTTP/1.0" 200 75595 "-" "Mozilla/5.0 (compatible; BLEXBot/1.0; +http://webmeup-crawler.com/)"
157.90.177.217 - - [22/Sep/2022:14:43:47 +0200] "GET /mini-erasers-random-patterns-p-33549.html HTTP/1.0" 200 74897 "-" "Mozilla/5.0 (compatible; BLEXBot/1.0; +http://webmeup-crawler.com/)"
157.55.39.217 - - [22/Sep/2022:14:43:51 +0200] "GET /coca-cola-large-p-31654.html HTTP/1.0" 200 72118 "-" "Mozilla/5.0 (compatible; bingbot/2.0; +http://www.bing.com/bingbot.htm)"
216.244.66.242 - - [22/Sep/2022:14:43:54 +0200] "GET /lamp-p-40389.html HTTP/1.0" 301 72127 "-" "Mozilla/5.0 (compatible; DotBot/1.2; +https://opensiteexplorer.org/dotbot; help@moz.com)"
114.119.133.245 - - [22/Sep/2022:14:43:52 +0200] "GET /specials.php?page=31 HTTP/1.0" 200 124785 "http://www.wonder-geek.com/specials.php?page=21" "Mozilla/5.0 (Linux; Android 7.0;) AppleWebKit/537.36 (KHTML, like Gecko) Mobile Safari/537.36 (compatible; PetalBot;+https://webmaster.petalsearch.com/site/petalbot)"
157.90.177.217 - - [22/Sep/2022:14:43:55 +0200] "GET /mini-floral-white-wood-gold-p-55024.html HTTP/1.0" 200 75660 "-" "Mozilla/5.0 (compatible; BLEXBot/1.0; +http://webmeup-crawler.com/)"
157.90.177.217 - - [22/Sep/2022:14:44:02 +0200] "GET /mini-glitter-ball-p-33558.html HTTP/1.0" 200 74726 "-" "Mozilla/5.0 (compatible; BLEXBot/1.0; +http://webmeup-crawler.com/)"
157.90.177.217 - - [22/Sep/2022:14:44:05 +0200] "GET /mini-hermetic-camargue-p-54521.html HTTP/1.0" 200 74722 "-" "Mozilla/5.0 (compatible; BLEXBot/1.0; +http://webmeup-crawler.com/)"
66.249.66.144 - - [22/Sep/2022:14:44:06 +0200] "GET /gorjuss-coaster-white-rabbit-p-47740.html HTTP/1.0" 200 72136 "-" "Mozilla/5.0 (Linux; Android 6.0.1; Nexus 5X Build/MMB29P) AppleWebKit/537.36 (KHTML, like Gecko) Chrome/105.0.5195.125 Mobile Safari/537.36 (compatible; Googlebot/2.1; +http://www.google.com/bot.html)"
157.55.39.80 - - [22/Sep/2022:14:44:08 +0200] "GET /pineapple-monkey-candle-holder-resin-p-48020.html HTTP/1.0" 200 75784 "-" "Mozilla/5.0 AppleWebKit/537.36 (KHTML, like Gecko; compatible; bingbot/2.0; +http://www.bing.com/bingbot.htm) Chrome/103.0.5060.134 Safari/537.36"
216.244.66.242 - - [22/Sep/2022:14:44:10 +0200] "GET /lotus-large-lamp-p-35765.html HTTP/1.0" 301 72127 "-" "Mozilla/5.0 (compatible; DotBot/1.2; +https://opensiteexplorer.org/dotbot; help@moz.com)"
157.90.177.217 - - [22/Sep/2022:14:44:10 +0200] "GET /mini-hermetic-fleur-p-54520.html HTTP/1.0" 200 74740 "-" "Mozilla/5.0 (compatible; BLEXBot/1.0; +http://webmeup-crawler.com/)"
157.90.177.217 - - [22/Sep/2022:14:44:15 +0200] "GET /mini-hermetic-sardines-p-54522.html HTTP/1.0" 200 74723 "-" "Mozilla/5.0 (compatible; BLEXBot/1.0; +http://webmeup-crawler.com/)"
157.90.177.217 - - [22/Sep/2022:14:44:21 +0200] "GET /mini-minnie-mouse-figurine-p-56575.html HTTP/1.0" 200 76068 "-" "Mozilla/5.0 (compatible; BLEXBot/1.0; +http://webmeup-crawler.com/)"
207.46.13.149 - - [22/Sep/2022:14:44:23 +0200] "GET /mugs-mazagrans-c-12_57.html?page=17 HTTP/1.0" 200 98323 "-" "Mozilla/5.0 (compatible; bingbot/2.0; +http://www.bing.com/bingbot.htm)"
216.244.66.242 - - [22/Sep/2022:14:44:24 +0200] "GET /lucky-mini-figurine-p-36912.html HTTP/1.0" 200 72126 "-" "Mozilla/5.0 (compatible; DotBot/1.2; +https://opensiteexplorer.org/dotbot; help@moz.com)"
157.90.177.217 - - [22/Sep/2022:14:44:26 +0200] "GET /mini-notebook-white-brown-horse-p-26211.html HTTP/1.0" 200 74794 "-" "Mozilla/5.0 (compatible; BLEXBot/1.0; +http://webmeup-crawler.com/)"
157.90.177.217 - - [22/Sep/2022:14:44:30 +0200] "GET /mini-p-50370.html HTTP/1.0" 200 74675 "-" "Mozilla/5.0 (compatible; BLEXBot/1.0; +http://webmeup-crawler.com/)"
157.90.177.217 - - [22/Sep/2022:14:44:36 +0200] "GET /mini-stickers-animals-p-22597.html HTTP/1.0" 200 75324 "-" "Mozilla/5.0 (compatible; BLEXBot/1.0; +http://webmeup-crawler.com/)"
216.244.66.242 - - [22/Sep/2022:14:44:38 +0200] "GET /moroccan-ashtray-p-40649.html HTTP/1.0" 200 74667 "-" "Mozilla/5.0 (compatible; DotBot/1.2; +https://opensiteexplorer.org/dotbot; help@moz.com)"
157.90.177.217 - - [22/Sep/2022:14:44:40 +0200] "GET /mini-table-vacuum-ladybug-p-41019.html HTTP/1.0" 200 75569 "-" "Mozilla/5.0 (compatible; BLEXBot/1.0; +http://webmeup-crawler.com/)"
157.90.177.217 - - [22/Sep/2022:14:44:44 +0200] "GET /mini-trays-c-12_159_260.html?page=2 HTTP/1.0" 200 94200 "-" "Mozilla/5.0 (compatible; BLEXBot/1.0; +http://webmeup-crawler.com/)"
216.244.66.242 - - [22/Sep/2022:14:44:50 +0200] "GET /tigger-figure-p-2891.html HTTP/1.0" 301 72124 "-" "Mozilla/5.0 (compatible; DotBot/1.2; +https://opensiteexplorer.org/dotbot; help@moz.com)"
157.90.177.217 - - [22/Sep/2022:14:44:56 +0200] "GET /mini-trays-c-12_159_260.html?page=3 HTTP/1.0" 200 94060 "-" "Mozilla/5.0 (compatible; BLEXBot/1.0; +http://webmeup-crawler.com/)"
216.244.66.242 - - [22/Sep/2022:14:45:01 +0200] "GET /little-pony-mini-glitter-shake-shine-p-31923.html HTTP/1.0" 301 72127 "-" "Mozilla/5.0 (compatible; DotBot/1.2; +https://opensiteexplorer.org/dotbot; help@moz.com)"
66.249.66.56 - - [22/Sep/2022:14:45:04 +0200] "GET /images/mini_prod/3453131146852.jpg HTTP/1.0" 200 269 "-" "Mozilla/5.0 (compatible; Googlebot/2.1; +http://www.google.com/bot.html)"
157.90.177.217 - - [22/Sep/2022:14:45:07 +0200] "GET /mini-trays-c-12_159_260.html?page=4 HTTP/1.0" 200 94451 "-" "Mozilla/5.0 (compatible; BLEXBot/1.0; +http://webmeup-crawler.com/)"
216.244.66.242 - - [22/Sep/2022:14:45:11 +0200] "GET /michelle-allen-cup-glass-cat-p-24318.html HTTP/1.0" 301 74777 "-" "Mozilla/5.0 (compatible; DotBot/1.2; +https://opensiteexplorer.org/dotbot; help@moz.com)"
66.249.66.146 - - [22/Sep/2022:14:45:12 +0200] "GET /daisy-duck-sports-bottle-p-25065.html HTTP/1.0" 200 75522 "-" "Mozilla/5.0 (compatible; Googlebot/2.1; +http://www.google.com/bot.html)"
157.90.177.217 - - [22/Sep/2022:14:45:13 +0200] "GET /mini-trays-c-12_159_260.html?page=5 HTTP/1.0" 200 94850 "-" "Mozilla/5.0 (compatible; BLEXBot/1.0; +http://webmeup-crawler.com/)"
157.90.177.217 - - [22/Sep/2022:14:45:19 +0200] "GET /mini-trays-c-12_159_260.html?page=6 HTTP/1.0" 200 94992 "-" "Mozilla/5.0 (compatible; BLEXBot/1.0; +http://webmeup-crawler.com/)"
216.244.66.242 - - [22/Sep/2022:14:45:20 +0200] "GET /nippon-doll-cosmetic-pouch-p-26869.html HTTP/1.0" 200 75591 "-" "Mozilla/5.0 (compatible; DotBot/1.2; +https://opensiteexplorer.org/dotbot; help@moz.com)"
157.90.177.217 - - [22/Sep/2022:14:45:24 +0200] "GET /mini-trays-c-12_159_260.html?page=7 HTTP/1.0" 200 94321 "-" "Mozilla/5.0 (compatible; BLEXBot/1.0; +http://webmeup-crawler.com/)"
157.55.39.28 - - [22/Sep/2022:14:45:24 +0200] "GET /chair-cushion-sides-green-grey-p-47893.html HTTP/1.0" 200 75922 "-" "Mozilla/5.0 (compatible; bingbot/2.0; +http://www.bing.com/bingbot.htm)"
147.92.153.1 - - [22/Sep/2022:14:45:24 +0200] "GET / HTTP/1.0" 200 151333 "-" "Mozilla/5.0 (compatible; Linespider/1.1; +https://lin.ee/4dwXkTH)"
147.92.153.19 - - [22/Sep/2022:14:45:29 +0200] "GET /swfobject.js HTTP/1.0" 404 1308 "http://www.wonder-geek.com/" "Mozilla/5.0 AppleWebKit/537.36 (KHTML, like Gecko; compatible; Linespider/1.1; +https://lin.ee/4dwXkTH) Chrome/101.0.4951.0 Safari/537.36"
147.92.153.19 - - [22/Sep/2022:14:45:30 +0200] "GET /js/jquery.min.js HTTP/1.0" 404 1308 "http://www.wonder-geek.com/" "Mozilla/5.0 AppleWebKit/537.36 (KHTML, like Gecko; compatible; Linespider/1.1; +https://lin.ee/4dwXkTH) Chrome/101.0.4951.0 Safari/537.36"
114.119.137.43 - - [22/Sep/2022:14:45:29 +0200] "GET /plush-keeleco-friendly-hedgehog-p-55364.html HTTP/1.0" 200 72190 "http://www.wonder-geek.com/games-toys-c-4.html?page=9" "Mozilla/5.0 (Linux; Android 7.0;) AppleWebKit/537.36 (KHTML, like Gecko) Mobile Safari/537.36 (compatible; PetalBot;+https://webmaster.petalsearch.com/site/petalbot)"
216.244.66.242 - - [22/Sep/2022:14:45:30 +0200] "GET /triskel-wooden-decoration-clip-p-46490.html HTTP/1.0" 200 72170 "-" "Mozilla/5.0 (compatible; DotBot/1.2; +https://opensiteexplorer.org/dotbot; help@moz.com)"
66.249.66.56 - - [22/Sep/2022:14:45:30 +0200] "GET /strange-life-forms-stitch-with-frog-figurine-p-45590.html HTTP/1.0" 200 76396 "-" "Mozilla/5.0 (Linux; Android 6.0.1; Nexus 5X Build/MMB29P) AppleWebKit/537.36 (KHTML, like Gecko) Chrome/105.0.5195.125 Mobile Safari/537.36 (compatible; Googlebot/2.1; +http://www.google.com/bot.html)"
157.90.177.217 - - [22/Sep/2022:14:45:31 +0200] "GET /mini-trays-c-12_159_260.html?page=8 HTTP/1.0" 200 90563 "-" "Mozilla/5.0 (compatible; BLEXBot/1.0; +http://webmeup-crawler.com/)"
157.90.177.217 - - [22/Sep/2022:14:45:38 +0200] "GET /mini-trolley-p-49039.html HTTP/1.0" 200 75364 "-" "Mozilla/5.0 (compatible; BLEXBot/1.0; +http://webmeup-crawler.com/)"
216.244.66.242 - - [22/Sep/2022:14:45:38 +0200] "GET /alice-in-wonderland-disney-masquerade-figurine-p-34522.html HTTP/1.0" 301 72127 "-" "Mozilla/5.0 (compatible; DotBot/1.2; +https://opensiteexplorer.org/dotbot; help@moz.com)"
147.92.153.1 - - [22/Sep/2022:14:45:41 +0200] "GET /head-wallet-model-p-39442.html HTTP/1.0" 200 74710 "-" "Mozilla/5.0 (compatible; Linespider/1.1; +https://lin.ee/4dwXkTH)"
157.90.177.217 - - [22/Sep/2022:14:45:43 +0200] "GET /mini-trolley-p-49044.html HTTP/1.0" 200 75364 "-" "Mozilla/5.0 (compatible; BLEXBot/1.0; +http://webmeup-crawler.com/)"
216.244.66.242 - - [22/Sep/2022:14:45:45 +0200] "GET /cafe-racer-metal-plate-deco-405-215-cm-p-41071.html HTTP/1.0" 301 74885 "-" "Mozilla/5.0 (compatible; DotBot/1.2; +https://opensiteexplorer.org/dotbot; help@moz.com)"
157.90.177.217 - - [22/Sep/2022:14:45:48 +0200] "GET /mini-white-natural-wooden-p-55026.html HTTP/1.0" 200 75602 "-" "Mozilla/5.0 (compatible; BLEXBot/1.0; +http://webmeup-crawler.com/)"
216.244.66.242 - - [22/Sep/2022:14:45:51 +0200] "GET /educational-watch-for-children-dragonfly-p-51722.html HTTP/1.0" 301 76444 "-" "Mozilla/5.0 (compatible; DotBot/1.2; +https://opensiteexplorer.org/dotbot; help@moz.com)"
157.90.177.217 - - [22/Sep/2022:14:45:55 +0200] "GET /mini-white-natural-wooden-p-55030.html HTTP/1.0" 200 75591 "-" "Mozilla/5.0 (compatible; BLEXBot/1.0; +http://webmeup-crawler.com/)"
51.68.224.127 - - [22/Sep/2022:14:45:56 +0200] "GET /adminweb/export_orders_xml.php?token=256de2z6edz6ed2z6DFSFsed2zed6zeDSFDSGdzedezfzf&maxorders=10&orderstart=1&status=14&start_date=2018-10-01 HTTP/1.0" 200 285 "-" "GesCom CharlotteBoutik Serveur"
51.68.224.127 - - [22/Sep/2022:14:45:57 +0200] "GET /adminweb/export_orders_xml.php?token=256de2z6edz6ed2z6DFSFsed2zed6zeDSFDSGdzedezfzf&maxorders=10&orderstart=1&status=6&start_date=2018-10-01 HTTP/1.0" 200 33985 "-" "GesCom CharlotteBoutik Serveur"
207.46.13.149 - - [22/Sep/2022:14:45:57 +0200] "GET /-p-43764.html HTTP/1.0" 200 72060 "-" "Mozilla/5.0 AppleWebKit/537.36 (KHTML, like Gecko; compatible; bingbot/2.0; +http://www.bing.com/bingbot.htm) Chrome/103.0.5060.134 Safari/537.36"
216.244.66.242 - - [22/Sep/2022:14:45:58 +0200] "GET /fitted-sheet-in-cotton-percale-80-threads-180-200-30-cm-p-43837.html HTTP/1.0" 301 75134 "-" "Mozilla/5.0 (compatible; DotBot/1.2; +https://opensiteexplorer.org/dotbot; help@moz.com)"
157.90.177.217 - - [22/Sep/2022:14:46:00 +0200] "GET /mini-white-natural-wooden-p-55035.html HTTP/1.0" 200 75591 "-" "Mozilla/5.0 (compatible; BLEXBot/1.0; +http://webmeup-crawler.com/)"
157.90.177.217 - - [22/Sep/2022:14:46:05 +0200] "GET /mini-wooden-side-table-flower-life-p-56154.html HTTP/1.0" 200 76387 "-" "Mozilla/5.0 (compatible; BLEXBot/1.0; +http://webmeup-crawler.com/)"
156.59.237.152 - - [22/Sep/2022:14:46:07 +0200] "GET /images/mini_prod/3660173208367.jpg HTTP/1.0" 200 269 "-" "Mozilla/5.0 (X11; Ubuntu; Linux x86_64; rv:72.0) Gecko/20100101 Firefox/72.0"
157.90.177.217 - - [22/Sep/2022:14:46:10 +0200] "GET /mini-wooden-side-table-tree-life-p-56156.html HTTP/1.0" 200 76353 "-" "Mozilla/5.0 (compatible; BLEXBot/1.0; +http://webmeup-crawler.com/)"
216.244.66.242 - - [22/Sep/2022:14:46:12 +0200] "GET /littlest-petshop-green-pair-of-socks-size-27-30-p-25553.html HTTP/1.0" 301 72127 "-" "Mozilla/5.0 (compatible; DotBot/1.2; +https://opensiteexplorer.org/dotbot; help@moz.com)"
157.90.177.217 - - [22/Sep/2022:14:46:15 +0200] "GET /minions-despicable-backpack-p-35791.html HTTP/1.0" 200 75616 "-" "Mozilla/5.0 (compatible; BLEXBot/1.0; +http://webmeup-crawler.com/)"
157.90.177.217 - - [22/Sep/2022:14:46:21 +0200] "GET /minions-despicable-backpack-p-35792.html HTTP/1.0" 200 75034 "-" "Mozilla/5.0 (compatible; BLEXBot/1.0; +http://webmeup-crawler.com/)"
216.244.66.242 - - [22/Sep/2022:14:46:25 +0200] "GET /russian-dolls-white-samsung-galaxy-note-phone-cover-cbkreation-p-18760.html HTTP/1.0" 301 72127 "-" "Mozilla/5.0 (compatible; DotBot/1.2; +https://opensiteexplorer.org/dotbot; help@moz.com)"
157.90.177.217 - - [22/Sep/2022:14:46:25 +0200] "GET /minions-melamine-dinner-p-34022.html HTTP/1.0" 200 74885 "-" "Mozilla/5.0 (compatible; BLEXBot/1.0; +http://webmeup-crawler.com/)"
157.90.177.217 - - [22/Sep/2022:14:46:31 +0200] "GET /minions-poster-p-30933.html HTTP/1.0" 200 74629 "-" "Mozilla/5.0 (compatible; BLEXBot/1.0; +http://webmeup-crawler.com/)"
157.90.177.217 - - [22/Sep/2022:14:46:35 +0200] "GET /minions-sports-bottle-p-31754.html HTTP/1.0" 200 74698 "-" "Mozilla/5.0 (compatible; BLEXBot/1.0; +http://webmeup-crawler.com/)"
216.244.66.242 - - [22/Sep/2022:14:46:37 +0200] "GET /set-of-pair-of-socks-strawberry-shortcake-size-35-38-p-24809.html HTTP/1.0" 301 72127 "-" "Mozilla/5.0 (compatible; DotBot/1.2; +https://opensiteexplorer.org/dotbot; help@moz.com)"
38.142.11.235 - - [22/Sep/2022:14:46:39 +0200] "GET /images/mini_prod/Image91.jpg HTTP/1.0" 200 263 "-" "Mozilla/5.0 (X11; Ubuntu; Linux x86_64; rv:72.0) Gecko/20100101 Firefox/72.0"
157.90.177.217 - - [22/Sep/2022:14:46:39 +0200] "GET /minions-stickers-p-31216.html HTTP/1.0" 200 74656 "-" "Mozilla/5.0 (compatible; BLEXBot/1.0; +http://webmeup-crawler.com/)"
157.90.177.217 - - [22/Sep/2022:14:46:44 +0200] "GET /minions-swimming-armband-p-35064.html HTTP/1.0" 200 74857 "-" "Mozilla/5.0 (compatible; BLEXBot/1.0; +http://webmeup-crawler.com/)"
216.244.66.242 - - [22/Sep/2022:14:46:46 +0200] "GET /the-little-mermaid-disney-3d-card-with-envelope-p-34448.html HTTP/1.0" 301 72127 "-" "Mozilla/5.0 (compatible; DotBot/1.2; +https://opensiteexplorer.org/dotbot; help@moz.com)"
157.90.177.217 - - [22/Sep/2022:14:46:49 +0200] "GET /minnie-mouse-disney-glitter-globe-p-33589.html HTTP/1.0" 200 74907 "-" "Mozilla/5.0 (compatible; BLEXBot/1.0; +http://webmeup-crawler.com/)"
157.55.39.217 - - [22/Sep/2022:14:46:51 +0200] "GET /ceramic-salt-with-spoon-dory-p-51426.html HTTP/1.0" 200 74746 "-" "Mozilla/5.0 AppleWebKit/537.36 (KHTML, like Gecko; compatible; bingbot/2.0; +http://www.bing.com/bingbot.htm) Chrome/103.0.5060.134 Safari/537.36"
157.90.177.217 - - [22/Sep/2022:14:46:53 +0200] "GET /minnie-mouse-disney-suitcase-p-31207.html HTTP/1.0" 200 75161 "-" "Mozilla/5.0 (compatible; BLEXBot/1.0; +http://webmeup-crawler.com/)"
216.244.66.242 - - [22/Sep/2022:14:46:56 +0200] "GET /volkswagen-beatle-metal-plate-30-20-cm-p-37153.html HTTP/1.0" 301 74998 "-" "Mozilla/5.0 (compatible; DotBot/1.2; +https://opensiteexplorer.org/dotbot; help@moz.com)"
157.90.177.217 - - [22/Sep/2022:14:46:59 +0200] "GET /minnie-mouse-large-expandable-backpack-p-19678.html HTTP/1.0" 200 75039 "-" "Mozilla/5.0 (compatible; BLEXBot/1.0; +http://webmeup-crawler.com/)"
216.244.66.242 - - [22/Sep/2022:14:47:04 +0200] "GET /accessories-mobiles-c-3_17.html?page=2 HTTP/1.0" 200 96908 "-" "Mozilla/5.0 (compatible; DotBot/1.2; +https://opensiteexplorer.org/dotbot; help@moz.com)"
157.90.177.217 - - [22/Sep/2022:14:47:08 +0200] "GET /minnie-mouse-large-metal-p-26704.html HTTP/1.0" 200 74842 "-" "Mozilla/5.0 (compatible; BLEXBot/1.0; +http://webmeup-crawler.com/)"
157.90.177.217 - - [22/Sep/2022:14:47:15 +0200] "GET /minnie-mouse-metal-p-26703.html HTTP/1.0" 200 74787 "-" "Mozilla/5.0 (compatible; BLEXBot/1.0; +http://webmeup-crawler.com/)"
157.90.177.217 - - [22/Sep/2022:14:47:22 +0200] "GET /minnie-mouse-milk-p-27655.html HTTP/1.0" 200 74800 "-" "Mozilla/5.0 (compatible; BLEXBot/1.0; +http://webmeup-crawler.com/)"
157.90.177.217 - - [22/Sep/2022:14:47:29 +0200] "GET /minnie-mouse-sports-bottle-p-25064.html HTTP/1.0" 200 75545 "-" "Mozilla/5.0 (compatible; BLEXBot/1.0; +http://webmeup-crawler.com/)"
180.156.182.212 - - [22/Sep/2022:14:47:33 +0200] "GET /contact_us.php HTTP/1.0" 200 26241 "http://www.wonder-geek.com/contact_us.php" "Mozilla/5.0 (Windows NT 6.1; ) AppleWebKit/537.36 (KHTML, like Gecko) Chrome/90.0.4430.85 Safari/537.36"
157.90.177.217 - - [22/Sep/2022:14:47:37 +0200] "GET /minnie-mouse-sunglasses-child-p-29952.html HTTP/1.0" 200 75044 "-" "Mozilla/5.0 (compatible; BLEXBot/1.0; +http://webmeup-crawler.com/)"
157.90.177.217 - - [22/Sep/2022:14:47:42 +0200] "GET /minnie-umbrella-p-6094.html HTTP/1.0" 200 74830 "-" "Mozilla/5.0 (compatible; BLEXBot/1.0; +http://webmeup-crawler.com/)"
157.90.177.217 - - [22/Sep/2022:14:47:49 +0200] "GET /mint-diabolo-kitchen-towel-p-44420.html HTTP/1.0" 200 74747 "-" "Mozilla/5.0 (compatible; BLEXBot/1.0; +http://webmeup-crawler.com/)"
157.90.177.217 - - [22/Sep/2022:14:47:55 +0200] "GET /minute-cooking-hourglass-black-sand-p-53719.html HTTP/1.0" 200 75508 "-" "Mozilla/5.0 (compatible; BLEXBot/1.0; +http://webmeup-crawler.com/)"
185.191.171.35 - - [22/Sep/2022:14:47:57 +0200] "GET /decorative-wooden-plate-attention-chat-lunatique-white-p-47795.html HTTP/1.0" 200 72272 "-" "Mozilla/5.0 (compatible; SemrushBot/7~bl; +http://www.semrush.com/bot.html)"
157.90.177.217 - - [22/Sep/2022:14:47:58 +0200] "GET /mirabelle-calendar-year-2016-p-31180.html HTTP/1.0" 200 74929 "-" "Mozilla/5.0 (compatible; BLEXBot/1.0; +http://webmeup-crawler.com/)"
66.249.66.56 - - [22/Sep/2022:14:48:03 +0200] "GET /images/med_prod/1384010176290.jpg HTTP/1.0" 200 268 "-" "Googlebot-Image/1.0"
180.156.182.212 - - [22/Sep/2022:14:48:01 +0200] "GET / HTTP/1.0" 200 151530 "http://www.wonder-geek.com/" "Mozilla/5.0 (Windows NT 6.1; ) AppleWebKit/537.36 (KHTML, like Gecko) Chrome/90.0.4430.85 Safari/537.36"
157.90.177.217 - - [22/Sep/2022:14:48:03 +0200] "GET /mirabelle-calendar-year-2016-p-31182.html HTTP/1.0" 200 74927 "-" "Mozilla/5.0 (compatible; BLEXBot/1.0; +http://webmeup-crawler.com/)"
157.90.177.217 - - [22/Sep/2022:14:48:11 +0200] "GET /mirabelle-calendar-year-2017-p-36747.html HTTP/1.0" 200 74927 "-" "Mozilla/5.0 (compatible; BLEXBot/1.0; +http://webmeup-crawler.com/)"
66.249.66.6 - - [22/Sep/2022:14:48:16 +0200] "GET /images/mini_prod/8424001471478.jpg HTTP/1.0" 200 269 "-" "Mozilla/5.0 (compatible; Googlebot/2.1; +http://www.google.com/bot.html)"
66.249.66.68 - - [22/Sep/2022:14:48:17 +0200] "GET /images/mini_prod/8435333820506.jpg HTTP/1.0" 200 269 "-" "Mozilla/5.0 (compatible; Googlebot/2.1; +http://www.google.com/bot.html)"
157.90.177.217 - - [22/Sep/2022:14:48:17 +0200] "GET /mirabelle-calendar-year-2017-p-36748.html HTTP/1.0" 200 74933 "-" "Mozilla/5.0 (compatible; BLEXBot/1.0; +http://webmeup-crawler.com/)"
207.46.13.149 - - [22/Sep/2022:14:48:17 +0200] "GET /green-polyester-round-chair-cushion-p-47039.html HTTP/1.0" 200 72178 "-" "Mozilla/5.0 AppleWebKit/537.36 (KHTML, like Gecko; compatible; bingbot/2.0; +http://www.bing.com/bingbot.htm) Chrome/103.0.5060.134 Safari/537.36"
180.156.182.212 - - [22/Sep/2022:14:48:21 +0200] "GET /trivet-boards-c-12_158.html HTTP/1.0" 200 95853 "http://www.wonder-geek.com/trivet-boards-c-12_158.html" "Mozilla/5.0 (Windows NT 6.1; ) AppleWebKit/537.36 (KHTML, like Gecko) Chrome/90.0.4430.85 Safari/537.36"
66.249.66.6 - - [22/Sep/2022:14:48:24 +0200] "GET /images/mini_prod/1384010206980.jpg HTTP/1.0" 200 269 "-" "Mozilla/5.0 (compatible; Googlebot/2.1; +http://www.google.com/bot.html)"
157.90.177.217 - - [22/Sep/2022:14:48:22 +0200] "GET /mirror-c-13_133.html?page=2 HTTP/1.0" 200 92953 "-" "Mozilla/5.0 (compatible; BLEXBot/1.0; +http://webmeup-crawler.com/)"
157.90.177.217 - - [22/Sep/2022:14:48:28 +0200] "GET /mirror-c-13_133.html?page=3 HTTP/1.0" 200 92898 "-" "Mozilla/5.0 (compatible; BLEXBot/1.0; +http://webmeup-crawler.com/)"
157.90.177.217 - - [22/Sep/2022:14:48:33 +0200] "GET /mirror-c-13_133.html?page=4 HTTP/1.0" 200 82834 "-" "Mozilla/5.0 (compatible; BLEXBot/1.0; +http://webmeup-crawler.com/)"
157.55.39.217 - - [22/Sep/2022:14:48:40 +0200] "GET /images/big_prod/1384015888082.jpg HTTP/1.0" 200 268 "-" "Mozilla/5.0 (compatible; bingbot/2.0; +http://www.bing.com/bingbot.htm)"
157.90.177.217 - - [22/Sep/2022:14:48:39 +0200] "GET /mirror-love-kittens-p-21301.html HTTP/1.0" 200 74585 "-" "Mozilla/5.0 (compatible; BLEXBot/1.0; +http://webmeup-crawler.com/)"
89.201.194.112 - - [22/Sep/2022:14:48:43 +0200] "GET /cardboard-boxes-storage-c-13_150_216.html HTTP/1.0" 200 79500 "http://www.wonder-geek.com/cardboard-boxes-storage-c-13_150_216.html" "Mozilla/5.0 (Windows NT 6.1; ) AppleWebKit/537.36 (KHTML, like Gecko) Chrome/90.0.4430.85 Safari/537.36"
195.80.8.18 - - [22/Sep/2022:14:48:44 +0200] "GET /gorjuss-lockable-trinket-box-autumn-leaves-p-51401.html HTTP/1.0" 301 76024 "https://www.google.com/" "Mozilla/5.0 (Windows NT 10.0; Win64; x64) AppleWebKit/537.36 (KHTML, like Gecko) Chrome/105.0.0.0 Safari/537.36 Edg/105.0.1343.42"
157.90.177.217 - - [22/Sep/2022:14:48:45 +0200] "GET /miss-miew-pinky-pink-p-42844.html HTTP/1.0" 200 75466 "-" "Mozilla/5.0 (compatible; BLEXBot/1.0; +http://webmeup-crawler.com/)"
195.80.8.18 - - [22/Sep/2022:14:48:47 +0200] "GET /highslide/highslide.js HTTP/1.0" 200 262 "http://www.wonder-geek.com/gorjuss-lockable-trinket-autumn-leaves-p-51401.html" "Mozilla/5.0 (Windows NT 10.0; Win64; x64) AppleWebKit/537.36 (KHTML, like Gecko) Chrome/105.0.0.0 Safari/537.36 Edg/105.0.1343.42"
195.80.8.18 - - [22/Sep/2022:14:48:47 +0200] "GET /templates/Pixame_v1/stylesheet.css HTTP/1.0" 200 267 "http://www.wonder-geek.com/gorjuss-lockable-trinket-autumn-leaves-p-51401.html" "Mozilla/5.0 (Windows NT 10.0; Win64; x64) AppleWebKit/537.36 (KHTML, like Gecko) Chrome/105.0.0.0 Safari/537.36 Edg/105.0.1343.42"
195.80.8.18 - - [22/Sep/2022:14:48:47 +0200] "GET /js/jquery.js HTTP/1.0" 200 252 "http://www.wonder-geek.com/gorjuss-lockable-trinket-autumn-leaves-p-51401.html" "Mozilla/5.0 (Windows NT 10.0; Win64; x64) AppleWebKit/537.36 (KHTML, like Gecko) Chrome/105.0.0.0 Safari/537.36 Edg/105.0.1343.42"
195.80.8.18 - - [22/Sep/2022:14:48:47 +0200] "GET /js/jquery.jqzoom.js HTTP/1.0" 200 259 "http://www.wonder-geek.com/gorjuss-lockable-trinket-autumn-leaves-p-51401.html" "Mozilla/5.0 (Windows NT 10.0; Win64; x64) AppleWebKit/537.36 (KHTML, like Gecko) Chrome/105.0.0.0 Safari/537.36 Edg/105.0.1343.42"
195.80.8.18 - - [22/Sep/2022:14:48:47 +0200] "GET /mondial_relay/js/jquery-1.3.2.min.js HTTP/1.0" 200 276 "http://www.wonder-geek.com/gorjuss-lockable-trinket-autumn-leaves-p-51401.html" "Mozilla/5.0 (Windows NT 10.0; Win64; x64) AppleWebKit/537.36 (KHTML, like Gecko) Chrome/105.0.0.0 Safari/537.36 Edg/105.0.1343.42"
195.80.8.18 - - [22/Sep/2022:14:48:45 +0200] "GET /gorjuss-lockable-trinket-autumn-leaves-p-51401.html HTTP/1.0" 200 75919 "https://www.google.com/" "Mozilla/5.0 (Windows NT 10.0; Win64; x64) AppleWebKit/537.36 (KHTML, like Gecko) Chrome/105.0.0.0 Safari/537.36 Edg/105.0.1343.42"
195.80.8.18 - - [22/Sep/2022:14:48:48 +0200] "GET /swfobject.js HTTP/1.0" 404 1308 "http://www.wonder-geek.com/gorjuss-lockable-trinket-autumn-leaves-p-51401.html" "Mozilla/5.0 (Windows NT 10.0; Win64; x64) AppleWebKit/537.36 (KHTML, like Gecko) Chrome/105.0.0.0 Safari/537.36 Edg/105.0.1343.42"
195.80.8.18 - - [22/Sep/2022:14:48:48 +0200] "GET /templates/Pixame_v1/images/icon_accueil2.png HTTP/1.0" 200 278 "http://www.wonder-geek.com/gorjuss-lockable-trinket-autumn-leaves-p-51401.html" "Mozilla/5.0 (Windows NT 10.0; Win64; x64) AppleWebKit/537.36 (KHTML, like Gecko) Chrome/105.0.0.0 Safari/537.36 Edg/105.0.1343.42"
195.80.8.18 - - [22/Sep/2022:14:48:48 +0200] "GET /templates/Pixame_v1/images/infobox/pixel_trans.gif HTTP/1.0" 200 328 "http://www.wonder-geek.com/gorjuss-lockable-trinket-autumn-leaves-p-51401.html" "Mozilla/5.0 (Windows NT 10.0; Win64; x64) AppleWebKit/537.36 (KHTML, like Gecko) Chrome/105.0.0.0 Safari/537.36 Edg/105.0.1343.42"
195.80.8.18 - - [22/Sep/2022:14:48:48 +0200] "GET /images/pixel_trans.gif HTTP/1.0" 200 328 "http://www.wonder-geek.com/gorjuss-lockable-trinket-autumn-leaves-p-51401.html" "Mozilla/5.0 (Windows NT 10.0; Win64; x64) AppleWebKit/537.36 (KHTML, like Gecko) Chrome/105.0.0.0 Safari/537.36 Edg/105.0.1343.42"
195.80.8.18 - - [22/Sep/2022:14:48:48 +0200] "GET /templates/Pixame_v1/images/pixel_trans.gif HTTP/1.0" 200 328 "http://www.wonder-geek.com/gorjuss-lockable-trinket-autumn-leaves-p-51401.html" "Mozilla/5.0 (Windows NT 10.0; Win64; x64) AppleWebKit/537.36 (KHTML, like Gecko) Chrome/105.0.0.0 Safari/537.36 Edg/105.0.1343.42"
195.80.8.18 - - [22/Sep/2022:14:48:48 +0200] "GET /images/big_prod/5018997627938.jpg HTTP/1.0" 200 268 "http://www.wonder-geek.com/gorjuss-lockable-trinket-autumn-leaves-p-51401.html" "Mozilla/5.0 (Windows NT 10.0; Win64; x64) AppleWebKit/537.36 (KHTML, like Gecko) Chrome/105.0.0.0 Safari/537.36 Edg/105.0.1343.42"
195.80.8.18 - - [22/Sep/2022:14:48:48 +0200] "GET /images/big_prod_1/b5018997627938.jpg HTTP/1.0" 200 271 "http://www.wonder-geek.com/gorjuss-lockable-trinket-autumn-leaves-p-51401.html" "Mozilla/5.0 (Windows NT 10.0; Win64; x64) AppleWebKit/537.36 (KHTML, like Gecko) Chrome/105.0.0.0 Safari/537.36 Edg/105.0.1343.42"
195.80.8.18 - - [22/Sep/2022:14:48:48 +0200] "GET /templates/Pixame_v1/images/buttons/english/button_in_cart.gif HTTP/1.0" 200 295 "http://www.wonder-geek.com/gorjuss-lockable-trinket-autumn-leaves-p-51401.html" "Mozilla/5.0 (Windows NT 10.0; Win64; x64) AppleWebKit/537.36 (KHTML, like Gecko) Chrome/105.0.0.0 Safari/537.36 Edg/105.0.1343.42"
195.80.8.18 - - [22/Sep/2022:14:48:48 +0200] "GET /templates/Pixame_v1/images/Bottom_texture.jpg HTTP/1.0" 200 280 "http://www.wonder-geek.com/templates/Pixame_v1/stylesheet.css" "Mozilla/5.0 (Windows NT 10.0; Win64; x64) AppleWebKit/537.36 (KHTML, like Gecko) Chrome/105.0.0.0 Safari/537.36 Edg/105.0.1343.42"
195.80.8.18 - - [22/Sep/2022:14:48:48 +0200] "GET /templates/Pixame_v1/images/header-object.png HTTP/1.0" 200 278 "http://www.wonder-geek.com/templates/Pixame_v1/stylesheet.css" "Mozilla/5.0 (Windows NT 10.0; Win64; x64) AppleWebKit/537.36 (KHTML, like Gecko) Chrome/105.0.0.0 Safari/537.36 Edg/105.0.1343.42"
195.80.8.18 - - [22/Sep/2022:14:48:48 +0200] "GET /templates/Pixame_v1/images/Middle_texture.jpg HTTP/1.0" 200 280 "http://www.wonder-geek.com/templates/Pixame_v1/stylesheet.css" "Mozilla/5.0 (Windows NT 10.0; Win64; x64) AppleWebKit/537.36 (KHTML, like Gecko) Chrome/105.0.0.0 Safari/537.36 Edg/105.0.1343.42"
195.80.8.18 - - [22/Sep/2022:14:48:48 +0200] "GET /templates/Pixame_v1/images/header.png HTTP/1.0" 200 271 "http://www.wonder-geek.com/templates/Pixame_v1/stylesheet.css" "Mozilla/5.0 (Windows NT 10.0; Win64; x64) AppleWebKit/537.36 (KHTML, like Gecko) Chrome/105.0.0.0 Safari/537.36 Edg/105.0.1343.42"
195.80.8.18 - - [22/Sep/2022:14:48:48 +0200] "GET /templates/Pixame_v1/images/nav.png HTTP/1.0" 200 268 "http://www.wonder-geek.com/templates/Pixame_v1/stylesheet.css" "Mozilla/5.0 (Windows NT 10.0; Win64; x64) AppleWebKit/537.36 (KHTML, like Gecko) Chrome/105.0.0.0 Safari/537.36 Edg/105.0.1343.42"
195.80.8.18 - - [22/Sep/2022:14:48:48 +0200] "GET /design/productsenstock.png HTTP/1.0" 200 260 "http://www.wonder-geek.com/templates/Pixame_v1/stylesheet.css" "Mozilla/5.0 (Windows NT 10.0; Win64; x64) AppleWebKit/537.36 (KHTML, like Gecko) Chrome/105.0.0.0 Safari/537.36 Edg/105.0.1343.42"
195.80.8.18 - - [22/Sep/2022:14:48:48 +0200] "GET /highslide/graphics/zoomin.cur HTTP/1.0" 200 614 "http://www.wonder-geek.com/templates/Pixame_v1/stylesheet.css" "Mozilla/5.0 (Windows NT 10.0; Win64; x64) AppleWebKit/537.36 (KHTML, like Gecko) Chrome/105.0.0.0 Safari/537.36 Edg/105.0.1343.42"
195.80.8.18 - - [22/Sep/2022:14:48:48 +0200] "GET /templates/Pixame_v1/images/infobox/infobox_footer_middle.gif HTTP/1.0" 200 357 "http://www.wonder-geek.com/gorjuss-lockable-trinket-autumn-leaves-p-51401.html" "Mozilla/5.0 (Windows NT 10.0; Win64; x64) AppleWebKit/537.36 (KHTML, like Gecko) Chrome/105.0.0.0 Safari/537.36 Edg/105.0.1343.42"
