207.46.13.149 - - [22/Sep/2022:13:16:32 +0200] "GET /french-licence-paper-towel-dispenser-p-26832.html HTTP/1.0" 301 72127 "-" "Mozilla/5.0 (compatible; bingbot/2.0; +http://www.bing.com/bingbot.htm)"
157.90.177.217 - - [22/Sep/2022:13:16:33 +0200] "GET /green-adult-cotton-apron-p-44360.html HTTP/1.0" 200 74684 "-" "Mozilla/5.0 (compatible; BLEXBot/1.0; +http://webmeup-crawler.com/)"
157.90.177.217 - - [22/Sep/2022:13:16:43 +0200] "GET /green-beauty-nail-p-28907.html HTTP/1.0" 200 74808 "-" "Mozilla/5.0 (compatible; BLEXBot/1.0; +http://webmeup-crawler.com/)"
157.90.177.217 - - [22/Sep/2022:13:16:51 +0200] "GET /green-globe-decoration-p-52917.html HTTP/1.0" 200 74761 "-" "Mozilla/5.0 (compatible; BLEXBot/1.0; +http://webmeup-crawler.com/)"
157.90.177.217 - - [22/Sep/2022:13:16:56 +0200] "GET /green-kitchen-towel-p-44419.html HTTP/1.0" 200 74712 "-" "Mozilla/5.0 (compatible; BLEXBot/1.0; +http://webmeup-crawler.com/)"
157.90.177.217 - - [22/Sep/2022:13:17:01 +0200] "GET /green-perfume-diffuser-p-35889.html HTTP/1.0" 200 74815 "-" "Mozilla/5.0 (compatible; BLEXBot/1.0; +http://webmeup-crawler.com/)"
185.191.171.19 - - [22/Sep/2022:13:17:01 +0200] "GET /jasmin-companion-portfolio-p-44800.html HTTP/1.0" 200 72162 "-" "Mozilla/5.0 (compatible; SemrushBot/7~bl; +http://www.semrush.com/bot.html)"
157.90.177.217 - - [22/Sep/2022:13:17:07 +0200] "GET /green-polyester-round-chair-cushion-p-51499.html HTTP/1.0" 200 75434 "-" "Mozilla/5.0 (compatible; BLEXBot/1.0; +http://webmeup-crawler.com/)"
157.90.177.217 - - [22/Sep/2022:13:17:12 +0200] "GET /green-polyester-round-chair-cushion-p-54638.html HTTP/1.0" 200 75437 "-" "Mozilla/5.0 (compatible; BLEXBot/1.0; +http://webmeup-crawler.com/)"
157.90.177.217 - - [22/Sep/2022:13:17:17 +0200] "GET /green-stained-pine-wood-chest-p-53541.html HTTP/1.0" 200 75594 "-" "Mozilla/5.0 (compatible; BLEXBot/1.0; +http://webmeup-crawler.com/)"
157.55.39.217 - - [22/Sep/2022:13:17:22 +0200] "GET /plastic-fiber-lamp-p-48682.html HTTP/1.0" 200 75352 "-" "Mozilla/5.0 (compatible; bingbot/2.0; +http://www.bing.com/bingbot.htm)"
157.90.177.217 - - [22/Sep/2022:13:17:23 +0200] "GET /green-table-bell-p-56828.html HTTP/1.0" 200 75186 "-" "Mozilla/5.0 (compatible; BLEXBot/1.0; +http://webmeup-crawler.com/)"
157.90.177.217 - - [22/Sep/2022:13:17:31 +0200] "GET /green-teapot-p-54061.html HTTP/1.0" 200 75333 "-" "Mozilla/5.0 (compatible; BLEXBot/1.0; +http://webmeup-crawler.com/)"
157.90.177.217 - - [22/Sep/2022:13:17:36 +0200] "GET /gremlins-stripe-shirt-p-29583.html HTTP/1.0" 200 76107 "-" "Mozilla/5.0 (compatible; BLEXBot/1.0; +http://webmeup-crawler.com/)"
157.90.177.217 - - [22/Sep/2022:13:17:42 +0200] "GET /grey-buddha-perfume-diffuser-cracked-ceramic-p-36551.html HTTP/1.0" 200 75019 "-" "Mozilla/5.0 (compatible; BLEXBot/1.0; +http://webmeup-crawler.com/)"
157.90.177.217 - - [22/Sep/2022:13:17:50 +0200] "GET /grey-eyelet-curtain-p-39034.html HTTP/1.0" 200 76918 "-" "Mozilla/5.0 (compatible; BLEXBot/1.0; +http://webmeup-crawler.com/)"
185.191.171.1 - - [22/Sep/2022:13:17:55 +0200] "GET /metal-wall-capsule-p-58635.html HTTP/1.0" 200 75289 "-" "Mozilla/5.0 (compatible; SemrushBot/7~bl; +http://www.semrush.com/bot.html)"
157.90.177.217 - - [22/Sep/2022:13:17:55 +0200] "GET /grey-fitted-sheet-p-34828.html HTTP/1.0" 200 74702 "-" "Mozilla/5.0 (compatible; BLEXBot/1.0; +http://webmeup-crawler.com/)"
157.90.177.217 - - [22/Sep/2022:13:18:05 +0200] "GET /grey-foliage-soliflore-p-36361.html HTTP/1.0" 200 74809 "-" "Mozilla/5.0 (compatible; BLEXBot/1.0; +http://webmeup-crawler.com/)"
157.90.177.217 - - [22/Sep/2022:13:18:12 +0200] "GET /grey-home-sweet-home-perfume-diffuser-p-40552.html HTTP/1.0" 200 74934 "-" "Mozilla/5.0 (compatible; BLEXBot/1.0; +http://webmeup-crawler.com/)"
66.249.66.214 - - [22/Sep/2022:13:18:15 +0200] "GET /images/mini_prod/3585190639218.jpg HTTP/1.0" 200 269 "-" "Mozilla/5.0 (compatible; Googlebot/2.1; +http://www.google.com/bot.html)"
157.90.177.217 - - [22/Sep/2022:13:18:19 +0200] "GET /grey-kitchen-towel-p-44413.html HTTP/1.0" 200 74708 "-" "Mozilla/5.0 (compatible; BLEXBot/1.0; +http://webmeup-crawler.com/)"
185.191.171.23 - - [22/Sep/2022:13:18:24 +0200] "GET /angel-basket-roses-small-p-34195.html HTTP/1.0" 200 74920 "-" "Mozilla/5.0 (compatible; SemrushBot/7~bl; +http://www.semrush.com/bot.html)"
157.55.39.28 - - [22/Sep/2022:13:18:26 +0200] "GET /minions-poster-p-30941.html HTTP/1.0" 301 72127 "-" "Mozilla/5.0 (compatible; bingbot/2.0; +http://www.bing.com/bingbot.htm)"
157.90.177.217 - - [22/Sep/2022:13:18:25 +0200] "GET /grey-lampshade-p-53666.html HTTP/1.0" 200 74728 "-" "Mozilla/5.0 (compatible; BLEXBot/1.0; +http://webmeup-crawler.com/)"
157.90.177.217 - - [22/Sep/2022:13:18:31 +0200] "GET /grey-lampshade-p-53667.html HTTP/1.0" 200 74730 "-" "Mozilla/5.0 (compatible; BLEXBot/1.0; +http://webmeup-crawler.com/)"
157.90.177.217 - - [22/Sep/2022:13:18:36 +0200] "GET /grey-lampshade-p-53668.html HTTP/1.0" 200 74729 "-" "Mozilla/5.0 (compatible; BLEXBot/1.0; +http://webmeup-crawler.com/)"
157.90.177.217 - - [22/Sep/2022:13:18:42 +0200] "GET /grey-lampshade-p-53671.html HTTP/1.0" 200 75308 "-" "Mozilla/5.0 (compatible; BLEXBot/1.0; +http://webmeup-crawler.com/)"
157.90.177.217 - - [22/Sep/2022:13:18:47 +0200] "GET /grey-lampshade-p-56445.html HTTP/1.0" 200 74729 "-" "Mozilla/5.0 (compatible; BLEXBot/1.0; +http://webmeup-crawler.com/)"
157.90.177.217 - - [22/Sep/2022:13:18:53 +0200] "GET /grey-metal-umbrella-stand-p-57539.html HTTP/1.0" 200 75364 "-" "Mozilla/5.0 (compatible; BLEXBot/1.0; +http://webmeup-crawler.com/)"
157.90.177.217 - - [22/Sep/2022:13:18:59 +0200] "GET /grey-metal-umbrella-stand-p-57885.html HTTP/1.0" 200 75351 "-" "Mozilla/5.0 (compatible; BLEXBot/1.0; +http://webmeup-crawler.com/)"
66.249.66.212 - - [22/Sep/2022:13:19:01 +0200] "GET /images/mini_prod/3574642012082.jpg HTTP/1.0" 200 269 "-" "Mozilla/5.0 (compatible; Googlebot/2.1; +http://www.google.com/bot.html)"
157.90.177.217 - - [22/Sep/2022:13:19:04 +0200] "GET /grey-metal-umbrella-stand-p-58133.html HTTP/1.0" 200 75676 "-" "Mozilla/5.0 (compatible; BLEXBot/1.0; +http://webmeup-crawler.com/)"
157.90.177.217 - - [22/Sep/2022:13:19:10 +0200] "GET /grey-sloth-jewelry-holder-p-48885.html HTTP/1.0" 200 74871 "-" "Mozilla/5.0 (compatible; BLEXBot/1.0; +http://webmeup-crawler.com/)"
185.191.171.36 - - [22/Sep/2022:13:19:13 +0200] "GET /table-lamps-c-86_286.html?page=4 HTTP/1.0" 200 95114 "-" "Mozilla/5.0 (compatible; SemrushBot/7~bl; +http://www.semrush.com/bot.html)"
157.90.177.217 - - [22/Sep/2022:13:19:17 +0200] "GET /gros-mots-money-p-58691.html HTTP/1.0" 200 75435 "-" "Mozilla/5.0 (compatible; BLEXBot/1.0; +http://webmeup-crawler.com/)"
157.90.177.217 - - [22/Sep/2022:13:19:20 +0200] "GET /gund-mini-horse-sound-plush-p-32795.html HTTP/1.0" 200 74832 "-" "Mozilla/5.0 (compatible; BLEXBot/1.0; +http://webmeup-crawler.com/)"
157.90.177.217 - - [22/Sep/2022:13:19:26 +0200] "GET /gund-mini-plush-beige-p-51581.html HTTP/1.0" 200 74876 "-" "Mozilla/5.0 (compatible; BLEXBot/1.0; +http://webmeup-crawler.com/)"
157.90.177.217 - - [22/Sep/2022:13:19:31 +0200] "GET /gund-mini-tiger-plush-p-58682.html HTTP/1.0" 200 74731 "-" "Mozilla/5.0 (compatible; BLEXBot/1.0; +http://webmeup-crawler.com/)"
157.90.177.217 - - [22/Sep/2022:13:19:37 +0200] "GET /guzmanie-shower-curtain-p-53942.html HTTP/1.0" 200 75449 "-" "Mozilla/5.0 (compatible; BLEXBot/1.0; +http://webmeup-crawler.com/)"
157.90.177.217 - - [22/Sep/2022:13:19:42 +0200] "GET /hair-accessories-c-3_205.html?page=2 HTTP/1.0" 200 78944 "-" "Mozilla/5.0 (compatible; BLEXBot/1.0; +http://webmeup-crawler.com/)"
178.22.51.217 - - [22/Sep/2022:13:19:48 +0200] "GET /contact_us.php HTTP/1.0" 301 539 "http://wonder-geek.com/contact_us.php" "Mozilla/5.0 (Windows NT 10.0; Win64; x64) AppleWebKit/537.36 (KHTML, like Gecko) Chrome/90.0.4430.72 Safari/537.36 Edg/90.0.818.39"
66.249.66.210 - - [22/Sep/2022:13:19:49 +0200] "GET /images/big_prod/8433933819227.jpg HTTP/1.0" 200 268 "-" "Googlebot-Image/1.0"
185.191.171.18 - - [22/Sep/2022:13:19:48 +0200] "GET /small-baby-teeth-eliot-p-56211.html HTTP/1.0" 200 72158 "-" "Mozilla/5.0 (compatible; SemrushBot/7~bl; +http://www.semrush.com/bot.html)"
157.90.177.217 - - [22/Sep/2022:13:19:48 +0200] "GET /hairbrushes-c-3_203.html?page=2 HTTP/1.0" 200 81375 "-" "Mozilla/5.0 (compatible; BLEXBot/1.0; +http://webmeup-crawler.com/)"
157.90.177.217 - - [22/Sep/2022:13:19:55 +0200] "GET /halloween-figurine-sonny-p-37901.html HTTP/1.0" 200 76374 "-" "Mozilla/5.0 (compatible; BLEXBot/1.0; +http://webmeup-crawler.com/)"
157.90.177.217 - - [22/Sep/2022:13:20:00 +0200] "GET /hamburger-moneybox-p-55011.html HTTP/1.0" 200 75233 "-" "Mozilla/5.0 (compatible; BLEXBot/1.0; +http://webmeup-crawler.com/)"
157.90.177.217 - - [22/Sep/2022:13:20:04 +0200] "GET /hand-fatima-candle-holder-p-48032.html HTTP/1.0" 200 74819 "-" "Mozilla/5.0 (compatible; BLEXBot/1.0; +http://webmeup-crawler.com/)"
157.90.177.217 - - [22/Sep/2022:13:20:13 +0200] "GET /hand-fatma-acrylic-magnet-p-52882.html HTTP/1.0" 200 74731 "-" "Mozilla/5.0 (compatible; BLEXBot/1.0; +http://webmeup-crawler.com/)"
157.55.39.28 - - [22/Sep/2022:13:20:16 +0200] "GET /gaston-lefou-figure-collection-p-51457.html HTTP/1.0" 200 76506 "-" "Mozilla/5.0 (compatible; bingbot/2.0; +http://www.bing.com/bingbot.htm)"
157.90.177.217 - - [22/Sep/2022:13:20:18 +0200] "GET /hand-fatma-acrylic-magnet-p-52883.html HTTP/1.0" 200 74731 "-" "Mozilla/5.0 (compatible; BLEXBot/1.0; +http://webmeup-crawler.com/)"
23.100.232.233 - - [22/Sep/2022:13:20:21 +0200] "GET /piggy-bank-p-52600.html HTTP/1.0" 200 74619 "-" "Mozilla/5.0 (compatible; MSIE 9.0; Windows NT 6.0; Trident/5.0;  Trident/5.0)"
23.100.232.233 - - [22/Sep/2022:13:20:22 +0200] "GET /templates/Pixame_v1/stylesheet.css HTTP/1.0" 200 267 "http://www.wonder-geek.com/piggy-bank-p-52600.html" "Mozilla/5.0 (compatible; MSIE 9.0; Windows NT 6.0; Trident/5.0;  Trident/5.0)"
23.100.232.233 - - [22/Sep/2022:13:20:23 +0200] "GET /highslide/highslide.js HTTP/1.0" 200 262 "http://www.wonder-geek.com/piggy-bank-p-52600.html" "Mozilla/5.0 (compatible; MSIE 9.0; Windows NT 6.0; Trident/5.0;  Trident/5.0)"
23.100.232.233 - - [22/Sep/2022:13:20:23 +0200] "GET /js/jquery.js HTTP/1.0" 200 252 "http://www.wonder-geek.com/piggy-bank-p-52600.html" "Mozilla/5.0 (compatible; MSIE 9.0; Windows NT 6.0; Trident/5.0;  Trident/5.0)"
23.100.232.233 - - [22/Sep/2022:13:20:23 +0200] "GET /js/jquery.jqzoom.js HTTP/1.0" 200 259 "http://www.wonder-geek.com/piggy-bank-p-52600.html" "Mozilla/5.0 (compatible; MSIE 9.0; Windows NT 6.0; Trident/5.0;  Trident/5.0)"
23.100.232.233 - - [22/Sep/2022:13:20:23 +0200] "GET /mondial_relay/js/jquery-1.3.2.min.js HTTP/1.0" 200 276 "http://www.wonder-geek.com/piggy-bank-p-52600.html" "Mozilla/5.0 (compatible; MSIE 9.0; Windows NT 6.0; Trident/5.0;  Trident/5.0)"
23.100.232.233 - - [22/Sep/2022:13:20:23 +0200] "GET /swfobject.js HTTP/1.0" 404 1308 "http://www.wonder-geek.com/piggy-bank-p-52600.html" "Mozilla/5.0 (compatible; MSIE 9.0; Windows NT 6.0; Trident/5.0;  Trident/5.0)"
23.100.232.233 - - [22/Sep/2022:13:20:23 +0200] "GET /style.ie7.css HTTP/1.0" 404 1308 "http://www.wonder-geek.com/piggy-bank-p-52600.html" "Mozilla/5.0 (compatible; MSIE 9.0; Windows NT 6.0; Trident/5.0;  Trident/5.0)"
23.100.232.233 - - [22/Sep/2022:13:20:24 +0200] "GET /templates/Pixame_v1/images/flash.swf HTTP/1.0" 200 290 "http://www.wonder-geek.com/piggy-bank-p-52600.html" "Mozilla/5.0 (compatible; MSIE 9.0; Windows NT 6.0; Trident/5.0;  Trident/5.0)"
23.100.232.233 - - [22/Sep/2022:13:20:24 +0200] "GET /highslide/graphics/zoomin.cur HTTP/1.0" 200 614 "http://www.wonder-geek.com/piggy-bank-p-52600.html" "Mozilla/5.0 (compatible; MSIE 9.0; Windows NT 6.0; Trident/5.0;  Trident/5.0)"
23.100.232.233 - - [22/Sep/2022:13:20:24 +0200] "GET /highslide/graphics/zoomout.cur HTTP/1.0" 200 614 "http://www.wonder-geek.com/piggy-bank-p-52600.html" "Mozilla/5.0 (compatible; MSIE 9.0; Windows NT 6.0; Trident/5.0;  Trident/5.0)"
157.90.177.217 - - [22/Sep/2022:13:20:26 +0200] "GET /hand-fatma-acrylic-magnet-p-52884.html HTTP/1.0" 200 74731 "-" "Mozilla/5.0 (compatible; BLEXBot/1.0; +http://webmeup-crawler.com/)"
185.191.171.23 - - [22/Sep/2022:13:20:28 +0200] "GET /dishes-c-13_12.html?page=61 HTTP/1.0" 200 93905 "-" "Mozilla/5.0 (compatible; SemrushBot/7~bl; +http://www.semrush.com/bot.html)"
157.90.177.217 - - [22/Sep/2022:13:20:31 +0200] "GET /hand-fatma-incense-stick-holder-p-54082.html HTTP/1.0" 200 74861 "-" "Mozilla/5.0 (compatible; BLEXBot/1.0; +http://webmeup-crawler.com/)"
157.90.177.217 - - [22/Sep/2022:13:20:37 +0200] "GET /hand-fatma-tray-empty-pocket-carved-wood-pattern-p-53774.html HTTP/1.0" 200 75723 "-" "Mozilla/5.0 (compatible; BLEXBot/1.0; +http://webmeup-crawler.com/)"
185.191.171.40 - - [22/Sep/2022:13:20:40 +0200] "GET /paris-bowl-boyer-p-24678.html HTTP/1.0" 200 74785 "-" "Mozilla/5.0 (compatible; SemrushBot/7~bl; +http://www.semrush.com/bot.html)"
157.90.177.217 - - [22/Sep/2022:13:20:45 +0200] "GET /hand-fatma-with-infuser-p-56674.html HTTP/1.0" 200 75337 "-" "Mozilla/5.0 (compatible; BLEXBot/1.0; +http://webmeup-crawler.com/)"
111.199.196.18 - - [22/Sep/2022:13:20:49 +0200] "GET /contact_us.php HTTP/1.0" 200 26241 "http://www.wonder-geek.com/contact_us.php" "Mozilla/5.0 (Windows NT 10.0) AppleWebKit/537.36 (KHTML, like Gecko) Chrome/90.0.4430.72 Safari/537.36"
157.90.177.217 - - [22/Sep/2022:13:20:50 +0200] "GET /hand-fatma-with-infuser-p-56675.html HTTP/1.0" 200 75337 "-" "Mozilla/5.0 (compatible; BLEXBot/1.0; +http://webmeup-crawler.com/)"
194.26.192.186 - - [22/Sep/2022:13:20:54 +0200] "GET /contact_us.php HTTP/1.0" 200 26241 "http://www.wonder-geek.com/contact_us.php" "Mozilla/5.0 (Windows NT 10.0; Win64; x64) AppleWebKit/537.36 (KHTML, like Gecko) Chrome/90.0.4430.85 Safari/537.36 Edg/90.0.818.46"
157.90.177.217 - - [22/Sep/2022:13:20:55 +0200] "GET /hand-fatma-with-infuser-p-56676.html HTTP/1.0" 200 75337 "-" "Mozilla/5.0 (compatible; BLEXBot/1.0; +http://webmeup-crawler.com/)"
194.26.192.186 - - [22/Sep/2022:13:20:55 +0200] "POST /contact_us.php?action=send HTTP/1.0" 200 26672 "http://www.wonder-geek.com/contact_us.php" "Mozilla/5.0 (Windows NT 10.0; Win64; x64) AppleWebKit/537.36 (KHTML, like Gecko) Chrome/90.0.4430.85 Safari/537.36 Edg/90.0.818.46"
194.26.192.186 - - [22/Sep/2022:13:20:57 +0200] "GET /contact_us.php HTTP/1.0" 200 26241 "http://www.wonder-geek.com/contact_us.php" "Mozilla/5.0 (Windows NT 10.0; Win64; x64) AppleWebKit/537.36 (KHTML, like Gecko) Chrome/90.0.4430.85 Safari/537.36 Edg/90.0.818.46"
157.90.177.217 - - [22/Sep/2022:13:21:02 +0200] "GET /hand-fatma-with-infuser-p-56677.html HTTP/1.0" 200 75337 "-" "Mozilla/5.0 (compatible; BLEXBot/1.0; +http://webmeup-crawler.com/)"
157.90.177.217 - - [22/Sep/2022:13:21:05 +0200] "GET /hand-painted-nature-infuser-p-58652.html HTTP/1.0" 200 75398 "-" "Mozilla/5.0 (compatible; BLEXBot/1.0; +http://webmeup-crawler.com/)"
111.199.196.18 - - [22/Sep/2022:13:21:06 +0200] "POST /contact_us.php?action=send HTTP/1.0" 200 26475 "http://www.wonder-geek.com/contact_us.php" "Mozilla/5.0 (Windows NT 10.0) AppleWebKit/537.36 (KHTML, like Gecko) Chrome/90.0.4430.72 Safari/537.36"
157.90.177.217 - - [22/Sep/2022:13:21:10 +0200] "GET /hand-painted-nature-infuser-p-58653.html HTTP/1.0" 200 75400 "-" "Mozilla/5.0 (compatible; BLEXBot/1.0; +http://webmeup-crawler.com/)"
157.90.177.217 - - [22/Sep/2022:13:21:15 +0200] "GET /handcraft-sheet-p-51599.html HTTP/1.0" 200 75662 "-" "Mozilla/5.0 (compatible; BLEXBot/1.0; +http://webmeup-crawler.com/)"
66.249.66.212 - - [22/Sep/2022:13:21:17 +0200] "GET /images/mini_prod/3560600309554.jpg HTTP/1.0" 200 269 "-" "Googlebot-Image/1.0"
185.191.171.3 - - [22/Sep/2022:13:21:16 +0200] "GET /cherry-blossoms-green-p-39297.html HTTP/1.0" 200 74914 "-" "Mozilla/5.0 (compatible; SemrushBot/7~bl; +http://www.semrush.com/bot.html)"
157.90.177.217 - - [22/Sep/2022:13:21:19 +0200] "GET /handful-light-cable-cover-made-germany-p-56886.html HTTP/1.0" 200 77515 "-" "Mozilla/5.0 (compatible; BLEXBot/1.0; +http://webmeup-crawler.com/)"
157.90.177.217 - - [22/Sep/2022:13:21:24 +0200] "GET /handful-light-cable-cover-made-germany-p-58661.html HTTP/1.0" 200 77269 "-" "Mozilla/5.0 (compatible; BLEXBot/1.0; +http://webmeup-crawler.com/)"
157.90.177.217 - - [22/Sep/2022:13:21:32 +0200] "GET /handy-manny-disney-table-lamp-p-24750.html HTTP/1.0" 200 74986 "-" "Mozilla/5.0 (compatible; BLEXBot/1.0; +http://webmeup-crawler.com/)"
157.90.177.217 - - [22/Sep/2022:13:21:37 +0200] "GET /handy-manny-figure-p-6922.html HTTP/1.0" 200 74745 "-" "Mozilla/5.0 (compatible; BLEXBot/1.0; +http://webmeup-crawler.com/)"
157.90.177.217 - - [22/Sep/2022:13:21:44 +0200] "GET /handy-manny-pairs-socks-size-p-25206.html HTTP/1.0" 200 74665 "-" "Mozilla/5.0 (compatible; BLEXBot/1.0; +http://webmeup-crawler.com/)"
157.90.177.217 - - [22/Sep/2022:13:21:49 +0200] "GET /handy-manny-pencil-case-p-19646.html HTTP/1.0" 200 74877 "-" "Mozilla/5.0 (compatible; BLEXBot/1.0; +http://webmeup-crawler.com/)"
157.90.177.217 - - [22/Sep/2022:13:21:55 +0200] "GET /handy-manny-small-p-19689.html HTTP/1.0" 200 75047 "-" "Mozilla/5.0 (compatible; BLEXBot/1.0; +http://webmeup-crawler.com/)"
157.90.177.217 - - [22/Sep/2022:13:22:00 +0200] "GET /hanna-barbera-black-shirt-p-29597.html HTTP/1.0" 200 76131 "-" "Mozilla/5.0 (compatible; BLEXBot/1.0; +http://webmeup-crawler.com/)"
38.142.11.235 - - [22/Sep/2022:13:22:06 +0200] "GET /images/mini_prod/3560600256971.jpg HTTP/1.0" 200 269 "-" "Mozilla/5.0 (X11; Ubuntu; Linux x86_64; rv:72.0) Gecko/20100101 Firefox/72.0"
157.90.177.217 - - [22/Sep/2022:13:22:05 +0200] "GET /hannah-montana-postman-p-1485.html HTTP/1.0" 200 75118 "-" "Mozilla/5.0 (compatible; BLEXBot/1.0; +http://webmeup-crawler.com/)"
157.90.177.217 - - [22/Sep/2022:13:22:11 +0200] "GET /hannah-montana-shopping-coin-purse-p-7617.html HTTP/1.0" 200 75312 "-" "Mozilla/5.0 (compatible; BLEXBot/1.0; +http://webmeup-crawler.com/)"
157.90.177.217 - - [22/Sep/2022:13:22:17 +0200] "GET /happy-hermann-cable-cover-made-germany-p-56887.html HTTP/1.0" 200 77420 "-" "Mozilla/5.0 (compatible; BLEXBot/1.0; +http://webmeup-crawler.com/)"
157.90.177.217 - - [22/Sep/2022:13:22:23 +0200] "GET /happy-hermann-cable-cover-made-germany-p-58663.html HTTP/1.0" 200 76950 "-" "Mozilla/5.0 (compatible; BLEXBot/1.0; +http://webmeup-crawler.com/)"
163.220.128.41 - - [22/Sep/2022:13:22:25 +0200] "GET /images/mini_prod/3681643203552.jpg HTTP/1.0" 200 269 "-" "Mozilla/5.0 (X11; Ubuntu; Linux x86_64; rv:72.0) Gecko/20100101 Firefox/72.0"
157.90.177.217 - - [22/Sep/2022:13:22:28 +0200] "GET /happy-hermann-cable-cover-made-germany-p-58664.html HTTP/1.0" 200 76952 "-" "Mozilla/5.0 (compatible; BLEXBot/1.0; +http://webmeup-crawler.com/)"
185.191.171.16 - - [22/Sep/2022:13:22:28 +0200] "GET /cupcakes-mouse-cbkreation-p-17364.html HTTP/1.0" 200 74720 "-" "Mozilla/5.0 (compatible; SemrushBot/7~bl; +http://www.semrush.com/bot.html)"
157.90.177.217 - - [22/Sep/2022:13:22:31 +0200] "GET /happy-hobo-p-5336.html HTTP/1.0" 200 74907 "-" "Mozilla/5.0 (compatible; BLEXBot/1.0; +http://webmeup-crawler.com/)"
207.46.13.149 - - [22/Sep/2022:13:22:36 +0200] "GET /-p-14858.html HTTP/1.0" 200 72060 "-" "Mozilla/5.0 AppleWebKit/537.36 (KHTML, like Gecko; compatible; bingbot/2.0; +http://www.bing.com/bingbot.htm) Chrome/103.0.5060.134 Safari/537.36"
157.90.177.217 - - [22/Sep/2022:13:22:37 +0200] "GET /happy-hour-free-beer-wall-bottle-opener-p-36857.html HTTP/1.0" 200 74857 "-" "Mozilla/5.0 (compatible; BLEXBot/1.0; +http://webmeup-crawler.com/)"
157.90.177.217 - - [22/Sep/2022:13:22:44 +0200] "GET /happy-metal-tray-p-45783.html HTTP/1.0" 200 74858 "-" "Mozilla/5.0 (compatible; BLEXBot/1.0; +http://webmeup-crawler.com/)"
157.90.177.217 - - [22/Sep/2022:13:22:49 +0200] "GET /happy-metal-tray-p-45784.html HTTP/1.0" 200 74847 "-" "Mozilla/5.0 (compatible; BLEXBot/1.0; +http://webmeup-crawler.com/)"
157.90.177.217 - - [22/Sep/2022:13:22:54 +0200] "GET /happy-panda-bedclothes-p-44235.html HTTP/1.0" 200 75506 "-" "Mozilla/5.0 (compatible; BLEXBot/1.0; +http://webmeup-crawler.com/)"
66.249.66.214 - - [22/Sep/2022:13:22:57 +0200] "GET /images/mini_prod/3453131137751.jpg HTTP/1.0" 200 269 "-" "Mozilla/5.0 (compatible; Googlebot/2.1; +http://www.google.com/bot.html)"
157.90.177.217 - - [22/Sep/2022:13:23:00 +0200] "GET /happy-sparkling-eggcups-made-germany-tassen-p-43318.html HTTP/1.0" 200 75011 "-" "Mozilla/5.0 (compatible; BLEXBot/1.0; +http://webmeup-crawler.com/)"
157.90.177.217 - - [22/Sep/2022:13:23:09 +0200] "GET /happy-stop-door-p-46261.html HTTP/1.0" 200 74668 "-" "Mozilla/5.0 (compatible; BLEXBot/1.0; +http://webmeup-crawler.com/)"
185.191.171.24 - - [22/Sep/2022:13:23:11 +0200] "GET /little-sheep-bedside-lamp-p-40435.html HTTP/1.0" 200 72150 "-" "Mozilla/5.0 (compatible; SemrushBot/7~bl; +http://www.semrush.com/bot.html)"
157.90.177.217 - - [22/Sep/2022:13:23:13 +0200] "GET /happy-vintage-shirt-p-29607.html HTTP/1.0" 200 75868 "-" "Mozilla/5.0 (compatible; BLEXBot/1.0; +http://webmeup-crawler.com/)"
157.90.177.217 - - [22/Sep/2022:13:23:19 +0200] "GET /harley-davidson-1980-tour-glide-p-30405.html HTTP/1.0" 200 74852 "-" "Mozilla/5.0 (compatible; BLEXBot/1.0; +http://webmeup-crawler.com/)"
157.90.177.217 - - [22/Sep/2022:13:23:25 +0200] "GET /harley-davidson-2004-dyna-super-glide-sport-p-30415.html HTTP/1.0" 200 74889 "-" "Mozilla/5.0 (compatible; BLEXBot/1.0; +http://webmeup-crawler.com/)"
157.90.177.217 - - [22/Sep/2022:13:23:31 +0200] "GET /harley-davidson-2004-electa-glide-pickup-ford-super-duty-p-30396.html HTTP/1.0" 200 75192 "-" "Mozilla/5.0 (compatible; BLEXBot/1.0; +http://webmeup-crawler.com/)"
66.249.66.210 - - [22/Sep/2022:13:23:37 +0200] "GET /images/mini_prod/3014627880126.jpg HTTP/1.0" 200 269 "-" "Mozilla/5.0 (compatible; Googlebot/2.1; +http://www.google.com/bot.html)"
157.90.177.217 - - [22/Sep/2022:13:23:36 +0200] "GET /harley-davidson-genuine-small-metal-plate-p-15216.html HTTP/1.0" 200 74877 "-" "Mozilla/5.0 (compatible; BLEXBot/1.0; +http://webmeup-crawler.com/)"
185.191.171.44 - - [22/Sep/2022:13:23:37 +0200] "GET /britain-p-28662.html HTTP/1.0" 200 74552 "-" "Mozilla/5.0 (compatible; SemrushBot/7~bl; +http://www.semrush.com/bot.html)"
157.90.177.217 - - [22/Sep/2022:13:23:40 +0200] "GET /harley-davidson-large-p-37071.html HTTP/1.0" 200 74823 "-" "Mozilla/5.0 (compatible; BLEXBot/1.0; +http://webmeup-crawler.com/)"
157.90.177.217 - - [22/Sep/2022:13:23:44 +0200] "GET /harley-davidson-mini-p-31640.html HTTP/1.0" 200 74860 "-" "Mozilla/5.0 (compatible; BLEXBot/1.0; +http://webmeup-crawler.com/)"
66.249.66.210 - - [22/Sep/2022:13:23:46 +0200] "GET /images/mini_prod/5051265800404.jpg HTTP/1.0" 200 269 "-" "Mozilla/5.0 (compatible; Googlebot/2.1; +http://www.google.com/bot.html)"
157.90.177.217 - - [22/Sep/2022:13:23:52 +0200] "GET /harley-davidson-ride-small-metal-plate-p-40263.html HTTP/1.0" 200 74921 "-" "Mozilla/5.0 (compatible; BLEXBot/1.0; +http://webmeup-crawler.com/)"
157.55.39.28 - - [22/Sep/2022:13:23:56 +0200] "GET /coated-placemat-azulejos-p-51357.html HTTP/1.0" 200 72146 "-" "Mozilla/5.0 (compatible; bingbot/2.0; +http://www.bing.com/bingbot.htm)"
157.55.39.28 - - [22/Sep/2022:13:23:58 +0200] "GET /world-map-shower-curtain-180-180-cm-p-39392.html HTTP/1.0" 301 72251 "-" "Mozilla/5.0 (compatible; bingbot/2.0; +http://www.bing.com/bingbot.htm)"
157.90.177.217 - - [22/Sep/2022:13:24:01 +0200] "GET /harley-davidson-small-metal-plate-p-12505.html HTTP/1.0" 200 74844 "-" "Mozilla/5.0 (compatible; BLEXBot/1.0; +http://webmeup-crawler.com/)"
157.90.177.217 - - [22/Sep/2022:13:24:08 +0200] "GET /harley-davidson-small-metal-plate-p-12506.html HTTP/1.0" 200 74824 "-" "Mozilla/5.0 (compatible; BLEXBot/1.0; +http://webmeup-crawler.com/)"
207.46.13.149 - - [22/Sep/2022:13:24:16 +0200] "GET /images/1341689419882.jpg HTTP/1.0" 200 259 "-" "Mozilla/5.0 (compatible; bingbot/2.0; +http://www.bing.com/bingbot.htm)"
66.249.66.214 - - [22/Sep/2022:13:24:17 +0200] "GET /trays-c-12_159.html?page=18 HTTP/1.0" 200 93025 "-" "Mozilla/5.0 (Linux; Android 6.0.1; Nexus 5X Build/MMB29P) AppleWebKit/537.36 (KHTML, like Gecko) Chrome/105.0.5195.125 Mobile Safari/537.36 (compatible; Googlebot/2.1; +http://www.google.com/bot.html)"
157.90.177.217 - - [22/Sep/2022:13:24:19 +0200] "GET /harley-davidson-small-metal-plate-p-15215.html HTTP/1.0" 200 74855 "-" "Mozilla/5.0 (compatible; BLEXBot/1.0; +http://webmeup-crawler.com/)"
157.90.177.217 - - [22/Sep/2022:13:24:26 +0200] "GET /harley-davidson-small-metal-plate-p-29713.html HTTP/1.0" 200 74809 "-" "Mozilla/5.0 (compatible; BLEXBot/1.0; +http://webmeup-crawler.com/)"
157.90.177.217 - - [22/Sep/2022:13:24:32 +0200] "GET /harley-davidson-small-metal-plate-p-33731.html HTTP/1.0" 200 74839 "-" "Mozilla/5.0 (compatible; BLEXBot/1.0; +http://webmeup-crawler.com/)"
66.249.66.210 - - [22/Sep/2022:13:24:36 +0200] "GET /images/mini_prod/1399984280089.jpg HTTP/1.0" 200 269 "-" "Mozilla/5.0 (compatible; Googlebot/2.1; +http://www.google.com/bot.html)"
66.249.66.210 - - [22/Sep/2022:13:24:36 +0200] "GET /images/mini_prod/8003990585269.jpg HTTP/1.0" 200 269 "-" "Mozilla/5.0 (compatible; Googlebot/2.1; +http://www.google.com/bot.html)"
66.249.66.210 - - [22/Sep/2022:13:24:37 +0200] "GET /images/med_prod/8435107771287.jpg HTTP/1.0" 200 268 "-" "Mozilla/5.0 (compatible; Googlebot/2.1; +http://www.google.com/bot.html)"
157.90.177.217 - - [22/Sep/2022:13:24:39 +0200] "GET /harley-davidson-wild-heart-small-metal-plate-p-40262.html HTTP/1.0" 200 74933 "-" "Mozilla/5.0 (compatible; BLEXBot/1.0; +http://webmeup-crawler.com/)"
51.68.224.127 - - [22/Sep/2022:13:24:41 +0200] "GET /adminweb/export_orders_xml.php?token=256de2z6edz6ed2z6DFSFsed2zed6zeDSFDSGdzedezfzf&maxorders=10&orderstart=1&status=14&start_date=2018-10-01 HTTP/1.0" 200 285 "-" "GesCom CharlotteBoutik Serveur"
51.68.224.127 - - [22/Sep/2022:13:24:41 +0200] "GET /adminweb/export_orders_xml.php?token=256de2z6edz6ed2z6DFSFsed2zed6zeDSFDSGdzedezfzf&maxorders=10&orderstart=1&status=6&start_date=2018-10-01 HTTP/1.0" 200 33985 "-" "GesCom CharlotteBoutik Serveur"
157.90.177.217 - - [22/Sep/2022:13:24:44 +0200] "GET /harold-oven-mitt-p-43817.html HTTP/1.0" 200 74659 "-" "Mozilla/5.0 (compatible; BLEXBot/1.0; +http://webmeup-crawler.com/)"
66.249.66.210 - - [22/Sep/2022:13:24:47 +0200] "GET /images/mini_prod/3609810065185.jpg HTTP/1.0" 200 269 "-" "Mozilla/5.0 (compatible; Googlebot/2.1; +http://www.google.com/bot.html)"
157.90.177.217 - - [22/Sep/2022:13:24:48 +0200] "GET /hats-caps-c-1_44.html?page=2 HTTP/1.0" 200 86089 "-" "Mozilla/5.0 (compatible; BLEXBot/1.0; +http://webmeup-crawler.com/)"
157.90.177.217 - - [22/Sep/2022:13:24:54 +0200] "GET /hawk-passeport-p-22671.html HTTP/1.0" 200 74762 "-" "Mozilla/5.0 (compatible; BLEXBot/1.0; +http://webmeup-crawler.com/)"
157.90.177.217 - - [22/Sep/2022:13:24:59 +0200] "GET /head-wallet-model-p-39434.html HTTP/1.0" 200 74710 "-" "Mozilla/5.0 (compatible; BLEXBot/1.0; +http://webmeup-crawler.com/)"
157.90.177.217 - - [22/Sep/2022:13:25:05 +0200] "GET /head-wallet-model-p-39435.html HTTP/1.0" 200 74711 "-" "Mozilla/5.0 (compatible; BLEXBot/1.0; +http://webmeup-crawler.com/)"
66.249.66.210 - - [22/Sep/2022:13:25:10 +0200] "GET /images/med_prod/039897677330dg.jpg HTTP/1.0" 200 269 "-" "Googlebot-Image/1.0"
157.90.177.217 - - [22/Sep/2022:13:25:09 +0200] "GET /head-wallet-model-p-39436.html HTTP/1.0" 200 74711 "-" "Mozilla/5.0 (compatible; BLEXBot/1.0; +http://webmeup-crawler.com/)"
157.90.177.217 - - [22/Sep/2022:13:25:15 +0200] "GET /head-wallet-model-p-39437.html HTTP/1.0" 200 74715 "-" "Mozilla/5.0 (compatible; BLEXBot/1.0; +http://webmeup-crawler.com/)"
207.46.13.149 - - [22/Sep/2022:13:25:16 +0200] "GET /embroidered-rectangular-tablecloth-kolam-p-44469.html HTTP/1.0" 200 75567 "-" "Mozilla/5.0 AppleWebKit/537.36 (KHTML, like Gecko; compatible; bingbot/2.0; +http://www.bing.com/bingbot.htm) Chrome/103.0.5060.134 Safari/537.36"
66.249.66.210 - - [22/Sep/2022:13:25:17 +0200] "GET /images/mini_prod/3660173176284.jpg HTTP/1.0" 200 269 "-" "Mozilla/5.0 (compatible; Googlebot/2.1; +http://www.google.com/bot.html)"
157.90.177.217 - - [22/Sep/2022:13:25:20 +0200] "GET /head-wallet-model-p-39438.html HTTP/1.0" 200 74710 "-" "Mozilla/5.0 (compatible; BLEXBot/1.0; +http://webmeup-crawler.com/)"
157.90.177.217 - - [22/Sep/2022:13:25:26 +0200] "GET /head-wallet-model-p-39439.html HTTP/1.0" 200 74710 "-" "Mozilla/5.0 (compatible; BLEXBot/1.0; +http://webmeup-crawler.com/)"
157.90.177.217 - - [22/Sep/2022:13:25:33 +0200] "GET /head-wallet-model-p-39440.html HTTP/1.0" 200 74710 "-" "Mozilla/5.0 (compatible; BLEXBot/1.0; +http://webmeup-crawler.com/)"
157.55.39.217 - - [22/Sep/2022:13:25:33 +0200] "GET /games-and-toys/figures/samsam-teddy-bear-figure-p-2370.html HTTP/1.0" 301 72124 "-" "Mozilla/5.0 (compatible; bingbot/2.0; +http://www.bing.com/bingbot.htm)"
157.90.177.217 - - [22/Sep/2022:13:25:37 +0200] "GET /head-wallet-model-p-39441.html HTTP/1.0" 200 74711 "-" "Mozilla/5.0 (compatible; BLEXBot/1.0; +http://webmeup-crawler.com/)"
157.90.177.217 - - [22/Sep/2022:13:25:43 +0200] "GET /head-wallet-model-p-39442.html HTTP/1.0" 200 74710 "-" "Mozilla/5.0 (compatible; BLEXBot/1.0; +http://webmeup-crawler.com/)"
157.90.177.217 - - [22/Sep/2022:13:25:49 +0200] "GET /head-wallet-model-p-39443.html HTTP/1.0" 200 74710 "-" "Mozilla/5.0 (compatible; BLEXBot/1.0; +http://webmeup-crawler.com/)"
87.250.224.94 - - [22/Sep/2022:13:25:49 +0200] "GET /clock-cbkreation-p-28468.html HTTP/1.0" 301 72127 "-" "Mozilla/5.0 (compatible; YandexBot/3.0; +http://yandex.com/bots)"
87.250.224.94 - - [22/Sep/2022:13:25:52 +0200] "GET /-p-28468.html HTTP/1.0" 200 72060 "-" "Mozilla/5.0 (compatible; YandexBot/3.0; +http://yandex.com/bots)"
157.90.177.217 - - [22/Sep/2022:13:25:53 +0200] "GET /head-wallet-model-p-39444.html HTTP/1.0" 200 74711 "-" "Mozilla/5.0 (compatible; BLEXBot/1.0; +http://webmeup-crawler.com/)"
157.90.177.217 - - [22/Sep/2022:13:26:01 +0200] "GET /head-wallet-model-p-39445.html HTTP/1.0" 200 74711 "-" "Mozilla/5.0 (compatible; BLEXBot/1.0; +http://webmeup-crawler.com/)"
157.55.39.28 - - [22/Sep/2022:13:26:07 +0200] "GET /bulldog-money-p-52598.html HTTP/1.0" 200 75228 "-" "Mozilla/5.0 (compatible; bingbot/2.0; +http://www.bing.com/bingbot.htm)"
157.90.177.217 - - [22/Sep/2022:13:26:08 +0200] "GET /headrest-cushion-blue-p-43996.html HTTP/1.0" 200 74744 "-" "Mozilla/5.0 (compatible; BLEXBot/1.0; +http://webmeup-crawler.com/)"
157.55.39.28 - - [22/Sep/2022:13:26:09 +0200] "GET /embossed-large-handbag-heights-p-32781.html HTTP/1.0" 200 72182 "-" "Mozilla/5.0 (compatible; bingbot/2.0; +http://www.bing.com/bingbot.htm)"
66.249.66.210 - - [22/Sep/2022:13:26:14 +0200] "GET /images/big_prod_2/b045544921176.jpg HTTP/1.0" 200 270 "-" "Googlebot-Image/1.0"
157.90.177.217 - - [22/Sep/2022:13:26:15 +0200] "GET /headrest-cushion-p-51959.html HTTP/1.0" 200 75336 "-" "Mozilla/5.0 (compatible; BLEXBot/1.0; +http://webmeup-crawler.com/)"
157.90.177.217 - - [22/Sep/2022:13:26:20 +0200] "GET /headrest-cushion-parma-p-43995.html HTTP/1.0" 200 74746 "-" "Mozilla/5.0 (compatible; BLEXBot/1.0; +http://webmeup-crawler.com/)"
157.90.177.217 - - [22/Sep/2022:13:26:27 +0200] "GET /healing-mini-stones-p-49036.html HTTP/1.0" 200 75543 "-" "Mozilla/5.0 (compatible; BLEXBot/1.0; +http://webmeup-crawler.com/)"
157.90.177.217 - - [22/Sep/2022:13:26:33 +0200] "GET /heart-bear-decoration-p-56121.html HTTP/1.0" 200 74835 "-" "Mozilla/5.0 (compatible; BLEXBot/1.0; +http://webmeup-crawler.com/)"
66.249.66.210 - - [22/Sep/2022:13:26:35 +0200] "GET /images/big_prod/3665269134452.jpg HTTP/1.0" 200 268 "-" "Googlebot-Image/1.0"
157.90.177.217 - - [22/Sep/2022:13:26:39 +0200] "GET /heart-christmas-tree-hanging-p-49638.html HTTP/1.0" 200 74811 "-" "Mozilla/5.0 (compatible; BLEXBot/1.0; +http://webmeup-crawler.com/)"
157.90.177.217 - - [22/Sep/2022:13:26:45 +0200] "GET /heart-christmas-tree-hanging-p-49639.html HTTP/1.0" 200 74810 "-" "Mozilla/5.0 (compatible; BLEXBot/1.0; +http://webmeup-crawler.com/)"
157.55.39.80 - - [22/Sep/2022:13:26:50 +0200] "GET /incense-sticks-camphor-p-51691.html HTTP/1.0" 200 74939 "-" "Mozilla/5.0 (compatible; bingbot/2.0; +http://www.bing.com/bingbot.htm)"
157.90.177.217 - - [22/Sep/2022:13:26:51 +0200] "GET /heart-decorative-tray-p-45846.html HTTP/1.0" 200 74784 "-" "Mozilla/5.0 (compatible; BLEXBot/1.0; +http://webmeup-crawler.com/)"
157.90.177.217 - - [22/Sep/2022:13:26:59 +0200] "GET /heart-home-votive-holder-p-53431.html HTTP/1.0" 200 74772 "-" "Mozilla/5.0 (compatible; BLEXBot/1.0; +http://webmeup-crawler.com/)"
157.90.177.217 - - [22/Sep/2022:13:27:04 +0200] "GET /heart-shaped-selenite-white-p-47022.html HTTP/1.0" 200 76392 "-" "Mozilla/5.0 (compatible; BLEXBot/1.0; +http://webmeup-crawler.com/)"
157.90.177.217 - - [22/Sep/2022:13:27:10 +0200] "GET /heart-sticker-personalized-wall-decoration-gray-p-57793.html HTTP/1.0" 200 75708 "-" "Mozilla/5.0 (compatible; BLEXBot/1.0; +http://webmeup-crawler.com/)"
66.249.66.210 - - [22/Sep/2022:13:27:16 +0200] "GET /images/big_prod_1/a5018997627778.jpg HTTP/1.0" 200 271 "-" "Googlebot-Image/1.0"
157.90.177.217 - - [22/Sep/2022:13:27:15 +0200] "GET /hedgehog-pencil-cbkreation-p-43438.html HTTP/1.0" 200 74769 "-" "Mozilla/5.0 (compatible; BLEXBot/1.0; +http://webmeup-crawler.com/)"
157.90.177.217 - - [22/Sep/2022:13:27:19 +0200] "GET /hello-kitty-adult-umbrella-p-20509.html HTTP/1.0" 200 75585 "-" "Mozilla/5.0 (compatible; BLEXBot/1.0; +http://webmeup-crawler.com/)"
47.242.126.95 - - [22/Sep/2022:13:27:21 +0200] "GET /images/med_prod/1399984288900.jpg HTTP/1.0" 200 268 "-" "Mozilla/5.0 (X11; Ubuntu; Linux x86_64; rv:72.0) Gecko/20100101 Firefox/72.0"
157.90.177.217 - - [22/Sep/2022:13:27:25 +0200] "GET /hello-kitty-capri-pants-p-30238.html HTTP/1.0" 200 75850 "-" "Mozilla/5.0 (compatible; BLEXBot/1.0; +http://webmeup-crawler.com/)"
157.90.177.217 - - [22/Sep/2022:13:27:30 +0200] "GET /hello-kitty-ceiling-light-p-11193.html HTTP/1.0" 200 74911 "-" "Mozilla/5.0 (compatible; BLEXBot/1.0; +http://webmeup-crawler.com/)"
185.191.171.8 - - [22/Sep/2022:13:27:33 +0200] "GET /large-lamp-light-white-shade-p-55250.html HTTP/1.0" 200 76201 "-" "Mozilla/5.0 (compatible; SemrushBot/7~bl; +http://www.semrush.com/bot.html)"
157.90.177.217 - - [22/Sep/2022:13:27:35 +0200] "GET /hello-kitty-chocolate-node-companion-camomilla-p-16293.html HTTP/1.0" 200 75043 "-" "Mozilla/5.0 (compatible; BLEXBot/1.0; +http://webmeup-crawler.com/)"
185.191.171.41 - - [22/Sep/2022:13:27:36 +0200] "GET /decorative-canvas-world-hang-p-46756.html HTTP/1.0" 200 74924 "-" "Mozilla/5.0 (compatible; SemrushBot/7~bl; +http://www.semrush.com/bot.html)"
157.90.177.217 - - [22/Sep/2022:13:27:41 +0200] "GET /hello-kitty-figure-p-2903.html HTTP/1.0" 200 74759 "-" "Mozilla/5.0 (compatible; BLEXBot/1.0; +http://webmeup-crawler.com/)"
157.90.177.217 - - [22/Sep/2022:13:27:46 +0200] "GET /hello-kitty-figure-p-2906.html HTTP/1.0" 200 74760 "-" "Mozilla/5.0 (compatible; BLEXBot/1.0; +http://webmeup-crawler.com/)"
185.191.171.10 - - [22/Sep/2022:13:27:49 +0200] "GET /water-small-rabbit-p-58471.html HTTP/1.0" 200 75443 "-" "Mozilla/5.0 (compatible; SemrushBot/7~bl; +http://www.semrush.com/bot.html)"
157.90.177.217 - - [22/Sep/2022:13:27:51 +0200] "GET /hello-kitty-flatware-p-259.html HTTP/1.0" 200 74661 "-" "Mozilla/5.0 (compatible; BLEXBot/1.0; +http://webmeup-crawler.com/)"
185.191.171.9 - - [22/Sep/2022:13:27:52 +0200] "GET /cement-tile-stickers-p-50332.html HTTP/1.0" 200 75627 "-" "Mozilla/5.0 (compatible; SemrushBot/7~bl; +http://www.semrush.com/bot.html)"
157.90.177.217 - - [22/Sep/2022:13:27:56 +0200] "GET /hello-kitty-gothic-lolita-elastic-p-19421.html HTTP/1.0" 200 75745 "-" "Mozilla/5.0 (compatible; BLEXBot/1.0; +http://webmeup-crawler.com/)"
157.90.177.217 - - [22/Sep/2022:13:28:01 +0200] "GET /hello-kitty-grey-tiara-p-13515.html HTTP/1.0" 200 74666 "-" "Mozilla/5.0 (compatible; BLEXBot/1.0; +http://webmeup-crawler.com/)"
157.90.177.217 - - [22/Sep/2022:13:28:06 +0200] "GET /hello-kitty-hair-clips-p-13576.html HTTP/1.0" 200 74798 "-" "Mozilla/5.0 (compatible; BLEXBot/1.0; +http://webmeup-crawler.com/)"
210.220.74.255 - - [22/Sep/2022:13:28:06 +0200] "GET /shelf-mailbox-metal-p-42352.html HTTP/1.0" 200 75363 "-" "Mozilla/5.0 (Macintosh; Intel Mac OS X 10_15_6) AppleWebKit/537.36 (KHTML, like Gecko) Chrome/85.0.4183.83 Safari/537.36"
211.249.218.250 - - [22/Sep/2022:13:28:06 +0200] "GET /shelf-mailbox-metal-p-42352.html HTTP/1.0" 200 75363 "-" "Mozilla/5.0 (Macintosh; Intel Mac OS X 10_15_6) AppleWebKit/537.36 (KHTML, like Gecko) Chrome/85.0.4183.83 Safari/537.36"
157.90.177.217 - - [22/Sep/2022:13:28:10 +0200] "GET /hello-kitty-hair-ornements-p-13561.html HTTP/1.0" 200 74849 "-" "Mozilla/5.0 (compatible; BLEXBot/1.0; +http://webmeup-crawler.com/)"
157.90.177.217 - - [22/Sep/2022:13:28:15 +0200] "GET /hello-kitty-hair-ornements-p-13568.html HTTP/1.0" 200 74863 "-" "Mozilla/5.0 (compatible; BLEXBot/1.0; +http://webmeup-crawler.com/)"
66.249.66.210 - - [22/Sep/2022:13:28:23 +0200] "GET /images/4007176425510.jpg HTTP/1.0" 200 259 "-" "Googlebot-Image/1.0"
157.90.177.217 - - [22/Sep/2022:13:28:23 +0200] "GET /hello-kitty-hair-ornements-p-13570.html HTTP/1.0" 200 74842 "-" "Mozilla/5.0 (compatible; BLEXBot/1.0; +http://webmeup-crawler.com/)"
157.55.39.12 - - [22/Sep/2022:13:28:23 +0200] "GET /love-pucca-mouse-p-2419.html HTTP/1.0" 200 74833 "-" "Mozilla/5.0 AppleWebKit/537.36 (KHTML, like Gecko; compatible; bingbot/2.0; +http://www.bing.com/bingbot.htm) Chrome/103.0.5060.134 Safari/537.36"
157.55.39.28 - - [22/Sep/2022:13:28:27 +0200] "GET /aluminum-bottle-little-prince-printed-france-p-56356.html HTTP/1.0" 200 75608 "-" "Mozilla/5.0 (compatible; bingbot/2.0; +http://www.bing.com/bingbot.htm)"
157.90.177.217 - - [22/Sep/2022:13:28:33 +0200] "GET /hello-kitty-hinged-pocket-mirror-p-49947.html HTTP/1.0" 200 74850 "-" "Mozilla/5.0 (compatible; BLEXBot/1.0; +http://webmeup-crawler.com/)"
185.191.171.43 - - [22/Sep/2022:13:28:34 +0200] "GET /lampshades-c-86_277.html?page=1 HTTP/1.0" 200 89830 "-" "Mozilla/5.0 (compatible; SemrushBot/7~bl; +http://www.semrush.com/bot.html)"
185.191.171.37 - - [22/Sep/2022:13:28:38 +0200] "GET /orange-lama-with-endless-knott-p-45358.html HTTP/1.0" 200 75147 "-" "Mozilla/5.0 (compatible; SemrushBot/7~bl; +http://www.semrush.com/bot.html)"
157.90.177.217 - - [22/Sep/2022:13:28:39 +0200] "GET /hello-kitty-jean-p-30213.html HTTP/1.0" 200 76138 "-" "Mozilla/5.0 (compatible; BLEXBot/1.0; +http://webmeup-crawler.com/)"
157.90.177.217 - - [22/Sep/2022:13:28:44 +0200] "GET /hello-kitty-little-embroidered-patch-p-13523.html HTTP/1.0" 200 74886 "-" "Mozilla/5.0 (compatible; BLEXBot/1.0; +http://webmeup-crawler.com/)"
157.90.177.217 - - [22/Sep/2022:13:28:51 +0200] "GET /hello-kitty-little-embroidered-patch-p-13525.html HTTP/1.0" 200 74886 "-" "Mozilla/5.0 (compatible; BLEXBot/1.0; +http://webmeup-crawler.com/)"
157.90.177.217 - - [22/Sep/2022:13:28:58 +0200] "GET /hello-kitty-melamine-bowl-p-17118.html HTTP/1.0" 200 74809 "-" "Mozilla/5.0 (compatible; BLEXBot/1.0; +http://webmeup-crawler.com/)"
157.90.177.217 - - [22/Sep/2022:13:29:03 +0200] "GET /hello-kitty-mirror-p-20733.html HTTP/1.0" 200 74742 "-" "Mozilla/5.0 (compatible; BLEXBot/1.0; +http://webmeup-crawler.com/)"
157.55.39.28 - - [22/Sep/2022:13:29:06 +0200] "GET /images/MISES-EN-SITUATION-STACH-20.jpg HTTP/1.0" 200 273 "-" "Mozilla/5.0 (compatible; bingbot/2.0; +http://www.bing.com/bingbot.htm)"
157.90.177.217 - - [22/Sep/2022:13:29:07 +0200] "GET /hello-kitty-p-22244.html HTTP/1.0" 200 74789 "-" "Mozilla/5.0 (compatible; BLEXBot/1.0; +http://webmeup-crawler.com/)"
34.67.96.123 - - [22/Sep/2022:13:29:13 +0200] "GET /images/mini_prod/8421440081169.jpg HTTP/1.0" 200 269 "-" "Mozilla/5.0 (X11; Ubuntu; Linux x86_64; rv:72.0) Gecko/20100101 Firefox/72.0"
157.90.177.217 - - [22/Sep/2022:13:29:14 +0200] "GET /hello-kitty-p-22245.html HTTP/1.0" 200 74789 "-" "Mozilla/5.0 (compatible; BLEXBot/1.0; +http://webmeup-crawler.com/)"
157.90.177.217 - - [22/Sep/2022:13:29:20 +0200] "GET /hello-kitty-picnic-p-17166.html HTTP/1.0" 200 75102 "-" "Mozilla/5.0 (compatible; BLEXBot/1.0; +http://webmeup-crawler.com/)"
157.55.39.217 - - [22/Sep/2022:13:29:23 +0200] "GET /images/big_prod/8419810093386.jpg HTTP/1.0" 200 268 "-" "Mozilla/5.0 (compatible; bingbot/2.0; +http://www.bing.com/bingbot.htm)"
157.90.177.217 - - [22/Sep/2022:13:29:27 +0200] "GET /hello-kitty-rainwear-years-p-58363.html HTTP/1.0" 200 74722 "-" "Mozilla/5.0 (compatible; BLEXBot/1.0; +http://webmeup-crawler.com/)"
157.90.177.217 - - [22/Sep/2022:13:29:32 +0200] "GET /hello-kitty-sanrio-jean-p-30236.html HTTP/1.0" 200 75854 "-" "Mozilla/5.0 (compatible; BLEXBot/1.0; +http://webmeup-crawler.com/)"
157.90.177.217 - - [22/Sep/2022:13:29:38 +0200] "GET /hello-kitty-small-palette-cosmetics-p-20711.html HTTP/1.0" 200 75006 "-" "Mozilla/5.0 (compatible; BLEXBot/1.0; +http://webmeup-crawler.com/)"
157.90.177.217 - - [22/Sep/2022:13:29:43 +0200] "GET /hello-kitty-sports-bottle-p-25066.html HTTP/1.0" 200 75534 "-" "Mozilla/5.0 (compatible; BLEXBot/1.0; +http://webmeup-crawler.com/)"
211.249.243.85 - - [22/Sep/2022:13:29:48 +0200] "GET /images/big_prod_1/b5415203777874.jpg HTTP/1.0" 200 271 "http://www.wonder-geek.com/images/big_prod_1/b5415203777874.jpg" "Mozilla/5.0 (Windows NT 10.0; Win64; x64) AppleWebKit/537.36 (KHTML, like Gecko) Chrome/86.0.4240.75 Safari/537.36"
157.90.177.217 - - [22/Sep/2022:13:29:47 +0200] "GET /hello-kitty-swimming-ring-p-19971.html HTTP/1.0" 200 74548 "-" "Mozilla/5.0 (compatible; BLEXBot/1.0; +http://webmeup-crawler.com/)"
66.249.66.214 - - [22/Sep/2022:13:29:48 +0200] "GET /heart-christmas-tree-hanging-p-49638.html HTTP/1.0" 200 74811 "-" "Mozilla/5.0 (Linux; Android 6.0.1; Nexus 5X Build/MMB29P) AppleWebKit/537.36 (KHTML, like Gecko) Chrome/105.0.5195.125 Mobile Safari/537.36 (compatible; Googlebot/2.1; +http://www.google.com/bot.html)"
121.53.204.98 - - [22/Sep/2022:13:29:50 +0200] "GET /images/big_prod/5415203777874.jpg HTTP/1.0" 200 268 "http://www.wonder-geek.com/images/big_prod/5415203777874.jpg" "Mozilla/5.0 (Windows NT 10.0; Win64; x64) AppleWebKit/537.36 (KHTML, like Gecko) Chrome/86.0.4240.75 Safari/537.36"
157.90.177.217 - - [22/Sep/2022:13:29:52 +0200] "GET /hello-kitty-tiara-p-13512.html HTTP/1.0" 200 74652 "-" "Mozilla/5.0 (compatible; BLEXBot/1.0; +http://webmeup-crawler.com/)"
157.90.177.217 - - [22/Sep/2022:13:29:57 +0200] "GET /hello-kitty-towel-p-5614.html HTTP/1.0" 200 74769 "-" "Mozilla/5.0 (compatible; BLEXBot/1.0; +http://webmeup-crawler.com/)"
157.90.177.217 - - [22/Sep/2022:13:30:04 +0200] "GET /hello-kitty-towel-p-8927.html HTTP/1.0" 200 74782 "-" "Mozilla/5.0 (compatible; BLEXBot/1.0; +http://webmeup-crawler.com/)"
185.191.171.43 - - [22/Sep/2022:13:30:04 +0200] "GET /metal-plate-deco-p-56117.html HTTP/1.0" 200 75220 "-" "Mozilla/5.0 (compatible; SemrushBot/7~bl; +http://www.semrush.com/bot.html)"
157.90.177.217 - - [22/Sep/2022:13:30:09 +0200] "GET /hello-kitty-training-bottle-p-17164.html HTTP/1.0" 200 74852 "-" "Mozilla/5.0 (compatible; BLEXBot/1.0; +http://webmeup-crawler.com/)"
157.90.177.217 - - [22/Sep/2022:13:30:14 +0200] "GET /hello-kitty-umbrella-p-20485.html HTTP/1.0" 200 75365 "-" "Mozilla/5.0 (compatible; BLEXBot/1.0; +http://webmeup-crawler.com/)"
157.90.177.217 - - [22/Sep/2022:13:30:20 +0200] "GET /hello-kitty-umbrella-p-20490.html HTTP/1.0" 200 75395 "-" "Mozilla/5.0 (compatible; BLEXBot/1.0; +http://webmeup-crawler.com/)"
157.90.177.217 - - [22/Sep/2022:13:30:26 +0200] "GET /hello-kitty-victoria-casal-couture-orange-watch-p-20144.html HTTP/1.0" 200 74836 "-" "Mozilla/5.0 (compatible; BLEXBot/1.0; +http://webmeup-crawler.com/)"
157.90.177.217 - - [22/Sep/2022:13:30:33 +0200] "GET /hello-kitty-victoria-casal-couture-white-watch-p-20140.html HTTP/1.0" 200 74810 "-" "Mozilla/5.0 (compatible; BLEXBot/1.0; +http://webmeup-crawler.com/)"
157.90.177.217 - - [22/Sep/2022:13:30:39 +0200] "GET /hello-kitty-wall-light-p-11191.html HTTP/1.0" 200 74847 "-" "Mozilla/5.0 (compatible; BLEXBot/1.0; +http://webmeup-crawler.com/)"
157.90.177.217 - - [22/Sep/2022:13:30:45 +0200] "GET /hello-kitty-white-tiara-p-13517.html HTTP/1.0" 200 74676 "-" "Mozilla/5.0 (compatible; BLEXBot/1.0; +http://webmeup-crawler.com/)"
157.90.177.217 - - [22/Sep/2022:13:30:52 +0200] "GET /hens-ceramic-dish-gray-model-only-p-44495.html HTTP/1.0" 200 74784 "-" "Mozilla/5.0 (compatible; BLEXBot/1.0; +http://webmeup-crawler.com/)"
157.90.177.217 - - [22/Sep/2022:13:31:00 +0200] "GET /hermetic-salt-with-wooden-spoon-cabourg-p-56532.html HTTP/1.0" 200 74968 "-" "Mozilla/5.0 (compatible; BLEXBot/1.0; +http://webmeup-crawler.com/)"
157.90.177.217 - - [22/Sep/2022:13:31:06 +0200] "GET /hermetic-salt-with-wooden-spoon-sardy-p-54526.html HTTP/1.0" 200 74953 "-" "Mozilla/5.0 (compatible; BLEXBot/1.0; +http://webmeup-crawler.com/)"
157.90.177.217 - - [22/Sep/2022:13:31:11 +0200] "GET /hermetic-salt-with-wooden-spoon-wave-p-56531.html HTTP/1.0" 200 74944 "-" "Mozilla/5.0 (compatible; BLEXBot/1.0; +http://webmeup-crawler.com/)"
157.90.177.217 - - [22/Sep/2022:13:31:16 +0200] "GET /hero-polar-plaid-p-33186.html HTTP/1.0" 200 74859 "-" "Mozilla/5.0 (compatible; BLEXBot/1.0; +http://webmeup-crawler.com/)"
157.90.177.217 - - [22/Sep/2022:13:31:21 +0200] "GET /high-school-musical-black-shopping-p-24268.html HTTP/1.0" 200 75109 "-" "Mozilla/5.0 (compatible; BLEXBot/1.0; +http://webmeup-crawler.com/)"
66.249.66.72 - - [22/Sep/2022:13:31:29 +0200] "GET /images/mini_prod/DSCN943222012012.jpg HTTP/1.0" 200 272 "-" "Mozilla/5.0 (compatible; Googlebot/2.1; +http://www.google.com/bot.html)"
157.90.177.217 - - [22/Sep/2022:13:31:29 +0200] "GET /high-school-musical-compact-umbrella-p-20492.html HTTP/1.0" 200 75007 "-" "Mozilla/5.0 (compatible; BLEXBot/1.0; +http://webmeup-crawler.com/)"
66.249.66.210 - - [22/Sep/2022:13:31:34 +0200] "GET /johnny-hallyday-glass-wall-clock-p-9324.html HTTP/1.0" 200 74794 "-" "Mozilla/5.0 (compatible; Googlebot/2.1; +http://www.google.com/bot.html)"
157.90.177.217 - - [22/Sep/2022:13:31:34 +0200] "GET /high-school-musical-compact-umbrella-p-20493.html HTTP/1.0" 200 75007 "-" "Mozilla/5.0 (compatible; BLEXBot/1.0; +http://webmeup-crawler.com/)"
157.90.177.217 - - [22/Sep/2022:13:31:40 +0200] "GET /high-school-musical-handbag-p-6466.html HTTP/1.0" 200 77297 "-" "Mozilla/5.0 (compatible; BLEXBot/1.0; +http://webmeup-crawler.com/)"
66.249.66.210 - - [22/Sep/2022:13:31:41 +0200] "GET /miracle-tattoos-augmented-reality-p-30664.html HTTP/1.0" 200 75658 "-" "Mozilla/5.0 (Linux; Android 6.0.1; Nexus 5X Build/MMB29P) AppleWebKit/537.36 (KHTML, like Gecko) Chrome/105.0.5195.125 Mobile Safari/537.36 (compatible; Googlebot/2.1; +http://www.google.com/bot.html)"
157.90.177.217 - - [22/Sep/2022:13:31:45 +0200] "GET /high-school-musical-p-22252.html HTTP/1.0" 200 74854 "-" "Mozilla/5.0 (compatible; BLEXBot/1.0; +http://webmeup-crawler.com/)"
185.191.171.25 - - [22/Sep/2022:13:31:49 +0200] "GET /fuzion-flying-eagle-zippo-lighter-p-41038.html HTTP/1.0" 200 76694 "-" "Mozilla/5.0 (compatible; SemrushBot/7~bl; +http://www.semrush.com/bot.html)"
157.90.177.217 - - [22/Sep/2022:13:31:51 +0200] "GET /high-school-musical-scarf-p-22254.html HTTP/1.0" 200 74892 "-" "Mozilla/5.0 (compatible; BLEXBot/1.0; +http://webmeup-crawler.com/)"
66.249.66.210 - - [22/Sep/2022:13:31:52 +0200] "GET /images/1300010237526.jpg HTTP/1.0" 200 259 "-" "Googlebot-Image/1.0"
157.90.177.217 - - [22/Sep/2022:13:31:55 +0200] "GET /high-school-musical-scarf-p-22256.html HTTP/1.0" 200 74891 "-" "Mozilla/5.0 (compatible; BLEXBot/1.0; +http://webmeup-crawler.com/)"
66.249.66.68 - - [22/Sep/2022:13:31:58 +0200] "GET /miracle-tattoos-augmented-reality-p-30664.html HTTP/1.0" 200 75658 "-" "Mozilla/5.0 (Linux; Android 6.0.1; Nexus 5X Build/MMB29P) AppleWebKit/537.36 (KHTML, like Gecko) Chrome/105.0.5195.125 Mobile Safari/537.36 (compatible; Googlebot/2.1; +http://www.google.com/bot.html)"
66.249.66.56 - - [22/Sep/2022:13:32:00 +0200] "GET /js/jquery.jqzoom.js HTTP/1.0" 200 259 "http://www.wonder-geek.com/miracle-tattoos-augmented-reality-p-30664.html" "Mozilla/5.0 (Linux; Android 6.0.1; Nexus 5X Build/MMB29P) AppleWebKit/537.36 (KHTML, like Gecko) Chrome/105.0.5195.125 Mobile Safari/537.36 (compatible; Googlebot/2.1; +http://www.google.com/bot.html)"
66.249.66.68 - - [22/Sep/2022:13:32:00 +0200] "GET /highslide/highslide.js HTTP/1.0" 200 262 "http://www.wonder-geek.com/miracle-tattoos-augmented-reality-p-30664.html" "Mozilla/5.0 (Linux; Android 6.0.1; Nexus 5X Build/MMB29P) AppleWebKit/537.36 (KHTML, like Gecko) Chrome/105.0.5195.125 Mobile Safari/537.36 (compatible; Googlebot/2.1; +http://www.google.com/bot.html)"
66.249.66.6 - - [22/Sep/2022:13:32:00 +0200] "GET /mondial_relay/js/jquery-1.3.2.min.js HTTP/1.0" 200 276 "http://www.wonder-geek.com/miracle-tattoos-augmented-reality-p-30664.html" "Mozilla/5.0 (Linux; Android 6.0.1; Nexus 5X Build/MMB29P) AppleWebKit/537.36 (KHTML, like Gecko) Chrome/105.0.5195.125 Mobile Safari/537.36 (compatible; Googlebot/2.1; +http://www.google.com/bot.html)"
157.90.177.217 - - [22/Sep/2022:13:31:59 +0200] "GET /high-school-musical-shopping-p-24267.html HTTP/1.0" 200 75089 "-" "Mozilla/5.0 (compatible; BLEXBot/1.0; +http://webmeup-crawler.com/)"
66.249.66.210 - - [22/Sep/2022:13:32:01 +0200] "GET /js/jquery.js HTTP/1.0" 200 252 "http://www.wonder-geek.com/miracle-tattoos-augmented-reality-p-30664.html" "Mozilla/5.0 (Linux; Android 6.0.1; Nexus 5X Build/MMB29P) AppleWebKit/537.36 (KHTML, like Gecko) Chrome/105.0.5195.125 Mobile Safari/537.36 (compatible; Googlebot/2.1; +http://www.google.com/bot.html)"
66.249.66.68 - - [22/Sep/2022:13:32:01 +0200] "GET /swfobject.js HTTP/1.0" 404 1308 "http://www.wonder-geek.com/miracle-tattoos-augmented-reality-p-30664.html" "Mozilla/5.0 (Linux; Android 6.0.1; Nexus 5X Build/MMB29P) AppleWebKit/537.36 (KHTML, like Gecko) Chrome/105.0.5195.125 Mobile Safari/537.36 (compatible; Googlebot/2.1; +http://www.google.com/bot.html)"
