172.56.73.218 - - [22/Sep/2022:21:51:12 +0200] "GET /templates/Pixame_v1/images/header-object.png HTTP/1.0" 200 278 "http://www.wonder-geek.com/talent-ludwig-beethoven-tassen-made-germany-p-54341.html" "Mozilla/5.0 (Macintosh; Intel Mac OS X 10_15_7) AppleWebKit/605.1.15 (KHTML, like Gecko) Version/15.6.1 Safari/605.1.15"
172.56.73.218 - - [22/Sep/2022:21:51:12 +0200] "GET /design/productsenstock.png HTTP/1.0" 200 260 "http://www.wonder-geek.com/talent-ludwig-beethoven-tassen-made-germany-p-54341.html" "Mozilla/5.0 (Macintosh; Intel Mac OS X 10_15_7) AppleWebKit/605.1.15 (KHTML, like Gecko) Version/15.6.1 Safari/605.1.15"
172.56.73.218 - - [22/Sep/2022:21:51:12 +0200] "GET /images/big_prod_1/4250255880032b.jpg HTTP/1.0" 200 271 "http://www.wonder-geek.com/talent-ludwig-beethoven-tassen-made-germany-p-54341.html" "Mozilla/5.0 (Macintosh; Intel Mac OS X 10_15_7) AppleWebKit/605.1.15 (KHTML, like Gecko) Version/15.6.1 Safari/605.1.15"
172.56.73.218 - - [22/Sep/2022:21:51:12 +0200] "GET /images/big_prod_2/4250255880032c.jpg HTTP/1.0" 200 271 "http://www.wonder-geek.com/talent-ludwig-beethoven-tassen-made-germany-p-54341.html" "Mozilla/5.0 (Macintosh; Intel Mac OS X 10_15_7) AppleWebKit/605.1.15 (KHTML, like Gecko) Version/15.6.1 Safari/605.1.15"
172.56.73.218 - - [22/Sep/2022:21:51:13 +0200] "GET /images/big_prod_3/4250255880032d.jpg HTTP/1.0" 200 271 "http://www.wonder-geek.com/talent-ludwig-beethoven-tassen-made-germany-p-54341.html" "Mozilla/5.0 (Macintosh; Intel Mac OS X 10_15_7) AppleWebKit/605.1.15 (KHTML, like Gecko) Version/15.6.1 Safari/605.1.15"
172.56.73.218 - - [22/Sep/2022:21:51:13 +0200] "GET /images/big_prod_4/4250255880032f.jpg HTTP/1.0" 200 271 "http://www.wonder-geek.com/talent-ludwig-beethoven-tassen-made-germany-p-54341.html" "Mozilla/5.0 (Macintosh; Intel Mac OS X 10_15_7) AppleWebKit/605.1.15 (KHTML, like Gecko) Version/15.6.1 Safari/605.1.15"
172.56.73.218 - - [22/Sep/2022:21:51:13 +0200] "GET /images/big_prod_5/4250255880032e.jpg HTTP/1.0" 200 271 "http://www.wonder-geek.com/talent-ludwig-beethoven-tassen-made-germany-p-54341.html" "Mozilla/5.0 (Macintosh; Intel Mac OS X 10_15_7) AppleWebKit/605.1.15 (KHTML, like Gecko) Version/15.6.1 Safari/605.1.15"
172.56.73.218 - - [22/Sep/2022:21:51:13 +0200] "GET /images/big_prod_6/4250255880032a.jpg HTTP/1.0" 200 271 "http://www.wonder-geek.com/talent-ludwig-beethoven-tassen-made-germany-p-54341.html" "Mozilla/5.0 (Macintosh; Intel Mac OS X 10_15_7) AppleWebKit/605.1.15 (KHTML, like Gecko) Version/15.6.1 Safari/605.1.15"
172.56.73.218 - - [22/Sep/2022:21:51:13 +0200] "GET /templates/Pixame_v1/images/buttons/english/button_in_cart.gif HTTP/1.0" 200 295 "http://www.wonder-geek.com/talent-ludwig-beethoven-tassen-made-germany-p-54341.html" "Mozilla/5.0 (Macintosh; Intel Mac OS X 10_15_7) AppleWebKit/605.1.15 (KHTML, like Gecko) Version/15.6.1 Safari/605.1.15"
172.56.73.218 - - [22/Sep/2022:21:51:13 +0200] "GET /highslide/graphics/zoomin.cur HTTP/1.0" 200 614 "http://www.wonder-geek.com/talent-ludwig-beethoven-tassen-made-germany-p-54341.html" "Mozilla/5.0 (Macintosh; Intel Mac OS X 10_15_7) AppleWebKit/605.1.15 (KHTML, like Gecko) Version/15.6.1 Safari/605.1.15"
66.249.66.56 - - [22/Sep/2022:21:51:13 +0200] "GET /images/big_prod_1/8718657460055B.jpg HTTP/1.0" 200 271 "-" "Googlebot-Image/1.0"
185.191.171.2 - - [22/Sep/2022:21:51:18 +0200] "GET /just-right-shoe-ballerina-raine-p-38933.html HTTP/1.0" 200 74854 "-" "Mozilla/5.0 (compatible; SemrushBot/7~bl; +http://www.semrush.com/bot.html)"
185.191.171.18 - - [22/Sep/2022:21:51:27 +0200] "GET /unicorn-nightlight-p-48723.html HTTP/1.0" 200 72130 "-" "Mozilla/5.0 (compatible; SemrushBot/7~bl; +http://www.semrush.com/bot.html)"
66.249.66.68 - - [22/Sep/2022:21:51:38 +0200] "GET /tree-decorations-hang-p-58765.html HTTP/1.0" 200 74053 "-" "Mozilla/5.0 (Linux; Android 6.0.1; Nexus 5X Build/MMB29P) AppleWebKit/537.36 (KHTML, like Gecko) Chrome/105.0.5195.125 Mobile Safari/537.36 (compatible; Googlebot/2.1; +http://www.google.com/bot.html)"
185.191.171.3 - - [22/Sep/2022:21:51:55 +0200] "GET /cushion-cover-dark-beige-p-43615.html HTTP/1.0" 200 75526 "-" "Mozilla/5.0 (compatible; SemrushBot/7~bl; +http://www.semrush.com/bot.html)"
183.71.252.115 - - [22/Sep/2022:21:52:02 +0200] "GET /images/mini_prod/4895029627446.jpg HTTP/1.0" 200 269 "-" "Mozilla/5.0 (X11; Ubuntu; Linux x86_64; rv:72.0) Gecko/20100101 Firefox/72.0"
66.249.66.210 - - [22/Sep/2022:21:52:30 +0200] "GET /gorjuss-biscuit-tin-oops-daisy-p-40475.html HTTP/1.0" 301 72127 "-" "Mozilla/5.0 (compatible; Googlebot/2.1; +http://www.google.com/bot.html)"
66.249.66.68 - - [22/Sep/2022:21:52:32 +0200] "GET /-p-40475.html HTTP/1.0" 200 72060 "-" "Mozilla/5.0 (compatible; Googlebot/2.1; +http://www.google.com/bot.html)"
182.160.3.255 - - [22/Sep/2022:21:52:54 +0200] "GET /images/mini_prod/5018997621745.jpg HTTP/1.0" 200 269 "-" "Mozilla/5.0 (Windows NT 10.0; Win64; x64) AppleWebKit/537.36 (KHTML, like Gecko) Chrome/54.0.2840.99 Safari/537.36"
66.249.66.144 - - [22/Sep/2022:21:53:37 +0200] "GET /images/big_prod/8904245400040.jpg HTTP/1.0" 200 268 "-" "Googlebot-Image/1.0"
66.249.66.210 - - [22/Sep/2022:21:53:53 +0200] "GET /candy-cloud-compact-mirror-daisy-p-49894.html HTTP/1.0" 200 75945 "-" "Mozilla/5.0 (Linux; Android 6.0.1; Nexus 5X Build/MMB29P) AppleWebKit/537.36 (KHTML, like Gecko) Chrome/105.0.5195.125 Mobile Safari/537.36 (compatible; Googlebot/2.1; +http://www.google.com/bot.html)"
5.161.89.173 - - [22/Sep/2022:21:54:07 +0200] "GET /images/mini_prod/MUG-BLC-POLAROID.jpg HTTP/1.0" 200 272 "-" "Mozilla/5.0 (X11; Ubuntu; Linux x86_64; rv:72.0) Gecko/20100101 Firefox/72.0"
185.191.171.42 - - [22/Sep/2022:21:54:06 +0200] "GET /large-candle-hours-eastern-promise-p-38114.html HTTP/1.0" 200 72204 "-" "Mozilla/5.0 (compatible; SemrushBot/7~bl; +http://www.semrush.com/bot.html)"
66.249.66.70 - - [22/Sep/2022:21:55:09 +0200] "GET /backpacks-c-31_77.html?page=10 HTTP/1.0" 200 84369 "-" "Mozilla/5.0 (Linux; Android 6.0.1; Nexus 5X Build/MMB29P) AppleWebKit/537.36 (KHTML, like Gecko) Chrome/105.0.5195.125 Mobile Safari/537.36 (compatible; Googlebot/2.1; +http://www.google.com/bot.html)"
66.249.66.210 - - [22/Sep/2022:21:55:13 +0200] "GET /images/mini_prod/4007176121870.jpg HTTP/1.0" 200 269 "-" "Mozilla/5.0 (compatible; Googlebot/2.1; +http://www.google.com/bot.html)"
185.191.171.1 - - [22/Sep/2022:21:55:47 +0200] "GET /teal-blue-adult-japenese-apron-p-45911.html HTTP/1.0" 200 75349 "-" "Mozilla/5.0 (compatible; SemrushBot/7~bl; +http://www.semrush.com/bot.html)"
185.191.171.5 - - [22/Sep/2022:21:56:09 +0200] "GET /marseillaises-expressions-white-women-shirt-p-35574.html HTTP/1.0" 200 76850 "-" "Mozilla/5.0 (compatible; SemrushBot/7~bl; +http://www.semrush.com/bot.html)"
66.249.66.146 - - [22/Sep/2022:21:56:18 +0200] "GET /cars-small-silicone-mold-orange-model-p-28240.html HTTP/1.0" 200 72202 "-" "Mozilla/5.0 (Linux; Android 6.0.1; Nexus 5X Build/MMB29P) AppleWebKit/537.36 (KHTML, like Gecko) Chrome/105.0.5195.125 Mobile Safari/537.36 (compatible; Googlebot/2.1; +http://www.google.com/bot.html)"
87.250.224.94 - - [22/Sep/2022:21:57:06 +0200] "GET /games-and-toys/soft-toys-security-blanket/beanie-boos-peanut-the-elephant-p-15639.html HTTP/1.0" 301 72127 "-" "Mozilla/5.0 (compatible; YandexBot/3.0; +http://yandex.com/bots)"
87.250.224.94 - - [22/Sep/2022:21:57:09 +0200] "GET /-p-15639.html HTTP/1.0" 200 72060 "-" "Mozilla/5.0 (compatible; YandexBot/3.0; +http://yandex.com/bots)"
116.1.7.245 - - [22/Sep/2022:21:57:30 +0200] "GET /contact_us.php HTTP/1.0" 200 26241 "http://www.wonder-geek.com/contact_us.php" "Mozilla/5.0 (Windows NT 6.3; Win64; x64) AppleWebKit/537.36 (KHTML, like Gecko) Chrome/90.0.4430.72 Safari/537.36 Edg/90.0.818.42"
116.1.7.245 - - [22/Sep/2022:21:57:40 +0200] "POST /contact_us.php?action=send HTTP/1.0" 200 26489 "http://www.wonder-geek.com/contact_us.php" "Mozilla/5.0 (Windows NT 6.3; Win64; x64) AppleWebKit/537.36 (KHTML, like Gecko) Chrome/90.0.4430.72 Safari/537.36 Edg/90.0.818.42"
66.249.66.56 - - [22/Sep/2022:21:57:46 +0200] "GET /images/mini_prod/J1399984249239J.jpg HTTP/1.0" 200 271 "-" "Mozilla/5.0 (compatible; Googlebot/2.1; +http://www.google.com/bot.html)"
185.191.171.14 - - [22/Sep/2022:21:57:51 +0200] "GET /five-mickey-mouse-figurine-p-57304.html HTTP/1.0" 200 75858 "-" "Mozilla/5.0 (compatible; SemrushBot/7~bl; +http://www.semrush.com/bot.html)"
185.191.171.2 - - [22/Sep/2022:21:58:20 +0200] "GET /-p-14858.html HTTP/1.0" 200 72060 "-" "Mozilla/5.0 (compatible; SemrushBot/7~bl; +http://www.semrush.com/bot.html)"
185.191.171.20 - - [22/Sep/2022:21:58:34 +0200] "GET /board-games-c-4_47.html HTTP/1.0" 200 77398 "-" "Mozilla/5.0 (compatible; SemrushBot/7~bl; +http://www.semrush.com/bot.html)"
66.249.66.148 - - [22/Sep/2022:21:58:36 +0200] "GET /images/mini_prod/3453131147330.jpg HTTP/1.0" 200 269 "-" "Mozilla/5.0 (compatible; Googlebot/2.1; +http://www.google.com/bot.html)"
114.119.137.43 - - [22/Sep/2022:21:58:36 +0200] "GET /adhesive-roll-45-150-cm-wood-p-53551.html HTTP/1.0" 301 75638 "http://www.wonder-geek.com/products_new.php?page=2" "Mozilla/5.0 (Linux; Android 7.0;) AppleWebKit/537.36 (KHTML, like Gecko) Mobile Safari/537.36 (compatible; PetalBot;+https://webmaster.petalsearch.com/site/petalbot)"
114.119.137.43 - - [22/Sep/2022:21:58:38 +0200] "GET /adhesive-roll-wood-p-53551.html HTTP/1.0" 200 75553 "http://www.wonder-geek.com/products_new.php?page=2" "Mozilla/5.0 (Linux; Android 7.0;) AppleWebKit/537.36 (KHTML, like Gecko) Mobile Safari/537.36 (compatible; PetalBot;+https://webmaster.petalsearch.com/site/petalbot)"
66.249.66.58 - - [22/Sep/2022:21:58:41 +0200] "GET /images/mini_prod/1399986106875.jpg HTTP/1.0" 200 269 "-" "Mozilla/5.0 (compatible; Googlebot/2.1; +http://www.google.com/bot.html)"
66.249.66.58 - - [22/Sep/2022:21:58:42 +0200] "GET /nici-horses-mouse-pad-p-9494.html HTTP/1.0" 301 74885 "-" "Mozilla/5.0 (Linux; Android 6.0.1; Nexus 5X Build/MMB29P) AppleWebKit/537.36 (KHTML, like Gecko) Chrome/105.0.5195.125 Mobile Safari/537.36 (compatible; Googlebot/2.1; +http://www.google.com/bot.html)"
66.249.66.210 - - [22/Sep/2022:21:58:44 +0200] "GET /nici-horses-mouse-p-9494.html HTTP/1.0" 200 74802 "-" "Mozilla/5.0 (Linux; Android 6.0.1; Nexus 5X Build/MMB29P) AppleWebKit/537.36 (KHTML, like Gecko) Chrome/105.0.5195.125 Mobile Safari/537.36 (compatible; Googlebot/2.1; +http://www.google.com/bot.html)"
66.249.66.56 - - [22/Sep/2022:21:59:16 +0200] "GET /gorjuss-double-filled-pencil-love-grows-p-52370.html HTTP/1.0" 200 76387 "-" "Mozilla/5.0 (compatible; Googlebot/2.1; +http://www.google.com/bot.html)"
185.191.171.6 - - [22/Sep/2022:22:00:32 +0200] "GET /table-lamps-c-86_286.html?page=9 HTTP/1.0" 200 94546 "-" "Mozilla/5.0 (compatible; SemrushBot/7~bl; +http://www.semrush.com/bot.html)"
95.163.255.138 - - [22/Sep/2022:22:01:02 +0200] "GET /robots.txt HTTP/1.0" 301 531 "-" "Mozilla/5.0 (compatible; Linux x86_64; Mail.RU_Bot/Img/2.0; +https://help.mail.ru/webmaster/indexing/robots)"
66.249.66.58 - - [22/Sep/2022:22:01:07 +0200] "GET /fitted-sheet-cotton-percale-threads-p-52144.html HTTP/1.0" 200 75703 "-" "Mozilla/5.0 (Linux; Android 6.0.1; Nexus 5X Build/MMB29P) AppleWebKit/537.36 (KHTML, like Gecko) Chrome/105.0.5195.125 Mobile Safari/537.36 (compatible; Googlebot/2.1; +http://www.google.com/bot.html)"
95.163.255.198 - - [22/Sep/2022:22:01:10 +0200] "GET /images/med_prod/1399984288900.jpg HTTP/1.0" 301 577 "http://go.mail.ru/search_images" "Mozilla/5.0 (compatible; Linux x86_64; Mail.RU_Bot/Img/2.0; +https://help.mail.ru/webmaster/indexing/robots)"
95.163.255.129 - - [22/Sep/2022:22:01:14 +0200] "GET /images/med_prod/4891813833086.jpg HTTP/1.0" 301 577 "http://go.mail.ru/search_images" "Mozilla/5.0 (compatible; Linux x86_64; Mail.RU_Bot/Img/2.0; +https://help.mail.ru/webmaster/indexing/robots)"
66.249.66.8 - - [22/Sep/2022:22:01:18 +0200] "GET /js/jquery.jqzoom.js HTTP/1.0" 200 259 "http://www.wonder-geek.com/fitted-sheet-cotton-percale-threads-p-52144.html" "Mozilla/5.0 (Linux; Android 6.0.1; Nexus 5X Build/MMB29P) AppleWebKit/537.36 (KHTML, like Gecko) Chrome/105.0.5195.102 Mobile Safari/537.36 (compatible; Googlebot/2.1; +http://www.google.com/bot.html)"
95.163.255.141 - - [22/Sep/2022:22:01:18 +0200] "GET /images/5018997516614.jpg HTTP/1.0" 301 559 "http://go.mail.ru/search_images" "Mozilla/5.0 (compatible; Linux x86_64; Mail.RU_Bot/Img/2.0; +https://help.mail.ru/webmaster/indexing/robots)"
66.249.66.210 - - [22/Sep/2022:22:01:21 +0200] "GET /gift-towels-p-52068.html HTTP/1.0" 200 72156 "-" "Mozilla/5.0 (compatible; Googlebot/2.1; +http://www.google.com/bot.html)"
95.163.255.141 - - [22/Sep/2022:22:01:28 +0200] "GET /robots.txt HTTP/1.0" 200 245 "-" "Mozilla/5.0 (compatible; Linux x86_64; Mail.RU_Bot/Img/2.0; +https://help.mail.ru/webmaster/indexing/robots)"
185.191.171.24 - - [22/Sep/2022:22:01:30 +0200] "GET /resin-statuette-naked-woman-p-56644.html HTTP/1.0" 200 75444 "-" "Mozilla/5.0 (compatible; SemrushBot/7~bl; +http://www.semrush.com/bot.html)"
95.163.255.111 - - [22/Sep/2022:22:01:36 +0200] "GET /images/med_prod/1399984288900.jpg HTTP/1.0" 200 268 "http://wonder-geek.com/images/med_prod/1399984288900.jpg" "Mozilla/5.0 (compatible; Linux x86_64; Mail.RU_Bot/Img/2.0; +https://help.mail.ru/webmaster/indexing/robots)"
95.163.255.130 - - [22/Sep/2022:22:01:39 +0200] "GET /images/med_prod/4891813833086.jpg HTTP/1.0" 200 268 "http://wonder-geek.com/images/med_prod/4891813833086.jpg" "Mozilla/5.0 (compatible; Linux x86_64; Mail.RU_Bot/Img/2.0; +https://help.mail.ru/webmaster/indexing/robots)"
95.163.255.141 - - [22/Sep/2022:22:01:44 +0200] "GET /images/5018997516614.jpg HTTP/1.0" 200 259 "http://wonder-geek.com/images/5018997516614.jpg" "Mozilla/5.0 (compatible; Linux x86_64; Mail.RU_Bot/Img/2.0; +https://help.mail.ru/webmaster/indexing/robots)"
185.191.171.6 - - [22/Sep/2022:22:02:29 +0200] "GET /mandala-coasters-orange-p-54067.html HTTP/1.0" 200 74727 "-" "Mozilla/5.0 (compatible; SemrushBot/7~bl; +http://www.semrush.com/bot.html)"
66.249.66.72 - - [22/Sep/2022:22:02:29 +0200] "GET /bline-wall-decor-p-47075.html HTTP/1.0" 200 75426 "-" "Mozilla/5.0 (compatible; Googlebot/2.1; +http://www.google.com/bot.html)"
185.191.171.12 - - [22/Sep/2022:22:02:32 +0200] "GET /london-magazines-holder-p-39355.html HTTP/1.0" 200 74699 "-" "Mozilla/5.0 (compatible; SemrushBot/7~bl; +http://www.semrush.com/bot.html)"
66.249.66.68 - - [22/Sep/2022:22:02:36 +0200] "GET /small-wooden-towel-holder-hang-p-51016.html HTTP/1.0" 200 74835 "-" "Mozilla/5.0 (compatible; Googlebot/2.1; +http://www.google.com/bot.html)"
185.191.171.6 - - [22/Sep/2022:22:02:57 +0200] "GET /cotton-floor-cushion-brown-p-53470.html HTTP/1.0" 200 75357 "-" "Mozilla/5.0 (compatible; SemrushBot/7~bl; +http://www.semrush.com/bot.html)"
66.249.66.8 - - [22/Sep/2022:22:03:32 +0200] "GET /fitted-sheet-cotton-percale-threads-p-43835.html HTTP/1.0" 200 75032 "-" "Mozilla/5.0 (Linux; Android 6.0.1; Nexus 5X Build/MMB29P) AppleWebKit/537.36 (KHTML, like Gecko) Chrome/105.0.5195.125 Mobile Safari/537.36 (compatible; Googlebot/2.1; +http://www.google.com/bot.html)"
66.249.66.70 - - [22/Sep/2022:22:03:35 +0200] "GET /js/jquery.jqzoom.js HTTP/1.0" 200 259 "http://www.wonder-geek.com/fitted-sheet-cotton-percale-threads-p-43835.html" "Mozilla/5.0 (Linux; Android 6.0.1; Nexus 5X Build/MMB29P) AppleWebKit/537.36 (KHTML, like Gecko) Chrome/105.0.5195.102 Mobile Safari/537.36 (compatible; Googlebot/2.1; +http://www.google.com/bot.html)"
185.191.171.1 - - [22/Sep/2022:22:03:52 +0200] "GET /moonlight-waltz-beauty-beast-figurine-p-56113.html HTTP/1.0" 200 76811 "-" "Mozilla/5.0 (compatible; SemrushBot/7~bl; +http://www.semrush.com/bot.html)"
66.249.66.58 - - [22/Sep/2022:22:03:56 +0200] "GET /images/big_prod/3520071688251.jpg HTTP/1.0" 200 268 "-" "Googlebot-Image/1.0"
66.249.66.210 - - [22/Sep/2022:22:04:10 +0200] "GET /backpacks-c-31_77.html?page=10 HTTP/1.0" 200 84369 "-" "Mozilla/5.0 (compatible; Googlebot/2.1; +http://www.google.com/bot.html)"
66.249.66.70 - - [22/Sep/2022:22:04:16 +0200] "GET /images/big_prod_2/4542202657683b.jpg HTTP/1.0" 200 271 "-" "Googlebot-Image/1.0"
185.191.171.3 - - [22/Sep/2022:22:04:17 +0200] "GET /world-metal-clock-p-47947.html HTTP/1.0" 200 72138 "-" "Mozilla/5.0 (compatible; SemrushBot/7~bl; +http://www.semrush.com/bot.html)"
66.249.66.6 - - [22/Sep/2022:22:04:38 +0200] "GET /hannah-montana-postman-p-1485.html HTTP/1.0" 200 75118 "-" "Mozilla/5.0 (compatible; Googlebot/2.1; +http://www.google.com/bot.html)"
51.68.224.127 - - [22/Sep/2022:22:04:54 +0200] "GET /adminweb/export_orders_xml.php?token=256de2z6edz6ed2z6DFSFsed2zed6zeDSFDSGdzedezfzf&maxorders=10&orderstart=1&status=14&start_date=2018-10-01 HTTP/1.0" 200 285 "-" "GesCom CharlotteBoutik Serveur"
51.68.224.127 - - [22/Sep/2022:22:04:54 +0200] "GET /adminweb/export_orders_xml.php?token=256de2z6edz6ed2z6DFSFsed2zed6zeDSFDSGdzedezfzf&maxorders=10&orderstart=1&status=6&start_date=2018-10-01 HTTP/1.0" 200 33985 "-" "GesCom CharlotteBoutik Serveur"
66.249.66.70 - - [22/Sep/2022:22:05:16 +0200] "GET /hannah-montana-postman-p-1485.html HTTP/1.0" 200 75118 "-" "Mozilla/5.0 (Linux; Android 6.0.1; Nexus 5X Build/MMB29P) AppleWebKit/537.36 (KHTML, like Gecko) Chrome/105.0.5195.125 Mobile Safari/537.36 (compatible; Googlebot/2.1; +http://www.google.com/bot.html)"
147.92.153.9 - - [22/Sep/2022:22:05:31 +0200] "GET /metal-flask-whisky-p-48469.html HTTP/1.0" 200 75254 "-" "Mozilla/5.0 (compatible; Linespider/1.1; +https://lin.ee/4dwXkTH)"
34.67.96.123 - - [22/Sep/2022:22:05:44 +0200] "GET /images/mini_prod/8006180201956.jpg HTTP/1.0" 200 269 "-" "Mozilla/5.0 (X11; Ubuntu; Linux x86_64; rv:72.0) Gecko/20100101 Firefox/72.0"
185.191.171.33 - - [22/Sep/2022:22:05:48 +0200] "GET /retro-wooden-storage-cabinet-p-45805.html HTTP/1.0" 200 74806 "-" "Mozilla/5.0 (compatible; SemrushBot/7~bl; +http://www.semrush.com/bot.html)"
66.249.66.8 - - [22/Sep/2022:22:05:56 +0200] "GET /nici-horses-mouse-pad-p-9494.html HTTP/1.0" 301 74885 "-" "Mozilla/5.0 (compatible; Googlebot/2.1; +http://www.google.com/bot.html)"
66.249.66.6 - - [22/Sep/2022:22:05:58 +0200] "GET /nici-horses-mouse-p-9494.html HTTP/1.0" 200 74802 "-" "Mozilla/5.0 (compatible; Googlebot/2.1; +http://www.google.com/bot.html)"
157.55.39.217 - - [22/Sep/2022:22:06:02 +0200] "GET /images/big_prod/7601020000006.jpg HTTP/1.0" 200 268 "-" "Mozilla/5.0 (compatible; bingbot/2.0; +http://www.bing.com/bingbot.htm)"
185.191.171.6 - - [22/Sep/2022:22:06:08 +0200] "GET /mini-flamingo-shot-glasses-p-48753.html HTTP/1.0" 200 72172 "-" "Mozilla/5.0 (compatible; SemrushBot/7~bl; +http://www.semrush.com/bot.html)"
223.38.61.155 - - [22/Sep/2022:22:06:11 +0200] "GET /images/big_prod_1/8422017072610B.jpg HTTP/1.0" 200 271 "-" "Mozilla/5.0 (X11; Ubuntu; Linux x86_64; rv:72.0) Gecko/20100101 Firefox/72.0"
185.191.171.17 - - [22/Sep/2022:22:07:17 +0200] "GET /decorative-cotton-heart-hang-blue-p-55796.html HTTP/1.0" 200 72204 "-" "Mozilla/5.0 (compatible; SemrushBot/7~bl; +http://www.semrush.com/bot.html)"
185.191.171.34 - - [22/Sep/2022:22:07:28 +0200] "GET /dinosaur-nightlight-green-p-55363.html HTTP/1.0" 200 72162 "-" "Mozilla/5.0 (compatible; SemrushBot/7~bl; +http://www.semrush.com/bot.html)"
66.249.66.144 - - [22/Sep/2022:22:07:30 +0200] "GET /kimmidoll-shopper-pink-satin-collection-p-13354.html HTTP/1.0" 200 76037 "-" "Mozilla/5.0 (Linux; Android 6.0.1; Nexus 5X Build/MMB29P) AppleWebKit/537.36 (KHTML, like Gecko) Chrome/105.0.5195.125 Mobile Safari/537.36 (compatible; Googlebot/2.1; +http://www.google.com/bot.html)"
185.191.171.25 - - [22/Sep/2022:22:07:31 +0200] "GET /glasses-case-c-31_164.html?page=2 HTTP/1.0" 200 92507 "-" "Mozilla/5.0 (compatible; SemrushBot/7~bl; +http://www.semrush.com/bot.html)"
66.249.66.60 - - [22/Sep/2022:22:08:21 +0200] "GET /fitted-sheet-cotton-percale-threads-p-52139.html HTTP/1.0" 200 75691 "-" "Mozilla/5.0 (Linux; Android 6.0.1; Nexus 5X Build/MMB29P) AppleWebKit/537.36 (KHTML, like Gecko) Chrome/105.0.5195.125 Mobile Safari/537.36 (compatible; Googlebot/2.1; +http://www.google.com/bot.html)"
66.249.66.68 - - [22/Sep/2022:22:08:52 +0200] "GET /images/mini_prod/3453131129985.jpg HTTP/1.0" 200 269 "-" "Mozilla/5.0 (compatible; Googlebot/2.1; +http://www.google.com/bot.html)"
66.249.66.144 - - [22/Sep/2022:22:08:54 +0200] "GET /images/mini_prod/8435333820520.jpg HTTP/1.0" 200 269 "-" "Mozilla/5.0 (compatible; Googlebot/2.1; +http://www.google.com/bot.html)"
157.55.39.217 - - [22/Sep/2022:22:09:43 +0200] "GET /images/mini_prod/9349878007515.jpg HTTP/1.0" 200 269 "-" "Mozilla/5.0 (compatible; bingbot/2.0; +http://www.bing.com/bingbot.htm)"
66.249.66.68 - - [22/Sep/2022:22:09:47 +0200] "GET /gorjuss-double-filled-pencil-love-grows-p-52370.html HTTP/1.0" 200 76387 "-" "Mozilla/5.0 (compatible; Googlebot/2.1; +http://www.google.com/bot.html)"
66.249.66.210 - - [22/Sep/2022:22:10:06 +0200] "GET /js/jquery.jqzoom.js HTTP/1.0" 200 259 "http://www.wonder-geek.com/nici-horses-mouse-p-9494.html" "Mozilla/5.0 AppleWebKit/537.36 (KHTML, like Gecko; compatible; Googlebot/2.1; +http://www.google.com/bot.html) Chrome/105.0.5195.102 Safari/537.36"
185.191.171.6 - - [22/Sep/2022:22:10:14 +0200] "GET /wooden-wall-decoration-tahitian-theme-p-44041.html HTTP/1.0" 200 72224 "-" "Mozilla/5.0 (compatible; SemrushBot/7~bl; +http://www.semrush.com/bot.html)"
185.191.171.3 - - [22/Sep/2022:22:10:20 +0200] "GET /gorjuss-dreamer-rectangular-keyring-p-25959.html HTTP/1.0" 200 75594 "-" "Mozilla/5.0 (compatible; SemrushBot/7~bl; +http://www.semrush.com/bot.html)"
114.119.133.245 - - [22/Sep/2022:22:10:26 +0200] "GET /jasmin-racing-scarf-p-35979.html HTTP/1.0" 200 74694 "http://www.wonder-geek.com/caps-and-scarfs-adults-c-53_138.html?page=2" "Mozilla/5.0 (Linux; Android 7.0;) AppleWebKit/537.36 (KHTML, like Gecko) Mobile Safari/537.36 (compatible; PetalBot;+https://webmaster.petalsearch.com/site/petalbot)"
66.249.66.210 - - [22/Sep/2022:22:10:37 +0200] "GET /images/mini_prod/3503420075858.jpg HTTP/1.0" 200 269 "-" "Mozilla/5.0 (compatible; Googlebot/2.1; +http://www.google.com/bot.html)"
66.249.66.68 - - [22/Sep/2022:22:10:46 +0200] "GET /london-bus-sticker-p-35394.html HTTP/1.0" 301 74768 "-" "Mozilla/5.0 (Linux; Android 6.0.1; Nexus 5X Build/MMB29P) AppleWebKit/537.36 (KHTML, like Gecko) Chrome/105.0.5195.125 Mobile Safari/537.36 (compatible; Googlebot/2.1; +http://www.google.com/bot.html)"
66.249.66.210 - - [22/Sep/2022:22:10:47 +0200] "GET /london-sticker-p-35394.html HTTP/1.0" 200 74687 "-" "Mozilla/5.0 (Linux; Android 6.0.1; Nexus 5X Build/MMB29P) AppleWebKit/537.36 (KHTML, like Gecko) Chrome/105.0.5195.125 Mobile Safari/537.36 (compatible; Googlebot/2.1; +http://www.google.com/bot.html)"
66.249.66.10 - - [22/Sep/2022:22:11:18 +0200] "GET /images/mini_prod/4007176121023.jpg HTTP/1.0" 200 269 "-" "Mozilla/5.0 (compatible; Googlebot/2.1; +http://www.google.com/bot.html)"
185.191.171.12 - - [22/Sep/2022:22:11:18 +0200] "GET /wunzees-doll-series-flora-p-45117.html HTTP/1.0" 200 75537 "-" "Mozilla/5.0 (compatible; SemrushBot/7~bl; +http://www.semrush.com/bot.html)"
54.236.1.11 - - [22/Sep/2022:22:11:28 +0200] "GET /robots.txt HTTP/1.0" 200 245 "-" "Mozilla/5.0 (compatible; Pinterestbot/1.0; +http://www.pinterest.com/bot.html)"
54.236.1.11 - - [22/Sep/2022:22:11:28 +0200] "GET /mani-the-lucky-cat-grey-keychain-p-33265.html HTTP/1.0" 301 72286 "-" "Mozilla/5.0 (compatible; Pinterestbot/1.0; +http://www.pinterest.com/bot.html)"
54.236.1.11 - - [22/Sep/2022:22:11:29 +0200] "GET /mani-lucky-grey-keychain-p-33265.html HTTP/1.0" 200 72195 "-" "Mozilla/5.0 (compatible; Pinterestbot/1.0; +http://www.pinterest.com/bot.html)"
66.249.66.146 - - [22/Sep/2022:22:11:46 +0200] "GET /images/mini_prod/3700653590824.jpg HTTP/1.0" 200 269 "-" "Mozilla/5.0 (compatible; Googlebot/2.1; +http://www.google.com/bot.html)"
114.119.133.245 - - [22/Sep/2022:22:11:57 +0200] "GET /llama-love-glasses-case-p-47579.html HTTP/1.0" 200 72142 "http://www.wonder-geek.com/glasses-case-c-31_164.html" "Mozilla/5.0 (Linux; Android 7.0;) AppleWebKit/537.36 (KHTML, like Gecko) Mobile Safari/537.36 (compatible; PetalBot;+https://webmaster.petalsearch.com/site/petalbot)"
185.191.171.34 - - [22/Sep/2022:22:12:04 +0200] "GET /gold-statue-jewelry-p-46364.html HTTP/1.0" 200 72188 "-" "Mozilla/5.0 (compatible; SemrushBot/7~bl; +http://www.semrush.com/bot.html)"
66.249.66.68 - - [22/Sep/2022:22:12:31 +0200] "GET /images/big_prod_1/3609810085213a.jpg HTTP/1.0" 200 271 "-" "Googlebot-Image/1.0"
66.249.66.72 - - [22/Sep/2022:22:13:10 +0200] "GET /dishes-c-12.html?page=17 HTTP/1.0" 200 93668 "-" "Mozilla/5.0 (compatible; Googlebot/2.1; +http://www.google.com/bot.html)"
66.249.66.6 - - [22/Sep/2022:22:13:12 +0200] "GET /golden-tree-jewelry-statuette-p-49178.html HTTP/1.0" 200 72166 "-" "Mozilla/5.0 (Linux; Android 6.0.1; Nexus 5X Build/MMB29P) AppleWebKit/537.36 (KHTML, like Gecko) Chrome/105.0.5195.125 Mobile Safari/537.36 (compatible; Googlebot/2.1; +http://www.google.com/bot.html)"
114.119.133.245 - - [22/Sep/2022:22:13:35 +0200] "GET /beloved-bear-winnie-pooh-personality-pose-figurine-p-54002.html HTTP/1.0" 200 76784 "http://www.wonder-geek.com/figurines-statuettes-statues-decoration-collection-c-292.html?page=11" "Mozilla/5.0 (Linux; Android 7.0;) AppleWebKit/537.36 (KHTML, like Gecko) Mobile Safari/537.36 (compatible; PetalBot;+https://webmaster.petalsearch.com/site/petalbot)"
203.119.241.110 - - [22/Sep/2022:22:14:07 +0200] "GET /images/mini_prod/78-4153.jpg HTTP/1.0" 200 263 "-" "Mozilla/5.0 (X11; Ubuntu; Linux x86_64; rv:72.0) Gecko/20100101 Firefox/72.0"
185.191.171.41 - - [22/Sep/2022:22:14:15 +0200] "GET /chair-cushion-p-52167.html HTTP/1.0" 200 72114 "-" "Mozilla/5.0 (compatible; SemrushBot/7~bl; +http://www.semrush.com/bot.html)"
185.191.171.42 - - [22/Sep/2022:22:15:01 +0200] "GET /comptoir-oven-mitt-p-51422.html HTTP/1.0" 200 72138 "-" "Mozilla/5.0 (compatible; SemrushBot/7~bl; +http://www.semrush.com/bot.html)"
114.119.137.43 - - [22/Sep/2022:22:15:08 +0200] "GET /stone-amethyst-sold-by-weight-180-190-grams-p-46546.html HTTP/1.0" 301 75832 "http://www.wonder-geek.com/esotericism-lithotherapy-c-174.html?page=6" "Mozilla/5.0 (Linux; Android 7.0;) AppleWebKit/537.36 (KHTML, like Gecko) Mobile Safari/537.36 (compatible; PetalBot;+https://webmaster.petalsearch.com/site/petalbot)"
114.119.137.43 - - [22/Sep/2022:22:15:10 +0200] "GET /stone-amethyst-sold-weight-grams-p-46546.html HTTP/1.0" 200 75733 "http://www.wonder-geek.com/esotericism-lithotherapy-c-174.html?page=6" "Mozilla/5.0 (Linux; Android 7.0;) AppleWebKit/537.36 (KHTML, like Gecko) Mobile Safari/537.36 (compatible; PetalBot;+https://webmaster.petalsearch.com/site/petalbot)"
185.191.171.13 - - [22/Sep/2022:22:15:24 +0200] "GET /fragrances-ambiance-c-231.html?page=14 HTTP/1.0" 200 95751 "-" "Mozilla/5.0 (compatible; SemrushBot/7~bl; +http://www.semrush.com/bot.html)"
66.249.66.6 - - [22/Sep/2022:22:15:34 +0200] "GET /images/045544314657.jpg HTTP/1.0" 200 258 "-" "Googlebot-Image/1.0"
66.249.66.68 - - [22/Sep/2022:22:15:35 +0200] "GET /angel-figurine-heart-p-58767.html HTTP/1.0" 200 75021 "-" "Mozilla/5.0 (Linux; Android 6.0.1; Nexus 5X Build/MMB29P) AppleWebKit/537.36 (KHTML, like Gecko) Chrome/105.0.5195.125 Mobile Safari/537.36 (compatible; Googlebot/2.1; +http://www.google.com/bot.html)"
66.249.66.72 - - [22/Sep/2022:22:16:25 +0200] "GET /spiderman-mattress-swimming-pool-p-14357.html HTTP/1.0" 200 75129 "-" "Mozilla/5.0 (Linux; Android 6.0.1; Nexus 5X Build/MMB29P) AppleWebKit/537.36 (KHTML, like Gecko) Chrome/105.0.5195.125 Mobile Safari/537.36 (compatible; Googlebot/2.1; +http://www.google.com/bot.html)"
66.249.66.210 - - [22/Sep/2022:22:16:52 +0200] "GET /retro-p-58088.html HTTP/1.0" 200 75350 "-" "Mozilla/5.0 (compatible; Googlebot/2.1; +http://www.google.com/bot.html)"
66.249.66.72 - - [22/Sep/2022:22:18:00 +0200] "GET /metal-hook-support-popular-sports-p-41212.html HTTP/1.0" 200 72186 "-" "Mozilla/5.0 (Linux; Android 6.0.1; Nexus 5X Build/MMB29P) AppleWebKit/537.36 (KHTML, like Gecko) Chrome/105.0.5195.125 Mobile Safari/537.36 (compatible; Googlebot/2.1; +http://www.google.com/bot.html)"
34.67.96.123 - - [22/Sep/2022:22:18:04 +0200] "GET /images/mini_prod/3453131139618.jpg HTTP/1.0" 200 269 "-" "Mozilla/5.0 (X11; Ubuntu; Linux x86_64; rv:72.0) Gecko/20100101 Firefox/72.0"
66.249.66.60 - - [22/Sep/2022:22:18:27 +0200] "GET /images/mini_prod/3438100322253.jpg HTTP/1.0" 200 269 "-" "Mozilla/5.0 (compatible; Googlebot/2.1; +http://www.google.com/bot.html)"
66.249.66.56 - - [22/Sep/2022:22:18:28 +0200] "GET /images/mini_prod/verity1186747041830.jpg HTTP/1.0" 200 275 "-" "Mozilla/5.0 (compatible; Googlebot/2.1; +http://www.google.com/bot.html)"
207.46.13.149 - - [22/Sep/2022:22:18:38 +0200] "GET /allen-buzz-clock-p-58678.html HTTP/1.0" 200 75307 "-" "Mozilla/5.0 (compatible; bingbot/2.0; +http://www.bing.com/bingbot.htm)"
185.191.171.10 - - [22/Sep/2022:22:19:33 +0200] "GET /monaco-metal-plate-p-40088.html HTTP/1.0" 200 74753 "-" "Mozilla/5.0 (compatible; SemrushBot/7~bl; +http://www.semrush.com/bot.html)"
66.249.66.210 - - [22/Sep/2022:22:20:24 +0200] "GET /smokers-items-c-3_112.html?page=10 HTTP/1.0" 200 93542 "-" "Mozilla/5.0 (Linux; Android 6.0.1; Nexus 5X Build/MMB29P) AppleWebKit/537.36 (KHTML, like Gecko) Chrome/105.0.5195.125 Mobile Safari/537.36 (compatible; Googlebot/2.1; +http://www.google.com/bot.html)"
185.191.171.24 - - [22/Sep/2022:22:20:26 +0200] "GET /wooden-hanging-tree-decoration-p-58760.html?action=add_product HTTP/1.0" 302 476 "-" "Mozilla/5.0 (compatible; SemrushBot/7~bl; +http://www.semrush.com/bot.html)"
216.244.66.242 - - [22/Sep/2022:22:20:55 +0200] "GET /robots.txt HTTP/1.0" 200 245 "-" "Mozilla/5.0 (compatible; DotBot/1.2; +https://opensiteexplorer.org/dotbot; help@moz.com)"
185.191.171.19 - - [22/Sep/2022:22:20:56 +0200] "GET /resin-statue-monks-hear-seeing-p-48284.html HTTP/1.0" 200 74858 "-" "Mozilla/5.0 (compatible; SemrushBot/7~bl; +http://www.semrush.com/bot.html)"
51.68.224.127 - - [22/Sep/2022:22:21:23 +0200] "GET /adminweb/export_orders_xml.php?token=256de2z6edz6ed2z6DFSFsed2zed6zeDSFDSGdzedezfzf&maxorders=10&orderstart=1&status=14&start_date=2018-10-01 HTTP/1.0" 200 285 "-" "GesCom CharlotteBoutik Serveur"
51.68.224.127 - - [22/Sep/2022:22:21:23 +0200] "GET /adminweb/export_orders_xml.php?token=256de2z6edz6ed2z6DFSFsed2zed6zeDSFDSGdzedezfzf&maxorders=10&orderstart=1&status=6&start_date=2018-10-01 HTTP/1.0" 200 33985 "-" "GesCom CharlotteBoutik Serveur"
207.46.13.149 - - [22/Sep/2022:22:21:44 +0200] "GET /images/mini_prod/3520071846408.jpg HTTP/1.0" 200 269 "-" "Mozilla/5.0 AppleWebKit/537.36 (KHTML, like Gecko; compatible; bingbot/2.0; +http://www.bing.com/bingbot.htm) Chrome/103.0.5060.134 Safari/537.36"
66.249.66.146 - - [22/Sep/2022:22:22:16 +0200] "GET /images/Photo-020.jpg HTTP/1.0" 200 255 "-" "Googlebot-Image/1.0"
66.249.66.6 - - [22/Sep/2022:22:22:30 +0200] "GET /figurines-statuettes-statues-decoration-collection-c-292.html?page=11 HTTP/1.0" 200 96833 "-" "Mozilla/5.0 (Linux; Android 6.0.1; Nexus 5X Build/MMB29P) AppleWebKit/537.36 (KHTML, like Gecko) Chrome/105.0.5195.125 Mobile Safari/537.36 (compatible; Googlebot/2.1; +http://www.google.com/bot.html)"
185.191.171.7 - - [22/Sep/2022:22:22:40 +0200] "GET /robots.txt HTTP/1.0" 200 245 "-" "Mozilla/5.0 (compatible; SemrushBot/7~bl; +http://www.semrush.com/bot.html)"
185.191.171.3 - - [22/Sep/2022:22:22:41 +0200] "GET /yellow-green-spiral-glass-paperweight-p-52215.html HTTP/1.0" 200 75490 "-" "Mozilla/5.0 (compatible; SemrushBot/7~bl; +http://www.semrush.com/bot.html)"
87.250.224.94 - - [22/Sep/2022:22:22:42 +0200] "GET /robots.txt HTTP/1.0" 200 245 "-" "Mozilla/5.0 (compatible; YandexBot/3.0; +http://yandex.com/bots)"
87.250.224.94 - - [22/Sep/2022:22:22:46 +0200] "GET /images/4010070231163.jpg HTTP/1.0" 200 259 "-" "Mozilla/5.0 (compatible; YandexImages/3.0; +http://yandex.com/bots)"
66.249.66.144 - - [22/Sep/2022:22:22:47 +0200] "GET /images/mini_prod/1384010200636.jpg HTTP/1.0" 200 269 "-" "Mozilla/5.0 (compatible; Googlebot/2.1; +http://www.google.com/bot.html)"
66.249.66.210 - - [22/Sep/2022:22:22:49 +0200] "GET /metal-hook-support-we-can-do-it-p-41213.html HTTP/1.0" 301 74847 "-" "Mozilla/5.0 (Linux; Android 6.0.1; Nexus 5X Build/MMB29P) AppleWebKit/537.36 (KHTML, like Gecko) Chrome/105.0.5195.125 Mobile Safari/537.36 (compatible; Googlebot/2.1; +http://www.google.com/bot.html)"
66.249.66.144 - - [22/Sep/2022:22:22:50 +0200] "GET /metal-hook-support-p-41213.html HTTP/1.0" 200 74762 "-" "Mozilla/5.0 (Linux; Android 6.0.1; Nexus 5X Build/MMB29P) AppleWebKit/537.36 (KHTML, like Gecko) Chrome/105.0.5195.125 Mobile Safari/537.36 (compatible; Googlebot/2.1; +http://www.google.com/bot.html)"
216.244.66.242 - - [22/Sep/2022:22:23:42 +0200] "GET /bamboo-wall-sticker-p-38341.html HTTP/1.0" 200 75351 "-" "Mozilla/5.0 (compatible; DotBot/1.2; +https://opensiteexplorer.org/dotbot; help@moz.com)"
66.249.66.72 - - [22/Sep/2022:22:23:44 +0200] "GET /images/mini_prod/1300000021562.jpg HTTP/1.0" 200 269 "-" "Mozilla/5.0 (compatible; Googlebot/2.1; +http://www.google.com/bot.html)"
216.244.66.242 - - [22/Sep/2022:22:24:07 +0200] "GET /grey-origami-statue-p-36449.html HTTP/1.0" 301 72127 "-" "Mozilla/5.0 (compatible; DotBot/1.2; +https://opensiteexplorer.org/dotbot; help@moz.com)"
185.191.171.34 - - [22/Sep/2022:22:24:11 +0200] "GET /rugs-c-11_269.html?page=11 HTTP/1.0" 200 90377 "-" "Mozilla/5.0 (compatible; SemrushBot/7~bl; +http://www.semrush.com/bot.html)"
66.249.66.58 - - [22/Sep/2022:22:24:13 +0200] "GET /images/mini_prod/8422096017625.jpg HTTP/1.0" 200 269 "-" "Mozilla/5.0 (compatible; Googlebot/2.1; +http://www.google.com/bot.html)"
216.244.66.242 - - [22/Sep/2022:22:24:15 +0200] "GET /simpsons-large-glass-p-27557.html HTTP/1.0" 301 72127 "-" "Mozilla/5.0 (compatible; DotBot/1.2; +https://opensiteexplorer.org/dotbot; help@moz.com)"
216.244.66.242 - - [22/Sep/2022:22:24:22 +0200] "GET /women-lois-pattern-crocodile-shoulder-p-41329.html HTTP/1.0" 301 72127 "-" "Mozilla/5.0 (compatible; DotBot/1.2; +https://opensiteexplorer.org/dotbot; help@moz.com)"
185.191.171.1 - - [22/Sep/2022:22:24:43 +0200] "GET /gorjuss-cards-supplied-with-envelope-gift-p-48400.html HTTP/1.0" 200 75019 "-" "Mozilla/5.0 (compatible; SemrushBot/7~bl; +http://www.semrush.com/bot.html)"
66.249.66.8 - - [22/Sep/2022:22:24:45 +0200] "GET /images/mini_prod/1300000022255.jpg HTTP/1.0" 200 269 "-" "Mozilla/5.0 (compatible; Googlebot/2.1; +http://www.google.com/bot.html)"
66.249.66.8 - - [22/Sep/2022:22:24:45 +0200] "GET /images/mini_prod/3453131150972.jpg HTTP/1.0" 200 269 "-" "Mozilla/5.0 (compatible; Googlebot/2.1; +http://www.google.com/bot.html)"
185.191.171.43 - - [22/Sep/2022:22:24:48 +0200] "GET /italy-collectable-figurine-family-p-57422.html HTTP/1.0" 200 76881 "-" "Mozilla/5.0 (compatible; SemrushBot/7~bl; +http://www.semrush.com/bot.html)"
66.249.66.58 - - [22/Sep/2022:22:25:13 +0200] "GET /angel-figurine-moon-p-58778.html HTTP/1.0" 200 75016 "-" "Mozilla/5.0 (Linux; Android 6.0.1; Nexus 5X Build/MMB29P) AppleWebKit/537.36 (KHTML, like Gecko) Chrome/105.0.5195.125 Mobile Safari/537.36 (compatible; Googlebot/2.1; +http://www.google.com/bot.html)"
114.119.137.31 - - [22/Sep/2022:22:25:16 +0200] "GET /royal-pains-prince-john-and-sir-hiss-robin-hood-figurine-p-36171.html HTTP/1.0" 301 72127 "http://www.wonder-geek.com/home-and-decoration-c-13.html?page=199" "Mozilla/5.0 (Linux; Android 7.0;) AppleWebKit/537.36 (KHTML, like Gecko) Mobile Safari/537.36 (compatible; PetalBot;+https://webmaster.petalsearch.com/site/petalbot)"
114.119.137.31 - - [22/Sep/2022:22:25:18 +0200] "GET /-p-36171.html HTTP/1.0" 200 72060 "http://www.wonder-geek.com/home-and-decoration-c-13.html?page=199" "Mozilla/5.0 (Linux; Android 7.0;) AppleWebKit/537.36 (KHTML, like Gecko) Mobile Safari/537.36 (compatible; PetalBot;+https://webmaster.petalsearch.com/site/petalbot)"
66.249.66.70 - - [22/Sep/2022:22:25:42 +0200] "GET /harley-davidson-large-metal-plate-p-40293.html HTTP/1.0" 200 74818 "-" "Mozilla/5.0 (Linux; Android 6.0.1; Nexus 5X Build/MMB29P) AppleWebKit/537.36 (KHTML, like Gecko) Chrome/105.0.5195.125 Mobile Safari/537.36 (compatible; Googlebot/2.1; +http://www.google.com/bot.html)"
66.249.66.210 - - [22/Sep/2022:22:26:34 +0200] "GET /images/big_prod_1/8422087179349B.jpg HTTP/1.0" 200 271 "-" "Googlebot-Image/1.0"
87.250.224.94 - - [22/Sep/2022:22:26:56 +0200] "GET /united-pastel-london-bedclothes-140-200-cm-p-29993.html HTTP/1.0" 301 72127 "-" "Mozilla/5.0 (compatible; YandexBot/3.0; +http://yandex.com/bots)"
87.250.224.94 - - [22/Sep/2022:22:26:59 +0200] "GET /-p-29993.html HTTP/1.0" 200 72060 "-" "Mozilla/5.0 (compatible; YandexBot/3.0; +http://yandex.com/bots)"
216.244.66.242 - - [22/Sep/2022:22:27:09 +0200] "GET /images/3438100333839.jpg HTTP/1.0" 200 259 "-" "Mozilla/5.0 (compatible; DotBot/1.2; +https://opensiteexplorer.org/dotbot; help@moz.com)"
154.85.51.160 - - [22/Sep/2022:22:27:13 +0200] "GET /images/mini_prod/c8427787034837.jpg HTTP/1.0" 200 270 "-" "Mozilla/5.0 (X11; Ubuntu; Linux x86_64; rv:72.0) Gecko/20100101 Firefox/72.0"
66.249.66.214 - - [22/Sep/2022:22:27:38 +0200] "GET /home/stickers-and-posters/hello-kitty-pop-art-poster-p-12147.html HTTP/1.0" 301 72250 "-" "Mozilla/5.0 (compatible; Googlebot/2.1; +http://www.google.com/bot.html)"
66.249.66.70 - - [22/Sep/2022:22:27:40 +0200] "GET /hello-kitty-poster-p-12147.html HTTP/1.0" 200 72165 "-" "Mozilla/5.0 (compatible; Googlebot/2.1; +http://www.google.com/bot.html)"
66.249.66.6 - - [22/Sep/2022:22:27:42 +0200] "GET /british-round-p-15931.html HTTP/1.0" 200 74788 "-" "Mozilla/5.0 (Linux; Android 6.0.1; Nexus 5X Build/MMB29P) AppleWebKit/537.36 (KHTML, like Gecko) Chrome/105.0.5195.125 Mobile Safari/537.36 (compatible; Googlebot/2.1; +http://www.google.com/bot.html)"
66.249.66.68 - - [22/Sep/2022:22:27:43 +0200] "GET /league-justice-pencil-case-p-41080.html HTTP/1.0" 200 74752 "-" "Mozilla/5.0 (Linux; Android 6.0.1; Nexus 5X Build/MMB29P) AppleWebKit/537.36 (KHTML, like Gecko) Chrome/105.0.5195.125 Mobile Safari/537.36 (compatible; Googlebot/2.1; +http://www.google.com/bot.html)"
66.249.66.8 - - [22/Sep/2022:22:27:45 +0200] "GET /bodega-placemat-p-39557.html HTTP/1.0" 200 74851 "-" "Mozilla/5.0 (Linux; Android 6.0.1; Nexus 5X Build/MMB29P) AppleWebKit/537.36 (KHTML, like Gecko) Chrome/105.0.5195.125 Mobile Safari/537.36 (compatible; Googlebot/2.1; +http://www.google.com/bot.html)"
66.249.66.68 - - [22/Sep/2022:22:27:48 +0200] "GET /watches-c-3_66.html HTTP/1.0" 200 92793 "-" "Mozilla/5.0 (Linux; Android 6.0.1; Nexus 5X Build/MMB29P) AppleWebKit/537.36 (KHTML, like Gecko) Chrome/105.0.5195.125 Mobile Safari/537.36 (compatible; Googlebot/2.1; +http://www.google.com/bot.html)"
66.249.66.144 - - [22/Sep/2022:22:27:50 +0200] "GET /js/jquery.js HTTP/1.0" 200 252 "http://www.wonder-geek.com/league-justice-pencil-case-p-41080.html" "Mozilla/5.0 (Linux; Android 6.0.1; Nexus 5X Build/MMB29P) AppleWebKit/537.36 (KHTML, like Gecko) Chrome/105.0.5195.102 Mobile Safari/537.36 (compatible; Googlebot/2.1; +http://www.google.com/bot.html)"
185.191.171.40 - - [22/Sep/2022:22:27:51 +0200] "GET /money-boxes-c-13_83.html?page=7 HTTP/1.0" 200 95469 "-" "Mozilla/5.0 (compatible; SemrushBot/7~bl; +http://www.semrush.com/bot.html)"
66.249.66.68 - - [22/Sep/2022:22:28:02 +0200] "GET /angel-figurine-infinite-p-58780.html HTTP/1.0" 200 75031 "-" "Mozilla/5.0 (Linux; Android 6.0.1; Nexus 5X Build/MMB29P) AppleWebKit/537.36 (KHTML, like Gecko) Chrome/105.0.5195.125 Mobile Safari/537.36 (compatible; Googlebot/2.1; +http://www.google.com/bot.html)"
185.191.171.15 - - [22/Sep/2022:22:28:10 +0200] "GET /salt-pepper-gaston-collection-p-52665.html HTTP/1.0" 200 74804 "-" "Mozilla/5.0 (compatible; SemrushBot/7~bl; +http://www.semrush.com/bot.html)"
184.148.67.157 - - [22/Sep/2022:22:28:16 +0200] "GET /kitchen-towel-chouchou-collection-p-54755.html HTTP/1.0" 200 74760 "https://www.google.ca/" "Mozilla/5.0 (iPhone; CPU iPhone OS 15_6_1 like Mac OS X) AppleWebKit/605.1.15 (KHTML, like Gecko) Version/15.6.1 Mobile/15E148 Safari/604.1"
184.148.67.157 - - [22/Sep/2022:22:28:18 +0200] "GET /templates/Pixame_v1/stylesheet.css HTTP/1.0" 200 267 "http://www.wonder-geek.com/kitchen-towel-chouchou-collection-p-54755.html" "Mozilla/5.0 (iPhone; CPU iPhone OS 15_6_1 like Mac OS X) AppleWebKit/605.1.15 (KHTML, like Gecko) Version/15.6.1 Mobile/15E148 Safari/604.1"
184.148.67.157 - - [22/Sep/2022:22:28:18 +0200] "GET /highslide/highslide.js HTTP/1.0" 200 262 "http://www.wonder-geek.com/kitchen-towel-chouchou-collection-p-54755.html" "Mozilla/5.0 (iPhone; CPU iPhone OS 15_6_1 like Mac OS X) AppleWebKit/605.1.15 (KHTML, like Gecko) Version/15.6.1 Mobile/15E148 Safari/604.1"
184.148.67.157 - - [22/Sep/2022:22:28:18 +0200] "GET /mondial_relay/js/jquery-1.3.2.min.js HTTP/1.0" 200 276 "http://www.wonder-geek.com/kitchen-towel-chouchou-collection-p-54755.html" "Mozilla/5.0 (iPhone; CPU iPhone OS 15_6_1 like Mac OS X) AppleWebKit/605.1.15 (KHTML, like Gecko) Version/15.6.1 Mobile/15E148 Safari/604.1"
184.148.67.157 - - [22/Sep/2022:22:28:18 +0200] "GET /js/jquery.js HTTP/1.0" 200 252 "http://www.wonder-geek.com/kitchen-towel-chouchou-collection-p-54755.html" "Mozilla/5.0 (iPhone; CPU iPhone OS 15_6_1 like Mac OS X) AppleWebKit/605.1.15 (KHTML, like Gecko) Version/15.6.1 Mobile/15E148 Safari/604.1"
184.148.67.157 - - [22/Sep/2022:22:28:18 +0200] "GET /js/jquery.jqzoom.js HTTP/1.0" 200 259 "http://www.wonder-geek.com/kitchen-towel-chouchou-collection-p-54755.html" "Mozilla/5.0 (iPhone; CPU iPhone OS 15_6_1 like Mac OS X) AppleWebKit/605.1.15 (KHTML, like Gecko) Version/15.6.1 Mobile/15E148 Safari/604.1"
184.148.67.157 - - [22/Sep/2022:22:28:18 +0200] "GET /swfobject.js HTTP/1.0" 404 1308 "http://www.wonder-geek.com/kitchen-towel-chouchou-collection-p-54755.html" "Mozilla/5.0 (iPhone; CPU iPhone OS 15_6_1 like Mac OS X) AppleWebKit/605.1.15 (KHTML, like Gecko) Version/15.6.1 Mobile/15E148 Safari/604.1"
184.148.67.157 - - [22/Sep/2022:22:28:18 +0200] "GET /templates/Pixame_v1/images/icon_accueil2.png HTTP/1.0" 200 278 "http://www.wonder-geek.com/kitchen-towel-chouchou-collection-p-54755.html" "Mozilla/5.0 (iPhone; CPU iPhone OS 15_6_1 like Mac OS X) AppleWebKit/605.1.15 (KHTML, like Gecko) Version/15.6.1 Mobile/15E148 Safari/604.1"
184.148.67.157 - - [22/Sep/2022:22:28:19 +0200] "GET /templates/Pixame_v1/images/infobox/pixel_trans.gif HTTP/1.0" 200 328 "http://www.wonder-geek.com/kitchen-towel-chouchou-collection-p-54755.html" "Mozilla/5.0 (iPhone; CPU iPhone OS 15_6_1 like Mac OS X) AppleWebKit/605.1.15 (KHTML, like Gecko) Version/15.6.1 Mobile/15E148 Safari/604.1"
184.148.67.157 - - [22/Sep/2022:22:28:19 +0200] "GET /templates/Pixame_v1/images/header-object.png HTTP/1.0" 200 278 "http://www.wonder-geek.com/kitchen-towel-chouchou-collection-p-54755.html" "Mozilla/5.0 (iPhone; CPU iPhone OS 15_6_1 like Mac OS X) AppleWebKit/605.1.15 (KHTML, like Gecko) Version/15.6.1 Mobile/15E148 Safari/604.1"
184.148.67.157 - - [22/Sep/2022:22:28:19 +0200] "GET /templates/Pixame_v1/images/Bottom_texture.jpg HTTP/1.0" 200 280 "http://www.wonder-geek.com/kitchen-towel-chouchou-collection-p-54755.html" "Mozilla/5.0 (iPhone; CPU iPhone OS 15_6_1 like Mac OS X) AppleWebKit/605.1.15 (KHTML, like Gecko) Version/15.6.1 Mobile/15E148 Safari/604.1"
184.148.67.157 - - [22/Sep/2022:22:28:19 +0200] "GET /templates/Pixame_v1/images/Middle_texture.jpg HTTP/1.0" 200 280 "http://www.wonder-geek.com/kitchen-towel-chouchou-collection-p-54755.html" "Mozilla/5.0 (iPhone; CPU iPhone OS 15_6_1 like Mac OS X) AppleWebKit/605.1.15 (KHTML, like Gecko) Version/15.6.1 Mobile/15E148 Safari/604.1"
184.148.67.157 - - [22/Sep/2022:22:28:19 +0200] "GET /templates/Pixame_v1/images/infobox/infobox_footer_middle.gif HTTP/1.0" 200 357 "http://www.wonder-geek.com/kitchen-towel-chouchou-collection-p-54755.html" "Mozilla/5.0 (iPhone; CPU iPhone OS 15_6_1 like Mac OS X) AppleWebKit/605.1.15 (KHTML, like Gecko) Version/15.6.1 Mobile/15E148 Safari/604.1"
184.148.67.157 - - [22/Sep/2022:22:28:19 +0200] "GET /templates/Pixame_v1/images/header.png HTTP/1.0" 200 271 "http://www.wonder-geek.com/kitchen-towel-chouchou-collection-p-54755.html" "Mozilla/5.0 (iPhone; CPU iPhone OS 15_6_1 like Mac OS X) AppleWebKit/605.1.15 (KHTML, like Gecko) Version/15.6.1 Mobile/15E148 Safari/604.1"
184.148.67.157 - - [22/Sep/2022:22:28:19 +0200] "GET /templates/Pixame_v1/images/nav.png HTTP/1.0" 200 268 "http://www.wonder-geek.com/kitchen-towel-chouchou-collection-p-54755.html" "Mozilla/5.0 (iPhone; CPU iPhone OS 15_6_1 like Mac OS X) AppleWebKit/605.1.15 (KHTML, like Gecko) Version/15.6.1 Mobile/15E148 Safari/604.1"
184.148.67.157 - - [22/Sep/2022:22:28:19 +0200] "GET /templates/Pixame_v1/images/buttons/english/button_in_cart.gif HTTP/1.0" 200 295 "http://www.wonder-geek.com/kitchen-towel-chouchou-collection-p-54755.html" "Mozilla/5.0 (iPhone; CPU iPhone OS 15_6_1 like Mac OS X) AppleWebKit/605.1.15 (KHTML, like Gecko) Version/15.6.1 Mobile/15E148 Safari/604.1"
184.148.67.157 - - [22/Sep/2022:22:28:19 +0200] "GET /images/big_prod/3503420200243.jpg HTTP/1.0" 200 268 "http://www.wonder-geek.com/kitchen-towel-chouchou-collection-p-54755.html" "Mozilla/5.0 (iPhone; CPU iPhone OS 15_6_1 like Mac OS X) AppleWebKit/605.1.15 (KHTML, like Gecko) Version/15.6.1 Mobile/15E148 Safari/604.1"
184.148.67.157 - - [22/Sep/2022:22:28:19 +0200] "GET /templates/Pixame_v1/images/pixel_trans.gif HTTP/1.0" 200 328 "http://www.wonder-geek.com/kitchen-towel-chouchou-collection-p-54755.html" "Mozilla/5.0 (iPhone; CPU iPhone OS 15_6_1 like Mac OS X) AppleWebKit/605.1.15 (KHTML, like Gecko) Version/15.6.1 Mobile/15E148 Safari/604.1"
184.148.67.157 - - [22/Sep/2022:22:28:19 +0200] "GET /images/pixel_trans.gif HTTP/1.0" 200 328 "http://www.wonder-geek.com/kitchen-towel-chouchou-collection-p-54755.html" "Mozilla/5.0 (iPhone; CPU iPhone OS 15_6_1 like Mac OS X) AppleWebKit/605.1.15 (KHTML, like Gecko) Version/15.6.1 Mobile/15E148 Safari/604.1"
184.148.67.157 - - [22/Sep/2022:22:28:19 +0200] "GET /design/productsenstock.png HTTP/1.0" 200 260 "http://www.wonder-geek.com/kitchen-towel-chouchou-collection-p-54755.html" "Mozilla/5.0 (iPhone; CPU iPhone OS 15_6_1 like Mac OS X) AppleWebKit/605.1.15 (KHTML, like Gecko) Version/15.6.1 Mobile/15E148 Safari/604.1"
184.148.67.157 - - [22/Sep/2022:22:28:20 +0200] "GET /highslide/graphics/zoomin.cur HTTP/1.0" 200 614 "http://www.wonder-geek.com/kitchen-towel-chouchou-collection-p-54755.html" "Mozilla/5.0 (iPhone; CPU iPhone OS 15_6_1 like Mac OS X) AppleWebKit/605.1.15 (KHTML, like Gecko) Version/15.6.1 Mobile/15E148 Safari/604.1"
184.148.67.157 - - [22/Sep/2022:22:28:20 +0200] "GET /highslide/graphics/outlines/drop-shadow.png HTTP/1.0" 200 277 "http://www.wonder-geek.com/kitchen-towel-chouchou-collection-p-54755.html" "Mozilla/5.0 (iPhone; CPU iPhone OS 15_6_1 like Mac OS X) AppleWebKit/605.1.15 (KHTML, like Gecko) Version/15.6.1 Mobile/15E148 Safari/604.1"
184.148.67.157 - - [22/Sep/2022:22:28:20 +0200] "GET /highslide/graphics/zoomout.cur HTTP/1.0" 200 614 "http://www.wonder-geek.com/kitchen-towel-chouchou-collection-p-54755.html" "Mozilla/5.0 (iPhone; CPU iPhone OS 15_6_1 like Mac OS X) AppleWebKit/605.1.15 (KHTML, like Gecko) Version/15.6.1 Mobile/15E148 Safari/604.1"
184.148.67.157 - - [22/Sep/2022:22:28:20 +0200] "GET /highslide/graphics/loader.white.gif HTTP/1.0" 200 960 "http://www.wonder-geek.com/kitchen-towel-chouchou-collection-p-54755.html" "Mozilla/5.0 (iPhone; CPU iPhone OS 15_6_1 like Mac OS X) AppleWebKit/605.1.15 (KHTML, like Gecko) Version/15.6.1 Mobile/15E148 Safari/604.1"
184.148.67.157 - - [22/Sep/2022:22:28:20 +0200] "GET /favicon.ico HTTP/1.0" 200 260 "http://www.wonder-geek.com/kitchen-towel-chouchou-collection-p-54755.html" "Mozilla/5.0 (iPhone; CPU iPhone OS 15_6_1 like Mac OS X) AppleWebKit/605.1.15 (KHTML, like Gecko) Version/15.6.1 Mobile/15E148 Safari/604.1"
114.119.137.31 - - [22/Sep/2022:22:28:20 +0200] "GET /flower-pot-braided-willow-12-cm-p-49689.html HTTP/1.0" 301 72127 "http://www.wonder-geek.com/vase-flower-pot-and-soliflore-c-13_232.html?page=2" "Mozilla/5.0 (Linux; Android 7.0;) AppleWebKit/537.36 (KHTML, like Gecko) Mobile Safari/537.36 (compatible; PetalBot;+https://webmaster.petalsearch.com/site/petalbot)"
114.119.137.31 - - [22/Sep/2022:22:28:21 +0200] "GET /-p-49689.html HTTP/1.0" 200 72060 "http://www.wonder-geek.com/vase-flower-pot-and-soliflore-c-13_232.html?page=2" "Mozilla/5.0 (Linux; Android 7.0;) AppleWebKit/537.36 (KHTML, like Gecko) Mobile Safari/537.36 (compatible; PetalBot;+https://webmaster.petalsearch.com/site/petalbot)"
66.249.66.210 - - [22/Sep/2022:22:28:41 +0200] "GET /madurai-jasmine-melts-p-55224.html HTTP/1.0" 200 75684 "-" "Mozilla/5.0 (Linux; Android 6.0.1; Nexus 5X Build/MMB29P) AppleWebKit/537.36 (KHTML, like Gecko) Chrome/105.0.5195.125 Mobile Safari/537.36 (compatible; Googlebot/2.1; +http://www.google.com/bot.html)"
185.191.171.44 - - [22/Sep/2022:22:29:03 +0200] "GET /white-lampshade-p-58792.html HTTP/1.0" 200 75527 "-" "Mozilla/5.0 (compatible; SemrushBot/7~bl; +http://www.semrush.com/bot.html)"
66.249.66.144 - - [22/Sep/2022:22:29:06 +0200] "GET /images/big_prod/1341689438982.jpg HTTP/1.0" 200 268 "-" "Googlebot-Image/1.0"
163.220.128.41 - - [22/Sep/2022:22:30:00 +0200] "GET /images/8430269349879.jpg HTTP/1.0" 200 259 "-" "Mozilla/5.0 (X11; Ubuntu; Linux x86_64; rv:72.0) Gecko/20100101 Firefox/72.0"
152.136.108.250 - - [22/Sep/2022:22:30:22 +0200] "GET /images/mini_prod/5415203956408.jpg HTTP/1.0" 200 269 "-" "python-requests/2.27.1"
157.55.39.217 - - [22/Sep/2022:22:30:25 +0200] "GET /images/mini_prod/846007011423.jpg HTTP/1.0" 200 268 "-" "Mozilla/5.0 AppleWebKit/537.36 (KHTML, like Gecko; compatible; bingbot/2.0; +http://www.bing.com/bingbot.htm) Chrome/103.0.5060.134 Safari/537.36"
