157.90.177.217 - - [22/Sep/2022:15:37:41 +0200] "GET /pucca-p-22263.html HTTP/1.0" 200 74697 "-" "Mozilla/5.0 (compatible; BLEXBot/1.0; +http://webmeup-crawler.com/)"
66.249.66.146 - - [22/Sep/2022:15:37:47 +0200] "GET /pink-with-glitter-money-p-48230.html HTTP/1.0" 200 74786 "-" "Mozilla/5.0 (compatible; Googlebot/2.1; +http://www.google.com/bot.html)"
157.90.177.217 - - [22/Sep/2022:15:37:51 +0200] "GET /pucca-p-22264.html HTTP/1.0" 200 74697 "-" "Mozilla/5.0 (compatible; BLEXBot/1.0; +http://webmeup-crawler.com/)"
157.90.177.217 - - [22/Sep/2022:15:37:56 +0200] "GET /pucca-p-22265.html HTTP/1.0" 200 74720 "-" "Mozilla/5.0 (compatible; BLEXBot/1.0; +http://webmeup-crawler.com/)"
157.90.177.217 - - [22/Sep/2022:15:38:02 +0200] "GET /pucca-p-22266.html HTTP/1.0" 200 74702 "-" "Mozilla/5.0 (compatible; BLEXBot/1.0; +http://webmeup-crawler.com/)"
157.55.39.217 - - [22/Sep/2022:15:38:06 +0200] "GET /bag-for-shopping-van-gogh-iris-40-40-cm-p-53536.html HTTP/1.0" 301 75624 "-" "Mozilla/5.0 (compatible; bingbot/2.0; +http://www.bing.com/bingbot.htm)"
157.90.177.217 - - [22/Sep/2022:15:38:08 +0200] "GET /pucca-shopping-p-12826.html HTTP/1.0" 200 74847 "-" "Mozilla/5.0 (compatible; BLEXBot/1.0; +http://webmeup-crawler.com/)"
157.90.177.217 - - [22/Sep/2022:15:38:12 +0200] "GET /pucca-tights-p-34658.html HTTP/1.0" 200 75756 "-" "Mozilla/5.0 (compatible; BLEXBot/1.0; +http://webmeup-crawler.com/)"
185.191.171.37 - - [22/Sep/2022:15:38:18 +0200] "GET /metal-boxes-storage-c-13_150_218.html?page=1 HTTP/1.0" 200 92397 "-" "Mozilla/5.0 (compatible; SemrushBot/7~bl; +http://www.semrush.com/bot.html)"
157.90.177.217 - - [22/Sep/2022:15:38:18 +0200] "GET /pucca-towel-p-2355.html HTTP/1.0" 200 74746 "-" "Mozilla/5.0 (compatible; BLEXBot/1.0; +http://webmeup-crawler.com/)"
66.249.66.144 - - [22/Sep/2022:15:38:26 +0200] "GET /images/mini_prod/4029811390830.jpg HTTP/1.0" 200 269 "-" "Mozilla/5.0 (compatible; Googlebot/2.1; +http://www.google.com/bot.html)"
157.90.177.217 - - [22/Sep/2022:15:38:25 +0200] "GET /pucca-yakusa-wallet-p-20523.html HTTP/1.0" 200 75093 "-" "Mozilla/5.0 (compatible; BLEXBot/1.0; +http://webmeup-crawler.com/)"
157.90.177.217 - - [22/Sep/2022:15:38:30 +0200] "GET /pulp-fiction-zombis-poster-p-32264.html HTTP/1.0" 200 74741 "-" "Mozilla/5.0 (compatible; BLEXBot/1.0; +http://webmeup-crawler.com/)"
66.249.66.210 - - [22/Sep/2022:15:38:31 +0200] "GET /powder-candle-250-grs-la-bougie-autrement-glitter-green-p-53092.html HTTP/1.0" 301 76176 "-" "Mozilla/5.0 (Linux; Android 6.0.1; Nexus 5X Build/MMB29P) AppleWebKit/537.36 (KHTML, like Gecko) Chrome/105.0.5195.125 Mobile Safari/537.36 (compatible; Googlebot/2.1; +http://www.google.com/bot.html)"
66.249.66.6 - - [22/Sep/2022:15:38:33 +0200] "GET /powder-candle-bougie-autrement-glitter-green-p-53092.html HTTP/1.0" 200 76065 "-" "Mozilla/5.0 (Linux; Android 6.0.1; Nexus 5X Build/MMB29P) AppleWebKit/537.36 (KHTML, like Gecko) Chrome/105.0.5195.125 Mobile Safari/537.36 (compatible; Googlebot/2.1; +http://www.google.com/bot.html)"
157.90.177.217 - - [22/Sep/2022:15:38:35 +0200] "GET /puppies-boots-wildside-poster-p-25820.html HTTP/1.0" 200 74742 "-" "Mozilla/5.0 (compatible; BLEXBot/1.0; +http://webmeup-crawler.com/)"
157.90.177.217 - - [22/Sep/2022:15:38:41 +0200] "GET /puppies-glass-clock-p-27209.html HTTP/1.0" 200 74670 "-" "Mozilla/5.0 (compatible; BLEXBot/1.0; +http://webmeup-crawler.com/)"
157.90.177.217 - - [22/Sep/2022:15:38:46 +0200] "GET /puppy-glue-stick-p-40831.html HTTP/1.0" 200 74668 "-" "Mozilla/5.0 (compatible; BLEXBot/1.0; +http://webmeup-crawler.com/)"
157.90.177.217 - - [22/Sep/2022:15:38:52 +0200] "GET /purple-brush-with-white-horse-p-34816.html HTTP/1.0" 200 75389 "-" "Mozilla/5.0 (compatible; BLEXBot/1.0; +http://webmeup-crawler.com/)"
185.191.171.4 - - [22/Sep/2022:15:38:58 +0200] "GET /porcelain-bowl-cats-p-54483.html HTTP/1.0" 200 74667 "-" "Mozilla/5.0 (compatible; SemrushBot/7~bl; +http://www.semrush.com/bot.html)"
157.90.177.217 - - [22/Sep/2022:15:38:59 +0200] "GET /purple-kitchen-towel-p-44417.html HTTP/1.0" 200 74717 "-" "Mozilla/5.0 (compatible; BLEXBot/1.0; +http://webmeup-crawler.com/)"
66.249.66.8 - - [22/Sep/2022:15:39:05 +0200] "GET /images/mini_prod/3665269057621.jpg HTTP/1.0" 200 269 "-" "Mozilla/5.0 (compatible; Googlebot/2.1; +http://www.google.com/bot.html)"
66.249.66.68 - - [22/Sep/2022:15:39:05 +0200] "GET /images/mini_prod/3503420095047.jpg HTTP/1.0" 200 269 "-" "Mozilla/5.0 (compatible; Googlebot/2.1; +http://www.google.com/bot.html)"
66.249.66.10 - - [22/Sep/2022:15:39:07 +0200] "GET /images/mini_prod/8904245400088.jpg HTTP/1.0" 200 269 "-" "Mozilla/5.0 (compatible; Googlebot/2.1; +http://www.google.com/bot.html)"
157.90.177.217 - - [22/Sep/2022:15:39:08 +0200] "GET /purse-leather-purse-navy-anchor-gray-p-47352.html HTTP/1.0" 200 75461 "-" "Mozilla/5.0 (compatible; BLEXBot/1.0; +http://webmeup-crawler.com/)"
157.90.177.217 - - [22/Sep/2022:15:39:13 +0200] "GET /purse-leather-purse-navy-anchor-graypurse-leather-wallet-p-47353.html HTTP/1.0" 200 75903 "-" "Mozilla/5.0 (compatible; BLEXBot/1.0; +http://webmeup-crawler.com/)"
157.90.177.217 - - [22/Sep/2022:15:39:18 +0200] "GET /purse-wallet-c-31_76.html?page=2 HTTP/1.0" 200 94297 "-" "Mozilla/5.0 (compatible; BLEXBot/1.0; +http://webmeup-crawler.com/)"
66.249.66.68 - - [22/Sep/2022:15:39:19 +0200] "GET /paperweight-kiub-collection-cats-paris-p-55891.html HTTP/1.0" 200 75553 "-" "Mozilla/5.0 (compatible; Googlebot/2.1; +http://www.google.com/bot.html)"
114.119.133.245 - - [22/Sep/2022:15:39:23 +0200] "GET /flowers-boho-p-50798.html HTTP/1.0" 200 72126 "http://www.wonder-geek.com/home-decoration-c-13.html?page=126" "Mozilla/5.0 (Linux; Android 7.0;) AppleWebKit/537.36 (KHTML, like Gecko) Mobile Safari/537.36 (compatible; PetalBot;+https://webmaster.petalsearch.com/site/petalbot)"
157.90.177.217 - - [22/Sep/2022:15:39:23 +0200] "GET /purse-wallet-c-31_76.html?page=3 HTTP/1.0" 200 94214 "-" "Mozilla/5.0 (compatible; BLEXBot/1.0; +http://webmeup-crawler.com/)"
157.90.177.217 - - [22/Sep/2022:15:39:29 +0200] "GET /purse-wallet-c-31_76.html?page=4 HTTP/1.0" 200 94298 "-" "Mozilla/5.0 (compatible; BLEXBot/1.0; +http://webmeup-crawler.com/)"
157.90.177.217 - - [22/Sep/2022:15:39:36 +0200] "GET /purse-wallet-c-31_76.html?page=5 HTTP/1.0" 200 88113 "-" "Mozilla/5.0 (compatible; BLEXBot/1.0; +http://webmeup-crawler.com/)"
157.90.177.217 - - [22/Sep/2022:15:39:41 +0200] "GET /pusheen-holidazzler-p-41961.html HTTP/1.0" 200 75668 "-" "Mozilla/5.0 (compatible; BLEXBot/1.0; +http://webmeup-crawler.com/)"
157.90.177.217 - - [22/Sep/2022:15:39:46 +0200] "GET /pusheen-sticker-sheet-p-42602.html HTTP/1.0" 200 74946 "-" "Mozilla/5.0 (compatible; BLEXBot/1.0; +http://webmeup-crawler.com/)"
156.59.237.152 - - [22/Sep/2022:15:39:50 +0200] "GET /images/mini_prod/1399984242520.jpg HTTP/1.0" 200 269 "-" "Mozilla/5.0 (X11; Ubuntu; Linux x86_64; rv:72.0) Gecko/20100101 Firefox/72.0"
157.90.177.217 - - [22/Sep/2022:15:39:51 +0200] "GET /pusheen-sticker-sheet-pastel-p-42603.html HTTP/1.0" 200 74987 "-" "Mozilla/5.0 (compatible; BLEXBot/1.0; +http://webmeup-crawler.com/)"
157.90.177.217 - - [22/Sep/2022:15:39:56 +0200] "GET /quartz-geode-size-about-p-47199.html HTTP/1.0" 200 75537 "-" "Mozilla/5.0 (compatible; BLEXBot/1.0; +http://webmeup-crawler.com/)"
156.59.237.149 - - [22/Sep/2022:15:39:59 +0200] "GET /images/mini_prod/8433933436172.jpg HTTP/1.0" 200 269 "-" "Mozilla/5.0 (X11; Ubuntu; Linux x86_64; rv:72.0) Gecko/20100101 Firefox/72.0"
157.90.177.217 - - [22/Sep/2022:15:40:02 +0200] "GET /quartz-globe-diameter-base-p-50601.html HTTP/1.0" 200 75477 "-" "Mozilla/5.0 (compatible; BLEXBot/1.0; +http://webmeup-crawler.com/)"
157.90.177.217 - - [22/Sep/2022:15:40:08 +0200] "GET /quebec-cookware-cbkreation-p-29711.html HTTP/1.0" 200 74732 "-" "Mozilla/5.0 (compatible; BLEXBot/1.0; +http://webmeup-crawler.com/)"
157.55.39.28 - - [22/Sep/2022:15:40:09 +0200] "GET /mcstuffins-poster-p-30882.html HTTP/1.0" 200 74677 "-" "Mozilla/5.0 (compatible; bingbot/2.0; +http://www.bing.com/bingbot.htm)"
157.90.177.217 - - [22/Sep/2022:15:40:13 +0200] "GET /quote-wooden-wall-decoration-hang-p-43074.html HTTP/1.0" 200 74813 "-" "Mozilla/5.0 (compatible; BLEXBot/1.0; +http://webmeup-crawler.com/)"
157.90.177.217 - - [22/Sep/2022:15:40:17 +0200] "GET /rainbow-bookends-p-57893.html HTTP/1.0" 200 75228 "-" "Mozilla/5.0 (compatible; BLEXBot/1.0; +http://webmeup-crawler.com/)"
157.90.177.217 - - [22/Sep/2022:15:40:23 +0200] "GET /rapunzel-adventurous-princess-figure-collection-p-36956.html HTTP/1.0" 200 75052 "-" "Mozilla/5.0 (compatible; BLEXBot/1.0; +http://webmeup-crawler.com/)"
156.59.237.150 - - [22/Sep/2022:15:40:29 +0200] "GET /images/mini_prod/3453131152020.jpg HTTP/1.0" 200 269 "-" "Mozilla/5.0 (X11; Ubuntu; Linux x86_64; rv:72.0) Gecko/20100101 Firefox/72.0"
157.90.177.217 - - [22/Sep/2022:15:40:28 +0200] "GET /rattan-p-58715.html HTTP/1.0" 200 75546 "-" "Mozilla/5.0 (compatible; BLEXBot/1.0; +http://webmeup-crawler.com/)"
216.244.66.242 - - [22/Sep/2022:15:40:31 +0200] "GET /child-watch-football-p-29223.html HTTP/1.0" 200 72134 "-" "Mozilla/5.0 (compatible; DotBot/1.2; +https://opensiteexplorer.org/dotbot; help@moz.com)"
157.90.177.217 - - [22/Sep/2022:15:40:34 +0200] "GET /raving-rabbids-lucha-libre-p-18098.html HTTP/1.0" 200 74732 "-" "Mozilla/5.0 (compatible; BLEXBot/1.0; +http://webmeup-crawler.com/)"
216.244.66.242 - - [22/Sep/2022:15:40:37 +0200] "GET /gorjuss-bath-towel-p-41021.html HTTP/1.0" 301 72127 "-" "Mozilla/5.0 (compatible; DotBot/1.2; +https://opensiteexplorer.org/dotbot; help@moz.com)"
157.90.177.217 - - [22/Sep/2022:15:40:41 +0200] "GET /raving-rabbids-magnetic-clock-p-17394.html HTTP/1.0" 200 74834 "-" "Mozilla/5.0 (compatible; BLEXBot/1.0; +http://webmeup-crawler.com/)"
216.244.66.242 - - [22/Sep/2022:15:40:44 +0200] "GET /moroccan-ashtray-p-40669.html HTTP/1.0" 200 74667 "-" "Mozilla/5.0 (compatible; DotBot/1.2; +https://opensiteexplorer.org/dotbot; help@moz.com)"
157.90.177.217 - - [22/Sep/2022:15:40:46 +0200] "GET /raving-rabbids-storage-stool-p-37534.html HTTP/1.0" 200 74879 "-" "Mozilla/5.0 (compatible; BLEXBot/1.0; +http://webmeup-crawler.com/)"
185.191.171.16 - - [22/Sep/2022:15:40:45 +0200] "GET /-p-23423.html HTTP/1.0" 200 72060 "-" "Mozilla/5.0 (compatible; SemrushBot/7~bl; +http://www.semrush.com/bot.html)"
216.244.66.242 - - [22/Sep/2022:15:40:50 +0200] "GET /owl-by-allen-mug-p-25809.html HTTP/1.0" 301 74670 "-" "Mozilla/5.0 (compatible; DotBot/1.2; +https://opensiteexplorer.org/dotbot; help@moz.com)"
156.59.237.153 - - [22/Sep/2022:15:40:54 +0200] "GET /images/mini_prod/1367103427257.jpg HTTP/1.0" 200 269 "-" "Mozilla/5.0 (X11; Ubuntu; Linux x86_64; rv:72.0) Gecko/20100101 Firefox/72.0"
157.90.177.217 - - [22/Sep/2022:15:40:54 +0200] "GET /raving-rabbids-tray-p-24508.html HTTP/1.0" 200 74691 "-" "Mozilla/5.0 (compatible; BLEXBot/1.0; +http://webmeup-crawler.com/)"
216.244.66.242 - - [22/Sep/2022:15:40:57 +0200] "GET /teddy-bear-lamp-p-38598.html HTTP/1.0" 301 72127 "-" "Mozilla/5.0 (compatible; DotBot/1.2; +https://opensiteexplorer.org/dotbot; help@moz.com)"
157.90.177.217 - - [22/Sep/2022:15:40:59 +0200] "GET /raving-rabbits-clock-p-37535.html HTTP/1.0" 200 74721 "-" "Mozilla/5.0 (compatible; BLEXBot/1.0; +http://webmeup-crawler.com/)"
216.244.66.242 - - [22/Sep/2022:15:41:02 +0200] "GET /bamboo-fiber-plant-cover-like-bird-p-49556.html HTTP/1.0" 301 72127 "-" "Mozilla/5.0 (compatible; DotBot/1.2; +https://opensiteexplorer.org/dotbot; help@moz.com)"
157.90.177.217 - - [22/Sep/2022:15:41:03 +0200] "GET /raving-rabbits-sports-bottle-p-31753.html HTTP/1.0" 200 75367 "-" "Mozilla/5.0 (compatible; BLEXBot/1.0; +http://webmeup-crawler.com/)"
157.90.177.217 - - [22/Sep/2022:15:41:08 +0200] "GET /real-madrid-homework-notebooks-p-52030.html HTTP/1.0" 200 74955 "-" "Mozilla/5.0 (compatible; BLEXBot/1.0; +http://webmeup-crawler.com/)"
216.244.66.242 - - [22/Sep/2022:15:41:09 +0200] "GET /bistro-des-arts-little-tray-20-14-cm-p-39726.html HTTP/1.0" 301 72127 "-" "Mozilla/5.0 (compatible; DotBot/1.2; +https://opensiteexplorer.org/dotbot; help@moz.com)"
157.90.177.217 - - [22/Sep/2022:15:41:12 +0200] "GET /real-madrid-homework-notebooks-p-52031.html HTTP/1.0" 200 74955 "-" "Mozilla/5.0 (compatible; BLEXBot/1.0; +http://webmeup-crawler.com/)"
185.191.171.18 - - [22/Sep/2022:15:41:14 +0200] "GET /enrico-benetti-backpack-p-35996.html HTTP/1.0" 200 75849 "-" "Mozilla/5.0 (compatible; SemrushBot/7~bl; +http://www.semrush.com/bot.html)"
157.90.177.217 - - [22/Sep/2022:15:41:17 +0200] "GET /real-madrid-homework-notebooks-p-52032.html HTTP/1.0" 200 74955 "-" "Mozilla/5.0 (compatible; BLEXBot/1.0; +http://webmeup-crawler.com/)"
216.244.66.242 - - [22/Sep/2022:15:41:19 +0200] "GET /blue-coat-rack-fatima-hand-wooden-hooks-p-50570.html HTTP/1.0" 200 72210 "-" "Mozilla/5.0 (compatible; DotBot/1.2; +https://opensiteexplorer.org/dotbot; help@moz.com)"
157.90.177.217 - - [22/Sep/2022:15:41:22 +0200] "GET /real-madrid-kids-school-p-36254.html HTTP/1.0" 200 75031 "-" "Mozilla/5.0 (compatible; BLEXBot/1.0; +http://webmeup-crawler.com/)"
207.46.13.149 - - [22/Sep/2022:15:41:22 +0200] "GET /gorilla-teapot-paul-cardew-p-35268.html HTTP/1.0" 200 74733 "-" "Mozilla/5.0 AppleWebKit/537.36 (KHTML, like Gecko; compatible; bingbot/2.0; +http://www.bing.com/bingbot.htm) Chrome/103.0.5060.134 Safari/537.36"
157.90.177.217 - - [22/Sep/2022:15:41:26 +0200] "GET /real-madrid-pencil-case-p-52115.html HTTP/1.0" 200 74763 "-" "Mozilla/5.0 (compatible; BLEXBot/1.0; +http://webmeup-crawler.com/)"
216.244.66.242 - - [22/Sep/2022:15:41:27 +0200] "GET /cat-shadow-ceramic-pitcher-p-46408.html HTTP/1.0" 301 74807 "-" "Mozilla/5.0 (compatible; DotBot/1.2; +https://opensiteexplorer.org/dotbot; help@moz.com)"
157.90.177.217 - - [22/Sep/2022:15:41:31 +0200] "GET /real-madrid-trolley-p-52059.html HTTP/1.0" 200 75429 "-" "Mozilla/5.0 (compatible; BLEXBot/1.0; +http://webmeup-crawler.com/)"
216.244.66.242 - - [22/Sep/2022:15:41:34 +0200] "GET /incense-stick-holder-buddha-p-44895.html HTTP/1.0" 200 74829 "-" "Mozilla/5.0 (compatible; DotBot/1.2; +https://opensiteexplorer.org/dotbot; help@moz.com)"
157.90.177.217 - - [22/Sep/2022:15:41:36 +0200] "GET /rebecca-bedclothes-p-55450.html HTTP/1.0" 200 75428 "-" "Mozilla/5.0 (compatible; BLEXBot/1.0; +http://webmeup-crawler.com/)"
216.244.66.242 - - [22/Sep/2022:15:41:41 +0200] "GET /italia-dolce-vita-breakfast-set-p-25932.html HTTP/1.0" 301 75507 "-" "Mozilla/5.0 (compatible; DotBot/1.2; +https://opensiteexplorer.org/dotbot; help@moz.com)"
157.90.177.217 - - [22/Sep/2022:15:41:41 +0200] "GET /rebecca-bonbon-credit-card-sticker-p-8818.html HTTP/1.0" 200 74889 "-" "Mozilla/5.0 (compatible; BLEXBot/1.0; +http://webmeup-crawler.com/)"
66.249.66.6 - - [22/Sep/2022:15:41:45 +0200] "GET /images/mini_prod/8427787057713.jpg HTTP/1.0" 200 269 "-" "Mozilla/5.0 (compatible; Googlebot/2.1; +http://www.google.com/bot.html)"
216.244.66.242 - - [22/Sep/2022:15:41:47 +0200] "GET /metal-moneybox-star-wars-kylo-p-34870.html HTTP/1.0" 301 72127 "-" "Mozilla/5.0 (compatible; DotBot/1.2; +https://opensiteexplorer.org/dotbot; help@moz.com)"
157.90.177.217 - - [22/Sep/2022:15:41:48 +0200] "GET /rebecca-bonbon-credit-card-sticker-p-8821.html HTTP/1.0" 200 74889 "-" "Mozilla/5.0 (compatible; BLEXBot/1.0; +http://webmeup-crawler.com/)"
216.244.66.242 - - [22/Sep/2022:15:41:52 +0200] "GET /ninja-turtles-large-sticker-p-27890.html HTTP/1.0" 200 74735 "-" "Mozilla/5.0 (compatible; DotBot/1.2; +https://opensiteexplorer.org/dotbot; help@moz.com)"
157.90.177.217 - - [22/Sep/2022:15:41:53 +0200] "GET /rebelle-mrida-training-bottle-p-17163.html HTTP/1.0" 200 74882 "-" "Mozilla/5.0 (compatible; BLEXBot/1.0; +http://webmeup-crawler.com/)"
216.244.66.242 - - [22/Sep/2022:15:41:57 +0200] "GET /premium-beer-metal-tray-p-35051.html HTTP/1.0" 301 72127 "-" "Mozilla/5.0 (compatible; DotBot/1.2; +https://opensiteexplorer.org/dotbot; help@moz.com)"
157.90.177.217 - - [22/Sep/2022:15:41:58 +0200] "GET /record-alarm-clock-cbkreation-p-25000.html HTTP/1.0" 200 74803 "-" "Mozilla/5.0 (compatible; BLEXBot/1.0; +http://webmeup-crawler.com/)"
157.90.177.217 - - [22/Sep/2022:15:42:03 +0200] "GET /rectangular-indoor-carpet-p-43512.html HTTP/1.0" 200 75520 "-" "Mozilla/5.0 (compatible; BLEXBot/1.0; +http://webmeup-crawler.com/)"
216.244.66.242 - - [22/Sep/2022:15:42:07 +0200] "GET /quebec-by-cbkreation-mug-p-13977.html HTTP/1.0" 301 74746 "-" "Mozilla/5.0 (compatible; DotBot/1.2; +https://opensiteexplorer.org/dotbot; help@moz.com)"
157.90.177.217 - - [22/Sep/2022:15:42:10 +0200] "GET /rectangular-indoor-carpet-p-53794.html HTTP/1.0" 200 75962 "-" "Mozilla/5.0 (compatible; BLEXBot/1.0; +http://webmeup-crawler.com/)"
216.244.66.242 - - [22/Sep/2022:15:42:14 +0200] "GET /red-hen-figurine-decorative-p-34553.html HTTP/1.0" 301 72228 "-" "Mozilla/5.0 (compatible; DotBot/1.2; +https://opensiteexplorer.org/dotbot; help@moz.com)"
157.90.177.217 - - [22/Sep/2022:15:42:15 +0200] "GET /rectangular-indoor-carpet-p-53796.html HTTP/1.0" 200 75769 "-" "Mozilla/5.0 (compatible; BLEXBot/1.0; +http://webmeup-crawler.com/)"
157.90.177.217 - - [22/Sep/2022:15:42:20 +0200] "GET /rectangular-indoor-carpet-p-53797.html HTTP/1.0" 200 75992 "-" "Mozilla/5.0 (compatible; BLEXBot/1.0; +http://webmeup-crawler.com/)"
216.244.66.242 - - [22/Sep/2022:15:42:21 +0200] "GET /shelf-mailbox-red-metal-98-cm-p-42352.html HTTP/1.0" 301 75449 "-" "Mozilla/5.0 (compatible; DotBot/1.2; +https://opensiteexplorer.org/dotbot; help@moz.com)"
157.90.177.217 - - [22/Sep/2022:15:42:25 +0200] "GET /rectangular-indoor-carpet-p-53798.html HTTP/1.0" 200 75742 "-" "Mozilla/5.0 (compatible; BLEXBot/1.0; +http://webmeup-crawler.com/)"
185.191.171.7 - - [22/Sep/2022:15:42:26 +0200] "GET /-p-40742.html HTTP/1.0" 200 72060 "-" "Mozilla/5.0 (compatible; SemrushBot/7~bl; +http://www.semrush.com/bot.html)"
156.59.237.149 - - [22/Sep/2022:15:42:30 +0200] "GET /images/mini_prod/3700791200166.jpg HTTP/1.0" 200 269 "-" "Mozilla/5.0 (X11; Ubuntu; Linux x86_64; rv:72.0) Gecko/20100101 Firefox/72.0"
216.244.66.242 - - [22/Sep/2022:15:42:30 +0200] "GET /une-petite-pensee-pour-toi-card-p-20053.html HTTP/1.0" 301 74877 "-" "Mozilla/5.0 (compatible; DotBot/1.2; +https://opensiteexplorer.org/dotbot; help@moz.com)"
157.90.177.217 - - [22/Sep/2022:15:42:31 +0200] "GET /rectangular-indoor-carpet-p-53973.html HTTP/1.0" 200 75994 "-" "Mozilla/5.0 (compatible; BLEXBot/1.0; +http://webmeup-crawler.com/)"
157.90.177.217 - - [22/Sep/2022:15:42:37 +0200] "GET /rectangular-kitchen-towel-cotton-aoli-p-51354.html HTTP/1.0" 200 74863 "-" "Mozilla/5.0 (compatible; BLEXBot/1.0; +http://webmeup-crawler.com/)"
216.244.66.242 - - [22/Sep/2022:15:42:37 +0200] "GET /bull-terrier-saltshaker-and-pepper-pot-p-28652.html HTTP/1.0" 301 72127 "-" "Mozilla/5.0 (compatible; DotBot/1.2; +https://opensiteexplorer.org/dotbot; help@moz.com)"
157.90.177.217 - - [22/Sep/2022:15:42:42 +0200] "GET /rectangular-tray-ornaments-over-p-56864.html HTTP/1.0" 200 75537 "-" "Mozilla/5.0 (compatible; BLEXBot/1.0; +http://webmeup-crawler.com/)"
157.90.177.217 - - [22/Sep/2022:15:42:47 +0200] "GET /rectangular-tray-robin-family-p-58526.html HTTP/1.0" 200 72170 "-" "Mozilla/5.0 (compatible; BLEXBot/1.0; +http://webmeup-crawler.com/)"
216.244.66.242 - - [22/Sep/2022:15:42:47 +0200] "GET /cement-tile-stickers-15-15-cm-beige-and-gold-p-45005.html HTTP/1.0" 301 75834 "-" "Mozilla/5.0 (compatible; DotBot/1.2; +https://opensiteexplorer.org/dotbot; help@moz.com)"
157.90.177.217 - - [22/Sep/2022:15:42:54 +0200] "GET /rectangular-tray-roses-baubles-p-58525.html HTTP/1.0" 200 75495 "-" "Mozilla/5.0 (compatible; BLEXBot/1.0; +http://webmeup-crawler.com/)"
216.244.66.242 - - [22/Sep/2022:15:42:54 +0200] "GET /laissez-lucie-faire-make-up-kit-maria-p-38980.html HTTP/1.0" 301 75701 "-" "Mozilla/5.0 (compatible; DotBot/1.2; +https://opensiteexplorer.org/dotbot; help@moz.com)"
157.55.39.12 - - [22/Sep/2022:15:42:57 +0200] "GET /clock-plane-color-rust-p-38742.html HTTP/1.0" 301 72127 "-" "Mozilla/5.0 (compatible; bingbot/2.0; +http://www.bing.com/bingbot.htm)"
5.161.89.173 - - [22/Sep/2022:15:42:59 +0200] "GET /images/mini_prod/34DSCN8154.jpg HTTP/1.0" 200 266 "-" "Mozilla/5.0 (X11; Ubuntu; Linux x86_64; rv:72.0) Gecko/20100101 Firefox/72.0"
216.244.66.242 - - [22/Sep/2022:15:43:01 +0200] "GET /polypropylene-blue-and-beige-outdoor-carpet-160-260-cm-p-44348.html HTTP/1.0" 301 72127 "-" "Mozilla/5.0 (compatible; DotBot/1.2; +https://opensiteexplorer.org/dotbot; help@moz.com)"
157.90.177.217 - - [22/Sep/2022:15:43:03 +0200] "GET /rectangular-wooden-tray-avocado-large-p-47697.html HTTP/1.0" 200 74922 "-" "Mozilla/5.0 (compatible; BLEXBot/1.0; +http://webmeup-crawler.com/)"
156.59.237.152 - - [22/Sep/2022:15:43:08 +0200] "GET /images/mini_prod/4029811379385.jpg HTTP/1.0" 200 269 "-" "Mozilla/5.0 (X11; Ubuntu; Linux x86_64; rv:72.0) Gecko/20100101 Firefox/72.0"
216.244.66.242 - - [22/Sep/2022:15:43:07 +0200] "GET /saint-cure-of-ars-prayer-candle-novena-p-51640.html HTTP/1.0" 301 75655 "-" "Mozilla/5.0 (compatible; DotBot/1.2; +https://opensiteexplorer.org/dotbot; help@moz.com)"
185.191.171.17 - - [22/Sep/2022:15:43:09 +0200] "GET /verity-rose-hair-clips-retro-p-29185.html HTTP/1.0" 200 72218 "-" "Mozilla/5.0 (compatible; SemrushBot/7~bl; +http://www.semrush.com/bot.html)"
66.249.66.56 - - [22/Sep/2022:15:43:12 +0200] "GET /images/big_prod/8421440087406.jpg HTTP/1.0" 200 268 "-" "Googlebot-Image/1.0"
216.244.66.242 - - [22/Sep/2022:15:43:13 +0200] "GET /small-tinbox-retro-motorcycle-55-25-cm-p-41335.html HTTP/1.0" 301 72127 "-" "Mozilla/5.0 (compatible; DotBot/1.2; +https://opensiteexplorer.org/dotbot; help@moz.com)"
157.90.177.217 - - [22/Sep/2022:15:43:13 +0200] "GET /rectangular-wooden-tray-avocado-small-p-47694.html HTTP/1.0" 200 74888 "-" "Mozilla/5.0 (compatible; BLEXBot/1.0; +http://webmeup-crawler.com/)"
216.244.66.242 - - [22/Sep/2022:15:43:18 +0200] "GET /tetsubin-blue-japanese-teapot-12-liter-p-41730.html HTTP/1.0" 301 72340 "-" "Mozilla/5.0 (compatible; DotBot/1.2; +https://opensiteexplorer.org/dotbot; help@moz.com)"
183.71.252.126 - - [22/Sep/2022:15:43:19 +0200] "GET /images/mini_prod/8482013122047.jpg HTTP/1.0" 200 269 "-" "Mozilla/5.0 (X11; Ubuntu; Linux x86_64; rv:72.0) Gecko/20100101 Firefox/72.0"
157.90.177.217 - - [22/Sep/2022:15:43:18 +0200] "GET /relax-mono-wooden-hook-p-37237.html HTTP/1.0" 200 74769 "-" "Mozilla/5.0 (compatible; BLEXBot/1.0; +http://webmeup-crawler.com/)"
216.244.66.242 - - [22/Sep/2022:15:43:24 +0200] "GET /tetsubin-green-teapot-japanese-11-liter-p-41729.html HTTP/1.0" 301 72346 "-" "Mozilla/5.0 (compatible; DotBot/1.2; +https://opensiteexplorer.org/dotbot; help@moz.com)"
157.90.177.217 - - [22/Sep/2022:15:43:25 +0200] "GET /removable-cushion-polar-fleece-p-57906.html HTTP/1.0" 200 75618 "-" "Mozilla/5.0 (compatible; BLEXBot/1.0; +http://webmeup-crawler.com/)"
157.90.177.217 - - [22/Sep/2022:15:43:32 +0200] "GET /removable-cushion-polar-fleece-p-57907.html HTTP/1.0" 200 75618 "-" "Mozilla/5.0 (compatible; BLEXBot/1.0; +http://webmeup-crawler.com/)"
157.90.177.217 - - [22/Sep/2022:15:43:40 +0200] "GET /removable-cushion-polar-fleece-p-57908.html HTTP/1.0" 200 75619 "-" "Mozilla/5.0 (compatible; BLEXBot/1.0; +http://webmeup-crawler.com/)"
185.191.171.14 - - [22/Sep/2022:15:43:43 +0200] "GET /tinkerbell-couture-force-figurine-p-58749.html HTTP/1.0" 200 76278 "-" "Mozilla/5.0 (compatible; SemrushBot/7~bl; +http://www.semrush.com/bot.html)"
157.90.177.217 - - [22/Sep/2022:15:43:45 +0200] "GET /removable-cushion-polar-fleece-p-57909.html HTTP/1.0" 200 75618 "-" "Mozilla/5.0 (compatible; BLEXBot/1.0; +http://webmeup-crawler.com/)"
157.55.39.12 - - [22/Sep/2022:15:43:46 +0200] "GET /holy-family-aromatika-incense-sticks-p-53451.html HTTP/1.0" 200 74844 "-" "Mozilla/5.0 (compatible; bingbot/2.0; +http://www.bing.com/bingbot.htm)"
66.249.66.210 - - [22/Sep/2022:15:43:49 +0200] "GET /statuette-jesus-christ-sacred-heart-inside-outside-p-48903.html HTTP/1.0" 200 75694 "-" "Mozilla/5.0 (Linux; Android 6.0.1; Nexus 5X Build/MMB29P) AppleWebKit/537.36 (KHTML, like Gecko) Chrome/105.0.5195.125 Mobile Safari/537.36 (compatible; Googlebot/2.1; +http://www.google.com/bot.html)"
157.90.177.217 - - [22/Sep/2022:15:43:51 +0200] "GET /removable-cushion-polar-fleece-p-57910.html HTTP/1.0" 200 75618 "-" "Mozilla/5.0 (compatible; BLEXBot/1.0; +http://webmeup-crawler.com/)"
157.90.177.217 - - [22/Sep/2022:15:43:55 +0200] "GET /removable-cushion-polar-fleece-p-57911.html HTTP/1.0" 200 75618 "-" "Mozilla/5.0 (compatible; BLEXBot/1.0; +http://webmeup-crawler.com/)"
157.90.177.217 - - [22/Sep/2022:15:44:03 +0200] "GET /removable-cushion-polar-fleece-p-57912.html HTTP/1.0" 200 75619 "-" "Mozilla/5.0 (compatible; BLEXBot/1.0; +http://webmeup-crawler.com/)"
157.90.177.217 - - [22/Sep/2022:15:44:07 +0200] "GET /rendez-vous-bons-amis-clock-p-45025.html HTTP/1.0" 200 72184 "-" "Mozilla/5.0 (compatible; BLEXBot/1.0; +http://webmeup-crawler.com/)"
157.90.177.217 - - [22/Sep/2022:15:44:12 +0200] "GET /replacement-caps-aperophiles-p-48467.html HTTP/1.0" 200 74832 "-" "Mozilla/5.0 (compatible; BLEXBot/1.0; +http://webmeup-crawler.com/)"
157.90.177.217 - - [22/Sep/2022:15:44:16 +0200] "GET /resin-buddha-candle-holder-p-50121.html HTTP/1.0" 200 75564 "-" "Mozilla/5.0 (compatible; BLEXBot/1.0; +http://webmeup-crawler.com/)"
156.59.237.150 - - [22/Sep/2022:15:44:18 +0200] "GET /images/mini_prod/3665269006506.jpg HTTP/1.0" 200 269 "-" "Mozilla/5.0 (X11; Ubuntu; Linux x86_64; rv:72.0) Gecko/20100101 Firefox/72.0"
157.90.177.217 - - [22/Sep/2022:15:44:22 +0200] "GET /resin-decoration-heart-p-58657.html HTTP/1.0" 200 75627 "-" "Mozilla/5.0 (compatible; BLEXBot/1.0; +http://webmeup-crawler.com/)"
157.90.177.217 - - [22/Sep/2022:15:44:28 +0200] "GET /resin-photo-frame-little-prince-p-47068.html HTTP/1.0" 200 74852 "-" "Mozilla/5.0 (compatible; BLEXBot/1.0; +http://webmeup-crawler.com/)"
114.119.137.3 - - [22/Sep/2022:15:44:29 +0200] "GET /hand-fatima-porcelain-lamp-p-52751.html HTTP/1.0" 200 72172 "http://www.wonder-geek.com/lighting-c-13_86.html?page=16" "Mozilla/5.0 (Linux; Android 7.0;) AppleWebKit/537.36 (KHTML, like Gecko) Mobile Safari/537.36 (compatible; PetalBot;+https://webmaster.petalsearch.com/site/petalbot)"
157.55.39.80 - - [22/Sep/2022:15:44:34 +0200] "GET /images/mini_prod/8424346006366.jpg HTTP/1.0" 200 269 "-" "Mozilla/5.0 (compatible; bingbot/2.0; +http://www.bing.com/bingbot.htm)"
157.90.177.217 - - [22/Sep/2022:15:44:33 +0200] "GET /resin-statue-little-monk-green-robe-p-54032.html HTTP/1.0" 200 75494 "-" "Mozilla/5.0 (compatible; BLEXBot/1.0; +http://webmeup-crawler.com/)"
157.90.177.217 - - [22/Sep/2022:15:44:39 +0200] "GET /resin-statue-little-monk-pink-dress-p-52897.html HTTP/1.0" 200 74895 "-" "Mozilla/5.0 (compatible; BLEXBot/1.0; +http://webmeup-crawler.com/)"
157.90.177.217 - - [22/Sep/2022:15:44:43 +0200] "GET /resin-statue-little-monk-pink-dress-p-52898.html HTTP/1.0" 200 74895 "-" "Mozilla/5.0 (compatible; BLEXBot/1.0; +http://webmeup-crawler.com/)"
185.191.171.24 - - [22/Sep/2022:15:44:47 +0200] "GET /olla-ppin-terracotta-coral-pink-finish-p-58491.html HTTP/1.0" 200 76378 "-" "Mozilla/5.0 (compatible; SemrushBot/7~bl; +http://www.semrush.com/bot.html)"
157.90.177.217 - - [22/Sep/2022:15:44:48 +0200] "GET /resin-statue-little-monk-pink-dress-p-52903.html HTTP/1.0" 200 74895 "-" "Mozilla/5.0 (compatible; BLEXBot/1.0; +http://webmeup-crawler.com/)"
147.92.153.6 - - [22/Sep/2022:15:44:52 +0200] "GET /-c-95_298.html HTTP/1.0" 200 70928 "-" "Mozilla/5.0 (compatible; Linespider/1.1; +https://lin.ee/4dwXkTH)"
157.90.177.217 - - [22/Sep/2022:15:44:53 +0200] "GET /resin-statue-little-shaolin-monk-blue-p-52899.html HTTP/1.0" 200 74896 "-" "Mozilla/5.0 (compatible; BLEXBot/1.0; +http://webmeup-crawler.com/)"
157.90.177.217 - - [22/Sep/2022:15:45:04 +0200] "GET /resin-statue-little-shaolin-monk-blue-p-52900.html HTTP/1.0" 200 74894 "-" "Mozilla/5.0 (compatible; BLEXBot/1.0; +http://webmeup-crawler.com/)"
157.55.39.217 - - [22/Sep/2022:15:45:06 +0200] "GET /buddha-candle-holder-gold-patina-resin-p-47988.html HTTP/1.0" 200 75791 "-" "Mozilla/5.0 (compatible; bingbot/2.0; +http://www.bing.com/bingbot.htm)"
157.90.177.217 - - [22/Sep/2022:15:45:11 +0200] "GET /resin-statue-little-shaolin-monk-yellow-p-52902.html HTTP/1.0" 200 74905 "-" "Mozilla/5.0 (compatible; BLEXBot/1.0; +http://webmeup-crawler.com/)"
157.90.177.217 - - [22/Sep/2022:15:45:18 +0200] "GET /retro-beach-surf-p-40336.html HTTP/1.0" 200 75339 "-" "Mozilla/5.0 (compatible; BLEXBot/1.0; +http://webmeup-crawler.com/)"
17.121.114.41 - - [22/Sep/2022:15:45:18 +0200] "GET /cement-tile-stickers-brown-p-45010.html HTTP/1.0" 200 75682 "-" "Mozilla/5.0 (Macintosh; Intel Mac OS X 10_15_5) AppleWebKit/605.1.15 (KHTML, like Gecko) Version/13.1.1 Safari/605.1.15 (Applebot/0.1; +http://www.apple.com/go/applebot)"
157.90.177.217 - - [22/Sep/2022:15:45:23 +0200] "GET /retro-blue-eyeglass-case-p-30017.html HTTP/1.0" 200 74782 "-" "Mozilla/5.0 (compatible; BLEXBot/1.0; +http://webmeup-crawler.com/)"
185.191.171.26 - - [22/Sep/2022:15:45:30 +0200] "GET /-p-38167.html HTTP/1.0" 200 72060 "-" "Mozilla/5.0 (compatible; SemrushBot/7~bl; +http://www.semrush.com/bot.html)"
157.90.177.217 - - [22/Sep/2022:15:45:30 +0200] "GET /retro-chest-p-34949.html HTTP/1.0" 200 74663 "-" "Mozilla/5.0 (compatible; BLEXBot/1.0; +http://webmeup-crawler.com/)"
157.90.177.217 - - [22/Sep/2022:15:45:35 +0200] "GET /retro-chest-weathered-wood-p-52933.html HTTP/1.0" 200 74709 "-" "Mozilla/5.0 (compatible; BLEXBot/1.0; +http://webmeup-crawler.com/)"
157.90.177.217 - - [22/Sep/2022:15:45:40 +0200] "GET /retro-chest-weathered-wood-p-52939.html HTTP/1.0" 200 74709 "-" "Mozilla/5.0 (compatible; BLEXBot/1.0; +http://webmeup-crawler.com/)"
157.90.177.217 - - [22/Sep/2022:15:45:51 +0200] "GET /retro-chest-weathered-wood-p-52940.html HTTP/1.0" 200 74709 "-" "Mozilla/5.0 (compatible; BLEXBot/1.0; +http://webmeup-crawler.com/)"
114.119.137.43 - - [22/Sep/2022:15:45:55 +0200] "GET /images/big_prod_1/3700791200166B.jpg HTTP/1.0" 200 271 "http://www.wonder-geek.com/monster-high-pencil-box-p-21803.html" "Mozilla/5.0 (Linux; Android 7.0;) AppleWebKit/537.36 (KHTML, like Gecko) Mobile Safari/537.36 (compatible; PetalBot;+https://webmaster.petalsearch.com/site/petalbot)"
157.90.177.217 - - [22/Sep/2022:15:46:00 +0200] "GET /retro-coffee-ceramic-cups-p-55440.html HTTP/1.0" 200 75514 "-" "Mozilla/5.0 (compatible; BLEXBot/1.0; +http://webmeup-crawler.com/)"
157.90.177.217 - - [22/Sep/2022:15:46:05 +0200] "GET /retro-coffee-matte-black-metal-p-37704.html HTTP/1.0" 200 74897 "-" "Mozilla/5.0 (compatible; BLEXBot/1.0; +http://webmeup-crawler.com/)"
157.90.177.217 - - [22/Sep/2022:15:46:10 +0200] "GET /retro-garage-p-35734.html HTTP/1.0" 200 74706 "-" "Mozilla/5.0 (compatible; BLEXBot/1.0; +http://webmeup-crawler.com/)"
157.90.177.217 - - [22/Sep/2022:15:46:15 +0200] "GET /retro-glass-housewife-life-small-model-p-41247.html HTTP/1.0" 200 74893 "-" "Mozilla/5.0 (compatible; BLEXBot/1.0; +http://webmeup-crawler.com/)"
157.90.177.217 - - [22/Sep/2022:15:46:21 +0200] "GET /retro-industriel-chandelier-p-37256.html HTTP/1.0" 200 74807 "-" "Mozilla/5.0 (compatible; BLEXBot/1.0; +http://webmeup-crawler.com/)"
157.90.177.217 - - [22/Sep/2022:15:46:26 +0200] "GET /retro-industriel-chandelier-silver-color-p-42335.html HTTP/1.0" 200 74955 "-" "Mozilla/5.0 (compatible; BLEXBot/1.0; +http://webmeup-crawler.com/)"
157.90.177.217 - - [22/Sep/2022:15:46:32 +0200] "GET /retro-matte-black-metal-p-37705.html HTTP/1.0" 200 74865 "-" "Mozilla/5.0 (compatible; BLEXBot/1.0; +http://webmeup-crawler.com/)"
157.90.177.217 - - [22/Sep/2022:15:46:38 +0200] "GET /retro-ottoman-storage-p-40326.html HTTP/1.0" 200 74913 "-" "Mozilla/5.0 (compatible; BLEXBot/1.0; +http://webmeup-crawler.com/)"
66.249.66.8 - - [22/Sep/2022:15:46:41 +0200] "GET /images/big_prod_1/b3014627896844.jpg HTTP/1.0" 200 271 "-" "Mozilla/5.0 (compatible; Googlebot/2.1; +http://www.google.com/bot.html)"
157.90.177.217 - - [22/Sep/2022:15:46:43 +0200] "GET /retro-p-58088.html HTTP/1.0" 200 75350 "-" "Mozilla/5.0 (compatible; BLEXBot/1.0; +http://webmeup-crawler.com/)"
157.90.177.217 - - [22/Sep/2022:15:46:48 +0200] "GET /retro-pink-eyeglass-case-p-30013.html HTTP/1.0" 200 74757 "-" "Mozilla/5.0 (compatible; BLEXBot/1.0; +http://webmeup-crawler.com/)"
66.249.66.212 - - [22/Sep/2022:15:46:52 +0200] "GET /images/mini_prod/3609810052239.jpg HTTP/1.0" 200 269 "-" "Mozilla/5.0 (compatible; Googlebot/2.1; +http://www.google.com/bot.html)"
157.90.177.217 - - [22/Sep/2022:15:46:54 +0200] "GET /retro-pink-eyeglass-case-p-30019.html HTTP/1.0" 200 74782 "-" "Mozilla/5.0 (compatible; BLEXBot/1.0; +http://webmeup-crawler.com/)"
157.90.177.217 - - [22/Sep/2022:15:46:59 +0200] "GET /retro-pink-eyeglass-case-p-30022.html HTTP/1.0" 200 74757 "-" "Mozilla/5.0 (compatible; BLEXBot/1.0; +http://webmeup-crawler.com/)"
157.90.177.217 - - [22/Sep/2022:15:47:05 +0200] "GET /retro-sign-p-42689.html HTTP/1.0" 200 74824 "-" "Mozilla/5.0 (compatible; BLEXBot/1.0; +http://webmeup-crawler.com/)"
157.90.177.217 - - [22/Sep/2022:15:47:10 +0200] "GET /retro-style-bread-p-42581.html HTTP/1.0" 200 75405 "-" "Mozilla/5.0 (compatible; BLEXBot/1.0; +http://webmeup-crawler.com/)"
157.90.177.217 - - [22/Sep/2022:15:47:17 +0200] "GET /retro-style-bread-saveurs-traditions-franaises-p-55517.html HTTP/1.0" 200 75729 "-" "Mozilla/5.0 (compatible; BLEXBot/1.0; +http://webmeup-crawler.com/)"
156.59.237.148 - - [22/Sep/2022:15:47:22 +0200] "GET /images/mini_prod/3453131131612.jpg HTTP/1.0" 200 269 "-" "Mozilla/5.0 (X11; Ubuntu; Linux x86_64; rv:72.0) Gecko/20100101 Firefox/72.0"
157.90.177.217 - - [22/Sep/2022:15:47:22 +0200] "GET /retro-style-chocolate-picerie-traditionnelle-p-57135.html HTTP/1.0" 200 75743 "-" "Mozilla/5.0 (compatible; BLEXBot/1.0; +http://webmeup-crawler.com/)"
114.119.137.3 - - [22/Sep/2022:15:47:26 +0200] "GET /johnny-hallyday-metal-plate-p-51149.html HTTP/1.0" 200 74913 "http://www.wonder-geek.com/home-and-decoration-c-13.html?page=183" "Mozilla/5.0 (Linux; Android 7.0;) AppleWebKit/537.36 (KHTML, like Gecko) Mobile Safari/537.36 (compatible; PetalBot;+https://webmaster.petalsearch.com/site/petalbot)"
185.191.171.19 - - [22/Sep/2022:15:47:27 +0200] "GET /fitted-sheet-c-11_193.html?page=3 HTTP/1.0" 200 94183 "-" "Mozilla/5.0 (compatible; SemrushBot/7~bl; +http://www.semrush.com/bot.html)"
157.90.177.217 - - [22/Sep/2022:15:47:27 +0200] "GET /retro-style-chocolate-saveurs-traditions-franaises-p-55520.html HTTP/1.0" 200 75827 "-" "Mozilla/5.0 (compatible; BLEXBot/1.0; +http://webmeup-crawler.com/)"
207.46.13.149 - - [22/Sep/2022:15:47:30 +0200] "GET /wick-ellipse-candle-heart-home-baubles-berries-p-53329.html HTTP/1.0" 200 72258 "-" "Mozilla/5.0 (compatible; bingbot/2.0; +http://www.bing.com/bingbot.htm)"
157.90.177.217 - - [22/Sep/2022:15:47:34 +0200] "GET /retro-style-coffee-picerie-traditionnelle-p-57201.html HTTP/1.0" 200 75761 "-" "Mozilla/5.0 (compatible; BLEXBot/1.0; +http://webmeup-crawler.com/)"
157.90.177.217 - - [22/Sep/2022:15:47:37 +0200] "GET /retro-style-coffee-saveurs-traditions-franaises-p-55522.html HTTP/1.0" 200 75845 "-" "Mozilla/5.0 (compatible; BLEXBot/1.0; +http://webmeup-crawler.com/)"
157.55.39.12 - - [22/Sep/2022:15:47:38 +0200] "GET /cotton-floor-cushion-beely-p-53569.html HTTP/1.0" 200 72154 "-" "Mozilla/5.0 (compatible; bingbot/2.0; +http://www.bing.com/bingbot.htm)"
157.90.177.217 - - [22/Sep/2022:15:47:50 +0200] "GET /retro-style-cookies-pure-nature-p-57869.html HTTP/1.0" 200 75611 "-" "Mozilla/5.0 (compatible; BLEXBot/1.0; +http://webmeup-crawler.com/)"
157.90.177.217 - - [22/Sep/2022:15:47:56 +0200] "GET /retro-style-cookies-saveurs-traditions-franaises-p-57868.html HTTP/1.0" 200 75807 "-" "Mozilla/5.0 (compatible; BLEXBot/1.0; +http://webmeup-crawler.com/)"
157.90.177.217 - - [22/Sep/2022:15:48:01 +0200] "GET /retro-style-sugar-picerie-traditionnelle-p-57198.html HTTP/1.0" 200 75675 "-" "Mozilla/5.0 (compatible; BLEXBot/1.0; +http://webmeup-crawler.com/)"
157.90.177.217 - - [22/Sep/2022:15:48:05 +0200] "GET /retro-style-sugar-saveurs-traditions-franaises-p-55519.html HTTP/1.0" 200 75653 "-" "Mozilla/5.0 (compatible; BLEXBot/1.0; +http://webmeup-crawler.com/)"
157.90.177.217 - - [22/Sep/2022:15:48:09 +0200] "GET /retro-sugar-bowl-chats-dubout-p-43603.html HTTP/1.0" 200 74851 "-" "Mozilla/5.0 (compatible; BLEXBot/1.0; +http://webmeup-crawler.com/)"
157.90.177.217 - - [22/Sep/2022:15:48:17 +0200] "GET /retro-sugar-matte-black-metal-p-37706.html HTTP/1.0" 200 74879 "-" "Mozilla/5.0 (compatible; BLEXBot/1.0; +http://webmeup-crawler.com/)"
66.249.66.10 - - [22/Sep/2022:15:48:20 +0200] "GET /images/mini_prod/8433933156612.jpg HTTP/1.0" 200 269 "-" "Mozilla/5.0 (compatible; Googlebot/2.1; +http://www.google.com/bot.html)"
157.90.177.217 - - [22/Sep/2022:15:48:26 +0200] "GET /retro-wooden-photo-frame-p-42194.html HTTP/1.0" 200 74889 "-" "Mozilla/5.0 (compatible; BLEXBot/1.0; +http://webmeup-crawler.com/)"
185.191.171.18 - - [22/Sep/2022:15:48:27 +0200] "GET /gayatri-figurine-bronze-aspect-resin-p-46634.html HTTP/1.0" 200 75275 "-" "Mozilla/5.0 (compatible; SemrushBot/7~bl; +http://www.semrush.com/bot.html)"
157.90.177.217 - - [22/Sep/2022:15:48:33 +0200] "GET /revolvers-saltshaker-pepper-p-37737.html HTTP/1.0" 200 74773 "-" "Mozilla/5.0 (compatible; BLEXBot/1.0; +http://webmeup-crawler.com/)"
66.249.66.6 - - [22/Sep/2022:15:48:35 +0200] "GET /images/big_prod_1/b3609810063808.jpg HTTP/1.0" 200 271 "-" "Mozilla/5.0 (compatible; Googlebot/2.1; +http://www.google.com/bot.html)"
185.191.171.9 - - [22/Sep/2022:15:48:33 +0200] "GET /mustache-mouse-cbkreation-p-19294.html HTTP/1.0" 200 74698 "-" "Mozilla/5.0 (compatible; SemrushBot/7~bl; +http://www.semrush.com/bot.html)"
66.249.66.68 - - [22/Sep/2022:15:48:36 +0200] "GET /images/mini_prod/32816401792101.jpg HTTP/1.0" 200 270 "-" "Mozilla/5.0 (compatible; Googlebot/2.1; +http://www.google.com/bot.html)"
66.249.66.144 - - [22/Sep/2022:15:48:36 +0200] "GET /images/mini_prod/8430957077954.jpg HTTP/1.0" 200 269 "-" "Mozilla/5.0 (compatible; Googlebot/2.1; +http://www.google.com/bot.html)"
157.90.177.217 - - [22/Sep/2022:15:48:38 +0200] "GET /rhinoceros-gold-jewelry-stand-white-p-48826.html HTTP/1.0" 200 75000 "-" "Mozilla/5.0 (compatible; BLEXBot/1.0; +http://webmeup-crawler.com/)"
185.191.171.44 - - [22/Sep/2022:15:48:43 +0200] "GET /small-bamboo-tray-lama-p-49570.html HTTP/1.0" 200 74772 "-" "Mozilla/5.0 (compatible; SemrushBot/7~bl; +http://www.semrush.com/bot.html)"
157.90.177.217 - - [22/Sep/2022:15:48:43 +0200] "GET /rhinoceros-utensil-cbkreation-p-33799.html HTTP/1.0" 200 74777 "-" "Mozilla/5.0 (compatible; BLEXBot/1.0; +http://webmeup-crawler.com/)"
216.244.66.242 - - [22/Sep/2022:15:48:50 +0200] "GET /images/3661443608535.jpg HTTP/1.0" 200 259 "-" "Mozilla/5.0 (compatible; DotBot/1.2; +https://opensiteexplorer.org/dotbot; help@moz.com)"
157.90.177.217 - - [22/Sep/2022:15:48:48 +0200] "GET /ring-flower-life-brass-copper-colour-p-44683.html HTTP/1.0" 200 74816 "-" "Mozilla/5.0 (compatible; BLEXBot/1.0; +http://webmeup-crawler.com/)"
216.244.66.242 - - [22/Sep/2022:15:48:53 +0200] "GET /images/5060021928740.jpg HTTP/1.0" 200 259 "-" "Mozilla/5.0 (compatible; DotBot/1.2; +https://opensiteexplorer.org/dotbot; help@moz.com)"
157.90.177.217 - - [22/Sep/2022:15:48:54 +0200] "GET /ring-hooks-p-45743.html HTTP/1.0" 200 74790 "-" "Mozilla/5.0 (compatible; BLEXBot/1.0; +http://webmeup-crawler.com/)"
216.244.66.242 - - [22/Sep/2022:15:48:56 +0200] "GET /images/B3700653503794.jpg HTTP/1.0" 200 260 "-" "Mozilla/5.0 (compatible; DotBot/1.2; +https://opensiteexplorer.org/dotbot; help@moz.com)"
216.244.66.242 - - [22/Sep/2022:15:48:58 +0200] "GET /white-shell-samsung-with-personalized-picture-p-16356.html HTTP/1.0" 200 75144 "-" "Mozilla/5.0 (compatible; DotBot/1.2; +https://opensiteexplorer.org/dotbot; help@moz.com)"
157.90.177.217 - - [22/Sep/2022:15:48:59 +0200] "GET /robocar-poli-moving-p-32409.html HTTP/1.0" 200 74874 "-" "Mozilla/5.0 (compatible; BLEXBot/1.0; +http://webmeup-crawler.com/)"
157.90.177.217 - - [22/Sep/2022:15:49:05 +0200] "GET /rock-little-mirror-p-8846.html HTTP/1.0" 200 74789 "-" "Mozilla/5.0 (compatible; BLEXBot/1.0; +http://webmeup-crawler.com/)"
66.249.66.144 - - [22/Sep/2022:15:49:07 +0200] "GET /stormtrooper-star-wars-isothermic-stainless-steel-bottle-p-56372.html HTTP/1.0" 200 75654 "-" "Mozilla/5.0 (compatible; Googlebot/2.1; +http://www.google.com/bot.html)"
66.249.66.68 - - [22/Sep/2022:15:49:10 +0200] "GET /images/mini_prod/3503420202407.jpg HTTP/1.0" 200 269 "-" "Mozilla/5.0 (compatible; Googlebot/2.1; +http://www.google.com/bot.html)"
157.90.177.217 - - [22/Sep/2022:15:49:11 +0200] "GET /rock-little-mirror-p-8847.html HTTP/1.0" 200 74805 "-" "Mozilla/5.0 (compatible; BLEXBot/1.0; +http://webmeup-crawler.com/)"
157.90.177.217 - - [22/Sep/2022:15:49:17 +0200] "GET /rose-metal-tray-p-53577.html HTTP/1.0" 200 75592 "-" "Mozilla/5.0 (compatible; BLEXBot/1.0; +http://webmeup-crawler.com/)"
157.90.177.217 - - [22/Sep/2022:15:49:22 +0200] "GET /round-bath-towel-corsica-p-44927.html HTTP/1.0" 200 75376 "-" "Mozilla/5.0 (compatible; BLEXBot/1.0; +http://webmeup-crawler.com/)"
157.90.177.217 - - [22/Sep/2022:15:49:27 +0200] "GET /round-cotton-pencil-case-little-prince-p-58267.html HTTP/1.0" 200 75530 "-" "Mozilla/5.0 (compatible; BLEXBot/1.0; +http://webmeup-crawler.com/)"
157.90.177.217 - - [22/Sep/2022:15:49:31 +0200] "GET /round-hanging-mirror-cordage-p-55797.html HTTP/1.0" 200 75349 "-" "Mozilla/5.0 (compatible; BLEXBot/1.0; +http://webmeup-crawler.com/)"
185.191.171.43 - - [22/Sep/2022:15:49:36 +0200] "GET /green-floor-tile-tray-p-46755.html HTTP/1.0" 200 72134 "-" "Mozilla/5.0 (compatible; SemrushBot/7~bl; +http://www.semrush.com/bot.html)"
157.90.177.217 - - [22/Sep/2022:15:49:37 +0200] "GET /round-transparent-plastic-tablecloth-p-48558.html HTTP/1.0" 200 74850 "-" "Mozilla/5.0 (compatible; BLEXBot/1.0; +http://webmeup-crawler.com/)"
156.59.237.148 - - [22/Sep/2022:15:49:41 +0200] "GET /images/mini_prod/3700653592828.jpg HTTP/1.0" 200 269 "-" "Mozilla/5.0 (X11; Ubuntu; Linux x86_64; rv:72.0) Gecko/20100101 Firefox/72.0"
157.90.177.217 - - [22/Sep/2022:15:49:44 +0200] "GET /round-tray-tropical-leaves-kentia-p-49310.html HTTP/1.0" 200 74908 "-" "Mozilla/5.0 (compatible; BLEXBot/1.0; +http://webmeup-crawler.com/)"
66.249.66.212 - - [22/Sep/2022:15:49:49 +0200] "GET /union-jack-flag-p-29110.html HTTP/1.0" 200 74765 "-" "Mozilla/5.0 (Linux; Android 6.0.1; Nexus 5X Build/MMB29P) AppleWebKit/537.36 (KHTML, like Gecko) Chrome/105.0.5195.125 Mobile Safari/537.36 (compatible; Googlebot/2.1; +http://www.google.com/bot.html)"
157.90.177.217 - - [22/Sep/2022:15:49:51 +0200] "GET /round-tray-tropical-leaves-monstera-p-49311.html HTTP/1.0" 200 74929 "-" "Mozilla/5.0 (compatible; BLEXBot/1.0; +http://webmeup-crawler.com/)"
66.249.66.210 - - [22/Sep/2022:15:49:54 +0200] "GET /mobile-metallic-tealight-blue-house-p-38563.html HTTP/1.0" 200 74895 "-" "Mozilla/5.0 (compatible; Googlebot/2.1; +http://www.google.com/bot.html)"
157.90.177.217 - - [22/Sep/2022:15:49:55 +0200] "GET /round-trays-c-12_159_263.html?page=2 HTTP/1.0" 200 92472 "-" "Mozilla/5.0 (compatible; BLEXBot/1.0; +http://webmeup-crawler.com/)"
157.90.177.217 - - [22/Sep/2022:15:50:02 +0200] "GET /round-trays-c-12_159_263.html?page=3 HTTP/1.0" 200 92617 "-" "Mozilla/5.0 (compatible; BLEXBot/1.0; +http://webmeup-crawler.com/)"
157.90.177.217 - - [22/Sep/2022:15:50:09 +0200] "GET /round-trays-c-12_159_263.html?page=4 HTTP/1.0" 200 86588 "-" "Mozilla/5.0 (compatible; BLEXBot/1.0; +http://webmeup-crawler.com/)"
157.90.177.217 - - [22/Sep/2022:15:50:14 +0200] "GET /round-wooden-tray-p-47706.html HTTP/1.0" 200 74790 "-" "Mozilla/5.0 (compatible; BLEXBot/1.0; +http://webmeup-crawler.com/)"
66.249.66.8 - - [22/Sep/2022:15:50:14 +0200] "GET /union-jack-flag-p-29110.html HTTP/1.0" 200 74765 "-" "Mozilla/5.0 (compatible; Googlebot/2.1; +http://www.google.com/bot.html)"
157.90.177.217 - - [22/Sep/2022:15:50:19 +0200] "GET /route-folding-table-p-44435.html HTTP/1.0" 200 74666 "-" "Mozilla/5.0 (compatible; BLEXBot/1.0; +http://webmeup-crawler.com/)"
207.46.13.149 - - [22/Sep/2022:15:50:22 +0200] "GET /despecable-keyring-p-33477.html HTTP/1.0" 200 74772 "-" "Mozilla/5.0 (compatible; bingbot/2.0; +http://www.bing.com/bingbot.htm)"
157.90.177.217 - - [22/Sep/2022:15:50:25 +0200] "GET /route-pencil-p-24212.html HTTP/1.0" 200 74663 "-" "Mozilla/5.0 (compatible; BLEXBot/1.0; +http://webmeup-crawler.com/)"
157.90.177.217 - - [22/Sep/2022:15:50:29 +0200] "GET /route-photo-frame-p-23041.html HTTP/1.0" 200 74928 "-" "Mozilla/5.0 (compatible; BLEXBot/1.0; +http://webmeup-crawler.com/)"
157.90.177.217 - - [22/Sep/2022:15:50:36 +0200] "GET /route-picture-frame-p-23043.html HTTP/1.0" 200 74787 "-" "Mozilla/5.0 (compatible; BLEXBot/1.0; +http://webmeup-crawler.com/)"
157.55.39.217 - - [22/Sep/2022:15:50:37 +0200] "GET /fiat-protective-case-iphone-p-13029.html HTTP/1.0" 200 74966 "-" "Mozilla/5.0 (compatible; bingbot/2.0; +http://www.bing.com/bingbot.htm)"
157.90.177.217 - - [22/Sep/2022:15:50:43 +0200] "GET /route-small-lamp-p-29403.html HTTP/1.0" 200 74852 "-" "Mozilla/5.0 (compatible; BLEXBot/1.0; +http://webmeup-crawler.com/)"
157.90.177.217 - - [22/Sep/2022:15:50:48 +0200] "GET /route-trails-road-small-metal-plate-p-33728.html HTTP/1.0" 200 74899 "-" "Mozilla/5.0 (compatible; BLEXBot/1.0; +http://webmeup-crawler.com/)"
157.90.177.217 - - [22/Sep/2022:15:50:53 +0200] "GET /route-wastebasket-p-32904.html HTTP/1.0" 200 74689 "-" "Mozilla/5.0 (compatible; BLEXBot/1.0; +http://webmeup-crawler.com/)"
157.90.177.217 - - [22/Sep/2022:15:50:57 +0200] "GET /rtro-ashtray-p-47259.html HTTP/1.0" 200 74603 "-" "Mozilla/5.0 (compatible; BLEXBot/1.0; +http://webmeup-crawler.com/)"
157.90.177.217 - - [22/Sep/2022:15:51:04 +0200] "GET /rtro-case-cigarettes-pack-p-39550.html HTTP/1.0" 200 74749 "-" "Mozilla/5.0 (compatible; BLEXBot/1.0; +http://webmeup-crawler.com/)"
51.68.224.127 - - [22/Sep/2022:15:51:06 +0200] "GET /adminweb/export_orders_xml.php?token=256de2z6edz6ed2z6DFSFsed2zed6zeDSFDSGdzedezfzf&maxorders=10&orderstart=1&status=14&start_date=2018-10-01 HTTP/1.0" 200 285 "-" "GesCom CharlotteBoutik Serveur"
51.68.224.127 - - [22/Sep/2022:15:51:06 +0200] "GET /adminweb/export_orders_xml.php?token=256de2z6edz6ed2z6DFSFsed2zed6zeDSFDSGdzedezfzf&maxorders=10&orderstart=1&status=6&start_date=2018-10-01 HTTP/1.0" 200 33985 "-" "GesCom CharlotteBoutik Serveur"
157.90.177.217 - - [22/Sep/2022:15:51:11 +0200] "GET /rtro-case-cigarettes-pack-p-42576.html HTTP/1.0" 200 74780 "-" "Mozilla/5.0 (compatible; BLEXBot/1.0; +http://webmeup-crawler.com/)"
157.90.177.217 - - [22/Sep/2022:15:51:17 +0200] "GET /rtro-small-cool-lunch-p-47252.html HTTP/1.0" 200 74899 "-" "Mozilla/5.0 (compatible; BLEXBot/1.0; +http://webmeup-crawler.com/)"
156.59.237.153 - - [22/Sep/2022:15:51:22 +0200] "GET /images/mini_prod/1399984288511.jpg HTTP/1.0" 200 269 "-" "Mozilla/5.0 (X11; Ubuntu; Linux x86_64; rv:72.0) Gecko/20100101 Firefox/72.0"
66.249.66.146 - - [22/Sep/2022:15:51:23 +0200] "GET /images/mini_prod/1399984248713.jpg HTTP/1.0" 200 269 "-" "Mozilla/5.0 (compatible; Googlebot/2.1; +http://www.google.com/bot.html)"
157.90.177.217 - - [22/Sep/2022:15:51:22 +0200] "GET /rubbers-p-13881.html HTTP/1.0" 200 75634 "-" "Mozilla/5.0 (compatible; BLEXBot/1.0; +http://webmeup-crawler.com/)"
157.90.177.217 - - [22/Sep/2022:15:51:29 +0200] "GET /rugs-c-11_269.html?page=2 HTTP/1.0" 200 93546 "-" "Mozilla/5.0 (compatible; BLEXBot/1.0; +http://webmeup-crawler.com/)"
157.90.177.217 - - [22/Sep/2022:15:51:36 +0200] "GET /rugs-c-11_269.html?page=3 HTTP/1.0" 200 92212 "-" "Mozilla/5.0 (compatible; BLEXBot/1.0; +http://webmeup-crawler.com/)"
157.90.177.217 - - [22/Sep/2022:15:51:42 +0200] "GET /rugs-c-11_269.html?page=4 HTTP/1.0" 200 92585 "-" "Mozilla/5.0 (compatible; BLEXBot/1.0; +http://webmeup-crawler.com/)"
66.249.66.6 - - [22/Sep/2022:15:51:45 +0200] "GET /images/mini_prod/8422666661517.jpg HTTP/1.0" 200 269 "-" "Mozilla/5.0 (compatible; Googlebot/2.1; +http://www.google.com/bot.html)"
66.249.66.8 - - [22/Sep/2022:15:51:46 +0200] "GET /images/mini_prod/3520071392981.jpg HTTP/1.0" 200 269 "-" "Mozilla/5.0 (compatible; Googlebot/2.1; +http://www.google.com/bot.html)"
66.249.66.70 - - [22/Sep/2022:15:51:49 +0200] "GET /images/mini_prod/1384010202807.jpg HTTP/1.0" 200 269 "-" "Mozilla/5.0 (compatible; Googlebot/2.1; +http://www.google.com/bot.html)"
157.90.177.217 - - [22/Sep/2022:15:51:48 +0200] "GET /rugs-c-11_269.html?page=5 HTTP/1.0" 200 92359 "-" "Mozilla/5.0 (compatible; BLEXBot/1.0; +http://webmeup-crawler.com/)"
157.90.177.217 - - [22/Sep/2022:15:51:54 +0200] "GET /rugs-c-11_269.html?page=6 HTTP/1.0" 200 92838 "-" "Mozilla/5.0 (compatible; BLEXBot/1.0; +http://webmeup-crawler.com/)"
157.55.39.80 - - [22/Sep/2022:15:51:54 +0200] "GET /pedal-green-p-52588.html HTTP/1.0" 200 75794 "-" "Mozilla/5.0 (compatible; bingbot/2.0; +http://www.bing.com/bingbot.htm)"
156.59.237.149 - - [22/Sep/2022:15:51:59 +0200] "GET /images/mini_prod/1384010179536.jpg HTTP/1.0" 200 269 "-" "Mozilla/5.0 (X11; Ubuntu; Linux x86_64; rv:72.0) Gecko/20100101 Firefox/72.0"
157.90.177.217 - - [22/Sep/2022:15:51:58 +0200] "GET /rugs-c-11_269.html?page=7 HTTP/1.0" 200 92376 "-" "Mozilla/5.0 (compatible; BLEXBot/1.0; +http://webmeup-crawler.com/)"
157.90.177.217 - - [22/Sep/2022:15:52:03 +0200] "GET /rugs-c-11_269.html?page=8 HTTP/1.0" 200 90376 "-" "Mozilla/5.0 (compatible; BLEXBot/1.0; +http://webmeup-crawler.com/)"
157.55.39.12 - - [22/Sep/2022:15:52:07 +0200] "GET /images/mini_prod/8424346043408.jpg HTTP/1.0" 200 269 "-" "Mozilla/5.0 (compatible; bingbot/2.0; +http://www.bing.com/bingbot.htm)"
157.90.177.217 - - [22/Sep/2022:15:52:09 +0200] "GET /russian-doll-alarm-clock-cbkreation-p-25001.html HTTP/1.0" 200 74844 "-" "Mozilla/5.0 (compatible; BLEXBot/1.0; +http://webmeup-crawler.com/)"
