157.90.177.217 - - [22/Sep/2022:16:46:28 +0200] "GET /trays-c-12_159.html?page=6 HTTP/1.0" 200 93981 "-" "Mozilla/5.0 (compatible; BLEXBot/1.0; +http://webmeup-crawler.com/)"
114.119.137.43 - - [22/Sep/2022:16:46:31 +0200] "GET /headrest-cushion-beige-p-44366.html HTTP/1.0" 200 72160 "http://www.wonder-geek.com/household-linen-c-11.html?page=32" "Mozilla/5.0 (Linux; Android 7.0;) AppleWebKit/537.36 (KHTML, like Gecko) Mobile Safari/537.36 (compatible; PetalBot;+https://webmaster.petalsearch.com/site/petalbot)"
157.90.177.217 - - [22/Sep/2022:16:46:34 +0200] "GET /trays-c-12_159.html?page=7 HTTP/1.0" 200 94285 "-" "Mozilla/5.0 (compatible; BLEXBot/1.0; +http://webmeup-crawler.com/)"
157.90.177.217 - - [22/Sep/2022:16:46:40 +0200] "GET /trays-c-12_159.html?page=8 HTTP/1.0" 200 93610 "-" "Mozilla/5.0 (compatible; BLEXBot/1.0; +http://webmeup-crawler.com/)"
157.55.39.217 - - [22/Sep/2022:16:46:43 +0200] "GET /skull-money-resin-bright-silver-p-37768.html HTTP/1.0" 200 74896 "-" "Mozilla/5.0 (compatible; bingbot/2.0; +http://www.bing.com/bingbot.htm)"
157.90.177.217 - - [22/Sep/2022:16:46:47 +0200] "GET /trays-c-12_159.html?page=9 HTTP/1.0" 200 94187 "-" "Mozilla/5.0 (compatible; BLEXBot/1.0; +http://webmeup-crawler.com/)"
157.90.177.217 - - [22/Sep/2022:16:46:53 +0200] "GET /trays-medium-size-c-12_159_265.html?page=2 HTTP/1.0" 200 92299 "-" "Mozilla/5.0 (compatible; BLEXBot/1.0; +http://webmeup-crawler.com/)"
157.90.177.217 - - [22/Sep/2022:16:46:59 +0200] "GET /trays-medium-size-c-12_159_265.html?page=3 HTTP/1.0" 200 91891 "-" "Mozilla/5.0 (compatible; BLEXBot/1.0; +http://webmeup-crawler.com/)"
157.90.177.217 - - [22/Sep/2022:16:47:05 +0200] "GET /tree-life-side-tables-p-53061.html HTTP/1.0" 200 74751 "-" "Mozilla/5.0 (compatible; BLEXBot/1.0; +http://webmeup-crawler.com/)"
157.90.177.217 - - [22/Sep/2022:16:47:10 +0200] "GET /tree-life-with-infuser-p-56670.html HTTP/1.0" 200 75327 "-" "Mozilla/5.0 (compatible; BLEXBot/1.0; +http://webmeup-crawler.com/)"
157.90.177.217 - - [22/Sep/2022:16:47:18 +0200] "GET /tree-life-with-infuser-p-56671.html HTTP/1.0" 200 75327 "-" "Mozilla/5.0 (compatible; BLEXBot/1.0; +http://webmeup-crawler.com/)"
157.90.177.217 - - [22/Sep/2022:16:47:24 +0200] "GET /tree-life-with-infuser-p-56672.html HTTP/1.0" 200 74716 "-" "Mozilla/5.0 (compatible; BLEXBot/1.0; +http://webmeup-crawler.com/)"
157.90.177.217 - - [22/Sep/2022:16:47:30 +0200] "GET /tree-life-with-infuser-p-56673.html HTTP/1.0" 200 75327 "-" "Mozilla/5.0 (compatible; BLEXBot/1.0; +http://webmeup-crawler.com/)"
157.90.177.217 - - [22/Sep/2022:16:47:35 +0200] "GET /triskel-shooter-p-46326.html HTTP/1.0" 200 74616 "-" "Mozilla/5.0 (compatible; BLEXBot/1.0; +http://webmeup-crawler.com/)"
157.90.177.217 - - [22/Sep/2022:16:47:42 +0200] "GET /triskel-shooter-p-46327.html HTTP/1.0" 200 74616 "-" "Mozilla/5.0 (compatible; BLEXBot/1.0; +http://webmeup-crawler.com/)"
157.90.177.217 - - [22/Sep/2022:16:47:47 +0200] "GET /triskel-shooter-p-46328.html HTTP/1.0" 200 74616 "-" "Mozilla/5.0 (compatible; BLEXBot/1.0; +http://webmeup-crawler.com/)"
87.250.224.94 - - [22/Sep/2022:16:47:48 +0200] "GET /laundry-basket-mdf-60-cm-p-52175.html HTTP/1.0" 301 72127 "-" "Mozilla/5.0 (compatible; YandexBot/3.0; +http://yandex.com/bots)"
66.249.66.68 - - [22/Sep/2022:16:47:51 +0200] "GET /images/mini_prod/1399986100019.jpg HTTP/1.0" 200 269 "-" "Mozilla/5.0 (compatible; Googlebot/2.1; +http://www.google.com/bot.html)"
87.250.224.94 - - [22/Sep/2022:16:47:51 +0200] "GET /-p-52175.html HTTP/1.0" 200 72060 "-" "Mozilla/5.0 (compatible; YandexBot/3.0; +http://yandex.com/bots)"
157.90.177.217 - - [22/Sep/2022:16:47:53 +0200] "GET /triskel-symbol-wooden-p-49212.html HTTP/1.0" 200 75546 "-" "Mozilla/5.0 (compatible; BLEXBot/1.0; +http://webmeup-crawler.com/)"
157.90.177.217 - - [22/Sep/2022:16:47:58 +0200] "GET /trivet-boards-c-12_158.html?page=10 HTTP/1.0" 200 95838 "-" "Mozilla/5.0 (compatible; BLEXBot/1.0; +http://webmeup-crawler.com/)"
114.119.133.245 - - [22/Sep/2022:16:48:02 +0200] "GET /clairs-pastries-spoons-p-48241.html HTTP/1.0" 200 75358 "http://www.wonder-geek.com/flatwares-c-12_63.html?page=2" "Mozilla/5.0 (Linux; Android 7.0;) AppleWebKit/537.36 (KHTML, like Gecko) Mobile Safari/537.36 (compatible; PetalBot;+https://webmaster.petalsearch.com/site/petalbot)"
157.90.177.217 - - [22/Sep/2022:16:48:02 +0200] "GET /trivet-boards-c-12_158.html?page=11 HTTP/1.0" 200 93612 "-" "Mozilla/5.0 (compatible; BLEXBot/1.0; +http://webmeup-crawler.com/)"
157.90.177.217 - - [22/Sep/2022:16:48:09 +0200] "GET /trivet-boards-c-12_158.html?page=2 HTTP/1.0" 200 95881 "-" "Mozilla/5.0 (compatible; BLEXBot/1.0; +http://webmeup-crawler.com/)"
157.90.177.217 - - [22/Sep/2022:16:48:17 +0200] "GET /trivet-boards-c-12_158.html?page=3 HTTP/1.0" 200 95380 "-" "Mozilla/5.0 (compatible; BLEXBot/1.0; +http://webmeup-crawler.com/)"
66.249.66.10 - - [22/Sep/2022:16:48:24 +0200] "GET /images/mini_prod/1439122000008.jpg HTTP/1.0" 200 269 "-" "Mozilla/5.0 (compatible; Googlebot/2.1; +http://www.google.com/bot.html)"
157.90.177.217 - - [22/Sep/2022:16:48:23 +0200] "GET /trivet-boards-c-12_158.html?page=4 HTTP/1.0" 200 94912 "-" "Mozilla/5.0 (compatible; BLEXBot/1.0; +http://webmeup-crawler.com/)"
157.90.177.217 - - [22/Sep/2022:16:48:32 +0200] "GET /trivet-boards-c-12_158.html?page=5 HTTP/1.0" 200 94355 "-" "Mozilla/5.0 (compatible; BLEXBot/1.0; +http://webmeup-crawler.com/)"
159.138.54.167 - - [22/Sep/2022:16:48:34 +0200] "GET /images/mini_prod/3565750277777.jpg HTTP/1.0" 200 269 "-" "Mozilla/5.0 (Windows NT 10.0; Win64; x64) AppleWebKit/537.36 (KHTML, like Gecko) Chrome/54.0.2840.99 Safari/537.36"
114.119.153.160 - - [22/Sep/2022:16:48:40 +0200] "GET /robots.txt HTTP/1.0" 301 531 "-" "Mozilla/5.0 (compatible;PetalBot;+https://webmaster.petalsearch.com/site/petalbot)"
185.191.171.10 - - [22/Sep/2022:16:48:39 +0200] "GET /cement-tile-stickers-gray-p-43005.html HTTP/1.0" 200 75701 "-" "Mozilla/5.0 (compatible; SemrushBot/7~bl; +http://www.semrush.com/bot.html)"
114.119.153.160 - - [22/Sep/2022:16:48:40 +0200] "GET /robots.txt HTTP/1.0" 200 245 "-" "Mozilla/5.0 (compatible;PetalBot;+https://webmaster.petalsearch.com/site/petalbot)"
157.90.177.217 - - [22/Sep/2022:16:48:42 +0200] "GET /trivet-boards-c-12_158.html?page=6 HTTP/1.0" 200 96073 "-" "Mozilla/5.0 (compatible; BLEXBot/1.0; +http://webmeup-crawler.com/)"
156.59.237.151 - - [22/Sep/2022:16:48:45 +0200] "GET /images/mini_prod/3438100321232.jpg HTTP/1.0" 200 269 "-" "Mozilla/5.0 (X11; Ubuntu; Linux x86_64; rv:72.0) Gecko/20100101 Firefox/72.0"
157.90.177.217 - - [22/Sep/2022:16:48:47 +0200] "GET /trivet-boards-c-12_158.html?page=7 HTTP/1.0" 200 95675 "-" "Mozilla/5.0 (compatible; BLEXBot/1.0; +http://webmeup-crawler.com/)"
185.191.171.1 - - [22/Sep/2022:16:48:52 +0200] "GET /singing-bowl-chakra-solar-plexus-yellow-p-42128.html HTTP/1.0" 200 74883 "-" "Mozilla/5.0 (compatible; SemrushBot/7~bl; +http://www.semrush.com/bot.html)"
157.90.177.217 - - [22/Sep/2022:16:48:53 +0200] "GET /trivet-boards-c-12_158.html?page=8 HTTP/1.0" 200 95699 "-" "Mozilla/5.0 (compatible; BLEXBot/1.0; +http://webmeup-crawler.com/)"
157.90.177.217 - - [22/Sep/2022:16:48:59 +0200] "GET /trivet-boards-c-12_158.html?page=9 HTTP/1.0" 200 95701 "-" "Mozilla/5.0 (compatible; BLEXBot/1.0; +http://webmeup-crawler.com/)"
157.90.177.217 - - [22/Sep/2022:16:49:06 +0200] "GET /trolley-backpack-brought-love-gorjuss-p-47753.html HTTP/1.0" 200 76665 "-" "Mozilla/5.0 (compatible; BLEXBot/1.0; +http://webmeup-crawler.com/)"
157.90.177.217 - - [22/Sep/2022:16:49:10 +0200] "GET /trolley-backpack-gorjuss-catch-falling-star-p-52368.html HTTP/1.0" 200 76117 "-" "Mozilla/5.0 (compatible; BLEXBot/1.0; +http://webmeup-crawler.com/)"
157.90.177.217 - - [22/Sep/2022:16:49:16 +0200] "GET /trolley-backpack-gorjuss-love-grows-p-52369.html HTTP/1.0" 200 76012 "-" "Mozilla/5.0 (compatible; BLEXBot/1.0; +http://webmeup-crawler.com/)"
157.90.177.217 - - [22/Sep/2022:16:49:21 +0200] "GET /tropical-vibes-vanity-p-45023.html HTTP/1.0" 200 74869 "-" "Mozilla/5.0 (compatible; BLEXBot/1.0; +http://webmeup-crawler.com/)"
157.90.177.217 - - [22/Sep/2022:16:49:28 +0200] "GET /turtles-ninja-glass-p-21407.html HTTP/1.0" 200 74733 "-" "Mozilla/5.0 (compatible; BLEXBot/1.0; +http://webmeup-crawler.com/)"
66.249.66.212 - - [22/Sep/2022:16:49:30 +0200] "GET /images/mini_prod/8422019609012.jpg HTTP/1.0" 200 269 "-" "Mozilla/5.0 (compatible; Googlebot/2.1; +http://www.google.com/bot.html)"
114.119.133.245 - - [22/Sep/2022:16:49:30 +0200] "GET /corsica-metal-plate-p-52514.html HTTP/1.0" 200 74657 "http://www.wonder-geek.com/home-decoration-c-13.html?page=38" "Mozilla/5.0 (Linux; Android 7.0;) AppleWebKit/537.36 (KHTML, like Gecko) Mobile Safari/537.36 (compatible; PetalBot;+https://webmaster.petalsearch.com/site/petalbot)"
157.90.177.217 - - [22/Sep/2022:16:49:33 +0200] "GET /turtles-ninja-glass-p-21408.html HTTP/1.0" 200 74732 "-" "Mozilla/5.0 (compatible; BLEXBot/1.0; +http://webmeup-crawler.com/)"
157.90.177.217 - - [22/Sep/2022:16:49:39 +0200] "GET /turtles-ninja-glass-p-21409.html HTTP/1.0" 200 74751 "-" "Mozilla/5.0 (compatible; BLEXBot/1.0; +http://webmeup-crawler.com/)"
157.90.177.217 - - [22/Sep/2022:16:49:45 +0200] "GET /tweety-coat-rack-p-6987.html HTTP/1.0" 200 74797 "-" "Mozilla/5.0 (compatible; BLEXBot/1.0; +http://webmeup-crawler.com/)"
157.90.177.217 - - [22/Sep/2022:16:49:51 +0200] "GET /tweety-hair-ornements-p-13556.html HTTP/1.0" 200 74783 "-" "Mozilla/5.0 (compatible; BLEXBot/1.0; +http://webmeup-crawler.com/)"
156.59.237.146 - - [22/Sep/2022:16:49:56 +0200] "GET /images/med_prod/3438100361511.jpg HTTP/1.0" 200 268 "-" "Mozilla/5.0 (X11; Ubuntu; Linux x86_64; rv:72.0) Gecko/20100101 Firefox/72.0"
157.90.177.217 - - [22/Sep/2022:16:49:58 +0200] "GET /tweety-paris-glitter-globe-p-35347.html HTTP/1.0" 200 74782 "-" "Mozilla/5.0 (compatible; BLEXBot/1.0; +http://webmeup-crawler.com/)"
157.90.177.217 - - [22/Sep/2022:16:50:04 +0200] "GET /ultron-mask-p-32442.html HTTP/1.0" 200 74782 "-" "Mozilla/5.0 (compatible; BLEXBot/1.0; +http://webmeup-crawler.com/)"
156.59.237.148 - - [22/Sep/2022:16:50:09 +0200] "GET /images/mini_prod/1348422000543.jpg HTTP/1.0" 200 269 "-" "Mozilla/5.0 (X11; Ubuntu; Linux x86_64; rv:72.0) Gecko/20100101 Firefox/72.0"
157.90.177.217 - - [22/Sep/2022:16:50:09 +0200] "GET /umbrella-holders-home-wherever-your-p-46916.html HTTP/1.0" 200 74884 "-" "Mozilla/5.0 (compatible; BLEXBot/1.0; +http://webmeup-crawler.com/)"
157.90.177.217 - - [22/Sep/2022:16:50:15 +0200] "GET /umbrellas-c-31_16.html?page=2 HTTP/1.0" 200 79906 "-" "Mozilla/5.0 (compatible; BLEXBot/1.0; +http://webmeup-crawler.com/)"
157.90.177.217 - - [22/Sep/2022:16:50:21 +0200] "GET /unicorn-bookends-p-50756.html HTTP/1.0" 200 75226 "-" "Mozilla/5.0 (compatible; BLEXBot/1.0; +http://webmeup-crawler.com/)"
157.90.177.217 - - [22/Sep/2022:16:50:26 +0200] "GET /unicorn-jewelry-holder-black-p-48881.html HTTP/1.0" 200 74894 "-" "Mozilla/5.0 (compatible; BLEXBot/1.0; +http://webmeup-crawler.com/)"
66.249.66.58 - - [22/Sep/2022:16:50:30 +0200] "GET /gift-japanese-pink-cast-iron-teapot-liter-p-54900.html HTTP/1.0" 200 75230 "-" "Mozilla/5.0 (Linux; Android 6.0.1; Nexus 5X Build/MMB29P) AppleWebKit/537.36 (KHTML, like Gecko) Chrome/105.0.5195.125 Mobile Safari/537.36 (compatible; Googlebot/2.1; +http://www.google.com/bot.html)"
157.90.177.217 - - [22/Sep/2022:16:50:32 +0200] "GET /unicorn-jewelry-holder-statuette-p-55818.html HTTP/1.0" 200 75538 "-" "Mozilla/5.0 (compatible; BLEXBot/1.0; +http://webmeup-crawler.com/)"
157.90.177.217 - - [22/Sep/2022:16:50:40 +0200] "GET /unicorn-jewelry-holder-white-p-48880.html HTTP/1.0" 200 74895 "-" "Mozilla/5.0 (compatible; BLEXBot/1.0; +http://webmeup-crawler.com/)"
157.90.177.217 - - [22/Sep/2022:16:50:45 +0200] "GET /unicorn-nightlight-p-55359.html HTTP/1.0" 200 75872 "-" "Mozilla/5.0 (compatible; BLEXBot/1.0; +http://webmeup-crawler.com/)"
66.249.66.212 - - [22/Sep/2022:16:50:47 +0200] "GET /gift-japanese-pink-cast-iron-teapot-liter-p-54900.html HTTP/1.0" 200 75230 "-" "Mozilla/5.0 (compatible; Googlebot/2.1; +http://www.google.com/bot.html)"
157.90.177.217 - - [22/Sep/2022:16:50:53 +0200] "GET /unicorn-pencil-p-51484.html HTTP/1.0" 200 75214 "-" "Mozilla/5.0 (compatible; BLEXBot/1.0; +http://webmeup-crawler.com/)"
157.90.177.217 - - [22/Sep/2022:16:50:58 +0200] "GET /unicorn-plush-gold-white-p-49626.html HTTP/1.0" 200 74795 "-" "Mozilla/5.0 (compatible; BLEXBot/1.0; +http://webmeup-crawler.com/)"
185.191.171.8 - - [22/Sep/2022:16:51:04 +0200] "GET /home-decoration-c-13.html?page=238 HTTP/1.0" 200 94444 "-" "Mozilla/5.0 (compatible; SemrushBot/7~bl; +http://www.semrush.com/bot.html)"
211.140.23.130 - - [22/Sep/2022:16:51:07 +0200] "GET /images/mini_prod/1384010176054.jpg HTTP/1.0" 200 269 "-" "Mozilla/5.0 (Windows NT 10.0; WOW64) AppleWebKit/537.36 (KHTML, like Gecko) Chrome/90.0.4430.212 Safari/537.36"
211.140.23.130 - - [22/Sep/2022:16:51:07 +0200] "GET /images/mini_prod/8422010176056NN.jpg HTTP/1.0" 200 271 "-" "Mozilla/5.0 (Windows NT 10.0; WOW64) AppleWebKit/537.36 (KHTML, like Gecko) Chrome/90.0.4430.212 Safari/537.36"
157.90.177.217 - - [22/Sep/2022:16:51:05 +0200] "GET /unicorn-plush-parma-white-p-47654.html HTTP/1.0" 200 74803 "-" "Mozilla/5.0 (compatible; BLEXBot/1.0; +http://webmeup-crawler.com/)"
211.140.23.130 - - [22/Sep/2022:16:51:09 +0200] "GET /images/mini_prod/5051276219653B.jpg HTTP/1.0" 200 270 "-" "Mozilla/5.0 (Windows NT 10.0; WOW64) AppleWebKit/537.36 (KHTML, like Gecko) Chrome/90.0.4430.212 Safari/537.36"
157.90.177.217 - - [22/Sep/2022:16:51:12 +0200] "GET /unicorn-pocket-warmer-p-56141.html HTTP/1.0" 200 75580 "-" "Mozilla/5.0 (compatible; BLEXBot/1.0; +http://webmeup-crawler.com/)"
211.140.23.130 - - [22/Sep/2022:16:51:15 +0200] "GET /images/mini_prod/1384010188828.jpg HTTP/1.0" 200 269 "-" "Mozilla/5.0 (Windows NT 10.0; WOW64) AppleWebKit/537.36 (KHTML, like Gecko) Chrome/90.0.4430.212 Safari/537.36"
114.119.133.245 - - [22/Sep/2022:16:51:15 +0200] "GET /gemini-clasic-keyring-by-cbkreation-p-43249.html HTTP/1.0" 301 74943 "http://www.wonder-geek.com/keyrings-c-31_52.html?page=5" "Mozilla/5.0 (Linux; Android 7.0;) AppleWebKit/537.36 (KHTML, like Gecko) Mobile Safari/537.36 (compatible; PetalBot;+https://webmaster.petalsearch.com/site/petalbot)"
114.119.133.245 - - [22/Sep/2022:16:51:16 +0200] "GET /gemini-clasic-keyring-cbkreation-p-43249.html HTTP/1.0" 200 74844 "http://www.wonder-geek.com/keyrings-c-31_52.html?page=5" "Mozilla/5.0 (Linux; Android 7.0;) AppleWebKit/537.36 (KHTML, like Gecko) Mobile Safari/537.36 (compatible; PetalBot;+https://webmaster.petalsearch.com/site/petalbot)"
157.90.177.217 - - [22/Sep/2022:16:51:19 +0200] "GET /unicorn-shaped-night-light-p-52919.html HTTP/1.0" 200 75375 "-" "Mozilla/5.0 (compatible; BLEXBot/1.0; +http://webmeup-crawler.com/)"
157.90.177.217 - - [22/Sep/2022:16:51:23 +0200] "GET /unicorn-shower-curtain-p-57406.html HTTP/1.0" 200 75423 "-" "Mozilla/5.0 (compatible; BLEXBot/1.0; +http://webmeup-crawler.com/)"
157.90.177.217 - - [22/Sep/2022:16:51:29 +0200] "GET /unicorn-snowball-p-50763.html HTTP/1.0" 200 74772 "-" "Mozilla/5.0 (compatible; BLEXBot/1.0; +http://webmeup-crawler.com/)"
157.90.177.217 - - [22/Sep/2022:16:51:36 +0200] "GET /unicorn-voucher-p-53366.html HTTP/1.0" 200 75365 "-" "Mozilla/5.0 (compatible; BLEXBot/1.0; +http://webmeup-crawler.com/)"
157.90.177.217 - - [22/Sep/2022:16:51:41 +0200] "GET /unicorn-wastebasket-p-48978.html HTTP/1.0" 200 75264 "-" "Mozilla/5.0 (compatible; BLEXBot/1.0; +http://webmeup-crawler.com/)"
157.90.177.217 - - [22/Sep/2022:16:51:47 +0200] "GET /urban-culture-phone-cover-iphone-p-14764.html HTTP/1.0" 200 75587 "-" "Mozilla/5.0 (compatible; BLEXBot/1.0; +http://webmeup-crawler.com/)"
185.191.171.21 - - [22/Sep/2022:16:51:51 +0200] "GET /frozen-disney-small-backpack-p-32748.html HTTP/1.0" 200 75128 "-" "Mozilla/5.0 (compatible; SemrushBot/7~bl; +http://www.semrush.com/bot.html)"
157.90.177.217 - - [22/Sep/2022:16:51:53 +0200] "GET /urss-adult-cbkreation-p-29959.html HTTP/1.0" 200 74792 "-" "Mozilla/5.0 (compatible; BLEXBot/1.0; +http://webmeup-crawler.com/)"
157.90.177.217 - - [22/Sep/2022:16:51:59 +0200] "GET /utensil-cutlery-c-12_244.html?page=2 HTTP/1.0" 200 81024 "-" "Mozilla/5.0 (compatible; BLEXBot/1.0; +http://webmeup-crawler.com/)"
119.8.243.107 - - [22/Sep/2022:16:52:04 +0200] "GET /images/big_prod_2/8424001704484b.jpg HTTP/1.0" 200 271 "-" "Mozilla/5.0 (X11; Ubuntu; Linux x86_64; rv:72.0) Gecko/20100101 Firefox/72.0"
157.90.177.217 - - [22/Sep/2022:16:52:05 +0200] "GET /vache-pitcher-p-44861.html HTTP/1.0" 200 74692 "-" "Mozilla/5.0 (compatible; BLEXBot/1.0; +http://webmeup-crawler.com/)"
157.90.177.217 - - [22/Sep/2022:16:52:10 +0200] "GET /valdrome-kalian-napkin-made-france-p-43970.html HTTP/1.0" 200 75499 "-" "Mozilla/5.0 (compatible; BLEXBot/1.0; +http://webmeup-crawler.com/)"
157.90.177.217 - - [22/Sep/2022:16:52:17 +0200] "GET /vanity-printed-running-horses-p-35450.html HTTP/1.0" 200 77163 "-" "Mozilla/5.0 (compatible; BLEXBot/1.0; +http://webmeup-crawler.com/)"
157.90.177.217 - - [22/Sep/2022:16:52:25 +0200] "GET /vanua-cotton-basket-planter-p-57438.html HTTP/1.0" 200 75586 "-" "Mozilla/5.0 (compatible; BLEXBot/1.0; +http://webmeup-crawler.com/)"
157.90.177.217 - - [22/Sep/2022:16:52:33 +0200] "GET /vanua-cotton-basket-planter-p-57439.html HTTP/1.0" 200 75580 "-" "Mozilla/5.0 (compatible; BLEXBot/1.0; +http://webmeup-crawler.com/)"
157.90.177.217 - - [22/Sep/2022:16:52:38 +0200] "GET /vanua-cotton-basket-planter-p-57832.html HTTP/1.0" 200 75583 "-" "Mozilla/5.0 (compatible; BLEXBot/1.0; +http://webmeup-crawler.com/)"
185.191.171.1 - - [22/Sep/2022:16:52:42 +0200] "GET /home-decoration-c-13.html?page=256 HTTP/1.0" 200 89122 "-" "Mozilla/5.0 (compatible; SemrushBot/7~bl; +http://www.semrush.com/bot.html)"
157.90.177.217 - - [22/Sep/2022:16:52:45 +0200] "GET /vanua-cotton-basket-planter-p-57833.html HTTP/1.0" 200 75577 "-" "Mozilla/5.0 (compatible; BLEXBot/1.0; +http://webmeup-crawler.com/)"
17.121.113.74 - - [22/Sep/2022:16:52:46 +0200] "GET /postcard-with-envelope-p-48858.html HTTP/1.0" 200 74842 "-" "Mozilla/5.0 (Macintosh; Intel Mac OS X 10_15_5) AppleWebKit/605.1.15 (KHTML, like Gecko) Version/13.1.1 Safari/605.1.15 (Applebot/0.1; +http://www.apple.com/go/applebot)"
114.119.137.43 - - [22/Sep/2022:16:52:44 +0200] "GET /home-and-decoration-c-13.html?page=39 HTTP/1.0" 301 93766 "http://www.wonder-geek.com/home-and-decoration-c-13.html?page=35" "Mozilla/5.0 (Linux; Android 7.0;) AppleWebKit/537.36 (KHTML, like Gecko) Mobile Safari/537.36 (compatible; PetalBot;+https://webmaster.petalsearch.com/site/petalbot)"
114.119.137.43 - - [22/Sep/2022:16:52:48 +0200] "GET /home-decoration-c-13.html?page=39 HTTP/1.0" 200 93679 "http://www.wonder-geek.com/home-and-decoration-c-13.html?page=35" "Mozilla/5.0 (Linux; Android 7.0;) AppleWebKit/537.36 (KHTML, like Gecko) Mobile Safari/537.36 (compatible; PetalBot;+https://webmaster.petalsearch.com/site/petalbot)"
157.90.177.217 - - [22/Sep/2022:16:52:49 +0200] "GET /vanua-cotton-baskets-planters-p-58797.html HTTP/1.0" 200 76315 "-" "Mozilla/5.0 (compatible; BLEXBot/1.0; +http://webmeup-crawler.com/)"
157.90.177.217 - - [22/Sep/2022:16:52:59 +0200] "GET /vase-owls-porcelain-p-55118.html HTTP/1.0" 200 75747 "-" "Mozilla/5.0 (compatible; BLEXBot/1.0; +http://webmeup-crawler.com/)"
157.90.177.217 - - [22/Sep/2022:16:53:11 +0200] "GET /vase-soliflore-c-13_232.html?page=2 HTTP/1.0" 200 92221 "-" "Mozilla/5.0 (compatible; BLEXBot/1.0; +http://webmeup-crawler.com/)"
157.90.177.217 - - [22/Sep/2022:16:53:20 +0200] "GET /vase-soliflore-c-13_232.html?page=3 HTTP/1.0" 200 93197 "-" "Mozilla/5.0 (compatible; BLEXBot/1.0; +http://webmeup-crawler.com/)"
157.90.177.217 - - [22/Sep/2022:16:53:27 +0200] "GET /vase-soliflore-c-13_232.html?page=4 HTTP/1.0" 200 88260 "-" "Mozilla/5.0 (compatible; BLEXBot/1.0; +http://webmeup-crawler.com/)"
157.90.177.217 - - [22/Sep/2022:16:53:34 +0200] "GET /vent-bathrobe-size-p-45898.html HTTP/1.0" 200 74750 "-" "Mozilla/5.0 (compatible; BLEXBot/1.0; +http://webmeup-crawler.com/)"
157.90.177.217 - - [22/Sep/2022:16:53:39 +0200] "GET /vent-bathrobe-size-p-45899.html HTTP/1.0" 200 74739 "-" "Mozilla/5.0 (compatible; BLEXBot/1.0; +http://webmeup-crawler.com/)"
157.90.177.217 - - [22/Sep/2022:16:53:48 +0200] "GET /vent-bathrobe-size-p-45901.html HTTP/1.0" 200 74737 "-" "Mozilla/5.0 (compatible; BLEXBot/1.0; +http://webmeup-crawler.com/)"
157.90.177.217 - - [22/Sep/2022:16:53:54 +0200] "GET /vent-bathrobe-size-p-45904.html HTTP/1.0" 200 74739 "-" "Mozilla/5.0 (compatible; BLEXBot/1.0; +http://webmeup-crawler.com/)"
211.140.23.130 - - [22/Sep/2022:16:53:59 +0200] "GET /images/mini_prod/3609810057883.jpg HTTP/1.0" 200 269 "-" "Mozilla/5.0 (Windows NT 10.0; WOW64) AppleWebKit/537.36 (KHTML, like Gecko) Chrome/90.0.4430.212 Safari/537.36"
157.90.177.217 - - [22/Sep/2022:16:54:02 +0200] "GET /verity-rose-cupcake-emery-board-p-29145.html HTTP/1.0" 200 74841 "-" "Mozilla/5.0 (compatible; BLEXBot/1.0; +http://webmeup-crawler.com/)"
157.90.177.217 - - [22/Sep/2022:16:54:09 +0200] "GET /verity-rose-destiny-emery-board-p-29140.html HTTP/1.0" 200 74813 "-" "Mozilla/5.0 (compatible; BLEXBot/1.0; +http://webmeup-crawler.com/)"
114.119.133.245 - - [22/Sep/2022:16:54:10 +0200] "GET /mobile-bells-metal-butterfly-p-41510.html HTTP/1.0" 200 74766 "http://www.wonder-geek.com/home-and-decoration-c-13.html?page=121" "Mozilla/5.0 (Linux; Android 7.0;) AppleWebKit/537.36 (KHTML, like Gecko) Mobile Safari/537.36 (compatible; PetalBot;+https://webmaster.petalsearch.com/site/petalbot)"
157.90.177.217 - - [22/Sep/2022:16:54:15 +0200] "GET /verity-rose-hair-clips-retro-p-29184.html HTTP/1.0" 200 75428 "-" "Mozilla/5.0 (compatible; BLEXBot/1.0; +http://webmeup-crawler.com/)"
157.90.177.217 - - [22/Sep/2022:16:54:20 +0200] "GET /verity-rose-hair-clips-retro-p-29186.html HTTP/1.0" 200 74728 "-" "Mozilla/5.0 (compatible; BLEXBot/1.0; +http://webmeup-crawler.com/)"
157.90.177.217 - - [22/Sep/2022:16:54:25 +0200] "GET /verity-rose-moonstruck-emery-board-p-29144.html HTTP/1.0" 200 74867 "-" "Mozilla/5.0 (compatible; BLEXBot/1.0; +http://webmeup-crawler.com/)"
157.90.177.217 - - [22/Sep/2022:16:54:39 +0200] "GET /very-large-fountain-ganesh-resin-p-46678.html HTTP/1.0" 200 75116 "-" "Mozilla/5.0 (compatible; BLEXBot/1.0; +http://webmeup-crawler.com/)"
157.55.39.12 - - [22/Sep/2022:16:54:42 +0200] "GET /metal-tray-p-45851.html HTTP/1.0" 200 74744 "-" "Mozilla/5.0 (compatible; bingbot/2.0; +http://www.bing.com/bingbot.htm)"
157.90.177.217 - - [22/Sep/2022:16:54:44 +0200] "GET /vest-with-crop-steampunk-black-shirt-p-30129.html HTTP/1.0" 200 76277 "-" "Mozilla/5.0 (compatible; BLEXBot/1.0; +http://webmeup-crawler.com/)"
185.191.171.1 - - [22/Sep/2022:16:54:46 +0200] "GET /linen-c-11_68.html?page=6 HTTP/1.0" 200 88588 "-" "Mozilla/5.0 (compatible; SemrushBot/7~bl; +http://www.semrush.com/bot.html)"
157.90.177.217 - - [22/Sep/2022:16:54:50 +0200] "GET /vichy-little-tray-p-29649.html HTTP/1.0" 200 74705 "-" "Mozilla/5.0 (compatible; BLEXBot/1.0; +http://webmeup-crawler.com/)"
156.59.237.151 - - [22/Sep/2022:16:54:53 +0200] "GET /images/mini_prod/1384010207536.jpg HTTP/1.0" 200 269 "-" "Mozilla/5.0 (X11; Ubuntu; Linux x86_64; rv:72.0) Gecko/20100101 Firefox/72.0"
157.55.39.217 - - [22/Sep/2022:16:54:53 +0200] "GET /figurine-puppy-bowl-dalmatians-bone-shaped-dish-p-53985.html HTTP/1.0" 200 76449 "-" "Mozilla/5.0 (compatible; bingbot/2.0; +http://www.bing.com/bingbot.htm)"
157.90.177.217 - - [22/Sep/2022:16:54:55 +0200] "GET /vilaines-filles-bath-towel-p-57629.html HTTP/1.0" 200 75483 "-" "Mozilla/5.0 (compatible; BLEXBot/1.0; +http://webmeup-crawler.com/)"
157.90.177.217 - - [22/Sep/2022:16:55:05 +0200] "GET /vilaines-filles-beach-towel-p-51710.html HTTP/1.0" 200 74845 "-" "Mozilla/5.0 (compatible; BLEXBot/1.0; +http://webmeup-crawler.com/)"
157.90.177.217 - - [22/Sep/2022:16:55:10 +0200] "GET /vilaines-filles-shower-curtain-p-57628.html HTTP/1.0" 200 75523 "-" "Mozilla/5.0 (compatible; BLEXBot/1.0; +http://webmeup-crawler.com/)"
157.90.177.217 - - [22/Sep/2022:16:55:19 +0200] "GET /vine-barrel-wall-decoration-p-58690.html HTTP/1.0" 200 75371 "-" "Mozilla/5.0 (compatible; BLEXBot/1.0; +http://webmeup-crawler.com/)"
157.90.177.217 - - [22/Sep/2022:16:55:26 +0200] "GET /vintage-adult-apron-p-38478.html HTTP/1.0" 200 74667 "-" "Mozilla/5.0 (compatible; BLEXBot/1.0; +http://webmeup-crawler.com/)"
51.68.224.127 - - [22/Sep/2022:16:55:34 +0200] "GET /adminweb/export_orders_xml.php?token=256de2z6edz6ed2z6DFSFsed2zed6zeDSFDSGdzedezfzf&maxorders=10&orderstart=1&status=14&start_date=2018-10-01 HTTP/1.0" 200 285 "-" "GesCom CharlotteBoutik Serveur"
157.90.177.217 - - [22/Sep/2022:16:55:34 +0200] "GET /vintage-adult-apron-p-38480.html HTTP/1.0" 200 74667 "-" "Mozilla/5.0 (compatible; BLEXBot/1.0; +http://webmeup-crawler.com/)"
51.68.224.127 - - [22/Sep/2022:16:55:35 +0200] "GET /adminweb/export_orders_xml.php?token=256de2z6edz6ed2z6DFSFsed2zed6zeDSFDSGdzedezfzf&maxorders=10&orderstart=1&status=6&start_date=2018-10-01 HTTP/1.0" 200 33985 "-" "GesCom CharlotteBoutik Serveur"
157.90.177.217 - - [22/Sep/2022:16:55:40 +0200] "GET /vintage-adult-apron-p-38481.html HTTP/1.0" 200 74667 "-" "Mozilla/5.0 (compatible; BLEXBot/1.0; +http://webmeup-crawler.com/)"
114.119.133.245 - - [22/Sep/2022:16:55:43 +0200] "GET /harley-davidson-set-of-magnets-p-12541.html HTTP/1.0" 301 74871 "http://www.wonder-geek.com/home-and-decoration-c-13.html?page=104" "Mozilla/5.0 (Linux; Android 7.0;) AppleWebKit/537.36 (KHTML, like Gecko) Mobile Safari/537.36 (compatible; PetalBot;+https://webmaster.petalsearch.com/site/petalbot)"
114.119.133.245 - - [22/Sep/2022:16:55:45 +0200] "GET /harley-davidson-magnets-p-12541.html HTTP/1.0" 200 74781 "http://www.wonder-geek.com/home-and-decoration-c-13.html?page=104" "Mozilla/5.0 (Linux; Android 7.0;) AppleWebKit/537.36 (KHTML, like Gecko) Mobile Safari/537.36 (compatible; PetalBot;+https://webmaster.petalsearch.com/site/petalbot)"
157.90.177.217 - - [22/Sep/2022:16:55:46 +0200] "GET /vintage-khaki-computer-p-19016.html HTTP/1.0" 200 77712 "-" "Mozilla/5.0 (compatible; BLEXBot/1.0; +http://webmeup-crawler.com/)"
157.90.177.217 - - [22/Sep/2022:16:55:50 +0200] "GET /vintage-liberty-cushion-p-16211.html HTTP/1.0" 200 75268 "-" "Mozilla/5.0 (compatible; BLEXBot/1.0; +http://webmeup-crawler.com/)"
185.191.171.4 - - [22/Sep/2022:16:55:55 +0200] "GET /rehab-quitters-metal-plate-deco-p-39980.html HTTP/1.0" 200 72260 "-" "Mozilla/5.0 (compatible; SemrushBot/7~bl; +http://www.semrush.com/bot.html)"
157.90.177.217 - - [22/Sep/2022:16:55:56 +0200] "GET /violetta-apron-chef-p-29524.html HTTP/1.0" 200 74840 "-" "Mozilla/5.0 (compatible; BLEXBot/1.0; +http://webmeup-crawler.com/)"
157.90.177.217 - - [22/Sep/2022:16:56:03 +0200] "GET /violetta-badges-p-28293.html HTTP/1.0" 200 74663 "-" "Mozilla/5.0 (compatible; BLEXBot/1.0; +http://webmeup-crawler.com/)"
157.90.177.217 - - [22/Sep/2022:16:56:08 +0200] "GET /vive-paris-spiral-notebook-p-20221.html HTTP/1.0" 200 75408 "-" "Mozilla/5.0 (compatible; BLEXBot/1.0; +http://webmeup-crawler.com/)"
66.249.66.68 - - [22/Sep/2022:16:56:13 +0200] "GET /small-boxes-and-pill-c-13_150_154.html?page=3 HTTP/1.0" 301 90426 "-" "Mozilla/5.0 (Linux; Android 6.0.1; Nexus 5X Build/MMB29P) AppleWebKit/537.36 (KHTML, like Gecko) Chrome/105.0.5195.125 Mobile Safari/537.36 (compatible; Googlebot/2.1; +http://www.google.com/bot.html)"
66.249.66.58 - - [22/Sep/2022:16:56:15 +0200] "GET /small-boxes-pill-c-154.html?page=3 HTTP/1.0" 301 90180 "-" "Mozilla/5.0 (Linux; Android 6.0.1; Nexus 5X Build/MMB29P) AppleWebKit/537.36 (KHTML, like Gecko) Chrome/105.0.5195.125 Mobile Safari/537.36 (compatible; Googlebot/2.1; +http://www.google.com/bot.html)"
157.90.177.217 - - [22/Sep/2022:16:56:16 +0200] "GET /vive-paris-umbrella-p-18979.html HTTP/1.0" 200 75009 "-" "Mozilla/5.0 (compatible; BLEXBot/1.0; +http://webmeup-crawler.com/)"
66.249.66.56 - - [22/Sep/2022:16:56:18 +0200] "GET /small-boxes-pill-c-13_150_154.html?page=3 HTTP/1.0" 200 90338 "-" "Mozilla/5.0 (Linux; Android 6.0.1; Nexus 5X Build/MMB29P) AppleWebKit/537.36 (KHTML, like Gecko) Chrome/105.0.5195.125 Mobile Safari/537.36 (compatible; Googlebot/2.1; +http://www.google.com/bot.html)"
157.90.177.217 - - [22/Sep/2022:16:56:22 +0200] "GET /volkswagen-beetle-blue-glitter-p-26268.html HTTP/1.0" 200 74749 "-" "Mozilla/5.0 (compatible; BLEXBot/1.0; +http://webmeup-crawler.com/)"
157.90.177.217 - - [22/Sep/2022:16:56:28 +0200] "GET /volkswagen-black-p-22965.html HTTP/1.0" 200 74712 "-" "Mozilla/5.0 (compatible; BLEXBot/1.0; +http://webmeup-crawler.com/)"
157.90.177.217 - - [22/Sep/2022:16:56:33 +0200] "GET /volkswagen-p-22966.html HTTP/1.0" 200 74693 "-" "Mozilla/5.0 (compatible; BLEXBot/1.0; +http://webmeup-crawler.com/)"
185.191.171.9 - - [22/Sep/2022:16:56:40 +0200] "GET /-p-40178.html HTTP/1.0" 200 72060 "-" "Mozilla/5.0 (compatible; SemrushBot/7~bl; +http://www.semrush.com/bot.html)"
157.90.177.217 - - [22/Sep/2022:16:56:41 +0200] "GET /wall-decoration-mappemonde-p-49967.html HTTP/1.0" 200 75356 "-" "Mozilla/5.0 (compatible; BLEXBot/1.0; +http://webmeup-crawler.com/)"
157.90.177.217 - - [22/Sep/2022:16:56:46 +0200] "GET /wall-decoration-wood-c-13_274.html?page=10 HTTP/1.0" 200 94311 "-" "Mozilla/5.0 (compatible; BLEXBot/1.0; +http://webmeup-crawler.com/)"
157.90.177.217 - - [22/Sep/2022:16:56:54 +0200] "GET /wall-decoration-wood-c-13_274.html?page=2 HTTP/1.0" 200 95758 "-" "Mozilla/5.0 (compatible; BLEXBot/1.0; +http://webmeup-crawler.com/)"
185.191.171.7 - - [22/Sep/2022:16:56:58 +0200] "GET /klimt-adult-apron-p-51193.html HTTP/1.0" 200 74630 "-" "Mozilla/5.0 (compatible; SemrushBot/7~bl; +http://www.semrush.com/bot.html)"
157.90.177.217 - - [22/Sep/2022:16:57:02 +0200] "GET /wall-decoration-wood-c-13_274.html?page=3 HTTP/1.0" 200 95726 "-" "Mozilla/5.0 (compatible; BLEXBot/1.0; +http://webmeup-crawler.com/)"
157.90.177.217 - - [22/Sep/2022:16:57:11 +0200] "GET /wall-decoration-wood-c-13_274.html?page=4 HTTP/1.0" 200 95343 "-" "Mozilla/5.0 (compatible; BLEXBot/1.0; +http://webmeup-crawler.com/)"
157.90.177.217 - - [22/Sep/2022:16:57:16 +0200] "GET /wall-decoration-wood-c-13_274.html?page=5 HTTP/1.0" 200 95602 "-" "Mozilla/5.0 (compatible; BLEXBot/1.0; +http://webmeup-crawler.com/)"
114.119.137.43 - - [22/Sep/2022:16:57:24 +0200] "GET /starry-russian-doll-cushion-by-cbkreation-p-18473.html HTTP/1.0" 301 72127 "http://www.wonder-geek.com/household-linen-c-11.html?page=56" "Mozilla/5.0 (Linux; Android 7.0;) AppleWebKit/537.36 (KHTML, like Gecko) Mobile Safari/537.36 (compatible; PetalBot;+https://webmaster.petalsearch.com/site/petalbot)"
114.119.137.43 - - [22/Sep/2022:16:57:25 +0200] "GET /-p-18473.html HTTP/1.0" 200 72060 "http://www.wonder-geek.com/household-linen-c-11.html?page=56" "Mozilla/5.0 (Linux; Android 7.0;) AppleWebKit/537.36 (KHTML, like Gecko) Mobile Safari/537.36 (compatible; PetalBot;+https://webmaster.petalsearch.com/site/petalbot)"
157.90.177.217 - - [22/Sep/2022:16:57:25 +0200] "GET /wall-decoration-wood-c-13_274.html?page=6 HTTP/1.0" 200 95833 "-" "Mozilla/5.0 (compatible; BLEXBot/1.0; +http://webmeup-crawler.com/)"
156.59.237.152 - - [22/Sep/2022:16:57:28 +0200] "GET /images/D5411217321171.jpg HTTP/1.0" 200 260 "-" "Mozilla/5.0 (X11; Ubuntu; Linux x86_64; rv:72.0) Gecko/20100101 Firefox/72.0"
185.191.171.23 - - [22/Sep/2022:16:57:28 +0200] "GET /tablecloths-c-11_176.html?page=5 HTTP/1.0" 200 83385 "-" "Mozilla/5.0 (compatible; SemrushBot/7~bl; +http://www.semrush.com/bot.html)"
223.96.90.216 - - [22/Sep/2022:16:57:34 +0200] "GET /contact_us.php HTTP/1.0" 301 539 "http://wonder-geek.com/contact_us.php" "Mozilla/5.0 (Windows NT 6.2; Win64; x64) AppleWebKit/537.36 (KHTML, like Gecko) Chrome/90.0.4430.93 Safari/537.36"
157.90.177.217 - - [22/Sep/2022:16:57:33 +0200] "GET /wall-decoration-wood-c-13_274.html?page=7 HTTP/1.0" 200 95508 "-" "Mozilla/5.0 (compatible; BLEXBot/1.0; +http://webmeup-crawler.com/)"
223.96.90.216 - - [22/Sep/2022:16:57:36 +0200] "GET /contact_us.php HTTP/1.0" 200 26241 "http://www.wonder-geek.com/contact_us.php" "Mozilla/5.0 (Windows NT 6.2; Win64; x64) AppleWebKit/537.36 (KHTML, like Gecko) Chrome/90.0.4430.93 Safari/537.36"
223.96.90.216 - - [22/Sep/2022:16:57:41 +0200] "POST /contact_us.php?action=send HTTP/1.0" 200 26462 "http://www.wonder-geek.com/contact_us.php" "Mozilla/5.0 (Windows NT 6.2; Win64; x64) AppleWebKit/537.36 (KHTML, like Gecko) Chrome/90.0.4430.93 Safari/537.36"
157.90.177.217 - - [22/Sep/2022:16:57:41 +0200] "GET /wall-decoration-wood-c-13_274.html?page=8 HTTP/1.0" 200 96583 "-" "Mozilla/5.0 (compatible; BLEXBot/1.0; +http://webmeup-crawler.com/)"
223.96.90.216 - - [22/Sep/2022:16:57:43 +0200] "GET /login.php HTTP/1.0" 200 17155 "http://www.wonder-geek.com/login.php" "Mozilla/5.0 (Windows NT 6.2; Win64; x64) AppleWebKit/537.36 (KHTML, like Gecko) Chrome/90.0.4430.93 Safari/537.36"
223.96.90.216 - - [22/Sep/2022:16:57:48 +0200] "POST /login.php?action=process HTTP/1.0" 200 17659 "http://www.wonder-geek.com/login.php" "Mozilla/5.0 (Windows NT 6.2; Win64; x64) AppleWebKit/537.36 (KHTML, like Gecko) Chrome/90.0.4430.93 Safari/537.36"
157.90.177.217 - - [22/Sep/2022:16:57:48 +0200] "GET /wall-decoration-wood-c-13_274.html?page=9 HTTP/1.0" 200 95407 "-" "Mozilla/5.0 (compatible; BLEXBot/1.0; +http://webmeup-crawler.com/)"
223.96.90.216 - - [22/Sep/2022:16:57:53 +0200] "GET /contact_us.php HTTP/1.0" 301 539 "http://wonder-geek.com/contact_us.php" "Mozilla/5.0 (Windows NT 6.2; Win64; x64) AppleWebKit/537.36 (KHTML, like Gecko) Chrome/90.0.4430.93 Safari/537.36"
157.90.177.217 - - [22/Sep/2022:16:57:56 +0200] "GET /wall-hanging-radha-shiva-eternal-lovers-p-47247.html HTTP/1.0" 200 76017 "-" "Mozilla/5.0 (compatible; BLEXBot/1.0; +http://webmeup-crawler.com/)"
223.96.90.216 - - [22/Sep/2022:16:57:55 +0200] "GET /index.php HTTP/1.0" 200 151079 "http://www.wonder-geek.com/index.php" "Mozilla/5.0 (Windows NT 6.2; Win64; x64) AppleWebKit/537.36 (KHTML, like Gecko) Chrome/90.0.4430.93 Safari/537.36"
42.194.230.87 - - [22/Sep/2022:16:58:00 +0200] "GET /images/4891813831853.jpg HTTP/1.0" 200 259 "-" "Mozilla/5.0 (X11; Ubuntu; Linux x86_64; rv:72.0) Gecko/20100101 Firefox/72.0"
157.90.177.217 - - [22/Sep/2022:16:58:00 +0200] "GET /wall-sticker-c-13_187.html?page=10 HTTP/1.0" 200 95978 "-" "Mozilla/5.0 (compatible; BLEXBot/1.0; +http://webmeup-crawler.com/)"
157.90.177.217 - - [22/Sep/2022:16:58:06 +0200] "GET /wall-sticker-c-13_187.html?page=11 HTTP/1.0" 200 96135 "-" "Mozilla/5.0 (compatible; BLEXBot/1.0; +http://webmeup-crawler.com/)"
223.96.90.216 - - [22/Sep/2022:16:58:13 +0200] "GET /trivet-boards-c-12_158.html HTTP/1.0" 200 95853 "http://www.wonder-geek.com/trivet-boards-c-12_158.html" "Mozilla/5.0 (Windows NT 6.2; Win64; x64) AppleWebKit/537.36 (KHTML, like Gecko) Chrome/90.0.4430.93 Safari/537.36"
157.90.177.217 - - [22/Sep/2022:16:58:14 +0200] "GET /wall-sticker-c-13_187.html?page=2 HTTP/1.0" 200 95471 "-" "Mozilla/5.0 (compatible; BLEXBot/1.0; +http://webmeup-crawler.com/)"
223.96.90.216 - - [22/Sep/2022:16:58:20 +0200] "GET /cardboard-boxes-storage-c-13_150_216.html HTTP/1.0" 200 79500 "http://www.wonder-geek.com/cardboard-boxes-storage-c-13_150_216.html" "Mozilla/5.0 (Windows NT 6.2; Win64; x64) AppleWebKit/537.36 (KHTML, like Gecko) Chrome/90.0.4430.93 Safari/537.36"
157.55.39.12 - - [22/Sep/2022:16:58:24 +0200] "GET /inside-out-backpack-p-31286.html HTTP/1.0" 301 72127 "-" "Mozilla/5.0 (compatible; bingbot/2.0; +http://www.bing.com/bingbot.htm)"
157.90.177.217 - - [22/Sep/2022:16:58:26 +0200] "GET /wall-sticker-c-13_187.html?page=3 HTTP/1.0" 200 95460 "-" "Mozilla/5.0 (compatible; BLEXBot/1.0; +http://webmeup-crawler.com/)"
207.46.13.149 - - [22/Sep/2022:16:58:29 +0200] "GET /horse-alarm-clock-cbkreation-p-25048.html HTTP/1.0" 200 74814 "-" "Mozilla/5.0 (compatible; bingbot/2.0; +http://www.bing.com/bingbot.htm)"
23.100.232.233 - - [22/Sep/2022:16:58:32 +0200] "GET /games-and-toys/figures/asterix-and-obelix-baba-black-pirate-figure-p-15691.html HTTP/1.0" 301 669 "-" "Mozilla/5.0 (compatible; MSIE 9.0; Windows NT 6.1; Trident/5.0;  Trident/5.0)"
223.96.90.216 - - [22/Sep/2022:16:58:30 +0200] "GET /cushion-headboard-c-11_173.html HTTP/1.0" 200 78918 "http://www.wonder-geek.com/cushion-headboard-c-11_173.html" "Mozilla/5.0 (Windows NT 6.2; Win64; x64) AppleWebKit/537.36 (KHTML, like Gecko) Chrome/90.0.4430.93 Safari/537.36"
23.100.232.233 - - [22/Sep/2022:16:58:32 +0200] "GET /games-and-toys/figures/asterix-and-obelix-baba-black-pirate-figure-p-15691.html HTTP/1.0" 301 72127 "-" "Mozilla/5.0 (compatible; MSIE 9.0; Windows NT 6.1; Trident/5.0;  Trident/5.0)"
23.100.232.233 - - [22/Sep/2022:16:58:35 +0200] "GET /-p-15691.html HTTP/1.0" 200 72060 "-" "Mozilla/5.0 (compatible; MSIE 9.0; Windows NT 6.1; Trident/5.0;  Trident/5.0)"
157.90.177.217 - - [22/Sep/2022:16:58:33 +0200] "GET /wall-sticker-c-13_187.html?page=4 HTTP/1.0" 200 95671 "-" "Mozilla/5.0 (compatible; BLEXBot/1.0; +http://webmeup-crawler.com/)"
23.100.232.233 - - [22/Sep/2022:16:58:37 +0200] "GET /templates/Pixame_v1/stylesheet.css HTTP/1.0" 200 267 "http://www.wonder-geek.com/-p-15691.html" "Mozilla/5.0 (compatible; MSIE 9.0; Windows NT 6.1; Trident/5.0;  Trident/5.0)"
23.100.232.233 - - [22/Sep/2022:16:58:37 +0200] "GET /highslide/highslide.js HTTP/1.0" 200 262 "http://www.wonder-geek.com/-p-15691.html" "Mozilla/5.0 (compatible; MSIE 9.0; Windows NT 6.1; Trident/5.0;  Trident/5.0)"
23.100.232.233 - - [22/Sep/2022:16:58:37 +0200] "GET /js/jquery.jqzoom.js HTTP/1.0" 200 259 "http://www.wonder-geek.com/-p-15691.html" "Mozilla/5.0 (compatible; MSIE 9.0; Windows NT 6.1; Trident/5.0;  Trident/5.0)"
23.100.232.233 - - [22/Sep/2022:16:58:37 +0200] "GET /js/jquery.js HTTP/1.0" 200 252 "http://www.wonder-geek.com/-p-15691.html" "Mozilla/5.0 (compatible; MSIE 9.0; Windows NT 6.1; Trident/5.0;  Trident/5.0)"
23.100.232.233 - - [22/Sep/2022:16:58:38 +0200] "GET /swfobject.js HTTP/1.0" 404 1308 "http://www.wonder-geek.com/-p-15691.html" "Mozilla/5.0 (compatible; MSIE 9.0; Windows NT 6.1; Trident/5.0;  Trident/5.0)"
23.100.232.233 - - [22/Sep/2022:16:58:38 +0200] "GET /style.ie7.css HTTP/1.0" 404 1308 "http://www.wonder-geek.com/-p-15691.html" "Mozilla/5.0 (compatible; MSIE 9.0; Windows NT 6.1; Trident/5.0;  Trident/5.0)"
23.100.232.233 - - [22/Sep/2022:16:58:38 +0200] "GET /mondial_relay/js/jquery-1.3.2.min.js HTTP/1.0" 200 276 "http://www.wonder-geek.com/-p-15691.html" "Mozilla/5.0 (compatible; MSIE 9.0; Windows NT 6.1; Trident/5.0;  Trident/5.0)"
23.100.232.233 - - [22/Sep/2022:16:58:42 +0200] "GET /templates/Pixame_v1/images/flash.swf HTTP/1.0" 200 290 "http://www.wonder-geek.com/-p-15691.html" "Mozilla/5.0 (compatible; MSIE 9.0; Windows NT 6.1; Trident/5.0;  Trident/5.0)"
157.90.177.217 - - [22/Sep/2022:16:58:40 +0200] "GET /wall-sticker-c-13_187.html?page=5 HTTP/1.0" 200 96433 "-" "Mozilla/5.0 (compatible; BLEXBot/1.0; +http://webmeup-crawler.com/)"
223.96.90.216 - - [22/Sep/2022:16:58:42 +0200] "GET /board-games-c-4_47.html HTTP/1.0" 200 77398 "http://www.wonder-geek.com/board-games-c-4_47.html" "Mozilla/5.0 (Windows NT 6.2; Win64; x64) AppleWebKit/537.36 (KHTML, like Gecko) Chrome/90.0.4430.93 Safari/537.36"
23.100.232.233 - - [22/Sep/2022:16:58:44 +0200] "GET /highslide/graphics/zoomout.cur HTTP/1.0" 200 614 "http://www.wonder-geek.com/-p-15691.html" "Mozilla/5.0 (compatible; MSIE 9.0; Windows NT 6.1; Trident/5.0;  Trident/5.0)"
157.90.177.217 - - [22/Sep/2022:16:58:47 +0200] "GET /wall-sticker-c-13_187.html?page=6 HTTP/1.0" 200 95817 "-" "Mozilla/5.0 (compatible; BLEXBot/1.0; +http://webmeup-crawler.com/)"
114.119.137.31 - - [22/Sep/2022:16:58:50 +0200] "GET /images/big_prod_1/3700281653403a.jpg HTTP/1.0" 200 271 "http://www.wonder-geek.com/peux-trop-froid-water-bottle-p-56132.html" "Mozilla/5.0 (Linux; Android 7.0;) AppleWebKit/537.36 (KHTML, like Gecko) Mobile Safari/537.36 (compatible; PetalBot;+https://webmaster.petalsearch.com/site/petalbot)"
223.96.90.216 - - [22/Sep/2022:16:58:53 +0200] "GET /contact_us.php HTTP/1.0" 200 26241 "http://www.wonder-geek.com/contact_us.php" "Mozilla/5.0 (Windows NT 6.2; Win64; x64) AppleWebKit/537.36 (KHTML, like Gecko) Chrome/90.0.4430.93 Safari/537.36"
157.90.177.217 - - [22/Sep/2022:16:58:53 +0200] "GET /wall-sticker-c-13_187.html?page=7 HTTP/1.0" 200 95938 "-" "Mozilla/5.0 (compatible; BLEXBot/1.0; +http://webmeup-crawler.com/)"
157.90.177.217 - - [22/Sep/2022:16:59:00 +0200] "GET /wall-sticker-c-13_187.html?page=8 HTTP/1.0" 200 95476 "-" "Mozilla/5.0 (compatible; BLEXBot/1.0; +http://webmeup-crawler.com/)"
157.90.177.217 - - [22/Sep/2022:16:59:06 +0200] "GET /wall-sticker-c-13_187.html?page=9 HTTP/1.0" 200 95660 "-" "Mozilla/5.0 (compatible; BLEXBot/1.0; +http://webmeup-crawler.com/)"
157.90.177.217 - - [22/Sep/2022:16:59:13 +0200] "GET /wallet-c-31_237.html?page=2 HTTP/1.0" 200 93075 "-" "Mozilla/5.0 (compatible; BLEXBot/1.0; +http://webmeup-crawler.com/)"
157.90.177.217 - - [22/Sep/2022:16:59:19 +0200] "GET /wallet-c-31_237.html?page=3 HTTP/1.0" 200 84699 "-" "Mozilla/5.0 (compatible; BLEXBot/1.0; +http://webmeup-crawler.com/)"
157.90.177.217 - - [22/Sep/2022:16:59:25 +0200] "GET /wanted-photo-frame-p-28800.html HTTP/1.0" 200 74654 "-" "Mozilla/5.0 (compatible; BLEXBot/1.0; +http://webmeup-crawler.com/)"
157.90.177.217 - - [22/Sep/2022:16:59:32 +0200] "GET /watch-freegun-hypercolor-tattoo-school-p-35099.html HTTP/1.0" 200 75426 "-" "Mozilla/5.0 (compatible; BLEXBot/1.0; +http://webmeup-crawler.com/)"
157.90.177.217 - - [22/Sep/2022:16:59:40 +0200] "GET /watches-c-3_66.html?page=2 HTTP/1.0" 200 86390 "-" "Mozilla/5.0 (compatible; BLEXBot/1.0; +http://webmeup-crawler.com/)"
157.90.177.217 - - [22/Sep/2022:16:59:48 +0200] "GET /water-bottle-liters-grey-with-stars-p-57531.html HTTP/1.0" 200 74963 "-" "Mozilla/5.0 (compatible; BLEXBot/1.0; +http://webmeup-crawler.com/)"
182.160.1.221 - - [22/Sep/2022:16:59:53 +0200] "GET /images/mini_prod/1384010208304NN.jpg HTTP/1.0" 200 271 "-" "Mozilla/5.0 (Windows NT 10.0; Win64; x64) AppleWebKit/537.36 (KHTML, like Gecko) Chrome/54.0.2840.99 Safari/537.36"
157.90.177.217 - - [22/Sep/2022:16:59:55 +0200] "GET /water-bottles-heaters-c-13_288.html?page=2 HTTP/1.0" 200 92623 "-" "Mozilla/5.0 (compatible; BLEXBot/1.0; +http://webmeup-crawler.com/)"
156.59.237.147 - - [22/Sep/2022:17:00:02 +0200] "GET /images/mini_prod/1384010202777.jpg HTTP/1.0" 200 269 "-" "Mozilla/5.0 (X11; Ubuntu; Linux x86_64; rv:72.0) Gecko/20100101 Firefox/72.0"
157.90.177.217 - - [22/Sep/2022:17:00:07 +0200] "GET /water-bottles-heaters-c-13_288.html?page=3 HTTP/1.0" 200 93323 "-" "Mozilla/5.0 (compatible; BLEXBot/1.0; +http://webmeup-crawler.com/)"
157.55.39.28 - - [22/Sep/2022:17:00:07 +0200] "GET /zebra-teapot-paul-cardew-p-35266.html HTTP/1.0" 200 72180 "-" "Mozilla/5.0 (compatible; bingbot/2.0; +http://www.bing.com/bingbot.htm)"
157.90.177.217 - - [22/Sep/2022:17:00:13 +0200] "GET /water-bottles-heaters-c-13_288.html?page=4 HTTP/1.0" 200 91875 "-" "Mozilla/5.0 (compatible; BLEXBot/1.0; +http://webmeup-crawler.com/)"
114.119.137.31 - - [22/Sep/2022:17:00:20 +0200] "GET /bistrot-de-paris-adult-apron-p-45519.html HTTP/1.0" 301 72248 "http://www.wonder-geek.com/aprons-c-11_74.html?page=2" "Mozilla/5.0 (Linux; Android 7.0;) AppleWebKit/537.36 (KHTML, like Gecko) Mobile Safari/537.36 (compatible; PetalBot;+https://webmaster.petalsearch.com/site/petalbot)"
157.90.177.217 - - [22/Sep/2022:17:00:19 +0200] "GET /water-bottles-sport-bottles-c-12_161.html?page=2 HTTP/1.0" 200 96078 "-" "Mozilla/5.0 (compatible; BLEXBot/1.0; +http://webmeup-crawler.com/)"
114.119.137.31 - - [22/Sep/2022:17:00:21 +0200] "GET /bistrot-paris-adult-apron-p-45519.html HTTP/1.0" 200 72156 "http://www.wonder-geek.com/aprons-c-11_74.html?page=2" "Mozilla/5.0 (Linux; Android 7.0;) AppleWebKit/537.36 (KHTML, like Gecko) Mobile Safari/537.36 (compatible; PetalBot;+https://webmaster.petalsearch.com/site/petalbot)"
157.90.177.217 - - [22/Sep/2022:17:00:25 +0200] "GET /water-bottles-sport-bottles-c-12_161.html?page=3 HTTP/1.0" 200 96633 "-" "Mozilla/5.0 (compatible; BLEXBot/1.0; +http://webmeup-crawler.com/)"
157.90.177.217 - - [22/Sep/2022:17:00:32 +0200] "GET /water-bottles-sport-bottles-c-12_161.html?page=4 HTTP/1.0" 200 96019 "-" "Mozilla/5.0 (compatible; BLEXBot/1.0; +http://webmeup-crawler.com/)"
157.90.177.217 - - [22/Sep/2022:17:00:38 +0200] "GET /water-bottles-sport-bottles-c-12_161.html?page=5 HTTP/1.0" 200 96715 "-" "Mozilla/5.0 (compatible; BLEXBot/1.0; +http://webmeup-crawler.com/)"
157.90.177.217 - - [22/Sep/2022:17:00:45 +0200] "GET /water-bottles-sport-bottles-c-12_161.html?page=6 HTTP/1.0" 200 97145 "-" "Mozilla/5.0 (compatible; BLEXBot/1.0; +http://webmeup-crawler.com/)"
157.90.177.217 - - [22/Sep/2022:17:00:53 +0200] "GET /water-bottles-sport-bottles-c-12_161.html?page=7 HTTP/1.0" 200 97936 "-" "Mozilla/5.0 (compatible; BLEXBot/1.0; +http://webmeup-crawler.com/)"
157.90.177.217 - - [22/Sep/2022:17:01:00 +0200] "GET /water-bottles-sport-bottles-c-12_161.html?page=8 HTTP/1.0" 200 97727 "-" "Mozilla/5.0 (compatible; BLEXBot/1.0; +http://webmeup-crawler.com/)"
157.90.177.217 - - [22/Sep/2022:17:01:07 +0200] "GET /water-bottles-sport-bottles-c-12_161.html?page=9 HTTP/1.0" 200 95039 "-" "Mozilla/5.0 (compatible; BLEXBot/1.0; +http://webmeup-crawler.com/)"
156.59.237.147 - - [22/Sep/2022:17:01:12 +0200] "GET /images/mini_prod/1399984249758.jpg HTTP/1.0" 200 269 "-" "Mozilla/5.0 (X11; Ubuntu; Linux x86_64; rv:72.0) Gecko/20100101 Firefox/72.0"
157.90.177.217 - - [22/Sep/2022:17:01:14 +0200] "GET /water-outdoor-games-c-4_143.html?page=2 HTTP/1.0" 200 83180 "-" "Mozilla/5.0 (compatible; BLEXBot/1.0; +http://webmeup-crawler.com/)"
185.191.171.40 - - [22/Sep/2022:17:01:16 +0200] "GET /specials.php?page=30 HTTP/1.0" 200 125139 "-" "Mozilla/5.0 (compatible; SemrushBot/7~bl; +http://www.semrush.com/bot.html)"
157.90.177.217 - - [22/Sep/2022:17:01:22 +0200] "GET /welcome-night-club-frame-with-p-46686.html HTTP/1.0" 200 74827 "-" "Mozilla/5.0 (compatible; BLEXBot/1.0; +http://webmeup-crawler.com/)"
157.90.177.217 - - [22/Sep/2022:17:01:27 +0200] "GET /welcome-round-doormat-p-55101.html HTTP/1.0" 200 75498 "-" "Mozilla/5.0 (compatible; BLEXBot/1.0; +http://webmeup-crawler.com/)"
66.249.66.72 - - [22/Sep/2022:17:01:33 +0200] "GET /images/mini_prod/5010994727420.jpg HTTP/1.0" 200 269 "-" "Mozilla/5.0 (compatible; Googlebot/2.1; +http://www.google.com/bot.html)"
66.249.66.10 - - [22/Sep/2022:17:01:34 +0200] "GET /images/big_prod_1/5018997618431a.jpg HTTP/1.0" 200 271 "-" "Mozilla/5.0 (compatible; Googlebot/2.1; +http://www.google.com/bot.html)"
66.249.66.214 - - [22/Sep/2022:17:01:34 +0200] "GET /images/big_prod_1/4260082930527BB.jpg HTTP/1.0" 200 272 "-" "Mozilla/5.0 (compatible; Googlebot/2.1; +http://www.google.com/bot.html)"
157.90.177.217 - - [22/Sep/2022:17:01:33 +0200] "GET /white-beige-sandstone-vase-p-56467.html HTTP/1.0" 200 75410 "-" "Mozilla/5.0 (compatible; BLEXBot/1.0; +http://webmeup-crawler.com/)"
157.90.177.217 - - [22/Sep/2022:17:01:39 +0200] "GET /white-beige-sandstone-vase-p-57642.html HTTP/1.0" 200 75408 "-" "Mozilla/5.0 (compatible; BLEXBot/1.0; +http://webmeup-crawler.com/)"
157.90.177.217 - - [22/Sep/2022:17:01:45 +0200] "GET /white-black-gold-ginkgo-glass-paperweight-p-55123.html HTTP/1.0" 200 75904 "-" "Mozilla/5.0 (compatible; BLEXBot/1.0; +http://webmeup-crawler.com/)"
157.90.177.217 - - [22/Sep/2022:17:01:49 +0200] "GET /white-black-skull-keyrings-sound-light-p-40194.html HTTP/1.0" 200 74929 "-" "Mozilla/5.0 (compatible; BLEXBot/1.0; +http://webmeup-crawler.com/)"
49.36.220.172 - - [22/Sep/2022:17:01:49 +0200] "GET /zinc-look-metal-flowerpot-cover-pumpkin-yellow-p-55460.html HTTP/1.0" 200 75540 "-" "Mozilla/5.0 (Windows NT 10.0; Win64; x64) AppleWebKit/537.36 (KHTML, like Gecko) Chrome/105.0.0.0 Safari/537.36 Edg/105.0.1343.42"
49.36.220.172 - - [22/Sep/2022:17:01:52 +0200] "GET /highslide/highslide.js HTTP/1.0" 200 262 "http://www.wonder-geek.com/zinc-look-metal-flowerpot-cover-pumpkin-yellow-p-55460.html" "Mozilla/5.0 (Windows NT 10.0; Win64; x64) AppleWebKit/537.36 (KHTML, like Gecko) Chrome/105.0.0.0 Safari/537.36 Edg/105.0.1343.42"
49.36.220.172 - - [22/Sep/2022:17:01:52 +0200] "GET /templates/Pixame_v1/stylesheet.css HTTP/1.0" 200 267 "http://www.wonder-geek.com/zinc-look-metal-flowerpot-cover-pumpkin-yellow-p-55460.html" "Mozilla/5.0 (Windows NT 10.0; Win64; x64) AppleWebKit/537.36 (KHTML, like Gecko) Chrome/105.0.0.0 Safari/537.36 Edg/105.0.1343.42"
49.36.220.172 - - [22/Sep/2022:17:01:52 +0200] "GET /js/jquery.jqzoom.js HTTP/1.0" 200 259 "http://www.wonder-geek.com/zinc-look-metal-flowerpot-cover-pumpkin-yellow-p-55460.html" "Mozilla/5.0 (Windows NT 10.0; Win64; x64) AppleWebKit/537.36 (KHTML, like Gecko) Chrome/105.0.0.0 Safari/537.36 Edg/105.0.1343.42"
49.36.220.172 - - [22/Sep/2022:17:01:52 +0200] "GET /js/jquery.js HTTP/1.0" 200 252 "http://www.wonder-geek.com/zinc-look-metal-flowerpot-cover-pumpkin-yellow-p-55460.html" "Mozilla/5.0 (Windows NT 10.0; Win64; x64) AppleWebKit/537.36 (KHTML, like Gecko) Chrome/105.0.0.0 Safari/537.36 Edg/105.0.1343.42"
49.36.220.172 - - [22/Sep/2022:17:01:52 +0200] "GET /mondial_relay/js/jquery-1.3.2.min.js HTTP/1.0" 200 276 "http://www.wonder-geek.com/zinc-look-metal-flowerpot-cover-pumpkin-yellow-p-55460.html" "Mozilla/5.0 (Windows NT 10.0; Win64; x64) AppleWebKit/537.36 (KHTML, like Gecko) Chrome/105.0.0.0 Safari/537.36 Edg/105.0.1343.42"
185.191.171.37 - - [22/Sep/2022:17:01:50 +0200] "GET /gorjuss-large-coated-accessory-case-pastel-pattern-print-toads-p-34746.html HTTP/1.0" 200 75806 "-" "Mozilla/5.0 (compatible; SemrushBot/7~bl; +http://www.semrush.com/bot.html)"
49.36.220.172 - - [22/Sep/2022:17:01:53 +0200] "GET /swfobject.js HTTP/1.0" 404 1308 "http://www.wonder-geek.com/zinc-look-metal-flowerpot-cover-pumpkin-yellow-p-55460.html" "Mozilla/5.0 (Windows NT 10.0; Win64; x64) AppleWebKit/537.36 (KHTML, like Gecko) Chrome/105.0.0.0 Safari/537.36 Edg/105.0.1343.42"
