94.23.203.202 - - [26/Sep/2022:04:27:57 +0200] "GET /lady-tremaine-anastasia-drizella-figurine-p-53513.html HTTP/1.0" 200 75505 "-" "Mozilla/5.0 (compatible; MJ12bot/v1.4.8; http://mj12bot.com/)"
94.23.203.202 - - [26/Sep/2022:04:28:01 +0200] "GET /lady-tremaine-anastasia-drizella-figurine-p-53513.html HTTP/1.0" 200 75505 "-" "Mozilla/5.0 (compatible; MJ12bot/v1.4.8; http://mj12bot.com/)"
95.217.195.123 - - [26/Sep/2022:04:28:01 +0200] "GET /-p-28203.html HTTP/1.0" 200 72060 "-" "Mozilla/5.0 (compatible; MJ12bot/v1.4.8; http://mj12bot.com/)"
94.23.203.202 - - [26/Sep/2022:04:28:05 +0200] "GET /laissez-lucie-faire-adult-apron-p-31117.html HTTP/1.0" 200 72174 "-" "Mozilla/5.0 (compatible; MJ12bot/v1.4.8; http://mj12bot.com/)"
95.217.195.123 - - [26/Sep/2022:04:28:07 +0200] "GET /accessories/watches/freegun-kids-watch-p-28766.html HTTP/1.0" 301 72127 "-" "Mozilla/5.0 (compatible; MJ12bot/v1.4.8; http://mj12bot.com/)"
75.119.142.113 - - [26/Sep/2022:04:28:07 +0200] "GET /-p-31923.html HTTP/1.0" 200 72060 "-" "Mozilla/5.0 (compatible; MJ12bot/v1.4.8; http://mj12bot.com/)"
94.23.203.202 - - [26/Sep/2022:04:28:09 +0200] "GET /laissez-lucie-faire-shopping-bag-p-29341.html HTTP/1.0" 301 72127 "-" "Mozilla/5.0 (compatible; MJ12bot/v1.4.8; http://mj12bot.com/)"
94.23.203.202 - - [26/Sep/2022:04:28:12 +0200] "GET /-p-29341.html HTTP/1.0" 200 72060 "-" "Mozilla/5.0 (compatible; MJ12bot/v1.4.8; http://mj12bot.com/)"
95.217.195.123 - - [26/Sep/2022:04:28:13 +0200] "GET /-p-28766.html HTTP/1.0" 200 72060 "-" "Mozilla/5.0 (compatible; MJ12bot/v1.4.8; http://mj12bot.com/)"
94.23.203.202 - - [26/Sep/2022:04:28:15 +0200] "GET /laissez-lucie-faire-shopping-p-29341.html HTTP/1.0" 301 72127 "-" "Mozilla/5.0 (compatible; MJ12bot/v1.4.8; http://mj12bot.com/)"
75.119.142.113 - - [26/Sep/2022:04:28:16 +0200] "GET /-p-31924.html HTTP/1.0" 200 72060 "-" "Mozilla/5.0 (compatible; MJ12bot/v1.4.8; http://mj12bot.com/)"
94.23.203.202 - - [26/Sep/2022:04:28:17 +0200] "GET /-p-29341.html HTTP/1.0" 200 72060 "-" "Mozilla/5.0 (compatible; MJ12bot/v1.4.8; http://mj12bot.com/)"
95.217.195.123 - - [26/Sep/2022:04:28:19 +0200] "GET /accessories/watches/freegun-kids-watch-p-28768.html HTTP/1.0" 301 72127 "-" "Mozilla/5.0 (compatible; MJ12bot/v1.4.8; http://mj12bot.com/)"
94.23.203.202 - - [26/Sep/2022:04:28:22 +0200] "GET /laissez-lucie-faire-small-note-book-p-29322.html HTTP/1.0" 200 72226 "-" "Mozilla/5.0 (compatible; MJ12bot/v1.4.8; http://mj12bot.com/)"
94.23.203.202 - - [26/Sep/2022:04:28:25 +0200] "GET /laissez-lucie-faire-small-purse-p-29318.html HTTP/1.0" 200 72206 "-" "Mozilla/5.0 (compatible; MJ12bot/v1.4.8; http://mj12bot.com/)"
75.119.142.113 - - [26/Sep/2022:04:28:27 +0200] "GET /-p-31929.html HTTP/1.0" 200 72060 "-" "Mozilla/5.0 (compatible; MJ12bot/v1.4.8; http://mj12bot.com/)"
95.217.195.123 - - [26/Sep/2022:04:28:28 +0200] "GET /-p-28768.html HTTP/1.0" 200 72060 "-" "Mozilla/5.0 (compatible; MJ12bot/v1.4.8; http://mj12bot.com/)"
94.23.203.202 - - [26/Sep/2022:04:28:29 +0200] "GET /laissez-lucie-faire-small-purse-p-29320.html HTTP/1.0" 200 72206 "-" "Mozilla/5.0 (compatible; MJ12bot/v1.4.8; http://mj12bot.com/)"
75.119.142.113 - - [26/Sep/2022:04:28:31 +0200] "GET /-p-31946.html HTTP/1.0" 200 72060 "-" "Mozilla/5.0 (compatible; MJ12bot/v1.4.8; http://mj12bot.com/)"
94.23.203.202 - - [26/Sep/2022:04:28:33 +0200] "GET /laissez-lucie-faire-small-purse-p-29321.html HTTP/1.0" 301 72127 "-" "Mozilla/5.0 (compatible; MJ12bot/v1.4.8; http://mj12bot.com/)"
75.119.142.113 - - [26/Sep/2022:04:28:35 +0200] "GET /-p-31947.html HTTP/1.0" 200 72060 "-" "Mozilla/5.0 (compatible; MJ12bot/v1.4.8; http://mj12bot.com/)"
185.191.171.13 - - [26/Sep/2022:04:28:35 +0200] "GET /-p-48168.html HTTP/1.0" 200 72060 "-" "Mozilla/5.0 (compatible; SemrushBot/7~bl; +http://www.semrush.com/bot.html)"
95.217.195.123 - - [26/Sep/2022:04:28:36 +0200] "GET /accessories/watches/lulu-castagnette-full-sun-watch-p-28761.html HTTP/1.0" 301 72127 "-" "Mozilla/5.0 (compatible; MJ12bot/v1.4.8; http://mj12bot.com/)"
94.23.203.202 - - [26/Sep/2022:04:28:36 +0200] "GET /-p-29321.html HTTP/1.0" 200 72060 "-" "Mozilla/5.0 (compatible; MJ12bot/v1.4.8; http://mj12bot.com/)"
66.249.65.168 - - [26/Sep/2022:04:28:37 +0200] "GET /paris-je-aime-set-cups-espresso-p-28396.html HTTP/1.0" 301 72127 "-" "Mozilla/5.0 (compatible; Googlebot/2.1; +http://www.google.com/bot.html)"
75.119.142.113 - - [26/Sep/2022:04:28:40 +0200] "GET /-p-31954.html HTTP/1.0" 200 72060 "-" "Mozilla/5.0 (compatible; MJ12bot/v1.4.8; http://mj12bot.com/)"
66.249.65.168 - - [26/Sep/2022:04:28:40 +0200] "GET /-p-28396.html HTTP/1.0" 200 72060 "-" "Mozilla/5.0 (compatible; Googlebot/2.1; +http://www.google.com/bot.html)"
94.23.203.202 - - [26/Sep/2022:04:28:42 +0200] "GET /laissez-lucie-faire-sugar-pot-p-31395.html HTTP/1.0" 301 72127 "-" "Mozilla/5.0 (compatible; MJ12bot/v1.4.8; http://mj12bot.com/)"
95.217.195.123 - - [26/Sep/2022:04:28:42 +0200] "GET /-p-28761.html HTTP/1.0" 200 72060 "-" "Mozilla/5.0 (compatible; MJ12bot/v1.4.8; http://mj12bot.com/)"
94.23.203.202 - - [26/Sep/2022:04:28:45 +0200] "GET /-p-31395.html HTTP/1.0" 200 72060 "-" "Mozilla/5.0 (compatible; MJ12bot/v1.4.8; http://mj12bot.com/)"
185.191.171.39 - - [26/Sep/2022:04:28:46 +0200] "GET /lighting-c-13_86.html?page=3 HTTP/1.0" 200 93397 "-" "Mozilla/5.0 (compatible; SemrushBot/7~bl; +http://www.semrush.com/bot.html)"
94.23.203.202 - - [26/Sep/2022:04:28:48 +0200] "GET /laissez-lucie-faire-toucan-large-bowl-p-31080.html HTTP/1.0" 301 72127 "-" "Mozilla/5.0 (compatible; MJ12bot/v1.4.8; http://mj12bot.com/)"
75.119.142.113 - - [26/Sep/2022:04:28:49 +0200] "GET /-p-31955.html HTTP/1.0" 200 72060 "-" "Mozilla/5.0 (compatible; MJ12bot/v1.4.8; http://mj12bot.com/)"
95.217.195.123 - - [26/Sep/2022:04:28:50 +0200] "GET /accessories/watches/lulu-castagnette-striped-watch-p-28760.html HTTP/1.0" 301 72127 "-" "Mozilla/5.0 (compatible; MJ12bot/v1.4.8; http://mj12bot.com/)"
94.23.203.202 - - [26/Sep/2022:04:28:51 +0200] "GET /-p-31080.html HTTP/1.0" 200 72060 "-" "Mozilla/5.0 (compatible; MJ12bot/v1.4.8; http://mj12bot.com/)"
94.23.203.202 - - [26/Sep/2022:04:28:54 +0200] "GET /laissez-lucie-faire-zipped-purse-bernard-p-38984.html HTTP/1.0" 200 72227 "-" "Mozilla/5.0 (compatible; MJ12bot/v1.4.8; http://mj12bot.com/)"
216.244.66.242 - - [26/Sep/2022:04:28:55 +0200] "GET /gift-retro-bowls-p-50665.html HTTP/1.0" 200 75383 "-" "Mozilla/5.0 (compatible; DotBot/1.2; +https://opensiteexplorer.org/dotbot; help@moz.com)"
185.191.171.11 - - [26/Sep/2022:04:28:57 +0200] "GET /mareva-coated-tablecloth-grey-orange-p-44310.html HTTP/1.0" 200 74856 "-" "Mozilla/5.0 (compatible; SemrushBot/7~bl; +http://www.semrush.com/bot.html)"
94.23.203.202 - - [26/Sep/2022:04:28:58 +0200] "GET /laissez-lucie-faire-zipped-purse-olga-p-38981.html HTTP/1.0" 200 72221 "-" "Mozilla/5.0 (compatible; MJ12bot/v1.4.8; http://mj12bot.com/)"
95.217.195.123 - - [26/Sep/2022:04:28:58 +0200] "GET /-p-28760.html HTTP/1.0" 200 72060 "-" "Mozilla/5.0 (compatible; MJ12bot/v1.4.8; http://mj12bot.com/)"
75.119.142.113 - - [26/Sep/2022:04:28:59 +0200] "GET /-p-31973.html HTTP/1.0" 200 72060 "-" "Mozilla/5.0 (compatible; MJ12bot/v1.4.8; http://mj12bot.com/)"
87.250.224.177 - - [26/Sep/2022:04:28:59 +0200] "GET /set-of-bed-linen-c-11_68.html?page=1 HTTP/1.0" 301 92712 "-" "Mozilla/5.0 (compatible; YandexBot/3.0; +http://yandex.com/bots)"
94.23.203.202 - - [26/Sep/2022:04:29:01 +0200] "GET /lamp-african-woman-p-49398.html HTTP/1.0" 200 72144 "-" "Mozilla/5.0 (compatible; MJ12bot/v1.4.8; http://mj12bot.com/)"
87.250.224.94 - - [26/Sep/2022:04:29:02 +0200] "GET /linen-c-68.html?page=1 HTTP/1.0" 301 92593 "-" "Mozilla/5.0 (compatible; YandexBot/3.0; +http://yandex.com/bots)"
95.217.195.123 - - [26/Sep/2022:04:29:04 +0200] "GET /accessories/watches/mickey-mouse-watch-p-28207.html HTTP/1.0" 301 72127 "-" "Mozilla/5.0 (compatible; MJ12bot/v1.4.8; http://mj12bot.com/)"
94.23.203.202 - - [26/Sep/2022:04:29:05 +0200] "GET /lamp-buddha-blue-p-44892.html HTTP/1.0" 200 72136 "-" "Mozilla/5.0 (compatible; MJ12bot/v1.4.8; http://mj12bot.com/)"
75.119.142.113 - - [26/Sep/2022:04:29:05 +0200] "GET /-p-32004.html HTTP/1.0" 200 72060 "-" "Mozilla/5.0 (compatible; MJ12bot/v1.4.8; http://mj12bot.com/)"
87.250.224.94 - - [26/Sep/2022:04:29:05 +0200] "GET /linen-c-11_68.html?page=1 HTTP/1.0" 200 92636 "-" "Mozilla/5.0 (compatible; YandexBot/3.0; +http://yandex.com/bots)"
94.23.203.202 - - [26/Sep/2022:04:29:08 +0200] "GET /lamp-buddha-green-p-44890.html HTTP/1.0" 200 74775 "-" "Mozilla/5.0 (compatible; MJ12bot/v1.4.8; http://mj12bot.com/)"
216.244.66.242 - - [26/Sep/2022:04:29:10 +0200] "GET /kitchen-towel-p-38813.html HTTP/1.0" 200 74639 "-" "Mozilla/5.0 (compatible; DotBot/1.2; +https://opensiteexplorer.org/dotbot; help@moz.com)"
94.23.203.202 - - [26/Sep/2022:04:29:11 +0200] "GET /lamp-buddha-pink-p-44891.html HTTP/1.0" 200 72136 "-" "Mozilla/5.0 (compatible; MJ12bot/v1.4.8; http://mj12bot.com/)"
34.127.14.2 - - [26/Sep/2022:04:29:12 +0200] "GET /images/mini_prod/5036278062209.jpg HTTP/1.0" 200 269 "-" "Mozilla/5.0 (X11; Ubuntu; Linux x86_64; rv:72.0) Gecko/20100101 Firefox/72.0"
95.217.195.123 - - [26/Sep/2022:04:29:12 +0200] "GET /-p-28207.html HTTP/1.0" 200 72060 "-" "Mozilla/5.0 (compatible; MJ12bot/v1.4.8; http://mj12bot.com/)"
94.23.203.202 - - [26/Sep/2022:04:29:14 +0200] "GET /lamp-led-usb-buddha-13-cm-blue-p-44892.html HTTP/1.0" 301 72219 "-" "Mozilla/5.0 (compatible; MJ12bot/v1.4.8; http://mj12bot.com/)"
75.119.142.113 - - [26/Sep/2022:04:29:15 +0200] "GET /-p-32010.html HTTP/1.0" 200 72060 "-" "Mozilla/5.0 (compatible; MJ12bot/v1.4.8; http://mj12bot.com/)"
94.23.203.202 - - [26/Sep/2022:04:29:17 +0200] "GET /lamp-buddha-blue-p-44892.html HTTP/1.0" 200 72136 "-" "Mozilla/5.0 (compatible; MJ12bot/v1.4.8; http://mj12bot.com/)"
54.36.149.44 - - [26/Sep/2022:04:29:19 +0200] "GET /christmas-hanging-plate-p-58846.html HTTP/1.0" 200 75425 "-" "Mozilla/5.0 (compatible; AhrefsBot/7.0; +http://ahrefs.com/robot/)"
94.23.203.202 - - [26/Sep/2022:04:29:20 +0200] "GET /lamp-led-usb-buddha-13-cm-green-p-44890.html HTTP/1.0" 301 74859 "-" "Mozilla/5.0 (compatible; MJ12bot/v1.4.8; http://mj12bot.com/)"
54.36.148.214 - - [26/Sep/2022:04:29:24 +0200] "GET /images/big_prod_1/3700281668872B.jpg HTTP/1.0" 200 271 "-" "Mozilla/5.0 (compatible; AhrefsBot/7.0; +http://ahrefs.com/robot/)"
95.217.195.123 - - [26/Sep/2022:04:29:23 +0200] "GET /accessories/watches/morgan-black-watch-p-28756.html HTTP/1.0" 301 72127 "-" "Mozilla/5.0 (compatible; MJ12bot/v1.4.8; http://mj12bot.com/)"
94.23.203.202 - - [26/Sep/2022:04:29:23 +0200] "GET /lamp-buddha-green-p-44890.html HTTP/1.0" 200 74775 "-" "Mozilla/5.0 (compatible; MJ12bot/v1.4.8; http://mj12bot.com/)"
54.36.148.33 - - [26/Sep/2022:04:29:25 +0200] "GET /images/big_prod/3700281668872.jpg HTTP/1.0" 200 268 "-" "Mozilla/5.0 (compatible; AhrefsBot/7.0; +http://ahrefs.com/robot/)"
75.119.142.113 - - [26/Sep/2022:04:29:23 +0200] "GET /-p-32012.html HTTP/1.0" 200 72060 "-" "Mozilla/5.0 (compatible; MJ12bot/v1.4.8; http://mj12bot.com/)"
94.23.203.202 - - [26/Sep/2022:04:29:26 +0200] "GET /lamp-led-usb-buddha-13-cm-pink-p-44891.html HTTP/1.0" 301 72219 "-" "Mozilla/5.0 (compatible; MJ12bot/v1.4.8; http://mj12bot.com/)"
75.119.142.113 - - [26/Sep/2022:04:29:28 +0200] "GET /-p-32110.html HTTP/1.0" 200 72060 "-" "Mozilla/5.0 (compatible; MJ12bot/v1.4.8; http://mj12bot.com/)"
94.23.203.202 - - [26/Sep/2022:04:29:29 +0200] "GET /lamp-buddha-pink-p-44891.html HTTP/1.0" 200 72136 "-" "Mozilla/5.0 (compatible; MJ12bot/v1.4.8; http://mj12bot.com/)"
95.217.195.123 - - [26/Sep/2022:04:29:29 +0200] "GET /-p-28756.html HTTP/1.0" 200 72060 "-" "Mozilla/5.0 (compatible; MJ12bot/v1.4.8; http://mj12bot.com/)"
94.23.203.202 - - [26/Sep/2022:04:29:33 +0200] "GET /lampshades-c-277.html HTTP/1.0" 301 89792 "-" "Mozilla/5.0 (compatible; MJ12bot/v1.4.8; http://mj12bot.com/)"
94.23.203.202 - - [26/Sep/2022:04:29:35 +0200] "GET /lampshades-c-86_277.html HTTP/1.0" 200 89819 "-" "Mozilla/5.0 (compatible; MJ12bot/v1.4.8; http://mj12bot.com/)"
75.119.142.113 - - [26/Sep/2022:04:29:38 +0200] "GET /-p-32168.html HTTP/1.0" 200 72060 "-" "Mozilla/5.0 (compatible; MJ12bot/v1.4.8; http://mj12bot.com/)"
95.217.195.123 - - [26/Sep/2022:04:29:38 +0200] "GET /accessories/watches/morgan-red-watch-p-28757.html HTTP/1.0" 301 72127 "-" "Mozilla/5.0 (compatible; MJ12bot/v1.4.8; http://mj12bot.com/)"
185.191.171.23 - - [26/Sep/2022:04:29:39 +0200] "GET /dishes-c-12.html?page=99 HTTP/1.0" 200 93859 "-" "Mozilla/5.0 (compatible; SemrushBot/7~bl; +http://www.semrush.com/bot.html)"
94.23.203.202 - - [26/Sep/2022:04:29:39 +0200] "GET /lampshades-c-86_277.html HTTP/1.0" 200 89819 "-" "Mozilla/5.0 (compatible; MJ12bot/v1.4.8; http://mj12bot.com/)"
94.23.203.202 - - [26/Sep/2022:04:29:44 +0200] "GET /large-carved-wooden-panel-motif-oriental-flower-60-cm-p-50678.html HTTP/1.0" 301 72368 "-" "Mozilla/5.0 (compatible; MJ12bot/v1.4.8; http://mj12bot.com/)"
95.217.195.123 - - [26/Sep/2022:04:29:45 +0200] "GET /-p-28757.html HTTP/1.0" 200 72060 "-" "Mozilla/5.0 (compatible; MJ12bot/v1.4.8; http://mj12bot.com/)"
75.119.142.113 - - [26/Sep/2022:04:29:46 +0200] "GET /-p-32217.html HTTP/1.0" 200 72060 "-" "Mozilla/5.0 (compatible; MJ12bot/v1.4.8; http://mj12bot.com/)"
94.23.203.202 - - [26/Sep/2022:04:29:47 +0200] "GET /large-carved-wooden-panel-motif-oriental-flower-p-50678.html HTTP/1.0" 200 72254 "-" "Mozilla/5.0 (compatible; MJ12bot/v1.4.8; http://mj12bot.com/)"
94.23.203.202 - - [26/Sep/2022:04:29:50 +0200] "GET /large-carved-wooden-panel-motif-oriental-flower-p-50678.html HTTP/1.0" 200 72254 "-" "Mozilla/5.0 (compatible; MJ12bot/v1.4.8; http://mj12bot.com/)"
75.119.142.113 - - [26/Sep/2022:04:29:52 +0200] "GET /-p-32319.html HTTP/1.0" 200 72060 "-" "Mozilla/5.0 (compatible; MJ12bot/v1.4.8; http://mj12bot.com/)"
95.217.195.123 - - [26/Sep/2022:04:29:52 +0200] "GET /accessories/watches/rugby-kids-watch-p-28764.html HTTP/1.0" 301 72127 "-" "Mozilla/5.0 (compatible; MJ12bot/v1.4.8; http://mj12bot.com/)"
94.23.203.202 - - [26/Sep/2022:04:29:53 +0200] "GET /lavande-soap-box-soap-10-65-28-cm-p-40113.html HTTP/1.0" 301 75066 "-" "Mozilla/5.0 (compatible; MJ12bot/v1.4.8; http://mj12bot.com/)"
94.23.203.202 - - [26/Sep/2022:04:29:56 +0200] "GET /lavande-soap-soap-p-40113.html HTTP/1.0" 200 74982 "-" "Mozilla/5.0 (compatible; MJ12bot/v1.4.8; http://mj12bot.com/)"
94.23.203.202 - - [26/Sep/2022:04:29:59 +0200] "GET /lavande-soap-soap-p-40113.html HTTP/1.0" 200 74982 "-" "Mozilla/5.0 (compatible; MJ12bot/v1.4.8; http://mj12bot.com/)"
95.217.195.123 - - [26/Sep/2022:04:30:01 +0200] "GET /-p-28764.html HTTP/1.0" 200 72060 "-" "Mozilla/5.0 (compatible; MJ12bot/v1.4.8; http://mj12bot.com/)"
75.119.142.113 - - [26/Sep/2022:04:30:03 +0200] "GET /-p-32823.html HTTP/1.0" 200 72060 "-" "Mozilla/5.0 (compatible; MJ12bot/v1.4.8; http://mj12bot.com/)"
94.23.203.202 - - [26/Sep/2022:04:30:03 +0200] "GET /le-bonheur-est-dans-le-pre-little-tray-p-33514.html HTTP/1.0" 301 72127 "-" "Mozilla/5.0 (compatible; MJ12bot/v1.4.8; http://mj12bot.com/)"
94.23.203.202 - - [26/Sep/2022:04:30:07 +0200] "GET /-p-33514.html HTTP/1.0" 200 72060 "-" "Mozilla/5.0 (compatible; MJ12bot/v1.4.8; http://mj12bot.com/)"
95.217.195.123 - - [26/Sep/2022:04:30:09 +0200] "GET /accessory-of-bilbo-baggins-p-19403.html HTTP/1.0" 301 72127 "-" "Mozilla/5.0 (compatible; MJ12bot/v1.4.8; http://mj12bot.com/)"
75.119.142.113 - - [26/Sep/2022:04:30:10 +0200] "GET /-p-32864.html HTTP/1.0" 200 72060 "-" "Mozilla/5.0 (compatible; MJ12bot/v1.4.8; http://mj12bot.com/)"
94.23.203.202 - - [26/Sep/2022:04:30:10 +0200] "GET /le-chat-noir-cutting-board-p-26849.html HTTP/1.0" 301 74815 "-" "Mozilla/5.0 (compatible; MJ12bot/v1.4.8; http://mj12bot.com/)"
95.217.195.123 - - [26/Sep/2022:04:30:14 +0200] "GET /-p-19403.html HTTP/1.0" 200 72060 "-" "Mozilla/5.0 (compatible; MJ12bot/v1.4.8; http://mj12bot.com/)"
94.23.203.202 - - [26/Sep/2022:04:30:14 +0200] "GET /chat-noir-cutting-board-p-26849.html HTTP/1.0" 200 74725 "-" "Mozilla/5.0 (compatible; MJ12bot/v1.4.8; http://mj12bot.com/)"
94.23.203.202 - - [26/Sep/2022:04:30:20 +0200] "GET /le-gendarme-de-saint-tropez-poster-p-35259.html HTTP/1.0" 301 74894 "-" "Mozilla/5.0 (compatible; MJ12bot/v1.4.8; http://mj12bot.com/)"
95.217.195.123 - - [26/Sep/2022:04:30:20 +0200] "GET /accroches-miroirs-poche-c-31_258.html HTTP/1.0" 301 92215 "-" "Mozilla/5.0 (compatible; MJ12bot/v1.4.8; http://mj12bot.com/)"
75.119.142.113 - - [26/Sep/2022:04:30:20 +0200] "GET /-p-32870.html HTTP/1.0" 200 72060 "-" "Mozilla/5.0 (compatible; MJ12bot/v1.4.8; http://mj12bot.com/)"
94.23.203.202 - - [26/Sep/2022:04:30:23 +0200] "GET /gendarme-saint-tropez-poster-p-35259.html HTTP/1.0" 200 74799 "-" "Mozilla/5.0 (compatible; MJ12bot/v1.4.8; http://mj12bot.com/)"
66.249.65.168 - - [26/Sep/2022:04:30:27 +0200] "GET /images/big_prod/3660173220871.jpg HTTP/1.0" 200 268 "-" "Googlebot-Image/1.0"
94.23.203.202 - - [26/Sep/2022:04:30:27 +0200] "GET /le-temps-des-cerises-fountain-pen-p-26308.html HTTP/1.0" 301 74911 "-" "Mozilla/5.0 (compatible; MJ12bot/v1.4.8; http://mj12bot.com/)"
95.217.195.123 - - [26/Sep/2022:04:30:28 +0200] "GET /hung-mirrors-c-258.html HTTP/1.0" 301 92060 "-" "Mozilla/5.0 (compatible; MJ12bot/v1.4.8; http://mj12bot.com/)"
75.119.142.113 - - [26/Sep/2022:04:30:29 +0200] "GET /-p-32871.html HTTP/1.0" 200 72060 "-" "Mozilla/5.0 (compatible; MJ12bot/v1.4.8; http://mj12bot.com/)"
94.23.203.202 - - [26/Sep/2022:04:30:31 +0200] "GET /temps-cerises-fountain-p-26308.html HTTP/1.0" 200 74822 "-" "Mozilla/5.0 (compatible; MJ12bot/v1.4.8; http://mj12bot.com/)"
34.220.203.99 - - [26/Sep/2022:04:30:33 +0200] "GET /images/mini_prod/1399984236208.jpg HTTP/1.0" 200 269 "-" "Mozilla/5.0 (X11; Ubuntu; Linux x86_64; rv:72.0) Gecko/20100101 Firefox/72.0"
94.23.203.202 - - [26/Sep/2022:04:30:34 +0200] "GET /leather-cigar-p-49245.html HTTP/1.0" 200 75250 "-" "Mozilla/5.0 (compatible; MJ12bot/v1.4.8; http://mj12bot.com/)"
75.119.142.113 - - [26/Sep/2022:04:30:36 +0200] "GET /-p-32881.html HTTP/1.0" 200 72060 "-" "Mozilla/5.0 (compatible; MJ12bot/v1.4.8; http://mj12bot.com/)"
95.217.195.123 - - [26/Sep/2022:04:30:36 +0200] "GET /hung-mirrors-c-31_258.html HTTP/1.0" 200 92138 "-" "Mozilla/5.0 (compatible; MJ12bot/v1.4.8; http://mj12bot.com/)"
94.23.203.202 - - [26/Sep/2022:04:30:37 +0200] "GET /led-signal-lamp-p-48684.html HTTP/1.0" 301 72127 "-" "Mozilla/5.0 (compatible; MJ12bot/v1.4.8; http://mj12bot.com/)"
94.23.203.202 - - [26/Sep/2022:04:30:40 +0200] "GET /-p-48684.html HTTP/1.0" 200 72060 "-" "Mozilla/5.0 (compatible; MJ12bot/v1.4.8; http://mj12bot.com/)"
75.119.142.113 - - [26/Sep/2022:04:30:43 +0200] "GET /-p-32984.html HTTP/1.0" 200 72060 "-" "Mozilla/5.0 (compatible; MJ12bot/v1.4.8; http://mj12bot.com/)"
94.23.203.202 - - [26/Sep/2022:04:30:43 +0200] "GET /led-zeppelin-swan-song-poster-p-32319.html HTTP/1.0" 301 72127 "-" "Mozilla/5.0 (compatible; MJ12bot/v1.4.8; http://mj12bot.com/)"
95.217.195.123 - - [26/Sep/2022:04:30:45 +0200] "GET /accroches-sac-et-miroirs-de-poche-c-31_258.html HTTP/1.0" 301 92215 "-" "Mozilla/5.0 (compatible; MJ12bot/v1.4.8; http://mj12bot.com/)"
94.23.203.202 - - [26/Sep/2022:04:30:46 +0200] "GET /-p-32319.html HTTP/1.0" 200 72060 "-" "Mozilla/5.0 (compatible; MJ12bot/v1.4.8; http://mj12bot.com/)"
94.23.203.202 - - [26/Sep/2022:04:30:49 +0200] "GET /lego-led-lite-keychains-p-27080.html HTTP/1.0" 301 72244 "-" "Mozilla/5.0 (compatible; MJ12bot/v1.4.8; http://mj12bot.com/)"
95.217.195.123 - - [26/Sep/2022:04:30:50 +0200] "GET /hung-mirrors-c-258.html HTTP/1.0" 301 92060 "-" "Mozilla/5.0 (compatible; MJ12bot/v1.4.8; http://mj12bot.com/)"
75.119.142.113 - - [26/Sep/2022:04:30:51 +0200] "GET /-p-33086.html HTTP/1.0" 200 72060 "-" "Mozilla/5.0 (compatible; MJ12bot/v1.4.8; http://mj12bot.com/)"
94.23.203.202 - - [26/Sep/2022:04:30:52 +0200] "GET /lego-lite-keychains-p-27080.html HTTP/1.0" 200 72158 "-" "Mozilla/5.0 (compatible; MJ12bot/v1.4.8; http://mj12bot.com/)"
94.23.203.202 - - [26/Sep/2022:04:30:55 +0200] "GET /lego-led-lite-keychains-p-27082.html HTTP/1.0" 301 72244 "-" "Mozilla/5.0 (compatible; MJ12bot/v1.4.8; http://mj12bot.com/)"
185.191.171.26 - - [26/Sep/2022:04:30:56 +0200] "GET /sarah-fuchsia-large-backpack-p-6064.html HTTP/1.0" 200 75785 "-" "Mozilla/5.0 (compatible; SemrushBot/7~bl; +http://www.semrush.com/bot.html)"
95.217.195.123 - - [26/Sep/2022:04:30:58 +0200] "GET /hung-mirrors-c-31_258.html HTTP/1.0" 200 92138 "-" "Mozilla/5.0 (compatible; MJ12bot/v1.4.8; http://mj12bot.com/)"
54.36.149.92 - - [26/Sep/2022:04:30:59 +0200] "GET /kakemono-abecedaire-wooden-animals-p-58850.html HTTP/1.0" 200 75426 "-" "Mozilla/5.0 (compatible; AhrefsBot/7.0; +http://ahrefs.com/robot/)"
75.119.142.113 - - [26/Sep/2022:04:31:00 +0200] "GET /-p-33116.html HTTP/1.0" 200 72060 "-" "Mozilla/5.0 (compatible; MJ12bot/v1.4.8; http://mj12bot.com/)"
94.23.203.202 - - [26/Sep/2022:04:30:59 +0200] "GET /lego-lite-keychains-p-27082.html HTTP/1.0" 200 72158 "-" "Mozilla/5.0 (compatible; MJ12bot/v1.4.8; http://mj12bot.com/)"
54.36.148.66 - - [26/Sep/2022:04:31:03 +0200] "GET /images/big_prod/3700281666489.jpg HTTP/1.0" 200 268 "-" "Mozilla/5.0 (compatible; AhrefsBot/7.0; +http://ahrefs.com/robot/)"
54.36.148.228 - - [26/Sep/2022:04:31:04 +0200] "GET /images/big_prod_1/3700281666489B.jpg HTTP/1.0" 200 271 "-" "Mozilla/5.0 (compatible; AhrefsBot/7.0; +http://ahrefs.com/robot/)"
94.23.203.202 - - [26/Sep/2022:04:31:03 +0200] "GET /lego-star-wars-3po-led-lite-keychains-p-27076.html HTTP/1.0" 301 72282 "-" "Mozilla/5.0 (compatible; MJ12bot/v1.4.8; http://mj12bot.com/)"
95.217.195.123 - - [26/Sep/2022:04:31:03 +0200] "GET /acdc-back-black-shirt-p-29540.html HTTP/1.0" 200 76521 "-" "Mozilla/5.0 (compatible; MJ12bot/v1.4.8; http://mj12bot.com/)"
94.23.203.202 - - [26/Sep/2022:04:31:06 +0200] "GET /lego-star-wars-lite-keychains-p-27076.html HTTP/1.0" 200 72186 "-" "Mozilla/5.0 (compatible; MJ12bot/v1.4.8; http://mj12bot.com/)"
75.119.142.113 - - [26/Sep/2022:04:31:07 +0200] "GET /-p-33147.html HTTP/1.0" 200 72060 "-" "Mozilla/5.0 (compatible; MJ12bot/v1.4.8; http://mj12bot.com/)"
94.23.203.202 - - [26/Sep/2022:04:31:20 +0200] "GET /lego-star-wars-darth-vader-led-lite-keychains-p-27074.html HTTP/1.0" 301 72376 "-" "Mozilla/5.0 (compatible; MJ12bot/v1.4.8; http://mj12bot.com/)"
75.119.142.113 - - [26/Sep/2022:04:31:22 +0200] "GET /-p-33217.html HTTP/1.0" 200 72060 "-" "Mozilla/5.0 (compatible; MJ12bot/v1.4.8; http://mj12bot.com/)"
94.23.203.202 - - [26/Sep/2022:04:31:23 +0200] "GET /lego-star-wars-darth-vader-lite-keychains-p-27074.html HTTP/1.0" 200 72268 "-" "Mozilla/5.0 (compatible; MJ12bot/v1.4.8; http://mj12bot.com/)"
95.217.195.123 - - [26/Sep/2022:04:31:23 +0200] "GET /acdc-back-in-black-shirt-p-29540.html HTTP/1.0" 301 76609 "-" "Mozilla/5.0 (compatible; MJ12bot/v1.4.8; http://mj12bot.com/)"
94.23.203.202 - - [26/Sep/2022:04:31:26 +0200] "GET /lego-star-wars-r2-d2-led-lite-keychains-p-27077.html HTTP/1.0" 301 75042 "-" "Mozilla/5.0 (compatible; MJ12bot/v1.4.8; http://mj12bot.com/)"
94.23.203.202 - - [26/Sep/2022:04:31:29 +0200] "GET /lego-star-wars-lite-keychains-p-27077.html HTTP/1.0" 200 74946 "-" "Mozilla/5.0 (compatible; MJ12bot/v1.4.8; http://mj12bot.com/)"
75.119.142.113 - - [26/Sep/2022:04:31:31 +0200] "GET /-p-33224.html HTTP/1.0" 200 72060 "-" "Mozilla/5.0 (compatible; MJ12bot/v1.4.8; http://mj12bot.com/)"
95.217.195.123 - - [26/Sep/2022:04:31:31 +0200] "GET /acdc-back-black-shirt-p-29540.html HTTP/1.0" 200 76521 "-" "Mozilla/5.0 (compatible; MJ12bot/v1.4.8; http://mj12bot.com/)"
94.23.203.202 - - [26/Sep/2022:04:31:32 +0200] "GET /lego-superman-led-lite-dc-super-heroes-keychains-p-27072.html HTTP/1.0" 301 72336 "-" "Mozilla/5.0 (compatible; MJ12bot/v1.4.8; http://mj12bot.com/)"
94.23.203.202 - - [26/Sep/2022:04:31:35 +0200] "GET /lego-superman-lite-super-heroes-keychains-p-27072.html HTTP/1.0" 200 72228 "-" "Mozilla/5.0 (compatible; MJ12bot/v1.4.8; http://mj12bot.com/)"
95.217.195.123 - - [26/Sep/2022:04:31:38 +0200] "GET /acdc-back-in-black-shirt-size-p-20635.html HTTP/1.0" 301 72127 "-" "Mozilla/5.0 (compatible; MJ12bot/v1.4.8; http://mj12bot.com/)"
94.23.203.202 - - [26/Sep/2022:04:31:39 +0200] "GET /lelly-activity-pyramid-animals-p-17729.html HTTP/1.0" 301 72127 "-" "Mozilla/5.0 (compatible; MJ12bot/v1.4.8; http://mj12bot.com/)"
75.119.142.113 - - [26/Sep/2022:04:31:41 +0200] "GET /-p-33225.html HTTP/1.0" 200 72060 "-" "Mozilla/5.0 (compatible; MJ12bot/v1.4.8; http://mj12bot.com/)"
94.23.203.202 - - [26/Sep/2022:04:31:43 +0200] "GET /-p-17729.html HTTP/1.0" 200 72060 "-" "Mozilla/5.0 (compatible; MJ12bot/v1.4.8; http://mj12bot.com/)"
95.217.195.123 - - [26/Sep/2022:04:31:44 +0200] "GET /-p-20635.html HTTP/1.0" 200 72060 "-" "Mozilla/5.0 (compatible; MJ12bot/v1.4.8; http://mj12bot.com/)"
94.23.203.202 - - [26/Sep/2022:04:31:47 +0200] "GET /les-jeux-video-ont-ruine-ma-vie-black-shirt-p-30072.html HTTP/1.0" 301 76145 "-" "Mozilla/5.0 (compatible; MJ12bot/v1.4.8; http://mj12bot.com/)"
75.119.142.113 - - [26/Sep/2022:04:31:47 +0200] "GET /-p-33232.html HTTP/1.0" 200 72060 "-" "Mozilla/5.0 (compatible; MJ12bot/v1.4.8; http://mj12bot.com/)"
94.23.203.202 - - [26/Sep/2022:04:31:49 +0200] "GET /jeux-vido-ruin-black-shirt-p-30072.html HTTP/1.0" 200 76052 "-" "Mozilla/5.0 (compatible; MJ12bot/v1.4.8; http://mj12bot.com/)"
94.23.203.202 - - [26/Sep/2022:04:31:52 +0200] "GET /les-kontakati-the-sleeping-beauty-mug-p-20267.html HTTP/1.0" 301 74966 "-" "Mozilla/5.0 (compatible; MJ12bot/v1.4.8; http://mj12bot.com/)"
95.217.195.123 - - [26/Sep/2022:04:31:52 +0200] "GET /acdc-back-in-black-shirt-size-p-20641.html HTTP/1.0" 301 72127 "-" "Mozilla/5.0 (compatible; MJ12bot/v1.4.8; http://mj12bot.com/)"
75.119.142.113 - - [26/Sep/2022:04:31:53 +0200] "GET /-p-33244.html HTTP/1.0" 200 72060 "-" "Mozilla/5.0 (compatible; MJ12bot/v1.4.8; http://mj12bot.com/)"
94.23.203.202 - - [26/Sep/2022:04:31:55 +0200] "GET /kontakati-sleeping-beauty-p-20267.html HTTP/1.0" 200 74874 "-" "Mozilla/5.0 (compatible; MJ12bot/v1.4.8; http://mj12bot.com/)"
185.191.171.4 - - [26/Sep/2022:04:31:56 +0200] "GET /cushions-c-11_71.html?page=5 HTTP/1.0" 200 81552 "-" "Mozilla/5.0 (compatible; SemrushBot/7~bl; +http://www.semrush.com/bot.html)"
95.217.195.123 - - [26/Sep/2022:04:31:59 +0200] "GET /-p-20641.html HTTP/1.0" 200 72060 "-" "Mozilla/5.0 (compatible; MJ12bot/v1.4.8; http://mj12bot.com/)"
94.23.203.202 - - [26/Sep/2022:04:31:59 +0200] "GET /liberty-russian-doll-black-cbkreation-p-18489.html HTTP/1.0" 200 74800 "-" "Mozilla/5.0 (compatible; MJ12bot/v1.4.8; http://mj12bot.com/)"
75.119.142.113 - - [26/Sep/2022:04:31:59 +0200] "GET /-p-33312.html HTTP/1.0" 200 72060 "-" "Mozilla/5.0 (compatible; MJ12bot/v1.4.8; http://mj12bot.com/)"
157.55.39.217 - - [26/Sep/2022:04:32:03 +0200] "GET /images/mini_prod/3701206604142.jpg HTTP/1.0" 200 269 "-" "Mozilla/5.0 (compatible; bingbot/2.0; +http://www.bing.com/bingbot.htm)"
94.23.203.202 - - [26/Sep/2022:04:32:02 +0200] "GET /liberty-russian-doll-black-mug-by-cbkreation-p-18489.html HTTP/1.0" 301 74904 "-" "Mozilla/5.0 (compatible; MJ12bot/v1.4.8; http://mj12bot.com/)"
95.217.195.123 - - [26/Sep/2022:04:32:05 +0200] "GET /acdc-back-in-black-size-shirt-p-20640.html HTTP/1.0" 301 72127 "-" "Mozilla/5.0 (compatible; MJ12bot/v1.4.8; http://mj12bot.com/)"
94.23.203.202 - - [26/Sep/2022:04:32:05 +0200] "GET /liberty-russian-doll-black-cbkreation-p-18489.html HTTP/1.0" 200 74800 "-" "Mozilla/5.0 (compatible; MJ12bot/v1.4.8; http://mj12bot.com/)"
79.173.90.157 - - [26/Sep/2022:04:32:08 +0200] "GET /images/3700235441681.jpg HTTP/1.0" 200 259 "http://quoizeltableslamps.blogspot.com/" "Mozilla/5.0 (Windows NT 5.1; rv:52.0) Gecko/20100101 Firefox/52.0"
94.23.203.202 - - [26/Sep/2022:04:32:08 +0200] "GET /liberty-russian-doll-cover-for-samsung-s4-cbkreation-p-27010.html HTTP/1.0" 301 72127 "-" "Mozilla/5.0 (compatible; MJ12bot/v1.4.8; http://mj12bot.com/)"
94.23.203.202 - - [26/Sep/2022:04:32:11 +0200] "GET /-p-27010.html HTTP/1.0" 200 72060 "-" "Mozilla/5.0 (compatible; MJ12bot/v1.4.8; http://mj12bot.com/)"
75.119.142.113 - - [26/Sep/2022:04:32:13 +0200] "GET /-p-33332.html HTTP/1.0" 200 72060 "-" "Mozilla/5.0 (compatible; MJ12bot/v1.4.8; http://mj12bot.com/)"
95.217.195.123 - - [26/Sep/2022:04:32:14 +0200] "GET /-p-20640.html HTTP/1.0" 200 72060 "-" "Mozilla/5.0 (compatible; MJ12bot/v1.4.8; http://mj12bot.com/)"
94.23.203.202 - - [26/Sep/2022:04:32:14 +0200] "GET /liberty-russian-doll-pink-cover-ipad-by-cbkreation-p-18499.html HTTP/1.0" 301 72127 "-" "Mozilla/5.0 (compatible; MJ12bot/v1.4.8; http://mj12bot.com/)"
185.191.171.2 - - [26/Sep/2022:04:32:16 +0200] "GET /monkey-table-lamp-p-48815.html HTTP/1.0" 200 72130 "-" "Mozilla/5.0 (compatible; SemrushBot/7~bl; +http://www.semrush.com/bot.html)"
94.23.203.202 - - [26/Sep/2022:04:32:17 +0200] "GET /-p-18499.html HTTP/1.0" 200 72060 "-" "Mozilla/5.0 (compatible; MJ12bot/v1.4.8; http://mj12bot.com/)"
75.119.142.113 - - [26/Sep/2022:04:32:18 +0200] "GET /-p-33514.html HTTP/1.0" 200 72060 "-" "Mozilla/5.0 (compatible; MJ12bot/v1.4.8; http://mj12bot.com/)"
95.217.195.123 - - [26/Sep/2022:04:32:21 +0200] "GET /acdc-back-in-black-size-xl-shirt-p-20639.html HTTP/1.0" 301 72127 "-" "Mozilla/5.0 (compatible; MJ12bot/v1.4.8; http://mj12bot.com/)"
94.23.203.202 - - [26/Sep/2022:04:32:21 +0200] "GET /life-white-shirt-by-etienne-boyer-size-p-25141.html HTTP/1.0" 301 72127 "-" "Mozilla/5.0 (compatible; MJ12bot/v1.4.8; http://mj12bot.com/)"
75.119.142.113 - - [26/Sep/2022:04:32:25 +0200] "GET /-p-33541.html HTTP/1.0" 200 72060 "-" "Mozilla/5.0 (compatible; MJ12bot/v1.4.8; http://mj12bot.com/)"
94.23.203.202 - - [26/Sep/2022:04:32:27 +0200] "GET /-p-25141.html HTTP/1.0" 200 72060 "-" "Mozilla/5.0 (compatible; MJ12bot/v1.4.8; http://mj12bot.com/)"
95.217.195.123 - - [26/Sep/2022:04:32:28 +0200] "GET /-p-20639.html HTTP/1.0" 200 72060 "-" "Mozilla/5.0 (compatible; MJ12bot/v1.4.8; http://mj12bot.com/)"
66.249.65.166 - - [26/Sep/2022:04:32:31 +0200] "GET /images/3700276281550.jpg HTTP/1.0" 200 259 "-" "Googlebot-Image/1.0"
94.23.203.202 - - [26/Sep/2022:04:32:30 +0200] "GET /life-white-shirt-by-etienne-boyer-size-p-25145.html HTTP/1.0" 301 72127 "-" "Mozilla/5.0 (compatible; MJ12bot/v1.4.8; http://mj12bot.com/)"
75.119.142.113 - - [26/Sep/2022:04:32:31 +0200] "GET /-p-33544.html HTTP/1.0" 200 72060 "-" "Mozilla/5.0 (compatible; MJ12bot/v1.4.8; http://mj12bot.com/)"
94.23.203.202 - - [26/Sep/2022:04:32:33 +0200] "GET /-p-25145.html HTTP/1.0" 200 72060 "-" "Mozilla/5.0 (compatible; MJ12bot/v1.4.8; http://mj12bot.com/)"
95.217.195.123 - - [26/Sep/2022:04:32:34 +0200] "GET /acdc-covers-poster-p-36700.html HTTP/1.0" 301 72127 "-" "Mozilla/5.0 (compatible; MJ12bot/v1.4.8; http://mj12bot.com/)"
94.23.203.202 - - [26/Sep/2022:04:32:36 +0200] "GET /life-white-shirt-by-etienne-boyer-size-p-25146.html HTTP/1.0" 301 72127 "-" "Mozilla/5.0 (compatible; MJ12bot/v1.4.8; http://mj12bot.com/)"
54.36.148.178 - - [26/Sep/2022:04:32:37 +0200] "GET /sonny-angel-figure-sweets-series-p-43106.html HTTP/1.0" 200 75700 "-" "Mozilla/5.0 (compatible; AhrefsBot/7.0; +http://ahrefs.com/robot/)"
95.217.195.123 - - [26/Sep/2022:04:32:39 +0200] "GET /-p-36700.html HTTP/1.0" 200 72060 "-" "Mozilla/5.0 (compatible; MJ12bot/v1.4.8; http://mj12bot.com/)"
94.23.203.202 - - [26/Sep/2022:04:32:39 +0200] "GET /-p-25146.html HTTP/1.0" 200 72060 "-" "Mozilla/5.0 (compatible; MJ12bot/v1.4.8; http://mj12bot.com/)"
54.36.149.96 - - [26/Sep/2022:04:32:41 +0200] "GET /images/big_prod_1/4542202653180fr.jpg HTTP/1.0" 200 272 "-" "Mozilla/5.0 (compatible; AhrefsBot/7.0; +http://ahrefs.com/robot/)"
54.36.149.89 - - [26/Sep/2022:04:32:42 +0200] "GET /images/big_prod/4542202653180fred.jpg HTTP/1.0" 200 272 "-" "Mozilla/5.0 (compatible; AhrefsBot/7.0; +http://ahrefs.com/robot/)"
75.119.142.113 - - [26/Sep/2022:04:32:41 +0200] "GET /-p-33545.html HTTP/1.0" 200 72060 "-" "Mozilla/5.0 (compatible; MJ12bot/v1.4.8; http://mj12bot.com/)"
185.191.171.9 - - [26/Sep/2022:04:32:42 +0200] "GET /selenite-lamp-p-38794.html HTTP/1.0" 200 75595 "-" "Mozilla/5.0 (compatible; SemrushBot/7~bl; +http://www.semrush.com/bot.html)"
94.23.203.202 - - [26/Sep/2022:04:32:43 +0200] "GET /life-white-shirt-by-etienne-boyer-size-xl-p-25147.html HTTP/1.0" 301 72127 "-" "Mozilla/5.0 (compatible; MJ12bot/v1.4.8; http://mj12bot.com/)"
95.217.195.123 - - [26/Sep/2022:04:32:45 +0200] "GET /acdc-gift-p-49679.html HTTP/1.0" 301 72127 "-" "Mozilla/5.0 (compatible; MJ12bot/v1.4.8; http://mj12bot.com/)"
94.23.203.202 - - [26/Sep/2022:04:32:45 +0200] "GET /-p-25147.html HTTP/1.0" 200 72060 "-" "Mozilla/5.0 (compatible; MJ12bot/v1.4.8; http://mj12bot.com/)"
75.119.142.113 - - [26/Sep/2022:04:32:47 +0200] "GET /-p-33842.html HTTP/1.0" 200 72060 "-" "Mozilla/5.0 (compatible; MJ12bot/v1.4.8; http://mj12bot.com/)"
94.23.203.202 - - [26/Sep/2022:04:32:48 +0200] "GET /light-wood-lamp-vintage-bulb-p-50723.html HTTP/1.0" 200 72188 "-" "Mozilla/5.0 (compatible; MJ12bot/v1.4.8; http://mj12bot.com/)"
94.23.203.202 - - [26/Sep/2022:04:32:51 +0200] "GET /light-wood-pave-lamp-and-neo-vintage-bulb-p-50723.html HTTP/1.0" 301 72283 "-" "Mozilla/5.0 (compatible; MJ12bot/v1.4.8; http://mj12bot.com/)"
75.119.142.113 - - [26/Sep/2022:04:32:52 +0200] "GET /-p-33944.html HTTP/1.0" 200 72060 "-" "Mozilla/5.0 (compatible; MJ12bot/v1.4.8; http://mj12bot.com/)"
216.244.66.242 - - [26/Sep/2022:04:32:52 +0200] "GET /beyblade-mattress-swimming-pool-p-14358.html HTTP/1.0" 200 74877 "-" "Mozilla/5.0 (compatible; DotBot/1.2; +https://opensiteexplorer.org/dotbot; help@moz.com)"
95.217.195.123 - - [26/Sep/2022:04:32:53 +0200] "GET /-p-49679.html HTTP/1.0" 200 72060 "-" "Mozilla/5.0 (compatible; MJ12bot/v1.4.8; http://mj12bot.com/)"
94.23.203.202 - - [26/Sep/2022:04:32:54 +0200] "GET /light-wood-lamp-vintage-bulb-p-50723.html HTTP/1.0" 200 72188 "-" "Mozilla/5.0 (compatible; MJ12bot/v1.4.8; http://mj12bot.com/)"
94.23.203.202 - - [26/Sep/2022:04:32:57 +0200] "GET /lin-color-conical-lampshade-p-35142.html HTTP/1.0" 301 72127 "-" "Mozilla/5.0 (compatible; MJ12bot/v1.4.8; http://mj12bot.com/)"
75.119.142.113 - - [26/Sep/2022:04:32:59 +0200] "GET /-p-33989.html HTTP/1.0" 200 72060 "-" "Mozilla/5.0 (compatible; MJ12bot/v1.4.8; http://mj12bot.com/)"
95.217.195.123 - - [26/Sep/2022:04:33:00 +0200] "GET /acdc-gift-set-p-49679.html HTTP/1.0" 301 72127 "-" "Mozilla/5.0 (compatible; MJ12bot/v1.4.8; http://mj12bot.com/)"
94.23.203.202 - - [26/Sep/2022:04:33:00 +0200] "GET /-p-35142.html HTTP/1.0" 200 72060 "-" "Mozilla/5.0 (compatible; MJ12bot/v1.4.8; http://mj12bot.com/)"
94.23.203.202 - - [26/Sep/2022:04:33:04 +0200] "GET /linen-of-bed-c-13_11_68.html?page=1 HTTP/1.0" 301 92877 "-" "Mozilla/5.0 (compatible; MJ12bot/v1.4.8; http://mj12bot.com/)"
95.217.195.123 - - [26/Sep/2022:04:33:05 +0200] "GET /-p-49679.html HTTP/1.0" 200 72060 "-" "Mozilla/5.0 (compatible; MJ12bot/v1.4.8; http://mj12bot.com/)"
216.244.66.242 - - [26/Sep/2022:04:33:07 +0200] "GET /jasmin-large-cabas-yoko-p-46990.html HTTP/1.0" 301 72127 "-" "Mozilla/5.0 (compatible; DotBot/1.2; +https://opensiteexplorer.org/dotbot; help@moz.com)"
94.23.203.202 - - [26/Sep/2022:04:33:07 +0200] "GET /linen-c-68.html?page=1 HTTP/1.0" 301 92593 "-" "Mozilla/5.0 (compatible; MJ12bot/v1.4.8; http://mj12bot.com/)"
95.217.195.123 - - [26/Sep/2022:04:33:10 +0200] "GET /acdc-lighter-p-29760.html HTTP/1.0" 200 72111 "-" "Mozilla/5.0 (compatible; MJ12bot/v1.4.8; http://mj12bot.com/)"
94.23.203.202 - - [26/Sep/2022:04:33:10 +0200] "GET /linen-c-11_68.html?page=1 HTTP/1.0" 200 92636 "-" "Mozilla/5.0 (compatible; MJ12bot/v1.4.8; http://mj12bot.com/)"
75.119.142.113 - - [26/Sep/2022:04:33:11 +0200] "GET /-p-34037.html HTTP/1.0" 200 72060 "-" "Mozilla/5.0 (compatible; MJ12bot/v1.4.8; http://mj12bot.com/)"
94.23.203.202 - - [26/Sep/2022:04:33:13 +0200] "GET /linen-of-bed-c-13_11_68.html?page=10 HTTP/1.0" 301 88831 "-" "Mozilla/5.0 (compatible; MJ12bot/v1.4.8; http://mj12bot.com/)"
75.119.142.113 - - [26/Sep/2022:04:33:15 +0200] "GET /-p-34056.html HTTP/1.0" 200 72060 "-" "Mozilla/5.0 (compatible; MJ12bot/v1.4.8; http://mj12bot.com/)"
94.23.203.202 - - [26/Sep/2022:04:33:17 +0200] "GET /linen-c-68.html?page=10 HTTP/1.0" 301 88547 "-" "Mozilla/5.0 (compatible; MJ12bot/v1.4.8; http://mj12bot.com/)"
95.217.195.123 - - [26/Sep/2022:04:33:17 +0200] "GET /acdc-notebook-p-49807.html HTTP/1.0" 301 72127 "-" "Mozilla/5.0 (compatible; MJ12bot/v1.4.8; http://mj12bot.com/)"
94.23.203.202 - - [26/Sep/2022:04:33:19 +0200] "GET /linen-c-11_68.html?page=10 HTTP/1.0" 200 88589 "-" "Mozilla/5.0 (compatible; MJ12bot/v1.4.8; http://mj12bot.com/)"
75.119.142.113 - - [26/Sep/2022:04:33:23 +0200] "GET /-p-34057.html HTTP/1.0" 200 72060 "-" "Mozilla/5.0 (compatible; MJ12bot/v1.4.8; http://mj12bot.com/)"
94.23.203.202 - - [26/Sep/2022:04:33:23 +0200] "GET /little-buddha-retractable-ballpoint-black-p-43065.html HTTP/1.0" 200 74949 "-" "Mozilla/5.0 (compatible; MJ12bot/v1.4.8; http://mj12bot.com/)"
95.217.195.123 - - [26/Sep/2022:04:33:24 +0200] "GET /-p-49807.html HTTP/1.0" 200 72060 "-" "Mozilla/5.0 (compatible; MJ12bot/v1.4.8; http://mj12bot.com/)"
75.119.142.113 - - [26/Sep/2022:04:33:26 +0200] "GET /-p-34058.html HTTP/1.0" 200 72060 "-" "Mozilla/5.0 (compatible; MJ12bot/v1.4.8; http://mj12bot.com/)"
94.23.203.202 - - [26/Sep/2022:04:33:26 +0200] "GET /little-buddha-retractable-ballpoint-blue-p-43063.html HTTP/1.0" 200 72208 "-" "Mozilla/5.0 (compatible; MJ12bot/v1.4.8; http://mj12bot.com/)"
94.23.203.202 - - [26/Sep/2022:04:33:30 +0200] "GET /little-buddha-retractable-ballpoint-dark-blue-p-43064.html HTTP/1.0" 200 74969 "-" "Mozilla/5.0 (compatible; MJ12bot/v1.4.8; http://mj12bot.com/)"
75.119.142.113 - - [26/Sep/2022:04:33:31 +0200] "GET /-p-34059.html HTTP/1.0" 200 72060 "-" "Mozilla/5.0 (compatible; MJ12bot/v1.4.8; http://mj12bot.com/)"
95.217.195.123 - - [26/Sep/2022:04:33:32 +0200] "GET /acdc-notebook-set-p-49807.html HTTP/1.0" 301 72127 "-" "Mozilla/5.0 (compatible; MJ12bot/v1.4.8; http://mj12bot.com/)"
94.23.203.202 - - [26/Sep/2022:04:33:33 +0200] "GET /little-buddha-retractable-ballpoint-pen-black-p-43065.html HTTP/1.0" 301 75057 "-" "Mozilla/5.0 (compatible; MJ12bot/v1.4.8; http://mj12bot.com/)"
94.23.203.202 - - [26/Sep/2022:04:33:36 +0200] "GET /little-buddha-retractable-ballpoint-black-p-43065.html HTTP/1.0" 200 74949 "-" "Mozilla/5.0 (compatible; MJ12bot/v1.4.8; http://mj12bot.com/)"
95.217.195.123 - - [26/Sep/2022:04:33:39 +0200] "GET /-p-49807.html HTTP/1.0" 200 72060 "-" "Mozilla/5.0 (compatible; MJ12bot/v1.4.8; http://mj12bot.com/)"
94.23.203.202 - - [26/Sep/2022:04:33:39 +0200] "GET /little-buddha-retractable-ballpoint-pen-blue-p-43063.html HTTP/1.0" 301 72315 "-" "Mozilla/5.0 (compatible; MJ12bot/v1.4.8; http://mj12bot.com/)"
75.119.142.113 - - [26/Sep/2022:04:33:40 +0200] "GET /-p-34307.html HTTP/1.0" 200 72060 "-" "Mozilla/5.0 (compatible; MJ12bot/v1.4.8; http://mj12bot.com/)"
94.23.203.202 - - [26/Sep/2022:04:33:43 +0200] "GET /little-buddha-retractable-ballpoint-blue-p-43063.html HTTP/1.0" 200 72208 "-" "Mozilla/5.0 (compatible; MJ12bot/v1.4.8; http://mj12bot.com/)"
95.217.195.123 - - [26/Sep/2022:04:33:43 +0200] "GET /acdc-poster-p-30869.html HTTP/1.0" 301 72127 "-" "Mozilla/5.0 (compatible; MJ12bot/v1.4.8; http://mj12bot.com/)"
94.23.203.202 - - [26/Sep/2022:04:33:46 +0200] "GET /little-buddha-retractable-ballpoint-pen-dark-blue-p-43064.html HTTP/1.0" 301 75081 "-" "Mozilla/5.0 (compatible; MJ12bot/v1.4.8; http://mj12bot.com/)"
94.23.203.202 - - [26/Sep/2022:04:33:49 +0200] "GET /little-buddha-retractable-ballpoint-dark-blue-p-43064.html HTTP/1.0" 200 74969 "-" "Mozilla/5.0 (compatible; MJ12bot/v1.4.8; http://mj12bot.com/)"
95.217.195.123 - - [26/Sep/2022:04:33:50 +0200] "GET /-p-30869.html HTTP/1.0" 200 72060 "-" "Mozilla/5.0 (compatible; MJ12bot/v1.4.8; http://mj12bot.com/)"
75.119.142.113 - - [26/Sep/2022:04:33:50 +0200] "GET /-p-34638.html HTTP/1.0" 200 72060 "-" "Mozilla/5.0 (compatible; MJ12bot/v1.4.8; http://mj12bot.com/)"
94.23.203.202 - - [26/Sep/2022:04:33:52 +0200] "GET /little-buddha-retractable-ballpoint-pen-pink-orange-p-43066.html HTTP/1.0" 301 75093 "-" "Mozilla/5.0 (compatible; MJ12bot/v1.4.8; http://mj12bot.com/)"
185.191.171.2 - - [26/Sep/2022:04:33:51 +0200] "GET /ashtrays-c-13_240.html?page=5 HTTP/1.0" 200 93458 "-" "Mozilla/5.0 (compatible; SemrushBot/7~bl; +http://www.semrush.com/bot.html)"
94.23.203.202 - - [26/Sep/2022:04:33:55 +0200] "GET /little-buddha-retractable-ballpoint-pink-orange-p-43066.html HTTP/1.0" 200 74979 "-" "Mozilla/5.0 (compatible; MJ12bot/v1.4.8; http://mj12bot.com/)"
75.119.142.113 - - [26/Sep/2022:04:33:57 +0200] "GET /-p-34755.html HTTP/1.0" 200 72060 "-" "Mozilla/5.0 (compatible; MJ12bot/v1.4.8; http://mj12bot.com/)"
95.217.195.123 - - [26/Sep/2022:04:33:57 +0200] "GET /acdc-shirt-p-29538.html HTTP/1.0" 200 76439 "-" "Mozilla/5.0 (compatible; MJ12bot/v1.4.8; http://mj12bot.com/)"
94.23.203.202 - - [26/Sep/2022:04:33:58 +0200] "GET /little-buddha-retractable-ballpoint-pink-orange-p-43066.html HTTP/1.0" 200 74979 "-" "Mozilla/5.0 (compatible; MJ12bot/v1.4.8; http://mj12bot.com/)"
95.217.195.123 - - [26/Sep/2022:04:34:00 +0200] "GET /acdc-towel-p-38361.html HTTP/1.0" 301 72127 "-" "Mozilla/5.0 (compatible; MJ12bot/v1.4.8; http://mj12bot.com/)"
94.23.203.202 - - [26/Sep/2022:04:34:02 +0200] "GET /little-geisha-p-50776.html HTTP/1.0" 200 75693 "-" "Mozilla/5.0 (compatible; MJ12bot/v1.4.8; http://mj12bot.com/)"
75.119.142.113 - - [26/Sep/2022:04:34:04 +0200] "GET /-p-34808.html HTTP/1.0" 200 72060 "-" "Mozilla/5.0 (compatible; MJ12bot/v1.4.8; http://mj12bot.com/)"
94.23.203.202 - - [26/Sep/2022:04:34:05 +0200] "GET /little-geisha-p-50777.html HTTP/1.0" 200 75974 "-" "Mozilla/5.0 (compatible; MJ12bot/v1.4.8; http://mj12bot.com/)"
95.217.195.123 - - [26/Sep/2022:04:34:07 +0200] "GET /-p-38361.html HTTP/1.0" 200 72060 "-" "Mozilla/5.0 (compatible; MJ12bot/v1.4.8; http://mj12bot.com/)"
52.41.192.80 - - [26/Sep/2022:04:34:08 +0200] "GET /images/mini_prod/MISES-EN-SITUATION-07.jpg HTTP/1.0" 200 277 "-" "Mozilla/5.0 (X11; Ubuntu; Linux x86_64; rv:72.0) Gecko/20100101 Firefox/72.0"
94.23.203.202 - - [26/Sep/2022:04:34:08 +0200] "GET /little-geisha-p-50780.html HTTP/1.0" 200 76582 "-" "Mozilla/5.0 (compatible; MJ12bot/v1.4.8; http://mj12bot.com/)"
185.191.171.23 - - [26/Sep/2022:04:34:09 +0200] "GET /buddha-hand-statue-41-cm-p-52337.html HTTP/1.0" 301 72219 "-" "Mozilla/5.0 (compatible; SemrushBot/7~bl; +http://www.semrush.com/bot.html)"
185.191.171.39 - - [26/Sep/2022:04:34:11 +0200] "GET /robots.txt HTTP/1.0" 200 245 "-" "Mozilla/5.0 (compatible; SemrushBot/7~bl; +http://www.semrush.com/bot.html)"
94.23.203.202 - - [26/Sep/2022:04:34:12 +0200] "GET /little-geisha-tea-box-100-p-50780.html HTTP/1.0" 301 76662 "-" "Mozilla/5.0 (compatible; MJ12bot/v1.4.8; http://mj12bot.com/)"
185.191.171.25 - - [26/Sep/2022:04:34:12 +0200] "GET /buddha-hand-statue-p-52337.html HTTP/1.0" 200 72134 "-" "Mozilla/5.0 (compatible; SemrushBot/7~bl; +http://www.semrush.com/bot.html)"
95.217.195.123 - - [26/Sep/2022:04:34:12 +0200] "GET /achilles-statue-225-cm-p-40910.html HTTP/1.0" 301 74842 "-" "Mozilla/5.0 (compatible; MJ12bot/v1.4.8; http://mj12bot.com/)"
94.23.203.202 - - [26/Sep/2022:04:34:14 +0200] "GET /little-geisha-p-50780.html HTTP/1.0" 200 76582 "-" "Mozilla/5.0 (compatible; MJ12bot/v1.4.8; http://mj12bot.com/)"
75.119.142.113 - - [26/Sep/2022:04:34:15 +0200] "GET /-p-34985.html HTTP/1.0" 200 72060 "-" "Mozilla/5.0 (compatible; MJ12bot/v1.4.8; http://mj12bot.com/)"
95.217.195.123 - - [26/Sep/2022:04:34:17 +0200] "GET /achilles-statue-p-40910.html HTTP/1.0" 200 74760 "-" "Mozilla/5.0 (compatible; MJ12bot/v1.4.8; http://mj12bot.com/)"
94.23.203.202 - - [26/Sep/2022:04:34:17 +0200] "GET /little-geisha-tea-box-150-p-50776.html HTTP/1.0" 301 75773 "-" "Mozilla/5.0 (compatible; MJ12bot/v1.4.8; http://mj12bot.com/)"
54.36.148.192 - - [26/Sep/2022:04:34:17 +0200] "GET /incense-c-231_226.html?page=4 HTTP/1.0" 200 93139 "-" "Mozilla/5.0 (compatible; AhrefsBot/7.0; +http://ahrefs.com/robot/)"
94.23.203.202 - - [26/Sep/2022:04:34:20 +0200] "GET /little-geisha-p-50776.html HTTP/1.0" 200 75693 "-" "Mozilla/5.0 (compatible; MJ12bot/v1.4.8; http://mj12bot.com/)"
95.217.195.123 - - [26/Sep/2022:04:34:23 +0200] "GET /achilles-statue-p-40910.html HTTP/1.0" 200 74760 "-" "Mozilla/5.0 (compatible; MJ12bot/v1.4.8; http://mj12bot.com/)"
94.23.203.202 - - [26/Sep/2022:04:34:23 +0200] "GET /little-geisha-tea-box-150-p-50777.html HTTP/1.0" 301 76054 "-" "Mozilla/5.0 (compatible; MJ12bot/v1.4.8; http://mj12bot.com/)"
75.119.142.113 - - [26/Sep/2022:04:34:24 +0200] "GET /-p-35134.html HTTP/1.0" 200 72060 "-" "Mozilla/5.0 (compatible; MJ12bot/v1.4.8; http://mj12bot.com/)"
94.23.203.202 - - [26/Sep/2022:04:34:26 +0200] "GET /little-geisha-p-50777.html HTTP/1.0" 200 75974 "-" "Mozilla/5.0 (compatible; MJ12bot/v1.4.8; http://mj12bot.com/)"
94.23.203.202 - - [26/Sep/2022:04:34:29 +0200] "GET /little-mickey-mouse-my-best-friend-suitcase-p-24503.html HTTP/1.0" 301 72127 "-" "Mozilla/5.0 (compatible; MJ12bot/v1.4.8; http://mj12bot.com/)"
75.119.142.113 - - [26/Sep/2022:04:34:30 +0200] "GET /-p-35142.html HTTP/1.0" 200 72060 "-" "Mozilla/5.0 (compatible; MJ12bot/v1.4.8; http://mj12bot.com/)"
95.217.195.123 - - [26/Sep/2022:04:34:30 +0200] "GET /aerosmith-abyss-zippo-lighter-p-37651.html HTTP/1.0" 200 75198 "-" "Mozilla/5.0 (compatible; MJ12bot/v1.4.8; http://mj12bot.com/)"
94.23.203.202 - - [26/Sep/2022:04:34:32 +0200] "GET /-p-24503.html HTTP/1.0" 200 72060 "-" "Mozilla/5.0 (compatible; MJ12bot/v1.4.8; http://mj12bot.com/)"
75.119.142.113 - - [26/Sep/2022:04:34:34 +0200] "GET /-p-35168.html HTTP/1.0" 200 72060 "-" "Mozilla/5.0 (compatible; MJ12bot/v1.4.8; http://mj12bot.com/)"
94.23.203.202 - - [26/Sep/2022:04:34:36 +0200] "GET /little-miss-princess-metal-suitcase-p-15919.html HTTP/1.0" 301 72127 "-" "Mozilla/5.0 (compatible; MJ12bot/v1.4.8; http://mj12bot.com/)"
185.191.171.15 - - [26/Sep/2022:04:34:35 +0200] "GET /home-decoration-c-13.html?page=180 HTTP/1.0" 200 94461 "-" "Mozilla/5.0 (compatible; SemrushBot/7~bl; +http://www.semrush.com/bot.html)"
94.23.203.202 - - [26/Sep/2022:04:34:39 +0200] "GET /-p-15919.html HTTP/1.0" 200 72060 "-" "Mozilla/5.0 (compatible; MJ12bot/v1.4.8; http://mj12bot.com/)"
95.217.195.123 - - [26/Sep/2022:04:34:38 +0200] "GET /african-woman-carrying-water-decoration-hand-head-p-52878.html HTTP/1.0" 200 72264 "-" "Mozilla/5.0 (compatible; MJ12bot/v1.4.8; http://mj12bot.com/)"
75.119.142.113 - - [26/Sep/2022:04:34:41 +0200] "GET /-p-35174.html HTTP/1.0" 200 72060 "-" "Mozilla/5.0 (compatible; MJ12bot/v1.4.8; http://mj12bot.com/)"
94.23.203.202 - - [26/Sep/2022:04:34:42 +0200] "GET /little-miss-sunshine-money-box-p-18849.html HTTP/1.0" 301 72127 "-" "Mozilla/5.0 (compatible; MJ12bot/v1.4.8; http://mj12bot.com/)"
95.217.195.123 - - [26/Sep/2022:04:34:43 +0200] "GET /african-woman-carrying-water-decoration-hand-on-the-head-p-52878.html HTTP/1.0" 301 72380 "-" "Mozilla/5.0 (compatible; MJ12bot/v1.4.8; http://mj12bot.com/)"
185.191.171.38 - - [26/Sep/2022:04:34:42 +0200] "GET /home-decoration-c-13.html?page=142 HTTP/1.0" 200 94490 "-" "Mozilla/5.0 (compatible; SemrushBot/7~bl; +http://www.semrush.com/bot.html)"
94.23.203.202 - - [26/Sep/2022:04:34:45 +0200] "GET /-p-18849.html HTTP/1.0" 200 72060 "-" "Mozilla/5.0 (compatible; MJ12bot/v1.4.8; http://mj12bot.com/)"
95.217.195.123 - - [26/Sep/2022:04:34:47 +0200] "GET /african-woman-carrying-water-decoration-hand-head-p-52878.html HTTP/1.0" 200 72264 "-" "Mozilla/5.0 (compatible; MJ12bot/v1.4.8; http://mj12bot.com/)"
75.119.142.113 - - [26/Sep/2022:04:34:48 +0200] "GET /-p-35175.html HTTP/1.0" 200 72060 "-" "Mozilla/5.0 (compatible; MJ12bot/v1.4.8; http://mj12bot.com/)"
94.23.203.202 - - [26/Sep/2022:04:34:48 +0200] "GET /little-miss-sunshine-pink-cosmetic-bag-p-24282.html HTTP/1.0" 301 72127 "-" "Mozilla/5.0 (compatible; MJ12bot/v1.4.8; http://mj12bot.com/)"
94.23.203.202 - - [26/Sep/2022:04:34:52 +0200] "GET /-p-24282.html HTTP/1.0" 200 72060 "-" "Mozilla/5.0 (compatible; MJ12bot/v1.4.8; http://mj12bot.com/)"
95.217.195.123 - - [26/Sep/2022:04:34:54 +0200] "GET /agusta-2012-p-30523.html HTTP/1.0" 200 72148 "-" "Mozilla/5.0 (compatible; MJ12bot/v1.4.8; http://mj12bot.com/)"
94.23.203.202 - - [26/Sep/2022:04:34:55 +0200] "GET /little-pony-mini-glitter-shake-shine-p-31922.html HTTP/1.0" 200 75210 "-" "Mozilla/5.0 (compatible; MJ12bot/v1.4.8; http://mj12bot.com/)"
75.119.142.113 - - [26/Sep/2022:04:34:55 +0200] "GET /-p-35187.html HTTP/1.0" 200 72060 "-" "Mozilla/5.0 (compatible; MJ12bot/v1.4.8; http://mj12bot.com/)"
94.23.203.202 - - [26/Sep/2022:04:34:58 +0200] "GET /little-pony-mini-glitter-shake-shine-p-31923.html HTTP/1.0" 301 72127 "-" "Mozilla/5.0 (compatible; MJ12bot/v1.4.8; http://mj12bot.com/)"
95.217.195.123 - - [26/Sep/2022:04:34:59 +0200] "GET /alarms-clocks-clocks-and-watches/alarms-clocks/avengers-alarm-clock-p-25077.html HTTP/1.0" 301 72127 "-" "Mozilla/5.0 (compatible; MJ12bot/v1.4.8; http://mj12bot.com/)"
94.23.203.202 - - [26/Sep/2022:04:35:01 +0200] "GET /-p-31923.html HTTP/1.0" 200 72060 "-" "Mozilla/5.0 (compatible; MJ12bot/v1.4.8; http://mj12bot.com/)"
75.119.142.113 - - [26/Sep/2022:04:35:03 +0200] "GET /-p-35202.html HTTP/1.0" 200 72060 "-" "Mozilla/5.0 (compatible; MJ12bot/v1.4.8; http://mj12bot.com/)"
94.23.203.202 - - [26/Sep/2022:04:35:04 +0200] "GET /little-pony-mini-glitter-shake-shine-p-31924.html HTTP/1.0" 301 72127 "-" "Mozilla/5.0 (compatible; MJ12bot/v1.4.8; http://mj12bot.com/)"
94.23.203.202 - - [26/Sep/2022:04:35:07 +0200] "GET /-p-31924.html HTTP/1.0" 200 72060 "-" "Mozilla/5.0 (compatible; MJ12bot/v1.4.8; http://mj12bot.com/)"
75.119.142.113 - - [26/Sep/2022:04:35:09 +0200] "GET /-p-35314.html HTTP/1.0" 200 72060 "-" "Mozilla/5.0 (compatible; MJ12bot/v1.4.8; http://mj12bot.com/)"
95.217.195.123 - - [26/Sep/2022:04:35:09 +0200] "GET /-p-25077.html HTTP/1.0" 200 72060 "-" "Mozilla/5.0 (compatible; MJ12bot/v1.4.8; http://mj12bot.com/)"
