75.119.142.113 - - [26/Sep/2022:04:13:17 +0200] "GET /-p-21852.html HTTP/1.0" 200 72060 "-" "Mozilla/5.0 (compatible; MJ12bot/v1.4.8; http://mj12bot.com/)"
95.217.195.123 - - [26/Sep/2022:04:13:19 +0200] "GET /accessories/smokers-items/harley-davidson-zippo-lighter-p-27290.html HTTP/1.0" 301 72307 "-" "Mozilla/5.0 (compatible; MJ12bot/v1.4.8; http://mj12bot.com/)"
94.23.203.202 - - [26/Sep/2022:04:13:21 +0200] "GET /-p-34057.html HTTP/1.0" 200 72060 "-" "Mozilla/5.0 (compatible; MJ12bot/v1.4.8; http://mj12bot.com/)"
94.23.203.202 - - [26/Sep/2022:04:13:26 +0200] "GET /jacquard-anti-stain-tablecloth-red-140-240-cm-p-34056.html HTTP/1.0" 301 72127 "-" "Mozilla/5.0 (compatible; MJ12bot/v1.4.8; http://mj12bot.com/)"
75.119.142.113 - - [26/Sep/2022:04:13:28 +0200] "GET /-p-22569.html HTTP/1.0" 200 72060 "-" "Mozilla/5.0 (compatible; MJ12bot/v1.4.8; http://mj12bot.com/)"
95.217.195.123 - - [26/Sep/2022:04:13:28 +0200] "GET /harley-davidson-zippo-lighter-p-27290.html HTTP/1.0" 200 72211 "-" "Mozilla/5.0 (compatible; MJ12bot/v1.4.8; http://mj12bot.com/)"
94.23.203.202 - - [26/Sep/2022:04:13:29 +0200] "GET /-p-34056.html HTTP/1.0" 200 72060 "-" "Mozilla/5.0 (compatible; MJ12bot/v1.4.8; http://mj12bot.com/)"
87.250.224.188 - - [26/Sep/2022:04:13:31 +0200] "GET /luggages-schoolbags-leather-shop/backpacks/paul-frank-purple-bagpack-p-15108.html HTTP/1.0" 301 72127 "-" "Mozilla/5.0 (compatible; YandexBot/3.0; +http://yandex.com/bots)"
94.23.203.202 - - [26/Sep/2022:04:13:34 +0200] "GET /jacquard-cotton-velvet-towel-170-95-cm-fish-p-45342.html HTTP/1.0" 301 72127 "-" "Mozilla/5.0 (compatible; MJ12bot/v1.4.8; http://mj12bot.com/)"
87.250.224.177 - - [26/Sep/2022:04:13:35 +0200] "GET /-p-15108.html HTTP/1.0" 200 72060 "-" "Mozilla/5.0 (compatible; YandexBot/3.0; +http://yandex.com/bots)"
185.191.171.1 - - [26/Sep/2022:04:13:35 +0200] "GET /small-resin-monkey-statuettes-p-53901.html HTTP/1.0" 200 72170 "-" "Mozilla/5.0 (compatible; SemrushBot/7~bl; +http://www.semrush.com/bot.html)"
75.119.142.113 - - [26/Sep/2022:04:13:36 +0200] "GET /-p-22749.html HTTP/1.0" 200 72060 "-" "Mozilla/5.0 (compatible; MJ12bot/v1.4.8; http://mj12bot.com/)"
94.23.203.202 - - [26/Sep/2022:04:13:37 +0200] "GET /-p-45342.html HTTP/1.0" 200 72060 "-" "Mozilla/5.0 (compatible; MJ12bot/v1.4.8; http://mj12bot.com/)"
95.217.195.123 - - [26/Sep/2022:04:13:41 +0200] "GET /accessories/smokers-items/harley-davidson-zippo-lighter-p-27294.html HTTP/1.0" 301 72307 "-" "Mozilla/5.0 (compatible; MJ12bot/v1.4.8; http://mj12bot.com/)"
94.23.203.202 - - [26/Sep/2022:04:13:41 +0200] "GET /jacquard-cotton-velvet-towel-fish-p-45342.html HTTP/1.0" 301 72127 "-" "Mozilla/5.0 (compatible; MJ12bot/v1.4.8; http://mj12bot.com/)"
94.23.203.202 - - [26/Sep/2022:04:13:45 +0200] "GET /-p-45342.html HTTP/1.0" 200 72060 "-" "Mozilla/5.0 (compatible; MJ12bot/v1.4.8; http://mj12bot.com/)"
75.119.142.113 - - [26/Sep/2022:04:13:49 +0200] "GET /-p-22947.html HTTP/1.0" 200 72060 "-" "Mozilla/5.0 (compatible; MJ12bot/v1.4.8; http://mj12bot.com/)"
94.23.203.202 - - [26/Sep/2022:04:13:51 +0200] "GET /jake-and-the-never-land-pirates-izzy-figure-p-27309.html HTTP/1.0" 301 72127 "-" "Mozilla/5.0 (compatible; MJ12bot/v1.4.8; http://mj12bot.com/)"
95.217.195.123 - - [26/Sep/2022:04:13:51 +0200] "GET /harley-davidson-zippo-lighter-p-27294.html HTTP/1.0" 200 72211 "-" "Mozilla/5.0 (compatible; MJ12bot/v1.4.8; http://mj12bot.com/)"
185.191.171.2 - - [26/Sep/2022:04:13:52 +0200] "GET /white-coat-rack-dream-catchers-wooden-hooks-p-50575.html HTTP/1.0" 200 75521 "-" "Mozilla/5.0 (compatible; SemrushBot/7~bl; +http://www.semrush.com/bot.html)"
94.23.203.202 - - [26/Sep/2022:04:13:54 +0200] "GET /-p-27309.html HTTP/1.0" 200 72060 "-" "Mozilla/5.0 (compatible; MJ12bot/v1.4.8; http://mj12bot.com/)"
94.23.203.202 - - [26/Sep/2022:04:13:58 +0200] "GET /jake-and-the-never-land-pirates-jack-figure-p-27306.html HTTP/1.0" 301 74768 "-" "Mozilla/5.0 (compatible; MJ12bot/v1.4.8; http://mj12bot.com/)"
95.217.195.123 - - [26/Sep/2022:04:14:01 +0200] "GET /accessories/smokers-items/jama%C3%83%C2%AFca-floor-standing-ashtray-p-10955.html HTTP/1.0" 301 72127 "-" "Mozilla/5.0 (compatible; MJ12bot/v1.4.8; http://mj12bot.com/)"
94.23.203.202 - - [26/Sep/2022:04:14:02 +0200] "GET /jake-never-land-pirates-jack-figure-p-27306.html HTTP/1.0" 200 74666 "-" "Mozilla/5.0 (compatible; MJ12bot/v1.4.8; http://mj12bot.com/)"
75.119.142.113 - - [26/Sep/2022:04:14:03 +0200] "GET /-p-22948.html HTTP/1.0" 200 72060 "-" "Mozilla/5.0 (compatible; MJ12bot/v1.4.8; http://mj12bot.com/)"
185.191.171.8 - - [26/Sep/2022:04:14:05 +0200] "GET /kakemono-wooden-multiplication-tables-p-58851.html HTTP/1.0" 200 75456 "-" "Mozilla/5.0 (compatible; SemrushBot/7~bl; +http://www.semrush.com/bot.html)"
94.23.203.202 - - [26/Sep/2022:04:14:07 +0200] "GET /jake-and-the-never-land-pirates-jack-figure-p-27308.html HTTP/1.0" 301 72127 "-" "Mozilla/5.0 (compatible; MJ12bot/v1.4.8; http://mj12bot.com/)"
94.23.203.202 - - [26/Sep/2022:04:14:10 +0200] "GET /-p-27308.html HTTP/1.0" 200 72060 "-" "Mozilla/5.0 (compatible; MJ12bot/v1.4.8; http://mj12bot.com/)"
75.119.142.113 - - [26/Sep/2022:04:14:11 +0200] "GET /-p-23271.html HTTP/1.0" 200 72060 "-" "Mozilla/5.0 (compatible; MJ12bot/v1.4.8; http://mj12bot.com/)"
94.23.203.202 - - [26/Sep/2022:04:14:14 +0200] "GET /jake-and-the-never-land-pirates-tick-82038203tock-croc-fi-p-27312.html HTTP/1.0" 301 72127 "-" "Mozilla/5.0 (compatible; MJ12bot/v1.4.8; http://mj12bot.com/)"
75.119.142.113 - - [26/Sep/2022:04:14:16 +0200] "GET /-p-23455.html HTTP/1.0" 200 72060 "-" "Mozilla/5.0 (compatible; MJ12bot/v1.4.8; http://mj12bot.com/)"
95.217.195.123 - - [26/Sep/2022:04:14:15 +0200] "GET /-p-10955.html HTTP/1.0" 200 72060 "-" "Mozilla/5.0 (compatible; MJ12bot/v1.4.8; http://mj12bot.com/)"
94.23.203.202 - - [26/Sep/2022:04:14:17 +0200] "GET /-p-27312.html HTTP/1.0" 200 72060 "-" "Mozilla/5.0 (compatible; MJ12bot/v1.4.8; http://mj12bot.com/)"
94.23.203.202 - - [26/Sep/2022:04:14:22 +0200] "GET /jake-never-land-pirates-izzy-figure-p-27309.html HTTP/1.0" 301 72127 "-" "Mozilla/5.0 (compatible; MJ12bot/v1.4.8; http://mj12bot.com/)"
75.119.142.113 - - [26/Sep/2022:04:14:25 +0200] "GET /-p-24182.html HTTP/1.0" 200 72060 "-" "Mozilla/5.0 (compatible; MJ12bot/v1.4.8; http://mj12bot.com/)"
54.36.148.137 - - [26/Sep/2022:04:14:25 +0200] "GET /children-wall-sticker-with-name-dream-catcher-p-58840.html HTTP/1.0" 200 75894 "-" "Mozilla/5.0 (compatible; AhrefsBot/7.0; +http://ahrefs.com/robot/)"
94.23.203.202 - - [26/Sep/2022:04:14:26 +0200] "GET /-p-27309.html HTTP/1.0" 200 72060 "-" "Mozilla/5.0 (compatible; MJ12bot/v1.4.8; http://mj12bot.com/)"
95.217.195.123 - - [26/Sep/2022:04:14:26 +0200] "GET /accessories/smokers-items/jama%C3%83%C2%AFca-floor-standing-ashtray-p-10956.html HTTP/1.0" 301 72127 "-" "Mozilla/5.0 (compatible; MJ12bot/v1.4.8; http://mj12bot.com/)"
94.23.203.202 - - [26/Sep/2022:04:14:31 +0200] "GET /jake-never-land-pirates-jack-figure-p-27306.html HTTP/1.0" 200 74666 "-" "Mozilla/5.0 (compatible; MJ12bot/v1.4.8; http://mj12bot.com/)"
94.23.203.202 - - [26/Sep/2022:04:14:35 +0200] "GET /jake-never-land-pirates-tick-82038203tock-croc-p-27312.html HTTP/1.0" 301 72127 "-" "Mozilla/5.0 (compatible; MJ12bot/v1.4.8; http://mj12bot.com/)"
75.119.142.113 - - [26/Sep/2022:04:14:36 +0200] "GET /-p-24282.html HTTP/1.0" 200 72060 "-" "Mozilla/5.0 (compatible; MJ12bot/v1.4.8; http://mj12bot.com/)"
94.23.203.202 - - [26/Sep/2022:04:14:38 +0200] "GET /-p-27312.html HTTP/1.0" 200 72060 "-" "Mozilla/5.0 (compatible; MJ12bot/v1.4.8; http://mj12bot.com/)"
95.217.195.123 - - [26/Sep/2022:04:14:38 +0200] "GET /-p-10956.html HTTP/1.0" 200 72060 "-" "Mozilla/5.0 (compatible; MJ12bot/v1.4.8; http://mj12bot.com/)"
94.23.203.202 - - [26/Sep/2022:04:14:43 +0200] "GET /jamaca-case-lenticulaire-for-iphone-series-p-24226.html HTTP/1.0" 301 77622 "-" "Mozilla/5.0 (compatible; MJ12bot/v1.4.8; http://mj12bot.com/)"
94.23.203.202 - - [26/Sep/2022:04:14:46 +0200] "GET /jamaca-case-lenticulaire-iphone-sries-p-24226.html HTTP/1.0" 200 77518 "-" "Mozilla/5.0 (compatible; MJ12bot/v1.4.8; http://mj12bot.com/)"
95.217.195.123 - - [26/Sep/2022:04:14:47 +0200] "GET /accessories/smokers-items/retro-carmine-ashtray-and-lighter-p-24904.html HTTP/1.0" 301 72127 "-" "Mozilla/5.0 (compatible; MJ12bot/v1.4.8; http://mj12bot.com/)"
75.119.142.113 - - [26/Sep/2022:04:14:48 +0200] "GET /-p-24427.html HTTP/1.0" 200 72060 "-" "Mozilla/5.0 (compatible; MJ12bot/v1.4.8; http://mj12bot.com/)"
75.119.142.113 - - [26/Sep/2022:04:14:51 +0200] "GET /-p-24456.html HTTP/1.0" 200 72060 "-" "Mozilla/5.0 (compatible; MJ12bot/v1.4.8; http://mj12bot.com/)"
94.23.203.202 - - [26/Sep/2022:04:14:52 +0200] "GET /jamaica-animated-lamp-p-16402.html HTTP/1.0" 301 72127 "-" "Mozilla/5.0 (compatible; MJ12bot/v1.4.8; http://mj12bot.com/)"
94.23.203.202 - - [26/Sep/2022:04:14:56 +0200] "GET /-p-16402.html HTTP/1.0" 200 72060 "-" "Mozilla/5.0 (compatible; MJ12bot/v1.4.8; http://mj12bot.com/)"
75.119.142.113 - - [26/Sep/2022:04:14:57 +0200] "GET /-p-24771.html HTTP/1.0" 200 72060 "-" "Mozilla/5.0 (compatible; MJ12bot/v1.4.8; http://mj12bot.com/)"
94.23.203.202 - - [26/Sep/2022:04:15:00 +0200] "GET /jamaica-mouse-p-19554.html HTTP/1.0" 200 74743 "-" "Mozilla/5.0 (compatible; MJ12bot/v1.4.8; http://mj12bot.com/)"
95.217.195.123 - - [26/Sep/2022:04:15:02 +0200] "GET /-p-24904.html HTTP/1.0" 200 72060 "-" "Mozilla/5.0 (compatible; MJ12bot/v1.4.8; http://mj12bot.com/)"
94.23.203.202 - - [26/Sep/2022:04:15:07 +0200] "GET /jamaica-mouse-pad-p-19554.html HTTP/1.0" 301 74823 "-" "Mozilla/5.0 (compatible; MJ12bot/v1.4.8; http://mj12bot.com/)"
75.119.142.113 - - [26/Sep/2022:04:15:08 +0200] "GET /-p-24773.html HTTP/1.0" 200 72060 "-" "Mozilla/5.0 (compatible; MJ12bot/v1.4.8; http://mj12bot.com/)"
94.23.203.202 - - [26/Sep/2022:04:15:10 +0200] "GET /jamaica-mouse-p-19554.html HTTP/1.0" 200 74743 "-" "Mozilla/5.0 (compatible; MJ12bot/v1.4.8; http://mj12bot.com/)"
185.191.171.7 - - [26/Sep/2022:04:15:10 +0200] "GET /cotton-bath-mastic-p-47262.html HTTP/1.0" 200 72138 "-" "Mozilla/5.0 (compatible; SemrushBot/7~bl; +http://www.semrush.com/bot.html)"
94.23.203.202 - - [26/Sep/2022:04:15:15 +0200] "GET /james-dean-mirror-p-21285.html HTTP/1.0" 301 72127 "-" "Mozilla/5.0 (compatible; MJ12bot/v1.4.8; http://mj12bot.com/)"
95.217.195.123 - - [26/Sep/2022:04:15:17 +0200] "GET /accessories/smokers-items/route-black-zippo-lighter-p-22402.html HTTP/1.0" 301 72286 "-" "Mozilla/5.0 (compatible; MJ12bot/v1.4.8; http://mj12bot.com/)"
94.23.203.202 - - [26/Sep/2022:04:15:19 +0200] "GET /-p-21285.html HTTP/1.0" 200 72060 "-" "Mozilla/5.0 (compatible; MJ12bot/v1.4.8; http://mj12bot.com/)"
75.119.142.113 - - [26/Sep/2022:04:15:22 +0200] "GET /-p-24814.html HTTP/1.0" 200 72060 "-" "Mozilla/5.0 (compatible; MJ12bot/v1.4.8; http://mj12bot.com/)"
95.217.195.123 - - [26/Sep/2022:04:15:23 +0200] "GET /route-black-zippo-lighter-p-22402.html HTTP/1.0" 200 72194 "-" "Mozilla/5.0 (compatible; MJ12bot/v1.4.8; http://mj12bot.com/)"
94.23.203.202 - - [26/Sep/2022:04:15:23 +0200] "GET /james-dean-rebel-metal-plate-p-8163.html HTTP/1.0" 200 72189 "-" "Mozilla/5.0 (compatible; MJ12bot/v1.4.8; http://mj12bot.com/)"
94.23.203.202 - - [26/Sep/2022:04:15:29 +0200] "GET /jasmin-make-pouch-nova-p-43161.html HTTP/1.0" 301 72127 "-" "Mozilla/5.0 (compatible; MJ12bot/v1.4.8; http://mj12bot.com/)"
75.119.142.113 - - [26/Sep/2022:04:15:30 +0200] "GET /-p-25077.html HTTP/1.0" 200 72060 "-" "Mozilla/5.0 (compatible; MJ12bot/v1.4.8; http://mj12bot.com/)"
94.23.203.202 - - [26/Sep/2022:04:15:32 +0200] "GET /-p-43161.html HTTP/1.0" 200 72060 "-" "Mozilla/5.0 (compatible; MJ12bot/v1.4.8; http://mj12bot.com/)"
95.217.195.123 - - [26/Sep/2022:04:15:33 +0200] "GET /accessories/smokers-items/route-gazoline-floor-standing-ashtray-p-16801.html HTTP/1.0" 301 72127 "-" "Mozilla/5.0 (compatible; MJ12bot/v1.4.8; http://mj12bot.com/)"
66.249.65.166 - - [26/Sep/2022:04:15:38 +0200] "GET /images/big_prod/3700516262103.jpg HTTP/1.0" 200 268 "-" "Googlebot-Image/1.0"
94.23.203.202 - - [26/Sep/2022:04:15:38 +0200] "GET /jasmin-make-pouch-p-29429.html HTTP/1.0" 301 72127 "-" "Mozilla/5.0 (compatible; MJ12bot/v1.4.8; http://mj12bot.com/)"
75.119.142.113 - - [26/Sep/2022:04:15:40 +0200] "GET /-p-25220.html HTTP/1.0" 200 72060 "-" "Mozilla/5.0 (compatible; MJ12bot/v1.4.8; http://mj12bot.com/)"
94.23.203.202 - - [26/Sep/2022:04:15:42 +0200] "GET /-p-29429.html HTTP/1.0" 200 72060 "-" "Mozilla/5.0 (compatible; MJ12bot/v1.4.8; http://mj12bot.com/)"
95.217.195.123 - - [26/Sep/2022:04:15:45 +0200] "GET /-p-16801.html HTTP/1.0" 200 72060 "-" "Mozilla/5.0 (compatible; MJ12bot/v1.4.8; http://mj12bot.com/)"
94.23.203.202 - - [26/Sep/2022:04:15:47 +0200] "GET /jasmin-make-pouch-p-29430.html HTTP/1.0" 301 72127 "-" "Mozilla/5.0 (compatible; MJ12bot/v1.4.8; http://mj12bot.com/)"
75.119.142.113 - - [26/Sep/2022:04:15:50 +0200] "GET /-p-25400.html HTTP/1.0" 200 72060 "-" "Mozilla/5.0 (compatible; MJ12bot/v1.4.8; http://mj12bot.com/)"
94.23.203.202 - - [26/Sep/2022:04:15:50 +0200] "GET /-p-29430.html HTTP/1.0" 200 72060 "-" "Mozilla/5.0 (compatible; MJ12bot/v1.4.8; http://mj12bot.com/)"
95.217.195.123 - - [26/Sep/2022:04:15:53 +0200] "GET /accessories/smokers-items/sons-anarchy-zippo-lighter-p-27300.html HTTP/1.0" 301 72283 "-" "Mozilla/5.0 (compatible; MJ12bot/v1.4.8; http://mj12bot.com/)"
94.23.203.202 - - [26/Sep/2022:04:15:55 +0200] "GET /jasmin-make-pouch-p-31595.html HTTP/1.0" 301 72127 "-" "Mozilla/5.0 (compatible; MJ12bot/v1.4.8; http://mj12bot.com/)"
94.23.203.202 - - [26/Sep/2022:04:15:59 +0200] "GET /-p-31595.html HTTP/1.0" 200 72060 "-" "Mozilla/5.0 (compatible; MJ12bot/v1.4.8; http://mj12bot.com/)"
95.217.195.123 - - [26/Sep/2022:04:16:02 +0200] "GET /sons-anarchy-zippo-lighter-p-27300.html HTTP/1.0" 200 72190 "-" "Mozilla/5.0 (compatible; MJ12bot/v1.4.8; http://mj12bot.com/)"
75.119.142.113 - - [26/Sep/2022:04:16:02 +0200] "GET /-p-25401.html HTTP/1.0" 200 72060 "-" "Mozilla/5.0 (compatible; MJ12bot/v1.4.8; http://mj12bot.com/)"
94.23.203.202 - - [26/Sep/2022:04:16:03 +0200] "GET /je-finis-ma-biere-shirt-p-29578.html HTTP/1.0" 301 72127 "-" "Mozilla/5.0 (compatible; MJ12bot/v1.4.8; http://mj12bot.com/)"
185.191.171.21 - - [26/Sep/2022:04:16:04 +0200] "GET /collectible-figurines-decorative-c-13_135.html?page=6 HTTP/1.0" 200 97257 "-" "Mozilla/5.0 (compatible; SemrushBot/7~bl; +http://www.semrush.com/bot.html)"
94.23.203.202 - - [26/Sep/2022:04:16:08 +0200] "GET /-p-29578.html HTTP/1.0" 200 72060 "-" "Mozilla/5.0 (compatible; MJ12bot/v1.4.8; http://mj12bot.com/)"
54.36.148.181 - - [26/Sep/2022:04:16:11 +0200] "GET /children-wall-sticker-with-name-forest-animals-p-58838.html HTTP/1.0" 200 75904 "-" "Mozilla/5.0 (compatible; AhrefsBot/7.0; +http://ahrefs.com/robot/)"
34.221.143.19 - - [26/Sep/2022:04:16:13 +0200] "GET /images/big_prod_1/8424001544387B.jpg HTTP/1.0" 200 271 "-" "Mozilla/5.0 (X11; Ubuntu; Linux x86_64; rv:72.0) Gecko/20100101 Firefox/72.0"
95.217.195.123 - - [26/Sep/2022:04:16:12 +0200] "GET /accessories/smokers-items/square-glass-ashtray-betty-boop-p-15468.html HTTP/1.0" 301 75313 "-" "Mozilla/5.0 (compatible; MJ12bot/v1.4.8; http://mj12bot.com/)"
94.23.203.202 - - [26/Sep/2022:04:16:13 +0200] "GET /je-reflechis-black-shirt-p-30071.html HTTP/1.0" 301 72253 "-" "Mozilla/5.0 (compatible; MJ12bot/v1.4.8; http://mj12bot.com/)"
54.36.149.57 - - [26/Sep/2022:04:16:15 +0200] "GET /images/big_prod_1/3700281666977B.jpg HTTP/1.0" 200 271 "-" "Mozilla/5.0 (compatible; AhrefsBot/7.0; +http://ahrefs.com/robot/)"
75.119.142.113 - - [26/Sep/2022:04:16:14 +0200] "GET /-p-25402.html HTTP/1.0" 200 72060 "-" "Mozilla/5.0 (compatible; MJ12bot/v1.4.8; http://mj12bot.com/)"
54.36.148.141 - - [26/Sep/2022:04:16:16 +0200] "GET /images/big_prod/3700281666977.jpg HTTP/1.0" 200 268 "-" "Mozilla/5.0 (compatible; AhrefsBot/7.0; +http://ahrefs.com/robot/)"
94.23.203.202 - - [26/Sep/2022:04:16:16 +0200] "GET /rflchis-black-shirt-p-30071.html HTTP/1.0" 200 72167 "-" "Mozilla/5.0 (compatible; MJ12bot/v1.4.8; http://mj12bot.com/)"
94.23.203.202 - - [26/Sep/2022:04:16:20 +0200] "GET /je-reflechis-shirt-p-29579.html HTTP/1.0" 301 72127 "-" "Mozilla/5.0 (compatible; MJ12bot/v1.4.8; http://mj12bot.com/)"
95.217.195.123 - - [26/Sep/2022:04:16:22 +0200] "GET /betty-boop-ashtray-p-15468.html HTTP/1.0" 200 75228 "-" "Mozilla/5.0 (compatible; MJ12bot/v1.4.8; http://mj12bot.com/)"
75.119.142.113 - - [26/Sep/2022:04:16:23 +0200] "GET /-p-25403.html HTTP/1.0" 200 72060 "-" "Mozilla/5.0 (compatible; MJ12bot/v1.4.8; http://mj12bot.com/)"
94.23.203.202 - - [26/Sep/2022:04:16:23 +0200] "GET /-p-29579.html HTTP/1.0" 200 72060 "-" "Mozilla/5.0 (compatible; MJ12bot/v1.4.8; http://mj12bot.com/)"
94.23.203.202 - - [26/Sep/2022:04:16:28 +0200] "GET /je-reflechis-shirt-size-p-20387.html HTTP/1.0" 301 72127 "-" "Mozilla/5.0 (compatible; MJ12bot/v1.4.8; http://mj12bot.com/)"
185.191.171.2 - - [26/Sep/2022:04:16:28 +0200] "GET /-p-36018.html HTTP/1.0" 200 72060 "-" "Mozilla/5.0 (compatible; SemrushBot/7~bl; +http://www.semrush.com/bot.html)"
95.217.195.123 - - [26/Sep/2022:04:16:30 +0200] "GET /accessories/smokers-items/yellow-cigarette-machine-peace-and-love-p-14143.html HTTP/1.0" 301 72127 "-" "Mozilla/5.0 (compatible; MJ12bot/v1.4.8; http://mj12bot.com/)"
94.23.203.202 - - [26/Sep/2022:04:16:31 +0200] "GET /-p-20387.html HTTP/1.0" 200 72060 "-" "Mozilla/5.0 (compatible; MJ12bot/v1.4.8; http://mj12bot.com/)"
185.191.171.43 - - [26/Sep/2022:04:16:32 +0200] "GET /embossed-metal-plate-p-56761.html HTTP/1.0" 200 75333 "-" "Mozilla/5.0 (compatible; SemrushBot/7~bl; +http://www.semrush.com/bot.html)"
75.119.142.113 - - [26/Sep/2022:04:16:32 +0200] "GET /-p-25404.html HTTP/1.0" 200 72060 "-" "Mozilla/5.0 (compatible; MJ12bot/v1.4.8; http://mj12bot.com/)"
94.23.203.202 - - [26/Sep/2022:04:16:36 +0200] "GET /je-reflechis-sports-bag-p-21033.html HTTP/1.0" 301 72127 "-" "Mozilla/5.0 (compatible; MJ12bot/v1.4.8; http://mj12bot.com/)"
75.119.142.113 - - [26/Sep/2022:04:16:40 +0200] "GET /-p-25407.html HTTP/1.0" 200 72060 "-" "Mozilla/5.0 (compatible; MJ12bot/v1.4.8; http://mj12bot.com/)"
94.23.203.202 - - [26/Sep/2022:04:16:40 +0200] "GET /-p-21033.html HTTP/1.0" 200 72060 "-" "Mozilla/5.0 (compatible; MJ12bot/v1.4.8; http://mj12bot.com/)"
185.191.171.12 - - [26/Sep/2022:04:16:41 +0200] "GET /ginkgo-espresso-p-56487.html HTTP/1.0" 200 74703 "-" "Mozilla/5.0 (compatible; SemrushBot/7~bl; +http://www.semrush.com/bot.html)"
95.217.195.123 - - [26/Sep/2022:04:16:42 +0200] "GET /-p-14143.html HTTP/1.0" 200 72060 "-" "Mozilla/5.0 (compatible; MJ12bot/v1.4.8; http://mj12bot.com/)"
94.23.203.202 - - [26/Sep/2022:04:16:44 +0200] "GET /jessica-rabbit-disney-traditions-figure-collection-p-17861.html HTTP/1.0" 301 72127 "-" "Mozilla/5.0 (compatible; MJ12bot/v1.4.8; http://mj12bot.com/)"
75.119.142.113 - - [26/Sep/2022:04:16:47 +0200] "GET /-p-25552.html HTTP/1.0" 200 72060 "-" "Mozilla/5.0 (compatible; MJ12bot/v1.4.8; http://mj12bot.com/)"
94.23.203.202 - - [26/Sep/2022:04:16:48 +0200] "GET /-p-17861.html HTTP/1.0" 200 72060 "-" "Mozilla/5.0 (compatible; MJ12bot/v1.4.8; http://mj12bot.com/)"
95.217.195.123 - - [26/Sep/2022:04:16:49 +0200] "GET /accessories/umbrellas-c-3_16.html HTTP/1.0" 301 93201 "-" "Mozilla/5.0 (compatible; MJ12bot/v1.4.8; http://mj12bot.com/)"
94.23.203.202 - - [26/Sep/2022:04:16:54 +0200] "GET /jessica-rabbit-figure-collection-p-30666.html HTTP/1.0" 301 72127 "-" "Mozilla/5.0 (compatible; MJ12bot/v1.4.8; http://mj12bot.com/)"
75.119.142.113 - - [26/Sep/2022:04:16:55 +0200] "GET /-p-25554.html HTTP/1.0" 200 72060 "-" "Mozilla/5.0 (compatible; MJ12bot/v1.4.8; http://mj12bot.com/)"
94.23.203.202 - - [26/Sep/2022:04:16:57 +0200] "GET /-p-30666.html HTTP/1.0" 200 72060 "-" "Mozilla/5.0 (compatible; MJ12bot/v1.4.8; http://mj12bot.com/)"
95.217.195.123 - - [26/Sep/2022:04:17:00 +0200] "GET /umbrellas-c-16.html HTTP/1.0" 301 93098 "-" "Mozilla/5.0 (compatible; MJ12bot/v1.4.8; http://mj12bot.com/)"
94.23.203.202 - - [26/Sep/2022:04:17:00 +0200] "GET /jeux-vido-ruin-black-shirt-p-30072.html HTTP/1.0" 200 76052 "-" "Mozilla/5.0 (compatible; MJ12bot/v1.4.8; http://mj12bot.com/)"
66.249.65.166 - - [26/Sep/2022:04:17:01 +0200] "GET /panda-cushion-xl-p-28911.html HTTP/1.0" 301 74815 "-" "Mozilla/5.0 (Linux; Android 6.0.1; Nexus 5X Build/MMB29P) AppleWebKit/537.36 (KHTML, like Gecko) Chrome/105.0.5195.125 Mobile Safari/537.36 (compatible; Googlebot/2.1; +http://www.google.com/bot.html)"
66.249.65.168 - - [26/Sep/2022:04:17:04 +0200] "GET /panda-cushion-p-28911.html HTTP/1.0" 200 74735 "-" "Mozilla/5.0 (Linux; Android 6.0.1; Nexus 5X Build/MMB29P) AppleWebKit/537.36 (KHTML, like Gecko) Chrome/105.0.5195.125 Mobile Safari/537.36 (compatible; Googlebot/2.1; +http://www.google.com/bot.html)"
94.23.203.202 - - [26/Sep/2022:04:17:06 +0200] "GET /jiminy-cricket-by-britto-keyring-p-20777.html HTTP/1.0" 301 72127 "-" "Mozilla/5.0 (compatible; MJ12bot/v1.4.8; http://mj12bot.com/)"
75.119.142.113 - - [26/Sep/2022:04:17:07 +0200] "GET /-p-25555.html HTTP/1.0" 200 72060 "-" "Mozilla/5.0 (compatible; MJ12bot/v1.4.8; http://mj12bot.com/)"
94.23.203.202 - - [26/Sep/2022:04:17:09 +0200] "GET /-p-20777.html HTTP/1.0" 200 72060 "-" "Mozilla/5.0 (compatible; MJ12bot/v1.4.8; http://mj12bot.com/)"
95.217.195.123 - - [26/Sep/2022:04:17:11 +0200] "GET /umbrellas-c-31_16.html HTTP/1.0" 200 93180 "-" "Mozilla/5.0 (compatible; MJ12bot/v1.4.8; http://mj12bot.com/)"
94.23.203.202 - - [26/Sep/2022:04:17:14 +0200] "GET /jiminy-cricket-figure-collection-by-romero-britto-p-20313.html HTTP/1.0" 301 72350 "-" "Mozilla/5.0 (compatible; MJ12bot/v1.4.8; http://mj12bot.com/)"
185.191.171.1 - - [26/Sep/2022:04:17:16 +0200] "GET /angel-figurine-love-p-58772.html?action=add_product HTTP/1.0" 302 476 "-" "Mozilla/5.0 (compatible; SemrushBot/7~bl; +http://www.semrush.com/bot.html)"
106.53.124.110 - - [26/Sep/2022:04:17:17 +0200] "GET /images/mini_prod/3681644302094.jpg HTTP/1.0" 200 269 "-" "Mozilla/5.0 (X11; Ubuntu; Linux x86_64; rv:72.0) Gecko/20100101 Firefox/72.0"
163.220.128.41 - - [26/Sep/2022:04:17:19 +0200] "GET /images/mini_prod/3453131143189.jpg HTTP/1.0" 200 269 "-" "Mozilla/5.0 (X11; Ubuntu; Linux x86_64; rv:72.0) Gecko/20100101 Firefox/72.0"
94.23.203.202 - - [26/Sep/2022:04:17:18 +0200] "GET /jiminy-cricket-figure-collection-romro-britto-p-20313.html HTTP/1.0" 200 72238 "-" "Mozilla/5.0 (compatible; MJ12bot/v1.4.8; http://mj12bot.com/)"
75.119.142.113 - - [26/Sep/2022:04:17:19 +0200] "GET /-p-25557.html HTTP/1.0" 200 72060 "-" "Mozilla/5.0 (compatible; MJ12bot/v1.4.8; http://mj12bot.com/)"
95.217.195.123 - - [26/Sep/2022:04:17:18 +0200] "GET /accessories/umbrellas/bee-umbrella-p-28771.html HTTP/1.0" 301 72127 "-" "Mozilla/5.0 (compatible; MJ12bot/v1.4.8; http://mj12bot.com/)"
94.23.203.202 - - [26/Sep/2022:04:17:21 +0200] "GET /jiminy-cricket-figure-collection-romro-britto-p-20313.html HTTP/1.0" 200 72238 "-" "Mozilla/5.0 (compatible; MJ12bot/v1.4.8; http://mj12bot.com/)"
94.23.203.202 - - [26/Sep/2022:04:17:25 +0200] "GET /johnny-hallyday-cushion-p-7852.html HTTP/1.0" 301 72124 "-" "Mozilla/5.0 (compatible; MJ12bot/v1.4.8; http://mj12bot.com/)"
75.119.142.113 - - [26/Sep/2022:04:17:27 +0200] "GET /-p-25562.html HTTP/1.0" 200 72060 "-" "Mozilla/5.0 (compatible; MJ12bot/v1.4.8; http://mj12bot.com/)"
94.23.203.202 - - [26/Sep/2022:04:17:29 +0200] "GET /-p-7852.html HTTP/1.0" 200 72058 "-" "Mozilla/5.0 (compatible; MJ12bot/v1.4.8; http://mj12bot.com/)"
95.217.195.123 - - [26/Sep/2022:04:17:31 +0200] "GET /-p-28771.html HTTP/1.0" 200 72060 "-" "Mozilla/5.0 (compatible; MJ12bot/v1.4.8; http://mj12bot.com/)"
94.23.203.202 - - [26/Sep/2022:04:17:34 +0200] "GET /johnny-hallyday-cushion-p-7854.html HTTP/1.0" 301 72124 "-" "Mozilla/5.0 (compatible; MJ12bot/v1.4.8; http://mj12bot.com/)"
94.23.203.202 - - [26/Sep/2022:04:17:37 +0200] "GET /-p-7854.html HTTP/1.0" 200 72058 "-" "Mozilla/5.0 (compatible; MJ12bot/v1.4.8; http://mj12bot.com/)"
95.217.195.123 - - [26/Sep/2022:04:17:38 +0200] "GET /accessories/umbrellas/cars-umbrella-p-20503.html HTTP/1.0" 301 72127 "-" "Mozilla/5.0 (compatible; MJ12bot/v1.4.8; http://mj12bot.com/)"
75.119.142.113 - - [26/Sep/2022:04:17:38 +0200] "GET /-p-25564.html HTTP/1.0" 200 72060 "-" "Mozilla/5.0 (compatible; MJ12bot/v1.4.8; http://mj12bot.com/)"
94.23.203.202 - - [26/Sep/2022:04:17:41 +0200] "GET /johnny-hallyday-cushion-p-7855.html HTTP/1.0" 301 72124 "-" "Mozilla/5.0 (compatible; MJ12bot/v1.4.8; http://mj12bot.com/)"
185.191.171.36 - - [26/Sep/2022:04:17:42 +0200] "GET /harley-davidson-genuine-large-metal-plate-p-12551.html HTTP/1.0" 200 74829 "-" "Mozilla/5.0 (compatible; SemrushBot/7~bl; +http://www.semrush.com/bot.html)"
185.191.171.9 - - [26/Sep/2022:04:17:45 +0200] "GET /pooh-piglet-heart-figurine-p-44596.html HTTP/1.0" 200 75450 "-" "Mozilla/5.0 (compatible; SemrushBot/7~bl; +http://www.semrush.com/bot.html)"
94.23.203.202 - - [26/Sep/2022:04:17:45 +0200] "GET /-p-7855.html HTTP/1.0" 200 72058 "-" "Mozilla/5.0 (compatible; MJ12bot/v1.4.8; http://mj12bot.com/)"
95.217.195.123 - - [26/Sep/2022:04:17:47 +0200] "GET /-p-20503.html HTTP/1.0" 200 72060 "-" "Mozilla/5.0 (compatible; MJ12bot/v1.4.8; http://mj12bot.com/)"
75.119.142.113 - - [26/Sep/2022:04:17:49 +0200] "GET /-p-25568.html HTTP/1.0" 200 72060 "-" "Mozilla/5.0 (compatible; MJ12bot/v1.4.8; http://mj12bot.com/)"
54.36.148.241 - - [26/Sep/2022:04:17:50 +0200] "GET /children-wall-sticker-with-name-moon-stars-p-58841.html HTTP/1.0" 200 75864 "-" "Mozilla/5.0 (compatible; AhrefsBot/7.0; +http://ahrefs.com/robot/)"
94.23.203.202 - - [26/Sep/2022:04:17:51 +0200] "GET /johnny-hallyday-cushion-p-7857.html HTTP/1.0" 301 72124 "-" "Mozilla/5.0 (compatible; MJ12bot/v1.4.8; http://mj12bot.com/)"
216.244.66.242 - - [26/Sep/2022:04:17:54 +0200] "GET /robots.txt HTTP/1.0" 200 245 "-" "Mozilla/5.0 (compatible; DotBot/1.2; +https://opensiteexplorer.org/dotbot; help@moz.com)"
94.23.203.202 - - [26/Sep/2022:04:17:53 +0200] "GET /-p-7857.html HTTP/1.0" 200 72058 "-" "Mozilla/5.0 (compatible; MJ12bot/v1.4.8; http://mj12bot.com/)"
95.217.195.123 - - [26/Sep/2022:04:17:55 +0200] "GET /accessories/umbrellas/cars-umbrella-p-20623.html HTTP/1.0" 301 72127 "-" "Mozilla/5.0 (compatible; MJ12bot/v1.4.8; http://mj12bot.com/)"
94.23.203.202 - - [26/Sep/2022:04:17:59 +0200] "GET /johnny-hallyday-figure-28-cm-p-19528.html HTTP/1.0" 301 72127 "-" "Mozilla/5.0 (compatible; MJ12bot/v1.4.8; http://mj12bot.com/)"
75.119.142.113 - - [26/Sep/2022:04:18:00 +0200] "GET /-p-26090.html HTTP/1.0" 200 72060 "-" "Mozilla/5.0 (compatible; MJ12bot/v1.4.8; http://mj12bot.com/)"
94.23.203.202 - - [26/Sep/2022:04:18:02 +0200] "GET /-p-19528.html HTTP/1.0" 200 72060 "-" "Mozilla/5.0 (compatible; MJ12bot/v1.4.8; http://mj12bot.com/)"
95.217.195.123 - - [26/Sep/2022:04:18:02 +0200] "GET /-p-20623.html HTTP/1.0" 200 72060 "-" "Mozilla/5.0 (compatible; MJ12bot/v1.4.8; http://mj12bot.com/)"
94.23.203.202 - - [26/Sep/2022:04:18:06 +0200] "GET /johnny-hallyday-grey-cigarettes-case-and-lighter-p-31929.html HTTP/1.0" 301 72127 "-" "Mozilla/5.0 (compatible; MJ12bot/v1.4.8; http://mj12bot.com/)"
94.23.203.202 - - [26/Sep/2022:04:18:10 +0200] "GET /-p-31929.html HTTP/1.0" 200 72060 "-" "Mozilla/5.0 (compatible; MJ12bot/v1.4.8; http://mj12bot.com/)"
75.119.142.113 - - [26/Sep/2022:04:18:11 +0200] "GET /-p-26324.html HTTP/1.0" 200 72060 "-" "Mozilla/5.0 (compatible; MJ12bot/v1.4.8; http://mj12bot.com/)"
95.217.195.123 - - [26/Sep/2022:04:18:13 +0200] "GET /accessories/umbrellas/cow-umbrella-p-28779.html HTTP/1.0" 301 72127 "-" "Mozilla/5.0 (compatible; MJ12bot/v1.4.8; http://mj12bot.com/)"
94.23.203.202 - - [26/Sep/2022:04:18:14 +0200] "GET /johnny-hallyday-guitar-photo-frame-p-32864.html HTTP/1.0" 301 72127 "-" "Mozilla/5.0 (compatible; MJ12bot/v1.4.8; http://mj12bot.com/)"
75.119.142.113 - - [26/Sep/2022:04:18:18 +0200] "GET /-p-26325.html HTTP/1.0" 200 72060 "-" "Mozilla/5.0 (compatible; MJ12bot/v1.4.8; http://mj12bot.com/)"
94.23.203.202 - - [26/Sep/2022:04:18:19 +0200] "GET /-p-32864.html HTTP/1.0" 200 72060 "-" "Mozilla/5.0 (compatible; MJ12bot/v1.4.8; http://mj12bot.com/)"
95.217.195.123 - - [26/Sep/2022:04:18:22 +0200] "GET /-p-28779.html HTTP/1.0" 200 72060 "-" "Mozilla/5.0 (compatible; MJ12bot/v1.4.8; http://mj12bot.com/)"
94.23.203.202 - - [26/Sep/2022:04:18:24 +0200] "GET /johnny-hallyday-johnny-led-flashlight-p-17470.html HTTP/1.0" 301 72127 "-" "Mozilla/5.0 (compatible; MJ12bot/v1.4.8; http://mj12bot.com/)"
75.119.142.113 - - [26/Sep/2022:04:18:27 +0200] "GET /-p-26326.html HTTP/1.0" 200 72060 "-" "Mozilla/5.0 (compatible; MJ12bot/v1.4.8; http://mj12bot.com/)"
94.23.203.202 - - [26/Sep/2022:04:18:27 +0200] "GET /-p-17470.html HTTP/1.0" 200 72060 "-" "Mozilla/5.0 (compatible; MJ12bot/v1.4.8; http://mj12bot.com/)"
95.217.195.123 - - [26/Sep/2022:04:18:31 +0200] "GET /accessories/umbrellas/dora-the-explorer-umbrella-p-14346.html HTTP/1.0" 301 72127 "-" "Mozilla/5.0 (compatible; MJ12bot/v1.4.8; http://mj12bot.com/)"
94.23.203.202 - - [26/Sep/2022:04:18:33 +0200] "GET /johnny-hallyday-lamp-p-20651.html HTTP/1.0" 301 72127 "-" "Mozilla/5.0 (compatible; MJ12bot/v1.4.8; http://mj12bot.com/)"
185.191.171.39 - - [26/Sep/2022:04:18:33 +0200] "GET /-p-17262.html HTTP/1.0" 200 72060 "-" "Mozilla/5.0 (compatible; SemrushBot/7~bl; +http://www.semrush.com/bot.html)"
75.119.142.113 - - [26/Sep/2022:04:18:36 +0200] "GET /-p-26723.html HTTP/1.0" 200 72060 "-" "Mozilla/5.0 (compatible; MJ12bot/v1.4.8; http://mj12bot.com/)"
94.23.203.202 - - [26/Sep/2022:04:18:36 +0200] "GET /-p-20651.html HTTP/1.0" 200 72060 "-" "Mozilla/5.0 (compatible; MJ12bot/v1.4.8; http://mj12bot.com/)"
95.217.195.123 - - [26/Sep/2022:04:18:40 +0200] "GET /-p-14346.html HTTP/1.0" 200 72060 "-" "Mozilla/5.0 (compatible; MJ12bot/v1.4.8; http://mj12bot.com/)"
75.119.142.113 - - [26/Sep/2022:04:18:40 +0200] "GET /-p-26758.html HTTP/1.0" 200 72060 "-" "Mozilla/5.0 (compatible; MJ12bot/v1.4.8; http://mj12bot.com/)"
94.23.203.202 - - [26/Sep/2022:04:18:41 +0200] "GET /johnny-hallyday-lamp-p-20653.html HTTP/1.0" 301 72127 "-" "Mozilla/5.0 (compatible; MJ12bot/v1.4.8; http://mj12bot.com/)"
185.191.171.38 - - [26/Sep/2022:04:18:43 +0200] "GET /bamboo-fiber-plant-cover-p-57460.html HTTP/1.0" 200 75331 "-" "Mozilla/5.0 (compatible; SemrushBot/7~bl; +http://www.semrush.com/bot.html)"
94.23.203.202 - - [26/Sep/2022:04:18:44 +0200] "GET /-p-20653.html HTTP/1.0" 200 72060 "-" "Mozilla/5.0 (compatible; MJ12bot/v1.4.8; http://mj12bot.com/)"
75.119.142.113 - - [26/Sep/2022:04:18:49 +0200] "GET /-p-26828.html HTTP/1.0" 200 72060 "-" "Mozilla/5.0 (compatible; MJ12bot/v1.4.8; http://mj12bot.com/)"
95.217.195.123 - - [26/Sep/2022:04:18:50 +0200] "GET /accessories/umbrellas/frog-umbrella-p-28774.html HTTP/1.0" 301 72127 "-" "Mozilla/5.0 (compatible; MJ12bot/v1.4.8; http://mj12bot.com/)"
94.23.203.202 - - [26/Sep/2022:04:18:50 +0200] "GET /johnny-hallyday-lamp-p-6728.html HTTP/1.0" 301 72124 "-" "Mozilla/5.0 (compatible; MJ12bot/v1.4.8; http://mj12bot.com/)"
94.23.203.202 - - [26/Sep/2022:04:18:55 +0200] "GET /-p-6728.html HTTP/1.0" 200 72058 "-" "Mozilla/5.0 (compatible; MJ12bot/v1.4.8; http://mj12bot.com/)"
75.119.142.113 - - [26/Sep/2022:04:18:57 +0200] "GET /-p-27040.html HTTP/1.0" 200 72060 "-" "Mozilla/5.0 (compatible; MJ12bot/v1.4.8; http://mj12bot.com/)"
94.23.203.202 - - [26/Sep/2022:04:19:00 +0200] "GET /johnny-hallyday-lamp-p-8616.html HTTP/1.0" 301 72124 "-" "Mozilla/5.0 (compatible; MJ12bot/v1.4.8; http://mj12bot.com/)"
95.217.195.123 - - [26/Sep/2022:04:19:03 +0200] "GET /-p-28774.html HTTP/1.0" 200 72060 "-" "Mozilla/5.0 (compatible; MJ12bot/v1.4.8; http://mj12bot.com/)"
94.23.203.202 - - [26/Sep/2022:04:19:04 +0200] "GET /-p-8616.html HTTP/1.0" 200 72058 "-" "Mozilla/5.0 (compatible; MJ12bot/v1.4.8; http://mj12bot.com/)"
95.217.195.123 - - [26/Sep/2022:04:19:09 +0200] "GET /accessories/umbrellas/hello-kitty-adult-grey-umbrella-p-20504.html HTTP/1.0" 301 72127 "-" "Mozilla/5.0 (compatible; MJ12bot/v1.4.8; http://mj12bot.com/)"
75.119.142.113 - - [26/Sep/2022:04:19:09 +0200] "GET /-p-27198.html HTTP/1.0" 200 72060 "-" "Mozilla/5.0 (compatible; MJ12bot/v1.4.8; http://mj12bot.com/)"
94.23.203.202 - - [26/Sep/2022:04:19:10 +0200] "GET /johnny-hallyday-mobile-sock-p-32870.html HTTP/1.0" 301 72127 "-" "Mozilla/5.0 (compatible; MJ12bot/v1.4.8; http://mj12bot.com/)"
94.23.203.202 - - [26/Sep/2022:04:19:14 +0200] "GET /-p-32870.html HTTP/1.0" 200 72060 "-" "Mozilla/5.0 (compatible; MJ12bot/v1.4.8; http://mj12bot.com/)"
95.217.195.123 - - [26/Sep/2022:04:19:18 +0200] "GET /-p-20504.html HTTP/1.0" 200 72060 "-" "Mozilla/5.0 (compatible; MJ12bot/v1.4.8; http://mj12bot.com/)"
75.119.142.113 - - [26/Sep/2022:04:19:19 +0200] "GET /-p-27308.html HTTP/1.0" 200 72060 "-" "Mozilla/5.0 (compatible; MJ12bot/v1.4.8; http://mj12bot.com/)"
94.23.203.202 - - [26/Sep/2022:04:19:19 +0200] "GET /johnny-hallyday-mobile-sock-p-32871.html HTTP/1.0" 301 72127 "-" "Mozilla/5.0 (compatible; MJ12bot/v1.4.8; http://mj12bot.com/)"
94.23.203.202 - - [26/Sep/2022:04:19:22 +0200] "GET /-p-32871.html HTTP/1.0" 200 72060 "-" "Mozilla/5.0 (compatible; MJ12bot/v1.4.8; http://mj12bot.com/)"
185.191.171.22 - - [26/Sep/2022:04:19:24 +0200] "GET /moroccan-ashtray-p-40816.html HTTP/1.0" 200 74667 "-" "Mozilla/5.0 (compatible; SemrushBot/7~bl; +http://www.semrush.com/bot.html)"
75.119.142.113 - - [26/Sep/2022:04:19:27 +0200] "GET /-p-27309.html HTTP/1.0" 200 72060 "-" "Mozilla/5.0 (compatible; MJ12bot/v1.4.8; http://mj12bot.com/)"
94.23.203.202 - - [26/Sep/2022:04:19:27 +0200] "GET /johnny-hallyday-moto-large-lamp-p-10435.html HTTP/1.0" 301 72127 "-" "Mozilla/5.0 (compatible; MJ12bot/v1.4.8; http://mj12bot.com/)"
95.217.195.123 - - [26/Sep/2022:04:19:30 +0200] "GET /accessories/umbrellas/hello-kitty-adult-red-umbrella-p-20505.html HTTP/1.0" 301 72127 "-" "Mozilla/5.0 (compatible; MJ12bot/v1.4.8; http://mj12bot.com/)"
94.23.203.202 - - [26/Sep/2022:04:19:31 +0200] "GET /-p-10435.html HTTP/1.0" 200 72060 "-" "Mozilla/5.0 (compatible; MJ12bot/v1.4.8; http://mj12bot.com/)"
75.119.142.113 - - [26/Sep/2022:04:19:35 +0200] "GET /-p-27312.html HTTP/1.0" 200 72060 "-" "Mozilla/5.0 (compatible; MJ12bot/v1.4.8; http://mj12bot.com/)"
94.23.203.202 - - [26/Sep/2022:04:19:36 +0200] "GET /johnny-hallyday-pink-pencil-pot-p-15182.html HTTP/1.0" 301 72127 "-" "Mozilla/5.0 (compatible; MJ12bot/v1.4.8; http://mj12bot.com/)"
35.91.42.190 - - [26/Sep/2022:04:19:39 +0200] "GET /images/big_prod_1/5415203904171b.jpg HTTP/1.0" 200 271 "-" "Mozilla/5.0 (X11; Ubuntu; Linux x86_64; rv:72.0) Gecko/20100101 Firefox/72.0"
54.36.148.220 - - [26/Sep/2022:04:19:38 +0200] "GET /children-wall-sticker-with-name-moon-stars-p-58842.html HTTP/1.0" 200 75864 "-" "Mozilla/5.0 (compatible; AhrefsBot/7.0; +http://ahrefs.com/robot/)"
185.191.171.35 - - [26/Sep/2022:04:19:38 +0200] "GET /cats-by-dubout-figurine-happy-days-extra-black-p-33341.html HTTP/1.0" 301 75485 "-" "Mozilla/5.0 (compatible; SemrushBot/7~bl; +http://www.semrush.com/bot.html)"
95.217.195.123 - - [26/Sep/2022:04:19:40 +0200] "GET /-p-20505.html HTTP/1.0" 200 72060 "-" "Mozilla/5.0 (compatible; MJ12bot/v1.4.8; http://mj12bot.com/)"
94.23.203.202 - - [26/Sep/2022:04:19:40 +0200] "GET /-p-15182.html HTTP/1.0" 200 72060 "-" "Mozilla/5.0 (compatible; MJ12bot/v1.4.8; http://mj12bot.com/)"
185.191.171.18 - - [26/Sep/2022:04:19:41 +0200] "GET /cats-dubout-figurine-happy-days-extra-black-p-33341.html HTTP/1.0" 200 75375 "-" "Mozilla/5.0 (compatible; SemrushBot/7~bl; +http://www.semrush.com/bot.html)"
75.119.142.113 - - [26/Sep/2022:04:19:42 +0200] "GET /-p-27429.html HTTP/1.0" 200 72060 "-" "Mozilla/5.0 (compatible; MJ12bot/v1.4.8; http://mj12bot.com/)"
94.23.203.202 - - [26/Sep/2022:04:19:47 +0200] "GET /johnny-hallyday-red-lamp-p-6728.html HTTP/1.0" 301 72124 "-" "Mozilla/5.0 (compatible; MJ12bot/v1.4.8; http://mj12bot.com/)"
95.217.195.123 - - [26/Sep/2022:04:19:48 +0200] "GET /accessories/umbrellas/hello-kitty-adult-umbrella-p-20509.html HTTP/1.0" 301 75678 "-" "Mozilla/5.0 (compatible; MJ12bot/v1.4.8; http://mj12bot.com/)"
75.119.142.113 - - [26/Sep/2022:04:19:50 +0200] "GET /-p-27462.html HTTP/1.0" 200 72060 "-" "Mozilla/5.0 (compatible; MJ12bot/v1.4.8; http://mj12bot.com/)"
94.23.203.202 - - [26/Sep/2022:04:19:50 +0200] "GET /-p-6728.html HTTP/1.0" 200 72058 "-" "Mozilla/5.0 (compatible; MJ12bot/v1.4.8; http://mj12bot.com/)"
173.252.83.16 - - [26/Sep/2022:04:19:55 +0200] "GET /images/mini_prod/a4542202656297.jpg HTTP/1.0" 200 270 "-" "facebookexternalhit/1.1 (+http://www.facebook.com/externalhit_uatext.php)"
95.217.195.123 - - [26/Sep/2022:04:19:54 +0200] "GET /hello-kitty-adult-umbrella-p-20509.html HTTP/1.0" 200 75585 "-" "Mozilla/5.0 (compatible; MJ12bot/v1.4.8; http://mj12bot.com/)"
94.23.203.202 - - [26/Sep/2022:04:19:56 +0200] "GET /johnny-hallyday-red-pencil-pot-p-15181.html HTTP/1.0" 301 72127 "-" "Mozilla/5.0 (compatible; MJ12bot/v1.4.8; http://mj12bot.com/)"
94.23.203.202 - - [26/Sep/2022:04:20:00 +0200] "GET /-p-15181.html HTTP/1.0" 200 72060 "-" "Mozilla/5.0 (compatible; MJ12bot/v1.4.8; http://mj12bot.com/)"
185.191.171.21 - - [26/Sep/2022:04:20:02 +0200] "GET /fragrance-sachet-pearl-bouquet-p-40538.html HTTP/1.0" 200 75415 "-" "Mozilla/5.0 (compatible; SemrushBot/7~bl; +http://www.semrush.com/bot.html)"
75.119.142.113 - - [26/Sep/2022:04:20:03 +0200] "GET /-p-27467.html HTTP/1.0" 200 72060 "-" "Mozilla/5.0 (compatible; MJ12bot/v1.4.8; http://mj12bot.com/)"
94.23.203.202 - - [26/Sep/2022:04:20:04 +0200] "GET /jolie-provence-metal-tray-35-25-cm-p-47717.html HTTP/1.0" 301 74912 "-" "Mozilla/5.0 (compatible; MJ12bot/v1.4.8; http://mj12bot.com/)"
95.217.195.123 - - [26/Sep/2022:04:20:05 +0200] "GET /accessories/umbrellas/hello-kitty-adult-umbrella-p-20514.html HTTP/1.0" 301 72127 "-" "Mozilla/5.0 (compatible; MJ12bot/v1.4.8; http://mj12bot.com/)"
66.249.65.166 - - [26/Sep/2022:04:20:07 +0200] "GET /magnet-winking-tassen-made-germany-p-56783.html HTTP/1.0" 200 75751 "-" "Mozilla/5.0 (Linux; Android 6.0.1; Nexus 5X Build/MMB29P) AppleWebKit/537.36 (KHTML, like Gecko) Chrome/105.0.5195.125 Mobile Safari/537.36 (compatible; Googlebot/2.1; +http://www.google.com/bot.html)"
94.23.203.202 - - [26/Sep/2022:04:20:08 +0200] "GET /jolie-provence-metal-tray-p-47717.html HTTP/1.0" 200 74820 "-" "Mozilla/5.0 (compatible; MJ12bot/v1.4.8; http://mj12bot.com/)"
94.23.203.202 - - [26/Sep/2022:04:20:11 +0200] "GET /jolie-provence-metal-tray-p-47717.html HTTP/1.0" 200 74820 "-" "Mozilla/5.0 (compatible; MJ12bot/v1.4.8; http://mj12bot.com/)"
75.119.142.113 - - [26/Sep/2022:04:20:13 +0200] "GET /-p-27596.html HTTP/1.0" 200 72060 "-" "Mozilla/5.0 (compatible; MJ12bot/v1.4.8; http://mj12bot.com/)"
95.217.195.123 - - [26/Sep/2022:04:20:13 +0200] "GET /-p-20514.html HTTP/1.0" 200 72060 "-" "Mozilla/5.0 (compatible; MJ12bot/v1.4.8; http://mj12bot.com/)"
94.23.203.202 - - [26/Sep/2022:04:20:18 +0200] "GET /keel-toys-plush-pipp-panda-p-51009.html HTTP/1.0" 200 72178 "-" "Mozilla/5.0 (compatible; MJ12bot/v1.4.8; http://mj12bot.com/)"
75.119.142.113 - - [26/Sep/2022:04:20:19 +0200] "GET /-p-27641.html HTTP/1.0" 200 72060 "-" "Mozilla/5.0 (compatible; MJ12bot/v1.4.8; http://mj12bot.com/)"
185.191.171.16 - - [26/Sep/2022:04:20:20 +0200] "GET /monkey-statues-resin-said-nothing-nothing-seen-nothing-heard-p-56820.html HTTP/1.0" 200 76418 "-" "Mozilla/5.0 (compatible; SemrushBot/7~bl; +http://www.semrush.com/bot.html)"
94.23.203.202 - - [26/Sep/2022:04:20:21 +0200] "GET /keel-toys-plush-pipp-panda-p-51012.html HTTP/1.0" 200 72178 "-" "Mozilla/5.0 (compatible; MJ12bot/v1.4.8; http://mj12bot.com/)"
94.23.203.202 - - [26/Sep/2022:04:20:25 +0200] "GET /keel-toys-plush-pipp-the-panda-15-cm-p-51009.html HTTP/1.0" 301 72271 "-" "Mozilla/5.0 (compatible; MJ12bot/v1.4.8; http://mj12bot.com/)"
95.217.195.123 - - [26/Sep/2022:04:20:26 +0200] "GET /accessories/umbrellas/hello-kitty-pink-umbrella-p-20508.html HTTP/1.0" 301 72127 "-" "Mozilla/5.0 (compatible; MJ12bot/v1.4.8; http://mj12bot.com/)"
75.119.142.113 - - [26/Sep/2022:04:20:28 +0200] "GET /-p-27707.html HTTP/1.0" 200 72060 "-" "Mozilla/5.0 (compatible; MJ12bot/v1.4.8; http://mj12bot.com/)"
94.23.203.202 - - [26/Sep/2022:04:20:29 +0200] "GET /keel-toys-plush-pipp-panda-p-51009.html HTTP/1.0" 200 72178 "-" "Mozilla/5.0 (compatible; MJ12bot/v1.4.8; http://mj12bot.com/)"
95.217.195.123 - - [26/Sep/2022:04:20:33 +0200] "GET /-p-20508.html HTTP/1.0" 200 72060 "-" "Mozilla/5.0 (compatible; MJ12bot/v1.4.8; http://mj12bot.com/)"
94.23.203.202 - - [26/Sep/2022:04:20:33 +0200] "GET /keel-toys-plush-pipp-the-panda-22-cm-p-51012.html HTTP/1.0" 301 72271 "-" "Mozilla/5.0 (compatible; MJ12bot/v1.4.8; http://mj12bot.com/)"
185.191.171.44 - - [26/Sep/2022:04:20:35 +0200] "GET /ball-shaped-lamp-marble-effect-p-52850.html HTTP/1.0" 200 72186 "-" "Mozilla/5.0 (compatible; SemrushBot/7~bl; +http://www.semrush.com/bot.html)"
75.119.142.113 - - [26/Sep/2022:04:20:36 +0200] "GET /-p-27859.html HTTP/1.0" 200 72060 "-" "Mozilla/5.0 (compatible; MJ12bot/v1.4.8; http://mj12bot.com/)"
94.23.203.202 - - [26/Sep/2022:04:20:38 +0200] "GET /keel-toys-plush-pipp-panda-p-51012.html HTTP/1.0" 200 72178 "-" "Mozilla/5.0 (compatible; MJ12bot/v1.4.8; http://mj12bot.com/)"
95.217.195.123 - - [26/Sep/2022:04:20:41 +0200] "GET /accessories/umbrellas/hello-kitty-umbrella-p-20486.html HTTP/1.0" 301 72127 "-" "Mozilla/5.0 (compatible; MJ12bot/v1.4.8; http://mj12bot.com/)"
185.191.171.8 - - [26/Sep/2022:04:20:42 +0200] "GET /jasmin-jasmine-racing-companion-portfolio-p-46992.html HTTP/1.0" 200 75988 "-" "Mozilla/5.0 (compatible; SemrushBot/7~bl; +http://www.semrush.com/bot.html)"
94.23.203.202 - - [26/Sep/2022:04:20:42 +0200] "GET /key-holders-c-13_150_201.html HTTP/1.0" 301 87993 "-" "Mozilla/5.0 (compatible; MJ12bot/v1.4.8; http://mj12bot.com/)"
75.119.142.113 - - [26/Sep/2022:04:20:45 +0200] "GET /-p-27928.html HTTP/1.0" 200 72060 "-" "Mozilla/5.0 (compatible; MJ12bot/v1.4.8; http://mj12bot.com/)"
94.23.203.202 - - [26/Sep/2022:04:20:47 +0200] "GET /holders-c-201.html HTTP/1.0" 301 87747 "-" "Mozilla/5.0 (compatible; MJ12bot/v1.4.8; http://mj12bot.com/)"
95.217.195.123 - - [26/Sep/2022:04:20:48 +0200] "GET /-p-20486.html HTTP/1.0" 200 72060 "-" "Mozilla/5.0 (compatible; MJ12bot/v1.4.8; http://mj12bot.com/)"
94.23.203.202 - - [26/Sep/2022:04:20:50 +0200] "GET /holders-c-13_150_201.html HTTP/1.0" 200 87921 "-" "Mozilla/5.0 (compatible; MJ12bot/v1.4.8; http://mj12bot.com/)"
185.191.171.13 - - [26/Sep/2022:04:20:53 +0200] "GET /pillow-case-in-cotton-percale-80-threads-50-70-cm-p-43856.html HTTP/1.0" 301 72321 "-" "Mozilla/5.0 (compatible; SemrushBot/7~bl; +http://www.semrush.com/bot.html)"
75.119.142.113 - - [26/Sep/2022:04:20:54 +0200] "GET /-p-28016.html HTTP/1.0" 200 72060 "-" "Mozilla/5.0 (compatible; MJ12bot/v1.4.8; http://mj12bot.com/)"
94.23.203.202 - - [26/Sep/2022:04:20:55 +0200] "GET /keyboard-shaped-house-p-47687.html HTTP/1.0" 200 74893 "-" "Mozilla/5.0 (compatible; MJ12bot/v1.4.8; http://mj12bot.com/)"
95.217.195.123 - - [26/Sep/2022:04:20:56 +0200] "GET /accessories/umbrellas/hello-kitty-umbrella-p-20490.html HTTP/1.0" 301 75482 "-" "Mozilla/5.0 (compatible; MJ12bot/v1.4.8; http://mj12bot.com/)"
185.191.171.2 - - [26/Sep/2022:04:20:57 +0200] "GET /pillow-case-cotton-percale-threads-p-43856.html HTTP/1.0" 200 72220 "-" "Mozilla/5.0 (compatible; SemrushBot/7~bl; +http://www.semrush.com/bot.html)"
75.119.142.113 - - [26/Sep/2022:04:21:01 +0200] "GET /-p-28047.html HTTP/1.0" 200 72060 "-" "Mozilla/5.0 (compatible; MJ12bot/v1.4.8; http://mj12bot.com/)"
94.23.203.202 - - [26/Sep/2022:04:21:01 +0200] "GET /keyrings-c-3_52.html?page=13 HTTP/1.0" 200 93248 "-" "Mozilla/5.0 (compatible; MJ12bot/v1.4.8; http://mj12bot.com/)"
95.217.195.123 - - [26/Sep/2022:04:21:04 +0200] "GET /hello-kitty-umbrella-p-20490.html HTTP/1.0" 200 75395 "-" "Mozilla/5.0 (compatible; MJ12bot/v1.4.8; http://mj12bot.com/)"
66.249.65.166 - - [26/Sep/2022:04:21:06 +0200] "GET /images/4036113231471.jpg HTTP/1.0" 200 259 "-" "Googlebot-Image/1.0"
94.23.203.202 - - [26/Sep/2022:04:21:06 +0200] "GET /keyrings-c-3_52.html?page=14 HTTP/1.0" 200 93248 "-" "Mozilla/5.0 (compatible; MJ12bot/v1.4.8; http://mj12bot.com/)"
75.119.142.113 - - [26/Sep/2022:04:21:07 +0200] "GET /-p-28139.html HTTP/1.0" 200 72060 "-" "Mozilla/5.0 (compatible; MJ12bot/v1.4.8; http://mj12bot.com/)"
94.23.203.202 - - [26/Sep/2022:04:21:11 +0200] "GET /keyrings-c-3_52.html?page=15 HTTP/1.0" 200 93248 "-" "Mozilla/5.0 (compatible; MJ12bot/v1.4.8; http://mj12bot.com/)"
95.217.195.123 - - [26/Sep/2022:04:21:13 +0200] "GET /accessories/umbrellas/hello-kitty-umbrella-p-20491.html HTTP/1.0" 301 72127 "-" "Mozilla/5.0 (compatible; MJ12bot/v1.4.8; http://mj12bot.com/)"
94.23.203.202 - - [26/Sep/2022:04:21:15 +0200] "GET /kimmi-junior-billie-wooden-p-15843.html HTTP/1.0" 200 72162 "-" "Mozilla/5.0 (compatible; MJ12bot/v1.4.8; http://mj12bot.com/)"
75.119.142.113 - - [26/Sep/2022:04:21:18 +0200] "GET /-p-28149.html HTTP/1.0" 200 72060 "-" "Mozilla/5.0 (compatible; MJ12bot/v1.4.8; http://mj12bot.com/)"
94.23.203.202 - - [26/Sep/2022:04:21:18 +0200] "GET /kimmi-junior-billie-wooden-pen-p-15843.html HTTP/1.0" 301 72255 "-" "Mozilla/5.0 (compatible; MJ12bot/v1.4.8; http://mj12bot.com/)"
185.191.171.2 - - [26/Sep/2022:04:21:20 +0200] "GET /-p-34392.html HTTP/1.0" 200 72060 "-" "Mozilla/5.0 (compatible; SemrushBot/7~bl; +http://www.semrush.com/bot.html)"
95.217.195.123 - - [26/Sep/2022:04:21:21 +0200] "GET /-p-20491.html HTTP/1.0" 200 72060 "-" "Mozilla/5.0 (compatible; MJ12bot/v1.4.8; http://mj12bot.com/)"
94.23.203.202 - - [26/Sep/2022:04:21:22 +0200] "GET /kimmi-junior-billie-wooden-p-15843.html HTTP/1.0" 200 72162 "-" "Mozilla/5.0 (compatible; MJ12bot/v1.4.8; http://mj12bot.com/)"
94.23.203.202 - - [26/Sep/2022:04:21:26 +0200] "GET /kimmi-junior-chlo-notebook-p-7426.html HTTP/1.0" 200 74743 "-" "Mozilla/5.0 (compatible; MJ12bot/v1.4.8; http://mj12bot.com/)"
54.36.149.1 - - [26/Sep/2022:04:21:26 +0200] "GET /christmas-bauble-enchanted-christmas-p-58857.html HTTP/1.0" 200 75750 "-" "Mozilla/5.0 (compatible; AhrefsBot/7.0; +http://ahrefs.com/robot/)"
95.217.195.123 - - [26/Sep/2022:04:21:27 +0200] "GET /accessories/umbrellas/high-school-musical-compact-umbrella-p-20493.html HTTP/1.0" 301 75110 "-" "Mozilla/5.0 (compatible; MJ12bot/v1.4.8; http://mj12bot.com/)"
75.119.142.113 - - [26/Sep/2022:04:21:28 +0200] "GET /-p-28302.html HTTP/1.0" 200 72060 "-" "Mozilla/5.0 (compatible; MJ12bot/v1.4.8; http://mj12bot.com/)"
94.23.203.202 - - [26/Sep/2022:04:21:30 +0200] "GET /kimmi-junior-chloe-notebook-p-7426.html HTTP/1.0" 301 74835 "-" "Mozilla/5.0 (compatible; MJ12bot/v1.4.8; http://mj12bot.com/)"
94.23.203.202 - - [26/Sep/2022:04:21:33 +0200] "GET /kimmi-junior-chlo-notebook-p-7426.html HTTP/1.0" 200 74743 "-" "Mozilla/5.0 (compatible; MJ12bot/v1.4.8; http://mj12bot.com/)"
162.231.59.242 - - [26/Sep/2022:04:21:37 +0200] "GET /weapon-mtal-keyring-five-seven-p-31989.html HTTP/1.0" 200 74804 "https://www.google.com/" "Mozilla/5.0 (iPhone; CPU iPhone OS 15_6_1 like Mac OS X) AppleWebKit/605.1.15 (KHTML, like Gecko) Version/15.6.1 Mobile/15E148 Safari/604.1"
162.231.59.242 - - [26/Sep/2022:04:21:38 +0200] "GET /templates/Pixame_v1/stylesheet.css HTTP/1.0" 200 267 "http://www.wonder-geek.com/weapon-mtal-keyring-five-seven-p-31989.html" "Mozilla/5.0 (iPhone; CPU iPhone OS 15_6_1 like Mac OS X) AppleWebKit/605.1.15 (KHTML, like Gecko) Version/15.6.1 Mobile/15E148 Safari/604.1"
162.231.59.242 - - [26/Sep/2022:04:21:38 +0200] "GET /mondial_relay/js/jquery-1.3.2.min.js HTTP/1.0" 200 276 "http://www.wonder-geek.com/weapon-mtal-keyring-five-seven-p-31989.html" "Mozilla/5.0 (iPhone; CPU iPhone OS 15_6_1 like Mac OS X) AppleWebKit/605.1.15 (KHTML, like Gecko) Version/15.6.1 Mobile/15E148 Safari/604.1"
162.231.59.242 - - [26/Sep/2022:04:21:38 +0200] "GET /js/jquery.js HTTP/1.0" 200 252 "http://www.wonder-geek.com/weapon-mtal-keyring-five-seven-p-31989.html" "Mozilla/5.0 (iPhone; CPU iPhone OS 15_6_1 like Mac OS X) AppleWebKit/605.1.15 (KHTML, like Gecko) Version/15.6.1 Mobile/15E148 Safari/604.1"
162.231.59.242 - - [26/Sep/2022:04:21:38 +0200] "GET /highslide/highslide.js HTTP/1.0" 200 262 "http://www.wonder-geek.com/weapon-mtal-keyring-five-seven-p-31989.html" "Mozilla/5.0 (iPhone; CPU iPhone OS 15_6_1 like Mac OS X) AppleWebKit/605.1.15 (KHTML, like Gecko) Version/15.6.1 Mobile/15E148 Safari/604.1"
162.231.59.242 - - [26/Sep/2022:04:21:38 +0200] "GET /js/jquery.jqzoom.js HTTP/1.0" 200 259 "http://www.wonder-geek.com/weapon-mtal-keyring-five-seven-p-31989.html" "Mozilla/5.0 (iPhone; CPU iPhone OS 15_6_1 like Mac OS X) AppleWebKit/605.1.15 (KHTML, like Gecko) Version/15.6.1 Mobile/15E148 Safari/604.1"
162.231.59.242 - - [26/Sep/2022:04:21:39 +0200] "GET /swfobject.js HTTP/1.0" 404 1308 "http://www.wonder-geek.com/weapon-mtal-keyring-five-seven-p-31989.html" "Mozilla/5.0 (iPhone; CPU iPhone OS 15_6_1 like Mac OS X) AppleWebKit/605.1.15 (KHTML, like Gecko) Version/15.6.1 Mobile/15E148 Safari/604.1"
162.231.59.242 - - [26/Sep/2022:04:21:40 +0200] "GET /images/med_prod/1384010176511.jpg HTTP/1.0" 200 268 "http://www.wonder-geek.com/weapon-mtal-keyring-five-seven-p-31989.html" "Mozilla/5.0 (iPhone; CPU iPhone OS 15_6_1 like Mac OS X) AppleWebKit/605.1.15 (KHTML, like Gecko) Version/15.6.1 Mobile/15E148 Safari/604.1"
162.231.59.242 - - [26/Sep/2022:04:21:40 +0200] "GET /templates/Pixame_v1/images/Middle_texture.jpg HTTP/1.0" 200 280 "http://www.wonder-geek.com/weapon-mtal-keyring-five-seven-p-31989.html" "Mozilla/5.0 (iPhone; CPU iPhone OS 15_6_1 like Mac OS X) AppleWebKit/605.1.15 (KHTML, like Gecko) Version/15.6.1 Mobile/15E148 Safari/604.1"
162.231.59.242 - - [26/Sep/2022:04:21:40 +0200] "GET /templates/Pixame_v1/images/Bottom_texture.jpg HTTP/1.0" 200 280 "http://www.wonder-geek.com/weapon-mtal-keyring-five-seven-p-31989.html" "Mozilla/5.0 (iPhone; CPU iPhone OS 15_6_1 like Mac OS X) AppleWebKit/605.1.15 (KHTML, like Gecko) Version/15.6.1 Mobile/15E148 Safari/604.1"
