94.23.203.107 - - [26/Sep/2022:05:35:51 +0200] "GET /games-toys-c-4.html?page=60 HTTP/1.0" 200 92735 "-" "Mozilla/5.0 (compatible; MJ12bot/v1.4.8; http://mj12bot.com/)"
185.191.171.16 - - [26/Sep/2022:05:35:54 +0200] "GET /decorative-ball-silver-resin-p-57070.html HTTP/1.0" 200 72180 "-" "Mozilla/5.0 (compatible; SemrushBot/7~bl; +http://www.semrush.com/bot.html)"
94.23.203.107 - - [26/Sep/2022:05:35:55 +0200] "GET /games-toys-c-4.html?page=61 HTTP/1.0" 200 92735 "-" "Mozilla/5.0 (compatible; MJ12bot/v1.4.8; http://mj12bot.com/)"
94.23.203.107 - - [26/Sep/2022:05:36:00 +0200] "GET /garden-gnome-gold-21-cm-p-32110.html HTTP/1.0" 301 72127 "-" "Mozilla/5.0 (compatible; MJ12bot/v1.4.8; http://mj12bot.com/)"
94.23.203.107 - - [26/Sep/2022:05:36:03 +0200] "GET /-p-32110.html HTTP/1.0" 200 72060 "-" "Mozilla/5.0 (compatible; MJ12bot/v1.4.8; http://mj12bot.com/)"
94.23.203.107 - - [26/Sep/2022:05:36:06 +0200] "GET /garden-gnomes-clock-p-32004.html HTTP/1.0" 301 72127 "-" "Mozilla/5.0 (compatible; MJ12bot/v1.4.8; http://mj12bot.com/)"
185.191.171.44 - - [26/Sep/2022:05:36:08 +0200] "GET /makeup-retro-pastoral-poetry-p-37594.html HTTP/1.0" 200 74895 "-" "Mozilla/5.0 (compatible; SemrushBot/7~bl; +http://www.semrush.com/bot.html)"
54.36.148.75 - - [26/Sep/2022:05:36:10 +0200] "GET /kawasaki-metal-plate-p-45957.html HTTP/1.0" 200 74682 "-" "Mozilla/5.0 (compatible; AhrefsBot/7.0; +http://ahrefs.com/robot/)"
94.23.203.107 - - [26/Sep/2022:05:36:09 +0200] "GET /-p-32004.html HTTP/1.0" 200 72060 "-" "Mozilla/5.0 (compatible; MJ12bot/v1.4.8; http://mj12bot.com/)"
94.23.203.107 - - [26/Sep/2022:05:36:14 +0200] "GET /garden-gnomes-mug-p-32012.html HTTP/1.0" 301 72127 "-" "Mozilla/5.0 (compatible; MJ12bot/v1.4.8; http://mj12bot.com/)"
94.23.203.107 - - [26/Sep/2022:05:36:17 +0200] "GET /-p-32012.html HTTP/1.0" 200 72060 "-" "Mozilla/5.0 (compatible; MJ12bot/v1.4.8; http://mj12bot.com/)"
94.23.203.107 - - [26/Sep/2022:05:36:21 +0200] "GET /garden-gnomes-potholder-and-glove-set-p-32010.html HTTP/1.0" 301 72127 "-" "Mozilla/5.0 (compatible; MJ12bot/v1.4.8; http://mj12bot.com/)"
94.23.203.107 - - [26/Sep/2022:05:36:23 +0200] "GET /-p-32010.html HTTP/1.0" 200 72060 "-" "Mozilla/5.0 (compatible; MJ12bot/v1.4.8; http://mj12bot.com/)"
94.23.203.107 - - [26/Sep/2022:05:36:27 +0200] "GET /gekoa-and-sun-set-salt-and-pepper-p-37400.html HTTP/1.0" 301 74972 "-" "Mozilla/5.0 (compatible; MJ12bot/v1.4.8; http://mj12bot.com/)"
94.23.203.107 - - [26/Sep/2022:05:36:30 +0200] "GET /gekoa-salt-pepper-p-37400.html HTTP/1.0" 200 74888 "-" "Mozilla/5.0 (compatible; MJ12bot/v1.4.8; http://mj12bot.com/)"
94.23.203.107 - - [26/Sep/2022:05:36:33 +0200] "GET /gekoa-salt-pepper-p-37400.html HTTP/1.0" 200 74888 "-" "Mozilla/5.0 (compatible; MJ12bot/v1.4.8; http://mj12bot.com/)"
94.23.203.107 - - [26/Sep/2022:05:36:36 +0200] "GET /gendarme-saint-tropez-poster-p-35259.html HTTP/1.0" 200 74799 "-" "Mozilla/5.0 (compatible; MJ12bot/v1.4.8; http://mj12bot.com/)"
43.130.59.85 - - [26/Sep/2022:05:36:41 +0200] "GET /images/mini_prod/1384010208304NN.jpg HTTP/1.0" 200 271 "-" "Mozilla/5.0 (X11; Ubuntu; Linux x86_64; rv:72.0) Gecko/20100101 Firefox/72.0"
94.23.203.107 - - [26/Sep/2022:05:36:40 +0200] "GET /genesis-resin-figurine-26-cm-p-52875.html HTTP/1.0" 301 72239 "-" "Mozilla/5.0 (compatible; MJ12bot/v1.4.8; http://mj12bot.com/)"
94.23.203.107 - - [26/Sep/2022:05:36:43 +0200] "GET /genesis-resin-figurine-p-52875.html HTTP/1.0" 200 72150 "-" "Mozilla/5.0 (compatible; MJ12bot/v1.4.8; http://mj12bot.com/)"
40.77.167.88 - - [26/Sep/2022:05:36:47 +0200] "GET /images/big_prod/8718317876899.jpg HTTP/1.0" 200 268 "-" "Mozilla/5.0 (compatible; bingbot/2.0; +http://www.bing.com/bingbot.htm)"
185.191.171.12 - - [26/Sep/2022:05:36:46 +0200] "GET /dubout-cats-cosmetic-p-32251.html HTTP/1.0" 200 74792 "-" "Mozilla/5.0 (compatible; SemrushBot/7~bl; +http://www.semrush.com/bot.html)"
94.23.203.107 - - [26/Sep/2022:05:36:46 +0200] "GET /genesis-resin-figurine-p-52875.html HTTP/1.0" 200 72150 "-" "Mozilla/5.0 (compatible; MJ12bot/v1.4.8; http://mj12bot.com/)"
94.23.203.107 - - [26/Sep/2022:05:36:51 +0200] "GET /gift-bowl-p-31526.html HTTP/1.0" 200 74836 "-" "Mozilla/5.0 (compatible; MJ12bot/v1.4.8; http://mj12bot.com/)"
94.23.203.107 - - [26/Sep/2022:05:36:54 +0200] "GET /gift-bowl-plaid-p-31525.html HTTP/1.0" 200 75016 "-" "Mozilla/5.0 (compatible; MJ12bot/v1.4.8; http://mj12bot.com/)"
94.23.203.107 - - [26/Sep/2022:05:36:58 +0200] "GET /gift-box-cat-bowl-and-plaid-p-31525.html HTTP/1.0" 301 75098 "-" "Mozilla/5.0 (compatible; MJ12bot/v1.4.8; http://mj12bot.com/)"
94.23.203.107 - - [26/Sep/2022:05:37:01 +0200] "GET /gift-bowl-plaid-p-31525.html HTTP/1.0" 200 75016 "-" "Mozilla/5.0 (compatible; MJ12bot/v1.4.8; http://mj12bot.com/)"
94.23.203.107 - - [26/Sep/2022:05:37:04 +0200] "GET /gift-box-dog-bowl-and-toy-p-31526.html HTTP/1.0" 301 74912 "-" "Mozilla/5.0 (compatible; MJ12bot/v1.4.8; http://mj12bot.com/)"
94.23.203.107 - - [26/Sep/2022:05:37:07 +0200] "GET /gift-bowl-p-31526.html HTTP/1.0" 200 74836 "-" "Mozilla/5.0 (compatible; MJ12bot/v1.4.8; http://mj12bot.com/)"
94.23.203.107 - - [26/Sep/2022:05:37:10 +0200] "GET /giraffe-statuette-38-cm-p-52881.html HTTP/1.0" 301 72214 "-" "Mozilla/5.0 (compatible; MJ12bot/v1.4.8; http://mj12bot.com/)"
135.181.180.59 - - [26/Sep/2022:05:37:12 +0200] "GET /robots.txt HTTP/1.0" 200 245 "-" "Mozilla/5.0 (compatible; MJ12bot/v1.4.8; http://mj12bot.com/)"
135.181.180.59 - - [26/Sep/2022:05:37:14 +0200] "GET /london-dream-metal-plate-p-27584.html HTTP/1.0" 200 74767 "-" "Mozilla/5.0 (compatible; MJ12bot/v1.4.8; http://mj12bot.com/)"
94.23.203.107 - - [26/Sep/2022:05:37:14 +0200] "GET /giraffe-statuette-p-52881.html HTTP/1.0" 200 72130 "-" "Mozilla/5.0 (compatible; MJ12bot/v1.4.8; http://mj12bot.com/)"
185.191.171.1 - - [26/Sep/2022:05:37:16 +0200] "GET /mini-wooden-side-table-flower-life-p-56154.html HTTP/1.0" 200 76387 "-" "Mozilla/5.0 (compatible; SemrushBot/7~bl; +http://www.semrush.com/bot.html)"
135.181.180.59 - - [26/Sep/2022:05:37:17 +0200] "GET /london-english-bus-retro-aged-metal-decoration-p-35855.html HTTP/1.0" 301 72127 "-" "Mozilla/5.0 (compatible; MJ12bot/v1.4.8; http://mj12bot.com/)"
94.23.203.107 - - [26/Sep/2022:05:37:18 +0200] "GET /giraffe-statuette-p-52881.html HTTP/1.0" 200 72130 "-" "Mozilla/5.0 (compatible; MJ12bot/v1.4.8; http://mj12bot.com/)"
135.181.180.59 - - [26/Sep/2022:05:37:20 +0200] "GET /-p-35855.html HTTP/1.0" 200 72060 "-" "Mozilla/5.0 (compatible; MJ12bot/v1.4.8; http://mj12bot.com/)"
94.23.203.107 - - [26/Sep/2022:05:37:23 +0200] "GET /glass-cup-with-porcelain-infuser-p-41869.html HTTP/1.0" 301 72289 "-" "Mozilla/5.0 (compatible; MJ12bot/v1.4.8; http://mj12bot.com/)"
135.181.180.59 - - [26/Sep/2022:05:37:23 +0200] "GET /london-english-retro-aged-metal-decoration-p-35855.html HTTP/1.0" 301 72127 "-" "Mozilla/5.0 (compatible; MJ12bot/v1.4.8; http://mj12bot.com/)"
94.23.203.107 - - [26/Sep/2022:05:37:26 +0200] "GET /glass-with-porcelain-infuser-p-41869.html HTTP/1.0" 200 72194 "-" "Mozilla/5.0 (compatible; MJ12bot/v1.4.8; http://mj12bot.com/)"
135.181.180.59 - - [26/Sep/2022:05:37:27 +0200] "GET /-p-35855.html HTTP/1.0" 200 72060 "-" "Mozilla/5.0 (compatible; MJ12bot/v1.4.8; http://mj12bot.com/)"
94.23.203.107 - - [26/Sep/2022:05:37:30 +0200] "GET /glass-cup-with-porcelain-infuser-p-41870.html HTTP/1.0" 301 74881 "-" "Mozilla/5.0 (compatible; MJ12bot/v1.4.8; http://mj12bot.com/)"
135.181.180.59 - - [26/Sep/2022:05:37:31 +0200] "GET /london-eyelets-blackout-curtain-p-26090.html HTTP/1.0" 301 72127 "-" "Mozilla/5.0 (compatible; MJ12bot/v1.4.8; http://mj12bot.com/)"
94.23.203.107 - - [26/Sep/2022:05:37:33 +0200] "GET /glass-with-porcelain-infuser-p-41870.html HTTP/1.0" 200 74786 "-" "Mozilla/5.0 (compatible; MJ12bot/v1.4.8; http://mj12bot.com/)"
135.181.180.59 - - [26/Sep/2022:05:37:35 +0200] "GET /-p-26090.html HTTP/1.0" 200 72060 "-" "Mozilla/5.0 (compatible; MJ12bot/v1.4.8; http://mj12bot.com/)"
94.23.203.107 - - [26/Sep/2022:05:37:38 +0200] "GET /glass-cup-with-porcelain-infuser-p-41872.html HTTP/1.0" 301 74881 "-" "Mozilla/5.0 (compatible; MJ12bot/v1.4.8; http://mj12bot.com/)"
135.181.180.59 - - [26/Sep/2022:05:37:39 +0200] "GET /london-eyelets-blackout-curtain-p-27462.html HTTP/1.0" 301 72127 "-" "Mozilla/5.0 (compatible; MJ12bot/v1.4.8; http://mj12bot.com/)"
94.23.203.107 - - [26/Sep/2022:05:37:40 +0200] "GET /glass-with-porcelain-infuser-p-41872.html HTTP/1.0" 200 74786 "-" "Mozilla/5.0 (compatible; MJ12bot/v1.4.8; http://mj12bot.com/)"
185.191.171.13 - - [26/Sep/2022:05:37:42 +0200] "GET /stationery-c-129_191.html?page=2 HTTP/1.0" 200 92969 "-" "Mozilla/5.0 (compatible; SemrushBot/7~bl; +http://www.semrush.com/bot.html)"
135.181.180.59 - - [26/Sep/2022:05:37:43 +0200] "GET /-p-27462.html HTTP/1.0" 200 72060 "-" "Mozilla/5.0 (compatible; MJ12bot/v1.4.8; http://mj12bot.com/)"
94.23.203.107 - - [26/Sep/2022:05:37:45 +0200] "GET /glass-with-porcelain-infuser-p-41869.html HTTP/1.0" 200 72194 "-" "Mozilla/5.0 (compatible; MJ12bot/v1.4.8; http://mj12bot.com/)"
135.181.180.59 - - [26/Sep/2022:05:37:47 +0200] "GET /london-large-lamp-p-29350.html HTTP/1.0" 301 72127 "-" "Mozilla/5.0 (compatible; MJ12bot/v1.4.8; http://mj12bot.com/)"
94.23.203.107 - - [26/Sep/2022:05:37:49 +0200] "GET /glass-with-porcelain-infuser-p-41870.html HTTP/1.0" 200 74786 "-" "Mozilla/5.0 (compatible; MJ12bot/v1.4.8; http://mj12bot.com/)"
135.181.180.59 - - [26/Sep/2022:05:37:50 +0200] "GET /-p-29350.html HTTP/1.0" 200 72060 "-" "Mozilla/5.0 (compatible; MJ12bot/v1.4.8; http://mj12bot.com/)"
94.23.203.107 - - [26/Sep/2022:05:37:52 +0200] "GET /glass-with-porcelain-infuser-p-41872.html HTTP/1.0" 200 74786 "-" "Mozilla/5.0 (compatible; MJ12bot/v1.4.8; http://mj12bot.com/)"
135.181.180.59 - - [26/Sep/2022:05:37:53 +0200] "GET /london-large-wooden-wall-decoration-60-cm-p-34307.html HTTP/1.0" 301 72127 "-" "Mozilla/5.0 (compatible; MJ12bot/v1.4.8; http://mj12bot.com/)"
94.23.203.107 - - [26/Sep/2022:05:37:55 +0200] "GET /glasses-and-drinking-cup-c-13_12_62.html?page=1 HTTP/1.0" 301 92251 "-" "Mozilla/5.0 (compatible; MJ12bot/v1.4.8; http://mj12bot.com/)"
135.181.180.59 - - [26/Sep/2022:05:37:56 +0200] "GET /-p-34307.html HTTP/1.0" 200 72060 "-" "Mozilla/5.0 (compatible; MJ12bot/v1.4.8; http://mj12bot.com/)"
94.23.203.107 - - [26/Sep/2022:05:37:58 +0200] "GET /glasses-drinking-c-62.html?page=1 HTTP/1.0" 301 91991 "-" "Mozilla/5.0 (compatible; MJ12bot/v1.4.8; http://mj12bot.com/)"
135.181.180.59 - - [26/Sep/2022:05:38:00 +0200] "GET /london-large-wooden-wall-decoration-p-34307.html HTTP/1.0" 301 72127 "-" "Mozilla/5.0 (compatible; MJ12bot/v1.4.8; http://mj12bot.com/)"
94.23.203.107 - - [26/Sep/2022:05:38:01 +0200] "GET /glasses-drinking-c-12_62.html?page=1 HTTP/1.0" 200 92005 "-" "Mozilla/5.0 (compatible; MJ12bot/v1.4.8; http://mj12bot.com/)"
135.181.180.59 - - [26/Sep/2022:05:38:03 +0200] "GET /-p-34307.html HTTP/1.0" 200 72060 "-" "Mozilla/5.0 (compatible; MJ12bot/v1.4.8; http://mj12bot.com/)"
135.181.180.59 - - [26/Sep/2022:05:38:06 +0200] "GET /london-light-install-p-29351.html HTTP/1.0" 301 72127 "-" "Mozilla/5.0 (compatible; MJ12bot/v1.4.8; http://mj12bot.com/)"
94.23.203.107 - - [26/Sep/2022:05:38:05 +0200] "GET /glasses-and-drinking-cup-c-13_12_62.html?page=2 HTTP/1.0" 301 93256 "-" "Mozilla/5.0 (compatible; MJ12bot/v1.4.8; http://mj12bot.com/)"
135.181.180.59 - - [26/Sep/2022:05:38:08 +0200] "GET /-p-29351.html HTTP/1.0" 200 72060 "-" "Mozilla/5.0 (compatible; MJ12bot/v1.4.8; http://mj12bot.com/)"
94.23.203.107 - - [26/Sep/2022:05:38:09 +0200] "GET /glasses-drinking-c-62.html?page=2 HTTP/1.0" 301 92990 "-" "Mozilla/5.0 (compatible; MJ12bot/v1.4.8; http://mj12bot.com/)"
135.181.180.59 - - [26/Sep/2022:05:38:11 +0200] "GET /london-lord-brian-placemat-p-33086.html HTTP/1.0" 301 72127 "-" "Mozilla/5.0 (compatible; MJ12bot/v1.4.8; http://mj12bot.com/)"
94.23.203.107 - - [26/Sep/2022:05:38:12 +0200] "GET /glasses-drinking-c-12_62.html?page=2 HTTP/1.0" 200 93004 "-" "Mozilla/5.0 (compatible; MJ12bot/v1.4.8; http://mj12bot.com/)"
54.36.148.93 - - [26/Sep/2022:05:38:13 +0200] "GET /kitchen-towel-brown-p-54119.html HTTP/1.0" 200 74719 "-" "Mozilla/5.0 (compatible; AhrefsBot/7.0; +http://ahrefs.com/robot/)"
66.249.65.166 - - [26/Sep/2022:05:38:12 +0200] "GET /hanging-metal-structure-tree-life-p-49482.html HTTP/1.0" 200 74870 "-" "Mozilla/5.0 (Linux; Android 6.0.1; Nexus 5X Build/MMB29P) AppleWebKit/537.36 (KHTML, like Gecko) Chrome/105.0.5195.125 Mobile Safari/537.36 (compatible; Googlebot/2.1; +http://www.google.com/bot.html)"
135.181.180.59 - - [26/Sep/2022:05:38:14 +0200] "GET /-p-33086.html HTTP/1.0" 200 72060 "-" "Mozilla/5.0 (compatible; MJ12bot/v1.4.8; http://mj12bot.com/)"
94.23.203.107 - - [26/Sep/2022:05:38:16 +0200] "GET /glasses-and-drinking-cup-c-13_12_62.html?page=3 HTTP/1.0" 301 93435 "-" "Mozilla/5.0 (compatible; MJ12bot/v1.4.8; http://mj12bot.com/)"
135.181.180.59 - - [26/Sep/2022:05:38:17 +0200] "GET /london-love-mg-notebook-p-18865.html HTTP/1.0" 301 77700 "-" "Mozilla/5.0 (compatible; MJ12bot/v1.4.8; http://mj12bot.com/)"
94.23.203.107 - - [26/Sep/2022:05:38:19 +0200] "GET /glasses-drinking-c-62.html?page=3 HTTP/1.0" 301 93169 "-" "Mozilla/5.0 (compatible; MJ12bot/v1.4.8; http://mj12bot.com/)"
135.181.180.59 - - [26/Sep/2022:05:38:19 +0200] "GET /london-love-notebook-p-18865.html HTTP/1.0" 200 77613 "-" "Mozilla/5.0 (compatible; MJ12bot/v1.4.8; http://mj12bot.com/)"
135.181.180.59 - - [26/Sep/2022:05:38:22 +0200] "GET /london-love-notebook-p-18865.html HTTP/1.0" 200 77613 "-" "Mozilla/5.0 (compatible; MJ12bot/v1.4.8; http://mj12bot.com/)"
94.23.203.107 - - [26/Sep/2022:05:38:22 +0200] "GET /glasses-drinking-c-12_62.html?page=3 HTTP/1.0" 200 93183 "-" "Mozilla/5.0 (compatible; MJ12bot/v1.4.8; http://mj12bot.com/)"
135.181.180.59 - - [26/Sep/2022:05:38:25 +0200] "GET /london-magnetic-memo-board-p-30034.html HTTP/1.0" 301 72127 "-" "Mozilla/5.0 (compatible; MJ12bot/v1.4.8; http://mj12bot.com/)"
94.23.203.107 - - [26/Sep/2022:05:38:26 +0200] "GET /glasses-and-drinking-cup-c-13_12_62.html?page=4 HTTP/1.0" 301 82492 "-" "Mozilla/5.0 (compatible; MJ12bot/v1.4.8; http://mj12bot.com/)"
135.181.180.59 - - [26/Sep/2022:05:38:28 +0200] "GET /-p-30034.html HTTP/1.0" 200 72060 "-" "Mozilla/5.0 (compatible; MJ12bot/v1.4.8; http://mj12bot.com/)"
94.23.203.107 - - [26/Sep/2022:05:38:29 +0200] "GET /glasses-drinking-c-62.html?page=4 HTTP/1.0" 301 82232 "-" "Mozilla/5.0 (compatible; MJ12bot/v1.4.8; http://mj12bot.com/)"
135.181.180.59 - - [26/Sep/2022:05:38:31 +0200] "GET /london-metal-keyring-bus-p-35352.html HTTP/1.0" 301 74824 "-" "Mozilla/5.0 (compatible; MJ12bot/v1.4.8; http://mj12bot.com/)"
94.23.203.107 - - [26/Sep/2022:05:38:32 +0200] "GET /glasses-drinking-c-12_62.html?page=4 HTTP/1.0" 200 82246 "-" "Mozilla/5.0 (compatible; MJ12bot/v1.4.8; http://mj12bot.com/)"
135.181.180.59 - - [26/Sep/2022:05:38:34 +0200] "GET /london-metal-keyring-p-35352.html HTTP/1.0" 200 74737 "-" "Mozilla/5.0 (compatible; MJ12bot/v1.4.8; http://mj12bot.com/)"
94.23.203.107 - - [26/Sep/2022:05:38:35 +0200] "GET /go-where-the-action-is-vespa-shoulder-bag-p-15593.html HTTP/1.0" 301 72127 "-" "Mozilla/5.0 (compatible; MJ12bot/v1.4.8; http://mj12bot.com/)"
135.181.180.59 - - [26/Sep/2022:05:38:37 +0200] "GET /london-metal-keyring-p-18872.html HTTP/1.0" 200 74699 "-" "Mozilla/5.0 (compatible; MJ12bot/v1.4.8; http://mj12bot.com/)"
94.23.203.107 - - [26/Sep/2022:05:38:39 +0200] "GET /-p-15593.html HTTP/1.0" 200 72060 "-" "Mozilla/5.0 (compatible; MJ12bot/v1.4.8; http://mj12bot.com/)"
135.181.180.59 - - [26/Sep/2022:05:38:40 +0200] "GET /london-metal-keyring-p-35352.html HTTP/1.0" 200 74737 "-" "Mozilla/5.0 (compatible; MJ12bot/v1.4.8; http://mj12bot.com/)"
94.23.203.107 - - [26/Sep/2022:05:38:42 +0200] "GET /god-save-the-queen-mouse-pad-by-cbk-p-13920.html HTTP/1.0" 301 74866 "-" "Mozilla/5.0 (compatible; MJ12bot/v1.4.8; http://mj12bot.com/)"
135.181.180.59 - - [26/Sep/2022:05:38:43 +0200] "GET /london-mg-gb-notebook-p-18866.html HTTP/1.0" 301 77654 "-" "Mozilla/5.0 (compatible; MJ12bot/v1.4.8; http://mj12bot.com/)"
94.23.203.107 - - [26/Sep/2022:05:38:45 +0200] "GET /save-queen-mouse-cbkreation-p-13920.html HTTP/1.0" 200 74772 "-" "Mozilla/5.0 (compatible; MJ12bot/v1.4.8; http://mj12bot.com/)"
135.181.180.59 - - [26/Sep/2022:05:38:46 +0200] "GET /london-notebook-p-18866.html HTTP/1.0" 200 77572 "-" "Mozilla/5.0 (compatible; MJ12bot/v1.4.8; http://mj12bot.com/)"
185.191.171.22 - - [26/Sep/2022:05:38:47 +0200] "GET /wooden-calavera-blue-p-19079.html HTTP/1.0" 200 75607 "-" "Mozilla/5.0 (compatible; SemrushBot/7~bl; +http://www.semrush.com/bot.html)"
94.23.203.107 - - [26/Sep/2022:05:38:49 +0200] "GET /god-save-the-queen-mouse-pad-by-cbkreation-p-13920.html HTTP/1.0" 301 74866 "-" "Mozilla/5.0 (compatible; MJ12bot/v1.4.8; http://mj12bot.com/)"
89.22.232.186 - - [26/Sep/2022:05:38:51 +0200] "POST /contact_us.php?action=send HTTP/1.0" 200 32474 "http://www.wonder-geek.com/contact_us.php" "Mozilla/5.0 (Windows NT 10.0; WOW64) AppleWebKit/537.36 (KHTML, like Gecko) Chrome/90.0.4400.8 Safari/537.36"
135.181.180.59 - - [26/Sep/2022:05:38:50 +0200] "GET /london-mirror-bag-p-29317.html HTTP/1.0" 301 74785 "-" "Mozilla/5.0 (compatible; MJ12bot/v1.4.8; http://mj12bot.com/)"
94.23.203.107 - - [26/Sep/2022:05:38:52 +0200] "GET /save-queen-mouse-cbkreation-p-13920.html HTTP/1.0" 200 74772 "-" "Mozilla/5.0 (compatible; MJ12bot/v1.4.8; http://mj12bot.com/)"
135.181.180.59 - - [26/Sep/2022:05:38:53 +0200] "GET /london-mirror-p-29317.html HTTP/1.0" 200 74705 "-" "Mozilla/5.0 (compatible; MJ12bot/v1.4.8; http://mj12bot.com/)"
94.23.203.107 - - [26/Sep/2022:05:38:55 +0200] "GET /golden-retriever-pencil-case-p-40829.html HTTP/1.0" 200 74776 "-" "Mozilla/5.0 (compatible; MJ12bot/v1.4.8; http://mj12bot.com/)"
135.181.180.59 - - [26/Sep/2022:05:38:56 +0200] "GET /london-mirror-bag-p-29319.html HTTP/1.0" 301 74789 "-" "Mozilla/5.0 (compatible; MJ12bot/v1.4.8; http://mj12bot.com/)"
185.191.171.45 - - [26/Sep/2022:05:38:57 +0200] "GET /glitter-adhesive-roll-multicolored-tiles-p-47308.html HTTP/1.0" 200 75729 "-" "Mozilla/5.0 (compatible; SemrushBot/7~bl; +http://www.semrush.com/bot.html)"
135.181.180.59 - - [26/Sep/2022:05:38:59 +0200] "GET /london-mirror-p-29319.html HTTP/1.0" 200 74709 "-" "Mozilla/5.0 (compatible; MJ12bot/v1.4.8; http://mj12bot.com/)"
94.23.203.107 - - [26/Sep/2022:05:38:59 +0200] "GET /golf-club-metal-keyring-p-37839.html HTTP/1.0" 301 74803 "-" "Mozilla/5.0 (compatible; MJ12bot/v1.4.8; http://mj12bot.com/)"
135.181.180.59 - - [26/Sep/2022:05:39:02 +0200] "GET /london-mirror-p-29317.html HTTP/1.0" 200 74705 "-" "Mozilla/5.0 (compatible; MJ12bot/v1.4.8; http://mj12bot.com/)"
94.23.203.107 - - [26/Sep/2022:05:39:02 +0200] "GET /golf-club-mtal-keyring-p-37839.html HTTP/1.0" 200 74714 "-" "Mozilla/5.0 (compatible; MJ12bot/v1.4.8; http://mj12bot.com/)"
185.191.171.41 - - [26/Sep/2022:05:39:05 +0200] "GET /rectangular-indoor-carpet-p-54543.html HTTP/1.0" 200 72172 "-" "Mozilla/5.0 (compatible; SemrushBot/7~bl; +http://www.semrush.com/bot.html)"
135.181.180.59 - - [26/Sep/2022:05:39:05 +0200] "GET /london-mirror-p-29319.html HTTP/1.0" 200 74709 "-" "Mozilla/5.0 (compatible; MJ12bot/v1.4.8; http://mj12bot.com/)"
94.23.203.107 - - [26/Sep/2022:05:39:05 +0200] "GET /golf-club-mtal-keyring-p-37839.html HTTP/1.0" 200 74714 "-" "Mozilla/5.0 (compatible; MJ12bot/v1.4.8; http://mj12bot.com/)"
135.181.180.59 - - [26/Sep/2022:05:39:08 +0200] "GET /london-notebook-p-18866.html HTTP/1.0" 200 77572 "-" "Mozilla/5.0 (compatible; MJ12bot/v1.4.8; http://mj12bot.com/)"
94.23.203.107 - - [26/Sep/2022:05:39:09 +0200] "GET /goofy-by-britto-keyring-p-20778.html HTTP/1.0" 301 72127 "-" "Mozilla/5.0 (compatible; MJ12bot/v1.4.8; http://mj12bot.com/)"
34.198.236.55 - - [26/Sep/2022:05:39:12 +0200] "GET /images/mini_prod/5036278061592.jpg HTTP/1.0" 200 269 "-" "Mozilla/5.0 (X11; Ubuntu; Linux x86_64; rv:72.0) Gecko/20100101 Firefox/72.0"
135.181.180.59 - - [26/Sep/2022:05:39:12 +0200] "GET /london-phone-box-moneybox-p-28866.html HTTP/1.0" 301 72127 "-" "Mozilla/5.0 (compatible; MJ12bot/v1.4.8; http://mj12bot.com/)"
94.23.203.107 - - [26/Sep/2022:05:39:12 +0200] "GET /-p-20778.html HTTP/1.0" 200 72060 "-" "Mozilla/5.0 (compatible; MJ12bot/v1.4.8; http://mj12bot.com/)"
135.181.180.59 - - [26/Sep/2022:05:39:14 +0200] "GET /-p-28866.html HTTP/1.0" 200 72060 "-" "Mozilla/5.0 (compatible; MJ12bot/v1.4.8; http://mj12bot.com/)"
94.23.203.107 - - [26/Sep/2022:05:39:15 +0200] "GET /gorjuss-all-these-words-notebook-p-29452.html HTTP/1.0" 301 72265 "-" "Mozilla/5.0 (compatible; MJ12bot/v1.4.8; http://mj12bot.com/)"
66.249.65.168 - - [26/Sep/2022:05:39:15 +0200] "GET /pink-owl-beauty-nail-kit-p-28912.html HTTP/1.0" 301 74874 "-" "Mozilla/5.0 (Linux; Android 6.0.1; Nexus 5X Build/MMB29P) AppleWebKit/537.36 (KHTML, like Gecko) Chrome/105.0.5195.125 Mobile Safari/537.36 (compatible; Googlebot/2.1; +http://www.google.com/bot.html)"
66.249.65.170 - - [26/Sep/2022:05:39:17 +0200] "GET /pink-beauty-nail-p-28912.html HTTP/1.0" 200 74791 "-" "Mozilla/5.0 (Linux; Android 6.0.1; Nexus 5X Build/MMB29P) AppleWebKit/537.36 (KHTML, like Gecko) Chrome/105.0.5195.125 Mobile Safari/537.36 (compatible; Googlebot/2.1; +http://www.google.com/bot.html)"
135.181.180.59 - - [26/Sep/2022:05:39:18 +0200] "GET /london-phonebox-door-poster-p-12159.html HTTP/1.0" 301 72127 "-" "Mozilla/5.0 (compatible; MJ12bot/v1.4.8; http://mj12bot.com/)"
94.23.203.107 - - [26/Sep/2022:05:39:18 +0200] "GET /gorjuss-these-words-notebook-p-29452.html HTTP/1.0" 200 72170 "-" "Mozilla/5.0 (compatible; MJ12bot/v1.4.8; http://mj12bot.com/)"
106.53.124.110 - - [26/Sep/2022:05:39:20 +0200] "GET /images/mini_prod/5415203901453.jpg HTTP/1.0" 200 269 "-" "Mozilla/5.0 (X11; Ubuntu; Linux x86_64; rv:72.0) Gecko/20100101 Firefox/72.0"
135.181.180.59 - - [26/Sep/2022:05:39:20 +0200] "GET /-p-12159.html HTTP/1.0" 200 72060 "-" "Mozilla/5.0 (compatible; MJ12bot/v1.4.8; http://mj12bot.com/)"
185.191.171.11 - - [26/Sep/2022:05:39:21 +0200] "GET /accessories-c-3.html?page=37 HTTP/1.0" 200 86448 "-" "Mozilla/5.0 (compatible; SemrushBot/7~bl; +http://www.semrush.com/bot.html)"
94.23.203.107 - - [26/Sep/2022:05:39:22 +0200] "GET /gorjuss-dear-alice-sketchbook-p-30467.html HTTP/1.0" 301 72127 "-" "Mozilla/5.0 (compatible; MJ12bot/v1.4.8; http://mj12bot.com/)"
135.181.180.59 - - [26/Sep/2022:05:39:23 +0200] "GET /london-photo-frame-p-27596.html HTTP/1.0" 301 72127 "-" "Mozilla/5.0 (compatible; MJ12bot/v1.4.8; http://mj12bot.com/)"
185.191.171.20 - - [26/Sep/2022:05:39:24 +0200] "GET /the-kiss-statue-by-rodin-17-cm-p-46884.html HTTP/1.0" 301 75695 "-" "Mozilla/5.0 (compatible; SemrushBot/7~bl; +http://www.semrush.com/bot.html)"
94.23.203.107 - - [26/Sep/2022:05:39:25 +0200] "GET /-p-30467.html HTTP/1.0" 200 72060 "-" "Mozilla/5.0 (compatible; MJ12bot/v1.4.8; http://mj12bot.com/)"
135.181.180.59 - - [26/Sep/2022:05:39:26 +0200] "GET /-p-27596.html HTTP/1.0" 200 72060 "-" "Mozilla/5.0 (compatible; MJ12bot/v1.4.8; http://mj12bot.com/)"
120.237.18.58 - - [26/Sep/2022:05:39:28 +0200] "GET /images/mini_prod/4891320363533.jpg HTTP/1.0" 200 269 "-" "Mozilla/5.0 (X11; Ubuntu; Linux x86_64; rv:72.0) Gecko/20100101 Firefox/72.0"
185.191.171.19 - - [26/Sep/2022:05:39:27 +0200] "GET /washed-linen-bed-skirt-white-180-200-cm-p-48118.html HTTP/1.0" 301 72127 "-" "Mozilla/5.0 (compatible; SemrushBot/7~bl; +http://www.semrush.com/bot.html)"
135.181.180.59 - - [26/Sep/2022:05:39:29 +0200] "GET /london-plymouth-big-ben-cushion-p-27469.html HTTP/1.0" 301 75154 "-" "Mozilla/5.0 (compatible; MJ12bot/v1.4.8; http://mj12bot.com/)"
185.191.171.15 - - [26/Sep/2022:05:39:31 +0200] "GET /-p-48118.html HTTP/1.0" 200 72060 "-" "Mozilla/5.0 (compatible; SemrushBot/7~bl; +http://www.semrush.com/bot.html)"
94.23.203.107 - - [26/Sep/2022:05:39:32 +0200] "GET /gorjuss-eraser-p-32749.html HTTP/1.0" 200 72106 "-" "Mozilla/5.0 (compatible; MJ12bot/v1.4.8; http://mj12bot.com/)"
135.181.180.59 - - [26/Sep/2022:05:39:32 +0200] "GET /london-plymouth-cushion-p-27469.html HTTP/1.0" 200 75064 "-" "Mozilla/5.0 (compatible; MJ12bot/v1.4.8; http://mj12bot.com/)"
185.191.171.40 - - [26/Sep/2022:05:39:35 +0200] "GET /kiss-statue-rodin-p-46884.html HTTP/1.0" 200 75611 "-" "Mozilla/5.0 (compatible; SemrushBot/7~bl; +http://www.semrush.com/bot.html)"
135.181.180.59 - - [26/Sep/2022:05:39:36 +0200] "GET /london-plymouth-cushion-p-27469.html HTTP/1.0" 200 75064 "-" "Mozilla/5.0 (compatible; MJ12bot/v1.4.8; http://mj12bot.com/)"
94.23.203.107 - - [26/Sep/2022:05:39:38 +0200] "GET /gorjuss-fiesta-lockable-notebook-dreamer-p-47754.html HTTP/1.0" 200 76294 "-" "Mozilla/5.0 (compatible; MJ12bot/v1.4.8; http://mj12bot.com/)"
135.181.180.59 - - [26/Sep/2022:05:39:39 +0200] "GET /london-plymouth-union-jack-cushion-p-27467.html HTTP/1.0" 301 72127 "-" "Mozilla/5.0 (compatible; MJ12bot/v1.4.8; http://mj12bot.com/)"
135.181.180.59 - - [26/Sep/2022:05:39:42 +0200] "GET /-p-27467.html HTTP/1.0" 200 72060 "-" "Mozilla/5.0 (compatible; MJ12bot/v1.4.8; http://mj12bot.com/)"
94.23.203.107 - - [26/Sep/2022:05:39:44 +0200] "GET /gorjuss-fiesta-lockable-notebook-the-dreamer-p-47754.html HTTP/1.0" 301 76401 "-" "Mozilla/5.0 (compatible; MJ12bot/v1.4.8; http://mj12bot.com/)"
135.181.180.59 - - [26/Sep/2022:05:39:45 +0200] "GET /london-shoes-canvas-frame-40-40-cm-p-27198.html HTTP/1.0" 301 72127 "-" "Mozilla/5.0 (compatible; MJ12bot/v1.4.8; http://mj12bot.com/)"
94.23.203.107 - - [26/Sep/2022:05:39:47 +0200] "GET /gorjuss-fiesta-lockable-notebook-dreamer-p-47754.html HTTP/1.0" 200 76294 "-" "Mozilla/5.0 (compatible; MJ12bot/v1.4.8; http://mj12bot.com/)"
135.181.180.59 - - [26/Sep/2022:05:39:49 +0200] "GET /-p-27198.html HTTP/1.0" 200 72060 "-" "Mozilla/5.0 (compatible; MJ12bot/v1.4.8; http://mj12bot.com/)"
135.181.180.59 - - [26/Sep/2022:05:39:52 +0200] "GET /london-skull-union-jack-bedclothes-220-240-cm-p-33545.html HTTP/1.0" 301 72127 "-" "Mozilla/5.0 (compatible; MJ12bot/v1.4.8; http://mj12bot.com/)"
94.23.203.107 - - [26/Sep/2022:05:39:53 +0200] "GET /gorjuss-forget-me-not-suitcase-p-34755.html HTTP/1.0" 301 72127 "-" "Mozilla/5.0 (compatible; MJ12bot/v1.4.8; http://mj12bot.com/)"
135.181.180.59 - - [26/Sep/2022:05:39:55 +0200] "GET /-p-33545.html HTTP/1.0" 200 72060 "-" "Mozilla/5.0 (compatible; MJ12bot/v1.4.8; http://mj12bot.com/)"
94.23.203.107 - - [26/Sep/2022:05:39:57 +0200] "GET /-p-34755.html HTTP/1.0" 200 72060 "-" "Mozilla/5.0 (compatible; MJ12bot/v1.4.8; http://mj12bot.com/)"
135.181.180.59 - - [26/Sep/2022:05:39:58 +0200] "GET /london-stool-p-14155.html HTTP/1.0" 200 72106 "-" "Mozilla/5.0 (compatible; MJ12bot/v1.4.8; http://mj12bot.com/)"
135.181.180.59 - - [26/Sep/2022:05:40:01 +0200] "GET /london-street-sticker-p-32984.html HTTP/1.0" 301 72127 "-" "Mozilla/5.0 (compatible; MJ12bot/v1.4.8; http://mj12bot.com/)"
135.181.180.59 - - [26/Sep/2022:05:40:04 +0200] "GET /-p-32984.html HTTP/1.0" 200 72060 "-" "Mozilla/5.0 (compatible; MJ12bot/v1.4.8; http://mj12bot.com/)"
135.181.180.59 - - [26/Sep/2022:05:40:07 +0200] "GET /london-table-p-17572.html HTTP/1.0" 301 72127 "-" "Mozilla/5.0 (compatible; MJ12bot/v1.4.8; http://mj12bot.com/)"
54.36.149.36 - - [26/Sep/2022:05:40:08 +0200] "GET /pink-flamingo-white-women-shirt-p-34203.html HTTP/1.0" 200 77002 "-" "Mozilla/5.0 (compatible; AhrefsBot/7.0; +http://ahrefs.com/robot/)"
185.191.171.35 - - [26/Sep/2022:05:40:08 +0200] "GET /betty-boop-bunny-coin-purse-p-13694.html HTTP/1.0" 200 74997 "-" "Mozilla/5.0 (compatible; SemrushBot/7~bl; +http://www.semrush.com/bot.html)"
135.181.180.59 - - [26/Sep/2022:05:40:10 +0200] "GET /-p-17572.html HTTP/1.0" 200 72060 "-" "Mozilla/5.0 (compatible; MJ12bot/v1.4.8; http://mj12bot.com/)"
185.191.171.14 - - [26/Sep/2022:05:40:12 +0200] "GET /-p-40740.html HTTP/1.0" 200 72060 "-" "Mozilla/5.0 (compatible; SemrushBot/7~bl; +http://www.semrush.com/bot.html)"
135.181.180.59 - - [26/Sep/2022:05:40:14 +0200] "GET /london-tower-bridge-bedclothes-220-240-cm-p-33544.html HTTP/1.0" 301 72127 "-" "Mozilla/5.0 (compatible; MJ12bot/v1.4.8; http://mj12bot.com/)"
135.181.180.59 - - [26/Sep/2022:05:40:17 +0200] "GET /-p-33544.html HTTP/1.0" 200 72060 "-" "Mozilla/5.0 (compatible; MJ12bot/v1.4.8; http://mj12bot.com/)"
185.191.171.6 - - [26/Sep/2022:05:40:18 +0200] "GET /deco-soapstone-tree-life-orange-p-53791.html HTTP/1.0" 200 75645 "-" "Mozilla/5.0 (compatible; SemrushBot/7~bl; +http://www.semrush.com/bot.html)"
135.181.180.59 - - [26/Sep/2022:05:40:20 +0200] "GET /london-tray-p-9881.html HTTP/1.0" 301 72124 "-" "Mozilla/5.0 (compatible; MJ12bot/v1.4.8; http://mj12bot.com/)"
135.181.180.59 - - [26/Sep/2022:05:40:22 +0200] "GET /-p-9881.html HTTP/1.0" 200 72058 "-" "Mozilla/5.0 (compatible; MJ12bot/v1.4.8; http://mj12bot.com/)"
135.181.180.59 - - [26/Sep/2022:05:40:25 +0200] "GET /london-underground-canvas-frame-20-20-cm-p-33989.html HTTP/1.0" 301 72127 "-" "Mozilla/5.0 (compatible; MJ12bot/v1.4.8; http://mj12bot.com/)"
135.181.180.59 - - [26/Sep/2022:05:40:28 +0200] "GET /-p-33989.html HTTP/1.0" 200 72060 "-" "Mozilla/5.0 (compatible; MJ12bot/v1.4.8; http://mj12bot.com/)"
135.181.180.59 - - [26/Sep/2022:05:40:30 +0200] "GET /london-union-jack-clock-p-10801.html HTTP/1.0" 200 74693 "-" "Mozilla/5.0 (compatible; MJ12bot/v1.4.8; http://mj12bot.com/)"
135.181.180.59 - - [26/Sep/2022:05:40:33 +0200] "GET /london-union-jack-tray-p-9883.html HTTP/1.0" 301 72124 "-" "Mozilla/5.0 (compatible; MJ12bot/v1.4.8; http://mj12bot.com/)"
135.181.180.59 - - [26/Sep/2022:05:40:36 +0200] "GET /-p-9883.html HTTP/1.0" 200 72058 "-" "Mozilla/5.0 (compatible; MJ12bot/v1.4.8; http://mj12bot.com/)"
34.220.203.99 - - [26/Sep/2022:05:40:39 +0200] "GET /images/mini_prod/3520071678474.jpg HTTP/1.0" 200 269 "-" "Mozilla/5.0 (X11; Ubuntu; Linux x86_64; rv:72.0) Gecko/20100101 Firefox/72.0"
135.181.180.59 - - [26/Sep/2022:05:40:39 +0200] "GET /longboard-decorative-surfboard-light-bleu-background-p-50792.html HTTP/1.0" 200 72264 "-" "Mozilla/5.0 (compatible; MJ12bot/v1.4.8; http://mj12bot.com/)"
185.191.171.33 - - [26/Sep/2022:05:40:41 +0200] "GET /angel-figurine-heart-p-58767.html HTTP/1.0" 200 75021 "-" "Mozilla/5.0 (compatible; SemrushBot/7~bl; +http://www.semrush.com/bot.html)"
135.181.180.59 - - [26/Sep/2022:05:40:42 +0200] "GET /longboard-decorative-surfboard-on-light-bleu-background-p-50792.html HTTP/1.0" 301 72383 "-" "Mozilla/5.0 (compatible; MJ12bot/v1.4.8; http://mj12bot.com/)"
67.185.67.173 - - [26/Sep/2022:05:40:44 +0200] "GET /small-akio-night-light-hello-kitty-cloud-p-51497.html HTTP/1.0" 200 72222 "https://www.google.com/" "Mozilla/5.0 (Macintosh; Intel Mac OS X 10_15_7) AppleWebKit/537.36 (KHTML, like Gecko) Chrome/104.0.0.0 Safari/537.36"
106.52.131.116 - - [26/Sep/2022:05:40:46 +0200] "GET /images/mini_prod/verity1186747041830.jpg HTTP/1.0" 200 275 "-" "Mozilla/5.0 (X11; Ubuntu; Linux x86_64; rv:72.0) Gecko/20100101 Firefox/72.0"
67.185.67.173 - - [26/Sep/2022:05:40:46 +0200] "GET /templates/Pixame_v1/stylesheet.css HTTP/1.0" 200 267 "http://www.wonder-geek.com/small-akio-night-light-hello-kitty-cloud-p-51497.html" "Mozilla/5.0 (Macintosh; Intel Mac OS X 10_15_7) AppleWebKit/537.36 (KHTML, like Gecko) Chrome/104.0.0.0 Safari/537.36"
67.185.67.173 - - [26/Sep/2022:05:40:46 +0200] "GET /highslide/highslide.js HTTP/1.0" 200 262 "http://www.wonder-geek.com/small-akio-night-light-hello-kitty-cloud-p-51497.html" "Mozilla/5.0 (Macintosh; Intel Mac OS X 10_15_7) AppleWebKit/537.36 (KHTML, like Gecko) Chrome/104.0.0.0 Safari/537.36"
67.185.67.173 - - [26/Sep/2022:05:40:47 +0200] "GET /js/jquery.js HTTP/1.0" 200 252 "http://www.wonder-geek.com/small-akio-night-light-hello-kitty-cloud-p-51497.html" "Mozilla/5.0 (Macintosh; Intel Mac OS X 10_15_7) AppleWebKit/537.36 (KHTML, like Gecko) Chrome/104.0.0.0 Safari/537.36"
67.185.67.173 - - [26/Sep/2022:05:40:47 +0200] "GET /js/jquery.jqzoom.js HTTP/1.0" 200 259 "http://www.wonder-geek.com/small-akio-night-light-hello-kitty-cloud-p-51497.html" "Mozilla/5.0 (Macintosh; Intel Mac OS X 10_15_7) AppleWebKit/537.36 (KHTML, like Gecko) Chrome/104.0.0.0 Safari/537.36"
67.185.67.173 - - [26/Sep/2022:05:40:47 +0200] "GET /mondial_relay/js/jquery-1.3.2.min.js HTTP/1.0" 200 276 "http://www.wonder-geek.com/small-akio-night-light-hello-kitty-cloud-p-51497.html" "Mozilla/5.0 (Macintosh; Intel Mac OS X 10_15_7) AppleWebKit/537.36 (KHTML, like Gecko) Chrome/104.0.0.0 Safari/537.36"
135.181.180.59 - - [26/Sep/2022:05:40:46 +0200] "GET /longboard-decorative-surfboard-light-bleu-background-p-50792.html HTTP/1.0" 200 72264 "-" "Mozilla/5.0 (compatible; MJ12bot/v1.4.8; http://mj12bot.com/)"
67.185.67.173 - - [26/Sep/2022:05:40:47 +0200] "GET /swfobject.js HTTP/1.0" 404 1308 "http://www.wonder-geek.com/small-akio-night-light-hello-kitty-cloud-p-51497.html" "Mozilla/5.0 (Macintosh; Intel Mac OS X 10_15_7) AppleWebKit/537.36 (KHTML, like Gecko) Chrome/104.0.0.0 Safari/537.36"
67.185.67.173 - - [26/Sep/2022:05:40:47 +0200] "GET /templates/Pixame_v1/images/icon_accueil2.png HTTP/1.0" 200 278 "http://www.wonder-geek.com/small-akio-night-light-hello-kitty-cloud-p-51497.html" "Mozilla/5.0 (Macintosh; Intel Mac OS X 10_15_7) AppleWebKit/537.36 (KHTML, like Gecko) Chrome/104.0.0.0 Safari/537.36"
67.185.67.173 - - [26/Sep/2022:05:40:47 +0200] "GET /templates/Pixame_v1/images/infobox/pixel_trans.gif HTTP/1.0" 200 328 "http://www.wonder-geek.com/small-akio-night-light-hello-kitty-cloud-p-51497.html" "Mozilla/5.0 (Macintosh; Intel Mac OS X 10_15_7) AppleWebKit/537.36 (KHTML, like Gecko) Chrome/104.0.0.0 Safari/537.36"
67.185.67.173 - - [26/Sep/2022:05:40:48 +0200] "GET /templates/Pixame_v1/images/Bottom_texture.jpg HTTP/1.0" 200 280 "http://www.wonder-geek.com/templates/Pixame_v1/stylesheet.css" "Mozilla/5.0 (Macintosh; Intel Mac OS X 10_15_7) AppleWebKit/537.36 (KHTML, like Gecko) Chrome/104.0.0.0 Safari/537.36"
67.185.67.173 - - [26/Sep/2022:05:40:48 +0200] "GET /templates/Pixame_v1/images/Middle_texture.jpg HTTP/1.0" 200 280 "http://www.wonder-geek.com/templates/Pixame_v1/stylesheet.css" "Mozilla/5.0 (Macintosh; Intel Mac OS X 10_15_7) AppleWebKit/537.36 (KHTML, like Gecko) Chrome/104.0.0.0 Safari/537.36"
67.185.67.173 - - [26/Sep/2022:05:40:48 +0200] "GET /templates/Pixame_v1/images/header.png HTTP/1.0" 200 271 "http://www.wonder-geek.com/templates/Pixame_v1/stylesheet.css" "Mozilla/5.0 (Macintosh; Intel Mac OS X 10_15_7) AppleWebKit/537.36 (KHTML, like Gecko) Chrome/104.0.0.0 Safari/537.36"
67.185.67.173 - - [26/Sep/2022:05:40:48 +0200] "GET /templates/Pixame_v1/images/header-object.png HTTP/1.0" 200 278 "http://www.wonder-geek.com/templates/Pixame_v1/stylesheet.css" "Mozilla/5.0 (Macintosh; Intel Mac OS X 10_15_7) AppleWebKit/537.36 (KHTML, like Gecko) Chrome/104.0.0.0 Safari/537.36"
67.185.67.173 - - [26/Sep/2022:05:40:49 +0200] "GET /templates/Pixame_v1/images/nav.png HTTP/1.0" 200 268 "http://www.wonder-geek.com/templates/Pixame_v1/stylesheet.css" "Mozilla/5.0 (Macintosh; Intel Mac OS X 10_15_7) AppleWebKit/537.36 (KHTML, like Gecko) Chrome/104.0.0.0 Safari/537.36"
67.185.67.173 - - [26/Sep/2022:05:40:49 +0200] "GET /templates/Pixame_v1/images/infobox/infobox_footer_middle.gif HTTP/1.0" 200 357 "http://www.wonder-geek.com/small-akio-night-light-hello-kitty-cloud-p-51497.html" "Mozilla/5.0 (Macintosh; Intel Mac OS X 10_15_7) AppleWebKit/537.36 (KHTML, like Gecko) Chrome/104.0.0.0 Safari/537.36"
67.185.67.173 - - [26/Sep/2022:05:40:49 +0200] "GET /design/productsenstock.png HTTP/1.0" 200 260 "http://www.wonder-geek.com/templates/Pixame_v1/stylesheet.css" "Mozilla/5.0 (Macintosh; Intel Mac OS X 10_15_7) AppleWebKit/537.36 (KHTML, like Gecko) Chrome/104.0.0.0 Safari/537.36"
67.185.67.173 - - [26/Sep/2022:05:40:49 +0200] "GET /images/pixel_trans.gif HTTP/1.0" 200 328 "http://www.wonder-geek.com/small-akio-night-light-hello-kitty-cloud-p-51497.html" "Mozilla/5.0 (Macintosh; Intel Mac OS X 10_15_7) AppleWebKit/537.36 (KHTML, like Gecko) Chrome/104.0.0.0 Safari/537.36"
67.185.67.173 - - [26/Sep/2022:05:40:49 +0200] "GET /templates/Pixame_v1/images/pixel_trans.gif HTTP/1.0" 200 328 "http://www.wonder-geek.com/small-akio-night-light-hello-kitty-cloud-p-51497.html" "Mozilla/5.0 (Macintosh; Intel Mac OS X 10_15_7) AppleWebKit/537.36 (KHTML, like Gecko) Chrome/104.0.0.0 Safari/537.36"
67.185.67.173 - - [26/Sep/2022:05:40:49 +0200] "GET /templates/Pixame_v1/images/buttons/english/button_continue.gif HTTP/1.0" 200 1264 "http://www.wonder-geek.com/small-akio-night-light-hello-kitty-cloud-p-51497.html" "Mozilla/5.0 (Macintosh; Intel Mac OS X 10_15_7) AppleWebKit/537.36 (KHTML, like Gecko) Chrome/104.0.0.0 Safari/537.36"
67.185.67.173 - - [26/Sep/2022:05:40:50 +0200] "GET /highslide/graphics/loader.white.gif HTTP/1.0" 200 960 "http://www.wonder-geek.com/templates/Pixame_v1/stylesheet.css" "Mozilla/5.0 (Macintosh; Intel Mac OS X 10_15_7) AppleWebKit/537.36 (KHTML, like Gecko) Chrome/104.0.0.0 Safari/537.36"
67.185.67.173 - - [26/Sep/2022:05:40:50 +0200] "GET /highslide/graphics/zoomout.cur HTTP/1.0" 200 614 "http://www.wonder-geek.com/small-akio-night-light-hello-kitty-cloud-p-51497.html" "Mozilla/5.0 (Macintosh; Intel Mac OS X 10_15_7) AppleWebKit/537.36 (KHTML, like Gecko) Chrome/104.0.0.0 Safari/537.36"
67.185.67.173 - - [26/Sep/2022:05:40:50 +0200] "GET /highslide/graphics/outlines/drop-shadow.png HTTP/1.0" 200 277 "http://www.wonder-geek.com/small-akio-night-light-hello-kitty-cloud-p-51497.html" "Mozilla/5.0 (Macintosh; Intel Mac OS X 10_15_7) AppleWebKit/537.36 (KHTML, like Gecko) Chrome/104.0.0.0 Safari/537.36"
67.185.67.173 - - [26/Sep/2022:05:40:50 +0200] "GET /favicon.ico HTTP/1.0" 200 260 "http://www.wonder-geek.com/small-akio-night-light-hello-kitty-cloud-p-51497.html" "Mozilla/5.0 (Macintosh; Intel Mac OS X 10_15_7) AppleWebKit/537.36 (KHTML, like Gecko) Chrome/104.0.0.0 Safari/537.36"
135.181.180.59 - - [26/Sep/2022:05:40:49 +0200] "GET /looney-tunes-baby-pair-of-socks-size-24-26-p-25407.html HTTP/1.0" 301 72127 "-" "Mozilla/5.0 (compatible; MJ12bot/v1.4.8; http://mj12bot.com/)"
135.181.180.59 - - [26/Sep/2022:05:40:51 +0200] "GET /-p-25407.html HTTP/1.0" 200 72060 "-" "Mozilla/5.0 (compatible; MJ12bot/v1.4.8; http://mj12bot.com/)"
135.181.180.59 - - [26/Sep/2022:05:40:54 +0200] "GET /looney-tunes-baby-pairs-of-socks-size-18-20-p-25402.html HTTP/1.0" 301 72127 "-" "Mozilla/5.0 (compatible; MJ12bot/v1.4.8; http://mj12bot.com/)"
135.181.180.59 - - [26/Sep/2022:05:40:57 +0200] "GET /-p-25402.html HTTP/1.0" 200 72060 "-" "Mozilla/5.0 (compatible; MJ12bot/v1.4.8; http://mj12bot.com/)"
173.252.83.11 - - [26/Sep/2022:05:41:01 +0200] "GET /images/mini_prod/4044927061641.jpg HTTP/1.0" 200 269 "-" "facebookexternalhit/1.1 (+http://www.facebook.com/externalhit_uatext.php)"
135.181.180.59 - - [26/Sep/2022:05:41:00 +0200] "GET /looney-tunes-baby-pairs-of-socks-size-18-20-p-25403.html HTTP/1.0" 301 72127 "-" "Mozilla/5.0 (compatible; MJ12bot/v1.4.8; http://mj12bot.com/)"
135.181.180.59 - - [26/Sep/2022:05:41:03 +0200] "GET /-p-25403.html HTTP/1.0" 200 72060 "-" "Mozilla/5.0 (compatible; MJ12bot/v1.4.8; http://mj12bot.com/)"
135.181.180.59 - - [26/Sep/2022:05:41:06 +0200] "GET /looney-tunes-baby-pairs-of-socks-size-21-23-p-25404.html HTTP/1.0" 301 72127 "-" "Mozilla/5.0 (compatible; MJ12bot/v1.4.8; http://mj12bot.com/)"
135.181.180.59 - - [26/Sep/2022:05:41:08 +0200] "GET /-p-25404.html HTTP/1.0" 200 72060 "-" "Mozilla/5.0 (compatible; MJ12bot/v1.4.8; http://mj12bot.com/)"
135.181.180.59 - - [26/Sep/2022:05:41:12 +0200] "GET /looney-tunes-baby-pairs-of-socks-size-24-26-p-25400.html HTTP/1.0" 301 72127 "-" "Mozilla/5.0 (compatible; MJ12bot/v1.4.8; http://mj12bot.com/)"
135.181.180.59 - - [26/Sep/2022:05:41:14 +0200] "GET /-p-25400.html HTTP/1.0" 200 72060 "-" "Mozilla/5.0 (compatible; MJ12bot/v1.4.8; http://mj12bot.com/)"
135.181.180.59 - - [26/Sep/2022:05:41:18 +0200] "GET /looney-tunes-baby-pairs-of-socks-size-24-26-p-25401.html HTTP/1.0" 301 72127 "-" "Mozilla/5.0 (compatible; MJ12bot/v1.4.8; http://mj12bot.com/)"
135.181.180.59 - - [26/Sep/2022:05:41:20 +0200] "GET /-p-25401.html HTTP/1.0" 200 72060 "-" "Mozilla/5.0 (compatible; MJ12bot/v1.4.8; http://mj12bot.com/)"
185.191.171.35 - - [26/Sep/2022:05:41:22 +0200] "GET /dream-catcher-white-p-51027.html HTTP/1.0" 200 74816 "-" "Mozilla/5.0 (compatible; SemrushBot/7~bl; +http://www.semrush.com/bot.html)"
135.181.180.59 - - [26/Sep/2022:05:41:23 +0200] "GET /looney-tunes-little-backpack-p-10635.html HTTP/1.0" 200 72158 "-" "Mozilla/5.0 (compatible; MJ12bot/v1.4.8; http://mj12bot.com/)"
38.142.11.235 - - [26/Sep/2022:05:41:26 +0200] "GET /images/mini_prod/1384010204245.jpg HTTP/1.0" 200 269 "-" "Mozilla/5.0 (X11; Ubuntu; Linux x86_64; rv:72.0) Gecko/20100101 Firefox/72.0"
135.181.180.59 - - [26/Sep/2022:05:41:27 +0200] "GET /lord-brian-london-p-39518.html HTTP/1.0" 301 72127 "-" "Mozilla/5.0 (compatible; MJ12bot/v1.4.8; http://mj12bot.com/)"
135.181.180.59 - - [26/Sep/2022:05:41:30 +0200] "GET /-p-39518.html HTTP/1.0" 200 72060 "-" "Mozilla/5.0 (compatible; MJ12bot/v1.4.8; http://mj12bot.com/)"
135.181.180.59 - - [26/Sep/2022:05:41:34 +0200] "GET /lord-brian-london-tea-box-p-39518.html HTTP/1.0" 301 72127 "-" "Mozilla/5.0 (compatible; MJ12bot/v1.4.8; http://mj12bot.com/)"
135.181.180.59 - - [26/Sep/2022:05:41:36 +0200] "GET /-p-39518.html HTTP/1.0" 200 72060 "-" "Mozilla/5.0 (compatible; MJ12bot/v1.4.8; http://mj12bot.com/)"
135.181.180.59 - - [26/Sep/2022:05:41:40 +0200] "GET /lot-totema-charcoal-grey-napkins-p-34059.html HTTP/1.0" 301 72127 "-" "Mozilla/5.0 (compatible; MJ12bot/v1.4.8; http://mj12bot.com/)"
135.181.180.59 - - [26/Sep/2022:05:41:42 +0200] "GET /-p-34059.html HTTP/1.0" 200 72060 "-" "Mozilla/5.0 (compatible; MJ12bot/v1.4.8; http://mj12bot.com/)"
135.181.180.59 - - [26/Sep/2022:05:41:45 +0200] "GET /lotus-candleholder-chakra-yellow-silverlining-p-35526.html HTTP/1.0" 301 72127 "-" "Mozilla/5.0 (compatible; MJ12bot/v1.4.8; http://mj12bot.com/)"
135.181.180.59 - - [26/Sep/2022:05:41:48 +0200] "GET /-p-35526.html HTTP/1.0" 200 72060 "-" "Mozilla/5.0 (compatible; MJ12bot/v1.4.8; http://mj12bot.com/)"
173.252.83.16 - - [26/Sep/2022:05:41:50 +0200] "GET /images/mini_prod/1384010207420.jpg HTTP/1.0" 200 269 "-" "facebookexternalhit/1.1 (+http://www.facebook.com/externalhit_uatext.php)"
135.181.180.59 - - [26/Sep/2022:05:41:51 +0200] "GET /lotus-candleholder-light-white-p-40683.html HTTP/1.0" 200 76178 "-" "Mozilla/5.0 (compatible; MJ12bot/v1.4.8; http://mj12bot.com/)"
173.252.83.2 - - [26/Sep/2022:05:41:54 +0200] "GET /images/mini_prod/8435306265839.jpg HTTP/1.0" 200 269 "-" "facebookexternalhit/1.1 (+http://www.facebook.com/externalhit_uatext.php)"
135.181.180.59 - - [26/Sep/2022:05:41:54 +0200] "GET /love-cats-salt-and-pepper-shakers-p-37306.html HTTP/1.0" 301 74881 "-" "Mozilla/5.0 (compatible; MJ12bot/v1.4.8; http://mj12bot.com/)"
34.72.114.189 - - [26/Sep/2022:05:41:56 +0200] "GET /images/mini_prod/8424001552757.jpg HTTP/1.0" 200 269 "-" "Mozilla/5.0 (X11; Ubuntu; Linux x86_64; rv:72.0) Gecko/20100101 Firefox/72.0"
34.72.114.189 - - [26/Sep/2022:05:41:56 +0200] "GET /images/mini_prod/8424001552757.jpg HTTP/1.0" 200 269 "-" "Mozilla/5.0 (X11; Ubuntu; Linux x86_64; rv:72.0) Gecko/20100101 Firefox/72.0"
135.181.180.59 - - [26/Sep/2022:05:41:57 +0200] "GET /love-cats-salt-pepper-shakers-p-37306.html HTTP/1.0" 200 74785 "-" "Mozilla/5.0 (compatible; MJ12bot/v1.4.8; http://mj12bot.com/)"
195.191.219.131 - - [26/Sep/2022:05:42:00 +0200] "GET /robots.txt HTTP/1.0" 200 245 "-" "Mozilla/5.0 (compatible; MJ12bot/v1.4.8; http://mj12bot.com/)"
54.36.148.3 - - [26/Sep/2022:05:41:58 +0200] "GET /lampshades-c-86_277.html HTTP/1.0" 200 89819 "-" "Mozilla/5.0 (compatible; AhrefsBot/7.0; +http://ahrefs.com/robot/)"
135.181.180.59 - - [26/Sep/2022:05:42:00 +0200] "GET /love-cats-salt-and-pepper-shakers-p-42695.html HTTP/1.0" 301 72127 "-" "Mozilla/5.0 (compatible; MJ12bot/v1.4.8; http://mj12bot.com/)"
135.181.180.59 - - [26/Sep/2022:05:42:04 +0200] "GET /-p-42695.html HTTP/1.0" 200 72060 "-" "Mozilla/5.0 (compatible; MJ12bot/v1.4.8; http://mj12bot.com/)"
195.191.219.131 - - [26/Sep/2022:05:42:02 +0200] "GET / HTTP/1.0" 200 151948 "-" "Mozilla/5.0 (compatible; MJ12bot/v1.4.8; http://mj12bot.com/)"
135.181.180.59 - - [26/Sep/2022:05:42:07 +0200] "GET /love-cats-salt-pepper-shakers-p-37306.html HTTP/1.0" 200 74785 "-" "Mozilla/5.0 (compatible; MJ12bot/v1.4.8; http://mj12bot.com/)"
185.191.171.43 - - [26/Sep/2022:05:42:09 +0200] "GET /-p-19046.html HTTP/1.0" 200 72060 "-" "Mozilla/5.0 (compatible; SemrushBot/7~bl; +http://www.semrush.com/bot.html)"
135.181.180.59 - - [26/Sep/2022:05:42:09 +0200] "GET /love-is-beagle-hug-snoopy-with-woodstocks-figurine-p-31973.html HTTP/1.0" 301 72127 "-" "Mozilla/5.0 (compatible; MJ12bot/v1.4.8; http://mj12bot.com/)"
135.181.180.59 - - [26/Sep/2022:05:42:12 +0200] "GET /-p-31973.html HTTP/1.0" 200 72060 "-" "Mozilla/5.0 (compatible; MJ12bot/v1.4.8; http://mj12bot.com/)"
135.181.180.59 - - [26/Sep/2022:05:42:15 +0200] "GET /love-new-york-bedclothes-240-220-cm-p-28704.html HTTP/1.0" 301 72127 "-" "Mozilla/5.0 (compatible; MJ12bot/v1.4.8; http://mj12bot.com/)"
135.181.180.59 - - [26/Sep/2022:05:42:18 +0200] "GET /-p-28704.html HTTP/1.0" 200 72060 "-" "Mozilla/5.0 (compatible; MJ12bot/v1.4.8; http://mj12bot.com/)"
135.181.180.59 - - [26/Sep/2022:05:42:21 +0200] "GET /love-nyc-bedclothes-140-200-cm-p-28710.html HTTP/1.0" 301 72127 "-" "Mozilla/5.0 (compatible; MJ12bot/v1.4.8; http://mj12bot.com/)"
135.181.180.59 - - [26/Sep/2022:05:42:24 +0200] "GET /-p-28710.html HTTP/1.0" 200 72060 "-" "Mozilla/5.0 (compatible; MJ12bot/v1.4.8; http://mj12bot.com/)"
135.181.180.59 - - [26/Sep/2022:05:42:27 +0200] "GET /love-paris-bedclothes-220-240-cm-p-33541.html HTTP/1.0" 301 72127 "-" "Mozilla/5.0 (compatible; MJ12bot/v1.4.8; http://mj12bot.com/)"
135.181.180.59 - - [26/Sep/2022:05:42:30 +0200] "GET /-p-33541.html HTTP/1.0" 200 72060 "-" "Mozilla/5.0 (compatible; MJ12bot/v1.4.8; http://mj12bot.com/)"
135.181.180.59 - - [26/Sep/2022:05:42:33 +0200] "GET /love-paris-little-tray-20-14-cm-p-39731.html HTTP/1.0" 301 74922 "-" "Mozilla/5.0 (compatible; MJ12bot/v1.4.8; http://mj12bot.com/)"
135.181.180.59 - - [26/Sep/2022:05:42:36 +0200] "GET /love-paris-little-tray-p-39731.html HTTP/1.0" 200 74833 "-" "Mozilla/5.0 (compatible; MJ12bot/v1.4.8; http://mj12bot.com/)"
185.191.171.45 - - [26/Sep/2022:05:42:36 +0200] "GET /jane-crowther-squirrel-saucer-p-57971.html HTTP/1.0" 200 75505 "-" "Mozilla/5.0 (compatible; SemrushBot/7~bl; +http://www.semrush.com/bot.html)"
135.181.180.59 - - [26/Sep/2022:05:42:39 +0200] "GET /love-paris-little-tray-p-39731.html HTTP/1.0" 200 74833 "-" "Mozilla/5.0 (compatible; MJ12bot/v1.4.8; http://mj12bot.com/)"
35.91.116.50 - - [26/Sep/2022:05:42:41 +0200] "GET /images/mini_prod/8412497597796.jpg HTTP/1.0" 200 269 "-" "Mozilla/5.0 (X11; Ubuntu; Linux x86_64; rv:72.0) Gecko/20100101 Firefox/72.0"
135.181.180.59 - - [26/Sep/2022:05:42:42 +0200] "GET /love-peace-purple-pencil-case-p-8687.html HTTP/1.0" 301 72124 "-" "Mozilla/5.0 (compatible; MJ12bot/v1.4.8; http://mj12bot.com/)"
135.181.180.59 - - [26/Sep/2022:05:42:45 +0200] "GET /-p-8687.html HTTP/1.0" 200 72058 "-" "Mozilla/5.0 (compatible; MJ12bot/v1.4.8; http://mj12bot.com/)"
135.181.180.59 - - [26/Sep/2022:05:42:48 +0200] "GET /love-personnalized-black-shell-galaxy-note-p-17687.html HTTP/1.0" 200 75050 "-" "Mozilla/5.0 (compatible; MJ12bot/v1.4.8; http://mj12bot.com/)"
135.181.180.59 - - [26/Sep/2022:05:42:50 +0200] "GET /love-personnalized-ipad-white-shell-p-17684.html HTTP/1.0" 200 75067 "-" "Mozilla/5.0 (compatible; MJ12bot/v1.4.8; http://mj12bot.com/)"
135.181.180.59 - - [26/Sep/2022:05:42:54 +0200] "GET /love-personnalized-iphone-shell-44s-p-17686.html HTTP/1.0" 301 75169 "-" "Mozilla/5.0 (compatible; MJ12bot/v1.4.8; http://mj12bot.com/)"
135.181.180.59 - - [26/Sep/2022:05:42:57 +0200] "GET /love-personnalized-iphone-shell-p-17686.html HTTP/1.0" 200 75071 "-" "Mozilla/5.0 (compatible; MJ12bot/v1.4.8; http://mj12bot.com/)"
135.181.180.59 - - [26/Sep/2022:05:43:00 +0200] "GET /love-personnalized-iphone-shell-p-17686.html HTTP/1.0" 200 75071 "-" "Mozilla/5.0 (compatible; MJ12bot/v1.4.8; http://mj12bot.com/)"
135.181.180.59 - - [26/Sep/2022:05:43:03 +0200] "GET /love-you-little-rabbit-cover-for-ipad-mini-p-24482.html HTTP/1.0" 301 72352 "-" "Mozilla/5.0 (compatible; MJ12bot/v1.4.8; http://mj12bot.com/)"
135.181.180.59 - - [26/Sep/2022:05:43:06 +0200] "GET /love-little-rabbit-cover-ipad-mini-p-24482.html HTTP/1.0" 200 72251 "-" "Mozilla/5.0 (compatible; MJ12bot/v1.4.8; http://mj12bot.com/)"
185.191.171.4 - - [26/Sep/2022:05:43:06 +0200] "GET /snowman-solar-powered-dancing-p-34143.html HTTP/1.0" 200 75000 "-" "Mozilla/5.0 (compatible; SemrushBot/7~bl; +http://www.semrush.com/bot.html)"
135.181.180.59 - - [26/Sep/2022:05:43:09 +0200] "GET /lu-petit-beurre-ceramic-mug-and-cup-p-41055.html HTTP/1.0" 301 74904 "-" "Mozilla/5.0 (compatible; MJ12bot/v1.4.8; http://mj12bot.com/)"
185.191.171.5 - - [26/Sep/2022:05:43:10 +0200] "GET /coca-cola-wall-bottle-opener-p-27918.html HTTP/1.0" 200 72162 "-" "Mozilla/5.0 (compatible; SemrushBot/7~bl; +http://www.semrush.com/bot.html)"
135.181.180.59 - - [26/Sep/2022:05:43:12 +0200] "GET /petit-beurre-ceramic-p-41055.html HTTP/1.0" 200 74817 "-" "Mozilla/5.0 (compatible; MJ12bot/v1.4.8; http://mj12bot.com/)"
135.181.180.59 - - [26/Sep/2022:05:43:15 +0200] "GET /lu-petit-beurre-deco-thermometer-p-15056.html HTTP/1.0" 301 72301 "-" "Mozilla/5.0 (compatible; MJ12bot/v1.4.8; http://mj12bot.com/)"
135.181.180.59 - - [26/Sep/2022:05:43:18 +0200] "GET /petit-beurre-deco-thermometer-p-15056.html HTTP/1.0" 200 72205 "-" "Mozilla/5.0 (compatible; MJ12bot/v1.4.8; http://mj12bot.com/)"
135.181.180.59 - - [26/Sep/2022:05:43:21 +0200] "GET /lu-petit-beurre-paper-towel-dispenser-p-26828.html HTTP/1.0" 301 72127 "-" "Mozilla/5.0 (compatible; MJ12bot/v1.4.8; http://mj12bot.com/)"
135.181.180.59 - - [26/Sep/2022:05:43:23 +0200] "GET /-p-26828.html HTTP/1.0" 200 72060 "-" "Mozilla/5.0 (compatible; MJ12bot/v1.4.8; http://mj12bot.com/)"
