94.23.203.202 - - [26/Sep/2022:04:35:10 +0200] "GET /little-prince-exupry-plane-p-57309.html HTTP/1.0" 200 75775 "-" "Mozilla/5.0 (compatible; MJ12bot/v1.4.8; http://mj12bot.com/)"
95.217.195.123 - - [26/Sep/2022:04:35:13 +0200] "GET /all-blacks-ball-keyring-p-14455.html HTTP/1.0" 301 72247 "-" "Mozilla/5.0 (compatible; MJ12bot/v1.4.8; http://mj12bot.com/)"
94.23.203.202 - - [26/Sep/2022:04:35:13 +0200] "GET /little-wood-suitcase-with-butterfly-p-41756.html HTTP/1.0" 200 72226 "-" "Mozilla/5.0 (compatible; MJ12bot/v1.4.8; http://mj12bot.com/)"
94.23.203.202 - - [26/Sep/2022:04:35:16 +0200] "GET /littlest-petshop-chair-p-26651.html HTTP/1.0" 200 72161 "-" "Mozilla/5.0 (compatible; MJ12bot/v1.4.8; http://mj12bot.com/)"
95.217.195.123 - - [26/Sep/2022:04:35:16 +0200] "GET /blacks-ball-keyring-p-14455.html HTTP/1.0" 200 72161 "-" "Mozilla/5.0 (compatible; MJ12bot/v1.4.8; http://mj12bot.com/)"
75.119.142.113 - - [26/Sep/2022:04:35:18 +0200] "GET /-p-35526.html HTTP/1.0" 200 72060 "-" "Mozilla/5.0 (compatible; MJ12bot/v1.4.8; http://mj12bot.com/)"
94.23.203.202 - - [26/Sep/2022:04:35:19 +0200] "GET /littlest-petshop-foam-wall-stickers-p-7822.html HTTP/1.0" 301 72124 "-" "Mozilla/5.0 (compatible; MJ12bot/v1.4.8; http://mj12bot.com/)"
192.144.198.154 - - [26/Sep/2022:04:35:21 +0200] "GET /images/mini_prod/1384010202913.jpg HTTP/1.0" 200 269 "-" "python-requests/2.27.1"
95.217.195.123 - - [26/Sep/2022:04:35:20 +0200] "GET /allen-designs-blooms-p-54357.html HTTP/1.0" 200 72142 "-" "Mozilla/5.0 (compatible; MJ12bot/v1.4.8; http://mj12bot.com/)"
94.23.203.202 - - [26/Sep/2022:04:35:22 +0200] "GET /-p-7822.html HTTP/1.0" 200 72058 "-" "Mozilla/5.0 (compatible; MJ12bot/v1.4.8; http://mj12bot.com/)"
185.191.171.13 - - [26/Sep/2022:04:35:23 +0200] "GET /lotus-candle-holder-glass-p-42828.html HTTP/1.0" 200 75840 "-" "Mozilla/5.0 (compatible; SemrushBot/7~bl; +http://www.semrush.com/bot.html)"
75.119.142.113 - - [26/Sep/2022:04:35:25 +0200] "GET /-p-35603.html HTTP/1.0" 200 72060 "-" "Mozilla/5.0 (compatible; MJ12bot/v1.4.8; http://mj12bot.com/)"
94.23.203.202 - - [26/Sep/2022:04:35:25 +0200] "GET /littlest-petshop-long-sleeve-shirt-p-31034.html HTTP/1.0" 301 72127 "-" "Mozilla/5.0 (compatible; MJ12bot/v1.4.8; http://mj12bot.com/)"
95.217.195.123 - - [26/Sep/2022:04:35:28 +0200] "GET /anarchie-shirt-p-29581.html HTTP/1.0" 200 75668 "-" "Mozilla/5.0 (compatible; MJ12bot/v1.4.8; http://mj12bot.com/)"
94.23.203.202 - - [26/Sep/2022:04:35:29 +0200] "GET /-p-31034.html HTTP/1.0" 200 72060 "-" "Mozilla/5.0 (compatible; MJ12bot/v1.4.8; http://mj12bot.com/)"
94.23.203.202 - - [26/Sep/2022:04:35:32 +0200] "GET /littlest-petshop-monkey-pair-of-socks-size-23-26-p-25555.html HTTP/1.0" 301 72127 "-" "Mozilla/5.0 (compatible; MJ12bot/v1.4.8; http://mj12bot.com/)"
185.191.171.5 - - [26/Sep/2022:04:35:32 +0200] "GET /turtle-clock-allen-p-47466.html HTTP/1.0" 200 74862 "-" "Mozilla/5.0 (compatible; SemrushBot/7~bl; +http://www.semrush.com/bot.html)"
95.217.195.123 - - [26/Sep/2022:04:35:34 +0200] "GET /angry-birds-great-album-coloring-p-19166.html HTTP/1.0" 301 72127 "-" "Mozilla/5.0 (compatible; MJ12bot/v1.4.8; http://mj12bot.com/)"
94.23.203.202 - - [26/Sep/2022:04:35:34 +0200] "GET /-p-25555.html HTTP/1.0" 200 72060 "-" "Mozilla/5.0 (compatible; MJ12bot/v1.4.8; http://mj12bot.com/)"
75.119.142.113 - - [26/Sep/2022:04:35:37 +0200] "GET /-p-35855.html HTTP/1.0" 200 72060 "-" "Mozilla/5.0 (compatible; MJ12bot/v1.4.8; http://mj12bot.com/)"
94.23.203.202 - - [26/Sep/2022:04:35:38 +0200] "GET /littlest-petshop-pairs-of-socks-size-23-26-p-25557.html HTTP/1.0" 301 72127 "-" "Mozilla/5.0 (compatible; MJ12bot/v1.4.8; http://mj12bot.com/)"
95.217.195.123 - - [26/Sep/2022:04:35:40 +0200] "GET /-p-19166.html HTTP/1.0" 200 72060 "-" "Mozilla/5.0 (compatible; MJ12bot/v1.4.8; http://mj12bot.com/)"
94.23.203.202 - - [26/Sep/2022:04:35:40 +0200] "GET /-p-25557.html HTTP/1.0" 200 72060 "-" "Mozilla/5.0 (compatible; MJ12bot/v1.4.8; http://mj12bot.com/)"
185.191.171.25 - - [26/Sep/2022:04:35:42 +0200] "GET /madonna-and-child-figurine-foundations-by-karen-hahn-p-43023.html HTTP/1.0" 301 76060 "-" "Mozilla/5.0 (compatible; SemrushBot/7~bl; +http://www.semrush.com/bot.html)"
94.23.203.202 - - [26/Sep/2022:04:35:43 +0200] "GET /littlest-petshop-pairs-of-socks-size-23-26-p-25562.html HTTP/1.0" 301 72127 "-" "Mozilla/5.0 (compatible; MJ12bot/v1.4.8; http://mj12bot.com/)"
185.191.171.18 - - [26/Sep/2022:04:35:45 +0200] "GET /madonna-child-figurine-foundations-karen-hahn-p-43023.html HTTP/1.0" 200 75948 "-" "Mozilla/5.0 (compatible; SemrushBot/7~bl; +http://www.semrush.com/bot.html)"
95.217.195.123 - - [26/Sep/2022:04:35:45 +0200] "GET /angry-cat-white-women-tee-shirt-p-33791.html HTTP/1.0" 301 77054 "-" "Mozilla/5.0 (compatible; MJ12bot/v1.4.8; http://mj12bot.com/)"
75.119.142.113 - - [26/Sep/2022:04:35:46 +0200] "GET /-p-36204.html HTTP/1.0" 200 72060 "-" "Mozilla/5.0 (compatible; MJ12bot/v1.4.8; http://mj12bot.com/)"
94.23.203.202 - - [26/Sep/2022:04:35:46 +0200] "GET /-p-25562.html HTTP/1.0" 200 72060 "-" "Mozilla/5.0 (compatible; MJ12bot/v1.4.8; http://mj12bot.com/)"
94.23.203.202 - - [26/Sep/2022:04:35:50 +0200] "GET /littlest-petshop-pajamas-p-31306.html HTTP/1.0" 301 72127 "-" "Mozilla/5.0 (compatible; MJ12bot/v1.4.8; http://mj12bot.com/)"
185.191.171.11 - - [26/Sep/2022:04:35:51 +0200] "GET /bookend-wood-bicycle-p-44788.html HTTP/1.0" 200 72134 "-" "Mozilla/5.0 (compatible; SemrushBot/7~bl; +http://www.semrush.com/bot.html)"
95.217.195.123 - - [26/Sep/2022:04:35:51 +0200] "GET /angry-white-women-shirt-p-33791.html HTTP/1.0" 200 76964 "-" "Mozilla/5.0 (compatible; MJ12bot/v1.4.8; http://mj12bot.com/)"
75.119.142.113 - - [26/Sep/2022:04:35:51 +0200] "GET /-p-36391.html HTTP/1.0" 200 72060 "-" "Mozilla/5.0 (compatible; MJ12bot/v1.4.8; http://mj12bot.com/)"
94.23.203.202 - - [26/Sep/2022:04:35:53 +0200] "GET /-p-31306.html HTTP/1.0" 200 72060 "-" "Mozilla/5.0 (compatible; MJ12bot/v1.4.8; http://mj12bot.com/)"
94.23.203.202 - - [26/Sep/2022:04:35:57 +0200] "GET /littlest-petshop-pink-pair-of-socks-size-23-26-p-25552.html HTTP/1.0" 301 72127 "-" "Mozilla/5.0 (compatible; MJ12bot/v1.4.8; http://mj12bot.com/)"
75.119.142.113 - - [26/Sep/2022:04:35:58 +0200] "GET /-p-36454.html HTTP/1.0" 200 72060 "-" "Mozilla/5.0 (compatible; MJ12bot/v1.4.8; http://mj12bot.com/)"
94.23.203.202 - - [26/Sep/2022:04:36:00 +0200] "GET /-p-25552.html HTTP/1.0" 200 72060 "-" "Mozilla/5.0 (compatible; MJ12bot/v1.4.8; http://mj12bot.com/)"
95.217.195.123 - - [26/Sep/2022:04:36:00 +0200] "GET /angry-white-women-shirt-p-33791.html HTTP/1.0" 200 76964 "-" "Mozilla/5.0 (compatible; MJ12bot/v1.4.8; http://mj12bot.com/)"
94.23.203.202 - - [26/Sep/2022:04:36:03 +0200] "GET /littlest-petshop-polar-blanket-p-18161.html HTTP/1.0" 301 72127 "-" "Mozilla/5.0 (compatible; MJ12bot/v1.4.8; http://mj12bot.com/)"
95.217.195.123 - - [26/Sep/2022:04:36:04 +0200] "GET /ape-cappuccino-set-p-15596.html HTTP/1.0" 301 72183 "-" "Mozilla/5.0 (compatible; MJ12bot/v1.4.8; http://mj12bot.com/)"
75.119.142.113 - - [26/Sep/2022:04:36:05 +0200] "GET /-p-36700.html HTTP/1.0" 200 72060 "-" "Mozilla/5.0 (compatible; MJ12bot/v1.4.8; http://mj12bot.com/)"
94.23.203.202 - - [26/Sep/2022:04:36:06 +0200] "GET /-p-18161.html HTTP/1.0" 200 72060 "-" "Mozilla/5.0 (compatible; MJ12bot/v1.4.8; http://mj12bot.com/)"
54.36.149.105 - - [26/Sep/2022:04:36:06 +0200] "GET /small-baby-teeth-blue-small-mouse-p-44655.html HTTP/1.0" 200 74977 "-" "Mozilla/5.0 (compatible; AhrefsBot/7.0; +http://ahrefs.com/robot/)"
94.23.203.202 - - [26/Sep/2022:04:36:09 +0200] "GET /littlest-petshop-slipper-shoes-p-31309.html HTTP/1.0" 301 72127 "-" "Mozilla/5.0 (compatible; MJ12bot/v1.4.8; http://mj12bot.com/)"
95.217.195.123 - - [26/Sep/2022:04:36:09 +0200] "GET /cappuccino-p-15596.html HTTP/1.0" 200 72106 "-" "Mozilla/5.0 (compatible; MJ12bot/v1.4.8; http://mj12bot.com/)"
54.36.148.108 - - [26/Sep/2022:04:36:12 +0200] "GET /images/big_prod/3520071624044.jpg HTTP/1.0" 200 268 "-" "Mozilla/5.0 (compatible; AhrefsBot/7.0; +http://ahrefs.com/robot/)"
94.23.203.202 - - [26/Sep/2022:04:36:12 +0200] "GET /-p-31309.html HTTP/1.0" 200 72060 "-" "Mozilla/5.0 (compatible; MJ12bot/v1.4.8; http://mj12bot.com/)"
94.23.203.202 - - [26/Sep/2022:04:36:15 +0200] "GET /littlest-petshop-velvet-cushion-p-16113.html HTTP/1.0" 301 72127 "-" "Mozilla/5.0 (compatible; MJ12bot/v1.4.8; http://mj12bot.com/)"
95.217.195.123 - - [26/Sep/2022:04:36:16 +0200] "GET /aperophile-steel-sign-30-40-cm-p-47676.html HTTP/1.0" 301 74817 "-" "Mozilla/5.0 (compatible; MJ12bot/v1.4.8; http://mj12bot.com/)"
75.119.142.113 - - [26/Sep/2022:04:36:17 +0200] "GET /-p-36754.html HTTP/1.0" 200 72060 "-" "Mozilla/5.0 (compatible; MJ12bot/v1.4.8; http://mj12bot.com/)"
94.23.203.202 - - [26/Sep/2022:04:36:18 +0200] "GET /-p-16113.html HTTP/1.0" 200 72060 "-" "Mozilla/5.0 (compatible; MJ12bot/v1.4.8; http://mj12bot.com/)"
94.23.203.202 - - [26/Sep/2022:04:36:22 +0200] "GET /littlest-petshop-wolf-pair-of-socks-size-31-34-p-25568.html HTTP/1.0" 301 72127 "-" "Mozilla/5.0 (compatible; MJ12bot/v1.4.8; http://mj12bot.com/)"
95.217.195.123 - - [26/Sep/2022:04:36:22 +0200] "GET /aprophile-steel-sign-p-47676.html HTTP/1.0" 200 74730 "-" "Mozilla/5.0 (compatible; MJ12bot/v1.4.8; http://mj12bot.com/)"
94.23.203.202 - - [26/Sep/2022:04:36:25 +0200] "GET /-p-25568.html HTTP/1.0" 200 72060 "-" "Mozilla/5.0 (compatible; MJ12bot/v1.4.8; http://mj12bot.com/)"
75.119.142.113 - - [26/Sep/2022:04:36:26 +0200] "GET /-p-36942.html HTTP/1.0" 200 72060 "-" "Mozilla/5.0 (compatible; MJ12bot/v1.4.8; http://mj12bot.com/)"
185.191.171.25 - - [26/Sep/2022:04:36:26 +0200] "GET /maison-bonheur-wall-sticker-p-52421.html HTTP/1.0" 200 75461 "-" "Mozilla/5.0 (compatible; SemrushBot/7~bl; +http://www.semrush.com/bot.html)"
94.23.203.202 - - [26/Sep/2022:04:36:28 +0200] "GET /littlest-petshop-wolf-pairs-of-socks-size-23-26-p-25564.html HTTP/1.0" 301 72127 "-" "Mozilla/5.0 (compatible; MJ12bot/v1.4.8; http://mj12bot.com/)"
95.217.195.123 - - [26/Sep/2022:04:36:27 +0200] "GET /apron-adult-strawberry-and-cherries-p-37468.html HTTP/1.0" 301 72127 "-" "Mozilla/5.0 (compatible; MJ12bot/v1.4.8; http://mj12bot.com/)"
118.184.177.84 - - [26/Sep/2022:04:36:32 +0200] "GET / HTTP/1.0" 301 511 "-" "Sogou web spider/4.0(+http://www.sogou.com/docs/help/webmasters.htm#07)"
94.23.203.202 - - [26/Sep/2022:04:36:30 +0200] "GET /-p-25564.html HTTP/1.0" 200 72060 "-" "Mozilla/5.0 (compatible; MJ12bot/v1.4.8; http://mj12bot.com/)"
185.191.171.11 - - [26/Sep/2022:04:36:33 +0200] "GET /small-geisha-compartmentalized-metal-p-51732.html HTTP/1.0" 200 75935 "-" "Mozilla/5.0 (compatible; SemrushBot/7~bl; +http://www.semrush.com/bot.html)"
118.184.177.81 - - [26/Sep/2022:04:36:32 +0200] "GET / HTTP/1.0" 200 151695 "-" "Sogou web spider/4.0(+http://www.sogou.com/docs/help/webmasters.htm#07)"
94.23.203.202 - - [26/Sep/2022:04:36:33 +0200] "GET /littlest-petshop-yellow-pair-of-socks-size-31-34-p-25554.html HTTP/1.0" 301 72127 "-" "Mozilla/5.0 (compatible; MJ12bot/v1.4.8; http://mj12bot.com/)"
95.217.195.123 - - [26/Sep/2022:04:36:35 +0200] "GET /-p-37468.html HTTP/1.0" 200 72060 "-" "Mozilla/5.0 (compatible; MJ12bot/v1.4.8; http://mj12bot.com/)"
75.119.142.113 - - [26/Sep/2022:04:36:36 +0200] "GET /-p-37468.html HTTP/1.0" 200 72060 "-" "Mozilla/5.0 (compatible; MJ12bot/v1.4.8; http://mj12bot.com/)"
94.23.203.202 - - [26/Sep/2022:04:36:37 +0200] "GET /-p-25554.html HTTP/1.0" 200 72060 "-" "Mozilla/5.0 (compatible; MJ12bot/v1.4.8; http://mj12bot.com/)"
216.244.66.242 - - [26/Sep/2022:04:36:38 +0200] "GET /empty-tray-pocket-tree-life-pattern-carved-wood-p-53772.html HTTP/1.0" 200 75018 "-" "Mozilla/5.0 (compatible; DotBot/1.2; +https://opensiteexplorer.org/dotbot; help@moz.com)"
95.217.195.123 - - [26/Sep/2022:04:36:41 +0200] "GET /apron-adult-strawberry-cherries-p-37468.html HTTP/1.0" 301 72127 "-" "Mozilla/5.0 (compatible; MJ12bot/v1.4.8; http://mj12bot.com/)"
94.23.203.202 - - [26/Sep/2022:04:36:41 +0200] "GET /loire-castles-mug-p-29477.html HTTP/1.0" 301 72127 "-" "Mozilla/5.0 (compatible; MJ12bot/v1.4.8; http://mj12bot.com/)"
75.119.142.113 - - [26/Sep/2022:04:36:43 +0200] "GET /-p-37717.html HTTP/1.0" 200 72060 "-" "Mozilla/5.0 (compatible; MJ12bot/v1.4.8; http://mj12bot.com/)"
94.23.203.202 - - [26/Sep/2022:04:36:44 +0200] "GET /-p-29477.html HTTP/1.0" 200 72060 "-" "Mozilla/5.0 (compatible; MJ12bot/v1.4.8; http://mj12bot.com/)"
94.23.203.202 - - [26/Sep/2022:04:36:47 +0200] "GET /londog-eyelets-blackout-curtain-p-27859.html HTTP/1.0" 301 72127 "-" "Mozilla/5.0 (compatible; MJ12bot/v1.4.8; http://mj12bot.com/)"
75.119.142.113 - - [26/Sep/2022:04:36:48 +0200] "GET /-p-38361.html HTTP/1.0" 200 72060 "-" "Mozilla/5.0 (compatible; MJ12bot/v1.4.8; http://mj12bot.com/)"
95.217.195.123 - - [26/Sep/2022:04:36:49 +0200] "GET /-p-37468.html HTTP/1.0" 200 72060 "-" "Mozilla/5.0 (compatible; MJ12bot/v1.4.8; http://mj12bot.com/)"
216.244.66.242 - - [26/Sep/2022:04:36:49 +0200] "GET /table-bell-apero-p-58127.html HTTP/1.0" 200 75200 "-" "Mozilla/5.0 (compatible; DotBot/1.2; +https://opensiteexplorer.org/dotbot; help@moz.com)"
94.23.203.202 - - [26/Sep/2022:04:36:50 +0200] "GET /-p-27859.html HTTP/1.0" 200 72060 "-" "Mozilla/5.0 (compatible; MJ12bot/v1.4.8; http://mj12bot.com/)"
207.46.13.149 - - [26/Sep/2022:04:36:53 +0200] "GET /images/big_prod/8435333820537.jpg HTTP/1.0" 200 268 "-" "Mozilla/5.0 (compatible; bingbot/2.0; +http://www.bing.com/bingbot.htm)"
94.23.203.202 - - [26/Sep/2022:04:36:54 +0200] "GET /london-airways-bedclothes-220-240-cm-p-35314.html HTTP/1.0" 301 72127 "-" "Mozilla/5.0 (compatible; MJ12bot/v1.4.8; http://mj12bot.com/)"
95.217.195.123 - - [26/Sep/2022:04:36:54 +0200] "GET /aprophile-steel-sign-p-47676.html HTTP/1.0" 200 74730 "-" "Mozilla/5.0 (compatible; MJ12bot/v1.4.8; http://mj12bot.com/)"
75.119.142.113 - - [26/Sep/2022:04:36:56 +0200] "GET /-p-39518.html HTTP/1.0" 200 72060 "-" "Mozilla/5.0 (compatible; MJ12bot/v1.4.8; http://mj12bot.com/)"
94.23.203.202 - - [26/Sep/2022:04:36:57 +0200] "GET /-p-35314.html HTTP/1.0" 200 72060 "-" "Mozilla/5.0 (compatible; MJ12bot/v1.4.8; http://mj12bot.com/)"
94.23.203.202 - - [26/Sep/2022:04:37:00 +0200] "GET /london-applique-lighting-p-24771.html HTTP/1.0" 301 72127 "-" "Mozilla/5.0 (compatible; MJ12bot/v1.4.8; http://mj12bot.com/)"
95.217.195.123 - - [26/Sep/2022:04:37:00 +0200] "GET /arabica-potholder-p-52679.html HTTP/1.0" 200 72118 "-" "Mozilla/5.0 (compatible; MJ12bot/v1.4.8; http://mj12bot.com/)"
94.23.203.202 - - [26/Sep/2022:04:37:02 +0200] "GET /-p-24771.html HTTP/1.0" 200 72060 "-" "Mozilla/5.0 (compatible; MJ12bot/v1.4.8; http://mj12bot.com/)"
75.119.142.113 - - [26/Sep/2022:04:37:04 +0200] "GET /-p-39790.html HTTP/1.0" 200 72060 "-" "Mozilla/5.0 (compatible; MJ12bot/v1.4.8; http://mj12bot.com/)"
94.23.203.202 - - [26/Sep/2022:04:37:06 +0200] "GET /london-applique-lighting-p-24773.html HTTP/1.0" 301 72127 "-" "Mozilla/5.0 (compatible; MJ12bot/v1.4.8; http://mj12bot.com/)"
95.217.195.123 - - [26/Sep/2022:04:37:07 +0200] "GET /ariel-art-deco-figurine-p-36942.html HTTP/1.0" 301 72127 "-" "Mozilla/5.0 (compatible; MJ12bot/v1.4.8; http://mj12bot.com/)"
94.23.203.202 - - [26/Sep/2022:04:37:08 +0200] "GET /-p-24773.html HTTP/1.0" 200 72060 "-" "Mozilla/5.0 (compatible; MJ12bot/v1.4.8; http://mj12bot.com/)"
94.23.203.202 - - [26/Sep/2022:04:37:11 +0200] "GET /london-ashtray-p-36625.html HTTP/1.0" 200 74654 "-" "Mozilla/5.0 (compatible; MJ12bot/v1.4.8; http://mj12bot.com/)"
95.217.195.123 - - [26/Sep/2022:04:37:14 +0200] "GET /-p-36942.html HTTP/1.0" 200 72060 "-" "Mozilla/5.0 (compatible; MJ12bot/v1.4.8; http://mj12bot.com/)"
94.23.203.202 - - [26/Sep/2022:04:37:14 +0200] "GET /london-bar-stool-p-14155.html HTTP/1.0" 301 72185 "-" "Mozilla/5.0 (compatible; MJ12bot/v1.4.8; http://mj12bot.com/)"
94.23.203.202 - - [26/Sep/2022:04:37:17 +0200] "GET /london-stool-p-14155.html HTTP/1.0" 200 72106 "-" "Mozilla/5.0 (compatible; MJ12bot/v1.4.8; http://mj12bot.com/)"
75.119.142.113 - - [26/Sep/2022:04:37:17 +0200] "GET /-p-39874.html HTTP/1.0" 200 72060 "-" "Mozilla/5.0 (compatible; MJ12bot/v1.4.8; http://mj12bot.com/)"
94.23.203.202 - - [26/Sep/2022:04:37:20 +0200] "GET /london-bar-table-p-17572.html HTTP/1.0" 301 72127 "-" "Mozilla/5.0 (compatible; MJ12bot/v1.4.8; http://mj12bot.com/)"
95.217.195.123 - - [26/Sep/2022:04:37:21 +0200] "GET /ashtray-dotty-p-37717.html HTTP/1.0" 301 72127 "-" "Mozilla/5.0 (compatible; MJ12bot/v1.4.8; http://mj12bot.com/)"
94.23.203.202 - - [26/Sep/2022:04:37:23 +0200] "GET /-p-17572.html HTTP/1.0" 200 72060 "-" "Mozilla/5.0 (compatible; MJ12bot/v1.4.8; http://mj12bot.com/)"
75.119.142.113 - - [26/Sep/2022:04:37:24 +0200] "GET /-p-39883.html HTTP/1.0" 200 72060 "-" "Mozilla/5.0 (compatible; MJ12bot/v1.4.8; http://mj12bot.com/)"
95.217.195.123 - - [26/Sep/2022:04:37:26 +0200] "GET /-p-37717.html HTTP/1.0" 200 72060 "-" "Mozilla/5.0 (compatible; MJ12bot/v1.4.8; http://mj12bot.com/)"
185.191.171.6 - - [26/Sep/2022:04:37:28 +0200] "GET /chypre-bedclothes-p-52082.html HTTP/1.0" 200 72130 "-" "Mozilla/5.0 (compatible; SemrushBot/7~bl; +http://www.semrush.com/bot.html)"
94.23.203.202 - - [26/Sep/2022:04:37:29 +0200] "GET /london-beauty-nail-kit-p-28903.html HTTP/1.0" 301 74886 "-" "Mozilla/5.0 (compatible; MJ12bot/v1.4.8; http://mj12bot.com/)"
75.119.142.113 - - [26/Sep/2022:04:37:30 +0200] "GET /-p-40667.html HTTP/1.0" 200 72060 "-" "Mozilla/5.0 (compatible; MJ12bot/v1.4.8; http://mj12bot.com/)"
94.23.203.202 - - [26/Sep/2022:04:37:33 +0200] "GET /london-beauty-nail-p-28903.html HTTP/1.0" 200 74801 "-" "Mozilla/5.0 (compatible; MJ12bot/v1.4.8; http://mj12bot.com/)"
95.217.195.123 - - [26/Sep/2022:04:37:34 +0200] "GET /assassins-creed-pencil-case-p-40880.html HTTP/1.0" 301 72127 "-" "Mozilla/5.0 (compatible; MJ12bot/v1.4.8; http://mj12bot.com/)"
185.191.171.43 - - [26/Sep/2022:04:37:35 +0200] "GET /-p-47434.html HTTP/1.0" 200 72060 "-" "Mozilla/5.0 (compatible; SemrushBot/7~bl; +http://www.semrush.com/bot.html)"
75.119.142.113 - - [26/Sep/2022:04:37:36 +0200] "GET /-p-40880.html HTTP/1.0" 200 72060 "-" "Mozilla/5.0 (compatible; MJ12bot/v1.4.8; http://mj12bot.com/)"
94.23.203.202 - - [26/Sep/2022:04:37:37 +0200] "GET /london-beauty-nail-p-28903.html HTTP/1.0" 200 74801 "-" "Mozilla/5.0 (compatible; MJ12bot/v1.4.8; http://mj12bot.com/)"
95.217.195.123 - - [26/Sep/2022:04:37:38 +0200] "GET /-p-40880.html HTTP/1.0" 200 72060 "-" "Mozilla/5.0 (compatible; MJ12bot/v1.4.8; http://mj12bot.com/)"
75.119.142.113 - - [26/Sep/2022:04:37:41 +0200] "GET /-p-40894.html HTTP/1.0" 200 72060 "-" "Mozilla/5.0 (compatible; MJ12bot/v1.4.8; http://mj12bot.com/)"
95.217.195.123 - - [26/Sep/2022:04:37:41 +0200] "GET /atlantique-retro-malle-40-cm-p-41887.html HTTP/1.0" 301 72127 "-" "Mozilla/5.0 (compatible; MJ12bot/v1.4.8; http://mj12bot.com/)"
173.252.83.3 - - [26/Sep/2022:04:37:44 +0200] "GET /images/mini_prod/8422018883406.jpg HTTP/1.0" 200 269 "-" "facebookexternalhit/1.1 (+http://www.facebook.com/externalhit_uatext.php)"
94.23.203.202 - - [26/Sep/2022:04:37:44 +0200] "GET /london-best-street-style-cushion-p-27040.html HTTP/1.0" 301 72127 "-" "Mozilla/5.0 (compatible; MJ12bot/v1.4.8; http://mj12bot.com/)"
94.23.203.202 - - [26/Sep/2022:04:37:47 +0200] "GET /-p-27040.html HTTP/1.0" 200 72060 "-" "Mozilla/5.0 (compatible; MJ12bot/v1.4.8; http://mj12bot.com/)"
95.217.195.123 - - [26/Sep/2022:04:37:48 +0200] "GET /-p-41887.html HTTP/1.0" 200 72060 "-" "Mozilla/5.0 (compatible; MJ12bot/v1.4.8; http://mj12bot.com/)"
75.119.142.113 - - [26/Sep/2022:04:37:50 +0200] "GET /-p-41084.html HTTP/1.0" 200 72060 "-" "Mozilla/5.0 (compatible; MJ12bot/v1.4.8; http://mj12bot.com/)"
94.23.203.202 - - [26/Sep/2022:04:37:51 +0200] "GET /london-bus-keyring-p-22601.html HTTP/1.0" 301 74703 "-" "Mozilla/5.0 (compatible; MJ12bot/v1.4.8; http://mj12bot.com/)"
95.217.195.123 - - [26/Sep/2022:04:37:54 +0200] "GET /atlantique-rtro-malle-p-41887.html HTTP/1.0" 301 72127 "-" "Mozilla/5.0 (compatible; MJ12bot/v1.4.8; http://mj12bot.com/)"
185.191.171.9 - - [26/Sep/2022:04:37:53 +0200] "GET /love-peace-pink-shirt-p-30150.html HTTP/1.0" 200 76167 "-" "Mozilla/5.0 (compatible; SemrushBot/7~bl; +http://www.semrush.com/bot.html)"
94.23.203.202 - - [26/Sep/2022:04:37:55 +0200] "GET /london-keyring-p-22601.html HTTP/1.0" 200 74622 "-" "Mozilla/5.0 (compatible; MJ12bot/v1.4.8; http://mj12bot.com/)"
75.119.142.113 - - [26/Sep/2022:04:37:56 +0200] "GET /-p-41660.html HTTP/1.0" 200 72060 "-" "Mozilla/5.0 (compatible; MJ12bot/v1.4.8; http://mj12bot.com/)"
95.217.195.123 - - [26/Sep/2022:04:37:57 +0200] "GET /-p-41887.html HTTP/1.0" 200 72060 "-" "Mozilla/5.0 (compatible; MJ12bot/v1.4.8; http://mj12bot.com/)"
94.23.203.202 - - [26/Sep/2022:04:38:00 +0200] "GET /london-bus-keyring-p-24912.html HTTP/1.0" 301 74787 "-" "Mozilla/5.0 (compatible; MJ12bot/v1.4.8; http://mj12bot.com/)"
95.217.195.123 - - [26/Sep/2022:04:38:02 +0200] "GET /au-fil-du-temps-butter-dish-p-45335.html HTTP/1.0" 301 72222 "-" "Mozilla/5.0 (compatible; MJ12bot/v1.4.8; http://mj12bot.com/)"
54.36.148.124 - - [26/Sep/2022:04:38:03 +0200] "GET /marseille-football-stickers-p-35384.html HTTP/1.0" 200 74748 "-" "Mozilla/5.0 (compatible; AhrefsBot/7.0; +http://ahrefs.com/robot/)"
94.23.203.202 - - [26/Sep/2022:04:38:03 +0200] "GET /london-keyring-p-24912.html HTTP/1.0" 200 74706 "-" "Mozilla/5.0 (compatible; MJ12bot/v1.4.8; http://mj12bot.com/)"
75.119.142.113 - - [26/Sep/2022:04:38:04 +0200] "GET /-p-41776.html HTTP/1.0" 200 72060 "-" "Mozilla/5.0 (compatible; MJ12bot/v1.4.8; http://mj12bot.com/)"
95.217.195.123 - - [26/Sep/2022:04:38:06 +0200] "GET /temps-butter-dish-p-45335.html HTTP/1.0" 200 72138 "-" "Mozilla/5.0 (compatible; MJ12bot/v1.4.8; http://mj12bot.com/)"
185.191.171.4 - - [26/Sep/2022:04:38:08 +0200] "GET /deer-wall-stickers-p-51127.html HTTP/1.0" 200 75544 "-" "Mozilla/5.0 (compatible; SemrushBot/7~bl; +http://www.semrush.com/bot.html)"
94.23.203.202 - - [26/Sep/2022:04:38:08 +0200] "GET /london-bus-large-lamp-p-29350.html HTTP/1.0" 301 72127 "-" "Mozilla/5.0 (compatible; MJ12bot/v1.4.8; http://mj12bot.com/)"
42.194.215.216 - - [26/Sep/2022:04:38:13 +0200] "GET /images/mini_prod/B11068-copie-3.jpg HTTP/1.0" 200 270 "-" "Mozilla/5.0 (X11; Ubuntu; Linux x86_64; rv:72.0) Gecko/20100101 Firefox/72.0"
94.23.203.202 - - [26/Sep/2022:04:38:12 +0200] "GET /-p-29350.html HTTP/1.0" 200 72060 "-" "Mozilla/5.0 (compatible; MJ12bot/v1.4.8; http://mj12bot.com/)"
95.217.195.123 - - [26/Sep/2022:04:38:13 +0200] "GET /au-fil-du-temps-mug-p-44941.html HTTP/1.0" 301 72170 "-" "Mozilla/5.0 (compatible; MJ12bot/v1.4.8; http://mj12bot.com/)"
75.119.142.113 - - [26/Sep/2022:04:38:15 +0200] "GET /-p-41877.html HTTP/1.0" 200 72060 "-" "Mozilla/5.0 (compatible; MJ12bot/v1.4.8; http://mj12bot.com/)"
94.23.203.202 - - [26/Sep/2022:04:38:18 +0200] "GET /london-bus-light-to-install-p-29351.html HTTP/1.0" 301 72127 "-" "Mozilla/5.0 (compatible; MJ12bot/v1.4.8; http://mj12bot.com/)"
75.119.142.113 - - [26/Sep/2022:04:38:19 +0200] "GET /-p-41887.html HTTP/1.0" 200 72060 "-" "Mozilla/5.0 (compatible; MJ12bot/v1.4.8; http://mj12bot.com/)"
95.217.195.123 - - [26/Sep/2022:04:38:20 +0200] "GET /temps-p-44941.html HTTP/1.0" 200 72098 "-" "Mozilla/5.0 (compatible; MJ12bot/v1.4.8; http://mj12bot.com/)"
94.23.203.202 - - [26/Sep/2022:04:38:21 +0200] "GET /-p-29351.html HTTP/1.0" 200 72060 "-" "Mozilla/5.0 (compatible; MJ12bot/v1.4.8; http://mj12bot.com/)"
75.119.142.113 - - [26/Sep/2022:04:38:25 +0200] "GET /-p-42695.html HTTP/1.0" 200 72060 "-" "Mozilla/5.0 (compatible; MJ12bot/v1.4.8; http://mj12bot.com/)"
95.217.195.123 - - [26/Sep/2022:04:38:26 +0200] "GET /avengers-alarm-clock-p-25077.html HTTP/1.0" 301 72127 "-" "Mozilla/5.0 (compatible; MJ12bot/v1.4.8; http://mj12bot.com/)"
94.23.203.202 - - [26/Sep/2022:04:38:26 +0200] "GET /london-bus-metal-keyring-p-18872.html HTTP/1.0" 301 74786 "-" "Mozilla/5.0 (compatible; MJ12bot/v1.4.8; http://mj12bot.com/)"
94.23.203.202 - - [26/Sep/2022:04:38:30 +0200] "GET /london-metal-keyring-p-18872.html HTTP/1.0" 200 74699 "-" "Mozilla/5.0 (compatible; MJ12bot/v1.4.8; http://mj12bot.com/)"
75.119.142.113 - - [26/Sep/2022:04:38:31 +0200] "GET /-p-43123.html HTTP/1.0" 200 72060 "-" "Mozilla/5.0 (compatible; MJ12bot/v1.4.8; http://mj12bot.com/)"
95.217.195.123 - - [26/Sep/2022:04:38:32 +0200] "GET /-p-25077.html HTTP/1.0" 200 72060 "-" "Mozilla/5.0 (compatible; MJ12bot/v1.4.8; http://mj12bot.com/)"
66.249.65.166 - - [26/Sep/2022:04:38:35 +0200] "GET /images/big_prod_1/3700643505739B.jpg HTTP/1.0" 200 271 "-" "Googlebot-Image/1.0"
75.119.142.113 - - [26/Sep/2022:04:38:34 +0200] "GET /-p-43161.html HTTP/1.0" 200 72060 "-" "Mozilla/5.0 (compatible; MJ12bot/v1.4.8; http://mj12bot.com/)"
94.23.203.202 - - [26/Sep/2022:04:38:35 +0200] "GET /london-clock-p-28873.html HTTP/1.0" 200 72098 "-" "Mozilla/5.0 (compatible; MJ12bot/v1.4.8; http://mj12bot.com/)"
94.23.203.202 - - [26/Sep/2022:04:38:38 +0200] "GET /london-colombo-eyelets-blackout-curtain-p-28700.html HTTP/1.0" 301 72127 "-" "Mozilla/5.0 (compatible; MJ12bot/v1.4.8; http://mj12bot.com/)"
95.217.195.123 - - [26/Sep/2022:04:38:41 +0200] "GET /avengers-team-poster-p-30919.html HTTP/1.0" 301 72127 "-" "Mozilla/5.0 (compatible; MJ12bot/v1.4.8; http://mj12bot.com/)"
75.119.142.113 - - [26/Sep/2022:04:38:41 +0200] "GET /-p-43187.html HTTP/1.0" 200 72060 "-" "Mozilla/5.0 (compatible; MJ12bot/v1.4.8; http://mj12bot.com/)"
94.23.203.202 - - [26/Sep/2022:04:38:41 +0200] "GET /-p-28700.html HTTP/1.0" 200 72060 "-" "Mozilla/5.0 (compatible; MJ12bot/v1.4.8; http://mj12bot.com/)"
185.191.171.45 - - [26/Sep/2022:04:38:41 +0200] "GET /-p-31021.html HTTP/1.0" 200 72060 "-" "Mozilla/5.0 (compatible; SemrushBot/7~bl; +http://www.semrush.com/bot.html)"
95.217.195.123 - - [26/Sep/2022:04:38:45 +0200] "GET /-p-30919.html HTTP/1.0" 200 72060 "-" "Mozilla/5.0 (compatible; MJ12bot/v1.4.8; http://mj12bot.com/)"
94.23.203.202 - - [26/Sep/2022:04:38:47 +0200] "GET /london-cushion-p-26723.html HTTP/1.0" 301 72127 "-" "Mozilla/5.0 (compatible; MJ12bot/v1.4.8; http://mj12bot.com/)"
87.250.224.94 - - [26/Sep/2022:04:38:49 +0200] "GET /images/8435339303133.jpg HTTP/1.0" 200 259 "-" "Mozilla/5.0 (compatible; YandexImages/3.0; +http://yandex.com/bots)"
75.119.142.113 - - [26/Sep/2022:04:38:49 +0200] "GET /-p-43542.html HTTP/1.0" 200 72060 "-" "Mozilla/5.0 (compatible; MJ12bot/v1.4.8; http://mj12bot.com/)"
94.23.203.202 - - [26/Sep/2022:04:38:50 +0200] "GET /-p-26723.html HTTP/1.0" 200 72060 "-" "Mozilla/5.0 (compatible; MJ12bot/v1.4.8; http://mj12bot.com/)"
95.217.195.123 - - [26/Sep/2022:04:38:51 +0200] "GET /averell-dalton-figure-p-4588.html HTTP/1.0" 200 74523 "-" "Mozilla/5.0 (compatible; MJ12bot/v1.4.8; http://mj12bot.com/)"
75.119.142.113 - - [26/Sep/2022:04:38:54 +0200] "GET /-p-44358.html HTTP/1.0" 200 72060 "-" "Mozilla/5.0 (compatible; MJ12bot/v1.4.8; http://mj12bot.com/)"
94.23.203.202 - - [26/Sep/2022:04:38:55 +0200] "GET /london-dream-metal-plate-45-15-cm-p-27584.html HTTP/1.0" 301 74858 "-" "Mozilla/5.0 (compatible; MJ12bot/v1.4.8; http://mj12bot.com/)"
95.217.195.123 - - [26/Sep/2022:04:38:58 +0200] "GET /babar-cap-glove-set-50-cm-p-22948.html HTTP/1.0" 301 72127 "-" "Mozilla/5.0 (compatible; MJ12bot/v1.4.8; http://mj12bot.com/)"
94.23.203.202 - - [26/Sep/2022:04:38:58 +0200] "GET /london-dream-metal-plate-p-27584.html HTTP/1.0" 200 74767 "-" "Mozilla/5.0 (compatible; MJ12bot/v1.4.8; http://mj12bot.com/)"
75.119.142.113 - - [26/Sep/2022:04:39:00 +0200] "GET /-p-44906.html HTTP/1.0" 200 72060 "-" "Mozilla/5.0 (compatible; MJ12bot/v1.4.8; http://mj12bot.com/)"
192.144.201.77 - - [26/Sep/2022:04:39:03 +0200] "GET /images/mini_prod/3453131139571.jpg HTTP/1.0" 200 269 "-" "python-requests/2.27.1"
95.217.195.123 - - [26/Sep/2022:04:39:03 +0200] "GET /-p-22948.html HTTP/1.0" 200 72060 "-" "Mozilla/5.0 (compatible; MJ12bot/v1.4.8; http://mj12bot.com/)"
95.217.195.123 - - [26/Sep/2022:04:39:06 +0200] "GET /babar-cap-glove-set-52-cm-p-22947.html HTTP/1.0" 301 72127 "-" "Mozilla/5.0 (compatible; MJ12bot/v1.4.8; http://mj12bot.com/)"
185.191.171.22 - - [26/Sep/2022:04:39:07 +0200] "GET /-p-47238.html HTTP/1.0" 200 72060 "-" "Mozilla/5.0 (compatible; SemrushBot/7~bl; +http://www.semrush.com/bot.html)"
75.119.142.113 - - [26/Sep/2022:04:39:09 +0200] "GET /-p-45342.html HTTP/1.0" 200 72060 "-" "Mozilla/5.0 (compatible; MJ12bot/v1.4.8; http://mj12bot.com/)"
95.217.195.123 - - [26/Sep/2022:04:39:11 +0200] "GET /-p-22947.html HTTP/1.0" 200 72060 "-" "Mozilla/5.0 (compatible; MJ12bot/v1.4.8; http://mj12bot.com/)"
95.217.195.123 - - [26/Sep/2022:04:39:15 +0200] "GET /babar-glove-p-22947.html HTTP/1.0" 301 72127 "-" "Mozilla/5.0 (compatible; MJ12bot/v1.4.8; http://mj12bot.com/)"
75.119.142.113 - - [26/Sep/2022:04:39:16 +0200] "GET /-p-454.html HTTP/1.0" 200 72056 "-" "Mozilla/5.0 (compatible; MJ12bot/v1.4.8; http://mj12bot.com/)"
185.191.171.7 - - [26/Sep/2022:04:39:21 +0200] "GET /long-marinieres-small-melamine-dish-cake-p-45179.html HTTP/1.0" 200 72209 "-" "Mozilla/5.0 (compatible; SemrushBot/7~bl; +http://www.semrush.com/bot.html)"
95.217.195.123 - - [26/Sep/2022:04:39:22 +0200] "GET /-p-22947.html HTTP/1.0" 200 72060 "-" "Mozilla/5.0 (compatible; MJ12bot/v1.4.8; http://mj12bot.com/)"
95.217.195.123 - - [26/Sep/2022:04:39:30 +0200] "GET /babar-glove-p-22948.html HTTP/1.0" 301 72127 "-" "Mozilla/5.0 (compatible; MJ12bot/v1.4.8; http://mj12bot.com/)"
75.119.142.113 - - [26/Sep/2022:04:39:31 +0200] "GET /-p-47658.html HTTP/1.0" 200 72060 "-" "Mozilla/5.0 (compatible; MJ12bot/v1.4.8; http://mj12bot.com/)"
95.217.195.123 - - [26/Sep/2022:04:39:36 +0200] "GET /-p-22948.html HTTP/1.0" 200 72060 "-" "Mozilla/5.0 (compatible; MJ12bot/v1.4.8; http://mj12bot.com/)"
75.119.142.113 - - [26/Sep/2022:04:39:37 +0200] "GET /-p-47691.html HTTP/1.0" 200 72060 "-" "Mozilla/5.0 (compatible; MJ12bot/v1.4.8; http://mj12bot.com/)"
54.36.148.9 - - [26/Sep/2022:04:39:37 +0200] "GET /industrial-storage-small-size-only-p-45110.html HTTP/1.0" 200 75692 "-" "Mozilla/5.0 (compatible; AhrefsBot/7.0; +http://ahrefs.com/robot/)"
185.191.171.45 - - [26/Sep/2022:04:39:41 +0200] "GET /sport-p-44947.html HTTP/1.0" 200 72100 "-" "Mozilla/5.0 (compatible; SemrushBot/7~bl; +http://www.semrush.com/bot.html)"
95.217.195.123 - - [26/Sep/2022:04:39:43 +0200] "GET /back-black-acdc-zippo-lighter-p-51918.html HTTP/1.0" 200 75763 "-" "Mozilla/5.0 (compatible; MJ12bot/v1.4.8; http://mj12bot.com/)"
95.217.195.123 - - [26/Sep/2022:04:39:48 +0200] "GET /bag-hung-and-bag-mirrors-c-258.html HTTP/1.0" 301 92060 "-" "Mozilla/5.0 (compatible; MJ12bot/v1.4.8; http://mj12bot.com/)"
75.119.142.113 - - [26/Sep/2022:04:39:49 +0200] "GET /-p-48684.html HTTP/1.0" 200 72060 "-" "Mozilla/5.0 (compatible; MJ12bot/v1.4.8; http://mj12bot.com/)"
95.217.195.123 - - [26/Sep/2022:04:39:53 +0200] "GET /hung-mirrors-c-31_258.html HTTP/1.0" 200 92138 "-" "Mozilla/5.0 (compatible; MJ12bot/v1.4.8; http://mj12bot.com/)"
75.119.142.113 - - [26/Sep/2022:04:39:55 +0200] "GET /-p-48708.html HTTP/1.0" 200 72060 "-" "Mozilla/5.0 (compatible; MJ12bot/v1.4.8; http://mj12bot.com/)"
95.217.195.123 - - [26/Sep/2022:04:40:00 +0200] "GET /ball-shaped-lamp-marble-effect-p-52848.html HTTP/1.0" 200 72170 "-" "Mozilla/5.0 (compatible; MJ12bot/v1.4.8; http://mj12bot.com/)"
185.191.171.14 - - [26/Sep/2022:04:40:00 +0200] "GET /little-buddha-collection-keychain-blue-p-50247.html HTTP/1.0" 200 74833 "-" "Mozilla/5.0 (compatible; SemrushBot/7~bl; +http://www.semrush.com/bot.html)"
95.217.195.123 - - [26/Sep/2022:04:40:05 +0200] "GET /ball-umbrella-p-28781.html HTTP/1.0" 301 72127 "-" "Mozilla/5.0 (compatible; MJ12bot/v1.4.8; http://mj12bot.com/)"
38.142.11.235 - - [26/Sep/2022:04:40:07 +0200] "GET /images/mini_prod/3503420077364.jpg HTTP/1.0" 200 269 "-" "Mozilla/5.0 (X11; Ubuntu; Linux x86_64; rv:72.0) Gecko/20100101 Firefox/72.0"
75.119.142.113 - - [26/Sep/2022:04:40:06 +0200] "GET /-p-48728.html HTTP/1.0" 200 72060 "-" "Mozilla/5.0 (compatible; MJ12bot/v1.4.8; http://mj12bot.com/)"
185.191.171.14 - - [26/Sep/2022:04:40:08 +0200] "GET /placemat-kiub-collection-kook-black-p-55912.html HTTP/1.0" 200 74810 "-" "Mozilla/5.0 (compatible; SemrushBot/7~bl; +http://www.semrush.com/bot.html)"
95.217.195.123 - - [26/Sep/2022:04:40:10 +0200] "GET /-p-28781.html HTTP/1.0" 200 72060 "-" "Mozilla/5.0 (compatible; MJ12bot/v1.4.8; http://mj12bot.com/)"
66.249.65.166 - - [26/Sep/2022:04:40:13 +0200] "GET /flower-summer-collection-ladybug-p-54631.html HTTP/1.0" 200 74827 "-" "Mozilla/5.0 (Linux; Android 6.0.1; Nexus 5X Build/MMB29P) AppleWebKit/537.36 (KHTML, like Gecko) Chrome/105.0.5195.125 Mobile Safari/537.36 (compatible; Googlebot/2.1; +http://www.google.com/bot.html)"
75.119.142.113 - - [26/Sep/2022:04:40:15 +0200] "GET /-p-49463.html HTTP/1.0" 200 72060 "-" "Mozilla/5.0 (compatible; MJ12bot/v1.4.8; http://mj12bot.com/)"
95.217.195.123 - - [26/Sep/2022:04:40:14 +0200] "GET /balloon-decoration-p-32217.html HTTP/1.0" 301 72127 "-" "Mozilla/5.0 (compatible; MJ12bot/v1.4.8; http://mj12bot.com/)"
95.217.195.123 - - [26/Sep/2022:04:40:19 +0200] "GET /-p-32217.html HTTP/1.0" 200 72060 "-" "Mozilla/5.0 (compatible; MJ12bot/v1.4.8; http://mj12bot.com/)"
75.119.142.113 - - [26/Sep/2022:04:40:21 +0200] "GET /-p-49517.html HTTP/1.0" 200 72060 "-" "Mozilla/5.0 (compatible; MJ12bot/v1.4.8; http://mj12bot.com/)"
95.217.195.123 - - [26/Sep/2022:04:40:24 +0200] "GET /bamboo-fiber-plant-cover-p-54352.html HTTP/1.0" 200 75333 "-" "Mozilla/5.0 (compatible; MJ12bot/v1.4.8; http://mj12bot.com/)"
75.119.142.113 - - [26/Sep/2022:04:40:28 +0200] "GET /-p-49679.html HTTP/1.0" 200 72060 "-" "Mozilla/5.0 (compatible; MJ12bot/v1.4.8; http://mj12bot.com/)"
185.191.171.36 - - [26/Sep/2022:04:40:29 +0200] "GET /-p-40281.html HTTP/1.0" 200 72060 "-" "Mozilla/5.0 (compatible; SemrushBot/7~bl; +http://www.semrush.com/bot.html)"
95.217.195.123 - - [26/Sep/2022:04:40:30 +0200] "GET /bamboo-fiber-plant-cover-p-54353.html HTTP/1.0" 200 75333 "-" "Mozilla/5.0 (compatible; MJ12bot/v1.4.8; http://mj12bot.com/)"
95.217.195.123 - - [26/Sep/2022:04:40:35 +0200] "GET /bamboo-hummingbirds-p-49515.html HTTP/1.0" 200 74743 "-" "Mozilla/5.0 (compatible; MJ12bot/v1.4.8; http://mj12bot.com/)"
75.119.142.113 - - [26/Sep/2022:04:40:37 +0200] "GET /-p-49807.html HTTP/1.0" 200 72060 "-" "Mozilla/5.0 (compatible; MJ12bot/v1.4.8; http://mj12bot.com/)"
185.191.171.24 - - [26/Sep/2022:04:40:38 +0200] "GET /-p-15877.html HTTP/1.0" 200 72060 "-" "Mozilla/5.0 (compatible; SemrushBot/7~bl; +http://www.semrush.com/bot.html)"
95.217.195.123 - - [26/Sep/2022:04:40:42 +0200] "GET /bamboo-love-birds-p-49520.html HTTP/1.0" 200 74738 "-" "Mozilla/5.0 (compatible; MJ12bot/v1.4.8; http://mj12bot.com/)"
66.249.65.168 - - [26/Sep/2022:04:40:42 +0200] "GET /ceramic-salt-with-spoon-cabourg-p-50635.html HTTP/1.0" 200 74765 "-" "Mozilla/5.0 (Linux; Android 6.0.1; Nexus 5X Build/MMB29P) AppleWebKit/537.36 (KHTML, like Gecko) Chrome/105.0.5195.125 Mobile Safari/537.36 (compatible; Googlebot/2.1; +http://www.google.com/bot.html)"
75.119.142.113 - - [26/Sep/2022:04:40:42 +0200] "GET /-p-50750.html HTTP/1.0" 200 72060 "-" "Mozilla/5.0 (compatible; MJ12bot/v1.4.8; http://mj12bot.com/)"
95.217.195.123 - - [26/Sep/2022:04:40:49 +0200] "GET /bamboo-mister-biscuits-p-48631.html HTTP/1.0" 200 74719 "-" "Mozilla/5.0 (compatible; MJ12bot/v1.4.8; http://mj12bot.com/)"
75.119.142.113 - - [26/Sep/2022:04:40:49 +0200] "GET /-p-50765.html HTTP/1.0" 200 72060 "-" "Mozilla/5.0 (compatible; MJ12bot/v1.4.8; http://mj12bot.com/)"
95.217.195.123 - - [26/Sep/2022:04:40:52 +0200] "GET /bamboo-mister-sucre-p-48630.html HTTP/1.0" 200 74687 "-" "Mozilla/5.0 (compatible; MJ12bot/v1.4.8; http://mj12bot.com/)"
75.119.142.113 - - [26/Sep/2022:04:40:56 +0200] "GET /-p-50922.html HTTP/1.0" 200 72060 "-" "Mozilla/5.0 (compatible; MJ12bot/v1.4.8; http://mj12bot.com/)"
75.119.142.113 - - [26/Sep/2022:04:41:01 +0200] "GET /-p-52424.html HTTP/1.0" 200 72060 "-" "Mozilla/5.0 (compatible; MJ12bot/v1.4.8; http://mj12bot.com/)"
95.217.195.123 - - [26/Sep/2022:04:41:01 +0200] "GET /bamboo-p-49517.html HTTP/1.0" 301 72127 "-" "Mozilla/5.0 (compatible; MJ12bot/v1.4.8; http://mj12bot.com/)"
95.217.195.123 - - [26/Sep/2022:04:41:07 +0200] "GET /-p-49517.html HTTP/1.0" 200 72060 "-" "Mozilla/5.0 (compatible; MJ12bot/v1.4.8; http://mj12bot.com/)"
75.119.142.113 - - [26/Sep/2022:04:41:07 +0200] "GET /-p-5523.html HTTP/1.0" 200 72058 "-" "Mozilla/5.0 (compatible; MJ12bot/v1.4.8; http://mj12bot.com/)"
95.217.195.123 - - [26/Sep/2022:04:41:12 +0200] "GET /bamboo-pitcher-les-jus-sont-faits-17-liter-p-45483.html HTTP/1.0" 301 72352 "-" "Mozilla/5.0 (compatible; MJ12bot/v1.4.8; http://mj12bot.com/)"
185.191.171.11 - - [26/Sep/2022:04:41:13 +0200] "GET /laissez-lucie-faire-bear-mini-p-42261.html HTTP/1.0" 200 72174 "-" "Mozilla/5.0 (compatible; SemrushBot/7~bl; +http://www.semrush.com/bot.html)"
75.119.142.113 - - [26/Sep/2022:04:41:13 +0200] "GET /-p-6083.html HTTP/1.0" 200 72058 "-" "Mozilla/5.0 (compatible; MJ12bot/v1.4.8; http://mj12bot.com/)"
95.217.195.123 - - [26/Sep/2022:04:41:16 +0200] "GET /bamboo-pitcher-sont-faits-liter-p-45483.html HTTP/1.0" 200 72254 "-" "Mozilla/5.0 (compatible; MJ12bot/v1.4.8; http://mj12bot.com/)"
75.119.142.113 - - [26/Sep/2022:04:41:21 +0200] "GET /-p-6084.html HTTP/1.0" 200 72058 "-" "Mozilla/5.0 (compatible; MJ12bot/v1.4.8; http://mj12bot.com/)"
95.217.195.123 - - [26/Sep/2022:04:41:24 +0200] "GET /bamboo-pitcher-sont-faits-liter-p-45483.html HTTP/1.0" 200 72254 "-" "Mozilla/5.0 (compatible; MJ12bot/v1.4.8; http://mj12bot.com/)"
54.36.148.209 - - [26/Sep/2022:04:41:28 +0200] "GET /small-baby-teeth-small-mouse-p-53419.html HTTP/1.0" 200 74961 "-" "Mozilla/5.0 (compatible; AhrefsBot/7.0; +http://ahrefs.com/robot/)"
95.217.195.123 - - [26/Sep/2022:04:41:28 +0200] "GET /bamboo-pot-cat-p-49517.html HTTP/1.0" 301 72127 "-" "Mozilla/5.0 (compatible; MJ12bot/v1.4.8; http://mj12bot.com/)"
75.119.142.113 - - [26/Sep/2022:04:41:31 +0200] "GET /-p-6647.html HTTP/1.0" 200 72058 "-" "Mozilla/5.0 (compatible; MJ12bot/v1.4.8; http://mj12bot.com/)"
95.217.195.123 - - [26/Sep/2022:04:41:36 +0200] "GET /-p-49517.html HTTP/1.0" 200 72060 "-" "Mozilla/5.0 (compatible; MJ12bot/v1.4.8; http://mj12bot.com/)"
95.217.195.123 - - [26/Sep/2022:04:41:40 +0200] "GET /bamboo-pot-hummingbirds-p-49515.html HTTP/1.0" 301 74829 "-" "Mozilla/5.0 (compatible; MJ12bot/v1.4.8; http://mj12bot.com/)"
66.249.65.170 - - [26/Sep/2022:04:41:43 +0200] "GET /metal-beer-bucket-p-54343.html HTTP/1.0" 200 75267 "-" "Mozilla/5.0 (Linux; Android 6.0.1; Nexus 5X Build/MMB29P) AppleWebKit/537.36 (KHTML, like Gecko) Chrome/105.0.5195.125 Mobile Safari/537.36 (compatible; Googlebot/2.1; +http://www.google.com/bot.html)"
95.217.195.123 - - [26/Sep/2022:04:41:44 +0200] "GET /bamboo-hummingbirds-p-49515.html HTTP/1.0" 200 74743 "-" "Mozilla/5.0 (compatible; MJ12bot/v1.4.8; http://mj12bot.com/)"
95.217.195.123 - - [26/Sep/2022:04:41:55 +0200] "GET /bamboo-pot-love-birds-p-49520.html HTTP/1.0" 301 74822 "-" "Mozilla/5.0 (compatible; MJ12bot/v1.4.8; http://mj12bot.com/)"
185.191.171.43 - - [26/Sep/2022:04:41:56 +0200] "GET /-p-46435.html HTTP/1.0" 200 72060 "-" "Mozilla/5.0 (compatible; SemrushBot/7~bl; +http://www.semrush.com/bot.html)"
95.217.195.123 - - [26/Sep/2022:04:41:59 +0200] "GET /bamboo-love-birds-p-49520.html HTTP/1.0" 200 74738 "-" "Mozilla/5.0 (compatible; MJ12bot/v1.4.8; http://mj12bot.com/)"
95.217.195.123 - - [26/Sep/2022:04:42:05 +0200] "GET /bamboo-pot-mister-biscuits-p-48631.html HTTP/1.0" 301 74808 "-" "Mozilla/5.0 (compatible; MJ12bot/v1.4.8; http://mj12bot.com/)"
66.249.65.170 - - [26/Sep/2022:04:42:05 +0200] "GET /mystic-skull-moneybox-p-52262.html HTTP/1.0" 200 74681 "-" "Mozilla/5.0 (compatible; Googlebot/2.1; +http://www.google.com/bot.html)"
185.191.171.44 - - [26/Sep/2022:04:42:08 +0200] "GET /statuette-jesus-christ-sacred-heart-inside-outside-p-51649.html HTTP/1.0" 200 76018 "-" "Mozilla/5.0 (compatible; SemrushBot/7~bl; +http://www.semrush.com/bot.html)"
95.217.195.123 - - [26/Sep/2022:04:42:09 +0200] "GET /bamboo-mister-biscuits-p-48631.html HTTP/1.0" 200 74719 "-" "Mozilla/5.0 (compatible; MJ12bot/v1.4.8; http://mj12bot.com/)"
95.217.195.123 - - [26/Sep/2022:04:42:14 +0200] "GET /bamboo-pot-mister-sucre-p-48630.html HTTP/1.0" 301 74773 "-" "Mozilla/5.0 (compatible; MJ12bot/v1.4.8; http://mj12bot.com/)"
95.217.195.123 - - [26/Sep/2022:04:42:21 +0200] "GET /bamboo-mister-sucre-p-48630.html HTTP/1.0" 200 74687 "-" "Mozilla/5.0 (compatible; MJ12bot/v1.4.8; http://mj12bot.com/)"
95.217.195.123 - - [26/Sep/2022:04:42:25 +0200] "GET /bamboo-rain-stick-90-cm-purple-pattern-p-41877.html HTTP/1.0" 301 72127 "-" "Mozilla/5.0 (compatible; MJ12bot/v1.4.8; http://mj12bot.com/)"
95.217.195.123 - - [26/Sep/2022:04:42:31 +0200] "GET /-p-41877.html HTTP/1.0" 200 72060 "-" "Mozilla/5.0 (compatible; MJ12bot/v1.4.8; http://mj12bot.com/)"
87.250.224.94 - - [26/Sep/2022:04:42:33 +0200] "GET /set-of-bed-linen-c-68.html?filter_id=124 HTTP/1.0" 301 71974 "-" "Mozilla/5.0 (compatible; YandexBot/3.0; +http://yandex.com/bots)"
87.250.224.94 - - [26/Sep/2022:04:42:35 +0200] "GET /linen-c-11_68.html?filter_id=124 HTTP/1.0" 200 72010 "-" "Mozilla/5.0 (compatible; YandexBot/3.0; +http://yandex.com/bots)"
95.217.195.123 - - [26/Sep/2022:04:42:37 +0200] "GET /bamboo-rain-stick-purple-pattern-p-41877.html HTTP/1.0" 301 72127 "-" "Mozilla/5.0 (compatible; MJ12bot/v1.4.8; http://mj12bot.com/)"
95.217.195.123 - - [26/Sep/2022:04:42:40 +0200] "GET /-p-41877.html HTTP/1.0" 200 72060 "-" "Mozilla/5.0 (compatible; MJ12bot/v1.4.8; http://mj12bot.com/)"
95.217.195.123 - - [26/Sep/2022:04:42:44 +0200] "GET /barbapapa-brush-and-mirror-p-11527.html HTTP/1.0" 301 72127 "-" "Mozilla/5.0 (compatible; MJ12bot/v1.4.8; http://mj12bot.com/)"
95.217.195.123 - - [26/Sep/2022:04:42:48 +0200] "GET /-p-11527.html HTTP/1.0" 200 72060 "-" "Mozilla/5.0 (compatible; MJ12bot/v1.4.8; http://mj12bot.com/)"
95.217.195.123 - - [26/Sep/2022:04:42:52 +0200] "GET /barbapapa-dinner-box-p-6463.html HTTP/1.0" 301 72223 "-" "Mozilla/5.0 (compatible; MJ12bot/v1.4.8; http://mj12bot.com/)"
95.217.195.123 - - [26/Sep/2022:04:42:57 +0200] "GET /barbapapa-dinner-p-6463.html HTTP/1.0" 200 72141 "-" "Mozilla/5.0 (compatible; MJ12bot/v1.4.8; http://mj12bot.com/)"
95.217.195.123 - - [26/Sep/2022:04:43:03 +0200] "GET /barbapapa-dinner-p-6463.html HTTP/1.0" 200 72141 "-" "Mozilla/5.0 (compatible; MJ12bot/v1.4.8; http://mj12bot.com/)"
95.217.195.123 - - [26/Sep/2022:04:43:08 +0200] "GET /barbapapa-heart-figure-p-454.html HTTP/1.0" 301 72121 "-" "Mozilla/5.0 (compatible; MJ12bot/v1.4.8; http://mj12bot.com/)"
51.68.224.127 - - [26/Sep/2022:04:43:11 +0200] "GET /adminweb/export_orders_xml.php?token=256de2z6edz6ed2z6DFSFsed2zed6zeDSFDSGdzedezfzf&maxorders=10&orderstart=1&status=14&start_date=2018-10-01 HTTP/1.0" 200 285 "-" "GesCom CharlotteBoutik Serveur"
51.68.224.127 - - [26/Sep/2022:04:43:11 +0200] "GET /adminweb/export_orders_xml.php?token=256de2z6edz6ed2z6DFSFsed2zed6zeDSFDSGdzedezfzf&maxorders=10&orderstart=1&status=6&start_date=2018-10-01 HTTP/1.0" 200 33985 "-" "GesCom CharlotteBoutik Serveur"
54.36.148.147 - - [26/Sep/2022:04:43:11 +0200] "GET /white-ceramic-lamp-p-55147.html HTTP/1.0" 200 72134 "-" "Mozilla/5.0 (compatible; AhrefsBot/7.0; +http://ahrefs.com/robot/)"
95.217.195.123 - - [26/Sep/2022:04:43:11 +0200] "GET /-p-454.html HTTP/1.0" 200 72056 "-" "Mozilla/5.0 (compatible; MJ12bot/v1.4.8; http://mj12bot.com/)"
95.217.195.123 - - [26/Sep/2022:04:43:16 +0200] "GET /barbapapa-rugby-ball-p-28353.html HTTP/1.0" 301 72127 "-" "Mozilla/5.0 (compatible; MJ12bot/v1.4.8; http://mj12bot.com/)"
75.119.142.113 - - [26/Sep/2022:04:43:19 +0200] "GET /-p-6728.html HTTP/1.0" 200 72058 "-" "Mozilla/5.0 (compatible; MJ12bot/v1.4.8; http://mj12bot.com/)"
95.217.195.123 - - [26/Sep/2022:04:43:19 +0200] "GET /-p-28353.html HTTP/1.0" 200 72060 "-" "Mozilla/5.0 (compatible; MJ12bot/v1.4.8; http://mj12bot.com/)"
185.191.171.7 - - [26/Sep/2022:04:43:22 +0200] "GET /dragon-ball-crystal-ball-money-p-40944.html HTTP/1.0" 200 74848 "-" "Mozilla/5.0 (compatible; SemrushBot/7~bl; +http://www.semrush.com/bot.html)"
75.119.142.113 - - [26/Sep/2022:04:43:23 +0200] "GET /-p-7152.html HTTP/1.0" 200 72058 "-" "Mozilla/5.0 (compatible; MJ12bot/v1.4.8; http://mj12bot.com/)"
94.23.203.107 - - [26/Sep/2022:04:43:27 +0200] "GET /robots.txt HTTP/1.0" 200 245 "-" "Mozilla/5.0 (compatible; MJ12bot/v1.4.8; http://mj12bot.com/)"
95.217.195.123 - - [26/Sep/2022:04:43:27 +0200] "GET /barbapapa-soft-ball-p-19431.html HTTP/1.0" 301 72127 "-" "Mozilla/5.0 (compatible; MJ12bot/v1.4.8; http://mj12bot.com/)"
35.91.116.50 - - [26/Sep/2022:04:43:29 +0200] "GET /images/mini_prod/1300000020282.jpg HTTP/1.0" 200 269 "-" "Mozilla/5.0 (X11; Ubuntu; Linux x86_64; rv:72.0) Gecko/20100101 Firefox/72.0"
75.119.142.113 - - [26/Sep/2022:04:43:27 +0200] "GET /-p-7722.html HTTP/1.0" 200 72058 "-" "Mozilla/5.0 (compatible; MJ12bot/v1.4.8; http://mj12bot.com/)"
185.191.171.2 - - [26/Sep/2022:04:43:28 +0200] "GET /stickers-p-35379.html HTTP/1.0" 200 75418 "-" "Mozilla/5.0 (compatible; SemrushBot/7~bl; +http://www.semrush.com/bot.html)"
94.23.203.107 - - [26/Sep/2022:04:43:28 +0200] "GET /corsica-grey-tee-shirt-p-35442.html HTTP/1.0" 301 76691 "-" "Mozilla/5.0 (compatible; MJ12bot/v1.4.8; http://mj12bot.com/)"
95.217.195.123 - - [26/Sep/2022:04:43:32 +0200] "GET /-p-19431.html HTTP/1.0" 200 72060 "-" "Mozilla/5.0 (compatible; MJ12bot/v1.4.8; http://mj12bot.com/)"
94.23.203.107 - - [26/Sep/2022:04:43:32 +0200] "GET /corsica-grey-shirt-p-35442.html HTTP/1.0" 200 76606 "-" "Mozilla/5.0 (compatible; MJ12bot/v1.4.8; http://mj12bot.com/)"
75.119.142.113 - - [26/Sep/2022:04:43:34 +0200] "GET /-p-7723.html HTTP/1.0" 200 72058 "-" "Mozilla/5.0 (compatible; MJ12bot/v1.4.8; http://mj12bot.com/)"
185.191.171.15 - - [26/Sep/2022:04:43:36 +0200] "GET /ceramic-lamp-p-51783.html HTTP/1.0" 200 72110 "-" "Mozilla/5.0 (compatible; SemrushBot/7~bl; +http://www.semrush.com/bot.html)"
94.23.203.107 - - [26/Sep/2022:04:43:36 +0200] "GET /corsica-iron-cbkreation-p-14979.html HTTP/1.0" 301 72127 "-" "Mozilla/5.0 (compatible; MJ12bot/v1.4.8; http://mj12bot.com/)"
95.217.195.123 - - [26/Sep/2022:04:43:37 +0200] "GET /barbapapa-wooden-train-and-accessories-p-6647.html HTTP/1.0" 301 72124 "-" "Mozilla/5.0 (compatible; MJ12bot/v1.4.8; http://mj12bot.com/)"
75.119.142.113 - - [26/Sep/2022:04:43:38 +0200] "GET /-p-7852.html HTTP/1.0" 200 72058 "-" "Mozilla/5.0 (compatible; MJ12bot/v1.4.8; http://mj12bot.com/)"
94.23.203.107 - - [26/Sep/2022:04:43:40 +0200] "GET /-p-14979.html HTTP/1.0" 200 72060 "-" "Mozilla/5.0 (compatible; MJ12bot/v1.4.8; http://mj12bot.com/)"
95.217.195.123 - - [26/Sep/2022:04:43:42 +0200] "GET /-p-6647.html HTTP/1.0" 200 72058 "-" "Mozilla/5.0 (compatible; MJ12bot/v1.4.8; http://mj12bot.com/)"
75.119.142.113 - - [26/Sep/2022:04:43:43 +0200] "GET /-p-7854.html HTTP/1.0" 200 72058 "-" "Mozilla/5.0 (compatible; MJ12bot/v1.4.8; http://mj12bot.com/)"
173.252.83.6 - - [26/Sep/2022:04:43:45 +0200] "GET /images/mini_prod/3665269123944Z.jpg HTTP/1.0" 200 270 "-" "facebookexternalhit/1.1 (+http://www.facebook.com/externalhit_uatext.php)"
94.23.203.107 - - [26/Sep/2022:04:43:44 +0200] "GET /corsica-iron-mug-by-cbkreation-p-14979.html HTTP/1.0" 301 72127 "-" "Mozilla/5.0 (compatible; MJ12bot/v1.4.8; http://mj12bot.com/)"
94.23.203.107 - - [26/Sep/2022:04:43:47 +0200] "GET /-p-14979.html HTTP/1.0" 200 72060 "-" "Mozilla/5.0 (compatible; MJ12bot/v1.4.8; http://mj12bot.com/)"
95.217.195.123 - - [26/Sep/2022:04:43:47 +0200] "GET /barbecue-and-aperitif-c-12_254.html HTTP/1.0" 301 91473 "-" "Mozilla/5.0 (compatible; MJ12bot/v1.4.8; http://mj12bot.com/)"
75.119.142.113 - - [26/Sep/2022:04:43:50 +0200] "GET /-p-7855.html HTTP/1.0" 200 72058 "-" "Mozilla/5.0 (compatible; MJ12bot/v1.4.8; http://mj12bot.com/)"
94.23.203.107 - - [26/Sep/2022:04:43:50 +0200] "GET /corsica-metal-plate-p-52527.html HTTP/1.0" 200 74659 "-" "Mozilla/5.0 (compatible; MJ12bot/v1.4.8; http://mj12bot.com/)"
95.217.195.123 - - [26/Sep/2022:04:43:50 +0200] "GET /barbecue-aperitif-c-254.html HTTP/1.0" 301 91372 "-" "Mozilla/5.0 (compatible; MJ12bot/v1.4.8; http://mj12bot.com/)"
94.23.203.107 - - [26/Sep/2022:04:43:53 +0200] "GET /corsica-red-tee-shirt-p-35444.html HTTP/1.0" 301 76660 "-" "Mozilla/5.0 (compatible; MJ12bot/v1.4.8; http://mj12bot.com/)"
95.217.195.123 - - [26/Sep/2022:04:43:56 +0200] "GET /barbecue-aperitif-c-12_254.html HTTP/1.0" 200 91391 "-" "Mozilla/5.0 (compatible; MJ12bot/v1.4.8; http://mj12bot.com/)"
94.23.203.107 - - [26/Sep/2022:04:43:57 +0200] "GET /corsica-shirt-p-35444.html HTTP/1.0" 200 76580 "-" "Mozilla/5.0 (compatible; MJ12bot/v1.4.8; http://mj12bot.com/)"
75.119.142.113 - - [26/Sep/2022:04:44:00 +0200] "GET /-p-7857.html HTTP/1.0" 200 72058 "-" "Mozilla/5.0 (compatible; MJ12bot/v1.4.8; http://mj12bot.com/)"
94.23.203.107 - - [26/Sep/2022:04:44:01 +0200] "GET /corsica-shirt-p-35444.html HTTP/1.0" 200 76580 "-" "Mozilla/5.0 (compatible; MJ12bot/v1.4.8; http://mj12bot.com/)"
95.217.195.123 - - [26/Sep/2022:04:44:02 +0200] "GET /bath-toy-fishing-pole-p-19495.html HTTP/1.0" 301 72127 "-" "Mozilla/5.0 (compatible; MJ12bot/v1.4.8; http://mj12bot.com/)"
94.23.203.107 - - [26/Sep/2022:04:44:06 +0200] "GET /corsica-training-bottle-by-cbkreation-p-26754.html HTTP/1.0" 301 74855 "-" "Mozilla/5.0 (compatible; MJ12bot/v1.4.8; http://mj12bot.com/)"
75.119.142.113 - - [26/Sep/2022:04:44:06 +0200] "GET /-p-7877.html HTTP/1.0" 200 72058 "-" "Mozilla/5.0 (compatible; MJ12bot/v1.4.8; http://mj12bot.com/)"
95.217.195.123 - - [26/Sep/2022:04:44:07 +0200] "GET /-p-19495.html HTTP/1.0" 200 72060 "-" "Mozilla/5.0 (compatible; MJ12bot/v1.4.8; http://mj12bot.com/)"
94.23.203.107 - - [26/Sep/2022:04:44:09 +0200] "GET /corsica-training-bottle-cbkreation-p-26754.html HTTP/1.0" 200 74754 "-" "Mozilla/5.0 (compatible; MJ12bot/v1.4.8; http://mj12bot.com/)"
