94.23.203.202 - - [26/Sep/2022:04:21:37 +0200] "GET /kimmi-junior-chu-chu-notebook-p-7427.html HTTP/1.0" 301 75473 "-" "Mozilla/5.0 (compatible; MJ12bot/v1.4.8; http://mj12bot.com/)"
162.231.59.242 - - [26/Sep/2022:04:21:40 +0200] "GET /templates/Pixame_v1/images/infobox/pixel_trans.gif HTTP/1.0" 200 328 "http://www.wonder-geek.com/weapon-mtal-keyring-five-seven-p-31989.html" "Mozilla/5.0 (iPhone; CPU iPhone OS 15_6_1 like Mac OS X) AppleWebKit/605.1.15 (KHTML, like Gecko) Version/15.6.1 Mobile/15E148 Safari/604.1"
162.231.59.242 - - [26/Sep/2022:04:21:40 +0200] "GET /templates/Pixame_v1/images/icon_accueil2.png HTTP/1.0" 200 278 "http://www.wonder-geek.com/weapon-mtal-keyring-five-seven-p-31989.html" "Mozilla/5.0 (iPhone; CPU iPhone OS 15_6_1 like Mac OS X) AppleWebKit/605.1.15 (KHTML, like Gecko) Version/15.6.1 Mobile/15E148 Safari/604.1"
162.231.59.242 - - [26/Sep/2022:04:21:40 +0200] "GET /templates/Pixame_v1/images/header.png HTTP/1.0" 200 271 "http://www.wonder-geek.com/weapon-mtal-keyring-five-seven-p-31989.html" "Mozilla/5.0 (iPhone; CPU iPhone OS 15_6_1 like Mac OS X) AppleWebKit/605.1.15 (KHTML, like Gecko) Version/15.6.1 Mobile/15E148 Safari/604.1"
162.231.59.242 - - [26/Sep/2022:04:21:40 +0200] "GET /templates/Pixame_v1/images/nav.png HTTP/1.0" 200 268 "http://www.wonder-geek.com/weapon-mtal-keyring-five-seven-p-31989.html" "Mozilla/5.0 (iPhone; CPU iPhone OS 15_6_1 like Mac OS X) AppleWebKit/605.1.15 (KHTML, like Gecko) Version/15.6.1 Mobile/15E148 Safari/604.1"
162.231.59.242 - - [26/Sep/2022:04:21:40 +0200] "GET /templates/Pixame_v1/images/header-object.png HTTP/1.0" 200 278 "http://www.wonder-geek.com/weapon-mtal-keyring-five-seven-p-31989.html" "Mozilla/5.0 (iPhone; CPU iPhone OS 15_6_1 like Mac OS X) AppleWebKit/605.1.15 (KHTML, like Gecko) Version/15.6.1 Mobile/15E148 Safari/604.1"
162.231.59.242 - - [26/Sep/2022:04:21:40 +0200] "GET /templates/Pixame_v1/images/buttons/english/button_in_cart.gif HTTP/1.0" 200 295 "http://www.wonder-geek.com/weapon-mtal-keyring-five-seven-p-31989.html" "Mozilla/5.0 (iPhone; CPU iPhone OS 15_6_1 like Mac OS X) AppleWebKit/605.1.15 (KHTML, like Gecko) Version/15.6.1 Mobile/15E148 Safari/604.1"
162.231.59.242 - - [26/Sep/2022:04:21:40 +0200] "GET /templates/Pixame_v1/images/infobox/infobox_footer_middle.gif HTTP/1.0" 200 357 "http://www.wonder-geek.com/weapon-mtal-keyring-five-seven-p-31989.html" "Mozilla/5.0 (iPhone; CPU iPhone OS 15_6_1 like Mac OS X) AppleWebKit/605.1.15 (KHTML, like Gecko) Version/15.6.1 Mobile/15E148 Safari/604.1"
162.231.59.242 - - [26/Sep/2022:04:21:40 +0200] "GET /templates/Pixame_v1/images/pixel_trans.gif HTTP/1.0" 200 328 "http://www.wonder-geek.com/weapon-mtal-keyring-five-seven-p-31989.html" "Mozilla/5.0 (iPhone; CPU iPhone OS 15_6_1 like Mac OS X) AppleWebKit/605.1.15 (KHTML, like Gecko) Version/15.6.1 Mobile/15E148 Safari/604.1"
162.231.59.242 - - [26/Sep/2022:04:21:40 +0200] "GET /images/pixel_trans.gif HTTP/1.0" 200 328 "http://www.wonder-geek.com/weapon-mtal-keyring-five-seven-p-31989.html" "Mozilla/5.0 (iPhone; CPU iPhone OS 15_6_1 like Mac OS X) AppleWebKit/605.1.15 (KHTML, like Gecko) Version/15.6.1 Mobile/15E148 Safari/604.1"
162.231.59.242 - - [26/Sep/2022:04:21:41 +0200] "GET /design/productsenstock.png HTTP/1.0" 200 260 "http://www.wonder-geek.com/weapon-mtal-keyring-five-seven-p-31989.html" "Mozilla/5.0 (iPhone; CPU iPhone OS 15_6_1 like Mac OS X) AppleWebKit/605.1.15 (KHTML, like Gecko) Version/15.6.1 Mobile/15E148 Safari/604.1"
95.217.195.123 - - [26/Sep/2022:04:21:38 +0200] "GET /high-school-musical-compact-umbrella-p-20493.html HTTP/1.0" 200 75007 "-" "Mozilla/5.0 (compatible; MJ12bot/v1.4.8; http://mj12bot.com/)"
162.231.59.242 - - [26/Sep/2022:04:21:41 +0200] "GET /highslide/graphics/zoomin.cur HTTP/1.0" 200 614 "http://www.wonder-geek.com/weapon-mtal-keyring-five-seven-p-31989.html" "Mozilla/5.0 (iPhone; CPU iPhone OS 15_6_1 like Mac OS X) AppleWebKit/605.1.15 (KHTML, like Gecko) Version/15.6.1 Mobile/15E148 Safari/604.1"
162.231.59.242 - - [26/Sep/2022:04:21:42 +0200] "GET /highslide/graphics/zoomout.cur HTTP/1.0" 200 614 "http://www.wonder-geek.com/weapon-mtal-keyring-five-seven-p-31989.html" "Mozilla/5.0 (iPhone; CPU iPhone OS 15_6_1 like Mac OS X) AppleWebKit/605.1.15 (KHTML, like Gecko) Version/15.6.1 Mobile/15E148 Safari/604.1"
162.231.59.242 - - [26/Sep/2022:04:21:42 +0200] "GET /highslide/graphics/loader.white.gif HTTP/1.0" 200 960 "http://www.wonder-geek.com/weapon-mtal-keyring-five-seven-p-31989.html" "Mozilla/5.0 (iPhone; CPU iPhone OS 15_6_1 like Mac OS X) AppleWebKit/605.1.15 (KHTML, like Gecko) Version/15.6.1 Mobile/15E148 Safari/604.1"
162.231.59.242 - - [26/Sep/2022:04:21:42 +0200] "GET /highslide/graphics/outlines/drop-shadow.png HTTP/1.0" 200 277 "http://www.wonder-geek.com/weapon-mtal-keyring-five-seven-p-31989.html" "Mozilla/5.0 (iPhone; CPU iPhone OS 15_6_1 like Mac OS X) AppleWebKit/605.1.15 (KHTML, like Gecko) Version/15.6.1 Mobile/15E148 Safari/604.1"
162.231.59.242 - - [26/Sep/2022:04:21:42 +0200] "GET /favicon.ico HTTP/1.0" 200 260 "http://www.wonder-geek.com/weapon-mtal-keyring-five-seven-p-31989.html" "Mozilla/5.0 (iPhone; CPU iPhone OS 15_6_1 like Mac OS X) AppleWebKit/605.1.15 (KHTML, like Gecko) Version/15.6.1 Mobile/15E148 Safari/604.1"
94.23.203.202 - - [26/Sep/2022:04:21:41 +0200] "GET /kimmi-junior-notebook-p-7427.html HTTP/1.0" 200 75386 "-" "Mozilla/5.0 (compatible; MJ12bot/v1.4.8; http://mj12bot.com/)"
162.231.59.242 - - [26/Sep/2022:04:21:43 +0200] "POST /weapon-mtal-keyring-five-seven-p-31989.html?action=add_product HTTP/1.0" 302 476 "http://www.wonder-geek.com/weapon-mtal-keyring-five-seven-p-31989.html" "Mozilla/5.0 (iPhone; CPU iPhone OS 15_6_1 like Mac OS X) AppleWebKit/605.1.15 (KHTML, like Gecko) Version/15.6.1 Mobile/15E148 Safari/604.1"
34.198.236.55 - - [26/Sep/2022:04:21:44 +0200] "GET /images/mini_prod/1384010208410.jpg HTTP/1.0" 200 269 "-" "Mozilla/5.0 (X11; Ubuntu; Linux x86_64; rv:72.0) Gecko/20100101 Firefox/72.0"
162.231.59.242 - - [26/Sep/2022:04:21:44 +0200] "GET /shopping_cart.php HTTP/1.0" 200 29012 "http://www.wonder-geek.com/weapon-mtal-keyring-five-seven-p-31989.html" "Mozilla/5.0 (iPhone; CPU iPhone OS 15_6_1 like Mac OS X) AppleWebKit/605.1.15 (KHTML, like Gecko) Version/15.6.1 Mobile/15E148 Safari/604.1"
162.231.59.242 - - [26/Sep/2022:04:21:45 +0200] "GET /swfobject.js HTTP/1.0" 404 1308 "http://www.wonder-geek.com/shopping_cart.php" "Mozilla/5.0 (iPhone; CPU iPhone OS 15_6_1 like Mac OS X) AppleWebKit/605.1.15 (KHTML, like Gecko) Version/15.6.1 Mobile/15E148 Safari/604.1"
162.231.59.242 - - [26/Sep/2022:04:21:45 +0200] "GET /images/table_background_cart.gif HTTP/1.0" 200 1094 "http://www.wonder-geek.com/shopping_cart.php" "Mozilla/5.0 (iPhone; CPU iPhone OS 15_6_1 like Mac OS X) AppleWebKit/605.1.15 (KHTML, like Gecko) Version/15.6.1 Mobile/15E148 Safari/604.1"
162.231.59.242 - - [26/Sep/2022:04:21:45 +0200] "GET /images/icons/warning.gif HTTP/1.0" 200 478 "http://www.wonder-geek.com/shopping_cart.php" "Mozilla/5.0 (iPhone; CPU iPhone OS 15_6_1 like Mac OS X) AppleWebKit/605.1.15 (KHTML, like Gecko) Version/15.6.1 Mobile/15E148 Safari/604.1"
162.231.59.242 - - [26/Sep/2022:04:21:45 +0200] "GET /images/icons/colissimo.gif HTTP/1.0" 200 260 "http://www.wonder-geek.com/shopping_cart.php" "Mozilla/5.0 (iPhone; CPU iPhone OS 15_6_1 like Mac OS X) AppleWebKit/605.1.15 (KHTML, like Gecko) Version/15.6.1 Mobile/15E148 Safari/604.1"
162.231.59.242 - - [26/Sep/2022:04:21:45 +0200] "GET /templates/Pixame_v1/images/buttons/english/button_checkout.gif HTTP/1.0" 200 296 "http://www.wonder-geek.com/shopping_cart.php" "Mozilla/5.0 (iPhone; CPU iPhone OS 15_6_1 like Mac OS X) AppleWebKit/605.1.15 (KHTML, like Gecko) Version/15.6.1 Mobile/15E148 Safari/604.1"
162.231.59.242 - - [26/Sep/2022:04:21:45 +0200] "GET /images/mini_prod/1384010176511.jpg HTTP/1.0" 200 269 "http://www.wonder-geek.com/shopping_cart.php" "Mozilla/5.0 (iPhone; CPU iPhone OS 15_6_1 like Mac OS X) AppleWebKit/605.1.15 (KHTML, like Gecko) Version/15.6.1 Mobile/15E148 Safari/604.1"
162.231.59.242 - - [26/Sep/2022:04:21:45 +0200] "GET /templates/Pixame_v1/images/buttons/english/button_update_cart.gif HTTP/1.0" 200 299 "http://www.wonder-geek.com/shopping_cart.php" "Mozilla/5.0 (iPhone; CPU iPhone OS 15_6_1 like Mac OS X) AppleWebKit/605.1.15 (KHTML, like Gecko) Version/15.6.1 Mobile/15E148 Safari/604.1"
75.119.142.113 - - [26/Sep/2022:04:21:44 +0200] "GET /-p-28352.html HTTP/1.0" 200 72060 "-" "Mozilla/5.0 (compatible; MJ12bot/v1.4.8; http://mj12bot.com/)"
162.231.59.242 - - [26/Sep/2022:04:21:45 +0200] "GET /templates/Pixame_v1/images/buttons/english/button_continue_shopping.gif HTTP/1.0" 200 305 "http://www.wonder-geek.com/shopping_cart.php" "Mozilla/5.0 (iPhone; CPU iPhone OS 15_6_1 like Mac OS X) AppleWebKit/605.1.15 (KHTML, like Gecko) Version/15.6.1 Mobile/15E148 Safari/604.1"
162.231.59.242 - - [26/Sep/2022:04:21:45 +0200] "GET /images/pixel_black.gif HTTP/1.0" 200 320 "http://www.wonder-geek.com/shopping_cart.php" "Mozilla/5.0 (iPhone; CPU iPhone OS 15_6_1 like Mac OS X) AppleWebKit/605.1.15 (KHTML, like Gecko) Version/15.6.1 Mobile/15E148 Safari/604.1"
95.217.195.123 - - [26/Sep/2022:04:21:47 +0200] "GET /accessories/umbrellas/horse-club-brown-umbrella-p-9493.html HTTP/1.0" 301 74959 "-" "Mozilla/5.0 (compatible; MJ12bot/v1.4.8; http://mj12bot.com/)"
94.23.203.202 - - [26/Sep/2022:04:21:47 +0200] "GET /kimmi-junior-cindy-penguin-wooden-p-15831.html HTTP/1.0" 200 74776 "-" "Mozilla/5.0 (compatible; MJ12bot/v1.4.8; http://mj12bot.com/)"
185.191.171.25 - - [26/Sep/2022:04:21:48 +0200] "GET /kimmidoll-makeup-kit-23-cm-p-46148.html HTTP/1.0" 301 72239 "-" "Mozilla/5.0 (compatible; SemrushBot/7~bl; +http://www.semrush.com/bot.html)"
216.244.66.242 - - [26/Sep/2022:04:21:49 +0200] "GET /london-table-p-17572.html HTTP/1.0" 301 72127 "-" "Mozilla/5.0 (compatible; DotBot/1.2; +https://opensiteexplorer.org/dotbot; help@moz.com)"
75.119.142.113 - - [26/Sep/2022:04:21:49 +0200] "GET /-p-28353.html HTTP/1.0" 200 72060 "-" "Mozilla/5.0 (compatible; MJ12bot/v1.4.8; http://mj12bot.com/)"
185.191.171.9 - - [26/Sep/2022:04:21:52 +0200] "GET /kimmidoll-makeup-p-46148.html HTTP/1.0" 200 72156 "-" "Mozilla/5.0 (compatible; SemrushBot/7~bl; +http://www.semrush.com/bot.html)"
94.23.203.202 - - [26/Sep/2022:04:21:51 +0200] "GET /kimmi-junior-cindy-penguin-wooden-pen-p-15831.html HTTP/1.0" 301 74876 "-" "Mozilla/5.0 (compatible; MJ12bot/v1.4.8; http://mj12bot.com/)"
162.231.59.242 - - [26/Sep/2022:04:21:52 +0200] "GET /checkout_shipping.php HTTP/1.0" 302 468 "http://www.wonder-geek.com/shopping_cart.php" "Mozilla/5.0 (iPhone; CPU iPhone OS 15_6_1 like Mac OS X) AppleWebKit/605.1.15 (KHTML, like Gecko) Version/15.6.1 Mobile/15E148 Safari/604.1"
162.231.59.242 - - [26/Sep/2022:04:21:54 +0200] "GET /login.php HTTP/1.0" 200 17557 "http://www.wonder-geek.com/shopping_cart.php" "Mozilla/5.0 (iPhone; CPU iPhone OS 15_6_1 like Mac OS X) AppleWebKit/605.1.15 (KHTML, like Gecko) Version/15.6.1 Mobile/15E148 Safari/604.1"
162.231.59.242 - - [26/Sep/2022:04:21:54 +0200] "GET /templates/Pixame_v1/images/buttons/english/button_login.gif HTTP/1.0" 200 1197 "http://www.wonder-geek.com/login.php" "Mozilla/5.0 (iPhone; CPU iPhone OS 15_6_1 like Mac OS X) AppleWebKit/605.1.15 (KHTML, like Gecko) Version/15.6.1 Mobile/15E148 Safari/604.1"
162.231.59.242 - - [26/Sep/2022:04:21:54 +0200] "GET /swfobject.js HTTP/1.0" 404 1308 "http://www.wonder-geek.com/login.php" "Mozilla/5.0 (iPhone; CPU iPhone OS 15_6_1 like Mac OS X) AppleWebKit/605.1.15 (KHTML, like Gecko) Version/15.6.1 Mobile/15E148 Safari/604.1"
162.231.59.242 - - [26/Sep/2022:04:21:54 +0200] "GET /templates/Pixame_v1/images/buttons/english/button_create_account.gif HTTP/1.0" 200 302 "http://www.wonder-geek.com/login.php" "Mozilla/5.0 (iPhone; CPU iPhone OS 15_6_1 like Mac OS X) AppleWebKit/605.1.15 (KHTML, like Gecko) Version/15.6.1 Mobile/15E148 Safari/604.1"
95.217.195.123 - - [26/Sep/2022:04:21:55 +0200] "GET /horse-club-brown-umbrella-p-9493.html HTTP/1.0" 200 74868 "-" "Mozilla/5.0 (compatible; MJ12bot/v1.4.8; http://mj12bot.com/)"
94.23.203.202 - - [26/Sep/2022:04:21:56 +0200] "GET /kimmi-junior-cindy-penguin-wooden-p-15831.html HTTP/1.0" 200 74776 "-" "Mozilla/5.0 (compatible; MJ12bot/v1.4.8; http://mj12bot.com/)"
216.244.66.242 - - [26/Sep/2022:04:21:57 +0200] "GET /fairy-lights-gorjuss-trinket-p-22767.html HTTP/1.0" 301 72127 "-" "Mozilla/5.0 (compatible; DotBot/1.2; +https://opensiteexplorer.org/dotbot; help@moz.com)"
94.23.203.202 - - [26/Sep/2022:04:22:01 +0200] "GET /kimmi-junior-colors-yellow-p-18584.html HTTP/1.0" 200 72152 "-" "Mozilla/5.0 (compatible; MJ12bot/v1.4.8; http://mj12bot.com/)"
75.119.142.113 - - [26/Sep/2022:04:22:02 +0200] "GET /-p-28354.html HTTP/1.0" 200 72060 "-" "Mozilla/5.0 (compatible; MJ12bot/v1.4.8; http://mj12bot.com/)"
95.217.195.123 - - [26/Sep/2022:04:22:03 +0200] "GET /accessories/umbrellas/joey-the-koala-umbrella-p-9226.html HTTP/1.0" 301 72124 "-" "Mozilla/5.0 (compatible; MJ12bot/v1.4.8; http://mj12bot.com/)"
94.23.203.202 - - [26/Sep/2022:04:22:05 +0200] "GET /kimmi-junior-gracie-wooden-p-15836.html HTTP/1.0" 200 74733 "-" "Mozilla/5.0 (compatible; MJ12bot/v1.4.8; http://mj12bot.com/)"
75.119.142.113 - - [26/Sep/2022:04:22:09 +0200] "GET /-p-28664.html HTTP/1.0" 200 72060 "-" "Mozilla/5.0 (compatible; MJ12bot/v1.4.8; http://mj12bot.com/)"
94.23.203.202 - - [26/Sep/2022:04:22:10 +0200] "GET /kimmi-junior-gracie-wooden-pen-p-15836.html HTTP/1.0" 301 74826 "-" "Mozilla/5.0 (compatible; MJ12bot/v1.4.8; http://mj12bot.com/)"
95.217.195.123 - - [26/Sep/2022:04:22:12 +0200] "GET /-p-9226.html HTTP/1.0" 200 72058 "-" "Mozilla/5.0 (compatible; MJ12bot/v1.4.8; http://mj12bot.com/)"
94.23.203.202 - - [26/Sep/2022:04:22:13 +0200] "GET /kimmi-junior-gracie-wooden-p-15836.html HTTP/1.0" 200 74733 "-" "Mozilla/5.0 (compatible; MJ12bot/v1.4.8; http://mj12bot.com/)"
94.23.203.202 - - [26/Sep/2022:04:22:17 +0200] "GET /kimmi-junior-lexi-wooden-p-15841.html HTTP/1.0" 200 74737 "-" "Mozilla/5.0 (compatible; MJ12bot/v1.4.8; http://mj12bot.com/)"
216.244.66.242 - - [26/Sep/2022:04:22:17 +0200] "GET /gorjuss-biscuit-oops-daisy-p-40475.html HTTP/1.0" 301 72127 "-" "Mozilla/5.0 (compatible; DotBot/1.2; +https://opensiteexplorer.org/dotbot; help@moz.com)"
75.119.142.113 - - [26/Sep/2022:04:22:21 +0200] "GET /-p-28670.html HTTP/1.0" 200 72060 "-" "Mozilla/5.0 (compatible; MJ12bot/v1.4.8; http://mj12bot.com/)"
95.217.195.123 - - [26/Sep/2022:04:22:22 +0200] "GET /accessories/umbrellas/maya-the-bee-umbrella-p-20497.html HTTP/1.0" 301 72127 "-" "Mozilla/5.0 (compatible; MJ12bot/v1.4.8; http://mj12bot.com/)"
94.23.203.202 - - [26/Sep/2022:04:22:21 +0200] "GET /kimmi-junior-lexi-wooden-pen-p-15841.html HTTP/1.0" 301 74828 "-" "Mozilla/5.0 (compatible; MJ12bot/v1.4.8; http://mj12bot.com/)"
34.67.96.123 - - [26/Sep/2022:04:22:24 +0200] "GET /images/mini_prod/3700574900535.jpg HTTP/1.0" 200 269 "-" "Mozilla/5.0 (X11; Ubuntu; Linux x86_64; rv:72.0) Gecko/20100101 Firefox/72.0"
94.23.203.202 - - [26/Sep/2022:04:22:26 +0200] "GET /kimmi-junior-lexi-wooden-p-15841.html HTTP/1.0" 200 74737 "-" "Mozilla/5.0 (compatible; MJ12bot/v1.4.8; http://mj12bot.com/)"
75.119.142.113 - - [26/Sep/2022:04:22:27 +0200] "GET /-p-28671.html HTTP/1.0" 200 72060 "-" "Mozilla/5.0 (compatible; MJ12bot/v1.4.8; http://mj12bot.com/)"
95.217.195.123 - - [26/Sep/2022:04:22:29 +0200] "GET /-p-20497.html HTTP/1.0" 200 72060 "-" "Mozilla/5.0 (compatible; MJ12bot/v1.4.8; http://mj12bot.com/)"
185.191.171.26 - - [26/Sep/2022:04:22:29 +0200] "GET /tweety-money-p-24161.html HTTP/1.0" 200 74659 "-" "Mozilla/5.0 (compatible; SemrushBot/7~bl; +http://www.semrush.com/bot.html)"
94.23.203.202 - - [26/Sep/2022:04:22:30 +0200] "GET /kimmi-junior-notebook-p-7427.html HTTP/1.0" 200 75386 "-" "Mozilla/5.0 (compatible; MJ12bot/v1.4.8; http://mj12bot.com/)"
94.23.203.202 - - [26/Sep/2022:04:22:34 +0200] "GET /kimmi-junior-pen-colors-yellow-p-18584.html HTTP/1.0" 301 72245 "-" "Mozilla/5.0 (compatible; MJ12bot/v1.4.8; http://mj12bot.com/)"
95.217.195.123 - - [26/Sep/2022:04:22:37 +0200] "GET /accessories/umbrellas/maya-the-bee-umbrella-p-20498.html HTTP/1.0" 301 72127 "-" "Mozilla/5.0 (compatible; MJ12bot/v1.4.8; http://mj12bot.com/)"
75.119.142.113 - - [26/Sep/2022:04:22:37 +0200] "GET /-p-28674.html HTTP/1.0" 200 72060 "-" "Mozilla/5.0 (compatible; MJ12bot/v1.4.8; http://mj12bot.com/)"
94.23.203.202 - - [26/Sep/2022:04:22:37 +0200] "GET /kimmi-junior-colors-yellow-p-18584.html HTTP/1.0" 200 72152 "-" "Mozilla/5.0 (compatible; MJ12bot/v1.4.8; http://mj12bot.com/)"
95.217.195.123 - - [26/Sep/2022:04:22:44 +0200] "GET /-p-20498.html HTTP/1.0" 200 72060 "-" "Mozilla/5.0 (compatible; MJ12bot/v1.4.8; http://mj12bot.com/)"
94.23.203.202 - - [26/Sep/2022:04:22:44 +0200] "GET /kimmidoll-airi-shopping-bag-p-31945.html HTTP/1.0" 301 72268 "-" "Mozilla/5.0 (compatible; MJ12bot/v1.4.8; http://mj12bot.com/)"
75.119.142.113 - - [26/Sep/2022:04:22:45 +0200] "GET /-p-28700.html HTTP/1.0" 200 72060 "-" "Mozilla/5.0 (compatible; MJ12bot/v1.4.8; http://mj12bot.com/)"
185.191.171.6 - - [26/Sep/2022:04:22:45 +0200] "GET /chouchou-potholder-p-54732.html HTTP/1.0" 200 74689 "-" "Mozilla/5.0 (compatible; SemrushBot/7~bl; +http://www.semrush.com/bot.html)"
94.23.203.202 - - [26/Sep/2022:04:22:47 +0200] "GET /kimmidoll-airi-shopping-p-31945.html HTTP/1.0" 200 72178 "-" "Mozilla/5.0 (compatible; MJ12bot/v1.4.8; http://mj12bot.com/)"
66.249.65.170 - - [26/Sep/2022:04:22:49 +0200] "GET /household-linen-c-11.html?page=34 HTTP/1.0" 200 95141 "-" "Mozilla/5.0 (Linux; Android 6.0.1; Nexus 5X Build/MMB29P) AppleWebKit/537.36 (KHTML, like Gecko) Chrome/105.0.5195.125 Mobile Safari/537.36 (compatible; Googlebot/2.1; +http://www.google.com/bot.html)"
95.217.195.123 - - [26/Sep/2022:04:22:51 +0200] "GET /accessories/umbrellas/mickey-club-house-umbrella-p-20500.html HTTP/1.0" 301 75030 "-" "Mozilla/5.0 (compatible; MJ12bot/v1.4.8; http://mj12bot.com/)"
94.23.203.202 - - [26/Sep/2022:04:22:52 +0200] "GET /kimmidoll-airi-shopping-p-31945.html HTTP/1.0" 200 72178 "-" "Mozilla/5.0 (compatible; MJ12bot/v1.4.8; http://mj12bot.com/)"
66.249.65.166 - - [26/Sep/2022:04:22:55 +0200] "GET /swfobject.js HTTP/1.0" 404 1308 "http://www.wonder-geek.com/household-linen-c-11.html?page=34" "Mozilla/5.0 (Linux; Android 6.0.1; Nexus 5X Build/MMB29P) AppleWebKit/537.36 (KHTML, like Gecko) Chrome/105.0.5195.125 Mobile Safari/537.36 (compatible; Googlebot/2.1; +http://www.google.com/bot.html)"
75.119.142.113 - - [26/Sep/2022:04:22:55 +0200] "GET /-p-28704.html HTTP/1.0" 200 72060 "-" "Mozilla/5.0 (compatible; MJ12bot/v1.4.8; http://mj12bot.com/)"
66.249.65.168 - - [26/Sep/2022:04:22:57 +0200] "GET /swfobject.js HTTP/1.0" 404 1308 "http://www.wonder-geek.com/household-linen-c-11.html?page=34" "Mozilla/5.0 (Linux; Android 6.0.1; Nexus 5X Build/MMB29P) AppleWebKit/537.36 (KHTML, like Gecko) Chrome/105.0.5195.125 Mobile Safari/537.36 (compatible; Googlebot/2.1; +http://www.google.com/bot.html)"
94.23.203.202 - - [26/Sep/2022:04:22:57 +0200] "GET /kimmidoll-aki-keyring-p-31961.html HTTP/1.0" 301 72232 "-" "Mozilla/5.0 (compatible; MJ12bot/v1.4.8; http://mj12bot.com/)"
95.217.195.123 - - [26/Sep/2022:04:22:57 +0200] "GET /mickey-club-house-umbrella-p-20500.html HTTP/1.0" 200 74937 "-" "Mozilla/5.0 (compatible; MJ12bot/v1.4.8; http://mj12bot.com/)"
108.233.11.195 - - [26/Sep/2022:04:23:01 +0200] "GET /images/mini_prod/8003990615898.jpg HTTP/1.0" 200 269 "-" "Mozilla/5.0 (X11; Ubuntu; Linux x86_64; rv:72.0) Gecko/20100101 Firefox/72.0"
94.23.203.202 - - [26/Sep/2022:04:23:00 +0200] "GET /kimmidoll-keyring-p-31961.html HTTP/1.0" 200 72148 "-" "Mozilla/5.0 (compatible; MJ12bot/v1.4.8; http://mj12bot.com/)"
75.119.142.113 - - [26/Sep/2022:04:23:03 +0200] "GET /-p-28710.html HTTP/1.0" 200 72060 "-" "Mozilla/5.0 (compatible; MJ12bot/v1.4.8; http://mj12bot.com/)"
95.217.195.123 - - [26/Sep/2022:04:23:04 +0200] "GET /accessories/umbrellas/mickey-club-house-umbrella-p-6083.html HTTP/1.0" 301 72124 "-" "Mozilla/5.0 (compatible; MJ12bot/v1.4.8; http://mj12bot.com/)"
94.23.203.202 - - [26/Sep/2022:04:23:06 +0200] "GET /kimmidoll-blue-notepad-p-21736.html HTTP/1.0" 301 72127 "-" "Mozilla/5.0 (compatible; MJ12bot/v1.4.8; http://mj12bot.com/)"
94.23.203.202 - - [26/Sep/2022:04:23:09 +0200] "GET /-p-21736.html HTTP/1.0" 200 72060 "-" "Mozilla/5.0 (compatible; MJ12bot/v1.4.8; http://mj12bot.com/)"
75.119.142.113 - - [26/Sep/2022:04:23:13 +0200] "GET /-p-28757.html HTTP/1.0" 200 72060 "-" "Mozilla/5.0 (compatible; MJ12bot/v1.4.8; http://mj12bot.com/)"
94.23.203.202 - - [26/Sep/2022:04:23:14 +0200] "GET /kimmidoll-blue-notepad-set-p-21736.html HTTP/1.0" 301 72127 "-" "Mozilla/5.0 (compatible; MJ12bot/v1.4.8; http://mj12bot.com/)"
95.217.195.123 - - [26/Sep/2022:04:23:15 +0200] "GET /-p-6083.html HTTP/1.0" 200 72058 "-" "Mozilla/5.0 (compatible; MJ12bot/v1.4.8; http://mj12bot.com/)"
185.191.171.38 - - [26/Sep/2022:04:23:15 +0200] "GET /-p-28413.html HTTP/1.0" 200 72060 "-" "Mozilla/5.0 (compatible; SemrushBot/7~bl; +http://www.semrush.com/bot.html)"
94.23.203.202 - - [26/Sep/2022:04:23:18 +0200] "GET /-p-21736.html HTTP/1.0" 200 72060 "-" "Mozilla/5.0 (compatible; MJ12bot/v1.4.8; http://mj12bot.com/)"
95.217.195.123 - - [26/Sep/2022:04:23:22 +0200] "GET /accessories/umbrellas/mickey-club-house-umbrella-p-6084.html HTTP/1.0" 301 72124 "-" "Mozilla/5.0 (compatible; MJ12bot/v1.4.8; http://mj12bot.com/)"
75.119.142.113 - - [26/Sep/2022:04:23:23 +0200] "GET /-p-28781.html HTTP/1.0" 200 72060 "-" "Mozilla/5.0 (compatible; MJ12bot/v1.4.8; http://mj12bot.com/)"
94.23.203.202 - - [26/Sep/2022:04:23:24 +0200] "GET /kimmidoll-brush-pink-p-28671.html HTTP/1.0" 301 72127 "-" "Mozilla/5.0 (compatible; MJ12bot/v1.4.8; http://mj12bot.com/)"
94.23.203.202 - - [26/Sep/2022:04:23:28 +0200] "GET /-p-28671.html HTTP/1.0" 200 72060 "-" "Mozilla/5.0 (compatible; MJ12bot/v1.4.8; http://mj12bot.com/)"
95.217.195.123 - - [26/Sep/2022:04:23:29 +0200] "GET /-p-6084.html HTTP/1.0" 200 72058 "-" "Mozilla/5.0 (compatible; MJ12bot/v1.4.8; http://mj12bot.com/)"
75.119.142.113 - - [26/Sep/2022:04:23:30 +0200] "GET /-p-28866.html HTTP/1.0" 200 72060 "-" "Mozilla/5.0 (compatible; MJ12bot/v1.4.8; http://mj12bot.com/)"
94.23.203.202 - - [26/Sep/2022:04:23:33 +0200] "GET /kimmidoll-brush-white-and-blue-p-28674.html HTTP/1.0" 301 72127 "-" "Mozilla/5.0 (compatible; MJ12bot/v1.4.8; http://mj12bot.com/)"
54.36.148.166 - - [26/Sep/2022:04:23:34 +0200] "GET /christmas-hanging-plate-esprit-p-58845.html HTTP/1.0" 200 75434 "-" "Mozilla/5.0 (compatible; AhrefsBot/7.0; +http://ahrefs.com/robot/)"
95.217.195.123 - - [26/Sep/2022:04:23:35 +0200] "GET /accessories/umbrellas/mister-men-umbrella-p-6460.html HTTP/1.0" 301 72124 "-" "Mozilla/5.0 (compatible; MJ12bot/v1.4.8; http://mj12bot.com/)"
75.119.142.113 - - [26/Sep/2022:04:23:36 +0200] "GET /-p-29048.html HTTP/1.0" 200 72060 "-" "Mozilla/5.0 (compatible; MJ12bot/v1.4.8; http://mj12bot.com/)"
94.23.203.202 - - [26/Sep/2022:04:23:36 +0200] "GET /-p-28674.html HTTP/1.0" 200 72060 "-" "Mozilla/5.0 (compatible; MJ12bot/v1.4.8; http://mj12bot.com/)"
185.191.171.8 - - [26/Sep/2022:04:23:38 +0200] "GET /article-classified-spongebob-metal-suitcase-p-47968.html HTTP/1.0" 200 75580 "-" "Mozilla/5.0 (compatible; SemrushBot/7~bl; +http://www.semrush.com/bot.html)"
95.217.195.123 - - [26/Sep/2022:04:23:41 +0200] "GET /-p-6460.html HTTP/1.0" 200 72058 "-" "Mozilla/5.0 (compatible; MJ12bot/v1.4.8; http://mj12bot.com/)"
94.23.203.202 - - [26/Sep/2022:04:23:42 +0200] "GET /kimmidoll-brush-white-blue-p-28674.html HTTP/1.0" 301 72127 "-" "Mozilla/5.0 (compatible; MJ12bot/v1.4.8; http://mj12bot.com/)"
185.191.171.2 - - [26/Sep/2022:04:23:43 +0200] "GET /cats-ceramic-dish-p-40240.html HTTP/1.0" 200 72126 "-" "Mozilla/5.0 (compatible; SemrushBot/7~bl; +http://www.semrush.com/bot.html)"
95.217.195.123 - - [26/Sep/2022:04:23:45 +0200] "GET /accessories/umbrellas/monster-high-umbrella-p-20211.html HTTP/1.0" 301 72127 "-" "Mozilla/5.0 (compatible; MJ12bot/v1.4.8; http://mj12bot.com/)"
94.23.203.202 - - [26/Sep/2022:04:23:46 +0200] "GET /-p-28674.html HTTP/1.0" 200 72060 "-" "Mozilla/5.0 (compatible; MJ12bot/v1.4.8; http://mj12bot.com/)"
119.8.113.14 - - [26/Sep/2022:04:23:48 +0200] "GET /images/mini_prod/8432699066869.jpg HTTP/1.0" 200 269 "-" "Mozilla/5.0 (Windows NT 10.0; Win64; x64) AppleWebKit/537.36 (KHTML, like Gecko) Chrome/54.0.2840.99 Safari/537.36"
75.119.142.113 - - [26/Sep/2022:04:23:46 +0200] "GET /-p-29307.html HTTP/1.0" 200 72060 "-" "Mozilla/5.0 (compatible; MJ12bot/v1.4.8; http://mj12bot.com/)"
94.23.203.202 - - [26/Sep/2022:04:23:50 +0200] "GET /kimmidoll-collection-chizuru-p-37315.html HTTP/1.0" 200 72209 "-" "Mozilla/5.0 (compatible; MJ12bot/v1.4.8; http://mj12bot.com/)"
75.119.142.113 - - [26/Sep/2022:04:23:53 +0200] "GET /-p-29321.html HTTP/1.0" 200 72060 "-" "Mozilla/5.0 (compatible; MJ12bot/v1.4.8; http://mj12bot.com/)"
94.23.203.202 - - [26/Sep/2022:04:23:54 +0200] "GET /kimmidoll-collection-haruyo-p-28669.html HTTP/1.0" 200 72170 "-" "Mozilla/5.0 (compatible; MJ12bot/v1.4.8; http://mj12bot.com/)"
95.217.195.123 - - [26/Sep/2022:04:23:54 +0200] "GET /-p-20211.html HTTP/1.0" 200 72060 "-" "Mozilla/5.0 (compatible; MJ12bot/v1.4.8; http://mj12bot.com/)"
94.23.203.202 - - [26/Sep/2022:04:23:59 +0200] "GET /kimmidoll-collection-mizuyo-p-28668.html HTTP/1.0" 200 72204 "-" "Mozilla/5.0 (compatible; MJ12bot/v1.4.8; http://mj12bot.com/)"
94.23.203.202 - - [26/Sep/2022:04:24:02 +0200] "GET /kimmidoll-collection-mug-chizuru-p-37315.html HTTP/1.0" 301 72304 "-" "Mozilla/5.0 (compatible; MJ12bot/v1.4.8; http://mj12bot.com/)"
75.119.142.113 - - [26/Sep/2022:04:24:03 +0200] "GET /-p-29341.html HTTP/1.0" 200 72060 "-" "Mozilla/5.0 (compatible; MJ12bot/v1.4.8; http://mj12bot.com/)"
94.23.203.202 - - [26/Sep/2022:04:24:05 +0200] "GET /kimmidoll-collection-chizuru-p-37315.html HTTP/1.0" 200 72209 "-" "Mozilla/5.0 (compatible; MJ12bot/v1.4.8; http://mj12bot.com/)"
95.217.195.123 - - [26/Sep/2022:04:24:08 +0200] "GET /accessories/umbrellas/new-york-retractable-umbrella-p-14510.html HTTP/1.0" 301 72127 "-" "Mozilla/5.0 (compatible; MJ12bot/v1.4.8; http://mj12bot.com/)"
75.119.142.113 - - [26/Sep/2022:04:24:08 +0200] "GET /-p-29350.html HTTP/1.0" 200 72060 "-" "Mozilla/5.0 (compatible; MJ12bot/v1.4.8; http://mj12bot.com/)"
94.23.203.202 - - [26/Sep/2022:04:24:10 +0200] "GET /kimmidoll-collection-mug-haruyo-p-28669.html HTTP/1.0" 301 72264 "-" "Mozilla/5.0 (compatible; MJ12bot/v1.4.8; http://mj12bot.com/)"
94.23.203.202 - - [26/Sep/2022:04:24:14 +0200] "GET /kimmidoll-collection-haruyo-p-28669.html HTTP/1.0" 200 72170 "-" "Mozilla/5.0 (compatible; MJ12bot/v1.4.8; http://mj12bot.com/)"
95.217.195.123 - - [26/Sep/2022:04:24:15 +0200] "GET /-p-14510.html HTTP/1.0" 200 72060 "-" "Mozilla/5.0 (compatible; MJ12bot/v1.4.8; http://mj12bot.com/)"
75.119.142.113 - - [26/Sep/2022:04:24:16 +0200] "GET /-p-29351.html HTTP/1.0" 200 72060 "-" "Mozilla/5.0 (compatible; MJ12bot/v1.4.8; http://mj12bot.com/)"
94.23.203.202 - - [26/Sep/2022:04:24:17 +0200] "GET /kimmidoll-collection-mug-mizuyo-p-28668.html HTTP/1.0" 301 72298 "-" "Mozilla/5.0 (compatible; MJ12bot/v1.4.8; http://mj12bot.com/)"
216.244.66.242 - - [26/Sep/2022:04:24:19 +0200] "GET /images/big_prod/3503420183737.jpg HTTP/1.0" 200 268 "-" "Mozilla/5.0 (compatible; DotBot/1.2; +https://opensiteexplorer.org/dotbot; help@moz.com)"
94.23.203.202 - - [26/Sep/2022:04:24:21 +0200] "GET /kimmidoll-collection-mizuyo-p-28668.html HTTP/1.0" 200 72204 "-" "Mozilla/5.0 (compatible; MJ12bot/v1.4.8; http://mj12bot.com/)"
95.217.195.123 - - [26/Sep/2022:04:24:22 +0200] "GET /accessories/umbrellas/nici-fox-umbrella-p-9229.html HTTP/1.0" 301 72124 "-" "Mozilla/5.0 (compatible; MJ12bot/v1.4.8; http://mj12bot.com/)"
94.23.203.202 - - [26/Sep/2022:04:24:24 +0200] "GET /kimmidoll-collection-mug-yuka-p-28670.html HTTP/1.0" 301 72127 "-" "Mozilla/5.0 (compatible; MJ12bot/v1.4.8; http://mj12bot.com/)"
95.217.195.123 - - [26/Sep/2022:04:24:26 +0200] "GET /-p-9229.html HTTP/1.0" 200 72058 "-" "Mozilla/5.0 (compatible; MJ12bot/v1.4.8; http://mj12bot.com/)"
75.119.142.113 - - [26/Sep/2022:04:24:26 +0200] "GET /-p-29429.html HTTP/1.0" 200 72060 "-" "Mozilla/5.0 (compatible; MJ12bot/v1.4.8; http://mj12bot.com/)"
94.23.203.202 - - [26/Sep/2022:04:24:27 +0200] "GET /-p-28670.html HTTP/1.0" 200 72060 "-" "Mozilla/5.0 (compatible; MJ12bot/v1.4.8; http://mj12bot.com/)"
94.23.203.202 - - [26/Sep/2022:04:24:31 +0200] "GET /kimmidoll-heart-keyring-p-32397.html HTTP/1.0" 200 72166 "-" "Mozilla/5.0 (compatible; MJ12bot/v1.4.8; http://mj12bot.com/)"
95.217.195.123 - - [26/Sep/2022:04:24:33 +0200] "GET /accessories/umbrellas/nici-sheep-umbrella-p-9227.html HTTP/1.0" 301 72209 "-" "Mozilla/5.0 (compatible; MJ12bot/v1.4.8; http://mj12bot.com/)"
94.23.203.202 - - [26/Sep/2022:04:24:34 +0200] "GET /kimmidoll-hiro-cosmetic-purse-p-17992.html HTTP/1.0" 200 72196 "-" "Mozilla/5.0 (compatible; MJ12bot/v1.4.8; http://mj12bot.com/)"
75.119.142.113 - - [26/Sep/2022:04:24:37 +0200] "GET /-p-29430.html HTTP/1.0" 200 72060 "-" "Mozilla/5.0 (compatible; MJ12bot/v1.4.8; http://mj12bot.com/)"
94.23.203.202 - - [26/Sep/2022:04:24:38 +0200] "GET /kimmidoll-keyring-p-31961.html HTTP/1.0" 200 72148 "-" "Mozilla/5.0 (compatible; MJ12bot/v1.4.8; http://mj12bot.com/)"
95.217.195.123 - - [26/Sep/2022:04:24:39 +0200] "GET /nici-sheep-umbrella-p-9227.html HTTP/1.0" 200 72124 "-" "Mozilla/5.0 (compatible; MJ12bot/v1.4.8; http://mj12bot.com/)"
94.23.203.202 - - [26/Sep/2022:04:24:42 +0200] "GET /kimmidoll-mirror-pendant-bag-p-12995.html HTTP/1.0" 301 72127 "-" "Mozilla/5.0 (compatible; MJ12bot/v1.4.8; http://mj12bot.com/)"
94.23.203.202 - - [26/Sep/2022:04:24:46 +0200] "GET /-p-12995.html HTTP/1.0" 200 72060 "-" "Mozilla/5.0 (compatible; MJ12bot/v1.4.8; http://mj12bot.com/)"
75.119.142.113 - - [26/Sep/2022:04:24:46 +0200] "GET /-p-29477.html HTTP/1.0" 200 72060 "-" "Mozilla/5.0 (compatible; MJ12bot/v1.4.8; http://mj12bot.com/)"
95.217.195.123 - - [26/Sep/2022:04:24:47 +0200] "GET /accessories/umbrellas/noddy-umbrella-p-7877.html HTTP/1.0" 301 72124 "-" "Mozilla/5.0 (compatible; MJ12bot/v1.4.8; http://mj12bot.com/)"
94.23.203.202 - - [26/Sep/2022:04:24:49 +0200] "GET /kimmidoll-mizuyo-magnets-p-31957.html HTTP/1.0" 200 74718 "-" "Mozilla/5.0 (compatible; MJ12bot/v1.4.8; http://mj12bot.com/)"
147.92.153.15 - - [26/Sep/2022:04:24:48 +0200] "GET /tree-decoration-p-58862.html HTTP/1.0" 200 75495 "-" "Mozilla/5.0 (compatible; Linespider/1.1; +https://lin.ee/4dwXkTH)"
94.23.203.202 - - [26/Sep/2022:04:24:53 +0200] "GET /kimmidoll-mizuyo-set-of-magnets-p-31957.html HTTP/1.0" 301 74809 "-" "Mozilla/5.0 (compatible; MJ12bot/v1.4.8; http://mj12bot.com/)"
75.119.142.113 - - [26/Sep/2022:04:24:53 +0200] "GET /-p-29500.html HTTP/1.0" 200 72060 "-" "Mozilla/5.0 (compatible; MJ12bot/v1.4.8; http://mj12bot.com/)"
95.217.195.123 - - [26/Sep/2022:04:24:54 +0200] "GET /-p-7877.html HTTP/1.0" 200 72058 "-" "Mozilla/5.0 (compatible; MJ12bot/v1.4.8; http://mj12bot.com/)"
94.23.203.202 - - [26/Sep/2022:04:24:56 +0200] "GET /kimmidoll-mizuyo-magnets-p-31957.html HTTP/1.0" 200 74718 "-" "Mozilla/5.0 (compatible; MJ12bot/v1.4.8; http://mj12bot.com/)"
94.23.203.202 - - [26/Sep/2022:04:25:00 +0200] "GET /kimmidoll-mug-p-11375.html HTTP/1.0" 301 72127 "-" "Mozilla/5.0 (compatible; MJ12bot/v1.4.8; http://mj12bot.com/)"
75.119.142.113 - - [26/Sep/2022:04:25:01 +0200] "GET /-p-29501.html HTTP/1.0" 200 72060 "-" "Mozilla/5.0 (compatible; MJ12bot/v1.4.8; http://mj12bot.com/)"
94.23.203.202 - - [26/Sep/2022:04:25:04 +0200] "GET /-p-11375.html HTTP/1.0" 200 72060 "-" "Mozilla/5.0 (compatible; MJ12bot/v1.4.8; http://mj12bot.com/)"
95.217.195.123 - - [26/Sep/2022:04:25:04 +0200] "GET /accessories/umbrellas/peanuts-umbrella-p-20325.html HTTP/1.0" 301 72127 "-" "Mozilla/5.0 (compatible; MJ12bot/v1.4.8; http://mj12bot.com/)"
94.23.203.202 - - [26/Sep/2022:04:25:08 +0200] "GET /kimmidoll-notebooks-p-31954.html HTTP/1.0" 301 72127 "-" "Mozilla/5.0 (compatible; MJ12bot/v1.4.8; http://mj12bot.com/)"
94.23.203.202 - - [26/Sep/2022:04:25:11 +0200] "GET /-p-31954.html HTTP/1.0" 200 72060 "-" "Mozilla/5.0 (compatible; MJ12bot/v1.4.8; http://mj12bot.com/)"
75.119.142.113 - - [26/Sep/2022:04:25:12 +0200] "GET /-p-29578.html HTTP/1.0" 200 72060 "-" "Mozilla/5.0 (compatible; MJ12bot/v1.4.8; http://mj12bot.com/)"
95.217.195.123 - - [26/Sep/2022:04:25:12 +0200] "GET /-p-20325.html HTTP/1.0" 200 72060 "-" "Mozilla/5.0 (compatible; MJ12bot/v1.4.8; http://mj12bot.com/)"
94.23.203.202 - - [26/Sep/2022:04:25:14 +0200] "GET /kimmidoll-notepad-p-11323.html HTTP/1.0" 200 75553 "-" "Mozilla/5.0 (compatible; MJ12bot/v1.4.8; http://mj12bot.com/)"
94.23.203.202 - - [26/Sep/2022:04:25:17 +0200] "GET /kimmidoll-notepad-set-p-11323.html HTTP/1.0" 301 75637 "-" "Mozilla/5.0 (compatible; MJ12bot/v1.4.8; http://mj12bot.com/)"
94.23.203.202 - - [26/Sep/2022:04:25:20 +0200] "GET /kimmidoll-notepad-p-11323.html HTTP/1.0" 200 75553 "-" "Mozilla/5.0 (compatible; MJ12bot/v1.4.8; http://mj12bot.com/)"
54.36.149.51 - - [26/Sep/2022:04:25:20 +0200] "GET /christmas-hanging-plate-famille-heureuse-p-58843.html HTTP/1.0" 200 75454 "-" "Mozilla/5.0 (compatible; AhrefsBot/7.0; +http://ahrefs.com/robot/)"
75.119.142.113 - - [26/Sep/2022:04:25:21 +0200] "GET /-p-29579.html HTTP/1.0" 200 72060 "-" "Mozilla/5.0 (compatible; MJ12bot/v1.4.8; http://mj12bot.com/)"
95.217.195.123 - - [26/Sep/2022:04:25:24 +0200] "GET /accessories/umbrellas/smurf-pink-umbrella-p-10330.html HTTP/1.0" 301 72127 "-" "Mozilla/5.0 (compatible; MJ12bot/v1.4.8; http://mj12bot.com/)"
94.23.203.202 - - [26/Sep/2022:04:25:24 +0200] "GET /kimmidoll-purple-round-pencil-case-p-19822.html HTTP/1.0" 301 72127 "-" "Mozilla/5.0 (compatible; MJ12bot/v1.4.8; http://mj12bot.com/)"
75.119.142.113 - - [26/Sep/2022:04:25:27 +0200] "GET /-p-29641.html HTTP/1.0" 200 72060 "-" "Mozilla/5.0 (compatible; MJ12bot/v1.4.8; http://mj12bot.com/)"
94.23.203.202 - - [26/Sep/2022:04:25:27 +0200] "GET /-p-19822.html HTTP/1.0" 200 72060 "-" "Mozilla/5.0 (compatible; MJ12bot/v1.4.8; http://mj12bot.com/)"
95.217.195.123 - - [26/Sep/2022:04:25:30 +0200] "GET /-p-10330.html HTTP/1.0" 200 72060 "-" "Mozilla/5.0 (compatible; MJ12bot/v1.4.8; http://mj12bot.com/)"
94.23.203.202 - - [26/Sep/2022:04:25:32 +0200] "GET /kimmidoll-rounded-metal-storage-box-p-33944.html HTTP/1.0" 301 72127 "-" "Mozilla/5.0 (compatible; MJ12bot/v1.4.8; http://mj12bot.com/)"
207.46.13.149 - - [26/Sep/2022:04:25:34 +0200] "GET /images/1399984280133.jpg HTTP/1.0" 200 259 "-" "Mozilla/5.0 (compatible; bingbot/2.0; +http://www.bing.com/bingbot.htm)"
94.23.203.202 - - [26/Sep/2022:04:25:35 +0200] "GET /-p-33944.html HTTP/1.0" 200 72060 "-" "Mozilla/5.0 (compatible; MJ12bot/v1.4.8; http://mj12bot.com/)"
75.119.142.113 - - [26/Sep/2022:04:25:35 +0200] "GET /-p-29663.html HTTP/1.0" 200 72060 "-" "Mozilla/5.0 (compatible; MJ12bot/v1.4.8; http://mj12bot.com/)"
95.217.195.123 - - [26/Sep/2022:04:25:37 +0200] "GET /accessories/umbrellas/strawberry-shortcake-umbrella-p-20317.html HTTP/1.0" 301 72127 "-" "Mozilla/5.0 (compatible; MJ12bot/v1.4.8; http://mj12bot.com/)"
94.23.203.202 - - [26/Sep/2022:04:25:38 +0200] "GET /kimmidoll-rounded-metal-storage-p-33944.html HTTP/1.0" 301 72127 "-" "Mozilla/5.0 (compatible; MJ12bot/v1.4.8; http://mj12bot.com/)"
94.23.203.202 - - [26/Sep/2022:04:25:41 +0200] "GET /-p-33944.html HTTP/1.0" 200 72060 "-" "Mozilla/5.0 (compatible; MJ12bot/v1.4.8; http://mj12bot.com/)"
185.191.171.1 - - [26/Sep/2022:04:25:41 +0200] "GET /pugsley-keel-toys-plush-winged-p-46898.html HTTP/1.0" 200 74918 "-" "Mozilla/5.0 (compatible; SemrushBot/7~bl; +http://www.semrush.com/bot.html)"
75.119.142.113 - - [26/Sep/2022:04:25:42 +0200] "GET /-p-29819.html HTTP/1.0" 200 72060 "-" "Mozilla/5.0 (compatible; MJ12bot/v1.4.8; http://mj12bot.com/)"
94.23.203.202 - - [26/Sep/2022:04:25:45 +0200] "GET /kimmidoll-set-of-notebooks-p-31954.html HTTP/1.0" 301 72127 "-" "Mozilla/5.0 (compatible; MJ12bot/v1.4.8; http://mj12bot.com/)"
94.23.203.202 - - [26/Sep/2022:04:25:48 +0200] "GET /-p-31954.html HTTP/1.0" 200 72060 "-" "Mozilla/5.0 (compatible; MJ12bot/v1.4.8; http://mj12bot.com/)"
185.191.171.6 - - [26/Sep/2022:04:25:49 +0200] "GET /willow-tree-collection-mother-daughter-p-55500.html HTTP/1.0" 200 76436 "-" "Mozilla/5.0 (compatible; SemrushBot/7~bl; +http://www.semrush.com/bot.html)"
75.119.142.113 - - [26/Sep/2022:04:25:49 +0200] "GET /-p-29924.html HTTP/1.0" 200 72060 "-" "Mozilla/5.0 (compatible; MJ12bot/v1.4.8; http://mj12bot.com/)"
94.23.203.202 - - [26/Sep/2022:04:25:51 +0200] "GET /kimmidoll-shigemi-mug-p-27429.html HTTP/1.0" 301 72127 "-" "Mozilla/5.0 (compatible; MJ12bot/v1.4.8; http://mj12bot.com/)"
95.217.195.123 - - [26/Sep/2022:04:25:51 +0200] "GET /-p-20317.html HTTP/1.0" 200 72060 "-" "Mozilla/5.0 (compatible; MJ12bot/v1.4.8; http://mj12bot.com/)"
94.23.203.202 - - [26/Sep/2022:04:25:54 +0200] "GET /-p-27429.html HTTP/1.0" 200 72060 "-" "Mozilla/5.0 (compatible; MJ12bot/v1.4.8; http://mj12bot.com/)"
94.23.203.202 - - [26/Sep/2022:04:25:57 +0200] "GET /kimmidoll-storage-cardboard-boxes-p-31955.html HTTP/1.0" 301 72127 "-" "Mozilla/5.0 (compatible; MJ12bot/v1.4.8; http://mj12bot.com/)"
75.119.142.113 - - [26/Sep/2022:04:25:58 +0200] "GET /-p-30034.html HTTP/1.0" 200 72060 "-" "Mozilla/5.0 (compatible; MJ12bot/v1.4.8; http://mj12bot.com/)"
95.217.195.123 - - [26/Sep/2022:04:26:00 +0200] "GET /accessories/umbrellas/the-princess-and-the-frog-umbrella-p-20495.html HTTP/1.0" 301 72127 "-" "Mozilla/5.0 (compatible; MJ12bot/v1.4.8; http://mj12bot.com/)"
94.23.203.202 - - [26/Sep/2022:04:26:00 +0200] "GET /-p-31955.html HTTP/1.0" 200 72060 "-" "Mozilla/5.0 (compatible; MJ12bot/v1.4.8; http://mj12bot.com/)"
94.23.203.202 - - [26/Sep/2022:04:26:04 +0200] "GET /kimmidoll-tsuki-jewelry-box-p-31947.html HTTP/1.0" 301 72127 "-" "Mozilla/5.0 (compatible; MJ12bot/v1.4.8; http://mj12bot.com/)"
75.119.142.113 - - [26/Sep/2022:04:26:06 +0200] "GET /-p-30219.html HTTP/1.0" 200 72060 "-" "Mozilla/5.0 (compatible; MJ12bot/v1.4.8; http://mj12bot.com/)"
94.23.203.202 - - [26/Sep/2022:04:26:07 +0200] "GET /-p-31947.html HTTP/1.0" 200 72060 "-" "Mozilla/5.0 (compatible; MJ12bot/v1.4.8; http://mj12bot.com/)"
95.217.195.123 - - [26/Sep/2022:04:26:07 +0200] "GET /-p-20495.html HTTP/1.0" 200 72060 "-" "Mozilla/5.0 (compatible; MJ12bot/v1.4.8; http://mj12bot.com/)"
75.119.142.113 - - [26/Sep/2022:04:26:11 +0200] "GET /-p-30220.html HTTP/1.0" 200 72060 "-" "Mozilla/5.0 (compatible; MJ12bot/v1.4.8; http://mj12bot.com/)"
94.23.203.202 - - [26/Sep/2022:04:26:12 +0200] "GET /kimmidoll-tsuki-mug-p-31946.html HTTP/1.0" 301 72127 "-" "Mozilla/5.0 (compatible; MJ12bot/v1.4.8; http://mj12bot.com/)"
94.23.203.202 - - [26/Sep/2022:04:26:15 +0200] "GET /-p-31946.html HTTP/1.0" 200 72060 "-" "Mozilla/5.0 (compatible; MJ12bot/v1.4.8; http://mj12bot.com/)"
95.217.195.123 - - [26/Sep/2022:04:26:16 +0200] "GET /accessories/umbrellas/the-princess-and-the-frog-umbrella-p-20496.html HTTP/1.0" 301 75083 "-" "Mozilla/5.0 (compatible; MJ12bot/v1.4.8; http://mj12bot.com/)"
94.23.203.202 - - [26/Sep/2022:04:26:18 +0200] "GET /kimmidoll-tsuki-shoulder-bag-p-28302.html HTTP/1.0" 301 72127 "-" "Mozilla/5.0 (compatible; MJ12bot/v1.4.8; http://mj12bot.com/)"
75.119.142.113 - - [26/Sep/2022:04:26:20 +0200] "GET /-p-30255.html HTTP/1.0" 200 72060 "-" "Mozilla/5.0 (compatible; MJ12bot/v1.4.8; http://mj12bot.com/)"
94.23.203.202 - - [26/Sep/2022:04:26:21 +0200] "GET /-p-28302.html HTTP/1.0" 200 72060 "-" "Mozilla/5.0 (compatible; MJ12bot/v1.4.8; http://mj12bot.com/)"
94.23.203.202 - - [26/Sep/2022:04:26:24 +0200] "GET /kimmidoll-wastebasket-p-27443.html HTTP/1.0" 200 72134 "-" "Mozilla/5.0 (compatible; MJ12bot/v1.4.8; http://mj12bot.com/)"
75.119.142.113 - - [26/Sep/2022:04:26:27 +0200] "GET /-p-30425.html HTTP/1.0" 200 72060 "-" "Mozilla/5.0 (compatible; MJ12bot/v1.4.8; http://mj12bot.com/)"
95.217.195.123 - - [26/Sep/2022:04:26:27 +0200] "GET /princess-frog-umbrella-p-20496.html HTTP/1.0" 200 74994 "-" "Mozilla/5.0 (compatible; MJ12bot/v1.4.8; http://mj12bot.com/)"
94.23.203.202 - - [26/Sep/2022:04:26:28 +0200] "GET /kimmidoll-yoshiko-green-pen-p-18403.html HTTP/1.0" 301 72127 "-" "Mozilla/5.0 (compatible; MJ12bot/v1.4.8; http://mj12bot.com/)"
94.23.203.202 - - [26/Sep/2022:04:26:31 +0200] "GET /-p-18403.html HTTP/1.0" 200 72060 "-" "Mozilla/5.0 (compatible; MJ12bot/v1.4.8; http://mj12bot.com/)"
95.217.195.123 - - [26/Sep/2022:04:26:32 +0200] "GET /accessories/umbrellas/toy-story-umbrella-p-20329.html HTTP/1.0" 301 72127 "-" "Mozilla/5.0 (compatible; MJ12bot/v1.4.8; http://mj12bot.com/)"
51.68.224.127 - - [26/Sep/2022:04:26:34 +0200] "GET /adminweb/export_orders_xml.php?token=256de2z6edz6ed2z6DFSFsed2zed6zeDSFDSGdzedezfzf&maxorders=10&orderstart=1&status=14&start_date=2018-10-01 HTTP/1.0" 200 285 "-" "GesCom CharlotteBoutik Serveur"
51.68.224.127 - - [26/Sep/2022:04:26:35 +0200] "GET /adminweb/export_orders_xml.php?token=256de2z6edz6ed2z6DFSFsed2zed6zeDSFDSGdzedezfzf&maxorders=10&orderstart=1&status=6&start_date=2018-10-01 HTTP/1.0" 200 33985 "-" "GesCom CharlotteBoutik Serveur"
94.23.203.202 - - [26/Sep/2022:04:26:35 +0200] "GET /kimmidolls-love-bon-bon-beauty-bag-p-21765.html HTTP/1.0" 301 72127 "-" "Mozilla/5.0 (compatible; MJ12bot/v1.4.8; http://mj12bot.com/)"
75.119.142.113 - - [26/Sep/2022:04:26:35 +0200] "GET /-p-30467.html HTTP/1.0" 200 72060 "-" "Mozilla/5.0 (compatible; MJ12bot/v1.4.8; http://mj12bot.com/)"
185.191.171.19 - - [26/Sep/2022:04:26:37 +0200] "GET /-p-19784.html HTTP/1.0" 200 72060 "-" "Mozilla/5.0 (compatible; SemrushBot/7~bl; +http://www.semrush.com/bot.html)"
94.23.203.202 - - [26/Sep/2022:04:26:37 +0200] "GET /-p-21765.html HTTP/1.0" 200 72060 "-" "Mozilla/5.0 (compatible; MJ12bot/v1.4.8; http://mj12bot.com/)"
34.198.236.55 - - [26/Sep/2022:04:26:40 +0200] "GET /images/mini_prod/MISES-EN-SITUATION-16.jpg HTTP/1.0" 200 277 "-" "Mozilla/5.0 (X11; Ubuntu; Linux x86_64; rv:72.0) Gecko/20100101 Firefox/72.0"
94.23.203.202 - - [26/Sep/2022:04:26:41 +0200] "GET /kimmijunior-charly-girly-set-p-17994.html HTTP/1.0" 301 75180 "-" "Mozilla/5.0 (compatible; MJ12bot/v1.4.8; http://mj12bot.com/)"
95.217.195.123 - - [26/Sep/2022:04:26:41 +0200] "GET /-p-20329.html HTTP/1.0" 200 72060 "-" "Mozilla/5.0 (compatible; MJ12bot/v1.4.8; http://mj12bot.com/)"
75.119.142.113 - - [26/Sep/2022:04:26:43 +0200] "GET /-p-30666.html HTTP/1.0" 200 72060 "-" "Mozilla/5.0 (compatible; MJ12bot/v1.4.8; http://mj12bot.com/)"
94.23.203.202 - - [26/Sep/2022:04:26:44 +0200] "GET /kimmijunior-charly-girly-p-17994.html HTTP/1.0" 200 75089 "-" "Mozilla/5.0 (compatible; MJ12bot/v1.4.8; http://mj12bot.com/)"
94.23.203.202 - - [26/Sep/2022:04:26:47 +0200] "GET /kimmijunior-summer-girly-set-p-17995.html HTTP/1.0" 301 75809 "-" "Mozilla/5.0 (compatible; MJ12bot/v1.4.8; http://mj12bot.com/)"
75.119.142.113 - - [26/Sep/2022:04:26:49 +0200] "GET /-p-30869.html HTTP/1.0" 200 72060 "-" "Mozilla/5.0 (compatible; MJ12bot/v1.4.8; http://mj12bot.com/)"
95.217.195.123 - - [26/Sep/2022:04:26:51 +0200] "GET /accessories/umbrellas/walle-umbrella-p-6102.html HTTP/1.0" 301 72124 "-" "Mozilla/5.0 (compatible; MJ12bot/v1.4.8; http://mj12bot.com/)"
94.23.203.202 - - [26/Sep/2022:04:26:51 +0200] "GET /kimmijunior-summer-girly-p-17995.html HTTP/1.0" 200 75718 "-" "Mozilla/5.0 (compatible; MJ12bot/v1.4.8; http://mj12bot.com/)"
94.23.203.202 - - [26/Sep/2022:04:26:54 +0200] "GET /kimmijunior-taylor-girly-set-p-17990.html HTTP/1.0" 301 75180 "-" "Mozilla/5.0 (compatible; MJ12bot/v1.4.8; http://mj12bot.com/)"
95.217.195.123 - - [26/Sep/2022:04:26:56 +0200] "GET /-p-6102.html HTTP/1.0" 200 72058 "-" "Mozilla/5.0 (compatible; MJ12bot/v1.4.8; http://mj12bot.com/)"
75.119.142.113 - - [26/Sep/2022:04:26:57 +0200] "GET /-p-30919.html HTTP/1.0" 200 72060 "-" "Mozilla/5.0 (compatible; MJ12bot/v1.4.8; http://mj12bot.com/)"
94.23.203.202 - - [26/Sep/2022:04:26:57 +0200] "GET /kimmijunior-taylor-girly-p-17990.html HTTP/1.0" 200 75089 "-" "Mozilla/5.0 (compatible; MJ12bot/v1.4.8; http://mj12bot.com/)"
94.23.203.202 - - [26/Sep/2022:04:27:01 +0200] "GET /kimmijunior-willow-girly-set-p-17993.html HTTP/1.0" 301 75809 "-" "Mozilla/5.0 (compatible; MJ12bot/v1.4.8; http://mj12bot.com/)"
94.23.203.202 - - [26/Sep/2022:04:27:04 +0200] "GET /kimmijunior-willow-girly-p-17993.html HTTP/1.0" 200 75718 "-" "Mozilla/5.0 (compatible; MJ12bot/v1.4.8; http://mj12bot.com/)"
95.217.195.123 - - [26/Sep/2022:04:27:07 +0200] "GET /accessories/umbrellas/winnie-the-pooh-umbrella-p-20501.html HTTP/1.0" 301 74999 "-" "Mozilla/5.0 (compatible; MJ12bot/v1.4.8; http://mj12bot.com/)"
75.119.142.113 - - [26/Sep/2022:04:27:07 +0200] "GET /-p-30935.html HTTP/1.0" 200 72060 "-" "Mozilla/5.0 (compatible; MJ12bot/v1.4.8; http://mj12bot.com/)"
94.23.203.202 - - [26/Sep/2022:04:27:08 +0200] "GET /kit-cosmetics-isotherm-sea-cream-and-sun-p-24814.html HTTP/1.0" 301 72127 "-" "Mozilla/5.0 (compatible; MJ12bot/v1.4.8; http://mj12bot.com/)"
94.23.203.202 - - [26/Sep/2022:04:27:12 +0200] "GET /-p-24814.html HTTP/1.0" 200 72060 "-" "Mozilla/5.0 (compatible; MJ12bot/v1.4.8; http://mj12bot.com/)"
75.119.142.113 - - [26/Sep/2022:04:27:15 +0200] "GET /-p-31034.html HTTP/1.0" 200 72060 "-" "Mozilla/5.0 (compatible; MJ12bot/v1.4.8; http://mj12bot.com/)"
95.217.195.123 - - [26/Sep/2022:04:27:16 +0200] "GET /winnie-pooh-umbrella-p-20501.html HTTP/1.0" 200 74912 "-" "Mozilla/5.0 (compatible; MJ12bot/v1.4.8; http://mj12bot.com/)"
94.23.203.202 - - [26/Sep/2022:04:27:17 +0200] "GET /kitchen-gloves-and-potholders-c-11_178.html HTTP/1.0" 301 91421 "-" "Mozilla/5.0 (compatible; MJ12bot/v1.4.8; http://mj12bot.com/)"
54.36.148.112 - - [26/Sep/2022:04:27:18 +0200] "GET /christmas-hanging-plate-p-58844.html HTTP/1.0" 200 75385 "-" "Mozilla/5.0 (compatible; AhrefsBot/7.0; +http://ahrefs.com/robot/)"
75.119.142.113 - - [26/Sep/2022:04:27:21 +0200] "GET /-p-31080.html HTTP/1.0" 200 72060 "-" "Mozilla/5.0 (compatible; MJ12bot/v1.4.8; http://mj12bot.com/)"
94.23.203.202 - - [26/Sep/2022:04:27:21 +0200] "GET /kitchen-gloves-potholders-c-178.html HTTP/1.0" 301 91302 "-" "Mozilla/5.0 (compatible; MJ12bot/v1.4.8; http://mj12bot.com/)"
95.217.195.123 - - [26/Sep/2022:04:27:24 +0200] "GET /accessories/umbrellas/winnie-the-pooh-umbrella-p-20502.html HTTP/1.0" 301 72127 "-" "Mozilla/5.0 (compatible; MJ12bot/v1.4.8; http://mj12bot.com/)"
94.23.203.202 - - [26/Sep/2022:04:27:24 +0200] "GET /kitchen-gloves-potholders-c-11_178.html HTTP/1.0" 200 91331 "-" "Mozilla/5.0 (compatible; MJ12bot/v1.4.8; http://mj12bot.com/)"
185.191.171.13 - - [26/Sep/2022:04:27:25 +0200] "GET /batman-the-penguin-mug-p-5778.html HTTP/1.0" 301 74760 "-" "Mozilla/5.0 (compatible; SemrushBot/7~bl; +http://www.semrush.com/bot.html)"
94.23.203.202 - - [26/Sep/2022:04:27:28 +0200] "GET /kitten-glass-clock-p-27208.html HTTP/1.0" 200 74662 "-" "Mozilla/5.0 (compatible; MJ12bot/v1.4.8; http://mj12bot.com/)"
185.191.171.25 - - [26/Sep/2022:04:27:30 +0200] "GET /wall-decoration-wood-c-13_274.html?page=1 HTTP/1.0" 200 94585 "-" "Mozilla/5.0 (compatible; SemrushBot/7~bl; +http://www.semrush.com/bot.html)"
75.119.142.113 - - [26/Sep/2022:04:27:31 +0200] "GET /-p-31223.html HTTP/1.0" 200 72060 "-" "Mozilla/5.0 (compatible; MJ12bot/v1.4.8; http://mj12bot.com/)"
94.23.203.202 - - [26/Sep/2022:04:27:32 +0200] "GET /kitten-glue-stick-21-grs-p-40832.html HTTP/1.0" 301 74760 "-" "Mozilla/5.0 (compatible; MJ12bot/v1.4.8; http://mj12bot.com/)"
95.217.195.123 - - [26/Sep/2022:04:27:31 +0200] "GET /-p-20502.html HTTP/1.0" 200 72060 "-" "Mozilla/5.0 (compatible; MJ12bot/v1.4.8; http://mj12bot.com/)"
94.23.203.202 - - [26/Sep/2022:04:27:35 +0200] "GET /kitten-glue-stick-p-40832.html HTTP/1.0" 200 74676 "-" "Mozilla/5.0 (compatible; MJ12bot/v1.4.8; http://mj12bot.com/)"
185.191.171.5 - - [26/Sep/2022:04:27:36 +0200] "GET /batman-penguin-p-5778.html HTTP/1.0" 200 74680 "-" "Mozilla/5.0 (compatible; SemrushBot/7~bl; +http://www.semrush.com/bot.html)"
94.23.203.202 - - [26/Sep/2022:04:27:39 +0200] "GET /kitten-glue-stick-p-40832.html HTTP/1.0" 200 74676 "-" "Mozilla/5.0 (compatible; MJ12bot/v1.4.8; http://mj12bot.com/)"
75.119.142.113 - - [26/Sep/2022:04:27:39 +0200] "GET /-p-31306.html HTTP/1.0" 200 72060 "-" "Mozilla/5.0 (compatible; MJ12bot/v1.4.8; http://mj12bot.com/)"
95.217.195.123 - - [26/Sep/2022:04:27:40 +0200] "GET /accessories/watches/disney-violetta-watch-p-28202.html HTTP/1.0" 301 72127 "-" "Mozilla/5.0 (compatible; MJ12bot/v1.4.8; http://mj12bot.com/)"
94.23.203.202 - - [26/Sep/2022:04:27:42 +0200] "GET /kontakati-sleeping-beauty-p-20267.html HTTP/1.0" 200 74874 "-" "Mozilla/5.0 (compatible; MJ12bot/v1.4.8; http://mj12bot.com/)"
75.119.142.113 - - [26/Sep/2022:04:27:45 +0200] "GET /-p-31309.html HTTP/1.0" 200 72060 "-" "Mozilla/5.0 (compatible; MJ12bot/v1.4.8; http://mj12bot.com/)"
94.23.203.202 - - [26/Sep/2022:04:27:46 +0200] "GET /kook-bowl-p-57307.html HTTP/1.0" 200 75191 "-" "Mozilla/5.0 (compatible; MJ12bot/v1.4.8; http://mj12bot.com/)"
95.217.195.123 - - [26/Sep/2022:04:27:48 +0200] "GET /-p-28202.html HTTP/1.0" 200 72060 "-" "Mozilla/5.0 (compatible; MJ12bot/v1.4.8; http://mj12bot.com/)"
75.119.142.113 - - [26/Sep/2022:04:27:50 +0200] "GET /-p-31395.html HTTP/1.0" 200 72060 "-" "Mozilla/5.0 (compatible; MJ12bot/v1.4.8; http://mj12bot.com/)"
94.23.203.202 - - [26/Sep/2022:04:27:50 +0200] "GET /lady-good-advice-prayer-candle-novena-p-51643.html HTTP/1.0" 200 75602 "-" "Mozilla/5.0 (compatible; MJ12bot/v1.4.8; http://mj12bot.com/)"
95.217.195.123 - - [26/Sep/2022:04:27:53 +0200] "GET /accessories/watches/disney-violetta-watch-p-28203.html HTTP/1.0" 301 72127 "-" "Mozilla/5.0 (compatible; MJ12bot/v1.4.8; http://mj12bot.com/)"
94.23.203.202 - - [26/Sep/2022:04:27:54 +0200] "GET /lady-tremaine-anastasia-and-drizella-figurine-p-53513.html HTTP/1.0" 301 75613 "-" "Mozilla/5.0 (compatible; MJ12bot/v1.4.8; http://mj12bot.com/)"
75.119.142.113 - - [26/Sep/2022:04:27:57 +0200] "GET /-p-31595.html HTTP/1.0" 200 72060 "-" "Mozilla/5.0 (compatible; MJ12bot/v1.4.8; http://mj12bot.com/)"
