185.191.171.12 - - [26/Sep/2022:04:44:11 +0200] "GET /princess-tiana-and-the-frog-figure-p-5861.html HTTP/1.0" 301 72124 "-" "Mozilla/5.0 (compatible; SemrushBot/7~bl; +http://www.semrush.com/bot.html)"
75.119.142.113 - - [26/Sep/2022:04:44:11 +0200] "GET /-p-8124.html HTTP/1.0" 200 72058 "-" "Mozilla/5.0 (compatible; MJ12bot/v1.4.8; http://mj12bot.com/)"
94.23.203.107 - - [26/Sep/2022:04:44:13 +0200] "GET /corsica-training-bottle-cbkreation-p-26754.html HTTP/1.0" 200 74754 "-" "Mozilla/5.0 (compatible; MJ12bot/v1.4.8; http://mj12bot.com/)"
95.217.195.123 - - [26/Sep/2022:04:44:12 +0200] "GET /batista-wwe-small-metal-purse-p-13886.html HTTP/1.0" 301 72127 "-" "Mozilla/5.0 (compatible; MJ12bot/v1.4.8; http://mj12bot.com/)"
185.191.171.24 - - [26/Sep/2022:04:44:14 +0200] "GET /-p-5861.html HTTP/1.0" 200 72058 "-" "Mozilla/5.0 (compatible; SemrushBot/7~bl; +http://www.semrush.com/bot.html)"
94.23.203.107 - - [26/Sep/2022:04:44:16 +0200] "GET /corsica-woven-pvc-round-place-mat-p-50944.html HTTP/1.0" 301 75435 "-" "Mozilla/5.0 (compatible; MJ12bot/v1.4.8; http://mj12bot.com/)"
95.217.195.123 - - [26/Sep/2022:04:44:17 +0200] "GET /-p-13886.html HTTP/1.0" 200 72060 "-" "Mozilla/5.0 (compatible; MJ12bot/v1.4.8; http://mj12bot.com/)"
75.119.142.113 - - [26/Sep/2022:04:44:19 +0200] "GET /-p-8616.html HTTP/1.0" 200 72058 "-" "Mozilla/5.0 (compatible; MJ12bot/v1.4.8; http://mj12bot.com/)"
66.249.65.170 - - [26/Sep/2022:04:44:19 +0200] "GET /star-wars-backpack-p-35795.html HTTP/1.0" 200 74897 "-" "Mozilla/5.0 (Linux; Android 6.0.1; Nexus 5X Build/MMB29P) AppleWebKit/537.36 (KHTML, like Gecko) Chrome/105.0.5195.125 Mobile Safari/537.36 (compatible; Googlebot/2.1; +http://www.google.com/bot.html)"
94.23.203.107 - - [26/Sep/2022:04:44:19 +0200] "GET /corsica-woven-round-place-p-50944.html HTTP/1.0" 200 75343 "-" "Mozilla/5.0 (compatible; MJ12bot/v1.4.8; http://mj12bot.com/)"
95.217.195.123 - - [26/Sep/2022:04:44:21 +0200] "GET /batman-black-shirt-p-29641.html HTTP/1.0" 301 72127 "-" "Mozilla/5.0 (compatible; MJ12bot/v1.4.8; http://mj12bot.com/)"
95.217.195.123 - - [26/Sep/2022:04:44:24 +0200] "GET /-p-29641.html HTTP/1.0" 200 72060 "-" "Mozilla/5.0 (compatible; MJ12bot/v1.4.8; http://mj12bot.com/)"
94.23.203.107 - - [26/Sep/2022:04:44:24 +0200] "GET /corsica-woven-round-place-p-50944.html HTTP/1.0" 200 75343 "-" "Mozilla/5.0 (compatible; MJ12bot/v1.4.8; http://mj12bot.com/)"
95.217.195.123 - - [26/Sep/2022:04:44:28 +0200] "GET /batman-black-woman-shirt-size-p-20866.html HTTP/1.0" 301 72127 "-" "Mozilla/5.0 (compatible; MJ12bot/v1.4.8; http://mj12bot.com/)"
75.119.142.113 - - [26/Sep/2022:04:44:28 +0200] "GET /-p-8868.html HTTP/1.0" 200 72058 "-" "Mozilla/5.0 (compatible; MJ12bot/v1.4.8; http://mj12bot.com/)"
94.23.203.107 - - [26/Sep/2022:04:44:29 +0200] "GET /cosmetic-shelf-beauty-bar-p-40667.html HTTP/1.0" 301 72127 "-" "Mozilla/5.0 (compatible; MJ12bot/v1.4.8; http://mj12bot.com/)"
95.217.195.123 - - [26/Sep/2022:04:44:32 +0200] "GET /-p-20866.html HTTP/1.0" 200 72060 "-" "Mozilla/5.0 (compatible; MJ12bot/v1.4.8; http://mj12bot.com/)"
94.23.203.107 - - [26/Sep/2022:04:44:33 +0200] "GET /-p-40667.html HTTP/1.0" 200 72060 "-" "Mozilla/5.0 (compatible; MJ12bot/v1.4.8; http://mj12bot.com/)"
94.23.203.107 - - [26/Sep/2022:04:44:36 +0200] "GET /cosmetic-shelf-beauty-p-40667.html HTTP/1.0" 301 72127 "-" "Mozilla/5.0 (compatible; MJ12bot/v1.4.8; http://mj12bot.com/)"
75.119.142.113 - - [26/Sep/2022:04:44:36 +0200] "GET /-p-9110.html HTTP/1.0" 200 72058 "-" "Mozilla/5.0 (compatible; MJ12bot/v1.4.8; http://mj12bot.com/)"
95.217.195.123 - - [26/Sep/2022:04:44:39 +0200] "GET /batman-blue-sweatshirts-zip-size-years-p-24488.html HTTP/1.0" 301 72127 "-" "Mozilla/5.0 (compatible; MJ12bot/v1.4.8; http://mj12bot.com/)"
94.23.203.107 - - [26/Sep/2022:04:44:39 +0200] "GET /-p-40667.html HTTP/1.0" 200 72060 "-" "Mozilla/5.0 (compatible; MJ12bot/v1.4.8; http://mj12bot.com/)"
75.119.142.113 - - [26/Sep/2022:04:44:40 +0200] "GET /-p-9229.html HTTP/1.0" 200 72058 "-" "Mozilla/5.0 (compatible; MJ12bot/v1.4.8; http://mj12bot.com/)"
94.23.203.107 - - [26/Sep/2022:04:44:44 +0200] "GET /cotton-cushion-grey-120-80-cm-p-44358.html HTTP/1.0" 301 72127 "-" "Mozilla/5.0 (compatible; MJ12bot/v1.4.8; http://mj12bot.com/)"
75.119.142.113 - - [26/Sep/2022:04:44:48 +0200] "GET /-p-9881.html HTTP/1.0" 200 72058 "-" "Mozilla/5.0 (compatible; MJ12bot/v1.4.8; http://mj12bot.com/)"
95.217.195.123 - - [26/Sep/2022:04:44:49 +0200] "GET /-p-24488.html HTTP/1.0" 200 72060 "-" "Mozilla/5.0 (compatible; MJ12bot/v1.4.8; http://mj12bot.com/)"
94.23.203.107 - - [26/Sep/2022:04:44:49 +0200] "GET /-p-44358.html HTTP/1.0" 200 72060 "-" "Mozilla/5.0 (compatible; MJ12bot/v1.4.8; http://mj12bot.com/)"
54.36.149.89 - - [26/Sep/2022:04:44:51 +0200] "GET /orange-resin-monkey-lamp-p-56451.html HTTP/1.0" 200 75784 "-" "Mozilla/5.0 (compatible; AhrefsBot/7.0; +http://ahrefs.com/robot/)"
185.191.171.22 - - [26/Sep/2022:04:44:52 +0200] "GET /-p-45204.html HTTP/1.0" 200 72060 "-" "Mozilla/5.0 (compatible; SemrushBot/7~bl; +http://www.semrush.com/bot.html)"
94.23.203.107 - - [26/Sep/2022:04:44:55 +0200] "GET /cotton-floor-cushion-grey-45-cm-angele-p-39883.html HTTP/1.0" 301 72127 "-" "Mozilla/5.0 (compatible; MJ12bot/v1.4.8; http://mj12bot.com/)"
54.36.149.48 - - [26/Sep/2022:04:44:57 +0200] "GET /images/big_prod_1/8422018272613B.jpg HTTP/1.0" 200 271 "-" "Mozilla/5.0 (compatible; AhrefsBot/7.0; +http://ahrefs.com/robot/)"
54.36.149.105 - - [26/Sep/2022:04:44:57 +0200] "GET /images/big_prod_2/8422018272613C.jpg HTTP/1.0" 200 271 "-" "Mozilla/5.0 (compatible; AhrefsBot/7.0; +http://ahrefs.com/robot/)"
75.119.142.113 - - [26/Sep/2022:04:44:57 +0200] "GET /-p-9883.html HTTP/1.0" 200 72058 "-" "Mozilla/5.0 (compatible; MJ12bot/v1.4.8; http://mj12bot.com/)"
95.217.195.123 - - [26/Sep/2022:04:44:58 +0200] "GET /batman-grey-swimsuit-p-30425.html HTTP/1.0" 301 72127 "-" "Mozilla/5.0 (compatible; MJ12bot/v1.4.8; http://mj12bot.com/)"
94.23.203.107 - - [26/Sep/2022:04:45:00 +0200] "GET /-p-39883.html HTTP/1.0" 200 72060 "-" "Mozilla/5.0 (compatible; MJ12bot/v1.4.8; http://mj12bot.com/)"
95.217.195.123 - - [26/Sep/2022:04:45:03 +0200] "GET /-p-30425.html HTTP/1.0" 200 72060 "-" "Mozilla/5.0 (compatible; MJ12bot/v1.4.8; http://mj12bot.com/)"
75.119.142.113 - - [26/Sep/2022:04:45:04 +0200] "GET /15-minute-cooking-hourglass-white-sand-p-53720.html HTTP/1.0" 301 72302 "-" "Mozilla/5.0 (compatible; MJ12bot/v1.4.8; http://mj12bot.com/)"
94.23.203.107 - - [26/Sep/2022:04:45:06 +0200] "GET /cotton-floor-cushion-tiksi-40-40-30-cm-p-52934.html HTTP/1.0" 301 72267 "-" "Mozilla/5.0 (compatible; MJ12bot/v1.4.8; http://mj12bot.com/)"
94.23.203.107 - - [26/Sep/2022:04:45:10 +0200] "GET /cotton-floor-cushion-tiksi-p-52934.html HTTP/1.0" 200 72174 "-" "Mozilla/5.0 (compatible; MJ12bot/v1.4.8; http://mj12bot.com/)"
185.191.171.7 - - [26/Sep/2022:04:45:10 +0200] "GET /chair-cushion-velcro-blue-and-lin-38-cm-p-49314.html HTTP/1.0" 301 74918 "-" "Mozilla/5.0 (compatible; SemrushBot/7~bl; +http://www.semrush.com/bot.html)"
75.119.142.113 - - [26/Sep/2022:04:45:11 +0200] "GET /minute-cooking-hourglass-white-sand-p-53720.html HTTP/1.0" 200 72200 "-" "Mozilla/5.0 (compatible; MJ12bot/v1.4.8; http://mj12bot.com/)"
95.217.195.123 - - [26/Sep/2022:04:45:12 +0200] "GET /batman-pack-of-briefs-p-32823.html HTTP/1.0" 301 72127 "-" "Mozilla/5.0 (compatible; MJ12bot/v1.4.8; http://mj12bot.com/)"
94.23.203.107 - - [26/Sep/2022:04:45:16 +0200] "GET /cotton-floor-cushion-tiksi-p-52934.html HTTP/1.0" 200 72174 "-" "Mozilla/5.0 (compatible; MJ12bot/v1.4.8; http://mj12bot.com/)"
185.191.171.11 - - [26/Sep/2022:04:45:16 +0200] "GET /chair-cushion-scratchs-blue-p-49314.html HTTP/1.0" 200 74824 "-" "Mozilla/5.0 (compatible; SemrushBot/7~bl; +http://www.semrush.com/bot.html)"
95.217.195.123 - - [26/Sep/2022:04:45:19 +0200] "GET /-p-32823.html HTTP/1.0" 200 72060 "-" "Mozilla/5.0 (compatible; MJ12bot/v1.4.8; http://mj12bot.com/)"
185.191.171.16 - - [26/Sep/2022:04:45:21 +0200] "GET /-p-40247.html HTTP/1.0" 200 72060 "-" "Mozilla/5.0 (compatible; SemrushBot/7~bl; +http://www.semrush.com/bot.html)"
94.23.203.107 - - [26/Sep/2022:04:45:22 +0200] "GET /cotton-kitchen-towel-allen-design-cat-wine-p-47658.html HTTP/1.0" 301 72127 "-" "Mozilla/5.0 (compatible; MJ12bot/v1.4.8; http://mj12bot.com/)"
75.119.142.113 - - [26/Sep/2022:04:45:20 +0200] "GET /20-camphor-aromatika-incense-sticks-p-51690.html HTTP/1.0" 301 74944 "-" "Mozilla/5.0 (compatible; MJ12bot/v1.4.8; http://mj12bot.com/)"
94.23.203.107 - - [26/Sep/2022:04:45:26 +0200] "GET /-p-47658.html HTTP/1.0" 200 72060 "-" "Mozilla/5.0 (compatible; MJ12bot/v1.4.8; http://mj12bot.com/)"
75.119.142.113 - - [26/Sep/2022:04:45:27 +0200] "GET /camphor-aromatika-incense-sticks-p-51690.html HTTP/1.0" 200 74845 "-" "Mozilla/5.0 (compatible; MJ12bot/v1.4.8; http://mj12bot.com/)"
95.217.195.123 - - [26/Sep/2022:04:45:29 +0200] "GET /batman-swimming-ring-p-24427.html HTTP/1.0" 301 72127 "-" "Mozilla/5.0 (compatible; MJ12bot/v1.4.8; http://mj12bot.com/)"
94.23.203.107 - - [26/Sep/2022:04:45:31 +0200] "GET /cotton-kitchen-towel-allen-design-wine-p-47658.html HTTP/1.0" 301 72127 "-" "Mozilla/5.0 (compatible; MJ12bot/v1.4.8; http://mj12bot.com/)"
185.191.171.36 - - [26/Sep/2022:04:45:32 +0200] "GET /brian-bear-plush-beige-water-bottle-p-57520.html HTTP/1.0" 200 75652 "-" "Mozilla/5.0 (compatible; SemrushBot/7~bl; +http://www.semrush.com/bot.html)"
95.217.195.123 - - [26/Sep/2022:04:45:34 +0200] "GET /-p-24427.html HTTP/1.0" 200 72060 "-" "Mozilla/5.0 (compatible; MJ12bot/v1.4.8; http://mj12bot.com/)"
94.23.203.107 - - [26/Sep/2022:04:45:35 +0200] "GET /-p-47658.html HTTP/1.0" 200 72060 "-" "Mozilla/5.0 (compatible; MJ12bot/v1.4.8; http://mj12bot.com/)"
66.249.65.170 - - [26/Sep/2022:04:45:38 +0200] "GET /images/3281640321213.jpg HTTP/1.0" 200 259 "-" "Googlebot-Image/1.0"
75.119.142.113 - - [26/Sep/2022:04:45:35 +0200] "GET /20-white-sage-aromatika-incense-sticks-p-51692.html HTTP/1.0" 301 74969 "-" "Mozilla/5.0 (compatible; MJ12bot/v1.4.8; http://mj12bot.com/)"
94.23.203.107 - - [26/Sep/2022:04:45:40 +0200] "GET /cow-cowslip-gund-plush-28-cm-p-35603.html HTTP/1.0" 301 72127 "-" "Mozilla/5.0 (compatible; MJ12bot/v1.4.8; http://mj12bot.com/)"
95.217.195.123 - - [26/Sep/2022:04:45:41 +0200] "GET /batman-vs-superman-large-suitcase-p-34808.html HTTP/1.0" 301 72127 "-" "Mozilla/5.0 (compatible; MJ12bot/v1.4.8; http://mj12bot.com/)"
94.23.203.107 - - [26/Sep/2022:04:45:45 +0200] "GET /-p-35603.html HTTP/1.0" 200 72060 "-" "Mozilla/5.0 (compatible; MJ12bot/v1.4.8; http://mj12bot.com/)"
75.119.142.113 - - [26/Sep/2022:04:45:44 +0200] "GET /white-sage-aromatika-incense-sticks-p-51692.html HTTP/1.0" 200 74867 "-" "Mozilla/5.0 (compatible; MJ12bot/v1.4.8; http://mj12bot.com/)"
95.217.195.123 - - [26/Sep/2022:04:45:48 +0200] "GET /-p-34808.html HTTP/1.0" 200 72060 "-" "Mozilla/5.0 (compatible; MJ12bot/v1.4.8; http://mj12bot.com/)"
94.23.203.107 - - [26/Sep/2022:04:45:50 +0200] "GET /cow-small-piggy-bank-p-29053.html HTTP/1.0" 301 72226 "-" "Mozilla/5.0 (compatible; MJ12bot/v1.4.8; http://mj12bot.com/)"
75.119.142.113 - - [26/Sep/2022:04:45:51 +0200] "GET /24-sandalwood-backflow-incense-cones-p-51973.html HTTP/1.0" 301 75877 "-" "Mozilla/5.0 (compatible; MJ12bot/v1.4.8; http://mj12bot.com/)"
95.217.195.123 - - [26/Sep/2022:04:45:55 +0200] "GET /beach-hut-woven-cool-bag-lunch-box-p-29307.html HTTP/1.0" 301 72127 "-" "Mozilla/5.0 (compatible; MJ12bot/v1.4.8; http://mj12bot.com/)"
94.23.203.107 - - [26/Sep/2022:04:45:55 +0200] "GET /small-piggy-bank-p-29053.html HTTP/1.0" 200 72143 "-" "Mozilla/5.0 (compatible; MJ12bot/v1.4.8; http://mj12bot.com/)"
95.217.195.123 - - [26/Sep/2022:04:45:59 +0200] "GET /-p-29307.html HTTP/1.0" 200 72060 "-" "Mozilla/5.0 (compatible; MJ12bot/v1.4.8; http://mj12bot.com/)"
94.23.203.107 - - [26/Sep/2022:04:46:00 +0200] "GET /create-your-topmodel-doggy-colouring-book-p-23455.html HTTP/1.0" 301 72127 "-" "Mozilla/5.0 (compatible; MJ12bot/v1.4.8; http://mj12bot.com/)"
66.249.65.166 - - [26/Sep/2022:04:46:01 +0200] "GET /paris-je-aime-set-cups-espresso-p-28396.html HTTP/1.0" 301 72127 "-" "Mozilla/5.0 (compatible; Googlebot/2.1; +http://www.google.com/bot.html)"
75.119.142.113 - - [26/Sep/2022:04:46:00 +0200] "GET /sandalwood-backflow-incense-cones-p-51973.html HTTP/1.0" 200 75777 "-" "Mozilla/5.0 (compatible; MJ12bot/v1.4.8; http://mj12bot.com/)"
94.23.203.107 - - [26/Sep/2022:04:46:04 +0200] "GET /-p-23455.html HTTP/1.0" 200 72060 "-" "Mozilla/5.0 (compatible; MJ12bot/v1.4.8; http://mj12bot.com/)"
66.249.65.168 - - [26/Sep/2022:04:46:05 +0200] "GET /-p-28396.html HTTP/1.0" 200 72060 "-" "Mozilla/5.0 (compatible; Googlebot/2.1; +http://www.google.com/bot.html)"
185.191.171.17 - - [26/Sep/2022:04:46:04 +0200] "GET /mandala-notebook-with-leather-cover-p-50906.html HTTP/1.0" 200 75580 "-" "Mozilla/5.0 (compatible; SemrushBot/7~bl; +http://www.semrush.com/bot.html)"
95.217.195.123 - - [26/Sep/2022:04:46:07 +0200] "GET /beagle-dog-keychains-p-26291.html HTTP/1.0" 301 72127 "-" "Mozilla/5.0 (compatible; MJ12bot/v1.4.8; http://mj12bot.com/)"
75.119.142.113 - - [26/Sep/2022:04:46:11 +0200] "GET /3d-ninja-turtles-mug-p-20838.html HTTP/1.0" 301 72127 "-" "Mozilla/5.0 (compatible; MJ12bot/v1.4.8; http://mj12bot.com/)"
95.217.195.123 - - [26/Sep/2022:04:46:16 +0200] "GET /-p-26291.html HTTP/1.0" 200 72060 "-" "Mozilla/5.0 (compatible; MJ12bot/v1.4.8; http://mj12bot.com/)"
75.119.142.113 - - [26/Sep/2022:04:46:18 +0200] "GET /-p-20838.html HTTP/1.0" 200 72060 "-" "Mozilla/5.0 (compatible; MJ12bot/v1.4.8; http://mj12bot.com/)"
185.191.171.9 - - [26/Sep/2022:04:46:16 +0200] "GET /large-amber-wood-vetiver-candle-heart-home-p-57874.html HTTP/1.0" 200 76523 "-" "Mozilla/5.0 (compatible; SemrushBot/7~bl; +http://www.semrush.com/bot.html)"
94.23.203.107 - - [26/Sep/2022:04:46:10 +0200] "GET /creative-hobbies-and-coloring-c-129_30.html HTTP/1.0" 301 93053 "-" "Mozilla/5.0 (compatible; MJ12bot/v1.4.8; http://mj12bot.com/)"
95.217.195.123 - - [26/Sep/2022:04:46:21 +0200] "GET /beagle-keychains-p-26291.html HTTP/1.0" 301 72127 "-" "Mozilla/5.0 (compatible; MJ12bot/v1.4.8; http://mj12bot.com/)"
66.249.65.166 - - [26/Sep/2022:04:46:25 +0200] "GET /images/big_prod_3/5400924218416D.jpg HTTP/1.0" 200 271 "-" "Googlebot-Image/1.0"
94.23.203.107 - - [26/Sep/2022:04:46:16 +0200] "GET /creative-hobbies-coloring-c-30.html HTTP/1.0" 301 92917 "-" "Mozilla/5.0 (compatible; MJ12bot/v1.4.8; http://mj12bot.com/)"
95.217.195.123 - - [26/Sep/2022:04:46:28 +0200] "GET /-p-26291.html HTTP/1.0" 200 72060 "-" "Mozilla/5.0 (compatible; MJ12bot/v1.4.8; http://mj12bot.com/)"
75.119.142.113 - - [26/Sep/2022:04:46:29 +0200] "GET /3d-pvc-stickers-despicable-me-p-37020.html HTTP/1.0" 301 74841 "-" "Mozilla/5.0 (compatible; MJ12bot/v1.4.8; http://mj12bot.com/)"
94.23.203.107 - - [26/Sep/2022:04:46:21 +0200] "GET /creative-hobbies-coloring-c-129_30.html HTTP/1.0" 200 92964 "-" "Mozilla/5.0 (compatible; MJ12bot/v1.4.8; http://mj12bot.com/)"
95.217.195.123 - - [26/Sep/2022:04:46:34 +0200] "GET /bear-decoration-p-41952.html HTTP/1.0" 301 72127 "-" "Mozilla/5.0 (compatible; MJ12bot/v1.4.8; http://mj12bot.com/)"
75.119.142.113 - - [26/Sep/2022:04:46:35 +0200] "GET /stickers-despicable-p-37020.html HTTP/1.0" 200 74755 "-" "Mozilla/5.0 (compatible; MJ12bot/v1.4.8; http://mj12bot.com/)"
95.217.195.123 - - [26/Sep/2022:04:46:40 +0200] "GET /-p-41952.html HTTP/1.0" 200 72060 "-" "Mozilla/5.0 (compatible; MJ12bot/v1.4.8; http://mj12bot.com/)"
75.119.142.113 - - [26/Sep/2022:04:46:42 +0200] "GET /50-years-of-friendship-winnie-the-pooh-and-piglet-figurine-p-37679.html HTTP/1.0" 301 72369 "-" "Mozilla/5.0 (compatible; MJ12bot/v1.4.8; http://mj12bot.com/)"
54.36.149.6 - - [26/Sep/2022:04:46:41 +0200] "GET /embossed-door-plate-bedroom-p-57207.html HTTP/1.0" 200 75361 "-" "Mozilla/5.0 (compatible; AhrefsBot/7.0; +http://ahrefs.com/robot/)"
54.36.148.216 - - [26/Sep/2022:04:46:49 +0200] "GET /images/big_prod/3700281659474.jpg HTTP/1.0" 200 268 "-" "Mozilla/5.0 (compatible; AhrefsBot/7.0; +http://ahrefs.com/robot/)"
54.36.148.55 - - [26/Sep/2022:04:46:49 +0200] "GET /images/big_prod_1/3700281659474a.jpg HTTP/1.0" 200 271 "-" "Mozilla/5.0 (compatible; AhrefsBot/7.0; +http://ahrefs.com/robot/)"
95.217.195.123 - - [26/Sep/2022:04:46:47 +0200] "GET /beatles-logo-red-sports-bag-p-15817.html HTTP/1.0" 301 72127 "-" "Mozilla/5.0 (compatible; MJ12bot/v1.4.8; http://mj12bot.com/)"
94.23.203.107 - - [26/Sep/2022:04:46:37 +0200] "GET /creative-hobbies-and-coloring-c-129_30.html?page=1 HTTP/1.0" 301 93071 "-" "Mozilla/5.0 (compatible; MJ12bot/v1.4.8; http://mj12bot.com/)"
75.119.142.113 - - [26/Sep/2022:04:46:51 +0200] "GET /years-friendship-winnie-pooh-piglet-figurine-p-37679.html HTTP/1.0" 200 72258 "-" "Mozilla/5.0 (compatible; MJ12bot/v1.4.8; http://mj12bot.com/)"
94.23.203.107 - - [26/Sep/2022:04:46:44 +0200] "GET /creative-hobbies-coloring-c-30.html?page=1 HTTP/1.0" 301 92935 "-" "Mozilla/5.0 (compatible; MJ12bot/v1.4.8; http://mj12bot.com/)"
75.119.142.113 - - [26/Sep/2022:04:46:57 +0200] "GET /60-bedclothes-220-240-cm-p-24456.html HTTP/1.0" 301 72127 "-" "Mozilla/5.0 (compatible; MJ12bot/v1.4.8; http://mj12bot.com/)"
95.217.195.123 - - [26/Sep/2022:04:46:57 +0200] "GET /-p-15817.html HTTP/1.0" 200 72060 "-" "Mozilla/5.0 (compatible; MJ12bot/v1.4.8; http://mj12bot.com/)"
94.23.203.107 - - [26/Sep/2022:04:46:47 +0200] "GET /creative-hobbies-coloring-c-129_30.html?page=1 HTTP/1.0" 200 92975 "-" "Mozilla/5.0 (compatible; MJ12bot/v1.4.8; http://mj12bot.com/)"
94.23.203.107 - - [26/Sep/2022:04:47:03 +0200] "GET /crossbow-nerf-zombie-strike-p-27707.html HTTP/1.0" 301 72127 "-" "Mozilla/5.0 (compatible; MJ12bot/v1.4.8; http://mj12bot.com/)"
75.119.142.113 - - [26/Sep/2022:04:47:05 +0200] "GET /-p-24456.html HTTP/1.0" 200 72060 "-" "Mozilla/5.0 (compatible; MJ12bot/v1.4.8; http://mj12bot.com/)"
95.217.195.123 - - [26/Sep/2022:04:47:05 +0200] "GET /beatles-logo-sports-p-15817.html HTTP/1.0" 301 72127 "-" "Mozilla/5.0 (compatible; MJ12bot/v1.4.8; http://mj12bot.com/)"
94.23.203.107 - - [26/Sep/2022:04:47:08 +0200] "GET /-p-27707.html HTTP/1.0" 200 72060 "-" "Mozilla/5.0 (compatible; MJ12bot/v1.4.8; http://mj12bot.com/)"
75.119.142.113 - - [26/Sep/2022:04:47:11 +0200] "GET /70-ashtray-dotty-p-37717.html HTTP/1.0" 301 72127 "-" "Mozilla/5.0 (compatible; MJ12bot/v1.4.8; http://mj12bot.com/)"
94.23.203.107 - - [26/Sep/2022:04:47:14 +0200] "GET /cute-cat-warmer-p-52647.html HTTP/1.0" 301 72180 "-" "Mozilla/5.0 (compatible; MJ12bot/v1.4.8; http://mj12bot.com/)"
95.217.195.123 - - [26/Sep/2022:04:47:15 +0200] "GET /-p-15817.html HTTP/1.0" 200 72060 "-" "Mozilla/5.0 (compatible; MJ12bot/v1.4.8; http://mj12bot.com/)"
185.191.171.5 - - [26/Sep/2022:04:47:06 +0200] "GET /figurines-statuettes-statues-decoration-collection-c-292.html?page=28 HTTP/1.0" 200 96426 "-" "Mozilla/5.0 (compatible; SemrushBot/7~bl; +http://www.semrush.com/bot.html)"
94.23.203.107 - - [26/Sep/2022:04:47:20 +0200] "GET /cute-warmer-p-52647.html HTTP/1.0" 200 72102 "-" "Mozilla/5.0 (compatible; MJ12bot/v1.4.8; http://mj12bot.com/)"
75.119.142.113 - - [26/Sep/2022:04:47:20 +0200] "GET /-p-37717.html HTTP/1.0" 200 72060 "-" "Mozilla/5.0 (compatible; MJ12bot/v1.4.8; http://mj12bot.com/)"
95.217.195.123 - - [26/Sep/2022:04:47:22 +0200] "GET /beatles-p-7722.html HTTP/1.0" 301 72124 "-" "Mozilla/5.0 (compatible; MJ12bot/v1.4.8; http://mj12bot.com/)"
94.23.203.107 - - [26/Sep/2022:04:47:26 +0200] "GET /cute-warmer-p-52647.html HTTP/1.0" 200 72102 "-" "Mozilla/5.0 (compatible; MJ12bot/v1.4.8; http://mj12bot.com/)"
75.119.142.113 - - [26/Sep/2022:04:47:26 +0200] "GET /80-little-alarm-clock-p-33842.html HTTP/1.0" 301 72127 "-" "Mozilla/5.0 (compatible; MJ12bot/v1.4.8; http://mj12bot.com/)"
95.217.195.123 - - [26/Sep/2022:04:47:28 +0200] "GET /-p-7722.html HTTP/1.0" 200 72058 "-" "Mozilla/5.0 (compatible; MJ12bot/v1.4.8; http://mj12bot.com/)"
94.23.203.107 - - [26/Sep/2022:04:47:32 +0200] "GET /deco-figurine-brown-hedgehog-suspended-decorate-vases-p-52690.html HTTP/1.0" 200 72276 "-" "Mozilla/5.0 (compatible; MJ12bot/v1.4.8; http://mj12bot.com/)"
95.217.195.123 - - [26/Sep/2022:04:47:32 +0200] "GET /beatles-p-7723.html HTTP/1.0" 301 72124 "-" "Mozilla/5.0 (compatible; MJ12bot/v1.4.8; http://mj12bot.com/)"
75.119.142.113 - - [26/Sep/2022:04:47:34 +0200] "GET /-p-33842.html HTTP/1.0" 200 72060 "-" "Mozilla/5.0 (compatible; MJ12bot/v1.4.8; http://mj12bot.com/)"
95.217.195.123 - - [26/Sep/2022:04:47:38 +0200] "GET /-p-7723.html HTTP/1.0" 200 72058 "-" "Mozilla/5.0 (compatible; MJ12bot/v1.4.8; http://mj12bot.com/)"
94.23.203.107 - - [26/Sep/2022:04:47:38 +0200] "GET /deco-figurine-brown-hedgehog-suspended-to-decorate-the-vases-p-52690.html HTTP/1.0" 301 72396 "-" "Mozilla/5.0 (compatible; MJ12bot/v1.4.8; http://mj12bot.com/)"
34.67.96.123 - - [26/Sep/2022:04:47:43 +0200] "GET /images/mini_prod/7601019995153.jpg HTTP/1.0" 200 269 "-" "Mozilla/5.0 (X11; Ubuntu; Linux x86_64; rv:72.0) Gecko/20100101 Firefox/72.0"
95.217.195.123 - - [26/Sep/2022:04:47:42 +0200] "GET /beatles-retro-large-travel-bag-p-5523.html HTTP/1.0" 301 72124 "-" "Mozilla/5.0 (compatible; MJ12bot/v1.4.8; http://mj12bot.com/)"
94.23.203.107 - - [26/Sep/2022:04:47:44 +0200] "GET /deco-figurine-brown-hedgehog-suspended-decorate-vases-p-52690.html HTTP/1.0" 200 72276 "-" "Mozilla/5.0 (compatible; MJ12bot/v1.4.8; http://mj12bot.com/)"
95.217.195.123 - - [26/Sep/2022:04:47:47 +0200] "GET /-p-5523.html HTTP/1.0" 200 72058 "-" "Mozilla/5.0 (compatible; MJ12bot/v1.4.8; http://mj12bot.com/)"
75.119.142.113 - - [26/Sep/2022:04:47:41 +0200] "GET /abat-jour-c-86_277.html HTTP/1.0" 301 89894 "-" "Mozilla/5.0 (compatible; MJ12bot/v1.4.8; http://mj12bot.com/)"
95.217.195.123 - - [26/Sep/2022:04:47:52 +0200] "GET /beatles-tea-set-p-7722.html HTTP/1.0" 301 72124 "-" "Mozilla/5.0 (compatible; MJ12bot/v1.4.8; http://mj12bot.com/)"
95.217.195.123 - - [26/Sep/2022:04:47:58 +0200] "GET /-p-7722.html HTTP/1.0" 200 72058 "-" "Mozilla/5.0 (compatible; MJ12bot/v1.4.8; http://mj12bot.com/)"
75.119.142.113 - - [26/Sep/2022:04:47:48 +0200] "GET /lampshades-c-277.html HTTP/1.0" 301 89792 "-" "Mozilla/5.0 (compatible; MJ12bot/v1.4.8; http://mj12bot.com/)"
94.23.203.107 - - [26/Sep/2022:04:48:00 +0200] "GET /deco-statuette-tender-cat-with-rhinestones-18-cm-p-49504.html HTTP/1.0" 301 72327 "-" "Mozilla/5.0 (compatible; MJ12bot/v1.4.8; http://mj12bot.com/)"
95.217.195.123 - - [26/Sep/2022:04:48:02 +0200] "GET /beatles-tea-set-p-7723.html HTTP/1.0" 301 72124 "-" "Mozilla/5.0 (compatible; MJ12bot/v1.4.8; http://mj12bot.com/)"
75.119.142.113 - - [26/Sep/2022:04:47:54 +0200] "GET /lampshades-c-86_277.html HTTP/1.0" 200 89819 "-" "Mozilla/5.0 (compatible; MJ12bot/v1.4.8; http://mj12bot.com/)"
94.23.203.107 - - [26/Sep/2022:04:48:07 +0200] "GET /deco-statuette-tender-with-rhinestones-p-49504.html HTTP/1.0" 200 72222 "-" "Mozilla/5.0 (compatible; MJ12bot/v1.4.8; http://mj12bot.com/)"
75.119.142.113 - - [26/Sep/2022:04:48:08 +0200] "GET /abat-jour-conique-rose-petit-modele-p-53502.html HTTP/1.0" 301 72127 "-" "Mozilla/5.0 (compatible; MJ12bot/v1.4.8; http://mj12bot.com/)"
95.217.195.123 - - [26/Sep/2022:04:48:09 +0200] "GET /-p-7723.html HTTP/1.0" 200 72058 "-" "Mozilla/5.0 (compatible; MJ12bot/v1.4.8; http://mj12bot.com/)"
95.217.195.123 - - [26/Sep/2022:04:48:13 +0200] "GET /beatles-travel-bag-p-8124.html HTTP/1.0" 301 72124 "-" "Mozilla/5.0 (compatible; MJ12bot/v1.4.8; http://mj12bot.com/)"
75.119.142.113 - - [26/Sep/2022:04:48:14 +0200] "GET /-p-53502.html HTTP/1.0" 200 72060 "-" "Mozilla/5.0 (compatible; MJ12bot/v1.4.8; http://mj12bot.com/)"
185.191.171.4 - - [26/Sep/2022:04:48:17 +0200] "GET /large-gogh-umbrella-p-52393.html HTTP/1.0" 200 72134 "-" "Mozilla/5.0 (compatible; SemrushBot/7~bl; +http://www.semrush.com/bot.html)"
94.23.203.107 - - [26/Sep/2022:04:48:18 +0200] "GET /deco-statuette-tender-with-rhinestones-p-49504.html HTTP/1.0" 200 72222 "-" "Mozilla/5.0 (compatible; MJ12bot/v1.4.8; http://mj12bot.com/)"
95.217.195.123 - - [26/Sep/2022:04:48:18 +0200] "GET /-p-8124.html HTTP/1.0" 200 72058 "-" "Mozilla/5.0 (compatible; MJ12bot/v1.4.8; http://mj12bot.com/)"
75.119.142.113 - - [26/Sep/2022:04:48:19 +0200] "GET /abat-jour-margaret-gris-25-cm-p-52962.html HTTP/1.0" 301 72207 "-" "Mozilla/5.0 (compatible; MJ12bot/v1.4.8; http://mj12bot.com/)"
185.191.171.4 - - [26/Sep/2022:04:48:22 +0200] "GET /little-toiletry-p-43399.html HTTP/1.0" 200 74771 "-" "Mozilla/5.0 (compatible; SemrushBot/7~bl; +http://www.semrush.com/bot.html)"
95.217.195.123 - - [26/Sep/2022:04:48:24 +0200] "GET /beautiful-babushka-by-kimmidoll-beige-and-blue-pen-p-33217.html HTTP/1.0" 301 72127 "-" "Mozilla/5.0 (compatible; MJ12bot/v1.4.8; http://mj12bot.com/)"
75.119.142.113 - - [26/Sep/2022:04:48:25 +0200] "GET /margaret-lampshade-p-52962.html HTTP/1.0" 200 72122 "-" "Mozilla/5.0 (compatible; MJ12bot/v1.4.8; http://mj12bot.com/)"
94.23.203.107 - - [26/Sep/2022:04:48:27 +0200] "GET /decorations-and-furnishings/lighting/hello-kitty-led-night-light-p-11931.html HTTP/1.0" 301 72127 "-" "Mozilla/5.0 (compatible; MJ12bot/v1.4.8; http://mj12bot.com/)"
54.36.148.202 - - [26/Sep/2022:04:48:25 +0200] "GET /large-tassen-porcelain-mood-bowl-made-germany-p-47548.html HTTP/1.0" 200 76032 "-" "Mozilla/5.0 (compatible; AhrefsBot/7.0; +http://ahrefs.com/robot/)"
95.217.195.123 - - [26/Sep/2022:04:48:29 +0200] "GET /-p-33217.html HTTP/1.0" 200 72060 "-" "Mozilla/5.0 (compatible; MJ12bot/v1.4.8; http://mj12bot.com/)"
75.119.142.113 - - [26/Sep/2022:04:48:31 +0200] "GET /abbey-road-mini-poster-p-14411.html HTTP/1.0" 301 72127 "-" "Mozilla/5.0 (compatible; MJ12bot/v1.4.8; http://mj12bot.com/)"
87.250.224.94 - - [26/Sep/2022:04:48:30 +0200] "GET /minions-swimming-armband-p-35064.html HTTP/1.0" 200 74857 "-" "Mozilla/5.0 (compatible; YandexBot/3.0; +http://yandex.com/bots)"
94.23.203.107 - - [26/Sep/2022:04:48:33 +0200] "GET /-p-11931.html HTTP/1.0" 200 72060 "-" "Mozilla/5.0 (compatible; MJ12bot/v1.4.8; http://mj12bot.com/)"
95.217.195.123 - - [26/Sep/2022:04:48:33 +0200] "GET /beautiful-babushka-by-kimmidoll-beige-and-turquoise-keyring-p-33225.html HTTP/1.0" 301 72127 "-" "Mozilla/5.0 (compatible; MJ12bot/v1.4.8; http://mj12bot.com/)"
54.224.233.49 - - [26/Sep/2022:04:48:37 +0200] "GET /images/big_prod/1345544761390.jpg HTTP/1.0" 200 268 "-" "Mozilla/5.0 (X11; Ubuntu; Linux x86_64; rv:72.0) Gecko/20100101 Firefox/72.0"
75.119.142.113 - - [26/Sep/2022:04:48:36 +0200] "GET /-p-14411.html HTTP/1.0" 200 72060 "-" "Mozilla/5.0 (compatible; MJ12bot/v1.4.8; http://mj12bot.com/)"
95.217.195.123 - - [26/Sep/2022:04:48:38 +0200] "GET /-p-33225.html HTTP/1.0" 200 72060 "-" "Mozilla/5.0 (compatible; MJ12bot/v1.4.8; http://mj12bot.com/)"
95.217.195.123 - - [26/Sep/2022:04:48:42 +0200] "GET /beautiful-babushka-by-kimmidoll-beige-blue-decorative-figurine-p-33237.html HTTP/1.0" 301 72481 "-" "Mozilla/5.0 (compatible; MJ12bot/v1.4.8; http://mj12bot.com/)"
75.119.142.113 - - [26/Sep/2022:04:48:44 +0200] "GET /aboriginal-figure-statuette-44-cm-p-52233.html HTTP/1.0" 301 72268 "-" "Mozilla/5.0 (compatible; MJ12bot/v1.4.8; http://mj12bot.com/)"
95.217.195.123 - - [26/Sep/2022:04:48:48 +0200] "GET /beautiful-babushka-kimmidoll-beige-blue-decorative-figurine-p-33237.html HTTP/1.0" 200 72355 "-" "Mozilla/5.0 (compatible; MJ12bot/v1.4.8; http://mj12bot.com/)"
75.119.142.113 - - [26/Sep/2022:04:48:49 +0200] "GET /aboriginal-figure-statuette-p-52233.html HTTP/1.0" 200 72174 "-" "Mozilla/5.0 (compatible; MJ12bot/v1.4.8; http://mj12bot.com/)"
94.23.203.107 - - [26/Sep/2022:04:48:50 +0200] "GET /decorations/decorations/betty-boop-soap-dispenser-p-24182.html HTTP/1.0" 301 72127 "-" "Mozilla/5.0 (compatible; MJ12bot/v1.4.8; http://mj12bot.com/)"
185.191.171.15 - - [26/Sep/2022:04:48:50 +0200] "GET /little-green-moustache-ring-p-18697.html HTTP/1.0" 200 75180 "-" "Mozilla/5.0 (compatible; SemrushBot/7~bl; +http://www.semrush.com/bot.html)"
95.217.195.123 - - [26/Sep/2022:04:48:53 +0200] "GET /beautiful-babushka-by-kimmidoll-beige-magnet-p-33213.html HTTP/1.0" 301 72328 "-" "Mozilla/5.0 (compatible; MJ12bot/v1.4.8; http://mj12bot.com/)"
75.119.142.113 - - [26/Sep/2022:04:48:55 +0200] "GET /aboriginal-figure-statuette-p-52233.html HTTP/1.0" 200 72174 "-" "Mozilla/5.0 (compatible; MJ12bot/v1.4.8; http://mj12bot.com/)"
95.217.195.123 - - [26/Sep/2022:04:48:57 +0200] "GET /beautiful-babushka-kimmidoll-beige-magnet-p-33213.html HTTP/1.0" 200 72220 "-" "Mozilla/5.0 (compatible; MJ12bot/v1.4.8; http://mj12bot.com/)"
94.23.203.107 - - [26/Sep/2022:04:49:00 +0200] "GET /-p-24182.html HTTP/1.0" 200 72060 "-" "Mozilla/5.0 (compatible; MJ12bot/v1.4.8; http://mj12bot.com/)"
95.217.195.123 - - [26/Sep/2022:04:49:02 +0200] "GET /beautiful-babushka-by-kimmidoll-black-and-grey-figurine-p-33244.html HTTP/1.0" 301 72127 "-" "Mozilla/5.0 (compatible; MJ12bot/v1.4.8; http://mj12bot.com/)"
185.191.171.21 - - [26/Sep/2022:04:49:05 +0200] "GET /-p-50910.html HTTP/1.0" 200 72060 "-" "Mozilla/5.0 (compatible; SemrushBot/7~bl; +http://www.semrush.com/bot.html)"
95.217.195.123 - - [26/Sep/2022:04:49:07 +0200] "GET /-p-33244.html HTTP/1.0" 200 72060 "-" "Mozilla/5.0 (compatible; MJ12bot/v1.4.8; http://mj12bot.com/)"
35.90.116.195 - - [26/Sep/2022:04:49:12 +0200] "GET /images/mini_prod/B11068-copie-4.jpg HTTP/1.0" 200 270 "-" "Mozilla/5.0 (X11; Ubuntu; Linux x86_64; rv:72.0) Gecko/20100101 Firefox/72.0"
66.249.65.166 - - [26/Sep/2022:04:49:14 +0200] "GET /images/big_prod/3503420157806.jpg HTTP/1.0" 200 268 "-" "Googlebot-Image/1.0"
94.23.203.107 - - [26/Sep/2022:04:49:10 +0200] "GET /decorative-and-articulated-magnifying-glass-p-49462.html HTTP/1.0" 301 75063 "-" "Mozilla/5.0 (compatible; MJ12bot/v1.4.8; http://mj12bot.com/)"
95.217.195.123 - - [26/Sep/2022:04:49:12 +0200] "GET /beautiful-babushka-by-kimmidoll-black-and-grey-keyring-p-33232.html HTTP/1.0" 301 72127 "-" "Mozilla/5.0 (compatible; MJ12bot/v1.4.8; http://mj12bot.com/)"
95.217.195.123 - - [26/Sep/2022:04:49:17 +0200] "GET /-p-33232.html HTTP/1.0" 200 72060 "-" "Mozilla/5.0 (compatible; MJ12bot/v1.4.8; http://mj12bot.com/)"
94.23.203.107 - - [26/Sep/2022:04:49:17 +0200] "GET /decorative-articulated-magnifying-glass-p-49462.html HTTP/1.0" 200 74957 "-" "Mozilla/5.0 (compatible; MJ12bot/v1.4.8; http://mj12bot.com/)"
95.217.195.123 - - [26/Sep/2022:04:49:22 +0200] "GET /beautiful-babushka-by-kimmidoll-black-decorative-figurine-p-33236.html HTTP/1.0" 301 72451 "-" "Mozilla/5.0 (compatible; MJ12bot/v1.4.8; http://mj12bot.com/)"
95.217.195.123 - - [26/Sep/2022:04:49:27 +0200] "GET /beautiful-babushka-kimmidoll-black-decorative-figurine-p-33236.html HTTP/1.0" 200 72330 "-" "Mozilla/5.0 (compatible; MJ12bot/v1.4.8; http://mj12bot.com/)"
95.217.195.123 - - [26/Sep/2022:04:49:31 +0200] "GET /beautiful-babushka-by-kimmidoll-black-keyring-p-33224.html HTTP/1.0" 301 72127 "-" "Mozilla/5.0 (compatible; MJ12bot/v1.4.8; http://mj12bot.com/)"
94.23.203.107 - - [26/Sep/2022:04:49:34 +0200] "GET /decorative-articulated-magnifying-glass-p-49462.html HTTP/1.0" 200 74957 "-" "Mozilla/5.0 (compatible; MJ12bot/v1.4.8; http://mj12bot.com/)"
95.217.195.123 - - [26/Sep/2022:04:49:36 +0200] "GET /-p-33224.html HTTP/1.0" 200 72060 "-" "Mozilla/5.0 (compatible; MJ12bot/v1.4.8; http://mj12bot.com/)"
95.217.195.123 - - [26/Sep/2022:04:49:42 +0200] "GET /beautiful-babushka-by-kimmidoll-black-magnet-p-33210.html HTTP/1.0" 301 72373 "-" "Mozilla/5.0 (compatible; MJ12bot/v1.4.8; http://mj12bot.com/)"
94.23.203.107 - - [26/Sep/2022:04:49:43 +0200] "GET /delia-bedclothes-p-50788.html HTTP/1.0" 200 75725 "-" "Mozilla/5.0 (compatible; MJ12bot/v1.4.8; http://mj12bot.com/)"
95.217.195.123 - - [26/Sep/2022:04:49:46 +0200] "GET /beautiful-babushka-kimmidoll-black-magnet-p-33210.html HTTP/1.0" 200 72265 "-" "Mozilla/5.0 (compatible; MJ12bot/v1.4.8; http://mj12bot.com/)"
95.217.195.123 - - [26/Sep/2022:04:49:51 +0200] "GET /beautiful-babushka-kimmidoll-beige-blue-decorative-figurine-p-33237.html HTTP/1.0" 200 72355 "-" "Mozilla/5.0 (compatible; MJ12bot/v1.4.8; http://mj12bot.com/)"
185.191.171.26 - - [26/Sep/2022:04:49:32 +0200] "GET /trunks-c-13_208.html HTTP/1.0" 200 89636 "-" "Mozilla/5.0 (compatible; SemrushBot/7~bl; +http://www.semrush.com/bot.html)"
94.23.203.107 - - [26/Sep/2022:04:49:53 +0200] "GET /dice-white-ashtray-p-28335.html HTTP/1.0" 200 74638 "-" "Mozilla/5.0 (compatible; MJ12bot/v1.4.8; http://mj12bot.com/)"
95.217.195.123 - - [26/Sep/2022:04:49:56 +0200] "GET /beautiful-babushka-kimmidoll-beige-blue-p-33217.html HTTP/1.0" 301 72127 "-" "Mozilla/5.0 (compatible; MJ12bot/v1.4.8; http://mj12bot.com/)"
185.191.171.6 - - [26/Sep/2022:04:49:57 +0200] "GET /chair-cushion-sides-beige-blue-p-49315.html HTTP/1.0" 200 75733 "-" "Mozilla/5.0 (compatible; SemrushBot/7~bl; +http://www.semrush.com/bot.html)"
95.217.195.123 - - [26/Sep/2022:04:50:01 +0200] "GET /-p-33217.html HTTP/1.0" 200 72060 "-" "Mozilla/5.0 (compatible; MJ12bot/v1.4.8; http://mj12bot.com/)"
94.23.203.107 - - [26/Sep/2022:04:50:05 +0200] "GET /dinosaur-nightlight-green-p-55363.html HTTP/1.0" 200 72162 "-" "Mozilla/5.0 (compatible; MJ12bot/v1.4.8; http://mj12bot.com/)"
185.191.171.10 - - [26/Sep/2022:04:50:06 +0200] "GET /metal-plate-black-white-photo-elvis-presley-army-p-49188.html HTTP/1.0" 200 74958 "-" "Mozilla/5.0 (compatible; SemrushBot/7~bl; +http://www.semrush.com/bot.html)"
95.217.195.123 - - [26/Sep/2022:04:50:07 +0200] "GET /beautiful-babushka-kimmidoll-beige-magnet-p-33213.html HTTP/1.0" 200 72220 "-" "Mozilla/5.0 (compatible; MJ12bot/v1.4.8; http://mj12bot.com/)"
66.249.65.166 - - [26/Sep/2022:04:50:13 +0200] "GET /images/big_prod_1/8422810092563a.jpg HTTP/1.0" 200 271 "-" "Googlebot-Image/1.0"
95.217.195.123 - - [26/Sep/2022:04:50:12 +0200] "GET /beautiful-babushka-kimmidoll-beige-turquoise-keyring-p-33225.html HTTP/1.0" 301 72127 "-" "Mozilla/5.0 (compatible; MJ12bot/v1.4.8; http://mj12bot.com/)"
54.36.149.35 - - [26/Sep/2022:04:50:12 +0200] "GET /scorpio-mousepad-cbkreation-p-43310.html HTTP/1.0" 200 74772 "-" "Mozilla/5.0 (compatible; AhrefsBot/7.0; +http://ahrefs.com/robot/)"
94.23.203.107 - - [26/Sep/2022:04:50:15 +0200] "GET /disney-princess-mattress-swimming-pool-p-19982.html HTTP/1.0" 200 74904 "-" "Mozilla/5.0 (compatible; MJ12bot/v1.4.8; http://mj12bot.com/)"
95.217.195.123 - - [26/Sep/2022:04:50:17 +0200] "GET /-p-33225.html HTTP/1.0" 200 72060 "-" "Mozilla/5.0 (compatible; MJ12bot/v1.4.8; http://mj12bot.com/)"
54.36.148.31 - - [26/Sep/2022:04:50:21 +0200] "GET /images/big_prod/1399986101887.jpg HTTP/1.0" 200 268 "-" "Mozilla/5.0 (compatible; AhrefsBot/7.0; +http://ahrefs.com/robot/)"
95.217.195.123 - - [26/Sep/2022:04:50:22 +0200] "GET /beautiful-babushka-kimmidoll-black-decorative-figurine-p-33236.html HTTP/1.0" 200 72330 "-" "Mozilla/5.0 (compatible; MJ12bot/v1.4.8; http://mj12bot.com/)"
95.217.195.123 - - [26/Sep/2022:04:50:26 +0200] "GET /beautiful-babushka-kimmidoll-black-grey-figurine-p-33244.html HTTP/1.0" 301 72127 "-" "Mozilla/5.0 (compatible; MJ12bot/v1.4.8; http://mj12bot.com/)"
94.23.203.107 - - [26/Sep/2022:04:50:26 +0200] "GET /doc-figure-collection-by-romero-britto-p-53510.html HTTP/1.0" 301 75936 "-" "Mozilla/5.0 (compatible; MJ12bot/v1.4.8; http://mj12bot.com/)"
87.250.224.94 - - [26/Sep/2022:04:50:29 +0200] "GET /games-and-toys/toys/playdoh-set-pots-clay-p-21501.html HTTP/1.0" 301 72127 "-" "Mozilla/5.0 (compatible; YandexBot/3.0; +http://yandex.com/bots)"
87.250.224.94 - - [26/Sep/2022:04:50:32 +0200] "GET /-p-21501.html HTTP/1.0" 200 72060 "-" "Mozilla/5.0 (compatible; YandexBot/3.0; +http://yandex.com/bots)"
94.23.203.107 - - [26/Sep/2022:04:50:31 +0200] "GET /figure-collection-romero-britto-p-53510.html HTTP/1.0" 200 75838 "-" "Mozilla/5.0 (compatible; MJ12bot/v1.4.8; http://mj12bot.com/)"
95.217.195.123 - - [26/Sep/2022:04:50:32 +0200] "GET /-p-33244.html HTTP/1.0" 200 72060 "-" "Mozilla/5.0 (compatible; MJ12bot/v1.4.8; http://mj12bot.com/)"
95.217.195.123 - - [26/Sep/2022:04:50:39 +0200] "GET /beautiful-babushka-kimmidoll-black-grey-keyring-p-33232.html HTTP/1.0" 301 72127 "-" "Mozilla/5.0 (compatible; MJ12bot/v1.4.8; http://mj12bot.com/)"
94.23.203.107 - - [26/Sep/2022:04:50:40 +0200] "GET /door-p-50102.html HTTP/1.0" 200 74896 "-" "Mozilla/5.0 (compatible; MJ12bot/v1.4.8; http://mj12bot.com/)"
95.217.195.123 - - [26/Sep/2022:04:50:44 +0200] "GET /-p-33232.html HTTP/1.0" 200 72060 "-" "Mozilla/5.0 (compatible; MJ12bot/v1.4.8; http://mj12bot.com/)"
95.217.195.123 - - [26/Sep/2022:04:50:49 +0200] "GET /beautiful-babushka-kimmidoll-black-keyring-p-33224.html HTTP/1.0" 301 72127 "-" "Mozilla/5.0 (compatible; MJ12bot/v1.4.8; http://mj12bot.com/)"
94.23.203.107 - - [26/Sep/2022:04:50:54 +0200] "GET /door-plate-bedroom-p-52419.html HTTP/1.0" 200 72138 "-" "Mozilla/5.0 (compatible; MJ12bot/v1.4.8; http://mj12bot.com/)"
95.217.195.123 - - [26/Sep/2022:04:50:54 +0200] "GET /-p-33224.html HTTP/1.0" 200 72060 "-" "Mozilla/5.0 (compatible; MJ12bot/v1.4.8; http://mj12bot.com/)"
185.191.171.9 - - [26/Sep/2022:04:50:54 +0200] "GET /forest-friends-glasses-case-deer-p-51861.html HTTP/1.0" 200 72168 "-" "Mozilla/5.0 (compatible; SemrushBot/7~bl; +http://www.semrush.com/bot.html)"
95.217.195.123 - - [26/Sep/2022:04:50:59 +0200] "GET /beautiful-babushka-kimmidoll-black-magnet-p-33210.html HTTP/1.0" 200 72265 "-" "Mozilla/5.0 (compatible; MJ12bot/v1.4.8; http://mj12bot.com/)"
185.191.171.18 - - [26/Sep/2022:04:51:01 +0200] "GET /fitted-sheet-cotton-percale-threads-p-43835.html HTTP/1.0" 200 75032 "-" "Mozilla/5.0 (compatible; SemrushBot/7~bl; +http://www.semrush.com/bot.html)"
94.23.203.107 - - [26/Sep/2022:04:51:04 +0200] "GET /door-plate-for-the-bedroom-p-52419.html HTTP/1.0" 301 72223 "-" "Mozilla/5.0 (compatible; MJ12bot/v1.4.8; http://mj12bot.com/)"
185.191.171.25 - - [26/Sep/2022:04:51:06 +0200] "GET /clock-retro-feet-black-metal-p-58815.html?action=add_product HTTP/1.0" 302 476 "-" "Mozilla/5.0 (compatible; SemrushBot/7~bl; +http://www.semrush.com/bot.html)"
95.217.195.123 - - [26/Sep/2022:04:51:05 +0200] "GET /betty-boop-ashtray-p-15468.html HTTP/1.0" 200 75228 "-" "Mozilla/5.0 (compatible; MJ12bot/v1.4.8; http://mj12bot.com/)"
185.191.171.21 - - [26/Sep/2022:04:51:08 +0200] "GET /-p-33471.html HTTP/1.0" 200 72060 "-" "Mozilla/5.0 (compatible; SemrushBot/7~bl; +http://www.semrush.com/bot.html)"
94.23.203.107 - - [26/Sep/2022:04:51:08 +0200] "GET /door-plate-bedroom-p-52419.html HTTP/1.0" 200 72138 "-" "Mozilla/5.0 (compatible; MJ12bot/v1.4.8; http://mj12bot.com/)"
95.217.195.123 - - [26/Sep/2022:04:51:11 +0200] "GET /betty-boop-baroque-espresso-p-16549.html HTTP/1.0" 301 72127 "-" "Mozilla/5.0 (compatible; MJ12bot/v1.4.8; http://mj12bot.com/)"
95.217.195.123 - - [26/Sep/2022:04:51:16 +0200] "GET /-p-16549.html HTTP/1.0" 200 72060 "-" "Mozilla/5.0 (compatible; MJ12bot/v1.4.8; http://mj12bot.com/)"
95.217.195.123 - - [26/Sep/2022:04:51:19 +0200] "GET /betty-boop-baroque-espresso-set-p-16549.html HTTP/1.0" 301 72127 "-" "Mozilla/5.0 (compatible; MJ12bot/v1.4.8; http://mj12bot.com/)"
94.23.203.107 - - [26/Sep/2022:04:51:23 +0200] "GET /dragon-ball-goku-freezer-p-30217.html HTTP/1.0" 200 72198 "-" "Mozilla/5.0 (compatible; MJ12bot/v1.4.8; http://mj12bot.com/)"
157.55.39.217 - - [26/Sep/2022:04:51:25 +0200] "GET /images/big_prod/8433978414647.jpg HTTP/1.0" 200 268 "-" "Mozilla/5.0 AppleWebKit/537.36 (KHTML, like Gecko; compatible; bingbot/2.0; +http://www.bing.com/bingbot.htm) Chrome/103.0.5060.134 Safari/537.36"
95.217.195.123 - - [26/Sep/2022:04:51:24 +0200] "GET /-p-16549.html HTTP/1.0" 200 72060 "-" "Mozilla/5.0 (compatible; MJ12bot/v1.4.8; http://mj12bot.com/)"
66.249.65.168 - - [26/Sep/2022:04:51:25 +0200] "GET /bravo-gnial-super-card-p-20052.html HTTP/1.0" 200 74740 "-" "Mozilla/5.0 (compatible; Googlebot/2.1; +http://www.google.com/bot.html)"
95.217.195.123 - - [26/Sep/2022:04:51:29 +0200] "GET /betty-boop-photo-frame-p-17824.html HTTP/1.0" 200 72138 "-" "Mozilla/5.0 (compatible; MJ12bot/v1.4.8; http://mj12bot.com/)"
94.23.203.107 - - [26/Sep/2022:04:51:32 +0200] "GET /elmer-soft-ball-p-28352.html HTTP/1.0" 301 72127 "-" "Mozilla/5.0 (compatible; MJ12bot/v1.4.8; http://mj12bot.com/)"
95.217.195.123 - - [26/Sep/2022:04:51:34 +0200] "GET /beyblade-inflatable-boat-p-14361.html HTTP/1.0" 200 75092 "-" "Mozilla/5.0 (compatible; MJ12bot/v1.4.8; http://mj12bot.com/)"
94.23.203.107 - - [26/Sep/2022:04:51:37 +0200] "GET /-p-28352.html HTTP/1.0" 200 72060 "-" "Mozilla/5.0 (compatible; MJ12bot/v1.4.8; http://mj12bot.com/)"
185.191.171.21 - - [26/Sep/2022:04:51:36 +0200] "GET /gorjuss-cards-supplied-with-envelope-little-p-48370.html HTTP/1.0" 200 75011 "-" "Mozilla/5.0 (compatible; SemrushBot/7~bl; +http://www.semrush.com/bot.html)"
95.217.195.123 - - [26/Sep/2022:04:51:40 +0200] "GET /beyblade-mug-p-14698.html HTTP/1.0" 301 72127 "-" "Mozilla/5.0 (compatible; MJ12bot/v1.4.8; http://mj12bot.com/)"
95.217.195.123 - - [26/Sep/2022:04:51:46 +0200] "GET /-p-14698.html HTTP/1.0" 200 72060 "-" "Mozilla/5.0 (compatible; MJ12bot/v1.4.8; http://mj12bot.com/)"
95.217.195.123 - - [26/Sep/2022:04:51:50 +0200] "GET /bichon-frise-keychains-p-26293.html HTTP/1.0" 301 72127 "-" "Mozilla/5.0 (compatible; MJ12bot/v1.4.8; http://mj12bot.com/)"
94.23.203.107 - - [26/Sep/2022:04:51:50 +0200] "GET /elvis-lighter-p-22420.html HTTP/1.0" 200 76940 "-" "Mozilla/5.0 (compatible; MJ12bot/v1.4.8; http://mj12bot.com/)"
95.217.195.123 - - [26/Sep/2022:04:51:54 +0200] "GET /-p-26293.html HTTP/1.0" 200 72060 "-" "Mozilla/5.0 (compatible; MJ12bot/v1.4.8; http://mj12bot.com/)"
54.36.148.31 - - [26/Sep/2022:04:51:57 +0200] "GET /quote-cutting-board-p-51901.html HTTP/1.0" 200 75265 "-" "Mozilla/5.0 (compatible; AhrefsBot/7.0; +http://ahrefs.com/robot/)"
95.217.195.123 - - [26/Sep/2022:04:51:59 +0200] "GET /big-ben-london-ashtray-p-36625.html HTTP/1.0" 301 74735 "-" "Mozilla/5.0 (compatible; MJ12bot/v1.4.8; http://mj12bot.com/)"
94.23.203.107 - - [26/Sep/2022:04:52:03 +0200] "GET /elvis-presley-clock-p-23271.html HTTP/1.0" 301 72127 "-" "Mozilla/5.0 (compatible; MJ12bot/v1.4.8; http://mj12bot.com/)"
95.217.195.123 - - [26/Sep/2022:04:52:04 +0200] "GET /london-ashtray-p-36625.html HTTP/1.0" 200 74654 "-" "Mozilla/5.0 (compatible; MJ12bot/v1.4.8; http://mj12bot.com/)"
94.23.203.107 - - [26/Sep/2022:04:52:07 +0200] "GET /-p-23271.html HTTP/1.0" 200 72060 "-" "Mozilla/5.0 (compatible; MJ12bot/v1.4.8; http://mj12bot.com/)"
52.41.192.80 - - [26/Sep/2022:04:52:10 +0200] "GET /images/mini_prod/3014627830138.jpg HTTP/1.0" 200 269 "-" "Mozilla/5.0 (X11; Ubuntu; Linux x86_64; rv:72.0) Gecko/20100101 Firefox/72.0"
185.191.171.5 - - [26/Sep/2022:04:52:08 +0200] "GET /retro-dragonfly-flask-parma-p-50224.html HTTP/1.0" 200 72146 "-" "Mozilla/5.0 (compatible; SemrushBot/7~bl; +http://www.semrush.com/bot.html)"
95.217.195.123 - - [26/Sep/2022:04:52:10 +0200] "GET /big-box-paris-p-26193.html HTTP/1.0" 301 72127 "-" "Mozilla/5.0 (compatible; MJ12bot/v1.4.8; http://mj12bot.com/)"
185.191.171.26 - - [26/Sep/2022:04:52:13 +0200] "GET /pugsley-keel-toys-plush-unicorn-light-pink-p-46895.html HTTP/1.0" 200 72234 "-" "Mozilla/5.0 (compatible; SemrushBot/7~bl; +http://www.semrush.com/bot.html)"
95.217.195.123 - - [26/Sep/2022:04:52:14 +0200] "GET /-p-26193.html HTTP/1.0" 200 72060 "-" "Mozilla/5.0 (compatible; MJ12bot/v1.4.8; http://mj12bot.com/)"
95.217.195.123 - - [26/Sep/2022:04:52:18 +0200] "GET /big-dream-california-poster-p-36332.html HTTP/1.0" 301 72127 "-" "Mozilla/5.0 (compatible; MJ12bot/v1.4.8; http://mj12bot.com/)"
94.23.203.107 - - [26/Sep/2022:04:52:21 +0200] "GET /elvis-presley-mirror-p-18040.html HTTP/1.0" 301 72127 "-" "Mozilla/5.0 (compatible; MJ12bot/v1.4.8; http://mj12bot.com/)"
95.217.195.123 - - [26/Sep/2022:04:52:23 +0200] "GET /-p-36332.html HTTP/1.0" 200 72060 "-" "Mozilla/5.0 (compatible; MJ12bot/v1.4.8; http://mj12bot.com/)"
94.23.203.107 - - [26/Sep/2022:04:52:27 +0200] "GET /-p-18040.html HTTP/1.0" 200 72060 "-" "Mozilla/5.0 (compatible; MJ12bot/v1.4.8; http://mj12bot.com/)"
95.217.195.123 - - [26/Sep/2022:04:52:29 +0200] "GET /big-empty-flower-pouch-p-48016.html HTTP/1.0" 301 72215 "-" "Mozilla/5.0 (compatible; MJ12bot/v1.4.8; http://mj12bot.com/)"
95.217.195.123 - - [26/Sep/2022:04:52:35 +0200] "GET /empty-flower-pouch-p-48016.html HTTP/1.0" 200 72130 "-" "Mozilla/5.0 (compatible; MJ12bot/v1.4.8; http://mj12bot.com/)"
37.139.53.82 - - [26/Sep/2022:04:52:37 +0200] "GET /contact_us.php HTTP/1.0" 200 26241 "http://www.wonder-geek.com/contact_us.php" "Mozilla/5.0 (Windows NT 10.0; Win64; x64) AppleWebKit/537.36 (KHTML, like Gecko) Chrome/83.0.4086.0 Safari/537.36"
37.139.53.82 - - [26/Sep/2022:04:52:38 +0200] "POST /contact_us.php?action=send HTTP/1.0" 200 26569 "http://www.wonder-geek.com/contact_us.php" "Mozilla/5.0 (Windows NT 10.0; Win64; x64) AppleWebKit/537.36 (KHTML, like Gecko) Chrome/83.0.4086.0 Safari/537.36"
94.23.203.107 - - [26/Sep/2022:04:52:36 +0200] "GET /embossed-clutch-bag-the-collector-gorjuss-p-32773.html HTTP/1.0" 301 72346 "-" "Mozilla/5.0 (compatible; MJ12bot/v1.4.8; http://mj12bot.com/)"
38.142.11.235 - - [26/Sep/2022:04:52:40 +0200] "GET /images/mini_prod/3014627951239.jpg HTTP/1.0" 200 269 "-" "Mozilla/5.0 (X11; Ubuntu; Linux x86_64; rv:72.0) Gecko/20100101 Firefox/72.0"
95.217.195.123 - - [26/Sep/2022:04:52:39 +0200] "GET /big-hero-school-backpack-p-31221.html HTTP/1.0" 301 72225 "-" "Mozilla/5.0 (compatible; MJ12bot/v1.4.8; http://mj12bot.com/)"
95.217.195.123 - - [26/Sep/2022:04:52:44 +0200] "GET /hero-school-backpack-p-31221.html HTTP/1.0" 200 72138 "-" "Mozilla/5.0 (compatible; MJ12bot/v1.4.8; http://mj12bot.com/)"
94.23.203.107 - - [26/Sep/2022:04:52:44 +0200] "GET /embossed-clutch-collector-gorjuss-p-32773.html HTTP/1.0" 200 72246 "-" "Mozilla/5.0 (compatible; MJ12bot/v1.4.8; http://mj12bot.com/)"
95.217.195.123 - - [26/Sep/2022:04:52:48 +0200] "GET /big-lamp-african-woman-70-cm-p-49398.html HTTP/1.0" 301 72229 "-" "Mozilla/5.0 (compatible; MJ12bot/v1.4.8; http://mj12bot.com/)"
95.217.195.123 - - [26/Sep/2022:04:52:52 +0200] "GET /lamp-african-woman-p-49398.html HTTP/1.0" 200 72144 "-" "Mozilla/5.0 (compatible; MJ12bot/v1.4.8; http://mj12bot.com/)"
94.23.203.107 - - [26/Sep/2022:04:52:55 +0200] "GET /embossed-clutch-bag-we-can-all-shine-p-32774.html HTTP/1.0" 301 72256 "-" "Mozilla/5.0 (compatible; MJ12bot/v1.4.8; http://mj12bot.com/)"
95.217.195.123 - - [26/Sep/2022:04:52:56 +0200] "GET /big-piggy-bank-p-52600.html HTTP/1.0" 301 74696 "-" "Mozilla/5.0 (compatible; MJ12bot/v1.4.8; http://mj12bot.com/)"
94.23.203.107 - - [26/Sep/2022:04:53:00 +0200] "GET /embossed-clutch-shine-p-32774.html HTTP/1.0" 200 72168 "-" "Mozilla/5.0 (compatible; MJ12bot/v1.4.8; http://mj12bot.com/)"
95.217.195.123 - - [26/Sep/2022:04:53:03 +0200] "GET /piggy-bank-p-52600.html HTTP/1.0" 200 74619 "-" "Mozilla/5.0 (compatible; MJ12bot/v1.4.8; http://mj12bot.com/)"
95.217.195.123 - - [26/Sep/2022:04:53:08 +0200] "GET /black-and-white-waves-tea-box-200-gr-p-50770.html HTTP/1.0" 301 75880 "-" "Mozilla/5.0 (compatible; MJ12bot/v1.4.8; http://mj12bot.com/)"
95.217.195.123 - - [26/Sep/2022:04:53:12 +0200] "GET /black-white-waves-p-50770.html HTTP/1.0" 200 75796 "-" "Mozilla/5.0 (compatible; MJ12bot/v1.4.8; http://mj12bot.com/)"
35.91.116.50 - - [26/Sep/2022:04:53:21 +0200] "GET /images/mini_prod/5022271900839.jpg HTTP/1.0" 200 269 "-" "Mozilla/5.0 (X11; Ubuntu; Linux x86_64; rv:72.0) Gecko/20100101 Firefox/72.0"
95.217.195.123 - - [26/Sep/2022:04:53:17 +0200] "GET /black-white-waves-p-50770.html HTTP/1.0" 200 75796 "-" "Mozilla/5.0 (compatible; MJ12bot/v1.4.8; http://mj12bot.com/)"
185.191.171.41 - - [26/Sep/2022:04:53:20 +0200] "GET /kimmidoll-dolls-p-47598.html HTTP/1.0" 200 72141 "-" "Mozilla/5.0 (compatible; SemrushBot/7~bl; +http://www.semrush.com/bot.html)"
94.23.203.107 - - [26/Sep/2022:04:53:22 +0200] "GET /embossed-clutch-collector-gorjuss-p-32773.html HTTP/1.0" 200 72246 "-" "Mozilla/5.0 (compatible; MJ12bot/v1.4.8; http://mj12bot.com/)"
95.217.195.123 - - [26/Sep/2022:04:53:22 +0200] "GET /blue-zigzag-flower-p-51108.html HTTP/1.0" 200 74723 "-" "Mozilla/5.0 (compatible; MJ12bot/v1.4.8; http://mj12bot.com/)"
95.217.195.123 - - [26/Sep/2022:04:53:29 +0200] "GET /bolster-case-45-185-cm-corail-p-36454.html HTTP/1.0" 301 72127 "-" "Mozilla/5.0 (compatible; MJ12bot/v1.4.8; http://mj12bot.com/)"
95.217.195.123 - - [26/Sep/2022:04:53:33 +0200] "GET /-p-36454.html HTTP/1.0" 200 72060 "-" "Mozilla/5.0 (compatible; MJ12bot/v1.4.8; http://mj12bot.com/)"
185.191.171.9 - - [26/Sep/2022:04:53:34 +0200] "GET /retro-transistor-clock-p-56714.html HTTP/1.0" 200 75499 "-" "Mozilla/5.0 (compatible; SemrushBot/7~bl; +http://www.semrush.com/bot.html)"
94.23.203.107 - - [26/Sep/2022:04:53:36 +0200] "GET /embossed-clutch-shine-p-32774.html HTTP/1.0" 200 72168 "-" "Mozilla/5.0 (compatible; MJ12bot/v1.4.8; http://mj12bot.com/)"
95.217.195.123 - - [26/Sep/2022:04:53:39 +0200] "GET /bolster-case-in-washed-linen-86-190-cm-celadon-p-48728.html HTTP/1.0" 301 72127 "-" "Mozilla/5.0 (compatible; MJ12bot/v1.4.8; http://mj12bot.com/)"
95.217.195.123 - - [26/Sep/2022:04:53:43 +0200] "GET /-p-48728.html HTTP/1.0" 200 72060 "-" "Mozilla/5.0 (compatible; MJ12bot/v1.4.8; http://mj12bot.com/)"
95.217.195.123 - - [26/Sep/2022:04:53:49 +0200] "GET /bolster-case-washed-linen-celadon-p-48728.html HTTP/1.0" 301 72127 "-" "Mozilla/5.0 (compatible; MJ12bot/v1.4.8; http://mj12bot.com/)"
94.23.203.107 - - [26/Sep/2022:04:53:52 +0200] "GET /embossed-shoulder-bag-you-brought-me-love-p-32777.html HTTP/1.0" 301 72293 "-" "Mozilla/5.0 (compatible; MJ12bot/v1.4.8; http://mj12bot.com/)"
42.194.204.180 - - [26/Sep/2022:04:53:56 +0200] "GET /images/mini_prod/4036113232324.jpg HTTP/1.0" 200 269 "-" "Mozilla/5.0 (X11; Ubuntu; Linux x86_64; rv:72.0) Gecko/20100101 Firefox/72.0"
95.217.195.123 - - [26/Sep/2022:04:53:54 +0200] "GET /-p-48728.html HTTP/1.0" 200 72060 "-" "Mozilla/5.0 (compatible; MJ12bot/v1.4.8; http://mj12bot.com/)"
94.23.203.107 - - [26/Sep/2022:04:53:58 +0200] "GET /embossed-shoulder-brought-love-p-32777.html HTTP/1.0" 200 72196 "-" "Mozilla/5.0 (compatible; MJ12bot/v1.4.8; http://mj12bot.com/)"
