95.217.195.123 - - [26/Sep/2022:04:53:58 +0200] "GET /boston-terrier-keychains-p-26282.html HTTP/1.0" 301 72127 "-" "Mozilla/5.0 (compatible; MJ12bot/v1.4.8; http://mj12bot.com/)"
54.36.148.66 - - [26/Sep/2022:04:54:00 +0200] "GET /albania-mousepad-cbkreation-p-36708.html HTTP/1.0" 200 74771 "-" "Mozilla/5.0 (compatible; AhrefsBot/7.0; +http://ahrefs.com/robot/)"
185.191.171.13 - - [26/Sep/2022:04:54:03 +0200] "GET /greenhouse-book-hands-in-cast-iron-p-48954.html HTTP/1.0" 301 72278 "-" "Mozilla/5.0 (compatible; SemrushBot/7~bl; +http://www.semrush.com/bot.html)"
95.217.195.123 - - [26/Sep/2022:04:54:04 +0200] "GET /-p-26282.html HTTP/1.0" 200 72060 "-" "Mozilla/5.0 (compatible; MJ12bot/v1.4.8; http://mj12bot.com/)"
185.191.171.1 - - [26/Sep/2022:04:54:06 +0200] "GET /-p-25055.html HTTP/1.0" 200 72060 "-" "Mozilla/5.0 (compatible; SemrushBot/7~bl; +http://www.semrush.com/bot.html)"
95.217.195.123 - - [26/Sep/2022:04:54:08 +0200] "GET /bowl-p-50785.html HTTP/1.0" 200 75139 "-" "Mozilla/5.0 (compatible; MJ12bot/v1.4.8; http://mj12bot.com/)"
94.23.203.107 - - [26/Sep/2022:04:54:09 +0200] "GET /embossed-shoulder-brought-love-p-32777.html HTTP/1.0" 200 72196 "-" "Mozilla/5.0 (compatible; MJ12bot/v1.4.8; http://mj12bot.com/)"
185.191.171.25 - - [26/Sep/2022:04:54:10 +0200] "GET /greenhouse-book-hands-cast-iron-p-48954.html HTTP/1.0" 200 72180 "-" "Mozilla/5.0 (compatible; SemrushBot/7~bl; +http://www.semrush.com/bot.html)"
95.217.195.123 - - [26/Sep/2022:04:54:13 +0200] "GET /bowl-white-porcelain-springy-collection-p-54573.html HTTP/1.0" 200 74777 "-" "Mozilla/5.0 (compatible; MJ12bot/v1.4.8; http://mj12bot.com/)"
94.23.203.107 - - [26/Sep/2022:04:54:20 +0200] "GET /empty-flower-pouch-p-48016.html HTTP/1.0" 200 72130 "-" "Mozilla/5.0 (compatible; MJ12bot/v1.4.8; http://mj12bot.com/)"
94.23.203.107 - - [26/Sep/2022:04:54:27 +0200] "GET /england-flag-handbag-hanger-p-8868.html HTTP/1.0" 301 72124 "-" "Mozilla/5.0 (compatible; MJ12bot/v1.4.8; http://mj12bot.com/)"
94.23.203.107 - - [26/Sep/2022:04:54:33 +0200] "GET /-p-8868.html HTTP/1.0" 200 72058 "-" "Mozilla/5.0 (compatible; MJ12bot/v1.4.8; http://mj12bot.com/)"
95.217.195.123 - - [26/Sep/2022:04:54:18 +0200] "GET /bowls-c-13_12_60.html?page=1 HTTP/1.0" 200 95141 "-" "Mozilla/5.0 (compatible; MJ12bot/v1.4.8; http://mj12bot.com/)"
185.191.171.4 - - [26/Sep/2022:04:54:22 +0200] "GET /dishes-c-13_12.html?page=2 HTTP/1.0" 200 93612 "-" "Mozilla/5.0 (compatible; SemrushBot/7~bl; +http://www.semrush.com/bot.html)"
94.23.203.107 - - [26/Sep/2022:04:54:45 +0200] "GET /english-bulldog-salt-and-pepper-p-28852.html HTTP/1.0" 301 72260 "-" "Mozilla/5.0 (compatible; MJ12bot/v1.4.8; http://mj12bot.com/)"
94.23.203.107 - - [26/Sep/2022:04:54:50 +0200] "GET /english-bulldog-salt-pepper-p-28852.html HTTP/1.0" 200 72166 "-" "Mozilla/5.0 (compatible; MJ12bot/v1.4.8; http://mj12bot.com/)"
94.23.203.107 - - [26/Sep/2022:04:55:02 +0200] "GET /english-bulldog-salt-pepper-p-28852.html HTTP/1.0" 200 72166 "-" "Mozilla/5.0 (compatible; MJ12bot/v1.4.8; http://mj12bot.com/)"
173.252.83.10 - - [26/Sep/2022:04:55:04 +0200] "GET /images/mini_prod/8719075390047.jpg HTTP/1.0" 200 269 "-" "facebookexternalhit/1.1 (+http://www.facebook.com/externalhit_uatext.php)"
95.217.195.123 - - [26/Sep/2022:04:54:43 +0200] "GET /bowls-c-13_12_60.html?page=2 HTTP/1.0" 200 94034 "-" "Mozilla/5.0 (compatible; MJ12bot/v1.4.8; http://mj12bot.com/)"
94.23.203.107 - - [26/Sep/2022:04:55:15 +0200] "GET /fancy-grey-soft-p-43123.html HTTP/1.0" 301 72127 "-" "Mozilla/5.0 (compatible; MJ12bot/v1.4.8; http://mj12bot.com/)"
94.23.203.107 - - [26/Sep/2022:04:55:23 +0200] "GET /-p-43123.html HTTP/1.0" 200 72060 "-" "Mozilla/5.0 (compatible; MJ12bot/v1.4.8; http://mj12bot.com/)"
95.217.195.123 - - [26/Sep/2022:04:55:08 +0200] "GET /bowls-c-13_12_60.html?page=3 HTTP/1.0" 200 94629 "-" "Mozilla/5.0 (compatible; MJ12bot/v1.4.8; http://mj12bot.com/)"
94.23.203.107 - - [26/Sep/2022:04:55:39 +0200] "GET /fancy-the-grey-cat-soft-toy-24-cm-p-43123.html HTTP/1.0" 301 72127 "-" "Mozilla/5.0 (compatible; MJ12bot/v1.4.8; http://mj12bot.com/)"
185.191.171.8 - - [26/Sep/2022:04:55:42 +0200] "GET /little-toiletry-p-43425.html HTTP/1.0" 200 74771 "-" "Mozilla/5.0 (compatible; SemrushBot/7~bl; +http://www.semrush.com/bot.html)"
94.23.203.107 - - [26/Sep/2022:04:55:44 +0200] "GET /-p-43123.html HTTP/1.0" 200 72060 "-" "Mozilla/5.0 (compatible; MJ12bot/v1.4.8; http://mj12bot.com/)"
54.36.148.220 - - [26/Sep/2022:04:55:50 +0200] "GET /barbapapa-pink-kids-school-p-14471.html HTTP/1.0" 200 75050 "-" "Mozilla/5.0 (compatible; AhrefsBot/7.0; +http://ahrefs.com/robot/)"
54.36.149.19 - - [26/Sep/2022:04:55:58 +0200] "GET /images/big_prod/DSCN1182.jpg HTTP/1.0" 200 263 "-" "Mozilla/5.0 (compatible; AhrefsBot/7.0; +http://ahrefs.com/robot/)"
95.217.195.123 - - [26/Sep/2022:04:55:34 +0200] "GET /bowls-c-13_12_60.html?page=4 HTTP/1.0" 200 94356 "-" "Mozilla/5.0 (compatible; MJ12bot/v1.4.8; http://mj12bot.com/)"
94.23.203.107 - - [26/Sep/2022:04:55:58 +0200] "GET /fantasy-watch-for-women-fowers-p-49961.html HTTP/1.0" 301 74876 "-" "Mozilla/5.0 (compatible; MJ12bot/v1.4.8; http://mj12bot.com/)"
43.130.59.85 - - [26/Sep/2022:04:56:04 +0200] "GET /images/mini_prod/3609810052222.jpg HTTP/1.0" 200 269 "-" "Mozilla/5.0 (X11; Ubuntu; Linux x86_64; rv:72.0) Gecko/20100101 Firefox/72.0"
94.23.203.107 - - [26/Sep/2022:04:56:04 +0200] "GET /fantasy-watch-women-fowers-p-49961.html HTTP/1.0" 200 74783 "-" "Mozilla/5.0 (compatible; MJ12bot/v1.4.8; http://mj12bot.com/)"
185.191.171.8 - - [26/Sep/2022:04:56:08 +0200] "GET /entre-potes-wall-decoration-p-58847.html HTTP/1.0" 200 75413 "-" "Mozilla/5.0 (compatible; SemrushBot/7~bl; +http://www.semrush.com/bot.html)"
94.23.203.107 - - [26/Sep/2022:04:56:17 +0200] "GET /fantasy-watch-women-fowers-p-49961.html HTTP/1.0" 200 74783 "-" "Mozilla/5.0 (compatible; MJ12bot/v1.4.8; http://mj12bot.com/)"
185.191.171.12 - - [26/Sep/2022:04:56:23 +0200] "GET /egyptian-statue-in-resin-45-cm-p-44729.html HTTP/1.0" 301 72271 "-" "Mozilla/5.0 (compatible; SemrushBot/7~bl; +http://www.semrush.com/bot.html)"
66.249.65.168 - - [26/Sep/2022:04:56:26 +0200] "GET /images/big_prod_2/8422059532400C.jpg HTTP/1.0" 200 271 "-" "Googlebot-Image/1.0"
95.217.195.123 - - [26/Sep/2022:04:56:02 +0200] "GET /bowls-c-13_12_60.html?page=5 HTTP/1.0" 200 94420 "-" "Mozilla/5.0 (compatible; MJ12bot/v1.4.8; http://mj12bot.com/)"
66.249.65.166 - - [26/Sep/2022:04:56:28 +0200] "GET /images/big_prod/5018997751992.jpg HTTP/1.0" 200 268 "-" "Googlebot-Image/1.0"
185.191.171.22 - - [26/Sep/2022:04:56:27 +0200] "GET /egyptian-statue-resin-p-44729.html HTTP/1.0" 200 72183 "-" "Mozilla/5.0 (compatible; SemrushBot/7~bl; +http://www.semrush.com/bot.html)"
94.23.203.107 - - [26/Sep/2022:04:56:28 +0200] "GET /fatima-mobile-hand-with-rusted-metal-bell-p-49463.html HTTP/1.0" 301 72127 "-" "Mozilla/5.0 (compatible; MJ12bot/v1.4.8; http://mj12bot.com/)"
185.191.171.8 - - [26/Sep/2022:04:56:32 +0200] "GET /heart-home-bamboo-diffuser-p-52822.html HTTP/1.0" 200 75777 "-" "Mozilla/5.0 (compatible; SemrushBot/7~bl; +http://www.semrush.com/bot.html)"
94.23.203.107 - - [26/Sep/2022:04:56:33 +0200] "GET /-p-49463.html HTTP/1.0" 200 72060 "-" "Mozilla/5.0 (compatible; MJ12bot/v1.4.8; http://mj12bot.com/)"
59.82.84.36 - - [26/Sep/2022:04:56:43 +0200] "GET /images/mini_prod/1439116000007N.jpg HTTP/1.0" 200 270 "-" "Mozilla/5.0 (X11; Ubuntu; Linux x86_64; rv:72.0) Gecko/20100101 Firefox/72.0"
94.23.203.107 - - [26/Sep/2022:04:56:49 +0200] "GET /favourite-friends-puppy-kids-school-backpack-p-36204.html HTTP/1.0" 301 72127 "-" "Mozilla/5.0 (compatible; MJ12bot/v1.4.8; http://mj12bot.com/)"
95.217.195.123 - - [26/Sep/2022:04:56:31 +0200] "GET /bowls-c-13_12_60.html?page=6 HTTP/1.0" 200 94772 "-" "Mozilla/5.0 (compatible; MJ12bot/v1.4.8; http://mj12bot.com/)"
94.23.203.107 - - [26/Sep/2022:04:56:58 +0200] "GET /-p-36204.html HTTP/1.0" 200 72060 "-" "Mozilla/5.0 (compatible; MJ12bot/v1.4.8; http://mj12bot.com/)"
94.23.203.107 - - [26/Sep/2022:04:57:03 +0200] "GET /favourite-friends-puppy-kids-school-backpack-p-41086.html HTTP/1.0" 200 74996 "-" "Mozilla/5.0 (compatible; MJ12bot/v1.4.8; http://mj12bot.com/)"
173.252.83.120 - - [26/Sep/2022:04:57:11 +0200] "GET /images/mini_prod/1300000030021.jpg HTTP/1.0" 200 269 "-" "facebookexternalhit/1.1 (+http://www.facebook.com/externalhit_uatext.php)"
94.23.203.107 - - [26/Sep/2022:04:57:11 +0200] "GET /fdm-fiers-etre-marseillais-blue-track-jacket-p-29914.html HTTP/1.0" 301 76262 "-" "Mozilla/5.0 (compatible; MJ12bot/v1.4.8; http://mj12bot.com/)"
94.23.203.107 - - [26/Sep/2022:04:57:16 +0200] "GET /fiers-etre-marseillais-blue-track-jacket-p-29914.html HTTP/1.0" 200 76155 "-" "Mozilla/5.0 (compatible; MJ12bot/v1.4.8; http://mj12bot.com/)"
95.217.195.123 - - [26/Sep/2022:04:56:58 +0200] "GET /bowls-c-13_12_60.html?page=7 HTTP/1.0" 200 94573 "-" "Mozilla/5.0 (compatible; MJ12bot/v1.4.8; http://mj12bot.com/)"
94.23.203.107 - - [26/Sep/2022:04:57:23 +0200] "GET /feathers-girly-bedclothes-140-200-cm-p-39790.html HTTP/1.0" 301 72127 "-" "Mozilla/5.0 (compatible; MJ12bot/v1.4.8; http://mj12bot.com/)"
54.36.148.163 - - [26/Sep/2022:04:57:27 +0200] "GET /scent-heart-home-winter-wonderment-p-49934.html HTTP/1.0" 200 75860 "-" "Mozilla/5.0 (compatible; AhrefsBot/7.0; +http://ahrefs.com/robot/)"
106.52.131.116 - - [26/Sep/2022:04:57:32 +0200] "GET /images/mini_prod/1384010204740.jpg HTTP/1.0" 200 269 "-" "Mozilla/5.0 (X11; Ubuntu; Linux x86_64; rv:72.0) Gecko/20100101 Firefox/72.0"
54.36.148.244 - - [26/Sep/2022:04:57:33 +0200] "GET /images/big_prod_1/a5051276344492.jpg HTTP/1.0" 200 271 "-" "Mozilla/5.0 (compatible; AhrefsBot/7.0; +http://ahrefs.com/robot/)"
94.23.203.107 - - [26/Sep/2022:04:57:29 +0200] "GET /-p-39790.html HTTP/1.0" 200 72060 "-" "Mozilla/5.0 (compatible; MJ12bot/v1.4.8; http://mj12bot.com/)"
54.36.148.188 - - [26/Sep/2022:04:57:33 +0200] "GET /images/big_prod/5051276344492.jpg HTTP/1.0" 200 268 "-" "Mozilla/5.0 (compatible; AhrefsBot/7.0; +http://ahrefs.com/robot/)"
87.250.224.94 - - [26/Sep/2022:04:57:35 +0200] "GET /nici-jolly-lynn-sheep-plush-25-cm-p-35183.html HTTP/1.0" 301 72298 "-" "Mozilla/5.0 (compatible; YandexBot/3.0; +http://yandex.com/bots)"
87.250.224.94 - - [26/Sep/2022:04:57:38 +0200] "GET /nici-jolly-lynn-sheep-plush-p-35183.html HTTP/1.0" 200 72204 "-" "Mozilla/5.0 (compatible; YandexBot/3.0; +http://yandex.com/bots)"
66.249.65.166 - - [26/Sep/2022:04:57:37 +0200] "GET /bunny-nightlight-p-53122.html HTTP/1.0" 200 72122 "-" "Mozilla/5.0 (Linux; Android 6.0.1; Nexus 5X Build/MMB29P) AppleWebKit/537.36 (KHTML, like Gecko) Chrome/105.0.5195.125 Mobile Safari/537.36 (compatible; Googlebot/2.1; +http://www.google.com/bot.html)"
185.191.171.2 - - [26/Sep/2022:04:57:40 +0200] "GET /pink-arrow-clock-p-41838.html HTTP/1.0" 200 72126 "-" "Mozilla/5.0 (compatible; SemrushBot/7~bl; +http://www.semrush.com/bot.html)"
94.23.203.107 - - [26/Sep/2022:04:57:43 +0200] "GET /ferrari-enzo-ferrari-race-and-play-124-red-p-37808.html HTTP/1.0" 301 72340 "-" "Mozilla/5.0 (compatible; MJ12bot/v1.4.8; http://mj12bot.com/)"
95.217.195.123 - - [26/Sep/2022:04:57:26 +0200] "GET /bowls-c-13_12_60.html?page=8 HTTP/1.0" 200 95355 "-" "Mozilla/5.0 (compatible; MJ12bot/v1.4.8; http://mj12bot.com/)"
94.23.203.107 - - [26/Sep/2022:04:57:50 +0200] "GET /ferrari-enzo-ferrari-race-play-p-37808.html HTTP/1.0" 200 72243 "-" "Mozilla/5.0 (compatible; MJ12bot/v1.4.8; http://mj12bot.com/)"
185.191.171.6 - - [26/Sep/2022:04:57:51 +0200] "GET /zippo-harley-davidson-lighter-belt-case-p-13408.html HTTP/1.0" 200 75522 "-" "Mozilla/5.0 (compatible; SemrushBot/7~bl; +http://www.semrush.com/bot.html)"
94.23.203.107 - - [26/Sep/2022:04:58:05 +0200] "GET /ferrari-enzo-ferrari-race-play-p-37808.html HTTP/1.0" 200 72243 "-" "Mozilla/5.0 (compatible; MJ12bot/v1.4.8; http://mj12bot.com/)"
95.217.195.123 - - [26/Sep/2022:04:57:55 +0200] "GET /bowls-c-13_12_60.html?page=9 HTTP/1.0" 200 95912 "-" "Mozilla/5.0 (compatible; MJ12bot/v1.4.8; http://mj12bot.com/)"
94.23.203.107 - - [26/Sep/2022:04:58:20 +0200] "GET /ffa-metal-tray-33-cm-p-53581.html HTTP/1.0" 301 75582 "-" "Mozilla/5.0 (compatible; MJ12bot/v1.4.8; http://mj12bot.com/)"
185.191.171.40 - - [26/Sep/2022:04:58:21 +0200] "GET /eccentric-p-39705.html HTTP/1.0" 200 74631 "-" "Mozilla/5.0 (compatible; SemrushBot/7~bl; +http://www.semrush.com/bot.html)"
95.217.195.123 - - [26/Sep/2022:04:58:25 +0200] "GET /bracelet-amethyst-p-52241.html HTTP/1.0" 200 75575 "-" "Mozilla/5.0 (compatible; MJ12bot/v1.4.8; http://mj12bot.com/)"
185.191.171.6 - - [26/Sep/2022:04:58:27 +0200] "GET /removable-grey-cushion-beast-40-cm-p-50884.html HTTP/1.0" 301 72127 "-" "Mozilla/5.0 (compatible; SemrushBot/7~bl; +http://www.semrush.com/bot.html)"
94.23.203.107 - - [26/Sep/2022:04:58:29 +0200] "GET /metal-tray-p-53581.html HTTP/1.0" 200 75505 "-" "Mozilla/5.0 (compatible; MJ12bot/v1.4.8; http://mj12bot.com/)"
95.217.195.123 - - [26/Sep/2022:04:58:30 +0200] "GET /bracelet-lapis-lazuli-p-57280.html HTTP/1.0" 200 75751 "-" "Mozilla/5.0 (compatible; MJ12bot/v1.4.8; http://mj12bot.com/)"
185.191.171.22 - - [26/Sep/2022:04:58:32 +0200] "GET /-p-50884.html HTTP/1.0" 200 72060 "-" "Mozilla/5.0 (compatible; SemrushBot/7~bl; +http://www.semrush.com/bot.html)"
95.217.195.123 - - [26/Sep/2022:04:58:36 +0200] "GET /braided-straw-basket-with-black-straps-p-50697.html HTTP/1.0" 200 72202 "-" "Mozilla/5.0 (compatible; MJ12bot/v1.4.8; http://mj12bot.com/)"
185.191.171.39 - - [26/Sep/2022:04:58:37 +0200] "GET /buddha-decorative-statue-p-42791.html HTTP/1.0" 200 74818 "-" "Mozilla/5.0 (compatible; SemrushBot/7~bl; +http://www.semrush.com/bot.html)"
95.217.195.123 - - [26/Sep/2022:04:58:42 +0200] "GET /braided-straw-basket-with-black-straps-p-50698.html HTTP/1.0" 200 72202 "-" "Mozilla/5.0 (compatible; MJ12bot/v1.4.8; http://mj12bot.com/)"
94.23.203.107 - - [26/Sep/2022:04:58:42 +0200] "GET /fff-bowl-p-50785.html HTTP/1.0" 301 75210 "-" "Mozilla/5.0 (compatible; MJ12bot/v1.4.8; http://mj12bot.com/)"
95.217.195.123 - - [26/Sep/2022:04:58:47 +0200] "GET /brass-lapis-lazuli-adjustable-ring-p-57283.html HTTP/1.0" 200 75652 "-" "Mozilla/5.0 (compatible; MJ12bot/v1.4.8; http://mj12bot.com/)"
94.23.203.107 - - [26/Sep/2022:04:58:52 +0200] "GET /bowl-p-50785.html HTTP/1.0" 200 75139 "-" "Mozilla/5.0 (compatible; MJ12bot/v1.4.8; http://mj12bot.com/)"
95.217.195.123 - - [26/Sep/2022:04:58:53 +0200] "GET /buddha-clock-30-cm-p-48737.html HTTP/1.0" 301 72189 "-" "Mozilla/5.0 (compatible; MJ12bot/v1.4.8; http://mj12bot.com/)"
95.217.195.123 - - [26/Sep/2022:04:58:58 +0200] "GET /buddha-clock-p-48737.html HTTP/1.0" 200 72110 "-" "Mozilla/5.0 (compatible; MJ12bot/v1.4.8; http://mj12bot.com/)"
185.191.171.11 - - [26/Sep/2022:04:58:42 +0200] "GET /home-decoration-c-13.html?page=280 HTTP/1.0" 200 87688 "-" "Mozilla/5.0 (compatible; SemrushBot/7~bl; +http://www.semrush.com/bot.html)"
94.23.203.107 - - [26/Sep/2022:04:59:02 +0200] "GET /fiat-reporter-bag-p-29048.html HTTP/1.0" 301 72127 "-" "Mozilla/5.0 (compatible; MJ12bot/v1.4.8; http://mj12bot.com/)"
95.217.195.123 - - [26/Sep/2022:04:59:04 +0200] "GET /buddha-clock-p-48737.html HTTP/1.0" 200 72110 "-" "Mozilla/5.0 (compatible; MJ12bot/v1.4.8; http://mj12bot.com/)"
185.191.171.7 - - [26/Sep/2022:04:59:07 +0200] "GET /hello-kitty-pencil-case-p-20695.html HTTP/1.0" 200 74876 "-" "Mozilla/5.0 (compatible; SemrushBot/7~bl; +http://www.semrush.com/bot.html)"
94.23.203.107 - - [26/Sep/2022:04:59:09 +0200] "GET /-p-29048.html HTTP/1.0" 200 72060 "-" "Mozilla/5.0 (compatible; MJ12bot/v1.4.8; http://mj12bot.com/)"
95.217.195.123 - - [26/Sep/2022:04:59:10 +0200] "GET /buddha-decorative-statue-185-cm-p-50765.html HTTP/1.0" 301 72127 "-" "Mozilla/5.0 (compatible; MJ12bot/v1.4.8; http://mj12bot.com/)"
95.217.195.123 - - [26/Sep/2022:04:59:16 +0200] "GET /-p-50765.html HTTP/1.0" 200 72060 "-" "Mozilla/5.0 (compatible; MJ12bot/v1.4.8; http://mj12bot.com/)"
54.36.148.228 - - [26/Sep/2022:04:59:18 +0200] "GET /artisan-plaster-thermometer-handcrafted-p-58034.html HTTP/1.0" 200 75942 "-" "Mozilla/5.0 (compatible; AhrefsBot/7.0; +http://ahrefs.com/robot/)"
94.23.203.107 - - [26/Sep/2022:04:59:19 +0200] "GET /fiat-reporter-p-29048.html HTTP/1.0" 301 72127 "-" "Mozilla/5.0 (compatible; MJ12bot/v1.4.8; http://mj12bot.com/)"
95.217.195.123 - - [26/Sep/2022:04:59:22 +0200] "GET /buddha-decorative-statue-p-50765.html HTTP/1.0" 301 72127 "-" "Mozilla/5.0 (compatible; MJ12bot/v1.4.8; http://mj12bot.com/)"
94.23.203.107 - - [26/Sep/2022:04:59:24 +0200] "GET /-p-29048.html HTTP/1.0" 200 72060 "-" "Mozilla/5.0 (compatible; MJ12bot/v1.4.8; http://mj12bot.com/)"
95.217.195.123 - - [26/Sep/2022:04:59:26 +0200] "GET /-p-50765.html HTTP/1.0" 200 72060 "-" "Mozilla/5.0 (compatible; MJ12bot/v1.4.8; http://mj12bot.com/)"
95.217.195.123 - - [26/Sep/2022:04:59:34 +0200] "GET /bulldog-and-canary-bedclothes-aspect-default-p-36391.html HTTP/1.0" 301 72127 "-" "Mozilla/5.0 (compatible; MJ12bot/v1.4.8; http://mj12bot.com/)"
95.217.195.123 - - [26/Sep/2022:04:59:39 +0200] "GET /-p-36391.html HTTP/1.0" 200 72060 "-" "Mozilla/5.0 (compatible; MJ12bot/v1.4.8; http://mj12bot.com/)"
94.23.203.107 - - [26/Sep/2022:04:59:40 +0200] "GET /fiers-etre-marseillais-blue-track-jacket-p-29914.html HTTP/1.0" 200 76155 "-" "Mozilla/5.0 (compatible; MJ12bot/v1.4.8; http://mj12bot.com/)"
95.217.195.123 - - [26/Sep/2022:04:59:44 +0200] "GET /bulldog-money-box-p-52598.html HTTP/1.0" 301 75308 "-" "Mozilla/5.0 (compatible; MJ12bot/v1.4.8; http://mj12bot.com/)"
95.217.195.123 - - [26/Sep/2022:04:59:49 +0200] "GET /bulldog-money-p-52598.html HTTP/1.0" 200 75228 "-" "Mozilla/5.0 (compatible; MJ12bot/v1.4.8; http://mj12bot.com/)"
95.217.195.123 - - [26/Sep/2022:04:59:54 +0200] "GET /bulldog-money-p-52598.html HTTP/1.0" 200 75228 "-" "Mozilla/5.0 (compatible; MJ12bot/v1.4.8; http://mj12bot.com/)"
94.23.203.107 - - [26/Sep/2022:05:00:01 +0200] "GET /figurine-sonny-angel-serie-p-12576.html HTTP/1.0" 301 72127 "-" "Mozilla/5.0 (compatible; MJ12bot/v1.4.8; http://mj12bot.com/)"
95.217.195.123 - - [26/Sep/2022:05:00:05 +0200] "GET /bunny-grey-night-light-p-50820.html HTTP/1.0" 200 72138 "-" "Mozilla/5.0 (compatible; MJ12bot/v1.4.8; http://mj12bot.com/)"
95.217.195.123 - - [26/Sep/2022:05:00:11 +0200] "GET /bunny-night-light-p-50820.html HTTP/1.0" 301 72227 "-" "Mozilla/5.0 (compatible; MJ12bot/v1.4.8; http://mj12bot.com/)"
185.191.171.16 - - [26/Sep/2022:05:00:12 +0200] "GET /white-lampshade-p-56458.html HTTP/1.0" 200 72122 "-" "Mozilla/5.0 (compatible; SemrushBot/7~bl; +http://www.semrush.com/bot.html)"
94.23.203.107 - - [26/Sep/2022:05:00:15 +0200] "GET /-p-12576.html HTTP/1.0" 200 72060 "-" "Mozilla/5.0 (compatible; MJ12bot/v1.4.8; http://mj12bot.com/)"
95.217.195.123 - - [26/Sep/2022:05:00:16 +0200] "GET /bunny-grey-night-light-p-50820.html HTTP/1.0" 200 72138 "-" "Mozilla/5.0 (compatible; MJ12bot/v1.4.8; http://mj12bot.com/)"
95.217.195.123 - - [26/Sep/2022:05:00:21 +0200] "GET /bunny-nightlight-pink-p-55357.html HTTP/1.0" 200 72132 "-" "Mozilla/5.0 (compatible; MJ12bot/v1.4.8; http://mj12bot.com/)"
95.217.195.123 - - [26/Sep/2022:05:00:28 +0200] "GET /butterfly-small-melamine-tray-blue-and-white-p-40894.html HTTP/1.0" 301 72127 "-" "Mozilla/5.0 (compatible; MJ12bot/v1.4.8; http://mj12bot.com/)"
94.23.203.107 - - [26/Sep/2022:05:00:30 +0200] "GET /finding-dory-homework-notebooks-p-40846.html HTTP/1.0" 200 75086 "-" "Mozilla/5.0 (compatible; MJ12bot/v1.4.8; http://mj12bot.com/)"
95.217.195.123 - - [26/Sep/2022:05:00:33 +0200] "GET /-p-40894.html HTTP/1.0" 200 72060 "-" "Mozilla/5.0 (compatible; MJ12bot/v1.4.8; http://mj12bot.com/)"
95.217.195.123 - - [26/Sep/2022:05:00:37 +0200] "GET /cappuccino-p-15596.html HTTP/1.0" 200 72106 "-" "Mozilla/5.0 (compatible; MJ12bot/v1.4.8; http://mj12bot.com/)"
203.119.241.83 - - [26/Sep/2022:05:00:42 +0200] "GET /images/mini_prod/8718375756010.jpg HTTP/1.0" 200 269 "-" "Mozilla/5.0 (X11; Ubuntu; Linux x86_64; rv:72.0) Gecko/20100101 Firefox/72.0"
94.23.203.107 - - [26/Sep/2022:05:00:41 +0200] "GET /fine-porcelain-saucer-p-57261.html HTTP/1.0" 200 74860 "-" "Mozilla/5.0 (compatible; MJ12bot/v1.4.8; http://mj12bot.com/)"
95.217.195.123 - - [26/Sep/2022:05:00:42 +0200] "GET /cars-disney-children-stool-p-18808.html HTTP/1.0" 200 72158 "-" "Mozilla/5.0 (compatible; MJ12bot/v1.4.8; http://mj12bot.com/)"
185.191.171.43 - - [26/Sep/2022:05:00:49 +0200] "GET /piggy-bank-pig-in-coconut-p-50590.html HTTP/1.0" 301 75387 "-" "Mozilla/5.0 (compatible; SemrushBot/7~bl; +http://www.semrush.com/bot.html)"
95.217.195.123 - - [26/Sep/2022:05:00:49 +0200] "GET /cars-mattress-inflatable-surfboard-p-19985.html HTTP/1.0" 200 74943 "-" "Mozilla/5.0 (compatible; MJ12bot/v1.4.8; http://mj12bot.com/)"
94.23.203.107 - - [26/Sep/2022:05:00:53 +0200] "GET /finis-bire-shirt-p-29578.html HTTP/1.0" 301 72127 "-" "Mozilla/5.0 (compatible; MJ12bot/v1.4.8; http://mj12bot.com/)"
185.191.171.17 - - [26/Sep/2022:05:00:54 +0200] "GET /piggy-bank-coconut-p-50590.html HTTP/1.0" 200 75302 "-" "Mozilla/5.0 (compatible; SemrushBot/7~bl; +http://www.semrush.com/bot.html)"
66.249.65.168 - - [26/Sep/2022:05:00:59 +0200] "GET /images/med_prod/4029811341313.jpg HTTP/1.0" 200 268 "-" "Googlebot-Image/1.0"
95.217.195.123 - - [26/Sep/2022:05:00:55 +0200] "GET /cars-mattress-swimming-pool-p-19984.html HTTP/1.0" 200 74849 "-" "Mozilla/5.0 (compatible; MJ12bot/v1.4.8; http://mj12bot.com/)"
94.23.203.107 - - [26/Sep/2022:05:01:03 +0200] "GET /-p-29578.html HTTP/1.0" 200 72060 "-" "Mozilla/5.0 (compatible; MJ12bot/v1.4.8; http://mj12bot.com/)"
95.217.195.123 - - [26/Sep/2022:05:01:05 +0200] "GET /cars-melamine-bowl-p-20355.html HTTP/1.0" 200 75347 "-" "Mozilla/5.0 (compatible; MJ12bot/v1.4.8; http://mj12bot.com/)"
54.36.149.39 - - [26/Sep/2022:05:01:12 +0200] "GET /incense-stick-holder-chakra-p-57939.html HTTP/1.0" 200 75712 "-" "Mozilla/5.0 (compatible; AhrefsBot/7.0; +http://ahrefs.com/robot/)"
94.23.203.107 - - [26/Sep/2022:05:01:13 +0200] "GET /first-heli-station-p-34985.html HTTP/1.0" 301 72127 "-" "Mozilla/5.0 (compatible; MJ12bot/v1.4.8; http://mj12bot.com/)"
54.36.148.46 - - [26/Sep/2022:05:01:18 +0200] "GET /images/big_prod/8719075391686AA.jpg HTTP/1.0" 200 270 "-" "Mozilla/5.0 (compatible; AhrefsBot/7.0; +http://ahrefs.com/robot/)"
54.36.148.62 - - [26/Sep/2022:05:01:19 +0200] "GET /images/big_prod_2/8719075391686AC.jpg HTTP/1.0" 200 272 "-" "Mozilla/5.0 (compatible; AhrefsBot/7.0; +http://ahrefs.com/robot/)"
54.36.148.235 - - [26/Sep/2022:05:01:19 +0200] "GET /images/big_prod_1/8719075391686AB.jpg HTTP/1.0" 200 272 "-" "Mozilla/5.0 (compatible; AhrefsBot/7.0; +http://ahrefs.com/robot/)"
95.217.195.123 - - [26/Sep/2022:05:01:15 +0200] "GET /cars-swimming-ring-p-19973.html HTTP/1.0" 200 74499 "-" "Mozilla/5.0 (compatible; MJ12bot/v1.4.8; http://mj12bot.com/)"
66.249.65.166 - - [26/Sep/2022:05:01:16 +0200] "GET /elephant-small-melamine-tray-p-55877.html HTTP/1.0" 200 74837 "-" "Mozilla/5.0 (Linux; Android 6.0.1; Nexus 5X Build/MMB29P) AppleWebKit/537.36 (KHTML, like Gecko) Chrome/105.0.5195.125 Mobile Safari/537.36 (compatible; Googlebot/2.1; +http://www.google.com/bot.html)"
94.23.203.107 - - [26/Sep/2022:05:01:22 +0200] "GET /-p-34985.html HTTP/1.0" 200 72060 "-" "Mozilla/5.0 (compatible; MJ12bot/v1.4.8; http://mj12bot.com/)"
95.217.195.123 - - [26/Sep/2022:05:01:23 +0200] "GET /cars-umbrella-p-20503.html HTTP/1.0" 301 72127 "-" "Mozilla/5.0 (compatible; MJ12bot/v1.4.8; http://mj12bot.com/)"
51.68.224.127 - - [26/Sep/2022:05:01:27 +0200] "GET /adminweb/export_orders_xml.php?token=256de2z6edz6ed2z6DFSFsed2zed6zeDSFDSGdzedezfzf&maxorders=10&orderstart=1&status=14&start_date=2018-10-01 HTTP/1.0" 200 285 "-" "GesCom CharlotteBoutik Serveur"
185.191.171.18 - - [26/Sep/2022:05:01:27 +0200] "GET /-p-35383.html HTTP/1.0" 200 72060 "-" "Mozilla/5.0 (compatible; SemrushBot/7~bl; +http://www.semrush.com/bot.html)"
95.217.195.123 - - [26/Sep/2022:05:01:27 +0200] "GET /-p-20503.html HTTP/1.0" 200 72060 "-" "Mozilla/5.0 (compatible; MJ12bot/v1.4.8; http://mj12bot.com/)"
51.68.224.127 - - [26/Sep/2022:05:01:29 +0200] "GET /adminweb/export_orders_xml.php?token=256de2z6edz6ed2z6DFSFsed2zed6zeDSFDSGdzedezfzf&maxorders=10&orderstart=1&status=6&start_date=2018-10-01 HTTP/1.0" 200 33985 "-" "GesCom CharlotteBoutik Serveur"
95.217.195.123 - - [26/Sep/2022:05:01:32 +0200] "GET /cat-candle-35-hours-p-41882.html HTTP/1.0" 301 72127 "-" "Mozilla/5.0 (compatible; MJ12bot/v1.4.8; http://mj12bot.com/)"
94.23.203.107 - - [26/Sep/2022:05:01:33 +0200] "GET /floodo-ylvi-and-the-minimoomis-keyring-p-33980.html HTTP/1.0" 301 74919 "-" "Mozilla/5.0 (compatible; MJ12bot/v1.4.8; http://mj12bot.com/)"
95.217.195.123 - - [26/Sep/2022:05:01:37 +0200] "GET /-p-41882.html HTTP/1.0" 200 72060 "-" "Mozilla/5.0 (compatible; MJ12bot/v1.4.8; http://mj12bot.com/)"
94.23.203.107 - - [26/Sep/2022:05:01:40 +0200] "GET /floodo-ylvi-minimoomis-keyring-p-33980.html HTTP/1.0" 200 74822 "-" "Mozilla/5.0 (compatible; MJ12bot/v1.4.8; http://mj12bot.com/)"
95.217.195.123 - - [26/Sep/2022:05:01:42 +0200] "GET /cat-heart-bowl-p-36407.html HTTP/1.0" 301 72127 "-" "Mozilla/5.0 (compatible; MJ12bot/v1.4.8; http://mj12bot.com/)"
185.191.171.42 - - [26/Sep/2022:05:01:44 +0200] "GET /-p-40936.html HTTP/1.0" 200 72060 "-" "Mozilla/5.0 (compatible; SemrushBot/7~bl; +http://www.semrush.com/bot.html)"
95.217.195.123 - - [26/Sep/2022:05:01:47 +0200] "GET /-p-36407.html HTTP/1.0" 200 72060 "-" "Mozilla/5.0 (compatible; MJ12bot/v1.4.8; http://mj12bot.com/)"
95.217.195.123 - - [26/Sep/2022:05:01:52 +0200] "GET /cats-by-dubout-trivet-p-52479.html HTTP/1.0" 301 74742 "-" "Mozilla/5.0 (compatible; MJ12bot/v1.4.8; http://mj12bot.com/)"
94.23.203.107 - - [26/Sep/2022:05:01:53 +0200] "GET /floodo-ylvi-minimoomis-keyring-p-33980.html HTTP/1.0" 200 74822 "-" "Mozilla/5.0 (compatible; MJ12bot/v1.4.8; http://mj12bot.com/)"
95.217.195.123 - - [26/Sep/2022:05:01:56 +0200] "GET /cats-dubout-trivet-p-52479.html HTTP/1.0" 200 74657 "-" "Mozilla/5.0 (compatible; MJ12bot/v1.4.8; http://mj12bot.com/)"
94.23.203.107 - - [26/Sep/2022:05:02:03 +0200] "GET /flower-cover-p-52424.html HTTP/1.0" 301 72127 "-" "Mozilla/5.0 (compatible; MJ12bot/v1.4.8; http://mj12bot.com/)"
95.217.195.123 - - [26/Sep/2022:05:02:05 +0200] "GET /cats-dubout-placemat-p-32429.html HTTP/1.0" 200 72130 "-" "Mozilla/5.0 (compatible; MJ12bot/v1.4.8; http://mj12bot.com/)"
185.191.171.23 - - [26/Sep/2022:05:01:54 +0200] "GET /notebook-notebook-diary-c-129_185.html?page=2 HTTP/1.0" 200 93946 "-" "Mozilla/5.0 (compatible; SemrushBot/7~bl; +http://www.semrush.com/bot.html)"
95.217.195.123 - - [26/Sep/2022:05:02:10 +0200] "GET /cats-dubout-trivet-p-52479.html HTTP/1.0" 200 74657 "-" "Mozilla/5.0 (compatible; MJ12bot/v1.4.8; http://mj12bot.com/)"
170.106.193.192 - - [26/Sep/2022:05:02:14 +0200] "GET /images/mini_prod/3660218979290.jpg HTTP/1.0" 200 269 "-" "Mozilla/5.0 (X11; Ubuntu; Linux x86_64; rv:72.0) Gecko/20100101 Firefox/72.0"
185.191.171.26 - - [26/Sep/2022:05:02:12 +0200] "GET /little-toiletry-p-57897.html HTTP/1.0" 200 74758 "-" "Mozilla/5.0 (compatible; SemrushBot/7~bl; +http://www.semrush.com/bot.html)"
129.211.163.253 - - [26/Sep/2022:05:01:41 +0200] "GET / HTTP/1.0" 500 131954 "-" "python-requests/2.26.0"
94.23.203.107 - - [26/Sep/2022:05:02:16 +0200] "GET /-p-52424.html HTTP/1.0" 200 72060 "-" "Mozilla/5.0 (compatible; MJ12bot/v1.4.8; http://mj12bot.com/)"
129.211.163.253 - - [26/Sep/2022:05:01:44 +0200] "GET / HTTP/1.0" 500 131954 "-" "python-requests/2.26.0"
95.217.195.123 - - [26/Sep/2022:05:02:16 +0200] "GET /cbkreation-quote-p-35123.html HTTP/1.0" 200 74692 "-" "Mozilla/5.0 (compatible; MJ12bot/v1.4.8; http://mj12bot.com/)"
185.191.171.26 - - [26/Sep/2022:05:02:17 +0200] "GET /purse-mani-the-lucky-cat-beige-et-navy-blue-p-37351.html HTTP/1.0" 301 75049 "-" "Mozilla/5.0 (compatible; SemrushBot/7~bl; +http://www.semrush.com/bot.html)"
185.191.171.13 - - [26/Sep/2022:05:02:22 +0200] "GET /the-princess-and-the-frog-prince-naveen-figure-p-5863.html HTTP/1.0" 301 72124 "-" "Mozilla/5.0 (compatible; SemrushBot/7~bl; +http://www.semrush.com/bot.html)"
95.217.195.123 - - [26/Sep/2022:05:02:22 +0200] "GET /cccp-logo-adult-cap-by-cbkreation-p-36533.html HTTP/1.0" 301 74926 "-" "Mozilla/5.0 (compatible; MJ12bot/v1.4.8; http://mj12bot.com/)"
185.191.171.38 - - [26/Sep/2022:05:02:26 +0200] "GET /-p-5863.html HTTP/1.0" 200 72058 "-" "Mozilla/5.0 (compatible; SemrushBot/7~bl; +http://www.semrush.com/bot.html)"
95.217.195.123 - - [26/Sep/2022:05:02:26 +0200] "GET /cccp-logo-adult-cbkration-p-36533.html HTTP/1.0" 200 74834 "-" "Mozilla/5.0 (compatible; MJ12bot/v1.4.8; http://mj12bot.com/)"
94.23.203.107 - - [26/Sep/2022:05:02:32 +0200] "GET /flower-pot-cover-p-52424.html HTTP/1.0" 301 72127 "-" "Mozilla/5.0 (compatible; MJ12bot/v1.4.8; http://mj12bot.com/)"
95.217.195.123 - - [26/Sep/2022:05:02:32 +0200] "GET /cccp-logo-adult-cbkration-p-36533.html HTTP/1.0" 200 74834 "-" "Mozilla/5.0 (compatible; MJ12bot/v1.4.8; http://mj12bot.com/)"
94.23.203.107 - - [26/Sep/2022:05:02:40 +0200] "GET /-p-52424.html HTTP/1.0" 200 72060 "-" "Mozilla/5.0 (compatible; MJ12bot/v1.4.8; http://mj12bot.com/)"
95.217.195.123 - - [26/Sep/2022:05:02:39 +0200] "GET /cement-tile-stickers-15-15-cm-p-51625.html HTTP/1.0" 301 75718 "-" "Mozilla/5.0 (compatible; MJ12bot/v1.4.8; http://mj12bot.com/)"
185.191.171.18 - - [26/Sep/2022:05:02:30 +0200] "GET /stationery-cardmaking-c-129.html?page=5 HTTP/1.0" 200 94655 "-" "Mozilla/5.0 (compatible; SemrushBot/7~bl; +http://www.semrush.com/bot.html)"
95.217.195.123 - - [26/Sep/2022:05:02:44 +0200] "GET /cement-tile-stickers-p-51625.html HTTP/1.0" 200 75631 "-" "Mozilla/5.0 (compatible; MJ12bot/v1.4.8; http://mj12bot.com/)"
34.198.236.55 - - [26/Sep/2022:05:02:50 +0200] "GET /images/mini_prod/4036113830230.jpg HTTP/1.0" 200 269 "-" "Mozilla/5.0 (X11; Ubuntu; Linux x86_64; rv:72.0) Gecko/20100101 Firefox/72.0"
185.191.171.26 - - [26/Sep/2022:05:02:47 +0200] "GET /littlest-petshop-white-swimsuit-p-30316.html HTTP/1.0" 200 76187 "-" "Mozilla/5.0 (compatible; SemrushBot/7~bl; +http://www.semrush.com/bot.html)"
94.23.203.107 - - [26/Sep/2022:05:02:51 +0200] "GET /flowers-boho-p-50798.html HTTP/1.0" 200 72126 "-" "Mozilla/5.0 (compatible; MJ12bot/v1.4.8; http://mj12bot.com/)"
95.217.195.123 - - [26/Sep/2022:05:02:50 +0200] "GET /cement-tile-stickers-p-51625.html HTTP/1.0" 200 75631 "-" "Mozilla/5.0 (compatible; MJ12bot/v1.4.8; http://mj12bot.com/)"
185.191.171.42 - - [26/Sep/2022:05:02:53 +0200] "GET /purse-mani-lucky-beige-navy-blue-p-37351.html HTTP/1.0" 200 74950 "-" "Mozilla/5.0 (compatible; SemrushBot/7~bl; +http://www.semrush.com/bot.html)"
54.36.148.101 - - [26/Sep/2022:05:02:55 +0200] "GET /ursula-figurine-romero-britto-p-58185.html HTTP/1.0" 200 76141 "-" "Mozilla/5.0 (compatible; AhrefsBot/7.0; +http://ahrefs.com/robot/)"
95.217.195.123 - - [26/Sep/2022:05:02:56 +0200] "GET /ceramic-flower-pot-p-48708.html HTTP/1.0" 301 72127 "-" "Mozilla/5.0 (compatible; MJ12bot/v1.4.8; http://mj12bot.com/)"
54.36.148.193 - - [26/Sep/2022:05:03:03 +0200] "GET /images/big_prod_2/1328399295777D.jpg HTTP/1.0" 200 271 "-" "Mozilla/5.0 (compatible; AhrefsBot/7.0; +http://ahrefs.com/robot/)"
54.36.149.15 - - [26/Sep/2022:05:03:04 +0200] "GET /images/big_prod_1/1328399295777C.jpg HTTP/1.0" 200 271 "-" "Mozilla/5.0 (compatible; AhrefsBot/7.0; +http://ahrefs.com/robot/)"
54.36.148.132 - - [26/Sep/2022:05:03:04 +0200] "GET /images/big_prod/1328399295777.jpg HTTP/1.0" 200 268 "-" "Mozilla/5.0 (compatible; AhrefsBot/7.0; +http://ahrefs.com/robot/)"
95.217.195.123 - - [26/Sep/2022:05:03:02 +0200] "GET /-p-48708.html HTTP/1.0" 200 72060 "-" "Mozilla/5.0 (compatible; MJ12bot/v1.4.8; http://mj12bot.com/)"
94.23.203.107 - - [26/Sep/2022:05:03:03 +0200] "GET /ford-capri-rs2600-1970-132-classic-p-37797.html HTTP/1.0" 301 72319 "-" "Mozilla/5.0 (compatible; MJ12bot/v1.4.8; http://mj12bot.com/)"
163.220.128.41 - - [26/Sep/2022:05:03:08 +0200] "GET /images/mini_prod/3453131146760.jpg HTTP/1.0" 200 269 "-" "Mozilla/5.0 (X11; Ubuntu; Linux x86_64; rv:72.0) Gecko/20100101 Firefox/72.0"
95.217.195.123 - - [26/Sep/2022:05:03:07 +0200] "GET /ceramic-mug-with-mini-metal-flask-p-41944.html HTTP/1.0" 301 75005 "-" "Mozilla/5.0 (compatible; MJ12bot/v1.4.8; http://mj12bot.com/)"
94.23.203.107 - - [26/Sep/2022:05:03:10 +0200] "GET /ford-capri-rs2600-1970-classic-p-37797.html HTTP/1.0" 200 72222 "-" "Mozilla/5.0 (compatible; MJ12bot/v1.4.8; http://mj12bot.com/)"
95.217.195.123 - - [26/Sep/2022:05:03:12 +0200] "GET /ceramic-with-mini-metal-flask-p-41944.html HTTP/1.0" 200 74909 "-" "Mozilla/5.0 (compatible; MJ12bot/v1.4.8; http://mj12bot.com/)"
94.23.203.107 - - [26/Sep/2022:05:03:18 +0200] "GET /ford-capri-rs2600-1970-classic-p-37797.html HTTP/1.0" 200 72222 "-" "Mozilla/5.0 (compatible; MJ12bot/v1.4.8; http://mj12bot.com/)"
95.217.195.123 - - [26/Sep/2022:05:03:17 +0200] "GET /ceramic-with-mini-metal-flask-p-41944.html HTTP/1.0" 200 74909 "-" "Mozilla/5.0 (compatible; MJ12bot/v1.4.8; http://mj12bot.com/)"
95.217.195.123 - - [26/Sep/2022:05:03:22 +0200] "GET /chacha-paper-towel-dispenser-p-52662.html HTTP/1.0" 200 74696 "-" "Mozilla/5.0 (compatible; MJ12bot/v1.4.8; http://mj12bot.com/)"
66.249.65.166 - - [26/Sep/2022:05:03:25 +0200] "GET /paris-je-aime-set-cups-espresso-p-28396.html HTTP/1.0" 301 72127 "-" "Mozilla/5.0 (compatible; Googlebot/2.1; +http://www.google.com/bot.html)"
66.249.65.168 - - [26/Sep/2022:05:03:28 +0200] "GET /-p-28396.html HTTP/1.0" 200 72060 "-" "Mozilla/5.0 (compatible; Googlebot/2.1; +http://www.google.com/bot.html)"
95.217.195.123 - - [26/Sep/2022:05:03:28 +0200] "GET /charline-lampshade-p-51598.html HTTP/1.0" 200 75499 "-" "Mozilla/5.0 (compatible; MJ12bot/v1.4.8; http://mj12bot.com/)"
95.217.195.123 - - [26/Sep/2022:05:03:34 +0200] "GET /charmmy-kitty-mattress-swimming-pool-p-5989.html HTTP/1.0" 200 74647 "-" "Mozilla/5.0 (compatible; MJ12bot/v1.4.8; http://mj12bot.com/)"
95.217.195.123 - - [26/Sep/2022:05:03:39 +0200] "GET /charmmy-kitty-mattress-swimming-pool-p-5990.html HTTP/1.0" 200 72192 "-" "Mozilla/5.0 (compatible; MJ12bot/v1.4.8; http://mj12bot.com/)"
95.217.195.123 - - [26/Sep/2022:05:03:46 +0200] "GET /charmmy-kitty-waistcoat-p-31126.html HTTP/1.0" 200 75912 "-" "Mozilla/5.0 (compatible; MJ12bot/v1.4.8; http://mj12bot.com/)"
94.23.203.107 - - [26/Sep/2022:05:03:36 +0200] "GET /fragrances-of-ambiance-c-231.html HTTP/1.0" 301 94292 "-" "Mozilla/5.0 (compatible; MJ12bot/v1.4.8; http://mj12bot.com/)"
95.217.195.123 - - [26/Sep/2022:05:03:53 +0200] "GET /chat-noir-cutting-board-p-26849.html HTTP/1.0" 200 74725 "-" "Mozilla/5.0 (compatible; MJ12bot/v1.4.8; http://mj12bot.com/)"
94.23.203.107 - - [26/Sep/2022:05:03:44 +0200] "GET /fragrances-ambiance-c-231.html HTTP/1.0" 200 94208 "-" "Mozilla/5.0 (compatible; MJ12bot/v1.4.8; http://mj12bot.com/)"
95.217.195.123 - - [26/Sep/2022:05:03:58 +0200] "GET /chef-adult-apron-p-39874.html HTTP/1.0" 301 72127 "-" "Mozilla/5.0 (compatible; MJ12bot/v1.4.8; http://mj12bot.com/)"
95.217.195.123 - - [26/Sep/2022:05:04:04 +0200] "GET /-p-39874.html HTTP/1.0" 200 72060 "-" "Mozilla/5.0 (compatible; MJ12bot/v1.4.8; http://mj12bot.com/)"
157.55.39.217 - - [26/Sep/2022:05:04:07 +0200] "GET /images/8435333807712.jpg HTTP/1.0" 200 259 "-" "Mozilla/5.0 (compatible; bingbot/2.0; +http://www.bing.com/bingbot.htm)"
95.217.195.123 - - [26/Sep/2022:05:04:08 +0200] "GET /chest-world-map-59-cm-p-49064.html HTTP/1.0" 301 72192 "-" "Mozilla/5.0 (compatible; MJ12bot/v1.4.8; http://mj12bot.com/)"
185.191.171.16 - - [26/Sep/2022:05:04:11 +0200] "GET /-p-44042.html HTTP/1.0" 200 72060 "-" "Mozilla/5.0 (compatible; SemrushBot/7~bl; +http://www.semrush.com/bot.html)"
95.217.195.123 - - [26/Sep/2022:05:04:12 +0200] "GET /chest-world-p-49064.html HTTP/1.0" 200 72114 "-" "Mozilla/5.0 (compatible; MJ12bot/v1.4.8; http://mj12bot.com/)"
95.217.195.123 - - [26/Sep/2022:05:04:18 +0200] "GET /chest-world-p-49064.html HTTP/1.0" 200 72114 "-" "Mozilla/5.0 (compatible; MJ12bot/v1.4.8; http://mj12bot.com/)"
95.217.195.123 - - [26/Sep/2022:05:04:23 +0200] "GET /child-apron-little-prince-p-47663.html HTTP/1.0" 200 74823 "-" "Mozilla/5.0 (compatible; MJ12bot/v1.4.8; http://mj12bot.com/)"
94.23.203.107 - - [26/Sep/2022:05:04:03 +0200] "GET /frames-flags-and-decorative-paintings-c-13_148.html HTTP/1.0" 301 96948 "-" "Mozilla/5.0 (compatible; MJ12bot/v1.4.8; http://mj12bot.com/)"
185.191.171.24 - - [26/Sep/2022:05:04:26 +0200] "GET /winx-picnic-p-17168.html HTTP/1.0" 200 75540 "-" "Mozilla/5.0 (compatible; SemrushBot/7~bl; +http://www.semrush.com/bot.html)"
94.23.203.107 - - [26/Sep/2022:05:04:20 +0200] "GET /frames-flags-decorative-paintings-c-148.html HTTP/1.0" 301 96825 "-" "Mozilla/5.0 (compatible; MJ12bot/v1.4.8; http://mj12bot.com/)"
95.217.195.123 - - [26/Sep/2022:05:04:29 +0200] "GET /child-apron-the-little-prince-p-47663.html HTTP/1.0" 301 74915 "-" "Mozilla/5.0 (compatible; MJ12bot/v1.4.8; http://mj12bot.com/)"
95.217.195.123 - - [26/Sep/2022:05:04:34 +0200] "GET /child-apron-little-prince-p-47663.html HTTP/1.0" 200 74823 "-" "Mozilla/5.0 (compatible; MJ12bot/v1.4.8; http://mj12bot.com/)"
173.252.83.3 - - [26/Sep/2022:05:04:38 +0200] "GET /images/mini_prod/8435306281259.jpg HTTP/1.0" 200 269 "-" "facebookexternalhit/1.1 (+http://www.facebook.com/externalhit_uatext.php)"
95.217.195.123 - - [26/Sep/2022:05:04:40 +0200] "GET /cinderella-film-figure-p-32168.html HTTP/1.0" 301 72127 "-" "Mozilla/5.0 (compatible; MJ12bot/v1.4.8; http://mj12bot.com/)"
95.217.195.123 - - [26/Sep/2022:05:04:46 +0200] "GET /-p-32168.html HTTP/1.0" 200 72060 "-" "Mozilla/5.0 (compatible; MJ12bot/v1.4.8; http://mj12bot.com/)"
54.36.148.10 - - [26/Sep/2022:05:04:46 +0200] "GET /white-babouchka-table-lamp-size-p-44641.html HTTP/1.0" 200 75462 "-" "Mozilla/5.0 (compatible; AhrefsBot/7.0; +http://ahrefs.com/robot/)"
54.36.148.253 - - [26/Sep/2022:05:04:51 +0200] "GET /images/big_prod_1/babouchka.jpg HTTP/1.0" 200 266 "-" "Mozilla/5.0 (compatible; AhrefsBot/7.0; +http://ahrefs.com/robot/)"
54.36.148.14 - - [26/Sep/2022:05:04:51 +0200] "GET /images/big_prod/3520071614458.jpg HTTP/1.0" 200 268 "-" "Mozilla/5.0 (compatible; AhrefsBot/7.0; +http://ahrefs.com/robot/)"
147.92.153.18 - - [26/Sep/2022:05:04:48 +0200] "GET /tree-decoration-p-58863.html HTTP/1.0" 200 75457 "-" "Mozilla/5.0 (compatible; Linespider/1.1; +https://lin.ee/4dwXkTH)"
94.23.203.107 - - [26/Sep/2022:05:04:25 +0200] "GET /frames-flags-decorative-paintings-c-13_148.html HTTP/1.0" 200 96850 "-" "Mozilla/5.0 (compatible; MJ12bot/v1.4.8; http://mj12bot.com/)"
95.217.195.123 - - [26/Sep/2022:05:04:51 +0200] "GET /clowdeen-wolf-figure-p-22569.html HTTP/1.0" 301 72127 "-" "Mozilla/5.0 (compatible; MJ12bot/v1.4.8; http://mj12bot.com/)"
147.92.153.1 - - [26/Sep/2022:05:04:54 +0200] "GET /swfobject.js HTTP/1.0" 404 1308 "http://www.wonder-geek.com/tree-decoration-p-58863.html" "Mozilla/5.0 AppleWebKit/537.36 (KHTML, like Gecko; compatible; Linespider/1.1; +https://lin.ee/4dwXkTH) Chrome/101.0.4951.0 Safari/537.36, Mozilla/5.0 (compatible; Linespider/1.1; +https://lin.ee/4dwXkTH)"
95.217.195.123 - - [26/Sep/2022:05:04:56 +0200] "GET /-p-22569.html HTTP/1.0" 200 72060 "-" "Mozilla/5.0 (compatible; MJ12bot/v1.4.8; http://mj12bot.com/)"
185.191.171.42 - - [26/Sep/2022:05:04:56 +0200] "GET /cars-disney-card-with-envelope-p-34425.html HTTP/1.0" 200 74776 "-" "Mozilla/5.0 (compatible; SemrushBot/7~bl; +http://www.semrush.com/bot.html)"
94.23.203.107 - - [26/Sep/2022:05:05:01 +0200] "GET /frida-mug-with-pink-and-blue-infuser-p-52860.html HTTP/1.0" 301 74879 "-" "Mozilla/5.0 (compatible; MJ12bot/v1.4.8; http://mj12bot.com/)"
95.217.195.123 - - [26/Sep/2022:05:05:02 +0200] "GET /cocker-dog-keychains-p-26290.html HTTP/1.0" 301 74760 "-" "Mozilla/5.0 (compatible; MJ12bot/v1.4.8; http://mj12bot.com/)"
94.23.203.107 - - [26/Sep/2022:05:05:07 +0200] "GET /frida-with-pink-blue-infuser-p-52860.html HTTP/1.0" 200 74784 "-" "Mozilla/5.0 (compatible; MJ12bot/v1.4.8; http://mj12bot.com/)"
95.217.195.123 - - [26/Sep/2022:05:05:08 +0200] "GET /cocker-keychains-p-26290.html HTTP/1.0" 200 74677 "-" "Mozilla/5.0 (compatible; MJ12bot/v1.4.8; http://mj12bot.com/)"
95.217.195.123 - - [26/Sep/2022:05:05:14 +0200] "GET /coconut-fibers-doormat-arborvitae-60-cm-p-52458.html HTTP/1.0" 301 75776 "-" "Mozilla/5.0 (compatible; MJ12bot/v1.4.8; http://mj12bot.com/)"
95.217.195.123 - - [26/Sep/2022:05:05:18 +0200] "GET /coconut-fibers-doormat-arborvitae-p-52458.html HTTP/1.0" 200 75676 "-" "Mozilla/5.0 (compatible; MJ12bot/v1.4.8; http://mj12bot.com/)"
95.217.195.123 - - [26/Sep/2022:05:05:23 +0200] "GET /coconut-fibers-doormat-arborvitae-p-52458.html HTTP/1.0" 200 75676 "-" "Mozilla/5.0 (compatible; MJ12bot/v1.4.8; http://mj12bot.com/)"
94.23.203.107 - - [26/Sep/2022:05:05:27 +0200] "GET /frida-with-pink-blue-infuser-p-52860.html HTTP/1.0" 200 74784 "-" "Mozilla/5.0 (compatible; MJ12bot/v1.4.8; http://mj12bot.com/)"
185.191.171.6 - - [26/Sep/2022:05:05:44 +0200] "GET /kimmidoll-glasses-case-p-47584.html HTTP/1.0" 200 75358 "-" "Mozilla/5.0 (compatible; SemrushBot/7~bl; +http://www.semrush.com/bot.html)"
94.23.203.107 - - [26/Sep/2022:05:05:51 +0200] "GET /frozen-elsa-and-anna-white-suitcase-48-cm-p-33312.html HTTP/1.0" 301 72127 "-" "Mozilla/5.0 (compatible; MJ12bot/v1.4.8; http://mj12bot.com/)"
185.191.171.22 - - [26/Sep/2022:05:05:52 +0200] "GET /-p-19351.html HTTP/1.0" 200 72060 "-" "Mozilla/5.0 (compatible; SemrushBot/7~bl; +http://www.semrush.com/bot.html)"
95.217.195.123 - - [26/Sep/2022:05:05:30 +0200] "GET /collectible-figurines-and-decorative-c-13_135.html HTTP/1.0" 301 96727 "-" "Mozilla/5.0 (compatible; MJ12bot/v1.4.8; http://mj12bot.com/)"
95.217.195.123 - - [26/Sep/2022:05:05:48 +0200] "GET /collectible-figurines-decorative-c-135.html HTTP/1.0" 301 96604 "-" "Mozilla/5.0 (compatible; MJ12bot/v1.4.8; http://mj12bot.com/)"
94.23.203.107 - - [26/Sep/2022:05:06:00 +0200] "GET /-p-33312.html HTTP/1.0" 200 72060 "-" "Mozilla/5.0 (compatible; MJ12bot/v1.4.8; http://mj12bot.com/)"
94.23.203.107 - - [26/Sep/2022:05:06:12 +0200] "GET /frozen-lampshade-for-lamp-or-ceiling-p-33147.html HTTP/1.0" 301 72127 "-" "Mozilla/5.0 (compatible; MJ12bot/v1.4.8; http://mj12bot.com/)"
66.249.65.166 - - [26/Sep/2022:05:06:19 +0200] "GET /images/big_prod/4036113633046.jpg HTTP/1.0" 200 268 "-" "Googlebot-Image/1.0"
95.217.195.123 - - [26/Sep/2022:05:05:55 +0200] "GET /collectible-figurines-decorative-c-13_135.html HTTP/1.0" 200 96630 "-" "Mozilla/5.0 (compatible; MJ12bot/v1.4.8; http://mj12bot.com/)"
94.23.203.107 - - [26/Sep/2022:05:06:18 +0200] "GET /-p-33147.html HTTP/1.0" 200 72060 "-" "Mozilla/5.0 (compatible; MJ12bot/v1.4.8; http://mj12bot.com/)"
95.217.195.123 - - [26/Sep/2022:05:06:22 +0200] "GET /colombia-rectangulary-cushion-by-cbkreation-p-36754.html HTTP/1.0" 301 72127 "-" "Mozilla/5.0 (compatible; MJ12bot/v1.4.8; http://mj12bot.com/)"
54.36.148.206 - - [26/Sep/2022:05:06:22 +0200] "GET /rtro-blue-clock-p-41843.html HTTP/1.0" 200 72134 "-" "Mozilla/5.0 (compatible; AhrefsBot/7.0; +http://ahrefs.com/robot/)"
95.217.195.123 - - [26/Sep/2022:05:06:27 +0200] "GET /-p-36754.html HTTP/1.0" 200 72060 "-" "Mozilla/5.0 (compatible; MJ12bot/v1.4.8; http://mj12bot.com/)"
94.23.203.107 - - [26/Sep/2022:05:06:30 +0200] "GET /frozen-lampshade-lamp-ceiling-p-33147.html HTTP/1.0" 301 72127 "-" "Mozilla/5.0 (compatible; MJ12bot/v1.4.8; http://mj12bot.com/)"
95.217.195.123 - - [26/Sep/2022:05:06:31 +0200] "GET /colombia-rectangulary-cushion-cbkreation-p-36754.html HTTP/1.0" 301 72127 "-" "Mozilla/5.0 (compatible; MJ12bot/v1.4.8; http://mj12bot.com/)"
95.217.195.123 - - [26/Sep/2022:05:06:36 +0200] "GET /-p-36754.html HTTP/1.0" 200 72060 "-" "Mozilla/5.0 (compatible; MJ12bot/v1.4.8; http://mj12bot.com/)"
94.23.203.107 - - [26/Sep/2022:05:06:39 +0200] "GET /-p-33147.html HTTP/1.0" 200 72060 "-" "Mozilla/5.0 (compatible; MJ12bot/v1.4.8; http://mj12bot.com/)"
95.217.195.123 - - [26/Sep/2022:05:06:40 +0200] "GET /comics-daredevil-mug-p-26010.html HTTP/1.0" 301 74758 "-" "Mozilla/5.0 (compatible; MJ12bot/v1.4.8; http://mj12bot.com/)"
66.249.65.166 - - [26/Sep/2022:05:06:44 +0200] "GET /winnie-pooh-mini-silicone-p-17924.html HTTP/1.0" 200 74843 "-" "Mozilla/5.0 (Linux; Android 6.0.1; Nexus 5X Build/MMB29P) AppleWebKit/537.36 (KHTML, like Gecko) Chrome/105.0.5195.125 Mobile Safari/537.36 (compatible; Googlebot/2.1; +http://www.google.com/bot.html)"
95.217.195.123 - - [26/Sep/2022:05:06:46 +0200] "GET /comics-daredevil-p-26010.html HTTP/1.0" 200 74675 "-" "Mozilla/5.0 (compatible; MJ12bot/v1.4.8; http://mj12bot.com/)"
94.23.203.107 - - [26/Sep/2022:05:06:50 +0200] "GET /frozen-large-wall-sticker-p-28149.html HTTP/1.0" 301 72127 "-" "Mozilla/5.0 (compatible; MJ12bot/v1.4.8; http://mj12bot.com/)"
95.217.195.123 - - [26/Sep/2022:05:06:52 +0200] "GET /comics-daredevil-p-26010.html HTTP/1.0" 200 74675 "-" "Mozilla/5.0 (compatible; MJ12bot/v1.4.8; http://mj12bot.com/)"
95.217.195.123 - - [26/Sep/2022:05:06:58 +0200] "GET /comics-phone-cover-for-iphone-p-18864.html HTTP/1.0" 301 75636 "-" "Mozilla/5.0 (compatible; MJ12bot/v1.4.8; http://mj12bot.com/)"
94.23.203.107 - - [26/Sep/2022:05:07:00 +0200] "GET /-p-28149.html HTTP/1.0" 200 72060 "-" "Mozilla/5.0 (compatible; MJ12bot/v1.4.8; http://mj12bot.com/)"
95.217.195.123 - - [26/Sep/2022:05:07:03 +0200] "GET /comics-phone-cover-iphone-p-18864.html HTTP/1.0" 200 75544 "-" "Mozilla/5.0 (compatible; MJ12bot/v1.4.8; http://mj12bot.com/)"
216.244.66.242 - - [26/Sep/2022:05:07:09 +0200] "GET /robots.txt HTTP/1.0" 200 245 "-" "Mozilla/5.0 (compatible; DotBot/1.2; +https://opensiteexplorer.org/dotbot; help@moz.com)"
216.244.66.242 - - [26/Sep/2022:05:07:09 +0200] "GET /robots.txt HTTP/1.0" 301 531 "-" "Mozilla/5.0 (compatible; DotBot/1.2; +https://opensiteexplorer.org/dotbot; help@moz.com)"
216.244.66.242 - - [26/Sep/2022:05:07:09 +0200] "GET /robots.txt HTTP/1.0" 200 245 "-" "Mozilla/5.0 (compatible; DotBot/1.2; +https://opensiteexplorer.org/dotbot; help@moz.com)"
95.217.195.123 - - [26/Sep/2022:05:07:10 +0200] "GET /comics-poster-p-30935.html HTTP/1.0" 301 72127 "-" "Mozilla/5.0 (compatible; MJ12bot/v1.4.8; http://mj12bot.com/)"
94.23.203.107 - - [26/Sep/2022:05:07:14 +0200] "GET /frozen-pink-pencil-case-p-35843.html HTTP/1.0" 200 74762 "-" "Mozilla/5.0 (compatible; MJ12bot/v1.4.8; http://mj12bot.com/)"
95.217.195.123 - - [26/Sep/2022:05:07:14 +0200] "GET /-p-30935.html HTTP/1.0" 200 72060 "-" "Mozilla/5.0 (compatible; MJ12bot/v1.4.8; http://mj12bot.com/)"
185.191.171.10 - - [26/Sep/2022:05:07:14 +0200] "GET /musical-matryoshka-star-projector-p-57229.html HTTP/1.0" 200 72182 "-" "Mozilla/5.0 (compatible; SemrushBot/7~bl; +http://www.semrush.com/bot.html)"
95.217.195.123 - - [26/Sep/2022:05:07:21 +0200] "GET /confdrs-flag-p-41660.html HTTP/1.0" 301 72127 "-" "Mozilla/5.0 (compatible; MJ12bot/v1.4.8; http://mj12bot.com/)"
95.217.195.123 - - [26/Sep/2022:05:07:25 +0200] "GET /-p-41660.html HTTP/1.0" 200 72060 "-" "Mozilla/5.0 (compatible; MJ12bot/v1.4.8; http://mj12bot.com/)"
94.23.203.107 - - [26/Sep/2022:05:07:27 +0200] "GET /funny-pets-capricieuse-mais-delicieuse-bedclothes-240-220-cm-p-34037.html HTTP/1.0" 301 72127 "-" "Mozilla/5.0 (compatible; MJ12bot/v1.4.8; http://mj12bot.com/)"
95.217.195.123 - - [26/Sep/2022:05:07:30 +0200] "GET /confederes-flag-90-150-cm-p-41660.html HTTP/1.0" 301 72127 "-" "Mozilla/5.0 (compatible; MJ12bot/v1.4.8; http://mj12bot.com/)"
38.142.11.235 - - [26/Sep/2022:05:07:32 +0200] "GET /images/mini_prod/3684225058342.jpg HTTP/1.0" 200 269 "-" "Mozilla/5.0 (X11; Ubuntu; Linux x86_64; rv:72.0) Gecko/20100101 Firefox/72.0"
94.23.203.107 - - [26/Sep/2022:05:07:31 +0200] "GET /-p-34037.html HTTP/1.0" 200 72060 "-" "Mozilla/5.0 (compatible; MJ12bot/v1.4.8; http://mj12bot.com/)"
66.249.65.166 - - [26/Sep/2022:05:07:37 +0200] "GET /images/big_prod/3503420121654.jpg HTTP/1.0" 200 268 "-" "Googlebot-Image/1.0"
95.217.195.123 - - [26/Sep/2022:05:07:35 +0200] "GET /-p-41660.html HTTP/1.0" 200 72060 "-" "Mozilla/5.0 (compatible; MJ12bot/v1.4.8; http://mj12bot.com/)"
94.23.203.107 - - [26/Sep/2022:05:07:37 +0200] "GET /furby-pencil-case-p-20237.html HTTP/1.0" 200 74870 "-" "Mozilla/5.0 (compatible; MJ12bot/v1.4.8; http://mj12bot.com/)"
95.217.195.123 - - [26/Sep/2022:05:07:43 +0200] "GET /corail-fitted-sheet-90-190-cm-p-39684.html HTTP/1.0" 301 72236 "-" "Mozilla/5.0 (compatible; MJ12bot/v1.4.8; http://mj12bot.com/)"
94.23.203.107 - - [26/Sep/2022:05:07:45 +0200] "GET /game-bocce-ball-p-27641.html HTTP/1.0" 301 72127 "-" "Mozilla/5.0 (compatible; MJ12bot/v1.4.8; http://mj12bot.com/)"
95.217.195.123 - - [26/Sep/2022:05:07:48 +0200] "GET /corail-fitted-sheet-p-39684.html HTTP/1.0" 200 72150 "-" "Mozilla/5.0 (compatible; MJ12bot/v1.4.8; http://mj12bot.com/)"
94.23.203.107 - - [26/Sep/2022:05:07:50 +0200] "GET /-p-27641.html HTTP/1.0" 200 72060 "-" "Mozilla/5.0 (compatible; MJ12bot/v1.4.8; http://mj12bot.com/)"
95.217.195.123 - - [26/Sep/2022:05:07:53 +0200] "GET /corail-fitted-sheet-p-39684.html HTTP/1.0" 200 72150 "-" "Mozilla/5.0 (compatible; MJ12bot/v1.4.8; http://mj12bot.com/)"
108.233.11.195 - - [26/Sep/2022:05:07:56 +0200] "GET /images/mini_prod/34DSCN8163.jpg HTTP/1.0" 200 266 "-" "Mozilla/5.0 (X11; Ubuntu; Linux x86_64; rv:72.0) Gecko/20100101 Firefox/72.0"
94.23.203.107 - - [26/Sep/2022:05:07:55 +0200] "GET /game-of-bocce-ball-p-27641.html HTTP/1.0" 301 72127 "-" "Mozilla/5.0 (compatible; MJ12bot/v1.4.8; http://mj12bot.com/)"
95.217.195.123 - - [26/Sep/2022:05:07:57 +0200] "GET /cork-oak-storage-chest-65-cm-p-52927.html HTTP/1.0" 301 72227 "-" "Mozilla/5.0 (compatible; MJ12bot/v1.4.8; http://mj12bot.com/)"
94.23.203.107 - - [26/Sep/2022:05:08:00 +0200] "GET /-p-27641.html HTTP/1.0" 200 72060 "-" "Mozilla/5.0 (compatible; MJ12bot/v1.4.8; http://mj12bot.com/)"
95.217.195.123 - - [26/Sep/2022:05:08:03 +0200] "GET /cork-storage-chest-p-52927.html HTTP/1.0" 200 72142 "-" "Mozilla/5.0 (compatible; MJ12bot/v1.4.8; http://mj12bot.com/)"
