94.23.203.107 - - [26/Sep/2022:05:23:05 +0200] "GET /beyblade-inflatable-boat-p-14361.html HTTP/1.0" 200 75092 "-" "Mozilla/5.0 (compatible; MJ12bot/v1.4.8; http://mj12bot.com/)"
94.23.203.107 - - [26/Sep/2022:05:23:08 +0200] "GET /games-and-toys/water-and-outdoor-games/beyblade-mattress-swimming-pool-p-14358.html HTTP/1.0" 301 74975 "-" "Mozilla/5.0 (compatible; MJ12bot/v1.4.8; http://mj12bot.com/)"
94.23.203.107 - - [26/Sep/2022:05:23:12 +0200] "GET /beyblade-mattress-swimming-pool-p-14358.html HTTP/1.0" 200 74877 "-" "Mozilla/5.0 (compatible; MJ12bot/v1.4.8; http://mj12bot.com/)"
94.23.203.107 - - [26/Sep/2022:05:23:15 +0200] "GET /games-and-toys/water-and-outdoor-games/black-marbles-p-27832.html HTTP/1.0" 301 72127 "-" "Mozilla/5.0 (compatible; MJ12bot/v1.4.8; http://mj12bot.com/)"
207.46.13.149 - - [26/Sep/2022:05:23:19 +0200] "GET /images/1399984252550.jpg HTTP/1.0" 200 259 "-" "Mozilla/5.0 AppleWebKit/537.36 (KHTML, like Gecko; compatible; bingbot/2.0; +http://www.bing.com/bingbot.htm) Chrome/103.0.5060.134 Safari/537.36"
94.23.203.107 - - [26/Sep/2022:05:23:18 +0200] "GET /-p-27832.html HTTP/1.0" 200 72060 "-" "Mozilla/5.0 (compatible; MJ12bot/v1.4.8; http://mj12bot.com/)"
216.244.66.242 - - [26/Sep/2022:05:23:20 +0200] "GET /images/1126451104599.jpg HTTP/1.0" 200 259 "-" "Mozilla/5.0 (compatible; DotBot/1.2; +https://opensiteexplorer.org/dotbot; help@moz.com)"
185.191.171.6 - - [26/Sep/2022:05:23:21 +0200] "GET /-p-49621.html HTTP/1.0" 200 72060 "-" "Mozilla/5.0 (compatible; SemrushBot/7~bl; +http://www.semrush.com/bot.html)"
94.23.203.107 - - [26/Sep/2022:05:23:22 +0200] "GET /games-and-toys/water-and-outdoor-games/calimero-set-beach-p-24446.html HTTP/1.0" 301 72127 "-" "Mozilla/5.0 (compatible; MJ12bot/v1.4.8; http://mj12bot.com/)"
94.23.203.107 - - [26/Sep/2022:05:23:25 +0200] "GET /-p-24446.html HTTP/1.0" 200 72060 "-" "Mozilla/5.0 (compatible; MJ12bot/v1.4.8; http://mj12bot.com/)"
94.23.203.107 - - [26/Sep/2022:05:23:29 +0200] "GET /games-and-toys/water-and-outdoor-games/cars-mattress-inflatable-surfboard-p-19985.html HTTP/1.0" 301 75044 "-" "Mozilla/5.0 (compatible; MJ12bot/v1.4.8; http://mj12bot.com/)"
94.23.203.107 - - [26/Sep/2022:05:23:32 +0200] "GET /cars-mattress-inflatable-surfboard-p-19985.html HTTP/1.0" 200 74943 "-" "Mozilla/5.0 (compatible; MJ12bot/v1.4.8; http://mj12bot.com/)"
185.191.171.41 - - [26/Sep/2022:05:23:33 +0200] "GET /cotton-napkin-sold-individually-p-52106.html HTTP/1.0" 200 74864 "-" "Mozilla/5.0 (compatible; SemrushBot/7~bl; +http://www.semrush.com/bot.html)"
94.23.203.107 - - [26/Sep/2022:05:23:36 +0200] "GET /games-and-toys/water-and-outdoor-games/cars-mattress-swimming-pool-p-19984.html HTTP/1.0" 301 74943 "-" "Mozilla/5.0 (compatible; MJ12bot/v1.4.8; http://mj12bot.com/)"
185.191.171.18 - - [26/Sep/2022:05:23:37 +0200] "GET /glasses-little-prince-p-53841.html HTTP/1.0" 200 74836 "-" "Mozilla/5.0 (compatible; SemrushBot/7~bl; +http://www.semrush.com/bot.html)"
94.23.203.107 - - [26/Sep/2022:05:23:39 +0200] "GET /cars-mattress-swimming-pool-p-19984.html HTTP/1.0" 200 74849 "-" "Mozilla/5.0 (compatible; MJ12bot/v1.4.8; http://mj12bot.com/)"
216.244.66.242 - - [26/Sep/2022:05:23:40 +0200] "GET /libra-cookware-cbkreation-p-43258.html HTTP/1.0" 200 74790 "-" "Mozilla/5.0 (compatible; DotBot/1.2; +https://opensiteexplorer.org/dotbot; help@moz.com)"
94.23.203.107 - - [26/Sep/2022:05:23:45 +0200] "GET /games-and-toys/water-and-outdoor-games/cars-small-inflatable-pool-p-24444.html HTTP/1.0" 301 72127 "-" "Mozilla/5.0 (compatible; MJ12bot/v1.4.8; http://mj12bot.com/)"
185.191.171.26 - - [26/Sep/2022:05:23:45 +0200] "GET /-p-43262.html HTTP/1.0" 200 72060 "-" "Mozilla/5.0 (compatible; SemrushBot/7~bl; +http://www.semrush.com/bot.html)"
94.23.203.107 - - [26/Sep/2022:05:23:48 +0200] "GET /-p-24444.html HTTP/1.0" 200 72060 "-" "Mozilla/5.0 (compatible; MJ12bot/v1.4.8; http://mj12bot.com/)"
94.23.203.107 - - [26/Sep/2022:05:23:52 +0200] "GET /games-and-toys/water-and-outdoor-games/cars-swimming-ring-p-19973.html HTTP/1.0" 301 74584 "-" "Mozilla/5.0 (compatible; MJ12bot/v1.4.8; http://mj12bot.com/)"
54.36.148.109 - - [26/Sep/2022:05:23:53 +0200] "GET /large-rectangular-function-clock-calendar-p-39455.html HTTP/1.0" 200 72214 "-" "Mozilla/5.0 (compatible; AhrefsBot/7.0; +http://ahrefs.com/robot/)"
94.23.203.107 - - [26/Sep/2022:05:23:56 +0200] "GET /cars-swimming-ring-p-19973.html HTTP/1.0" 200 74499 "-" "Mozilla/5.0 (compatible; MJ12bot/v1.4.8; http://mj12bot.com/)"
216.244.66.242 - - [26/Sep/2022:05:24:01 +0200] "GET /moon-touch-lamp-p-57574.html HTTP/1.0" 200 75530 "-" "Mozilla/5.0 (compatible; DotBot/1.2; +https://opensiteexplorer.org/dotbot; help@moz.com)"
94.23.203.107 - - [26/Sep/2022:05:24:07 +0200] "GET /games-and-toys/water-and-outdoor-games/cat39s-eye-marbles-p-27834.html HTTP/1.0" 301 72127 "-" "Mozilla/5.0 (compatible; MJ12bot/v1.4.8; http://mj12bot.com/)"
94.23.203.107 - - [26/Sep/2022:05:24:10 +0200] "GET /-p-27834.html HTTP/1.0" 200 72060 "-" "Mozilla/5.0 (compatible; MJ12bot/v1.4.8; http://mj12bot.com/)"
94.23.203.107 - - [26/Sep/2022:05:24:18 +0200] "GET /games-and-toys/water-and-outdoor-games/cat39s-eye-marbles-p-27835.html HTTP/1.0" 301 72127 "-" "Mozilla/5.0 (compatible; MJ12bot/v1.4.8; http://mj12bot.com/)"
216.244.66.242 - - [26/Sep/2022:05:24:20 +0200] "GET /rolling-stones-keyring-p-28265.html HTTP/1.0" 200 72138 "-" "Mozilla/5.0 (compatible; DotBot/1.2; +https://opensiteexplorer.org/dotbot; help@moz.com)"
94.23.203.107 - - [26/Sep/2022:05:24:21 +0200] "GET /-p-27835.html HTTP/1.0" 200 72060 "-" "Mozilla/5.0 (compatible; MJ12bot/v1.4.8; http://mj12bot.com/)"
94.23.203.107 - - [26/Sep/2022:05:24:31 +0200] "GET /games-and-toys/water-and-outdoor-games/charmmy-kitty-mattress-swimming-pool-p-5989.html HTTP/1.0" 301 74749 "-" "Mozilla/5.0 (compatible; MJ12bot/v1.4.8; http://mj12bot.com/)"
185.191.171.44 - - [26/Sep/2022:05:24:33 +0200] "GET /piggy-bank-coconut-p-50590.html HTTP/1.0" 200 75302 "-" "Mozilla/5.0 (compatible; SemrushBot/7~bl; +http://www.semrush.com/bot.html)"
17.121.112.236 - - [26/Sep/2022:05:24:37 +0200] "GET /robots.txt HTTP/1.0" 200 245 "-" "Mozilla/5.0 (Macintosh; Intel Mac OS X 10_15_5) AppleWebKit/605.1.15 (KHTML, like Gecko) Version/13.1.1 Safari/605.1.15 (Applebot/0.1; +http://www.apple.com/go/applebot)"
17.121.112.236 - - [26/Sep/2022:05:24:37 +0200] "GET /images/big_prod/028399270170.jpg HTTP/1.0" 200 267 "-" "Mozilla/5.0 (Macintosh; Intel Mac OS X 10_15_5) AppleWebKit/605.1.15 (KHTML, like Gecko) Version/13.1.1 Safari/605.1.15 (Applebot/0.1; +http://www.apple.com/go/applebot)"
94.23.203.107 - - [26/Sep/2022:05:24:35 +0200] "GET /charmmy-kitty-mattress-swimming-pool-p-5989.html HTTP/1.0" 200 74647 "-" "Mozilla/5.0 (compatible; MJ12bot/v1.4.8; http://mj12bot.com/)"
94.23.203.107 - - [26/Sep/2022:05:24:41 +0200] "GET /games-and-toys/water-and-outdoor-games/charmmy-kitty-mattress-swimming-pool-p-5990.html HTTP/1.0" 301 72294 "-" "Mozilla/5.0 (compatible; MJ12bot/v1.4.8; http://mj12bot.com/)"
94.23.203.107 - - [26/Sep/2022:05:24:44 +0200] "GET /charmmy-kitty-mattress-swimming-pool-p-5990.html HTTP/1.0" 200 72192 "-" "Mozilla/5.0 (compatible; MJ12bot/v1.4.8; http://mj12bot.com/)"
87.250.224.177 - - [26/Sep/2022:05:24:45 +0200] "GET /disney-princess-shirt-years-p-21984.html HTTP/1.0" 301 72127 "-" "Mozilla/5.0 (compatible; YandexBot/3.0; +http://yandex.com/bots)"
87.250.224.94 - - [26/Sep/2022:05:24:48 +0200] "GET /-p-21984.html HTTP/1.0" 200 72060 "-" "Mozilla/5.0 (compatible; YandexBot/3.0; +http://yandex.com/bots)"
94.23.203.107 - - [26/Sep/2022:05:24:52 +0200] "GET /games-and-toys/water-and-outdoor-games/child-car-p-24919.html HTTP/1.0" 301 72127 "-" "Mozilla/5.0 (compatible; MJ12bot/v1.4.8; http://mj12bot.com/)"
94.23.203.107 - - [26/Sep/2022:05:24:57 +0200] "GET /-p-24919.html HTTP/1.0" 200 72060 "-" "Mozilla/5.0 (compatible; MJ12bot/v1.4.8; http://mj12bot.com/)"
185.191.171.5 - - [26/Sep/2022:05:24:59 +0200] "GET /hello-kitty-giant-wall-p-18110.html HTTP/1.0" 200 75263 "-" "Mozilla/5.0 (compatible; SemrushBot/7~bl; +http://www.semrush.com/bot.html)"
94.23.203.107 - - [26/Sep/2022:05:25:03 +0200] "GET /games-and-toys/water-and-outdoor-games/crossbow-nerf-zombie-strike-p-27707.html HTTP/1.0" 301 72127 "-" "Mozilla/5.0 (compatible; MJ12bot/v1.4.8; http://mj12bot.com/)"
94.23.203.107 - - [26/Sep/2022:05:25:08 +0200] "GET /-p-27707.html HTTP/1.0" 200 72060 "-" "Mozilla/5.0 (compatible; MJ12bot/v1.4.8; http://mj12bot.com/)"
185.191.171.2 - - [26/Sep/2022:05:25:10 +0200] "GET /decorative-door-sticker-p-51533.html HTTP/1.0" 200 75532 "-" "Mozilla/5.0 (compatible; SemrushBot/7~bl; +http://www.semrush.com/bot.html)"
206.12.127.32 - - [26/Sep/2022:05:25:24 +0200] "GET /images/mini_prod/MISES-EN-SITUATION-04.jpg HTTP/1.0" 200 277 "-" "Mozilla/5.0 (X11; Ubuntu; Linux x86_64; rv:72.0) Gecko/20100101 Firefox/72.0"
34.127.14.2 - - [26/Sep/2022:05:25:24 +0200] "GET /images/mini_prod/3700653593221.jpg HTTP/1.0" 200 269 "-" "Mozilla/5.0 (X11; Ubuntu; Linux x86_64; rv:72.0) Gecko/20100101 Firefox/72.0"
94.23.203.107 - - [26/Sep/2022:05:25:25 +0200] "GET /games-and-toys/water-and-outdoor-games/disney-princess-inflatable-boat-p-19986.html HTTP/1.0" 301 72127 "-" "Mozilla/5.0 (compatible; MJ12bot/v1.4.8; http://mj12bot.com/)"
94.23.203.107 - - [26/Sep/2022:05:25:31 +0200] "GET /-p-19986.html HTTP/1.0" 200 72060 "-" "Mozilla/5.0 (compatible; MJ12bot/v1.4.8; http://mj12bot.com/)"
94.23.203.107 - - [26/Sep/2022:05:25:36 +0200] "GET /games-and-toys/water-and-outdoor-games/disney-princess-mattress-swimming-pool-p-19982.html HTTP/1.0" 301 75009 "-" "Mozilla/5.0 (compatible; MJ12bot/v1.4.8; http://mj12bot.com/)"
54.36.148.222 - - [26/Sep/2022:05:25:38 +0200] "GET /copper-bottle-floral-design-etched-p-55209.html HTTP/1.0" 200 77546 "-" "Mozilla/5.0 (compatible; AhrefsBot/7.0; +http://ahrefs.com/robot/)"
94.23.203.107 - - [26/Sep/2022:05:25:40 +0200] "GET /disney-princess-mattress-swimming-pool-p-19982.html HTTP/1.0" 200 74904 "-" "Mozilla/5.0 (compatible; MJ12bot/v1.4.8; http://mj12bot.com/)"
54.36.149.82 - - [26/Sep/2022:05:25:42 +0200] "GET /images/big_prod/8720088296226.jpg HTTP/1.0" 200 268 "-" "Mozilla/5.0 (compatible; AhrefsBot/7.0; +http://ahrefs.com/robot/)"
54.36.149.106 - - [26/Sep/2022:05:25:43 +0200] "GET /images/big_prod_2/8720088296226b.jpg HTTP/1.0" 200 271 "-" "Mozilla/5.0 (compatible; AhrefsBot/7.0; +http://ahrefs.com/robot/)"
54.36.149.9 - - [26/Sep/2022:05:25:44 +0200] "GET /images/big_prod_3/8720088295816c.jpg HTTP/1.0" 200 271 "-" "Mozilla/5.0 (compatible; AhrefsBot/7.0; +http://ahrefs.com/robot/)"
54.36.149.54 - - [26/Sep/2022:05:25:45 +0200] "GET /images/big_prod_1/8720088296226a.jpg HTTP/1.0" 200 271 "-" "Mozilla/5.0 (compatible; AhrefsBot/7.0; +http://ahrefs.com/robot/)"
216.244.66.242 - - [26/Sep/2022:05:25:46 +0200] "GET /brass-lapis-lazuli-adjustable-ring-p-57283.html HTTP/1.0" 200 75652 "-" "Mozilla/5.0 (compatible; DotBot/1.2; +https://opensiteexplorer.org/dotbot; help@moz.com)"
94.23.203.107 - - [26/Sep/2022:05:25:47 +0200] "GET /games-and-toys/water-and-outdoor-games/driftin-cars-small-car-radio-controlled-p-28018.html HTTP/1.0" 301 72127 "-" "Mozilla/5.0 (compatible; MJ12bot/v1.4.8; http://mj12bot.com/)"
94.23.203.107 - - [26/Sep/2022:05:25:52 +0200] "GET /-p-28018.html HTTP/1.0" 200 72060 "-" "Mozilla/5.0 (compatible; MJ12bot/v1.4.8; http://mj12bot.com/)"
94.23.203.107 - - [26/Sep/2022:05:26:02 +0200] "GET /games-and-toys/water-and-outdoor-games/elmer-soft-ball-large-model-p-28354.html HTTP/1.0" 301 72127 "-" "Mozilla/5.0 (compatible; MJ12bot/v1.4.8; http://mj12bot.com/)"
185.191.171.18 - - [26/Sep/2022:05:26:04 +0200] "GET /lion-mousepad-cbkreation-p-43304.html HTTP/1.0" 200 74748 "-" "Mozilla/5.0 (compatible; SemrushBot/7~bl; +http://www.semrush.com/bot.html)"
185.191.171.10 - - [26/Sep/2022:05:26:08 +0200] "GET /master-fright-jack-skellington-money-bank-p-58353.html HTTP/1.0" 200 75896 "-" "Mozilla/5.0 (compatible; SemrushBot/7~bl; +http://www.semrush.com/bot.html)"
94.23.203.107 - - [26/Sep/2022:05:26:08 +0200] "GET /-p-28354.html HTTP/1.0" 200 72060 "-" "Mozilla/5.0 (compatible; MJ12bot/v1.4.8; http://mj12bot.com/)"
94.23.203.107 - - [26/Sep/2022:05:26:17 +0200] "GET /games-and-toys/water-and-outdoor-games/elmer-soft-ball-p-28352.html HTTP/1.0" 301 72127 "-" "Mozilla/5.0 (compatible; MJ12bot/v1.4.8; http://mj12bot.com/)"
94.23.203.107 - - [26/Sep/2022:05:26:21 +0200] "GET /-p-28352.html HTTP/1.0" 200 72060 "-" "Mozilla/5.0 (compatible; MJ12bot/v1.4.8; http://mj12bot.com/)"
34.67.96.123 - - [26/Sep/2022:05:26:27 +0200] "GET /images/mini_prod/8719497613670.jpg HTTP/1.0" 200 269 "-" "Mozilla/5.0 (X11; Ubuntu; Linux x86_64; rv:72.0) Gecko/20100101 Firefox/72.0"
185.191.171.19 - - [26/Sep/2022:05:26:26 +0200] "GET /-p-31873.html HTTP/1.0" 200 72060 "-" "Mozilla/5.0 (compatible; SemrushBot/7~bl; +http://www.semrush.com/bot.html)"
94.23.203.107 - - [26/Sep/2022:05:26:29 +0200] "GET /games-and-toys/water-and-outdoor-games/elmer-soft-ball-p-4576.html HTTP/1.0" 301 72124 "-" "Mozilla/5.0 (compatible; MJ12bot/v1.4.8; http://mj12bot.com/)"
185.191.171.12 - - [26/Sep/2022:05:26:33 +0200] "GET /lovable-buccaneer-stitch-pirate-figurine-p-56167.html HTTP/1.0" 200 76701 "-" "Mozilla/5.0 (compatible; SemrushBot/7~bl; +http://www.semrush.com/bot.html)"
94.23.203.107 - - [26/Sep/2022:05:26:33 +0200] "GET /-p-4576.html HTTP/1.0" 200 72058 "-" "Mozilla/5.0 (compatible; MJ12bot/v1.4.8; http://mj12bot.com/)"
66.249.65.168 - - [26/Sep/2022:05:26:42 +0200] "GET /russian-doll-green-figure-cm-p-27615.html HTTP/1.0" 301 74862 "-" "Mozilla/5.0 (Linux; Android 6.0.1; Nexus 5X Build/MMB29P) AppleWebKit/537.36 (KHTML, like Gecko) Chrome/105.0.5195.125 Mobile Safari/537.36 (compatible; Googlebot/2.1; +http://www.google.com/bot.html)"
66.249.65.168 - - [26/Sep/2022:05:26:43 +0200] "GET /russian-doll-green-figure-p-27615.html HTTP/1.0" 200 74770 "-" "Mozilla/5.0 (Linux; Android 6.0.1; Nexus 5X Build/MMB29P) AppleWebKit/537.36 (KHTML, like Gecko) Chrome/105.0.5195.125 Mobile Safari/537.36 (compatible; Googlebot/2.1; +http://www.google.com/bot.html)"
94.23.203.107 - - [26/Sep/2022:05:26:43 +0200] "GET /games-and-toys/water-and-outdoor-games/frozen-tent-p-27897.html HTTP/1.0" 301 72127 "-" "Mozilla/5.0 (compatible; MJ12bot/v1.4.8; http://mj12bot.com/)"
94.23.203.107 - - [26/Sep/2022:05:26:49 +0200] "GET /-p-27897.html HTTP/1.0" 200 72060 "-" "Mozilla/5.0 (compatible; MJ12bot/v1.4.8; http://mj12bot.com/)"
185.191.171.37 - - [26/Sep/2022:05:26:53 +0200] "GET /psg-mug-3d-p-52116.html HTTP/1.0" 200 72090 "-" "Mozilla/5.0 (compatible; SemrushBot/7~bl; +http://www.semrush.com/bot.html)"
185.191.171.11 - - [26/Sep/2022:05:26:56 +0200] "GET /horse-wall-light-small-model-p-35646.html HTTP/1.0" 200 72166 "-" "Mozilla/5.0 (compatible; SemrushBot/7~bl; +http://www.semrush.com/bot.html)"
94.23.203.107 - - [26/Sep/2022:05:26:56 +0200] "GET /games-and-toys/water-and-outdoor-games/game-bocce-ball-p-27641.html HTTP/1.0" 301 72127 "-" "Mozilla/5.0 (compatible; MJ12bot/v1.4.8; http://mj12bot.com/)"
94.23.203.107 - - [26/Sep/2022:05:27:01 +0200] "GET /-p-27641.html HTTP/1.0" 200 72060 "-" "Mozilla/5.0 (compatible; MJ12bot/v1.4.8; http://mj12bot.com/)"
94.23.203.107 - - [26/Sep/2022:05:27:09 +0200] "GET /games-and-toys/water-and-outdoor-games/gift-box-set-retro-bowls-p-24920.html HTTP/1.0" 301 72127 "-" "Mozilla/5.0 (compatible; MJ12bot/v1.4.8; http://mj12bot.com/)"
94.23.203.107 - - [26/Sep/2022:05:27:13 +0200] "GET /-p-24920.html HTTP/1.0" 200 72060 "-" "Mozilla/5.0 (compatible; MJ12bot/v1.4.8; http://mj12bot.com/)"
54.36.148.203 - - [26/Sep/2022:05:27:13 +0200] "GET /picerie-fine-cotton-potholder-p-42569.html HTTP/1.0" 200 74761 "-" "Mozilla/5.0 (compatible; AhrefsBot/7.0; +http://ahrefs.com/robot/)"
54.36.149.29 - - [26/Sep/2022:05:27:21 +0200] "GET /images/big_prod/3612875113876.jpg HTTP/1.0" 200 268 "-" "Mozilla/5.0 (compatible; AhrefsBot/7.0; +http://ahrefs.com/robot/)"
94.23.203.107 - - [26/Sep/2022:05:27:20 +0200] "GET /games-and-toys/water-and-outdoor-games/gormiti-bike-helmet-p-8327.html HTTP/1.0" 301 74670 "-" "Mozilla/5.0 (compatible; MJ12bot/v1.4.8; http://mj12bot.com/)"
94.23.203.107 - - [26/Sep/2022:05:27:24 +0200] "GET /gormiti-bike-helmet-p-8327.html HTTP/1.0" 200 74585 "-" "Mozilla/5.0 (compatible; MJ12bot/v1.4.8; http://mj12bot.com/)"
94.23.203.107 - - [26/Sep/2022:05:27:32 +0200] "GET /games-and-toys/water-and-outdoor-games/gormiti-swimming-armband-p-9112.html HTTP/1.0" 301 74677 "-" "Mozilla/5.0 (compatible; MJ12bot/v1.4.8; http://mj12bot.com/)"
94.23.203.107 - - [26/Sep/2022:05:27:36 +0200] "GET /gormiti-swimming-armband-p-9112.html HTTP/1.0" 200 74587 "-" "Mozilla/5.0 (compatible; MJ12bot/v1.4.8; http://mj12bot.com/)"
94.23.203.107 - - [26/Sep/2022:05:27:42 +0200] "GET /games-and-toys/water-and-outdoor-games/goula-wooden-draisienne-p-22749.html HTTP/1.0" 301 72127 "-" "Mozilla/5.0 (compatible; MJ12bot/v1.4.8; http://mj12bot.com/)"
94.23.203.107 - - [26/Sep/2022:05:27:46 +0200] "GET /-p-22749.html HTTP/1.0" 200 72060 "-" "Mozilla/5.0 (compatible; MJ12bot/v1.4.8; http://mj12bot.com/)"
185.191.171.24 - - [26/Sep/2022:05:27:47 +0200] "GET /eivissa-bedclothes-p-52075.html HTTP/1.0" 200 74741 "-" "Mozilla/5.0 (compatible; SemrushBot/7~bl; +http://www.semrush.com/bot.html)"
185.191.171.10 - - [26/Sep/2022:05:27:50 +0200] "GET /-p-39909.html HTTP/1.0" 200 72060 "-" "Mozilla/5.0 (compatible; SemrushBot/7~bl; +http://www.semrush.com/bot.html)"
185.191.171.11 - - [26/Sep/2022:05:27:54 +0200] "GET /waxed-concrete-tile-stickers-p-51948.html HTTP/1.0" 200 75512 "-" "Mozilla/5.0 (compatible; SemrushBot/7~bl; +http://www.semrush.com/bot.html)"
94.23.203.107 - - [26/Sep/2022:05:27:54 +0200] "GET /games-and-toys/water-and-outdoor-games/hello-kitty-balance-scooter-p-7912.html HTTP/1.0" 301 72124 "-" "Mozilla/5.0 (compatible; MJ12bot/v1.4.8; http://mj12bot.com/)"
66.249.65.170 - - [26/Sep/2022:05:27:58 +0200] "GET /gund-mini-plush-beige-p-51581.html HTTP/1.0" 200 74876 "-" "Mozilla/5.0 (compatible; Googlebot/2.1; +http://www.google.com/bot.html)"
94.23.203.107 - - [26/Sep/2022:05:27:59 +0200] "GET /-p-7912.html HTTP/1.0" 200 72058 "-" "Mozilla/5.0 (compatible; MJ12bot/v1.4.8; http://mj12bot.com/)"
94.23.203.107 - - [26/Sep/2022:05:28:06 +0200] "GET /games-and-toys/water-and-outdoor-games/hello-kitty-inflatable-boat-p-5379.html HTTP/1.0" 301 72124 "-" "Mozilla/5.0 (compatible; MJ12bot/v1.4.8; http://mj12bot.com/)"
94.23.203.107 - - [26/Sep/2022:05:28:12 +0200] "GET /-p-5379.html HTTP/1.0" 200 72058 "-" "Mozilla/5.0 (compatible; MJ12bot/v1.4.8; http://mj12bot.com/)"
94.23.203.107 - - [26/Sep/2022:05:28:19 +0200] "GET /games-and-toys/water-and-outdoor-games/hello-kitty-mattress-swimming-pool-p-14356.html HTTP/1.0" 301 72322 "-" "Mozilla/5.0 (compatible; MJ12bot/v1.4.8; http://mj12bot.com/)"
185.191.171.1 - - [26/Sep/2022:05:28:23 +0200] "GET /glass-lamp-p-53103.html HTTP/1.0" 200 75509 "-" "Mozilla/5.0 (compatible; SemrushBot/7~bl; +http://www.semrush.com/bot.html)"
94.23.203.107 - - [26/Sep/2022:05:28:23 +0200] "GET /hello-kitty-mattress-swimming-pool-p-14356.html HTTP/1.0" 200 72221 "-" "Mozilla/5.0 (compatible; MJ12bot/v1.4.8; http://mj12bot.com/)"
163.220.128.41 - - [26/Sep/2022:05:28:30 +0200] "GET /images/mini_prod/8433933436172.jpg HTTP/1.0" 200 269 "-" "Mozilla/5.0 (X11; Ubuntu; Linux x86_64; rv:72.0) Gecko/20100101 Firefox/72.0"
94.23.203.107 - - [26/Sep/2022:05:28:31 +0200] "GET /games-and-toys/water-and-outdoor-games/hover-ground-radio-control-helicopter-p-28017.html HTTP/1.0" 301 72127 "-" "Mozilla/5.0 (compatible; MJ12bot/v1.4.8; http://mj12bot.com/)"
94.23.203.107 - - [26/Sep/2022:05:28:37 +0200] "GET /-p-28017.html HTTP/1.0" 200 72060 "-" "Mozilla/5.0 (compatible; MJ12bot/v1.4.8; http://mj12bot.com/)"
94.23.203.107 - - [26/Sep/2022:05:28:43 +0200] "GET /games-and-toys/water-and-outdoor-games/jojo-spritzender-wal-p-21906.html HTTP/1.0" 301 72127 "-" "Mozilla/5.0 (compatible; MJ12bot/v1.4.8; http://mj12bot.com/)"
94.23.203.107 - - [26/Sep/2022:05:28:47 +0200] "GET /-p-21906.html HTTP/1.0" 200 72060 "-" "Mozilla/5.0 (compatible; MJ12bot/v1.4.8; http://mj12bot.com/)"
185.191.171.23 - - [26/Sep/2022:05:28:52 +0200] "GET /-p-49655.html HTTP/1.0" 200 72060 "-" "Mozilla/5.0 (compatible; SemrushBot/7~bl; +http://www.semrush.com/bot.html)"
94.23.203.107 - - [26/Sep/2022:05:28:56 +0200] "GET /games-and-toys/water-and-outdoor-games/little-prince-soft-ball-p-26547.html HTTP/1.0" 301 72127 "-" "Mozilla/5.0 (compatible; MJ12bot/v1.4.8; http://mj12bot.com/)"
94.23.203.107 - - [26/Sep/2022:05:29:00 +0200] "GET /-p-26547.html HTTP/1.0" 200 72060 "-" "Mozilla/5.0 (compatible; MJ12bot/v1.4.8; http://mj12bot.com/)"
54.36.148.34 - - [26/Sep/2022:05:29:01 +0200] "GET /corsica-shooter-p-48512.html HTTP/1.0" 200 74617 "-" "Mozilla/5.0 (compatible; AhrefsBot/7.0; +http://ahrefs.com/robot/)"
94.23.203.107 - - [26/Sep/2022:05:29:07 +0200] "GET /games-and-toys/water-and-outdoor-games/maxi-marbles-cheetah-p-27837.html HTTP/1.0" 301 74922 "-" "Mozilla/5.0 (compatible; MJ12bot/v1.4.8; http://mj12bot.com/)"
94.23.203.107 - - [26/Sep/2022:05:29:11 +0200] "GET /maxi-marbles-cheetah-p-27837.html HTTP/1.0" 200 74835 "-" "Mozilla/5.0 (compatible; MJ12bot/v1.4.8; http://mj12bot.com/)"
157.55.39.80 - - [26/Sep/2022:05:29:13 +0200] "GET /images/big_prod_1/480GJ12b.jpg HTTP/1.0" 200 265 "-" "Mozilla/5.0 (compatible; bingbot/2.0; +http://www.bing.com/bingbot.htm)"
185.225.73.129 - - [26/Sep/2022:05:29:14 +0200] "GET / HTTP/1.0" 301 511 "-" "python-requests/2.27.1"
94.23.203.107 - - [26/Sep/2022:05:29:18 +0200] "GET /games-and-toys/water-and-outdoor-games/maxi-marbles-p-27836.html HTTP/1.0" 301 72127 "-" "Mozilla/5.0 (compatible; MJ12bot/v1.4.8; http://mj12bot.com/)"
23.100.232.233 - - [26/Sep/2022:05:29:21 +0200] "GET /paw-patrol-suitcase-p-31203.html HTTP/1.0" 301 72127 "-" "Mozilla/5.0 (compatible; MSIE 9.0; Windows NT 6.0; Trident/5.0;  Trident/5.0)"
23.100.232.233 - - [26/Sep/2022:05:29:23 +0200] "GET /-p-31203.html HTTP/1.0" 200 72060 "-" "Mozilla/5.0 (compatible; MSIE 9.0; Windows NT 6.0; Trident/5.0;  Trident/5.0)"
94.23.203.107 - - [26/Sep/2022:05:29:22 +0200] "GET /-p-27836.html HTTP/1.0" 200 72060 "-" "Mozilla/5.0 (compatible; MJ12bot/v1.4.8; http://mj12bot.com/)"
23.100.232.233 - - [26/Sep/2022:05:29:25 +0200] "GET /templates/Pixame_v1/stylesheet.css HTTP/1.0" 200 267 "http://www.wonder-geek.com/-p-31203.html" "Mozilla/5.0 (compatible; MSIE 9.0; Windows NT 6.0; Trident/5.0;  Trident/5.0)"
23.100.232.233 - - [26/Sep/2022:05:29:26 +0200] "GET /highslide/highslide.js HTTP/1.0" 200 262 "http://www.wonder-geek.com/-p-31203.html" "Mozilla/5.0 (compatible; MSIE 9.0; Windows NT 6.0; Trident/5.0;  Trident/5.0)"
23.100.232.233 - - [26/Sep/2022:05:29:27 +0200] "GET /js/jquery.js HTTP/1.0" 200 252 "http://www.wonder-geek.com/-p-31203.html" "Mozilla/5.0 (compatible; MSIE 9.0; Windows NT 6.0; Trident/5.0;  Trident/5.0)"
23.100.232.233 - - [26/Sep/2022:05:29:27 +0200] "GET /js/jquery.jqzoom.js HTTP/1.0" 200 259 "http://www.wonder-geek.com/-p-31203.html" "Mozilla/5.0 (compatible; MSIE 9.0; Windows NT 6.0; Trident/5.0;  Trident/5.0)"
23.100.232.233 - - [26/Sep/2022:05:29:27 +0200] "GET /mondial_relay/js/jquery-1.3.2.min.js HTTP/1.0" 200 276 "http://www.wonder-geek.com/-p-31203.html" "Mozilla/5.0 (compatible; MSIE 9.0; Windows NT 6.0; Trident/5.0;  Trident/5.0)"
23.100.232.233 - - [26/Sep/2022:05:29:28 +0200] "GET /style.ie7.css HTTP/1.0" 404 1308 "http://www.wonder-geek.com/-p-31203.html" "Mozilla/5.0 (compatible; MSIE 9.0; Windows NT 6.0; Trident/5.0;  Trident/5.0)"
23.100.232.233 - - [26/Sep/2022:05:29:28 +0200] "GET /swfobject.js HTTP/1.0" 404 1308 "http://www.wonder-geek.com/-p-31203.html" "Mozilla/5.0 (compatible; MSIE 9.0; Windows NT 6.0; Trident/5.0;  Trident/5.0)"
185.225.73.129 - - [26/Sep/2022:05:29:25 +0200] "GET / HTTP/1.0" 200 151595 "-" "python-requests/2.27.1"
23.100.232.233 - - [26/Sep/2022:05:29:30 +0200] "GET /templates/Pixame_v1/images/flash.swf HTTP/1.0" 200 290 "http://www.wonder-geek.com/-p-31203.html" "Mozilla/5.0 (compatible; MSIE 9.0; Windows NT 6.0; Trident/5.0;  Trident/5.0)"
23.100.232.233 - - [26/Sep/2022:05:29:31 +0200] "GET /highslide/graphics/zoomout.cur HTTP/1.0" 200 614 "http://www.wonder-geek.com/-p-31203.html" "Mozilla/5.0 (compatible; MSIE 9.0; Windows NT 6.0; Trident/5.0;  Trident/5.0)"
94.23.203.107 - - [26/Sep/2022:05:29:31 +0200] "GET /games-and-toys/water-and-outdoor-games/metal-trolley-janod-p-19486.html HTTP/1.0" 301 72127 "-" "Mozilla/5.0 (compatible; MJ12bot/v1.4.8; http://mj12bot.com/)"
185.225.73.129 - - [26/Sep/2022:05:29:34 +0200] "GET /.env HTTP/1.0" 301 519 "-" "python-requests/2.27.1"
94.23.203.107 - - [26/Sep/2022:05:29:35 +0200] "GET /-p-19486.html HTTP/1.0" 200 72060 "-" "Mozilla/5.0 (compatible; MJ12bot/v1.4.8; http://mj12bot.com/)"
185.225.73.129 - - [26/Sep/2022:05:29:40 +0200] "GET /.env HTTP/1.0" 404 1308 "-" "python-requests/2.27.1"
94.23.203.107 - - [26/Sep/2022:05:29:42 +0200] "GET /games-and-toys/water-and-outdoor-games/minnie-mouse-small-boat-child-p-25220.html HTTP/1.0" 301 72127 "-" "Mozilla/5.0 (compatible; MJ12bot/v1.4.8; http://mj12bot.com/)"
94.23.203.107 - - [26/Sep/2022:05:29:47 +0200] "GET /-p-25220.html HTTP/1.0" 200 72060 "-" "Mozilla/5.0 (compatible; MJ12bot/v1.4.8; http://mj12bot.com/)"
185.191.171.25 - - [26/Sep/2022:05:29:53 +0200] "GET /sonny-angel-figure-series-caribbean-p-49377.html HTTP/1.0" 200 75004 "-" "Mozilla/5.0 (compatible; SemrushBot/7~bl; +http://www.semrush.com/bot.html)"
94.23.203.107 - - [26/Sep/2022:05:29:55 +0200] "GET /games-and-toys/water-and-outdoor-games/minnie-mouse-swimming-armband-p-19979.html HTTP/1.0" 301 72293 "-" "Mozilla/5.0 (compatible; MJ12bot/v1.4.8; http://mj12bot.com/)"
94.23.203.107 - - [26/Sep/2022:05:29:59 +0200] "GET /minnie-mouse-swimming-armband-p-19979.html HTTP/1.0" 200 72197 "-" "Mozilla/5.0 (compatible; MJ12bot/v1.4.8; http://mj12bot.com/)"
66.249.65.168 - - [26/Sep/2022:05:30:03 +0200] "GET /images/big_prod_1/8717202557608b.jpg HTTP/1.0" 200 271 "-" "Googlebot-Image/1.0"
54.224.233.49 - - [26/Sep/2022:05:30:05 +0200] "GET /images/mini_prod/3661443612495.jpg HTTP/1.0" 200 269 "-" "Mozilla/5.0 (X11; Ubuntu; Linux x86_64; rv:72.0) Gecko/20100101 Firefox/72.0"
185.191.171.38 - - [26/Sep/2022:05:30:04 +0200] "GET /lotus-candleholder-light-color-pearl-p-41661.html HTTP/1.0" 200 76229 "-" "Mozilla/5.0 (compatible; SemrushBot/7~bl; +http://www.semrush.com/bot.html)"
94.23.203.107 - - [26/Sep/2022:05:30:05 +0200] "GET /games-and-toys/water-and-outdoor-games/nemo-mattress-swimming-pool-p-13998.html HTTP/1.0" 301 72127 "-" "Mozilla/5.0 (compatible; MJ12bot/v1.4.8; http://mj12bot.com/)"
185.191.171.18 - - [26/Sep/2022:05:30:07 +0200] "GET /casino-clock-cbkreation-p-28519.html HTTP/1.0" 200 74689 "-" "Mozilla/5.0 (compatible; SemrushBot/7~bl; +http://www.semrush.com/bot.html)"
94.23.203.107 - - [26/Sep/2022:05:30:09 +0200] "GET /-p-13998.html HTTP/1.0" 200 72060 "-" "Mozilla/5.0 (compatible; MJ12bot/v1.4.8; http://mj12bot.com/)"
94.23.203.107 - - [26/Sep/2022:05:30:18 +0200] "GET /games-and-toys/water-and-outdoor-games/nemo-swim-vest-p-25219.html HTTP/1.0" 301 72187 "-" "Mozilla/5.0 (compatible; MJ12bot/v1.4.8; http://mj12bot.com/)"
94.23.203.107 - - [26/Sep/2022:05:30:23 +0200] "GET /swim-vest-p-25219.html HTTP/1.0" 200 72111 "-" "Mozilla/5.0 (compatible; MJ12bot/v1.4.8; http://mj12bot.com/)"
94.23.203.107 - - [26/Sep/2022:05:30:27 +0200] "GET /games-and-toys/water-and-outdoor-games/nemo-swimming-ring-p-13993.html HTTP/1.0" 301 72127 "-" "Mozilla/5.0 (compatible; MJ12bot/v1.4.8; http://mj12bot.com/)"
185.191.171.9 - - [26/Sep/2022:05:30:27 +0200] "GET /fatma-hand-coasters-p-53025.html HTTP/1.0" 200 72144 "-" "Mozilla/5.0 (compatible; SemrushBot/7~bl; +http://www.semrush.com/bot.html)"
94.23.203.107 - - [26/Sep/2022:05:30:30 +0200] "GET /-p-13993.html HTTP/1.0" 200 72060 "-" "Mozilla/5.0 (compatible; MJ12bot/v1.4.8; http://mj12bot.com/)"
94.23.203.107 - - [26/Sep/2022:05:30:35 +0200] "GET /games-and-toys/water-and-outdoor-games/nerf-darts-refill-elite-p-20346.html HTTP/1.0" 301 74685 "-" "Mozilla/5.0 (compatible; MJ12bot/v1.4.8; http://mj12bot.com/)"
185.191.171.35 - - [26/Sep/2022:05:30:36 +0200] "GET /clock-indian-spirit-brave-p-42950.html HTTP/1.0" 200 74769 "-" "Mozilla/5.0 (compatible; SemrushBot/7~bl; +http://www.semrush.com/bot.html)"
94.23.203.107 - - [26/Sep/2022:05:30:38 +0200] "GET /nerf-darts-refill-elite-p-20346.html HTTP/1.0" 200 74595 "-" "Mozilla/5.0 (compatible; MJ12bot/v1.4.8; http://mj12bot.com/)"
54.36.148.207 - - [26/Sep/2022:05:30:42 +0200] "GET /potholder-glove-p-51739.html HTTP/1.0" 200 74773 "-" "Mozilla/5.0 (compatible; AhrefsBot/7.0; +http://ahrefs.com/robot/)"
94.23.203.107 - - [26/Sep/2022:05:30:43 +0200] "GET /games-and-toys/water-and-outdoor-games/nerf-elite-retaliator-p-24870.html HTTP/1.0" 301 72127 "-" "Mozilla/5.0 (compatible; MJ12bot/v1.4.8; http://mj12bot.com/)"
94.23.203.107 - - [26/Sep/2022:05:30:47 +0200] "GET /-p-24870.html HTTP/1.0" 200 72060 "-" "Mozilla/5.0 (compatible; MJ12bot/v1.4.8; http://mj12bot.com/)"
94.23.203.107 - - [26/Sep/2022:05:30:50 +0200] "GET /games-and-toys/water-and-outdoor-games/nerf-nstrike-elite-firestrike-p-20343.html HTTP/1.0" 301 72127 "-" "Mozilla/5.0 (compatible; MJ12bot/v1.4.8; http://mj12bot.com/)"
94.23.203.107 - - [26/Sep/2022:05:30:53 +0200] "GET /-p-20343.html HTTP/1.0" 200 72060 "-" "Mozilla/5.0 (compatible; MJ12bot/v1.4.8; http://mj12bot.com/)"
94.23.203.107 - - [26/Sep/2022:05:30:56 +0200] "GET /games-and-toys/water-and-outdoor-games/nerf-nstrike-elite-stryfe-p-20340.html HTTP/1.0" 301 72127 "-" "Mozilla/5.0 (compatible; MJ12bot/v1.4.8; http://mj12bot.com/)"
185.191.171.19 - - [26/Sep/2022:05:30:58 +0200] "GET /-p-49633.html HTTP/1.0" 200 72060 "-" "Mozilla/5.0 (compatible; SemrushBot/7~bl; +http://www.semrush.com/bot.html)"
94.23.203.107 - - [26/Sep/2022:05:30:59 +0200] "GET /-p-20340.html HTTP/1.0" 200 72060 "-" "Mozilla/5.0 (compatible; MJ12bot/v1.4.8; http://mj12bot.com/)"
185.191.171.11 - - [26/Sep/2022:05:31:01 +0200] "GET /mini-rectangular-tray-autumn-hedgehog-p-57255.html HTTP/1.0" 200 75548 "-" "Mozilla/5.0 (compatible; SemrushBot/7~bl; +http://www.semrush.com/bot.html)"
94.23.203.107 - - [26/Sep/2022:05:31:03 +0200] "GET /games-and-toys/water-and-outdoor-games/nerf-nstrike-elite-triad-ex3-p-20344.html HTTP/1.0" 301 72127 "-" "Mozilla/5.0 (compatible; MJ12bot/v1.4.8; http://mj12bot.com/)"
94.23.203.107 - - [26/Sep/2022:05:31:06 +0200] "GET /-p-20344.html HTTP/1.0" 200 72060 "-" "Mozilla/5.0 (compatible; MJ12bot/v1.4.8; http://mj12bot.com/)"
94.23.203.107 - - [26/Sep/2022:05:31:09 +0200] "GET /games-and-toys/water-and-outdoor-games/nerf-super-soaker-flash-last-p-25287.html HTTP/1.0" 301 72127 "-" "Mozilla/5.0 (compatible; MJ12bot/v1.4.8; http://mj12bot.com/)"
94.23.203.107 - - [26/Sep/2022:05:31:12 +0200] "GET /-p-25287.html HTTP/1.0" 200 72060 "-" "Mozilla/5.0 (compatible; MJ12bot/v1.4.8; http://mj12bot.com/)"
94.23.203.107 - - [26/Sep/2022:05:31:16 +0200] "GET /games-and-toys/water-and-outdoor-games/nerf-vortex-refill-disc-p-20345.html HTTP/1.0" 301 72127 "-" "Mozilla/5.0 (compatible; MJ12bot/v1.4.8; http://mj12bot.com/)"
94.23.203.107 - - [26/Sep/2022:05:31:19 +0200] "GET /-p-20345.html HTTP/1.0" 200 72060 "-" "Mozilla/5.0 (compatible; MJ12bot/v1.4.8; http://mj12bot.com/)"
94.23.203.107 - - [26/Sep/2022:05:31:22 +0200] "GET /games-and-toys/water-and-outdoor-games/nerf-zombie-pack-darts-p-24869.html HTTP/1.0" 301 72127 "-" "Mozilla/5.0 (compatible; MJ12bot/v1.4.8; http://mj12bot.com/)"
94.23.203.107 - - [26/Sep/2022:05:31:25 +0200] "GET /-p-24869.html HTTP/1.0" 200 72060 "-" "Mozilla/5.0 (compatible; MJ12bot/v1.4.8; http://mj12bot.com/)"
173.252.83.24 - - [26/Sep/2022:05:31:28 +0200] "GET /images/mini_prod/1384010182741.jpg HTTP/1.0" 200 269 "-" "facebookexternalhit/1.1 (+http://www.facebook.com/externalhit_uatext.php)"
94.23.203.107 - - [26/Sep/2022:05:31:28 +0200] "GET /games-and-toys/water-and-outdoor-games/noddy-soft-ball-p-26546.html HTTP/1.0" 301 72127 "-" "Mozilla/5.0 (compatible; MJ12bot/v1.4.8; http://mj12bot.com/)"
94.23.203.107 - - [26/Sep/2022:05:31:31 +0200] "GET /-p-26546.html HTTP/1.0" 200 72060 "-" "Mozilla/5.0 (compatible; MJ12bot/v1.4.8; http://mj12bot.com/)"
94.23.203.107 - - [26/Sep/2022:05:31:34 +0200] "GET /games-and-toys/water-and-outdoor-games/planes-armbands-child-p-24431.html HTTP/1.0" 301 72127 "-" "Mozilla/5.0 (compatible; MJ12bot/v1.4.8; http://mj12bot.com/)"
94.23.203.107 - - [26/Sep/2022:05:31:37 +0200] "GET /-p-24431.html HTTP/1.0" 200 72060 "-" "Mozilla/5.0 (compatible; MJ12bot/v1.4.8; http://mj12bot.com/)"
94.23.203.107 - - [26/Sep/2022:05:31:40 +0200] "GET /games-and-toys/water-and-outdoor-games/planes-small-boat-child-p-24434.html HTTP/1.0" 301 72127 "-" "Mozilla/5.0 (compatible; MJ12bot/v1.4.8; http://mj12bot.com/)"
94.23.203.107 - - [26/Sep/2022:05:31:44 +0200] "GET /-p-24434.html HTTP/1.0" 200 72060 "-" "Mozilla/5.0 (compatible; MJ12bot/v1.4.8; http://mj12bot.com/)"
185.191.171.37 - - [26/Sep/2022:05:31:46 +0200] "GET /flower-bowl-model-p-49589.html HTTP/1.0" 301 72127 "-" "Mozilla/5.0 (compatible; SemrushBot/7~bl; +http://www.semrush.com/bot.html)"
94.23.203.107 - - [26/Sep/2022:05:31:48 +0200] "GET /games-and-toys/water-and-outdoor-games/planes-small-inflatable-pool-p-24442.html HTTP/1.0" 301 72127 "-" "Mozilla/5.0 (compatible; MJ12bot/v1.4.8; http://mj12bot.com/)"
185.191.171.3 - - [26/Sep/2022:05:31:49 +0200] "GET /-p-49589.html HTTP/1.0" 200 72060 "-" "Mozilla/5.0 (compatible; SemrushBot/7~bl; +http://www.semrush.com/bot.html)"
94.23.203.107 - - [26/Sep/2022:05:31:51 +0200] "GET /-p-24442.html HTTP/1.0" 200 72060 "-" "Mozilla/5.0 (compatible; MJ12bot/v1.4.8; http://mj12bot.com/)"
94.23.203.107 - - [26/Sep/2022:05:31:55 +0200] "GET /games-and-toys/water-and-outdoor-games/planes-swimming-ring-p-24425.html HTTP/1.0" 301 72127 "-" "Mozilla/5.0 (compatible; MJ12bot/v1.4.8; http://mj12bot.com/)"
94.23.203.107 - - [26/Sep/2022:05:31:59 +0200] "GET /-p-24425.html HTTP/1.0" 200 72060 "-" "Mozilla/5.0 (compatible; MJ12bot/v1.4.8; http://mj12bot.com/)"
94.23.203.107 - - [26/Sep/2022:05:32:03 +0200] "GET /games-and-toys/water-and-outdoor-games/playmobil-orange-plane-p-24429.html HTTP/1.0" 301 72127 "-" "Mozilla/5.0 (compatible; MJ12bot/v1.4.8; http://mj12bot.com/)"
94.23.203.107 - - [26/Sep/2022:05:32:06 +0200] "GET /-p-24429.html HTTP/1.0" 200 72060 "-" "Mozilla/5.0 (compatible; MJ12bot/v1.4.8; http://mj12bot.com/)"
185.191.171.26 - - [26/Sep/2022:05:32:07 +0200] "GET /paperweight-c-129_188.html?page=4 HTTP/1.0" 200 93589 "-" "Mozilla/5.0 (compatible; SemrushBot/7~bl; +http://www.semrush.com/bot.html)"
94.23.203.107 - - [26/Sep/2022:05:32:10 +0200] "GET /games-and-toys/water-and-outdoor-games/pokemon-inflatable-boat-p-5378.html HTTP/1.0" 301 72124 "-" "Mozilla/5.0 (compatible; MJ12bot/v1.4.8; http://mj12bot.com/)"
94.23.203.107 - - [26/Sep/2022:05:32:14 +0200] "GET /-p-5378.html HTTP/1.0" 200 72058 "-" "Mozilla/5.0 (compatible; MJ12bot/v1.4.8; http://mj12bot.com/)"
94.23.203.107 - - [26/Sep/2022:05:32:17 +0200] "GET /games-and-toys/water-and-outdoor-games/pokemon-mattress-swimming-pool-p-19983.html HTTP/1.0" 301 72298 "-" "Mozilla/5.0 (compatible; MJ12bot/v1.4.8; http://mj12bot.com/)"
94.23.203.107 - - [26/Sep/2022:05:32:20 +0200] "GET /pokemon-mattress-swimming-pool-p-19983.html HTTP/1.0" 200 72201 "-" "Mozilla/5.0 (compatible; MJ12bot/v1.4.8; http://mj12bot.com/)"
94.23.203.107 - - [26/Sep/2022:05:32:24 +0200] "GET /games-and-toys/water-and-outdoor-games/pokemon-swim-vest-p-19975.html HTTP/1.0" 301 72127 "-" "Mozilla/5.0 (compatible; MJ12bot/v1.4.8; http://mj12bot.com/)"
66.249.65.168 - - [26/Sep/2022:05:32:25 +0200] "GET /shiva-cbkreation-p-37854.html HTTP/1.0" 200 74702 "-" "Mozilla/5.0 (Linux; Android 6.0.1; Nexus 5X Build/MMB29P) AppleWebKit/537.36 (KHTML, like Gecko) Chrome/105.0.5195.125 Mobile Safari/537.36 (compatible; Googlebot/2.1; +http://www.google.com/bot.html)"
94.23.203.107 - - [26/Sep/2022:05:32:26 +0200] "GET /-p-19975.html HTTP/1.0" 200 72060 "-" "Mozilla/5.0 (compatible; MJ12bot/v1.4.8; http://mj12bot.com/)"
94.23.203.107 - - [26/Sep/2022:05:32:30 +0200] "GET /games-and-toys/water-and-outdoor-games/quad-blaster-guardians-the-galaxy-p-27710.html HTTP/1.0" 301 72127 "-" "Mozilla/5.0 (compatible; MJ12bot/v1.4.8; http://mj12bot.com/)"
54.36.148.32 - - [26/Sep/2022:05:32:33 +0200] "GET /baskets-c-13_289.html?page=2 HTTP/1.0" 200 92642 "-" "Mozilla/5.0 (compatible; AhrefsBot/7.0; +http://ahrefs.com/robot/)"
94.23.203.107 - - [26/Sep/2022:05:32:34 +0200] "GET /-p-27710.html HTTP/1.0" 200 72060 "-" "Mozilla/5.0 (compatible; MJ12bot/v1.4.8; http://mj12bot.com/)"
163.220.128.41 - - [26/Sep/2022:05:32:38 +0200] "GET /images/mini_prod/3700791200166.jpg HTTP/1.0" 200 269 "-" "Mozilla/5.0 (X11; Ubuntu; Linux x86_64; rv:72.0) Gecko/20100101 Firefox/72.0"
207.46.13.149 - - [26/Sep/2022:05:32:38 +0200] "GET /highslide/graphics/zoomin.cur HTTP/1.0" 200 614 "-" "Mozilla/5.0 (compatible; bingbot/2.0; +http://www.bing.com/bingbot.htm)"
94.23.203.107 - - [26/Sep/2022:05:32:38 +0200] "GET /games-and-toys/water-and-outdoor-games/radio-control-helicopter-sky-dragon-p-17878.html HTTP/1.0" 301 72127 "-" "Mozilla/5.0 (compatible; MJ12bot/v1.4.8; http://mj12bot.com/)"
94.23.203.107 - - [26/Sep/2022:05:32:41 +0200] "GET /-p-17878.html HTTP/1.0" 200 72060 "-" "Mozilla/5.0 (compatible; MJ12bot/v1.4.8; http://mj12bot.com/)"
94.23.203.107 - - [26/Sep/2022:05:32:44 +0200] "GET /games-and-toys/water-and-outdoor-games/radio-control-helicopter-sky-magic-p-28016.html HTTP/1.0" 301 72127 "-" "Mozilla/5.0 (compatible; MJ12bot/v1.4.8; http://mj12bot.com/)"
94.23.203.107 - - [26/Sep/2022:05:32:48 +0200] "GET /-p-28016.html HTTP/1.0" 200 72060 "-" "Mozilla/5.0 (compatible; MJ12bot/v1.4.8; http://mj12bot.com/)"
94.23.203.107 - - [26/Sep/2022:05:32:51 +0200] "GET /games-and-toys/water-and-outdoor-games/robocar-poli-wheels-plastic-scooter-p-21875.html HTTP/1.0" 301 72127 "-" "Mozilla/5.0 (compatible; MJ12bot/v1.4.8; http://mj12bot.com/)"
94.23.203.107 - - [26/Sep/2022:05:32:54 +0200] "GET /-p-21875.html HTTP/1.0" 200 72060 "-" "Mozilla/5.0 (compatible; MJ12bot/v1.4.8; http://mj12bot.com/)"
94.23.203.107 - - [26/Sep/2022:05:32:57 +0200] "GET /games-and-toys/water-and-outdoor-games/rocket-power-blaster-guardians-the-galaxy-p-27708.html HTTP/1.0" 301 72127 "-" "Mozilla/5.0 (compatible; MJ12bot/v1.4.8; http://mj12bot.com/)"
94.23.203.107 - - [26/Sep/2022:05:33:00 +0200] "GET /-p-27708.html HTTP/1.0" 200 72060 "-" "Mozilla/5.0 (compatible; MJ12bot/v1.4.8; http://mj12bot.com/)"
94.23.203.107 - - [26/Sep/2022:05:33:04 +0200] "GET /games-and-toys/water-and-outdoor-games/sky-challenger-air-surfer-p-19892.html HTTP/1.0" 301 72127 "-" "Mozilla/5.0 (compatible; MJ12bot/v1.4.8; http://mj12bot.com/)"
94.23.203.107 - - [26/Sep/2022:05:33:07 +0200] "GET /-p-19892.html HTTP/1.0" 200 72060 "-" "Mozilla/5.0 (compatible; MJ12bot/v1.4.8; http://mj12bot.com/)"
94.23.203.107 - - [26/Sep/2022:05:33:11 +0200] "GET /games-and-toys/water-and-outdoor-games/spiderman-mattress-swimming-pool-p-14357.html HTTP/1.0" 301 75228 "-" "Mozilla/5.0 (compatible; MJ12bot/v1.4.8; http://mj12bot.com/)"
94.23.203.107 - - [26/Sep/2022:05:33:13 +0200] "GET /spiderman-mattress-swimming-pool-p-14357.html HTTP/1.0" 200 75129 "-" "Mozilla/5.0 (compatible; MJ12bot/v1.4.8; http://mj12bot.com/)"
94.23.203.107 - - [26/Sep/2022:05:33:17 +0200] "GET /games-and-toys/water-and-outdoor-games/spiderman-paddling-pool-p-14362.html HTTP/1.0" 301 72127 "-" "Mozilla/5.0 (compatible; MJ12bot/v1.4.8; http://mj12bot.com/)"
94.23.203.107 - - [26/Sep/2022:05:33:20 +0200] "GET /-p-14362.html HTTP/1.0" 200 72060 "-" "Mozilla/5.0 (compatible; MJ12bot/v1.4.8; http://mj12bot.com/)"
94.23.203.107 - - [26/Sep/2022:05:33:23 +0200] "GET /games-and-toys/water-and-outdoor-games/spiderman-swimming-ring-p-14352.html HTTP/1.0" 301 72127 "-" "Mozilla/5.0 (compatible; MJ12bot/v1.4.8; http://mj12bot.com/)"
94.23.203.107 - - [26/Sep/2022:05:33:26 +0200] "GET /-p-14352.html HTTP/1.0" 200 72060 "-" "Mozilla/5.0 (compatible; MJ12bot/v1.4.8; http://mj12bot.com/)"
94.23.203.107 - - [26/Sep/2022:05:33:29 +0200] "GET /games-and-toys/water-and-outdoor-games/sports-and-action-playmobil-white-plane-p-27824.html HTTP/1.0" 301 72127 "-" "Mozilla/5.0 (compatible; MJ12bot/v1.4.8; http://mj12bot.com/)"
185.191.171.21 - - [26/Sep/2022:05:33:31 +0200] "GET /-p-5133.html HTTP/1.0" 200 72058 "-" "Mozilla/5.0 (compatible; SemrushBot/7~bl; +http://www.semrush.com/bot.html)"
94.23.203.107 - - [26/Sep/2022:05:33:32 +0200] "GET /-p-27824.html HTTP/1.0" 200 72060 "-" "Mozilla/5.0 (compatible; MJ12bot/v1.4.8; http://mj12bot.com/)"
94.23.203.107 - - [26/Sep/2022:05:33:37 +0200] "GET /games-and-toys/water-and-outdoor-games/strawberry-shortcake-set-beach-p-24450.html HTTP/1.0" 301 72127 "-" "Mozilla/5.0 (compatible; MJ12bot/v1.4.8; http://mj12bot.com/)"
94.23.203.107 - - [26/Sep/2022:05:33:39 +0200] "GET /-p-24450.html HTTP/1.0" 200 72060 "-" "Mozilla/5.0 (compatible; MJ12bot/v1.4.8; http://mj12bot.com/)"
94.23.203.107 - - [26/Sep/2022:05:33:42 +0200] "GET /games-and-toys/water-and-outdoor-games/strawberry-shortcake-swim-vest-p-14351.html HTTP/1.0" 301 72127 "-" "Mozilla/5.0 (compatible; MJ12bot/v1.4.8; http://mj12bot.com/)"
94.23.203.107 - - [26/Sep/2022:05:33:45 +0200] "GET /-p-14351.html HTTP/1.0" 200 72060 "-" "Mozilla/5.0 (compatible; MJ12bot/v1.4.8; http://mj12bot.com/)"
94.23.203.107 - - [26/Sep/2022:05:33:48 +0200] "GET /games-and-toys/water-and-outdoor-games/swimming-ring-p-5986.html HTTP/1.0" 301 72124 "-" "Mozilla/5.0 (compatible; MJ12bot/v1.4.8; http://mj12bot.com/)"
94.23.203.107 - - [26/Sep/2022:05:33:52 +0200] "GET /-p-5986.html HTTP/1.0" 200 72058 "-" "Mozilla/5.0 (compatible; MJ12bot/v1.4.8; http://mj12bot.com/)"
94.23.203.107 - - [26/Sep/2022:05:33:55 +0200] "GET /games-and-toys/water-and-outdoor-games/teepee-tent39s-playground-p-27627.html HTTP/1.0" 301 72127 "-" "Mozilla/5.0 (compatible; MJ12bot/v1.4.8; http://mj12bot.com/)"
94.23.203.107 - - [26/Sep/2022:05:33:58 +0200] "GET /-p-27627.html HTTP/1.0" 200 72060 "-" "Mozilla/5.0 (compatible; MJ12bot/v1.4.8; http://mj12bot.com/)"
185.191.171.16 - - [26/Sep/2022:05:34:00 +0200] "GET /drink-metal-plate-deco-p-34329.html HTTP/1.0" 200 74828 "-" "Mozilla/5.0 (compatible; SemrushBot/7~bl; +http://www.semrush.com/bot.html)"
94.23.203.107 - - [26/Sep/2022:05:34:01 +0200] "GET /games-and-toys/water-and-outdoor-games/the-smurfs-bath-toys-p-7290.html HTTP/1.0" 301 72124 "-" "Mozilla/5.0 (compatible; MJ12bot/v1.4.8; http://mj12bot.com/)"
94.23.203.107 - - [26/Sep/2022:05:34:05 +0200] "GET /-p-7290.html HTTP/1.0" 200 72058 "-" "Mozilla/5.0 (compatible; MJ12bot/v1.4.8; http://mj12bot.com/)"
94.23.203.107 - - [26/Sep/2022:05:34:09 +0200] "GET /games-and-toys/water-and-outdoor-games/the-smurfs-bath-toys-p-7291.html HTTP/1.0" 301 72124 "-" "Mozilla/5.0 (compatible; MJ12bot/v1.4.8; http://mj12bot.com/)"
94.23.203.107 - - [26/Sep/2022:05:34:12 +0200] "GET /-p-7291.html HTTP/1.0" 200 72058 "-" "Mozilla/5.0 (compatible; MJ12bot/v1.4.8; http://mj12bot.com/)"
54.36.149.31 - - [26/Sep/2022:05:34:14 +0200] "GET /cuisine-adult-apron-p-55963.html HTTP/1.0" 200 75394 "-" "Mozilla/5.0 (compatible; AhrefsBot/7.0; +http://ahrefs.com/robot/)"
94.23.203.107 - - [26/Sep/2022:05:34:16 +0200] "GET /games-and-toys/water-and-outdoor-games/vilac-child-blue-car-p-27773.html HTTP/1.0" 301 72127 "-" "Mozilla/5.0 (compatible; MJ12bot/v1.4.8; http://mj12bot.com/)"
54.36.149.2 - - [26/Sep/2022:05:34:19 +0200] "GET /images/big_prod/3453131159005.jpg HTTP/1.0" 200 268 "-" "Mozilla/5.0 (compatible; AhrefsBot/7.0; +http://ahrefs.com/robot/)"
54.36.149.77 - - [26/Sep/2022:05:34:20 +0200] "GET /images/big_prod_1/3453131159005a.jpg HTTP/1.0" 200 271 "-" "Mozilla/5.0 (compatible; AhrefsBot/7.0; +http://ahrefs.com/robot/)"
94.23.203.107 - - [26/Sep/2022:05:34:20 +0200] "GET /-p-27773.html HTTP/1.0" 200 72060 "-" "Mozilla/5.0 (compatible; MJ12bot/v1.4.8; http://mj12bot.com/)"
94.23.203.107 - - [26/Sep/2022:05:34:23 +0200] "GET /games-and-toys/water-and-outdoor-games/white-marbles-p-27831.html HTTP/1.0" 301 72127 "-" "Mozilla/5.0 (compatible; MJ12bot/v1.4.8; http://mj12bot.com/)"
185.191.171.15 - - [26/Sep/2022:05:34:24 +0200] "GET /winnie-pooh-pirate-figure-p-4716.html HTTP/1.0" 200 74846 "-" "Mozilla/5.0 (compatible; SemrushBot/7~bl; +http://www.semrush.com/bot.html)"
94.23.203.107 - - [26/Sep/2022:05:34:25 +0200] "GET /-p-27831.html HTTP/1.0" 200 72060 "-" "Mozilla/5.0 (compatible; MJ12bot/v1.4.8; http://mj12bot.com/)"
185.191.171.4 - - [26/Sep/2022:05:34:28 +0200] "GET /tetsubin-teapots-japanese-p-54072.html HTTP/1.0" 200 75009 "-" "Mozilla/5.0 (compatible; SemrushBot/7~bl; +http://www.semrush.com/bot.html)"
94.23.203.107 - - [26/Sep/2022:05:34:30 +0200] "GET /games-and-toys/water-and-outdoor-games/winnie-the-pooh-and-tigger-swimming-armband-p-20364.html HTTP/1.0" 301 72127 "-" "Mozilla/5.0 (compatible; MJ12bot/v1.4.8; http://mj12bot.com/)"
94.23.203.107 - - [26/Sep/2022:05:34:33 +0200] "GET /-p-20364.html HTTP/1.0" 200 72060 "-" "Mozilla/5.0 (compatible; MJ12bot/v1.4.8; http://mj12bot.com/)"
94.23.203.107 - - [26/Sep/2022:05:34:37 +0200] "GET /games-toys-c-4.html?page=41 HTTP/1.0" 200 92735 "-" "Mozilla/5.0 (compatible; MJ12bot/v1.4.8; http://mj12bot.com/)"
51.68.224.127 - - [26/Sep/2022:05:34:39 +0200] "GET /adminweb/export_orders_xml.php?token=256de2z6edz6ed2z6DFSFsed2zed6zeDSFDSGdzedezfzf&maxorders=10&orderstart=1&status=14&start_date=2018-10-01 HTTP/1.0" 200 285 "-" "GesCom CharlotteBoutik Serveur"
51.68.224.127 - - [26/Sep/2022:05:34:39 +0200] "GET /adminweb/export_orders_xml.php?token=256de2z6edz6ed2z6DFSFsed2zed6zeDSFDSGdzedezfzf&maxorders=10&orderstart=1&status=6&start_date=2018-10-01 HTTP/1.0" 200 33985 "-" "GesCom CharlotteBoutik Serveur"
94.23.203.107 - - [26/Sep/2022:05:34:41 +0200] "GET /games-toys-c-4.html?page=42 HTTP/1.0" 200 92735 "-" "Mozilla/5.0 (compatible; MJ12bot/v1.4.8; http://mj12bot.com/)"
94.23.203.107 - - [26/Sep/2022:05:34:45 +0200] "GET /games-toys-c-4.html?page=43 HTTP/1.0" 200 92735 "-" "Mozilla/5.0 (compatible; MJ12bot/v1.4.8; http://mj12bot.com/)"
89.22.232.186 - - [26/Sep/2022:05:34:49 +0200] "GET /contact_us.php HTTP/1.0" 301 539 "http://wonder-geek.com/contact_us.php" "Mozilla/5.0 (Windows NT 10.0; WOW64) AppleWebKit/537.36 (KHTML, like Gecko) Chrome/90.0.4400.8 Safari/537.36"
94.23.203.107 - - [26/Sep/2022:05:34:48 +0200] "GET /games-toys-c-4.html?page=44 HTTP/1.0" 200 92735 "-" "Mozilla/5.0 (compatible; MJ12bot/v1.4.8; http://mj12bot.com/)"
89.22.232.186 - - [26/Sep/2022:05:34:50 +0200] "GET /contact_us.php HTTP/1.0" 200 26241 "http://www.wonder-geek.com/contact_us.php" "Mozilla/5.0 (Windows NT 10.0; WOW64) AppleWebKit/537.36 (KHTML, like Gecko) Chrome/90.0.4400.8 Safari/537.36"
94.23.203.107 - - [26/Sep/2022:05:34:52 +0200] "GET /games-toys-c-4.html?page=45 HTTP/1.0" 200 92735 "-" "Mozilla/5.0 (compatible; MJ12bot/v1.4.8; http://mj12bot.com/)"
94.23.203.107 - - [26/Sep/2022:05:34:56 +0200] "GET /games-toys-c-4.html?page=46 HTTP/1.0" 200 92735 "-" "Mozilla/5.0 (compatible; MJ12bot/v1.4.8; http://mj12bot.com/)"
94.23.203.107 - - [26/Sep/2022:05:35:00 +0200] "GET /games-toys-c-4.html?page=47 HTTP/1.0" 200 92735 "-" "Mozilla/5.0 (compatible; MJ12bot/v1.4.8; http://mj12bot.com/)"
94.23.203.107 - - [26/Sep/2022:05:35:04 +0200] "GET /games-toys-c-4.html?page=48 HTTP/1.0" 200 92735 "-" "Mozilla/5.0 (compatible; MJ12bot/v1.4.8; http://mj12bot.com/)"
94.23.203.107 - - [26/Sep/2022:05:35:08 +0200] "GET /games-toys-c-4.html?page=49 HTTP/1.0" 200 92735 "-" "Mozilla/5.0 (compatible; MJ12bot/v1.4.8; http://mj12bot.com/)"
94.23.203.107 - - [26/Sep/2022:05:35:12 +0200] "GET /games-toys-c-4.html?page=50 HTTP/1.0" 200 92735 "-" "Mozilla/5.0 (compatible; MJ12bot/v1.4.8; http://mj12bot.com/)"
87.250.224.94 - - [26/Sep/2022:05:35:13 +0200] "GET /disney-princess-travel-games-p-22746.html HTTP/1.0" 301 72127 "-" "Mozilla/5.0 (compatible; YandexBot/3.0; +http://yandex.com/bots)"
87.250.224.94 - - [26/Sep/2022:05:35:15 +0200] "GET /-p-22746.html HTTP/1.0" 200 72060 "-" "Mozilla/5.0 (compatible; YandexBot/3.0; +http://yandex.com/bots)"
94.23.203.107 - - [26/Sep/2022:05:35:16 +0200] "GET /games-toys-c-4.html?page=51 HTTP/1.0" 200 92735 "-" "Mozilla/5.0 (compatible; MJ12bot/v1.4.8; http://mj12bot.com/)"
94.23.203.107 - - [26/Sep/2022:05:35:19 +0200] "GET /games-toys-c-4.html?page=52 HTTP/1.0" 200 92735 "-" "Mozilla/5.0 (compatible; MJ12bot/v1.4.8; http://mj12bot.com/)"
66.249.65.166 - - [26/Sep/2022:05:35:23 +0200] "GET /images/big_prod_2/542202657430a.jpg HTTP/1.0" 200 270 "-" "Googlebot-Image/1.0"
94.23.203.107 - - [26/Sep/2022:05:35:23 +0200] "GET /games-toys-c-4.html?page=53 HTTP/1.0" 200 92735 "-" "Mozilla/5.0 (compatible; MJ12bot/v1.4.8; http://mj12bot.com/)"
94.23.203.107 - - [26/Sep/2022:05:35:27 +0200] "GET /games-toys-c-4.html?page=54 HTTP/1.0" 200 92735 "-" "Mozilla/5.0 (compatible; MJ12bot/v1.4.8; http://mj12bot.com/)"
185.191.171.9 - - [26/Sep/2022:05:35:30 +0200] "GET /samurai-statue-resin-p-56943.html HTTP/1.0" 200 75549 "-" "Mozilla/5.0 (compatible; SemrushBot/7~bl; +http://www.semrush.com/bot.html)"
94.23.203.107 - - [26/Sep/2022:05:35:31 +0200] "GET /games-toys-c-4.html?page=55 HTTP/1.0" 200 92735 "-" "Mozilla/5.0 (compatible; MJ12bot/v1.4.8; http://mj12bot.com/)"
94.23.203.107 - - [26/Sep/2022:05:35:36 +0200] "GET /games-toys-c-4.html?page=56 HTTP/1.0" 200 92735 "-" "Mozilla/5.0 (compatible; MJ12bot/v1.4.8; http://mj12bot.com/)"
94.23.203.107 - - [26/Sep/2022:05:35:40 +0200] "GET /games-toys-c-4.html?page=57 HTTP/1.0" 200 92735 "-" "Mozilla/5.0 (compatible; MJ12bot/v1.4.8; http://mj12bot.com/)"
94.23.203.107 - - [26/Sep/2022:05:35:44 +0200] "GET /games-toys-c-4.html?page=58 HTTP/1.0" 200 92735 "-" "Mozilla/5.0 (compatible; MJ12bot/v1.4.8; http://mj12bot.com/)"
94.23.203.107 - - [26/Sep/2022:05:35:47 +0200] "GET /games-toys-c-4.html?page=59 HTTP/1.0" 200 92735 "-" "Mozilla/5.0 (compatible; MJ12bot/v1.4.8; http://mj12bot.com/)"
