95.217.195.123 - - [26/Sep/2022:05:08:09 +0200] "GET /cork-storage-chest-p-52927.html HTTP/1.0" 200 72142 "-" "Mozilla/5.0 (compatible; MJ12bot/v1.4.8; http://mj12bot.com/)"
95.217.195.123 - - [26/Sep/2022:05:08:15 +0200] "GET /corsica-black-shirt-p-31091.html HTTP/1.0" 200 76641 "-" "Mozilla/5.0 (compatible; MJ12bot/v1.4.8; http://mj12bot.com/)"
54.36.148.125 - - [26/Sep/2022:05:08:16 +0200] "GET /small-baby-teeth-maya-beige-p-49175.html HTTP/1.0" 200 75495 "-" "Mozilla/5.0 (compatible; AhrefsBot/7.0; +http://ahrefs.com/robot/)"
185.191.171.18 - - [26/Sep/2022:05:08:17 +0200] "GET /urss-white-shirt-p-30593.html HTTP/1.0" 200 76612 "-" "Mozilla/5.0 (compatible; SemrushBot/7~bl; +http://www.semrush.com/bot.html)"
94.23.203.107 - - [26/Sep/2022:05:08:08 +0200] "GET /games-and-toys-c-4.html HTTP/1.0" 301 94297 "-" "Mozilla/5.0 (compatible; MJ12bot/v1.4.8; http://mj12bot.com/)"
95.217.195.123 - - [26/Sep/2022:05:08:23 +0200] "GET /corsica-black-tee-shirt-p-31091.html HTTP/1.0" 301 76727 "-" "Mozilla/5.0 (compatible; MJ12bot/v1.4.8; http://mj12bot.com/)"
94.23.203.107 - - [26/Sep/2022:05:08:14 +0200] "GET /games-toys-c-4.html HTTP/1.0" 200 94224 "-" "Mozilla/5.0 (compatible; MJ12bot/v1.4.8; http://mj12bot.com/)"
95.217.195.123 - - [26/Sep/2022:05:08:27 +0200] "GET /corsica-black-shirt-p-31091.html HTTP/1.0" 200 76641 "-" "Mozilla/5.0 (compatible; MJ12bot/v1.4.8; http://mj12bot.com/)"
185.191.171.24 - - [26/Sep/2022:05:08:31 +0200] "GET /decoration-evolution-monkey-p-52836.html HTTP/1.0" 200 72180 "-" "Mozilla/5.0 (compatible; SemrushBot/7~bl; +http://www.semrush.com/bot.html)"
95.217.195.123 - - [26/Sep/2022:05:08:34 +0200] "GET /corsica-grey-shirt-p-35442.html HTTP/1.0" 200 76606 "-" "Mozilla/5.0 (compatible; MJ12bot/v1.4.8; http://mj12bot.com/)"
94.23.203.107 - - [26/Sep/2022:05:08:31 +0200] "GET /games-and-toys-c-4.html?page=41 HTTP/1.0" 301 92816 "-" "Mozilla/5.0 (compatible; MJ12bot/v1.4.8; http://mj12bot.com/)"
94.23.203.107 - - [26/Sep/2022:05:08:37 +0200] "GET /games-toys-c-4.html?page=41 HTTP/1.0" 200 92735 "-" "Mozilla/5.0 (compatible; MJ12bot/v1.4.8; http://mj12bot.com/)"
34.220.121.173 - - [26/Sep/2022:05:09:00 +0200] "GET /images/mini_prod/8433933142448.jpg HTTP/1.0" 200 269 "-" "Mozilla/5.0 (X11; Ubuntu; Linux x86_64; rv:72.0) Gecko/20100101 Firefox/72.0"
163.220.128.41 - - [26/Sep/2022:05:09:06 +0200] "GET /images/mini_prod/3700653508690.jpg HTTP/1.0" 200 269 "-" "Mozilla/5.0 (X11; Ubuntu; Linux x86_64; rv:72.0) Gecko/20100101 Firefox/72.0"
94.23.203.107 - - [26/Sep/2022:05:08:52 +0200] "GET /games-and-toys-c-4.html?page=42 HTTP/1.0" 301 92816 "-" "Mozilla/5.0 (compatible; MJ12bot/v1.4.8; http://mj12bot.com/)"
94.23.203.107 - - [26/Sep/2022:05:09:00 +0200] "GET /games-toys-c-4.html?page=42 HTTP/1.0" 200 92735 "-" "Mozilla/5.0 (compatible; MJ12bot/v1.4.8; http://mj12bot.com/)"
66.249.65.166 - - [26/Sep/2022:05:09:13 +0200] "GET /bolster-case-cotton-percale-threads-p-43862.html HTTP/1.0" 200 75665 "-" "Mozilla/5.0 (Linux; Android 6.0.1; Nexus 5X Build/MMB29P) AppleWebKit/537.36 (KHTML, like Gecko) Chrome/105.0.5195.125 Mobile Safari/537.36 (compatible; Googlebot/2.1; +http://www.google.com/bot.html)"
94.23.203.107 - - [26/Sep/2022:05:09:16 +0200] "GET /games-and-toys-c-4.html?page=43 HTTP/1.0" 301 92816 "-" "Mozilla/5.0 (compatible; MJ12bot/v1.4.8; http://mj12bot.com/)"
94.23.203.107 - - [26/Sep/2022:05:09:21 +0200] "GET /games-toys-c-4.html?page=43 HTTP/1.0" 200 92735 "-" "Mozilla/5.0 (compatible; MJ12bot/v1.4.8; http://mj12bot.com/)"
185.191.171.33 - - [26/Sep/2022:05:09:34 +0200] "GET /corn-trolley-metal-decoration-p-38739.html HTTP/1.0" 200 72174 "-" "Mozilla/5.0 (compatible; SemrushBot/7~bl; +http://www.semrush.com/bot.html)"
185.191.171.7 - - [26/Sep/2022:05:09:39 +0200] "GET /habite-chez-chat-metal-plate-deco-p-53482.html HTTP/1.0" 200 75382 "-" "Mozilla/5.0 (compatible; SemrushBot/7~bl; +http://www.semrush.com/bot.html)"
94.23.203.107 - - [26/Sep/2022:05:09:38 +0200] "GET /games-and-toys-c-4.html?page=44 HTTP/1.0" 301 92816 "-" "Mozilla/5.0 (compatible; MJ12bot/v1.4.8; http://mj12bot.com/)"
185.191.171.10 - - [26/Sep/2022:05:09:53 +0200] "GET /stardust-candy-cloud-keychain-p-46658.html HTTP/1.0" 200 74747 "-" "Mozilla/5.0 (compatible; SemrushBot/7~bl; +http://www.semrush.com/bot.html)"
66.249.65.166 - - [26/Sep/2022:05:09:57 +0200] "GET /images/big_prod/8433933267387.jpg HTTP/1.0" 200 268 "-" "Googlebot-Image/1.0"
94.23.203.107 - - [26/Sep/2022:05:09:44 +0200] "GET /games-toys-c-4.html?page=44 HTTP/1.0" 200 92735 "-" "Mozilla/5.0 (compatible; MJ12bot/v1.4.8; http://mj12bot.com/)"
54.36.148.41 - - [26/Sep/2022:05:09:57 +0200] "GET /welcome-doormat-p-56268.html HTTP/1.0" 200 75587 "-" "Mozilla/5.0 (compatible; AhrefsBot/7.0; +http://ahrefs.com/robot/)"
54.36.148.161 - - [26/Sep/2022:05:10:04 +0200] "GET /images/big_prod_2/8445148011921a.jpg HTTP/1.0" 200 271 "-" "Mozilla/5.0 (compatible; AhrefsBot/7.0; +http://ahrefs.com/robot/)"
54.36.148.21 - - [26/Sep/2022:05:10:04 +0200] "GET /images/big_prod_1/8445148011921b.jpg HTTP/1.0" 200 271 "-" "Mozilla/5.0 (compatible; AhrefsBot/7.0; +http://ahrefs.com/robot/)"
54.36.148.106 - - [26/Sep/2022:05:10:04 +0200] "GET /images/big_prod/8445148011921.jpg HTTP/1.0" 200 268 "-" "Mozilla/5.0 (compatible; AhrefsBot/7.0; +http://ahrefs.com/robot/)"
94.23.203.107 - - [26/Sep/2022:05:10:01 +0200] "GET /games-and-toys-c-4.html?page=45 HTTP/1.0" 301 92816 "-" "Mozilla/5.0 (compatible; MJ12bot/v1.4.8; http://mj12bot.com/)"
159.138.137.41 - - [26/Sep/2022:05:10:17 +0200] "GET /images/mini_prod/1384010191675.jpg HTTP/1.0" 200 269 "-" "Mozilla/5.0 (X11; Ubuntu; Linux x86_64; rv:72.0) Gecko/20100101 Firefox/72.0"
94.23.203.107 - - [26/Sep/2022:05:10:06 +0200] "GET /games-toys-c-4.html?page=45 HTTP/1.0" 200 92735 "-" "Mozilla/5.0 (compatible; MJ12bot/v1.4.8; http://mj12bot.com/)"
87.250.224.94 - - [26/Sep/2022:05:10:22 +0200] "GET /robots.txt HTTP/1.0" 200 245 "-" "Mozilla/5.0 (compatible; YandexBot/3.0; +http://yandex.com/bots)"
185.191.171.36 - - [26/Sep/2022:05:10:21 +0200] "GET /-p-17636.html HTTP/1.0" 200 72060 "-" "Mozilla/5.0 (compatible; SemrushBot/7~bl; +http://www.semrush.com/bot.html)"
87.250.224.94 - - [26/Sep/2022:05:10:25 +0200] "GET /images/4012390326918.jpg HTTP/1.0" 200 259 "-" "Mozilla/5.0 (compatible; YandexImages/3.0; +http://yandex.com/bots)"
94.23.203.107 - - [26/Sep/2022:05:10:23 +0200] "GET /games-and-toys-c-4.html?page=46 HTTP/1.0" 301 92816 "-" "Mozilla/5.0 (compatible; MJ12bot/v1.4.8; http://mj12bot.com/)"
94.23.203.107 - - [26/Sep/2022:05:10:29 +0200] "GET /games-toys-c-4.html?page=46 HTTP/1.0" 200 92735 "-" "Mozilla/5.0 (compatible; MJ12bot/v1.4.8; http://mj12bot.com/)"
23.100.232.233 - - [26/Sep/2022:05:10:53 +0200] "GET /games-and-toys/figures/figurine-sonny-angel-serie-p-12576.html HTTP/1.0" 301 72127 "-" "Mozilla/5.0 (compatible; MSIE 9.0; Windows NT 6.1; Trident/5.0;  Trident/5.0)"
23.100.232.233 - - [26/Sep/2022:05:10:57 +0200] "GET /-p-12576.html HTTP/1.0" 200 72060 "-" "Mozilla/5.0 (compatible; MSIE 9.0; Windows NT 6.1; Trident/5.0;  Trident/5.0)"
23.100.232.233 - - [26/Sep/2022:05:11:00 +0200] "GET /templates/Pixame_v1/stylesheet.css HTTP/1.0" 200 267 "http://www.wonder-geek.com/-p-12576.html" "Mozilla/5.0 (compatible; MSIE 9.0; Windows NT 6.1; Trident/5.0;  Trident/5.0)"
23.100.232.233 - - [26/Sep/2022:05:11:00 +0200] "GET /highslide/highslide.js HTTP/1.0" 200 262 "http://www.wonder-geek.com/-p-12576.html" "Mozilla/5.0 (compatible; MSIE 9.0; Windows NT 6.1; Trident/5.0;  Trident/5.0)"
23.100.232.233 - - [26/Sep/2022:05:11:00 +0200] "GET /js/jquery.jqzoom.js HTTP/1.0" 200 259 "http://www.wonder-geek.com/-p-12576.html" "Mozilla/5.0 (compatible; MSIE 9.0; Windows NT 6.1; Trident/5.0;  Trident/5.0)"
23.100.232.233 - - [26/Sep/2022:05:11:00 +0200] "GET /js/jquery.js HTTP/1.0" 200 252 "http://www.wonder-geek.com/-p-12576.html" "Mozilla/5.0 (compatible; MSIE 9.0; Windows NT 6.1; Trident/5.0;  Trident/5.0)"
23.100.232.233 - - [26/Sep/2022:05:11:00 +0200] "GET /swfobject.js HTTP/1.0" 404 1308 "http://www.wonder-geek.com/-p-12576.html" "Mozilla/5.0 (compatible; MSIE 9.0; Windows NT 6.1; Trident/5.0;  Trident/5.0)"
23.100.232.233 - - [26/Sep/2022:05:11:00 +0200] "GET /style.ie7.css HTTP/1.0" 404 1308 "http://www.wonder-geek.com/-p-12576.html" "Mozilla/5.0 (compatible; MSIE 9.0; Windows NT 6.1; Trident/5.0;  Trident/5.0)"
94.23.203.107 - - [26/Sep/2022:05:10:46 +0200] "GET /games-and-toys-c-4.html?page=47 HTTP/1.0" 301 92816 "-" "Mozilla/5.0 (compatible; MJ12bot/v1.4.8; http://mj12bot.com/)"
23.100.232.233 - - [26/Sep/2022:05:11:01 +0200] "GET /mondial_relay/js/jquery-1.3.2.min.js HTTP/1.0" 200 276 "http://www.wonder-geek.com/-p-12576.html" "Mozilla/5.0 (compatible; MSIE 9.0; Windows NT 6.1; Trident/5.0;  Trident/5.0)"
23.100.232.233 - - [26/Sep/2022:05:11:01 +0200] "GET /templates/Pixame_v1/images/flash.swf HTTP/1.0" 200 290 "http://www.wonder-geek.com/-p-12576.html" "Mozilla/5.0 (compatible; MSIE 9.0; Windows NT 6.1; Trident/5.0;  Trident/5.0)"
23.100.232.233 - - [26/Sep/2022:05:11:02 +0200] "GET /highslide/graphics/zoomout.cur HTTP/1.0" 200 614 "http://www.wonder-geek.com/-p-12576.html" "Mozilla/5.0 (compatible; MSIE 9.0; Windows NT 6.1; Trident/5.0;  Trident/5.0)"
94.23.203.107 - - [26/Sep/2022:05:10:51 +0200] "GET /games-toys-c-4.html?page=47 HTTP/1.0" 200 92735 "-" "Mozilla/5.0 (compatible; MJ12bot/v1.4.8; http://mj12bot.com/)"
216.244.66.242 - - [26/Sep/2022:05:11:05 +0200] "GET /jasmin-glass-coasters-p-39843.html HTTP/1.0" 301 72127 "-" "Mozilla/5.0 (compatible; DotBot/1.2; +https://opensiteexplorer.org/dotbot; help@moz.com)"
185.191.171.36 - - [26/Sep/2022:05:11:12 +0200] "GET /guevara-floor-standing-ashtray-p-6827.html HTTP/1.0" 200 74785 "-" "Mozilla/5.0 (compatible; SemrushBot/7~bl; +http://www.semrush.com/bot.html)"
185.191.171.23 - - [26/Sep/2022:05:11:17 +0200] "GET /cats-figurines-black-flocked-resin-cats-wisdom-p-56905.html HTTP/1.0" 200 72258 "-" "Mozilla/5.0 (compatible; SemrushBot/7~bl; +http://www.semrush.com/bot.html)"
216.244.66.242 - - [26/Sep/2022:05:11:19 +0200] "GET /jasmin-large-cabas-p-44208.html HTTP/1.0" 301 72127 "-" "Mozilla/5.0 (compatible; DotBot/1.2; +https://opensiteexplorer.org/dotbot; help@moz.com)"
94.23.203.107 - - [26/Sep/2022:05:11:08 +0200] "GET /games-and-toys-c-4.html?page=48 HTTP/1.0" 301 92816 "-" "Mozilla/5.0 (compatible; MJ12bot/v1.4.8; http://mj12bot.com/)"
94.23.203.107 - - [26/Sep/2022:05:11:13 +0200] "GET /games-toys-c-4.html?page=48 HTTP/1.0" 200 92735 "-" "Mozilla/5.0 (compatible; MJ12bot/v1.4.8; http://mj12bot.com/)"
185.191.171.40 - - [26/Sep/2022:05:11:26 +0200] "GET /large-candle-hours-christmas-cupcake-p-33007.html HTTP/1.0" 200 76069 "-" "Mozilla/5.0 (compatible; SemrushBot/7~bl; +http://www.semrush.com/bot.html)"
147.160.184.123 - - [26/Sep/2022:05:11:30 +0200] "GET /images/big_prod_4/4542202653265D.jpg HTTP/1.0" 200 271 "-" "Mozilla/5.0 (X11; Ubuntu; Linux x86_64; rv:72.0) Gecko/20100101 Firefox/72.0"
216.244.66.242 - - [26/Sep/2022:05:11:32 +0200] "GET /mani-lucky-white-purple-collar-p-37363.html HTTP/1.0" 301 72127 "-" "Mozilla/5.0 (compatible; DotBot/1.2; +https://opensiteexplorer.org/dotbot; help@moz.com)"
185.191.171.40 - - [26/Sep/2022:05:11:32 +0200] "GET /winter-candle-shade-angel-p-38180.html HTTP/1.0" 200 75662 "-" "Mozilla/5.0 (compatible; SemrushBot/7~bl; +http://www.semrush.com/bot.html)"
94.23.203.107 - - [26/Sep/2022:05:11:31 +0200] "GET /games-and-toys-c-4.html?page=49 HTTP/1.0" 301 92816 "-" "Mozilla/5.0 (compatible; MJ12bot/v1.4.8; http://mj12bot.com/)"
94.23.203.107 - - [26/Sep/2022:05:11:36 +0200] "GET /games-toys-c-4.html?page=49 HTTP/1.0" 200 92735 "-" "Mozilla/5.0 (compatible; MJ12bot/v1.4.8; http://mj12bot.com/)"
66.249.65.168 - - [26/Sep/2022:05:11:50 +0200] "GET /marseille-decorative-metal-plate-cbkreation-p-53155.html HTTP/1.0" 200 74877 "-" "Mozilla/5.0 (compatible; Googlebot/2.1; +http://www.google.com/bot.html)"
216.244.66.242 - - [26/Sep/2022:05:11:53 +0200] "GET /hello-kitty-camomilla-chocolate-heart-cosmetic-p-16312.html HTTP/1.0" 301 72127 "-" "Mozilla/5.0 (compatible; DotBot/1.2; +https://opensiteexplorer.org/dotbot; help@moz.com)"
185.191.171.12 - - [26/Sep/2022:05:11:52 +0200] "GET /japanese-plum-liter-cast-iron-teapot-p-54894.html HTTP/1.0" 200 74988 "-" "Mozilla/5.0 (compatible; SemrushBot/7~bl; +http://www.semrush.com/bot.html)"
54.36.148.169 - - [26/Sep/2022:05:11:57 +0200] "GET /cactus-metal-tray-p-47190.html HTTP/1.0" 200 74750 "-" "Mozilla/5.0 (compatible; AhrefsBot/7.0; +http://ahrefs.com/robot/)"
54.36.149.0 - - [26/Sep/2022:05:12:08 +0200] "GET /images/big_prod/3612875124247.jpg HTTP/1.0" 200 268 "-" "Mozilla/5.0 (compatible; AhrefsBot/7.0; +http://ahrefs.com/robot/)"
203.119.241.122 - - [26/Sep/2022:05:12:10 +0200] "GET /images/mini_prod/3681643100752.jpg HTTP/1.0" 200 269 "-" "Mozilla/5.0 (X11; Ubuntu; Linux x86_64; rv:72.0) Gecko/20100101 Firefox/72.0"
94.23.203.107 - - [26/Sep/2022:05:11:52 +0200] "GET /games-and-toys-c-4.html?page=50 HTTP/1.0" 301 92816 "-" "Mozilla/5.0 (compatible; MJ12bot/v1.4.8; http://mj12bot.com/)"
94.23.203.107 - - [26/Sep/2022:05:12:00 +0200] "GET /games-toys-c-4.html?page=50 HTTP/1.0" 200 92735 "-" "Mozilla/5.0 (compatible; MJ12bot/v1.4.8; http://mj12bot.com/)"
216.244.66.242 - - [26/Sep/2022:05:12:23 +0200] "GET /russian-dolls-rectangulary-cushion-cbkreation-p-23202.html HTTP/1.0" 301 72127 "-" "Mozilla/5.0 (compatible; DotBot/1.2; +https://opensiteexplorer.org/dotbot; help@moz.com)"
94.23.203.107 - - [26/Sep/2022:05:12:18 +0200] "GET /games-and-toys-c-4.html?page=51 HTTP/1.0" 301 92816 "-" "Mozilla/5.0 (compatible; MJ12bot/v1.4.8; http://mj12bot.com/)"
94.23.203.107 - - [26/Sep/2022:05:12:24 +0200] "GET /games-toys-c-4.html?page=51 HTTP/1.0" 200 92735 "-" "Mozilla/5.0 (compatible; MJ12bot/v1.4.8; http://mj12bot.com/)"
106.14.65.228 - - [26/Sep/2022:05:12:41 +0200] "GET /images/mini_prod/8435306215780.jpg HTTP/1.0" 200 269 "-" "Mozilla/5.0 (X11; Ubuntu; Linux x86_64; rv:72.0) Gecko/20100101 Firefox/72.0"
185.191.171.38 - - [26/Sep/2022:05:12:49 +0200] "GET /wooden-tilting-lamp-p-58729.html HTTP/1.0" 200 75603 "-" "Mozilla/5.0 (compatible; SemrushBot/7~bl; +http://www.semrush.com/bot.html)"
94.23.203.107 - - [26/Sep/2022:05:12:41 +0200] "GET /games-and-toys-c-4.html?page=52 HTTP/1.0" 301 92816 "-" "Mozilla/5.0 (compatible; MJ12bot/v1.4.8; http://mj12bot.com/)"
94.23.203.107 - - [26/Sep/2022:05:12:47 +0200] "GET /games-toys-c-4.html?page=52 HTTP/1.0" 200 92735 "-" "Mozilla/5.0 (compatible; MJ12bot/v1.4.8; http://mj12bot.com/)"
185.191.171.5 - - [26/Sep/2022:05:13:10 +0200] "GET /robots.txt HTTP/1.0" 200 245 "-" "Mozilla/5.0 (compatible; SemrushBot/7~bl; +http://www.semrush.com/bot.html)"
185.191.171.12 - - [26/Sep/2022:05:13:10 +0200] "GET /heart-home-spices-cranberry-candle-metal-p-57115.html HTTP/1.0" 200 76063 "-" "Mozilla/5.0 (compatible; SemrushBot/7~bl; +http://www.semrush.com/bot.html)"
94.23.203.107 - - [26/Sep/2022:05:13:04 +0200] "GET /games-and-toys-c-4.html?page=53 HTTP/1.0" 301 92816 "-" "Mozilla/5.0 (compatible; MJ12bot/v1.4.8; http://mj12bot.com/)"
94.23.203.107 - - [26/Sep/2022:05:13:10 +0200] "GET /games-toys-c-4.html?page=53 HTTP/1.0" 200 92735 "-" "Mozilla/5.0 (compatible; MJ12bot/v1.4.8; http://mj12bot.com/)"
94.23.203.107 - - [26/Sep/2022:05:13:27 +0200] "GET /games-and-toys-c-4.html?page=54 HTTP/1.0" 301 92816 "-" "Mozilla/5.0 (compatible; MJ12bot/v1.4.8; http://mj12bot.com/)"
66.249.65.170 - - [26/Sep/2022:05:13:41 +0200] "GET /resin-figurines-rabbits-hear-nothing-p-53670.html HTTP/1.0" 200 75061 "-" "Mozilla/5.0 (Linux; Android 6.0.1; Nexus 5X Build/MMB29P) AppleWebKit/537.36 (KHTML, like Gecko) Chrome/105.0.5195.125 Mobile Safari/537.36 (compatible; Googlebot/2.1; +http://www.google.com/bot.html)"
94.23.203.107 - - [26/Sep/2022:05:13:33 +0200] "GET /games-toys-c-4.html?page=54 HTTP/1.0" 200 92735 "-" "Mozilla/5.0 (compatible; MJ12bot/v1.4.8; http://mj12bot.com/)"
185.191.171.26 - - [26/Sep/2022:05:13:45 +0200] "GET /moulin-rouge-large-metal-plate-p-15321.html HTTP/1.0" 200 76985 "-" "Mozilla/5.0 (compatible; SemrushBot/7~bl; +http://www.semrush.com/bot.html)"
54.36.148.178 - - [26/Sep/2022:05:13:53 +0200] "GET /robots.txt HTTP/1.0" 200 245 "-" "Mozilla/5.0 (compatible; AhrefsBot/7.0; +http://ahrefs.com/robot/)"
54.36.149.13 - - [26/Sep/2022:05:13:54 +0200] "GET /votive-candle-hours-eastern-promise-p-38112.html HTTP/1.0" 200 75864 "-" "Mozilla/5.0 (compatible; AhrefsBot/7.0; +http://ahrefs.com/robot/)"
94.23.203.107 - - [26/Sep/2022:05:13:51 +0200] "GET /games-and-toys-c-4.html?page=55 HTTP/1.0" 301 92816 "-" "Mozilla/5.0 (compatible; MJ12bot/v1.4.8; http://mj12bot.com/)"
94.23.203.107 - - [26/Sep/2022:05:13:56 +0200] "GET /games-toys-c-4.html?page=55 HTTP/1.0" 200 92735 "-" "Mozilla/5.0 (compatible; MJ12bot/v1.4.8; http://mj12bot.com/)"
185.191.171.35 - - [26/Sep/2022:05:14:14 +0200] "GET /corsica-shooter-p-48512.html HTTP/1.0" 200 74617 "-" "Mozilla/5.0 (compatible; SemrushBot/7~bl; +http://www.semrush.com/bot.html)"
94.23.203.107 - - [26/Sep/2022:05:14:14 +0200] "GET /games-and-toys-c-4.html?page=56 HTTP/1.0" 301 92816 "-" "Mozilla/5.0 (compatible; MJ12bot/v1.4.8; http://mj12bot.com/)"
94.23.203.107 - - [26/Sep/2022:05:14:19 +0200] "GET /games-toys-c-4.html?page=56 HTTP/1.0" 200 92735 "-" "Mozilla/5.0 (compatible; MJ12bot/v1.4.8; http://mj12bot.com/)"
94.23.203.107 - - [26/Sep/2022:05:14:34 +0200] "GET /games-and-toys-c-4.html?page=57 HTTP/1.0" 301 92816 "-" "Mozilla/5.0 (compatible; MJ12bot/v1.4.8; http://mj12bot.com/)"
66.249.65.170 - - [26/Sep/2022:05:14:49 +0200] "GET /plush-unicorn-glitter-motsu-keel-toys-p-54172.html HTTP/1.0" 200 74948 "-" "Mozilla/5.0 (Linux; Android 6.0.1; Nexus 5X Build/MMB29P) AppleWebKit/537.36 (KHTML, like Gecko) Chrome/105.0.5195.125 Mobile Safari/537.36 (compatible; Googlebot/2.1; +http://www.google.com/bot.html)"
94.23.203.107 - - [26/Sep/2022:05:14:39 +0200] "GET /games-toys-c-4.html?page=57 HTTP/1.0" 200 92735 "-" "Mozilla/5.0 (compatible; MJ12bot/v1.4.8; http://mj12bot.com/)"
66.249.65.170 - - [26/Sep/2022:05:14:53 +0200] "GET /plush-unicorn-glitter-motsu-keel-toys-p-54172.html HTTP/1.0" 200 74948 "-" "Mozilla/5.0 (compatible; Googlebot/2.1; +http://www.google.com/bot.html)"
66.249.65.166 - - [26/Sep/2022:05:15:01 +0200] "GET /paris-je-aime-set-cups-espresso-p-28396.html HTTP/1.0" 301 72127 "-" "Mozilla/5.0 (compatible; Googlebot/2.1; +http://www.google.com/bot.html)"
66.249.65.168 - - [26/Sep/2022:05:15:05 +0200] "GET /-p-28396.html HTTP/1.0" 200 72060 "-" "Mozilla/5.0 (compatible; Googlebot/2.1; +http://www.google.com/bot.html)"
94.23.203.107 - - [26/Sep/2022:05:14:56 +0200] "GET /games-and-toys-c-4.html?page=58 HTTP/1.0" 301 92816 "-" "Mozilla/5.0 (compatible; MJ12bot/v1.4.8; http://mj12bot.com/)"
185.191.171.33 - - [26/Sep/2022:05:15:15 +0200] "GET /placemat-kiub-collection-jewels-p-55913.html HTTP/1.0" 200 74826 "-" "Mozilla/5.0 (compatible; SemrushBot/7~bl; +http://www.semrush.com/bot.html)"
94.23.203.107 - - [26/Sep/2022:05:15:01 +0200] "GET /games-toys-c-4.html?page=58 HTTP/1.0" 200 92735 "-" "Mozilla/5.0 (compatible; MJ12bot/v1.4.8; http://mj12bot.com/)"
35.90.116.195 - - [26/Sep/2022:05:15:22 +0200] "GET /images/mini_prod/3540946107724.jpg HTTP/1.0" 200 269 "-" "Mozilla/5.0 (X11; Ubuntu; Linux x86_64; rv:72.0) Gecko/20100101 Firefox/72.0"
66.249.65.166 - - [26/Sep/2022:05:15:24 +0200] "GET /images/1399984243718.jpg HTTP/1.0" 200 259 "-" "Googlebot-Image/1.0"
87.250.224.94 - - [26/Sep/2022:05:15:24 +0200] "GET /chair-cushion-sides-beige-and-blue-40-cm-p-49315.html HTTP/1.0" 301 75830 "-" "Mozilla/5.0 (compatible; YandexBot/3.0; +http://yandex.com/bots)"
94.23.203.107 - - [26/Sep/2022:05:15:22 +0200] "GET /games-and-toys-c-4.html?page=59 HTTP/1.0" 301 92816 "-" "Mozilla/5.0 (compatible; MJ12bot/v1.4.8; http://mj12bot.com/)"
87.250.224.94 - - [26/Sep/2022:05:15:28 +0200] "GET /chair-cushion-sides-beige-blue-p-49315.html HTTP/1.0" 200 75733 "-" "Mozilla/5.0 (compatible; YandexBot/3.0; +http://yandex.com/bots)"
94.23.203.107 - - [26/Sep/2022:05:15:28 +0200] "GET /games-toys-c-4.html?page=59 HTTP/1.0" 200 92735 "-" "Mozilla/5.0 (compatible; MJ12bot/v1.4.8; http://mj12bot.com/)"
94.23.203.107 - - [26/Sep/2022:05:15:33 +0200] "GET /games-and-toys-c-4.html?page=60 HTTP/1.0" 301 92816 "-" "Mozilla/5.0 (compatible; MJ12bot/v1.4.8; http://mj12bot.com/)"
54.36.149.83 - - [26/Sep/2022:05:15:35 +0200] "GET /jeans-black-pencil-case-p-36004.html HTTP/1.0" 200 74789 "-" "Mozilla/5.0 (compatible; AhrefsBot/7.0; +http://ahrefs.com/robot/)"
66.249.65.166 - - [26/Sep/2022:05:15:38 +0200] "GET /images/mini_prod/3453131143172.jpg HTTP/1.0" 200 269 "-" "Googlebot-Image/1.0"
185.191.171.17 - - [26/Sep/2022:05:15:36 +0200] "GET /dishes-c-12.html?page=109 HTTP/1.0" 200 94812 "-" "Mozilla/5.0 (compatible; SemrushBot/7~bl; +http://www.semrush.com/bot.html)"
94.23.203.107 - - [26/Sep/2022:05:15:37 +0200] "GET /games-toys-c-4.html?page=60 HTTP/1.0" 200 92735 "-" "Mozilla/5.0 (compatible; MJ12bot/v1.4.8; http://mj12bot.com/)"
54.36.148.117 - - [26/Sep/2022:05:15:40 +0200] "GET /images/big_prod/8435306244346.jpg HTTP/1.0" 200 268 "-" "Mozilla/5.0 (compatible; AhrefsBot/7.0; +http://ahrefs.com/robot/)"
185.191.171.2 - - [26/Sep/2022:05:15:40 +0200] "GET /breakfast-board-half-tassen-made-germany-p-53190.html HTTP/1.0" 200 75797 "-" "Mozilla/5.0 (compatible; SemrushBot/7~bl; +http://www.semrush.com/bot.html)"
94.23.203.107 - - [26/Sep/2022:05:15:41 +0200] "GET /games-and-toys-c-4.html?page=61 HTTP/1.0" 301 92816 "-" "Mozilla/5.0 (compatible; MJ12bot/v1.4.8; http://mj12bot.com/)"
94.23.203.107 - - [26/Sep/2022:05:15:44 +0200] "GET /games-toys-c-4.html?page=61 HTTP/1.0" 200 92735 "-" "Mozilla/5.0 (compatible; MJ12bot/v1.4.8; http://mj12bot.com/)"
94.23.203.107 - - [26/Sep/2022:05:15:49 +0200] "GET /games-and-toys/figures/hello-kitty-aloha-figure-p-11122.html HTTP/1.0" 301 72127 "-" "Mozilla/5.0 (compatible; MJ12bot/v1.4.8; http://mj12bot.com/)"
94.23.203.107 - - [26/Sep/2022:05:15:52 +0200] "GET /-p-11122.html HTTP/1.0" 200 72060 "-" "Mozilla/5.0 (compatible; MJ12bot/v1.4.8; http://mj12bot.com/)"
94.23.203.107 - - [26/Sep/2022:05:15:57 +0200] "GET /games-and-toys/soft-toys-security-blanket/beanie-boos-ollie-the-octopus-p-28139.html HTTP/1.0" 301 72127 "-" "Mozilla/5.0 (compatible; MJ12bot/v1.4.8; http://mj12bot.com/)"
185.191.171.38 - - [26/Sep/2022:05:15:58 +0200] "GET /-p-42786.html HTTP/1.0" 200 72060 "-" "Mozilla/5.0 (compatible; SemrushBot/7~bl; +http://www.semrush.com/bot.html)"
94.23.203.107 - - [26/Sep/2022:05:16:00 +0200] "GET /-p-28139.html HTTP/1.0" 200 72060 "-" "Mozilla/5.0 (compatible; MJ12bot/v1.4.8; http://mj12bot.com/)"
94.23.203.107 - - [26/Sep/2022:05:16:05 +0200] "GET /games-and-toys/soft-toys-security-blanket/nici-chaperon-plush-p-22468.html HTTP/1.0" 301 72127 "-" "Mozilla/5.0 (compatible; MJ12bot/v1.4.8; http://mj12bot.com/)"
94.23.203.107 - - [26/Sep/2022:05:16:08 +0200] "GET /-p-22468.html HTTP/1.0" 200 72060 "-" "Mozilla/5.0 (compatible; MJ12bot/v1.4.8; http://mj12bot.com/)"
94.23.203.107 - - [26/Sep/2022:05:16:12 +0200] "GET /games-and-toys/toys/baby-train-farm-janod-p-20539.html HTTP/1.0" 301 72127 "-" "Mozilla/5.0 (compatible; MJ12bot/v1.4.8; http://mj12bot.com/)"
94.23.203.107 - - [26/Sep/2022:05:16:15 +0200] "GET /-p-20539.html HTTP/1.0" 200 72060 "-" "Mozilla/5.0 (compatible; MJ12bot/v1.4.8; http://mj12bot.com/)"
185.191.171.6 - - [26/Sep/2022:05:16:19 +0200] "GET /luggages-schoolbags-leather-shop-c-31.html?page=55 HTTP/1.0" 200 96297 "-" "Mozilla/5.0 (compatible; SemrushBot/7~bl; +http://www.semrush.com/bot.html)"
94.23.203.107 - - [26/Sep/2022:05:16:20 +0200] "GET /games-and-toys/toys/chewbacca-figure-p-27764.html HTTP/1.0" 301 72127 "-" "Mozilla/5.0 (compatible; MJ12bot/v1.4.8; http://mj12bot.com/)"
94.23.203.107 - - [26/Sep/2022:05:16:27 +0200] "GET /-p-27764.html HTTP/1.0" 200 72060 "-" "Mozilla/5.0 (compatible; MJ12bot/v1.4.8; http://mj12bot.com/)"
94.23.203.107 - - [26/Sep/2022:05:16:35 +0200] "GET /games-and-toys/toys/child-car-p-24919.html HTTP/1.0" 301 72127 "-" "Mozilla/5.0 (compatible; MJ12bot/v1.4.8; http://mj12bot.com/)"
35.90.225.135 - - [26/Sep/2022:05:16:39 +0200] "GET /images/mini_prod/8719497613670.jpg HTTP/1.0" 200 269 "-" "Mozilla/5.0 (X11; Ubuntu; Linux x86_64; rv:72.0) Gecko/20100101 Firefox/72.0"
94.23.203.107 - - [26/Sep/2022:05:16:41 +0200] "GET /-p-24919.html HTTP/1.0" 200 72060 "-" "Mozilla/5.0 (compatible; MJ12bot/v1.4.8; http://mj12bot.com/)"
185.191.171.34 - - [26/Sep/2022:05:16:52 +0200] "GET /figures-sonny-angel-birthday-gift-bear-series-complete-p-54725.html HTTP/1.0" 200 76089 "-" "Mozilla/5.0 (compatible; SemrushBot/7~bl; +http://www.semrush.com/bot.html)"
94.23.203.107 - - [26/Sep/2022:05:16:52 +0200] "GET /games-and-toys/toys/marine-miniature-vehicle-p-27998.html HTTP/1.0" 301 72127 "-" "Mozilla/5.0 (compatible; MJ12bot/v1.4.8; http://mj12bot.com/)"
94.23.203.107 - - [26/Sep/2022:05:16:57 +0200] "GET /-p-27998.html HTTP/1.0" 200 72060 "-" "Mozilla/5.0 (compatible; MJ12bot/v1.4.8; http://mj12bot.com/)"
94.23.203.107 - - [26/Sep/2022:05:17:08 +0200] "GET /games-and-toys/toys/mario-big-figure-p-27761.html HTTP/1.0" 301 72190 "-" "Mozilla/5.0 (compatible; MJ12bot/v1.4.8; http://mj12bot.com/)"
94.23.203.107 - - [26/Sep/2022:05:17:14 +0200] "GET /mario-figure-p-27761.html HTTP/1.0" 200 72111 "-" "Mozilla/5.0 (compatible; MJ12bot/v1.4.8; http://mj12bot.com/)"
54.36.148.26 - - [26/Sep/2022:05:17:15 +0200] "GET /eccentric-breakfast-p-39752.html HTTP/1.0" 200 74759 "-" "Mozilla/5.0 (compatible; AhrefsBot/7.0; +http://ahrefs.com/robot/)"
94.23.203.107 - - [26/Sep/2022:05:17:23 +0200] "GET /games-and-toys/toys/transformers-autobot-bumblebee-figure-p-25301.html HTTP/1.0" 301 72127 "-" "Mozilla/5.0 (compatible; MJ12bot/v1.4.8; http://mj12bot.com/)"
94.23.203.107 - - [26/Sep/2022:05:17:27 +0200] "GET /-p-25301.html HTTP/1.0" 200 72060 "-" "Mozilla/5.0 (compatible; MJ12bot/v1.4.8; http://mj12bot.com/)"
94.23.203.107 - - [26/Sep/2022:05:17:38 +0200] "GET /games-and-toys/toys/transformers-autobot-hound-figurine-p-26115.html HTTP/1.0" 301 72127 "-" "Mozilla/5.0 (compatible; MJ12bot/v1.4.8; http://mj12bot.com/)"
94.23.203.107 - - [26/Sep/2022:05:17:42 +0200] "GET /-p-26115.html HTTP/1.0" 200 72060 "-" "Mozilla/5.0 (compatible; MJ12bot/v1.4.8; http://mj12bot.com/)"
185.191.171.2 - - [26/Sep/2022:05:17:46 +0200] "GET /mickey-birthday-card-with-envelope-p-25258.html HTTP/1.0" 200 74759 "-" "Mozilla/5.0 (compatible; SemrushBot/7~bl; +http://www.semrush.com/bot.html)"
94.23.203.107 - - [26/Sep/2022:05:17:49 +0200] "GET /games-and-toys/toys/transformers-autobot-prowl-figure-p-25297.html HTTP/1.0" 301 72127 "-" "Mozilla/5.0 (compatible; MJ12bot/v1.4.8; http://mj12bot.com/)"
185.191.171.38 - - [26/Sep/2022:05:17:50 +0200] "GET /trivet-boards-c-12_158.html?page=5 HTTP/1.0" 200 94355 "-" "Mozilla/5.0 (compatible; SemrushBot/7~bl; +http://www.semrush.com/bot.html)"
94.23.203.107 - - [26/Sep/2022:05:17:53 +0200] "GET /-p-25297.html HTTP/1.0" 200 72060 "-" "Mozilla/5.0 (compatible; MJ12bot/v1.4.8; http://mj12bot.com/)"
185.191.171.1 - - [26/Sep/2022:05:17:55 +0200] "GET /quote-wooden-wall-decoration-hang-p-43081.html HTTP/1.0" 200 72188 "-" "Mozilla/5.0 (compatible; SemrushBot/7~bl; +http://www.semrush.com/bot.html)"
94.23.203.107 - - [26/Sep/2022:05:18:00 +0200] "GET /games-and-toys/toys/transformers-autobot-ratchet-figure-p-25298.html HTTP/1.0" 301 72127 "-" "Mozilla/5.0 (compatible; MJ12bot/v1.4.8; http://mj12bot.com/)"
51.68.224.127 - - [26/Sep/2022:05:18:04 +0200] "GET /adminweb/export_orders_xml.php?token=256de2z6edz6ed2z6DFSFsed2zed6zeDSFDSGdzedezfzf&maxorders=10&orderstart=1&status=14&start_date=2018-10-01 HTTP/1.0" 200 285 "-" "GesCom CharlotteBoutik Serveur"
51.68.224.127 - - [26/Sep/2022:05:18:04 +0200] "GET /adminweb/export_orders_xml.php?token=256de2z6edz6ed2z6DFSFsed2zed6zeDSFDSGdzedezfzf&maxorders=10&orderstart=1&status=6&start_date=2018-10-01 HTTP/1.0" 200 33985 "-" "GesCom CharlotteBoutik Serveur"
94.23.203.107 - - [26/Sep/2022:05:18:07 +0200] "GET /-p-25298.html HTTP/1.0" 200 72060 "-" "Mozilla/5.0 (compatible; MJ12bot/v1.4.8; http://mj12bot.com/)"
66.249.65.166 - - [26/Sep/2022:05:18:12 +0200] "GET /images/med_prod/5050574335898.jpg HTTP/1.0" 200 268 "-" "Googlebot-Image/1.0"
94.23.203.107 - - [26/Sep/2022:05:18:14 +0200] "GET /games-and-toys/toys/transformers-autobot-smokescreen-figure-p-25299.html HTTP/1.0" 301 72127 "-" "Mozilla/5.0 (compatible; MJ12bot/v1.4.8; http://mj12bot.com/)"
94.23.203.107 - - [26/Sep/2022:05:18:19 +0200] "GET /-p-25299.html HTTP/1.0" 200 72060 "-" "Mozilla/5.0 (compatible; MJ12bot/v1.4.8; http://mj12bot.com/)"
185.191.171.7 - - [26/Sep/2022:05:18:26 +0200] "GET /home-decoration-c-13.html?page=241 HTTP/1.0" 200 94472 "-" "Mozilla/5.0 (compatible; SemrushBot/7~bl; +http://www.semrush.com/bot.html)"
94.23.203.107 - - [26/Sep/2022:05:18:30 +0200] "GET /games-and-toys/toys/transformers-bumblebee-figurine-p-26118.html HTTP/1.0" 301 72127 "-" "Mozilla/5.0 (compatible; MJ12bot/v1.4.8; http://mj12bot.com/)"
94.23.203.107 - - [26/Sep/2022:05:18:35 +0200] "GET /-p-26118.html HTTP/1.0" 200 72060 "-" "Mozilla/5.0 (compatible; MJ12bot/v1.4.8; http://mj12bot.com/)"
216.244.66.242 - - [26/Sep/2022:05:18:38 +0200] "GET /images/041208_152538_PEEL_qatU9J.jpg HTTP/1.0" 200 271 "-" "Mozilla/5.0 (compatible; DotBot/1.2; +https://opensiteexplorer.org/dotbot; help@moz.com)"
185.191.171.25 - - [26/Sep/2022:05:18:42 +0200] "GET /-p-37618.html HTTP/1.0" 200 72060 "-" "Mozilla/5.0 (compatible; SemrushBot/7~bl; +http://www.semrush.com/bot.html)"
94.23.203.107 - - [26/Sep/2022:05:18:42 +0200] "GET /games-and-toys/toys/transformers-grimlock-figurine-p-26113.html HTTP/1.0" 301 72127 "-" "Mozilla/5.0 (compatible; MJ12bot/v1.4.8; http://mj12bot.com/)"
94.23.203.107 - - [26/Sep/2022:05:18:48 +0200] "GET /-p-26113.html HTTP/1.0" 200 72060 "-" "Mozilla/5.0 (compatible; MJ12bot/v1.4.8; http://mj12bot.com/)"
94.23.203.107 - - [26/Sep/2022:05:18:51 +0200] "GET /games-and-toys/toys/transformers-pradacon-skystalker-figure-p-25302.html HTTP/1.0" 301 72127 "-" "Mozilla/5.0 (compatible; MJ12bot/v1.4.8; http://mj12bot.com/)"
94.23.203.107 - - [26/Sep/2022:05:18:55 +0200] "GET /-p-25302.html HTTP/1.0" 200 72060 "-" "Mozilla/5.0 (compatible; MJ12bot/v1.4.8; http://mj12bot.com/)"
54.36.148.207 - - [26/Sep/2022:05:18:59 +0200] "GET /resin-statue-animals-savannah-p-54279.html HTTP/1.0" 200 75762 "-" "Mozilla/5.0 (compatible; AhrefsBot/7.0; +http://ahrefs.com/robot/)"
185.191.171.11 - - [26/Sep/2022:05:18:59 +0200] "GET /bronze-countertop-bell-p-53023.html HTTP/1.0" 200 74743 "-" "Mozilla/5.0 (compatible; SemrushBot/7~bl; +http://www.semrush.com/bot.html)"
94.23.203.107 - - [26/Sep/2022:05:19:00 +0200] "GET /games-and-toys/toys/transformers-rescue-bots-energize-blades-the-copterbot-p-27674.html HTTP/1.0" 301 72127 "-" "Mozilla/5.0 (compatible; MJ12bot/v1.4.8; http://mj12bot.com/)"
216.244.66.242 - - [26/Sep/2022:05:19:04 +0200] "GET /images/12485-strega-biancaneve.jpg HTTP/1.0" 200 269 "-" "Mozilla/5.0 (compatible; DotBot/1.2; +https://opensiteexplorer.org/dotbot; help@moz.com)"
54.36.148.202 - - [26/Sep/2022:05:19:04 +0200] "GET /images/big_prod/8424001708932.jpg HTTP/1.0" 200 268 "-" "Mozilla/5.0 (compatible; AhrefsBot/7.0; +http://ahrefs.com/robot/)"
54.36.148.57 - - [26/Sep/2022:05:19:05 +0200] "GET /images/big_prod_2/8424001708932C.jpg HTTP/1.0" 200 271 "-" "Mozilla/5.0 (compatible; AhrefsBot/7.0; +http://ahrefs.com/robot/)"
54.36.148.157 - - [26/Sep/2022:05:19:05 +0200] "GET /images/big_prod_1/8424001708932B.jpg HTTP/1.0" 200 271 "-" "Mozilla/5.0 (compatible; AhrefsBot/7.0; +http://ahrefs.com/robot/)"
94.23.203.107 - - [26/Sep/2022:05:19:05 +0200] "GET /-p-27674.html HTTP/1.0" 200 72060 "-" "Mozilla/5.0 (compatible; MJ12bot/v1.4.8; http://mj12bot.com/)"
94.23.203.107 - - [26/Sep/2022:05:19:10 +0200] "GET /games-and-toys/toys/transformers-rescue-bots-energize-boulder-the-constructionbot-p-27673.html HTTP/1.0" 301 72127 "-" "Mozilla/5.0 (compatible; MJ12bot/v1.4.8; http://mj12bot.com/)"
94.23.203.107 - - [26/Sep/2022:05:19:14 +0200] "GET /-p-27673.html HTTP/1.0" 200 72060 "-" "Mozilla/5.0 (compatible; MJ12bot/v1.4.8; http://mj12bot.com/)"
94.23.203.107 - - [26/Sep/2022:05:19:20 +0200] "GET /games-and-toys/toys/transformers-rid-flip-and-change-autobot-drift-figure-p-27682.html HTTP/1.0" 301 72127 "-" "Mozilla/5.0 (compatible; MJ12bot/v1.4.8; http://mj12bot.com/)"
94.23.203.107 - - [26/Sep/2022:05:19:23 +0200] "GET /-p-27682.html HTTP/1.0" 200 72060 "-" "Mozilla/5.0 (compatible; MJ12bot/v1.4.8; http://mj12bot.com/)"
94.23.203.107 - - [26/Sep/2022:05:19:28 +0200] "GET /games-and-toys/toys/transformers-rid-flip-and-change-bumblebee-figure-p-27687.html HTTP/1.0" 301 72127 "-" "Mozilla/5.0 (compatible; MJ12bot/v1.4.8; http://mj12bot.com/)"
94.23.203.107 - - [26/Sep/2022:05:19:31 +0200] "GET /-p-27687.html HTTP/1.0" 200 72060 "-" "Mozilla/5.0 (compatible; MJ12bot/v1.4.8; http://mj12bot.com/)"
185.191.171.35 - - [26/Sep/2022:05:19:37 +0200] "GET /artisan-plaster-thermometer-handcrafted-p-58006.html HTTP/1.0" 200 75778 "-" "Mozilla/5.0 (compatible; SemrushBot/7~bl; +http://www.semrush.com/bot.html)"
94.23.203.107 - - [26/Sep/2022:05:19:37 +0200] "GET /games-and-toys/toys/transformers-rid-flip-and-change-decepticon-lockdown-figure-p-27688.html HTTP/1.0" 301 72127 "-" "Mozilla/5.0 (compatible; MJ12bot/v1.4.8; http://mj12bot.com/)"
185.191.171.14 - - [26/Sep/2022:05:19:40 +0200] "GET /kitchen-timer-pink-metal-p-40920.html HTTP/1.0" 200 74727 "-" "Mozilla/5.0 (compatible; SemrushBot/7~bl; +http://www.semrush.com/bot.html)"
94.23.203.107 - - [26/Sep/2022:05:19:41 +0200] "GET /-p-27688.html HTTP/1.0" 200 72060 "-" "Mozilla/5.0 (compatible; MJ12bot/v1.4.8; http://mj12bot.com/)"
185.191.171.6 - - [26/Sep/2022:05:19:43 +0200] "GET /-p-44280.html HTTP/1.0" 200 72060 "-" "Mozilla/5.0 (compatible; SemrushBot/7~bl; +http://www.semrush.com/bot.html)"
66.249.65.170 - - [26/Sep/2022:05:19:43 +0200] "GET /beatles-cover-smartphone-p-8883.html HTTP/1.0" 200 74972 "-" "Mozilla/5.0 (Linux; Android 6.0.1; Nexus 5X Build/MMB29P) AppleWebKit/537.36 (KHTML, like Gecko) Chrome/105.0.5195.125 Mobile Safari/537.36 (compatible; Googlebot/2.1; +http://www.google.com/bot.html)"
94.23.203.107 - - [26/Sep/2022:05:19:48 +0200] "GET /games-and-toys/toys/transformers-rid-onestep-magic-autobot-hound-figure-p-27703.html HTTP/1.0" 301 72127 "-" "Mozilla/5.0 (compatible; MJ12bot/v1.4.8; http://mj12bot.com/)"
94.23.203.107 - - [26/Sep/2022:05:19:51 +0200] "GET /-p-27703.html HTTP/1.0" 200 72060 "-" "Mozilla/5.0 (compatible; MJ12bot/v1.4.8; http://mj12bot.com/)"
35.90.121.94 - - [26/Sep/2022:05:19:56 +0200] "GET /images/big_prod_1/8480269758164B.jpg HTTP/1.0" 200 271 "-" "Mozilla/5.0 (X11; Ubuntu; Linux x86_64; rv:72.0) Gecko/20100101 Firefox/72.0"
94.23.203.107 - - [26/Sep/2022:05:19:56 +0200] "GET /games-and-toys/toys/transformers-rid-onestep-magic-bumblebee-figure-p-27700.html HTTP/1.0" 301 72127 "-" "Mozilla/5.0 (compatible; MJ12bot/v1.4.8; http://mj12bot.com/)"
94.23.203.107 - - [26/Sep/2022:05:20:00 +0200] "GET /-p-27700.html HTTP/1.0" 200 72060 "-" "Mozilla/5.0 (compatible; MJ12bot/v1.4.8; http://mj12bot.com/)"
94.23.203.107 - - [26/Sep/2022:05:20:03 +0200] "GET /games-and-toys/toys/transformers-rid-onestep-magic-dinobot-slash-figure-p-27705.html HTTP/1.0" 301 72127 "-" "Mozilla/5.0 (compatible; MJ12bot/v1.4.8; http://mj12bot.com/)"
94.23.203.107 - - [26/Sep/2022:05:20:07 +0200] "GET /-p-27705.html HTTP/1.0" 200 72060 "-" "Mozilla/5.0 (compatible; MJ12bot/v1.4.8; http://mj12bot.com/)"
94.23.203.107 - - [26/Sep/2022:05:20:11 +0200] "GET /games-and-toys/toys/transformers-rid-onestep-magic-lockdown-figure-p-27694.html HTTP/1.0" 301 72127 "-" "Mozilla/5.0 (compatible; MJ12bot/v1.4.8; http://mj12bot.com/)"
94.23.203.107 - - [26/Sep/2022:05:20:14 +0200] "GET /-p-27694.html HTTP/1.0" 200 72060 "-" "Mozilla/5.0 (compatible; MJ12bot/v1.4.8; http://mj12bot.com/)"
94.23.203.107 - - [26/Sep/2022:05:20:21 +0200] "GET /games-and-toys/toys/transformers-starscream-figurine-p-26124.html HTTP/1.0" 301 72127 "-" "Mozilla/5.0 (compatible; MJ12bot/v1.4.8; http://mj12bot.com/)"
35.90.225.135 - - [26/Sep/2022:05:20:24 +0200] "GET /images/mini_prod/3457019604168.jpg HTTP/1.0" 200 269 "-" "Mozilla/5.0 (X11; Ubuntu; Linux x86_64; rv:72.0) Gecko/20100101 Firefox/72.0"
94.23.203.107 - - [26/Sep/2022:05:20:24 +0200] "GET /-p-26124.html HTTP/1.0" 200 72060 "-" "Mozilla/5.0 (compatible; MJ12bot/v1.4.8; http://mj12bot.com/)"
94.23.203.107 - - [26/Sep/2022:05:20:31 +0200] "GET /games-and-toys/toys/vilac-funny-cars-magnetic-p-27765.html HTTP/1.0" 301 72127 "-" "Mozilla/5.0 (compatible; MJ12bot/v1.4.8; http://mj12bot.com/)"
54.36.148.74 - - [26/Sep/2022:05:20:31 +0200] "GET /tea-pot-c-12_175.html?page=5 HTTP/1.0" 200 95292 "-" "Mozilla/5.0 (compatible; AhrefsBot/7.0; +http://ahrefs.com/robot/)"
94.23.203.107 - - [26/Sep/2022:05:20:34 +0200] "GET /-p-27765.html HTTP/1.0" 200 72060 "-" "Mozilla/5.0 (compatible; MJ12bot/v1.4.8; http://mj12bot.com/)"
54.36.148.31 - - [26/Sep/2022:05:20:38 +0200] "GET /images/mini_prod/1957.jpg HTTP/1.0" 200 260 "-" "Mozilla/5.0 (compatible; AhrefsBot/7.0; +http://ahrefs.com/robot/)"
54.36.148.81 - - [26/Sep/2022:05:20:38 +0200] "GET /images/mini_prod/067103137149.jpg HTTP/1.0" 200 268 "-" "Mozilla/5.0 (compatible; AhrefsBot/7.0; +http://ahrefs.com/robot/)"
54.36.148.181 - - [26/Sep/2022:05:20:38 +0200] "GET /images/mini_prod/3560600312257.jpg HTTP/1.0" 200 269 "-" "Mozilla/5.0 (compatible; AhrefsBot/7.0; +http://ahrefs.com/robot/)"
54.36.148.31 - - [26/Sep/2022:05:20:39 +0200] "GET /images/mini_prod/8433933228609A.jpg HTTP/1.0" 200 270 "-" "Mozilla/5.0 (compatible; AhrefsBot/7.0; +http://ahrefs.com/robot/)"
54.36.148.87 - - [26/Sep/2022:05:20:39 +0200] "GET /images/mini_prod/8422018988415.jpg HTTP/1.0" 200 269 "-" "Mozilla/5.0 (compatible; AhrefsBot/7.0; +http://ahrefs.com/robot/)"
54.36.148.123 - - [26/Sep/2022:05:20:39 +0200] "GET /images/mini_prod/3560600301985.jpg HTTP/1.0" 200 269 "-" "Mozilla/5.0 (compatible; AhrefsBot/7.0; +http://ahrefs.com/robot/)"
54.36.148.110 - - [26/Sep/2022:05:20:39 +0200] "GET /images/mini_prod/8433933111734.jpg HTTP/1.0" 200 269 "-" "Mozilla/5.0 (compatible; AhrefsBot/7.0; +http://ahrefs.com/robot/)"
54.36.148.155 - - [26/Sep/2022:05:20:39 +0200] "GET /images/mini_prod/8422018988019.jpg HTTP/1.0" 200 269 "-" "Mozilla/5.0 (compatible; AhrefsBot/7.0; +http://ahrefs.com/robot/)"
54.36.148.148 - - [26/Sep/2022:05:20:40 +0200] "GET /images/mini_prod/3503420146060.jpg HTTP/1.0" 200 269 "-" "Mozilla/5.0 (compatible; AhrefsBot/7.0; +http://ahrefs.com/robot/)"
54.36.148.65 - - [26/Sep/2022:05:20:40 +0200] "GET /images/mini_prod/22878signes.jpg HTTP/1.0" 200 267 "-" "Mozilla/5.0 (compatible; AhrefsBot/7.0; +http://ahrefs.com/robot/)"
54.36.148.146 - - [26/Sep/2022:05:20:40 +0200] "GET /images/mini_prod/8422018988408.jpg HTTP/1.0" 200 269 "-" "Mozilla/5.0 (compatible; AhrefsBot/7.0; +http://ahrefs.com/robot/)"
54.36.148.150 - - [26/Sep/2022:05:20:40 +0200] "GET /images/mini_prod/8720088295847.jpg HTTP/1.0" 200 269 "-" "Mozilla/5.0 (compatible; AhrefsBot/7.0; +http://ahrefs.com/robot/)"
54.36.148.79 - - [26/Sep/2022:05:20:40 +0200] "GET /images/mini_prod/8424001228614.jpg HTTP/1.0" 200 269 "-" "Mozilla/5.0 (compatible; AhrefsBot/7.0; +http://ahrefs.com/robot/)"
54.36.149.85 - - [26/Sep/2022:05:20:40 +0200] "GET /images/mini_prod/8422018988507.jpg HTTP/1.0" 200 269 "-" "Mozilla/5.0 (compatible; AhrefsBot/7.0; +http://ahrefs.com/robot/)"
54.36.148.218 - - [26/Sep/2022:05:20:40 +0200] "GET /images/mini_prod/8433933228616A.jpg HTTP/1.0" 200 270 "-" "Mozilla/5.0 (compatible; AhrefsBot/7.0; +http://ahrefs.com/robot/)"
54.36.148.120 - - [26/Sep/2022:05:20:40 +0200] "GET /images/mini_prod/8422018988606.jpg HTTP/1.0" 200 269 "-" "Mozilla/5.0 (compatible; AhrefsBot/7.0; +http://ahrefs.com/robot/)"
54.36.148.237 - - [26/Sep/2022:05:20:41 +0200] "GET /images/mini_prod/8433933758878.jpg HTTP/1.0" 200 269 "-" "Mozilla/5.0 (compatible; AhrefsBot/7.0; +http://ahrefs.com/robot/)"
54.36.149.33 - - [26/Sep/2022:05:20:41 +0200] "GET /images/mini_prod/8424001727544.jpg HTTP/1.0" 200 269 "-" "Mozilla/5.0 (compatible; AhrefsBot/7.0; +http://ahrefs.com/robot/)"
54.36.148.68 - - [26/Sep/2022:05:20:41 +0200] "GET /images/mini_prod/8433933012529.jpg HTTP/1.0" 200 269 "-" "Mozilla/5.0 (compatible; AhrefsBot/7.0; +http://ahrefs.com/robot/)"
94.23.203.107 - - [26/Sep/2022:05:20:40 +0200] "GET /games-and-toys/toys/vilac-wooden-pieces-magnets-figures-p-27768.html HTTP/1.0" 301 72127 "-" "Mozilla/5.0 (compatible; MJ12bot/v1.4.8; http://mj12bot.com/)"
94.23.203.107 - - [26/Sep/2022:05:20:43 +0200] "GET /-p-27768.html HTTP/1.0" 200 72060 "-" "Mozilla/5.0 (compatible; MJ12bot/v1.4.8; http://mj12bot.com/)"
94.23.203.107 - - [26/Sep/2022:05:20:47 +0200] "GET /games-and-toys/toys/walking-with-dinosaurs-the-movie-gorgon-p-25056.html HTTP/1.0" 301 72127 "-" "Mozilla/5.0 (compatible; MJ12bot/v1.4.8; http://mj12bot.com/)"
94.23.203.107 - - [26/Sep/2022:05:20:51 +0200] "GET /-p-25056.html HTTP/1.0" 200 72060 "-" "Mozilla/5.0 (compatible; MJ12bot/v1.4.8; http://mj12bot.com/)"
94.23.203.107 - - [26/Sep/2022:05:20:55 +0200] "GET /games-and-toys/toys/walking-with-dinosaurs-the-movie-gorgon-patchi-p-25057.html HTTP/1.0" 301 72127 "-" "Mozilla/5.0 (compatible; MJ12bot/v1.4.8; http://mj12bot.com/)"
94.23.203.107 - - [26/Sep/2022:05:20:58 +0200] "GET /-p-25057.html HTTP/1.0" 200 72060 "-" "Mozilla/5.0 (compatible; MJ12bot/v1.4.8; http://mj12bot.com/)"
94.23.203.107 - - [26/Sep/2022:05:21:02 +0200] "GET /games-and-toys/toys/walking-with-dinosaurs-the-movie-patchi-p-27236.html HTTP/1.0" 301 72127 "-" "Mozilla/5.0 (compatible; MJ12bot/v1.4.8; http://mj12bot.com/)"
94.23.203.107 - - [26/Sep/2022:05:21:05 +0200] "GET /-p-27236.html HTTP/1.0" 200 72060 "-" "Mozilla/5.0 (compatible; MJ12bot/v1.4.8; http://mj12bot.com/)"
216.244.66.242 - - [26/Sep/2022:05:21:07 +0200] "GET /home/stationery-school-supplies/crayola-set-jumbo-crayons-p-16599.html HTTP/1.0" 301 651 "-" "Mozilla/5.0 (compatible; DotBot/1.2; +https://opensiteexplorer.org/dotbot; help@moz.com)"
94.23.203.107 - - [26/Sep/2022:05:21:09 +0200] "GET /games-and-toys/toys/warriors-soft-green-sword-foam-p-19889.html HTTP/1.0" 301 72127 "-" "Mozilla/5.0 (compatible; MJ12bot/v1.4.8; http://mj12bot.com/)"
87.250.224.188 - - [26/Sep/2022:05:21:11 +0200] "GET /images/med_prod/1345544823241.jpg HTTP/1.0" 200 268 "-" "Mozilla/5.0 (compatible; YandexImages/3.0; +http://yandex.com/bots)"
94.23.203.107 - - [26/Sep/2022:05:21:12 +0200] "GET /-p-19889.html HTTP/1.0" 200 72060 "-" "Mozilla/5.0 (compatible; MJ12bot/v1.4.8; http://mj12bot.com/)"
42.194.215.216 - - [26/Sep/2022:05:21:17 +0200] "GET /images/mini_prod/028399102464.jpg HTTP/1.0" 200 268 "-" "Mozilla/5.0 (X11; Ubuntu; Linux x86_64; rv:72.0) Gecko/20100101 Firefox/72.0"
94.23.203.107 - - [26/Sep/2022:05:21:16 +0200] "GET /games-and-toys/toys/winnie-the-pooh-and-tigger-swimming-armband-p-9110.html HTTP/1.0" 301 72124 "-" "Mozilla/5.0 (compatible; MJ12bot/v1.4.8; http://mj12bot.com/)"
94.23.203.107 - - [26/Sep/2022:05:21:19 +0200] "GET /-p-9110.html HTTP/1.0" 200 72058 "-" "Mozilla/5.0 (compatible; MJ12bot/v1.4.8; http://mj12bot.com/)"
94.23.203.107 - - [26/Sep/2022:05:21:23 +0200] "GET /games-and-toys/water-and-outdoor-games-c-4_143.html HTTP/1.0" 301 93829 "-" "Mozilla/5.0 (compatible; MJ12bot/v1.4.8; http://mj12bot.com/)"
94.23.203.107 - - [26/Sep/2022:05:21:26 +0200] "GET /water-outdoor-games-c-143.html HTTP/1.0" 301 93717 "-" "Mozilla/5.0 (compatible; MJ12bot/v1.4.8; http://mj12bot.com/)"
94.23.203.107 - - [26/Sep/2022:05:21:29 +0200] "GET /water-outdoor-games-c-4_143.html HTTP/1.0" 200 93745 "-" "Mozilla/5.0 (compatible; MJ12bot/v1.4.8; http://mj12bot.com/)"
94.23.203.107 - - [26/Sep/2022:05:21:34 +0200] "GET /games-and-toys/water-and-outdoor-games-c-4_143.html?page=1 HTTP/1.0" 301 93847 "-" "Mozilla/5.0 (compatible; MJ12bot/v1.4.8; http://mj12bot.com/)"
94.23.203.107 - - [26/Sep/2022:05:21:37 +0200] "GET /water-outdoor-games-c-143.html?page=1 HTTP/1.0" 301 93735 "-" "Mozilla/5.0 (compatible; MJ12bot/v1.4.8; http://mj12bot.com/)"
94.23.203.107 - - [26/Sep/2022:05:21:41 +0200] "GET /water-outdoor-games-c-4_143.html?page=1 HTTP/1.0" 200 93756 "-" "Mozilla/5.0 (compatible; MJ12bot/v1.4.8; http://mj12bot.com/)"
94.23.203.107 - - [26/Sep/2022:05:21:46 +0200] "GET /games-and-toys/water-and-outdoor-games-c-4_143.html?page=6 HTTP/1.0" 301 83271 "-" "Mozilla/5.0 (compatible; MJ12bot/v1.4.8; http://mj12bot.com/)"
185.191.171.1 - - [26/Sep/2022:05:21:48 +0200] "GET /white-natural-mini-wooden-p-55036.html HTTP/1.0" 200 75591 "-" "Mozilla/5.0 (compatible; SemrushBot/7~bl; +http://www.semrush.com/bot.html)"
94.23.203.107 - - [26/Sep/2022:05:21:49 +0200] "GET /water-outdoor-games-c-143.html?page=6 HTTP/1.0" 301 83159 "-" "Mozilla/5.0 (compatible; MJ12bot/v1.4.8; http://mj12bot.com/)"
94.23.203.107 - - [26/Sep/2022:05:21:53 +0200] "GET /water-outdoor-games-c-4_143.html?page=6 HTTP/1.0" 200 83180 "-" "Mozilla/5.0 (compatible; MJ12bot/v1.4.8; http://mj12bot.com/)"
94.23.203.107 - - [26/Sep/2022:05:21:56 +0200] "GET /games-and-toys/water-and-outdoor-games/barbapapa-bath-toys-animals-p-15681.html HTTP/1.0" 301 72127 "-" "Mozilla/5.0 (compatible; MJ12bot/v1.4.8; http://mj12bot.com/)"
94.23.203.107 - - [26/Sep/2022:05:21:59 +0200] "GET /-p-15681.html HTTP/1.0" 200 72060 "-" "Mozilla/5.0 (compatible; MJ12bot/v1.4.8; http://mj12bot.com/)"
157.55.39.80 - - [26/Sep/2022:05:22:02 +0200] "GET /images/3298060223386.jpg.jpg HTTP/1.0" 200 263 "-" "Mozilla/5.0 (compatible; bingbot/2.0; +http://www.bing.com/bingbot.htm)"
94.23.203.107 - - [26/Sep/2022:05:22:02 +0200] "GET /games-and-toys/water-and-outdoor-games/barbapapa-inflatable-balloon-p-14001.html HTTP/1.0" 301 72127 "-" "Mozilla/5.0 (compatible; MJ12bot/v1.4.8; http://mj12bot.com/)"
94.23.203.107 - - [26/Sep/2022:05:22:06 +0200] "GET /-p-14001.html HTTP/1.0" 200 72060 "-" "Mozilla/5.0 (compatible; MJ12bot/v1.4.8; http://mj12bot.com/)"
34.198.236.55 - - [26/Sep/2022:05:22:07 +0200] "GET /images/mini_prod/1399984258422.jpg HTTP/1.0" 200 269 "-" "Mozilla/5.0 (X11; Ubuntu; Linux x86_64; rv:72.0) Gecko/20100101 Firefox/72.0"
94.23.203.107 - - [26/Sep/2022:05:22:09 +0200] "GET /games-and-toys/water-and-outdoor-games/barbapapa-jump-rope-p-6652.html HTTP/1.0" 301 72124 "-" "Mozilla/5.0 (compatible; MJ12bot/v1.4.8; http://mj12bot.com/)"
94.23.203.107 - - [26/Sep/2022:05:22:12 +0200] "GET /-p-6652.html HTTP/1.0" 200 72058 "-" "Mozilla/5.0 (compatible; MJ12bot/v1.4.8; http://mj12bot.com/)"
185.191.171.1 - - [26/Sep/2022:05:22:15 +0200] "GET /beige-metal-chandelier-p-58727.html HTTP/1.0" 200 75543 "-" "Mozilla/5.0 (compatible; SemrushBot/7~bl; +http://www.semrush.com/bot.html)"
94.23.203.107 - - [26/Sep/2022:05:22:16 +0200] "GET /games-and-toys/water-and-outdoor-games/barbapapa-rugby-ball-p-28353.html HTTP/1.0" 301 72127 "-" "Mozilla/5.0 (compatible; MJ12bot/v1.4.8; http://mj12bot.com/)"
54.36.149.23 - - [26/Sep/2022:05:22:17 +0200] "GET /cherry-musical-jewelry-p-16470.html HTTP/1.0" 200 75033 "-" "Mozilla/5.0 (compatible; AhrefsBot/7.0; +http://ahrefs.com/robot/)"
94.23.203.107 - - [26/Sep/2022:05:22:20 +0200] "GET /-p-28353.html HTTP/1.0" 200 72060 "-" "Mozilla/5.0 (compatible; MJ12bot/v1.4.8; http://mj12bot.com/)"
94.23.203.107 - - [26/Sep/2022:05:22:24 +0200] "GET /games-and-toys/water-and-outdoor-games/barbapapa-soft-ball-p-19431.html HTTP/1.0" 301 72127 "-" "Mozilla/5.0 (compatible; MJ12bot/v1.4.8; http://mj12bot.com/)"
94.23.203.107 - - [26/Sep/2022:05:22:27 +0200] "GET /-p-19431.html HTTP/1.0" 200 72060 "-" "Mozilla/5.0 (compatible; MJ12bot/v1.4.8; http://mj12bot.com/)"
94.23.203.107 - - [26/Sep/2022:05:22:31 +0200] "GET /games-and-toys/water-and-outdoor-games/barbapapa-swimming-ring-p-13995.html HTTP/1.0" 301 72127 "-" "Mozilla/5.0 (compatible; MJ12bot/v1.4.8; http://mj12bot.com/)"
94.23.203.107 - - [26/Sep/2022:05:22:34 +0200] "GET /-p-13995.html HTTP/1.0" 200 72060 "-" "Mozilla/5.0 (compatible; MJ12bot/v1.4.8; http://mj12bot.com/)"
94.23.203.107 - - [26/Sep/2022:05:22:38 +0200] "GET /games-and-toys/water-and-outdoor-games/barbapapa-wheels-scooter-p-24377.html HTTP/1.0" 301 72127 "-" "Mozilla/5.0 (compatible; MJ12bot/v1.4.8; http://mj12bot.com/)"
185.191.171.41 - - [26/Sep/2022:05:22:41 +0200] "GET /mimosa-branch-adhesive-decoration-board-p-55494.html HTTP/1.0" 200 75541 "-" "Mozilla/5.0 (compatible; SemrushBot/7~bl; +http://www.semrush.com/bot.html)"
94.23.203.107 - - [26/Sep/2022:05:22:41 +0200] "GET /-p-24377.html HTTP/1.0" 200 72060 "-" "Mozilla/5.0 (compatible; MJ12bot/v1.4.8; http://mj12bot.com/)"
94.23.203.107 - - [26/Sep/2022:05:22:46 +0200] "GET /games-and-toys/water-and-outdoor-games/batman-swim-vest-p-19976.html HTTP/1.0" 301 72127 "-" "Mozilla/5.0 (compatible; MJ12bot/v1.4.8; http://mj12bot.com/)"
94.23.203.107 - - [26/Sep/2022:05:22:50 +0200] "GET /-p-19976.html HTTP/1.0" 200 72060 "-" "Mozilla/5.0 (compatible; MJ12bot/v1.4.8; http://mj12bot.com/)"
94.23.203.107 - - [26/Sep/2022:05:22:54 +0200] "GET /games-and-toys/water-and-outdoor-games/batman-swimming-ring-p-24427.html HTTP/1.0" 301 72127 "-" "Mozilla/5.0 (compatible; MJ12bot/v1.4.8; http://mj12bot.com/)"
94.23.203.107 - - [26/Sep/2022:05:22:58 +0200] "GET /-p-24427.html HTTP/1.0" 200 72060 "-" "Mozilla/5.0 (compatible; MJ12bot/v1.4.8; http://mj12bot.com/)"
216.244.66.242 - - [26/Sep/2022:05:22:58 +0200] "GET /game-watch-iphone-cover-p-24918.html HTTP/1.0" 200 74560 "-" "Mozilla/5.0 (compatible; DotBot/1.2; +https://opensiteexplorer.org/dotbot; help@moz.com)"
185.191.171.16 - - [26/Sep/2022:05:23:00 +0200] "GET /gorjuss-glass-wall-clock-tall-tails-p-53944.html HTTP/1.0" 200 72194 "-" "Mozilla/5.0 (compatible; SemrushBot/7~bl; +http://www.semrush.com/bot.html)"
94.23.203.107 - - [26/Sep/2022:05:23:01 +0200] "GET /games-and-toys/water-and-outdoor-games/beyblade-inflatable-boat-p-14361.html HTTP/1.0" 301 75183 "-" "Mozilla/5.0 (compatible; MJ12bot/v1.4.8; http://mj12bot.com/)"
