54.36.148.5 - - [26/Sep/2022:04:06:00 +0200] "GET /images/mini_prod/8052862287749.jpg HTTP/1.0" 200 269 "-" "Mozilla/5.0 (compatible; AhrefsBot/7.0; +http://ahrefs.com/robot/)"
42.194.215.216 - - [26/Sep/2022:04:06:00 +0200] "GET /images/mini_prod/4036113811871.jpg HTTP/1.0" 200 269 "-" "Mozilla/5.0 (X11; Ubuntu; Linux x86_64; rv:72.0) Gecko/20100101 Firefox/72.0"
94.23.203.202 - - [26/Sep/2022:04:05:58 +0200] "GET /gorjuss-heart-shaped-tin-time-to-fly-p-49472.html HTTP/1.0" 301 75772 "-" "Mozilla/5.0 (compatible; MJ12bot/v1.4.8; http://mj12bot.com/)"
94.23.203.202 - - [26/Sep/2022:04:06:04 +0200] "GET /gorjuss-heart-shaped-time-p-49472.html HTTP/1.0" 200 75680 "-" "Mozilla/5.0 (compatible; MJ12bot/v1.4.8; http://mj12bot.com/)"
94.23.203.202 - - [26/Sep/2022:04:06:07 +0200] "GET /gorjuss-heart-shaped-tin-we-walk-together-p-49475.html HTTP/1.0" 301 75839 "-" "Mozilla/5.0 (compatible; MJ12bot/v1.4.8; http://mj12bot.com/)"
75.119.142.113 - - [26/Sep/2022:04:06:08 +0200] "GET /-p-14698.html HTTP/1.0" 200 72060 "-" "Mozilla/5.0 (compatible; MJ12bot/v1.4.8; http://mj12bot.com/)"
95.217.195.123 - - [26/Sep/2022:04:06:09 +0200] "GET /-p-34638.html HTTP/1.0" 200 72060 "-" "Mozilla/5.0 (compatible; MJ12bot/v1.4.8; http://mj12bot.com/)"
94.23.203.202 - - [26/Sep/2022:04:06:11 +0200] "GET /gorjuss-heart-shaped-walk-together-p-49475.html HTTP/1.0" 200 75738 "-" "Mozilla/5.0 (compatible; MJ12bot/v1.4.8; http://mj12bot.com/)"
95.217.195.123 - - [26/Sep/2022:04:06:19 +0200] "GET /abstract-ceramic-motif-lamp-55-cm-p-49334.html HTTP/1.0" 301 72264 "-" "Mozilla/5.0 (compatible; MJ12bot/v1.4.8; http://mj12bot.com/)"
162.231.59.242 - - [26/Sep/2022:04:06:19 +0200] "GET /weapon-mtal-keyring-five-seven-p-31989.html HTTP/1.0" 200 74804 "https://www.google.com/" "Mozilla/5.0 (iPhone; CPU iPhone OS 15_6_1 like Mac OS X) AppleWebKit/605.1.15 (KHTML, like Gecko) Version/15.6.1 Mobile/15E148 Safari/604.1"
162.231.59.242 - - [26/Sep/2022:04:06:20 +0200] "GET /templates/Pixame_v1/stylesheet.css HTTP/1.0" 200 267 "http://www.wonder-geek.com/weapon-mtal-keyring-five-seven-p-31989.html" "Mozilla/5.0 (iPhone; CPU iPhone OS 15_6_1 like Mac OS X) AppleWebKit/605.1.15 (KHTML, like Gecko) Version/15.6.1 Mobile/15E148 Safari/604.1"
162.231.59.242 - - [26/Sep/2022:04:06:21 +0200] "GET /js/jquery.js HTTP/1.0" 200 252 "http://www.wonder-geek.com/weapon-mtal-keyring-five-seven-p-31989.html" "Mozilla/5.0 (iPhone; CPU iPhone OS 15_6_1 like Mac OS X) AppleWebKit/605.1.15 (KHTML, like Gecko) Version/15.6.1 Mobile/15E148 Safari/604.1"
162.231.59.242 - - [26/Sep/2022:04:06:21 +0200] "GET /js/jquery.jqzoom.js HTTP/1.0" 200 259 "http://www.wonder-geek.com/weapon-mtal-keyring-five-seven-p-31989.html" "Mozilla/5.0 (iPhone; CPU iPhone OS 15_6_1 like Mac OS X) AppleWebKit/605.1.15 (KHTML, like Gecko) Version/15.6.1 Mobile/15E148 Safari/604.1"
162.231.59.242 - - [26/Sep/2022:04:06:21 +0200] "GET /mondial_relay/js/jquery-1.3.2.min.js HTTP/1.0" 200 276 "http://www.wonder-geek.com/weapon-mtal-keyring-five-seven-p-31989.html" "Mozilla/5.0 (iPhone; CPU iPhone OS 15_6_1 like Mac OS X) AppleWebKit/605.1.15 (KHTML, like Gecko) Version/15.6.1 Mobile/15E148 Safari/604.1"
162.231.59.242 - - [26/Sep/2022:04:06:21 +0200] "GET /highslide/highslide.js HTTP/1.0" 200 262 "http://www.wonder-geek.com/weapon-mtal-keyring-five-seven-p-31989.html" "Mozilla/5.0 (iPhone; CPU iPhone OS 15_6_1 like Mac OS X) AppleWebKit/605.1.15 (KHTML, like Gecko) Version/15.6.1 Mobile/15E148 Safari/604.1"
162.231.59.242 - - [26/Sep/2022:04:06:21 +0200] "GET /swfobject.js HTTP/1.0" 404 1308 "http://www.wonder-geek.com/weapon-mtal-keyring-five-seven-p-31989.html" "Mozilla/5.0 (iPhone; CPU iPhone OS 15_6_1 like Mac OS X) AppleWebKit/605.1.15 (KHTML, like Gecko) Version/15.6.1 Mobile/15E148 Safari/604.1"
162.231.59.242 - - [26/Sep/2022:04:06:21 +0200] "GET /templates/Pixame_v1/images/icon_accueil2.png HTTP/1.0" 200 278 "http://www.wonder-geek.com/weapon-mtal-keyring-five-seven-p-31989.html" "Mozilla/5.0 (iPhone; CPU iPhone OS 15_6_1 like Mac OS X) AppleWebKit/605.1.15 (KHTML, like Gecko) Version/15.6.1 Mobile/15E148 Safari/604.1"
162.231.59.242 - - [26/Sep/2022:04:06:21 +0200] "GET /templates/Pixame_v1/images/infobox/pixel_trans.gif HTTP/1.0" 200 328 "http://www.wonder-geek.com/weapon-mtal-keyring-five-seven-p-31989.html" "Mozilla/5.0 (iPhone; CPU iPhone OS 15_6_1 like Mac OS X) AppleWebKit/605.1.15 (KHTML, like Gecko) Version/15.6.1 Mobile/15E148 Safari/604.1"
162.231.59.242 - - [26/Sep/2022:04:06:21 +0200] "GET /templates/Pixame_v1/images/header.png HTTP/1.0" 200 271 "http://www.wonder-geek.com/weapon-mtal-keyring-five-seven-p-31989.html" "Mozilla/5.0 (iPhone; CPU iPhone OS 15_6_1 like Mac OS X) AppleWebKit/605.1.15 (KHTML, like Gecko) Version/15.6.1 Mobile/15E148 Safari/604.1"
162.231.59.242 - - [26/Sep/2022:04:06:21 +0200] "GET /templates/Pixame_v1/images/Bottom_texture.jpg HTTP/1.0" 200 280 "http://www.wonder-geek.com/weapon-mtal-keyring-five-seven-p-31989.html" "Mozilla/5.0 (iPhone; CPU iPhone OS 15_6_1 like Mac OS X) AppleWebKit/605.1.15 (KHTML, like Gecko) Version/15.6.1 Mobile/15E148 Safari/604.1"
162.231.59.242 - - [26/Sep/2022:04:06:21 +0200] "GET /templates/Pixame_v1/images/Middle_texture.jpg HTTP/1.0" 200 280 "http://www.wonder-geek.com/weapon-mtal-keyring-five-seven-p-31989.html" "Mozilla/5.0 (iPhone; CPU iPhone OS 15_6_1 like Mac OS X) AppleWebKit/605.1.15 (KHTML, like Gecko) Version/15.6.1 Mobile/15E148 Safari/604.1"
162.231.59.242 - - [26/Sep/2022:04:06:21 +0200] "GET /templates/Pixame_v1/images/header-object.png HTTP/1.0" 200 278 "http://www.wonder-geek.com/weapon-mtal-keyring-five-seven-p-31989.html" "Mozilla/5.0 (iPhone; CPU iPhone OS 15_6_1 like Mac OS X) AppleWebKit/605.1.15 (KHTML, like Gecko) Version/15.6.1 Mobile/15E148 Safari/604.1"
162.231.59.242 - - [26/Sep/2022:04:06:21 +0200] "GET /templates/Pixame_v1/images/nav.png HTTP/1.0" 200 268 "http://www.wonder-geek.com/weapon-mtal-keyring-five-seven-p-31989.html" "Mozilla/5.0 (iPhone; CPU iPhone OS 15_6_1 like Mac OS X) AppleWebKit/605.1.15 (KHTML, like Gecko) Version/15.6.1 Mobile/15E148 Safari/604.1"
94.23.203.202 - - [26/Sep/2022:04:06:19 +0200] "GET /gorjuss-heart-shaped-walk-together-p-49475.html HTTP/1.0" 200 75738 "-" "Mozilla/5.0 (compatible; MJ12bot/v1.4.8; http://mj12bot.com/)"
162.231.59.242 - - [26/Sep/2022:04:06:22 +0200] "GET /templates/Pixame_v1/images/pixel_trans.gif HTTP/1.0" 200 328 "http://www.wonder-geek.com/weapon-mtal-keyring-five-seven-p-31989.html" "Mozilla/5.0 (iPhone; CPU iPhone OS 15_6_1 like Mac OS X) AppleWebKit/605.1.15 (KHTML, like Gecko) Version/15.6.1 Mobile/15E148 Safari/604.1"
162.231.59.242 - - [26/Sep/2022:04:06:22 +0200] "GET /images/med_prod/1384010176511.jpg HTTP/1.0" 200 268 "http://www.wonder-geek.com/weapon-mtal-keyring-five-seven-p-31989.html" "Mozilla/5.0 (iPhone; CPU iPhone OS 15_6_1 like Mac OS X) AppleWebKit/605.1.15 (KHTML, like Gecko) Version/15.6.1 Mobile/15E148 Safari/604.1"
162.231.59.242 - - [26/Sep/2022:04:06:22 +0200] "GET /templates/Pixame_v1/images/buttons/english/button_in_cart.gif HTTP/1.0" 200 295 "http://www.wonder-geek.com/weapon-mtal-keyring-five-seven-p-31989.html" "Mozilla/5.0 (iPhone; CPU iPhone OS 15_6_1 like Mac OS X) AppleWebKit/605.1.15 (KHTML, like Gecko) Version/15.6.1 Mobile/15E148 Safari/604.1"
162.231.59.242 - - [26/Sep/2022:04:06:22 +0200] "GET /templates/Pixame_v1/images/infobox/infobox_footer_middle.gif HTTP/1.0" 200 357 "http://www.wonder-geek.com/weapon-mtal-keyring-five-seven-p-31989.html" "Mozilla/5.0 (iPhone; CPU iPhone OS 15_6_1 like Mac OS X) AppleWebKit/605.1.15 (KHTML, like Gecko) Version/15.6.1 Mobile/15E148 Safari/604.1"
162.231.59.242 - - [26/Sep/2022:04:06:22 +0200] "GET /images/pixel_trans.gif HTTP/1.0" 200 328 "http://www.wonder-geek.com/weapon-mtal-keyring-five-seven-p-31989.html" "Mozilla/5.0 (iPhone; CPU iPhone OS 15_6_1 like Mac OS X) AppleWebKit/605.1.15 (KHTML, like Gecko) Version/15.6.1 Mobile/15E148 Safari/604.1"
162.231.59.242 - - [26/Sep/2022:04:06:22 +0200] "GET /design/productsenstock.png HTTP/1.0" 200 260 "http://www.wonder-geek.com/weapon-mtal-keyring-five-seven-p-31989.html" "Mozilla/5.0 (iPhone; CPU iPhone OS 15_6_1 like Mac OS X) AppleWebKit/605.1.15 (KHTML, like Gecko) Version/15.6.1 Mobile/15E148 Safari/604.1"
162.231.59.242 - - [26/Sep/2022:04:06:22 +0200] "GET /highslide/graphics/zoomin.cur HTTP/1.0" 200 614 "http://www.wonder-geek.com/weapon-mtal-keyring-five-seven-p-31989.html" "Mozilla/5.0 (iPhone; CPU iPhone OS 15_6_1 like Mac OS X) AppleWebKit/605.1.15 (KHTML, like Gecko) Version/15.6.1 Mobile/15E148 Safari/604.1"
75.119.142.113 - - [26/Sep/2022:04:06:22 +0200] "GET /-p-14979.html HTTP/1.0" 200 72060 "-" "Mozilla/5.0 (compatible; MJ12bot/v1.4.8; http://mj12bot.com/)"
162.231.59.242 - - [26/Sep/2022:04:06:24 +0200] "GET /highslide/graphics/outlines/drop-shadow.png HTTP/1.0" 200 277 "http://www.wonder-geek.com/weapon-mtal-keyring-five-seven-p-31989.html" "Mozilla/5.0 (iPhone; CPU iPhone OS 15_6_1 like Mac OS X) AppleWebKit/605.1.15 (KHTML, like Gecko) Version/15.6.1 Mobile/15E148 Safari/604.1"
162.231.59.242 - - [26/Sep/2022:04:06:24 +0200] "GET /highslide/graphics/loader.white.gif HTTP/1.0" 200 960 "http://www.wonder-geek.com/weapon-mtal-keyring-five-seven-p-31989.html" "Mozilla/5.0 (iPhone; CPU iPhone OS 15_6_1 like Mac OS X) AppleWebKit/605.1.15 (KHTML, like Gecko) Version/15.6.1 Mobile/15E148 Safari/604.1"
162.231.59.242 - - [26/Sep/2022:04:06:24 +0200] "GET /highslide/graphics/zoomout.cur HTTP/1.0" 200 614 "http://www.wonder-geek.com/weapon-mtal-keyring-five-seven-p-31989.html" "Mozilla/5.0 (iPhone; CPU iPhone OS 15_6_1 like Mac OS X) AppleWebKit/605.1.15 (KHTML, like Gecko) Version/15.6.1 Mobile/15E148 Safari/604.1"
94.23.203.202 - - [26/Sep/2022:04:06:24 +0200] "GET /gorjuss-keyring-bee-loved-p-47745.html HTTP/1.0" 301 72228 "-" "Mozilla/5.0 (compatible; MJ12bot/v1.4.8; http://mj12bot.com/)"
75.119.142.113 - - [26/Sep/2022:04:06:27 +0200] "GET /-p-15181.html HTTP/1.0" 200 72060 "-" "Mozilla/5.0 (compatible; MJ12bot/v1.4.8; http://mj12bot.com/)"
94.23.203.202 - - [26/Sep/2022:04:06:28 +0200] "GET /gorjuss-keyring-loved-p-47745.html HTTP/1.0" 200 72140 "-" "Mozilla/5.0 (compatible; MJ12bot/v1.4.8; http://mj12bot.com/)"
94.23.203.202 - - [26/Sep/2022:04:06:31 +0200] "GET /gorjuss-keyring-hatter-p-46946.html HTTP/1.0" 200 72142 "-" "Mozilla/5.0 (compatible; MJ12bot/v1.4.8; http://mj12bot.com/)"
75.119.142.113 - - [26/Sep/2022:04:06:34 +0200] "GET /-p-15182.html HTTP/1.0" 200 72060 "-" "Mozilla/5.0 (compatible; MJ12bot/v1.4.8; http://mj12bot.com/)"
95.217.195.123 - - [26/Sep/2022:04:06:34 +0200] "GET /abstract-ceramic-motif-lamp-p-49334.html HTTP/1.0" 200 72170 "-" "Mozilla/5.0 (compatible; MJ12bot/v1.4.8; http://mj12bot.com/)"
94.23.203.202 - - [26/Sep/2022:04:06:35 +0200] "GET /gorjuss-keyring-loved-p-47745.html HTTP/1.0" 200 72140 "-" "Mozilla/5.0 (compatible; MJ12bot/v1.4.8; http://mj12bot.com/)"
94.23.203.202 - - [26/Sep/2022:04:06:40 +0200] "GET /gorjuss-keyring-tall-tails-p-47747.html HTTP/1.0" 200 72175 "-" "Mozilla/5.0 (compatible; MJ12bot/v1.4.8; http://mj12bot.com/)"
75.119.142.113 - - [26/Sep/2022:04:06:40 +0200] "GET /-p-15593.html HTTP/1.0" 200 72060 "-" "Mozilla/5.0 (compatible; MJ12bot/v1.4.8; http://mj12bot.com/)"
94.23.203.202 - - [26/Sep/2022:04:06:47 +0200] "GET /gorjuss-keyring-the-hatter-p-46946.html HTTP/1.0" 301 72231 "-" "Mozilla/5.0 (compatible; MJ12bot/v1.4.8; http://mj12bot.com/)"
75.119.142.113 - - [26/Sep/2022:04:06:49 +0200] "GET /-p-15817.html HTTP/1.0" 200 72060 "-" "Mozilla/5.0 (compatible; MJ12bot/v1.4.8; http://mj12bot.com/)"
94.23.203.202 - - [26/Sep/2022:04:06:50 +0200] "GET /gorjuss-keyring-hatter-p-46946.html HTTP/1.0" 200 72142 "-" "Mozilla/5.0 (compatible; MJ12bot/v1.4.8; http://mj12bot.com/)"
95.217.195.123 - - [26/Sep/2022:04:06:50 +0200] "GET /abstract-ceramic-motif-lamp-55-cm-p-49335.html HTTP/1.0" 301 74878 "-" "Mozilla/5.0 (compatible; MJ12bot/v1.4.8; http://mj12bot.com/)"
66.249.65.166 - - [26/Sep/2022:04:06:56 +0200] "GET /images/big_prod_1/3520071809267B.jpg HTTP/1.0" 200 271 "-" "Googlebot-Image/1.0"
94.23.203.202 - - [26/Sep/2022:04:06:55 +0200] "GET /gorjuss-lady-bird-shoulder-bag-p-32740.html HTTP/1.0" 301 72286 "-" "Mozilla/5.0 (compatible; MJ12bot/v1.4.8; http://mj12bot.com/)"
75.119.142.113 - - [26/Sep/2022:04:06:57 +0200] "GET /-p-16113.html HTTP/1.0" 200 72060 "-" "Mozilla/5.0 (compatible; MJ12bot/v1.4.8; http://mj12bot.com/)"
94.23.203.202 - - [26/Sep/2022:04:06:59 +0200] "GET /gorjuss-lady-bird-shoulder-p-32740.html HTTP/1.0" 200 72193 "-" "Mozilla/5.0 (compatible; MJ12bot/v1.4.8; http://mj12bot.com/)"
95.217.195.123 - - [26/Sep/2022:04:07:02 +0200] "GET /abstract-ceramic-motif-lamp-p-49335.html HTTP/1.0" 200 74784 "-" "Mozilla/5.0 (compatible; MJ12bot/v1.4.8; http://mj12bot.com/)"
94.23.203.202 - - [26/Sep/2022:04:07:03 +0200] "GET /gorjuss-lady-bird-shoulder-p-32740.html HTTP/1.0" 200 72193 "-" "Mozilla/5.0 (compatible; MJ12bot/v1.4.8; http://mj12bot.com/)"
75.119.142.113 - - [26/Sep/2022:04:07:06 +0200] "GET /-p-16402.html HTTP/1.0" 200 72060 "-" "Mozilla/5.0 (compatible; MJ12bot/v1.4.8; http://mj12bot.com/)"
94.23.203.202 - - [26/Sep/2022:04:07:08 +0200] "GET /gorjuss-ladybird-bag-p-28024.html HTTP/1.0" 301 72226 "-" "Mozilla/5.0 (compatible; MJ12bot/v1.4.8; http://mj12bot.com/)"
95.217.195.123 - - [26/Sep/2022:04:07:10 +0200] "GET /abstract-ceramic-motif-lamp-p-49334.html HTTP/1.0" 200 72170 "-" "Mozilla/5.0 (compatible; MJ12bot/v1.4.8; http://mj12bot.com/)"
94.23.203.202 - - [26/Sep/2022:04:07:12 +0200] "GET /gorjuss-ladybird-p-28024.html HTTP/1.0" 200 72143 "-" "Mozilla/5.0 (compatible; MJ12bot/v1.4.8; http://mj12bot.com/)"
94.23.203.202 - - [26/Sep/2022:04:07:16 +0200] "GET /gorjuss-ladybird-bag-p-31223.html HTTP/1.0" 301 72127 "-" "Mozilla/5.0 (compatible; MJ12bot/v1.4.8; http://mj12bot.com/)"
75.119.142.113 - - [26/Sep/2022:04:07:17 +0200] "GET /-p-16549.html HTTP/1.0" 200 72060 "-" "Mozilla/5.0 (compatible; MJ12bot/v1.4.8; http://mj12bot.com/)"
95.217.195.123 - - [26/Sep/2022:04:07:20 +0200] "GET /abstract-ceramic-motif-lamp-p-49335.html HTTP/1.0" 200 74784 "-" "Mozilla/5.0 (compatible; MJ12bot/v1.4.8; http://mj12bot.com/)"
94.23.203.202 - - [26/Sep/2022:04:07:21 +0200] "GET /-p-31223.html HTTP/1.0" 200 72060 "-" "Mozilla/5.0 (compatible; MJ12bot/v1.4.8; http://mj12bot.com/)"
94.23.203.202 - - [26/Sep/2022:04:07:26 +0200] "GET /gorjuss-ladybird-beauty-bag-limited-edition-p-35134.html HTTP/1.0" 301 72127 "-" "Mozilla/5.0 (compatible; MJ12bot/v1.4.8; http://mj12bot.com/)"
54.36.148.28 - - [26/Sep/2022:04:07:29 +0200] "GET /ottomans-storage-ottomans-c-13_209.html HTTP/1.0" 200 91605 "-" "Mozilla/5.0 (compatible; AhrefsBot/7.0; +http://ahrefs.com/robot/)"
94.23.203.202 - - [26/Sep/2022:04:07:30 +0200] "GET /-p-35134.html HTTP/1.0" 200 72060 "-" "Mozilla/5.0 (compatible; MJ12bot/v1.4.8; http://mj12bot.com/)"
75.119.142.113 - - [26/Sep/2022:04:07:31 +0200] "GET /-p-17230.html HTTP/1.0" 200 72060 "-" "Mozilla/5.0 (compatible; MJ12bot/v1.4.8; http://mj12bot.com/)"
54.36.148.182 - - [26/Sep/2022:04:07:33 +0200] "GET /images/mini_prod/3665269057591.jpg HTTP/1.0" 200 269 "-" "Mozilla/5.0 (compatible; AhrefsBot/7.0; +http://ahrefs.com/robot/)"
54.36.148.106 - - [26/Sep/2022:04:07:33 +0200] "GET /images/mini_prod/8422069058464.jpg HTTP/1.0" 200 269 "-" "Mozilla/5.0 (compatible; AhrefsBot/7.0; +http://ahrefs.com/robot/)"
54.36.148.174 - - [26/Sep/2022:04:07:33 +0200] "GET /images/mini_prod/3574642330520NZ.jpg HTTP/1.0" 200 271 "-" "Mozilla/5.0 (compatible; AhrefsBot/7.0; +http://ahrefs.com/robot/)"
54.36.148.232 - - [26/Sep/2022:04:07:34 +0200] "GET /images/mini_prod/3700653507501A.jpg HTTP/1.0" 200 270 "-" "Mozilla/5.0 (compatible; AhrefsBot/7.0; +http://ahrefs.com/robot/)"
54.36.148.88 - - [26/Sep/2022:04:07:34 +0200] "GET /images/mini_prod/8422020074007.jpg HTTP/1.0" 200 269 "-" "Mozilla/5.0 (compatible; AhrefsBot/7.0; +http://ahrefs.com/robot/)"
54.36.148.144 - - [26/Sep/2022:04:07:34 +0200] "GET /images/mini_prod/1384000000376.jpg HTTP/1.0" 200 269 "-" "Mozilla/5.0 (compatible; AhrefsBot/7.0; +http://ahrefs.com/robot/)"
54.36.148.85 - - [26/Sep/2022:04:07:34 +0200] "GET /images/mini_prod/1384000000369.jpg HTTP/1.0" 200 269 "-" "Mozilla/5.0 (compatible; AhrefsBot/7.0; +http://ahrefs.com/robot/)"
54.36.148.37 - - [26/Sep/2022:04:07:34 +0200] "GET /images/mini_prod/8422017867001.jpg HTTP/1.0" 200 269 "-" "Mozilla/5.0 (compatible; AhrefsBot/7.0; +http://ahrefs.com/robot/)"
54.36.148.109 - - [26/Sep/2022:04:07:34 +0200] "GET /images/mini_prod/3665269058468.jpg HTTP/1.0" 200 269 "-" "Mozilla/5.0 (compatible; AhrefsBot/7.0; +http://ahrefs.com/robot/)"
54.36.148.145 - - [26/Sep/2022:04:07:34 +0200] "GET /images/mini_prod/8422017867018.jpg HTTP/1.0" 200 269 "-" "Mozilla/5.0 (compatible; AhrefsBot/7.0; +http://ahrefs.com/robot/)"
54.36.148.37 - - [26/Sep/2022:04:07:36 +0200] "GET /images/mini_prod/3700407613151.jpg HTTP/1.0" 200 269 "-" "Mozilla/5.0 (compatible; AhrefsBot/7.0; +http://ahrefs.com/robot/)"
54.36.148.3 - - [26/Sep/2022:04:07:36 +0200] "GET /images/mini_prod/8422069057597.jpg HTTP/1.0" 200 269 "-" "Mozilla/5.0 (compatible; AhrefsBot/7.0; +http://ahrefs.com/robot/)"
54.36.148.17 - - [26/Sep/2022:04:07:36 +0200] "GET /images/mini_prod/8718317632303.jpg HTTP/1.0" 200 269 "-" "Mozilla/5.0 (compatible; AhrefsBot/7.0; +http://ahrefs.com/robot/)"
54.36.148.71 - - [26/Sep/2022:04:07:36 +0200] "GET /images/mini_prod/8422020078029.jpg HTTP/1.0" 200 269 "-" "Mozilla/5.0 (compatible; AhrefsBot/7.0; +http://ahrefs.com/robot/)"
54.36.149.96 - - [26/Sep/2022:04:07:36 +0200] "GET /images/mini_prod/3700653511607.jpg HTTP/1.0" 200 269 "-" "Mozilla/5.0 (compatible; AhrefsBot/7.0; +http://ahrefs.com/robot/)"
54.36.148.247 - - [26/Sep/2022:04:07:36 +0200] "GET /images/mini_prod/8422042330211.jpg HTTP/1.0" 200 269 "-" "Mozilla/5.0 (compatible; AhrefsBot/7.0; +http://ahrefs.com/robot/)"
54.36.148.57 - - [26/Sep/2022:04:07:36 +0200] "GET /images/mini_prod/8422017867025.jpg HTTP/1.0" 200 269 "-" "Mozilla/5.0 (compatible; AhrefsBot/7.0; +http://ahrefs.com/robot/)"
94.23.203.202 - - [26/Sep/2022:04:07:35 +0200] "GET /gorjuss-ladybird-beauty-limited-edition-p-35134.html HTTP/1.0" 301 72127 "-" "Mozilla/5.0 (compatible; MJ12bot/v1.4.8; http://mj12bot.com/)"
95.217.195.123 - - [26/Sep/2022:04:07:36 +0200] "GET /ac-dc-door-mat-60-40-cm-p-50102.html HTTP/1.0" 301 74967 "-" "Mozilla/5.0 (compatible; MJ12bot/v1.4.8; http://mj12bot.com/)"
94.23.203.202 - - [26/Sep/2022:04:07:39 +0200] "GET /-p-35134.html HTTP/1.0" 200 72060 "-" "Mozilla/5.0 (compatible; MJ12bot/v1.4.8; http://mj12bot.com/)"
75.119.142.113 - - [26/Sep/2022:04:07:43 +0200] "GET /-p-17572.html HTTP/1.0" 200 72060 "-" "Mozilla/5.0 (compatible; MJ12bot/v1.4.8; http://mj12bot.com/)"
94.23.203.202 - - [26/Sep/2022:04:07:46 +0200] "GET /gorjuss-ladybird-fontain-pen-p-36158.html HTTP/1.0" 301 72127 "-" "Mozilla/5.0 (compatible; MJ12bot/v1.4.8; http://mj12bot.com/)"
94.23.203.202 - - [26/Sep/2022:04:07:49 +0200] "GET /-p-36158.html HTTP/1.0" 200 72060 "-" "Mozilla/5.0 (compatible; MJ12bot/v1.4.8; http://mj12bot.com/)"
75.119.142.113 - - [26/Sep/2022:04:07:50 +0200] "GET /-p-17729.html HTTP/1.0" 200 72060 "-" "Mozilla/5.0 (compatible; MJ12bot/v1.4.8; http://mj12bot.com/)"
95.217.195.123 - - [26/Sep/2022:04:07:53 +0200] "GET /door-p-50102.html HTTP/1.0" 200 74896 "-" "Mozilla/5.0 (compatible; MJ12bot/v1.4.8; http://mj12bot.com/)"
94.23.203.202 - - [26/Sep/2022:04:07:55 +0200] "GET /gorjuss-ladybird-p-28024.html HTTP/1.0" 200 72143 "-" "Mozilla/5.0 (compatible; MJ12bot/v1.4.8; http://mj12bot.com/)"
94.23.203.202 - - [26/Sep/2022:04:07:59 +0200] "GET /gorjuss-ladybird-small-satchel-p-29464.html HTTP/1.0" 200 72170 "-" "Mozilla/5.0 (compatible; MJ12bot/v1.4.8; http://mj12bot.com/)"
94.23.203.202 - - [26/Sep/2022:04:08:03 +0200] "GET /gorjuss-ladybird-trolley-backpack-p-29924.html HTTP/1.0" 301 72127 "-" "Mozilla/5.0 (compatible; MJ12bot/v1.4.8; http://mj12bot.com/)"
75.119.142.113 - - [26/Sep/2022:04:08:04 +0200] "GET /-p-17861.html HTTP/1.0" 200 72060 "-" "Mozilla/5.0 (compatible; MJ12bot/v1.4.8; http://mj12bot.com/)"
95.217.195.123 - - [26/Sep/2022:04:08:07 +0200] "GET /accessories-c-3.html?page=10 HTTP/1.0" 200 93944 "-" "Mozilla/5.0 (compatible; MJ12bot/v1.4.8; http://mj12bot.com/)"
94.23.203.202 - - [26/Sep/2022:04:08:09 +0200] "GET /-p-29924.html HTTP/1.0" 200 72060 "-" "Mozilla/5.0 (compatible; MJ12bot/v1.4.8; http://mj12bot.com/)"
75.119.142.113 - - [26/Sep/2022:04:08:11 +0200] "GET /-p-18040.html HTTP/1.0" 200 72060 "-" "Mozilla/5.0 (compatible; MJ12bot/v1.4.8; http://mj12bot.com/)"
94.23.203.202 - - [26/Sep/2022:04:08:14 +0200] "GET /gorjuss-large-pink-backpack-p-26324.html HTTP/1.0" 301 72127 "-" "Mozilla/5.0 (compatible; MJ12bot/v1.4.8; http://mj12bot.com/)"
95.217.195.123 - - [26/Sep/2022:04:08:17 +0200] "GET /accessories-c-3.html?page=11 HTTP/1.0" 200 93730 "-" "Mozilla/5.0 (compatible; MJ12bot/v1.4.8; http://mj12bot.com/)"
94.23.203.202 - - [26/Sep/2022:04:08:17 +0200] "GET /-p-26324.html HTTP/1.0" 200 72060 "-" "Mozilla/5.0 (compatible; MJ12bot/v1.4.8; http://mj12bot.com/)"
18.237.223.88 - - [26/Sep/2022:04:08:21 +0200] "GET /images/big_prod_2/c8719497610501.jpg HTTP/1.0" 200 271 "-" "Mozilla/5.0 (X11; Ubuntu; Linux x86_64; rv:72.0) Gecko/20100101 Firefox/72.0"
75.119.142.113 - - [26/Sep/2022:04:08:20 +0200] "GET /-p-18161.html HTTP/1.0" 200 72060 "-" "Mozilla/5.0 (compatible; MJ12bot/v1.4.8; http://mj12bot.com/)"
34.67.96.123 - - [26/Sep/2022:04:08:25 +0200] "GET /images/mini_prod/3665269006506.jpg HTTP/1.0" 200 269 "-" "Mozilla/5.0 (X11; Ubuntu; Linux x86_64; rv:72.0) Gecko/20100101 Firefox/72.0"
94.23.203.202 - - [26/Sep/2022:04:08:24 +0200] "GET /gorjuss-little-song-bag-p-29742.html HTTP/1.0" 301 72244 "-" "Mozilla/5.0 (compatible; MJ12bot/v1.4.8; http://mj12bot.com/)"
75.119.142.113 - - [26/Sep/2022:04:08:27 +0200] "GET /-p-18403.html HTTP/1.0" 200 72060 "-" "Mozilla/5.0 (compatible; MJ12bot/v1.4.8; http://mj12bot.com/)"
95.217.195.123 - - [26/Sep/2022:04:08:27 +0200] "GET /accessories-c-3.html?page=20 HTTP/1.0" 200 94087 "-" "Mozilla/5.0 (compatible; MJ12bot/v1.4.8; http://mj12bot.com/)"
185.191.171.6 - - [26/Sep/2022:04:08:29 +0200] "GET /metal-tray-p-57356.html HTTP/1.0" 200 75359 "-" "Mozilla/5.0 (compatible; SemrushBot/7~bl; +http://www.semrush.com/bot.html)"
94.23.203.202 - - [26/Sep/2022:04:08:28 +0200] "GET /gorjuss-little-song-p-29742.html HTTP/1.0" 200 72158 "-" "Mozilla/5.0 (compatible; MJ12bot/v1.4.8; http://mj12bot.com/)"
75.119.142.113 - - [26/Sep/2022:04:08:33 +0200] "GET /-p-18635.html HTTP/1.0" 200 72060 "-" "Mozilla/5.0 (compatible; MJ12bot/v1.4.8; http://mj12bot.com/)"
94.23.203.202 - - [26/Sep/2022:04:08:34 +0200] "GET /gorjuss-little-song-fontain-p-36159.html HTTP/1.0" 200 72198 "-" "Mozilla/5.0 (compatible; MJ12bot/v1.4.8; http://mj12bot.com/)"
185.191.171.13 - - [26/Sep/2022:04:08:35 +0200] "GET /zippo-leather-wash-p-49117.html HTTP/1.0" 200 75532 "-" "Mozilla/5.0 (compatible; SemrushBot/7~bl; +http://www.semrush.com/bot.html)"
66.249.65.166 - - [26/Sep/2022:04:08:40 +0200] "GET /images/big_prod_1/8719075391679a.jpg HTTP/1.0" 200 271 "-" "Googlebot-Image/1.0"
94.23.203.202 - - [26/Sep/2022:04:08:39 +0200] "GET /gorjuss-little-song-fontain-pen-p-36159.html HTTP/1.0" 301 72292 "-" "Mozilla/5.0 (compatible; MJ12bot/v1.4.8; http://mj12bot.com/)"
95.217.195.123 - - [26/Sep/2022:04:08:39 +0200] "GET /accessories-c-3.html?page=21 HTTP/1.0" 200 92240 "-" "Mozilla/5.0 (compatible; MJ12bot/v1.4.8; http://mj12bot.com/)"
75.119.142.113 - - [26/Sep/2022:04:08:41 +0200] "GET /-p-18637.html HTTP/1.0" 200 72060 "-" "Mozilla/5.0 (compatible; MJ12bot/v1.4.8; http://mj12bot.com/)"
94.23.203.202 - - [26/Sep/2022:04:08:43 +0200] "GET /gorjuss-little-song-fontain-p-36159.html HTTP/1.0" 200 72198 "-" "Mozilla/5.0 (compatible; MJ12bot/v1.4.8; http://mj12bot.com/)"
94.23.203.202 - - [26/Sep/2022:04:08:46 +0200] "GET /gorjuss-little-song-p-29742.html HTTP/1.0" 200 72158 "-" "Mozilla/5.0 (compatible; MJ12bot/v1.4.8; http://mj12bot.com/)"
95.217.195.123 - - [26/Sep/2022:04:08:49 +0200] "GET /accessories-c-3.html?page=22 HTTP/1.0" 200 92224 "-" "Mozilla/5.0 (compatible; MJ12bot/v1.4.8; http://mj12bot.com/)"
185.191.171.23 - - [26/Sep/2022:04:08:50 +0200] "GET /maxi-glass-cookie-box-p-45628.html HTTP/1.0" 301 74764 "-" "Mozilla/5.0 (compatible; SemrushBot/7~bl; +http://www.semrush.com/bot.html)"
94.23.203.202 - - [26/Sep/2022:04:08:51 +0200] "GET /gorjuss-lost-for-words-pencil-case-p-26326.html HTTP/1.0" 301 72127 "-" "Mozilla/5.0 (compatible; MJ12bot/v1.4.8; http://mj12bot.com/)"
185.191.171.9 - - [26/Sep/2022:04:08:53 +0200] "GET /maxi-glass-cookie-p-45628.html HTTP/1.0" 200 74680 "-" "Mozilla/5.0 (compatible; SemrushBot/7~bl; +http://www.semrush.com/bot.html)"
75.119.142.113 - - [26/Sep/2022:04:08:54 +0200] "GET /-p-18639.html HTTP/1.0" 200 72060 "-" "Mozilla/5.0 (compatible; MJ12bot/v1.4.8; http://mj12bot.com/)"
94.23.203.202 - - [26/Sep/2022:04:08:54 +0200] "GET /-p-26326.html HTTP/1.0" 200 72060 "-" "Mozilla/5.0 (compatible; MJ12bot/v1.4.8; http://mj12bot.com/)"
94.23.203.202 - - [26/Sep/2022:04:08:59 +0200] "GET /gorjuss-mini-highlighters-p-49473.html HTTP/1.0" 200 75378 "-" "Mozilla/5.0 (compatible; MJ12bot/v1.4.8; http://mj12bot.com/)"
95.217.195.123 - - [26/Sep/2022:04:08:59 +0200] "GET /accessories-c-3.html?page=23 HTTP/1.0" 200 92107 "-" "Mozilla/5.0 (compatible; MJ12bot/v1.4.8; http://mj12bot.com/)"
66.249.65.166 - - [26/Sep/2022:04:09:02 +0200] "GET /images/big_prod/8422041196122.jpg HTTP/1.0" 200 268 "-" "Googlebot-Image/1.0"
75.119.142.113 - - [26/Sep/2022:04:09:03 +0200] "GET /-p-18645.html HTTP/1.0" 200 72060 "-" "Mozilla/5.0 (compatible; MJ12bot/v1.4.8; http://mj12bot.com/)"
94.23.203.202 - - [26/Sep/2022:04:09:03 +0200] "GET /gorjuss-notebook-ruby-p-25448.html HTTP/1.0" 200 72156 "-" "Mozilla/5.0 (compatible; MJ12bot/v1.4.8; http://mj12bot.com/)"
54.36.148.237 - - [26/Sep/2022:04:09:06 +0200] "GET /white-patinated-wood-p-58807.html HTTP/1.0" 200 75698 "-" "Mozilla/5.0 (compatible; AhrefsBot/7.0; +http://ahrefs.com/robot/)"
94.23.203.202 - - [26/Sep/2022:04:09:07 +0200] "GET /gorjuss-organisational-notebook-ladybird-p-33659.html HTTP/1.0" 200 72257 "-" "Mozilla/5.0 (compatible; MJ12bot/v1.4.8; http://mj12bot.com/)"
54.36.148.49 - - [26/Sep/2022:04:09:09 +0200] "GET /images/big_prod/8424001951314.jpg HTTP/1.0" 200 268 "-" "Mozilla/5.0 (compatible; AhrefsBot/7.0; +http://ahrefs.com/robot/)"
54.36.148.121 - - [26/Sep/2022:04:09:09 +0200] "GET /images/big_prod_1/8424001951314B.jpg HTTP/1.0" 200 271 "-" "Mozilla/5.0 (compatible; AhrefsBot/7.0; +http://ahrefs.com/robot/)"
54.36.148.232 - - [26/Sep/2022:04:09:09 +0200] "GET /images/big_prod_2/8424001951314C.jpg HTTP/1.0" 200 271 "-" "Mozilla/5.0 (compatible; AhrefsBot/7.0; +http://ahrefs.com/robot/)"
95.217.195.123 - - [26/Sep/2022:04:09:10 +0200] "GET /accessories-c-3.html?page=24 HTTP/1.0" 200 92830 "-" "Mozilla/5.0 (compatible; MJ12bot/v1.4.8; http://mj12bot.com/)"
75.119.142.113 - - [26/Sep/2022:04:09:10 +0200] "GET /-p-18849.html HTTP/1.0" 200 72060 "-" "Mozilla/5.0 (compatible; MJ12bot/v1.4.8; http://mj12bot.com/)"
94.23.203.202 - - [26/Sep/2022:04:09:11 +0200] "GET /gorjuss-organizer-found-family-book-p-29455.html HTTP/1.0" 200 72256 "-" "Mozilla/5.0 (compatible; MJ12bot/v1.4.8; http://mj12bot.com/)"
94.23.203.202 - - [26/Sep/2022:04:09:16 +0200] "GET /gorjuss-organizer-found-my-family-in-book-p-29455.html HTTP/1.0" 301 72358 "-" "Mozilla/5.0 (compatible; MJ12bot/v1.4.8; http://mj12bot.com/)"
75.119.142.113 - - [26/Sep/2022:04:09:17 +0200] "GET /-p-19166.html HTTP/1.0" 200 72060 "-" "Mozilla/5.0 (compatible; MJ12bot/v1.4.8; http://mj12bot.com/)"
95.217.195.123 - - [26/Sep/2022:04:09:20 +0200] "GET /accessories/smokers-items/bob-marley-ashtray-p-25028.html HTTP/1.0" 301 72127 "-" "Mozilla/5.0 (compatible; MJ12bot/v1.4.8; http://mj12bot.com/)"
94.23.203.202 - - [26/Sep/2022:04:09:20 +0200] "GET /gorjuss-organizer-found-family-book-p-29455.html HTTP/1.0" 200 72256 "-" "Mozilla/5.0 (compatible; MJ12bot/v1.4.8; http://mj12bot.com/)"
94.23.203.202 - - [26/Sep/2022:04:09:25 +0200] "GET /gorjuss-pencil-p-32744.html HTTP/1.0" 200 72133 "-" "Mozilla/5.0 (compatible; MJ12bot/v1.4.8; http://mj12bot.com/)"
94.23.203.202 - - [26/Sep/2022:04:09:30 +0200] "GET /gorjuss-pencil-tin-p-32744.html HTTP/1.0" 301 72214 "-" "Mozilla/5.0 (compatible; MJ12bot/v1.4.8; http://mj12bot.com/)"
75.119.142.113 - - [26/Sep/2022:04:09:30 +0200] "GET /-p-19431.html HTTP/1.0" 200 72060 "-" "Mozilla/5.0 (compatible; MJ12bot/v1.4.8; http://mj12bot.com/)"
95.217.195.123 - - [26/Sep/2022:04:09:33 +0200] "GET /-p-25028.html HTTP/1.0" 200 72060 "-" "Mozilla/5.0 (compatible; MJ12bot/v1.4.8; http://mj12bot.com/)"
185.191.171.10 - - [26/Sep/2022:04:09:33 +0200] "GET /love-pink-fountain-p-26301.html HTTP/1.0" 200 74748 "-" "Mozilla/5.0 (compatible; SemrushBot/7~bl; +http://www.semrush.com/bot.html)"
94.23.203.202 - - [26/Sep/2022:04:09:34 +0200] "GET /gorjuss-pencil-p-32744.html HTTP/1.0" 200 72133 "-" "Mozilla/5.0 (compatible; MJ12bot/v1.4.8; http://mj12bot.com/)"
75.119.142.113 - - [26/Sep/2022:04:09:35 +0200] "GET /-p-19486.html HTTP/1.0" 200 72060 "-" "Mozilla/5.0 (compatible; MJ12bot/v1.4.8; http://mj12bot.com/)"
185.191.171.24 - - [26/Sep/2022:04:09:37 +0200] "GET /zapotek-wall-decor-45-35-cm-p-47073.html HTTP/1.0" 301 72127 "-" "Mozilla/5.0 (compatible; SemrushBot/7~bl; +http://www.semrush.com/bot.html)"
94.23.203.202 - - [26/Sep/2022:04:09:39 +0200] "GET /gorjuss-photo-album-p-29663.html HTTP/1.0" 301 72127 "-" "Mozilla/5.0 (compatible; MJ12bot/v1.4.8; http://mj12bot.com/)"
185.191.171.20 - - [26/Sep/2022:04:09:40 +0200] "GET /-p-47073.html HTTP/1.0" 200 72060 "-" "Mozilla/5.0 (compatible; SemrushBot/7~bl; +http://www.semrush.com/bot.html)"
94.23.203.202 - - [26/Sep/2022:04:09:43 +0200] "GET /-p-29663.html HTTP/1.0" 200 72060 "-" "Mozilla/5.0 (compatible; MJ12bot/v1.4.8; http://mj12bot.com/)"
66.249.65.166 - - [26/Sep/2022:04:09:44 +0200] "GET /images/big_prod/3700281665000.jpg HTTP/1.0" 200 268 "-" "Googlebot-Image/1.0"
95.217.195.123 - - [26/Sep/2022:04:09:45 +0200] "GET /accessories/smokers-items/bob-marley-zippo-lighter-p-27297.html HTTP/1.0" 301 75233 "-" "Mozilla/5.0 (compatible; MJ12bot/v1.4.8; http://mj12bot.com/)"
185.191.171.4 - - [26/Sep/2022:04:09:46 +0200] "GET /dishes-c-12.html?page=100 HTTP/1.0" 200 93625 "-" "Mozilla/5.0 (compatible; SemrushBot/7~bl; +http://www.semrush.com/bot.html)"
94.23.203.202 - - [26/Sep/2022:04:09:47 +0200] "GET /gorjuss-ruby-beauty-bag-limited-edition-p-35135.html HTTP/1.0" 301 76134 "-" "Mozilla/5.0 (compatible; MJ12bot/v1.4.8; http://mj12bot.com/)"
75.119.142.113 - - [26/Sep/2022:04:09:47 +0200] "GET /-p-19495.html HTTP/1.0" 200 72060 "-" "Mozilla/5.0 (compatible; MJ12bot/v1.4.8; http://mj12bot.com/)"
94.23.203.202 - - [26/Sep/2022:04:09:50 +0200] "GET /gorjuss-ruby-beauty-limited-edition-p-35135.html HTTP/1.0" 200 76032 "-" "Mozilla/5.0 (compatible; MJ12bot/v1.4.8; http://mj12bot.com/)"
173.252.83.3 - - [26/Sep/2022:04:09:55 +0200] "GET /images/mini_prod/3503420079986.jpg HTTP/1.0" 200 269 "-" "facebookexternalhit/1.1 (+http://www.facebook.com/externalhit_uatext.php)"
94.23.203.202 - - [26/Sep/2022:04:09:55 +0200] "GET /gorjuss-ruby-beauty-limited-edition-p-35135.html HTTP/1.0" 200 76032 "-" "Mozilla/5.0 (compatible; MJ12bot/v1.4.8; http://mj12bot.com/)"
75.119.142.113 - - [26/Sep/2022:04:09:58 +0200] "GET /-p-19528.html HTTP/1.0" 200 72060 "-" "Mozilla/5.0 (compatible; MJ12bot/v1.4.8; http://mj12bot.com/)"
94.23.203.202 - - [26/Sep/2022:04:09:58 +0200] "GET /gorjuss-ruby-great-bag-p-28027.html HTTP/1.0" 301 72238 "-" "Mozilla/5.0 (compatible; MJ12bot/v1.4.8; http://mj12bot.com/)"
95.217.195.123 - - [26/Sep/2022:04:09:59 +0200] "GET /marley-zippo-lighter-p-27297.html HTTP/1.0" 200 75146 "-" "Mozilla/5.0 (compatible; MJ12bot/v1.4.8; http://mj12bot.com/)"
51.68.224.127 - - [26/Sep/2022:04:10:03 +0200] "GET /adminweb/export_orders_xml.php?token=256de2z6edz6ed2z6DFSFsed2zed6zeDSFDSGdzedezfzf&maxorders=10&orderstart=1&status=14&start_date=2018-10-01 HTTP/1.0" 200 285 "-" "GesCom CharlotteBoutik Serveur"
94.23.203.202 - - [26/Sep/2022:04:10:02 +0200] "GET /gorjuss-ruby-great-p-28027.html HTTP/1.0" 200 72153 "-" "Mozilla/5.0 (compatible; MJ12bot/v1.4.8; http://mj12bot.com/)"
51.68.224.127 - - [26/Sep/2022:04:10:03 +0200] "GET /adminweb/export_orders_xml.php?token=256de2z6edz6ed2z6DFSFsed2zed6zeDSFDSGdzedezfzf&maxorders=10&orderstart=1&status=6&start_date=2018-10-01 HTTP/1.0" 200 33985 "-" "GesCom CharlotteBoutik Serveur"
94.23.203.202 - - [26/Sep/2022:04:10:06 +0200] "GET /gorjuss-ruby-great-p-28027.html HTTP/1.0" 200 72153 "-" "Mozilla/5.0 (compatible; MJ12bot/v1.4.8; http://mj12bot.com/)"
95.217.195.123 - - [26/Sep/2022:04:10:10 +0200] "GET /accessories/smokers-items/che-guevara-lighter-p-22422.html HTTP/1.0" 301 72256 "-" "Mozilla/5.0 (compatible; MJ12bot/v1.4.8; http://mj12bot.com/)"
75.119.142.113 - - [26/Sep/2022:04:10:11 +0200] "GET /-p-19822.html HTTP/1.0" 200 72060 "-" "Mozilla/5.0 (compatible; MJ12bot/v1.4.8; http://mj12bot.com/)"
94.23.203.202 - - [26/Sep/2022:04:10:11 +0200] "GET /gorjuss-ruby-suitcase-60-cm-p-29819.html HTTP/1.0" 301 72127 "-" "Mozilla/5.0 (compatible; MJ12bot/v1.4.8; http://mj12bot.com/)"
94.23.203.202 - - [26/Sep/2022:04:10:15 +0200] "GET /-p-29819.html HTTP/1.0" 200 72060 "-" "Mozilla/5.0 (compatible; MJ12bot/v1.4.8; http://mj12bot.com/)"
75.119.142.113 - - [26/Sep/2022:04:10:18 +0200] "GET /-p-20211.html HTTP/1.0" 200 72060 "-" "Mozilla/5.0 (compatible; MJ12bot/v1.4.8; http://mj12bot.com/)"
95.217.195.123 - - [26/Sep/2022:04:10:22 +0200] "GET /guevara-zippo-lighter-p-22422.html HTTP/1.0" 200 72168 "-" "Mozilla/5.0 (compatible; MJ12bot/v1.4.8; http://mj12bot.com/)"
94.23.203.202 - - [26/Sep/2022:04:10:22 +0200] "GET /gorjuss-these-words-notebook-p-29452.html HTTP/1.0" 200 72170 "-" "Mozilla/5.0 (compatible; MJ12bot/v1.4.8; http://mj12bot.com/)"
94.23.203.202 - - [26/Sep/2022:04:10:27 +0200] "GET /gormiti-bike-helmet-p-8327.html HTTP/1.0" 200 74585 "-" "Mozilla/5.0 (compatible; MJ12bot/v1.4.8; http://mj12bot.com/)"
75.119.142.113 - - [26/Sep/2022:04:10:30 +0200] "GET /-p-20317.html HTTP/1.0" 200 72060 "-" "Mozilla/5.0 (compatible; MJ12bot/v1.4.8; http://mj12bot.com/)"
94.23.203.202 - - [26/Sep/2022:04:10:31 +0200] "GET /gormiti-swimming-armband-p-9112.html HTTP/1.0" 200 74587 "-" "Mozilla/5.0 (compatible; MJ12bot/v1.4.8; http://mj12bot.com/)"
95.217.195.123 - - [26/Sep/2022:04:10:32 +0200] "GET /accessories/smokers-items/che-guevara-zippo-lighter-p-22422.html HTTP/1.0" 301 72256 "-" "Mozilla/5.0 (compatible; MJ12bot/v1.4.8; http://mj12bot.com/)"
94.23.203.202 - - [26/Sep/2022:04:10:37 +0200] "GET /goula-wooden-draisienne-p-22749.html HTTP/1.0" 301 72127 "-" "Mozilla/5.0 (compatible; MJ12bot/v1.4.8; http://mj12bot.com/)"
75.119.142.113 - - [26/Sep/2022:04:10:38 +0200] "GET /-p-20325.html HTTP/1.0" 200 72060 "-" "Mozilla/5.0 (compatible; MJ12bot/v1.4.8; http://mj12bot.com/)"
94.23.203.202 - - [26/Sep/2022:04:10:40 +0200] "GET /-p-22749.html HTTP/1.0" 200 72060 "-" "Mozilla/5.0 (compatible; MJ12bot/v1.4.8; http://mj12bot.com/)"
95.217.195.123 - - [26/Sep/2022:04:10:41 +0200] "GET /guevara-zippo-lighter-p-22422.html HTTP/1.0" 200 72168 "-" "Mozilla/5.0 (compatible; MJ12bot/v1.4.8; http://mj12bot.com/)"
173.252.83.4 - - [26/Sep/2022:04:10:47 +0200] "GET /images/mini_prod/5411854144799.jpg HTTP/1.0" 200 269 "-" "facebookexternalhit/1.1 (+http://www.facebook.com/externalhit_uatext.php)"
94.23.203.202 - - [26/Sep/2022:04:10:46 +0200] "GET /happy-hobo-p-5336.html HTTP/1.0" 200 74907 "-" "Mozilla/5.0 (compatible; MJ12bot/v1.4.8; http://mj12bot.com/)"
75.119.142.113 - - [26/Sep/2022:04:10:48 +0200] "GET /-p-20329.html HTTP/1.0" 200 72060 "-" "Mozilla/5.0 (compatible; MJ12bot/v1.4.8; http://mj12bot.com/)"
94.23.203.202 - - [26/Sep/2022:04:10:50 +0200] "GET /harley-davidson-eagle-zippo-lighter-p-27292.html HTTP/1.0" 200 75260 "-" "Mozilla/5.0 (compatible; MJ12bot/v1.4.8; http://mj12bot.com/)"
95.217.195.123 - - [26/Sep/2022:04:10:52 +0200] "GET /accessories/smokers-items/che-guevara-zippo-lighter-p-27295.html HTTP/1.0" 301 75220 "-" "Mozilla/5.0 (compatible; MJ12bot/v1.4.8; http://mj12bot.com/)"
75.119.142.113 - - [26/Sep/2022:04:10:54 +0200] "GET /-p-20503.html HTTP/1.0" 200 72060 "-" "Mozilla/5.0 (compatible; MJ12bot/v1.4.8; http://mj12bot.com/)"
94.23.203.202 - - [26/Sep/2022:04:10:56 +0200] "GET /harley-davidson-logo-zippo-lighter-p-27291.html HTTP/1.0" 200 72221 "-" "Mozilla/5.0 (compatible; MJ12bot/v1.4.8; http://mj12bot.com/)"
54.36.148.128 - - [26/Sep/2022:04:10:56 +0200] "GET /baskets-c-13_289.html?page=6 HTTP/1.0" 200 80385 "-" "Mozilla/5.0 (compatible; AhrefsBot/7.0; +http://ahrefs.com/robot/)"
94.23.203.202 - - [26/Sep/2022:04:11:00 +0200] "GET /harley-davidson-zippo-lighter-p-27290.html HTTP/1.0" 200 72211 "-" "Mozilla/5.0 (compatible; MJ12bot/v1.4.8; http://mj12bot.com/)"
75.119.142.113 - - [26/Sep/2022:04:11:02 +0200] "GET /-p-20504.html HTTP/1.0" 200 72060 "-" "Mozilla/5.0 (compatible; MJ12bot/v1.4.8; http://mj12bot.com/)"
94.23.203.202 - - [26/Sep/2022:04:11:06 +0200] "GET /harley-davidson-zippo-lighter-p-27294.html HTTP/1.0" 200 72211 "-" "Mozilla/5.0 (compatible; MJ12bot/v1.4.8; http://mj12bot.com/)"
75.119.142.113 - - [26/Sep/2022:04:11:07 +0200] "GET /-p-20514.html HTTP/1.0" 200 72060 "-" "Mozilla/5.0 (compatible; MJ12bot/v1.4.8; http://mj12bot.com/)"
95.217.195.123 - - [26/Sep/2022:04:11:08 +0200] "GET /guevara-zippo-lighter-p-27295.html HTTP/1.0" 200 75132 "-" "Mozilla/5.0 (compatible; MJ12bot/v1.4.8; http://mj12bot.com/)"
185.191.171.2 - - [26/Sep/2022:04:11:10 +0200] "GET /volkswagen-large-metal-plate-p-12556.html HTTP/1.0" 200 74708 "-" "Mozilla/5.0 (compatible; SemrushBot/7~bl; +http://www.semrush.com/bot.html)"
94.23.203.202 - - [26/Sep/2022:04:11:10 +0200] "GET /hello-kitty-adult-umbrella-p-20509.html HTTP/1.0" 200 75585 "-" "Mozilla/5.0 (compatible; MJ12bot/v1.4.8; http://mj12bot.com/)"
75.119.142.113 - - [26/Sep/2022:04:11:15 +0200] "GET /-p-20639.html HTTP/1.0" 200 72060 "-" "Mozilla/5.0 (compatible; MJ12bot/v1.4.8; http://mj12bot.com/)"
95.217.195.123 - - [26/Sep/2022:04:11:18 +0200] "GET /accessories/smokers-items/cigarette-machine-flower-power-p-14137.html HTTP/1.0" 301 72127 "-" "Mozilla/5.0 (compatible; MJ12bot/v1.4.8; http://mj12bot.com/)"
94.23.203.202 - - [26/Sep/2022:04:11:18 +0200] "GET /hello-kitty-led-night-p-11931.html HTTP/1.0" 301 72127 "-" "Mozilla/5.0 (compatible; MJ12bot/v1.4.8; http://mj12bot.com/)"
94.23.203.202 - - [26/Sep/2022:04:11:22 +0200] "GET /-p-11931.html HTTP/1.0" 200 72060 "-" "Mozilla/5.0 (compatible; MJ12bot/v1.4.8; http://mj12bot.com/)"
75.119.142.113 - - [26/Sep/2022:04:11:23 +0200] "GET /-p-20640.html HTTP/1.0" 200 72060 "-" "Mozilla/5.0 (compatible; MJ12bot/v1.4.8; http://mj12bot.com/)"
94.23.203.202 - - [26/Sep/2022:04:11:26 +0200] "GET /hello-kitty-mattress-swimming-pool-p-14356.html HTTP/1.0" 200 72221 "-" "Mozilla/5.0 (compatible; MJ12bot/v1.4.8; http://mj12bot.com/)"
75.119.142.113 - - [26/Sep/2022:04:11:30 +0200] "GET /-p-20651.html HTTP/1.0" 200 72060 "-" "Mozilla/5.0 (compatible; MJ12bot/v1.4.8; http://mj12bot.com/)"
94.23.203.202 - - [26/Sep/2022:04:11:31 +0200] "GET /hello-kitty-umbrella-p-20490.html HTTP/1.0" 200 75395 "-" "Mozilla/5.0 (compatible; MJ12bot/v1.4.8; http://mj12bot.com/)"
95.217.195.123 - - [26/Sep/2022:04:11:31 +0200] "GET /-p-14137.html HTTP/1.0" 200 72060 "-" "Mozilla/5.0 (compatible; MJ12bot/v1.4.8; http://mj12bot.com/)"
94.23.203.202 - - [26/Sep/2022:04:11:36 +0200] "GET /hero-school-backpack-p-31221.html HTTP/1.0" 200 72138 "-" "Mozilla/5.0 (compatible; MJ12bot/v1.4.8; http://mj12bot.com/)"
95.217.195.123 - - [26/Sep/2022:04:11:41 +0200] "GET /accessories/smokers-items/dice-white-ashtray-p-28335.html HTTP/1.0" 301 74723 "-" "Mozilla/5.0 (compatible; MJ12bot/v1.4.8; http://mj12bot.com/)"
94.23.203.202 - - [26/Sep/2022:04:11:41 +0200] "GET /holders-c-13_150_201.html?page=2 HTTP/1.0" 200 87932 "-" "Mozilla/5.0 (compatible; MJ12bot/v1.4.8; http://mj12bot.com/)"
75.119.142.113 - - [26/Sep/2022:04:11:43 +0200] "GET /-p-20653.html HTTP/1.0" 200 72060 "-" "Mozilla/5.0 (compatible; MJ12bot/v1.4.8; http://mj12bot.com/)"
94.23.203.202 - - [26/Sep/2022:04:11:46 +0200] "GET /holders-c-201.html HTTP/1.0" 301 87747 "-" "Mozilla/5.0 (compatible; MJ12bot/v1.4.8; http://mj12bot.com/)"
75.119.142.113 - - [26/Sep/2022:04:11:49 +0200] "GET /-p-20656.html HTTP/1.0" 200 72060 "-" "Mozilla/5.0 (compatible; MJ12bot/v1.4.8; http://mj12bot.com/)"
94.23.203.202 - - [26/Sep/2022:04:11:50 +0200] "GET /holders-c-13_150_201.html HTTP/1.0" 200 87921 "-" "Mozilla/5.0 (compatible; MJ12bot/v1.4.8; http://mj12bot.com/)"
95.217.195.123 - - [26/Sep/2022:04:11:51 +0200] "GET /dice-white-ashtray-p-28335.html HTTP/1.0" 200 74638 "-" "Mozilla/5.0 (compatible; MJ12bot/v1.4.8; http://mj12bot.com/)"
185.191.171.17 - - [26/Sep/2022:04:11:55 +0200] "GET /colombie-clock-by-cbkreation-p-36916.html HTTP/1.0" 301 74811 "-" "Mozilla/5.0 (compatible; SemrushBot/7~bl; +http://www.semrush.com/bot.html)"
94.23.203.202 - - [26/Sep/2022:04:11:56 +0200] "GET /horse-club-brown-umbrella-p-9493.html HTTP/1.0" 200 74868 "-" "Mozilla/5.0 (compatible; MJ12bot/v1.4.8; http://mj12bot.com/)"
75.119.142.113 - - [26/Sep/2022:04:11:57 +0200] "GET /-p-20777.html HTTP/1.0" 200 72060 "-" "Mozilla/5.0 (compatible; MJ12bot/v1.4.8; http://mj12bot.com/)"
185.191.171.16 - - [26/Sep/2022:04:11:59 +0200] "GET /colombie-clock-cbkreation-p-36916.html HTTP/1.0" 200 74719 "-" "Mozilla/5.0 (compatible; SemrushBot/7~bl; +http://www.semrush.com/bot.html)"
94.23.203.202 - - [26/Sep/2022:04:12:00 +0200] "GET /jack-and-the-neverland-pirates-swimsuit-p-29500.html HTTP/1.0" 301 72127 "-" "Mozilla/5.0 (compatible; MJ12bot/v1.4.8; http://mj12bot.com/)"
95.217.195.123 - - [26/Sep/2022:04:12:03 +0200] "GET /accessories/smokers-items/elvis-lighter-p-22420.html HTTP/1.0" 301 77020 "-" "Mozilla/5.0 (compatible; MJ12bot/v1.4.8; http://mj12bot.com/)"
75.119.142.113 - - [26/Sep/2022:04:12:04 +0200] "GET /-p-20778.html HTTP/1.0" 200 72060 "-" "Mozilla/5.0 (compatible; MJ12bot/v1.4.8; http://mj12bot.com/)"
94.23.203.202 - - [26/Sep/2022:04:12:04 +0200] "GET /-p-29500.html HTTP/1.0" 200 72060 "-" "Mozilla/5.0 (compatible; MJ12bot/v1.4.8; http://mj12bot.com/)"
94.23.203.202 - - [26/Sep/2022:04:12:11 +0200] "GET /jack-and-the-neverland-pirates-swimsuit-p-29501.html HTTP/1.0" 301 72127 "-" "Mozilla/5.0 (compatible; MJ12bot/v1.4.8; http://mj12bot.com/)"
94.23.203.202 - - [26/Sep/2022:04:12:13 +0200] "GET /-p-29501.html HTTP/1.0" 200 72060 "-" "Mozilla/5.0 (compatible; MJ12bot/v1.4.8; http://mj12bot.com/)"
95.217.195.123 - - [26/Sep/2022:04:12:16 +0200] "GET /elvis-lighter-p-22420.html HTTP/1.0" 200 76940 "-" "Mozilla/5.0 (compatible; MJ12bot/v1.4.8; http://mj12bot.com/)"
94.23.203.202 - - [26/Sep/2022:04:12:18 +0200] "GET /jack-daniel-metal-plate-deco-405-215-cm-p-50980.html HTTP/1.0" 301 74952 "-" "Mozilla/5.0 (compatible; MJ12bot/v1.4.8; http://mj12bot.com/)"
75.119.142.113 - - [26/Sep/2022:04:12:21 +0200] "GET /-p-20838.html HTTP/1.0" 200 72060 "-" "Mozilla/5.0 (compatible; MJ12bot/v1.4.8; http://mj12bot.com/)"
94.23.203.202 - - [26/Sep/2022:04:12:22 +0200] "GET /jack-daniel-metal-plate-deco-p-50980.html HTTP/1.0" 200 74857 "-" "Mozilla/5.0 (compatible; MJ12bot/v1.4.8; http://mj12bot.com/)"
95.217.195.123 - - [26/Sep/2022:04:12:23 +0200] "GET /accessories/smokers-items/harley-davidson-eagle-zippo-lighter-p-27292.html HTTP/1.0" 301 75362 "-" "Mozilla/5.0 (compatible; MJ12bot/v1.4.8; http://mj12bot.com/)"
185.191.171.7 - - [26/Sep/2022:04:12:25 +0200] "GET /-p-30270.html HTTP/1.0" 200 72060 "-" "Mozilla/5.0 (compatible; SemrushBot/7~bl; +http://www.semrush.com/bot.html)"
75.119.142.113 - - [26/Sep/2022:04:12:28 +0200] "GET /-p-21033.html HTTP/1.0" 200 72060 "-" "Mozilla/5.0 (compatible; MJ12bot/v1.4.8; http://mj12bot.com/)"
94.23.203.202 - - [26/Sep/2022:04:12:28 +0200] "GET /jack-daniel-metal-plate-deco-p-50980.html HTTP/1.0" 200 74857 "-" "Mozilla/5.0 (compatible; MJ12bot/v1.4.8; http://mj12bot.com/)"
185.191.171.40 - - [26/Sep/2022:04:12:29 +0200] "GET /hello-kitty-large-postbag-p-589.html HTTP/1.0" 200 75547 "-" "Mozilla/5.0 (compatible; SemrushBot/7~bl; +http://www.semrush.com/bot.html)"
94.23.203.202 - - [26/Sep/2022:04:12:33 +0200] "GET /jack-russel-dog-keychains-p-26285.html HTTP/1.0" 301 72127 "-" "Mozilla/5.0 (compatible; MJ12bot/v1.4.8; http://mj12bot.com/)"
75.119.142.113 - - [26/Sep/2022:04:12:36 +0200] "GET /-p-21285.html HTTP/1.0" 200 72060 "-" "Mozilla/5.0 (compatible; MJ12bot/v1.4.8; http://mj12bot.com/)"
94.23.203.202 - - [26/Sep/2022:04:12:37 +0200] "GET /-p-26285.html HTTP/1.0" 200 72060 "-" "Mozilla/5.0 (compatible; MJ12bot/v1.4.8; http://mj12bot.com/)"
54.36.148.100 - - [26/Sep/2022:04:12:38 +0200] "GET /children-wall-sticker-with-name-dinosaurs-p-58839.html HTTP/1.0" 200 75854 "-" "Mozilla/5.0 (compatible; AhrefsBot/7.0; +http://ahrefs.com/robot/)"
95.217.195.123 - - [26/Sep/2022:04:12:41 +0200] "GET /harley-davidson-eagle-zippo-lighter-p-27292.html HTTP/1.0" 200 75260 "-" "Mozilla/5.0 (compatible; MJ12bot/v1.4.8; http://mj12bot.com/)"
94.23.203.202 - - [26/Sep/2022:04:12:42 +0200] "GET /jack-russell-of-paris-cushion-removable-40-40-cm-p-32881.html HTTP/1.0" 301 72127 "-" "Mozilla/5.0 (compatible; MJ12bot/v1.4.8; http://mj12bot.com/)"
54.36.148.111 - - [26/Sep/2022:04:12:47 +0200] "GET /images/big_prod_1/3700281666960B.jpg HTTP/1.0" 200 271 "-" "Mozilla/5.0 (compatible; AhrefsBot/7.0; +http://ahrefs.com/robot/)"
54.36.148.75 - - [26/Sep/2022:04:12:47 +0200] "GET /images/big_prod/3700281666960.jpg HTTP/1.0" 200 268 "-" "Mozilla/5.0 (compatible; AhrefsBot/7.0; +http://ahrefs.com/robot/)"
94.23.203.202 - - [26/Sep/2022:04:12:47 +0200] "GET /-p-32881.html HTTP/1.0" 200 72060 "-" "Mozilla/5.0 (compatible; MJ12bot/v1.4.8; http://mj12bot.com/)"
185.191.171.40 - - [26/Sep/2022:04:12:51 +0200] "GET /coconut-fibers-doormat-mandala-p-52119.html HTTP/1.0" 200 75875 "-" "Mozilla/5.0 (compatible; SemrushBot/7~bl; +http://www.semrush.com/bot.html)"
75.119.142.113 - - [26/Sep/2022:04:12:52 +0200] "GET /-p-21672.html HTTP/1.0" 200 72060 "-" "Mozilla/5.0 (compatible; MJ12bot/v1.4.8; http://mj12bot.com/)"
94.23.203.202 - - [26/Sep/2022:04:12:52 +0200] "GET /jacquard-anti-stain-tablecloth-charcoal-grey-140-140-cm-p-34054.html HTTP/1.0" 301 75085 "-" "Mozilla/5.0 (compatible; MJ12bot/v1.4.8; http://mj12bot.com/)"
95.217.195.123 - - [26/Sep/2022:04:12:53 +0200] "GET /accessories/smokers-items/harley-davidson-logo-zippo-lighter-p-27291.html HTTP/1.0" 301 72322 "-" "Mozilla/5.0 (compatible; MJ12bot/v1.4.8; http://mj12bot.com/)"
94.23.203.202 - - [26/Sep/2022:04:12:56 +0200] "GET /jacquard-anti-stain-tablecloth-charcoal-grey-p-34054.html HTTP/1.0" 200 74974 "-" "Mozilla/5.0 (compatible; MJ12bot/v1.4.8; http://mj12bot.com/)"
95.163.255.140 - - [26/Sep/2022:04:13:00 +0200] "GET /robots.txt HTTP/1.0" 301 531 "-" "Mozilla/5.0 (compatible; Linux x86_64; Mail.RU_Bot/Img/2.0; +https://help.mail.ru/webmaster/indexing/robots)"
75.119.142.113 - - [26/Sep/2022:04:12:59 +0200] "GET /-p-21736.html HTTP/1.0" 200 72060 "-" "Mozilla/5.0 (compatible; MJ12bot/v1.4.8; http://mj12bot.com/)"
94.23.203.202 - - [26/Sep/2022:04:13:02 +0200] "GET /jacquard-anti-stain-tablecloth-charcoal-grey-140-240-cm-p-34058.html HTTP/1.0" 301 72127 "-" "Mozilla/5.0 (compatible; MJ12bot/v1.4.8; http://mj12bot.com/)"
95.163.255.198 - - [26/Sep/2022:04:13:04 +0200] "GET /images/3585190589087.jpg HTTP/1.0" 301 559 "http://go.mail.ru/search_images" "Mozilla/5.0 (compatible; Linux x86_64; Mail.RU_Bot/Img/2.0; +https://help.mail.ru/webmaster/indexing/robots)"
95.217.195.123 - - [26/Sep/2022:04:13:03 +0200] "GET /harley-davidson-logo-zippo-lighter-p-27291.html HTTP/1.0" 200 72221 "-" "Mozilla/5.0 (compatible; MJ12bot/v1.4.8; http://mj12bot.com/)"
95.163.255.131 - - [26/Sep/2022:04:13:06 +0200] "GET /images/4895029694738.jpg HTTP/1.0" 301 559 "http://go.mail.ru/search_images" "Mozilla/5.0 (compatible; Linux x86_64; Mail.RU_Bot/Img/2.0; +https://help.mail.ru/webmaster/indexing/robots)"
94.23.203.202 - - [26/Sep/2022:04:13:05 +0200] "GET /-p-34058.html HTTP/1.0" 200 72060 "-" "Mozilla/5.0 (compatible; MJ12bot/v1.4.8; http://mj12bot.com/)"
185.191.171.37 - - [26/Sep/2022:04:13:06 +0200] "GET /lotus-candle-holder-in-glass-p-42828.html HTTP/1.0" 301 75932 "-" "Mozilla/5.0 (compatible; SemrushBot/7~bl; +http://www.semrush.com/bot.html)"
75.119.142.113 - - [26/Sep/2022:04:13:06 +0200] "GET /-p-21765.html HTTP/1.0" 200 72060 "-" "Mozilla/5.0 (compatible; MJ12bot/v1.4.8; http://mj12bot.com/)"
185.191.171.24 - - [26/Sep/2022:04:13:09 +0200] "GET /lotus-candle-holder-glass-p-42828.html HTTP/1.0" 200 75840 "-" "Mozilla/5.0 (compatible; SemrushBot/7~bl; +http://www.semrush.com/bot.html)"
94.23.203.202 - - [26/Sep/2022:04:13:10 +0200] "GET /jacquard-anti-stain-tablecloth-charcoal-grey-p-34054.html HTTP/1.0" 200 74974 "-" "Mozilla/5.0 (compatible; MJ12bot/v1.4.8; http://mj12bot.com/)"
95.163.255.129 - - [26/Sep/2022:04:13:13 +0200] "GET /robots.txt HTTP/1.0" 200 245 "-" "Mozilla/5.0 (compatible; Linux x86_64; Mail.RU_Bot/Img/2.0; +https://help.mail.ru/webmaster/indexing/robots)"
95.163.255.130 - - [26/Sep/2022:04:13:16 +0200] "GET /images/3585190589087.jpg HTTP/1.0" 200 259 "http://wonder-geek.com/images/3585190589087.jpg" "Mozilla/5.0 (compatible; Linux x86_64; Mail.RU_Bot/Img/2.0; +https://help.mail.ru/webmaster/indexing/robots)"
94.23.203.202 - - [26/Sep/2022:04:13:16 +0200] "GET /jacquard-anti-stain-tablecloth-light-gray-140-240-cm-p-34057.html HTTP/1.0" 301 72127 "-" "Mozilla/5.0 (compatible; MJ12bot/v1.4.8; http://mj12bot.com/)"
95.163.255.130 - - [26/Sep/2022:04:13:19 +0200] "GET /images/4895029694738.jpg HTTP/1.0" 200 259 "http://wonder-geek.com/images/4895029694738.jpg" "Mozilla/5.0 (compatible; Linux x86_64; Mail.RU_Bot/Img/2.0; +https://help.mail.ru/webmaster/indexing/robots)"
