185.191.171.4 - - [09/Oct/2022:10:03:37 +0200] "GET /small-black-japanese-enameled-cast-iron-teapot-liter-p-57680.html?action=add_product HTTP/1.0" 302 476 "-" "Mozilla/5.0 (compatible; SemrushBot/7~bl; +http://www.semrush.com/bot.html)"
185.191.171.42 - - [09/Oct/2022:10:03:39 +0200] "GET /egyptian-statue-resin-p-44729.html HTTP/1.0" 200 72371 "-" "Mozilla/5.0 (compatible; SemrushBot/7~bl; +http://www.semrush.com/bot.html)"
185.191.171.14 - - [09/Oct/2022:10:03:42 +0200] "GET /-p-50946.html HTTP/1.0" 200 72248 "-" "Mozilla/5.0 (compatible; SemrushBot/7~bl; +http://www.semrush.com/bot.html)"
66.249.64.242 - - [09/Oct/2022:10:03:51 +0200] "GET /heart-christmas-tree-hanging-p-49638.html HTTP/1.0" 200 74999 "-" "Mozilla/5.0 (Linux; Android 6.0.1; Nexus 5X Build/MMB29P) AppleWebKit/537.36 (KHTML, like Gecko) Chrome/105.0.5195.125 Mobile Safari/537.36 (compatible; Googlebot/2.1; +http://www.google.com/bot.html)"
185.191.171.11 - - [09/Oct/2022:10:04:01 +0200] "GET /small-green-japanese-cast-iron-teapot-liter-p-57681.html HTTP/1.0" 301 75425 "-" "Mozilla/5.0 (compatible; SemrushBot/7~bl; +http://www.semrush.com/bot.html)"
185.191.171.7 - - [09/Oct/2022:10:04:03 +0200] "GET /small-green-japanese-enameled-cast-iron-teapot-liter-p-57681.html HTTP/1.0" 200 75306 "-" "Mozilla/5.0 (compatible; SemrushBot/7~bl; +http://www.semrush.com/bot.html)"
185.191.171.24 - - [09/Oct/2022:10:04:11 +0200] "GET /small-cool-bag-lunch-box-24-15-15-cm-blue-p-44328.html HTTP/1.0" 301 75162 "-" "Mozilla/5.0 (compatible; SemrushBot/7~bl; +http://www.semrush.com/bot.html)"
185.191.171.41 - - [09/Oct/2022:10:04:14 +0200] "GET /small-cool-lunch-blue-p-44328.html HTTP/1.0" 200 75074 "-" "Mozilla/5.0 (compatible; SemrushBot/7~bl; +http://www.semrush.com/bot.html)"
185.191.171.21 - - [09/Oct/2022:10:04:25 +0200] "GET /pression-depression-metal-plate-deco-p-57073.html?action=add_product HTTP/1.0" 302 476 "-" "Mozilla/5.0 (compatible; SemrushBot/7~bl; +http://www.semrush.com/bot.html)"
185.191.171.3 - - [09/Oct/2022:10:04:30 +0200] "GET /lin-and-white-curtain-eyelets-verone-135-260-cm-p-38900.html HTTP/1.0" 301 72315 "-" "Mozilla/5.0 (compatible; SemrushBot/7~bl; +http://www.semrush.com/bot.html)"
185.191.171.36 - - [09/Oct/2022:10:04:33 +0200] "GET /-p-38900.html HTTP/1.0" 200 72248 "-" "Mozilla/5.0 (compatible; SemrushBot/7~bl; +http://www.semrush.com/bot.html)"
66.249.64.244 - - [09/Oct/2022:10:04:44 +0200] "GET /images/big_prod_1/8056590502624B.jpg HTTP/1.0" 200 271 "-" "Googlebot-Image/1.0"
185.191.171.41 - - [09/Oct/2022:10:04:45 +0200] "GET /large-metal-plate-deco-p-31680.html HTTP/1.0" 200 74922 "-" "Mozilla/5.0 (compatible; SemrushBot/7~bl; +http://www.semrush.com/bot.html)"
163.220.128.41 - - [09/Oct/2022:10:04:59 +0200] "GET /images/4027950.jpg HTTP/1.0" 200 253 "-" "Mozilla/5.0 (X11; Ubuntu; Linux x86_64; rv:72.0) Gecko/20100101 Firefox/72.0"
185.191.171.43 - - [09/Oct/2022:10:05:03 +0200] "GET /ethnic-lamp-52-cm-p-37493.html HTTP/1.0" 301 72372 "-" "Mozilla/5.0 (compatible; SemrushBot/7~bl; +http://www.semrush.com/bot.html)"
185.191.171.12 - - [09/Oct/2022:10:05:06 +0200] "GET /duvet-cover-cotton-percale-threads-p-48212.html HTTP/1.0" 200 75187 "-" "Mozilla/5.0 (compatible; SemrushBot/7~bl; +http://www.semrush.com/bot.html)"
185.191.171.5 - - [09/Oct/2022:10:05:09 +0200] "GET /ethnic-lamp-p-37493.html HTTP/1.0" 200 72294 "-" "Mozilla/5.0 (compatible; SemrushBot/7~bl; +http://www.semrush.com/bot.html)"
54.36.148.250 - - [09/Oct/2022:10:05:12 +0200] "GET /harley-davidson-genuine-large-metal-plate-p-12551.html HTTP/1.0" 200 75017 "-" "Mozilla/5.0 (compatible; AhrefsBot/7.0; +http://ahrefs.com/robot/)"
185.191.171.14 - - [09/Oct/2022:10:06:20 +0200] "GET /high-school-musical-storage-box-p-1521.html HTTP/1.0" 301 75354 "-" "Mozilla/5.0 (compatible; SemrushBot/7~bl; +http://www.semrush.com/bot.html)"
185.191.171.14 - - [09/Oct/2022:10:06:24 +0200] "GET /high-school-musical-storage-p-1521.html HTTP/1.0" 200 75261 "-" "Mozilla/5.0 (compatible; SemrushBot/7~bl; +http://www.semrush.com/bot.html)"
185.191.171.1 - - [09/Oct/2022:10:06:27 +0200] "GET /hello-kitty-large-backpack-p-15101.html HTTP/1.0" 301 72315 "-" "Mozilla/5.0 (compatible; SemrushBot/7~bl; +http://www.semrush.com/bot.html)"
185.191.171.21 - - [09/Oct/2022:10:06:31 +0200] "GET /-p-15101.html HTTP/1.0" 200 72248 "-" "Mozilla/5.0 (compatible; SemrushBot/7~bl; +http://www.semrush.com/bot.html)"
185.191.171.41 - - [09/Oct/2022:10:06:41 +0200] "GET /-p-37264.html?action=add_product HTTP/1.0" 302 476 "-" "Mozilla/5.0 (compatible; SemrushBot/7~bl; +http://www.semrush.com/bot.html)"
185.191.171.20 - - [09/Oct/2022:10:06:43 +0200] "GET /kimmidoll-keyring-p-44096.html?action=add_product HTTP/1.0" 302 476 "-" "Mozilla/5.0 (compatible; SemrushBot/7~bl; +http://www.semrush.com/bot.html)"
88.171.26.109 - - [09/Oct/2022:10:06:46 +0200] "GET /images/020507_123955_PEEL_fkZscm.jpg HTTP/1.0" 200 271 "http://lisaoycwilsonblog.blogspot.com/" "Mozilla/5.0 (Windows NT 10.0; Win64; x64) AppleWebKit/537.36 (KHTML, like Gecko) Chrome/106.0.0.0 Safari/537.36 Edg/106.0.1370.34"
185.191.171.6 - - [09/Oct/2022:10:06:47 +0200] "GET /-p-15660.html?action=add_product HTTP/1.0" 302 476 "-" "Mozilla/5.0 (compatible; SemrushBot/7~bl; +http://www.semrush.com/bot.html)"
185.191.171.3 - - [09/Oct/2022:10:07:10 +0200] "GET /gormiti-blue-swimwear-size-years-p-30478.html?action=add_product HTTP/1.0" 301 476 "-" "Mozilla/5.0 (compatible; SemrushBot/7~bl; +http://www.semrush.com/bot.html)"
211.249.40.23 - - [09/Oct/2022:10:07:21 +0200] "GET /images/mini_prod/1399984241790.jpg HTTP/1.0" 200 269 "-" "Mozilla/5.0 (X11; Ubuntu; Linux x86_64; rv:72.0) Gecko/20100101 Firefox/72.0"
185.191.171.9 - - [09/Oct/2022:10:07:25 +0200] "GET /small-chubby-rabbit-boy-kaloo-zen-p-19232.html HTTP/1.0" 301 72480 "-" "Mozilla/5.0 (compatible; SemrushBot/7~bl; +http://www.semrush.com/bot.html)"
185.191.171.5 - - [09/Oct/2022:10:07:29 +0200] "GET /-p-30925.html?action=add_product HTTP/1.0" 302 476 "-" "Mozilla/5.0 (compatible; SemrushBot/7~bl; +http://www.semrush.com/bot.html)"
54.36.148.119 - - [09/Oct/2022:10:07:30 +0200] "GET /emperor-terracotta-soldier-statuette-p-52440.html HTTP/1.0" 200 72390 "-" "Mozilla/5.0 (compatible; AhrefsBot/7.0; +http://ahrefs.com/robot/)"
185.191.171.8 - - [09/Oct/2022:10:07:30 +0200] "GET /small-chubby-rabbit-kaloo-p-19232.html HTTP/1.0" 200 72388 "-" "Mozilla/5.0 (compatible; SemrushBot/7~bl; +http://www.semrush.com/bot.html)"
185.191.171.43 - - [09/Oct/2022:10:07:43 +0200] "GET /love-personnalized-black-shell-samsung-p-17689.html?action=add_product HTTP/1.0" 302 476 "-" "Mozilla/5.0 (compatible; SemrushBot/7~bl; +http://www.semrush.com/bot.html)"
185.191.171.16 - - [09/Oct/2022:10:07:47 +0200] "GET /ceramic-planter-gold-p-55311.html?action=add_product HTTP/1.0" 302 476 "-" "Mozilla/5.0 (compatible; SemrushBot/7~bl; +http://www.semrush.com/bot.html)"
185.191.171.45 - - [09/Oct/2022:10:07:49 +0200] "GET /-p-26617.html HTTP/1.0" 200 72248 "-" "Mozilla/5.0 (compatible; SemrushBot/7~bl; +http://www.semrush.com/bot.html)"
173.252.83.18 - - [09/Oct/2022:10:07:50 +0200] "GET /images/mini_prod/8011717796409.jpg HTTP/1.0" 200 269 "-" "facebookexternalhit/1.1 (+http://www.facebook.com/externalhit_uatext.php)"
185.191.171.43 - - [09/Oct/2022:10:07:52 +0200] "GET /white-wooden-p-42204.html?action=add_product HTTP/1.0" 302 476 "-" "Mozilla/5.0 (compatible; SemrushBot/7~bl; +http://www.semrush.com/bot.html)"
185.191.171.15 - - [09/Oct/2022:10:07:54 +0200] "GET /flower-tea-cup-p-52634.html HTTP/1.0" 301 74903 "-" "Mozilla/5.0 (compatible; SemrushBot/7~bl; +http://www.semrush.com/bot.html)"
185.191.171.24 - - [09/Oct/2022:10:07:58 +0200] "GET /flower-p-52634.html HTTP/1.0" 200 74830 "-" "Mozilla/5.0 (compatible; SemrushBot/7~bl; +http://www.semrush.com/bot.html)"
185.191.171.15 - - [09/Oct/2022:10:08:19 +0200] "GET /vinci-joconde-purse-made-france-p-47461.html?action=add_product HTTP/1.0" 302 476 "-" "Mozilla/5.0 (compatible; SemrushBot/7~bl; +http://www.semrush.com/bot.html)"
185.191.171.8 - - [09/Oct/2022:10:08:27 +0200] "GET /nici-plush-collection-bubble-penguin-p-35160.html?action=add_product HTTP/1.0" 302 476 "-" "Mozilla/5.0 (compatible; SemrushBot/7~bl; +http://www.semrush.com/bot.html)"
185.191.171.41 - - [09/Oct/2022:10:08:31 +0200] "GET /gray-sandstone-lamp-p-58981.html?action=add_product HTTP/1.0" 302 476 "-" "Mozilla/5.0 (compatible; SemrushBot/7~bl; +http://www.semrush.com/bot.html)"
185.191.171.23 - - [09/Oct/2022:10:08:45 +0200] "GET /-p-49695.html?action=add_product HTTP/1.0" 302 476 "-" "Mozilla/5.0 (compatible; SemrushBot/7~bl; +http://www.semrush.com/bot.html)"
185.191.171.12 - - [09/Oct/2022:10:08:47 +0200] "GET /deco-sommelier-peux-apro-p-42706.html?action=add_product HTTP/1.0" 302 476 "-" "Mozilla/5.0 (compatible; SemrushBot/7~bl; +http://www.semrush.com/bot.html)"
185.191.171.20 - - [09/Oct/2022:10:09:08 +0200] "GET /candle-hours-snow-angel-p-38116.html?action=add_product HTTP/1.0" 302 476 "-" "Mozilla/5.0 (compatible; SemrushBot/7~bl; +http://www.semrush.com/bot.html)"
185.191.171.8 - - [09/Oct/2022:10:09:22 +0200] "GET /cushion-cover-dark-beige-60-60-cm-p-43615.html HTTP/1.0" 301 75805 "-" "Mozilla/5.0 (compatible; SemrushBot/7~bl; +http://www.semrush.com/bot.html)"
185.191.171.14 - - [09/Oct/2022:10:09:25 +0200] "GET /cushion-cover-dark-beige-p-43615.html HTTP/1.0" 200 75714 "-" "Mozilla/5.0 (compatible; SemrushBot/7~bl; +http://www.semrush.com/bot.html)"
54.36.148.162 - - [09/Oct/2022:10:09:40 +0200] "GET /little-prince-exupery-figurine-p-44606.html HTTP/1.0" 200 75066 "-" "Mozilla/5.0 (compatible; AhrefsBot/7.0; +http://ahrefs.com/robot/)"
24.177.104.168 - - [09/Oct/2022:10:09:55 +0200] "GET /images/8435333848197.jpg HTTP/1.0" 200 259 "-" "Mozilla/5.0 (X11; Ubuntu; Linux x86_64; rv:72.0) Gecko/20100101 Firefox/72.0"
216.244.66.242 - - [09/Oct/2022:10:10:14 +0200] "GET /robots.txt HTTP/1.0" 200 245 "-" "Mozilla/5.0 (compatible; DotBot/1.2; +https://opensiteexplorer.org/dotbot; help@moz.com)"
185.191.171.13 - - [09/Oct/2022:10:10:26 +0200] "GET /-p-45981.html?action=add_product HTTP/1.0" 302 476 "-" "Mozilla/5.0 (compatible; SemrushBot/7~bl; +http://www.semrush.com/bot.html)"
173.252.83.19 - - [09/Oct/2022:10:10:33 +0200] "GET /images/mini_prod/6942138906110.jpg HTTP/1.0" 200 269 "-" "facebookexternalhit/1.1 (+http://www.facebook.com/externalhit_uatext.php)"
185.191.171.5 - - [09/Oct/2022:10:10:39 +0200] "GET /tinted-candle-mass-orange-p-56098.html?action=add_product HTTP/1.0" 302 476 "-" "Mozilla/5.0 (compatible; SemrushBot/7~bl; +http://www.semrush.com/bot.html)"
185.191.171.14 - - [09/Oct/2022:10:10:53 +0200] "GET /support-metal-bottle-jockey-and-his-horse-p-44917.html HTTP/1.0" 301 75167 "-" "Mozilla/5.0 (compatible; SemrushBot/7~bl; +http://www.semrush.com/bot.html)"
185.191.171.42 - - [09/Oct/2022:10:10:56 +0200] "GET /support-metal-bottle-jockey-horse-p-44917.html HTTP/1.0" 200 75067 "-" "Mozilla/5.0 (compatible; SemrushBot/7~bl; +http://www.semrush.com/bot.html)"
185.191.171.15 - - [09/Oct/2022:10:11:00 +0200] "GET /-p-48553.html?action=add_product HTTP/1.0" 302 476 "-" "Mozilla/5.0 (compatible; SemrushBot/7~bl; +http://www.semrush.com/bot.html)"
185.191.171.41 - - [09/Oct/2022:10:11:08 +0200] "GET /-p-39502.html HTTP/1.0" 200 72248 "-" "Mozilla/5.0 (compatible; SemrushBot/7~bl; +http://www.semrush.com/bot.html)"
185.191.171.43 - - [09/Oct/2022:10:11:17 +0200] "GET /young-thumper-figure-p-2918.html?action=add_product HTTP/1.0" 301 476 "-" "Mozilla/5.0 (compatible; SemrushBot/7~bl; +http://www.semrush.com/bot.html)"
185.191.171.10 - - [09/Oct/2022:10:11:25 +0200] "GET /gray-metal-wood-flexo-lamp-p-52966.html?action=add_product HTTP/1.0" 302 476 "-" "Mozilla/5.0 (compatible; SemrushBot/7~bl; +http://www.semrush.com/bot.html)"
185.191.171.42 - - [09/Oct/2022:10:11:36 +0200] "GET /lying-gray-tit-maurice-figurine-p-53647.html HTTP/1.0" 301 72452 "-" "Mozilla/5.0 (compatible; SemrushBot/7~bl; +http://www.semrush.com/bot.html)"
185.191.171.18 - - [09/Oct/2022:10:11:39 +0200] "GET /lying-gray-maurice-figurine-p-53647.html HTTP/1.0" 200 72358 "-" "Mozilla/5.0 (compatible; SemrushBot/7~bl; +http://www.semrush.com/bot.html)"
185.191.171.26 - - [09/Oct/2022:10:11:48 +0200] "GET /porcelain-monkey-lamp-p-52285.html?action=add_product HTTP/1.0" 301 476 "-" "Mozilla/5.0 (compatible; SemrushBot/7~bl; +http://www.semrush.com/bot.html)"
54.36.148.102 - - [09/Oct/2022:10:11:48 +0200] "GET /manjushri-statue-p-37198.html HTTP/1.0" 200 74932 "-" "Mozilla/5.0 (compatible; AhrefsBot/7.0; +http://ahrefs.com/robot/)"
185.191.171.39 - - [09/Oct/2022:10:12:04 +0200] "GET /samsung-s2-phone-cover-cbkreation-p-14967.html HTTP/1.0" 301 72315 "-" "Mozilla/5.0 (compatible; SemrushBot/7~bl; +http://www.semrush.com/bot.html)"
185.191.171.24 - - [09/Oct/2022:10:12:08 +0200] "GET /duvet-cover-cotton-percale-threads-p-51262.html?action=add_product HTTP/1.0" 302 476 "-" "Mozilla/5.0 (compatible; SemrushBot/7~bl; +http://www.semrush.com/bot.html)"
185.191.171.19 - - [09/Oct/2022:10:12:10 +0200] "GET /surf-pin-up-metal-plate-deco-p-36133.html HTTP/1.0" 301 75028 "-" "Mozilla/5.0 (compatible; SemrushBot/7~bl; +http://www.semrush.com/bot.html)"
211.249.40.23 - - [09/Oct/2022:10:12:12 +0200] "GET /images/mini_prod/34DSCN8154.jpg HTTP/1.0" 200 266 "-" "Mozilla/5.0 (X11; Ubuntu; Linux x86_64; rv:72.0) Gecko/20100101 Firefox/72.0"
185.191.171.40 - - [09/Oct/2022:10:12:13 +0200] "GET /bird-table-lamp-pink-p-52283.html?action=add_product HTTP/1.0" 301 476 "-" "Mozilla/5.0 (compatible; SemrushBot/7~bl; +http://www.semrush.com/bot.html)"
185.191.171.7 - - [09/Oct/2022:10:12:15 +0200] "GET /allen-decorated-cotton-flat-pouch-pink-flamingos-p-58296.html?action=add_product HTTP/1.0" 302 476 "-" "Mozilla/5.0 (compatible; SemrushBot/7~bl; +http://www.semrush.com/bot.html)"
185.191.171.2 - - [09/Oct/2022:10:12:16 +0200] "GET /surf-metal-plate-deco-p-36133.html HTTP/1.0" 200 74940 "-" "Mozilla/5.0 (compatible; SemrushBot/7~bl; +http://www.semrush.com/bot.html)"
66.249.64.242 - - [09/Oct/2022:10:12:19 +0200] "GET /images/big_prod/3520071526188.jpg HTTP/1.0" 200 268 "-" "Googlebot-Image/1.0"
185.191.171.10 - - [09/Oct/2022:10:12:20 +0200] "GET /-p-14967.html HTTP/1.0" 200 72248 "-" "Mozilla/5.0 (compatible; SemrushBot/7~bl; +http://www.semrush.com/bot.html)"
185.191.171.15 - - [09/Oct/2022:10:12:28 +0200] "GET /placemat-kiub-collection-paris-p-59044.html?action=add_product HTTP/1.0" 302 476 "-" "Mozilla/5.0 (compatible; SemrushBot/7~bl; +http://www.semrush.com/bot.html)"
185.191.171.15 - - [09/Oct/2022:10:12:35 +0200] "GET /hourglass-decoration-glass-sand-glitter-p-54298.html?action=add_product HTTP/1.0" 302 476 "-" "Mozilla/5.0 (compatible; SemrushBot/7~bl; +http://www.semrush.com/bot.html)"
66.249.64.242 - - [09/Oct/2022:10:12:36 +0200] "GET /game-of-thrones-mug-p-26015.html HTTP/1.0" 301 74948 "-" "Mozilla/5.0 (Linux; Android 6.0.1; Nexus 5X Build/MMB29P) AppleWebKit/537.36 (KHTML, like Gecko) Chrome/105.0.5195.125 Mobile Safari/537.36 (compatible; Googlebot/2.1; +http://www.google.com/bot.html)"
66.249.64.242 - - [09/Oct/2022:10:12:38 +0200] "GET /game-thrones-p-26015.html HTTP/1.0" 200 74869 "-" "Mozilla/5.0 (Linux; Android 6.0.1; Nexus 5X Build/MMB29P) AppleWebKit/537.36 (KHTML, like Gecko) Chrome/105.0.5195.125 Mobile Safari/537.36 (compatible; Googlebot/2.1; +http://www.google.com/bot.html)"
185.191.171.37 - - [09/Oct/2022:10:13:02 +0200] "GET /foxy-sweet-home-bowl-p-45503.html?action=add_product HTTP/1.0" 302 476 "-" "Mozilla/5.0 (compatible; SemrushBot/7~bl; +http://www.semrush.com/bot.html)"
185.191.171.17 - - [09/Oct/2022:10:13:19 +0200] "GET /sixtine-microfiber-pillowcase-p-51364.html?action=add_product HTTP/1.0" 302 476 "-" "Mozilla/5.0 (compatible; SemrushBot/7~bl; +http://www.semrush.com/bot.html)"
49.7.20.113 - - [09/Oct/2022:10:13:17 +0200] "GET / HTTP/1.0" 200 152607 "-" "Sogou web spider/4.0(+http://www.sogou.com/docs/help/webmasters.htm#07)"
185.191.171.24 - - [09/Oct/2022:10:13:38 +0200] "GET /large-dancer-musical-jewelry-p-57012.html?action=add_product HTTP/1.0" 302 476 "-" "Mozilla/5.0 (compatible; SemrushBot/7~bl; +http://www.semrush.com/bot.html)"
185.191.171.44 - - [09/Oct/2022:10:13:39 +0200] "GET /robots.txt HTTP/1.0" 200 245 "-" "Mozilla/5.0 (compatible; SemrushBot/7~bl; +http://www.semrush.com/bot.html)"
173.252.83.10 - - [09/Oct/2022:10:14:01 +0200] "GET /images/mini_prod/3553560083466.jpg HTTP/1.0" 200 269 "-" "facebookexternalhit/1.1 (+http://www.facebook.com/externalhit_uatext.php)"
54.36.148.114 - - [09/Oct/2022:10:14:26 +0200] "GET /just-right-shoe-ballerina-raine-p-38933.html HTTP/1.0" 200 72376 "-" "Mozilla/5.0 (compatible; AhrefsBot/7.0; +http://ahrefs.com/robot/)"
185.191.171.13 - - [09/Oct/2022:10:14:31 +0200] "GET /-p-47301.html?action=add_product HTTP/1.0" 302 476 "-" "Mozilla/5.0 (compatible; SemrushBot/7~bl; +http://www.semrush.com/bot.html)"
185.191.171.38 - - [09/Oct/2022:10:15:00 +0200] "GET /flamingo-porcelain-bowl-p-44479.html?action=add_product HTTP/1.0" 301 476 "-" "Mozilla/5.0 (compatible; SemrushBot/7~bl; +http://www.semrush.com/bot.html)"
185.191.171.1 - - [09/Oct/2022:10:15:04 +0200] "GET /poster-corsica-50-70-cm-p-43688.html HTTP/1.0" 301 74968 "-" "Mozilla/5.0 (compatible; SemrushBot/7~bl; +http://www.semrush.com/bot.html)"
185.191.171.18 - - [09/Oct/2022:10:15:07 +0200] "GET /poster-corsica-p-43688.html HTTP/1.0" 200 74887 "-" "Mozilla/5.0 (compatible; SemrushBot/7~bl; +http://www.semrush.com/bot.html)"
185.191.171.26 - - [09/Oct/2022:10:15:11 +0200] "GET /los-angeles-retro-ottoman-storage-box-37-cm-p-50178.html HTTP/1.0" 301 75903 "-" "Mozilla/5.0 (compatible; SemrushBot/7~bl; +http://www.semrush.com/bot.html)"
185.191.171.19 - - [09/Oct/2022:10:15:14 +0200] "GET /incense-stick-holder-lotus-p-52501.html?action=add_product HTTP/1.0" 302 476 "-" "Mozilla/5.0 (compatible; SemrushBot/7~bl; +http://www.semrush.com/bot.html)"
185.191.171.18 - - [09/Oct/2022:10:15:16 +0200] "GET /-p-54420.html?action=add_product HTTP/1.0" 302 476 "-" "Mozilla/5.0 (compatible; SemrushBot/7~bl; +http://www.semrush.com/bot.html)"
185.191.171.17 - - [09/Oct/2022:10:15:17 +0200] "GET /angeles-retro-ottoman-storage-p-50178.html HTTP/1.0" 200 75807 "-" "Mozilla/5.0 (compatible; SemrushBot/7~bl; +http://www.semrush.com/bot.html)"
185.191.171.37 - - [09/Oct/2022:10:15:20 +0200] "GET /volkswagen-large-p-37073.html?action=add_product HTTP/1.0" 302 476 "-" "Mozilla/5.0 (compatible; SemrushBot/7~bl; +http://www.semrush.com/bot.html)"
185.191.171.4 - - [09/Oct/2022:10:15:28 +0200] "GET /polyester-today-chair-cushion-p-54325.html?action=add_product HTTP/1.0" 302 476 "-" "Mozilla/5.0 (compatible; SemrushBot/7~bl; +http://www.semrush.com/bot.html)"
185.191.171.43 - - [09/Oct/2022:10:15:44 +0200] "GET /flamingo-fitted-sheet-140-190-cm-p-51981.html HTTP/1.0" 301 75613 "-" "Mozilla/5.0 (compatible; SemrushBot/7~bl; +http://www.semrush.com/bot.html)"
185.191.171.19 - - [09/Oct/2022:10:15:47 +0200] "GET /flamingo-fitted-sheet-p-51981.html HTTP/1.0" 200 75525 "-" "Mozilla/5.0 (compatible; SemrushBot/7~bl; +http://www.semrush.com/bot.html)"
185.191.171.33 - - [09/Oct/2022:10:15:52 +0200] "GET /kontakati-sleeping-beauty-p-20267.html?action=add_product HTTP/1.0" 302 476 "-" "Mozilla/5.0 (compatible; SemrushBot/7~bl; +http://www.semrush.com/bot.html)"
185.191.171.4 - - [09/Oct/2022:10:16:03 +0200] "GET /nici-moon-ville-p-22368.html?action=add_product HTTP/1.0" 302 476 "-" "Mozilla/5.0 (compatible; SemrushBot/7~bl; +http://www.semrush.com/bot.html)"
185.191.171.18 - - [09/Oct/2022:10:16:04 +0200] "GET /with-infuser-memphis-p-47843.html HTTP/1.0" 200 74956 "-" "Mozilla/5.0 (compatible; SemrushBot/7~bl; +http://www.semrush.com/bot.html)"
185.191.171.2 - - [09/Oct/2022:10:16:07 +0200] "GET /retro-ceramic-flatware-24-18-cm-beer-p-42151.html HTTP/1.0" 301 75105 "-" "Mozilla/5.0 (compatible; SemrushBot/7~bl; +http://www.semrush.com/bot.html)"
185.191.171.8 - - [09/Oct/2022:10:16:12 +0200] "GET /retro-ceramic-flatware-beer-p-42151.html HTTP/1.0" 200 75011 "-" "Mozilla/5.0 (compatible; SemrushBot/7~bl; +http://www.semrush.com/bot.html)"
185.191.171.42 - - [09/Oct/2022:10:16:27 +0200] "GET /indian-elephant-statue-p-41467.html?action=add_product HTTP/1.0" 302 476 "-" "Mozilla/5.0 (compatible; SemrushBot/7~bl; +http://www.semrush.com/bot.html)"
185.191.171.14 - - [09/Oct/2022:10:16:32 +0200] "GET /-p-47868.html?action=add_product HTTP/1.0" 302 476 "-" "Mozilla/5.0 (compatible; SemrushBot/7~bl; +http://www.semrush.com/bot.html)"
185.191.171.6 - - [09/Oct/2022:10:16:34 +0200] "GET /decoration-african-woman-33-cm-p-53032.html HTTP/1.0" 301 75073 "-" "Mozilla/5.0 (compatible; SemrushBot/7~bl; +http://www.semrush.com/bot.html)"
185.191.171.25 - - [09/Oct/2022:10:16:37 +0200] "GET /italian-scooter-white-women-shirt-p-30954.html?action=add_product HTTP/1.0" 302 476 "-" "Mozilla/5.0 (compatible; SemrushBot/7~bl; +http://www.semrush.com/bot.html)"
185.191.171.23 - - [09/Oct/2022:10:16:38 +0200] "GET /decoration-african-woman-p-53032.html HTTP/1.0" 200 74982 "-" "Mozilla/5.0 (compatible; SemrushBot/7~bl; +http://www.semrush.com/bot.html)"
54.36.149.74 - - [09/Oct/2022:10:16:45 +0200] "GET /home-decoration-c-13.html?page=60 HTTP/1.0" 200 94148 "-" "Mozilla/5.0 (compatible; AhrefsBot/7.0; +http://ahrefs.com/robot/)"
185.191.171.18 - - [09/Oct/2022:10:17:01 +0200] "GET /kimmidoll-dolls-cm-yumi-p-49798.html HTTP/1.0" 301 72405 "-" "Mozilla/5.0 (compatible; SemrushBot/7~bl; +http://www.semrush.com/bot.html)"
185.191.171.10 - - [09/Oct/2022:10:17:04 +0200] "GET /kimmidoll-dolls-yumi-p-49798.html HTTP/1.0" 200 72318 "-" "Mozilla/5.0 (compatible; SemrushBot/7~bl; +http://www.semrush.com/bot.html)"
185.191.171.16 - - [09/Oct/2022:10:17:24 +0200] "GET /the-spongebob-3d-clock-p-12220.html HTTP/1.0" 301 72315 "-" "Mozilla/5.0 (compatible; SemrushBot/7~bl; +http://www.semrush.com/bot.html)"
216.244.66.242 - - [09/Oct/2022:10:17:24 +0200] "GET /peas-russian-doll-rectangulary-cushion-cbkreation-p-18572.html HTTP/1.0" 301 72315 "-" "Mozilla/5.0 (compatible; DotBot/1.2; +https://opensiteexplorer.org/dotbot; help@moz.com)"
185.191.171.4 - - [09/Oct/2022:10:17:27 +0200] "GET /-p-12220.html HTTP/1.0" 200 72248 "-" "Mozilla/5.0 (compatible; SemrushBot/7~bl; +http://www.semrush.com/bot.html)"
185.191.171.37 - - [09/Oct/2022:10:17:57 +0200] "GET /concorde-metal-plate-40-30-cm-p-40315.html HTTP/1.0" 301 75164 "-" "Mozilla/5.0 (compatible; SemrushBot/7~bl; +http://www.semrush.com/bot.html)"
185.191.171.35 - - [09/Oct/2022:10:18:00 +0200] "GET /concorde-metal-plate-p-40315.html HTTP/1.0" 200 75077 "-" "Mozilla/5.0 (compatible; SemrushBot/7~bl; +http://www.semrush.com/bot.html)"
66.249.64.244 - - [09/Oct/2022:10:18:11 +0200] "GET /orangutan-glass-clock-p-28111.html HTTP/1.0" 200 74881 "-" "Mozilla/5.0 (Linux; Android 6.0.1; Nexus 5X Build/MMB29P) AppleWebKit/537.36 (KHTML, like Gecko) Chrome/105.0.5195.125 Mobile Safari/537.36 (compatible; Googlebot/2.1; +http://www.google.com/bot.html)"
157.55.39.28 - - [09/Oct/2022:10:18:24 +0200] "GET /images/mini_prod/3520071624051.jpg HTTP/1.0" 200 269 "-" "Mozilla/5.0 (compatible; bingbot/2.0; +http://www.bing.com/bingbot.htm)"
173.252.83.17 - - [09/Oct/2022:10:18:36 +0200] "GET /images/mini_prod/3665269065916d.jpg HTTP/1.0" 200 270 "-" "facebookexternalhit/1.1 (+http://www.facebook.com/externalhit_uatext.php)"
51.68.224.127 - - [09/Oct/2022:10:19:01 +0200] "GET /adminweb/export_orders_xml.php?token=256de2z6edz6ed2z6DFSFsed2zed6zeDSFDSGdzedezfzf&maxorders=10&orderstart=1&status=14&start_date=2018-10-01 HTTP/1.0" 200 285 "-" "GesCom CharlotteBoutik Serveur"
54.36.148.47 - - [09/Oct/2022:10:19:01 +0200] "GET /hippocrate-statuette-bronze-aspect-resin-p-53644.html HTTP/1.0" 200 75091 "-" "Mozilla/5.0 (compatible; AhrefsBot/7.0; +http://ahrefs.com/robot/)"
51.68.224.127 - - [09/Oct/2022:10:19:03 +0200] "GET /adminweb/export_orders_xml.php?token=256de2z6edz6ed2z6DFSFsed2zed6zeDSFDSGdzedezfzf&maxorders=10&orderstart=1&status=6&start_date=2018-10-01 HTTP/1.0" 200 33985 "-" "GesCom CharlotteBoutik Serveur"
185.191.171.10 - - [09/Oct/2022:10:19:15 +0200] "GET /mister-phone-cover-iphone-p-14160.html?action=add_product HTTP/1.0" 302 476 "-" "Mozilla/5.0 (compatible; SemrushBot/7~bl; +http://www.semrush.com/bot.html)"
185.191.171.33 - - [09/Oct/2022:10:19:16 +0200] "GET /vintage-pin-up-cola-cola-canvas-frame-35-35-cm-p-33386.html HTTP/1.0" 301 75238 "-" "Mozilla/5.0 (compatible; SemrushBot/7~bl; +http://www.semrush.com/bot.html)"
185.191.171.24 - - [09/Oct/2022:10:19:19 +0200] "GET /vintage-cola-cola-canvas-frame-p-33386.html HTTP/1.0" 200 75141 "-" "Mozilla/5.0 (compatible; SemrushBot/7~bl; +http://www.semrush.com/bot.html)"
185.191.171.35 - - [09/Oct/2022:10:19:29 +0200] "GET /mani-the-lucky-cat-charm-size-chance-p-33279.html HTTP/1.0" 301 75267 "-" "Mozilla/5.0 (compatible; SemrushBot/7~bl; +http://www.semrush.com/bot.html)"
185.191.171.36 - - [09/Oct/2022:10:19:33 +0200] "GET /table-lamp-silver-metal-p-42338.html?action=add_product HTTP/1.0" 302 476 "-" "Mozilla/5.0 (compatible; SemrushBot/7~bl; +http://www.semrush.com/bot.html)"
185.191.171.12 - - [09/Oct/2022:10:19:34 +0200] "GET /barbabelle-beauty-bag-p-15961.html HTTP/1.0" 301 72398 "-" "Mozilla/5.0 (compatible; SemrushBot/7~bl; +http://www.semrush.com/bot.html)"
185.191.171.9 - - [09/Oct/2022:10:19:38 +0200] "GET /ice-cream-clock-by-allen-p-34166.html HTTP/1.0" 301 72404 "-" "Mozilla/5.0 (compatible; SemrushBot/7~bl; +http://www.semrush.com/bot.html)"
173.252.83.20 - - [09/Oct/2022:10:19:40 +0200] "GET /images/mini_prod/3453131150972.jpg HTTP/1.0" 200 269 "-" "facebookexternalhit/1.1 (+http://www.facebook.com/externalhit_uatext.php)"
185.191.171.24 - - [09/Oct/2022:10:19:41 +0200] "GET /winnie-the-pooh-sticker-p-20475.html HTTP/1.0" 301 77242 "-" "Mozilla/5.0 (compatible; SemrushBot/7~bl; +http://www.semrush.com/bot.html)"
185.191.171.10 - - [09/Oct/2022:10:19:44 +0200] "GET /pink-dragonfly-duffel-caramel-p-55637.html?action=add_product HTTP/1.0" 302 476 "-" "Mozilla/5.0 (compatible; SemrushBot/7~bl; +http://www.semrush.com/bot.html)"
185.191.171.26 - - [09/Oct/2022:10:19:46 +0200] "GET /tarot-p-37142.html?action=add_product HTTP/1.0" 302 476 "-" "Mozilla/5.0 (compatible; SemrushBot/7~bl; +http://www.semrush.com/bot.html)"
185.191.171.25 - - [09/Oct/2022:10:19:48 +0200] "GET /winnie-pooh-sticker-p-20475.html HTTP/1.0" 200 77156 "-" "Mozilla/5.0 (compatible; SemrushBot/7~bl; +http://www.semrush.com/bot.html)"
185.191.171.7 - - [09/Oct/2022:10:19:51 +0200] "GET /cream-clock-allen-p-34166.html HTTP/1.0" 200 72320 "-" "Mozilla/5.0 (compatible; SemrushBot/7~bl; +http://www.semrush.com/bot.html)"
185.191.171.9 - - [09/Oct/2022:10:19:54 +0200] "GET /barbabelle-beauty-p-15961.html HTTP/1.0" 200 72314 "-" "Mozilla/5.0 (compatible; SemrushBot/7~bl; +http://www.semrush.com/bot.html)"
185.191.171.11 - - [09/Oct/2022:10:19:57 +0200] "GET /mani-lucky-charm-size-chance-p-33279.html HTTP/1.0" 200 75172 "-" "Mozilla/5.0 (compatible; SemrushBot/7~bl; +http://www.semrush.com/bot.html)"
185.191.171.16 - - [09/Oct/2022:10:20:04 +0200] "GET /-p-31338.html?action=add_product HTTP/1.0" 302 476 "-" "Mozilla/5.0 (compatible; SemrushBot/7~bl; +http://www.semrush.com/bot.html)"
185.191.171.45 - - [09/Oct/2022:10:20:09 +0200] "GET /frozen-lunchbox-p-31746.html?action=add_product HTTP/1.0" 302 476 "-" "Mozilla/5.0 (compatible; SemrushBot/7~bl; +http://www.semrush.com/bot.html)"
66.249.64.242 - - [09/Oct/2022:10:20:13 +0200] "GET /images/big_prod_2/8424346514847C.jpg HTTP/1.0" 200 271 "-" "Googlebot-Image/1.0"
185.191.171.37 - - [09/Oct/2022:10:20:19 +0200] "GET /-p-45464.html?action=add_product HTTP/1.0" 302 476 "-" "Mozilla/5.0 (compatible; SemrushBot/7~bl; +http://www.semrush.com/bot.html)"
185.191.171.7 - - [09/Oct/2022:10:20:24 +0200] "GET /candy-cloud-coin-purse-jazzy-p-49866.html?action=add_product HTTP/1.0" 302 476 "-" "Mozilla/5.0 (compatible; SemrushBot/7~bl; +http://www.semrush.com/bot.html)"
185.191.171.26 - - [09/Oct/2022:10:20:31 +0200] "GET /wiggles-gund-animated-plush-35-cm-p-40392.html HTTP/1.0" 301 72315 "-" "Mozilla/5.0 (compatible; SemrushBot/7~bl; +http://www.semrush.com/bot.html)"
185.191.171.39 - - [09/Oct/2022:10:20:34 +0200] "GET /-p-40392.html HTTP/1.0" 200 72248 "-" "Mozilla/5.0 (compatible; SemrushBot/7~bl; +http://www.semrush.com/bot.html)"
185.191.171.11 - - [09/Oct/2022:10:20:43 +0200] "GET /buddha-backflow-incense-burner-p-51744.html?action=add_product HTTP/1.0" 302 476 "-" "Mozilla/5.0 (compatible; SemrushBot/7~bl; +http://www.semrush.com/bot.html)"
185.191.171.21 - - [09/Oct/2022:10:20:51 +0200] "GET /-p-42783.html?action=add_product HTTP/1.0" 302 476 "-" "Mozilla/5.0 (compatible; SemrushBot/7~bl; +http://www.semrush.com/bot.html)"
173.252.83.12 - - [09/Oct/2022:10:20:58 +0200] "GET /images/mini_prod/8422002225229.jpg HTTP/1.0" 200 269 "-" "facebookexternalhit/1.1 (+http://www.facebook.com/externalhit_uatext.php)"
216.244.66.242 - - [09/Oct/2022:10:20:59 +0200] "GET /cherry-blossoms-p-39294.html HTTP/1.0" 200 75030 "-" "Mozilla/5.0 (compatible; DotBot/1.2; +https://opensiteexplorer.org/dotbot; help@moz.com)"
185.191.171.8 - - [09/Oct/2022:10:21:01 +0200] "GET /straw-basket-p-40138.html?action=add_product HTTP/1.0" 302 476 "-" "Mozilla/5.0 (compatible; SemrushBot/7~bl; +http://www.semrush.com/bot.html)"
185.191.171.8 - - [09/Oct/2022:10:21:09 +0200] "GET /-p-48160.html?action=add_product HTTP/1.0" 302 476 "-" "Mozilla/5.0 (compatible; SemrushBot/7~bl; +http://www.semrush.com/bot.html)"
54.36.149.11 - - [09/Oct/2022:10:21:19 +0200] "GET /ballerina-statue-collection-body-talk-p-40677.html HTTP/1.0" 200 75724 "-" "Mozilla/5.0 (compatible; AhrefsBot/7.0; +http://ahrefs.com/robot/)"
185.191.171.1 - - [09/Oct/2022:10:21:31 +0200] "GET /owls-table-p-45289.html?action=add_product HTTP/1.0" 301 476 "-" "Mozilla/5.0 (compatible; SemrushBot/7~bl; +http://www.semrush.com/bot.html)"
216.244.66.242 - - [09/Oct/2022:10:21:37 +0200] "GET /high-school-musical-scarf-p-22257.html HTTP/1.0" 200 75078 "-" "Mozilla/5.0 (compatible; DotBot/1.2; +https://opensiteexplorer.org/dotbot; help@moz.com)"
66.249.64.242 - - [09/Oct/2022:10:21:44 +0200] "GET /images/big_prod/5051276272788.jpg HTTP/1.0" 200 268 "-" "Googlebot-Image/1.0"
216.244.66.242 - - [09/Oct/2022:10:21:45 +0200] "GET /strawberry-shortcake-scarf-years-p-22137.html HTTP/1.0" 200 75200 "-" "Mozilla/5.0 (compatible; DotBot/1.2; +https://opensiteexplorer.org/dotbot; help@moz.com)"
66.249.64.242 - - [09/Oct/2022:10:22:15 +0200] "GET /dogs-white-mug-p-49735.html HTTP/1.0" 301 75545 "-" "Mozilla/5.0 (Linux; Android 6.0.1; Nexus 5X Build/MMB29P) AppleWebKit/537.36 (KHTML, like Gecko) Chrome/106.0.5249.103 Mobile Safari/537.36 (compatible; Googlebot/2.1; +http://www.google.com/bot.html)"
66.249.64.242 - - [09/Oct/2022:10:22:17 +0200] "GET /dogs-white-p-49735.html HTTP/1.0" 200 75468 "-" "Mozilla/5.0 (Linux; Android 6.0.1; Nexus 5X Build/MMB29P) AppleWebKit/537.36 (KHTML, like Gecko) Chrome/106.0.5249.103 Mobile Safari/537.36 (compatible; Googlebot/2.1; +http://www.google.com/bot.html)"
185.191.171.13 - - [09/Oct/2022:10:22:18 +0200] "GET /-p-48829.html?action=add_product HTTP/1.0" 302 476 "-" "Mozilla/5.0 (compatible; SemrushBot/7~bl; +http://www.semrush.com/bot.html)"
66.249.64.242 - - [09/Oct/2022:10:22:28 +0200] "GET /pedal-bin-gray-p-52587.html HTTP/1.0" 301 75845 "-" "Mozilla/5.0 (Linux; Android 6.0.1; Nexus 5X Build/MMB29P) AppleWebKit/537.36 (KHTML, like Gecko) Chrome/105.0.5195.125 Mobile Safari/537.36 (compatible; Googlebot/2.1; +http://www.google.com/bot.html)"
66.249.64.242 - - [09/Oct/2022:10:22:30 +0200] "GET /pedal-gray-p-52587.html HTTP/1.0" 200 75768 "-" "Mozilla/5.0 (Linux; Android 6.0.1; Nexus 5X Build/MMB29P) AppleWebKit/537.36 (KHTML, like Gecko) Chrome/105.0.5195.125 Mobile Safari/537.36 (compatible; Googlebot/2.1; +http://www.google.com/bot.html)"
185.191.171.20 - - [09/Oct/2022:10:23:21 +0200] "GET /gray-metal-flask-p-54983.html HTTP/1.0" 200 75455 "-" "Mozilla/5.0 (compatible; SemrushBot/7~bl; +http://www.semrush.com/bot.html)"
185.191.171.42 - - [09/Oct/2022:10:23:24 +0200] "GET /-p-47254.html?action=add_product HTTP/1.0" 302 476 "-" "Mozilla/5.0 (compatible; SemrushBot/7~bl; +http://www.semrush.com/bot.html)"
185.191.171.11 - - [09/Oct/2022:10:23:26 +0200] "GET /rubber-look-metal-doormat-p-58308.html?action=add_product HTTP/1.0" 302 476 "-" "Mozilla/5.0 (compatible; SemrushBot/7~bl; +http://www.semrush.com/bot.html)"
54.36.148.52 - - [09/Oct/2022:10:23:31 +0200] "GET /resin-statue-p-51232.html HTTP/1.0" 200 75747 "-" "Mozilla/5.0 (compatible; AhrefsBot/7.0; +http://ahrefs.com/robot/)"
185.191.171.10 - - [09/Oct/2022:10:23:46 +0200] "GET /-p-28823.html?action=add_product HTTP/1.0" 302 476 "-" "Mozilla/5.0 (compatible; SemrushBot/7~bl; +http://www.semrush.com/bot.html)"
185.191.171.16 - - [09/Oct/2022:10:23:49 +0200] "GET /nightlight-shaped-owl-led-p-37285.html HTTP/1.0" 301 72438 "-" "Mozilla/5.0 (compatible; SemrushBot/7~bl; +http://www.semrush.com/bot.html)"
185.191.171.26 - - [09/Oct/2022:10:23:52 +0200] "GET /nightlight-shaped-p-37285.html HTTP/1.0" 200 72354 "-" "Mozilla/5.0 (compatible; SemrushBot/7~bl; +http://www.semrush.com/bot.html)"
185.191.171.9 - - [09/Oct/2022:10:23:58 +0200] "GET /-p-15848.html?action=add_product HTTP/1.0" 302 476 "-" "Mozilla/5.0 (compatible; SemrushBot/7~bl; +http://www.semrush.com/bot.html)"
185.191.171.18 - - [09/Oct/2022:10:24:11 +0200] "GET /all-you-need-is-love-metal-plate-deco-p-36119.html HTTP/1.0" 301 72315 "-" "Mozilla/5.0 (compatible; SemrushBot/7~bl; +http://www.semrush.com/bot.html)"
173.252.83.12 - - [09/Oct/2022:10:24:14 +0200] "GET /images/mini_prod/3609810084056.jpg HTTP/1.0" 200 269 "-" "facebookexternalhit/1.1 (+http://www.facebook.com/externalhit_uatext.php)"
185.191.171.8 - - [09/Oct/2022:10:24:14 +0200] "GET /-p-36119.html HTTP/1.0" 200 72248 "-" "Mozilla/5.0 (compatible; SemrushBot/7~bl; +http://www.semrush.com/bot.html)"
185.191.171.7 - - [09/Oct/2022:10:24:19 +0200] "GET /adult-cotton-apron-p-54327.html?action=add_product HTTP/1.0" 302 476 "-" "Mozilla/5.0 (compatible; SemrushBot/7~bl; +http://www.semrush.com/bot.html)"
185.191.171.21 - - [09/Oct/2022:10:24:21 +0200] "GET /brass-bell-with-wooden-handle-p-56650.html HTTP/1.0" 200 75588 "-" "Mozilla/5.0 (compatible; SemrushBot/7~bl; +http://www.semrush.com/bot.html)"
185.191.171.3 - - [09/Oct/2022:10:24:25 +0200] "GET /cars-large-expandable-backpack-p-19680.html?action=add_product HTTP/1.0" 302 476 "-" "Mozilla/5.0 (compatible; SemrushBot/7~bl; +http://www.semrush.com/bot.html)"
185.191.171.14 - - [09/Oct/2022:10:24:27 +0200] "GET /mappemonde-coasters-p-52605.html HTTP/1.0" 200 74867 "-" "Mozilla/5.0 (compatible; SemrushBot/7~bl; +http://www.semrush.com/bot.html)"
185.191.171.23 - - [09/Oct/2022:10:24:32 +0200] "GET /statue-centerpiece-cats-p-54254.html?action=add_product HTTP/1.0" 302 476 "-" "Mozilla/5.0 (compatible; SemrushBot/7~bl; +http://www.semrush.com/bot.html)"
185.191.171.2 - - [09/Oct/2022:10:24:41 +0200] "GET /coca-cola-things-go-better-large-metal-plate-deco-p-35214.html HTTP/1.0" 301 75194 "-" "Mozilla/5.0 (compatible; SemrushBot/7~bl; +http://www.semrush.com/bot.html)"
185.191.171.3 - - [09/Oct/2022:10:24:45 +0200] "GET /coca-cola-things-better-large-metal-plate-deco-p-35214.html HTTP/1.0" 200 75081 "-" "Mozilla/5.0 (compatible; SemrushBot/7~bl; +http://www.semrush.com/bot.html)"
173.252.83.119 - - [09/Oct/2022:10:24:55 +0200] "GET /images/mini_prod/1384010202760.jpg HTTP/1.0" 200 269 "-" "facebookexternalhit/1.1 (+http://www.facebook.com/externalhit_uatext.php)"
157.55.39.231 - - [09/Oct/2022:10:25:03 +0200] "GET /images/big_prod/8003990615911.jpg HTTP/1.0" 200 268 "-" "Mozilla/5.0 AppleWebKit/537.36 (KHTML, like Gecko; compatible; bingbot/2.0; +http://www.bing.com/bingbot.htm) Chrome/103.0.5060.134 Safari/537.36"
185.191.171.6 - - [09/Oct/2022:10:25:08 +0200] "GET /door-plate-for-the-bathroom-p-53387.html HTTP/1.0" 301 75602 "-" "Mozilla/5.0 (compatible; SemrushBot/7~bl; +http://www.semrush.com/bot.html)"
185.191.171.6 - - [09/Oct/2022:10:25:12 +0200] "GET /small-panda-nici-charm-phone-charm-p-33462.html?action=add_product HTTP/1.0" 302 476 "-" "Mozilla/5.0 (compatible; SemrushBot/7~bl; +http://www.semrush.com/bot.html)"
185.191.171.23 - - [09/Oct/2022:10:25:13 +0200] "GET /laissez-lucie-faire-cups-espresso-set-cups-espresso-p-42256.html HTTP/1.0" 301 75234 "-" "Mozilla/5.0 (compatible; SemrushBot/7~bl; +http://www.semrush.com/bot.html)"
185.191.171.39 - - [09/Oct/2022:10:25:16 +0200] "GET /laissez-lucie-faire-cups-espresso-cups-espresso-p-42256.html HTTP/1.0" 200 75120 "-" "Mozilla/5.0 (compatible; SemrushBot/7~bl; +http://www.semrush.com/bot.html)"
185.191.171.2 - - [09/Oct/2022:10:25:19 +0200] "GET /door-plate-bathroom-p-53387.html HTTP/1.0" 200 75516 "-" "Mozilla/5.0 (compatible; SemrushBot/7~bl; +http://www.semrush.com/bot.html)"
185.191.171.6 - - [09/Oct/2022:10:25:24 +0200] "GET /rusty-metal-structure-tree-with-birds-60-cm-p-49862.html HTTP/1.0" 301 72502 "-" "Mozilla/5.0 (compatible; SemrushBot/7~bl; +http://www.semrush.com/bot.html)"
185.191.171.2 - - [09/Oct/2022:10:25:28 +0200] "GET /rusty-metal-structure-tree-with-birds-p-49862.html HTTP/1.0" 200 72398 "-" "Mozilla/5.0 (compatible; SemrushBot/7~bl; +http://www.semrush.com/bot.html)"
185.191.171.21 - - [09/Oct/2022:10:25:38 +0200] "GET /ajna-chakra-cushion-cbkreation-p-46834.html?action=add_product HTTP/1.0" 301 476 "-" "Mozilla/5.0 (compatible; SemrushBot/7~bl; +http://www.semrush.com/bot.html)"
216.244.66.242 - - [09/Oct/2022:10:25:43 +0200] "GET /bagshandbags-shoulder-bags-c-31_81.html?page=18 HTTP/1.0" 200 88391 "-" "Mozilla/5.0 (compatible; DotBot/1.2; +https://opensiteexplorer.org/dotbot; help@moz.com)"
54.36.148.64 - - [09/Oct/2022:10:25:53 +0200] "GET /johnny-hallyday-blue-neon-wall-clock-p-24167.html HTTP/1.0" 200 75670 "-" "Mozilla/5.0 (compatible; AhrefsBot/7.0; +http://ahrefs.com/robot/)"
35.224.204.132 - - [09/Oct/2022:10:26:21 +0200] "GET / HTTP/1.0" 301 511 "-" "Mozilla/5.0 (X11; Linux x86_64) AppleWebKit/537.36 (KHTML, like Gecko) Chrome/108.0.0.0 Safari/537.36"
35.224.204.132 - - [09/Oct/2022:10:26:24 +0200] "GET /templates/Pixame_v1/stylesheet.css HTTP/1.0" 200 267 "http://www.wonder-geek.com/" "Mozilla/5.0 (X11; Linux x86_64) AppleWebKit/537.36 (KHTML, like Gecko) Chrome/108.0.0.0 Safari/537.36"
35.224.204.132 - - [09/Oct/2022:10:26:24 +0200] "GET /highslide/highslide.js HTTP/1.0" 200 262 "http://www.wonder-geek.com/" "Mozilla/5.0 (X11; Linux x86_64) AppleWebKit/537.36 (KHTML, like Gecko) Chrome/108.0.0.0 Safari/537.36"
35.224.204.132 - - [09/Oct/2022:10:26:24 +0200] "GET /js/jquery.js HTTP/1.0" 200 252 "http://www.wonder-geek.com/" "Mozilla/5.0 (X11; Linux x86_64) AppleWebKit/537.36 (KHTML, like Gecko) Chrome/108.0.0.0 Safari/537.36"
35.224.204.132 - - [09/Oct/2022:10:26:24 +0200] "GET /js/jquery.jqzoom.js HTTP/1.0" 200 259 "http://www.wonder-geek.com/" "Mozilla/5.0 (X11; Linux x86_64) AppleWebKit/537.36 (KHTML, like Gecko) Chrome/108.0.0.0 Safari/537.36"
35.224.204.132 - - [09/Oct/2022:10:26:24 +0200] "GET /mondial_relay/js/jquery-1.3.2.min.js HTTP/1.0" 200 276 "http://www.wonder-geek.com/" "Mozilla/5.0 (X11; Linux x86_64) AppleWebKit/537.36 (KHTML, like Gecko) Chrome/108.0.0.0 Safari/537.36"
35.224.204.132 - - [09/Oct/2022:10:26:24 +0200] "GET /swfobject.js HTTP/1.0" 404 1308 "http://www.wonder-geek.com/" "Mozilla/5.0 (X11; Linux x86_64) AppleWebKit/537.36 (KHTML, like Gecko) Chrome/108.0.0.0 Safari/537.36"
35.224.204.132 - - [09/Oct/2022:10:26:24 +0200] "GET /templates/Pixame_v1/images/icon_accueil2.png HTTP/1.0" 200 278 "http://www.wonder-geek.com/" "Mozilla/5.0 (X11; Linux x86_64) AppleWebKit/537.36 (KHTML, like Gecko) Chrome/108.0.0.0 Safari/537.36"
35.224.204.132 - - [09/Oct/2022:10:26:25 +0200] "GET /templates/Pixame_v1/images/infobox/pixel_trans.gif HTTP/1.0" 200 328 "http://www.wonder-geek.com/" "Mozilla/5.0 (X11; Linux x86_64) AppleWebKit/537.36 (KHTML, like Gecko) Chrome/108.0.0.0 Safari/537.36"
35.224.204.132 - - [09/Oct/2022:10:26:25 +0200] "GET /images/pixel_trans.gif HTTP/1.0" 200 328 "http://www.wonder-geek.com/" "Mozilla/5.0 (X11; Linux x86_64) AppleWebKit/537.36 (KHTML, like Gecko) Chrome/108.0.0.0 Safari/537.36"
35.224.204.132 - - [09/Oct/2022:10:26:25 +0200] "GET /templates/Pixame_v1/images/pixel_trans.gif HTTP/1.0" 200 328 "http://www.wonder-geek.com/" "Mozilla/5.0 (X11; Linux x86_64) AppleWebKit/537.36 (KHTML, like Gecko) Chrome/108.0.0.0 Safari/537.36"
35.224.204.132 - - [09/Oct/2022:10:26:25 +0200] "GET /templates/Pixame_v1/images/Bottom_texture.jpg HTTP/1.0" 200 280 "http://www.wonder-geek.com/templates/Pixame_v1/stylesheet.css" "Mozilla/5.0 (X11; Linux x86_64) AppleWebKit/537.36 (KHTML, like Gecko) Chrome/108.0.0.0 Safari/537.36"
35.224.204.132 - - [09/Oct/2022:10:26:25 +0200] "GET /templates/Pixame_v1/images/Middle_texture.jpg HTTP/1.0" 200 280 "http://www.wonder-geek.com/templates/Pixame_v1/stylesheet.css" "Mozilla/5.0 (X11; Linux x86_64) AppleWebKit/537.36 (KHTML, like Gecko) Chrome/108.0.0.0 Safari/537.36"
35.224.204.132 - - [09/Oct/2022:10:26:25 +0200] "GET /templates/Pixame_v1/images/nav.png HTTP/1.0" 200 268 "http://www.wonder-geek.com/templates/Pixame_v1/stylesheet.css" "Mozilla/5.0 (X11; Linux x86_64) AppleWebKit/537.36 (KHTML, like Gecko) Chrome/108.0.0.0 Safari/537.36"
35.224.204.132 - - [09/Oct/2022:10:26:25 +0200] "GET /templates/Pixame_v1/images/header.png HTTP/1.0" 200 271 "http://www.wonder-geek.com/templates/Pixame_v1/stylesheet.css" "Mozilla/5.0 (X11; Linux x86_64) AppleWebKit/537.36 (KHTML, like Gecko) Chrome/108.0.0.0 Safari/537.36"
35.224.204.132 - - [09/Oct/2022:10:26:25 +0200] "GET /templates/Pixame_v1/images/header-object.png HTTP/1.0" 200 278 "http://www.wonder-geek.com/templates/Pixame_v1/stylesheet.css" "Mozilla/5.0 (X11; Linux x86_64) AppleWebKit/537.36 (KHTML, like Gecko) Chrome/108.0.0.0 Safari/537.36"
35.224.204.132 - - [09/Oct/2022:10:26:21 +0200] "GET / HTTP/1.0" 200 152167 "-" "Mozilla/5.0 (X11; Linux x86_64) AppleWebKit/537.36 (KHTML, like Gecko) Chrome/108.0.0.0 Safari/537.36"
35.224.204.132 - - [09/Oct/2022:10:26:25 +0200] "GET /design/productsenstock.png HTTP/1.0" 200 260 "http://www.wonder-geek.com/templates/Pixame_v1/stylesheet.css" "Mozilla/5.0 (X11; Linux x86_64) AppleWebKit/537.36 (KHTML, like Gecko) Chrome/108.0.0.0 Safari/537.36"
35.224.204.132 - - [09/Oct/2022:10:26:26 +0200] "GET /js/jquery.min.js HTTP/1.0" 404 1308 "http://www.wonder-geek.com/" "Mozilla/5.0 (X11; Linux x86_64) AppleWebKit/537.36 (KHTML, like Gecko) Chrome/108.0.0.0 Safari/537.36"
35.224.204.132 - - [09/Oct/2022:10:26:26 +0200] "GET /js/jquery.masonry.min.js HTTP/1.0" 200 264 "http://www.wonder-geek.com/" "Mozilla/5.0 (X11; Linux x86_64) AppleWebKit/537.36 (KHTML, like Gecko) Chrome/108.0.0.0 Safari/537.36"
35.224.204.132 - - [09/Oct/2022:10:26:26 +0200] "GET /js/modernizr-transitions.js HTTP/1.0" 200 267 "http://www.wonder-geek.com/" "Mozilla/5.0 (X11; Linux x86_64) AppleWebKit/537.36 (KHTML, like Gecko) Chrome/108.0.0.0 Safari/537.36"
35.224.204.132 - - [09/Oct/2022:10:26:26 +0200] "GET /images/mini_prod/5051276459073.jpg HTTP/1.0" 200 269 "http://www.wonder-geek.com/" "Mozilla/5.0 (X11; Linux x86_64) AppleWebKit/537.36 (KHTML, like Gecko) Chrome/108.0.0.0 Safari/537.36"
35.224.204.132 - - [09/Oct/2022:10:26:27 +0200] "GET /images/mini_prod/8424001443833.jpg HTTP/1.0" 200 269 "http://www.wonder-geek.com/" "Mozilla/5.0 (X11; Linux x86_64) AppleWebKit/537.36 (KHTML, like Gecko) Chrome/108.0.0.0 Safari/537.36"
35.224.204.132 - - [09/Oct/2022:10:26:27 +0200] "GET /images/mini_prod/8422072749687.jpg HTTP/1.0" 200 269 "http://www.wonder-geek.com/" "Mozilla/5.0 (X11; Linux x86_64) AppleWebKit/537.36 (KHTML, like Gecko) Chrome/108.0.0.0 Safari/537.36"
35.224.204.132 - - [09/Oct/2022:10:26:27 +0200] "GET /images/mini_prod/5051276423999.jpg HTTP/1.0" 200 269 "http://www.wonder-geek.com/" "Mozilla/5.0 (X11; Linux x86_64) AppleWebKit/537.36 (KHTML, like Gecko) Chrome/108.0.0.0 Safari/537.36"
35.224.204.132 - - [09/Oct/2022:10:26:27 +0200] "GET /images/mini_prod/8422080351612.jpg HTTP/1.0" 200 269 "http://www.wonder-geek.com/" "Mozilla/5.0 (X11; Linux x86_64) AppleWebKit/537.36 (KHTML, like Gecko) Chrome/108.0.0.0 Safari/537.36"
35.224.204.132 - - [09/Oct/2022:10:26:27 +0200] "GET /images/mini_prod/8424001829217.jpg HTTP/1.0" 200 269 "http://www.wonder-geek.com/" "Mozilla/5.0 (X11; Linux x86_64) AppleWebKit/537.36 (KHTML, like Gecko) Chrome/108.0.0.0 Safari/537.36"
35.224.204.132 - - [09/Oct/2022:10:26:27 +0200] "GET /images/mini_prod/8422094881228.jpg HTTP/1.0" 200 269 "http://www.wonder-geek.com/" "Mozilla/5.0 (X11; Linux x86_64) AppleWebKit/537.36 (KHTML, like Gecko) Chrome/108.0.0.0 Safari/537.36"
35.224.204.132 - - [09/Oct/2022:10:26:27 +0200] "GET /images/mini_prod/5051276457765.jpg HTTP/1.0" 200 269 "http://www.wonder-geek.com/" "Mozilla/5.0 (X11; Linux x86_64) AppleWebKit/537.36 (KHTML, like Gecko) Chrome/108.0.0.0 Safari/537.36"
35.224.204.132 - - [09/Oct/2022:10:26:27 +0200] "GET /images/mini_prod/8424345490951.jpg HTTP/1.0" 200 269 "http://www.wonder-geek.com/" "Mozilla/5.0 (X11; Linux x86_64) AppleWebKit/537.36 (KHTML, like Gecko) Chrome/108.0.0.0 Safari/537.36"
35.224.204.132 - - [09/Oct/2022:10:26:27 +0200] "GET /images/mini_prod/8424001894833.jpg HTTP/1.0" 200 269 "http://www.wonder-geek.com/" "Mozilla/5.0 (X11; Linux x86_64) AppleWebKit/537.36 (KHTML, like Gecko) Chrome/108.0.0.0 Safari/537.36"
35.224.204.132 - - [09/Oct/2022:10:26:27 +0200] "GET /images/mini_prod/8445146042385.jpg HTTP/1.0" 200 269 "http://www.wonder-geek.com/" "Mozilla/5.0 (X11; Linux x86_64) AppleWebKit/537.36 (KHTML, like Gecko) Chrome/108.0.0.0 Safari/537.36"
35.224.204.132 - - [09/Oct/2022:10:26:27 +0200] "GET /images/mini_prod/8424001872978.jpg HTTP/1.0" 200 269 "http://www.wonder-geek.com/" "Mozilla/5.0 (X11; Linux x86_64) AppleWebKit/537.36 (KHTML, like Gecko) Chrome/108.0.0.0 Safari/537.36"
35.224.204.132 - - [09/Oct/2022:10:26:27 +0200] "GET /images/mini_prod/8445146035851.jpg HTTP/1.0" 200 269 "http://www.wonder-geek.com/" "Mozilla/5.0 (X11; Linux x86_64) AppleWebKit/537.36 (KHTML, like Gecko) Chrome/108.0.0.0 Safari/537.36"
35.224.204.132 - - [09/Oct/2022:10:26:27 +0200] "GET /images/mini_prod/3700281666465.jpg HTTP/1.0" 200 269 "http://www.wonder-geek.com/" "Mozilla/5.0 (X11; Linux x86_64) AppleWebKit/537.36 (KHTML, like Gecko) Chrome/108.0.0.0 Safari/537.36"
35.224.204.132 - - [09/Oct/2022:10:26:27 +0200] "GET /images/mini_prod/8424346006373.jpg HTTP/1.0" 200 269 "http://www.wonder-geek.com/" "Mozilla/5.0 (X11; Linux x86_64) AppleWebKit/537.36 (KHTML, like Gecko) Chrome/108.0.0.0 Safari/537.36"
35.224.204.132 - - [09/Oct/2022:10:26:27 +0200] "GET /images/mini_prod/8424001905751.jpg HTTP/1.0" 200 269 "http://www.wonder-geek.com/" "Mozilla/5.0 (X11; Linux x86_64) AppleWebKit/537.36 (KHTML, like Gecko) Chrome/108.0.0.0 Safari/537.36"
35.224.204.132 - - [09/Oct/2022:10:26:27 +0200] "GET /images/mini_prod/5051276423937.jpg HTTP/1.0" 200 269 "http://www.wonder-geek.com/" "Mozilla/5.0 (X11; Linux x86_64) AppleWebKit/537.36 (KHTML, like Gecko) Chrome/108.0.0.0 Safari/537.36"
35.224.204.132 - - [09/Oct/2022:10:26:27 +0200] "GET /images/mini_prod/846007011485.jpg HTTP/1.0" 200 268 "http://www.wonder-geek.com/" "Mozilla/5.0 (X11; Linux x86_64) AppleWebKit/537.36 (KHTML, like Gecko) Chrome/108.0.0.0 Safari/537.36"
35.224.204.132 - - [09/Oct/2022:10:26:27 +0200] "GET /images/mini_prod/5400924160357.jpg HTTP/1.0" 200 269 "http://www.wonder-geek.com/" "Mozilla/5.0 (X11; Linux x86_64) AppleWebKit/537.36 (KHTML, like Gecko) Chrome/108.0.0.0 Safari/537.36"
35.224.204.132 - - [09/Oct/2022:10:26:27 +0200] "GET /images/mini_prod/1328399319497.jpg HTTP/1.0" 200 269 "http://www.wonder-geek.com/" "Mozilla/5.0 (X11; Linux x86_64) AppleWebKit/537.36 (KHTML, like Gecko) Chrome/108.0.0.0 Safari/537.36"
35.224.204.132 - - [09/Oct/2022:10:26:27 +0200] "GET /images/mini_prod/9316188092470.jpg HTTP/1.0" 200 269 "http://www.wonder-geek.com/" "Mozilla/5.0 (X11; Linux x86_64) AppleWebKit/537.36 (KHTML, like Gecko) Chrome/108.0.0.0 Safari/537.36"
35.224.204.132 - - [09/Oct/2022:10:26:27 +0200] "GET /images/mini_prod/5400924114275.jpg HTTP/1.0" 200 269 "http://www.wonder-geek.com/" "Mozilla/5.0 (X11; Linux x86_64) AppleWebKit/537.36 (KHTML, like Gecko) Chrome/108.0.0.0 Safari/537.36"
35.224.204.132 - - [09/Oct/2022:10:26:27 +0200] "GET /images/mini_prod/8422071208451.jpg HTTP/1.0" 200 269 "http://www.wonder-geek.com/" "Mozilla/5.0 (X11; Linux x86_64) AppleWebKit/537.36 (KHTML, like Gecko) Chrome/108.0.0.0 Safari/537.36"
35.224.204.132 - - [09/Oct/2022:10:26:27 +0200] "GET /images/mini_prod/8422020024828C.jpg HTTP/1.0" 200 270 "http://www.wonder-geek.com/" "Mozilla/5.0 (X11; Linux x86_64) AppleWebKit/537.36 (KHTML, like Gecko) Chrome/108.0.0.0 Safari/537.36"
35.224.204.132 - - [09/Oct/2022:10:26:27 +0200] "GET /images/mini_prod/8422048802415.jpg HTTP/1.0" 200 269 "http://www.wonder-geek.com/" "Mozilla/5.0 (X11; Linux x86_64) AppleWebKit/537.36 (KHTML, like Gecko) Chrome/108.0.0.0 Safari/537.36"
35.224.204.132 - - [09/Oct/2022:10:26:27 +0200] "GET /images/mini_prod/8424001972357.jpg HTTP/1.0" 200 269 "http://www.wonder-geek.com/" "Mozilla/5.0 (X11; Linux x86_64) AppleWebKit/537.36 (KHTML, like Gecko) Chrome/108.0.0.0 Safari/537.36"
35.224.204.132 - - [09/Oct/2022:10:26:27 +0200] "GET /images/mini_prod/3700572763866.jpg HTTP/1.0" 200 269 "http://www.wonder-geek.com/" "Mozilla/5.0 (X11; Linux x86_64) AppleWebKit/537.36 (KHTML, like Gecko) Chrome/108.0.0.0 Safari/537.36"
35.224.204.132 - - [09/Oct/2022:10:26:27 +0200] "GET /images/mini_prod/5400924290924.jpg HTTP/1.0" 200 269 "http://www.wonder-geek.com/" "Mozilla/5.0 (X11; Linux x86_64) AppleWebKit/537.36 (KHTML, like Gecko) Chrome/108.0.0.0 Safari/537.36"
35.224.204.132 - - [09/Oct/2022:10:26:27 +0200] "GET /images/mini_prod/8445148023788.jpg HTTP/1.0" 200 269 "http://www.wonder-geek.com/" "Mozilla/5.0 (X11; Linux x86_64) AppleWebKit/537.36 (KHTML, like Gecko) Chrome/108.0.0.0 Safari/537.36"
