185.191.171.14 - - [09/Oct/2022:16:17:10 +0200] "GET /wyatt-gund-plush-p-34523.html?action=add_product HTTP/1.0" 302 476 "-" "Mozilla/5.0 (compatible; SemrushBot/7~bl; +http://www.semrush.com/bot.html)"
185.191.171.20 - - [09/Oct/2022:16:17:13 +0200] "GET /lucky-luke-kids-school-bag-p-14882.html HTTP/1.0" 301 72450 "-" "Mozilla/5.0 (compatible; SemrushBot/7~bl; +http://www.semrush.com/bot.html)"
185.191.171.16 - - [09/Oct/2022:16:17:16 +0200] "GET /wood-carved-tree-life-p-53780.html?action=add_product HTTP/1.0" 301 476 "-" "Mozilla/5.0 (compatible; SemrushBot/7~bl; +http://www.semrush.com/bot.html)"
185.191.171.19 - - [09/Oct/2022:16:17:18 +0200] "GET /lucky-luke-kids-school-p-14882.html HTTP/1.0" 200 72361 "-" "Mozilla/5.0 (compatible; SemrushBot/7~bl; +http://www.semrush.com/bot.html)"
185.191.171.10 - - [09/Oct/2022:16:17:29 +0200] "GET /bugatti-large-metal-plate-deco-p-26449.html?action=add_product HTTP/1.0" 302 476 "-" "Mozilla/5.0 (compatible; SemrushBot/7~bl; +http://www.semrush.com/bot.html)"
54.36.149.53 - - [09/Oct/2022:16:17:36 +0200] "GET /french-flag-with-stick-p-57876.html HTTP/1.0" 200 75671 "-" "Mozilla/5.0 (compatible; AhrefsBot/7.0; +http://ahrefs.com/robot/)"
66.249.64.246 - - [09/Oct/2022:16:17:45 +0200] "GET /cream-bracelet-p-50795.html HTTP/1.0" 200 75063 "-" "Mozilla/5.0 (compatible; Googlebot/2.1; +http://www.google.com/bot.html)"
114.119.137.43 - - [09/Oct/2022:16:17:47 +0200] "GET /children-wall-sticker-with-name-moon-stars-p-58841.html HTTP/1.0" 200 76052 "http://wonder-geek.com/" "Mozilla/5.0 (Linux; Android 7.0;) AppleWebKit/537.36 (KHTML, like Gecko) Mobile Safari/537.36 (compatible; PetalBot;+https://webmaster.petalsearch.com/site/petalbot)"
185.191.171.8 - - [09/Oct/2022:16:17:54 +0200] "GET /top-model-green-glitter-gel-p-15847.html HTTP/1.0" 301 75665 "-" "Mozilla/5.0 (compatible; SemrushBot/7~bl; +http://www.semrush.com/bot.html)"
54.36.148.143 - - [09/Oct/2022:16:17:58 +0200] "GET /images/634482306635.jpg HTTP/1.0" 200 258 "-" "Mozilla/5.0 (compatible; AhrefsBot/7.0; +http://ahrefs.com/robot/)"
185.191.171.6 - - [09/Oct/2022:16:17:57 +0200] "GET /model-green-glitter-p-15847.html HTTP/1.0" 200 75579 "-" "Mozilla/5.0 (compatible; SemrushBot/7~bl; +http://www.semrush.com/bot.html)"
185.191.171.24 - - [09/Oct/2022:16:18:17 +0200] "GET /tiger-porcelain-p-54467.html?action=add_product HTTP/1.0" 302 476 "-" "Mozilla/5.0 (compatible; SemrushBot/7~bl; +http://www.semrush.com/bot.html)"
185.191.171.8 - - [09/Oct/2022:16:18:19 +0200] "GET /great-patina-horse-statuette-p-41846.html?action=add_product HTTP/1.0" 302 476 "-" "Mozilla/5.0 (compatible; SemrushBot/7~bl; +http://www.semrush.com/bot.html)"
185.191.171.36 - - [09/Oct/2022:16:18:34 +0200] "GET /laissez-lucie-faire-small-wallet-wendy-p-49017.html?action=add_product HTTP/1.0" 302 476 "-" "Mozilla/5.0 (compatible; SemrushBot/7~bl; +http://www.semrush.com/bot.html)"
114.119.137.45 - - [09/Oct/2022:16:19:06 +0200] "GET /three-elephant-decorative-statuettes-p-57100.html HTTP/1.0" 200 76178 "http://www.wonder-geek.com/statuettes-animal-figurines-c-292_291.html?page=7" "Mozilla/5.0 (Linux; Android 7.0;) AppleWebKit/537.36 (KHTML, like Gecko) Mobile Safari/537.36 (compatible; PetalBot;+https://webmaster.petalsearch.com/site/petalbot)"
185.191.171.4 - - [09/Oct/2022:16:19:48 +0200] "GET /eggplant-japanese-cast-iron-teapot-p-57707.html HTTP/1.0" 301 76106 "-" "Mozilla/5.0 (compatible; SemrushBot/7~bl; +http://www.semrush.com/bot.html)"
185.191.171.10 - - [09/Oct/2022:16:19:52 +0200] "GET /eggplant-japanese-enameled-cast-iron-teapot-p-57707.html HTTP/1.0" 200 75996 "-" "Mozilla/5.0 (compatible; SemrushBot/7~bl; +http://www.semrush.com/bot.html)"
185.191.171.8 - - [09/Oct/2022:16:19:59 +0200] "GET /-p-44671.html?action=add_product HTTP/1.0" 302 476 "-" "Mozilla/5.0 (compatible; SemrushBot/7~bl; +http://www.semrush.com/bot.html)"
185.191.171.16 - - [09/Oct/2022:16:20:04 +0200] "GET /prfre-boire-avec-amis-stickers-p-39327.html?action=add_product HTTP/1.0" 302 476 "-" "Mozilla/5.0 (compatible; SemrushBot/7~bl; +http://www.semrush.com/bot.html)"
114.119.137.45 - - [09/Oct/2022:16:20:24 +0200] "GET /teo-jasmin-red-cup-p-28934.html HTTP/1.0" 301 72315 "http://www.wonder-geek.com/glasses-and-drinking-cup-c-12_62.html" "Mozilla/5.0 (Linux; Android 7.0;) AppleWebKit/537.36 (KHTML, like Gecko) Mobile Safari/537.36 (compatible; PetalBot;+https://webmaster.petalsearch.com/site/petalbot)"
114.119.137.45 - - [09/Oct/2022:16:20:25 +0200] "GET /-p-28934.html HTTP/1.0" 200 72248 "http://www.wonder-geek.com/glasses-and-drinking-cup-c-12_62.html" "Mozilla/5.0 (Linux; Android 7.0;) AppleWebKit/537.36 (KHTML, like Gecko) Mobile Safari/537.36 (compatible; PetalBot;+https://webmaster.petalsearch.com/site/petalbot)"
157.55.39.28 - - [09/Oct/2022:16:20:30 +0200] "GET /mickey-mouse-disney-glitter-globe-p-33588.html HTTP/1.0" 200 75095 "-" "Mozilla/5.0 (compatible; bingbot/2.0; +http://www.bing.com/bingbot.htm)"
185.191.171.12 - - [09/Oct/2022:16:20:32 +0200] "GET /adhesive-roll-velvet-pattern-p-55803.html HTTP/1.0" 301 72315 "-" "Mozilla/5.0 (compatible; SemrushBot/7~bl; +http://www.semrush.com/bot.html)"
185.191.171.34 - - [09/Oct/2022:16:20:34 +0200] "GET /theme-cats-flin-pour-autre-tisanire-p-45731.html?action=add_product HTTP/1.0" 302 476 "-" "Mozilla/5.0 (compatible; SemrushBot/7~bl; +http://www.semrush.com/bot.html)"
185.191.171.24 - - [09/Oct/2022:16:20:36 +0200] "GET /-p-55803.html HTTP/1.0" 200 72248 "-" "Mozilla/5.0 (compatible; SemrushBot/7~bl; +http://www.semrush.com/bot.html)"
185.191.171.15 - - [09/Oct/2022:16:20:52 +0200] "GET /buddha-resin-statue-p-42758.html HTTP/1.0" 200 72326 "-" "Mozilla/5.0 (compatible; SemrushBot/7~bl; +http://www.semrush.com/bot.html)"
185.191.171.10 - - [09/Oct/2022:16:20:56 +0200] "GET /olympique-de-marseille-large-backpack-p-19700.html HTTP/1.0" 301 75221 "-" "Mozilla/5.0 (compatible; SemrushBot/7~bl; +http://www.semrush.com/bot.html)"
185.191.171.4 - - [09/Oct/2022:16:20:59 +0200] "GET /olympique-marseille-large-backpack-p-19700.html HTTP/1.0" 200 75120 "-" "Mozilla/5.0 (compatible; SemrushBot/7~bl; +http://www.semrush.com/bot.html)"
185.191.171.2 - - [09/Oct/2022:16:21:21 +0200] "GET /bamboo-stainless-steel-piece-barbecue-p-48876.html?action=add_product HTTP/1.0" 302 476 "-" "Mozilla/5.0 (compatible; SemrushBot/7~bl; +http://www.semrush.com/bot.html)"
185.191.171.23 - - [09/Oct/2022:16:21:23 +0200] "GET /beline-charming-dekor-bedclothes-240-260-cm-p-47189.html HTTP/1.0" 301 72315 "-" "Mozilla/5.0 (compatible; SemrushBot/7~bl; +http://www.semrush.com/bot.html)"
185.191.171.33 - - [09/Oct/2022:16:21:26 +0200] "GET /-p-47189.html HTTP/1.0" 200 72248 "-" "Mozilla/5.0 (compatible; SemrushBot/7~bl; +http://www.semrush.com/bot.html)"
51.68.224.127 - - [09/Oct/2022:16:21:29 +0200] "GET /adminweb/export_orders_xml.php?token=256de2z6edz6ed2z6DFSFsed2zed6zeDSFDSGdzedezfzf&maxorders=10&orderstart=1&status=14&start_date=2018-10-01 HTTP/1.0" 200 285 "-" "GesCom CharlotteBoutik Serveur"
51.68.224.127 - - [09/Oct/2022:16:21:29 +0200] "GET /adminweb/export_orders_xml.php?token=256de2z6edz6ed2z6DFSFsed2zed6zeDSFDSGdzedezfzf&maxorders=10&orderstart=1&status=6&start_date=2018-10-01 HTTP/1.0" 200 33985 "-" "GesCom CharlotteBoutik Serveur"
185.191.171.12 - - [09/Oct/2022:16:21:32 +0200] "GET /-p-39784.html?action=add_product HTTP/1.0" 302 476 "-" "Mozilla/5.0 (compatible; SemrushBot/7~bl; +http://www.semrush.com/bot.html)"
173.252.83.19 - - [09/Oct/2022:16:21:36 +0200] "GET /images/mini_prod/9316188054027.jpg HTTP/1.0" 200 269 "-" "facebookexternalhit/1.1 (+http://www.facebook.com/externalhit_uatext.php)"
207.46.13.149 - - [09/Oct/2022:16:21:38 +0200] "GET /totally-spies-swimsuit-p-30420.html HTTP/1.0" 200 76045 "-" "Mozilla/5.0 (compatible; bingbot/2.0; +http://www.bing.com/bingbot.htm)"
185.191.171.33 - - [09/Oct/2022:16:21:38 +0200] "GET /tann-baseball-pencil-case-dual-compartment-p-36186.html HTTP/1.0" 200 76002 "-" "Mozilla/5.0 (compatible; SemrushBot/7~bl; +http://www.semrush.com/bot.html)"
114.119.133.245 - - [09/Oct/2022:16:21:42 +0200] "GET /marley-yellow-alarm-clock-p-14119.html HTTP/1.0" 200 74969 "http://www.wonder-geek.com/home-decoration-c-13.html?page=67" "Mozilla/5.0 (Linux; Android 7.0;) AppleWebKit/537.36 (KHTML, like Gecko) Mobile Safari/537.36 (compatible; PetalBot;+https://webmaster.petalsearch.com/site/petalbot)"
185.191.171.8 - - [09/Oct/2022:16:21:44 +0200] "GET /-p-42252.html?action=add_product HTTP/1.0" 302 476 "-" "Mozilla/5.0 (compatible; SemrushBot/7~bl; +http://www.semrush.com/bot.html)"
185.191.171.14 - - [09/Oct/2022:16:21:50 +0200] "GET /provence-oven-mitt-p-51444.html?action=add_product HTTP/1.0" 302 476 "-" "Mozilla/5.0 (compatible; SemrushBot/7~bl; +http://www.semrush.com/bot.html)"
185.191.171.9 - - [09/Oct/2022:16:22:00 +0200] "GET /fdration-franaise-football-backpack-p-52061.html?action=add_product HTTP/1.0" 302 476 "-" "Mozilla/5.0 (compatible; SemrushBot/7~bl; +http://www.semrush.com/bot.html)"
185.191.171.13 - - [09/Oct/2022:16:22:18 +0200] "GET /bamboo-fiber-plant-cover-sparrow-p-49558.html?action=add_product HTTP/1.0" 301 476 "-" "Mozilla/5.0 (compatible; SemrushBot/7~bl; +http://www.semrush.com/bot.html)"
54.36.149.59 - - [09/Oct/2022:16:22:24 +0200] "GET /coffee-c-13_150_153.html?page=5 HTTP/1.0" 200 84821 "-" "Mozilla/5.0 (compatible; AhrefsBot/7.0; +http://ahrefs.com/robot/)"
157.55.39.217 - - [09/Oct/2022:16:22:32 +0200] "GET /-p-34820.html HTTP/1.0" 200 72248 "-" "Mozilla/5.0 (compatible; bingbot/2.0; +http://www.bing.com/bingbot.htm)"
185.191.171.19 - - [09/Oct/2022:16:22:45 +0200] "GET /benedict-zippo-lighter-p-53268.html?action=add_product HTTP/1.0" 302 476 "-" "Mozilla/5.0 (compatible; SemrushBot/7~bl; +http://www.semrush.com/bot.html)"
66.249.64.246 - - [09/Oct/2022:16:22:47 +0200] "GET /pairs-of-socks-dora-27-30-p-50914.html HTTP/1.0" 301 72315 "-" "Mozilla/5.0 (Linux; Android 6.0.1; Nexus 5X Build/MMB29P) AppleWebKit/537.36 (KHTML, like Gecko) Chrome/105.0.5195.125 Mobile Safari/537.36 (compatible; Googlebot/2.1; +http://www.google.com/bot.html)"
66.249.64.242 - - [09/Oct/2022:16:22:49 +0200] "GET /-p-50914.html HTTP/1.0" 200 72248 "-" "Mozilla/5.0 (Linux; Android 6.0.1; Nexus 5X Build/MMB29P) AppleWebKit/537.36 (KHTML, like Gecko) Chrome/105.0.5195.125 Mobile Safari/537.36 (compatible; Googlebot/2.1; +http://www.google.com/bot.html)"
185.191.171.6 - - [09/Oct/2022:16:22:53 +0200] "GET /tisaniere-lisboa-handmade-manufacture-p-47120.html HTTP/1.0" 301 72315 "-" "Mozilla/5.0 (compatible; SemrushBot/7~bl; +http://www.semrush.com/bot.html)"
185.191.171.1 - - [09/Oct/2022:16:22:56 +0200] "GET /-p-47120.html HTTP/1.0" 200 72248 "-" "Mozilla/5.0 (compatible; SemrushBot/7~bl; +http://www.semrush.com/bot.html)"
114.119.137.3 - - [09/Oct/2022:16:22:57 +0200] "GET /filling-station-wodden-frame-148-cm-342-cm-p-39970.html HTTP/1.0" 301 72483 "http://www.wonder-geek.com/home-and-decoration-c-13.html?page=25" "Mozilla/5.0 (Linux; Android 7.0;) AppleWebKit/537.36 (KHTML, like Gecko) Mobile Safari/537.36 (compatible; PetalBot;+https://webmaster.petalsearch.com/site/petalbot)"
114.119.137.3 - - [09/Oct/2022:16:22:59 +0200] "GET /filling-station-wodden-frame-p-39970.html HTTP/1.0" 200 72388 "http://www.wonder-geek.com/home-and-decoration-c-13.html?page=25" "Mozilla/5.0 (Linux; Android 7.0;) AppleWebKit/537.36 (KHTML, like Gecko) Mobile Safari/537.36 (compatible; PetalBot;+https://webmaster.petalsearch.com/site/petalbot)"
185.191.171.21 - - [09/Oct/2022:16:23:01 +0200] "GET /camper-shells-wall-sticker-p-36401.html HTTP/1.0" 301 72315 "-" "Mozilla/5.0 (compatible; SemrushBot/7~bl; +http://www.semrush.com/bot.html)"
185.191.171.25 - - [09/Oct/2022:16:23:04 +0200] "GET /-p-36401.html HTTP/1.0" 200 72248 "-" "Mozilla/5.0 (compatible; SemrushBot/7~bl; +http://www.semrush.com/bot.html)"
66.249.64.242 - - [09/Oct/2022:16:23:15 +0200] "GET /images/big_prod/4260082936963.jpg HTTP/1.0" 200 268 "-" "Googlebot-Image/1.0"
5.161.133.43 - - [09/Oct/2022:16:23:44 +0200] "GET /images/mini_prod/5036278051203.jpg HTTP/1.0" 200 269 "-" "Mozilla/5.0 (X11; Ubuntu; Linux x86_64; rv:72.0) Gecko/20100101 Firefox/72.0"
185.191.171.6 - - [09/Oct/2022:16:23:47 +0200] "GET /corsica-logo-adult-cap-by-cbkreation-p-36535.html HTTP/1.0" 301 72315 "-" "Mozilla/5.0 (compatible; SemrushBot/7~bl; +http://www.semrush.com/bot.html)"
185.191.171.42 - - [09/Oct/2022:16:23:52 +0200] "GET /-p-36535.html HTTP/1.0" 200 72248 "-" "Mozilla/5.0 (compatible; SemrushBot/7~bl; +http://www.semrush.com/bot.html)"
185.191.171.40 - - [09/Oct/2022:16:24:16 +0200] "GET /robots.txt HTTP/1.0" 200 245 "-" "Mozilla/5.0 (compatible; SemrushBot/7~bl; +http://www.semrush.com/bot.html)"
114.119.137.43 - - [09/Oct/2022:16:24:15 +0200] "GET /flared-lamp-in-multicolored-glass-p-49602.html HTTP/1.0" 301 75097 "http://www.wonder-geek.com/" "Mozilla/5.0 (Linux; Android 7.0;) AppleWebKit/537.36 (KHTML, like Gecko) Mobile Safari/537.36 (compatible; PetalBot;+https://webmaster.petalsearch.com/site/petalbot)"
185.191.171.6 - - [09/Oct/2022:16:24:17 +0200] "GET /yoga-lotus-anjali-mudra-statuette-p-51727.html?action=add_product HTTP/1.0" 302 476 "-" "Mozilla/5.0 (compatible; SemrushBot/7~bl; +http://www.semrush.com/bot.html)"
114.119.137.43 - - [09/Oct/2022:16:24:17 +0200] "GET /flared-lamp-multicolored-glass-p-49602.html HTTP/1.0" 200 75000 "http://www.wonder-geek.com/" "Mozilla/5.0 (Linux; Android 7.0;) AppleWebKit/537.36 (KHTML, like Gecko) Mobile Safari/537.36 (compatible; PetalBot;+https://webmaster.petalsearch.com/site/petalbot)"
185.191.171.23 - - [09/Oct/2022:16:24:22 +0200] "GET /african-woman-carrying-water-and-her-daughter-decoration-p-52879.html HTTP/1.0" 301 72561 "-" "Mozilla/5.0 (compatible; SemrushBot/7~bl; +http://www.semrush.com/bot.html)"
185.191.171.25 - - [09/Oct/2022:16:24:26 +0200] "GET /dream-stickers-p-38339.html?action=add_product HTTP/1.0" 302 476 "-" "Mozilla/5.0 (compatible; SemrushBot/7~bl; +http://www.semrush.com/bot.html)"
185.191.171.7 - - [09/Oct/2022:16:24:28 +0200] "GET /african-woman-carrying-water-daughter-decoration-p-52879.html HTTP/1.0" 200 72446 "-" "Mozilla/5.0 (compatible; SemrushBot/7~bl; +http://www.semrush.com/bot.html)"
216.244.66.242 - - [09/Oct/2022:16:24:30 +0200] "GET /london-lord-brian-opener-p-19942.html HTTP/1.0" 200 72334 "-" "Mozilla/5.0 (compatible; DotBot/1.2; +https://opensiteexplorer.org/dotbot; help@moz.com)"
185.191.171.33 - - [09/Oct/2022:16:24:34 +0200] "GET /resin-skull-ashtray-p-52999.html?action=add_product HTTP/1.0" 302 476 "-" "Mozilla/5.0 (compatible; SemrushBot/7~bl; +http://www.semrush.com/bot.html)"
185.191.171.13 - - [09/Oct/2022:16:24:41 +0200] "GET /new-york-black-tee-shirt-p-30906.html HTTP/1.0" 301 76890 "-" "Mozilla/5.0 (compatible; SemrushBot/7~bl; +http://www.semrush.com/bot.html)"
216.244.66.242 - - [09/Oct/2022:16:24:43 +0200] "GET /paris-bistro-retro-clock-p-34162.html HTTP/1.0" 301 72315 "-" "Mozilla/5.0 (compatible; DotBot/1.2; +https://opensiteexplorer.org/dotbot; help@moz.com)"
185.191.171.3 - - [09/Oct/2022:16:24:44 +0200] "GET /york-black-shirt-p-30906.html HTTP/1.0" 200 76807 "-" "Mozilla/5.0 (compatible; SemrushBot/7~bl; +http://www.semrush.com/bot.html)"
54.236.1.13 - - [09/Oct/2022:16:24:53 +0200] "GET / HTTP/1.0" 301 511 "-" "Mozilla/5.0 (compatible; Pinterestbot/1.0; +http://www.pinterest.com/bot.html)"
216.244.66.242 - - [09/Oct/2022:16:24:52 +0200] "GET /tetsubin-green-teapot-japanese-liter-p-37196.html HTTP/1.0" 301 75280 "-" "Mozilla/5.0 (compatible; DotBot/1.2; +https://opensiteexplorer.org/dotbot; help@moz.com)"
156.216.10.144 - - [09/Oct/2022:16:24:54 +0200] "GET /images/8435306246654.jpg HTTP/1.0" 200 259 "http://www.pinterest.com/pin/570127634066389149" "Mozilla/5.0 (iPhone; CPU iPhone OS 16_0 like Mac OS X) AppleWebKit/605.1.15 (KHTML, like Gecko) Mobile/15E148 Safari/604.1 [Pinterest/iOS]"
54.236.1.13 - - [09/Oct/2022:16:24:54 +0200] "GET / HTTP/1.0" 200 152264 "-" "Mozilla/5.0 (compatible; Pinterestbot/1.0; +http://www.pinterest.com/bot.html)"
216.244.66.242 - - [09/Oct/2022:16:25:02 +0200] "GET /waterproof-terry-bolster-protective-cover-p-50924.html HTTP/1.0" 301 72315 "-" "Mozilla/5.0 (compatible; DotBot/1.2; +https://opensiteexplorer.org/dotbot; help@moz.com)"
185.191.171.36 - - [09/Oct/2022:16:25:04 +0200] "GET /unlikely-friends-hound-figurine-p-53998.html?action=add_product HTTP/1.0" 302 476 "-" "Mozilla/5.0 (compatible; SemrushBot/7~bl; +http://www.semrush.com/bot.html)"
163.220.128.41 - - [09/Oct/2022:16:25:21 +0200] "GET /images/mini_prod/8424001471454.jpg HTTP/1.0" 200 269 "-" "Mozilla/5.0 (X11; Ubuntu; Linux x86_64; rv:72.0) Gecko/20100101 Firefox/72.0"
185.191.171.3 - - [09/Oct/2022:16:25:29 +0200] "GET /small-buddhist-monk-yellow-dress-dhyani-mudra-p-46798.html?action=add_product HTTP/1.0" 302 476 "-" "Mozilla/5.0 (compatible; SemrushBot/7~bl; +http://www.semrush.com/bot.html)"
185.191.171.17 - - [09/Oct/2022:16:25:30 +0200] "GET /gorjuss-daily-planner-rainbow-heaven-p-49478.html?action=add_product HTTP/1.0" 302 476 "-" "Mozilla/5.0 (compatible; SemrushBot/7~bl; +http://www.semrush.com/bot.html)"
114.119.133.245 - - [09/Oct/2022:16:25:31 +0200] "GET /volkswagen-golf-metal-plate-p-27974.html HTTP/1.0" 200 75012 "http://www.wonder-geek.com/home-and-decoration-c-13.html?page=122" "Mozilla/5.0 (Linux; Android 7.0;) AppleWebKit/537.36 (KHTML, like Gecko) Mobile Safari/537.36 (compatible; PetalBot;+https://webmaster.petalsearch.com/site/petalbot)"
173.252.83.10 - - [09/Oct/2022:16:25:35 +0200] "GET /images/mini_prod/3457019600870.jpg HTTP/1.0" 200 269 "-" "facebookexternalhit/1.1 (+http://www.facebook.com/externalhit_uatext.php)"
185.191.171.2 - - [09/Oct/2022:16:25:38 +0200] "GET /popcorn-maker-p-45372.html?action=add_product HTTP/1.0" 302 476 "-" "Mozilla/5.0 (compatible; SemrushBot/7~bl; +http://www.semrush.com/bot.html)"
185.191.171.19 - - [09/Oct/2022:16:25:43 +0200] "GET /ethnic-decorative-tray-p-45858.html?action=add_product HTTP/1.0" 302 476 "-" "Mozilla/5.0 (compatible; SemrushBot/7~bl; +http://www.semrush.com/bot.html)"
185.191.171.24 - - [09/Oct/2022:16:26:00 +0200] "GET /liberty-russian-doll-white-samsung-phone-cover-cbkreation-p-18485.html?action=add_product HTTP/1.0" 301 476 "-" "Mozilla/5.0 (compatible; SemrushBot/7~bl; +http://www.semrush.com/bot.html)"
185.191.171.42 - - [09/Oct/2022:16:26:05 +0200] "GET /route-photo-frame-p-23041.html?action=add_product HTTP/1.0" 302 476 "-" "Mozilla/5.0 (compatible; SemrushBot/7~bl; +http://www.semrush.com/bot.html)"
185.191.171.1 - - [09/Oct/2022:16:26:12 +0200] "GET /pen-holder-in-recycled-metal-elements-cock-p-42325.html HTTP/1.0" 301 75164 "-" "Mozilla/5.0 (compatible; SemrushBot/7~bl; +http://www.semrush.com/bot.html)"
185.191.171.39 - - [09/Oct/2022:16:26:15 +0200] "GET /holder-recycled-metal-elements-cock-p-42325.html HTTP/1.0" 200 75062 "-" "Mozilla/5.0 (compatible; SemrushBot/7~bl; +http://www.semrush.com/bot.html)"
207.46.13.149 - - [09/Oct/2022:16:26:18 +0200] "GET /images/big_prod/3520071693798.jpg HTTP/1.0" 200 268 "-" "Mozilla/5.0 (compatible; bingbot/2.0; +http://www.bing.com/bingbot.htm)"
185.191.171.21 - - [09/Oct/2022:16:26:31 +0200] "GET /-p-14851.html HTTP/1.0" 200 72248 "-" "Mozilla/5.0 (compatible; SemrushBot/7~bl; +http://www.semrush.com/bot.html)"
66.249.64.242 - - [09/Oct/2022:16:26:33 +0200] "GET /images/big_prod/9316188070522.jpg HTTP/1.0" 200 268 "-" "Googlebot-Image/1.0"
185.191.171.14 - - [09/Oct/2022:16:26:34 +0200] "GET /large-stamps-winnie-pooh-p-16093.html?action=add_product HTTP/1.0" 302 476 "-" "Mozilla/5.0 (compatible; SemrushBot/7~bl; +http://www.semrush.com/bot.html)"
114.119.137.45 - - [09/Oct/2022:16:26:48 +0200] "GET /glam-cushion-by-cbkcbkreation-p-17521.html HTTP/1.0" 301 72315 "http://www.wonder-geek.com/cushions-c-11_71.html?page=9" "Mozilla/5.0 (Linux; Android 7.0;) AppleWebKit/537.36 (KHTML, like Gecko) Mobile Safari/537.36 (compatible; PetalBot;+https://webmaster.petalsearch.com/site/petalbot)"
114.119.137.45 - - [09/Oct/2022:16:26:50 +0200] "GET /-p-17521.html HTTP/1.0" 200 72248 "http://www.wonder-geek.com/cushions-c-11_71.html?page=9" "Mozilla/5.0 (Linux; Android 7.0;) AppleWebKit/537.36 (KHTML, like Gecko) Mobile Safari/537.36 (compatible; PetalBot;+https://webmaster.petalsearch.com/site/petalbot)"
173.252.83.117 - - [09/Oct/2022:16:27:08 +0200] "GET /images/mini_prod/3609810091689.jpg HTTP/1.0" 200 269 "-" "facebookexternalhit/1.1 (+http://www.facebook.com/externalhit_uatext.php)"
185.191.171.9 - - [09/Oct/2022:16:27:09 +0200] "GET /pooh-piglet-heart-figurine-p-44596.html HTTP/1.0" 200 75638 "-" "Mozilla/5.0 (compatible; SemrushBot/7~bl; +http://www.semrush.com/bot.html)"
54.36.148.65 - - [09/Oct/2022:16:27:11 +0200] "GET /strawberry-shortcake-scented-doll-28-cm-p-30275.html HTTP/1.0" 301 72315 "-" "Mozilla/5.0 (compatible; AhrefsBot/7.0; +http://ahrefs.com/robot/)"
54.36.148.72 - - [09/Oct/2022:16:27:13 +0200] "GET /letter-wall-decor-sticker-gray-p-57782.html HTTP/1.0" 200 75758 "-" "Mozilla/5.0 (compatible; AhrefsBot/7.0; +http://ahrefs.com/robot/)"
185.191.171.4 - - [09/Oct/2022:16:27:24 +0200] "GET /candle-hours-fresh-linen-p-53895.html?action=add_product HTTP/1.0" 302 476 "-" "Mozilla/5.0 (compatible; SemrushBot/7~bl; +http://www.semrush.com/bot.html)"
185.191.171.24 - - [09/Oct/2022:16:27:49 +0200] "GET /stone-petrified-wood-70-80-grams-p-46567.html HTTP/1.0" 301 72457 "-" "Mozilla/5.0 (compatible; SemrushBot/7~bl; +http://www.semrush.com/bot.html)"
185.191.171.7 - - [09/Oct/2022:16:27:52 +0200] "GET /stone-petrified-wood-grams-p-46567.html HTTP/1.0" 200 72364 "-" "Mozilla/5.0 (compatible; SemrushBot/7~bl; +http://www.semrush.com/bot.html)"
114.119.137.45 - - [09/Oct/2022:16:28:03 +0200] "GET /gorjuss-classic-stripe-large-structured-accessory-case-the-sca-p-43177.html HTTP/1.0" 301 76109 "http://www.wonder-geek.com/cosmetic-bags-and-flat-purse-c-31_239.html?page=12" "Mozilla/5.0 (Linux; Android 7.0;) AppleWebKit/537.36 (KHTML, like Gecko) Mobile Safari/537.36 (compatible; PetalBot;+https://webmaster.petalsearch.com/site/petalbot)"
114.119.137.45 - - [09/Oct/2022:16:28:05 +0200] "GET /gorjuss-classic-stripe-large-structured-accessory-case-p-43177.html HTTP/1.0" 200 75988 "http://www.wonder-geek.com/cosmetic-bags-and-flat-purse-c-31_239.html?page=12" "Mozilla/5.0 (Linux; Android 7.0;) AppleWebKit/537.36 (KHTML, like Gecko) Mobile Safari/537.36 (compatible; PetalBot;+https://webmaster.petalsearch.com/site/petalbot)"
185.191.171.34 - - [09/Oct/2022:16:28:13 +0200] "GET /fine-porcelain-p-55474.html?action=add_product HTTP/1.0" 302 476 "-" "Mozilla/5.0 (compatible; SemrushBot/7~bl; +http://www.semrush.com/bot.html)"
185.191.171.37 - - [09/Oct/2022:16:28:31 +0200] "GET /ceramic-butter-dish-gaston-collection-p-52664.html?action=add_product HTTP/1.0" 302 476 "-" "Mozilla/5.0 (compatible; SemrushBot/7~bl; +http://www.semrush.com/bot.html)"
185.191.171.26 - - [09/Oct/2022:16:28:39 +0200] "GET /-p-38360.html?action=add_product HTTP/1.0" 302 476 "-" "Mozilla/5.0 (compatible; SemrushBot/7~bl; +http://www.semrush.com/bot.html)"
185.191.171.3 - - [09/Oct/2022:16:28:41 +0200] "GET /african-statuette-carrying-water-p-49338.html?action=add_product HTTP/1.0" 302 476 "-" "Mozilla/5.0 (compatible; SemrushBot/7~bl; +http://www.semrush.com/bot.html)"
47.94.243.250 - - [09/Oct/2022:16:28:44 +0200] "GET /images/mini_prod/3560600277907.jpg HTTP/1.0" 200 269 "-" "Mozilla/5.0 (Macintosh; Intel Mac OS X 10_15_7) AppleWebKit/537.36 (KHTML, like Gecko) Chrome/105.0.0.0 Safari/537.36"
66.249.64.246 - - [09/Oct/2022:16:28:52 +0200] "GET /wooden-wall-decoration-to-hang-la-vie-en-rose-p-49980.html HTTP/1.0" 301 75169 "-" "Mozilla/5.0 (Linux; Android 6.0.1; Nexus 5X Build/MMB29P) AppleWebKit/537.36 (KHTML, like Gecko) Chrome/105.0.5195.125 Mobile Safari/537.36 (compatible; Googlebot/2.1; +http://www.google.com/bot.html)"
185.191.171.10 - - [09/Oct/2022:16:28:53 +0200] "GET /paris-coin-purse-p-30027.html?action=add_product HTTP/1.0" 302 476 "-" "Mozilla/5.0 (compatible; SemrushBot/7~bl; +http://www.semrush.com/bot.html)"
66.249.64.246 - - [09/Oct/2022:16:28:54 +0200] "GET /wooden-wall-decoration-hang-rose-p-49980.html HTTP/1.0" 200 75070 "-" "Mozilla/5.0 (Linux; Android 6.0.1; Nexus 5X Build/MMB29P) AppleWebKit/537.36 (KHTML, like Gecko) Chrome/105.0.5195.125 Mobile Safari/537.36 (compatible; Googlebot/2.1; +http://www.google.com/bot.html)"
185.191.171.7 - - [09/Oct/2022:16:28:59 +0200] "GET /unicorn-white-clock-p-50126.html HTTP/1.0" 301 72315 "-" "Mozilla/5.0 (compatible; SemrushBot/7~bl; +http://www.semrush.com/bot.html)"
185.191.171.2 - - [09/Oct/2022:16:29:03 +0200] "GET /-p-50126.html HTTP/1.0" 200 72248 "-" "Mozilla/5.0 (compatible; SemrushBot/7~bl; +http://www.semrush.com/bot.html)"
114.119.137.43 - - [09/Oct/2022:16:29:17 +0200] "GET /mattress-protector-tray-shape-140-190-cm-p-44816.html HTTP/1.0" 301 75169 "http://www.wonder-geek.com/household-linen-c-11.html?page=23" "Mozilla/5.0 (Linux; Android 7.0;) AppleWebKit/537.36 (KHTML, like Gecko) Mobile Safari/537.36 (compatible; PetalBot;+https://webmaster.petalsearch.com/site/petalbot)"
114.119.137.43 - - [09/Oct/2022:16:29:20 +0200] "GET /mattress-protector-tray-shape-p-44816.html HTTP/1.0" 200 75073 "http://www.wonder-geek.com/household-linen-c-11.html?page=23" "Mozilla/5.0 (Linux; Android 7.0;) AppleWebKit/537.36 (KHTML, like Gecko) Mobile Safari/537.36 (compatible; PetalBot;+https://webmaster.petalsearch.com/site/petalbot)"
185.191.171.5 - - [09/Oct/2022:16:29:21 +0200] "GET /betty-boop-baroque-espresso-p-16549.html?action=add_product HTTP/1.0" 301 476 "-" "Mozilla/5.0 (compatible; SemrushBot/7~bl; +http://www.semrush.com/bot.html)"
216.244.66.242 - - [09/Oct/2022:16:29:33 +0200] "GET /images/3521320800325.jpg HTTP/1.0" 200 259 "-" "Mozilla/5.0 (compatible; DotBot/1.2; +https://opensiteexplorer.org/dotbot; help@moz.com)"
185.191.171.40 - - [09/Oct/2022:16:29:36 +0200] "GET /mouse-with-personalized-picture-p-16331.html?action=add_product HTTP/1.0" 302 476 "-" "Mozilla/5.0 (compatible; SemrushBot/7~bl; +http://www.semrush.com/bot.html)"
163.220.128.41 - - [09/Oct/2022:16:29:39 +0200] "GET /images/mini_prod/3453131147309.jpg HTTP/1.0" 200 269 "-" "Mozilla/5.0 (X11; Ubuntu; Linux x86_64; rv:72.0) Gecko/20100101 Firefox/72.0"
185.191.171.15 - - [09/Oct/2022:16:29:42 +0200] "GET /beauty-terracotta-cache-white-p-55339.html?action=add_product HTTP/1.0" 302 476 "-" "Mozilla/5.0 (compatible; SemrushBot/7~bl; +http://www.semrush.com/bot.html)"
185.191.171.40 - - [09/Oct/2022:16:29:46 +0200] "GET /christmas-winnie-pooh-figurine-p-56727.html?action=add_product HTTP/1.0" 302 476 "-" "Mozilla/5.0 (compatible; SemrushBot/7~bl; +http://www.semrush.com/bot.html)"
157.55.39.217 - - [09/Oct/2022:16:29:53 +0200] "GET /accessories/keyrings/gingka-beyblade-keychains-p-18666.html HTTP/1.0" 301 72456 "-" "Mozilla/5.0 (compatible; bingbot/2.0; +http://www.bing.com/bingbot.htm)"
185.191.171.13 - - [09/Oct/2022:16:29:58 +0200] "GET /tortoise-statue-resin-glass-p-48010.html?action=add_product HTTP/1.0" 302 476 "-" "Mozilla/5.0 (compatible; SemrushBot/7~bl; +http://www.semrush.com/bot.html)"
185.191.171.23 - - [09/Oct/2022:16:30:04 +0200] "GET /waterproof-backpack-liters-pink-p-58219.html?action=add_product HTTP/1.0" 302 476 "-" "Mozilla/5.0 (compatible; SemrushBot/7~bl; +http://www.semrush.com/bot.html)"
185.191.171.39 - - [09/Oct/2022:16:30:09 +0200] "GET /flower-foot-p-55579.html?action=add_product HTTP/1.0" 302 476 "-" "Mozilla/5.0 (compatible; SemrushBot/7~bl; +http://www.semrush.com/bot.html)"
216.244.66.242 - - [09/Oct/2022:16:30:16 +0200] "GET /star-adult-cbkration-p-36521.html HTTP/1.0" 200 75007 "-" "Mozilla/5.0 (compatible; DotBot/1.2; +https://opensiteexplorer.org/dotbot; help@moz.com)"
185.191.171.17 - - [09/Oct/2022:16:30:20 +0200] "GET /pendulum-selenite-drop-shaped-with-chakra-chain-p-45032.html HTTP/1.0" 200 72426 "-" "Mozilla/5.0 (compatible; SemrushBot/7~bl; +http://www.semrush.com/bot.html)"
216.244.66.242 - - [09/Oct/2022:16:30:23 +0200] "GET /tinted-candle-mass-apple-green-color-p-48931.html HTTP/1.0" 200 74732 "-" "Mozilla/5.0 (compatible; DotBot/1.2; +https://opensiteexplorer.org/dotbot; help@moz.com)"
185.191.171.17 - - [09/Oct/2022:16:30:26 +0200] "GET /russian-doll-pencil-pot-cbkreation-p-29705.html HTTP/1.0" 301 75063 "-" "Mozilla/5.0 (compatible; SemrushBot/7~bl; +http://www.semrush.com/bot.html)"
185.191.171.6 - - [09/Oct/2022:16:30:29 +0200] "GET /russian-doll-pencil-cbkreation-p-29705.html HTTP/1.0" 200 74966 "-" "Mozilla/5.0 (compatible; SemrushBot/7~bl; +http://www.semrush.com/bot.html)"
216.244.66.242 - - [09/Oct/2022:16:30:30 +0200] "GET /tinted-candle-mass-black-color-p-48929.html HTTP/1.0" 200 74981 "-" "Mozilla/5.0 (compatible; DotBot/1.2; +https://opensiteexplorer.org/dotbot; help@moz.com)"
114.119.137.43 - - [09/Oct/2022:16:30:30 +0200] "GET /nice-parker-fountain-p-36938.html HTTP/1.0" 200 77101 "http://www.wonder-geek.com/writing-and-correction-c-129_186.html?page=7" "Mozilla/5.0 (Linux; Android 7.0;) AppleWebKit/537.36 (KHTML, like Gecko) Mobile Safari/537.36 (compatible; PetalBot;+https://webmaster.petalsearch.com/site/petalbot)"
81.108.154.49 - - [09/Oct/2022:16:30:46 +0200] "GET /templates/Pixame_v1/stylesheet.css HTTP/1.0" 200 267 "http://www.wonder-geek.com/wick-ellipse-candle-heart-home-frosted-apple-spice-p-49939.html" "Mozilla/5.0 (iPhone; CPU iPhone OS 16_0 like Mac OS X) AppleWebKit/605.1.15 (KHTML, like Gecko) Version/16.0 Mobile/15E148 Safari/604.1"
81.108.154.49 - - [09/Oct/2022:16:30:46 +0200] "GET /mondial_relay/js/jquery-1.3.2.min.js HTTP/1.0" 200 276 "http://www.wonder-geek.com/wick-ellipse-candle-heart-home-frosted-apple-spice-p-49939.html" "Mozilla/5.0 (iPhone; CPU iPhone OS 16_0 like Mac OS X) AppleWebKit/605.1.15 (KHTML, like Gecko) Version/16.0 Mobile/15E148 Safari/604.1"
81.108.154.49 - - [09/Oct/2022:16:30:46 +0200] "GET /js/jquery.jqzoom.js HTTP/1.0" 200 259 "http://www.wonder-geek.com/wick-ellipse-candle-heart-home-frosted-apple-spice-p-49939.html" "Mozilla/5.0 (iPhone; CPU iPhone OS 16_0 like Mac OS X) AppleWebKit/605.1.15 (KHTML, like Gecko) Version/16.0 Mobile/15E148 Safari/604.1"
81.108.154.49 - - [09/Oct/2022:16:30:46 +0200] "GET /highslide/highslide.js HTTP/1.0" 200 262 "http://www.wonder-geek.com/wick-ellipse-candle-heart-home-frosted-apple-spice-p-49939.html" "Mozilla/5.0 (iPhone; CPU iPhone OS 16_0 like Mac OS X) AppleWebKit/605.1.15 (KHTML, like Gecko) Version/16.0 Mobile/15E148 Safari/604.1"
81.108.154.49 - - [09/Oct/2022:16:30:46 +0200] "GET /js/jquery.js HTTP/1.0" 200 252 "http://www.wonder-geek.com/wick-ellipse-candle-heart-home-frosted-apple-spice-p-49939.html" "Mozilla/5.0 (iPhone; CPU iPhone OS 16_0 like Mac OS X) AppleWebKit/605.1.15 (KHTML, like Gecko) Version/16.0 Mobile/15E148 Safari/604.1"
81.108.154.49 - - [09/Oct/2022:16:30:44 +0200] "GET /wick-ellipse-candle-heart-home-frosted-apple-spice-p-49939.html HTTP/1.0" 200 76562 "-" "Mozilla/5.0 (iPhone; CPU iPhone OS 16_0 like Mac OS X) AppleWebKit/605.1.15 (KHTML, like Gecko) Version/16.0 Mobile/15E148 Safari/604.1"
81.108.154.49 - - [09/Oct/2022:16:30:46 +0200] "GET /swfobject.js HTTP/1.0" 404 1308 "http://www.wonder-geek.com/wick-ellipse-candle-heart-home-frosted-apple-spice-p-49939.html" "Mozilla/5.0 (iPhone; CPU iPhone OS 16_0 like Mac OS X) AppleWebKit/605.1.15 (KHTML, like Gecko) Version/16.0 Mobile/15E148 Safari/604.1"
81.108.154.49 - - [09/Oct/2022:16:30:46 +0200] "GET /templates/Pixame_v1/images/icon_accueil2.png HTTP/1.0" 200 278 "http://www.wonder-geek.com/wick-ellipse-candle-heart-home-frosted-apple-spice-p-49939.html" "Mozilla/5.0 (iPhone; CPU iPhone OS 16_0 like Mac OS X) AppleWebKit/605.1.15 (KHTML, like Gecko) Version/16.0 Mobile/15E148 Safari/604.1"
81.108.154.49 - - [09/Oct/2022:16:30:46 +0200] "GET /templates/Pixame_v1/images/infobox/pixel_trans.gif HTTP/1.0" 200 328 "http://www.wonder-geek.com/wick-ellipse-candle-heart-home-frosted-apple-spice-p-49939.html" "Mozilla/5.0 (iPhone; CPU iPhone OS 16_0 like Mac OS X) AppleWebKit/605.1.15 (KHTML, like Gecko) Version/16.0 Mobile/15E148 Safari/604.1"
81.108.154.49 - - [09/Oct/2022:16:30:46 +0200] "GET /images/pixel_trans.gif HTTP/1.0" 200 328 "http://www.wonder-geek.com/wick-ellipse-candle-heart-home-frosted-apple-spice-p-49939.html" "Mozilla/5.0 (iPhone; CPU iPhone OS 16_0 like Mac OS X) AppleWebKit/605.1.15 (KHTML, like Gecko) Version/16.0 Mobile/15E148 Safari/604.1"
81.108.154.49 - - [09/Oct/2022:16:30:46 +0200] "GET /templates/Pixame_v1/images/pixel_trans.gif HTTP/1.0" 200 328 "http://www.wonder-geek.com/wick-ellipse-candle-heart-home-frosted-apple-spice-p-49939.html" "Mozilla/5.0 (iPhone; CPU iPhone OS 16_0 like Mac OS X) AppleWebKit/605.1.15 (KHTML, like Gecko) Version/16.0 Mobile/15E148 Safari/604.1"
81.108.154.49 - - [09/Oct/2022:16:30:46 +0200] "GET /images/big_prod/5051276344560.jpg HTTP/1.0" 200 268 "http://www.wonder-geek.com/wick-ellipse-candle-heart-home-frosted-apple-spice-p-49939.html" "Mozilla/5.0 (iPhone; CPU iPhone OS 16_0 like Mac OS X) AppleWebKit/605.1.15 (KHTML, like Gecko) Version/16.0 Mobile/15E148 Safari/604.1"
81.108.154.49 - - [09/Oct/2022:16:30:46 +0200] "GET /images/big_prod_1/b5051276344560.jpg HTTP/1.0" 200 271 "http://www.wonder-geek.com/wick-ellipse-candle-heart-home-frosted-apple-spice-p-49939.html" "Mozilla/5.0 (iPhone; CPU iPhone OS 16_0 like Mac OS X) AppleWebKit/605.1.15 (KHTML, like Gecko) Version/16.0 Mobile/15E148 Safari/604.1"
81.108.154.49 - - [09/Oct/2022:16:30:46 +0200] "GET /templates/Pixame_v1/images/buttons/english/button_in_cart.gif HTTP/1.0" 200 295 "http://www.wonder-geek.com/wick-ellipse-candle-heart-home-frosted-apple-spice-p-49939.html" "Mozilla/5.0 (iPhone; CPU iPhone OS 16_0 like Mac OS X) AppleWebKit/605.1.15 (KHTML, like Gecko) Version/16.0 Mobile/15E148 Safari/604.1"
81.108.154.49 - - [09/Oct/2022:16:30:46 +0200] "GET /templates/Pixame_v1/images/Middle_texture.jpg HTTP/1.0" 200 280 "http://www.wonder-geek.com/wick-ellipse-candle-heart-home-frosted-apple-spice-p-49939.html" "Mozilla/5.0 (iPhone; CPU iPhone OS 16_0 like Mac OS X) AppleWebKit/605.1.15 (KHTML, like Gecko) Version/16.0 Mobile/15E148 Safari/604.1"
81.108.154.49 - - [09/Oct/2022:16:30:46 +0200] "GET /templates/Pixame_v1/images/Bottom_texture.jpg HTTP/1.0" 200 280 "http://www.wonder-geek.com/wick-ellipse-candle-heart-home-frosted-apple-spice-p-49939.html" "Mozilla/5.0 (iPhone; CPU iPhone OS 16_0 like Mac OS X) AppleWebKit/605.1.15 (KHTML, like Gecko) Version/16.0 Mobile/15E148 Safari/604.1"
81.108.154.49 - - [09/Oct/2022:16:30:46 +0200] "GET /templates/Pixame_v1/images/nav.png HTTP/1.0" 200 268 "http://www.wonder-geek.com/wick-ellipse-candle-heart-home-frosted-apple-spice-p-49939.html" "Mozilla/5.0 (iPhone; CPU iPhone OS 16_0 like Mac OS X) AppleWebKit/605.1.15 (KHTML, like Gecko) Version/16.0 Mobile/15E148 Safari/604.1"
81.108.154.49 - - [09/Oct/2022:16:30:46 +0200] "GET /templates/Pixame_v1/images/header.png HTTP/1.0" 200 271 "http://www.wonder-geek.com/wick-ellipse-candle-heart-home-frosted-apple-spice-p-49939.html" "Mozilla/5.0 (iPhone; CPU iPhone OS 16_0 like Mac OS X) AppleWebKit/605.1.15 (KHTML, like Gecko) Version/16.0 Mobile/15E148 Safari/604.1"
81.108.154.49 - - [09/Oct/2022:16:30:46 +0200] "GET /templates/Pixame_v1/images/infobox/infobox_footer_middle.gif HTTP/1.0" 200 357 "http://www.wonder-geek.com/wick-ellipse-candle-heart-home-frosted-apple-spice-p-49939.html" "Mozilla/5.0 (iPhone; CPU iPhone OS 16_0 like Mac OS X) AppleWebKit/605.1.15 (KHTML, like Gecko) Version/16.0 Mobile/15E148 Safari/604.1"
81.108.154.49 - - [09/Oct/2022:16:30:46 +0200] "GET /templates/Pixame_v1/images/header-object.png HTTP/1.0" 200 278 "http://www.wonder-geek.com/wick-ellipse-candle-heart-home-frosted-apple-spice-p-49939.html" "Mozilla/5.0 (iPhone; CPU iPhone OS 16_0 like Mac OS X) AppleWebKit/605.1.15 (KHTML, like Gecko) Version/16.0 Mobile/15E148 Safari/604.1"
81.108.154.49 - - [09/Oct/2022:16:30:46 +0200] "GET /design/productsenstock.png HTTP/1.0" 200 260 "http://www.wonder-geek.com/wick-ellipse-candle-heart-home-frosted-apple-spice-p-49939.html" "Mozilla/5.0 (iPhone; CPU iPhone OS 16_0 like Mac OS X) AppleWebKit/605.1.15 (KHTML, like Gecko) Version/16.0 Mobile/15E148 Safari/604.1"
81.108.154.49 - - [09/Oct/2022:16:30:46 +0200] "GET /highslide/graphics/zoomin.cur HTTP/1.0" 200 614 "http://www.wonder-geek.com/wick-ellipse-candle-heart-home-frosted-apple-spice-p-49939.html" "Mozilla/5.0 (iPhone; CPU iPhone OS 16_0 like Mac OS X) AppleWebKit/605.1.15 (KHTML, like Gecko) Version/16.0 Mobile/15E148 Safari/604.1"
81.108.154.49 - - [09/Oct/2022:16:30:46 +0200] "GET /highslide/graphics/loader.white.gif HTTP/1.0" 200 960 "http://www.wonder-geek.com/wick-ellipse-candle-heart-home-frosted-apple-spice-p-49939.html" "Mozilla/5.0 (iPhone; CPU iPhone OS 16_0 like Mac OS X) AppleWebKit/605.1.15 (KHTML, like Gecko) Version/16.0 Mobile/15E148 Safari/604.1"
81.108.154.49 - - [09/Oct/2022:16:30:46 +0200] "GET /highslide/graphics/outlines/drop-shadow.png HTTP/1.0" 200 277 "http://www.wonder-geek.com/wick-ellipse-candle-heart-home-frosted-apple-spice-p-49939.html" "Mozilla/5.0 (iPhone; CPU iPhone OS 16_0 like Mac OS X) AppleWebKit/605.1.15 (KHTML, like Gecko) Version/16.0 Mobile/15E148 Safari/604.1"
81.108.154.49 - - [09/Oct/2022:16:30:46 +0200] "GET /highslide/graphics/zoomout.cur HTTP/1.0" 200 614 "http://www.wonder-geek.com/wick-ellipse-candle-heart-home-frosted-apple-spice-p-49939.html" "Mozilla/5.0 (iPhone; CPU iPhone OS 16_0 like Mac OS X) AppleWebKit/605.1.15 (KHTML, like Gecko) Version/16.0 Mobile/15E148 Safari/604.1"
47.94.243.250 - - [09/Oct/2022:16:30:47 +0200] "GET /images/mini_prod/1384010206966.jpg HTTP/1.0" 200 269 "-" "Mozilla/5.0 (Macintosh; Intel Mac OS X 10_15_7) AppleWebKit/537.36 (KHTML, like Gecko) Chrome/105.0.0.0 Safari/537.36"
81.108.154.49 - - [09/Oct/2022:16:30:47 +0200] "GET /favicon.ico HTTP/1.0" 200 260 "http://www.wonder-geek.com/wick-ellipse-candle-heart-home-frosted-apple-spice-p-49939.html" "Mozilla/5.0 (iPhone; CPU iPhone OS 16_0 like Mac OS X) AppleWebKit/605.1.15 (KHTML, like Gecko) Version/16.0 Mobile/15E148 Safari/604.1"
185.191.171.25 - - [09/Oct/2022:16:30:48 +0200] "GET /metal-transistor-clock-p-52712.html HTTP/1.0" 200 74983 "-" "Mozilla/5.0 (compatible; SemrushBot/7~bl; +http://www.semrush.com/bot.html)"
185.191.171.6 - - [09/Oct/2022:16:30:52 +0200] "GET /thermometer-metal-plate-deco-homemade-p-40000.html?action=add_product HTTP/1.0" 302 476 "-" "Mozilla/5.0 (compatible; SemrushBot/7~bl; +http://www.semrush.com/bot.html)"
185.191.171.12 - - [09/Oct/2022:16:31:15 +0200] "GET /fitted-sheet-cotton-percale-threads-p-43836.html?action=add_product HTTP/1.0" 302 476 "-" "Mozilla/5.0 (compatible; SemrushBot/7~bl; +http://www.semrush.com/bot.html)"
185.191.171.39 - - [09/Oct/2022:16:31:29 +0200] "GET /monkey-statues-resin-said-nothing-nothing-seen-nothing-heard-p-57822.html HTTP/1.0" 200 72486 "-" "Mozilla/5.0 (compatible; SemrushBot/7~bl; +http://www.semrush.com/bot.html)"
49.7.20.113 - - [09/Oct/2022:16:31:36 +0200] "GET / HTTP/1.0" 200 152483 "-" "Sogou web spider/4.0(+http://www.sogou.com/docs/help/webmasters.htm#07)"
54.36.149.71 - - [09/Oct/2022:16:31:42 +0200] "GET /water-bottles-sport-bottles-c-12_161.html?page=8 HTTP/1.0" 200 97915 "-" "Mozilla/5.0 (compatible; AhrefsBot/7.0; +http://ahrefs.com/robot/)"
114.119.137.45 - - [09/Oct/2022:16:31:46 +0200] "GET /candy-cloud-jazzy-p-49872.html HTTP/1.0" 200 75225 "http://www.wonder-geek.com/writing-correction-c-129_186.html?page=3" "Mozilla/5.0 (Linux; Android 7.0;) AppleWebKit/537.36 (KHTML, like Gecko) Mobile Safari/537.36 (compatible; PetalBot;+https://webmaster.petalsearch.com/site/petalbot)"
185.191.171.5 - - [09/Oct/2022:16:31:48 +0200] "GET /stylized-face-vase-gray-ceramic-p-48033.html HTTP/1.0" 200 72364 "-" "Mozilla/5.0 (compatible; SemrushBot/7~bl; +http://www.semrush.com/bot.html)"
211.249.40.23 - - [09/Oct/2022:16:31:56 +0200] "GET /images/mini_prod/3700653593269.jpg HTTP/1.0" 200 269 "-" "Mozilla/5.0 (X11; Ubuntu; Linux x86_64; rv:72.0) Gecko/20100101 Firefox/72.0"
185.191.171.20 - - [09/Oct/2022:16:32:06 +0200] "GET /double-walled-porcelain-with-infuser-p-52994.html?action=add_product HTTP/1.0" 302 476 "-" "Mozilla/5.0 (compatible; SemrushBot/7~bl; +http://www.semrush.com/bot.html)"
185.191.171.25 - - [09/Oct/2022:16:32:51 +0200] "GET /dixies-vintage-clock-p-44986.html HTTP/1.0" 301 72315 "-" "Mozilla/5.0 (compatible; SemrushBot/7~bl; +http://www.semrush.com/bot.html)"
185.191.171.45 - - [09/Oct/2022:16:32:54 +0200] "GET /incense-burner-incense-holder-p-43937.html HTTP/1.0" 200 72384 "-" "Mozilla/5.0 (compatible; SemrushBot/7~bl; +http://www.semrush.com/bot.html)"
185.191.171.42 - - [09/Oct/2022:16:32:56 +0200] "GET /-p-44986.html HTTP/1.0" 200 72248 "-" "Mozilla/5.0 (compatible; SemrushBot/7~bl; +http://www.semrush.com/bot.html)"
114.119.133.245 - - [09/Oct/2022:16:33:02 +0200] "GET /buddha-resin-p-38531.html HTTP/1.0" 301 72315 "http://www.wonder-geek.com/resin-boxes-storage-c-13_150_84.html" "Mozilla/5.0 (Linux; Android 7.0;) AppleWebKit/537.36 (KHTML, like Gecko) Mobile Safari/537.36 (compatible; PetalBot;+https://webmaster.petalsearch.com/site/petalbot)"
173.252.83.1 - - [09/Oct/2022:16:33:03 +0200] "GET /images/mini_prod/3700516226396.jpg HTTP/1.0" 200 269 "-" "facebookexternalhit/1.1 (+http://www.facebook.com/externalhit_uatext.php)"
185.191.171.25 - - [09/Oct/2022:16:33:04 +0200] "GET /wanted-photo-frame-p-28800.html?action=add_product HTTP/1.0" 302 476 "-" "Mozilla/5.0 (compatible; SemrushBot/7~bl; +http://www.semrush.com/bot.html)"
114.119.133.245 - - [09/Oct/2022:16:33:05 +0200] "GET /-p-38531.html HTTP/1.0" 200 72248 "http://www.wonder-geek.com/resin-boxes-storage-c-13_150_84.html" "Mozilla/5.0 (Linux; Android 7.0;) AppleWebKit/537.36 (KHTML, like Gecko) Mobile Safari/537.36 (compatible; PetalBot;+https://webmaster.petalsearch.com/site/petalbot)"
163.220.128.41 - - [09/Oct/2022:16:33:08 +0200] "GET /images/med_prod/3662468004678.jpg HTTP/1.0" 200 268 "-" "Mozilla/5.0 (X11; Ubuntu; Linux x86_64; rv:72.0) Gecko/20100101 Firefox/72.0"
185.191.171.37 - - [09/Oct/2022:16:33:08 +0200] "GET /small-akio-led-night-light-hello-kitty-cloud-p-51497.html HTTP/1.0" 301 72517 "-" "Mozilla/5.0 (compatible; SemrushBot/7~bl; +http://www.semrush.com/bot.html)"
185.191.171.33 - - [09/Oct/2022:16:33:11 +0200] "GET /small-akio-night-light-hello-kitty-cloud-p-51497.html HTTP/1.0" 200 72410 "-" "Mozilla/5.0 (compatible; SemrushBot/7~bl; +http://www.semrush.com/bot.html)"
185.191.171.42 - - [09/Oct/2022:16:33:17 +0200] "GET /yellow-sandstone-lamp-p-58965.html?action=add_product HTTP/1.0" 302 476 "-" "Mozilla/5.0 (compatible; SemrushBot/7~bl; +http://www.semrush.com/bot.html)"
66.249.64.244 - - [09/Oct/2022:16:33:21 +0200] "GET /frozen-disney-white-pencil-p-37025.html HTTP/1.0" 200 74982 "-" "Mozilla/5.0 (compatible; Googlebot/2.1; +http://www.google.com/bot.html)"
207.46.13.138 - - [09/Oct/2022:16:33:39 +0200] "GET /betty-boop-and-her-dog-figure-collection-p-28452.html HTTP/1.0" 301 617 "-" "Mozilla/5.0 (compatible; bingbot/2.0; +http://www.bing.com/bingbot.htm)"
185.191.171.10 - - [09/Oct/2022:16:33:45 +0200] "GET /panther-with-wreath-of-flowers-statuette-42-cm-p-50040.html HTTP/1.0" 301 72508 "-" "Mozilla/5.0 (compatible; SemrushBot/7~bl; +http://www.semrush.com/bot.html)"
185.191.171.42 - - [09/Oct/2022:16:33:48 +0200] "GET /cotton-floor-cushion-oxford-p-58402.html?action=add_product HTTP/1.0" 302 476 "-" "Mozilla/5.0 (compatible; SemrushBot/7~bl; +http://www.semrush.com/bot.html)"
185.191.171.14 - - [09/Oct/2022:16:33:50 +0200] "GET /panther-with-wreath-flowers-statuette-p-50040.html HTTP/1.0" 200 72404 "-" "Mozilla/5.0 (compatible; SemrushBot/7~bl; +http://www.semrush.com/bot.html)"
185.191.171.3 - - [09/Oct/2022:16:34:02 +0200] "GET /king-chess-piece-figurine-black-resin-p-59009.html?action=add_product HTTP/1.0" 302 476 "-" "Mozilla/5.0 (compatible; SemrushBot/7~bl; +http://www.semrush.com/bot.html)"
185.191.171.37 - - [09/Oct/2022:16:34:05 +0200] "GET /stickers-p-32990.html?action=add_product HTTP/1.0" 302 476 "-" "Mozilla/5.0 (compatible; SemrushBot/7~bl; +http://www.semrush.com/bot.html)"
185.191.171.8 - - [09/Oct/2022:16:34:07 +0200] "GET /decorative-tortoise-statue-p-44670.html?action=add_product HTTP/1.0" 302 476 "-" "Mozilla/5.0 (compatible; SemrushBot/7~bl; +http://www.semrush.com/bot.html)"
114.119.137.45 - - [09/Oct/2022:16:34:14 +0200] "GET /old-car-decorative-metal-plate-by-cbk-p-51481.html HTTP/1.0" 301 75049 "http://www.wonder-geek.com/home-and-decoration-c-13.html?page=74" "Mozilla/5.0 (Linux; Android 7.0;) AppleWebKit/537.36 (KHTML, like Gecko) Mobile Safari/537.36 (compatible; PetalBot;+https://webmaster.petalsearch.com/site/petalbot)"
185.191.171.3 - - [09/Oct/2022:16:34:16 +0200] "GET /kimmidoll-keyring-p-44095.html?action=add_product HTTP/1.0" 302 476 "-" "Mozilla/5.0 (compatible; SemrushBot/7~bl; +http://www.semrush.com/bot.html)"
163.220.128.41 - - [09/Oct/2022:16:34:18 +0200] "GET /images/mini_prod/8422014032839A.jpg HTTP/1.0" 200 270 "-" "Mozilla/5.0 (X11; Ubuntu; Linux x86_64; rv:72.0) Gecko/20100101 Firefox/72.0"
114.119.137.45 - - [09/Oct/2022:16:34:18 +0200] "GET /decorative-metal-plate-p-51481.html HTTP/1.0" 200 74960 "http://www.wonder-geek.com/home-and-decoration-c-13.html?page=74" "Mozilla/5.0 (Linux; Android 7.0;) AppleWebKit/537.36 (KHTML, like Gecko) Mobile Safari/537.36 (compatible; PetalBot;+https://webmaster.petalsearch.com/site/petalbot)"
185.191.171.39 - - [09/Oct/2022:16:34:18 +0200] "GET /europe-england-travel-adapter-p-58669.html?action=add_product HTTP/1.0" 302 476 "-" "Mozilla/5.0 (compatible; SemrushBot/7~bl; +http://www.semrush.com/bot.html)"
185.191.171.36 - - [09/Oct/2022:16:34:26 +0200] "GET /white-coat-rack-dream-catchers-wooden-hooks-p-50575.html HTTP/1.0" 200 75709 "-" "Mozilla/5.0 (compatible; SemrushBot/7~bl; +http://www.semrush.com/bot.html)"
207.46.13.149 - - [09/Oct/2022:16:34:30 +0200] "GET /-p-30746.html HTTP/1.0" 200 72248 "-" "Mozilla/5.0 AppleWebKit/537.36 (KHTML, like Gecko; compatible; bingbot/2.0; +http://www.bing.com/bingbot.htm) Chrome/103.0.5060.134 Safari/537.36"
157.55.39.217 - - [09/Oct/2022:16:34:34 +0200] "GET /-p-34597.html HTTP/1.0" 200 72248 "-" "Mozilla/5.0 (compatible; bingbot/2.0; +http://www.bing.com/bingbot.htm)"
185.191.171.3 - - [09/Oct/2022:16:34:45 +0200] "GET /small-digital-alarm-clock-paris-saint-germain-p-50781.html?action=add_product HTTP/1.0" 302 476 "-" "Mozilla/5.0 (compatible; SemrushBot/7~bl; +http://www.semrush.com/bot.html)"
66.249.64.244 - - [09/Oct/2022:16:34:57 +0200] "GET /man-resin-statue-34-cm-p-51237.html HTTP/1.0" 301 75826 "-" "Mozilla/5.0 (Linux; Android 6.0.1; Nexus 5X Build/MMB29P) AppleWebKit/537.36 (KHTML, like Gecko) Chrome/105.0.5195.125 Mobile Safari/537.36 (compatible; Googlebot/2.1; +http://www.google.com/bot.html)"
66.249.64.244 - - [09/Oct/2022:16:34:59 +0200] "GET /resin-statue-p-51237.html HTTP/1.0" 200 75747 "-" "Mozilla/5.0 (Linux; Android 6.0.1; Nexus 5X Build/MMB29P) AppleWebKit/537.36 (KHTML, like Gecko) Chrome/105.0.5195.125 Mobile Safari/537.36 (compatible; Googlebot/2.1; +http://www.google.com/bot.html)"
185.191.171.21 - - [09/Oct/2022:16:35:05 +0200] "GET /petit-prince-exupry-sets-cups-p-53196.html?action=add_product HTTP/1.0" 302 476 "-" "Mozilla/5.0 (compatible; SemrushBot/7~bl; +http://www.semrush.com/bot.html)"
185.191.171.33 - - [09/Oct/2022:16:35:10 +0200] "GET /terracotta-ginkgo-cover-p-55524.html?action=add_product HTTP/1.0" 302 476 "-" "Mozilla/5.0 (compatible; SemrushBot/7~bl; +http://www.semrush.com/bot.html)"
114.119.137.43 - - [09/Oct/2022:16:35:27 +0200] "GET /flower-aged-ceramic-yellow-p-57659.html HTTP/1.0" 200 75570 "http://www.wonder-geek.com/home-decoration-c-13.html?page=121" "Mozilla/5.0 (Linux; Android 7.0;) AppleWebKit/537.36 (KHTML, like Gecko) Mobile Safari/537.36 (compatible; PetalBot;+https://webmaster.petalsearch.com/site/petalbot)"
192.144.198.154 - - [09/Oct/2022:16:35:35 +0200] "GET /images/mini_prod/1384010202036.jpg HTTP/1.0" 200 269 "-" "python-requests/2.27.1"
173.252.83.117 - - [09/Oct/2022:16:35:37 +0200] "GET /images/mini_prod/3700407625444.jpg HTTP/1.0" 200 269 "-" "facebookexternalhit/1.1 (+http://www.facebook.com/externalhit_uatext.php)"
147.92.153.15 - - [09/Oct/2022:16:35:38 +0200] "GET /plastic-boxes-storage-c-13_150_217.html HTTP/1.0" 200 77998 "-" "Mozilla/5.0 (compatible; Linespider/1.1; +https://lin.ee/4dwXkTH)"
47.94.243.250 - - [09/Oct/2022:16:35:40 +0200] "GET /images/mini_prod/8422096017632.jpg HTTP/1.0" 200 269 "-" "Mozilla/5.0 (Macintosh; Intel Mac OS X 10_15_7) AppleWebKit/537.36 (KHTML, like Gecko) Chrome/105.0.0.0 Safari/537.36"
147.92.153.9 - - [09/Oct/2022:16:35:43 +0200] "GET /js/jquery.min.js HTTP/1.0" 404 1308 "http://www.wonder-geek.com/plastic-boxes-storage-c-13_150_217.html" "Mozilla/5.0 AppleWebKit/537.36 (KHTML, like Gecko; compatible; Linespider/1.1; +https://lin.ee/4dwXkTH) Chrome/101.0.4951.0 Safari/537.36, Mozilla/5.0 (compatible; Linespider/1.1; +https://lin.ee/4dwXkTH)"
185.191.171.6 - - [09/Oct/2022:16:35:42 +0200] "GET /owl-glass-coasters-p-45183.html HTTP/1.0" 301 74884 "-" "Mozilla/5.0 (compatible; SemrushBot/7~bl; +http://www.semrush.com/bot.html)"
185.191.171.6 - - [09/Oct/2022:16:35:47 +0200] "GET /glass-coasters-p-45183.html HTTP/1.0" 200 74803 "-" "Mozilla/5.0 (compatible; SemrushBot/7~bl; +http://www.semrush.com/bot.html)"
185.191.171.34 - - [09/Oct/2022:16:35:53 +0200] "GET /-p-32157.html?action=add_product HTTP/1.0" 302 476 "-" "Mozilla/5.0 (compatible; SemrushBot/7~bl; +http://www.semrush.com/bot.html)"
185.191.171.36 - - [09/Oct/2022:16:36:08 +0200] "GET /twinkles-candy-cloud-keychain-p-46659.html HTTP/1.0" 200 72336 "-" "Mozilla/5.0 (compatible; SemrushBot/7~bl; +http://www.semrush.com/bot.html)"
207.46.13.138 - - [09/Oct/2022:16:36:09 +0200] "GET /dessert-dish-glass-with-anti-slip-feet-p-47333.html HTTP/1.0" 200 74977 "-" "Mozilla/5.0 (compatible; bingbot/2.0; +http://www.bing.com/bingbot.htm)"
