35.224.204.132 - - [09/Oct/2022:10:26:27 +0200] "GET /images/mini_prod/8424346518395.jpg HTTP/1.0" 200 269 "http://www.wonder-geek.com/" "Mozilla/5.0 (X11; Linux x86_64) AppleWebKit/537.36 (KHTML, like Gecko) Chrome/108.0.0.0 Safari/537.36"
35.224.204.132 - - [09/Oct/2022:10:26:27 +0200] "GET /images/mini_prod/8422064411127.jpg HTTP/1.0" 200 269 "http://www.wonder-geek.com/" "Mozilla/5.0 (X11; Linux x86_64) AppleWebKit/537.36 (KHTML, like Gecko) Chrome/108.0.0.0 Safari/537.36"
35.224.204.132 - - [09/Oct/2022:10:26:27 +0200] "GET /images/mini_prod/3700572754710.jpg HTTP/1.0" 200 269 "http://www.wonder-geek.com/" "Mozilla/5.0 (X11; Linux x86_64) AppleWebKit/537.36 (KHTML, like Gecko) Chrome/108.0.0.0 Safari/537.36"
35.224.204.132 - - [09/Oct/2022:10:26:28 +0200] "GET /images/mini_prod/5051276448886.jpg HTTP/1.0" 200 269 "http://www.wonder-geek.com/" "Mozilla/5.0 (X11; Linux x86_64) AppleWebKit/537.36 (KHTML, like Gecko) Chrome/108.0.0.0 Safari/537.36"
35.224.204.132 - - [09/Oct/2022:10:26:28 +0200] "GET /images/mini_prod/5400924290948.jpg HTTP/1.0" 200 269 "http://www.wonder-geek.com/" "Mozilla/5.0 (X11; Linux x86_64) AppleWebKit/537.36 (KHTML, like Gecko) Chrome/108.0.0.0 Safari/537.36"
35.224.204.132 - - [09/Oct/2022:10:26:28 +0200] "GET /images/mini_prod/8445148012744.jpg HTTP/1.0" 200 269 "http://www.wonder-geek.com/" "Mozilla/5.0 (X11; Linux x86_64) AppleWebKit/537.36 (KHTML, like Gecko) Chrome/108.0.0.0 Safari/537.36"
35.224.204.132 - - [09/Oct/2022:10:26:28 +0200] "GET /images/mini_prod/8445148023702.jpg HTTP/1.0" 200 269 "http://www.wonder-geek.com/" "Mozilla/5.0 (X11; Linux x86_64) AppleWebKit/537.36 (KHTML, like Gecko) Chrome/108.0.0.0 Safari/537.36"
35.224.204.132 - - [09/Oct/2022:10:26:28 +0200] "GET /images/mini_prod/8445146042293.jpg HTTP/1.0" 200 269 "http://www.wonder-geek.com/" "Mozilla/5.0 (X11; Linux x86_64) AppleWebKit/537.36 (KHTML, like Gecko) Chrome/108.0.0.0 Safari/537.36"
35.224.204.132 - - [09/Oct/2022:10:26:28 +0200] "GET /images/mini_prod/3665269158984.jpg HTTP/1.0" 200 269 "http://www.wonder-geek.com/" "Mozilla/5.0 (X11; Linux x86_64) AppleWebKit/537.36 (KHTML, like Gecko) Chrome/108.0.0.0 Safari/537.36"
35.224.204.132 - - [09/Oct/2022:10:26:28 +0200] "GET /images/mini_prod/3665269002669.jpg HTTP/1.0" 200 269 "http://www.wonder-geek.com/" "Mozilla/5.0 (X11; Linux x86_64) AppleWebKit/537.36 (KHTML, like Gecko) Chrome/108.0.0.0 Safari/537.36"
35.224.204.132 - - [09/Oct/2022:10:26:28 +0200] "GET /images/mini_prod/3665269002669c.jpg HTTP/1.0" 200 270 "http://www.wonder-geek.com/" "Mozilla/5.0 (X11; Linux x86_64) AppleWebKit/537.36 (KHTML, like Gecko) Chrome/108.0.0.0 Safari/537.36"
35.224.204.132 - - [09/Oct/2022:10:26:28 +0200] "GET /images/mini_prod/8424346043408.jpg HTTP/1.0" 200 269 "http://www.wonder-geek.com/" "Mozilla/5.0 (X11; Linux x86_64) AppleWebKit/537.36 (KHTML, like Gecko) Chrome/108.0.0.0 Safari/537.36"
35.224.204.132 - - [09/Oct/2022:10:26:28 +0200] "GET /images/mini_prod/8422071208468.jpg HTTP/1.0" 200 269 "http://www.wonder-geek.com/" "Mozilla/5.0 (X11; Linux x86_64) AppleWebKit/537.36 (KHTML, like Gecko) Chrome/108.0.0.0 Safari/537.36"
35.224.204.132 - - [09/Oct/2022:10:26:28 +0200] "GET /images/mini_prod/8422048802217.jpg HTTP/1.0" 200 269 "http://www.wonder-geek.com/" "Mozilla/5.0 (X11; Linux x86_64) AppleWebKit/537.36 (KHTML, like Gecko) Chrome/108.0.0.0 Safari/537.36"
35.224.204.132 - - [09/Oct/2022:10:26:28 +0200] "GET /images/mini_prod/8422018220508.jpg HTTP/1.0" 200 269 "http://www.wonder-geek.com/" "Mozilla/5.0 (X11; Linux x86_64) AppleWebKit/537.36 (KHTML, like Gecko) Chrome/108.0.0.0 Safari/537.36"
35.224.204.132 - - [09/Oct/2022:10:26:28 +0200] "GET /images/mini_prod/3660173239385.jpg HTTP/1.0" 200 269 "http://www.wonder-geek.com/" "Mozilla/5.0 (X11; Linux x86_64) AppleWebKit/537.36 (KHTML, like Gecko) Chrome/108.0.0.0 Safari/537.36"
35.224.204.132 - - [09/Oct/2022:10:26:28 +0200] "GET /images/mini_prod/3665269152067.jpg HTTP/1.0" 200 269 "http://www.wonder-geek.com/" "Mozilla/5.0 (X11; Linux x86_64) AppleWebKit/537.36 (KHTML, like Gecko) Chrome/108.0.0.0 Safari/537.36"
35.224.204.132 - - [09/Oct/2022:10:26:28 +0200] "GET /images/mini_prod/8445146044273.jpg HTTP/1.0" 200 269 "http://www.wonder-geek.com/" "Mozilla/5.0 (X11; Linux x86_64) AppleWebKit/537.36 (KHTML, like Gecko) Chrome/108.0.0.0 Safari/537.36"
35.224.204.132 - - [09/Oct/2022:10:26:28 +0200] "GET /images/mini_prod/5400924160371.jpg HTTP/1.0" 200 269 "http://www.wonder-geek.com/" "Mozilla/5.0 (X11; Linux x86_64) AppleWebKit/537.36 (KHTML, like Gecko) Chrome/108.0.0.0 Safari/537.36"
35.224.204.132 - - [09/Oct/2022:10:26:28 +0200] "GET /images/mini_prod/8422064411035.jpg HTTP/1.0" 200 269 "http://www.wonder-geek.com/" "Mozilla/5.0 (X11; Linux x86_64) AppleWebKit/537.36 (KHTML, like Gecko) Chrome/108.0.0.0 Safari/537.36"
35.224.204.132 - - [09/Oct/2022:10:26:28 +0200] "GET /images/mini_prod/4260082937670.jpg HTTP/1.0" 200 269 "http://www.wonder-geek.com/" "Mozilla/5.0 (X11; Linux x86_64) AppleWebKit/537.36 (KHTML, like Gecko) Chrome/108.0.0.0 Safari/537.36"
35.224.204.132 - - [09/Oct/2022:10:26:28 +0200] "GET /images/mini_prod/3700572752112.jpg HTTP/1.0" 200 269 "http://www.wonder-geek.com/" "Mozilla/5.0 (X11; Linux x86_64) AppleWebKit/537.36 (KHTML, like Gecko) Chrome/108.0.0.0 Safari/537.36"
35.224.204.132 - - [09/Oct/2022:10:26:28 +0200] "GET /images/mini_prod/5051276459424.jpg HTTP/1.0" 200 269 "http://www.wonder-geek.com/" "Mozilla/5.0 (X11; Linux x86_64) AppleWebKit/537.36 (KHTML, like Gecko) Chrome/108.0.0.0 Safari/537.36"
35.224.204.132 - - [09/Oct/2022:10:26:28 +0200] "GET /images/mini_prod/3665269232660.jpg HTTP/1.0" 200 269 "http://www.wonder-geek.com/" "Mozilla/5.0 (X11; Linux x86_64) AppleWebKit/537.36 (KHTML, like Gecko) Chrome/108.0.0.0 Safari/537.36"
35.224.204.132 - - [09/Oct/2022:10:26:28 +0200] "GET /images/mini_prod/3014627974900.jpg HTTP/1.0" 200 269 "http://www.wonder-geek.com/" "Mozilla/5.0 (X11; Linux x86_64) AppleWebKit/537.36 (KHTML, like Gecko) Chrome/108.0.0.0 Safari/537.36"
35.224.204.132 - - [09/Oct/2022:10:26:28 +0200] "GET /images/mini_prod/846007012079.jpg HTTP/1.0" 200 268 "http://www.wonder-geek.com/" "Mozilla/5.0 (X11; Linux x86_64) AppleWebKit/537.36 (KHTML, like Gecko) Chrome/108.0.0.0 Safari/537.36"
35.224.204.132 - - [09/Oct/2022:10:26:28 +0200] "GET /images/mini_prod/5051276459080.jpg HTTP/1.0" 200 269 "http://www.wonder-geek.com/" "Mozilla/5.0 (X11; Linux x86_64) AppleWebKit/537.36 (KHTML, like Gecko) Chrome/108.0.0.0 Safari/537.36"
35.224.204.132 - - [09/Oct/2022:10:26:28 +0200] "GET /images/mini_prod/846007011935.jpg HTTP/1.0" 200 268 "http://www.wonder-geek.com/" "Mozilla/5.0 (X11; Linux x86_64) AppleWebKit/537.36 (KHTML, like Gecko) Chrome/108.0.0.0 Safari/537.36"
35.224.204.132 - - [09/Oct/2022:10:26:28 +0200] "GET /images/mini_prod/5051276459301.jpg HTTP/1.0" 200 269 "http://www.wonder-geek.com/" "Mozilla/5.0 (X11; Linux x86_64) AppleWebKit/537.36 (KHTML, like Gecko) Chrome/108.0.0.0 Safari/537.36"
35.224.204.132 - - [09/Oct/2022:10:26:28 +0200] "GET /images/mini_prod/3700572753232.jpg HTTP/1.0" 200 269 "http://www.wonder-geek.com/" "Mozilla/5.0 (X11; Linux x86_64) AppleWebKit/537.36 (KHTML, like Gecko) Chrome/108.0.0.0 Safari/537.36"
35.224.204.132 - - [09/Oct/2022:10:26:28 +0200] "GET /images/mini_prod/5051276459141.jpg HTTP/1.0" 200 269 "http://www.wonder-geek.com/" "Mozilla/5.0 (X11; Linux x86_64) AppleWebKit/537.36 (KHTML, like Gecko) Chrome/108.0.0.0 Safari/537.36"
35.224.204.132 - - [09/Oct/2022:10:26:28 +0200] "GET /images/mini_prod/8718657461151.jpg HTTP/1.0" 200 269 "http://www.wonder-geek.com/" "Mozilla/5.0 (X11; Linux x86_64) AppleWebKit/537.36 (KHTML, like Gecko) Chrome/108.0.0.0 Safari/537.36"
35.224.204.132 - - [09/Oct/2022:10:26:28 +0200] "GET /images/mini_prod/5051276459394B.jpg HTTP/1.0" 200 270 "http://www.wonder-geek.com/" "Mozilla/5.0 (X11; Linux x86_64) AppleWebKit/537.36 (KHTML, like Gecko) Chrome/108.0.0.0 Safari/537.36"
35.224.204.132 - - [09/Oct/2022:10:26:28 +0200] "GET /images/mini_prod/8422064411202.jpg HTTP/1.0" 200 269 "http://www.wonder-geek.com/" "Mozilla/5.0 (X11; Linux x86_64) AppleWebKit/537.36 (KHTML, like Gecko) Chrome/108.0.0.0 Safari/537.36"
35.224.204.132 - - [09/Oct/2022:10:26:28 +0200] "GET /images/mini_prod/5051276424002.jpg HTTP/1.0" 200 269 "http://www.wonder-geek.com/" "Mozilla/5.0 (X11; Linux x86_64) AppleWebKit/537.36 (KHTML, like Gecko) Chrome/108.0.0.0 Safari/537.36"
35.224.204.132 - - [09/Oct/2022:10:26:28 +0200] "GET /images/mini_prod/3660173234212.jpg HTTP/1.0" 200 269 "http://www.wonder-geek.com/" "Mozilla/5.0 (X11; Linux x86_64) AppleWebKit/537.36 (KHTML, like Gecko) Chrome/108.0.0.0 Safari/537.36"
35.224.204.132 - - [09/Oct/2022:10:26:28 +0200] "GET /templates/Pixame_v1/images/infobox/infobox_footer_middle.gif HTTP/1.0" 200 357 "http://www.wonder-geek.com/" "Mozilla/5.0 (X11; Linux x86_64) AppleWebKit/537.36 (KHTML, like Gecko) Chrome/108.0.0.0 Safari/537.36"
35.224.204.132 - - [09/Oct/2022:10:26:35 +0200] "GET /highslide/graphics/outlines/drop-shadow.png HTTP/1.0" 200 277 "http://www.wonder-geek.com/" "Mozilla/5.0 (X11; Linux x86_64) AppleWebKit/537.36 (KHTML, like Gecko) Chrome/108.0.0.0 Safari/537.36"
35.224.204.132 - - [09/Oct/2022:10:26:35 +0200] "GET /highslide/graphics/zoomout.cur HTTP/1.0" 200 614 "http://www.wonder-geek.com/" "Mozilla/5.0 (X11; Linux x86_64) AppleWebKit/537.36 (KHTML, like Gecko) Chrome/108.0.0.0 Safari/537.36"
35.224.204.132 - - [09/Oct/2022:10:26:35 +0200] "GET /highslide/graphics/loader.white.gif HTTP/1.0" 200 960 "http://www.wonder-geek.com/templates/Pixame_v1/stylesheet.css" "Mozilla/5.0 (X11; Linux x86_64) AppleWebKit/537.36 (KHTML, like Gecko) Chrome/108.0.0.0 Safari/537.36"
185.191.171.2 - - [09/Oct/2022:10:26:43 +0200] "GET /matriochka-white-women-tee-shirt-p-30984.html HTTP/1.0" 301 77024 "-" "Mozilla/5.0 (compatible; SemrushBot/7~bl; +http://www.semrush.com/bot.html)"
185.191.171.24 - - [09/Oct/2022:10:26:46 +0200] "GET /cement-tile-stickers-p-50336.html?action=add_product HTTP/1.0" 302 476 "-" "Mozilla/5.0 (compatible; SemrushBot/7~bl; +http://www.semrush.com/bot.html)"
185.191.171.8 - - [09/Oct/2022:10:26:47 +0200] "GET /matriochka-white-women-shirt-p-30984.html HTTP/1.0" 200 76929 "-" "Mozilla/5.0 (compatible; SemrushBot/7~bl; +http://www.semrush.com/bot.html)"
185.191.171.2 - - [09/Oct/2022:10:27:42 +0200] "GET /mini-figurine-britto-snail-cm-p-43445.html HTTP/1.0" 301 72477 "-" "Mozilla/5.0 (compatible; SemrushBot/7~bl; +http://www.semrush.com/bot.html)"
66.249.64.246 - - [09/Oct/2022:10:27:44 +0200] "GET /enrico-benetti-shoulder-laptop-p-35991.html HTTP/1.0" 200 75250 "-" "Mozilla/5.0 (compatible; Googlebot/2.1; +http://www.google.com/bot.html)"
185.191.171.6 - - [09/Oct/2022:10:27:48 +0200] "GET /mini-figurine-britto-snail-p-43445.html HTTP/1.0" 200 72384 "-" "Mozilla/5.0 (compatible; SemrushBot/7~bl; +http://www.semrush.com/bot.html)"
185.191.171.17 - - [09/Oct/2022:10:28:03 +0200] "GET /-p-35690.html?action=add_product HTTP/1.0" 302 476 "-" "Mozilla/5.0 (compatible; SemrushBot/7~bl; +http://www.semrush.com/bot.html)"
185.191.171.14 - - [09/Oct/2022:10:28:05 +0200] "GET /petit-akio-night-light-starfish-p-46406.html?action=add_product HTTP/1.0" 301 476 "-" "Mozilla/5.0 (compatible; SemrushBot/7~bl; +http://www.semrush.com/bot.html)"
185.191.171.23 - - [09/Oct/2022:10:28:07 +0200] "GET /gift-box-cat-bowl-and-plaid-p-31525.html HTTP/1.0" 301 75286 "-" "Mozilla/5.0 (compatible; SemrushBot/7~bl; +http://www.semrush.com/bot.html)"
185.191.171.34 - - [09/Oct/2022:10:28:10 +0200] "GET /gift-bowl-plaid-p-31525.html HTTP/1.0" 200 75204 "-" "Mozilla/5.0 (compatible; SemrushBot/7~bl; +http://www.semrush.com/bot.html)"
54.36.148.125 - - [09/Oct/2022:10:28:12 +0200] "GET /statuette-african-child-elephant-p-53723.html HTTP/1.0" 200 75086 "-" "Mozilla/5.0 (compatible; AhrefsBot/7.0; +http://ahrefs.com/robot/)"
185.191.171.18 - - [09/Oct/2022:10:28:16 +0200] "GET /clay-baby-footprints-p-30438.html?action=add_product HTTP/1.0" 302 476 "-" "Mozilla/5.0 (compatible; SemrushBot/7~bl; +http://www.semrush.com/bot.html)"
185.191.171.1 - - [09/Oct/2022:10:28:17 +0200] "GET /coasters-p-45662.html HTTP/1.0" 200 74793 "-" "Mozilla/5.0 (compatible; SemrushBot/7~bl; +http://www.semrush.com/bot.html)"
185.191.171.7 - - [09/Oct/2022:10:28:21 +0200] "GET /small-candle-violet-moon-p-42623.html?action=add_product HTTP/1.0" 302 476 "-" "Mozilla/5.0 (compatible; SemrushBot/7~bl; +http://www.semrush.com/bot.html)"
185.191.171.34 - - [09/Oct/2022:10:28:22 +0200] "GET /winnie-the-pooh-peel-and-stick-wall-decals-p-14425.html HTTP/1.0" 301 75131 "-" "Mozilla/5.0 (compatible; SemrushBot/7~bl; +http://www.semrush.com/bot.html)"
185.191.171.34 - - [09/Oct/2022:10:28:26 +0200] "GET /winnie-pooh-peel-stick-wall-decals-p-14425.html HTTP/1.0" 200 75030 "-" "Mozilla/5.0 (compatible; SemrushBot/7~bl; +http://www.semrush.com/bot.html)"
185.191.171.11 - - [09/Oct/2022:10:28:37 +0200] "GET /-p-45745.html?action=add_product HTTP/1.0" 302 476 "-" "Mozilla/5.0 (compatible; SemrushBot/7~bl; +http://www.semrush.com/bot.html)"
185.191.171.14 - - [09/Oct/2022:10:28:39 +0200] "GET /sweet-white-women-shirt-p-30995.html HTTP/1.0" 200 76911 "-" "Mozilla/5.0 (compatible; SemrushBot/7~bl; +http://www.semrush.com/bot.html)"
185.191.171.34 - - [09/Oct/2022:10:28:43 +0200] "GET /-p-44995.html?action=add_product HTTP/1.0" 302 476 "-" "Mozilla/5.0 (compatible; SemrushBot/7~bl; +http://www.semrush.com/bot.html)"
185.191.171.14 - - [09/Oct/2022:10:28:46 +0200] "GET /despicable-stationery-p-33479.html?action=add_product HTTP/1.0" 302 476 "-" "Mozilla/5.0 (compatible; SemrushBot/7~bl; +http://www.semrush.com/bot.html)"
66.249.93.224 - - [09/Oct/2022:10:28:49 +0200] "GET /images/big_prod/3660173247083.jpg HTTP/1.0" 200 268 "-" "Mozilla/5.0 (Windows NT 5.1; rv:11.0) Gecko Firefox/11.0 (via ggpht.com GoogleImageProxy)"
173.252.83.18 - - [09/Oct/2022:10:28:51 +0200] "GET /images/mini_prod/4260082934655B.jpg HTTP/1.0" 200 270 "-" "facebookexternalhit/1.1 (+http://www.facebook.com/externalhit_uatext.php)"
163.220.128.41 - - [09/Oct/2022:10:29:05 +0200] "GET /images/mini_prod/DSCN7320london.jpg HTTP/1.0" 200 270 "-" "Mozilla/5.0 (X11; Ubuntu; Linux x86_64; rv:72.0) Gecko/20100101 Firefox/72.0"
185.191.171.41 - - [09/Oct/2022:10:29:10 +0200] "GET /marley-yellow-alarm-clock-p-14121.html?action=add_product HTTP/1.0" 302 476 "-" "Mozilla/5.0 (compatible; SemrushBot/7~bl; +http://www.semrush.com/bot.html)"
81.65.107.40 - - [09/Oct/2022:10:29:12 +0200] "GET /tweed-charger-alarm-clock-p-57861.html HTTP/1.0" 200 75849 "-" "Mozilla/5.0 (Linux; Android 11; 220333QNY) AppleWebKit/537.36 (KHTML, like Gecko) Chrome/106.0.0.0 Mobile Safari/537.36"
81.65.107.40 - - [09/Oct/2022:10:29:14 +0200] "GET /templates/Pixame_v1/stylesheet.css HTTP/1.0" 200 267 "http://www.wonder-geek.com/tweed-charger-alarm-clock-p-57861.html" "Mozilla/5.0 (Linux; Android 11; 220333QNY) AppleWebKit/537.36 (KHTML, like Gecko) Chrome/106.0.0.0 Mobile Safari/537.36"
81.65.107.40 - - [09/Oct/2022:10:29:14 +0200] "GET /highslide/highslide.js HTTP/1.0" 200 262 "http://www.wonder-geek.com/tweed-charger-alarm-clock-p-57861.html" "Mozilla/5.0 (Linux; Android 11; 220333QNY) AppleWebKit/537.36 (KHTML, like Gecko) Chrome/106.0.0.0 Mobile Safari/537.36"
81.65.107.40 - - [09/Oct/2022:10:29:14 +0200] "GET /js/jquery.js HTTP/1.0" 200 252 "http://www.wonder-geek.com/tweed-charger-alarm-clock-p-57861.html" "Mozilla/5.0 (Linux; Android 11; 220333QNY) AppleWebKit/537.36 (KHTML, like Gecko) Chrome/106.0.0.0 Mobile Safari/537.36"
81.65.107.40 - - [09/Oct/2022:10:29:14 +0200] "GET /js/jquery.jqzoom.js HTTP/1.0" 200 259 "http://www.wonder-geek.com/tweed-charger-alarm-clock-p-57861.html" "Mozilla/5.0 (Linux; Android 11; 220333QNY) AppleWebKit/537.36 (KHTML, like Gecko) Chrome/106.0.0.0 Mobile Safari/537.36"
81.65.107.40 - - [09/Oct/2022:10:29:14 +0200] "GET /mondial_relay/js/jquery-1.3.2.min.js HTTP/1.0" 200 276 "http://www.wonder-geek.com/tweed-charger-alarm-clock-p-57861.html" "Mozilla/5.0 (Linux; Android 11; 220333QNY) AppleWebKit/537.36 (KHTML, like Gecko) Chrome/106.0.0.0 Mobile Safari/537.36"
81.65.107.40 - - [09/Oct/2022:10:29:14 +0200] "GET /swfobject.js HTTP/1.0" 404 1308 "http://www.wonder-geek.com/tweed-charger-alarm-clock-p-57861.html" "Mozilla/5.0 (Linux; Android 11; 220333QNY) AppleWebKit/537.36 (KHTML, like Gecko) Chrome/106.0.0.0 Mobile Safari/537.36"
81.65.107.40 - - [09/Oct/2022:10:29:14 +0200] "GET /templates/Pixame_v1/images/icon_accueil2.png HTTP/1.0" 200 278 "http://www.wonder-geek.com/tweed-charger-alarm-clock-p-57861.html" "Mozilla/5.0 (Linux; Android 11; 220333QNY) AppleWebKit/537.36 (KHTML, like Gecko) Chrome/106.0.0.0 Mobile Safari/537.36"
81.65.107.40 - - [09/Oct/2022:10:29:14 +0200] "GET /templates/Pixame_v1/images/infobox/pixel_trans.gif HTTP/1.0" 200 328 "http://www.wonder-geek.com/tweed-charger-alarm-clock-p-57861.html" "Mozilla/5.0 (Linux; Android 11; 220333QNY) AppleWebKit/537.36 (KHTML, like Gecko) Chrome/106.0.0.0 Mobile Safari/537.36"
81.65.107.40 - - [09/Oct/2022:10:29:14 +0200] "GET /templates/Pixame_v1/images/pixel_trans.gif HTTP/1.0" 200 328 "http://www.wonder-geek.com/tweed-charger-alarm-clock-p-57861.html" "Mozilla/5.0 (Linux; Android 11; 220333QNY) AppleWebKit/537.36 (KHTML, like Gecko) Chrome/106.0.0.0 Mobile Safari/537.36"
81.65.107.40 - - [09/Oct/2022:10:29:14 +0200] "GET /images/pixel_trans.gif HTTP/1.0" 200 328 "http://www.wonder-geek.com/tweed-charger-alarm-clock-p-57861.html" "Mozilla/5.0 (Linux; Android 11; 220333QNY) AppleWebKit/537.36 (KHTML, like Gecko) Chrome/106.0.0.0 Mobile Safari/537.36"
81.65.107.40 - - [09/Oct/2022:10:29:14 +0200] "GET /images/big_prod/3660173247083.jpg HTTP/1.0" 200 268 "http://www.wonder-geek.com/tweed-charger-alarm-clock-p-57861.html" "Mozilla/5.0 (Linux; Android 11; 220333QNY) AppleWebKit/537.36 (KHTML, like Gecko) Chrome/106.0.0.0 Mobile Safari/537.36"
81.65.107.40 - - [09/Oct/2022:10:29:14 +0200] "GET /images/ecotaxe_on.jpg HTTP/1.0" 200 256 "http://www.wonder-geek.com/tweed-charger-alarm-clock-p-57861.html" "Mozilla/5.0 (Linux; Android 11; 220333QNY) AppleWebKit/537.36 (KHTML, like Gecko) Chrome/106.0.0.0 Mobile Safari/537.36"
81.65.107.40 - - [09/Oct/2022:10:29:14 +0200] "GET /images/big_prod_1/3660173247083B.jpg HTTP/1.0" 200 271 "http://www.wonder-geek.com/tweed-charger-alarm-clock-p-57861.html" "Mozilla/5.0 (Linux; Android 11; 220333QNY) AppleWebKit/537.36 (KHTML, like Gecko) Chrome/106.0.0.0 Mobile Safari/537.36"
81.65.107.40 - - [09/Oct/2022:10:29:14 +0200] "GET /templates/Pixame_v1/images/Bottom_texture.jpg HTTP/1.0" 200 280 "http://www.wonder-geek.com/templates/Pixame_v1/stylesheet.css" "Mozilla/5.0 (Linux; Android 11; 220333QNY) AppleWebKit/537.36 (KHTML, like Gecko) Chrome/106.0.0.0 Mobile Safari/537.36"
81.65.107.40 - - [09/Oct/2022:10:29:14 +0200] "GET /templates/Pixame_v1/images/header.png HTTP/1.0" 200 271 "http://www.wonder-geek.com/templates/Pixame_v1/stylesheet.css" "Mozilla/5.0 (Linux; Android 11; 220333QNY) AppleWebKit/537.36 (KHTML, like Gecko) Chrome/106.0.0.0 Mobile Safari/537.36"
81.65.107.40 - - [09/Oct/2022:10:29:14 +0200] "GET /templates/Pixame_v1/images/nav.png HTTP/1.0" 200 268 "http://www.wonder-geek.com/templates/Pixame_v1/stylesheet.css" "Mozilla/5.0 (Linux; Android 11; 220333QNY) AppleWebKit/537.36 (KHTML, like Gecko) Chrome/106.0.0.0 Mobile Safari/537.36"
81.65.107.40 - - [09/Oct/2022:10:29:14 +0200] "GET /templates/Pixame_v1/images/Middle_texture.jpg HTTP/1.0" 200 280 "http://www.wonder-geek.com/templates/Pixame_v1/stylesheet.css" "Mozilla/5.0 (Linux; Android 11; 220333QNY) AppleWebKit/537.36 (KHTML, like Gecko) Chrome/106.0.0.0 Mobile Safari/537.36"
81.65.107.40 - - [09/Oct/2022:10:29:14 +0200] "GET /templates/Pixame_v1/images/header-object.png HTTP/1.0" 200 278 "http://www.wonder-geek.com/templates/Pixame_v1/stylesheet.css" "Mozilla/5.0 (Linux; Android 11; 220333QNY) AppleWebKit/537.36 (KHTML, like Gecko) Chrome/106.0.0.0 Mobile Safari/537.36"
81.65.107.40 - - [09/Oct/2022:10:29:14 +0200] "GET /design/productsenstock.png HTTP/1.0" 200 260 "http://www.wonder-geek.com/templates/Pixame_v1/stylesheet.css" "Mozilla/5.0 (Linux; Android 11; 220333QNY) AppleWebKit/537.36 (KHTML, like Gecko) Chrome/106.0.0.0 Mobile Safari/537.36"
81.65.107.40 - - [09/Oct/2022:10:29:14 +0200] "GET /templates/Pixame_v1/images/buttons/english/button_in_cart.gif HTTP/1.0" 200 295 "http://www.wonder-geek.com/tweed-charger-alarm-clock-p-57861.html" "Mozilla/5.0 (Linux; Android 11; 220333QNY) AppleWebKit/537.36 (KHTML, like Gecko) Chrome/106.0.0.0 Mobile Safari/537.36"
81.65.107.40 - - [09/Oct/2022:10:29:14 +0200] "GET /templates/Pixame_v1/images/infobox/infobox_footer_middle.gif HTTP/1.0" 200 357 "http://www.wonder-geek.com/tweed-charger-alarm-clock-p-57861.html" "Mozilla/5.0 (Linux; Android 11; 220333QNY) AppleWebKit/537.36 (KHTML, like Gecko) Chrome/106.0.0.0 Mobile Safari/537.36"
81.65.107.40 - - [09/Oct/2022:10:29:14 +0200] "GET /highslide/graphics/zoomin.cur HTTP/1.0" 200 614 "http://www.wonder-geek.com/templates/Pixame_v1/stylesheet.css" "Mozilla/5.0 (Linux; Android 11; 220333QNY) AppleWebKit/537.36 (KHTML, like Gecko) Chrome/106.0.0.0 Mobile Safari/537.36"
81.65.107.40 - - [09/Oct/2022:10:29:14 +0200] "GET /highslide/graphics/outlines/drop-shadow.png HTTP/1.0" 200 277 "http://www.wonder-geek.com/tweed-charger-alarm-clock-p-57861.html" "Mozilla/5.0 (Linux; Android 11; 220333QNY) AppleWebKit/537.36 (KHTML, like Gecko) Chrome/106.0.0.0 Mobile Safari/537.36"
81.65.107.40 - - [09/Oct/2022:10:29:14 +0200] "GET /highslide/graphics/zoomout.cur HTTP/1.0" 200 614 "http://www.wonder-geek.com/tweed-charger-alarm-clock-p-57861.html" "Mozilla/5.0 (Linux; Android 11; 220333QNY) AppleWebKit/537.36 (KHTML, like Gecko) Chrome/106.0.0.0 Mobile Safari/537.36"
81.65.107.40 - - [09/Oct/2022:10:29:15 +0200] "GET /highslide/graphics/loader.white.gif HTTP/1.0" 200 960 "http://www.wonder-geek.com/templates/Pixame_v1/stylesheet.css" "Mozilla/5.0 (Linux; Android 11; 220333QNY) AppleWebKit/537.36 (KHTML, like Gecko) Chrome/106.0.0.0 Mobile Safari/537.36"
81.65.107.40 - - [09/Oct/2022:10:29:15 +0200] "GET /favicon.ico HTTP/1.0" 200 260 "http://www.wonder-geek.com/tweed-charger-alarm-clock-p-57861.html" "Mozilla/5.0 (Linux; Android 11; 220333QNY) AppleWebKit/537.36 (KHTML, like Gecko) Chrome/106.0.0.0 Mobile Safari/537.36"
185.191.171.14 - - [09/Oct/2022:10:29:25 +0200] "GET /gold-monkey-figurines-seeing-nothing-saying-hearing-p-49682.html?action=add_product HTTP/1.0" 301 476 "-" "Mozilla/5.0 (compatible; SemrushBot/7~bl; +http://www.semrush.com/bot.html)"
185.191.171.12 - - [09/Oct/2022:10:29:28 +0200] "GET /-p-2579.html?action=add_product HTTP/1.0" 302 476 "-" "Mozilla/5.0 (compatible; SemrushBot/7~bl; +http://www.semrush.com/bot.html)"
185.191.171.41 - - [09/Oct/2022:10:29:31 +0200] "GET /-p-35491.html?action=add_product HTTP/1.0" 302 476 "-" "Mozilla/5.0 (compatible; SemrushBot/7~bl; +http://www.semrush.com/bot.html)"
173.252.83.18 - - [09/Oct/2022:10:29:35 +0200] "GET /images/mini_prod/8422022519001.jpg HTTP/1.0" 200 269 "-" "facebookexternalhit/1.1 (+http://www.facebook.com/externalhit_uatext.php)"
185.191.171.45 - - [09/Oct/2022:10:29:35 +0200] "GET /winx-storage-box-p-3390.html HTTP/1.0" 301 72312 "-" "Mozilla/5.0 (compatible; SemrushBot/7~bl; +http://www.semrush.com/bot.html)"
185.191.171.20 - - [09/Oct/2022:10:29:36 +0200] "GET /robots.txt HTTP/1.0" 200 245 "-" "Mozilla/5.0 (compatible; SemrushBot/7~bl; +http://www.semrush.com/bot.html)"
185.191.171.9 - - [09/Oct/2022:10:29:38 +0200] "GET /-p-3390.html HTTP/1.0" 200 72246 "-" "Mozilla/5.0 (compatible; SemrushBot/7~bl; +http://www.semrush.com/bot.html)"
185.191.171.24 - - [09/Oct/2022:10:29:45 +0200] "GET /bright-home-canvas-frame-p-37741.html HTTP/1.0" 200 75007 "-" "Mozilla/5.0 (compatible; SemrushBot/7~bl; +http://www.semrush.com/bot.html)"
157.55.39.217 - - [09/Oct/2022:10:29:56 +0200] "GET /images/3524550045153.jpg HTTP/1.0" 200 259 "-" "Mozilla/5.0 (compatible; bingbot/2.0; +http://www.bing.com/bingbot.htm)"
157.55.39.217 - - [09/Oct/2022:10:29:57 +0200] "GET /barcelone-messenger-p-41175.html HTTP/1.0" 200 75195 "-" "Mozilla/5.0 (compatible; bingbot/2.0; +http://www.bing.com/bingbot.htm)"
54.36.148.163 - - [09/Oct/2022:10:30:34 +0200] "GET /figurine-buddha-head-white-patinated-clay-p-45988.html HTTP/1.0" 200 75893 "-" "Mozilla/5.0 (compatible; AhrefsBot/7.0; +http://ahrefs.com/robot/)"
185.191.171.2 - - [09/Oct/2022:10:30:46 +0200] "GET /figurine-silver-crocodile-glass-bubble-p-56419.html?action=add_product HTTP/1.0" 302 476 "-" "Mozilla/5.0 (compatible; SemrushBot/7~bl; +http://www.semrush.com/bot.html)"
69.171.231.4 - - [09/Oct/2022:10:30:47 +0200] "HEAD / HTTP/1.0" 200 386 "-" "facebookexternalhit/1.1 (+http://www.facebook.com/externalhit_uatext.php)"
163.220.128.41 - - [09/Oct/2022:10:30:50 +0200] "GET /images/mini_prod/3503420168024.jpg HTTP/1.0" 200 269 "-" "Mozilla/5.0 (X11; Ubuntu; Linux x86_64; rv:72.0) Gecko/20100101 Firefox/72.0"
69.171.231.4 - - [09/Oct/2022:10:30:49 +0200] "GET / HTTP/1.0" 200 152139 "-" "facebookexternalhit/1.1 (+http://www.facebook.com/externalhit_uatext.php)"
185.191.171.34 - - [09/Oct/2022:10:31:02 +0200] "GET /jasmin-dessert-spoon-p-32024.html?action=add_product HTTP/1.0" 302 476 "-" "Mozilla/5.0 (compatible; SemrushBot/7~bl; +http://www.semrush.com/bot.html)"
185.191.171.26 - - [09/Oct/2022:10:31:41 +0200] "GET /love-personnalized-small-mug-p-17677.html HTTP/1.0" 301 75234 "-" "Mozilla/5.0 (compatible; SemrushBot/7~bl; +http://www.semrush.com/bot.html)"
185.191.171.15 - - [09/Oct/2022:10:31:45 +0200] "GET /love-personnalized-small-p-17677.html HTTP/1.0" 200 75143 "-" "Mozilla/5.0 (compatible; SemrushBot/7~bl; +http://www.semrush.com/bot.html)"
185.191.171.3 - - [09/Oct/2022:10:32:02 +0200] "GET /butterfly-wall-decoration-blue-model-p-53759.html?action=add_product HTTP/1.0" 302 476 "-" "Mozilla/5.0 (compatible; SemrushBot/7~bl; +http://www.semrush.com/bot.html)"
185.191.171.8 - - [09/Oct/2022:10:32:05 +0200] "GET /saint-joseph-prayer-candle-novena-p-44449.html?action=add_product HTTP/1.0" 302 476 "-" "Mozilla/5.0 (compatible; SemrushBot/7~bl; +http://www.semrush.com/bot.html)"
185.191.171.23 - - [09/Oct/2022:10:32:18 +0200] "GET /large-industrial-hanging-pendulum-p-51369.html?action=add_product HTTP/1.0" 302 476 "-" "Mozilla/5.0 (compatible; SemrushBot/7~bl; +http://www.semrush.com/bot.html)"
66.249.64.246 - - [09/Oct/2022:10:32:20 +0200] "GET /ceramic-face-vase-azure-blue-p-56603.html HTTP/1.0" 200 76055 "-" "Mozilla/5.0 (Linux; Android 6.0.1; Nexus 5X Build/MMB29P) AppleWebKit/537.36 (KHTML, like Gecko) Chrome/105.0.5195.125 Mobile Safari/537.36 (compatible; Googlebot/2.1; +http://www.google.com/bot.html)"
185.191.171.25 - - [09/Oct/2022:10:32:23 +0200] "GET /black-samsung-cupcakes-phone-cover-cbkreation-p-17358.html?action=add_product HTTP/1.0" 301 476 "-" "Mozilla/5.0 (compatible; SemrushBot/7~bl; +http://www.semrush.com/bot.html)"
185.191.171.24 - - [09/Oct/2022:10:32:26 +0200] "GET /light-wood-table-lamp-scandinavian-spirit-41-cm-p-52410.html HTTP/1.0" 301 72526 "-" "Mozilla/5.0 (compatible; SemrushBot/7~bl; +http://www.semrush.com/bot.html)"
185.191.171.45 - - [09/Oct/2022:10:32:30 +0200] "GET /table-lamp-white-matt-wood-p-41365.html?action=add_product HTTP/1.0" 302 476 "-" "Mozilla/5.0 (compatible; SemrushBot/7~bl; +http://www.semrush.com/bot.html)"
185.191.171.40 - - [09/Oct/2022:10:32:32 +0200] "GET /light-wood-table-lamp-scandinavian-spirit-p-52410.html HTTP/1.0" 200 72418 "-" "Mozilla/5.0 (compatible; SemrushBot/7~bl; +http://www.semrush.com/bot.html)"
185.191.171.5 - - [09/Oct/2022:10:32:36 +0200] "GET /tisaniere-cement-tiles-multicolor-p-52873.html HTTP/1.0" 301 72475 "-" "Mozilla/5.0 (compatible; SemrushBot/7~bl; +http://www.semrush.com/bot.html)"
185.191.171.1 - - [09/Oct/2022:10:32:39 +0200] "GET /glasses-drinking-c-12_62.html?page=5 HTTP/1.0" 200 83091 "-" "Mozilla/5.0 (compatible; SemrushBot/7~bl; +http://www.semrush.com/bot.html)"
185.191.171.12 - - [09/Oct/2022:10:32:42 +0200] "GET /tisanire-cement-tiles-multicolor-p-52873.html HTTP/1.0" 200 72376 "-" "Mozilla/5.0 (compatible; SemrushBot/7~bl; +http://www.semrush.com/bot.html)"
157.55.39.217 - - [09/Oct/2022:10:32:47 +0200] "GET /images/mini_prod/3503420153532.jpg HTTP/1.0" 200 269 "-" "Mozilla/5.0 (compatible; bingbot/2.0; +http://www.bing.com/bingbot.htm)"
185.191.171.22 - - [09/Oct/2022:10:32:47 +0200] "GET /bear-pedestal-table-in-resin-p-53461.html HTTP/1.0" 301 75636 "-" "Mozilla/5.0 (compatible; SemrushBot/7~bl; +http://www.semrush.com/bot.html)"
185.191.171.8 - - [09/Oct/2022:10:32:50 +0200] "GET /bear-pedestal-table-resin-p-53461.html HTTP/1.0" 200 75544 "-" "Mozilla/5.0 (compatible; SemrushBot/7~bl; +http://www.semrush.com/bot.html)"
185.191.171.35 - - [09/Oct/2022:10:32:53 +0200] "GET /provence-little-tray-21-14-cm-p-51672.html HTTP/1.0" 301 75053 "-" "Mozilla/5.0 (compatible; SemrushBot/7~bl; +http://www.semrush.com/bot.html)"
185.191.171.5 - - [09/Oct/2022:10:32:56 +0200] "GET /provence-little-tray-p-51672.html HTTP/1.0" 200 74966 "-" "Mozilla/5.0 (compatible; SemrushBot/7~bl; +http://www.semrush.com/bot.html)"
54.36.148.183 - - [09/Oct/2022:10:32:56 +0200] "GET /michel-statue-p-53049.html HTTP/1.0" 200 74936 "-" "Mozilla/5.0 (compatible; AhrefsBot/7.0; +http://ahrefs.com/robot/)"
185.191.171.26 - - [09/Oct/2022:10:33:09 +0200] "GET /black-silver-globe-decoration-p-51573.html?action=add_product HTTP/1.0" 302 476 "-" "Mozilla/5.0 (compatible; SemrushBot/7~bl; +http://www.semrush.com/bot.html)"
163.220.128.41 - - [09/Oct/2022:10:33:23 +0200] "GET /images/mini_prod/3585190854208.jpg HTTP/1.0" 200 269 "-" "Mozilla/5.0 (X11; Ubuntu; Linux x86_64; rv:72.0) Gecko/20100101 Firefox/72.0"
185.191.171.39 - - [09/Oct/2022:10:33:29 +0200] "GET /mani-lucky-keychain-p-44129.html?action=add_product HTTP/1.0" 302 476 "-" "Mozilla/5.0 (compatible; SemrushBot/7~bl; +http://www.semrush.com/bot.html)"
185.191.171.43 - - [09/Oct/2022:10:33:33 +0200] "GET /monaco-shoulder-black-beige-p-38406.html?action=add_product HTTP/1.0" 302 476 "-" "Mozilla/5.0 (compatible; SemrushBot/7~bl; +http://www.semrush.com/bot.html)"
185.191.171.11 - - [09/Oct/2022:10:33:41 +0200] "GET /lama-hot-water-bottle-p-45233.html HTTP/1.0" 301 72398 "-" "Mozilla/5.0 (compatible; SemrushBot/7~bl; +http://www.semrush.com/bot.html)"
185.191.171.25 - - [09/Oct/2022:10:33:46 +0200] "GET /lama-water-bottle-p-45233.html HTTP/1.0" 200 72314 "-" "Mozilla/5.0 (compatible; SemrushBot/7~bl; +http://www.semrush.com/bot.html)"
185.191.171.14 - - [09/Oct/2022:10:33:52 +0200] "GET /-p-39590.html?action=add_product HTTP/1.0" 302 476 "-" "Mozilla/5.0 (compatible; SemrushBot/7~bl; +http://www.semrush.com/bot.html)"
185.191.171.25 - - [09/Oct/2022:10:33:55 +0200] "GET /-p-48118.html?action=add_product HTTP/1.0" 302 476 "-" "Mozilla/5.0 (compatible; SemrushBot/7~bl; +http://www.semrush.com/bot.html)"
185.191.171.43 - - [09/Oct/2022:10:34:03 +0200] "GET /bamboo-fiber-jug-cats-p-49560.html HTTP/1.0" 301 72402 "-" "Mozilla/5.0 (compatible; SemrushBot/7~bl; +http://www.semrush.com/bot.html)"
185.191.171.6 - - [09/Oct/2022:10:34:06 +0200] "GET /bamboo-fiber-cats-p-49560.html HTTP/1.0" 200 72318 "-" "Mozilla/5.0 (compatible; SemrushBot/7~bl; +http://www.semrush.com/bot.html)"
185.191.171.5 - - [09/Oct/2022:10:34:47 +0200] "GET /light-brown-fitted-sheet-p-39683.html?action=add_product HTTP/1.0" 302 476 "-" "Mozilla/5.0 (compatible; SemrushBot/7~bl; +http://www.semrush.com/bot.html)"
152.136.128.182 - - [09/Oct/2022:10:35:06 +0200] "GET /images/mini_prod/Kandinsky.jpg HTTP/1.0" 200 265 "-" "python-requests/2.27.1"
54.36.148.255 - - [09/Oct/2022:10:35:17 +0200] "GET /trucks-chevrolet-metal-plate-deco-p-44855.html HTTP/1.0" 200 75111 "-" "Mozilla/5.0 (compatible; AhrefsBot/7.0; +http://ahrefs.com/robot/)"
147.92.153.7 - - [09/Oct/2022:10:35:16 +0200] "GET /manicure-articles-c-31_204.html HTTP/1.0" 200 91486 "-" "Mozilla/5.0 (compatible; Linespider/1.1; +https://lin.ee/4dwXkTH)"
147.92.153.20 - - [09/Oct/2022:10:35:22 +0200] "GET /swfobject.js HTTP/1.0" 404 1308 "http://www.wonder-geek.com/manicure-articles-c-31_204.html" "Mozilla/5.0 AppleWebKit/537.36 (KHTML, like Gecko; compatible; Linespider/1.1; +https://lin.ee/4dwXkTH) Chrome/101.0.4951.0 Safari/537.36, Mozilla/5.0 (compatible; Linespider/1.1; +https://lin.ee/4dwXkTH)"
51.68.224.127 - - [09/Oct/2022:10:35:27 +0200] "GET /adminweb/export_orders_xml.php?token=256de2z6edz6ed2z6DFSFsed2zed6zeDSFDSGdzedezfzf&maxorders=10&orderstart=1&status=14&start_date=2018-10-01 HTTP/1.0" 200 285 "-" "GesCom CharlotteBoutik Serveur"
51.68.224.127 - - [09/Oct/2022:10:35:27 +0200] "GET /adminweb/export_orders_xml.php?token=256de2z6edz6ed2z6DFSFsed2zed6zeDSFDSGdzedezfzf&maxorders=10&orderstart=1&status=6&start_date=2018-10-01 HTTP/1.0" 200 33985 "-" "GesCom CharlotteBoutik Serveur"
185.191.171.14 - - [09/Oct/2022:10:35:27 +0200] "GET /glass-cutting-board-cbkreation-p-51314.html?action=add_product HTTP/1.0" 302 476 "-" "Mozilla/5.0 (compatible; SemrushBot/7~bl; +http://www.semrush.com/bot.html)"
185.191.171.8 - - [09/Oct/2022:10:35:56 +0200] "GET /-p-34265.html?action=add_product HTTP/1.0" 302 476 "-" "Mozilla/5.0 (compatible; SemrushBot/7~bl; +http://www.semrush.com/bot.html)"
192.144.201.77 - - [09/Oct/2022:10:36:01 +0200] "GET /images/mini_prod/3453131143196.jpg HTTP/1.0" 200 269 "-" "python-requests/2.27.1"
173.252.83.9 - - [09/Oct/2022:10:36:14 +0200] "GET /images/mini_prod/8424346248964.jpg HTTP/1.0" 200 269 "-" "facebookexternalhit/1.1 (+http://www.facebook.com/externalhit_uatext.php)"
211.249.40.23 - - [09/Oct/2022:10:36:15 +0200] "GET /images/mini_prod/8482013122047.jpg HTTP/1.0" 200 269 "-" "Mozilla/5.0 (X11; Ubuntu; Linux x86_64; rv:72.0) Gecko/20100101 Firefox/72.0"
185.191.171.9 - - [09/Oct/2022:10:36:16 +0200] "GET /tin-candle-heart-and-home-christmas-tree-p-53313.html HTTP/1.0" 301 72485 "-" "Mozilla/5.0 (compatible; SemrushBot/7~bl; +http://www.semrush.com/bot.html)"
185.191.171.1 - - [09/Oct/2022:10:36:19 +0200] "GET /-p-27955.html?action=add_product HTTP/1.0" 302 476 "-" "Mozilla/5.0 (compatible; SemrushBot/7~bl; +http://www.semrush.com/bot.html)"
185.191.171.6 - - [09/Oct/2022:10:36:20 +0200] "GET /volkswagen-beetle-metal-plate-20-15-cm-p-26427.html HTTP/1.0" 301 75123 "-" "Mozilla/5.0 (compatible; SemrushBot/7~bl; +http://www.semrush.com/bot.html)"
185.191.171.44 - - [09/Oct/2022:10:36:23 +0200] "GET /volkswagen-beetle-metal-plate-p-26427.html HTTP/1.0" 200 75027 "-" "Mozilla/5.0 (compatible; SemrushBot/7~bl; +http://www.semrush.com/bot.html)"
185.191.171.9 - - [09/Oct/2022:10:36:26 +0200] "GET /candle-heart-home-christmas-tree-p-53313.html HTTP/1.0" 200 72386 "-" "Mozilla/5.0 (compatible; SemrushBot/7~bl; +http://www.semrush.com/bot.html)"
185.191.171.3 - - [09/Oct/2022:10:36:42 +0200] "GET /simpsons-large-glass-p-27559.html HTTP/1.0" 301 72315 "-" "Mozilla/5.0 (compatible; SemrushBot/7~bl; +http://www.semrush.com/bot.html)"
163.220.128.41 - - [09/Oct/2022:10:36:44 +0200] "GET /images/3700653501967.jpg HTTP/1.0" 200 259 "-" "Mozilla/5.0 (X11; Ubuntu; Linux x86_64; rv:72.0) Gecko/20100101 Firefox/72.0"
185.191.171.2 - - [09/Oct/2022:10:36:46 +0200] "GET /la-vie-est-formidable-shirt-by-etienne-boyer-p-29565.html HTTP/1.0" 301 77552 "-" "Mozilla/5.0 (compatible; SemrushBot/7~bl; +http://www.semrush.com/bot.html)"
185.191.171.15 - - [09/Oct/2022:10:36:50 +0200] "GET /pugsley-keel-toys-plush-winged-p-46898.html?action=add_product HTTP/1.0" 302 476 "-" "Mozilla/5.0 (compatible; SemrushBot/7~bl; +http://www.semrush.com/bot.html)"
185.191.171.22 - - [09/Oct/2022:10:36:52 +0200] "GET /gorjuss-cards-supplied-with-envelope-forget-p-48367.html?action=add_product HTTP/1.0" 302 476 "-" "Mozilla/5.0 (compatible; SemrushBot/7~bl; +http://www.semrush.com/bot.html)"
185.191.171.2 - - [09/Oct/2022:10:36:54 +0200] "GET /paris-glass-tray-p-27203.html?action=add_product HTTP/1.0" 302 476 "-" "Mozilla/5.0 (compatible; SemrushBot/7~bl; +http://www.semrush.com/bot.html)"
185.191.171.15 - - [09/Oct/2022:10:36:56 +0200] "GET /london-metal-keyring-phone-box-p-35351.html HTTP/1.0" 301 75052 "-" "Mozilla/5.0 (compatible; SemrushBot/7~bl; +http://www.semrush.com/bot.html)"
185.191.171.7 - - [09/Oct/2022:10:36:59 +0200] "GET /coasters-cbkreation-p-43971.html?action=add_product HTTP/1.0" 302 476 "-" "Mozilla/5.0 (compatible; SemrushBot/7~bl; +http://www.semrush.com/bot.html)"
185.191.171.10 - - [09/Oct/2022:10:37:00 +0200] "GET /london-metal-keyring-phone-p-35351.html HTTP/1.0" 200 74959 "-" "Mozilla/5.0 (compatible; SemrushBot/7~bl; +http://www.semrush.com/bot.html)"
185.191.171.6 - - [09/Oct/2022:10:37:03 +0200] "GET /formidable-shirt-etienne-boyer-p-29565.html HTTP/1.0" 200 77455 "-" "Mozilla/5.0 (compatible; SemrushBot/7~bl; +http://www.semrush.com/bot.html)"
185.191.171.12 - - [09/Oct/2022:10:37:06 +0200] "GET /-p-27559.html HTTP/1.0" 200 72248 "-" "Mozilla/5.0 (compatible; SemrushBot/7~bl; +http://www.semrush.com/bot.html)"
66.249.64.242 - - [09/Oct/2022:10:37:15 +0200] "GET /game-of-thrones-mug-p-26015.html HTTP/1.0" 301 74948 "-" "Mozilla/5.0 (Linux; Android 6.0.1; Nexus 5X Build/MMB29P) AppleWebKit/537.36 (KHTML, like Gecko) Chrome/106.0.5249.103 Mobile Safari/537.36 (compatible; Googlebot/2.1; +http://www.google.com/bot.html)"
66.249.64.242 - - [09/Oct/2022:10:37:17 +0200] "GET /game-thrones-p-26015.html HTTP/1.0" 200 74869 "-" "Mozilla/5.0 (Linux; Android 6.0.1; Nexus 5X Build/MMB29P) AppleWebKit/537.36 (KHTML, like Gecko) Chrome/106.0.5249.103 Mobile Safari/537.36 (compatible; Googlebot/2.1; +http://www.google.com/bot.html)"
54.36.148.254 - - [09/Oct/2022:10:37:35 +0200] "GET /squirrel-natural-cement-aged-effect-p-45622.html HTTP/1.0" 200 75110 "-" "Mozilla/5.0 (compatible; AhrefsBot/7.0; +http://ahrefs.com/robot/)"
185.191.171.20 - - [09/Oct/2022:10:37:43 +0200] "GET /indian-fancy-bracelet-finish-golden-color-p-43745.html?action=add_product HTTP/1.0" 302 476 "-" "Mozilla/5.0 (compatible; SemrushBot/7~bl; +http://www.semrush.com/bot.html)"
185.191.171.4 - - [09/Oct/2022:10:37:46 +0200] "GET /pharaoh-ramses-statuette-bronze-aspect-resin-p-52831.html?action=add_product HTTP/1.0" 302 476 "-" "Mozilla/5.0 (compatible; SemrushBot/7~bl; +http://www.semrush.com/bot.html)"
185.191.171.11 - - [09/Oct/2022:10:37:50 +0200] "GET /angel-figurine-family-p-58776.html?action=add_product HTTP/1.0" 302 476 "-" "Mozilla/5.0 (compatible; SemrushBot/7~bl; +http://www.semrush.com/bot.html)"
185.191.171.8 - - [09/Oct/2022:10:37:59 +0200] "GET /saint-benedict-prayer-candle-novena-p-58241.html?action=add_product HTTP/1.0" 302 476 "-" "Mozilla/5.0 (compatible; SemrushBot/7~bl; +http://www.semrush.com/bot.html)"
66.249.64.246 - - [09/Oct/2022:10:38:04 +0200] "GET /little-prince-plane-figurine-p-47070.html HTTP/1.0" 200 75726 "-" "Mozilla/5.0 (Linux; Android 6.0.1; Nexus 5X Build/MMB29P) AppleWebKit/537.36 (KHTML, like Gecko) Chrome/106.0.5249.91 Mobile Safari/537.36 (compatible; Googlebot/2.1; +http://www.google.com/bot.html)"
185.191.171.40 - - [09/Oct/2022:10:38:06 +0200] "GET /donald-duck-figure-collection-by-romero-britto-p-20772.html HTTP/1.0" 301 76464 "-" "Mozilla/5.0 (compatible; SemrushBot/7~bl; +http://www.semrush.com/bot.html)"
185.191.171.13 - - [09/Oct/2022:10:38:11 +0200] "GET /sports-p-55765.html?action=add_product HTTP/1.0" 302 476 "-" "Mozilla/5.0 (compatible; SemrushBot/7~bl; +http://www.semrush.com/bot.html)"
185.191.171.20 - - [09/Oct/2022:10:38:13 +0200] "GET /donald-duck-figure-collection-romero-britto-p-20772.html HTTP/1.0" 200 76354 "-" "Mozilla/5.0 (compatible; SemrushBot/7~bl; +http://www.semrush.com/bot.html)"
66.249.64.242 - - [09/Oct/2022:10:38:19 +0200] "GET /little-prince-plane-figurine-p-47070.html HTTP/1.0" 200 75726 "-" "Mozilla/5.0 (compatible; Googlebot/2.1; +http://www.google.com/bot.html)"
66.249.64.244 - - [09/Oct/2022:10:38:21 +0200] "GET /images/big_prod_1/3665269063233a.jpg HTTP/1.0" 200 271 "-" "Googlebot-Image/1.0"
185.191.171.15 - - [09/Oct/2022:10:38:32 +0200] "GET /small-dotty-pink-vintage-pin-up-wallet-p-34364.html HTTP/1.0" 301 72315 "-" "Mozilla/5.0 (compatible; SemrushBot/7~bl; +http://www.semrush.com/bot.html)"
185.191.171.43 - - [09/Oct/2022:10:38:35 +0200] "GET /-p-34364.html HTTP/1.0" 200 72248 "-" "Mozilla/5.0 (compatible; SemrushBot/7~bl; +http://www.semrush.com/bot.html)"
185.191.171.3 - - [09/Oct/2022:10:38:55 +0200] "GET /flower-life-isothermic-stainless-steel-bottle-cbkreation-p-51014.html?action=add_product HTTP/1.0" 302 476 "-" "Mozilla/5.0 (compatible; SemrushBot/7~bl; +http://www.semrush.com/bot.html)"
165.132.148.126 - - [09/Oct/2022:10:38:56 +0200] "GET /images/mini_prod/Image17.jpg HTTP/1.0" 200 263 "-" "Mozilla/5.0 (X11; Ubuntu; Linux x86_64; rv:72.0) Gecko/20100101 Firefox/72.0"
66.249.64.242 - - [09/Oct/2022:10:39:06 +0200] "GET /tasty-navy-made-germany-p-58343.html HTTP/1.0" 200 75936 "-" "Mozilla/5.0 (compatible; Googlebot/2.1; +http://www.google.com/bot.html)"
185.191.171.6 - - [09/Oct/2022:10:39:36 +0200] "GET /set-of-pair-of-socks-strawberry-shortcake-size-24-26-p-24790.html HTTP/1.0" 301 72315 "-" "Mozilla/5.0 (compatible; SemrushBot/7~bl; +http://www.semrush.com/bot.html)"
185.191.171.12 - - [09/Oct/2022:10:39:39 +0200] "GET /-p-24790.html HTTP/1.0" 200 72248 "-" "Mozilla/5.0 (compatible; SemrushBot/7~bl; +http://www.semrush.com/bot.html)"
192.144.201.77 - - [09/Oct/2022:10:39:48 +0200] "GET /images/mini_prod/3442440259261.jpg HTTP/1.0" 200 269 "-" "python-requests/2.27.1"
54.36.148.33 - - [09/Oct/2022:10:39:51 +0200] "GET /statuette-african-child-elephant-p-53724.html HTTP/1.0" 200 72380 "-" "Mozilla/5.0 (compatible; AhrefsBot/7.0; +http://ahrefs.com/robot/)"
185.191.171.8 - - [09/Oct/2022:10:39:58 +0200] "GET /coca-cola-sugar-box-p-33734.html HTTP/1.0" 301 72315 "-" "Mozilla/5.0 (compatible; SemrushBot/7~bl; +http://www.semrush.com/bot.html)"
180.76.26.171 - - [09/Oct/2022:10:40:00 +0200] "GET /images/mini_prod/9316188069182.jpg HTTP/1.0" 200 269 "-" "bce-sdk-python/0.8.73/3.6.8 (default, Nov 16 2020, 16:55:22) [GCC 4.8.5 20150623 (Red Hat 4.8.5-44)]/linux"
185.191.171.20 - - [09/Oct/2022:10:40:02 +0200] "GET /-p-33734.html HTTP/1.0" 200 72248 "-" "Mozilla/5.0 (compatible; SemrushBot/7~bl; +http://www.semrush.com/bot.html)"
163.220.128.41 - - [09/Oct/2022:10:40:18 +0200] "GET /images/mini_prod/3503420107825.jpg HTTP/1.0" 200 269 "-" "Mozilla/5.0 (X11; Ubuntu; Linux x86_64; rv:72.0) Gecko/20100101 Firefox/72.0"
185.191.171.5 - - [09/Oct/2022:10:40:28 +0200] "GET /harley-davidson-large-metal-plate-deco-p-26644.html?action=add_product HTTP/1.0" 302 476 "-" "Mozilla/5.0 (compatible; SemrushBot/7~bl; +http://www.semrush.com/bot.html)"
185.191.171.23 - - [09/Oct/2022:10:40:32 +0200] "GET /parrot-metal-glass-decoration-p-42808.html?action=add_product HTTP/1.0" 302 476 "-" "Mozilla/5.0 (compatible; SemrushBot/7~bl; +http://www.semrush.com/bot.html)"
185.191.171.24 - - [09/Oct/2022:10:40:39 +0200] "GET /renault-metal-can-money-box-p-52949.html HTTP/1.0" 301 75017 "-" "Mozilla/5.0 (compatible; SemrushBot/7~bl; +http://www.semrush.com/bot.html)"
66.249.64.242 - - [09/Oct/2022:10:40:42 +0200] "GET /terracotta-piggy-bank-with-the-small-hammer-p-30025.html HTTP/1.0" 301 72508 "-" "Mozilla/5.0 (compatible; Googlebot/2.1; +http://www.google.com/bot.html)"
185.191.171.7 - - [09/Oct/2022:10:40:42 +0200] "GET /renault-metal-money-p-52949.html HTTP/1.0" 200 74931 "-" "Mozilla/5.0 (compatible; SemrushBot/7~bl; +http://www.semrush.com/bot.html)"
66.249.64.246 - - [09/Oct/2022:10:40:43 +0200] "GET /terracotta-piggy-bank-with-small-hammer-p-30025.html HTTP/1.0" 200 72402 "-" "Mozilla/5.0 (compatible; Googlebot/2.1; +http://www.google.com/bot.html)"
185.191.171.5 - - [09/Oct/2022:10:40:46 +0200] "GET /retro-beach-and-surf-box-65-cm-p-40331.html HTTP/1.0" 301 72444 "-" "Mozilla/5.0 (compatible; SemrushBot/7~bl; +http://www.semrush.com/bot.html)"
185.191.171.1 - - [09/Oct/2022:10:40:49 +0200] "GET /retro-beach-surf-p-40331.html HTTP/1.0" 200 72361 "-" "Mozilla/5.0 (compatible; SemrushBot/7~bl; +http://www.semrush.com/bot.html)"
185.191.171.1 - - [09/Oct/2022:10:40:56 +0200] "GET /wall-decoration-flamingo-p-37458.html?action=add_product HTTP/1.0" 302 476 "-" "Mozilla/5.0 (compatible; SemrushBot/7~bl; +http://www.semrush.com/bot.html)"
185.191.171.23 - - [09/Oct/2022:10:40:58 +0200] "GET /-p-46986.html?action=add_product HTTP/1.0" 302 476 "-" "Mozilla/5.0 (compatible; SemrushBot/7~bl; +http://www.semrush.com/bot.html)"
66.249.64.242 - - [09/Oct/2022:10:41:00 +0200] "GET /images/big_prod/8422017867018.jpg HTTP/1.0" 200 268 "-" "Googlebot-Image/1.0"
185.191.171.33 - - [09/Oct/2022:10:41:01 +0200] "GET /charmmy-kitty-padded-jacket-p-31240.html?action=add_product HTTP/1.0" 301 476 "-" "Mozilla/5.0 (compatible; SemrushBot/7~bl; +http://www.semrush.com/bot.html)"
185.191.171.43 - - [09/Oct/2022:10:41:09 +0200] "GET /provence-moroccan-ashtray-p-51450.html?action=add_product HTTP/1.0" 302 476 "-" "Mozilla/5.0 (compatible; SemrushBot/7~bl; +http://www.semrush.com/bot.html)"
185.191.171.22 - - [09/Oct/2022:10:41:11 +0200] "GET /italian-dolce-vita-black-women-shirt-p-30958.html?action=add_product HTTP/1.0" 302 476 "-" "Mozilla/5.0 (compatible; SemrushBot/7~bl; +http://www.semrush.com/bot.html)"
185.191.171.18 - - [09/Oct/2022:10:41:12 +0200] "GET /black-p-45694.html?action=add_product HTTP/1.0" 302 476 "-" "Mozilla/5.0 (compatible; SemrushBot/7~bl; +http://www.semrush.com/bot.html)"
185.191.171.13 - - [09/Oct/2022:10:41:18 +0200] "GET /cats-love-oven-mitt-p-43813.html HTTP/1.0" 200 74883 "-" "Mozilla/5.0 (compatible; SemrushBot/7~bl; +http://www.semrush.com/bot.html)"
185.191.171.11 - - [09/Oct/2022:10:42:00 +0200] "GET /-p-15422.html?action=add_product HTTP/1.0" 302 476 "-" "Mozilla/5.0 (compatible; SemrushBot/7~bl; +http://www.semrush.com/bot.html)"
185.191.171.22 - - [09/Oct/2022:10:42:08 +0200] "GET /exotic-wood-tray-hand-of-fatima-35-35-cm-p-50141.html HTTP/1.0" 301 75850 "-" "Mozilla/5.0 (compatible; SemrushBot/7~bl; +http://www.semrush.com/bot.html)"
54.36.148.57 - - [09/Oct/2022:10:42:09 +0200] "GET /emperor-terracotta-soldier-statuette-p-50012.html HTTP/1.0" 200 72390 "-" "Mozilla/5.0 (compatible; AhrefsBot/7.0; +http://ahrefs.com/robot/)"
185.191.171.24 - - [09/Oct/2022:10:42:12 +0200] "GET /exotic-wood-tray-hand-fatima-p-50141.html HTTP/1.0" 200 75755 "-" "Mozilla/5.0 (compatible; SemrushBot/7~bl; +http://www.semrush.com/bot.html)"
66.249.64.242 - - [09/Oct/2022:10:42:12 +0200] "GET /petit-akio-night-light-dino-p-46407.html HTTP/1.0" 200 76030 "-" "Mozilla/5.0 (Linux; Android 6.0.1; Nexus 5X Build/MMB29P) AppleWebKit/537.36 (KHTML, like Gecko) Chrome/105.0.5195.125 Mobile Safari/537.36 (compatible; Googlebot/2.1; +http://www.google.com/bot.html)"
185.191.171.4 - - [09/Oct/2022:10:42:23 +0200] "GET /-p-32631.html?action=add_product HTTP/1.0" 302 476 "-" "Mozilla/5.0 (compatible; SemrushBot/7~bl; +http://www.semrush.com/bot.html)"
185.191.171.10 - - [09/Oct/2022:10:42:25 +0200] "GET /american-diner-mug-p-19042.html HTTP/1.0" 301 74916 "-" "Mozilla/5.0 (compatible; SemrushBot/7~bl; +http://www.semrush.com/bot.html)"
185.191.171.9 - - [09/Oct/2022:10:42:28 +0200] "GET /american-diner-p-19042.html HTTP/1.0" 200 74835 "-" "Mozilla/5.0 (compatible; SemrushBot/7~bl; +http://www.semrush.com/bot.html)"
185.191.171.34 - - [09/Oct/2022:10:42:42 +0200] "GET /white-woodland-holy-family-shore-p-49629.html HTTP/1.0" 200 72380 "-" "Mozilla/5.0 (compatible; SemrushBot/7~bl; +http://www.semrush.com/bot.html)"
185.191.171.14 - - [09/Oct/2022:10:42:45 +0200] "GET /-p-47907.html HTTP/1.0" 200 72248 "-" "Mozilla/5.0 (compatible; SemrushBot/7~bl; +http://www.semrush.com/bot.html)"
49.7.20.113 - - [09/Oct/2022:10:42:54 +0200] "GET / HTTP/1.0" 200 152022 "-" "Sogou web spider/4.0(+http://www.sogou.com/docs/help/webmasters.htm#07)"
173.252.83.11 - - [09/Oct/2022:10:43:04 +0200] "GET /images/mini_prod/720322259787.jpg HTTP/1.0" 200 268 "-" "facebookexternalhit/1.1 (+http://www.facebook.com/externalhit_uatext.php)"
185.191.171.26 - - [09/Oct/2022:10:44:06 +0200] "GET /raving-rabbids-storage-stool-p-37534.html?action=add_product HTTP/1.0" 302 476 "-" "Mozilla/5.0 (compatible; SemrushBot/7~bl; +http://www.semrush.com/bot.html)"
54.36.149.16 - - [09/Oct/2022:10:44:35 +0200] "GET /mini-figurine-britto-sugar-p-44392.html HTTP/1.0" 200 72360 "-" "Mozilla/5.0 (compatible; AhrefsBot/7.0; +http://ahrefs.com/robot/)"
185.191.171.3 - - [09/Oct/2022:10:44:40 +0200] "GET /love-personnalized-white-shell-samsung-s2-p-17691.html HTTP/1.0" 301 75411 "-" "Mozilla/5.0 (compatible; SemrushBot/7~bl; +http://www.semrush.com/bot.html)"
185.191.171.7 - - [09/Oct/2022:10:44:43 +0200] "GET /love-personnalized-white-shell-samsung-p-17691.html HTTP/1.0" 200 75306 "-" "Mozilla/5.0 (compatible; SemrushBot/7~bl; +http://www.semrush.com/bot.html)"
185.191.171.22 - - [09/Oct/2022:10:44:46 +0200] "GET /tropical-pouch-freedom-p-49554.html?action=add_product HTTP/1.0" 302 476 "-" "Mozilla/5.0 (compatible; SemrushBot/7~bl; +http://www.semrush.com/bot.html)"
185.191.171.14 - - [09/Oct/2022:10:44:49 +0200] "GET /owls-table-set-p-45289.html HTTP/1.0" 301 72315 "-" "Mozilla/5.0 (compatible; SemrushBot/7~bl; +http://www.semrush.com/bot.html)"
185.191.171.23 - - [09/Oct/2022:10:44:52 +0200] "GET /cotton-tablecloth-fish-bank-p-39887.html HTTP/1.0" 200 72372 "-" "Mozilla/5.0 (compatible; SemrushBot/7~bl; +http://www.semrush.com/bot.html)"
185.191.171.22 - - [09/Oct/2022:10:44:56 +0200] "GET /nici-ayumi-green-mirror-bag-p-33428.html HTTP/1.0" 301 75039 "-" "Mozilla/5.0 (compatible; SemrushBot/7~bl; +http://www.semrush.com/bot.html)"
185.191.171.7 - - [09/Oct/2022:10:45:00 +0200] "GET /happy-wall-stickers-p-36117.html?action=add_product HTTP/1.0" 302 476 "-" "Mozilla/5.0 (compatible; SemrushBot/7~bl; +http://www.semrush.com/bot.html)"
185.191.171.26 - - [09/Oct/2022:10:45:02 +0200] "GET /nici-ayumi-green-mirror-p-33428.html HTTP/1.0" 200 74949 "-" "Mozilla/5.0 (compatible; SemrushBot/7~bl; +http://www.semrush.com/bot.html)"
