94.23.203.52 - - [09/Oct/2022:04:38:57 +0200] "GET /minnie-mouse-bowl-p-24544.html HTTP/1.0" 301 72315 "-" "Mozilla/5.0 (compatible; MJ12bot/v1.4.8; http://mj12bot.com/)"
94.23.203.52 - - [09/Oct/2022:04:39:02 +0200] "GET /-p-24544.html HTTP/1.0" 200 72248 "-" "Mozilla/5.0 (compatible; MJ12bot/v1.4.8; http://mj12bot.com/)"
185.191.171.2 - - [09/Oct/2022:04:39:05 +0200] "GET /cambodian-deity-statue-bust-p-50588.html?action=add_product HTTP/1.0" 302 476 "-" "Mozilla/5.0 (compatible; SemrushBot/7~bl; +http://www.semrush.com/bot.html)"
94.23.203.52 - - [09/Oct/2022:04:39:11 +0200] "GET /minnie-mouse-by-britto-collection-frame-p-18682.html HTTP/1.0" 301 72315 "-" "Mozilla/5.0 (compatible; MJ12bot/v1.4.8; http://mj12bot.com/)"
66.249.64.244 - - [09/Oct/2022:04:39:14 +0200] "GET /images/big_prod/5400924290962.jpg HTTP/1.0" 200 268 "-" "Googlebot-Image/1.0"
94.23.203.52 - - [09/Oct/2022:04:39:16 +0200] "GET /-p-18682.html HTTP/1.0" 200 72248 "-" "Mozilla/5.0 (compatible; MJ12bot/v1.4.8; http://mj12bot.com/)"
185.191.171.11 - - [09/Oct/2022:04:39:18 +0200] "GET /quebec-mouse-cbkreation-p-13991.html HTTP/1.0" 200 74853 "-" "Mozilla/5.0 (compatible; SemrushBot/7~bl; +http://www.semrush.com/bot.html)"
94.23.203.52 - - [09/Oct/2022:04:39:26 +0200] "GET /minnie-mouse-by-britto-magnetic-photo-frame-p-15771.html HTTP/1.0" 301 72315 "-" "Mozilla/5.0 (compatible; MJ12bot/v1.4.8; http://mj12bot.com/)"
185.191.171.34 - - [09/Oct/2022:04:39:30 +0200] "GET /cushion-covers-c-11_71_284.html?page=2 HTTP/1.0" 200 82126 "-" "Mozilla/5.0 (compatible; SemrushBot/7~bl; +http://www.semrush.com/bot.html)"
94.23.203.52 - - [09/Oct/2022:04:39:31 +0200] "GET /-p-15771.html HTTP/1.0" 200 72248 "-" "Mozilla/5.0 (compatible; MJ12bot/v1.4.8; http://mj12bot.com/)"
94.23.203.52 - - [09/Oct/2022:04:39:40 +0200] "GET /minnie-mouse-ceramic-espresso-cup-and-spoon-set-p-28840.html HTTP/1.0" 301 72315 "-" "Mozilla/5.0 (compatible; MJ12bot/v1.4.8; http://mj12bot.com/)"
77.88.5.245 - - [09/Oct/2022:04:39:43 +0200] "GET /gorjuss-the-foxes-plate-decoration-gorjuss-p-40437.html HTTP/1.0" 301 72315 "-" "Mozilla/5.0 (compatible; YandexBot/3.0; +http://yandex.com/bots)"
94.23.203.52 - - [09/Oct/2022:04:39:44 +0200] "GET /-p-28840.html HTTP/1.0" 200 72248 "-" "Mozilla/5.0 (compatible; MJ12bot/v1.4.8; http://mj12bot.com/)"
77.88.5.245 - - [09/Oct/2022:04:39:47 +0200] "GET /-p-40437.html HTTP/1.0" 200 72248 "-" "Mozilla/5.0 (compatible; YandexBot/3.0; +http://yandex.com/bots)"
94.23.203.52 - - [09/Oct/2022:04:39:51 +0200] "GET /minnie-mouse-ceramic-espresso-cup-and-spoon-set-p-28841.html HTTP/1.0" 301 72315 "-" "Mozilla/5.0 (compatible; MJ12bot/v1.4.8; http://mj12bot.com/)"
185.191.171.5 - - [09/Oct/2022:04:39:53 +0200] "GET /jewel-box-flower-of-life-p-48483.html HTTP/1.0" 301 75738 "-" "Mozilla/5.0 (compatible; SemrushBot/7~bl; +http://www.semrush.com/bot.html)"
185.191.171.17 - - [09/Oct/2022:04:39:56 +0200] "GET /jewel-flower-life-p-48483.html HTTP/1.0" 200 75654 "-" "Mozilla/5.0 (compatible; SemrushBot/7~bl; +http://www.semrush.com/bot.html)"
94.23.203.52 - - [09/Oct/2022:04:39:58 +0200] "GET /-p-28841.html HTTP/1.0" 200 72248 "-" "Mozilla/5.0 (compatible; MJ12bot/v1.4.8; http://mj12bot.com/)"
64.124.8.31 - - [09/Oct/2022:04:40:03 +0200] "GET /cotton-bath-poudre-lila-p-47265.html HTTP/1.0" 200 72336 "-" "Mozilla/5.0 (X11; Linux x86_64) AppleWebKit/537.36 (KHTML, like Gecko) Chrome/61.0.3163.79 Safari/537.36"
64.124.8.31 - - [09/Oct/2022:04:40:04 +0200] "GET /horse-mini-trolley-p-49037.html HTTP/1.0" 200 75580 "-" "Mozilla/5.0 (X11; Linux x86_64) AppleWebKit/537.36 (KHTML, like Gecko) Chrome/61.0.3163.79 Safari/537.36"
94.23.203.52 - - [09/Oct/2022:04:40:06 +0200] "GET /minnie-mouse-ceramic-espresso-cup-and-spoon-set-p-28842.html HTTP/1.0" 301 72315 "-" "Mozilla/5.0 (compatible; MJ12bot/v1.4.8; http://mj12bot.com/)"
64.124.8.31 - - [09/Oct/2022:04:40:07 +0200] "GET /bedclothes-140-200-cm-blue-p-44340.html HTTP/1.0" 301 72315 "-" "Mozilla/5.0 (X11; Linux x86_64) AppleWebKit/537.36 (KHTML, like Gecko) Chrome/61.0.3163.79 Safari/537.36"
94.23.203.52 - - [09/Oct/2022:04:40:12 +0200] "GET /-p-28842.html HTTP/1.0" 200 72248 "-" "Mozilla/5.0 (compatible; MJ12bot/v1.4.8; http://mj12bot.com/)"
94.23.203.52 - - [09/Oct/2022:04:40:25 +0200] "GET /minnie-mouse-cereals-bowl-p-31767.html HTTP/1.0" 301 72315 "-" "Mozilla/5.0 (compatible; MJ12bot/v1.4.8; http://mj12bot.com/)"
185.191.171.6 - - [09/Oct/2022:04:40:25 +0200] "GET /corsica-metal-plate-p-52518.html HTTP/1.0" 200 74845 "-" "Mozilla/5.0 (compatible; SemrushBot/7~bl; +http://www.semrush.com/bot.html)"
94.23.203.52 - - [09/Oct/2022:04:40:31 +0200] "GET /-p-31767.html HTTP/1.0" 200 72248 "-" "Mozilla/5.0 (compatible; MJ12bot/v1.4.8; http://mj12bot.com/)"
185.191.171.18 - - [09/Oct/2022:04:40:36 +0200] "GET /star-wars-tie-ship-vehicle-miniature-p-33426.html HTTP/1.0" 301 72315 "-" "Mozilla/5.0 (compatible; SemrushBot/7~bl; +http://www.semrush.com/bot.html)"
185.191.171.4 - - [09/Oct/2022:04:40:38 +0200] "GET /-p-33426.html HTTP/1.0" 200 72248 "-" "Mozilla/5.0 (compatible; SemrushBot/7~bl; +http://www.semrush.com/bot.html)"
94.23.203.52 - - [09/Oct/2022:04:40:38 +0200] "GET /minnie-mouse-children-stool-p-27476.html HTTP/1.0" 200 72350 "-" "Mozilla/5.0 (compatible; MJ12bot/v1.4.8; http://mj12bot.com/)"
54.36.149.106 - - [09/Oct/2022:04:40:41 +0200] "GET /citron-collection-large-metal-plate-deco-p-37111.html HTTP/1.0" 200 75069 "-" "Mozilla/5.0 (compatible; AhrefsBot/7.0; +http://ahrefs.com/robot/)"
66.249.64.242 - - [09/Oct/2022:04:40:45 +0200] "GET /smiski-figure-series-note-there-single-figure-p-39458.html HTTP/1.0" 200 76192 "-" "Mozilla/5.0 (compatible; Googlebot/2.1; +http://www.google.com/bot.html)"
94.23.203.52 - - [09/Oct/2022:04:40:46 +0200] "GET /minnie-mouse-crals-bowl-p-31767.html HTTP/1.0" 301 72315 "-" "Mozilla/5.0 (compatible; MJ12bot/v1.4.8; http://mj12bot.com/)"
185.191.171.37 - - [09/Oct/2022:04:40:50 +0200] "GET /frozen-anna-disney-glitter-globe-p-33587.html HTTP/1.0" 200 75087 "-" "Mozilla/5.0 (compatible; SemrushBot/7~bl; +http://www.semrush.com/bot.html)"
94.23.203.52 - - [09/Oct/2022:04:40:52 +0200] "GET /-p-31767.html HTTP/1.0" 200 72248 "-" "Mozilla/5.0 (compatible; MJ12bot/v1.4.8; http://mj12bot.com/)"
94.23.203.52 - - [09/Oct/2022:04:41:00 +0200] "GET /minnie-mouse-dress-p-31109.html HTTP/1.0" 301 72315 "-" "Mozilla/5.0 (compatible; MJ12bot/v1.4.8; http://mj12bot.com/)"
182.160.15.212 - - [09/Oct/2022:04:41:09 +0200] "GET /images/mini_prod/8433933142325.jpg HTTP/1.0" 200 269 "-" "Mozilla/5.0 (Windows NT 10.0; Win64; x64) AppleWebKit/537.36 (KHTML, like Gecko) Chrome/54.0.2840.99 Safari/537.36"
185.191.171.1 - - [09/Oct/2022:04:41:08 +0200] "GET /lihit-punilabo-bookmark-case-panda-p-49236.html?action=add_product HTTP/1.0" 302 476 "-" "Mozilla/5.0 (compatible; SemrushBot/7~bl; +http://www.semrush.com/bot.html)"
94.23.203.52 - - [09/Oct/2022:04:41:08 +0200] "GET /-p-31109.html HTTP/1.0" 200 72248 "-" "Mozilla/5.0 (compatible; MJ12bot/v1.4.8; http://mj12bot.com/)"
94.23.203.52 - - [09/Oct/2022:04:41:16 +0200] "GET /minnie-mouse-dress-p-31110.html HTTP/1.0" 301 72315 "-" "Mozilla/5.0 (compatible; MJ12bot/v1.4.8; http://mj12bot.com/)"
185.191.171.14 - - [09/Oct/2022:04:41:23 +0200] "GET /retro-wooden-peg-hook-p-41098.html HTTP/1.0" 301 72469 "-" "Mozilla/5.0 (compatible; SemrushBot/7~bl; +http://www.semrush.com/bot.html)"
64.124.8.31 - - [09/Oct/2022:04:41:23 +0200] "GET /fragrance-case-for-cabinet-and-diffuser-car-c-231_228.html HTTP/1.0" 301 92172 "-" "Mozilla/5.0 (X11; Linux x86_64) AppleWebKit/537.36 (KHTML, like Gecko) Chrome/61.0.3163.79 Safari/537.36"
94.23.203.52 - - [09/Oct/2022:04:41:24 +0200] "GET /-p-31110.html HTTP/1.0" 200 72248 "-" "Mozilla/5.0 (compatible; MJ12bot/v1.4.8; http://mj12bot.com/)"
185.191.171.2 - - [09/Oct/2022:04:41:27 +0200] "GET /captain-hook-figure-p-2870.html?action=add_product HTTP/1.0" 301 476 "-" "Mozilla/5.0 (compatible; SemrushBot/7~bl; +http://www.semrush.com/bot.html)"
64.124.8.31 - - [09/Oct/2022:04:41:28 +0200] "GET /monet-candle-holders-p-53530.html HTTP/1.0" 200 75806 "-" "Mozilla/5.0 (X11; Linux x86_64) AppleWebKit/537.36 (KHTML, like Gecko) Chrome/61.0.3163.79 Safari/537.36"
185.191.171.42 - - [09/Oct/2022:04:41:28 +0200] "GET /wooden-deco-plate-crossing-theme-p-41098.html HTTP/1.0" 200 72370 "-" "Mozilla/5.0 (compatible; SemrushBot/7~bl; +http://www.semrush.com/bot.html)"
94.23.203.52 - - [09/Oct/2022:04:41:32 +0200] "GET /minnie-mouse-dress-p-31111.html HTTP/1.0" 301 72315 "-" "Mozilla/5.0 (compatible; MJ12bot/v1.4.8; http://mj12bot.com/)"
94.23.203.52 - - [09/Oct/2022:04:41:36 +0200] "GET /-p-31111.html HTTP/1.0" 200 72248 "-" "Mozilla/5.0 (compatible; MJ12bot/v1.4.8; http://mj12bot.com/)"
94.23.203.52 - - [09/Oct/2022:04:41:42 +0200] "GET /minnie-mouse-figurine-ornement-collection-disney-traditions-p-12116.html HTTP/1.0" 301 72315 "-" "Mozilla/5.0 (compatible; MJ12bot/v1.4.8; http://mj12bot.com/)"
185.191.171.24 - - [09/Oct/2022:04:41:46 +0200] "GET /large-p-37072.html?action=add_product HTTP/1.0" 302 476 "-" "Mozilla/5.0 (compatible; SemrushBot/7~bl; +http://www.semrush.com/bot.html)"
94.23.203.52 - - [09/Oct/2022:04:41:47 +0200] "GET /-p-12116.html HTTP/1.0" 200 72248 "-" "Mozilla/5.0 (compatible; MJ12bot/v1.4.8; http://mj12bot.com/)"
94.23.203.52 - - [09/Oct/2022:04:41:52 +0200] "GET /minnie-mouse-figurine-ornement-collection-disney-traditions-p-17332.html HTTP/1.0" 301 72315 "-" "Mozilla/5.0 (compatible; MJ12bot/v1.4.8; http://mj12bot.com/)"
185.191.171.44 - - [09/Oct/2022:04:41:53 +0200] "GET /retro-ceramic-flatware-beer-p-42150.html?action=add_product HTTP/1.0" 302 476 "-" "Mozilla/5.0 (compatible; SemrushBot/7~bl; +http://www.semrush.com/bot.html)"
64.124.8.31 - - [09/Oct/2022:04:41:54 +0200] "GET /resin-lion-statue-p-48002.html HTTP/1.0" 200 72306 "-" "Mozilla/5.0 (X11; Linux x86_64) AppleWebKit/537.36 (KHTML, like Gecko) Chrome/61.0.3163.79 Safari/537.36"
185.191.171.37 - - [09/Oct/2022:04:41:55 +0200] "GET /small-tinbox-rtro-motorcycle-p-41349.html?action=add_product HTTP/1.0" 301 476 "-" "Mozilla/5.0 (compatible; SemrushBot/7~bl; +http://www.semrush.com/bot.html)"
94.23.203.52 - - [09/Oct/2022:04:42:00 +0200] "GET /-p-17332.html HTTP/1.0" 200 72248 "-" "Mozilla/5.0 (compatible; MJ12bot/v1.4.8; http://mj12bot.com/)"
157.55.39.28 - - [09/Oct/2022:04:42:01 +0200] "GET /images/big_prod_3/3660173233659b.jpg HTTP/1.0" 200 271 "-" "Mozilla/5.0 (compatible; bingbot/2.0; +http://www.bing.com/bingbot.htm)"
185.191.171.10 - - [09/Oct/2022:04:42:00 +0200] "GET /-p-6923.html HTTP/1.0" 200 72246 "-" "Mozilla/5.0 (compatible; SemrushBot/7~bl; +http://www.semrush.com/bot.html)"
94.23.203.52 - - [09/Oct/2022:04:42:08 +0200] "GET /minnie-mouse-friends-journal-p-26053.html HTTP/1.0" 200 75257 "-" "Mozilla/5.0 (compatible; MJ12bot/v1.4.8; http://mj12bot.com/)"
185.191.171.16 - - [09/Oct/2022:04:42:10 +0200] "GET /gund-boo-plush-13-cm-p-44581.html HTTP/1.0" 301 74995 "-" "Mozilla/5.0 (compatible; SemrushBot/7~bl; +http://www.semrush.com/bot.html)"
94.23.203.52 - - [09/Oct/2022:04:42:11 +0200] "GET /minnie-mouse-hello-my-friend-figure-collection-p-14773.html HTTP/1.0" 301 72315 "-" "Mozilla/5.0 (compatible; MJ12bot/v1.4.8; http://mj12bot.com/)"
185.191.171.2 - - [09/Oct/2022:04:42:13 +0200] "GET /-p-17538.html?action=add_product HTTP/1.0" 302 476 "-" "Mozilla/5.0 (compatible; SemrushBot/7~bl; +http://www.semrush.com/bot.html)"
94.23.203.52 - - [09/Oct/2022:04:42:15 +0200] "GET /-p-14773.html HTTP/1.0" 200 72248 "-" "Mozilla/5.0 (compatible; MJ12bot/v1.4.8; http://mj12bot.com/)"
185.191.171.13 - - [09/Oct/2022:04:42:16 +0200] "GET /gund-plush-p-44581.html HTTP/1.0" 200 74918 "-" "Mozilla/5.0 (compatible; SemrushBot/7~bl; +http://www.semrush.com/bot.html)"
185.191.171.15 - - [09/Oct/2022:04:42:20 +0200] "GET /om-mug-p-47389.html?action=add_product HTTP/1.0" 302 476 "-" "Mozilla/5.0 (compatible; SemrushBot/7~bl; +http://www.semrush.com/bot.html)"
94.23.203.52 - - [09/Oct/2022:04:42:24 +0200] "GET /minnie-mouse-large-disney-suitcase-p-31211.html HTTP/1.0" 301 72315 "-" "Mozilla/5.0 (compatible; MJ12bot/v1.4.8; http://mj12bot.com/)"
94.23.203.52 - - [09/Oct/2022:04:42:34 +0200] "GET /-p-31211.html HTTP/1.0" 200 72248 "-" "Mozilla/5.0 (compatible; MJ12bot/v1.4.8; http://mj12bot.com/)"
64.124.8.31 - - [09/Oct/2022:04:42:37 +0200] "GET /butterfly-wall-decoration-24-19-cm-pink-model-p-47398.html HTTP/1.0" 301 72315 "-" "Mozilla/5.0 (X11; Linux x86_64) AppleWebKit/537.36 (KHTML, like Gecko) Chrome/61.0.3163.79 Safari/537.36"
185.191.171.33 - - [09/Oct/2022:04:42:38 +0200] "GET /model-push-pencil-eraser-p-24980.html?action=add_product HTTP/1.0" 302 476 "-" "Mozilla/5.0 (compatible; SemrushBot/7~bl; +http://www.semrush.com/bot.html)"
94.23.203.52 - - [09/Oct/2022:04:42:44 +0200] "GET /minnie-mouse-large-expandable-backpack-p-19678.html HTTP/1.0" 200 75227 "-" "Mozilla/5.0 (compatible; MJ12bot/v1.4.8; http://mj12bot.com/)"
54.36.149.104 - - [09/Oct/2022:04:42:45 +0200] "GET /terracotta-soldier-statue-emperor-large-model-p-50015.html HTTP/1.0" 200 72432 "-" "Mozilla/5.0 (compatible; AhrefsBot/7.0; +http://ahrefs.com/robot/)"
66.249.64.246 - - [09/Oct/2022:04:42:49 +0200] "GET /images/med_prod/5701359740948.jpg HTTP/1.0" 200 268 "-" "Googlebot-Image/1.0"
185.191.171.24 - - [09/Oct/2022:04:42:49 +0200] "GET /bells-metal-chime-p-42070.html?action=add_product HTTP/1.0" 302 476 "-" "Mozilla/5.0 (compatible; SemrushBot/7~bl; +http://www.semrush.com/bot.html)"
43.128.113.155 - - [09/Oct/2022:04:42:52 +0200] "GET /images/mini_prod/8422088054812.jpg HTTP/1.0" 200 269 "-" "Mozilla/5.0 (Macintoosh; Intel Mac OS X 10_14_68) AppleWebKit/538.36 (KHTML, like Gecko) Chrome/76.0.3904.97 Safari/537.36"
94.23.203.52 - - [09/Oct/2022:04:42:52 +0200] "GET /minnie-mouse-large-metal-box-p-26704.html HTTP/1.0" 301 75121 "-" "Mozilla/5.0 (compatible; MJ12bot/v1.4.8; http://mj12bot.com/)"
51.68.224.127 - - [09/Oct/2022:04:42:53 +0200] "GET /adminweb/export_orders_xml.php?token=256de2z6edz6ed2z6DFSFsed2zed6zeDSFDSGdzedezfzf&maxorders=10&orderstart=1&status=14&start_date=2018-10-01 HTTP/1.0" 200 285 "-" "GesCom CharlotteBoutik Serveur"
51.68.224.127 - - [09/Oct/2022:04:42:53 +0200] "GET /adminweb/export_orders_xml.php?token=256de2z6edz6ed2z6DFSFsed2zed6zeDSFDSGdzedezfzf&maxorders=10&orderstart=1&status=6&start_date=2018-10-01 HTTP/1.0" 200 33985 "-" "GesCom CharlotteBoutik Serveur"
173.252.83.12 - - [09/Oct/2022:04:42:59 +0200] "GET /images/mini_prod/3665269063257p.jpg HTTP/1.0" 200 270 "-" "facebookexternalhit/1.1 (+http://www.facebook.com/externalhit_uatext.php)"
94.23.203.52 - - [09/Oct/2022:04:42:59 +0200] "GET /minnie-mouse-large-metal-p-26704.html HTTP/1.0" 200 75030 "-" "Mozilla/5.0 (compatible; MJ12bot/v1.4.8; http://mj12bot.com/)"
18.191.220.75 - - [09/Oct/2022:04:43:04 +0200] "GET /images/mini_prod/8424001278886.jpg HTTP/1.0" 200 269 "-" "Mozilla/5.0 (X11; Ubuntu; Linux x86_64; rv:72.0) Gecko/20100101 Firefox/72.0"
185.191.171.21 - - [09/Oct/2022:04:43:06 +0200] "GET /tinted-candle-mass-silver-color-p-48934.html HTTP/1.0" 301 74760 "-" "Mozilla/5.0 (compatible; SemrushBot/7~bl; +http://www.semrush.com/bot.html)"
94.23.203.52 - - [09/Oct/2022:04:43:09 +0200] "GET /minnie-mouse-large-metal-p-26704.html HTTP/1.0" 200 75030 "-" "Mozilla/5.0 (compatible; MJ12bot/v1.4.8; http://mj12bot.com/)"
185.191.171.12 - - [09/Oct/2022:04:43:09 +0200] "GET /tinted-candle-silver-color-p-48934.html HTTP/1.0" 200 74667 "-" "Mozilla/5.0 (compatible; SemrushBot/7~bl; +http://www.semrush.com/bot.html)"
185.191.171.9 - - [09/Oct/2022:04:43:13 +0200] "GET /gorjuss-dear-alice-sketchbook-p-30467.html HTTP/1.0" 301 72315 "-" "Mozilla/5.0 (compatible; SemrushBot/7~bl; +http://www.semrush.com/bot.html)"
185.191.171.19 - - [09/Oct/2022:04:43:17 +0200] "GET /-p-30467.html HTTP/1.0" 200 72248 "-" "Mozilla/5.0 (compatible; SemrushBot/7~bl; +http://www.semrush.com/bot.html)"
66.249.64.242 - - [09/Oct/2022:04:43:20 +0200] "GET /images/big_prod_1/3700572774206b.jpg HTTP/1.0" 200 271 "-" "Googlebot-Image/1.0"
94.23.203.52 - - [09/Oct/2022:04:43:22 +0200] "GET /minnie-mouse-little-suitcase-p-20608.html HTTP/1.0" 301 72315 "-" "Mozilla/5.0 (compatible; MJ12bot/v1.4.8; http://mj12bot.com/)"
185.191.171.3 - - [09/Oct/2022:04:43:28 +0200] "GET /disney-lion-king-glitter-ball-p-53159.html?action=add_product HTTP/1.0" 302 476 "-" "Mozilla/5.0 (compatible; SemrushBot/7~bl; +http://www.semrush.com/bot.html)"
94.23.203.52 - - [09/Oct/2022:04:43:29 +0200] "GET /-p-20608.html HTTP/1.0" 200 72248 "-" "Mozilla/5.0 (compatible; MJ12bot/v1.4.8; http://mj12bot.com/)"
64.124.8.31 - - [09/Oct/2022:04:43:43 +0200] "GET /scooter-wiper-coconut-fibers-p-46220.html HTTP/1.0" 200 72354 "-" "Mozilla/5.0 (X11; Linux x86_64) AppleWebKit/537.36 (KHTML, like Gecko) Chrome/61.0.3163.79 Safari/537.36"
94.23.203.52 - - [09/Oct/2022:04:43:46 +0200] "GET /minnie-mouse-metal-box-p-26703.html HTTP/1.0" 301 75060 "-" "Mozilla/5.0 (compatible; MJ12bot/v1.4.8; http://mj12bot.com/)"
185.191.171.24 - - [09/Oct/2022:04:43:56 +0200] "GET /johnny-hallyday-decorative-wood-plaque-p-43490.html HTTP/1.0" 200 75053 "-" "Mozilla/5.0 (compatible; SemrushBot/7~bl; +http://www.semrush.com/bot.html)"
94.23.203.52 - - [09/Oct/2022:04:43:57 +0200] "GET /minnie-mouse-metal-p-26703.html HTTP/1.0" 200 74975 "-" "Mozilla/5.0 (compatible; MJ12bot/v1.4.8; http://mj12bot.com/)"
185.191.171.42 - - [09/Oct/2022:04:43:59 +0200] "GET /insulated-bottle-planet-p-58208.html?action=add_product HTTP/1.0" 302 476 "-" "Mozilla/5.0 (compatible; SemrushBot/7~bl; +http://www.semrush.com/bot.html)"
94.23.203.52 - - [09/Oct/2022:04:44:09 +0200] "GET /minnie-mouse-metal-p-26703.html HTTP/1.0" 200 74975 "-" "Mozilla/5.0 (compatible; MJ12bot/v1.4.8; http://mj12bot.com/)"
94.23.203.52 - - [09/Oct/2022:04:44:14 +0200] "GET /minnie-mouse-milk-p-27655.html HTTP/1.0" 200 74988 "-" "Mozilla/5.0 (compatible; MJ12bot/v1.4.8; http://mj12bot.com/)"
64.124.8.31 - - [09/Oct/2022:04:44:17 +0200] "GET /dubout-cats-cookie-jar-p-40059.html HTTP/1.0" 301 72315 "-" "Mozilla/5.0 (X11; Linux x86_64) AppleWebKit/537.36 (KHTML, like Gecko) Chrome/61.0.3163.79 Safari/537.36"
94.23.203.52 - - [09/Oct/2022:04:44:29 +0200] "GET /minnie-mouse-mug-milk-p-27655.html HTTP/1.0" 301 75072 "-" "Mozilla/5.0 (compatible; MJ12bot/v1.4.8; http://mj12bot.com/)"
185.191.171.17 - - [09/Oct/2022:04:44:32 +0200] "GET /dubout-cats-white-p-41023.html?action=add_product HTTP/1.0" 302 476 "-" "Mozilla/5.0 (compatible; SemrushBot/7~bl; +http://www.semrush.com/bot.html)"
94.23.203.52 - - [09/Oct/2022:04:44:43 +0200] "GET /minnie-mouse-milk-p-27655.html HTTP/1.0" 200 74988 "-" "Mozilla/5.0 (compatible; MJ12bot/v1.4.8; http://mj12bot.com/)"
185.191.171.15 - - [09/Oct/2022:04:44:46 +0200] "GET /copper-color-leopard-statuette-p-54260.html?action=add_product HTTP/1.0" 302 476 "-" "Mozilla/5.0 (compatible; SemrushBot/7~bl; +http://www.semrush.com/bot.html)"
64.124.8.31 - - [09/Oct/2022:04:44:46 +0200] "GET /vanity-by-teo-jasmin-teo-boho-p-43149.html HTTP/1.0" 301 72315 "-" "Mozilla/5.0 (X11; Linux x86_64) AppleWebKit/537.36 (KHTML, like Gecko) Chrome/61.0.3163.79 Safari/537.36"
54.36.148.221 - - [09/Oct/2022:04:44:49 +0200] "GET /decorations-c-13_89.html?page=1 HTTP/1.0" 200 93872 "-" "Mozilla/5.0 (compatible; AhrefsBot/7.0; +http://ahrefs.com/robot/)"
94.23.203.52 - - [09/Oct/2022:04:44:57 +0200] "GET /minnie-mouse-my-friends-journal-p-26053.html HTTP/1.0" 301 75352 "-" "Mozilla/5.0 (compatible; MJ12bot/v1.4.8; http://mj12bot.com/)"
94.23.203.52 - - [09/Oct/2022:04:45:03 +0200] "GET /minnie-mouse-friends-journal-p-26053.html HTTP/1.0" 200 75257 "-" "Mozilla/5.0 (compatible; MJ12bot/v1.4.8; http://mj12bot.com/)"
64.124.8.31 - - [09/Oct/2022:04:45:06 +0200] "GET /ninuncios.com/-1/anuncios/12-Tarot/55-Tarot/87217-RECUPERA-AL-SER-QUE-AMAS-SI-NING-N-DA-O-ANGELA-PAZ-51987511008.html HTTP/1.0" 404 1308 "-" "Mozilla/5.0 (X11; Linux x86_64) AppleWebKit/537.36 (KHTML, like Gecko) Chrome/61.0.3163.79 Safari/537.36"
94.23.203.52 - - [09/Oct/2022:04:45:12 +0200] "GET /minnie-mouse-my-love-figure-collection-p-13281.html HTTP/1.0" 301 72315 "-" "Mozilla/5.0 (compatible; MJ12bot/v1.4.8; http://mj12bot.com/)"
94.23.203.52 - - [09/Oct/2022:04:45:20 +0200] "GET /-p-13281.html HTTP/1.0" 200 72248 "-" "Mozilla/5.0 (compatible; MJ12bot/v1.4.8; http://mj12bot.com/)"
64.124.8.31 - - [09/Oct/2022:04:45:21 +0200] "GET /disney-princess-metal-p-26697.html HTTP/1.0" 200 74994 "-" "Mozilla/5.0 (X11; Linux x86_64) AppleWebKit/537.36 (KHTML, like Gecko) Chrome/61.0.3163.79 Safari/537.36"
185.191.171.7 - - [09/Oct/2022:04:45:23 +0200] "GET /cushion-cover-dandelion-p-55152.html HTTP/1.0" 200 72332 "-" "Mozilla/5.0 (compatible; SemrushBot/7~bl; +http://www.semrush.com/bot.html)"
94.23.203.52 - - [09/Oct/2022:04:45:34 +0200] "GET /mint-diabolo-kitchen-towel-50-70-cm-p-44420.html HTTP/1.0" 301 75028 "-" "Mozilla/5.0 (compatible; MJ12bot/v1.4.8; http://mj12bot.com/)"
94.23.203.52 - - [09/Oct/2022:04:45:37 +0200] "GET /mint-diabolo-kitchen-towel-p-44420.html HTTP/1.0" 200 74935 "-" "Mozilla/5.0 (compatible; MJ12bot/v1.4.8; http://mj12bot.com/)"
185.191.171.38 - - [09/Oct/2022:04:45:42 +0200] "GET /purse-leather-purse-navy-anchor-gray-p-47352.html?action=add_product HTTP/1.0" 302 476 "-" "Mozilla/5.0 (compatible; SemrushBot/7~bl; +http://www.semrush.com/bot.html)"
185.191.171.34 - - [09/Oct/2022:04:45:44 +0200] "GET /-p-45257.html?action=add_product HTTP/1.0" 302 476 "-" "Mozilla/5.0 (compatible; SemrushBot/7~bl; +http://www.semrush.com/bot.html)"
185.191.171.23 - - [09/Oct/2022:04:45:46 +0200] "GET /keep-calm-shooters-p-27587.html HTTP/1.0" 200 74881 "-" "Mozilla/5.0 (compatible; SemrushBot/7~bl; +http://www.semrush.com/bot.html)"
64.124.8.31 - - [09/Oct/2022:04:45:46 +0200] "GET /cotton-napkin-sold-individually-45-45-cm-p-51265.html HTTP/1.0" 301 75790 "-" "Mozilla/5.0 (X11; Linux x86_64) AppleWebKit/537.36 (KHTML, like Gecko) Chrome/61.0.3163.79 Safari/537.36"
94.23.203.52 - - [09/Oct/2022:04:45:48 +0200] "GET /mint-diabolo-kitchen-towel-p-44420.html HTTP/1.0" 200 74935 "-" "Mozilla/5.0 (compatible; MJ12bot/v1.4.8; http://mj12bot.com/)"
185.191.171.35 - - [09/Oct/2022:04:45:57 +0200] "GET /robots.txt HTTP/1.0" 200 245 "-" "Mozilla/5.0 (compatible; SemrushBot/7~bl; +http://www.semrush.com/bot.html)"
185.191.171.42 - - [09/Oct/2022:04:45:56 +0200] "GET /vintage-metal-wood-clock-p-49596.html HTTP/1.0" 200 72354 "-" "Mozilla/5.0 (compatible; SemrushBot/7~bl; +http://www.semrush.com/bot.html)"
94.23.203.52 - - [09/Oct/2022:04:45:59 +0200] "GET /mouse-cbkreation-p-23325.html HTTP/1.0" 200 74913 "-" "Mozilla/5.0 (compatible; MJ12bot/v1.4.8; http://mj12bot.com/)"
185.191.171.14 - - [09/Oct/2022:04:45:59 +0200] "GET /hedgehogs-tisanire-p-42270.html HTTP/1.0" 301 72315 "-" "Mozilla/5.0 (compatible; SemrushBot/7~bl; +http://www.semrush.com/bot.html)"
185.191.171.4 - - [09/Oct/2022:04:46:04 +0200] "GET /mini-bright-christmas-p-38256.html?action=add_product HTTP/1.0" 302 476 "-" "Mozilla/5.0 (compatible; SemrushBot/7~bl; +http://www.semrush.com/bot.html)"
94.23.203.52 - - [09/Oct/2022:04:46:04 +0200] "GET /mug-with-infuser-for-tea-cutty-p-47847.html HTTP/1.0" 301 72407 "-" "Mozilla/5.0 (compatible; MJ12bot/v1.4.8; http://mj12bot.com/)"
185.191.171.45 - - [09/Oct/2022:04:46:05 +0200] "GET /-p-42270.html HTTP/1.0" 200 72248 "-" "Mozilla/5.0 (compatible; SemrushBot/7~bl; +http://www.semrush.com/bot.html)"
94.23.203.52 - - [09/Oct/2022:04:46:11 +0200] "GET /with-infuser-cutty-p-47847.html HTTP/1.0" 200 72322 "-" "Mozilla/5.0 (compatible; MJ12bot/v1.4.8; http://mj12bot.com/)"
185.191.171.8 - - [09/Oct/2022:04:46:18 +0200] "GET /little-prince-rose-figurine-p-54991.html HTTP/1.0" 200 72354 "-" "Mozilla/5.0 (compatible; SemrushBot/7~bl; +http://www.semrush.com/bot.html)"
185.191.171.43 - - [09/Oct/2022:04:46:22 +0200] "GET /corsica-metal-plate-p-52507.html?action=add_product HTTP/1.0" 302 476 "-" "Mozilla/5.0 (compatible; SemrushBot/7~bl; +http://www.semrush.com/bot.html)"
185.191.171.39 - - [09/Oct/2022:04:46:23 +0200] "GET /disney-frozen-olaf-large-bag-p-31219.html HTTP/1.0" 301 72433 "-" "Mozilla/5.0 (compatible; SemrushBot/7~bl; +http://www.semrush.com/bot.html)"
94.23.203.52 - - [09/Oct/2022:04:46:22 +0200] "GET /mug-with-infuser-for-tea-keya-p-47848.html HTTP/1.0" 301 75025 "-" "Mozilla/5.0 (compatible; MJ12bot/v1.4.8; http://mj12bot.com/)"
185.191.171.34 - - [09/Oct/2022:04:46:28 +0200] "GET /bamboo-fiber-plant-cover-p-54248.html HTTP/1.0" 200 72334 "-" "Mozilla/5.0 (compatible; SemrushBot/7~bl; +http://www.semrush.com/bot.html)"
94.23.203.52 - - [09/Oct/2022:04:46:29 +0200] "GET /with-infuser-keya-p-47848.html HTTP/1.0" 200 74941 "-" "Mozilla/5.0 (compatible; MJ12bot/v1.4.8; http://mj12bot.com/)"
185.191.171.1 - - [09/Oct/2022:04:46:32 +0200] "GET /disney-frozen-olaf-large-p-31219.html HTTP/1.0" 200 72342 "-" "Mozilla/5.0 (compatible; SemrushBot/7~bl; +http://www.semrush.com/bot.html)"
94.23.203.52 - - [09/Oct/2022:04:46:38 +0200] "GET /mug-with-infuser-for-tea-toucan-p-47850.html HTTP/1.0" 301 75631 "-" "Mozilla/5.0 (compatible; MJ12bot/v1.4.8; http://mj12bot.com/)"
185.191.171.45 - - [09/Oct/2022:04:46:41 +0200] "GET /tinted-candle-mass-blue-p-58251.html HTTP/1.0" 200 75554 "-" "Mozilla/5.0 (compatible; SemrushBot/7~bl; +http://www.semrush.com/bot.html)"
93.158.161.6 - - [09/Oct/2022:04:46:46 +0200] "GET /images/3438100339329.jpg HTTP/1.0" 200 259 "-" "Mozilla/5.0 (compatible; YandexImages/3.0; +http://yandex.com/bots)"
94.23.203.52 - - [09/Oct/2022:04:46:44 +0200] "GET /with-infuser-toucan-p-47850.html HTTP/1.0" 200 75545 "-" "Mozilla/5.0 (compatible; MJ12bot/v1.4.8; http://mj12bot.com/)"
54.36.148.130 - - [09/Oct/2022:04:46:52 +0200] "GET /birds-small-ashtray-p-45762.html HTTP/1.0" 200 74905 "-" "Mozilla/5.0 (compatible; AhrefsBot/7.0; +http://ahrefs.com/robot/)"
185.191.171.10 - - [09/Oct/2022:04:47:01 +0200] "GET /cuba-cork-coaster-p-40268.html HTTP/1.0" 200 74817 "-" "Mozilla/5.0 (compatible; SemrushBot/7~bl; +http://www.semrush.com/bot.html)"
18.191.220.75 - - [09/Oct/2022:04:47:13 +0200] "GET /images/mini_prod/8033667001174.jpg HTTP/1.0" 200 269 "-" "Mozilla/5.0 (X11; Ubuntu; Linux x86_64; rv:72.0) Gecko/20100101 Firefox/72.0"
94.23.203.52 - - [09/Oct/2022:04:46:54 +0200] "GET /mug-with-tea-infuser-c-12_221.html?page=1 HTTP/1.0" 301 93306 "-" "Mozilla/5.0 (compatible; MJ12bot/v1.4.8; http://mj12bot.com/)"
94.23.203.52 - - [09/Oct/2022:04:47:10 +0200] "GET /with-infuser-c-221.html?page=1 HTTP/1.0" 301 93205 "-" "Mozilla/5.0 (compatible; MJ12bot/v1.4.8; http://mj12bot.com/)"
66.249.64.244 - - [09/Oct/2022:04:47:25 +0200] "GET /images/big_prod_1/8445148012737a.jpg HTTP/1.0" 200 271 "-" "Googlebot-Image/1.0"
185.191.171.15 - - [09/Oct/2022:04:47:28 +0200] "GET /paperweight-p-53804.html?action=add_product HTTP/1.0" 302 476 "-" "Mozilla/5.0 (compatible; SemrushBot/7~bl; +http://www.semrush.com/bot.html)"
64.124.8.31 - - [09/Oct/2022:04:47:36 +0200] "GET /luminous-figurine-castle-sleeping-beauty-p-56307.html HTTP/1.0" 200 75884 "-" "Mozilla/5.0 (X11; Linux x86_64) AppleWebKit/537.36 (KHTML, like Gecko) Chrome/61.0.3163.79 Safari/537.36"
78.60.206.195 - - [09/Oct/2022:04:47:41 +0200] "GET /images/mini_prod/8412497371747.jpg HTTP/1.0" 200 269 "-" "Mozilla/5.0 (X11; Ubuntu; Linux x86_64; rv:72.0) Gecko/20100101 Firefox/72.0"
173.252.83.24 - - [09/Oct/2022:04:47:42 +0200] "GET /images/mini_prod/8006180201956.jpg HTTP/1.0" 200 269 "-" "facebookexternalhit/1.1 (+http://www.facebook.com/externalhit_uatext.php)"
94.23.203.52 - - [09/Oct/2022:04:47:17 +0200] "GET /with-infuser-c-12_221.html?page=1 HTTP/1.0" 200 93222 "-" "Mozilla/5.0 (compatible; MJ12bot/v1.4.8; http://mj12bot.com/)"
66.249.64.242 - - [09/Oct/2022:04:47:44 +0200] "GET /gold-black-elephant-table-lamp-p-54692.html HTTP/1.0" 200 75660 "-" "Mozilla/5.0 (compatible; Googlebot/2.1; +http://www.google.com/bot.html)"
185.191.171.22 - - [09/Oct/2022:04:47:48 +0200] "GET /-p-38521.html?action=add_product HTTP/1.0" 302 476 "-" "Mozilla/5.0 (compatible; SemrushBot/7~bl; +http://www.semrush.com/bot.html)"
185.191.171.1 - - [09/Oct/2022:04:47:52 +0200] "GET /kwan-metal-bell-p-47242.html?action=add_product HTTP/1.0" 302 476 "-" "Mozilla/5.0 (compatible; SemrushBot/7~bl; +http://www.semrush.com/bot.html)"
66.249.64.242 - - [09/Oct/2022:04:47:48 +0200] "GET /amazon-zippo-lighter-p-49096.html HTTP/1.0" 200 77967 "-" "Mozilla/5.0 (Linux; Android 6.0.1; Nexus 5X Build/MMB29P) AppleWebKit/537.36 (KHTML, like Gecko) Chrome/105.0.5195.125 Mobile Safari/537.36 (compatible; Googlebot/2.1; +http://www.google.com/bot.html)"
185.191.171.40 - - [09/Oct/2022:04:48:01 +0200] "GET /decorative-boomerang-taurus-p-50672.html?action=add_product HTTP/1.0" 302 476 "-" "Mozilla/5.0 (compatible; SemrushBot/7~bl; +http://www.semrush.com/bot.html)"
94.23.203.52 - - [09/Oct/2022:04:47:47 +0200] "GET /mug-with-tea-infuser-c-12_221.html?page=2 HTTP/1.0" 301 93736 "-" "Mozilla/5.0 (compatible; MJ12bot/v1.4.8; http://mj12bot.com/)"
94.23.203.52 - - [09/Oct/2022:04:48:02 +0200] "GET /with-infuser-c-221.html?page=2 HTTP/1.0" 301 93635 "-" "Mozilla/5.0 (compatible; MJ12bot/v1.4.8; http://mj12bot.com/)"
185.191.171.16 - - [09/Oct/2022:04:48:16 +0200] "GET /hanbag-diva-metal-plate-deco-p-34293.html?action=add_product HTTP/1.0" 302 476 "-" "Mozilla/5.0 (compatible; SemrushBot/7~bl; +http://www.semrush.com/bot.html)"
94.23.203.52 - - [09/Oct/2022:04:48:07 +0200] "GET /with-infuser-c-12_221.html?page=2 HTTP/1.0" 200 93652 "-" "Mozilla/5.0 (compatible; MJ12bot/v1.4.8; http://mj12bot.com/)"
54.36.148.128 - - [09/Oct/2022:04:48:47 +0200] "GET /white-metal-umbrella-stand-p-59110.html HTTP/1.0" 200 75562 "-" "Mozilla/5.0 (compatible; AhrefsBot/7.0; +http://ahrefs.com/robot/)"
94.23.203.52 - - [09/Oct/2022:04:48:32 +0200] "GET /mug-with-tea-infuser-c-12_221.html?page=3 HTTP/1.0" 301 94180 "-" "Mozilla/5.0 (compatible; MJ12bot/v1.4.8; http://mj12bot.com/)"
94.23.203.52 - - [09/Oct/2022:04:48:45 +0200] "GET /with-infuser-c-221.html?page=3 HTTP/1.0" 301 94079 "-" "Mozilla/5.0 (compatible; MJ12bot/v1.4.8; http://mj12bot.com/)"
185.191.171.44 - - [09/Oct/2022:04:48:59 +0200] "GET /bells-metal-chime-p-42072.html?action=add_product HTTP/1.0" 302 476 "-" "Mozilla/5.0 (compatible; SemrushBot/7~bl; +http://www.semrush.com/bot.html)"
64.124.8.31 - - [09/Oct/2022:04:49:01 +0200] "GET /plush-penguin-yoopy-star-p-42701.html HTTP/1.0" 200 75012 "-" "Mozilla/5.0 (X11; Linux x86_64) AppleWebKit/537.36 (KHTML, like Gecko) Chrome/61.0.3163.79 Safari/537.36"
66.249.64.244 - - [09/Oct/2022:04:49:05 +0200] "GET /mickey-mouse-farming-friends-stationery-holder-p-19618.html HTTP/1.0" 200 75300 "-" "Mozilla/5.0 (Linux; Android 6.0.1; Nexus 5X Build/MMB29P) AppleWebKit/537.36 (KHTML, like Gecko) Chrome/105.0.5195.125 Mobile Safari/537.36 (compatible; Googlebot/2.1; +http://www.google.com/bot.html)"
94.23.203.52 - - [09/Oct/2022:04:48:50 +0200] "GET /with-infuser-c-12_221.html?page=3 HTTP/1.0" 200 94096 "-" "Mozilla/5.0 (compatible; MJ12bot/v1.4.8; http://mj12bot.com/)"
64.124.8.31 - - [09/Oct/2022:04:49:12 +0200] "GET /porcelain-with-infuser-p-48054.html HTTP/1.0" 200 74910 "-" "Mozilla/5.0 (X11; Linux x86_64) AppleWebKit/537.36 (KHTML, like Gecko) Chrome/61.0.3163.79 Safari/537.36"
64.124.8.31 - - [09/Oct/2022:04:49:24 +0200] "GET /love-and-peace-black-shirt-p-30149.html HTTP/1.0" 301 76187 "-" "Mozilla/5.0 (X11; Linux x86_64) AppleWebKit/537.36 (KHTML, like Gecko) Chrome/61.0.3163.79 Safari/537.36"
185.191.171.42 - - [09/Oct/2022:04:49:34 +0200] "GET /superman-batman-red-training-bottle-p-35778.html HTTP/1.0" 301 72504 "-" "Mozilla/5.0 (compatible; SemrushBot/7~bl; +http://www.semrush.com/bot.html)"
185.191.171.6 - - [09/Oct/2022:04:49:39 +0200] "GET /-p-31728.html?action=add_product HTTP/1.0" 302 476 "-" "Mozilla/5.0 (compatible; SemrushBot/7~bl; +http://www.semrush.com/bot.html)"
94.23.203.52 - - [09/Oct/2022:04:49:18 +0200] "GET /mug-with-tea-infuser-c-12_221.html?page=4 HTTP/1.0" 301 93780 "-" "Mozilla/5.0 (compatible; MJ12bot/v1.4.8; http://mj12bot.com/)"
185.191.171.41 - - [09/Oct/2022:04:49:42 +0200] "GET /london-p-20082.html HTTP/1.0" 200 74738 "-" "Mozilla/5.0 (compatible; SemrushBot/7~bl; +http://www.semrush.com/bot.html)"
64.124.8.31 - - [09/Oct/2022:04:49:42 +0200] "GET /miss-mindy-jessica-rabbit-vinyl-figurine-p-46501.html HTTP/1.0" 200 75576 "-" "Mozilla/5.0 (X11; Linux x86_64) AppleWebKit/537.36 (KHTML, like Gecko) Chrome/61.0.3163.79 Safari/537.36"
94.23.203.52 - - [09/Oct/2022:04:49:33 +0200] "GET /with-infuser-c-221.html?page=4 HTTP/1.0" 301 93679 "-" "Mozilla/5.0 (compatible; MJ12bot/v1.4.8; http://mj12bot.com/)"
185.191.171.22 - - [09/Oct/2022:04:49:47 +0200] "GET /superman-batman-training-bottle-p-35778.html HTTP/1.0" 200 72406 "-" "Mozilla/5.0 (compatible; SemrushBot/7~bl; +http://www.semrush.com/bot.html)"
64.124.8.31 - - [09/Oct/2022:04:49:53 +0200] "GET /black-ganesh-glass-lamp-p-50578.html HTTP/1.0" 301 72315 "-" "Mozilla/5.0 (X11; Linux x86_64) AppleWebKit/537.36 (KHTML, like Gecko) Chrome/61.0.3163.79 Safari/537.36"
185.191.171.26 - - [09/Oct/2022:04:49:58 +0200] "GET /kimmidoll-dolls-honoka-p-49796.html?action=add_product HTTP/1.0" 302 476 "-" "Mozilla/5.0 (compatible; SemrushBot/7~bl; +http://www.semrush.com/bot.html)"
94.23.203.52 - - [09/Oct/2022:04:49:38 +0200] "GET /with-infuser-c-12_221.html?page=4 HTTP/1.0" 200 93696 "-" "Mozilla/5.0 (compatible; MJ12bot/v1.4.8; http://mj12bot.com/)"
64.124.8.31 - - [09/Oct/2022:04:49:58 +0200] "GET /metal-flask-aperophiles-p-48468.html HTTP/1.0" 200 75511 "-" "Mozilla/5.0 (X11; Linux x86_64) AppleWebKit/537.36 (KHTML, like Gecko) Chrome/61.0.3163.79 Safari/537.36"
185.191.171.35 - - [09/Oct/2022:04:50:04 +0200] "GET /torch-vespa-grey-p-17080.html HTTP/1.0" 301 72315 "-" "Mozilla/5.0 (compatible; SemrushBot/7~bl; +http://www.semrush.com/bot.html)"
185.191.171.42 - - [09/Oct/2022:04:50:09 +0200] "GET /paris-aime-cups-espresso-p-28396.html HTTP/1.0" 301 72315 "-" "Mozilla/5.0 (compatible; SemrushBot/7~bl; +http://www.semrush.com/bot.html)"
185.191.171.14 - - [09/Oct/2022:04:50:14 +0200] "GET /-p-39371.html?action=add_product HTTP/1.0" 302 476 "-" "Mozilla/5.0 (compatible; SemrushBot/7~bl; +http://www.semrush.com/bot.html)"
185.191.171.16 - - [09/Oct/2022:04:50:15 +0200] "GET /-p-28396.html HTTP/1.0" 200 72248 "-" "Mozilla/5.0 (compatible; SemrushBot/7~bl; +http://www.semrush.com/bot.html)"
185.191.171.2 - - [09/Oct/2022:04:50:20 +0200] "GET /espresso-set-museum-collection-p-39755.html HTTP/1.0" 301 75126 "-" "Mozilla/5.0 (compatible; SemrushBot/7~bl; +http://www.semrush.com/bot.html)"
94.23.203.52 - - [09/Oct/2022:04:50:02 +0200] "GET /mug-with-tea-infuser-c-12_221.html?page=5 HTTP/1.0" 301 93640 "-" "Mozilla/5.0 (compatible; MJ12bot/v1.4.8; http://mj12bot.com/)"
64.124.8.31 - - [09/Oct/2022:04:50:24 +0200] "GET /apro-recrute-coasters-p-54549.html HTTP/1.0" 200 75535 "-" "Mozilla/5.0 (X11; Linux x86_64) AppleWebKit/537.36 (KHTML, like Gecko) Chrome/61.0.3163.79 Safari/537.36"
185.191.171.15 - - [09/Oct/2022:04:50:25 +0200] "GET /espresso-museum-collection-p-39755.html HTTP/1.0" 200 75033 "-" "Mozilla/5.0 (compatible; SemrushBot/7~bl; +http://www.semrush.com/bot.html)"
94.23.203.52 - - [09/Oct/2022:04:50:19 +0200] "GET /with-infuser-c-221.html?page=5 HTTP/1.0" 301 93539 "-" "Mozilla/5.0 (compatible; MJ12bot/v1.4.8; http://mj12bot.com/)"
185.191.171.8 - - [09/Oct/2022:04:50:31 +0200] "GET /placemat-kiub-collection-amys-cushion-p-55911.html HTTP/1.0" 200 78809 "-" "Mozilla/5.0 (compatible; SemrushBot/7~bl; +http://www.semrush.com/bot.html)"
185.191.171.42 - - [09/Oct/2022:04:50:36 +0200] "GET /-p-17080.html HTTP/1.0" 200 72248 "-" "Mozilla/5.0 (compatible; SemrushBot/7~bl; +http://www.semrush.com/bot.html)"
185.191.171.23 - - [09/Oct/2022:04:50:40 +0200] "GET /leather-and-anchor-bracelet-for-men-p-43754.html HTTP/1.0" 301 75008 "-" "Mozilla/5.0 (compatible; SemrushBot/7~bl; +http://www.semrush.com/bot.html)"
185.191.171.15 - - [09/Oct/2022:04:50:45 +0200] "GET /chest-wood-whitened-p-48071.html?action=add_product HTTP/1.0" 302 476 "-" "Mozilla/5.0 (compatible; SemrushBot/7~bl; +http://www.semrush.com/bot.html)"
185.191.171.39 - - [09/Oct/2022:04:50:47 +0200] "GET /-p-48729.html?action=add_product HTTP/1.0" 302 476 "-" "Mozilla/5.0 (compatible; SemrushBot/7~bl; +http://www.semrush.com/bot.html)"
94.23.203.52 - - [09/Oct/2022:04:50:23 +0200] "GET /with-infuser-c-12_221.html?page=5 HTTP/1.0" 200 93556 "-" "Mozilla/5.0 (compatible; MJ12bot/v1.4.8; http://mj12bot.com/)"
64.124.8.31 - - [09/Oct/2022:04:50:49 +0200] "GET /gift-box-in-wood-towels-30-30-cm-300-gr-m2-p-45273.html HTTP/1.0" 301 72315 "-" "Mozilla/5.0 (X11; Linux x86_64) AppleWebKit/537.36 (KHTML, like Gecko) Chrome/61.0.3163.79 Safari/537.36"
54.36.149.24 - - [09/Oct/2022:04:50:48 +0200] "GET /decoration-world-p-48248.html HTTP/1.0" 200 74929 "-" "Mozilla/5.0 (compatible; AhrefsBot/7.0; +http://ahrefs.com/robot/)"
185.191.171.10 - - [09/Oct/2022:04:50:50 +0200] "GET /leather-anchor-bracelet-p-43754.html HTTP/1.0" 200 74918 "-" "Mozilla/5.0 (compatible; SemrushBot/7~bl; +http://www.semrush.com/bot.html)"
94.23.203.52 - - [09/Oct/2022:04:50:50 +0200] "GET /musical-snowball-night-light-little-prince-p-54628.html HTTP/1.0" 200 75771 "-" "Mozilla/5.0 (compatible; MJ12bot/v1.4.8; http://mj12bot.com/)"
185.191.171.37 - - [09/Oct/2022:04:50:57 +0200] "GET /decorative-figurine-cream-truck-yellow-p-49527.html?action=add_product HTTP/1.0" 302 476 "-" "Mozilla/5.0 (compatible; SemrushBot/7~bl; +http://www.semrush.com/bot.html)"
64.124.8.31 - - [09/Oct/2022:04:50:57 +0200] "GET /small-box-for-baby-teeth-pink-unicorn-p-43013.html HTTP/1.0" 301 75840 "-" "Mozilla/5.0 (X11; Linux x86_64) AppleWebKit/537.36 (KHTML, like Gecko) Chrome/61.0.3163.79 Safari/537.36"
94.23.203.52 - - [09/Oct/2022:04:50:58 +0200] "GET /native-american-herbal-teapot-with-metal-infuser-chabada-collec-p-45719.html HTTP/1.0" 200 75334 "-" "Mozilla/5.0 (compatible; MJ12bot/v1.4.8; http://mj12bot.com/)"
66.249.64.242 - - [09/Oct/2022:04:51:08 +0200] "GET /images/big_prod_1/3700281645842a.jpg HTTP/1.0" 200 271 "-" "Googlebot-Image/1.0"
94.23.203.52 - - [09/Oct/2022:04:51:06 +0200] "GET /nici-pirate-wallet-p-54622.html HTTP/1.0" 200 75038 "-" "Mozilla/5.0 (compatible; MJ12bot/v1.4.8; http://mj12bot.com/)"
185.191.171.16 - - [09/Oct/2022:04:51:22 +0200] "GET /jasmin-large-cabas-racing-grey-p-47000.html?action=add_product HTTP/1.0" 301 476 "-" "Mozilla/5.0 (compatible; SemrushBot/7~bl; +http://www.semrush.com/bot.html)"
185.191.171.42 - - [09/Oct/2022:04:51:24 +0200] "GET /cushion-little-prince-beige-blue-p-59051.html HTTP/1.0" 200 75881 "-" "Mozilla/5.0 (compatible; SemrushBot/7~bl; +http://www.semrush.com/bot.html)"
94.23.203.52 - - [09/Oct/2022:04:51:14 +0200] "GET /night-lights-c-86_278.html?page=1 HTTP/1.0" 200 92529 "-" "Mozilla/5.0 (compatible; MJ12bot/v1.4.8; http://mj12bot.com/)"
66.249.64.242 - - [09/Oct/2022:04:51:30 +0200] "GET /images/big_prod_1/8422026123716B.jpg HTTP/1.0" 200 271 "-" "Googlebot-Image/1.0"
64.124.8.31 - - [09/Oct/2022:04:51:42 +0200] "GET /saucer-p-53821.html HTTP/1.0" 200 75433 "-" "Mozilla/5.0 (X11; Linux x86_64) AppleWebKit/537.36 (KHTML, like Gecko) Chrome/61.0.3163.79 Safari/537.36"
157.55.39.231 - - [09/Oct/2022:04:51:42 +0200] "GET /bakugan-placemat-p-17143.html HTTP/1.0" 200 74918 "-" "Mozilla/5.0 (compatible; bingbot/2.0; +http://www.bing.com/bingbot.htm)"
94.23.203.52 - - [09/Oct/2022:04:51:32 +0200] "GET /night-lights-c-86_278.html?page=2 HTTP/1.0" 200 92501 "-" "Mozilla/5.0 (compatible; MJ12bot/v1.4.8; http://mj12bot.com/)"
185.191.171.1 - - [09/Oct/2022:04:51:44 +0200] "GET /coca-cola-phone-cover-iphone-p-15951.html HTTP/1.0" 200 75797 "-" "Mozilla/5.0 (compatible; SemrushBot/7~bl; +http://www.semrush.com/bot.html)"
94.23.203.52 - - [09/Oct/2022:04:51:51 +0200] "GET /night-lights-c-86_278.html?page=3 HTTP/1.0" 200 82747 "-" "Mozilla/5.0 (compatible; MJ12bot/v1.4.8; http://mj12bot.com/)"
173.252.83.23 - - [09/Oct/2022:04:52:05 +0200] "GET /images/mini_prod/1384010189269.jpg HTTP/1.0" 200 269 "-" "facebookexternalhit/1.1 (+http://www.facebook.com/externalhit_uatext.php)"
94.23.203.52 - - [09/Oct/2022:04:52:01 +0200] "GET /night-lights-c-86_278.html?page=4 HTTP/1.0" 200 82747 "-" "Mozilla/5.0 (compatible; MJ12bot/v1.4.8; http://mj12bot.com/)"
94.23.203.52 - - [09/Oct/2022:04:52:11 +0200] "GET /old-car-mouse-pad-by-cbkreation-p-23325.html HTTP/1.0" 301 74996 "-" "Mozilla/5.0 (compatible; MJ12bot/v1.4.8; http://mj12bot.com/)"
185.191.171.3 - - [09/Oct/2022:04:52:20 +0200] "GET /pencil-pooby-ylvi-minimoomis-p-33972.html?action=add_product HTTP/1.0" 302 476 "-" "Mozilla/5.0 (compatible; SemrushBot/7~bl; +http://www.semrush.com/bot.html)"
94.23.203.52 - - [09/Oct/2022:04:52:17 +0200] "GET /mouse-cbkreation-p-23325.html HTTP/1.0" 200 74913 "-" "Mozilla/5.0 (compatible; MJ12bot/v1.4.8; http://mj12bot.com/)"
64.124.8.31 - - [09/Oct/2022:04:52:21 +0200] "GET /piggy-bank-with-small-hammer-30-years-p-38523.html HTTP/1.0" 301 72315 "-" "Mozilla/5.0 (X11; Linux x86_64) AppleWebKit/537.36 (KHTML, like Gecko) Chrome/61.0.3163.79 Safari/537.36"
94.23.203.52 - - [09/Oct/2022:04:52:23 +0200] "GET /orange-kitchen-towel-50-70-cm-p-44418.html HTTP/1.0" 301 74992 "-" "Mozilla/5.0 (compatible; MJ12bot/v1.4.8; http://mj12bot.com/)"
64.124.8.31 - - [09/Oct/2022:04:52:26 +0200] "GET /palace-duvet-cover-in-cotton-63-threads-240-220-cm-p-45350.html HTTP/1.0" 301 75280 "-" "Mozilla/5.0 (X11; Linux x86_64) AppleWebKit/537.36 (KHTML, like Gecko) Chrome/61.0.3163.79 Safari/537.36"
94.23.203.52 - - [09/Oct/2022:04:52:27 +0200] "GET /orange-kitchen-towel-p-44418.html HTTP/1.0" 200 74905 "-" "Mozilla/5.0 (compatible; MJ12bot/v1.4.8; http://mj12bot.com/)"
185.191.171.1 - - [09/Oct/2022:04:52:31 +0200] "GET /gorjuss-cards-supplied-with-envelope-dark-streak-p-48386.html?action=add_product HTTP/1.0" 302 476 "-" "Mozilla/5.0 (compatible; SemrushBot/7~bl; +http://www.semrush.com/bot.html)"
94.23.203.52 - - [09/Oct/2022:04:52:33 +0200] "GET /orange-kitchen-towel-p-44418.html HTTP/1.0" 200 74905 "-" "Mozilla/5.0 (compatible; MJ12bot/v1.4.8; http://mj12bot.com/)"
185.191.171.6 - - [09/Oct/2022:04:52:35 +0200] "GET /calendar-bookmarks-year-2018-16-cm-p-41806.html HTTP/1.0" 301 72315 "-" "Mozilla/5.0 (compatible; SemrushBot/7~bl; +http://www.semrush.com/bot.html)"
94.23.203.52 - - [09/Oct/2022:04:52:39 +0200] "GET /palo-santo-cones-backflow-incense-cones-p-54624.html HTTP/1.0" 200 76101 "-" "Mozilla/5.0 (compatible; MJ12bot/v1.4.8; http://mj12bot.com/)"
185.191.171.15 - - [09/Oct/2022:04:52:41 +0200] "GET /-p-41806.html HTTP/1.0" 200 72248 "-" "Mozilla/5.0 (compatible; SemrushBot/7~bl; +http://www.semrush.com/bot.html)"
94.23.203.52 - - [09/Oct/2022:04:52:47 +0200] "GET /paperweight-girl-with-pearl-earring-vermeer-p-55504.html HTTP/1.0" 200 75786 "-" "Mozilla/5.0 (compatible; MJ12bot/v1.4.8; http://mj12bot.com/)"
64.124.8.31 - - [09/Oct/2022:04:52:47 +0200] "GET /lilith-statuette-bronze-look-resin-p-58556.html HTTP/1.0" 200 75660 "-" "Mozilla/5.0 (X11; Linux x86_64) AppleWebKit/537.36 (KHTML, like Gecko) Chrome/61.0.3163.79 Safari/537.36"
54.36.149.24 - - [09/Oct/2022:04:52:48 +0200] "GET /retro-ceramic-coffee-p-59118.html HTTP/1.0" 200 75940 "-" "Mozilla/5.0 (compatible; AhrefsBot/7.0; +http://ahrefs.com/robot/)"
94.23.203.52 - - [09/Oct/2022:04:52:54 +0200] "GET /parrot-figurine-perch-resin-p-55481.html HTTP/1.0" 200 75164 "-" "Mozilla/5.0 (compatible; MJ12bot/v1.4.8; http://mj12bot.com/)"
94.23.203.52 - - [09/Oct/2022:04:52:59 +0200] "GET /patinated-brown-bronze-rhinoceros-statue-p-58082.html HTTP/1.0" 200 75255 "-" "Mozilla/5.0 (compatible; MJ12bot/v1.4.8; http://mj12bot.com/)"
64.124.8.31 - - [09/Oct/2022:04:53:04 +0200] "GET /the-simpsons-tee-shirt-p-29593.html HTTP/1.0" 301 76344 "-" "Mozilla/5.0 (X11; Linux x86_64) AppleWebKit/537.36 (KHTML, like Gecko) Chrome/61.0.3163.79 Safari/537.36"
66.249.64.242 - - [09/Oct/2022:04:53:11 +0200] "GET /images/big_prod/3560600301640.jpg HTTP/1.0" 200 268 "-" "Googlebot-Image/1.0"
94.23.203.52 - - [09/Oct/2022:04:53:10 +0200] "GET /petit-beurre-magnet-p-33321.html HTTP/1.0" 301 72315 "-" "Mozilla/5.0 (compatible; MJ12bot/v1.4.8; http://mj12bot.com/)"
64.124.8.31 - - [09/Oct/2022:04:53:12 +0200] "GET /cushion-cover-40-40-cm-ethnik-p-49953.html HTTP/1.0" 301 72413 "-" "Mozilla/5.0 (X11; Linux x86_64) AppleWebKit/537.36 (KHTML, like Gecko) Chrome/61.0.3163.79 Safari/537.36"
66.249.64.242 - - [09/Oct/2022:04:53:15 +0200] "GET /images/big_prod_1/3665269156621a.jpg HTTP/1.0" 200 271 "-" "Googlebot-Image/1.0"
185.191.171.25 - - [09/Oct/2022:04:53:15 +0200] "GET /zodiac-white-women-tee-shirt-p-30796.html HTTP/1.0" 301 77000 "-" "Mozilla/5.0 (compatible; SemrushBot/7~bl; +http://www.semrush.com/bot.html)"
94.23.203.52 - - [09/Oct/2022:04:53:18 +0200] "GET /-p-33321.html HTTP/1.0" 200 72248 "-" "Mozilla/5.0 (compatible; MJ12bot/v1.4.8; http://mj12bot.com/)"
64.124.8.31 - - [09/Oct/2022:04:53:17 +0200] "GET /schoolbag-caramel-blue-butterfly-p-55617.html HTTP/1.0" 200 76271 "-" "Mozilla/5.0 (X11; Linux x86_64) AppleWebKit/537.36 (KHTML, like Gecko) Chrome/61.0.3163.79 Safari/537.36"
185.191.171.9 - - [09/Oct/2022:04:53:21 +0200] "GET /zodiac-white-women-shirt-p-30796.html HTTP/1.0" 200 76909 "-" "Mozilla/5.0 (compatible; SemrushBot/7~bl; +http://www.semrush.com/bot.html)"
94.23.203.52 - - [09/Oct/2022:04:53:28 +0200] "GET /petit-beurre-nantais-mini-metal-tray-p-40092.html HTTP/1.0" 200 75089 "-" "Mozilla/5.0 (compatible; MJ12bot/v1.4.8; http://mj12bot.com/)"
64.124.8.31 - - [09/Oct/2022:04:53:34 +0200] "GET /memo-frame-to-hang-p-42525.html HTTP/1.0" 301 72398 "-" "Mozilla/5.0 (X11; Linux x86_64) AppleWebKit/537.36 (KHTML, like Gecko) Chrome/61.0.3163.79 Safari/537.36"
185.191.171.3 - - [09/Oct/2022:04:53:42 +0200] "GET /poster-corsica-p-43687.html?action=add_product HTTP/1.0" 302 476 "-" "Mozilla/5.0 (compatible; SemrushBot/7~bl; +http://www.semrush.com/bot.html)"
94.23.203.52 - - [09/Oct/2022:04:53:40 +0200] "GET /piggy-bank-for-retirement-p-28947.html HTTP/1.0" 301 72315 "-" "Mozilla/5.0 (compatible; MJ12bot/v1.4.8; http://mj12bot.com/)"
185.191.171.41 - - [09/Oct/2022:04:53:44 +0200] "GET /-p-49885.html?action=add_product HTTP/1.0" 302 476 "-" "Mozilla/5.0 (compatible; SemrushBot/7~bl; +http://www.semrush.com/bot.html)"
43.152.67.140 - - [09/Oct/2022:04:53:45 +0200] "GET /images/big_prod_1/8424001544387B.jpg HTTP/1.0" 200 271 "-" "Mozilla/5.0 (Macintoosh; Intel Mac OS X 10_14_68) AppleWebKit/538.36 (KHTML, like Gecko) Chrome/76.0.3904.97 Safari/537.36"
24.177.104.168 - - [09/Oct/2022:04:53:47 +0200] "GET /images/mini_prod/1384010181898.jpg HTTP/1.0" 200 269 "-" "Mozilla/5.0 (X11; Ubuntu; Linux x86_64; rv:72.0) Gecko/20100101 Firefox/72.0"
94.23.203.52 - - [09/Oct/2022:04:53:46 +0200] "GET /-p-28947.html HTTP/1.0" 200 72248 "-" "Mozilla/5.0 (compatible; MJ12bot/v1.4.8; http://mj12bot.com/)"
185.191.171.22 - - [09/Oct/2022:04:53:55 +0200] "GET /-p-37939.html?action=add_product HTTP/1.0" 302 476 "-" "Mozilla/5.0 (compatible; SemrushBot/7~bl; +http://www.semrush.com/bot.html)"
94.23.203.52 - - [09/Oct/2022:04:54:00 +0200] "GET /pillow-case-cotton-percale-threads-p-43853.html HTTP/1.0" 200 75833 "-" "Mozilla/5.0 (compatible; MJ12bot/v1.4.8; http://mj12bot.com/)"
185.191.171.20 - - [09/Oct/2022:04:53:57 +0200] "GET /accessories-mobiles-c-3_17.html?page=5 HTTP/1.0" 200 95631 "-" "Mozilla/5.0 (compatible; SemrushBot/7~bl; +http://www.semrush.com/bot.html)"
185.191.171.16 - - [09/Oct/2022:04:54:14 +0200] "GET /monks-sheet-p-48286.html?action=add_product HTTP/1.0" 302 476 "-" "Mozilla/5.0 (compatible; SemrushBot/7~bl; +http://www.semrush.com/bot.html)"
94.23.203.52 - - [09/Oct/2022:04:54:10 +0200] "GET /pillow-case-in-cotton-percale-80-threads-65-65-cm-p-43853.html HTTP/1.0" 301 75934 "-" "Mozilla/5.0 (compatible; MJ12bot/v1.4.8; http://mj12bot.com/)"
185.191.171.8 - - [09/Oct/2022:04:54:17 +0200] "GET /kiub-collection-cats-cool-p-54782.html?action=add_product HTTP/1.0" 302 476 "-" "Mozilla/5.0 (compatible; SemrushBot/7~bl; +http://www.semrush.com/bot.html)"
94.23.203.52 - - [09/Oct/2022:04:54:19 +0200] "GET /pillow-case-cotton-percale-threads-p-43853.html HTTP/1.0" 200 75833 "-" "Mozilla/5.0 (compatible; MJ12bot/v1.4.8; http://mj12bot.com/)"
185.191.171.18 - - [09/Oct/2022:04:54:21 +0200] "GET /messenger-black-marshall-p-26347.html HTTP/1.0" 200 75291 "-" "Mozilla/5.0 (compatible; SemrushBot/7~bl; +http://www.semrush.com/bot.html)"
185.191.171.36 - - [09/Oct/2022:04:54:27 +0200] "GET /klimt-eyeglass-case-p-51198.html?action=add_product HTTP/1.0" 302 476 "-" "Mozilla/5.0 (compatible; SemrushBot/7~bl; +http://www.semrush.com/bot.html)"
94.23.203.52 - - [09/Oct/2022:04:54:29 +0200] "GET /plush-christmas-tree-decoration-10-cm-p-49652.html HTTP/1.0" 301 75115 "-" "Mozilla/5.0 (compatible; MJ12bot/v1.4.8; http://mj12bot.com/)"
185.191.171.18 - - [09/Oct/2022:04:54:35 +0200] "GET /printed-plexiglas-mirrors-vehicle-vintage-p-33374.html?action=add_product HTTP/1.0" 302 476 "-" "Mozilla/5.0 (compatible; SemrushBot/7~bl; +http://www.semrush.com/bot.html)"
185.191.171.18 - - [09/Oct/2022:04:54:37 +0200] "GET /-p-24610.html?action=add_product HTTP/1.0" 302 476 "-" "Mozilla/5.0 (compatible; SemrushBot/7~bl; +http://www.semrush.com/bot.html)"
94.23.203.52 - - [09/Oct/2022:04:54:36 +0200] "GET /plush-christmas-tree-decoration-p-49652.html HTTP/1.0" 200 75017 "-" "Mozilla/5.0 (compatible; MJ12bot/v1.4.8; http://mj12bot.com/)"
185.191.171.10 - - [09/Oct/2022:04:54:47 +0200] "GET /decorative-beige-gold-terracotta-p-56072.html?action=add_product HTTP/1.0" 302 476 "-" "Mozilla/5.0 (compatible; SemrushBot/7~bl; +http://www.semrush.com/bot.html)"
94.23.203.52 - - [09/Oct/2022:04:54:46 +0200] "GET /plush-christmas-tree-decoration-p-49652.html HTTP/1.0" 200 75017 "-" "Mozilla/5.0 (compatible; MJ12bot/v1.4.8; http://mj12bot.com/)"
185.191.171.1 - - [09/Oct/2022:04:54:49 +0200] "GET /frame-vintage-effect-born-ride-wooden-hanging-p-46298.html HTTP/1.0" 200 75182 "-" "Mozilla/5.0 (compatible; SemrushBot/7~bl; +http://www.semrush.com/bot.html)"
