167.114.209.104 - - [09/Oct/2022:03:55:16 +0200] "GET /lemon-tea-tisaniere-p-34356.html HTTP/1.0" 301 72315 "-" "Mozilla/5.0 (compatible; MJ12bot/v1.4.8; http://mj12bot.com/)"
167.114.209.104 - - [09/Oct/2022:03:55:19 +0200] "GET /-p-34356.html HTTP/1.0" 200 72248 "-" "Mozilla/5.0 (compatible; MJ12bot/v1.4.8; http://mj12bot.com/)"
167.114.209.104 - - [09/Oct/2022:03:55:22 +0200] "GET /lilac-kitchen-towel-50-70-cm-p-44422.html HTTP/1.0" 301 74987 "-" "Mozilla/5.0 (compatible; MJ12bot/v1.4.8; http://mj12bot.com/)"
185.191.171.6 - - [09/Oct/2022:03:55:26 +0200] "GET /marley-mirror-p-7142.html?action=add_product HTTP/1.0" 302 476 "-" "Mozilla/5.0 (compatible; SemrushBot/7~bl; +http://www.semrush.com/bot.html)"
167.114.209.104 - - [09/Oct/2022:03:55:25 +0200] "GET /lilac-kitchen-towel-p-44422.html HTTP/1.0" 200 74901 "-" "Mozilla/5.0 (compatible; MJ12bot/v1.4.8; http://mj12bot.com/)"
167.114.209.104 - - [09/Oct/2022:03:55:28 +0200] "GET /lilac-kitchen-towel-p-44422.html HTTP/1.0" 200 74901 "-" "Mozilla/5.0 (compatible; MJ12bot/v1.4.8; http://mj12bot.com/)"
167.114.209.104 - - [09/Oct/2022:03:55:31 +0200] "GET /linen-of-bed-c-13_11_68.html?filter_id=124 HTTP/1.0" 301 72416 "-" "Mozilla/5.0 (compatible; MJ12bot/v1.4.8; http://mj12bot.com/)"
185.191.171.19 - - [09/Oct/2022:03:55:34 +0200] "GET /papers-holder-indian-spirit-light-brown-p-42942.html?action=add_product HTTP/1.0" 302 476 "-" "Mozilla/5.0 (compatible; SemrushBot/7~bl; +http://www.semrush.com/bot.html)"
185.191.171.22 - - [09/Oct/2022:03:55:34 +0200] "GET /robots.txt HTTP/1.0" 200 245 "-" "Mozilla/5.0 (compatible; SemrushBot/7~bl; +http://www.semrush.com/bot.html)"
167.114.209.104 - - [09/Oct/2022:03:55:35 +0200] "GET /linen-c-68.html?filter_id=124 HTTP/1.0" 301 72162 "-" "Mozilla/5.0 (compatible; MJ12bot/v1.4.8; http://mj12bot.com/)"
185.191.171.3 - - [09/Oct/2022:03:55:36 +0200] "GET /cement-tiles-placemat-p-52176.html HTTP/1.0" 200 75006 "-" "Mozilla/5.0 (compatible; SemrushBot/7~bl; +http://www.semrush.com/bot.html)"
167.114.209.104 - - [09/Oct/2022:03:55:38 +0200] "GET /linen-c-11_68.html?filter_id=124 HTTP/1.0" 200 72198 "-" "Mozilla/5.0 (compatible; MJ12bot/v1.4.8; http://mj12bot.com/)"
167.114.209.104 - - [09/Oct/2022:03:55:41 +0200] "GET /linen-of-bed-c-68.html?filter_id=124 HTTP/1.0" 301 72162 "-" "Mozilla/5.0 (compatible; MJ12bot/v1.4.8; http://mj12bot.com/)"
167.114.209.104 - - [09/Oct/2022:03:55:44 +0200] "GET /linen-c-11_68.html?filter_id=124 HTTP/1.0" 200 72198 "-" "Mozilla/5.0 (compatible; MJ12bot/v1.4.8; http://mj12bot.com/)"
167.114.209.104 - - [09/Oct/2022:03:55:47 +0200] "GET /little-buddha-resin-gold-statue-145-cm-not-say-p-38077.html HTTP/1.0" 301 72516 "-" "Mozilla/5.0 (compatible; MJ12bot/v1.4.8; http://mj12bot.com/)"
167.114.209.104 - - [09/Oct/2022:03:55:50 +0200] "GET /little-buddha-resin-gold-statue-p-38077.html HTTP/1.0" 200 72418 "-" "Mozilla/5.0 (compatible; MJ12bot/v1.4.8; http://mj12bot.com/)"
167.114.209.104 - - [09/Oct/2022:03:55:53 +0200] "GET /little-buddha-resin-gold-statue-145-cm-not-see-p-38076.html HTTP/1.0" 301 72516 "-" "Mozilla/5.0 (compatible; MJ12bot/v1.4.8; http://mj12bot.com/)"
167.114.209.104 - - [09/Oct/2022:03:55:56 +0200] "GET /little-buddha-resin-gold-statue-p-38076.html HTTP/1.0" 200 72418 "-" "Mozilla/5.0 (compatible; MJ12bot/v1.4.8; http://mj12bot.com/)"
167.114.209.104 - - [09/Oct/2022:03:55:59 +0200] "GET /little-buddha-resin-gold-statue-24-cm-p-38074.html HTTP/1.0" 301 72510 "-" "Mozilla/5.0 (compatible; MJ12bot/v1.4.8; http://mj12bot.com/)"
167.114.209.104 - - [09/Oct/2022:03:56:02 +0200] "GET /little-buddha-resin-gold-statue-p-38074.html HTTP/1.0" 200 72412 "-" "Mozilla/5.0 (compatible; MJ12bot/v1.4.8; http://mj12bot.com/)"
167.114.209.104 - - [09/Oct/2022:03:56:05 +0200] "GET /little-buddha-resin-gold-statue-26-cm-p-38073.html HTTP/1.0" 301 72510 "-" "Mozilla/5.0 (compatible; MJ12bot/v1.4.8; http://mj12bot.com/)"
167.114.209.104 - - [09/Oct/2022:03:56:08 +0200] "GET /little-buddha-resin-gold-statue-p-38073.html HTTP/1.0" 200 72412 "-" "Mozilla/5.0 (compatible; MJ12bot/v1.4.8; http://mj12bot.com/)"
167.114.209.104 - - [09/Oct/2022:03:56:11 +0200] "GET /little-buddha-resin-gold-statue-p-38073.html HTTP/1.0" 200 72412 "-" "Mozilla/5.0 (compatible; MJ12bot/v1.4.8; http://mj12bot.com/)"
167.114.209.104 - - [09/Oct/2022:03:56:14 +0200] "GET /little-buddha-resin-gold-statue-p-38074.html HTTP/1.0" 200 72412 "-" "Mozilla/5.0 (compatible; MJ12bot/v1.4.8; http://mj12bot.com/)"
167.114.209.104 - - [09/Oct/2022:03:56:17 +0200] "GET /little-buddha-resin-gold-statue-p-38076.html HTTP/1.0" 200 72418 "-" "Mozilla/5.0 (compatible; MJ12bot/v1.4.8; http://mj12bot.com/)"
185.191.171.12 - - [09/Oct/2022:03:56:26 +0200] "GET /rugby-kids-school-p-44924.html?action=add_product HTTP/1.0" 302 476 "-" "Mozilla/5.0 (compatible; SemrushBot/7~bl; +http://www.semrush.com/bot.html)"
66.249.64.242 - - [09/Oct/2022:03:56:40 +0200] "GET /mobile-bells-metal-elephants-p-41509.html HTTP/1.0" 200 75578 "-" "Mozilla/5.0 (Linux; Android 6.0.1; Nexus 5X Build/MMB29P) AppleWebKit/537.36 (KHTML, like Gecko) Chrome/105.0.5195.125 Mobile Safari/537.36 (compatible; Googlebot/2.1; +http://www.google.com/bot.html)"
185.191.171.38 - - [09/Oct/2022:03:56:41 +0200] "GET /potholder-glove-p-54122.html?action=add_product HTTP/1.0" 302 476 "-" "Mozilla/5.0 (compatible; SemrushBot/7~bl; +http://www.semrush.com/bot.html)"
157.55.39.231 - - [09/Oct/2022:03:56:45 +0200] "GET /images/big_prod/3665269006858.jpg HTTP/1.0" 200 268 "-" "Mozilla/5.0 AppleWebKit/537.36 (KHTML, like Gecko; compatible; bingbot/2.0; +http://www.bing.com/bingbot.htm) Chrome/103.0.5060.134 Safari/537.36"
54.36.148.5 - - [09/Oct/2022:03:56:44 +0200] "GET /allen-desings-wine-little-tray-p-44320.html HTTP/1.0" 200 75070 "-" "Mozilla/5.0 (compatible; AhrefsBot/7.0; +http://ahrefs.com/robot/)"
185.191.171.21 - - [09/Oct/2022:03:56:51 +0200] "GET /elsa-anna-frozen-poster-p-30917.html?action=add_product HTTP/1.0" 301 476 "-" "Mozilla/5.0 (compatible; SemrushBot/7~bl; +http://www.semrush.com/bot.html)"
185.191.171.12 - - [09/Oct/2022:03:56:53 +0200] "GET /pillow-case-grey-color-p-39688.html?action=add_product HTTP/1.0" 302 476 "-" "Mozilla/5.0 (compatible; SemrushBot/7~bl; +http://www.semrush.com/bot.html)"
185.191.171.24 - - [09/Oct/2022:03:56:55 +0200] "GET /owls-wall-clock-p-52703.html?action=add_product HTTP/1.0" 301 476 "-" "Mozilla/5.0 (compatible; SemrushBot/7~bl; +http://www.semrush.com/bot.html)"
185.191.171.16 - - [09/Oct/2022:03:57:05 +0200] "GET /sweet-lily-mini-rectangular-tray-p-54916.html?action=add_product HTTP/1.0" 302 476 "-" "Mozilla/5.0 (compatible; SemrushBot/7~bl; +http://www.semrush.com/bot.html)"
173.252.83.20 - - [09/Oct/2022:03:57:05 +0200] "GET /robots.txt HTTP/1.0" 200 245 "-" "facebookexternalhit/1.1 (+http://www.facebook.com/externalhit_uatext.php)"
185.191.171.34 - - [09/Oct/2022:03:57:16 +0200] "GET /decoration-elephant-head-p-46693.html?action=add_product HTTP/1.0" 302 476 "-" "Mozilla/5.0 (compatible; SemrushBot/7~bl; +http://www.semrush.com/bot.html)"
185.191.171.34 - - [09/Oct/2022:03:57:28 +0200] "GET /little-toiletry-p-43382.html?action=add_product HTTP/1.0" 302 476 "-" "Mozilla/5.0 (compatible; SemrushBot/7~bl; +http://www.semrush.com/bot.html)"
185.191.171.22 - - [09/Oct/2022:03:57:39 +0200] "GET /-p-5133.html?action=add_product HTTP/1.0" 302 476 "-" "Mozilla/5.0 (compatible; SemrushBot/7~bl; +http://www.semrush.com/bot.html)"
185.191.171.3 - - [09/Oct/2022:03:57:49 +0200] "GET /pusheen-grey-soft-cream-sundae-p-44588.html HTTP/1.0" 301 72315 "-" "Mozilla/5.0 (compatible; SemrushBot/7~bl; +http://www.semrush.com/bot.html)"
66.249.64.244 - - [09/Oct/2022:03:57:49 +0200] "GET /dessert-dish-glass-with-anti-slip-feet-p-58315.html HTTP/1.0" 200 74978 "-" "Mozilla/5.0 (compatible; Googlebot/2.1; +http://www.google.com/bot.html)"
185.191.171.9 - - [09/Oct/2022:03:57:52 +0200] "GET /lion-white-women-tee-shirt-p-31149.html HTTP/1.0" 301 76963 "-" "Mozilla/5.0 (compatible; SemrushBot/7~bl; +http://www.semrush.com/bot.html)"
185.191.171.6 - - [09/Oct/2022:03:57:55 +0200] "GET /lion-white-women-shirt-p-31149.html HTTP/1.0" 200 76874 "-" "Mozilla/5.0 (compatible; SemrushBot/7~bl; +http://www.semrush.com/bot.html)"
185.191.171.24 - - [09/Oct/2022:03:57:59 +0200] "GET /small-jar-candle-white-tea-and-eucalyptus-p-46864.html HTTP/1.0" 301 75570 "-" "Mozilla/5.0 (compatible; SemrushBot/7~bl; +http://www.semrush.com/bot.html)"
185.191.171.39 - - [09/Oct/2022:03:58:01 +0200] "GET /small-candle-white-eucalyptus-p-46864.html HTTP/1.0" 200 75474 "-" "Mozilla/5.0 (compatible; SemrushBot/7~bl; +http://www.semrush.com/bot.html)"
167.114.209.104 - - [09/Oct/2022:03:58:04 +0200] "GET /little-buddha-resin-gold-statue-p-38077.html HTTP/1.0" 200 72418 "-" "Mozilla/5.0 (compatible; MJ12bot/v1.4.8; http://mj12bot.com/)"
185.191.171.23 - - [09/Oct/2022:03:58:05 +0200] "GET /-p-44588.html HTTP/1.0" 200 72248 "-" "Mozilla/5.0 (compatible; SemrushBot/7~bl; +http://www.semrush.com/bot.html)"
167.114.209.104 - - [09/Oct/2022:03:58:11 +0200] "GET /little-prince-and-the-sheep-keyring-p-12346.html HTTP/1.0" 301 72492 "-" "Mozilla/5.0 (compatible; MJ12bot/v1.4.8; http://mj12bot.com/)"
54.36.149.94 - - [09/Oct/2022:03:58:11 +0200] "GET /minions-yellow-bananas-clock-p-31918.html HTTP/1.0" 200 74951 "-" "Mozilla/5.0 (compatible; AhrefsBot/7.0; +http://ahrefs.com/robot/)"
167.114.209.104 - - [09/Oct/2022:03:58:14 +0200] "GET /little-prince-sheep-keyring-p-12346.html HTTP/1.0" 200 72398 "-" "Mozilla/5.0 (compatible; MJ12bot/v1.4.8; http://mj12bot.com/)"
167.114.209.104 - - [09/Oct/2022:03:58:17 +0200] "GET /little-prince-sheep-keyring-p-12346.html HTTP/1.0" 200 72398 "-" "Mozilla/5.0 (compatible; MJ12bot/v1.4.8; http://mj12bot.com/)"
66.249.64.242 - - [09/Oct/2022:03:58:20 +0200] "GET /images/mini_prod/9316188092500.jpg HTTP/1.0" 200 269 "-" "Googlebot-Image/1.0"
185.191.171.14 - - [09/Oct/2022:03:58:18 +0200] "GET /tigger-figure-by-britto-p-29824.html HTTP/1.0" 301 76003 "-" "Mozilla/5.0 (compatible; SemrushBot/7~bl; +http://www.semrush.com/bot.html)"
167.114.209.104 - - [09/Oct/2022:03:58:20 +0200] "GET /little-tortoise-statuette-p-43103.html HTTP/1.0" 200 75033 "-" "Mozilla/5.0 (compatible; MJ12bot/v1.4.8; http://mj12bot.com/)"
185.191.171.25 - - [09/Oct/2022:03:58:22 +0200] "GET /tigger-figure-britto-p-29824.html HTTP/1.0" 200 75916 "-" "Mozilla/5.0 (compatible; SemrushBot/7~bl; +http://www.semrush.com/bot.html)"
167.114.209.104 - - [09/Oct/2022:03:58:23 +0200] "GET /little-tortoise-statuette-p-43104.html HTTP/1.0" 200 72338 "-" "Mozilla/5.0 (compatible; MJ12bot/v1.4.8; http://mj12bot.com/)"
167.114.209.104 - - [09/Oct/2022:03:58:26 +0200] "GET /littlest-pet-shop-collection-figure-p-20339.html HTTP/1.0" 301 72315 "-" "Mozilla/5.0 (compatible; MJ12bot/v1.4.8; http://mj12bot.com/)"
66.249.64.242 - - [09/Oct/2022:03:58:29 +0200] "GET /cache-with-tortoiseshell-ceramic-reliefs-bluish-gray-p-51103.html HTTP/1.0" 200 75450 "-" "Mozilla/5.0 (compatible; Googlebot/2.1; +http://www.google.com/bot.html)"
167.114.209.104 - - [09/Oct/2022:03:58:30 +0200] "GET /-p-20339.html HTTP/1.0" 200 72248 "-" "Mozilla/5.0 (compatible; MJ12bot/v1.4.8; http://mj12bot.com/)"
173.252.83.116 - - [09/Oct/2022:03:58:36 +0200] "GET /images/mini_prod/8422088078528.jpg HTTP/1.0" 200 269 "-" "facebookexternalhit/1.1 (+http://www.facebook.com/externalhit_uatext.php)"
167.114.209.104 - - [09/Oct/2022:03:58:35 +0200] "GET /littlest-petshop-p-1192.html HTTP/1.0" 200 75154 "-" "Mozilla/5.0 (compatible; MJ12bot/v1.4.8; http://mj12bot.com/)"
167.114.209.104 - - [09/Oct/2022:03:58:39 +0200] "GET /littlest-petshop-padded-jacket-p-31266.html HTTP/1.0" 200 76217 "-" "Mozilla/5.0 (compatible; MJ12bot/v1.4.8; http://mj12bot.com/)"
185.191.171.23 - - [09/Oct/2022:03:58:39 +0200] "GET /banania-large-metal-plate-30-40-cm-p-27377.html HTTP/1.0" 301 75019 "-" "Mozilla/5.0 (compatible; SemrushBot/7~bl; +http://www.semrush.com/bot.html)"
66.249.64.242 - - [09/Oct/2022:03:58:41 +0200] "GET /plush-penguin-yoopy-star-p-42701.html HTTP/1.0" 200 75012 "-" "Mozilla/5.0 (Linux; Android 6.0.1; Nexus 5X Build/MMB29P) AppleWebKit/537.36 (KHTML, like Gecko) Chrome/106.0.5249.91 Mobile Safari/537.36 (compatible; Googlebot/2.1; +http://www.google.com/bot.html)"
167.114.209.104 - - [09/Oct/2022:03:58:43 +0200] "GET /littlest-petshop-pop-up-p-1192.html HTTP/1.0" 301 75236 "-" "Mozilla/5.0 (compatible; MJ12bot/v1.4.8; http://mj12bot.com/)"
185.191.171.45 - - [09/Oct/2022:03:58:44 +0200] "GET /banania-large-metal-plate-p-27377.html HTTP/1.0" 200 74927 "-" "Mozilla/5.0 (compatible; SemrushBot/7~bl; +http://www.semrush.com/bot.html)"
167.114.209.104 - - [09/Oct/2022:03:58:47 +0200] "GET /littlest-petshop-p-1192.html HTTP/1.0" 200 75154 "-" "Mozilla/5.0 (compatible; MJ12bot/v1.4.8; http://mj12bot.com/)"
185.191.171.23 - - [09/Oct/2022:03:58:59 +0200] "GET /glass-film-iphone-p-38283.html?action=add_product HTTP/1.0" 302 476 "-" "Mozilla/5.0 (compatible; SemrushBot/7~bl; +http://www.semrush.com/bot.html)"
167.114.209.104 - - [09/Oct/2022:03:59:04 +0200] "GET /littlest-petshop-swimsuit-p-30263.html HTTP/1.0" 200 76313 "-" "Mozilla/5.0 (compatible; MJ12bot/v1.4.8; http://mj12bot.com/)"
167.114.209.104 - - [09/Oct/2022:03:59:07 +0200] "GET /littlest-petshop-travel-bag-p-6374.html HTTP/1.0" 301 75279 "-" "Mozilla/5.0 (compatible; MJ12bot/v1.4.8; http://mj12bot.com/)"
167.114.209.104 - - [09/Oct/2022:03:59:11 +0200] "GET /littlest-petshop-travel-p-6374.html HTTP/1.0" 200 75190 "-" "Mozilla/5.0 (compatible; MJ12bot/v1.4.8; http://mj12bot.com/)"
167.114.209.104 - - [09/Oct/2022:03:59:15 +0200] "GET /littlest-petshop-travel-p-6374.html HTTP/1.0" 200 75190 "-" "Mozilla/5.0 (compatible; MJ12bot/v1.4.8; http://mj12bot.com/)"
167.114.209.104 - - [09/Oct/2022:03:59:19 +0200] "GET /littlest-petshop-yellow-swimsuit-p-30264.html HTTP/1.0" 200 76386 "-" "Mozilla/5.0 (compatible; MJ12bot/v1.4.8; http://mj12bot.com/)"
173.252.83.3 - - [09/Oct/2022:03:59:21 +0200] "GET /images/mini_prod/3609810076044a.jpg HTTP/1.0" 200 270 "-" "facebookexternalhit/1.1 (+http://www.facebook.com/externalhit_uatext.php)"
167.114.209.104 - - [09/Oct/2022:03:59:22 +0200] "GET /live-action-maleficent-figurine-p-32578.html HTTP/1.0" 301 72315 "-" "Mozilla/5.0 (compatible; MJ12bot/v1.4.8; http://mj12bot.com/)"
66.249.64.242 - - [09/Oct/2022:03:59:25 +0200] "GET /gold-black-elephant-table-lamp-p-54617.html HTTP/1.0" 200 72366 "-" "Mozilla/5.0 (Linux; Android 6.0.1; Nexus 5X Build/MMB29P) AppleWebKit/537.36 (KHTML, like Gecko) Chrome/105.0.5195.125 Mobile Safari/537.36 (compatible; Googlebot/2.1; +http://www.google.com/bot.html)"
185.191.171.35 - - [09/Oct/2022:03:59:27 +0200] "GET /monkey-gold-resin-p-56366.html?action=add_product HTTP/1.0" 302 476 "-" "Mozilla/5.0 (compatible; SemrushBot/7~bl; +http://www.semrush.com/bot.html)"
167.114.209.104 - - [09/Oct/2022:03:59:25 +0200] "GET /-p-32578.html HTTP/1.0" 200 72248 "-" "Mozilla/5.0 (compatible; MJ12bot/v1.4.8; http://mj12bot.com/)"
47.94.243.250 - - [09/Oct/2022:03:59:33 +0200] "GET /images/mini_prod/3453131150972.jpg HTTP/1.0" 200 269 "-" "Mozilla/5.0 (Macintosh; Intel Mac OS X 10_15_7) AppleWebKit/537.36 (KHTML, like Gecko) Chrome/105.0.0.0 Safari/537.36"
185.191.171.45 - - [09/Oct/2022:03:59:35 +0200] "GET /phone-cover-for-iphone-cbkreation-p-13939.html HTTP/1.0" 301 72315 "-" "Mozilla/5.0 (compatible; SemrushBot/7~bl; +http://www.semrush.com/bot.html)"
167.114.209.104 - - [09/Oct/2022:03:59:35 +0200] "GET /live-and-dream-white-tee-shirt-p-43145.html HTTP/1.0" 301 78327 "-" "Mozilla/5.0 (compatible; MJ12bot/v1.4.8; http://mj12bot.com/)"
185.191.171.15 - - [09/Oct/2022:03:59:38 +0200] "GET /-p-13939.html HTTP/1.0" 200 72248 "-" "Mozilla/5.0 (compatible; SemrushBot/7~bl; +http://www.semrush.com/bot.html)"
167.114.209.104 - - [09/Oct/2022:03:59:38 +0200] "GET /live-dream-white-shirt-p-43145.html HTTP/1.0" 200 78238 "-" "Mozilla/5.0 (compatible; MJ12bot/v1.4.8; http://mj12bot.com/)"
54.36.148.23 - - [09/Oct/2022:03:59:39 +0200] "GET /game-thrones-house-stark-p-54997.html HTTP/1.0" 200 75967 "-" "Mozilla/5.0 (compatible; AhrefsBot/7.0; +http://ahrefs.com/robot/)"
185.191.171.14 - - [09/Oct/2022:03:59:52 +0200] "GET /keep-calm-set-of-shooters-p-27587.html HTTP/1.0" 301 74966 "-" "Mozilla/5.0 (compatible; SemrushBot/7~bl; +http://www.semrush.com/bot.html)"
185.191.171.1 - - [09/Oct/2022:03:59:55 +0200] "GET /keep-calm-shooters-p-27587.html HTTP/1.0" 200 74881 "-" "Mozilla/5.0 (compatible; SemrushBot/7~bl; +http://www.semrush.com/bot.html)"
66.249.64.244 - - [09/Oct/2022:04:00:04 +0200] "GET /images/big_prod/8499113781760.jpg HTTP/1.0" 200 268 "-" "Googlebot-Image/1.0"
185.191.171.20 - - [09/Oct/2022:04:00:16 +0200] "GET /-p-48128.html?action=add_product HTTP/1.0" 302 476 "-" "Mozilla/5.0 (compatible; SemrushBot/7~bl; +http://www.semrush.com/bot.html)"
167.114.209.104 - - [09/Oct/2022:04:00:29 +0200] "GET /live-dream-white-shirt-p-43145.html HTTP/1.0" 200 78238 "-" "Mozilla/5.0 (compatible; MJ12bot/v1.4.8; http://mj12bot.com/)"
167.114.209.104 - - [09/Oct/2022:04:00:33 +0200] "GET /live-ride-cbkreation-p-30662.html HTTP/1.0" 200 74915 "-" "Mozilla/5.0 (compatible; MJ12bot/v1.4.8; http://mj12bot.com/)"
185.191.171.14 - - [09/Oct/2022:04:00:33 +0200] "GET /harley-davidson-genuine-clock-30-cm-p-45981.html HTTP/1.0" 301 72315 "-" "Mozilla/5.0 (compatible; SemrushBot/7~bl; +http://www.semrush.com/bot.html)"
185.191.171.17 - - [09/Oct/2022:04:00:37 +0200] "GET /-p-45981.html HTTP/1.0" 200 72248 "-" "Mozilla/5.0 (compatible; SemrushBot/7~bl; +http://www.semrush.com/bot.html)"
167.114.209.104 - - [09/Oct/2022:04:00:38 +0200] "GET /live-ride-cbkreation-p-30663.html HTTP/1.0" 200 74914 "-" "Mozilla/5.0 (compatible; MJ12bot/v1.4.8; http://mj12bot.com/)"
167.114.209.104 - - [09/Oct/2022:04:00:42 +0200] "GET /live-to-ride-by-cbk-mug-p-30662.html HTTP/1.0" 301 75002 "-" "Mozilla/5.0 (compatible; MJ12bot/v1.4.8; http://mj12bot.com/)"
167.114.209.104 - - [09/Oct/2022:04:00:46 +0200] "GET /live-ride-cbkreation-p-30662.html HTTP/1.0" 200 74915 "-" "Mozilla/5.0 (compatible; MJ12bot/v1.4.8; http://mj12bot.com/)"
185.191.171.8 - - [09/Oct/2022:04:00:47 +0200] "GET /love-ceramic-piggy-bank-p-42163.html?action=add_product HTTP/1.0" 302 476 "-" "Mozilla/5.0 (compatible; SemrushBot/7~bl; +http://www.semrush.com/bot.html)"
167.114.209.104 - - [09/Oct/2022:04:00:50 +0200] "GET /live-to-ride-by-cbk-mug-p-30663.html HTTP/1.0" 301 75001 "-" "Mozilla/5.0 (compatible; MJ12bot/v1.4.8; http://mj12bot.com/)"
167.114.209.104 - - [09/Oct/2022:04:00:54 +0200] "GET /live-ride-cbkreation-p-30663.html HTTP/1.0" 200 74914 "-" "Mozilla/5.0 (compatible; MJ12bot/v1.4.8; http://mj12bot.com/)"
185.191.171.23 - - [09/Oct/2022:04:00:56 +0200] "GET /-p-32216.html HTTP/1.0" 200 72248 "-" "Mozilla/5.0 (compatible; SemrushBot/7~bl; +http://www.semrush.com/bot.html)"
167.114.209.104 - - [09/Oct/2022:04:00:57 +0200] "GET /live-to-ride-mug-by-cbkreation-p-30662.html HTTP/1.0" 301 75002 "-" "Mozilla/5.0 (compatible; MJ12bot/v1.4.8; http://mj12bot.com/)"
167.114.209.104 - - [09/Oct/2022:04:01:01 +0200] "GET /live-ride-cbkreation-p-30662.html HTTP/1.0" 200 74915 "-" "Mozilla/5.0 (compatible; MJ12bot/v1.4.8; http://mj12bot.com/)"
167.114.209.104 - - [09/Oct/2022:04:01:04 +0200] "GET /live-to-ride-mug-by-cbkreation-p-30663.html HTTP/1.0" 301 75001 "-" "Mozilla/5.0 (compatible; MJ12bot/v1.4.8; http://mj12bot.com/)"
185.191.171.25 - - [09/Oct/2022:04:01:04 +0200] "GET /santa-with-baby-jesus-hanging-ornament-p-38184.html HTTP/1.0" 301 72315 "-" "Mozilla/5.0 (compatible; SemrushBot/7~bl; +http://www.semrush.com/bot.html)"
173.252.83.1 - - [09/Oct/2022:04:01:07 +0200] "GET /images/mini_prod/1384010176016.jpg HTTP/1.0" 200 269 "-" "facebookexternalhit/1.1 (+http://www.facebook.com/externalhit_uatext.php)"
54.36.148.7 - - [09/Oct/2022:04:01:06 +0200] "GET /little-pony-mini-glitter-shake-shine-p-31922.html HTTP/1.0" 200 75398 "-" "Mozilla/5.0 (compatible; AhrefsBot/7.0; +http://ahrefs.com/robot/)"
167.114.209.104 - - [09/Oct/2022:04:01:08 +0200] "GET /live-ride-cbkreation-p-30663.html HTTP/1.0" 200 74914 "-" "Mozilla/5.0 (compatible; MJ12bot/v1.4.8; http://mj12bot.com/)"
185.191.171.44 - - [09/Oct/2022:04:01:08 +0200] "GET /-p-38184.html HTTP/1.0" 200 72248 "-" "Mozilla/5.0 (compatible; SemrushBot/7~bl; +http://www.semrush.com/bot.html)"
167.114.209.104 - - [09/Oct/2022:04:01:11 +0200] "GET /london-bedclothes-220-240-cm-p-36472.html HTTP/1.0" 301 72315 "-" "Mozilla/5.0 (compatible; MJ12bot/v1.4.8; http://mj12bot.com/)"
185.191.171.40 - - [09/Oct/2022:04:01:12 +0200] "GET /miss-mindy-jack-skellington-vinyl-figurine-p-46505.html HTTP/1.0" 301 72315 "-" "Mozilla/5.0 (compatible; SemrushBot/7~bl; +http://www.semrush.com/bot.html)"
167.114.209.104 - - [09/Oct/2022:04:01:14 +0200] "GET /-p-36472.html HTTP/1.0" 200 72248 "-" "Mozilla/5.0 (compatible; MJ12bot/v1.4.8; http://mj12bot.com/)"
185.191.171.24 - - [09/Oct/2022:04:01:15 +0200] "GET /-p-46505.html HTTP/1.0" 200 72248 "-" "Mozilla/5.0 (compatible; SemrushBot/7~bl; +http://www.semrush.com/bot.html)"
180.76.26.211 - - [09/Oct/2022:04:01:18 +0200] "GET /images/mini_prod/CADRE-BAROQUE-NOIR-MONSTER.jpg HTTP/1.0" 200 282 "-" "bce-sdk-python/0.8.73/3.6.8 (default, Nov 16 2020, 16:55:22) [GCC 4.8.5 20150623 (Red Hat 4.8.5-44)]/linux"
167.114.209.104 - - [09/Oct/2022:04:01:19 +0200] "GET /london-union-jack-hobo-bag-p-28616.html HTTP/1.0" 301 72450 "-" "Mozilla/5.0 (compatible; MJ12bot/v1.4.8; http://mj12bot.com/)"
185.191.171.40 - - [09/Oct/2022:04:01:20 +0200] "GET /owls-tree-white-wooden-p-46107.html?action=add_product HTTP/1.0" 302 476 "-" "Mozilla/5.0 (compatible; SemrushBot/7~bl; +http://www.semrush.com/bot.html)"
167.114.209.104 - - [09/Oct/2022:04:01:22 +0200] "GET /london-union-jack-hobo-p-28616.html HTTP/1.0" 200 72361 "-" "Mozilla/5.0 (compatible; MJ12bot/v1.4.8; http://mj12bot.com/)"
185.191.171.37 - - [09/Oct/2022:04:01:28 +0200] "GET /paris-bistro-cafe-clock-p-39566.html HTTP/1.0" 301 72315 "-" "Mozilla/5.0 (compatible; SemrushBot/7~bl; +http://www.semrush.com/bot.html)"
185.191.171.6 - - [09/Oct/2022:04:01:31 +0200] "GET /buddha-decorative-statue-185-cm-p-42790.html HTTP/1.0" 301 72315 "-" "Mozilla/5.0 (compatible; SemrushBot/7~bl; +http://www.semrush.com/bot.html)"
185.191.171.44 - - [09/Oct/2022:04:01:35 +0200] "GET /-p-42790.html HTTP/1.0" 200 72248 "-" "Mozilla/5.0 (compatible; SemrushBot/7~bl; +http://www.semrush.com/bot.html)"
167.114.209.104 - - [09/Oct/2022:04:01:36 +0200] "GET /london-union-jack-hobo-bag-p-30037.html HTTP/1.0" 301 72315 "-" "Mozilla/5.0 (compatible; MJ12bot/v1.4.8; http://mj12bot.com/)"
185.191.171.24 - - [09/Oct/2022:04:01:39 +0200] "GET /tetsubin-blue-teapot-japanese-p-49381.html HTTP/1.0" 200 75152 "-" "Mozilla/5.0 (compatible; SemrushBot/7~bl; +http://www.semrush.com/bot.html)"
167.114.209.104 - - [09/Oct/2022:04:01:39 +0200] "GET /-p-30037.html HTTP/1.0" 200 72248 "-" "Mozilla/5.0 (compatible; MJ12bot/v1.4.8; http://mj12bot.com/)"
54.236.1.13 - - [09/Oct/2022:04:01:40 +0200] "GET /bob-marley-zippo-lighter-p-41035.html HTTP/1.0" 301 75439 "-" "Mozilla/5.0 (compatible; Pinterestbot/1.0; +http://www.pinterest.com/bot.html)"
54.236.1.13 - - [09/Oct/2022:04:01:42 +0200] "GET /marley-zippo-lighter-p-41035.html HTTP/1.0" 200 75352 "-" "Mozilla/5.0 (compatible; Pinterestbot/1.0; +http://www.pinterest.com/bot.html)"
167.114.209.104 - - [09/Oct/2022:04:01:43 +0200] "GET /london-union-jack-hobo-p-28616.html HTTP/1.0" 200 72361 "-" "Mozilla/5.0 (compatible; MJ12bot/v1.4.8; http://mj12bot.com/)"
185.191.171.44 - - [09/Oct/2022:04:01:44 +0200] "GET /-p-39566.html HTTP/1.0" 200 72248 "-" "Mozilla/5.0 (compatible; SemrushBot/7~bl; +http://www.semrush.com/bot.html)"
167.114.209.104 - - [09/Oct/2022:04:01:47 +0200] "GET /london-union-jack-hobo-p-30037.html HTTP/1.0" 301 72315 "-" "Mozilla/5.0 (compatible; MJ12bot/v1.4.8; http://mj12bot.com/)"
185.191.171.25 - - [09/Oct/2022:04:01:49 +0200] "GET /branch-pink-orchid-wall-sticker-p-39306.html?action=add_product HTTP/1.0" 302 476 "-" "Mozilla/5.0 (compatible; SemrushBot/7~bl; +http://www.semrush.com/bot.html)"
167.114.209.104 - - [09/Oct/2022:04:01:50 +0200] "GET /-p-30037.html HTTP/1.0" 200 72248 "-" "Mozilla/5.0 (compatible; MJ12bot/v1.4.8; http://mj12bot.com/)"
167.114.209.104 - - [09/Oct/2022:04:01:54 +0200] "GET /london-union-jack-polar-plaid-p-33620.html HTTP/1.0" 301 72315 "-" "Mozilla/5.0 (compatible; MJ12bot/v1.4.8; http://mj12bot.com/)"
167.114.209.104 - - [09/Oct/2022:04:01:59 +0200] "GET /-p-33620.html HTTP/1.0" 200 72248 "-" "Mozilla/5.0 (compatible; MJ12bot/v1.4.8; http://mj12bot.com/)"
167.114.209.104 - - [09/Oct/2022:04:02:04 +0200] "GET /long-beach-wooden-wall-decoration-hang-p-48844.html HTTP/1.0" 200 72396 "-" "Mozilla/5.0 (compatible; MJ12bot/v1.4.8; http://mj12bot.com/)"
185.191.171.22 - - [09/Oct/2022:04:02:07 +0200] "GET /jeans-suitcase-p-38102.html?action=add_product HTTP/1.0" 302 476 "-" "Mozilla/5.0 (compatible; SemrushBot/7~bl; +http://www.semrush.com/bot.html)"
167.114.209.104 - - [09/Oct/2022:04:02:08 +0200] "GET /long-beach-wooden-wall-decoration-to-hang-p-48844.html HTTP/1.0" 301 72501 "-" "Mozilla/5.0 (compatible; MJ12bot/v1.4.8; http://mj12bot.com/)"
167.114.209.104 - - [09/Oct/2022:04:02:11 +0200] "GET /long-beach-wooden-wall-decoration-hang-p-48844.html HTTP/1.0" 200 72396 "-" "Mozilla/5.0 (compatible; MJ12bot/v1.4.8; http://mj12bot.com/)"
167.114.209.104 - - [09/Oct/2022:04:02:14 +0200] "GET /los-angeles-lakers-mug-p-44955.html HTTP/1.0" 301 75057 "-" "Mozilla/5.0 (compatible; MJ12bot/v1.4.8; http://mj12bot.com/)"
167.114.209.104 - - [09/Oct/2022:04:02:18 +0200] "GET /angeles-lakers-p-44955.html HTTP/1.0" 200 74976 "-" "Mozilla/5.0 (compatible; MJ12bot/v1.4.8; http://mj12bot.com/)"
66.249.64.246 - - [09/Oct/2022:04:02:25 +0200] "GET /images/mini_prod/3700572739533.jpg HTTP/1.0" 200 269 "-" "Googlebot-Image/1.0"
185.191.171.2 - - [09/Oct/2022:04:02:37 +0200] "GET /love-cats-p-42694.html?action=add_product HTTP/1.0" 302 476 "-" "Mozilla/5.0 (compatible; SemrushBot/7~bl; +http://www.semrush.com/bot.html)"
185.191.171.1 - - [09/Oct/2022:04:02:42 +0200] "GET /wunzees-doll-65-cm-series-flora-the-fox-p-45117.html HTTP/1.0" 301 75817 "-" "Mozilla/5.0 (compatible; SemrushBot/7~bl; +http://www.semrush.com/bot.html)"
185.191.171.24 - - [09/Oct/2022:04:02:45 +0200] "GET /wunzees-doll-series-flora-p-45117.html HTTP/1.0" 200 75725 "-" "Mozilla/5.0 (compatible; SemrushBot/7~bl; +http://www.semrush.com/bot.html)"
54.36.149.94 - - [09/Oct/2022:04:02:59 +0200] "GET /luminous-figurine-castle-sleeping-beauty-p-56307.html HTTP/1.0" 200 75884 "-" "Mozilla/5.0 (compatible; AhrefsBot/7.0; +http://ahrefs.com/robot/)"
185.191.171.37 - - [09/Oct/2022:04:03:10 +0200] "GET /bamboo-led-alarm-clock-p-47511.html HTTP/1.0" 301 76063 "-" "Mozilla/5.0 (compatible; SemrushBot/7~bl; +http://www.semrush.com/bot.html)"
185.191.171.2 - - [09/Oct/2022:04:03:13 +0200] "GET /bamboo-alarm-clock-p-47511.html HTTP/1.0" 200 75978 "-" "Mozilla/5.0 (compatible; SemrushBot/7~bl; +http://www.semrush.com/bot.html)"
185.191.171.15 - - [09/Oct/2022:04:03:17 +0200] "GET /orange-green-buddha-head-glass-lamp-p-47221.html?action=add_product HTTP/1.0" 302 476 "-" "Mozilla/5.0 (compatible; SemrushBot/7~bl; +http://www.semrush.com/bot.html)"
185.191.171.24 - - [09/Oct/2022:04:03:27 +0200] "GET /stone-blue-calcite-grams-p-46549.html?action=add_product HTTP/1.0" 301 476 "-" "Mozilla/5.0 (compatible; SemrushBot/7~bl; +http://www.semrush.com/bot.html)"
66.249.64.244 - - [09/Oct/2022:04:03:54 +0200] "GET /strawberry-shortcake-years-p-22143.html HTTP/1.0" 200 75029 "-" "Mozilla/5.0 (Linux; Android 6.0.1; Nexus 5X Build/MMB29P) AppleWebKit/537.36 (KHTML, like Gecko) Chrome/106.0.5249.91 Mobile Safari/537.36 (compatible; Googlebot/2.1; +http://www.google.com/bot.html)"
185.191.171.12 - - [09/Oct/2022:04:03:58 +0200] "GET /sandstone-butter-dish-with-bees-pattern-p-57767.html?action=add_product HTTP/1.0" 302 476 "-" "Mozilla/5.0 (compatible; SemrushBot/7~bl; +http://www.semrush.com/bot.html)"
185.191.171.2 - - [09/Oct/2022:04:04:00 +0200] "GET /fairy-lights-c-86_279.html HTTP/1.0" 200 85304 "-" "Mozilla/5.0 (compatible; SemrushBot/7~bl; +http://www.semrush.com/bot.html)"
185.191.171.45 - - [09/Oct/2022:04:04:07 +0200] "GET /accessories-mobiles-c-3_17.html?page=8 HTTP/1.0" 200 84166 "-" "Mozilla/5.0 (compatible; SemrushBot/7~bl; +http://www.semrush.com/bot.html)"
185.191.171.22 - - [09/Oct/2022:04:04:46 +0200] "GET /blue-bowl-with-white-porcelain-grid-p-56192.html HTTP/1.0" 200 75026 "-" "Mozilla/5.0 (compatible; SemrushBot/7~bl; +http://www.semrush.com/bot.html)"
185.191.171.3 - - [09/Oct/2022:04:04:51 +0200] "GET /cats-dubout-bowl-p-47090.html?action=add_product HTTP/1.0" 302 476 "-" "Mozilla/5.0 (compatible; SemrushBot/7~bl; +http://www.semrush.com/bot.html)"
54.36.148.216 - - [09/Oct/2022:04:04:55 +0200] "GET /wooden-ethnic-bedhead-wall-sticker-p-42898.html HTTP/1.0" 200 75123 "-" "Mozilla/5.0 (compatible; AhrefsBot/7.0; +http://ahrefs.com/robot/)"
66.249.64.242 - - [09/Oct/2022:04:05:02 +0200] "GET /images/big_prod/3503420151262.jpg HTTP/1.0" 200 268 "-" "Googlebot-Image/1.0"
173.252.83.20 - - [09/Oct/2022:04:05:08 +0200] "GET /images/mini_prod/5018997618448.jpg HTTP/1.0" 200 269 "-" "facebookexternalhit/1.1 (+http://www.facebook.com/externalhit_uatext.php)"
185.191.171.2 - - [09/Oct/2022:04:05:11 +0200] "GET /-p-49047.html?action=add_product HTTP/1.0" 302 476 "-" "Mozilla/5.0 (compatible; SemrushBot/7~bl; +http://www.semrush.com/bot.html)"
185.191.171.14 - - [09/Oct/2022:04:05:22 +0200] "GET /simpsons-team-beach-towel-p-18820.html?action=add_product HTTP/1.0" 301 476 "-" "Mozilla/5.0 (compatible; SemrushBot/7~bl; +http://www.semrush.com/bot.html)"
185.191.171.5 - - [09/Oct/2022:04:05:24 +0200] "GET /vanua-cotton-basket-planter-p-57439.html?action=add_product HTTP/1.0" 302 476 "-" "Mozilla/5.0 (compatible; SemrushBot/7~bl; +http://www.semrush.com/bot.html)"
185.191.171.5 - - [09/Oct/2022:04:05:31 +0200] "GET /cotton-floor-cushion-albertine-p-51078.html HTTP/1.0" 301 72315 "-" "Mozilla/5.0 (compatible; SemrushBot/7~bl; +http://www.semrush.com/bot.html)"
185.191.171.5 - - [09/Oct/2022:04:05:35 +0200] "GET /noddy-melamine-plate-p-12429.html HTTP/1.0" 301 72315 "-" "Mozilla/5.0 (compatible; SemrushBot/7~bl; +http://www.semrush.com/bot.html)"
185.191.171.44 - - [09/Oct/2022:04:05:38 +0200] "GET /-p-12429.html HTTP/1.0" 200 72248 "-" "Mozilla/5.0 (compatible; SemrushBot/7~bl; +http://www.semrush.com/bot.html)"
185.191.171.15 - - [09/Oct/2022:04:05:41 +0200] "GET /little-prince-cushion-cherry-pits-p-53843.html?action=add_product HTTP/1.0" 302 476 "-" "Mozilla/5.0 (compatible; SemrushBot/7~bl; +http://www.semrush.com/bot.html)"
185.191.171.22 - - [09/Oct/2022:04:05:43 +0200] "GET /heart-salt-lamp-about-p-57807.html?action=add_product HTTP/1.0" 302 476 "-" "Mozilla/5.0 (compatible; SemrushBot/7~bl; +http://www.semrush.com/bot.html)"
185.191.171.9 - - [09/Oct/2022:04:05:45 +0200] "GET /cigarette-machine-rastaman-jamaica-p-37011.html?action=add_product HTTP/1.0" 302 476 "-" "Mozilla/5.0 (compatible; SemrushBot/7~bl; +http://www.semrush.com/bot.html)"
66.249.64.242 - - [09/Oct/2022:04:05:59 +0200] "GET /cement-tile-stickers-p-50345.html HTTP/1.0" 200 75818 "-" "Mozilla/5.0 (compatible; Googlebot/2.1; +http://www.google.com/bot.html)"
152.136.123.61 - - [09/Oct/2022:04:06:01 +0200] "GET /images/mini_prod/3453131150996.jpg HTTP/1.0" 200 269 "-" "python-requests/2.27.1"
185.191.171.37 - - [09/Oct/2022:04:06:04 +0200] "GET /-p-14150.html?action=add_product HTTP/1.0" 302 476 "-" "Mozilla/5.0 (compatible; SemrushBot/7~bl; +http://www.semrush.com/bot.html)"
185.191.171.37 - - [09/Oct/2022:04:06:21 +0200] "GET /cement-tile-stickers-p-50347.html HTTP/1.0" 301 72315 "-" "Mozilla/5.0 (compatible; SemrushBot/7~bl; +http://www.semrush.com/bot.html)"
185.191.171.5 - - [09/Oct/2022:04:06:24 +0200] "GET /-p-50347.html HTTP/1.0" 200 72248 "-" "Mozilla/5.0 (compatible; SemrushBot/7~bl; +http://www.semrush.com/bot.html)"
66.249.64.242 - - [09/Oct/2022:04:06:30 +0200] "GET /images/mini_prod/846007011539.jpg HTTP/1.0" 200 268 "-" "Googlebot-Image/1.0"
185.191.171.37 - - [09/Oct/2022:04:06:49 +0200] "GET /light-wood-lamp-vintage-bulb-p-52171.html?action=add_product HTTP/1.0" 302 476 "-" "Mozilla/5.0 (compatible; SemrushBot/7~bl; +http://www.semrush.com/bot.html)"
54.36.148.212 - - [09/Oct/2022:04:06:53 +0200] "GET /agostini-large-metal-plate-deco-p-27967.html HTTP/1.0" 200 74947 "-" "Mozilla/5.0 (compatible; AhrefsBot/7.0; +http://ahrefs.com/robot/)"
185.191.171.6 - - [09/Oct/2022:04:07:01 +0200] "GET /quote-wall-sticker-cuisine-p-53955.html HTTP/1.0" 301 72315 "-" "Mozilla/5.0 (compatible; SemrushBot/7~bl; +http://www.semrush.com/bot.html)"
185.191.171.19 - - [09/Oct/2022:04:07:03 +0200] "GET /-p-53955.html HTTP/1.0" 200 72248 "-" "Mozilla/5.0 (compatible; SemrushBot/7~bl; +http://www.semrush.com/bot.html)"
185.191.171.6 - - [09/Oct/2022:04:07:07 +0200] "GET /verity-rose-gift-card-p-29168.html?action=add_product HTTP/1.0" 302 476 "-" "Mozilla/5.0 (compatible; SemrushBot/7~bl; +http://www.semrush.com/bot.html)"
216.244.66.242 - - [09/Oct/2022:04:07:15 +0200] "GET /robots.txt HTTP/1.0" 200 245 "-" "Mozilla/5.0 (compatible; DotBot/1.2; +https://opensiteexplorer.org/dotbot; help@moz.com)"
185.191.171.39 - - [09/Oct/2022:04:07:31 +0200] "GET /tetsubin-brown-teapot-japanese-12-liter-p-49383.html HTTP/1.0" 301 75352 "-" "Mozilla/5.0 (compatible; SemrushBot/7~bl; +http://www.semrush.com/bot.html)"
185.191.171.5 - - [09/Oct/2022:04:07:34 +0200] "GET /tetsubin-brown-teapot-japanese-liter-p-49383.html HTTP/1.0" 200 75249 "-" "Mozilla/5.0 (compatible; SemrushBot/7~bl; +http://www.semrush.com/bot.html)"
94.23.203.52 - - [09/Oct/2022:04:07:51 +0200] "GET /robots.txt HTTP/1.0" 200 245 "-" "Mozilla/5.0 (compatible; MJ12bot/v1.4.8; http://mj12bot.com/)"
192.144.201.77 - - [09/Oct/2022:04:07:52 +0200] "GET /images/mini_prod/3503420107825.jpg HTTP/1.0" 200 269 "-" "python-requests/2.27.1"
94.23.203.52 - - [09/Oct/2022:04:07:55 +0200] "GET /love-and-heart-bedclothes-240-220-cm-p-35340.html HTTP/1.0" 301 75718 "-" "Mozilla/5.0 (compatible; MJ12bot/v1.4.8; http://mj12bot.com/)"
94.23.203.52 - - [09/Oct/2022:04:08:02 +0200] "GET /love-heart-bedclothes-p-35340.html HTTP/1.0" 200 75630 "-" "Mozilla/5.0 (compatible; MJ12bot/v1.4.8; http://mj12bot.com/)"
185.191.171.3 - - [09/Oct/2022:04:08:09 +0200] "GET /golden-brass-round-ashtray-with-mosaic-p-49197.html?action=add_product HTTP/1.0" 302 476 "-" "Mozilla/5.0 (compatible; SemrushBot/7~bl; +http://www.semrush.com/bot.html)"
94.23.203.52 - - [09/Oct/2022:04:08:10 +0200] "GET /love-cats-cup-and-saucer-p-37303.html HTTP/1.0" 301 74994 "-" "Mozilla/5.0 (compatible; MJ12bot/v1.4.8; http://mj12bot.com/)"
207.46.13.140 - - [09/Oct/2022:04:08:12 +0200] "GET /images/mini_prod/5051276457772.jpg HTTP/1.0" 200 269 "-" "Mozilla/5.0 (compatible; bingbot/2.0; +http://www.bing.com/bingbot.htm)"
185.191.171.13 - - [09/Oct/2022:04:08:14 +0200] "GET /lola-shower-towel-70-130-cm-420-gr-white-p-41784.html HTTP/1.0" 301 75891 "-" "Mozilla/5.0 (compatible; SemrushBot/7~bl; +http://www.semrush.com/bot.html)"
185.191.171.24 - - [09/Oct/2022:04:08:16 +0200] "GET /lola-shower-towel-white-p-41784.html HTTP/1.0" 200 75801 "-" "Mozilla/5.0 (compatible; SemrushBot/7~bl; +http://www.semrush.com/bot.html)"
94.23.203.52 - - [09/Oct/2022:04:08:17 +0200] "GET /love-cats-saucer-p-37303.html HTTP/1.0" 200 74911 "-" "Mozilla/5.0 (compatible; MJ12bot/v1.4.8; http://mj12bot.com/)"
185.191.171.1 - - [09/Oct/2022:04:08:19 +0200] "GET /placemat-kiub-collection-kook-ziggy-p-59081.html HTTP/1.0" 200 75633 "-" "Mozilla/5.0 (compatible; SemrushBot/7~bl; +http://www.semrush.com/bot.html)"
94.23.203.52 - - [09/Oct/2022:04:08:25 +0200] "GET /love-cats-saucer-p-37303.html HTTP/1.0" 200 74911 "-" "Mozilla/5.0 (compatible; MJ12bot/v1.4.8; http://mj12bot.com/)"
94.23.203.52 - - [09/Oct/2022:04:08:34 +0200] "GET /love-collection-gorjuss-p-23144.html HTTP/1.0" 301 72315 "-" "Mozilla/5.0 (compatible; MJ12bot/v1.4.8; http://mj12bot.com/)"
192.144.201.77 - - [09/Oct/2022:04:08:41 +0200] "GET /images/mini_prod/DSCN7320london.jpg HTTP/1.0" 200 270 "-" "python-requests/2.27.1"
94.23.203.52 - - [09/Oct/2022:04:08:40 +0200] "GET /-p-23144.html HTTP/1.0" 200 72248 "-" "Mozilla/5.0 (compatible; MJ12bot/v1.4.8; http://mj12bot.com/)"
152.136.128.182 - - [09/Oct/2022:04:08:46 +0200] "GET /images/mini_prod/1384010184417.jpg HTTP/1.0" 200 269 "-" "python-requests/2.27.1"
94.23.203.52 - - [09/Oct/2022:04:08:49 +0200] "GET /love-country-white-women-shirt-p-33797.html HTTP/1.0" 200 77195 "-" "Mozilla/5.0 (compatible; MJ12bot/v1.4.8; http://mj12bot.com/)"
185.191.171.44 - - [09/Oct/2022:04:08:50 +0200] "GET /cotton-percale-premium-fitted-sheet-180-200-cm-p-46746.html HTTP/1.0" 301 76249 "-" "Mozilla/5.0 (compatible; SemrushBot/7~bl; +http://www.semrush.com/bot.html)"
54.36.148.5 - - [09/Oct/2022:04:08:53 +0200] "GET /lighting-c-13_86.html?page=23 HTTP/1.0" 200 81049 "-" "Mozilla/5.0 (compatible; AhrefsBot/7.0; +http://ahrefs.com/robot/)"
185.191.171.37 - - [09/Oct/2022:04:08:54 +0200] "GET /cotton-percale-premium-fitted-sheet-p-46746.html HTTP/1.0" 200 76147 "-" "Mozilla/5.0 (compatible; SemrushBot/7~bl; +http://www.semrush.com/bot.html)"
94.23.203.52 - - [09/Oct/2022:04:08:57 +0200] "GET /love-country-white-women-tee-shirt-p-33797.html HTTP/1.0" 301 77292 "-" "Mozilla/5.0 (compatible; MJ12bot/v1.4.8; http://mj12bot.com/)"
185.191.171.1 - - [09/Oct/2022:04:09:02 +0200] "GET /espresso-cups-marseille-p-51374.html?action=add_product HTTP/1.0" 302 476 "-" "Mozilla/5.0 (compatible; SemrushBot/7~bl; +http://www.semrush.com/bot.html)"
94.23.203.52 - - [09/Oct/2022:04:09:02 +0200] "GET /love-country-white-women-shirt-p-33797.html HTTP/1.0" 200 77195 "-" "Mozilla/5.0 (compatible; MJ12bot/v1.4.8; http://mj12bot.com/)"
66.249.64.244 - - [09/Oct/2022:04:09:05 +0200] "GET /corail-fitted-sheet-p-39684.html HTTP/1.0" 200 72338 "-" "Mozilla/5.0 (Linux; Android 6.0.1; Nexus 5X Build/MMB29P) AppleWebKit/537.36 (KHTML, like Gecko) Chrome/105.0.5195.125 Mobile Safari/537.36 (compatible; Googlebot/2.1; +http://www.google.com/bot.html)"
185.191.171.19 - - [09/Oct/2022:04:09:06 +0200] "GET /accessories-c-3.html?page=39 HTTP/1.0" 200 86636 "-" "Mozilla/5.0 (compatible; SemrushBot/7~bl; +http://www.semrush.com/bot.html)"
185.191.171.13 - - [09/Oct/2022:04:09:10 +0200] "GET /wall-decoration-tropic-collection-parrots-p-46710.html?action=add_product HTTP/1.0" 301 476 "-" "Mozilla/5.0 (compatible; SemrushBot/7~bl; +http://www.semrush.com/bot.html)"
94.23.203.52 - - [09/Oct/2022:04:09:11 +0200] "GET /love-heart-bedclothes-p-35340.html HTTP/1.0" 200 75630 "-" "Mozilla/5.0 (compatible; MJ12bot/v1.4.8; http://mj12bot.com/)"
192.144.201.77 - - [09/Oct/2022:04:09:12 +0200] "GET /images/3700653501967.jpg HTTP/1.0" 200 259 "-" "python-requests/2.27.1"
185.191.171.4 - - [09/Oct/2022:04:09:17 +0200] "GET /rattan-basket-p-49421.html?action=add_product HTTP/1.0" 302 476 "-" "Mozilla/5.0 (compatible; SemrushBot/7~bl; +http://www.semrush.com/bot.html)"
94.23.203.52 - - [09/Oct/2022:04:09:23 +0200] "GET /love-london-money-box-by-cbkreation-p-24003.html HTTP/1.0" 301 75075 "-" "Mozilla/5.0 (compatible; MJ12bot/v1.4.8; http://mj12bot.com/)"
94.23.203.52 - - [09/Oct/2022:04:09:29 +0200] "GET /love-london-money-cbkreation-p-24003.html HTTP/1.0" 200 74980 "-" "Mozilla/5.0 (compatible; MJ12bot/v1.4.8; http://mj12bot.com/)"
185.191.171.7 - - [09/Oct/2022:04:09:31 +0200] "GET /laissez-lucie-faire-rati-card-holders-p-42661.html HTTP/1.0" 200 72376 "-" "Mozilla/5.0 (compatible; SemrushBot/7~bl; +http://www.semrush.com/bot.html)"
185.191.171.1 - - [09/Oct/2022:04:09:39 +0200] "GET /italia-figc-p-15551.html?action=add_product HTTP/1.0" 302 476 "-" "Mozilla/5.0 (compatible; SemrushBot/7~bl; +http://www.semrush.com/bot.html)"
94.23.203.52 - - [09/Oct/2022:04:09:39 +0200] "GET /love-london-money-cbkreation-p-24003.html HTTP/1.0" 200 74980 "-" "Mozilla/5.0 (compatible; MJ12bot/v1.4.8; http://mj12bot.com/)"
185.191.171.24 - - [09/Oct/2022:04:09:41 +0200] "GET /kids-school-bag-c-31_80.html?page=1 HTTP/1.0" 301 92343 "-" "Mozilla/5.0 (compatible; SemrushBot/7~bl; +http://www.semrush.com/bot.html)"
185.191.171.12 - - [09/Oct/2022:04:09:46 +0200] "GET /kids-school-c-80.html?page=1 HTTP/1.0" 301 92188 "-" "Mozilla/5.0 (compatible; SemrushBot/7~bl; +http://www.semrush.com/bot.html)"
66.249.64.242 - - [09/Oct/2022:04:09:46 +0200] "GET /indian-motorcycle-metal-plate-deco-405-215-cm-p-42343.html HTTP/1.0" 301 75219 "-" "Mozilla/5.0 (compatible; Googlebot/2.1; +http://www.google.com/bot.html)"
185.191.171.15 - - [09/Oct/2022:04:09:49 +0200] "GET /paris-sepia-p-38587.html?action=add_product HTTP/1.0" 302 476 "-" "Mozilla/5.0 (compatible; SemrushBot/7~bl; +http://www.semrush.com/bot.html)"
66.249.64.242 - - [09/Oct/2022:04:09:49 +0200] "GET /indian-motorcycle-metal-plate-deco-p-42343.html HTTP/1.0" 200 75118 "-" "Mozilla/5.0 (compatible; Googlebot/2.1; +http://www.google.com/bot.html)"
185.191.171.41 - - [09/Oct/2022:04:09:51 +0200] "GET /tetsubin-light-green-teapot-japanese-liter-p-39978.html?action=add_product HTTP/1.0" 302 476 "-" "Mozilla/5.0 (compatible; SemrushBot/7~bl; +http://www.semrush.com/bot.html)"
192.144.201.77 - - [09/Oct/2022:04:09:53 +0200] "GET /images/mini_prod/34DSCN8163.jpg HTTP/1.0" 200 266 "-" "python-requests/2.27.1"
185.191.171.44 - - [09/Oct/2022:04:09:52 +0200] "GET /tasty-rectangulary-cushion-by-cbkreation-p-17537.html HTTP/1.0" 301 72315 "-" "Mozilla/5.0 (compatible; SemrushBot/7~bl; +http://www.semrush.com/bot.html)"
94.23.203.52 - - [09/Oct/2022:04:09:55 +0200] "GET /love-london-mouse-cbkreation-p-13921.html HTTP/1.0" 200 74932 "-" "Mozilla/5.0 (compatible; MJ12bot/v1.4.8; http://mj12bot.com/)"
185.191.171.22 - - [09/Oct/2022:04:09:55 +0200] "GET /-p-17537.html HTTP/1.0" 200 72248 "-" "Mozilla/5.0 (compatible; SemrushBot/7~bl; +http://www.semrush.com/bot.html)"
185.191.171.41 - - [09/Oct/2022:04:09:58 +0200] "GET /kids-school-c-31_80.html?page=1 HTTP/1.0" 200 92261 "-" "Mozilla/5.0 (compatible; SemrushBot/7~bl; +http://www.semrush.com/bot.html)"
94.23.203.52 - - [09/Oct/2022:04:10:02 +0200] "GET /love-london-mouse-cbkreation-p-23324.html HTTP/1.0" 200 74931 "-" "Mozilla/5.0 (compatible; MJ12bot/v1.4.8; http://mj12bot.com/)"
94.23.203.52 - - [09/Oct/2022:04:10:09 +0200] "GET /love-london-mouse-pad-by-cbkreation-p-13921.html HTTP/1.0" 301 75027 "-" "Mozilla/5.0 (compatible; MJ12bot/v1.4.8; http://mj12bot.com/)"
94.23.203.52 - - [09/Oct/2022:04:10:14 +0200] "GET /love-london-mouse-cbkreation-p-13921.html HTTP/1.0" 200 74932 "-" "Mozilla/5.0 (compatible; MJ12bot/v1.4.8; http://mj12bot.com/)"
51.68.224.127 - - [09/Oct/2022:04:10:14 +0200] "GET /adminweb/export_orders_xml.php?token=256de2z6edz6ed2z6DFSFsed2zed6zeDSFDSGdzedezfzf&maxorders=10&orderstart=1&status=14&start_date=2018-10-01 HTTP/1.0" 200 285 "-" "GesCom CharlotteBoutik Serveur"
51.68.224.127 - - [09/Oct/2022:04:10:15 +0200] "GET /adminweb/export_orders_xml.php?token=256de2z6edz6ed2z6DFSFsed2zed6zeDSFDSGdzedezfzf&maxorders=10&orderstart=1&status=6&start_date=2018-10-01 HTTP/1.0" 200 33985 "-" "GesCom CharlotteBoutik Serveur"
185.191.171.21 - - [09/Oct/2022:04:10:15 +0200] "GET /jake-and-the-never-land-pirates-pvc-money-box-p-32144.html HTTP/1.0" 301 75192 "-" "Mozilla/5.0 (compatible; SemrushBot/7~bl; +http://www.semrush.com/bot.html)"
185.191.171.18 - - [09/Oct/2022:04:10:18 +0200] "GET /jake-never-land-pirates-money-p-32144.html HTTP/1.0" 200 75096 "-" "Mozilla/5.0 (compatible; SemrushBot/7~bl; +http://www.semrush.com/bot.html)"
94.23.203.52 - - [09/Oct/2022:04:10:24 +0200] "GET /love-london-mouse-pad-by-cbkreation-p-23324.html HTTP/1.0" 301 75026 "-" "Mozilla/5.0 (compatible; MJ12bot/v1.4.8; http://mj12bot.com/)"
66.249.64.242 - - [09/Oct/2022:04:10:36 +0200] "GET /images/mini_prod/5051276457765.jpg HTTP/1.0" 200 269 "-" "Googlebot-Image/1.0"
94.23.203.52 - - [09/Oct/2022:04:10:37 +0200] "GET /love-london-mouse-cbkreation-p-23324.html HTTP/1.0" 200 74931 "-" "Mozilla/5.0 (compatible; MJ12bot/v1.4.8; http://mj12bot.com/)"
185.191.171.15 - - [09/Oct/2022:04:10:43 +0200] "GET /-p-25128.html?action=add_product HTTP/1.0" 302 476 "-" "Mozilla/5.0 (compatible; SemrushBot/7~bl; +http://www.semrush.com/bot.html)"
54.36.149.44 - - [09/Oct/2022:04:10:44 +0200] "GET /resin-statuette-chinese-flute-player-p-42952.html HTTP/1.0" 200 72382 "-" "Mozilla/5.0 (compatible; AhrefsBot/7.0; +http://ahrefs.com/robot/)"
185.191.171.26 - - [09/Oct/2022:04:10:44 +0200] "GET /-p-31694.html HTTP/1.0" 200 72248 "-" "Mozilla/5.0 (compatible; SemrushBot/7~bl; +http://www.semrush.com/bot.html)"
94.23.203.52 - - [09/Oct/2022:04:10:49 +0200] "GET /love-london-mouse-pad-by-cbkreation-p-23325.html HTTP/1.0" 301 74996 "-" "Mozilla/5.0 (compatible; MJ12bot/v1.4.8; http://mj12bot.com/)"
94.23.203.52 - - [09/Oct/2022:04:10:53 +0200] "GET /mouse-cbkreation-p-23325.html HTTP/1.0" 200 74913 "-" "Mozilla/5.0 (compatible; MJ12bot/v1.4.8; http://mj12bot.com/)"
94.23.203.52 - - [09/Oct/2022:04:10:59 +0200] "GET /love-map-collection-gorjuss-p-23144.html HTTP/1.0" 301 72315 "-" "Mozilla/5.0 (compatible; MJ12bot/v1.4.8; http://mj12bot.com/)"
185.191.171.24 - - [09/Oct/2022:04:11:05 +0200] "GET /pillow-case-65-65-cm-light-brown-color-p-39686.html HTTP/1.0" 301 72476 "-" "Mozilla/5.0 (compatible; SemrushBot/7~bl; +http://www.semrush.com/bot.html)"
192.144.201.77 - - [09/Oct/2022:04:11:06 +0200] "GET /images/mini_prod/3585190854208.jpg HTTP/1.0" 200 269 "-" "python-requests/2.27.1"
173.252.83.8 - - [09/Oct/2022:04:11:07 +0200] "GET /images/mini_prod/1399984286081.jpg HTTP/1.0" 200 269 "-" "facebookexternalhit/1.1 (+http://www.facebook.com/externalhit_uatext.php)"
185.191.171.45 - - [09/Oct/2022:04:11:08 +0200] "GET /pillow-case-light-brown-color-p-39686.html HTTP/1.0" 200 72380 "-" "Mozilla/5.0 (compatible; SemrushBot/7~bl; +http://www.semrush.com/bot.html)"
94.23.203.52 - - [09/Oct/2022:04:11:08 +0200] "GET /-p-23144.html HTTP/1.0" 200 72248 "-" "Mozilla/5.0 (compatible; MJ12bot/v1.4.8; http://mj12bot.com/)"
185.191.171.37 - - [09/Oct/2022:04:11:11 +0200] "GET /-p-40066.html?action=add_product HTTP/1.0" 302 476 "-" "Mozilla/5.0 (compatible; SemrushBot/7~bl; +http://www.semrush.com/bot.html)"
192.144.201.77 - - [09/Oct/2022:04:11:18 +0200] "GET /images/mini_prod/3503420168024.jpg HTTP/1.0" 200 269 "-" "python-requests/2.27.1"
94.23.203.52 - - [09/Oct/2022:04:11:22 +0200] "GET /love-nyc-semi-sheer-voile-grommet-panel-p-28696.html HTTP/1.0" 301 72315 "-" "Mozilla/5.0 (compatible; MJ12bot/v1.4.8; http://mj12bot.com/)"
94.23.203.52 - - [09/Oct/2022:04:11:29 +0200] "GET /-p-28696.html HTTP/1.0" 200 72248 "-" "Mozilla/5.0 (compatible; MJ12bot/v1.4.8; http://mj12bot.com/)"
94.23.203.52 - - [09/Oct/2022:04:11:38 +0200] "GET /love-personnalized-circle-coasters-p-17681.html HTTP/1.0" 200 72527 "-" "Mozilla/5.0 (compatible; MJ12bot/v1.4.8; http://mj12bot.com/)"
185.191.171.9 - - [09/Oct/2022:04:11:41 +0200] "GET /cotton-floor-cushion-beely-p-53569.html HTTP/1.0" 200 72342 "-" "Mozilla/5.0 (compatible; SemrushBot/7~bl; +http://www.semrush.com/bot.html)"
94.23.203.52 - - [09/Oct/2022:04:11:46 +0200] "GET /love-personnalized-coffee-cups-p-17676.html HTTP/1.0" 200 72505 "-" "Mozilla/5.0 (compatible; MJ12bot/v1.4.8; http://mj12bot.com/)"
185.191.171.1 - - [09/Oct/2022:04:11:47 +0200] "GET /brave-mrida-melamine-glass-p-17157.html?action=add_product HTTP/1.0" 301 476 "-" "Mozilla/5.0 (compatible; SemrushBot/7~bl; +http://www.semrush.com/bot.html)"
185.191.171.34 - - [09/Oct/2022:04:11:48 +0200] "GET /robots.txt HTTP/1.0" 200 245 "-" "Mozilla/5.0 (compatible; SemrushBot/7~bl; +http://www.semrush.com/bot.html)"
94.23.203.52 - - [09/Oct/2022:04:11:57 +0200] "GET /love-personnalized-set-of-circle-coasters-p-17681.html HTTP/1.0" 301 72628 "-" "Mozilla/5.0 (compatible; MJ12bot/v1.4.8; http://mj12bot.com/)"
94.23.203.52 - - [09/Oct/2022:04:12:06 +0200] "GET /love-personnalized-circle-coasters-p-17681.html HTTP/1.0" 200 72527 "-" "Mozilla/5.0 (compatible; MJ12bot/v1.4.8; http://mj12bot.com/)"
94.23.203.52 - - [09/Oct/2022:04:12:14 +0200] "GET /love-personnalized-set-of-coffee-cups-p-17676.html HTTP/1.0" 301 72602 "-" "Mozilla/5.0 (compatible; MJ12bot/v1.4.8; http://mj12bot.com/)"
185.191.171.41 - - [09/Oct/2022:04:12:16 +0200] "GET /london-lord-brian-opener-p-19942.html?action=add_product HTTP/1.0" 302 476 "-" "Mozilla/5.0 (compatible; SemrushBot/7~bl; +http://www.semrush.com/bot.html)"
185.191.171.3 - - [09/Oct/2022:04:12:17 +0200] "GET /silver-skull-money-p-27602.html?action=add_product HTTP/1.0" 302 476 "-" "Mozilla/5.0 (compatible; SemrushBot/7~bl; +http://www.semrush.com/bot.html)"
94.23.203.52 - - [09/Oct/2022:04:12:25 +0200] "GET /love-personnalized-coffee-cups-p-17676.html HTTP/1.0" 200 72505 "-" "Mozilla/5.0 (compatible; MJ12bot/v1.4.8; http://mj12bot.com/)"
94.23.203.52 - - [09/Oct/2022:04:12:30 +0200] "GET /love-personnalized-set-of-square-coasters-p-17679.html HTTP/1.0" 301 72626 "-" "Mozilla/5.0 (compatible; MJ12bot/v1.4.8; http://mj12bot.com/)"
152.136.128.182 - - [09/Oct/2022:04:12:41 +0200] "GET /images/mini_prod/3453131143820.jpg HTTP/1.0" 200 269 "-" "python-requests/2.27.1"
54.36.149.100 - - [09/Oct/2022:04:12:40 +0200] "GET /austin-mini-cooper-large-metal-plate-deco-p-37104.html HTTP/1.0" 200 75023 "-" "Mozilla/5.0 (compatible; AhrefsBot/7.0; +http://ahrefs.com/robot/)"
94.23.203.52 - - [09/Oct/2022:04:12:41 +0200] "GET /love-personnalized-square-coasters-p-17679.html HTTP/1.0" 200 72525 "-" "Mozilla/5.0 (compatible; MJ12bot/v1.4.8; http://mj12bot.com/)"
94.23.203.52 - - [09/Oct/2022:04:12:49 +0200] "GET /love-personnalized-small-mug-p-17677.html HTTP/1.0" 301 75234 "-" "Mozilla/5.0 (compatible; MJ12bot/v1.4.8; http://mj12bot.com/)"
173.252.83.10 - - [09/Oct/2022:04:12:51 +0200] "GET /images/mini_prod/8425131220295.jpg HTTP/1.0" 200 269 "-" "facebookexternalhit/1.1 (+http://www.facebook.com/externalhit_uatext.php)"
