94.23.203.52 - - [09/Oct/2022:04:12:55 +0200] "GET /love-personnalized-small-p-17677.html HTTP/1.0" 200 75143 "-" "Mozilla/5.0 (compatible; MJ12bot/v1.4.8; http://mj12bot.com/)"
185.191.171.43 - - [09/Oct/2022:04:12:55 +0200] "GET /barbapapa-pastry-making-p-11659.html?action=add_product HTTP/1.0" 301 476 "-" "Mozilla/5.0 (compatible; SemrushBot/7~bl; +http://www.semrush.com/bot.html)"
94.23.203.52 - - [09/Oct/2022:04:13:07 +0200] "GET /love-personnalized-small-p-17677.html HTTP/1.0" 200 75143 "-" "Mozilla/5.0 (compatible; MJ12bot/v1.4.8; http://mj12bot.com/)"
185.191.171.26 - - [09/Oct/2022:04:13:11 +0200] "GET /scent-cup-heart-and-home-baubles-and-berries-p-53332.html HTTP/1.0" 301 75311 "-" "Mozilla/5.0 (compatible; SemrushBot/7~bl; +http://www.semrush.com/bot.html)"
185.191.171.8 - - [09/Oct/2022:04:13:15 +0200] "GET /scent-heart-home-baubles-berries-p-53332.html HTTP/1.0" 200 75212 "-" "Mozilla/5.0 (compatible; SemrushBot/7~bl; +http://www.semrush.com/bot.html)"
94.23.203.52 - - [09/Oct/2022:04:13:16 +0200] "GET /love-personnalized-square-coasters-p-17679.html HTTP/1.0" 200 72525 "-" "Mozilla/5.0 (compatible; MJ12bot/v1.4.8; http://mj12bot.com/)"
94.23.203.52 - - [09/Oct/2022:04:13:27 +0200] "GET /love-pink-black-pencil-case-p-19831.html HTTP/1.0" 301 72315 "-" "Mozilla/5.0 (compatible; MJ12bot/v1.4.8; http://mj12bot.com/)"
94.23.203.52 - - [09/Oct/2022:04:13:35 +0200] "GET /-p-19831.html HTTP/1.0" 200 72248 "-" "Mozilla/5.0 (compatible; MJ12bot/v1.4.8; http://mj12bot.com/)"
185.191.171.22 - - [09/Oct/2022:04:13:35 +0200] "GET /andaluz-horse-poster-p-36331.html?action=add_product HTTP/1.0" 302 476 "-" "Mozilla/5.0 (compatible; SemrushBot/7~bl; +http://www.semrush.com/bot.html)"
185.191.171.23 - - [09/Oct/2022:04:13:38 +0200] "GET /quibe-almost-black-handbag-made-france-p-52342.html?action=add_product HTTP/1.0" 302 476 "-" "Mozilla/5.0 (compatible; SemrushBot/7~bl; +http://www.semrush.com/bot.html)"
185.191.171.25 - - [09/Oct/2022:04:13:42 +0200] "GET /fireflower-metal-capacity-p-52993.html?action=add_product HTTP/1.0" 302 476 "-" "Mozilla/5.0 (compatible; SemrushBot/7~bl; +http://www.semrush.com/bot.html)"
185.191.171.6 - - [09/Oct/2022:04:13:44 +0200] "GET /corsica-poster-p-42445.html?action=add_product HTTP/1.0" 301 476 "-" "Mozilla/5.0 (compatible; SemrushBot/7~bl; +http://www.semrush.com/bot.html)"
185.191.171.3 - - [09/Oct/2022:04:13:45 +0200] "GET /-p-43712.html?action=add_product HTTP/1.0" 302 476 "-" "Mozilla/5.0 (compatible; SemrushBot/7~bl; +http://www.semrush.com/bot.html)"
94.23.203.52 - - [09/Oct/2022:04:13:47 +0200] "GET /love-pink-black-pencil-case-p-30548.html HTTP/1.0" 301 72315 "-" "Mozilla/5.0 (compatible; MJ12bot/v1.4.8; http://mj12bot.com/)"
94.23.203.52 - - [09/Oct/2022:04:13:54 +0200] "GET /-p-30548.html HTTP/1.0" 200 72248 "-" "Mozilla/5.0 (compatible; MJ12bot/v1.4.8; http://mj12bot.com/)"
94.23.203.52 - - [09/Oct/2022:04:14:01 +0200] "GET /love-pink-blue-bag-post-office-p-19828.html HTTP/1.0" 301 75385 "-" "Mozilla/5.0 (compatible; MJ12bot/v1.4.8; http://mj12bot.com/)"
185.191.171.40 - - [09/Oct/2022:04:14:05 +0200] "GET /polar-blankets-blankets-c-11_73.html?page=2 HTTP/1.0" 200 88449 "-" "Mozilla/5.0 (compatible; SemrushBot/7~bl; +http://www.semrush.com/bot.html)"
94.23.203.52 - - [09/Oct/2022:04:14:08 +0200] "GET /love-pink-blue-post-office-p-19828.html HTTP/1.0" 200 75292 "-" "Mozilla/5.0 (compatible; MJ12bot/v1.4.8; http://mj12bot.com/)"
185.191.171.13 - - [09/Oct/2022:04:14:08 +0200] "GET /beer-glass-and-bottle-opener-set-p-53485.html HTTP/1.0" 301 75998 "-" "Mozilla/5.0 (compatible; SemrushBot/7~bl; +http://www.semrush.com/bot.html)"
185.191.171.13 - - [09/Oct/2022:04:14:13 +0200] "GET /navy-blue-keychain-little-prince-p-47478.html?action=add_product HTTP/1.0" 302 476 "-" "Mozilla/5.0 (compatible; SemrushBot/7~bl; +http://www.semrush.com/bot.html)"
185.191.171.20 - - [09/Oct/2022:04:14:14 +0200] "GET /princess-mini-melamine-tray-p-45139.html HTTP/1.0" 200 74989 "-" "Mozilla/5.0 (compatible; SemrushBot/7~bl; +http://www.semrush.com/bot.html)"
94.23.203.52 - - [09/Oct/2022:04:14:15 +0200] "GET /love-pink-blue-pencil-case-p-19833.html HTTP/1.0" 301 72315 "-" "Mozilla/5.0 (compatible; MJ12bot/v1.4.8; http://mj12bot.com/)"
185.191.171.21 - - [09/Oct/2022:04:14:17 +0200] "GET /beer-glass-bottle-opener-p-53485.html HTTP/1.0" 200 75907 "-" "Mozilla/5.0 (compatible; SemrushBot/7~bl; +http://www.semrush.com/bot.html)"
94.23.203.52 - - [09/Oct/2022:04:14:21 +0200] "GET /-p-19833.html HTTP/1.0" 200 72248 "-" "Mozilla/5.0 (compatible; MJ12bot/v1.4.8; http://mj12bot.com/)"
185.191.171.23 - - [09/Oct/2022:04:14:25 +0200] "GET /-p-44479.html?action=add_product HTTP/1.0" 302 476 "-" "Mozilla/5.0 (compatible; SemrushBot/7~bl; +http://www.semrush.com/bot.html)"
94.23.203.52 - - [09/Oct/2022:04:14:28 +0200] "GET /love-pink-blue-post-office-p-19828.html HTTP/1.0" 200 75292 "-" "Mozilla/5.0 (compatible; MJ12bot/v1.4.8; http://mj12bot.com/)"
94.23.203.52 - - [09/Oct/2022:04:14:33 +0200] "GET /love-pink-fountain-p-26301.html HTTP/1.0" 200 74936 "-" "Mozilla/5.0 (compatible; MJ12bot/v1.4.8; http://mj12bot.com/)"
54.36.148.132 - - [09/Oct/2022:04:14:36 +0200] "GET /handcraft-sheet-p-51599.html HTTP/1.0" 200 75850 "-" "Mozilla/5.0 (compatible; AhrefsBot/7.0; +http://ahrefs.com/robot/)"
94.23.203.52 - - [09/Oct/2022:04:14:39 +0200] "GET /love-pink-fountain-p-26307.html HTTP/1.0" 200 74937 "-" "Mozilla/5.0 (compatible; MJ12bot/v1.4.8; http://mj12bot.com/)"
66.249.64.242 - - [09/Oct/2022:04:14:41 +0200] "GET /images/mini_prod/8422019680844.jpg HTTP/1.0" 200 269 "-" "Googlebot-Image/1.0"
173.252.83.13 - - [09/Oct/2022:04:14:50 +0200] "GET /images/mini_prod/3520071634098.jpg HTTP/1.0" 200 269 "-" "facebookexternalhit/1.1 (+http://www.facebook.com/externalhit_uatext.php)"
94.23.203.52 - - [09/Oct/2022:04:14:49 +0200] "GET /love-pink-fountain-pen-p-26301.html HTTP/1.0" 301 75021 "-" "Mozilla/5.0 (compatible; MJ12bot/v1.4.8; http://mj12bot.com/)"
94.23.203.52 - - [09/Oct/2022:04:14:55 +0200] "GET /love-pink-fountain-p-26301.html HTTP/1.0" 200 74936 "-" "Mozilla/5.0 (compatible; MJ12bot/v1.4.8; http://mj12bot.com/)"
185.191.171.12 - - [09/Oct/2022:04:15:01 +0200] "GET /rattan-baskets-35-cm-p-45463.html HTTP/1.0" 301 72408 "-" "Mozilla/5.0 (compatible; SemrushBot/7~bl; +http://www.semrush.com/bot.html)"
94.23.203.52 - - [09/Oct/2022:04:15:01 +0200] "GET /love-pink-fountain-pen-p-26307.html HTTP/1.0" 301 75022 "-" "Mozilla/5.0 (compatible; MJ12bot/v1.4.8; http://mj12bot.com/)"
185.191.171.39 - - [09/Oct/2022:04:15:04 +0200] "GET /story-prickles-figure-p-6754.html?action=add_product HTTP/1.0" 302 476 "-" "Mozilla/5.0 (compatible; SemrushBot/7~bl; +http://www.semrush.com/bot.html)"
47.94.243.250 - - [09/Oct/2022:04:15:06 +0200] "GET /images/mini_prod/3503420099304SC001.jpg HTTP/1.0" 200 274 "-" "Mozilla/5.0 (Macintosh; Intel Mac OS X 10_15_7) AppleWebKit/537.36 (KHTML, like Gecko) Chrome/105.0.0.0 Safari/537.36"
185.191.171.15 - - [09/Oct/2022:04:15:07 +0200] "GET /dubout-cats-thermometer-p-40031.html?action=add_product HTTP/1.0" 302 476 "-" "Mozilla/5.0 (compatible; SemrushBot/7~bl; +http://www.semrush.com/bot.html)"
94.23.203.52 - - [09/Oct/2022:04:15:08 +0200] "GET /love-pink-fountain-p-26307.html HTTP/1.0" 200 74937 "-" "Mozilla/5.0 (compatible; MJ12bot/v1.4.8; http://mj12bot.com/)"
185.191.171.39 - - [09/Oct/2022:04:15:08 +0200] "GET /rattan-baskets-p-45463.html HTTP/1.0" 200 72327 "-" "Mozilla/5.0 (compatible; SemrushBot/7~bl; +http://www.semrush.com/bot.html)"
94.23.203.52 - - [09/Oct/2022:04:15:15 +0200] "GET /love-pink-fuschia-bag-post-office-p-19823.html HTTP/1.0" 301 72315 "-" "Mozilla/5.0 (compatible; MJ12bot/v1.4.8; http://mj12bot.com/)"
94.23.203.52 - - [09/Oct/2022:04:15:25 +0200] "GET /-p-19823.html HTTP/1.0" 200 72248 "-" "Mozilla/5.0 (compatible; MJ12bot/v1.4.8; http://mj12bot.com/)"
185.191.171.12 - - [09/Oct/2022:04:15:33 +0200] "GET /beatles-help-metal-magnet-p-10806.html?action=add_product HTTP/1.0" 302 476 "-" "Mozilla/5.0 (compatible; SemrushBot/7~bl; +http://www.semrush.com/bot.html)"
94.23.203.52 - - [09/Oct/2022:04:15:34 +0200] "GET /love-pink-pink-pencil-case-p-19834.html HTTP/1.0" 301 72315 "-" "Mozilla/5.0 (compatible; MJ12bot/v1.4.8; http://mj12bot.com/)"
185.191.171.7 - - [09/Oct/2022:04:15:39 +0200] "GET /monk-buddhist-candle-holder-p-50389.html?action=add_product HTTP/1.0" 302 476 "-" "Mozilla/5.0 (compatible; SemrushBot/7~bl; +http://www.semrush.com/bot.html)"
94.23.203.52 - - [09/Oct/2022:04:15:40 +0200] "GET /-p-19834.html HTTP/1.0" 200 72248 "-" "Mozilla/5.0 (compatible; MJ12bot/v1.4.8; http://mj12bot.com/)"
94.23.203.52 - - [09/Oct/2022:04:15:44 +0200] "GET /love-pink-purple-pencil-case-p-19835.html HTTP/1.0" 301 72315 "-" "Mozilla/5.0 (compatible; MJ12bot/v1.4.8; http://mj12bot.com/)"
94.23.203.52 - - [09/Oct/2022:04:15:51 +0200] "GET /-p-19835.html HTTP/1.0" 200 72248 "-" "Mozilla/5.0 (compatible; MJ12bot/v1.4.8; http://mj12bot.com/)"
185.191.171.41 - - [09/Oct/2022:04:15:55 +0200] "GET /tinkerbell-couture-force-figurine-p-58749.html?action=add_product HTTP/1.0" 302 476 "-" "Mozilla/5.0 (compatible; SemrushBot/7~bl; +http://www.semrush.com/bot.html)"
94.23.203.52 - - [09/Oct/2022:04:15:59 +0200] "GET /love-pucca-mouse-p-2419.html HTTP/1.0" 200 75021 "-" "Mozilla/5.0 (compatible; MJ12bot/v1.4.8; http://mj12bot.com/)"
94.23.203.52 - - [09/Oct/2022:04:16:09 +0200] "GET /love-pucca-mouse-pad-p-2419.html HTTP/1.0" 301 75103 "-" "Mozilla/5.0 (compatible; MJ12bot/v1.4.8; http://mj12bot.com/)"
94.23.203.52 - - [09/Oct/2022:04:16:19 +0200] "GET /love-pucca-mouse-p-2419.html HTTP/1.0" 200 75021 "-" "Mozilla/5.0 (compatible; MJ12bot/v1.4.8; http://mj12bot.com/)"
185.191.171.11 - - [09/Oct/2022:04:16:23 +0200] "GET /digipenguin-p-30677.html?action=add_product HTTP/1.0" 302 476 "-" "Mozilla/5.0 (compatible; SemrushBot/7~bl; +http://www.semrush.com/bot.html)"
216.244.66.242 - - [09/Oct/2022:04:16:23 +0200] "GET /paris-bistrot-metal-tray-34-cm-p-39511.html HTTP/1.0" 301 75099 "-" "Mozilla/5.0 (compatible; DotBot/1.2; +https://opensiteexplorer.org/dotbot; help@moz.com)"
94.23.203.52 - - [09/Oct/2022:04:16:30 +0200] "GET /love-raven-kimmidoll-love-p-21766.html HTTP/1.0" 200 72376 "-" "Mozilla/5.0 (compatible; MJ12bot/v1.4.8; http://mj12bot.com/)"
54.36.148.47 - - [09/Oct/2022:04:16:33 +0200] "GET /decorative-wooden-plate-barbecue-party-anthracite-p-47836.html HTTP/1.0" 200 75324 "-" "Mozilla/5.0 (compatible; AhrefsBot/7.0; +http://ahrefs.com/robot/)"
94.23.203.52 - - [09/Oct/2022:04:16:36 +0200] "GET /love-raven-kimmidoll-love-pen-p-21766.html HTTP/1.0" 301 72468 "-" "Mozilla/5.0 (compatible; MJ12bot/v1.4.8; http://mj12bot.com/)"
94.23.203.52 - - [09/Oct/2022:04:16:41 +0200] "GET /love-raven-kimmidoll-love-p-21766.html HTTP/1.0" 200 72376 "-" "Mozilla/5.0 (compatible; MJ12bot/v1.4.8; http://mj12bot.com/)"
185.191.171.3 - - [09/Oct/2022:04:16:42 +0200] "GET /fitted-sheet-cotton-percale-threads-p-51241.html?action=add_product HTTP/1.0" 302 476 "-" "Mozilla/5.0 (compatible; SemrushBot/7~bl; +http://www.semrush.com/bot.html)"
94.23.203.52 - - [09/Oct/2022:04:16:46 +0200] "GET /love-snoopy-collectable-figure-p-13187.html HTTP/1.0" 200 72395 "-" "Mozilla/5.0 (compatible; MJ12bot/v1.4.8; http://mj12bot.com/)"
93.158.161.6 - - [09/Oct/2022:04:16:55 +0200] "GET /images/big_prod/8006180200577.jpg HTTP/1.0" 200 268 "-" "Mozilla/5.0 (compatible; YandexImages/3.0; +http://yandex.com/bots)"
94.23.203.52 - - [09/Oct/2022:04:16:55 +0200] "GET /love-story-bedclothes-220-cm-p-24457.html HTTP/1.0" 301 72315 "-" "Mozilla/5.0 (compatible; MJ12bot/v1.4.8; http://mj12bot.com/)"
94.23.203.52 - - [09/Oct/2022:04:17:01 +0200] "GET /-p-24457.html HTTP/1.0" 200 72248 "-" "Mozilla/5.0 (compatible; MJ12bot/v1.4.8; http://mj12bot.com/)"
185.191.171.12 - - [09/Oct/2022:04:17:08 +0200] "GET /yumiko-gold-p-50772.html HTTP/1.0" 200 75856 "-" "Mozilla/5.0 (compatible; SemrushBot/7~bl; +http://www.semrush.com/bot.html)"
94.23.203.52 - - [09/Oct/2022:04:17:12 +0200] "GET /lu-deco-thermometer-p-17003.html HTTP/1.0" 301 72315 "-" "Mozilla/5.0 (compatible; MJ12bot/v1.4.8; http://mj12bot.com/)"
94.23.203.52 - - [09/Oct/2022:04:17:19 +0200] "GET /-p-17003.html HTTP/1.0" 200 72248 "-" "Mozilla/5.0 (compatible; MJ12bot/v1.4.8; http://mj12bot.com/)"
185.191.171.23 - - [09/Oct/2022:04:17:20 +0200] "GET /aprons-c-11_74.html?page=2 HTTP/1.0" 200 93578 "-" "Mozilla/5.0 (compatible; SemrushBot/7~bl; +http://www.semrush.com/bot.html)"
185.191.171.10 - - [09/Oct/2022:04:17:25 +0200] "GET /amys-bowl-p-54261.html HTTP/1.0" 200 75425 "-" "Mozilla/5.0 (compatible; SemrushBot/7~bl; +http://www.semrush.com/bot.html)"
94.23.203.52 - - [09/Oct/2022:04:17:27 +0200] "GET /lu-metal-plate-p-30401.html HTTP/1.0" 301 72315 "-" "Mozilla/5.0 (compatible; MJ12bot/v1.4.8; http://mj12bot.com/)"
185.191.171.12 - - [09/Oct/2022:04:17:28 +0200] "GET /usa-cushion-p-32882.html HTTP/1.0" 301 72315 "-" "Mozilla/5.0 (compatible; SemrushBot/7~bl; +http://www.semrush.com/bot.html)"
185.191.171.25 - - [09/Oct/2022:04:17:33 +0200] "GET /-p-32882.html HTTP/1.0" 200 72248 "-" "Mozilla/5.0 (compatible; SemrushBot/7~bl; +http://www.semrush.com/bot.html)"
185.191.171.2 - - [09/Oct/2022:04:17:37 +0200] "GET /paris-saint-germain-glasses-p-46528.html?action=add_product HTTP/1.0" 302 476 "-" "Mozilla/5.0 (compatible; SemrushBot/7~bl; +http://www.semrush.com/bot.html)"
185.191.171.9 - - [09/Oct/2022:04:17:40 +0200] "GET /elephant-gold-jewelry-stand-and-white-cup-p-48827.html HTTP/1.0" 301 75277 "-" "Mozilla/5.0 (compatible; SemrushBot/7~bl; +http://www.semrush.com/bot.html)"
94.23.203.52 - - [09/Oct/2022:04:17:42 +0200] "GET /-p-30401.html HTTP/1.0" 200 72248 "-" "Mozilla/5.0 (compatible; MJ12bot/v1.4.8; http://mj12bot.com/)"
185.191.171.11 - - [09/Oct/2022:04:17:43 +0200] "GET /elephant-gold-jewelry-stand-white-p-48827.html HTTP/1.0" 200 75177 "-" "Mozilla/5.0 (compatible; SemrushBot/7~bl; +http://www.semrush.com/bot.html)"
185.191.171.3 - - [09/Oct/2022:04:17:52 +0200] "GET /-p-43071.html?action=add_product HTTP/1.0" 302 476 "-" "Mozilla/5.0 (compatible; SemrushBot/7~bl; +http://www.semrush.com/bot.html)"
94.23.203.52 - - [09/Oct/2022:04:17:53 +0200] "GET /lu-petit-beurre-magnet-p-33321.html HTTP/1.0" 301 72315 "-" "Mozilla/5.0 (compatible; MJ12bot/v1.4.8; http://mj12bot.com/)"
94.23.203.52 - - [09/Oct/2022:04:17:58 +0200] "GET /-p-33321.html HTTP/1.0" 200 72248 "-" "Mozilla/5.0 (compatible; MJ12bot/v1.4.8; http://mj12bot.com/)"
185.191.171.12 - - [09/Oct/2022:04:18:00 +0200] "GET /glass-votive-candles-holder-silver-feather-p-42175.html HTTP/1.0" 200 75138 "-" "Mozilla/5.0 (compatible; SemrushBot/7~bl; +http://www.semrush.com/bot.html)"
94.23.203.52 - - [09/Oct/2022:04:18:09 +0200] "GET /lu-petit-beurre-nantais-mini-metal-tray-p-40092.html HTTP/1.0" 301 75192 "-" "Mozilla/5.0 (compatible; MJ12bot/v1.4.8; http://mj12bot.com/)"
94.23.203.52 - - [09/Oct/2022:04:18:16 +0200] "GET /petit-beurre-nantais-mini-metal-tray-p-40092.html HTTP/1.0" 200 75089 "-" "Mozilla/5.0 (compatible; MJ12bot/v1.4.8; http://mj12bot.com/)"
185.191.171.10 - - [09/Oct/2022:04:18:19 +0200] "GET /indian-elephant-statue-p-41476.html?action=add_product HTTP/1.0" 302 476 "-" "Mozilla/5.0 (compatible; SemrushBot/7~bl; +http://www.semrush.com/bot.html)"
185.191.171.45 - - [09/Oct/2022:04:18:22 +0200] "GET /birdcage-tealight-metal-p-33512.html?action=add_product HTTP/1.0" 302 476 "-" "Mozilla/5.0 (compatible; SemrushBot/7~bl; +http://www.semrush.com/bot.html)"
94.23.203.52 - - [09/Oct/2022:04:18:24 +0200] "GET /lu-petit-beurre-pack-of-20-paper-napkins-p-15064.html HTTP/1.0" 301 72315 "-" "Mozilla/5.0 (compatible; MJ12bot/v1.4.8; http://mj12bot.com/)"
185.191.171.15 - - [09/Oct/2022:04:18:28 +0200] "GET /wall-stickers-indian-style-lion-p-42968.html?action=add_product HTTP/1.0" 302 476 "-" "Mozilla/5.0 (compatible; SemrushBot/7~bl; +http://www.semrush.com/bot.html)"
66.249.64.242 - - [09/Oct/2022:04:18:29 +0200] "GET /images/big_prod_1/15910b.jpg HTTP/1.0" 200 263 "-" "Googlebot-Image/1.0"
185.191.171.8 - - [09/Oct/2022:04:18:30 +0200] "GET /bakugan-towel-p-5737.html HTTP/1.0" 301 72312 "-" "Mozilla/5.0 (compatible; SemrushBot/7~bl; +http://www.semrush.com/bot.html)"
185.191.171.26 - - [09/Oct/2022:04:18:33 +0200] "GET /alexandre-table-lamp-p-57216.html?action=add_product HTTP/1.0" 302 476 "-" "Mozilla/5.0 (compatible; SemrushBot/7~bl; +http://www.semrush.com/bot.html)"
54.36.148.166 - - [09/Oct/2022:04:18:33 +0200] "GET /bobbing-lotus-phosphorescent-smiski-statuette-p-55923.html HTTP/1.0" 200 72418 "-" "Mozilla/5.0 (compatible; AhrefsBot/7.0; +http://ahrefs.com/robot/)"
94.23.203.52 - - [09/Oct/2022:04:18:33 +0200] "GET /-p-15064.html HTTP/1.0" 200 72248 "-" "Mozilla/5.0 (compatible; MJ12bot/v1.4.8; http://mj12bot.com/)"
185.191.171.24 - - [09/Oct/2022:04:18:35 +0200] "GET /-p-5737.html HTTP/1.0" 200 72246 "-" "Mozilla/5.0 (compatible; SemrushBot/7~bl; +http://www.semrush.com/bot.html)"
115.156.91.37 - - [09/Oct/2022:04:18:40 +0200] "GET /images/mini_prod/8422702358005.jpg HTTP/1.0" 200 269 "-" "Mozilla/5.0 (X11; Ubuntu; Linux x86_64; rv:72.0) Gecko/20100101 Firefox/72.0"
94.23.203.52 - - [09/Oct/2022:04:18:39 +0200] "GET /lucky-luke-money-box-p-4597.html HTTP/1.0" 301 72312 "-" "Mozilla/5.0 (compatible; MJ12bot/v1.4.8; http://mj12bot.com/)"
94.23.203.52 - - [09/Oct/2022:04:18:44 +0200] "GET /-p-4597.html HTTP/1.0" 200 72246 "-" "Mozilla/5.0 (compatible; MJ12bot/v1.4.8; http://mj12bot.com/)"
66.249.64.242 - - [09/Oct/2022:04:18:46 +0200] "GET /quote-wine-wooden-frame-p-43070.html HTTP/1.0" 200 74972 "-" "Mozilla/5.0 (Linux; Android 6.0.1; Nexus 5X Build/MMB29P) AppleWebKit/537.36 (KHTML, like Gecko) Chrome/105.0.5195.125 Mobile Safari/537.36 (compatible; Googlebot/2.1; +http://www.google.com/bot.html)"
66.249.64.242 - - [09/Oct/2022:04:18:47 +0200] "GET /images/big_prod/846007012185.jpg HTTP/1.0" 200 267 "-" "Googlebot-Image/1.0"
94.23.203.52 - - [09/Oct/2022:04:18:54 +0200] "GET /luminous-guardian-angel-porcelain-10-cm-book-p-44969.html HTTP/1.0" 301 72497 "-" "Mozilla/5.0 (compatible; MJ12bot/v1.4.8; http://mj12bot.com/)"
94.23.203.52 - - [09/Oct/2022:04:18:58 +0200] "GET /luminous-guardian-angel-porcelain-book-p-44969.html HTTP/1.0" 200 72392 "-" "Mozilla/5.0 (compatible; MJ12bot/v1.4.8; http://mj12bot.com/)"
185.191.171.21 - - [09/Oct/2022:04:19:00 +0200] "GET /-p-36898.html?action=add_product HTTP/1.0" 302 476 "-" "Mozilla/5.0 (compatible; SemrushBot/7~bl; +http://www.semrush.com/bot.html)"
94.23.203.52 - - [09/Oct/2022:04:19:06 +0200] "GET /luminous-guardian-angel-porcelain-10-cm-heart-p-44967.html HTTP/1.0" 301 72500 "-" "Mozilla/5.0 (compatible; MJ12bot/v1.4.8; http://mj12bot.com/)"
94.23.203.52 - - [09/Oct/2022:04:19:11 +0200] "GET /luminous-guardian-angel-porcelain-heart-p-44967.html HTTP/1.0" 200 72394 "-" "Mozilla/5.0 (compatible; MJ12bot/v1.4.8; http://mj12bot.com/)"
185.191.171.10 - - [09/Oct/2022:04:19:20 +0200] "GET /tasty-lime-made-germany-p-58346.html HTTP/1.0" 200 76161 "-" "Mozilla/5.0 (compatible; SemrushBot/7~bl; +http://www.semrush.com/bot.html)"
94.23.203.52 - - [09/Oct/2022:04:19:20 +0200] "GET /luminous-guardian-angel-porcelain-10-cm-moon-p-44968.html HTTP/1.0" 301 72497 "-" "Mozilla/5.0 (compatible; MJ12bot/v1.4.8; http://mj12bot.com/)"
94.23.203.52 - - [09/Oct/2022:04:19:27 +0200] "GET /luminous-guardian-angel-porcelain-moon-p-44968.html HTTP/1.0" 200 72392 "-" "Mozilla/5.0 (compatible; MJ12bot/v1.4.8; http://mj12bot.com/)"
94.23.203.52 - - [09/Oct/2022:04:19:38 +0200] "GET /luminous-guardian-angel-porcelain-10-cm-star-p-44966.html HTTP/1.0" 301 72497 "-" "Mozilla/5.0 (compatible; MJ12bot/v1.4.8; http://mj12bot.com/)"
94.23.203.52 - - [09/Oct/2022:04:19:42 +0200] "GET /luminous-guardian-angel-porcelain-star-p-44966.html HTTP/1.0" 200 72392 "-" "Mozilla/5.0 (compatible; MJ12bot/v1.4.8; http://mj12bot.com/)"
185.191.171.9 - - [09/Oct/2022:04:19:46 +0200] "GET /-p-45422.html?action=add_product HTTP/1.0" 302 476 "-" "Mozilla/5.0 (compatible; SemrushBot/7~bl; +http://www.semrush.com/bot.html)"
157.55.39.28 - - [09/Oct/2022:04:19:50 +0200] "GET /terracotta-color-ceramic-buddha-flowerpot-p-58706.html HTTP/1.0" 200 76134 "-" "Mozilla/5.0 (compatible; bingbot/2.0; +http://www.bing.com/bingbot.htm)"
94.23.203.52 - - [09/Oct/2022:04:19:50 +0200] "GET /luminous-guardian-angel-porcelain-book-p-44969.html HTTP/1.0" 200 72392 "-" "Mozilla/5.0 (compatible; MJ12bot/v1.4.8; http://mj12bot.com/)"
185.191.171.36 - - [09/Oct/2022:04:19:51 +0200] "GET /toy-story-mr-prickles-figure-p-6754.html HTTP/1.0" 301 75109 "-" "Mozilla/5.0 (compatible; SemrushBot/7~bl; +http://www.semrush.com/bot.html)"
185.191.171.15 - - [09/Oct/2022:04:19:55 +0200] "GET /story-prickles-figure-p-6754.html HTTP/1.0" 200 75022 "-" "Mozilla/5.0 (compatible; SemrushBot/7~bl; +http://www.semrush.com/bot.html)"
94.23.203.52 - - [09/Oct/2022:04:19:57 +0200] "GET /luminous-guardian-angel-porcelain-heart-p-44967.html HTTP/1.0" 200 72394 "-" "Mozilla/5.0 (compatible; MJ12bot/v1.4.8; http://mj12bot.com/)"
94.23.203.52 - - [09/Oct/2022:04:20:02 +0200] "GET /luminous-guardian-angel-porcelain-moon-p-44968.html HTTP/1.0" 200 72392 "-" "Mozilla/5.0 (compatible; MJ12bot/v1.4.8; http://mj12bot.com/)"
185.191.171.7 - - [09/Oct/2022:04:20:08 +0200] "GET /retro-mug-p-42559.html HTTP/1.0" 301 72348 "-" "Mozilla/5.0 (compatible; SemrushBot/7~bl; +http://www.semrush.com/bot.html)"
185.191.171.10 - - [09/Oct/2022:04:20:11 +0200] "GET /retro-p-42559.html HTTP/1.0" 200 72276 "-" "Mozilla/5.0 (compatible; SemrushBot/7~bl; +http://www.semrush.com/bot.html)"
94.23.203.52 - - [09/Oct/2022:04:20:14 +0200] "GET /luminous-guardian-angel-porcelain-star-p-44966.html HTTP/1.0" 200 72392 "-" "Mozilla/5.0 (compatible; MJ12bot/v1.4.8; http://mj12bot.com/)"
94.23.203.52 - - [09/Oct/2022:04:20:23 +0200] "GET /lyon-classic-cbkreation-p-31273.html HTTP/1.0" 200 74853 "-" "Mozilla/5.0 (compatible; MJ12bot/v1.4.8; http://mj12bot.com/)"
94.23.203.52 - - [09/Oct/2022:04:20:28 +0200] "GET /lyon-classic-mug-cbkreation-p-31273.html HTTP/1.0" 301 74943 "-" "Mozilla/5.0 (compatible; MJ12bot/v1.4.8; http://mj12bot.com/)"
54.36.148.135 - - [09/Oct/2022:04:20:34 +0200] "GET /lonard-vinci-vitruvian-figurine-p-32620.html HTTP/1.0" 200 76072 "-" "Mozilla/5.0 (compatible; AhrefsBot/7.0; +http://ahrefs.com/robot/)"
94.23.203.52 - - [09/Oct/2022:04:20:35 +0200] "GET /lyon-classic-cbkreation-p-31273.html HTTP/1.0" 200 74853 "-" "Mozilla/5.0 (compatible; MJ12bot/v1.4.8; http://mj12bot.com/)"
94.23.203.52 - - [09/Oct/2022:04:20:40 +0200] "GET /ma-caisse-de-retraite-red-piggy-bank-p-37772.html HTTP/1.0" 301 72315 "-" "Mozilla/5.0 (compatible; MJ12bot/v1.4.8; http://mj12bot.com/)"
185.191.171.2 - - [09/Oct/2022:04:20:45 +0200] "GET /coca-cola-black-metal-plate-30-20-cm-p-37157.html HTTP/1.0" 301 75072 "-" "Mozilla/5.0 (compatible; SemrushBot/7~bl; +http://www.semrush.com/bot.html)"
94.23.203.52 - - [09/Oct/2022:04:20:48 +0200] "GET /-p-37772.html HTTP/1.0" 200 72248 "-" "Mozilla/5.0 (compatible; MJ12bot/v1.4.8; http://mj12bot.com/)"
185.191.171.11 - - [09/Oct/2022:04:20:48 +0200] "GET /coca-cola-black-metal-plate-p-37157.html HTTP/1.0" 200 74978 "-" "Mozilla/5.0 (compatible; SemrushBot/7~bl; +http://www.semrush.com/bot.html)"
185.191.171.39 - - [09/Oct/2022:04:20:51 +0200] "GET /retro-wooden-photo-frame-p-42194.html?action=add_product HTTP/1.0" 302 476 "-" "Mozilla/5.0 (compatible; SemrushBot/7~bl; +http://www.semrush.com/bot.html)"
94.23.203.52 - - [09/Oct/2022:04:20:54 +0200] "GET /mandala-round-side-table-p-51121.html HTTP/1.0" 301 72315 "-" "Mozilla/5.0 (compatible; MJ12bot/v1.4.8; http://mj12bot.com/)"
216.244.66.242 - - [09/Oct/2022:04:20:55 +0200] "GET /tea-pot-c-12_175.html?page=3 HTTP/1.0" 200 95341 "-" "Mozilla/5.0 (compatible; DotBot/1.2; +https://opensiteexplorer.org/dotbot; help@moz.com)"
185.191.171.24 - - [09/Oct/2022:04:20:58 +0200] "GET /barbapapa-kids-school-p-26518.html?action=add_product HTTP/1.0" 301 476 "-" "Mozilla/5.0 (compatible; SemrushBot/7~bl; +http://www.semrush.com/bot.html)"
94.23.203.52 - - [09/Oct/2022:04:21:01 +0200] "GET /-p-51121.html HTTP/1.0" 200 72248 "-" "Mozilla/5.0 (compatible; MJ12bot/v1.4.8; http://mj12bot.com/)"
94.23.203.52 - - [09/Oct/2022:04:21:12 +0200] "GET /mango-tray-in-wood-tree-of-life-38-cm-p-48804.html HTTP/1.0" 301 72454 "-" "Mozilla/5.0 (compatible; MJ12bot/v1.4.8; http://mj12bot.com/)"
18.191.220.75 - - [09/Oct/2022:04:21:16 +0200] "GET /images/mini_prod/1384010183595.jpg HTTP/1.0" 200 269 "-" "Mozilla/5.0 (X11; Ubuntu; Linux x86_64; rv:72.0) Gecko/20100101 Firefox/72.0"
94.23.203.52 - - [09/Oct/2022:04:21:17 +0200] "GET /mango-tray-wood-tree-life-p-48804.html HTTP/1.0" 200 72362 "-" "Mozilla/5.0 (compatible; MJ12bot/v1.4.8; http://mj12bot.com/)"
94.23.203.52 - - [09/Oct/2022:04:21:22 +0200] "GET /mango-tray-wood-tree-life-p-48804.html HTTP/1.0" 200 72362 "-" "Mozilla/5.0 (compatible; MJ12bot/v1.4.8; http://mj12bot.com/)"
66.249.64.242 - - [09/Oct/2022:04:21:32 +0200] "GET /images/big_prod/5415203976376.jpg HTTP/1.0" 200 268 "-" "Googlebot-Image/1.0"
94.23.203.52 - - [09/Oct/2022:04:21:31 +0200] "GET /mani-lucky-beige-p-39915.html HTTP/1.0" 301 72315 "-" "Mozilla/5.0 (compatible; MJ12bot/v1.4.8; http://mj12bot.com/)"
185.191.171.21 - - [09/Oct/2022:04:21:36 +0200] "GET /phone-cover-iphone-cbkreation-p-14177.html?action=add_product HTTP/1.0" 301 476 "-" "Mozilla/5.0 (compatible; SemrushBot/7~bl; +http://www.semrush.com/bot.html)"
103.131.71.237 - - [09/Oct/2022:04:21:38 +0200] "GET /robots.txt HTTP/1.0" 301 531 "-" "Mozilla/5.0 (compatible; coccocbot-web/1.0; +http://help.coccoc.com/searchengine)"
94.23.203.52 - - [09/Oct/2022:04:21:37 +0200] "GET /-p-39915.html HTTP/1.0" 200 72248 "-" "Mozilla/5.0 (compatible; MJ12bot/v1.4.8; http://mj12bot.com/)"
185.191.171.20 - - [09/Oct/2022:04:21:37 +0200] "GET /chair-cushion-reversible-lin-and-coral-40-cm-p-36462.html HTTP/1.0" 301 72315 "-" "Mozilla/5.0 (compatible; SemrushBot/7~bl; +http://www.semrush.com/bot.html)"
103.131.71.237 - - [09/Oct/2022:04:21:40 +0200] "GET /robots.txt HTTP/1.0" 200 245 "-" "Mozilla/5.0 (compatible; coccocbot-web/1.0; +http://help.coccoc.com/searchengine)"
185.191.171.6 - - [09/Oct/2022:04:21:41 +0200] "GET /hand-fatma-exotic-wood-tray-p-53778.html?action=add_product HTTP/1.0" 302 476 "-" "Mozilla/5.0 (compatible; SemrushBot/7~bl; +http://www.semrush.com/bot.html)"
94.23.203.52 - - [09/Oct/2022:04:21:42 +0200] "GET /mani-lucky-black-p-39923.html HTTP/1.0" 301 72315 "-" "Mozilla/5.0 (compatible; MJ12bot/v1.4.8; http://mj12bot.com/)"
185.191.171.23 - - [09/Oct/2022:04:21:43 +0200] "GET /scented-candles-novenas-c-231_227.html?page=21 HTTP/1.0" 200 95685 "-" "Mozilla/5.0 (compatible; SemrushBot/7~bl; +http://www.semrush.com/bot.html)"
185.191.171.1 - - [09/Oct/2022:04:21:46 +0200] "GET /-p-36462.html HTTP/1.0" 200 72248 "-" "Mozilla/5.0 (compatible; SemrushBot/7~bl; +http://www.semrush.com/bot.html)"
94.23.203.52 - - [09/Oct/2022:04:21:46 +0200] "GET /-p-39923.html HTTP/1.0" 200 72248 "-" "Mozilla/5.0 (compatible; MJ12bot/v1.4.8; http://mj12bot.com/)"
94.23.203.52 - - [09/Oct/2022:04:21:53 +0200] "GET /mani-lucky-gold-p-37360.html HTTP/1.0" 301 72315 "-" "Mozilla/5.0 (compatible; MJ12bot/v1.4.8; http://mj12bot.com/)"
94.23.203.52 - - [09/Oct/2022:04:21:57 +0200] "GET /-p-37360.html HTTP/1.0" 200 72248 "-" "Mozilla/5.0 (compatible; MJ12bot/v1.4.8; http://mj12bot.com/)"
94.23.203.52 - - [09/Oct/2022:04:22:06 +0200] "GET /mani-lucky-p-39913.html HTTP/1.0" 200 72325 "-" "Mozilla/5.0 (compatible; MJ12bot/v1.4.8; http://mj12bot.com/)"
185.191.171.22 - - [09/Oct/2022:04:22:09 +0200] "GET /make-planet-green-again-isothermic-stainless-steel-bottle-p-54049.html?action=add_product HTTP/1.0" 302 476 "-" "Mozilla/5.0 (compatible; SemrushBot/7~bl; +http://www.semrush.com/bot.html)"
94.23.203.52 - - [09/Oct/2022:04:22:15 +0200] "GET /mani-lucky-pink-p-39919.html HTTP/1.0" 301 72315 "-" "Mozilla/5.0 (compatible; MJ12bot/v1.4.8; http://mj12bot.com/)"
185.191.171.35 - - [09/Oct/2022:04:22:19 +0200] "GET /vanity-mickey-mouse-comics-vintage-p-34771.html HTTP/1.0" 200 72409 "-" "Mozilla/5.0 (compatible; SemrushBot/7~bl; +http://www.semrush.com/bot.html)"
185.191.171.14 - - [09/Oct/2022:04:22:22 +0200] "GET /tweety-poster-p-36322.html HTTP/1.0" 200 74825 "-" "Mozilla/5.0 (compatible; SemrushBot/7~bl; +http://www.semrush.com/bot.html)"
94.23.203.52 - - [09/Oct/2022:04:22:23 +0200] "GET /-p-39919.html HTTP/1.0" 200 72248 "-" "Mozilla/5.0 (compatible; MJ12bot/v1.4.8; http://mj12bot.com/)"
54.36.149.33 - - [09/Oct/2022:04:22:27 +0200] "GET /odina-table-lamp-brown-beige-p-54613.html HTTP/1.0" 200 75023 "-" "Mozilla/5.0 (compatible; AhrefsBot/7.0; +http://ahrefs.com/robot/)"
185.191.171.10 - - [09/Oct/2022:04:22:30 +0200] "GET /the-little-prince-of-saint-exupery-white-ceramic-mug-and-cup-p-44846.html HTTP/1.0" 301 72548 "-" "Mozilla/5.0 (compatible; SemrushBot/7~bl; +http://www.semrush.com/bot.html)"
185.191.171.38 - - [09/Oct/2022:04:22:33 +0200] "GET /little-prince-saint-exupery-white-ceramic-p-44846.html HTTP/1.0" 200 72440 "-" "Mozilla/5.0 (compatible; SemrushBot/7~bl; +http://www.semrush.com/bot.html)"
94.23.203.52 - - [09/Oct/2022:04:22:35 +0200] "GET /mani-lucky-silver-p-39916.html HTTP/1.0" 301 72315 "-" "Mozilla/5.0 (compatible; MJ12bot/v1.4.8; http://mj12bot.com/)"
185.191.171.22 - - [09/Oct/2022:04:22:38 +0200] "GET /rtro-case-cigarettes-pack-p-42574.html HTTP/1.0" 301 72315 "-" "Mozilla/5.0 (compatible; SemrushBot/7~bl; +http://www.semrush.com/bot.html)"
157.55.39.28 - - [09/Oct/2022:04:22:40 +0200] "GET /images/big_prod/4895220304375.jpg HTTP/1.0" 200 268 "-" "Mozilla/5.0 (compatible; bingbot/2.0; +http://www.bing.com/bingbot.htm)"
185.191.171.8 - - [09/Oct/2022:04:22:41 +0200] "GET /harley-davidson-mc-lighter-p-42862.html HTTP/1.0" 301 75447 "-" "Mozilla/5.0 (compatible; SemrushBot/7~bl; +http://www.semrush.com/bot.html)"
94.23.203.52 - - [09/Oct/2022:04:22:42 +0200] "GET /-p-39916.html HTTP/1.0" 200 72248 "-" "Mozilla/5.0 (compatible; MJ12bot/v1.4.8; http://mj12bot.com/)"
185.191.171.8 - - [09/Oct/2022:04:22:44 +0200] "GET /harley-davidson-lighter-p-42862.html HTTP/1.0" 200 75357 "-" "Mozilla/5.0 (compatible; SemrushBot/7~bl; +http://www.semrush.com/bot.html)"
185.191.171.14 - - [09/Oct/2022:04:22:48 +0200] "GET /bedspread-boutis-pillowcases-p-52163.html?action=add_product HTTP/1.0" 302 476 "-" "Mozilla/5.0 (compatible; SemrushBot/7~bl; +http://www.semrush.com/bot.html)"
66.249.64.242 - - [09/Oct/2022:04:22:49 +0200] "GET /images/mini_prod/8422200022699.jpg HTTP/1.0" 200 269 "-" "Googlebot-Image/1.0"
94.23.203.52 - - [09/Oct/2022:04:22:50 +0200] "GET /mani-lucky-white-green-collar-p-37364.html HTTP/1.0" 200 72386 "-" "Mozilla/5.0 (compatible; MJ12bot/v1.4.8; http://mj12bot.com/)"
66.249.64.246 - - [09/Oct/2022:04:22:52 +0200] "GET /images/mini_prod/8424001800018.jpg HTTP/1.0" 200 269 "-" "Googlebot-Image/1.0"
185.191.171.25 - - [09/Oct/2022:04:22:50 +0200] "GET /-p-42574.html HTTP/1.0" 200 72248 "-" "Mozilla/5.0 (compatible; SemrushBot/7~bl; +http://www.semrush.com/bot.html)"
66.249.64.244 - - [09/Oct/2022:04:22:53 +0200] "GET /mickey-mouse-farming-friends-stationery-holder-p-19618.html HTTP/1.0" 200 75300 "-" "Mozilla/5.0 (compatible; Googlebot/2.1; +http://www.google.com/bot.html)"
94.23.203.52 - - [09/Oct/2022:04:22:58 +0200] "GET /mani-lucky-white-green-collar-p-37365.html HTTP/1.0" 301 72315 "-" "Mozilla/5.0 (compatible; MJ12bot/v1.4.8; http://mj12bot.com/)"
94.23.203.52 - - [09/Oct/2022:04:23:04 +0200] "GET /-p-37365.html HTTP/1.0" 200 72248 "-" "Mozilla/5.0 (compatible; MJ12bot/v1.4.8; http://mj12bot.com/)"
185.191.171.7 - - [09/Oct/2022:04:23:09 +0200] "GET /ballerina-personal-diary-printed-in-france-p-40959.html HTTP/1.0" 301 72315 "-" "Mozilla/5.0 (compatible; SemrushBot/7~bl; +http://www.semrush.com/bot.html)"
94.23.203.52 - - [09/Oct/2022:04:23:11 +0200] "GET /mani-the-lucky-cat-beige-11-cm-p-39915.html HTTP/1.0" 301 72315 "-" "Mozilla/5.0 (compatible; MJ12bot/v1.4.8; http://mj12bot.com/)"
185.191.171.15 - - [09/Oct/2022:04:23:12 +0200] "GET /-p-40959.html HTTP/1.0" 200 72248 "-" "Mozilla/5.0 (compatible; SemrushBot/7~bl; +http://www.semrush.com/bot.html)"
94.23.203.52 - - [09/Oct/2022:04:23:17 +0200] "GET /-p-39915.html HTTP/1.0" 200 72248 "-" "Mozilla/5.0 (compatible; MJ12bot/v1.4.8; http://mj12bot.com/)"
94.23.203.52 - - [09/Oct/2022:04:23:26 +0200] "GET /mani-the-lucky-cat-black-11-cm-p-39923.html HTTP/1.0" 301 72315 "-" "Mozilla/5.0 (compatible; MJ12bot/v1.4.8; http://mj12bot.com/)"
94.23.203.52 - - [09/Oct/2022:04:23:31 +0200] "GET /-p-39923.html HTTP/1.0" 200 72248 "-" "Mozilla/5.0 (compatible; MJ12bot/v1.4.8; http://mj12bot.com/)"
94.23.203.52 - - [09/Oct/2022:04:23:39 +0200] "GET /mani-the-lucky-cat-gold-11-cm-p-37360.html HTTP/1.0" 301 72315 "-" "Mozilla/5.0 (compatible; MJ12bot/v1.4.8; http://mj12bot.com/)"
185.191.171.22 - - [09/Oct/2022:04:23:39 +0200] "GET /aluminum-bottle-jamais-tort-printed-france-p-56362.html HTTP/1.0" 200 75804 "-" "Mozilla/5.0 (compatible; SemrushBot/7~bl; +http://www.semrush.com/bot.html)"
185.191.171.22 - - [09/Oct/2022:04:23:44 +0200] "GET /vintage-retro-ottoman-storage-p-50177.html?action=add_product HTTP/1.0" 302 476 "-" "Mozilla/5.0 (compatible; SemrushBot/7~bl; +http://www.semrush.com/bot.html)"
94.23.203.52 - - [09/Oct/2022:04:23:44 +0200] "GET /-p-37360.html HTTP/1.0" 200 72248 "-" "Mozilla/5.0 (compatible; MJ12bot/v1.4.8; http://mj12bot.com/)"
94.23.203.52 - - [09/Oct/2022:04:23:50 +0200] "GET /mani-the-lucky-cat-mug-p-39913.html HTTP/1.0" 301 72402 "-" "Mozilla/5.0 (compatible; MJ12bot/v1.4.8; http://mj12bot.com/)"
103.131.71.25 - - [09/Oct/2022:04:23:54 +0200] "GET /robots.txt HTTP/1.0" 301 531 "-" "Mozilla/5.0 (compatible; coccocbot-image/1.0; +http://help.coccoc.com/searchengine)"
66.249.64.244 - - [09/Oct/2022:04:23:55 +0200] "GET /images/big_prod_1/4260082936468a.jpg HTTP/1.0" 200 271 "-" "Googlebot-Image/1.0"
103.131.71.25 - - [09/Oct/2022:04:23:56 +0200] "GET /robots.txt HTTP/1.0" 200 245 "-" "Mozilla/5.0 (compatible; coccocbot-image/1.0; +http://help.coccoc.com/searchengine)"
94.23.203.52 - - [09/Oct/2022:04:23:56 +0200] "GET /mani-lucky-p-39913.html HTTP/1.0" 200 72325 "-" "Mozilla/5.0 (compatible; MJ12bot/v1.4.8; http://mj12bot.com/)"
103.131.71.27 - - [09/Oct/2022:04:23:58 +0200] "GET /robots.txt HTTP/1.0" 200 245 "-" "Mozilla/5.0 (compatible; coccocbot-image/1.0; +http://help.coccoc.com/searchengine)"
103.131.71.25 - - [09/Oct/2022:04:24:00 +0200] "GET /images/big_prod_1/8445148004237a.jpg HTTP/1.0" 200 271 "-" "Mozilla/5.0 (compatible; coccocbot-image/1.0; +http://help.coccoc.com/searchengine)"
94.23.203.52 - - [09/Oct/2022:04:24:04 +0200] "GET /mani-the-lucky-cat-pink-11-cm-p-39919.html HTTP/1.0" 301 72315 "-" "Mozilla/5.0 (compatible; MJ12bot/v1.4.8; http://mj12bot.com/)"
66.249.64.242 - - [09/Oct/2022:04:24:07 +0200] "GET /images/big_prod_1/8718962010228B.jpg HTTP/1.0" 200 271 "-" "Googlebot-Image/1.0"
185.191.171.15 - - [09/Oct/2022:04:24:10 +0200] "GET /toucan-bath-towel-p-43993.html?action=add_product HTTP/1.0" 301 476 "-" "Mozilla/5.0 (compatible; SemrushBot/7~bl; +http://www.semrush.com/bot.html)"
94.23.203.52 - - [09/Oct/2022:04:24:10 +0200] "GET /-p-39919.html HTTP/1.0" 200 72248 "-" "Mozilla/5.0 (compatible; MJ12bot/v1.4.8; http://mj12bot.com/)"
94.23.203.52 - - [09/Oct/2022:04:24:19 +0200] "GET /mani-the-lucky-cat-silver-11-cm-p-39916.html HTTP/1.0" 301 72315 "-" "Mozilla/5.0 (compatible; MJ12bot/v1.4.8; http://mj12bot.com/)"
185.191.171.45 - - [09/Oct/2022:04:24:20 +0200] "GET /mani-the-lucky-cat-keychain-p-49909.html HTTP/1.0" 301 72416 "-" "Mozilla/5.0 (compatible; SemrushBot/7~bl; +http://www.semrush.com/bot.html)"
185.191.171.23 - - [09/Oct/2022:04:24:24 +0200] "GET /mani-lucky-keychain-p-49909.html HTTP/1.0" 200 72330 "-" "Mozilla/5.0 (compatible; SemrushBot/7~bl; +http://www.semrush.com/bot.html)"
77.88.5.245 - - [09/Oct/2022:04:24:28 +0200] "GET /keyrings-c-52.html?page=5 HTTP/1.0" 301 96122 "-" "Mozilla/5.0 (compatible; YandexBot/3.0; +http://yandex.com/bots)"
54.36.148.8 - - [09/Oct/2022:04:24:29 +0200] "GET /hector-statue-p-40911.html HTTP/1.0" 200 72302 "-" "Mozilla/5.0 (compatible; AhrefsBot/7.0; +http://ahrefs.com/robot/)"
94.23.203.52 - - [09/Oct/2022:04:24:30 +0200] "GET /-p-39916.html HTTP/1.0" 200 72248 "-" "Mozilla/5.0 (compatible; MJ12bot/v1.4.8; http://mj12bot.com/)"
77.88.5.245 - - [09/Oct/2022:04:24:31 +0200] "GET /keyrings-c-31_52.html?page=5 HTTP/1.0" 200 96198 "-" "Mozilla/5.0 (compatible; YandexBot/3.0; +http://yandex.com/bots)"
94.23.203.52 - - [09/Oct/2022:04:24:36 +0200] "GET /mani-the-lucky-cat-white-green-collar-11-cm-p-37364.html HTTP/1.0" 301 72482 "-" "Mozilla/5.0 (compatible; MJ12bot/v1.4.8; http://mj12bot.com/)"
185.191.171.38 - - [09/Oct/2022:04:24:41 +0200] "GET /york-yankees-black-bowling-p-11593.html?action=add_product HTTP/1.0" 302 476 "-" "Mozilla/5.0 (compatible; SemrushBot/7~bl; +http://www.semrush.com/bot.html)"
94.23.203.52 - - [09/Oct/2022:04:24:43 +0200] "GET /mani-lucky-white-green-collar-p-37364.html HTTP/1.0" 200 72386 "-" "Mozilla/5.0 (compatible; MJ12bot/v1.4.8; http://mj12bot.com/)"
216.244.66.242 - - [09/Oct/2022:04:24:47 +0200] "GET /scooter-black-girly-keyring-p-28751.html HTTP/1.0" 200 74909 "-" "Mozilla/5.0 (compatible; DotBot/1.2; +https://opensiteexplorer.org/dotbot; help@moz.com)"
94.23.203.52 - - [09/Oct/2022:04:24:51 +0200] "GET /mani-the-lucky-cat-white-green-collar-11-cm-p-37365.html HTTP/1.0" 301 72315 "-" "Mozilla/5.0 (compatible; MJ12bot/v1.4.8; http://mj12bot.com/)"
66.249.64.242 - - [09/Oct/2022:04:24:56 +0200] "GET /images/big_prod_1/1328399270316a.jpg HTTP/1.0" 200 271 "-" "Googlebot-Image/1.0"
94.23.203.52 - - [09/Oct/2022:04:24:57 +0200] "GET /-p-37365.html HTTP/1.0" 200 72248 "-" "Mozilla/5.0 (compatible; MJ12bot/v1.4.8; http://mj12bot.com/)"
94.23.203.52 - - [09/Oct/2022:04:25:03 +0200] "GET /marilyn-monroe-vertical-shopping-bag-p-5399.html HTTP/1.0" 301 72312 "-" "Mozilla/5.0 (compatible; MJ12bot/v1.4.8; http://mj12bot.com/)"
185.191.171.9 - - [09/Oct/2022:04:25:08 +0200] "GET /small-money-bank-chickadee-p-58462.html?action=add_product HTTP/1.0" 302 476 "-" "Mozilla/5.0 (compatible; SemrushBot/7~bl; +http://www.semrush.com/bot.html)"
94.23.203.52 - - [09/Oct/2022:04:25:08 +0200] "GET /-p-5399.html HTTP/1.0" 200 72246 "-" "Mozilla/5.0 (compatible; MJ12bot/v1.4.8; http://mj12bot.com/)"
185.191.171.15 - - [09/Oct/2022:04:25:13 +0200] "GET /wooden-with-chiseled-brass-decoration-p-55079.html?action=add_product HTTP/1.0" 302 476 "-" "Mozilla/5.0 (compatible; SemrushBot/7~bl; +http://www.semrush.com/bot.html)"
185.191.171.2 - - [09/Oct/2022:04:25:15 +0200] "GET /wall-sticker-meilleur-cafe-p-53957.html?action=add_product HTTP/1.0" 302 476 "-" "Mozilla/5.0 (compatible; SemrushBot/7~bl; +http://www.semrush.com/bot.html)"
94.23.203.52 - - [09/Oct/2022:04:25:15 +0200] "GET /marilyn-monroe-vertical-shopping-p-5399.html HTTP/1.0" 301 72312 "-" "Mozilla/5.0 (compatible; MJ12bot/v1.4.8; http://mj12bot.com/)"
94.23.203.52 - - [09/Oct/2022:04:25:20 +0200] "GET /-p-5399.html HTTP/1.0" 200 72246 "-" "Mozilla/5.0 (compatible; MJ12bot/v1.4.8; http://mj12bot.com/)"
173.252.83.10 - - [09/Oct/2022:04:25:26 +0200] "GET /images/mini_prod/3574642575150.jpg HTTP/1.0" 200 269 "-" "facebookexternalhit/1.1 (+http://www.facebook.com/externalhit_uatext.php)"
94.23.203.52 - - [09/Oct/2022:04:25:31 +0200] "GET /marilyn-movie-metal-clock-p-6342.html HTTP/1.0" 200 74887 "-" "Mozilla/5.0 (compatible; MJ12bot/v1.4.8; http://mj12bot.com/)"
94.23.203.52 - - [09/Oct/2022:04:25:37 +0200] "GET /mario-backpack-p-14806.html HTTP/1.0" 301 72315 "-" "Mozilla/5.0 (compatible; MJ12bot/v1.4.8; http://mj12bot.com/)"
94.23.203.52 - - [09/Oct/2022:04:25:43 +0200] "GET /-p-14806.html HTTP/1.0" 200 72248 "-" "Mozilla/5.0 (compatible; MJ12bot/v1.4.8; http://mj12bot.com/)"
185.191.171.7 - - [09/Oct/2022:04:25:44 +0200] "GET /meditation-flower-life-goldenand-black-p-45373.html?action=add_product HTTP/1.0" 302 476 "-" "Mozilla/5.0 (compatible; SemrushBot/7~bl; +http://www.semrush.com/bot.html)"
185.191.171.38 - - [09/Oct/2022:04:25:47 +0200] "GET /-p-14729.html?action=add_product HTTP/1.0" 302 476 "-" "Mozilla/5.0 (compatible; SemrushBot/7~bl; +http://www.semrush.com/bot.html)"
94.23.203.52 - - [09/Oct/2022:04:25:50 +0200] "GET /marseille-classic-cbkreation-p-31257.html HTTP/1.0" 200 74894 "-" "Mozilla/5.0 (compatible; MJ12bot/v1.4.8; http://mj12bot.com/)"
185.191.171.15 - - [09/Oct/2022:04:25:51 +0200] "GET /beige-lampshade-p-58615.html?action=add_product HTTP/1.0" 302 476 "-" "Mozilla/5.0 (compatible; SemrushBot/7~bl; +http://www.semrush.com/bot.html)"
185.191.171.2 - - [09/Oct/2022:04:25:56 +0200] "GET /figc-blue-shopping-p-26006.html?action=add_product HTTP/1.0" 302 476 "-" "Mozilla/5.0 (compatible; SemrushBot/7~bl; +http://www.semrush.com/bot.html)"
94.23.203.52 - - [09/Oct/2022:04:26:03 +0200] "GET /marseille-classic-mug-cbkreation-p-31257.html HTTP/1.0" 301 74989 "-" "Mozilla/5.0 (compatible; MJ12bot/v1.4.8; http://mj12bot.com/)"
94.23.203.52 - - [09/Oct/2022:04:26:09 +0200] "GET /marseille-classic-cbkreation-p-31257.html HTTP/1.0" 200 74894 "-" "Mozilla/5.0 (compatible; MJ12bot/v1.4.8; http://mj12bot.com/)"
185.191.171.33 - - [09/Oct/2022:04:26:09 +0200] "GET /charmmy-kitty-small-cosmetic-bag-p-26658.html HTTP/1.0" 301 75284 "-" "Mozilla/5.0 (compatible; SemrushBot/7~bl; +http://www.semrush.com/bot.html)"
185.191.171.10 - - [09/Oct/2022:04:26:13 +0200] "GET /charmmy-kitty-small-cosmetic-p-26658.html HTTP/1.0" 200 75189 "-" "Mozilla/5.0 (compatible; SemrushBot/7~bl; +http://www.semrush.com/bot.html)"
64.124.8.31 - - [09/Oct/2022:04:26:18 +0200] "GET /robots.txt HTTP/1.0" 200 245 "-" "Mozilla/5.0 (X11; Linux x86_64) AppleWebKit/537.36 (KHTML, like Gecko) Chrome/61.0.3163.79 Safari/537.36"
94.23.203.52 - - [09/Oct/2022:04:26:18 +0200] "GET /marseille-soap-box-soap-10-65-28-cm-p-40114.html HTTP/1.0" 301 75273 "-" "Mozilla/5.0 (compatible; MJ12bot/v1.4.8; http://mj12bot.com/)"
64.124.8.31 - - [09/Oct/2022:04:26:18 +0200] "GET /salt-salers-p-56536.html HTTP/1.0" 200 74919 "-" "Mozilla/5.0 (X11; Linux x86_64) AppleWebKit/537.36 (KHTML, like Gecko) Chrome/61.0.3163.79 Safari/537.36"
94.23.203.52 - - [09/Oct/2022:04:26:23 +0200] "GET /marseille-soap-soap-p-40114.html HTTP/1.0" 200 75187 "-" "Mozilla/5.0 (compatible; MJ12bot/v1.4.8; http://mj12bot.com/)"
94.23.203.52 - - [09/Oct/2022:04:26:26 +0200] "GET /marseille-soap-box-soap-10-65-28-cm-p-40115.html HTTP/1.0" 301 75272 "-" "Mozilla/5.0 (compatible; MJ12bot/v1.4.8; http://mj12bot.com/)"
94.23.203.52 - - [09/Oct/2022:04:26:30 +0200] "GET /marseille-soap-soap-p-40115.html HTTP/1.0" 200 75186 "-" "Mozilla/5.0 (compatible; MJ12bot/v1.4.8; http://mj12bot.com/)"
185.191.171.4 - - [09/Oct/2022:04:26:30 +0200] "GET /hourglass-retro-brass-glass-p-48945.html?action=add_product HTTP/1.0" 302 476 "-" "Mozilla/5.0 (compatible; SemrushBot/7~bl; +http://www.semrush.com/bot.html)"
51.68.224.127 - - [09/Oct/2022:04:26:31 +0200] "GET /adminweb/export_orders_xml.php?token=256de2z6edz6ed2z6DFSFsed2zed6zeDSFDSGdzedezfzf&maxorders=10&orderstart=1&status=14&start_date=2018-10-01 HTTP/1.0" 200 285 "-" "GesCom CharlotteBoutik Serveur"
51.68.224.127 - - [09/Oct/2022:04:26:32 +0200] "GET /adminweb/export_orders_xml.php?token=256de2z6edz6ed2z6DFSFsed2zed6zeDSFDSGdzedezfzf&maxorders=10&orderstart=1&status=6&start_date=2018-10-01 HTTP/1.0" 200 33985 "-" "GesCom CharlotteBoutik Serveur"
185.191.171.33 - - [09/Oct/2022:04:26:34 +0200] "GET /zinc-adult-cotton-apron-p-39046.html?action=add_product HTTP/1.0" 302 476 "-" "Mozilla/5.0 (compatible; SemrushBot/7~bl; +http://www.semrush.com/bot.html)"
94.23.203.52 - - [09/Oct/2022:04:26:33 +0200] "GET /marseille-soap-soap-p-40114.html HTTP/1.0" 200 75187 "-" "Mozilla/5.0 (compatible; MJ12bot/v1.4.8; http://mj12bot.com/)"
54.36.149.1 - - [09/Oct/2022:04:26:33 +0200] "GET /time-clock-p-53182.html HTTP/1.0" 200 72286 "-" "Mozilla/5.0 (compatible; AhrefsBot/7.0; +http://ahrefs.com/robot/)"
185.191.171.44 - - [09/Oct/2022:04:26:35 +0200] "GET /breakfast-board-thank-tassen-made-germany-p-56282.html?action=add_product HTTP/1.0" 302 476 "-" "Mozilla/5.0 (compatible; SemrushBot/7~bl; +http://www.semrush.com/bot.html)"
94.23.203.52 - - [09/Oct/2022:04:26:36 +0200] "GET /marseille-soap-soap-p-40115.html HTTP/1.0" 200 75186 "-" "Mozilla/5.0 (compatible; MJ12bot/v1.4.8; http://mj12bot.com/)"
94.23.203.52 - - [09/Oct/2022:04:26:40 +0200] "GET /marvel-satchel-bag-p-30362.html HTTP/1.0" 301 72402 "-" "Mozilla/5.0 (compatible; MJ12bot/v1.4.8; http://mj12bot.com/)"
94.23.203.52 - - [09/Oct/2022:04:26:43 +0200] "GET /marvel-satchel-p-30362.html HTTP/1.0" 200 72321 "-" "Mozilla/5.0 (compatible; MJ12bot/v1.4.8; http://mj12bot.com/)"
94.23.203.52 - - [09/Oct/2022:04:26:46 +0200] "GET /marvel-satchel-bag-p-30364.html HTTP/1.0" 301 72402 "-" "Mozilla/5.0 (compatible; MJ12bot/v1.4.8; http://mj12bot.com/)"
185.191.171.19 - - [09/Oct/2022:04:26:47 +0200] "GET /cbkreation-phone-cover-iphone-p-23472.html?action=add_product HTTP/1.0" 301 476 "-" "Mozilla/5.0 (compatible; SemrushBot/7~bl; +http://www.semrush.com/bot.html)"
94.23.203.52 - - [09/Oct/2022:04:26:49 +0200] "GET /marvel-satchel-p-30364.html HTTP/1.0" 200 72321 "-" "Mozilla/5.0 (compatible; MJ12bot/v1.4.8; http://mj12bot.com/)"
77.88.5.245 - - [09/Oct/2022:04:26:52 +0200] "GET /images/big_prod/8424222873129.jpg HTTP/1.0" 200 268 "-" "Mozilla/5.0 (compatible; YandexImages/3.0; +http://yandex.com/bots)"
94.23.203.52 - - [09/Oct/2022:04:26:53 +0200] "GET /marvel-satchel-p-30362.html HTTP/1.0" 200 72321 "-" "Mozilla/5.0 (compatible; MJ12bot/v1.4.8; http://mj12bot.com/)"
185.191.171.21 - - [09/Oct/2022:04:26:54 +0200] "GET /medusa-glass-paperweight-p-57553.html?action=add_product HTTP/1.0" 302 476 "-" "Mozilla/5.0 (compatible; SemrushBot/7~bl; +http://www.semrush.com/bot.html)"
94.23.203.52 - - [09/Oct/2022:04:26:56 +0200] "GET /marvel-satchel-p-30364.html HTTP/1.0" 200 72321 "-" "Mozilla/5.0 (compatible; MJ12bot/v1.4.8; http://mj12bot.com/)"
66.249.64.244 - - [09/Oct/2022:04:26:58 +0200] "GET /images/mini_prod/8424001946976.jpg HTTP/1.0" 200 269 "-" "Googlebot-Image/1.0"
94.23.203.52 - - [09/Oct/2022:04:26:59 +0200] "GET /marvel-spiderman-large-suitcase-p-34803.html HTTP/1.0" 301 72315 "-" "Mozilla/5.0 (compatible; MJ12bot/v1.4.8; http://mj12bot.com/)"
64.124.8.31 - - [09/Oct/2022:04:26:59 +0200] "GET /duvet-cover-in-cotton-percale-80-threads-240-220-cm-p-43841.html HTTP/1.0" 301 75287 "-" "Mozilla/5.0 (X11; Linux x86_64) AppleWebKit/537.36 (KHTML, like Gecko) Chrome/61.0.3163.79 Safari/537.36"
94.23.203.52 - - [09/Oct/2022:04:27:02 +0200] "GET /-p-34803.html HTTP/1.0" 200 72248 "-" "Mozilla/5.0 (compatible; MJ12bot/v1.4.8; http://mj12bot.com/)"
94.23.203.52 - - [09/Oct/2022:04:27:05 +0200] "GET /masha-and-the-bear-figure-masha-p-32187.html HTTP/1.0" 301 72315 "-" "Mozilla/5.0 (compatible; MJ12bot/v1.4.8; http://mj12bot.com/)"
185.191.171.8 - - [09/Oct/2022:04:27:06 +0200] "GET /stoneware-bowl-p-59024.html?action=add_product HTTP/1.0" 302 476 "-" "Mozilla/5.0 (compatible; SemrushBot/7~bl; +http://www.semrush.com/bot.html)"
66.249.64.244 - - [09/Oct/2022:04:27:07 +0200] "GET /large-flat-pouch-little-prince-exupry-p-53861.html HTTP/1.0" 200 75832 "-" "Mozilla/5.0 (compatible; Googlebot/2.1; +http://www.google.com/bot.html)"
185.191.171.4 - - [09/Oct/2022:04:27:09 +0200] "GET /figurine-study-painting-mucha-p-48786.html?action=add_product HTTP/1.0" 302 476 "-" "Mozilla/5.0 (compatible; SemrushBot/7~bl; +http://www.semrush.com/bot.html)"
94.23.203.52 - - [09/Oct/2022:04:27:10 +0200] "GET /-p-32187.html HTTP/1.0" 200 72248 "-" "Mozilla/5.0 (compatible; MJ12bot/v1.4.8; http://mj12bot.com/)"
94.23.203.52 - - [09/Oct/2022:04:27:13 +0200] "GET /masha-and-the-bear-figure-masha-p-32189.html HTTP/1.0" 301 72315 "-" "Mozilla/5.0 (compatible; MJ12bot/v1.4.8; http://mj12bot.com/)"
94.23.203.52 - - [09/Oct/2022:04:27:16 +0200] "GET /-p-32189.html HTTP/1.0" 200 72248 "-" "Mozilla/5.0 (compatible; MJ12bot/v1.4.8; http://mj12bot.com/)"
94.23.203.52 - - [09/Oct/2022:04:27:19 +0200] "GET /masha-and-the-bear-figure-michka-p-32190.html HTTP/1.0" 301 72315 "-" "Mozilla/5.0 (compatible; MJ12bot/v1.4.8; http://mj12bot.com/)"
94.23.203.52 - - [09/Oct/2022:04:27:22 +0200] "GET /-p-32190.html HTTP/1.0" 200 72248 "-" "Mozilla/5.0 (compatible; MJ12bot/v1.4.8; http://mj12bot.com/)"
94.23.203.52 - - [09/Oct/2022:04:27:26 +0200] "GET /masha-and-the-bear-magnetic-board-p-32474.html HTTP/1.0" 301 75236 "-" "Mozilla/5.0 (compatible; MJ12bot/v1.4.8; http://mj12bot.com/)"
94.23.203.52 - - [09/Oct/2022:04:27:29 +0200] "GET /masha-bear-magnetic-board-p-32474.html HTTP/1.0" 200 75144 "-" "Mozilla/5.0 (compatible; MJ12bot/v1.4.8; http://mj12bot.com/)"
94.23.203.52 - - [09/Oct/2022:04:27:32 +0200] "GET /masha-bear-figure-masha-p-32187.html HTTP/1.0" 301 72315 "-" "Mozilla/5.0 (compatible; MJ12bot/v1.4.8; http://mj12bot.com/)"
94.23.203.52 - - [09/Oct/2022:04:27:35 +0200] "GET /-p-32187.html HTTP/1.0" 200 72248 "-" "Mozilla/5.0 (compatible; MJ12bot/v1.4.8; http://mj12bot.com/)"
94.23.203.52 - - [09/Oct/2022:04:27:39 +0200] "GET /masha-bear-magnetic-board-p-32474.html HTTP/1.0" 200 75144 "-" "Mozilla/5.0 (compatible; MJ12bot/v1.4.8; http://mj12bot.com/)"
94.23.203.52 - - [09/Oct/2022:04:27:43 +0200] "GET /mater-money-box-p-15642.html HTTP/1.0" 301 75196 "-" "Mozilla/5.0 (compatible; MJ12bot/v1.4.8; http://mj12bot.com/)"
94.23.203.52 - - [09/Oct/2022:04:27:45 +0200] "GET /mater-money-p-15642.html HTTP/1.0" 200 75118 "-" "Mozilla/5.0 (compatible; MJ12bot/v1.4.8; http://mj12bot.com/)"
150.109.20.39 - - [09/Oct/2022:04:27:51 +0200] "GET /images/mini_prod/3681643006047.jpg HTTP/1.0" 200 269 "-" "Mozilla/5.0 (Macintoosh; Intel Mac OS X 10_14_68) AppleWebKit/538.36 (KHTML, like Gecko) Chrome/76.0.3904.97 Safari/537.36"
94.23.203.52 - - [09/Oct/2022:04:27:49 +0200] "GET /mater-money-p-15642.html HTTP/1.0" 200 75118 "-" "Mozilla/5.0 (compatible; MJ12bot/v1.4.8; http://mj12bot.com/)"
