114.119.133.245 - - [09/Oct/2022:07:39:01 +0200] "GET /backpack-kaloo-p-19223.html HTTP/1.0" 200 72294 "http://www.wonder-geek.com/backpacks-c-31_77.html?page=4" "Mozilla/5.0 (Linux; Android 7.0;) AppleWebKit/537.36 (KHTML, like Gecko) Mobile Safari/537.36 (compatible; PetalBot;+https://webmaster.petalsearch.com/site/petalbot)"
185.191.171.16 - - [09/Oct/2022:07:39:03 +0200] "GET /mani-lucky-charm-size-chance-p-33279.html?action=add_product HTTP/1.0" 302 476 "-" "Mozilla/5.0 (compatible; SemrushBot/7~bl; +http://www.semrush.com/bot.html)"
5.161.133.43 - - [09/Oct/2022:07:39:04 +0200] "GET /images/mini_prod/1399984257043.jpg HTTP/1.0" 200 269 "-" "Mozilla/5.0 (X11; Ubuntu; Linux x86_64; rv:72.0) Gecko/20100101 Firefox/72.0"
66.249.64.244 - - [09/Oct/2022:07:39:08 +0200] "GET /coconut-fibers-doormat-tiles-p-56983.html HTTP/1.0" 200 75839 "-" "Mozilla/5.0 (Linux; Android 6.0.1; Nexus 5X Build/MMB29P) AppleWebKit/537.36 (KHTML, like Gecko) Chrome/106.0.5249.91 Mobile Safari/537.36 (compatible; Googlebot/2.1; +http://www.google.com/bot.html)"
173.252.83.11 - - [09/Oct/2022:07:39:09 +0200] "GET /images/mini_prod/8432193202787.jpg HTTP/1.0" 200 269 "-" "facebookexternalhit/1.1 (+http://www.facebook.com/externalhit_uatext.php)"
54.36.148.62 - - [09/Oct/2022:07:39:36 +0200] "GET /fitted-sheet-c-11_193.html?page=2 HTTP/1.0" 200 93053 "-" "Mozilla/5.0 (compatible; AhrefsBot/7.0; +http://ahrefs.com/robot/)"
185.191.171.1 - - [09/Oct/2022:07:39:47 +0200] "GET /-p-49308.html?action=add_product HTTP/1.0" 302 476 "-" "Mozilla/5.0 (compatible; SemrushBot/7~bl; +http://www.semrush.com/bot.html)"
185.191.171.43 - - [09/Oct/2022:07:40:01 +0200] "GET /cement-tile-stickers-p-50344.html?action=add_product HTTP/1.0" 302 476 "-" "Mozilla/5.0 (compatible; SemrushBot/7~bl; +http://www.semrush.com/bot.html)"
185.191.171.33 - - [09/Oct/2022:07:40:03 +0200] "GET /crystal-glass-metal-lamp-p-52025.html?action=add_product HTTP/1.0" 302 476 "-" "Mozilla/5.0 (compatible; SemrushBot/7~bl; +http://www.semrush.com/bot.html)"
185.191.171.14 - - [09/Oct/2022:07:40:15 +0200] "GET /disney-planes-bowl-p-24536.html HTTP/1.0" 301 72315 "-" "Mozilla/5.0 (compatible; SemrushBot/7~bl; +http://www.semrush.com/bot.html)"
185.191.171.19 - - [09/Oct/2022:07:40:18 +0200] "GET /beach-shower-curtain-p-37701.html?action=add_product HTTP/1.0" 302 476 "-" "Mozilla/5.0 (compatible; SemrushBot/7~bl; +http://www.semrush.com/bot.html)"
114.119.133.245 - - [09/Oct/2022:07:40:18 +0200] "GET /three-nesting-baskets-p-58717.html HTTP/1.0" 200 76141 "http://wonder-geek.com/" "Mozilla/5.0 (Linux; Android 7.0;) AppleWebKit/537.36 (KHTML, like Gecko) Mobile Safari/537.36 (compatible; PetalBot;+https://webmaster.petalsearch.com/site/petalbot)"
185.191.171.12 - - [09/Oct/2022:07:40:21 +0200] "GET /-p-24536.html HTTP/1.0" 200 72248 "-" "Mozilla/5.0 (compatible; SemrushBot/7~bl; +http://www.semrush.com/bot.html)"
185.191.171.24 - - [09/Oct/2022:07:40:27 +0200] "GET /boxes-storage-c-13_150.html HTTP/1.0" 200 96347 "-" "Mozilla/5.0 (compatible; SemrushBot/7~bl; +http://www.semrush.com/bot.html)"
185.191.171.36 - - [09/Oct/2022:07:40:50 +0200] "GET /home-and-decoration-c-13.html?page=231 HTTP/1.0" 301 93760 "-" "Mozilla/5.0 (compatible; SemrushBot/7~bl; +http://www.semrush.com/bot.html)"
185.191.171.7 - - [09/Oct/2022:07:40:54 +0200] "GET /home-decoration-c-13.html?page=231 HTTP/1.0" 200 93672 "-" "Mozilla/5.0 (compatible; SemrushBot/7~bl; +http://www.semrush.com/bot.html)"
185.191.171.24 - - [09/Oct/2022:07:41:00 +0200] "GET /mickey-mouse-tray-p-12608.html?action=add_product HTTP/1.0" 301 476 "-" "Mozilla/5.0 (compatible; SemrushBot/7~bl; +http://www.semrush.com/bot.html)"
185.191.171.37 - - [09/Oct/2022:07:41:12 +0200] "GET /cbkreation-toiletry-bag-p-41153.html HTTP/1.0" 301 75082 "-" "Mozilla/5.0 (compatible; SemrushBot/7~bl; +http://www.semrush.com/bot.html)"
185.191.171.14 - - [09/Oct/2022:07:41:15 +0200] "GET /cbkration-toiletry-p-41153.html HTTP/1.0" 200 74997 "-" "Mozilla/5.0 (compatible; SemrushBot/7~bl; +http://www.semrush.com/bot.html)"
185.191.171.2 - - [09/Oct/2022:07:41:18 +0200] "GET /coffee-cups-week-vilaines-filles-p-57610.html?action=add_product HTTP/1.0" 302 476 "-" "Mozilla/5.0 (compatible; SemrushBot/7~bl; +http://www.semrush.com/bot.html)"
185.191.171.1 - - [09/Oct/2022:07:41:28 +0200] "GET /disney-princess-towel-p-27394.html?action=add_product HTTP/1.0" 301 476 "-" "Mozilla/5.0 (compatible; SemrushBot/7~bl; +http://www.semrush.com/bot.html)"
185.191.171.2 - - [09/Oct/2022:07:41:31 +0200] "GET /-p-29525.html?action=add_product HTTP/1.0" 302 476 "-" "Mozilla/5.0 (compatible; SemrushBot/7~bl; +http://www.semrush.com/bot.html)"
114.119.137.45 - - [09/Oct/2022:07:41:35 +0200] "GET /images/mini_prod/9349878009298.jpg HTTP/1.0" 200 269 "http://www.wonder-geek.com/home-decoration-c-13.html?page=208" "Mozilla/5.0 (Linux; Android 7.0;) AppleWebKit/537.36 (KHTML, like Gecko) Mobile Safari/537.36 (compatible; PetalBot;+https://webmaster.petalsearch.com/site/petalbot)"
185.191.171.12 - - [09/Oct/2022:07:41:40 +0200] "GET /beige-lampshade-p-59075.html HTTP/1.0" 200 75731 "-" "Mozilla/5.0 (compatible; SemrushBot/7~bl; +http://www.semrush.com/bot.html)"
185.191.171.38 - - [09/Oct/2022:07:42:08 +0200] "GET /teo-jasmin-small-cabas-yoko-p-44803.html HTTP/1.0" 301 72315 "-" "Mozilla/5.0 (compatible; SemrushBot/7~bl; +http://www.semrush.com/bot.html)"
185.191.171.3 - - [09/Oct/2022:07:42:12 +0200] "GET /-p-44803.html HTTP/1.0" 200 72248 "-" "Mozilla/5.0 (compatible; SemrushBot/7~bl; +http://www.semrush.com/bot.html)"
54.36.148.32 - - [09/Oct/2022:07:42:17 +0200] "GET /decoration-african-woman-p-53032.html HTTP/1.0" 200 74982 "-" "Mozilla/5.0 (compatible; AhrefsBot/7.0; +http://ahrefs.com/robot/)"
185.191.171.39 - - [09/Oct/2022:07:42:35 +0200] "GET /washed-linen-pillowcase-65-65-cm-celadon-p-48174.html HTTP/1.0" 301 72315 "-" "Mozilla/5.0 (compatible; SemrushBot/7~bl; +http://www.semrush.com/bot.html)"
185.191.171.7 - - [09/Oct/2022:07:42:38 +0200] "GET /-p-48174.html HTTP/1.0" 200 72248 "-" "Mozilla/5.0 (compatible; SemrushBot/7~bl; +http://www.semrush.com/bot.html)"
185.191.171.10 - - [09/Oct/2022:07:42:41 +0200] "GET /lotus-petal-atmospheric-pink-light-green-gold-trim-p-53736.html?action=add_product HTTP/1.0" 302 476 "-" "Mozilla/5.0 (compatible; SemrushBot/7~bl; +http://www.semrush.com/bot.html)"
185.191.171.38 - - [09/Oct/2022:07:42:50 +0200] "GET /glass-with-porcelain-infuser-p-41870.html?action=add_product HTTP/1.0" 302 476 "-" "Mozilla/5.0 (compatible; SemrushBot/7~bl; +http://www.semrush.com/bot.html)"
114.119.137.45 - - [09/Oct/2022:07:42:52 +0200] "GET /promise-willow-tree-figurine-p-36265.html HTTP/1.0" 200 72356 "http://www.wonder-geek.com/home-decoration-c-13.html?page=245" "Mozilla/5.0 (Linux; Android 7.0;) AppleWebKit/537.36 (KHTML, like Gecko) Mobile Safari/537.36 (compatible; PetalBot;+https://webmaster.petalsearch.com/site/petalbot)"
116.198.10.2 - - [09/Oct/2022:07:42:55 +0200] "GET /images/mini_prod/4895029627446.jpg HTTP/1.0" 200 269 "-" "Mozilla/5.0 (Windows NT 10.0; Win64; x64) AppleWebKit/537.36 (KHTML, like Gecko) Chrome/103.0.5060.134 Safari/537.36 Edg/103.0.1264.71"
185.191.171.14 - - [09/Oct/2022:07:43:09 +0200] "GET /nyc-cushion-p-26104.html HTTP/1.0" 301 72315 "-" "Mozilla/5.0 (compatible; SemrushBot/7~bl; +http://www.semrush.com/bot.html)"
185.191.171.25 - - [09/Oct/2022:07:43:12 +0200] "GET /-p-26104.html HTTP/1.0" 200 72248 "-" "Mozilla/5.0 (compatible; SemrushBot/7~bl; +http://www.semrush.com/bot.html)"
185.191.171.12 - - [09/Oct/2022:07:43:16 +0200] "GET /burlap-round-table-brasserie-p-50963.html?action=add_product HTTP/1.0" 302 476 "-" "Mozilla/5.0 (compatible; SemrushBot/7~bl; +http://www.semrush.com/bot.html)"
124.156.207.90 - - [09/Oct/2022:07:43:19 +0200] "GET /images/mini_prod/3520071345697.jpg HTTP/1.0" 200 269 "-" "Mozilla/5.0 (Macintoosh; Intel Mac OS X 10_14_68) AppleWebKit/538.36 (KHTML, like Gecko) Chrome/76.0.3904.97 Safari/537.36"
185.191.171.40 - - [09/Oct/2022:07:43:23 +0200] "GET /incense-box-and-stick-holder-elephant-p-53941.html HTTP/1.0" 301 72470 "-" "Mozilla/5.0 (compatible; SemrushBot/7~bl; +http://www.semrush.com/bot.html)"
185.191.171.3 - - [09/Oct/2022:07:43:26 +0200] "GET /incense-stick-holder-elephant-p-53941.html HTTP/1.0" 200 72374 "-" "Mozilla/5.0 (compatible; SemrushBot/7~bl; +http://www.semrush.com/bot.html)"
119.12.169.253 - - [09/Oct/2022:07:43:29 +0200] "GET /images/mini_prod/3453131152020.jpg HTTP/1.0" 200 269 "-" "Mozilla/5.0 (Windows NT 10.0; Win64; x64) AppleWebKit/537.36 (KHTML, like Gecko) Chrome/54.0.2840.99 Safari/537.36"
185.191.171.5 - - [09/Oct/2022:07:43:46 +0200] "GET /customized-glass-cutting-board-by-cbkreation-p-51277.html HTTP/1.0" 301 75256 "-" "Mozilla/5.0 (compatible; SemrushBot/7~bl; +http://www.semrush.com/bot.html)"
185.191.171.42 - - [09/Oct/2022:07:43:50 +0200] "GET /customized-glass-cutting-board-cbkreation-p-51277.html HTTP/1.0" 200 75148 "-" "Mozilla/5.0 (compatible; SemrushBot/7~bl; +http://www.semrush.com/bot.html)"
66.249.64.246 - - [09/Oct/2022:07:43:57 +0200] "GET /little-prince-soap-p-52467.html HTTP/1.0" 200 75190 "-" "Mozilla/5.0 (Linux; Android 6.0.1; Nexus 5X Build/MMB29P) AppleWebKit/537.36 (KHTML, like Gecko) Chrome/105.0.5195.125 Mobile Safari/537.36 (compatible; Googlebot/2.1; +http://www.google.com/bot.html)"
114.119.137.3 - - [09/Oct/2022:07:44:10 +0200] "GET /black-and-blue-perfume-diffuser-p-35893.html HTTP/1.0" 301 72315 "http://www.wonder-geek.com/diffuser-of-perfume-and-essential-oils-c-231_162.html" "Mozilla/5.0 (Linux; Android 7.0;) AppleWebKit/537.36 (KHTML, like Gecko) Mobile Safari/537.36 (compatible; PetalBot;+https://webmaster.petalsearch.com/site/petalbot)"
114.119.137.3 - - [09/Oct/2022:07:44:13 +0200] "GET /-p-35893.html HTTP/1.0" 200 72248 "http://www.wonder-geek.com/diffuser-of-perfume-and-essential-oils-c-231_162.html" "Mozilla/5.0 (Linux; Android 7.0;) AppleWebKit/537.36 (KHTML, like Gecko) Mobile Safari/537.36 (compatible; PetalBot;+https://webmaster.petalsearch.com/site/petalbot)"
185.191.171.1 - - [09/Oct/2022:07:44:18 +0200] "GET /mustache-white-tee-shirt-p-31176.html HTTP/1.0" 301 76921 "-" "Mozilla/5.0 (compatible; SemrushBot/7~bl; +http://www.semrush.com/bot.html)"
185.191.171.18 - - [09/Oct/2022:07:44:21 +0200] "GET /mustache-white-shirt-p-31176.html HTTP/1.0" 200 76834 "-" "Mozilla/5.0 (compatible; SemrushBot/7~bl; +http://www.semrush.com/bot.html)"
185.191.171.23 - - [09/Oct/2022:07:44:24 +0200] "GET /the-little-prince-set-of-coasters-p-49724.html HTTP/1.0" 301 72435 "-" "Mozilla/5.0 (compatible; SemrushBot/7~bl; +http://www.semrush.com/bot.html)"
185.191.171.7 - - [09/Oct/2022:07:44:27 +0200] "GET /little-prince-coasters-p-49724.html HTTP/1.0" 200 72346 "-" "Mozilla/5.0 (compatible; SemrushBot/7~bl; +http://www.semrush.com/bot.html)"
185.191.171.40 - - [09/Oct/2022:07:44:30 +0200] "GET /pourquoi-tant-haine-shirt-p-29580.html?action=add_product HTTP/1.0" 302 476 "-" "Mozilla/5.0 (compatible; SemrushBot/7~bl; +http://www.semrush.com/bot.html)"
185.191.171.16 - - [09/Oct/2022:07:44:32 +0200] "GET /littlest-petshop-backpack-p-20697.html HTTP/1.0" 301 72315 "-" "Mozilla/5.0 (compatible; SemrushBot/7~bl; +http://www.semrush.com/bot.html)"
185.191.171.2 - - [09/Oct/2022:07:44:36 +0200] "GET /-p-20697.html HTTP/1.0" 200 72248 "-" "Mozilla/5.0 (compatible; SemrushBot/7~bl; +http://www.semrush.com/bot.html)"
185.191.171.11 - - [09/Oct/2022:07:44:39 +0200] "GET /-p-47236.html?action=add_product HTTP/1.0" 302 476 "-" "Mozilla/5.0 (compatible; SemrushBot/7~bl; +http://www.semrush.com/bot.html)"
185.191.171.1 - - [09/Oct/2022:07:44:43 +0200] "GET /road-66-set-of-magnets-p-31622.html HTTP/1.0" 301 72389 "-" "Mozilla/5.0 (compatible; SemrushBot/7~bl; +http://www.semrush.com/bot.html)"
54.36.148.168 - - [09/Oct/2022:07:44:44 +0200] "GET /ballerina-statue-collection-body-talk-p-46761.html HTTP/1.0" 200 75725 "-" "Mozilla/5.0 (compatible; AhrefsBot/7.0; +http://ahrefs.com/robot/)"
185.191.171.3 - - [09/Oct/2022:07:44:46 +0200] "GET /road-magnets-p-31622.html HTTP/1.0" 200 72310 "-" "Mozilla/5.0 (compatible; SemrushBot/7~bl; +http://www.semrush.com/bot.html)"
185.191.171.23 - - [09/Oct/2022:07:45:07 +0200] "GET /blooming-garden-fine-bone-china-p-54927.html?action=add_product HTTP/1.0" 302 476 "-" "Mozilla/5.0 (compatible; SemrushBot/7~bl; +http://www.semrush.com/bot.html)"
114.119.133.245 - - [09/Oct/2022:07:45:28 +0200] "GET /zodiac-sign-training-bottle-by-cbkreation-p-43351.html HTTP/1.0" 301 75401 "http://www.wonder-geek.com/water-bottles-and-sport-bottles-c-12_161.html?page=3" "Mozilla/5.0 (Linux; Android 7.0;) AppleWebKit/537.36 (KHTML, like Gecko) Mobile Safari/537.36 (compatible; PetalBot;+https://webmaster.petalsearch.com/site/petalbot)"
185.191.171.4 - - [09/Oct/2022:07:45:30 +0200] "GET /sonny-angel-figure-valentine-series-2016-p-33922.html?action=add_product HTTP/1.0" 302 476 "-" "Mozilla/5.0 (compatible; SemrushBot/7~bl; +http://www.semrush.com/bot.html)"
114.119.133.245 - - [09/Oct/2022:07:45:29 +0200] "GET /zodiac-sign-training-bottle-cbkreation-p-43351.html HTTP/1.0" 200 75296 "http://www.wonder-geek.com/water-bottles-and-sport-bottles-c-12_161.html?page=3" "Mozilla/5.0 (Linux; Android 7.0;) AppleWebKit/537.36 (KHTML, like Gecko) Mobile Safari/537.36 (compatible; PetalBot;+https://webmaster.petalsearch.com/site/petalbot)"
185.191.171.15 - - [09/Oct/2022:07:45:32 +0200] "GET /birds-cast-iron-wall-bell-20-cm-p-44512.html HTTP/1.0" 301 72442 "-" "Mozilla/5.0 (compatible; SemrushBot/7~bl; +http://www.semrush.com/bot.html)"
66.249.64.244 - - [09/Oct/2022:07:45:35 +0200] "GET /images/med_prod/5036278057991.jpg HTTP/1.0" 200 268 "-" "Googlebot-Image/1.0"
185.191.171.4 - - [09/Oct/2022:07:45:36 +0200] "GET /birds-cast-iron-wall-bell-p-44512.html HTTP/1.0" 200 72350 "-" "Mozilla/5.0 (compatible; SemrushBot/7~bl; +http://www.semrush.com/bot.html)"
185.191.171.9 - - [09/Oct/2022:07:45:39 +0200] "GET /agostini-large-metal-plate-deco-p-27967.html?action=add_product HTTP/1.0" 302 476 "-" "Mozilla/5.0 (compatible; SemrushBot/7~bl; +http://www.semrush.com/bot.html)"
185.191.171.16 - - [09/Oct/2022:07:45:47 +0200] "GET /deco-sommelier-p-42127.html?action=add_product HTTP/1.0" 302 476 "-" "Mozilla/5.0 (compatible; SemrushBot/7~bl; +http://www.semrush.com/bot.html)"
185.191.171.9 - - [09/Oct/2022:07:46:03 +0200] "GET /-p-47285.html HTTP/1.0" 200 72248 "-" "Mozilla/5.0 (compatible; SemrushBot/7~bl; +http://www.semrush.com/bot.html)"
95.217.195.123 - - [09/Oct/2022:07:46:13 +0200] "GET /robots.txt HTTP/1.0" 200 245 "-" "Mozilla/5.0 (compatible; MJ12bot/v1.4.8; http://mj12bot.com/)"
95.217.195.123 - - [09/Oct/2022:07:46:15 +0200] "GET /bamboo-fiber-plant-cover-p-58898.html HTTP/1.0" 200 75526 "-" "Mozilla/5.0 (compatible; MJ12bot/v1.4.8; http://mj12bot.com/)"
95.217.195.123 - - [09/Oct/2022:07:46:19 +0200] "GET /cache-natural-wood-p-59157.html HTTP/1.0" 200 75786 "-" "Mozilla/5.0 (compatible; MJ12bot/v1.4.8; http://mj12bot.com/)"
95.217.195.123 - - [09/Oct/2022:07:46:26 +0200] "GET /cache-natural-wood-p-59158.html HTTP/1.0" 200 75782 "-" "Mozilla/5.0 (compatible; MJ12bot/v1.4.8; http://mj12bot.com/)"
185.191.171.3 - - [09/Oct/2022:07:46:27 +0200] "GET /-p-42790.html HTTP/1.0" 200 72248 "-" "Mozilla/5.0 (compatible; SemrushBot/7~bl; +http://www.semrush.com/bot.html)"
95.217.195.123 - - [09/Oct/2022:07:46:33 +0200] "GET /cylindrical-lampshade-white-p-59076.html HTTP/1.0" 200 75793 "-" "Mozilla/5.0 (compatible; MJ12bot/v1.4.8; http://mj12bot.com/)"
95.217.195.123 - - [09/Oct/2022:07:46:40 +0200] "GET /decorative-hourglass-glass-blue-sand-p-59145.html HTTP/1.0" 200 75663 "-" "Mozilla/5.0 (compatible; MJ12bot/v1.4.8; http://mj12bot.com/)"
114.119.137.45 - - [09/Oct/2022:07:46:42 +0200] "GET /union-jack-ashtray-p-36624.html HTTP/1.0" 301 72315 "http://www.wonder-geek.com/home-and-decoration-c-13.html?page=30" "Mozilla/5.0 (Linux; Android 7.0;) AppleWebKit/537.36 (KHTML, like Gecko) Mobile Safari/537.36 (compatible; PetalBot;+https://webmaster.petalsearch.com/site/petalbot)"
114.119.137.45 - - [09/Oct/2022:07:46:44 +0200] "GET /-p-36624.html HTTP/1.0" 200 72248 "http://www.wonder-geek.com/home-and-decoration-c-13.html?page=30" "Mozilla/5.0 (Linux; Android 7.0;) AppleWebKit/537.36 (KHTML, like Gecko) Mobile Safari/537.36 (compatible; PetalBot;+https://webmaster.petalsearch.com/site/petalbot)"
95.217.195.123 - - [09/Oct/2022:07:46:48 +0200] "GET /double-walled-porcelain-with-infuser-p-59129.html HTTP/1.0" 200 76127 "-" "Mozilla/5.0 (compatible; MJ12bot/v1.4.8; http://mj12bot.com/)"
185.191.171.36 - - [09/Oct/2022:07:46:48 +0200] "GET /deco-kit-sommelier-je-peux-pas-ai-apero-p-42706.html HTTP/1.0" 301 76023 "-" "Mozilla/5.0 (compatible; SemrushBot/7~bl; +http://www.semrush.com/bot.html)"
185.191.171.23 - - [09/Oct/2022:07:46:52 +0200] "GET /deco-sommelier-peux-apro-p-42706.html HTTP/1.0" 200 75932 "-" "Mozilla/5.0 (compatible; SemrushBot/7~bl; +http://www.semrush.com/bot.html)"
185.191.171.33 - - [09/Oct/2022:07:46:56 +0200] "GET /light-wood-table-lamp-scandinavian-spirit-p-52769.html?action=add_product HTTP/1.0" 302 476 "-" "Mozilla/5.0 (compatible; SemrushBot/7~bl; +http://www.semrush.com/bot.html)"
95.217.195.123 - - [09/Oct/2022:07:46:54 +0200] "GET /golden-table-lamp-p-58986.html HTTP/1.0" 200 75612 "-" "Mozilla/5.0 (compatible; MJ12bot/v1.4.8; http://mj12bot.com/)"
95.217.195.123 - - [09/Oct/2022:07:47:03 +0200] "GET /gray-sandstone-lamp-p-58981.html HTTP/1.0" 200 75577 "-" "Mozilla/5.0 (compatible; MJ12bot/v1.4.8; http://mj12bot.com/)"
54.36.149.64 - - [09/Oct/2022:07:47:05 +0200] "GET /pharaoh-figurine-bronze-aspect-p-52827.html HTTP/1.0" 200 75051 "-" "Mozilla/5.0 (compatible; AhrefsBot/7.0; +http://ahrefs.com/robot/)"
185.191.171.33 - - [09/Oct/2022:07:47:08 +0200] "GET /indian-elephant-statue-20-cm-p-40143.html HTTP/1.0" 301 72427 "-" "Mozilla/5.0 (compatible; SemrushBot/7~bl; +http://www.semrush.com/bot.html)"
95.217.195.123 - - [09/Oct/2022:07:47:09 +0200] "GET /incense-stick-holder-yang-p-59078.html HTTP/1.0" 200 75928 "-" "Mozilla/5.0 (compatible; MJ12bot/v1.4.8; http://mj12bot.com/)"
185.191.171.7 - - [09/Oct/2022:07:47:11 +0200] "GET /indian-elephant-statue-p-40143.html HTTP/1.0" 200 72338 "-" "Mozilla/5.0 (compatible; SemrushBot/7~bl; +http://www.semrush.com/bot.html)"
95.217.195.123 - - [09/Oct/2022:07:47:18 +0200] "GET /natural-seagrass-carpet-p-59141.html HTTP/1.0" 200 75933 "-" "Mozilla/5.0 (compatible; MJ12bot/v1.4.8; http://mj12bot.com/)"
185.191.171.3 - - [09/Oct/2022:07:47:24 +0200] "GET /-p-22479.html?action=add_product HTTP/1.0" 302 476 "-" "Mozilla/5.0 (compatible; SemrushBot/7~bl; +http://www.semrush.com/bot.html)"
95.217.195.123 - - [09/Oct/2022:07:47:24 +0200] "GET /round-magnet-little-prince-plane-p-59033.html HTTP/1.0" 200 75690 "-" "Mozilla/5.0 (compatible; MJ12bot/v1.4.8; http://mj12bot.com/)"
216.244.66.242 - - [09/Oct/2022:07:47:26 +0200] "GET /gund-boo-blue-small-plush-p-32417.html HTTP/1.0" 301 75099 "-" "Mozilla/5.0 (compatible; DotBot/1.2; +https://opensiteexplorer.org/dotbot; help@moz.com)"
185.191.171.39 - - [09/Oct/2022:07:47:25 +0200] "GET /dollars-optical-usb-mouse-and-mouse-pad-p-19048.html HTTP/1.0" 301 72315 "-" "Mozilla/5.0 (compatible; SemrushBot/7~bl; +http://www.semrush.com/bot.html)"
95.217.195.123 - - [09/Oct/2022:07:47:28 +0200] "GET /round-magnetic-cork-trivet-p-59091.html HTTP/1.0" 200 75580 "-" "Mozilla/5.0 (compatible; MJ12bot/v1.4.8; http://mj12bot.com/)"
185.191.171.25 - - [09/Oct/2022:07:47:29 +0200] "GET /-p-19048.html HTTP/1.0" 200 72248 "-" "Mozilla/5.0 (compatible; SemrushBot/7~bl; +http://www.semrush.com/bot.html)"
173.252.83.16 - - [09/Oct/2022:07:47:34 +0200] "GET /images/mini_prod/3700276272480.jpg HTTP/1.0" 200 269 "-" "facebookexternalhit/1.1 (+http://www.facebook.com/externalhit_uatext.php)"
95.217.195.123 - - [09/Oct/2022:07:47:38 +0200] "GET /white-glass-jellyfish-paperweight-p-59146.html HTTP/1.0" 200 75624 "-" "Mozilla/5.0 (compatible; MJ12bot/v1.4.8; http://mj12bot.com/)"
185.191.171.7 - - [09/Oct/2022:07:47:40 +0200] "GET /robots.txt HTTP/1.0" 200 245 "-" "Mozilla/5.0 (compatible; SemrushBot/7~bl; +http://www.semrush.com/bot.html)"
185.191.171.17 - - [09/Oct/2022:07:47:41 +0200] "GET /-p-25691.html?action=add_product HTTP/1.0" 302 476 "-" "Mozilla/5.0 (compatible; SemrushBot/7~bl; +http://www.semrush.com/bot.html)"
216.244.66.242 - - [09/Oct/2022:07:47:46 +0200] "GET /papouasie-rectangulary-cushion-cbkreation-p-36793.html HTTP/1.0" 301 72315 "-" "Mozilla/5.0 (compatible; DotBot/1.2; +https://opensiteexplorer.org/dotbot; help@moz.com)"
185.191.171.19 - - [09/Oct/2022:07:47:51 +0200] "GET /black-virgin-prayer-candle-novena-p-44428.html?action=add_product HTTP/1.0" 302 476 "-" "Mozilla/5.0 (compatible; SemrushBot/7~bl; +http://www.semrush.com/bot.html)"
216.244.66.242 - - [09/Oct/2022:07:47:54 +0200] "GET /pusheen-the-grey-cat-stormy-soft-toy-11-cm-p-40022.html HTTP/1.0" 301 72315 "-" "Mozilla/5.0 (compatible; DotBot/1.2; +https://opensiteexplorer.org/dotbot; help@moz.com)"
114.119.137.45 - - [09/Oct/2022:07:48:01 +0200] "GET /provence-soap-dispenser-soap-p-45126.html HTTP/1.0" 200 72356 "http://www.wonder-geek.com/home-decoration-c-13.html?page=71" "Mozilla/5.0 (Linux; Android 7.0;) AppleWebKit/537.36 (KHTML, like Gecko) Mobile Safari/537.36 (compatible; PetalBot;+https://webmaster.petalsearch.com/site/petalbot)"
185.191.171.25 - - [09/Oct/2022:07:48:11 +0200] "GET /-p-42954.html?action=add_product HTTP/1.0" 302 476 "-" "Mozilla/5.0 (compatible; SemrushBot/7~bl; +http://www.semrush.com/bot.html)"
66.249.64.242 - - [09/Oct/2022:07:48:35 +0200] "GET /images/big_prod/8904234401652.jpg HTTP/1.0" 200 268 "-" "Googlebot-Image/1.0"
51.68.224.127 - - [09/Oct/2022:07:48:41 +0200] "GET /adminweb/export_orders_xml.php?token=256de2z6edz6ed2z6DFSFsed2zed6zeDSFDSGdzedezfzf&maxorders=10&orderstart=1&status=14&start_date=2018-10-01 HTTP/1.0" 200 285 "-" "GesCom CharlotteBoutik Serveur"
51.68.224.127 - - [09/Oct/2022:07:48:41 +0200] "GET /adminweb/export_orders_xml.php?token=256de2z6edz6ed2z6DFSFsed2zed6zeDSFDSGdzedezfzf&maxorders=10&orderstart=1&status=6&start_date=2018-10-01 HTTP/1.0" 200 33985 "-" "GesCom CharlotteBoutik Serveur"
185.191.171.38 - - [09/Oct/2022:07:48:47 +0200] "GET /betty-boop-stars-mobile-sock-p-18335.html?action=add_product HTTP/1.0" 302 476 "-" "Mozilla/5.0 (compatible; SemrushBot/7~bl; +http://www.semrush.com/bot.html)"
185.191.171.18 - - [09/Oct/2022:07:48:53 +0200] "GET /rattan-table-lamp-p-52786.html HTTP/1.0" 301 72315 "-" "Mozilla/5.0 (compatible; SemrushBot/7~bl; +http://www.semrush.com/bot.html)"
185.191.171.40 - - [09/Oct/2022:07:48:56 +0200] "GET /kapha-sage-mint-wick-scented-candle-p-55207.html?action=add_product HTTP/1.0" 302 476 "-" "Mozilla/5.0 (compatible; SemrushBot/7~bl; +http://www.semrush.com/bot.html)"
185.191.171.1 - - [09/Oct/2022:07:48:58 +0200] "GET /-p-52786.html HTTP/1.0" 200 72248 "-" "Mozilla/5.0 (compatible; SemrushBot/7~bl; +http://www.semrush.com/bot.html)"
114.119.137.3 - - [09/Oct/2022:07:49:16 +0200] "GET /flower-pot-summer-collection-ladybug-p-52694.html HTTP/1.0" 301 72481 "http://www.wonder-geek.com/vase-flower-pot-and-soliflore-c-13_232.html?page=4" "Mozilla/5.0 (Linux; Android 7.0;) AppleWebKit/537.36 (KHTML, like Gecko) Mobile Safari/537.36 (compatible; PetalBot;+https://webmaster.petalsearch.com/site/petalbot)"
114.119.137.3 - - [09/Oct/2022:07:49:18 +0200] "GET /flower-summer-collection-ladybug-p-52694.html HTTP/1.0" 200 72382 "http://www.wonder-geek.com/vase-flower-pot-and-soliflore-c-13_232.html?page=4" "Mozilla/5.0 (Linux; Android 7.0;) AppleWebKit/537.36 (KHTML, like Gecko) Mobile Safari/537.36 (compatible; PetalBot;+https://webmaster.petalsearch.com/site/petalbot)"
185.191.171.7 - - [09/Oct/2022:07:49:23 +0200] "GET /owl-wall-decoration-17-cm-green-model-p-40999.html HTTP/1.0" 301 72315 "-" "Mozilla/5.0 (compatible; SemrushBot/7~bl; +http://www.semrush.com/bot.html)"
185.191.171.36 - - [09/Oct/2022:07:49:26 +0200] "GET /legionary-asterix-figure-p-3930.html HTTP/1.0" 301 72312 "-" "Mozilla/5.0 (compatible; SemrushBot/7~bl; +http://www.semrush.com/bot.html)"
54.36.149.17 - - [09/Oct/2022:07:49:29 +0200] "GET /ballerina-statue-collection-body-talk-p-40675.html HTTP/1.0" 200 75724 "-" "Mozilla/5.0 (compatible; AhrefsBot/7.0; +http://ahrefs.com/robot/)"
185.191.171.4 - - [09/Oct/2022:07:49:29 +0200] "GET /-p-3930.html HTTP/1.0" 200 72246 "-" "Mozilla/5.0 (compatible; SemrushBot/7~bl; +http://www.semrush.com/bot.html)"
185.191.171.17 - - [09/Oct/2022:07:49:34 +0200] "GET /swiss-mug-by-cbkreation-p-33769.html HTTP/1.0" 301 74947 "-" "Mozilla/5.0 (compatible; SemrushBot/7~bl; +http://www.semrush.com/bot.html)"
185.191.171.40 - - [09/Oct/2022:07:49:36 +0200] "GET /swiss-cbkreation-p-33769.html HTTP/1.0" 200 74864 "-" "Mozilla/5.0 (compatible; SemrushBot/7~bl; +http://www.semrush.com/bot.html)"
185.191.171.38 - - [09/Oct/2022:07:49:39 +0200] "GET /-p-40999.html HTTP/1.0" 200 72248 "-" "Mozilla/5.0 (compatible; SemrushBot/7~bl; +http://www.semrush.com/bot.html)"
173.252.83.117 - - [09/Oct/2022:07:49:48 +0200] "GET /images/mini_prod/9316188081184.jpg HTTP/1.0" 200 269 "-" "facebookexternalhit/1.1 (+http://www.facebook.com/externalhit_uatext.php)"
66.249.64.242 - - [09/Oct/2022:07:49:48 +0200] "GET /yoda-lamp-p-29262.html HTTP/1.0" 200 72282 "-" "Mozilla/5.0 (Linux; Android 6.0.1; Nexus 5X Build/MMB29P) AppleWebKit/537.36 (KHTML, like Gecko) Chrome/106.0.5249.91 Mobile Safari/537.36 (compatible; Googlebot/2.1; +http://www.google.com/bot.html)"
66.249.64.246 - - [09/Oct/2022:07:49:49 +0200] "GET /yoda-lamp-p-29262.html HTTP/1.0" 200 72282 "-" "Mozilla/5.0 (compatible; Googlebot/2.1; +http://www.google.com/bot.html)"
185.191.171.24 - - [09/Oct/2022:07:49:51 +0200] "GET /black-horse-head-statue-p-39354.html HTTP/1.0" 301 72315 "-" "Mozilla/5.0 (compatible; SemrushBot/7~bl; +http://www.semrush.com/bot.html)"
185.191.171.38 - - [09/Oct/2022:07:49:54 +0200] "GET /tour-eiffel-cushion-p-8653.html HTTP/1.0" 301 72312 "-" "Mozilla/5.0 (compatible; SemrushBot/7~bl; +http://www.semrush.com/bot.html)"
185.191.171.23 - - [09/Oct/2022:07:49:56 +0200] "GET /the-rugs-c-11_269.html HTTP/1.0" 301 93135 "-" "Mozilla/5.0 (compatible; SemrushBot/7~bl; +http://www.semrush.com/bot.html)"
185.191.171.8 - - [09/Oct/2022:07:50:00 +0200] "GET /letter-wall-decor-sticker-gray-p-57792.html?action=add_product HTTP/1.0" 302 476 "-" "Mozilla/5.0 (compatible; SemrushBot/7~bl; +http://www.semrush.com/bot.html)"
185.191.171.24 - - [09/Oct/2022:07:50:03 +0200] "GET /stone-black-moonstone-grams-p-46628.html?action=add_product HTTP/1.0" 302 476 "-" "Mozilla/5.0 (compatible; SemrushBot/7~bl; +http://www.semrush.com/bot.html)"
185.191.171.22 - - [09/Oct/2022:07:50:05 +0200] "GET /-p-8653.html HTTP/1.0" 200 72246 "-" "Mozilla/5.0 (compatible; SemrushBot/7~bl; +http://www.semrush.com/bot.html)"
66.249.64.242 - - [09/Oct/2022:07:50:06 +0200] "GET /rabbit-plush-beige-water-bottle-p-56879.html HTTP/1.0" 200 72382 "-" "Mozilla/5.0 (Linux; Android 6.0.1; Nexus 5X Build/MMB29P) AppleWebKit/537.36 (KHTML, like Gecko) Chrome/106.0.5249.91 Mobile Safari/537.36 (compatible; Googlebot/2.1; +http://www.google.com/bot.html)"
185.191.171.39 - - [09/Oct/2022:07:50:09 +0200] "GET /-p-39354.html HTTP/1.0" 200 72248 "-" "Mozilla/5.0 (compatible; SemrushBot/7~bl; +http://www.semrush.com/bot.html)"
114.119.137.45 - - [09/Oct/2022:07:50:34 +0200] "GET /cote-azur-thermos-500-ml-p-48791.html HTTP/1.0" 301 75606 "http://www.wonder-geek.com/kanteen-and-water-bottles-c-12_161.html?page=4" "Mozilla/5.0 (Linux; Android 7.0;) AppleWebKit/537.36 (KHTML, like Gecko) Mobile Safari/537.36 (compatible; PetalBot;+https://webmaster.petalsearch.com/site/petalbot)"
114.119.137.45 - - [09/Oct/2022:07:50:38 +0200] "GET /azur-thermos-p-48791.html HTTP/1.0" 200 75527 "http://www.wonder-geek.com/kanteen-and-water-bottles-c-12_161.html?page=4" "Mozilla/5.0 (Linux; Android 7.0;) AppleWebKit/537.36 (KHTML, like Gecko) Mobile Safari/537.36 (compatible; PetalBot;+https://webmaster.petalsearch.com/site/petalbot)"
185.191.171.7 - - [09/Oct/2022:07:50:46 +0200] "GET /decorative-wooden-plate-chien-mchant-light-brown-p-47800.html?action=add_product HTTP/1.0" 302 476 "-" "Mozilla/5.0 (compatible; SemrushBot/7~bl; +http://www.semrush.com/bot.html)"
185.191.171.21 - - [09/Oct/2022:07:50:54 +0200] "GET /stranger-things-ceramic-p-53480.html?action=add_product HTTP/1.0" 302 476 "-" "Mozilla/5.0 (compatible; SemrushBot/7~bl; +http://www.semrush.com/bot.html)"
185.191.171.8 - - [09/Oct/2022:07:51:02 +0200] "GET /vintage-wooden-box-p-35592.html HTTP/1.0" 301 75852 "-" "Mozilla/5.0 (compatible; SemrushBot/7~bl; +http://www.semrush.com/bot.html)"
185.191.171.3 - - [09/Oct/2022:07:51:05 +0200] "GET /vintage-wooden-p-35592.html HTTP/1.0" 200 75771 "-" "Mozilla/5.0 (compatible; SemrushBot/7~bl; +http://www.semrush.com/bot.html)"
185.191.171.39 - - [09/Oct/2022:07:51:16 +0200] "GET /oval-mirror-solar-70-cm-p-50581.html HTTP/1.0" 301 75614 "-" "Mozilla/5.0 (compatible; SemrushBot/7~bl; +http://www.semrush.com/bot.html)"
185.191.171.35 - - [09/Oct/2022:07:51:19 +0200] "GET /oval-mirror-solar-p-50581.html HTTP/1.0" 200 75530 "-" "Mozilla/5.0 (compatible; SemrushBot/7~bl; +http://www.semrush.com/bot.html)"
66.249.64.242 - - [09/Oct/2022:07:51:32 +0200] "GET /images/big_prod_1/4012677165445B.jpg HTTP/1.0" 200 271 "-" "Googlebot-Image/1.0"
185.191.171.3 - - [09/Oct/2022:07:51:44 +0200] "GET /outdoor-carpet-celadon-blue-polypropylene-p-48186.html HTTP/1.0" 200 72436 "-" "Mozilla/5.0 (compatible; SemrushBot/7~bl; +http://www.semrush.com/bot.html)"
185.191.171.4 - - [09/Oct/2022:07:51:47 +0200] "GET /cotton-floor-cushion-julie-naturel-p-49386.html?action=add_product HTTP/1.0" 302 476 "-" "Mozilla/5.0 (compatible; SemrushBot/7~bl; +http://www.semrush.com/bot.html)"
114.119.133.245 - - [09/Oct/2022:07:51:50 +0200] "GET /pyramid-in-shungite-base-cm-quality-aa-p-44009.html HTTP/1.0" 301 72315 "http://www.wonder-geek.com/esotericism-lithotherapy-c-174.html?page=6" "Mozilla/5.0 (Linux; Android 7.0;) AppleWebKit/537.36 (KHTML, like Gecko) Mobile Safari/537.36 (compatible; PetalBot;+https://webmaster.petalsearch.com/site/petalbot)"
185.191.171.10 - - [09/Oct/2022:07:51:51 +0200] "GET /women-brown-lois-shoulder-p-41328.html HTTP/1.0" 200 75388 "-" "Mozilla/5.0 (compatible; SemrushBot/7~bl; +http://www.semrush.com/bot.html)"
114.119.133.245 - - [09/Oct/2022:07:51:54 +0200] "GET /-p-44009.html HTTP/1.0" 200 72248 "http://www.wonder-geek.com/esotericism-lithotherapy-c-174.html?page=6" "Mozilla/5.0 (Linux; Android 7.0;) AppleWebKit/537.36 (KHTML, like Gecko) Mobile Safari/537.36 (compatible; PetalBot;+https://webmaster.petalsearch.com/site/petalbot)"
185.191.171.7 - - [09/Oct/2022:07:51:55 +0200] "GET /garfield-money-box-cm-p-40946.html HTTP/1.0" 301 75066 "-" "Mozilla/5.0 (compatible; SemrushBot/7~bl; +http://www.semrush.com/bot.html)"
185.191.171.40 - - [09/Oct/2022:07:51:59 +0200] "GET /garfield-money-p-40946.html HTTP/1.0" 200 74985 "-" "Mozilla/5.0 (compatible; SemrushBot/7~bl; +http://www.semrush.com/bot.html)"
54.36.148.212 - - [09/Oct/2022:07:52:02 +0200] "GET /decorative-wooden-flower-foot-p-46293.html HTTP/1.0" 200 75885 "-" "Mozilla/5.0 (compatible; AhrefsBot/7.0; +http://ahrefs.com/robot/)"
185.191.171.11 - - [09/Oct/2022:07:52:28 +0200] "GET /paris-pill-box-p-52009.html HTTP/1.0" 301 75607 "-" "Mozilla/5.0 (compatible; SemrushBot/7~bl; +http://www.semrush.com/bot.html)"
185.191.171.19 - - [09/Oct/2022:07:52:31 +0200] "GET /paris-pill-p-52009.html HTTP/1.0" 200 75530 "-" "Mozilla/5.0 (compatible; SemrushBot/7~bl; +http://www.semrush.com/bot.html)"
185.191.171.38 - - [09/Oct/2022:07:52:34 +0200] "GET /placemat-little-prince-p-56246.html?action=add_product HTTP/1.0" 302 476 "-" "Mozilla/5.0 (compatible; SemrushBot/7~bl; +http://www.semrush.com/bot.html)"
185.191.171.43 - - [09/Oct/2022:07:53:06 +0200] "GET /chair-cushion-reversible-beige-p-38941.html?action=add_product HTTP/1.0" 302 476 "-" "Mozilla/5.0 (compatible; SemrushBot/7~bl; +http://www.semrush.com/bot.html)"
114.119.137.45 - - [09/Oct/2022:07:53:07 +0200] "GET /espresso-salvador-dali-kneeling-woman-p-39724.html HTTP/1.0" 200 75133 "http://www.wonder-geek.com/mugs-mazagrans-c-12_57.html?page=32" "Mozilla/5.0 (Linux; Android 7.0;) AppleWebKit/537.36 (KHTML, like Gecko) Mobile Safari/537.36 (compatible; PetalBot;+https://webmaster.petalsearch.com/site/petalbot)"
66.249.64.242 - - [09/Oct/2022:07:53:17 +0200] "GET /images/big_prod/b9316188066051.jpg HTTP/1.0" 200 269 "-" "Googlebot-Image/1.0"
185.191.171.11 - - [09/Oct/2022:07:53:21 +0200] "GET /tropical-ambience-table-lamp-33-cm-p-49886.html HTTP/1.0" 301 72315 "-" "Mozilla/5.0 (compatible; SemrushBot/7~bl; +http://www.semrush.com/bot.html)"
185.191.171.38 - - [09/Oct/2022:07:53:25 +0200] "GET /hello-kitty-rainwear-years-p-58363.html?action=add_product HTTP/1.0" 302 476 "-" "Mozilla/5.0 (compatible; SemrushBot/7~bl; +http://www.semrush.com/bot.html)"
185.191.171.12 - - [09/Oct/2022:07:53:26 +0200] "GET /home-and-decoration-c-13.html?page=26 HTTP/1.0" 301 94431 "-" "Mozilla/5.0 (compatible; SemrushBot/7~bl; +http://www.semrush.com/bot.html)"
185.191.171.44 - - [09/Oct/2022:07:53:30 +0200] "GET /home-decoration-c-13.html?page=26 HTTP/1.0" 200 94344 "-" "Mozilla/5.0 (compatible; SemrushBot/7~bl; +http://www.semrush.com/bot.html)"
185.191.171.11 - - [09/Oct/2022:07:53:35 +0200] "GET /minnie-mouse-with-chocolate-figurine-p-53261.html?action=add_product HTTP/1.0" 302 476 "-" "Mozilla/5.0 (compatible; SemrushBot/7~bl; +http://www.semrush.com/bot.html)"
185.191.171.17 - - [09/Oct/2022:07:53:36 +0200] "GET /-p-49886.html HTTP/1.0" 200 72248 "-" "Mozilla/5.0 (compatible; SemrushBot/7~bl; +http://www.semrush.com/bot.html)"
185.191.171.33 - - [09/Oct/2022:07:53:56 +0200] "GET /galileo-thermometer-indoors-p-49619.html?action=add_product HTTP/1.0" 302 476 "-" "Mozilla/5.0 (compatible; SemrushBot/7~bl; +http://www.semrush.com/bot.html)"
185.191.171.17 - - [09/Oct/2022:07:54:05 +0200] "GET /-p-14673.html?action=add_product HTTP/1.0" 302 476 "-" "Mozilla/5.0 (compatible; SemrushBot/7~bl; +http://www.semrush.com/bot.html)"
185.191.171.1 - - [09/Oct/2022:07:54:07 +0200] "GET /three-kings-aromatika-incense-sticks-p-53444.html?action=add_product HTTP/1.0" 302 476 "-" "Mozilla/5.0 (compatible; SemrushBot/7~bl; +http://www.semrush.com/bot.html)"
185.191.171.6 - - [09/Oct/2022:07:54:12 +0200] "GET /stationery-and-cardmaking-c-129.html?page=8 HTTP/1.0" 301 94335 "-" "Mozilla/5.0 (compatible; SemrushBot/7~bl; +http://www.semrush.com/bot.html)"
185.191.171.18 - - [09/Oct/2022:07:54:16 +0200] "GET /stationery-cardmaking-c-129.html?page=8 HTTP/1.0" 200 94242 "-" "Mozilla/5.0 (compatible; SemrushBot/7~bl; +http://www.semrush.com/bot.html)"
185.191.171.44 - - [09/Oct/2022:07:54:20 +0200] "GET /mug-peas-russian-doll-by-cbkreation-p-18540.html HTTP/1.0" 301 75014 "-" "Mozilla/5.0 (compatible; SemrushBot/7~bl; +http://www.semrush.com/bot.html)"
185.191.171.1 - - [09/Oct/2022:07:54:24 +0200] "GET /peas-russian-doll-cbkreation-p-18540.html HTTP/1.0" 200 74919 "-" "Mozilla/5.0 (compatible; SemrushBot/7~bl; +http://www.semrush.com/bot.html)"
114.119.137.43 - - [09/Oct/2022:07:54:25 +0200] "GET /images/mini_prod/9349878009441.jpg HTTP/1.0" 200 269 "http://www.wonder-geek.com/home-and-decoration-c-13.html?page=168" "Mozilla/5.0 (Linux; Android 7.0;) AppleWebKit/537.36 (KHTML, like Gecko) Mobile Safari/537.36 (compatible; PetalBot;+https://webmaster.petalsearch.com/site/petalbot)"
54.36.149.18 - - [09/Oct/2022:07:54:33 +0200] "GET /resin-statue-p-53406.html HTTP/1.0" 200 75503 "-" "Mozilla/5.0 (compatible; AhrefsBot/7.0; +http://ahrefs.com/robot/)"
211.249.40.23 - - [09/Oct/2022:07:54:49 +0200] "GET /images/mini_prod/3661443611184.jpg HTTP/1.0" 200 269 "-" "Mozilla/5.0 (X11; Ubuntu; Linux x86_64; rv:72.0) Gecko/20100101 Firefox/72.0"
185.191.171.39 - - [09/Oct/2022:07:55:02 +0200] "GET /marie-facets-figurine-licensed-facets-p-58479.html?action=add_product HTTP/1.0" 302 476 "-" "Mozilla/5.0 (compatible; SemrushBot/7~bl; +http://www.semrush.com/bot.html)"
185.191.171.5 - - [09/Oct/2022:07:55:06 +0200] "GET /-p-4717.html?action=add_product HTTP/1.0" 302 476 "-" "Mozilla/5.0 (compatible; SemrushBot/7~bl; +http://www.semrush.com/bot.html)"
66.249.64.244 - - [09/Oct/2022:07:55:19 +0200] "GET /pirate-flag-p-41710.html HTTP/1.0" 200 74935 "-" "Mozilla/5.0 (Linux; Android 6.0.1; Nexus 5X Build/MMB29P) AppleWebKit/537.36 (KHTML, like Gecko) Chrome/105.0.5195.125 Mobile Safari/537.36 (compatible; Googlebot/2.1; +http://www.google.com/bot.html)"
185.191.171.16 - - [09/Oct/2022:07:55:20 +0200] "GET /croatie-clock-cbkreation-p-36914.html?action=add_product HTTP/1.0" 302 476 "-" "Mozilla/5.0 (compatible; SemrushBot/7~bl; +http://www.semrush.com/bot.html)"
147.92.153.17 - - [09/Oct/2022:07:55:40 +0200] "GET /-c-95_295.html HTTP/1.0" 200 71116 "-" "Mozilla/5.0 (compatible; Linespider/1.1; +https://lin.ee/4dwXkTH)"
114.119.137.3 - - [09/Oct/2022:07:55:41 +0200] "GET /round-mirror-hanging-indian-spirit-p-44035.html HTTP/1.0" 200 74956 "http://www.wonder-geek.com/mirror-c-13_133.html?page=3" "Mozilla/5.0 (Linux; Android 7.0;) AppleWebKit/537.36 (KHTML, like Gecko) Mobile Safari/537.36 (compatible; PetalBot;+https://webmaster.petalsearch.com/site/petalbot)"
147.92.153.18 - - [09/Oct/2022:07:55:44 +0200] "GET /swfobject.js HTTP/1.0" 404 1308 "http://www.wonder-geek.com/-c-95_295.html" "Mozilla/5.0 AppleWebKit/537.36 (KHTML, like Gecko; compatible; Linespider/1.1; +https://lin.ee/4dwXkTH) Chrome/101.0.4951.0 Safari/537.36, Mozilla/5.0 (compatible; Linespider/1.1; +https://lin.ee/4dwXkTH)"
185.191.171.10 - - [09/Oct/2022:07:55:56 +0200] "GET /ukiyo-eisen-ikeda-statue-resin-p-35580.html?action=add_product HTTP/1.0" 302 476 "-" "Mozilla/5.0 (compatible; SemrushBot/7~bl; +http://www.semrush.com/bot.html)"
185.191.171.25 - - [09/Oct/2022:07:55:58 +0200] "GET /child-apron-little-prince-p-47662.html?action=add_product HTTP/1.0" 302 476 "-" "Mozilla/5.0 (compatible; SemrushBot/7~bl; +http://www.semrush.com/bot.html)"
185.191.171.25 - - [09/Oct/2022:07:56:11 +0200] "GET /ocean-musical-jewelry-p-57011.html?action=add_product HTTP/1.0" 302 476 "-" "Mozilla/5.0 (compatible; SemrushBot/7~bl; +http://www.semrush.com/bot.html)"
185.191.171.24 - - [09/Oct/2022:07:56:12 +0200] "GET /mister-men-black-reporter-bag-p-3314.html HTTP/1.0" 301 76022 "-" "Mozilla/5.0 (compatible; SemrushBot/7~bl; +http://www.semrush.com/bot.html)"
185.191.171.40 - - [09/Oct/2022:07:56:16 +0200] "GET /mister-black-reporter-p-3314.html HTTP/1.0" 200 75935 "-" "Mozilla/5.0 (compatible; SemrushBot/7~bl; +http://www.semrush.com/bot.html)"
185.191.171.11 - - [09/Oct/2022:07:56:28 +0200] "GET /-p-41361.html?action=add_product HTTP/1.0" 302 476 "-" "Mozilla/5.0 (compatible; SemrushBot/7~bl; +http://www.semrush.com/bot.html)"
185.191.171.23 - - [09/Oct/2022:07:56:36 +0200] "GET /york-flag-sticker-p-35395.html?action=add_product HTTP/1.0" 302 476 "-" "Mozilla/5.0 (compatible; SemrushBot/7~bl; +http://www.semrush.com/bot.html)"
211.249.40.23 - - [09/Oct/2022:07:56:47 +0200] "GET /images/mini_prod/8435333835920.jpg HTTP/1.0" 200 269 "-" "Mozilla/5.0 (X11; Ubuntu; Linux x86_64; rv:72.0) Gecko/20100101 Firefox/72.0"
54.36.148.223 - - [09/Oct/2022:07:56:55 +0200] "GET /resin-statuette-naked-p-52921.html HTTP/1.0" 200 74963 "-" "Mozilla/5.0 (compatible; AhrefsBot/7.0; +http://ahrefs.com/robot/)"
114.119.137.43 - - [09/Oct/2022:07:56:58 +0200] "GET /bamboo-fiber-plant-cover-p-54403.html HTTP/1.0" 200 72334 "http://www.wonder-geek.com/flower-pots-c-13_275.html?page=1" "Mozilla/5.0 (Linux; Android 7.0;) AppleWebKit/537.36 (KHTML, like Gecko) Mobile Safari/537.36 (compatible; PetalBot;+https://webmaster.petalsearch.com/site/petalbot)"
157.55.39.28 - - [09/Oct/2022:07:57:11 +0200] "GET /images/big_prod/1328399302611.jpg HTTP/1.0" 200 268 "-" "Mozilla/5.0 (compatible; bingbot/2.0; +http://www.bing.com/bingbot.htm)"
185.191.171.20 - - [09/Oct/2022:07:57:27 +0200] "GET /volkswagen-beatle-metal-plate-p-37153.html?action=add_product HTTP/1.0" 302 476 "-" "Mozilla/5.0 (compatible; SemrushBot/7~bl; +http://www.semrush.com/bot.html)"
185.191.171.39 - - [09/Oct/2022:07:57:28 +0200] "GET /-p-36832.html HTTP/1.0" 200 72248 "-" "Mozilla/5.0 (compatible; SemrushBot/7~bl; +http://www.semrush.com/bot.html)"
185.191.171.3 - - [09/Oct/2022:07:57:35 +0200] "GET /disney-princess-personal-diary-p-17198.html?action=add_product HTTP/1.0" 302 476 "-" "Mozilla/5.0 (compatible; SemrushBot/7~bl; +http://www.semrush.com/bot.html)"
185.191.171.41 - - [09/Oct/2022:07:57:37 +0200] "GET /round-metatron-wood-p-50609.html?action=add_product HTTP/1.0" 301 476 "-" "Mozilla/5.0 (compatible; SemrushBot/7~bl; +http://www.semrush.com/bot.html)"
185.191.171.13 - - [09/Oct/2022:07:57:41 +0200] "GET /lotus-candleholder-blue-goldlining-p-47011.html?action=add_product HTTP/1.0" 302 476 "-" "Mozilla/5.0 (compatible; SemrushBot/7~bl; +http://www.semrush.com/bot.html)"
185.191.171.9 - - [09/Oct/2022:07:57:51 +0200] "GET /buddhist-monk-indoor-mini-fountain-27-cm-p-49604.html HTTP/1.0" 301 75320 "-" "Mozilla/5.0 (compatible; SemrushBot/7~bl; +http://www.semrush.com/bot.html)"
185.191.171.5 - - [09/Oct/2022:07:57:54 +0200] "GET /buddhist-monk-indoor-mini-fountain-p-49604.html HTTP/1.0" 200 75219 "-" "Mozilla/5.0 (compatible; SemrushBot/7~bl; +http://www.semrush.com/bot.html)"
185.191.171.11 - - [09/Oct/2022:07:58:01 +0200] "GET /wax-melt-calming-aloe-p-43772.html HTTP/1.0" 301 75549 "-" "Mozilla/5.0 (compatible; SemrushBot/7~bl; +http://www.semrush.com/bot.html)"
185.191.171.6 - - [09/Oct/2022:07:58:06 +0200] "GET /mini-cooper-1300-p-27589.html?action=add_product HTTP/1.0" 302 476 "-" "Mozilla/5.0 (compatible; SemrushBot/7~bl; +http://www.semrush.com/bot.html)"
185.191.171.9 - - [09/Oct/2022:07:58:07 +0200] "GET /melt-calming-aloe-p-43772.html HTTP/1.0" 200 75465 "-" "Mozilla/5.0 (compatible; SemrushBot/7~bl; +http://www.semrush.com/bot.html)"
78.60.206.195 - - [09/Oct/2022:07:58:12 +0200] "GET /images/mini_prod/DSCN6817.jpg HTTP/1.0" 200 264 "-" "Mozilla/5.0 (X11; Ubuntu; Linux x86_64; rv:72.0) Gecko/20100101 Firefox/72.0"
114.119.137.43 - - [09/Oct/2022:07:58:17 +0200] "GET /chameleon-night-light-p-55544.html HTTP/1.0" 200 76038 "http://www.wonder-geek.com/lighting-c-13_86.html?page=6" "Mozilla/5.0 (Linux; Android 7.0;) AppleWebKit/537.36 (KHTML, like Gecko) Mobile Safari/537.36 (compatible; PetalBot;+https://webmaster.petalsearch.com/site/petalbot)"
185.191.171.5 - - [09/Oct/2022:07:58:35 +0200] "GET /gaston-lefou-figure-collection-p-51457.html?action=add_product HTTP/1.0" 302 476 "-" "Mozilla/5.0 (compatible; SemrushBot/7~bl; +http://www.semrush.com/bot.html)"
185.191.171.13 - - [09/Oct/2022:07:58:42 +0200] "GET /jasmin-workbook-p-40862.html?action=add_product HTTP/1.0" 302 476 "-" "Mozilla/5.0 (compatible; SemrushBot/7~bl; +http://www.semrush.com/bot.html)"
185.191.171.13 - - [09/Oct/2022:07:58:47 +0200] "GET /elephants-mango-resin-table-decoration-p-56917.html?action=add_product HTTP/1.0" 302 476 "-" "Mozilla/5.0 (compatible; SemrushBot/7~bl; +http://www.semrush.com/bot.html)"
49.232.53.170 - - [09/Oct/2022:07:58:52 +0200] "GET /images/mini_prod/4036113232324.jpg HTTP/1.0" 200 269 "-" "python-requests/2.27.1"
185.191.171.6 - - [09/Oct/2022:07:59:05 +0200] "GET /leopard-shoulder-bag-made-in-france-p-52756.html HTTP/1.0" 301 75965 "-" "Mozilla/5.0 (compatible; SemrushBot/7~bl; +http://www.semrush.com/bot.html)"
185.191.171.41 - - [09/Oct/2022:07:59:08 +0200] "GET /cicada-cast-iron-trivet-p-48577.html HTTP/1.0" 200 74908 "-" "Mozilla/5.0 (compatible; SemrushBot/7~bl; +http://www.semrush.com/bot.html)"
185.191.171.20 - - [09/Oct/2022:07:59:11 +0200] "GET /leopard-shoulder-made-france-p-52756.html HTTP/1.0" 200 75870 "-" "Mozilla/5.0 (compatible; SemrushBot/7~bl; +http://www.semrush.com/bot.html)"
173.252.83.3 - - [09/Oct/2022:07:59:14 +0200] "GET /images/mini_prod/3418175549014.jpg HTTP/1.0" 200 269 "-" "facebookexternalhit/1.1 (+http://www.facebook.com/externalhit_uatext.php)"
185.191.171.9 - - [09/Oct/2022:07:59:15 +0200] "GET /-p-31810.html HTTP/1.0" 200 72248 "-" "Mozilla/5.0 (compatible; SemrushBot/7~bl; +http://www.semrush.com/bot.html)"
54.36.148.62 - - [09/Oct/2022:07:59:20 +0200] "GET /peter-statue-p-43931.html HTTP/1.0" 200 74953 "-" "Mozilla/5.0 (compatible; AhrefsBot/7.0; +http://ahrefs.com/robot/)"
114.119.133.245 - - [09/Oct/2022:07:59:34 +0200] "GET /metal-coffee-capacity-poppy-p-58336.html HTTP/1.0" 200 75944 "http://www.wonder-geek.com/boxes-and-storage-box-c-13_150.html?page=9" "Mozilla/5.0 (Linux; Android 7.0;) AppleWebKit/537.36 (KHTML, like Gecko) Mobile Safari/537.36 (compatible; PetalBot;+https://webmaster.petalsearch.com/site/petalbot)"
66.249.64.244 - - [09/Oct/2022:07:59:39 +0200] "GET /little-buddha-magnet-turquoise-p-50265.html HTTP/1.0" 200 74926 "-" "Mozilla/5.0 (Linux; Android 6.0.1; Nexus 5X Build/MMB29P) AppleWebKit/537.36 (KHTML, like Gecko) Chrome/105.0.5195.125 Mobile Safari/537.36 (compatible; Googlebot/2.1; +http://www.google.com/bot.html)"
185.191.171.22 - - [09/Oct/2022:07:59:59 +0200] "GET /captain-america-figure-p-23424.html HTTP/1.0" 301 72315 "-" "Mozilla/5.0 (compatible; SemrushBot/7~bl; +http://www.semrush.com/bot.html)"
185.191.171.7 - - [09/Oct/2022:08:00:02 +0200] "GET /-p-23424.html HTTP/1.0" 200 72248 "-" "Mozilla/5.0 (compatible; SemrushBot/7~bl; +http://www.semrush.com/bot.html)"
185.191.171.36 - - [09/Oct/2022:08:00:14 +0200] "GET /plush-puppy-alsatian-keel-toys-p-50297.html?action=add_product HTTP/1.0" 302 476 "-" "Mozilla/5.0 (compatible; SemrushBot/7~bl; +http://www.semrush.com/bot.html)"
185.191.171.1 - - [09/Oct/2022:08:00:28 +0200] "GET /-p-36901.html HTTP/1.0" 200 72248 "-" "Mozilla/5.0 (compatible; SemrushBot/7~bl; +http://www.semrush.com/bot.html)"
185.191.171.39 - - [09/Oct/2022:08:00:37 +0200] "GET /wooden-cellar-p-51435.html?action=add_product HTTP/1.0" 302 476 "-" "Mozilla/5.0 (compatible; SemrushBot/7~bl; +http://www.semrush.com/bot.html)"
173.252.83.7 - - [09/Oct/2022:08:00:40 +0200] "GET /images/mini_prod/3032160044089.jpg HTTP/1.0" 200 269 "-" "facebookexternalhit/1.1 (+http://www.facebook.com/externalhit_uatext.php)"
185.191.171.24 - - [09/Oct/2022:08:00:45 +0200] "GET /nightlight-shaped-ice-cream-led-p-44646.html HTTP/1.0" 301 75064 "-" "Mozilla/5.0 (compatible; SemrushBot/7~bl; +http://www.semrush.com/bot.html)"
185.191.171.41 - - [09/Oct/2022:08:00:48 +0200] "GET /nightlight-shaped-cream-p-44646.html HTTP/1.0" 200 74974 "-" "Mozilla/5.0 (compatible; SemrushBot/7~bl; +http://www.semrush.com/bot.html)"
185.191.171.8 - - [09/Oct/2022:08:00:51 +0200] "GET /frozen-white-and-pink-bag-disney-p-35543.html HTTP/1.0" 301 75388 "-" "Mozilla/5.0 (compatible; SemrushBot/7~bl; +http://www.semrush.com/bot.html)"
207.46.13.149 - - [09/Oct/2022:08:00:57 +0200] "GET /images/big_prod/4025055092158NN.jpg HTTP/1.0" 200 270 "-" "Mozilla/5.0 (compatible; bingbot/2.0; +http://www.bing.com/bingbot.htm)"
114.119.137.43 - - [09/Oct/2022:08:00:55 +0200] "GET /shadow-cats-tray-p-45514.html HTTP/1.0" 200 72324 "http://www.wonder-geek.com/large-and-maxi-trays-c-12_159_262.html?page=1" "Mozilla/5.0 (Linux; Android 7.0;) AppleWebKit/537.36 (KHTML, like Gecko) Mobile Safari/537.36 (compatible; PetalBot;+https://webmaster.petalsearch.com/site/petalbot)"
185.191.171.13 - - [09/Oct/2022:08:00:55 +0200] "GET /frozen-white-pink-disney-p-35543.html HTTP/1.0" 200 75297 "-" "Mozilla/5.0 (compatible; SemrushBot/7~bl; +http://www.semrush.com/bot.html)"
185.191.171.15 - - [09/Oct/2022:08:01:42 +0200] "GET /hand-painted-sunflower-night-small-moonlight-p-36653.html?action=add_product HTTP/1.0" 302 476 "-" "Mozilla/5.0 (compatible; SemrushBot/7~bl; +http://www.semrush.com/bot.html)"
185.191.171.22 - - [09/Oct/2022:08:01:43 +0200] "GET /fiat-black-protective-case-iphone-p-13027.html?action=add_product HTTP/1.0" 302 476 "-" "Mozilla/5.0 (compatible; SemrushBot/7~bl; +http://www.semrush.com/bot.html)"
185.191.171.23 - - [09/Oct/2022:08:01:46 +0200] "GET /-p-40426.html?action=add_product HTTP/1.0" 302 476 "-" "Mozilla/5.0 (compatible; SemrushBot/7~bl; +http://www.semrush.com/bot.html)"
54.36.149.63 - - [09/Oct/2022:08:01:47 +0200] "GET /disney-princess-crayons-p-497.html HTTP/1.0" 200 75440 "-" "Mozilla/5.0 (compatible; AhrefsBot/7.0; +http://ahrefs.com/robot/)"
185.191.171.1 - - [09/Oct/2022:08:01:54 +0200] "GET /gund-plush-dog-love-patch-28-cm-p-24294.html HTTP/1.0" 301 79536 "-" "Mozilla/5.0 (compatible; SemrushBot/7~bl; +http://www.semrush.com/bot.html)"
185.191.171.23 - - [09/Oct/2022:08:01:57 +0200] "GET /gund-plush-love-patch-p-24294.html HTTP/1.0" 200 79448 "-" "Mozilla/5.0 (compatible; SemrushBot/7~bl; +http://www.semrush.com/bot.html)"
185.191.171.2 - - [09/Oct/2022:08:02:01 +0200] "GET /maxi-gund-fuzzy-plush-bear-p-29248.html?action=add_product HTTP/1.0" 302 476 "-" "Mozilla/5.0 (compatible; SemrushBot/7~bl; +http://www.semrush.com/bot.html)"
185.191.171.1 - - [09/Oct/2022:08:02:04 +0200] "GET /angel-rose-hand-small-box-p-34199.html HTTP/1.0" 301 72422 "-" "Mozilla/5.0 (compatible; SemrushBot/7~bl; +http://www.semrush.com/bot.html)"
185.191.171.20 - - [09/Oct/2022:08:02:07 +0200] "GET /angel-rose-hand-small-p-34199.html HTTP/1.0" 200 72334 "-" "Mozilla/5.0 (compatible; SemrushBot/7~bl; +http://www.semrush.com/bot.html)"
114.119.137.3 - - [09/Oct/2022:08:02:11 +0200] "GET /marseillaise-expressions-shirt-p-35577.html HTTP/1.0" 200 76929 "http://www.wonder-geek.com/shirts-and-sweatshirts-men-c-53_54.html?page=4" "Mozilla/5.0 (Linux; Android 7.0;) AppleWebKit/537.36 (KHTML, like Gecko) Mobile Safari/537.36 (compatible; PetalBot;+https://webmaster.petalsearch.com/site/petalbot)"
185.191.171.13 - - [09/Oct/2022:08:02:23 +0200] "GET /canarasta-cbkreation-p-22067.html?action=add_product HTTP/1.0" 302 476 "-" "Mozilla/5.0 (compatible; SemrushBot/7~bl; +http://www.semrush.com/bot.html)"
