76.34.143.2 - - [09/Oct/2022:14:58:48 +0200] "GET /highslide/graphics/outlines/drop-shadow.png HTTP/1.0" 200 277 "http://www.wonder-geek.com/retro-peacock-perfume-bottle-p-57330.html" "Mozilla/5.0 (iPhone; CPU iPhone OS 16_0_2 like Mac OS X) AppleWebKit/605.1.15 (KHTML, like Gecko) Version/16.0 Mobile/15E148 Safari/604.1"
76.34.143.2 - - [09/Oct/2022:14:58:48 +0200] "GET /highslide/graphics/loader.white.gif HTTP/1.0" 200 960 "http://www.wonder-geek.com/retro-peacock-perfume-bottle-p-57330.html" "Mozilla/5.0 (iPhone; CPU iPhone OS 16_0_2 like Mac OS X) AppleWebKit/605.1.15 (KHTML, like Gecko) Version/16.0 Mobile/15E148 Safari/604.1"
76.34.143.2 - - [09/Oct/2022:14:58:48 +0200] "GET /favicon.ico HTTP/1.0" 200 260 "http://www.wonder-geek.com/retro-peacock-perfume-bottle-p-57330.html" "Mozilla/5.0 (iPhone; CPU iPhone OS 16_0_2 like Mac OS X) AppleWebKit/605.1.15 (KHTML, like Gecko) Version/16.0 Mobile/15E148 Safari/604.1"
185.191.171.19 - - [09/Oct/2022:14:58:59 +0200] "GET /smiski-figure-series-living-note-there-single-figure-p-47777.html?action=add_product HTTP/1.0" 302 476 "-" "Mozilla/5.0 (compatible; SemrushBot/7~bl; +http://www.semrush.com/bot.html)"
157.55.39.217 - - [09/Oct/2022:14:59:24 +0200] "GET /-p-29867.html HTTP/1.0" 200 72248 "-" "Mozilla/5.0 (compatible; bingbot/2.0; +http://www.bing.com/bingbot.htm)"
66.249.64.244 - - [09/Oct/2022:14:59:28 +0200] "GET /images/mini_prod/028399186747.jpg HTTP/1.0" 200 268 "-" "Googlebot-Image/1.0"
185.191.171.37 - - [09/Oct/2022:14:59:29 +0200] "GET /buffalo-skull-storage-stool-34-cm-white-p-41863.html HTTP/1.0" 301 72528 "-" "Mozilla/5.0 (compatible; SemrushBot/7~bl; +http://www.semrush.com/bot.html)"
185.191.171.19 - - [09/Oct/2022:14:59:32 +0200] "GET /buffalo-skull-storage-stool-white-p-41863.html HTTP/1.0" 200 72428 "-" "Mozilla/5.0 (compatible; SemrushBot/7~bl; +http://www.semrush.com/bot.html)"
114.119.133.245 - - [09/Oct/2022:14:59:33 +0200] "GET /le-meilleur-vin-adult-apron-p-42605.html HTTP/1.0" 301 74947 "http://www.wonder-geek.com/household-linen-c-11.html?page=36" "Mozilla/5.0 (Linux; Android 7.0;) AppleWebKit/537.36 (KHTML, like Gecko) Mobile Safari/537.36 (compatible; PetalBot;+https://webmaster.petalsearch.com/site/petalbot)"
114.119.133.245 - - [09/Oct/2022:14:59:38 +0200] "GET /meilleur-adult-apron-p-42605.html HTTP/1.0" 200 74860 "http://www.wonder-geek.com/household-linen-c-11.html?page=36" "Mozilla/5.0 (Linux; Android 7.0;) AppleWebKit/537.36 (KHTML, like Gecko) Mobile Safari/537.36 (compatible; PetalBot;+https://webmaster.petalsearch.com/site/petalbot)"
185.191.171.42 - - [09/Oct/2022:14:59:40 +0200] "GET /petit-akio-night-light-cloud-p-46403.html HTTP/1.0" 200 72346 "-" "Mozilla/5.0 (compatible; SemrushBot/7~bl; +http://www.semrush.com/bot.html)"
185.191.171.11 - - [09/Oct/2022:14:59:45 +0200] "GET /portfolio-pepe-jeans-pina-p-38140.html?action=add_product HTTP/1.0" 302 476 "-" "Mozilla/5.0 (compatible; SemrushBot/7~bl; +http://www.semrush.com/bot.html)"
185.191.171.9 - - [09/Oct/2022:14:59:51 +0200] "GET /cars-sports-bottle-p-25062.html HTTP/1.0" 301 72315 "-" "Mozilla/5.0 (compatible; SemrushBot/7~bl; +http://www.semrush.com/bot.html)"
185.191.171.43 - - [09/Oct/2022:14:59:53 +0200] "GET /-p-25062.html HTTP/1.0" 200 72248 "-" "Mozilla/5.0 (compatible; SemrushBot/7~bl; +http://www.semrush.com/bot.html)"
54.36.149.99 - - [09/Oct/2022:14:59:56 +0200] "GET /placemat-kiub-collection-kook-p-59082.html HTTP/1.0" 200 75574 "-" "Mozilla/5.0 (compatible; AhrefsBot/7.0; +http://ahrefs.com/robot/)"
185.191.171.38 - - [09/Oct/2022:15:00:19 +0200] "GET /new-york-yankees-bag-post-office-p-19810.html HTTP/1.0" 301 75816 "-" "Mozilla/5.0 (compatible; SemrushBot/7~bl; +http://www.semrush.com/bot.html)"
185.191.171.7 - - [09/Oct/2022:15:00:22 +0200] "GET /york-yankees-post-office-p-19810.html HTTP/1.0" 200 75725 "-" "Mozilla/5.0 (compatible; SemrushBot/7~bl; +http://www.semrush.com/bot.html)"
159.138.137.41 - - [09/Oct/2022:15:00:25 +0200] "GET /images/mini_prod/1399984256367.jpg HTTP/1.0" 200 269 "-" "Mozilla/5.0 (X11; Ubuntu; Linux x86_64; rv:72.0) Gecko/20100101 Firefox/72.0"
185.191.171.1 - - [09/Oct/2022:15:00:25 +0200] "GET /white-porcelain-bowl-with-small-gold-hearts-p-53704.html?action=add_product HTTP/1.0" 302 476 "-" "Mozilla/5.0 (compatible; SemrushBot/7~bl; +http://www.semrush.com/bot.html)"
185.191.171.4 - - [09/Oct/2022:15:00:27 +0200] "GET /klimt-tote-bag-p-51201.html HTTP/1.0" 301 74939 "-" "Mozilla/5.0 (compatible; SemrushBot/7~bl; +http://www.semrush.com/bot.html)"
185.191.171.17 - - [09/Oct/2022:15:00:30 +0200] "GET /klimt-tote-p-51201.html HTTP/1.0" 200 74862 "-" "Mozilla/5.0 (compatible; SemrushBot/7~bl; +http://www.semrush.com/bot.html)"
185.191.171.2 - - [09/Oct/2022:15:00:34 +0200] "GET /light-garland-collection-canar-p-39464.html?action=add_product HTTP/1.0" 302 476 "-" "Mozilla/5.0 (compatible; SemrushBot/7~bl; +http://www.semrush.com/bot.html)"
185.191.171.1 - - [09/Oct/2022:15:00:40 +0200] "GET /funny-pets-mug-by-cbkreation-p-43387.html HTTP/1.0" 301 75014 "-" "Mozilla/5.0 (compatible; SemrushBot/7~bl; +http://www.semrush.com/bot.html)"
185.191.171.37 - - [09/Oct/2022:15:00:43 +0200] "GET /funny-pets-cbkreation-p-43387.html HTTP/1.0" 200 74926 "-" "Mozilla/5.0 (compatible; SemrushBot/7~bl; +http://www.semrush.com/bot.html)"
114.119.137.3 - - [09/Oct/2022:15:00:46 +0200] "GET /images/mini_prod/8422836098105Z.jpg HTTP/1.0" 200 270 "http://www.wonder-geek.com/carpet-and-doormat-c-11_167.html" "Mozilla/5.0 (Linux; Android 7.0;) AppleWebKit/537.36 (KHTML, like Gecko) Mobile Safari/537.36 (compatible; PetalBot;+https://webmaster.petalsearch.com/site/petalbot)"
66.249.64.246 - - [09/Oct/2022:15:00:48 +0200] "GET /support-metal-bottle-tennisman-p-54988.html HTTP/1.0" 200 75736 "-" "Mozilla/5.0 (Linux; Android 6.0.1; Nexus 5X Build/MMB29P) AppleWebKit/537.36 (KHTML, like Gecko) Chrome/106.0.5249.91 Mobile Safari/537.36 (compatible; Googlebot/2.1; +http://www.google.com/bot.html)"
185.191.171.17 - - [09/Oct/2022:15:00:59 +0200] "GET /petit-bonheur-ceramic-with-infuser-p-32210.html?action=add_product HTTP/1.0" 302 476 "-" "Mozilla/5.0 (compatible; SemrushBot/7~bl; +http://www.semrush.com/bot.html)"
185.191.171.25 - - [09/Oct/2022:15:01:16 +0200] "GET /corsica-oil-cruet-p-45127.html HTTP/1.0" 301 72315 "-" "Mozilla/5.0 (compatible; SemrushBot/7~bl; +http://www.semrush.com/bot.html)"
185.191.171.5 - - [09/Oct/2022:15:01:18 +0200] "GET /-p-45127.html HTTP/1.0" 200 72248 "-" "Mozilla/5.0 (compatible; SemrushBot/7~bl; +http://www.semrush.com/bot.html)"
207.46.13.140 - - [09/Oct/2022:15:01:19 +0200] "GET /-p-18026.html HTTP/1.0" 200 72248 "-" "Mozilla/5.0 (compatible; bingbot/2.0; +http://www.bing.com/bingbot.htm)"
185.191.171.12 - - [09/Oct/2022:15:01:21 +0200] "GET /ceramic-bathroom-p-50735.html?action=add_product HTTP/1.0" 302 476 "-" "Mozilla/5.0 (compatible; SemrushBot/7~bl; +http://www.semrush.com/bot.html)"
185.191.171.25 - - [09/Oct/2022:15:01:31 +0200] "GET /marseille-isothermic-stainless-steel-bottle-p-58748.html?action=add_product HTTP/1.0" 302 476 "-" "Mozilla/5.0 (compatible; SemrushBot/7~bl; +http://www.semrush.com/bot.html)"
185.191.171.16 - - [09/Oct/2022:15:01:32 +0200] "GET /robots.txt HTTP/1.0" 200 245 "-" "Mozilla/5.0 (compatible; SemrushBot/7~bl; +http://www.semrush.com/bot.html)"
185.191.171.18 - - [09/Oct/2022:15:01:38 +0200] "GET /eyelet-curtain-p-52357.html?action=add_product HTTP/1.0" 302 476 "-" "Mozilla/5.0 (compatible; SemrushBot/7~bl; +http://www.semrush.com/bot.html)"
66.249.64.246 - - [09/Oct/2022:15:01:47 +0200] "GET /good-year-coffee-p-45950.html HTTP/1.0" 200 74997 "-" "Mozilla/5.0 (Linux; Android 6.0.1; Nexus 5X Build/MMB29P) AppleWebKit/537.36 (KHTML, like Gecko) Chrome/106.0.5249.91 Mobile Safari/537.36 (compatible; Googlebot/2.1; +http://www.google.com/bot.html)"
157.55.39.217 - - [09/Oct/2022:15:01:54 +0200] "GET /-p-25054.html HTTP/1.0" 200 72248 "-" "Mozilla/5.0 (compatible; bingbot/2.0; +http://www.bing.com/bingbot.htm)"
5.161.133.43 - - [09/Oct/2022:15:01:58 +0200] "GET /images/mini_prod/3700653593221.jpg HTTP/1.0" 200 269 "-" "Mozilla/5.0 (X11; Ubuntu; Linux x86_64; rv:72.0) Gecko/20100101 Firefox/72.0"
114.119.137.43 - - [09/Oct/2022:15:01:58 +0200] "GET /laissez-lucie-faire-cups-espresso-set-cups-espresso-p-42256.html HTTP/1.0" 301 75234 "http://www.wonder-geek.com/set-and-breakfast-set-c-12_61.html?page=4" "Mozilla/5.0 (Linux; Android 7.0;) AppleWebKit/537.36 (KHTML, like Gecko) Mobile Safari/537.36 (compatible; PetalBot;+https://webmaster.petalsearch.com/site/petalbot)"
114.119.137.43 - - [09/Oct/2022:15:02:00 +0200] "GET /laissez-lucie-faire-cups-espresso-cups-espresso-p-42256.html HTTP/1.0" 200 75120 "http://www.wonder-geek.com/set-and-breakfast-set-c-12_61.html?page=4" "Mozilla/5.0 (Linux; Android 7.0;) AppleWebKit/537.36 (KHTML, like Gecko) Mobile Safari/537.36 (compatible; PetalBot;+https://webmaster.petalsearch.com/site/petalbot)"
185.191.171.14 - - [09/Oct/2022:15:02:06 +0200] "GET /quenotte-solange-tooth-p-58455.html?action=add_product HTTP/1.0" 302 476 "-" "Mozilla/5.0 (compatible; SemrushBot/7~bl; +http://www.semrush.com/bot.html)"
185.191.171.9 - - [09/Oct/2022:15:02:14 +0200] "GET /angel-figurine-forever-p-58769.html?action=add_product HTTP/1.0" 302 476 "-" "Mozilla/5.0 (compatible; SemrushBot/7~bl; +http://www.semrush.com/bot.html)"
185.191.171.14 - - [09/Oct/2022:15:02:33 +0200] "GET /shooter-paris-black-white-p-38612.html?action=add_product HTTP/1.0" 301 476 "-" "Mozilla/5.0 (compatible; SemrushBot/7~bl; +http://www.semrush.com/bot.html)"
66.249.64.242 - - [09/Oct/2022:15:02:46 +0200] "GET /porcelain-bowl-black-moon-stars-p-53706.html HTTP/1.0" 200 75550 "-" "Mozilla/5.0 (compatible; Googlebot/2.1; +http://www.google.com/bot.html)"
66.249.64.242 - - [09/Oct/2022:15:02:52 +0200] "GET /chicago-retro-ottoman-storage-p-50175.html HTTP/1.0" 200 75739 "-" "Mozilla/5.0 (Linux; Android 6.0.1; Nexus 5X Build/MMB29P) AppleWebKit/537.36 (KHTML, like Gecko) Chrome/105.0.5195.125 Mobile Safari/537.36 (compatible; Googlebot/2.1; +http://www.google.com/bot.html)"
180.76.26.254 - - [09/Oct/2022:15:03:08 +0200] "GET /images/mini_prod/3503420029127.jpg HTTP/1.0" 200 269 "-" "bce-sdk-python/0.8.73/3.6.8 (default, Nov 16 2020, 16:55:22) [GCC 4.8.5 20150623 (Red Hat 4.8.5-44)]/linux"
185.191.171.43 - - [09/Oct/2022:15:03:13 +0200] "GET /citron-collection-large-metal-plate-deco-p-37106.html?action=add_product HTTP/1.0" 302 476 "-" "Mozilla/5.0 (compatible; SemrushBot/7~bl; +http://www.semrush.com/bot.html)"
185.191.171.45 - - [09/Oct/2022:15:03:26 +0200] "GET /-p-36721.html?action=add_product HTTP/1.0" 302 476 "-" "Mozilla/5.0 (compatible; SemrushBot/7~bl; +http://www.semrush.com/bot.html)"
66.249.64.242 - - [09/Oct/2022:15:03:33 +0200] "GET /natality-bust-lamp-p-54286.html HTTP/1.0" 200 72310 "-" "Mozilla/5.0 (Linux; Android 6.0.1; Nexus 5X Build/MMB29P) AppleWebKit/537.36 (KHTML, like Gecko) Chrome/105.0.5195.125 Mobile Safari/537.36 (compatible; Googlebot/2.1; +http://www.google.com/bot.html)"
185.191.171.14 - - [09/Oct/2022:15:03:38 +0200] "GET /pineapple-decoration-resin-p-42015.html?action=add_product HTTP/1.0" 302 476 "-" "Mozilla/5.0 (compatible; SemrushBot/7~bl; +http://www.semrush.com/bot.html)"
185.191.171.10 - - [09/Oct/2022:15:03:46 +0200] "GET /sommelier-accessories-p-46564.html?action=add_product HTTP/1.0" 302 476 "-" "Mozilla/5.0 (compatible; SemrushBot/7~bl; +http://www.semrush.com/bot.html)"
185.191.171.8 - - [09/Oct/2022:15:03:49 +0200] "GET /porcelain-with-infuser-p-48053.html?action=add_product HTTP/1.0" 302 476 "-" "Mozilla/5.0 (compatible; SemrushBot/7~bl; +http://www.semrush.com/bot.html)"
185.191.171.1 - - [09/Oct/2022:15:03:53 +0200] "GET /andalusia-p-50768.html?action=add_product HTTP/1.0" 302 476 "-" "Mozilla/5.0 (compatible; SemrushBot/7~bl; +http://www.semrush.com/bot.html)"
185.191.171.21 - - [09/Oct/2022:15:03:58 +0200] "GET /paperweight-magpie-magnolia-koson-p-55505.html?action=add_product HTTP/1.0" 302 476 "-" "Mozilla/5.0 (compatible; SemrushBot/7~bl; +http://www.semrush.com/bot.html)"
211.249.40.23 - - [09/Oct/2022:15:04:18 +0200] "GET /images/mini_prod/8424345892595.jpg HTTP/1.0" 200 269 "-" "Mozilla/5.0 (X11; Ubuntu; Linux x86_64; rv:72.0) Gecko/20100101 Firefox/72.0"
54.36.149.8 - - [09/Oct/2022:15:04:26 +0200] "GET /checked-phone-cover-for-iphone-3g-3gs-p-14634.html HTTP/1.0" 301 75820 "-" "Mozilla/5.0 (compatible; AhrefsBot/7.0; +http://ahrefs.com/robot/)"
185.191.171.5 - - [09/Oct/2022:15:04:38 +0200] "GET /wooden-tray-metal-legs-p-49697.html?action=add_product HTTP/1.0" 302 476 "-" "Mozilla/5.0 (compatible; SemrushBot/7~bl; +http://www.semrush.com/bot.html)"
185.191.171.41 - - [09/Oct/2022:15:04:40 +0200] "GET /ceramic-vase-silver-tree-p-53020.html?action=add_product HTTP/1.0" 302 476 "-" "Mozilla/5.0 (compatible; SemrushBot/7~bl; +http://www.semrush.com/bot.html)"
185.191.171.17 - - [09/Oct/2022:15:04:41 +0200] "GET /minions-little-backpack-p-31620.html?action=add_product HTTP/1.0" 301 476 "-" "Mozilla/5.0 (compatible; SemrushBot/7~bl; +http://www.semrush.com/bot.html)"
185.191.171.24 - - [09/Oct/2022:15:04:43 +0200] "GET /statue-secret-p-56078.html?action=add_product HTTP/1.0" 302 476 "-" "Mozilla/5.0 (compatible; SemrushBot/7~bl; +http://www.semrush.com/bot.html)"
185.191.171.13 - - [09/Oct/2022:15:04:44 +0200] "GET /olympique-marseille-cardboard-coaster-p-54144.html?action=add_product HTTP/1.0" 302 476 "-" "Mozilla/5.0 (compatible; SemrushBot/7~bl; +http://www.semrush.com/bot.html)"
185.191.171.5 - - [09/Oct/2022:15:05:22 +0200] "GET /butterflies-stickers-p-39240.html?action=add_product HTTP/1.0" 302 476 "-" "Mozilla/5.0 (compatible; SemrushBot/7~bl; +http://www.semrush.com/bot.html)"
185.191.171.19 - - [09/Oct/2022:15:05:38 +0200] "GET /poster-corsica-p-43692.html?action=add_product HTTP/1.0" 301 476 "-" "Mozilla/5.0 (compatible; SemrushBot/7~bl; +http://www.semrush.com/bot.html)"
185.191.171.34 - - [09/Oct/2022:15:05:47 +0200] "GET /-p-45259.html HTTP/1.0" 200 72248 "-" "Mozilla/5.0 (compatible; SemrushBot/7~bl; +http://www.semrush.com/bot.html)"
185.191.171.3 - - [09/Oct/2022:15:05:55 +0200] "GET /usa-aigle-cushion-p-33033.html HTTP/1.0" 301 75023 "-" "Mozilla/5.0 (compatible; SemrushBot/7~bl; +http://www.semrush.com/bot.html)"
185.191.171.15 - - [09/Oct/2022:15:05:59 +0200] "GET /aigle-cushion-p-33033.html HTTP/1.0" 200 74943 "-" "Mozilla/5.0 (compatible; SemrushBot/7~bl; +http://www.semrush.com/bot.html)"
185.191.171.3 - - [09/Oct/2022:15:06:03 +0200] "GET /doc-mc-stuffins-wall-stickers-p-27895.html HTTP/1.0" 301 75039 "-" "Mozilla/5.0 (compatible; SemrushBot/7~bl; +http://www.semrush.com/bot.html)"
185.191.171.11 - - [09/Oct/2022:15:06:06 +0200] "GET /stuffins-wall-stickers-p-27895.html HTTP/1.0" 200 74950 "-" "Mozilla/5.0 (compatible; SemrushBot/7~bl; +http://www.semrush.com/bot.html)"
185.191.171.26 - - [09/Oct/2022:15:06:51 +0200] "GET /-p-51081.html?action=add_product HTTP/1.0" 302 476 "-" "Mozilla/5.0 (compatible; SemrushBot/7~bl; +http://www.semrush.com/bot.html)"
157.55.39.217 - - [09/Oct/2022:15:07:24 +0200] "GET /titeuf-sticker-p-24723.html HTTP/1.0" 200 72294 "-" "Mozilla/5.0 (compatible; bingbot/2.0; +http://www.bing.com/bingbot.htm)"
185.191.171.20 - - [09/Oct/2022:15:07:32 +0200] "GET /dogs-rectangulary-cushion-cbkreation-p-26405.html HTTP/1.0" 301 72315 "-" "Mozilla/5.0 (compatible; SemrushBot/7~bl; +http://www.semrush.com/bot.html)"
185.191.171.3 - - [09/Oct/2022:15:07:35 +0200] "GET /-p-26405.html HTTP/1.0" 200 72248 "-" "Mozilla/5.0 (compatible; SemrushBot/7~bl; +http://www.semrush.com/bot.html)"
66.249.64.242 - - [09/Oct/2022:15:07:44 +0200] "GET /images/big_prod_1/8480612322004N.jpg HTTP/1.0" 200 271 "-" "Googlebot-Image/1.0"
173.252.83.3 - - [09/Oct/2022:15:07:46 +0200] "GET /images/mini_prod/4007176153123.jpg HTTP/1.0" 200 269 "-" "facebookexternalhit/1.1 (+http://www.facebook.com/externalhit_uatext.php)"
66.249.64.242 - - [09/Oct/2022:15:07:45 +0200] "GET /child-yoga-statuette-p-57670.html HTTP/1.0" 200 75785 "-" "Mozilla/5.0 (Linux; Android 6.0.1; Nexus 5X Build/MMB29P) AppleWebKit/537.36 (KHTML, like Gecko) Chrome/106.0.5249.91 Mobile Safari/537.36 (compatible; Googlebot/2.1; +http://www.google.com/bot.html)"
185.191.171.7 - - [09/Oct/2022:15:07:46 +0200] "GET /blue-dragon-money-p-54838.html?action=add_product HTTP/1.0" 302 476 "-" "Mozilla/5.0 (compatible; SemrushBot/7~bl; +http://www.semrush.com/bot.html)"
185.191.171.11 - - [09/Oct/2022:15:07:56 +0200] "GET /plus-plus-mini-basic-safari-170-pieces-p-29210.html HTTP/1.0" 301 72315 "-" "Mozilla/5.0 (compatible; SemrushBot/7~bl; +http://www.semrush.com/bot.html)"
185.191.171.35 - - [09/Oct/2022:15:07:59 +0200] "GET /pokemon-shirt-p-31061.html HTTP/1.0" 200 75965 "-" "Mozilla/5.0 (compatible; SemrushBot/7~bl; +http://www.semrush.com/bot.html)"
185.191.171.15 - - [09/Oct/2022:15:08:03 +0200] "GET /-p-29210.html HTTP/1.0" 200 72248 "-" "Mozilla/5.0 (compatible; SemrushBot/7~bl; +http://www.semrush.com/bot.html)"
185.191.171.16 - - [09/Oct/2022:15:08:06 +0200] "GET /resin-animals-savannah-statue-p-53663.html?action=add_product HTTP/1.0" 302 476 "-" "Mozilla/5.0 (compatible; SemrushBot/7~bl; +http://www.semrush.com/bot.html)"
95.216.174.53 - - [09/Oct/2022:15:08:23 +0200] "GET /contact_us.php HTTP/1.0" 200 26241 "http://www.wonder-geek.com/contact_us.php" "Mozilla/5.0 (Windows NT 10.0; WOW64) AppleWebKit/537.36 (KHTML, like Gecko) Chrome/90.0.4430.72 Safari/537.36"
66.249.64.246 - - [09/Oct/2022:15:08:28 +0200] "GET /heart-cast-iron-trivet-p-48628.html HTTP/1.0" 200 74909 "-" "Mozilla/5.0 (compatible; Googlebot/2.1; +http://www.google.com/bot.html)"
95.216.174.53 - - [09/Oct/2022:15:08:34 +0200] "POST /contact_us.php?action=send HTTP/1.0" 200 26484 "http://www.wonder-geek.com/contact_us.php" "Mozilla/5.0 (Windows NT 10.0; WOW64) AppleWebKit/537.36 (KHTML, like Gecko) Chrome/90.0.4430.72 Safari/537.36"
185.191.171.38 - - [09/Oct/2022:15:08:38 +0200] "GET /albania-clock-cbkreation-p-36680.html?action=add_product HTTP/1.0" 302 476 "-" "Mozilla/5.0 (compatible; SemrushBot/7~bl; +http://www.semrush.com/bot.html)"
173.252.83.20 - - [09/Oct/2022:15:08:44 +0200] "GET /images/mini_prod/3503420956553.jpg HTTP/1.0" 200 269 "-" "facebookexternalhit/1.1 (+http://www.facebook.com/externalhit_uatext.php)"
185.191.171.1 - - [09/Oct/2022:15:08:47 +0200] "GET /harmony-cotton-bedspread-safran-p-48141.html?action=add_product HTTP/1.0" 301 476 "-" "Mozilla/5.0 (compatible; SemrushBot/7~bl; +http://www.semrush.com/bot.html)"
185.191.171.26 - - [09/Oct/2022:15:08:53 +0200] "GET /wooden-cellar-p-44518.html?action=add_product HTTP/1.0" 301 476 "-" "Mozilla/5.0 (compatible; SemrushBot/7~bl; +http://www.semrush.com/bot.html)"
185.191.171.42 - - [09/Oct/2022:15:08:59 +0200] "GET /tarot-buddha-p-46792.html?action=add_product HTTP/1.0" 302 476 "-" "Mozilla/5.0 (compatible; SemrushBot/7~bl; +http://www.semrush.com/bot.html)"
66.249.64.242 - - [09/Oct/2022:15:09:00 +0200] "GET /stone-septarian-grams-p-46597.html HTTP/1.0" 200 76214 "-" "Mozilla/5.0 (Linux; Android 6.0.1; Nexus 5X Build/MMB29P) AppleWebKit/537.36 (KHTML, like Gecko) Chrome/106.0.5249.91 Mobile Safari/537.36 (compatible; Googlebot/2.1; +http://www.google.com/bot.html)"
185.191.171.18 - - [09/Oct/2022:15:09:05 +0200] "GET /glass-trivet-bistrot-white-p-47887.html?action=add_product HTTP/1.0" 302 476 "-" "Mozilla/5.0 (compatible; SemrushBot/7~bl; +http://www.semrush.com/bot.html)"
185.191.171.37 - - [09/Oct/2022:15:09:22 +0200] "GET /glass-cutting-board-cbkreation-p-51305.html?action=add_product HTTP/1.0" 302 476 "-" "Mozilla/5.0 (compatible; SemrushBot/7~bl; +http://www.semrush.com/bot.html)"
54.36.148.99 - - [09/Oct/2022:15:09:23 +0200] "GET /velocycle-isothermic-stainless-steel-bottle-p-59026.html HTTP/1.0" 200 75928 "-" "Mozilla/5.0 (compatible; AhrefsBot/7.0; +http://ahrefs.com/robot/)"
185.191.171.7 - - [09/Oct/2022:15:09:34 +0200] "GET /-p-49868.html?action=add_product HTTP/1.0" 302 476 "-" "Mozilla/5.0 (compatible; SemrushBot/7~bl; +http://www.semrush.com/bot.html)"
185.191.171.19 - - [09/Oct/2022:15:09:45 +0200] "GET /small-gorilla-nici-charm-phone-charm-p-33461.html?action=add_product HTTP/1.0" 302 476 "-" "Mozilla/5.0 (compatible; SemrushBot/7~bl; +http://www.semrush.com/bot.html)"
185.191.171.18 - - [09/Oct/2022:15:09:50 +0200] "GET /fitted-sheet-for-bed-with-head-and-foot-lifting-80-200-cm-p-43762.html HTTP/1.0" 301 75723 "-" "Mozilla/5.0 (compatible; SemrushBot/7~bl; +http://www.semrush.com/bot.html)"
185.191.171.23 - - [09/Oct/2022:15:09:53 +0200] "GET /fitted-sheet-with-head-foot-lifting-p-43762.html HTTP/1.0" 200 75621 "-" "Mozilla/5.0 (compatible; SemrushBot/7~bl; +http://www.semrush.com/bot.html)"
66.249.64.242 - - [09/Oct/2022:15:09:58 +0200] "GET /images/big_prod/8422018289611A.jpg HTTP/1.0" 200 269 "-" "Googlebot-Image/1.0"
185.191.171.4 - - [09/Oct/2022:15:10:11 +0200] "GET /minnie-mouse-round-pencil-case-p-19635.html?action=add_product HTTP/1.0" 302 476 "-" "Mozilla/5.0 (compatible; SemrushBot/7~bl; +http://www.semrush.com/bot.html)"
157.55.39.231 - - [09/Oct/2022:15:10:12 +0200] "GET /avengers-large-backpack-with-wheels-p-30769.html HTTP/1.0" 200 72378 "-" "Mozilla/5.0 AppleWebKit/537.36 (KHTML, like Gecko; compatible; bingbot/2.0; +http://www.bing.com/bingbot.htm) Chrome/103.0.5060.134 Safari/537.36"
185.191.171.3 - - [09/Oct/2022:15:10:17 +0200] "GET /small-piggy-bank-beige-p-55214.html?action=add_product HTTP/1.0" 302 476 "-" "Mozilla/5.0 (compatible; SemrushBot/7~bl; +http://www.semrush.com/bot.html)"
185.191.171.41 - - [09/Oct/2022:15:10:24 +0200] "GET /figurine-rodin-cathedral-p-51169.html?action=add_product HTTP/1.0" 302 476 "-" "Mozilla/5.0 (compatible; SemrushBot/7~bl; +http://www.semrush.com/bot.html)"
185.191.171.25 - - [09/Oct/2022:15:11:12 +0200] "GET /round-natural-teak-mirror-p-56126.html?action=add_product HTTP/1.0" 302 476 "-" "Mozilla/5.0 (compatible; SemrushBot/7~bl; +http://www.semrush.com/bot.html)"
157.55.39.28 - - [09/Oct/2022:15:11:14 +0200] "GET /jasmin-medium-cabas-jasmine-p-46979.html HTTP/1.0" 301 72315 "-" "Mozilla/5.0 (compatible; bingbot/2.0; +http://www.bing.com/bingbot.htm)"
157.55.39.217 - - [09/Oct/2022:15:11:25 +0200] "GET /-p-28205.html HTTP/1.0" 200 72248 "-" "Mozilla/5.0 (compatible; bingbot/2.0; +http://www.bing.com/bingbot.htm)"
66.249.64.246 - - [09/Oct/2022:15:11:46 +0200] "GET /polar-blanket-beige-p-34643.html HTTP/1.0" 200 74954 "-" "Mozilla/5.0 (compatible; Googlebot/2.1; +http://www.google.com/bot.html)"
185.191.171.21 - - [09/Oct/2022:15:11:49 +0200] "GET /kitchen-towel-patisserie-collection-p-54754.html?action=add_product HTTP/1.0" 302 476 "-" "Mozilla/5.0 (compatible; SemrushBot/7~bl; +http://www.semrush.com/bot.html)"
185.191.171.22 - - [09/Oct/2022:15:11:52 +0200] "GET /olympique-marseille-beer-glasses-p-38412.html?action=add_product HTTP/1.0" 302 476 "-" "Mozilla/5.0 (compatible; SemrushBot/7~bl; +http://www.semrush.com/bot.html)"
185.191.171.23 - - [09/Oct/2022:15:11:56 +0200] "GET /pineapple-orange-p-44636.html?action=add_product HTTP/1.0" 302 476 "-" "Mozilla/5.0 (compatible; SemrushBot/7~bl; +http://www.semrush.com/bot.html)"
185.191.171.24 - - [09/Oct/2022:15:12:10 +0200] "GET /parci-bedclothes-p-49135.html?action=add_product HTTP/1.0" 302 476 "-" "Mozilla/5.0 (compatible; SemrushBot/7~bl; +http://www.semrush.com/bot.html)"
207.46.13.140 - - [09/Oct/2022:15:12:10 +0200] "GET /bohemian-ethnic-lirette-carpet-p-50876.html HTTP/1.0" 200 76110 "-" "Mozilla/5.0 (compatible; bingbot/2.0; +http://www.bing.com/bingbot.htm)"
173.252.83.118 - - [09/Oct/2022:15:12:17 +0200] "GET /images/mini_prod/3665269059434.jpg HTTP/1.0" 200 269 "-" "facebookexternalhit/1.1 (+http://www.facebook.com/externalhit_uatext.php)"
185.191.171.15 - - [09/Oct/2022:15:12:20 +0200] "GET /games-and-toys-c-4.html?page=23 HTTP/1.0" 301 93004 "-" "Mozilla/5.0 (compatible; SemrushBot/7~bl; +http://www.semrush.com/bot.html)"
66.249.64.246 - - [09/Oct/2022:15:12:24 +0200] "GET /bottle-shaped-bottle-rack-p-56705.html HTTP/1.0" 200 75668 "-" "Mozilla/5.0 (Linux; Android 6.0.1; Nexus 5X Build/MMB29P) AppleWebKit/537.36 (KHTML, like Gecko) Chrome/105.0.5195.125 Mobile Safari/537.36 (compatible; Googlebot/2.1; +http://www.google.com/bot.html)"
185.191.171.21 - - [09/Oct/2022:15:12:25 +0200] "GET /vieillis-coasters-p-53171.html?action=add_product HTTP/1.0" 302 476 "-" "Mozilla/5.0 (compatible; SemrushBot/7~bl; +http://www.semrush.com/bot.html)"
114.119.137.3 - - [09/Oct/2022:15:12:24 +0200] "GET /coconut-fibers-doormat-sweet-home-p-56392.html HTTP/1.0" 200 72390 "http://www.wonder-geek.com/doormats-and-entrance-carpets-c-11_269_266.html?page=1" "Mozilla/5.0 (Linux; Android 7.0;) AppleWebKit/537.36 (KHTML, like Gecko) Mobile Safari/537.36 (compatible; PetalBot;+https://webmaster.petalsearch.com/site/petalbot)"
185.191.171.26 - - [09/Oct/2022:15:12:27 +0200] "GET /games-toys-c-4.html?page=23 HTTP/1.0" 200 92923 "-" "Mozilla/5.0 (compatible; SemrushBot/7~bl; +http://www.semrush.com/bot.html)"
185.191.171.39 - - [09/Oct/2022:15:12:43 +0200] "GET /birds-bailey-cushion-50-30-cm-p-39194.html HTTP/1.0" 301 72315 "-" "Mozilla/5.0 (compatible; SemrushBot/7~bl; +http://www.semrush.com/bot.html)"
185.191.171.8 - - [09/Oct/2022:15:12:47 +0200] "GET /-p-39194.html HTTP/1.0" 200 72248 "-" "Mozilla/5.0 (compatible; SemrushBot/7~bl; +http://www.semrush.com/bot.html)"
185.191.171.8 - - [09/Oct/2022:15:12:54 +0200] "GET /-p-44240.html?action=add_product HTTP/1.0" 302 476 "-" "Mozilla/5.0 (compatible; SemrushBot/7~bl; +http://www.semrush.com/bot.html)"
66.249.64.244 - - [09/Oct/2022:15:13:13 +0200] "GET /beatles-retro-wallet-p-5541.html HTTP/1.0" 200 75079 "-" "Mozilla/5.0 (compatible; Googlebot/2.1; +http://www.google.com/bot.html)"
185.191.171.33 - - [09/Oct/2022:15:13:14 +0200] "GET /terracotta-ginkgo-cover-p-55529.html?action=add_product HTTP/1.0" 302 476 "-" "Mozilla/5.0 (compatible; SemrushBot/7~bl; +http://www.semrush.com/bot.html)"
66.249.64.242 - - [09/Oct/2022:15:13:21 +0200] "GET /images/mini_prod/028399186716.jpg HTTP/1.0" 200 268 "-" "Googlebot-Image/1.0"
185.191.171.41 - - [09/Oct/2022:15:13:26 +0200] "GET /oriental-round-metal-p-46104.html?action=add_product HTTP/1.0" 302 476 "-" "Mozilla/5.0 (compatible; SemrushBot/7~bl; +http://www.semrush.com/bot.html)"
114.119.137.3 - - [09/Oct/2022:15:13:26 +0200] "GET /letter-wall-decor-sticker-gray-p-57786.html HTTP/1.0" 200 75758 "http://www.wonder-geek.com/home-decoration-c-13.html" "Mozilla/5.0 (Linux; Android 7.0;) AppleWebKit/537.36 (KHTML, like Gecko) Mobile Safari/537.36 (compatible; PetalBot;+https://webmaster.petalsearch.com/site/petalbot)"
207.46.13.138 - - [09/Oct/2022:15:13:41 +0200] "GET /shower-curtain-p-50726.html HTTP/1.0" 200 75774 "-" "Mozilla/5.0 (compatible; bingbot/2.0; +http://www.bing.com/bingbot.htm)"
185.191.171.1 - - [09/Oct/2022:15:13:54 +0200] "GET /retro-notepad-p-33090.html HTTP/1.0" 301 72315 "-" "Mozilla/5.0 (compatible; SemrushBot/7~bl; +http://www.semrush.com/bot.html)"
185.191.171.38 - - [09/Oct/2022:15:13:57 +0200] "GET /louison-bedclothes-p-52099.html?action=add_product HTTP/1.0" 302 476 "-" "Mozilla/5.0 (compatible; SemrushBot/7~bl; +http://www.semrush.com/bot.html)"
185.191.171.9 - - [09/Oct/2022:15:13:59 +0200] "GET /-p-33090.html HTTP/1.0" 200 72248 "-" "Mozilla/5.0 (compatible; SemrushBot/7~bl; +http://www.semrush.com/bot.html)"
207.46.13.149 - - [09/Oct/2022:15:14:15 +0200] "GET /dessert-dish-glass-with-anti-slip-feet-p-47335.html HTTP/1.0" 200 75606 "-" "Mozilla/5.0 (compatible; bingbot/2.0; +http://www.bing.com/bingbot.htm)"
66.249.64.244 - - [09/Oct/2022:15:14:17 +0200] "GET /jasmin-medium-cabas-p-44211.html HTTP/1.0" 200 75796 "-" "Mozilla/5.0 (compatible; Googlebot/2.1; +http://www.google.com/bot.html)"
157.55.39.28 - - [09/Oct/2022:15:14:34 +0200] "GET /games-and-toys/figures/tinkerbell-fairy-figurine-periwinkle-p-19377.html HTTP/1.0" 301 72315 "-" "Mozilla/5.0 AppleWebKit/537.36 (KHTML, like Gecko; compatible; bingbot/2.0; +http://www.bing.com/bingbot.htm) Chrome/103.0.5060.134 Safari/537.36"
114.119.137.3 - - [09/Oct/2022:15:14:40 +0200] "GET /tarot-flower-life-p-58366.html HTTP/1.0" 200 75940 "http://www.wonder-geek.com/home-decoration-c-13.html?page=164" "Mozilla/5.0 (Linux; Android 7.0;) AppleWebKit/537.36 (KHTML, like Gecko) Mobile Safari/537.36 (compatible; PetalBot;+https://webmaster.petalsearch.com/site/petalbot)"
66.249.64.242 - - [09/Oct/2022:15:14:49 +0200] "GET /bison-girly-cushion-p-28714.html HTTP/1.0" 200 74967 "-" "Mozilla/5.0 (compatible; Googlebot/2.1; +http://www.google.com/bot.html)"
173.252.83.10 - - [09/Oct/2022:15:15:05 +0200] "GET /images/mini_prod/b3281640406323.jpg HTTP/1.0" 200 270 "-" "facebookexternalhit/1.1 (+http://www.facebook.com/externalhit_uatext.php)"
51.68.224.127 - - [09/Oct/2022:15:15:08 +0200] "GET /adminweb/export_orders_xml.php?token=256de2z6edz6ed2z6DFSFsed2zed6zeDSFDSGdzedezfzf&maxorders=10&orderstart=1&status=14&start_date=2018-10-01 HTTP/1.0" 200 285 "-" "GesCom CharlotteBoutik Serveur"
51.68.224.127 - - [09/Oct/2022:15:15:08 +0200] "GET /adminweb/export_orders_xml.php?token=256de2z6edz6ed2z6DFSFsed2zed6zeDSFDSGdzedezfzf&maxorders=10&orderstart=1&status=6&start_date=2018-10-01 HTTP/1.0" 200 33985 "-" "GesCom CharlotteBoutik Serveur"
207.46.13.138 - - [09/Oct/2022:15:15:21 +0200] "GET /dog-bowl-dog-p-31702.html HTTP/1.0" 301 74846 "-" "Mozilla/5.0 (compatible; bingbot/2.0; +http://www.bing.com/bingbot.htm)"
185.191.171.39 - - [09/Oct/2022:15:15:30 +0200] "GET /the-ballerina-statue-collection-p-38561.html HTTP/1.0" 301 72315 "-" "Mozilla/5.0 (compatible; SemrushBot/7~bl; +http://www.semrush.com/bot.html)"
66.249.64.246 - - [09/Oct/2022:15:15:42 +0200] "GET /cccp-logo-adult-cbkration-p-36533.html HTTP/1.0" 200 75022 "-" "Mozilla/5.0 (compatible; Googlebot/2.1; +http://www.google.com/bot.html)"
185.191.171.1 - - [09/Oct/2022:15:15:51 +0200] "GET /tribal-rectangulary-cushion-cbkreation-p-42538.html?action=add_product HTTP/1.0" 301 476 "-" "Mozilla/5.0 (compatible; SemrushBot/7~bl; +http://www.semrush.com/bot.html)"
114.119.137.45 - - [09/Oct/2022:15:15:58 +0200] "GET /cement-tile-stickers-blue-p-45003.html HTTP/1.0" 200 75862 "http://www.wonder-geek.com/wall-sticker-c-13_187.html?page=5" "Mozilla/5.0 (Linux; Android 7.0;) AppleWebKit/537.36 (KHTML, like Gecko) Mobile Safari/537.36 (compatible; PetalBot;+https://webmaster.petalsearch.com/site/petalbot)"
185.191.171.15 - - [09/Oct/2022:15:16:07 +0200] "GET /blue-gold-statuette-p-48307.html?action=add_product HTTP/1.0" 302 476 "-" "Mozilla/5.0 (compatible; SemrushBot/7~bl; +http://www.semrush.com/bot.html)"
207.46.13.140 - - [09/Oct/2022:15:16:10 +0200] "GET /-p-33612.html HTTP/1.0" 200 72248 "-" "Mozilla/5.0 (compatible; bingbot/2.0; +http://www.bing.com/bingbot.htm)"
185.191.171.34 - - [09/Oct/2022:15:16:10 +0200] "GET /buddha-canvas-frame-p-33995.html?action=add_product HTTP/1.0" 302 476 "-" "Mozilla/5.0 (compatible; SemrushBot/7~bl; +http://www.semrush.com/bot.html)"
66.249.64.244 - - [09/Oct/2022:15:16:21 +0200] "GET /images/big_prod/3503420026096.jpg HTTP/1.0" 200 268 "-" "Googlebot-Image/1.0"
66.249.64.242 - - [09/Oct/2022:15:16:25 +0200] "GET /cccp-logo-adult-cbkration-p-36533.html HTTP/1.0" 200 75022 "-" "Mozilla/5.0 (Linux; Android 6.0.1; Nexus 5X Build/MMB29P) AppleWebKit/537.36 (KHTML, like Gecko) Chrome/106.0.5249.91 Mobile Safari/537.36 (compatible; Googlebot/2.1; +http://www.google.com/bot.html)"
185.191.171.4 - - [09/Oct/2022:15:16:39 +0200] "GET /jasmin-light-install-p-29345.html?action=add_product HTTP/1.0" 302 476 "-" "Mozilla/5.0 (compatible; SemrushBot/7~bl; +http://www.semrush.com/bot.html)"
185.191.171.34 - - [09/Oct/2022:15:16:50 +0200] "GET /japanese-crane-velvet-cushion-40-40-cm-p-49132.html HTTP/1.0" 301 72315 "-" "Mozilla/5.0 (compatible; SemrushBot/7~bl; +http://www.semrush.com/bot.html)"
207.46.13.138 - - [09/Oct/2022:15:16:52 +0200] "GET /-p-32185.html HTTP/1.0" 200 72248 "-" "Mozilla/5.0 (compatible; bingbot/2.0; +http://www.bing.com/bingbot.htm)"
185.191.171.11 - - [09/Oct/2022:15:16:53 +0200] "GET /-p-49132.html HTTP/1.0" 200 72248 "-" "Mozilla/5.0 (compatible; SemrushBot/7~bl; +http://www.semrush.com/bot.html)"
185.191.171.38 - - [09/Oct/2022:15:17:10 +0200] "GET /clock-cbkreation-p-24710.html?action=add_product HTTP/1.0" 302 476 "-" "Mozilla/5.0 (compatible; SemrushBot/7~bl; +http://www.semrush.com/bot.html)"
66.249.64.242 - - [09/Oct/2022:15:17:13 +0200] "GET /images/big_prod/1384010207154.jpg HTTP/1.0" 200 268 "-" "Googlebot-Image/1.0"
114.119.137.43 - - [09/Oct/2022:15:17:17 +0200] "GET /favourite-friends-puppy-kids-school-backpack-p-41086.html HTTP/1.0" 200 75184 "http://www.wonder-geek.com/backpacks-c-31_77.html?page=2" "Mozilla/5.0 (Linux; Android 7.0;) AppleWebKit/537.36 (KHTML, like Gecko) Mobile Safari/537.36 (compatible; PetalBot;+https://webmaster.petalsearch.com/site/petalbot)"
163.220.128.41 - - [09/Oct/2022:15:17:35 +0200] "GET /images/mini_prod/5701359690397.jpg HTTP/1.0" 200 269 "-" "Mozilla/5.0 (X11; Ubuntu; Linux x86_64; rv:72.0) Gecko/20100101 Firefox/72.0"
207.46.13.149 - - [09/Oct/2022:15:17:35 +0200] "GET /smiski-figure-series-living-note-there-single-figure-p-47777.html HTTP/1.0" 200 76235 "-" "Mozilla/5.0 AppleWebKit/537.36 (KHTML, like Gecko; compatible; bingbot/2.0; +http://www.bing.com/bingbot.htm) Chrome/103.0.5060.134 Safari/537.36"
185.191.171.43 - - [09/Oct/2022:15:17:37 +0200] "GET /-p-42444.html?action=add_product HTTP/1.0" 302 476 "-" "Mozilla/5.0 (compatible; SemrushBot/7~bl; +http://www.semrush.com/bot.html)"
207.46.13.149 - - [09/Oct/2022:15:17:37 +0200] "GET /-p-29843.html HTTP/1.0" 200 72248 "-" "Mozilla/5.0 (compatible; bingbot/2.0; +http://www.bing.com/bingbot.htm)"
185.191.171.39 - - [09/Oct/2022:15:17:42 +0200] "GET /frosted-glass-betty-boop-quarantine-p-15441.html?action=add_product HTTP/1.0" 302 476 "-" "Mozilla/5.0 (compatible; SemrushBot/7~bl; +http://www.semrush.com/bot.html)"
185.191.171.6 - - [09/Oct/2022:15:17:43 +0200] "GET /buddhist-statue-in-resin-do-not-see-evil-p-34569.html HTTP/1.0" 301 72467 "-" "Mozilla/5.0 (compatible; SemrushBot/7~bl; +http://www.semrush.com/bot.html)"
185.191.171.37 - - [09/Oct/2022:15:17:48 +0200] "GET /buddhist-statue-resin-evil-p-34569.html HTTP/1.0" 200 72374 "-" "Mozilla/5.0 (compatible; SemrushBot/7~bl; +http://www.semrush.com/bot.html)"
185.191.171.2 - - [09/Oct/2022:15:17:51 +0200] "GET /decorative-resin-figurine-old-grey-car-p-32162.html HTTP/1.0" 301 72315 "-" "Mozilla/5.0 (compatible; SemrushBot/7~bl; +http://www.semrush.com/bot.html)"
185.191.171.10 - - [09/Oct/2022:15:17:54 +0200] "GET /-p-32162.html HTTP/1.0" 200 72248 "-" "Mozilla/5.0 (compatible; SemrushBot/7~bl; +http://www.semrush.com/bot.html)"
185.191.171.10 - - [09/Oct/2022:15:17:59 +0200] "GET /cotton-base-cover-zinc-p-44230.html?action=add_product HTTP/1.0" 302 476 "-" "Mozilla/5.0 (compatible; SemrushBot/7~bl; +http://www.semrush.com/bot.html)"
185.191.171.2 - - [09/Oct/2022:15:18:10 +0200] "GET /round-pillow-macaron-p-50731.html HTTP/1.0" 301 72315 "-" "Mozilla/5.0 (compatible; SemrushBot/7~bl; +http://www.semrush.com/bot.html)"
185.191.171.39 - - [09/Oct/2022:15:18:15 +0200] "GET /mini-motsu-christmas-keel-toys-plush-p-50312.html?action=add_product HTTP/1.0" 302 476 "-" "Mozilla/5.0 (compatible; SemrushBot/7~bl; +http://www.semrush.com/bot.html)"
185.191.171.20 - - [09/Oct/2022:15:18:17 +0200] "GET /-p-50731.html HTTP/1.0" 200 72248 "-" "Mozilla/5.0 (compatible; SemrushBot/7~bl; +http://www.semrush.com/bot.html)"
114.119.137.43 - - [09/Oct/2022:15:18:27 +0200] "GET /protects-mattress-fleece-cotton-180-200-cm-p-39791.html HTTP/1.0" 301 72315 "http://www.wonder-geek.com/bedding-protection-c-11_192.html?page=3" "Mozilla/5.0 (Linux; Android 7.0;) AppleWebKit/537.36 (KHTML, like Gecko) Mobile Safari/537.36 (compatible; PetalBot;+https://webmaster.petalsearch.com/site/petalbot)"
54.36.149.89 - - [09/Oct/2022:15:18:28 +0200] "GET /wise-monkey-figurines-p-59136.html HTTP/1.0" 200 76112 "-" "Mozilla/5.0 (compatible; AhrefsBot/7.0; +http://ahrefs.com/robot/)"
114.119.137.43 - - [09/Oct/2022:15:18:30 +0200] "GET /-p-39791.html HTTP/1.0" 200 72248 "http://www.wonder-geek.com/bedding-protection-c-11_192.html?page=3" "Mozilla/5.0 (Linux; Android 7.0;) AppleWebKit/537.36 (KHTML, like Gecko) Mobile Safari/537.36 (compatible; PetalBot;+https://webmaster.petalsearch.com/site/petalbot)"
185.191.171.20 - - [09/Oct/2022:15:18:31 +0200] "GET /route-large-metal-plate-deco-p-32225.html?action=add_product HTTP/1.0" 302 476 "-" "Mozilla/5.0 (compatible; SemrushBot/7~bl; +http://www.semrush.com/bot.html)"
185.191.171.2 - - [09/Oct/2022:15:18:57 +0200] "GET /laundry-basket-braided-jute-large-size-p-48065.html?action=add_product HTTP/1.0" 301 476 "-" "Mozilla/5.0 (compatible; SemrushBot/7~bl; +http://www.semrush.com/bot.html)"
185.191.171.3 - - [09/Oct/2022:15:19:15 +0200] "GET /pocket-warmer-froid-p-58827.html?action=add_product HTTP/1.0" 302 476 "-" "Mozilla/5.0 (compatible; SemrushBot/7~bl; +http://www.semrush.com/bot.html)"
54.36.148.106 - - [09/Oct/2022:15:19:19 +0200] "GET /robocar-poli-car-mini-p-17876.html HTTP/1.0" 301 72315 "-" "Mozilla/5.0 (compatible; AhrefsBot/7.0; +http://ahrefs.com/robot/)"
185.191.171.16 - - [09/Oct/2022:15:19:30 +0200] "GET /the-thinker-statue-of-deep-contemplation-by-rodin-10-cm-p-43680.html HTTP/1.0" 301 75938 "-" "Mozilla/5.0 (compatible; SemrushBot/7~bl; +http://www.semrush.com/bot.html)"
185.191.171.8 - - [09/Oct/2022:15:19:33 +0200] "GET /thinker-statue-deep-contemplation-rodin-p-43680.html HTTP/1.0" 200 75832 "-" "Mozilla/5.0 (compatible; SemrushBot/7~bl; +http://www.semrush.com/bot.html)"
114.119.133.245 - - [09/Oct/2022:15:19:40 +0200] "GET /cotton-towel-mojito-p-42578.html HTTP/1.0" 200 72318 "http://www.wonder-geek.com/tea-towels-napkins-c-11_177.html?page=3" "Mozilla/5.0 (Linux; Android 7.0;) AppleWebKit/537.36 (KHTML, like Gecko) Mobile Safari/537.36 (compatible; PetalBot;+https://webmaster.petalsearch.com/site/petalbot)"
157.55.39.28 - - [09/Oct/2022:15:20:14 +0200] "GET /purple-lama-piggy-bank-p-47725.html HTTP/1.0" 200 72349 "-" "Mozilla/5.0 (compatible; bingbot/2.0; +http://www.bing.com/bingbot.htm)"
185.191.171.15 - - [09/Oct/2022:15:20:31 +0200] "GET /winnie-pooh-orange-swimsuit-p-30832.html HTTP/1.0" 200 76698 "-" "Mozilla/5.0 (compatible; SemrushBot/7~bl; +http://www.semrush.com/bot.html)"
185.191.171.16 - - [09/Oct/2022:15:20:34 +0200] "GET /funky-bears-smiley-nice-day-keychains-p-19199.html HTTP/1.0" 301 76274 "-" "Mozilla/5.0 (compatible; SemrushBot/7~bl; +http://www.semrush.com/bot.html)"
185.191.171.23 - - [09/Oct/2022:15:20:37 +0200] "GET /funky-bears-smiley-nice-keychains-p-19199.html HTTP/1.0" 200 76174 "-" "Mozilla/5.0 (compatible; SemrushBot/7~bl; +http://www.semrush.com/bot.html)"
173.252.83.10 - - [09/Oct/2022:15:20:51 +0200] "GET /images/mini_prod/3700572752259c.jpg HTTP/1.0" 200 270 "-" "facebookexternalhit/1.1 (+http://www.facebook.com/externalhit_uatext.php)"
185.191.171.33 - - [09/Oct/2022:15:20:55 +0200] "GET /shoulder-bag-jasmine-by-teo-jasmin-p-46994.html HTTP/1.0" 301 72315 "-" "Mozilla/5.0 (compatible; SemrushBot/7~bl; +http://www.semrush.com/bot.html)"
114.119.133.245 - - [09/Oct/2022:15:20:55 +0200] "GET /wax-melt-cinnamon-spice-p-37440.html HTTP/1.0" 301 75550 "http://www.wonder-geek.com/fragrances-of-ambiance-c-231.html?page=3" "Mozilla/5.0 (Linux; Android 7.0;) AppleWebKit/537.36 (KHTML, like Gecko) Mobile Safari/537.36 (compatible; PetalBot;+https://webmaster.petalsearch.com/site/petalbot)"
114.119.133.245 - - [09/Oct/2022:15:21:00 +0200] "GET /melt-cinnamon-spice-p-37440.html HTTP/1.0" 200 75464 "http://www.wonder-geek.com/fragrances-of-ambiance-c-231.html?page=3" "Mozilla/5.0 (Linux; Android 7.0;) AppleWebKit/537.36 (KHTML, like Gecko) Mobile Safari/537.36 (compatible; PetalBot;+https://webmaster.petalsearch.com/site/petalbot)"
185.191.171.9 - - [09/Oct/2022:15:21:01 +0200] "GET /small-tins-box-gorjuss-the-hatter-p-48402.html HTTP/1.0" 301 72424 "-" "Mozilla/5.0 (compatible; SemrushBot/7~bl; +http://www.semrush.com/bot.html)"
185.191.171.35 - - [09/Oct/2022:15:21:04 +0200] "GET /small-tins-gorjuss-hatter-p-48402.html HTTP/1.0" 200 72332 "-" "Mozilla/5.0 (compatible; SemrushBot/7~bl; +http://www.semrush.com/bot.html)"
185.191.171.44 - - [09/Oct/2022:15:21:20 +0200] "GET /-p-53372.html?action=add_product HTTP/1.0" 302 476 "-" "Mozilla/5.0 (compatible; SemrushBot/7~bl; +http://www.semrush.com/bot.html)"
185.191.171.21 - - [09/Oct/2022:15:21:36 +0200] "GET /blue-alarm-clock-p-28795.html?action=add_product HTTP/1.0" 302 476 "-" "Mozilla/5.0 (compatible; SemrushBot/7~bl; +http://www.semrush.com/bot.html)"
185.191.171.6 - - [09/Oct/2022:15:21:54 +0200] "GET /-p-50923.html?action=add_product HTTP/1.0" 302 476 "-" "Mozilla/5.0 (compatible; SemrushBot/7~bl; +http://www.semrush.com/bot.html)"
185.191.171.3 - - [09/Oct/2022:15:21:56 +0200] "GET /despecable-keyring-p-33477.html?action=add_product HTTP/1.0" 302 476 "-" "Mozilla/5.0 (compatible; SemrushBot/7~bl; +http://www.semrush.com/bot.html)"
66.249.64.246 - - [09/Oct/2022:15:21:56 +0200] "GET /tweety-devil-figurine-p-35357.html HTTP/1.0" 200 72322 "-" "Mozilla/5.0 (compatible; Googlebot/2.1; +http://www.google.com/bot.html)"
114.119.137.43 - - [09/Oct/2022:15:22:15 +0200] "GET /cats-and-stars-coasters-p-37885.html HTTP/1.0" 301 72412 "http://www.wonder-geek.com/coasters-c-12_157.html?page=9" "Mozilla/5.0 (Linux; Android 7.0;) AppleWebKit/537.36 (KHTML, like Gecko) Mobile Safari/537.36 (compatible; PetalBot;+https://webmaster.petalsearch.com/site/petalbot)"
185.191.171.40 - - [09/Oct/2022:15:22:21 +0200] "GET /pink-gold-sandstone-lamp-p-58972.html?action=add_product HTTP/1.0" 302 476 "-" "Mozilla/5.0 (compatible; SemrushBot/7~bl; +http://www.semrush.com/bot.html)"
114.119.137.43 - - [09/Oct/2022:15:22:25 +0200] "GET /cats-stars-coasters-p-37885.html HTTP/1.0" 200 72326 "http://www.wonder-geek.com/coasters-c-12_157.html?page=9" "Mozilla/5.0 (Linux; Android 7.0;) AppleWebKit/537.36 (KHTML, like Gecko) Mobile Safari/537.36 (compatible; PetalBot;+https://webmaster.petalsearch.com/site/petalbot)"
185.191.171.44 - - [09/Oct/2022:15:22:26 +0200] "GET /-p-26662.html?action=add_product HTTP/1.0" 302 476 "-" "Mozilla/5.0 (compatible; SemrushBot/7~bl; +http://www.semrush.com/bot.html)"
185.191.171.43 - - [09/Oct/2022:15:22:29 +0200] "GET /duvet-cover-cotton-percale-threads-p-48158.html?action=add_product HTTP/1.0" 302 476 "-" "Mozilla/5.0 (compatible; SemrushBot/7~bl; +http://www.semrush.com/bot.html)"
157.55.39.28 - - [09/Oct/2022:15:22:34 +0200] "GET /educational-watch-children-football-star-p-51493.html HTTP/1.0" 200 76551 "-" "Mozilla/5.0 (compatible; bingbot/2.0; +http://www.bing.com/bingbot.htm)"
185.191.171.17 - - [09/Oct/2022:15:22:41 +0200] "GET /washed-linen-bed-skirt-natural-color-90-200-cm-p-48110.html HTTP/1.0" 301 72315 "-" "Mozilla/5.0 (compatible; SemrushBot/7~bl; +http://www.semrush.com/bot.html)"
185.191.171.4 - - [09/Oct/2022:15:22:44 +0200] "GET /-p-48110.html HTTP/1.0" 200 72248 "-" "Mozilla/5.0 (compatible; SemrushBot/7~bl; +http://www.semrush.com/bot.html)"
207.46.13.149 - - [09/Oct/2022:15:22:46 +0200] "GET /-p-29816.html HTTP/1.0" 200 72248 "-" "Mozilla/5.0 (compatible; bingbot/2.0; +http://www.bing.com/bingbot.htm)"
66.249.64.242 - - [09/Oct/2022:15:22:48 +0200] "GET /retro-chest-weathered-wood-p-52939.html HTTP/1.0" 200 74897 "-" "Mozilla/5.0 (Linux; Android 6.0.1; Nexus 5X Build/MMB29P) AppleWebKit/537.36 (KHTML, like Gecko) Chrome/106.0.5249.91 Mobile Safari/537.36 (compatible; Googlebot/2.1; +http://www.google.com/bot.html)"
20.56.197.63 - - [09/Oct/2022:15:23:10 +0200] "GET /images/Photo-0302.jpg HTTP/1.0" 200 256 "-" "DuckDuckBot/1.1; (+http://duckduckgo.com/duckduckbot.html)"
185.191.171.34 - - [09/Oct/2022:15:23:12 +0200] "GET /gift-infuser-mandala-pink-p-43794.html?action=add_product HTTP/1.0" 302 476 "-" "Mozilla/5.0 (compatible; SemrushBot/7~bl; +http://www.semrush.com/bot.html)"
185.191.171.2 - - [09/Oct/2022:15:23:12 +0200] "GET /robots.txt HTTP/1.0" 200 245 "-" "Mozilla/5.0 (compatible; SemrushBot/7~bl; +http://www.semrush.com/bot.html)"
114.119.137.43 - - [09/Oct/2022:15:23:25 +0200] "GET /miss-fifties-thermos-500-ml-p-47779.html HTTP/1.0" 301 75006 "http://www.wonder-geek.com/kanteen-and-water-bottles-c-12_161.html?page=4" "Mozilla/5.0 (Linux; Android 7.0;) AppleWebKit/537.36 (KHTML, like Gecko) Mobile Safari/537.36 (compatible; PetalBot;+https://webmaster.petalsearch.com/site/petalbot)"
114.119.137.43 - - [09/Oct/2022:15:23:29 +0200] "GET /miss-fifties-thermos-p-47779.html HTTP/1.0" 200 74919 "http://www.wonder-geek.com/kanteen-and-water-bottles-c-12_161.html?page=4" "Mozilla/5.0 (Linux; Android 7.0;) AppleWebKit/537.36 (KHTML, like Gecko) Mobile Safari/537.36 (compatible; PetalBot;+https://webmaster.petalsearch.com/site/petalbot)"
185.191.171.21 - - [09/Oct/2022:15:23:38 +0200] "GET /mini-rectangular-tray-sunny-flowers-cream-p-58512.html HTTP/1.0" 200 75743 "-" "Mozilla/5.0 (compatible; SemrushBot/7~bl; +http://www.semrush.com/bot.html)"
185.191.171.3 - - [09/Oct/2022:15:24:22 +0200] "GET /olivia-paris-cosmetic-p-16805.html?action=add_product HTTP/1.0" 302 476 "-" "Mozilla/5.0 (compatible; SemrushBot/7~bl; +http://www.semrush.com/bot.html)"
185.191.171.3 - - [09/Oct/2022:15:24:24 +0200] "GET /-p-51513.html?action=add_product HTTP/1.0" 302 476 "-" "Mozilla/5.0 (compatible; SemrushBot/7~bl; +http://www.semrush.com/bot.html)"
185.191.171.19 - - [09/Oct/2022:15:24:27 +0200] "GET /elephant-statuette-by-jim-shore-p-51779.html HTTP/1.0" 301 76026 "-" "Mozilla/5.0 (compatible; SemrushBot/7~bl; +http://www.semrush.com/bot.html)"
185.191.171.22 - - [09/Oct/2022:15:24:30 +0200] "GET /elephant-statuette-shore-p-51779.html HTTP/1.0" 200 75935 "-" "Mozilla/5.0 (compatible; SemrushBot/7~bl; +http://www.semrush.com/bot.html)"
185.191.171.4 - - [09/Oct/2022:15:24:52 +0200] "GET /-p-49489.html?action=add_product HTTP/1.0" 302 476 "-" "Mozilla/5.0 (compatible; SemrushBot/7~bl; +http://www.semrush.com/bot.html)"
157.55.39.217 - - [09/Oct/2022:15:24:56 +0200] "GET /disney-beauty-beast-belle-jewelry-p-49748.html HTTP/1.0" 200 76199 "-" "Mozilla/5.0 (compatible; bingbot/2.0; +http://www.bing.com/bingbot.htm)"
185.191.171.41 - - [09/Oct/2022:15:25:12 +0200] "GET /bolster-case-green-blue-p-43618.html HTTP/1.0" 200 75146 "-" "Mozilla/5.0 (compatible; SemrushBot/7~bl; +http://www.semrush.com/bot.html)"
173.252.83.15 - - [09/Oct/2022:15:25:19 +0200] "GET /images/mini_prod/3014627889938.jpg HTTP/1.0" 200 269 "-" "facebookexternalhit/1.1 (+http://www.facebook.com/externalhit_uatext.php)"
185.191.171.4 - - [09/Oct/2022:15:25:34 +0200] "GET /corsica-small-cushion-cbkreation-p-38852.html?action=add_product HTTP/1.0" 301 476 "-" "Mozilla/5.0 (compatible; SemrushBot/7~bl; +http://www.semrush.com/bot.html)"
216.244.66.242 - - [09/Oct/2022:15:25:37 +0200] "GET /robots.txt HTTP/1.0" 200 245 "-" "Mozilla/5.0 (compatible; DotBot/1.2; +https://opensiteexplorer.org/dotbot; help@moz.com)"
66.249.64.244 - - [09/Oct/2022:15:25:42 +0200] "GET /oubliez-chat-metal-plate-deco-p-53484.html HTTP/1.0" 200 74897 "-" "Mozilla/5.0 (compatible; Googlebot/2.1; +http://www.google.com/bot.html)"
66.249.64.244 - - [09/Oct/2022:15:25:51 +0200] "GET /frozen-lunch-bottle-p-31687.html HTTP/1.0" 200 72340 "-" "Mozilla/5.0 (Linux; Android 6.0.1; Nexus 5X Build/MMB29P) AppleWebKit/537.36 (KHTML, like Gecko) Chrome/105.0.5195.125 Mobile Safari/537.36 (compatible; Googlebot/2.1; +http://www.google.com/bot.html)"
114.119.137.45 - - [09/Oct/2022:15:25:53 +0200] "GET /fairy-kitchen-towel-p-38812.html HTTP/1.0" 200 74847 "http://www.wonder-geek.com/household-linen-c-11.html?page=18" "Mozilla/5.0 (Linux; Android 7.0;) AppleWebKit/537.36 (KHTML, like Gecko) Mobile Safari/537.36 (compatible; PetalBot;+https://webmaster.petalsearch.com/site/petalbot)"
185.191.171.19 - - [09/Oct/2022:15:25:55 +0200] "GET /decorative-horse-statue-p-44672.html?action=add_product HTTP/1.0" 302 476 "-" "Mozilla/5.0 (compatible; SemrushBot/7~bl; +http://www.semrush.com/bot.html)"
185.191.171.8 - - [09/Oct/2022:15:25:59 +0200] "GET /-p-40065.html?action=add_product HTTP/1.0" 302 476 "-" "Mozilla/5.0 (compatible; SemrushBot/7~bl; +http://www.semrush.com/bot.html)"
185.191.171.2 - - [09/Oct/2022:15:26:02 +0200] "GET /rabbit-jewelry-holder-statuette-p-55825.html?action=add_product HTTP/1.0" 302 476 "-" "Mozilla/5.0 (compatible; SemrushBot/7~bl; +http://www.semrush.com/bot.html)"
157.55.39.28 - - [09/Oct/2022:15:26:05 +0200] "GET /medusa-glass-paperweight-p-49430.html HTTP/1.0" 200 72334 "-" "Mozilla/5.0 (compatible; bingbot/2.0; +http://www.bing.com/bingbot.htm)"
185.191.171.33 - - [09/Oct/2022:15:26:16 +0200] "GET /harley-davidson-ride-metal-plate-p-33720.html?action=add_product HTTP/1.0" 302 476 "-" "Mozilla/5.0 (compatible; SemrushBot/7~bl; +http://www.semrush.com/bot.html)"
185.191.171.8 - - [09/Oct/2022:15:26:19 +0200] "GET /tree-life-side-tables-p-53060.html?action=add_product HTTP/1.0" 302 476 "-" "Mozilla/5.0 (compatible; SemrushBot/7~bl; +http://www.semrush.com/bot.html)"
207.46.13.138 - - [09/Oct/2022:15:26:33 +0200] "GET /-p-42882.html HTTP/1.0" 200 72248 "-" "Mozilla/5.0 AppleWebKit/537.36 (KHTML, like Gecko; compatible; bingbot/2.0; +http://www.bing.com/bingbot.htm) Chrome/103.0.5060.134 Safari/537.36"
185.191.171.13 - - [09/Oct/2022:15:26:37 +0200] "GET /paulownia-ball-lantern-p-45415.html?action=add_product HTTP/1.0" 302 476 "-" "Mozilla/5.0 (compatible; SemrushBot/7~bl; +http://www.semrush.com/bot.html)"
185.191.171.22 - - [09/Oct/2022:15:26:48 +0200] "GET /fruit-juice-glass-p-27839.html?action=add_product HTTP/1.0" 301 476 "-" "Mozilla/5.0 (compatible; SemrushBot/7~bl; +http://www.semrush.com/bot.html)"
173.252.83.14 - - [09/Oct/2022:15:26:50 +0200] "GET /images/mini_prod/3503420021480.jpg HTTP/1.0" 200 269 "-" "facebookexternalhit/1.1 (+http://www.facebook.com/externalhit_uatext.php)"
