185.191.171.42 - - [09/Oct/2022:10:45:05 +0200] "GET /-p-45289.html HTTP/1.0" 200 72248 "-" "Mozilla/5.0 (compatible; SemrushBot/7~bl; +http://www.semrush.com/bot.html)"
185.191.171.26 - - [09/Oct/2022:10:45:09 +0200] "GET /cat-and-butterfly-hanging-panel-69-24-cm-p-46784.html HTTP/1.0" 301 72315 "-" "Mozilla/5.0 (compatible; SemrushBot/7~bl; +http://www.semrush.com/bot.html)"
185.191.171.4 - - [09/Oct/2022:10:45:13 +0200] "GET /-p-46784.html HTTP/1.0" 200 72248 "-" "Mozilla/5.0 (compatible; SemrushBot/7~bl; +http://www.semrush.com/bot.html)"
163.220.128.41 - - [09/Oct/2022:10:45:15 +0200] "GET /images/mini_prod/34DSCN8163.jpg HTTP/1.0" 200 266 "-" "Mozilla/5.0 (X11; Ubuntu; Linux x86_64; rv:72.0) Gecko/20100101 Firefox/72.0"
192.0.102.118 - - [09/Oct/2022:10:45:18 +0200] "GET /images/med_prod/3609810031395.jpg HTTP/1.0" 200 268 "-" "Photon/1.0"
185.191.171.24 - - [09/Oct/2022:10:45:17 +0200] "GET /wooden-wall-decoration-flamingo-p-44249.html?action=add_product HTTP/1.0" 302 476 "-" "Mozilla/5.0 (compatible; SemrushBot/7~bl; +http://www.semrush.com/bot.html)"
185.191.171.7 - - [09/Oct/2022:10:45:26 +0200] "GET /terracotta-flower-pot-p-51992.html HTTP/1.0" 301 75553 "-" "Mozilla/5.0 (compatible; SemrushBot/7~bl; +http://www.semrush.com/bot.html)"
54.36.149.100 - - [09/Oct/2022:10:45:28 +0200] "GET /horse-pictures-bedside-lamp-p-26620.html HTTP/1.0" 301 72315 "-" "Mozilla/5.0 (compatible; AhrefsBot/7.0; +http://ahrefs.com/robot/)"
185.191.171.8 - - [09/Oct/2022:10:45:30 +0200] "GET /frozen-homework-notebooks-p-35842.html HTTP/1.0" 301 72315 "-" "Mozilla/5.0 (compatible; SemrushBot/7~bl; +http://www.semrush.com/bot.html)"
185.191.171.7 - - [09/Oct/2022:10:45:33 +0200] "GET /-p-35842.html HTTP/1.0" 200 72248 "-" "Mozilla/5.0 (compatible; SemrushBot/7~bl; +http://www.semrush.com/bot.html)"
185.191.171.6 - - [09/Oct/2022:10:45:37 +0200] "GET /terracotta-flower-p-51992.html HTTP/1.0" 200 75469 "-" "Mozilla/5.0 (compatible; SemrushBot/7~bl; +http://www.semrush.com/bot.html)"
185.191.171.13 - - [09/Oct/2022:10:45:40 +0200] "GET /elephants-ceramic-bathroom-p-44792.html?action=add_product HTTP/1.0" 302 476 "-" "Mozilla/5.0 (compatible; SemrushBot/7~bl; +http://www.semrush.com/bot.html)"
185.191.171.35 - - [09/Oct/2022:10:45:41 +0200] "GET /elmer-kids-school-p-18263.html?action=add_product HTTP/1.0" 301 476 "-" "Mozilla/5.0 (compatible; SemrushBot/7~bl; +http://www.semrush.com/bot.html)"
185.191.171.36 - - [09/Oct/2022:10:46:10 +0200] "GET /evil-queen-figurine-disney-showcase-p-44598.html?action=add_product HTTP/1.0" 302 476 "-" "Mozilla/5.0 (compatible; SemrushBot/7~bl; +http://www.semrush.com/bot.html)"
185.191.171.23 - - [09/Oct/2022:10:46:12 +0200] "GET /robots.txt HTTP/1.0" 200 245 "-" "Mozilla/5.0 (compatible; SemrushBot/7~bl; +http://www.semrush.com/bot.html)"
185.191.171.6 - - [09/Oct/2022:10:46:19 +0200] "GET /20-st-raphael-aromatika-incense-sticks-p-53446.html HTTP/1.0" 301 75121 "-" "Mozilla/5.0 (compatible; SemrushBot/7~bl; +http://www.semrush.com/bot.html)"
185.191.171.15 - - [09/Oct/2022:10:46:22 +0200] "GET /raphael-aromatika-incense-sticks-p-53446.html HTTP/1.0" 200 75022 "-" "Mozilla/5.0 (compatible; SemrushBot/7~bl; +http://www.semrush.com/bot.html)"
185.191.171.19 - - [09/Oct/2022:10:46:30 +0200] "GET /bowl-p-36519.html?action=add_product HTTP/1.0" 301 476 "-" "Mozilla/5.0 (compatible; SemrushBot/7~bl; +http://www.semrush.com/bot.html)"
185.191.171.1 - - [09/Oct/2022:10:46:43 +0200] "GET /stone-shaped-lamp-p-54874.html?action=add_product HTTP/1.0" 302 476 "-" "Mozilla/5.0 (compatible; SemrushBot/7~bl; +http://www.semrush.com/bot.html)"
185.191.171.5 - - [09/Oct/2022:10:46:54 +0200] "GET /open-watch-skull-white-medium-p-23222.html HTTP/1.0" 301 72477 "-" "Mozilla/5.0 (compatible; SemrushBot/7~bl; +http://www.semrush.com/bot.html)"
185.191.171.34 - - [09/Oct/2022:10:46:58 +0200] "GET /cbkreation-russian-doll-phone-cover-iphone-p-23475.html?action=add_product HTTP/1.0" 301 476 "-" "Mozilla/5.0 (compatible; SemrushBot/7~bl; +http://www.semrush.com/bot.html)"
185.191.171.25 - - [09/Oct/2022:10:46:59 +0200] "GET /open-watch-skull-white-mdium-p-23222.html HTTP/1.0" 200 72382 "-" "Mozilla/5.0 (compatible; SemrushBot/7~bl; +http://www.semrush.com/bot.html)"
54.36.148.110 - - [09/Oct/2022:10:47:02 +0200] "GET /thinkerbell-p-22160.html HTTP/1.0" 200 75029 "-" "Mozilla/5.0 (compatible; AhrefsBot/7.0; +http://ahrefs.com/robot/)"
185.191.171.11 - - [09/Oct/2022:10:47:02 +0200] "GET /markers-miss-melody-p-33983.html?action=add_product HTTP/1.0" 302 476 "-" "Mozilla/5.0 (compatible; SemrushBot/7~bl; +http://www.semrush.com/bot.html)"
159.138.137.41 - - [09/Oct/2022:10:48:07 +0200] "GET /images/mini_prod/1384010184752.jpg HTTP/1.0" 200 269 "-" "Mozilla/5.0 (X11; Ubuntu; Linux x86_64; rv:72.0) Gecko/20100101 Firefox/72.0"
185.191.171.15 - - [09/Oct/2022:10:48:37 +0200] "GET /-p-10120.html?action=add_product HTTP/1.0" 302 476 "-" "Mozilla/5.0 (compatible; SemrushBot/7~bl; +http://www.semrush.com/bot.html)"
185.191.171.25 - - [09/Oct/2022:10:49:03 +0200] "GET /egyptian-hathor-statue-resin-p-50137.html?action=add_product HTTP/1.0" 302 476 "-" "Mozilla/5.0 (compatible; SemrushBot/7~bl; +http://www.semrush.com/bot.html)"
185.191.171.10 - - [09/Oct/2022:10:49:15 +0200] "GET /induction-charger-alarm-clock-p-58211.html?action=add_product HTTP/1.0" 302 476 "-" "Mozilla/5.0 (compatible; SemrushBot/7~bl; +http://www.semrush.com/bot.html)"
185.191.171.26 - - [09/Oct/2022:10:49:18 +0200] "GET /decorative-statuette-mother-monkey-baby-p-58667.html?action=add_product HTTP/1.0" 302 476 "-" "Mozilla/5.0 (compatible; SemrushBot/7~bl; +http://www.semrush.com/bot.html)"
185.191.171.11 - - [09/Oct/2022:10:49:19 +0200] "GET /aquarius-mousepad-cbkreation-p-43312.html?action=add_product HTTP/1.0" 302 476 "-" "Mozilla/5.0 (compatible; SemrushBot/7~bl; +http://www.semrush.com/bot.html)"
54.36.148.17 - - [09/Oct/2022:10:49:20 +0200] "GET /placemat-exotique-p-53601.html HTTP/1.0" 200 75416 "-" "Mozilla/5.0 (compatible; AhrefsBot/7.0; +http://ahrefs.com/robot/)"
185.191.171.24 - - [09/Oct/2022:10:49:21 +0200] "GET /keith-haring-tote-p-39089.html?action=add_product HTTP/1.0" 302 476 "-" "Mozilla/5.0 (compatible; SemrushBot/7~bl; +http://www.semrush.com/bot.html)"
185.191.171.43 - - [09/Oct/2022:10:49:24 +0200] "GET /ceramic-table-lamp-silver-p-55539.html?action=add_product HTTP/1.0" 302 476 "-" "Mozilla/5.0 (compatible; SemrushBot/7~bl; +http://www.semrush.com/bot.html)"
185.191.171.25 - - [09/Oct/2022:10:49:25 +0200] "GET /lama-mania-cups-espresso-p-53414.html?action=add_product HTTP/1.0" 302 476 "-" "Mozilla/5.0 (compatible; SemrushBot/7~bl; +http://www.semrush.com/bot.html)"
185.191.171.24 - - [09/Oct/2022:10:49:31 +0200] "GET /harley-davidson-small-metal-plate-p-29713.html?action=add_product HTTP/1.0" 302 476 "-" "Mozilla/5.0 (compatible; SemrushBot/7~bl; +http://www.semrush.com/bot.html)"
185.191.171.10 - - [09/Oct/2022:10:49:41 +0200] "GET /york-yankees-blue-wallet-p-11579.html?action=add_product HTTP/1.0" 302 476 "-" "Mozilla/5.0 (compatible; SemrushBot/7~bl; +http://www.semrush.com/bot.html)"
185.191.171.5 - - [09/Oct/2022:10:49:47 +0200] "GET /round-carpet-90-cm-p-48041.html HTTP/1.0" 301 72377 "-" "Mozilla/5.0 (compatible; SemrushBot/7~bl; +http://www.semrush.com/bot.html)"
185.191.171.8 - - [09/Oct/2022:10:49:51 +0200] "GET /round-carpet-p-48041.html HTTP/1.0" 200 72298 "-" "Mozilla/5.0 (compatible; SemrushBot/7~bl; +http://www.semrush.com/bot.html)"
185.191.171.39 - - [09/Oct/2022:10:49:56 +0200] "GET /espresso-love-p-46258.html?action=add_product HTTP/1.0" 302 476 "-" "Mozilla/5.0 (compatible; SemrushBot/7~bl; +http://www.semrush.com/bot.html)"
185.191.171.9 - - [09/Oct/2022:10:49:58 +0200] "GET /marble-look-decorative-adhesive-p-58312.html?action=add_product HTTP/1.0" 302 476 "-" "Mozilla/5.0 (compatible; SemrushBot/7~bl; +http://www.semrush.com/bot.html)"
66.249.64.244 - - [09/Oct/2022:10:50:13 +0200] "GET /candy-cloud-pencil-case-dasha-p-49845.html HTTP/1.0" 200 74954 "-" "Mozilla/5.0 (compatible; Googlebot/2.1; +http://www.google.com/bot.html)"
185.191.171.26 - - [09/Oct/2022:10:50:19 +0200] "GET /unicorn-nightlight-p-48723.html HTTP/1.0" 200 76068 "-" "Mozilla/5.0 (compatible; SemrushBot/7~bl; +http://www.semrush.com/bot.html)"
185.191.171.20 - - [09/Oct/2022:10:50:33 +0200] "GET /sugar-bowl-jade-porcelain-p-54934.html?action=add_product HTTP/1.0" 302 476 "-" "Mozilla/5.0 (compatible; SemrushBot/7~bl; +http://www.semrush.com/bot.html)"
185.191.171.3 - - [09/Oct/2022:10:50:39 +0200] "GET /cotton-bath-grey-p-48776.html HTTP/1.0" 301 72315 "-" "Mozilla/5.0 (compatible; SemrushBot/7~bl; +http://www.semrush.com/bot.html)"
185.191.171.3 - - [09/Oct/2022:10:50:47 +0200] "GET /world-metal-clock-p-47947.html HTTP/1.0" 200 72326 "-" "Mozilla/5.0 (compatible; SemrushBot/7~bl; +http://www.semrush.com/bot.html)"
173.252.83.9 - - [09/Oct/2022:10:51:00 +0200] "GET /images/mini_prod/7601019993838.jpg HTTP/1.0" 200 269 "-" "facebookexternalhit/1.1 (+http://www.facebook.com/externalhit_uatext.php)"
185.191.171.6 - - [09/Oct/2022:10:51:02 +0200] "GET /dubout-cats-pill-box-p-32227.html HTTP/1.0" 301 75078 "-" "Mozilla/5.0 (compatible; SemrushBot/7~bl; +http://www.semrush.com/bot.html)"
185.191.171.34 - - [09/Oct/2022:10:51:05 +0200] "GET /dubout-cats-pill-p-32227.html HTTP/1.0" 200 74995 "-" "Mozilla/5.0 (compatible; SemrushBot/7~bl; +http://www.semrush.com/bot.html)"
185.191.171.23 - - [09/Oct/2022:10:51:10 +0200] "GET /cats-ground-sheet-p-52148.html?action=add_product HTTP/1.0" 302 476 "-" "Mozilla/5.0 (compatible; SemrushBot/7~bl; +http://www.semrush.com/bot.html)"
185.191.171.7 - - [09/Oct/2022:10:51:12 +0200] "GET /decorative-thermometer-metal-corsica-p-43597.html?action=add_product HTTP/1.0" 302 476 "-" "Mozilla/5.0 (compatible; SemrushBot/7~bl; +http://www.semrush.com/bot.html)"
54.36.148.18 - - [09/Oct/2022:10:51:14 +0200] "GET /armillary-globe-decoration-p-53924.html HTTP/1.0" 200 74968 "-" "Mozilla/5.0 (compatible; AhrefsBot/7.0; +http://ahrefs.com/robot/)"
43.152.67.140 - - [09/Oct/2022:10:51:18 +0200] "GET /images/mini_prod/8435333853276.jpg HTTP/1.0" 200 269 "-" "Mozilla/5.0 (Macintoosh; Intel Mac OS X 10_14_68) AppleWebKit/538.36 (KHTML, like Gecko) Chrome/76.0.3904.97 Safari/537.36"
51.68.224.127 - - [09/Oct/2022:10:51:45 +0200] "GET /adminweb/export_orders_xml.php?token=256de2z6edz6ed2z6DFSFsed2zed6zeDSFDSGdzedezfzf&maxorders=10&orderstart=1&status=14&start_date=2018-10-01 HTTP/1.0" 200 285 "-" "GesCom CharlotteBoutik Serveur"
51.68.224.127 - - [09/Oct/2022:10:51:45 +0200] "GET /adminweb/export_orders_xml.php?token=256de2z6edz6ed2z6DFSFsed2zed6zeDSFDSGdzedezfzf&maxorders=10&orderstart=1&status=6&start_date=2018-10-01 HTTP/1.0" 200 33985 "-" "GesCom CharlotteBoutik Serveur"
77.88.5.245 - - [09/Oct/2022:10:51:59 +0200] "GET /images/4029811326181.jpg HTTP/1.0" 200 259 "-" "Mozilla/5.0 (compatible; YandexImages/3.0; +http://yandex.com/bots)"
66.249.64.246 - - [09/Oct/2022:10:52:04 +0200] "GET /pencil-case-c-31_75.html?page=4 HTTP/1.0" 200 96564 "-" "Mozilla/5.0 (Linux; Android 6.0.1; Nexus 5X Build/MMB29P) AppleWebKit/537.36 (KHTML, like Gecko) Chrome/105.0.5195.125 Mobile Safari/537.36 (compatible; Googlebot/2.1; +http://www.google.com/bot.html)"
66.249.64.242 - - [09/Oct/2022:10:52:15 +0200] "GET /game-of-thrones-mug-p-26015.html HTTP/1.0" 301 74948 "-" "Mozilla/5.0 (Linux; Android 6.0.1; Nexus 5X Build/MMB29P) AppleWebKit/537.36 (KHTML, like Gecko) Chrome/106.0.5249.103 Mobile Safari/537.36 (compatible; Googlebot/2.1; +http://www.google.com/bot.html)"
66.249.64.244 - - [09/Oct/2022:10:52:17 +0200] "GET /game-thrones-p-26015.html HTTP/1.0" 200 74869 "-" "Mozilla/5.0 (Linux; Android 6.0.1; Nexus 5X Build/MMB29P) AppleWebKit/537.36 (KHTML, like Gecko) Chrome/106.0.5249.103 Mobile Safari/537.36 (compatible; Googlebot/2.1; +http://www.google.com/bot.html)"
163.220.128.41 - - [09/Oct/2022:10:52:21 +0200] "GET /images/mini_prod/1384010203705NN.jpg HTTP/1.0" 200 271 "-" "Mozilla/5.0 (X11; Ubuntu; Linux x86_64; rv:72.0) Gecko/20100101 Firefox/72.0"
185.191.171.8 - - [09/Oct/2022:10:52:48 +0200] "GET /saint-michael-salt-lamp-approx-p-56836.html?action=add_product HTTP/1.0" 302 476 "-" "Mozilla/5.0 (compatible; SemrushBot/7~bl; +http://www.semrush.com/bot.html)"
185.191.171.39 - - [09/Oct/2022:10:52:59 +0200] "GET /wooden-box-for-10-watches-p-31736.html HTTP/1.0" 301 72315 "-" "Mozilla/5.0 (compatible; SemrushBot/7~bl; +http://www.semrush.com/bot.html)"
185.191.171.8 - - [09/Oct/2022:10:53:03 +0200] "GET /-p-31736.html HTTP/1.0" 200 72248 "-" "Mozilla/5.0 (compatible; SemrushBot/7~bl; +http://www.semrush.com/bot.html)"
185.191.171.4 - - [09/Oct/2022:10:53:06 +0200] "GET /scent-cup-heart-and-home-guardian-angel-p-51066.html HTTP/1.0" 301 75385 "-" "Mozilla/5.0 (compatible; SemrushBot/7~bl; +http://www.semrush.com/bot.html)"
185.191.171.15 - - [09/Oct/2022:10:53:09 +0200] "GET /scent-heart-home-guardian-angel-p-51066.html HTTP/1.0" 200 75287 "-" "Mozilla/5.0 (compatible; SemrushBot/7~bl; +http://www.semrush.com/bot.html)"
17.121.113.78 - - [09/Oct/2022:10:53:19 +0200] "GET /images/045544427869.jpg HTTP/1.0" 200 258 "-" "Mozilla/5.0 (Macintosh; Intel Mac OS X 10_15_5) AppleWebKit/605.1.15 (KHTML, like Gecko) Version/13.1.1 Safari/605.1.15 (Applebot/0.1; +http://www.apple.com/go/applebot)"
185.191.171.42 - - [09/Oct/2022:10:53:19 +0200] "GET /pepe-jeans-gray-small-shoulder-p-35986.html HTTP/1.0" 200 75318 "-" "Mozilla/5.0 (compatible; SemrushBot/7~bl; +http://www.semrush.com/bot.html)"
54.36.148.148 - - [09/Oct/2022:10:53:25 +0200] "GET /harley-davidson-large-metal-plate-deco-p-38395.html HTTP/1.0" 200 75045 "-" "Mozilla/5.0 (compatible; AhrefsBot/7.0; +http://ahrefs.com/robot/)"
185.191.171.13 - - [09/Oct/2022:10:53:31 +0200] "GET /glass-cutting-board-cbkreation-p-51304.html?action=add_product HTTP/1.0" 302 476 "-" "Mozilla/5.0 (compatible; SemrushBot/7~bl; +http://www.semrush.com/bot.html)"
185.191.171.44 - - [09/Oct/2022:10:53:33 +0200] "GET /disney-princess-aurora-jacket-p-31248.html?action=add_product HTTP/1.0" 302 476 "-" "Mozilla/5.0 (compatible; SemrushBot/7~bl; +http://www.semrush.com/bot.html)"
185.191.171.4 - - [09/Oct/2022:10:53:35 +0200] "GET /kiub-collection-cats-cool-p-57957.html?action=add_product HTTP/1.0" 302 476 "-" "Mozilla/5.0 (compatible; SemrushBot/7~bl; +http://www.semrush.com/bot.html)"
66.249.64.242 - - [09/Oct/2022:10:53:42 +0200] "GET /images/big_prod_1/PPMTINOb.jpg HTTP/1.0" 200 265 "-" "Googlebot-Image/1.0"
185.191.171.10 - - [09/Oct/2022:10:53:43 +0200] "GET /fitted-sheet-cotton-percale-threads-p-43834.html?action=add_product HTTP/1.0" 302 476 "-" "Mozilla/5.0 (compatible; SemrushBot/7~bl; +http://www.semrush.com/bot.html)"
185.191.171.16 - - [09/Oct/2022:10:53:56 +0200] "GET /-p-36622.html?action=add_product HTTP/1.0" 302 476 "-" "Mozilla/5.0 (compatible; SemrushBot/7~bl; +http://www.semrush.com/bot.html)"
185.191.171.23 - - [09/Oct/2022:10:54:12 +0200] "GET /gekoa-and-sun-set-salt-and-pepper-p-37400.html HTTP/1.0" 301 75160 "-" "Mozilla/5.0 (compatible; SemrushBot/7~bl; +http://www.semrush.com/bot.html)"
185.191.171.35 - - [09/Oct/2022:10:54:15 +0200] "GET /gekoa-salt-pepper-p-37400.html HTTP/1.0" 200 75076 "-" "Mozilla/5.0 (compatible; SemrushBot/7~bl; +http://www.semrush.com/bot.html)"
185.191.171.9 - - [09/Oct/2022:10:54:18 +0200] "GET /glitter-adhesive-roll-parma-p-52235.html?action=add_product HTTP/1.0" 302 476 "-" "Mozilla/5.0 (compatible; SemrushBot/7~bl; +http://www.semrush.com/bot.html)"
185.191.171.39 - - [09/Oct/2022:10:54:26 +0200] "GET /-p-25248.html?action=add_product HTTP/1.0" 302 476 "-" "Mozilla/5.0 (compatible; SemrushBot/7~bl; +http://www.semrush.com/bot.html)"
185.191.171.22 - - [09/Oct/2022:10:54:29 +0200] "GET /selenite-pyramid-cm-p-46311.html HTTP/1.0" 301 75144 "-" "Mozilla/5.0 (compatible; SemrushBot/7~bl; +http://www.semrush.com/bot.html)"
185.191.171.9 - - [09/Oct/2022:10:54:33 +0200] "GET /selenite-pyramid-p-46311.html HTTP/1.0" 200 75061 "-" "Mozilla/5.0 (compatible; SemrushBot/7~bl; +http://www.semrush.com/bot.html)"
185.191.171.33 - - [09/Oct/2022:10:54:37 +0200] "GET /golfer-statuette-p-51566.html?action=add_product HTTP/1.0" 302 476 "-" "Mozilla/5.0 (compatible; SemrushBot/7~bl; +http://www.semrush.com/bot.html)"
185.191.171.22 - - [09/Oct/2022:10:55:03 +0200] "GET /tea-towels-napkins-c-11_177.html?page=6 HTTP/1.0" 301 93446 "-" "Mozilla/5.0 (compatible; SemrushBot/7~bl; +http://www.semrush.com/bot.html)"
185.191.171.17 - - [09/Oct/2022:10:55:06 +0200] "GET /rectangulary-cushion-cbkreation-p-41915.html?action=add_product HTTP/1.0" 301 476 "-" "Mozilla/5.0 (compatible; SemrushBot/7~bl; +http://www.semrush.com/bot.html)"
185.191.171.41 - - [09/Oct/2022:10:55:08 +0200] "GET /horse-kooks-saucer-p-59039.html?action=add_product HTTP/1.0" 302 476 "-" "Mozilla/5.0 (compatible; SemrushBot/7~bl; +http://www.semrush.com/bot.html)"
185.191.171.43 - - [09/Oct/2022:10:55:09 +0200] "GET /towels-napkins-c-177.html?page=6 HTTP/1.0" 301 93327 "-" "Mozilla/5.0 (compatible; SemrushBot/7~bl; +http://www.semrush.com/bot.html)"
185.191.171.12 - - [09/Oct/2022:10:55:12 +0200] "GET /towels-napkins-c-11_177.html?page=6 HTTP/1.0" 200 93360 "-" "Mozilla/5.0 (compatible; SemrushBot/7~bl; +http://www.semrush.com/bot.html)"
185.191.171.6 - - [09/Oct/2022:10:55:20 +0200] "GET /the-ballerina-statue-collection-p-38562.html HTTP/1.0" 301 75091 "-" "Mozilla/5.0 (compatible; SemrushBot/7~bl; +http://www.semrush.com/bot.html)"
24.177.104.168 - - [09/Oct/2022:10:55:27 +0200] "GET /images/mini_prod/5018997621721.jpg HTTP/1.0" 200 269 "-" "Mozilla/5.0 (X11; Ubuntu; Linux x86_64; rv:72.0) Gecko/20100101 Firefox/72.0"
185.191.171.7 - - [09/Oct/2022:10:55:25 +0200] "GET /flowers-porcelain-lighting-p-38249.html?action=add_product HTTP/1.0" 302 476 "-" "Mozilla/5.0 (compatible; SemrushBot/7~bl; +http://www.semrush.com/bot.html)"
185.191.171.19 - - [09/Oct/2022:10:55:29 +0200] "GET /new-york-set-of-12-magnets-p-32902.html HTTP/1.0" 301 72315 "-" "Mozilla/5.0 (compatible; SemrushBot/7~bl; +http://www.semrush.com/bot.html)"
185.191.171.36 - - [09/Oct/2022:10:55:31 +0200] "GET /-p-32902.html HTTP/1.0" 200 72248 "-" "Mozilla/5.0 (compatible; SemrushBot/7~bl; +http://www.semrush.com/bot.html)"
185.191.171.21 - - [09/Oct/2022:10:55:34 +0200] "GET /ballerina-statue-collection-p-38562.html HTTP/1.0" 200 74997 "-" "Mozilla/5.0 (compatible; SemrushBot/7~bl; +http://www.semrush.com/bot.html)"
54.36.149.101 - - [09/Oct/2022:10:55:37 +0200] "GET /oggun-resin-figure-p-40231.html HTTP/1.0" 200 74972 "-" "Mozilla/5.0 (compatible; AhrefsBot/7.0; +http://ahrefs.com/robot/)"
66.249.64.242 - - [09/Oct/2022:10:56:42 +0200] "GET /images/big_prod/3520071589060.jpg HTTP/1.0" 200 268 "-" "Googlebot-Image/1.0"
185.191.171.7 - - [09/Oct/2022:10:57:01 +0200] "GET /zippo-harley-davidson-lighter-belt-case-p-13408.html?action=add_product HTTP/1.0" 302 476 "-" "Mozilla/5.0 (compatible; SemrushBot/7~bl; +http://www.semrush.com/bot.html)"
185.191.171.23 - - [09/Oct/2022:10:57:09 +0200] "GET /stop-sign-metal-plate-deco-p-35654.html HTTP/1.0" 200 74928 "-" "Mozilla/5.0 (compatible; SemrushBot/7~bl; +http://www.semrush.com/bot.html)"
185.191.171.36 - - [09/Oct/2022:10:57:12 +0200] "GET /miss-bad-photo-frame-p-5145.html HTTP/1.0" 301 74982 "-" "Mozilla/5.0 (compatible; SemrushBot/7~bl; +http://www.semrush.com/bot.html)"
185.191.171.24 - - [09/Oct/2022:10:57:15 +0200] "GET /miss-photo-frame-p-5145.html HTTP/1.0" 200 74900 "-" "Mozilla/5.0 (compatible; SemrushBot/7~bl; +http://www.semrush.com/bot.html)"
185.191.171.25 - - [09/Oct/2022:10:57:23 +0200] "GET /glass-ceramic-hermetic-p-41245.html?action=add_product HTTP/1.0" 302 476 "-" "Mozilla/5.0 (compatible; SemrushBot/7~bl; +http://www.semrush.com/bot.html)"
66.249.64.242 - - [09/Oct/2022:10:57:31 +0200] "GET /jack-russel-fine-bone-china-p-58529.html HTTP/1.0" 200 75680 "-" "Mozilla/5.0 (compatible; Googlebot/2.1; +http://www.google.com/bot.html)"
185.191.171.34 - - [09/Oct/2022:10:57:38 +0200] "GET /hanging-iron-structure-tortoise-brown-p-40257.html?action=add_product HTTP/1.0" 302 476 "-" "Mozilla/5.0 (compatible; SemrushBot/7~bl; +http://www.semrush.com/bot.html)"
66.249.64.242 - - [09/Oct/2022:10:57:39 +0200] "GET /eraser-friction-vehicle-monster-cars-p-34275.html HTTP/1.0" 200 83384 "-" "Mozilla/5.0 (compatible; Googlebot/2.1; +http://www.google.com/bot.html)"
163.220.128.41 - - [09/Oct/2022:10:57:45 +0200] "GET /images/mini_prod/1384010203460.jpg HTTP/1.0" 200 269 "-" "Mozilla/5.0 (X11; Ubuntu; Linux x86_64; rv:72.0) Gecko/20100101 Firefox/72.0"
185.191.171.23 - - [09/Oct/2022:10:57:46 +0200] "GET /cylindrical-lampshade-white-p-59076.html HTTP/1.0" 200 75793 "-" "Mozilla/5.0 (compatible; SemrushBot/7~bl; +http://www.semrush.com/bot.html)"
185.191.171.6 - - [09/Oct/2022:10:57:49 +0200] "GET /alarm-clock-gorjuss-moon-buttons-p-53968.html?action=add_product HTTP/1.0" 302 476 "-" "Mozilla/5.0 (compatible; SemrushBot/7~bl; +http://www.semrush.com/bot.html)"
185.191.171.40 - - [09/Oct/2022:10:57:54 +0200] "GET /panda-tray-paris-p-45561.html?action=add_product HTTP/1.0" 302 476 "-" "Mozilla/5.0 (compatible; SemrushBot/7~bl; +http://www.semrush.com/bot.html)"
185.191.171.5 - - [09/Oct/2022:10:58:15 +0200] "GET /retro-dragonfly-flask-parma-p-50224.html HTTP/1.0" 200 72334 "-" "Mozilla/5.0 (compatible; SemrushBot/7~bl; +http://www.semrush.com/bot.html)"
185.191.171.17 - - [09/Oct/2022:10:58:33 +0200] "GET /rhinoceros-plant-p-54316.html?action=add_product HTTP/1.0" 302 476 "-" "Mozilla/5.0 (compatible; SemrushBot/7~bl; +http://www.semrush.com/bot.html)"
185.191.171.45 - - [09/Oct/2022:10:58:36 +0200] "GET /cotton-floor-cushion-coventry-45-cm-p-51656.html HTTP/1.0" 301 72315 "-" "Mozilla/5.0 (compatible; SemrushBot/7~bl; +http://www.semrush.com/bot.html)"
185.191.171.4 - - [09/Oct/2022:10:58:39 +0200] "GET /london-mini-tray-p-25013.html?action=add_product HTTP/1.0" 302 476 "-" "Mozilla/5.0 (compatible; SemrushBot/7~bl; +http://www.semrush.com/bot.html)"
185.191.171.6 - - [09/Oct/2022:10:58:41 +0200] "GET /-p-51656.html HTTP/1.0" 200 72248 "-" "Mozilla/5.0 (compatible; SemrushBot/7~bl; +http://www.semrush.com/bot.html)"
185.191.171.19 - - [09/Oct/2022:10:58:44 +0200] "GET /atlantique-rtro-malle-p-45882.html?action=add_product HTTP/1.0" 302 476 "-" "Mozilla/5.0 (compatible; SemrushBot/7~bl; +http://www.semrush.com/bot.html)"
185.191.171.19 - - [09/Oct/2022:10:58:51 +0200] "GET /adhesive-roll-velvet-pattern-p-55804.html?action=add_product HTTP/1.0" 302 476 "-" "Mozilla/5.0 (compatible; SemrushBot/7~bl; +http://www.semrush.com/bot.html)"
185.191.171.44 - - [09/Oct/2022:10:59:09 +0200] "GET /aspect-mandala-coasters-orange-p-54063.html?action=add_product HTTP/1.0" 302 476 "-" "Mozilla/5.0 (compatible; SemrushBot/7~bl; +http://www.semrush.com/bot.html)"
185.191.171.45 - - [09/Oct/2022:10:59:22 +0200] "GET /bowl-grinning-green-made-germany-p-52578.html?action=add_product HTTP/1.0" 302 476 "-" "Mozilla/5.0 (compatible; SemrushBot/7~bl; +http://www.semrush.com/bot.html)"
185.191.171.12 - - [09/Oct/2022:10:59:41 +0200] "GET /wicker-basket-p-44998.html?action=add_product HTTP/1.0" 302 476 "-" "Mozilla/5.0 (compatible; SemrushBot/7~bl; +http://www.semrush.com/bot.html)"
185.191.171.6 - - [09/Oct/2022:10:59:43 +0200] "GET /feathers-chime-bells-p-42076.html?action=add_product HTTP/1.0" 302 476 "-" "Mozilla/5.0 (compatible; SemrushBot/7~bl; +http://www.semrush.com/bot.html)"
185.191.171.33 - - [09/Oct/2022:10:59:47 +0200] "GET /peux-rsister-tout-sauf-tentation-clock-p-41554.html?action=add_product HTTP/1.0" 302 476 "-" "Mozilla/5.0 (compatible; SemrushBot/7~bl; +http://www.semrush.com/bot.html)"
54.36.148.120 - - [09/Oct/2022:10:59:50 +0200] "GET /tinker-bell-large-expandable-backpack-p-19681.html?action=add_product HTTP/1.0" 302 476 "-" "Mozilla/5.0 (compatible; AhrefsBot/7.0; +http://ahrefs.com/robot/)"
54.36.148.68 - - [09/Oct/2022:11:00:06 +0200] "GET /tread-metal-plate-deco-p-41077.html HTTP/1.0" 200 74999 "-" "Mozilla/5.0 (compatible; AhrefsBot/7.0; +http://ahrefs.com/robot/)"
66.249.64.242 - - [09/Oct/2022:11:00:13 +0200] "GET /images/big_prod/3503420109072.jpg HTTP/1.0" 200 268 "-" "Googlebot-Image/1.0"
66.249.64.242 - - [09/Oct/2022:11:00:15 +0200] "GET /images/big_prod_1/3453131147897.jpg HTTP/1.0" 200 270 "-" "Googlebot-Image/1.0"
185.191.171.25 - - [09/Oct/2022:11:00:33 +0200] "GET /monkey-candle-holder-model-p-46772.html?action=add_product HTTP/1.0" 302 476 "-" "Mozilla/5.0 (compatible; SemrushBot/7~bl; +http://www.semrush.com/bot.html)"
192.144.201.5 - - [09/Oct/2022:11:00:44 +0200] "GET /images/mini_prod/8433933189672.jpg HTTP/1.0" 200 269 "-" "python-requests/2.27.1"
185.191.171.18 - - [09/Oct/2022:11:01:18 +0200] "GET /-p-40022.html?action=add_product HTTP/1.0" 302 476 "-" "Mozilla/5.0 (compatible; SemrushBot/7~bl; +http://www.semrush.com/bot.html)"
185.191.171.44 - - [09/Oct/2022:11:01:20 +0200] "GET /sandstone-flower-p-50812.html?action=add_product HTTP/1.0" 302 476 "-" "Mozilla/5.0 (compatible; SemrushBot/7~bl; +http://www.semrush.com/bot.html)"
66.249.64.242 - - [09/Oct/2022:11:01:29 +0200] "GET /images/big_prod/3503420203671.jpg HTTP/1.0" 200 268 "-" "Googlebot-Image/1.0"
185.191.171.38 - - [09/Oct/2022:11:01:30 +0200] "GET /star-wars-kylo-large-backpack-p-35539.html?action=add_product HTTP/1.0" 302 476 "-" "Mozilla/5.0 (compatible; SemrushBot/7~bl; +http://www.semrush.com/bot.html)"
185.191.171.12 - - [09/Oct/2022:11:01:37 +0200] "GET /eeyore-figure-collection-britto-p-34384.html?action=add_product HTTP/1.0" 302 476 "-" "Mozilla/5.0 (compatible; SemrushBot/7~bl; +http://www.semrush.com/bot.html)"
152.136.123.61 - - [09/Oct/2022:11:01:48 +0200] "GET /images/mini_prod/1384010202807.jpg HTTP/1.0" 200 269 "-" "python-requests/2.27.1"
185.191.171.12 - - [09/Oct/2022:11:01:52 +0200] "GET /small-metallic-box-retro-95-55-21-cm-tuna-p-38913.html HTTP/1.0" 301 72466 "-" "Mozilla/5.0 (compatible; SemrushBot/7~bl; +http://www.semrush.com/bot.html)"
185.191.171.37 - - [09/Oct/2022:11:01:55 +0200] "GET /psg-ashtray-p-40135.html HTTP/1.0" 301 72348 "-" "Mozilla/5.0 (compatible; SemrushBot/7~bl; +http://www.semrush.com/bot.html)"
185.191.171.40 - - [09/Oct/2022:11:01:58 +0200] "GET /ashtray-p-40135.html HTTP/1.0" 200 72274 "-" "Mozilla/5.0 (compatible; SemrushBot/7~bl; +http://www.semrush.com/bot.html)"
185.191.171.43 - - [09/Oct/2022:11:02:01 +0200] "GET /small-metallic-retro-tuna-p-38913.html HTTP/1.0" 200 72374 "-" "Mozilla/5.0 (compatible; SemrushBot/7~bl; +http://www.semrush.com/bot.html)"
185.191.171.5 - - [09/Oct/2022:11:02:10 +0200] "GET /mickey-club-house-rainwear-years-p-44013.html?action=add_product HTTP/1.0" 302 476 "-" "Mozilla/5.0 (compatible; SemrushBot/7~bl; +http://www.semrush.com/bot.html)"
192.144.201.5 - - [09/Oct/2022:11:02:20 +0200] "GET /images/mini_prod/1384010206102.jpg HTTP/1.0" 200 269 "-" "python-requests/2.27.1"
185.191.171.18 - - [09/Oct/2022:11:02:27 +0200] "GET /flower-bowl-model-p-49589.html?action=add_product HTTP/1.0" 301 476 "-" "Mozilla/5.0 (compatible; SemrushBot/7~bl; +http://www.semrush.com/bot.html)"
185.191.171.21 - - [09/Oct/2022:11:02:29 +0200] "GET /fitted-sheet-color-dark-grey-p-38890.html?action=add_product HTTP/1.0" 302 476 "-" "Mozilla/5.0 (compatible; SemrushBot/7~bl; +http://www.semrush.com/bot.html)"
54.36.148.162 - - [09/Oct/2022:11:02:38 +0200] "GET /mini-figurine-britto-p-44393.html HTTP/1.0" 200 72336 "-" "Mozilla/5.0 (compatible; AhrefsBot/7.0; +http://ahrefs.com/robot/)"
185.191.171.4 - - [09/Oct/2022:11:02:41 +0200] "GET /cotton-floor-cushion-louison-p-51658.html?action=add_product HTTP/1.0" 302 476 "-" "Mozilla/5.0 (compatible; SemrushBot/7~bl; +http://www.semrush.com/bot.html)"
192.144.201.5 - - [09/Oct/2022:11:02:42 +0200] "GET /images/mini_prod/3565750148312.jpg HTTP/1.0" 200 269 "-" "python-requests/2.27.1"
185.191.171.39 - - [09/Oct/2022:11:02:48 +0200] "GET /paperweight-mild-tension-kandinsky-p-53521.html HTTP/1.0" 200 76338 "-" "Mozilla/5.0 (compatible; SemrushBot/7~bl; +http://www.semrush.com/bot.html)"
216.244.66.242 - - [09/Oct/2022:11:02:55 +0200] "GET /robots.txt HTTP/1.0" 200 245 "-" "Mozilla/5.0 (compatible; DotBot/1.2; +https://opensiteexplorer.org/dotbot; help@moz.com)"
185.191.171.23 - - [09/Oct/2022:11:02:57 +0200] "GET /cuba-mouse-pad-by-cbkreation-p-29813.html HTTP/1.0" 301 75002 "-" "Mozilla/5.0 (compatible; SemrushBot/7~bl; +http://www.semrush.com/bot.html)"
185.191.171.8 - - [09/Oct/2022:11:03:01 +0200] "GET /cheshire-figure-britto-p-44594.html?action=add_product HTTP/1.0" 302 476 "-" "Mozilla/5.0 (compatible; SemrushBot/7~bl; +http://www.semrush.com/bot.html)"
185.191.171.19 - - [09/Oct/2022:11:03:03 +0200] "GET /water-gun-sam-the-fireman-p-36983.html HTTP/1.0" 301 72315 "-" "Mozilla/5.0 (compatible; SemrushBot/7~bl; +http://www.semrush.com/bot.html)"
152.136.123.61 - - [09/Oct/2022:11:03:05 +0200] "GET /images/mini_prod/8003990595459.jpg HTTP/1.0" 200 269 "-" "python-requests/2.27.1"
185.191.171.4 - - [09/Oct/2022:11:03:06 +0200] "GET /-p-36983.html HTTP/1.0" 200 72248 "-" "Mozilla/5.0 (compatible; SemrushBot/7~bl; +http://www.semrush.com/bot.html)"
185.191.171.7 - - [09/Oct/2022:11:03:09 +0200] "GET /cuba-mouse-cbkreation-p-29813.html HTTP/1.0" 200 74914 "-" "Mozilla/5.0 (compatible; SemrushBot/7~bl; +http://www.semrush.com/bot.html)"
173.252.83.15 - - [09/Oct/2022:11:03:11 +0200] "GET /images/mini_prod/3442440259261.jpg HTTP/1.0" 200 269 "-" "facebookexternalhit/1.1 (+http://www.facebook.com/externalhit_uatext.php)"
66.249.64.246 - - [09/Oct/2022:11:03:12 +0200] "GET /masha-and-bear-doll-and-his-sled-13-cm-p-36999.html HTTP/1.0" 301 75697 "-" "Mozilla/5.0 (Linux; Android 6.0.1; Nexus 5X Build/MMB29P) AppleWebKit/537.36 (KHTML, like Gecko) Chrome/105.0.5195.125 Mobile Safari/537.36 (compatible; Googlebot/2.1; +http://www.google.com/bot.html)"
66.249.64.244 - - [09/Oct/2022:11:03:13 +0200] "GET /masha-bear-doll-sled-p-36999.html HTTP/1.0" 200 75610 "-" "Mozilla/5.0 (Linux; Android 6.0.1; Nexus 5X Build/MMB29P) AppleWebKit/537.36 (KHTML, like Gecko) Chrome/105.0.5195.125 Mobile Safari/537.36 (compatible; Googlebot/2.1; +http://www.google.com/bot.html)"
185.191.171.33 - - [09/Oct/2022:11:03:42 +0200] "GET /bracelet-chakra-with-flower-of-life-elastic-p-48667.html HTTP/1.0" 301 75285 "-" "Mozilla/5.0 (compatible; SemrushBot/7~bl; +http://www.semrush.com/bot.html)"
185.191.171.18 - - [09/Oct/2022:11:03:45 +0200] "GET /bracelet-chakra-with-flower-life-elastic-p-48667.html HTTP/1.0" 200 75178 "-" "Mozilla/5.0 (compatible; SemrushBot/7~bl; +http://www.semrush.com/bot.html)"
185.191.171.14 - - [09/Oct/2022:11:04:00 +0200] "GET /robots.txt HTTP/1.0" 200 245 "-" "Mozilla/5.0 (compatible; SemrushBot/7~bl; +http://www.semrush.com/bot.html)"
185.191.171.2 - - [09/Oct/2022:11:04:01 +0200] "GET /buddha-statue-resin-57-cm-p-35326.html HTTP/1.0" 301 72412 "-" "Mozilla/5.0 (compatible; SemrushBot/7~bl; +http://www.semrush.com/bot.html)"
185.191.171.5 - - [09/Oct/2022:11:04:04 +0200] "GET /mini-magnetic-plate-rtro-home-wherever-with-p-34410.html?action=add_product HTTP/1.0" 302 476 "-" "Mozilla/5.0 (compatible; SemrushBot/7~bl; +http://www.semrush.com/bot.html)"
185.191.171.41 - - [09/Oct/2022:11:04:06 +0200] "GET /buddha-statue-resin-p-35326.html HTTP/1.0" 200 72326 "-" "Mozilla/5.0 (compatible; SemrushBot/7~bl; +http://www.semrush.com/bot.html)"
185.191.171.33 - - [09/Oct/2022:11:04:09 +0200] "GET /15-markers-miss-melody-p-33983.html HTTP/1.0" 301 72406 "-" "Mozilla/5.0 (compatible; SemrushBot/7~bl; +http://www.semrush.com/bot.html)"
185.191.171.19 - - [09/Oct/2022:11:04:12 +0200] "GET /markers-miss-melody-p-33983.html HTTP/1.0" 200 72320 "-" "Mozilla/5.0 (compatible; SemrushBot/7~bl; +http://www.semrush.com/bot.html)"
5.161.133.43 - - [09/Oct/2022:11:04:33 +0200] "GET /images/mini_prod/1399984284612.jpg HTTP/1.0" 200 269 "-" "Mozilla/5.0 (X11; Ubuntu; Linux x86_64; rv:72.0) Gecko/20100101 Firefox/72.0"
66.249.64.244 - - [09/Oct/2022:11:04:40 +0200] "GET /images/big_prod/1328399302604.jpg HTTP/1.0" 200 268 "-" "Googlebot-Image/1.0"
185.191.171.43 - - [09/Oct/2022:11:04:54 +0200] "GET /black-russian-dolls-cbkreation-p-18743.html HTTP/1.0" 200 74939 "-" "Mozilla/5.0 (compatible; SemrushBot/7~bl; +http://www.semrush.com/bot.html)"
185.191.171.40 - - [09/Oct/2022:11:05:12 +0200] "GET /buddha-canvas-frame-p-39966.html?action=add_product HTTP/1.0" 302 476 "-" "Mozilla/5.0 (compatible; SemrushBot/7~bl; +http://www.semrush.com/bot.html)"
54.36.148.140 - - [09/Oct/2022:11:05:13 +0200] "GET /strawberry-shortcake-years-p-22120.html HTTP/1.0" 200 75087 "-" "Mozilla/5.0 (compatible; AhrefsBot/7.0; +http://ahrefs.com/robot/)"
185.191.171.5 - - [09/Oct/2022:11:05:42 +0200] "GET /lisa-flower-pot-p-51545.html HTTP/1.0" 301 72315 "-" "Mozilla/5.0 (compatible; SemrushBot/7~bl; +http://www.semrush.com/bot.html)"
185.191.171.24 - - [09/Oct/2022:11:05:45 +0200] "GET /-p-51545.html HTTP/1.0" 200 72248 "-" "Mozilla/5.0 (compatible; SemrushBot/7~bl; +http://www.semrush.com/bot.html)"
185.191.171.24 - - [09/Oct/2022:11:05:51 +0200] "GET /-p-43138.html?action=add_product HTTP/1.0" 302 476 "-" "Mozilla/5.0 (compatible; SemrushBot/7~bl; +http://www.semrush.com/bot.html)"
185.191.171.21 - - [09/Oct/2022:11:05:53 +0200] "GET /mobile-bells-metal-elephants-p-41508.html?action=add_product HTTP/1.0" 302 476 "-" "Mozilla/5.0 (compatible; SemrushBot/7~bl; +http://www.semrush.com/bot.html)"
211.249.40.23 - - [09/Oct/2022:11:05:57 +0200] "GET /images/mini_prod/5036278052187.jpg HTTP/1.0" 200 269 "-" "Mozilla/5.0 (X11; Ubuntu; Linux x86_64; rv:72.0) Gecko/20100101 Firefox/72.0"
185.191.171.40 - - [09/Oct/2022:11:05:59 +0200] "GET /hello-kitty-camomilla-chocolate-houndstooth-cosmetic-p-16310.html?action=add_product HTTP/1.0" 302 476 "-" "Mozilla/5.0 (compatible; SemrushBot/7~bl; +http://www.semrush.com/bot.html)"
185.191.171.35 - - [09/Oct/2022:11:06:17 +0200] "GET /diddlina-purple-training-bottle-p-14294.html?action=add_product HTTP/1.0" 302 476 "-" "Mozilla/5.0 (compatible; SemrushBot/7~bl; +http://www.semrush.com/bot.html)"
185.191.171.40 - - [09/Oct/2022:11:06:27 +0200] "GET /flower-life-incense-stick-holder-p-53793.html?action=add_product HTTP/1.0" 302 476 "-" "Mozilla/5.0 (compatible; SemrushBot/7~bl; +http://www.semrush.com/bot.html)"
185.191.171.10 - - [09/Oct/2022:11:06:33 +0200] "GET /treasure-tibetan-lotuses-endless-knot-p-54962.html?action=add_product HTTP/1.0" 302 476 "-" "Mozilla/5.0 (compatible; SemrushBot/7~bl; +http://www.semrush.com/bot.html)"
185.191.171.38 - - [09/Oct/2022:11:06:34 +0200] "GET /rusty-metal-buddha-mobile-p-56718.html?action=add_product HTTP/1.0" 302 476 "-" "Mozilla/5.0 (compatible; SemrushBot/7~bl; +http://www.semrush.com/bot.html)"
185.191.171.16 - - [09/Oct/2022:11:06:47 +0200] "GET /maoi-candle-hours-p-48089.html?action=add_product HTTP/1.0" 302 476 "-" "Mozilla/5.0 (compatible; SemrushBot/7~bl; +http://www.semrush.com/bot.html)"
185.191.171.4 - - [09/Oct/2022:11:07:06 +0200] "GET /california-wooden-wall-decoration-hang-p-37231.html?action=add_product HTTP/1.0" 302 476 "-" "Mozilla/5.0 (compatible; SemrushBot/7~bl; +http://www.semrush.com/bot.html)"
185.191.171.13 - - [09/Oct/2022:11:07:14 +0200] "GET /freshener-heart-home-magnolia-blossom-p-40607.html?action=add_product HTTP/1.0" 302 476 "-" "Mozilla/5.0 (compatible; SemrushBot/7~bl; +http://www.semrush.com/bot.html)"
66.249.64.242 - - [09/Oct/2022:11:07:15 +0200] "GET /dogs-white-mug-p-49735.html HTTP/1.0" 301 75545 "-" "Mozilla/5.0 (Linux; Android 6.0.1; Nexus 5X Build/MMB29P) AppleWebKit/537.36 (KHTML, like Gecko) Chrome/106.0.5249.103 Mobile Safari/537.36 (compatible; Googlebot/2.1; +http://www.google.com/bot.html)"
185.191.171.43 - - [09/Oct/2022:11:07:16 +0200] "GET /stone-blue-calcite-grams-p-46553.html?action=add_product HTTP/1.0" 302 476 "-" "Mozilla/5.0 (compatible; SemrushBot/7~bl; +http://www.semrush.com/bot.html)"
66.249.64.242 - - [09/Oct/2022:11:07:17 +0200] "GET /dogs-white-p-49735.html HTTP/1.0" 200 75468 "-" "Mozilla/5.0 (Linux; Android 6.0.1; Nexus 5X Build/MMB29P) AppleWebKit/537.36 (KHTML, like Gecko) Chrome/106.0.5249.103 Mobile Safari/537.36 (compatible; Googlebot/2.1; +http://www.google.com/bot.html)"
54.36.148.84 - - [09/Oct/2022:11:07:20 +0200] "GET /resin-statue-little-monk-blue-dress-p-50199.html HTTP/1.0" 200 72384 "-" "Mozilla/5.0 (compatible; AhrefsBot/7.0; +http://ahrefs.com/robot/)"
185.191.171.20 - - [09/Oct/2022:11:07:40 +0200] "GET /-p-38305.html HTTP/1.0" 200 72248 "-" "Mozilla/5.0 (compatible; SemrushBot/7~bl; +http://www.semrush.com/bot.html)"
185.191.171.19 - - [09/Oct/2022:11:08:00 +0200] "GET /pencil-cbkreation-p-33816.html?action=add_product HTTP/1.0" 302 476 "-" "Mozilla/5.0 (compatible; SemrushBot/7~bl; +http://www.semrush.com/bot.html)"
51.68.224.127 - - [09/Oct/2022:11:08:11 +0200] "GET /adminweb/export_orders_xml.php?token=256de2z6edz6ed2z6DFSFsed2zed6zeDSFDSGdzedezfzf&maxorders=10&orderstart=1&status=14&start_date=2018-10-01 HTTP/1.0" 200 285 "-" "GesCom CharlotteBoutik Serveur"
51.68.224.127 - - [09/Oct/2022:11:08:11 +0200] "GET /adminweb/export_orders_xml.php?token=256de2z6edz6ed2z6DFSFsed2zed6zeDSFDSGdzedezfzf&maxorders=10&orderstart=1&status=6&start_date=2018-10-01 HTTP/1.0" 200 33985 "-" "GesCom CharlotteBoutik Serveur"
185.191.171.20 - - [09/Oct/2022:11:08:16 +0200] "GET /coasters-cbkreation-p-42924.html HTTP/1.0" 200 74871 "-" "Mozilla/5.0 (compatible; SemrushBot/7~bl; +http://www.semrush.com/bot.html)"
185.191.171.2 - - [09/Oct/2022:11:08:24 +0200] "GET /little-toiletry-bag-p-43382.html HTTP/1.0" 301 75041 "-" "Mozilla/5.0 (compatible; SemrushBot/7~bl; +http://www.semrush.com/bot.html)"
185.191.171.4 - - [09/Oct/2022:11:08:27 +0200] "GET /little-toiletry-p-43382.html HTTP/1.0" 200 74959 "-" "Mozilla/5.0 (compatible; SemrushBot/7~bl; +http://www.semrush.com/bot.html)"
157.55.39.28 - - [09/Oct/2022:11:08:29 +0200] "GET /images/mini_prod/8716241038048.gif HTTP/1.0" 200 268 "-" "Mozilla/5.0 (compatible; bingbot/2.0; +http://www.bing.com/bingbot.htm)"
185.191.171.44 - - [09/Oct/2022:11:08:30 +0200] "GET /rooster-clock-by-allen-p-51391.html HTTP/1.0" 301 74982 "-" "Mozilla/5.0 (compatible; SemrushBot/7~bl; +http://www.semrush.com/bot.html)"
185.191.171.7 - - [09/Oct/2022:11:08:33 +0200] "GET /rooster-clock-allen-p-51391.html HTTP/1.0" 200 74896 "-" "Mozilla/5.0 (compatible; SemrushBot/7~bl; +http://www.semrush.com/bot.html)"
185.191.171.13 - - [09/Oct/2022:11:08:51 +0200] "GET /pyramid-rose-quartz-base-quality-p-44006.html?action=add_product HTTP/1.0" 302 476 "-" "Mozilla/5.0 (compatible; SemrushBot/7~bl; +http://www.semrush.com/bot.html)"
185.191.171.33 - - [09/Oct/2022:11:09:29 +0200] "GET /cushion-cbkreation-p-22453.html HTTP/1.0" 301 72315 "-" "Mozilla/5.0 (compatible; SemrushBot/7~bl; +http://www.semrush.com/bot.html)"
185.191.171.44 - - [09/Oct/2022:11:09:32 +0200] "GET /-p-22453.html HTTP/1.0" 200 72248 "-" "Mozilla/5.0 (compatible; SemrushBot/7~bl; +http://www.semrush.com/bot.html)"
185.191.171.15 - - [09/Oct/2022:11:09:43 +0200] "GET /christmas-tree-decoration-hanging-p-49644.html?action=add_product HTTP/1.0" 302 476 "-" "Mozilla/5.0 (compatible; SemrushBot/7~bl; +http://www.semrush.com/bot.html)"
185.191.171.42 - - [09/Oct/2022:11:09:47 +0200] "GET /green-piggy-bank-premire-tirelire-p-53364.html?action=add_product HTTP/1.0" 302 476 "-" "Mozilla/5.0 (compatible; SemrushBot/7~bl; +http://www.semrush.com/bot.html)"
54.36.148.236 - - [09/Oct/2022:11:09:51 +0200] "GET /athena-statue-p-50203.html HTTP/1.0" 200 74918 "-" "Mozilla/5.0 (compatible; AhrefsBot/7.0; +http://ahrefs.com/robot/)"
185.191.171.10 - - [09/Oct/2022:11:09:53 +0200] "GET /miss-sunshine-money-box-p-2715.html HTTP/1.0" 301 72312 "-" "Mozilla/5.0 (compatible; SemrushBot/7~bl; +http://www.semrush.com/bot.html)"
185.191.171.26 - - [09/Oct/2022:11:09:57 +0200] "GET /-p-2715.html HTTP/1.0" 200 72246 "-" "Mozilla/5.0 (compatible; SemrushBot/7~bl; +http://www.semrush.com/bot.html)"
185.191.171.26 - - [09/Oct/2022:11:10:03 +0200] "GET /metal-flask-cocktails-p-48470.html?action=add_product HTTP/1.0" 302 476 "-" "Mozilla/5.0 (compatible; SemrushBot/7~bl; +http://www.semrush.com/bot.html)"
216.244.66.242 - - [09/Oct/2022:11:10:03 +0200] "GET /round-rattan-table-lamp-p-54576.html HTTP/1.0" 200 72330 "-" "Mozilla/5.0 (compatible; DotBot/1.2; +https://opensiteexplorer.org/dotbot; help@moz.com)"
185.191.171.11 - - [09/Oct/2022:11:10:14 +0200] "GET /-p-30539.html?action=add_product HTTP/1.0" 302 476 "-" "Mozilla/5.0 (compatible; SemrushBot/7~bl; +http://www.semrush.com/bot.html)"
185.191.171.33 - - [09/Oct/2022:11:10:27 +0200] "GET /star-wars-darth-vader-cushion-p-34013.html HTTP/1.0" 301 72315 "-" "Mozilla/5.0 (compatible; SemrushBot/7~bl; +http://www.semrush.com/bot.html)"
185.191.171.39 - - [09/Oct/2022:11:10:30 +0200] "GET /-p-23487.html?action=add_product HTTP/1.0" 302 476 "-" "Mozilla/5.0 (compatible; SemrushBot/7~bl; +http://www.semrush.com/bot.html)"
185.191.171.11 - - [09/Oct/2022:11:10:31 +0200] "GET /-p-34013.html HTTP/1.0" 200 72248 "-" "Mozilla/5.0 (compatible; SemrushBot/7~bl; +http://www.semrush.com/bot.html)"
185.191.171.1 - - [09/Oct/2022:11:10:35 +0200] "GET /cats-adult-apron-p-41606.html?action=add_product HTTP/1.0" 302 476 "-" "Mozilla/5.0 (compatible; SemrushBot/7~bl; +http://www.semrush.com/bot.html)"
185.191.171.23 - - [09/Oct/2022:11:10:37 +0200] "GET /butterfly-wall-decoration-24-19-cm-blue-model-p-47399.html HTTP/1.0" 301 75245 "-" "Mozilla/5.0 (compatible; SemrushBot/7~bl; +http://www.semrush.com/bot.html)"
185.191.171.17 - - [09/Oct/2022:11:10:40 +0200] "GET /butterfly-wall-decoration-blue-model-p-47399.html HTTP/1.0" 200 75142 "-" "Mozilla/5.0 (compatible; SemrushBot/7~bl; +http://www.semrush.com/bot.html)"
207.46.13.140 - - [09/Oct/2022:11:10:44 +0200] "GET /images/9316188039086.jpg HTTP/1.0" 200 259 "-" "Mozilla/5.0 AppleWebKit/537.36 (KHTML, like Gecko; compatible; bingbot/2.0; +http://www.bing.com/bingbot.htm) Chrome/103.0.5060.134 Safari/537.36"
173.252.83.2 - - [09/Oct/2022:11:10:54 +0200] "GET /images/mini_prod/8719497617999.jpg HTTP/1.0" 200 269 "-" "facebookexternalhit/1.1 (+http://www.facebook.com/externalhit_uatext.php)"
185.191.171.7 - - [09/Oct/2022:11:11:07 +0200] "GET /live-ride-white-shirt-p-30591.html?action=add_product HTTP/1.0" 302 476 "-" "Mozilla/5.0 (compatible; SemrushBot/7~bl; +http://www.semrush.com/bot.html)"
185.191.171.7 - - [09/Oct/2022:11:11:23 +0200] "GET /-p-40787.html?action=add_product HTTP/1.0" 302 476 "-" "Mozilla/5.0 (compatible; SemrushBot/7~bl; +http://www.semrush.com/bot.html)"
185.191.171.2 - - [09/Oct/2022:11:11:33 +0200] "GET /laissez-lucie-faire-liberty-potholder-glove-p-39868.html?action=add_product HTTP/1.0" 301 476 "-" "Mozilla/5.0 (compatible; SemrushBot/7~bl; +http://www.semrush.com/bot.html)"
185.191.171.26 - - [09/Oct/2022:11:11:38 +0200] "GET /dogs-rectangulary-cushion-by-cbkreation-p-26516.html HTTP/1.0" 301 72315 "-" "Mozilla/5.0 (compatible; SemrushBot/7~bl; +http://www.semrush.com/bot.html)"
185.191.171.8 - - [09/Oct/2022:11:11:41 +0200] "GET /-p-26516.html HTTP/1.0" 200 72248 "-" "Mozilla/5.0 (compatible; SemrushBot/7~bl; +http://www.semrush.com/bot.html)"
66.249.64.246 - - [09/Oct/2022:11:11:48 +0200] "GET /paris-bistrot-adult-apron-p-59099.html HTTP/1.0" 200 75499 "-" "Mozilla/5.0 (Linux; Android 6.0.1; Nexus 5X Build/MMB29P) AppleWebKit/537.36 (KHTML, like Gecko) Chrome/105.0.5195.125 Mobile Safari/537.36 (compatible; Googlebot/2.1; +http://www.google.com/bot.html)"
54.36.149.11 - - [09/Oct/2022:11:12:11 +0200] "GET /herms-statuette-bronze-aspect-resin-p-52833.html HTTP/1.0" 200 75078 "-" "Mozilla/5.0 (compatible; AhrefsBot/7.0; +http://ahrefs.com/robot/)"
185.191.171.34 - - [09/Oct/2022:11:12:18 +0200] "GET /pinocchio-disney-secret-box-collection-p-29100.html HTTP/1.0" 301 72315 "-" "Mozilla/5.0 (compatible; SemrushBot/7~bl; +http://www.semrush.com/bot.html)"
49.7.20.113 - - [09/Oct/2022:11:12:36 +0200] "GET / HTTP/1.0" 200 152713 "-" "Sogou web spider/4.0(+http://www.sogou.com/docs/help/webmasters.htm#07)"
185.191.171.6 - - [09/Oct/2022:11:12:41 +0200] "GET /sign-aged-metal-p-42505.html?action=add_product HTTP/1.0" 302 476 "-" "Mozilla/5.0 (compatible; SemrushBot/7~bl; +http://www.semrush.com/bot.html)"
66.249.64.242 - - [09/Oct/2022:11:12:42 +0200] "GET /made-usa-eyelets-curtain-p-31459.html HTTP/1.0" 301 77144 "-" "Mozilla/5.0 (Linux; Android 6.0.1; Nexus 5X Build/MMB29P) AppleWebKit/537.36 (KHTML, like Gecko) Chrome/105.0.5195.125 Mobile Safari/537.36 (compatible; Googlebot/2.1; +http://www.google.com/bot.html)"
185.191.171.9 - - [09/Oct/2022:11:12:43 +0200] "GET /-p-51547.html?action=add_product HTTP/1.0" 302 476 "-" "Mozilla/5.0 (compatible; SemrushBot/7~bl; +http://www.semrush.com/bot.html)"
66.249.64.246 - - [09/Oct/2022:11:12:43 +0200] "GET /made-eyelets-curtain-p-31459.html HTTP/1.0" 200 77057 "-" "Mozilla/5.0 (Linux; Android 6.0.1; Nexus 5X Build/MMB29P) AppleWebKit/537.36 (KHTML, like Gecko) Chrome/105.0.5195.125 Mobile Safari/537.36 (compatible; Googlebot/2.1; +http://www.google.com/bot.html)"
185.191.171.2 - - [09/Oct/2022:11:12:50 +0200] "GET /bistrot-chez-copains-side-table-p-56623.html?action=add_product HTTP/1.0" 302 476 "-" "Mozilla/5.0 (compatible; SemrushBot/7~bl; +http://www.semrush.com/bot.html)"
185.191.171.38 - - [09/Oct/2022:11:12:52 +0200] "GET /candy-cloud-notepad-bubblegum-p-49835.html?action=add_product HTTP/1.0" 302 476 "-" "Mozilla/5.0 (compatible; SemrushBot/7~bl; +http://www.semrush.com/bot.html)"
18.191.220.75 - - [09/Oct/2022:11:12:54 +0200] "GET /images/mini_prod/8435333849231.jpg HTTP/1.0" 200 269 "-" "Mozilla/5.0 (X11; Ubuntu; Linux x86_64; rv:72.0) Gecko/20100101 Firefox/72.0"
185.191.171.10 - - [09/Oct/2022:11:13:47 +0200] "GET /cupcake-cupcake-display-gold-table-decoration-p-42208.html?action=add_product HTTP/1.0" 302 476 "-" "Mozilla/5.0 (compatible; SemrushBot/7~bl; +http://www.semrush.com/bot.html)"
173.252.83.20 - - [09/Oct/2022:11:13:52 +0200] "GET /images/mini_prod/1384010184578.jpg HTTP/1.0" 200 269 "-" "facebookexternalhit/1.1 (+http://www.facebook.com/externalhit_uatext.php)"
185.191.171.5 - - [09/Oct/2022:11:13:55 +0200] "GET /gorilla-and-skull-statuette-p-49436.html HTTP/1.0" 301 72428 "-" "Mozilla/5.0 (compatible; SemrushBot/7~bl; +http://www.semrush.com/bot.html)"
185.191.171.1 - - [09/Oct/2022:11:13:58 +0200] "GET /lotus-mobile-wood-metal-p-56720.html?action=add_product HTTP/1.0" 302 476 "-" "Mozilla/5.0 (compatible; SemrushBot/7~bl; +http://www.semrush.com/bot.html)"
185.191.171.33 - - [09/Oct/2022:11:14:00 +0200] "GET /gorilla-skull-statuette-p-49436.html HTTP/1.0" 200 72338 "-" "Mozilla/5.0 (compatible; SemrushBot/7~bl; +http://www.semrush.com/bot.html)"
185.191.171.17 - - [09/Oct/2022:11:14:09 +0200] "GET /retro-glass-flatware-p-40721.html HTTP/1.0" 200 72318 "-" "Mozilla/5.0 (compatible; SemrushBot/7~bl; +http://www.semrush.com/bot.html)"
185.191.171.39 - - [09/Oct/2022:11:14:19 +0200] "GET /classic-p-37799.html?action=add_product HTTP/1.0" 302 476 "-" "Mozilla/5.0 (compatible; SemrushBot/7~bl; +http://www.semrush.com/bot.html)"
163.220.128.41 - - [09/Oct/2022:11:14:34 +0200] "GET /images/mini_prod/3660218979290.jpg HTTP/1.0" 200 269 "-" "Mozilla/5.0 (X11; Ubuntu; Linux x86_64; rv:72.0) Gecko/20100101 Firefox/72.0"
185.191.171.33 - - [09/Oct/2022:11:14:33 +0200] "GET /kimmidoll-keyring-hiro-p-49768.html?action=add_product HTTP/1.0" 302 476 "-" "Mozilla/5.0 (compatible; SemrushBot/7~bl; +http://www.semrush.com/bot.html)"
185.191.171.33 - - [09/Oct/2022:11:14:36 +0200] "GET /guillermo-forchino-collection-doctor-p-40342.html?action=add_product HTTP/1.0" 302 476 "-" "Mozilla/5.0 (compatible; SemrushBot/7~bl; +http://www.semrush.com/bot.html)"
54.36.149.96 - - [09/Oct/2022:11:14:39 +0200] "GET /support-metal-bottle-hunter-p-34494.html HTTP/1.0" 200 75197 "-" "Mozilla/5.0 (compatible; AhrefsBot/7.0; +http://ahrefs.com/robot/)"
185.191.171.4 - - [09/Oct/2022:11:14:43 +0200] "GET /ipad-pink-shell-with-personalized-picture-p-16336.html?action=add_product HTTP/1.0" 302 476 "-" "Mozilla/5.0 (compatible; SemrushBot/7~bl; +http://www.semrush.com/bot.html)"
216.244.66.242 - - [09/Oct/2022:11:14:52 +0200] "GET /allergique-matin-adult-apron-p-51194.html HTTP/1.0" 200 74888 "-" "Mozilla/5.0 (compatible; DotBot/1.2; +https://opensiteexplorer.org/dotbot; help@moz.com)"
157.55.39.28 - - [09/Oct/2022:11:15:00 +0200] "GET /images/big_prod_2/3091693063554C.jpg HTTP/1.0" 200 271 "-" "Mozilla/5.0 (compatible; bingbot/2.0; +http://www.bing.com/bingbot.htm)"
185.191.171.41 - - [09/Oct/2022:11:15:00 +0200] "GET /looney-toons-oval-placemat-p-17126.html?action=add_product HTTP/1.0" 302 476 "-" "Mozilla/5.0 (compatible; SemrushBot/7~bl; +http://www.semrush.com/bot.html)"
147.92.153.8 - - [09/Oct/2022:11:15:08 +0200] "GET /christmas-tree-ornament-christmas-balls-c-13_271.html HTTP/1.0" 200 92875 "-" "Mozilla/5.0 (compatible; Linespider/1.1; +https://lin.ee/4dwXkTH)"
185.191.171.12 - - [09/Oct/2022:11:15:17 +0200] "GET /hello-kitty-face-personal-diary-p-16391.html?action=add_product HTTP/1.0" 302 476 "-" "Mozilla/5.0 (compatible; SemrushBot/7~bl; +http://www.semrush.com/bot.html)"
5.161.133.43 - - [09/Oct/2022:11:15:21 +0200] "GET /images/mini_prod/1361623281047.jpg HTTP/1.0" 200 269 "-" "Mozilla/5.0 (X11; Ubuntu; Linux x86_64; rv:72.0) Gecko/20100101 Firefox/72.0"
66.249.64.244 - - [09/Oct/2022:11:15:39 +0200] "GET /chair-cushion-sides-beige-terracotta-p-54647.html HTTP/1.0" 200 76177 "-" "Mozilla/5.0 (compatible; Googlebot/2.1; +http://www.google.com/bot.html)"
216.244.66.242 - - [09/Oct/2022:11:15:45 +0200] "GET /espresso-eccentric-p-39754.html HTTP/1.0" 200 74999 "-" "Mozilla/5.0 (compatible; DotBot/1.2; +https://opensiteexplorer.org/dotbot; help@moz.com)"
216.244.66.242 - - [09/Oct/2022:11:15:54 +0200] "GET /images/090908_213438_PEEL_hXm3pn.jpg HTTP/1.0" 200 271 "-" "Mozilla/5.0 (compatible; DotBot/1.2; +https://opensiteexplorer.org/dotbot; help@moz.com)"
