185.191.171.24 - - [09/Oct/2022:08:02:25 +0200] "GET /large-candle-hours-citrus-crush-p-33013.html?action=add_product HTTP/1.0" 302 476 "-" "Mozilla/5.0 (compatible; SemrushBot/7~bl; +http://www.semrush.com/bot.html)"
185.191.171.43 - - [09/Oct/2022:08:02:52 +0200] "GET /vase-dolomite-ocher-yellow-finish-p-55115.html?action=add_product HTTP/1.0" 302 476 "-" "Mozilla/5.0 (compatible; SemrushBot/7~bl; +http://www.semrush.com/bot.html)"
185.191.171.5 - - [09/Oct/2022:08:02:53 +0200] "GET /-p-47459.html?action=add_product HTTP/1.0" 302 476 "-" "Mozilla/5.0 (compatible; SemrushBot/7~bl; +http://www.semrush.com/bot.html)"
185.191.171.25 - - [09/Oct/2022:08:02:58 +0200] "GET /boho-canvas-frame-40-40-cm-p-41548.html HTTP/1.0" 301 75082 "-" "Mozilla/5.0 (compatible; SemrushBot/7~bl; +http://www.semrush.com/bot.html)"
185.191.171.5 - - [09/Oct/2022:08:03:03 +0200] "GET /boho-canvas-frame-p-41548.html HTTP/1.0" 200 74998 "-" "Mozilla/5.0 (compatible; SemrushBot/7~bl; +http://www.semrush.com/bot.html)"
185.191.171.38 - - [09/Oct/2022:08:03:14 +0200] "GET /marmot-laissez-lucie-faire-soup-bowl-with-spoon-p-38788.html?action=add_product HTTP/1.0" 301 476 "-" "Mozilla/5.0 (compatible; SemrushBot/7~bl; +http://www.semrush.com/bot.html)"
185.191.171.14 - - [09/Oct/2022:08:03:27 +0200] "GET /-p-29865.html?action=add_product HTTP/1.0" 302 476 "-" "Mozilla/5.0 (compatible; SemrushBot/7~bl; +http://www.semrush.com/bot.html)"
114.119.137.3 - - [09/Oct/2022:08:03:28 +0200] "GET /ethan-table-lamp-silver-beige-p-54612.html HTTP/1.0" 200 75814 "http://www.wonder-geek.com/table-lamps-c-86_286.html?page=6" "Mozilla/5.0 (Linux; Android 7.0;) AppleWebKit/537.36 (KHTML, like Gecko) Mobile Safari/537.36 (compatible; PetalBot;+https://webmaster.petalsearch.com/site/petalbot)"
185.191.171.35 - - [09/Oct/2022:08:03:46 +0200] "GET /frenchy-style-flour-storage-p-57929.html?action=add_product HTTP/1.0" 302 476 "-" "Mozilla/5.0 (compatible; SemrushBot/7~bl; +http://www.semrush.com/bot.html)"
185.191.171.9 - - [09/Oct/2022:08:03:47 +0200] "GET /robots.txt HTTP/1.0" 200 245 "-" "Mozilla/5.0 (compatible; SemrushBot/7~bl; +http://www.semrush.com/bot.html)"
185.191.171.8 - - [09/Oct/2022:08:04:06 +0200] "GET /monkey-table-lamp-resin-p-52747.html?action=add_product HTTP/1.0" 302 476 "-" "Mozilla/5.0 (compatible; SemrushBot/7~bl; +http://www.semrush.com/bot.html)"
54.36.148.29 - - [09/Oct/2022:08:04:08 +0200] "GET /figurine-angel-nativity-p-42063.html HTTP/1.0" 200 74976 "-" "Mozilla/5.0 (compatible; AhrefsBot/7.0; +http://ahrefs.com/robot/)"
18.191.220.75 - - [09/Oct/2022:08:04:30 +0200] "GET /images/mini_prod/3760116310338.jpg HTTP/1.0" 200 269 "-" "Mozilla/5.0 (X11; Ubuntu; Linux x86_64; rv:72.0) Gecko/20100101 Firefox/72.0"
185.191.171.39 - - [09/Oct/2022:08:04:32 +0200] "GET /the-little-prince-eyeglass-case-p-45822.html HTTP/1.0" 301 75083 "-" "Mozilla/5.0 (compatible; SemrushBot/7~bl; +http://www.semrush.com/bot.html)"
185.191.171.38 - - [09/Oct/2022:08:04:35 +0200] "GET /little-prince-eyeglass-case-p-45822.html HTTP/1.0" 200 74989 "-" "Mozilla/5.0 (compatible; SemrushBot/7~bl; +http://www.semrush.com/bot.html)"
66.249.64.242 - - [09/Oct/2022:08:04:39 +0200] "GET /transparent-plastic-tablecloth-p-52781.html HTTP/1.0" 200 75023 "-" "Mozilla/5.0 (Linux; Android 6.0.1; Nexus 5X Build/MMB29P) AppleWebKit/537.36 (KHTML, like Gecko) Chrome/105.0.5195.125 Mobile Safari/537.36 (compatible; Googlebot/2.1; +http://www.google.com/bot.html)"
173.252.83.10 - - [09/Oct/2022:08:04:46 +0200] "GET /images/mini_prod/8427787039368.jpg HTTP/1.0" 200 269 "-" "facebookexternalhit/1.1 (+http://www.facebook.com/externalhit_uatext.php)"
185.191.171.17 - - [09/Oct/2022:08:04:46 +0200] "GET /metal-lamp-p-53106.html?action=add_product HTTP/1.0" 301 476 "-" "Mozilla/5.0 (compatible; SemrushBot/7~bl; +http://www.semrush.com/bot.html)"
114.119.137.45 - - [09/Oct/2022:08:04:48 +0200] "GET /75-sheets-white-drawing-sheet-dog-cover-p-40836.html HTTP/1.0" 301 72315 "http://www.wonder-geek.com/stationery-and-cardmaking-c-129.html?page=4" "Mozilla/5.0 (Linux; Android 7.0;) AppleWebKit/537.36 (KHTML, like Gecko) Mobile Safari/537.36 (compatible; PetalBot;+https://webmaster.petalsearch.com/site/petalbot)"
114.119.137.45 - - [09/Oct/2022:08:04:49 +0200] "GET /-p-40836.html HTTP/1.0" 200 72248 "http://www.wonder-geek.com/stationery-and-cardmaking-c-129.html?page=4" "Mozilla/5.0 (Linux; Android 7.0;) AppleWebKit/537.36 (KHTML, like Gecko) Mobile Safari/537.36 (compatible; PetalBot;+https://webmaster.petalsearch.com/site/petalbot)"
185.191.171.37 - - [09/Oct/2022:08:04:51 +0200] "GET /provence-soap-marseille-soap-p-39122.html?action=add_product HTTP/1.0" 302 476 "-" "Mozilla/5.0 (compatible; SemrushBot/7~bl; +http://www.semrush.com/bot.html)"
185.191.171.6 - - [09/Oct/2022:08:04:53 +0200] "GET /paris-saint-germain-kids-school-bag-p-41159.html HTTP/1.0" 301 72468 "-" "Mozilla/5.0 (compatible; SemrushBot/7~bl; +http://www.semrush.com/bot.html)"
185.191.171.7 - - [09/Oct/2022:08:04:56 +0200] "GET /paris-saint-germain-kids-school-p-41159.html HTTP/1.0" 200 72370 "-" "Mozilla/5.0 (compatible; SemrushBot/7~bl; +http://www.semrush.com/bot.html)"
185.191.171.15 - - [09/Oct/2022:08:05:00 +0200] "GET /gorjuss-classic-stripe-boxed-pencil-ladybird-p-43174.html?action=add_product HTTP/1.0" 302 476 "-" "Mozilla/5.0 (compatible; SemrushBot/7~bl; +http://www.semrush.com/bot.html)"
51.68.224.127 - - [09/Oct/2022:08:05:04 +0200] "GET /adminweb/export_orders_xml.php?token=256de2z6edz6ed2z6DFSFsed2zed6zeDSFDSGdzedezfzf&maxorders=10&orderstart=1&status=14&start_date=2018-10-01 HTTP/1.0" 200 285 "-" "GesCom CharlotteBoutik Serveur"
51.68.224.127 - - [09/Oct/2022:08:05:04 +0200] "GET /adminweb/export_orders_xml.php?token=256de2z6edz6ed2z6DFSFsed2zed6zeDSFDSGdzedezfzf&maxorders=10&orderstart=1&status=6&start_date=2018-10-01 HTTP/1.0" 200 33985 "-" "GesCom CharlotteBoutik Serveur"
157.55.39.231 - - [09/Oct/2022:08:05:29 +0200] "GET /images/4010070265090.jpg HTTP/1.0" 200 259 "-" "Mozilla/5.0 (compatible; bingbot/2.0; +http://www.bing.com/bingbot.htm)"
70.93.184.104 - - [09/Oct/2022:08:05:37 +0200] "GET /images/mini_prod/3457019600467.jpg HTTP/1.0" 200 269 "-" "Mozilla/5.0 (iPhone; CPU iPhone OS 15_6_1 like Mac OS X) AppleWebKit/605.1.15 (KHTML, like Gecko) Mobile/19G82 [FBAN/FBIOS;FBDV/iPhone14,3;FBMD/iPhone;FBSN/iOS;FBSV/15.6.1;FBSS/3;FBID/phone;FBLC/en_GB;FBOP/5]"
185.191.171.43 - - [09/Oct/2022:08:05:35 +0200] "GET /quadriptych-buddha-wood-carved-and-patinated-50-32-cm-p-47201.html HTTP/1.0" 301 72535 "-" "Mozilla/5.0 (compatible; SemrushBot/7~bl; +http://www.semrush.com/bot.html)"
185.191.171.35 - - [09/Oct/2022:08:05:39 +0200] "GET /quadriptych-buddha-wood-carved-patinated-p-47201.html HTTP/1.0" 200 72428 "-" "Mozilla/5.0 (compatible; SemrushBot/7~bl; +http://www.semrush.com/bot.html)"
185.191.171.1 - - [09/Oct/2022:08:06:03 +0200] "GET /corsica-pencil-jar-cbkreation-p-33818.html HTTP/1.0" 301 75037 "-" "Mozilla/5.0 (compatible; SemrushBot/7~bl; +http://www.semrush.com/bot.html)"
114.119.137.3 - - [09/Oct/2022:08:06:04 +0200] "GET /home-sweet-home-wooden-plate-p-40918.html HTTP/1.0" 200 72350 "http://www.wonder-geek.com/wall-decoration-in-wood-and-mdf-c-13_274.html?page=10" "Mozilla/5.0 (Linux; Android 7.0;) AppleWebKit/537.36 (KHTML, like Gecko) Mobile Safari/537.36 (compatible; PetalBot;+https://webmaster.petalsearch.com/site/petalbot)"
185.191.171.1 - - [09/Oct/2022:08:06:07 +0200] "GET /color-eyelet-curtain-p-39037.html?action=add_product HTTP/1.0" 302 476 "-" "Mozilla/5.0 (compatible; SemrushBot/7~bl; +http://www.semrush.com/bot.html)"
185.191.171.40 - - [09/Oct/2022:08:06:09 +0200] "GET /corsica-pencil-cbkreation-p-33818.html HTTP/1.0" 200 74945 "-" "Mozilla/5.0 (compatible; SemrushBot/7~bl; +http://www.semrush.com/bot.html)"
185.191.171.3 - - [09/Oct/2022:08:06:12 +0200] "GET /marnie-white-porcelain-bowl-p-56502.html?action=add_product HTTP/1.0" 302 476 "-" "Mozilla/5.0 (compatible; SemrushBot/7~bl; +http://www.semrush.com/bot.html)"
185.191.171.23 - - [09/Oct/2022:08:06:14 +0200] "GET /lama-water-bottle-p-45234.html?action=add_product HTTP/1.0" 302 476 "-" "Mozilla/5.0 (compatible; SemrushBot/7~bl; +http://www.semrush.com/bot.html)"
185.191.171.15 - - [09/Oct/2022:08:06:23 +0200] "GET /jane-crowther-cats-p-54757.html?action=add_product HTTP/1.0" 302 476 "-" "Mozilla/5.0 (compatible; SemrushBot/7~bl; +http://www.semrush.com/bot.html)"
173.252.83.17 - - [09/Oct/2022:08:06:30 +0200] "GET /images/mini_prod/5414629126754.jpg HTTP/1.0" 200 269 "-" "facebookexternalhit/1.1 (+http://www.facebook.com/externalhit_uatext.php)"
185.191.171.26 - - [09/Oct/2022:08:06:36 +0200] "GET /schoolbag-caramel-blue-butterfly-p-55617.html?action=add_product HTTP/1.0" 302 476 "-" "Mozilla/5.0 (compatible; SemrushBot/7~bl; +http://www.semrush.com/bot.html)"
54.36.148.13 - - [09/Oct/2022:08:06:38 +0200] "GET /anatomical-study-figurine-jean-antoine-houdon-p-53194.html HTTP/1.0" 200 76278 "-" "Mozilla/5.0 (compatible; AhrefsBot/7.0; +http://ahrefs.com/robot/)"
66.249.64.246 - - [09/Oct/2022:08:06:41 +0200] "GET /decoration-vase-bronze-aspect-p-52545.html HTTP/1.0" 200 72358 "-" "Mozilla/5.0 (Linux; Android 6.0.1; Nexus 5X Build/MMB29P) AppleWebKit/537.36 (KHTML, like Gecko) Chrome/105.0.5195.125 Mobile Safari/537.36 (compatible; Googlebot/2.1; +http://www.google.com/bot.html)"
185.191.171.5 - - [09/Oct/2022:08:06:46 +0200] "GET /doormats-and-entrance-carpets-c-11_269_266.html?page=1 HTTP/1.0" 301 92980 "-" "Mozilla/5.0 (compatible; SemrushBot/7~bl; +http://www.semrush.com/bot.html)"
185.191.171.24 - - [09/Oct/2022:08:06:50 +0200] "GET /doormats-entrance-carpets-c-266.html?page=1 HTTP/1.0" 301 92760 "-" "Mozilla/5.0 (compatible; SemrushBot/7~bl; +http://www.semrush.com/bot.html)"
185.191.171.35 - - [09/Oct/2022:08:06:53 +0200] "GET /doormats-entrance-carpets-c-11_269_266.html?page=1 HTTP/1.0" 200 92883 "-" "Mozilla/5.0 (compatible; SemrushBot/7~bl; +http://www.semrush.com/bot.html)"
185.191.171.6 - - [09/Oct/2022:08:07:14 +0200] "GET /-p-52322.html?action=add_product HTTP/1.0" 302 476 "-" "Mozilla/5.0 (compatible; SemrushBot/7~bl; +http://www.semrush.com/bot.html)"
185.191.171.6 - - [09/Oct/2022:08:07:16 +0200] "GET /home-and-decoration-c-13.html?page=144 HTTP/1.0" 301 94789 "-" "Mozilla/5.0 (compatible; SemrushBot/7~bl; +http://www.semrush.com/bot.html)"
185.191.171.40 - - [09/Oct/2022:08:07:20 +0200] "GET /home-decoration-c-13.html?page=144 HTTP/1.0" 200 94701 "-" "Mozilla/5.0 (compatible; SemrushBot/7~bl; +http://www.semrush.com/bot.html)"
114.119.133.245 - - [09/Oct/2022:08:07:22 +0200] "GET /africa-savannah-tea-box-p-45714.html HTTP/1.0" 301 75711 "http://www.wonder-geek.com/coffee-and-tea-box-c-13_150_153.html" "Mozilla/5.0 (Linux; Android 7.0;) AppleWebKit/537.36 (KHTML, like Gecko) Mobile Safari/537.36 (compatible; PetalBot;+https://webmaster.petalsearch.com/site/petalbot)"
185.191.171.2 - - [09/Oct/2022:08:07:25 +0200] "GET /london-salt-pepper-p-28851.html?action=add_product HTTP/1.0" 302 476 "-" "Mozilla/5.0 (compatible; SemrushBot/7~bl; +http://www.semrush.com/bot.html)"
114.119.133.245 - - [09/Oct/2022:08:07:25 +0200] "GET /africa-savannah-p-45714.html HTTP/1.0" 200 75629 "http://www.wonder-geek.com/coffee-and-tea-box-c-13_150_153.html" "Mozilla/5.0 (Linux; Android 7.0;) AppleWebKit/537.36 (KHTML, like Gecko) Mobile Safari/537.36 (compatible; PetalBot;+https://webmaster.petalsearch.com/site/petalbot)"
185.191.171.43 - - [09/Oct/2022:08:07:41 +0200] "GET /scent-heart-home-christmas-tree-p-49935.html?action=add_product HTTP/1.0" 302 476 "-" "Mozilla/5.0 (compatible; SemrushBot/7~bl; +http://www.semrush.com/bot.html)"
185.191.171.23 - - [09/Oct/2022:08:07:46 +0200] "GET /butterfly-cast-iron-wall-gate-bell-p-58637.html?action=add_product HTTP/1.0" 302 476 "-" "Mozilla/5.0 (compatible; SemrushBot/7~bl; +http://www.semrush.com/bot.html)"
185.191.171.21 - - [09/Oct/2022:08:07:59 +0200] "GET /funny-pets-kitchen-towel-p-43391.html?action=add_product HTTP/1.0" 302 476 "-" "Mozilla/5.0 (compatible; SemrushBot/7~bl; +http://www.semrush.com/bot.html)"
185.191.171.10 - - [09/Oct/2022:08:08:20 +0200] "GET /metal-clock-shape-motorcycle-blue-color-p-50023.html?action=add_product HTTP/1.0" 302 476 "-" "Mozilla/5.0 (compatible; SemrushBot/7~bl; +http://www.semrush.com/bot.html)"
185.191.171.25 - - [09/Oct/2022:08:08:34 +0200] "GET /set-of-square-coasters-starry-russian-doll-by-cbkreation-p-18470.html HTTP/1.0" 301 75284 "-" "Mozilla/5.0 (compatible; SemrushBot/7~bl; +http://www.semrush.com/bot.html)"
114.119.133.245 - - [09/Oct/2022:08:08:39 +0200] "GET /images/big_prod_2/1399984254400A.jpg HTTP/1.0" 200 271 "http://www.wonder-geek.com/hello-kitty-sports-bottle-p-25066.html" "Mozilla/5.0 (Linux; Android 7.0;) AppleWebKit/537.36 (KHTML, like Gecko) Mobile Safari/537.36 (compatible; PetalBot;+https://webmaster.petalsearch.com/site/petalbot)"
185.191.171.3 - - [09/Oct/2022:08:08:39 +0200] "GET /square-coasters-starry-russian-doll-cbkreation-p-18470.html HTTP/1.0" 200 75171 "-" "Mozilla/5.0 (compatible; SemrushBot/7~bl; +http://www.semrush.com/bot.html)"
5.161.133.43 - - [09/Oct/2022:08:08:48 +0200] "GET /images/mini_prod/3438100326046.jpg HTTP/1.0" 200 269 "-" "Mozilla/5.0 (X11; Ubuntu; Linux x86_64; rv:72.0) Gecko/20100101 Firefox/72.0"
185.191.171.42 - - [09/Oct/2022:08:08:50 +0200] "GET /venetian-mural-mask-il-gioiello-p-50851.html HTTP/1.0" 301 76228 "-" "Mozilla/5.0 (compatible; SemrushBot/7~bl; +http://www.semrush.com/bot.html)"
185.191.171.39 - - [09/Oct/2022:08:08:53 +0200] "GET /venetian-mural-mask-gioiello-p-50851.html HTTP/1.0" 200 76133 "-" "Mozilla/5.0 (compatible; SemrushBot/7~bl; +http://www.semrush.com/bot.html)"
185.191.171.11 - - [09/Oct/2022:08:08:57 +0200] "GET /dora-explorer-pendant-light-fitting-p-18705.html?action=add_product HTTP/1.0" 301 476 "-" "Mozilla/5.0 (compatible; SemrushBot/7~bl; +http://www.semrush.com/bot.html)"
157.55.39.28 - - [09/Oct/2022:08:09:02 +0200] "GET /images/big_prod/1328399219377.jpg HTTP/1.0" 200 268 "-" "Mozilla/5.0 (compatible; bingbot/2.0; +http://www.bing.com/bingbot.htm)"
173.252.83.21 - - [09/Oct/2022:08:09:05 +0200] "GET /images/mini_prod/4036113830360.jpg HTTP/1.0" 200 269 "-" "facebookexternalhit/1.1 (+http://www.facebook.com/externalhit_uatext.php)"
54.36.148.158 - - [09/Oct/2022:08:09:07 +0200] "GET /aladdin-romance-takes-flight-storybook-p-47008.html HTTP/1.0" 200 76757 "-" "Mozilla/5.0 (compatible; AhrefsBot/7.0; +http://ahrefs.com/robot/)"
185.191.171.7 - - [09/Oct/2022:08:09:14 +0200] "GET /espresso-allen-desings-p-54359.html?action=add_product HTTP/1.0" 302 476 "-" "Mozilla/5.0 (compatible; SemrushBot/7~bl; +http://www.semrush.com/bot.html)"
119.8.106.108 - - [09/Oct/2022:08:09:51 +0200] "GET /images/mini_prod/3665269006506.jpg HTTP/1.0" 200 269 "-" "Mozilla/5.0 (Windows NT 10.0; Win64; x64) AppleWebKit/537.36 (KHTML, like Gecko) Chrome/54.0.2840.99 Safari/537.36"
114.119.137.43 - - [09/Oct/2022:08:09:56 +0200] "GET /large-tassen-porcelain-mood-bowl-made-germany-p-47550.html HTTP/1.0" 200 76220 "http://www.wonder-geek.com/bowls-c-12_60.html?page=8" "Mozilla/5.0 (Linux; Android 7.0;) AppleWebKit/537.36 (KHTML, like Gecko) Mobile Safari/537.36 (compatible; PetalBot;+https://webmaster.petalsearch.com/site/petalbot)"
185.191.171.8 - - [09/Oct/2022:08:09:57 +0200] "GET /placemat-kiub-collection-musician-cats-p-59042.html?action=add_product HTTP/1.0" 302 476 "-" "Mozilla/5.0 (compatible; SemrushBot/7~bl; +http://www.semrush.com/bot.html)"
185.191.171.36 - - [09/Oct/2022:08:10:26 +0200] "GET /retro-glass-cutting-board-30-20-cm-p-48514.html HTTP/1.0" 301 75340 "-" "Mozilla/5.0 (compatible; SemrushBot/7~bl; +http://www.semrush.com/bot.html)"
185.191.171.25 - - [09/Oct/2022:08:10:29 +0200] "GET /little-panda-moneybox-p-48273.html?action=add_product HTTP/1.0" 302 476 "-" "Mozilla/5.0 (compatible; SemrushBot/7~bl; +http://www.semrush.com/bot.html)"
185.191.171.4 - - [09/Oct/2022:08:10:31 +0200] "GET /-p-37969.html?action=add_product HTTP/1.0" 302 476 "-" "Mozilla/5.0 (compatible; SemrushBot/7~bl; +http://www.semrush.com/bot.html)"
185.191.171.8 - - [09/Oct/2022:08:10:32 +0200] "GET /double-wall-dispenser-for-cereals-p-48686.html HTTP/1.0" 301 72315 "-" "Mozilla/5.0 (compatible; SemrushBot/7~bl; +http://www.semrush.com/bot.html)"
185.191.171.3 - - [09/Oct/2022:08:10:37 +0200] "GET /buddha-lamp-45-cm-in-fiberglass-p-52294.html HTTP/1.0" 301 72315 "-" "Mozilla/5.0 (compatible; SemrushBot/7~bl; +http://www.semrush.com/bot.html)"
185.191.171.15 - - [09/Oct/2022:08:10:43 +0200] "GET /magnet-tasty-tassen-made-germany-p-47558.html HTTP/1.0" 200 75926 "-" "Mozilla/5.0 (compatible; SemrushBot/7~bl; +http://www.semrush.com/bot.html)"
185.191.171.2 - - [09/Oct/2022:08:10:47 +0200] "GET /-p-52294.html HTTP/1.0" 200 72248 "-" "Mozilla/5.0 (compatible; SemrushBot/7~bl; +http://www.semrush.com/bot.html)"
185.191.171.25 - - [09/Oct/2022:08:10:50 +0200] "GET /-p-48686.html HTTP/1.0" 200 72248 "-" "Mozilla/5.0 (compatible; SemrushBot/7~bl; +http://www.semrush.com/bot.html)"
79.137.194.75 - - [09/Oct/2022:08:10:52 +0200] "GET / HTTP/1.0" 500 66058 "https://cheapcarinsurancema.info/" "Mozilla/4.0 (compatible; MSIE 6.0; Windows NT 5.1; SV1; InfoPath.1)"
185.191.171.2 - - [09/Oct/2022:08:10:53 +0200] "GET /retro-glass-cutting-board-p-48514.html HTTP/1.0" 200 75248 "-" "Mozilla/5.0 (compatible; SemrushBot/7~bl; +http://www.semrush.com/bot.html)"
79.137.194.75 - - [09/Oct/2022:08:10:53 +0200] "GET / HTTP/1.0" 500 66058 "https://cheapcarinsurancema.info/" "Mozilla/4.0 (compatible; MSIE 6.0; Windows NT 5.1; SV1; InfoPath.1)"
185.191.171.2 - - [09/Oct/2022:08:10:57 +0200] "GET /figurine-piet-michelangelo-veronese-design-p-50222.html HTTP/1.0" 200 75185 "-" "Mozilla/5.0 (compatible; SemrushBot/7~bl; +http://www.semrush.com/bot.html)"
79.137.194.75 - - [09/Oct/2022:08:10:55 +0200] "GET / HTTP/1.0" 500 66058 "https://cheapcarinsurancema.info/" "Mozilla/4.0 (compatible; MSIE 6.0; Windows NT 5.1; SV1; InfoPath.1)"
114.119.137.45 - - [09/Oct/2022:08:11:14 +0200] "GET /volkwagen-power-bank-3000mah-p-35060.html HTTP/1.0" 200 72376 "http://www.wonder-geek.com/accessories-mobiles-c-3_17.html?page=6" "Mozilla/5.0 (Linux; Android 7.0;) AppleWebKit/537.36 (KHTML, like Gecko) Mobile Safari/537.36 (compatible; PetalBot;+https://webmaster.petalsearch.com/site/petalbot)"
185.191.171.40 - - [09/Oct/2022:08:11:24 +0200] "GET /vanity-jasmin-jasmine-labaule-p-43154.html?action=add_product HTTP/1.0" 301 476 "-" "Mozilla/5.0 (compatible; SemrushBot/7~bl; +http://www.semrush.com/bot.html)"
173.252.83.12 - - [09/Oct/2022:08:11:28 +0200] "GET /images/mini_prod/3574642577727.jpg HTTP/1.0" 200 269 "-" "facebookexternalhit/1.1 (+http://www.facebook.com/externalhit_uatext.php)"
185.191.171.38 - - [09/Oct/2022:08:11:37 +0200] "GET /jaq-gus-disney-traditions-cinderella-figurine-p-47002.html HTTP/1.0" 301 75920 "-" "Mozilla/5.0 (compatible; SemrushBot/7~bl; +http://www.semrush.com/bot.html)"
54.36.148.145 - - [09/Oct/2022:08:11:38 +0200] "GET /captain-america-statue-candy-p-30923.html HTTP/1.0" 200 72362 "-" "Mozilla/5.0 (compatible; AhrefsBot/7.0; +http://ahrefs.com/robot/)"
185.191.171.24 - - [09/Oct/2022:08:11:40 +0200] "GET /laissez-lucie-faire-make-zeke-p-49001.html?action=add_product HTTP/1.0" 302 476 "-" "Mozilla/5.0 (compatible; SemrushBot/7~bl; +http://www.semrush.com/bot.html)"
185.191.171.9 - - [09/Oct/2022:08:11:42 +0200] "GET /disney-traditions-cinderella-figurine-p-47002.html HTTP/1.0" 200 75816 "-" "Mozilla/5.0 (compatible; SemrushBot/7~bl; +http://www.semrush.com/bot.html)"
185.191.171.6 - - [09/Oct/2022:08:11:46 +0200] "GET /-p-28462.html HTTP/1.0" 200 72248 "-" "Mozilla/5.0 (compatible; SemrushBot/7~bl; +http://www.semrush.com/bot.html)"
185.191.171.38 - - [09/Oct/2022:08:11:50 +0200] "GET /french-bouledogue-cushion-p-33028.html HTTP/1.0" 301 72315 "-" "Mozilla/5.0 (compatible; SemrushBot/7~bl; +http://www.semrush.com/bot.html)"
185.191.171.7 - - [09/Oct/2022:08:11:53 +0200] "GET /-p-33028.html HTTP/1.0" 200 72248 "-" "Mozilla/5.0 (compatible; SemrushBot/7~bl; +http://www.semrush.com/bot.html)"
185.191.171.36 - - [09/Oct/2022:08:12:17 +0200] "GET /wick-ellipse-candle-heart-home-spices-cinnamon-p-58950.html?action=add_product HTTP/1.0" 302 476 "-" "Mozilla/5.0 (compatible; SemrushBot/7~bl; +http://www.semrush.com/bot.html)"
185.191.171.22 - - [09/Oct/2022:08:12:22 +0200] "GET /london-mirror-bag-p-29317.html HTTP/1.0" 301 74973 "-" "Mozilla/5.0 (compatible; SemrushBot/7~bl; +http://www.semrush.com/bot.html)"
185.191.171.3 - - [09/Oct/2022:08:12:25 +0200] "GET /london-mirror-p-29317.html HTTP/1.0" 200 74893 "-" "Mozilla/5.0 (compatible; SemrushBot/7~bl; +http://www.semrush.com/bot.html)"
114.119.137.43 - - [09/Oct/2022:08:12:30 +0200] "GET /blue-pocket-warmer-libre-dgivre-p-56149.html HTTP/1.0" 200 75893 "http://www.wonder-geek.com/water-bottles-heaters-c-13_288.html?page=1" "Mozilla/5.0 (Linux; Android 7.0;) AppleWebKit/537.36 (KHTML, like Gecko) Mobile Safari/537.36 (compatible; PetalBot;+https://webmaster.petalsearch.com/site/petalbot)"
185.191.171.6 - - [09/Oct/2022:08:12:51 +0200] "GET /cats-dubout-dish-p-42361.html?action=add_product HTTP/1.0" 302 476 "-" "Mozilla/5.0 (compatible; SemrushBot/7~bl; +http://www.semrush.com/bot.html)"
185.191.171.5 - - [09/Oct/2022:08:12:53 +0200] "GET /restaurant-metal-p-26486.html?action=add_product HTTP/1.0" 302 476 "-" "Mozilla/5.0 (compatible; SemrushBot/7~bl; +http://www.semrush.com/bot.html)"
185.191.171.35 - - [09/Oct/2022:08:12:55 +0200] "GET /-p-14661.html?action=add_product HTTP/1.0" 302 476 "-" "Mozilla/5.0 (compatible; SemrushBot/7~bl; +http://www.semrush.com/bot.html)"
185.191.171.10 - - [09/Oct/2022:08:12:57 +0200] "GET /small-baby-teeth-gold-p-36445.html?action=add_product HTTP/1.0" 302 476 "-" "Mozilla/5.0 (compatible; SemrushBot/7~bl; +http://www.semrush.com/bot.html)"
66.249.64.242 - - [09/Oct/2022:08:13:26 +0200] "GET /images/big_prod/8422078576201.jpg HTTP/1.0" 200 268 "-" "Googlebot-Image/1.0"
185.191.171.42 - - [09/Oct/2022:08:13:29 +0200] "GET /-p-35065.html HTTP/1.0" 200 72248 "-" "Mozilla/5.0 (compatible; SemrushBot/7~bl; +http://www.semrush.com/bot.html)"
114.119.133.245 - - [09/Oct/2022:08:13:50 +0200] "GET /tinted-candle-in-the-mass-grey-color-p-48927.html HTTP/1.0" 301 75072 "http://www.wonder-geek.com/fragrances-of-ambiance-c-231.html?page=1" "Mozilla/5.0 (Linux; Android 7.0;) AppleWebKit/537.36 (KHTML, like Gecko) Mobile Safari/537.36 (compatible; PetalBot;+https://webmaster.petalsearch.com/site/petalbot)"
114.119.133.245 - - [09/Oct/2022:08:13:51 +0200] "GET /tinted-candle-mass-grey-color-p-48927.html HTTP/1.0" 200 74976 "http://www.wonder-geek.com/fragrances-of-ambiance-c-231.html?page=1" "Mozilla/5.0 (Linux; Android 7.0;) AppleWebKit/537.36 (KHTML, like Gecko) Mobile Safari/537.36 (compatible; PetalBot;+https://webmaster.petalsearch.com/site/petalbot)"
173.252.83.19 - - [09/Oct/2022:08:14:04 +0200] "GET /images/mini_prod/422059532103.jpg HTTP/1.0" 200 268 "-" "facebookexternalhit/1.1 (+http://www.facebook.com/externalhit_uatext.php)"
54.36.148.0 - - [09/Oct/2022:08:14:04 +0200] "GET /khonsu-egyptian-statuette-bronze-aspect-resin-p-52830.html HTTP/1.0" 200 72432 "-" "Mozilla/5.0 (compatible; AhrefsBot/7.0; +http://ahrefs.com/robot/)"
185.191.171.4 - - [09/Oct/2022:08:14:05 +0200] "GET /haiti-rectangulary-cushion-cbkreation-p-36792.html HTTP/1.0" 301 72315 "-" "Mozilla/5.0 (compatible; SemrushBot/7~bl; +http://www.semrush.com/bot.html)"
185.191.171.12 - - [09/Oct/2022:08:14:09 +0200] "GET /-p-36792.html HTTP/1.0" 200 72248 "-" "Mozilla/5.0 (compatible; SemrushBot/7~bl; +http://www.semrush.com/bot.html)"
185.191.171.16 - - [09/Oct/2022:08:14:14 +0200] "GET /fitted-sheet-cotton-percale-threads-p-48199.html HTTP/1.0" 200 75875 "-" "Mozilla/5.0 (compatible; SemrushBot/7~bl; +http://www.semrush.com/bot.html)"
185.191.171.23 - - [09/Oct/2022:08:14:36 +0200] "GET /yellow-glass-ashtray-p-36382.html?action=add_product HTTP/1.0" 302 476 "-" "Mozilla/5.0 (compatible; SemrushBot/7~bl; +http://www.semrush.com/bot.html)"
185.191.171.2 - - [09/Oct/2022:08:14:44 +0200] "GET /cotton-floor-cushion-burundi-p-51053.html?action=add_product HTTP/1.0" 302 476 "-" "Mozilla/5.0 (compatible; SemrushBot/7~bl; +http://www.semrush.com/bot.html)"
185.191.171.17 - - [09/Oct/2022:08:14:46 +0200] "GET /tropicole-glasses-p-47787.html?action=add_product HTTP/1.0" 302 476 "-" "Mozilla/5.0 (compatible; SemrushBot/7~bl; +http://www.semrush.com/bot.html)"
185.191.171.42 - - [09/Oct/2022:08:14:47 +0200] "GET /harley-davidson-towel-p-28530.html?action=add_product HTTP/1.0" 301 476 "-" "Mozilla/5.0 (compatible; SemrushBot/7~bl; +http://www.semrush.com/bot.html)"
173.252.83.9 - - [09/Oct/2022:08:14:49 +0200] "GET /images/mini_prod/3014627555642.jpg HTTP/1.0" 200 269 "-" "facebookexternalhit/1.1 (+http://www.facebook.com/externalhit_uatext.php)"
185.191.171.35 - - [09/Oct/2022:08:14:56 +0200] "GET /removable-cushion-polar-fleece-p-57912.html?action=add_product HTTP/1.0" 302 476 "-" "Mozilla/5.0 (compatible; SemrushBot/7~bl; +http://www.semrush.com/bot.html)"
185.191.171.5 - - [09/Oct/2022:08:14:58 +0200] "GET /round-magnetic-cork-trivet-p-59086.html HTTP/1.0" 200 75580 "-" "Mozilla/5.0 (compatible; SemrushBot/7~bl; +http://www.semrush.com/bot.html)"
163.220.128.41 - - [09/Oct/2022:08:15:03 +0200] "GET /images/mini_prod/1399984266236.jpg HTTP/1.0" 200 269 "-" "Mozilla/5.0 (X11; Ubuntu; Linux x86_64; rv:72.0) Gecko/20100101 Firefox/72.0"
114.119.137.43 - - [09/Oct/2022:08:15:08 +0200] "GET /glass-cutting-board-cbkreation-p-51318.html HTTP/1.0" 200 74954 "http://www.wonder-geek.com/trivet-and-boards-cut-c-12_158.html?page=8" "Mozilla/5.0 (Linux; Android 7.0;) AppleWebKit/537.36 (KHTML, like Gecko) Mobile Safari/537.36 (compatible; PetalBot;+https://webmaster.petalsearch.com/site/petalbot)"
185.191.171.37 - - [09/Oct/2022:08:15:08 +0200] "GET /mickey-pluto-figurine-collection-romero-britto-p-57499.html?action=add_product HTTP/1.0" 302 476 "-" "Mozilla/5.0 (compatible; SemrushBot/7~bl; +http://www.semrush.com/bot.html)"
185.191.171.24 - - [09/Oct/2022:08:15:24 +0200] "GET /klimt-coffee-tumbler-and-spoon-set-p-51381.html HTTP/1.0" 301 75705 "-" "Mozilla/5.0 (compatible; SemrushBot/7~bl; +http://www.semrush.com/bot.html)"
185.191.171.25 - - [09/Oct/2022:08:15:28 +0200] "GET /bodega-napkins-dispenser-p-39780.html?action=add_product HTTP/1.0" 301 476 "-" "Mozilla/5.0 (compatible; SemrushBot/7~bl; +http://www.semrush.com/bot.html)"
185.191.171.2 - - [09/Oct/2022:08:15:31 +0200] "GET /klimt-coffee-tumbler-spoon-p-51381.html HTTP/1.0" 200 75612 "-" "Mozilla/5.0 (compatible; SemrushBot/7~bl; +http://www.semrush.com/bot.html)"
173.252.83.116 - - [09/Oct/2022:08:15:45 +0200] "GET /images/mini_prod/3520071806341.jpg HTTP/1.0" 200 269 "-" "facebookexternalhit/1.1 (+http://www.facebook.com/externalhit_uatext.php)"
185.191.171.11 - - [09/Oct/2022:08:15:53 +0200] "GET /cats-tray-autumn-p-45536.html HTTP/1.0" 200 72328 "-" "Mozilla/5.0 (compatible; SemrushBot/7~bl; +http://www.semrush.com/bot.html)"
163.220.128.41 - - [09/Oct/2022:08:15:59 +0200] "GET /images/big_prod_1/8435153868368D.jpg HTTP/1.0" 200 271 "-" "Mozilla/5.0 (X11; Ubuntu; Linux x86_64; rv:72.0) Gecko/20100101 Firefox/72.0"
185.191.171.16 - - [09/Oct/2022:08:16:00 +0200] "GET /zodiac-high-ceramic-mug-p-30779.html HTTP/1.0" 301 74926 "-" "Mozilla/5.0 (compatible; SemrushBot/7~bl; +http://www.semrush.com/bot.html)"
185.191.171.23 - - [09/Oct/2022:08:16:04 +0200] "GET /rock-retro-clock-p-49191.html?action=add_product HTTP/1.0" 302 476 "-" "Mozilla/5.0 (compatible; SemrushBot/7~bl; +http://www.semrush.com/bot.html)"
185.191.171.19 - - [09/Oct/2022:08:16:05 +0200] "GET /zodiac-high-ceramic-p-30779.html HTTP/1.0" 200 74840 "-" "Mozilla/5.0 (compatible; SemrushBot/7~bl; +http://www.semrush.com/bot.html)"
54.36.148.219 - - [09/Oct/2022:08:16:21 +0200] "GET /disney-beauty-beast-belle-jewelry-p-49748.html HTTP/1.0" 200 76199 "-" "Mozilla/5.0 (compatible; AhrefsBot/7.0; +http://ahrefs.com/robot/)"
114.119.137.43 - - [09/Oct/2022:08:16:25 +0200] "GET /zippo-wallet-with-camouflage-pattern-p-49089.html HTTP/1.0" 200 76077 "http://www.wonder-geek.com/luggages-schoolbags-leather-shop-c-31.html?page=63" "Mozilla/5.0 (Linux; Android 7.0;) AppleWebKit/537.36 (KHTML, like Gecko) Mobile Safari/537.36 (compatible; PetalBot;+https://webmaster.petalsearch.com/site/petalbot)"
185.191.171.6 - - [09/Oct/2022:08:16:29 +0200] "GET /bamboo-mirror-with-jewelry-compartment-p-53729.html?action=add_product HTTP/1.0" 302 476 "-" "Mozilla/5.0 (compatible; SemrushBot/7~bl; +http://www.semrush.com/bot.html)"
185.191.171.17 - - [09/Oct/2022:08:16:44 +0200] "GET /-p-58791.html?action=add_product HTTP/1.0" 302 476 "-" "Mozilla/5.0 (compatible; SemrushBot/7~bl; +http://www.semrush.com/bot.html)"
66.249.64.242 - - [09/Oct/2022:08:16:59 +0200] "GET /cicadas-provencales-p-37881.html HTTP/1.0" 200 74863 "-" "Mozilla/5.0 (Linux; Android 6.0.1; Nexus 5X Build/MMB29P) AppleWebKit/537.36 (KHTML, like Gecko) Chrome/106.0.5249.91 Mobile Safari/537.36 (compatible; Googlebot/2.1; +http://www.google.com/bot.html)"
185.191.171.15 - - [09/Oct/2022:08:17:05 +0200] "GET /mini-figurine-britto-p-44393.html?action=add_product HTTP/1.0" 302 476 "-" "Mozilla/5.0 (compatible; SemrushBot/7~bl; +http://www.semrush.com/bot.html)"
185.191.171.37 - - [09/Oct/2022:08:17:12 +0200] "GET /large-statuette-giraffe-80-cm-p-50660.html HTTP/1.0" 301 72315 "-" "Mozilla/5.0 (compatible; SemrushBot/7~bl; +http://www.semrush.com/bot.html)"
18.191.220.75 - - [09/Oct/2022:08:17:15 +0200] "GET /images/mini_prod/5036278058585.jpg HTTP/1.0" 200 269 "-" "Mozilla/5.0 (X11; Ubuntu; Linux x86_64; rv:72.0) Gecko/20100101 Firefox/72.0"
185.191.171.23 - - [09/Oct/2022:08:17:15 +0200] "GET /mustache-gilt-mug-by-cbkreation-p-16688.html HTTP/1.0" 301 75014 "-" "Mozilla/5.0 (compatible; SemrushBot/7~bl; +http://www.semrush.com/bot.html)"
185.191.171.26 - - [09/Oct/2022:08:17:18 +0200] "GET /mustache-gilt-cbkreation-p-16688.html HTTP/1.0" 200 74923 "-" "Mozilla/5.0 (compatible; SemrushBot/7~bl; +http://www.semrush.com/bot.html)"
185.191.171.44 - - [09/Oct/2022:08:17:21 +0200] "GET /-p-50660.html HTTP/1.0" 200 72248 "-" "Mozilla/5.0 (compatible; SemrushBot/7~bl; +http://www.semrush.com/bot.html)"
185.191.171.44 - - [09/Oct/2022:08:17:24 +0200] "GET /paris-bike-cups-espresso-p-28395.html HTTP/1.0" 301 72315 "-" "Mozilla/5.0 (compatible; SemrushBot/7~bl; +http://www.semrush.com/bot.html)"
114.119.137.45 - - [09/Oct/2022:08:17:42 +0200] "GET /selenite-lamp-with-wooden-base-height-29-cm-p-47196.html HTTP/1.0" 301 72315 "http://www.wonder-geek.com/home-and-decoration-c-13.html?page=221" "Mozilla/5.0 (Linux; Android 7.0;) AppleWebKit/537.36 (KHTML, like Gecko) Mobile Safari/537.36 (compatible; PetalBot;+https://webmaster.petalsearch.com/site/petalbot)"
114.119.137.45 - - [09/Oct/2022:08:17:44 +0200] "GET /-p-47196.html HTTP/1.0" 200 72248 "http://www.wonder-geek.com/home-and-decoration-c-13.html?page=221" "Mozilla/5.0 (Linux; Android 7.0;) AppleWebKit/537.36 (KHTML, like Gecko) Mobile Safari/537.36 (compatible; PetalBot;+https://webmaster.petalsearch.com/site/petalbot)"
185.191.171.19 - - [09/Oct/2022:08:17:50 +0200] "GET /-p-35050.html?action=add_product HTTP/1.0" 302 476 "-" "Mozilla/5.0 (compatible; SemrushBot/7~bl; +http://www.semrush.com/bot.html)"
207.46.13.140 - - [09/Oct/2022:08:17:57 +0200] "GET / HTTP/1.0" 200 151589 "-" "Mozilla/5.0 AppleWebKit/537.36 (KHTML, like Gecko; compatible; bingbot/2.0; +http://www.bing.com/bingbot.htm) Chrome/103.0.5060.134 Safari/537.36"
66.249.64.244 - - [09/Oct/2022:08:18:04 +0200] "GET /dishes-c-12.html?page=63 HTTP/1.0" 200 94497 "-" "Mozilla/5.0 (Linux; Android 6.0.1; Nexus 5X Build/MMB29P) AppleWebKit/537.36 (KHTML, like Gecko) Chrome/105.0.5195.125 Mobile Safari/537.36 (compatible; Googlebot/2.1; +http://www.google.com/bot.html)"
173.252.83.15 - - [09/Oct/2022:08:18:20 +0200] "GET /images/mini_prod/3457010509172.jpg HTTP/1.0" 200 269 "-" "facebookexternalhit/1.1 (+http://www.facebook.com/externalhit_uatext.php)"
185.191.171.5 - - [09/Oct/2022:08:18:23 +0200] "GET /flower-joris-collection-p-54679.html?action=add_product HTTP/1.0" 302 476 "-" "Mozilla/5.0 (compatible; SemrushBot/7~bl; +http://www.semrush.com/bot.html)"
185.191.171.44 - - [09/Oct/2022:08:18:25 +0200] "GET /round-mirror-hanging-indian-spirit-p-44036.html?action=add_product HTTP/1.0" 302 476 "-" "Mozilla/5.0 (compatible; SemrushBot/7~bl; +http://www.semrush.com/bot.html)"
185.191.171.23 - - [09/Oct/2022:08:18:42 +0200] "GET /votive-candle-hours-sweet-black-cherries-p-33128.html?action=add_product HTTP/1.0" 302 476 "-" "Mozilla/5.0 (compatible; SemrushBot/7~bl; +http://www.semrush.com/bot.html)"
54.36.148.197 - - [09/Oct/2022:08:18:49 +0200] "GET /clocks-c-13_67.html?page=1 HTTP/1.0" 200 94838 "-" "Mozilla/5.0 (compatible; AhrefsBot/7.0; +http://ahrefs.com/robot/)"
114.119.137.3 - - [09/Oct/2022:08:19:02 +0200] "GET /nesting-dolls-glass-cutting-board-by-cbkreation-p-51466.html HTTP/1.0" 301 75171 "http://www.wonder-geek.com/trivet-and-boards-cut-c-12_158.html?page=8" "Mozilla/5.0 (Linux; Android 7.0;) AppleWebKit/537.36 (KHTML, like Gecko) Mobile Safari/537.36 (compatible; PetalBot;+https://webmaster.petalsearch.com/site/petalbot)"
185.191.171.26 - - [09/Oct/2022:08:19:03 +0200] "GET /olaf-frozen-figure-tree-ornament-p-30720.html?action=add_product HTTP/1.0" 302 476 "-" "Mozilla/5.0 (compatible; SemrushBot/7~bl; +http://www.semrush.com/bot.html)"
114.119.137.3 - - [09/Oct/2022:08:19:04 +0200] "GET /nesting-dolls-glass-cutting-board-cbkreation-p-51466.html HTTP/1.0" 200 75060 "http://www.wonder-geek.com/trivet-and-boards-cut-c-12_158.html?page=8" "Mozilla/5.0 (Linux; Android 7.0;) AppleWebKit/537.36 (KHTML, like Gecko) Mobile Safari/537.36 (compatible; PetalBot;+https://webmaster.petalsearch.com/site/petalbot)"
185.191.171.19 - - [09/Oct/2022:08:19:05 +0200] "GET /birth-jesus-triptych-p-53038.html?action=add_product HTTP/1.0" 302 476 "-" "Mozilla/5.0 (compatible; SemrushBot/7~bl; +http://www.semrush.com/bot.html)"
66.249.64.244 - - [09/Oct/2022:08:19:10 +0200] "GET /images/big_prod/8712159167160.jpg HTTP/1.0" 200 268 "-" "Googlebot-Image/1.0"
185.191.171.16 - - [09/Oct/2022:08:19:11 +0200] "GET /stone-carnelian-170-180-grammes-p-46576.html HTTP/1.0" 301 76500 "-" "Mozilla/5.0 (compatible; SemrushBot/7~bl; +http://www.semrush.com/bot.html)"
185.191.171.7 - - [09/Oct/2022:08:19:15 +0200] "GET /decoration-sand-p-46484.html?action=add_product HTTP/1.0" 302 476 "-" "Mozilla/5.0 (compatible; SemrushBot/7~bl; +http://www.semrush.com/bot.html)"
185.191.171.2 - - [09/Oct/2022:08:19:16 +0200] "GET /stone-carnelian-grammes-p-46576.html HTTP/1.0" 200 76410 "-" "Mozilla/5.0 (compatible; SemrushBot/7~bl; +http://www.semrush.com/bot.html)"
185.191.171.16 - - [09/Oct/2022:08:19:20 +0200] "GET /the-cats-of-dubout-isothermic-stainless-steel-bottle-p-52338.html HTTP/1.0" 301 75916 "-" "Mozilla/5.0 (compatible; SemrushBot/7~bl; +http://www.semrush.com/bot.html)"
185.191.171.6 - - [09/Oct/2022:08:19:23 +0200] "GET /cats-dubout-isothermic-stainless-steel-bottle-p-52338.html HTTP/1.0" 200 75804 "-" "Mozilla/5.0 (compatible; SemrushBot/7~bl; +http://www.semrush.com/bot.html)"
185.191.171.34 - - [09/Oct/2022:08:19:42 +0200] "GET /allen-designs-mug-crazy-cat-p-53200.html HTTP/1.0" 301 75935 "-" "Mozilla/5.0 (compatible; SemrushBot/7~bl; +http://www.semrush.com/bot.html)"
185.191.171.42 - - [09/Oct/2022:08:19:45 +0200] "GET /allen-designs-crazy-p-53200.html HTTP/1.0" 200 75849 "-" "Mozilla/5.0 (compatible; SemrushBot/7~bl; +http://www.semrush.com/bot.html)"
185.191.171.4 - - [09/Oct/2022:08:19:52 +0200] "GET /cactus-drink-dispenser-p-48687.html?action=add_product HTTP/1.0" 302 476 "-" "Mozilla/5.0 (compatible; SemrushBot/7~bl; +http://www.semrush.com/bot.html)"
185.191.171.11 - - [09/Oct/2022:08:20:12 +0200] "GET /bamboo-table-lamp-white-shade-p-54581.html?action=add_product HTTP/1.0" 302 476 "-" "Mozilla/5.0 (compatible; SemrushBot/7~bl; +http://www.semrush.com/bot.html)"
185.191.171.24 - - [09/Oct/2022:08:20:14 +0200] "GET /robots.txt HTTP/1.0" 200 245 "-" "Mozilla/5.0 (compatible; SemrushBot/7~bl; +http://www.semrush.com/bot.html)"
114.119.137.45 - - [09/Oct/2022:08:20:19 +0200] "GET /adhesive-roll-velvet-pattern-p-55803.html HTTP/1.0" 301 72315 "http://www.wonder-geek.com/home-decoration-c-13.html?page=34" "Mozilla/5.0 (Linux; Android 7.0;) AppleWebKit/537.36 (KHTML, like Gecko) Mobile Safari/537.36 (compatible; PetalBot;+https://webmaster.petalsearch.com/site/petalbot)"
114.119.137.45 - - [09/Oct/2022:08:20:21 +0200] "GET /-p-55803.html HTTP/1.0" 200 72248 "http://www.wonder-geek.com/home-decoration-c-13.html?page=34" "Mozilla/5.0 (Linux; Android 7.0;) AppleWebKit/537.36 (KHTML, like Gecko) Mobile Safari/537.36 (compatible; PetalBot;+https://webmaster.petalsearch.com/site/petalbot)"
185.191.171.1 - - [09/Oct/2022:08:20:22 +0200] "GET /bhoutan-rectangulary-cushion-cbkreation-p-36752.html?action=add_product HTTP/1.0" 301 476 "-" "Mozilla/5.0 (compatible; SemrushBot/7~bl; +http://www.semrush.com/bot.html)"
173.252.83.19 - - [09/Oct/2022:08:20:37 +0200] "GET /images/mini_prod/3388761924573.jpg HTTP/1.0" 200 269 "-" "facebookexternalhit/1.1 (+http://www.facebook.com/externalhit_uatext.php)"
185.191.171.44 - - [09/Oct/2022:08:20:45 +0200] "GET /espresso-set-cups-olive-p-51373.html HTTP/1.0" 301 74995 "-" "Mozilla/5.0 (compatible; SemrushBot/7~bl; +http://www.semrush.com/bot.html)"
185.191.171.22 - - [09/Oct/2022:08:20:48 +0200] "GET /espresso-cups-olive-p-51373.html HTTP/1.0" 200 74909 "-" "Mozilla/5.0 (compatible; SemrushBot/7~bl; +http://www.semrush.com/bot.html)"
185.191.171.37 - - [09/Oct/2022:08:20:55 +0200] "GET /decorative-treble-clef-attach-wall-p-58469.html?action=add_product HTTP/1.0" 302 476 "-" "Mozilla/5.0 (compatible; SemrushBot/7~bl; +http://www.semrush.com/bot.html)"
207.46.13.138 - - [09/Oct/2022:08:21:00 +0200] "GET /images/mini_prod/3609810042056.jpg HTTP/1.0" 200 269 "-" "Mozilla/5.0 (compatible; bingbot/2.0; +http://www.bing.com/bingbot.htm)"
54.36.148.172 - - [09/Oct/2022:08:21:14 +0200] "GET /quichotte-sancho-resin-figure-p-53928.html HTTP/1.0" 200 72382 "-" "Mozilla/5.0 (compatible; AhrefsBot/7.0; +http://ahrefs.com/robot/)"
66.249.64.246 - - [09/Oct/2022:08:21:23 +0200] "GET /incense-sticks-burner-storage-pentacle-p-49031.html HTTP/1.0" 200 75998 "-" "Mozilla/5.0 (Linux; Android 6.0.1; Nexus 5X Build/MMB29P) AppleWebKit/537.36 (KHTML, like Gecko) Chrome/106.0.5249.91 Mobile Safari/537.36 (compatible; Googlebot/2.1; +http://www.google.com/bot.html)"
185.191.171.5 - - [09/Oct/2022:08:21:29 +0200] "GET /-p-41630.html?action=add_product HTTP/1.0" 302 476 "-" "Mozilla/5.0 (compatible; SemrushBot/7~bl; +http://www.semrush.com/bot.html)"
185.191.171.22 - - [09/Oct/2022:08:21:33 +0200] "GET /-p-51361.html?action=add_product HTTP/1.0" 302 476 "-" "Mozilla/5.0 (compatible; SemrushBot/7~bl; +http://www.semrush.com/bot.html)"
51.68.224.127 - - [09/Oct/2022:08:21:33 +0200] "GET /adminweb/export_orders_xml.php?token=256de2z6edz6ed2z6DFSFsed2zed6zeDSFDSGdzedezfzf&maxorders=10&orderstart=1&status=14&start_date=2018-10-01 HTTP/1.0" 200 285 "-" "GesCom CharlotteBoutik Serveur"
51.68.224.127 - - [09/Oct/2022:08:21:33 +0200] "GET /adminweb/export_orders_xml.php?token=256de2z6edz6ed2z6DFSFsed2zed6zeDSFDSGdzedezfzf&maxorders=10&orderstart=1&status=6&start_date=2018-10-01 HTTP/1.0" 200 33985 "-" "GesCom CharlotteBoutik Serveur"
185.191.171.42 - - [09/Oct/2022:08:21:37 +0200] "GET /-p-58795.html?action=add_product HTTP/1.0" 302 476 "-" "Mozilla/5.0 (compatible; SemrushBot/7~bl; +http://www.semrush.com/bot.html)"
114.119.137.3 - - [09/Oct/2022:08:21:39 +0200] "GET /mirage-fragrance-burner-p-58573.html HTTP/1.0" 200 75712 "http://www.wonder-geek.com/fragrances-ambiance-c-231.html?page=22" "Mozilla/5.0 (Linux; Android 7.0;) AppleWebKit/537.36 (KHTML, like Gecko) Mobile Safari/537.36 (compatible; PetalBot;+https://webmaster.petalsearch.com/site/petalbot)"
185.191.171.45 - - [09/Oct/2022:08:21:44 +0200] "GET /-p-15653.html?action=add_product HTTP/1.0" 302 476 "-" "Mozilla/5.0 (compatible; SemrushBot/7~bl; +http://www.semrush.com/bot.html)"
66.249.64.244 - - [09/Oct/2022:08:21:48 +0200] "GET /images/big_prod/1384010184929.jpg HTTP/1.0" 200 268 "-" "Googlebot-Image/1.0"
185.191.171.33 - - [09/Oct/2022:08:22:06 +0200] "GET /spot-tink-tinkerbell-sitting-flower-figurine-p-53997.html?action=add_product HTTP/1.0" 302 476 "-" "Mozilla/5.0 (compatible; SemrushBot/7~bl; +http://www.semrush.com/bot.html)"
185.191.171.8 - - [09/Oct/2022:08:22:22 +0200] "GET /wooden-aperitif-board-cups-spoons-p-55441.html?action=add_product HTTP/1.0" 302 476 "-" "Mozilla/5.0 (compatible; SemrushBot/7~bl; +http://www.semrush.com/bot.html)"
185.191.171.34 - - [09/Oct/2022:08:22:26 +0200] "GET /stade-toulousain-kids-school-p-30641.html?action=add_product HTTP/1.0" 302 476 "-" "Mozilla/5.0 (compatible; SemrushBot/7~bl; +http://www.semrush.com/bot.html)"
185.191.171.33 - - [09/Oct/2022:08:22:36 +0200] "GET /surfboard-ceramic-magnet-p-42055.html?action=add_product HTTP/1.0" 302 476 "-" "Mozilla/5.0 (compatible; SemrushBot/7~bl; +http://www.semrush.com/bot.html)"
185.191.171.11 - - [09/Oct/2022:08:22:41 +0200] "GET /little-prince-placemat-p-27371.html?action=add_product HTTP/1.0" 302 476 "-" "Mozilla/5.0 (compatible; SemrushBot/7~bl; +http://www.semrush.com/bot.html)"
114.119.137.43 - - [09/Oct/2022:08:22:57 +0200] "GET /breakfast-c-12_61.html?page=1 HTTP/1.0" 200 92829 "http://www.wonder-geek.com/breakfast-c-12_61.html?page=4" "Mozilla/5.0 (Linux; Android 7.0;) AppleWebKit/537.36 (KHTML, like Gecko) Mobile Safari/537.36 (compatible; PetalBot;+https://webmaster.petalsearch.com/site/petalbot)"
185.191.171.22 - - [09/Oct/2022:08:23:04 +0200] "GET /resin-photo-frame-little-prince-p-47068.html?action=add_product HTTP/1.0" 302 476 "-" "Mozilla/5.0 (compatible; SemrushBot/7~bl; +http://www.semrush.com/bot.html)"
185.191.171.16 - - [09/Oct/2022:08:23:21 +0200] "GET /mani-lucky-beige-p-37337.html?action=add_product HTTP/1.0" 302 476 "-" "Mozilla/5.0 (compatible; SemrushBot/7~bl; +http://www.semrush.com/bot.html)"
185.191.171.14 - - [09/Oct/2022:08:23:22 +0200] "GET /marseille-retro-coasters-p-47089.html?action=add_product HTTP/1.0" 302 476 "-" "Mozilla/5.0 (compatible; SemrushBot/7~bl; +http://www.semrush.com/bot.html)"
185.191.171.41 - - [09/Oct/2022:08:23:32 +0200] "GET /mustache-mouse-cbkreation-p-20056.html HTTP/1.0" 200 74887 "-" "Mozilla/5.0 (compatible; SemrushBot/7~bl; +http://www.semrush.com/bot.html)"
185.191.171.35 - - [09/Oct/2022:08:23:35 +0200] "GET /altogether-christmas-winnie-pooh-hanging-ornament-p-58482.html?action=add_product HTTP/1.0" 302 476 "-" "Mozilla/5.0 (compatible; SemrushBot/7~bl; +http://www.semrush.com/bot.html)"
54.36.149.5 - - [09/Oct/2022:08:23:37 +0200] "GET /saint-therese-statue-p-40233.html HTTP/1.0" 200 74964 "-" "Mozilla/5.0 (compatible; AhrefsBot/7.0; +http://ahrefs.com/robot/)"
185.191.171.24 - - [09/Oct/2022:08:23:44 +0200] "GET /gorjuss-scarf-glasses-p-35808.html?action=add_product HTTP/1.0" 302 476 "-" "Mozilla/5.0 (compatible; SemrushBot/7~bl; +http://www.semrush.com/bot.html)"
185.191.171.33 - - [09/Oct/2022:08:23:53 +0200] "GET /-p-47964.html HTTP/1.0" 200 72248 "-" "Mozilla/5.0 (compatible; SemrushBot/7~bl; +http://www.semrush.com/bot.html)"
185.191.171.41 - - [09/Oct/2022:08:24:03 +0200] "GET /harley-davidson-genuine-small-metal-plate-p-15216.html?action=add_product HTTP/1.0" 302 476 "-" "Mozilla/5.0 (compatible; SemrushBot/7~bl; +http://www.semrush.com/bot.html)"
114.119.133.245 - - [09/Oct/2022:08:24:17 +0200] "GET /images/big_prod_2/8424346535354C.jpg HTTP/1.0" 200 271 "http://www.wonder-geek.com/golden-ceramic-table-lamp-p-57930.html" "Mozilla/5.0 (Linux; Android 7.0;) AppleWebKit/537.36 (KHTML, like Gecko) Mobile Safari/537.36 (compatible; PetalBot;+https://webmaster.petalsearch.com/site/petalbot)"
66.249.64.244 - - [09/Oct/2022:08:24:23 +0200] "GET /flower-summer-collection-ladybug-p-52694.html HTTP/1.0" 200 72382 "-" "Mozilla/5.0 (Linux; Android 6.0.1; Nexus 5X Build/MMB29P) AppleWebKit/537.36 (KHTML, like Gecko) Chrome/106.0.5249.91 Mobile Safari/537.36 (compatible; Googlebot/2.1; +http://www.google.com/bot.html)"
185.191.171.34 - - [09/Oct/2022:08:24:29 +0200] "GET /cars-crayola-color-number-p-16613.html?action=add_product HTTP/1.0" 301 476 "-" "Mozilla/5.0 (compatible; SemrushBot/7~bl; +http://www.semrush.com/bot.html)"
185.191.171.15 - - [09/Oct/2022:08:24:31 +0200] "GET /-p-47720.html?action=add_product HTTP/1.0" 302 476 "-" "Mozilla/5.0 (compatible; SemrushBot/7~bl; +http://www.semrush.com/bot.html)"
185.191.171.2 - - [09/Oct/2022:08:24:34 +0200] "GET /long-beach-wooden-wall-decoration-hang-p-48844.html?action=add_product HTTP/1.0" 302 476 "-" "Mozilla/5.0 (compatible; SemrushBot/7~bl; +http://www.semrush.com/bot.html)"
185.191.171.5 - - [09/Oct/2022:08:24:45 +0200] "GET /figurine-caricature-polyrsine-biker-p-42885.html HTTP/1.0" 200 72414 "-" "Mozilla/5.0 (compatible; SemrushBot/7~bl; +http://www.semrush.com/bot.html)"
185.191.171.25 - - [09/Oct/2022:08:25:11 +0200] "GET /eccentric-zebra-mug-p-41833.html HTTP/1.0" 301 75036 "-" "Mozilla/5.0 (compatible; SemrushBot/7~bl; +http://www.semrush.com/bot.html)"
185.191.171.40 - - [09/Oct/2022:08:25:14 +0200] "GET /eccentric-zebra-p-41833.html HTTP/1.0" 200 74954 "-" "Mozilla/5.0 (compatible; SemrushBot/7~bl; +http://www.semrush.com/bot.html)"
185.191.171.6 - - [09/Oct/2022:08:25:18 +0200] "GET /bouddha-and-lotus-stickers-p-50010.html HTTP/1.0" 301 75009 "-" "Mozilla/5.0 (compatible; SemrushBot/7~bl; +http://www.semrush.com/bot.html)"
185.191.171.12 - - [09/Oct/2022:08:25:21 +0200] "GET /bouddha-lotus-stickers-p-50010.html HTTP/1.0" 200 74920 "-" "Mozilla/5.0 (compatible; SemrushBot/7~bl; +http://www.semrush.com/bot.html)"
114.119.137.43 - - [09/Oct/2022:08:25:32 +0200] "GET /images/big_prod/8422054690013B.jpg HTTP/1.0" 200 269 "http://www.wonder-geek.com/moroccan-ashtray-p-52727.html" "Mozilla/5.0 (Linux; Android 7.0;) AppleWebKit/537.36 (KHTML, like Gecko) Mobile Safari/537.36 (compatible; PetalBot;+https://webmaster.petalsearch.com/site/petalbot)"
211.249.40.23 - - [09/Oct/2022:08:25:52 +0200] "GET /images/mini_prod/3457019600467.jpg HTTP/1.0" 200 269 "-" "Mozilla/5.0 (X11; Ubuntu; Linux x86_64; rv:72.0) Gecko/20100101 Firefox/72.0"
185.191.171.33 - - [09/Oct/2022:08:25:55 +0200] "GET /-p-35469.html HTTP/1.0" 200 72248 "-" "Mozilla/5.0 (compatible; SemrushBot/7~bl; +http://www.semrush.com/bot.html)"
54.36.148.192 - - [09/Oct/2022:08:25:58 +0200] "GET /egyptian-king-statue-polyresin-p-40356.html HTTP/1.0" 200 72370 "-" "Mozilla/5.0 (compatible; AhrefsBot/7.0; +http://ahrefs.com/robot/)"
185.191.171.8 - - [09/Oct/2022:08:26:23 +0200] "GET /game-thrones-p-26014.html?action=add_product HTTP/1.0" 302 476 "-" "Mozilla/5.0 (compatible; SemrushBot/7~bl; +http://www.semrush.com/bot.html)"
185.191.171.35 - - [09/Oct/2022:08:26:25 +0200] "GET /-p-45512.html?action=add_product HTTP/1.0" 302 476 "-" "Mozilla/5.0 (compatible; SemrushBot/7~bl; +http://www.semrush.com/bot.html)"
185.191.171.15 - - [09/Oct/2022:08:26:27 +0200] "GET /triumph-thermometer-p-40034.html?action=add_product HTTP/1.0" 302 476 "-" "Mozilla/5.0 (compatible; SemrushBot/7~bl; +http://www.semrush.com/bot.html)"
185.191.171.20 - - [09/Oct/2022:08:26:50 +0200] "GET /zippo-candle-utility-lighter-p-43700.html?action=add_product HTTP/1.0" 302 476 "-" "Mozilla/5.0 (compatible; SemrushBot/7~bl; +http://www.semrush.com/bot.html)"
114.119.133.245 - - [09/Oct/2022:08:26:51 +0200] "GET /cats-on-roofs-mini-melamine-tray-p-37952.html HTTP/1.0" 301 72456 "http://www.wonder-geek.com/mini-trays-c-12_159_260.html?page=3" "Mozilla/5.0 (Linux; Android 7.0;) AppleWebKit/537.36 (KHTML, like Gecko) Mobile Safari/537.36 (compatible; PetalBot;+https://webmaster.petalsearch.com/site/petalbot)"
114.119.133.245 - - [09/Oct/2022:08:26:53 +0200] "GET /cats-roofs-mini-melamine-tray-p-37952.html HTTP/1.0" 200 72360 "http://www.wonder-geek.com/mini-trays-c-12_159_260.html?page=3" "Mozilla/5.0 (Linux; Android 7.0;) AppleWebKit/537.36 (KHTML, like Gecko) Mobile Safari/537.36 (compatible; PetalBot;+https://webmaster.petalsearch.com/site/petalbot)"
185.191.171.10 - - [09/Oct/2022:08:26:54 +0200] "GET /soft-hot-water-bottle-with-pompoms-p-52641.html HTTP/1.0" 301 75779 "-" "Mozilla/5.0 (compatible; SemrushBot/7~bl; +http://www.semrush.com/bot.html)"
185.191.171.6 - - [09/Oct/2022:08:26:57 +0200] "GET /soft-water-bottle-with-pompoms-p-52641.html HTTP/1.0" 200 75682 "-" "Mozilla/5.0 (compatible; SemrushBot/7~bl; +http://www.semrush.com/bot.html)"
185.191.171.15 - - [09/Oct/2022:08:27:09 +0200] "GET /bicycle-metal-plate-deco-p-34324.html HTTP/1.0" 301 72315 "-" "Mozilla/5.0 (compatible; SemrushBot/7~bl; +http://www.semrush.com/bot.html)"
185.191.171.43 - - [09/Oct/2022:08:27:14 +0200] "GET /-p-34324.html HTTP/1.0" 200 72248 "-" "Mozilla/5.0 (compatible; SemrushBot/7~bl; +http://www.semrush.com/bot.html)"
185.191.171.14 - - [09/Oct/2022:08:27:41 +0200] "GET /buddha-statue-resin-13-cm-p-34568.html HTTP/1.0" 301 72412 "-" "Mozilla/5.0 (compatible; SemrushBot/7~bl; +http://www.semrush.com/bot.html)"
185.191.171.1 - - [09/Oct/2022:08:27:44 +0200] "GET /scent-heart-home-jasmine-daydream-p-43781.html?action=add_product HTTP/1.0" 302 476 "-" "Mozilla/5.0 (compatible; SemrushBot/7~bl; +http://www.semrush.com/bot.html)"
185.191.171.19 - - [09/Oct/2022:08:27:46 +0200] "GET /buddha-statue-resin-p-34568.html HTTP/1.0" 200 72326 "-" "Mozilla/5.0 (compatible; SemrushBot/7~bl; +http://www.semrush.com/bot.html)"
185.191.171.42 - - [09/Oct/2022:08:27:48 +0200] "GET /spain-flag-cbkreation-alarm-clock-p-24982.html?action=add_product HTTP/1.0" 302 476 "-" "Mozilla/5.0 (compatible; SemrushBot/7~bl; +http://www.semrush.com/bot.html)"
185.191.171.12 - - [09/Oct/2022:08:27:50 +0200] "GET /box-of-sardines-metal-clock-30-cm-p-47909.html HTTP/1.0" 301 72315 "-" "Mozilla/5.0 (compatible; SemrushBot/7~bl; +http://www.semrush.com/bot.html)"
