185.191.171.42 - - [09/Oct/2022:03:21:01 +0200] "GET /removable-cushion-polar-fleece-p-57908.html?action=add_product HTTP/1.0" 302 476 "-" "Mozilla/5.0 (compatible; SemrushBot/7~bl; +http://www.semrush.com/bot.html)"
54.36.148.141 - - [09/Oct/2022:03:21:06 +0200] "GET /citron-collection-large-metal-plate-deco-p-34129.html HTTP/1.0" 200 75027 "-" "Mozilla/5.0 (compatible; AhrefsBot/7.0; +http://ahrefs.com/robot/)"
180.76.26.194 - - [09/Oct/2022:03:21:14 +0200] "GET /images/mini_prod/8435333824245.jpg HTTP/1.0" 200 269 "-" "bce-sdk-python/0.8.73/3.6.8 (default, Nov 16 2020, 16:55:22) [GCC 4.8.5 20150623 (Red Hat 4.8.5-44)]/linux"
51.68.224.127 - - [09/Oct/2022:03:21:17 +0200] "GET /adminweb/export_orders_xml.php?token=256de2z6edz6ed2z6DFSFsed2zed6zeDSFDSGdzedezfzf&maxorders=10&orderstart=1&status=14&start_date=2018-10-01 HTTP/1.0" 200 285 "-" "GesCom CharlotteBoutik Serveur"
51.68.224.127 - - [09/Oct/2022:03:21:17 +0200] "GET /adminweb/export_orders_xml.php?token=256de2z6edz6ed2z6DFSFsed2zed6zeDSFDSGdzedezfzf&maxorders=10&orderstart=1&status=6&start_date=2018-10-01 HTTP/1.0" 200 33985 "-" "GesCom CharlotteBoutik Serveur"
154.85.51.160 - - [09/Oct/2022:03:21:34 +0200] "GET /images/mini_prod/5036278062209.jpg HTTP/1.0" 200 269 "-" "Mozilla/5.0 (X11; Ubuntu; Linux x86_64; rv:72.0) Gecko/20100101 Firefox/72.0"
64.124.8.33 - - [09/Oct/2022:03:21:48 +0200] "GET /robots.txt HTTP/1.0" 200 245 "-" "Mozilla/5.0 (X11; Linux x86_64) AppleWebKit/537.36 (KHTML, like Gecko) Chrome/61.0.3163.79 Safari/537.36"
64.124.8.33 - - [09/Oct/2022:03:21:48 +0200] "GET /mini-rectangular-tray-mini-van-surf-green-p-40338.html HTTP/1.0" 301 72315 "-" "Mozilla/5.0 (X11; Linux x86_64) AppleWebKit/537.36 (KHTML, like Gecko) Chrome/61.0.3163.79 Safari/537.36"
185.191.171.43 - - [09/Oct/2022:03:21:56 +0200] "GET /-p-45127.html?action=add_product HTTP/1.0" 302 476 "-" "Mozilla/5.0 (compatible; SemrushBot/7~bl; +http://www.semrush.com/bot.html)"
185.191.171.18 - - [09/Oct/2022:03:22:19 +0200] "GET /parrots-wall-stickers-p-51120.html?action=add_product HTTP/1.0" 302 476 "-" "Mozilla/5.0 (compatible; SemrushBot/7~bl; +http://www.semrush.com/bot.html)"
185.191.171.16 - - [09/Oct/2022:03:22:19 +0200] "GET /robots.txt HTTP/1.0" 200 245 "-" "Mozilla/5.0 (compatible; SemrushBot/7~bl; +http://www.semrush.com/bot.html)"
54.36.148.218 - - [09/Oct/2022:03:22:31 +0200] "GET /bugatti-large-metal-plate-deco-p-26449.html HTTP/1.0" 200 74935 "-" "Mozilla/5.0 (compatible; AhrefsBot/7.0; +http://ahrefs.com/robot/)"
185.191.171.13 - - [09/Oct/2022:03:22:34 +0200] "GET /quote-wall-stickers-20-70-cm-jules-renard-p-42988.html HTTP/1.0" 301 75139 "-" "Mozilla/5.0 (compatible; SemrushBot/7~bl; +http://www.semrush.com/bot.html)"
185.191.171.11 - - [09/Oct/2022:03:22:40 +0200] "GET /quote-wall-stickers-jules-renard-p-42988.html HTTP/1.0" 200 75040 "-" "Mozilla/5.0 (compatible; SemrushBot/7~bl; +http://www.semrush.com/bot.html)"
173.252.83.17 - - [09/Oct/2022:03:22:53 +0200] "GET /images/mini_prod/3032164107001.jpg HTTP/1.0" 200 269 "-" "facebookexternalhit/1.1 (+http://www.facebook.com/externalhit_uatext.php)"
64.124.8.33 - - [09/Oct/2022:03:22:51 +0200] "GET /strawberry-shortcake-years-p-22120.html HTTP/1.0" 200 75087 "-" "Mozilla/5.0 (X11; Linux x86_64) AppleWebKit/537.36 (KHTML, like Gecko) Chrome/61.0.3163.79 Safari/537.36"
185.191.171.5 - - [09/Oct/2022:03:22:54 +0200] "GET /ornamental-compass-golden-brass-p-56651.html HTTP/1.0" 200 75573 "-" "Mozilla/5.0 (compatible; SemrushBot/7~bl; +http://www.semrush.com/bot.html)"
185.191.171.26 - - [09/Oct/2022:03:23:02 +0200] "GET /bhoutan-rectangulary-cushion-cbkreation-p-36752.html HTTP/1.0" 301 72315 "-" "Mozilla/5.0 (compatible; SemrushBot/7~bl; +http://www.semrush.com/bot.html)"
180.76.26.254 - - [09/Oct/2022:03:23:10 +0200] "GET /images/mini_prod/3503420096426.jpg HTTP/1.0" 200 269 "-" "bce-sdk-python/0.8.73/3.6.8 (default, Nov 16 2020, 16:55:22) [GCC 4.8.5 20150623 (Red Hat 4.8.5-44)]/linux"
185.191.171.11 - - [09/Oct/2022:03:23:06 +0200] "GET /ball-grey-p-38026.html HTTP/1.0" 200 74851 "-" "Mozilla/5.0 (compatible; SemrushBot/7~bl; +http://www.semrush.com/bot.html)"
185.191.171.14 - - [09/Oct/2022:03:23:11 +0200] "GET /us-route-66-metal-clock-p-26375.html HTTP/1.0" 301 72426 "-" "Mozilla/5.0 (compatible; SemrushBot/7~bl; +http://www.semrush.com/bot.html)"
64.124.8.33 - - [09/Oct/2022:03:23:14 +0200] "GET /industrial-clock-with-gears-p-53018.html HTTP/1.0" 200 75639 "-" "Mozilla/5.0 (X11; Linux x86_64) AppleWebKit/537.36 (KHTML, like Gecko) Chrome/61.0.3163.79 Safari/537.36"
185.191.171.35 - - [09/Oct/2022:03:23:16 +0200] "GET /route-metal-clock-p-26375.html HTTP/1.0" 200 72342 "-" "Mozilla/5.0 (compatible; SemrushBot/7~bl; +http://www.semrush.com/bot.html)"
185.191.171.9 - - [09/Oct/2022:03:23:20 +0200] "GET /jasmin-large-make-pouch-p-44219.html?action=add_product HTTP/1.0" 301 476 "-" "Mozilla/5.0 (compatible; SemrushBot/7~bl; +http://www.semrush.com/bot.html)"
185.191.171.23 - - [09/Oct/2022:03:23:22 +0200] "GET /-p-36752.html HTTP/1.0" 200 72248 "-" "Mozilla/5.0 (compatible; SemrushBot/7~bl; +http://www.semrush.com/bot.html)"
185.191.171.9 - - [09/Oct/2022:03:23:27 +0200] "GET /glass-ashtray-peace-love-p-15462.html?action=add_product HTTP/1.0" 302 476 "-" "Mozilla/5.0 (compatible; SemrushBot/7~bl; +http://www.semrush.com/bot.html)"
185.191.171.17 - - [09/Oct/2022:03:23:30 +0200] "GET /us-clock-by-cbkreation-p-24371.html HTTP/1.0" 301 75055 "-" "Mozilla/5.0 (compatible; SemrushBot/7~bl; +http://www.semrush.com/bot.html)"
64.124.8.33 - - [09/Oct/2022:03:23:20 +0200] "GET /partys-decoration-c-12_51.html HTTP/1.0" 200 66315 "-" "Mozilla/5.0 (X11; Linux x86_64) AppleWebKit/537.36 (KHTML, like Gecko) Chrome/61.0.3163.79 Safari/537.36"
185.191.171.45 - - [09/Oct/2022:03:23:35 +0200] "GET /bulldog-canvas-frame-made-france-p-33379.html?action=add_product HTTP/1.0" 302 476 "-" "Mozilla/5.0 (compatible; SemrushBot/7~bl; +http://www.semrush.com/bot.html)"
64.124.8.33 - - [09/Oct/2022:03:23:34 +0200] "GET /light-gray-satin-shade-p-57097.html HTTP/1.0" 200 72326 "-" "Mozilla/5.0 (X11; Linux x86_64) AppleWebKit/537.36 (KHTML, like Gecko) Chrome/61.0.3163.79 Safari/537.36"
185.191.171.25 - - [09/Oct/2022:03:23:37 +0200] "GET /clock-cbkreation-p-24371.html HTTP/1.0" 200 74972 "-" "Mozilla/5.0 (compatible; SemrushBot/7~bl; +http://www.semrush.com/bot.html)"
185.191.171.25 - - [09/Oct/2022:03:23:43 +0200] "GET /hanging-decoration-tour-de-france-p-52276.html HTTP/1.0" 301 75106 "-" "Mozilla/5.0 (compatible; SemrushBot/7~bl; +http://www.semrush.com/bot.html)"
185.191.171.39 - - [09/Oct/2022:03:23:48 +0200] "GET /-p-19638.html?action=add_product HTTP/1.0" 302 476 "-" "Mozilla/5.0 (compatible; SemrushBot/7~bl; +http://www.semrush.com/bot.html)"
64.124.8.33 - - [09/Oct/2022:03:23:46 +0200] "GET /printed-plexiglas-mirrors-vehicle-vintage-p-33374.html HTTP/1.0" 200 75070 "-" "Mozilla/5.0 (X11; Linux x86_64) AppleWebKit/537.36 (KHTML, like Gecko) Chrome/61.0.3163.79 Safari/537.36"
185.191.171.33 - - [09/Oct/2022:03:23:51 +0200] "GET /dark-wood-resin-characters-statue-p-56907.html?action=add_product HTTP/1.0" 302 476 "-" "Mozilla/5.0 (compatible; SemrushBot/7~bl; +http://www.semrush.com/bot.html)"
64.124.8.33 - - [09/Oct/2022:03:23:50 +0200] "GET /set-of-olympique-de-marseille-ceramic-espresso-cups-p-50784.html HTTP/1.0" 301 72534 "-" "Mozilla/5.0 (X11; Linux x86_64) AppleWebKit/537.36 (KHTML, like Gecko) Chrome/61.0.3163.79 Safari/537.36"
185.191.171.25 - - [09/Oct/2022:03:23:53 +0200] "GET /hanging-decoration-tour-france-p-52276.html HTTP/1.0" 200 75009 "-" "Mozilla/5.0 (compatible; SemrushBot/7~bl; +http://www.semrush.com/bot.html)"
185.191.171.4 - - [09/Oct/2022:03:23:59 +0200] "GET /lotus-candleholder-blue-goldlining-p-47016.html HTTP/1.0" 200 76398 "-" "Mozilla/5.0 (compatible; SemrushBot/7~bl; +http://www.semrush.com/bot.html)"
54.36.149.98 - - [09/Oct/2022:03:24:02 +0200] "GET /cactus-ground-sheet-p-52166.html HTTP/1.0" 200 75927 "-" "Mozilla/5.0 (compatible; AhrefsBot/7.0; +http://ahrefs.com/robot/)"
64.124.8.33 - - [09/Oct/2022:03:24:05 +0200] "GET /squirrel-mini-mug-p-45268.html HTTP/1.0" 301 72378 "-" "Mozilla/5.0 (X11; Linux x86_64) AppleWebKit/537.36 (KHTML, like Gecko) Chrome/61.0.3163.79 Safari/537.36"
64.124.8.33 - - [09/Oct/2022:03:24:04 +0200] "GET /police-night-light-p-58495.html HTTP/1.0" 200 75966 "-" "Mozilla/5.0 (X11; Linux x86_64) AppleWebKit/537.36 (KHTML, like Gecko) Chrome/61.0.3163.79 Safari/537.36"
64.124.8.33 - - [09/Oct/2022:03:24:07 +0200] "GET /attention-chat-bizarre-metal-plate-deco-p-45072.html HTTP/1.0" 200 74954 "-" "Mozilla/5.0 (X11; Linux x86_64) AppleWebKit/537.36 (KHTML, like Gecko) Chrome/61.0.3163.79 Safari/537.36"
185.191.171.14 - - [09/Oct/2022:03:24:12 +0200] "GET /luminous-earth-globe-decoration-p-52915.html?action=add_product HTTP/1.0" 302 476 "-" "Mozilla/5.0 (compatible; SemrushBot/7~bl; +http://www.semrush.com/bot.html)"
64.124.8.33 - - [09/Oct/2022:03:24:21 +0200] "GET /dory-pencil-case-p-44918.html HTTP/1.0" 200 74909 "-" "Mozilla/5.0 (X11; Linux x86_64) AppleWebKit/537.36 (KHTML, like Gecko) Chrome/61.0.3163.79 Safari/537.36"
64.124.8.33 - - [09/Oct/2022:03:24:22 +0200] "GET /incense-elephant-rose-15-gr-shyam-the-divine-lover-p-40370.html HTTP/1.0" 301 75276 "-" "Mozilla/5.0 (X11; Linux x86_64) AppleWebKit/537.36 (KHTML, like Gecko) Chrome/61.0.3163.79 Safari/537.36"
64.124.8.33 - - [09/Oct/2022:03:24:25 +0200] "GET /amethyst-rune-oracle-set-in-velvet-bag-p-53557.html HTTP/1.0" 301 72462 "-" "Mozilla/5.0 (X11; Linux x86_64) AppleWebKit/537.36 (KHTML, like Gecko) Chrome/61.0.3163.79 Safari/537.36"
185.191.171.8 - - [09/Oct/2022:03:24:13 +0200] "GET /rugs-c-269.html?page=7 HTTP/1.0" 200 92750 "-" "Mozilla/5.0 (compatible; SemrushBot/7~bl; +http://www.semrush.com/bot.html)"
64.124.8.33 - - [09/Oct/2022:03:24:30 +0200] "GET /peg-and-coat-hook-c-13_198.html HTTP/1.0" 301 92553 "-" "Mozilla/5.0 (X11; Linux x86_64) AppleWebKit/537.36 (KHTML, like Gecko) Chrome/61.0.3163.79 Safari/537.36"
64.124.8.33 - - [09/Oct/2022:03:24:40 +0200] "GET /headrest-cushion-45-70-cm-margaret-p-52930.html HTTP/1.0" 301 72434 "-" "Mozilla/5.0 (X11; Linux x86_64) AppleWebKit/537.36 (KHTML, like Gecko) Chrome/61.0.3163.79 Safari/537.36"
216.244.66.242 - - [09/Oct/2022:03:24:41 +0200] "GET /jasmin-large-cabas-jasmine-p-44159.html HTTP/1.0" 301 72315 "-" "Mozilla/5.0 (compatible; DotBot/1.2; +https://opensiteexplorer.org/dotbot; help@moz.com)"
185.191.171.9 - - [09/Oct/2022:03:24:47 +0200] "GET /triskel-shooter-p-46328.html?action=add_product HTTP/1.0" 302 476 "-" "Mozilla/5.0 (compatible; SemrushBot/7~bl; +http://www.semrush.com/bot.html)"
64.124.8.33 - - [09/Oct/2022:03:24:47 +0200] "GET /jolies-cocottes-oven-mitt-p-43816.html HTTP/1.0" 200 72306 "-" "Mozilla/5.0 (X11; Linux x86_64) AppleWebKit/537.36 (KHTML, like Gecko) Chrome/61.0.3163.79 Safari/537.36"
64.124.8.33 - - [09/Oct/2022:03:24:48 +0200] "GET /piggy-bank-pig-in-coconut-p-50590.html HTTP/1.0" 301 75575 "-" "Mozilla/5.0 (X11; Linux x86_64) AppleWebKit/537.36 (KHTML, like Gecko) Chrome/61.0.3163.79 Safari/537.36"
216.244.66.242 - - [09/Oct/2022:03:24:52 +0200] "GET /volkswagen-beetle-red-p-26266.html HTTP/1.0" 301 72315 "-" "Mozilla/5.0 (compatible; DotBot/1.2; +https://opensiteexplorer.org/dotbot; help@moz.com)"
216.244.66.242 - - [09/Oct/2022:03:24:59 +0200] "GET /corsica-plage-de-calvi-placemat-45-30-cm-p-49721.html HTTP/1.0" 301 75158 "-" "Mozilla/5.0 (compatible; DotBot/1.2; +https://opensiteexplorer.org/dotbot; help@moz.com)"
64.124.8.33 - - [09/Oct/2022:03:25:01 +0200] "GET /isocele-red-bedclothes-240-220/588/ HTTP/1.0" 404 1308 "-" "Mozilla/5.0 (X11; Linux x86_64) AppleWebKit/537.36 (KHTML, like Gecko) Chrome/61.0.3163.79 Safari/537.36"
185.191.171.23 - - [09/Oct/2022:03:25:02 +0200] "GET /scented-candles-and-novenas-c-13_227.html?page=8 HTTP/1.0" 301 96356 "-" "Mozilla/5.0 (compatible; SemrushBot/7~bl; +http://www.semrush.com/bot.html)"
185.191.171.21 - - [09/Oct/2022:03:25:05 +0200] "GET /jacquard-cotton-velvet-towel-170-95-cm-aloha-p-48177.html HTTP/1.0" 301 72487 "-" "Mozilla/5.0 (compatible; SemrushBot/7~bl; +http://www.semrush.com/bot.html)"
216.244.66.242 - - [09/Oct/2022:03:25:08 +0200] "GET /indian-motorcycle-metal-plate-deco-405-215-cm-p-41068.html HTTP/1.0" 301 75219 "-" "Mozilla/5.0 (compatible; DotBot/1.2; +https://opensiteexplorer.org/dotbot; help@moz.com)"
185.191.171.9 - - [09/Oct/2022:03:25:08 +0200] "GET /jacquard-cotton-velvet-towel-aloha-p-48177.html HTTP/1.0" 200 72386 "-" "Mozilla/5.0 (compatible; SemrushBot/7~bl; +http://www.semrush.com/bot.html)"
54.36.149.25 - - [09/Oct/2022:03:25:20 +0200] "GET /cats-dubout-vase-trio-p-35042.html HTTP/1.0" 200 75924 "-" "Mozilla/5.0 (compatible; AhrefsBot/7.0; +http://ahrefs.com/robot/)"
66.249.64.244 - - [09/Oct/2022:03:25:21 +0200] "GET /indian-motorcycle-metal-plate-deco-405-215-cm-p-47181.html HTTP/1.0" 301 75169 "-" "Mozilla/5.0 (compatible; Googlebot/2.1; +http://www.google.com/bot.html)"
66.249.64.246 - - [09/Oct/2022:03:25:23 +0200] "GET /indian-motorcycle-metal-plate-deco-p-47181.html HTTP/1.0" 200 75068 "-" "Mozilla/5.0 (compatible; Googlebot/2.1; +http://www.google.com/bot.html)"
64.124.8.33 - - [09/Oct/2022:03:25:26 +0200] "GET /mouse-pad-c-13_85.html HTTP/1.0" 301 93456 "-" "Mozilla/5.0 (X11; Linux x86_64) AppleWebKit/537.36 (KHTML, like Gecko) Chrome/61.0.3163.79 Safari/537.36"
64.124.8.33 - - [09/Oct/2022:03:25:26 +0200] "GET /clock-the-sweetest-happiness-wooden-28-cm-p-47342.html HTTP/1.0" 301 75153 "-" "Mozilla/5.0 (X11; Linux x86_64) AppleWebKit/537.36 (KHTML, like Gecko) Chrome/61.0.3163.79 Safari/537.36"
64.124.8.33 - - [09/Oct/2022:03:25:27 +0200] "GET /hats-and-caps-c-1_44.html HTTP/1.0" 301 93560 "-" "Mozilla/5.0 (X11; Linux x86_64) AppleWebKit/537.36 (KHTML, like Gecko) Chrome/61.0.3163.79 Safari/537.36"
64.124.8.33 - - [09/Oct/2022:03:25:47 +0200] "GET /big-lamp-african-woman-70-cm-p-49398.html HTTP/1.0" 301 72417 "-" "Mozilla/5.0 (X11; Linux x86_64) AppleWebKit/537.36 (KHTML, like Gecko) Chrome/61.0.3163.79 Safari/537.36"
64.124.8.33 - - [09/Oct/2022:03:25:55 +0200] "GET /spiderman-plastic-plate-p-17125.html HTTP/1.0" 301 72315 "-" "Mozilla/5.0 (X11; Linux x86_64) AppleWebKit/537.36 (KHTML, like Gecko) Chrome/61.0.3163.79 Safari/537.36"
64.124.8.33 - - [09/Oct/2022:03:26:01 +0200] "GET /om-mug-p-47389.html HTTP/1.0" 200 72262 "-" "Mozilla/5.0 (X11; Linux x86_64) AppleWebKit/537.36 (KHTML, like Gecko) Chrome/61.0.3163.79 Safari/537.36"
64.124.8.33 - - [09/Oct/2022:03:26:04 +0200] "GET /marcel-planters-p-58066.html HTTP/1.0" 200 75980 "-" "Mozilla/5.0 (X11; Linux x86_64) AppleWebKit/537.36 (KHTML, like Gecko) Chrome/61.0.3163.79 Safari/537.36"
64.124.8.33 - - [09/Oct/2022:03:26:13 +0200] "GET /choupy-tisanire-p-54596.html HTTP/1.0" 200 74896 "-" "Mozilla/5.0 (X11; Linux x86_64) AppleWebKit/537.36 (KHTML, like Gecko) Chrome/61.0.3163.79 Safari/537.36"
64.124.8.33 - - [09/Oct/2022:03:26:16 +0200] "GET /little-green-moustache-ring-p-18697.html HTTP/1.0" 200 75368 "-" "Mozilla/5.0 (X11; Linux x86_64) AppleWebKit/537.36 (KHTML, like Gecko) Chrome/61.0.3163.79 Safari/537.36"
185.191.171.2 - - [09/Oct/2022:03:26:16 +0200] "GET /manua-bedclothes-p-58357.html HTTP/1.0" 200 75530 "-" "Mozilla/5.0 (compatible; SemrushBot/7~bl; +http://www.semrush.com/bot.html)"
185.191.171.24 - - [09/Oct/2022:03:26:41 +0200] "GET /dishes-c-13_12.html?page=152 HTTP/1.0" 200 93973 "-" "Mozilla/5.0 (compatible; SemrushBot/7~bl; +http://www.semrush.com/bot.html)"
185.191.171.10 - - [09/Oct/2022:03:26:45 +0200] "GET /keel-toys-plush-pipp-panda-p-51010.html?action=add_product HTTP/1.0" 302 476 "-" "Mozilla/5.0 (compatible; SemrushBot/7~bl; +http://www.semrush.com/bot.html)"
185.191.171.37 - - [09/Oct/2022:03:26:46 +0200] "GET /craft-attack-allen-clock-p-49500.html?action=add_product HTTP/1.0" 302 476 "-" "Mozilla/5.0 (compatible; SemrushBot/7~bl; +http://www.semrush.com/bot.html)"
64.124.8.33 - - [09/Oct/2022:03:26:47 +0200] "GET /pillow-case-65-65-cm-olive-green-p-51991.html HTTP/1.0" 301 72315 "-" "Mozilla/5.0 (X11; Linux x86_64) AppleWebKit/537.36 (KHTML, like Gecko) Chrome/61.0.3163.79 Safari/537.36"
185.191.171.25 - - [09/Oct/2022:03:26:48 +0200] "GET /porcelain-bowl-tous-p-54486.html?action=add_product HTTP/1.0" 302 476 "-" "Mozilla/5.0 (compatible; SemrushBot/7~bl; +http://www.semrush.com/bot.html)"
64.124.8.33 - - [09/Oct/2022:03:26:54 +0200] "GET /educational-children-watch-sailor-p-51720.html HTTP/1.0" 200 76578 "-" "Mozilla/5.0 (X11; Linux x86_64) AppleWebKit/537.36 (KHTML, like Gecko) Chrome/61.0.3163.79 Safari/537.36"
54.36.148.78 - - [09/Oct/2022:03:26:57 +0200] "GET /stardust-candy-cloud-keychain-p-46658.html HTTP/1.0" 200 74935 "-" "Mozilla/5.0 (compatible; AhrefsBot/7.0; +http://ahrefs.com/robot/)"
173.252.83.10 - - [09/Oct/2022:03:27:00 +0200] "GET /images/mini_prod/1399984280263.jpg HTTP/1.0" 200 269 "-" "facebookexternalhit/1.1 (+http://www.facebook.com/externalhit_uatext.php)"
64.124.8.33 - - [09/Oct/2022:03:27:03 +0200] "GET /harley-davidson-genuine-logo-stripes-lighter-p-45313.html HTTP/1.0" 200 76117 "-" "Mozilla/5.0 (X11; Linux x86_64) AppleWebKit/537.36 (KHTML, like Gecko) Chrome/61.0.3163.79 Safari/537.36"
185.191.171.34 - - [09/Oct/2022:03:27:14 +0200] "GET /decoration-protection-animal-iphone-cable-p-47278.html?action=add_product HTTP/1.0" 302 476 "-" "Mozilla/5.0 (compatible; SemrushBot/7~bl; +http://www.semrush.com/bot.html)"
185.191.171.25 - - [09/Oct/2022:03:27:20 +0200] "GET /-p-50048.html?action=add_product HTTP/1.0" 302 476 "-" "Mozilla/5.0 (compatible; SemrushBot/7~bl; +http://www.semrush.com/bot.html)"
185.191.171.25 - - [09/Oct/2022:03:27:21 +0200] "GET /chimes-and-suspensions-c-13_241.html?page=4 HTTP/1.0" 301 85684 "-" "Mozilla/5.0 (compatible; SemrushBot/7~bl; +http://www.semrush.com/bot.html)"
185.191.171.39 - - [09/Oct/2022:03:27:24 +0200] "GET /chimes-suspensions-c-241.html?page=4 HTTP/1.0" 301 85561 "-" "Mozilla/5.0 (compatible; SemrushBot/7~bl; +http://www.semrush.com/bot.html)"
185.191.171.25 - - [09/Oct/2022:03:27:27 +0200] "GET /chimes-suspensions-c-13_241.html?page=4 HTTP/1.0" 200 85594 "-" "Mozilla/5.0 (compatible; SemrushBot/7~bl; +http://www.semrush.com/bot.html)"
185.191.171.16 - - [09/Oct/2022:03:27:31 +0200] "GET /riverdale-bear-p-31718.html?action=add_product HTTP/1.0" 302 476 "-" "Mozilla/5.0 (compatible; SemrushBot/7~bl; +http://www.semrush.com/bot.html)"
185.191.171.25 - - [09/Oct/2022:03:27:42 +0200] "GET /ceramic-lamp-p-52964.html?action=add_product HTTP/1.0" 301 476 "-" "Mozilla/5.0 (compatible; SemrushBot/7~bl; +http://www.semrush.com/bot.html)"
185.191.171.8 - - [09/Oct/2022:03:27:44 +0200] "GET /hippopotamus-mother-statuette-babies-resin-p-56817.html?action=add_product HTTP/1.0" 302 476 "-" "Mozilla/5.0 (compatible; SemrushBot/7~bl; +http://www.semrush.com/bot.html)"
185.191.171.25 - - [09/Oct/2022:03:27:47 +0200] "GET /statuette-african-bust-p-48836.html?action=add_product HTTP/1.0" 302 476 "-" "Mozilla/5.0 (compatible; SemrushBot/7~bl; +http://www.semrush.com/bot.html)"
185.191.171.36 - - [09/Oct/2022:03:27:52 +0200] "GET /three-resin-skeletons-gold-hear-p-42296.html?action=add_product HTTP/1.0" 302 476 "-" "Mozilla/5.0 (compatible; SemrushBot/7~bl; +http://www.semrush.com/bot.html)"
185.191.171.4 - - [09/Oct/2022:03:27:56 +0200] "GET /gorjuss-ladybird-small-satchel-p-29464.html HTTP/1.0" 200 72358 "-" "Mozilla/5.0 (compatible; SemrushBot/7~bl; +http://www.semrush.com/bot.html)"
66.249.64.242 - - [09/Oct/2022:03:27:57 +0200] "GET /silver-statuette-haltero-p-45401.html HTTP/1.0" 200 74996 "-" "Mozilla/5.0 (Linux; Android 6.0.1; Nexus 5X Build/MMB29P) AppleWebKit/537.36 (KHTML, like Gecko) Chrome/105.0.5195.125 Mobile Safari/537.36 (compatible; Googlebot/2.1; +http://www.google.com/bot.html)"
185.191.171.17 - - [09/Oct/2022:03:28:07 +0200] "GET /handy-manny-disney-table-lamp-p-24750.html?action=add_product HTTP/1.0" 302 476 "-" "Mozilla/5.0 (compatible; SemrushBot/7~bl; +http://www.semrush.com/bot.html)"
54.36.148.129 - - [09/Oct/2022:03:28:22 +0200] "GET /lighting-c-13_86.html?page=8 HTTP/1.0" 200 93300 "-" "Mozilla/5.0 (compatible; AhrefsBot/7.0; +http://ahrefs.com/robot/)"
185.191.171.4 - - [09/Oct/2022:03:28:34 +0200] "GET /alarm-clock-with-acoustic-sensor-p-58216.html?action=add_product HTTP/1.0" 302 476 "-" "Mozilla/5.0 (compatible; SemrushBot/7~bl; +http://www.semrush.com/bot.html)"
185.191.171.34 - - [09/Oct/2022:03:28:39 +0200] "GET /love-kids-school-bag-p-44923.html HTTP/1.0" 301 75187 "-" "Mozilla/5.0 (compatible; SemrushBot/7~bl; +http://www.semrush.com/bot.html)"
185.191.171.14 - - [09/Oct/2022:03:28:43 +0200] "GET /love-kids-school-p-44923.html HTTP/1.0" 200 75104 "-" "Mozilla/5.0 (compatible; SemrushBot/7~bl; +http://www.semrush.com/bot.html)"
185.191.171.17 - - [09/Oct/2022:03:29:04 +0200] "GET /taiji-quan-statuette-model-p-50081.html HTTP/1.0" 200 72350 "-" "Mozilla/5.0 (compatible; SemrushBot/7~bl; +http://www.semrush.com/bot.html)"
192.144.201.5 - - [09/Oct/2022:03:29:07 +0200] "GET /images/mini_prod/3281640390066.jpg HTTP/1.0" 200 269 "-" "python-requests/2.27.1"
185.191.171.5 - - [09/Oct/2022:03:29:21 +0200] "GET /coca-cola-university-cosmetic-p-18868.html?action=add_product HTTP/1.0" 302 476 "-" "Mozilla/5.0 (compatible; SemrushBot/7~bl; +http://www.semrush.com/bot.html)"
66.249.64.242 - - [09/Oct/2022:03:29:41 +0200] "GET /images/mini_prod/9316188092517.jpg HTTP/1.0" 200 269 "-" "Googlebot-Image/1.0"
54.36.148.254 - - [09/Oct/2022:03:29:42 +0200] "GET /embossed-metal-plate-p-56758.html HTTP/1.0" 200 75521 "-" "Mozilla/5.0 (compatible; AhrefsBot/7.0; +http://ahrefs.com/robot/)"
192.144.201.5 - - [09/Oct/2022:03:29:57 +0200] "GET /images/mini_prod/8718375751411.jpg HTTP/1.0" 200 269 "-" "python-requests/2.27.1"
66.249.64.244 - - [09/Oct/2022:03:29:57 +0200] "GET /dexter-shirt-p-29488.html HTTP/1.0" 200 76764 "-" "Mozilla/5.0 (compatible; Googlebot/2.1; +http://www.google.com/bot.html)"
185.191.171.11 - - [09/Oct/2022:03:30:02 +0200] "GET /bravo-gnial-super-card-p-20051.html?action=add_product HTTP/1.0" 302 476 "-" "Mozilla/5.0 (compatible; SemrushBot/7~bl; +http://www.semrush.com/bot.html)"
66.249.64.242 - - [09/Oct/2022:03:30:23 +0200] "GET /figurine-buddhist-little-monk-seeing-nothing-13-cm-p-46670.html HTTP/1.0" 301 72541 "-" "Mozilla/5.0 (Linux; Android 6.0.1; Nexus 5X Build/MMB29P) AppleWebKit/537.36 (KHTML, like Gecko) Chrome/105.0.5195.125 Mobile Safari/537.36 (compatible; Googlebot/2.1; +http://www.google.com/bot.html)"
66.249.64.246 - - [09/Oct/2022:03:30:25 +0200] "GET /figurine-buddhist-little-monk-seeing-nothing-p-46670.html HTTP/1.0" 200 72430 "-" "Mozilla/5.0 (Linux; Android 6.0.1; Nexus 5X Build/MMB29P) AppleWebKit/537.36 (KHTML, like Gecko) Chrome/105.0.5195.125 Mobile Safari/537.36 (compatible; Googlebot/2.1; +http://www.google.com/bot.html)"
66.249.64.244 - - [09/Oct/2022:03:30:27 +0200] "GET /indian-motorcycle-metal-plate-deco-405-215-cm-p-42343.html HTTP/1.0" 301 75219 "-" "Mozilla/5.0 (compatible; Googlebot/2.1; +http://www.google.com/bot.html)"
66.249.64.244 - - [09/Oct/2022:03:30:29 +0200] "GET /indian-motorcycle-metal-plate-deco-p-42343.html HTTP/1.0" 200 75118 "-" "Mozilla/5.0 (compatible; Googlebot/2.1; +http://www.google.com/bot.html)"
192.144.201.5 - - [09/Oct/2022:03:31:00 +0200] "GET /images/mini_prod/8435333853245.jpg HTTP/1.0" 200 269 "-" "python-requests/2.27.1"
185.191.171.35 - - [09/Oct/2022:03:31:00 +0200] "GET /white-piggy-bank-p-32853.html HTTP/1.0" 301 72315 "-" "Mozilla/5.0 (compatible; SemrushBot/7~bl; +http://www.semrush.com/bot.html)"
185.191.171.10 - - [09/Oct/2022:03:31:03 +0200] "GET /-p-32853.html HTTP/1.0" 200 72248 "-" "Mozilla/5.0 (compatible; SemrushBot/7~bl; +http://www.semrush.com/bot.html)"
185.191.171.13 - - [09/Oct/2022:03:31:06 +0200] "GET /cushion-cover-40-60-cm-p-52123.html HTTP/1.0" 301 75116 "-" "Mozilla/5.0 (compatible; SemrushBot/7~bl; +http://www.semrush.com/bot.html)"
54.36.148.143 - - [09/Oct/2022:03:31:10 +0200] "GET /miss-mindy-jack-skellington-resin-figurine-p-49392.html HTTP/1.0" 200 75515 "-" "Mozilla/5.0 (compatible; AhrefsBot/7.0; +http://ahrefs.com/robot/)"
185.191.171.11 - - [09/Oct/2022:03:31:10 +0200] "GET /cushion-cover-p-52123.html HTTP/1.0" 200 75036 "-" "Mozilla/5.0 (compatible; SemrushBot/7~bl; +http://www.semrush.com/bot.html)"
185.191.171.18 - - [09/Oct/2022:03:31:30 +0200] "GET /love-london-rectangular-mirror-p-29008.html?action=add_product HTTP/1.0" 302 476 "-" "Mozilla/5.0 (compatible; SemrushBot/7~bl; +http://www.semrush.com/bot.html)"
185.191.171.6 - - [09/Oct/2022:03:31:33 +0200] "GET /mandala-coasters-ceramic-p-44401.html?action=add_product HTTP/1.0" 302 476 "-" "Mozilla/5.0 (compatible; SemrushBot/7~bl; +http://www.semrush.com/bot.html)"
66.249.64.246 - - [09/Oct/2022:03:31:44 +0200] "GET /images/mini_prod/5051276459424.jpg HTTP/1.0" 200 269 "-" "Googlebot-Image/1.0"
185.191.171.21 - - [09/Oct/2022:03:31:46 +0200] "GET /cotton-napkin-sold-individually-p-51264.html?action=add_product HTTP/1.0" 302 476 "-" "Mozilla/5.0 (compatible; SemrushBot/7~bl; +http://www.semrush.com/bot.html)"
207.46.13.140 - - [09/Oct/2022:03:31:50 +0200] "GET /images/big_prod_1/3660173224282a.jpg HTTP/1.0" 200 271 "-" "Mozilla/5.0 (compatible; bingbot/2.0; +http://www.bing.com/bingbot.htm)"
185.191.171.11 - - [09/Oct/2022:03:31:55 +0200] "GET /dolomite-lamp-p-55141.html?action=add_product HTTP/1.0" 302 476 "-" "Mozilla/5.0 (compatible; SemrushBot/7~bl; +http://www.semrush.com/bot.html)"
185.191.171.38 - - [09/Oct/2022:03:32:02 +0200] "GET /decoration-elephant-head-35-cm-p-46693.html HTTP/1.0" 301 72441 "-" "Mozilla/5.0 (compatible; SemrushBot/7~bl; +http://www.semrush.com/bot.html)"
185.191.171.24 - - [09/Oct/2022:03:32:06 +0200] "GET /good-year-tires-large-box-p-45948.html HTTP/1.0" 301 75127 "-" "Mozilla/5.0 (compatible; SemrushBot/7~bl; +http://www.semrush.com/bot.html)"
211.249.40.23 - - [09/Oct/2022:03:32:09 +0200] "GET /images/mini_prod/3014627830152.jpg HTTP/1.0" 200 269 "-" "Mozilla/5.0 (X11; Ubuntu; Linux x86_64; rv:72.0) Gecko/20100101 Firefox/72.0"
185.191.171.24 - - [09/Oct/2022:03:32:11 +0200] "GET /good-year-tires-large-p-45948.html HTTP/1.0" 200 75039 "-" "Mozilla/5.0 (compatible; SemrushBot/7~bl; +http://www.semrush.com/bot.html)"
185.191.171.8 - - [09/Oct/2022:03:32:14 +0200] "GET /rajakapotasana-yoga-statuette-p-47499.html HTTP/1.0" 200 72354 "-" "Mozilla/5.0 (compatible; SemrushBot/7~bl; +http://www.semrush.com/bot.html)"
185.191.171.44 - - [09/Oct/2022:03:32:18 +0200] "GET /brass-bell-with-wooden-handle-p-56650.html?action=add_product HTTP/1.0" 302 476 "-" "Mozilla/5.0 (compatible; SemrushBot/7~bl; +http://www.semrush.com/bot.html)"
185.191.171.7 - - [09/Oct/2022:03:32:19 +0200] "GET /pill-box-curiosity-mirabelle-p-38203.html HTTP/1.0" 301 72315 "-" "Mozilla/5.0 (compatible; SemrushBot/7~bl; +http://www.semrush.com/bot.html)"
185.191.171.16 - - [09/Oct/2022:03:32:22 +0200] "GET /pegase-mug-by-cbkreation-p-33779.html HTTP/1.0" 301 74956 "-" "Mozilla/5.0 (compatible; SemrushBot/7~bl; +http://www.semrush.com/bot.html)"
185.191.171.20 - - [09/Oct/2022:03:32:25 +0200] "GET /pegase-cbkreation-p-33779.html HTTP/1.0" 200 74872 "-" "Mozilla/5.0 (compatible; SemrushBot/7~bl; +http://www.semrush.com/bot.html)"
185.191.171.16 - - [09/Oct/2022:03:32:28 +0200] "GET /metal-shaped-radio-clock-p-51431.html?action=add_product HTTP/1.0" 302 476 "-" "Mozilla/5.0 (compatible; SemrushBot/7~bl; +http://www.semrush.com/bot.html)"
185.191.171.12 - - [09/Oct/2022:03:32:30 +0200] "GET /-p-38203.html HTTP/1.0" 200 72248 "-" "Mozilla/5.0 (compatible; SemrushBot/7~bl; +http://www.semrush.com/bot.html)"
167.114.209.104 - - [09/Oct/2022:03:32:32 +0200] "GET /robots.txt HTTP/1.0" 200 245 "-" "Mozilla/5.0 (compatible; MJ12bot/v1.4.8; http://mj12bot.com/)"
54.36.148.84 - - [09/Oct/2022:03:32:30 +0200] "GET /brass-compass-ornament-efiltower-france-p-47452.html HTTP/1.0" 200 75642 "-" "Mozilla/5.0 (compatible; AhrefsBot/7.0; +http://ahrefs.com/robot/)"
167.114.209.104 - - [09/Oct/2022:03:32:33 +0200] "GET /-p-32537.html HTTP/1.0" 200 72248 "-" "Mozilla/5.0 (compatible; MJ12bot/v1.4.8; http://mj12bot.com/)"
185.191.171.3 - - [09/Oct/2022:03:32:33 +0200] "GET /decoration-elephant-head-p-46693.html HTTP/1.0" 200 72350 "-" "Mozilla/5.0 (compatible; SemrushBot/7~bl; +http://www.semrush.com/bot.html)"
167.114.209.104 - - [09/Oct/2022:03:32:37 +0200] "GET /-p-32578.html HTTP/1.0" 200 72248 "-" "Mozilla/5.0 (compatible; MJ12bot/v1.4.8; http://mj12bot.com/)"
185.191.171.39 - - [09/Oct/2022:03:32:37 +0200] "GET /the-thinker-statue-of-deep-contemplation-by-rodin-25-cm-p-43678.html HTTP/1.0" 301 75940 "-" "Mozilla/5.0 (compatible; SemrushBot/7~bl; +http://www.semrush.com/bot.html)"
185.191.171.14 - - [09/Oct/2022:03:32:40 +0200] "GET /protects-mattress-fleece-p-49204.html HTTP/1.0" 200 75197 "-" "Mozilla/5.0 (compatible; SemrushBot/7~bl; +http://www.semrush.com/bot.html)"
167.114.209.104 - - [09/Oct/2022:03:32:40 +0200] "GET /-p-33304.html HTTP/1.0" 200 72248 "-" "Mozilla/5.0 (compatible; MJ12bot/v1.4.8; http://mj12bot.com/)"
185.191.171.13 - - [09/Oct/2022:03:32:43 +0200] "GET /thinker-statue-deep-contemplation-rodin-p-43678.html HTTP/1.0" 200 75834 "-" "Mozilla/5.0 (compatible; SemrushBot/7~bl; +http://www.semrush.com/bot.html)"
66.249.64.244 - - [09/Oct/2022:03:32:53 +0200] "GET /images/big_prod/4036113461274.jpg HTTP/1.0" 200 268 "-" "Googlebot-Image/1.0"
167.114.209.104 - - [09/Oct/2022:03:32:54 +0200] "GET /-p-33305.html HTTP/1.0" 200 72248 "-" "Mozilla/5.0 (compatible; MJ12bot/v1.4.8; http://mj12bot.com/)"
185.191.171.3 - - [09/Oct/2022:03:32:57 +0200] "GET /vilaines-filles-beach-towel-p-51711.html?action=add_product HTTP/1.0" 302 476 "-" "Mozilla/5.0 (compatible; SemrushBot/7~bl; +http://www.semrush.com/bot.html)"
167.114.209.104 - - [09/Oct/2022:03:32:57 +0200] "GET /-p-33321.html HTTP/1.0" 200 72248 "-" "Mozilla/5.0 (compatible; MJ12bot/v1.4.8; http://mj12bot.com/)"
167.114.209.104 - - [09/Oct/2022:03:33:00 +0200] "GET /-p-33355.html HTTP/1.0" 200 72248 "-" "Mozilla/5.0 (compatible; MJ12bot/v1.4.8; http://mj12bot.com/)"
185.191.171.10 - - [09/Oct/2022:03:33:02 +0200] "GET /table-bell-apero-p-58127.html?action=add_product HTTP/1.0" 302 476 "-" "Mozilla/5.0 (compatible; SemrushBot/7~bl; +http://www.semrush.com/bot.html)"
167.114.209.104 - - [09/Oct/2022:03:33:03 +0200] "GET /-p-33365.html HTTP/1.0" 200 72248 "-" "Mozilla/5.0 (compatible; MJ12bot/v1.4.8; http://mj12bot.com/)"
185.191.171.16 - - [09/Oct/2022:03:33:06 +0200] "GET /coat-rack-wooden-gold-fatima-hand-hooks-p-50572.html?action=add_product HTTP/1.0" 302 476 "-" "Mozilla/5.0 (compatible; SemrushBot/7~bl; +http://www.semrush.com/bot.html)"
167.114.209.104 - - [09/Oct/2022:03:33:07 +0200] "GET /-p-33519.html HTTP/1.0" 200 72248 "-" "Mozilla/5.0 (compatible; MJ12bot/v1.4.8; http://mj12bot.com/)"
167.114.209.104 - - [09/Oct/2022:03:33:10 +0200] "GET /-p-33620.html HTTP/1.0" 200 72248 "-" "Mozilla/5.0 (compatible; MJ12bot/v1.4.8; http://mj12bot.com/)"
167.114.209.104 - - [09/Oct/2022:03:33:14 +0200] "GET /-p-33651.html HTTP/1.0" 200 72248 "-" "Mozilla/5.0 (compatible; MJ12bot/v1.4.8; http://mj12bot.com/)"
58.227.249.214 - - [09/Oct/2022:03:33:15 +0200] "GET /advanced_search_result.php?keywords=barbapapa&sort=2a&&page=1 HTTP/1.0" 200 92945 "-" "Mozilla/5.0 (iPhone; CPU iPhone OS 16_0_2 like Mac OS X) AppleWebKit/605.1.15 (KHTML, like Gecko) Version/16.0 Mobile/15E148 Safari/604.1"
58.227.249.214 - - [09/Oct/2022:03:33:19 +0200] "GET /apple-touch-icon-120x120-precomposed.png HTTP/1.0" 404 1308 "-" "MobileSafari/8614.1.25.0.31 CFNetwork/1390 Darwin/22.0.0"
58.227.249.214 - - [09/Oct/2022:03:33:19 +0200] "GET /apple-touch-icon-120x120.png HTTP/1.0" 404 1308 "-" "MobileSafari/8614.1.25.0.31 CFNetwork/1390 Darwin/22.0.0"
58.227.249.214 - - [09/Oct/2022:03:33:19 +0200] "GET /apple-touch-icon-precomposed.png HTTP/1.0" 404 1308 "-" "MobileSafari/8614.1.25.0.31 CFNetwork/1390 Darwin/22.0.0"
58.227.249.214 - - [09/Oct/2022:03:33:20 +0200] "GET /apple-touch-icon.png HTTP/1.0" 404 1308 "-" "MobileSafari/8614.1.25.0.31 CFNetwork/1390 Darwin/22.0.0"
58.227.249.214 - - [09/Oct/2022:03:33:20 +0200] "GET /favicon.ico HTTP/1.0" 200 260 "-" "MobileSafari/8614.1.25.0.31 CFNetwork/1390 Darwin/22.0.0"
167.114.209.104 - - [09/Oct/2022:03:33:18 +0200] "GET /-p-34287.html HTTP/1.0" 200 72248 "-" "Mozilla/5.0 (compatible; MJ12bot/v1.4.8; http://mj12bot.com/)"
167.114.209.104 - - [09/Oct/2022:03:33:23 +0200] "GET /-p-34356.html HTTP/1.0" 200 72248 "-" "Mozilla/5.0 (compatible; MJ12bot/v1.4.8; http://mj12bot.com/)"
167.114.209.104 - - [09/Oct/2022:03:33:27 +0200] "GET /-p-34372.html HTTP/1.0" 200 72248 "-" "Mozilla/5.0 (compatible; MJ12bot/v1.4.8; http://mj12bot.com/)"
167.114.209.104 - - [09/Oct/2022:03:33:30 +0200] "GET /-p-34431.html HTTP/1.0" 200 72248 "-" "Mozilla/5.0 (compatible; MJ12bot/v1.4.8; http://mj12bot.com/)"
163.220.128.41 - - [09/Oct/2022:03:33:32 +0200] "GET /images/big_prod_1/3520071755946a.jpg HTTP/1.0" 200 271 "-" "Mozilla/5.0 (X11; Ubuntu; Linux x86_64; rv:72.0) Gecko/20100101 Firefox/72.0"
167.114.209.104 - - [09/Oct/2022:03:33:33 +0200] "GET /-p-34803.html HTTP/1.0" 200 72248 "-" "Mozilla/5.0 (compatible; MJ12bot/v1.4.8; http://mj12bot.com/)"
167.114.209.104 - - [09/Oct/2022:03:33:37 +0200] "GET /-p-35782.html HTTP/1.0" 200 72248 "-" "Mozilla/5.0 (compatible; MJ12bot/v1.4.8; http://mj12bot.com/)"
216.244.66.242 - - [09/Oct/2022:03:33:37 +0200] "GET /placemat-kiub-collection-amys-cushion-p-55911.html HTTP/1.0" 200 78812 "-" "Mozilla/5.0 (compatible; DotBot/1.2; +https://opensiteexplorer.org/dotbot; help@moz.com)"
185.191.171.4 - - [09/Oct/2022:03:33:40 +0200] "GET /little-toiletry-p-43399.html?action=add_product HTTP/1.0" 302 476 "-" "Mozilla/5.0 (compatible; SemrushBot/7~bl; +http://www.semrush.com/bot.html)"
167.114.209.104 - - [09/Oct/2022:03:33:40 +0200] "GET /-p-36373.html HTTP/1.0" 200 72248 "-" "Mozilla/5.0 (compatible; MJ12bot/v1.4.8; http://mj12bot.com/)"
167.114.209.104 - - [09/Oct/2022:03:33:44 +0200] "GET /-p-36410.html HTTP/1.0" 200 72248 "-" "Mozilla/5.0 (compatible; MJ12bot/v1.4.8; http://mj12bot.com/)"
66.249.64.242 - - [09/Oct/2022:03:33:47 +0200] "GET /images/mini_prod/5400924255091.jpg HTTP/1.0" 200 269 "-" "Googlebot-Image/1.0"
167.114.209.104 - - [09/Oct/2022:03:33:48 +0200] "GET /-p-36472.html HTTP/1.0" 200 72248 "-" "Mozilla/5.0 (compatible; MJ12bot/v1.4.8; http://mj12bot.com/)"
167.114.209.104 - - [09/Oct/2022:03:33:51 +0200] "GET /-p-36589.html HTTP/1.0" 200 72248 "-" "Mozilla/5.0 (compatible; MJ12bot/v1.4.8; http://mj12bot.com/)"
54.36.148.144 - - [09/Oct/2022:03:33:55 +0200] "GET /despicable-marbles-p-33480.html HTTP/1.0" 200 75059 "-" "Mozilla/5.0 (compatible; AhrefsBot/7.0; +http://ahrefs.com/robot/)"
167.114.209.104 - - [09/Oct/2022:03:33:56 +0200] "GET /-p-37360.html HTTP/1.0" 200 72248 "-" "Mozilla/5.0 (compatible; MJ12bot/v1.4.8; http://mj12bot.com/)"
167.114.209.104 - - [09/Oct/2022:03:34:01 +0200] "GET /-p-37365.html HTTP/1.0" 200 72248 "-" "Mozilla/5.0 (compatible; MJ12bot/v1.4.8; http://mj12bot.com/)"
167.114.209.104 - - [09/Oct/2022:03:34:04 +0200] "GET /-p-37404.html HTTP/1.0" 200 72248 "-" "Mozilla/5.0 (compatible; MJ12bot/v1.4.8; http://mj12bot.com/)"
167.114.209.104 - - [09/Oct/2022:03:34:11 +0200] "GET /-p-37772.html HTTP/1.0" 200 72248 "-" "Mozilla/5.0 (compatible; MJ12bot/v1.4.8; http://mj12bot.com/)"
167.114.209.104 - - [09/Oct/2022:03:34:14 +0200] "GET /-p-37911.html HTTP/1.0" 200 72248 "-" "Mozilla/5.0 (compatible; MJ12bot/v1.4.8; http://mj12bot.com/)"
167.114.209.104 - - [09/Oct/2022:03:34:18 +0200] "GET /-p-37958.html HTTP/1.0" 200 72248 "-" "Mozilla/5.0 (compatible; MJ12bot/v1.4.8; http://mj12bot.com/)"
185.191.171.18 - - [09/Oct/2022:03:34:18 +0200] "GET /elephant-statue-p-42275.html?action=add_product HTTP/1.0" 302 476 "-" "Mozilla/5.0 (compatible; SemrushBot/7~bl; +http://www.semrush.com/bot.html)"
66.249.64.242 - - [09/Oct/2022:03:34:18 +0200] "GET /keychain-jewel-dream-catcher-black-p-40014.html HTTP/1.0" 200 75156 "-" "Mozilla/5.0 (Linux; Android 6.0.1; Nexus 5X Build/MMB29P) AppleWebKit/537.36 (KHTML, like Gecko) Chrome/105.0.5195.125 Mobile Safari/537.36 (compatible; Googlebot/2.1; +http://www.google.com/bot.html)"
167.114.209.104 - - [09/Oct/2022:03:34:21 +0200] "GET /-p-38078.html HTTP/1.0" 200 72248 "-" "Mozilla/5.0 (compatible; MJ12bot/v1.4.8; http://mj12bot.com/)"
167.114.209.104 - - [09/Oct/2022:03:34:24 +0200] "GET /-p-38079.html HTTP/1.0" 200 72248 "-" "Mozilla/5.0 (compatible; MJ12bot/v1.4.8; http://mj12bot.com/)"
167.114.209.104 - - [09/Oct/2022:03:34:27 +0200] "GET /-p-39915.html HTTP/1.0" 200 72248 "-" "Mozilla/5.0 (compatible; MJ12bot/v1.4.8; http://mj12bot.com/)"
167.114.209.104 - - [09/Oct/2022:03:34:30 +0200] "GET /-p-39916.html HTTP/1.0" 200 72248 "-" "Mozilla/5.0 (compatible; MJ12bot/v1.4.8; http://mj12bot.com/)"
167.114.209.104 - - [09/Oct/2022:03:34:34 +0200] "GET /-p-39919.html HTTP/1.0" 200 72248 "-" "Mozilla/5.0 (compatible; MJ12bot/v1.4.8; http://mj12bot.com/)"
167.114.209.104 - - [09/Oct/2022:03:34:37 +0200] "GET /-p-39923.html HTTP/1.0" 200 72248 "-" "Mozilla/5.0 (compatible; MJ12bot/v1.4.8; http://mj12bot.com/)"
17.121.113.228 - - [09/Oct/2022:03:34:40 +0200] "GET /images/big_prod/8422074254417A.jpg HTTP/1.0" 200 269 "-" "Mozilla/5.0 (Macintosh; Intel Mac OS X 10_15_5) AppleWebKit/605.1.15 (KHTML, like Gecko) Version/13.1.1 Safari/605.1.15 (Applebot/0.1; +http://www.apple.com/go/applebot)"
167.114.209.104 - - [09/Oct/2022:03:34:40 +0200] "GET /-p-40037.html HTTP/1.0" 200 72248 "-" "Mozilla/5.0 (compatible; MJ12bot/v1.4.8; http://mj12bot.com/)"
167.114.209.104 - - [09/Oct/2022:03:34:44 +0200] "GET /-p-40041.html HTTP/1.0" 200 72248 "-" "Mozilla/5.0 (compatible; MJ12bot/v1.4.8; http://mj12bot.com/)"
167.114.209.104 - - [09/Oct/2022:03:34:47 +0200] "GET /-p-40065.html HTTP/1.0" 200 72248 "-" "Mozilla/5.0 (compatible; MJ12bot/v1.4.8; http://mj12bot.com/)"
185.191.171.25 - - [09/Oct/2022:03:34:50 +0200] "GET /volkswagen-light-keychain-p-28755.html?action=add_product HTTP/1.0" 302 476 "-" "Mozilla/5.0 (compatible; SemrushBot/7~bl; +http://www.semrush.com/bot.html)"
167.114.209.104 - - [09/Oct/2022:03:34:50 +0200] "GET /-p-40066.html HTTP/1.0" 200 72248 "-" "Mozilla/5.0 (compatible; MJ12bot/v1.4.8; http://mj12bot.com/)"
167.114.209.104 - - [09/Oct/2022:03:34:54 +0200] "GET /-p-40921.html HTTP/1.0" 200 72248 "-" "Mozilla/5.0 (compatible; MJ12bot/v1.4.8; http://mj12bot.com/)"
167.114.209.104 - - [09/Oct/2022:03:34:57 +0200] "GET /-p-40922.html HTTP/1.0" 200 72248 "-" "Mozilla/5.0 (compatible; MJ12bot/v1.4.8; http://mj12bot.com/)"
167.114.209.104 - - [09/Oct/2022:03:35:00 +0200] "GET /-p-41008.html HTTP/1.0" 200 72248 "-" "Mozilla/5.0 (compatible; MJ12bot/v1.4.8; http://mj12bot.com/)"
167.114.209.104 - - [09/Oct/2022:03:35:03 +0200] "GET /-p-43756.html HTTP/1.0" 200 72248 "-" "Mozilla/5.0 (compatible; MJ12bot/v1.4.8; http://mj12bot.com/)"
167.114.209.104 - - [09/Oct/2022:03:35:08 +0200] "GET /-p-43763.html HTTP/1.0" 200 72248 "-" "Mozilla/5.0 (compatible; MJ12bot/v1.4.8; http://mj12bot.com/)"
167.114.209.104 - - [09/Oct/2022:03:35:11 +0200] "GET /-p-43867.html HTTP/1.0" 200 72248 "-" "Mozilla/5.0 (compatible; MJ12bot/v1.4.8; http://mj12bot.com/)"
54.36.149.75 - - [09/Oct/2022:03:35:12 +0200] "GET /tea-pot-c-12_175.html?page=8 HTTP/1.0" 200 95296 "-" "Mozilla/5.0 (compatible; AhrefsBot/7.0; +http://ahrefs.com/robot/)"
167.114.209.104 - - [09/Oct/2022:03:35:14 +0200] "GET /-p-43869.html HTTP/1.0" 200 72248 "-" "Mozilla/5.0 (compatible; MJ12bot/v1.4.8; http://mj12bot.com/)"
185.191.171.26 - - [09/Oct/2022:03:35:19 +0200] "GET /gogh-isothermic-stainless-steel-bottle-p-53166.html?action=add_product HTTP/1.0" 302 476 "-" "Mozilla/5.0 (compatible; SemrushBot/7~bl; +http://www.semrush.com/bot.html)"
167.114.209.104 - - [09/Oct/2022:03:35:19 +0200] "GET /-p-43946.html HTTP/1.0" 200 72248 "-" "Mozilla/5.0 (compatible; MJ12bot/v1.4.8; http://mj12bot.com/)"
167.114.209.104 - - [09/Oct/2022:03:35:22 +0200] "GET /-p-43947.html HTTP/1.0" 200 72248 "-" "Mozilla/5.0 (compatible; MJ12bot/v1.4.8; http://mj12bot.com/)"
167.114.209.104 - - [09/Oct/2022:03:35:26 +0200] "GET /-p-43950.html HTTP/1.0" 200 72248 "-" "Mozilla/5.0 (compatible; MJ12bot/v1.4.8; http://mj12bot.com/)"
167.114.209.104 - - [09/Oct/2022:03:35:29 +0200] "GET /-p-43951.html HTTP/1.0" 200 72248 "-" "Mozilla/5.0 (compatible; MJ12bot/v1.4.8; http://mj12bot.com/)"
185.191.171.5 - - [09/Oct/2022:03:35:30 +0200] "GET /-p-38612.html?action=add_product HTTP/1.0" 302 476 "-" "Mozilla/5.0 (compatible; SemrushBot/7~bl; +http://www.semrush.com/bot.html)"
167.114.209.104 - - [09/Oct/2022:03:35:32 +0200] "GET /-p-44388.html HTTP/1.0" 200 72248 "-" "Mozilla/5.0 (compatible; MJ12bot/v1.4.8; http://mj12bot.com/)"
167.114.209.104 - - [09/Oct/2022:03:35:36 +0200] "GET /-p-45495.html HTTP/1.0" 200 72248 "-" "Mozilla/5.0 (compatible; MJ12bot/v1.4.8; http://mj12bot.com/)"
167.114.209.104 - - [09/Oct/2022:03:35:40 +0200] "GET /-p-4597.html HTTP/1.0" 200 72246 "-" "Mozilla/5.0 (compatible; MJ12bot/v1.4.8; http://mj12bot.com/)"
185.191.171.44 - - [09/Oct/2022:03:35:41 +0200] "GET /incense-satya-nag-champa-sandalwood-15-grams-or-about-15-sticks-p-44398.html HTTP/1.0" 301 72315 "-" "Mozilla/5.0 (compatible; SemrushBot/7~bl; +http://www.semrush.com/bot.html)"
173.252.83.18 - - [09/Oct/2022:03:35:44 +0200] "GET /images/mini_prod/1384010202869.jpg HTTP/1.0" 200 269 "-" "facebookexternalhit/1.1 (+http://www.facebook.com/externalhit_uatext.php)"
167.114.209.104 - - [09/Oct/2022:03:35:43 +0200] "GET /-p-48886.html HTTP/1.0" 200 72248 "-" "Mozilla/5.0 (compatible; MJ12bot/v1.4.8; http://mj12bot.com/)"
185.191.171.26 - - [09/Oct/2022:03:35:44 +0200] "GET /-p-44398.html HTTP/1.0" 200 72248 "-" "Mozilla/5.0 (compatible; SemrushBot/7~bl; +http://www.semrush.com/bot.html)"
167.114.209.104 - - [09/Oct/2022:03:35:46 +0200] "GET /-p-51121.html HTTP/1.0" 200 72248 "-" "Mozilla/5.0 (compatible; MJ12bot/v1.4.8; http://mj12bot.com/)"
185.191.171.41 - - [09/Oct/2022:03:35:47 +0200] "GET /-p-151.html?action=add_product HTTP/1.0" 302 476 "-" "Mozilla/5.0 (compatible; SemrushBot/7~bl; +http://www.semrush.com/bot.html)"
66.249.64.246 - - [09/Oct/2022:03:35:49 +0200] "GET /images/mini_prod/5051276457819B.jpg HTTP/1.0" 200 270 "-" "Googlebot-Image/1.0"
167.114.209.104 - - [09/Oct/2022:03:35:49 +0200] "GET /-p-5399.html HTTP/1.0" 200 72246 "-" "Mozilla/5.0 (compatible; MJ12bot/v1.4.8; http://mj12bot.com/)"
167.114.209.104 - - [09/Oct/2022:03:35:53 +0200] "GET /-p-5609.html HTTP/1.0" 200 72246 "-" "Mozilla/5.0 (compatible; MJ12bot/v1.4.8; http://mj12bot.com/)"
167.114.209.104 - - [09/Oct/2022:03:35:57 +0200] "GET /-p-6903.html HTTP/1.0" 200 72246 "-" "Mozilla/5.0 (compatible; MJ12bot/v1.4.8; http://mj12bot.com/)"
167.114.209.104 - - [09/Oct/2022:03:36:01 +0200] "GET /-p-6907.html HTTP/1.0" 200 72246 "-" "Mozilla/5.0 (compatible; MJ12bot/v1.4.8; http://mj12bot.com/)"
167.114.209.104 - - [09/Oct/2022:03:36:04 +0200] "GET /-p-6908.html HTTP/1.0" 200 72246 "-" "Mozilla/5.0 (compatible; MJ12bot/v1.4.8; http://mj12bot.com/)"
173.252.83.7 - - [09/Oct/2022:03:36:07 +0200] "GET /images/mini_prod/842203114137.jpg HTTP/1.0" 200 268 "-" "facebookexternalhit/1.1 (+http://www.facebook.com/externalhit_uatext.php)"
185.191.171.34 - - [09/Oct/2022:03:36:07 +0200] "GET /transportable-iridescent-glass-lamp-p-55142.html?action=add_product HTTP/1.0" 302 476 "-" "Mozilla/5.0 (compatible; SemrushBot/7~bl; +http://www.semrush.com/bot.html)"
167.114.209.104 - - [09/Oct/2022:03:36:07 +0200] "GET /-p-7933.html HTTP/1.0" 200 72246 "-" "Mozilla/5.0 (compatible; MJ12bot/v1.4.8; http://mj12bot.com/)"
185.191.171.6 - - [09/Oct/2022:03:36:10 +0200] "GET /laissez-lucie-faire-bichette-glasses-p-42662.html?action=add_product HTTP/1.0" 302 476 "-" "Mozilla/5.0 (compatible; SemrushBot/7~bl; +http://www.semrush.com/bot.html)"
167.114.209.104 - - [09/Oct/2022:03:36:11 +0200] "GET /adults-c-53.html?page=1 HTTP/1.0" 200 94947 "-" "Mozilla/5.0 (compatible; MJ12bot/v1.4.8; http://mj12bot.com/)"
167.114.209.104 - - [09/Oct/2022:03:36:16 +0200] "GET /adults-c-53.html?page=4 HTTP/1.0" 200 93669 "-" "Mozilla/5.0 (compatible; MJ12bot/v1.4.8; http://mj12bot.com/)"
167.114.209.104 - - [09/Oct/2022:03:36:20 +0200] "GET /adults-c-53.html?page=5 HTTP/1.0" 200 93681 "-" "Mozilla/5.0 (compatible; MJ12bot/v1.4.8; http://mj12bot.com/)"
167.114.209.104 - - [09/Oct/2022:03:36:24 +0200] "GET /adults-c-53.html?page=6 HTTP/1.0" 200 93232 "-" "Mozilla/5.0 (compatible; MJ12bot/v1.4.8; http://mj12bot.com/)"
185.191.171.44 - - [09/Oct/2022:03:36:25 +0200] "GET /white-gold-wall-mirrors-p-59115.html HTTP/1.0" 200 75925 "-" "Mozilla/5.0 (compatible; SemrushBot/7~bl; +http://www.semrush.com/bot.html)"
167.114.209.104 - - [09/Oct/2022:03:36:28 +0200] "GET /adults-c-53.html?page=7 HTTP/1.0" 200 93535 "-" "Mozilla/5.0 (compatible; MJ12bot/v1.4.8; http://mj12bot.com/)"
185.191.171.9 - - [09/Oct/2022:03:36:31 +0200] "GET /samsung-s2-phone-cover-cbkreation-p-14968.html HTTP/1.0" 301 72315 "-" "Mozilla/5.0 (compatible; SemrushBot/7~bl; +http://www.semrush.com/bot.html)"
167.114.209.104 - - [09/Oct/2022:03:36:33 +0200] "GET /alice-in-wonderland-by-romero-britto-p-44948.html HTTP/1.0" 301 72467 "-" "Mozilla/5.0 (compatible; MJ12bot/v1.4.8; http://mj12bot.com/)"
185.191.171.12 - - [09/Oct/2022:03:36:35 +0200] "GET /-p-14968.html HTTP/1.0" 200 72248 "-" "Mozilla/5.0 (compatible; SemrushBot/7~bl; +http://www.semrush.com/bot.html)"
167.114.209.104 - - [09/Oct/2022:03:36:36 +0200] "GET /alice-wonderland-romero-britto-p-44948.html HTTP/1.0" 200 72370 "-" "Mozilla/5.0 (compatible; MJ12bot/v1.4.8; http://mj12bot.com/)"
54.36.148.214 - - [09/Oct/2022:03:36:38 +0200] "GET /peugeot-large-metal-plate-deco-p-26442.html HTTP/1.0" 200 74917 "-" "Mozilla/5.0 (compatible; AhrefsBot/7.0; +http://ahrefs.com/robot/)"
185.191.171.18 - - [09/Oct/2022:03:36:38 +0200] "GET /hello-kitty-chocolate-node-companion-camomilla-p-16293.html HTTP/1.0" 200 75231 "-" "Mozilla/5.0 (compatible; SemrushBot/7~bl; +http://www.semrush.com/bot.html)"
167.114.209.104 - - [09/Oct/2022:03:36:41 +0200] "GET /alice-in-wonderland-set-of-hair-clips-p-13538.html HTTP/1.0" 301 72504 "-" "Mozilla/5.0 (compatible; MJ12bot/v1.4.8; http://mj12bot.com/)"
185.191.171.25 - - [09/Oct/2022:03:36:45 +0200] "GET /-p-49348.html?action=add_product HTTP/1.0" 302 476 "-" "Mozilla/5.0 (compatible; SemrushBot/7~bl; +http://www.semrush.com/bot.html)"
167.114.209.104 - - [09/Oct/2022:03:36:45 +0200] "GET /alice-wonderland-hair-clips-p-13538.html HTTP/1.0" 200 72410 "-" "Mozilla/5.0 (compatible; MJ12bot/v1.4.8; http://mj12bot.com/)"
185.191.171.21 - - [09/Oct/2022:03:36:47 +0200] "GET /zombie-sniper-shirt-p-30201.html?action=add_product HTTP/1.0" 302 476 "-" "Mozilla/5.0 (compatible; SemrushBot/7~bl; +http://www.semrush.com/bot.html)"
66.249.64.244 - - [09/Oct/2022:03:36:48 +0200] "GET /images/big_prod/1399985100386.jpg HTTP/1.0" 200 268 "-" "Googlebot-Image/1.0"
66.249.64.244 - - [09/Oct/2022:03:36:48 +0200] "GET /images/mini_prod/1399984251140.jpg HTTP/1.0" 200 269 "-" "Googlebot-Image/1.0"
167.114.209.104 - - [09/Oct/2022:03:36:48 +0200] "GET /alice-in-wonderland-set-of-hair-ornements-p-19282.html HTTP/1.0" 301 72315 "-" "Mozilla/5.0 (compatible; MJ12bot/v1.4.8; http://mj12bot.com/)"
167.114.209.104 - - [09/Oct/2022:03:36:51 +0200] "GET /-p-19282.html HTTP/1.0" 200 72248 "-" "Mozilla/5.0 (compatible; MJ12bot/v1.4.8; http://mj12bot.com/)"
167.114.209.104 - - [09/Oct/2022:03:36:54 +0200] "GET /alice-wonderland-hair-clips-p-13538.html HTTP/1.0" 200 72410 "-" "Mozilla/5.0 (compatible; MJ12bot/v1.4.8; http://mj12bot.com/)"
185.191.171.11 - - [09/Oct/2022:03:36:55 +0200] "GET /union-jack-handbag-p-48433.html HTTP/1.0" 301 72315 "-" "Mozilla/5.0 (compatible; SemrushBot/7~bl; +http://www.semrush.com/bot.html)"
167.114.209.104 - - [09/Oct/2022:03:36:58 +0200] "GET /alice-wonderland-romero-britto-p-44948.html HTTP/1.0" 200 72370 "-" "Mozilla/5.0 (compatible; MJ12bot/v1.4.8; http://mj12bot.com/)"
185.191.171.20 - - [09/Oct/2022:03:36:58 +0200] "GET /-p-48433.html HTTP/1.0" 200 72248 "-" "Mozilla/5.0 (compatible; SemrushBot/7~bl; +http://www.semrush.com/bot.html)"
167.114.209.104 - - [09/Oct/2022:03:37:01 +0200] "GET /all-blacks-bedclothes-200-cm-p-31655.html HTTP/1.0" 301 72315 "-" "Mozilla/5.0 (compatible; MJ12bot/v1.4.8; http://mj12bot.com/)"
185.191.171.18 - - [09/Oct/2022:03:37:02 +0200] "GET /large-wooden-peacock-statuette-83-cm-p-49860.html HTTP/1.0" 301 72467 "-" "Mozilla/5.0 (compatible; SemrushBot/7~bl; +http://www.semrush.com/bot.html)"
167.114.209.104 - - [09/Oct/2022:03:37:04 +0200] "GET /-p-31655.html HTTP/1.0" 200 72248 "-" "Mozilla/5.0 (compatible; MJ12bot/v1.4.8; http://mj12bot.com/)"
185.191.171.34 - - [09/Oct/2022:03:37:05 +0200] "GET /large-wooden-peacock-statuette-p-49860.html HTTP/1.0" 200 72370 "-" "Mozilla/5.0 (compatible; SemrushBot/7~bl; +http://www.semrush.com/bot.html)"
167.114.209.104 - - [09/Oct/2022:03:37:08 +0200] "GET /all-blacks-beer-glass-p-27266.html HTTP/1.0" 301 72420 "-" "Mozilla/5.0 (compatible; MJ12bot/v1.4.8; http://mj12bot.com/)"
185.191.171.34 - - [09/Oct/2022:03:37:08 +0200] "GET /stade-toulousain-apron-p-27274.html HTTP/1.0" 200 72349 "-" "Mozilla/5.0 (compatible; SemrushBot/7~bl; +http://www.semrush.com/bot.html)"
77.88.5.245 - - [09/Oct/2022:03:37:10 +0200] "GET /images/big_prod/4036113240039.jpg HTTP/1.0" 200 268 "-" "Mozilla/5.0 (compatible; YandexImages/3.0; +http://yandex.com/bots)"
167.114.209.104 - - [09/Oct/2022:03:37:11 +0200] "GET /blacks-beer-glass-p-27266.html HTTP/1.0" 200 72336 "-" "Mozilla/5.0 (compatible; MJ12bot/v1.4.8; http://mj12bot.com/)"
167.114.209.104 - - [09/Oct/2022:03:37:15 +0200] "GET /all-blacks-beer-glasses-p-27266.html HTTP/1.0" 301 72420 "-" "Mozilla/5.0 (compatible; MJ12bot/v1.4.8; http://mj12bot.com/)"
185.191.171.16 - - [09/Oct/2022:03:37:15 +0200] "GET /candy-small-cushion-cbkreation-p-17316.html HTTP/1.0" 301 72315 "-" "Mozilla/5.0 (compatible; SemrushBot/7~bl; +http://www.semrush.com/bot.html)"
