185.191.171.9 - - [09/Oct/2022:18:34:21 +0200] "GET /dog-hot-water-bottle-p-45354.html HTTP/1.0" 301 72315 "-" "Mozilla/5.0 (compatible; SemrushBot/7~bl; +http://www.semrush.com/bot.html)"
185.191.171.23 - - [09/Oct/2022:18:34:25 +0200] "GET /-p-45354.html HTTP/1.0" 200 72248 "-" "Mozilla/5.0 (compatible; SemrushBot/7~bl; +http://www.semrush.com/bot.html)"
77.88.5.168 - - [09/Oct/2022:18:34:40 +0200] "GET /robots.txt HTTP/1.0" 200 245 "-" "Mozilla/5.0 (compatible; YandexBot/3.0; +http://yandex.com/bots)"
77.88.5.30 - - [09/Oct/2022:18:34:43 +0200] "GET /melt-rambling-rose-p-39001.html HTTP/1.0" 200 75466 "-" "Mozilla/5.0 (compatible; YandexBot/3.0; +http://yandex.com/bots)"
173.252.83.9 - - [09/Oct/2022:18:34:48 +0200] "GET /images/mini_prod/1399986106967.jpg HTTP/1.0" 200 269 "-" "facebookexternalhit/1.1 (+http://www.facebook.com/externalhit_uatext.php)"
185.191.171.1 - - [09/Oct/2022:18:34:48 +0200] "GET /frog-statuette-by-jim-shore-p-51869.html HTTP/1.0" 301 76179 "-" "Mozilla/5.0 (compatible; SemrushBot/7~bl; +http://www.semrush.com/bot.html)"
192.144.201.5 - - [09/Oct/2022:18:34:51 +0200] "GET /images/mini_prod/3503420193316.jpg HTTP/1.0" 200 269 "-" "python-requests/2.27.1"
185.191.171.13 - - [09/Oct/2022:18:34:51 +0200] "GET /frog-statuette-shore-p-51869.html HTTP/1.0" 200 76092 "-" "Mozilla/5.0 (compatible; SemrushBot/7~bl; +http://www.semrush.com/bot.html)"
185.191.171.15 - - [09/Oct/2022:18:34:54 +0200] "GET /bamboo-fiber-plant-cover-p-58920.html?action=add_product HTTP/1.0" 302 476 "-" "Mozilla/5.0 (compatible; SemrushBot/7~bl; +http://www.semrush.com/bot.html)"
185.191.171.6 - - [09/Oct/2022:18:34:56 +0200] "GET /om-mug-p-54142.html HTTP/1.0" 200 75278 "-" "Mozilla/5.0 (compatible; SemrushBot/7~bl; +http://www.semrush.com/bot.html)"
185.191.171.8 - - [09/Oct/2022:18:35:00 +0200] "GET /marley-computer-model-p-24150.html?action=add_product HTTP/1.0" 302 476 "-" "Mozilla/5.0 (compatible; SemrushBot/7~bl; +http://www.semrush.com/bot.html)"
157.55.39.28 - - [09/Oct/2022:18:35:03 +0200] "GET /images/big_prod/1341689464356.jpg HTTP/1.0" 200 268 "-" "Mozilla/5.0 (compatible; bingbot/2.0; +http://www.bing.com/bingbot.htm)"
185.191.171.4 - - [09/Oct/2022:18:35:34 +0200] "GET /paperweight-three-ages-woman-klimt-p-53584.html?action=add_product HTTP/1.0" 302 476 "-" "Mozilla/5.0 (compatible; SemrushBot/7~bl; +http://www.semrush.com/bot.html)"
66.249.64.246 - - [09/Oct/2022:18:35:35 +0200] "GET /retro-p-58088.html HTTP/1.0" 200 75538 "-" "Mozilla/5.0 (compatible; Googlebot/2.1; +http://www.google.com/bot.html)"
185.191.171.23 - - [09/Oct/2022:18:35:40 +0200] "GET /football-100-paris-stickers-p-35385.html HTTP/1.0" 301 75024 "-" "Mozilla/5.0 (compatible; SemrushBot/7~bl; +http://www.semrush.com/bot.html)"
185.191.171.3 - - [09/Oct/2022:18:35:43 +0200] "GET /football-paris-stickers-p-35385.html HTTP/1.0" 200 74934 "-" "Mozilla/5.0 (compatible; SemrushBot/7~bl; +http://www.semrush.com/bot.html)"
185.191.171.11 - - [09/Oct/2022:18:35:46 +0200] "GET /flowerpot-le-petit-bonhomme-debout-p-51209.html HTTP/1.0" 301 72470 "-" "Mozilla/5.0 (compatible; SemrushBot/7~bl; +http://www.semrush.com/bot.html)"
185.191.171.22 - - [09/Oct/2022:18:35:49 +0200] "GET /flowerpot-petit-bonhomme-debout-p-51209.html HTTP/1.0" 200 72372 "-" "Mozilla/5.0 (compatible; SemrushBot/7~bl; +http://www.semrush.com/bot.html)"
66.249.64.242 - - [09/Oct/2022:18:35:51 +0200] "GET /japanese-dragon-cast-iron-teapot-p-54872.html HTTP/1.0" 200 75656 "-" "Mozilla/5.0 (Linux; Android 6.0.1; Nexus 5X Build/MMB29P) AppleWebKit/537.36 (KHTML, like Gecko) Chrome/105.0.5195.125 Mobile Safari/537.36 (compatible; Googlebot/2.1; +http://www.google.com/bot.html)"
66.249.64.246 - - [09/Oct/2022:18:36:03 +0200] "GET /london-metal-keyring-union-jack-boot-p-35354.html HTTP/1.0" 200 75018 "-" "Mozilla/5.0 (Linux; Android 6.0.1; Nexus 5X Build/MMB29P) AppleWebKit/537.36 (KHTML, like Gecko) Chrome/106.0.5249.91 Mobile Safari/537.36 (compatible; Googlebot/2.1; +http://www.google.com/bot.html)"
185.191.171.25 - - [09/Oct/2022:18:36:04 +0200] "GET /flag-resin-skull-figure-p-42290.html?action=add_product HTTP/1.0" 302 476 "-" "Mozilla/5.0 (compatible; SemrushBot/7~bl; +http://www.semrush.com/bot.html)"
211.249.40.23 - - [09/Oct/2022:18:36:09 +0200] "GET /images/mini_prod/c8427787039436.jpg HTTP/1.0" 200 270 "-" "Mozilla/5.0 (X11; Ubuntu; Linux x86_64; rv:72.0) Gecko/20100101 Firefox/72.0"
47.94.243.250 - - [09/Oct/2022:18:36:11 +0200] "GET /images/mini_prod/3565750061208.jpg HTTP/1.0" 200 269 "-" "Mozilla/5.0 (Macintosh; Intel Mac OS X 10_15_7) AppleWebKit/537.36 (KHTML, like Gecko) Chrome/105.0.0.0 Safari/537.36"
185.191.171.37 - - [09/Oct/2022:18:36:39 +0200] "GET /-p-46839.html?action=add_product HTTP/1.0" 302 476 "-" "Mozilla/5.0 (compatible; SemrushBot/7~bl; +http://www.semrush.com/bot.html)"
185.191.171.1 - - [09/Oct/2022:18:37:18 +0200] "GET /resin-cyclists-statuette-p-56157.html HTTP/1.0" 200 75713 "-" "Mozilla/5.0 (compatible; SemrushBot/7~bl; +http://www.semrush.com/bot.html)"
185.191.171.5 - - [09/Oct/2022:18:37:21 +0200] "GET /wooden-keyrings-with-mirror-p-52597.html?action=add_product HTTP/1.0" 302 476 "-" "Mozilla/5.0 (compatible; SemrushBot/7~bl; +http://www.semrush.com/bot.html)"
185.191.171.4 - - [09/Oct/2022:18:37:23 +0200] "GET /mister-babyset-pieces-p-26551.html?action=add_product HTTP/1.0" 302 476 "-" "Mozilla/5.0 (compatible; SemrushBot/7~bl; +http://www.semrush.com/bot.html)"
66.249.64.242 - - [09/Oct/2022:18:37:40 +0200] "GET /pillow-case-organic-cotton-blue-p-58622.html HTTP/1.0" 200 76318 "-" "Mozilla/5.0 (compatible; Googlebot/2.1; +http://www.google.com/bot.html)"
185.191.171.10 - - [09/Oct/2022:18:38:00 +0200] "GET /hello-kitty-by-victoria-casal-couture-yellow-watch-p-20142.html HTTP/1.0" 301 72315 "-" "Mozilla/5.0 (compatible; SemrushBot/7~bl; +http://www.semrush.com/bot.html)"
185.191.171.11 - - [09/Oct/2022:18:38:03 +0200] "GET /-p-20142.html HTTP/1.0" 200 72248 "-" "Mozilla/5.0 (compatible; SemrushBot/7~bl; +http://www.semrush.com/bot.html)"
185.191.171.4 - - [09/Oct/2022:18:38:10 +0200] "GET /pencil-case-p-49051.html?action=add_product HTTP/1.0" 302 476 "-" "Mozilla/5.0 (compatible; SemrushBot/7~bl; +http://www.semrush.com/bot.html)"
185.191.171.4 - - [09/Oct/2022:18:38:11 +0200] "GET /horse-resin-lamp-p-55126.html HTTP/1.0" 301 72315 "-" "Mozilla/5.0 (compatible; SemrushBot/7~bl; +http://www.semrush.com/bot.html)"
185.191.171.40 - - [09/Oct/2022:18:38:14 +0200] "GET /-p-55126.html HTTP/1.0" 200 72248 "-" "Mozilla/5.0 (compatible; SemrushBot/7~bl; +http://www.semrush.com/bot.html)"
185.191.171.5 - - [09/Oct/2022:18:38:21 +0200] "GET /cushion-chambord-40-cm-p-39142.html HTTP/1.0" 301 72315 "-" "Mozilla/5.0 (compatible; SemrushBot/7~bl; +http://www.semrush.com/bot.html)"
185.191.171.2 - - [09/Oct/2022:18:38:24 +0200] "GET /-p-39142.html HTTP/1.0" 200 72248 "-" "Mozilla/5.0 (compatible; SemrushBot/7~bl; +http://www.semrush.com/bot.html)"
185.191.171.18 - - [09/Oct/2022:18:38:41 +0200] "GET /gomukhasana-yoga-statuette-p-47498.html HTTP/1.0" 200 72342 "-" "Mozilla/5.0 (compatible; SemrushBot/7~bl; +http://www.semrush.com/bot.html)"
185.191.171.3 - - [09/Oct/2022:18:38:51 +0200] "GET /incense-stick-holder-flower-p-43935.html?action=add_product HTTP/1.0" 302 476 "-" "Mozilla/5.0 (compatible; SemrushBot/7~bl; +http://www.semrush.com/bot.html)"
185.191.171.16 - - [09/Oct/2022:18:38:57 +0200] "GET /brian-bear-plush-beige-water-bottle-p-57520.html HTTP/1.0" 200 75840 "-" "Mozilla/5.0 (compatible; SemrushBot/7~bl; +http://www.semrush.com/bot.html)"
185.191.171.15 - - [09/Oct/2022:18:39:05 +0200] "GET /unicorn-night-light-p-55389.html?action=add_product HTTP/1.0" 302 476 "-" "Mozilla/5.0 (compatible; SemrushBot/7~bl; +http://www.semrush.com/bot.html)"
185.191.171.14 - - [09/Oct/2022:18:39:09 +0200] "GET /cotton-mattress-160-200-25-cm-eco-range-p-49439.html HTTP/1.0" 301 75168 "-" "Mozilla/5.0 (compatible; SemrushBot/7~bl; +http://www.semrush.com/bot.html)"
185.191.171.1 - - [09/Oct/2022:18:39:12 +0200] "GET /cotton-mattress-range-p-49439.html HTTP/1.0" 200 75080 "-" "Mozilla/5.0 (compatible; SemrushBot/7~bl; +http://www.semrush.com/bot.html)"
185.191.171.26 - - [09/Oct/2022:18:39:15 +0200] "GET /stones-ground-sheet-p-52153.html HTTP/1.0" 200 75927 "-" "Mozilla/5.0 (compatible; SemrushBot/7~bl; +http://www.semrush.com/bot.html)"
54.36.149.100 - - [09/Oct/2022:18:39:24 +0200] "GET /golden-bear-statue-p-59173.html HTTP/1.0" 200 75654 "-" "Mozilla/5.0 (compatible; AhrefsBot/7.0; +http://ahrefs.com/robot/)"
185.191.171.22 - - [09/Oct/2022:18:39:56 +0200] "GET /-p-45273.html HTTP/1.0" 200 72248 "-" "Mozilla/5.0 (compatible; SemrushBot/7~bl; +http://www.semrush.com/bot.html)"
185.191.171.16 - - [09/Oct/2022:18:40:33 +0200] "GET /-p-50962.html?action=add_product HTTP/1.0" 302 476 "-" "Mozilla/5.0 (compatible; SemrushBot/7~bl; +http://www.semrush.com/bot.html)"
66.249.64.242 - - [09/Oct/2022:18:40:34 +0200] "GET /images/big_prod/verity1186747041830.jpg HTTP/1.0" 200 274 "-" "Googlebot-Image/1.0"
66.249.64.242 - - [09/Oct/2022:18:40:51 +0200] "GET /kaleidoscope-little-prince-p-57230.html HTTP/1.0" 200 76134 "-" "Mozilla/5.0 (Linux; Android 6.0.1; Nexus 5X Build/MMB29P) AppleWebKit/537.36 (KHTML, like Gecko) Chrome/105.0.5195.125 Mobile Safari/537.36 (compatible; Googlebot/2.1; +http://www.google.com/bot.html)"
185.191.171.34 - - [09/Oct/2022:18:40:56 +0200] "GET /bodega-coasters-p-19958.html?action=add_product HTTP/1.0" 302 476 "-" "Mozilla/5.0 (compatible; SemrushBot/7~bl; +http://www.semrush.com/bot.html)"
185.191.171.43 - - [09/Oct/2022:18:41:00 +0200] "GET /dolomite-vase-face-blue-finish-p-54841.html HTTP/1.0" 200 72370 "-" "Mozilla/5.0 (compatible; SemrushBot/7~bl; +http://www.semrush.com/bot.html)"
185.191.171.24 - - [09/Oct/2022:18:41:05 +0200] "GET /place-cushions-p-53828.html?action=add_product HTTP/1.0" 302 476 "-" "Mozilla/5.0 (compatible; SemrushBot/7~bl; +http://www.semrush.com/bot.html)"
66.249.64.246 - - [09/Oct/2022:18:41:10 +0200] "GET /musical-snowball-night-light-little-prince-p-54628.html HTTP/1.0" 200 75771 "-" "Mozilla/5.0 (compatible; Googlebot/2.1; +http://www.google.com/bot.html)"
185.191.171.44 - - [09/Oct/2022:18:41:26 +0200] "GET /lumpy-birthday-card-with-envelope-p-25262.html?action=add_product HTTP/1.0" 302 476 "-" "Mozilla/5.0 (compatible; SemrushBot/7~bl; +http://www.semrush.com/bot.html)"
66.249.64.244 - - [09/Oct/2022:18:41:33 +0200] "GET /images/big_prod/8422048811738.jpg HTTP/1.0" 200 268 "-" "Googlebot-Image/1.0"
185.191.171.18 - - [09/Oct/2022:18:41:33 +0200] "GET /panel-hook-hooks-with-slate-quote-p-47994.html?action=add_product HTTP/1.0" 302 476 "-" "Mozilla/5.0 (compatible; SemrushBot/7~bl; +http://www.semrush.com/bot.html)"
185.191.171.1 - - [09/Oct/2022:18:41:42 +0200] "GET /cement-tile-stickers-15-15-cm-p-51630.html HTTP/1.0" 301 75905 "-" "Mozilla/5.0 (compatible; SemrushBot/7~bl; +http://www.semrush.com/bot.html)"
185.191.171.13 - - [09/Oct/2022:18:41:45 +0200] "GET /cement-tile-stickers-p-51630.html HTTP/1.0" 200 75818 "-" "Mozilla/5.0 (compatible; SemrushBot/7~bl; +http://www.semrush.com/bot.html)"
185.191.171.39 - - [09/Oct/2022:18:42:19 +0200] "GET /robots.txt HTTP/1.0" 200 245 "-" "Mozilla/5.0 (compatible; SemrushBot/7~bl; +http://www.semrush.com/bot.html)"
185.191.171.44 - - [09/Oct/2022:18:42:20 +0200] "GET /chair-cushion-color-p-49318.html HTTP/1.0" 200 72310 "-" "Mozilla/5.0 (compatible; SemrushBot/7~bl; +http://www.semrush.com/bot.html)"
185.191.171.13 - - [09/Oct/2022:18:42:26 +0200] "GET /christmas-under-glasses-p-49645.html?action=add_product HTTP/1.0" 302 476 "-" "Mozilla/5.0 (compatible; SemrushBot/7~bl; +http://www.semrush.com/bot.html)"
185.191.171.38 - - [09/Oct/2022:18:42:32 +0200] "GET /geishas-cookware-cbkreation-p-29728.html?action=add_product HTTP/1.0" 302 476 "-" "Mozilla/5.0 (compatible; SemrushBot/7~bl; +http://www.semrush.com/bot.html)"
185.191.171.44 - - [09/Oct/2022:18:42:34 +0200] "GET /cotton-floor-cushion-nashi-p-57738.html?action=add_product HTTP/1.0" 302 476 "-" "Mozilla/5.0 (compatible; SemrushBot/7~bl; +http://www.semrush.com/bot.html)"
185.191.171.12 - - [09/Oct/2022:18:42:42 +0200] "GET /tinkerbell-round-pencil-case-p-19637.html?action=add_product HTTP/1.0" 302 476 "-" "Mozilla/5.0 (compatible; SemrushBot/7~bl; +http://www.semrush.com/bot.html)"
185.191.171.25 - - [09/Oct/2022:18:43:00 +0200] "GET /parrot-cushion-cbkreation-p-43239.html?action=add_product HTTP/1.0" 301 476 "-" "Mozilla/5.0 (compatible; SemrushBot/7~bl; +http://www.semrush.com/bot.html)"
185.191.171.25 - - [09/Oct/2022:18:43:10 +0200] "GET /round-tablecloth-mastic-p-48426.html HTTP/1.0" 301 72315 "-" "Mozilla/5.0 (compatible; SemrushBot/7~bl; +http://www.semrush.com/bot.html)"
185.191.171.19 - - [09/Oct/2022:18:43:13 +0200] "GET /-p-48426.html HTTP/1.0" 200 72248 "-" "Mozilla/5.0 (compatible; SemrushBot/7~bl; +http://www.semrush.com/bot.html)"
185.191.171.41 - - [09/Oct/2022:18:43:24 +0200] "GET /pill-chat-bike-p-53834.html?action=add_product HTTP/1.0" 302 476 "-" "Mozilla/5.0 (compatible; SemrushBot/7~bl; +http://www.semrush.com/bot.html)"
185.191.171.45 - - [09/Oct/2022:18:43:28 +0200] "GET /york-yankees-black-post-office-p-19821.html?action=add_product HTTP/1.0" 302 476 "-" "Mozilla/5.0 (compatible; SemrushBot/7~bl; +http://www.semrush.com/bot.html)"
207.46.13.140 - - [09/Oct/2022:18:43:30 +0200] "GET /images/big_prod/mickey1384010188521.jpg HTTP/1.0" 200 274 "-" "Mozilla/5.0 (compatible; bingbot/2.0; +http://www.bing.com/bingbot.htm)"
185.191.171.5 - - [09/Oct/2022:18:43:35 +0200] "GET /chili-rectangulary-cushion-cbkreation-p-36753.html?action=add_product HTTP/1.0" 301 476 "-" "Mozilla/5.0 (compatible; SemrushBot/7~bl; +http://www.semrush.com/bot.html)"
49.232.53.124 - - [09/Oct/2022:18:43:56 +0200] "GET /images/big_prod_2/028399270248b.jpg HTTP/1.0" 200 270 "-" "python-requests/2.27.1"
47.94.243.250 - - [09/Oct/2022:18:44:13 +0200] "GET /images/mini_prod/1300000021722.jpg HTTP/1.0" 200 269 "-" "Mozilla/5.0 (Macintosh; Intel Mac OS X 10_15_7) AppleWebKit/537.36 (KHTML, like Gecko) Chrome/105.0.0.0 Safari/537.36"
185.191.171.1 - - [09/Oct/2022:18:44:22 +0200] "GET /paris-cotton-kitchen-towel-made-france-p-36627.html?action=add_product HTTP/1.0" 302 476 "-" "Mozilla/5.0 (compatible; SemrushBot/7~bl; +http://www.semrush.com/bot.html)"
185.191.171.12 - - [09/Oct/2022:18:44:24 +0200] "GET /wooden-calendar-p-48672.html?action=add_product HTTP/1.0" 302 476 "-" "Mozilla/5.0 (compatible; SemrushBot/7~bl; +http://www.semrush.com/bot.html)"
185.191.171.19 - - [09/Oct/2022:18:44:46 +0200] "GET /snake-gold-resin-p-48956.html HTTP/1.0" 200 72302 "-" "Mozilla/5.0 (compatible; SemrushBot/7~bl; +http://www.semrush.com/bot.html)"
49.7.20.113 - - [09/Oct/2022:18:44:52 +0200] "GET / HTTP/1.0" 200 151909 "-" "Sogou web spider/4.0(+http://www.sogou.com/docs/help/webmasters.htm#07)"
185.191.171.8 - - [09/Oct/2022:18:45:10 +0200] "GET /-p-37304.html?action=add_product HTTP/1.0" 302 476 "-" "Mozilla/5.0 (compatible; SemrushBot/7~bl; +http://www.semrush.com/bot.html)"
185.191.171.24 - - [09/Oct/2022:18:45:14 +0200] "GET /russian-dolls-gilt-cbkreation-p-18739.html?action=add_product HTTP/1.0" 302 476 "-" "Mozilla/5.0 (compatible; SemrushBot/7~bl; +http://www.semrush.com/bot.html)"
185.191.171.11 - - [09/Oct/2022:18:45:35 +0200] "GET /moneybox-panda-dolomite-p-48275.html HTTP/1.0" 200 72336 "-" "Mozilla/5.0 (compatible; SemrushBot/7~bl; +http://www.semrush.com/bot.html)"
185.191.171.44 - - [09/Oct/2022:18:45:40 +0200] "GET /wick-ellipse-candle-heart-and-home-winter-wonderment-p-49938.html HTTP/1.0" 301 76659 "-" "Mozilla/5.0 (compatible; SemrushBot/7~bl; +http://www.semrush.com/bot.html)"
185.191.171.16 - - [09/Oct/2022:18:45:43 +0200] "GET /wick-ellipse-candle-heart-home-winter-wonderment-p-49938.html HTTP/1.0" 200 76544 "-" "Mozilla/5.0 (compatible; SemrushBot/7~bl; +http://www.semrush.com/bot.html)"
47.243.82.26 - - [09/Oct/2022:18:45:45 +0200] "GET /images/mini_prod/3520071755960.jpg HTTP/1.0" 200 269 "-" "Mozilla/5.0 (X11; Ubuntu; Linux x86_64; rv:72.0) Gecko/20100101 Firefox/72.0"
66.249.64.242 - - [09/Oct/2022:18:45:52 +0200] "GET /hats-caps-c-2_43.html HTTP/1.0" 200 71171 "-" "Mozilla/5.0 (Linux; Android 6.0.1; Nexus 5X Build/MMB29P) AppleWebKit/537.36 (KHTML, like Gecko) Chrome/105.0.5195.125 Mobile Safari/537.36 (compatible; Googlebot/2.1; +http://www.google.com/bot.html)"
185.191.171.8 - - [09/Oct/2022:18:46:01 +0200] "GET /light-wood-lamp-vintage-bulb-p-52170.html?action=add_product HTTP/1.0" 301 476 "-" "Mozilla/5.0 (compatible; SemrushBot/7~bl; +http://www.semrush.com/bot.html)"
185.191.171.45 - - [09/Oct/2022:18:46:05 +0200] "GET /baby-elephant-lamp-in-porcelain-19-cm-p-46160.html HTTP/1.0" 301 72315 "-" "Mozilla/5.0 (compatible; SemrushBot/7~bl; +http://www.semrush.com/bot.html)"
185.191.171.25 - - [09/Oct/2022:18:46:09 +0200] "GET /-p-46160.html HTTP/1.0" 200 72248 "-" "Mozilla/5.0 (compatible; SemrushBot/7~bl; +http://www.semrush.com/bot.html)"
185.191.171.3 - - [09/Oct/2022:18:46:22 +0200] "GET /radio-moneybox-p-41305.html?action=add_product HTTP/1.0" 302 476 "-" "Mozilla/5.0 (compatible; SemrushBot/7~bl; +http://www.semrush.com/bot.html)"
185.191.171.3 - - [09/Oct/2022:18:46:34 +0200] "GET /raving-rabbids-large-glass-p-24538.html HTTP/1.0" 301 72315 "-" "Mozilla/5.0 (compatible; SemrushBot/7~bl; +http://www.semrush.com/bot.html)"
185.191.171.36 - - [09/Oct/2022:18:46:37 +0200] "GET /fragrance-sachet-pink-blossom-p-40549.html?action=add_product HTTP/1.0" 302 476 "-" "Mozilla/5.0 (compatible; SemrushBot/7~bl; +http://www.semrush.com/bot.html)"
17.121.115.191 - - [09/Oct/2022:18:46:39 +0200] "GET /images/big_prod_1/8422017830111B.jpg HTTP/1.0" 200 271 "-" "Mozilla/5.0 (Macintosh; Intel Mac OS X 10_15_5) AppleWebKit/605.1.15 (KHTML, like Gecko) Version/13.1.1 Safari/605.1.15 (Applebot/0.1; +http://www.apple.com/go/applebot)"
185.191.171.16 - - [09/Oct/2022:18:46:39 +0200] "GET /-p-24538.html HTTP/1.0" 200 72248 "-" "Mozilla/5.0 (compatible; SemrushBot/7~bl; +http://www.semrush.com/bot.html)"
185.191.171.14 - - [09/Oct/2022:18:46:52 +0200] "GET /-p-13572.html HTTP/1.0" 200 72248 "-" "Mozilla/5.0 (compatible; SemrushBot/7~bl; +http://www.semrush.com/bot.html)"
66.249.64.246 - - [09/Oct/2022:18:47:00 +0200] "GET /tasty-navy-made-germany-p-58343.html HTTP/1.0" 200 75936 "-" "Mozilla/5.0 (Linux; Android 6.0.1; Nexus 5X Build/MMB29P) AppleWebKit/537.36 (KHTML, like Gecko) Chrome/106.0.5249.91 Mobile Safari/537.36 (compatible; Googlebot/2.1; +http://www.google.com/bot.html)"
185.191.171.13 - - [09/Oct/2022:18:47:13 +0200] "GET /parfum-provence-soap-dish-p-47698.html?action=add_product HTTP/1.0" 302 476 "-" "Mozilla/5.0 (compatible; SemrushBot/7~bl; +http://www.semrush.com/bot.html)"
54.36.149.62 - - [09/Oct/2022:18:47:15 +0200] "GET /patinated-gold-turtle-statuette-p-59127.html HTTP/1.0" 200 75677 "-" "Mozilla/5.0 (compatible; AhrefsBot/7.0; +http://ahrefs.com/robot/)"
173.252.83.4 - - [09/Oct/2022:18:47:42 +0200] "GET /images/mini_prod/3700276295700.jpg HTTP/1.0" 200 269 "-" "facebookexternalhit/1.1 (+http://www.facebook.com/externalhit_uatext.php)"
185.191.171.8 - - [09/Oct/2022:18:47:45 +0200] "GET /-p-15844.html?action=add_product HTTP/1.0" 302 476 "-" "Mozilla/5.0 (compatible; SemrushBot/7~bl; +http://www.semrush.com/bot.html)"
185.191.171.8 - - [09/Oct/2022:18:47:58 +0200] "GET /star-wars-clock-p-35775.html?action=add_product HTTP/1.0" 301 476 "-" "Mozilla/5.0 (compatible; SemrushBot/7~bl; +http://www.semrush.com/bot.html)"
185.191.171.36 - - [09/Oct/2022:18:48:03 +0200] "GET /fishes-teapot-p-48245.html?action=add_product HTTP/1.0" 302 476 "-" "Mozilla/5.0 (compatible; SemrushBot/7~bl; +http://www.semrush.com/bot.html)"
185.191.171.1 - - [09/Oct/2022:18:48:08 +0200] "GET /tetsubin-blue-teapot-sheet-below-p-38435.html?action=add_product HTTP/1.0" 302 476 "-" "Mozilla/5.0 (compatible; SemrushBot/7~bl; +http://www.semrush.com/bot.html)"
66.249.64.242 - - [09/Oct/2022:18:48:13 +0200] "GET /magritte-figurine-p-32618.html HTTP/1.0" 200 76129 "-" "Mozilla/5.0 (compatible; Googlebot/2.1; +http://www.google.com/bot.html)"
185.191.171.25 - - [09/Oct/2022:18:48:26 +0200] "GET /zinc-look-metal-flowerpot-cover-pumpkin-beige-p-55463.html?action=add_product HTTP/1.0" 302 476 "-" "Mozilla/5.0 (compatible; SemrushBot/7~bl; +http://www.semrush.com/bot.html)"
66.249.64.242 - - [09/Oct/2022:18:48:40 +0200] "GET /images/big_prod/5018997619094.jpg HTTP/1.0" 200 268 "-" "Googlebot-Image/1.0"
185.191.171.33 - - [09/Oct/2022:18:48:41 +0200] "GET /morgan-paris-watch-p-38193.html?action=add_product HTTP/1.0" 302 476 "-" "Mozilla/5.0 (compatible; SemrushBot/7~bl; +http://www.semrush.com/bot.html)"
185.191.171.12 - - [09/Oct/2022:18:48:47 +0200] "GET /stroll-in-peru-teapot-with-metal-infuser-p-46537.html HTTP/1.0" 301 75095 "-" "Mozilla/5.0 (compatible; SemrushBot/7~bl; +http://www.semrush.com/bot.html)"
185.191.171.38 - - [09/Oct/2022:18:48:50 +0200] "GET /stroll-peru-teapot-with-metal-infuser-p-46537.html HTTP/1.0" 200 74991 "-" "Mozilla/5.0 (compatible; SemrushBot/7~bl; +http://www.semrush.com/bot.html)"
159.138.137.41 - - [09/Oct/2022:18:49:04 +0200] "GET /images/mini_prod/3453131132053.jpg HTTP/1.0" 200 269 "-" "Mozilla/5.0 (X11; Ubuntu; Linux x86_64; rv:72.0) Gecko/20100101 Firefox/72.0"
185.191.171.40 - - [09/Oct/2022:18:49:13 +0200] "GET /world-flag-cover-samsung-cbkreation-p-27027.html?action=add_product HTTP/1.0" 301 476 "-" "Mozilla/5.0 (compatible; SemrushBot/7~bl; +http://www.semrush.com/bot.html)"
207.46.13.138 - - [09/Oct/2022:18:49:32 +0200] "GET /as-monaco-homework-notebooks-p-36936.html HTTP/1.0" 301 75213 "-" "Mozilla/5.0 AppleWebKit/537.36 (KHTML, like Gecko; compatible; bingbot/2.0; +http://www.bing.com/bingbot.htm) Chrome/103.0.5060.134 Safari/537.36"
185.191.171.16 - - [09/Oct/2022:18:49:38 +0200] "GET /salt-with-wooden-spoon-paludier-p-54499.html?action=add_product HTTP/1.0" 302 476 "-" "Mozilla/5.0 (compatible; SemrushBot/7~bl; +http://www.semrush.com/bot.html)"
185.191.171.11 - - [09/Oct/2022:18:49:40 +0200] "GET /volkswagen-large-p-26373.html HTTP/1.0" 301 72315 "-" "Mozilla/5.0 (compatible; SemrushBot/7~bl; +http://www.semrush.com/bot.html)"
185.191.171.34 - - [09/Oct/2022:18:49:43 +0200] "GET /-p-26373.html HTTP/1.0" 200 72248 "-" "Mozilla/5.0 (compatible; SemrushBot/7~bl; +http://www.semrush.com/bot.html)"
185.191.171.10 - - [09/Oct/2022:18:49:54 +0200] "GET /water-bottle-liters-leopard-p-56876.html?action=add_product HTTP/1.0" 302 476 "-" "Mozilla/5.0 (compatible; SemrushBot/7~bl; +http://www.semrush.com/bot.html)"
185.191.171.3 - - [09/Oct/2022:18:50:02 +0200] "GET /pirate-flag-p-41710.html?action=add_product HTTP/1.0" 302 476 "-" "Mozilla/5.0 (compatible; SemrushBot/7~bl; +http://www.semrush.com/bot.html)"
51.68.224.127 - - [09/Oct/2022:18:50:18 +0200] "GET /adminweb/export_orders_xml.php?token=256de2z6edz6ed2z6DFSFsed2zed6zeDSFDSGdzedezfzf&maxorders=10&orderstart=1&status=14&start_date=2018-10-01 HTTP/1.0" 200 285 "-" "GesCom CharlotteBoutik Serveur"
51.68.224.127 - - [09/Oct/2022:18:50:18 +0200] "GET /adminweb/export_orders_xml.php?token=256de2z6edz6ed2z6DFSFsed2zed6zeDSFDSGdzedezfzf&maxorders=10&orderstart=1&status=6&start_date=2018-10-01 HTTP/1.0" 200 33985 "-" "GesCom CharlotteBoutik Serveur"
185.191.171.6 - - [09/Oct/2022:18:50:24 +0200] "GET /hedgehogs-bread-p-42217.html?action=add_product HTTP/1.0" 302 476 "-" "Mozilla/5.0 (compatible; SemrushBot/7~bl; +http://www.semrush.com/bot.html)"
185.191.171.6 - - [09/Oct/2022:18:50:35 +0200] "GET /pinocchio-figure-collection-by-britto-p-52404.html HTTP/1.0" 301 76867 "-" "Mozilla/5.0 (compatible; SemrushBot/7~bl; +http://www.semrush.com/bot.html)"
185.191.171.22 - - [09/Oct/2022:18:50:38 +0200] "GET /pinocchio-figure-collection-britto-p-52404.html HTTP/1.0" 200 76766 "-" "Mozilla/5.0 (compatible; SemrushBot/7~bl; +http://www.semrush.com/bot.html)"
185.191.171.8 - - [09/Oct/2022:18:50:42 +0200] "GET /star-wars-dameron-figure-p-34608.html?action=add_product HTTP/1.0" 302 476 "-" "Mozilla/5.0 (compatible; SemrushBot/7~bl; +http://www.semrush.com/bot.html)"
66.249.64.246 - - [09/Oct/2022:18:50:52 +0200] "GET /pink-with-glitter-money-p-48230.html HTTP/1.0" 200 74974 "-" "Mozilla/5.0 (Linux; Android 6.0.1; Nexus 5X Build/MMB29P) AppleWebKit/537.36 (KHTML, like Gecko) Chrome/105.0.5195.125 Mobile Safari/537.36 (compatible; Googlebot/2.1; +http://www.google.com/bot.html)"
185.191.171.9 - - [09/Oct/2022:18:51:00 +0200] "GET /industrial-clock-with-gears-p-53019.html?action=add_product HTTP/1.0" 302 476 "-" "Mozilla/5.0 (compatible; SemrushBot/7~bl; +http://www.semrush.com/bot.html)"
185.191.171.39 - - [09/Oct/2022:18:51:12 +0200] "GET /gorjuss-ladybird-shopping-p-25950.html?action=add_product HTTP/1.0" 302 476 "-" "Mozilla/5.0 (compatible; SemrushBot/7~bl; +http://www.semrush.com/bot.html)"
185.191.171.16 - - [09/Oct/2022:18:51:19 +0200] "GET /russian-doll-starry-small-cushion-by-cbkreation-30-cm-p-18475.html HTTP/1.0" 301 72315 "-" "Mozilla/5.0 (compatible; SemrushBot/7~bl; +http://www.semrush.com/bot.html)"
185.191.171.13 - - [09/Oct/2022:18:51:23 +0200] "GET /-p-18475.html HTTP/1.0" 200 72248 "-" "Mozilla/5.0 (compatible; SemrushBot/7~bl; +http://www.semrush.com/bot.html)"
185.191.171.22 - - [09/Oct/2022:18:51:34 +0200] "GET /wooden-p-42587.html?action=add_product HTTP/1.0" 302 476 "-" "Mozilla/5.0 (compatible; SemrushBot/7~bl; +http://www.semrush.com/bot.html)"
94.14.189.63 - - [09/Oct/2022:18:51:46 +0200] "GET /stationery-and-cardmaking/stationery-school-supplies/hannah-montana-stationery-p-19924.html HTTP/1.0" 301 75137 "https://www.bing.com/" "Mozilla/5.0 (Linux; Android 9; KFMUWI) AppleWebKit/537.36 (KHTML, like Gecko) Silk/104.2.16 like Chrome/104.0.5112.114 Safari/537.36"
94.14.189.63 - - [09/Oct/2022:18:51:47 +0200] "GET /hannah-montana-stationery-p-19924.html HTTP/1.0" 200 75045 "https://www.bing.com/" "Mozilla/5.0 (Linux; Android 9; KFMUWI) AppleWebKit/537.36 (KHTML, like Gecko) Silk/104.2.16 like Chrome/104.0.5112.114 Safari/537.36"
94.14.189.63 - - [09/Oct/2022:18:51:49 +0200] "GET /templates/Pixame_v1/stylesheet.css HTTP/1.0" 200 267 "http://www.wonder-geek.com/hannah-montana-stationery-p-19924.html" "Mozilla/5.0 (Linux; Android 9; KFMUWI) AppleWebKit/537.36 (KHTML, like Gecko) Silk/104.2.16 like Chrome/104.0.5112.114 Safari/537.36"
94.14.189.63 - - [09/Oct/2022:18:51:49 +0200] "GET /highslide/highslide.js HTTP/1.0" 200 262 "http://www.wonder-geek.com/hannah-montana-stationery-p-19924.html" "Mozilla/5.0 (Linux; Android 9; KFMUWI) AppleWebKit/537.36 (KHTML, like Gecko) Silk/104.2.16 like Chrome/104.0.5112.114 Safari/537.36"
94.14.189.63 - - [09/Oct/2022:18:51:49 +0200] "GET /js/jquery.js HTTP/1.0" 200 252 "http://www.wonder-geek.com/hannah-montana-stationery-p-19924.html" "Mozilla/5.0 (Linux; Android 9; KFMUWI) AppleWebKit/537.36 (KHTML, like Gecko) Silk/104.2.16 like Chrome/104.0.5112.114 Safari/537.36"
94.14.189.63 - - [09/Oct/2022:18:51:49 +0200] "GET /js/jquery.jqzoom.js HTTP/1.0" 200 259 "http://www.wonder-geek.com/hannah-montana-stationery-p-19924.html" "Mozilla/5.0 (Linux; Android 9; KFMUWI) AppleWebKit/537.36 (KHTML, like Gecko) Silk/104.2.16 like Chrome/104.0.5112.114 Safari/537.36"
94.14.189.63 - - [09/Oct/2022:18:51:49 +0200] "GET /mondial_relay/js/jquery-1.3.2.min.js HTTP/1.0" 200 276 "http://www.wonder-geek.com/hannah-montana-stationery-p-19924.html" "Mozilla/5.0 (Linux; Android 9; KFMUWI) AppleWebKit/537.36 (KHTML, like Gecko) Silk/104.2.16 like Chrome/104.0.5112.114 Safari/537.36"
94.14.189.63 - - [09/Oct/2022:18:51:49 +0200] "GET /swfobject.js HTTP/1.0" 404 1308 "http://www.wonder-geek.com/hannah-montana-stationery-p-19924.html" "Mozilla/5.0 (Linux; Android 9; KFMUWI) AppleWebKit/537.36 (KHTML, like Gecko) Silk/104.2.16 like Chrome/104.0.5112.114 Safari/537.36"
94.14.189.63 - - [09/Oct/2022:18:51:49 +0200] "GET /templates/Pixame_v1/images/icon_accueil2.png HTTP/1.0" 200 278 "http://www.wonder-geek.com/hannah-montana-stationery-p-19924.html" "Mozilla/5.0 (Linux; Android 9; KFMUWI) AppleWebKit/537.36 (KHTML, like Gecko) Silk/104.2.16 like Chrome/104.0.5112.114 Safari/537.36"
94.14.189.63 - - [09/Oct/2022:18:51:49 +0200] "GET /templates/Pixame_v1/images/infobox/pixel_trans.gif HTTP/1.0" 200 328 "http://www.wonder-geek.com/hannah-montana-stationery-p-19924.html" "Mozilla/5.0 (Linux; Android 9; KFMUWI) AppleWebKit/537.36 (KHTML, like Gecko) Silk/104.2.16 like Chrome/104.0.5112.114 Safari/537.36"
94.14.189.63 - - [09/Oct/2022:18:51:49 +0200] "GET /images/pixel_trans.gif HTTP/1.0" 200 328 "http://www.wonder-geek.com/hannah-montana-stationery-p-19924.html" "Mozilla/5.0 (Linux; Android 9; KFMUWI) AppleWebKit/537.36 (KHTML, like Gecko) Silk/104.2.16 like Chrome/104.0.5112.114 Safari/537.36"
94.14.189.63 - - [09/Oct/2022:18:51:49 +0200] "GET /templates/Pixame_v1/images/pixel_trans.gif HTTP/1.0" 200 328 "http://www.wonder-geek.com/hannah-montana-stationery-p-19924.html" "Mozilla/5.0 (Linux; Android 9; KFMUWI) AppleWebKit/537.36 (KHTML, like Gecko) Silk/104.2.16 like Chrome/104.0.5112.114 Safari/537.36"
94.14.189.63 - - [09/Oct/2022:18:51:49 +0200] "GET /images/4717115120269.jpg HTTP/1.0" 200 259 "http://www.wonder-geek.com/hannah-montana-stationery-p-19924.html" "Mozilla/5.0 (Linux; Android 9; KFMUWI) AppleWebKit/537.36 (KHTML, like Gecko) Silk/104.2.16 like Chrome/104.0.5112.114 Safari/537.36"
94.14.189.63 - - [09/Oct/2022:18:51:49 +0200] "GET /templates/Pixame_v1/images/buttons/english/button_in_cart.gif HTTP/1.0" 200 295 "http://www.wonder-geek.com/hannah-montana-stationery-p-19924.html" "Mozilla/5.0 (Linux; Android 9; KFMUWI) AppleWebKit/537.36 (KHTML, like Gecko) Silk/104.2.16 like Chrome/104.0.5112.114 Safari/537.36"
94.14.189.63 - - [09/Oct/2022:18:51:49 +0200] "GET /templates/Pixame_v1/images/Bottom_texture.jpg HTTP/1.0" 200 280 "http://www.wonder-geek.com/templates/Pixame_v1/stylesheet.css" "Mozilla/5.0 (Linux; Android 9; KFMUWI) AppleWebKit/537.36 (KHTML, like Gecko) Silk/104.2.16 like Chrome/104.0.5112.114 Safari/537.36"
94.14.189.63 - - [09/Oct/2022:18:51:49 +0200] "GET /templates/Pixame_v1/images/Middle_texture.jpg HTTP/1.0" 200 280 "http://www.wonder-geek.com/templates/Pixame_v1/stylesheet.css" "Mozilla/5.0 (Linux; Android 9; KFMUWI) AppleWebKit/537.36 (KHTML, like Gecko) Silk/104.2.16 like Chrome/104.0.5112.114 Safari/537.36"
94.14.189.63 - - [09/Oct/2022:18:51:49 +0200] "GET /templates/Pixame_v1/images/nav.png HTTP/1.0" 200 268 "http://www.wonder-geek.com/templates/Pixame_v1/stylesheet.css" "Mozilla/5.0 (Linux; Android 9; KFMUWI) AppleWebKit/537.36 (KHTML, like Gecko) Silk/104.2.16 like Chrome/104.0.5112.114 Safari/537.36"
94.14.189.63 - - [09/Oct/2022:18:51:50 +0200] "GET /templates/Pixame_v1/images/header.png HTTP/1.0" 200 271 "http://www.wonder-geek.com/templates/Pixame_v1/stylesheet.css" "Mozilla/5.0 (Linux; Android 9; KFMUWI) AppleWebKit/537.36 (KHTML, like Gecko) Silk/104.2.16 like Chrome/104.0.5112.114 Safari/537.36"
94.14.189.63 - - [09/Oct/2022:18:51:50 +0200] "GET /templates/Pixame_v1/images/header-object.png HTTP/1.0" 200 278 "http://www.wonder-geek.com/templates/Pixame_v1/stylesheet.css" "Mozilla/5.0 (Linux; Android 9; KFMUWI) AppleWebKit/537.36 (KHTML, like Gecko) Silk/104.2.16 like Chrome/104.0.5112.114 Safari/537.36"
94.14.189.63 - - [09/Oct/2022:18:51:50 +0200] "GET /design/productsenstock.png HTTP/1.0" 200 260 "http://www.wonder-geek.com/templates/Pixame_v1/stylesheet.css" "Mozilla/5.0 (Linux; Android 9; KFMUWI) AppleWebKit/537.36 (KHTML, like Gecko) Silk/104.2.16 like Chrome/104.0.5112.114 Safari/537.36"
94.14.189.63 - - [09/Oct/2022:18:51:50 +0200] "GET /templates/Pixame_v1/images/infobox/infobox_footer_middle.gif HTTP/1.0" 200 357 "http://www.wonder-geek.com/hannah-montana-stationery-p-19924.html" "Mozilla/5.0 (Linux; Android 9; KFMUWI) AppleWebKit/537.36 (KHTML, like Gecko) Silk/104.2.16 like Chrome/104.0.5112.114 Safari/537.36"
94.14.189.63 - - [09/Oct/2022:18:51:50 +0200] "GET /highslide/graphics/zoomin.cur HTTP/1.0" 200 614 "http://www.wonder-geek.com/templates/Pixame_v1/stylesheet.css" "Mozilla/5.0 (Linux; Android 9; KFMUWI) AppleWebKit/537.36 (KHTML, like Gecko) Silk/104.2.16 like Chrome/104.0.5112.114 Safari/537.36"
94.14.189.63 - - [09/Oct/2022:18:51:51 +0200] "GET /highslide/graphics/outlines/drop-shadow.png HTTP/1.0" 200 277 "http://www.wonder-geek.com/hannah-montana-stationery-p-19924.html" "Mozilla/5.0 (Linux; Android 9; KFMUWI) AppleWebKit/537.36 (KHTML, like Gecko) Silk/104.2.16 like Chrome/104.0.5112.114 Safari/537.36"
94.14.189.63 - - [09/Oct/2022:18:51:51 +0200] "GET /highslide/graphics/zoomout.cur HTTP/1.0" 200 614 "http://www.wonder-geek.com/hannah-montana-stationery-p-19924.html" "Mozilla/5.0 (Linux; Android 9; KFMUWI) AppleWebKit/537.36 (KHTML, like Gecko) Silk/104.2.16 like Chrome/104.0.5112.114 Safari/537.36"
94.14.189.63 - - [09/Oct/2022:18:51:51 +0200] "GET /highslide/graphics/loader.white.gif HTTP/1.0" 200 960 "http://www.wonder-geek.com/templates/Pixame_v1/stylesheet.css" "Mozilla/5.0 (Linux; Android 9; KFMUWI) AppleWebKit/537.36 (KHTML, like Gecko) Silk/104.2.16 like Chrome/104.0.5112.114 Safari/537.36"
94.14.189.63 - - [09/Oct/2022:18:51:51 +0200] "GET /favicon.ico HTTP/1.0" 200 260 "http://www.wonder-geek.com/hannah-montana-stationery-p-19924.html" "Mozilla/5.0 (Linux; Android 9; KFMUWI) AppleWebKit/537.36 (KHTML, like Gecko) Silk/104.2.16 like Chrome/104.0.5112.114 Safari/537.36"
185.191.171.1 - - [09/Oct/2022:18:52:09 +0200] "GET /teo-jasmin-purse-p-34951.html HTTP/1.0" 301 74947 "-" "Mozilla/5.0 (compatible; SemrushBot/7~bl; +http://www.semrush.com/bot.html)"
185.191.171.9 - - [09/Oct/2022:18:52:13 +0200] "GET /bather-statue-blue-p-41457.html HTTP/1.0" 301 72315 "-" "Mozilla/5.0 (compatible; SemrushBot/7~bl; +http://www.semrush.com/bot.html)"
185.191.171.5 - - [09/Oct/2022:18:52:16 +0200] "GET /klimt-the-kiss-candle-holder-p-53528.html HTTP/1.0" 301 76063 "-" "Mozilla/5.0 (compatible; SemrushBot/7~bl; +http://www.semrush.com/bot.html)"
185.191.171.36 - - [09/Oct/2022:18:52:20 +0200] "GET /klimt-kiss-candle-holder-p-53528.html HTTP/1.0" 200 75972 "-" "Mozilla/5.0 (compatible; SemrushBot/7~bl; +http://www.semrush.com/bot.html)"
185.191.171.35 - - [09/Oct/2022:18:52:23 +0200] "GET /-p-41457.html HTTP/1.0" 200 72248 "-" "Mozilla/5.0 (compatible; SemrushBot/7~bl; +http://www.semrush.com/bot.html)"
185.191.171.2 - - [09/Oct/2022:18:52:26 +0200] "GET /tropia-door-coconut-fiber-p-45202.html HTTP/1.0" 200 72350 "-" "Mozilla/5.0 (compatible; SemrushBot/7~bl; +http://www.semrush.com/bot.html)"
185.191.171.37 - - [09/Oct/2022:18:52:29 +0200] "GET /-p-51887.html?action=add_product HTTP/1.0" 302 476 "-" "Mozilla/5.0 (compatible; SemrushBot/7~bl; +http://www.semrush.com/bot.html)"
185.191.171.11 - - [09/Oct/2022:18:52:30 +0200] "GET /jasmin-purse-p-34951.html HTTP/1.0" 200 74868 "-" "Mozilla/5.0 (compatible; SemrushBot/7~bl; +http://www.semrush.com/bot.html)"
120.237.18.58 - - [09/Oct/2022:18:52:33 +0200] "GET /images/mini_prod/5036278051050.jpg HTTP/1.0" 200 269 "-" "Mozilla/5.0 (X11; Ubuntu; Linux x86_64; rv:72.0) Gecko/20100101 Firefox/72.0"
185.191.171.16 - - [09/Oct/2022:18:53:07 +0200] "GET /box-of-sardines-metal-clock-30-cm-p-50638.html HTTP/1.0" 301 72431 "-" "Mozilla/5.0 (compatible; SemrushBot/7~bl; +http://www.semrush.com/bot.html)"
185.191.171.7 - - [09/Oct/2022:18:53:10 +0200] "GET /sardines-metal-clock-p-50638.html HTTP/1.0" 200 72344 "-" "Mozilla/5.0 (compatible; SemrushBot/7~bl; +http://www.semrush.com/bot.html)"
185.191.171.40 - - [09/Oct/2022:18:53:20 +0200] "GET /happy-hermann-cable-cover-made-germany-p-58663.html HTTP/1.0" 200 77138 "-" "Mozilla/5.0 (compatible; SemrushBot/7~bl; +http://www.semrush.com/bot.html)"
173.252.83.113 - - [09/Oct/2022:18:53:24 +0200] "GET /images/mini_prod/8445148021678.jpg HTTP/1.0" 200 269 "-" "facebookexternalhit/1.1 (+http://www.facebook.com/externalhit_uatext.php)"
185.191.171.14 - - [09/Oct/2022:18:53:53 +0200] "GET /fatma-hand-coaster-p-53504.html HTTP/1.0" 200 72310 "-" "Mozilla/5.0 (compatible; SemrushBot/7~bl; +http://www.semrush.com/bot.html)"
185.191.171.45 - - [09/Oct/2022:18:53:59 +0200] "GET /iron-man-keyring-p-32338.html HTTP/1.0" 301 74925 "-" "Mozilla/5.0 (compatible; SemrushBot/7~bl; +http://www.semrush.com/bot.html)"
185.191.171.4 - - [09/Oct/2022:18:54:02 +0200] "GET /iron-keyring-p-32338.html HTTP/1.0" 200 74846 "-" "Mozilla/5.0 (compatible; SemrushBot/7~bl; +http://www.semrush.com/bot.html)"
185.191.171.20 - - [09/Oct/2022:18:54:05 +0200] "GET /jasmin-racing-handbag-hanger-p-34890.html?action=add_product HTTP/1.0" 302 476 "-" "Mozilla/5.0 (compatible; SemrushBot/7~bl; +http://www.semrush.com/bot.html)"
185.191.171.40 - - [09/Oct/2022:18:54:08 +0200] "GET /incense-burner-brass-p-42044.html?action=add_product HTTP/1.0" 302 476 "-" "Mozilla/5.0 (compatible; SemrushBot/7~bl; +http://www.semrush.com/bot.html)"
185.191.171.24 - - [09/Oct/2022:18:54:12 +0200] "GET /star-wars-stormtroopers-poster-p-32274.html HTTP/1.0" 301 72315 "-" "Mozilla/5.0 (compatible; SemrushBot/7~bl; +http://www.semrush.com/bot.html)"
185.191.171.9 - - [09/Oct/2022:18:54:15 +0200] "GET /-p-32274.html HTTP/1.0" 200 72248 "-" "Mozilla/5.0 (compatible; SemrushBot/7~bl; +http://www.semrush.com/bot.html)"
173.252.83.5 - - [09/Oct/2022:18:54:32 +0200] "GET /images/mini_prod/5051276225661.jpg HTTP/1.0" 200 269 "-" "facebookexternalhit/1.1 (+http://www.facebook.com/externalhit_uatext.php)"
185.191.171.13 - - [09/Oct/2022:18:54:48 +0200] "GET /wunzees-doll-65-cm-series-polly-the-panda-p-45113.html HTTP/1.0" 301 72458 "-" "Mozilla/5.0 (compatible; SemrushBot/7~bl; +http://www.semrush.com/bot.html)"
185.191.171.13 - - [09/Oct/2022:18:54:51 +0200] "GET /wunzees-doll-series-polly-panda-p-45113.html HTTP/1.0" 200 72360 "-" "Mozilla/5.0 (compatible; SemrushBot/7~bl; +http://www.semrush.com/bot.html)"
54.36.148.198 - - [09/Oct/2022:18:54:56 +0200] "GET /decorative-metal-bell-with-rope-p-41462.html HTTP/1.0" 200 74970 "-" "Mozilla/5.0 (compatible; AhrefsBot/7.0; +http://ahrefs.com/robot/)"
216.244.66.242 - - [09/Oct/2022:18:55:02 +0200] "GET /robots.txt HTTP/1.0" 200 245 "-" "Mozilla/5.0 (compatible; DotBot/1.2; +https://opensiteexplorer.org/dotbot; help@moz.com)"
185.191.171.18 - - [09/Oct/2022:18:55:32 +0200] "GET /bistro-des-arts-mug-p-39711.html HTTP/1.0" 301 74913 "-" "Mozilla/5.0 (compatible; SemrushBot/7~bl; +http://www.semrush.com/bot.html)"
185.191.171.44 - - [09/Oct/2022:18:55:35 +0200] "GET /bistro-arts-p-39711.html HTTP/1.0" 200 74835 "-" "Mozilla/5.0 (compatible; SemrushBot/7~bl; +http://www.semrush.com/bot.html)"
185.191.171.8 - - [09/Oct/2022:18:55:39 +0200] "GET /potholder-sweet-little-bird-p-58536.html?action=add_product HTTP/1.0" 302 476 "-" "Mozilla/5.0 (compatible; SemrushBot/7~bl; +http://www.semrush.com/bot.html)"
185.191.171.24 - - [09/Oct/2022:18:55:41 +0200] "GET /buddha-decorative-statue-p-42792.html?action=add_product HTTP/1.0" 302 476 "-" "Mozilla/5.0 (compatible; SemrushBot/7~bl; +http://www.semrush.com/bot.html)"
157.55.39.217 - - [09/Oct/2022:18:55:46 +0200] "GET /images/mini_prod/8422010052237.jpg HTTP/1.0" 200 269 "-" "Mozilla/5.0 (compatible; bingbot/2.0; +http://www.bing.com/bingbot.htm)"
185.191.171.24 - - [09/Oct/2022:18:55:46 +0200] "GET /good-year-large-metal-plate-deco-p-43527.html HTTP/1.0" 200 74951 "-" "Mozilla/5.0 (compatible; SemrushBot/7~bl; +http://www.semrush.com/bot.html)"
147.92.153.8 - - [09/Oct/2022:18:55:47 +0200] "GET /curtains-lace-curtains-c-11_69.html HTTP/1.0" 200 91577 "-" "Mozilla/5.0 (compatible; Linespider/1.1; +https://lin.ee/4dwXkTH)"
66.249.64.242 - - [09/Oct/2022:18:55:52 +0200] "GET /shadow-frame-cats-dubout-walk-p-38859.html HTTP/1.0" 200 75471 "-" "Mozilla/5.0 (Linux; Android 6.0.1; Nexus 5X Build/MMB29P) AppleWebKit/537.36 (KHTML, like Gecko) Chrome/105.0.5195.125 Mobile Safari/537.36 (compatible; Googlebot/2.1; +http://www.google.com/bot.html)"
66.249.64.246 - - [09/Oct/2022:18:56:14 +0200] "GET /candy-cloud-unicorn-jazzy-p-49785.html HTTP/1.0" 200 75415 "-" "Mozilla/5.0 (Linux; Android 6.0.1; Nexus 5X Build/MMB29P) AppleWebKit/537.36 (KHTML, like Gecko) Chrome/106.0.5249.91 Mobile Safari/537.36 (compatible; Googlebot/2.1; +http://www.google.com/bot.html)"
185.191.171.14 - - [09/Oct/2022:18:56:24 +0200] "GET /table-lamp-glass-tropical-foliage-p-50018.html?action=add_product HTTP/1.0" 302 476 "-" "Mozilla/5.0 (compatible; SemrushBot/7~bl; +http://www.semrush.com/bot.html)"
185.191.171.13 - - [09/Oct/2022:18:56:29 +0200] "GET /-p-39076.html?action=add_product HTTP/1.0" 302 476 "-" "Mozilla/5.0 (compatible; SemrushBot/7~bl; +http://www.semrush.com/bot.html)"
185.191.171.16 - - [09/Oct/2022:18:56:32 +0200] "GET /shirts-and-sweatshirts-women-c-53_55.html?page=1 HTTP/1.0" 301 96233 "-" "Mozilla/5.0 (compatible; SemrushBot/7~bl; +http://www.semrush.com/bot.html)"
185.191.171.34 - - [09/Oct/2022:18:56:35 +0200] "GET /shirts-sweatshirts-women-c-55.html?page=1 HTTP/1.0" 301 96132 "-" "Mozilla/5.0 (compatible; SemrushBot/7~bl; +http://www.semrush.com/bot.html)"
185.191.171.2 - - [09/Oct/2022:18:56:39 +0200] "GET /shirts-sweatshirts-women-c-53_55.html?page=1 HTTP/1.0" 200 96138 "-" "Mozilla/5.0 (compatible; SemrushBot/7~bl; +http://www.semrush.com/bot.html)"
185.191.171.40 - - [09/Oct/2022:18:56:47 +0200] "GET /green-owl-beauty-nail-kit-p-28907.html HTTP/1.0" 301 75080 "-" "Mozilla/5.0 (compatible; SemrushBot/7~bl; +http://www.semrush.com/bot.html)"
185.191.171.22 - - [09/Oct/2022:18:56:50 +0200] "GET /green-beauty-nail-p-28907.html HTTP/1.0" 200 74996 "-" "Mozilla/5.0 (compatible; SemrushBot/7~bl; +http://www.semrush.com/bot.html)"
185.191.171.16 - - [09/Oct/2022:18:57:05 +0200] "GET /body-talk-resin-statuette-reclining-naked-p-54719.html HTTP/1.0" 200 72426 "-" "Mozilla/5.0 (compatible; SemrushBot/7~bl; +http://www.semrush.com/bot.html)"
185.191.171.23 - - [09/Oct/2022:18:57:17 +0200] "GET /st-michael-statue-33-cm-p-46809.html HTTP/1.0" 301 72393 "-" "Mozilla/5.0 (compatible; SemrushBot/7~bl; +http://www.semrush.com/bot.html)"
185.191.171.18 - - [09/Oct/2022:18:57:26 +0200] "GET /michael-statue-p-46809.html HTTP/1.0" 200 72312 "-" "Mozilla/5.0 (compatible; SemrushBot/7~bl; +http://www.semrush.com/bot.html)"
185.191.171.11 - - [09/Oct/2022:18:57:31 +0200] "GET /-p-32854.html?action=add_product HTTP/1.0" 302 476 "-" "Mozilla/5.0 (compatible; SemrushBot/7~bl; +http://www.semrush.com/bot.html)"
185.191.171.20 - - [09/Oct/2022:18:57:45 +0200] "GET /pillow-case-in-cotton-percale-80-threads-65-65-cm-p-43852.html HTTP/1.0" 301 72509 "-" "Mozilla/5.0 (compatible; SemrushBot/7~bl; +http://www.semrush.com/bot.html)"
185.191.171.24 - - [09/Oct/2022:18:57:48 +0200] "GET /pillow-case-cotton-percale-threads-p-43852.html HTTP/1.0" 200 72408 "-" "Mozilla/5.0 (compatible; SemrushBot/7~bl; +http://www.semrush.com/bot.html)"
185.191.171.37 - - [09/Oct/2022:18:58:06 +0200] "GET /set-of-coasters-franc-by-cbkreation-p-24285.html HTTP/1.0" 301 75096 "-" "Mozilla/5.0 (compatible; SemrushBot/7~bl; +http://www.semrush.com/bot.html)"
185.191.171.6 - - [09/Oct/2022:18:58:09 +0200] "GET /coasters-franc-cbkreation-p-24285.html HTTP/1.0" 200 75004 "-" "Mozilla/5.0 (compatible; SemrushBot/7~bl; +http://www.semrush.com/bot.html)"
185.191.171.6 - - [09/Oct/2022:18:58:15 +0200] "GET /coca-cola-black-metal-plate-p-37157.html?action=add_product HTTP/1.0" 302 476 "-" "Mozilla/5.0 (compatible; SemrushBot/7~bl; +http://www.semrush.com/bot.html)"
185.191.171.21 - - [09/Oct/2022:18:58:17 +0200] "GET /-p-43361.html?action=add_product HTTP/1.0" 302 476 "-" "Mozilla/5.0 (compatible; SemrushBot/7~bl; +http://www.semrush.com/bot.html)"
66.249.64.242 - - [09/Oct/2022:18:58:17 +0200] "GET /incense-burner-sticks-ohm-p-49360.html HTTP/1.0" 301 75627 "-" "Mozilla/5.0 (Linux; Android 6.0.1; Nexus 5X Build/MMB29P) AppleWebKit/537.36 (KHTML, like Gecko) Chrome/106.0.5249.103 Mobile Safari/537.36 (compatible; Googlebot/2.1; +http://www.google.com/bot.html)"
66.249.64.244 - - [09/Oct/2022:18:58:19 +0200] "GET /incense-burner-sticks-p-49360.html HTTP/1.0" 200 75539 "-" "Mozilla/5.0 (Linux; Android 6.0.1; Nexus 5X Build/MMB29P) AppleWebKit/537.36 (KHTML, like Gecko) Chrome/106.0.5249.103 Mobile Safari/537.36 (compatible; Googlebot/2.1; +http://www.google.com/bot.html)"
185.191.171.43 - - [09/Oct/2022:18:58:22 +0200] "GET /guardian-angel-statue-angel-baptism-p-40010.html?action=add_product HTTP/1.0" 301 476 "-" "Mozilla/5.0 (compatible; SemrushBot/7~bl; +http://www.semrush.com/bot.html)"
185.191.171.23 - - [09/Oct/2022:18:58:35 +0200] "GET /wind-butterflies-stickers-20-70-cm-p-36142.html HTTP/1.0" 301 75706 "-" "Mozilla/5.0 (compatible; SemrushBot/7~bl; +http://www.semrush.com/bot.html)"
185.191.171.4 - - [09/Oct/2022:18:58:39 +0200] "GET /wind-butterflies-stickers-p-36142.html HTTP/1.0" 200 75614 "-" "Mozilla/5.0 (compatible; SemrushBot/7~bl; +http://www.semrush.com/bot.html)"
185.191.171.16 - - [09/Oct/2022:18:59:06 +0200] "GET /white-patinated-gold-elephant-statuette-p-54271.html HTTP/1.0" 200 72394 "-" "Mozilla/5.0 (compatible; SemrushBot/7~bl; +http://www.semrush.com/bot.html)"
185.191.171.15 - - [09/Oct/2022:18:59:12 +0200] "GET /blue-butterfly-grey-women-shirt-p-30730.html?action=add_product HTTP/1.0" 302 476 "-" "Mozilla/5.0 (compatible; SemrushBot/7~bl; +http://www.semrush.com/bot.html)"
216.244.66.242 - - [09/Oct/2022:18:59:40 +0200] "GET /petit-akio-night-light-unicorn-p-54707.html HTTP/1.0" 200 76185 "-" "Mozilla/5.0 (compatible; DotBot/1.2; +https://opensiteexplorer.org/dotbot; help@moz.com)"
173.252.83.11 - - [09/Oct/2022:18:59:48 +0200] "GET /images/mini_prod/1399984230855.jpg HTTP/1.0" 200 269 "-" "facebookexternalhit/1.1 (+http://www.facebook.com/externalhit_uatext.php)"
185.191.171.9 - - [09/Oct/2022:18:59:50 +0200] "GET /-p-32804.html?action=add_product HTTP/1.0" 302 476 "-" "Mozilla/5.0 (compatible; SemrushBot/7~bl; +http://www.semrush.com/bot.html)"
185.191.171.24 - - [09/Oct/2022:18:59:57 +0200] "GET /bodega-sponge-holder-p-37395.html HTTP/1.0" 200 74841 "-" "Mozilla/5.0 (compatible; SemrushBot/7~bl; +http://www.semrush.com/bot.html)"
119.8.116.6 - - [09/Oct/2022:19:00:12 +0200] "GET /images/big_prod_2/8435153868368F.jpg HTTP/1.0" 200 271 "-" "Mozilla/5.0 (Windows NT 10.0; Win64; x64) AppleWebKit/537.36 (KHTML, like Gecko) Chrome/54.0.2840.99 Safari/537.36"
185.191.171.18 - - [09/Oct/2022:19:00:15 +0200] "GET /clear-cheshire-figurine-p-54994.html?action=add_product HTTP/1.0" 302 476 "-" "Mozilla/5.0 (compatible; SemrushBot/7~bl; +http://www.semrush.com/bot.html)"
185.191.171.39 - - [09/Oct/2022:19:00:17 +0200] "GET /secret-garden-bedclothes-220-240-cm-p-39068.html HTTP/1.0" 301 72315 "-" "Mozilla/5.0 (compatible; SemrushBot/7~bl; +http://www.semrush.com/bot.html)"
185.191.171.10 - - [09/Oct/2022:19:00:19 +0200] "GET /robots.txt HTTP/1.0" 200 245 "-" "Mozilla/5.0 (compatible; SemrushBot/7~bl; +http://www.semrush.com/bot.html)"
185.191.171.1 - - [09/Oct/2022:19:00:20 +0200] "GET /-p-39068.html HTTP/1.0" 200 72248 "-" "Mozilla/5.0 (compatible; SemrushBot/7~bl; +http://www.semrush.com/bot.html)"
185.191.171.42 - - [09/Oct/2022:19:00:50 +0200] "GET /gorjuss-the-collector-bag-p-29743.html HTTP/1.0" 301 72406 "-" "Mozilla/5.0 (compatible; SemrushBot/7~bl; +http://www.semrush.com/bot.html)"
185.191.171.36 - - [09/Oct/2022:19:00:53 +0200] "GET /gorjuss-collector-p-29743.html HTTP/1.0" 200 72322 "-" "Mozilla/5.0 (compatible; SemrushBot/7~bl; +http://www.semrush.com/bot.html)"
66.249.64.242 - - [09/Oct/2022:19:00:53 +0200] "GET /dishes-c-13_12.html?page=58 HTTP/1.0" 200 93717 "-" "Mozilla/5.0 (Linux; Android 6.0.1; Nexus 5X Build/MMB29P) AppleWebKit/537.36 (KHTML, like Gecko) Chrome/105.0.5195.125 Mobile Safari/537.36 (compatible; Googlebot/2.1; +http://www.google.com/bot.html)"
185.191.171.6 - - [09/Oct/2022:19:00:58 +0200] "GET /gorjuss-large-hobo-little-riding-hood-p-46973.html?action=add_product HTTP/1.0" 302 476 "-" "Mozilla/5.0 (compatible; SemrushBot/7~bl; +http://www.semrush.com/bot.html)"
185.191.171.1 - - [09/Oct/2022:19:01:05 +0200] "GET /glasses-little-prince-p-53841.html?action=add_product HTTP/1.0" 302 476 "-" "Mozilla/5.0 (compatible; SemrushBot/7~bl; +http://www.semrush.com/bot.html)"
185.191.171.43 - - [09/Oct/2022:19:01:10 +0200] "GET /cyclades-carpet-120-170-cm-white-model-with-navy-blue-frieze-p-47959.html HTTP/1.0" 301 72645 "-" "Mozilla/5.0 (compatible; SemrushBot/7~bl; +http://www.semrush.com/bot.html)"
185.191.171.24 - - [09/Oct/2022:19:01:13 +0200] "GET /cyclades-carpet-white-model-with-navy-blue-frieze-p-47959.html HTTP/1.0" 200 72529 "-" "Mozilla/5.0 (compatible; SemrushBot/7~bl; +http://www.semrush.com/bot.html)"
185.191.171.24 - - [09/Oct/2022:19:01:17 +0200] "GET /deco-soapstone-tree-life-purple-p-53790.html HTTP/1.0" 200 75833 "-" "Mozilla/5.0 (compatible; SemrushBot/7~bl; +http://www.semrush.com/bot.html)"
185.191.171.45 - - [09/Oct/2022:19:01:25 +0200] "GET /decoration-ethnic-mask-aged-gold-look-p-57644.html?action=add_product HTTP/1.0" 302 476 "-" "Mozilla/5.0 (compatible; SemrushBot/7~bl; +http://www.semrush.com/bot.html)"
185.191.171.7 - - [09/Oct/2022:19:01:49 +0200] "GET /thumper-and-blossom-figure-collection-p-51166.html HTTP/1.0" 301 76164 "-" "Mozilla/5.0 (compatible; SemrushBot/7~bl; +http://www.semrush.com/bot.html)"
185.191.171.7 - - [09/Oct/2022:19:01:52 +0200] "GET /thumper-blossom-figure-collection-p-51166.html HTTP/1.0" 200 76064 "-" "Mozilla/5.0 (compatible; SemrushBot/7~bl; +http://www.semrush.com/bot.html)"
185.191.171.10 - - [09/Oct/2022:19:02:15 +0200] "GET /figurine-cage-p-45756.html?action=add_product HTTP/1.0" 302 476 "-" "Mozilla/5.0 (compatible; SemrushBot/7~bl; +http://www.semrush.com/bot.html)"
185.191.171.36 - - [09/Oct/2022:19:02:18 +0200] "GET /wild-about-words-sitting-p-31968.html?action=add_product HTTP/1.0" 302 476 "-" "Mozilla/5.0 (compatible; SemrushBot/7~bl; +http://www.semrush.com/bot.html)"
163.220.128.41 - - [09/Oct/2022:19:02:31 +0200] "GET /images/mini_prod/8422014435005.jpg HTTP/1.0" 200 269 "-" "Mozilla/5.0 (X11; Ubuntu; Linux x86_64; rv:72.0) Gecko/20100101 Firefox/72.0"
