185.191.171.37 - - [09/Oct/2022:13:43:40 +0200] "GET /phone-cover-iphone-cbkreation-p-14149.html?action=add_product HTTP/1.0" 301 476 "-" "Mozilla/5.0 (compatible; SemrushBot/7~bl; +http://www.semrush.com/bot.html)"
185.191.171.23 - - [09/Oct/2022:13:43:41 +0200] "GET /children-wall-sticker-with-name-dinosaurs-p-58839.html?action=add_product HTTP/1.0" 302 476 "-" "Mozilla/5.0 (compatible; SemrushBot/7~bl; +http://www.semrush.com/bot.html)"
185.191.171.7 - - [09/Oct/2022:13:43:43 +0200] "GET /boxer-keychain-p-26272.html HTTP/1.0" 200 74874 "-" "Mozilla/5.0 (compatible; SemrushBot/7~bl; +http://www.semrush.com/bot.html)"
185.191.171.35 - - [09/Oct/2022:13:44:00 +0200] "GET /-p-29892.html HTTP/1.0" 200 72248 "-" "Mozilla/5.0 (compatible; SemrushBot/7~bl; +http://www.semrush.com/bot.html)"
185.191.171.39 - - [09/Oct/2022:13:44:15 +0200] "GET /robots.txt HTTP/1.0" 200 245 "-" "Mozilla/5.0 (compatible; SemrushBot/7~bl; +http://www.semrush.com/bot.html)"
185.191.171.21 - - [09/Oct/2022:13:44:16 +0200] "GET /angeles-retro-ottoman-storage-p-50178.html?action=add_product HTTP/1.0" 302 476 "-" "Mozilla/5.0 (compatible; SemrushBot/7~bl; +http://www.semrush.com/bot.html)"
54.36.148.235 - - [09/Oct/2022:13:44:20 +0200] "GET /body-talk-resin-statue-p-53532.html HTTP/1.0" 200 75821 "-" "Mozilla/5.0 (compatible; AhrefsBot/7.0; +http://ahrefs.com/robot/)"
173.252.83.17 - - [09/Oct/2022:13:44:22 +0200] "GET /images/mini_prod/1384010202036.jpg HTTP/1.0" 200 269 "-" "facebookexternalhit/1.1 (+http://www.facebook.com/externalhit_uatext.php)"
185.191.171.1 - - [09/Oct/2022:13:44:32 +0200] "GET /bolster-case-apple-green-p-36586.html?action=add_product HTTP/1.0" 302 476 "-" "Mozilla/5.0 (compatible; SemrushBot/7~bl; +http://www.semrush.com/bot.html)"
185.191.171.39 - - [09/Oct/2022:13:44:35 +0200] "GET /cats-moroccan-ashtray-p-44488.html?action=add_product HTTP/1.0" 302 476 "-" "Mozilla/5.0 (compatible; SemrushBot/7~bl; +http://www.semrush.com/bot.html)"
192.144.202.96 - - [09/Oct/2022:13:44:40 +0200] "GET /images/mini_prod/1384010179567.jpg HTTP/1.0" 200 269 "-" "python-requests/2.27.1"
66.249.64.246 - - [09/Oct/2022:13:44:49 +0200] "GET /bison-girly-cushion-p-28714.html HTTP/1.0" 200 74967 "-" "Mozilla/5.0 (Linux; Android 6.0.1; Nexus 5X Build/MMB29P) AppleWebKit/537.36 (KHTML, like Gecko) Chrome/105.0.5195.125 Mobile Safari/537.36 (compatible; Googlebot/2.1; +http://www.google.com/bot.html)"
185.191.171.4 - - [09/Oct/2022:13:44:50 +0200] "GET /norton-motorcycle-metal-plate-deco-p-41072.html?action=add_product HTTP/1.0" 302 476 "-" "Mozilla/5.0 (compatible; SemrushBot/7~bl; +http://www.semrush.com/bot.html)"
66.249.64.246 - - [09/Oct/2022:13:44:51 +0200] "GET /candle-holder-selenite-flower-life-p-48489.html HTTP/1.0" 200 75103 "-" "Mozilla/5.0 (Linux; Android 6.0.1; Nexus 5X Build/MMB29P) AppleWebKit/537.36 (KHTML, like Gecko) Chrome/105.0.5195.125 Mobile Safari/537.36 (compatible; Googlebot/2.1; +http://www.google.com/bot.html)"
185.191.171.19 - - [09/Oct/2022:13:44:58 +0200] "GET /spiderman-p-29506.html?action=add_product HTTP/1.0" 301 476 "-" "Mozilla/5.0 (compatible; SemrushBot/7~bl; +http://www.semrush.com/bot.html)"
185.191.171.12 - - [09/Oct/2022:13:45:42 +0200] "GET /resin-monkey-statue-p-56597.html?action=add_product HTTP/1.0" 302 476 "-" "Mozilla/5.0 (compatible; SemrushBot/7~bl; +http://www.semrush.com/bot.html)"
66.249.64.242 - - [09/Oct/2022:13:45:51 +0200] "GET /images/big_prod_1/8007472032111B.jpg HTTP/1.0" 200 271 "-" "Googlebot-Image/1.0"
185.191.171.43 - - [09/Oct/2022:13:46:04 +0200] "GET /-p-33320.html?action=add_product HTTP/1.0" 302 476 "-" "Mozilla/5.0 (compatible; SemrushBot/7~bl; +http://www.semrush.com/bot.html)"
185.191.171.34 - - [09/Oct/2022:13:46:08 +0200] "GET /coaster-retro-p-42012.html HTTP/1.0" 200 72318 "-" "Mozilla/5.0 (compatible; SemrushBot/7~bl; +http://www.semrush.com/bot.html)"
185.191.171.37 - - [09/Oct/2022:13:46:19 +0200] "GET /metal-coffee-capacity-opera-p-58338.html?action=add_product HTTP/1.0" 302 476 "-" "Mozilla/5.0 (compatible; SemrushBot/7~bl; +http://www.semrush.com/bot.html)"
185.191.171.5 - - [09/Oct/2022:13:46:23 +0200] "GET /vronese-design-vitruvian-figurine-p-34249.html?action=add_product HTTP/1.0" 302 476 "-" "Mozilla/5.0 (compatible; SemrushBot/7~bl; +http://www.semrush.com/bot.html)"
185.191.171.3 - - [09/Oct/2022:13:46:33 +0200] "GET /cats-and-moons-phosphorescent-polar-plaid-p-45206.html HTTP/1.0" 301 72315 "-" "Mozilla/5.0 (compatible; SemrushBot/7~bl; +http://www.semrush.com/bot.html)"
66.249.64.242 - - [09/Oct/2022:13:46:35 +0200] "GET /specials.php?page=33 HTTP/1.0" 200 124805 "-" "Mozilla/5.0 (Linux; Android 6.0.1; Nexus 5X Build/MMB29P) AppleWebKit/537.36 (KHTML, like Gecko) Chrome/105.0.5195.125 Mobile Safari/537.36 (compatible; Googlebot/2.1; +http://www.google.com/bot.html)"
185.191.171.2 - - [09/Oct/2022:13:46:36 +0200] "GET /-p-45206.html HTTP/1.0" 200 72248 "-" "Mozilla/5.0 (compatible; SemrushBot/7~bl; +http://www.semrush.com/bot.html)"
66.249.64.244 - - [09/Oct/2022:13:46:40 +0200] "GET /figurine-cage-p-45756.html HTTP/1.0" 200 72348 "-" "Mozilla/5.0 (compatible; Googlebot/2.1; +http://www.google.com/bot.html)"
185.191.171.33 - - [09/Oct/2022:13:46:50 +0200] "GET /flower-pot-matte-mustard-p-49685.html HTTP/1.0" 301 72315 "-" "Mozilla/5.0 (compatible; SemrushBot/7~bl; +http://www.semrush.com/bot.html)"
185.191.171.35 - - [09/Oct/2022:13:46:53 +0200] "GET /-p-49685.html HTTP/1.0" 200 72248 "-" "Mozilla/5.0 (compatible; SemrushBot/7~bl; +http://www.semrush.com/bot.html)"
54.36.148.6 - - [09/Oct/2022:13:47:10 +0200] "GET /robots.txt HTTP/1.0" 200 245 "-" "Mozilla/5.0 (compatible; AhrefsBot/7.0; +http://ahrefs.com/robot/)"
54.36.148.108 - - [09/Oct/2022:13:47:11 +0200] "GET /ethnic-albasia-wood-wall-decoration-p-46725.html HTTP/1.0" 200 75614 "-" "Mozilla/5.0 (compatible; AhrefsBot/7.0; +http://ahrefs.com/robot/)"
185.191.171.38 - - [09/Oct/2022:13:47:13 +0200] "GET /round-bath-towel-corsica-p-44927.html?action=add_product HTTP/1.0" 302 476 "-" "Mozilla/5.0 (compatible; SemrushBot/7~bl; +http://www.semrush.com/bot.html)"
185.191.171.15 - - [09/Oct/2022:13:47:15 +0200] "GET /ceramic-salt-p-40787.html HTTP/1.0" 301 72315 "-" "Mozilla/5.0 (compatible; SemrushBot/7~bl; +http://www.semrush.com/bot.html)"
185.191.171.9 - - [09/Oct/2022:13:47:19 +0200] "GET /-p-40787.html HTTP/1.0" 200 72248 "-" "Mozilla/5.0 (compatible; SemrushBot/7~bl; +http://www.semrush.com/bot.html)"
66.249.64.242 - - [09/Oct/2022:13:47:34 +0200] "GET /js/jquery.min.js HTTP/1.0" 404 1308 "http://www.wonder-geek.com/specials.php?page=33" "Mozilla/5.0 (Linux; Android 6.0.1; Nexus 5X Build/MMB29P) AppleWebKit/537.36 (KHTML, like Gecko) Chrome/106.0.5249.91 Mobile Safari/537.36 (compatible; Googlebot/2.1; +http://www.google.com/bot.html)"
66.249.64.246 - - [09/Oct/2022:13:47:36 +0200] "GET /js/jquery.min.js HTTP/1.0" 404 1308 "http://www.wonder-geek.com/specials.php?page=33" "Mozilla/5.0 (Linux; Android 6.0.1; Nexus 5X Build/MMB29P) AppleWebKit/537.36 (KHTML, like Gecko) Chrome/106.0.5249.91 Mobile Safari/537.36 (compatible; Googlebot/2.1; +http://www.google.com/bot.html)"
185.191.171.4 - - [09/Oct/2022:13:47:44 +0200] "GET /glass-ashtray-p-55679.html?action=add_product HTTP/1.0" 302 476 "-" "Mozilla/5.0 (compatible; SemrushBot/7~bl; +http://www.semrush.com/bot.html)"
185.191.171.40 - - [09/Oct/2022:13:47:47 +0200] "GET /dolce-vita-perpetual-calendar-p-27862.html?action=add_product HTTP/1.0" 302 476 "-" "Mozilla/5.0 (compatible; SemrushBot/7~bl; +http://www.semrush.com/bot.html)"
185.191.171.18 - - [09/Oct/2022:13:47:49 +0200] "GET /fragrance-case-cabinet-diffuser-c-231_228.html?page=2 HTTP/1.0" 200 86927 "-" "Mozilla/5.0 (compatible; SemrushBot/7~bl; +http://www.semrush.com/bot.html)"
185.191.171.15 - - [09/Oct/2022:13:47:53 +0200] "GET /small-soft-toys-christmas-balls-owls-p-56333.html?action=add_product HTTP/1.0" 302 476 "-" "Mozilla/5.0 (compatible; SemrushBot/7~bl; +http://www.semrush.com/bot.html)"
185.191.171.21 - - [09/Oct/2022:13:48:01 +0200] "GET /-p-35452.html?action=add_product HTTP/1.0" 302 476 "-" "Mozilla/5.0 (compatible; SemrushBot/7~bl; +http://www.semrush.com/bot.html)"
157.55.39.217 - - [09/Oct/2022:13:48:07 +0200] "GET /-p-17204.html HTTP/1.0" 200 72248 "-" "Mozilla/5.0 (compatible; bingbot/2.0; +http://www.bing.com/bingbot.htm)"
185.191.171.23 - - [09/Oct/2022:13:48:16 +0200] "GET /orunla-resin-figure-p-40232.html?action=add_product HTTP/1.0" 302 476 "-" "Mozilla/5.0 (compatible; SemrushBot/7~bl; +http://www.semrush.com/bot.html)"
185.191.171.39 - - [09/Oct/2022:13:48:29 +0200] "GET /laissez-lucie-faire-toiletry-bag-roberto-p-44826.html HTTP/1.0" 301 72477 "-" "Mozilla/5.0 (compatible; SemrushBot/7~bl; +http://www.semrush.com/bot.html)"
185.191.171.5 - - [09/Oct/2022:13:48:33 +0200] "GET /figurine-caricature-in-polyresine-135-cm-the-biker-p-42885.html HTTP/1.0" 301 72516 "-" "Mozilla/5.0 (compatible; SemrushBot/7~bl; +http://www.semrush.com/bot.html)"
157.55.39.231 - - [09/Oct/2022:13:48:34 +0200] "GET /games-and-toys/toys/set-accessories-cowboy-for-children-p-22588.html HTTP/1.0" 301 647 "-" "Mozilla/5.0 (compatible; bingbot/2.0; +http://www.bing.com/bingbot.htm)"
185.191.171.44 - - [09/Oct/2022:13:48:36 +0200] "GET /figurine-caricature-polyrsine-biker-p-42885.html HTTP/1.0" 200 72414 "-" "Mozilla/5.0 (compatible; SemrushBot/7~bl; +http://www.semrush.com/bot.html)"
185.191.171.2 - - [09/Oct/2022:13:48:39 +0200] "GET /australia-keychain-family-p-57392.html?action=add_product HTTP/1.0" 302 476 "-" "Mozilla/5.0 (compatible; SemrushBot/7~bl; +http://www.semrush.com/bot.html)"
185.191.171.22 - - [09/Oct/2022:13:48:40 +0200] "GET /laissez-lucie-faire-toiletry-roberto-p-44826.html HTTP/1.0" 200 72374 "-" "Mozilla/5.0 (compatible; SemrushBot/7~bl; +http://www.semrush.com/bot.html)"
185.191.171.3 - - [09/Oct/2022:13:48:44 +0200] "GET /holy-spirit-aromatika-incense-sticks-p-53450.html?action=add_product HTTP/1.0" 302 476 "-" "Mozilla/5.0 (compatible; SemrushBot/7~bl; +http://www.semrush.com/bot.html)"
185.191.171.2 - - [09/Oct/2022:13:48:49 +0200] "GET /little-miss-super-cawaii-cosmetic-bag-p-21788.html HTTP/1.0" 301 75982 "-" "Mozilla/5.0 (compatible; SemrushBot/7~bl; +http://www.semrush.com/bot.html)"
185.191.171.13 - - [09/Oct/2022:13:48:53 +0200] "GET /little-miss-super-cawaii-cosmetic-p-21788.html HTTP/1.0" 200 75882 "-" "Mozilla/5.0 (compatible; SemrushBot/7~bl; +http://www.semrush.com/bot.html)"
114.119.133.245 - - [09/Oct/2022:13:48:55 +0200] "GET /luminous-guardian-angel-porcelain-10-cm-star-p-44966.html HTTP/1.0" 301 72497 "http://www.wonder-geek.com/home-and-decoration-c-13.html?page=125" "Mozilla/5.0 (Linux; Android 7.0;) AppleWebKit/537.36 (KHTML, like Gecko) Mobile Safari/537.36 (compatible; PetalBot;+https://webmaster.petalsearch.com/site/petalbot)"
114.119.133.245 - - [09/Oct/2022:13:48:57 +0200] "GET /luminous-guardian-angel-porcelain-star-p-44966.html HTTP/1.0" 200 72392 "http://www.wonder-geek.com/home-and-decoration-c-13.html?page=125" "Mozilla/5.0 (Linux; Android 7.0;) AppleWebKit/537.36 (KHTML, like Gecko) Mobile Safari/537.36 (compatible; PetalBot;+https://webmaster.petalsearch.com/site/petalbot)"
54.36.149.77 - - [09/Oct/2022:13:49:44 +0200] "GET /incense-sticks-camphor-p-51691.html HTTP/1.0" 200 75127 "-" "Mozilla/5.0 (compatible; AhrefsBot/7.0; +http://ahrefs.com/robot/)"
185.191.171.35 - - [09/Oct/2022:13:50:03 +0200] "GET /everyone-dream-rapunzel-musical-p-36262.html?action=add_product HTTP/1.0" 302 476 "-" "Mozilla/5.0 (compatible; SemrushBot/7~bl; +http://www.semrush.com/bot.html)"
66.249.64.242 - - [09/Oct/2022:13:50:06 +0200] "GET /images/big_prod/8052862280160A.jpg HTTP/1.0" 200 269 "-" "Googlebot-Image/1.0"
216.244.66.242 - - [09/Oct/2022:13:50:10 +0200] "GET /greec-rectangulary-cushion-cbkreation-p-36757.html HTTP/1.0" 301 72315 "-" "Mozilla/5.0 (compatible; DotBot/1.2; +https://opensiteexplorer.org/dotbot; help@moz.com)"
66.249.64.242 - - [09/Oct/2022:13:50:17 +0200] "GET /images/big_prod/1384010205013.jpg HTTP/1.0" 200 268 "-" "Googlebot-Image/1.0"
216.244.66.242 - - [09/Oct/2022:13:50:17 +0200] "GET /porcelain-rabbit-lamp-p-54164.html HTTP/1.0" 301 72315 "-" "Mozilla/5.0 (compatible; DotBot/1.2; +https://opensiteexplorer.org/dotbot; help@moz.com)"
185.191.171.13 - - [09/Oct/2022:13:50:31 +0200] "GET /little-prince-melamnine-plate-p-9349.html?action=add_product HTTP/1.0" 302 476 "-" "Mozilla/5.0 (compatible; SemrushBot/7~bl; +http://www.semrush.com/bot.html)"
185.191.171.44 - - [09/Oct/2022:13:50:33 +0200] "GET /-p-50095.html?action=add_product HTTP/1.0" 302 476 "-" "Mozilla/5.0 (compatible; SemrushBot/7~bl; +http://www.semrush.com/bot.html)"
185.191.171.13 - - [09/Oct/2022:13:50:38 +0200] "GET /maoi-candle-25-hours-p-42282.html HTTP/1.0" 301 75050 "-" "Mozilla/5.0 (compatible; SemrushBot/7~bl; +http://www.semrush.com/bot.html)"
185.191.171.1 - - [09/Oct/2022:13:50:42 +0200] "GET /sonny-angel-animal-series-p-27668.html HTTP/1.0" 301 72315 "-" "Mozilla/5.0 (compatible; SemrushBot/7~bl; +http://www.semrush.com/bot.html)"
185.191.171.24 - - [09/Oct/2022:13:50:45 +0200] "GET /-p-27668.html HTTP/1.0" 200 72248 "-" "Mozilla/5.0 (compatible; SemrushBot/7~bl; +http://www.semrush.com/bot.html)"
185.191.171.25 - - [09/Oct/2022:13:50:48 +0200] "GET /maoi-candle-hours-p-42282.html HTTP/1.0" 200 74966 "-" "Mozilla/5.0 (compatible; SemrushBot/7~bl; +http://www.semrush.com/bot.html)"
185.191.171.11 - - [09/Oct/2022:13:50:57 +0200] "GET /figurine-jack-skellington-sally-p-48495.html?action=add_product HTTP/1.0" 302 476 "-" "Mozilla/5.0 (compatible; SemrushBot/7~bl; +http://www.semrush.com/bot.html)"
185.191.171.14 - - [09/Oct/2022:13:51:00 +0200] "GET /small-cups-plank-shape-tree-p-57087.html?action=add_product HTTP/1.0" 302 476 "-" "Mozilla/5.0 (compatible; SemrushBot/7~bl; +http://www.semrush.com/bot.html)"
185.191.171.2 - - [09/Oct/2022:13:51:16 +0200] "GET /coronal-chakra-cbkreation-p-49252.html?action=add_product HTTP/1.0" 302 476 "-" "Mozilla/5.0 (compatible; SemrushBot/7~bl; +http://www.semrush.com/bot.html)"
66.249.64.242 - - [09/Oct/2022:13:51:20 +0200] "GET /moroccan-ashtray-p-40669.html HTTP/1.0" 200 74855 "-" "Mozilla/5.0 (Linux; Android 6.0.1; Nexus 5X Build/MMB29P) AppleWebKit/537.36 (KHTML, like Gecko) Chrome/106.0.5249.91 Mobile Safari/537.36 (compatible; Googlebot/2.1; +http://www.google.com/bot.html)"
185.191.171.38 - - [09/Oct/2022:13:51:31 +0200] "GET /olives-provence-salt-pepper-p-39666.html HTTP/1.0" 301 72315 "-" "Mozilla/5.0 (compatible; SemrushBot/7~bl; +http://www.semrush.com/bot.html)"
185.191.171.34 - - [09/Oct/2022:13:51:33 +0200] "GET /-p-39666.html HTTP/1.0" 200 72248 "-" "Mozilla/5.0 (compatible; SemrushBot/7~bl; +http://www.semrush.com/bot.html)"
157.55.39.217 - - [09/Oct/2022:13:51:47 +0200] "GET /naruto-picture-frame-p-1481.html HTTP/1.0" 200 74901 "-" "Mozilla/5.0 (compatible; bingbot/2.0; +http://www.bing.com/bingbot.htm)"
185.191.171.5 - - [09/Oct/2022:13:52:19 +0200] "GET /mani-lucky-keychain-p-49909.html?action=add_product HTTP/1.0" 302 476 "-" "Mozilla/5.0 (compatible; SemrushBot/7~bl; +http://www.semrush.com/bot.html)"
185.191.171.45 - - [09/Oct/2022:13:52:23 +0200] "GET /home-and-decoration-c-13.html?page=19 HTTP/1.0" 301 94682 "-" "Mozilla/5.0 (compatible; SemrushBot/7~bl; +http://www.semrush.com/bot.html)"
54.36.148.93 - - [09/Oct/2022:13:52:23 +0200] "GET /limited-edition-swarovski-kimmidoll-dolls-p-49800.html HTTP/1.0" 200 72414 "-" "Mozilla/5.0 (compatible; AhrefsBot/7.0; +http://ahrefs.com/robot/)"
185.191.171.2 - - [09/Oct/2022:13:52:27 +0200] "GET /home-decoration-c-13.html?page=19 HTTP/1.0" 200 94595 "-" "Mozilla/5.0 (compatible; SemrushBot/7~bl; +http://www.semrush.com/bot.html)"
157.55.39.217 - - [09/Oct/2022:13:52:28 +0200] "GET /-p-16096.html HTTP/1.0" 200 72248 "-" "Mozilla/5.0 (compatible; bingbot/2.0; +http://www.bing.com/bingbot.htm)"
185.191.171.9 - - [09/Oct/2022:13:52:30 +0200] "GET /pink-flamingo-night-light-with-p-48680.html?action=add_product HTTP/1.0" 302 476 "-" "Mozilla/5.0 (compatible; SemrushBot/7~bl; +http://www.semrush.com/bot.html)"
185.191.171.20 - - [09/Oct/2022:13:52:32 +0200] "GET /star-wars-vehicle-miniature-with-miniature-character-p-33427.html?action=add_product HTTP/1.0" 302 476 "-" "Mozilla/5.0 (compatible; SemrushBot/7~bl; +http://www.semrush.com/bot.html)"
185.191.171.3 - - [09/Oct/2022:13:52:39 +0200] "GET /wooden-box-carved-floral-pattern-21-cm-p-46053.html HTTP/1.0" 301 72504 "-" "Mozilla/5.0 (compatible; SemrushBot/7~bl; +http://www.semrush.com/bot.html)"
185.191.171.38 - - [09/Oct/2022:13:52:43 +0200] "GET /wooden-carved-floral-pattern-p-46053.html HTTP/1.0" 200 72409 "-" "Mozilla/5.0 (compatible; SemrushBot/7~bl; +http://www.semrush.com/bot.html)"
157.55.39.28 - - [09/Oct/2022:13:52:46 +0200] "GET /dressings-metal-p-48326.html HTTP/1.0" 200 72318 "-" "Mozilla/5.0 (compatible; bingbot/2.0; +http://www.bing.com/bingbot.htm)"
51.68.224.127 - - [09/Oct/2022:13:52:49 +0200] "GET /adminweb/export_orders_xml.php?token=256de2z6edz6ed2z6DFSFsed2zed6zeDSFDSGdzedezfzf&maxorders=10&orderstart=1&status=14&start_date=2018-10-01 HTTP/1.0" 200 285 "-" "GesCom CharlotteBoutik Serveur"
51.68.224.127 - - [09/Oct/2022:13:52:49 +0200] "GET /adminweb/export_orders_xml.php?token=256de2z6edz6ed2z6DFSFsed2zed6zeDSFDSGdzedezfzf&maxorders=10&orderstart=1&status=6&start_date=2018-10-01 HTTP/1.0" 200 33985 "-" "GesCom CharlotteBoutik Serveur"
185.191.171.4 - - [09/Oct/2022:13:52:57 +0200] "GET /large-tassen-porcelain-mood-bowl-made-germany-p-43275.html?action=add_product HTTP/1.0" 302 476 "-" "Mozilla/5.0 (compatible; SemrushBot/7~bl; +http://www.semrush.com/bot.html)"
185.191.171.3 - - [09/Oct/2022:13:53:00 +0200] "GET /phone-cover-iphone-cbkreation-p-13939.html?action=add_product HTTP/1.0" 301 476 "-" "Mozilla/5.0 (compatible; SemrushBot/7~bl; +http://www.semrush.com/bot.html)"
185.191.171.38 - - [09/Oct/2022:13:53:05 +0200] "GET /water-bottle-p-53411.html?action=add_product HTTP/1.0" 302 476 "-" "Mozilla/5.0 (compatible; SemrushBot/7~bl; +http://www.semrush.com/bot.html)"
185.191.171.3 - - [09/Oct/2022:13:53:06 +0200] "GET /spiderman-pairs-socks-size-p-46846.html?action=add_product HTTP/1.0" 302 476 "-" "Mozilla/5.0 (compatible; SemrushBot/7~bl; +http://www.semrush.com/bot.html)"
165.132.148.126 - - [09/Oct/2022:13:53:28 +0200] "GET /images/mini_prod/3700276874486.jpg HTTP/1.0" 200 269 "-" "Mozilla/5.0 (X11; Ubuntu; Linux x86_64; rv:72.0) Gecko/20100101 Firefox/72.0"
185.191.171.33 - - [09/Oct/2022:13:54:00 +0200] "GET /cologne-soap-dispenser-p-36616.html?action=add_product HTTP/1.0" 302 476 "-" "Mozilla/5.0 (compatible; SemrushBot/7~bl; +http://www.semrush.com/bot.html)"
185.191.171.21 - - [09/Oct/2022:13:54:14 +0200] "GET /star-wars-kids-school-p-35850.html?action=add_product HTTP/1.0" 301 476 "-" "Mozilla/5.0 (compatible; SemrushBot/7~bl; +http://www.semrush.com/bot.html)"
185.191.171.38 - - [09/Oct/2022:13:54:16 +0200] "GET /candy-cloud-hair-brush-daisy-p-49777.html?action=add_product HTTP/1.0" 302 476 "-" "Mozilla/5.0 (compatible; SemrushBot/7~bl; +http://www.semrush.com/bot.html)"
66.249.64.244 - - [09/Oct/2022:13:54:19 +0200] "GET /yoda-lamp-p-29262.html HTTP/1.0" 200 72282 "-" "Mozilla/5.0 (Linux; Android 6.0.1; Nexus 5X Build/MMB29P) AppleWebKit/537.36 (KHTML, like Gecko) Chrome/106.0.5249.91 Mobile Safari/537.36 (compatible; Googlebot/2.1; +http://www.google.com/bot.html)"
216.244.66.242 - - [09/Oct/2022:13:54:51 +0200] "GET /images/8012052185699.jpg HTTP/1.0" 200 259 "-" "Mozilla/5.0 (compatible; DotBot/1.2; +https://opensiteexplorer.org/dotbot; help@moz.com)"
185.191.171.21 - - [09/Oct/2022:13:54:53 +0200] "GET /decoration-world-p-48248.html?action=add_product HTTP/1.0" 302 476 "-" "Mozilla/5.0 (compatible; SemrushBot/7~bl; +http://www.semrush.com/bot.html)"
54.36.149.36 - - [09/Oct/2022:13:54:59 +0200] "GET /gormiti-cushion-p-6320.html HTTP/1.0" 200 75121 "-" "Mozilla/5.0 (compatible; AhrefsBot/7.0; +http://ahrefs.com/robot/)"
185.191.171.1 - - [09/Oct/2022:13:55:02 +0200] "GET /votive-candle-hours-french-vanilla-p-33125.html?action=add_product HTTP/1.0" 302 476 "-" "Mozilla/5.0 (compatible; SemrushBot/7~bl; +http://www.semrush.com/bot.html)"
147.92.153.15 - - [09/Oct/2022:13:55:05 +0200] "GET /images/big_prod/3700281668865.jpg HTTP/1.0" 200 268 "-" "Mozilla/5.0 (compatible; Linespider/1.1; +https://lin.ee/4dwXkTH)"
185.191.171.13 - - [09/Oct/2022:13:55:06 +0200] "GET /child-apron-little-prince-p-58744.html?action=add_product HTTP/1.0" 302 476 "-" "Mozilla/5.0 (compatible; SemrushBot/7~bl; +http://www.semrush.com/bot.html)"
185.191.171.3 - - [09/Oct/2022:13:55:18 +0200] "GET /small-metallic-box-retro-95-55-21-cm-welcome-to-surfing-p-38918.html HTTP/1.0" 301 72499 "-" "Mozilla/5.0 (compatible; SemrushBot/7~bl; +http://www.semrush.com/bot.html)"
185.191.171.21 - - [09/Oct/2022:13:55:21 +0200] "GET /small-metallic-retro-welcome-surfing-p-38918.html HTTP/1.0" 200 72396 "-" "Mozilla/5.0 (compatible; SemrushBot/7~bl; +http://www.semrush.com/bot.html)"
185.191.171.1 - - [09/Oct/2022:13:55:25 +0200] "GET /-p-42575.html?action=add_product HTTP/1.0" 302 476 "-" "Mozilla/5.0 (compatible; SemrushBot/7~bl; +http://www.semrush.com/bot.html)"
185.191.171.37 - - [09/Oct/2022:13:55:33 +0200] "GET /saucer-p-57180.html HTTP/1.0" 200 75432 "-" "Mozilla/5.0 (compatible; SemrushBot/7~bl; +http://www.semrush.com/bot.html)"
47.94.243.250 - - [09/Oct/2022:13:55:50 +0200] "GET /images/mini_prod/8424001569380.jpg HTTP/1.0" 200 269 "-" "Mozilla/5.0 (Macintosh; Intel Mac OS X 10_15_7) AppleWebKit/537.36 (KHTML, like Gecko) Chrome/105.0.0.0 Safari/537.36"
185.191.171.2 - - [09/Oct/2022:13:55:51 +0200] "GET /gorjuss-dark-streaktartan-heart-shaped-metal-p-46943.html?action=add_product HTTP/1.0" 302 476 "-" "Mozilla/5.0 (compatible; SemrushBot/7~bl; +http://www.semrush.com/bot.html)"
185.191.171.25 - - [09/Oct/2022:13:55:58 +0200] "GET /marnie-ceramic-butter-dish-p-56562.html?action=add_product HTTP/1.0" 302 476 "-" "Mozilla/5.0 (compatible; SemrushBot/7~bl; +http://www.semrush.com/bot.html)"
66.249.64.246 - - [09/Oct/2022:13:56:08 +0200] "GET /skull-beach-towel-p-25789.html HTTP/1.0" 301 72315 "-" "Mozilla/5.0 (Linux; Android 6.0.1; Nexus 5X Build/MMB29P) AppleWebKit/537.36 (KHTML, like Gecko) Chrome/105.0.5195.125 Mobile Safari/537.36 (compatible; Googlebot/2.1; +http://www.google.com/bot.html)"
66.249.64.244 - - [09/Oct/2022:13:56:09 +0200] "GET /-p-25789.html HTTP/1.0" 200 72248 "-" "Mozilla/5.0 (Linux; Android 6.0.1; Nexus 5X Build/MMB29P) AppleWebKit/537.36 (KHTML, like Gecko) Chrome/105.0.5195.125 Mobile Safari/537.36 (compatible; Googlebot/2.1; +http://www.google.com/bot.html)"
185.191.171.1 - - [09/Oct/2022:13:56:20 +0200] "GET /-p-16653.html?action=add_product HTTP/1.0" 302 476 "-" "Mozilla/5.0 (compatible; SemrushBot/7~bl; +http://www.semrush.com/bot.html)"
185.191.171.41 - - [09/Oct/2022:13:56:24 +0200] "GET /-p-37365.html?action=add_product HTTP/1.0" 302 476 "-" "Mozilla/5.0 (compatible; SemrushBot/7~bl; +http://www.semrush.com/bot.html)"
185.191.171.3 - - [09/Oct/2022:13:56:33 +0200] "GET /poster-corsica-p-43695.html HTTP/1.0" 200 74887 "-" "Mozilla/5.0 (compatible; SemrushBot/7~bl; +http://www.semrush.com/bot.html)"
185.191.171.34 - - [09/Oct/2022:13:56:51 +0200] "GET /wall-sticker-p-57501.html?action=add_product HTTP/1.0" 302 476 "-" "Mozilla/5.0 (compatible; SemrushBot/7~bl; +http://www.semrush.com/bot.html)"
185.191.171.42 - - [09/Oct/2022:13:56:53 +0200] "GET /bracelet-rose-quartz-palo-santo-elastic-p-54228.html?action=add_product HTTP/1.0" 302 476 "-" "Mozilla/5.0 (compatible; SemrushBot/7~bl; +http://www.semrush.com/bot.html)"
185.191.171.6 - - [09/Oct/2022:13:57:00 +0200] "GET /grey-origami-cat-statue-30-cm-p-36449.html HTTP/1.0" 301 72315 "-" "Mozilla/5.0 (compatible; SemrushBot/7~bl; +http://www.semrush.com/bot.html)"
185.191.171.9 - - [09/Oct/2022:13:57:03 +0200] "GET /-p-36449.html HTTP/1.0" 200 72248 "-" "Mozilla/5.0 (compatible; SemrushBot/7~bl; +http://www.semrush.com/bot.html)"
114.119.137.3 - - [09/Oct/2022:13:57:13 +0200] "GET /angry-birds-wallet-p-19173.html HTTP/1.0" 200 75100 "http://www.wonder-geek.com/wallet-c-31_237.html" "Mozilla/5.0 (Linux; Android 7.0;) AppleWebKit/537.36 (KHTML, like Gecko) Mobile Safari/537.36 (compatible; PetalBot;+https://webmaster.petalsearch.com/site/petalbot)"
185.191.171.23 - - [09/Oct/2022:13:57:23 +0200] "GET /nasa-bedclothes-p-49668.html?action=add_product HTTP/1.0" 302 476 "-" "Mozilla/5.0 (compatible; SemrushBot/7~bl; +http://www.semrush.com/bot.html)"
157.55.39.28 - - [09/Oct/2022:13:57:26 +0200] "GET /images/mini_prod/3442440234244.jpg HTTP/1.0" 200 269 "-" "Mozilla/5.0 (compatible; bingbot/2.0; +http://www.bing.com/bingbot.htm)"
185.191.171.19 - - [09/Oct/2022:13:57:25 +0200] "GET /volkswagen-bully-blue-picnic-mats-p-31975.html?action=add_product HTTP/1.0" 302 476 "-" "Mozilla/5.0 (compatible; SemrushBot/7~bl; +http://www.semrush.com/bot.html)"
54.36.148.39 - - [09/Oct/2022:13:57:43 +0200] "GET /fragrances-ambiance-c-231.html?page=53 HTTP/1.0" 200 80611 "-" "Mozilla/5.0 (compatible; AhrefsBot/7.0; +http://ahrefs.com/robot/)"
20.38.39.75 - - [09/Oct/2022:13:58:03 +0200] "GET / HTTP/1.0" 301 511 "-" "Mozilla/5.0 (Windows NT 10.0; Win64; x64) AppleWebKit/537.36 (KHTML, like Gecko) Chrome/80.0.3987.149 Safari/537.36"
66.249.64.246 - - [09/Oct/2022:13:58:05 +0200] "GET /duvet-cover-cotton-percale-threads-p-43841.html HTTP/1.0" 200 75186 "-" "Mozilla/5.0 (Linux; Android 6.0.1; Nexus 5X Build/MMB29P) AppleWebKit/537.36 (KHTML, like Gecko) Chrome/106.0.5249.91 Mobile Safari/537.36 (compatible; Googlebot/2.1; +http://www.google.com/bot.html)"
20.38.39.75 - - [09/Oct/2022:13:58:04 +0200] "GET / HTTP/1.0" 200 151797 "-" "Mozilla/5.0 (Windows NT 10.0; Win64; x64) AppleWebKit/537.36 (KHTML, like Gecko) Chrome/80.0.3987.149 Safari/537.36"
20.38.39.75 - - [09/Oct/2022:13:58:08 +0200] "GET //wp-includes/wlwmanifest.xml HTTP/1.0" 404 1308 "-" "Mozilla/5.0 (Windows NT 10.0; Win64; x64) AppleWebKit/537.36 (KHTML, like Gecko) Chrome/80.0.3987.149 Safari/537.36"
20.38.39.75 - - [09/Oct/2022:13:58:08 +0200] "GET //xmlrpc.php?rsd HTTP/1.0" 404 1308 "-" "Mozilla/5.0 (Windows NT 10.0; Win64; x64) AppleWebKit/537.36 (KHTML, like Gecko) Chrome/80.0.3987.149 Safari/537.36"
20.38.39.75 - - [09/Oct/2022:13:58:09 +0200] "GET / HTTP/1.0" 200 152144 "-" "Mozilla/5.0 (Windows NT 10.0; Win64; x64) AppleWebKit/537.36 (KHTML, like Gecko) Chrome/80.0.3987.149 Safari/537.36"
20.38.39.75 - - [09/Oct/2022:13:58:13 +0200] "GET //blog/wp-includes/wlwmanifest.xml HTTP/1.0" 404 1308 "-" "Mozilla/5.0 (Windows NT 10.0; Win64; x64) AppleWebKit/537.36 (KHTML, like Gecko) Chrome/80.0.3987.149 Safari/537.36"
20.38.39.75 - - [09/Oct/2022:13:58:13 +0200] "GET //web/wp-includes/wlwmanifest.xml HTTP/1.0" 404 1308 "-" "Mozilla/5.0 (Windows NT 10.0; Win64; x64) AppleWebKit/537.36 (KHTML, like Gecko) Chrome/80.0.3987.149 Safari/537.36"
20.38.39.75 - - [09/Oct/2022:13:58:13 +0200] "GET //wordpress/wp-includes/wlwmanifest.xml HTTP/1.0" 404 1308 "-" "Mozilla/5.0 (Windows NT 10.0; Win64; x64) AppleWebKit/537.36 (KHTML, like Gecko) Chrome/80.0.3987.149 Safari/537.36"
20.38.39.75 - - [09/Oct/2022:13:58:13 +0200] "GET //website/wp-includes/wlwmanifest.xml HTTP/1.0" 404 1308 "-" "Mozilla/5.0 (Windows NT 10.0; Win64; x64) AppleWebKit/537.36 (KHTML, like Gecko) Chrome/80.0.3987.149 Safari/537.36"
20.38.39.75 - - [09/Oct/2022:13:58:13 +0200] "GET //wp/wp-includes/wlwmanifest.xml HTTP/1.0" 404 1308 "-" "Mozilla/5.0 (Windows NT 10.0; Win64; x64) AppleWebKit/537.36 (KHTML, like Gecko) Chrome/80.0.3987.149 Safari/537.36"
20.38.39.75 - - [09/Oct/2022:13:58:13 +0200] "GET //news/wp-includes/wlwmanifest.xml HTTP/1.0" 404 1308 "-" "Mozilla/5.0 (Windows NT 10.0; Win64; x64) AppleWebKit/537.36 (KHTML, like Gecko) Chrome/80.0.3987.149 Safari/537.36"
20.38.39.75 - - [09/Oct/2022:13:58:13 +0200] "GET //2018/wp-includes/wlwmanifest.xml HTTP/1.0" 404 1308 "-" "Mozilla/5.0 (Windows NT 10.0; Win64; x64) AppleWebKit/537.36 (KHTML, like Gecko) Chrome/80.0.3987.149 Safari/537.36"
20.38.39.75 - - [09/Oct/2022:13:58:14 +0200] "GET //2019/wp-includes/wlwmanifest.xml HTTP/1.0" 404 1308 "-" "Mozilla/5.0 (Windows NT 10.0; Win64; x64) AppleWebKit/537.36 (KHTML, like Gecko) Chrome/80.0.3987.149 Safari/537.36"
20.38.39.75 - - [09/Oct/2022:13:58:14 +0200] "GET //shop/wp-includes/wlwmanifest.xml HTTP/1.0" 404 1308 "-" "Mozilla/5.0 (Windows NT 10.0; Win64; x64) AppleWebKit/537.36 (KHTML, like Gecko) Chrome/80.0.3987.149 Safari/537.36"
20.38.39.75 - - [09/Oct/2022:13:58:14 +0200] "GET //wp1/wp-includes/wlwmanifest.xml HTTP/1.0" 404 1308 "-" "Mozilla/5.0 (Windows NT 10.0; Win64; x64) AppleWebKit/537.36 (KHTML, like Gecko) Chrome/80.0.3987.149 Safari/537.36"
20.38.39.75 - - [09/Oct/2022:13:58:14 +0200] "GET //test/wp-includes/wlwmanifest.xml HTTP/1.0" 404 1308 "-" "Mozilla/5.0 (Windows NT 10.0; Win64; x64) AppleWebKit/537.36 (KHTML, like Gecko) Chrome/80.0.3987.149 Safari/537.36"
20.38.39.75 - - [09/Oct/2022:13:58:14 +0200] "GET //media/wp-includes/wlwmanifest.xml HTTP/1.0" 404 1308 "-" "Mozilla/5.0 (Windows NT 10.0; Win64; x64) AppleWebKit/537.36 (KHTML, like Gecko) Chrome/80.0.3987.149 Safari/537.36"
20.38.39.75 - - [09/Oct/2022:13:58:14 +0200] "GET //wp2/wp-includes/wlwmanifest.xml HTTP/1.0" 404 1308 "-" "Mozilla/5.0 (Windows NT 10.0; Win64; x64) AppleWebKit/537.36 (KHTML, like Gecko) Chrome/80.0.3987.149 Safari/537.36"
20.38.39.75 - - [09/Oct/2022:13:58:14 +0200] "GET //site/wp-includes/wlwmanifest.xml HTTP/1.0" 404 1308 "-" "Mozilla/5.0 (Windows NT 10.0; Win64; x64) AppleWebKit/537.36 (KHTML, like Gecko) Chrome/80.0.3987.149 Safari/537.36"
20.38.39.75 - - [09/Oct/2022:13:58:15 +0200] "GET //cms/wp-includes/wlwmanifest.xml HTTP/1.0" 404 1308 "-" "Mozilla/5.0 (Windows NT 10.0; Win64; x64) AppleWebKit/537.36 (KHTML, like Gecko) Chrome/80.0.3987.149 Safari/537.36"
20.38.39.75 - - [09/Oct/2022:13:58:15 +0200] "GET //sito/wp-includes/wlwmanifest.xml HTTP/1.0" 404 1308 "-" "Mozilla/5.0 (Windows NT 10.0; Win64; x64) AppleWebKit/537.36 (KHTML, like Gecko) Chrome/80.0.3987.149 Safari/537.36"
185.191.171.6 - - [09/Oct/2022:13:58:18 +0200] "GET /vespa-sports-khaki-p-32644.html?action=add_product HTTP/1.0" 302 476 "-" "Mozilla/5.0 (compatible; SemrushBot/7~bl; +http://www.semrush.com/bot.html)"
49.7.20.113 - - [09/Oct/2022:13:58:20 +0200] "GET / HTTP/1.0" 200 152671 "-" "Sogou web spider/4.0(+http://www.sogou.com/docs/help/webmasters.htm#07)"
216.244.66.242 - - [09/Oct/2022:13:58:30 +0200] "GET /beatles-sergent-peppers-black-cover-ipad-tablets-p-17618.html HTTP/1.0" 200 75355 "-" "Mozilla/5.0 (compatible; DotBot/1.2; +https://opensiteexplorer.org/dotbot; help@moz.com)"
185.191.171.9 - - [09/Oct/2022:13:58:32 +0200] "GET /incense-satya-champa-karma-grams-about-sticks-p-45279.html?action=add_product HTTP/1.0" 302 476 "-" "Mozilla/5.0 (compatible; SemrushBot/7~bl; +http://www.semrush.com/bot.html)"
185.191.171.15 - - [09/Oct/2022:13:58:35 +0200] "GET /purse-and-wallet-c-31_76.html?page=1 HTTP/1.0" 301 93272 "-" "Mozilla/5.0 (compatible; SemrushBot/7~bl; +http://www.semrush.com/bot.html)"
185.191.171.8 - - [09/Oct/2022:13:58:39 +0200] "GET /purse-wallet-c-76.html?page=1 HTTP/1.0" 301 93117 "-" "Mozilla/5.0 (compatible; SemrushBot/7~bl; +http://www.semrush.com/bot.html)"
185.191.171.5 - - [09/Oct/2022:13:58:42 +0200] "GET /purse-wallet-c-31_76.html?page=1 HTTP/1.0" 200 93189 "-" "Mozilla/5.0 (compatible; SemrushBot/7~bl; +http://www.semrush.com/bot.html)"
66.249.64.244 - - [09/Oct/2022:13:58:53 +0200] "GET /bamboo-wall-sticker-p-42966.html HTTP/1.0" 200 75527 "-" "Mozilla/5.0 (compatible; Googlebot/2.1; +http://www.google.com/bot.html)"
185.191.171.2 - - [09/Oct/2022:13:58:55 +0200] "GET /-p-44219.html?action=add_product HTTP/1.0" 302 476 "-" "Mozilla/5.0 (compatible; SemrushBot/7~bl; +http://www.semrush.com/bot.html)"
66.249.65.166 - - [09/Oct/2022:13:59:00 +0200] "GET /bamboo-wall-sticker-p-42966.html HTTP/1.0" 200 75527 "-" "Mozilla/5.0 (Linux; Android 6.0.1; Nexus 5X Build/MMB29P) AppleWebKit/537.36 (KHTML, like Gecko) Chrome/106.0.5249.91 Mobile Safari/537.36 (compatible; Googlebot/2.1; +http://www.google.com/bot.html)"
185.191.171.25 - - [09/Oct/2022:13:59:02 +0200] "GET /calimero-shooter-p-57453.html?action=add_product HTTP/1.0" 302 476 "-" "Mozilla/5.0 (compatible; SemrushBot/7~bl; +http://www.semrush.com/bot.html)"
185.191.171.35 - - [09/Oct/2022:13:59:12 +0200] "GET /heart-home-stick-diffuser-angel-forest-p-58954.html?action=add_product HTTP/1.0" 302 476 "-" "Mozilla/5.0 (compatible; SemrushBot/7~bl; +http://www.semrush.com/bot.html)"
66.249.64.242 - - [09/Oct/2022:13:59:19 +0200] "GET /lotus-candleholder-chakra-green-silverlining-p-35522.html HTTP/1.0" 200 76515 "-" "Mozilla/5.0 (compatible; Googlebot/2.1; +http://www.google.com/bot.html)"
173.252.83.18 - - [09/Oct/2022:13:59:32 +0200] "GET /images/mini_prod/7601019991704.jpg HTTP/1.0" 200 269 "-" "facebookexternalhit/1.1 (+http://www.facebook.com/externalhit_uatext.php)"
185.191.171.43 - - [09/Oct/2022:13:59:38 +0200] "GET /owls-guest-towel-p-42226.html HTTP/1.0" 301 72315 "-" "Mozilla/5.0 (compatible; SemrushBot/7~bl; +http://www.semrush.com/bot.html)"
185.191.171.11 - - [09/Oct/2022:13:59:41 +0200] "GET /-p-42226.html HTTP/1.0" 200 72248 "-" "Mozilla/5.0 (compatible; SemrushBot/7~bl; +http://www.semrush.com/bot.html)"
185.191.171.8 - - [09/Oct/2022:13:59:44 +0200] "GET /-p-33420.html?action=add_product HTTP/1.0" 302 476 "-" "Mozilla/5.0 (compatible; SemrushBot/7~bl; +http://www.semrush.com/bot.html)"
185.191.171.7 - - [09/Oct/2022:13:59:46 +0200] "GET /pugsley-keel-toys-plush-p-46901.html?action=add_product HTTP/1.0" 302 476 "-" "Mozilla/5.0 (compatible; SemrushBot/7~bl; +http://www.semrush.com/bot.html)"
66.249.64.242 - - [09/Oct/2022:13:59:49 +0200] "GET /merci-gustave-mickey-and-minnie-big-ben-mug-p-34904.html HTTP/1.0" 301 72519 "-" "Mozilla/5.0 (Linux; Android 6.0.1; Nexus 5X Build/MMB29P) AppleWebKit/537.36 (KHTML, like Gecko) Chrome/105.0.5195.125 Mobile Safari/537.36 (compatible; Googlebot/2.1; +http://www.google.com/bot.html)"
66.249.64.242 - - [09/Oct/2022:13:59:50 +0200] "GET /merci-gustave-mickey-minnie-p-34904.html HTTP/1.0" 200 72425 "-" "Mozilla/5.0 (Linux; Android 6.0.1; Nexus 5X Build/MMB29P) AppleWebKit/537.36 (KHTML, like Gecko) Chrome/105.0.5195.125 Mobile Safari/537.36 (compatible; Googlebot/2.1; +http://www.google.com/bot.html)"
185.191.171.39 - - [09/Oct/2022:13:59:51 +0200] "GET /volkswagen-p-48309.html?action=add_product HTTP/1.0" 302 476 "-" "Mozilla/5.0 (compatible; SemrushBot/7~bl; +http://www.semrush.com/bot.html)"
157.55.39.217 - - [09/Oct/2022:13:59:58 +0200] "GET /decorations-and-furnishings/decorations/naruto-photo-frame-p-1481.html HTTP/1.0" 301 74987 "-" "Mozilla/5.0 (compatible; bingbot/2.0; +http://www.bing.com/bingbot.htm)"
66.249.64.242 - - [09/Oct/2022:14:00:00 +0200] "GET /swfobject.js HTTP/1.0" 404 1308 "http://www.wonder-geek.com/dishes-c-13_12.html?page=12" "Mozilla/5.0 (Linux; Android 6.0.1; Nexus 5X Build/MMB29P) AppleWebKit/537.36 (KHTML, like Gecko) Chrome/106.0.5249.91 Mobile Safari/537.36 (compatible; Googlebot/2.1; +http://www.google.com/bot.html)"
185.191.171.17 - - [09/Oct/2022:14:00:08 +0200] "GET /mandala-p-43383.html?action=add_product HTTP/1.0" 302 476 "-" "Mozilla/5.0 (compatible; SemrushBot/7~bl; +http://www.semrush.com/bot.html)"
170.106.193.192 - - [09/Oct/2022:14:00:37 +0200] "GET /images/mini_prod/5701359678982.jpg HTTP/1.0" 200 269 "-" "Mozilla/5.0 (X11; Ubuntu; Linux x86_64; rv:72.0) Gecko/20100101 Firefox/72.0"
54.36.148.148 - - [09/Oct/2022:14:00:35 +0200] "GET /natural-seagrass-carpet-p-59141.html HTTP/1.0" 200 75933 "-" "Mozilla/5.0 (compatible; AhrefsBot/7.0; +http://ahrefs.com/robot/)"
185.191.171.40 - - [09/Oct/2022:14:00:44 +0200] "GET /iron-maiden-zippo-lighter-p-39528.html?action=add_product HTTP/1.0" 302 476 "-" "Mozilla/5.0 (compatible; SemrushBot/7~bl; +http://www.semrush.com/bot.html)"
185.191.171.15 - - [09/Oct/2022:14:00:46 +0200] "GET /breakfast-board-love-to-be-home-tassen-made-in-germany-p-53189.html HTTP/1.0" 301 76136 "-" "Mozilla/5.0 (compatible; SemrushBot/7~bl; +http://www.semrush.com/bot.html)"
185.191.171.40 - - [09/Oct/2022:14:00:50 +0200] "GET /tinted-candle-in-the-mass-black-color-p-48929.html HTTP/1.0" 301 75078 "-" "Mozilla/5.0 (compatible; SemrushBot/7~bl; +http://www.semrush.com/bot.html)"
185.191.171.19 - - [09/Oct/2022:14:00:53 +0200] "GET /tinted-candle-mass-black-color-p-48929.html HTTP/1.0" 200 74981 "-" "Mozilla/5.0 (compatible; SemrushBot/7~bl; +http://www.semrush.com/bot.html)"
185.191.171.37 - - [09/Oct/2022:14:00:56 +0200] "GET /breakfast-board-love-home-tassen-made-germany-p-53189.html HTTP/1.0" 200 76024 "-" "Mozilla/5.0 (compatible; SemrushBot/7~bl; +http://www.semrush.com/bot.html)"
185.191.171.45 - - [09/Oct/2022:14:01:03 +0200] "GET /educational-watch-children-cats-p-51495.html?action=add_product HTTP/1.0" 302 476 "-" "Mozilla/5.0 (compatible; SemrushBot/7~bl; +http://www.semrush.com/bot.html)"
185.191.171.39 - - [09/Oct/2022:14:01:05 +0200] "GET /round-tablecloth-azulejos-treated-anti-stain-blue-p-51351.html?action=add_product HTTP/1.0" 302 476 "-" "Mozilla/5.0 (compatible; SemrushBot/7~bl; +http://www.semrush.com/bot.html)"
185.191.171.35 - - [09/Oct/2022:14:01:07 +0200] "GET /bamboo-fiber-plant-cover-p-58918.html?action=add_product HTTP/1.0" 302 476 "-" "Mozilla/5.0 (compatible; SemrushBot/7~bl; +http://www.semrush.com/bot.html)"
185.191.171.17 - - [09/Oct/2022:14:01:26 +0200] "GET /saint-joan-prayer-candle-novena-p-51637.html?action=add_product HTTP/1.0" 302 476 "-" "Mozilla/5.0 (compatible; SemrushBot/7~bl; +http://www.semrush.com/bot.html)"
185.191.171.12 - - [09/Oct/2022:14:01:33 +0200] "GET /set-of-bears-fir-decoration-10-cm-p-49238.html HTTP/1.0" 301 72315 "-" "Mozilla/5.0 (compatible; SemrushBot/7~bl; +http://www.semrush.com/bot.html)"
185.191.171.3 - - [09/Oct/2022:14:01:36 +0200] "GET /-p-49238.html HTTP/1.0" 200 72248 "-" "Mozilla/5.0 (compatible; SemrushBot/7~bl; +http://www.semrush.com/bot.html)"
185.191.171.33 - - [09/Oct/2022:14:01:52 +0200] "GET /mandala-wood-wall-decoration-p-58575.html?action=add_product HTTP/1.0" 302 476 "-" "Mozilla/5.0 (compatible; SemrushBot/7~bl; +http://www.semrush.com/bot.html)"
66.249.64.242 - - [09/Oct/2022:14:01:55 +0200] "GET /images/big_prod/5051276329512.jpg HTTP/1.0" 200 268 "-" "Googlebot-Image/1.0"
163.220.128.41 - - [09/Oct/2022:14:01:58 +0200] "GET /images/mini_prod/8427787035957.jpg HTTP/1.0" 200 269 "-" "Mozilla/5.0 (X11; Ubuntu; Linux x86_64; rv:72.0) Gecko/20100101 Firefox/72.0"
66.249.64.242 - - [09/Oct/2022:14:02:39 +0200] "GET /images/big_prod_1/PANDA1.jpg HTTP/1.0" 200 263 "-" "Googlebot-Image/1.0"
185.191.171.15 - - [09/Oct/2022:14:02:40 +0200] "GET /marseille-enamel-p-57140.html?action=add_product HTTP/1.0" 302 476 "-" "Mozilla/5.0 (compatible; SemrushBot/7~bl; +http://www.semrush.com/bot.html)"
185.191.171.25 - - [09/Oct/2022:14:02:42 +0200] "GET /robots.txt HTTP/1.0" 200 245 "-" "Mozilla/5.0 (compatible; SemrushBot/7~bl; +http://www.semrush.com/bot.html)"
185.191.171.22 - - [09/Oct/2022:14:03:09 +0200] "GET /bmw-metal-plate-20-15-cm-p-37169.html HTTP/1.0" 301 74978 "-" "Mozilla/5.0 (compatible; SemrushBot/7~bl; +http://www.semrush.com/bot.html)"
185.191.171.2 - - [09/Oct/2022:14:03:13 +0200] "GET /mobile-metal-bells-p-41478.html?action=add_product HTTP/1.0" 302 476 "-" "Mozilla/5.0 (compatible; SemrushBot/7~bl; +http://www.semrush.com/bot.html)"
185.191.171.38 - - [09/Oct/2022:14:03:14 +0200] "GET /metal-plate-p-37169.html HTTP/1.0" 200 74900 "-" "Mozilla/5.0 (compatible; SemrushBot/7~bl; +http://www.semrush.com/bot.html)"
54.36.148.61 - - [09/Oct/2022:14:03:18 +0200] "GET /woven-natural-black-palm-leaves-p-59142.html HTTP/1.0" 200 75868 "-" "Mozilla/5.0 (compatible; AhrefsBot/7.0; +http://ahrefs.com/robot/)"
173.252.83.3 - - [09/Oct/2022:14:03:23 +0200] "GET /images/mini_prod/3503420129933.jpg HTTP/1.0" 200 269 "-" "facebookexternalhit/1.1 (+http://www.facebook.com/externalhit_uatext.php)"
185.191.171.23 - - [09/Oct/2022:14:03:34 +0200] "GET /elmer-felt-p-15261.html?action=add_product HTTP/1.0" 302 476 "-" "Mozilla/5.0 (compatible; SemrushBot/7~bl; +http://www.semrush.com/bot.html)"
185.191.171.44 - - [09/Oct/2022:14:03:53 +0200] "GET /little-miss-super-cawaii-cosmetic-bag-p-21781.html HTTP/1.0" 301 75106 "-" "Mozilla/5.0 (compatible; SemrushBot/7~bl; +http://www.semrush.com/bot.html)"
185.191.171.6 - - [09/Oct/2022:14:03:56 +0200] "GET /-p-17157.html?action=add_product HTTP/1.0" 302 476 "-" "Mozilla/5.0 (compatible; SemrushBot/7~bl; +http://www.semrush.com/bot.html)"
66.249.64.246 - - [09/Oct/2022:14:03:58 +0200] "GET /images/mini_prod/n1300010237731.jpg HTTP/1.0" 200 270 "-" "Googlebot-Image/1.0"
185.191.171.6 - - [09/Oct/2022:14:03:58 +0200] "GET /square-wooden-box-with-metal-stud-decorations-p-48059.html HTTP/1.0" 301 72315 "-" "Mozilla/5.0 (compatible; SemrushBot/7~bl; +http://www.semrush.com/bot.html)"
185.191.171.33 - - [09/Oct/2022:14:04:00 +0200] "GET /wall-hanging-radha-shiva-eternal-lovers-p-47247.html?action=add_product HTTP/1.0" 302 476 "-" "Mozilla/5.0 (compatible; SemrushBot/7~bl; +http://www.semrush.com/bot.html)"
185.191.171.44 - - [09/Oct/2022:14:04:02 +0200] "GET /-p-48059.html HTTP/1.0" 200 72248 "-" "Mozilla/5.0 (compatible; SemrushBot/7~bl; +http://www.semrush.com/bot.html)"
185.191.171.9 - - [09/Oct/2022:14:04:05 +0200] "GET /little-miss-super-cawaii-cosmetic-p-21781.html HTTP/1.0" 200 75006 "-" "Mozilla/5.0 (compatible; SemrushBot/7~bl; +http://www.semrush.com/bot.html)"
185.191.171.14 - - [09/Oct/2022:14:04:08 +0200] "GET /amethyst-druse-pendant-balance-body-spirit-p-47231.html HTTP/1.0" 200 72410 "-" "Mozilla/5.0 (compatible; SemrushBot/7~bl; +http://www.semrush.com/bot.html)"
185.191.171.26 - - [09/Oct/2022:14:04:11 +0200] "GET /cinderella-transformation-figurine-wonderful-dream-come-true-p-52196.html?action=add_product HTTP/1.0" 302 476 "-" "Mozilla/5.0 (compatible; SemrushBot/7~bl; +http://www.semrush.com/bot.html)"
185.191.171.12 - - [09/Oct/2022:14:04:39 +0200] "GET /-p-18473.html HTTP/1.0" 200 72248 "-" "Mozilla/5.0 (compatible; SemrushBot/7~bl; +http://www.semrush.com/bot.html)"
207.46.13.140 - - [09/Oct/2022:14:04:53 +0200] "GET /images/8435306215780.jpg HTTP/1.0" 200 259 "-" "Mozilla/5.0 (compatible; bingbot/2.0; +http://www.bing.com/bingbot.htm)"
207.46.13.140 - - [09/Oct/2022:14:04:54 +0200] "GET /-p-29761.html HTTP/1.0" 200 72248 "-" "Mozilla/5.0 (compatible; bingbot/2.0; +http://www.bing.com/bingbot.htm)"
157.55.39.28 - - [09/Oct/2022:14:04:56 +0200] "GET /images/big_prod/8719497615469.jpg HTTP/1.0" 200 268 "-" "Mozilla/5.0 (compatible; bingbot/2.0; +http://www.bing.com/bingbot.htm)"
185.191.171.1 - - [09/Oct/2022:14:04:57 +0200] "GET /-p-15465.html?action=add_product HTTP/1.0" 302 476 "-" "Mozilla/5.0 (compatible; SemrushBot/7~bl; +http://www.semrush.com/bot.html)"
185.191.171.22 - - [09/Oct/2022:14:05:01 +0200] "GET /hanging-panel-p-44905.html?action=add_product HTTP/1.0" 301 476 "-" "Mozilla/5.0 (compatible; SemrushBot/7~bl; +http://www.semrush.com/bot.html)"
185.191.171.14 - - [09/Oct/2022:14:05:25 +0200] "GET /black-gold-buddha-head-glass-lamp-p-47218.html?action=add_product HTTP/1.0" 302 476 "-" "Mozilla/5.0 (compatible; SemrushBot/7~bl; +http://www.semrush.com/bot.html)"
157.55.39.231 - - [09/Oct/2022:14:05:26 +0200] "GET /toilet-brush-flamingo-p-39377.html HTTP/1.0" 200 72322 "-" "Mozilla/5.0 (compatible; bingbot/2.0; +http://www.bing.com/bingbot.htm)"
185.191.171.5 - - [09/Oct/2022:14:05:30 +0200] "GET /shoulder-bordeaux-with-embroidered-chakra-symbols-p-45363.html?action=add_product HTTP/1.0" 302 476 "-" "Mozilla/5.0 (compatible; SemrushBot/7~bl; +http://www.semrush.com/bot.html)"
66.249.64.244 - - [09/Oct/2022:14:05:39 +0200] "GET /red-fuel-pump-clock-p-50653.html HTTP/1.0" 301 72315 "-" "Mozilla/5.0 (Linux; Android 6.0.1; Nexus 5X Build/MMB29P) AppleWebKit/537.36 (KHTML, like Gecko) Chrome/105.0.5195.125 Mobile Safari/537.36 (compatible; Googlebot/2.1; +http://www.google.com/bot.html)"
66.249.64.242 - - [09/Oct/2022:14:05:41 +0200] "GET /-p-50653.html HTTP/1.0" 200 72248 "-" "Mozilla/5.0 (Linux; Android 6.0.1; Nexus 5X Build/MMB29P) AppleWebKit/537.36 (KHTML, like Gecko) Chrome/105.0.5195.125 Mobile Safari/537.36 (compatible; Googlebot/2.1; +http://www.google.com/bot.html)"
66.249.64.242 - - [09/Oct/2022:14:05:49 +0200] "GET /sophie-giraffe-glitter-globe-p-30604.html HTTP/1.0" 200 75079 "-" "Mozilla/5.0 (compatible; Googlebot/2.1; +http://www.google.com/bot.html)"
207.46.13.149 - - [09/Oct/2022:14:05:53 +0200] "GET /images/8033667001822.jpg HTTP/1.0" 200 259 "-" "Mozilla/5.0 (compatible; bingbot/2.0; +http://www.bing.com/bingbot.htm)"
173.252.83.24 - - [09/Oct/2022:14:05:56 +0200] "GET /images/mini_prod/MISES-EN-SITUATION-POLAROID-18.jpg HTTP/1.0" 200 286 "-" "facebookexternalhit/1.1 (+http://www.facebook.com/externalhit_uatext.php)"
185.191.171.37 - - [09/Oct/2022:14:05:58 +0200] "GET /hanging-decoration-p-56136.html?action=add_product HTTP/1.0" 302 476 "-" "Mozilla/5.0 (compatible; SemrushBot/7~bl; +http://www.semrush.com/bot.html)"
103.131.71.212 - - [09/Oct/2022:14:06:00 +0200] "GET /robots.txt HTTP/1.0" 301 531 "-" "Mozilla/5.0 (compatible; coccocbot-image/1.0; +http://help.coccoc.com/searchengine)"
103.131.71.212 - - [09/Oct/2022:14:06:02 +0200] "GET /robots.txt HTTP/1.0" 200 245 "-" "Mozilla/5.0 (compatible; coccocbot-image/1.0; +http://help.coccoc.com/searchengine)"
185.191.171.41 - - [09/Oct/2022:14:06:01 +0200] "GET /forest-friends-glasses-case-deer-p-51861.html?action=add_product HTTP/1.0" 302 476 "-" "Mozilla/5.0 (compatible; SemrushBot/7~bl; +http://www.semrush.com/bot.html)"
66.249.64.242 - - [09/Oct/2022:14:06:01 +0200] "GET /nici-lucy-rectangular-black-pencil-case-p-13754.html HTTP/1.0" 200 75033 "-" "Mozilla/5.0 (compatible; Googlebot/2.1; +http://www.google.com/bot.html)"
54.36.148.44 - - [09/Oct/2022:14:06:16 +0200] "GET /wise-monkey-figurines-p-59137.html HTTP/1.0" 200 76114 "-" "Mozilla/5.0 (compatible; AhrefsBot/7.0; +http://ahrefs.com/robot/)"
185.191.171.34 - - [09/Oct/2022:14:06:28 +0200] "GET /tropical-pouch-paradise-p-49551.html?action=add_product HTTP/1.0" 302 476 "-" "Mozilla/5.0 (compatible; SemrushBot/7~bl; +http://www.semrush.com/bot.html)"
185.191.171.16 - - [09/Oct/2022:14:06:51 +0200] "GET /magnet-relief-yellow-tour-france-p-54974.html?action=add_product HTTP/1.0" 302 476 "-" "Mozilla/5.0 (compatible; SemrushBot/7~bl; +http://www.semrush.com/bot.html)"
185.191.171.1 - - [09/Oct/2022:14:07:03 +0200] "GET /incense-holder-and-incense-burner-c-231_229.html?page=3 HTTP/1.0" 301 94317 "-" "Mozilla/5.0 (compatible; SemrushBot/7~bl; +http://www.semrush.com/bot.html)"
185.191.171.6 - - [09/Oct/2022:14:07:07 +0200] "GET /incense-holder-incense-burner-c-229.html?page=3 HTTP/1.0" 301 94186 "-" "Mozilla/5.0 (compatible; SemrushBot/7~bl; +http://www.semrush.com/bot.html)"
185.191.171.5 - - [09/Oct/2022:14:07:10 +0200] "GET /incense-holder-incense-burner-c-231_229.html?page=3 HTTP/1.0" 200 94216 "-" "Mozilla/5.0 (compatible; SemrushBot/7~bl; +http://www.semrush.com/bot.html)"
173.252.83.24 - - [09/Oct/2022:14:07:16 +0200] "GET /images/mini_prod/3453131146852.jpg HTTP/1.0" 200 269 "-" "facebookexternalhit/1.1 (+http://www.facebook.com/externalhit_uatext.php)"
173.252.83.12 - - [09/Oct/2022:14:07:23 +0200] "GET /images/mini_prod/1384010208281NN.jpg HTTP/1.0" 200 271 "-" "facebookexternalhit/1.1 (+http://www.facebook.com/externalhit_uatext.php)"
185.191.171.26 - - [09/Oct/2022:14:07:34 +0200] "GET /military-ambulance-truck-metal-p-48884.html?action=add_product HTTP/1.0" 302 476 "-" "Mozilla/5.0 (compatible; SemrushBot/7~bl; +http://www.semrush.com/bot.html)"
173.252.83.1 - - [09/Oct/2022:14:07:36 +0200] "GET /images/mini_prod/3612875123677.jpg HTTP/1.0" 200 269 "-" "facebookexternalhit/1.1 (+http://www.facebook.com/externalhit_uatext.php)"
185.191.171.4 - - [09/Oct/2022:14:07:52 +0200] "GET /traditional-water-bottle-panda-p-53375.html?action=add_product HTTP/1.0" 302 476 "-" "Mozilla/5.0 (compatible; SemrushBot/7~bl; +http://www.semrush.com/bot.html)"
185.191.171.12 - - [09/Oct/2022:14:08:06 +0200] "GET /classic-horse-mini-rectangular-tray-p-54912.html?action=add_product HTTP/1.0" 302 476 "-" "Mozilla/5.0 (compatible; SemrushBot/7~bl; +http://www.semrush.com/bot.html)"
185.191.171.26 - - [09/Oct/2022:14:08:12 +0200] "GET /-p-45891.html?action=add_product HTTP/1.0" 302 476 "-" "Mozilla/5.0 (compatible; SemrushBot/7~bl; +http://www.semrush.com/bot.html)"
185.191.171.14 - - [09/Oct/2022:14:08:14 +0200] "GET /laundry-basket-p-52238.html?action=add_product HTTP/1.0" 302 476 "-" "Mozilla/5.0 (compatible; SemrushBot/7~bl; +http://www.semrush.com/bot.html)"
185.191.171.6 - - [09/Oct/2022:14:08:21 +0200] "GET /sentiment-towel-kitchen-towel-p-43650.html?action=add_product HTTP/1.0" 302 476 "-" "Mozilla/5.0 (compatible; SemrushBot/7~bl; +http://www.semrush.com/bot.html)"
185.191.171.25 - - [09/Oct/2022:14:08:26 +0200] "GET /-p-36765.html?action=add_product HTTP/1.0" 302 476 "-" "Mozilla/5.0 (compatible; SemrushBot/7~bl; +http://www.semrush.com/bot.html)"
93.158.161.6 - - [09/Oct/2022:14:08:31 +0200] "GET /bookmark-lenticular-p-19154.html HTTP/1.0" 200 75039 "-" "Mozilla/5.0 (compatible; YandexBot/3.0; +http://yandex.com/bots)"
157.55.39.217 - - [09/Oct/2022:14:08:48 +0200] "GET /-p-3188.html HTTP/1.0" 200 72246 "-" "Mozilla/5.0 AppleWebKit/537.36 (KHTML, like Gecko; compatible; bingbot/2.0; +http://www.bing.com/bingbot.htm) Chrome/103.0.5060.134 Safari/537.36"
185.191.171.39 - - [09/Oct/2022:14:08:49 +0200] "GET /bamboo-fiber-plant-cover-p-58895.html?action=add_product HTTP/1.0" 302 476 "-" "Mozilla/5.0 (compatible; SemrushBot/7~bl; +http://www.semrush.com/bot.html)"
54.36.148.90 - - [09/Oct/2022:14:08:55 +0200] "GET /heart-home-stick-diffuser-angel-forest-p-58954.html HTTP/1.0" 200 75882 "-" "Mozilla/5.0 (compatible; AhrefsBot/7.0; +http://ahrefs.com/robot/)"
