185.191.171.9 - - [09/Oct/2022:05:10:47 +0200] "GET /iphone-transparent-shell-44s-with-personalized-picture-p-16340.html HTTP/1.0" 301 75520 "-" "Mozilla/5.0 (compatible; SemrushBot/7~bl; +http://www.semrush.com/bot.html)"
64.124.8.31 - - [09/Oct/2022:05:10:49 +0200] "GET /happy-bedclothes-p-55172.html HTTP/1.0" 200 72336 "-" "Mozilla/5.0 (X11; Linux x86_64) AppleWebKit/537.36 (KHTML, like Gecko) Chrome/61.0.3163.79 Safari/537.36"
185.191.171.20 - - [09/Oct/2022:05:10:52 +0200] "GET /statuette-praline-white-color-p-50720.html?action=add_product HTTP/1.0" 302 476 "-" "Mozilla/5.0 (compatible; SemrushBot/7~bl; +http://www.semrush.com/bot.html)"
185.191.171.14 - - [09/Oct/2022:05:10:53 +0200] "GET /body-talk-resin-statuette-reclining-naked-p-54719.html?action=add_product HTTP/1.0" 302 476 "-" "Mozilla/5.0 (compatible; SemrushBot/7~bl; +http://www.semrush.com/bot.html)"
185.191.171.35 - - [09/Oct/2022:05:10:54 +0200] "GET /bohemian-ethnic-lirette-carpet-p-56662.html?action=add_product HTTP/1.0" 302 476 "-" "Mozilla/5.0 (compatible; SemrushBot/7~bl; +http://www.semrush.com/bot.html)"
185.191.171.44 - - [09/Oct/2022:05:10:56 +0200] "GET /russian-doll-alarm-clock-cbkreation-p-25001.html?action=add_product HTTP/1.0" 302 476 "-" "Mozilla/5.0 (compatible; SemrushBot/7~bl; +http://www.semrush.com/bot.html)"
185.191.171.35 - - [09/Oct/2022:05:10:57 +0200] "GET /iphone-transparent-shell-with-personalized-picture-p-16340.html HTTP/1.0" 200 75403 "-" "Mozilla/5.0 (compatible; SemrushBot/7~bl; +http://www.semrush.com/bot.html)"
64.124.8.31 - - [09/Oct/2022:05:11:02 +0200] "GET /winnie-the-pooh-stool-p-18810.html HTTP/1.0" 301 72420 "-" "Mozilla/5.0 (X11; Linux x86_64) AppleWebKit/537.36 (KHTML, like Gecko) Chrome/61.0.3163.79 Safari/537.36"
64.124.8.31 - - [09/Oct/2022:05:11:12 +0200] "GET /checkout_shipping.php HTTP/1.0" 302 468 "-" "Mozilla/5.0 (X11; Linux x86_64) AppleWebKit/537.36 (KHTML, like Gecko) Chrome/61.0.3163.79 Safari/537.36"
54.36.148.61 - - [09/Oct/2022:05:11:12 +0200] "GET /yellow-sandstone-lamp-p-58965.html HTTP/1.0" 200 75657 "-" "Mozilla/5.0 (compatible; AhrefsBot/7.0; +http://ahrefs.com/robot/)"
64.124.8.31 - - [09/Oct/2022:05:11:22 +0200] "GET /buddha-isothermic-stainless-steel-bottle-by-cbkreation-p-50ii.edu/handle/10125/310 HTTP/1.0" 404 1308 "-" "Mozilla/5.0 (X11; Linux x86_64) AppleWebKit/537.36 (KHTML, like Gecko) Chrome/61.0.3163.79 Safari/537.36"
185.191.171.10 - - [09/Oct/2022:05:11:03 +0200] "GET /boxes-storage-c-150.html HTTP/1.0" 301 96305 "-" "Mozilla/5.0 (compatible; SemrushBot/7~bl; +http://www.semrush.com/bot.html)"
185.191.171.44 - - [09/Oct/2022:05:11:24 +0200] "GET /-p-48601.html?action=add_product HTTP/1.0" 302 476 "-" "Mozilla/5.0 (compatible; SemrushBot/7~bl; +http://www.semrush.com/bot.html)"
66.249.64.242 - - [09/Oct/2022:05:11:28 +0200] "GET /images/big_prod/3453131151351.jpg HTTP/1.0" 200 268 "-" "Googlebot-Image/1.0"
185.191.171.33 - - [09/Oct/2022:05:11:25 +0200] "GET /foliage-bamboo-flower-cover-p-58253.html HTTP/1.0" 200 75571 "-" "Mozilla/5.0 (compatible; SemrushBot/7~bl; +http://www.semrush.com/bot.html)"
64.124.8.31 - - [09/Oct/2022:05:11:29 +0200] "GET /volkswagen-mug-p-40284.html HTTP/1.0" 301 74889 "-" "Mozilla/5.0 (X11; Linux x86_64) AppleWebKit/537.36 (KHTML, like Gecko) Chrome/61.0.3163.79 Safari/537.36"
64.124.8.31 - - [09/Oct/2022:05:11:37 +0200] "GET /espresso-allen-desings-p-54359.html HTTP/1.0" 200 75758 "-" "Mozilla/5.0 (X11; Linux x86_64) AppleWebKit/537.36 (KHTML, like Gecko) Chrome/61.0.3163.79 Safari/537.36"
64.124.8.31 - - [09/Oct/2022:05:11:44 +0200] "GET /statuette-elephants-walk-32-cm-p-50028.html HTTP/1.0" 301 72437 "-" "Mozilla/5.0 (X11; Linux x86_64) AppleWebKit/537.36 (KHTML, like Gecko) Chrome/61.0.3163.79 Safari/537.36"
64.124.8.31 - - [09/Oct/2022:05:11:51 +0200] "GET /embroidered-rectangular-tablecloth-kolam-140-240-cm-p-46468.html HTTP/1.0" 301 72315 "-" "Mozilla/5.0 (X11; Linux x86_64) AppleWebKit/537.36 (KHTML, like Gecko) Chrome/61.0.3163.79 Safari/537.36"
66.249.64.242 - - [09/Oct/2022:05:11:58 +0200] "GET /images/mini_prod/DSCN8856BL.jpg HTTP/1.0" 200 266 "-" "Googlebot-Image/1.0"
185.191.171.16 - - [09/Oct/2022:05:11:30 +0200] "GET /boxes-storage-c-13_150.html HTTP/1.0" 200 96347 "-" "Mozilla/5.0 (compatible; SemrushBot/7~bl; +http://www.semrush.com/bot.html)"
185.191.171.44 - - [09/Oct/2022:05:12:01 +0200] "GET /pucca-shopping-p-12826.html HTTP/1.0" 200 75035 "-" "Mozilla/5.0 (compatible; SemrushBot/7~bl; +http://www.semrush.com/bot.html)"
64.124.8.31 - - [09/Oct/2022:05:12:03 +0200] "GET /new-york-pot-cookware-cbkreation-p-29700.html HTTP/1.0" 301 75019 "-" "Mozilla/5.0 (X11; Linux x86_64) AppleWebKit/537.36 (KHTML, like Gecko) Chrome/61.0.3163.79 Safari/537.36"
64.124.8.31 - - [09/Oct/2022:05:12:04 +0200] "GET /bottle-opener-corsica-p-48337.html HTTP/1.0" 200 74898 "-" "Mozilla/5.0 (X11; Linux x86_64) AppleWebKit/537.36 (KHTML, like Gecko) Chrome/61.0.3163.79 Safari/537.36"
64.124.8.31 - - [09/Oct/2022:05:12:05 +0200] "GET /marie-facets-figurine-licensed-facets-p-58479.html HTTP/1.0" 200 76357 "-" "Mozilla/5.0 (X11; Linux x86_64) AppleWebKit/537.36 (KHTML, like Gecko) Chrome/61.0.3163.79 Safari/537.36"
64.124.8.31 - - [09/Oct/2022:05:12:06 +0200] "GET /laundry-basket-p-49920.html HTTP/1.0" 200 75511 "-" "Mozilla/5.0 (X11; Linux x86_64) AppleWebKit/537.36 (KHTML, like Gecko) Chrome/61.0.3163.79 Safari/537.36"
185.191.171.26 - - [09/Oct/2022:05:12:09 +0200] "GET /gorjuss-cards-supplied-with-an-envelope-pulling-on-your-heart-p-48380.html HTTP/1.0" 301 75378 "-" "Mozilla/5.0 (compatible; SemrushBot/7~bl; +http://www.semrush.com/bot.html)"
64.124.8.31 - - [09/Oct/2022:05:11:57 +0200] "GET /caps-scarfs-adults-c-53_138.html HTTP/1.0" 200 89442 "-" "Mozilla/5.0 (X11; Linux x86_64) AppleWebKit/537.36 (KHTML, like Gecko) Chrome/61.0.3163.79 Safari/537.36"
185.191.171.24 - - [09/Oct/2022:05:12:15 +0200] "GET /-p-19674.html?action=add_product HTTP/1.0" 302 476 "-" "Mozilla/5.0 (compatible; SemrushBot/7~bl; +http://www.semrush.com/bot.html)"
185.191.171.35 - - [09/Oct/2022:05:12:17 +0200] "GET /ganesh-in-lotus-flower-incense-stick-holder-p-50382.html HTTP/1.0" 301 75226 "-" "Mozilla/5.0 (compatible; SemrushBot/7~bl; +http://www.semrush.com/bot.html)"
185.191.171.33 - - [09/Oct/2022:05:12:22 +0200] "GET /moto-retro-ottoman-storage-box-40-cm-p-47384.html HTTP/1.0" 301 75174 "-" "Mozilla/5.0 (compatible; SemrushBot/7~bl; +http://www.semrush.com/bot.html)"
185.191.171.7 - - [09/Oct/2022:05:12:27 +0200] "GET /moto-retro-ottoman-storage-p-47384.html HTTP/1.0" 200 75081 "-" "Mozilla/5.0 (compatible; SemrushBot/7~bl; +http://www.semrush.com/bot.html)"
185.191.171.4 - - [09/Oct/2022:05:12:33 +0200] "GET /ganesh-lotus-flower-incense-stick-holder-p-50382.html HTTP/1.0" 200 75119 "-" "Mozilla/5.0 (compatible; SemrushBot/7~bl; +http://www.semrush.com/bot.html)"
54.36.148.31 - - [09/Oct/2022:05:12:33 +0200] "GET /rhinoceros-plant-p-54315.html HTTP/1.0" 200 75448 "-" "Mozilla/5.0 (compatible; AhrefsBot/7.0; +http://ahrefs.com/robot/)"
185.191.171.34 - - [09/Oct/2022:05:12:38 +0200] "GET /gorjuss-cards-supplied-with-envelope-pulling-your-heart-p-48380.html HTTP/1.0" 200 75256 "-" "Mozilla/5.0 (compatible; SemrushBot/7~bl; +http://www.semrush.com/bot.html)"
185.191.171.43 - - [09/Oct/2022:05:12:44 +0200] "GET /kimmidoll-love-raven-earrings-p-21709.html?action=add_product HTTP/1.0" 302 476 "-" "Mozilla/5.0 (compatible; SemrushBot/7~bl; +http://www.semrush.com/bot.html)"
185.191.171.44 - - [09/Oct/2022:05:12:45 +0200] "GET /verity-rose-metal-keyrings-p-29181.html HTTP/1.0" 200 75591 "-" "Mozilla/5.0 (compatible; SemrushBot/7~bl; +http://www.semrush.com/bot.html)"
216.244.66.242 - - [09/Oct/2022:05:13:51 +0200] "GET /bamboo-fiber-plant-cover-p-57471.html HTTP/1.0" 200 75524 "-" "Mozilla/5.0 (compatible; DotBot/1.2; +https://opensiteexplorer.org/dotbot; help@moz.com)"
185.191.171.36 - - [09/Oct/2022:05:13:59 +0200] "GET /-p-5254.html?action=add_product HTTP/1.0" 302 476 "-" "Mozilla/5.0 (compatible; SemrushBot/7~bl; +http://www.semrush.com/bot.html)"
185.191.171.17 - - [09/Oct/2022:05:14:06 +0200] "GET /tisanire-cement-tiles-yellow-p-52872.html?action=add_product HTTP/1.0" 302 476 "-" "Mozilla/5.0 (compatible; SemrushBot/7~bl; +http://www.semrush.com/bot.html)"
185.191.171.1 - - [09/Oct/2022:05:14:13 +0200] "GET /large-responsible-wood-geranium-candle-heart-home-p-52798.html HTTP/1.0" 200 76281 "-" "Mozilla/5.0 (compatible; SemrushBot/7~bl; +http://www.semrush.com/bot.html)"
185.191.171.8 - - [09/Oct/2022:05:14:18 +0200] "GET /mini-figurine-britto-love-bear-p-44391.html?action=add_product HTTP/1.0" 302 476 "-" "Mozilla/5.0 (compatible; SemrushBot/7~bl; +http://www.semrush.com/bot.html)"
66.249.64.246 - - [09/Oct/2022:05:14:13 +0200] "GET /hand-painted-nature-infuser-p-58653.html HTTP/1.0" 200 75588 "-" "Mozilla/5.0 (Linux; Android 6.0.1; Nexus 5X Build/MMB29P) AppleWebKit/537.36 (KHTML, like Gecko) Chrome/106.0.5249.91 Mobile Safari/537.36 (compatible; Googlebot/2.1; +http://www.google.com/bot.html)"
185.191.171.14 - - [09/Oct/2022:05:14:19 +0200] "GET /specials.php?page=47 HTTP/1.0" 200 116766 "-" "Mozilla/5.0 (compatible; SemrushBot/7~bl; +http://www.semrush.com/bot.html)"
185.191.171.13 - - [09/Oct/2022:05:14:32 +0200] "GET /-p-37448.html?action=add_product HTTP/1.0" 302 476 "-" "Mozilla/5.0 (compatible; SemrushBot/7~bl; +http://www.semrush.com/bot.html)"
185.191.171.40 - - [09/Oct/2022:05:14:41 +0200] "GET /-p-36371.html?action=add_product HTTP/1.0" 302 476 "-" "Mozilla/5.0 (compatible; SemrushBot/7~bl; +http://www.semrush.com/bot.html)"
173.252.83.13 - - [09/Oct/2022:05:14:50 +0200] "GET /images/mini_prod/3453131156998.jpg HTTP/1.0" 200 269 "-" "facebookexternalhit/1.1 (+http://www.facebook.com/externalhit_uatext.php)"
185.191.171.44 - - [09/Oct/2022:05:14:51 +0200] "GET /little-buddha-collection-statuette-p-53288.html?action=add_product HTTP/1.0" 302 476 "-" "Mozilla/5.0 (compatible; SemrushBot/7~bl; +http://www.semrush.com/bot.html)"
185.191.171.8 - - [09/Oct/2022:05:14:59 +0200] "GET /citron-collection-large-metal-plate-deco-p-37111.html?action=add_product HTTP/1.0" 302 476 "-" "Mozilla/5.0 (compatible; SemrushBot/7~bl; +http://www.semrush.com/bot.html)"
66.249.64.242 - - [09/Oct/2022:05:14:57 +0200] "GET /liberty-russian-doll-black-cbkreation-p-18489.html HTTP/1.0" 200 74988 "-" "Mozilla/5.0 (compatible; Googlebot/2.1; +http://www.google.com/bot.html)"
185.191.171.24 - - [09/Oct/2022:05:15:02 +0200] "GET /de-vinci-la-joconde-make-up-pencil-case-made-in-france-p-47449.html HTTP/1.0" 301 75413 "-" "Mozilla/5.0 (compatible; SemrushBot/7~bl; +http://www.semrush.com/bot.html)"
185.191.171.13 - - [09/Oct/2022:05:15:08 +0200] "GET /melt-citrus-crush-p-37441.html?action=add_product HTTP/1.0" 302 476 "-" "Mozilla/5.0 (compatible; SemrushBot/7~bl; +http://www.semrush.com/bot.html)"
185.191.171.5 - - [09/Oct/2022:05:15:10 +0200] "GET /vinci-joconde-make-pencil-case-made-france-p-47449.html HTTP/1.0" 200 75304 "-" "Mozilla/5.0 (compatible; SemrushBot/7~bl; +http://www.semrush.com/bot.html)"
54.36.148.241 - - [09/Oct/2022:05:15:13 +0200] "GET /resin-statuette-naked-p-56636.html HTTP/1.0" 200 76047 "-" "Mozilla/5.0 (compatible; AhrefsBot/7.0; +http://ahrefs.com/robot/)"
66.249.64.242 - - [09/Oct/2022:05:15:14 +0200] "GET /hand-painted-nature-infuser-p-58653.html HTTP/1.0" 200 75588 "-" "Mozilla/5.0 (compatible; Googlebot/2.1; +http://www.google.com/bot.html)"
66.249.64.242 - - [09/Oct/2022:05:15:20 +0200] "GET /owls-stickers-p-39236.html HTTP/1.0" 200 74824 "-" "Mozilla/5.0 (Linux; Android 6.0.1; Nexus 5X Build/MMB29P) AppleWebKit/537.36 (KHTML, like Gecko) Chrome/105.0.5195.125 Mobile Safari/537.36 (compatible; Googlebot/2.1; +http://www.google.com/bot.html)"
185.191.171.26 - - [09/Oct/2022:05:15:29 +0200] "GET /lotus-candleholder-lilac-p-42873.html?action=add_product HTTP/1.0" 302 476 "-" "Mozilla/5.0 (compatible; SemrushBot/7~bl; +http://www.semrush.com/bot.html)"
114.233.212.77 - - [09/Oct/2022:05:15:30 +0200] "GET /contact_us.php HTTP/1.0" 200 26241 "http://www.wonder-geek.com/contact_us.php" "Mozilla/5.0 (Windows NT 10.0; Win64; x64) AppleWebKit/537.36 (KHTML, like Gecko) Chrome/90.0.4430.93 Safari/537.36"
114.233.212.77 - - [09/Oct/2022:05:15:34 +0200] "POST /contact_us.php?action=send HTTP/1.0" 200 26463 "http://www.wonder-geek.com/contact_us.php" "Mozilla/5.0 (Windows NT 10.0; Win64; x64) AppleWebKit/537.36 (KHTML, like Gecko) Chrome/90.0.4430.93 Safari/537.36"
185.191.171.18 - - [09/Oct/2022:05:15:37 +0200] "GET /cigales-cast-iron-round-trivet-p-48578.html?action=add_product HTTP/1.0" 302 476 "-" "Mozilla/5.0 (compatible; SemrushBot/7~bl; +http://www.semrush.com/bot.html)"
147.92.153.19 - - [09/Oct/2022:05:15:10 +0200] "GET /collectible-figurines-decorative-c-13_135.html?page=5 HTTP/1.0" 200 96558 "-" "Mozilla/5.0 (compatible; Linespider/1.1; +https://lin.ee/4dwXkTH)"
147.92.153.6 - - [09/Oct/2022:05:15:44 +0200] "GET /swfobject.js HTTP/1.0" 404 1308 "http://www.wonder-geek.com/collectible-figurines-decorative-c-13_135.html?page=5" "Mozilla/5.0 AppleWebKit/537.36 (KHTML, like Gecko; compatible; Linespider/1.1; +https://lin.ee/4dwXkTH) Chrome/101.0.4951.0 Safari/537.36, Mozilla/5.0 (compatible; Linespider/1.1; +https://lin.ee/4dwXkTH)"
173.252.83.120 - - [09/Oct/2022:05:15:53 +0200] "GET /images/mini_prod/3453131022934.jpg HTTP/1.0" 200 269 "-" "facebookexternalhit/1.1 (+http://www.facebook.com/externalhit_uatext.php)"
185.191.171.37 - - [09/Oct/2022:05:15:57 +0200] "GET /fancy-elastic-bracelet-buddha-p-43734.html?action=add_product HTTP/1.0" 302 476 "-" "Mozilla/5.0 (compatible; SemrushBot/7~bl; +http://www.semrush.com/bot.html)"
185.191.171.8 - - [09/Oct/2022:05:15:59 +0200] "GET /phone-cover-iphone-p-20609.html?action=add_product HTTP/1.0" 302 476 "-" "Mozilla/5.0 (compatible; SemrushBot/7~bl; +http://www.semrush.com/bot.html)"
66.249.64.244 - - [09/Oct/2022:05:16:03 +0200] "GET /images/mini_prod/8436047822589.jpg HTTP/1.0" 200 269 "-" "Googlebot-Image/1.0"
66.249.64.242 - - [09/Oct/2022:05:16:36 +0200] "GET /images/big_prod/8422019067485.jpg HTTP/1.0" 200 268 "-" "Googlebot-Image/1.0"
185.191.171.3 - - [09/Oct/2022:05:16:40 +0200] "GET /despicable-puzzle-pieces-p-27685.html?action=add_product HTTP/1.0" 301 476 "-" "Mozilla/5.0 (compatible; SemrushBot/7~bl; +http://www.semrush.com/bot.html)"
66.249.64.242 - - [09/Oct/2022:05:16:48 +0200] "GET /images/big_prod/1300000020039.jpg HTTP/1.0" 200 268 "-" "Googlebot-Image/1.0"
185.191.171.2 - - [09/Oct/2022:05:16:46 +0200] "GET /owl-statuette-praline-and-white-color-34-cm-p-50720.html HTTP/1.0" 301 72482 "-" "Mozilla/5.0 (compatible; SemrushBot/7~bl; +http://www.semrush.com/bot.html)"
185.191.171.19 - - [09/Oct/2022:05:16:50 +0200] "GET /benzoin-aromatika-incense-sticks-p-58245.html?action=add_product HTTP/1.0" 302 476 "-" "Mozilla/5.0 (compatible; SemrushBot/7~bl; +http://www.semrush.com/bot.html)"
66.249.64.242 - - [09/Oct/2022:05:16:49 +0200] "GET /yoga-lotus-anjali-mudra-statuette-p-51727.html HTTP/1.0" 200 75055 "-" "Mozilla/5.0 (Linux; Android 6.0.1; Nexus 5X Build/MMB29P) AppleWebKit/537.36 (KHTML, like Gecko) Chrome/105.0.5195.125 Mobile Safari/537.36 (compatible; Googlebot/2.1; +http://www.google.com/bot.html)"
185.191.171.25 - - [09/Oct/2022:05:16:53 +0200] "GET /statuette-praline-white-color-p-50720.html HTTP/1.0" 200 72386 "-" "Mozilla/5.0 (compatible; SemrushBot/7~bl; +http://www.semrush.com/bot.html)"
185.191.171.43 - - [09/Oct/2022:05:17:01 +0200] "GET /-p-41956.html?action=add_product HTTP/1.0" 302 476 "-" "Mozilla/5.0 (compatible; SemrushBot/7~bl; +http://www.semrush.com/bot.html)"
185.191.171.43 - - [09/Oct/2022:05:17:24 +0200] "GET /pumpkins-sunflowers-fine-bone-china-p-57992.html?action=add_product HTTP/1.0" 302 476 "-" "Mozilla/5.0 (compatible; SemrushBot/7~bl; +http://www.semrush.com/bot.html)"
54.36.148.224 - - [09/Oct/2022:05:17:54 +0200] "GET /athena-statuette-bronze-aspect-resin-p-52834.html HTTP/1.0" 200 75059 "-" "Mozilla/5.0 (compatible; AhrefsBot/7.0; +http://ahrefs.com/robot/)"
185.191.171.23 - - [09/Oct/2022:05:18:02 +0200] "GET /vase-flower-pot-and-soliflore-c-13_232.html?page=2 HTTP/1.0" 301 92495 "-" "Mozilla/5.0 (compatible; SemrushBot/7~bl; +http://www.semrush.com/bot.html)"
185.191.171.17 - - [09/Oct/2022:05:18:33 +0200] "GET /flowerpot-petit-bonhomme-assis-p-51208.html?action=add_product HTTP/1.0" 302 476 "-" "Mozilla/5.0 (compatible; SemrushBot/7~bl; +http://www.semrush.com/bot.html)"
185.191.171.43 - - [09/Oct/2022:05:18:34 +0200] "GET /cotton-kitchen-towel-recette-amiti-p-55960.html?action=add_product HTTP/1.0" 302 476 "-" "Mozilla/5.0 (compatible; SemrushBot/7~bl; +http://www.semrush.com/bot.html)"
51.68.224.127 - - [09/Oct/2022:05:18:37 +0200] "GET /adminweb/export_orders_xml.php?token=256de2z6edz6ed2z6DFSFsed2zed6zeDSFDSGdzedezfzf&maxorders=10&orderstart=1&status=14&start_date=2018-10-01 HTTP/1.0" 200 285 "-" "GesCom CharlotteBoutik Serveur"
185.191.171.22 - - [09/Oct/2022:05:18:36 +0200] "GET /wooden-cellar-p-54489.html HTTP/1.0" 200 75105 "-" "Mozilla/5.0 (compatible; SemrushBot/7~bl; +http://www.semrush.com/bot.html)"
51.68.224.127 - - [09/Oct/2022:05:18:38 +0200] "GET /adminweb/export_orders_xml.php?token=256de2z6edz6ed2z6DFSFsed2zed6zeDSFDSGdzedezfzf&maxorders=10&orderstart=1&status=6&start_date=2018-10-01 HTTP/1.0" 200 33985 "-" "GesCom CharlotteBoutik Serveur"
185.191.171.36 - - [09/Oct/2022:05:18:41 +0200] "GET /ceramic-flower-p-55822.html HTTP/1.0" 200 75433 "-" "Mozilla/5.0 (compatible; SemrushBot/7~bl; +http://www.semrush.com/bot.html)"
185.191.171.33 - - [09/Oct/2022:05:18:47 +0200] "GET /protective-cover-cotton-fleece-p-42595.html HTTP/1.0" 301 72315 "-" "Mozilla/5.0 (compatible; SemrushBot/7~bl; +http://www.semrush.com/bot.html)"
185.191.171.23 - - [09/Oct/2022:05:18:51 +0200] "GET /indian-elephant-statue-95-cm-p-38550.html HTTP/1.0" 301 72315 "-" "Mozilla/5.0 (compatible; SemrushBot/7~bl; +http://www.semrush.com/bot.html)"
185.191.171.7 - - [09/Oct/2022:05:18:56 +0200] "GET /terracotta-soldier-statuette-of-emperor-qin-60-cm-p-52438.html HTTP/1.0" 301 72515 "-" "Mozilla/5.0 (compatible; SemrushBot/7~bl; +http://www.semrush.com/bot.html)"
185.191.171.35 - - [09/Oct/2022:05:19:00 +0200] "GET /terracotta-soldier-statuette-emperor-p-52438.html HTTP/1.0" 200 72412 "-" "Mozilla/5.0 (compatible; SemrushBot/7~bl; +http://www.semrush.com/bot.html)"
185.191.171.22 - - [09/Oct/2022:05:19:05 +0200] "GET /-p-38550.html HTTP/1.0" 200 72248 "-" "Mozilla/5.0 (compatible; SemrushBot/7~bl; +http://www.semrush.com/bot.html)"
185.191.171.38 - - [09/Oct/2022:05:19:09 +0200] "GET /-p-42595.html HTTP/1.0" 200 72248 "-" "Mozilla/5.0 (compatible; SemrushBot/7~bl; +http://www.semrush.com/bot.html)"
185.191.171.11 - - [09/Oct/2022:05:19:14 +0200] "GET /silver-and-tourmaline-brass-earrings-p-48664.html HTTP/1.0" 301 75108 "-" "Mozilla/5.0 (compatible; SemrushBot/7~bl; +http://www.semrush.com/bot.html)"
185.191.171.20 - - [09/Oct/2022:05:19:19 +0200] "GET /silver-tourmaline-brass-earrings-p-48664.html HTTP/1.0" 200 75009 "-" "Mozilla/5.0 (compatible; SemrushBot/7~bl; +http://www.semrush.com/bot.html)"
185.191.171.35 - - [09/Oct/2022:05:19:25 +0200] "GET /panda-teapot-paul-cardew-p-35267.html?action=add_product HTTP/1.0" 302 476 "-" "Mozilla/5.0 (compatible; SemrushBot/7~bl; +http://www.semrush.com/bot.html)"
185.191.171.33 - - [09/Oct/2022:05:19:26 +0200] "GET /gorjuss-coaster-forget-me-not-p-46920.html HTTP/1.0" 301 72401 "-" "Mozilla/5.0 (compatible; SemrushBot/7~bl; +http://www.semrush.com/bot.html)"
185.191.171.25 - - [09/Oct/2022:05:19:30 +0200] "GET /gorjuss-coaster-forget-p-46920.html HTTP/1.0" 200 72312 "-" "Mozilla/5.0 (compatible; SemrushBot/7~bl; +http://www.semrush.com/bot.html)"
185.191.171.11 - - [09/Oct/2022:05:19:34 +0200] "GET /vase-soliflore-c-232.html?page=2 HTTP/1.0" 301 92372 "-" "Mozilla/5.0 (compatible; SemrushBot/7~bl; +http://www.semrush.com/bot.html)"
185.191.171.25 - - [09/Oct/2022:05:19:54 +0200] "GET /robots.txt HTTP/1.0" 200 245 "-" "Mozilla/5.0 (compatible; SemrushBot/7~bl; +http://www.semrush.com/bot.html)"
66.249.64.246 - - [09/Oct/2022:05:20:09 +0200] "GET /images/mini_prod/8720088299135.jpg HTTP/1.0" 200 269 "-" "Googlebot-Image/1.0"
185.191.171.6 - - [09/Oct/2022:05:19:49 +0200] "GET /vase-soliflore-c-13_232.html?page=2 HTTP/1.0" 200 92409 "-" "Mozilla/5.0 (compatible; SemrushBot/7~bl; +http://www.semrush.com/bot.html)"
185.191.171.20 - - [09/Oct/2022:05:20:24 +0200] "GET /decoration-vase-silver-glass-p-52548.html?action=add_product HTTP/1.0" 302 476 "-" "Mozilla/5.0 (compatible; SemrushBot/7~bl; +http://www.semrush.com/bot.html)"
185.191.171.38 - - [09/Oct/2022:05:20:25 +0200] "GET /jamaica-phone-cover-for-iphone-cbkreation-p-13967.html HTTP/1.0" 301 72315 "-" "Mozilla/5.0 (compatible; SemrushBot/7~bl; +http://www.semrush.com/bot.html)"
185.191.171.14 - - [09/Oct/2022:05:20:30 +0200] "GET /monkey-gold-resin-p-56366.html HTTP/1.0" 200 75560 "-" "Mozilla/5.0 (compatible; SemrushBot/7~bl; +http://www.semrush.com/bot.html)"
185.191.171.9 - - [09/Oct/2022:05:20:36 +0200] "GET /-p-13967.html HTTP/1.0" 200 72248 "-" "Mozilla/5.0 (compatible; SemrushBot/7~bl; +http://www.semrush.com/bot.html)"
54.36.148.3 - - [09/Oct/2022:05:20:51 +0200] "GET /umbrella-shaped-violin-p-36092.html HTTP/1.0" 200 74876 "-" "Mozilla/5.0 (compatible; AhrefsBot/7.0; +http://ahrefs.com/robot/)"
185.191.171.9 - - [09/Oct/2022:05:20:54 +0200] "GET /backpack-kaloo-p-19223.html?action=add_product HTTP/1.0" 302 476 "-" "Mozilla/5.0 (compatible; SemrushBot/7~bl; +http://www.semrush.com/bot.html)"
185.191.171.10 - - [09/Oct/2022:05:21:07 +0200] "GET /cat-gold-jewelry-stand-and-white-cup-p-48823.html HTTP/1.0" 301 75215 "-" "Mozilla/5.0 (compatible; SemrushBot/7~bl; +http://www.semrush.com/bot.html)"
185.191.171.44 - - [09/Oct/2022:05:21:10 +0200] "GET /gold-jewelry-stand-white-p-48823.html HTTP/1.0" 200 75124 "-" "Mozilla/5.0 (compatible; SemrushBot/7~bl; +http://www.semrush.com/bot.html)"
185.191.171.43 - - [09/Oct/2022:05:21:21 +0200] "GET /oriental-round-metal-p-46105.html?action=add_product HTTP/1.0" 301 476 "-" "Mozilla/5.0 (compatible; SemrushBot/7~bl; +http://www.semrush.com/bot.html)"
185.191.171.34 - - [09/Oct/2022:05:21:30 +0200] "GET /-p-54585.html?action=add_product HTTP/1.0" 302 476 "-" "Mozilla/5.0 (compatible; SemrushBot/7~bl; +http://www.semrush.com/bot.html)"
185.191.171.13 - - [09/Oct/2022:05:22:00 +0200] "GET /tweety-figurine-p-45058.html?action=add_product HTTP/1.0" 302 476 "-" "Mozilla/5.0 (compatible; SemrushBot/7~bl; +http://www.semrush.com/bot.html)"
66.249.64.242 - - [09/Oct/2022:05:22:14 +0200] "GET /images/big_prod/5051276189871.jpg HTTP/1.0" 200 268 "-" "Googlebot-Image/1.0"
185.191.171.44 - - [09/Oct/2022:05:22:14 +0200] "GET /little-toiletry-bag-p-43378.html HTTP/1.0" 301 72388 "-" "Mozilla/5.0 (compatible; SemrushBot/7~bl; +http://www.semrush.com/bot.html)"
185.191.171.25 - - [09/Oct/2022:05:22:17 +0200] "GET /little-toiletry-p-43378.html HTTP/1.0" 200 72306 "-" "Mozilla/5.0 (compatible; SemrushBot/7~bl; +http://www.semrush.com/bot.html)"
185.191.171.24 - - [09/Oct/2022:05:22:20 +0200] "GET /life-dream-keyring-cbkreation-p-43223.html?action=add_product HTTP/1.0" 302 476 "-" "Mozilla/5.0 (compatible; SemrushBot/7~bl; +http://www.semrush.com/bot.html)"
185.191.171.35 - - [09/Oct/2022:05:22:21 +0200] "GET /dog-bowls-au-petit-bonheur-p-32208.html HTTP/1.0" 301 72418 "-" "Mozilla/5.0 (compatible; SemrushBot/7~bl; +http://www.semrush.com/bot.html)"
185.191.171.15 - - [09/Oct/2022:05:22:24 +0200] "GET /bowls-petit-bonheur-p-32208.html HTTP/1.0" 200 72332 "-" "Mozilla/5.0 (compatible; SemrushBot/7~bl; +http://www.semrush.com/bot.html)"
185.191.171.22 - - [09/Oct/2022:05:22:27 +0200] "GET /kori-kumi-ballpoint-black-p-30496.html?action=add_product HTTP/1.0" 302 476 "-" "Mozilla/5.0 (compatible; SemrushBot/7~bl; +http://www.semrush.com/bot.html)"
185.191.171.10 - - [09/Oct/2022:05:22:52 +0200] "GET /cotton-jute-baskets-planters-banao-p-57919.html?action=add_product HTTP/1.0" 302 476 "-" "Mozilla/5.0 (compatible; SemrushBot/7~bl; +http://www.semrush.com/bot.html)"
185.191.171.35 - - [09/Oct/2022:05:22:58 +0200] "GET /cabinet-wooden-deco-p-37185.html?action=add_product HTTP/1.0" 302 476 "-" "Mozilla/5.0 (compatible; SemrushBot/7~bl; +http://www.semrush.com/bot.html)"
185.191.171.24 - - [09/Oct/2022:05:22:59 +0200] "GET /assortment-fleur-inspired-mirrors-p-52922.html?action=add_product HTTP/1.0" 302 476 "-" "Mozilla/5.0 (compatible; SemrushBot/7~bl; +http://www.semrush.com/bot.html)"
66.249.64.242 - - [09/Oct/2022:05:23:00 +0200] "GET /images/big_prod_1/1345544973496N.jpg HTTP/1.0" 200 271 "-" "Googlebot-Image/1.0"
185.191.171.22 - - [09/Oct/2022:05:23:06 +0200] "GET /statuette-jesus-christ-sacred-heart-p-47136.html?action=add_product HTTP/1.0" 302 476 "-" "Mozilla/5.0 (compatible; SemrushBot/7~bl; +http://www.semrush.com/bot.html)"
185.191.171.2 - - [09/Oct/2022:05:23:31 +0200] "GET /wall-decoration-heart-p-52201.html?action=add_product HTTP/1.0" 302 476 "-" "Mozilla/5.0 (compatible; SemrushBot/7~bl; +http://www.semrush.com/bot.html)"
54.36.148.253 - - [09/Oct/2022:05:23:32 +0200] "GET /flower-pots-c-13_275.html?page=7 HTTP/1.0" 200 94959 "-" "Mozilla/5.0 (compatible; AhrefsBot/7.0; +http://ahrefs.com/robot/)"
185.191.171.36 - - [09/Oct/2022:05:23:38 +0200] "GET /uk-carlin-by-cbk-case-notepad-p-30102.html HTTP/1.0" 301 75117 "-" "Mozilla/5.0 (compatible; SemrushBot/7~bl; +http://www.semrush.com/bot.html)"
185.191.171.25 - - [09/Oct/2022:05:23:41 +0200] "GET /beige-lampshade-p-55693.html?action=add_product HTTP/1.0" 302 476 "-" "Mozilla/5.0 (compatible; SemrushBot/7~bl; +http://www.semrush.com/bot.html)"
185.191.171.34 - - [09/Oct/2022:05:23:43 +0200] "GET /carlin-case-notepad-p-30102.html HTTP/1.0" 200 75031 "-" "Mozilla/5.0 (compatible; SemrushBot/7~bl; +http://www.semrush.com/bot.html)"
66.249.64.242 - - [09/Oct/2022:05:24:14 +0200] "GET /images/mini_prod/3612875113944.jpg HTTP/1.0" 200 269 "-" "Googlebot-Image/1.0"
185.191.171.24 - - [09/Oct/2022:05:24:16 +0200] "GET /my-first-teddy-bear-blue-baby-p-33352.html HTTP/1.0" 301 72315 "-" "Mozilla/5.0 (compatible; SemrushBot/7~bl; +http://www.semrush.com/bot.html)"
185.191.171.3 - - [09/Oct/2022:05:24:20 +0200] "GET /-p-33352.html HTTP/1.0" 200 72248 "-" "Mozilla/5.0 (compatible; SemrushBot/7~bl; +http://www.semrush.com/bot.html)"
185.191.171.44 - - [09/Oct/2022:05:24:35 +0200] "GET /-p-30134.html?action=add_product HTTP/1.0" 302 476 "-" "Mozilla/5.0 (compatible; SemrushBot/7~bl; +http://www.semrush.com/bot.html)"
185.191.171.34 - - [09/Oct/2022:05:24:42 +0200] "GET /hello-kitty-little-red-embroidered-patch-p-13523.html HTTP/1.0" 301 75177 "-" "Mozilla/5.0 (compatible; SemrushBot/7~bl; +http://www.semrush.com/bot.html)"
185.191.171.2 - - [09/Oct/2022:05:24:45 +0200] "GET /hello-kitty-little-embroidered-patch-p-13523.html HTTP/1.0" 200 75074 "-" "Mozilla/5.0 (compatible; SemrushBot/7~bl; +http://www.semrush.com/bot.html)"
163.220.128.41 - - [09/Oct/2022:05:24:49 +0200] "GET /images/mini_prod/1186747042936.jpg HTTP/1.0" 200 269 "-" "Mozilla/5.0 (X11; Ubuntu; Linux x86_64; rv:72.0) Gecko/20100101 Firefox/72.0"
185.191.171.19 - - [09/Oct/2022:05:24:50 +0200] "GET /large-bag-teo-jasmin-marley-p-41279.html HTTP/1.0" 301 75194 "-" "Mozilla/5.0 (compatible; SemrushBot/7~bl; +http://www.semrush.com/bot.html)"
185.191.171.13 - - [09/Oct/2022:05:24:53 +0200] "GET /large-jasmin-marley-p-41279.html HTTP/1.0" 200 75108 "-" "Mozilla/5.0 (compatible; SemrushBot/7~bl; +http://www.semrush.com/bot.html)"
185.191.171.10 - - [09/Oct/2022:05:24:56 +0200] "GET /frozen-disney-small-backpack-p-35957.html HTTP/1.0" 301 72315 "-" "Mozilla/5.0 (compatible; SemrushBot/7~bl; +http://www.semrush.com/bot.html)"
185.191.171.39 - - [09/Oct/2022:05:25:00 +0200] "GET /-p-35957.html HTTP/1.0" 200 72248 "-" "Mozilla/5.0 (compatible; SemrushBot/7~bl; +http://www.semrush.com/bot.html)"
185.191.171.7 - - [09/Oct/2022:05:25:08 +0200] "GET /industrial-chandelier-patinated-copper-metal-p-38628.html?action=add_product HTTP/1.0" 302 476 "-" "Mozilla/5.0 (compatible; SemrushBot/7~bl; +http://www.semrush.com/bot.html)"
185.191.171.19 - - [09/Oct/2022:05:25:17 +0200] "GET /plush-keeleco-friendly-koala-p-53871.html?action=add_product HTTP/1.0" 302 476 "-" "Mozilla/5.0 (compatible; SemrushBot/7~bl; +http://www.semrush.com/bot.html)"
185.191.171.33 - - [09/Oct/2022:05:25:38 +0200] "GET /set-of-gorjuss-stamps-with-ink-you-brought-me-love-p-40497.html HTTP/1.0" 301 72465 "-" "Mozilla/5.0 (compatible; SemrushBot/7~bl; +http://www.semrush.com/bot.html)"
185.191.171.4 - - [09/Oct/2022:05:25:41 +0200] "GET /gorjuss-stamps-with-brought-love-p-40497.html HTTP/1.0" 200 72366 "-" "Mozilla/5.0 (compatible; SemrushBot/7~bl; +http://www.semrush.com/bot.html)"
66.249.64.244 - - [09/Oct/2022:05:25:50 +0200] "GET /large-candle-plum-orange-blossom-p-46021.html HTTP/1.0" 200 75482 "-" "Mozilla/5.0 (compatible; Googlebot/2.1; +http://www.google.com/bot.html)"
64.124.8.58 - - [09/Oct/2022:05:26:01 +0200] "GET /robots.txt HTTP/1.0" 200 245 "-" "Mozilla/5.0 (X11; Linux x86_64) AppleWebKit/537.36 (KHTML, like Gecko) Chrome/61.0.3163.79 Safari/537.36"
64.124.8.58 - - [09/Oct/2022:05:26:01 +0200] "GET /parfois-il-faut-etre-en-quete-aventure-money-box-p-47765.html HTTP/1.0" 301 72315 "-" "Mozilla/5.0 (X11; Linux x86_64) AppleWebKit/537.36 (KHTML, like Gecko) Chrome/61.0.3163.79 Safari/537.36"
185.191.171.25 - - [09/Oct/2022:05:26:01 +0200] "GET /alarm-clock-calimero-p-50096.html HTTP/1.0" 200 74940 "-" "Mozilla/5.0 (compatible; SemrushBot/7~bl; +http://www.semrush.com/bot.html)"
157.55.39.28 - - [09/Oct/2022:05:26:16 +0200] "GET /images/big_prod_1/842204881040a.jpg HTTP/1.0" 200 270 "-" "Mozilla/5.0 (compatible; bingbot/2.0; +http://www.bing.com/bingbot.htm)"
66.249.64.246 - - [09/Oct/2022:05:26:29 +0200] "GET /accessories-c-3.html HTTP/1.0" 200 95076 "-" "Mozilla/5.0 (Linux; Android 6.0.1; Nexus 5X Build/MMB29P) AppleWebKit/537.36 (KHTML, like Gecko) Chrome/105.0.5195.125 Mobile Safari/537.36 (compatible; Googlebot/2.1; +http://www.google.com/bot.html)"
185.191.171.8 - - [09/Oct/2022:05:26:35 +0200] "GET /lock-shock-and-barrel-with-santa-figurine-p-53263.html HTTP/1.0" 301 76839 "-" "Mozilla/5.0 (compatible; SemrushBot/7~bl; +http://www.semrush.com/bot.html)"
54.36.148.34 - - [09/Oct/2022:05:26:36 +0200] "GET /boho-terracotta-p-51884.html HTTP/1.0" 200 75582 "-" "Mozilla/5.0 (compatible; AhrefsBot/7.0; +http://ahrefs.com/robot/)"
185.191.171.33 - - [09/Oct/2022:05:26:39 +0200] "GET /lock-shock-barrel-with-santa-figurine-p-53263.html HTTP/1.0" 200 76735 "-" "Mozilla/5.0 (compatible; SemrushBot/7~bl; +http://www.semrush.com/bot.html)"
185.191.171.41 - - [09/Oct/2022:05:26:42 +0200] "GET /english-flag-salt-and-pepper-p-29274.html HTTP/1.0" 301 72433 "-" "Mozilla/5.0 (compatible; SemrushBot/7~bl; +http://www.semrush.com/bot.html)"
185.191.171.38 - - [09/Oct/2022:05:26:45 +0200] "GET /nici-frog-green-lilly-pencil-case-p-20566.html?action=add_product HTTP/1.0" 302 476 "-" "Mozilla/5.0 (compatible; SemrushBot/7~bl; +http://www.semrush.com/bot.html)"
185.191.171.21 - - [09/Oct/2022:05:26:47 +0200] "GET /english-flag-salt-pepper-p-29274.html HTTP/1.0" 200 72342 "-" "Mozilla/5.0 (compatible; SemrushBot/7~bl; +http://www.semrush.com/bot.html)"
185.191.171.24 - - [09/Oct/2022:05:27:03 +0200] "GET /jasmin-marley-jamaica-chandelier-p-35767.html?action=add_product HTTP/1.0" 302 476 "-" "Mozilla/5.0 (compatible; SemrushBot/7~bl; +http://www.semrush.com/bot.html)"
185.191.171.14 - - [09/Oct/2022:05:27:21 +0200] "GET /distributor-chewing-p-37837.html?action=add_product HTTP/1.0" 302 476 "-" "Mozilla/5.0 (compatible; SemrushBot/7~bl; +http://www.semrush.com/bot.html)"
185.191.171.24 - - [09/Oct/2022:05:27:28 +0200] "GET /zodiac-sign-training-bottle-by-cbkreation-p-43346.html HTTP/1.0" 301 75401 "-" "Mozilla/5.0 (compatible; SemrushBot/7~bl; +http://www.semrush.com/bot.html)"
185.191.171.39 - - [09/Oct/2022:05:27:32 +0200] "GET /zodiac-sign-training-bottle-cbkreation-p-43346.html HTTP/1.0" 200 75296 "-" "Mozilla/5.0 (compatible; SemrushBot/7~bl; +http://www.semrush.com/bot.html)"
185.191.171.24 - - [09/Oct/2022:05:27:38 +0200] "GET /red-fitted-sheet-p-27507.html HTTP/1.0" 301 75468 "-" "Mozilla/5.0 (compatible; SemrushBot/7~bl; +http://www.semrush.com/bot.html)"
185.191.171.18 - - [09/Oct/2022:05:27:41 +0200] "GET /york-small-cushion-cbkreation-p-17318.html?action=add_product HTTP/1.0" 301 476 "-" "Mozilla/5.0 (compatible; SemrushBot/7~bl; +http://www.semrush.com/bot.html)"
185.191.171.44 - - [09/Oct/2022:05:27:42 +0200] "GET /fitted-sheet-p-27507.html HTTP/1.0" 200 75389 "-" "Mozilla/5.0 (compatible; SemrushBot/7~bl; +http://www.semrush.com/bot.html)"
185.191.171.5 - - [09/Oct/2022:05:27:45 +0200] "GET /glass-side-table-trees-life-p-58380.html?action=add_product HTTP/1.0" 302 476 "-" "Mozilla/5.0 (compatible; SemrushBot/7~bl; +http://www.semrush.com/bot.html)"
185.191.171.13 - - [09/Oct/2022:05:27:49 +0200] "GET /glitter-adhesive-roll-45-150-cm-orange-p-50481.html HTTP/1.0" 301 75315 "-" "Mozilla/5.0 (compatible; SemrushBot/7~bl; +http://www.semrush.com/bot.html)"
185.191.171.17 - - [09/Oct/2022:05:27:52 +0200] "GET /glitter-adhesive-roll-orange-p-50481.html HTTP/1.0" 200 75220 "-" "Mozilla/5.0 (compatible; SemrushBot/7~bl; +http://www.semrush.com/bot.html)"
64.124.8.58 - - [09/Oct/2022:05:28:07 +0200] "GET /vos-papiers-svp-wastebasket-p-42896.html HTTP/1.0" 301 72315 "-" "Mozilla/5.0 (X11; Linux x86_64) AppleWebKit/537.36 (KHTML, like Gecko) Chrome/61.0.3163.79 Safari/537.36"
185.191.171.21 - - [09/Oct/2022:05:28:09 +0200] "GET /christmas-tree-decoration-hanging-p-49642.html HTTP/1.0" 200 75020 "-" "Mozilla/5.0 (compatible; SemrushBot/7~bl; +http://www.semrush.com/bot.html)"
66.249.64.246 - - [09/Oct/2022:05:28:20 +0200] "GET /images/mini_prod/8719497615506.jpg HTTP/1.0" 200 269 "-" "Googlebot-Image/1.0"
64.124.8.58 - - [09/Oct/2022:05:28:31 +0200] "GET /les-tits-mots-humour-butter-dish-p-42690.html HTTP/1.0" 301 72498 "-" "Mozilla/5.0 (X11; Linux x86_64) AppleWebKit/537.36 (KHTML, like Gecko) Chrome/61.0.3163.79 Safari/537.36"
185.191.171.39 - - [09/Oct/2022:05:28:34 +0200] "GET /-p-51944.html HTTP/1.0" 200 72248 "-" "Mozilla/5.0 (compatible; SemrushBot/7~bl; +http://www.semrush.com/bot.html)"
185.191.171.4 - - [09/Oct/2022:05:28:54 +0200] "GET /female-bust-statue-p-55949.html?action=add_product HTTP/1.0" 302 476 "-" "Mozilla/5.0 (compatible; SemrushBot/7~bl; +http://www.semrush.com/bot.html)"
185.191.171.26 - - [09/Oct/2022:05:28:55 +0200] "GET /pink-lampshade-p-55200.html HTTP/1.0" 301 72315 "-" "Mozilla/5.0 (compatible; SemrushBot/7~bl; +http://www.semrush.com/bot.html)"
185.191.171.2 - - [09/Oct/2022:05:28:58 +0200] "GET /-p-55200.html HTTP/1.0" 200 72248 "-" "Mozilla/5.0 (compatible; SemrushBot/7~bl; +http://www.semrush.com/bot.html)"
64.124.8.58 - - [09/Oct/2022:05:29:04 +0200] "GET /-p-40338.html HTTP/1.0" 200 72248 "-" "Mozilla/5.0 (X11; Linux x86_64) AppleWebKit/537.36 (KHTML, like Gecko) Chrome/61.0.3163.79 Safari/537.36"
64.124.8.58 - - [09/Oct/2022:05:29:19 +0200] "GET /puppy-glue-stick-21-grs-p-40831.html HTTP/1.0" 301 74939 "-" "Mozilla/5.0 (X11; Linux x86_64) AppleWebKit/537.36 (KHTML, like Gecko) Chrome/61.0.3163.79 Safari/537.36"
185.191.171.2 - - [09/Oct/2022:05:29:25 +0200] "GET /scent-heart-home-ocean-sapphire-p-51071.html HTTP/1.0" 200 75297 "-" "Mozilla/5.0 (compatible; SemrushBot/7~bl; +http://www.semrush.com/bot.html)"
64.124.8.58 - - [09/Oct/2022:05:29:26 +0200] "GET /alarm-clock-cbkreation-p-24995.html HTTP/1.0" 200 74961 "-" "Mozilla/5.0 (X11; Linux x86_64) AppleWebKit/537.36 (KHTML, like Gecko) Chrome/61.0.3163.79 Safari/537.36"
185.191.171.17 - - [09/Oct/2022:05:29:30 +0200] "GET /owl-gold-statue-115-cm-p-40201.html HTTP/1.0" 301 72408 "-" "Mozilla/5.0 (compatible; SemrushBot/7~bl; +http://www.semrush.com/bot.html)"
64.124.8.58 - - [09/Oct/2022:05:29:32 +0200] "GET /lin-color-polyester-round-chair-cushion-p-43896.html HTTP/1.0" 301 75747 "-" "Mozilla/5.0 (X11; Linux x86_64) AppleWebKit/537.36 (KHTML, like Gecko) Chrome/61.0.3163.79 Safari/537.36"
185.191.171.12 - - [09/Oct/2022:05:29:33 +0200] "GET /gorjuss-purple-ballpoint-p-32755.html?action=add_product HTTP/1.0" 302 476 "-" "Mozilla/5.0 (compatible; SemrushBot/7~bl; +http://www.semrush.com/bot.html)"
185.191.171.23 - - [09/Oct/2022:05:29:36 +0200] "GET /gold-statue-p-40201.html HTTP/1.0" 200 72330 "-" "Mozilla/5.0 (compatible; SemrushBot/7~bl; +http://www.semrush.com/bot.html)"
185.191.171.24 - - [09/Oct/2022:05:29:39 +0200] "GET /-p-51274.html HTTP/1.0" 200 72248 "-" "Mozilla/5.0 (compatible; SemrushBot/7~bl; +http://www.semrush.com/bot.html)"
54.36.149.22 - - [09/Oct/2022:05:29:41 +0200] "GET /products_new.php?page=8 HTTP/1.0" 200 97599 "-" "Mozilla/5.0 (compatible; AhrefsBot/7.0; +http://ahrefs.com/robot/)"
185.191.171.10 - - [09/Oct/2022:05:29:54 +0200] "GET /large-porcelain-vase-p-52253.html?action=add_product HTTP/1.0" 301 476 "-" "Mozilla/5.0 (compatible; SemrushBot/7~bl; +http://www.semrush.com/bot.html)"
185.191.171.36 - - [09/Oct/2022:05:30:10 +0200] "GET /madam-with-sword-stone-scene-figurine-p-53403.html?action=add_product HTTP/1.0" 302 476 "-" "Mozilla/5.0 (compatible; SemrushBot/7~bl; +http://www.semrush.com/bot.html)"
64.124.8.58 - - [09/Oct/2022:05:30:13 +0200] "GET /unicorn-nightlight-p-58488.html HTTP/1.0" 200 76160 "-" "Mozilla/5.0 (X11; Linux x86_64) AppleWebKit/537.36 (KHTML, like Gecko) Chrome/61.0.3163.79 Safari/537.36"
185.191.171.14 - - [09/Oct/2022:05:30:44 +0200] "GET /white-cactus-table-lamp-p-44532.html HTTP/1.0" 301 72315 "-" "Mozilla/5.0 (compatible; SemrushBot/7~bl; +http://www.semrush.com/bot.html)"
185.191.171.39 - - [09/Oct/2022:05:30:52 +0200] "GET /-p-44532.html HTTP/1.0" 200 72248 "-" "Mozilla/5.0 (compatible; SemrushBot/7~bl; +http://www.semrush.com/bot.html)"
185.191.171.26 - - [09/Oct/2022:05:30:56 +0200] "GET /shooter-the-mona-lisa-p-38614.html HTTP/1.0" 301 74921 "-" "Mozilla/5.0 (compatible; SemrushBot/7~bl; +http://www.semrush.com/bot.html)"
64.124.8.58 - - [09/Oct/2022:05:30:58 +0200] "GET /red-cotton-velvet-floor-cushion-45-cm-p-49655.html HTTP/1.0" 301 72315 "-" "Mozilla/5.0 (X11; Linux x86_64) AppleWebKit/537.36 (KHTML, like Gecko) Chrome/61.0.3163.79 Safari/537.36"
185.191.171.13 - - [09/Oct/2022:05:31:01 +0200] "GET /shooter-mona-lisa-p-38614.html HTTP/1.0" 200 74837 "-" "Mozilla/5.0 (compatible; SemrushBot/7~bl; +http://www.semrush.com/bot.html)"
185.191.171.33 - - [09/Oct/2022:05:31:14 +0200] "GET /set-salt-and-pepper-box-tomato-soup-p-34826.html HTTP/1.0" 301 72315 "-" "Mozilla/5.0 (compatible; SemrushBot/7~bl; +http://www.semrush.com/bot.html)"
185.191.171.33 - - [09/Oct/2022:05:31:17 +0200] "GET /-p-34826.html HTTP/1.0" 200 72248 "-" "Mozilla/5.0 (compatible; SemrushBot/7~bl; +http://www.semrush.com/bot.html)"
185.191.171.13 - - [09/Oct/2022:05:31:21 +0200] "GET /dishes-c-13_12.html?page=111 HTTP/1.0" 200 95207 "-" "Mozilla/5.0 (compatible; SemrushBot/7~bl; +http://www.semrush.com/bot.html)"
185.191.171.3 - - [09/Oct/2022:05:31:34 +0200] "GET /tassen-mood-made-germany-p-43323.html?action=add_product HTTP/1.0" 302 476 "-" "Mozilla/5.0 (compatible; SemrushBot/7~bl; +http://www.semrush.com/bot.html)"
20.99.153.51 - - [09/Oct/2022:05:31:43 +0200] "GET /images/mini_prod/4260082930565.jpg HTTP/1.0" 200 269 "-" "Googlebot-Image/1.0"
185.191.171.33 - - [09/Oct/2022:05:31:43 +0200] "GET /house-rules-large-metal-plate-deco-p-36113.html?action=add_product HTTP/1.0" 302 476 "-" "Mozilla/5.0 (compatible; SemrushBot/7~bl; +http://www.semrush.com/bot.html)"
154.85.51.160 - - [09/Oct/2022:05:31:44 +0200] "GET /images/mini_prod/3700653593221.jpg HTTP/1.0" 200 269 "-" "Mozilla/5.0 (X11; Ubuntu; Linux x86_64; rv:72.0) Gecko/20100101 Firefox/72.0"
185.191.171.10 - - [09/Oct/2022:05:31:52 +0200] "GET /ottomans-storage-ottomans-c-13_209.html HTTP/1.0" 200 91793 "-" "Mozilla/5.0 (compatible; SemrushBot/7~bl; +http://www.semrush.com/bot.html)"
173.252.83.15 - - [09/Oct/2022:05:31:55 +0200] "GET /images/mini_prod/5018997614778.jpg HTTP/1.0" 200 269 "-" "facebookexternalhit/1.1 (+http://www.facebook.com/externalhit_uatext.php)"
185.191.171.12 - - [09/Oct/2022:05:32:02 +0200] "GET /-p-47769.html?action=add_product HTTP/1.0" 302 476 "-" "Mozilla/5.0 (compatible; SemrushBot/7~bl; +http://www.semrush.com/bot.html)"
185.191.171.6 - - [09/Oct/2022:05:32:09 +0200] "GET /snowman-snow-white-hi-ho-holidays-figurine-collection-p-31424.html HTTP/1.0" 301 72556 "-" "Mozilla/5.0 (compatible; SemrushBot/7~bl; +http://www.semrush.com/bot.html)"
223.38.61.190 - - [09/Oct/2022:05:32:13 +0200] "GET /images/big_prod_2/bambou1.jpg HTTP/1.0" 200 264 "-" "Mozilla/5.0 (X11; Ubuntu; Linux x86_64; rv:72.0) Gecko/20100101 Firefox/72.0"
185.191.171.24 - - [09/Oct/2022:05:32:12 +0200] "GET /snowman-snow-white-holidays-figurine-collection-p-31424.html HTTP/1.0" 200 72442 "-" "Mozilla/5.0 (compatible; SemrushBot/7~bl; +http://www.semrush.com/bot.html)"
66.249.64.242 - - [09/Oct/2022:05:32:25 +0200] "GET /images/mini_prod/3760200594491.jpg HTTP/1.0" 200 269 "-" "Googlebot-Image/1.0"
5.161.133.43 - - [09/Oct/2022:05:32:46 +0200] "GET /images/mini_prod/3661443279162.jpg HTTP/1.0" 200 269 "-" "Mozilla/5.0 (X11; Ubuntu; Linux x86_64; rv:72.0) Gecko/20100101 Firefox/72.0"
185.191.171.24 - - [09/Oct/2022:05:32:54 +0200] "GET /epoxy-resin-magnets-little-prince-p-54976.html?action=add_product HTTP/1.0" 302 476 "-" "Mozilla/5.0 (compatible; SemrushBot/7~bl; +http://www.semrush.com/bot.html)"
64.124.8.58 - - [09/Oct/2022:05:33:09 +0200] "GET /incense-holder-and-incense-burner-c-231_229.html HTTP/1.0" 301 93054 "-" "Mozilla/5.0 (X11; Linux x86_64) AppleWebKit/537.36 (KHTML, like Gecko) Chrome/61.0.3163.79 Safari/537.36"
54.36.148.72 - - [09/Oct/2022:05:33:10 +0200] "GET /orange-apple-shaped-moneybox-p-36477.html HTTP/1.0" 200 74952 "-" "Mozilla/5.0 (compatible; AhrefsBot/7.0; +http://ahrefs.com/robot/)"
185.191.171.18 - - [09/Oct/2022:05:33:13 +0200] "GET /tisanire-lisboa-handmade-manufacture-p-47120.html?action=add_product HTTP/1.0" 301 476 "-" "Mozilla/5.0 (compatible; SemrushBot/7~bl; +http://www.semrush.com/bot.html)"
185.191.171.36 - - [09/Oct/2022:05:33:15 +0200] "GET /olaf-with-flower-figure-collection-p-30717.html?action=add_product HTTP/1.0" 302 476 "-" "Mozilla/5.0 (compatible; SemrushBot/7~bl; +http://www.semrush.com/bot.html)"
185.191.171.24 - - [09/Oct/2022:05:33:18 +0200] "GET /sheaffer-fountain-ferrari-p-38772.html HTTP/1.0" 200 75094 "-" "Mozilla/5.0 (compatible; SemrushBot/7~bl; +http://www.semrush.com/bot.html)"
64.124.8.58 - - [09/Oct/2022:05:33:31 +0200] "GET /cupcakes-small-white-cushion-with-personalized-picture-p-16982.html HTTP/1.0" 200 75627 "-" "Mozilla/5.0 (X11; Linux x86_64) AppleWebKit/537.36 (KHTML, like Gecko) Chrome/61.0.3163.79 Safari/537.36"
185.191.171.33 - - [09/Oct/2022:05:33:45 +0200] "GET /little-buddha-retractable-ballpoint-blue-p-43063.html?action=add_product HTTP/1.0" 302 476 "-" "Mozilla/5.0 (compatible; SemrushBot/7~bl; +http://www.semrush.com/bot.html)"
185.191.171.21 - - [09/Oct/2022:05:33:47 +0200] "GET /cbkreation-geisha-cover-iphone-p-23480.html?action=add_product HTTP/1.0" 301 476 "-" "Mozilla/5.0 (compatible; SemrushBot/7~bl; +http://www.semrush.com/bot.html)"
64.124.8.58 - - [09/Oct/2022:05:33:58 +0200] "GET /small-appliances-hifi-c-13_88.html HTTP/1.0" 200 86308 "-" "Mozilla/5.0 (X11; Linux x86_64) AppleWebKit/537.36 (KHTML, like Gecko) Chrome/61.0.3163.79 Safari/537.36"
185.191.171.8 - - [09/Oct/2022:05:33:59 +0200] "GET /bistro-large-metal-plate-deco-p-33794.html HTTP/1.0" 200 72399 "-" "Mozilla/5.0 (compatible; SemrushBot/7~bl; +http://www.semrush.com/bot.html)"
185.191.171.10 - - [09/Oct/2022:05:34:19 +0200] "GET /paris-bowl-by-boyer-p-24678.html HTTP/1.0" 301 75056 "-" "Mozilla/5.0 (compatible; SemrushBot/7~bl; +http://www.semrush.com/bot.html)"
185.191.171.18 - - [09/Oct/2022:05:34:22 +0200] "GET /paris-bowl-boyer-p-24678.html HTTP/1.0" 200 74973 "-" "Mozilla/5.0 (compatible; SemrushBot/7~bl; +http://www.semrush.com/bot.html)"
185.191.171.4 - - [09/Oct/2022:05:34:25 +0200] "GET /catches-dreams-diameter-p-51028.html?action=add_product HTTP/1.0" 302 476 "-" "Mozilla/5.0 (compatible; SemrushBot/7~bl; +http://www.semrush.com/bot.html)"
64.124.8.58 - - [09/Oct/2022:05:34:33 +0200] "GET /memory-pillow-50-30-cm-p-44236.html HTTP/1.0" 301 72392 "-" "Mozilla/5.0 (X11; Linux x86_64) AppleWebKit/537.36 (KHTML, like Gecko) Chrome/61.0.3163.79 Safari/537.36"
64.124.8.58 - - [09/Oct/2022:05:34:51 +0200] "GET /underwear-c-2_38.html HTTP/1.0" 200 77544 "-" "Mozilla/5.0 (X11; Linux x86_64) AppleWebKit/537.36 (KHTML, like Gecko) Chrome/61.0.3163.79 Safari/537.36"
64.124.8.58 - - [09/Oct/2022:05:34:56 +0200] "GET /tree-life-zippo-lighter-p-56303.html HTTP/1.0" 200 76120 "-" "Mozilla/5.0 (X11; Linux x86_64) AppleWebKit/537.36 (KHTML, like Gecko) Chrome/61.0.3163.79 Safari/537.36"
51.68.224.127 - - [09/Oct/2022:05:35:00 +0200] "GET /adminweb/export_orders_xml.php?token=256de2z6edz6ed2z6DFSFsed2zed6zeDSFDSGdzedezfzf&maxorders=10&orderstart=1&status=14&start_date=2018-10-01 HTTP/1.0" 200 285 "-" "GesCom CharlotteBoutik Serveur"
51.68.224.127 - - [09/Oct/2022:05:35:00 +0200] "GET /adminweb/export_orders_xml.php?token=256de2z6edz6ed2z6DFSFsed2zed6zeDSFDSGdzedezfzf&maxorders=10&orderstart=1&status=6&start_date=2018-10-01 HTTP/1.0" 200 33985 "-" "GesCom CharlotteBoutik Serveur"
185.191.171.11 - - [09/Oct/2022:05:35:07 +0200] "GET /blister-figures-p-27817.html?action=add_product HTTP/1.0" 301 476 "-" "Mozilla/5.0 (compatible; SemrushBot/7~bl; +http://www.semrush.com/bot.html)"
185.191.171.42 - - [09/Oct/2022:05:35:08 +0200] "GET /-p-24749.html?action=add_product HTTP/1.0" 302 476 "-" "Mozilla/5.0 (compatible; SemrushBot/7~bl; +http://www.semrush.com/bot.html)"
185.191.171.42 - - [09/Oct/2022:05:35:13 +0200] "GET /wall-hanging-blue-buddha-75-115-cm-p-49458.html HTTP/1.0" 301 75148 "-" "Mozilla/5.0 (compatible; SemrushBot/7~bl; +http://www.semrush.com/bot.html)"
185.191.171.23 - - [09/Oct/2022:05:35:16 +0200] "GET /wall-hanging-blue-buddha-p-49458.html HTTP/1.0" 200 75057 "-" "Mozilla/5.0 (compatible; SemrushBot/7~bl; +http://www.semrush.com/bot.html)"
185.191.171.13 - - [09/Oct/2022:05:35:19 +0200] "GET /marine-navigation-magnifier-feet-p-49609.html?action=add_product HTTP/1.0" 302 476 "-" "Mozilla/5.0 (compatible; SemrushBot/7~bl; +http://www.semrush.com/bot.html)"
64.124.8.58 - - [09/Oct/2022:05:35:25 +0200] "GET /papers-holder-indian-spirit-light-brown-p-42942.html HTTP/1.0" 200 75150 "-" "Mozilla/5.0 (X11; Linux x86_64) AppleWebKit/537.36 (KHTML, like Gecko) Chrome/61.0.3163.79 Safari/537.36"
64.124.8.58 - - [09/Oct/2022:05:35:29 +0200] "GET /cherry-blossoms-green-tea-box-p-39293.html HTTP/1.0" 301 75141 "-" "Mozilla/5.0 (X11; Linux x86_64) AppleWebKit/537.36 (KHTML, like Gecko) Chrome/61.0.3163.79 Safari/537.36"
185.191.171.24 - - [09/Oct/2022:05:35:30 +0200] "GET /microfiber-bolster-p-39800.html HTTP/1.0" 200 72332 "-" "Mozilla/5.0 (compatible; SemrushBot/7~bl; +http://www.semrush.com/bot.html)"
185.191.171.12 - - [09/Oct/2022:05:35:41 +0200] "GET /panda-water-bottle-p-48678.html?action=add_product HTTP/1.0" 302 476 "-" "Mozilla/5.0 (compatible; SemrushBot/7~bl; +http://www.semrush.com/bot.html)"
147.92.153.14 - - [09/Oct/2022:05:35:45 +0200] "GET /yellow-meditation-buddha-resin-statuette-p-50398.html HTTP/1.0" 200 72414 "-" "Mozilla/5.0 (compatible; Linespider/1.1; +https://lin.ee/4dwXkTH)"
64.124.8.58 - - [09/Oct/2022:05:35:49 +0200] "GET /bohemian-ethnic-lirette-carpet-p-56662.html HTTP/1.0" 200 76237 "-" "Mozilla/5.0 (X11; Linux x86_64) AppleWebKit/537.36 (KHTML, like Gecko) Chrome/61.0.3163.79 Safari/537.36"
185.191.171.12 - - [09/Oct/2022:05:35:56 +0200] "GET /bottle-stoppers-brass-boat-p-56020.html?action=add_product HTTP/1.0" 302 476 "-" "Mozilla/5.0 (compatible; SemrushBot/7~bl; +http://www.semrush.com/bot.html)"
185.191.171.24 - - [09/Oct/2022:05:35:58 +0200] "GET /keyrings-c-31_52.html?page=9 HTTP/1.0" 200 96201 "-" "Mozilla/5.0 (compatible; SemrushBot/7~bl; +http://www.semrush.com/bot.html)"
64.124.8.58 - - [09/Oct/2022:05:36:01 +0200] "GET /induction-charger-alarm-clock-p-58212.html HTTP/1.0" 200 75894 "-" "Mozilla/5.0 (X11; Linux x86_64) AppleWebKit/537.36 (KHTML, like Gecko) Chrome/61.0.3163.79 Safari/537.36"
185.191.171.16 - - [09/Oct/2022:05:36:04 +0200] "GET /straw-basket-14-26-cm-p-40138.html HTTP/1.0" 301 72411 "-" "Mozilla/5.0 (compatible; SemrushBot/7~bl; +http://www.semrush.com/bot.html)"
185.191.171.33 - - [09/Oct/2022:05:36:07 +0200] "GET /straw-basket-p-40138.html HTTP/1.0" 200 72332 "-" "Mozilla/5.0 (compatible; SemrushBot/7~bl; +http://www.semrush.com/bot.html)"
66.249.64.242 - - [09/Oct/2022:05:36:10 +0200] "GET /saddle-club-pieces-puzzle-p-27686.html HTTP/1.0" 200 75119 "-" "Mozilla/5.0 (Linux; Android 6.0.1; Nexus 5X Build/MMB29P) AppleWebKit/537.36 (KHTML, like Gecko) Chrome/105.0.5195.125 Mobile Safari/537.36 (compatible; Googlebot/2.1; +http://www.google.com/bot.html)"
64.124.8.58 - - [09/Oct/2022:05:36:13 +0200] "GET /the-little-prince-jewelry-box-p-51620.html HTTP/1.0" 301 76392 "-" "Mozilla/5.0 (X11; Linux x86_64) AppleWebKit/537.36 (KHTML, like Gecko) Chrome/61.0.3163.79 Safari/537.36"
163.220.128.41 - - [09/Oct/2022:05:36:16 +0200] "GET /images/mini_prod/480GJ12.jpg HTTP/1.0" 200 263 "-" "Mozilla/5.0 (X11; Ubuntu; Linux x86_64; rv:72.0) Gecko/20100101 Firefox/72.0"
64.124.8.58 - - [09/Oct/2022:05:36:17 +0200] "GET /indian-elephant-statue-28-cm-p-42795.html HTTP/1.0" 301 72315 "-" "Mozilla/5.0 (X11; Linux x86_64) AppleWebKit/537.36 (KHTML, like Gecko) Chrome/61.0.3163.79 Safari/537.36"
18.191.220.75 - - [09/Oct/2022:05:36:19 +0200] "GET /images/mini_prod/3609810022287.jpg HTTP/1.0" 200 269 "-" "Mozilla/5.0 (X11; Ubuntu; Linux x86_64; rv:72.0) Gecko/20100101 Firefox/72.0"
66.249.64.242 - - [09/Oct/2022:05:36:20 +0200] "GET /napkin-holder-heart-cream-p-58515.html HTTP/1.0" 200 75646 "-" "Mozilla/5.0 (compatible; Googlebot/2.1; +http://www.google.com/bot.html)"
