185.191.171.1 - - [09/Oct/2022:15:26:53 +0200] "GET /cookware-p-41839.html?action=add_product HTTP/1.0" 302 476 "-" "Mozilla/5.0 (compatible; SemrushBot/7~bl; +http://www.semrush.com/bot.html)"
185.191.171.10 - - [09/Oct/2022:15:26:57 +0200] "GET /gorjuss-fiesta-triple-pocket-rucksack-cherry-blossom-p-52371.html?action=add_product HTTP/1.0" 302 476 "-" "Mozilla/5.0 (compatible; SemrushBot/7~bl; +http://www.semrush.com/bot.html)"
66.249.64.242 - - [09/Oct/2022:15:27:13 +0200] "GET /images/big_prod_1/3453131159661B.jpg HTTP/1.0" 200 271 "-" "Googlebot-Image/1.0"
114.119.133.245 - - [09/Oct/2022:15:27:13 +0200] "GET /cafe-coffee-cutting-board-p-35940.html HTTP/1.0" 301 74980 "http://www.wonder-geek.com/trivet-and-boards-cut-c-12_158.html" "Mozilla/5.0 (Linux; Android 7.0;) AppleWebKit/537.36 (KHTML, like Gecko) Mobile Safari/537.36 (compatible; PetalBot;+https://webmaster.petalsearch.com/site/petalbot)"
114.119.133.245 - - [09/Oct/2022:15:27:16 +0200] "GET /coffee-cutting-board-p-35940.html HTTP/1.0" 200 74893 "http://www.wonder-geek.com/trivet-and-boards-cut-c-12_158.html" "Mozilla/5.0 (Linux; Android 7.0;) AppleWebKit/537.36 (KHTML, like Gecko) Mobile Safari/537.36 (compatible; PetalBot;+https://webmaster.petalsearch.com/site/petalbot)"
185.191.171.22 - - [09/Oct/2022:15:27:54 +0200] "GET /lotus-padmasana-yoga-statuette-p-48959.html?action=add_product HTTP/1.0" 302 476 "-" "Mozilla/5.0 (compatible; SemrushBot/7~bl; +http://www.semrush.com/bot.html)"
66.249.64.244 - - [09/Oct/2022:15:28:20 +0200] "GET /tweety-figurine-p-45058.html HTTP/1.0" 200 74856 "-" "Mozilla/5.0 (compatible; Googlebot/2.1; +http://www.google.com/bot.html)"
114.119.137.45 - - [09/Oct/2022:15:28:22 +0200] "GET /images/mini_prod/3665269156867.jpg HTTP/1.0" 200 269 "http://www.wonder-geek.com/cushions-c-11_71_283.html" "Mozilla/5.0 (Linux; Android 7.0;) AppleWebKit/537.36 (KHTML, like Gecko) Mobile Safari/537.36 (compatible; PetalBot;+https://webmaster.petalsearch.com/site/petalbot)"
54.36.148.176 - - [09/Oct/2022:15:28:22 +0200] "GET /round-trays-c-12_159_263.html?page=4 HTTP/1.0" 200 86776 "-" "Mozilla/5.0 (compatible; AhrefsBot/7.0; +http://ahrefs.com/robot/)"
185.191.171.25 - - [09/Oct/2022:15:28:24 +0200] "GET /-p-37903.html?action=add_product HTTP/1.0" 302 476 "-" "Mozilla/5.0 (compatible; SemrushBot/7~bl; +http://www.semrush.com/bot.html)"
185.191.171.22 - - [09/Oct/2022:15:28:35 +0200] "GET /small-baby-teeth-pink-p-36446.html?action=add_product HTTP/1.0" 302 476 "-" "Mozilla/5.0 (compatible; SemrushBot/7~bl; +http://www.semrush.com/bot.html)"
163.220.128.41 - - [09/Oct/2022:15:28:43 +0200] "GET /images/mini_prod/3660173124520.jpg HTTP/1.0" 200 269 "-" "Mozilla/5.0 (X11; Ubuntu; Linux x86_64; rv:72.0) Gecko/20100101 Firefox/72.0"
66.249.64.244 - - [09/Oct/2022:15:28:48 +0200] "GET /images/med_prod/1384010176696.jpg HTTP/1.0" 200 268 "-" "Googlebot-Image/1.0"
185.191.171.11 - - [09/Oct/2022:15:28:52 +0200] "GET /-p-32168.html?action=add_product HTTP/1.0" 302 476 "-" "Mozilla/5.0 (compatible; SemrushBot/7~bl; +http://www.semrush.com/bot.html)"
173.252.83.19 - - [09/Oct/2022:15:28:59 +0200] "GET /images/mini_prod/3660173221571.jpg HTTP/1.0" 200 269 "-" "facebookexternalhit/1.1 (+http://www.facebook.com/externalhit_uatext.php)"
185.191.171.22 - - [09/Oct/2022:15:29:01 +0200] "GET /olympique-marseille-ashtray-p-40822.html HTTP/1.0" 301 72315 "-" "Mozilla/5.0 (compatible; SemrushBot/7~bl; +http://www.semrush.com/bot.html)"
185.191.171.13 - - [09/Oct/2022:15:29:05 +0200] "GET /pin-up-pill-box-passion-p-34377.html HTTP/1.0" 301 72391 "-" "Mozilla/5.0 (compatible; SemrushBot/7~bl; +http://www.semrush.com/bot.html)"
185.191.171.44 - - [09/Oct/2022:15:29:08 +0200] "GET /pill-passion-p-34377.html HTTP/1.0" 200 72312 "-" "Mozilla/5.0 (compatible; SemrushBot/7~bl; +http://www.semrush.com/bot.html)"
185.191.171.15 - - [09/Oct/2022:15:29:34 +0200] "GET /rtro-durf-resin-magnets-p-39569.html?action=add_product HTTP/1.0" 302 476 "-" "Mozilla/5.0 (compatible; SemrushBot/7~bl; +http://www.semrush.com/bot.html)"
114.119.133.245 - - [09/Oct/2022:15:29:36 +0200] "GET /gogh-nuit-toile-purse-made-france-p-47458.html HTTP/1.0" 200 75857 "http://www.wonder-geek.com/luggages-schoolbags-leather-shop-c-31.html?page=44" "Mozilla/5.0 (Linux; Android 7.0;) AppleWebKit/537.36 (KHTML, like Gecko) Mobile Safari/537.36 (compatible; PetalBot;+https://webmaster.petalsearch.com/site/petalbot)"
185.191.171.42 - - [09/Oct/2022:15:29:53 +0200] "GET /20-miraculous-virgin-aromatika-incense-sticks-p-53448.html HTTP/1.0" 301 75171 "-" "Mozilla/5.0 (compatible; SemrushBot/7~bl; +http://www.semrush.com/bot.html)"
185.191.171.1 - - [09/Oct/2022:15:29:56 +0200] "GET /miraculous-virgin-aromatika-incense-sticks-p-53448.html HTTP/1.0" 200 75062 "-" "Mozilla/5.0 (compatible; SemrushBot/7~bl; +http://www.semrush.com/bot.html)"
185.191.171.19 - - [09/Oct/2022:15:30:05 +0200] "GET /galileo-thermometer-indoors-p-55397.html?action=add_product HTTP/1.0" 302 476 "-" "Mozilla/5.0 (compatible; SemrushBot/7~bl; +http://www.semrush.com/bot.html)"
185.191.171.25 - - [09/Oct/2022:15:30:22 +0200] "GET /wall-decoration-p-45746.html?action=add_product HTTP/1.0" 301 476 "-" "Mozilla/5.0 (compatible; SemrushBot/7~bl; +http://www.semrush.com/bot.html)"
185.191.171.1 - - [09/Oct/2022:15:30:28 +0200] "GET /vanua-cotton-basket-planter-p-58824.html?action=add_product HTTP/1.0" 302 476 "-" "Mozilla/5.0 (compatible; SemrushBot/7~bl; +http://www.semrush.com/bot.html)"
185.191.171.25 - - [09/Oct/2022:15:30:33 +0200] "GET /cinderella-birthday-card-with-envelope-p-25265.html?action=add_product HTTP/1.0" 302 476 "-" "Mozilla/5.0 (compatible; SemrushBot/7~bl; +http://www.semrush.com/bot.html)"
185.191.171.17 - - [09/Oct/2022:15:30:40 +0200] "GET /children-wall-sticker-with-name-unicorns-p-58837.html?action=add_product HTTP/1.0" 302 476 "-" "Mozilla/5.0 (compatible; SemrushBot/7~bl; +http://www.semrush.com/bot.html)"
185.191.171.4 - - [09/Oct/2022:15:30:41 +0200] "GET /tarot-box-mandala-copper-colour-p-47528.html HTTP/1.0" 301 76186 "-" "Mozilla/5.0 (compatible; SemrushBot/7~bl; +http://www.semrush.com/bot.html)"
185.191.171.3 - - [09/Oct/2022:15:30:44 +0200] "GET /tarot-mandala-copper-colour-p-47528.html HTTP/1.0" 200 76092 "-" "Mozilla/5.0 (compatible; SemrushBot/7~bl; +http://www.semrush.com/bot.html)"
66.249.64.242 - - [09/Oct/2022:15:30:47 +0200] "GET /archangel-uriel-statue-p-56774.html HTTP/1.0" 200 75596 "-" "Mozilla/5.0 (compatible; Googlebot/2.1; +http://www.google.com/bot.html)"
114.119.137.3 - - [09/Oct/2022:15:30:51 +0200] "GET /pocket-warmer-panda-wink-gray-p-55004.html HTTP/1.0" 200 72354 "http://www.wonder-geek.com/home-and-decoration-c-13.html?page=17" "Mozilla/5.0 (Linux; Android 7.0;) AppleWebKit/537.36 (KHTML, like Gecko) Mobile Safari/537.36 (compatible; PetalBot;+https://webmaster.petalsearch.com/site/petalbot)"
185.191.171.44 - - [09/Oct/2022:15:30:55 +0200] "GET /plush-christmas-tree-decoration-11-cm-p-49649.html HTTP/1.0" 301 75115 "-" "Mozilla/5.0 (compatible; SemrushBot/7~bl; +http://www.semrush.com/bot.html)"
185.191.171.35 - - [09/Oct/2022:15:30:58 +0200] "GET /plush-christmas-tree-decoration-p-49649.html HTTP/1.0" 200 75017 "-" "Mozilla/5.0 (compatible; SemrushBot/7~bl; +http://www.semrush.com/bot.html)"
66.249.64.244 - - [09/Oct/2022:15:30:59 +0200] "GET /doormats-entrance-carpets-c-11_269_266.html HTTP/1.0" 200 92872 "-" "Mozilla/5.0 (Linux; Android 6.0.1; Nexus 5X Build/MMB29P) AppleWebKit/537.36 (KHTML, like Gecko) Chrome/105.0.5195.125 Mobile Safari/537.36 (compatible; Googlebot/2.1; +http://www.google.com/bot.html)"
185.191.171.8 - - [09/Oct/2022:15:31:02 +0200] "GET /anti-mite-pillow-p-41116.html?action=add_product HTTP/1.0" 302 476 "-" "Mozilla/5.0 (compatible; SemrushBot/7~bl; +http://www.semrush.com/bot.html)"
185.191.171.11 - - [09/Oct/2022:15:31:13 +0200] "GET /orange-butterfly-black-shirt-cbkreation-p-30119.html HTTP/1.0" 200 76038 "-" "Mozilla/5.0 (compatible; SemrushBot/7~bl; +http://www.semrush.com/bot.html)"
185.191.171.6 - - [09/Oct/2022:15:31:16 +0200] "GET /hedgehog-pencil-pot-cbkreation-p-43438.html HTTP/1.0" 301 75050 "-" "Mozilla/5.0 (compatible; SemrushBot/7~bl; +http://www.semrush.com/bot.html)"
185.191.171.5 - - [09/Oct/2022:15:31:19 +0200] "GET /hedgehog-pencil-cbkreation-p-43438.html HTTP/1.0" 200 74957 "-" "Mozilla/5.0 (compatible; SemrushBot/7~bl; +http://www.semrush.com/bot.html)"
154.51.131.142 - - [09/Oct/2022:15:31:27 +0200] "GET / HTTP/1.0" 301 511 "-" "Mozilla/5.0 (Windows NT 10.0; Win64; x64) AppleWebKit/537.36 (KHTML, like Gecko) Chrome/79.0.3945.130 Safari/537.36"
154.51.131.142 - - [09/Oct/2022:15:31:27 +0200] "GET / HTTP/1.0" 200 152485 "-" "Mozilla/5.0 (Windows NT 10.0; Win64; x64) AppleWebKit/537.36 (KHTML, like Gecko) Chrome/79.0.3945.130 Safari/537.36"
185.191.171.13 - - [09/Oct/2022:15:31:32 +0200] "GET /decorative-turttle-statue-p-54096.html?action=add_product HTTP/1.0" 302 476 "-" "Mozilla/5.0 (compatible; SemrushBot/7~bl; +http://www.semrush.com/bot.html)"
17.121.114.210 - - [09/Oct/2022:15:32:05 +0200] "GET /images/big_prod_3/1328399219292c.jpg HTTP/1.0" 200 271 "-" "Mozilla/5.0 (Macintosh; Intel Mac OS X 10_15_5) AppleWebKit/605.1.15 (KHTML, like Gecko) Version/13.1.1 Safari/605.1.15 (Applebot/0.1; +http://www.apple.com/go/applebot)"
114.119.137.45 - - [09/Oct/2022:15:32:07 +0200] "GET /pusheenwinter-ornament-p-41645.html HTTP/1.0" 200 75279 "http://www.wonder-geek.com/home-decoration-c-13.html?page=108" "Mozilla/5.0 (Linux; Android 7.0;) AppleWebKit/537.36 (KHTML, like Gecko) Mobile Safari/537.36 (compatible; PetalBot;+https://webmaster.petalsearch.com/site/petalbot)"
211.249.40.23 - - [09/Oct/2022:15:32:08 +0200] "GET /images/mini_prod/3457019600474a.jpg HTTP/1.0" 200 270 "-" "Mozilla/5.0 (X11; Ubuntu; Linux x86_64; rv:72.0) Gecko/20100101 Firefox/72.0"
51.68.224.127 - - [09/Oct/2022:15:32:10 +0200] "GET /adminweb/export_orders_xml.php?token=256de2z6edz6ed2z6DFSFsed2zed6zeDSFDSGdzedezfzf&maxorders=10&orderstart=1&status=14&start_date=2018-10-01 HTTP/1.0" 200 285 "-" "GesCom CharlotteBoutik Serveur"
51.68.224.127 - - [09/Oct/2022:15:32:10 +0200] "GET /adminweb/export_orders_xml.php?token=256de2z6edz6ed2z6DFSFsed2zed6zeDSFDSGdzedezfzf&maxorders=10&orderstart=1&status=6&start_date=2018-10-01 HTTP/1.0" 200 33985 "-" "GesCom CharlotteBoutik Serveur"
185.191.171.39 - - [09/Oct/2022:15:32:24 +0200] "GET /-p-41556.html?action=add_product HTTP/1.0" 302 476 "-" "Mozilla/5.0 (compatible; SemrushBot/7~bl; +http://www.semrush.com/bot.html)"
185.191.171.25 - - [09/Oct/2022:15:32:36 +0200] "GET /large-p-40275.html?action=add_product HTTP/1.0" 302 476 "-" "Mozilla/5.0 (compatible; SemrushBot/7~bl; +http://www.semrush.com/bot.html)"
185.191.171.3 - - [09/Oct/2022:15:32:45 +0200] "GET /-p-43437.html?action=add_product HTTP/1.0" 302 476 "-" "Mozilla/5.0 (compatible; SemrushBot/7~bl; +http://www.semrush.com/bot.html)"
185.191.171.43 - - [09/Oct/2022:15:32:54 +0200] "GET /small-jar-candle-gingerbread-house-p-46030.html HTTP/1.0" 301 72504 "-" "Mozilla/5.0 (compatible; SemrushBot/7~bl; +http://www.semrush.com/bot.html)"
185.191.171.25 - - [09/Oct/2022:15:32:57 +0200] "GET /small-candle-gingerbread-house-p-46030.html HTTP/1.0" 200 72407 "-" "Mozilla/5.0 (compatible; SemrushBot/7~bl; +http://www.semrush.com/bot.html)"
185.191.171.6 - - [09/Oct/2022:15:33:01 +0200] "GET /wonder-woman-money-box-155-cm-p-41829.html HTTP/1.0" 301 75034 "-" "Mozilla/5.0 (compatible; SemrushBot/7~bl; +http://www.semrush.com/bot.html)"
185.191.171.22 - - [09/Oct/2022:15:33:04 +0200] "GET /light-wood-table-lamp-scandinavian-spirit-p-55545.html?action=add_product HTTP/1.0" 301 476 "-" "Mozilla/5.0 (compatible; SemrushBot/7~bl; +http://www.semrush.com/bot.html)"
185.191.171.40 - - [09/Oct/2022:15:33:06 +0200] "GET /wonder-woman-money-p-41829.html HTTP/1.0" 200 74949 "-" "Mozilla/5.0 (compatible; SemrushBot/7~bl; +http://www.semrush.com/bot.html)"
185.191.171.11 - - [09/Oct/2022:15:33:15 +0200] "GET /little-prince-melamine-plate-p-30335.html?action=add_product HTTP/1.0" 301 476 "-" "Mozilla/5.0 (compatible; SemrushBot/7~bl; +http://www.semrush.com/bot.html)"
185.191.171.2 - - [09/Oct/2022:15:33:18 +0200] "GET /large-candle-hours-simply-p-33016.html?action=add_product HTTP/1.0" 302 476 "-" "Mozilla/5.0 (compatible; SemrushBot/7~bl; +http://www.semrush.com/bot.html)"
114.119.137.45 - - [09/Oct/2022:15:33:24 +0200] "GET /real-madrid-backpack-p-41173.html HTTP/1.0" 200 75166 "http://www.wonder-geek.com/luggages-schoolbags-leather-shop-c-31.html?page=52" "Mozilla/5.0 (Linux; Android 7.0;) AppleWebKit/537.36 (KHTML, like Gecko) Mobile Safari/537.36 (compatible; PetalBot;+https://webmaster.petalsearch.com/site/petalbot)"
157.55.39.28 - - [09/Oct/2022:15:33:25 +0200] "GET /help-shower-curtain-p-39388.html HTTP/1.0" 200 72346 "-" "Mozilla/5.0 (compatible; bingbot/2.0; +http://www.bing.com/bingbot.htm)"
185.191.171.6 - - [09/Oct/2022:15:33:27 +0200] "GET /large-jar-candle-70-hours-cotton-soft-p-33006.html HTTP/1.0" 301 72473 "-" "Mozilla/5.0 (compatible; SemrushBot/7~bl; +http://www.semrush.com/bot.html)"
66.249.64.246 - - [09/Oct/2022:15:33:31 +0200] "GET /marley-zippo-lighter-p-42881.html HTTP/1.0" 200 75355 "-" "Mozilla/5.0 (compatible; Googlebot/2.1; +http://www.google.com/bot.html)"
185.191.171.11 - - [09/Oct/2022:15:33:31 +0200] "GET /large-candle-hours-cotton-soft-p-33006.html HTTP/1.0" 200 72376 "-" "Mozilla/5.0 (compatible; SemrushBot/7~bl; +http://www.semrush.com/bot.html)"
54.36.148.131 - - [09/Oct/2022:15:33:32 +0200] "GET /decorative-carpets-c-11_269_167.html?page=5 HTTP/1.0" 200 87829 "-" "Mozilla/5.0 (compatible; AhrefsBot/7.0; +http://ahrefs.com/robot/)"
173.252.83.23 - - [09/Oct/2022:15:33:42 +0200] "GET /images/mini_prod/3589363780080.jpg HTTP/1.0" 200 269 "-" "facebookexternalhit/1.1 (+http://www.facebook.com/externalhit_uatext.php)"
47.94.243.250 - - [09/Oct/2022:15:33:52 +0200] "GET /images/mini_prod/3453131143189.jpg HTTP/1.0" 200 269 "-" "Mozilla/5.0 (Macintosh; Intel Mac OS X 10_15_7) AppleWebKit/537.36 (KHTML, like Gecko) Chrome/105.0.0.0 Safari/537.36"
185.191.171.5 - - [09/Oct/2022:15:33:52 +0200] "GET /votive-candle-hours-morning-sunrise-p-58947.html?action=add_product HTTP/1.0" 302 476 "-" "Mozilla/5.0 (compatible; SemrushBot/7~bl; +http://www.semrush.com/bot.html)"
66.249.64.242 - - [09/Oct/2022:15:34:01 +0200] "GET /marley-zippo-lighter-p-42881.html HTTP/1.0" 200 75355 "-" "Mozilla/5.0 (Linux; Android 6.0.1; Nexus 5X Build/MMB29P) AppleWebKit/537.36 (KHTML, like Gecko) Chrome/106.0.5249.91 Mobile Safari/537.36 (compatible; Googlebot/2.1; +http://www.google.com/bot.html)"
66.249.64.242 - - [09/Oct/2022:15:34:06 +0200] "GET /golden-metal-bell-chandelier-35-cm-p-50084.html HTTP/1.0" 301 75982 "-" "Mozilla/5.0 (Linux; Android 6.0.1; Nexus 5X Build/MMB29P) AppleWebKit/537.36 (KHTML, like Gecko) Chrome/105.0.5195.125 Mobile Safari/537.36 (compatible; Googlebot/2.1; +http://www.google.com/bot.html)"
66.249.64.242 - - [09/Oct/2022:15:34:08 +0200] "GET /golden-metal-bell-chandelier-p-50084.html HTTP/1.0" 200 75887 "-" "Mozilla/5.0 (Linux; Android 6.0.1; Nexus 5X Build/MMB29P) AppleWebKit/537.36 (KHTML, like Gecko) Chrome/105.0.5195.125 Mobile Safari/537.36 (compatible; Googlebot/2.1; +http://www.google.com/bot.html)"
185.191.171.43 - - [09/Oct/2022:15:34:09 +0200] "GET /-p-46096.html?action=add_product HTTP/1.0" 302 476 "-" "Mozilla/5.0 (compatible; SemrushBot/7~bl; +http://www.semrush.com/bot.html)"
185.191.171.24 - - [09/Oct/2022:15:34:12 +0200] "GET /real-sweetheart-mickey-minnie-mouse-figurine-p-58350.html?action=add_product HTTP/1.0" 302 476 "-" "Mozilla/5.0 (compatible; SemrushBot/7~bl; +http://www.semrush.com/bot.html)"
185.191.171.3 - - [09/Oct/2022:15:34:15 +0200] "GET /plush-keel-toys-parrot-p-50305.html?action=add_product HTTP/1.0" 302 476 "-" "Mozilla/5.0 (compatible; SemrushBot/7~bl; +http://www.semrush.com/bot.html)"
114.119.137.45 - - [09/Oct/2022:15:34:40 +0200] "GET /20-ste-therese-aromatika-incense-sticks-p-53452.html HTTP/1.0" 301 75123 "http://www.wonder-geek.com/fragrances-of-ambiance-c-231.html?page=4" "Mozilla/5.0 (Linux; Android 7.0;) AppleWebKit/537.36 (KHTML, like Gecko) Mobile Safari/537.36 (compatible; PetalBot;+https://webmaster.petalsearch.com/site/petalbot)"
114.119.137.45 - - [09/Oct/2022:15:34:43 +0200] "GET /therese-aromatika-incense-sticks-p-53452.html HTTP/1.0" 200 75024 "http://www.wonder-geek.com/fragrances-of-ambiance-c-231.html?page=4" "Mozilla/5.0 (Linux; Android 7.0;) AppleWebKit/537.36 (KHTML, like Gecko) Mobile Safari/537.36 (compatible; PetalBot;+https://webmaster.petalsearch.com/site/petalbot)"
207.46.13.149 - - [09/Oct/2022:15:34:48 +0200] "GET /-p-32110.html HTTP/1.0" 200 72248 "-" "Mozilla/5.0 (compatible; bingbot/2.0; +http://www.bing.com/bingbot.htm)"
66.249.64.242 - - [09/Oct/2022:15:34:57 +0200] "GET /shoulder-blue-with-chakra-symbols-p-45360.html HTTP/1.0" 200 75338 "-" "Mozilla/5.0 (Linux; Android 6.0.1; Nexus 5X Build/MMB29P) AppleWebKit/537.36 (KHTML, like Gecko) Chrome/106.0.5249.91 Mobile Safari/537.36 (compatible; Googlebot/2.1; +http://www.google.com/bot.html)"
185.191.171.1 - - [09/Oct/2022:15:35:00 +0200] "GET /-p-49208.html?action=add_product HTTP/1.0" 302 476 "-" "Mozilla/5.0 (compatible; SemrushBot/7~bl; +http://www.semrush.com/bot.html)"
185.191.171.9 - - [09/Oct/2022:15:35:15 +0200] "GET /boho-canvas-frame-p-41548.html?action=add_product HTTP/1.0" 302 476 "-" "Mozilla/5.0 (compatible; SemrushBot/7~bl; +http://www.semrush.com/bot.html)"
185.191.171.41 - - [09/Oct/2022:15:35:16 +0200] "GET /door-plate-family-p-55413.html?action=add_product HTTP/1.0" 302 476 "-" "Mozilla/5.0 (compatible; SemrushBot/7~bl; +http://www.semrush.com/bot.html)"
207.46.13.149 - - [09/Oct/2022:15:35:28 +0200] "GET /images/mini_prod/8445146010438.jpg HTTP/1.0" 200 269 "-" "Mozilla/5.0 (compatible; bingbot/2.0; +http://www.bing.com/bingbot.htm)"
147.92.153.7 - - [09/Oct/2022:15:35:28 +0200] "GET /duvet-cover-c-11_195.html HTTP/1.0" 200 93419 "-" "Mozilla/5.0 (compatible; Linespider/1.1; +https://lin.ee/4dwXkTH)"
185.191.171.41 - - [09/Oct/2022:15:35:32 +0200] "GET /mouse-saucer-p-55884.html?action=add_product HTTP/1.0" 302 476 "-" "Mozilla/5.0 (compatible; SemrushBot/7~bl; +http://www.semrush.com/bot.html)"
66.249.64.242 - - [09/Oct/2022:15:35:33 +0200] "GET /images/3453131106559.jpg HTTP/1.0" 200 259 "-" "Googlebot-Image/1.0"
185.191.171.38 - - [09/Oct/2022:15:35:34 +0200] "GET /ford-zippo-lighter-p-57597.html?action=add_product HTTP/1.0" 302 476 "-" "Mozilla/5.0 (compatible; SemrushBot/7~bl; +http://www.semrush.com/bot.html)"
185.191.171.23 - - [09/Oct/2022:15:35:40 +0200] "GET /wooden-hanging-tree-decoration-p-58755.html?action=add_product HTTP/1.0" 302 476 "-" "Mozilla/5.0 (compatible; SemrushBot/7~bl; +http://www.semrush.com/bot.html)"
47.94.243.250 - - [09/Oct/2022:15:35:43 +0200] "GET /images/mini_prod/1384010202890.jpg HTTP/1.0" 200 269 "-" "Mozilla/5.0 (Macintosh; Intel Mac OS X 10_15_7) AppleWebKit/537.36 (KHTML, like Gecko) Chrome/105.0.0.0 Safari/537.36"
185.191.171.13 - - [09/Oct/2022:15:35:48 +0200] "GET /maya-vase-burgundy-beige-ceramic-p-53372.html?action=add_product HTTP/1.0" 301 476 "-" "Mozilla/5.0 (compatible; SemrushBot/7~bl; +http://www.semrush.com/bot.html)"
114.119.133.245 - - [09/Oct/2022:15:35:59 +0200] "GET /images/big_prod_1/3609810022546C.jpg HTTP/1.0" 200 271 "http://www.wonder-geek.com/marseille-football-boot-money-box-p-27187.html" "Mozilla/5.0 (Linux; Android 7.0;) AppleWebKit/537.36 (KHTML, like Gecko) Mobile Safari/537.36 (compatible; PetalBot;+https://webmaster.petalsearch.com/site/petalbot)"
207.46.13.140 - - [09/Oct/2022:15:36:01 +0200] "GET /games-and-toys/soft-toys-security-blanket/barbapapa-family-soft-toy-box-p-25786.html HTTP/1.0" 301 679 "-" "Mozilla/5.0 (compatible; bingbot/2.0; +http://www.bing.com/bingbot.htm)"
157.55.39.231 - - [09/Oct/2022:15:36:05 +0200] "GET /luggages-schoolbags-leather-shop/pencil-case/cocacola-red-round-pencil-case-p-12394.html HTTP/1.0" 301 75015 "-" "Mozilla/5.0 (compatible; bingbot/2.0; +http://www.bing.com/bingbot.htm)"
185.191.171.40 - - [09/Oct/2022:15:36:20 +0200] "GET /dubout-cats-cover-pillow-p-34468.html?action=add_product HTTP/1.0" 302 476 "-" "Mozilla/5.0 (compatible; SemrushBot/7~bl; +http://www.semrush.com/bot.html)"
185.191.171.38 - - [09/Oct/2022:15:36:34 +0200] "GET /gorjuss-cards-supplied-with-an-envelope-tall-tails-p-48390.html HTTP/1.0" 301 75321 "-" "Mozilla/5.0 (compatible; SemrushBot/7~bl; +http://www.semrush.com/bot.html)"
47.94.243.250 - - [09/Oct/2022:15:36:38 +0200] "GET /images/mini_prod/3438100356470.jpg HTTP/1.0" 200 269 "-" "Mozilla/5.0 (Macintosh; Intel Mac OS X 10_15_7) AppleWebKit/537.36 (KHTML, like Gecko) Chrome/105.0.0.0 Safari/537.36"
185.191.171.43 - - [09/Oct/2022:15:36:39 +0200] "GET /gorjuss-cards-supplied-with-envelope-tall-tails-p-48390.html HTTP/1.0" 200 75207 "-" "Mozilla/5.0 (compatible; SemrushBot/7~bl; +http://www.semrush.com/bot.html)"
185.191.171.34 - - [09/Oct/2022:15:36:44 +0200] "GET /merci-gustave-mickey-p-34902.html?action=add_product HTTP/1.0" 302 476 "-" "Mozilla/5.0 (compatible; SemrushBot/7~bl; +http://www.semrush.com/bot.html)"
185.191.171.7 - - [09/Oct/2022:15:36:47 +0200] "GET /harley-davidson-eagle-zippo-lighter-p-27292.html?action=add_product HTTP/1.0" 302 476 "-" "Mozilla/5.0 (compatible; SemrushBot/7~bl; +http://www.semrush.com/bot.html)"
185.191.171.41 - - [09/Oct/2022:15:37:12 +0200] "GET /cbkreation-p-26519.html?action=add_product HTTP/1.0" 302 476 "-" "Mozilla/5.0 (compatible; SemrushBot/7~bl; +http://www.semrush.com/bot.html)"
114.119.133.245 - - [09/Oct/2022:15:37:15 +0200] "GET /freegun-liberty-cover-for-iphone-and-p-19120.html HTTP/1.0" 301 75347 "http://www.wonder-geek.com/accessories-c-3.html?page=9" "Mozilla/5.0 (Linux; Android 7.0;) AppleWebKit/537.36 (KHTML, like Gecko) Mobile Safari/537.36 (compatible; PetalBot;+https://webmaster.petalsearch.com/site/petalbot)"
114.119.133.245 - - [09/Oct/2022:15:37:18 +0200] "GET /freegun-liberty-cover-iphone-p-19120.html HTTP/1.0" 200 75252 "http://www.wonder-geek.com/accessories-c-3.html?page=9" "Mozilla/5.0 (Linux; Android 7.0;) AppleWebKit/537.36 (KHTML, like Gecko) Mobile Safari/537.36 (compatible; PetalBot;+https://webmaster.petalsearch.com/site/petalbot)"
185.191.171.44 - - [09/Oct/2022:15:37:21 +0200] "GET /salt-with-wooden-spoon-sardy-p-54525.html?action=add_product HTTP/1.0" 302 476 "-" "Mozilla/5.0 (compatible; SemrushBot/7~bl; +http://www.semrush.com/bot.html)"
216.244.66.242 - - [09/Oct/2022:15:37:24 +0200] "GET /corsica-calanche-piana-placemat-p-49720.html HTTP/1.0" 200 75021 "-" "Mozilla/5.0 (compatible; DotBot/1.2; +https://opensiteexplorer.org/dotbot; help@moz.com)"
77.88.5.245 - - [09/Oct/2022:15:37:30 +0200] "GET /robots.txt HTTP/1.0" 200 245 "-" "Mozilla/5.0 (compatible; YandexBot/3.0; +http://yandex.com/bots)"
77.88.5.245 - - [09/Oct/2022:15:37:34 +0200] "GET /samsung-galaxy-note-little-green-hearts-phone-cover-cbkreation-p-17895.html HTTP/1.0" 301 72315 "-" "Mozilla/5.0 (compatible; YandexBot/3.0; +http://yandex.com/bots)"
47.94.243.250 - - [09/Oct/2022:15:37:40 +0200] "GET /images/mini_prod/76001110TF.jpg HTTP/1.0" 200 266 "-" "Mozilla/5.0 (Macintosh; Intel Mac OS X 10_15_7) AppleWebKit/537.36 (KHTML, like Gecko) Chrome/105.0.0.0 Safari/537.36"
93.158.161.6 - - [09/Oct/2022:15:37:37 +0200] "GET /-p-17895.html HTTP/1.0" 200 72248 "-" "Mozilla/5.0 (compatible; YandexBot/3.0; +http://yandex.com/bots)"
185.191.171.24 - - [09/Oct/2022:15:37:42 +0200] "GET /deco-tray-patinated-metal-with-wooden-handles-p-48007.html?action=add_product HTTP/1.0" 302 476 "-" "Mozilla/5.0 (compatible; SemrushBot/7~bl; +http://www.semrush.com/bot.html)"
185.191.171.38 - - [09/Oct/2022:15:38:01 +0200] "GET /looney-tunes-round-pencil-case-p-10632.html?action=add_product HTTP/1.0" 302 476 "-" "Mozilla/5.0 (compatible; SemrushBot/7~bl; +http://www.semrush.com/bot.html)"
66.249.64.246 - - [09/Oct/2022:15:38:04 +0200] "GET /pucca-p-22266.html HTTP/1.0" 200 74890 "-" "Mozilla/5.0 (compatible; Googlebot/2.1; +http://www.google.com/bot.html)"
185.191.171.36 - - [09/Oct/2022:15:38:07 +0200] "GET /kimmidoll-wastebasket-p-27442.html HTTP/1.0" 200 72322 "-" "Mozilla/5.0 (compatible; SemrushBot/7~bl; +http://www.semrush.com/bot.html)"
180.76.26.231 - - [09/Oct/2022:15:38:16 +0200] "GET /images/mini_prod/3700653507495.jpg HTTP/1.0" 200 269 "-" "bce-sdk-python/0.8.73/3.6.8 (default, Nov 16 2020, 16:55:22) [GCC 4.8.5 20150623 (Red Hat 4.8.5-44)]/linux"
185.191.171.2 - - [09/Oct/2022:15:38:19 +0200] "GET /retro-mug-p-42556.html HTTP/1.0" 301 72348 "-" "Mozilla/5.0 (compatible; SemrushBot/7~bl; +http://www.semrush.com/bot.html)"
185.191.171.39 - - [09/Oct/2022:15:38:22 +0200] "GET /retro-p-42556.html HTTP/1.0" 200 72276 "-" "Mozilla/5.0 (compatible; SemrushBot/7~bl; +http://www.semrush.com/bot.html)"
66.249.64.242 - - [09/Oct/2022:15:38:25 +0200] "GET /pucca-p-22266.html HTTP/1.0" 200 74890 "-" "Mozilla/5.0 (Linux; Android 6.0.1; Nexus 5X Build/MMB29P) AppleWebKit/537.36 (KHTML, like Gecko) Chrome/106.0.5249.91 Mobile Safari/537.36 (compatible; Googlebot/2.1; +http://www.google.com/bot.html)"
54.36.148.34 - - [09/Oct/2022:15:38:28 +0200] "GET /skull-moneybox-p-37730.html HTTP/1.0" 200 74828 "-" "Mozilla/5.0 (compatible; AhrefsBot/7.0; +http://ahrefs.com/robot/)"
185.191.171.36 - - [09/Oct/2022:15:38:30 +0200] "GET /-p-32148.html?action=add_product HTTP/1.0" 302 476 "-" "Mozilla/5.0 (compatible; SemrushBot/7~bl; +http://www.semrush.com/bot.html)"
114.119.137.45 - - [09/Oct/2022:15:38:32 +0200] "GET /madonna-child-figurine-foundations-karen-hahn-p-43023.html HTTP/1.0" 200 72436 "http://www.wonder-geek.com/home-decoration-c-13.html?page=232" "Mozilla/5.0 (Linux; Android 7.0;) AppleWebKit/537.36 (KHTML, like Gecko) Mobile Safari/537.36 (compatible; PetalBot;+https://webmaster.petalsearch.com/site/petalbot)"
185.191.171.25 - - [09/Oct/2022:15:38:32 +0200] "GET /round-tray-tropical-leaves-kentia-p-49310.html?action=add_product HTTP/1.0" 302 476 "-" "Mozilla/5.0 (compatible; SemrushBot/7~bl; +http://www.semrush.com/bot.html)"
185.191.171.15 - - [09/Oct/2022:15:38:50 +0200] "GET /black-alarm-clock-p-38253.html?action=add_product HTTP/1.0" 302 476 "-" "Mozilla/5.0 (compatible; SemrushBot/7~bl; +http://www.semrush.com/bot.html)"
216.244.66.242 - - [09/Oct/2022:15:38:50 +0200] "GET /clock-greatest-happiness-p-47341.html HTTP/1.0" 200 75612 "-" "Mozilla/5.0 (compatible; DotBot/1.2; +https://opensiteexplorer.org/dotbot; help@moz.com)"
185.191.171.24 - - [09/Oct/2022:15:38:58 +0200] "GET /decorative-statuette-love-bear-p-57101.html?action=add_product HTTP/1.0" 302 476 "-" "Mozilla/5.0 (compatible; SemrushBot/7~bl; +http://www.semrush.com/bot.html)"
66.249.64.242 - - [09/Oct/2022:15:39:42 +0200] "GET /images/big_prod/3014627555659.jpg HTTP/1.0" 200 268 "-" "Googlebot-Image/1.0"
216.244.66.242 - - [09/Oct/2022:15:39:49 +0200] "GET /croissant-metal-metal-paper-reel-p-42683.html HTTP/1.0" 200 75021 "-" "Mozilla/5.0 (compatible; DotBot/1.2; +https://opensiteexplorer.org/dotbot; help@moz.com)"
114.119.133.245 - - [09/Oct/2022:15:39:50 +0200] "GET /decorative-magnifier-in-wooden-box-p-47446.html HTTP/1.0" 301 75146 "http://www.wonder-geek.com/decorations-c-13_89.html?page=10" "Mozilla/5.0 (Linux; Android 7.0;) AppleWebKit/537.36 (KHTML, like Gecko) Mobile Safari/537.36 (compatible; PetalBot;+https://webmaster.petalsearch.com/site/petalbot)"
114.119.133.245 - - [09/Oct/2022:15:39:53 +0200] "GET /decorative-magnifier-wooden-p-47446.html HTTP/1.0" 200 75052 "http://www.wonder-geek.com/decorations-c-13_89.html?page=10" "Mozilla/5.0 (Linux; Android 7.0;) AppleWebKit/537.36 (KHTML, like Gecko) Mobile Safari/537.36 (compatible; PetalBot;+https://webmaster.petalsearch.com/site/petalbot)"
185.191.171.38 - - [09/Oct/2022:15:39:55 +0200] "GET /wall-decoration-yellow-model-p-38570.html?action=add_product HTTP/1.0" 302 476 "-" "Mozilla/5.0 (compatible; SemrushBot/7~bl; +http://www.semrush.com/bot.html)"
185.191.171.2 - - [09/Oct/2022:15:40:02 +0200] "GET /paris-bucolic-mini-p-34927.html?action=add_product HTTP/1.0" 301 476 "-" "Mozilla/5.0 (compatible; SemrushBot/7~bl; +http://www.semrush.com/bot.html)"
185.191.171.23 - - [09/Oct/2022:15:40:05 +0200] "GET /mug-with-personalized-picture-p-48507.html HTTP/1.0" 301 72438 "-" "Mozilla/5.0 (compatible; SemrushBot/7~bl; +http://www.semrush.com/bot.html)"
185.191.171.22 - - [09/Oct/2022:15:40:09 +0200] "GET /laissez-lucie-faire-large-make-up-kit-roberto-p-44830.html HTTP/1.0" 301 72531 "-" "Mozilla/5.0 (compatible; SemrushBot/7~bl; +http://www.semrush.com/bot.html)"
66.249.64.242 - - [09/Oct/2022:15:40:11 +0200] "GET /arlsienne-potholder-p-43819.html HTTP/1.0" 200 72306 "-" "Mozilla/5.0 (Linux; Android 6.0.1; Nexus 5X Build/MMB29P) AppleWebKit/537.36 (KHTML, like Gecko) Chrome/105.0.5195.125 Mobile Safari/537.36 (compatible; Googlebot/2.1; +http://www.google.com/bot.html)"
185.191.171.41 - - [09/Oct/2022:15:40:12 +0200] "GET /laissez-lucie-faire-large-make-roberto-p-44830.html HTTP/1.0" 200 72426 "-" "Mozilla/5.0 (compatible; SemrushBot/7~bl; +http://www.semrush.com/bot.html)"
185.191.171.45 - - [09/Oct/2022:15:40:15 +0200] "GET /with-personalized-picture-p-48507.html HTTP/1.0" 200 72346 "-" "Mozilla/5.0 (compatible; SemrushBot/7~bl; +http://www.semrush.com/bot.html)"
24.177.104.168 - - [09/Oct/2022:15:40:31 +0200] "GET /images/mini_prod/5018997621738.jpg HTTP/1.0" 200 269 "-" "Mozilla/5.0 (X11; Ubuntu; Linux x86_64; rv:72.0) Gecko/20100101 Firefox/72.0"
185.191.171.6 - - [09/Oct/2022:15:40:40 +0200] "GET /leopard-bling-decorative-statue-p-35416.html HTTP/1.0" 200 72374 "-" "Mozilla/5.0 (compatible; SemrushBot/7~bl; +http://www.semrush.com/bot.html)"
185.191.171.19 - - [09/Oct/2022:15:40:53 +0200] "GET /the-best-wine-metal-tray-p-45781.html HTTP/1.0" 301 75140 "-" "Mozilla/5.0 (compatible; SemrushBot/7~bl; +http://www.semrush.com/bot.html)"
185.191.171.2 - - [09/Oct/2022:15:40:56 +0200] "GET /best-wine-metal-tray-p-45781.html HTTP/1.0" 200 75053 "-" "Mozilla/5.0 (compatible; SemrushBot/7~bl; +http://www.semrush.com/bot.html)"
207.46.13.140 - - [09/Oct/2022:15:41:02 +0200] "GET /white-tower-chess-piece-p-51213.html HTTP/1.0" 200 72330 "-" "Mozilla/5.0 AppleWebKit/537.36 (KHTML, like Gecko; compatible; bingbot/2.0; +http://www.bing.com/bingbot.htm) Chrome/103.0.5060.134 Safari/537.36"
185.191.171.38 - - [09/Oct/2022:15:41:03 +0200] "GET /mani-lucky-p-47567.html?action=add_product HTTP/1.0" 302 476 "-" "Mozilla/5.0 (compatible; SemrushBot/7~bl; +http://www.semrush.com/bot.html)"
114.119.137.45 - - [09/Oct/2022:15:41:04 +0200] "GET /set-of-bed-linen-c-11_68.html?page=4 HTTP/1.0" 301 93246 "http://www.wonder-geek.com/set-of-bed-linen-c-11_68.html" "Mozilla/5.0 (Linux; Android 7.0;) AppleWebKit/537.36 (KHTML, like Gecko) Mobile Safari/537.36 (compatible; PetalBot;+https://webmaster.petalsearch.com/site/petalbot)"
114.119.137.45 - - [09/Oct/2022:15:41:10 +0200] "GET /linen-c-68.html?page=4 HTTP/1.0" 301 93127 "http://www.wonder-geek.com/set-of-bed-linen-c-11_68.html" "Mozilla/5.0 (Linux; Android 7.0;) AppleWebKit/537.36 (KHTML, like Gecko) Mobile Safari/537.36 (compatible; PetalBot;+https://webmaster.petalsearch.com/site/petalbot)"
207.46.13.149 - - [09/Oct/2022:15:41:10 +0200] "GET /gogh-nuit-toile-tote-p-47659.html HTTP/1.0" 200 75621 "-" "Mozilla/5.0 (compatible; bingbot/2.0; +http://www.bing.com/bingbot.htm)"
173.252.83.9 - - [09/Oct/2022:15:41:15 +0200] "GET /images/mini_prod/4029811278442.jpg HTTP/1.0" 200 269 "-" "facebookexternalhit/1.1 (+http://www.facebook.com/externalhit_uatext.php)"
114.119.137.45 - - [09/Oct/2022:15:41:16 +0200] "GET /linen-c-11_68.html?page=4 HTTP/1.0" 200 93170 "http://www.wonder-geek.com/set-of-bed-linen-c-11_68.html" "Mozilla/5.0 (Linux; Android 7.0;) AppleWebKit/537.36 (KHTML, like Gecko) Mobile Safari/537.36 (compatible; PetalBot;+https://webmaster.petalsearch.com/site/petalbot)"
207.46.13.149 - - [09/Oct/2022:15:41:20 +0200] "GET /alarms-clocks-clocks-and-watches/alarms-clocks/spongebob-alarm-clock-p-8337.html HTTP/1.0" 301 671 "-" "Mozilla/5.0 (compatible; bingbot/2.0; +http://www.bing.com/bingbot.htm)"
185.191.171.17 - - [09/Oct/2022:15:41:37 +0200] "GET /ethnic-chest-mango-wood-p-48975.html HTTP/1.0" 200 72350 "-" "Mozilla/5.0 (compatible; SemrushBot/7~bl; +http://www.semrush.com/bot.html)"
216.244.66.242 - - [09/Oct/2022:15:41:50 +0200] "GET /cushions-c-11_71.html?page=7 HTTP/1.0" 200 83885 "-" "Mozilla/5.0 (compatible; DotBot/1.2; +https://opensiteexplorer.org/dotbot; help@moz.com)"
185.191.171.45 - - [09/Oct/2022:15:41:54 +0200] "GET /20-star-wars-decoration-stickers-p-31056.html HTTP/1.0" 301 72456 "-" "Mozilla/5.0 (compatible; SemrushBot/7~bl; +http://www.semrush.com/bot.html)"
185.191.171.34 - - [09/Oct/2022:15:41:57 +0200] "GET /star-wars-decoration-stickers-p-31056.html HTTP/1.0" 200 72360 "-" "Mozilla/5.0 (compatible; SemrushBot/7~bl; +http://www.semrush.com/bot.html)"
185.191.171.10 - - [09/Oct/2022:15:42:05 +0200] "GET /riverdale-bunny-brown-p-31716.html HTTP/1.0" 200 75082 "-" "Mozilla/5.0 (compatible; SemrushBot/7~bl; +http://www.semrush.com/bot.html)"
185.191.171.10 - - [09/Oct/2022:15:42:09 +0200] "GET /moroccan-ashtray-p-40799.html?action=add_product HTTP/1.0" 302 476 "-" "Mozilla/5.0 (compatible; SemrushBot/7~bl; +http://www.semrush.com/bot.html)"
114.119.137.45 - - [09/Oct/2022:15:42:21 +0200] "GET /little-toiletry-bag-p-43376.html HTTP/1.0" 301 75040 "http://www.wonder-geek.com/cosmetic-bags-and-flat-purse-c-31_239.html?page=4" "Mozilla/5.0 (Linux; Android 7.0;) AppleWebKit/537.36 (KHTML, like Gecko) Mobile Safari/537.36 (compatible; PetalBot;+https://webmaster.petalsearch.com/site/petalbot)"
114.119.137.45 - - [09/Oct/2022:15:42:23 +0200] "GET /little-toiletry-p-43376.html HTTP/1.0" 200 74958 "http://www.wonder-geek.com/cosmetic-bags-and-flat-purse-c-31_239.html?page=4" "Mozilla/5.0 (Linux; Android 7.0;) AppleWebKit/537.36 (KHTML, like Gecko) Mobile Safari/537.36 (compatible; PetalBot;+https://webmaster.petalsearch.com/site/petalbot)"
185.191.171.36 - - [09/Oct/2022:15:42:29 +0200] "GET /pugsley-keel-toys-plush-unicorn-light-pink-p-46897.html?action=add_product HTTP/1.0" 302 476 "-" "Mozilla/5.0 (compatible; SemrushBot/7~bl; +http://www.semrush.com/bot.html)"
207.46.13.149 - - [09/Oct/2022:15:42:30 +0200] "GET /sloth-baby-tree-moneybox-p-46776.html HTTP/1.0" 200 74983 "-" "Mozilla/5.0 (compatible; bingbot/2.0; +http://www.bing.com/bingbot.htm)"
185.191.171.24 - - [09/Oct/2022:15:42:51 +0200] "GET /mouse-saucer-p-57186.html?action=add_product HTTP/1.0" 302 476 "-" "Mozilla/5.0 (compatible; SemrushBot/7~bl; +http://www.semrush.com/bot.html)"
54.36.149.59 - - [09/Oct/2022:15:42:52 +0200] "GET /resin-statuette-naked-woman-p-54868.html HTTP/1.0" 200 72346 "-" "Mozilla/5.0 (compatible; AhrefsBot/7.0; +http://ahrefs.com/robot/)"
185.191.171.24 - - [09/Oct/2022:15:43:08 +0200] "GET /votive-candle-15-hours-christmas-spirit-p-38104.html HTTP/1.0" 301 72537 "-" "Mozilla/5.0 (compatible; SemrushBot/7~bl; +http://www.semrush.com/bot.html)"
185.191.171.11 - - [09/Oct/2022:15:43:11 +0200] "GET /votive-candle-hours-christmas-spirit-p-38104.html HTTP/1.0" 200 72434 "-" "Mozilla/5.0 (compatible; SemrushBot/7~bl; +http://www.semrush.com/bot.html)"
185.191.171.10 - - [09/Oct/2022:15:43:14 +0200] "GET /lulu-castagnette-pencil-case-p-26221.html?action=add_product HTTP/1.0" 302 476 "-" "Mozilla/5.0 (compatible; SemrushBot/7~bl; +http://www.semrush.com/bot.html)"
185.191.171.11 - - [09/Oct/2022:15:43:15 +0200] "GET /robots.txt HTTP/1.0" 200 245 "-" "Mozilla/5.0 (compatible; SemrushBot/7~bl; +http://www.semrush.com/bot.html)"
49.7.20.113 - - [09/Oct/2022:15:43:28 +0200] "GET / HTTP/1.0" 200 152281 "-" "Sogou web spider/4.0(+http://www.sogou.com/docs/help/webmasters.htm#07)"
185.191.171.15 - - [09/Oct/2022:15:43:31 +0200] "GET /large-resin-monkey-statuette-p-54084.html?action=add_product HTTP/1.0" 302 476 "-" "Mozilla/5.0 (compatible; SemrushBot/7~bl; +http://www.semrush.com/bot.html)"
114.119.137.43 - - [09/Oct/2022:15:43:37 +0200] "GET /elmer-small-backpack-p-18266.html HTTP/1.0" 200 72318 "http://www.wonder-geek.com/backpacks-c-31_77.html?page=3" "Mozilla/5.0 (Linux; Android 7.0;) AppleWebKit/537.36 (KHTML, like Gecko) Mobile Safari/537.36 (compatible; PetalBot;+https://webmaster.petalsearch.com/site/petalbot)"
185.191.171.5 - - [09/Oct/2022:15:43:47 +0200] "GET /circle-coasters-starry-russian-doll-cbkreation-p-18471.html?action=add_product HTTP/1.0" 302 476 "-" "Mozilla/5.0 (compatible; SemrushBot/7~bl; +http://www.semrush.com/bot.html)"
157.55.39.28 - - [09/Oct/2022:15:43:57 +0200] "GET /-p-47868.html HTTP/1.0" 200 72248 "-" "Mozilla/5.0 (compatible; bingbot/2.0; +http://www.bing.com/bingbot.htm)"
185.191.171.10 - - [09/Oct/2022:15:44:03 +0200] "GET /white-bird-table-lamp-p-38248.html?action=add_product HTTP/1.0" 302 476 "-" "Mozilla/5.0 (compatible; SemrushBot/7~bl; +http://www.semrush.com/bot.html)"
185.191.171.43 - - [09/Oct/2022:15:44:10 +0200] "GET /funny-pets-mobile-sock-p-33096.html HTTP/1.0" 200 75033 "-" "Mozilla/5.0 (compatible; SemrushBot/7~bl; +http://www.semrush.com/bot.html)"
207.46.13.140 - - [09/Oct/2022:15:44:23 +0200] "GET /tinker-bell-figurine-collection-disney-crafty-tink-p-31423.html HTTP/1.0" 200 75407 "-" "Mozilla/5.0 (compatible; bingbot/2.0; +http://www.bing.com/bingbot.htm)"
185.191.171.44 - - [09/Oct/2022:15:44:27 +0200] "GET /incense-stick-holder-moon-little-buddha-p-53630.html?action=add_product HTTP/1.0" 302 476 "-" "Mozilla/5.0 (compatible; SemrushBot/7~bl; +http://www.semrush.com/bot.html)"
185.191.171.13 - - [09/Oct/2022:15:44:36 +0200] "GET /gendarme-saint-tropez-metal-plate-deco-p-47183.html?action=add_product HTTP/1.0" 302 476 "-" "Mozilla/5.0 (compatible; SemrushBot/7~bl; +http://www.semrush.com/bot.html)"
77.88.5.245 - - [09/Oct/2022:15:44:43 +0200] "GET /games-and-toys/toys/patriot-iron-man-mask-p-21577.html HTTP/1.0" 301 72315 "-" "Mozilla/5.0 (compatible; YandexBot/3.0; +http://yandex.com/bots)"
185.191.171.34 - - [09/Oct/2022:15:44:45 +0200] "GET /phone-cover-iphone-cbkreation-p-13937.html?action=add_product HTTP/1.0" 301 476 "-" "Mozilla/5.0 (compatible; SemrushBot/7~bl; +http://www.semrush.com/bot.html)"
185.191.171.38 - - [09/Oct/2022:15:44:46 +0200] "GET /-p-49692.html?action=add_product HTTP/1.0" 302 476 "-" "Mozilla/5.0 (compatible; SemrushBot/7~bl; +http://www.semrush.com/bot.html)"
77.88.5.245 - - [09/Oct/2022:15:44:46 +0200] "GET /-p-21577.html HTTP/1.0" 200 72248 "-" "Mozilla/5.0 (compatible; YandexBot/3.0; +http://yandex.com/bots)"
114.119.137.45 - - [09/Oct/2022:15:44:52 +0200] "GET /volkswagen-bully-metal-plate-p-29721.html HTTP/1.0" 200 75064 "http://www.wonder-geek.com/home-decoration-c-13.html?page=134" "Mozilla/5.0 (Linux; Android 7.0;) AppleWebKit/537.36 (KHTML, like Gecko) Mobile Safari/537.36 (compatible; PetalBot;+https://webmaster.petalsearch.com/site/petalbot)"
185.191.171.6 - - [09/Oct/2022:15:44:56 +0200] "GET /model-fantasy-dolphin-p-38397.html?action=add_product HTTP/1.0" 302 476 "-" "Mozilla/5.0 (compatible; SemrushBot/7~bl; +http://www.semrush.com/bot.html)"
185.191.171.25 - - [09/Oct/2022:15:45:14 +0200] "GET /gorjuss-metal-collector-p-41202.html?action=add_product HTTP/1.0" 302 476 "-" "Mozilla/5.0 (compatible; SemrushBot/7~bl; +http://www.semrush.com/bot.html)"
185.191.171.3 - - [09/Oct/2022:15:45:23 +0200] "GET /windchime-zen-chimes-p-43532.html HTTP/1.0" 301 75576 "-" "Mozilla/5.0 (compatible; SemrushBot/7~bl; +http://www.semrush.com/bot.html)"
185.191.171.19 - - [09/Oct/2022:15:45:26 +0200] "GET /windchime-chimes-p-43532.html HTTP/1.0" 200 75493 "-" "Mozilla/5.0 (compatible; SemrushBot/7~bl; +http://www.semrush.com/bot.html)"
185.191.171.4 - - [09/Oct/2022:15:45:59 +0200] "GET /pink-porcelain-bowl-with-small-gold-hearts-p-53702.html HTTP/1.0" 200 75661 "-" "Mozilla/5.0 (compatible; SemrushBot/7~bl; +http://www.semrush.com/bot.html)"
114.119.137.3 - - [09/Oct/2022:15:46:09 +0200] "GET /bakugan-child-umbrella-p-7881.html HTTP/1.0" 200 75039 "http://www.wonder-geek.com/luggages-schoolbags-leather-shop-c-31.html?page=17" "Mozilla/5.0 (Linux; Android 7.0;) AppleWebKit/537.36 (KHTML, like Gecko) Mobile Safari/537.36 (compatible; PetalBot;+https://webmaster.petalsearch.com/site/petalbot)"
66.249.64.242 - - [09/Oct/2022:15:46:16 +0200] "GET /incense-burner-sticks-ohm-p-49360.html HTTP/1.0" 301 75627 "-" "Mozilla/5.0 (Linux; Android 6.0.1; Nexus 5X Build/MMB29P) AppleWebKit/537.36 (KHTML, like Gecko) Chrome/105.0.5195.125 Mobile Safari/537.36 (compatible; Googlebot/2.1; +http://www.google.com/bot.html)"
66.249.64.244 - - [09/Oct/2022:15:46:18 +0200] "GET /incense-burner-sticks-p-49360.html HTTP/1.0" 200 75539 "-" "Mozilla/5.0 (Linux; Android 6.0.1; Nexus 5X Build/MMB29P) AppleWebKit/537.36 (KHTML, like Gecko) Chrome/105.0.5195.125 Mobile Safari/537.36 (compatible; Googlebot/2.1; +http://www.google.com/bot.html)"
5.161.133.43 - - [09/Oct/2022:15:46:24 +0200] "GET /images/mini_prod/DSCN7544.jpg HTTP/1.0" 200 264 "-" "Mozilla/5.0 (X11; Ubuntu; Linux x86_64; rv:72.0) Gecko/20100101 Firefox/72.0"
185.191.171.19 - - [09/Oct/2022:15:46:29 +0200] "GET /-p-33567.html?action=add_product HTTP/1.0" 302 476 "-" "Mozilla/5.0 (compatible; SemrushBot/7~bl; +http://www.semrush.com/bot.html)"
173.252.83.5 - - [09/Oct/2022:15:46:41 +0200] "GET /images/mini_prod/3662468005507.jpg HTTP/1.0" 200 269 "-" "facebookexternalhit/1.1 (+http://www.facebook.com/externalhit_uatext.php)"
185.191.171.6 - - [09/Oct/2022:15:46:43 +0200] "GET /round-doormat-flower-life-diameter-p-52118.html HTTP/1.0" 200 75912 "-" "Mozilla/5.0 (compatible; SemrushBot/7~bl; +http://www.semrush.com/bot.html)"
185.191.171.42 - - [09/Oct/2022:15:46:46 +0200] "GET /models-replicas-c-4_140.html?page=3 HTTP/1.0" 200 87529 "-" "Mozilla/5.0 (compatible; SemrushBot/7~bl; +http://www.semrush.com/bot.html)"
185.191.171.37 - - [09/Oct/2022:15:46:51 +0200] "GET /translucent-medusa-glass-paperweight-p-52228.html?action=add_product HTTP/1.0" 302 476 "-" "Mozilla/5.0 (compatible; SemrushBot/7~bl; +http://www.semrush.com/bot.html)"
207.46.13.149 - - [09/Oct/2022:15:47:00 +0200] "GET /images/big_prod/3609810065055.jpg HTTP/1.0" 200 268 "-" "Mozilla/5.0 (compatible; bingbot/2.0; +http://www.bing.com/bingbot.htm)"
185.191.171.7 - - [09/Oct/2022:15:47:02 +0200] "GET /kimmidoll-brush-p-43208.html?action=add_product HTTP/1.0" 302 476 "-" "Mozilla/5.0 (compatible; SemrushBot/7~bl; +http://www.semrush.com/bot.html)"
185.191.171.42 - - [09/Oct/2022:15:47:10 +0200] "GET /real-sweetheart-mickey-minnie-mouse-figurine-p-58350.html HTTP/1.0" 200 76427 "-" "Mozilla/5.0 (compatible; SemrushBot/7~bl; +http://www.semrush.com/bot.html)"
185.191.171.25 - - [09/Oct/2022:15:47:21 +0200] "GET /candy-cloud-unicorn-sugar-sprinkles-p-46642.html?action=add_product HTTP/1.0" 302 476 "-" "Mozilla/5.0 (compatible; SemrushBot/7~bl; +http://www.semrush.com/bot.html)"
114.119.133.245 - - [09/Oct/2022:15:47:25 +0200] "GET /plush-keeleco-friendly-hedgehog-p-55364.html HTTP/1.0" 200 72378 "http://www.wonder-geek.com/games-toys-c-4.html?page=9" "Mozilla/5.0 (Linux; Android 7.0;) AppleWebKit/537.36 (KHTML, like Gecko) Mobile Safari/537.36 (compatible; PetalBot;+https://webmaster.petalsearch.com/site/petalbot)"
157.55.39.28 - - [09/Oct/2022:15:47:27 +0200] "GET /distributor-chewing-gum-23-cm-p-37838.html HTTP/1.0" 301 75098 "-" "Mozilla/5.0 (compatible; bingbot/2.0; +http://www.bing.com/bingbot.htm)"
54.36.148.6 - - [09/Oct/2022:15:47:55 +0200] "GET /figurine-study-painting-mucha-p-48786.html HTTP/1.0" 200 75988 "-" "Mozilla/5.0 (compatible; AhrefsBot/7.0; +http://ahrefs.com/robot/)"
185.191.171.4 - - [09/Oct/2022:15:48:04 +0200] "GET /andalusia-tea-box-150-p-50766.html HTTP/1.0" 301 75721 "-" "Mozilla/5.0 (compatible; SemrushBot/7~bl; +http://www.semrush.com/bot.html)"
185.191.171.25 - - [09/Oct/2022:15:48:10 +0200] "GET /andalusia-p-50766.html HTTP/1.0" 200 75645 "-" "Mozilla/5.0 (compatible; SemrushBot/7~bl; +http://www.semrush.com/bot.html)"
66.249.64.244 - - [09/Oct/2022:15:48:21 +0200] "GET /avengers-lunchbox-p-37539.html HTTP/1.0" 200 72306 "-" "Mozilla/5.0 (compatible; Googlebot/2.1; +http://www.google.com/bot.html)"
185.191.171.40 - - [09/Oct/2022:15:48:31 +0200] "GET /kyoto-black-p-39303.html?action=add_product HTTP/1.0" 302 476 "-" "Mozilla/5.0 (compatible; SemrushBot/7~bl; +http://www.semrush.com/bot.html)"
185.191.171.8 - - [09/Oct/2022:15:48:37 +0200] "GET /kimmidoll-yuna-p-15902.html?action=add_product HTTP/1.0" 302 476 "-" "Mozilla/5.0 (compatible; SemrushBot/7~bl; +http://www.semrush.com/bot.html)"
51.68.224.127 - - [09/Oct/2022:15:48:37 +0200] "GET /adminweb/export_orders_xml.php?token=256de2z6edz6ed2z6DFSFsed2zed6zeDSFDSGdzedezfzf&maxorders=10&orderstart=1&status=14&start_date=2018-10-01 HTTP/1.0" 200 285 "-" "GesCom CharlotteBoutik Serveur"
51.68.224.127 - - [09/Oct/2022:15:48:37 +0200] "GET /adminweb/export_orders_xml.php?token=256de2z6edz6ed2z6DFSFsed2zed6zeDSFDSGdzedezfzf&maxorders=10&orderstart=1&status=6&start_date=2018-10-01 HTTP/1.0" 200 33985 "-" "GesCom CharlotteBoutik Serveur"
185.191.171.43 - - [09/Oct/2022:15:48:39 +0200] "GET /-p-39611.html?action=add_product HTTP/1.0" 302 476 "-" "Mozilla/5.0 (compatible; SemrushBot/7~bl; +http://www.semrush.com/bot.html)"
114.119.133.245 - - [09/Oct/2022:15:48:41 +0200] "GET /monkey-statue-resin-nothing-hear-p-44245.html HTTP/1.0" 200 72370 "http://www.wonder-geek.com/collectible-figurines-decorative-c-13_135.html?page=21" "Mozilla/5.0 (Linux; Android 7.0;) AppleWebKit/537.36 (KHTML, like Gecko) Mobile Safari/537.36 (compatible; PetalBot;+https://webmaster.petalsearch.com/site/petalbot)"
185.191.171.23 - - [09/Oct/2022:15:48:41 +0200] "GET /ours-tray-in-melamine-p-45555.html HTTP/1.0" 301 75057 "-" "Mozilla/5.0 (compatible; SemrushBot/7~bl; +http://www.semrush.com/bot.html)"
185.191.171.38 - - [09/Oct/2022:15:48:45 +0200] "GET /ours-tray-melamine-p-45555.html HTTP/1.0" 200 74972 "-" "Mozilla/5.0 (compatible; SemrushBot/7~bl; +http://www.semrush.com/bot.html)"
185.191.171.21 - - [09/Oct/2022:15:48:55 +0200] "GET /gorjuss-forget-messenger-p-28025.html?action=add_product HTTP/1.0" 302 476 "-" "Mozilla/5.0 (compatible; SemrushBot/7~bl; +http://www.semrush.com/bot.html)"
185.191.171.18 - - [09/Oct/2022:15:48:56 +0200] "GET /paris-gift-set-p-29571.html HTTP/1.0" 301 72315 "-" "Mozilla/5.0 (compatible; SemrushBot/7~bl; +http://www.semrush.com/bot.html)"
157.55.39.28 - - [09/Oct/2022:15:48:57 +0200] "GET /-p-30943.html HTTP/1.0" 200 72248 "-" "Mozilla/5.0 (compatible; bingbot/2.0; +http://www.bing.com/bingbot.htm)"
185.191.171.43 - - [09/Oct/2022:15:49:04 +0200] "GET /cushion-cover-40-40-cm-cement-tiles-p-49958.html HTTP/1.0" 301 75868 "-" "Mozilla/5.0 (compatible; SemrushBot/7~bl; +http://www.semrush.com/bot.html)"
5.161.133.43 - - [09/Oct/2022:15:49:08 +0200] "GET /images/mini_prod/5027417019895.jpg HTTP/1.0" 200 269 "-" "Mozilla/5.0 (X11; Ubuntu; Linux x86_64; rv:72.0) Gecko/20100101 Firefox/72.0"
185.191.171.4 - - [09/Oct/2022:15:49:07 +0200] "GET /cushion-cover-cement-tiles-p-49958.html HTTP/1.0" 200 75775 "-" "Mozilla/5.0 (compatible; SemrushBot/7~bl; +http://www.semrush.com/bot.html)"
207.46.13.140 - - [09/Oct/2022:15:49:13 +0200] "GET /piggy-bank-p-52600.html HTTP/1.0" 200 74807 "-" "Mozilla/5.0 (compatible; bingbot/2.0; +http://www.bing.com/bingbot.htm)"
185.191.171.13 - - [09/Oct/2022:15:49:21 +0200] "GET /letter-wall-decor-sticker-gray-p-57795.html?action=add_product HTTP/1.0" 302 476 "-" "Mozilla/5.0 (compatible; SemrushBot/7~bl; +http://www.semrush.com/bot.html)"
173.252.83.8 - - [09/Oct/2022:15:49:48 +0200] "GET /images/mini_prod/3014627889358N.jpg HTTP/1.0" 200 270 "-" "facebookexternalhit/1.1 (+http://www.facebook.com/externalhit_uatext.php)"
173.252.83.9 - - [09/Oct/2022:15:49:53 +0200] "GET /images/mini_prod/8422015460457.jpg HTTP/1.0" 200 269 "-" "facebookexternalhit/1.1 (+http://www.facebook.com/externalhit_uatext.php)"
185.191.171.42 - - [09/Oct/2022:15:50:19 +0200] "GET /allen-tote-p-47661.html?action=add_product HTTP/1.0" 302 476 "-" "Mozilla/5.0 (compatible; SemrushBot/7~bl; +http://www.semrush.com/bot.html)"
185.191.171.12 - - [09/Oct/2022:15:50:21 +0200] "GET /-p-2931.html?action=add_product HTTP/1.0" 302 476 "-" "Mozilla/5.0 (compatible; SemrushBot/7~bl; +http://www.semrush.com/bot.html)"
66.249.64.244 - - [09/Oct/2022:15:50:27 +0200] "GET /bolster-case-brown-p-36587.html HTTP/1.0" 200 75145 "-" "Mozilla/5.0 (Linux; Android 6.0.1; Nexus 5X Build/MMB29P) AppleWebKit/537.36 (KHTML, like Gecko) Chrome/106.0.5249.91 Mobile Safari/537.36 (compatible; Googlebot/2.1; +http://www.google.com/bot.html)"
185.191.171.25 - - [09/Oct/2022:15:50:38 +0200] "GET /white-decorative-statue-p-31563.html?action=add_product HTTP/1.0" 302 476 "-" "Mozilla/5.0 (compatible; SemrushBot/7~bl; +http://www.semrush.com/bot.html)"
66.249.64.244 - - [09/Oct/2022:15:50:40 +0200] "GET /strawberry-shortcake-years-p-22143.html HTTP/1.0" 200 75029 "-" "Mozilla/5.0 (compatible; Googlebot/2.1; +http://www.google.com/bot.html)"
66.249.64.242 - - [09/Oct/2022:15:50:55 +0200] "GET /images/big_prod/8433933179376.jpg HTTP/1.0" 200 268 "-" "Googlebot-Image/1.0"
185.191.171.26 - - [09/Oct/2022:15:51:00 +0200] "GET /-p-45159.html?action=add_product HTTP/1.0" 302 476 "-" "Mozilla/5.0 (compatible; SemrushBot/7~bl; +http://www.semrush.com/bot.html)"
185.191.171.18 - - [09/Oct/2022:15:51:07 +0200] "GET /hourglass-decoration-glass-sand-glitter-p-53613.html HTTP/1.0" 200 75052 "-" "Mozilla/5.0 (compatible; SemrushBot/7~bl; +http://www.semrush.com/bot.html)"
114.119.137.45 - - [09/Oct/2022:15:51:11 +0200] "GET /small-round-table-with-earthenware-tray-p-49605.html HTTP/1.0" 200 76681 "http://www.wonder-geek.com/home-decoration-c-13.html?page=227" "Mozilla/5.0 (Linux; Android 7.0;) AppleWebKit/537.36 (KHTML, like Gecko) Mobile Safari/537.36 (compatible; PetalBot;+https://webmaster.petalsearch.com/site/petalbot)"
