167.114.209.104 - - [09/Oct/2022:03:47:18 +0200] "GET /cat-tea-ball-grey-p-38026.html HTTP/1.0" 301 74927 "-" "Mozilla/5.0 (compatible; MJ12bot/v1.4.8; http://mj12bot.com/)"
167.114.209.104 - - [09/Oct/2022:03:47:21 +0200] "GET /ball-grey-p-38026.html HTTP/1.0" 200 74851 "-" "Mozilla/5.0 (compatible; MJ12bot/v1.4.8; http://mj12bot.com/)"
167.114.209.104 - - [09/Oct/2022:03:47:24 +0200] "GET /cat-with-bow-tie-bowl-p-36410.html HTTP/1.0" 301 72315 "-" "Mozilla/5.0 (compatible; MJ12bot/v1.4.8; http://mj12bot.com/)"
167.114.209.104 - - [09/Oct/2022:03:47:26 +0200] "GET /-p-36410.html HTTP/1.0" 200 72248 "-" "Mozilla/5.0 (compatible; MJ12bot/v1.4.8; http://mj12bot.com/)"
95.91.111.111 - - [09/Oct/2022:03:47:28 +0200] "GET /robots.txt HTTP/1.0" 200 245 "-" "Mozilla/5.0 (compatible; MJ12bot/v1.4.8; http://mj12bot.com/)"
211.249.40.23 - - [09/Oct/2022:03:47:29 +0200] "GET /images/mini_prod/3453131122429.jpg HTTP/1.0" 200 269 "-" "Mozilla/5.0 (X11; Ubuntu; Linux x86_64; rv:72.0) Gecko/20100101 Firefox/72.0"
95.91.111.111 - - [09/Oct/2022:03:47:29 +0200] "GET /-p-12112.html HTTP/1.0" 200 72248 "-" "Mozilla/5.0 (compatible; MJ12bot/v1.4.8; http://mj12bot.com/)"
167.114.209.104 - - [09/Oct/2022:03:47:30 +0200] "GET /catches-dreams-diameter-of-16-cm-p-43944.html HTTP/1.0" 301 72439 "-" "Mozilla/5.0 (compatible; MJ12bot/v1.4.8; http://mj12bot.com/)"
95.91.111.111 - - [09/Oct/2022:03:47:32 +0200] "GET /-p-12116.html HTTP/1.0" 200 72248 "-" "Mozilla/5.0 (compatible; MJ12bot/v1.4.8; http://mj12bot.com/)"
167.114.209.104 - - [09/Oct/2022:03:47:34 +0200] "GET /catches-dreams-diameter-p-43944.html HTTP/1.0" 200 72349 "-" "Mozilla/5.0 (compatible; MJ12bot/v1.4.8; http://mj12bot.com/)"
95.91.111.111 - - [09/Oct/2022:03:47:35 +0200] "GET /-p-14393.html HTTP/1.0" 200 72248 "-" "Mozilla/5.0 (compatible; MJ12bot/v1.4.8; http://mj12bot.com/)"
167.114.209.104 - - [09/Oct/2022:03:47:37 +0200] "GET /catches-dreams-diameter-of-16-cm-p-43945.html HTTP/1.0" 301 72439 "-" "Mozilla/5.0 (compatible; MJ12bot/v1.4.8; http://mj12bot.com/)"
95.91.111.111 - - [09/Oct/2022:03:47:38 +0200] "GET /-p-14773.html HTTP/1.0" 200 72248 "-" "Mozilla/5.0 (compatible; MJ12bot/v1.4.8; http://mj12bot.com/)"
167.114.209.104 - - [09/Oct/2022:03:47:40 +0200] "GET /catches-dreams-diameter-p-43945.html HTTP/1.0" 200 72349 "-" "Mozilla/5.0 (compatible; MJ12bot/v1.4.8; http://mj12bot.com/)"
95.91.111.111 - - [09/Oct/2022:03:47:41 +0200] "GET /-p-14806.html HTTP/1.0" 200 72248 "-" "Mozilla/5.0 (compatible; MJ12bot/v1.4.8; http://mj12bot.com/)"
167.114.209.104 - - [09/Oct/2022:03:47:43 +0200] "GET /catches-dreams-diameter-of-32-cm-p-43946.html HTTP/1.0" 301 72315 "-" "Mozilla/5.0 (compatible; MJ12bot/v1.4.8; http://mj12bot.com/)"
95.91.111.111 - - [09/Oct/2022:03:47:44 +0200] "GET /-p-15064.html HTTP/1.0" 200 72248 "-" "Mozilla/5.0 (compatible; MJ12bot/v1.4.8; http://mj12bot.com/)"
167.114.209.104 - - [09/Oct/2022:03:47:46 +0200] "GET /-p-43946.html HTTP/1.0" 200 72248 "-" "Mozilla/5.0 (compatible; MJ12bot/v1.4.8; http://mj12bot.com/)"
95.91.111.111 - - [09/Oct/2022:03:47:47 +0200] "GET /-p-15771.html HTTP/1.0" 200 72248 "-" "Mozilla/5.0 (compatible; MJ12bot/v1.4.8; http://mj12bot.com/)"
167.114.209.104 - - [09/Oct/2022:03:47:49 +0200] "GET /catches-dreams-diameter-of-32-cm-p-43947.html HTTP/1.0" 301 72315 "-" "Mozilla/5.0 (compatible; MJ12bot/v1.4.8; http://mj12bot.com/)"
95.91.111.111 - - [09/Oct/2022:03:47:49 +0200] "GET /-p-16606.html HTTP/1.0" 200 72248 "-" "Mozilla/5.0 (compatible; MJ12bot/v1.4.8; http://mj12bot.com/)"
167.114.209.104 - - [09/Oct/2022:03:47:52 +0200] "GET /-p-43947.html HTTP/1.0" 200 72248 "-" "Mozilla/5.0 (compatible; MJ12bot/v1.4.8; http://mj12bot.com/)"
95.91.111.111 - - [09/Oct/2022:03:47:52 +0200] "GET /-p-16611.html HTTP/1.0" 200 72248 "-" "Mozilla/5.0 (compatible; MJ12bot/v1.4.8; http://mj12bot.com/)"
167.114.209.104 - - [09/Oct/2022:03:47:55 +0200] "GET /catches-dreams-diameter-of-32-cm-p-43948.html HTTP/1.0" 301 72438 "-" "Mozilla/5.0 (compatible; MJ12bot/v1.4.8; http://mj12bot.com/)"
95.91.111.111 - - [09/Oct/2022:03:47:55 +0200] "GET /-p-16613.html HTTP/1.0" 200 72248 "-" "Mozilla/5.0 (compatible; MJ12bot/v1.4.8; http://mj12bot.com/)"
54.36.148.255 - - [09/Oct/2022:03:47:56 +0200] "GET /lighting-c-13_86.html?page=28 HTTP/1.0" 200 81049 "-" "Mozilla/5.0 (compatible; AhrefsBot/7.0; +http://ahrefs.com/robot/)"
167.114.209.104 - - [09/Oct/2022:03:47:59 +0200] "GET /catches-dreams-diameter-p-43948.html HTTP/1.0" 200 72348 "-" "Mozilla/5.0 (compatible; MJ12bot/v1.4.8; http://mj12bot.com/)"
95.91.111.111 - - [09/Oct/2022:03:47:59 +0200] "GET /-p-17003.html HTTP/1.0" 200 72248 "-" "Mozilla/5.0 (compatible; MJ12bot/v1.4.8; http://mj12bot.com/)"
95.91.111.111 - - [09/Oct/2022:03:48:02 +0200] "GET /-p-17332.html HTTP/1.0" 200 72248 "-" "Mozilla/5.0 (compatible; MJ12bot/v1.4.8; http://mj12bot.com/)"
167.114.209.104 - - [09/Oct/2022:03:48:02 +0200] "GET /catches-dreams-diameter-of-32-cm-p-43950.html HTTP/1.0" 301 72315 "-" "Mozilla/5.0 (compatible; MJ12bot/v1.4.8; http://mj12bot.com/)"
95.91.111.111 - - [09/Oct/2022:03:48:05 +0200] "GET /-p-17853.html HTTP/1.0" 200 72248 "-" "Mozilla/5.0 (compatible; MJ12bot/v1.4.8; http://mj12bot.com/)"
167.114.209.104 - - [09/Oct/2022:03:48:07 +0200] "GET /-p-43950.html HTTP/1.0" 200 72248 "-" "Mozilla/5.0 (compatible; MJ12bot/v1.4.8; http://mj12bot.com/)"
95.91.111.111 - - [09/Oct/2022:03:48:08 +0200] "GET /-p-18682.html HTTP/1.0" 200 72248 "-" "Mozilla/5.0 (compatible; MJ12bot/v1.4.8; http://mj12bot.com/)"
185.191.171.5 - - [09/Oct/2022:03:48:09 +0200] "GET /egyptian-anubis-statue-resin-p-46611.html?action=add_product HTTP/1.0" 302 476 "-" "Mozilla/5.0 (compatible; SemrushBot/7~bl; +http://www.semrush.com/bot.html)"
95.91.111.111 - - [09/Oct/2022:03:48:10 +0200] "GET /-p-19233.html HTTP/1.0" 200 72248 "-" "Mozilla/5.0 (compatible; MJ12bot/v1.4.8; http://mj12bot.com/)"
185.191.171.3 - - [09/Oct/2022:03:48:13 +0200] "GET /story-poster-p-32265.html?action=add_product HTTP/1.0" 301 476 "-" "Mozilla/5.0 (compatible; SemrushBot/7~bl; +http://www.semrush.com/bot.html)"
95.91.111.111 - - [09/Oct/2022:03:48:13 +0200] "GET /-p-19282.html HTTP/1.0" 200 72248 "-" "Mozilla/5.0 (compatible; MJ12bot/v1.4.8; http://mj12bot.com/)"
95.91.111.111 - - [09/Oct/2022:03:48:16 +0200] "GET /-p-19823.html HTTP/1.0" 200 72248 "-" "Mozilla/5.0 (compatible; MJ12bot/v1.4.8; http://mj12bot.com/)"
95.91.111.111 - - [09/Oct/2022:03:48:19 +0200] "GET /-p-19831.html HTTP/1.0" 200 72248 "-" "Mozilla/5.0 (compatible; MJ12bot/v1.4.8; http://mj12bot.com/)"
95.91.111.111 - - [09/Oct/2022:03:48:22 +0200] "GET /-p-19833.html HTTP/1.0" 200 72248 "-" "Mozilla/5.0 (compatible; MJ12bot/v1.4.8; http://mj12bot.com/)"
95.91.111.111 - - [09/Oct/2022:03:48:24 +0200] "GET /-p-19834.html HTTP/1.0" 200 72248 "-" "Mozilla/5.0 (compatible; MJ12bot/v1.4.8; http://mj12bot.com/)"
95.91.111.111 - - [09/Oct/2022:03:48:27 +0200] "GET /-p-19835.html HTTP/1.0" 200 72248 "-" "Mozilla/5.0 (compatible; MJ12bot/v1.4.8; http://mj12bot.com/)"
185.191.171.6 - - [09/Oct/2022:03:48:27 +0200] "GET /statuette-jesus-christ-sacred-heart-p-53195.html HTTP/1.0" 200 72390 "-" "Mozilla/5.0 (compatible; SemrushBot/7~bl; +http://www.semrush.com/bot.html)"
20.99.153.51 - - [09/Oct/2022:03:48:30 +0200] "GET /images/mini_prod/3453131147309.jpg HTTP/1.0" 200 269 "-" "Googlebot-Image/1.0"
95.91.111.111 - - [09/Oct/2022:03:48:30 +0200] "GET /-p-20542.html HTTP/1.0" 200 72248 "-" "Mozilla/5.0 (compatible; MJ12bot/v1.4.8; http://mj12bot.com/)"
95.91.111.111 - - [09/Oct/2022:03:48:33 +0200] "GET /-p-20608.html HTTP/1.0" 200 72248 "-" "Mozilla/5.0 (compatible; MJ12bot/v1.4.8; http://mj12bot.com/)"
185.191.171.3 - - [09/Oct/2022:03:48:39 +0200] "GET /pucca-p-22264.html?action=add_product HTTP/1.0" 302 476 "-" "Mozilla/5.0 (compatible; SemrushBot/7~bl; +http://www.semrush.com/bot.html)"
167.114.209.104 - - [09/Oct/2022:03:48:39 +0200] "GET /catches-dreams-diameter-of-32-cm-p-43951.html HTTP/1.0" 301 72315 "-" "Mozilla/5.0 (compatible; MJ12bot/v1.4.8; http://mj12bot.com/)"
95.91.111.111 - - [09/Oct/2022:03:48:40 +0200] "GET /-p-21434.html HTTP/1.0" 200 72248 "-" "Mozilla/5.0 (compatible; MJ12bot/v1.4.8; http://mj12bot.com/)"
167.114.209.104 - - [09/Oct/2022:03:48:42 +0200] "GET /-p-43951.html HTTP/1.0" 200 72248 "-" "Mozilla/5.0 (compatible; MJ12bot/v1.4.8; http://mj12bot.com/)"
95.91.111.111 - - [09/Oct/2022:03:48:44 +0200] "GET /-p-22691.html HTTP/1.0" 200 72248 "-" "Mozilla/5.0 (compatible; MJ12bot/v1.4.8; http://mj12bot.com/)"
167.114.209.104 - - [09/Oct/2022:03:48:45 +0200] "GET /catches-dreams-diameter-p-43944.html HTTP/1.0" 200 72349 "-" "Mozilla/5.0 (compatible; MJ12bot/v1.4.8; http://mj12bot.com/)"
95.91.111.111 - - [09/Oct/2022:03:48:46 +0200] "GET /-p-23144.html HTTP/1.0" 200 72248 "-" "Mozilla/5.0 (compatible; MJ12bot/v1.4.8; http://mj12bot.com/)"
167.114.209.104 - - [09/Oct/2022:03:48:48 +0200] "GET /catches-dreams-diameter-p-43945.html HTTP/1.0" 200 72349 "-" "Mozilla/5.0 (compatible; MJ12bot/v1.4.8; http://mj12bot.com/)"
95.91.111.111 - - [09/Oct/2022:03:48:49 +0200] "GET /-p-23588.html HTTP/1.0" 200 72248 "-" "Mozilla/5.0 (compatible; MJ12bot/v1.4.8; http://mj12bot.com/)"
167.114.209.104 - - [09/Oct/2022:03:48:52 +0200] "GET /catches-dreams-diameter-p-43946.html HTTP/1.0" 301 72315 "-" "Mozilla/5.0 (compatible; MJ12bot/v1.4.8; http://mj12bot.com/)"
95.91.111.111 - - [09/Oct/2022:03:48:52 +0200] "GET /-p-23589.html HTTP/1.0" 200 72248 "-" "Mozilla/5.0 (compatible; MJ12bot/v1.4.8; http://mj12bot.com/)"
185.191.171.2 - - [09/Oct/2022:03:48:52 +0200] "GET /pairs-socks-size-p-25679.html?action=add_product HTTP/1.0" 301 476 "-" "Mozilla/5.0 (compatible; SemrushBot/7~bl; +http://www.semrush.com/bot.html)"
95.91.111.111 - - [09/Oct/2022:03:48:55 +0200] "GET /-p-23591.html HTTP/1.0" 200 72248 "-" "Mozilla/5.0 (compatible; MJ12bot/v1.4.8; http://mj12bot.com/)"
167.114.209.104 - - [09/Oct/2022:03:48:55 +0200] "GET /-p-43946.html HTTP/1.0" 200 72248 "-" "Mozilla/5.0 (compatible; MJ12bot/v1.4.8; http://mj12bot.com/)"
95.91.111.111 - - [09/Oct/2022:03:48:57 +0200] "GET /-p-24276.html HTTP/1.0" 200 72248 "-" "Mozilla/5.0 (compatible; MJ12bot/v1.4.8; http://mj12bot.com/)"
167.114.209.104 - - [09/Oct/2022:03:48:59 +0200] "GET /catches-dreams-diameter-p-43947.html HTTP/1.0" 301 72315 "-" "Mozilla/5.0 (compatible; MJ12bot/v1.4.8; http://mj12bot.com/)"
185.191.171.5 - - [09/Oct/2022:03:49:01 +0200] "GET /gourmandise-joli-dfaut-little-tray-p-42088.html?action=add_product HTTP/1.0" 302 476 "-" "Mozilla/5.0 (compatible; SemrushBot/7~bl; +http://www.semrush.com/bot.html)"
95.91.111.111 - - [09/Oct/2022:03:49:00 +0200] "GET /-p-24457.html HTTP/1.0" 200 72248 "-" "Mozilla/5.0 (compatible; MJ12bot/v1.4.8; http://mj12bot.com/)"
167.114.209.104 - - [09/Oct/2022:03:49:02 +0200] "GET /-p-43947.html HTTP/1.0" 200 72248 "-" "Mozilla/5.0 (compatible; MJ12bot/v1.4.8; http://mj12bot.com/)"
95.91.111.111 - - [09/Oct/2022:03:49:03 +0200] "GET /-p-24544.html HTTP/1.0" 200 72248 "-" "Mozilla/5.0 (compatible; MJ12bot/v1.4.8; http://mj12bot.com/)"
167.114.209.104 - - [09/Oct/2022:03:49:06 +0200] "GET /catches-dreams-diameter-p-43948.html HTTP/1.0" 200 72348 "-" "Mozilla/5.0 (compatible; MJ12bot/v1.4.8; http://mj12bot.com/)"
95.91.111.111 - - [09/Oct/2022:03:49:06 +0200] "GET /-p-24571.html HTTP/1.0" 200 72248 "-" "Mozilla/5.0 (compatible; MJ12bot/v1.4.8; http://mj12bot.com/)"
185.191.171.36 - - [09/Oct/2022:03:49:07 +0200] "GET /round-jute-carpet-p-56665.html?action=add_product HTTP/1.0" 302 476 "-" "Mozilla/5.0 (compatible; SemrushBot/7~bl; +http://www.semrush.com/bot.html)"
95.91.111.111 - - [09/Oct/2022:03:49:09 +0200] "GET /-p-24581.html HTTP/1.0" 200 72248 "-" "Mozilla/5.0 (compatible; MJ12bot/v1.4.8; http://mj12bot.com/)"
167.114.209.104 - - [09/Oct/2022:03:49:09 +0200] "GET /catches-dreams-diameter-p-43950.html HTTP/1.0" 301 72315 "-" "Mozilla/5.0 (compatible; MJ12bot/v1.4.8; http://mj12bot.com/)"
95.91.111.111 - - [09/Oct/2022:03:49:11 +0200] "GET /-p-24970.html HTTP/1.0" 200 72248 "-" "Mozilla/5.0 (compatible; MJ12bot/v1.4.8; http://mj12bot.com/)"
167.114.209.104 - - [09/Oct/2022:03:49:12 +0200] "GET /-p-43950.html HTTP/1.0" 200 72248 "-" "Mozilla/5.0 (compatible; MJ12bot/v1.4.8; http://mj12bot.com/)"
95.91.111.111 - - [09/Oct/2022:03:49:14 +0200] "GET /-p-24973.html HTTP/1.0" 200 72248 "-" "Mozilla/5.0 (compatible; MJ12bot/v1.4.8; http://mj12bot.com/)"
185.191.171.25 - - [09/Oct/2022:03:49:15 +0200] "GET /atlas-statue-p-40913.html?action=add_product HTTP/1.0" 302 476 "-" "Mozilla/5.0 (compatible; SemrushBot/7~bl; +http://www.semrush.com/bot.html)"
167.114.209.104 - - [09/Oct/2022:03:49:16 +0200] "GET /catches-dreams-diameter-p-43951.html HTTP/1.0" 301 72315 "-" "Mozilla/5.0 (compatible; MJ12bot/v1.4.8; http://mj12bot.com/)"
95.91.111.111 - - [09/Oct/2022:03:49:17 +0200] "GET /-p-24976.html HTTP/1.0" 200 72248 "-" "Mozilla/5.0 (compatible; MJ12bot/v1.4.8; http://mj12bot.com/)"
167.114.209.104 - - [09/Oct/2022:03:49:19 +0200] "GET /-p-43951.html HTTP/1.0" 200 72248 "-" "Mozilla/5.0 (compatible; MJ12bot/v1.4.8; http://mj12bot.com/)"
95.91.111.111 - - [09/Oct/2022:03:49:21 +0200] "GET /-p-25906.html HTTP/1.0" 200 72248 "-" "Mozilla/5.0 (compatible; MJ12bot/v1.4.8; http://mj12bot.com/)"
54.36.149.36 - - [09/Oct/2022:03:49:20 +0200] "GET /lighting-c-13_86.html?page=24 HTTP/1.0" 200 81049 "-" "Mozilla/5.0 (compatible; AhrefsBot/7.0; +http://ahrefs.com/robot/)"
185.191.171.40 - - [09/Oct/2022:03:49:23 +0200] "GET /polar-blanket-wildcat-p-52354.html HTTP/1.0" 301 72315 "-" "Mozilla/5.0 (compatible; SemrushBot/7~bl; +http://www.semrush.com/bot.html)"
167.114.209.104 - - [09/Oct/2022:03:49:23 +0200] "GET /catkitchen-towels-45-60-cm-p-43902.html HTTP/1.0" 301 74970 "-" "Mozilla/5.0 (compatible; MJ12bot/v1.4.8; http://mj12bot.com/)"
95.91.111.111 - - [09/Oct/2022:03:49:23 +0200] "GET /-p-26267.html HTTP/1.0" 200 72248 "-" "Mozilla/5.0 (compatible; MJ12bot/v1.4.8; http://mj12bot.com/)"
185.191.171.45 - - [09/Oct/2022:03:49:26 +0200] "GET /beatles-storage-p-5111.html?action=add_product HTTP/1.0" 301 476 "-" "Mozilla/5.0 (compatible; SemrushBot/7~bl; +http://www.semrush.com/bot.html)"
185.191.171.24 - - [09/Oct/2022:03:49:28 +0200] "GET /little-toiletry-p-43393.html?action=add_product HTTP/1.0" 302 476 "-" "Mozilla/5.0 (compatible; SemrushBot/7~bl; +http://www.semrush.com/bot.html)"
167.114.209.104 - - [09/Oct/2022:03:49:27 +0200] "GET /catkitchen-towels-p-43902.html HTTP/1.0" 200 74886 "-" "Mozilla/5.0 (compatible; MJ12bot/v1.4.8; http://mj12bot.com/)"
95.91.111.111 - - [09/Oct/2022:03:49:27 +0200] "GET /-p-26361.html HTTP/1.0" 200 72248 "-" "Mozilla/5.0 (compatible; MJ12bot/v1.4.8; http://mj12bot.com/)"
95.91.111.111 - - [09/Oct/2022:03:49:30 +0200] "GET /-p-26909.html HTTP/1.0" 200 72248 "-" "Mozilla/5.0 (compatible; MJ12bot/v1.4.8; http://mj12bot.com/)"
185.191.171.18 - - [09/Oct/2022:03:49:30 +0200] "GET /games-and-toys-c-4.html?page=3 HTTP/1.0" 301 94449 "-" "Mozilla/5.0 (compatible; SemrushBot/7~bl; +http://www.semrush.com/bot.html)"
167.114.209.104 - - [09/Oct/2022:03:49:30 +0200] "GET /catkitchen-towels-p-43902.html HTTP/1.0" 200 74886 "-" "Mozilla/5.0 (compatible; MJ12bot/v1.4.8; http://mj12bot.com/)"
66.249.64.242 - - [09/Oct/2022:03:49:33 +0200] "GET /zippo-outdoor-utility-lighter-p-29793.html HTTP/1.0" 200 75411 "-" "Mozilla/5.0 (compatible; Googlebot/2.1; +http://www.google.com/bot.html)"
95.91.111.111 - - [09/Oct/2022:03:49:33 +0200] "GET /-p-27219.html HTTP/1.0" 200 72248 "-" "Mozilla/5.0 (compatible; MJ12bot/v1.4.8; http://mj12bot.com/)"
185.191.171.26 - - [09/Oct/2022:03:49:33 +0200] "GET /large-tassen-porcelain-mood-bowl-made-germany-p-43271.html HTTP/1.0" 200 75081 "-" "Mozilla/5.0 (compatible; SemrushBot/7~bl; +http://www.semrush.com/bot.html)"
167.114.209.104 - - [09/Oct/2022:03:49:34 +0200] "GET /cats-bowl-p-45495.html HTTP/1.0" 301 72315 "-" "Mozilla/5.0 (compatible; MJ12bot/v1.4.8; http://mj12bot.com/)"
95.91.111.111 - - [09/Oct/2022:03:49:35 +0200] "GET /-p-27513.html HTTP/1.0" 200 72248 "-" "Mozilla/5.0 (compatible; MJ12bot/v1.4.8; http://mj12bot.com/)"
167.114.209.104 - - [09/Oct/2022:03:49:37 +0200] "GET /-p-45495.html HTTP/1.0" 200 72248 "-" "Mozilla/5.0 (compatible; MJ12bot/v1.4.8; http://mj12bot.com/)"
185.191.171.8 - - [09/Oct/2022:03:49:37 +0200] "GET /fitted-sheet-dark-grey-140-200-cm-p-43578.html HTTP/1.0" 301 75882 "-" "Mozilla/5.0 (compatible; SemrushBot/7~bl; +http://www.semrush.com/bot.html)"
95.91.111.111 - - [09/Oct/2022:03:49:38 +0200] "GET /-p-27539.html HTTP/1.0" 200 72248 "-" "Mozilla/5.0 (compatible; MJ12bot/v1.4.8; http://mj12bot.com/)"
95.91.111.111 - - [09/Oct/2022:03:49:41 +0200] "GET /-p-27544.html HTTP/1.0" 200 72248 "-" "Mozilla/5.0 (compatible; MJ12bot/v1.4.8; http://mj12bot.com/)"
167.114.209.104 - - [09/Oct/2022:03:49:41 +0200] "GET /cats-bowl-p-45496.html HTTP/1.0" 200 74754 "-" "Mozilla/5.0 (compatible; MJ12bot/v1.4.8; http://mj12bot.com/)"
185.191.171.10 - - [09/Oct/2022:03:49:42 +0200] "GET /fitted-sheet-dark-grey-p-43578.html HTTP/1.0" 200 75793 "-" "Mozilla/5.0 (compatible; SemrushBot/7~bl; +http://www.semrush.com/bot.html)"
167.114.209.104 - - [09/Oct/2022:03:49:44 +0200] "GET /cats-by-dubout-bowl-p-40057.html HTTP/1.0" 301 74910 "-" "Mozilla/5.0 (compatible; MJ12bot/v1.4.8; http://mj12bot.com/)"
66.249.64.244 - - [09/Oct/2022:03:49:44 +0200] "GET /merci-gustave-minnie-miss-liberty-mug-p-34905.html HTTP/1.0" 301 75122 "-" "Mozilla/5.0 (Linux; Android 6.0.1; Nexus 5X Build/MMB29P) AppleWebKit/537.36 (KHTML, like Gecko) Chrome/105.0.5195.125 Mobile Safari/537.36 (compatible; Googlebot/2.1; +http://www.google.com/bot.html)"
93.158.161.6 - - [09/Oct/2022:03:49:46 +0200] "GET /images/big_prod/3609810042902.jpg HTTP/1.0" 200 268 "-" "Mozilla/5.0 (compatible; YandexImages/3.0; +http://yandex.com/bots)"
95.91.111.111 - - [09/Oct/2022:03:49:45 +0200] "GET /-p-27598.html HTTP/1.0" 200 72248 "-" "Mozilla/5.0 (compatible; MJ12bot/v1.4.8; http://mj12bot.com/)"
66.249.64.242 - - [09/Oct/2022:03:49:46 +0200] "GET /merci-gustave-minnie-miss-liberty-p-34905.html HTTP/1.0" 200 75022 "-" "Mozilla/5.0 (Linux; Android 6.0.1; Nexus 5X Build/MMB29P) AppleWebKit/537.36 (KHTML, like Gecko) Chrome/105.0.5195.125 Mobile Safari/537.36 (compatible; Googlebot/2.1; +http://www.google.com/bot.html)"
185.191.171.24 - - [09/Oct/2022:03:49:47 +0200] "GET /games-toys-c-4.html?page=3 HTTP/1.0" 200 94369 "-" "Mozilla/5.0 (compatible; SemrushBot/7~bl; +http://www.semrush.com/bot.html)"
167.114.209.104 - - [09/Oct/2022:03:49:48 +0200] "GET /cats-dubout-bowl-p-40057.html HTTP/1.0" 200 74827 "-" "Mozilla/5.0 (compatible; MJ12bot/v1.4.8; http://mj12bot.com/)"
95.91.111.111 - - [09/Oct/2022:03:49:48 +0200] "GET /-p-27794.html HTTP/1.0" 200 72248 "-" "Mozilla/5.0 (compatible; MJ12bot/v1.4.8; http://mj12bot.com/)"
95.91.111.111 - - [09/Oct/2022:03:49:51 +0200] "GET /-p-28505.html HTTP/1.0" 200 72248 "-" "Mozilla/5.0 (compatible; MJ12bot/v1.4.8; http://mj12bot.com/)"
185.191.171.23 - - [09/Oct/2022:03:49:51 +0200] "GET /-p-52354.html HTTP/1.0" 200 72248 "-" "Mozilla/5.0 (compatible; SemrushBot/7~bl; +http://www.semrush.com/bot.html)"
167.114.209.104 - - [09/Oct/2022:03:49:51 +0200] "GET /cats-by-dubout-large-bowl-p-40052.html HTTP/1.0" 301 74971 "-" "Mozilla/5.0 (compatible; MJ12bot/v1.4.8; http://mj12bot.com/)"
95.91.111.111 - - [09/Oct/2022:03:49:53 +0200] "GET /-p-28506.html HTTP/1.0" 200 72248 "-" "Mozilla/5.0 (compatible; MJ12bot/v1.4.8; http://mj12bot.com/)"
167.114.209.104 - - [09/Oct/2022:03:49:54 +0200] "GET /cats-dubout-large-bowl-p-40052.html HTTP/1.0" 200 74882 "-" "Mozilla/5.0 (compatible; MJ12bot/v1.4.8; http://mj12bot.com/)"
95.91.111.111 - - [09/Oct/2022:03:49:56 +0200] "GET /-p-28507.html HTTP/1.0" 200 72248 "-" "Mozilla/5.0 (compatible; MJ12bot/v1.4.8; http://mj12bot.com/)"
167.114.209.104 - - [09/Oct/2022:03:49:58 +0200] "GET /cats-by-dubout-large-bowl-p-40054.html HTTP/1.0" 301 74971 "-" "Mozilla/5.0 (compatible; MJ12bot/v1.4.8; http://mj12bot.com/)"
95.91.111.111 - - [09/Oct/2022:03:49:59 +0200] "GET /-p-28696.html HTTP/1.0" 200 72248 "-" "Mozilla/5.0 (compatible; MJ12bot/v1.4.8; http://mj12bot.com/)"
167.114.209.104 - - [09/Oct/2022:03:50:01 +0200] "GET /cats-dubout-large-bowl-p-40054.html HTTP/1.0" 200 74882 "-" "Mozilla/5.0 (compatible; MJ12bot/v1.4.8; http://mj12bot.com/)"
95.91.111.111 - - [09/Oct/2022:03:50:02 +0200] "GET /-p-28744.html HTTP/1.0" 200 72248 "-" "Mozilla/5.0 (compatible; MJ12bot/v1.4.8; http://mj12bot.com/)"
167.114.209.104 - - [09/Oct/2022:03:50:05 +0200] "GET /cats-by-dubout-paper-towel-dispenser-p-40039.html HTTP/1.0" 301 75058 "-" "Mozilla/5.0 (compatible; MJ12bot/v1.4.8; http://mj12bot.com/)"
95.91.111.111 - - [09/Oct/2022:03:50:05 +0200] "GET /-p-28746.html HTTP/1.0" 200 72248 "-" "Mozilla/5.0 (compatible; MJ12bot/v1.4.8; http://mj12bot.com/)"
66.249.64.244 - - [09/Oct/2022:03:50:08 +0200] "GET /images/mini_prod/8422019680851.jpg HTTP/1.0" 200 269 "-" "Googlebot-Image/1.0"
95.91.111.111 - - [09/Oct/2022:03:50:08 +0200] "GET /-p-28773.html HTTP/1.0" 200 72248 "-" "Mozilla/5.0 (compatible; MJ12bot/v1.4.8; http://mj12bot.com/)"
167.114.209.104 - - [09/Oct/2022:03:50:08 +0200] "GET /cats-dubout-paper-towel-dispenser-p-40039.html HTTP/1.0" 200 74958 "-" "Mozilla/5.0 (compatible; MJ12bot/v1.4.8; http://mj12bot.com/)"
95.91.111.111 - - [09/Oct/2022:03:50:11 +0200] "GET /-p-28840.html HTTP/1.0" 200 72248 "-" "Mozilla/5.0 (compatible; MJ12bot/v1.4.8; http://mj12bot.com/)"
207.46.13.138 - - [09/Oct/2022:03:50:14 +0200] "GET /images/photo-026c.jpg HTTP/1.0" 200 256 "-" "Mozilla/5.0 (compatible; bingbot/2.0; +http://www.bing.com/bingbot.htm)"
95.91.111.111 - - [09/Oct/2022:03:50:14 +0200] "GET /-p-28841.html HTTP/1.0" 200 72248 "-" "Mozilla/5.0 (compatible; MJ12bot/v1.4.8; http://mj12bot.com/)"
95.91.111.111 - - [09/Oct/2022:03:50:16 +0200] "GET /-p-28842.html HTTP/1.0" 200 72248 "-" "Mozilla/5.0 (compatible; MJ12bot/v1.4.8; http://mj12bot.com/)"
185.191.171.42 - - [09/Oct/2022:03:50:17 +0200] "GET /hello-kitty-bedside-lamp-p-13490.html HTTP/1.0" 301 72315 "-" "Mozilla/5.0 (compatible; SemrushBot/7~bl; +http://www.semrush.com/bot.html)"
95.91.111.111 - - [09/Oct/2022:03:50:19 +0200] "GET /-p-28947.html HTTP/1.0" 200 72248 "-" "Mozilla/5.0 (compatible; MJ12bot/v1.4.8; http://mj12bot.com/)"
185.191.171.24 - - [09/Oct/2022:03:50:20 +0200] "GET /-p-13490.html HTTP/1.0" 200 72248 "-" "Mozilla/5.0 (compatible; SemrushBot/7~bl; +http://www.semrush.com/bot.html)"
95.91.111.111 - - [09/Oct/2022:03:50:22 +0200] "GET /-p-29572.html HTTP/1.0" 200 72248 "-" "Mozilla/5.0 (compatible; MJ12bot/v1.4.8; http://mj12bot.com/)"
167.114.209.104 - - [09/Oct/2022:03:50:22 +0200] "GET /cats-by-dubout-paper-towel-dispenser-p-40041.html HTTP/1.0" 301 72315 "-" "Mozilla/5.0 (compatible; MJ12bot/v1.4.8; http://mj12bot.com/)"
95.91.111.111 - - [09/Oct/2022:03:50:25 +0200] "GET /-p-30037.html HTTP/1.0" 200 72248 "-" "Mozilla/5.0 (compatible; MJ12bot/v1.4.8; http://mj12bot.com/)"
167.114.209.104 - - [09/Oct/2022:03:50:25 +0200] "GET /-p-40041.html HTTP/1.0" 200 72248 "-" "Mozilla/5.0 (compatible; MJ12bot/v1.4.8; http://mj12bot.com/)"
95.91.111.111 - - [09/Oct/2022:03:50:27 +0200] "GET /-p-30234.html HTTP/1.0" 200 72248 "-" "Mozilla/5.0 (compatible; MJ12bot/v1.4.8; http://mj12bot.com/)"
167.114.209.104 - - [09/Oct/2022:03:50:29 +0200] "GET /cats-by-dubout-pie-dish-p-40058.html HTTP/1.0" 301 74939 "-" "Mozilla/5.0 (compatible; MJ12bot/v1.4.8; http://mj12bot.com/)"
95.91.111.111 - - [09/Oct/2022:03:50:30 +0200] "GET /-p-30318.html HTTP/1.0" 200 72248 "-" "Mozilla/5.0 (compatible; MJ12bot/v1.4.8; http://mj12bot.com/)"
47.94.243.250 - - [09/Oct/2022:03:50:33 +0200] "GET /images/mini_prod/070209_191201_PEEL_gnVzFs.jpg HTTP/1.0" 200 281 "-" "Mozilla/5.0 (Macintosh; Intel Mac OS X 10_15_7) AppleWebKit/537.36 (KHTML, like Gecko) Chrome/105.0.0.0 Safari/537.36"
167.114.209.104 - - [09/Oct/2022:03:50:32 +0200] "GET /cats-dubout-dish-p-40058.html HTTP/1.0" 200 74856 "-" "Mozilla/5.0 (compatible; MJ12bot/v1.4.8; http://mj12bot.com/)"
95.91.111.111 - - [09/Oct/2022:03:50:33 +0200] "GET /-p-30401.html HTTP/1.0" 200 72248 "-" "Mozilla/5.0 (compatible; MJ12bot/v1.4.8; http://mj12bot.com/)"
167.114.209.104 - - [09/Oct/2022:03:50:35 +0200] "GET /cats-by-dubout-set-of-coasters-p-40037.html HTTP/1.0" 301 72315 "-" "Mozilla/5.0 (compatible; MJ12bot/v1.4.8; http://mj12bot.com/)"
95.91.111.111 - - [09/Oct/2022:03:50:36 +0200] "GET /-p-30540.html HTTP/1.0" 200 72248 "-" "Mozilla/5.0 (compatible; MJ12bot/v1.4.8; http://mj12bot.com/)"
167.114.209.104 - - [09/Oct/2022:03:50:38 +0200] "GET /-p-40037.html HTTP/1.0" 200 72248 "-" "Mozilla/5.0 (compatible; MJ12bot/v1.4.8; http://mj12bot.com/)"
95.91.111.111 - - [09/Oct/2022:03:50:39 +0200] "GET /-p-30541.html HTTP/1.0" 200 72248 "-" "Mozilla/5.0 (compatible; MJ12bot/v1.4.8; http://mj12bot.com/)"
167.114.209.104 - - [09/Oct/2022:03:50:42 +0200] "GET /cats-by-dubout-set-of-coasters-p-40038.html HTTP/1.0" 301 72429 "-" "Mozilla/5.0 (compatible; MJ12bot/v1.4.8; http://mj12bot.com/)"
95.91.111.111 - - [09/Oct/2022:03:50:43 +0200] "GET /-p-30548.html HTTP/1.0" 200 72248 "-" "Mozilla/5.0 (compatible; MJ12bot/v1.4.8; http://mj12bot.com/)"
167.114.209.104 - - [09/Oct/2022:03:50:45 +0200] "GET /cats-dubout-coasters-p-40038.html HTTP/1.0" 200 72342 "-" "Mozilla/5.0 (compatible; MJ12bot/v1.4.8; http://mj12bot.com/)"
66.249.64.242 - - [09/Oct/2022:03:50:46 +0200] "GET /zippo-outdoor-utility-lighter-p-29793.html HTTP/1.0" 200 75411 "-" "Mozilla/5.0 (Linux; Android 6.0.1; Nexus 5X Build/MMB29P) AppleWebKit/537.36 (KHTML, like Gecko) Chrome/106.0.5249.103 Mobile Safari/537.36 (compatible; Googlebot/2.1; +http://www.google.com/bot.html)"
185.191.171.8 - - [09/Oct/2022:03:50:49 +0200] "GET /brian-bear-plush-beige-water-bottle-p-57520.html?action=add_product HTTP/1.0" 302 476 "-" "Mozilla/5.0 (compatible; SemrushBot/7~bl; +http://www.semrush.com/bot.html)"
167.114.209.104 - - [09/Oct/2022:03:50:48 +0200] "GET /cats-dubout-bowl-p-40057.html HTTP/1.0" 200 74827 "-" "Mozilla/5.0 (compatible; MJ12bot/v1.4.8; http://mj12bot.com/)"
54.36.148.92 - - [09/Oct/2022:03:50:52 +0200] "GET /iron-statue-candy-p-30912.html HTTP/1.0" 200 74975 "-" "Mozilla/5.0 (compatible; AhrefsBot/7.0; +http://ahrefs.com/robot/)"
167.114.209.104 - - [09/Oct/2022:03:50:53 +0200] "GET /cats-dubout-coasters-p-40037.html HTTP/1.0" 301 72315 "-" "Mozilla/5.0 (compatible; MJ12bot/v1.4.8; http://mj12bot.com/)"
95.91.111.111 - - [09/Oct/2022:03:50:54 +0200] "GET /-p-30607.html HTTP/1.0" 200 72248 "-" "Mozilla/5.0 (compatible; MJ12bot/v1.4.8; http://mj12bot.com/)"
167.114.209.104 - - [09/Oct/2022:03:50:56 +0200] "GET /-p-40037.html HTTP/1.0" 200 72248 "-" "Mozilla/5.0 (compatible; MJ12bot/v1.4.8; http://mj12bot.com/)"
95.91.111.111 - - [09/Oct/2022:03:50:57 +0200] "GET /-p-30626.html HTTP/1.0" 200 72248 "-" "Mozilla/5.0 (compatible; MJ12bot/v1.4.8; http://mj12bot.com/)"
185.191.171.45 - - [09/Oct/2022:03:50:57 +0200] "GET /guns-roses-phone-cover-for-iphone-p-11511.html HTTP/1.0" 301 75218 "-" "Mozilla/5.0 (compatible; SemrushBot/7~bl; +http://www.semrush.com/bot.html)"
95.91.111.111 - - [09/Oct/2022:03:50:59 +0200] "GET /-p-30746.html HTTP/1.0" 200 72248 "-" "Mozilla/5.0 (compatible; MJ12bot/v1.4.8; http://mj12bot.com/)"
185.191.171.2 - - [09/Oct/2022:03:51:01 +0200] "GET /elephant-bird-lamp-p-56061.html?action=add_product HTTP/1.0" 302 476 "-" "Mozilla/5.0 (compatible; SemrushBot/7~bl; +http://www.semrush.com/bot.html)"
167.114.209.104 - - [09/Oct/2022:03:51:00 +0200] "GET /cats-dubout-coasters-p-40038.html HTTP/1.0" 200 72342 "-" "Mozilla/5.0 (compatible; MJ12bot/v1.4.8; http://mj12bot.com/)"
95.91.111.111 - - [09/Oct/2022:03:51:02 +0200] "GET /-p-31016.html HTTP/1.0" 200 72248 "-" "Mozilla/5.0 (compatible; MJ12bot/v1.4.8; http://mj12bot.com/)"
167.114.209.104 - - [09/Oct/2022:03:51:04 +0200] "GET /cats-dubout-cotton-kitchen-apron-made-france-p-36641.html HTTP/1.0" 200 72474 "-" "Mozilla/5.0 (compatible; MJ12bot/v1.4.8; http://mj12bot.com/)"
95.91.111.111 - - [09/Oct/2022:03:51:05 +0200] "GET /-p-31017.html HTTP/1.0" 200 72248 "-" "Mozilla/5.0 (compatible; MJ12bot/v1.4.8; http://mj12bot.com/)"
167.114.209.104 - - [09/Oct/2022:03:51:08 +0200] "GET /cats-dubout-cotton-kitchen-apron-made-in-france-p-36641.html HTTP/1.0" 301 72585 "-" "Mozilla/5.0 (compatible; MJ12bot/v1.4.8; http://mj12bot.com/)"
185.191.171.13 - - [09/Oct/2022:03:51:08 +0200] "GET /guns-roses-phone-cover-iphone-p-11511.html HTTP/1.0" 200 75122 "-" "Mozilla/5.0 (compatible; SemrushBot/7~bl; +http://www.semrush.com/bot.html)"
95.91.111.111 - - [09/Oct/2022:03:51:08 +0200] "GET /-p-31097.html HTTP/1.0" 200 72248 "-" "Mozilla/5.0 (compatible; MJ12bot/v1.4.8; http://mj12bot.com/)"
167.114.209.104 - - [09/Oct/2022:03:51:11 +0200] "GET /cats-dubout-cotton-kitchen-apron-made-france-p-36641.html HTTP/1.0" 200 72474 "-" "Mozilla/5.0 (compatible; MJ12bot/v1.4.8; http://mj12bot.com/)"
95.91.111.111 - - [09/Oct/2022:03:51:12 +0200] "GET /-p-31109.html HTTP/1.0" 200 72248 "-" "Mozilla/5.0 (compatible; MJ12bot/v1.4.8; http://mj12bot.com/)"
185.191.171.35 - - [09/Oct/2022:03:51:13 +0200] "GET /aromatic-burner-flowers-green-p-56900.html?action=add_product HTTP/1.0" 302 476 "-" "Mozilla/5.0 (compatible; SemrushBot/7~bl; +http://www.semrush.com/bot.html)"
95.91.111.111 - - [09/Oct/2022:03:51:14 +0200] "GET /-p-31110.html HTTP/1.0" 200 72248 "-" "Mozilla/5.0 (compatible; MJ12bot/v1.4.8; http://mj12bot.com/)"
167.114.209.104 - - [09/Oct/2022:03:51:15 +0200] "GET /cats-dubout-dish-p-40058.html HTTP/1.0" 200 74856 "-" "Mozilla/5.0 (compatible; MJ12bot/v1.4.8; http://mj12bot.com/)"
66.249.64.242 - - [09/Oct/2022:03:51:18 +0200] "GET /images/big_prod_1/1384010201701D.jpg HTTP/1.0" 200 271 "-" "Googlebot-Image/1.0"
185.191.171.20 - - [09/Oct/2022:03:51:18 +0200] "GET /gorjuss-classic-stripe-large-shoulder-hatter-p-43183.html?action=add_product HTTP/1.0" 302 476 "-" "Mozilla/5.0 (compatible; SemrushBot/7~bl; +http://www.semrush.com/bot.html)"
95.91.111.111 - - [09/Oct/2022:03:51:17 +0200] "GET /-p-31111.html HTTP/1.0" 200 72248 "-" "Mozilla/5.0 (compatible; MJ12bot/v1.4.8; http://mj12bot.com/)"
167.114.209.104 - - [09/Oct/2022:03:51:18 +0200] "GET /cats-dubout-large-bowl-p-40052.html HTTP/1.0" 200 74882 "-" "Mozilla/5.0 (compatible; MJ12bot/v1.4.8; http://mj12bot.com/)"
95.91.111.111 - - [09/Oct/2022:03:51:20 +0200] "GET /-p-31211.html HTTP/1.0" 200 72248 "-" "Mozilla/5.0 (compatible; MJ12bot/v1.4.8; http://mj12bot.com/)"
167.114.209.104 - - [09/Oct/2022:03:51:22 +0200] "GET /cats-dubout-large-bowl-p-40054.html HTTP/1.0" 200 74882 "-" "Mozilla/5.0 (compatible; MJ12bot/v1.4.8; http://mj12bot.com/)"
95.91.111.111 - - [09/Oct/2022:03:51:23 +0200] "GET /-p-31325.html HTTP/1.0" 200 72248 "-" "Mozilla/5.0 (compatible; MJ12bot/v1.4.8; http://mj12bot.com/)"
95.91.111.111 - - [09/Oct/2022:03:51:26 +0200] "GET /-p-31655.html HTTP/1.0" 200 72248 "-" "Mozilla/5.0 (compatible; MJ12bot/v1.4.8; http://mj12bot.com/)"
95.91.111.111 - - [09/Oct/2022:03:51:29 +0200] "GET /-p-31671.html HTTP/1.0" 200 72248 "-" "Mozilla/5.0 (compatible; MJ12bot/v1.4.8; http://mj12bot.com/)"
95.91.111.111 - - [09/Oct/2022:03:51:31 +0200] "GET /-p-31714.html HTTP/1.0" 200 72248 "-" "Mozilla/5.0 (compatible; MJ12bot/v1.4.8; http://mj12bot.com/)"
95.91.111.111 - - [09/Oct/2022:03:51:34 +0200] "GET /-p-31767.html HTTP/1.0" 200 72248 "-" "Mozilla/5.0 (compatible; MJ12bot/v1.4.8; http://mj12bot.com/)"
95.91.111.111 - - [09/Oct/2022:03:51:37 +0200] "GET /-p-32187.html HTTP/1.0" 200 72248 "-" "Mozilla/5.0 (compatible; MJ12bot/v1.4.8; http://mj12bot.com/)"
167.114.209.104 - - [09/Oct/2022:03:51:38 +0200] "GET /cats-dubout-paper-towel-dispenser-p-40039.html HTTP/1.0" 200 74958 "-" "Mozilla/5.0 (compatible; MJ12bot/v1.4.8; http://mj12bot.com/)"
95.91.111.111 - - [09/Oct/2022:03:51:40 +0200] "GET /-p-32189.html HTTP/1.0" 200 72248 "-" "Mozilla/5.0 (compatible; MJ12bot/v1.4.8; http://mj12bot.com/)"
167.114.209.104 - - [09/Oct/2022:03:51:42 +0200] "GET /cats-dubout-paper-towel-dispenser-p-40041.html HTTP/1.0" 301 72315 "-" "Mozilla/5.0 (compatible; MJ12bot/v1.4.8; http://mj12bot.com/)"
95.91.111.111 - - [09/Oct/2022:03:51:44 +0200] "GET /-p-32190.html HTTP/1.0" 200 72248 "-" "Mozilla/5.0 (compatible; MJ12bot/v1.4.8; http://mj12bot.com/)"
167.114.209.104 - - [09/Oct/2022:03:51:45 +0200] "GET /-p-40041.html HTTP/1.0" 200 72248 "-" "Mozilla/5.0 (compatible; MJ12bot/v1.4.8; http://mj12bot.com/)"
95.91.111.111 - - [09/Oct/2022:03:51:47 +0200] "GET /-p-32278.html HTTP/1.0" 200 72248 "-" "Mozilla/5.0 (compatible; MJ12bot/v1.4.8; http://mj12bot.com/)"
167.114.209.104 - - [09/Oct/2022:03:51:48 +0200] "GET /cats-dubout-placemat-p-40081.html HTTP/1.0" 200 74914 "-" "Mozilla/5.0 (compatible; MJ12bot/v1.4.8; http://mj12bot.com/)"
95.91.111.111 - - [09/Oct/2022:03:51:49 +0200] "GET /-p-32508.html HTTP/1.0" 200 72248 "-" "Mozilla/5.0 (compatible; MJ12bot/v1.4.8; http://mj12bot.com/)"
167.114.209.104 - - [09/Oct/2022:03:51:51 +0200] "GET /cats-dubout-placemat-p-40082.html HTTP/1.0" 200 74914 "-" "Mozilla/5.0 (compatible; MJ12bot/v1.4.8; http://mj12bot.com/)"
167.114.209.104 - - [09/Oct/2022:03:51:56 +0200] "GET /cats-dubout-placemat-p-40084.html HTTP/1.0" 200 72318 "-" "Mozilla/5.0 (compatible; MJ12bot/v1.4.8; http://mj12bot.com/)"
66.249.64.242 - - [09/Oct/2022:03:52:00 +0200] "GET /images/big_prod_1/3520071772820a.jpg HTTP/1.0" 200 271 "-" "Googlebot-Image/1.0"
167.114.209.104 - - [09/Oct/2022:03:51:59 +0200] "GET /cats-family-ceramic-dish-p-37403.html HTTP/1.0" 200 72371 "-" "Mozilla/5.0 (compatible; MJ12bot/v1.4.8; http://mj12bot.com/)"
167.114.209.104 - - [09/Oct/2022:03:52:02 +0200] "GET /cats-family-ceramic-pie-dish-p-37403.html HTTP/1.0" 301 72462 "-" "Mozilla/5.0 (compatible; MJ12bot/v1.4.8; http://mj12bot.com/)"
167.114.209.104 - - [09/Oct/2022:03:52:05 +0200] "GET /cats-family-ceramic-dish-p-37403.html HTTP/1.0" 200 72371 "-" "Mozilla/5.0 (compatible; MJ12bot/v1.4.8; http://mj12bot.com/)"
167.114.209.104 - - [09/Oct/2022:03:52:09 +0200] "GET /christmas-balls-first-christmas-p-56873.html HTTP/1.0" 200 76052 "-" "Mozilla/5.0 (compatible; MJ12bot/v1.4.8; http://mj12bot.com/)"
185.191.171.42 - - [09/Oct/2022:03:52:09 +0200] "GET /chi-pencil-pot-p-40952.html HTTP/1.0" 301 74869 "-" "Mozilla/5.0 (compatible; SemrushBot/7~bl; +http://www.semrush.com/bot.html)"
167.114.209.104 - - [09/Oct/2022:03:52:12 +0200] "GET /city-with-infuser-model-p-54154.html HTTP/1.0" 200 74955 "-" "Mozilla/5.0 (compatible; MJ12bot/v1.4.8; http://mj12bot.com/)"
185.191.171.22 - - [09/Oct/2022:03:52:13 +0200] "GET /pencil-p-40952.html HTTP/1.0" 200 74796 "-" "Mozilla/5.0 (compatible; SemrushBot/7~bl; +http://www.semrush.com/bot.html)"
167.114.209.104 - - [09/Oct/2022:03:52:15 +0200] "GET /cushion-cover-dandelion-p-55152.html HTTP/1.0" 200 72332 "-" "Mozilla/5.0 (compatible; MJ12bot/v1.4.8; http://mj12bot.com/)"
54.36.148.186 - - [09/Oct/2022:03:52:15 +0200] "GET /decoration-long-ethnic-mask-aged-gold-look-p-49879.html HTTP/1.0" 200 75786 "-" "Mozilla/5.0 (compatible; AhrefsBot/7.0; +http://ahrefs.com/robot/)"
167.114.209.104 - - [09/Oct/2022:03:52:19 +0200] "GET /deco-thermometer-p-17003.html HTTP/1.0" 301 72315 "-" "Mozilla/5.0 (compatible; MJ12bot/v1.4.8; http://mj12bot.com/)"
167.114.209.104 - - [09/Oct/2022:03:52:23 +0200] "GET /-p-17003.html HTTP/1.0" 200 72248 "-" "Mozilla/5.0 (compatible; MJ12bot/v1.4.8; http://mj12bot.com/)"
167.114.209.104 - - [09/Oct/2022:03:52:26 +0200] "GET /deer-wall-stickers-p-51127.html HTTP/1.0" 200 75732 "-" "Mozilla/5.0 (compatible; MJ12bot/v1.4.8; http://mj12bot.com/)"
167.114.209.104 - - [09/Oct/2022:03:52:29 +0200] "GET /dinosaur-nightlight-p-53130.html HTTP/1.0" 200 76492 "-" "Mozilla/5.0 (compatible; MJ12bot/v1.4.8; http://mj12bot.com/)"
185.191.171.6 - - [09/Oct/2022:03:52:32 +0200] "GET /guardian-angel-first-communion-p-56857.html?action=add_product HTTP/1.0" 302 476 "-" "Mozilla/5.0 (compatible; SemrushBot/7~bl; +http://www.semrush.com/bot.html)"
167.114.209.104 - - [09/Oct/2022:03:52:32 +0200] "GET /eagle-white-shirt-p-34206.html HTTP/1.0" 200 76796 "-" "Mozilla/5.0 (compatible; MJ12bot/v1.4.8; http://mj12bot.com/)"
167.114.209.104 - - [09/Oct/2022:03:52:36 +0200] "GET /firefighters-night-light-p-58496.html HTTP/1.0" 200 76038 "-" "Mozilla/5.0 (compatible; MJ12bot/v1.4.8; http://mj12bot.com/)"
167.114.209.104 - - [09/Oct/2022:03:52:39 +0200] "GET /guardian-angel-first-communion-p-56857.html HTTP/1.0" 200 72358 "-" "Mozilla/5.0 (compatible; MJ12bot/v1.4.8; http://mj12bot.com/)"
185.191.171.17 - - [09/Oct/2022:03:52:40 +0200] "GET /vespa-mini-yellow-flashlight-and-keychain-p-18630.html HTTP/1.0" 301 72498 "-" "Mozilla/5.0 (compatible; SemrushBot/7~bl; +http://www.semrush.com/bot.html)"
167.114.209.104 - - [09/Oct/2022:03:52:42 +0200] "GET /hanging-panel-p-43867.html HTTP/1.0" 301 72315 "-" "Mozilla/5.0 (compatible; MJ12bot/v1.4.8; http://mj12bot.com/)"
185.191.171.45 - - [09/Oct/2022:03:52:42 +0200] "GET /vespa-mini-yellow-flashlight-keychain-p-18630.html HTTP/1.0" 200 72394 "-" "Mozilla/5.0 (compatible; SemrushBot/7~bl; +http://www.semrush.com/bot.html)"
167.114.209.104 - - [09/Oct/2022:03:52:46 +0200] "GET /-p-43867.html HTTP/1.0" 200 72248 "-" "Mozilla/5.0 (compatible; MJ12bot/v1.4.8; http://mj12bot.com/)"
167.114.209.104 - - [09/Oct/2022:03:52:49 +0200] "GET /hanging-panel-p-43869.html HTTP/1.0" 301 72315 "-" "Mozilla/5.0 (compatible; MJ12bot/v1.4.8; http://mj12bot.com/)"
167.114.209.104 - - [09/Oct/2022:03:52:52 +0200] "GET /-p-43869.html HTTP/1.0" 200 72248 "-" "Mozilla/5.0 (compatible; MJ12bot/v1.4.8; http://mj12bot.com/)"
43.130.59.85 - - [09/Oct/2022:03:52:58 +0200] "GET /images/mini_prod/3660173185552.jpg HTTP/1.0" 200 269 "-" "Mozilla/5.0 (X11; Ubuntu; Linux x86_64; rv:72.0) Gecko/20100101 Firefox/72.0"
167.114.209.104 - - [09/Oct/2022:03:53:00 +0200] "GET /kitchen-towel-p-44414.html HTTP/1.0" 200 74882 "-" "Mozilla/5.0 (compatible; MJ12bot/v1.4.8; http://mj12bot.com/)"
185.191.171.45 - - [09/Oct/2022:03:53:02 +0200] "GET /urss-training-bottle-by-cbkreation-p-24337.html HTTP/1.0" 301 75315 "-" "Mozilla/5.0 (compatible; SemrushBot/7~bl; +http://www.semrush.com/bot.html)"
167.114.209.104 - - [09/Oct/2022:03:53:03 +0200] "GET /kitten-glass-clock-p-26361.html HTTP/1.0" 301 72315 "-" "Mozilla/5.0 (compatible; MJ12bot/v1.4.8; http://mj12bot.com/)"
185.191.171.15 - - [09/Oct/2022:03:53:06 +0200] "GET /white-hen-figurine-decorative-small-model-p-34550.html HTTP/1.0" 301 72502 "-" "Mozilla/5.0 (compatible; SemrushBot/7~bl; +http://www.semrush.com/bot.html)"
167.114.209.104 - - [09/Oct/2022:03:53:07 +0200] "GET /-p-26361.html HTTP/1.0" 200 72248 "-" "Mozilla/5.0 (compatible; MJ12bot/v1.4.8; http://mj12bot.com/)"
185.191.171.43 - - [09/Oct/2022:03:53:09 +0200] "GET /white-figurine-decorative-small-model-p-34550.html HTTP/1.0" 200 72398 "-" "Mozilla/5.0 (compatible; SemrushBot/7~bl; +http://www.semrush.com/bot.html)"
167.114.209.104 - - [09/Oct/2022:03:53:10 +0200] "GET /kitten-metal-pencil-p-33365.html HTTP/1.0" 301 72315 "-" "Mozilla/5.0 (compatible; MJ12bot/v1.4.8; http://mj12bot.com/)"
185.191.171.37 - - [09/Oct/2022:03:53:11 +0200] "GET /urss-training-bottle-cbkreation-p-24337.html HTTP/1.0" 200 75217 "-" "Mozilla/5.0 (compatible; SemrushBot/7~bl; +http://www.semrush.com/bot.html)"
167.114.209.104 - - [09/Oct/2022:03:53:13 +0200] "GET /-p-33365.html HTTP/1.0" 200 72248 "-" "Mozilla/5.0 (compatible; MJ12bot/v1.4.8; http://mj12bot.com/)"
185.191.171.17 - - [09/Oct/2022:03:53:14 +0200] "GET /mickey-mouse-swimsuit-p-30575.html HTTP/1.0" 200 76056 "-" "Mozilla/5.0 (compatible; SemrushBot/7~bl; +http://www.semrush.com/bot.html)"
167.114.209.104 - - [09/Oct/2022:03:53:17 +0200] "GET /kitten-metal-pencil-pot-p-33365.html HTTP/1.0" 301 72315 "-" "Mozilla/5.0 (compatible; MJ12bot/v1.4.8; http://mj12bot.com/)"
185.191.171.35 - - [09/Oct/2022:03:53:18 +0200] "GET /tartine-bread-p-40689.html?action=add_product HTTP/1.0" 301 476 "-" "Mozilla/5.0 (compatible; SemrushBot/7~bl; +http://www.semrush.com/bot.html)"
167.114.209.104 - - [09/Oct/2022:03:53:21 +0200] "GET /-p-33365.html HTTP/1.0" 200 72248 "-" "Mozilla/5.0 (compatible; MJ12bot/v1.4.8; http://mj12bot.com/)"
185.191.171.21 - - [09/Oct/2022:03:53:24 +0200] "GET /charmmy-kitty-pink-clutch-p-24279.html?action=add_product HTTP/1.0" 302 476 "-" "Mozilla/5.0 (compatible; SemrushBot/7~bl; +http://www.semrush.com/bot.html)"
167.114.209.104 - - [09/Oct/2022:03:53:24 +0200] "GET /kitten-mug-p-27598.html HTTP/1.0" 301 72315 "-" "Mozilla/5.0 (compatible; MJ12bot/v1.4.8; http://mj12bot.com/)"
167.114.209.104 - - [09/Oct/2022:03:53:28 +0200] "GET /-p-27598.html HTTP/1.0" 200 72248 "-" "Mozilla/5.0 (compatible; MJ12bot/v1.4.8; http://mj12bot.com/)"
185.191.171.35 - - [09/Oct/2022:03:53:29 +0200] "GET /gorjuss-coaster-rainbow-heaven-p-47739.html HTTP/1.0" 200 72344 "-" "Mozilla/5.0 (compatible; SemrushBot/7~bl; +http://www.semrush.com/bot.html)"
167.114.209.104 - - [09/Oct/2022:03:53:31 +0200] "GET /kitten-p-27598.html HTTP/1.0" 301 72315 "-" "Mozilla/5.0 (compatible; MJ12bot/v1.4.8; http://mj12bot.com/)"
185.191.171.16 - - [09/Oct/2022:03:53:32 +0200] "GET /athena-statuette-in-bronze-aspect-resin-p-52834.html HTTP/1.0" 301 75162 "-" "Mozilla/5.0 (compatible; SemrushBot/7~bl; +http://www.semrush.com/bot.html)"
167.114.209.104 - - [09/Oct/2022:03:53:33 +0200] "GET /-p-27598.html HTTP/1.0" 200 72248 "-" "Mozilla/5.0 (compatible; MJ12bot/v1.4.8; http://mj12bot.com/)"
185.191.171.11 - - [09/Oct/2022:03:53:35 +0200] "GET /gift-box-tea-infuser-mug-mandala-purple-p-46304.html HTTP/1.0" 301 76423 "-" "Mozilla/5.0 (compatible; SemrushBot/7~bl; +http://www.semrush.com/bot.html)"
185.191.171.5 - - [09/Oct/2022:03:53:39 +0200] "GET /saint-peregrine-prayer-candle-novena-p-58242.html?action=add_product HTTP/1.0" 302 476 "-" "Mozilla/5.0 (compatible; SemrushBot/7~bl; +http://www.semrush.com/bot.html)"
185.191.171.5 - - [09/Oct/2022:03:53:41 +0200] "GET /gift-infuser-mandala-purple-p-46304.html HTTP/1.0" 200 76329 "-" "Mozilla/5.0 (compatible; SemrushBot/7~bl; +http://www.semrush.com/bot.html)"
54.36.148.18 - - [09/Oct/2022:03:53:43 +0200] "GET /garage-service-station-metal-wall-decoration-p-44440.html HTTP/1.0" 200 75113 "-" "Mozilla/5.0 (compatible; AhrefsBot/7.0; +http://ahrefs.com/robot/)"
167.114.209.104 - - [09/Oct/2022:03:53:44 +0200] "GET /kittens-and-hen-tray-p-33519.html HTTP/1.0" 301 72315 "-" "Mozilla/5.0 (compatible; MJ12bot/v1.4.8; http://mj12bot.com/)"
185.191.171.12 - - [09/Oct/2022:03:53:44 +0200] "GET /athena-statuette-bronze-aspect-resin-p-52834.html HTTP/1.0" 200 75059 "-" "Mozilla/5.0 (compatible; SemrushBot/7~bl; +http://www.semrush.com/bot.html)"
185.191.171.20 - - [09/Oct/2022:03:53:48 +0200] "GET /saucer-kitten-pile-books-p-57313.html?action=add_product HTTP/1.0" 302 476 "-" "Mozilla/5.0 (compatible; SemrushBot/7~bl; +http://www.semrush.com/bot.html)"
167.114.209.104 - - [09/Oct/2022:03:53:47 +0200] "GET /-p-33519.html HTTP/1.0" 200 72248 "-" "Mozilla/5.0 (compatible; MJ12bot/v1.4.8; http://mj12bot.com/)"
167.114.209.104 - - [09/Oct/2022:03:53:51 +0200] "GET /koala-nightlight-p-53123.html HTTP/1.0" 200 72310 "-" "Mozilla/5.0 (compatible; MJ12bot/v1.4.8; http://mj12bot.com/)"
167.114.209.104 - - [09/Oct/2022:03:53:54 +0200] "GET /kori-kumi-glasses-box-p-30482.html HTTP/1.0" 301 75603 "-" "Mozilla/5.0 (compatible; MJ12bot/v1.4.8; http://mj12bot.com/)"
51.68.224.127 - - [09/Oct/2022:03:53:56 +0200] "GET /adminweb/export_orders_xml.php?token=256de2z6edz6ed2z6DFSFsed2zed6zeDSFDSGdzedezfzf&maxorders=10&orderstart=1&status=14&start_date=2018-10-01 HTTP/1.0" 200 285 "-" "GesCom CharlotteBoutik Serveur"
51.68.224.127 - - [09/Oct/2022:03:53:57 +0200] "GET /adminweb/export_orders_xml.php?token=256de2z6edz6ed2z6DFSFsed2zed6zeDSFDSGdzedezfzf&maxorders=10&orderstart=1&status=6&start_date=2018-10-01 HTTP/1.0" 200 33985 "-" "GesCom CharlotteBoutik Serveur"
167.114.209.104 - - [09/Oct/2022:03:53:56 +0200] "GET /kori-kumi-glasses-p-30482.html HTTP/1.0" 200 75519 "-" "Mozilla/5.0 (compatible; MJ12bot/v1.4.8; http://mj12bot.com/)"
167.114.209.104 - - [09/Oct/2022:03:53:59 +0200] "GET /kori-kumi-glasses-p-30482.html HTTP/1.0" 200 75519 "-" "Mozilla/5.0 (compatible; MJ12bot/v1.4.8; http://mj12bot.com/)"
185.191.171.5 - - [09/Oct/2022:03:54:01 +0200] "GET /pusheenwinter-ornament-p-41645.html?action=add_product HTTP/1.0" 302 476 "-" "Mozilla/5.0 (compatible; SemrushBot/7~bl; +http://www.semrush.com/bot.html)"
167.114.209.104 - - [09/Oct/2022:03:54:03 +0200] "GET /ladybug-umbrella-p-28773.html HTTP/1.0" 301 72315 "-" "Mozilla/5.0 (compatible; MJ12bot/v1.4.8; http://mj12bot.com/)"
167.114.209.104 - - [09/Oct/2022:03:54:05 +0200] "GET /-p-28773.html HTTP/1.0" 200 72248 "-" "Mozilla/5.0 (compatible; MJ12bot/v1.4.8; http://mj12bot.com/)"
163.220.128.41 - - [09/Oct/2022:03:54:08 +0200] "GET /images/mini_prod/1399984259146.jpg HTTP/1.0" 200 269 "-" "Mozilla/5.0 (X11; Ubuntu; Linux x86_64; rv:72.0) Gecko/20100101 Firefox/72.0"
66.249.64.246 - - [09/Oct/2022:03:54:14 +0200] "GET /images/mini_prod/3700572774206.jpg HTTP/1.0" 200 269 "-" "Googlebot-Image/1.0"
167.114.209.104 - - [09/Oct/2022:03:54:18 +0200] "GET /large-bowl-p-53014.html HTTP/1.0" 200 74748 "-" "Mozilla/5.0 (compatible; MJ12bot/v1.4.8; http://mj12bot.com/)"
167.114.209.104 - - [09/Oct/2022:03:54:21 +0200] "GET /large-candle-calming-aloe-p-43771.html HTTP/1.0" 200 72382 "-" "Mozilla/5.0 (compatible; MJ12bot/v1.4.8; http://mj12bot.com/)"
167.114.209.104 - - [09/Oct/2022:03:54:25 +0200] "GET /large-candle-guardian-angel-p-43777.html HTTP/1.0" 200 72392 "-" "Mozilla/5.0 (compatible; MJ12bot/v1.4.8; http://mj12bot.com/)"
167.114.209.104 - - [09/Oct/2022:03:54:28 +0200] "GET /large-candle-rose-quartz-p-51063.html HTTP/1.0" 200 75381 "-" "Mozilla/5.0 (compatible; MJ12bot/v1.4.8; http://mj12bot.com/)"
167.114.209.104 - - [09/Oct/2022:03:54:31 +0200] "GET /large-elephant-lamp-58-cm-p-51098.html HTTP/1.0" 301 75051 "-" "Mozilla/5.0 (compatible; MJ12bot/v1.4.8; http://mj12bot.com/)"
167.114.209.104 - - [09/Oct/2022:03:54:34 +0200] "GET /large-elephant-lamp-p-51098.html HTTP/1.0" 200 74965 "-" "Mozilla/5.0 (compatible; MJ12bot/v1.4.8; http://mj12bot.com/)"
167.114.209.104 - - [09/Oct/2022:03:54:37 +0200] "GET /large-elephant-lamp-685-cm-p-51098.html HTTP/1.0" 301 75051 "-" "Mozilla/5.0 (compatible; MJ12bot/v1.4.8; http://mj12bot.com/)"
167.114.209.104 - - [09/Oct/2022:03:54:40 +0200] "GET /large-elephant-lamp-p-51098.html HTTP/1.0" 200 74965 "-" "Mozilla/5.0 (compatible; MJ12bot/v1.4.8; http://mj12bot.com/)"
167.114.209.104 - - [09/Oct/2022:03:54:43 +0200] "GET /large-elephant-lamp-p-51098.html HTTP/1.0" 200 74965 "-" "Mozilla/5.0 (compatible; MJ12bot/v1.4.8; http://mj12bot.com/)"
167.114.209.104 - - [09/Oct/2022:03:54:46 +0200] "GET /large-jar-candle-calming-aloe-p-43771.html HTTP/1.0" 301 72474 "-" "Mozilla/5.0 (compatible; MJ12bot/v1.4.8; http://mj12bot.com/)"
185.191.171.18 - - [09/Oct/2022:03:54:46 +0200] "GET /indoor-buddha-fountain-40-cm-p-47421.html HTTP/1.0" 301 75149 "-" "Mozilla/5.0 (compatible; SemrushBot/7~bl; +http://www.semrush.com/bot.html)"
167.114.209.104 - - [09/Oct/2022:03:54:49 +0200] "GET /large-candle-calming-aloe-p-43771.html HTTP/1.0" 200 72382 "-" "Mozilla/5.0 (compatible; MJ12bot/v1.4.8; http://mj12bot.com/)"
185.191.171.16 - - [09/Oct/2022:03:54:50 +0200] "GET /indoor-buddha-fountain-p-47421.html HTTP/1.0" 200 75060 "-" "Mozilla/5.0 (compatible; SemrushBot/7~bl; +http://www.semrush.com/bot.html)"
167.114.209.104 - - [09/Oct/2022:03:54:52 +0200] "GET /large-jar-candle-guardian-angel-p-43777.html HTTP/1.0" 301 72486 "-" "Mozilla/5.0 (compatible; MJ12bot/v1.4.8; http://mj12bot.com/)"
167.114.209.104 - - [09/Oct/2022:03:54:55 +0200] "GET /large-candle-guardian-angel-p-43777.html HTTP/1.0" 200 72392 "-" "Mozilla/5.0 (compatible; MJ12bot/v1.4.8; http://mj12bot.com/)"
167.114.209.104 - - [09/Oct/2022:03:54:58 +0200] "GET /large-jar-candle-rose-quartz-p-51063.html HTTP/1.0" 301 75472 "-" "Mozilla/5.0 (compatible; MJ12bot/v1.4.8; http://mj12bot.com/)"
167.114.209.104 - - [09/Oct/2022:03:55:01 +0200] "GET /large-candle-rose-quartz-p-51063.html HTTP/1.0" 200 75381 "-" "Mozilla/5.0 (compatible; MJ12bot/v1.4.8; http://mj12bot.com/)"
185.191.171.10 - - [09/Oct/2022:03:55:02 +0200] "GET /eco-responsible-rosewood-and-vanilla-candle-heart-and-home-p-52803.html HTTP/1.0" 301 76346 "-" "Mozilla/5.0 (compatible; SemrushBot/7~bl; +http://www.semrush.com/bot.html)"
147.92.153.14 - - [09/Oct/2022:03:55:01 +0200] "GET /collectible-figurines-decorative-c-13_135.html?page=4 HTTP/1.0" 200 96571 "-" "Mozilla/5.0 (compatible; Linespider/1.1; +https://lin.ee/4dwXkTH)"
167.114.209.104 - - [09/Oct/2022:03:55:04 +0200] "GET /le-chat-noir-placemat-p-41008.html HTTP/1.0" 301 72315 "-" "Mozilla/5.0 (compatible; MJ12bot/v1.4.8; http://mj12bot.com/)"
147.92.153.17 - - [09/Oct/2022:03:55:07 +0200] "GET /swfobject.js HTTP/1.0" 404 1308 "http://www.wonder-geek.com/collectible-figurines-decorative-c-13_135.html?page=4" "Mozilla/5.0 AppleWebKit/537.36 (KHTML, like Gecko; compatible; Linespider/1.1; +https://lin.ee/4dwXkTH) Chrome/101.0.4951.0 Safari/537.36, Mozilla/5.0 (compatible; Linespider/1.1; +https://lin.ee/4dwXkTH)"
185.191.171.4 - - [09/Oct/2022:03:55:06 +0200] "GET /responsible-rosewood-vanilla-candle-heart-home-p-52803.html HTTP/1.0" 200 76233 "-" "Mozilla/5.0 (compatible; SemrushBot/7~bl; +http://www.semrush.com/bot.html)"
167.114.209.104 - - [09/Oct/2022:03:55:07 +0200] "GET /-p-41008.html HTTP/1.0" 200 72248 "-" "Mozilla/5.0 (compatible; MJ12bot/v1.4.8; http://mj12bot.com/)"
167.114.209.104 - - [09/Oct/2022:03:55:10 +0200] "GET /led-alpaca-nightlight-p-53133.html HTTP/1.0" 301 72398 "-" "Mozilla/5.0 (compatible; MJ12bot/v1.4.8; http://mj12bot.com/)"
54.36.148.79 - - [09/Oct/2022:03:55:13 +0200] "GET /skull-sailor-moneybox-brown-p-32592.html HTTP/1.0" 200 74907 "-" "Mozilla/5.0 (compatible; AhrefsBot/7.0; +http://ahrefs.com/robot/)"
167.114.209.104 - - [09/Oct/2022:03:55:13 +0200] "GET /alpaca-nightlight-p-53133.html HTTP/1.0" 200 72314 "-" "Mozilla/5.0 (compatible; MJ12bot/v1.4.8; http://mj12bot.com/)"
