167.114.209.104 - - [09/Oct/2022:03:37:18 +0200] "GET /blacks-beer-glass-p-27266.html HTTP/1.0" 200 72336 "-" "Mozilla/5.0 (compatible; MJ12bot/v1.4.8; http://mj12bot.com/)"
185.191.171.41 - - [09/Oct/2022:03:37:20 +0200] "GET /-p-17316.html HTTP/1.0" 200 72248 "-" "Mozilla/5.0 (compatible; SemrushBot/7~bl; +http://www.semrush.com/bot.html)"
167.114.209.104 - - [09/Oct/2022:03:37:21 +0200] "GET /all-blacks-fountain-pen-p-30626.html HTTP/1.0" 301 72315 "-" "Mozilla/5.0 (compatible; MJ12bot/v1.4.8; http://mj12bot.com/)"
167.114.209.104 - - [09/Oct/2022:03:37:24 +0200] "GET /-p-30626.html HTTP/1.0" 200 72248 "-" "Mozilla/5.0 (compatible; MJ12bot/v1.4.8; http://mj12bot.com/)"
167.114.209.104 - - [09/Oct/2022:03:37:27 +0200] "GET /allen-cushion-p-40065.html HTTP/1.0" 301 72315 "-" "Mozilla/5.0 (compatible; MJ12bot/v1.4.8; http://mj12bot.com/)"
167.114.209.104 - - [09/Oct/2022:03:37:30 +0200] "GET /-p-40065.html HTTP/1.0" 200 72248 "-" "Mozilla/5.0 (compatible; MJ12bot/v1.4.8; http://mj12bot.com/)"
167.114.209.104 - - [09/Oct/2022:03:37:33 +0200] "GET /alpaca-nightlight-p-53133.html HTTP/1.0" 200 72314 "-" "Mozilla/5.0 (compatible; MJ12bot/v1.4.8; http://mj12bot.com/)"
167.114.209.104 - - [09/Oct/2022:03:37:36 +0200] "GET /amber-kimmi-junior-mug-p-7933.html HTTP/1.0" 301 72312 "-" "Mozilla/5.0 (compatible; MJ12bot/v1.4.8; http://mj12bot.com/)"
167.114.209.104 - - [09/Oct/2022:03:37:39 +0200] "GET /-p-7933.html HTTP/1.0" 200 72246 "-" "Mozilla/5.0 (compatible; MJ12bot/v1.4.8; http://mj12bot.com/)"
51.68.224.127 - - [09/Oct/2022:03:37:42 +0200] "GET /adminweb/export_orders_xml.php?token=256de2z6edz6ed2z6DFSFsed2zed6zeDSFDSGdzedezfzf&maxorders=10&orderstart=1&status=14&start_date=2018-10-01 HTTP/1.0" 200 285 "-" "GesCom CharlotteBoutik Serveur"
51.68.224.127 - - [09/Oct/2022:03:37:42 +0200] "GET /adminweb/export_orders_xml.php?token=256de2z6edz6ed2z6DFSFsed2zed6zeDSFDSGdzedezfzf&maxorders=10&orderstart=1&status=6&start_date=2018-10-01 HTTP/1.0" 200 33985 "-" "GesCom CharlotteBoutik Serveur"
167.114.209.104 - - [09/Oct/2022:03:37:43 +0200] "GET /angeles-lakers-p-44955.html HTTP/1.0" 200 74976 "-" "Mozilla/5.0 (compatible; MJ12bot/v1.4.8; http://mj12bot.com/)"
167.114.209.104 - - [09/Oct/2022:03:37:47 +0200] "GET /ball-beige-p-38025.html HTTP/1.0" 200 74835 "-" "Mozilla/5.0 (compatible; MJ12bot/v1.4.8; http://mj12bot.com/)"
167.114.209.104 - - [09/Oct/2022:03:37:50 +0200] "GET /ball-grey-p-38026.html HTTP/1.0" 200 74851 "-" "Mozilla/5.0 (compatible; MJ12bot/v1.4.8; http://mj12bot.com/)"
66.249.64.246 - - [09/Oct/2022:03:37:52 +0200] "GET /images/8435306246067.jpg HTTP/1.0" 200 259 "-" "Googlebot-Image/1.0"
167.114.209.104 - - [09/Oct/2022:03:37:54 +0200] "GET /bamboo-storage-boxes-p-54610.html HTTP/1.0" 200 75900 "-" "Mozilla/5.0 (compatible; MJ12bot/v1.4.8; http://mj12bot.com/)"
167.114.209.104 - - [09/Oct/2022:03:37:57 +0200] "GET /birds-meeting-fine-bone-china-p-56865.html HTTP/1.0" 200 75081 "-" "Mozilla/5.0 (compatible; MJ12bot/v1.4.8; http://mj12bot.com/)"
167.114.209.104 - - [09/Oct/2022:03:38:00 +0200] "GET /black-glass-vase-p-58087.html HTTP/1.0" 200 75722 "-" "Mozilla/5.0 (compatible; MJ12bot/v1.4.8; http://mj12bot.com/)"
43.152.67.140 - - [09/Oct/2022:03:38:05 +0200] "GET /images/mini_prod/8001011164707.jpg HTTP/1.0" 200 269 "-" "Mozilla/5.0 (Macintoosh; Intel Mac OS X 10_14_68) AppleWebKit/538.36 (KHTML, like Gecko) Chrome/76.0.3904.97 Safari/537.36"
185.191.171.36 - - [09/Oct/2022:03:38:07 +0200] "GET /stone-carnelian-grams-p-46575.html HTTP/1.0" 200 76392 "-" "Mozilla/5.0 (compatible; SemrushBot/7~bl; +http://www.semrush.com/bot.html)"
54.36.148.196 - - [09/Oct/2022:03:38:07 +0200] "GET /butterflies-orchids-sticker-p-39178.html HTTP/1.0" 200 75069 "-" "Mozilla/5.0 (compatible; AhrefsBot/7.0; +http://ahrefs.com/robot/)"
167.114.209.104 - - [09/Oct/2022:03:38:08 +0200] "GET /blacks-beer-glass-p-27266.html HTTP/1.0" 200 72336 "-" "Mozilla/5.0 (compatible; MJ12bot/v1.4.8; http://mj12bot.com/)"
167.114.209.104 - - [09/Oct/2022:03:38:14 +0200] "GET /bohemian-planter-with-resin-feet-p-58091.html HTTP/1.0" 200 75173 "-" "Mozilla/5.0 (compatible; MJ12bot/v1.4.8; http://mj12bot.com/)"
185.191.171.22 - - [09/Oct/2022:03:38:16 +0200] "GET /duvet-cover-in-cotton-percale-80-threads-140-200-cm-p-51261.html HTTP/1.0" 301 75288 "-" "Mozilla/5.0 (compatible; SemrushBot/7~bl; +http://www.semrush.com/bot.html)"
167.114.209.104 - - [09/Oct/2022:03:38:18 +0200] "GET /bowl-christmas-presents-christmas-p-56853.html HTTP/1.0" 200 75669 "-" "Mozilla/5.0 (compatible; MJ12bot/v1.4.8; http://mj12bot.com/)"
185.191.171.26 - - [09/Oct/2022:03:38:19 +0200] "GET /duvet-cover-cotton-percale-threads-p-51261.html HTTP/1.0" 200 75187 "-" "Mozilla/5.0 (compatible; SemrushBot/7~bl; +http://www.semrush.com/bot.html)"
167.114.209.104 - - [09/Oct/2022:03:38:21 +0200] "GET /britto-duck-design-numbered-limited-edition-p-44388.html HTTP/1.0" 301 72315 "-" "Mozilla/5.0 (compatible; MJ12bot/v1.4.8; http://mj12bot.com/)"
167.114.209.104 - - [09/Oct/2022:03:38:25 +0200] "GET /-p-44388.html HTTP/1.0" 200 72248 "-" "Mozilla/5.0 (compatible; MJ12bot/v1.4.8; http://mj12bot.com/)"
167.114.209.104 - - [09/Oct/2022:03:38:28 +0200] "GET /bronze-countertop-bell-95-cm-p-53023.html HTTP/1.0" 301 75020 "-" "Mozilla/5.0 (compatible; MJ12bot/v1.4.8; http://mj12bot.com/)"
167.114.209.104 - - [09/Oct/2022:03:38:31 +0200] "GET /bronze-countertop-bell-p-53023.html HTTP/1.0" 200 74931 "-" "Mozilla/5.0 (compatible; MJ12bot/v1.4.8; http://mj12bot.com/)"
167.114.209.104 - - [09/Oct/2022:03:38:35 +0200] "GET /bronze-countertop-bell-p-53023.html HTTP/1.0" 200 74931 "-" "Mozilla/5.0 (compatible; MJ12bot/v1.4.8; http://mj12bot.com/)"
185.191.171.14 - - [09/Oct/2022:03:38:35 +0200] "GET /la-table-des-copains-burlap-placemat-p-53498.html HTTP/1.0" 301 75669 "-" "Mozilla/5.0 (compatible; SemrushBot/7~bl; +http://www.semrush.com/bot.html)"
167.114.209.104 - - [09/Oct/2022:03:38:39 +0200] "GET /brown-sloth-jewelry-holder-p-48883.html HTTP/1.0" 200 72342 "-" "Mozilla/5.0 (compatible; MJ12bot/v1.4.8; http://mj12bot.com/)"
185.191.171.24 - - [09/Oct/2022:03:38:40 +0200] "GET /table-copains-burlap-placemat-p-53498.html HTTP/1.0" 200 75573 "-" "Mozilla/5.0 (compatible; SemrushBot/7~bl; +http://www.semrush.com/bot.html)"
167.114.209.104 - - [09/Oct/2022:03:38:42 +0200] "GET /buddha-canvas-frame-40-40-cm-p-39965.html HTTP/1.0" 301 72422 "-" "Mozilla/5.0 (compatible; MJ12bot/v1.4.8; http://mj12bot.com/)"
167.114.209.104 - - [09/Oct/2022:03:38:45 +0200] "GET /buddha-canvas-frame-p-39965.html HTTP/1.0" 200 72336 "-" "Mozilla/5.0 (compatible; MJ12bot/v1.4.8; http://mj12bot.com/)"
185.191.171.34 - - [09/Oct/2022:03:38:48 +0200] "GET /robots.txt HTTP/1.0" 200 245 "-" "Mozilla/5.0 (compatible; SemrushBot/7~bl; +http://www.semrush.com/bot.html)"
185.191.171.14 - - [09/Oct/2022:03:38:49 +0200] "GET /wood-mtal-elephant-statuette-p-44705.html?action=add_product HTTP/1.0" 302 476 "-" "Mozilla/5.0 (compatible; SemrushBot/7~bl; +http://www.semrush.com/bot.html)"
167.114.209.104 - - [09/Oct/2022:03:38:49 +0200] "GET /buddha-canvas-frame-p-39965.html HTTP/1.0" 200 72336 "-" "Mozilla/5.0 (compatible; MJ12bot/v1.4.8; http://mj12bot.com/)"
167.114.209.104 - - [09/Oct/2022:03:38:54 +0200] "GET /buddha-rectangulary-cushion-cbkreation-p-36373.html HTTP/1.0" 301 72315 "-" "Mozilla/5.0 (compatible; MJ12bot/v1.4.8; http://mj12bot.com/)"
167.114.209.104 - - [09/Oct/2022:03:38:57 +0200] "GET /-p-36373.html HTTP/1.0" 200 72248 "-" "Mozilla/5.0 (compatible; MJ12bot/v1.4.8; http://mj12bot.com/)"
185.191.171.6 - - [09/Oct/2022:03:38:57 +0200] "GET /bamboo-fiber-plant-cover-p-58909.html?action=add_product HTTP/1.0" 302 476 "-" "Mozilla/5.0 (compatible; SemrushBot/7~bl; +http://www.semrush.com/bot.html)"
185.191.171.38 - - [09/Oct/2022:03:39:01 +0200] "GET /little-prince-exupery-little-tray-p-55866.html?action=add_product HTTP/1.0" 302 476 "-" "Mozilla/5.0 (compatible; SemrushBot/7~bl; +http://www.semrush.com/bot.html)"
167.114.209.104 - - [09/Oct/2022:03:39:00 +0200] "GET /buddha-resin-gold-statue-10-cm-not-say-p-38078.html HTTP/1.0" 301 72315 "-" "Mozilla/5.0 (compatible; MJ12bot/v1.4.8; http://mj12bot.com/)"
18.191.220.75 - - [09/Oct/2022:03:39:04 +0200] "GET /images/mini_prod/5050293803975.jpg HTTP/1.0" 200 269 "-" "Mozilla/5.0 (X11; Ubuntu; Linux x86_64; rv:72.0) Gecko/20100101 Firefox/72.0"
167.114.209.104 - - [09/Oct/2022:03:39:03 +0200] "GET /-p-38078.html HTTP/1.0" 200 72248 "-" "Mozilla/5.0 (compatible; MJ12bot/v1.4.8; http://mj12bot.com/)"
167.114.209.104 - - [09/Oct/2022:03:39:07 +0200] "GET /buddha-resin-gold-statue-10-cm-not-see-p-38079.html HTTP/1.0" 301 72315 "-" "Mozilla/5.0 (compatible; MJ12bot/v1.4.8; http://mj12bot.com/)"
77.88.5.245 - - [09/Oct/2022:03:39:07 +0200] "GET /top-model-wedding-album-coloring-p-18767.html HTTP/1.0" 301 72315 "-" "Mozilla/5.0 (compatible; YandexBot/3.0; +http://yandex.com/bots)"
207.46.13.140 - - [09/Oct/2022:03:39:10 +0200] "GET /images/big_prod/3014627558919.jpg HTTP/1.0" 200 268 "-" "Mozilla/5.0 (compatible; bingbot/2.0; +http://www.bing.com/bingbot.htm)"
167.114.209.104 - - [09/Oct/2022:03:39:11 +0200] "GET /-p-38079.html HTTP/1.0" 200 72248 "-" "Mozilla/5.0 (compatible; MJ12bot/v1.4.8; http://mj12bot.com/)"
77.88.5.245 - - [09/Oct/2022:03:39:11 +0200] "GET /-p-18767.html HTTP/1.0" 200 72248 "-" "Mozilla/5.0 (compatible; YandexBot/3.0; +http://yandex.com/bots)"
167.114.209.104 - - [09/Oct/2022:03:39:14 +0200] "GET /buddha-resin-gold-statue-p-38078.html HTTP/1.0" 301 72315 "-" "Mozilla/5.0 (compatible; MJ12bot/v1.4.8; http://mj12bot.com/)"
167.114.209.104 - - [09/Oct/2022:03:39:17 +0200] "GET /-p-38078.html HTTP/1.0" 200 72248 "-" "Mozilla/5.0 (compatible; MJ12bot/v1.4.8; http://mj12bot.com/)"
167.114.209.104 - - [09/Oct/2022:03:39:20 +0200] "GET /buddha-resin-gold-statue-p-38079.html HTTP/1.0" 301 72315 "-" "Mozilla/5.0 (compatible; MJ12bot/v1.4.8; http://mj12bot.com/)"
167.114.209.104 - - [09/Oct/2022:03:39:23 +0200] "GET /-p-38079.html HTTP/1.0" 200 72248 "-" "Mozilla/5.0 (compatible; MJ12bot/v1.4.8; http://mj12bot.com/)"
167.114.209.104 - - [09/Oct/2022:03:39:26 +0200] "GET /buddha-resin-silver-statue-18-cm-p-37581.html HTTP/1.0" 301 72480 "-" "Mozilla/5.0 (compatible; MJ12bot/v1.4.8; http://mj12bot.com/)"
54.36.148.55 - - [09/Oct/2022:03:39:28 +0200] "GET /lighting-c-13_86.html?page=25 HTTP/1.0" 200 81049 "-" "Mozilla/5.0 (compatible; AhrefsBot/7.0; +http://ahrefs.com/robot/)"
167.114.209.104 - - [09/Oct/2022:03:39:30 +0200] "GET /buddha-resin-silver-statue-p-37581.html HTTP/1.0" 200 72387 "-" "Mozilla/5.0 (compatible; MJ12bot/v1.4.8; http://mj12bot.com/)"
167.114.209.104 - - [09/Oct/2022:03:39:34 +0200] "GET /buddha-resin-silver-statue-p-37581.html HTTP/1.0" 200 72387 "-" "Mozilla/5.0 (compatible; MJ12bot/v1.4.8; http://mj12bot.com/)"
185.191.171.10 - - [09/Oct/2022:03:39:37 +0200] "GET /royal-pains-prince-john-and-sir-hiss-robin-hood-figurine-p-36171.html HTTP/1.0" 301 72315 "-" "Mozilla/5.0 (compatible; SemrushBot/7~bl; +http://www.semrush.com/bot.html)"
167.114.209.104 - - [09/Oct/2022:03:39:38 +0200] "GET /buddha-standing-deco-lamp-p-34287.html HTTP/1.0" 301 72315 "-" "Mozilla/5.0 (compatible; MJ12bot/v1.4.8; http://mj12bot.com/)"
185.191.171.38 - - [09/Oct/2022:03:39:40 +0200] "GET /-p-36171.html HTTP/1.0" 200 72248 "-" "Mozilla/5.0 (compatible; SemrushBot/7~bl; +http://www.semrush.com/bot.html)"
167.114.209.104 - - [09/Oct/2022:03:39:42 +0200] "GET /-p-34287.html HTTP/1.0" 200 72248 "-" "Mozilla/5.0 (compatible; MJ12bot/v1.4.8; http://mj12bot.com/)"
167.114.209.104 - - [09/Oct/2022:03:39:46 +0200] "GET /buddha-statue-resin-13-cm-p-34566.html HTTP/1.0" 301 72412 "-" "Mozilla/5.0 (compatible; MJ12bot/v1.4.8; http://mj12bot.com/)"
185.191.171.6 - - [09/Oct/2022:03:39:46 +0200] "GET /riverdale-bunny-sam-brown-28-cm-p-31716.html HTTP/1.0" 301 75170 "-" "Mozilla/5.0 (compatible; SemrushBot/7~bl; +http://www.semrush.com/bot.html)"
167.114.209.104 - - [09/Oct/2022:03:39:49 +0200] "GET /buddha-statue-resin-p-34566.html HTTP/1.0" 200 72326 "-" "Mozilla/5.0 (compatible; MJ12bot/v1.4.8; http://mj12bot.com/)"
120.237.18.58 - - [09/Oct/2022:03:39:50 +0200] "GET /images/big_prod_1/8433933199671B.jpg HTTP/1.0" 200 271 "-" "Mozilla/5.0 (X11; Ubuntu; Linux x86_64; rv:72.0) Gecko/20100101 Firefox/72.0"
185.191.171.26 - - [09/Oct/2022:03:39:51 +0200] "GET /riverdale-bunny-brown-p-31716.html HTTP/1.0" 200 75082 "-" "Mozilla/5.0 (compatible; SemrushBot/7~bl; +http://www.semrush.com/bot.html)"
167.114.209.104 - - [09/Oct/2022:03:39:52 +0200] "GET /buddha-statue-resin-13-cm-p-34567.html HTTP/1.0" 301 72412 "-" "Mozilla/5.0 (compatible; MJ12bot/v1.4.8; http://mj12bot.com/)"
66.249.64.242 - - [09/Oct/2022:03:39:55 +0200] "GET /images/mini_prod/846007011553.jpg HTTP/1.0" 200 268 "-" "Googlebot-Image/1.0"
167.114.209.104 - - [09/Oct/2022:03:39:56 +0200] "GET /buddha-statue-resin-p-34567.html HTTP/1.0" 200 72326 "-" "Mozilla/5.0 (compatible; MJ12bot/v1.4.8; http://mj12bot.com/)"
167.114.209.104 - - [09/Oct/2022:03:39:59 +0200] "GET /buddha-statue-resin-p-34566.html HTTP/1.0" 200 72326 "-" "Mozilla/5.0 (compatible; MJ12bot/v1.4.8; http://mj12bot.com/)"
167.114.209.104 - - [09/Oct/2022:03:40:03 +0200] "GET /buddha-statue-resin-p-34567.html HTTP/1.0" 200 72326 "-" "Mozilla/5.0 (compatible; MJ12bot/v1.4.8; http://mj12bot.com/)"
66.249.64.242 - - [09/Oct/2022:03:40:04 +0200] "GET /zero-ghostly-from-nightmare-figurine-p-57428.html HTTP/1.0" 200 76130 "-" "Mozilla/5.0 (Linux; Android 6.0.1; Nexus 5X Build/MMB29P) AppleWebKit/537.36 (KHTML, like Gecko) Chrome/105.0.5195.125 Mobile Safari/537.36 (compatible; Googlebot/2.1; +http://www.google.com/bot.html)"
167.114.209.104 - - [09/Oct/2022:03:40:07 +0200] "GET /buddha-white-statue-18-cm-p-37404.html HTTP/1.0" 301 72315 "-" "Mozilla/5.0 (compatible; MJ12bot/v1.4.8; http://mj12bot.com/)"
167.114.209.104 - - [09/Oct/2022:03:40:10 +0200] "GET /-p-37404.html HTTP/1.0" 200 72248 "-" "Mozilla/5.0 (compatible; MJ12bot/v1.4.8; http://mj12bot.com/)"
185.191.171.23 - - [09/Oct/2022:03:40:11 +0200] "GET /johnny-hallyday-zippo-lighter-p-49852.html?action=add_product HTTP/1.0" 302 476 "-" "Mozilla/5.0 (compatible; SemrushBot/7~bl; +http://www.semrush.com/bot.html)"
167.114.209.104 - - [09/Oct/2022:03:40:14 +0200] "GET /buddha-white-statue-p-37404.html HTTP/1.0" 301 72315 "-" "Mozilla/5.0 (compatible; MJ12bot/v1.4.8; http://mj12bot.com/)"
185.191.171.5 - - [09/Oct/2022:03:40:14 +0200] "GET /tree-life-mirror-white-patinated-wood-p-53755.html HTTP/1.0" 200 76136 "-" "Mozilla/5.0 (compatible; SemrushBot/7~bl; +http://www.semrush.com/bot.html)"
167.114.209.104 - - [09/Oct/2022:03:40:17 +0200] "GET /-p-37404.html HTTP/1.0" 200 72248 "-" "Mozilla/5.0 (compatible; MJ12bot/v1.4.8; http://mj12bot.com/)"
167.114.209.104 - - [09/Oct/2022:03:40:21 +0200] "GET /buddha-zen-rectangulary-cushion-by-cbkreation-p-36373.html HTTP/1.0" 301 72315 "-" "Mozilla/5.0 (compatible; MJ12bot/v1.4.8; http://mj12bot.com/)"
167.114.209.104 - - [09/Oct/2022:03:40:24 +0200] "GET /-p-36373.html HTTP/1.0" 200 72248 "-" "Mozilla/5.0 (compatible; MJ12bot/v1.4.8; http://mj12bot.com/)"
167.114.209.104 - - [09/Oct/2022:03:40:27 +0200] "GET /buddhist-bracelet-wooden-beads-beige-p-37669.html HTTP/1.0" 200 74932 "-" "Mozilla/5.0 (compatible; MJ12bot/v1.4.8; http://mj12bot.com/)"
185.191.171.16 - - [09/Oct/2022:03:40:30 +0200] "GET /-p-46464.html?action=add_product HTTP/1.0" 302 476 "-" "Mozilla/5.0 (compatible; SemrushBot/7~bl; +http://www.semrush.com/bot.html)"
167.114.209.104 - - [09/Oct/2022:03:40:30 +0200] "GET /buddhist-bracelet-wooden-beads-black-p-37664.html HTTP/1.0" 200 74932 "-" "Mozilla/5.0 (compatible; MJ12bot/v1.4.8; http://mj12bot.com/)"
105.213.142.23 - - [09/Oct/2022:03:40:33 +0200] "GET /contact_us.php HTTP/1.0" 200 26241 "http://www.wonder-geek.com/contact_us.php" "Mozilla/5.0 (Windows NT 10.0; Win64; x64) AppleWebKit/537.36 (KHTML, like Gecko) Chrome/90.0.4430.85 Safari/537.36 Edg/90.0.818.46"
167.114.209.104 - - [09/Oct/2022:03:40:33 +0200] "GET /buddhist-bracelet-wooden-beads-grey-p-37665.html HTTP/1.0" 200 74928 "-" "Mozilla/5.0 (compatible; MJ12bot/v1.4.8; http://mj12bot.com/)"
167.114.209.104 - - [09/Oct/2022:03:40:38 +0200] "GET /buddhist-bracelet-wooden-beads-p-37667.html HTTP/1.0" 200 74914 "-" "Mozilla/5.0 (compatible; MJ12bot/v1.4.8; http://mj12bot.com/)"
105.213.142.23 - - [09/Oct/2022:03:40:39 +0200] "POST /contact_us.php?action=send HTTP/1.0" 200 26472 "http://www.wonder-geek.com/contact_us.php" "Mozilla/5.0 (Windows NT 10.0; Win64; x64) AppleWebKit/537.36 (KHTML, like Gecko) Chrome/90.0.4430.85 Safari/537.36 Edg/90.0.818.46"
185.191.171.11 - - [09/Oct/2022:03:40:40 +0200] "GET /cake-dish-strawberries-cherries-p-54513.html HTTP/1.0" 200 75060 "-" "Mozilla/5.0 (compatible; SemrushBot/7~bl; +http://www.semrush.com/bot.html)"
167.114.209.104 - - [09/Oct/2022:03:40:41 +0200] "GET /buddhist-bracelet-wooden-beads-purple-p-37670.html HTTP/1.0" 200 74938 "-" "Mozilla/5.0 (compatible; MJ12bot/v1.4.8; http://mj12bot.com/)"
159.138.137.41 - - [09/Oct/2022:03:40:46 +0200] "GET /images/big_prod_1/1491693130119B.jpg HTTP/1.0" 200 271 "-" "Mozilla/5.0 (X11; Ubuntu; Linux x86_64; rv:72.0) Gecko/20100101 Firefox/72.0"
167.114.209.104 - - [09/Oct/2022:03:40:45 +0200] "GET /buddhist-bracelet-wooden-beads-red-p-37667.html HTTP/1.0" 301 75011 "-" "Mozilla/5.0 (compatible; MJ12bot/v1.4.8; http://mj12bot.com/)"
167.114.209.104 - - [09/Oct/2022:03:40:49 +0200] "GET /buddhist-bracelet-wooden-beads-p-37667.html HTTP/1.0" 200 74914 "-" "Mozilla/5.0 (compatible; MJ12bot/v1.4.8; http://mj12bot.com/)"
54.36.149.52 - - [09/Oct/2022:03:40:52 +0200] "GET /that-italia-blue-triangular-alarm-clock-p-23071.html HTTP/1.0" 200 75120 "-" "Mozilla/5.0 (compatible; AhrefsBot/7.0; +http://ahrefs.com/robot/)"
185.191.171.9 - - [09/Oct/2022:03:40:53 +0200] "GET /canard-duck-night-light-white-p-39605.html?action=add_product HTTP/1.0" 301 476 "-" "Mozilla/5.0 (compatible; SemrushBot/7~bl; +http://www.semrush.com/bot.html)"
167.114.209.104 - - [09/Oct/2022:03:40:53 +0200] "GET /buddhist-statue-in-resin-do-not-say-evil-p-34570.html HTTP/1.0" 301 72467 "-" "Mozilla/5.0 (compatible; MJ12bot/v1.4.8; http://mj12bot.com/)"
185.191.171.15 - - [09/Oct/2022:03:40:56 +0200] "GET /indoor-buddha-fountain-p-42032.html?action=add_product HTTP/1.0" 302 476 "-" "Mozilla/5.0 (compatible; SemrushBot/7~bl; +http://www.semrush.com/bot.html)"
157.55.39.217 - - [09/Oct/2022:03:40:57 +0200] "GET /images/big_prod/8445148004206.jpg HTTP/1.0" 200 268 "-" "Mozilla/5.0 (compatible; bingbot/2.0; +http://www.bing.com/bingbot.htm)"
185.191.171.9 - - [09/Oct/2022:03:40:58 +0200] "GET /france-collectable-figurine-family-p-57420.html?action=add_product HTTP/1.0" 302 476 "-" "Mozilla/5.0 (compatible; SemrushBot/7~bl; +http://www.semrush.com/bot.html)"
167.114.209.104 - - [09/Oct/2022:03:40:58 +0200] "GET /buddhist-statue-resin-evil-p-34570.html HTTP/1.0" 200 72374 "-" "Mozilla/5.0 (compatible; MJ12bot/v1.4.8; http://mj12bot.com/)"
167.114.209.104 - - [09/Oct/2022:03:41:01 +0200] "GET /buddhist-statue-in-resin-do-not-see-evil-p-34569.html HTTP/1.0" 301 72467 "-" "Mozilla/5.0 (compatible; MJ12bot/v1.4.8; http://mj12bot.com/)"
185.191.171.20 - - [09/Oct/2022:03:41:03 +0200] "GET /pineapple-cutting-board-p-40705.html?action=add_product HTTP/1.0" 302 476 "-" "Mozilla/5.0 (compatible; SemrushBot/7~bl; +http://www.semrush.com/bot.html)"
185.191.171.11 - - [09/Oct/2022:03:41:05 +0200] "GET /corsica-white-p-43552.html?action=add_product HTTP/1.0" 302 476 "-" "Mozilla/5.0 (compatible; SemrushBot/7~bl; +http://www.semrush.com/bot.html)"
167.114.209.104 - - [09/Oct/2022:03:41:04 +0200] "GET /buddhist-statue-resin-evil-p-34569.html HTTP/1.0" 200 72374 "-" "Mozilla/5.0 (compatible; MJ12bot/v1.4.8; http://mj12bot.com/)"
173.252.83.120 - - [09/Oct/2022:03:41:06 +0200] "GET /images/mini_prod/1384010179642.jpg HTTP/1.0" 200 269 "-" "facebookexternalhit/1.1 (+http://www.facebook.com/externalhit_uatext.php)"
185.191.171.24 - - [09/Oct/2022:03:41:06 +0200] "GET /vintage-trivet-p-40817.html HTTP/1.0" 200 72294 "-" "Mozilla/5.0 (compatible; SemrushBot/7~bl; +http://www.semrush.com/bot.html)"
167.114.209.104 - - [09/Oct/2022:03:41:08 +0200] "GET /buddhist-statue-resin-evil-p-34569.html HTTP/1.0" 200 72374 "-" "Mozilla/5.0 (compatible; MJ12bot/v1.4.8; http://mj12bot.com/)"
185.191.171.39 - - [09/Oct/2022:03:41:11 +0200] "GET /transportable-metal-lamp-p-55139.html?action=add_product HTTP/1.0" 302 476 "-" "Mozilla/5.0 (compatible; SemrushBot/7~bl; +http://www.semrush.com/bot.html)"
167.114.209.104 - - [09/Oct/2022:03:41:11 +0200] "GET /buddhist-statue-resin-evil-p-34570.html HTTP/1.0" 200 72374 "-" "Mozilla/5.0 (compatible; MJ12bot/v1.4.8; http://mj12bot.com/)"
167.114.209.104 - - [09/Oct/2022:03:41:14 +0200] "GET /buffalo-mousepad-by-cbkreation-p-42911.html HTTP/1.0" 301 75059 "-" "Mozilla/5.0 (compatible; MJ12bot/v1.4.8; http://mj12bot.com/)"
167.114.209.104 - - [09/Oct/2022:03:41:17 +0200] "GET /buffalo-mousepad-cbkreation-p-42911.html HTTP/1.0" 200 74965 "-" "Mozilla/5.0 (compatible; MJ12bot/v1.4.8; http://mj12bot.com/)"
167.114.209.104 - - [09/Oct/2022:03:41:21 +0200] "GET /buffalo-mousepad-cbkreation-p-42911.html HTTP/1.0" 200 74965 "-" "Mozilla/5.0 (compatible; MJ12bot/v1.4.8; http://mj12bot.com/)"
167.114.209.104 - - [09/Oct/2022:03:41:24 +0200] "GET /butterflies-makeup-accessories-p-28913.html HTTP/1.0" 200 75022 "-" "Mozilla/5.0 (compatible; MJ12bot/v1.4.8; http://mj12bot.com/)"
185.191.171.17 - - [09/Oct/2022:03:41:25 +0200] "GET /wolf-white-shirt-p-31157.html?action=add_product HTTP/1.0" 302 476 "-" "Mozilla/5.0 (compatible; SemrushBot/7~bl; +http://www.semrush.com/bot.html)"
167.114.209.104 - - [09/Oct/2022:03:41:27 +0200] "GET /butterfly-bedclothes-220-240-cm-p-36589.html HTTP/1.0" 301 72315 "-" "Mozilla/5.0 (compatible; MJ12bot/v1.4.8; http://mj12bot.com/)"
167.114.209.104 - - [09/Oct/2022:03:41:31 +0200] "GET /-p-36589.html HTTP/1.0" 200 72248 "-" "Mozilla/5.0 (compatible; MJ12bot/v1.4.8; http://mj12bot.com/)"
167.114.209.104 - - [09/Oct/2022:03:41:34 +0200] "GET /butterfly-wall-decoration-39-33-cm-blue-model-p-43922.html HTTP/1.0" 301 75257 "-" "Mozilla/5.0 (compatible; MJ12bot/v1.4.8; http://mj12bot.com/)"
167.114.209.104 - - [09/Oct/2022:03:41:37 +0200] "GET /butterfly-wall-decoration-blue-model-p-43922.html HTTP/1.0" 200 75154 "-" "Mozilla/5.0 (compatible; MJ12bot/v1.4.8; http://mj12bot.com/)"
167.114.209.104 - - [09/Oct/2022:03:41:40 +0200] "GET /butterfly-wall-decoration-blue-model-p-43922.html HTTP/1.0" 200 75154 "-" "Mozilla/5.0 (compatible; MJ12bot/v1.4.8; http://mj12bot.com/)"
185.191.171.14 - - [09/Oct/2022:03:41:40 +0200] "GET /cats-tray-autumn-p-45536.html?action=add_product HTTP/1.0" 302 476 "-" "Mozilla/5.0 (compatible; SemrushBot/7~bl; +http://www.semrush.com/bot.html)"
167.114.209.104 - - [09/Oct/2022:03:41:43 +0200] "GET /cactus-mirror-wall-sticker-p-51122.html HTTP/1.0" 200 72342 "-" "Mozilla/5.0 (compatible; MJ12bot/v1.4.8; http://mj12bot.com/)"
167.114.209.104 - - [09/Oct/2022:03:41:47 +0200] "GET /cake-stand-with-cakes-money-bank-collection-p-17640.html HTTP/1.0" 200 75083 "-" "Mozilla/5.0 (compatible; MJ12bot/v1.4.8; http://mj12bot.com/)"
167.114.209.104 - - [09/Oct/2022:03:41:50 +0200] "GET /calavera-blue-beauty-nail-kit-p-29314.html HTTP/1.0" 301 75139 "-" "Mozilla/5.0 (compatible; MJ12bot/v1.4.8; http://mj12bot.com/)"
167.114.209.104 - - [09/Oct/2022:03:41:52 +0200] "GET /calavera-blue-beauty-nail-p-29314.html HTTP/1.0" 200 75047 "-" "Mozilla/5.0 (compatible; MJ12bot/v1.4.8; http://mj12bot.com/)"
167.114.209.104 - - [09/Oct/2022:03:41:56 +0200] "GET /calavera-blue-beauty-nail-p-29314.html HTTP/1.0" 200 75047 "-" "Mozilla/5.0 (compatible; MJ12bot/v1.4.8; http://mj12bot.com/)"
66.249.64.242 - - [09/Oct/2022:03:41:58 +0200] "GET /images/big_prod/1300010239810.jpg HTTP/1.0" 200 268 "-" "Googlebot-Image/1.0"
167.114.209.104 - - [09/Oct/2022:03:41:59 +0200] "GET /calavera-yellow-beauty-nail-kit-p-29315.html HTTP/1.0" 301 75162 "-" "Mozilla/5.0 (compatible; MJ12bot/v1.4.8; http://mj12bot.com/)"
167.114.209.104 - - [09/Oct/2022:03:42:02 +0200] "GET /calavera-yellow-beauty-nail-p-29315.html HTTP/1.0" 200 75068 "-" "Mozilla/5.0 (compatible; MJ12bot/v1.4.8; http://mj12bot.com/)"
167.114.209.104 - - [09/Oct/2022:03:42:06 +0200] "GET /calavera-yellow-beauty-nail-p-29315.html HTTP/1.0" 200 75068 "-" "Mozilla/5.0 (compatible; MJ12bot/v1.4.8; http://mj12bot.com/)"
167.114.209.104 - - [09/Oct/2022:03:42:09 +0200] "GET /camargue-beige-sponge-holder-p-34503.html HTTP/1.0" 200 72350 "-" "Mozilla/5.0 (compatible; MJ12bot/v1.4.8; http://mj12bot.com/)"
167.114.209.104 - - [09/Oct/2022:03:42:13 +0200] "GET /camargue-door-coconut-fiber-p-43865.html HTTP/1.0" 200 72340 "-" "Mozilla/5.0 (compatible; MJ12bot/v1.4.8; http://mj12bot.com/)"
167.114.209.104 - - [09/Oct/2022:03:42:17 +0200] "GET /camargue-door-mat-coconut-fiber-p-43865.html HTTP/1.0" 301 72434 "-" "Mozilla/5.0 (compatible; MJ12bot/v1.4.8; http://mj12bot.com/)"
185.191.171.3 - - [09/Oct/2022:03:42:17 +0200] "GET /bulbs-c-86_287.html HTTP/1.0" 200 79009 "-" "Mozilla/5.0 (compatible; SemrushBot/7~bl; +http://www.semrush.com/bot.html)"
54.36.148.254 - - [09/Oct/2022:03:42:18 +0200] "GET /wall-stickers-hummingbirds-p-51119.html HTTP/1.0" 200 75640 "-" "Mozilla/5.0 (compatible; AhrefsBot/7.0; +http://ahrefs.com/robot/)"
167.114.209.104 - - [09/Oct/2022:03:42:20 +0200] "GET /camargue-door-coconut-fiber-p-43865.html HTTP/1.0" 200 72340 "-" "Mozilla/5.0 (compatible; MJ12bot/v1.4.8; http://mj12bot.com/)"
185.191.171.26 - - [09/Oct/2022:03:42:22 +0200] "GET /kettle-pendulum-clock-p-41648.html?action=add_product HTTP/1.0" 302 476 "-" "Mozilla/5.0 (compatible; SemrushBot/7~bl; +http://www.semrush.com/bot.html)"
185.191.171.1 - - [09/Oct/2022:03:42:23 +0200] "GET /garage-premium-service-metal-wall-decoration-p-44439.html?action=add_product HTTP/1.0" 302 476 "-" "Mozilla/5.0 (compatible; SemrushBot/7~bl; +http://www.semrush.com/bot.html)"
167.114.209.104 - - [09/Oct/2022:03:42:23 +0200] "GET /camargue-salt-pepper-p-43905.html HTTP/1.0" 200 72348 "-" "Mozilla/5.0 (compatible; MJ12bot/v1.4.8; http://mj12bot.com/)"
167.114.209.104 - - [09/Oct/2022:03:42:27 +0200] "GET /camargue-set-salt-and-pepper-pot-p-43905.html HTTP/1.0" 301 72435 "-" "Mozilla/5.0 (compatible; MJ12bot/v1.4.8; http://mj12bot.com/)"
167.114.209.104 - - [09/Oct/2022:03:42:30 +0200] "GET /camargue-salt-pepper-p-43905.html HTTP/1.0" 200 72348 "-" "Mozilla/5.0 (compatible; MJ12bot/v1.4.8; http://mj12bot.com/)"
173.252.83.12 - - [09/Oct/2022:03:42:33 +0200] "GET /images/mini_prod/tsmlshreck.jpg HTTP/1.0" 200 266 "-" "facebookexternalhit/1.1 (+http://www.facebook.com/externalhit_uatext.php)"
167.114.209.104 - - [09/Oct/2022:03:42:33 +0200] "GET /canada-mouse-cbkreation-p-13984.html HTTP/1.0" 200 74870 "-" "Mozilla/5.0 (compatible; MJ12bot/v1.4.8; http://mj12bot.com/)"
185.191.171.17 - - [09/Oct/2022:03:42:33 +0200] "GET /star-hanging-tree-decoration-p-56571.html HTTP/1.0" 200 75629 "-" "Mozilla/5.0 (compatible; SemrushBot/7~bl; +http://www.semrush.com/bot.html)"
167.114.209.104 - - [09/Oct/2022:03:42:36 +0200] "GET /canada-mouse-pad-cbkreation-p-13984.html HTTP/1.0" 301 74960 "-" "Mozilla/5.0 (compatible; MJ12bot/v1.4.8; http://mj12bot.com/)"
167.114.209.104 - - [09/Oct/2022:03:42:39 +0200] "GET /canada-mouse-cbkreation-p-13984.html HTTP/1.0" 200 74870 "-" "Mozilla/5.0 (compatible; MJ12bot/v1.4.8; http://mj12bot.com/)"
167.114.209.104 - - [09/Oct/2022:03:42:42 +0200] "GET /candle-holder-incense-burner-cones-and-incense-sticks-buddha-p-48764.html HTTP/1.0" 301 76191 "-" "Mozilla/5.0 (compatible; MJ12bot/v1.4.8; http://mj12bot.com/)"
167.114.209.104 - - [09/Oct/2022:03:42:45 +0200] "GET /candle-holder-incense-burner-cones-incense-sticks-buddha-p-48764.html HTTP/1.0" 200 76068 "-" "Mozilla/5.0 (compatible; MJ12bot/v1.4.8; http://mj12bot.com/)"
167.114.209.104 - - [09/Oct/2022:03:42:49 +0200] "GET /candle-holder-incense-burner-cones-incense-sticks-buddha-p-48764.html HTTP/1.0" 200 76068 "-" "Mozilla/5.0 (compatible; MJ12bot/v1.4.8; http://mj12bot.com/)"
167.114.209.104 - - [09/Oct/2022:03:42:52 +0200] "GET /candle-made-france-hours-coconut-p-43883.html HTTP/1.0" 200 74957 "-" "Mozilla/5.0 (compatible; MJ12bot/v1.4.8; http://mj12bot.com/)"
167.114.209.104 - - [09/Oct/2022:03:42:55 +0200] "GET /candle-made-france-hours-green-apple-p-43886.html HTTP/1.0" 200 74978 "-" "Mozilla/5.0 (compatible; MJ12bot/v1.4.8; http://mj12bot.com/)"
167.114.209.104 - - [09/Oct/2022:03:42:59 +0200] "GET /candle-made-france-hours-lemongrass-p-43876.html HTTP/1.0" 200 74972 "-" "Mozilla/5.0 (compatible; MJ12bot/v1.4.8; http://mj12bot.com/)"
167.114.209.104 - - [09/Oct/2022:03:43:02 +0200] "GET /candle-made-france-hours-ocean-p-43884.html HTTP/1.0" 200 74947 "-" "Mozilla/5.0 (compatible; MJ12bot/v1.4.8; http://mj12bot.com/)"
167.114.209.104 - - [09/Oct/2022:03:43:06 +0200] "GET /candle-made-france-hours-white-musk-p-43881.html HTTP/1.0" 200 74972 "-" "Mozilla/5.0 (compatible; MJ12bot/v1.4.8; http://mj12bot.com/)"
167.114.209.104 - - [09/Oct/2022:03:43:10 +0200] "GET /candle-made-in-france-40-hours-coconut-p-43883.html HTTP/1.0" 301 75056 "-" "Mozilla/5.0 (compatible; MJ12bot/v1.4.8; http://mj12bot.com/)"
167.114.209.104 - - [09/Oct/2022:03:43:13 +0200] "GET /candle-made-france-hours-coconut-p-43883.html HTTP/1.0" 200 74957 "-" "Mozilla/5.0 (compatible; MJ12bot/v1.4.8; http://mj12bot.com/)"
167.114.209.104 - - [09/Oct/2022:03:43:17 +0200] "GET /candle-made-in-france-40-hours-green-apple-p-43886.html HTTP/1.0" 301 75081 "-" "Mozilla/5.0 (compatible; MJ12bot/v1.4.8; http://mj12bot.com/)"
185.191.171.8 - - [09/Oct/2022:03:43:17 +0200] "GET /zodiac-high-ceramic-mug-cbkreation-p-30786.html HTTP/1.0" 301 74994 "-" "Mozilla/5.0 (compatible; SemrushBot/7~bl; +http://www.semrush.com/bot.html)"
66.249.64.244 - - [09/Oct/2022:03:43:21 +0200] "GET /images/big_prod/1314277610008.jpg HTTP/1.0" 200 268 "-" "Googlebot-Image/1.0"
167.114.209.104 - - [09/Oct/2022:03:43:21 +0200] "GET /candle-made-france-hours-green-apple-p-43886.html HTTP/1.0" 200 74978 "-" "Mozilla/5.0 (compatible; MJ12bot/v1.4.8; http://mj12bot.com/)"
185.191.171.16 - - [09/Oct/2022:03:43:21 +0200] "GET /zodiac-high-ceramic-cbkreation-p-30786.html HTTP/1.0" 200 74897 "-" "Mozilla/5.0 (compatible; SemrushBot/7~bl; +http://www.semrush.com/bot.html)"
167.114.209.104 - - [09/Oct/2022:03:43:24 +0200] "GET /candle-made-in-france-40-hours-lemongrass-p-43876.html HTTP/1.0" 301 75074 "-" "Mozilla/5.0 (compatible; MJ12bot/v1.4.8; http://mj12bot.com/)"
167.114.209.104 - - [09/Oct/2022:03:43:28 +0200] "GET /candle-made-france-hours-lemongrass-p-43876.html HTTP/1.0" 200 74972 "-" "Mozilla/5.0 (compatible; MJ12bot/v1.4.8; http://mj12bot.com/)"
167.114.209.104 - - [09/Oct/2022:03:43:32 +0200] "GET /candle-made-in-france-40-hours-ocean-p-43884.html HTTP/1.0" 301 75044 "-" "Mozilla/5.0 (compatible; MJ12bot/v1.4.8; http://mj12bot.com/)"
66.249.64.242 - - [09/Oct/2022:03:43:33 +0200] "GET /indian-motorcycle-metal-plate-deco-405-215-cm-p-42343.html HTTP/1.0" 301 75219 "-" "Mozilla/5.0 (Linux; Android 6.0.1; Nexus 5X Build/MMB29P) AppleWebKit/537.36 (KHTML, like Gecko) Chrome/105.0.5195.125 Mobile Safari/537.36 (compatible; Googlebot/2.1; +http://www.google.com/bot.html)"
66.249.64.242 - - [09/Oct/2022:03:43:35 +0200] "GET /indian-motorcycle-metal-plate-deco-p-42343.html HTTP/1.0" 200 75118 "-" "Mozilla/5.0 (Linux; Android 6.0.1; Nexus 5X Build/MMB29P) AppleWebKit/537.36 (KHTML, like Gecko) Chrome/105.0.5195.125 Mobile Safari/537.36 (compatible; Googlebot/2.1; +http://www.google.com/bot.html)"
167.114.209.104 - - [09/Oct/2022:03:43:35 +0200] "GET /candle-made-france-hours-ocean-p-43884.html HTTP/1.0" 200 74947 "-" "Mozilla/5.0 (compatible; MJ12bot/v1.4.8; http://mj12bot.com/)"
167.114.209.104 - - [09/Oct/2022:03:43:39 +0200] "GET /candle-made-in-france-40-hours-white-musk-p-43881.html HTTP/1.0" 301 75074 "-" "Mozilla/5.0 (compatible; MJ12bot/v1.4.8; http://mj12bot.com/)"
167.114.209.104 - - [09/Oct/2022:03:43:42 +0200] "GET /candle-made-france-hours-white-musk-p-43881.html HTTP/1.0" 200 74972 "-" "Mozilla/5.0 (compatible; MJ12bot/v1.4.8; http://mj12bot.com/)"
167.114.209.104 - - [09/Oct/2022:03:43:45 +0200] "GET /candy-mouse-cbkreation-p-13988.html HTTP/1.0" 200 74845 "-" "Mozilla/5.0 (compatible; MJ12bot/v1.4.8; http://mj12bot.com/)"
167.114.209.104 - - [09/Oct/2022:03:43:49 +0200] "GET /candy-mouse-pad-cbkreation-p-13988.html HTTP/1.0" 301 74934 "-" "Mozilla/5.0 (compatible; MJ12bot/v1.4.8; http://mj12bot.com/)"
167.114.209.104 - - [09/Oct/2022:03:43:52 +0200] "GET /candy-mouse-cbkreation-p-13988.html HTTP/1.0" 200 74845 "-" "Mozilla/5.0 (compatible; MJ12bot/v1.4.8; http://mj12bot.com/)"
54.36.148.106 - - [09/Oct/2022:03:43:54 +0200] "GET /gormiti-swimming-armband-p-9112.html HTTP/1.0" 200 74775 "-" "Mozilla/5.0 (compatible; AhrefsBot/7.0; +http://ahrefs.com/robot/)"
167.114.209.104 - - [09/Oct/2022:03:43:55 +0200] "GET /candytuft-flower-fairies-teapot-p-40075.html HTTP/1.0" 200 76626 "-" "Mozilla/5.0 (compatible; MJ12bot/v1.4.8; http://mj12bot.com/)"
185.191.171.10 - - [09/Oct/2022:03:43:57 +0200] "GET /story-peel-stick-wall-decals-p-22533.html?action=add_product HTTP/1.0" 302 476 "-" "Mozilla/5.0 (compatible; SemrushBot/7~bl; +http://www.semrush.com/bot.html)"
167.114.209.104 - - [09/Oct/2022:03:43:59 +0200] "GET /captain-america-bust-bank-p-30234.html HTTP/1.0" 301 72315 "-" "Mozilla/5.0 (compatible; MJ12bot/v1.4.8; http://mj12bot.com/)"
167.114.209.104 - - [09/Oct/2022:03:44:02 +0200] "GET /-p-30234.html HTTP/1.0" 200 72248 "-" "Mozilla/5.0 (compatible; MJ12bot/v1.4.8; http://mj12bot.com/)"
185.191.171.43 - - [09/Oct/2022:03:44:03 +0200] "GET /jasmin-marley-jamaica-large-lamp-p-35759.html HTTP/1.0" 200 75227 "-" "Mozilla/5.0 (compatible; SemrushBot/7~bl; +http://www.semrush.com/bot.html)"
167.114.209.104 - - [09/Oct/2022:03:44:06 +0200] "GET /caramel-and-cie-kit-purple-rabbits-p-48795.html HTTP/1.0" 301 75181 "-" "Mozilla/5.0 (compatible; MJ12bot/v1.4.8; http://mj12bot.com/)"
167.114.209.104 - - [09/Oct/2022:03:44:09 +0200] "GET /caramel-purple-rabbits-p-48795.html HTTP/1.0" 200 75092 "-" "Mozilla/5.0 (compatible; MJ12bot/v1.4.8; http://mj12bot.com/)"
167.114.209.104 - - [09/Oct/2022:03:44:12 +0200] "GET /caramel-purple-rabbits-p-48795.html HTTP/1.0" 200 75092 "-" "Mozilla/5.0 (compatible; MJ12bot/v1.4.8; http://mj12bot.com/)"
167.114.209.104 - - [09/Oct/2022:03:44:16 +0200] "GET /care-bear-harmony-bear-plush-22-cm-p-33651.html HTTP/1.0" 301 72315 "-" "Mozilla/5.0 (compatible; MJ12bot/v1.4.8; http://mj12bot.com/)"
167.114.209.104 - - [09/Oct/2022:03:44:19 +0200] "GET /-p-33651.html HTTP/1.0" 200 72248 "-" "Mozilla/5.0 (compatible; MJ12bot/v1.4.8; http://mj12bot.com/)"
185.191.171.18 - - [09/Oct/2022:03:44:19 +0200] "GET /wall-stickers-indian-style-lion-p-42968.html HTTP/1.0" 200 75648 "-" "Mozilla/5.0 (compatible; SemrushBot/7~bl; +http://www.semrush.com/bot.html)"
167.114.209.104 - - [09/Oct/2022:03:44:22 +0200] "GET /cars-chandelier-p-33151.html HTTP/1.0" 200 72314 "-" "Mozilla/5.0 (compatible; MJ12bot/v1.4.8; http://mj12bot.com/)"
185.191.171.6 - - [09/Oct/2022:03:44:24 +0200] "GET /folding-lifting-worktop-black-metal-p-57096.html?action=add_product HTTP/1.0" 302 476 "-" "Mozilla/5.0 (compatible; SemrushBot/7~bl; +http://www.semrush.com/bot.html)"
185.191.171.35 - - [09/Oct/2022:03:44:26 +0200] "GET /cotton-tablecloth-exotic-spirit-p-39888.html?action=add_product HTTP/1.0" 302 476 "-" "Mozilla/5.0 (compatible; SemrushBot/7~bl; +http://www.semrush.com/bot.html)"
167.114.209.104 - - [09/Oct/2022:03:44:26 +0200] "GET /cars-crayola-color-number-p-16613.html HTTP/1.0" 301 72315 "-" "Mozilla/5.0 (compatible; MJ12bot/v1.4.8; http://mj12bot.com/)"
167.114.209.104 - - [09/Oct/2022:03:44:29 +0200] "GET /-p-16613.html HTTP/1.0" 200 72248 "-" "Mozilla/5.0 (compatible; MJ12bot/v1.4.8; http://mj12bot.com/)"
167.114.209.104 - - [09/Oct/2022:03:44:32 +0200] "GET /cars-crayola-coloring-p-16611.html HTTP/1.0" 301 72315 "-" "Mozilla/5.0 (compatible; MJ12bot/v1.4.8; http://mj12bot.com/)"
167.114.209.104 - - [09/Oct/2022:03:44:35 +0200] "GET /-p-16611.html HTTP/1.0" 200 72248 "-" "Mozilla/5.0 (compatible; MJ12bot/v1.4.8; http://mj12bot.com/)"
167.114.209.104 - - [09/Oct/2022:03:44:38 +0200] "GET /cars-crayola-coloring-set-p-16611.html HTTP/1.0" 301 72315 "-" "Mozilla/5.0 (compatible; MJ12bot/v1.4.8; http://mj12bot.com/)"
167.114.209.104 - - [09/Oct/2022:03:44:42 +0200] "GET /-p-16611.html HTTP/1.0" 200 72248 "-" "Mozilla/5.0 (compatible; MJ12bot/v1.4.8; http://mj12bot.com/)"
167.114.209.104 - - [09/Oct/2022:03:44:45 +0200] "GET /cars-crayola-magic-coloring-p-32537.html HTTP/1.0" 301 72315 "-" "Mozilla/5.0 (compatible; MJ12bot/v1.4.8; http://mj12bot.com/)"
185.191.171.10 - - [09/Oct/2022:03:44:48 +0200] "GET /little-toiletry-bag-p-43381.html HTTP/1.0" 301 75041 "-" "Mozilla/5.0 (compatible; SemrushBot/7~bl; +http://www.semrush.com/bot.html)"
167.114.209.104 - - [09/Oct/2022:03:44:48 +0200] "GET /-p-32537.html HTTP/1.0" 200 72248 "-" "Mozilla/5.0 (compatible; MJ12bot/v1.4.8; http://mj12bot.com/)"
54.36.149.19 - - [09/Oct/2022:03:44:49 +0200] "GET /gorjuss-heartfelt-manicure-set-p-38214.html HTTP/1.0" 301 75966 "-" "Mozilla/5.0 (compatible; AhrefsBot/7.0; +http://ahrefs.com/robot/)"
185.191.171.6 - - [09/Oct/2022:03:44:51 +0200] "GET /retro-coffee-place-clock-43-34-cm-p-41844.html HTTP/1.0" 301 72315 "-" "Mozilla/5.0 (compatible; SemrushBot/7~bl; +http://www.semrush.com/bot.html)"
167.114.209.104 - - [09/Oct/2022:03:44:52 +0200] "GET /cars-crayola-magic-coloring-set-p-32537.html HTTP/1.0" 301 72315 "-" "Mozilla/5.0 (compatible; MJ12bot/v1.4.8; http://mj12bot.com/)"
185.191.171.10 - - [09/Oct/2022:03:44:55 +0200] "GET /-p-41844.html HTTP/1.0" 200 72248 "-" "Mozilla/5.0 (compatible; SemrushBot/7~bl; +http://www.semrush.com/bot.html)"
167.114.209.104 - - [09/Oct/2022:03:44:55 +0200] "GET /-p-32537.html HTTP/1.0" 200 72248 "-" "Mozilla/5.0 (compatible; MJ12bot/v1.4.8; http://mj12bot.com/)"
167.114.209.104 - - [09/Oct/2022:03:44:59 +0200] "GET /cars-crayola-set-color-by-number-p-16613.html HTTP/1.0" 301 72315 "-" "Mozilla/5.0 (compatible; MJ12bot/v1.4.8; http://mj12bot.com/)"
185.191.171.25 - - [09/Oct/2022:03:44:59 +0200] "GET /shoulder-bag-by-teo-jasmin-jasmine-stardust-p-41280.html HTTP/1.0" 301 72315 "-" "Mozilla/5.0 (compatible; SemrushBot/7~bl; +http://www.semrush.com/bot.html)"
167.114.209.104 - - [09/Oct/2022:03:45:02 +0200] "GET /-p-16613.html HTTP/1.0" 200 72248 "-" "Mozilla/5.0 (compatible; MJ12bot/v1.4.8; http://mj12bot.com/)"
185.191.171.15 - - [09/Oct/2022:03:45:02 +0200] "GET /-p-41280.html HTTP/1.0" 200 72248 "-" "Mozilla/5.0 (compatible; SemrushBot/7~bl; +http://www.semrush.com/bot.html)"
167.114.209.104 - - [09/Oct/2022:03:45:05 +0200] "GET /cars-crayola-set-coloring-pages-erasable-p-16606.html HTTP/1.0" 301 72315 "-" "Mozilla/5.0 (compatible; MJ12bot/v1.4.8; http://mj12bot.com/)"
185.191.171.15 - - [09/Oct/2022:03:45:05 +0200] "GET /little-toiletry-p-43381.html HTTP/1.0" 200 74959 "-" "Mozilla/5.0 (compatible; SemrushBot/7~bl; +http://www.semrush.com/bot.html)"
167.114.209.104 - - [09/Oct/2022:03:45:09 +0200] "GET /-p-16606.html HTTP/1.0" 200 72248 "-" "Mozilla/5.0 (compatible; MJ12bot/v1.4.8; http://mj12bot.com/)"
185.191.171.20 - - [09/Oct/2022:03:45:13 +0200] "GET /lamp-spirit-charger-p-34692.html?action=add_product HTTP/1.0" 302 476 "-" "Mozilla/5.0 (compatible; SemrushBot/7~bl; +http://www.semrush.com/bot.html)"
167.114.209.104 - - [09/Oct/2022:03:45:12 +0200] "GET /cars-cushion-p-25906.html HTTP/1.0" 301 72315 "-" "Mozilla/5.0 (compatible; MJ12bot/v1.4.8; http://mj12bot.com/)"
103.131.71.214 - - [09/Oct/2022:03:45:16 +0200] "GET /robots.txt HTTP/1.0" 301 531 "-" "Mozilla/5.0 (compatible; coccocbot-image/1.0; +http://help.coccoc.com/searchengine)"
54.36.148.224 - - [09/Oct/2022:03:45:14 +0200] "GET /kiss-statue-rodin-p-50989.html HTTP/1.0" 200 75589 "-" "Mozilla/5.0 (compatible; AhrefsBot/7.0; +http://ahrefs.com/robot/)"
185.191.171.7 - - [09/Oct/2022:03:45:15 +0200] "GET /home-decoration-c-13.html?page=113 HTTP/1.0" 200 94193 "-" "Mozilla/5.0 (compatible; SemrushBot/7~bl; +http://www.semrush.com/bot.html)"
103.131.71.214 - - [09/Oct/2022:03:45:18 +0200] "GET /robots.txt HTTP/1.0" 200 245 "-" "Mozilla/5.0 (compatible; coccocbot-image/1.0; +http://help.coccoc.com/searchengine)"
167.114.209.104 - - [09/Oct/2022:03:45:16 +0200] "GET /-p-25906.html HTTP/1.0" 200 72248 "-" "Mozilla/5.0 (compatible; MJ12bot/v1.4.8; http://mj12bot.com/)"
185.191.171.6 - - [09/Oct/2022:03:45:19 +0200] "GET /paper-fiber-table-lamp-p-53920.html?action=add_product HTTP/1.0" 302 476 "-" "Mozilla/5.0 (compatible; SemrushBot/7~bl; +http://www.semrush.com/bot.html)"
167.114.209.104 - - [09/Oct/2022:03:45:21 +0200] "GET /cars-cushion-p-31714.html HTTP/1.0" 301 72315 "-" "Mozilla/5.0 (compatible; MJ12bot/v1.4.8; http://mj12bot.com/)"
185.191.171.33 - - [09/Oct/2022:03:45:21 +0200] "GET /-p-40874.html?action=add_product HTTP/1.0" 302 476 "-" "Mozilla/5.0 (compatible; SemrushBot/7~bl; +http://www.semrush.com/bot.html)"
167.114.209.104 - - [09/Oct/2022:03:45:24 +0200] "GET /-p-31714.html HTTP/1.0" 200 72248 "-" "Mozilla/5.0 (compatible; MJ12bot/v1.4.8; http://mj12bot.com/)"
185.191.171.35 - - [09/Oct/2022:03:45:27 +0200] "GET /catches-dreams-diameter-of-16-cm-p-43945.html HTTP/1.0" 301 72439 "-" "Mozilla/5.0 (compatible; SemrushBot/7~bl; +http://www.semrush.com/bot.html)"
167.114.209.104 - - [09/Oct/2022:03:45:27 +0200] "GET /cars-disney-birthday-3d-card-with-envelope-p-34431.html HTTP/1.0" 301 72315 "-" "Mozilla/5.0 (compatible; MJ12bot/v1.4.8; http://mj12bot.com/)"
185.191.171.8 - - [09/Oct/2022:03:45:30 +0200] "GET /catches-dreams-diameter-p-43945.html HTTP/1.0" 200 72349 "-" "Mozilla/5.0 (compatible; SemrushBot/7~bl; +http://www.semrush.com/bot.html)"
167.114.209.104 - - [09/Oct/2022:03:45:32 +0200] "GET /-p-34431.html HTTP/1.0" 200 72248 "-" "Mozilla/5.0 (compatible; MJ12bot/v1.4.8; http://mj12bot.com/)"
167.114.209.104 - - [09/Oct/2022:03:45:36 +0200] "GET /cars-disney-grey-tee-shirt-p-31016.html HTTP/1.0" 301 72315 "-" "Mozilla/5.0 (compatible; MJ12bot/v1.4.8; http://mj12bot.com/)"
167.114.209.104 - - [09/Oct/2022:03:45:39 +0200] "GET /-p-31016.html HTTP/1.0" 200 72248 "-" "Mozilla/5.0 (compatible; MJ12bot/v1.4.8; http://mj12bot.com/)"
207.46.13.138 - - [09/Oct/2022:03:45:44 +0200] "GET /images/big_prod/1384220462459.jpg HTTP/1.0" 200 268 "-" "Mozilla/5.0 (compatible; bingbot/2.0; +http://www.bing.com/bingbot.htm)"
167.114.209.104 - - [09/Oct/2022:03:45:43 +0200] "GET /cars-disney-pajamas-p-32508.html HTTP/1.0" 301 72315 "-" "Mozilla/5.0 (compatible; MJ12bot/v1.4.8; http://mj12bot.com/)"
185.191.171.45 - - [09/Oct/2022:03:45:43 +0200] "GET /monkey-statue-resin-said-nothing-nothing-seen-nothing-heard-p-55154.html?action=add_product HTTP/1.0" 302 476 "-" "Mozilla/5.0 (compatible; SemrushBot/7~bl; +http://www.semrush.com/bot.html)"
167.114.209.104 - - [09/Oct/2022:03:45:47 +0200] "GET /-p-32508.html HTTP/1.0" 200 72248 "-" "Mozilla/5.0 (compatible; MJ12bot/v1.4.8; http://mj12bot.com/)"
167.114.209.104 - - [09/Oct/2022:03:45:50 +0200] "GET /cars-disney-trolley-bag-p-30354.html HTTP/1.0" 301 72432 "-" "Mozilla/5.0 (compatible; MJ12bot/v1.4.8; http://mj12bot.com/)"
185.191.171.21 - - [09/Oct/2022:03:45:53 +0200] "GET /-p-45276.html?action=add_product HTTP/1.0" 302 476 "-" "Mozilla/5.0 (compatible; SemrushBot/7~bl; +http://www.semrush.com/bot.html)"
167.114.209.104 - - [09/Oct/2022:03:45:54 +0200] "GET /cars-disney-trolley-p-30354.html HTTP/1.0" 200 72346 "-" "Mozilla/5.0 (compatible; MJ12bot/v1.4.8; http://mj12bot.com/)"
167.114.209.104 - - [09/Oct/2022:03:45:57 +0200] "GET /cars-disney-trolley-p-30354.html HTTP/1.0" 200 72346 "-" "Mozilla/5.0 (compatible; MJ12bot/v1.4.8; http://mj12bot.com/)"
167.114.209.104 - - [09/Oct/2022:03:46:00 +0200] "GET /cars-disney-white-tee-shirt-p-31017.html HTTP/1.0" 301 72315 "-" "Mozilla/5.0 (compatible; MJ12bot/v1.4.8; http://mj12bot.com/)"
66.249.64.244 - - [09/Oct/2022:03:46:03 +0200] "GET /images/mini_prod/8445148012737.jpg HTTP/1.0" 200 269 "-" "Googlebot-Image/1.0"
167.114.209.104 - - [09/Oct/2022:03:46:04 +0200] "GET /-p-31017.html HTTP/1.0" 200 72248 "-" "Mozilla/5.0 (compatible; MJ12bot/v1.4.8; http://mj12bot.com/)"
66.249.64.244 - - [09/Oct/2022:03:46:05 +0200] "GET /picon-metal-tray-p-49717.html HTTP/1.0" 200 74930 "-" "Mozilla/5.0 (compatible; Googlebot/2.1; +http://www.google.com/bot.html)"
167.114.209.104 - - [09/Oct/2022:03:46:07 +0200] "GET /cars-grey-blue-shirt-size-years-p-23588.html HTTP/1.0" 301 72315 "-" "Mozilla/5.0 (compatible; MJ12bot/v1.4.8; http://mj12bot.com/)"
167.114.209.104 - - [09/Oct/2022:03:46:10 +0200] "GET /-p-23588.html HTTP/1.0" 200 72248 "-" "Mozilla/5.0 (compatible; MJ12bot/v1.4.8; http://mj12bot.com/)"
167.114.209.104 - - [09/Oct/2022:03:46:13 +0200] "GET /cars-grey-blue-shirt-size-years-p-23589.html HTTP/1.0" 301 72315 "-" "Mozilla/5.0 (compatible; MJ12bot/v1.4.8; http://mj12bot.com/)"
167.114.209.104 - - [09/Oct/2022:03:46:16 +0200] "GET /-p-23589.html HTTP/1.0" 200 72248 "-" "Mozilla/5.0 (compatible; MJ12bot/v1.4.8; http://mj12bot.com/)"
167.114.209.104 - - [09/Oct/2022:03:46:19 +0200] "GET /cars-grey-blue-shirt-size-years-p-23591.html HTTP/1.0" 301 72315 "-" "Mozilla/5.0 (compatible; MJ12bot/v1.4.8; http://mj12bot.com/)"
167.114.209.104 - - [09/Oct/2022:03:46:22 +0200] "GET /-p-23591.html HTTP/1.0" 200 72248 "-" "Mozilla/5.0 (compatible; MJ12bot/v1.4.8; http://mj12bot.com/)"
167.114.209.104 - - [09/Oct/2022:03:46:26 +0200] "GET /cars-money-box-p-6908.html HTTP/1.0" 301 72312 "-" "Mozilla/5.0 (compatible; MJ12bot/v1.4.8; http://mj12bot.com/)"
167.114.209.104 - - [09/Oct/2022:03:46:28 +0200] "GET /-p-6908.html HTTP/1.0" 200 72246 "-" "Mozilla/5.0 (compatible; MJ12bot/v1.4.8; http://mj12bot.com/)"
167.114.209.104 - - [09/Oct/2022:03:46:32 +0200] "GET /cars-money-p-6908.html HTTP/1.0" 301 72312 "-" "Mozilla/5.0 (compatible; MJ12bot/v1.4.8; http://mj12bot.com/)"
66.249.64.244 - - [09/Oct/2022:03:46:33 +0200] "GET /sacred-heart-jesus-aromatika-incense-sticks-p-47133.html HTTP/1.0" 200 75077 "-" "Mozilla/5.0 (compatible; Googlebot/2.1; +http://www.google.com/bot.html)"
185.191.171.13 - - [09/Oct/2022:03:46:34 +0200] "GET /beauty-terracotta-cache-white-p-55346.html?action=add_product HTTP/1.0" 302 476 "-" "Mozilla/5.0 (compatible; SemrushBot/7~bl; +http://www.semrush.com/bot.html)"
167.114.209.104 - - [09/Oct/2022:03:46:35 +0200] "GET /-p-6908.html HTTP/1.0" 200 72246 "-" "Mozilla/5.0 (compatible; MJ12bot/v1.4.8; http://mj12bot.com/)"
54.36.148.46 - - [09/Oct/2022:03:46:35 +0200] "GET /ballerina-statue-collection-body-talk-p-38819.html HTTP/1.0" 200 75724 "-" "Mozilla/5.0 (compatible; AhrefsBot/7.0; +http://ahrefs.com/robot/)"
185.191.171.41 - - [09/Oct/2022:03:46:38 +0200] "GET /table-lamp-monkey-gold-white-p-54686.html?action=add_product HTTP/1.0" 301 476 "-" "Mozilla/5.0 (compatible; SemrushBot/7~bl; +http://www.semrush.com/bot.html)"
167.114.209.104 - - [09/Oct/2022:03:46:40 +0200] "GET /cat-by-allen-cushion-45-cm-p-40065.html HTTP/1.0" 301 72315 "-" "Mozilla/5.0 (compatible; MJ12bot/v1.4.8; http://mj12bot.com/)"
185.191.171.9 - - [09/Oct/2022:03:46:40 +0200] "GET /cache-pot-with-tortoiseshell-reliefs-bluish-gray-375cm-p-51104.html HTTP/1.0" 301 75546 "-" "Mozilla/5.0 (compatible; SemrushBot/7~bl; +http://www.semrush.com/bot.html)"
167.114.209.104 - - [09/Oct/2022:03:46:42 +0200] "GET /-p-40065.html HTTP/1.0" 200 72248 "-" "Mozilla/5.0 (compatible; MJ12bot/v1.4.8; http://mj12bot.com/)"
185.191.171.6 - - [09/Oct/2022:03:46:43 +0200] "GET /cache-with-tortoiseshell-reliefs-bluish-gray-375cm-p-51104.html HTTP/1.0" 200 75429 "-" "Mozilla/5.0 (compatible; SemrushBot/7~bl; +http://www.semrush.com/bot.html)"
167.114.209.104 - - [09/Oct/2022:03:46:46 +0200] "GET /cat-gold-jewelry-stand-and-white-cup-p-48823.html HTTP/1.0" 301 75215 "-" "Mozilla/5.0 (compatible; MJ12bot/v1.4.8; http://mj12bot.com/)"
167.114.209.104 - - [09/Oct/2022:03:46:49 +0200] "GET /gold-jewelry-stand-white-p-48823.html HTTP/1.0" 200 75124 "-" "Mozilla/5.0 (compatible; MJ12bot/v1.4.8; http://mj12bot.com/)"
167.114.209.104 - - [09/Oct/2022:03:46:53 +0200] "GET /cat-hanging-panel-60-65-cm-p-43867.html HTTP/1.0" 301 72315 "-" "Mozilla/5.0 (compatible; MJ12bot/v1.4.8; http://mj12bot.com/)"
185.191.171.8 - - [09/Oct/2022:03:46:56 +0200] "GET /tann-kids-school-coral-p-44875.html?action=add_product HTTP/1.0" 302 476 "-" "Mozilla/5.0 (compatible; SemrushBot/7~bl; +http://www.semrush.com/bot.html)"
167.114.209.104 - - [09/Oct/2022:03:46:55 +0200] "GET /-p-43867.html HTTP/1.0" 200 72248 "-" "Mozilla/5.0 (compatible; MJ12bot/v1.4.8; http://mj12bot.com/)"
167.114.209.104 - - [09/Oct/2022:03:46:58 +0200] "GET /cat-hanging-panel-77-54-cm-p-43869.html HTTP/1.0" 301 72315 "-" "Mozilla/5.0 (compatible; MJ12bot/v1.4.8; http://mj12bot.com/)"
167.114.209.104 - - [09/Oct/2022:03:47:02 +0200] "GET /-p-43869.html HTTP/1.0" 200 72248 "-" "Mozilla/5.0 (compatible; MJ12bot/v1.4.8; http://mj12bot.com/)"
167.114.209.104 - - [09/Oct/2022:03:47:05 +0200] "GET /cat-on-the-roof-dish-cake-p-37911.html HTTP/1.0" 301 72315 "-" "Mozilla/5.0 (compatible; MJ12bot/v1.4.8; http://mj12bot.com/)"
167.114.209.104 - - [09/Oct/2022:03:47:08 +0200] "GET /-p-37911.html HTTP/1.0" 200 72248 "-" "Mozilla/5.0 (compatible; MJ12bot/v1.4.8; http://mj12bot.com/)"
167.114.209.104 - - [09/Oct/2022:03:47:11 +0200] "GET /cat-tea-ball-beige-p-38025.html HTTP/1.0" 301 74912 "-" "Mozilla/5.0 (compatible; MJ12bot/v1.4.8; http://mj12bot.com/)"
167.114.209.104 - - [09/Oct/2022:03:47:15 +0200] "GET /ball-beige-p-38025.html HTTP/1.0" 200 74835 "-" "Mozilla/5.0 (compatible; MJ12bot/v1.4.8; http://mj12bot.com/)"
185.191.171.15 - - [09/Oct/2022:03:47:15 +0200] "GET /incense-stick-holder-elephant-p-35503.html HTTP/1.0" 200 75917 "-" "Mozilla/5.0 (compatible; SemrushBot/7~bl; +http://www.semrush.com/bot.html)"
