114.119.137.3 - - [09/Oct/2022:07:13:32 +0200] "GET /cbkreation-p-37844.html HTTP/1.0" 200 74861 "http://www.wonder-geek.com/mugs-and-mazagrans-c-12_57.html?page=20" "Mozilla/5.0 (Linux; Android 7.0;) AppleWebKit/537.36 (KHTML, like Gecko) Mobile Safari/537.36 (compatible; PetalBot;+https://webmaster.petalsearch.com/site/petalbot)"
66.249.64.242 - - [09/Oct/2022:07:13:40 +0200] "GET /nici-bear-phone-case-p-23181.html HTTP/1.0" 200 74952 "-" "Mozilla/5.0 (Linux; Android 6.0.1; Nexus 5X Build/MMB29P) AppleWebKit/537.36 (KHTML, like Gecko) Chrome/105.0.5195.125 Mobile Safari/537.36 (compatible; Googlebot/2.1; +http://www.google.com/bot.html)"
185.191.171.36 - - [09/Oct/2022:07:13:50 +0200] "GET /arcenal-football-club-sport-bag-p-36271.html HTTP/1.0" 301 72448 "-" "Mozilla/5.0 (compatible; SemrushBot/7~bl; +http://www.semrush.com/bot.html)"
185.191.171.16 - - [09/Oct/2022:07:13:54 +0200] "GET /arcenal-football-club-sport-p-36271.html HTTP/1.0" 200 72354 "-" "Mozilla/5.0 (compatible; SemrushBot/7~bl; +http://www.semrush.com/bot.html)"
185.191.171.40 - - [09/Oct/2022:07:13:58 +0200] "GET /beige-bunny-plush-p-25884.html?action=add_product HTTP/1.0" 302 476 "-" "Mozilla/5.0 (compatible; SemrushBot/7~bl; +http://www.semrush.com/bot.html)"
185.191.171.9 - - [09/Oct/2022:07:14:00 +0200] "GET /white-key-hook-in-metal-56-cm-p-44992.html HTTP/1.0" 301 75054 "-" "Mozilla/5.0 (compatible; SemrushBot/7~bl; +http://www.semrush.com/bot.html)"
185.191.171.7 - - [09/Oct/2022:07:14:05 +0200] "GET /-p-42447.html?action=add_product HTTP/1.0" 302 476 "-" "Mozilla/5.0 (compatible; SemrushBot/7~bl; +http://www.semrush.com/bot.html)"
185.191.171.3 - - [09/Oct/2022:07:14:07 +0200] "GET /white-hook-metal-p-44992.html HTTP/1.0" 200 74971 "-" "Mozilla/5.0 (compatible; SemrushBot/7~bl; +http://www.semrush.com/bot.html)"
185.191.171.35 - - [09/Oct/2022:07:14:15 +0200] "GET /mirror-eye-wall-decor-metal-p-47503.html HTTP/1.0" 301 75595 "-" "Mozilla/5.0 (compatible; SemrushBot/7~bl; +http://www.semrush.com/bot.html)"
185.191.171.19 - - [09/Oct/2022:07:14:19 +0200] "GET /mirror-wall-decor-metal-p-47503.html HTTP/1.0" 200 75505 "-" "Mozilla/5.0 (compatible; SemrushBot/7~bl; +http://www.semrush.com/bot.html)"
185.191.171.11 - - [09/Oct/2022:07:14:25 +0200] "GET /cars-melamine-dinner-p-20358.html?action=add_product HTTP/1.0" 302 476 "-" "Mozilla/5.0 (compatible; SemrushBot/7~bl; +http://www.semrush.com/bot.html)"
185.191.171.40 - - [09/Oct/2022:07:14:26 +0200] "GET /fiat-clock-p-29050.html?action=add_product HTTP/1.0" 302 476 "-" "Mozilla/5.0 (compatible; SemrushBot/7~bl; +http://www.semrush.com/bot.html)"
66.249.64.242 - - [09/Oct/2022:07:14:38 +0200] "GET /jane-crowther-cats-p-54762.html HTTP/1.0" 200 75590 "-" "Mozilla/5.0 (Linux; Android 6.0.1; Nexus 5X Build/MMB29P) AppleWebKit/537.36 (KHTML, like Gecko) Chrome/105.0.5195.125 Mobile Safari/537.36 (compatible; Googlebot/2.1; +http://www.google.com/bot.html)"
114.119.137.3 - - [09/Oct/2022:07:14:45 +0200] "GET /box-for-bottles-of-essential-oils-in-sheesham-wood-p-48751.html HTTP/1.0" 301 72315 "http://www.wonder-geek.com/boxes-and-storage-box-c-13_150.html?page=13" "Mozilla/5.0 (Linux; Android 7.0;) AppleWebKit/537.36 (KHTML, like Gecko) Mobile Safari/537.36 (compatible; PetalBot;+https://webmaster.petalsearch.com/site/petalbot)"
114.119.137.3 - - [09/Oct/2022:07:14:48 +0200] "GET /-p-48751.html HTTP/1.0" 200 72248 "http://www.wonder-geek.com/boxes-and-storage-box-c-13_150.html?page=13" "Mozilla/5.0 (Linux; Android 7.0;) AppleWebKit/537.36 (KHTML, like Gecko) Mobile Safari/537.36 (compatible; PetalBot;+https://webmaster.petalsearch.com/site/petalbot)"
51.68.224.127 - - [09/Oct/2022:07:15:26 +0200] "GET /adminweb/export_orders_xml.php?token=256de2z6edz6ed2z6DFSFsed2zed6zeDSFDSGdzedezfzf&maxorders=10&orderstart=1&status=14&start_date=2018-10-01 HTTP/1.0" 200 285 "-" "GesCom CharlotteBoutik Serveur"
54.36.149.26 - - [09/Oct/2022:07:15:22 +0200] "GET /african-decoration-child-leopard-p-53726.html HTTP/1.0" 200 75079 "-" "Mozilla/5.0 (compatible; AhrefsBot/7.0; +http://ahrefs.com/robot/)"
185.191.171.40 - - [09/Oct/2022:07:14:59 +0200] "GET /home-decoration-c-13.html?page=51 HTTP/1.0" 200 93721 "-" "Mozilla/5.0 (compatible; SemrushBot/7~bl; +http://www.semrush.com/bot.html)"
185.191.171.34 - - [09/Oct/2022:07:15:31 +0200] "GET /mobilgas-metal-plate-deco-p-41070.html?action=add_product HTTP/1.0" 302 476 "-" "Mozilla/5.0 (compatible; SemrushBot/7~bl; +http://www.semrush.com/bot.html)"
173.252.83.116 - - [09/Oct/2022:07:15:31 +0200] "GET /images/mini_prod/8719172833973A.jpg HTTP/1.0" 200 270 "-" "facebookexternalhit/1.1 (+http://www.facebook.com/externalhit_uatext.php)"
51.68.224.127 - - [09/Oct/2022:07:15:27 +0200] "GET /adminweb/export_orders_xml.php?token=256de2z6edz6ed2z6DFSFsed2zed6zeDSFDSGdzedezfzf&maxorders=10&orderstart=1&status=6&start_date=2018-10-01 HTTP/1.0" 200 33985 "-" "GesCom CharlotteBoutik Serveur"
185.191.171.15 - - [09/Oct/2022:07:15:53 +0200] "GET /winnie-pooh-money-p-6905.html?action=add_product HTTP/1.0" 301 476 "-" "Mozilla/5.0 (compatible; SemrushBot/7~bl; +http://www.semrush.com/bot.html)"
185.191.171.13 - - [09/Oct/2022:07:15:53 +0200] "GET /robots.txt HTTP/1.0" 200 245 "-" "Mozilla/5.0 (compatible; SemrushBot/7~bl; +http://www.semrush.com/bot.html)"
147.92.153.17 - - [09/Oct/2022:07:15:55 +0200] "GET /jackets-coats-parkas-c-2_41.html HTTP/1.0" 200 79877 "-" "Mozilla/5.0 (compatible; Linespider/1.1; +https://lin.ee/4dwXkTH)"
185.191.171.38 - - [09/Oct/2022:07:15:59 +0200] "GET /radio-60-blue-with-bluetooth-p-39010.html HTTP/1.0" 301 72430 "-" "Mozilla/5.0 (compatible; SemrushBot/7~bl; +http://www.semrush.com/bot.html)"
185.191.171.16 - - [09/Oct/2022:07:16:03 +0200] "GET /industrial-decorative-chest-p-48074.html?action=add_product HTTP/1.0" 302 476 "-" "Mozilla/5.0 (compatible; SemrushBot/7~bl; +http://www.semrush.com/bot.html)"
185.191.171.15 - - [09/Oct/2022:07:16:06 +0200] "GET /radio-blue-with-bluetooth-p-39010.html HTTP/1.0" 200 72338 "-" "Mozilla/5.0 (compatible; SemrushBot/7~bl; +http://www.semrush.com/bot.html)"
185.191.171.26 - - [09/Oct/2022:07:16:16 +0200] "GET /buddhist-bracelet-wooden-beads-black-p-37664.html?action=add_product HTTP/1.0" 302 476 "-" "Mozilla/5.0 (compatible; SemrushBot/7~bl; +http://www.semrush.com/bot.html)"
185.191.171.3 - - [09/Oct/2022:07:16:26 +0200] "GET /talent-richard-wagner-tassen-made-germany-p-46343.html?action=add_product HTTP/1.0" 302 476 "-" "Mozilla/5.0 (compatible; SemrushBot/7~bl; +http://www.semrush.com/bot.html)"
185.191.171.25 - - [09/Oct/2022:07:16:50 +0200] "GET /-p-39143.html?action=add_product HTTP/1.0" 302 476 "-" "Mozilla/5.0 (compatible; SemrushBot/7~bl; +http://www.semrush.com/bot.html)"
185.191.171.18 - - [09/Oct/2022:07:16:52 +0200] "GET /le-gendarme-de-saint-tropez-metal-plate-deco-21-15-cm-p-47183.html HTTP/1.0" 301 75268 "-" "Mozilla/5.0 (compatible; SemrushBot/7~bl; +http://www.semrush.com/bot.html)"
185.191.171.24 - - [09/Oct/2022:07:16:57 +0200] "GET /gendarme-saint-tropez-metal-plate-deco-p-47183.html HTTP/1.0" 200 75163 "-" "Mozilla/5.0 (compatible; SemrushBot/7~bl; +http://www.semrush.com/bot.html)"
185.191.171.3 - - [09/Oct/2022:07:17:02 +0200] "GET /decorative-wooden-plate-habite-chez-mon-chien-light-brown-p-47829.html HTTP/1.0" 301 72558 "-" "Mozilla/5.0 (compatible; SemrushBot/7~bl; +http://www.semrush.com/bot.html)"
185.191.171.5 - - [09/Oct/2022:07:17:08 +0200] "GET /decorative-wooden-plate-habite-chez-chien-light-brown-p-47829.html HTTP/1.0" 200 72438 "-" "Mozilla/5.0 (compatible; SemrushBot/7~bl; +http://www.semrush.com/bot.html)"
185.191.171.16 - - [09/Oct/2022:07:17:17 +0200] "GET /egg-cup-p-40823.html?action=add_product HTTP/1.0" 302 476 "-" "Mozilla/5.0 (compatible; SemrushBot/7~bl; +http://www.semrush.com/bot.html)"
114.119.137.43 - - [09/Oct/2022:07:17:17 +0200] "GET /images/big_prod_1/3453131159876B.jpg HTTP/1.0" 200 271 "http://www.wonder-geek.com/table-bell-bisous-p-58132.html" "Mozilla/5.0 (Linux; Android 7.0;) AppleWebKit/537.36 (KHTML, like Gecko) Mobile Safari/537.36 (compatible; PetalBot;+https://webmaster.petalsearch.com/site/petalbot)"
185.191.171.18 - - [09/Oct/2022:07:17:18 +0200] "GET /large-plush-tchoupi-p-27482.html?action=add_product HTTP/1.0" 302 476 "-" "Mozilla/5.0 (compatible; SemrushBot/7~bl; +http://www.semrush.com/bot.html)"
185.191.171.3 - - [09/Oct/2022:07:17:30 +0200] "GET /capricorn-mousepad-by-cbkreation-p-43301.html HTTP/1.0" 301 75077 "-" "Mozilla/5.0 (compatible; SemrushBot/7~bl; +http://www.semrush.com/bot.html)"
185.191.171.45 - - [09/Oct/2022:07:17:35 +0200] "GET /capricorn-mousepad-cbkreation-p-43301.html HTTP/1.0" 200 74981 "-" "Mozilla/5.0 (compatible; SemrushBot/7~bl; +http://www.semrush.com/bot.html)"
54.36.148.139 - - [09/Oct/2022:07:17:46 +0200] "GET /resin-statuette-naked-woman-p-52874.html HTTP/1.0" 200 72358 "-" "Mozilla/5.0 (compatible; AhrefsBot/7.0; +http://ahrefs.com/robot/)"
185.191.171.14 - - [09/Oct/2022:07:18:01 +0200] "GET /pink-flamingo-white-women-shirt-p-34207.html?action=add_product HTTP/1.0" 302 476 "-" "Mozilla/5.0 (compatible; SemrushBot/7~bl; +http://www.semrush.com/bot.html)"
185.191.171.25 - - [09/Oct/2022:07:18:13 +0200] "GET /pugsley-keel-toys-plush-unicorn-light-pink-14-cm-p-46897.html HTTP/1.0" 301 75299 "-" "Mozilla/5.0 (compatible; SemrushBot/7~bl; +http://www.semrush.com/bot.html)"
185.191.171.6 - - [09/Oct/2022:07:18:18 +0200] "GET /mani-lucky-figurine-p-47600.html?action=add_product HTTP/1.0" 301 476 "-" "Mozilla/5.0 (compatible; SemrushBot/7~bl; +http://www.semrush.com/bot.html)"
66.249.64.242 - - [09/Oct/2022:07:18:20 +0200] "GET /images/big_prod/3453131155052.jpg HTTP/1.0" 200 268 "-" "Googlebot-Image/1.0"
185.191.171.3 - - [09/Oct/2022:07:18:20 +0200] "GET /animals-alarm-clock-cbkreation-p-43812.html HTTP/1.0" 200 75037 "-" "Mozilla/5.0 (compatible; SemrushBot/7~bl; +http://www.semrush.com/bot.html)"
185.191.171.45 - - [09/Oct/2022:07:18:25 +0200] "GET /pugsley-keel-toys-plush-unicorn-light-pink-p-46897.html HTTP/1.0" 200 75190 "-" "Mozilla/5.0 (compatible; SemrushBot/7~bl; +http://www.semrush.com/bot.html)"
185.191.171.41 - - [09/Oct/2022:07:18:30 +0200] "GET /fitted-sheet-turquoise-p-36582.html?action=add_product HTTP/1.0" 302 476 "-" "Mozilla/5.0 (compatible; SemrushBot/7~bl; +http://www.semrush.com/bot.html)"
185.191.171.37 - - [09/Oct/2022:07:18:38 +0200] "GET /-p-22440.html?action=add_product HTTP/1.0" 302 476 "-" "Mozilla/5.0 (compatible; SemrushBot/7~bl; +http://www.semrush.com/bot.html)"
185.191.171.16 - - [09/Oct/2022:07:18:44 +0200] "GET /marmot-melamine-tray-50-38-cm-p-45131.html HTTP/1.0" 301 72427 "-" "Mozilla/5.0 (compatible; SemrushBot/7~bl; +http://www.semrush.com/bot.html)"
185.191.171.33 - - [09/Oct/2022:07:18:48 +0200] "GET /marmot-melamine-tray-p-45131.html HTTP/1.0" 200 72340 "-" "Mozilla/5.0 (compatible; SemrushBot/7~bl; +http://www.semrush.com/bot.html)"
114.119.137.45 - - [09/Oct/2022:07:18:46 +0200] "GET /comptoir-bowl-p-50626.html HTTP/1.0" 200 74827 "http://www.wonder-geek.com/bowls-c-12_60.html?page=2" "Mozilla/5.0 (Linux; Android 7.0;) AppleWebKit/537.36 (KHTML, like Gecko) Mobile Safari/537.36 (compatible; PetalBot;+https://webmaster.petalsearch.com/site/petalbot)"
185.191.171.8 - - [09/Oct/2022:07:19:14 +0200] "GET /bamboo-fiber-plant-cover-p-54531.html?action=add_product HTTP/1.0" 302 476 "-" "Mozilla/5.0 (compatible; SemrushBot/7~bl; +http://www.semrush.com/bot.html)"
185.191.171.37 - - [09/Oct/2022:07:19:31 +0200] "GET /gorjuss-glasses-box-bubble-fairy-p-46942.html HTTP/1.0" 301 76520 "-" "Mozilla/5.0 (compatible; SemrushBot/7~bl; +http://www.semrush.com/bot.html)"
185.191.171.21 - - [09/Oct/2022:07:19:34 +0200] "GET /gorjuss-glasses-bubble-fairy-p-46942.html HTTP/1.0" 200 76425 "-" "Mozilla/5.0 (compatible; SemrushBot/7~bl; +http://www.semrush.com/bot.html)"
66.249.64.244 - - [09/Oct/2022:07:19:39 +0200] "GET /kitten-cardboard-p-27644.html HTTP/1.0" 200 75091 "-" "Mozilla/5.0 (Linux; Android 6.0.1; Nexus 5X Build/MMB29P) AppleWebKit/537.36 (KHTML, like Gecko) Chrome/105.0.5195.125 Mobile Safari/537.36 (compatible; Googlebot/2.1; +http://www.google.com/bot.html)"
114.119.137.43 - - [09/Oct/2022:07:19:48 +0200] "GET /images/mini_prod/5051276457772.jpg HTTP/1.0" 200 269 "http://www.wonder-geek.com/fragrances-ambiance-c-231.html?page=36" "Mozilla/5.0 (Linux; Android 7.0;) AppleWebKit/537.36 (KHTML, like Gecko) Mobile Safari/537.36 (compatible; PetalBot;+https://webmaster.petalsearch.com/site/petalbot)"
54.36.149.38 - - [09/Oct/2022:07:20:07 +0200] "GET /large-buddha-statue-p-55941.html HTTP/1.0" 200 72314 "-" "Mozilla/5.0 (compatible; AhrefsBot/7.0; +http://ahrefs.com/robot/)"
185.191.171.25 - - [09/Oct/2022:07:20:08 +0200] "GET /microfibre-base-cover-light-brown-p-47977.html?action=add_product HTTP/1.0" 302 476 "-" "Mozilla/5.0 (compatible; SemrushBot/7~bl; +http://www.semrush.com/bot.html)"
173.252.83.17 - - [09/Oct/2022:07:20:12 +0200] "GET /images/mini_prod/4260082934945.jpg HTTP/1.0" 200 269 "-" "facebookexternalhit/1.1 (+http://www.facebook.com/externalhit_uatext.php)"
185.191.171.1 - - [09/Oct/2022:07:20:20 +0200] "GET /-p-15264.html?action=add_product HTTP/1.0" 302 476 "-" "Mozilla/5.0 (compatible; SemrushBot/7~bl; +http://www.semrush.com/bot.html)"
185.191.171.9 - - [09/Oct/2022:07:20:22 +0200] "GET /mobile-tealight-brown-patinated-metal-butterfly-heart-p-37208.html?action=add_product HTTP/1.0" 302 476 "-" "Mozilla/5.0 (compatible; SemrushBot/7~bl; +http://www.semrush.com/bot.html)"
185.191.171.3 - - [09/Oct/2022:07:20:27 +0200] "GET /frida-khalo-saucer-p-50157.html?action=add_product HTTP/1.0" 302 476 "-" "Mozilla/5.0 (compatible; SemrushBot/7~bl; +http://www.semrush.com/bot.html)"
185.191.171.16 - - [09/Oct/2022:07:20:56 +0200] "GET /cats-by-dubout-figurine-mum-and-her-babies-p-33339.html HTTP/1.0" 301 76179 "-" "Mozilla/5.0 (compatible; SemrushBot/7~bl; +http://www.semrush.com/bot.html)"
185.191.171.18 - - [09/Oct/2022:07:20:59 +0200] "GET /cats-dubout-figurine-babies-p-33339.html HTTP/1.0" 200 76085 "-" "Mozilla/5.0 (compatible; SemrushBot/7~bl; +http://www.semrush.com/bot.html)"
114.119.137.3 - - [09/Oct/2022:07:21:04 +0200] "GET /lucky-girl-etienne-boyer-shirt-p-30978.html HTTP/1.0" 200 76925 "http://www.wonder-geek.com/shirts-sweatshirts-women-c-53_55.html?page=7" "Mozilla/5.0 (Linux; Android 7.0;) AppleWebKit/537.36 (KHTML, like Gecko) Mobile Safari/537.36 (compatible; PetalBot;+https://webmaster.petalsearch.com/site/petalbot)"
185.191.171.19 - - [09/Oct/2022:07:21:06 +0200] "GET /-p-52272.html?action=add_product HTTP/1.0" 302 476 "-" "Mozilla/5.0 (compatible; SemrushBot/7~bl; +http://www.semrush.com/bot.html)"
185.191.171.11 - - [09/Oct/2022:07:21:10 +0200] "GET /-p-36947.html HTTP/1.0" 200 72248 "-" "Mozilla/5.0 (compatible; SemrushBot/7~bl; +http://www.semrush.com/bot.html)"
66.249.64.242 - - [09/Oct/2022:07:21:12 +0200] "GET /wall-decoration-green-model-p-41004.html HTTP/1.0" 200 75001 "-" "Mozilla/5.0 (Linux; Android 6.0.1; Nexus 5X Build/MMB29P) AppleWebKit/537.36 (KHTML, like Gecko) Chrome/105.0.5195.125 Mobile Safari/537.36 (compatible; Googlebot/2.1; +http://www.google.com/bot.html)"
185.191.171.22 - - [09/Oct/2022:07:21:36 +0200] "GET /lille-losc-p-50783.html?action=add_product HTTP/1.0" 302 476 "-" "Mozilla/5.0 (compatible; SemrushBot/7~bl; +http://www.semrush.com/bot.html)"
185.191.171.7 - - [09/Oct/2022:07:21:43 +0200] "GET /-p-30232.html?action=add_product HTTP/1.0" 302 476 "-" "Mozilla/5.0 (compatible; SemrushBot/7~bl; +http://www.semrush.com/bot.html)"
185.191.171.8 - - [09/Oct/2022:07:22:03 +0200] "GET /taraxacum-flowers-lighting-p-42368.html HTTP/1.0" 200 72369 "-" "Mozilla/5.0 (compatible; SemrushBot/7~bl; +http://www.semrush.com/bot.html)"
185.191.171.36 - - [09/Oct/2022:07:22:13 +0200] "GET /simpsons-shadow-tray-p-17921.html?action=add_product HTTP/1.0" 301 476 "-" "Mozilla/5.0 (compatible; SemrushBot/7~bl; +http://www.semrush.com/bot.html)"
114.119.137.45 - - [09/Oct/2022:07:22:21 +0200] "GET /salt-with-wooden-spoon-mateline-p-54488.html HTTP/1.0" 200 75059 "http://www.wonder-geek.com/salt-boxes-jars-c-12_223.html" "Mozilla/5.0 (Linux; Android 7.0;) AppleWebKit/537.36 (KHTML, like Gecko) Mobile Safari/537.36 (compatible; PetalBot;+https://webmaster.petalsearch.com/site/petalbot)"
47.94.243.250 - - [09/Oct/2022:07:22:29 +0200] "GET /images/mini_prod/MISES-EN-SITUATION-15.jpg HTTP/1.0" 200 277 "-" "Mozilla/5.0 (Macintosh; Intel Mac OS X 10_15_7) AppleWebKit/537.36 (KHTML, like Gecko) Chrome/105.0.0.0 Safari/537.36"
185.191.171.16 - - [09/Oct/2022:07:22:37 +0200] "GET /cats-flowers-large-glass-sold-individually-p-45627.html?action=add_product HTTP/1.0" 301 476 "-" "Mozilla/5.0 (compatible; SemrushBot/7~bl; +http://www.semrush.com/bot.html)"
185.191.171.14 - - [09/Oct/2022:07:22:38 +0200] "GET /alarm-clock-dubout-cats-alignement-p-38716.html?action=add_product HTTP/1.0" 302 476 "-" "Mozilla/5.0 (compatible; SemrushBot/7~bl; +http://www.semrush.com/bot.html)"
54.36.148.239 - - [09/Oct/2022:07:22:37 +0200] "GET /flower-pots-c-13_275.html?page=8 HTTP/1.0" 200 94711 "-" "Mozilla/5.0 (compatible; AhrefsBot/7.0; +http://ahrefs.com/robot/)"
185.191.171.15 - - [09/Oct/2022:07:22:41 +0200] "GET /horses-bookends-p-57573.html?action=add_product HTTP/1.0" 302 476 "-" "Mozilla/5.0 (compatible; SemrushBot/7~bl; +http://www.semrush.com/bot.html)"
185.191.171.19 - - [09/Oct/2022:07:22:42 +0200] "GET /-p-36522.html?action=add_product HTTP/1.0" 302 476 "-" "Mozilla/5.0 (compatible; SemrushBot/7~bl; +http://www.semrush.com/bot.html)"
152.136.128.182 - - [09/Oct/2022:07:22:44 +0200] "GET /images/mini_prod/1399980107748.jpg HTTP/1.0" 200 269 "-" "python-requests/2.27.1"
185.191.171.1 - - [09/Oct/2022:07:22:45 +0200] "GET /keyring-cbkreation-p-43225.html?action=add_product HTTP/1.0" 302 476 "-" "Mozilla/5.0 (compatible; SemrushBot/7~bl; +http://www.semrush.com/bot.html)"
185.191.171.13 - - [09/Oct/2022:07:23:03 +0200] "GET /-p-42550.html?action=add_product HTTP/1.0" 302 476 "-" "Mozilla/5.0 (compatible; SemrushBot/7~bl; +http://www.semrush.com/bot.html)"
185.191.171.40 - - [09/Oct/2022:07:23:28 +0200] "GET /small-piggy-bank-white-p-55213.html?action=add_product HTTP/1.0" 302 476 "-" "Mozilla/5.0 (compatible; SemrushBot/7~bl; +http://www.semrush.com/bot.html)"
114.119.133.245 - - [09/Oct/2022:07:23:39 +0200] "GET /santa-cheerful-helper-flying-dumbo-reindeer-figurine-p-56585.html HTTP/1.0" 200 76268 "http://www.wonder-geek.com/figurines-statuettes-statues-decoration-collection-c-292.html?page=13" "Mozilla/5.0 (Linux; Android 7.0;) AppleWebKit/537.36 (KHTML, like Gecko) Mobile Safari/537.36 (compatible; PetalBot;+https://webmaster.petalsearch.com/site/petalbot)"
185.191.171.43 - - [09/Oct/2022:07:23:45 +0200] "GET /metal-wood-decoration-route-p-44442.html?action=add_product HTTP/1.0" 302 476 "-" "Mozilla/5.0 (compatible; SemrushBot/7~bl; +http://www.semrush.com/bot.html)"
185.191.171.33 - - [09/Oct/2022:07:23:54 +0200] "GET /salad-bowl-bowls-bamboo-cutlery-p-47785.html?action=add_product HTTP/1.0" 302 476 "-" "Mozilla/5.0 (compatible; SemrushBot/7~bl; +http://www.semrush.com/bot.html)"
185.191.171.2 - - [09/Oct/2022:07:24:36 +0200] "GET /pucca-cap-54-cm-p-22264.html HTTP/1.0" 301 74957 "-" "Mozilla/5.0 (compatible; SemrushBot/7~bl; +http://www.semrush.com/bot.html)"
185.191.171.19 - - [09/Oct/2022:07:24:39 +0200] "GET /curtain-panel-with-eyelets-linen-p-49365.html?action=add_product HTTP/1.0" 302 476 "-" "Mozilla/5.0 (compatible; SemrushBot/7~bl; +http://www.semrush.com/bot.html)"
185.191.171.25 - - [09/Oct/2022:07:24:41 +0200] "GET /vivienne-hedgehog-cement-p-44524.html?action=add_product HTTP/1.0" 302 476 "-" "Mozilla/5.0 (compatible; SemrushBot/7~bl; +http://www.semrush.com/bot.html)"
185.191.171.42 - - [09/Oct/2022:07:24:43 +0200] "GET /pucca-p-22264.html HTTP/1.0" 200 74885 "-" "Mozilla/5.0 (compatible; SemrushBot/7~bl; +http://www.semrush.com/bot.html)"
185.191.171.26 - - [09/Oct/2022:07:24:47 +0200] "GET /siberian-tiger-poster-p-28291.html?action=add_product HTTP/1.0" 301 476 "-" "Mozilla/5.0 (compatible; SemrushBot/7~bl; +http://www.semrush.com/bot.html)"
114.119.137.45 - - [09/Oct/2022:07:24:55 +0200] "GET /flower-life-large-cabas-p-39394.html HTTP/1.0" 200 74953 "http://www.wonder-geek.com/luggages-schoolbags-leather-shop-c-31.html?page=45" "Mozilla/5.0 (Linux; Android 7.0;) AppleWebKit/537.36 (KHTML, like Gecko) Mobile Safari/537.36 (compatible; PetalBot;+https://webmaster.petalsearch.com/site/petalbot)"
173.252.83.21 - - [09/Oct/2022:07:24:57 +0200] "GET /images/mini_prod/3700276281758050720122.jpg HTTP/1.0" 200 278 "-" "facebookexternalhit/1.1 (+http://www.facebook.com/externalhit_uatext.php)"
54.36.148.222 - - [09/Oct/2022:07:24:56 +0200] "GET /flower-pots-c-13_275.html?page=6 HTTP/1.0" 200 94640 "-" "Mozilla/5.0 (compatible; AhrefsBot/7.0; +http://ahrefs.com/robot/)"
185.191.171.17 - - [09/Oct/2022:07:25:18 +0200] "GET /butterfly-wall-decoration-24-19-cm-pink-model-p-47398.html HTTP/1.0" 301 72315 "-" "Mozilla/5.0 (compatible; SemrushBot/7~bl; +http://www.semrush.com/bot.html)"
66.249.64.242 - - [09/Oct/2022:07:25:21 +0200] "GET /images/big_prod/3503420076510.jpg HTTP/1.0" 200 268 "-" "Googlebot-Image/1.0"
185.191.171.25 - - [09/Oct/2022:07:25:21 +0200] "GET /-p-47398.html HTTP/1.0" 200 72248 "-" "Mozilla/5.0 (compatible; SemrushBot/7~bl; +http://www.semrush.com/bot.html)"
185.191.171.42 - - [09/Oct/2022:07:25:25 +0200] "GET /metal-bicycle-bookend-p-58077.html?action=add_product HTTP/1.0" 302 476 "-" "Mozilla/5.0 (compatible; SemrushBot/7~bl; +http://www.semrush.com/bot.html)"
185.191.171.10 - - [09/Oct/2022:07:25:28 +0200] "GET /cancer-clasic-keyring-cbkreation-p-56278.html HTTP/1.0" 301 72315 "-" "Mozilla/5.0 (compatible; SemrushBot/7~bl; +http://www.semrush.com/bot.html)"
185.191.171.4 - - [09/Oct/2022:07:25:31 +0200] "GET /-p-56278.html HTTP/1.0" 200 72248 "-" "Mozilla/5.0 (compatible; SemrushBot/7~bl; +http://www.semrush.com/bot.html)"
185.191.171.7 - - [09/Oct/2022:07:25:57 +0200] "GET /sardines-de-marseille-adult-apron-p-51188.html HTTP/1.0" 301 74989 "-" "Mozilla/5.0 (compatible; SemrushBot/7~bl; +http://www.semrush.com/bot.html)"
185.191.171.45 - - [09/Oct/2022:07:26:00 +0200] "GET /sardines-marseille-adult-apron-p-51188.html HTTP/1.0" 200 74892 "-" "Mozilla/5.0 (compatible; SemrushBot/7~bl; +http://www.semrush.com/bot.html)"
185.191.171.39 - - [09/Oct/2022:07:26:03 +0200] "GET /tweety-money-p-24157.html?action=add_product HTTP/1.0" 301 476 "-" "Mozilla/5.0 (compatible; SemrushBot/7~bl; +http://www.semrush.com/bot.html)"
185.191.171.23 - - [09/Oct/2022:07:26:10 +0200] "GET /-p-3532.html?action=add_product HTTP/1.0" 302 476 "-" "Mozilla/5.0 (compatible; SemrushBot/7~bl; +http://www.semrush.com/bot.html)"
114.119.137.45 - - [09/Oct/2022:07:26:13 +0200] "GET /wooden-metal-frame-rosace-p-45868.html HTTP/1.0" 200 72368 "http://www.wonder-geek.com/home-decoration-c-13.html?page=280" "Mozilla/5.0 (Linux; Android 7.0;) AppleWebKit/537.36 (KHTML, like Gecko) Mobile Safari/537.36 (compatible; PetalBot;+https://webmaster.petalsearch.com/site/petalbot)"
185.191.171.33 - - [09/Oct/2022:07:26:16 +0200] "GET /gothic-black-lamp-p-23011.html HTTP/1.0" 200 72322 "-" "Mozilla/5.0 (compatible; SemrushBot/7~bl; +http://www.semrush.com/bot.html)"
185.191.171.25 - - [09/Oct/2022:07:26:31 +0200] "GET /liane-bedclothes-240-220-cm-p-42601.html HTTP/1.0" 301 72315 "-" "Mozilla/5.0 (compatible; SemrushBot/7~bl; +http://www.semrush.com/bot.html)"
185.191.171.5 - - [09/Oct/2022:07:26:34 +0200] "GET /-p-42601.html HTTP/1.0" 200 72248 "-" "Mozilla/5.0 (compatible; SemrushBot/7~bl; +http://www.semrush.com/bot.html)"
66.249.64.242 - - [09/Oct/2022:07:26:46 +0200] "GET /images/big_prod/5051276255644.jpg HTTP/1.0" 200 268 "-" "Googlebot-Image/1.0"
66.249.64.242 - - [09/Oct/2022:07:26:52 +0200] "GET /images/1300010239971.jpg HTTP/1.0" 200 259 "-" "Googlebot-Image/1.0"
185.191.171.7 - - [09/Oct/2022:07:26:52 +0200] "GET /laughing-emoticon-cushion-45-45-cm-p-39372.html HTTP/1.0" 301 72315 "-" "Mozilla/5.0 (compatible; SemrushBot/7~bl; +http://www.semrush.com/bot.html)"
66.249.64.242 - - [09/Oct/2022:07:26:56 +0200] "GET /images/big_prod_1/3665269201086B.jpg HTTP/1.0" 200 271 "-" "Googlebot-Image/1.0"
185.191.171.12 - - [09/Oct/2022:07:26:55 +0200] "GET /-p-39372.html HTTP/1.0" 200 72248 "-" "Mozilla/5.0 (compatible; SemrushBot/7~bl; +http://www.semrush.com/bot.html)"
66.249.64.242 - - [09/Oct/2022:07:26:56 +0200] "GET /images/big_prod/8712159166675.jpg HTTP/1.0" 200 268 "-" "Googlebot-Image/1.0"
185.191.171.45 - - [09/Oct/2022:07:26:58 +0200] "GET /barbapapa-pink-kids-school-bag-p-14471.html HTTP/1.0" 301 75331 "-" "Mozilla/5.0 (compatible; SemrushBot/7~bl; +http://www.semrush.com/bot.html)"
185.191.171.34 - - [09/Oct/2022:07:27:00 +0200] "GET /barbapapa-pink-kids-school-p-14471.html HTTP/1.0" 200 75238 "-" "Mozilla/5.0 (compatible; SemrushBot/7~bl; +http://www.semrush.com/bot.html)"
157.55.39.231 - - [09/Oct/2022:07:27:06 +0200] "GET /images/8435306234354.jpg HTTP/1.0" 200 259 "-" "Mozilla/5.0 AppleWebKit/537.36 (KHTML, like Gecko; compatible; bingbot/2.0; +http://www.bing.com/bingbot.htm) Chrome/103.0.5060.134 Safari/537.36"
185.191.171.25 - - [09/Oct/2022:07:27:06 +0200] "GET /retro-chest-in-weathered-wood-p-52933.html HTTP/1.0" 301 74990 "-" "Mozilla/5.0 (compatible; SemrushBot/7~bl; +http://www.semrush.com/bot.html)"
185.191.171.45 - - [09/Oct/2022:07:27:09 +0200] "GET /retro-chest-weathered-wood-p-52933.html HTTP/1.0" 200 74897 "-" "Mozilla/5.0 (compatible; SemrushBot/7~bl; +http://www.semrush.com/bot.html)"
185.191.171.21 - - [09/Oct/2022:07:27:13 +0200] "GET /doormat-arabic-panama-60-cm-p-50709.html HTTP/1.0" 301 76118 "-" "Mozilla/5.0 (compatible; SemrushBot/7~bl; +http://www.semrush.com/bot.html)"
185.191.171.6 - - [09/Oct/2022:07:27:16 +0200] "GET /doormat-arabic-panama-p-50709.html HTTP/1.0" 200 76030 "-" "Mozilla/5.0 (compatible; SemrushBot/7~bl; +http://www.semrush.com/bot.html)"
185.191.171.41 - - [09/Oct/2022:07:27:20 +0200] "GET /small-baby-teeth-pink-unicorn-p-43013.html?action=add_product HTTP/1.0" 302 476 "-" "Mozilla/5.0 (compatible; SemrushBot/7~bl; +http://www.semrush.com/bot.html)"
54.36.148.187 - - [09/Oct/2022:07:27:25 +0200] "GET /flower-pots-c-13_275.html?page=5 HTTP/1.0" 200 95156 "-" "Mozilla/5.0 (compatible; AhrefsBot/7.0; +http://ahrefs.com/robot/)"
114.119.137.3 - - [09/Oct/2022:07:27:31 +0200] "GET /flowerpot-filled-with-white-feathers-resin-artificial-plant-p-58089.html HTTP/1.0" 200 75417 "http://www.wonder-geek.com/home-and-decoration-c-13.html?page=140" "Mozilla/5.0 (Linux; Android 7.0;) AppleWebKit/537.36 (KHTML, like Gecko) Mobile Safari/537.36 (compatible; PetalBot;+https://webmaster.petalsearch.com/site/petalbot)"
185.191.171.24 - - [09/Oct/2022:07:27:46 +0200] "GET /pinocchio-figure-p-3601.html?action=add_product HTTP/1.0" 301 476 "-" "Mozilla/5.0 (compatible; SemrushBot/7~bl; +http://www.semrush.com/bot.html)"
185.191.171.22 - - [09/Oct/2022:07:27:54 +0200] "GET /resin-statue-monks-hear-see-seeing-p-48284.html HTTP/1.0" 301 75143 "-" "Mozilla/5.0 (compatible; SemrushBot/7~bl; +http://www.semrush.com/bot.html)"
185.191.171.45 - - [09/Oct/2022:07:27:57 +0200] "GET /resin-statue-monks-hear-seeing-p-48284.html HTTP/1.0" 200 75046 "-" "Mozilla/5.0 (compatible; SemrushBot/7~bl; +http://www.semrush.com/bot.html)"
185.191.171.44 - - [09/Oct/2022:07:28:13 +0200] "GET /teo-jasmin-small-cabas-marley-p-40987.html HTTP/1.0" 301 72315 "-" "Mozilla/5.0 (compatible; SemrushBot/7~bl; +http://www.semrush.com/bot.html)"
185.191.171.16 - - [09/Oct/2022:07:28:15 +0200] "GET /-p-40987.html HTTP/1.0" 200 72248 "-" "Mozilla/5.0 (compatible; SemrushBot/7~bl; +http://www.semrush.com/bot.html)"
185.191.171.6 - - [09/Oct/2022:07:28:39 +0200] "GET /adhesive-wall-decoration-mandala-p-53908.html?action=add_product HTTP/1.0" 302 476 "-" "Mozilla/5.0 (compatible; SemrushBot/7~bl; +http://www.semrush.com/bot.html)"
114.119.133.245 - - [09/Oct/2022:07:28:47 +0200] "GET /strawberries-oilcloth-240-160-cm-p-48559.html HTTP/1.0" 301 72436 "http://www.wonder-geek.com/tablecloths-c-11_176.html?page=1" "Mozilla/5.0 (Linux; Android 7.0;) AppleWebKit/537.36 (KHTML, like Gecko) Mobile Safari/537.36 (compatible; PetalBot;+https://webmaster.petalsearch.com/site/petalbot)"
185.191.171.17 - - [09/Oct/2022:07:28:48 +0200] "GET /calavera-de-la-muerte-by-etienne-boyer-white-tee-shirt-p-30767.html HTTP/1.0" 301 77461 "-" "Mozilla/5.0 (compatible; SemrushBot/7~bl; +http://www.semrush.com/bot.html)"
114.119.133.245 - - [09/Oct/2022:07:28:49 +0200] "GET /strawberries-oilcloth-p-48559.html HTTP/1.0" 200 72348 "http://www.wonder-geek.com/tablecloths-c-11_176.html?page=1" "Mozilla/5.0 (Linux; Android 7.0;) AppleWebKit/537.36 (KHTML, like Gecko) Mobile Safari/537.36 (compatible; PetalBot;+https://webmaster.petalsearch.com/site/petalbot)"
185.191.171.38 - - [09/Oct/2022:07:28:51 +0200] "GET /calavera-muerte-etienne-boyer-white-shirt-p-30767.html HTTP/1.0" 200 77353 "-" "Mozilla/5.0 (compatible; SemrushBot/7~bl; +http://www.semrush.com/bot.html)"
185.191.171.13 - - [09/Oct/2022:07:28:57 +0200] "GET /kimmidoll-dolls-p-47598.html?action=add_product HTTP/1.0" 302 476 "-" "Mozilla/5.0 (compatible; SemrushBot/7~bl; +http://www.semrush.com/bot.html)"
185.191.171.21 - - [09/Oct/2022:07:28:59 +0200] "GET /white-nature-table-lamp-p-52566.html?action=add_product HTTP/1.0" 302 476 "-" "Mozilla/5.0 (compatible; SemrushBot/7~bl; +http://www.semrush.com/bot.html)"
223.38.61.190 - - [09/Oct/2022:07:29:04 +0200] "GET /images/big_prod_2/8422092340062C.jpg HTTP/1.0" 200 271 "-" "Mozilla/5.0 (X11; Ubuntu; Linux x86_64; rv:72.0) Gecko/20100101 Firefox/72.0"
185.191.171.6 - - [09/Oct/2022:07:29:08 +0200] "GET /-p-30610.html?action=add_product HTTP/1.0" 302 476 "-" "Mozilla/5.0 (compatible; SemrushBot/7~bl; +http://www.semrush.com/bot.html)"
185.191.171.38 - - [09/Oct/2022:07:29:20 +0200] "GET /surfboard-wooden-wall-decoration-the-beach-p-41396.html HTTP/1.0" 301 72507 "-" "Mozilla/5.0 (compatible; SemrushBot/7~bl; +http://www.semrush.com/bot.html)"
185.191.171.37 - - [09/Oct/2022:07:29:23 +0200] "GET /surfboard-wooden-wall-decoration-beach-p-41396.html HTTP/1.0" 200 72402 "-" "Mozilla/5.0 (compatible; SemrushBot/7~bl; +http://www.semrush.com/bot.html)"
173.252.83.16 - - [09/Oct/2022:07:29:29 +0200] "GET /images/mini_prod/5018997523339.jpg HTTP/1.0" 200 269 "-" "facebookexternalhit/1.1 (+http://www.facebook.com/externalhit_uatext.php)"
66.249.64.242 - - [09/Oct/2022:07:29:29 +0200] "GET /images/big_prod_2/422059532103C.jpg HTTP/1.0" 200 270 "-" "Googlebot-Image/1.0"
185.191.171.2 - - [09/Oct/2022:07:29:45 +0200] "GET /-p-20142.html?action=add_product HTTP/1.0" 302 476 "-" "Mozilla/5.0 (compatible; SemrushBot/7~bl; +http://www.semrush.com/bot.html)"
114.119.133.245 - - [09/Oct/2022:07:30:03 +0200] "GET /taipei-ottoman-storage-nesting-p-55673.html HTTP/1.0" 200 76616 "http://www.wonder-geek.com/ottomans-and-storage-ottomans-c-13_209.html?page=1" "Mozilla/5.0 (Linux; Android 7.0;) AppleWebKit/537.36 (KHTML, like Gecko) Mobile Safari/537.36 (compatible; PetalBot;+https://webmaster.petalsearch.com/site/petalbot)"
54.36.148.234 - - [09/Oct/2022:07:30:11 +0200] "GET /flower-pots-c-13_275.html?page=3 HTTP/1.0" 200 94937 "-" "Mozilla/5.0 (compatible; AhrefsBot/7.0; +http://ahrefs.com/robot/)"
185.191.171.34 - - [09/Oct/2022:07:30:16 +0200] "GET /jack-and-the-neverland-pirates-swimsuit-p-29500.html HTTP/1.0" 301 72315 "-" "Mozilla/5.0 (compatible; SemrushBot/7~bl; +http://www.semrush.com/bot.html)"
185.191.171.8 - - [09/Oct/2022:07:30:20 +0200] "GET /-p-29500.html HTTP/1.0" 200 72248 "-" "Mozilla/5.0 (compatible; SemrushBot/7~bl; +http://www.semrush.com/bot.html)"
185.191.171.8 - - [09/Oct/2022:07:30:23 +0200] "GET /duvet-cover-cotton-percale-threads-p-52077.html?action=add_product HTTP/1.0" 302 476 "-" "Mozilla/5.0 (compatible; SemrushBot/7~bl; +http://www.semrush.com/bot.html)"
185.191.171.7 - - [09/Oct/2022:07:30:24 +0200] "GET /batman-p-3984.html?action=add_product HTTP/1.0" 302 476 "-" "Mozilla/5.0 (compatible; SemrushBot/7~bl; +http://www.semrush.com/bot.html)"
185.191.171.39 - - [09/Oct/2022:07:30:39 +0200] "GET /saint-georges-prayer-candle-novena-p-44447.html?action=add_product HTTP/1.0" 302 476 "-" "Mozilla/5.0 (compatible; SemrushBot/7~bl; +http://www.semrush.com/bot.html)"
185.191.171.21 - - [09/Oct/2022:07:30:44 +0200] "GET /body-talk-resin-statue-p-53532.html?action=add_product HTTP/1.0" 302 476 "-" "Mozilla/5.0 (compatible; SemrushBot/7~bl; +http://www.semrush.com/bot.html)"
66.249.64.244 - - [09/Oct/2022:07:30:49 +0200] "GET /world-metal-clock-p-47947.html HTTP/1.0" 200 72326 "-" "Mozilla/5.0 (compatible; Googlebot/2.1; +http://www.google.com/bot.html)"
77.88.5.245 - - [09/Oct/2022:07:31:04 +0200] "GET /images/191108_162759_PEEL_7pQvMT.jpg HTTP/1.0" 200 271 "-" "Mozilla/5.0 (compatible; YandexImages/3.0; +http://yandex.com/bots)"
66.249.64.244 - - [09/Oct/2022:07:31:11 +0200] "GET /images/big_prod_1/8424001419937N.jpg HTTP/1.0" 200 271 "-" "Googlebot-Image/1.0"
185.191.171.15 - - [09/Oct/2022:07:31:14 +0200] "GET /-p-17816.html?action=add_product HTTP/1.0" 302 476 "-" "Mozilla/5.0 (compatible; SemrushBot/7~bl; +http://www.semrush.com/bot.html)"
114.119.137.45 - - [09/Oct/2022:07:31:20 +0200] "GET /pure-washed-linen-cushion-cover-p-54387.html HTTP/1.0" 200 76142 "http://www.wonder-geek.com/cushions-c-11_71.html?page=12" "Mozilla/5.0 (Linux; Android 7.0;) AppleWebKit/537.36 (KHTML, like Gecko) Mobile Safari/537.36 (compatible; PetalBot;+https://webmaster.petalsearch.com/site/petalbot)"
185.191.171.17 - - [09/Oct/2022:07:31:22 +0200] "GET /pusheen-the-grey-cat-soft-toy-27-cm-ice-cream-sundae-p-44588.html HTTP/1.0" 301 72315 "-" "Mozilla/5.0 (compatible; SemrushBot/7~bl; +http://www.semrush.com/bot.html)"
185.191.171.44 - - [09/Oct/2022:07:31:26 +0200] "GET /small-resin-monkey-statuettes-p-55690.html?action=add_product HTTP/1.0" 302 476 "-" "Mozilla/5.0 (compatible; SemrushBot/7~bl; +http://www.semrush.com/bot.html)"
185.191.171.24 - - [09/Oct/2022:07:31:39 +0200] "GET /emoticon-cushion-p-40433.html HTTP/1.0" 301 72315 "-" "Mozilla/5.0 (compatible; SemrushBot/7~bl; +http://www.semrush.com/bot.html)"
185.191.171.34 - - [09/Oct/2022:07:31:42 +0200] "GET /harley-davidson-coffee-p-55659.html HTTP/1.0" 200 75679 "-" "Mozilla/5.0 (compatible; SemrushBot/7~bl; +http://www.semrush.com/bot.html)"
185.191.171.18 - - [09/Oct/2022:07:31:45 +0200] "GET /-p-40433.html HTTP/1.0" 200 72248 "-" "Mozilla/5.0 (compatible; SemrushBot/7~bl; +http://www.semrush.com/bot.html)"
77.88.5.245 - - [09/Oct/2022:07:31:54 +0200] "GET /images/1300010237151.jpg HTTP/1.0" 200 259 "-" "Mozilla/5.0 (compatible; YandexImages/3.0; +http://yandex.com/bots)"
185.191.171.36 - - [09/Oct/2022:07:32:07 +0200] "GET /-p-20289.html?action=add_product HTTP/1.0" 302 476 "-" "Mozilla/5.0 (compatible; SemrushBot/7~bl; +http://www.semrush.com/bot.html)"
185.191.171.23 - - [09/Oct/2022:07:32:08 +0200] "GET /robots.txt HTTP/1.0" 200 245 "-" "Mozilla/5.0 (compatible; SemrushBot/7~bl; +http://www.semrush.com/bot.html)"
185.191.171.42 - - [09/Oct/2022:07:32:16 +0200] "GET /decorative-wooden-plate-chien-mechant-red-herms-p-47803.html HTTP/1.0" 301 75419 "-" "Mozilla/5.0 (compatible; SemrushBot/7~bl; +http://www.semrush.com/bot.html)"
51.68.224.127 - - [09/Oct/2022:07:32:17 +0200] "GET /adminweb/export_orders_xml.php?token=256de2z6edz6ed2z6DFSFsed2zed6zeDSFDSGdzedezfzf&maxorders=10&orderstart=1&status=14&start_date=2018-10-01 HTTP/1.0" 200 285 "-" "GesCom CharlotteBoutik Serveur"
51.68.224.127 - - [09/Oct/2022:07:32:18 +0200] "GET /adminweb/export_orders_xml.php?token=256de2z6edz6ed2z6DFSFsed2zed6zeDSFDSGdzedezfzf&maxorders=10&orderstart=1&status=6&start_date=2018-10-01 HTTP/1.0" 200 33985 "-" "GesCom CharlotteBoutik Serveur"
185.191.171.42 - - [09/Oct/2022:07:32:19 +0200] "GET /decorative-wooden-plate-chien-mchant-herms-p-47803.html HTTP/1.0" 200 75310 "-" "Mozilla/5.0 (compatible; SemrushBot/7~bl; +http://www.semrush.com/bot.html)"
185.191.171.5 - - [09/Oct/2022:07:32:34 +0200] "GET /strawberries-butter-dish-p-51414.html?action=add_product HTTP/1.0" 302 476 "-" "Mozilla/5.0 (compatible; SemrushBot/7~bl; +http://www.semrush.com/bot.html)"
66.249.64.244 - - [09/Oct/2022:07:32:34 +0200] "GET /incense-lphant-rose-varuni-p-40379.html HTTP/1.0" 200 75131 "-" "Mozilla/5.0 (Linux; Android 6.0.1; Nexus 5X Build/MMB29P) AppleWebKit/537.36 (KHTML, like Gecko) Chrome/105.0.5195.125 Mobile Safari/537.36 (compatible; Googlebot/2.1; +http://www.google.com/bot.html)"
185.191.171.9 - - [09/Oct/2022:07:32:39 +0200] "GET /sommelier-accessories-box-p-46564.html HTTP/1.0" 301 75783 "-" "Mozilla/5.0 (compatible; SemrushBot/7~bl; +http://www.semrush.com/bot.html)"
54.36.149.36 - - [09/Oct/2022:07:32:38 +0200] "GET /luggages-schoolbags-leather-shop-c-31.html?page=30 HTTP/1.0" 200 93834 "-" "Mozilla/5.0 (compatible; AhrefsBot/7.0; +http://ahrefs.com/robot/)"
114.119.137.45 - - [09/Oct/2022:07:32:41 +0200] "GET /gentleman-round-tray-p-54794.html HTTP/1.0" 200 74935 "http://www.wonder-geek.com/dishes-c-12.html?page=41" "Mozilla/5.0 (Linux; Android 7.0;) AppleWebKit/537.36 (KHTML, like Gecko) Mobile Safari/537.36 (compatible; PetalBot;+https://webmaster.petalsearch.com/site/petalbot)"
185.191.171.40 - - [09/Oct/2022:07:32:42 +0200] "GET /sommelier-accessories-p-46564.html HTTP/1.0" 200 75695 "-" "Mozilla/5.0 (compatible; SemrushBot/7~bl; +http://www.semrush.com/bot.html)"
185.191.171.25 - - [09/Oct/2022:07:32:47 +0200] "GET /-p-35063.html?action=add_product HTTP/1.0" 302 476 "-" "Mozilla/5.0 (compatible; SemrushBot/7~bl; +http://www.semrush.com/bot.html)"
185.191.171.2 - - [09/Oct/2022:07:33:11 +0200] "GET /tea-for-one-mandala-p-44265.html HTTP/1.0" 301 75400 "-" "Mozilla/5.0 (compatible; SemrushBot/7~bl; +http://www.semrush.com/bot.html)"
185.191.171.37 - - [09/Oct/2022:07:33:14 +0200] "GET /mandala-p-44265.html HTTP/1.0" 200 75326 "-" "Mozilla/5.0 (compatible; SemrushBot/7~bl; +http://www.semrush.com/bot.html)"
185.191.171.15 - - [09/Oct/2022:07:33:19 +0200] "GET /-p-20323.html HTTP/1.0" 200 72248 "-" "Mozilla/5.0 (compatible; SemrushBot/7~bl; +http://www.semrush.com/bot.html)"
185.191.171.45 - - [09/Oct/2022:07:33:25 +0200] "GET /it-girl-ceramic-piggy-bank-13-cm-p-42165.html HTTP/1.0" 301 72446 "-" "Mozilla/5.0 (compatible; SemrushBot/7~bl; +http://www.semrush.com/bot.html)"
185.191.171.15 - - [09/Oct/2022:07:33:28 +0200] "GET /miso-cute-kimmidoll-love-p-21767.html?action=add_product HTTP/1.0" 302 476 "-" "Mozilla/5.0 (compatible; SemrushBot/7~bl; +http://www.semrush.com/bot.html)"
185.191.171.43 - - [09/Oct/2022:07:33:30 +0200] "GET /girl-ceramic-piggy-bank-p-42165.html HTTP/1.0" 200 72356 "-" "Mozilla/5.0 (compatible; SemrushBot/7~bl; +http://www.semrush.com/bot.html)"
185.191.171.37 - - [09/Oct/2022:07:34:04 +0200] "GET /dubout-cats-white-mug-p-52492.html HTTP/1.0" 301 74928 "-" "Mozilla/5.0 (compatible; SemrushBot/7~bl; +http://www.semrush.com/bot.html)"
185.191.171.9 - - [09/Oct/2022:07:34:07 +0200] "GET /dubout-cats-white-p-52492.html HTTP/1.0" 200 74844 "-" "Mozilla/5.0 (compatible; SemrushBot/7~bl; +http://www.semrush.com/bot.html)"
185.191.171.19 - - [09/Oct/2022:07:34:18 +0200] "GET /little-londoner-payphone-sticker-photo-frame-p-26133.html?action=add_product HTTP/1.0" 302 476 "-" "Mozilla/5.0 (compatible; SemrushBot/7~bl; +http://www.semrush.com/bot.html)"
185.191.171.24 - - [09/Oct/2022:07:34:25 +0200] "GET /tennis-isothermic-stainless-steel-bottle-p-54537.html?action=add_product HTTP/1.0" 302 476 "-" "Mozilla/5.0 (compatible; SemrushBot/7~bl; +http://www.semrush.com/bot.html)"
185.191.171.17 - - [09/Oct/2022:07:34:36 +0200] "GET /-p-33368.html?action=add_product HTTP/1.0" 302 476 "-" "Mozilla/5.0 (compatible; SemrushBot/7~bl; +http://www.semrush.com/bot.html)"
185.191.171.20 - - [09/Oct/2022:07:34:42 +0200] "GET /daisy-and-minnie-bag-lunch-box-and-bottle-p-31685.html HTTP/1.0" 301 75228 "-" "Mozilla/5.0 (compatible; SemrushBot/7~bl; +http://www.semrush.com/bot.html)"
185.191.171.19 - - [09/Oct/2022:07:34:45 +0200] "GET /daisy-minnie-lunch-bottle-p-31685.html HTTP/1.0" 200 75136 "-" "Mozilla/5.0 (compatible; SemrushBot/7~bl; +http://www.semrush.com/bot.html)"
54.36.149.12 - - [09/Oct/2022:07:34:59 +0200] "GET /vronse-body-talk-resin-statuette-athlete-p-54713.html HTTP/1.0" 200 76025 "-" "Mozilla/5.0 (compatible; AhrefsBot/7.0; +http://ahrefs.com/robot/)"
185.191.171.26 - - [09/Oct/2022:07:34:59 +0200] "GET /spiderman-red-windbreaker-p-32636.html HTTP/1.0" 301 72315 "-" "Mozilla/5.0 (compatible; SemrushBot/7~bl; +http://www.semrush.com/bot.html)"
185.191.171.9 - - [09/Oct/2022:07:35:03 +0200] "GET /-p-32636.html HTTP/1.0" 200 72248 "-" "Mozilla/5.0 (compatible; SemrushBot/7~bl; +http://www.semrush.com/bot.html)"
114.119.137.45 - - [09/Oct/2022:07:35:10 +0200] "GET /headrest-cushion-zinc-50-70-cm-p-51961.html HTTP/1.0" 301 72422 "http://www.wonder-geek.com/cushion-headboard-c-11_173.html" "Mozilla/5.0 (Linux; Android 7.0;) AppleWebKit/537.36 (KHTML, like Gecko) Mobile Safari/537.36 (compatible; PetalBot;+https://webmaster.petalsearch.com/site/petalbot)"
114.119.137.45 - - [09/Oct/2022:07:35:11 +0200] "GET /headrest-cushion-zinc-p-51961.html HTTP/1.0" 200 72334 "http://www.wonder-geek.com/cushion-headboard-c-11_173.html" "Mozilla/5.0 (Linux; Android 7.0;) AppleWebKit/537.36 (KHTML, like Gecko) Mobile Safari/537.36 (compatible; PetalBot;+https://webmaster.petalsearch.com/site/petalbot)"
185.191.171.5 - - [09/Oct/2022:07:35:29 +0200] "GET /magnets-paris-p-48343.html?action=add_product HTTP/1.0" 302 476 "-" "Mozilla/5.0 (compatible; SemrushBot/7~bl; +http://www.semrush.com/bot.html)"
185.191.171.12 - - [09/Oct/2022:07:35:38 +0200] "GET /toiletry-bag-p-43423.html HTTP/1.0" 301 74979 "-" "Mozilla/5.0 (compatible; SemrushBot/7~bl; +http://www.semrush.com/bot.html)"
185.191.171.44 - - [09/Oct/2022:07:35:41 +0200] "GET /toiletry-p-43423.html HTTP/1.0" 200 74904 "-" "Mozilla/5.0 (compatible; SemrushBot/7~bl; +http://www.semrush.com/bot.html)"
185.191.171.44 - - [09/Oct/2022:07:35:46 +0200] "GET /assassin-creed-zippo-lighter-p-45296.html?action=add_product HTTP/1.0" 302 476 "-" "Mozilla/5.0 (compatible; SemrushBot/7~bl; +http://www.semrush.com/bot.html)"
185.191.171.7 - - [09/Oct/2022:07:35:59 +0200] "GET /wooden-p-35422.html?action=add_product HTTP/1.0" 302 476 "-" "Mozilla/5.0 (compatible; SemrushBot/7~bl; +http://www.semrush.com/bot.html)"
185.191.171.33 - - [09/Oct/2022:07:36:09 +0200] "GET /kimmidoll-brush-p-42415.html?action=add_product HTTP/1.0" 302 476 "-" "Mozilla/5.0 (compatible; SemrushBot/7~bl; +http://www.semrush.com/bot.html)"
173.252.83.118 - - [09/Oct/2022:07:36:10 +0200] "GET /images/mini_prod/4029811436910.jpg HTTP/1.0" 200 269 "-" "facebookexternalhit/1.1 (+http://www.facebook.com/externalhit_uatext.php)"
185.191.171.2 - - [09/Oct/2022:07:36:17 +0200] "GET /mickey-mouse-round-pencil-case-p-13349.html?action=add_product HTTP/1.0" 302 476 "-" "Mozilla/5.0 (compatible; SemrushBot/7~bl; +http://www.semrush.com/bot.html)"
114.119.137.43 - - [09/Oct/2022:07:36:28 +0200] "GET /images/big_prod/8422064411219.jpg HTTP/1.0" 200 268 "http://www.wonder-geek.com/wooden-hanging-tree-decoration-p-58757.html" "Mozilla/5.0 (Linux; Android 7.0;) AppleWebKit/537.36 (KHTML, like Gecko) Mobile Safari/537.36 (compatible; PetalBot;+https://webmaster.petalsearch.com/site/petalbot)"
54.161.41.102 - - [09/Oct/2022:07:36:29 +0200] "GET /robots.txt HTTP/1.0" 200 245 "-" "Mozilla/5.0 (compatible; Neevabot/1.0; +https://neeva.com/neevabot)"
185.191.171.26 - - [09/Oct/2022:07:36:32 +0200] "GET /pisces-cookware-cbkreation-p-43274.html?action=add_product HTTP/1.0" 302 476 "-" "Mozilla/5.0 (compatible; SemrushBot/7~bl; +http://www.semrush.com/bot.html)"
54.161.41.102 - - [09/Oct/2022:07:36:34 +0200] "GET /winx-club-swimsuit-p-30421.html HTTP/1.0" 301 72315 "-" "Mozilla/5.0 (compatible; Neevabot/1.0; +https://neeva.com/neevabot)"
54.161.41.102 - - [09/Oct/2022:07:36:41 +0200] "GET /keyrings-c-31_52.html HTTP/1.0" 200 95830 "-" "Mozilla/5.0 (compatible; Neevabot/1.0; +https://neeva.com/neevabot)"
54.161.41.102 - - [09/Oct/2022:07:36:47 +0200] "GET /-c-95_294.html HTTP/1.0" 200 71116 "-" "Mozilla/5.0 (compatible; Neevabot/1.0; +https://neeva.com/neevabot)"
185.191.171.43 - - [09/Oct/2022:07:36:49 +0200] "GET /resin-statue-p-51237.html?action=add_product HTTP/1.0" 302 476 "-" "Mozilla/5.0 (compatible; SemrushBot/7~bl; +http://www.semrush.com/bot.html)"
185.191.171.13 - - [09/Oct/2022:07:36:52 +0200] "GET /cats-dubout-candle-holder-p-33749.html?action=add_product HTTP/1.0" 302 476 "-" "Mozilla/5.0 (compatible; SemrushBot/7~bl; +http://www.semrush.com/bot.html)"
54.161.41.102 - - [09/Oct/2022:07:36:52 +0200] "GET /ottomans-storage-ottomans-c-13_209.html HTTP/1.0" 200 91793 "-" "Mozilla/5.0 (compatible; Neevabot/1.0; +https://neeva.com/neevabot)"
54.161.41.102 - - [09/Oct/2022:07:36:56 +0200] "GET /strawberry-shortcake-mattress-swimming-pool-p-48756.html HTTP/1.0" 200 75394 "-" "Mozilla/5.0 (compatible; Neevabot/1.0; +https://neeva.com/neevabot)"
185.191.171.5 - - [09/Oct/2022:07:36:59 +0200] "GET /incense-reiki-grams-about-sticks-p-45146.html?action=add_product HTTP/1.0" 302 476 "-" "Mozilla/5.0 (compatible; SemrushBot/7~bl; +http://www.semrush.com/bot.html)"
54.161.41.102 - - [09/Oct/2022:07:37:01 +0200] "GET /%20images/big_prod/8422012915202.jpg HTTP/1.0" 404 1308 "-" "Mozilla/5.0 (compatible; Neevabot/1.0; +https://neeva.com/neevabot)"
54.161.41.102 - - [09/Oct/2022:07:37:06 +0200] "GET /duvet-cover-c-11_195.html HTTP/1.0" 200 93419 "-" "Mozilla/5.0 (compatible; Neevabot/1.0; +https://neeva.com/neevabot)"
185.191.171.40 - - [09/Oct/2022:07:37:10 +0200] "GET /houndstooth-russian-doll-black-samsung-phone-cover-cbkreation-p-18437.html HTTP/1.0" 301 72315 "-" "Mozilla/5.0 (compatible; SemrushBot/7~bl; +http://www.semrush.com/bot.html)"
54.36.148.142 - - [09/Oct/2022:07:37:11 +0200] "GET /bamboo-fiber-plant-cover-p-54348.html HTTP/1.0" 200 72334 "-" "Mozilla/5.0 (compatible; AhrefsBot/7.0; +http://ahrefs.com/robot/)"
188.68.49.235 - - [09/Oct/2022:07:37:12 +0200] "GET /contact_us.php HTTP/1.0" 200 26241 "http://www.wonder-geek.com/contact_us.php" "Mozilla/5.0 (Windows NT 10.0; Win64; x64) AppleWebKit/537.36 (KHTML, like Gecko) Chrome/90.0.4430.72 Safari/537.36 Edg/90.0.818.39"
54.161.41.102 - - [09/Oct/2022:07:37:12 +0200] "GET /tables-c-13_206.html HTTP/1.0" 200 91500 "-" "Mozilla/5.0 (compatible; Neevabot/1.0; +https://neeva.com/neevabot)"
54.36.108.162 - - [09/Oct/2022:07:37:16 +0200] "POST /contact_us.php?action=send HTTP/1.0" 200 26663 "http://www.wonder-geek.com/contact_us.php" "Mozilla/5.0 (Windows NT 10.0; Win64; x64) AppleWebKit/537.36 (KHTML, like Gecko) Chrome/90.0.4430.72 Safari/537.36 Edg/90.0.818.39"
54.36.108.162 - - [09/Oct/2022:07:37:17 +0200] "GET /contact_us.php HTTP/1.0" 200 26241 "http://www.wonder-geek.com/contact_us.php" "Mozilla/5.0 (Windows NT 10.0; Win64; x64) AppleWebKit/537.36 (KHTML, like Gecko) Chrome/90.0.4430.72 Safari/537.36 Edg/90.0.818.39"
54.161.41.102 - - [09/Oct/2022:07:37:16 +0200] "GET /rhinoceros-plant-p-54315.html HTTP/1.0" 200 75448 "-" "Mozilla/5.0 (compatible; Neevabot/1.0; +https://neeva.com/neevabot)"
54.161.41.102 - - [09/Oct/2022:07:37:21 +0200] "GET /incense-stick-holder-elephant-p-35503.html HTTP/1.0" 200 75917 "-" "Mozilla/5.0 (compatible; Neevabot/1.0; +https://neeva.com/neevabot)"
185.191.171.21 - - [09/Oct/2022:07:37:30 +0200] "GET /paris-bistro-black-mug-p-47473.html HTTP/1.0" 301 75030 "-" "Mozilla/5.0 (compatible; SemrushBot/7~bl; +http://www.semrush.com/bot.html)"
185.191.171.39 - - [09/Oct/2022:07:37:33 +0200] "GET /paris-bistro-black-p-47473.html HTTP/1.0" 200 74945 "-" "Mozilla/5.0 (compatible; SemrushBot/7~bl; +http://www.semrush.com/bot.html)"
185.191.171.43 - - [09/Oct/2022:07:37:38 +0200] "GET /-p-35071.html?action=add_product HTTP/1.0" 302 476 "-" "Mozilla/5.0 (compatible; SemrushBot/7~bl; +http://www.semrush.com/bot.html)"
185.191.171.9 - - [09/Oct/2022:07:37:39 +0200] "GET /gorjuss-coaster-rainbow-heaven-p-47739.html?action=add_product HTTP/1.0" 302 476 "-" "Mozilla/5.0 (compatible; SemrushBot/7~bl; +http://www.semrush.com/bot.html)"
114.119.137.3 - - [09/Oct/2022:07:37:45 +0200] "GET /industrial-retro-clock-aged-metal-p-48587.html HTTP/1.0" 200 72418 "http://www.wonder-geek.com/home-decoration-c-13.html?page=221" "Mozilla/5.0 (Linux; Android 7.0;) AppleWebKit/537.36 (KHTML, like Gecko) Mobile Safari/537.36 (compatible; PetalBot;+https://webmaster.petalsearch.com/site/petalbot)"
185.191.171.40 - - [09/Oct/2022:07:38:17 +0200] "GET /cement-tile-stickers-p-51630.html?action=add_product HTTP/1.0" 302 476 "-" "Mozilla/5.0 (compatible; SemrushBot/7~bl; +http://www.semrush.com/bot.html)"
185.191.171.7 - - [09/Oct/2022:07:38:29 +0200] "GET /lu-petit-beurre-mug-p-41063.html HTTP/1.0" 301 72315 "-" "Mozilla/5.0 (compatible; SemrushBot/7~bl; +http://www.semrush.com/bot.html)"
185.191.171.8 - - [09/Oct/2022:07:38:32 +0200] "GET /dog-bowls-sir-jack-p-31523.html HTTP/1.0" 301 74847 "-" "Mozilla/5.0 (compatible; SemrushBot/7~bl; +http://www.semrush.com/bot.html)"
216.244.66.242 - - [09/Oct/2022:07:38:36 +0200] "GET /robots.txt HTTP/1.0" 200 245 "-" "Mozilla/5.0 (compatible; DotBot/1.2; +https://opensiteexplorer.org/dotbot; help@moz.com)"
185.191.171.34 - - [09/Oct/2022:07:38:35 +0200] "GET /bowls-jack-p-31523.html HTTP/1.0" 200 74770 "-" "Mozilla/5.0 (compatible; SemrushBot/7~bl; +http://www.semrush.com/bot.html)"
185.191.171.6 - - [09/Oct/2022:07:38:38 +0200] "GET /-p-41063.html HTTP/1.0" 200 72248 "-" "Mozilla/5.0 (compatible; SemrushBot/7~bl; +http://www.semrush.com/bot.html)"
185.191.171.1 - - [09/Oct/2022:07:38:49 +0200] "GET /-p-53753.html HTTP/1.0" 200 72248 "-" "Mozilla/5.0 (compatible; SemrushBot/7~bl; +http://www.semrush.com/bot.html)"
185.191.171.24 - - [09/Oct/2022:07:39:01 +0200] "GET /decorative-magnifying-glass-brass-glass-wood-p-57340.html?action=add_product HTTP/1.0" 302 476 "-" "Mozilla/5.0 (compatible; SemrushBot/7~bl; +http://www.semrush.com/bot.html)"
