94.23.203.52 - - [09/Oct/2022:04:54:55 +0200] "GET /pocket-ashtray-les-tontons-fumeurs-p-50899.html HTTP/1.0" 301 75691 "-" "Mozilla/5.0 (compatible; MJ12bot/v1.4.8; http://mj12bot.com/)"
185.191.171.14 - - [09/Oct/2022:04:55:01 +0200] "GET /jasmin-medium-cabas-nova-p-43482.html?action=add_product HTTP/1.0" 301 476 "-" "Mozilla/5.0 (compatible; SemrushBot/7~bl; +http://www.semrush.com/bot.html)"
54.36.148.246 - - [09/Oct/2022:04:55:00 +0200] "GET /retro-ceramic-sugar-p-59121.html HTTP/1.0" 200 75897 "-" "Mozilla/5.0 (compatible; AhrefsBot/7.0; +http://ahrefs.com/robot/)"
94.23.203.52 - - [09/Oct/2022:04:55:05 +0200] "GET /pocket-ashtray-tontons-fumeurs-p-50899.html HTTP/1.0" 200 75594 "-" "Mozilla/5.0 (compatible; MJ12bot/v1.4.8; http://mj12bot.com/)"
64.124.8.31 - - [09/Oct/2022:04:55:05 +0200] "GET /snowman-decoration-p-41953.html HTTP/1.0" 200 75007 "-" "Mozilla/5.0 (X11; Linux x86_64) AppleWebKit/537.36 (KHTML, like Gecko) Chrome/61.0.3163.79 Safari/537.36"
94.23.203.52 - - [09/Oct/2022:04:55:16 +0200] "GET /pocket-ashtray-tontons-fumeurs-p-50899.html HTTP/1.0" 200 75594 "-" "Mozilla/5.0 (compatible; MJ12bot/v1.4.8; http://mj12bot.com/)"
185.191.171.16 - - [09/Oct/2022:04:55:19 +0200] "GET /mexico-gift-family-p-57398.html?action=add_product HTTP/1.0" 302 476 "-" "Mozilla/5.0 (compatible; SemrushBot/7~bl; +http://www.semrush.com/bot.html)"
94.23.203.52 - - [09/Oct/2022:04:55:25 +0200] "GET /poster-corsica-50-70-cm-p-43699.html HTTP/1.0" 301 74968 "-" "Mozilla/5.0 (compatible; MJ12bot/v1.4.8; http://mj12bot.com/)"
66.249.64.244 - - [09/Oct/2022:04:55:36 +0200] "GET /images/mini_prod/8422072749663.jpg HTTP/1.0" 200 269 "-" "Googlebot-Image/1.0"
94.23.203.52 - - [09/Oct/2022:04:55:33 +0200] "GET /poster-corsica-p-43699.html HTTP/1.0" 200 74887 "-" "Mozilla/5.0 (compatible; MJ12bot/v1.4.8; http://mj12bot.com/)"
185.191.171.2 - - [09/Oct/2022:04:55:37 +0200] "GET /incense-sticks-burner-storage-p-53556.html?action=add_product HTTP/1.0" 302 476 "-" "Mozilla/5.0 (compatible; SemrushBot/7~bl; +http://www.semrush.com/bot.html)"
94.23.203.52 - - [09/Oct/2022:04:55:39 +0200] "GET /poster-corsica-p-43699.html HTTP/1.0" 200 74887 "-" "Mozilla/5.0 (compatible; MJ12bot/v1.4.8; http://mj12bot.com/)"
94.23.203.52 - - [09/Oct/2022:04:55:50 +0200] "GET /powder-candle-250-grs-la-bougie-autrement-glitter-green-p-53092.html HTTP/1.0" 301 76646 "-" "Mozilla/5.0 (compatible; MJ12bot/v1.4.8; http://mj12bot.com/)"
173.252.83.11 - - [09/Oct/2022:04:56:00 +0200] "GET /images/mini_prod/3503420019074.jpg HTTP/1.0" 200 269 "-" "facebookexternalhit/1.1 (+http://www.facebook.com/externalhit_uatext.php)"
94.23.203.52 - - [09/Oct/2022:04:55:57 +0200] "GET /powder-candle-bougie-autrement-glitter-green-p-53092.html HTTP/1.0" 200 76535 "-" "Mozilla/5.0 (compatible; MJ12bot/v1.4.8; http://mj12bot.com/)"
185.191.171.39 - - [09/Oct/2022:04:56:00 +0200] "GET /star-wars-empire-black-poster-p-33531.html?action=add_product HTTP/1.0" 301 476 "-" "Mozilla/5.0 (compatible; SemrushBot/7~bl; +http://www.semrush.com/bot.html)"
173.252.83.11 - - [09/Oct/2022:04:56:05 +0200] "GET /images/mini_prod/3000000008898.jpg HTTP/1.0" 200 269 "-" "facebookexternalhit/1.1 (+http://www.facebook.com/externalhit_uatext.php)"
94.23.203.52 - - [09/Oct/2022:04:56:04 +0200] "GET /powder-candle-bougie-autrement-glitter-green-p-53092.html HTTP/1.0" 200 76535 "-" "Mozilla/5.0 (compatible; MJ12bot/v1.4.8; http://mj12bot.com/)"
94.23.203.52 - - [09/Oct/2022:04:56:15 +0200] "GET /princess-unicorn-wall-stickers-p-53129.html HTTP/1.0" 200 75662 "-" "Mozilla/5.0 (compatible; MJ12bot/v1.4.8; http://mj12bot.com/)"
94.23.203.52 - - [09/Oct/2022:04:56:23 +0200] "GET /purple-kitchen-towel-50-70-cm-p-44417.html HTTP/1.0" 301 74992 "-" "Mozilla/5.0 (compatible; MJ12bot/v1.4.8; http://mj12bot.com/)"
173.252.83.120 - - [09/Oct/2022:04:56:29 +0200] "GET /images/mini_prod/3453131116213.jpg HTTP/1.0" 200 269 "-" "facebookexternalhit/1.1 (+http://www.facebook.com/externalhit_uatext.php)"
94.23.203.52 - - [09/Oct/2022:04:56:29 +0200] "GET /purple-kitchen-towel-p-44417.html HTTP/1.0" 200 74905 "-" "Mozilla/5.0 (compatible; MJ12bot/v1.4.8; http://mj12bot.com/)"
185.191.171.39 - - [09/Oct/2022:04:56:36 +0200] "GET /paris-white-tea-box-p-28375.html HTTP/1.0" 301 72315 "-" "Mozilla/5.0 (compatible; SemrushBot/7~bl; +http://www.semrush.com/bot.html)"
94.23.203.52 - - [09/Oct/2022:04:56:39 +0200] "GET /purple-kitchen-towel-p-44417.html HTTP/1.0" 200 74905 "-" "Mozilla/5.0 (compatible; MJ12bot/v1.4.8; http://mj12bot.com/)"
185.191.171.40 - - [09/Oct/2022:04:56:40 +0200] "GET /-p-28375.html HTTP/1.0" 200 72248 "-" "Mozilla/5.0 (compatible; SemrushBot/7~bl; +http://www.semrush.com/bot.html)"
183.71.252.126 - - [09/Oct/2022:04:56:45 +0200] "GET /images/mini_prod/4007176122563.jpg HTTP/1.0" 200 269 "-" "Mozilla/5.0 (X11; Ubuntu; Linux x86_64; rv:72.0) Gecko/20100101 Firefox/72.0"
66.249.64.242 - - [09/Oct/2022:04:56:48 +0200] "GET /images/big_prod_1/8424001768691C.jpg HTTP/1.0" 200 271 "-" "Googlebot-Image/1.0"
185.191.171.40 - - [09/Oct/2022:04:56:51 +0200] "GET /-p-38591.html?action=add_product HTTP/1.0" 302 476 "-" "Mozilla/5.0 (compatible; SemrushBot/7~bl; +http://www.semrush.com/bot.html)"
94.23.203.52 - - [09/Oct/2022:04:56:48 +0200] "GET /quote-wall-stickers-20-70-cm-hummingbirds-p-51119.html HTTP/1.0" 301 75733 "-" "Mozilla/5.0 (compatible; MJ12bot/v1.4.8; http://mj12bot.com/)"
94.23.203.52 - - [09/Oct/2022:04:56:54 +0200] "GET /wall-stickers-hummingbirds-p-51119.html HTTP/1.0" 200 75640 "-" "Mozilla/5.0 (compatible; MJ12bot/v1.4.8; http://mj12bot.com/)"
64.124.8.31 - - [09/Oct/2022:04:57:02 +0200] "GET /arabica-oven-mitt-p-52682.html HTTP/1.0" 200 72310 "-" "Mozilla/5.0 (X11; Linux x86_64) AppleWebKit/537.36 (KHTML, like Gecko) Chrome/61.0.3163.79 Safari/537.36"
94.23.203.52 - - [09/Oct/2022:04:57:02 +0200] "GET /quote-wall-stickers-20-70-cm-swallows-p-51118.html HTTP/1.0" 301 75676 "-" "Mozilla/5.0 (compatible; MJ12bot/v1.4.8; http://mj12bot.com/)"
54.36.148.10 - - [09/Oct/2022:04:57:07 +0200] "GET /little-prince-pencil-case-p-59062.html HTTP/1.0" 200 75584 "-" "Mozilla/5.0 (compatible; AhrefsBot/7.0; +http://ahrefs.com/robot/)"
94.23.203.52 - - [09/Oct/2022:04:57:08 +0200] "GET /wall-stickers-swallows-p-51118.html HTTP/1.0" 200 75587 "-" "Mozilla/5.0 (compatible; MJ12bot/v1.4.8; http://mj12bot.com/)"
66.249.64.244 - - [09/Oct/2022:04:57:14 +0200] "GET /images/big_prod/3418175616013.jpg HTTP/1.0" 200 268 "-" "Googlebot-Image/1.0"
185.191.171.42 - - [09/Oct/2022:04:57:11 +0200] "GET /glass-ashtray-peace-and-love-p-15462.html HTTP/1.0" 301 75002 "-" "Mozilla/5.0 (compatible; SemrushBot/7~bl; +http://www.semrush.com/bot.html)"
185.191.171.40 - - [09/Oct/2022:04:57:16 +0200] "GET /glass-ashtray-peace-love-p-15462.html HTTP/1.0" 200 74911 "-" "Mozilla/5.0 (compatible; SemrushBot/7~bl; +http://www.semrush.com/bot.html)"
94.23.203.52 - - [09/Oct/2022:04:57:16 +0200] "GET /quote-wall-stickers-70-50-cm-deer-p-51127.html HTTP/1.0" 301 75817 "-" "Mozilla/5.0 (compatible; MJ12bot/v1.4.8; http://mj12bot.com/)"
94.23.203.52 - - [09/Oct/2022:04:57:23 +0200] "GET /deer-wall-stickers-p-51127.html HTTP/1.0" 200 75732 "-" "Mozilla/5.0 (compatible; MJ12bot/v1.4.8; http://mj12bot.com/)"
66.249.64.242 - - [09/Oct/2022:04:57:28 +0200] "GET /chutje-wall-sticker-p-48980.html HTTP/1.0" 200 75613 "-" "Mozilla/5.0 (Linux; Android 6.0.1; Nexus 5X Build/MMB29P) AppleWebKit/537.36 (KHTML, like Gecko) Chrome/105.0.5195.125 Mobile Safari/537.36 (compatible; Googlebot/2.1; +http://www.google.com/bot.html)"
185.191.171.15 - - [09/Oct/2022:04:57:38 +0200] "GET /large-glasses-annes-folles-p-46450.html?action=add_product HTTP/1.0" 302 476 "-" "Mozilla/5.0 (compatible; SemrushBot/7~bl; +http://www.semrush.com/bot.html)"
94.23.203.52 - - [09/Oct/2022:04:57:36 +0200] "GET /quote-wall-stickers-70-50-cm-parrots-p-51120.html HTTP/1.0" 301 75883 "-" "Mozilla/5.0 (compatible; MJ12bot/v1.4.8; http://mj12bot.com/)"
185.191.171.42 - - [09/Oct/2022:04:57:41 +0200] "GET /christmas-mickey-mouse-statement-figurine-p-56310.html?action=add_product HTTP/1.0" 302 476 "-" "Mozilla/5.0 (compatible; SemrushBot/7~bl; +http://www.semrush.com/bot.html)"
185.191.171.39 - - [09/Oct/2022:04:57:44 +0200] "GET /mini-magnetic-plate-rtro-p-30529.html?action=add_product HTTP/1.0" 302 476 "-" "Mozilla/5.0 (compatible; SemrushBot/7~bl; +http://www.semrush.com/bot.html)"
94.23.203.52 - - [09/Oct/2022:04:57:42 +0200] "GET /parrots-wall-stickers-p-51120.html HTTP/1.0" 200 75795 "-" "Mozilla/5.0 (compatible; MJ12bot/v1.4.8; http://mj12bot.com/)"
185.191.171.36 - - [09/Oct/2022:04:57:48 +0200] "GET /patchwork-set-of-coasters-p-47157.html HTTP/1.0" 301 75733 "-" "Mozilla/5.0 (compatible; SemrushBot/7~bl; +http://www.semrush.com/bot.html)"
94.23.203.52 - - [09/Oct/2022:04:57:50 +0200] "GET /r2-d2-sound-money-box-p-29260.html HTTP/1.0" 301 74975 "-" "Mozilla/5.0 (compatible; MJ12bot/v1.4.8; http://mj12bot.com/)"
64.124.8.31 - - [09/Oct/2022:04:57:55 +0200] "GET /cats-lamp-48-cm-p-4nuary-5-1917-letter-to-winnie-trainor/ HTTP/1.0" 404 1308 "-" "Mozilla/5.0 (X11; Linux x86_64) AppleWebKit/537.36 (KHTML, like Gecko) Chrome/61.0.3163.79 Safari/537.36"
185.191.171.19 - - [09/Oct/2022:04:57:54 +0200] "GET /patchwork-coasters-p-47157.html HTTP/1.0" 200 75648 "-" "Mozilla/5.0 (compatible; SemrushBot/7~bl; +http://www.semrush.com/bot.html)"
94.23.203.52 - - [09/Oct/2022:04:57:55 +0200] "GET /sound-money-p-29260.html HTTP/1.0" 200 74897 "-" "Mozilla/5.0 (compatible; MJ12bot/v1.4.8; http://mj12bot.com/)"
94.23.203.52 - - [09/Oct/2022:04:58:05 +0200] "GET /raiponce-live-your-dream-carved-by-heart-tangled-figurine-p-44949.html HTTP/1.0" 301 76111 "-" "Mozilla/5.0 (compatible; MJ12bot/v1.4.8; http://mj12bot.com/)"
185.191.171.35 - - [09/Oct/2022:04:58:13 +0200] "GET /pillow-case-cotton-percale-threads-p-43855.html?action=add_product HTTP/1.0" 302 476 "-" "Mozilla/5.0 (compatible; SemrushBot/7~bl; +http://www.semrush.com/bot.html)"
185.191.171.11 - - [09/Oct/2022:04:58:17 +0200] "GET /small-heart-home-candle-snow-angel-p-57122.html?action=add_product HTTP/1.0" 302 476 "-" "Mozilla/5.0 (compatible; SemrushBot/7~bl; +http://www.semrush.com/bot.html)"
94.23.203.52 - - [09/Oct/2022:04:58:19 +0200] "GET /raiponce-live-your-dream-carved-heart-tangled-figurine-p-44949.html HTTP/1.0" 200 75990 "-" "Mozilla/5.0 (compatible; MJ12bot/v1.4.8; http://mj12bot.com/)"
185.191.171.15 - - [09/Oct/2022:04:58:28 +0200] "GET /lisboa-p-47118.html?action=add_product HTTP/1.0" 302 476 "-" "Mozilla/5.0 (compatible; SemrushBot/7~bl; +http://www.semrush.com/bot.html)"
94.23.203.52 - - [09/Oct/2022:04:58:29 +0200] "GET /rattan-baskets-35-cm-p-45463.html HTTP/1.0" 301 72408 "-" "Mozilla/5.0 (compatible; MJ12bot/v1.4.8; http://mj12bot.com/)"
94.23.203.52 - - [09/Oct/2022:04:58:34 +0200] "GET /rattan-baskets-p-45463.html HTTP/1.0" 200 72327 "-" "Mozilla/5.0 (compatible; MJ12bot/v1.4.8; http://mj12bot.com/)"
185.191.171.23 - - [09/Oct/2022:04:58:36 +0200] "GET /volkswagen-clock-p-23274.html?action=add_product HTTP/1.0" 302 476 "-" "Mozilla/5.0 (compatible; SemrushBot/7~bl; +http://www.semrush.com/bot.html)"
64.124.8.31 - - [09/Oct/2022:04:58:36 +0200] "GET /betty-boop-broadway-mobile-sock-p-18336.html HTTP/1.0" 301 72315 "-" "Mozilla/5.0 (X11; Linux x86_64) AppleWebKit/537.36 (KHTML, like Gecko) Chrome/61.0.3163.79 Safari/537.36"
185.191.171.6 - - [09/Oct/2022:04:58:40 +0200] "GET /klimt-tote-p-51201.html?action=add_product HTTP/1.0" 302 476 "-" "Mozilla/5.0 (compatible; SemrushBot/7~bl; +http://www.semrush.com/bot.html)"
64.124.8.31 - - [09/Oct/2022:04:58:38 +0200] "GET /protects-mattress-fleece-180-200-30-cm-p-43827.html HTTP/1.0" 301 72315 "-" "Mozilla/5.0 (X11; Linux x86_64) AppleWebKit/537.36 (KHTML, like Gecko) Chrome/61.0.3163.79 Safari/537.36"
185.191.171.35 - - [09/Oct/2022:04:58:42 +0200] "GET /rhinoceros-plant-p-54315.html?action=add_product HTTP/1.0" 302 476 "-" "Mozilla/5.0 (compatible; SemrushBot/7~bl; +http://www.semrush.com/bot.html)"
94.23.203.52 - - [09/Oct/2022:04:58:44 +0200] "GET /rattan-baskets-47-cm-p-45463.html HTTP/1.0" 301 72408 "-" "Mozilla/5.0 (compatible; MJ12bot/v1.4.8; http://mj12bot.com/)"
64.124.8.31 - - [09/Oct/2022:04:58:43 +0200] "GET /top-model-felt-pen-gel-orange-p-20193.html HTTP/1.0" 301 75086 "-" "Mozilla/5.0 (X11; Linux x86_64) AppleWebKit/537.36 (KHTML, like Gecko) Chrome/61.0.3163.79 Safari/537.36"
185.191.171.44 - - [09/Oct/2022:04:58:45 +0200] "GET /buffalo-silver-horns-decorative-statue-p-40402.html HTTP/1.0" 200 72402 "-" "Mozilla/5.0 (compatible; SemrushBot/7~bl; +http://www.semrush.com/bot.html)"
94.23.203.52 - - [09/Oct/2022:04:58:54 +0200] "GET /rattan-baskets-p-45463.html HTTP/1.0" 200 72327 "-" "Mozilla/5.0 (compatible; MJ12bot/v1.4.8; http://mj12bot.com/)"
94.23.203.52 - - [09/Oct/2022:04:59:00 +0200] "GET /rattan-baskets-p-45463.html HTTP/1.0" 200 72327 "-" "Mozilla/5.0 (compatible; MJ12bot/v1.4.8; http://mj12bot.com/)"
64.124.8.31 - - [09/Oct/2022:04:58:50 +0200] "GET /toys-c-4_45.html HTTP/1.0" 200 91727 "-" "Mozilla/5.0 (X11; Linux x86_64) AppleWebKit/537.36 (KHTML, like Gecko) Chrome/61.0.3163.79 Safari/537.36"
54.36.149.18 - - [09/Oct/2022:04:59:01 +0200] "GET /clock-hang-turtle-kiub-p-59028.html HTTP/1.0" 200 75796 "-" "Mozilla/5.0 (compatible; AhrefsBot/7.0; +http://ahrefs.com/robot/)"
64.124.8.31 - - [09/Oct/2022:04:59:04 +0200] "GET /potholder-and-glove-set-p-51737.html HTTP/1.0" 301 74976 "-" "Mozilla/5.0 (X11; Linux x86_64) AppleWebKit/537.36 (KHTML, like Gecko) Chrome/61.0.3163.79 Safari/537.36"
185.191.171.7 - - [09/Oct/2022:04:58:51 +0200] "GET /glasses-and-drinking-cup-c-12_62.html?page=4 HTTP/1.0" 301 83178 "-" "Mozilla/5.0 (compatible; SemrushBot/7~bl; +http://www.semrush.com/bot.html)"
94.23.203.52 - - [09/Oct/2022:04:59:07 +0200] "GET /red-kitchen-towel-50-70-cm-p-44414.html HTTP/1.0" 301 74962 "-" "Mozilla/5.0 (compatible; MJ12bot/v1.4.8; http://mj12bot.com/)"
64.124.8.31 - - [09/Oct/2022:04:59:12 +0200] "GET /verity-rose-gift-card-p-29167.html HTTP/1.0" 301 72315 "-" "Mozilla/5.0 (X11; Linux x86_64) AppleWebKit/537.36 (KHTML, like Gecko) Chrome/61.0.3163.79 Safari/537.36"
185.191.171.45 - - [09/Oct/2022:04:59:10 +0200] "GET /glasses-drinking-c-62.html?page=4 HTTP/1.0" 301 83077 "-" "Mozilla/5.0 (compatible; SemrushBot/7~bl; +http://www.semrush.com/bot.html)"
94.23.203.52 - - [09/Oct/2022:04:59:16 +0200] "GET /kitchen-towel-p-44414.html HTTP/1.0" 200 74882 "-" "Mozilla/5.0 (compatible; MJ12bot/v1.4.8; http://mj12bot.com/)"
185.191.171.41 - - [09/Oct/2022:04:59:17 +0200] "GET /monkey-soft-beige-water-bottle-p-56884.html HTTP/1.0" 200 76033 "-" "Mozilla/5.0 (compatible; SemrushBot/7~bl; +http://www.semrush.com/bot.html)"
182.160.1.221 - - [09/Oct/2022:04:59:21 +0200] "GET /images/mini_prod/5414629126754.jpg HTTP/1.0" 200 269 "-" "Mozilla/5.0 (Windows NT 10.0; Win64; x64) AppleWebKit/537.36 (KHTML, like Gecko) Chrome/54.0.2840.99 Safari/537.36"
185.191.171.16 - - [09/Oct/2022:04:59:22 +0200] "GET /lyon-white-shirt-p-31276.html?action=add_product HTTP/1.0" 302 476 "-" "Mozilla/5.0 (compatible; SemrushBot/7~bl; +http://www.semrush.com/bot.html)"
182.160.1.221 - - [09/Oct/2022:04:59:23 +0200] "GET /images/mini_prod/5414629126754.jpg HTTP/1.0" 200 269 "-" "Mozilla/5.0 (Windows NT 10.0; Win64; x64) AppleWebKit/537.36 (KHTML, like Gecko) Chrome/54.0.2840.99 Safari/537.36"
182.160.1.221 - - [09/Oct/2022:04:59:24 +0200] "GET /images/mini_prod/5414629126754.jpg HTTP/1.0" 200 269 "-" "Mozilla/5.0 (Windows NT 10.0; Win64; x64) AppleWebKit/537.36 (KHTML, like Gecko) Chrome/54.0.2840.99 Safari/537.36"
94.23.203.52 - - [09/Oct/2022:04:59:25 +0200] "GET /resin-boho-planter-legs-p-58091.html HTTP/1.0" 301 75272 "-" "Mozilla/5.0 (compatible; MJ12bot/v1.4.8; http://mj12bot.com/)"
94.23.203.52 - - [09/Oct/2022:04:59:32 +0200] "GET /bohemian-planter-with-resin-feet-p-58091.html HTTP/1.0" 200 75173 "-" "Mozilla/5.0 (compatible; MJ12bot/v1.4.8; http://mj12bot.com/)"
185.191.171.10 - - [09/Oct/2022:04:59:24 +0200] "GET /glasses-drinking-c-12_62.html?page=4 HTTP/1.0" 200 83091 "-" "Mozilla/5.0 (compatible; SemrushBot/7~bl; +http://www.semrush.com/bot.html)"
66.249.64.242 - - [09/Oct/2022:04:59:41 +0200] "GET /images/big_prod/8422064411004.jpg HTTP/1.0" 200 268 "-" "Googlebot-Image/1.0"
185.191.171.4 - - [09/Oct/2022:04:59:42 +0200] "GET /new-york-and-statue-of-liberty-stickers-p-35378.html HTTP/1.0" 301 72315 "-" "Mozilla/5.0 (compatible; SemrushBot/7~bl; +http://www.semrush.com/bot.html)"
94.23.203.52 - - [09/Oct/2022:04:59:43 +0200] "GET /risen-cushion-p-43756.html HTTP/1.0" 301 72315 "-" "Mozilla/5.0 (compatible; MJ12bot/v1.4.8; http://mj12bot.com/)"
185.191.171.5 - - [09/Oct/2022:04:59:46 +0200] "GET /doc-mcstuffins-and-stuffy-figure-p-23404.html HTTP/1.0" 301 72315 "-" "Mozilla/5.0 (compatible; SemrushBot/7~bl; +http://www.semrush.com/bot.html)"
185.191.171.45 - - [09/Oct/2022:04:59:50 +0200] "GET /-p-23404.html HTTP/1.0" 200 72248 "-" "Mozilla/5.0 (compatible; SemrushBot/7~bl; +http://www.semrush.com/bot.html)"
93.158.161.6 - - [09/Oct/2022:04:59:53 +0200] "GET /images/big_prod/9316188079624.jpg HTTP/1.0" 200 268 "-" "Mozilla/5.0 (compatible; YandexImages/3.0; +http://yandex.com/bots)"
94.23.203.52 - - [09/Oct/2022:04:59:51 +0200] "GET /-p-43756.html HTTP/1.0" 200 72248 "-" "Mozilla/5.0 (compatible; MJ12bot/v1.4.8; http://mj12bot.com/)"
216.244.66.242 - - [09/Oct/2022:04:59:56 +0200] "GET /robots.txt HTTP/1.0" 200 245 "-" "Mozilla/5.0 (compatible; DotBot/1.2; +https://opensiteexplorer.org/dotbot; help@moz.com)"
185.191.171.42 - - [09/Oct/2022:04:59:54 +0200] "GET /-p-35378.html HTTP/1.0" 200 72248 "-" "Mozilla/5.0 (compatible; SemrushBot/7~bl; +http://www.semrush.com/bot.html)"
94.23.203.52 - - [09/Oct/2022:05:00:02 +0200] "GET /rooster-cast-iron-trivet-p-40006.html HTTP/1.0" 200 72401 "-" "Mozilla/5.0 (compatible; MJ12bot/v1.4.8; http://mj12bot.com/)"
185.191.171.45 - - [09/Oct/2022:05:00:09 +0200] "GET /suitcase-braiding-imitation-leather-p-49870.html?action=add_product HTTP/1.0" 302 476 "-" "Mozilla/5.0 (compatible; SemrushBot/7~bl; +http://www.semrush.com/bot.html)"
94.23.203.52 - - [09/Oct/2022:05:00:13 +0200] "GET /rooster-in-cast-iron-trivet-20-15-cm-p-40006.html HTTP/1.0" 301 72492 "-" "Mozilla/5.0 (compatible; MJ12bot/v1.4.8; http://mj12bot.com/)"
94.23.203.52 - - [09/Oct/2022:05:00:21 +0200] "GET /rooster-cast-iron-trivet-p-40006.html HTTP/1.0" 200 72401 "-" "Mozilla/5.0 (compatible; MJ12bot/v1.4.8; http://mj12bot.com/)"
173.252.83.6 - - [09/Oct/2022:05:00:27 +0200] "GET /images/mini_prod/1345544955980.jpg HTTP/1.0" 200 269 "-" "facebookexternalhit/1.1 (+http://www.facebook.com/externalhit_uatext.php)"
64.124.8.31 - - [09/Oct/2022:05:00:28 +0200] "GET /stone-petrified-wood-p-46320.html HTTP/1.0" 301 72315 "-" "Mozilla/5.0 (X11; Linux x86_64) AppleWebKit/537.36 (KHTML, like Gecko) Chrome/61.0.3163.79 Safari/537.36"
51.68.224.127 - - [09/Oct/2022:05:00:35 +0200] "GET /adminweb/export_orders_xml.php?token=256de2z6edz6ed2z6DFSFsed2zed6zeDSFDSGdzedezfzf&maxorders=10&orderstart=1&status=14&start_date=2018-10-01 HTTP/1.0" 200 285 "-" "GesCom CharlotteBoutik Serveur"
94.23.203.52 - - [09/Oct/2022:05:00:31 +0200] "GET /round-tablecloth-valdrome-blue-180-cm-p-43969.html HTTP/1.0" 301 76090 "-" "Mozilla/5.0 (compatible; MJ12bot/v1.4.8; http://mj12bot.com/)"
64.124.8.31 - - [09/Oct/2022:05:00:32 +0200] "GET /dewey-figurine-p-20547.html HTTP/1.0" 200 74923 "-" "Mozilla/5.0 (X11; Linux x86_64) AppleWebKit/537.36 (KHTML, like Gecko) Chrome/61.0.3163.79 Safari/537.36"
51.68.224.127 - - [09/Oct/2022:05:00:36 +0200] "GET /adminweb/export_orders_xml.php?token=256de2z6edz6ed2z6DFSFsed2zed6zeDSFDSGdzedezfzf&maxorders=10&orderstart=1&status=6&start_date=2018-10-01 HTTP/1.0" 200 33985 "-" "GesCom CharlotteBoutik Serveur"
94.23.203.52 - - [09/Oct/2022:05:00:39 +0200] "GET /round-tablecloth-valdrome-blue-p-43969.html HTTP/1.0" 200 75993 "-" "Mozilla/5.0 (compatible; MJ12bot/v1.4.8; http://mj12bot.com/)"
94.23.203.52 - - [09/Oct/2022:05:00:50 +0200] "GET /round-tablecloth-valdrome-blue-p-43969.html HTTP/1.0" 200 75993 "-" "Mozilla/5.0 (compatible; MJ12bot/v1.4.8; http://mj12bot.com/)"
185.191.171.39 - - [09/Oct/2022:05:00:56 +0200] "GET /light-garland-pastel-deer-p-55385.html?action=add_product HTTP/1.0" 302 476 "-" "Mozilla/5.0 (compatible; SemrushBot/7~bl; +http://www.semrush.com/bot.html)"
94.23.203.52 - - [09/Oct/2022:05:00:56 +0200] "GET /saffron-kitchen-towel-50-70-cm-p-44423.html HTTP/1.0" 301 74999 "-" "Mozilla/5.0 (compatible; MJ12bot/v1.4.8; http://mj12bot.com/)"
54.36.148.228 - - [09/Oct/2022:05:00:56 +0200] "GET /golden-resin-figurine-hand-buddha-p-59074.html HTTP/1.0" 200 76134 "-" "Mozilla/5.0 (compatible; AhrefsBot/7.0; +http://ahrefs.com/robot/)"
94.23.203.52 - - [09/Oct/2022:05:01:03 +0200] "GET /saffron-kitchen-towel-p-44423.html HTTP/1.0" 200 74911 "-" "Mozilla/5.0 (compatible; MJ12bot/v1.4.8; http://mj12bot.com/)"
185.191.171.8 - - [09/Oct/2022:05:01:13 +0200] "GET /black-phone-cover-iphone-cbkreation-p-16972.html?action=add_product HTTP/1.0" 301 476 "-" "Mozilla/5.0 (compatible; SemrushBot/7~bl; +http://www.semrush.com/bot.html)"
94.23.203.52 - - [09/Oct/2022:05:01:14 +0200] "GET /saffron-kitchen-towel-p-44423.html HTTP/1.0" 200 74911 "-" "Mozilla/5.0 (compatible; MJ12bot/v1.4.8; http://mj12bot.com/)"
64.124.8.31 - - [09/Oct/2022:05:01:22 +0200] "GET /box-of-coasters-p-45662.html HTTP/1.0" 301 74868 "-" "Mozilla/5.0 (X11; Linux x86_64) AppleWebKit/537.36 (KHTML, like Gecko) Chrome/61.0.3163.79 Safari/537.36"
94.23.203.52 - - [09/Oct/2022:05:01:25 +0200] "GET /saida-gold-beige-table-lamp-p-54616.html HTTP/1.0" 200 75886 "-" "Mozilla/5.0 (compatible; MJ12bot/v1.4.8; http://mj12bot.com/)"
94.23.203.52 - - [09/Oct/2022:05:01:33 +0200] "GET /saint-rita-resin-statue-p-40066.html HTTP/1.0" 301 72315 "-" "Mozilla/5.0 (compatible; MJ12bot/v1.4.8; http://mj12bot.com/)"
185.191.171.12 - - [09/Oct/2022:05:01:38 +0200] "GET /character-sculpture-natural-wood-aluminum-p-48712.html?action=add_product HTTP/1.0" 302 476 "-" "Mozilla/5.0 (compatible; SemrushBot/7~bl; +http://www.semrush.com/bot.html)"
94.23.203.52 - - [09/Oct/2022:05:01:39 +0200] "GET /-p-40066.html HTTP/1.0" 200 72248 "-" "Mozilla/5.0 (compatible; MJ12bot/v1.4.8; http://mj12bot.com/)"
94.23.203.52 - - [09/Oct/2022:05:01:46 +0200] "GET /sainte-rita-statue-p-55486.html HTTP/1.0" 200 72322 "-" "Mozilla/5.0 (compatible; MJ12bot/v1.4.8; http://mj12bot.com/)"
185.191.171.2 - - [09/Oct/2022:05:01:53 +0200] "GET /phone-cover-iphone-cbkreation-p-14050.html?action=add_product HTTP/1.0" 301 476 "-" "Mozilla/5.0 (compatible; SemrushBot/7~bl; +http://www.semrush.com/bot.html)"
185.191.171.44 - - [09/Oct/2022:05:01:56 +0200] "GET /hanging-plate-disorder-p-55670.html?action=add_product HTTP/1.0" 302 476 "-" "Mozilla/5.0 (compatible; SemrushBot/7~bl; +http://www.semrush.com/bot.html)"
185.191.171.8 - - [09/Oct/2022:05:01:59 +0200] "GET /kimmidoll-wastebasket-p-27443.html?action=add_product HTTP/1.0" 302 476 "-" "Mozilla/5.0 (compatible; SemrushBot/7~bl; +http://www.semrush.com/bot.html)"
94.23.203.52 - - [09/Oct/2022:05:01:56 +0200] "GET /salt-and-pepper-pot-cordelia-p-47915.html HTTP/1.0" 301 74986 "-" "Mozilla/5.0 (compatible; MJ12bot/v1.4.8; http://mj12bot.com/)"
94.23.203.52 - - [09/Oct/2022:05:02:03 +0200] "GET /salt-pepper-cordelia-p-47915.html HTTP/1.0" 200 74899 "-" "Mozilla/5.0 (compatible; MJ12bot/v1.4.8; http://mj12bot.com/)"
185.191.171.2 - - [09/Oct/2022:05:02:08 +0200] "GET /double-compartment-wooden-piggy-bank-p-55017.html?action=add_product HTTP/1.0" 302 476 "-" "Mozilla/5.0 (compatible; SemrushBot/7~bl; +http://www.semrush.com/bot.html)"
64.124.8.31 - - [09/Oct/2022:05:02:09 +0200] "GET /freya-polyresin-statuette-bronze-color-p-58560.html HTTP/1.0" 200 75704 "-" "Mozilla/5.0 (X11; Linux x86_64) AppleWebKit/537.36 (KHTML, like Gecko) Chrome/61.0.3163.79 Safari/537.36"
94.23.203.52 - - [09/Oct/2022:05:02:12 +0200] "GET /salt-pepper-cordelia-p-47915.html HTTP/1.0" 200 74899 "-" "Mozilla/5.0 (compatible; MJ12bot/v1.4.8; http://mj12bot.com/)"
94.23.203.52 - - [09/Oct/2022:05:02:18 +0200] "GET /sound-money-p-29260.html HTTP/1.0" 200 74897 "-" "Mozilla/5.0 (compatible; MJ12bot/v1.4.8; http://mj12bot.com/)"
185.191.171.4 - - [09/Oct/2022:05:02:25 +0200] "GET /metal-wood-retro-lamp-p-55117.html?action=add_product HTTP/1.0" 302 476 "-" "Mozilla/5.0 (compatible; SemrushBot/7~bl; +http://www.semrush.com/bot.html)"
64.124.8.31 - - [09/Oct/2022:05:02:24 +0200] "GET /dora-explorer-swimming-ring-p-14353.html HTTP/1.0" 200 72386 "-" "Mozilla/5.0 (X11; Linux x86_64) AppleWebKit/537.36 (KHTML, like Gecko) Chrome/61.0.3163.79 Safari/537.36"
64.124.8.31 - - [09/Oct/2022:05:02:29 +0200] "GET /amazon-love-glasses-case-light-pink-p-50268.html HTTP/1.0" 200 72356 "-" "Mozilla/5.0 (X11; Linux x86_64) AppleWebKit/537.36 (KHTML, like Gecko) Chrome/61.0.3163.79 Safari/537.36"
185.191.171.5 - - [09/Oct/2022:05:02:33 +0200] "GET /roller-skate-clock-designed-artist-michelle-allen-p-57631.html?action=add_product HTTP/1.0" 302 476 "-" "Mozilla/5.0 (compatible; SemrushBot/7~bl; +http://www.semrush.com/bot.html)"
94.23.203.52 - - [09/Oct/2022:05:02:31 +0200] "GET /wall-stickers-hummingbirds-p-51119.html HTTP/1.0" 200 75640 "-" "Mozilla/5.0 (compatible; MJ12bot/v1.4.8; http://mj12bot.com/)"
185.191.171.43 - - [09/Oct/2022:05:02:34 +0200] "GET /tweety-boat-money-p-34082.html?action=add_product HTTP/1.0" 302 476 "-" "Mozilla/5.0 (compatible; SemrushBot/7~bl; +http://www.semrush.com/bot.html)"
185.191.171.43 - - [09/Oct/2022:05:02:37 +0200] "GET /vintage-ship-clock-p-47431.html HTTP/1.0" 301 72315 "-" "Mozilla/5.0 (compatible; SemrushBot/7~bl; +http://www.semrush.com/bot.html)"
94.23.203.52 - - [09/Oct/2022:05:02:38 +0200] "GET /white-gold-ciment-flower-p-58067.html HTTP/1.0" 200 75737 "-" "Mozilla/5.0 (compatible; MJ12bot/v1.4.8; http://mj12bot.com/)"
185.191.171.12 - - [09/Oct/2022:05:02:41 +0200] "GET /-p-47431.html HTTP/1.0" 200 72248 "-" "Mozilla/5.0 (compatible; SemrushBot/7~bl; +http://www.semrush.com/bot.html)"
64.124.8.31 - - [09/Oct/2022:05:02:43 +0200] "GET /fff-sport-bag-p-44947.html HTTP/1.0" 301 72360 "-" "Mozilla/5.0 (X11; Linux x86_64) AppleWebKit/537.36 (KHTML, like Gecko) Chrome/61.0.3163.79 Safari/537.36"
185.191.171.1 - - [09/Oct/2022:05:02:45 +0200] "GET /metal-structure-hang-p-44240.html?action=add_product HTTP/1.0" 301 476 "-" "Mozilla/5.0 (compatible; SemrushBot/7~bl; +http://www.semrush.com/bot.html)"
94.23.203.52 - - [09/Oct/2022:05:02:44 +0200] "GET /white-gold-pottery-flower-p-58067.html HTTP/1.0" 301 75828 "-" "Mozilla/5.0 (compatible; MJ12bot/v1.4.8; http://mj12bot.com/)"
64.124.8.31 - - [09/Oct/2022:05:02:49 +0200] "GET /water-and-out HTTP/1.0" 404 1308 "-" "Mozilla/5.0 (X11; Linux x86_64) AppleWebKit/537.36 (KHTML, like Gecko) Chrome/61.0.3163.79 Safari/537.36"
64.124.8.31 - - [09/Oct/2022:05:02:47 +0200] "GET /tea-for-one-mandala-p-44263.html HTTP/1.0" 301 76186 "-" "Mozilla/5.0 (X11; Linux x86_64) AppleWebKit/537.36 (KHTML, like Gecko) Chrome/61.0.3163.79 Safari/537.36"
94.23.203.52 - - [09/Oct/2022:05:02:50 +0200] "GET /white-gold-ciment-flower-p-58067.html HTTP/1.0" 200 75737 "-" "Mozilla/5.0 (compatible; MJ12bot/v1.4.8; http://mj12bot.com/)"
185.191.171.42 - - [09/Oct/2022:05:02:52 +0200] "GET /crayola-farm-stamper-kit-p-16685.html HTTP/1.0" 301 72315 "-" "Mozilla/5.0 (compatible; SemrushBot/7~bl; +http://www.semrush.com/bot.html)"
185.191.171.26 - - [09/Oct/2022:05:02:58 +0200] "GET /-p-16685.html HTTP/1.0" 200 72248 "-" "Mozilla/5.0 (compatible; SemrushBot/7~bl; +http://www.semrush.com/bot.html)"
185.191.171.4 - - [09/Oct/2022:05:03:02 +0200] "GET /robots.txt HTTP/1.0" 200 245 "-" "Mozilla/5.0 (compatible; SemrushBot/7~bl; +http://www.semrush.com/bot.html)"
54.36.148.20 - - [09/Oct/2022:05:03:00 +0200] "GET /round-magnetic-cork-trivet-p-59091.html HTTP/1.0" 200 75580 "-" "Mozilla/5.0 (compatible; AhrefsBot/7.0; +http://ahrefs.com/robot/)"
185.191.171.10 - - [09/Oct/2022:05:03:05 +0200] "GET /bamboo-mirror-with-jewelry-compartment-p-53731.html?action=add_product HTTP/1.0" 302 476 "-" "Mozilla/5.0 (compatible; SemrushBot/7~bl; +http://www.semrush.com/bot.html)"
66.249.64.246 - - [09/Oct/2022:05:03:05 +0200] "GET /despicable-pencil-case-p-36235.html HTTP/1.0" 200 74920 "-" "Mozilla/5.0 (compatible; Googlebot/2.1; +http://www.google.com/bot.html)"
185.191.171.34 - - [09/Oct/2022:05:03:06 +0200] "GET /cafe-bistro-large-metal-plate-deco-p-33794.html HTTP/1.0" 301 72495 "-" "Mozilla/5.0 (compatible; SemrushBot/7~bl; +http://www.semrush.com/bot.html)"
216.244.66.242 - - [09/Oct/2022:05:03:06 +0200] "GET /skull-zippo-lighter-p-39538.html HTTP/1.0" 200 77955 "-" "Mozilla/5.0 (compatible; DotBot/1.2; +https://opensiteexplorer.org/dotbot; help@moz.com)"
185.191.171.2 - - [09/Oct/2022:05:03:12 +0200] "GET /tassen-porcelain-mood-sugar-bowl-made-in-germany-p-46333.html HTTP/1.0" 301 76181 "-" "Mozilla/5.0 (compatible; SemrushBot/7~bl; +http://www.semrush.com/bot.html)"
77.88.5.245 - - [09/Oct/2022:05:03:15 +0200] "GET /model-to-assemble-and-paint-motorcycle-ducati-desmosedici-p-21625.html HTTP/1.0" 301 72315 "-" "Mozilla/5.0 (compatible; YandexBot/3.0; +http://yandex.com/bots)"
77.88.5.245 - - [09/Oct/2022:05:03:18 +0200] "GET /-p-21625.html HTTP/1.0" 200 72248 "-" "Mozilla/5.0 (compatible; YandexBot/3.0; +http://yandex.com/bots)"
185.191.171.11 - - [09/Oct/2022:05:03:17 +0200] "GET /tassen-porcelain-mood-sugar-bowl-made-germany-p-46333.html HTTP/1.0" 200 76069 "-" "Mozilla/5.0 (compatible; SemrushBot/7~bl; +http://www.semrush.com/bot.html)"
94.23.203.52 - - [09/Oct/2022:05:02:57 +0200] "GET /with-infuser-c-12_221.html?page=1 HTTP/1.0" 200 93222 "-" "Mozilla/5.0 (compatible; MJ12bot/v1.4.8; http://mj12bot.com/)"
185.191.171.39 - - [09/Oct/2022:05:03:22 +0200] "GET /bistro-large-metal-plate-deco-p-33794.html HTTP/1.0" 200 72399 "-" "Mozilla/5.0 (compatible; SemrushBot/7~bl; +http://www.semrush.com/bot.html)"
64.124.8.31 - - [09/Oct/2022:05:03:38 +0200] "GET /hello-kitty-melamine-bowl-p-17118.html HTTP/1.0" 200 74997 "-" "Mozilla/5.0 (X11; Linux x86_64) AppleWebKit/537.36 (KHTML, like Gecko) Chrome/61.0.3163.79 Safari/537.36"
185.191.171.33 - - [09/Oct/2022:05:03:44 +0200] "GET /-p-36953.html?action=add_product HTTP/1.0" 302 476 "-" "Mozilla/5.0 (compatible; SemrushBot/7~bl; +http://www.semrush.com/bot.html)"
66.249.64.244 - - [09/Oct/2022:05:03:47 +0200] "GET /images/big_prod/8445148012737.jpg HTTP/1.0" 200 268 "-" "Googlebot-Image/1.0"
94.23.203.52 - - [09/Oct/2022:05:03:29 +0200] "GET /with-infuser-c-12_221.html?page=2 HTTP/1.0" 200 93652 "-" "Mozilla/5.0 (compatible; MJ12bot/v1.4.8; http://mj12bot.com/)"
66.249.64.242 - - [09/Oct/2022:05:03:49 +0200] "GET /decorative-door-sticker-p-57362.html HTTP/1.0" 200 75714 "-" "Mozilla/5.0 (Linux; Android 6.0.1; Nexus 5X Build/MMB29P) AppleWebKit/537.36 (KHTML, like Gecko) Chrome/105.0.5195.125 Mobile Safari/537.36 (compatible; Googlebot/2.1; +http://www.google.com/bot.html)"
185.191.171.33 - - [09/Oct/2022:05:04:05 +0200] "GET /-p-17241.html?action=add_product HTTP/1.0" 302 476 "-" "Mozilla/5.0 (compatible; SemrushBot/7~bl; +http://www.semrush.com/bot.html)"
185.191.171.25 - - [09/Oct/2022:05:04:08 +0200] "GET /york-yankees-post-office-p-19811.html HTTP/1.0" 200 75729 "-" "Mozilla/5.0 (compatible; SemrushBot/7~bl; +http://www.semrush.com/bot.html)"
94.23.203.52 - - [09/Oct/2022:05:04:01 +0200] "GET /with-infuser-c-12_221.html?page=3 HTTP/1.0" 200 94096 "-" "Mozilla/5.0 (compatible; MJ12bot/v1.4.8; http://mj12bot.com/)"
207.46.13.138 - - [09/Oct/2022:05:04:51 +0200] "GET /images/mini_prod/8422017830203.jpg HTTP/1.0" 200 269 "-" "Mozilla/5.0 (compatible; bingbot/2.0; +http://www.bing.com/bingbot.htm)"
94.23.203.52 - - [09/Oct/2022:05:04:31 +0200] "GET /with-infuser-c-12_221.html?page=4 HTTP/1.0" 200 93696 "-" "Mozilla/5.0 (compatible; MJ12bot/v1.4.8; http://mj12bot.com/)"
64.124.8.31 - - [09/Oct/2022:05:05:07 +0200] "GET /britto-cat-birthday-edition-ceramic-mug-p-50406.html HTTP/1.0" 301 72476 "-" "Mozilla/5.0 (X11; Linux x86_64) AppleWebKit/537.36 (KHTML, like Gecko) Chrome/61.0.3163.79 Safari/537.36"
64.124.8.31 - - [09/Oct/2022:05:05:17 +0200] "GET /tinted-candle-in-the-mass-dark-green-p-48920.html HTTP/1.0" 301 75072 "-" "Mozilla/5.0 (X11; Linux x86_64) AppleWebKit/537.36 (KHTML, like Gecko) Chrome/61.0.3163.79 Safari/537.36"
54.36.148.175 - - [09/Oct/2022:05:05:25 +0200] "GET /double-walled-porcelain-with-infuser-p-59129.html HTTP/1.0" 200 76127 "-" "Mozilla/5.0 (compatible; AhrefsBot/7.0; +http://ahrefs.com/robot/)"
77.88.5.245 - - [09/Oct/2022:05:05:32 +0200] "GET /images/big_prod_1/4250255859229a.jpg HTTP/1.0" 200 271 "-" "Mozilla/5.0 (compatible; YandexImages/3.0; +http://yandex.com/bots)"
94.23.203.52 - - [09/Oct/2022:05:05:09 +0200] "GET /with-infuser-c-12_221.html?page=5 HTTP/1.0" 200 93556 "-" "Mozilla/5.0 (compatible; MJ12bot/v1.4.8; http://mj12bot.com/)"
77.88.5.245 - - [09/Oct/2022:05:05:35 +0200] "GET /images/big_prod_1/4250255859199a.jpg HTTP/1.0" 200 271 "-" "Mozilla/5.0 (compatible; YandexImages/3.0; +http://yandex.com/bots)"
94.23.203.52 - - [09/Oct/2022:05:05:41 +0200] "GET /with-infuser-c-221.html?page=1 HTTP/1.0" 301 93205 "-" "Mozilla/5.0 (compatible; MJ12bot/v1.4.8; http://mj12bot.com/)"
185.191.171.6 - - [09/Oct/2022:05:05:33 +0200] "GET /dishes-c-12.html?page=32 HTTP/1.0" 200 94063 "-" "Mozilla/5.0 (compatible; SemrushBot/7~bl; +http://www.semrush.com/bot.html)"
64.124.8.31 - - [09/Oct/2022:05:05:39 +0200] "GET /trays-medium-size-c-12_159_265.html HTTP/1.0" 500 66421 "-" "Mozilla/5.0 (X11; Linux x86_64) AppleWebKit/537.36 (KHTML, like Gecko) Chrome/61.0.3163.79 Safari/537.36"
173.252.83.15 - - [09/Oct/2022:05:06:05 +0200] "GET /images/mini_prod/4036113102696.jpg HTTP/1.0" 200 269 "-" "facebookexternalhit/1.1 (+http://www.facebook.com/externalhit_uatext.php)"
64.124.8.31 - - [09/Oct/2022:05:06:09 +0200] "GET /storage-basket-petit-bazar-p-55798.html HTTP/1.0" 301 72315 "-" "Mozilla/5.0 (X11; Linux x86_64) AppleWebKit/537.36 (KHTML, like Gecko) Chrome/61.0.3163.79 Safari/537.36"
94.23.203.52 - - [09/Oct/2022:05:05:48 +0200] "GET /with-infuser-c-12_221.html?page=1 HTTP/1.0" 200 93222 "-" "Mozilla/5.0 (compatible; MJ12bot/v1.4.8; http://mj12bot.com/)"
64.124.8.31 - - [09/Oct/2022:05:06:17 +0200] "GET /cement-tile-stickers-15-15-cm-blue-p-45003.html HTTP/1.0" 301 75954 "-" "Mozilla/5.0 (X11; Linux x86_64) AppleWebKit/537.36 (KHTML, like Gecko) Chrome/61.0.3163.79 Safari/537.36"
64.124.8.31 - - [09/Oct/2022:05:06:21 +0200] "GET /heart-emoticon-cushion-30-cm-p-39371.html HTTP/1.0" 301 72315 "-" "Mozilla/5.0 (X11; Linux x86_64) AppleWebKit/537.36 (KHTML, like Gecko) Chrome/61.0.3163.79 Safari/537.36"
185.191.171.36 - - [09/Oct/2022:05:05:59 +0200] "GET /home-and-decoration-c-13.html?page=157 HTTP/1.0" 301 94678 "-" "Mozilla/5.0 (compatible; SemrushBot/7~bl; +http://www.semrush.com/bot.html)"
185.191.171.33 - - [09/Oct/2022:05:06:29 +0200] "GET /hedgehogs-tisaniere-p-42270.html HTTP/1.0" 301 72315 "-" "Mozilla/5.0 (compatible; SemrushBot/7~bl; +http://www.semrush.com/bot.html)"
94.23.203.52 - - [09/Oct/2022:05:06:20 +0200] "GET /with-infuser-c-221.html?page=2 HTTP/1.0" 301 93635 "-" "Mozilla/5.0 (compatible; MJ12bot/v1.4.8; http://mj12bot.com/)"
173.252.83.17 - - [09/Oct/2022:05:06:34 +0200] "GET /images/mini_prod/3700281646719.jpg HTTP/1.0" 200 269 "-" "facebookexternalhit/1.1 (+http://www.facebook.com/externalhit_uatext.php)"
185.191.171.2 - - [09/Oct/2022:05:06:33 +0200] "GET /collection-plate-metal-vespa-get-the-best-p-35030.html HTTP/1.0" 301 75268 "-" "Mozilla/5.0 (compatible; SemrushBot/7~bl; +http://www.semrush.com/bot.html)"
185.191.171.14 - - [09/Oct/2022:05:06:39 +0200] "GET /ceramic-salt-with-spoon-inaya-color-p-50603.html?action=add_product HTTP/1.0" 302 476 "-" "Mozilla/5.0 (compatible; SemrushBot/7~bl; +http://www.semrush.com/bot.html)"
185.191.171.11 - - [09/Oct/2022:05:06:40 +0200] "GET /beer-capsule-coasters-p-52929.html HTTP/1.0" 200 74890 "-" "Mozilla/5.0 (compatible; SemrushBot/7~bl; +http://www.semrush.com/bot.html)"
185.191.171.10 - - [09/Oct/2022:05:06:46 +0200] "GET /quibe-black-handbag-made-france-p-52704.html?action=add_product HTTP/1.0" 302 476 "-" "Mozilla/5.0 (compatible; SemrushBot/7~bl; +http://www.semrush.com/bot.html)"
185.191.171.3 - - [09/Oct/2022:05:06:48 +0200] "GET /tortoise-statue-in-resin-and-glass-p-48010.html HTTP/1.0" 301 72454 "-" "Mozilla/5.0 (compatible; SemrushBot/7~bl; +http://www.semrush.com/bot.html)"
64.124.8.31 - - [09/Oct/2022:05:06:50 +0200] "GET /africa-tea-box-p-45713.html HTTP/1.0" 301 75638 "-" "Mozilla/5.0 (X11; Linux x86_64) AppleWebKit/537.36 (KHTML, like Gecko) Chrome/61.0.3163.79 Safari/537.36"
185.191.171.11 - - [09/Oct/2022:05:06:53 +0200] "GET /ganesh-statue-p-34246.html?action=add_product HTTP/1.0" 302 476 "-" "Mozilla/5.0 (compatible; SemrushBot/7~bl; +http://www.semrush.com/bot.html)"
94.23.203.52 - - [09/Oct/2022:05:06:29 +0200] "GET /with-infuser-c-12_221.html?page=2 HTTP/1.0" 200 93652 "-" "Mozilla/5.0 (compatible; MJ12bot/v1.4.8; http://mj12bot.com/)"
173.252.83.4 - - [09/Oct/2022:05:06:55 +0200] "GET /images/mini_prod/8422023017810C.jpg HTTP/1.0" 200 270 "-" "facebookexternalhit/1.1 (+http://www.facebook.com/externalhit_uatext.php)"
216.244.66.242 - - [09/Oct/2022:05:06:51 +0200] "GET /bernese-mountain-keychain-p-26303.html HTTP/1.0" 200 75138 "-" "Mozilla/5.0 (compatible; DotBot/1.2; +https://opensiteexplorer.org/dotbot; help@moz.com)"
185.191.171.3 - - [09/Oct/2022:05:06:56 +0200] "GET /game-of-thrones-poster-p-28284.html HTTP/1.0" 301 72315 "-" "Mozilla/5.0 (compatible; SemrushBot/7~bl; +http://www.semrush.com/bot.html)"
185.191.171.1 - - [09/Oct/2022:05:07:01 +0200] "GET /-p-35783.html?action=add_product HTTP/1.0" 302 476 "-" "Mozilla/5.0 (compatible; SemrushBot/7~bl; +http://www.semrush.com/bot.html)"
66.249.64.244 - - [09/Oct/2022:05:06:58 +0200] "GET /white-grey-moroccan-ashtray-p-52625.html HTTP/1.0" 200 75709 "-" "Mozilla/5.0 (Linux; Android 6.0.1; Nexus 5X Build/MMB29P) AppleWebKit/537.36 (KHTML, like Gecko) Chrome/106.0.5249.91 Mobile Safari/537.36 (compatible; Googlebot/2.1; +http://www.google.com/bot.html)"
64.124.8.31 - - [09/Oct/2022:05:07:00 +0200] "GET /mother-love-mrs-potts-and-chip-figurine-p-45553.html HTTP/1.0" 301 76410 "-" "Mozilla/5.0 (X11; Linux x86_64) AppleWebKit/537.36 (KHTML, like Gecko) Chrome/61.0.3163.79 Safari/537.36"
185.191.171.13 - - [09/Oct/2022:05:07:03 +0200] "GET /porcelain-mug-with-infuser-p-48050.html HTTP/1.0" 301 74999 "-" "Mozilla/5.0 (compatible; SemrushBot/7~bl; +http://www.semrush.com/bot.html)"
185.191.171.22 - - [09/Oct/2022:05:07:09 +0200] "GET /green-adult-cotton-apron-p-44361.html HTTP/1.0" 200 72334 "-" "Mozilla/5.0 (compatible; SemrushBot/7~bl; +http://www.semrush.com/bot.html)"
66.249.64.244 - - [09/Oct/2022:05:07:08 +0200] "GET /silver-p-41943.html HTTP/1.0" 200 74843 "-" "Mozilla/5.0 (Linux; Android 6.0.1; Nexus 5X Build/MMB29P) AppleWebKit/537.36 (KHTML, like Gecko) Chrome/105.0.5195.125 Mobile Safari/537.36 (compatible; Googlebot/2.1; +http://www.google.com/bot.html)"
173.252.83.23 - - [09/Oct/2022:05:07:14 +0200] "GET /images/mini_prod/028399295012.jpg HTTP/1.0" 200 268 "-" "facebookexternalhit/1.1 (+http://www.facebook.com/externalhit_uatext.php)"
66.249.64.242 - - [09/Oct/2022:05:07:15 +0200] "GET /highslide/highslide.js HTTP/1.0" 200 262 "http://www.wonder-geek.com/silver-p-41943.html" "Mozilla/5.0 (Linux; Android 6.0.1; Nexus 5X Build/MMB29P) AppleWebKit/537.36 (KHTML, like Gecko) Chrome/106.0.5249.91 Mobile Safari/537.36 (compatible; Googlebot/2.1; +http://www.google.com/bot.html)"
185.191.171.1 - - [09/Oct/2022:05:07:14 +0200] "GET /-p-50480.html HTTP/1.0" 200 72248 "-" "Mozilla/5.0 (compatible; SemrushBot/7~bl; +http://www.semrush.com/bot.html)"
94.23.203.52 - - [09/Oct/2022:05:07:02 +0200] "GET /with-infuser-c-221.html?page=3 HTTP/1.0" 301 94079 "-" "Mozilla/5.0 (compatible; MJ12bot/v1.4.8; http://mj12bot.com/)"
64.124.8.31 - - [09/Oct/2022:05:07:15 +0200] "GET /bohemian-planter-with-resin-feet-p-58092.html HTTP/1.0" 200 75167 "-" "Mozilla/5.0 (X11; Linux x86_64) AppleWebKit/537.36 (KHTML, like Gecko) Chrome/61.0.3163.79 Safari/537.36"
185.191.171.38 - - [09/Oct/2022:05:07:18 +0200] "GET /porcelain-with-infuser-p-48050.html HTTP/1.0" 200 74910 "-" "Mozilla/5.0 (compatible; SemrushBot/7~bl; +http://www.semrush.com/bot.html)"
64.124.8.31 - - [09/Oct/2022:05:07:20 +0200] "GET /bedclothes-140-200-cm-geomix-p-51702.html HTTP/1.0" 301 72431 "-" "Mozilla/5.0 (X11; Linux x86_64) AppleWebKit/537.36 (KHTML, like Gecko) Chrome/61.0.3163.79 Safari/537.36"
54.236.1.11 - - [09/Oct/2022:05:07:18 +0200] "GET /-m-35.html?page=6 HTTP/1.0" 200 86355 "-" "Mozilla/5.0 (compatible; Pinterestbot/1.0; +http://www.pinterest.com/bot.html)"
185.191.171.19 - - [09/Oct/2022:05:07:24 +0200] "GET /large-sandstone-vase-51-cm-p-52244.html HTTP/1.0" 301 72315 "-" "Mozilla/5.0 (compatible; SemrushBot/7~bl; +http://www.semrush.com/bot.html)"
64.62.252.176 - - [09/Oct/2022:05:07:27 +0200] "GET /robots.txt HTTP/1.0" 200 245 "-" "The Knowledge AI"
185.191.171.12 - - [09/Oct/2022:05:07:28 +0200] "GET /table-bell-festin-familial-p-46456.html?action=add_product HTTP/1.0" 302 476 "-" "Mozilla/5.0 (compatible; SemrushBot/7~bl; +http://www.semrush.com/bot.html)"
64.124.8.31 - - [09/Oct/2022:05:07:27 +0200] "GET /cavaillon-lampshade-p-56323.html HTTP/1.0" 200 72314 "-" "Mozilla/5.0 (X11; Linux x86_64) AppleWebKit/537.36 (KHTML, like Gecko) Chrome/61.0.3163.79 Safari/537.36"
185.191.171.6 - - [09/Oct/2022:05:07:30 +0200] "GET /-p-52244.html HTTP/1.0" 200 72248 "-" "Mozilla/5.0 (compatible; SemrushBot/7~bl; +http://www.semrush.com/bot.html)"
54.36.148.168 - - [09/Oct/2022:05:07:30 +0200] "GET /horse-statue-brown-resin-p-59128.html HTTP/1.0" 200 75646 "-" "Mozilla/5.0 (compatible; AhrefsBot/7.0; +http://ahrefs.com/robot/)"
94.23.203.52 - - [09/Oct/2022:05:07:09 +0200] "GET /with-infuser-c-12_221.html?page=3 HTTP/1.0" 200 94096 "-" "Mozilla/5.0 (compatible; MJ12bot/v1.4.8; http://mj12bot.com/)"
185.191.171.12 - - [09/Oct/2022:05:07:35 +0200] "GET /-p-28284.html HTTP/1.0" 200 72248 "-" "Mozilla/5.0 (compatible; SemrushBot/7~bl; +http://www.semrush.com/bot.html)"
185.191.171.1 - - [09/Oct/2022:05:07:39 +0200] "GET /tortoise-statue-resin-glass-p-48010.html HTTP/1.0" 200 72360 "-" "Mozilla/5.0 (compatible; SemrushBot/7~bl; +http://www.semrush.com/bot.html)"
64.124.8.31 - - [09/Oct/2022:05:07:43 +0200] "GET /lyon-pot-cookware-cbkreation-p-31271.html HTTP/1.0" 301 75015 "-" "Mozilla/5.0 (X11; Linux x86_64) AppleWebKit/537.36 (KHTML, like Gecko) Chrome/61.0.3163.79 Safari/537.36"
185.191.171.2 - - [09/Oct/2022:05:07:44 +0200] "GET /collection-plate-metal-vespa-best-p-35030.html HTTP/1.0" 200 75168 "-" "Mozilla/5.0 (compatible; SemrushBot/7~bl; +http://www.semrush.com/bot.html)"
185.191.171.19 - - [09/Oct/2022:05:07:51 +0200] "GET /buddha-child-statue-polyresin-anything-p-46720.html?action=add_product HTTP/1.0" 302 476 "-" "Mozilla/5.0 (compatible; SemrushBot/7~bl; +http://www.semrush.com/bot.html)"
66.249.64.242 - - [09/Oct/2022:05:07:52 +0200] "GET /images/big_prod/846007011485.jpg HTTP/1.0" 200 267 "-" "Googlebot-Image/1.0"
64.124.8.31 - - [09/Oct/2022:05:07:53 +0200] "GET /-p-9907.html HTTP/1.0" 200 72246 "-" "Mozilla/5.0 (X11; Linux x86_64) AppleWebKit/537.36 (KHTML, like Gecko) Chrome/61.0.3163.79 Safari/537.36"
94.23.203.52 - - [09/Oct/2022:05:07:43 +0200] "GET /with-infuser-c-221.html?page=4 HTTP/1.0" 301 93679 "-" "Mozilla/5.0 (compatible; MJ12bot/v1.4.8; http://mj12bot.com/)"
64.62.252.176 - - [09/Oct/2022:05:07:27 +0200] "GET / HTTP/1.0" 200 151834 "-" "The Knowledge AI"
64.124.8.31 - - [09/Oct/2022:05:08:07 +0200] "GET /desk-blotter-c-129_190.html HTTP/1.0" 200 71325 "-" "Mozilla/5.0 (X11; Linux x86_64) AppleWebKit/537.36 (KHTML, like Gecko) Chrome/61.0.3163.79 Safari/537.36"
94.23.203.52 - - [09/Oct/2022:05:07:49 +0200] "GET /with-infuser-c-12_221.html?page=4 HTTP/1.0" 200 93696 "-" "Mozilla/5.0 (compatible; MJ12bot/v1.4.8; http://mj12bot.com/)"
64.124.8.31 - - [09/Oct/2022:05:08:14 +0200] "GET /duvet-cover-in-cotton-percale-80-threads-240-220-cm-p-43843.html HTTP/1.0" 301 75287 "-" "Mozilla/5.0 (X11; Linux x86_64) AppleWebKit/537.36 (KHTML, like Gecko) Chrome/61.0.3163.79 Safari/537.36"
185.191.171.11 - - [09/Oct/2022:05:07:53 +0200] "GET /home-decoration-c-13.html?page=157 HTTP/1.0" 200 94590 "-" "Mozilla/5.0 (compatible; SemrushBot/7~bl; +http://www.semrush.com/bot.html)"
185.191.171.22 - - [09/Oct/2022:05:08:24 +0200] "GET /kimmidoll-dolls-p-46130.html?action=add_product HTTP/1.0" 302 476 "-" "Mozilla/5.0 (compatible; SemrushBot/7~bl; +http://www.semrush.com/bot.html)"
185.191.171.26 - - [09/Oct/2022:05:08:26 +0200] "GET /vintage-grey-metal-clock-40-cm-p-42196.html HTTP/1.0" 301 72437 "-" "Mozilla/5.0 (compatible; SemrushBot/7~bl; +http://www.semrush.com/bot.html)"
94.23.203.52 - - [09/Oct/2022:05:08:19 +0200] "GET /with-infuser-c-221.html?page=5 HTTP/1.0" 301 93539 "-" "Mozilla/5.0 (compatible; MJ12bot/v1.4.8; http://mj12bot.com/)"
185.191.171.35 - - [09/Oct/2022:05:08:30 +0200] "GET /jacadi-kids-school-navy-blue-p-44880.html HTTP/1.0" 301 72315 "-" "Mozilla/5.0 (compatible; SemrushBot/7~bl; +http://www.semrush.com/bot.html)"
66.249.64.242 - - [09/Oct/2022:05:08:33 +0200] "GET /images/big_prod/8424346234936.jpg HTTP/1.0" 200 268 "-" "Googlebot-Image/1.0"
64.124.8.31 - - [09/Oct/2022:05:08:31 +0200] "GET /bamboo-basket-black-white-p-50134.html HTTP/1.0" 301 72315 "-" "Mozilla/5.0 (X11; Linux x86_64) AppleWebKit/537.36 (KHTML, like Gecko) Chrome/61.0.3163.79 Safari/537.36"
185.191.171.45 - - [09/Oct/2022:05:08:34 +0200] "GET /-p-44880.html HTTP/1.0" 200 72248 "-" "Mozilla/5.0 (compatible; SemrushBot/7~bl; +http://www.semrush.com/bot.html)"
216.244.66.242 - - [09/Oct/2022:05:08:33 +0200] "GET /best-breakfast-cutting-board-23-14-cm-p-40645.html HTTP/1.0" 301 75091 "-" "Mozilla/5.0 (compatible; DotBot/1.2; +https://opensiteexplorer.org/dotbot; help@moz.com)"
66.249.64.242 - - [09/Oct/2022:05:08:41 +0200] "GET /images/big_prod/4260082938400.jpg HTTP/1.0" 200 268 "-" "Googlebot-Image/1.0"
185.191.171.1 - - [09/Oct/2022:05:08:40 +0200] "GET /vintage-grey-metal-clock-p-42196.html HTTP/1.0" 200 72346 "-" "Mozilla/5.0 (compatible; SemrushBot/7~bl; +http://www.semrush.com/bot.html)"
94.23.203.52 - - [09/Oct/2022:05:08:27 +0200] "GET /with-infuser-c-12_221.html?page=5 HTTP/1.0" 200 93556 "-" "Mozilla/5.0 (compatible; MJ12bot/v1.4.8; http://mj12bot.com/)"
94.23.203.52 - - [09/Oct/2022:05:08:59 +0200] "GET /with-infuser-cutty-p-47847.html HTTP/1.0" 200 72322 "-" "Mozilla/5.0 (compatible; MJ12bot/v1.4.8; http://mj12bot.com/)"
216.244.66.242 - - [09/Oct/2022:05:09:05 +0200] "GET /cat-bowls-senor-moustache-p-31521.html HTTP/1.0" 301 75006 "-" "Mozilla/5.0 (compatible; DotBot/1.2; +https://opensiteexplorer.org/dotbot; help@moz.com)"
94.23.203.52 - - [09/Oct/2022:05:09:07 +0200] "GET /with-infuser-keya-p-47848.html HTTP/1.0" 200 74941 "-" "Mozilla/5.0 (compatible; MJ12bot/v1.4.8; http://mj12bot.com/)"
64.124.8.31 - - [09/Oct/2022:05:09:13 +0200] "GET /doudou-bedclothes-p-53971.html HTTP/1.0" 200 72318 "-" "Mozilla/5.0 (X11; Linux x86_64) AppleWebKit/537.36 (KHTML, like Gecko) Chrome/61.0.3163.79 Safari/537.36"
94.23.203.52 - - [09/Oct/2022:05:09:17 +0200] "GET /with-infuser-toucan-p-47850.html HTTP/1.0" 200 75545 "-" "Mozilla/5.0 (compatible; MJ12bot/v1.4.8; http://mj12bot.com/)"
64.124.8.31 - - [09/Oct/2022:05:09:29 +0200] "GET /calimero-mobile-sock-p-11926.html HTTP/1.0" 301 72315 "-" "Mozilla/5.0 (X11; Linux x86_64) AppleWebKit/537.36 (KHTML, like Gecko) Chrome/61.0.3163.79 Safari/537.36"
54.36.148.241 - - [09/Oct/2022:05:09:29 +0200] "GET /small-pebble-cement-lamp-p-59123.html HTTP/1.0" 200 76187 "-" "Mozilla/5.0 (compatible; AhrefsBot/7.0; +http://ahrefs.com/robot/)"
216.244.66.242 - - [09/Oct/2022:05:09:32 +0200] "GET /pendulum-witness-chrome-55-gr-p-40955.html HTTP/1.0" 301 74989 "-" "Mozilla/5.0 (compatible; DotBot/1.2; +https://opensiteexplorer.org/dotbot; help@moz.com)"
185.191.171.14 - - [09/Oct/2022:05:09:50 +0200] "GET /red-toilet-brush-p-45523.html HTTP/1.0" 301 72373 "-" "Mozilla/5.0 (compatible; SemrushBot/7~bl; +http://www.semrush.com/bot.html)"
185.191.171.42 - - [09/Oct/2022:05:09:54 +0200] "GET /kiub-collection-little-prince-p-56240.html?action=add_product HTTP/1.0" 302 476 "-" "Mozilla/5.0 (compatible; SemrushBot/7~bl; +http://www.semrush.com/bot.html)"
64.124.8.31 - - [09/Oct/2022:05:09:56 +0200] "GET /small-postcard-plate-with-envelope-15-105-cm-p-40128.html HTTP/1.0" 301 75226 "-" "Mozilla/5.0 (X11; Linux x86_64) AppleWebKit/537.36 (KHTML, like Gecko) Chrome/61.0.3163.79 Safari/537.36"
185.191.171.7 - - [09/Oct/2022:05:09:56 +0200] "GET /toilet-brush-p-45523.html HTTP/1.0" 200 72294 "-" "Mozilla/5.0 (compatible; SemrushBot/7~bl; +http://www.semrush.com/bot.html)"
185.191.171.2 - - [09/Oct/2022:05:10:02 +0200] "GET /-p-18921.html?action=add_product HTTP/1.0" 302 476 "-" "Mozilla/5.0 (compatible; SemrushBot/7~bl; +http://www.semrush.com/bot.html)"
185.191.171.25 - - [09/Oct/2022:05:10:03 +0200] "GET /storage-chest-pink-velvet-feet-p-45808.html?action=add_product HTTP/1.0" 302 476 "-" "Mozilla/5.0 (compatible; SemrushBot/7~bl; +http://www.semrush.com/bot.html)"
216.244.66.242 - - [09/Oct/2022:05:09:59 +0200] "GET /so-sweet-white-women-tee-shirt-p-30992.html HTTP/1.0" 301 76997 "-" "Mozilla/5.0 (compatible; DotBot/1.2; +https://opensiteexplorer.org/dotbot; help@moz.com)"
173.252.83.17 - - [09/Oct/2022:05:10:27 +0200] "GET /images/mini_prod/1399984241806.jpg HTTP/1.0" 200 269 "-" "facebookexternalhit/1.1 (+http://www.facebook.com/externalhit_uatext.php)"
64.124.8.31 - - [09/Oct/2022:05:10:34 +0200] "GET /black-and-white-drops-tea-box-200-gr-p-50769.html HTTP/1.0" 301 72428 "-" "Mozilla/5.0 (X11; Linux x86_64) AppleWebKit/537.36 (KHTML, like Gecko) Chrome/61.0.3163.79 Safari/537.36"
185.191.171.23 - - [09/Oct/2022:05:10:17 +0200] "GET /boxes-and-storage-box-c-13_150.html HTTP/1.0" 301 96425 "-" "Mozilla/5.0 (compatible; SemrushBot/7~bl; +http://www.semrush.com/bot.html)"
