185.191.171.5 - - [09/Oct/2022:17:01:12 +0200] "GET /coasters-union-jack-cbkreation-p-15021.html?action=add_product HTTP/1.0" 302 476 "-" "Mozilla/5.0 (compatible; SemrushBot/7~bl; +http://www.semrush.com/bot.html)"
185.191.171.23 - - [09/Oct/2022:17:01:33 +0200] "GET /merci-gustave-paris-so-chic-espresso-cup-p-49661.html HTTP/1.0" 301 72484 "-" "Mozilla/5.0 (compatible; SemrushBot/7~bl; +http://www.semrush.com/bot.html)"
185.191.171.11 - - [09/Oct/2022:17:01:35 +0200] "GET /robots.txt HTTP/1.0" 200 245 "-" "Mozilla/5.0 (compatible; SemrushBot/7~bl; +http://www.semrush.com/bot.html)"
185.191.171.34 - - [09/Oct/2022:17:01:36 +0200] "GET /merci-gustave-paris-chic-espresso-p-49661.html HTTP/1.0" 200 72384 "-" "Mozilla/5.0 (compatible; SemrushBot/7~bl; +http://www.semrush.com/bot.html)"
185.191.171.38 - - [09/Oct/2022:17:01:41 +0200] "GET /placemat-kiub-collection-kook-black-p-55912.html?action=add_product HTTP/1.0" 302 476 "-" "Mozilla/5.0 (compatible; SemrushBot/7~bl; +http://www.semrush.com/bot.html)"
185.191.171.16 - - [09/Oct/2022:17:01:51 +0200] "GET /willow-tree-collection-mother-daughter-p-55500.html HTTP/1.0" 200 76624 "-" "Mozilla/5.0 (compatible; SemrushBot/7~bl; +http://www.semrush.com/bot.html)"
114.119.133.245 - - [09/Oct/2022:17:02:09 +0200] "GET /wise-wings-glasses-case-p-51858.html HTTP/1.0" 200 75888 "http://www.wonder-geek.com/glasses-case-c-31_164.html?page=2" "Mozilla/5.0 (Linux; Android 7.0;) AppleWebKit/537.36 (KHTML, like Gecko) Mobile Safari/537.36 (compatible; PetalBot;+https://webmaster.petalsearch.com/site/petalbot)"
185.191.171.1 - - [09/Oct/2022:17:02:12 +0200] "GET /mala-carnelian-beads-p-51006.html?action=add_product HTTP/1.0" 302 476 "-" "Mozilla/5.0 (compatible; SemrushBot/7~bl; +http://www.semrush.com/bot.html)"
185.191.171.42 - - [09/Oct/2022:17:02:24 +0200] "GET /figurine-caricature-polyrsine-biker-p-42885.html?action=add_product HTTP/1.0" 302 476 "-" "Mozilla/5.0 (compatible; SemrushBot/7~bl; +http://www.semrush.com/bot.html)"
157.55.39.28 - - [09/Oct/2022:17:03:04 +0200] "GET /images/1399984264867.jpg HTTP/1.0" 200 259 "-" "Mozilla/5.0 (compatible; bingbot/2.0; +http://www.bing.com/bingbot.htm)"
185.191.171.24 - - [09/Oct/2022:17:03:03 +0200] "GET /buddha-paradise-coasters-p-55598.html?action=add_product HTTP/1.0" 302 476 "-" "Mozilla/5.0 (compatible; SemrushBot/7~bl; +http://www.semrush.com/bot.html)"
114.119.137.43 - - [09/Oct/2022:17:03:26 +0200] "GET /florialys-fragrance-provence-tiare-flower-p-48501.html HTTP/1.0" 200 75207 "http://www.wonder-geek.com/perfumes-interior-c-231_234.html?page=1" "Mozilla/5.0 (Linux; Android 7.0;) AppleWebKit/537.36 (KHTML, like Gecko) Mobile Safari/537.36 (compatible; PetalBot;+https://webmaster.petalsearch.com/site/petalbot)"
54.36.148.133 - - [09/Oct/2022:17:03:30 +0200] "GET /statuettes-animal-figurines-c-292_291.html?page=3 HTTP/1.0" 200 95009 "-" "Mozilla/5.0 (compatible; AhrefsBot/7.0; +http://ahrefs.com/robot/)"
185.191.171.36 - - [09/Oct/2022:17:03:38 +0200] "GET /coconut-fibers-doormat-love-cats-p-53696.html?action=add_product HTTP/1.0" 302 476 "-" "Mozilla/5.0 (compatible; SemrushBot/7~bl; +http://www.semrush.com/bot.html)"
185.191.171.2 - - [09/Oct/2022:17:03:40 +0200] "GET /cookware-orange-p-41669.html?action=add_product HTTP/1.0" 302 476 "-" "Mozilla/5.0 (compatible; SemrushBot/7~bl; +http://www.semrush.com/bot.html)"
185.191.171.24 - - [09/Oct/2022:17:03:55 +0200] "GET /-p-42488.html HTTP/1.0" 200 72248 "-" "Mozilla/5.0 (compatible; SemrushBot/7~bl; +http://www.semrush.com/bot.html)"
185.191.171.4 - - [09/Oct/2022:17:04:00 +0200] "GET /cow-ceramic-pie-dish-p-45516.html HTTP/1.0" 301 74907 "-" "Mozilla/5.0 (compatible; SemrushBot/7~bl; +http://www.semrush.com/bot.html)"
185.191.171.40 - - [09/Oct/2022:17:04:04 +0200] "GET /angel-figurine-love-p-58772.html?action=add_product HTTP/1.0" 302 476 "-" "Mozilla/5.0 (compatible; SemrushBot/7~bl; +http://www.semrush.com/bot.html)"
185.191.171.34 - - [09/Oct/2022:17:04:05 +0200] "GET /ceramic-dish-p-45516.html HTTP/1.0" 200 74828 "-" "Mozilla/5.0 (compatible; SemrushBot/7~bl; +http://www.semrush.com/bot.html)"
185.191.171.8 - - [09/Oct/2022:17:04:10 +0200] "GET /bamboo-fiber-plant-cover-quand-p-57719.html?action=add_product HTTP/1.0" 302 476 "-" "Mozilla/5.0 (compatible; SemrushBot/7~bl; +http://www.semrush.com/bot.html)"
185.191.171.39 - - [09/Oct/2022:17:04:32 +0200] "GET /-p-18805.html?action=add_product HTTP/1.0" 302 476 "-" "Mozilla/5.0 (compatible; SemrushBot/7~bl; +http://www.semrush.com/bot.html)"
185.191.171.45 - - [09/Oct/2022:17:04:37 +0200] "GET /-p-41346.html?action=add_product HTTP/1.0" 302 476 "-" "Mozilla/5.0 (compatible; SemrushBot/7~bl; +http://www.semrush.com/bot.html)"
114.119.137.3 - - [09/Oct/2022:17:04:41 +0200] "GET /the-ballerina-statue-collection-body-talk-p-38818.html HTTP/1.0" 301 75828 "http://www.wonder-geek.com/home-and-decoration-c-13.html?page=238" "Mozilla/5.0 (Linux; Android 7.0;) AppleWebKit/537.36 (KHTML, like Gecko) Mobile Safari/537.36 (compatible; PetalBot;+https://webmaster.petalsearch.com/site/petalbot)"
114.119.137.3 - - [09/Oct/2022:17:04:43 +0200] "GET /ballerina-statue-collection-body-talk-p-38818.html HTTP/1.0" 200 75724 "http://www.wonder-geek.com/home-and-decoration-c-13.html?page=238" "Mozilla/5.0 (Linux; Android 7.0;) AppleWebKit/537.36 (KHTML, like Gecko) Mobile Safari/537.36 (compatible; PetalBot;+https://webmaster.petalsearch.com/site/petalbot)"
185.191.171.5 - - [09/Oct/2022:17:05:08 +0200] "GET /moai-statue-p-54268.html?action=add_product HTTP/1.0" 302 476 "-" "Mozilla/5.0 (compatible; SemrushBot/7~bl; +http://www.semrush.com/bot.html)"
66.249.64.246 - - [09/Oct/2022:17:05:23 +0200] "GET /lampshades-c-86_277.html HTTP/1.0" 200 90011 "-" "Mozilla/5.0 (Linux; Android 6.0.1; Nexus 5X Build/MMB29P) AppleWebKit/537.36 (KHTML, like Gecko) Chrome/105.0.5195.125 Mobile Safari/537.36 (compatible; Googlebot/2.1; +http://www.google.com/bot.html)"
185.191.171.4 - - [09/Oct/2022:17:05:31 +0200] "GET /jangal-jute-p-56459.html?action=add_product HTTP/1.0" 302 476 "-" "Mozilla/5.0 (compatible; SemrushBot/7~bl; +http://www.semrush.com/bot.html)"
185.191.171.34 - - [09/Oct/2022:17:05:43 +0200] "GET /-p-16549.html?action=add_product HTTP/1.0" 302 476 "-" "Mozilla/5.0 (compatible; SemrushBot/7~bl; +http://www.semrush.com/bot.html)"
114.119.133.245 - - [09/Oct/2022:17:05:57 +0200] "GET /images/mini_prod/8422000867414A.jpg HTTP/1.0" 200 270 "http://www.wonder-geek.com/home-decoration-c-13.html?page=169" "Mozilla/5.0 (Linux; Android 7.0;) AppleWebKit/537.36 (KHTML, like Gecko) Mobile Safari/537.36 (compatible; PetalBot;+https://webmaster.petalsearch.com/site/petalbot)"
185.191.171.35 - - [09/Oct/2022:17:05:57 +0200] "GET /paperweight-kiss-klimt-p-52021.html?action=add_product HTTP/1.0" 302 476 "-" "Mozilla/5.0 (compatible; SemrushBot/7~bl; +http://www.semrush.com/bot.html)"
185.191.171.25 - - [09/Oct/2022:17:05:59 +0200] "GET /candle-hours-twilight-p-37313.html HTTP/1.0" 200 72340 "-" "Mozilla/5.0 (compatible; SemrushBot/7~bl; +http://www.semrush.com/bot.html)"
185.191.171.15 - - [09/Oct/2022:17:06:08 +0200] "GET /grand-prix-moto-glasses-p-41486.html?action=add_product HTTP/1.0" 302 476 "-" "Mozilla/5.0 (compatible; SemrushBot/7~bl; +http://www.semrush.com/bot.html)"
185.191.171.14 - - [09/Oct/2022:17:06:22 +0200] "GET /-p-24359.html?action=add_product HTTP/1.0" 302 476 "-" "Mozilla/5.0 (compatible; SemrushBot/7~bl; +http://www.semrush.com/bot.html)"
185.191.171.43 - - [09/Oct/2022:17:06:29 +0200] "GET /dubout-cats-white-mug-p-35240.html HTTP/1.0" 301 74929 "-" "Mozilla/5.0 (compatible; SemrushBot/7~bl; +http://www.semrush.com/bot.html)"
185.191.171.26 - - [09/Oct/2022:17:06:31 +0200] "GET /candle-hours-christmas-cupcake-p-33025.html?action=add_product HTTP/1.0" 302 476 "-" "Mozilla/5.0 (compatible; SemrushBot/7~bl; +http://www.semrush.com/bot.html)"
185.191.171.2 - - [09/Oct/2022:17:06:33 +0200] "GET /klimt-baiser-purse-made-france-p-47419.html?action=add_product HTTP/1.0" 302 476 "-" "Mozilla/5.0 (compatible; SemrushBot/7~bl; +http://www.semrush.com/bot.html)"
185.191.171.2 - - [09/Oct/2022:17:06:36 +0200] "GET /dubout-cats-white-p-35240.html HTTP/1.0" 200 74845 "-" "Mozilla/5.0 (compatible; SemrushBot/7~bl; +http://www.semrush.com/bot.html)"
114.119.133.245 - - [09/Oct/2022:17:07:18 +0200] "GET /mani-lucky-pink-notebook-p-37344.html HTTP/1.0" 200 75098 "http://www.wonder-geek.com/notebook-notebook-diary-c-129_185.html?page=2" "Mozilla/5.0 (Linux; Android 7.0;) AppleWebKit/537.36 (KHTML, like Gecko) Mobile Safari/537.36 (compatible; PetalBot;+https://webmaster.petalsearch.com/site/petalbot)"
185.191.171.15 - - [09/Oct/2022:17:07:23 +0200] "GET /tree-life-isothermic-stainless-steel-bottle-cbkreation-p-51015.html?action=add_product HTTP/1.0" 302 476 "-" "Mozilla/5.0 (compatible; SemrushBot/7~bl; +http://www.semrush.com/bot.html)"
185.191.171.22 - - [09/Oct/2022:17:07:45 +0200] "GET /mimosa-branch-adhesive-decoration-board-p-55494.html HTTP/1.0" 200 75729 "-" "Mozilla/5.0 (compatible; SemrushBot/7~bl; +http://www.semrush.com/bot.html)"
66.249.64.246 - - [09/Oct/2022:17:07:51 +0200] "GET /drive-love-metal-plate-deco-p-36120.html HTTP/1.0" 200 75021 "-" "Mozilla/5.0 (Linux; Android 6.0.1; Nexus 5X Build/MMB29P) AppleWebKit/537.36 (KHTML, like Gecko) Chrome/106.0.5249.91 Mobile Safari/537.36 (compatible; Googlebot/2.1; +http://www.google.com/bot.html)"
185.191.171.26 - - [09/Oct/2022:17:07:53 +0200] "GET /we-serve-coffee-cutting-board-23-14-cm-p-40647.html HTTP/1.0" 301 75085 "-" "Mozilla/5.0 (compatible; SemrushBot/7~bl; +http://www.semrush.com/bot.html)"
185.191.171.39 - - [09/Oct/2022:17:07:56 +0200] "GET /sonny-angel-animal-series-p-27667.html?action=add_product HTTP/1.0" 301 476 "-" "Mozilla/5.0 (compatible; SemrushBot/7~bl; +http://www.semrush.com/bot.html)"
185.191.171.7 - - [09/Oct/2022:17:07:58 +0200] "GET /serve-coffee-cutting-board-p-40647.html HTTP/1.0" 200 74992 "-" "Mozilla/5.0 (compatible; SemrushBot/7~bl; +http://www.semrush.com/bot.html)"
185.191.171.39 - - [09/Oct/2022:17:08:07 +0200] "GET /indian-elephant-statue-p-40165.html?action=add_product HTTP/1.0" 302 476 "-" "Mozilla/5.0 (compatible; SemrushBot/7~bl; +http://www.semrush.com/bot.html)"
114.119.137.3 - - [09/Oct/2022:17:08:30 +0200] "GET /orgone-pyramid-selenite-flower-of-life-p-44268.html HTTP/1.0" 301 76290 "http://www.wonder-geek.com/esotericism-lithotherapy-c-174.html?page=6" "Mozilla/5.0 (Linux; Android 7.0;) AppleWebKit/537.36 (KHTML, like Gecko) Mobile Safari/537.36 (compatible; PetalBot;+https://webmaster.petalsearch.com/site/petalbot)"
114.119.137.3 - - [09/Oct/2022:17:08:32 +0200] "GET /orgone-pyramid-selenite-flower-life-p-44268.html HTTP/1.0" 200 76188 "http://www.wonder-geek.com/esotericism-lithotherapy-c-174.html?page=6" "Mozilla/5.0 (Linux; Android 7.0;) AppleWebKit/537.36 (KHTML, like Gecko) Mobile Safari/537.36 (compatible; PetalBot;+https://webmaster.petalsearch.com/site/petalbot)"
173.252.83.1 - - [09/Oct/2022:17:08:47 +0200] "GET /images/mini_prod/3503420145865.jpg HTTP/1.0" 200 269 "-" "facebookexternalhit/1.1 (+http://www.facebook.com/externalhit_uatext.php)"
54.36.148.54 - - [09/Oct/2022:17:08:52 +0200] "GET /postcard-without-envelope-tassen-p-57448.html HTTP/1.0" 200 75623 "-" "Mozilla/5.0 (compatible; AhrefsBot/7.0; +http://ahrefs.com/robot/)"
185.191.171.34 - - [09/Oct/2022:17:08:53 +0200] "GET /wild-about-words-bowl-p-31970.html HTTP/1.0" 200 74770 "-" "Mozilla/5.0 (compatible; SemrushBot/7~bl; +http://www.semrush.com/bot.html)"
185.191.171.34 - - [09/Oct/2022:17:08:58 +0200] "GET /katy-phone-cover-for-iphone-and-p-16764.html HTTP/1.0" 301 75699 "-" "Mozilla/5.0 (compatible; SemrushBot/7~bl; +http://www.semrush.com/bot.html)"
185.191.171.6 - - [09/Oct/2022:17:09:03 +0200] "GET /katy-phone-cover-iphone-p-16764.html HTTP/1.0" 200 75609 "-" "Mozilla/5.0 (compatible; SemrushBot/7~bl; +http://www.semrush.com/bot.html)"
66.249.64.246 - - [09/Oct/2022:17:09:20 +0200] "GET /votive-candle-hours-simply-p-55375.html HTTP/1.0" 200 75949 "-" "Mozilla/5.0 (Linux; Android 6.0.1; Nexus 5X Build/MMB29P) AppleWebKit/537.36 (KHTML, like Gecko) Chrome/106.0.5249.91 Mobile Safari/537.36 (compatible; Googlebot/2.1; +http://www.google.com/bot.html)"
185.191.171.41 - - [09/Oct/2022:17:09:29 +0200] "GET /pin-up-pill-box-fashion-and-flavours-p-34378.html HTTP/1.0" 301 72315 "-" "Mozilla/5.0 (compatible; SemrushBot/7~bl; +http://www.semrush.com/bot.html)"
185.191.171.14 - - [09/Oct/2022:17:09:32 +0200] "GET /-p-34378.html HTTP/1.0" 200 72248 "-" "Mozilla/5.0 (compatible; SemrushBot/7~bl; +http://www.semrush.com/bot.html)"
185.191.171.9 - - [09/Oct/2022:17:09:35 +0200] "GET /coconut-fibers-doormat-cement-tile-pattern-p-56271.html?action=add_product HTTP/1.0" 302 476 "-" "Mozilla/5.0 (compatible; SemrushBot/7~bl; +http://www.semrush.com/bot.html)"
114.119.137.3 - - [09/Oct/2022:17:09:46 +0200] "GET /volkswagen-bully-metal-plate-30-20-cm-p-37151.html HTTP/1.0" 301 75177 "http://www.wonder-geek.com/home-and-decoration-c-13.html?page=129" "Mozilla/5.0 (Linux; Android 7.0;) AppleWebKit/537.36 (KHTML, like Gecko) Mobile Safari/537.36 (compatible; PetalBot;+https://webmaster.petalsearch.com/site/petalbot)"
114.119.137.3 - - [09/Oct/2022:17:09:48 +0200] "GET /volkswagen-bully-metal-plate-p-37151.html HTTP/1.0" 200 75082 "http://www.wonder-geek.com/home-and-decoration-c-13.html?page=129" "Mozilla/5.0 (Linux; Android 7.0;) AppleWebKit/537.36 (KHTML, like Gecko) Mobile Safari/537.36 (compatible; PetalBot;+https://webmaster.petalsearch.com/site/petalbot)"
185.191.171.35 - - [09/Oct/2022:17:09:52 +0200] "GET /resin-skull-ashtray-p-53000.html?action=add_product HTTP/1.0" 302 476 "-" "Mozilla/5.0 (compatible; SemrushBot/7~bl; +http://www.semrush.com/bot.html)"
163.220.128.41 - - [09/Oct/2022:17:10:00 +0200] "GET /images/mini_prod/8422019609036.jpg HTTP/1.0" 200 269 "-" "Mozilla/5.0 (X11; Ubuntu; Linux x86_64; rv:72.0) Gecko/20100101 Firefox/72.0"
185.191.171.34 - - [09/Oct/2022:17:10:04 +0200] "GET /-p-42582.html?action=add_product HTTP/1.0" 302 476 "-" "Mozilla/5.0 (compatible; SemrushBot/7~bl; +http://www.semrush.com/bot.html)"
185.191.171.18 - - [09/Oct/2022:17:10:09 +0200] "GET /orgonite-pendulum-shungite-facet-p-52835.html?action=add_product HTTP/1.0" 302 476 "-" "Mozilla/5.0 (compatible; SemrushBot/7~bl; +http://www.semrush.com/bot.html)"
185.191.171.39 - - [09/Oct/2022:17:10:14 +0200] "GET /-p-28127.html?action=add_product HTTP/1.0" 302 476 "-" "Mozilla/5.0 (compatible; SemrushBot/7~bl; +http://www.semrush.com/bot.html)"
185.191.171.38 - - [09/Oct/2022:17:10:17 +0200] "GET /plate-metal-doughter-p-45442.html?action=add_product HTTP/1.0" 302 476 "-" "Mozilla/5.0 (compatible; SemrushBot/7~bl; +http://www.semrush.com/bot.html)"
185.191.171.11 - - [09/Oct/2022:17:10:45 +0200] "GET /cbkreation-p-40273.html?action=add_product HTTP/1.0" 302 476 "-" "Mozilla/5.0 (compatible; SemrushBot/7~bl; +http://www.semrush.com/bot.html)"
51.68.224.127 - - [09/Oct/2022:17:10:49 +0200] "GET /adminweb/export_orders_xml.php?token=256de2z6edz6ed2z6DFSFsed2zed6zeDSFDSGdzedezfzf&maxorders=10&orderstart=1&status=14&start_date=2018-10-01 HTTP/1.0" 200 285 "-" "GesCom CharlotteBoutik Serveur"
51.68.224.127 - - [09/Oct/2022:17:10:50 +0200] "GET /adminweb/export_orders_xml.php?token=256de2z6edz6ed2z6DFSFsed2zed6zeDSFDSGdzedezfzf&maxorders=10&orderstart=1&status=6&start_date=2018-10-01 HTTP/1.0" 200 33985 "-" "GesCom CharlotteBoutik Serveur"
216.244.66.242 - - [09/Oct/2022:17:10:52 +0200] "GET /robots.txt HTTP/1.0" 200 245 "-" "Mozilla/5.0 (compatible; DotBot/1.2; +https://opensiteexplorer.org/dotbot; help@moz.com)"
185.191.171.43 - - [09/Oct/2022:17:10:50 +0200] "GET /world-clock-p-50184.html HTTP/1.0" 301 72315 "-" "Mozilla/5.0 (compatible; SemrushBot/7~bl; +http://www.semrush.com/bot.html)"
185.191.171.44 - - [09/Oct/2022:17:10:54 +0200] "GET /-p-50184.html HTTP/1.0" 200 72248 "-" "Mozilla/5.0 (compatible; SemrushBot/7~bl; +http://www.semrush.com/bot.html)"
66.249.64.246 - - [09/Oct/2022:17:11:00 +0200] "GET /metal-plate-deco-p-54397.html HTTP/1.0" 200 75408 "-" "Mozilla/5.0 (compatible; Googlebot/2.1; +http://www.google.com/bot.html)"
66.249.64.244 - - [09/Oct/2022:17:11:27 +0200] "GET /despicable-magnetic-board-p-32472.html HTTP/1.0" 200 75115 "-" "Mozilla/5.0 (compatible; Googlebot/2.1; +http://www.google.com/bot.html)"
66.249.64.242 - - [09/Oct/2022:17:11:29 +0200] "GET /home-decoration-c-13.html?page=214 HTTP/1.0" 200 94805 "-" "Mozilla/5.0 (Linux; Android 6.0.1; Nexus 5X Build/MMB29P) AppleWebKit/537.36 (KHTML, like Gecko) Chrome/105.0.5195.125 Mobile Safari/537.36 (compatible; Googlebot/2.1; +http://www.google.com/bot.html)"
185.191.171.42 - - [09/Oct/2022:17:11:46 +0200] "GET /cotton-bath-p-55254.html?action=add_product HTTP/1.0" 302 476 "-" "Mozilla/5.0 (compatible; SemrushBot/7~bl; +http://www.semrush.com/bot.html)"
185.191.171.11 - - [09/Oct/2022:17:11:48 +0200] "GET /pharaoh-desktop-clock-p-50614.html?action=add_product HTTP/1.0" 302 476 "-" "Mozilla/5.0 (compatible; SemrushBot/7~bl; +http://www.semrush.com/bot.html)"
185.191.171.8 - - [09/Oct/2022:17:11:52 +0200] "GET /small-cool-lunch-pink-p-44327.html?action=add_product HTTP/1.0" 302 476 "-" "Mozilla/5.0 (compatible; SemrushBot/7~bl; +http://www.semrush.com/bot.html)"
185.191.171.4 - - [09/Oct/2022:17:11:55 +0200] "GET /moroccan-green-ashtray-p-31884.html?action=add_product HTTP/1.0" 302 476 "-" "Mozilla/5.0 (compatible; SemrushBot/7~bl; +http://www.semrush.com/bot.html)"
152.136.128.182 - - [09/Oct/2022:17:12:11 +0200] "GET /images/mini_prod/3032160280258.jpg HTTP/1.0" 200 269 "-" "python-requests/2.27.1"
114.119.137.45 - - [09/Oct/2022:17:12:17 +0200] "GET /egyptian-money-cbkreation-p-24147.html HTTP/1.0" 200 74949 "http://www.wonder-geek.com/home-decoration-c-13.html?page=105" "Mozilla/5.0 (Linux; Android 7.0;) AppleWebKit/537.36 (KHTML, like Gecko) Mobile Safari/537.36 (compatible; PetalBot;+https://webmaster.petalsearch.com/site/petalbot)"
185.191.171.12 - - [09/Oct/2022:17:12:21 +0200] "GET /decorative-door-sticker-p-51533.html HTTP/1.0" 200 75719 "-" "Mozilla/5.0 (compatible; SemrushBot/7~bl; +http://www.semrush.com/bot.html)"
185.191.171.42 - - [09/Oct/2022:17:12:33 +0200] "GET /gorjuss-coaster-rosebud-p-47741.html?action=add_product HTTP/1.0" 302 476 "-" "Mozilla/5.0 (compatible; SemrushBot/7~bl; +http://www.semrush.com/bot.html)"
66.249.64.242 - - [09/Oct/2022:17:12:48 +0200] "GET /mini-notebook-white-brown-horse-p-26211.html HTTP/1.0" 200 74982 "-" "Mozilla/5.0 (Linux; Android 6.0.1; Nexus 5X Build/MMB29P) AppleWebKit/537.36 (KHTML, like Gecko) Chrome/106.0.5249.91 Mobile Safari/537.36 (compatible; Googlebot/2.1; +http://www.google.com/bot.html)"
185.191.171.43 - - [09/Oct/2022:17:12:51 +0200] "GET /flower-joris-collection-blue-p-54677.html?action=add_product HTTP/1.0" 302 476 "-" "Mozilla/5.0 (compatible; SemrushBot/7~bl; +http://www.semrush.com/bot.html)"
185.191.171.14 - - [09/Oct/2022:17:13:15 +0200] "GET /gold-ginkgo-leaves-lamp-p-58998.html?action=add_product HTTP/1.0" 302 476 "-" "Mozilla/5.0 (compatible; SemrushBot/7~bl; +http://www.semrush.com/bot.html)"
66.249.64.242 - - [09/Oct/2022:17:13:33 +0200] "GET /harley-davidson-cross-lighter-p-45323.html HTTP/1.0" 200 75985 "-" "Mozilla/5.0 (compatible; Googlebot/2.1; +http://www.google.com/bot.html)"
114.119.137.43 - - [09/Oct/2022:17:13:35 +0200] "GET /ethnic-tray-in-raw-wood-35-cm-p-48564.html HTTP/1.0" 301 75057 "http://www.wonder-geek.com/round-trays-c-12_159_263.html?page=3" "Mozilla/5.0 (Linux; Android 7.0;) AppleWebKit/537.36 (KHTML, like Gecko) Mobile Safari/537.36 (compatible; PetalBot;+https://webmaster.petalsearch.com/site/petalbot)"
114.119.137.43 - - [09/Oct/2022:17:13:40 +0200] "GET /ethnic-tray-wood-p-48564.html HTTP/1.0" 200 74974 "http://www.wonder-geek.com/round-trays-c-12_159_263.html?page=3" "Mozilla/5.0 (Linux; Android 7.0;) AppleWebKit/537.36 (KHTML, like Gecko) Mobile Safari/537.36 (compatible; PetalBot;+https://webmaster.petalsearch.com/site/petalbot)"
185.191.171.43 - - [09/Oct/2022:17:13:42 +0200] "GET /figurine-resin-decorative-p-58782.html?action=add_product HTTP/1.0" 302 476 "-" "Mozilla/5.0 (compatible; SemrushBot/7~bl; +http://www.semrush.com/bot.html)"
185.191.171.36 - - [09/Oct/2022:17:13:54 +0200] "GET /oriental-blue-resin-lamp-p-56427.html?action=add_product HTTP/1.0" 302 476 "-" "Mozilla/5.0 (compatible; SemrushBot/7~bl; +http://www.semrush.com/bot.html)"
185.191.171.7 - - [09/Oct/2022:17:14:02 +0200] "GET /cat-chill-purse-by-michelle-allen-p-53359.html HTTP/1.0" 301 75096 "-" "Mozilla/5.0 (compatible; SemrushBot/7~bl; +http://www.semrush.com/bot.html)"
185.191.171.26 - - [09/Oct/2022:17:14:05 +0200] "GET /urss-white-shirt-p-30593.html HTTP/1.0" 200 76800 "-" "Mozilla/5.0 (compatible; SemrushBot/7~bl; +http://www.semrush.com/bot.html)"
185.191.171.37 - - [09/Oct/2022:17:14:08 +0200] "GET /chill-purse-michelle-allen-p-53359.html HTTP/1.0" 200 75003 "-" "Mozilla/5.0 (compatible; SemrushBot/7~bl; +http://www.semrush.com/bot.html)"
185.191.171.11 - - [09/Oct/2022:17:14:12 +0200] "GET /beatles-saucer-p-43233.html?action=add_product HTTP/1.0" 301 476 "-" "Mozilla/5.0 (compatible; SemrushBot/7~bl; +http://www.semrush.com/bot.html)"
185.191.171.16 - - [09/Oct/2022:17:14:17 +0200] "GET /bear-teapot-p-45603.html?action=add_product HTTP/1.0" 302 476 "-" "Mozilla/5.0 (compatible; SemrushBot/7~bl; +http://www.semrush.com/bot.html)"
66.249.64.244 - - [09/Oct/2022:17:14:19 +0200] "GET /images/big_prod_1/8718375750971b.jpg HTTP/1.0" 200 271 "-" "Googlebot-Image/1.0"
54.36.148.79 - - [09/Oct/2022:17:14:18 +0200] "GET /cars-backpack-p-10777.html HTTP/1.0" 200 75057 "-" "Mozilla/5.0 (compatible; AhrefsBot/7.0; +http://ahrefs.com/robot/)"
185.191.171.23 - - [09/Oct/2022:17:14:31 +0200] "GET /world-vintage-clock-p-47713.html?action=add_product HTTP/1.0" 302 476 "-" "Mozilla/5.0 (compatible; SemrushBot/7~bl; +http://www.semrush.com/bot.html)"
185.191.171.39 - - [09/Oct/2022:17:14:38 +0200] "GET /christmas-hanging-plate-esprit-p-58845.html?action=add_product HTTP/1.0" 302 476 "-" "Mozilla/5.0 (compatible; SemrushBot/7~bl; +http://www.semrush.com/bot.html)"
66.249.64.242 - - [09/Oct/2022:17:14:39 +0200] "GET /cats-dubout-metal-plate-p-30395.html HTTP/1.0" 200 74951 "-" "Mozilla/5.0 (Linux; Android 6.0.1; Nexus 5X Build/MMB29P) AppleWebKit/537.36 (KHTML, like Gecko) Chrome/105.0.5195.125 Mobile Safari/537.36 (compatible; Googlebot/2.1; +http://www.google.com/bot.html)"
114.119.137.43 - - [09/Oct/2022:17:14:53 +0200] "GET /hero-cushion-p-33183.html HTTP/1.0" 301 72315 "http://www.wonder-geek.com/cushions-c-11_71.html" "Mozilla/5.0 (Linux; Android 7.0;) AppleWebKit/537.36 (KHTML, like Gecko) Mobile Safari/537.36 (compatible; PetalBot;+https://webmaster.petalsearch.com/site/petalbot)"
114.119.137.43 - - [09/Oct/2022:17:14:55 +0200] "GET /-p-33183.html HTTP/1.0" 200 72248 "http://www.wonder-geek.com/cushions-c-11_71.html" "Mozilla/5.0 (Linux; Android 7.0;) AppleWebKit/537.36 (KHTML, like Gecko) Mobile Safari/537.36 (compatible; PetalBot;+https://webmaster.petalsearch.com/site/petalbot)"
185.191.171.43 - - [09/Oct/2022:17:15:02 +0200] "GET /-p-52334.html HTTP/1.0" 200 72248 "-" "Mozilla/5.0 (compatible; SemrushBot/7~bl; +http://www.semrush.com/bot.html)"
147.92.153.8 - - [09/Oct/2022:17:15:13 +0200] "GET /images/big_prod/8424346352654.jpg HTTP/1.0" 200 268 "-" "Mozilla/5.0 (compatible; Linespider/1.1; +https://lin.ee/4dwXkTH)"
173.252.83.120 - - [09/Oct/2022:17:15:25 +0200] "GET /images/mini_prod/8433933125311.jpg HTTP/1.0" 200 269 "-" "facebookexternalhit/1.1 (+http://www.facebook.com/externalhit_uatext.php)"
185.191.171.3 - - [09/Oct/2022:17:15:27 +0200] "GET /decorative-wooden-plate-habite-chez-chat-white-p-47823.html?action=add_product HTTP/1.0" 302 476 "-" "Mozilla/5.0 (compatible; SemrushBot/7~bl; +http://www.semrush.com/bot.html)"
185.191.171.17 - - [09/Oct/2022:17:15:43 +0200] "GET /children-wall-sticker-with-name-forest-animals-p-58838.html?action=add_product HTTP/1.0" 302 476 "-" "Mozilla/5.0 (compatible; SemrushBot/7~bl; +http://www.semrush.com/bot.html)"
185.191.171.17 - - [09/Oct/2022:17:15:52 +0200] "GET /little-prince-exupry-rose-p-57948.html?action=add_product HTTP/1.0" 302 476 "-" "Mozilla/5.0 (compatible; SemrushBot/7~bl; +http://www.semrush.com/bot.html)"
185.191.171.6 - - [09/Oct/2022:17:16:07 +0200] "GET /-p-27646.html?action=add_product HTTP/1.0" 302 476 "-" "Mozilla/5.0 (compatible; SemrushBot/7~bl; +http://www.semrush.com/bot.html)"
185.191.171.42 - - [09/Oct/2022:17:16:09 +0200] "GET /gorjuss-bubble-fairy-manicure-p-46952.html?action=add_product HTTP/1.0" 302 476 "-" "Mozilla/5.0 (compatible; SemrushBot/7~bl; +http://www.semrush.com/bot.html)"
114.119.137.43 - - [09/Oct/2022:17:16:11 +0200] "GET /ceramic-incense-burner-p-58430.html HTTP/1.0" 200 75641 "http://www.wonder-geek.com/fragrances-of-ambiance-c-231.html?page=19" "Mozilla/5.0 (Linux; Android 7.0;) AppleWebKit/537.36 (KHTML, like Gecko) Mobile Safari/537.36 (compatible; PetalBot;+https://webmaster.petalsearch.com/site/petalbot)"
185.191.171.40 - - [09/Oct/2022:17:16:29 +0200] "GET /frosted-glass-betty-boop-fifties-p-15439.html HTTP/1.0" 200 75396 "-" "Mozilla/5.0 (compatible; SemrushBot/7~bl; +http://www.semrush.com/bot.html)"
185.191.171.42 - - [09/Oct/2022:17:16:37 +0200] "GET /tisanire-lisboa-handmade-manufacture-p-47122.html?action=add_product HTTP/1.0" 301 476 "-" "Mozilla/5.0 (compatible; SemrushBot/7~bl; +http://www.semrush.com/bot.html)"
163.220.128.41 - - [09/Oct/2022:17:16:45 +0200] "GET /images/mini_prod/D5411217321171.jpg HTTP/1.0" 200 270 "-" "Mozilla/5.0 (X11; Ubuntu; Linux x86_64; rv:72.0) Gecko/20100101 Firefox/72.0"
185.191.171.36 - - [09/Oct/2022:17:16:48 +0200] "GET /bedclothes-gomix-p-51703.html?action=add_product HTTP/1.0" 302 476 "-" "Mozilla/5.0 (compatible; SemrushBot/7~bl; +http://www.semrush.com/bot.html)"
185.191.171.36 - - [09/Oct/2022:17:16:53 +0200] "GET /quote-wall-sticker-tout-travail-mrite-bire-p-53543.html HTTP/1.0" 200 75976 "-" "Mozilla/5.0 (compatible; SemrushBot/7~bl; +http://www.semrush.com/bot.html)"
185.191.171.8 - - [09/Oct/2022:17:17:07 +0200] "GET /plush-tree-hanging-decorations-p-56119.html?action=add_product HTTP/1.0" 302 476 "-" "Mozilla/5.0 (compatible; SemrushBot/7~bl; +http://www.semrush.com/bot.html)"
114.119.133.245 - - [09/Oct/2022:17:17:28 +0200] "GET /mandala-coasters-purple-p-54077.html HTTP/1.0" 200 74915 "http://www.wonder-geek.com/coasters-c-12_157.html?page=3" "Mozilla/5.0 (Linux; Android 7.0;) AppleWebKit/537.36 (KHTML, like Gecko) Mobile Safari/537.36 (compatible; PetalBot;+https://webmaster.petalsearch.com/site/petalbot)"
77.88.5.245 - - [09/Oct/2022:17:17:31 +0200] "GET /van-gogh-coffee-tumbler-and-spoon-set-p-53425.html HTTP/1.0" 301 72315 "-" "Mozilla/5.0 (compatible; YandexBot/3.0; +http://yandex.com/bots)"
66.249.64.242 - - [09/Oct/2022:17:17:33 +0200] "GET /towels-napkins-c-11_177.html HTTP/1.0" 200 93643 "-" "Mozilla/5.0 (Linux; Android 6.0.1; Nexus 5X Build/MMB29P) AppleWebKit/537.36 (KHTML, like Gecko) Chrome/105.0.5195.125 Mobile Safari/537.36 (compatible; Googlebot/2.1; +http://www.google.com/bot.html)"
77.88.5.245 - - [09/Oct/2022:17:17:34 +0200] "GET /-p-53425.html HTTP/1.0" 200 72248 "-" "Mozilla/5.0 (compatible; YandexBot/3.0; +http://yandex.com/bots)"
185.191.171.38 - - [09/Oct/2022:17:17:50 +0200] "GET /bowl-french-kiss-paris-p-37291.html?action=add_product HTTP/1.0" 302 476 "-" "Mozilla/5.0 (compatible; SemrushBot/7~bl; +http://www.semrush.com/bot.html)"
185.191.171.1 - - [09/Oct/2022:17:17:52 +0200] "GET /ball-lamp-polished-pebbles-rock-crystal-p-47200.html?action=add_product HTTP/1.0" 302 476 "-" "Mozilla/5.0 (compatible; SemrushBot/7~bl; +http://www.semrush.com/bot.html)"
185.191.171.3 - - [09/Oct/2022:17:18:05 +0200] "GET /ethnic-tray-in-raw-wood-45-cm-p-44988.html HTTP/1.0" 301 75057 "-" "Mozilla/5.0 (compatible; SemrushBot/7~bl; +http://www.semrush.com/bot.html)"
185.191.171.38 - - [09/Oct/2022:17:18:08 +0200] "GET /ethnic-tray-wood-p-44988.html HTTP/1.0" 200 74974 "-" "Mozilla/5.0 (compatible; SemrushBot/7~bl; +http://www.semrush.com/bot.html)"
185.191.171.10 - - [09/Oct/2022:17:18:12 +0200] "GET /mini-rectangular-tray-winter-rosie-p-57252.html?action=add_product HTTP/1.0" 302 476 "-" "Mozilla/5.0 (compatible; SemrushBot/7~bl; +http://www.semrush.com/bot.html)"
185.191.171.1 - - [09/Oct/2022:17:18:14 +0200] "GET /gorjuss-cards-supplied-with-envelope-shine-p-48365.html?action=add_product HTTP/1.0" 302 476 "-" "Mozilla/5.0 (compatible; SemrushBot/7~bl; +http://www.semrush.com/bot.html)"
66.249.64.244 - - [09/Oct/2022:17:18:14 +0200] "GET /lilith-statuette-bronze-look-resin-p-58556.html HTTP/1.0" 200 75660 "-" "Mozilla/5.0 (compatible; Googlebot/2.1; +http://www.google.com/bot.html)"
185.191.171.33 - - [09/Oct/2022:17:18:17 +0200] "GET /heart-decorative-tray-p-45846.html?action=add_product HTTP/1.0" 302 476 "-" "Mozilla/5.0 (compatible; SemrushBot/7~bl; +http://www.semrush.com/bot.html)"
66.249.64.242 - - [09/Oct/2022:17:18:21 +0200] "GET /marley-pencil-p-5062.html HTTP/1.0" 200 74826 "-" "Mozilla/5.0 (Linux; Android 6.0.1; Nexus 5X Build/MMB29P) AppleWebKit/537.36 (KHTML, like Gecko) Chrome/105.0.5195.125 Mobile Safari/537.36 (compatible; Googlebot/2.1; +http://www.google.com/bot.html)"
185.191.171.10 - - [09/Oct/2022:17:18:28 +0200] "GET /raving-rabbits-tumbler-with-straw-p-31695.html?action=add_product HTTP/1.0" 301 476 "-" "Mozilla/5.0 (compatible; SemrushBot/7~bl; +http://www.semrush.com/bot.html)"
216.244.66.242 - - [09/Oct/2022:17:18:30 +0200] "GET /barbabright-giant-cup-p-4122.html HTTP/1.0" 301 75059 "-" "Mozilla/5.0 (compatible; DotBot/1.2; +https://opensiteexplorer.org/dotbot; help@moz.com)"
185.191.171.36 - - [09/Oct/2022:17:18:39 +0200] "GET /teo-jasmin-small-cabas-jasmine-rockabilly-p-39259.html HTTP/1.0" 301 72315 "-" "Mozilla/5.0 (compatible; SemrushBot/7~bl; +http://www.semrush.com/bot.html)"
216.244.66.242 - - [09/Oct/2022:17:18:39 +0200] "GET /mickey-mouse-red-swimsuit-p-30575.html HTTP/1.0" 301 76144 "-" "Mozilla/5.0 (compatible; DotBot/1.2; +https://opensiteexplorer.org/dotbot; help@moz.com)"
185.191.171.8 - - [09/Oct/2022:17:18:42 +0200] "GET /-p-39259.html HTTP/1.0" 200 72248 "-" "Mozilla/5.0 (compatible; SemrushBot/7~bl; +http://www.semrush.com/bot.html)"
185.191.171.26 - - [09/Oct/2022:17:18:49 +0200] "GET /orchid-rectangular-tablecloth-p-57936.html?action=add_product HTTP/1.0" 302 476 "-" "Mozilla/5.0 (compatible; SemrushBot/7~bl; +http://www.semrush.com/bot.html)"
185.191.171.44 - - [09/Oct/2022:17:18:53 +0200] "GET /-p-42860.html?action=add_product HTTP/1.0" 302 476 "-" "Mozilla/5.0 (compatible; SemrushBot/7~bl; +http://www.semrush.com/bot.html)"
173.252.83.17 - - [09/Oct/2022:17:19:05 +0200] "GET /images/mini_prod/8409810063816.jpg HTTP/1.0" 200 269 "-" "facebookexternalhit/1.1 (+http://www.facebook.com/externalhit_uatext.php)"
185.191.171.26 - - [09/Oct/2022:17:19:25 +0200] "GET /gift-made-metal-towels-p-50887.html?action=add_product HTTP/1.0" 302 476 "-" "Mozilla/5.0 (compatible; SemrushBot/7~bl; +http://www.semrush.com/bot.html)"
49.7.20.113 - - [09/Oct/2022:17:19:26 +0200] "GET / HTTP/1.0" 200 152787 "-" "Sogou web spider/4.0(+http://www.sogou.com/docs/help/webmasters.htm#07)"
66.249.64.244 - - [09/Oct/2022:17:19:33 +0200] "GET /bike-paris-mini-rectangular-tray-p-54918.html HTTP/1.0" 200 75034 "-" "Mozilla/5.0 (Linux; Android 6.0.1; Nexus 5X Build/MMB29P) AppleWebKit/537.36 (KHTML, like Gecko) Chrome/106.0.5249.91 Mobile Safari/537.36 (compatible; Googlebot/2.1; +http://www.google.com/bot.html)"
185.191.171.7 - - [09/Oct/2022:17:19:45 +0200] "GET /japanese-plum-liter-cast-iron-teapot-p-54894.html HTTP/1.0" 200 75176 "-" "Mozilla/5.0 (compatible; SemrushBot/7~bl; +http://www.semrush.com/bot.html)"
54.36.149.64 - - [09/Oct/2022:17:19:53 +0200] "GET /statuettes-animal-figurines-c-292_291.html?page=7 HTTP/1.0" 200 95325 "-" "Mozilla/5.0 (compatible; AhrefsBot/7.0; +http://ahrefs.com/robot/)"
114.119.137.45 - - [09/Oct/2022:17:20:00 +0200] "GET /r2d2-hobo-p-29265.html HTTP/1.0" 200 75107 "http://www.wonder-geek.com/bagshandbags-shoulder-bags-c-31_81.html?page=7" "Mozilla/5.0 (Linux; Android 7.0;) AppleWebKit/537.36 (KHTML, like Gecko) Mobile Safari/537.36 (compatible; PetalBot;+https://webmaster.petalsearch.com/site/petalbot)"
185.191.171.43 - - [09/Oct/2022:17:20:09 +0200] "GET /postcard-with-envelope-p-48865.html?action=add_product HTTP/1.0" 302 476 "-" "Mozilla/5.0 (compatible; SemrushBot/7~bl; +http://www.semrush.com/bot.html)"
185.191.171.9 - - [09/Oct/2022:17:20:11 +0200] "GET /metal-beer-bucket-p-55613.html HTTP/1.0" 200 74847 "-" "Mozilla/5.0 (compatible; SemrushBot/7~bl; +http://www.semrush.com/bot.html)"
66.249.64.246 - - [09/Oct/2022:17:20:17 +0200] "GET /ethnic-carpet-p-56014.html HTTP/1.0" 200 75937 "-" "Mozilla/5.0 (compatible; Googlebot/2.1; +http://www.google.com/bot.html)"
185.191.171.39 - - [09/Oct/2022:17:20:23 +0200] "GET /decorative-fruit-figurine-cherry-glossy-white-43-cm-p-52717.html HTTP/1.0" 301 75302 "-" "Mozilla/5.0 (compatible; SemrushBot/7~bl; +http://www.semrush.com/bot.html)"
185.191.171.7 - - [09/Oct/2022:17:20:26 +0200] "GET /-p-18536.html?action=add_product HTTP/1.0" 302 476 "-" "Mozilla/5.0 (compatible; SemrushBot/7~bl; +http://www.semrush.com/bot.html)"
185.191.171.24 - - [09/Oct/2022:17:20:28 +0200] "GET /dishes-c-12.html?page=109 HTTP/1.0" 200 93701 "-" "Mozilla/5.0 (compatible; SemrushBot/7~bl; +http://www.semrush.com/bot.html)"
185.191.171.24 - - [09/Oct/2022:17:20:32 +0200] "GET /decorative-fruit-figurine-cherry-glossy-white-p-52717.html HTTP/1.0" 200 75190 "-" "Mozilla/5.0 (compatible; SemrushBot/7~bl; +http://www.semrush.com/bot.html)"
185.191.171.23 - - [09/Oct/2022:17:20:40 +0200] "GET /cotton-kitchen-towel-made-france-p-43978.html HTTP/1.0" 200 72398 "-" "Mozilla/5.0 (compatible; SemrushBot/7~bl; +http://www.semrush.com/bot.html)"
185.191.171.36 - - [09/Oct/2022:17:20:48 +0200] "GET /kellogg-small-steel-fridge-magnets-p-31628.html?action=add_product HTTP/1.0" 302 476 "-" "Mozilla/5.0 (compatible; SemrushBot/7~bl; +http://www.semrush.com/bot.html)"
66.249.64.244 - - [09/Oct/2022:17:20:50 +0200] "GET /images/big_prod_2/5404006047499C.jpg HTTP/1.0" 200 271 "-" "Googlebot-Image/1.0"
114.119.137.45 - - [09/Oct/2022:17:21:18 +0200] "GET /gaston-lefou-figure-collection-p-51457.html HTTP/1.0" 200 76694 "http://www.wonder-geek.com/figurines-statuettes-statues-decoration-collection-c-292.html?page=22" "Mozilla/5.0 (Linux; Android 7.0;) AppleWebKit/537.36 (KHTML, like Gecko) Mobile Safari/537.36 (compatible; PetalBot;+https://webmaster.petalsearch.com/site/petalbot)"
185.191.171.25 - - [09/Oct/2022:17:21:46 +0200] "GET /-p-43800.html?action=add_product HTTP/1.0" 302 476 "-" "Mozilla/5.0 (compatible; SemrushBot/7~bl; +http://www.semrush.com/bot.html)"
173.252.83.17 - - [09/Oct/2022:17:21:50 +0200] "GET /images/mini_prod/8422064978651.jpg HTTP/1.0" 200 269 "-" "facebookexternalhit/1.1 (+http://www.facebook.com/externalhit_uatext.php)"
194.38.20.161 - - [09/Oct/2022:17:21:53 +0200] "GET /wp-content/themes/u-design/scripts/admin/uploadify/uploadify.css HTTP/1.0" 301 639 "-" "ALittle Client"
54.36.148.53 - - [09/Oct/2022:17:21:59 +0200] "GET /care-bear-pyjama-party-plush-20-cm-p-35817.html HTTP/1.0" 301 72315 "-" "Mozilla/5.0 (compatible; AhrefsBot/7.0; +http://ahrefs.com/robot/)"
194.38.20.161 - - [09/Oct/2022:17:22:05 +0200] "GET /wp-content/themes/u-design/scripts/admin/uploadify/uploadify.css HTTP/1.0" 404 1308 "-" "ALittle Client"
185.191.171.7 - - [09/Oct/2022:17:22:10 +0200] "GET /-p-17361.html?action=add_product HTTP/1.0" 302 476 "-" "Mozilla/5.0 (compatible; SemrushBot/7~bl; +http://www.semrush.com/bot.html)"
185.191.171.36 - - [09/Oct/2022:17:22:16 +0200] "GET /pillow-case-in-cotton-percale-80-threads-65-65-cm-p-43853.html HTTP/1.0" 301 75934 "-" "Mozilla/5.0 (compatible; SemrushBot/7~bl; +http://www.semrush.com/bot.html)"
185.191.171.8 - - [09/Oct/2022:17:22:19 +0200] "GET /pillow-case-cotton-percale-threads-p-43853.html HTTP/1.0" 200 75833 "-" "Mozilla/5.0 (compatible; SemrushBot/7~bl; +http://www.semrush.com/bot.html)"
185.191.171.9 - - [09/Oct/2022:17:22:22 +0200] "GET /frozen-disney-white-pencil-p-37025.html?action=add_product HTTP/1.0" 302 476 "-" "Mozilla/5.0 (compatible; SemrushBot/7~bl; +http://www.semrush.com/bot.html)"
185.191.171.24 - - [09/Oct/2022:17:22:27 +0200] "GET /habite-chez-chat-metal-plate-deco-p-53482.html HTTP/1.0" 200 75570 "-" "Mozilla/5.0 (compatible; SemrushBot/7~bl; +http://www.semrush.com/bot.html)"
66.249.64.242 - - [09/Oct/2022:17:22:29 +0200] "GET /images/big_prod/3520071678467.jpg HTTP/1.0" 200 268 "-" "Googlebot-Image/1.0"
185.191.171.44 - - [09/Oct/2022:17:22:31 +0200] "GET /robots.txt HTTP/1.0" 200 245 "-" "Mozilla/5.0 (compatible; SemrushBot/7~bl; +http://www.semrush.com/bot.html)"
185.191.171.33 - - [09/Oct/2022:17:22:31 +0200] "GET /cheshire-alice-figurine-figurine-p-41983.html?action=add_product HTTP/1.0" 302 476 "-" "Mozilla/5.0 (compatible; SemrushBot/7~bl; +http://www.semrush.com/bot.html)"
216.244.66.242 - - [09/Oct/2022:17:22:36 +0200] "GET /unicorn-pencil-p-51484.html HTTP/1.0" 200 75402 "-" "Mozilla/5.0 (compatible; DotBot/1.2; +https://opensiteexplorer.org/dotbot; help@moz.com)"
185.191.171.23 - - [09/Oct/2022:17:22:49 +0200] "GET /guam-cotton-basket-p-57905.html?action=add_product HTTP/1.0" 302 476 "-" "Mozilla/5.0 (compatible; SemrushBot/7~bl; +http://www.semrush.com/bot.html)"
185.191.171.7 - - [09/Oct/2022:17:23:01 +0200] "GET /white-gold-tortoise-statue-resin-p-49991.html?action=add_product HTTP/1.0" 302 476 "-" "Mozilla/5.0 (compatible; SemrushBot/7~bl; +http://www.semrush.com/bot.html)"
185.191.171.22 - - [09/Oct/2022:17:23:13 +0200] "GET /our-lady-of-good-advice-prayer-candle-novena-p-51643.html HTTP/1.0" 301 75894 "-" "Mozilla/5.0 (compatible; SemrushBot/7~bl; +http://www.semrush.com/bot.html)"
185.191.171.39 - - [09/Oct/2022:17:23:15 +0200] "GET /lady-good-advice-prayer-candle-novena-p-51643.html HTTP/1.0" 200 75790 "-" "Mozilla/5.0 (compatible; SemrushBot/7~bl; +http://www.semrush.com/bot.html)"
216.244.66.242 - - [09/Oct/2022:17:23:28 +0200] "GET /decorations-c-13_89.html?page=1 HTTP/1.0" 200 93872 "-" "Mozilla/5.0 (compatible; DotBot/1.2; +https://opensiteexplorer.org/dotbot; help@moz.com)"
66.249.64.244 - - [09/Oct/2022:17:23:38 +0200] "GET /sweets-jar-cat-white-22-cm-p-31689.html HTTP/1.0" 301 74846 "-" "Mozilla/5.0 (compatible; Googlebot/2.1; +http://www.google.com/bot.html)"
66.249.64.246 - - [09/Oct/2022:17:23:40 +0200] "GET /sweets-white-p-31689.html HTTP/1.0" 200 74767 "-" "Mozilla/5.0 (compatible; Googlebot/2.1; +http://www.google.com/bot.html)"
185.191.171.33 - - [09/Oct/2022:17:23:45 +0200] "GET /deer-wall-stickers-p-51127.html HTTP/1.0" 200 75732 "-" "Mozilla/5.0 (compatible; SemrushBot/7~bl; +http://www.semrush.com/bot.html)"
185.191.171.11 - - [09/Oct/2022:17:24:05 +0200] "GET /liberty-russian-doll-phone-cover-iphone-cbkreation-p-18532.html?action=add_product HTTP/1.0" 301 476 "-" "Mozilla/5.0 (compatible; SemrushBot/7~bl; +http://www.semrush.com/bot.html)"
185.191.171.13 - - [09/Oct/2022:17:24:17 +0200] "GET /canvas-window-view-paris-p-58856.html?action=add_product HTTP/1.0" 302 476 "-" "Mozilla/5.0 (compatible; SemrushBot/7~bl; +http://www.semrush.com/bot.html)"
216.244.66.242 - - [09/Oct/2022:17:24:27 +0200] "GET /jasmin-racing-scarf-p-35979.html HTTP/1.0" 200 74882 "-" "Mozilla/5.0 (compatible; DotBot/1.2; +https://opensiteexplorer.org/dotbot; help@moz.com)"
216.244.66.242 - - [09/Oct/2022:17:24:34 +0200] "GET /mercedes-benz-p-27594.html HTTP/1.0" 200 74873 "-" "Mozilla/5.0 (compatible; DotBot/1.2; +https://opensiteexplorer.org/dotbot; help@moz.com)"
185.191.171.17 - - [09/Oct/2022:17:24:41 +0200] "GET /silver-horse-head-statue-p-40351.html?action=add_product HTTP/1.0" 302 476 "-" "Mozilla/5.0 (compatible; SemrushBot/7~bl; +http://www.semrush.com/bot.html)"
216.244.66.242 - - [09/Oct/2022:17:24:40 +0200] "GET /pink-flamingo-ornament-p-41144.html HTTP/1.0" 200 74942 "-" "Mozilla/5.0 (compatible; DotBot/1.2; +https://opensiteexplorer.org/dotbot; help@moz.com)"
185.191.171.44 - - [09/Oct/2022:17:24:44 +0200] "GET /incense-satya-champa-jasmine-grams-about-sticks-p-44396.html?action=add_product HTTP/1.0" 302 476 "-" "Mozilla/5.0 (compatible; SemrushBot/7~bl; +http://www.semrush.com/bot.html)"
185.191.171.6 - - [09/Oct/2022:17:24:46 +0200] "GET /parrot-secret-notebook-kook-p-59055.html?action=add_product HTTP/1.0" 302 476 "-" "Mozilla/5.0 (compatible; SemrushBot/7~bl; +http://www.semrush.com/bot.html)"
185.191.171.35 - - [09/Oct/2022:17:24:47 +0200] "GET /clock-retro-feet-black-metal-p-58815.html?action=add_product HTTP/1.0" 302 476 "-" "Mozilla/5.0 (compatible; SemrushBot/7~bl; +http://www.semrush.com/bot.html)"
185.191.171.39 - - [09/Oct/2022:17:24:57 +0200] "GET /mani-lucky-charm-size-cagnotte-p-33276.html?action=add_product HTTP/1.0" 302 476 "-" "Mozilla/5.0 (compatible; SemrushBot/7~bl; +http://www.semrush.com/bot.html)"
173.252.83.13 - - [09/Oct/2022:17:24:59 +0200] "GET /images/mini_prod/3681643100752.jpg HTTP/1.0" 200 269 "-" "facebookexternalhit/1.1 (+http://www.facebook.com/externalhit_uatext.php)"
185.191.171.23 - - [09/Oct/2022:17:25:04 +0200] "GET /shell-collection-large-metal-plate-deco-p-38626.html?action=add_product HTTP/1.0" 302 476 "-" "Mozilla/5.0 (compatible; SemrushBot/7~bl; +http://www.semrush.com/bot.html)"
173.252.83.118 - - [09/Oct/2022:17:25:26 +0200] "GET /images/mini_prod/1384010200476.jpg HTTP/1.0" 200 269 "-" "facebookexternalhit/1.1 (+http://www.facebook.com/externalhit_uatext.php)"
54.36.148.19 - - [09/Oct/2022:17:25:34 +0200] "GET /statuettes-animal-figurines-c-292_291.html?page=2 HTTP/1.0" 200 94392 "-" "Mozilla/5.0 (compatible; AhrefsBot/7.0; +http://ahrefs.com/robot/)"
185.191.171.39 - - [09/Oct/2022:17:25:55 +0200] "GET /artisan-citrus-juicer-small-green-p-57502.html?action=add_product HTTP/1.0" 302 476 "-" "Mozilla/5.0 (compatible; SemrushBot/7~bl; +http://www.semrush.com/bot.html)"
185.191.171.39 - - [09/Oct/2022:17:26:03 +0200] "GET /decorative-canvas-armillary-globe-hang-p-56042.html?action=add_product HTTP/1.0" 302 476 "-" "Mozilla/5.0 (compatible; SemrushBot/7~bl; +http://www.semrush.com/bot.html)"
185.191.171.35 - - [09/Oct/2022:17:26:18 +0200] "GET /stranger-things-coasters-p-55010.html?action=add_product HTTP/1.0" 302 476 "-" "Mozilla/5.0 (compatible; SemrushBot/7~bl; +http://www.semrush.com/bot.html)"
185.191.171.24 - - [09/Oct/2022:17:26:24 +0200] "GET /scent-heart-home-simply-mulberry-p-53875.html?action=add_product HTTP/1.0" 302 476 "-" "Mozilla/5.0 (compatible; SemrushBot/7~bl; +http://www.semrush.com/bot.html)"
185.191.171.40 - - [09/Oct/2022:17:26:30 +0200] "GET /-p-18040.html HTTP/1.0" 200 72248 "-" "Mozilla/5.0 (compatible; SemrushBot/7~bl; +http://www.semrush.com/bot.html)"
185.191.171.14 - - [09/Oct/2022:17:26:45 +0200] "GET /marseille-black-money-p-24221.html?action=add_product HTTP/1.0" 302 476 "-" "Mozilla/5.0 (compatible; SemrushBot/7~bl; +http://www.semrush.com/bot.html)"
163.220.128.41 - - [09/Oct/2022:17:26:50 +0200] "GET /images/mini_prod/1820024000003.jpg HTTP/1.0" 200 269 "-" "Mozilla/5.0 (X11; Ubuntu; Linux x86_64; rv:72.0) Gecko/20100101 Firefox/72.0"
185.191.171.23 - - [09/Oct/2022:17:26:56 +0200] "GET /-p-36562.html?action=add_product HTTP/1.0" 302 476 "-" "Mozilla/5.0 (compatible; SemrushBot/7~bl; +http://www.semrush.com/bot.html)"
185.191.171.12 - - [09/Oct/2022:17:26:58 +0200] "GET /arabica-kitchen-towel-p-52684.html HTTP/1.0" 200 74921 "-" "Mozilla/5.0 (compatible; SemrushBot/7~bl; +http://www.semrush.com/bot.html)"
185.191.171.36 - - [09/Oct/2022:17:27:01 +0200] "GET /little-prince-exupery-little-tray-p-44551.html?action=add_product HTTP/1.0" 302 476 "-" "Mozilla/5.0 (compatible; SemrushBot/7~bl; +http://www.semrush.com/bot.html)"
51.68.224.127 - - [09/Oct/2022:17:27:12 +0200] "GET /adminweb/export_orders_xml.php?token=256de2z6edz6ed2z6DFSFsed2zed6zeDSFDSGdzedezfzf&maxorders=10&orderstart=1&status=14&start_date=2018-10-01 HTTP/1.0" 200 285 "-" "GesCom CharlotteBoutik Serveur"
51.68.224.127 - - [09/Oct/2022:17:27:12 +0200] "GET /adminweb/export_orders_xml.php?token=256de2z6edz6ed2z6DFSFsed2zed6zeDSFDSGdzedezfzf&maxorders=10&orderstart=1&status=6&start_date=2018-10-01 HTTP/1.0" 200 33985 "-" "GesCom CharlotteBoutik Serveur"
66.249.64.246 - - [09/Oct/2022:17:27:14 +0200] "GET /images/mini_prod/1399984220542A.jpg HTTP/1.0" 200 270 "-" "Googlebot-Image/1.0"
185.191.171.2 - - [09/Oct/2022:17:27:17 +0200] "GET /-p-14057.html?action=add_product HTTP/1.0" 302 476 "-" "Mozilla/5.0 (compatible; SemrushBot/7~bl; +http://www.semrush.com/bot.html)"
185.191.171.33 - - [09/Oct/2022:17:27:25 +0200] "GET /-p-49388.html HTTP/1.0" 200 72248 "-" "Mozilla/5.0 (compatible; SemrushBot/7~bl; +http://www.semrush.com/bot.html)"
185.191.171.40 - - [09/Oct/2022:17:27:30 +0200] "GET /furniture-knob-sold-individually-p-55986.html?action=add_product HTTP/1.0" 302 476 "-" "Mozilla/5.0 (compatible; SemrushBot/7~bl; +http://www.semrush.com/bot.html)"
216.244.66.242 - - [09/Oct/2022:17:27:34 +0200] "GET /cats-dubout-large-bowl-p-40052.html HTTP/1.0" 200 74882 "-" "Mozilla/5.0 (compatible; DotBot/1.2; +https://opensiteexplorer.org/dotbot; help@moz.com)"
185.191.171.8 - - [09/Oct/2022:17:27:46 +0200] "GET /stoneware-lamp-p-55633.html?action=add_product HTTP/1.0" 302 476 "-" "Mozilla/5.0 (compatible; SemrushBot/7~bl; +http://www.semrush.com/bot.html)"
216.244.66.242 - - [09/Oct/2022:17:27:46 +0200] "GET /cats-dubout-large-bowl-p-40054.html HTTP/1.0" 200 74882 "-" "Mozilla/5.0 (compatible; DotBot/1.2; +https://opensiteexplorer.org/dotbot; help@moz.com)"
77.75.79.31 - - [09/Oct/2022:17:27:58 +0200] "GET /products_new.php HTTP/1.0" 200 97434 "-" "Mozilla/5.0 (compatible; SeznamBot/4.0-RC1; +http://napoveda.seznam.cz/seznambot-intro/)"
173.252.83.119 - - [09/Oct/2022:17:28:02 +0200] "GET /images/mini_prod/rayerose.jpg HTTP/1.0" 200 264 "-" "facebookexternalhit/1.1 (+http://www.facebook.com/externalhit_uatext.php)"
185.191.171.18 - - [09/Oct/2022:17:28:03 +0200] "GET /jasmin-large-cabas-marley-p-40993.html?action=add_product HTTP/1.0" 301 476 "-" "Mozilla/5.0 (compatible; SemrushBot/7~bl; +http://www.semrush.com/bot.html)"
173.252.83.19 - - [09/Oct/2022:17:28:06 +0200] "GET /images/mini_prod/3453131143189.jpg HTTP/1.0" 200 269 "-" "facebookexternalhit/1.1 (+http://www.facebook.com/externalhit_uatext.php)"
66.249.64.246 - - [09/Oct/2022:17:28:36 +0200] "GET /galileo-thermometer-indoors-p-50115.html HTTP/1.0" 200 75707 "-" "Mozilla/5.0 (compatible; Googlebot/2.1; +http://www.google.com/bot.html)"
185.191.171.5 - - [09/Oct/2022:17:28:44 +0200] "GET /retro-sugar-tin-box-p-40719.html HTTP/1.0" 301 72315 "-" "Mozilla/5.0 (compatible; SemrushBot/7~bl; +http://www.semrush.com/bot.html)"
185.191.171.24 - - [09/Oct/2022:17:29:04 +0200] "GET /decorative-tray-p-46089.html HTTP/1.0" 200 72310 "-" "Mozilla/5.0 (compatible; SemrushBot/7~bl; +http://www.semrush.com/bot.html)"
66.249.64.244 - - [09/Oct/2022:17:29:24 +0200] "GET /images/big_prod_1/50141424346522613A.jpg HTTP/1.0" 200 275 "-" "Googlebot-Image/1.0"
185.191.171.10 - - [09/Oct/2022:17:29:27 +0200] "GET /-p-44671.html HTTP/1.0" 200 72248 "-" "Mozilla/5.0 (compatible; SemrushBot/7~bl; +http://www.semrush.com/bot.html)"
66.249.64.242 - - [09/Oct/2022:17:29:43 +0200] "GET /pencil-case-c-31_75.html HTTP/1.0" 200 96350 "-" "Mozilla/5.0 (Linux; Android 6.0.1; Nexus 5X Build/MMB29P) AppleWebKit/537.36 (KHTML, like Gecko) Chrome/105.0.5195.125 Mobile Safari/537.36 (compatible; Googlebot/2.1; +http://www.google.com/bot.html)"
66.249.64.242 - - [09/Oct/2022:17:29:50 +0200] "GET /nici-horse-club-stationery-p-20586.html HTTP/1.0" 200 74944 "-" "Mozilla/5.0 (Linux; Android 6.0.1; Nexus 5X Build/MMB29P) AppleWebKit/537.36 (KHTML, like Gecko) Chrome/106.0.5249.91 Mobile Safari/537.36 (compatible; Googlebot/2.1; +http://www.google.com/bot.html)"
52.149.125.220 - - [09/Oct/2022:17:30:11 +0200] "GET /wp-content/themes/seotheme/db.php?u HTTP/1.0" 404 1308 "www.google.com" "Mozlila/5.0 (Linux; Android 7.0; SM-G892A Bulid/NRD90M; wv) AppleWebKit/537.36 (KHTML, like Gecko) Version/4.0 Chrome/60.0.3112.107 Moblie Safari/537.36"
185.191.171.6 - - [09/Oct/2022:17:30:16 +0200] "GET /quenotte-servane-tooth-p-55158.html?action=add_product HTTP/1.0" 302 476 "-" "Mozilla/5.0 (compatible; SemrushBot/7~bl; +http://www.semrush.com/bot.html)"
185.191.171.13 - - [09/Oct/2022:17:30:18 +0200] "GET /stars-saltshaker-pepper-p-32783.html?action=add_product HTTP/1.0" 301 476 "-" "Mozilla/5.0 (compatible; SemrushBot/7~bl; +http://www.semrush.com/bot.html)"
173.252.83.8 - - [09/Oct/2022:17:30:24 +0200] "GET /images/mini_prod/8424001523276.jpg HTTP/1.0" 200 269 "-" "facebookexternalhit/1.1 (+http://www.facebook.com/externalhit_uatext.php)"
185.191.171.39 - - [09/Oct/2022:17:30:24 +0200] "GET /corsica-shooter-p-48512.html HTTP/1.0" 200 74805 "-" "Mozilla/5.0 (compatible; SemrushBot/7~bl; +http://www.semrush.com/bot.html)"
185.191.171.44 - - [09/Oct/2022:17:30:33 +0200] "GET /tweety-sailor-man-money-box-p-34079.html HTTP/1.0" 301 72315 "-" "Mozilla/5.0 (compatible; SemrushBot/7~bl; +http://www.semrush.com/bot.html)"
185.191.171.8 - - [09/Oct/2022:17:30:36 +0200] "GET /piggy-bank-coconut-p-50590.html?action=add_product HTTP/1.0" 302 476 "-" "Mozilla/5.0 (compatible; SemrushBot/7~bl; +http://www.semrush.com/bot.html)"
185.191.171.13 - - [09/Oct/2022:17:30:43 +0200] "GET /-p-34079.html HTTP/1.0" 200 72248 "-" "Mozilla/5.0 (compatible; SemrushBot/7~bl; +http://www.semrush.com/bot.html)"
66.249.64.246 - - [09/Oct/2022:17:30:44 +0200] "GET /hanging-iron-structure-flamingo-p-47930.html HTTP/1.0" 200 75052 "-" "Mozilla/5.0 (compatible; Googlebot/2.1; +http://www.google.com/bot.html)"
159.138.137.41 - - [09/Oct/2022:17:30:55 +0200] "GET /images/mini_prod/5414629226935.jpg HTTP/1.0" 200 269 "-" "Mozilla/5.0 (X11; Ubuntu; Linux x86_64; rv:72.0) Gecko/20100101 Firefox/72.0"
