78.60.206.195 - - [09/Oct/2022:21:13:28 +0200] "GET /images/mini_prod/MISES-EN-SITUATION-04.jpg HTTP/1.1" 200 7628 "-" "Mozilla/5.0 (X11; Ubuntu; Linux x86_64; rv:72.0) Gecko/20100101 Firefox/72.0"
147.92.153.12 - - [09/Oct/2022:21:15:40 +0200] "GET /robots.txt HTTP/1.1" 200 2438 "-" "Mozilla/5.0 (compatible; Linespider/1.1; +https://lin.ee/4dwXkTH)"
47.94.243.250 - - [09/Oct/2022:21:16:37 +0200] "GET /images/mini_prod/3384370122232.jpg HTTP/1.1" 200 8932 "-" "Mozilla/5.0 (Macintosh; Intel Mac OS X 10_15_7) AppleWebKit/537.36 (KHTML, like Gecko) Chrome/105.0.0.0 Safari/537.36"
173.252.83.117 - - [09/Oct/2022:21:17:54 +0200] "GET /images/mini_prod/8719497617470.jpg HTTP/1.1" 200 5117 "-" "facebookexternalhit/1.1 (+http://www.facebook.com/externalhit_uatext.php)"
66.249.64.246 - - [09/Oct/2022:21:17:54 +0200] "GET /images/big_prod/5400924279844.jpg HTTP/1.1" 200 296553 "-" "Googlebot-Image/1.0"
119.13.124.64 - - [09/Oct/2022:21:18:02 +0200] "GET /images/mini_prod/4036113101170.jpg HTTP/1.1" 200 10388 "-" "Mozilla/5.0 (Windows NT 10.0; Win64; x64) AppleWebKit/537.36 (KHTML, like Gecko) Chrome/54.0.2840.99 Safari/537.36"
157.55.39.28 - - [09/Oct/2022:21:18:28 +0200] "GET /images/big_prod/4029811376018C.jpg HTTP/1.1" 200 52223 "-" "Mozilla/5.0 (compatible; bingbot/2.0; +http://www.bing.com/bingbot.htm)"
66.249.64.242 - - [09/Oct/2022:21:19:10 +0200] "GET /images/big_prod_2/8719497617487b.jpg HTTP/1.1" 200 157831 "-" "Googlebot-Image/1.0"
195.154.122.218 - - [09/Oct/2022:21:21:35 +0200] "GET /js/jquery.jqzoom.js HTTP/1.1" 200 4761 "http://www.wonder-geek.com/" "Mozilla/5.0 (compatible; AhrefsBot/7.0; +http://ahrefs.com/robot/)"
195.154.122.218 - - [09/Oct/2022:21:21:35 +0200] "GET /highslide/highslide.js HTTP/1.1" 200 42909 "http://www.wonder-geek.com/" "Mozilla/5.0 (compatible; AhrefsBot/7.0; +http://ahrefs.com/robot/)"
195.154.122.218 - - [09/Oct/2022:21:21:35 +0200] "GET /templates/Pixame_v1/stylesheet.css HTTP/1.1" 200 56057 "http://www.wonder-geek.com/" "Mozilla/5.0 (compatible; AhrefsBot/7.0; +http://ahrefs.com/robot/)"
195.154.122.218 - - [09/Oct/2022:21:21:35 +0200] "GET /js/jquery.js HTTP/1.1" 200 54075 "http://www.wonder-geek.com/" "Mozilla/5.0 (compatible; AhrefsBot/7.0; +http://ahrefs.com/robot/)"
195.154.122.218 - - [09/Oct/2022:21:21:35 +0200] "GET /mondial_relay/js/jquery-1.3.2.min.js HTTP/1.1" 200 57254 "http://www.wonder-geek.com/" "Mozilla/5.0 (compatible; AhrefsBot/7.0; +http://ahrefs.com/robot/)"
195.154.122.218 - - [09/Oct/2022:21:21:36 +0200] "GET /js/jquery.masonry.min.js HTTP/1.1" 200 5392 "http://www.wonder-geek.com/" "Mozilla/5.0 (compatible; AhrefsBot/7.0; +http://ahrefs.com/robot/)"
195.154.122.218 - - [09/Oct/2022:21:21:36 +0200] "GET /js/modernizr-transitions.js HTTP/1.1" 200 2026 "http://www.wonder-geek.com/" "Mozilla/5.0 (compatible; AhrefsBot/7.0; +http://ahrefs.com/robot/)"
43.130.59.85 - - [09/Oct/2022:21:22:06 +0200] "GET /images/mini_prod/3609810067066.jpg HTTP/1.1" 200 6173 "-" "Mozilla/5.0 (X11; Ubuntu; Linux x86_64; rv:72.0) Gecko/20100101 Firefox/72.0"
47.94.243.250 - - [09/Oct/2022:21:23:19 +0200] "GET /images/mini_prod/3524550043135.jpg HTTP/1.1" 200 7304 "-" "Mozilla/5.0 (Macintosh; Intel Mac OS X 10_15_7) AppleWebKit/537.36 (KHTML, like Gecko) Chrome/105.0.0.0 Safari/537.36"
66.249.64.242 - - [09/Oct/2022:21:24:32 +0200] "GET /images/8435306246067.jpg HTTP/1.1" 200 69999 "-" "Googlebot-Image/1.0"
173.252.83.117 - - [09/Oct/2022:21:24:40 +0200] "GET /images/mini_prod/1399984235645.jpg HTTP/1.1" 200 15626 "-" "facebookexternalhit/1.1 (+http://www.facebook.com/externalhit_uatext.php)"
173.252.83.13 - - [09/Oct/2022:21:25:07 +0200] "GET /images/mini_prod/1339897782317.jpg HTTP/1.1" 200 8103 "-" "facebookexternalhit/1.1 (+http://www.facebook.com/externalhit_uatext.php)"
173.252.83.10 - - [09/Oct/2022:21:25:50 +0200] "GET /images/mini_prod/1300000020282.jpg HTTP/1.1" 200 5902 "-" "facebookexternalhit/1.1 (+http://www.facebook.com/externalhit_uatext.php)"
173.252.83.6 - - [09/Oct/2022:21:27:16 +0200] "GET /images/mini_prod/1399984249758.jpg HTTP/1.1" 200 6733 "-" "facebookexternalhit/1.1 (+http://www.facebook.com/externalhit_uatext.php)"
173.252.83.118 - - [09/Oct/2022:21:27:53 +0200] "GET /images/mini_prod/3014627927913.jpg HTTP/1.1" 200 5142 "-" "facebookexternalhit/1.1 (+http://www.facebook.com/externalhit_uatext.php)"
185.191.171.45 - - [09/Oct/2022:21:29:54 +0200] "GET /robots.txt HTTP/1.1" 200 2438 "-" "Mozilla/5.0 (compatible; SemrushBot/7~bl; +http://www.semrush.com/bot.html)"
173.252.83.4 - - [09/Oct/2022:21:30:40 +0200] "GET /images/mini_prod/3664944335832C.jpg HTTP/1.1" 200 4746 "-" "facebookexternalhit/1.1 (+http://www.facebook.com/externalhit_uatext.php)"
66.249.64.244 - - [09/Oct/2022:21:31:11 +0200] "GET /images/big_prod/8422080351513.jpg HTTP/1.1" 200 295703 "-" "Googlebot-Image/1.0"
173.252.83.6 - - [09/Oct/2022:21:32:44 +0200] "GET /images/mini_prod/3681643402818B.jpg HTTP/1.1" 200 11718 "-" "facebookexternalhit/1.1 (+http://www.facebook.com/externalhit_uatext.php)"
168.119.190.170 - - [09/Oct/2022:21:35:02 +0200] "GET /images/big_prod/1328399219377.jpg HTTP/1.1" 200 98003 "-" "Mozilla/5.0 (X11; Fedora; Linux x86_64) AppleWebKit/537.36 (KHTML, like Gecko) Chrome/79.0.3945.117 Safari/537.36"
168.119.190.170 - - [09/Oct/2022:21:35:05 +0200] "GET /images/big_prod_2/1328399219377b.jpg HTTP/1.1" 200 74582 "-" "Mozilla/5.0 (X11; Fedora; Linux x86_64) AppleWebKit/537.36 (KHTML, like Gecko) Chrome/79.0.3945.117 Safari/537.36"
173.252.83.6 - - [09/Oct/2022:21:35:21 +0200] "GET /images/mini_prod/1399984244166.jpg HTTP/1.1" 200 4014 "-" "facebookexternalhit/1.1 (+http://www.facebook.com/externalhit_uatext.php)"
47.94.243.250 - - [09/Oct/2022:21:36:32 +0200] "GET /images/mini_prod/3609810048348.jpg HTTP/1.1" 200 7212 "-" "Mozilla/5.0 (Macintosh; Intel Mac OS X 10_15_7) AppleWebKit/537.36 (KHTML, like Gecko) Chrome/105.0.0.0 Safari/537.36"
77.88.5.245 - - [09/Oct/2022:21:37:46 +0200] "GET /images/med_prod/3700653511539.jpg HTTP/1.1" 304 0 "-" "Mozilla/5.0 (compatible; YandexImages/3.0; +http://yandex.com/bots)"
66.249.64.242 - - [09/Oct/2022:21:37:49 +0200] "GET /images/big_prod_1/8422080351513a.jpg HTTP/1.1" 200 543027 "-" "Googlebot-Image/1.0"
216.244.66.242 - - [09/Oct/2022:21:38:11 +0200] "GET /robots.txt HTTP/1.1" 200 2438 "-" "Mozilla/5.0 (compatible; DotBot/1.2; +https://opensiteexplorer.org/dotbot; help@moz.com)"
168.119.190.170 - - [09/Oct/2022:21:38:17 +0200] "GET /images/big_prod_3/1328399219377c.jpg HTTP/1.1" 200 98984 "-" "Mozilla/5.0 (X11; Fedora; Linux x86_64) AppleWebKit/537.36 (KHTML, like Gecko) Chrome/79.0.3945.117 Safari/537.36"
168.119.190.170 - - [09/Oct/2022:21:39:28 +0200] "GET /images/big_prod/1328399219612.jpg HTTP/1.1" 200 98491 "-" "Mozilla/5.0 (X11; Fedora; Linux x86_64) AppleWebKit/537.36 (KHTML, like Gecko) Chrome/79.0.3945.117 Safari/537.36"
152.136.123.61 - - [09/Oct/2022:21:41:19 +0200] "GET /images/mini_prod/1384010189283.jpg HTTP/1.1" 200 6162 "-" "python-requests/2.27.1"
152.136.123.61 - - [09/Oct/2022:21:42:13 +0200] "GET /images/mini_prod/1399984254387.jpg HTTP/1.1" 200 6927 "-" "python-requests/2.27.1"
47.94.243.250 - - [09/Oct/2022:21:42:54 +0200] "GET /images/mini_prod/1399984254400.jpg HTTP/1.1" 200 8370 "-" "Mozilla/5.0 (Macintosh; Intel Mac OS X 10_15_7) AppleWebKit/537.36 (KHTML, like Gecko) Chrome/105.0.0.0 Safari/537.36"
18.191.220.75 - - [09/Oct/2022:21:44:05 +0200] "GET /images/mini_prod/3681643100752.jpg HTTP/1.1" 200 5814 "-" "Mozilla/5.0 (X11; Ubuntu; Linux x86_64; rv:72.0) Gecko/20100101 Firefox/72.0"
66.249.64.242 - - [09/Oct/2022:21:44:27 +0200] "GET /images/big_prod_1/5051276424156a.jpg HTTP/1.1" 200 133506 "-" "Googlebot-Image/1.0"
152.136.123.61 - - [09/Oct/2022:21:45:13 +0200] "GET /images/mini_prod/DSCN7550.jpg HTTP/1.1" 200 5109 "-" "python-requests/2.27.1"
163.220.128.41 - - [09/Oct/2022:21:48:30 +0200] "GET /images/mini_prod/b8427787034837.jpg HTTP/1.1" 200 7964 "-" "Mozilla/5.0 (X11; Ubuntu; Linux x86_64; rv:72.0) Gecko/20100101 Firefox/72.0"
180.76.26.213 - - [09/Oct/2022:21:48:32 +0200] "GET /images/mini_prod/3279510509281.jpg HTTP/1.1" 200 11227 "-" "bce-sdk-python/0.8.73/3.6.8 (default, Nov 16 2020, 16:55:22) [GCC 4.8.5 20150623 (Red Hat 4.8.5-44)]/linux"
185.191.171.43 - - [09/Oct/2022:21:48:56 +0200] "GET /robots.txt HTTP/1.1" 200 2438 "-" "Mozilla/5.0 (compatible; SemrushBot/7~bl; +http://www.semrush.com/bot.html)"
103.131.71.39 - - [09/Oct/2022:21:49:46 +0200] "GET /robots.txt HTTP/1.1" 200 2438 "-" "Mozilla/5.0 (compatible; coccocbot-image/1.0; +http://help.coccoc.com/searchengine)"
103.131.71.26 - - [09/Oct/2022:21:49:48 +0200] "GET /robots.txt HTTP/1.1" 200 2438 "-" "Mozilla/5.0 (compatible; coccocbot-image/1.0; +http://help.coccoc.com/searchengine)"
103.131.71.19 - - [09/Oct/2022:21:49:59 +0200] "GET /images/big_prod/8445148004237.jpg HTTP/1.1" 304 0 "-" "Mozilla/5.0 (compatible; coccocbot-image/1.0; +http://help.coccoc.com/searchengine)"
192.144.201.5 - - [09/Oct/2022:21:50:58 +0200] "GET /images/mini_prod/3503420202247.jpg HTTP/1.1" 200 9862 "-" "python-requests/2.27.1"
66.249.64.246 - - [09/Oct/2022:21:51:05 +0200] "GET /images/mini_prod/9316188082006.jpg HTTP/1.1" 200 5437 "-" "Googlebot-Image/1.0"
66.249.64.244 - - [09/Oct/2022:21:51:42 +0200] "GET /images/big_prod/1384220103253.jpg HTTP/1.1" 200 119487 "-" "Googlebot-Image/1.0"
192.144.201.5 - - [09/Oct/2022:21:52:19 +0200] "GET /images/mini_prod/1399984221501B.jpg HTTP/1.1" 200 7402 "-" "python-requests/2.27.1"
207.46.13.149 - - [09/Oct/2022:21:53:11 +0200] "GET /images/big_prod/8718657460888.jpg HTTP/1.1" 200 61307 "-" "Mozilla/5.0 (compatible; bingbot/2.0; +http://www.bing.com/bingbot.htm)"
173.252.83.6 - - [09/Oct/2022:21:54:03 +0200] "GET /images/mini_prod/8445148003292.jpg HTTP/1.1" 200 4996 "-" "facebookexternalhit/1.1 (+http://www.facebook.com/externalhit_uatext.php)"
216.244.66.242 - - [09/Oct/2022:21:55:46 +0200] "GET /images/big_prod/8419810093386.jpg HTTP/1.1" 200 48581 "-" "Mozilla/5.0 (compatible; DotBot/1.2; +https://opensiteexplorer.org/dotbot; help@moz.com)"
163.220.128.41 - - [09/Oct/2022:21:56:31 +0200] "GET /images/mini_prod/5018997632260.jpg HTTP/1.1" 200 8759 "-" "Mozilla/5.0 (X11; Ubuntu; Linux x86_64; rv:72.0) Gecko/20100101 Firefox/72.0"
66.249.64.246 - - [09/Oct/2022:21:57:43 +0200] "GET /images/big_prod_1/5051276459448a.jpg HTTP/1.1" 200 154090 "-" "Googlebot-Image/1.0"
188.220.187.106 - - [09/Oct/2022:21:57:47 +0200] "GET /images/GormitiBassa.jpg HTTP/1.1" 200 29928 "-" "Mozilla/5.0 (iPhone; CPU iPhone OS 15_6_1 like Mac OS X) AppleWebKit/605.1.15 (KHTML, like Gecko) Version/15.6.1 Mobile/15E148 Safari/604.1"
163.220.128.41 - - [09/Oct/2022:21:58:08 +0200] "GET /images/mini_prod/5701359690298.jpg HTTP/1.1" 200 8414 "-" "Mozilla/5.0 (X11; Ubuntu; Linux x86_64; rv:72.0) Gecko/20100101 Firefox/72.0"
173.252.83.19 - - [09/Oct/2022:21:58:23 +0200] "GET /images/mini_prod/8419037411413C.jpg HTTP/1.1" 200 6310 "-" "facebookexternalhit/1.1 (+http://www.facebook.com/externalhit_uatext.php)"
5.161.133.43 - - [09/Oct/2022:22:01:18 +0200] "GET /images/mini_prod/4717115143022.jpg HTTP/1.1" 200 5268 "-" "Mozilla/5.0 (X11; Ubuntu; Linux x86_64; rv:72.0) Gecko/20100101 Firefox/72.0"
173.252.83.23 - - [09/Oct/2022:22:01:27 +0200] "GET /images/mini_prod/4036113813240.jpg HTTP/1.1" 200 8480 "-" "facebookexternalhit/1.1 (+http://www.facebook.com/externalhit_uatext.php)"
173.252.83.23 - - [09/Oct/2022:22:04:40 +0200] "GET /images/mini_prod/3560600282239.jpg HTTP/1.1" 200 11671 "-" "facebookexternalhit/1.1 (+http://www.facebook.com/externalhit_uatext.php)"
47.94.243.250 - - [09/Oct/2022:22:06:47 +0200] "GET /images/mini_prod/5050293803197.jpg HTTP/1.1" 200 9360 "-" "Mozilla/5.0 (Macintosh; Intel Mac OS X 10_15_7) AppleWebKit/537.36 (KHTML, like Gecko) Chrome/105.0.0.0 Safari/537.36"
119.12.169.253 - - [09/Oct/2022:22:07:15 +0200] "GET /images/mini_prod/6942138906110.jpg HTTP/1.1" 200 9983 "-" "Mozilla/5.0 (Windows NT 10.0; Win64; x64) AppleWebKit/537.36 (KHTML, like Gecko) Chrome/54.0.2840.99 Safari/537.36"
47.94.243.250 - - [09/Oct/2022:22:07:23 +0200] "GET /images/mini_prod/1399985100904B.jpg HTTP/1.1" 200 8511 "-" "Mozilla/5.0 (Macintosh; Intel Mac OS X 10_15_7) AppleWebKit/537.36 (KHTML, like Gecko) Chrome/105.0.0.0 Safari/537.36"
47.94.243.250 - - [09/Oct/2022:22:08:03 +0200] "GET /images/mini_prod/1399984248355.jpg HTTP/1.1" 200 6048 "-" "Mozilla/5.0 (Macintosh; Intel Mac OS X 10_15_7) AppleWebKit/537.36 (KHTML, like Gecko) Chrome/105.0.0.0 Safari/537.36"
114.119.137.43 - - [09/Oct/2022:22:08:17 +0200] "GET /images/big_prod/3281640330727.jpg HTTP/1.1" 200 422154 "http://www.wonder-geek.com/paul-frank-flat-cosmetic-p-9642.html" "Mozilla/5.0 (Linux; Android 7.0;) AppleWebKit/537.36 (KHTML, like Gecko) Mobile Safari/537.36 (compatible; PetalBot;+https://webmaster.petalsearch.com/site/petalbot)"
185.191.171.8 - - [09/Oct/2022:22:09:08 +0200] "GET /robots.txt HTTP/1.1" 200 2438 "-" "Mozilla/5.0 (compatible; SemrushBot/7~bl; +http://www.semrush.com/bot.html)"
66.249.64.242 - - [09/Oct/2022:22:10:59 +0200] "GET /images/4007176124451.jpg HTTP/1.1" 200 26656 "-" "Googlebot-Image/1.0"
173.252.83.12 - - [09/Oct/2022:22:13:46 +0200] "GET /images/mini_prod/5036278060298.jpg HTTP/1.1" 200 8384 "-" "facebookexternalhit/1.1 (+http://www.facebook.com/externalhit_uatext.php)"
66.249.64.242 - - [09/Oct/2022:22:14:21 +0200] "GET /highslide/highslide.js HTTP/1.1" 200 42909 "http://www.wonder-geek.com/minions-lunchbox-p-33060.html" "Mozilla/5.0 AppleWebKit/537.36 (KHTML, like Gecko; compatible; Googlebot/2.1; +http://www.google.com/bot.html) Chrome/106.0.5249.91 Safari/537.36"
173.252.83.8 - - [09/Oct/2022:22:15:37 +0200] "GET /images/mini_prod/4260082934655.jpg HTTP/1.1" 200 6284 "-" "facebookexternalhit/1.1 (+http://www.facebook.com/externalhit_uatext.php)"
66.249.64.242 - - [09/Oct/2022:22:16:00 +0200] "GET /highslide/highslide.js HTTP/1.1" 200 42909 "http://www.wonder-geek.com/boxes-storage-c-13_150.html" "Mozilla/5.0 (Linux; Android 6.0.1; Nexus 5X Build/MMB29P) AppleWebKit/537.36 (KHTML, like Gecko) Chrome/106.0.5249.91 Mobile Safari/537.36 (compatible; Googlebot/2.1; +http://www.google.com/bot.html)"
173.252.83.116 - - [09/Oct/2022:22:18:35 +0200] "GET /images/mini_prod/3540946107724.jpg HTTP/1.1" 200 12372 "-" "facebookexternalhit/1.1 (+http://www.facebook.com/externalhit_uatext.php)"
207.46.13.140 - - [09/Oct/2022:22:19:11 +0200] "GET /js/jquery.js HTTP/1.1" 200 54075 "-" "Mozilla/5.0 (compatible; bingbot/2.0; +http://www.bing.com/bingbot.htm)"
157.55.39.28 - - [09/Oct/2022:22:19:15 +0200] "GET /highslide/highslide.js HTTP/1.1" 200 42909 "-" "Mozilla/5.0 (compatible; bingbot/2.0; +http://www.bing.com/bingbot.htm)"
207.46.13.138 - - [09/Oct/2022:22:19:15 +0200] "GET /js/jquery.jqzoom.js HTTP/1.1" 200 4761 "-" "Mozilla/5.0 (compatible; bingbot/2.0; +http://www.bing.com/bingbot.htm)"
211.249.40.23 - - [09/Oct/2022:22:19:16 +0200] "GET /images/mini_prod/5051265800404.jpg HTTP/1.1" 200 11057 "-" "Mozilla/5.0 (X11; Ubuntu; Linux x86_64; rv:72.0) Gecko/20100101 Firefox/72.0"
47.94.243.250 - - [09/Oct/2022:22:24:00 +0200] "GET /images/mini_prod/DSCN943222012012.jpg HTTP/1.1" 200 8720 "-" "Mozilla/5.0 (Macintosh; Intel Mac OS X 10_15_7) AppleWebKit/537.36 (KHTML, like Gecko) Chrome/105.0.0.0 Safari/537.36"
66.249.64.244 - - [09/Oct/2022:22:24:16 +0200] "GET /images/mini_prod/3453131151283.jpg HTTP/1.1" 200 11228 "-" "Googlebot-Image/1.0"
173.252.83.14 - - [09/Oct/2022:22:25:45 +0200] "GET /images/mini_prod/8424346353828.jpg HTTP/1.1" 200 4413 "-" "facebookexternalhit/1.1 (+http://www.facebook.com/externalhit_uatext.php)"
173.252.83.18 - - [09/Oct/2022:22:26:47 +0200] "GET /images/mini_prod/b1399984237205.jpg HTTP/1.1" 200 4541 "-" "facebookexternalhit/1.1 (+http://www.facebook.com/externalhit_uatext.php)"
207.46.13.149 - - [09/Oct/2022:22:27:18 +0200] "GET /images/mini_prod/3700281669183.jpg HTTP/1.1" 200 3382 "-" "Mozilla/5.0 (compatible; bingbot/2.0; +http://www.bing.com/bingbot.htm)"
185.191.171.41 - - [09/Oct/2022:22:29:00 +0200] "GET /robots.txt HTTP/1.1" 200 2438 "-" "Mozilla/5.0 (compatible; SemrushBot/7~bl; +http://www.semrush.com/bot.html)"
173.252.83.18 - - [09/Oct/2022:22:29:20 +0200] "GET /images/mini_prod/8424345986089.jpg HTTP/1.1" 200 3886 "-" "facebookexternalhit/1.1 (+http://www.facebook.com/externalhit_uatext.php)"
47.94.243.250 - - [09/Oct/2022:22:31:44 +0200] "GET /images/mini_prod/8422089800302.jpg HTTP/1.1" 200 6249 "-" "Mozilla/5.0 (Macintosh; Intel Mac OS X 10_15_7) AppleWebKit/537.36 (KHTML, like Gecko) Chrome/105.0.0.0 Safari/537.36"
216.244.66.242 - - [09/Oct/2022:22:33:41 +0200] "GET /robots.txt HTTP/1.1" 200 2438 "-" "Mozilla/5.0 (compatible; DotBot/1.2; +https://opensiteexplorer.org/dotbot; help@moz.com)"
47.94.243.250 - - [09/Oct/2022:22:35:50 +0200] "GET /images/mini_prod/1439116000007N.jpg HTTP/1.1" 200 7079 "-" "Mozilla/5.0 (Macintosh; Intel Mac OS X 10_15_7) AppleWebKit/537.36 (KHTML, like Gecko) Chrome/105.0.0.0 Safari/537.36"
173.252.83.6 - - [09/Oct/2022:22:35:54 +0200] "GET /images/mini_prod/8719497617982.jpg HTTP/1.1" 200 4946 "-" "facebookexternalhit/1.1 (+http://www.facebook.com/externalhit_uatext.php)"
66.249.64.242 - - [09/Oct/2022:22:37:33 +0200] "GET /images/big_prod/8435153884641.jpg HTTP/1.1" 200 124546 "-" "Googlebot-Image/1.0"
157.55.39.231 - - [09/Oct/2022:22:38:55 +0200] "GET /images/big_prod/3565750277357.jpg HTTP/1.1" 200 68054 "-" "Mozilla/5.0 (compatible; bingbot/2.0; +http://www.bing.com/bingbot.htm)"
163.220.128.41 - - [09/Oct/2022:22:39:09 +0200] "GET /images/mini_prod/8012052165813.jpg HTTP/1.1" 200 7821 "-" "Mozilla/5.0 (X11; Ubuntu; Linux x86_64; rv:72.0) Gecko/20100101 Firefox/72.0"
173.252.83.12 - - [09/Oct/2022:22:40:14 +0200] "GET /images/mini_prod/9316188081979.jpg HTTP/1.1" 200 5257 "-" "facebookexternalhit/1.1 (+http://www.facebook.com/externalhit_uatext.php)"
157.55.39.28 - - [09/Oct/2022:22:41:57 +0200] "GET /images/big_prod_1/8422010176063B.jpg HTTP/1.1" 200 69309 "-" "Mozilla/5.0 (compatible; bingbot/2.0; +http://www.bing.com/bingbot.htm)"
173.252.83.16 - - [09/Oct/2022:22:42:28 +0200] "GET /images/mini_prod/8422010189124.jpg HTTP/1.1" 200 3730 "-" "facebookexternalhit/1.1 (+http://www.facebook.com/externalhit_uatext.php)"
173.252.83.3 - - [09/Oct/2022:22:42:55 +0200] "GET /images/mini_prod/3442440281705.jpg HTTP/1.1" 200 8272 "-" "facebookexternalhit/1.1 (+http://www.facebook.com/externalhit_uatext.php)"
66.249.64.244 - - [09/Oct/2022:22:44:24 +0200] "GET /images/big_prod/7708181126887.jpg HTTP/1.1" 200 68860 "-" "Googlebot-Image/1.0"
173.252.83.18 - - [09/Oct/2022:22:45:34 +0200] "GET /images/big_prod_1/5415203937889B.jpg HTTP/1.1" 200 65400 "-" "facebookexternalhit/1.1 (+http://www.facebook.com/externalhit_uatext.php)"
18.191.220.75 - - [09/Oct/2022:22:46:34 +0200] "GET /images/mini_prod/5051265800619.jpg HTTP/1.1" 200 9282 "-" "Mozilla/5.0 (X11; Ubuntu; Linux x86_64; rv:72.0) Gecko/20100101 Firefox/72.0"
207.46.13.138 - - [09/Oct/2022:22:46:35 +0200] "GET /images/big_prod_2/1328399219377b.jpg HTTP/1.1" 200 74582 "-" "Mozilla/5.0 (compatible; bingbot/2.0; +http://www.bing.com/bingbot.htm)"
185.191.171.8 - - [09/Oct/2022:22:48:55 +0200] "GET /robots.txt HTTP/1.1" 200 2438 "-" "Mozilla/5.0 (compatible; SemrushBot/7~bl; +http://www.semrush.com/bot.html)"
66.249.64.246 - - [09/Oct/2022:22:50:49 +0200] "GET /images/big_prod/8445148026314.jpg HTTP/1.1" 200 251847 "-" "Googlebot-Image/1.0"
216.244.66.242 - - [09/Oct/2022:22:50:57 +0200] "GET /images/big_prod/3560600297080.jpg HTTP/1.1" 200 197783 "-" "Mozilla/5.0 (compatible; DotBot/1.2; +https://opensiteexplorer.org/dotbot; help@moz.com)"
216.244.66.242 - - [09/Oct/2022:22:51:02 +0200] "GET /images/big_prod/8445148006637.jpg HTTP/1.1" 200 42566 "-" "Mozilla/5.0 (compatible; DotBot/1.2; +https://opensiteexplorer.org/dotbot; help@moz.com)"
173.252.83.6 - - [09/Oct/2022:22:51:47 +0200] "GET /images/mini_prod/3700407620326.jpg HTTP/1.1" 200 9033 "-" "facebookexternalhit/1.1 (+http://www.facebook.com/externalhit_uatext.php)"
173.252.83.20 - - [09/Oct/2022:22:55:50 +0200] "GET /images/mini_prod/3612875119502.jpg HTTP/1.1" 200 6692 "-" "facebookexternalhit/1.1 (+http://www.facebook.com/externalhit_uatext.php)"
47.94.243.250 - - [09/Oct/2022:22:57:47 +0200] "GET /images/mini_prod/3553568132142.jpg HTTP/1.1" 200 6898 "-" "Mozilla/5.0 (Macintosh; Intel Mac OS X 10_15_7) AppleWebKit/537.36 (KHTML, like Gecko) Chrome/105.0.0.0 Safari/537.36"
66.249.64.242 - - [09/Oct/2022:22:58:15 +0200] "GET /images/big_prod/3503420121654.jpg HTTP/1.1" 200 121291 "-" "Googlebot-Image/1.0"
173.252.83.11 - - [09/Oct/2022:22:58:51 +0200] "GET /images/mini_prod/1300000836173.jpg HTTP/1.1" 200 4379 "-" "facebookexternalhit/1.1 (+http://www.facebook.com/externalhit_uatext.php)"
43.130.59.85 - - [09/Oct/2022:23:00:11 +0200] "GET /images/1399984260098.jpg HTTP/1.1" 200 71517 "-" "Mozilla/5.0 (X11; Ubuntu; Linux x86_64; rv:72.0) Gecko/20100101 Firefox/72.0"
173.252.83.18 - - [09/Oct/2022:23:02:04 +0200] "GET /images/mini_prod/3574641017460.jpg HTTP/1.1" 200 5552 "-" "facebookexternalhit/1.1 (+http://www.facebook.com/externalhit_uatext.php)"
66.249.64.246 - - [09/Oct/2022:23:04:05 +0200] "GET /images/big_prod_1/5400924114275a.jpg HTTP/1.1" 200 699836 "-" "Googlebot-Image/1.0"
119.8.57.70 - - [09/Oct/2022:23:05:01 +0200] "GET /images/big_prod_1/493842the.jpg HTTP/1.1" 200 148493 "-" "Mozilla/5.0 (X11; Ubuntu; Linux x86_64; rv:72.0) Gecko/20100101 Firefox/72.0"
192.144.198.154 - - [09/Oct/2022:23:05:58 +0200] "GET /images/mini_prod/1384010202760.jpg HTTP/1.1" 200 6697 "-" "python-requests/2.27.1"
173.252.83.12 - - [09/Oct/2022:23:06:18 +0200] "GET /images/mini_prod/1399984280089.jpg HTTP/1.1" 200 8629 "-" "facebookexternalhit/1.1 (+http://www.facebook.com/externalhit_uatext.php)"
173.252.83.15 - - [09/Oct/2022:23:08:46 +0200] "GET /images/mini_prod/4250255881015.jpg HTTP/1.1" 200 2306 "-" "facebookexternalhit/1.1 (+http://www.facebook.com/externalhit_uatext.php)"
185.191.171.34 - - [09/Oct/2022:23:09:06 +0200] "GET /robots.txt HTTP/1.1" 200 2438 "-" "Mozilla/5.0 (compatible; SemrushBot/7~bl; +http://www.semrush.com/bot.html)"
5.161.133.43 - - [09/Oct/2022:23:09:48 +0200] "GET /images/mini_prod/8435306281082.jpg HTTP/1.1" 200 8278 "-" "Mozilla/5.0 (X11; Ubuntu; Linux x86_64; rv:72.0) Gecko/20100101 Firefox/72.0"
207.46.13.140 - - [09/Oct/2022:23:10:37 +0200] "GET /images/big_prod/1328399144228.jpg HTTP/1.1" 200 96316 "-" "Mozilla/5.0 (compatible; bingbot/2.0; +http://www.bing.com/bingbot.htm)"
173.252.83.9 - - [09/Oct/2022:23:11:30 +0200] "GET /images/mini_prod/8001011164813.jpg HTTP/1.1" 200 8232 "-" "facebookexternalhit/1.1 (+http://www.facebook.com/externalhit_uatext.php)"
163.220.128.41 - - [09/Oct/2022:23:11:46 +0200] "GET /images/mini_prod/9316188073875.jpg HTTP/1.1" 200 6144 "-" "Mozilla/5.0 (X11; Ubuntu; Linux x86_64; rv:72.0) Gecko/20100101 Firefox/72.0"
18.191.220.75 - - [09/Oct/2022:23:12:59 +0200] "GET /images/1300010240274.jpg HTTP/1.1" 200 89484 "-" "Mozilla/5.0 (X11; Ubuntu; Linux x86_64; rv:72.0) Gecko/20100101 Firefox/72.0"
66.249.64.242 - - [09/Oct/2022:23:13:02 +0200] "GET /images/big_prod/4029811349548.jpg HTTP/1.1" 200 137735 "-" "Googlebot-Image/1.0"
173.252.83.10 - - [09/Oct/2022:23:14:35 +0200] "GET /images/mini_prod/3700281666786.jpg HTTP/1.1" 200 2260 "-" "facebookexternalhit/1.1 (+http://www.facebook.com/externalhit_uatext.php)"
173.252.83.19 - - [09/Oct/2022:23:14:46 +0200] "GET /images/mini_prod/1820024000003.jpg HTTP/1.1" 200 8429 "-" "facebookexternalhit/1.1 (+http://www.facebook.com/externalhit_uatext.php)"
66.249.64.246 - - [09/Oct/2022:23:14:57 +0200] "GET /images/170208_102423_PEEL_hZDzcD.jpg HTTP/1.1" 200 41622 "-" "Googlebot-Image/1.0"
147.92.153.9 - - [09/Oct/2022:23:15:31 +0200] "GET /images/big_prod/3700281669169.jpg HTTP/1.1" 200 203839 "-" "Mozilla/5.0 (compatible; Linespider/1.1; +https://lin.ee/4dwXkTH)"
66.249.64.246 - - [09/Oct/2022:23:17:22 +0200] "GET /images/big_prod_1/3700572740379B.jpg HTTP/1.1" 200 67649 "-" "Googlebot-Image/1.0"
47.94.243.250 - - [09/Oct/2022:23:19:56 +0200] "GET /images/mini_prod/8433933436172.jpg HTTP/1.1" 200 5096 "-" "Mozilla/5.0 (Macintosh; Intel Mac OS X 10_15_7) AppleWebKit/537.36 (KHTML, like Gecko) Chrome/105.0.0.0 Safari/537.36"
207.46.13.140 - - [09/Oct/2022:23:20:07 +0200] "GET /images/big_prod/3660173221557.jpg HTTP/1.1" 200 64162 "-" "Mozilla/5.0 (compatible; bingbot/2.0; +http://www.bing.com/bingbot.htm)"
173.252.83.23 - - [09/Oct/2022:23:20:59 +0200] "GET /images/mini_prod/3574642579783.jpg HTTP/1.1" 200 6636 "-" "facebookexternalhit/1.1 (+http://www.facebook.com/externalhit_uatext.php)"
66.249.64.242 - - [09/Oct/2022:23:21:31 +0200] "GET /images/big_prod_3/5400924218416D.jpg HTTP/1.1" 200 37645 "-" "Googlebot-Image/1.0"
24.177.104.168 - - [09/Oct/2022:23:23:32 +0200] "GET /images/mini_prod/5018997618431.jpg HTTP/1.1" 200 8798 "-" "Mozilla/5.0 (X11; Ubuntu; Linux x86_64; rv:72.0) Gecko/20100101 Firefox/72.0"
173.252.83.21 - - [09/Oct/2022:23:24:14 +0200] "GET /images/mini_prod/1384010179598.jpg HTTP/1.1" 200 6910 "-" "facebookexternalhit/1.1 (+http://www.facebook.com/externalhit_uatext.php)"
173.252.83.21 - - [09/Oct/2022:23:26:03 +0200] "GET /images/mini_prod/8422018289628A.jpg HTTP/1.1" 200 5020 "-" "facebookexternalhit/1.1 (+http://www.facebook.com/externalhit_uatext.php)"
66.249.64.242 - - [09/Oct/2022:23:26:25 +0200] "GET /images/big_prod/3700829400162.jpg HTTP/1.1" 200 51504 "-" "Googlebot-Image/1.0"
173.252.83.23 - - [09/Oct/2022:23:27:07 +0200] "GET /images/mini_prod/8445148900959A.jpg HTTP/1.1" 200 6362 "-" "facebookexternalhit/1.1 (+http://www.facebook.com/externalhit_uatext.php)"
66.249.64.242 - - [09/Oct/2022:23:27:22 +0200] "GET /images/mini_prod/9316188076746.jpg HTTP/1.1" 200 6739 "-" "Googlebot-Image/1.0"
207.46.13.138 - - [09/Oct/2022:23:27:58 +0200] "GET /images/3609080316130.jpg HTTP/1.1" 200 72262 "-" "Mozilla/5.0 (compatible; bingbot/2.0; +http://www.bing.com/bingbot.htm)"
66.249.64.242 - - [09/Oct/2022:23:28:22 +0200] "GET /images/big_prod_1/8424345975090B.jpg HTTP/1.1" 200 223525 "-" "Googlebot-Image/1.0"
185.191.171.44 - - [09/Oct/2022:23:28:41 +0200] "GET /robots.txt HTTP/1.1" 200 2438 "-" "Mozilla/5.0 (compatible; SemrushBot/7~bl; +http://www.semrush.com/bot.html)"
182.160.11.209 - - [09/Oct/2022:23:29:00 +0200] "GET /images/mini_prod/5051265800183.jpg HTTP/1.1" 200 10862 "-" "Mozilla/5.0 (Windows NT 10.0; Win64; x64) AppleWebKit/537.36 (KHTML, like Gecko) Chrome/54.0.2840.99 Safari/537.36"
207.46.13.138 - - [09/Oct/2022:23:29:39 +0200] "GET /images/big_prod/3503420107481.jpg HTTP/1.1" 200 104474 "-" "Mozilla/5.0 (compatible; bingbot/2.0; +http://www.bing.com/bingbot.htm)"
216.244.66.242 - - [09/Oct/2022:23:30:00 +0200] "GET /robots.txt HTTP/1.1" 200 2438 "-" "Mozilla/5.0 (compatible; DotBot/1.2; +https://opensiteexplorer.org/dotbot; help@moz.com)"
173.252.83.7 - - [09/Oct/2022:23:30:04 +0200] "GET /images/mini_prod/8421440087406.jpg HTTP/1.1" 200 8956 "-" "facebookexternalhit/1.1 (+http://www.facebook.com/externalhit_uatext.php)"
207.46.13.149 - - [09/Oct/2022:23:32:39 +0200] "GET /images/1399984252727.jpg HTTP/1.1" 200 77444 "-" "Mozilla/5.0 (compatible; bingbot/2.0; +http://www.bing.com/bingbot.htm)"
66.249.64.246 - - [09/Oct/2022:23:34:18 +0200] "GET /images/mini_prod/3665269184532.jpg HTTP/1.1" 200 4600 "-" "Googlebot-Image/1.0"
42.194.232.66 - - [09/Oct/2022:23:34:42 +0200] "GET /images/mini_prod/8422019609036.jpg HTTP/1.1" 200 7400 "-" "python-requests/2.25.1"
173.252.83.2 - - [09/Oct/2022:23:34:44 +0200] "GET /images/mini_prod/1300010237915.jpg HTTP/1.1" 200 8646 "-" "facebookexternalhit/1.1 (+http://www.facebook.com/externalhit_uatext.php)"
77.88.5.245 - - [09/Oct/2022:23:36:16 +0200] "GET /robots.txt HTTP/1.1" 200 2438 "-" "Mozilla/5.0 (compatible; YandexBot/3.0; +http://yandex.com/bots)"
77.88.5.245 - - [09/Oct/2022:23:36:20 +0200] "GET /images/big_prod_2/1345544894111b.jpg HTTP/1.1" 200 137557 "-" "Mozilla/5.0 (compatible; YandexImages/3.0; +http://yandex.com/bots)"
77.88.5.245 - - [09/Oct/2022:23:36:23 +0200] "GET /images/big_prod_1/1345544894111a.jpg HTTP/1.1" 200 116262 "-" "Mozilla/5.0 (compatible; YandexImages/3.0; +http://yandex.com/bots)"
173.252.83.13 - - [09/Oct/2022:23:36:45 +0200] "GET /images/mini_prod/3014627885800Z.jpg HTTP/1.1" 200 3951 "-" "facebookexternalhit/1.1 (+http://www.facebook.com/externalhit_uatext.php)"
17.121.113.79 - - [09/Oct/2022:23:39:39 +0200] "GET /robots.txt HTTP/1.1" 200 2438 "-" "Mozilla/5.0 (Macintosh; Intel Mac OS X 10_15_5) AppleWebKit/605.1.15 (KHTML, like Gecko) Version/13.1.1 Safari/605.1.15 (Applebot/0.1; +http://www.apple.com/go/applebot)"
17.121.113.79 - - [09/Oct/2022:23:39:40 +0200] "GET /images/big_prod/8420410090385B.jpg HTTP/1.1" 200 69982 "-" "Mozilla/5.0 (Macintosh; Intel Mac OS X 10_15_5) AppleWebKit/605.1.15 (KHTML, like Gecko) Version/13.1.1 Safari/605.1.15 (Applebot/0.1; +http://www.apple.com/go/applebot)"
173.252.83.9 - - [09/Oct/2022:23:40:07 +0200] "GET /images/mini_prod/3519570205991.jpg HTTP/1.1" 200 6085 "-" "facebookexternalhit/1.1 (+http://www.facebook.com/externalhit_uatext.php)"
47.94.243.250 - - [09/Oct/2022:23:42:07 +0200] "GET /images/mini_prod/3700791200166.jpg HTTP/1.1" 200 5610 "-" "Mozilla/5.0 (Macintosh; Intel Mac OS X 10_15_7) AppleWebKit/537.36 (KHTML, like Gecko) Chrome/105.0.0.0 Safari/537.36"
5.161.133.43 - - [09/Oct/2022:23:44:18 +0200] "GET /images/mini_prod/8422702358005.jpg HTTP/1.1" 200 7233 "-" "Mozilla/5.0 (X11; Ubuntu; Linux x86_64; rv:72.0) Gecko/20100101 Firefox/72.0"
173.252.83.14 - - [09/Oct/2022:23:46:12 +0200] "GET /images/mini_prod/3519570205878.jpg HTTP/1.1" 200 5397 "-" "facebookexternalhit/1.1 (+http://www.facebook.com/externalhit_uatext.php)"
216.244.66.242 - - [09/Oct/2022:23:46:27 +0200] "GET /images/big_prod/3660173194264.jpg HTTP/1.1" 200 131347 "-" "Mozilla/5.0 (compatible; DotBot/1.2; +https://opensiteexplorer.org/dotbot; help@moz.com)"
185.191.171.44 - - [09/Oct/2022:23:47:52 +0200] "GET /robots.txt HTTP/1.1" 200 2438 "-" "Mozilla/5.0 (compatible; SemrushBot/7~bl; +http://www.semrush.com/bot.html)"
66.249.64.244 - - [09/Oct/2022:23:51:17 +0200] "GET /images/big_prod_3/8445148026314bc.jpg HTTP/1.1" 200 519765 "-" "Googlebot-Image/1.0"
173.252.83.15 - - [09/Oct/2022:23:51:39 +0200] "GET /images/mini_prod/4005086220072.jpg HTTP/1.1" 200 5379 "-" "facebookexternalhit/1.1 (+http://www.facebook.com/externalhit_uatext.php)"
173.252.83.18 - - [09/Oct/2022:23:52:45 +0200] "GET /images/mini_prod/1399985100782.jpg HTTP/1.1" 200 9019 "-" "facebookexternalhit/1.1 (+http://www.facebook.com/externalhit_uatext.php)"
192.144.198.95 - - [09/Oct/2022:23:53:09 +0200] "GET /images/big_prod_2/8422092340062C.jpg HTTP/1.1" 200 79828 "-" "python-requests/2.27.1"
173.252.83.117 - - [09/Oct/2022:23:53:41 +0200] "GET /images/mini_prod/Soustassebonbon3.jpg HTTP/1.1" 200 12469 "-" "facebookexternalhit/1.1 (+http://www.facebook.com/externalhit_uatext.php)"
47.94.243.250 - - [09/Oct/2022:23:54:13 +0200] "GET /images/mini_prod/3574642575150.jpg HTTP/1.1" 200 6351 "-" "Mozilla/5.0 (Macintosh; Intel Mac OS X 10_15_7) AppleWebKit/537.36 (KHTML, like Gecko) Chrome/105.0.0.0 Safari/537.36"
47.94.243.250 - - [09/Oct/2022:23:54:56 +0200] "GET /images/mini_prod/4029811312436.jpg HTTP/1.1" 200 5630 "-" "Mozilla/5.0 (Macintosh; Intel Mac OS X 10_15_7) AppleWebKit/537.36 (KHTML, like Gecko) Chrome/105.0.0.0 Safari/537.36"
163.220.128.41 - - [09/Oct/2022:23:55:07 +0200] "GET /images/mini_prod/3418170317052.jpg HTTP/1.1" 200 5049 "-" "Mozilla/5.0 (X11; Ubuntu; Linux x86_64; rv:72.0) Gecko/20100101 Firefox/72.0"
152.136.128.182 - - [09/Oct/2022:23:55:07 +0200] "GET /images/mini_prod/8719075391594.jpg HTTP/1.1" 200 7139 "-" "python-requests/2.27.1"
147.92.153.7 - - [09/Oct/2022:23:55:18 +0200] "GET /images/big_prod/3700281669183.jpg HTTP/1.1" 200 192973 "-" "Mozilla/5.0 (compatible; Linespider/1.1; +https://lin.ee/4dwXkTH)"
152.136.128.182 - - [09/Oct/2022:23:55:48 +0200] "GET /images/mini_prod/190907_025632_PEEL_keGG7K.jpg HTTP/1.1" 200 15005 "-" "python-requests/2.27.1"
47.94.243.250 - - [09/Oct/2022:23:55:56 +0200] "GET /images/mini_prod/1384010206980.jpg HTTP/1.1" 200 5485 "-" "Mozilla/5.0 (Macintosh; Intel Mac OS X 10_15_7) AppleWebKit/537.36 (KHTML, like Gecko) Chrome/105.0.0.0 Safari/537.36"
173.252.83.117 - - [09/Oct/2022:23:56:38 +0200] "GET /images/mini_prod/3014627885916NN.jpg HTTP/1.1" 200 4780 "-" "facebookexternalhit/1.1 (+http://www.facebook.com/externalhit_uatext.php)"
152.136.128.182 - - [09/Oct/2022:23:57:29 +0200] "GET /images/mini_prod/1384010202852.jpg HTTP/1.1" 200 6160 "-" "python-requests/2.27.1"
152.136.128.182 - - [09/Oct/2022:23:58:22 +0200] "GET /images/mini_prod/1399984257432.jpg HTTP/1.1" 200 7226 "-" "python-requests/2.27.1"
163.220.128.41 - - [09/Oct/2022:23:59:19 +0200] "GET /images/mini_prod/3681643006047.jpg HTTP/1.1" 200 6957 "-" "Mozilla/5.0 (X11; Ubuntu; Linux x86_64; rv:72.0) Gecko/20100101 Firefox/72.0"
66.249.64.242 - - [09/Oct/2022:23:59:40 +0200] "GET /images/big_prod_2/8424001544301C.jpg HTTP/1.1" 200 887284 "-" "Googlebot-Image/1.0"
211.249.40.23 - - [09/Oct/2022:23:59:51 +0200] "GET /images/mini_prod/tsmlshreck.jpg HTTP/1.1" 200 7710 "-" "Mozilla/5.0 (X11; Ubuntu; Linux x86_64; rv:72.0) Gecko/20100101 Firefox/72.0"
163.220.128.41 - - [10/Oct/2022:00:00:20 +0200] "GET /images/mini_prod/3014627557356.jpg HTTP/1.1" 200 5508 "-" "Mozilla/5.0 (X11; Ubuntu; Linux x86_64; rv:72.0) Gecko/20100101 Firefox/72.0"
185.191.171.19 - - [10/Oct/2022:00:05:19 +0200] "GET /robots.txt HTTP/1.1" 200 2438 "-" "Mozilla/5.0 (compatible; SemrushBot/7~bl; +http://www.semrush.com/bot.html)"
163.220.128.41 - - [10/Oct/2022:00:06:35 +0200] "GET /images/mini_prod/8424346248957.jpg HTTP/1.1" 200 5967 "-" "Mozilla/5.0 (X11; Ubuntu; Linux x86_64; rv:72.0) Gecko/20100101 Firefox/72.0"
66.249.64.242 - - [10/Oct/2022:00:07:42 +0200] "GET /images/big_prod/3012585002215.jpg HTTP/1.1" 200 265819 "-" "Googlebot-Image/1.0"
66.249.64.244 - - [10/Oct/2022:00:08:09 +0200] "GET /images/big_prod/3700572774237.jpg HTTP/1.1" 200 138804 "-" "Googlebot-Image/1.0"
207.46.13.138 - - [10/Oct/2022:00:11:49 +0200] "GET /images/mini_prod/8422014035601.jpg HTTP/1.1" 200 5472 "-" "Mozilla/5.0 (compatible; bingbot/2.0; +http://www.bing.com/bingbot.htm)"
173.252.83.5 - - [10/Oct/2022:00:14:54 +0200] "GET /images/mini_prod/8409810063809.jpg HTTP/1.1" 200 6612 "-" "facebookexternalhit/1.1 (+http://www.facebook.com/externalhit_uatext.php)"
157.55.39.28 - - [10/Oct/2022:00:15:32 +0200] "GET /images/mini_prod/8422011475592.jpg HTTP/1.1" 200 6497 "-" "Mozilla/5.0 (compatible; bingbot/2.0; +http://www.bing.com/bingbot.htm)"
66.249.64.242 - - [10/Oct/2022:00:16:37 +0200] "GET /images/big_prod_3/5400924114275b.jpg HTTP/1.1" 200 399642 "-" "Googlebot-Image/1.0"
47.94.243.250 - - [10/Oct/2022:00:18:41 +0200] "GET /images/mini_prod/9316188073479.jpg HTTP/1.1" 200 5821 "-" "Mozilla/5.0 (Macintosh; Intel Mac OS X 10_15_7) AppleWebKit/537.36 (KHTML, like Gecko) Chrome/105.0.0.0 Safari/537.36"
192.144.201.77 - - [10/Oct/2022:00:19:31 +0200] "GET /images/mini_prod/1384010191996.jpg HTTP/1.1" 200 10577 "-" "python-requests/2.27.1"
78.60.206.195 - - [10/Oct/2022:00:20:19 +0200] "GET /images/mini_prod/5050293803975.jpg HTTP/1.1" 200 10730 "-" "Mozilla/5.0 (X11; Ubuntu; Linux x86_64; rv:72.0) Gecko/20100101 Firefox/72.0"
211.249.40.23 - - [10/Oct/2022:00:22:08 +0200] "GET /images/mini_prod/3760116326407.jpg HTTP/1.1" 200 9624 "-" "Mozilla/5.0 (X11; Ubuntu; Linux x86_64; rv:72.0) Gecko/20100101 Firefox/72.0"
173.252.83.14 - - [10/Oct/2022:00:23:10 +0200] "GET /images/mini_prod/4036113830131.jpg HTTP/1.1" 200 11506 "-" "facebookexternalhit/1.1 (+http://www.facebook.com/externalhit_uatext.php)"
157.55.39.217 - - [10/Oct/2022:00:24:36 +0200] "GET /images/big_prod/3665284220598.jpg HTTP/1.1" 200 130462 "-" "Mozilla/5.0 (compatible; bingbot/2.0; +http://www.bing.com/bingbot.htm)"
216.244.66.242 - - [10/Oct/2022:00:24:37 +0200] "GET /robots.txt HTTP/1.1" 200 2438 "-" "Mozilla/5.0 (compatible; DotBot/1.2; +https://opensiteexplorer.org/dotbot; help@moz.com)"
66.249.64.246 - - [10/Oct/2022:00:25:05 +0200] "GET /images/big_prod/8719497611157.jpg HTTP/1.1" 200 119131 "-" "Googlebot-Image/1.0"
185.191.171.23 - - [10/Oct/2022:00:25:53 +0200] "GET /robots.txt HTTP/1.1" 200 2438 "-" "Mozilla/5.0 (compatible; SemrushBot/7~bl; +http://www.semrush.com/bot.html)"
211.249.40.23 - - [10/Oct/2022:00:26:47 +0200] "GET /images/mini_prod/mug-i-love-02.jpg HTTP/1.1" 200 6298 "-" "Mozilla/5.0 (X11; Ubuntu; Linux x86_64; rv:72.0) Gecko/20100101 Firefox/72.0"
192.144.202.96 - - [10/Oct/2022:00:27:14 +0200] "GET /images/mini_prod/5051265800183.jpg HTTP/1.1" 200 10862 "-" "python-requests/2.27.1"
173.252.83.18 - - [10/Oct/2022:00:28:12 +0200] "GET /images/mini_prod/3660173174549B.jpg HTTP/1.1" 200 7405 "-" "facebookexternalhit/1.1 (+http://www.facebook.com/externalhit_uatext.php)"
66.249.64.242 - - [10/Oct/2022:00:33:33 +0200] "GET /images/mini_prod/3574642577505.jpg HTTP/1.1" 200 3565 "-" "Googlebot-Image/1.0"
47.94.243.250 - - [10/Oct/2022:00:34:39 +0200] "GET /images/mini_prod/3520071714622.jpg HTTP/1.1" 200 6220 "-" "Mozilla/5.0 (Macintosh; Intel Mac OS X 10_15_7) AppleWebKit/537.36 (KHTML, like Gecko) Chrome/105.0.0.0 Safari/537.36"
147.92.153.20 - - [10/Oct/2022:00:35:04 +0200] "GET /images/big_prod/3700281669220.jpg HTTP/1.1" 200 189326 "-" "Mozilla/5.0 (compatible; Linespider/1.1; +https://lin.ee/4dwXkTH)"
114.119.137.43 - - [10/Oct/2022:00:36:36 +0200] "GET /images/mini_prod/8422994881212.jpg HTTP/1.1" 200 5687 "http://www.wonder-geek.com/home-and-decoration-c-13.html?page=12" "Mozilla/5.0 (Linux; Android 7.0;) AppleWebKit/537.36 (KHTML, like Gecko) Mobile Safari/537.36 (compatible; PetalBot;+https://webmaster.petalsearch.com/site/petalbot)"
173.252.83.15 - - [10/Oct/2022:00:37:40 +0200] "GET /images/mini_prod/8445148024419.jpg HTTP/1.1" 200 7625 "-" "facebookexternalhit/1.1 (+http://www.facebook.com/externalhit_uatext.php)"
152.136.123.61 - - [10/Oct/2022:00:38:52 +0200] "GET /images/mini_prod/SXP10027.jpg HTTP/1.1" 200 5592 "-" "python-requests/2.27.1"
207.46.13.138 - - [10/Oct/2022:00:40:02 +0200] "GET /images/big_prod_1/3609810036260b.jpg HTTP/1.1" 200 103852 "-" "Mozilla/5.0 (compatible; bingbot/2.0; +http://www.bing.com/bingbot.htm)"
66.249.64.242 - - [10/Oct/2022:00:40:18 +0200] "GET /images/big_prod/8422080304106.jpg HTTP/1.1" 200 90297 "-" "Googlebot-Image/1.0"
47.94.243.250 - - [10/Oct/2022:00:40:32 +0200] "GET /images/mini_prod/3609810065185.jpg HTTP/1.1" 200 8141 "-" "Mozilla/5.0 (Macintosh; Intel Mac OS X 10_15_7) AppleWebKit/537.36 (KHTML, like Gecko) Chrome/105.0.0.0 Safari/537.36"
216.244.66.242 - - [10/Oct/2022:00:40:39 +0200] "GET /images/big_prod/8424346350001.jpg HTTP/1.1" 200 371709 "-" "Mozilla/5.0 (compatible; DotBot/1.2; +https://opensiteexplorer.org/dotbot; help@moz.com)"
207.46.13.149 - - [10/Oct/2022:00:40:50 +0200] "GET /images/4012390320404.jpg HTTP/1.1" 200 29829 "-" "Mozilla/5.0 (compatible; bingbot/2.0; +http://www.bing.com/bingbot.htm)"
66.249.64.246 - - [10/Oct/2022:00:42:01 +0200] "GET /images/mini_prod/1399980107496.jpg HTTP/1.1" 200 7725 "-" "Googlebot-Image/1.0"
66.249.64.244 - - [10/Oct/2022:00:42:32 +0200] "GET /images/5018997518250.jpg HTTP/1.1" 200 122419 "-" "Googlebot-Image/1.0"
185.191.171.40 - - [10/Oct/2022:00:44:39 +0200] "GET /robots.txt HTTP/1.1" 200 2438 "-" "Mozilla/5.0 (compatible; SemrushBot/7~bl; +http://www.semrush.com/bot.html)"
173.252.83.2 - - [10/Oct/2022:00:46:58 +0200] "GET /images/mini_prod/8421693172140.jpg HTTP/1.1" 200 6405 "-" "facebookexternalhit/1.1 (+http://www.facebook.com/externalhit_uatext.php)"
173.252.83.19 - - [10/Oct/2022:00:47:36 +0200] "GET /images/med_prod/8435333830697N.jpg HTTP/1.1" 200 155044 "-" "facebookexternalhit/1.1 (+http://www.facebook.com/externalhit_uatext.php)"
173.252.83.14 - - [10/Oct/2022:00:47:53 +0200] "GET /images/mini_prod/3418175344374.jpg HTTP/1.1" 200 2269 "-" "facebookexternalhit/1.1 (+http://www.facebook.com/externalhit_uatext.php)"
66.249.64.244 - - [10/Oct/2022:00:48:23 +0200] "GET /images/big_prod/8433933398777.jpg HTTP/1.1" 200 68067 "-" "Googlebot-Image/1.0"
173.252.83.16 - - [10/Oct/2022:00:49:56 +0200] "GET /images/mini_prod/8003990616079.jpg HTTP/1.1" 200 10036 "-" "facebookexternalhit/1.1 (+http://www.facebook.com/externalhit_uatext.php)"
66.249.64.242 - - [10/Oct/2022:00:50:30 +0200] "GET /images/big_prod_1/4029811447817B.jpg HTTP/1.1" 200 69009 "-" "Googlebot-Image/1.0"
106.52.131.116 - - [10/Oct/2022:00:52:12 +0200] "GET /images/3521320608709.jpg HTTP/1.1" 200 34469 "-" "Mozilla/5.0 (X11; Ubuntu; Linux x86_64; rv:72.0) Gecko/20100101 Firefox/72.0"
77.88.5.168 - - [10/Oct/2022:00:52:24 +0200] "GET /images/big_prod_1/b8719497610495.jpg HTTP/1.1" 200 36736 "-" "Mozilla/5.0 (compatible; YandexImages/3.0; +http://yandex.com/bots)"
78.60.206.195 - - [10/Oct/2022:00:53:30 +0200] "GET /images/mini_prod/1384010183595.jpg HTTP/1.1" 200 7110 "-" "Mozilla/5.0 (X11; Ubuntu; Linux x86_64; rv:72.0) Gecko/20100101 Firefox/72.0"
173.252.83.21 - - [10/Oct/2022:00:53:58 +0200] "GET /images/mini_prod/8422019067492.jpg HTTP/1.1" 200 4856 "-" "facebookexternalhit/1.1 (+http://www.facebook.com/externalhit_uatext.php)"
173.252.83.117 - - [10/Oct/2022:00:55:18 +0200] "GET /images/mini_prod/3665269057621.jpg HTTP/1.1" 200 5973 "-" "facebookexternalhit/1.1 (+http://www.facebook.com/externalhit_uatext.php)"
82.8.153.254 - - [10/Oct/2022:00:55:39 +0200] "GET /js/jquery.jqzoom.js HTTP/1.1" 200 4761 "http://www.wonder-geek.com/gorjuss-deluxe-journal-autumn-leaves-p-50957.html" "Mozilla/5.0 (Windows NT 10.0; Win64; x64) AppleWebKit/537.36 (KHTML, like Gecko) Chrome/105.0.0.0 Safari/537.36"
82.8.153.254 - - [10/Oct/2022:00:55:39 +0200] "GET /highslide/highslide.js HTTP/1.1" 200 42909 "http://www.wonder-geek.com/gorjuss-deluxe-journal-autumn-leaves-p-50957.html" "Mozilla/5.0 (Windows NT 10.0; Win64; x64) AppleWebKit/537.36 (KHTML, like Gecko) Chrome/105.0.0.0 Safari/537.36"
82.8.153.254 - - [10/Oct/2022:00:55:39 +0200] "GET /mondial_relay/js/jquery-1.3.2.min.js HTTP/1.1" 200 57254 "http://www.wonder-geek.com/gorjuss-deluxe-journal-autumn-leaves-p-50957.html" "Mozilla/5.0 (Windows NT 10.0; Win64; x64) AppleWebKit/537.36 (KHTML, like Gecko) Chrome/105.0.0.0 Safari/537.36"
82.8.153.254 - - [10/Oct/2022:00:55:39 +0200] "GET /js/jquery.js HTTP/1.1" 200 54075 "http://www.wonder-geek.com/gorjuss-deluxe-journal-autumn-leaves-p-50957.html" "Mozilla/5.0 (Windows NT 10.0; Win64; x64) AppleWebKit/537.36 (KHTML, like Gecko) Chrome/105.0.0.0 Safari/537.36"
82.8.153.254 - - [10/Oct/2022:00:55:39 +0200] "GET /templates/Pixame_v1/stylesheet.css HTTP/1.1" 200 56057 "http://www.wonder-geek.com/gorjuss-deluxe-journal-autumn-leaves-p-50957.html" "Mozilla/5.0 (Windows NT 10.0; Win64; x64) AppleWebKit/537.36 (KHTML, like Gecko) Chrome/105.0.0.0 Safari/537.36"
82.8.153.254 - - [10/Oct/2022:00:55:39 +0200] "GET /templates/Pixame_v1/images/icon_accueil2.png HTTP/1.1" 200 1137 "http://www.wonder-geek.com/gorjuss-deluxe-journal-autumn-leaves-p-50957.html" "Mozilla/5.0 (Windows NT 10.0; Win64; x64) AppleWebKit/537.36 (KHTML, like Gecko) Chrome/105.0.0.0 Safari/537.36"
82.8.153.254 - - [10/Oct/2022:00:55:40 +0200] "GET /templates/Pixame_v1/images/buttons/english/button_in_cart.gif HTTP/1.1" 200 1212 "http://www.wonder-geek.com/gorjuss-deluxe-journal-autumn-leaves-p-50957.html" "Mozilla/5.0 (Windows NT 10.0; Win64; x64) AppleWebKit/537.36 (KHTML, like Gecko) Chrome/105.0.0.0 Safari/537.36"
82.8.153.254 - - [10/Oct/2022:00:55:40 +0200] "GET /images/big_prod_2/c5018997632260.jpg HTTP/1.1" 200 121231 "http://www.wonder-geek.com/gorjuss-deluxe-journal-autumn-leaves-p-50957.html" "Mozilla/5.0 (Windows NT 10.0; Win64; x64) AppleWebKit/537.36 (KHTML, like Gecko) Chrome/105.0.0.0 Safari/537.36"
82.8.153.254 - - [10/Oct/2022:00:55:40 +0200] "GET /images/big_prod/5018997632260.jpg HTTP/1.1" 200 163782 "http://www.wonder-geek.com/gorjuss-deluxe-journal-autumn-leaves-p-50957.html" "Mozilla/5.0 (Windows NT 10.0; Win64; x64) AppleWebKit/537.36 (KHTML, like Gecko) Chrome/105.0.0.0 Safari/537.36"
82.8.153.254 - - [10/Oct/2022:00:55:40 +0200] "GET /images/big_prod_4/a5018997632260.jpg HTTP/1.1" 200 107128 "http://www.wonder-geek.com/gorjuss-deluxe-journal-autumn-leaves-p-50957.html" "Mozilla/5.0 (Windows NT 10.0; Win64; x64) AppleWebKit/537.36 (KHTML, like Gecko) Chrome/105.0.0.0 Safari/537.36"
82.8.153.254 - - [10/Oct/2022:00:55:40 +0200] "GET /images/big_prod_3/b5018997632260.jpg HTTP/1.1" 200 124372 "http://www.wonder-geek.com/gorjuss-deluxe-journal-autumn-leaves-p-50957.html" "Mozilla/5.0 (Windows NT 10.0; Win64; x64) AppleWebKit/537.36 (KHTML, like Gecko) Chrome/105.0.0.0 Safari/537.36"
82.8.153.254 - - [10/Oct/2022:00:55:40 +0200] "GET /templates/Pixame_v1/images/Bottom_texture.jpg HTTP/1.1" 200 56290 "http://www.wonder-geek.com/templates/Pixame_v1/stylesheet.css" "Mozilla/5.0 (Windows NT 10.0; Win64; x64) AppleWebKit/537.36 (KHTML, like Gecko) Chrome/105.0.0.0 Safari/537.36"
82.8.153.254 - - [10/Oct/2022:00:55:40 +0200] "GET /templates/Pixame_v1/images/header.png HTTP/1.1" 200 70245 "http://www.wonder-geek.com/templates/Pixame_v1/stylesheet.css" "Mozilla/5.0 (Windows NT 10.0; Win64; x64) AppleWebKit/537.36 (KHTML, like Gecko) Chrome/105.0.0.0 Safari/537.36"
82.8.153.254 - - [10/Oct/2022:00:55:40 +0200] "GET /templates/Pixame_v1/images/nav.png HTTP/1.1" 200 1283 "http://www.wonder-geek.com/templates/Pixame_v1/stylesheet.css" "Mozilla/5.0 (Windows NT 10.0; Win64; x64) AppleWebKit/537.36 (KHTML, like Gecko) Chrome/105.0.0.0 Safari/537.36"
82.8.153.254 - - [10/Oct/2022:00:55:40 +0200] "GET /templates/Pixame_v1/images/header-object.png HTTP/1.1" 200 106050 "http://www.wonder-geek.com/templates/Pixame_v1/stylesheet.css" "Mozilla/5.0 (Windows NT 10.0; Win64; x64) AppleWebKit/537.36 (KHTML, like Gecko) Chrome/105.0.0.0 Safari/537.36"
82.8.153.254 - - [10/Oct/2022:00:55:40 +0200] "GET /design/productsenstock.png HTTP/1.1" 200 4743 "http://www.wonder-geek.com/templates/Pixame_v1/stylesheet.css" "Mozilla/5.0 (Windows NT 10.0; Win64; x64) AppleWebKit/537.36 (KHTML, like Gecko) Chrome/105.0.0.0 Safari/537.36"
82.8.153.254 - - [10/Oct/2022:00:55:40 +0200] "GET /templates/Pixame_v1/images/Middle_texture.jpg HTTP/1.1" 200 249620 "http://www.wonder-geek.com/templates/Pixame_v1/stylesheet.css" "Mozilla/5.0 (Windows NT 10.0; Win64; x64) AppleWebKit/537.36 (KHTML, like Gecko) Chrome/105.0.0.0 Safari/537.36"
82.8.153.254 - - [10/Oct/2022:00:55:40 +0200] "GET /images/big_prod_1/z5018997632260.jpg HTTP/1.1" 200 481534 "http://www.wonder-geek.com/gorjuss-deluxe-journal-autumn-leaves-p-50957.html" "Mozilla/5.0 (Windows NT 10.0; Win64; x64) AppleWebKit/537.36 (KHTML, like Gecko) Chrome/105.0.0.0 Safari/537.36"
82.8.153.254 - - [10/Oct/2022:00:55:40 +0200] "GET /highslide/graphics/outlines/drop-shadow.png HTTP/1.1" 200 2022 "http://www.wonder-geek.com/gorjuss-deluxe-journal-autumn-leaves-p-50957.html" "Mozilla/5.0 (Windows NT 10.0; Win64; x64) AppleWebKit/537.36 (KHTML, like Gecko) Chrome/105.0.0.0 Safari/537.36"
82.8.153.254 - - [10/Oct/2022:00:55:40 +0200] "GET /favicon.ico HTTP/1.1" 200 1591 "http://www.wonder-geek.com/gorjuss-deluxe-journal-autumn-leaves-p-50957.html" "Mozilla/5.0 (Windows NT 10.0; Win64; x64) AppleWebKit/537.36 (KHTML, like Gecko) Chrome/105.0.0.0 Safari/537.36"
54.236.1.13 - - [10/Oct/2022:00:56:02 +0200] "GET /robots.txt HTTP/1.1" 200 2438 "-" "Mozilla/5.0 (compatible; Pinterestbot/1.0; +http://www.pinterest.com/bot.html)"
54.236.1.13 - - [10/Oct/2022:00:56:02 +0200] "GET /images/3700276295816.jpg HTTP/1.1" 200 44206 "-" "Mozilla/5.0 (compatible; Pinterestbot/1.0; +http://www.pinterest.com/bot.html)"
66.249.64.242 - - [10/Oct/2022:00:56:26 +0200] "GET /images/big_prod/3609810070967.jpg HTTP/1.1" 200 135269 "-" "Googlebot-Image/1.0"
207.46.13.138 - - [10/Oct/2022:00:56:53 +0200] "GET /images/mini_prod/MUGBLANC010176.jpg HTTP/1.1" 200 3334 "-" "Mozilla/5.0 (compatible; bingbot/2.0; +http://www.bing.com/bingbot.htm)"
173.252.83.5 - - [10/Oct/2022:00:57:56 +0200] "GET /images/mini_prod/1384010176283.jpg HTTP/1.1" 200 7319 "-" "facebookexternalhit/1.1 (+http://www.facebook.com/externalhit_uatext.php)"
17.121.112.98 - - [10/Oct/2022:00:58:10 +0200] "GET /images/big_prod_1/8420410090385D.jpg HTTP/1.1" 200 124536 "-" "Mozilla/5.0 (Macintosh; Intel Mac OS X 10_15_5) AppleWebKit/605.1.15 (KHTML, like Gecko) Version/13.1.1 Safari/605.1.15 (Applebot/0.1; +http://www.apple.com/go/applebot)"
207.46.13.138 - - [10/Oct/2022:00:58:14 +0200] "GET /images/big_prod/3503420103582.jpg HTTP/1.1" 200 112435 "-" "Mozilla/5.0 (compatible; bingbot/2.0; +http://www.bing.com/bingbot.htm)"
66.249.64.242 - - [10/Oct/2022:00:58:58 +0200] "GET /images/big_prod/5403924021048.jpg HTTP/1.1" 200 38997 "-" "Googlebot-Image/1.0"
119.8.116.174 - - [10/Oct/2022:00:59:16 +0200] "GET /images/mini_prod/5012128424021.jpg HTTP/1.1" 200 12313 "-" "Mozilla/5.0 (Windows NT 10.0; Win64; x64) AppleWebKit/537.36 (KHTML, like Gecko) Chrome/54.0.2840.99 Safari/537.36"
173.252.83.117 - - [10/Oct/2022:00:59:55 +0200] "GET /images/mini_prod/8430957077954.jpg HTTP/1.1" 200 6759 "-" "facebookexternalhit/1.1 (+http://www.facebook.com/externalhit_uatext.php)"
211.249.40.23 - - [10/Oct/2022:01:01:35 +0200] "GET /images/mini_prod/1399984264300.jpg HTTP/1.1" 200 7089 "-" "Mozilla/5.0 (X11; Ubuntu; Linux x86_64; rv:72.0) Gecko/20100101 Firefox/72.0"
173.252.83.1 - - [10/Oct/2022:01:01:51 +0200] "GET /images/mini_prod/3520071345680.jpg HTTP/1.1" 200 9826 "-" "facebookexternalhit/1.1 (+http://www.facebook.com/externalhit_uatext.php)"
173.252.83.8 - - [10/Oct/2022:01:02:02 +0200] "GET /images/mini_prod/5036278049675.jpg HTTP/1.1" 200 8393 "-" "facebookexternalhit/1.1 (+http://www.facebook.com/externalhit_uatext.php)"
47.94.243.250 - - [10/Oct/2022:01:02:48 +0200] "GET /images/mini_prod/1384010179536.jpg HTTP/1.1" 200 5955 "-" "Mozilla/5.0 (Macintosh; Intel Mac OS X 10_15_7) AppleWebKit/537.36 (KHTML, like Gecko) Chrome/105.0.0.0 Safari/537.36"
