76.34.143.2 - - [09/Oct/2022:14:58:45 +0200] "GET /templates/Pixame_v1/images/nav.png HTTP/1.1" 200 1283 "http://www.wonder-geek.com/retro-peacock-perfume-bottle-p-57330.html" "Mozilla/5.0 (iPhone; CPU iPhone OS 16_0_2 like Mac OS X) AppleWebKit/605.1.15 (KHTML, like Gecko) Version/16.0 Mobile/15E148 Safari/604.1"
76.34.143.2 - - [09/Oct/2022:14:58:46 +0200] "GET /templates/Pixame_v1/images/Bottom_texture.jpg HTTP/1.1" 200 56290 "http://www.wonder-geek.com/retro-peacock-perfume-bottle-p-57330.html" "Mozilla/5.0 (iPhone; CPU iPhone OS 16_0_2 like Mac OS X) AppleWebKit/605.1.15 (KHTML, like Gecko) Version/16.0 Mobile/15E148 Safari/604.1"
76.34.143.2 - - [09/Oct/2022:14:58:46 +0200] "GET /templates/Pixame_v1/images/header.png HTTP/1.1" 200 70245 "http://www.wonder-geek.com/retro-peacock-perfume-bottle-p-57330.html" "Mozilla/5.0 (iPhone; CPU iPhone OS 16_0_2 like Mac OS X) AppleWebKit/605.1.15 (KHTML, like Gecko) Version/16.0 Mobile/15E148 Safari/604.1"
76.34.143.2 - - [09/Oct/2022:14:58:46 +0200] "GET /templates/Pixame_v1/images/header-object.png HTTP/1.1" 200 106050 "http://www.wonder-geek.com/retro-peacock-perfume-bottle-p-57330.html" "Mozilla/5.0 (iPhone; CPU iPhone OS 16_0_2 like Mac OS X) AppleWebKit/605.1.15 (KHTML, like Gecko) Version/16.0 Mobile/15E148 Safari/604.1"
76.34.143.2 - - [09/Oct/2022:14:58:47 +0200] "GET /templates/Pixame_v1/images/Middle_texture.jpg HTTP/1.1" 200 249620 "http://www.wonder-geek.com/retro-peacock-perfume-bottle-p-57330.html" "Mozilla/5.0 (iPhone; CPU iPhone OS 16_0_2 like Mac OS X) AppleWebKit/605.1.15 (KHTML, like Gecko) Version/16.0 Mobile/15E148 Safari/604.1"
76.34.143.2 - - [09/Oct/2022:14:58:48 +0200] "GET /highslide/graphics/outlines/drop-shadow.png HTTP/1.1" 200 2022 "http://www.wonder-geek.com/retro-peacock-perfume-bottle-p-57330.html" "Mozilla/5.0 (iPhone; CPU iPhone OS 16_0_2 like Mac OS X) AppleWebKit/605.1.15 (KHTML, like Gecko) Version/16.0 Mobile/15E148 Safari/604.1"
76.34.143.2 - - [09/Oct/2022:14:58:48 +0200] "GET /favicon.ico HTTP/1.1" 200 1591 "http://www.wonder-geek.com/retro-peacock-perfume-bottle-p-57330.html" "Mozilla/5.0 (iPhone; CPU iPhone OS 16_0_2 like Mac OS X) AppleWebKit/605.1.15 (KHTML, like Gecko) Version/16.0 Mobile/15E148 Safari/604.1"
66.249.64.244 - - [09/Oct/2022:14:59:28 +0200] "GET /images/mini_prod/028399186747.jpg HTTP/1.1" 200 2681 "-" "Googlebot-Image/1.0"
159.138.137.41 - - [09/Oct/2022:15:00:28 +0200] "GET /images/mini_prod/1399984256367.jpg HTTP/1.1" 200 5870 "-" "Mozilla/5.0 (X11; Ubuntu; Linux x86_64; rv:72.0) Gecko/20100101 Firefox/72.0"
114.119.137.3 - - [09/Oct/2022:15:00:46 +0200] "GET /images/mini_prod/8422836098105Z.jpg HTTP/1.1" 200 10550 "http://www.wonder-geek.com/carpet-and-doormat-c-11_167.html" "Mozilla/5.0 (Linux; Android 7.0;) AppleWebKit/537.36 (KHTML, like Gecko) Mobile Safari/537.36 (compatible; PetalBot;+https://webmaster.petalsearch.com/site/petalbot)"
185.191.171.16 - - [09/Oct/2022:15:01:32 +0200] "GET /robots.txt HTTP/1.1" 200 2438 "-" "Mozilla/5.0 (compatible; SemrushBot/7~bl; +http://www.semrush.com/bot.html)"
5.161.133.43 - - [09/Oct/2022:15:01:58 +0200] "GET /images/mini_prod/3700653593221.jpg HTTP/1.1" 200 7466 "-" "Mozilla/5.0 (X11; Ubuntu; Linux x86_64; rv:72.0) Gecko/20100101 Firefox/72.0"
180.76.26.254 - - [09/Oct/2022:15:03:08 +0200] "GET /images/mini_prod/3503420029127.jpg HTTP/1.1" 200 7960 "-" "bce-sdk-python/0.8.73/3.6.8 (default, Nov 16 2020, 16:55:22) [GCC 4.8.5 20150623 (Red Hat 4.8.5-44)]/linux"
211.249.40.23 - - [09/Oct/2022:15:04:18 +0200] "GET /images/mini_prod/8424345892595.jpg HTTP/1.1" 200 12122 "-" "Mozilla/5.0 (X11; Ubuntu; Linux x86_64; rv:72.0) Gecko/20100101 Firefox/72.0"
66.249.64.242 - - [09/Oct/2022:15:07:44 +0200] "GET /images/big_prod_1/8480612322004N.jpg HTTP/1.1" 200 87576 "-" "Googlebot-Image/1.0"
173.252.83.3 - - [09/Oct/2022:15:07:46 +0200] "GET /images/mini_prod/4007176153123.jpg HTTP/1.1" 200 4355 "-" "facebookexternalhit/1.1 (+http://www.facebook.com/externalhit_uatext.php)"
173.252.83.20 - - [09/Oct/2022:15:08:44 +0200] "GET /images/mini_prod/3503420956553.jpg HTTP/1.1" 200 9112 "-" "facebookexternalhit/1.1 (+http://www.facebook.com/externalhit_uatext.php)"
66.249.64.242 - - [09/Oct/2022:15:09:58 +0200] "GET /images/big_prod/8422018289611A.jpg HTTP/1.1" 200 90525 "-" "Googlebot-Image/1.0"
173.252.83.118 - - [09/Oct/2022:15:12:17 +0200] "GET /images/mini_prod/3665269059434.jpg HTTP/1.1" 200 3720 "-" "facebookexternalhit/1.1 (+http://www.facebook.com/externalhit_uatext.php)"
66.249.64.242 - - [09/Oct/2022:15:13:21 +0200] "GET /images/mini_prod/028399186716.jpg HTTP/1.1" 200 3048 "-" "Googlebot-Image/1.0"
173.252.83.10 - - [09/Oct/2022:15:15:05 +0200] "GET /images/mini_prod/b3281640406323.jpg HTTP/1.1" 200 9928 "-" "facebookexternalhit/1.1 (+http://www.facebook.com/externalhit_uatext.php)"
66.249.64.244 - - [09/Oct/2022:15:16:21 +0200] "GET /images/big_prod/3503420026096.jpg HTTP/1.1" 200 96585 "-" "Googlebot-Image/1.0"
66.249.64.242 - - [09/Oct/2022:15:17:13 +0200] "GET /images/big_prod/1384010207154.jpg HTTP/1.1" 200 49807 "-" "Googlebot-Image/1.0"
163.220.128.41 - - [09/Oct/2022:15:17:36 +0200] "GET /images/mini_prod/5701359690397.jpg HTTP/1.1" 200 6171 "-" "Mozilla/5.0 (X11; Ubuntu; Linux x86_64; rv:72.0) Gecko/20100101 Firefox/72.0"
173.252.83.10 - - [09/Oct/2022:15:20:51 +0200] "GET /images/mini_prod/3700572752259c.jpg HTTP/1.1" 200 6659 "-" "facebookexternalhit/1.1 (+http://www.facebook.com/externalhit_uatext.php)"
20.56.197.63 - - [09/Oct/2022:15:23:10 +0200] "GET /images/Photo-0302.jpg HTTP/1.1" 200 19241 "-" "DuckDuckBot/1.1; (+http://duckduckgo.com/duckduckbot.html)"
185.191.171.2 - - [09/Oct/2022:15:23:13 +0200] "GET /robots.txt HTTP/1.1" 200 2438 "-" "Mozilla/5.0 (compatible; SemrushBot/7~bl; +http://www.semrush.com/bot.html)"
173.252.83.15 - - [09/Oct/2022:15:25:19 +0200] "GET /images/mini_prod/3014627889938.jpg HTTP/1.1" 200 3179 "-" "facebookexternalhit/1.1 (+http://www.facebook.com/externalhit_uatext.php)"
216.244.66.242 - - [09/Oct/2022:15:25:37 +0200] "GET /robots.txt HTTP/1.1" 200 2438 "-" "Mozilla/5.0 (compatible; DotBot/1.2; +https://opensiteexplorer.org/dotbot; help@moz.com)"
173.252.83.14 - - [09/Oct/2022:15:26:50 +0200] "GET /images/mini_prod/3503420021480.jpg HTTP/1.1" 200 5177 "-" "facebookexternalhit/1.1 (+http://www.facebook.com/externalhit_uatext.php)"
66.249.64.242 - - [09/Oct/2022:15:27:14 +0200] "GET /images/big_prod_1/3453131159661B.jpg HTTP/1.1" 200 190347 "-" "Googlebot-Image/1.0"
114.119.137.45 - - [09/Oct/2022:15:28:22 +0200] "GET /images/mini_prod/3665269156867.jpg HTTP/1.1" 200 3932 "http://www.wonder-geek.com/cushions-c-11_71_283.html" "Mozilla/5.0 (Linux; Android 7.0;) AppleWebKit/537.36 (KHTML, like Gecko) Mobile Safari/537.36 (compatible; PetalBot;+https://webmaster.petalsearch.com/site/petalbot)"
163.220.128.41 - - [09/Oct/2022:15:28:43 +0200] "GET /images/mini_prod/3660173124520.jpg HTTP/1.1" 200 6595 "-" "Mozilla/5.0 (X11; Ubuntu; Linux x86_64; rv:72.0) Gecko/20100101 Firefox/72.0"
66.249.64.244 - - [09/Oct/2022:15:28:48 +0200] "GET /images/med_prod/1384010176696.jpg HTTP/1.1" 200 46201 "-" "Googlebot-Image/1.0"
173.252.83.19 - - [09/Oct/2022:15:28:59 +0200] "GET /images/mini_prod/3660173221571.jpg HTTP/1.1" 200 4537 "-" "facebookexternalhit/1.1 (+http://www.facebook.com/externalhit_uatext.php)"
17.121.114.210 - - [09/Oct/2022:15:32:05 +0200] "GET /images/big_prod_3/1328399219292c.jpg HTTP/1.1" 200 89501 "-" "Mozilla/5.0 (Macintosh; Intel Mac OS X 10_15_5) AppleWebKit/605.1.15 (KHTML, like Gecko) Version/13.1.1 Safari/605.1.15 (Applebot/0.1; +http://www.apple.com/go/applebot)"
211.249.40.23 - - [09/Oct/2022:15:32:09 +0200] "GET /images/mini_prod/3457019600474a.jpg HTTP/1.1" 200 6540 "-" "Mozilla/5.0 (X11; Ubuntu; Linux x86_64; rv:72.0) Gecko/20100101 Firefox/72.0"
173.252.83.23 - - [09/Oct/2022:15:33:42 +0200] "GET /images/mini_prod/3589363780080.jpg HTTP/1.1" 200 8908 "-" "facebookexternalhit/1.1 (+http://www.facebook.com/externalhit_uatext.php)"
47.94.243.250 - - [09/Oct/2022:15:33:52 +0200] "GET /images/mini_prod/3453131143189.jpg HTTP/1.1" 200 8517 "-" "Mozilla/5.0 (Macintosh; Intel Mac OS X 10_15_7) AppleWebKit/537.36 (KHTML, like Gecko) Chrome/105.0.0.0 Safari/537.36"
207.46.13.149 - - [09/Oct/2022:15:35:28 +0200] "GET /images/mini_prod/8445146010438.jpg HTTP/1.1" 200 2928 "-" "Mozilla/5.0 (compatible; bingbot/2.0; +http://www.bing.com/bingbot.htm)"
66.249.64.242 - - [09/Oct/2022:15:35:33 +0200] "GET /images/3453131106559.jpg HTTP/1.1" 200 40430 "-" "Googlebot-Image/1.0"
47.94.243.250 - - [09/Oct/2022:15:35:43 +0200] "GET /images/mini_prod/1384010202890.jpg HTTP/1.1" 200 5068 "-" "Mozilla/5.0 (Macintosh; Intel Mac OS X 10_15_7) AppleWebKit/537.36 (KHTML, like Gecko) Chrome/105.0.0.0 Safari/537.36"
114.119.133.245 - - [09/Oct/2022:15:36:00 +0200] "GET /images/big_prod_1/3609810022546C.jpg HTTP/1.1" 200 374049 "http://www.wonder-geek.com/marseille-football-boot-money-box-p-27187.html" "Mozilla/5.0 (Linux; Android 7.0;) AppleWebKit/537.36 (KHTML, like Gecko) Mobile Safari/537.36 (compatible; PetalBot;+https://webmaster.petalsearch.com/site/petalbot)"
47.94.243.250 - - [09/Oct/2022:15:36:38 +0200] "GET /images/mini_prod/3438100356470.jpg HTTP/1.1" 200 9641 "-" "Mozilla/5.0 (Macintosh; Intel Mac OS X 10_15_7) AppleWebKit/537.36 (KHTML, like Gecko) Chrome/105.0.0.0 Safari/537.36"
77.88.5.245 - - [09/Oct/2022:15:37:30 +0200] "GET /robots.txt HTTP/1.1" 200 2438 "-" "Mozilla/5.0 (compatible; YandexBot/3.0; +http://yandex.com/bots)"
47.94.243.250 - - [09/Oct/2022:15:37:40 +0200] "GET /images/mini_prod/76001110TF.jpg HTTP/1.1" 200 5477 "-" "Mozilla/5.0 (Macintosh; Intel Mac OS X 10_15_7) AppleWebKit/537.36 (KHTML, like Gecko) Chrome/105.0.0.0 Safari/537.36"
180.76.26.231 - - [09/Oct/2022:15:38:16 +0200] "GET /images/mini_prod/3700653507495.jpg HTTP/1.1" 200 7217 "-" "bce-sdk-python/0.8.73/3.6.8 (default, Nov 16 2020, 16:55:22) [GCC 4.8.5 20150623 (Red Hat 4.8.5-44)]/linux"
66.249.64.242 - - [09/Oct/2022:15:39:42 +0200] "GET /images/big_prod/3014627555659.jpg HTTP/1.1" 200 126779 "-" "Googlebot-Image/1.0"
24.177.104.168 - - [09/Oct/2022:15:40:31 +0200] "GET /images/mini_prod/5018997621738.jpg HTTP/1.1" 200 7210 "-" "Mozilla/5.0 (X11; Ubuntu; Linux x86_64; rv:72.0) Gecko/20100101 Firefox/72.0"
173.252.83.9 - - [09/Oct/2022:15:41:15 +0200] "GET /images/mini_prod/4029811278442.jpg HTTP/1.1" 200 9983 "-" "facebookexternalhit/1.1 (+http://www.facebook.com/externalhit_uatext.php)"
185.191.171.11 - - [09/Oct/2022:15:43:15 +0200] "GET /robots.txt HTTP/1.1" 200 2438 "-" "Mozilla/5.0 (compatible; SemrushBot/7~bl; +http://www.semrush.com/bot.html)"
5.161.133.43 - - [09/Oct/2022:15:46:24 +0200] "GET /images/mini_prod/DSCN7544.jpg HTTP/1.1" 200 6368 "-" "Mozilla/5.0 (X11; Ubuntu; Linux x86_64; rv:72.0) Gecko/20100101 Firefox/72.0"
173.252.83.5 - - [09/Oct/2022:15:46:41 +0200] "GET /images/mini_prod/3662468005507.jpg HTTP/1.1" 200 9998 "-" "facebookexternalhit/1.1 (+http://www.facebook.com/externalhit_uatext.php)"
207.46.13.149 - - [09/Oct/2022:15:47:00 +0200] "GET /images/big_prod/3609810065055.jpg HTTP/1.1" 200 123989 "-" "Mozilla/5.0 (compatible; bingbot/2.0; +http://www.bing.com/bingbot.htm)"
5.161.133.43 - - [09/Oct/2022:15:49:08 +0200] "GET /images/mini_prod/5027417019895.jpg HTTP/1.1" 200 6347 "-" "Mozilla/5.0 (X11; Ubuntu; Linux x86_64; rv:72.0) Gecko/20100101 Firefox/72.0"
173.252.83.8 - - [09/Oct/2022:15:49:48 +0200] "GET /images/mini_prod/3014627889358N.jpg HTTP/1.1" 200 2897 "-" "facebookexternalhit/1.1 (+http://www.facebook.com/externalhit_uatext.php)"
173.252.83.9 - - [09/Oct/2022:15:49:53 +0200] "GET /images/mini_prod/8422015460457.jpg HTTP/1.1" 200 4274 "-" "facebookexternalhit/1.1 (+http://www.facebook.com/externalhit_uatext.php)"
66.249.64.242 - - [09/Oct/2022:15:50:55 +0200] "GET /images/big_prod/8433933179376.jpg HTTP/1.1" 200 79757 "-" "Googlebot-Image/1.0"
5.161.133.43 - - [09/Oct/2022:15:52:44 +0200] "GET /images/mini_prod/5036278061592.jpg HTTP/1.1" 200 10177 "-" "Mozilla/5.0 (X11; Ubuntu; Linux x86_64; rv:72.0) Gecko/20100101 Firefox/72.0"
173.252.83.22 - - [09/Oct/2022:15:53:39 +0200] "GET /images/mini_prod/3438100224151NN.jpg HTTP/1.1" 200 3045 "-" "facebookexternalhit/1.1 (+http://www.facebook.com/externalhit_uatext.php)"
173.252.83.118 - - [09/Oct/2022:15:53:52 +0200] "GET /images/mini_prod/8422009014604.jpg HTTP/1.1" 200 6311 "-" "facebookexternalhit/1.1 (+http://www.facebook.com/externalhit_uatext.php)"
47.94.243.250 - - [09/Oct/2022:15:54:19 +0200] "GET /images/mini_prod/1399984264270.jpg HTTP/1.1" 200 7599 "-" "Mozilla/5.0 (Macintosh; Intel Mac OS X 10_15_7) AppleWebKit/537.36 (KHTML, like Gecko) Chrome/105.0.0.0 Safari/537.36"
5.161.133.43 - - [09/Oct/2022:15:54:20 +0200] "GET /images/mini_prod/3438100336533.jpg HTTP/1.1" 200 8041 "-" "Mozilla/5.0 (X11; Ubuntu; Linux x86_64; rv:72.0) Gecko/20100101 Firefox/72.0"
173.252.83.2 - - [09/Oct/2022:15:54:44 +0200] "GET /images/mini_prod/Soustassebonbon.jpg HTTP/1.1" 200 12263 "-" "facebookexternalhit/1.1 (+http://www.facebook.com/externalhit_uatext.php)"
66.249.64.244 - - [09/Oct/2022:15:57:13 +0200] "GET /images/mini_prod/3700281664096A.jpg HTTP/1.1" 200 12201 "-" "Googlebot-Image/1.0"
173.252.83.16 - - [09/Oct/2022:15:57:15 +0200] "GET /images/mini_prod/4036113101224.jpg HTTP/1.1" 200 8851 "-" "facebookexternalhit/1.1 (+http://www.facebook.com/externalhit_uatext.php)"
163.220.128.41 - - [09/Oct/2022:15:57:19 +0200] "GET /images/mini_prod/8422088196079A.jpg HTTP/1.1" 200 11126 "-" "Mozilla/5.0 (X11; Ubuntu; Linux x86_64; rv:72.0) Gecko/20100101 Firefox/72.0"
114.119.137.45 - - [09/Oct/2022:15:58:58 +0200] "GET /images/mini_prod/4029825005812.jpg HTTP/1.1" 200 5546 "http://www.wonder-geek.com/diffuser-of-perfume-and-essential-oils-c-231_162.html?page=2" "Mozilla/5.0 (Linux; Android 7.0;) AppleWebKit/537.36 (KHTML, like Gecko) Mobile Safari/537.36 (compatible; PetalBot;+https://webmaster.petalsearch.com/site/petalbot)"
173.252.83.18 - - [09/Oct/2022:15:59:20 +0200] "GET /images/mini_prod/8422024811110.jpg HTTP/1.1" 200 9149 "-" "facebookexternalhit/1.1 (+http://www.facebook.com/externalhit_uatext.php)"
66.249.64.242 - - [09/Oct/2022:16:00:54 +0200] "GET /images/big_prod_1/3700281647860a.jpg HTTP/1.1" 200 128809 "-" "Googlebot-Image/1.0"
173.252.83.8 - - [09/Oct/2022:16:01:15 +0200] "GET /images/mini_prod/V1186747041830.jpg HTTP/1.1" 200 9471 "-" "facebookexternalhit/1.1 (+http://www.facebook.com/externalhit_uatext.php)"
47.94.243.250 - - [09/Oct/2022:16:02:07 +0200] "GET /images/mini_prod/8422019609067.jpg HTTP/1.1" 200 6729 "-" "Mozilla/5.0 (Macintosh; Intel Mac OS X 10_15_7) AppleWebKit/537.36 (KHTML, like Gecko) Chrome/105.0.0.0 Safari/537.36"
173.252.83.119 - - [09/Oct/2022:16:02:10 +0200] "GET /images/mini_prod/3609810037731a.jpg HTTP/1.1" 200 3294 "-" "facebookexternalhit/1.1 (+http://www.facebook.com/externalhit_uatext.php)"
185.191.171.17 - - [09/Oct/2022:16:04:02 +0200] "GET /robots.txt HTTP/1.1" 200 2438 "-" "Mozilla/5.0 (compatible; SemrushBot/7~bl; +http://www.semrush.com/bot.html)"
47.94.243.250 - - [09/Oct/2022:16:04:06 +0200] "GET /images/mini_prod/4036113162157.jpg HTTP/1.1" 200 7121 "-" "Mozilla/5.0 (Macintosh; Intel Mac OS X 10_15_7) AppleWebKit/537.36 (KHTML, like Gecko) Chrome/105.0.0.0 Safari/537.36"
43.130.59.85 - - [09/Oct/2022:16:05:03 +0200] "GET /images/mini_prod/1399984234747.jpg HTTP/1.1" 200 10333 "-" "Mozilla/5.0 (X11; Ubuntu; Linux x86_64; rv:72.0) Gecko/20100101 Firefox/72.0"
47.94.243.250 - - [09/Oct/2022:16:05:19 +0200] "GET /images/mini_prod/1399984257043.jpg HTTP/1.1" 200 5962 "-" "Mozilla/5.0 (Macintosh; Intel Mac OS X 10_15_7) AppleWebKit/537.36 (KHTML, like Gecko) Chrome/105.0.0.0 Safari/537.36"
173.252.83.119 - - [09/Oct/2022:16:08:26 +0200] "GET /images/mini_prod/5415203820280.jpg HTTP/1.1" 200 5317 "-" "facebookexternalhit/1.1 (+http://www.facebook.com/externalhit_uatext.php)"
173.252.83.4 - - [09/Oct/2022:16:08:39 +0200] "GET /images/mini_prod/3519570204031.jpg HTTP/1.1" 200 8527 "-" "facebookexternalhit/1.1 (+http://www.facebook.com/externalhit_uatext.php)"
137.189.33.1 - - [09/Oct/2022:16:09:55 +0200] "GET /images/mini_prod/1020322216650.jpg HTTP/1.1" 200 6744 "-" "python-requests/2.25.1"
114.119.133.245 - - [09/Oct/2022:16:11:32 +0200] "GET /images/big_prod/3520071688244.jpg HTTP/1.1" 200 88589 "http://www.wonder-geek.com/ceramic-flower-pot-p-53367.html" "Mozilla/5.0 (Linux; Android 7.0;) AppleWebKit/537.36 (KHTML, like Gecko) Mobile Safari/537.36 (compatible; PetalBot;+https://webmaster.petalsearch.com/site/petalbot)"
47.94.243.250 - - [09/Oct/2022:16:13:57 +0200] "GET /images/mini_prod/8424001505364.jpg HTTP/1.1" 200 5162 "-" "Mozilla/5.0 (Macintosh; Intel Mac OS X 10_15_7) AppleWebKit/537.36 (KHTML, like Gecko) Chrome/105.0.0.0 Safari/537.36"
114.119.137.45 - - [09/Oct/2022:16:15:13 +0200] "GET /images/mini_prod/3700572739526B.jpg HTTP/1.1" 200 7261 "http://www.wonder-geek.com/glasses-drinking-c-12_62.html?page=2" "Mozilla/5.0 (Linux; Android 7.0;) AppleWebKit/537.36 (KHTML, like Gecko) Mobile Safari/537.36 (compatible; PetalBot;+https://webmaster.petalsearch.com/site/petalbot)"
216.244.66.242 - - [09/Oct/2022:16:17:03 +0200] "GET /robots.txt HTTP/1.1" 200 2438 "-" "Mozilla/5.0 (compatible; DotBot/1.2; +https://opensiteexplorer.org/dotbot; help@moz.com)"
163.220.128.41 - - [09/Oct/2022:16:17:09 +0200] "GET /images/mini_prod/3560600289979.jpg HTTP/1.1" 200 9709 "-" "Mozilla/5.0 (X11; Ubuntu; Linux x86_64; rv:72.0) Gecko/20100101 Firefox/72.0"
54.36.148.143 - - [09/Oct/2022:16:17:58 +0200] "GET /images/634482306635.jpg HTTP/1.1" 200 31606 "-" "Mozilla/5.0 (compatible; AhrefsBot/7.0; +http://ahrefs.com/robot/)"
173.252.83.19 - - [09/Oct/2022:16:21:36 +0200] "GET /images/mini_prod/9316188054027.jpg HTTP/1.1" 200 5748 "-" "facebookexternalhit/1.1 (+http://www.facebook.com/externalhit_uatext.php)"
66.249.64.242 - - [09/Oct/2022:16:23:15 +0200] "GET /images/big_prod/4260082936963.jpg HTTP/1.1" 200 142517 "-" "Googlebot-Image/1.0"
5.161.133.43 - - [09/Oct/2022:16:23:45 +0200] "GET /images/mini_prod/5036278051203.jpg HTTP/1.1" 200 10437 "-" "Mozilla/5.0 (X11; Ubuntu; Linux x86_64; rv:72.0) Gecko/20100101 Firefox/72.0"
185.191.171.40 - - [09/Oct/2022:16:24:16 +0200] "GET /robots.txt HTTP/1.1" 200 2438 "-" "Mozilla/5.0 (compatible; SemrushBot/7~bl; +http://www.semrush.com/bot.html)"
156.216.10.144 - - [09/Oct/2022:16:24:54 +0200] "GET /images/8435306246654.jpg HTTP/1.1" 200 89478 "http://www.pinterest.com/pin/570127634066389149" "Mozilla/5.0 (iPhone; CPU iPhone OS 16_0 like Mac OS X) AppleWebKit/605.1.15 (KHTML, like Gecko) Mobile/15E148 Safari/604.1 [Pinterest/iOS]"
163.220.128.41 - - [09/Oct/2022:16:25:21 +0200] "GET /images/mini_prod/8424001471454.jpg HTTP/1.1" 200 6270 "-" "Mozilla/5.0 (X11; Ubuntu; Linux x86_64; rv:72.0) Gecko/20100101 Firefox/72.0"
173.252.83.10 - - [09/Oct/2022:16:25:35 +0200] "GET /images/mini_prod/3457019600870.jpg HTTP/1.1" 200 6130 "-" "facebookexternalhit/1.1 (+http://www.facebook.com/externalhit_uatext.php)"
207.46.13.149 - - [09/Oct/2022:16:26:18 +0200] "GET /images/big_prod/3520071693798.jpg HTTP/1.1" 200 75160 "-" "Mozilla/5.0 (compatible; bingbot/2.0; +http://www.bing.com/bingbot.htm)"
66.249.64.242 - - [09/Oct/2022:16:26:34 +0200] "GET /images/big_prod/9316188070522.jpg HTTP/1.1" 200 59488 "-" "Googlebot-Image/1.0"
173.252.83.117 - - [09/Oct/2022:16:27:08 +0200] "GET /images/mini_prod/3609810091689.jpg HTTP/1.1" 200 9999 "-" "facebookexternalhit/1.1 (+http://www.facebook.com/externalhit_uatext.php)"
47.94.243.250 - - [09/Oct/2022:16:28:44 +0200] "GET /images/mini_prod/3560600277907.jpg HTTP/1.1" 200 10750 "-" "Mozilla/5.0 (Macintosh; Intel Mac OS X 10_15_7) AppleWebKit/537.36 (KHTML, like Gecko) Chrome/105.0.0.0 Safari/537.36"
216.244.66.242 - - [09/Oct/2022:16:29:33 +0200] "GET /images/3521320800325.jpg HTTP/1.1" 200 39357 "-" "Mozilla/5.0 (compatible; DotBot/1.2; +https://opensiteexplorer.org/dotbot; help@moz.com)"
163.220.128.41 - - [09/Oct/2022:16:29:39 +0200] "GET /images/mini_prod/3453131147309.jpg HTTP/1.1" 200 9638 "-" "Mozilla/5.0 (X11; Ubuntu; Linux x86_64; rv:72.0) Gecko/20100101 Firefox/72.0"
81.108.154.49 - - [09/Oct/2022:16:30:46 +0200] "GET /js/jquery.jqzoom.js HTTP/1.1" 200 4761 "http://www.wonder-geek.com/wick-ellipse-candle-heart-home-frosted-apple-spice-p-49939.html" "Mozilla/5.0 (iPhone; CPU iPhone OS 16_0 like Mac OS X) AppleWebKit/605.1.15 (KHTML, like Gecko) Version/16.0 Mobile/15E148 Safari/604.1"
81.108.154.49 - - [09/Oct/2022:16:30:46 +0200] "GET /highslide/highslide.js HTTP/1.1" 200 42909 "http://www.wonder-geek.com/wick-ellipse-candle-heart-home-frosted-apple-spice-p-49939.html" "Mozilla/5.0 (iPhone; CPU iPhone OS 16_0 like Mac OS X) AppleWebKit/605.1.15 (KHTML, like Gecko) Version/16.0 Mobile/15E148 Safari/604.1"
81.108.154.49 - - [09/Oct/2022:16:30:46 +0200] "GET /templates/Pixame_v1/stylesheet.css HTTP/1.1" 200 56057 "http://www.wonder-geek.com/wick-ellipse-candle-heart-home-frosted-apple-spice-p-49939.html" "Mozilla/5.0 (iPhone; CPU iPhone OS 16_0 like Mac OS X) AppleWebKit/605.1.15 (KHTML, like Gecko) Version/16.0 Mobile/15E148 Safari/604.1"
81.108.154.49 - - [09/Oct/2022:16:30:46 +0200] "GET /mondial_relay/js/jquery-1.3.2.min.js HTTP/1.1" 200 57254 "http://www.wonder-geek.com/wick-ellipse-candle-heart-home-frosted-apple-spice-p-49939.html" "Mozilla/5.0 (iPhone; CPU iPhone OS 16_0 like Mac OS X) AppleWebKit/605.1.15 (KHTML, like Gecko) Version/16.0 Mobile/15E148 Safari/604.1"
81.108.154.49 - - [09/Oct/2022:16:30:46 +0200] "GET /js/jquery.js HTTP/1.1" 200 54075 "http://www.wonder-geek.com/wick-ellipse-candle-heart-home-frosted-apple-spice-p-49939.html" "Mozilla/5.0 (iPhone; CPU iPhone OS 16_0 like Mac OS X) AppleWebKit/605.1.15 (KHTML, like Gecko) Version/16.0 Mobile/15E148 Safari/604.1"
81.108.154.49 - - [09/Oct/2022:16:30:46 +0200] "GET /templates/Pixame_v1/images/icon_accueil2.png HTTP/1.1" 200 1137 "http://www.wonder-geek.com/wick-ellipse-candle-heart-home-frosted-apple-spice-p-49939.html" "Mozilla/5.0 (iPhone; CPU iPhone OS 16_0 like Mac OS X) AppleWebKit/605.1.15 (KHTML, like Gecko) Version/16.0 Mobile/15E148 Safari/604.1"
81.108.154.49 - - [09/Oct/2022:16:30:46 +0200] "GET /images/big_prod/5051276344560.jpg HTTP/1.1" 200 87783 "http://www.wonder-geek.com/wick-ellipse-candle-heart-home-frosted-apple-spice-p-49939.html" "Mozilla/5.0 (iPhone; CPU iPhone OS 16_0 like Mac OS X) AppleWebKit/605.1.15 (KHTML, like Gecko) Version/16.0 Mobile/15E148 Safari/604.1"
81.108.154.49 - - [09/Oct/2022:16:30:46 +0200] "GET /images/big_prod_1/b5051276344560.jpg HTTP/1.1" 200 89421 "http://www.wonder-geek.com/wick-ellipse-candle-heart-home-frosted-apple-spice-p-49939.html" "Mozilla/5.0 (iPhone; CPU iPhone OS 16_0 like Mac OS X) AppleWebKit/605.1.15 (KHTML, like Gecko) Version/16.0 Mobile/15E148 Safari/604.1"
81.108.154.49 - - [09/Oct/2022:16:30:46 +0200] "GET /templates/Pixame_v1/images/buttons/english/button_in_cart.gif HTTP/1.1" 200 1212 "http://www.wonder-geek.com/wick-ellipse-candle-heart-home-frosted-apple-spice-p-49939.html" "Mozilla/5.0 (iPhone; CPU iPhone OS 16_0 like Mac OS X) AppleWebKit/605.1.15 (KHTML, like Gecko) Version/16.0 Mobile/15E148 Safari/604.1"
81.108.154.49 - - [09/Oct/2022:16:30:46 +0200] "GET /templates/Pixame_v1/images/nav.png HTTP/1.1" 200 1283 "http://www.wonder-geek.com/wick-ellipse-candle-heart-home-frosted-apple-spice-p-49939.html" "Mozilla/5.0 (iPhone; CPU iPhone OS 16_0 like Mac OS X) AppleWebKit/605.1.15 (KHTML, like Gecko) Version/16.0 Mobile/15E148 Safari/604.1"
81.108.154.49 - - [09/Oct/2022:16:30:46 +0200] "GET /templates/Pixame_v1/images/header.png HTTP/1.1" 200 70245 "http://www.wonder-geek.com/wick-ellipse-candle-heart-home-frosted-apple-spice-p-49939.html" "Mozilla/5.0 (iPhone; CPU iPhone OS 16_0 like Mac OS X) AppleWebKit/605.1.15 (KHTML, like Gecko) Version/16.0 Mobile/15E148 Safari/604.1"
81.108.154.49 - - [09/Oct/2022:16:30:46 +0200] "GET /templates/Pixame_v1/images/Bottom_texture.jpg HTTP/1.1" 200 56290 "http://www.wonder-geek.com/wick-ellipse-candle-heart-home-frosted-apple-spice-p-49939.html" "Mozilla/5.0 (iPhone; CPU iPhone OS 16_0 like Mac OS X) AppleWebKit/605.1.15 (KHTML, like Gecko) Version/16.0 Mobile/15E148 Safari/604.1"
81.108.154.49 - - [09/Oct/2022:16:30:46 +0200] "GET /design/productsenstock.png HTTP/1.1" 200 4743 "http://www.wonder-geek.com/wick-ellipse-candle-heart-home-frosted-apple-spice-p-49939.html" "Mozilla/5.0 (iPhone; CPU iPhone OS 16_0 like Mac OS X) AppleWebKit/605.1.15 (KHTML, like Gecko) Version/16.0 Mobile/15E148 Safari/604.1"
81.108.154.49 - - [09/Oct/2022:16:30:46 +0200] "GET /templates/Pixame_v1/images/header-object.png HTTP/1.1" 200 106050 "http://www.wonder-geek.com/wick-ellipse-candle-heart-home-frosted-apple-spice-p-49939.html" "Mozilla/5.0 (iPhone; CPU iPhone OS 16_0 like Mac OS X) AppleWebKit/605.1.15 (KHTML, like Gecko) Version/16.0 Mobile/15E148 Safari/604.1"
81.108.154.49 - - [09/Oct/2022:16:30:46 +0200] "GET /templates/Pixame_v1/images/Middle_texture.jpg HTTP/1.1" 200 249620 "http://www.wonder-geek.com/wick-ellipse-candle-heart-home-frosted-apple-spice-p-49939.html" "Mozilla/5.0 (iPhone; CPU iPhone OS 16_0 like Mac OS X) AppleWebKit/605.1.15 (KHTML, like Gecko) Version/16.0 Mobile/15E148 Safari/604.1"
81.108.154.49 - - [09/Oct/2022:16:30:46 +0200] "GET /highslide/graphics/outlines/drop-shadow.png HTTP/1.1" 200 2022 "http://www.wonder-geek.com/wick-ellipse-candle-heart-home-frosted-apple-spice-p-49939.html" "Mozilla/5.0 (iPhone; CPU iPhone OS 16_0 like Mac OS X) AppleWebKit/605.1.15 (KHTML, like Gecko) Version/16.0 Mobile/15E148 Safari/604.1"
47.94.243.250 - - [09/Oct/2022:16:30:47 +0200] "GET /images/mini_prod/1384010206966.jpg HTTP/1.1" 200 8895 "-" "Mozilla/5.0 (Macintosh; Intel Mac OS X 10_15_7) AppleWebKit/537.36 (KHTML, like Gecko) Chrome/105.0.0.0 Safari/537.36"
81.108.154.49 - - [09/Oct/2022:16:30:47 +0200] "GET /favicon.ico HTTP/1.1" 200 1591 "http://www.wonder-geek.com/wick-ellipse-candle-heart-home-frosted-apple-spice-p-49939.html" "Mozilla/5.0 (iPhone; CPU iPhone OS 16_0 like Mac OS X) AppleWebKit/605.1.15 (KHTML, like Gecko) Version/16.0 Mobile/15E148 Safari/604.1"
211.249.40.23 - - [09/Oct/2022:16:31:56 +0200] "GET /images/mini_prod/3700653593269.jpg HTTP/1.1" 200 6857 "-" "Mozilla/5.0 (X11; Ubuntu; Linux x86_64; rv:72.0) Gecko/20100101 Firefox/72.0"
173.252.83.1 - - [09/Oct/2022:16:33:03 +0200] "GET /images/mini_prod/3700516226396.jpg HTTP/1.1" 200 4451 "-" "facebookexternalhit/1.1 (+http://www.facebook.com/externalhit_uatext.php)"
163.220.128.41 - - [09/Oct/2022:16:33:09 +0200] "GET /images/med_prod/3662468004678.jpg HTTP/1.1" 200 73082 "-" "Mozilla/5.0 (X11; Ubuntu; Linux x86_64; rv:72.0) Gecko/20100101 Firefox/72.0"
163.220.128.41 - - [09/Oct/2022:16:34:18 +0200] "GET /images/mini_prod/8422014032839A.jpg HTTP/1.1" 200 6746 "-" "Mozilla/5.0 (X11; Ubuntu; Linux x86_64; rv:72.0) Gecko/20100101 Firefox/72.0"
192.144.198.154 - - [09/Oct/2022:16:35:35 +0200] "GET /images/mini_prod/1384010202036.jpg HTTP/1.1" 200 5583 "-" "python-requests/2.27.1"
173.252.83.117 - - [09/Oct/2022:16:35:37 +0200] "GET /images/mini_prod/3700407625444.jpg HTTP/1.1" 200 8220 "-" "facebookexternalhit/1.1 (+http://www.facebook.com/externalhit_uatext.php)"
47.94.243.250 - - [09/Oct/2022:16:35:40 +0200] "GET /images/mini_prod/8422096017632.jpg HTTP/1.1" 200 7759 "-" "Mozilla/5.0 (Macintosh; Intel Mac OS X 10_15_7) AppleWebKit/537.36 (KHTML, like Gecko) Chrome/105.0.0.0 Safari/537.36"
17.121.115.111 - - [09/Oct/2022:16:38:19 +0200] "GET /images/mini_prod/8445146010438.jpg HTTP/1.1" 200 2928 "-" "Mozilla/5.0 (Macintosh; Intel Mac OS X 10_15_5) AppleWebKit/605.1.15 (KHTML, like Gecko) Version/13.1.1 Safari/605.1.15 (Applebot/0.1; +http://www.apple.com/go/applebot)"
173.252.83.120 - - [09/Oct/2022:16:38:37 +0200] "GET /images/mini_prod/8422024203007.jpg HTTP/1.1" 200 8182 "-" "facebookexternalhit/1.1 (+http://www.facebook.com/externalhit_uatext.php)"
173.252.83.116 - - [09/Oct/2022:16:39:41 +0200] "GET /images/mini_prod/1399984263099.jpg HTTP/1.1" 200 10783 "-" "facebookexternalhit/1.1 (+http://www.facebook.com/externalhit_uatext.php)"
173.252.83.22 - - [09/Oct/2022:16:42:11 +0200] "GET /images/mini_prod/1399984227305.jpg HTTP/1.1" 200 11411 "-" "facebookexternalhit/1.1 (+http://www.facebook.com/externalhit_uatext.php)"
24.177.104.168 - - [09/Oct/2022:16:42:14 +0200] "GET /images/big_prod_1/028399270163c.jpg HTTP/1.1" 200 114804 "-" "Mozilla/5.0 (X11; Ubuntu; Linux x86_64; rv:72.0) Gecko/20100101 Firefox/72.0"
207.46.13.149 - - [09/Oct/2022:16:42:21 +0200] "GET /images/mini_prod/8422020024514C.jpg HTTP/1.1" 200 5885 "-" "Mozilla/5.0 (compatible; bingbot/2.0; +http://www.bing.com/bingbot.htm)"
185.191.171.8 - - [09/Oct/2022:16:42:39 +0200] "GET /robots.txt HTTP/1.1" 200 2438 "-" "Mozilla/5.0 (compatible; SemrushBot/7~bl; +http://www.semrush.com/bot.html)"
77.88.5.245 - - [09/Oct/2022:16:43:09 +0200] "GET /images/1341689750626.jpg HTTP/1.1" 304 0 "-" "Mozilla/5.0 (compatible; YandexImages/3.0; +http://yandex.com/bots)"
173.252.83.19 - - [09/Oct/2022:16:43:10 +0200] "GET /images/mini_prod/3519570206028.jpg HTTP/1.1" 200 6001 "-" "facebookexternalhit/1.1 (+http://www.facebook.com/externalhit_uatext.php)"
173.252.83.12 - - [09/Oct/2022:16:43:46 +0200] "GET /images/mini_prod/3565750306743.jpg HTTP/1.1" 200 9938 "-" "facebookexternalhit/1.1 (+http://www.facebook.com/externalhit_uatext.php)"
173.252.83.11 - - [09/Oct/2022:16:43:57 +0200] "GET /images/mini_prod/3560600303088.jpg HTTP/1.1" 200 12557 "-" "facebookexternalhit/1.1 (+http://www.facebook.com/externalhit_uatext.php)"
173.252.83.4 - - [09/Oct/2022:16:44:30 +0200] "GET /images/mini_prod/4007176121870.jpg HTTP/1.1" 200 8008 "-" "facebookexternalhit/1.1 (+http://www.facebook.com/externalhit_uatext.php)"
173.252.83.7 - - [09/Oct/2022:16:46:20 +0200] "GET /images/mini_prod/8422010439281.jpg HTTP/1.1" 200 8644 "-" "facebookexternalhit/1.1 (+http://www.facebook.com/externalhit_uatext.php)"
173.252.83.3 - - [09/Oct/2022:16:46:33 +0200] "GET /images/mini_prod/3418179830040a.jpg HTTP/1.1" 200 4099 "-" "facebookexternalhit/1.1 (+http://www.facebook.com/externalhit_uatext.php)"
207.46.13.138 - - [09/Oct/2022:16:46:49 +0200] "GET /images/1399984247327.gif HTTP/1.1" 200 83841 "-" "Mozilla/5.0 (compatible; bingbot/2.0; +http://www.bing.com/bingbot.htm)"
173.252.83.3 - - [09/Oct/2022:16:47:14 +0200] "GET /images/mini_prod/220108_162618_PEEL_vx2d7w.jpg HTTP/1.1" 200 22785 "-" "facebookexternalhit/1.1 (+http://www.facebook.com/externalhit_uatext.php)"
66.249.64.244 - - [09/Oct/2022:16:47:19 +0200] "GET /images/big_prod/3700516271341.jpg HTTP/1.1" 200 106896 "-" "Googlebot-Image/1.0"
182.160.3.39 - - [09/Oct/2022:16:48:23 +0200] "GET /images/mini_prod/8719497613670.jpg HTTP/1.1" 200 6439 "-" "Mozilla/5.0 (Windows NT 10.0; Win64; x64) AppleWebKit/537.36 (KHTML, like Gecko) Chrome/54.0.2840.99 Safari/537.36"
173.252.83.19 - - [09/Oct/2022:16:48:39 +0200] "GET /images/mini_prod/8422031154132.jpg HTTP/1.1" 200 4891 "-" "facebookexternalhit/1.1 (+http://www.facebook.com/externalhit_uatext.php)"
173.252.83.116 - - [09/Oct/2022:16:49:09 +0200] "GET /images/mini_prod/1384010183342.jpg HTTP/1.1" 200 7126 "-" "facebookexternalhit/1.1 (+http://www.facebook.com/externalhit_uatext.php)"
114.119.137.3 - - [09/Oct/2022:16:51:54 +0200] "GET /images/big_prod/8718317848094.jpg HTTP/1.1" 200 141654 "http://www.wonder-geek.com/gray-gold-cement-flower-cover-p-58285.html" "Mozilla/5.0 (Linux; Android 7.0;) AppleWebKit/537.36 (KHTML, like Gecko) Mobile Safari/537.36 (compatible; PetalBot;+https://webmaster.petalsearch.com/site/petalbot)"
47.94.243.250 - - [09/Oct/2022:16:53:16 +0200] "GET /images/4005221.jpg HTTP/1.1" 200 19340 "-" "Mozilla/5.0 (Macintosh; Intel Mac OS X 10_15_7) AppleWebKit/537.36 (KHTML, like Gecko) Chrome/105.0.0.0 Safari/537.36"
47.94.243.250 - - [09/Oct/2022:16:54:42 +0200] "GET /images/mini_prod/3565750263770.jpg HTTP/1.1" 200 13920 "-" "Mozilla/5.0 (Macintosh; Intel Mac OS X 10_15_7) AppleWebKit/537.36 (KHTML, like Gecko) Chrome/105.0.0.0 Safari/537.36"
66.249.64.242 - - [09/Oct/2022:16:57:14 +0200] "GET /images/mini_prod/8422054020001B.jpg HTTP/1.1" 200 4054 "-" "Googlebot-Image/1.0"
173.252.83.20 - - [09/Oct/2022:16:57:55 +0200] "GET /images/mini_prod/8433933189771.jpg HTTP/1.1" 200 13266 "-" "facebookexternalhit/1.1 (+http://www.facebook.com/externalhit_uatext.php)"
20.171.80.46 - - [09/Oct/2022:17:00:32 +0200] "GET /images/3609810023833.jpg HTTP/1.1" 200 96820 "-" "Mozilla/5.0 (Macintosh; U; Intel Mac OS X 10_6_0; en-US) AppleWebKit/532.0 (KHTML, like Gecko) Chrome/4.0.203.4 Safari/532.0"
173.252.83.17 - - [09/Oct/2022:17:00:45 +0200] "GET /images/mini_prod/3560600291859.jpg HTTP/1.1" 200 6236 "-" "facebookexternalhit/1.1 (+http://www.facebook.com/externalhit_uatext.php)"
185.191.171.11 - - [09/Oct/2022:17:01:35 +0200] "GET /robots.txt HTTP/1.1" 200 2438 "-" "Mozilla/5.0 (compatible; SemrushBot/7~bl; +http://www.semrush.com/bot.html)"
157.55.39.28 - - [09/Oct/2022:17:03:04 +0200] "GET /images/1399984264867.jpg HTTP/1.1" 200 118003 "-" "Mozilla/5.0 (compatible; bingbot/2.0; +http://www.bing.com/bingbot.htm)"
114.119.133.245 - - [09/Oct/2022:17:05:57 +0200] "GET /images/mini_prod/8422000867414A.jpg HTTP/1.1" 200 3806 "http://www.wonder-geek.com/home-decoration-c-13.html?page=169" "Mozilla/5.0 (Linux; Android 7.0;) AppleWebKit/537.36 (KHTML, like Gecko) Mobile Safari/537.36 (compatible; PetalBot;+https://webmaster.petalsearch.com/site/petalbot)"
173.252.83.1 - - [09/Oct/2022:17:08:47 +0200] "GET /images/mini_prod/3503420145865.jpg HTTP/1.1" 200 7707 "-" "facebookexternalhit/1.1 (+http://www.facebook.com/externalhit_uatext.php)"
163.220.128.41 - - [09/Oct/2022:17:10:01 +0200] "GET /images/mini_prod/8422019609036.jpg HTTP/1.1" 200 7400 "-" "Mozilla/5.0 (X11; Ubuntu; Linux x86_64; rv:72.0) Gecko/20100101 Firefox/72.0"
216.244.66.242 - - [09/Oct/2022:17:10:52 +0200] "GET /robots.txt HTTP/1.1" 200 2438 "-" "Mozilla/5.0 (compatible; DotBot/1.2; +https://opensiteexplorer.org/dotbot; help@moz.com)"
152.136.128.182 - - [09/Oct/2022:17:12:11 +0200] "GET /images/mini_prod/3032160280258.jpg HTTP/1.1" 200 7569 "-" "python-requests/2.27.1"
66.249.64.244 - - [09/Oct/2022:17:14:19 +0200] "GET /images/big_prod_1/8718375750971b.jpg HTTP/1.1" 200 72618 "-" "Googlebot-Image/1.0"
147.92.153.8 - - [09/Oct/2022:17:15:14 +0200] "GET /images/big_prod/8424346352654.jpg HTTP/1.1" 200 61057 "-" "Mozilla/5.0 (compatible; Linespider/1.1; +https://lin.ee/4dwXkTH)"
173.252.83.120 - - [09/Oct/2022:17:15:25 +0200] "GET /images/mini_prod/8433933125311.jpg HTTP/1.1" 200 4524 "-" "facebookexternalhit/1.1 (+http://www.facebook.com/externalhit_uatext.php)"
163.220.128.41 - - [09/Oct/2022:17:16:45 +0200] "GET /images/mini_prod/D5411217321171.jpg HTTP/1.1" 200 8547 "-" "Mozilla/5.0 (X11; Ubuntu; Linux x86_64; rv:72.0) Gecko/20100101 Firefox/72.0"
173.252.83.17 - - [09/Oct/2022:17:19:05 +0200] "GET /images/mini_prod/8409810063816.jpg HTTP/1.1" 200 5560 "-" "facebookexternalhit/1.1 (+http://www.facebook.com/externalhit_uatext.php)"
66.249.64.244 - - [09/Oct/2022:17:20:50 +0200] "GET /images/big_prod_2/5404006047499C.jpg HTTP/1.1" 200 43247 "-" "Googlebot-Image/1.0"
173.252.83.17 - - [09/Oct/2022:17:21:50 +0200] "GET /images/mini_prod/8422064978651.jpg HTTP/1.1" 200 2970 "-" "facebookexternalhit/1.1 (+http://www.facebook.com/externalhit_uatext.php)"
66.249.64.242 - - [09/Oct/2022:17:22:29 +0200] "GET /images/big_prod/3520071678467.jpg HTTP/1.1" 200 94290 "-" "Googlebot-Image/1.0"
185.191.171.44 - - [09/Oct/2022:17:22:31 +0200] "GET /robots.txt HTTP/1.1" 200 2438 "-" "Mozilla/5.0 (compatible; SemrushBot/7~bl; +http://www.semrush.com/bot.html)"
173.252.83.13 - - [09/Oct/2022:17:24:59 +0200] "GET /images/mini_prod/3681643100752.jpg HTTP/1.1" 200 5814 "-" "facebookexternalhit/1.1 (+http://www.facebook.com/externalhit_uatext.php)"
173.252.83.118 - - [09/Oct/2022:17:25:26 +0200] "GET /images/mini_prod/1384010200476.jpg HTTP/1.1" 200 5428 "-" "facebookexternalhit/1.1 (+http://www.facebook.com/externalhit_uatext.php)"
163.220.128.41 - - [09/Oct/2022:17:26:50 +0200] "GET /images/mini_prod/1820024000003.jpg HTTP/1.1" 200 8429 "-" "Mozilla/5.0 (X11; Ubuntu; Linux x86_64; rv:72.0) Gecko/20100101 Firefox/72.0"
66.249.64.246 - - [09/Oct/2022:17:27:14 +0200] "GET /images/mini_prod/1399984220542A.jpg HTTP/1.1" 200 5769 "-" "Googlebot-Image/1.0"
173.252.83.119 - - [09/Oct/2022:17:28:02 +0200] "GET /images/mini_prod/rayerose.jpg HTTP/1.1" 200 7612 "-" "facebookexternalhit/1.1 (+http://www.facebook.com/externalhit_uatext.php)"
173.252.83.19 - - [09/Oct/2022:17:28:06 +0200] "GET /images/mini_prod/3453131143189.jpg HTTP/1.1" 200 8517 "-" "facebookexternalhit/1.1 (+http://www.facebook.com/externalhit_uatext.php)"
66.249.64.244 - - [09/Oct/2022:17:29:25 +0200] "GET /images/big_prod_1/50141424346522613A.jpg HTTP/1.1" 200 282634 "-" "Googlebot-Image/1.0"
173.252.83.8 - - [09/Oct/2022:17:30:24 +0200] "GET /images/mini_prod/8424001523276.jpg HTTP/1.1" 200 6603 "-" "facebookexternalhit/1.1 (+http://www.facebook.com/externalhit_uatext.php)"
159.138.137.41 - - [09/Oct/2022:17:30:58 +0200] "GET /images/mini_prod/5414629226935.jpg HTTP/1.1" 200 6899 "-" "Mozilla/5.0 (X11; Ubuntu; Linux x86_64; rv:72.0) Gecko/20100101 Firefox/72.0"
173.252.83.119 - - [09/Oct/2022:17:33:38 +0200] "GET /images/mini_prod/3700516221759.jpg HTTP/1.1" 200 9453 "-" "facebookexternalhit/1.1 (+http://www.facebook.com/externalhit_uatext.php)"
192.144.201.77 - - [09/Oct/2022:17:37:14 +0200] "GET /images/mini_prod/480GJ12.jpg HTTP/1.1" 200 7189 "-" "python-requests/2.27.1"
173.252.83.20 - - [09/Oct/2022:17:41:43 +0200] "GET /images/mini_prod/3281640392848.jpg HTTP/1.1" 200 5952 "-" "facebookexternalhit/1.1 (+http://www.facebook.com/externalhit_uatext.php)"
192.144.201.77 - - [09/Oct/2022:17:41:51 +0200] "GET /images/mini_prod/3553560083466.jpg HTTP/1.1" 200 8795 "-" "python-requests/2.27.1"
185.191.171.39 - - [09/Oct/2022:17:43:12 +0200] "GET /robots.txt HTTP/1.1" 200 2438 "-" "Mozilla/5.0 (compatible; SemrushBot/7~bl; +http://www.semrush.com/bot.html)"
66.249.64.246 - - [09/Oct/2022:17:44:14 +0200] "GET /images/big_prod_1/1300000023665a.jpg HTTP/1.1" 200 82404 "-" "Googlebot-Image/1.0"
18.191.220.75 - - [09/Oct/2022:17:44:51 +0200] "GET /images/mini_prod/8435333853276.jpg HTTP/1.1" 200 10332 "-" "Mozilla/5.0 (X11; Ubuntu; Linux x86_64; rv:72.0) Gecko/20100101 Firefox/72.0"
112.13.112.110 - - [09/Oct/2022:17:46:19 +0200] "GET /templates/Pixame_v1/stylesheet.css HTTP/1.1" 200 56057 "http://www.wonder-geek.com/toys-c-4_45.html" "Mozilla/5.0 (Windows NT 6.1; Win64; x64) AppleWebKit/537.36 (KHTML, like Gecko) Chrome/69.0.3497.81 YisouSpider/5.0 Safari/537.36"
159.138.137.41 - - [09/Oct/2022:17:46:22 +0200] "GET /images/mini_prod/1384000001687.jpg HTTP/1.1" 200 7839 "-" "Mozilla/5.0 (X11; Ubuntu; Linux x86_64; rv:72.0) Gecko/20100101 Firefox/72.0"
173.252.83.19 - - [09/Oct/2022:17:51:10 +0200] "GET /images/mini_prod/4029811453382.jpg HTTP/1.1" 200 7704 "-" "facebookexternalhit/1.1 (+http://www.facebook.com/externalhit_uatext.php)"
173.252.83.18 - - [09/Oct/2022:17:51:37 +0200] "GET /images/mini_prod/BB7601019993487B.jpg HTTP/1.1" 200 6423 "-" "facebookexternalhit/1.1 (+http://www.facebook.com/externalhit_uatext.php)"
66.249.64.244 - - [09/Oct/2022:17:52:25 +0200] "GET /images/big_prod_1/8445146023971B.jpg HTTP/1.1" 200 165219 "-" "Googlebot-Image/1.0"
66.249.64.244 - - [09/Oct/2022:17:55:10 +0200] "GET /robots.txt HTTP/1.1" 200 2438 "-" "Mozilla/5.0 (compatible; Googlebot/2.1; +http://www.google.com/bot.html)"
173.252.83.1 - - [09/Oct/2022:17:55:25 +0200] "GET /images/mini_prod/8003990631829.jpg HTTP/1.1" 200 8433 "-" "facebookexternalhit/1.1 (+http://www.facebook.com/externalhit_uatext.php)"
207.46.13.149 - - [09/Oct/2022:17:55:26 +0200] "GET /images/1341689435295.jpg HTTP/1.1" 200 170758 "-" "Mozilla/5.0 (compatible; bingbot/2.0; +http://www.bing.com/bingbot.htm)"
173.252.83.4 - - [09/Oct/2022:17:58:11 +0200] "GET /images/mini_prod/8422056789838.jpg HTTP/1.1" 200 8457 "-" "facebookexternalhit/1.1 (+http://www.facebook.com/externalhit_uatext.php)"
47.94.243.250 - - [09/Oct/2022:17:58:13 +0200] "GET /images/mini_prod/3700276281796.jpg HTTP/1.1" 200 8279 "-" "Mozilla/5.0 (Macintosh; Intel Mac OS X 10_15_7) AppleWebKit/537.36 (KHTML, like Gecko) Chrome/105.0.0.0 Safari/537.36"
173.252.83.117 - - [09/Oct/2022:18:01:30 +0200] "GET /images/mini_prod/J1399984249246.jpg HTTP/1.1" 200 7855 "-" "facebookexternalhit/1.1 (+http://www.facebook.com/externalhit_uatext.php)"
216.244.66.242 - - [09/Oct/2022:18:01:55 +0200] "GET /robots.txt HTTP/1.1" 200 2438 "-" "Mozilla/5.0 (compatible; DotBot/1.2; +https://opensiteexplorer.org/dotbot; help@moz.com)"
173.252.83.11 - - [09/Oct/2022:18:01:55 +0200] "GET /images/mini_prod/3503420088773.jpg HTTP/1.1" 200 6182 "-" "facebookexternalhit/1.1 (+http://www.facebook.com/externalhit_uatext.php)"
47.94.243.250 - - [09/Oct/2022:18:02:42 +0200] "GET /images/mini_prod/1399984280003.jpg HTTP/1.1" 200 6672 "-" "Mozilla/5.0 (Macintosh; Intel Mac OS X 10_15_7) AppleWebKit/537.36 (KHTML, like Gecko) Chrome/105.0.0.0 Safari/537.36"
173.252.83.9 - - [09/Oct/2022:18:03:52 +0200] "GET /images/mini_prod/3014627556113.jpg HTTP/1.1" 200 4542 "-" "facebookexternalhit/1.1 (+http://www.facebook.com/externalhit_uatext.php)"
180.76.26.214 - - [09/Oct/2022:18:04:16 +0200] "GET /images/mini_prod/4029811313853.jpg HTTP/1.1" 200 8680 "-" "bce-sdk-python/0.8.73/3.6.8 (default, Nov 16 2020, 16:55:22) [GCC 4.8.5 20150623 (Red Hat 4.8.5-44)]/linux"
18.191.220.75 - - [09/Oct/2022:18:05:09 +0200] "GET /images/mini_prod/3660173143606.jpg HTTP/1.1" 200 6498 "-" "Mozilla/5.0 (X11; Ubuntu; Linux x86_64; rv:72.0) Gecko/20100101 Firefox/72.0"
185.191.171.5 - - [09/Oct/2022:18:05:21 +0200] "GET /robots.txt HTTP/1.1" 200 2438 "-" "Mozilla/5.0 (compatible; SemrushBot/7~bl; +http://www.semrush.com/bot.html)"
66.249.64.242 - - [09/Oct/2022:18:06:02 +0200] "GET /images/med_prod/8718291503088.jpg HTTP/1.1" 200 94262 "-" "Googlebot-Image/1.0"
152.136.123.61 - - [09/Oct/2022:18:07:21 +0200] "GET /images/3438100339879.jpg HTTP/1.1" 200 23159 "-" "python-requests/2.27.1"
152.136.123.61 - - [09/Oct/2022:18:07:44 +0200] "GET /images/mini_prod/1399984242629.jpg HTTP/1.1" 200 7800 "-" "python-requests/2.27.1"
47.94.243.250 - - [09/Oct/2022:18:07:57 +0200] "GET /images/mini_prod/3684225058250.jpg HTTP/1.1" 200 7554 "-" "Mozilla/5.0 (Macintosh; Intel Mac OS X 10_15_7) AppleWebKit/537.36 (KHTML, like Gecko) Chrome/105.0.0.0 Safari/537.36"
173.252.83.12 - - [09/Oct/2022:18:08:02 +0200] "GET /images/mini_prod/3014627769278.jpg HTTP/1.1" 200 6606 "-" "facebookexternalhit/1.1 (+http://www.facebook.com/externalhit_uatext.php)"
146.168.226.254 - - [09/Oct/2022:18:11:48 +0200] "GET /js/jquery.jqzoom.js HTTP/1.1" 200 4761 "http://www.wonder-geek.com/lover-pouch-kiub-collection-p-54784.html" "Mozilla/5.0 (iPad; CPU OS 15_6 like Mac OS X) AppleWebKit/605.1.15 (KHTML, like Gecko) CriOS/106.0.5249.92 Mobile/15E148 Safari/604.1"
146.168.226.254 - - [09/Oct/2022:18:11:48 +0200] "GET /highslide/highslide.js HTTP/1.1" 200 42909 "http://www.wonder-geek.com/lover-pouch-kiub-collection-p-54784.html" "Mozilla/5.0 (iPad; CPU OS 15_6 like Mac OS X) AppleWebKit/605.1.15 (KHTML, like Gecko) CriOS/106.0.5249.92 Mobile/15E148 Safari/604.1"
146.168.226.254 - - [09/Oct/2022:18:11:48 +0200] "GET /templates/Pixame_v1/stylesheet.css HTTP/1.1" 200 56057 "http://www.wonder-geek.com/lover-pouch-kiub-collection-p-54784.html" "Mozilla/5.0 (iPad; CPU OS 15_6 like Mac OS X) AppleWebKit/605.1.15 (KHTML, like Gecko) CriOS/106.0.5249.92 Mobile/15E148 Safari/604.1"
146.168.226.254 - - [09/Oct/2022:18:11:48 +0200] "GET /mondial_relay/js/jquery-1.3.2.min.js HTTP/1.1" 200 57254 "http://www.wonder-geek.com/lover-pouch-kiub-collection-p-54784.html" "Mozilla/5.0 (iPad; CPU OS 15_6 like Mac OS X) AppleWebKit/605.1.15 (KHTML, like Gecko) CriOS/106.0.5249.92 Mobile/15E148 Safari/604.1"
146.168.226.254 - - [09/Oct/2022:18:11:48 +0200] "GET /js/jquery.js HTTP/1.1" 200 54075 "http://www.wonder-geek.com/lover-pouch-kiub-collection-p-54784.html" "Mozilla/5.0 (iPad; CPU OS 15_6 like Mac OS X) AppleWebKit/605.1.15 (KHTML, like Gecko) CriOS/106.0.5249.92 Mobile/15E148 Safari/604.1"
146.168.226.254 - - [09/Oct/2022:18:11:48 +0200] "GET /templates/Pixame_v1/images/icon_accueil2.png HTTP/1.1" 200 1137 "http://www.wonder-geek.com/lover-pouch-kiub-collection-p-54784.html" "Mozilla/5.0 (iPad; CPU OS 15_6 like Mac OS X) AppleWebKit/605.1.15 (KHTML, like Gecko) CriOS/106.0.5249.92 Mobile/15E148 Safari/604.1"
146.168.226.254 - - [09/Oct/2022:18:11:49 +0200] "GET /favicon.ico HTTP/1.1" 200 1591 "-" "Mozilla/5.0 (iPad; CPU OS 15_6 like Mac OS X) AppleWebKit/605.1.15 (KHTML, like Gecko) CriOS/106.0.5249.92 Mobile/15E148 Safari/604.1"
146.168.226.254 - - [09/Oct/2022:18:11:49 +0200] "GET /templates/Pixame_v1/images/nav.png HTTP/1.1" 200 1283 "http://www.wonder-geek.com/lover-pouch-kiub-collection-p-54784.html" "Mozilla/5.0 (iPad; CPU OS 15_6 like Mac OS X) AppleWebKit/605.1.15 (KHTML, like Gecko) CriOS/106.0.5249.92 Mobile/15E148 Safari/604.1"
146.168.226.254 - - [09/Oct/2022:18:11:49 +0200] "GET /templates/Pixame_v1/images/header.png HTTP/1.1" 200 70245 "http://www.wonder-geek.com/lover-pouch-kiub-collection-p-54784.html" "Mozilla/5.0 (iPad; CPU OS 15_6 like Mac OS X) AppleWebKit/605.1.15 (KHTML, like Gecko) CriOS/106.0.5249.92 Mobile/15E148 Safari/604.1"
146.168.226.254 - - [09/Oct/2022:18:11:49 +0200] "GET /templates/Pixame_v1/images/Bottom_texture.jpg HTTP/1.1" 200 56290 "http://www.wonder-geek.com/lover-pouch-kiub-collection-p-54784.html" "Mozilla/5.0 (iPad; CPU OS 15_6 like Mac OS X) AppleWebKit/605.1.15 (KHTML, like Gecko) CriOS/106.0.5249.92 Mobile/15E148 Safari/604.1"
146.168.226.254 - - [09/Oct/2022:18:11:49 +0200] "GET /templates/Pixame_v1/images/header-object.png HTTP/1.1" 200 106050 "http://www.wonder-geek.com/lover-pouch-kiub-collection-p-54784.html" "Mozilla/5.0 (iPad; CPU OS 15_6 like Mac OS X) AppleWebKit/605.1.15 (KHTML, like Gecko) CriOS/106.0.5249.92 Mobile/15E148 Safari/604.1"
146.168.226.254 - - [09/Oct/2022:18:11:49 +0200] "GET /design/productsenstock.png HTTP/1.1" 200 4743 "http://www.wonder-geek.com/lover-pouch-kiub-collection-p-54784.html" "Mozilla/5.0 (iPad; CPU OS 15_6 like Mac OS X) AppleWebKit/605.1.15 (KHTML, like Gecko) CriOS/106.0.5249.92 Mobile/15E148 Safari/604.1"
146.168.226.254 - - [09/Oct/2022:18:11:49 +0200] "GET /templates/Pixame_v1/images/Middle_texture.jpg HTTP/1.1" 200 249620 "http://www.wonder-geek.com/lover-pouch-kiub-collection-p-54784.html" "Mozilla/5.0 (iPad; CPU OS 15_6 like Mac OS X) AppleWebKit/605.1.15 (KHTML, like Gecko) CriOS/106.0.5249.92 Mobile/15E148 Safari/604.1"
146.168.226.254 - - [09/Oct/2022:18:11:49 +0200] "GET /templates/Pixame_v1/images/buttons/english/button_in_cart.gif HTTP/1.1" 200 1212 "http://www.wonder-geek.com/lover-pouch-kiub-collection-p-54784.html" "Mozilla/5.0 (iPad; CPU OS 15_6 like Mac OS X) AppleWebKit/605.1.15 (KHTML, like Gecko) CriOS/106.0.5249.92 Mobile/15E148 Safari/604.1"
146.168.226.254 - - [09/Oct/2022:18:11:49 +0200] "GET /images/big_prod/3700572722443.jpg HTTP/1.1" 200 158014 "http://www.wonder-geek.com/lover-pouch-kiub-collection-p-54784.html" "Mozilla/5.0 (iPad; CPU OS 15_6 like Mac OS X) AppleWebKit/605.1.15 (KHTML, like Gecko) CriOS/106.0.5249.92 Mobile/15E148 Safari/604.1"
146.168.226.254 - - [09/Oct/2022:18:11:49 +0200] "GET /highslide/graphics/outlines/drop-shadow.png HTTP/1.1" 200 2022 "http://www.wonder-geek.com/lover-pouch-kiub-collection-p-54784.html" "Mozilla/5.0 (iPad; CPU OS 15_6 like Mac OS X) AppleWebKit/605.1.15 (KHTML, like Gecko) CriOS/106.0.5249.92 Mobile/15E148 Safari/604.1"
116.198.15.8 - - [09/Oct/2022:18:13:13 +0200] "GET /images/mini_prod/8427799939413.jpg HTTP/1.1" 200 7290 "-" "Mozilla/5.0 (Windows NT 10.0; Win64; x64) AppleWebKit/537.36 (KHTML, like Gecko) Chrome/103.0.5060.134 Safari/537.36 Edg/103.0.1264.71"
173.252.83.19 - - [09/Oct/2022:18:13:21 +0200] "GET /images/mini_prod/8424346352654.jpg HTTP/1.1" 200 4338 "-" "facebookexternalhit/1.1 (+http://www.facebook.com/externalhit_uatext.php)"
66.249.64.244 - - [09/Oct/2022:18:14:14 +0200] "GET /images/mini_prod/3281640374745.jpg HTTP/1.1" 200 10102 "-" "Googlebot-Image/1.0"
35.231.240.156 - - [09/Oct/2022:18:14:28 +0200] "GET /robots.txt HTTP/1.0" 200 2438 "-" "ZoominfoBot (zoominfobot at zoominfo dot com)"
18.191.220.75 - - [09/Oct/2022:18:15:03 +0200] "GET /images/mini_prod/1348422000543.jpg HTTP/1.1" 200 8289 "-" "Mozilla/5.0 (X11; Ubuntu; Linux x86_64; rv:72.0) Gecko/20100101 Firefox/72.0"
163.220.128.41 - - [09/Oct/2022:18:15:07 +0200] "GET /images/mini_prod/3503420074776.jpg HTTP/1.1" 200 5968 "-" "Mozilla/5.0 (X11; Ubuntu; Linux x86_64; rv:72.0) Gecko/20100101 Firefox/72.0"
24.177.104.168 - - [09/Oct/2022:18:15:24 +0200] "GET /images/mini_prod/1384010179017.jpg HTTP/1.1" 200 7824 "-" "Mozilla/5.0 (X11; Ubuntu; Linux x86_64; rv:72.0) Gecko/20100101 Firefox/72.0"
17.121.112.196 - - [09/Oct/2022:18:16:31 +0200] "GET /images/big_prod_1/1328399219292a.jpg HTTP/1.1" 200 91913 "-" "Mozilla/5.0 (Macintosh; Intel Mac OS X 10_15_5) AppleWebKit/605.1.15 (KHTML, like Gecko) Version/13.1.1 Safari/605.1.15 (Applebot/0.1; +http://www.apple.com/go/applebot)"
47.94.243.250 - - [09/Oct/2022:18:16:48 +0200] "GET /images/mini_prod/8422666661517.jpg HTTP/1.1" 200 6375 "-" "Mozilla/5.0 (Macintosh; Intel Mac OS X 10_15_7) AppleWebKit/537.36 (KHTML, like Gecko) Chrome/105.0.0.0 Safari/537.36"
216.244.66.242 - - [09/Oct/2022:18:17:27 +0200] "GET /images/big_prod/3609810072121.jpg HTTP/1.1" 200 223396 "-" "Mozilla/5.0 (compatible; DotBot/1.2; +https://opensiteexplorer.org/dotbot; help@moz.com)"
216.244.66.242 - - [09/Oct/2022:18:19:59 +0200] "GET /images/DSCN1955.jpg HTTP/1.1" 200 30632 "-" "Mozilla/5.0 (compatible; DotBot/1.2; +https://opensiteexplorer.org/dotbot; help@moz.com)"
185.191.171.8 - - [09/Oct/2022:18:23:23 +0200] "GET /robots.txt HTTP/1.1" 200 2438 "-" "Mozilla/5.0 (compatible; SemrushBot/7~bl; +http://www.semrush.com/bot.html)"
