157.90.177.217 - - [12/Oct/2022:03:50:47 +0200] "GET /lotus-candleholder-light-black-silverlining-p-38923.html HTTP/1.0" 200 76489 "-" "Mozilla/5.0 (compatible; BLEXBot/1.0; +http://webmeup-crawler.com/)"
157.90.177.217 - - [12/Oct/2022:03:51:01 +0200] "GET /lotus-candleholder-light-color-pearl-p-41661.html HTTP/1.0" 200 76417 "-" "Mozilla/5.0 (compatible; BLEXBot/1.0; +http://webmeup-crawler.com/)"
41.216.188.218 - - [12/Oct/2022:03:51:06 +0200] "GET /wp-content/plugins/ioptimization/IOptimize.php?rchk HTTP/1.0" 404 1308 "www.google.com" "Mozlila/5.0 (Linux; Android 7.0; SM-G892A Bulid/NRD90M; wv) AppleWebKit/537.36 (KHTML, like Gecko) Version/4.0 Chrome/60.0.3112.107 Moblie Safari/537.36"
157.90.177.217 - - [12/Oct/2022:03:51:15 +0200] "GET /lotus-candleholder-light-gold-p-40684.html HTTP/1.0" 200 76349 "-" "Mozilla/5.0 (compatible; BLEXBot/1.0; +http://webmeup-crawler.com/)"
185.191.171.45 - - [12/Oct/2022:03:51:23 +0200] "GET /picture-frame-p-58849.html?action=add_product HTTP/1.0" 302 476 "-" "Mozilla/5.0 (compatible; SemrushBot/7~bl; +http://www.semrush.com/bot.html)"
66.249.64.242 - - [12/Oct/2022:03:51:29 +0200] "GET /handful-light-cable-cover-made-germany-p-58661.html HTTP/1.0" 200 77457 "-" "Mozilla/5.0 (Linux; Android 6.0.1; Nexus 5X Build/MMB29P) AppleWebKit/537.36 (KHTML, like Gecko) Chrome/106.0.5249.103 Mobile Safari/537.36 (compatible; Googlebot/2.1; +http://www.google.com/bot.html)"
157.90.177.217 - - [12/Oct/2022:03:51:29 +0200] "GET /lotus-candleholder-light-white-p-40683.html HTTP/1.0" 200 76366 "-" "Mozilla/5.0 (compatible; BLEXBot/1.0; +http://webmeup-crawler.com/)"
157.55.39.231 - - [12/Oct/2022:03:51:32 +0200] "GET /decorative-gold-horse-head-resin-p-58665.html HTTP/1.0" 200 75925 "-" "Mozilla/5.0 (compatible; bingbot/2.0; +http://www.bing.com/bingbot.htm)"
157.90.177.217 - - [12/Oct/2022:03:51:44 +0200] "GET /lotus-candleholder-lilac-p-42873.html HTTP/1.0" 200 76302 "-" "Mozilla/5.0 (compatible; BLEXBot/1.0; +http://webmeup-crawler.com/)"
157.90.177.217 - - [12/Oct/2022:03:51:58 +0200] "GET /lotus-candleholder-pastel-pink-with-golden-lining-p-42874.html HTTP/1.0" 200 76564 "-" "Mozilla/5.0 (compatible; BLEXBot/1.0; +http://webmeup-crawler.com/)"
54.36.148.240 - - [12/Oct/2022:03:52:06 +0200] "GET /london-shoulder-p-10997.html HTTP/1.0" 200 75157 "-" "Mozilla/5.0 (compatible; AhrefsBot/7.0; +http://ahrefs.com/robot/)"
157.90.177.217 - - [12/Oct/2022:03:52:12 +0200] "GET /lotus-candleholder-pink-goldlining-p-47013.html HTTP/1.0" 200 76397 "-" "Mozilla/5.0 (compatible; BLEXBot/1.0; +http://webmeup-crawler.com/)"
150.109.14.250 - - [12/Oct/2022:03:52:15 +0200] "GET /images/mini_prod/5425023084267.jpg HTTP/1.0" 200 269 "-" "Mozilla/5.0 (Macintoosh; Intel Mac OS X 10_14_68) AppleWebKit/538.36 (KHTML, like Gecko) Chrome/76.0.3904.97 Safari/537.36"
207.46.13.149 - - [12/Oct/2022:03:52:23 +0200] "GET /winnie-pooh-pirate-figure-p-4716.html HTTP/1.0" 200 75034 "-" "Mozilla/5.0 (compatible; bingbot/2.0; +http://www.bing.com/bingbot.htm)"
66.249.64.242 - - [12/Oct/2022:03:52:24 +0200] "GET /astronaut-lamp-in-3d-p-52987.html HTTP/1.0" 301 74984 "-" "Mozilla/5.0 (Linux; Android 6.0.1; Nexus 5X Build/MMB29P) AppleWebKit/537.36 (KHTML, like Gecko) Chrome/106.0.5249.103 Mobile Safari/537.36 (compatible; Googlebot/2.1; +http://www.google.com/bot.html)"
66.249.64.242 - - [12/Oct/2022:03:52:26 +0200] "GET /astronaut-lamp-p-52987.html HTTP/1.0" 200 74903 "-" "Mozilla/5.0 (Linux; Android 6.0.1; Nexus 5X Build/MMB29P) AppleWebKit/537.36 (KHTML, like Gecko) Chrome/106.0.5249.103 Mobile Safari/537.36 (compatible; Googlebot/2.1; +http://www.google.com/bot.html)"
157.90.177.217 - - [12/Oct/2022:03:52:26 +0200] "GET /lotus-candleholder-pink-goldlining-p-47014.html HTTP/1.0" 200 76398 "-" "Mozilla/5.0 (compatible; BLEXBot/1.0; +http://webmeup-crawler.com/)"
157.90.177.217 - - [12/Oct/2022:03:52:40 +0200] "GET /lotus-candleholder-pink-green-goldlining-p-47012.html HTTP/1.0" 200 76489 "-" "Mozilla/5.0 (compatible; BLEXBot/1.0; +http://webmeup-crawler.com/)"
157.90.177.217 - - [12/Oct/2022:03:52:55 +0200] "GET /lotus-candleholder-pink-silverlining-p-47017.html HTTP/1.0" 200 76416 "-" "Mozilla/5.0 (compatible; BLEXBot/1.0; +http://webmeup-crawler.com/)"
66.249.64.242 - - [12/Oct/2022:03:52:58 +0200] "GET /images/big_prod_1/3014627924585a.jpg HTTP/1.0" 200 271 "-" "Googlebot-Image/1.0"
157.90.177.217 - - [12/Oct/2022:03:53:08 +0200] "GET /lotus-candleholder-purple-goldlining-p-47015.html HTTP/1.0" 200 76417 "-" "Mozilla/5.0 (compatible; BLEXBot/1.0; +http://webmeup-crawler.com/)"
185.191.171.20 - - [12/Oct/2022:03:53:12 +0200] "GET /zodiac-black-women-shirt-p-30811.html HTTP/1.0" 200 76882 "-" "Mozilla/5.0 (compatible; SemrushBot/7~bl; +http://www.semrush.com/bot.html)"
157.90.177.217 - - [12/Oct/2022:03:53:22 +0200] "GET /lotus-candlelight-holder-violet-blue-gold-trim-p-55097.html HTTP/1.0" 200 76411 "-" "Mozilla/5.0 (compatible; BLEXBot/1.0; +http://webmeup-crawler.com/)"
185.191.171.26 - - [12/Oct/2022:03:53:27 +0200] "GET /motorcycle-metal-bottle-holder-p-55994.html HTTP/1.0" 200 75598 "-" "Mozilla/5.0 (compatible; SemrushBot/7~bl; +http://www.semrush.com/bot.html)"
54.36.148.98 - - [12/Oct/2022:03:53:27 +0200] "GET /ceramic-lamp-p-57578.html HTTP/1.0" 200 75508 "-" "Mozilla/5.0 (compatible; AhrefsBot/7.0; +http://ahrefs.com/robot/)"
157.90.177.217 - - [12/Oct/2022:03:53:36 +0200] "GET /lotus-cork-coasters-p-45030.html HTTP/1.0" 200 75511 "-" "Mozilla/5.0 (compatible; BLEXBot/1.0; +http://webmeup-crawler.com/)"
185.191.171.45 - - [12/Oct/2022:03:53:48 +0200] "GET /buddha-hanging-decoration-p-53410.html HTTP/1.0" 200 72338 "-" "Mozilla/5.0 (compatible; SemrushBot/7~bl; +http://www.semrush.com/bot.html)"
157.90.177.217 - - [12/Oct/2022:03:53:49 +0200] "GET /lotus-flower-incense-stick-holder-p-53909.html HTTP/1.0" 200 75662 "-" "Mozilla/5.0 (compatible; BLEXBot/1.0; +http://webmeup-crawler.com/)"
66.249.64.246 - - [12/Oct/2022:03:53:50 +0200] "GET /vieillis-adult-apron-p-53178.html HTTP/1.0" 200 72300 "-" "Mozilla/5.0 (Linux; Android 6.0.1; Nexus 5X Build/MMB29P) AppleWebKit/537.36 (KHTML, like Gecko) Chrome/106.0.5249.103 Mobile Safari/537.36 (compatible; Googlebot/2.1; +http://www.google.com/bot.html)"
157.90.177.217 - - [12/Oct/2022:03:54:03 +0200] "GET /lotus-lights-small-chakra-golden-p-39333.html HTTP/1.0" 200 76390 "-" "Mozilla/5.0 (compatible; BLEXBot/1.0; +http://webmeup-crawler.com/)"
66.249.64.244 - - [12/Oct/2022:03:54:10 +0200] "GET /images/big_prod_1/8424001815791B.jpg HTTP/1.0" 200 271 "-" "Googlebot-Image/1.0"
185.191.171.22 - - [12/Oct/2022:03:54:09 +0200] "GET /round-mirror-hanging-mandala-p-45021.html HTTP/1.0" 200 74908 "-" "Mozilla/5.0 (compatible; SemrushBot/7~bl; +http://www.semrush.com/bot.html)"
157.90.177.217 - - [12/Oct/2022:03:54:17 +0200] "GET /lotus-lights-small-chakra-silverrims-p-39332.html HTTP/1.0" 200 76436 "-" "Mozilla/5.0 (compatible; BLEXBot/1.0; +http://webmeup-crawler.com/)"
157.90.177.217 - - [12/Oct/2022:03:54:31 +0200] "GET /lotus-mobile-wood-metal-p-56720.html HTTP/1.0" 200 75854 "-" "Mozilla/5.0 (compatible; BLEXBot/1.0; +http://webmeup-crawler.com/)"
147.92.153.8 - - [12/Oct/2022:03:54:39 +0200] "GET /decorative-hourglass-glass-blue-sand-p-59145.html HTTP/1.0" 200 75663 "-" "Mozilla/5.0 (compatible; Linespider/1.1; +https://lin.ee/4dwXkTH)"
54.36.148.217 - - [12/Oct/2022:03:54:40 +0200] "GET /bamboo-trays-p-55232.html HTTP/1.0" 200 72304 "-" "Mozilla/5.0 (compatible; AhrefsBot/7.0; +http://ahrefs.com/robot/)"
157.90.177.217 - - [12/Oct/2022:03:54:44 +0200] "GET /lotus-petal-atmospheric-light-natural-gold-trim-p-53734.html HTTP/1.0" 200 75863 "-" "Mozilla/5.0 (compatible; BLEXBot/1.0; +http://webmeup-crawler.com/)"
185.191.171.19 - - [12/Oct/2022:03:54:46 +0200] "GET /toiletry-p-41059.html HTTP/1.0" 200 74904 "-" "Mozilla/5.0 (compatible; SemrushBot/7~bl; +http://www.semrush.com/bot.html)"
185.191.171.4 - - [12/Oct/2022:03:54:57 +0200] "GET /arabica-oven-mitt-p-52682.html HTTP/1.0" 200 72310 "-" "Mozilla/5.0 (compatible; SemrushBot/7~bl; +http://www.semrush.com/bot.html)"
157.90.177.217 - - [12/Oct/2022:03:54:58 +0200] "GET /lotus-petal-atmospheric-light-pink-gold-trim-p-53735.html HTTP/1.0" 200 76480 "-" "Mozilla/5.0 (compatible; BLEXBot/1.0; +http://webmeup-crawler.com/)"
43.134.78.120 - - [12/Oct/2022:03:55:10 +0200] "GET /images/mini_prod/8424001604685.jpg HTTP/1.0" 200 269 "-" "Mozilla/5.0 (Macintoosh; Intel Mac OS X 10_14_68) AppleWebKit/538.36 (KHTML, like Gecko) Chrome/76.0.3904.97 Safari/537.36"
157.90.177.217 - - [12/Oct/2022:03:55:13 +0200] "GET /lotus-petal-atmospheric-light-smoked-beige-gold-trim-p-53737.html HTTP/1.0" 200 75902 "-" "Mozilla/5.0 (compatible; BLEXBot/1.0; +http://webmeup-crawler.com/)"
157.90.177.217 - - [12/Oct/2022:03:55:27 +0200] "GET /lotus-petal-atmospheric-pink-light-green-gold-trim-p-53736.html HTTP/1.0" 200 75886 "-" "Mozilla/5.0 (compatible; BLEXBot/1.0; +http://webmeup-crawler.com/)"
157.90.177.217 - - [12/Oct/2022:03:55:40 +0200] "GET /lotus-wall-sticker-p-52223.html HTTP/1.0" 200 75562 "-" "Mozilla/5.0 (compatible; BLEXBot/1.0; +http://webmeup-crawler.com/)"
157.90.177.217 - - [12/Oct/2022:03:55:54 +0200] "GET /lotus-wooden-wall-decoration-p-58576.html HTTP/1.0" 200 75540 "-" "Mozilla/5.0 (compatible; BLEXBot/1.0; +http://webmeup-crawler.com/)"
54.36.148.63 - - [12/Oct/2022:03:55:54 +0200] "GET /bulldog-lighting-p-54211.html HTTP/1.0" 200 75515 "-" "Mozilla/5.0 (compatible; AhrefsBot/7.0; +http://ahrefs.com/robot/)"
66.249.64.244 - - [12/Oct/2022:03:56:00 +0200] "GET /hedgehog-statuette-shore-p-58367.html HTTP/1.0" 200 76148 "-" "Mozilla/5.0 (Linux; Android 6.0.1; Nexus 5X Build/MMB29P) AppleWebKit/537.36 (KHTML, like Gecko) Chrome/106.0.5249.103 Mobile Safari/537.36 (compatible; Googlebot/2.1; +http://www.google.com/bot.html)"
185.191.171.22 - - [12/Oct/2022:03:56:04 +0200] "GET /robots.txt HTTP/1.0" 200 245 "-" "Mozilla/5.0 (compatible; SemrushBot/7~bl; +http://www.semrush.com/bot.html)"
185.191.171.37 - - [12/Oct/2022:03:56:04 +0200] "GET /monstera-shower-curtain-p-58289.html HTTP/1.0" 200 75622 "-" "Mozilla/5.0 (compatible; SemrushBot/7~bl; +http://www.semrush.com/bot.html)"
157.55.39.28 - - [12/Oct/2022:03:56:06 +0200] "GET /images/big_prod_1/CD4061f.jpg HTTP/1.0" 200 264 "-" "Mozilla/5.0 AppleWebKit/537.36 (KHTML, like Gecko; compatible; bingbot/2.0; +http://www.bing.com/bingbot.htm) Chrome/103.0.5060.134 Safari/537.36"
185.191.171.1 - - [12/Oct/2022:03:56:07 +0200] "GET /white-wood-p-55231.html HTTP/1.0" 200 72294 "-" "Mozilla/5.0 (compatible; SemrushBot/7~bl; +http://www.semrush.com/bot.html)"
157.90.177.217 - - [12/Oct/2022:03:56:08 +0200] "GET /louison-bedclothes-p-52099.html HTTP/1.0" 200 74958 "-" "Mozilla/5.0 (compatible; BLEXBot/1.0; +http://webmeup-crawler.com/)"
77.88.5.245 - - [12/Oct/2022:03:56:15 +0200] "GET /robots.txt HTTP/1.0" 200 245 "-" "Mozilla/5.0 (compatible; YandexBot/3.0; +http://yandex.com/bots)"
77.88.5.245 - - [12/Oct/2022:03:56:19 +0200] "GET /longbeach-bedclothes-220-240-cm-p-52069.html HTTP/1.0" 301 72411 "-" "Mozilla/5.0 (compatible; YandexBot/3.0; +http://yandex.com/bots)"
93.158.161.6 - - [12/Oct/2022:03:56:23 +0200] "GET /longbeach-bedclothes-p-52069.html HTTP/1.0" 200 72324 "-" "Mozilla/5.0 (compatible; YandexBot/3.0; +http://yandex.com/bots)"
157.90.177.217 - - [12/Oct/2022:03:56:24 +0200] "GET /louison-bedclothes-p-52100.html HTTP/1.0" 200 74954 "-" "Mozilla/5.0 (compatible; BLEXBot/1.0; +http://webmeup-crawler.com/)"
93.158.161.6 - - [12/Oct/2022:03:56:26 +0200] "GET /longbeach-bedclothes-p-52069.html HTTP/1.0" 200 72324 "-" "Mozilla/5.0 (compatible; YandexBot/3.0; +http://yandex.com/bots)"
157.90.177.217 - - [12/Oct/2022:03:56:39 +0200] "GET /lovable-buccaneer-stitch-pirate-figurine-p-56167.html HTTP/1.0" 200 76889 "-" "Mozilla/5.0 (compatible; BLEXBot/1.0; +http://webmeup-crawler.com/)"
157.90.177.217 - - [12/Oct/2022:03:56:52 +0200] "GET /love-barbapapal-picnic-p-19727.html HTTP/1.0" 200 75180 "-" "Mozilla/5.0 (compatible; BLEXBot/1.0; +http://webmeup-crawler.com/)"
157.90.177.217 - - [12/Oct/2022:03:57:06 +0200] "GET /love-cats-p-42694.html HTTP/1.0" 200 74911 "-" "Mozilla/5.0 (compatible; BLEXBot/1.0; +http://webmeup-crawler.com/)"
54.36.148.106 - - [12/Oct/2022:03:57:12 +0200] "GET /little-buddha-collection-statuette-p-53289.html HTTP/1.0" 200 75030 "-" "Mozilla/5.0 (compatible; AhrefsBot/7.0; +http://ahrefs.com/robot/)"
157.90.177.217 - - [12/Oct/2022:03:57:19 +0200] "GET /love-cats-salt-pepper-shakers-p-37306.html HTTP/1.0" 200 74973 "-" "Mozilla/5.0 (compatible; BLEXBot/1.0; +http://webmeup-crawler.com/)"
185.191.171.39 - - [12/Oct/2022:03:57:29 +0200] "GET /johnny-hallyday-cigarettes-case-p-51145.html HTTP/1.0" 200 72362 "-" "Mozilla/5.0 (compatible; SemrushBot/7~bl; +http://www.semrush.com/bot.html)"
157.90.177.217 - - [12/Oct/2022:03:57:33 +0200] "GET /love-cats-salt-pepper-shakers-p-45924.html HTTP/1.0" 200 74966 "-" "Mozilla/5.0 (compatible; BLEXBot/1.0; +http://webmeup-crawler.com/)"
157.90.177.217 - - [12/Oct/2022:03:57:47 +0200] "GET /love-cats-saucer-p-45922.html HTTP/1.0" 200 74920 "-" "Mozilla/5.0 (compatible; BLEXBot/1.0; +http://webmeup-crawler.com/)"
185.191.171.9 - - [12/Oct/2022:03:57:52 +0200] "GET /large-bamboo-vase-p-54290.html HTTP/1.0" 200 75707 "-" "Mozilla/5.0 (compatible; SemrushBot/7~bl; +http://www.semrush.com/bot.html)"
157.55.39.217 - - [12/Oct/2022:03:58:01 +0200] "GET /images/med_prod/0000000000000lyon.jpg HTTP/1.0" 200 272 "-" "Mozilla/5.0 (compatible; bingbot/2.0; +http://www.bing.com/bingbot.htm)"
157.90.177.217 - - [12/Oct/2022:03:58:02 +0200] "GET /love-corsica-mini-tray-p-54760.html HTTP/1.0" 200 75550 "-" "Mozilla/5.0 (compatible; BLEXBot/1.0; +http://webmeup-crawler.com/)"
157.90.177.217 - - [12/Oct/2022:03:58:16 +0200] "GET /love-country-white-women-shirt-p-33797.html HTTP/1.0" 200 77195 "-" "Mozilla/5.0 (compatible; BLEXBot/1.0; +http://webmeup-crawler.com/)"
185.191.171.37 - - [12/Oct/2022:03:58:16 +0200] "GET /candy-cloud-unicorn-dancer-p-51815.html HTTP/1.0" 200 75420 "-" "Mozilla/5.0 (compatible; SemrushBot/7~bl; +http://www.semrush.com/bot.html)"
54.36.148.156 - - [12/Oct/2022:03:58:30 +0200] "GET /gingerbread-cake-dish-p-33301.html HTTP/1.0" 200 74853 "-" "Mozilla/5.0 (compatible; AhrefsBot/7.0; +http://ahrefs.com/robot/)"
157.90.177.217 - - [12/Oct/2022:03:58:30 +0200] "GET /love-etienne-boyer-white-woman-shirt-p-33851.html HTTP/1.0" 200 77249 "-" "Mozilla/5.0 (compatible; BLEXBot/1.0; +http://webmeup-crawler.com/)"
185.191.171.15 - - [12/Oct/2022:03:58:31 +0200] "GET /decorative-carpets-c-11_167.html?page=3 HTTP/1.0" 200 92824 "-" "Mozilla/5.0 (compatible; SemrushBot/7~bl; +http://www.semrush.com/bot.html)"
157.90.177.217 - - [12/Oct/2022:03:58:43 +0200] "GET /love-heart-bedclothes-p-35340.html HTTP/1.0" 200 75630 "-" "Mozilla/5.0 (compatible; BLEXBot/1.0; +http://webmeup-crawler.com/)"
192.12.187.131 - - [12/Oct/2022:03:58:55 +0200] "GET /images/mini_prod/3700407620012.jpg HTTP/1.0" 200 269 "-" "Mozilla/5.0 (X11; Ubuntu; Linux x86_64; rv:72.0) Gecko/20100101 Firefox/72.0"
157.90.177.217 - - [12/Oct/2022:03:58:57 +0200] "GET /love-heart-bedclothes-p-39650.html HTTP/1.0" 200 75630 "-" "Mozilla/5.0 (compatible; BLEXBot/1.0; +http://webmeup-crawler.com/)"
51.68.224.127 - - [12/Oct/2022:03:59:07 +0200] "GET /adminweb/export_orders_xml.php?token=256de2z6edz6ed2z6DFSFsed2zed6zeDSFDSGdzedezfzf&maxorders=10&orderstart=1&status=14&start_date=2018-10-01 HTTP/1.0" 200 285 "-" "GesCom CharlotteBoutik Serveur"
51.68.224.127 - - [12/Oct/2022:03:59:07 +0200] "GET /adminweb/export_orders_xml.php?token=256de2z6edz6ed2z6DFSFsed2zed6zeDSFDSGdzedezfzf&maxorders=10&orderstart=1&status=6&start_date=2018-10-01 HTTP/1.0" 200 33985 "-" "GesCom CharlotteBoutik Serveur"
50.31.180.37 - - [12/Oct/2022:03:59:10 +0200] "GET /images/big_prod_2/c8719497610501.jpg HTTP/1.0" 200 271 "-" "Mozilla/5.0 (X11; Ubuntu; Linux x86_64; rv:72.0) Gecko/20100101 Firefox/72.0"
157.90.177.217 - - [12/Oct/2022:03:59:11 +0200] "GET /love-isothermic-stainless-steel-bottle-p-53169.html HTTP/1.0" 200 75033 "-" "Mozilla/5.0 (compatible; BLEXBot/1.0; +http://webmeup-crawler.com/)"
157.90.177.217 - - [12/Oct/2022:03:59:24 +0200] "GET /love-london-glass-cutting-board-cbkreation-p-51471.html HTTP/1.0" 200 75054 "-" "Mozilla/5.0 (compatible; BLEXBot/1.0; +http://webmeup-crawler.com/)"
157.90.177.217 - - [12/Oct/2022:03:59:38 +0200] "GET /love-london-money-cbkreation-p-24003.html HTTP/1.0" 200 74980 "-" "Mozilla/5.0 (compatible; BLEXBot/1.0; +http://webmeup-crawler.com/)"
54.36.148.206 - - [12/Oct/2022:03:59:46 +0200] "GET /decorative-baskets-white-p-58598.html HTTP/1.0" 200 76212 "-" "Mozilla/5.0 (compatible; AhrefsBot/7.0; +http://ahrefs.com/robot/)"
157.90.177.217 - - [12/Oct/2022:03:59:51 +0200] "GET /love-london-mouse-cbkreation-p-13921.html HTTP/1.0" 200 74932 "-" "Mozilla/5.0 (compatible; BLEXBot/1.0; +http://webmeup-crawler.com/)"
185.191.171.9 - - [12/Oct/2022:03:59:54 +0200] "GET /zodiac-black-women-shirt-p-30804.html HTTP/1.0" 200 76878 "-" "Mozilla/5.0 (compatible; SemrushBot/7~bl; +http://www.semrush.com/bot.html)"
66.249.64.242 - - [12/Oct/2022:04:00:00 +0200] "GET /white-lampshade-p-57099.html HTTP/1.0" 200 72310 "-" "Mozilla/5.0 (Linux; Android 6.0.1; Nexus 5X Build/MMB29P) AppleWebKit/537.36 (KHTML, like Gecko) Chrome/106.0.5249.103 Mobile Safari/537.36 (compatible; Googlebot/2.1; +http://www.google.com/bot.html)"
157.90.177.217 - - [12/Oct/2022:04:00:06 +0200] "GET /love-london-mouse-cbkreation-p-23324.html HTTP/1.0" 200 74931 "-" "Mozilla/5.0 (compatible; BLEXBot/1.0; +http://webmeup-crawler.com/)"
185.191.171.15 - - [12/Oct/2022:04:00:14 +0200] "GET /fender-guitar-zippo-lighter-p-37652.html HTTP/1.0" 200 75381 "-" "Mozilla/5.0 (compatible; SemrushBot/7~bl; +http://www.semrush.com/bot.html)"
157.90.177.217 - - [12/Oct/2022:04:00:20 +0200] "GET /love-message-canvas-frame-p-32913.html HTTP/1.0" 200 74961 "-" "Mozilla/5.0 (compatible; BLEXBot/1.0; +http://webmeup-crawler.com/)"
182.160.3.39 - - [12/Oct/2022:04:00:36 +0200] "GET /images/mini_prod/1313131148954.jpg HTTP/1.0" 200 269 "-" "Mozilla/5.0 (Windows NT 10.0; Win64; x64) AppleWebKit/537.36 (KHTML, like Gecko) Chrome/54.0.2840.99 Safari/537.36"
157.90.177.217 - - [12/Oct/2022:04:00:36 +0200] "GET /love-mini-rectangular-tray-p-54919.html HTTP/1.0" 200 75007 "-" "Mozilla/5.0 (compatible; BLEXBot/1.0; +http://webmeup-crawler.com/)"
157.90.177.217 - - [12/Oct/2022:04:00:50 +0200] "GET /love-paris-coasters-p-39750.html HTTP/1.0" 200 74893 "-" "Mozilla/5.0 (compatible; BLEXBot/1.0; +http://webmeup-crawler.com/)"
54.36.149.49 - - [12/Oct/2022:04:00:58 +0200] "GET /decorative-wooden-plate-bienvenue-p-51584.html HTTP/1.0" 200 75635 "-" "Mozilla/5.0 (compatible; AhrefsBot/7.0; +http://ahrefs.com/robot/)"
207.46.13.149 - - [12/Oct/2022:04:01:04 +0200] "GET /images/3760194999883.jpg HTTP/1.0" 200 259 "-" "Mozilla/5.0 (compatible; bingbot/2.0; +http://www.bing.com/bingbot.htm)"
54.36.148.251 - - [12/Oct/2022:04:01:04 +0200] "GET /images/big_prod_1/3609810079731a.jpg HTTP/1.0" 200 271 "-" "Mozilla/5.0 (compatible; AhrefsBot/7.0; +http://ahrefs.com/robot/)"
54.36.149.8 - - [12/Oct/2022:04:01:04 +0200] "GET /images/big_prod/3609810079731b.jpg HTTP/1.0" 200 269 "-" "Mozilla/5.0 (compatible; AhrefsBot/7.0; +http://ahrefs.com/robot/)"
157.90.177.217 - - [12/Oct/2022:04:01:04 +0200] "GET /love-paris-p-39709.html HTTP/1.0" 200 74814 "-" "Mozilla/5.0 (compatible; BLEXBot/1.0; +http://webmeup-crawler.com/)"
157.90.177.217 - - [12/Oct/2022:04:01:17 +0200] "GET /love-phone-cover-iphone-p-18971.html HTTP/1.0" 200 77642 "-" "Mozilla/5.0 (compatible; BLEXBot/1.0; +http://webmeup-crawler.com/)"
157.90.177.217 - - [12/Oct/2022:04:01:31 +0200] "GET /love-pink-blue-post-office-p-19828.html HTTP/1.0" 200 75292 "-" "Mozilla/5.0 (compatible; BLEXBot/1.0; +http://webmeup-crawler.com/)"
182.160.2.63 - - [12/Oct/2022:04:01:45 +0200] "GET /images/mini_prod/3574642579790.jpg HTTP/1.0" 200 269 "-" "Mozilla/5.0 (Windows NT 10.0; Win64; x64) AppleWebKit/537.36 (KHTML, like Gecko) Chrome/54.0.2840.99 Safari/537.36"
157.90.177.217 - - [12/Oct/2022:04:01:44 +0200] "GET /love-pink-fountain-p-26301.html HTTP/1.0" 200 74936 "-" "Mozilla/5.0 (compatible; BLEXBot/1.0; +http://webmeup-crawler.com/)"
157.90.177.217 - - [12/Oct/2022:04:01:58 +0200] "GET /love-pink-fountain-p-26307.html HTTP/1.0" 200 74937 "-" "Mozilla/5.0 (compatible; BLEXBot/1.0; +http://webmeup-crawler.com/)"
54.36.149.106 - - [12/Oct/2022:04:02:11 +0200] "GET /scented-candle-made-france-p-57038.html HTTP/1.0" 200 76278 "-" "Mozilla/5.0 (compatible; AhrefsBot/7.0; +http://ahrefs.com/robot/)"
157.90.177.217 - - [12/Oct/2022:04:02:11 +0200] "GET /love-story-large-metal-plate-deco-p-36114.html HTTP/1.0" 200 74965 "-" "Mozilla/5.0 (compatible; BLEXBot/1.0; +http://webmeup-crawler.com/)"
185.191.171.15 - - [12/Oct/2022:04:02:18 +0200] "GET /cats-bees-mini-rectangular-tray-p-54906.html HTTP/1.0" 200 75677 "-" "Mozilla/5.0 (compatible; SemrushBot/7~bl; +http://www.semrush.com/bot.html)"
185.191.171.25 - - [12/Oct/2022:04:02:22 +0200] "GET /white-lampshade-p-55820.html HTTP/1.0" 200 72310 "-" "Mozilla/5.0 (compatible; SemrushBot/7~bl; +http://www.semrush.com/bot.html)"
157.90.177.217 - - [12/Oct/2022:04:02:26 +0200] "GET /lover-pouch-kiub-collection-p-54784.html HTTP/1.0" 200 75159 "-" "Mozilla/5.0 (compatible; BLEXBot/1.0; +http://webmeup-crawler.com/)"
157.90.177.217 - - [12/Oct/2022:04:02:40 +0200] "GET /lowrider-motorcycle-repair-collection-metal-plate-deco-p-37167.html HTTP/1.0" 200 75183 "-" "Mozilla/5.0 (compatible; BLEXBot/1.0; +http://webmeup-crawler.com/)"
185.191.171.23 - - [12/Oct/2022:04:02:49 +0200] "GET /lotus-candleholder-chakra-yellow-silverlining-p-54708.html HTTP/1.0" 200 76523 "-" "Mozilla/5.0 (compatible; SemrushBot/7~bl; +http://www.semrush.com/bot.html)"
157.90.177.217 - - [12/Oct/2022:04:02:53 +0200] "GET /loyal-servants-potts-chip-cogsworth-lumiere-ornament-p-58483.html HTTP/1.0" 200 76586 "-" "Mozilla/5.0 (compatible; BLEXBot/1.0; +http://webmeup-crawler.com/)"
157.90.177.217 - - [12/Oct/2022:04:03:07 +0200] "GET /lucky-etienne-boyer-shirt-p-30981.html HTTP/1.0" 200 76907 "-" "Mozilla/5.0 (compatible; BLEXBot/1.0; +http://webmeup-crawler.com/)"
157.90.177.217 - - [12/Oct/2022:04:03:20 +0200] "GET /lucky-etienne-boyer-shirt-p-30982.html HTTP/1.0" 200 76885 "-" "Mozilla/5.0 (compatible; BLEXBot/1.0; +http://webmeup-crawler.com/)"
54.36.149.83 - - [12/Oct/2022:04:03:26 +0200] "GET /cuba-keyring-cbkreation-p-43236.html HTTP/1.0" 200 74961 "-" "Mozilla/5.0 (compatible; AhrefsBot/7.0; +http://ahrefs.com/robot/)"
54.36.148.116 - - [12/Oct/2022:04:03:33 +0200] "GET /images/big_prod/1399986101429N.jpg HTTP/1.0" 200 269 "-" "Mozilla/5.0 (compatible; AhrefsBot/7.0; +http://ahrefs.com/robot/)"
185.191.171.22 - - [12/Oct/2022:04:03:34 +0200] "GET /brass-lotus-carbon-incense-holder-p-42043.html HTTP/1.0" 200 75109 "-" "Mozilla/5.0 (compatible; SemrushBot/7~bl; +http://www.semrush.com/bot.html)"
66.249.64.242 - - [12/Oct/2022:04:03:34 +0200] "GET /quebec-cbkreation-p-13977.html HTTP/1.0" 200 74850 "-" "Mozilla/5.0 (Linux; Android 6.0.1; Nexus 5X Build/MMB29P) AppleWebKit/537.36 (KHTML, like Gecko) Chrome/106.0.5249.103 Mobile Safari/537.36 (compatible; Googlebot/2.1; +http://www.google.com/bot.html)"
157.90.177.217 - - [12/Oct/2022:04:03:34 +0200] "GET /lucky-etienne-boyer-shirt-p-30983.html HTTP/1.0" 200 76885 "-" "Mozilla/5.0 (compatible; BLEXBot/1.0; +http://webmeup-crawler.com/)"
185.191.171.23 - - [12/Oct/2022:04:03:38 +0200] "GET /kitchen-gloves-potholders-c-11_178.html?page=4 HTTP/1.0" 200 88184 "-" "Mozilla/5.0 (compatible; SemrushBot/7~bl; +http://www.semrush.com/bot.html)"
157.90.177.217 - - [12/Oct/2022:04:03:49 +0200] "GET /lucky-girl-etienne-boyer-shirt-p-30978.html HTTP/1.0" 200 76925 "-" "Mozilla/5.0 (compatible; BLEXBot/1.0; +http://webmeup-crawler.com/)"
106.5.210.130 - - [12/Oct/2022:04:04:03 +0200] "GET /contact_us.php HTTP/1.0" 200 26241 "http://www.wonder-geek.com/contact_us.php" "Mozilla/5.0 (Windows NT 10.0; WOW64) AppleWebKit/537.36 (KHTML, like Gecko) Chrome/90.0.4430.85 Safari/537.36"
157.90.177.217 - - [12/Oct/2022:04:04:03 +0200] "GET /lucky-girl-etienne-boyer-white-shirt-p-30979.html HTTP/1.0" 200 76979 "-" "Mozilla/5.0 (compatible; BLEXBot/1.0; +http://webmeup-crawler.com/)"
106.5.210.130 - - [12/Oct/2022:04:04:06 +0200] "POST /contact_us.php?action=send HTTP/1.0" 200 26502 "http://www.wonder-geek.com/contact_us.php" "Mozilla/5.0 (Windows NT 10.0; WOW64) AppleWebKit/537.36 (KHTML, like Gecko) Chrome/90.0.4430.85 Safari/537.36"
157.90.177.217 - - [12/Oct/2022:04:04:18 +0200] "GET /luggages-schoolbags-leather-shop-c-31.html?page=1 HTTP/1.0" 200 94263 "-" "Mozilla/5.0 (compatible; BLEXBot/1.0; +http://webmeup-crawler.com/)"
157.90.177.217 - - [12/Oct/2022:04:04:32 +0200] "GET /luggages-schoolbags-leather-shop-c-31.html?page=12 HTTP/1.0" 200 95545 "-" "Mozilla/5.0 (compatible; BLEXBot/1.0; +http://webmeup-crawler.com/)"
66.249.64.242 - - [12/Oct/2022:04:04:44 +0200] "GET /images/4012390362688.jpg HTTP/1.0" 200 259 "-" "Googlebot-Image/1.0"
157.90.177.217 - - [12/Oct/2022:04:04:46 +0200] "GET /luggages-schoolbags-leather-shop-c-31.html?page=13 HTTP/1.0" 200 94880 "-" "Mozilla/5.0 (compatible; BLEXBot/1.0; +http://webmeup-crawler.com/)"
54.36.148.209 - - [12/Oct/2022:04:04:47 +0200] "GET /harley-davidson-zippo-lighter-brown-p-56220.html HTTP/1.0" 200 76209 "-" "Mozilla/5.0 (compatible; AhrefsBot/7.0; +http://ahrefs.com/robot/)"
157.90.177.217 - - [12/Oct/2022:04:05:01 +0200] "GET /luggages-schoolbags-leather-shop-c-31.html?page=14 HTTP/1.0" 200 95387 "-" "Mozilla/5.0 (compatible; BLEXBot/1.0; +http://webmeup-crawler.com/)"
185.191.171.4 - - [12/Oct/2022:04:05:03 +0200] "GET /decoration-young-african-p-55774.html HTTP/1.0" 200 75654 "-" "Mozilla/5.0 (compatible; SemrushBot/7~bl; +http://www.semrush.com/bot.html)"
157.90.177.217 - - [12/Oct/2022:04:05:15 +0200] "GET /luggages-schoolbags-leather-shop-c-31.html?page=15 HTTP/1.0" 200 95442 "-" "Mozilla/5.0 (compatible; BLEXBot/1.0; +http://webmeup-crawler.com/)"
185.191.171.21 - - [12/Oct/2022:04:05:23 +0200] "GET /britto-bear-statuette-anniversary-edition-p-50405.html HTTP/1.0" 200 72406 "-" "Mozilla/5.0 (compatible; SemrushBot/7~bl; +http://www.semrush.com/bot.html)"
157.90.177.217 - - [12/Oct/2022:04:05:29 +0200] "GET /luggages-schoolbags-leather-shop-c-31.html?page=16 HTTP/1.0" 200 94827 "-" "Mozilla/5.0 (compatible; BLEXBot/1.0; +http://webmeup-crawler.com/)"
185.191.171.14 - - [12/Oct/2022:04:05:30 +0200] "GET /blue-glass-lamp-p-58732.html HTTP/1.0" 200 76137 "-" "Mozilla/5.0 (compatible; SemrushBot/7~bl; +http://www.semrush.com/bot.html)"
157.90.177.217 - - [12/Oct/2022:04:05:43 +0200] "GET /luggages-schoolbags-leather-shop-c-31.html?page=17 HTTP/1.0" 200 96029 "-" "Mozilla/5.0 (compatible; BLEXBot/1.0; +http://webmeup-crawler.com/)"
157.90.177.217 - - [12/Oct/2022:04:05:57 +0200] "GET /luggages-schoolbags-leather-shop-c-31.html?page=18 HTTP/1.0" 200 95578 "-" "Mozilla/5.0 (compatible; BLEXBot/1.0; +http://webmeup-crawler.com/)"
54.36.148.24 - - [12/Oct/2022:04:06:04 +0200] "GET /cement-tile-stickers-p-50332.html HTTP/1.0" 200 75815 "-" "Mozilla/5.0 (compatible; AhrefsBot/7.0; +http://ahrefs.com/robot/)"
54.36.148.160 - - [12/Oct/2022:04:06:11 +0200] "GET /images/big_prod_1/3609810065178a.jpg HTTP/1.0" 200 271 "-" "Mozilla/5.0 (compatible; AhrefsBot/7.0; +http://ahrefs.com/robot/)"
54.36.148.20 - - [12/Oct/2022:04:06:11 +0200] "GET /images/big_prod/3609810065178.jpg HTTP/1.0" 200 268 "-" "Mozilla/5.0 (compatible; AhrefsBot/7.0; +http://ahrefs.com/robot/)"
157.90.177.217 - - [12/Oct/2022:04:06:12 +0200] "GET /luggages-schoolbags-leather-shop-c-31.html?page=19 HTTP/1.0" 200 95235 "-" "Mozilla/5.0 (compatible; BLEXBot/1.0; +http://webmeup-crawler.com/)"
157.90.177.217 - - [12/Oct/2022:04:06:26 +0200] "GET /luggages-schoolbags-leather-shop-c-31.html?page=20 HTTP/1.0" 200 94875 "-" "Mozilla/5.0 (compatible; BLEXBot/1.0; +http://webmeup-crawler.com/)"
185.191.171.25 - - [12/Oct/2022:04:06:29 +0200] "GET /dishes-c-13_12.html?page=154 HTTP/1.0" 200 93893 "-" "Mozilla/5.0 (compatible; SemrushBot/7~bl; +http://www.semrush.com/bot.html)"
50.31.180.37 - - [12/Oct/2022:04:06:36 +0200] "GET /images/big_prod_1/8720088292686a.jpg HTTP/1.0" 200 271 "-" "Mozilla/5.0 (X11; Ubuntu; Linux x86_64; rv:72.0) Gecko/20100101 Firefox/72.0"
185.191.171.33 - - [12/Oct/2022:04:06:35 +0200] "GET /allen-decorated-cotton-flat-pouch-p-58301.html HTTP/1.0" 200 75726 "-" "Mozilla/5.0 (compatible; SemrushBot/7~bl; +http://www.semrush.com/bot.html)"
157.90.177.217 - - [12/Oct/2022:04:06:40 +0200] "GET /luggages-schoolbags-leather-shop-c-31.html?page=21 HTTP/1.0" 200 96524 "-" "Mozilla/5.0 (compatible; BLEXBot/1.0; +http://webmeup-crawler.com/)"
157.90.177.217 - - [12/Oct/2022:04:06:54 +0200] "GET /lulu-castagnette-cover-iphone-p-19094.html HTTP/1.0" 200 75222 "-" "Mozilla/5.0 (compatible; BLEXBot/1.0; +http://webmeup-crawler.com/)"
185.191.171.4 - - [12/Oct/2022:04:07:05 +0200] "GET /christmas-tree-decoration-hanging-p-49632.html HTTP/1.0" 200 75657 "-" "Mozilla/5.0 (compatible; SemrushBot/7~bl; +http://www.semrush.com/bot.html)"
157.90.177.217 - - [12/Oct/2022:04:07:08 +0200] "GET /lulu-castagnette-pencil-case-p-26221.html HTTP/1.0" 200 75009 "-" "Mozilla/5.0 (compatible; BLEXBot/1.0; +http://webmeup-crawler.com/)"
47.94.243.250 - - [12/Oct/2022:04:07:20 +0200] "GET /images/mini_prod/3520071365329.jpg HTTP/1.0" 200 269 "-" "Mozilla/5.0 (Macintosh; Intel Mac OS X 10_15_7) AppleWebKit/537.36 (KHTML, like Gecko) Chrome/105.0.0.0 Safari/537.36"
185.191.171.26 - - [12/Oct/2022:04:07:20 +0200] "GET /jewelry-holder-mirror-p-55772.html HTTP/1.0" 200 75786 "-" "Mozilla/5.0 (compatible; SemrushBot/7~bl; +http://www.semrush.com/bot.html)"
157.90.177.217 - - [12/Oct/2022:04:07:22 +0200] "GET /lulu-castagnette-white-watch-p-47748.html HTTP/1.0" 200 75013 "-" "Mozilla/5.0 (compatible; BLEXBot/1.0; +http://webmeup-crawler.com/)"
54.36.148.161 - - [12/Oct/2022:04:07:34 +0200] "GET /cement-cover-green-p-57984.html HTTP/1.0" 200 75665 "-" "Mozilla/5.0 (compatible; AhrefsBot/7.0; +http://ahrefs.com/robot/)"
157.90.177.217 - - [12/Oct/2022:04:07:35 +0200] "GET /lumiere-figure-collection-romero-britto-p-57480.html HTTP/1.0" 200 76429 "-" "Mozilla/5.0 (compatible; BLEXBot/1.0; +http://webmeup-crawler.com/)"
54.36.149.47 - - [12/Oct/2022:04:07:40 +0200] "GET /images/big_prod_2/842201271760NN.jpg HTTP/1.0" 200 271 "-" "Mozilla/5.0 (compatible; AhrefsBot/7.0; +http://ahrefs.com/robot/)"
54.36.149.94 - - [12/Oct/2022:04:07:40 +0200] "GET /images/big_prod/8422012717622B.jpg HTTP/1.0" 200 269 "-" "Mozilla/5.0 (compatible; AhrefsBot/7.0; +http://ahrefs.com/robot/)"
66.249.64.242 - - [12/Oct/2022:04:07:51 +0200] "GET /images/big_prod/1300000022972.jpg HTTP/1.0" 200 268 "-" "Googlebot-Image/1.0"
157.90.177.217 - - [12/Oct/2022:04:07:50 +0200] "GET /luminous-diffuser-essential-oils-moon-stars-p-57669.html HTTP/1.0" 200 76645 "-" "Mozilla/5.0 (compatible; BLEXBot/1.0; +http://webmeup-crawler.com/)"
185.191.171.33 - - [12/Oct/2022:04:07:53 +0200] "GET /dishes-c-12.html?page=3 HTTP/1.0" 200 92892 "-" "Mozilla/5.0 (compatible; SemrushBot/7~bl; +http://www.semrush.com/bot.html)"
157.90.177.217 - - [12/Oct/2022:04:08:04 +0200] "GET /luminous-earth-globe-decoration-p-52914.html HTTP/1.0" 200 75640 "-" "Mozilla/5.0 (compatible; BLEXBot/1.0; +http://webmeup-crawler.com/)"
157.90.177.217 - - [12/Oct/2022:04:08:19 +0200] "GET /luminous-earth-globe-decoration-p-52915.html HTTP/1.0" 200 75851 "-" "Mozilla/5.0 (compatible; BLEXBot/1.0; +http://webmeup-crawler.com/)"
185.191.171.43 - - [12/Oct/2022:04:08:26 +0200] "GET /small-candle-sanctuary-p-57845.html HTTP/1.0" 200 76208 "-" "Mozilla/5.0 (compatible; SemrushBot/7~bl; +http://www.semrush.com/bot.html)"
157.90.177.217 - - [12/Oct/2022:04:08:33 +0200] "GET /luminous-earth-globe-decoration-p-58452.html HTTP/1.0" 200 75849 "-" "Mozilla/5.0 (compatible; BLEXBot/1.0; +http://webmeup-crawler.com/)"
157.90.177.217 - - [12/Oct/2022:04:08:46 +0200] "GET /luminous-earth-globe-decoration-p-58453.html HTTP/1.0" 200 75849 "-" "Mozilla/5.0 (compatible; BLEXBot/1.0; +http://webmeup-crawler.com/)"
54.36.148.41 - - [12/Oct/2022:04:08:59 +0200] "GET /decorative-baskets-black-p-58600.html HTTP/1.0" 200 76212 "-" "Mozilla/5.0 (compatible; AhrefsBot/7.0; +http://ahrefs.com/robot/)"
157.90.177.217 - - [12/Oct/2022:04:09:00 +0200] "GET /luminous-globe-p-51891.html HTTP/1.0" 200 75544 "-" "Mozilla/5.0 (compatible; BLEXBot/1.0; +http://webmeup-crawler.com/)"
54.36.148.12 - - [12/Oct/2022:04:09:03 +0200] "GET /images/big_prod_1/8424345631354a.jpg HTTP/1.0" 200 271 "-" "Mozilla/5.0 (compatible; AhrefsBot/7.0; +http://ahrefs.com/robot/)"
20.99.255.235 - - [12/Oct/2022:04:09:03 +0200] "GET /images/big_prod/1384010200742.jpg HTTP/1.0" 200 268 "-" "DuckDuckBot/1.1; (+http://duckduckgo.com/duckduckbot.html)"
54.36.148.101 - - [12/Oct/2022:04:09:04 +0200] "GET /images/big_prod/8424345631354.jpg HTTP/1.0" 200 268 "-" "Mozilla/5.0 (compatible; AhrefsBot/7.0; +http://ahrefs.com/robot/)"
98.246.93.226 - - [12/Oct/2022:04:09:05 +0200] "GET /gund-mini-cat-sound-plush-beige-p-36874.html HTTP/1.0" 301 72452 "https://duckduckgo.com/" "Mozilla/5.0 (Linux; Android 11; SAMSUNG SM-A205U1) AppleWebKit/537.36 (KHTML, like Gecko) SamsungBrowser/18.0 Chrome/99.0.4844.88 Mobile Safari/537.36"
98.246.93.226 - - [12/Oct/2022:04:09:07 +0200] "GET /gund-mini-sound-plush-beige-p-36874.html HTTP/1.0" 200 72358 "https://duckduckgo.com/" "Mozilla/5.0 (Linux; Android 11; SAMSUNG SM-A205U1) AppleWebKit/537.36 (KHTML, like Gecko) SamsungBrowser/18.0 Chrome/99.0.4844.88 Mobile Safari/537.36"
98.246.93.226 - - [12/Oct/2022:04:09:08 +0200] "GET /templates/Pixame_v1/stylesheet.css HTTP/1.0" 200 267 "http://www.wonder-geek.com/gund-mini-sound-plush-beige-p-36874.html" "Mozilla/5.0 (Linux; Android 11; SAMSUNG SM-A205U1) AppleWebKit/537.36 (KHTML, like Gecko) SamsungBrowser/18.0 Chrome/99.0.4844.88 Mobile Safari/537.36"
98.246.93.226 - - [12/Oct/2022:04:09:08 +0200] "GET /highslide/highslide.js HTTP/1.0" 200 262 "http://www.wonder-geek.com/gund-mini-sound-plush-beige-p-36874.html" "Mozilla/5.0 (Linux; Android 11; SAMSUNG SM-A205U1) AppleWebKit/537.36 (KHTML, like Gecko) SamsungBrowser/18.0 Chrome/99.0.4844.88 Mobile Safari/537.36"
98.246.93.226 - - [12/Oct/2022:04:09:08 +0200] "GET /js/jquery.js HTTP/1.0" 200 252 "http://www.wonder-geek.com/gund-mini-sound-plush-beige-p-36874.html" "Mozilla/5.0 (Linux; Android 11; SAMSUNG SM-A205U1) AppleWebKit/537.36 (KHTML, like Gecko) SamsungBrowser/18.0 Chrome/99.0.4844.88 Mobile Safari/537.36"
98.246.93.226 - - [12/Oct/2022:04:09:08 +0200] "GET /js/jquery.jqzoom.js HTTP/1.0" 200 259 "http://www.wonder-geek.com/gund-mini-sound-plush-beige-p-36874.html" "Mozilla/5.0 (Linux; Android 11; SAMSUNG SM-A205U1) AppleWebKit/537.36 (KHTML, like Gecko) SamsungBrowser/18.0 Chrome/99.0.4844.88 Mobile Safari/537.36"
98.246.93.226 - - [12/Oct/2022:04:09:08 +0200] "GET /mondial_relay/js/jquery-1.3.2.min.js HTTP/1.0" 200 276 "http://www.wonder-geek.com/gund-mini-sound-plush-beige-p-36874.html" "Mozilla/5.0 (Linux; Android 11; SAMSUNG SM-A205U1) AppleWebKit/537.36 (KHTML, like Gecko) SamsungBrowser/18.0 Chrome/99.0.4844.88 Mobile Safari/537.36"
98.246.93.226 - - [12/Oct/2022:04:09:11 +0200] "GET /gund-mini-sound-plush-beige-p-36874.html HTTP/1.0" 200 72358 "https://duckduckgo.com/" "Mozilla/5.0 (Linux; Android 11; SAMSUNG SM-A205U1) AppleWebKit/537.36 (KHTML, like Gecko) SamsungBrowser/18.0 Chrome/99.0.4844.88 Mobile Safari/537.36"
98.246.93.226 - - [12/Oct/2022:04:09:13 +0200] "GET /templates/Pixame_v1/stylesheet.css HTTP/1.0" 200 267 "http://www.wonder-geek.com/gund-mini-sound-plush-beige-p-36874.html" "Mozilla/5.0 (Linux; Android 11; SAMSUNG SM-A205U1) AppleWebKit/537.36 (KHTML, like Gecko) SamsungBrowser/18.0 Chrome/99.0.4844.88 Mobile Safari/537.36"
98.246.93.226 - - [12/Oct/2022:04:09:13 +0200] "GET /highslide/highslide.js HTTP/1.0" 200 262 "http://www.wonder-geek.com/gund-mini-sound-plush-beige-p-36874.html" "Mozilla/5.0 (Linux; Android 11; SAMSUNG SM-A205U1) AppleWebKit/537.36 (KHTML, like Gecko) SamsungBrowser/18.0 Chrome/99.0.4844.88 Mobile Safari/537.36"
98.246.93.226 - - [12/Oct/2022:04:09:13 +0200] "GET /templates/Pixame_v1/stylesheet.css HTTP/1.0" 200 267 "http://www.wonder-geek.com/gund-mini-sound-plush-beige-p-36874.html" "Mozilla/5.0 (Linux; Android 11; SAMSUNG SM-A205U1) AppleWebKit/537.36 (KHTML, like Gecko) SamsungBrowser/18.0 Chrome/99.0.4844.88 Mobile Safari/537.36"
98.246.93.226 - - [12/Oct/2022:04:09:13 +0200] "GET /js/jquery.js HTTP/1.0" 200 252 "http://www.wonder-geek.com/gund-mini-sound-plush-beige-p-36874.html" "Mozilla/5.0 (Linux; Android 11; SAMSUNG SM-A205U1) AppleWebKit/537.36 (KHTML, like Gecko) SamsungBrowser/18.0 Chrome/99.0.4844.88 Mobile Safari/537.36"
98.246.93.226 - - [12/Oct/2022:04:09:13 +0200] "GET /mondial_relay/js/jquery-1.3.2.min.js HTTP/1.0" 200 276 "http://www.wonder-geek.com/gund-mini-sound-plush-beige-p-36874.html" "Mozilla/5.0 (Linux; Android 11; SAMSUNG SM-A205U1) AppleWebKit/537.36 (KHTML, like Gecko) SamsungBrowser/18.0 Chrome/99.0.4844.88 Mobile Safari/537.36"
98.246.93.226 - - [12/Oct/2022:04:09:13 +0200] "GET /highslide/highslide.js HTTP/1.0" 200 262 "http://www.wonder-geek.com/gund-mini-sound-plush-beige-p-36874.html" "Mozilla/5.0 (Linux; Android 11; SAMSUNG SM-A205U1) AppleWebKit/537.36 (KHTML, like Gecko) SamsungBrowser/18.0 Chrome/99.0.4844.88 Mobile Safari/537.36"
98.246.93.226 - - [12/Oct/2022:04:09:13 +0200] "GET /js/jquery.js HTTP/1.0" 200 252 "http://www.wonder-geek.com/gund-mini-sound-plush-beige-p-36874.html" "Mozilla/5.0 (Linux; Android 11; SAMSUNG SM-A205U1) AppleWebKit/537.36 (KHTML, like Gecko) SamsungBrowser/18.0 Chrome/99.0.4844.88 Mobile Safari/537.36"
98.246.93.226 - - [12/Oct/2022:04:09:13 +0200] "GET /mondial_relay/js/jquery-1.3.2.min.js HTTP/1.0" 200 276 "http://www.wonder-geek.com/gund-mini-sound-plush-beige-p-36874.html" "Mozilla/5.0 (Linux; Android 11; SAMSUNG SM-A205U1) AppleWebKit/537.36 (KHTML, like Gecko) SamsungBrowser/18.0 Chrome/99.0.4844.88 Mobile Safari/537.36"
98.246.93.226 - - [12/Oct/2022:04:09:13 +0200] "GET /swfobject.js HTTP/1.0" 404 1308 "http://www.wonder-geek.com/gund-mini-sound-plush-beige-p-36874.html" "Mozilla/5.0 (Linux; Android 11; SAMSUNG SM-A205U1) AppleWebKit/537.36 (KHTML, like Gecko) SamsungBrowser/18.0 Chrome/99.0.4844.88 Mobile Safari/537.36"
98.246.93.226 - - [12/Oct/2022:04:09:13 +0200] "GET /templates/Pixame_v1/images/icon_accueil2.png HTTP/1.0" 200 278 "http://www.wonder-geek.com/gund-mini-sound-plush-beige-p-36874.html" "Mozilla/5.0 (Linux; Android 11; SAMSUNG SM-A205U1) AppleWebKit/537.36 (KHTML, like Gecko) SamsungBrowser/18.0 Chrome/99.0.4844.88 Mobile Safari/537.36"
98.246.93.226 - - [12/Oct/2022:04:09:13 +0200] "GET /images/pixel_trans.gif HTTP/1.0" 200 328 "http://www.wonder-geek.com/gund-mini-sound-plush-beige-p-36874.html" "Mozilla/5.0 (Linux; Android 11; SAMSUNG SM-A205U1) AppleWebKit/537.36 (KHTML, like Gecko) SamsungBrowser/18.0 Chrome/99.0.4844.88 Mobile Safari/537.36"
98.246.93.226 - - [12/Oct/2022:04:09:13 +0200] "GET /templates/Pixame_v1/images/infobox/pixel_trans.gif HTTP/1.0" 200 328 "http://www.wonder-geek.com/gund-mini-sound-plush-beige-p-36874.html" "Mozilla/5.0 (Linux; Android 11; SAMSUNG SM-A205U1) AppleWebKit/537.36 (KHTML, like Gecko) SamsungBrowser/18.0 Chrome/99.0.4844.88 Mobile Safari/537.36"
98.246.93.226 - - [12/Oct/2022:04:09:14 +0200] "GET /templates/Pixame_v1/images/pixel_trans.gif HTTP/1.0" 200 328 "http://www.wonder-geek.com/gund-mini-sound-plush-beige-p-36874.html" "Mozilla/5.0 (Linux; Android 11; SAMSUNG SM-A205U1) AppleWebKit/537.36 (KHTML, like Gecko) SamsungBrowser/18.0 Chrome/99.0.4844.88 Mobile Safari/537.36"
98.246.93.226 - - [12/Oct/2022:04:09:14 +0200] "GET /templates/Pixame_v1/images/buttons/english/button_continue.gif HTTP/1.0" 200 1264 "http://www.wonder-geek.com/gund-mini-sound-plush-beige-p-36874.html" "Mozilla/5.0 (Linux; Android 11; SAMSUNG SM-A205U1) AppleWebKit/537.36 (KHTML, like Gecko) SamsungBrowser/18.0 Chrome/99.0.4844.88 Mobile Safari/537.36"
98.246.93.226 - - [12/Oct/2022:04:09:14 +0200] "GET /templates/Pixame_v1/images/Middle_texture.jpg HTTP/1.0" 200 280 "http://www.wonder-geek.com/templates/Pixame_v1/stylesheet.css" "Mozilla/5.0 (Linux; Android 11; SAMSUNG SM-A205U1) AppleWebKit/537.36 (KHTML, like Gecko) SamsungBrowser/18.0 Chrome/99.0.4844.88 Mobile Safari/537.36"
98.246.93.226 - - [12/Oct/2022:04:09:14 +0200] "GET /templates/Pixame_v1/images/header-object.png HTTP/1.0" 200 278 "http://www.wonder-geek.com/templates/Pixame_v1/stylesheet.css" "Mozilla/5.0 (Linux; Android 11; SAMSUNG SM-A205U1) AppleWebKit/537.36 (KHTML, like Gecko) SamsungBrowser/18.0 Chrome/99.0.4844.88 Mobile Safari/537.36"
98.246.93.226 - - [12/Oct/2022:04:09:14 +0200] "GET /templates/Pixame_v1/images/nav.png HTTP/1.0" 200 268 "http://www.wonder-geek.com/templates/Pixame_v1/stylesheet.css" "Mozilla/5.0 (Linux; Android 11; SAMSUNG SM-A205U1) AppleWebKit/537.36 (KHTML, like Gecko) SamsungBrowser/18.0 Chrome/99.0.4844.88 Mobile Safari/537.36"
98.246.93.226 - - [12/Oct/2022:04:09:14 +0200] "GET /templates/Pixame_v1/images/Bottom_texture.jpg HTTP/1.0" 200 280 "http://www.wonder-geek.com/templates/Pixame_v1/stylesheet.css" "Mozilla/5.0 (Linux; Android 11; SAMSUNG SM-A205U1) AppleWebKit/537.36 (KHTML, like Gecko) SamsungBrowser/18.0 Chrome/99.0.4844.88 Mobile Safari/537.36"
98.246.93.226 - - [12/Oct/2022:04:09:14 +0200] "GET /templates/Pixame_v1/images/header.png HTTP/1.0" 200 271 "http://www.wonder-geek.com/templates/Pixame_v1/stylesheet.css" "Mozilla/5.0 (Linux; Android 11; SAMSUNG SM-A205U1) AppleWebKit/537.36 (KHTML, like Gecko) SamsungBrowser/18.0 Chrome/99.0.4844.88 Mobile Safari/537.36"
98.246.93.226 - - [12/Oct/2022:04:09:14 +0200] "GET /design/productsenstock.png HTTP/1.0" 200 260 "http://www.wonder-geek.com/templates/Pixame_v1/stylesheet.css" "Mozilla/5.0 (Linux; Android 11; SAMSUNG SM-A205U1) AppleWebKit/537.36 (KHTML, like Gecko) SamsungBrowser/18.0 Chrome/99.0.4844.88 Mobile Safari/537.36"
98.246.93.226 - - [12/Oct/2022:04:09:14 +0200] "GET /templates/Pixame_v1/images/infobox/infobox_footer_middle.gif HTTP/1.0" 200 357 "http://www.wonder-geek.com/gund-mini-sound-plush-beige-p-36874.html" "Mozilla/5.0 (Linux; Android 11; SAMSUNG SM-A205U1) AppleWebKit/537.36 (KHTML, like Gecko) SamsungBrowser/18.0 Chrome/99.0.4844.88 Mobile Safari/537.36"
98.246.93.226 - - [12/Oct/2022:04:09:15 +0200] "GET /highslide/graphics/outlines/drop-shadow.png HTTP/1.0" 200 277 "http://www.wonder-geek.com/gund-mini-sound-plush-beige-p-36874.html" "Mozilla/5.0 (Linux; Android 11; SAMSUNG SM-A205U1) AppleWebKit/537.36 (KHTML, like Gecko) SamsungBrowser/18.0 Chrome/99.0.4844.88 Mobile Safari/537.36"
98.246.93.226 - - [12/Oct/2022:04:09:15 +0200] "GET /highslide/graphics/zoomout.cur HTTP/1.0" 200 614 "http://www.wonder-geek.com/gund-mini-sound-plush-beige-p-36874.html" "Mozilla/5.0 (Linux; Android 11; SAMSUNG SM-A205U1) AppleWebKit/537.36 (KHTML, like Gecko) SamsungBrowser/18.0 Chrome/99.0.4844.88 Mobile Safari/537.36"
98.246.93.226 - - [12/Oct/2022:04:09:15 +0200] "GET /highslide/graphics/loader.white.gif HTTP/1.0" 200 960 "http://www.wonder-geek.com/templates/Pixame_v1/stylesheet.css" "Mozilla/5.0 (Linux; Android 11; SAMSUNG SM-A205U1) AppleWebKit/537.36 (KHTML, like Gecko) SamsungBrowser/18.0 Chrome/99.0.4844.88 Mobile Safari/537.36"
98.246.93.226 - - [12/Oct/2022:04:09:15 +0200] "GET /favicon.ico HTTP/1.0" 200 260 "http://www.wonder-geek.com/gund-mini-sound-plush-beige-p-36874.html" "Mozilla/5.0 (Linux; Android 11; SAMSUNG SM-A205U1) AppleWebKit/537.36 (KHTML, like Gecko) SamsungBrowser/18.0 Chrome/99.0.4844.88 Mobile Safari/537.36"
185.191.171.21 - - [12/Oct/2022:04:09:15 +0200] "GET /ceramic-incense-burner-p-58423.html HTTP/1.0" 200 75646 "-" "Mozilla/5.0 (compatible; SemrushBot/7~bl; +http://www.semrush.com/bot.html)"
157.90.177.217 - - [12/Oct/2022:04:09:15 +0200] "GET /luna-disney-apron-chef-p-37538.html HTTP/1.0" 200 74939 "-" "Mozilla/5.0 (compatible; BLEXBot/1.0; +http://webmeup-crawler.com/)"
185.191.171.8 - - [12/Oct/2022:04:09:24 +0200] "GET /star-wars-inflatable-swimming-ring-p-34885.html HTTP/1.0" 200 72409 "-" "Mozilla/5.0 (compatible; SemrushBot/7~bl; +http://www.semrush.com/bot.html)"
157.90.177.217 - - [12/Oct/2022:04:09:30 +0200] "GET /luna-disney-pencil-case-p-40869.html HTTP/1.0" 200 74968 "-" "Mozilla/5.0 (compatible; BLEXBot/1.0; +http://webmeup-crawler.com/)"
66.249.64.246 - - [12/Oct/2022:04:09:30 +0200] "GET /lover-pouch-kiub-collection-p-54784.html HTTP/1.0" 200 75159 "-" "Mozilla/5.0 (compatible; Googlebot/2.1; +http://www.google.com/bot.html)"
157.90.177.217 - - [12/Oct/2022:04:09:44 +0200] "GET /lunch-children-jasmin-p-36773.html HTTP/1.0" 200 75159 "-" "Mozilla/5.0 (compatible; BLEXBot/1.0; +http://webmeup-crawler.com/)"
47.94.243.250 - - [12/Oct/2022:04:09:48 +0200] "GET /images/mini_prod/3520071393681.jpg HTTP/1.0" 200 269 "-" "Mozilla/5.0 (Macintosh; Intel Mac OS X 10_15_7) AppleWebKit/537.36 (KHTML, like Gecko) Chrome/105.0.0.0 Safari/537.36"
66.249.64.242 - - [12/Oct/2022:04:09:47 +0200] "GET /lover-pouch-kiub-collection-p-54784.html HTTP/1.0" 200 75159 "-" "Mozilla/5.0 (Linux; Android 6.0.1; Nexus 5X Build/MMB29P) AppleWebKit/537.36 (KHTML, like Gecko) Chrome/106.0.5249.103 Mobile Safari/537.36 (compatible; Googlebot/2.1; +http://www.google.com/bot.html)"
185.191.171.35 - - [12/Oct/2022:04:09:49 +0200] "GET /corsica-wall-decoration-p-48235.html HTTP/1.0" 200 72330 "-" "Mozilla/5.0 (compatible; SemrushBot/7~bl; +http://www.semrush.com/bot.html)"
66.249.64.242 - - [12/Oct/2022:04:09:57 +0200] "GET /coca-cola-round-pencil-case-p-12394.html HTTP/1.0" 200 74921 "-" "Mozilla/5.0 (Linux; Android 6.0.1; Nexus 5X Build/MMB29P) AppleWebKit/537.36 (KHTML, like Gecko) Chrome/106.0.5249.103 Mobile Safari/537.36 (compatible; Googlebot/2.1; +http://www.google.com/bot.html)"
157.90.177.217 - - [12/Oct/2022:04:09:58 +0200] "GET /lyon-black-shirt-p-31275.html HTTP/1.0" 200 76810 "-" "Mozilla/5.0 (compatible; BLEXBot/1.0; +http://webmeup-crawler.com/)"
66.249.64.242 - - [12/Oct/2022:04:10:00 +0200] "GET /images/med_prod/1399984288979.jpg HTTP/1.0" 200 268 "-" "Googlebot-Image/1.0"
157.90.177.217 - - [12/Oct/2022:04:10:12 +0200] "GET /lyon-isothermic-stainless-steel-bottle-cbkreation-p-50976.html HTTP/1.0" 200 75125 "-" "Mozilla/5.0 (compatible; BLEXBot/1.0; +http://webmeup-crawler.com/)"
185.191.171.7 - - [12/Oct/2022:04:10:14 +0200] "GET /tree-life-zippo-lighter-p-56303.html HTTP/1.0" 200 76120 "-" "Mozilla/5.0 (compatible; SemrushBot/7~bl; +http://www.semrush.com/bot.html)"
54.36.148.203 - - [12/Oct/2022:04:10:21 +0200] "GET /stationery-cardmaking-c-129.html?page=30 HTTP/1.0" 200 94771 "-" "Mozilla/5.0 (compatible; AhrefsBot/7.0; +http://ahrefs.com/robot/)"
93.158.161.6 - - [12/Oct/2022:04:10:27 +0200] "GET /images/med_prod/8718375750858.jpg HTTP/1.0" 200 268 "-" "Mozilla/5.0 (compatible; YandexImages/3.0; +http://yandex.com/bots)"
157.90.177.217 - - [12/Oct/2022:04:10:25 +0200] "GET /lyon-kitchen-towel-p-38796.html HTTP/1.0" 200 74839 "-" "Mozilla/5.0 (compatible; BLEXBot/1.0; +http://webmeup-crawler.com/)"
185.191.171.1 - - [12/Oct/2022:04:10:32 +0200] "GET /mystic-skull-moneybox-p-52262.html HTTP/1.0" 200 74869 "-" "Mozilla/5.0 (compatible; SemrushBot/7~bl; +http://www.semrush.com/bot.html)"
157.90.177.217 - - [12/Oct/2022:04:10:39 +0200] "GET /lyon-shirt-p-31274.html HTTP/1.0" 200 76758 "-" "Mozilla/5.0 (compatible; BLEXBot/1.0; +http://webmeup-crawler.com/)"
157.90.177.217 - - [12/Oct/2022:04:10:53 +0200] "GET /lyon-training-bottle-cbkreation-p-31270.html HTTP/1.0" 200 75214 "-" "Mozilla/5.0 (compatible; BLEXBot/1.0; +http://webmeup-crawler.com/)"
157.90.177.217 - - [12/Oct/2022:04:11:07 +0200] "GET /lyon-white-shirt-p-31276.html HTTP/1.0" 200 76800 "-" "Mozilla/5.0 (compatible; BLEXBot/1.0; +http://webmeup-crawler.com/)"
157.90.177.217 - - [12/Oct/2022:04:11:20 +0200] "GET /lyon-white-women-shirt-p-31278.html HTTP/1.0" 200 76893 "-" "Mozilla/5.0 (compatible; BLEXBot/1.0; +http://webmeup-crawler.com/)"
157.90.177.217 - - [12/Oct/2022:04:11:34 +0200] "GET /lyon-women-black-shirt-p-31277.html HTTP/1.0" 200 76869 "-" "Mozilla/5.0 (compatible; BLEXBot/1.0; +http://webmeup-crawler.com/)"
54.36.148.16 - - [12/Oct/2022:04:11:39 +0200] "GET /klimt-adult-apron-p-51192.html HTTP/1.0" 200 74819 "-" "Mozilla/5.0 (compatible; AhrefsBot/7.0; +http://ahrefs.com/robot/)"
157.55.39.231 - - [12/Oct/2022:04:11:45 +0200] "GET /-p-40363.html HTTP/1.0" 200 72248 "-" "Mozilla/5.0 (compatible; bingbot/2.0; +http://www.bing.com/bingbot.htm)"
157.90.177.217 - - [12/Oct/2022:04:11:48 +0200] "GET /macarons-adult-apron-p-44188.html HTTP/1.0" 200 74839 "-" "Mozilla/5.0 (compatible; BLEXBot/1.0; +http://webmeup-crawler.com/)"
157.90.177.217 - - [12/Oct/2022:04:12:02 +0200] "GET /macaroons-cbkreation-p-13975.html HTTP/1.0" 200 74875 "-" "Mozilla/5.0 (compatible; BLEXBot/1.0; +http://webmeup-crawler.com/)"
185.191.171.13 - - [12/Oct/2022:04:12:13 +0200] "GET /round-chair-cushion-reversible-pearl-grey-p-54650.html HTTP/1.0" 200 75931 "-" "Mozilla/5.0 (compatible; SemrushBot/7~bl; +http://www.semrush.com/bot.html)"
185.191.171.24 - - [12/Oct/2022:04:12:17 +0200] "GET /bulldog-statue-p-58606.html HTTP/1.0" 200 75853 "-" "Mozilla/5.0 (compatible; SemrushBot/7~bl; +http://www.semrush.com/bot.html)"
157.90.177.217 - - [12/Oct/2022:04:12:19 +0200] "GET /macaroons-mouse-cbkreation-p-13989.html HTTP/1.0" 200 74876 "-" "Mozilla/5.0 (compatible; BLEXBot/1.0; +http://webmeup-crawler.com/)"
17.121.112.188 - - [12/Oct/2022:04:12:26 +0200] "GET /white-decorative-statue-p-31563.html HTTP/1.0" 200 75042 "-" "Mozilla/5.0 (Macintosh; Intel Mac OS X 10_15_5) AppleWebKit/605.1.15 (KHTML, like Gecko) Version/13.1.1 Safari/605.1.15 (Applebot/0.1; +http://www.apple.com/go/applebot)"
