216.244.66.242 - - [12/Oct/2022:13:17:57 +0200] "GET /coca-cola-blue-metal-plate-30-20-cm-p-37156.html HTTP/1.0" 301 75063 "-" "Mozilla/5.0 (compatible; DotBot/1.2; +https://opensiteexplorer.org/dotbot; help@moz.com)"
157.90.177.217 - - [12/Oct/2022:13:17:58 +0200] "GET /route-logo-metal-magnet-p-8188.html HTTP/1.0" 200 74879 "-" "Mozilla/5.0 (compatible; BLEXBot/1.0; +http://webmeup-crawler.com/)"
54.36.148.86 - - [12/Oct/2022:13:18:06 +0200] "GET /kori-kumi-green-wallet-p-30493.html HTTP/1.0" 200 74908 "-" "Mozilla/5.0 (compatible; AhrefsBot/7.0; +http://ahrefs.com/robot/)"
216.244.66.242 - - [12/Oct/2022:13:18:07 +0200] "GET /croissant-and-cupcake-cutting-board-p-35943.html HTTP/1.0" 301 75066 "-" "Mozilla/5.0 (compatible; DotBot/1.2; +https://opensiteexplorer.org/dotbot; help@moz.com)"
66.249.64.242 - - [12/Oct/2022:13:18:11 +0200] "GET /set-of-psg-ceramic-espresso-cups-p-43484.html HTTP/1.0" 301 72392 "-" "Mozilla/5.0 (Linux; Android 6.0.1; Nexus 5X Build/MMB29P) AppleWebKit/537.36 (KHTML, like Gecko) Chrome/106.0.5249.103 Mobile Safari/537.36 (compatible; Googlebot/2.1; +http://www.google.com/bot.html)"
66.249.64.242 - - [12/Oct/2022:13:18:13 +0200] "GET /ceramic-espresso-cups-p-43484.html HTTP/1.0" 200 72304 "-" "Mozilla/5.0 (Linux; Android 6.0.1; Nexus 5X Build/MMB29P) AppleWebKit/537.36 (KHTML, like Gecko) Chrome/106.0.5249.103 Mobile Safari/537.36 (compatible; Googlebot/2.1; +http://www.google.com/bot.html)"
216.244.66.242 - - [12/Oct/2022:13:18:18 +0200] "GET /provence-little-tray-20-14-cm-p-44549.html HTTP/1.0" 301 75054 "-" "Mozilla/5.0 (compatible; DotBot/1.2; +https://opensiteexplorer.org/dotbot; help@moz.com)"
157.90.177.217 - - [12/Oct/2022:13:18:19 +0200] "GET /route-metal-clock-p-44430.html HTTP/1.0" 200 74928 "-" "Mozilla/5.0 (compatible; BLEXBot/1.0; +http://webmeup-crawler.com/)"
216.244.66.242 - - [12/Oct/2022:13:18:27 +0200] "GET /owl-wall-decoration-24-cm-yellow-model-p-38570.html HTTP/1.0" 301 75128 "-" "Mozilla/5.0 (compatible; DotBot/1.2; +https://opensiteexplorer.org/dotbot; help@moz.com)"
157.90.177.217 - - [12/Oct/2022:13:18:36 +0200] "GET /route-metal-magnet-p-10804.html HTTP/1.0" 200 74807 "-" "Mozilla/5.0 (compatible; BLEXBot/1.0; +http://webmeup-crawler.com/)"
216.244.66.242 - - [12/Oct/2022:13:18:37 +0200] "GET /tetsubin-orange-teapot-japanese-11-liter-p-38426.html HTTP/1.0" 301 75339 "-" "Mozilla/5.0 (compatible; DotBot/1.2; +https://opensiteexplorer.org/dotbot; help@moz.com)"
66.249.64.242 - - [12/Oct/2022:13:18:40 +0200] "GET /anniv-card-p-20021.html HTTP/1.0" 200 74877 "-" "Mozilla/5.0 (compatible; Googlebot/2.1; +http://www.google.com/bot.html)"
157.90.177.217 - - [12/Oct/2022:13:18:51 +0200] "GET /route-metal-plate-p-33716.html HTTP/1.0" 200 74904 "-" "Mozilla/5.0 (compatible; BLEXBot/1.0; +http://webmeup-crawler.com/)"
157.90.177.217 - - [12/Oct/2022:13:19:07 +0200] "GET /route-mini-magnet-mirror-p-19662.html HTTP/1.0" 200 74956 "-" "Mozilla/5.0 (compatible; BLEXBot/1.0; +http://webmeup-crawler.com/)"
157.90.177.217 - - [12/Oct/2022:13:19:23 +0200] "GET /route-mirror-p-32544.html HTTP/1.0" 200 74812 "-" "Mozilla/5.0 (compatible; BLEXBot/1.0; +http://webmeup-crawler.com/)"
49.232.53.170 - - [12/Oct/2022:13:19:31 +0200] "GET /images/mini_prod/rayeparme.jpg HTTP/1.0" 200 265 "-" "python-requests/2.27.1"
54.36.149.53 - - [12/Oct/2022:13:19:31 +0200] "GET /small-round-table-with-earthenware-tray-p-49606.html HTTP/1.0" 200 76442 "-" "Mozilla/5.0 (compatible; AhrefsBot/7.0; +http://ahrefs.com/robot/)"
54.36.149.63 - - [12/Oct/2022:13:19:34 +0200] "GET /images/big_prod_2/8717318200443b.jpg HTTP/1.0" 200 271 "-" "Mozilla/5.0 (compatible; AhrefsBot/7.0; +http://ahrefs.com/robot/)"
54.36.148.41 - - [12/Oct/2022:13:19:34 +0200] "GET /images/big_prod_4/8717318200467c.jpg HTTP/1.0" 200 271 "-" "Mozilla/5.0 (compatible; AhrefsBot/7.0; +http://ahrefs.com/robot/)"
54.36.148.201 - - [12/Oct/2022:13:19:34 +0200] "GET /images/big_prod/8717318200467.jpg HTTP/1.0" 200 268 "-" "Mozilla/5.0 (compatible; AhrefsBot/7.0; +http://ahrefs.com/robot/)"
54.36.148.194 - - [12/Oct/2022:13:19:34 +0200] "GET /images/big_prod_3/8717318200467b.jpg HTTP/1.0" 200 271 "-" "Mozilla/5.0 (compatible; AhrefsBot/7.0; +http://ahrefs.com/robot/)"
54.36.149.9 - - [12/Oct/2022:13:19:34 +0200] "GET /images/big_prod_1/8717318200467a.jpg HTTP/1.0" 200 271 "-" "Mozilla/5.0 (compatible; AhrefsBot/7.0; +http://ahrefs.com/robot/)"
157.90.177.217 - - [12/Oct/2022:13:19:38 +0200] "GET /route-mirror-p-37752.html HTTP/1.0" 200 74814 "-" "Mozilla/5.0 (compatible; BLEXBot/1.0; +http://webmeup-crawler.com/)"
51.68.224.127 - - [12/Oct/2022:13:19:40 +0200] "GET /adminweb/export_orders_xml.php?token=256de2z6edz6ed2z6DFSFsed2zed6zeDSFDSGdzedezfzf&maxorders=10&orderstart=1&status=14&start_date=2018-10-01 HTTP/1.0" 200 285 "-" "GesCom CharlotteBoutik Serveur"
51.68.224.127 - - [12/Oct/2022:13:19:40 +0200] "GET /adminweb/export_orders_xml.php?token=256de2z6edz6ed2z6DFSFsed2zed6zeDSFDSGdzedezfzf&maxorders=10&orderstart=1&status=6&start_date=2018-10-01 HTTP/1.0" 200 33985 "-" "GesCom CharlotteBoutik Serveur"
185.191.171.4 - - [12/Oct/2022:13:19:54 +0200] "GET /robots.txt HTTP/1.0" 200 245 "-" "Mozilla/5.0 (compatible; SemrushBot/7~bl; +http://www.semrush.com/bot.html)"
157.90.177.217 - - [12/Oct/2022:13:19:54 +0200] "GET /route-pictures-metal-magnet-p-10805.html HTTP/1.0" 200 74879 "-" "Mozilla/5.0 (compatible; BLEXBot/1.0; +http://webmeup-crawler.com/)"
185.191.171.24 - - [12/Oct/2022:13:19:55 +0200] "GET /kori-kumi-small-notepad-p-30498.html HTTP/1.0" 200 74936 "-" "Mozilla/5.0 (compatible; SemrushBot/7~bl; +http://www.semrush.com/bot.html)"
157.90.177.217 - - [12/Oct/2022:13:20:10 +0200] "GET /route-shoulder-p-7845.html HTTP/1.0" 200 75099 "-" "Mozilla/5.0 (compatible; BLEXBot/1.0; +http://webmeup-crawler.com/)"
157.90.177.217 - - [12/Oct/2022:13:20:25 +0200] "GET /royal-burgundy-ceramic-tealight-p-42172.html HTTP/1.0" 200 75659 "-" "Mozilla/5.0 (compatible; BLEXBot/1.0; +http://webmeup-crawler.com/)"
185.191.171.7 - - [12/Oct/2022:13:20:36 +0200] "GET /retro-blue-eyeglass-case-p-30017.html HTTP/1.0" 200 74970 "-" "Mozilla/5.0 (compatible; SemrushBot/7~bl; +http://www.semrush.com/bot.html)"
157.90.177.217 - - [12/Oct/2022:13:20:41 +0200] "GET /royal-guests-three-fairies-figurine-p-45967.html HTTP/1.0" 200 76323 "-" "Mozilla/5.0 (compatible; BLEXBot/1.0; +http://webmeup-crawler.com/)"
66.249.64.242 - - [12/Oct/2022:13:20:43 +0200] "GET /ceramic-flower-p-55822.html HTTP/1.0" 200 75433 "-" "Mozilla/5.0 (compatible; Googlebot/2.1; +http://www.google.com/bot.html)"
66.249.64.244 - - [12/Oct/2022:13:20:53 +0200] "GET /hello-kitty-hair-clips-p-13576.html HTTP/1.0" 200 74986 "-" "Mozilla/5.0 (compatible; Googlebot/2.1; +http://www.google.com/bot.html)"
157.90.177.217 - - [12/Oct/2022:13:20:57 +0200] "GET /royal-peacock-mini-rectangular-tray-p-58507.html HTTP/1.0" 200 75683 "-" "Mozilla/5.0 (compatible; BLEXBot/1.0; +http://webmeup-crawler.com/)"
54.36.148.82 - - [12/Oct/2022:13:20:58 +0200] "GET /little-buddha-collection-statuette-p-53290.html HTTP/1.0" 200 72374 "-" "Mozilla/5.0 (compatible; AhrefsBot/7.0; +http://ahrefs.com/robot/)"
66.249.64.244 - - [12/Oct/2022:13:21:03 +0200] "GET /images/big_prod/3453131138741.jpg HTTP/1.0" 200 268 "-" "Googlebot-Image/1.0"
157.90.177.217 - - [12/Oct/2022:13:21:14 +0200] "GET /rparation-express-steel-sign-p-47538.html HTTP/1.0" 200 75013 "-" "Mozilla/5.0 (compatible; BLEXBot/1.0; +http://webmeup-crawler.com/)"
157.90.177.217 - - [12/Oct/2022:13:21:30 +0200] "GET /rtablissement-figurine-decorative-p-38728.html HTTP/1.0" 200 75142 "-" "Mozilla/5.0 (compatible; BLEXBot/1.0; +http://webmeup-crawler.com/)"
185.191.171.45 - - [12/Oct/2022:13:21:33 +0200] "GET /jesus-prayer-candle-p-48668.html HTTP/1.0" 200 72314 "-" "Mozilla/5.0 (compatible; SemrushBot/7~bl; +http://www.semrush.com/bot.html)"
157.90.177.217 - - [12/Oct/2022:13:21:46 +0200] "GET /rtro-beer-caps-collector-p-58135.html HTTP/1.0" 200 75680 "-" "Mozilla/5.0 (compatible; BLEXBot/1.0; +http://webmeup-crawler.com/)"
157.90.177.217 - - [12/Oct/2022:13:22:03 +0200] "GET /rtro-blue-wooden-wall-hook-p-41836.html HTTP/1.0" 200 74924 "-" "Mozilla/5.0 (compatible; BLEXBot/1.0; +http://webmeup-crawler.com/)"
66.249.64.242 - - [12/Oct/2022:13:22:07 +0200] "GET /images/big_prod/3503420020315.jpg HTTP/1.0" 200 268 "-" "Googlebot-Image/1.0"
54.36.149.28 - - [12/Oct/2022:13:22:10 +0200] "GET /beige-metal-table-lamp-p-50112.html HTTP/1.0" 200 74911 "-" "Mozilla/5.0 (compatible; AhrefsBot/7.0; +http://ahrefs.com/robot/)"
54.36.148.79 - - [12/Oct/2022:13:22:13 +0200] "GET /images/big_prod/4029811424948.jpg HTTP/1.0" 200 268 "-" "Mozilla/5.0 (compatible; AhrefsBot/7.0; +http://ahrefs.com/robot/)"
157.90.177.217 - - [12/Oct/2022:13:22:19 +0200] "GET /rtro-cork-collector-p-58134.html HTTP/1.0" 200 75821 "-" "Mozilla/5.0 (compatible; BLEXBot/1.0; +http://webmeup-crawler.com/)"
185.191.171.24 - - [12/Oct/2022:13:22:35 +0200] "GET /small-orange-cube-alarm-clock-p-55547.html HTTP/1.0" 200 76159 "-" "Mozilla/5.0 (compatible; SemrushBot/7~bl; +http://www.semrush.com/bot.html)"
157.90.177.217 - - [12/Oct/2022:13:22:35 +0200] "GET /rtro-cutting-board-p-42580.html HTTP/1.0" 200 74861 "-" "Mozilla/5.0 (compatible; BLEXBot/1.0; +http://webmeup-crawler.com/)"
157.90.177.217 - - [12/Oct/2022:13:22:52 +0200] "GET /rtro-durf-resin-magnets-p-39569.html HTTP/1.0" 200 74916 "-" "Mozilla/5.0 (compatible; BLEXBot/1.0; +http://webmeup-crawler.com/)"
185.191.171.4 - - [12/Oct/2022:13:23:07 +0200] "GET /skull-rider-moneybox-p-30014.html HTTP/1.0" 200 72318 "-" "Mozilla/5.0 (compatible; SemrushBot/7~bl; +http://www.semrush.com/bot.html)"
157.90.177.217 - - [12/Oct/2022:13:23:08 +0200] "GET /rtro-keyring-cbkreation-p-43228.html HTTP/1.0" 200 74973 "-" "Mozilla/5.0 (compatible; BLEXBot/1.0; +http://webmeup-crawler.com/)"
157.90.177.217 - - [12/Oct/2022:13:23:26 +0200] "GET /rtro-metal-plate-p-28412.html HTTP/1.0" 200 74950 "-" "Mozilla/5.0 (compatible; BLEXBot/1.0; +http://webmeup-crawler.com/)"
54.36.149.61 - - [12/Oct/2022:13:23:32 +0200] "GET /embossed-metal-plate-p-56762.html HTTP/1.0" 200 75521 "-" "Mozilla/5.0 (compatible; AhrefsBot/7.0; +http://ahrefs.com/robot/)"
157.90.177.217 - - [12/Oct/2022:13:23:42 +0200] "GET /rtro-small-steel-fridge-magnets-p-31629.html HTTP/1.0" 200 75062 "-" "Mozilla/5.0 (compatible; BLEXBot/1.0; +http://webmeup-crawler.com/)"
66.249.64.242 - - [12/Oct/2022:13:23:46 +0200] "GET /images/big_prod/8718375752562.jpg HTTP/1.0" 200 268 "-" "Googlebot-Image/1.0"
185.191.171.43 - - [12/Oct/2022:13:23:47 +0200] "GET /fitted-sheet-white-p-31981.html HTTP/1.0" 200 74809 "-" "Mozilla/5.0 (compatible; SemrushBot/7~bl; +http://www.semrush.com/bot.html)"
157.90.177.217 - - [12/Oct/2022:13:23:58 +0200] "GET /rtro-wood-clock-p-48203.html HTTP/1.0" 200 74908 "-" "Mozilla/5.0 (compatible; BLEXBot/1.0; +http://webmeup-crawler.com/)"
157.90.177.217 - - [12/Oct/2022:13:24:13 +0200] "GET /rubber-look-metal-doormat-p-58308.html HTTP/1.0" 200 75774 "-" "Mozilla/5.0 (compatible; BLEXBot/1.0; +http://webmeup-crawler.com/)"
216.244.66.242 - - [12/Oct/2022:13:24:15 +0200] "GET /lavender-soap-dispenser-p-51395.html HTTP/1.0" 200 74929 "-" "Mozilla/5.0 (compatible; DotBot/1.2; +https://opensiteexplorer.org/dotbot; help@moz.com)"
185.191.171.6 - - [12/Oct/2022:13:24:20 +0200] "GET /perpetual-plate-slate-milka-p-12563.html HTTP/1.0" 200 74916 "-" "Mozilla/5.0 (compatible; SemrushBot/7~bl; +http://www.semrush.com/bot.html)"
89.172.2.64 - - [12/Oct/2022:13:24:21 +0200] "GET /small-komorebi-capacity-p-58341.html HTTP/1.0" 200 75810 "https://www.google.com/" "Mozilla/5.0 (Windows NT 10.0; Win64; x64) AppleWebKit/537.36 (KHTML, like Gecko) Chrome/106.0.0.0 Safari/537.36"
89.172.2.64 - - [12/Oct/2022:13:24:24 +0200] "GET /swfobject.js HTTP/1.0" 404 1308 "http://www.wonder-geek.com/small-komorebi-capacity-p-58341.html" "Mozilla/5.0 (Windows NT 10.0; Win64; x64) AppleWebKit/537.36 (KHTML, like Gecko) Chrome/106.0.0.0 Safari/537.36"
157.90.177.217 - - [12/Oct/2022:13:24:29 +0200] "GET /rugby-isothermic-stainless-steel-bottle-p-54533.html HTTP/1.0" 200 75024 "-" "Mozilla/5.0 (compatible; BLEXBot/1.0; +http://webmeup-crawler.com/)"
66.249.64.246 - - [12/Oct/2022:13:24:42 +0200] "GET /small-japanese-blue-teapot-enameled-cast-iron-liter-p-57693.html HTTP/1.0" 200 75429 "-" "Mozilla/5.0 (compatible; Googlebot/2.1; +http://www.google.com/bot.html)"
157.90.177.217 - - [12/Oct/2022:13:24:45 +0200] "GET /rugbyman-statuette-p-51568.html HTTP/1.0" 200 75664 "-" "Mozilla/5.0 (compatible; BLEXBot/1.0; +http://webmeup-crawler.com/)"
66.249.64.244 - - [12/Oct/2022:13:25:01 +0200] "GET /tour-france-metal-tray-p-51677.html HTTP/1.0" 200 75042 "-" "Mozilla/5.0 (Linux; Android 6.0.1; Nexus 5X Build/MMB29P) AppleWebKit/537.36 (KHTML, like Gecko) Chrome/106.0.5249.103 Mobile Safari/537.36 (compatible; Googlebot/2.1; +http://www.google.com/bot.html)"
216.244.66.242 - - [12/Oct/2022:13:25:02 +0200] "GET /games-and-toys/board-games-c-4_47.html HTTP/1.0" 301 77661 "-" "Mozilla/5.0 (compatible; DotBot/1.2; +https://opensiteexplorer.org/dotbot; help@moz.com)"
157.90.177.217 - - [12/Oct/2022:13:25:02 +0200] "GET /rugs-c-11_269.html?page=1 HTTP/1.0" 200 93077 "-" "Mozilla/5.0 (compatible; BLEXBot/1.0; +http://webmeup-crawler.com/)"
157.90.177.217 - - [12/Oct/2022:13:25:21 +0200] "GET /russian-doll-clock-cbkreation-p-24374.html HTTP/1.0" 200 75059 "-" "Mozilla/5.0 (compatible; BLEXBot/1.0; +http://webmeup-crawler.com/)"
157.90.177.217 - - [12/Oct/2022:13:25:38 +0200] "GET /russian-doll-kitchen-towel-p-38778.html HTTP/1.0" 200 74909 "-" "Mozilla/5.0 (compatible; BLEXBot/1.0; +http://webmeup-crawler.com/)"
157.90.177.217 - - [12/Oct/2022:13:25:54 +0200] "GET /russian-doll-liberty-metal-keychain-cbkreation-p-23488.html HTTP/1.0" 200 76592 "-" "Mozilla/5.0 (compatible; BLEXBot/1.0; +http://webmeup-crawler.com/)"
77.88.5.245 - - [12/Oct/2022:13:25:56 +0200] "GET / HTTP/1.0" 200 153168 "-" "Mozilla/5.0 (compatible; YandexBot/3.0; +http://yandex.com/bots)"
157.90.177.217 - - [12/Oct/2022:13:26:10 +0200] "GET /russian-doll-metal-keychain-cbkreation-p-23489.html HTTP/1.0" 200 76528 "-" "Mozilla/5.0 (compatible; BLEXBot/1.0; +http://webmeup-crawler.com/)"
66.249.64.242 - - [12/Oct/2022:13:26:17 +0200] "GET /images/big_prod_1/3565750238211C.jpg HTTP/1.0" 200 271 "-" "Googlebot-Image/1.0"
157.90.177.217 - - [12/Oct/2022:13:26:25 +0200] "GET /russian-doll-metal-keyring-cbkreation-p-31773.html HTTP/1.0" 200 74986 "-" "Mozilla/5.0 (compatible; BLEXBot/1.0; +http://webmeup-crawler.com/)"
54.36.148.90 - - [12/Oct/2022:13:26:28 +0200] "GET /vanua-cotton-baskets-planters-p-57828.html HTTP/1.0" 200 76727 "-" "Mozilla/5.0 (compatible; AhrefsBot/7.0; +http://ahrefs.com/robot/)"
54.36.149.25 - - [12/Oct/2022:13:26:33 +0200] "GET /images/big_prod_3/SAC4A011003g.jpg HTTP/1.0" 200 269 "-" "Mozilla/5.0 (compatible; AhrefsBot/7.0; +http://ahrefs.com/robot/)"
54.36.148.125 - - [12/Oct/2022:13:26:33 +0200] "GET /images/big_prod_1/SAC4A011003a.jpg HTTP/1.0" 200 269 "-" "Mozilla/5.0 (compatible; AhrefsBot/7.0; +http://ahrefs.com/robot/)"
54.36.148.153 - - [12/Oct/2022:13:26:33 +0200] "GET /images/big_prod/3665269002676.jpg HTTP/1.0" 200 268 "-" "Mozilla/5.0 (compatible; AhrefsBot/7.0; +http://ahrefs.com/robot/)"
54.36.148.54 - - [12/Oct/2022:13:26:33 +0200] "GET /images/big_prod_4/SAC4A011003a1.jpg HTTP/1.0" 200 270 "-" "Mozilla/5.0 (compatible; AhrefsBot/7.0; +http://ahrefs.com/robot/)"
54.36.149.31 - - [12/Oct/2022:13:26:33 +0200] "GET /images/big_prod_5/3665269002652e.jpg HTTP/1.0" 200 271 "-" "Mozilla/5.0 (compatible; AhrefsBot/7.0; +http://ahrefs.com/robot/)"
54.36.148.86 - - [12/Oct/2022:13:26:33 +0200] "GET /images/big_prod_2/SAC4A011003m.jpg HTTP/1.0" 200 269 "-" "Mozilla/5.0 (compatible; AhrefsBot/7.0; +http://ahrefs.com/robot/)"
66.249.64.242 - - [12/Oct/2022:13:26:33 +0200] "GET /bamboo-mister-sucre-p-48630.html HTTP/1.0" 200 74875 "-" "Mozilla/5.0 (compatible; Googlebot/2.1; +http://www.google.com/bot.html)"
157.90.177.217 - - [12/Oct/2022:13:26:42 +0200] "GET /russian-doll-pencil-cbkreation-p-29705.html HTTP/1.0" 200 74966 "-" "Mozilla/5.0 (compatible; BLEXBot/1.0; +http://webmeup-crawler.com/)"
185.191.171.7 - - [12/Oct/2022:13:26:50 +0200] "GET /ceramic-lamp-green-p-58738.html HTTP/1.0" 200 75925 "-" "Mozilla/5.0 (compatible; SemrushBot/7~bl; +http://www.semrush.com/bot.html)"
157.90.177.217 - - [12/Oct/2022:13:26:58 +0200] "GET /russian-dolls-cbkreation-clock-p-24275.html HTTP/1.0" 200 74901 "-" "Mozilla/5.0 (compatible; BLEXBot/1.0; +http://webmeup-crawler.com/)"
157.90.177.217 - - [12/Oct/2022:13:27:15 +0200] "GET /russian-dolls-cbkreation-clock-p-24414.html HTTP/1.0" 200 74899 "-" "Mozilla/5.0 (compatible; BLEXBot/1.0; +http://webmeup-crawler.com/)"
66.249.64.242 - - [12/Oct/2022:13:27:24 +0200] "GET /images/big_prod/12888.jpg HTTP/1.0" 200 260 "-" "Googlebot-Image/1.0"
100.33.72.239 - - [12/Oct/2022:13:27:30 +0200] "GET /templates/Pixame_v1/stylesheet.css HTTP/1.0" 200 267 "http://www.wonder-geek.com/" "Mozilla/5.0 (iPhone; CPU iPhone OS 15_6_1 like Mac OS X) AppleWebKit/605.1.15 (KHTML, like Gecko) Version/15.6.1 Mobile/15E148 Safari/604.1"
100.33.72.239 - - [12/Oct/2022:13:27:30 +0200] "GET /highslide/highslide.js HTTP/1.0" 200 262 "http://www.wonder-geek.com/" "Mozilla/5.0 (iPhone; CPU iPhone OS 15_6_1 like Mac OS X) AppleWebKit/605.1.15 (KHTML, like Gecko) Version/15.6.1 Mobile/15E148 Safari/604.1"
100.33.72.239 - - [12/Oct/2022:13:27:30 +0200] "GET /js/jquery.jqzoom.js HTTP/1.0" 200 259 "http://www.wonder-geek.com/" "Mozilla/5.0 (iPhone; CPU iPhone OS 15_6_1 like Mac OS X) AppleWebKit/605.1.15 (KHTML, like Gecko) Version/15.6.1 Mobile/15E148 Safari/604.1"
100.33.72.239 - - [12/Oct/2022:13:27:30 +0200] "GET /mondial_relay/js/jquery-1.3.2.min.js HTTP/1.0" 200 276 "http://www.wonder-geek.com/" "Mozilla/5.0 (iPhone; CPU iPhone OS 15_6_1 like Mac OS X) AppleWebKit/605.1.15 (KHTML, like Gecko) Version/15.6.1 Mobile/15E148 Safari/604.1"
100.33.72.239 - - [12/Oct/2022:13:27:30 +0200] "GET /js/jquery.js HTTP/1.0" 200 252 "http://www.wonder-geek.com/" "Mozilla/5.0 (iPhone; CPU iPhone OS 15_6_1 like Mac OS X) AppleWebKit/605.1.15 (KHTML, like Gecko) Version/15.6.1 Mobile/15E148 Safari/604.1"
100.33.72.239 - - [12/Oct/2022:13:27:30 +0200] "GET /swfobject.js HTTP/1.0" 404 1308 "http://www.wonder-geek.com/" "Mozilla/5.0 (iPhone; CPU iPhone OS 15_6_1 like Mac OS X) AppleWebKit/605.1.15 (KHTML, like Gecko) Version/15.6.1 Mobile/15E148 Safari/604.1"
100.33.72.239 - - [12/Oct/2022:13:27:31 +0200] "GET /templates/Pixame_v1/images/icon_accueil2.png HTTP/1.0" 200 278 "http://www.wonder-geek.com/" "Mozilla/5.0 (iPhone; CPU iPhone OS 15_6_1 like Mac OS X) AppleWebKit/605.1.15 (KHTML, like Gecko) Version/15.6.1 Mobile/15E148 Safari/604.1"
100.33.72.239 - - [12/Oct/2022:13:27:31 +0200] "GET /templates/Pixame_v1/images/infobox/pixel_trans.gif HTTP/1.0" 200 328 "http://www.wonder-geek.com/" "Mozilla/5.0 (iPhone; CPU iPhone OS 15_6_1 like Mac OS X) AppleWebKit/605.1.15 (KHTML, like Gecko) Version/15.6.1 Mobile/15E148 Safari/604.1"
100.33.72.239 - - [12/Oct/2022:13:27:31 +0200] "GET /templates/Pixame_v1/images/Middle_texture.jpg HTTP/1.0" 200 280 "http://www.wonder-geek.com/" "Mozilla/5.0 (iPhone; CPU iPhone OS 15_6_1 like Mac OS X) AppleWebKit/605.1.15 (KHTML, like Gecko) Version/15.6.1 Mobile/15E148 Safari/604.1"
100.33.72.239 - - [12/Oct/2022:13:27:31 +0200] "GET /templates/Pixame_v1/images/Bottom_texture.jpg HTTP/1.0" 200 280 "http://www.wonder-geek.com/" "Mozilla/5.0 (iPhone; CPU iPhone OS 15_6_1 like Mac OS X) AppleWebKit/605.1.15 (KHTML, like Gecko) Version/15.6.1 Mobile/15E148 Safari/604.1"
100.33.72.239 - - [12/Oct/2022:13:27:31 +0200] "GET /templates/Pixame_v1/images/header-object.png HTTP/1.0" 200 278 "http://www.wonder-geek.com/" "Mozilla/5.0 (iPhone; CPU iPhone OS 15_6_1 like Mac OS X) AppleWebKit/605.1.15 (KHTML, like Gecko) Version/15.6.1 Mobile/15E148 Safari/604.1"
100.33.72.239 - - [12/Oct/2022:13:27:31 +0200] "GET /templates/Pixame_v1/images/header.png HTTP/1.0" 200 271 "http://www.wonder-geek.com/" "Mozilla/5.0 (iPhone; CPU iPhone OS 15_6_1 like Mac OS X) AppleWebKit/605.1.15 (KHTML, like Gecko) Version/15.6.1 Mobile/15E148 Safari/604.1"
100.33.72.239 - - [12/Oct/2022:13:27:31 +0200] "GET /templates/Pixame_v1/images/nav.png HTTP/1.0" 200 268 "http://www.wonder-geek.com/" "Mozilla/5.0 (iPhone; CPU iPhone OS 15_6_1 like Mac OS X) AppleWebKit/605.1.15 (KHTML, like Gecko) Version/15.6.1 Mobile/15E148 Safari/604.1"
100.33.72.239 - - [12/Oct/2022:13:27:31 +0200] "GET /templates/Pixame_v1/images/infobox/infobox_footer_middle.gif HTTP/1.0" 200 357 "http://www.wonder-geek.com/" "Mozilla/5.0 (iPhone; CPU iPhone OS 15_6_1 like Mac OS X) AppleWebKit/605.1.15 (KHTML, like Gecko) Version/15.6.1 Mobile/15E148 Safari/604.1"
100.33.72.239 - - [12/Oct/2022:13:27:31 +0200] "GET /templates/Pixame_v1/images/pixel_trans.gif HTTP/1.0" 200 328 "http://www.wonder-geek.com/" "Mozilla/5.0 (iPhone; CPU iPhone OS 15_6_1 like Mac OS X) AppleWebKit/605.1.15 (KHTML, like Gecko) Version/15.6.1 Mobile/15E148 Safari/604.1"
100.33.72.239 - - [12/Oct/2022:13:27:31 +0200] "GET /images/pixel_trans.gif HTTP/1.0" 200 328 "http://www.wonder-geek.com/" "Mozilla/5.0 (iPhone; CPU iPhone OS 15_6_1 like Mac OS X) AppleWebKit/605.1.15 (KHTML, like Gecko) Version/15.6.1 Mobile/15E148 Safari/604.1"
100.33.72.239 - - [12/Oct/2022:13:27:31 +0200] "GET /design/productsenstock.png HTTP/1.0" 200 260 "http://www.wonder-geek.com/" "Mozilla/5.0 (iPhone; CPU iPhone OS 15_6_1 like Mac OS X) AppleWebKit/605.1.15 (KHTML, like Gecko) Version/15.6.1 Mobile/15E148 Safari/604.1"
100.33.72.239 - - [12/Oct/2022:13:27:31 +0200] "GET /js/jquery.min.js HTTP/1.0" 404 1308 "http://www.wonder-geek.com/" "Mozilla/5.0 (iPhone; CPU iPhone OS 15_6_1 like Mac OS X) AppleWebKit/605.1.15 (KHTML, like Gecko) Version/15.6.1 Mobile/15E148 Safari/604.1"
100.33.72.239 - - [12/Oct/2022:13:27:31 +0200] "GET /js/jquery.masonry.min.js HTTP/1.0" 200 264 "http://www.wonder-geek.com/" "Mozilla/5.0 (iPhone; CPU iPhone OS 15_6_1 like Mac OS X) AppleWebKit/605.1.15 (KHTML, like Gecko) Version/15.6.1 Mobile/15E148 Safari/604.1"
100.33.72.239 - - [12/Oct/2022:13:27:31 +0200] "GET /js/modernizr-transitions.js HTTP/1.0" 200 267 "http://www.wonder-geek.com/" "Mozilla/5.0 (iPhone; CPU iPhone OS 15_6_1 like Mac OS X) AppleWebKit/605.1.15 (KHTML, like Gecko) Version/15.6.1 Mobile/15E148 Safari/604.1"
100.33.72.239 - - [12/Oct/2022:13:27:32 +0200] "GET /images/mini_prod/8422019931717.jpg HTTP/1.0" 200 269 "http://www.wonder-geek.com/" "Mozilla/5.0 (iPhone; CPU iPhone OS 15_6_1 like Mac OS X) AppleWebKit/605.1.15 (KHTML, like Gecko) Version/15.6.1 Mobile/15E148 Safari/604.1"
100.33.72.239 - - [12/Oct/2022:13:27:32 +0200] "GET /images/mini_prod/8422018290419.jpg HTTP/1.0" 200 269 "http://www.wonder-geek.com/" "Mozilla/5.0 (iPhone; CPU iPhone OS 15_6_1 like Mac OS X) AppleWebKit/605.1.15 (KHTML, like Gecko) Version/15.6.1 Mobile/15E148 Safari/604.1"
100.33.72.239 - - [12/Oct/2022:13:27:32 +0200] "GET /images/mini_prod/8422048802514.jpg HTTP/1.0" 200 269 "http://www.wonder-geek.com/" "Mozilla/5.0 (iPhone; CPU iPhone OS 15_6_1 like Mac OS X) AppleWebKit/605.1.15 (KHTML, like Gecko) Version/15.6.1 Mobile/15E148 Safari/604.1"
100.33.72.239 - - [12/Oct/2022:13:27:32 +0200] "GET /images/mini_prod/8422019679725.jpg HTTP/1.0" 200 269 "http://www.wonder-geek.com/" "Mozilla/5.0 (iPhone; CPU iPhone OS 15_6_1 like Mac OS X) AppleWebKit/605.1.15 (KHTML, like Gecko) Version/15.6.1 Mobile/15E148 Safari/604.1"
100.33.72.239 - - [12/Oct/2022:13:27:32 +0200] "GET /images/mini_prod/3700572739762.jpg HTTP/1.0" 200 269 "http://www.wonder-geek.com/" "Mozilla/5.0 (iPhone; CPU iPhone OS 15_6_1 like Mac OS X) AppleWebKit/605.1.15 (KHTML, like Gecko) Version/15.6.1 Mobile/15E148 Safari/604.1"
100.33.72.239 - - [12/Oct/2022:13:27:32 +0200] "GET /images/mini_prod/5400924279837.jpg HTTP/1.0" 200 269 "http://www.wonder-geek.com/" "Mozilla/5.0 (iPhone; CPU iPhone OS 15_6_1 like Mac OS X) AppleWebKit/605.1.15 (KHTML, like Gecko) Version/15.6.1 Mobile/15E148 Safari/604.1"
100.33.72.239 - - [12/Oct/2022:13:27:32 +0200] "GET /images/mini_prod/3700281666465.jpg HTTP/1.0" 200 269 "http://www.wonder-geek.com/" "Mozilla/5.0 (iPhone; CPU iPhone OS 15_6_1 like Mac OS X) AppleWebKit/605.1.15 (KHTML, like Gecko) Version/15.6.1 Mobile/15E148 Safari/604.1"
100.33.72.239 - - [12/Oct/2022:13:27:32 +0200] "GET /images/mini_prod/3660173239422.jpg HTTP/1.0" 200 269 "http://www.wonder-geek.com/" "Mozilla/5.0 (iPhone; CPU iPhone OS 15_6_1 like Mac OS X) AppleWebKit/605.1.15 (KHTML, like Gecko) Version/15.6.1 Mobile/15E148 Safari/604.1"
100.33.72.239 - - [12/Oct/2022:13:27:28 +0200] "GET / HTTP/1.0" 200 152318 "-" "Mozilla/5.0 (iPhone; CPU iPhone OS 15_6_1 like Mac OS X) AppleWebKit/605.1.15 (KHTML, like Gecko) Version/15.6.1 Mobile/15E148 Safari/604.1"
100.33.72.239 - - [12/Oct/2022:13:27:32 +0200] "GET /images/mini_prod/8424001829217.jpg HTTP/1.0" 200 269 "http://www.wonder-geek.com/" "Mozilla/5.0 (iPhone; CPU iPhone OS 15_6_1 like Mac OS X) AppleWebKit/605.1.15 (KHTML, like Gecko) Version/15.6.1 Mobile/15E148 Safari/604.1"
100.33.72.239 - - [12/Oct/2022:13:27:32 +0200] "GET /images/mini_prod/846007011515.jpg HTTP/1.0" 200 268 "http://www.wonder-geek.com/" "Mozilla/5.0 (iPhone; CPU iPhone OS 15_6_1 like Mac OS X) AppleWebKit/605.1.15 (KHTML, like Gecko) Version/15.6.1 Mobile/15E148 Safari/604.1"
100.33.72.239 - - [12/Oct/2022:13:27:32 +0200] "GET /images/mini_prod/1328399319152.jpg HTTP/1.0" 200 269 "http://www.wonder-geek.com/" "Mozilla/5.0 (iPhone; CPU iPhone OS 15_6_1 like Mac OS X) AppleWebKit/605.1.15 (KHTML, like Gecko) Version/15.6.1 Mobile/15E148 Safari/604.1"
100.33.72.239 - - [12/Oct/2022:13:27:32 +0200] "GET /images/mini_prod/8422048802200.jpg HTTP/1.0" 200 269 "http://www.wonder-geek.com/" "Mozilla/5.0 (iPhone; CPU iPhone OS 15_6_1 like Mac OS X) AppleWebKit/605.1.15 (KHTML, like Gecko) Version/15.6.1 Mobile/15E148 Safari/604.1"
100.33.72.239 - - [12/Oct/2022:13:27:32 +0200] "GET /images/mini_prod/8422018508514.jpg HTTP/1.0" 200 269 "http://www.wonder-geek.com/" "Mozilla/5.0 (iPhone; CPU iPhone OS 15_6_1 like Mac OS X) AppleWebKit/605.1.15 (KHTML, like Gecko) Version/15.6.1 Mobile/15E148 Safari/604.1"
100.33.72.239 - - [12/Oct/2022:13:27:32 +0200] "GET /images/mini_prod/8433933228630.jpg HTTP/1.0" 200 269 "http://www.wonder-geek.com/" "Mozilla/5.0 (iPhone; CPU iPhone OS 15_6_1 like Mac OS X) AppleWebKit/605.1.15 (KHTML, like Gecko) Version/15.6.1 Mobile/15E148 Safari/604.1"
100.33.72.239 - - [12/Oct/2022:13:27:32 +0200] "GET /images/mini_prod/1328399302550.jpg HTTP/1.0" 200 269 "http://www.wonder-geek.com/" "Mozilla/5.0 (iPhone; CPU iPhone OS 15_6_1 like Mac OS X) AppleWebKit/605.1.15 (KHTML, like Gecko) Version/15.6.1 Mobile/15E148 Safari/604.1"
100.33.72.239 - - [12/Oct/2022:13:27:32 +0200] "GET /images/mini_prod/846007011577.jpg HTTP/1.0" 200 268 "http://www.wonder-geek.com/" "Mozilla/5.0 (iPhone; CPU iPhone OS 15_6_1 like Mac OS X) AppleWebKit/605.1.15 (KHTML, like Gecko) Version/15.6.1 Mobile/15E148 Safari/604.1"
100.33.72.239 - - [12/Oct/2022:13:27:32 +0200] "GET /images/mini_prod/8422048802101.jpg HTTP/1.0" 200 269 "http://www.wonder-geek.com/" "Mozilla/5.0 (iPhone; CPU iPhone OS 15_6_1 like Mac OS X) AppleWebKit/605.1.15 (KHTML, like Gecko) Version/15.6.1 Mobile/15E148 Safari/604.1"
100.33.72.239 - - [12/Oct/2022:13:27:32 +0200] "GET /images/mini_prod/9316188092579.jpg HTTP/1.0" 200 269 "http://www.wonder-geek.com/" "Mozilla/5.0 (iPhone; CPU iPhone OS 15_6_1 like Mac OS X) AppleWebKit/605.1.15 (KHTML, like Gecko) Version/15.6.1 Mobile/15E148 Safari/604.1"
100.33.72.239 - - [12/Oct/2022:13:27:32 +0200] "GET /images/mini_prod/8422018180819.jpg HTTP/1.0" 200 269 "http://www.wonder-geek.com/" "Mozilla/5.0 (iPhone; CPU iPhone OS 15_6_1 like Mac OS X) AppleWebKit/605.1.15 (KHTML, like Gecko) Version/15.6.1 Mobile/15E148 Safari/604.1"
100.33.72.239 - - [12/Oct/2022:13:27:32 +0200] "GET /images/mini_prod/8718657461113.jpg HTTP/1.0" 200 269 "http://www.wonder-geek.com/" "Mozilla/5.0 (iPhone; CPU iPhone OS 15_6_1 like Mac OS X) AppleWebKit/605.1.15 (KHTML, like Gecko) Version/15.6.1 Mobile/15E148 Safari/604.1"
100.33.72.239 - - [12/Oct/2022:13:27:32 +0200] "GET /images/mini_prod/3700572727936.jpg HTTP/1.0" 200 269 "http://www.wonder-geek.com/" "Mozilla/5.0 (iPhone; CPU iPhone OS 15_6_1 like Mac OS X) AppleWebKit/605.1.15 (KHTML, like Gecko) Version/15.6.1 Mobile/15E148 Safari/604.1"
100.33.72.239 - - [12/Oct/2022:13:27:32 +0200] "GET /images/mini_prod/3700281669220.jpg HTTP/1.0" 200 269 "http://www.wonder-geek.com/" "Mozilla/5.0 (iPhone; CPU iPhone OS 15_6_1 like Mac OS X) AppleWebKit/605.1.15 (KHTML, like Gecko) Version/15.6.1 Mobile/15E148 Safari/604.1"
100.33.72.239 - - [12/Oct/2022:13:27:32 +0200] "GET /images/mini_prod/8433933274866.jpg HTTP/1.0" 200 269 "http://www.wonder-geek.com/" "Mozilla/5.0 (iPhone; CPU iPhone OS 15_6_1 like Mac OS X) AppleWebKit/605.1.15 (KHTML, like Gecko) Version/15.6.1 Mobile/15E148 Safari/604.1"
100.33.72.239 - - [12/Oct/2022:13:27:32 +0200] "GET /images/mini_prod/5051276424002.jpg HTTP/1.0" 200 269 "http://www.wonder-geek.com/" "Mozilla/5.0 (iPhone; CPU iPhone OS 15_6_1 like Mac OS X) AppleWebKit/605.1.15 (KHTML, like Gecko) Version/15.6.1 Mobile/15E148 Safari/604.1"
100.33.72.239 - - [12/Oct/2022:13:27:32 +0200] "GET /images/mini_prod/8445146035882.jpg HTTP/1.0" 200 269 "http://www.wonder-geek.com/" "Mozilla/5.0 (iPhone; CPU iPhone OS 15_6_1 like Mac OS X) AppleWebKit/605.1.15 (KHTML, like Gecko) Version/15.6.1 Mobile/15E148 Safari/604.1"
100.33.72.239 - - [12/Oct/2022:13:27:32 +0200] "GET /images/mini_prod/8422064411110.jpg HTTP/1.0" 200 269 "http://www.wonder-geek.com/" "Mozilla/5.0 (iPhone; CPU iPhone OS 15_6_1 like Mac OS X) AppleWebKit/605.1.15 (KHTML, like Gecko) Version/15.6.1 Mobile/15E148 Safari/604.1"
100.33.72.239 - - [12/Oct/2022:13:27:32 +0200] "GET /images/mini_prod/8424001905744.jpg HTTP/1.0" 200 269 "http://www.wonder-geek.com/" "Mozilla/5.0 (iPhone; CPU iPhone OS 15_6_1 like Mac OS X) AppleWebKit/605.1.15 (KHTML, like Gecko) Version/15.6.1 Mobile/15E148 Safari/604.1"
100.33.72.239 - - [12/Oct/2022:13:27:32 +0200] "GET /images/mini_prod/3660173247052.jpg HTTP/1.0" 200 269 "http://www.wonder-geek.com/" "Mozilla/5.0 (iPhone; CPU iPhone OS 15_6_1 like Mac OS X) AppleWebKit/605.1.15 (KHTML, like Gecko) Version/15.6.1 Mobile/15E148 Safari/604.1"
100.33.72.239 - - [12/Oct/2022:13:27:32 +0200] "GET /images/mini_prod/8422094881211.jpg HTTP/1.0" 200 269 "http://www.wonder-geek.com/" "Mozilla/5.0 (iPhone; CPU iPhone OS 15_6_1 like Mac OS X) AppleWebKit/605.1.15 (KHTML, like Gecko) Version/15.6.1 Mobile/15E148 Safari/604.1"
100.33.72.239 - - [12/Oct/2022:13:27:32 +0200] "GET /images/mini_prod/8718375756645.jpg HTTP/1.0" 200 269 "http://www.wonder-geek.com/" "Mozilla/5.0 (iPhone; CPU iPhone OS 15_6_1 like Mac OS X) AppleWebKit/605.1.15 (KHTML, like Gecko) Version/15.6.1 Mobile/15E148 Safari/604.1"
100.33.72.239 - - [12/Oct/2022:13:27:32 +0200] "GET /images/mini_prod/8422019680011.jpg HTTP/1.0" 200 269 "http://www.wonder-geek.com/" "Mozilla/5.0 (iPhone; CPU iPhone OS 15_6_1 like Mac OS X) AppleWebKit/605.1.15 (KHTML, like Gecko) Version/15.6.1 Mobile/15E148 Safari/604.1"
100.33.72.239 - - [12/Oct/2022:13:27:32 +0200] "GET /images/mini_prod/5400924207458.jpg HTTP/1.0" 200 269 "http://www.wonder-geek.com/" "Mozilla/5.0 (iPhone; CPU iPhone OS 15_6_1 like Mac OS X) AppleWebKit/605.1.15 (KHTML, like Gecko) Version/15.6.1 Mobile/15E148 Safari/604.1"
100.33.72.239 - - [12/Oct/2022:13:27:32 +0200] "GET /images/mini_prod/8433933228692.jpg HTTP/1.0" 200 269 "http://www.wonder-geek.com/" "Mozilla/5.0 (iPhone; CPU iPhone OS 15_6_1 like Mac OS X) AppleWebKit/605.1.15 (KHTML, like Gecko) Version/15.6.1 Mobile/15E148 Safari/604.1"
100.33.72.239 - - [12/Oct/2022:13:27:32 +0200] "GET /images/mini_prod/3700281668896.jpg HTTP/1.0" 200 269 "http://www.wonder-geek.com/" "Mozilla/5.0 (iPhone; CPU iPhone OS 15_6_1 like Mac OS X) AppleWebKit/605.1.15 (KHTML, like Gecko) Version/15.6.1 Mobile/15E148 Safari/604.1"
100.33.72.239 - - [12/Oct/2022:13:27:32 +0200] "GET /images/mini_prod/5400924290924.jpg HTTP/1.0" 200 269 "http://www.wonder-geek.com/" "Mozilla/5.0 (iPhone; CPU iPhone OS 15_6_1 like Mac OS X) AppleWebKit/605.1.15 (KHTML, like Gecko) Version/15.6.1 Mobile/15E148 Safari/604.1"
100.33.72.239 - - [12/Oct/2022:13:27:32 +0200] "GET /images/mini_prod/8422019680851.jpg HTTP/1.0" 200 269 "http://www.wonder-geek.com/" "Mozilla/5.0 (iPhone; CPU iPhone OS 15_6_1 like Mac OS X) AppleWebKit/605.1.15 (KHTML, like Gecko) Version/15.6.1 Mobile/15E148 Safari/604.1"
100.33.72.239 - - [12/Oct/2022:13:27:32 +0200] "GET /images/mini_prod/8433933228746N.jpg HTTP/1.0" 200 270 "http://www.wonder-geek.com/" "Mozilla/5.0 (iPhone; CPU iPhone OS 15_6_1 like Mac OS X) AppleWebKit/605.1.15 (KHTML, like Gecko) Version/15.6.1 Mobile/15E148 Safari/604.1"
100.33.72.239 - - [12/Oct/2022:13:27:32 +0200] "GET /images/mini_prod/8424345490951.jpg HTTP/1.0" 200 269 "http://www.wonder-geek.com/" "Mozilla/5.0 (iPhone; CPU iPhone OS 15_6_1 like Mac OS X) AppleWebKit/605.1.15 (KHTML, like Gecko) Version/15.6.1 Mobile/15E148 Safari/604.1"
100.33.72.239 - - [12/Oct/2022:13:27:32 +0200] "GET /images/mini_prod/3700572739342.jpg HTTP/1.0" 200 269 "http://www.wonder-geek.com/" "Mozilla/5.0 (iPhone; CPU iPhone OS 15_6_1 like Mac OS X) AppleWebKit/605.1.15 (KHTML, like Gecko) Version/15.6.1 Mobile/15E148 Safari/604.1"
100.33.72.239 - - [12/Oct/2022:13:27:32 +0200] "GET /images/mini_prod/3700572763736.jpg HTTP/1.0" 200 269 "http://www.wonder-geek.com/" "Mozilla/5.0 (iPhone; CPU iPhone OS 15_6_1 like Mac OS X) AppleWebKit/605.1.15 (KHTML, like Gecko) Version/15.6.1 Mobile/15E148 Safari/604.1"
100.33.72.239 - - [12/Oct/2022:13:27:32 +0200] "GET /images/mini_prod/8445148012737.jpg HTTP/1.0" 200 269 "http://www.wonder-geek.com/" "Mozilla/5.0 (iPhone; CPU iPhone OS 15_6_1 like Mac OS X) AppleWebKit/605.1.15 (KHTML, like Gecko) Version/15.6.1 Mobile/15E148 Safari/604.1"
100.33.72.239 - - [12/Oct/2022:13:27:32 +0200] "GET /images/mini_prod/5400924160159.jpg HTTP/1.0" 200 269 "http://www.wonder-geek.com/" "Mozilla/5.0 (iPhone; CPU iPhone OS 15_6_1 like Mac OS X) AppleWebKit/605.1.15 (KHTML, like Gecko) Version/15.6.1 Mobile/15E148 Safari/604.1"
100.33.72.239 - - [12/Oct/2022:13:27:32 +0200] "GET /images/mini_prod/8422019680028.jpg HTTP/1.0" 200 269 "http://www.wonder-geek.com/" "Mozilla/5.0 (iPhone; CPU iPhone OS 15_6_1 like Mac OS X) AppleWebKit/605.1.15 (KHTML, like Gecko) Version/15.6.1 Mobile/15E148 Safari/604.1"
100.33.72.239 - - [12/Oct/2022:13:27:32 +0200] "GET /images/mini_prod/8422019680219.jpg HTTP/1.0" 200 269 "http://www.wonder-geek.com/" "Mozilla/5.0 (iPhone; CPU iPhone OS 15_6_1 like Mac OS X) AppleWebKit/605.1.15 (KHTML, like Gecko) Version/15.6.1 Mobile/15E148 Safari/604.1"
100.33.72.239 - - [12/Oct/2022:13:27:32 +0200] "GET /images/mini_prod/846007011508.jpg HTTP/1.0" 200 268 "http://www.wonder-geek.com/" "Mozilla/5.0 (iPhone; CPU iPhone OS 15_6_1 like Mac OS X) AppleWebKit/605.1.15 (KHTML, like Gecko) Version/15.6.1 Mobile/15E148 Safari/604.1"
100.33.72.239 - - [12/Oct/2022:13:27:32 +0200] "GET /images/mini_prod/8422094881228.jpg HTTP/1.0" 200 269 "http://www.wonder-geek.com/" "Mozilla/5.0 (iPhone; CPU iPhone OS 15_6_1 like Mac OS X) AppleWebKit/605.1.15 (KHTML, like Gecko) Version/15.6.1 Mobile/15E148 Safari/604.1"
100.33.72.239 - - [12/Oct/2022:13:27:32 +0200] "GET /images/mini_prod/1328399319190.jpg HTTP/1.0" 200 269 "http://www.wonder-geek.com/" "Mozilla/5.0 (iPhone; CPU iPhone OS 15_6_1 like Mac OS X) AppleWebKit/605.1.15 (KHTML, like Gecko) Version/15.6.1 Mobile/15E148 Safari/604.1"
100.33.72.239 - - [12/Oct/2022:13:27:32 +0200] "GET /images/mini_prod/8424346089000.jpg HTTP/1.0" 200 269 "http://www.wonder-geek.com/" "Mozilla/5.0 (iPhone; CPU iPhone OS 15_6_1 like Mac OS X) AppleWebKit/605.1.15 (KHTML, like Gecko) Version/15.6.1 Mobile/15E148 Safari/604.1"
100.33.72.239 - - [12/Oct/2022:13:27:33 +0200] "GET /images/mini_prod/4260082937670.jpg HTTP/1.0" 200 269 "http://www.wonder-geek.com/" "Mozilla/5.0 (iPhone; CPU iPhone OS 15_6_1 like Mac OS X) AppleWebKit/605.1.15 (KHTML, like Gecko) Version/15.6.1 Mobile/15E148 Safari/604.1"
100.33.72.239 - - [12/Oct/2022:13:27:33 +0200] "GET /images/mini_prod/8424001946976.jpg HTTP/1.0" 200 269 "http://www.wonder-geek.com/" "Mozilla/5.0 (iPhone; CPU iPhone OS 15_6_1 like Mac OS X) AppleWebKit/605.1.15 (KHTML, like Gecko) Version/15.6.1 Mobile/15E148 Safari/604.1"
100.33.72.239 - - [12/Oct/2022:13:27:33 +0200] "GET /images/mini_prod/8433933159651.jpg HTTP/1.0" 200 269 "http://www.wonder-geek.com/" "Mozilla/5.0 (iPhone; CPU iPhone OS 15_6_1 like Mac OS X) AppleWebKit/605.1.15 (KHTML, like Gecko) Version/15.6.1 Mobile/15E148 Safari/604.1"
100.33.72.239 - - [12/Oct/2022:13:27:33 +0200] "GET /images/mini_prod/8424001894857.jpg HTTP/1.0" 200 269 "http://www.wonder-geek.com/" "Mozilla/5.0 (iPhone; CPU iPhone OS 15_6_1 like Mac OS X) AppleWebKit/605.1.15 (KHTML, like Gecko) Version/15.6.1 Mobile/15E148 Safari/604.1"
100.33.72.239 - - [12/Oct/2022:13:27:33 +0200] "GET /images/mini_prod/5400924234706.jpg HTTP/1.0" 200 269 "http://www.wonder-geek.com/" "Mozilla/5.0 (iPhone; CPU iPhone OS 15_6_1 like Mac OS X) AppleWebKit/605.1.15 (KHTML, like Gecko) Version/15.6.1 Mobile/15E148 Safari/604.1"
100.33.72.239 - - [12/Oct/2022:13:27:33 +0200] "GET /images/mini_prod/5051276459080.jpg HTTP/1.0" 200 269 "http://www.wonder-geek.com/" "Mozilla/5.0 (iPhone; CPU iPhone OS 15_6_1 like Mac OS X) AppleWebKit/605.1.15 (KHTML, like Gecko) Version/15.6.1 Mobile/15E148 Safari/604.1"
100.33.72.239 - - [12/Oct/2022:13:27:33 +0200] "GET /images/mini_prod/8424345490944.jpg HTTP/1.0" 200 269 "http://www.wonder-geek.com/" "Mozilla/5.0 (iPhone; CPU iPhone OS 15_6_1 like Mac OS X) AppleWebKit/605.1.15 (KHTML, like Gecko) Version/15.6.1 Mobile/15E148 Safari/604.1"
100.33.72.239 - - [12/Oct/2022:13:27:33 +0200] "GET /images/mini_prod/8422048832047.jpg HTTP/1.0" 200 269 "http://www.wonder-geek.com/" "Mozilla/5.0 (iPhone; CPU iPhone OS 15_6_1 like Mac OS X) AppleWebKit/605.1.15 (KHTML, like Gecko) Version/15.6.1 Mobile/15E148 Safari/604.1"
100.33.72.239 - - [12/Oct/2022:13:27:33 +0200] "GET /images/mini_prod/5400924267841.jpg HTTP/1.0" 200 269 "http://www.wonder-geek.com/" "Mozilla/5.0 (iPhone; CPU iPhone OS 15_6_1 like Mac OS X) AppleWebKit/605.1.15 (KHTML, like Gecko) Version/15.6.1 Mobile/15E148 Safari/604.1"
100.33.72.239 - - [12/Oct/2022:13:27:33 +0200] "GET /images/mini_prod/5051276459066.jpg HTTP/1.0" 200 269 "http://www.wonder-geek.com/" "Mozilla/5.0 (iPhone; CPU iPhone OS 15_6_1 like Mac OS X) AppleWebKit/605.1.15 (KHTML, like Gecko) Version/15.6.1 Mobile/15E148 Safari/604.1"
100.33.72.239 - - [12/Oct/2022:13:27:33 +0200] "GET /images/mini_prod/8433933123867.jpg HTTP/1.0" 200 269 "http://www.wonder-geek.com/" "Mozilla/5.0 (iPhone; CPU iPhone OS 15_6_1 like Mac OS X) AppleWebKit/605.1.15 (KHTML, like Gecko) Version/15.6.1 Mobile/15E148 Safari/604.1"
100.33.72.239 - - [12/Oct/2022:13:27:33 +0200] "GET /images/mini_prod/8422048802217.jpg HTTP/1.0" 200 269 "http://www.wonder-geek.com/" "Mozilla/5.0 (iPhone; CPU iPhone OS 15_6_1 like Mac OS X) AppleWebKit/605.1.15 (KHTML, like Gecko) Version/15.6.1 Mobile/15E148 Safari/604.1"
100.33.72.239 - - [12/Oct/2022:13:27:33 +0200] "GET /images/mini_prod/5400924266646.jpg HTTP/1.0" 200 269 "http://www.wonder-geek.com/" "Mozilla/5.0 (iPhone; CPU iPhone OS 15_6_1 like Mac OS X) AppleWebKit/605.1.15 (KHTML, like Gecko) Version/15.6.1 Mobile/15E148 Safari/604.1"
100.33.72.239 - - [12/Oct/2022:13:27:33 +0200] "GET /images/mini_prod/8424346363841.jpg HTTP/1.0" 200 269 "http://www.wonder-geek.com/" "Mozilla/5.0 (iPhone; CPU iPhone OS 15_6_1 like Mac OS X) AppleWebKit/605.1.15 (KHTML, like Gecko) Version/15.6.1 Mobile/15E148 Safari/604.1"
100.33.72.239 - - [12/Oct/2022:13:27:33 +0200] "GET /images/mini_prod/846007011829.jpg HTTP/1.0" 200 268 "http://www.wonder-geek.com/" "Mozilla/5.0 (iPhone; CPU iPhone OS 15_6_1 like Mac OS X) AppleWebKit/605.1.15 (KHTML, like Gecko) Version/15.6.1 Mobile/15E148 Safari/604.1"
100.33.72.239 - - [12/Oct/2022:13:27:33 +0200] "GET /images/mini_prod/8460070109836.jpg HTTP/1.0" 200 269 "http://www.wonder-geek.com/" "Mozilla/5.0 (iPhone; CPU iPhone OS 15_6_1 like Mac OS X) AppleWebKit/605.1.15 (KHTML, like Gecko) Version/15.6.1 Mobile/15E148 Safari/604.1"
100.33.72.239 - - [12/Oct/2022:13:27:33 +0200] "GET /images/mini_prod/3700572752112.jpg HTTP/1.0" 200 269 "http://www.wonder-geek.com/" "Mozilla/5.0 (iPhone; CPU iPhone OS 15_6_1 like Mac OS X) AppleWebKit/605.1.15 (KHTML, like Gecko) Version/15.6.1 Mobile/15E148 Safari/604.1"
100.33.72.239 - - [12/Oct/2022:13:27:33 +0200] "GET /highslide/graphics/zoomout.cur HTTP/1.0" 200 614 "http://www.wonder-geek.com/" "Mozilla/5.0 (iPhone; CPU iPhone OS 15_6_1 like Mac OS X) AppleWebKit/605.1.15 (KHTML, like Gecko) Version/15.6.1 Mobile/15E148 Safari/604.1"
100.33.72.239 - - [12/Oct/2022:13:27:33 +0200] "GET /highslide/graphics/outlines/drop-shadow.png HTTP/1.0" 200 277 "http://www.wonder-geek.com/" "Mozilla/5.0 (iPhone; CPU iPhone OS 15_6_1 like Mac OS X) AppleWebKit/605.1.15 (KHTML, like Gecko) Version/15.6.1 Mobile/15E148 Safari/604.1"
100.33.72.239 - - [12/Oct/2022:13:27:33 +0200] "GET /highslide/graphics/loader.white.gif HTTP/1.0" 200 960 "http://www.wonder-geek.com/" "Mozilla/5.0 (iPhone; CPU iPhone OS 15_6_1 like Mac OS X) AppleWebKit/605.1.15 (KHTML, like Gecko) Version/15.6.1 Mobile/15E148 Safari/604.1"
100.33.72.239 - - [12/Oct/2022:13:27:33 +0200] "GET /favicon.ico HTTP/1.0" 200 260 "http://www.wonder-geek.com/" "Mozilla/5.0 (iPhone; CPU iPhone OS 15_6_1 like Mac OS X) AppleWebKit/605.1.15 (KHTML, like Gecko) Version/15.6.1 Mobile/15E148 Safari/604.1"
157.90.177.217 - - [12/Oct/2022:13:27:32 +0200] "GET /russian-dolls-cbkreation-p-18736.html HTTP/1.0" 200 74890 "-" "Mozilla/5.0 (compatible; BLEXBot/1.0; +http://webmeup-crawler.com/)"
157.90.177.217 - - [12/Oct/2022:13:27:48 +0200] "GET /russian-dolls-money-cbkreation-p-18744.html HTTP/1.0" 200 75009 "-" "Mozilla/5.0 (compatible; BLEXBot/1.0; +http://webmeup-crawler.com/)"
54.36.149.46 - - [12/Oct/2022:13:27:54 +0200] "GET /melt-fresh-linen-p-39002.html HTTP/1.0" 200 75495 "-" "Mozilla/5.0 (compatible; AhrefsBot/7.0; +http://ahrefs.com/robot/)"
54.36.148.27 - - [12/Oct/2022:13:27:57 +0200] "GET /images/big_prod/5051276211114.jpg HTTP/1.0" 200 268 "-" "Mozilla/5.0 (compatible; AhrefsBot/7.0; +http://ahrefs.com/robot/)"
157.90.177.217 - - [12/Oct/2022:13:28:05 +0200] "GET /russian-dolls-mouse-cbkreation-p-18687.html HTTP/1.0" 200 74942 "-" "Mozilla/5.0 (compatible; BLEXBot/1.0; +http://webmeup-crawler.com/)"
207.46.13.138 - - [12/Oct/2022:13:28:10 +0200] "GET /images/mini_prod/8422019680226.jpg HTTP/1.0" 200 269 "-" "Mozilla/5.0 (compatible; bingbot/2.0; +http://www.bing.com/bingbot.htm)"
82.156.32.32 - - [12/Oct/2022:13:28:17 +0200] "GET /images/mini_prod/3662468005507.jpg HTTP/1.0" 200 269 "-" "python-requests/2.27.1"
157.90.177.217 - - [12/Oct/2022:13:28:21 +0200] "GET /russian-dolls-mouse-cbkreation-p-18688.html HTTP/1.0" 200 74932 "-" "Mozilla/5.0 (compatible; BLEXBot/1.0; +http://webmeup-crawler.com/)"
157.90.177.217 - - [12/Oct/2022:13:28:37 +0200] "GET /russian-dolls-white-shirt-printed-france-p-33744.html HTTP/1.0" 200 77151 "-" "Mozilla/5.0 (compatible; BLEXBot/1.0; +http://webmeup-crawler.com/)"
185.191.171.15 - - [12/Oct/2022:13:28:45 +0200] "GET /dishes-c-12.html?page=98 HTTP/1.0" 200 93892 "-" "Mozilla/5.0 (compatible; SemrushBot/7~bl; +http://www.semrush.com/bot.html)"
66.249.64.242 - - [12/Oct/2022:13:28:49 +0200] "GET /tinted-candle-mass-light-pink-p-56095.html HTTP/1.0" 200 74967 "-" "Mozilla/5.0 (Linux; Android 6.0.1; Nexus 5X Build/MMB29P) AppleWebKit/537.36 (KHTML, like Gecko) Chrome/106.0.5249.103 Mobile Safari/537.36 (compatible; Googlebot/2.1; +http://www.google.com/bot.html)"
66.249.64.242 - - [12/Oct/2022:13:28:52 +0200] "GET /pink-panther-money-bank-p-56186.html HTTP/1.0" 200 75527 "-" "Mozilla/5.0 (Linux; Android 6.0.1; Nexus 5X Build/MMB29P) AppleWebKit/537.36 (KHTML, like Gecko) Chrome/106.0.5249.103 Mobile Safari/537.36 (compatible; Googlebot/2.1; +http://www.google.com/bot.html)"
157.90.177.217 - - [12/Oct/2022:13:28:54 +0200] "GET /russian-metal-keychain-cbkreation-p-23490.html HTTP/1.0" 200 76483 "-" "Mozilla/5.0 (compatible; BLEXBot/1.0; +http://webmeup-crawler.com/)"
66.249.64.242 - - [12/Oct/2022:13:29:03 +0200] "GET /images/big_prod/1384010206140.jpg HTTP/1.0" 200 268 "-" "Googlebot-Image/1.0"
157.90.177.217 - - [12/Oct/2022:13:29:09 +0200] "GET /rusty-metal-buddha-mobile-p-56718.html HTTP/1.0" 200 75507 "-" "Mozilla/5.0 (compatible; BLEXBot/1.0; +http://webmeup-crawler.com/)"
54.36.148.107 - - [12/Oct/2022:13:29:17 +0200] "GET /washed-dyed-cotton-tablecloth-p-55039.html HTTP/1.0" 200 75959 "-" "Mozilla/5.0 (compatible; AhrefsBot/7.0; +http://ahrefs.com/robot/)"
207.46.13.140 - - [12/Oct/2022:13:29:24 +0200] "GET /images/mini_prod/5051276459301.jpg HTTP/1.0" 200 269 "-" "Mozilla/5.0 (compatible; bingbot/2.0; +http://www.bing.com/bingbot.htm)"
157.90.177.217 - - [12/Oct/2022:13:29:25 +0200] "GET /rves-comptoir-coasters-p-42608.html HTTP/1.0" 200 75501 "-" "Mozilla/5.0 (compatible; BLEXBot/1.0; +http://webmeup-crawler.com/)"
157.90.177.217 - - [12/Oct/2022:13:29:41 +0200] "GET /sacha-glass-porcelain-teapot-p-57218.html HTTP/1.0" 200 75862 "-" "Mozilla/5.0 (compatible; BLEXBot/1.0; +http://webmeup-crawler.com/)"
66.249.64.242 - - [12/Oct/2022:13:29:52 +0200] "GET /images/1399984256329.jpg HTTP/1.0" 200 259 "-" "Googlebot-Image/1.0"
66.249.64.242 - - [12/Oct/2022:13:29:56 +0200] "GET /fitted-sheet-color-light-brown-p-39690.html HTTP/1.0" 200 75085 "-" "Mozilla/5.0 (compatible; Googlebot/2.1; +http://www.google.com/bot.html)"
157.90.177.217 - - [12/Oct/2022:13:29:57 +0200] "GET /sacred-heart-jesus-aromatika-incense-sticks-p-47133.html HTTP/1.0" 200 75077 "-" "Mozilla/5.0 (compatible; BLEXBot/1.0; +http://webmeup-crawler.com/)"
157.90.177.217 - - [12/Oct/2022:13:30:15 +0200] "GET /saffron-flower-fragrance-diffuser-made-provence-p-57053.html HTTP/1.0" 200 76362 "-" "Mozilla/5.0 (compatible; BLEXBot/1.0; +http://webmeup-crawler.com/)"
114.119.137.43 - - [12/Oct/2022:13:30:26 +0200] "GET /buddha-lamp-fiberglass-p-52294.html HTTP/1.0" 301 72315 "http://www.wonder-geek.com/lighting-c-13_86.html?page=31" "Mozilla/5.0 (Linux; Android 7.0;) AppleWebKit/537.36 (KHTML, like Gecko) Mobile Safari/537.36 (compatible; PetalBot;+https://webmaster.petalsearch.com/site/petalbot)"
114.119.137.43 - - [12/Oct/2022:13:30:28 +0200] "GET /-p-52294.html HTTP/1.0" 200 72248 "http://www.wonder-geek.com/lighting-c-13_86.html?page=31" "Mozilla/5.0 (Linux; Android 7.0;) AppleWebKit/537.36 (KHTML, like Gecko) Mobile Safari/537.36 (compatible; PetalBot;+https://webmaster.petalsearch.com/site/petalbot)"
100.33.72.239 - - [12/Oct/2022:13:30:32 +0200] "GET /games-toys-c-4.html HTTP/1.0" 200 94412 "http://www.wonder-geek.com/" "Mozilla/5.0 (iPhone; CPU iPhone OS 15_6_1 like Mac OS X) AppleWebKit/605.1.15 (KHTML, like Gecko) Version/15.6.1 Mobile/15E148 Safari/604.1"
100.33.72.239 - - [12/Oct/2022:13:30:34 +0200] "GET /images/mini_prod/4029811325313.jpg HTTP/1.0" 200 269 "http://www.wonder-geek.com/games-toys-c-4.html" "Mozilla/5.0 (iPhone; CPU iPhone OS 15_6_1 like Mac OS X) AppleWebKit/605.1.15 (KHTML, like Gecko) Version/15.6.1 Mobile/15E148 Safari/604.1"
100.33.72.239 - - [12/Oct/2022:13:30:34 +0200] "GET /images/mini_prod/6942138906110.jpg HTTP/1.0" 200 269 "http://www.wonder-geek.com/games-toys-c-4.html" "Mozilla/5.0 (iPhone; CPU iPhone OS 15_6_1 like Mac OS X) AppleWebKit/605.1.15 (KHTML, like Gecko) Version/15.6.1 Mobile/15E148 Safari/604.1"
100.33.72.239 - - [12/Oct/2022:13:30:34 +0200] "GET /images/mini_prod/3437018505000.jpg HTTP/1.0" 200 269 "http://www.wonder-geek.com/games-toys-c-4.html" "Mozilla/5.0 (iPhone; CPU iPhone OS 15_6_1 like Mac OS X) AppleWebKit/605.1.15 (KHTML, like Gecko) Version/15.6.1 Mobile/15E148 Safari/604.1"
100.33.72.239 - - [12/Oct/2022:13:30:34 +0200] "GET /images/mini_prod/4029811325320.jpg HTTP/1.0" 200 269 "http://www.wonder-geek.com/games-toys-c-4.html" "Mozilla/5.0 (iPhone; CPU iPhone OS 15_6_1 like Mac OS X) AppleWebKit/605.1.15 (KHTML, like Gecko) Version/15.6.1 Mobile/15E148 Safari/604.1"
100.33.72.239 - - [12/Oct/2022:13:30:34 +0200] "GET /images/mini_prod/3299738511446.gif HTTP/1.0" 200 268 "http://www.wonder-geek.com/games-toys-c-4.html" "Mozilla/5.0 (iPhone; CPU iPhone OS 15_6_1 like Mac OS X) AppleWebKit/605.1.15 (KHTML, like Gecko) Version/15.6.1 Mobile/15E148 Safari/604.1"
100.33.72.239 - - [12/Oct/2022:13:30:34 +0200] "GET /images/mini_prod/8421440076059.jpg HTTP/1.0" 200 269 "http://www.wonder-geek.com/games-toys-c-4.html" "Mozilla/5.0 (iPhone; CPU iPhone OS 15_6_1 like Mac OS X) AppleWebKit/605.1.15 (KHTML, like Gecko) Version/15.6.1 Mobile/15E148 Safari/604.1"
100.33.72.239 - - [12/Oct/2022:13:30:34 +0200] "GET /design/fondothers.jpg HTTP/1.0" 200 667 "http://www.wonder-geek.com/games-toys-c-4.html" "Mozilla/5.0 (iPhone; CPU iPhone OS 15_6_1 like Mac OS X) AppleWebKit/605.1.15 (KHTML, like Gecko) Version/15.6.1 Mobile/15E148 Safari/604.1"
100.33.72.239 - - [12/Oct/2022:13:30:34 +0200] "GET /images/mini_prod/3660532001417.gif HTTP/1.0" 200 268 "http://www.wonder-geek.com/games-toys-c-4.html" "Mozilla/5.0 (iPhone; CPU iPhone OS 15_6_1 like Mac OS X) AppleWebKit/605.1.15 (KHTML, like Gecko) Version/15.6.1 Mobile/15E148 Safari/604.1"
100.33.72.239 - - [12/Oct/2022:13:30:34 +0200] "GET /images/mini_prod/8421440013221.jpg HTTP/1.0" 200 269 "http://www.wonder-geek.com/games-toys-c-4.html" "Mozilla/5.0 (iPhone; CPU iPhone OS 15_6_1 like Mac OS X) AppleWebKit/605.1.15 (KHTML, like Gecko) Version/15.6.1 Mobile/15E148 Safari/604.1"
