66.249.64.244 - - [12/Oct/2022:15:19:14 +0200] "GET /cotton-napkin-sold-individually-p-51264.html HTTP/1.0" 200 75051 "-" "Mozilla/5.0 (compatible; Googlebot/2.1; +http://www.google.com/bot.html)"
157.90.177.217 - - [12/Oct/2022:15:19:17 +0200] "GET /small-collectible-statuette-jacky-zegers-lito-elephant-p-58030.html HTTP/1.0" 200 77082 "-" "Mozilla/5.0 (compatible; BLEXBot/1.0; +http://webmeup-crawler.com/)"
157.90.177.217 - - [12/Oct/2022:15:19:33 +0200] "GET /small-collection-plate-metal-vespa-black-white-p-16833.html HTTP/1.0" 200 75600 "-" "Mozilla/5.0 (compatible; BLEXBot/1.0; +http://webmeup-crawler.com/)"
114.119.137.31 - - [12/Oct/2022:15:19:41 +0200] "GET /large-tassen-porcelain-mood-bowl-made-germany-p-47551.html HTTP/1.0" 200 76220 "http://www.wonder-geek.com/bowls-c-12_60.html?page=8" "Mozilla/5.0 (Linux; Android 7.0;) AppleWebKit/537.36 (KHTML, like Gecko) Mobile Safari/537.36 (compatible; PetalBot;+https://webmaster.petalsearch.com/site/petalbot)"
207.46.13.140 - - [12/Oct/2022:15:19:45 +0200] "GET / HTTP/1.0" 200 152143 "-" "Mozilla/5.0 AppleWebKit/537.36 (KHTML, like Gecko; compatible; bingbot/2.0; +http://www.bing.com/bingbot.htm) Chrome/103.0.5060.134 Safari/537.36"
54.36.148.102 - - [12/Oct/2022:15:19:50 +0200] "GET /sentiment-towel-kitchen-towel-p-43623.html HTTP/1.0" 200 75667 "-" "Mozilla/5.0 (compatible; AhrefsBot/7.0; +http://ahrefs.com/robot/)"
157.90.177.217 - - [12/Oct/2022:15:19:51 +0200] "GET /small-collection-plate-metal-vespa-gran-sport-p-16832.html HTTP/1.0" 200 75557 "-" "Mozilla/5.0 (compatible; BLEXBot/1.0; +http://webmeup-crawler.com/)"
172.58.188.229 - - [12/Oct/2022:15:20:04 +0200] "GET /templates/Pixame_v1/stylesheet.css HTTP/1.0" 200 267 "http://www.wonder-geek.com/storax-aromatika-incense-sticks-p-58250.html" "Mozilla/5.0 (Linux; Android 12; SAMSUNG SM-S908U) AppleWebKit/537.36 (KHTML, like Gecko) SamsungBrowser/18.0 Chrome/99.0.4844.88 Mobile Safari/537.36"
172.58.188.229 - - [12/Oct/2022:15:20:04 +0200] "GET /highslide/highslide.js HTTP/1.0" 200 262 "http://www.wonder-geek.com/storax-aromatika-incense-sticks-p-58250.html" "Mozilla/5.0 (Linux; Android 12; SAMSUNG SM-S908U) AppleWebKit/537.36 (KHTML, like Gecko) SamsungBrowser/18.0 Chrome/99.0.4844.88 Mobile Safari/537.36"
172.58.188.229 - - [12/Oct/2022:15:20:04 +0200] "GET /js/jquery.js HTTP/1.0" 200 252 "http://www.wonder-geek.com/storax-aromatika-incense-sticks-p-58250.html" "Mozilla/5.0 (Linux; Android 12; SAMSUNG SM-S908U) AppleWebKit/537.36 (KHTML, like Gecko) SamsungBrowser/18.0 Chrome/99.0.4844.88 Mobile Safari/537.36"
172.58.188.229 - - [12/Oct/2022:15:20:04 +0200] "GET /js/jquery.jqzoom.js HTTP/1.0" 200 259 "http://www.wonder-geek.com/storax-aromatika-incense-sticks-p-58250.html" "Mozilla/5.0 (Linux; Android 12; SAMSUNG SM-S908U) AppleWebKit/537.36 (KHTML, like Gecko) SamsungBrowser/18.0 Chrome/99.0.4844.88 Mobile Safari/537.36"
172.58.188.229 - - [12/Oct/2022:15:20:05 +0200] "GET /mondial_relay/js/jquery-1.3.2.min.js HTTP/1.0" 200 276 "http://www.wonder-geek.com/storax-aromatika-incense-sticks-p-58250.html" "Mozilla/5.0 (Linux; Android 12; SAMSUNG SM-S908U) AppleWebKit/537.36 (KHTML, like Gecko) SamsungBrowser/18.0 Chrome/99.0.4844.88 Mobile Safari/537.36"
172.58.188.229 - - [12/Oct/2022:15:20:03 +0200] "GET /storax-aromatika-incense-sticks-p-58250.html HTTP/1.0" 200 75019 "https://www.google.com/" "Mozilla/5.0 (Linux; Android 12; SAMSUNG SM-S908U) AppleWebKit/537.36 (KHTML, like Gecko) SamsungBrowser/18.0 Chrome/99.0.4844.88 Mobile Safari/537.36"
172.58.188.229 - - [12/Oct/2022:15:20:05 +0200] "GET /swfobject.js HTTP/1.0" 404 1308 "http://www.wonder-geek.com/storax-aromatika-incense-sticks-p-58250.html" "Mozilla/5.0 (Linux; Android 12; SAMSUNG SM-S908U) AppleWebKit/537.36 (KHTML, like Gecko) SamsungBrowser/18.0 Chrome/99.0.4844.88 Mobile Safari/537.36"
172.58.188.229 - - [12/Oct/2022:15:20:05 +0200] "GET /templates/Pixame_v1/images/icon_accueil2.png HTTP/1.0" 200 278 "http://www.wonder-geek.com/storax-aromatika-incense-sticks-p-58250.html" "Mozilla/5.0 (Linux; Android 12; SAMSUNG SM-S908U) AppleWebKit/537.36 (KHTML, like Gecko) SamsungBrowser/18.0 Chrome/99.0.4844.88 Mobile Safari/537.36"
172.58.188.229 - - [12/Oct/2022:15:20:05 +0200] "GET /templates/Pixame_v1/images/infobox/pixel_trans.gif HTTP/1.0" 200 328 "http://www.wonder-geek.com/storax-aromatika-incense-sticks-p-58250.html" "Mozilla/5.0 (Linux; Android 12; SAMSUNG SM-S908U) AppleWebKit/537.36 (KHTML, like Gecko) SamsungBrowser/18.0 Chrome/99.0.4844.88 Mobile Safari/537.36"
172.58.188.229 - - [12/Oct/2022:15:20:05 +0200] "GET /images/big_prod/3700344890776.jpg HTTP/1.0" 200 268 "http://www.wonder-geek.com/storax-aromatika-incense-sticks-p-58250.html" "Mozilla/5.0 (Linux; Android 12; SAMSUNG SM-S908U) AppleWebKit/537.36 (KHTML, like Gecko) SamsungBrowser/18.0 Chrome/99.0.4844.88 Mobile Safari/537.36"
172.58.188.229 - - [12/Oct/2022:15:20:05 +0200] "GET /images/pixel_trans.gif HTTP/1.0" 200 328 "http://www.wonder-geek.com/storax-aromatika-incense-sticks-p-58250.html" "Mozilla/5.0 (Linux; Android 12; SAMSUNG SM-S908U) AppleWebKit/537.36 (KHTML, like Gecko) SamsungBrowser/18.0 Chrome/99.0.4844.88 Mobile Safari/537.36"
172.58.188.229 - - [12/Oct/2022:15:20:05 +0200] "GET /templates/Pixame_v1/images/pixel_trans.gif HTTP/1.0" 200 328 "http://www.wonder-geek.com/storax-aromatika-incense-sticks-p-58250.html" "Mozilla/5.0 (Linux; Android 12; SAMSUNG SM-S908U) AppleWebKit/537.36 (KHTML, like Gecko) SamsungBrowser/18.0 Chrome/99.0.4844.88 Mobile Safari/537.36"
172.58.188.229 - - [12/Oct/2022:15:20:05 +0200] "GET /templates/Pixame_v1/images/Bottom_texture.jpg HTTP/1.0" 200 280 "http://www.wonder-geek.com/templates/Pixame_v1/stylesheet.css" "Mozilla/5.0 (Linux; Android 12; SAMSUNG SM-S908U) AppleWebKit/537.36 (KHTML, like Gecko) SamsungBrowser/18.0 Chrome/99.0.4844.88 Mobile Safari/537.36"
172.58.188.229 - - [12/Oct/2022:15:20:05 +0200] "GET /templates/Pixame_v1/images/Middle_texture.jpg HTTP/1.0" 200 280 "http://www.wonder-geek.com/templates/Pixame_v1/stylesheet.css" "Mozilla/5.0 (Linux; Android 12; SAMSUNG SM-S908U) AppleWebKit/537.36 (KHTML, like Gecko) SamsungBrowser/18.0 Chrome/99.0.4844.88 Mobile Safari/537.36"
172.58.188.229 - - [12/Oct/2022:15:20:05 +0200] "GET /templates/Pixame_v1/images/header.png HTTP/1.0" 200 271 "http://www.wonder-geek.com/templates/Pixame_v1/stylesheet.css" "Mozilla/5.0 (Linux; Android 12; SAMSUNG SM-S908U) AppleWebKit/537.36 (KHTML, like Gecko) SamsungBrowser/18.0 Chrome/99.0.4844.88 Mobile Safari/537.36"
172.58.188.229 - - [12/Oct/2022:15:20:05 +0200] "GET /templates/Pixame_v1/images/header-object.png HTTP/1.0" 200 278 "http://www.wonder-geek.com/templates/Pixame_v1/stylesheet.css" "Mozilla/5.0 (Linux; Android 12; SAMSUNG SM-S908U) AppleWebKit/537.36 (KHTML, like Gecko) SamsungBrowser/18.0 Chrome/99.0.4844.88 Mobile Safari/537.36"
172.58.188.229 - - [12/Oct/2022:15:20:05 +0200] "GET /templates/Pixame_v1/images/nav.png HTTP/1.0" 200 268 "http://www.wonder-geek.com/templates/Pixame_v1/stylesheet.css" "Mozilla/5.0 (Linux; Android 12; SAMSUNG SM-S908U) AppleWebKit/537.36 (KHTML, like Gecko) SamsungBrowser/18.0 Chrome/99.0.4844.88 Mobile Safari/537.36"
172.58.188.229 - - [12/Oct/2022:15:20:05 +0200] "GET /design/productsenstock.png HTTP/1.0" 200 260 "http://www.wonder-geek.com/templates/Pixame_v1/stylesheet.css" "Mozilla/5.0 (Linux; Android 12; SAMSUNG SM-S908U) AppleWebKit/537.36 (KHTML, like Gecko) SamsungBrowser/18.0 Chrome/99.0.4844.88 Mobile Safari/537.36"
172.58.188.229 - - [12/Oct/2022:15:20:05 +0200] "GET /highslide/graphics/zoomin.cur HTTP/1.0" 200 614 "http://www.wonder-geek.com/templates/Pixame_v1/stylesheet.css" "Mozilla/5.0 (Linux; Android 12; SAMSUNG SM-S908U) AppleWebKit/537.36 (KHTML, like Gecko) SamsungBrowser/18.0 Chrome/99.0.4844.88 Mobile Safari/537.36"
172.58.188.229 - - [12/Oct/2022:15:20:06 +0200] "GET /templates/Pixame_v1/images/infobox/infobox_footer_middle.gif HTTP/1.0" 200 357 "http://www.wonder-geek.com/storax-aromatika-incense-sticks-p-58250.html" "Mozilla/5.0 (Linux; Android 12; SAMSUNG SM-S908U) AppleWebKit/537.36 (KHTML, like Gecko) SamsungBrowser/18.0 Chrome/99.0.4844.88 Mobile Safari/537.36"
172.58.188.229 - - [12/Oct/2022:15:20:06 +0200] "GET /templates/Pixame_v1/images/buttons/english/button_in_cart.gif HTTP/1.0" 200 295 "http://www.wonder-geek.com/storax-aromatika-incense-sticks-p-58250.html" "Mozilla/5.0 (Linux; Android 12; SAMSUNG SM-S908U) AppleWebKit/537.36 (KHTML, like Gecko) SamsungBrowser/18.0 Chrome/99.0.4844.88 Mobile Safari/537.36"
172.58.188.229 - - [12/Oct/2022:15:20:06 +0200] "GET /highslide/graphics/outlines/drop-shadow.png HTTP/1.0" 200 277 "http://www.wonder-geek.com/storax-aromatika-incense-sticks-p-58250.html" "Mozilla/5.0 (Linux; Android 12; SAMSUNG SM-S908U) AppleWebKit/537.36 (KHTML, like Gecko) SamsungBrowser/18.0 Chrome/99.0.4844.88 Mobile Safari/537.36"
172.58.188.229 - - [12/Oct/2022:15:20:06 +0200] "GET /highslide/graphics/zoomout.cur HTTP/1.0" 200 614 "http://www.wonder-geek.com/storax-aromatika-incense-sticks-p-58250.html" "Mozilla/5.0 (Linux; Android 12; SAMSUNG SM-S908U) AppleWebKit/537.36 (KHTML, like Gecko) SamsungBrowser/18.0 Chrome/99.0.4844.88 Mobile Safari/537.36"
172.58.188.229 - - [12/Oct/2022:15:20:06 +0200] "GET /favicon.ico HTTP/1.0" 200 260 "http://www.wonder-geek.com/storax-aromatika-incense-sticks-p-58250.html" "Mozilla/5.0 (Linux; Android 12; SAMSUNG SM-S908U) AppleWebKit/537.36 (KHTML, like Gecko) SamsungBrowser/18.0 Chrome/99.0.4844.88 Mobile Safari/537.36"
172.58.188.229 - - [12/Oct/2022:15:20:06 +0200] "GET /highslide/graphics/loader.white.gif HTTP/1.0" 200 960 "http://www.wonder-geek.com/templates/Pixame_v1/stylesheet.css" "Mozilla/5.0 (Linux; Android 12; SAMSUNG SM-S908U) AppleWebKit/537.36 (KHTML, like Gecko) SamsungBrowser/18.0 Chrome/99.0.4844.88 Mobile Safari/537.36"
157.90.177.217 - - [12/Oct/2022:15:20:08 +0200] "GET /small-collection-plate-metal-vespa-piaggio-p-16834.html HTTP/1.0" 200 75530 "-" "Mozilla/5.0 (compatible; BLEXBot/1.0; +http://webmeup-crawler.com/)"
66.249.64.246 - - [12/Oct/2022:15:20:20 +0200] "GET /nesting-dolls-p-51469.html HTTP/1.0" 200 74896 "-" "Mozilla/5.0 (Linux; Android 6.0.1; Nexus 5X Build/MMB29P) AppleWebKit/537.36 (KHTML, like Gecko) Chrome/106.0.5249.103 Mobile Safari/537.36 (compatible; Googlebot/2.1; +http://www.google.com/bot.html)"
157.90.177.217 - - [12/Oct/2022:15:20:24 +0200] "GET /small-collection-plate-metal-vespa-vespa-p-48237.html HTTP/1.0" 200 75218 "-" "Mozilla/5.0 (compatible; BLEXBot/1.0; +http://webmeup-crawler.com/)"
157.90.177.217 - - [12/Oct/2022:15:20:41 +0200] "GET /small-cube-alarm-clock-stained-wood-p-56494.html HTTP/1.0" 200 76645 "-" "Mozilla/5.0 (compatible; BLEXBot/1.0; +http://webmeup-crawler.com/)"
54.36.148.82 - - [12/Oct/2022:15:20:52 +0200] "GET /card-holders-passport-cases-c-31_236.html HTTP/1.0" 200 93088 "-" "Mozilla/5.0 (compatible; AhrefsBot/7.0; +http://ahrefs.com/robot/)"
157.90.177.217 - - [12/Oct/2022:15:20:57 +0200] "GET /small-cups-board-christmas-p-57090.html HTTP/1.0" 200 75104 "-" "Mozilla/5.0 (compatible; BLEXBot/1.0; +http://webmeup-crawler.com/)"
114.119.137.31 - - [12/Oct/2022:15:21:01 +0200] "GET /marseille-retro-coasters-p-47089.html HTTP/1.0" 200 74900 "http://www.wonder-geek.com/dishes-c-12.html?page=59" "Mozilla/5.0 (Linux; Android 7.0;) AppleWebKit/537.36 (KHTML, like Gecko) Mobile Safari/537.36 (compatible; PetalBot;+https://webmaster.petalsearch.com/site/petalbot)"
157.90.177.217 - - [12/Oct/2022:15:21:13 +0200] "GET /small-cups-plank-shape-tree-p-57087.html HTTP/1.0" 200 75200 "-" "Mozilla/5.0 (compatible; BLEXBot/1.0; +http://webmeup-crawler.com/)"
157.90.177.217 - - [12/Oct/2022:15:21:29 +0200] "GET /small-deco-jewelry-p-50218.html HTTP/1.0" 200 75673 "-" "Mozilla/5.0 (compatible; BLEXBot/1.0; +http://webmeup-crawler.com/)"
157.90.177.217 - - [12/Oct/2022:15:21:48 +0200] "GET /small-digital-alarm-clock-olympique-marseille-p-50782.html HTTP/1.0" 200 75959 "-" "Mozilla/5.0 (compatible; BLEXBot/1.0; +http://webmeup-crawler.com/)"
157.90.177.217 - - [12/Oct/2022:15:22:04 +0200] "GET /small-digital-alarm-clock-paris-saint-germain-p-50781.html HTTP/1.0" 200 75821 "-" "Mozilla/5.0 (compatible; BLEXBot/1.0; +http://webmeup-crawler.com/)"
119.8.116.174 - - [12/Oct/2022:15:22:09 +0200] "GET /images/mini_prod/3665269030983.jpg HTTP/1.0" 200 269 "-" "Mozilla/5.0 (Windows NT 10.0; Win64; x64) AppleWebKit/537.36 (KHTML, like Gecko) Chrome/54.0.2840.99 Safari/537.36"
54.36.148.224 - - [12/Oct/2022:15:22:15 +0200] "GET /flower-market-metal-planter-zinc-look-brown-p-55465.html HTTP/1.0" 200 75960 "-" "Mozilla/5.0 (compatible; AhrefsBot/7.0; +http://ahrefs.com/robot/)"
185.191.171.7 - - [12/Oct/2022:15:22:18 +0200] "GET /robots.txt HTTP/1.0" 200 245 "-" "Mozilla/5.0 (compatible; SemrushBot/7~bl; +http://www.semrush.com/bot.html)"
54.36.148.55 - - [12/Oct/2022:15:22:19 +0200] "GET /images/big_prod_2/3665284220659b.jpg HTTP/1.0" 200 271 "-" "Mozilla/5.0 (compatible; AhrefsBot/7.0; +http://ahrefs.com/robot/)"
54.36.148.190 - - [12/Oct/2022:15:22:19 +0200] "GET /images/big_prod/3665284220666.jpg HTTP/1.0" 200 268 "-" "Mozilla/5.0 (compatible; AhrefsBot/7.0; +http://ahrefs.com/robot/)"
54.36.148.119 - - [12/Oct/2022:15:22:19 +0200] "GET /images/big_prod_1/3665284220666a.jpg HTTP/1.0" 200 271 "-" "Mozilla/5.0 (compatible; AhrefsBot/7.0; +http://ahrefs.com/robot/)"
185.191.171.41 - - [12/Oct/2022:15:22:18 +0200] "GET /mojito-metal-large-clock-p-49116.html HTTP/1.0" 200 72334 "-" "Mozilla/5.0 (compatible; SemrushBot/7~bl; +http://www.semrush.com/bot.html)"
114.119.137.3 - - [12/Oct/2022:15:22:24 +0200] "GET /images/big_prod_1/3453131149020Y.jpg HTTP/1.0" 200 271 "http://www.wonder-geek.com/dogs-white-p-49735.html" "Mozilla/5.0 (Linux; Android 7.0;) AppleWebKit/537.36 (KHTML, like Gecko) Mobile Safari/537.36 (compatible; PetalBot;+https://webmaster.petalsearch.com/site/petalbot)"
157.90.177.217 - - [12/Oct/2022:15:22:23 +0200] "GET /small-dory-finding-dory-p-37132.html HTTP/1.0" 200 76362 "-" "Mozilla/5.0 (compatible; BLEXBot/1.0; +http://webmeup-crawler.com/)"
66.249.64.244 - - [12/Oct/2022:15:22:34 +0200] "GET /french-kiss-paris-little-tray-p-39730.html HTTP/1.0" 200 75084 "-" "Mozilla/5.0 (Linux; Android 6.0.1; Nexus 5X Build/MMB29P) AppleWebKit/537.36 (KHTML, like Gecko) Chrome/106.0.5249.103 Mobile Safari/537.36 (compatible; Googlebot/2.1; +http://www.google.com/bot.html)"
157.90.177.217 - - [12/Oct/2022:15:22:39 +0200] "GET /small-fish-oven-glove-p-54502.html HTTP/1.0" 200 74923 "-" "Mozilla/5.0 (compatible; BLEXBot/1.0; +http://webmeup-crawler.com/)"
157.90.177.217 - - [12/Oct/2022:15:22:55 +0200] "GET /small-flower-aged-ceramic-p-58707.html HTTP/1.0" 200 75773 "-" "Mozilla/5.0 (compatible; BLEXBot/1.0; +http://webmeup-crawler.com/)"
54.36.149.46 - - [12/Oct/2022:15:22:59 +0200] "GET /snow-glitter-ball-c-13_259.html HTTP/1.0" 200 92613 "-" "Mozilla/5.0 (compatible; AhrefsBot/7.0; +http://ahrefs.com/robot/)"
207.46.13.138 - - [12/Oct/2022:15:23:02 +0200] "GET /despecable-keyring-p-33477.html HTTP/1.0" 200 74960 "-" "Mozilla/5.0 AppleWebKit/537.36 (KHTML, like Gecko; compatible; bingbot/2.0; +http://www.bing.com/bingbot.htm) Chrome/103.0.5060.134 Safari/537.36"
185.191.171.3 - - [12/Oct/2022:15:23:03 +0200] "GET /samurai-statue-resin-p-56943.html HTTP/1.0" 200 75737 "-" "Mozilla/5.0 (compatible; SemrushBot/7~bl; +http://www.semrush.com/bot.html)"
157.90.177.217 - - [12/Oct/2022:15:23:13 +0200] "GET /small-flowerpot-hang-p-58111.html HTTP/1.0" 200 75531 "-" "Mozilla/5.0 (compatible; BLEXBot/1.0; +http://webmeup-crawler.com/)"
157.90.177.217 - - [12/Oct/2022:15:23:29 +0200] "GET /small-flowerpot-hang-p-58112.html HTTP/1.0" 200 75530 "-" "Mozilla/5.0 (compatible; BLEXBot/1.0; +http://webmeup-crawler.com/)"
157.90.177.217 - - [12/Oct/2022:15:23:45 +0200] "GET /small-flowerpot-hang-p-58113.html HTTP/1.0" 200 75530 "-" "Mozilla/5.0 (compatible; BLEXBot/1.0; +http://webmeup-crawler.com/)"
114.119.133.245 - - [12/Oct/2022:15:23:47 +0200] "GET /little-prince-exupry-cushion-cherry-pits-p-57175.html HTTP/1.0" 200 75820 "http://www.wonder-geek.com/home-decoration-c-13.html?page=167" "Mozilla/5.0 (Linux; Android 7.0;) AppleWebKit/537.36 (KHTML, like Gecko) Mobile Safari/537.36 (compatible; PetalBot;+https://webmaster.petalsearch.com/site/petalbot)"
157.90.177.217 - - [12/Oct/2022:15:24:04 +0200] "GET /small-geisha-compartmentalized-metal-p-51732.html HTTP/1.0" 200 76123 "-" "Mozilla/5.0 (compatible; BLEXBot/1.0; +http://webmeup-crawler.com/)"
185.191.171.43 - - [12/Oct/2022:15:24:15 +0200] "GET /golden-swan-porcelain-figurine-p-55127.html HTTP/1.0" 200 72358 "-" "Mozilla/5.0 (compatible; SemrushBot/7~bl; +http://www.semrush.com/bot.html)"
185.191.171.14 - - [12/Oct/2022:15:24:19 +0200] "GET /trays-c-12_159.html?page=5 HTTP/1.0" 200 93928 "-" "Mozilla/5.0 (compatible; SemrushBot/7~bl; +http://www.semrush.com/bot.html)"
157.90.177.217 - - [12/Oct/2022:15:24:20 +0200] "GET /small-gorilla-nici-charm-phone-charm-p-33461.html HTTP/1.0" 200 75013 "-" "Mozilla/5.0 (compatible; BLEXBot/1.0; +http://webmeup-crawler.com/)"
54.36.149.59 - - [12/Oct/2022:15:24:21 +0200] "GET /poster-star-wars-return-jedi-p-55989.html HTTP/1.0" 200 75010 "-" "Mozilla/5.0 (compatible; AhrefsBot/7.0; +http://ahrefs.com/robot/)"
54.36.149.21 - - [12/Oct/2022:15:24:27 +0200] "GET /images/big_prod/3760116320030.jpg HTTP/1.0" 200 268 "-" "Mozilla/5.0 (compatible; AhrefsBot/7.0; +http://ahrefs.com/robot/)"
157.90.177.217 - - [12/Oct/2022:15:24:36 +0200] "GET /small-gorjuss-bubble-fairy-backpack-p-53966.html HTTP/1.0" 200 75917 "-" "Mozilla/5.0 (compatible; BLEXBot/1.0; +http://webmeup-crawler.com/)"
66.249.64.242 - - [12/Oct/2022:15:24:49 +0200] "GET /quote-large-metal-plate-deco-p-34316.html HTTP/1.0" 200 74925 "-" "Mozilla/5.0 (compatible; Googlebot/2.1; +http://www.google.com/bot.html)"
157.90.177.217 - - [12/Oct/2022:15:24:52 +0200] "GET /small-gorjuss-tall-tails-backpack-p-53967.html HTTP/1.0" 200 75905 "-" "Mozilla/5.0 (compatible; BLEXBot/1.0; +http://webmeup-crawler.com/)"
157.90.177.217 - - [12/Oct/2022:15:25:08 +0200] "GET /small-green-japanese-cast-iron-teapot-liter-p-54887.html HTTP/1.0" 200 75875 "-" "Mozilla/5.0 (compatible; BLEXBot/1.0; +http://webmeup-crawler.com/)"
114.119.137.45 - - [12/Oct/2022:15:25:12 +0200] "GET /emoticon-cushion-45-45-cm-p-40434.html HTTP/1.0" 301 72315 "http://www.wonder-geek.com/household-linen-c-11.html?page=44" "Mozilla/5.0 (Linux; Android 7.0;) AppleWebKit/537.36 (KHTML, like Gecko) Mobile Safari/537.36 (compatible; PetalBot;+https://webmaster.petalsearch.com/site/petalbot)"
114.119.137.45 - - [12/Oct/2022:15:25:18 +0200] "GET /-p-40434.html HTTP/1.0" 200 72248 "http://www.wonder-geek.com/household-linen-c-11.html?page=44" "Mozilla/5.0 (Linux; Android 7.0;) AppleWebKit/537.36 (KHTML, like Gecko) Mobile Safari/537.36 (compatible; PetalBot;+https://webmaster.petalsearch.com/site/petalbot)"
54.36.148.254 - - [12/Oct/2022:15:25:21 +0200] "GET /areu-table-lamp-silver-metal-p-54593.html HTTP/1.0" 200 75618 "-" "Mozilla/5.0 (compatible; AhrefsBot/7.0; +http://ahrefs.com/robot/)"
157.90.177.217 - - [12/Oct/2022:15:25:24 +0200] "GET /small-green-japanese-cast-iron-teapot-liter-p-56737.html HTTP/1.0" 200 75877 "-" "Mozilla/5.0 (compatible; BLEXBot/1.0; +http://webmeup-crawler.com/)"
66.249.64.246 - - [12/Oct/2022:15:25:37 +0200] "GET /allen-p-25809.html HTTP/1.0" 200 74786 "-" "Mozilla/5.0 (compatible; Googlebot/2.1; +http://www.google.com/bot.html)"
157.90.177.217 - - [12/Oct/2022:15:25:40 +0200] "GET /small-green-japanese-enameled-cast-iron-teapot-liter-p-57681.html HTTP/1.0" 200 75306 "-" "Mozilla/5.0 (compatible; BLEXBot/1.0; +http://webmeup-crawler.com/)"
157.90.177.217 - - [12/Oct/2022:15:26:02 +0200] "GET /small-green-robot-money-p-54826.html HTTP/1.0" 200 74941 "-" "Mozilla/5.0 (compatible; BLEXBot/1.0; +http://webmeup-crawler.com/)"
157.90.177.217 - - [12/Oct/2022:15:26:18 +0200] "GET /small-heart-home-candle-cashmere-p-57273.html HTTP/1.0" 200 76130 "-" "Mozilla/5.0 (compatible; BLEXBot/1.0; +http://webmeup-crawler.com/)"
54.36.148.184 - - [12/Oct/2022:15:26:29 +0200] "GET /areu-table-lamp-gold-metal-p-54594.html HTTP/1.0" 200 75803 "-" "Mozilla/5.0 (compatible; AhrefsBot/7.0; +http://ahrefs.com/robot/)"
114.119.137.31 - - [12/Oct/2022:15:26:30 +0200] "GET /collectible-figurines-decorative-c-13_135.html?page=58 HTTP/1.0" 200 83255 "http://www.wonder-geek.com/collectible-figurines-decorative-c-13_135.html?page=57" "Mozilla/5.0 (Linux; Android 7.0;) AppleWebKit/537.36 (KHTML, like Gecko) Mobile Safari/537.36 (compatible; PetalBot;+https://webmaster.petalsearch.com/site/petalbot)"
54.36.148.96 - - [12/Oct/2022:15:26:35 +0200] "GET /images/big_prod_2/8435153839863D.jpg HTTP/1.0" 200 271 "-" "Mozilla/5.0 (compatible; AhrefsBot/7.0; +http://ahrefs.com/robot/)"
54.36.148.137 - - [12/Oct/2022:15:26:36 +0200] "GET /images/big_prod/8435153839863.jpg HTTP/1.0" 200 268 "-" "Mozilla/5.0 (compatible; AhrefsBot/7.0; +http://ahrefs.com/robot/)"
157.90.177.217 - - [12/Oct/2022:15:26:35 +0200] "GET /small-heart-home-candle-christmas-tree-p-57120.html HTTP/1.0" 200 76252 "-" "Mozilla/5.0 (compatible; BLEXBot/1.0; +http://webmeup-crawler.com/)"
157.90.177.217 - - [12/Oct/2022:15:26:51 +0200] "GET /small-heart-home-candle-cranberry-spice-p-57129.html HTTP/1.0" 200 76227 "-" "Mozilla/5.0 (compatible; BLEXBot/1.0; +http://webmeup-crawler.com/)"
66.249.64.242 - - [12/Oct/2022:15:26:51 +0200] "GET /adults-apron-cotton-yuco-jade-p-48218.html HTTP/1.0" 200 74994 "-" "Mozilla/5.0 (Linux; Android 6.0.1; Nexus 5X Build/MMB29P) AppleWebKit/537.36 (KHTML, like Gecko) Chrome/106.0.5249.103 Mobile Safari/537.36 (compatible; Googlebot/2.1; +http://www.google.com/bot.html)"
157.90.177.217 - - [12/Oct/2022:15:27:10 +0200] "GET /small-heart-home-candle-fresh-line-p-57270.html HTTP/1.0" 200 76164 "-" "Mozilla/5.0 (compatible; BLEXBot/1.0; +http://webmeup-crawler.com/)"
157.90.177.217 - - [12/Oct/2022:15:27:26 +0200] "GET /small-heart-home-candle-home-christmas-p-57125.html HTTP/1.0" 200 76271 "-" "Mozilla/5.0 (compatible; BLEXBot/1.0; +http://webmeup-crawler.com/)"
54.36.149.43 - - [12/Oct/2022:15:27:30 +0200] "GET /small-piggy-bank-elephant-gray-p-58459.html HTTP/1.0" 200 75762 "-" "Mozilla/5.0 (compatible; AhrefsBot/7.0; +http://ahrefs.com/robot/)"
157.90.177.217 - - [12/Oct/2022:15:27:42 +0200] "GET /small-heart-home-candle-river-rock-p-57277.html HTTP/1.0" 200 76140 "-" "Mozilla/5.0 (compatible; BLEXBot/1.0; +http://webmeup-crawler.com/)"
114.119.137.31 - - [12/Oct/2022:15:27:57 +0200] "GET /coat-rack-hook-floor-key-cast-iron-p-47448.html HTTP/1.0" 301 75101 "http://www.wonder-geek.com/home-and-decoration-c-13.html?page=18" "Mozilla/5.0 (Linux; Android 7.0;) AppleWebKit/537.36 (KHTML, like Gecko) Mobile Safari/537.36 (compatible; PetalBot;+https://webmaster.petalsearch.com/site/petalbot)"
157.90.177.217 - - [12/Oct/2022:15:27:58 +0200] "GET /small-heart-home-candle-sandalwood-vanilla-p-57271.html HTTP/1.0" 200 76341 "-" "Mozilla/5.0 (compatible; BLEXBot/1.0; +http://webmeup-crawler.com/)"
114.119.137.31 - - [12/Oct/2022:15:28:05 +0200] "GET /coat-rack-hook-floor-cast-iron-p-47448.html HTTP/1.0" 200 75004 "http://www.wonder-geek.com/home-and-decoration-c-13.html?page=18" "Mozilla/5.0 (Linux; Android 7.0;) AppleWebKit/537.36 (KHTML, like Gecko) Mobile Safari/537.36 (compatible; PetalBot;+https://webmaster.petalsearch.com/site/petalbot)"
157.55.39.217 - - [12/Oct/2022:15:28:10 +0200] "GET /weapon-mtal-keyring-famas-p-31990.html HTTP/1.0" 200 74933 "-" "Mozilla/5.0 AppleWebKit/537.36 (KHTML, like Gecko; compatible; bingbot/2.0; +http://www.bing.com/bingbot.htm) Chrome/103.0.5060.134 Safari/537.36"
157.55.39.231 - - [12/Oct/2022:15:28:15 +0200] "GET /love-personnalized-money-boxes-p-17692.html HTTP/1.0" 200 75224 "-" "Mozilla/5.0 AppleWebKit/537.36 (KHTML, like Gecko; compatible; bingbot/2.0; +http://www.bing.com/bingbot.htm) Chrome/103.0.5060.134 Safari/537.36"
157.90.177.217 - - [12/Oct/2022:15:28:15 +0200] "GET /small-heart-home-candle-snow-angel-p-57122.html HTTP/1.0" 200 76224 "-" "Mozilla/5.0 (compatible; BLEXBot/1.0; +http://webmeup-crawler.com/)"
51.68.224.127 - - [12/Oct/2022:15:28:23 +0200] "GET /adminweb/export_orders_xml.php?token=256de2z6edz6ed2z6DFSFsed2zed6zeDSFDSGdzedezfzf&maxorders=10&orderstart=1&status=14&start_date=2018-10-01 HTTP/1.0" 200 285 "-" "GesCom CharlotteBoutik Serveur"
51.68.224.127 - - [12/Oct/2022:15:28:23 +0200] "GET /adminweb/export_orders_xml.php?token=256de2z6edz6ed2z6DFSFsed2zed6zeDSFDSGdzedezfzf&maxorders=10&orderstart=1&status=6&start_date=2018-10-01 HTTP/1.0" 200 33985 "-" "GesCom CharlotteBoutik Serveur"
54.36.148.171 - - [12/Oct/2022:15:28:29 +0200] "GET /rectangular-signboard-arrow-wood-model-p-45479.html HTTP/1.0" 200 75065 "-" "Mozilla/5.0 (compatible; AhrefsBot/7.0; +http://ahrefs.com/robot/)"
54.36.148.237 - - [12/Oct/2022:15:28:33 +0200] "GET /images/big_prod/1399986106523x.jpg HTTP/1.0" 200 269 "-" "Mozilla/5.0 (compatible; AhrefsBot/7.0; +http://ahrefs.com/robot/)"
157.90.177.217 - - [12/Oct/2022:15:28:32 +0200] "GET /small-heart-home-candle-sweet-black-cherries-p-57272.html HTTP/1.0" 200 76236 "-" "Mozilla/5.0 (compatible; BLEXBot/1.0; +http://webmeup-crawler.com/)"
157.90.177.217 - - [12/Oct/2022:15:28:48 +0200] "GET /small-heart-home-candle-true-enchantment-p-57269.html HTTP/1.0" 200 76233 "-" "Mozilla/5.0 (compatible; BLEXBot/1.0; +http://webmeup-crawler.com/)"
66.249.64.244 - - [12/Oct/2022:15:29:01 +0200] "GET /flower-joris-collection-blue-p-54677.html HTTP/1.0" 200 72374 "-" "Mozilla/5.0 (Linux; Android 6.0.1; Nexus 5X Build/MMB29P) AppleWebKit/537.36 (KHTML, like Gecko) Chrome/106.0.5249.103 Mobile Safari/537.36 (compatible; Googlebot/2.1; +http://www.google.com/bot.html)"
157.90.177.217 - - [12/Oct/2022:15:29:04 +0200] "GET /small-hearts-cups-saucer-p-53742.html HTTP/1.0" 200 75010 "-" "Mozilla/5.0 (compatible; BLEXBot/1.0; +http://webmeup-crawler.com/)"
66.249.64.244 - - [12/Oct/2022:15:29:11 +0200] "GET /fairy-kitchen-towel-p-38812.html HTTP/1.0" 200 74847 "-" "Mozilla/5.0 (compatible; Googlebot/2.1; +http://www.google.com/bot.html)"
157.90.177.217 - - [12/Oct/2022:15:29:21 +0200] "GET /small-hearts-cups-saucer-p-53743.html HTTP/1.0" 200 75010 "-" "Mozilla/5.0 (compatible; BLEXBot/1.0; +http://webmeup-crawler.com/)"
207.46.13.138 - - [12/Oct/2022:15:29:22 +0200] "GET /pill-passion-p-34377.html HTTP/1.0" 200 72312 "-" "Mozilla/5.0 (compatible; bingbot/2.0; +http://www.bing.com/bingbot.htm)"
54.36.148.175 - - [12/Oct/2022:15:29:33 +0200] "GET /flower-soho-collection-p-54637.html HTTP/1.0" 200 72350 "-" "Mozilla/5.0 (compatible; AhrefsBot/7.0; +http://ahrefs.com/robot/)"
157.90.177.217 - - [12/Oct/2022:15:29:38 +0200] "GET /small-hippopotamus-light-gray-money-bank-p-56210.html HTTP/1.0" 200 75862 "-" "Mozilla/5.0 (compatible; BLEXBot/1.0; +http://webmeup-crawler.com/)"
157.90.177.217 - - [12/Oct/2022:15:29:54 +0200] "GET /small-houses-saltshaker-pepper-p-32222.html HTTP/1.0" 200 75025 "-" "Mozilla/5.0 (compatible; BLEXBot/1.0; +http://webmeup-crawler.com/)"
157.90.177.217 - - [12/Oct/2022:15:30:12 +0200] "GET /small-japanese-black-cast-iron-teapot-liter-p-54896.html HTTP/1.0" 200 75325 "-" "Mozilla/5.0 (compatible; BLEXBot/1.0; +http://webmeup-crawler.com/)"
157.90.177.217 - - [12/Oct/2022:15:30:28 +0200] "GET /small-japanese-blue-cast-iron-teapot-liter-p-54886.html HTTP/1.0" 200 76094 "-" "Mozilla/5.0 (compatible; BLEXBot/1.0; +http://webmeup-crawler.com/)"
157.90.177.217 - - [12/Oct/2022:15:30:44 +0200] "GET /small-japanese-blue-cast-iron-teapot-liter-p-54897.html HTTP/1.0" 200 75224 "-" "Mozilla/5.0 (compatible; BLEXBot/1.0; +http://webmeup-crawler.com/)"
54.36.148.200 - - [12/Oct/2022:15:30:49 +0200] "GET /clock-cbkreation-p-24371.html HTTP/1.0" 200 74972 "-" "Mozilla/5.0 (compatible; AhrefsBot/7.0; +http://ahrefs.com/robot/)"
114.119.137.43 - - [12/Oct/2022:15:30:58 +0200] "GET /indoor-ganesh-fountain-40-cm-p-46687.html HTTP/1.0" 301 72427 "http://www.wonder-geek.com/indoor-fountains-c-13_272.html" "Mozilla/5.0 (Linux; Android 7.0;) AppleWebKit/537.36 (KHTML, like Gecko) Mobile Safari/537.36 (compatible; PetalBot;+https://webmaster.petalsearch.com/site/petalbot)"
114.119.137.43 - - [12/Oct/2022:15:31:00 +0200] "GET /indoor-ganesh-fountain-p-46687.html HTTP/1.0" 200 72338 "http://www.wonder-geek.com/indoor-fountains-c-13_272.html" "Mozilla/5.0 (Linux; Android 7.0;) AppleWebKit/537.36 (KHTML, like Gecko) Mobile Safari/537.36 (compatible; PetalBot;+https://webmaster.petalsearch.com/site/petalbot)"
157.90.177.217 - - [12/Oct/2022:15:31:01 +0200] "GET /small-japanese-blue-teapot-enameled-cast-iron-liter-p-57693.html HTTP/1.0" 200 75429 "-" "Mozilla/5.0 (compatible; BLEXBot/1.0; +http://webmeup-crawler.com/)"
157.90.177.217 - - [12/Oct/2022:15:31:18 +0200] "GET /small-japanese-bordeaux-teapot-enameled-cast-iron-liter-p-57692.html HTTP/1.0" 200 76100 "-" "Mozilla/5.0 (compatible; BLEXBot/1.0; +http://webmeup-crawler.com/)"
207.46.13.138 - - [12/Oct/2022:15:31:32 +0200] "GET /black-virgin-prayer-candle-novena-p-44428.html HTTP/1.0" 200 75738 "-" "Mozilla/5.0 (compatible; bingbot/2.0; +http://www.bing.com/bingbot.htm)"
157.90.177.217 - - [12/Oct/2022:15:31:35 +0200] "GET /small-japanese-burgundy-enameled-cast-iron-teapot-liter-p-57695.html HTTP/1.0" 200 76016 "-" "Mozilla/5.0 (compatible; BLEXBot/1.0; +http://webmeup-crawler.com/)"
185.191.171.3 - - [12/Oct/2022:15:31:38 +0200] "GET /round-magnet-little-prince-rose-p-59032.html?action=add_product HTTP/1.0" 302 476 "-" "Mozilla/5.0 (compatible; SemrushBot/7~bl; +http://www.semrush.com/bot.html)"
157.90.177.217 - - [12/Oct/2022:15:31:52 +0200] "GET /small-japanese-cast-iron-teapot-liter-p-54882.html HTTP/1.0" 200 75195 "-" "Mozilla/5.0 (compatible; BLEXBot/1.0; +http://webmeup-crawler.com/)"
54.36.148.163 - - [12/Oct/2022:15:31:58 +0200] "GET /christmas-snow-white-dopey-figurine-p-45635.html HTTP/1.0" 200 76519 "-" "Mozilla/5.0 (compatible; AhrefsBot/7.0; +http://ahrefs.com/robot/)"
157.90.177.217 - - [12/Oct/2022:15:32:08 +0200] "GET /small-japanese-cast-iron-teapot-liter-p-54883.html HTTP/1.0" 200 75206 "-" "Mozilla/5.0 (compatible; BLEXBot/1.0; +http://webmeup-crawler.com/)"
157.90.177.217 - - [12/Oct/2022:15:32:24 +0200] "GET /small-japanese-cast-iron-teapot-liter-p-54885.html HTTP/1.0" 200 75182 "-" "Mozilla/5.0 (compatible; BLEXBot/1.0; +http://webmeup-crawler.com/)"
185.191.171.34 - - [12/Oct/2022:15:32:39 +0200] "GET /fancy-elastic-bracelet-buddha-p-43736.html HTTP/1.0" 200 74908 "-" "Mozilla/5.0 (compatible; SemrushBot/7~bl; +http://www.semrush.com/bot.html)"
157.90.177.217 - - [12/Oct/2022:15:32:40 +0200] "GET /small-japanese-cast-iron-teapot-liter-p-54898.html HTTP/1.0" 200 75208 "-" "Mozilla/5.0 (compatible; BLEXBot/1.0; +http://webmeup-crawler.com/)"
157.55.39.28 - - [12/Oct/2022:15:32:55 +0200] "GET /barbecue-paper-towel-dispenser-p-38258.html HTTP/1.0" 301 72315 "-" "Mozilla/5.0 (compatible; bingbot/2.0; +http://www.bing.com/bingbot.htm)"
157.90.177.217 - - [12/Oct/2022:15:32:56 +0200] "GET /small-japanese-enameled-cast-iron-teapot-liter-p-57682.html HTTP/1.0" 200 75282 "-" "Mozilla/5.0 (compatible; BLEXBot/1.0; +http://webmeup-crawler.com/)"
54.36.148.249 - - [12/Oct/2022:15:33:09 +0200] "GET /saffron-flower-fragrance-diffuser-made-provence-p-57053.html HTTP/1.0" 200 76362 "-" "Mozilla/5.0 (compatible; AhrefsBot/7.0; +http://ahrefs.com/robot/)"
157.55.39.28 - - [12/Oct/2022:15:33:15 +0200] "GET /luggages-schoolbags-leather-shop/kids-school-bag/monster-high-kids-school-bag-p-26604.html HTTP/1.0" 301 72315 "-" "Mozilla/5.0 (compatible; bingbot/2.0; +http://www.bing.com/bingbot.htm)"
157.90.177.217 - - [12/Oct/2022:15:33:14 +0200] "GET /small-japanese-petrol-blue-enameled-cast-iron-teapot-liter-p-57694.html HTTP/1.0" 200 76046 "-" "Mozilla/5.0 (compatible; BLEXBot/1.0; +http://webmeup-crawler.com/)"
114.119.137.45 - - [12/Oct/2022:15:33:14 +0200] "GET /take-cake-chrie-party-p-48105.html HTTP/1.0" 200 75558 "http://www.wonder-geek.com/household-linen-c-11.html?page=25" "Mozilla/5.0 (Linux; Android 7.0;) AppleWebKit/537.36 (KHTML, like Gecko) Mobile Safari/537.36 (compatible; PetalBot;+https://webmaster.petalsearch.com/site/petalbot)"
157.90.177.217 - - [12/Oct/2022:15:33:32 +0200] "GET /small-japanese-turquoise-silver-cast-iron-teapot-liter-p-54888.html HTTP/1.0" 200 76289 "-" "Mozilla/5.0 (compatible; BLEXBot/1.0; +http://webmeup-crawler.com/)"
23.236.201.252 - - [12/Oct/2022:15:33:37 +0200] "GET /specials.php?page=7 HTTP/1.0" 200 124568 "-" "Mozilla/5.0 (Windows NT 9.2.2; Win64; x64; rv:42.40.2) Gecko/20100101 Firefox/42.40.2"
157.90.177.217 - - [12/Oct/2022:15:33:48 +0200] "GET /small-japanese-yellow-cast-iron-teapot-liter-p-54884.html HTTP/1.0" 200 75238 "-" "Mozilla/5.0 (compatible; BLEXBot/1.0; +http://webmeup-crawler.com/)"
157.90.177.217 - - [12/Oct/2022:15:34:04 +0200] "GET /small-komorebi-capacity-p-58340.html HTTP/1.0" 200 75810 "-" "Mozilla/5.0 (compatible; BLEXBot/1.0; +http://webmeup-crawler.com/)"
66.249.64.244 - - [12/Oct/2022:15:34:06 +0200] "GET /mini-trolley-p-49039.html HTTP/1.0" 200 75552 "-" "Mozilla/5.0 (Linux; Android 6.0.1; Nexus 5X Build/MMB29P) AppleWebKit/537.36 (KHTML, like Gecko) Chrome/106.0.5249.103 Mobile Safari/537.36 (compatible; Googlebot/2.1; +http://www.google.com/bot.html)"
54.36.148.18 - - [12/Oct/2022:15:34:08 +0200] "GET /dishes-c-12.html HTTP/1.0" 200 93084 "-" "Mozilla/5.0 (compatible; AhrefsBot/7.0; +http://ahrefs.com/robot/)"
157.90.177.217 - - [12/Oct/2022:15:34:20 +0200] "GET /small-komorebi-capacity-p-58341.html HTTP/1.0" 200 75810 "-" "Mozilla/5.0 (compatible; BLEXBot/1.0; +http://webmeup-crawler.com/)"
157.90.177.217 - - [12/Oct/2022:15:34:36 +0200] "GET /small-linen-lampshade-white-p-57213.html HTTP/1.0" 200 75610 "-" "Mozilla/5.0 (compatible; BLEXBot/1.0; +http://webmeup-crawler.com/)"
185.191.171.8 - - [12/Oct/2022:15:34:47 +0200] "GET /jungle-parrot-p-56230.html HTTP/1.0" 200 75446 "-" "Mozilla/5.0 (compatible; SemrushBot/7~bl; +http://www.semrush.com/bot.html)"
207.46.13.140 - - [12/Oct/2022:15:34:47 +0200] "GET /union-jack-phone-cover-iphone-p-14165.html HTTP/1.0" 200 75805 "-" "Mozilla/5.0 (compatible; bingbot/2.0; +http://www.bing.com/bingbot.htm)"
157.90.177.217 - - [12/Oct/2022:15:34:52 +0200] "GET /small-melamine-tray-p-45156.html HTTP/1.0" 200 74949 "-" "Mozilla/5.0 (compatible; BLEXBot/1.0; +http://webmeup-crawler.com/)"
66.249.64.242 - - [12/Oct/2022:15:35:01 +0200] "GET /pucca-alarm-clock-p-22200.html HTTP/1.0" 200 75067 "-" "Mozilla/5.0 (compatible; Googlebot/2.1; +http://www.google.com/bot.html)"
61.77.32.97 - - [12/Oct/2022:15:35:04 +0200] "GET /images/big_prod_2/bambou1.jpg HTTP/1.0" 200 264 "-" "Mozilla/5.0 (X11; Ubuntu; Linux x86_64; rv:72.0) Gecko/20100101 Firefox/72.0"
157.90.177.217 - - [12/Oct/2022:15:35:09 +0200] "GET /small-melamine-tray-p-48618.html HTTP/1.0" 200 74951 "-" "Mozilla/5.0 (compatible; BLEXBot/1.0; +http://webmeup-crawler.com/)"
66.249.64.242 - - [12/Oct/2022:15:35:11 +0200] "GET /angel-basket-roses-small-p-34195.html HTTP/1.0" 200 75108 "-" "Mozilla/5.0 (compatible; Googlebot/2.1; +http://www.google.com/bot.html)"
54.36.148.166 - - [12/Oct/2022:15:35:15 +0200] "GET /lotto-gold-beige-table-lamp-p-54615.html HTTP/1.0" 200 75011 "-" "Mozilla/5.0 (compatible; AhrefsBot/7.0; +http://ahrefs.com/robot/)"
185.191.171.15 - - [12/Oct/2022:15:35:16 +0200] "GET /seahorse-figurine-albasia-p-58083.html HTTP/1.0" 200 75660 "-" "Mozilla/5.0 (compatible; SemrushBot/7~bl; +http://www.semrush.com/bot.html)"
54.36.149.16 - - [12/Oct/2022:15:35:19 +0200] "GET /images/big_prod/8435153849640.jpg HTTP/1.0" 200 268 "-" "Mozilla/5.0 (compatible; AhrefsBot/7.0; +http://ahrefs.com/robot/)"
114.119.137.3 - - [12/Oct/2022:15:35:24 +0200] "GET /household-linen-c-11.html?page=9 HTTP/1.0" 200 93836 "http://www.wonder-geek.com/household-linen-c-11.html?page=8" "Mozilla/5.0 (Linux; Android 7.0;) AppleWebKit/537.36 (KHTML, like Gecko) Mobile Safari/537.36 (compatible; PetalBot;+https://webmaster.petalsearch.com/site/petalbot)"
157.90.177.217 - - [12/Oct/2022:15:35:25 +0200] "GET /small-melamine-tray-p-55876.html HTTP/1.0" 200 74977 "-" "Mozilla/5.0 (compatible; BLEXBot/1.0; +http://webmeup-crawler.com/)"
157.90.177.217 - - [12/Oct/2022:15:35:41 +0200] "GET /small-metal-collection-plate-p-35025.html HTTP/1.0" 200 75038 "-" "Mozilla/5.0 (compatible; BLEXBot/1.0; +http://webmeup-crawler.com/)"
66.249.64.242 - - [12/Oct/2022:15:35:56 +0200] "GET /retro-style-bread-saveurs-traditions-franaises-p-55517.html HTTP/1.0" 200 75917 "-" "Mozilla/5.0 (Linux; Android 6.0.1; Nexus 5X Build/MMB29P) AppleWebKit/537.36 (KHTML, like Gecko) Chrome/106.0.5249.103 Mobile Safari/537.36 (compatible; Googlebot/2.1; +http://www.google.com/bot.html)"
157.90.177.217 - - [12/Oct/2022:15:35:57 +0200] "GET /small-metal-plate-collection-vespa-beach-p-35028.html HTTP/1.0" 200 75465 "-" "Mozilla/5.0 (compatible; BLEXBot/1.0; +http://webmeup-crawler.com/)"
157.90.177.217 - - [12/Oct/2022:15:36:15 +0200] "GET /small-metal-plate-collection-vespa-best-p-16831.html HTTP/1.0" 200 75716 "-" "Mozilla/5.0 (compatible; BLEXBot/1.0; +http://webmeup-crawler.com/)"
66.249.64.244 - - [12/Oct/2022:15:36:22 +0200] "GET /picapica-tapas-tablecloth-anti-stain-p-34993.html HTTP/1.0" 200 75064 "-" "Mozilla/5.0 (compatible; Googlebot/2.1; +http://www.google.com/bot.html)"
54.36.148.234 - - [12/Oct/2022:15:36:25 +0200] "GET /cement-cover-gray-p-57982.html HTTP/1.0" 200 75656 "-" "Mozilla/5.0 (compatible; AhrefsBot/7.0; +http://ahrefs.com/robot/)"
157.90.177.217 - - [12/Oct/2022:15:36:31 +0200] "GET /small-metal-plate-collection-vespa-p-16836.html HTTP/1.0" 200 75693 "-" "Mozilla/5.0 (compatible; BLEXBot/1.0; +http://webmeup-crawler.com/)"
147.92.153.16 - - [12/Oct/2022:15:36:43 +0200] "GET /difference-accessoriess-c-12_59.html HTTP/1.0" 200 91038 "-" "Mozilla/5.0 (compatible; Linespider/1.1; +https://lin.ee/4dwXkTH)"
157.90.177.217 - - [12/Oct/2022:15:36:50 +0200] "GET /small-metal-plate-collection-vespa-walk-love-p-16837.html HTTP/1.0" 200 75806 "-" "Mozilla/5.0 (compatible; BLEXBot/1.0; +http://webmeup-crawler.com/)"
157.90.177.217 - - [12/Oct/2022:15:37:08 +0200] "GET /small-metal-plate-collection-vespa-waterfall-p-35027.html HTTP/1.0" 200 75711 "-" "Mozilla/5.0 (compatible; BLEXBot/1.0; +http://webmeup-crawler.com/)"
157.90.177.217 - - [12/Oct/2022:15:37:24 +0200] "GET /small-moto-guzzi-metal-collection-plate-p-35026.html HTTP/1.0" 200 75441 "-" "Mozilla/5.0 (compatible; BLEXBot/1.0; +http://webmeup-crawler.com/)"
54.36.148.78 - - [12/Oct/2022:15:37:30 +0200] "GET /pink-pineapple-natural-leds-p-40173.html HTTP/1.0" 200 72364 "-" "Mozilla/5.0 (compatible; AhrefsBot/7.0; +http://ahrefs.com/robot/)"
185.191.171.7 - - [12/Oct/2022:15:37:32 +0200] "GET /incense-stick-holder-chakra-p-57939.html HTTP/1.0" 200 75899 "-" "Mozilla/5.0 (compatible; SemrushBot/7~bl; +http://www.semrush.com/bot.html)"
157.90.177.217 - - [12/Oct/2022:15:37:40 +0200] "GET /small-orange-cube-alarm-clock-p-55547.html HTTP/1.0" 200 76159 "-" "Mozilla/5.0 (compatible; BLEXBot/1.0; +http://webmeup-crawler.com/)"
66.249.64.242 - - [12/Oct/2022:15:37:41 +0200] "GET /vespa-scooter-clock-p-23042.html HTTP/1.0" 301 72315 "-" "Mozilla/5.0 (Linux; Android 6.0.1; Nexus 5X Build/MMB29P) AppleWebKit/537.36 (KHTML, like Gecko) Chrome/106.0.5249.103 Mobile Safari/537.36 (compatible; Googlebot/2.1; +http://www.google.com/bot.html)"
114.119.137.3 - - [12/Oct/2022:15:37:41 +0200] "GET /sentiment-towel-kitchen-towel-p-43632.html HTTP/1.0" 200 75665 "http://www.wonder-geek.com/household-linen-c-11.html?page=13" "Mozilla/5.0 (Linux; Android 7.0;) AppleWebKit/537.36 (KHTML, like Gecko) Mobile Safari/537.36 (compatible; PetalBot;+https://webmaster.petalsearch.com/site/petalbot)"
66.249.64.242 - - [12/Oct/2022:15:37:44 +0200] "GET /-p-23042.html HTTP/1.0" 200 72248 "-" "Mozilla/5.0 (Linux; Android 6.0.1; Nexus 5X Build/MMB29P) AppleWebKit/537.36 (KHTML, like Gecko) Chrome/106.0.5249.103 Mobile Safari/537.36 (compatible; Googlebot/2.1; +http://www.google.com/bot.html)"
216.244.66.242 - - [12/Oct/2022:15:37:53 +0200] "GET /robots.txt HTTP/1.0" 200 245 "-" "Mozilla/5.0 (compatible; DotBot/1.2; +https://opensiteexplorer.org/dotbot; help@moz.com)"
66.249.64.242 - - [12/Oct/2022:15:37:54 +0200] "GET /spongebob-food-melamine-plate-p-54787.html HTTP/1.0" 200 74911 "-" "Mozilla/5.0 (Linux; Android 6.0.1; Nexus 5X Build/MMB29P) AppleWebKit/537.36 (KHTML, like Gecko) Chrome/106.0.5249.103 Mobile Safari/537.36 (compatible; Googlebot/2.1; +http://www.google.com/bot.html)"
157.90.177.217 - - [12/Oct/2022:15:37:56 +0200] "GET /small-orange-money-p-54834.html HTTP/1.0" 200 74924 "-" "Mozilla/5.0 (compatible; BLEXBot/1.0; +http://webmeup-crawler.com/)"
157.90.177.217 - - [12/Oct/2022:15:38:12 +0200] "GET /small-ornamental-brass-compass-p-56653.html HTTP/1.0" 200 74964 "-" "Mozilla/5.0 (compatible; BLEXBot/1.0; +http://webmeup-crawler.com/)"
66.249.64.242 - - [12/Oct/2022:15:38:27 +0200] "GET /spongebob-food-melamine-plate-p-54787.html HTTP/1.0" 200 74911 "-" "Mozilla/5.0 (compatible; Googlebot/2.1; +http://www.google.com/bot.html)"
157.90.177.217 - - [12/Oct/2022:15:38:29 +0200] "GET /small-ornamental-brass-compass-p-56654.html HTTP/1.0" 200 75034 "-" "Mozilla/5.0 (compatible; BLEXBot/1.0; +http://webmeup-crawler.com/)"
54.36.148.101 - - [12/Oct/2022:15:38:41 +0200] "GET /decoration-african-woman-p-50494.html HTTP/1.0" 200 72346 "-" "Mozilla/5.0 (compatible; AhrefsBot/7.0; +http://ahrefs.com/robot/)"
157.90.177.217 - - [12/Oct/2022:15:38:45 +0200] "GET /small-panda-resin-p-48270.html HTTP/1.0" 200 75603 "-" "Mozilla/5.0 (compatible; BLEXBot/1.0; +http://webmeup-crawler.com/)"
157.90.177.217 - - [12/Oct/2022:15:39:02 +0200] "GET /small-panda-resin-p-48271.html HTTP/1.0" 200 75603 "-" "Mozilla/5.0 (compatible; BLEXBot/1.0; +http://webmeup-crawler.com/)"
157.90.177.217 - - [12/Oct/2022:15:39:18 +0200] "GET /small-patinated-gold-turtle-statuette-p-56914.html HTTP/1.0" 200 75741 "-" "Mozilla/5.0 (compatible; BLEXBot/1.0; +http://webmeup-crawler.com/)"
114.119.137.45 - - [12/Oct/2022:15:39:21 +0200] "GET /chair-cushion-with-fringes-navy-blue-p-48322.html HTTP/1.0" 200 74958 "http://www.wonder-geek.com/household-linen-c-11.html?page=17" "Mozilla/5.0 (Linux; Android 7.0;) AppleWebKit/537.36 (KHTML, like Gecko) Mobile Safari/537.36 (compatible; PetalBot;+https://webmaster.petalsearch.com/site/petalbot)"
66.249.64.244 - - [12/Oct/2022:15:39:28 +0200] "GET /buddha-fullness-sticker-p-39176.html HTTP/1.0" 200 75674 "-" "Mozilla/5.0 (Linux; Android 6.0.1; Nexus 5X Build/MMB29P) AppleWebKit/537.36 (KHTML, like Gecko) Chrome/106.0.5249.103 Mobile Safari/537.36 (compatible; Googlebot/2.1; +http://www.google.com/bot.html)"
157.55.39.217 - - [12/Oct/2022:15:39:29 +0200] "GET /fiat-protective-case-iphone-p-13029.html HTTP/1.0" 200 75154 "-" "Mozilla/5.0 AppleWebKit/537.36 (KHTML, like Gecko; compatible; bingbot/2.0; +http://www.bing.com/bingbot.htm) Chrome/103.0.5060.134 Safari/537.36"
157.90.177.217 - - [12/Oct/2022:15:39:35 +0200] "GET /small-pebble-cement-lamp-p-59123.html HTTP/1.0" 200 76208 "-" "Mozilla/5.0 (compatible; BLEXBot/1.0; +http://webmeup-crawler.com/)"
54.36.148.62 - - [12/Oct/2022:15:39:45 +0200] "GET /lotus-candleholder-light-color-pearl-p-41661.html HTTP/1.0" 200 76417 "-" "Mozilla/5.0 (compatible; AhrefsBot/7.0; +http://ahrefs.com/robot/)"
157.90.177.217 - - [12/Oct/2022:15:39:51 +0200] "GET /small-piggy-bank-beige-p-55214.html HTTP/1.0" 200 75521 "-" "Mozilla/5.0 (compatible; BLEXBot/1.0; +http://webmeup-crawler.com/)"
66.249.64.244 - - [12/Oct/2022:15:39:57 +0200] "GET /images/big_prod_1/4260082935706a.jpg HTTP/1.0" 200 271 "-" "Googlebot-Image/1.0"
185.191.171.41 - - [12/Oct/2022:15:39:56 +0200] "GET /keyrings-c-3_52.html?page=12 HTTP/1.0" 200 93436 "-" "Mozilla/5.0 (compatible; SemrushBot/7~bl; +http://www.semrush.com/bot.html)"
157.90.177.217 - - [12/Oct/2022:15:40:07 +0200] "GET /small-piggy-bank-blue-p-55216.html HTTP/1.0" 200 75517 "-" "Mozilla/5.0 (compatible; BLEXBot/1.0; +http://webmeup-crawler.com/)"
157.90.177.217 - - [12/Oct/2022:15:40:24 +0200] "GET /small-piggy-bank-light-brown-p-57584.html HTTP/1.0" 200 75565 "-" "Mozilla/5.0 (compatible; BLEXBot/1.0; +http://webmeup-crawler.com/)"
216.244.66.242 - - [12/Oct/2022:15:40:35 +0200] "GET /mattress-cover-c-11_197.html HTTP/1.0" 200 84248 "-" "Mozilla/5.0 (compatible; DotBot/1.2; +https://opensiteexplorer.org/dotbot; help@moz.com)"
157.90.177.217 - - [12/Oct/2022:15:40:40 +0200] "GET /small-piggy-bank-p-55718.html HTTP/1.0" 200 75469 "-" "Mozilla/5.0 (compatible; BLEXBot/1.0; +http://webmeup-crawler.com/)"
216.244.66.242 - - [12/Oct/2022:15:40:41 +0200] "GET /paper-towel-dispenser-c-12_253.html HTTP/1.0" 200 80387 "-" "Mozilla/5.0 (compatible; DotBot/1.2; +https://opensiteexplorer.org/dotbot; help@moz.com)"
54.36.148.226 - - [12/Oct/2022:15:40:45 +0200] "GET /lois-black-leather-wallet-p-36012.html HTTP/1.0" 200 75620 "-" "Mozilla/5.0 (compatible; AhrefsBot/7.0; +http://ahrefs.com/robot/)"
157.90.177.217 - - [12/Oct/2022:15:40:56 +0200] "GET /small-piggy-bank-pink-p-55215.html HTTP/1.0" 200 75514 "-" "Mozilla/5.0 (compatible; BLEXBot/1.0; +http://webmeup-crawler.com/)"
47.94.243.250 - - [12/Oct/2022:15:41:13 +0200] "GET /images/mini_prod/8028501269414.jpg HTTP/1.0" 200 269 "-" "Mozilla/5.0 (Macintosh; Intel Mac OS X 10_15_7) AppleWebKit/537.36 (KHTML, like Gecko) Chrome/105.0.0.0 Safari/537.36"
157.90.177.217 - - [12/Oct/2022:15:41:14 +0200] "GET /small-piggy-bank-white-p-55213.html HTTP/1.0" 200 75521 "-" "Mozilla/5.0 (compatible; BLEXBot/1.0; +http://webmeup-crawler.com/)"
18.191.220.75 - - [12/Oct/2022:15:41:27 +0200] "GET /images/big_prod/3014627830404.jpg HTTP/1.0" 200 268 "-" "Mozilla/5.0 (X11; Ubuntu; Linux x86_64; rv:72.0) Gecko/20100101 Firefox/72.0"
157.90.177.217 - - [12/Oct/2022:15:41:31 +0200] "GET /small-piggy-bank-white-p-57583.html HTTP/1.0" 200 75523 "-" "Mozilla/5.0 (compatible; BLEXBot/1.0; +http://webmeup-crawler.com/)"
157.90.177.217 - - [12/Oct/2022:15:41:47 +0200] "GET /small-piggy-bank-yellow-p-55720.html HTTP/1.0" 200 75525 "-" "Mozilla/5.0 (compatible; BLEXBot/1.0; +http://webmeup-crawler.com/)"
54.36.148.70 - - [12/Oct/2022:15:41:52 +0200] "GET /snow-white-couture-force-figurine-p-53355.html HTTP/1.0" 200 76911 "-" "Mozilla/5.0 (compatible; AhrefsBot/7.0; +http://ahrefs.com/robot/)"
54.36.148.2 - - [12/Oct/2022:15:41:56 +0200] "GET /images/big_prod_2/138399271467b.jpg HTTP/1.0" 200 270 "-" "Mozilla/5.0 (compatible; AhrefsBot/7.0; +http://ahrefs.com/robot/)"
54.36.148.90 - - [12/Oct/2022:15:41:56 +0200] "GET /images/big_prod/138399271467.jpg HTTP/1.0" 200 267 "-" "Mozilla/5.0 (compatible; AhrefsBot/7.0; +http://ahrefs.com/robot/)"
54.36.148.26 - - [12/Oct/2022:15:41:56 +0200] "GET /images/big_prod_3/138399271467c.jpg HTTP/1.0" 200 270 "-" "Mozilla/5.0 (compatible; AhrefsBot/7.0; +http://ahrefs.com/robot/)"
54.36.148.168 - - [12/Oct/2022:15:41:56 +0200] "GET /images/big_prod_4/138399271467e.jpg HTTP/1.0" 200 270 "-" "Mozilla/5.0 (compatible; AhrefsBot/7.0; +http://ahrefs.com/robot/)"
157.90.177.217 - - [12/Oct/2022:15:42:09 +0200] "GET /small-pink-elefant-money-p-54806.html HTTP/1.0" 200 74963 "-" "Mozilla/5.0 (compatible; BLEXBot/1.0; +http://webmeup-crawler.com/)"
157.90.177.217 - - [12/Oct/2022:15:42:25 +0200] "GET /small-pink-money-p-54805.html HTTP/1.0" 200 74923 "-" "Mozilla/5.0 (compatible; BLEXBot/1.0; +http://webmeup-crawler.com/)"
185.191.171.16 - - [12/Oct/2022:15:42:27 +0200] "GET /brushed-chrome-resin-p-44707.html HTTP/1.0" 200 72362 "-" "Mozilla/5.0 (compatible; SemrushBot/7~bl; +http://www.semrush.com/bot.html)"
207.46.13.138 - - [12/Oct/2022:15:42:34 +0200] "GET /-p-35201.html HTTP/1.0" 200 72248 "-" "Mozilla/5.0 AppleWebKit/537.36 (KHTML, like Gecko; compatible; bingbot/2.0; +http://www.bing.com/bingbot.htm) Chrome/103.0.5060.134 Safari/537.36"
157.90.177.217 - - [12/Oct/2022:15:42:42 +0200] "GET /small-plush-ball-tree-decoration-bear-p-56330.html HTTP/1.0" 200 75996 "-" "Mozilla/5.0 (compatible; BLEXBot/1.0; +http://webmeup-crawler.com/)"
157.90.177.217 - - [12/Oct/2022:15:42:58 +0200] "GET /small-plush-ball-tree-decoration-p-56328.html HTTP/1.0" 200 75979 "-" "Mozilla/5.0 (compatible; BLEXBot/1.0; +http://webmeup-crawler.com/)"
54.36.148.13 - - [12/Oct/2022:15:43:01 +0200] "GET /egyptian-isis-statue-resin-p-46664.html HTTP/1.0" 200 75034 "-" "Mozilla/5.0 (compatible; AhrefsBot/7.0; +http://ahrefs.com/robot/)"
157.90.177.217 - - [12/Oct/2022:15:43:16 +0200] "GET /small-plush-ball-tree-decoration-p-56329.html HTTP/1.0" 200 75980 "-" "Mozilla/5.0 (compatible; BLEXBot/1.0; +http://webmeup-crawler.com/)"
157.90.177.217 - - [12/Oct/2022:15:43:33 +0200] "GET /small-postcard-plate-with-envelope-p-40126.html HTTP/1.0" 200 75125 "-" "Mozilla/5.0 (compatible; BLEXBot/1.0; +http://webmeup-crawler.com/)"
157.90.177.217 - - [12/Oct/2022:15:43:49 +0200] "GET /small-postcard-plate-with-envelope-p-40127.html HTTP/1.0" 200 75125 "-" "Mozilla/5.0 (compatible; BLEXBot/1.0; +http://webmeup-crawler.com/)"
114.119.137.45 - - [12/Oct/2022:15:43:51 +0200] "GET /games-and-toys/figures/the-jungle-book-baloo-figure-p-2872.html HTTP/1.0" 301 72312 "https://dlenvato.com/images/mini-suitcase.html" "Mozilla/5.0 (Linux; Android 7.0;) AppleWebKit/537.36 (KHTML, like Gecko) Mobile Safari/537.36 (compatible; PetalBot;+https://webmaster.petalsearch.com/site/petalbot)"
114.119.137.45 - - [12/Oct/2022:15:43:53 +0200] "GET /-p-2872.html HTTP/1.0" 200 72246 "https://dlenvato.com/images/mini-suitcase.html" "Mozilla/5.0 (Linux; Android 7.0;) AppleWebKit/537.36 (KHTML, like Gecko) Mobile Safari/537.36 (compatible; PetalBot;+https://webmaster.petalsearch.com/site/petalbot)"
54.36.148.93 - - [12/Oct/2022:15:43:54 +0200] "GET /metal-pendant-lamp-p-54878.html HTTP/1.0" 200 72322 "-" "Mozilla/5.0 (compatible; AhrefsBot/7.0; +http://ahrefs.com/robot/)"
