100.33.72.239 - - [12/Oct/2022:13:30:34 +0200] "GET /images/mini_prod/8001011164813.jpg HTTP/1.0" 200 269 "http://www.wonder-geek.com/games-toys-c-4.html" "Mozilla/5.0 (iPhone; CPU iPhone OS 15_6_1 like Mac OS X) AppleWebKit/605.1.15 (KHTML, like Gecko) Version/15.6.1 Mobile/15E148 Safari/604.1"
100.33.72.239 - - [12/Oct/2022:13:30:34 +0200] "GET /design/fondcurrent.jpg HTTP/1.0" 200 683 "http://www.wonder-geek.com/games-toys-c-4.html" "Mozilla/5.0 (iPhone; CPU iPhone OS 15_6_1 like Mac OS X) AppleWebKit/605.1.15 (KHTML, like Gecko) Version/15.6.1 Mobile/15E148 Safari/604.1"
100.33.72.239 - - [12/Oct/2022:13:30:34 +0200] "GET /images/mini_prod/5701359740467.jpg HTTP/1.0" 200 269 "http://www.wonder-geek.com/games-toys-c-4.html" "Mozilla/5.0 (iPhone; CPU iPhone OS 15_6_1 like Mac OS X) AppleWebKit/605.1.15 (KHTML, like Gecko) Version/15.6.1 Mobile/15E148 Safari/604.1"
100.33.72.239 - - [12/Oct/2022:13:30:34 +0200] "GET /images/mini_prod/078257582280.jpg HTTP/1.0" 200 268 "http://www.wonder-geek.com/games-toys-c-4.html" "Mozilla/5.0 (iPhone; CPU iPhone OS 15_6_1 like Mac OS X) AppleWebKit/605.1.15 (KHTML, like Gecko) Version/15.6.1 Mobile/15E148 Safari/604.1"
100.33.72.239 - - [12/Oct/2022:13:30:34 +0200] "GET /images/mini_prod/4007176123492.gif HTTP/1.0" 200 268 "http://www.wonder-geek.com/games-toys-c-4.html" "Mozilla/5.0 (iPhone; CPU iPhone OS 15_6_1 like Mac OS X) AppleWebKit/605.1.15 (KHTML, like Gecko) Version/15.6.1 Mobile/15E148 Safari/604.1"
100.33.72.239 - - [12/Oct/2022:13:30:34 +0200] "GET /images/mini_prod/36DSCN8119.jpg HTTP/1.0" 200 266 "http://www.wonder-geek.com/games-toys-c-4.html" "Mozilla/5.0 (iPhone; CPU iPhone OS 15_6_1 like Mac OS X) AppleWebKit/605.1.15 (KHTML, like Gecko) Version/15.6.1 Mobile/15E148 Safari/604.1"
100.33.72.239 - - [12/Oct/2022:13:30:34 +0200] "GET /images/mini_prod/100_1907.gif HTTP/1.0" 200 263 "http://www.wonder-geek.com/games-toys-c-4.html" "Mozilla/5.0 (iPhone; CPU iPhone OS 15_6_1 like Mac OS X) AppleWebKit/605.1.15 (KHTML, like Gecko) Version/15.6.1 Mobile/15E148 Safari/604.1"
100.33.72.239 - - [12/Oct/2022:13:30:34 +0200] "GET /images/mini_prod/4007176127520b.gif HTTP/1.0" 200 269 "http://www.wonder-geek.com/games-toys-c-4.html" "Mozilla/5.0 (iPhone; CPU iPhone OS 15_6_1 like Mac OS X) AppleWebKit/605.1.15 (KHTML, like Gecko) Version/15.6.1 Mobile/15E148 Safari/604.1"
100.33.72.239 - - [12/Oct/2022:13:30:34 +0200] "GET /images/mini_prod/4007176425510.jpg HTTP/1.0" 200 269 "http://www.wonder-geek.com/games-toys-c-4.html" "Mozilla/5.0 (iPhone; CPU iPhone OS 15_6_1 like Mac OS X) AppleWebKit/605.1.15 (KHTML, like Gecko) Version/15.6.1 Mobile/15E148 Safari/604.1"
100.33.72.239 - - [12/Oct/2022:13:30:34 +0200] "GET /images/mini_prod/366DSCN8134.jpg HTTP/1.0" 200 267 "http://www.wonder-geek.com/games-toys-c-4.html" "Mozilla/5.0 (iPhone; CPU iPhone OS 15_6_1 like Mac OS X) AppleWebKit/605.1.15 (KHTML, like Gecko) Version/15.6.1 Mobile/15E148 Safari/604.1"
100.33.72.239 - - [12/Oct/2022:13:30:34 +0200] "GET /images/mini_prod/4005086220072.jpg HTTP/1.0" 200 269 "http://www.wonder-geek.com/games-toys-c-4.html" "Mozilla/5.0 (iPhone; CPU iPhone OS 15_6_1 like Mac OS X) AppleWebKit/605.1.15 (KHTML, like Gecko) Version/15.6.1 Mobile/15E148 Safari/604.1"
100.33.72.239 - - [12/Oct/2022:13:30:34 +0200] "GET /images/mini_prod/img25630.gif HTTP/1.0" 200 263 "http://www.wonder-geek.com/games-toys-c-4.html" "Mozilla/5.0 (iPhone; CPU iPhone OS 15_6_1 like Mac OS X) AppleWebKit/605.1.15 (KHTML, like Gecko) Version/15.6.1 Mobile/15E148 Safari/604.1"
100.33.72.239 - - [12/Oct/2022:13:30:34 +0200] "GET /images/mini_prod/4005086220027.jpg HTTP/1.0" 200 269 "http://www.wonder-geek.com/games-toys-c-4.html" "Mozilla/5.0 (iPhone; CPU iPhone OS 15_6_1 like Mac OS X) AppleWebKit/605.1.15 (KHTML, like Gecko) Version/15.6.1 Mobile/15E148 Safari/604.1"
157.90.177.217 - - [12/Oct/2022:13:30:33 +0200] "GET /sagittarus-clasic-keyring-cbkreation-p-43252.html HTTP/1.0" 200 75064 "-" "Mozilla/5.0 (compatible; BLEXBot/1.0; +http://webmeup-crawler.com/)"
185.191.171.8 - - [12/Oct/2022:13:30:37 +0200] "GET /cars-blue-pencil-case-p-19645.html HTTP/1.0" 200 75066 "-" "Mozilla/5.0 (compatible; SemrushBot/7~bl; +http://www.semrush.com/bot.html)"
54.36.148.33 - - [12/Oct/2022:13:30:43 +0200] "GET /mandala-coasters-p-55596.html HTTP/1.0" 200 75879 "-" "Mozilla/5.0 (compatible; AhrefsBot/7.0; +http://ahrefs.com/robot/)"
54.36.148.151 - - [12/Oct/2022:13:30:48 +0200] "GET /images/big_prod_1/8720088299753a.jpg HTTP/1.0" 200 271 "-" "Mozilla/5.0 (compatible; AhrefsBot/7.0; +http://ahrefs.com/robot/)"
54.36.149.94 - - [12/Oct/2022:13:30:48 +0200] "GET /images/big_prod/8720088299753.jpg HTTP/1.0" 200 268 "-" "Mozilla/5.0 (compatible; AhrefsBot/7.0; +http://ahrefs.com/robot/)"
54.36.148.151 - - [12/Oct/2022:13:30:48 +0200] "GET /images/big_prod_2/8720088299753b.jpg HTTP/1.0" 200 271 "-" "Mozilla/5.0 (compatible; AhrefsBot/7.0; +http://ahrefs.com/robot/)"
54.36.148.205 - - [12/Oct/2022:13:30:48 +0200] "GET /images/big_prod_3/8720088299753c.jpg HTTP/1.0" 200 271 "-" "Mozilla/5.0 (compatible; AhrefsBot/7.0; +http://ahrefs.com/robot/)"
157.90.177.217 - - [12/Oct/2022:13:30:49 +0200] "GET /sagittarus-cookware-cbkreation-p-43281.html HTTP/1.0" 200 75023 "-" "Mozilla/5.0 (compatible; BLEXBot/1.0; +http://webmeup-crawler.com/)"
157.90.177.217 - - [12/Oct/2022:13:31:06 +0200] "GET /sagittarus-mousepad-cbkreation-p-43307.html HTTP/1.0" 200 74989 "-" "Mozilla/5.0 (compatible; BLEXBot/1.0; +http://webmeup-crawler.com/)"
185.191.171.10 - - [12/Oct/2022:13:31:09 +0200] "GET /kiub-collection-cats-cool-p-57956.html HTTP/1.0" 200 75748 "-" "Mozilla/5.0 (compatible; SemrushBot/7~bl; +http://www.semrush.com/bot.html)"
100.33.72.239 - - [12/Oct/2022:13:31:13 +0200] "GET /soft-toys-security-blanket-c-4_46.html HTTP/1.0" 200 93012 "http://www.wonder-geek.com/games-toys-c-4.html" "Mozilla/5.0 (iPhone; CPU iPhone OS 15_6_1 like Mac OS X) AppleWebKit/605.1.15 (KHTML, like Gecko) Version/15.6.1 Mobile/15E148 Safari/604.1"
100.33.72.239 - - [12/Oct/2022:13:31:15 +0200] "GET /images/mini_prod/7708181126887.jpg HTTP/1.0" 200 269 "http://www.wonder-geek.com/soft-toys-security-blanket-c-4_46.html" "Mozilla/5.0 (iPhone; CPU iPhone OS 15_6_1 like Mac OS X) AppleWebKit/605.1.15 (KHTML, like Gecko) Version/15.6.1 Mobile/15E148 Safari/604.1"
100.33.72.239 - - [12/Oct/2022:13:31:15 +0200] "GET /images/mini_prod/7703771126926.jpg HTTP/1.0" 200 269 "http://www.wonder-geek.com/soft-toys-security-blanket-c-4_46.html" "Mozilla/5.0 (iPhone; CPU iPhone OS 15_6_1 like Mac OS X) AppleWebKit/605.1.15 (KHTML, like Gecko) Version/15.6.1 Mobile/15E148 Safari/604.1"
100.33.72.239 - - [12/Oct/2022:13:31:15 +0200] "GET /images/mini_prod/3453131116213.jpg HTTP/1.0" 200 269 "http://www.wonder-geek.com/soft-toys-security-blanket-c-4_46.html" "Mozilla/5.0 (iPhone; CPU iPhone OS 15_6_1 like Mac OS X) AppleWebKit/605.1.15 (KHTML, like Gecko) Version/15.6.1 Mobile/15E148 Safari/604.1"
100.33.72.239 - - [12/Oct/2022:13:31:15 +0200] "GET /images/mini_prod/7703771126902.jpg HTTP/1.0" 200 269 "http://www.wonder-geek.com/soft-toys-security-blanket-c-4_46.html" "Mozilla/5.0 (iPhone; CPU iPhone OS 15_6_1 like Mac OS X) AppleWebKit/605.1.15 (KHTML, like Gecko) Version/15.6.1 Mobile/15E148 Safari/604.1"
100.33.72.239 - - [12/Oct/2022:13:31:15 +0200] "GET /images/mini_prod/7703771126933.jpg HTTP/1.0" 200 269 "http://www.wonder-geek.com/soft-toys-security-blanket-c-4_46.html" "Mozilla/5.0 (iPhone; CPU iPhone OS 15_6_1 like Mac OS X) AppleWebKit/605.1.15 (KHTML, like Gecko) Version/15.6.1 Mobile/15E148 Safari/604.1"
100.33.72.239 - - [12/Oct/2022:13:31:15 +0200] "GET /images/mini_prod/7703771126889.jpg HTTP/1.0" 200 269 "http://www.wonder-geek.com/soft-toys-security-blanket-c-4_46.html" "Mozilla/5.0 (iPhone; CPU iPhone OS 15_6_1 like Mac OS X) AppleWebKit/605.1.15 (KHTML, like Gecko) Version/15.6.1 Mobile/15E148 Safari/604.1"
100.33.72.239 - - [12/Oct/2022:13:31:15 +0200] "GET /images/mini_prod/3453131137829.jpg HTTP/1.0" 200 269 "http://www.wonder-geek.com/soft-toys-security-blanket-c-4_46.html" "Mozilla/5.0 (iPhone; CPU iPhone OS 15_6_1 like Mac OS X) AppleWebKit/605.1.15 (KHTML, like Gecko) Version/15.6.1 Mobile/15E148 Safari/604.1"
100.33.72.239 - - [12/Oct/2022:13:31:15 +0200] "GET /images/mini_prod/3453131154208.jpg HTTP/1.0" 200 269 "http://www.wonder-geek.com/soft-toys-security-blanket-c-4_46.html" "Mozilla/5.0 (iPhone; CPU iPhone OS 15_6_1 like Mac OS X) AppleWebKit/605.1.15 (KHTML, like Gecko) Version/15.6.1 Mobile/15E148 Safari/604.1"
100.33.72.239 - - [12/Oct/2022:13:31:15 +0200] "GET /images/mini_prod/1384010178201.jpg HTTP/1.0" 200 269 "http://www.wonder-geek.com/soft-toys-security-blanket-c-4_46.html" "Mozilla/5.0 (iPhone; CPU iPhone OS 15_6_1 like Mac OS X) AppleWebKit/605.1.15 (KHTML, like Gecko) Version/15.6.1 Mobile/15E148 Safari/604.1"
100.33.72.239 - - [12/Oct/2022:13:31:15 +0200] "GET /images/mini_prod/7703771126919.jpg HTTP/1.0" 200 269 "http://www.wonder-geek.com/soft-toys-security-blanket-c-4_46.html" "Mozilla/5.0 (iPhone; CPU iPhone OS 15_6_1 like Mac OS X) AppleWebKit/605.1.15 (KHTML, like Gecko) Version/15.6.1 Mobile/15E148 Safari/604.1"
100.33.72.239 - - [12/Oct/2022:13:31:15 +0200] "GET /images/mini_prod/3453131126885.jpg HTTP/1.0" 200 269 "http://www.wonder-geek.com/soft-toys-security-blanket-c-4_46.html" "Mozilla/5.0 (iPhone; CPU iPhone OS 15_6_1 like Mac OS X) AppleWebKit/605.1.15 (KHTML, like Gecko) Version/15.6.1 Mobile/15E148 Safari/604.1"
100.33.72.239 - - [12/Oct/2022:13:31:15 +0200] "GET /images/mini_prod/3453131147644B.jpg HTTP/1.0" 200 270 "http://www.wonder-geek.com/soft-toys-security-blanket-c-4_46.html" "Mozilla/5.0 (iPhone; CPU iPhone OS 15_6_1 like Mac OS X) AppleWebKit/605.1.15 (KHTML, like Gecko) Version/15.6.1 Mobile/15E148 Safari/604.1"
100.33.72.239 - - [12/Oct/2022:13:31:15 +0200] "GET /images/mini_prod/7703771126896.jpg HTTP/1.0" 200 269 "http://www.wonder-geek.com/soft-toys-security-blanket-c-4_46.html" "Mozilla/5.0 (iPhone; CPU iPhone OS 15_6_1 like Mac OS X) AppleWebKit/605.1.15 (KHTML, like Gecko) Version/15.6.1 Mobile/15E148 Safari/604.1"
100.33.72.239 - - [12/Oct/2022:13:31:15 +0200] "GET /images/mini_prod/1384010200759.jpg HTTP/1.0" 200 269 "http://www.wonder-geek.com/soft-toys-security-blanket-c-4_46.html" "Mozilla/5.0 (iPhone; CPU iPhone OS 15_6_1 like Mac OS X) AppleWebKit/605.1.15 (KHTML, like Gecko) Version/15.6.1 Mobile/15E148 Safari/604.1"
100.33.72.239 - - [12/Oct/2022:13:31:15 +0200] "GET /images/mini_prod/1384010184288.jpg HTTP/1.0" 200 269 "http://www.wonder-geek.com/soft-toys-security-blanket-c-4_46.html" "Mozilla/5.0 (iPhone; CPU iPhone OS 15_6_1 like Mac OS X) AppleWebKit/605.1.15 (KHTML, like Gecko) Version/15.6.1 Mobile/15E148 Safari/604.1"
100.33.72.239 - - [12/Oct/2022:13:31:16 +0200] "GET /images/mini_prod/3453131126861.jpg HTTP/1.0" 200 269 "http://www.wonder-geek.com/soft-toys-security-blanket-c-4_46.html" "Mozilla/5.0 (iPhone; CPU iPhone OS 15_6_1 like Mac OS X) AppleWebKit/605.1.15 (KHTML, like Gecko) Version/15.6.1 Mobile/15E148 Safari/604.1"
100.33.72.239 - - [12/Oct/2022:13:31:16 +0200] "GET /images/mini_prod/3453131116220z.jpg HTTP/1.0" 200 270 "http://www.wonder-geek.com/soft-toys-security-blanket-c-4_46.html" "Mozilla/5.0 (iPhone; CPU iPhone OS 15_6_1 like Mac OS X) AppleWebKit/605.1.15 (KHTML, like Gecko) Version/15.6.1 Mobile/15E148 Safari/604.1"
100.33.72.239 - - [12/Oct/2022:13:31:16 +0200] "GET /images/mini_prod/8422031147486.jpg HTTP/1.0" 200 269 "http://www.wonder-geek.com/soft-toys-security-blanket-c-4_46.html" "Mozilla/5.0 (iPhone; CPU iPhone OS 15_6_1 like Mac OS X) AppleWebKit/605.1.15 (KHTML, like Gecko) Version/15.6.1 Mobile/15E148 Safari/604.1"
100.33.72.239 - - [12/Oct/2022:13:31:16 +0200] "GET /images/mini_prod/3453131154130.jpg HTTP/1.0" 200 269 "http://www.wonder-geek.com/soft-toys-security-blanket-c-4_46.html" "Mozilla/5.0 (iPhone; CPU iPhone OS 15_6_1 like Mac OS X) AppleWebKit/605.1.15 (KHTML, like Gecko) Version/15.6.1 Mobile/15E148 Safari/604.1"
100.33.72.239 - - [12/Oct/2022:13:31:16 +0200] "GET /images/mini_prod/3453131146609.jpg HTTP/1.0" 200 269 "http://www.wonder-geek.com/soft-toys-security-blanket-c-4_46.html" "Mozilla/5.0 (iPhone; CPU iPhone OS 15_6_1 like Mac OS X) AppleWebKit/605.1.15 (KHTML, like Gecko) Version/15.6.1 Mobile/15E148 Safari/604.1"
157.90.177.217 - - [12/Oct/2022:13:31:22 +0200] "GET /saint-andrew-prayer-candle-novena-p-59212.html HTTP/1.0" 200 75749 "-" "Mozilla/5.0 (compatible; BLEXBot/1.0; +http://webmeup-crawler.com/)"
157.90.177.217 - - [12/Oct/2022:13:31:37 +0200] "GET /saint-anthony-aromatika-incense-sticks-p-53455.html HTTP/1.0" 200 75043 "-" "Mozilla/5.0 (compatible; BLEXBot/1.0; +http://webmeup-crawler.com/)"
66.249.64.242 - - [12/Oct/2022:13:31:45 +0200] "GET /images/big_prod/8424346514830.jpg HTTP/1.0" 200 268 "-" "Googlebot-Image/1.0"
157.90.177.217 - - [12/Oct/2022:13:31:53 +0200] "GET /saint-expedit-aromatika-incense-sticks-p-53430.html HTTP/1.0" 200 75043 "-" "Mozilla/5.0 (compatible; BLEXBot/1.0; +http://webmeup-crawler.com/)"
47.94.243.250 - - [12/Oct/2022:13:31:58 +0200] "GET /images/mini_prod/3665269006513.jpg HTTP/1.0" 200 269 "-" "Mozilla/5.0 (Macintosh; Intel Mac OS X 10_15_7) AppleWebKit/537.36 (KHTML, like Gecko) Chrome/105.0.0.0 Safari/537.36"
100.33.72.239 - - [12/Oct/2022:13:32:04 +0200] "GET /toys-c-4_45.html HTTP/1.0" 200 91727 "http://www.wonder-geek.com/soft-toys-security-blanket-c-4_46.html" "Mozilla/5.0 (iPhone; CPU iPhone OS 15_6_1 like Mac OS X) AppleWebKit/605.1.15 (KHTML, like Gecko) Version/15.6.1 Mobile/15E148 Safari/604.1"
100.33.72.239 - - [12/Oct/2022:13:32:06 +0200] "GET /images/mini_prod/4891813832744.jpg HTTP/1.0" 200 269 "http://www.wonder-geek.com/toys-c-4_45.html" "Mozilla/5.0 (iPhone; CPU iPhone OS 15_6_1 like Mac OS X) AppleWebKit/605.1.15 (KHTML, like Gecko) Version/15.6.1 Mobile/15E148 Safari/604.1"
100.33.72.239 - - [12/Oct/2022:13:32:06 +0200] "GET /images/mini_prod/1399984285145.jpg HTTP/1.0" 200 269 "http://www.wonder-geek.com/toys-c-4_45.html" "Mozilla/5.0 (iPhone; CPU iPhone OS 15_6_1 like Mac OS X) AppleWebKit/605.1.15 (KHTML, like Gecko) Version/15.6.1 Mobile/15E148 Safari/604.1"
100.33.72.239 - - [12/Oct/2022:13:32:06 +0200] "GET /images/mini_prod/1399984288979.jpg HTTP/1.0" 200 269 "http://www.wonder-geek.com/toys-c-4_45.html" "Mozilla/5.0 (iPhone; CPU iPhone OS 15_6_1 like Mac OS X) AppleWebKit/605.1.15 (KHTML, like Gecko) Version/15.6.1 Mobile/15E148 Safari/604.1"
100.33.72.239 - - [12/Oct/2022:13:32:06 +0200] "GET /images/mini_prod/5710409200004.jpg HTTP/1.0" 200 269 "http://www.wonder-geek.com/toys-c-4_45.html" "Mozilla/5.0 (iPhone; CPU iPhone OS 15_6_1 like Mac OS X) AppleWebKit/605.1.15 (KHTML, like Gecko) Version/15.6.1 Mobile/15E148 Safari/604.1"
100.33.72.239 - - [12/Oct/2022:13:32:06 +0200] "GET /images/mini_prod/1384010200971.jpg HTTP/1.0" 200 269 "http://www.wonder-geek.com/toys-c-4_45.html" "Mozilla/5.0 (iPhone; CPU iPhone OS 15_6_1 like Mac OS X) AppleWebKit/605.1.15 (KHTML, like Gecko) Version/15.6.1 Mobile/15E148 Safari/604.1"
100.33.72.239 - - [12/Oct/2022:13:32:06 +0200] "GET /images/mini_prod/1300010241806.jpg HTTP/1.0" 200 269 "http://www.wonder-geek.com/toys-c-4_45.html" "Mozilla/5.0 (iPhone; CPU iPhone OS 15_6_1 like Mac OS X) AppleWebKit/605.1.15 (KHTML, like Gecko) Version/15.6.1 Mobile/15E148 Safari/604.1"
100.33.72.239 - - [12/Oct/2022:13:32:06 +0200] "GET /images/mini_prod/1399984285091.jpg HTTP/1.0" 200 269 "http://www.wonder-geek.com/toys-c-4_45.html" "Mozilla/5.0 (iPhone; CPU iPhone OS 15_6_1 like Mac OS X) AppleWebKit/605.1.15 (KHTML, like Gecko) Version/15.6.1 Mobile/15E148 Safari/604.1"
100.33.72.239 - - [12/Oct/2022:13:32:06 +0200] "GET /images/mini_prod/B1399984242018B.jpg HTTP/1.0" 200 271 "http://www.wonder-geek.com/toys-c-4_45.html" "Mozilla/5.0 (iPhone; CPU iPhone OS 15_6_1 like Mac OS X) AppleWebKit/605.1.15 (KHTML, like Gecko) Version/15.6.1 Mobile/15E148 Safari/604.1"
100.33.72.239 - - [12/Oct/2022:13:32:06 +0200] "GET /images/mini_prod/1399984285008.jpg HTTP/1.0" 200 269 "http://www.wonder-geek.com/toys-c-4_45.html" "Mozilla/5.0 (iPhone; CPU iPhone OS 15_6_1 like Mac OS X) AppleWebKit/605.1.15 (KHTML, like Gecko) Version/15.6.1 Mobile/15E148 Safari/604.1"
100.33.72.239 - - [12/Oct/2022:13:32:06 +0200] "GET /images/mini_prod/3048700058171.gif HTTP/1.0" 200 268 "http://www.wonder-geek.com/toys-c-4_45.html" "Mozilla/5.0 (iPhone; CPU iPhone OS 15_6_1 like Mac OS X) AppleWebKit/605.1.15 (KHTML, like Gecko) Version/15.6.1 Mobile/15E148 Safari/604.1"
100.33.72.239 - - [12/Oct/2022:13:32:06 +0200] "GET /images/mini_prod/3700224531027.jpg HTTP/1.0" 200 269 "http://www.wonder-geek.com/toys-c-4_45.html" "Mozilla/5.0 (iPhone; CPU iPhone OS 15_6_1 like Mac OS X) AppleWebKit/605.1.15 (KHTML, like Gecko) Version/15.6.1 Mobile/15E148 Safari/604.1"
100.33.72.239 - - [12/Oct/2022:13:32:06 +0200] "GET /images/mini_prod/1399984241981.jpg HTTP/1.0" 200 269 "http://www.wonder-geek.com/toys-c-4_45.html" "Mozilla/5.0 (iPhone; CPU iPhone OS 15_6_1 like Mac OS X) AppleWebKit/605.1.15 (KHTML, like Gecko) Version/15.6.1 Mobile/15E148 Safari/604.1"
100.33.72.239 - - [12/Oct/2022:13:32:06 +0200] "GET /images/mini_prod/3760049594485.jpg HTTP/1.0" 200 269 "http://www.wonder-geek.com/toys-c-4_45.html" "Mozilla/5.0 (iPhone; CPU iPhone OS 15_6_1 like Mac OS X) AppleWebKit/605.1.15 (KHTML, like Gecko) Version/15.6.1 Mobile/15E148 Safari/604.1"
100.33.72.239 - - [12/Oct/2022:13:32:06 +0200] "GET /images/mini_prod/1399984286319.jpg HTTP/1.0" 200 269 "http://www.wonder-geek.com/toys-c-4_45.html" "Mozilla/5.0 (iPhone; CPU iPhone OS 15_6_1 like Mac OS X) AppleWebKit/605.1.15 (KHTML, like Gecko) Version/15.6.1 Mobile/15E148 Safari/604.1"
100.33.72.239 - - [12/Oct/2022:13:32:06 +0200] "GET /images/mini_prod/3048700058669.jpg HTTP/1.0" 200 269 "http://www.wonder-geek.com/toys-c-4_45.html" "Mozilla/5.0 (iPhone; CPU iPhone OS 15_6_1 like Mac OS X) AppleWebKit/605.1.15 (KHTML, like Gecko) Version/15.6.1 Mobile/15E148 Safari/604.1"
100.33.72.239 - - [12/Oct/2022:13:32:06 +0200] "GET /images/mini_prod/1339897782317.jpg HTTP/1.0" 200 269 "http://www.wonder-geek.com/toys-c-4_45.html" "Mozilla/5.0 (iPhone; CPU iPhone OS 15_6_1 like Mac OS X) AppleWebKit/605.1.15 (KHTML, like Gecko) Version/15.6.1 Mobile/15E148 Safari/604.1"
100.33.72.239 - - [12/Oct/2022:13:32:06 +0200] "GET /images/mini_prod/3032160044089.jpg HTTP/1.0" 200 269 "http://www.wonder-geek.com/toys-c-4_45.html" "Mozilla/5.0 (iPhone; CPU iPhone OS 15_6_1 like Mac OS X) AppleWebKit/605.1.15 (KHTML, like Gecko) Version/15.6.1 Mobile/15E148 Safari/604.1"
157.90.177.217 - - [12/Oct/2022:13:32:09 +0200] "GET /saint-georges-aromatika-incense-sticks-p-52658.html HTTP/1.0" 200 75081 "-" "Mozilla/5.0 (compatible; BLEXBot/1.0; +http://webmeup-crawler.com/)"
54.36.148.242 - - [12/Oct/2022:13:32:12 +0200] "GET /samurai-statue-resin-p-50898.html HTTP/1.0" 200 76022 "-" "Mozilla/5.0 (compatible; AhrefsBot/7.0; +http://ahrefs.com/robot/)"
114.119.133.245 - - [12/Oct/2022:13:32:16 +0200] "GET /corsica-coasters-p-50947.html HTTP/1.0" 200 75436 "http://www.wonder-geek.com/coasters-c-12_157.html" "Mozilla/5.0 (Linux; Android 7.0;) AppleWebKit/537.36 (KHTML, like Gecko) Mobile Safari/537.36 (compatible; PetalBot;+https://webmaster.petalsearch.com/site/petalbot)"
185.191.171.8 - - [12/Oct/2022:13:32:18 +0200] "GET /keyrings-c-3_52.html?page=11 HTTP/1.0" 200 94221 "-" "Mozilla/5.0 (compatible; SemrushBot/7~bl; +http://www.semrush.com/bot.html)"
185.191.171.20 - - [12/Oct/2022:13:32:21 +0200] "GET /fragrance-sachet-pearl-bouquet-p-40538.html HTTP/1.0" 200 75603 "-" "Mozilla/5.0 (compatible; SemrushBot/7~bl; +http://www.semrush.com/bot.html)"
100.33.72.239 - - [12/Oct/2022:13:32:24 +0200] "GET /soft-toys-security-blanket-c-4_46.html HTTP/1.0" 200 93012 "http://www.wonder-geek.com/toys-c-4_45.html" "Mozilla/5.0 (iPhone; CPU iPhone OS 15_6_1 like Mac OS X) AppleWebKit/605.1.15 (KHTML, like Gecko) Version/15.6.1 Mobile/15E148 Safari/604.1"
157.90.177.217 - - [12/Oct/2022:13:32:26 +0200] "GET /saint-michael-salt-lamp-approx-p-56836.html HTTP/1.0" 200 75980 "-" "Mozilla/5.0 (compatible; BLEXBot/1.0; +http://webmeup-crawler.com/)"
100.33.72.239 - - [12/Oct/2022:13:32:30 +0200] "GET /soft-toys-security-blanket-c-4_46.html?page=2 HTTP/1.0" 200 93724 "http://www.wonder-geek.com/soft-toys-security-blanket-c-4_46.html" "Mozilla/5.0 (iPhone; CPU iPhone OS 15_6_1 like Mac OS X) AppleWebKit/605.1.15 (KHTML, like Gecko) Version/15.6.1 Mobile/15E148 Safari/604.1"
100.33.72.239 - - [12/Oct/2022:13:32:32 +0200] "GET /images/mini_prod/3453131146593.jpg HTTP/1.0" 200 269 "http://www.wonder-geek.com/soft-toys-security-blanket-c-4_46.html?page=2" "Mozilla/5.0 (iPhone; CPU iPhone OS 15_6_1 like Mac OS X) AppleWebKit/605.1.15 (KHTML, like Gecko) Version/15.6.1 Mobile/15E148 Safari/604.1"
100.33.72.239 - - [12/Oct/2022:13:32:32 +0200] "GET /images/mini_prod/8422031147493.jpg HTTP/1.0" 200 269 "http://www.wonder-geek.com/soft-toys-security-blanket-c-4_46.html?page=2" "Mozilla/5.0 (iPhone; CPU iPhone OS 15_6_1 like Mac OS X) AppleWebKit/605.1.15 (KHTML, like Gecko) Version/15.6.1 Mobile/15E148 Safari/604.1"
100.33.72.239 - - [12/Oct/2022:13:32:32 +0200] "GET /images/mini_prod/3453131116398.jpg HTTP/1.0" 200 269 "http://www.wonder-geek.com/soft-toys-security-blanket-c-4_46.html?page=2" "Mozilla/5.0 (iPhone; CPU iPhone OS 15_6_1 like Mac OS X) AppleWebKit/605.1.15 (KHTML, like Gecko) Version/15.6.1 Mobile/15E148 Safari/604.1"
100.33.72.239 - - [12/Oct/2022:13:32:32 +0200] "GET /images/mini_prod/028399043644.jpg HTTP/1.0" 200 268 "http://www.wonder-geek.com/soft-toys-security-blanket-c-4_46.html?page=2" "Mozilla/5.0 (iPhone; CPU iPhone OS 15_6_1 like Mac OS X) AppleWebKit/605.1.15 (KHTML, like Gecko) Version/15.6.1 Mobile/15E148 Safari/604.1"
100.33.72.239 - - [12/Oct/2022:13:32:32 +0200] "GET /images/mini_prod/8422077100032.jpg HTTP/1.0" 200 269 "http://www.wonder-geek.com/soft-toys-security-blanket-c-4_46.html?page=2" "Mozilla/5.0 (iPhone; CPU iPhone OS 15_6_1 like Mac OS X) AppleWebKit/605.1.15 (KHTML, like Gecko) Version/15.6.1 Mobile/15E148 Safari/604.1"
100.33.72.239 - - [12/Oct/2022:13:32:33 +0200] "GET /images/mini_prod/1328399210299B.jpg HTTP/1.0" 200 270 "http://www.wonder-geek.com/soft-toys-security-blanket-c-4_46.html?page=2" "Mozilla/5.0 (iPhone; CPU iPhone OS 15_6_1 like Mac OS X) AppleWebKit/605.1.15 (KHTML, like Gecko) Version/15.6.1 Mobile/15E148 Safari/604.1"
100.33.72.239 - - [12/Oct/2022:13:32:33 +0200] "GET /images/mini_prod/8422077100001.jpg HTTP/1.0" 200 269 "http://www.wonder-geek.com/soft-toys-security-blanket-c-4_46.html?page=2" "Mozilla/5.0 (iPhone; CPU iPhone OS 15_6_1 like Mac OS X) AppleWebKit/605.1.15 (KHTML, like Gecko) Version/15.6.1 Mobile/15E148 Safari/604.1"
100.33.72.239 - - [12/Oct/2022:13:32:33 +0200] "GET /images/mini_prod/5027166920053.jpg HTTP/1.0" 200 269 "http://www.wonder-geek.com/soft-toys-security-blanket-c-4_46.html?page=2" "Mozilla/5.0 (iPhone; CPU iPhone OS 15_6_1 like Mac OS X) AppleWebKit/605.1.15 (KHTML, like Gecko) Version/15.6.1 Mobile/15E148 Safari/604.1"
100.33.72.239 - - [12/Oct/2022:13:32:33 +0200] "GET /images/mini_prod/8422077100025B.jpg HTTP/1.0" 200 270 "http://www.wonder-geek.com/soft-toys-security-blanket-c-4_46.html?page=2" "Mozilla/5.0 (iPhone; CPU iPhone OS 15_6_1 like Mac OS X) AppleWebKit/605.1.15 (KHTML, like Gecko) Version/15.6.1 Mobile/15E148 Safari/604.1"
100.33.72.239 - - [12/Oct/2022:13:32:33 +0200] "GET /images/mini_prod/8422077099800.jpg HTTP/1.0" 200 269 "http://www.wonder-geek.com/soft-toys-security-blanket-c-4_46.html?page=2" "Mozilla/5.0 (iPhone; CPU iPhone OS 15_6_1 like Mac OS X) AppleWebKit/605.1.15 (KHTML, like Gecko) Version/15.6.1 Mobile/15E148 Safari/604.1"
100.33.72.239 - - [12/Oct/2022:13:32:33 +0200] "GET /images/mini_prod/3298060218917.jpg HTTP/1.0" 200 269 "http://www.wonder-geek.com/soft-toys-security-blanket-c-4_46.html?page=2" "Mozilla/5.0 (iPhone; CPU iPhone OS 15_6_1 like Mac OS X) AppleWebKit/605.1.15 (KHTML, like Gecko) Version/15.6.1 Mobile/15E148 Safari/604.1"
100.33.72.239 - - [12/Oct/2022:13:32:33 +0200] "GET /images/mini_prod/5027166920015.jpg HTTP/1.0" 200 269 "http://www.wonder-geek.com/soft-toys-security-blanket-c-4_46.html?page=2" "Mozilla/5.0 (iPhone; CPU iPhone OS 15_6_1 like Mac OS X) AppleWebKit/605.1.15 (KHTML, like Gecko) Version/15.6.1 Mobile/15E148 Safari/604.1"
100.33.72.239 - - [12/Oct/2022:13:32:33 +0200] "GET /images/mini_prod/4012390387988.jpg HTTP/1.0" 200 269 "http://www.wonder-geek.com/soft-toys-security-blanket-c-4_46.html?page=2" "Mozilla/5.0 (iPhone; CPU iPhone OS 15_6_1 like Mac OS X) AppleWebKit/605.1.15 (KHTML, like Gecko) Version/15.6.1 Mobile/15E148 Safari/604.1"
100.33.72.239 - - [12/Oct/2022:13:32:33 +0200] "GET /images/mini_prod/4012390384352.jpg HTTP/1.0" 200 269 "http://www.wonder-geek.com/soft-toys-security-blanket-c-4_46.html?page=2" "Mozilla/5.0 (iPhone; CPU iPhone OS 15_6_1 like Mac OS X) AppleWebKit/605.1.15 (KHTML, like Gecko) Version/15.6.1 Mobile/15E148 Safari/604.1"
100.33.72.239 - - [12/Oct/2022:13:32:33 +0200] "GET /images/mini_prod/1399984232354.jpg HTTP/1.0" 200 269 "http://www.wonder-geek.com/soft-toys-security-blanket-c-4_46.html?page=2" "Mozilla/5.0 (iPhone; CPU iPhone OS 15_6_1 like Mac OS X) AppleWebKit/605.1.15 (KHTML, like Gecko) Version/15.6.1 Mobile/15E148 Safari/604.1"
100.33.72.239 - - [12/Oct/2022:13:32:33 +0200] "GET /images/mini_prod/4012390388008.jpg HTTP/1.0" 200 269 "http://www.wonder-geek.com/soft-toys-security-blanket-c-4_46.html?page=2" "Mozilla/5.0 (iPhone; CPU iPhone OS 15_6_1 like Mac OS X) AppleWebKit/605.1.15 (KHTML, like Gecko) Version/15.6.1 Mobile/15E148 Safari/604.1"
100.33.72.239 - - [12/Oct/2022:13:32:33 +0200] "GET /images/mini_prod/4012390384475.jpg HTTP/1.0" 200 269 "http://www.wonder-geek.com/soft-toys-security-blanket-c-4_46.html?page=2" "Mozilla/5.0 (iPhone; CPU iPhone OS 15_6_1 like Mac OS X) AppleWebKit/605.1.15 (KHTML, like Gecko) Version/15.6.1 Mobile/15E148 Safari/604.1"
100.33.72.239 - - [12/Oct/2022:13:32:33 +0200] "GET /images/mini_prod/1011815440102.jpg HTTP/1.0" 200 269 "http://www.wonder-geek.com/soft-toys-security-blanket-c-4_46.html?page=2" "Mozilla/5.0 (iPhone; CPU iPhone OS 15_6_1 like Mac OS X) AppleWebKit/605.1.15 (KHTML, like Gecko) Version/15.6.1 Mobile/15E148 Safari/604.1"
100.33.72.239 - - [12/Oct/2022:13:32:33 +0200] "GET /images/mini_prod/1011815440119.jpg HTTP/1.0" 200 269 "http://www.wonder-geek.com/soft-toys-security-blanket-c-4_46.html?page=2" "Mozilla/5.0 (iPhone; CPU iPhone OS 15_6_1 like Mac OS X) AppleWebKit/605.1.15 (KHTML, like Gecko) Version/15.6.1 Mobile/15E148 Safari/604.1"
100.33.72.239 - - [12/Oct/2022:13:32:33 +0200] "GET /images/mini_prod/3453131156028.jpg HTTP/1.0" 200 269 "http://www.wonder-geek.com/soft-toys-security-blanket-c-4_46.html?page=2" "Mozilla/5.0 (iPhone; CPU iPhone OS 15_6_1 like Mac OS X) AppleWebKit/605.1.15 (KHTML, like Gecko) Version/15.6.1 Mobile/15E148 Safari/604.1"
100.33.72.239 - - [12/Oct/2022:13:32:42 +0200] "GET /soft-toys-security-blanket-c-4_46.html?page=3 HTTP/1.0" 200 93906 "http://www.wonder-geek.com/soft-toys-security-blanket-c-4_46.html?page=2" "Mozilla/5.0 (iPhone; CPU iPhone OS 15_6_1 like Mac OS X) AppleWebKit/605.1.15 (KHTML, like Gecko) Version/15.6.1 Mobile/15E148 Safari/604.1"
100.33.72.239 - - [12/Oct/2022:13:32:44 +0200] "GET /images/mini_prod/5027148026018.jpg HTTP/1.0" 200 269 "http://www.wonder-geek.com/soft-toys-security-blanket-c-4_46.html?page=3" "Mozilla/5.0 (iPhone; CPU iPhone OS 15_6_1 like Mac OS X) AppleWebKit/605.1.15 (KHTML, like Gecko) Version/15.6.1 Mobile/15E148 Safari/604.1"
100.33.72.239 - - [12/Oct/2022:13:32:44 +0200] "GET /images/mini_prod/1308421410088.jpg HTTP/1.0" 200 269 "http://www.wonder-geek.com/soft-toys-security-blanket-c-4_46.html?page=3" "Mozilla/5.0 (iPhone; CPU iPhone OS 15_6_1 like Mac OS X) AppleWebKit/605.1.15 (KHTML, like Gecko) Version/15.6.1 Mobile/15E148 Safari/604.1"
100.33.72.239 - - [12/Oct/2022:13:32:44 +0200] "GET /images/mini_prod/8422048012272.jpg HTTP/1.0" 200 269 "http://www.wonder-geek.com/soft-toys-security-blanket-c-4_46.html?page=3" "Mozilla/5.0 (iPhone; CPU iPhone OS 15_6_1 like Mac OS X) AppleWebKit/605.1.15 (KHTML, like Gecko) Version/15.6.1 Mobile/15E148 Safari/604.1"
100.33.72.239 - - [12/Oct/2022:13:32:44 +0200] "GET /images/mini_prod/5027148022461.jpg HTTP/1.0" 200 269 "http://www.wonder-geek.com/soft-toys-security-blanket-c-4_46.html?page=3" "Mozilla/5.0 (iPhone; CPU iPhone OS 15_6_1 like Mac OS X) AppleWebKit/605.1.15 (KHTML, like Gecko) Version/15.6.1 Mobile/15E148 Safari/604.1"
100.33.72.239 - - [12/Oct/2022:13:32:44 +0200] "GET /images/mini_prod/3453131154116.jpg HTTP/1.0" 200 269 "http://www.wonder-geek.com/soft-toys-security-blanket-c-4_46.html?page=3" "Mozilla/5.0 (iPhone; CPU iPhone OS 15_6_1 like Mac OS X) AppleWebKit/605.1.15 (KHTML, like Gecko) Version/15.6.1 Mobile/15E148 Safari/604.1"
100.33.72.239 - - [12/Oct/2022:13:32:44 +0200] "GET /images/mini_prod/1328399077700.jpg HTTP/1.0" 200 269 "http://www.wonder-geek.com/soft-toys-security-blanket-c-4_46.html?page=3" "Mozilla/5.0 (iPhone; CPU iPhone OS 15_6_1 like Mac OS X) AppleWebKit/605.1.15 (KHTML, like Gecko) Version/15.6.1 Mobile/15E148 Safari/604.1"
100.33.72.239 - - [12/Oct/2022:13:32:44 +0200] "GET /images/mini_prod/3453131154093.jpg HTTP/1.0" 200 269 "http://www.wonder-geek.com/soft-toys-security-blanket-c-4_46.html?page=3" "Mozilla/5.0 (iPhone; CPU iPhone OS 15_6_1 like Mac OS X) AppleWebKit/605.1.15 (KHTML, like Gecko) Version/15.6.1 Mobile/15E148 Safari/604.1"
100.33.72.239 - - [12/Oct/2022:13:32:44 +0200] "GET /images/mini_prod/8427148033615.jpg HTTP/1.0" 200 269 "http://www.wonder-geek.com/soft-toys-security-blanket-c-4_46.html?page=3" "Mozilla/5.0 (iPhone; CPU iPhone OS 15_6_1 like Mac OS X) AppleWebKit/605.1.15 (KHTML, like Gecko) Version/15.6.1 Mobile/15E148 Safari/604.1"
100.33.72.239 - - [12/Oct/2022:13:32:44 +0200] "GET /images/mini_prod/670983054644.jpg HTTP/1.0" 200 268 "http://www.wonder-geek.com/soft-toys-security-blanket-c-4_46.html?page=3" "Mozilla/5.0 (iPhone; CPU iPhone OS 15_6_1 like Mac OS X) AppleWebKit/605.1.15 (KHTML, like Gecko) Version/15.6.1 Mobile/15E148 Safari/604.1"
100.33.72.239 - - [12/Oct/2022:13:32:44 +0200] "GET /images/mini_prod/1328399084517.jpg HTTP/1.0" 200 269 "http://www.wonder-geek.com/soft-toys-security-blanket-c-4_46.html?page=3" "Mozilla/5.0 (iPhone; CPU iPhone OS 15_6_1 like Mac OS X) AppleWebKit/605.1.15 (KHTML, like Gecko) Version/15.6.1 Mobile/15E148 Safari/604.1"
100.33.72.239 - - [12/Oct/2022:13:32:44 +0200] "GET /images/mini_prod/5027148061750.jpg HTTP/1.0" 200 269 "http://www.wonder-geek.com/soft-toys-security-blanket-c-4_46.html?page=3" "Mozilla/5.0 (iPhone; CPU iPhone OS 15_6_1 like Mac OS X) AppleWebKit/605.1.15 (KHTML, like Gecko) Version/15.6.1 Mobile/15E148 Safari/604.1"
100.33.72.239 - - [12/Oct/2022:13:32:45 +0200] "GET /images/mini_prod/5027148061804.jpg HTTP/1.0" 200 269 "http://www.wonder-geek.com/soft-toys-security-blanket-c-4_46.html?page=3" "Mozilla/5.0 (iPhone; CPU iPhone OS 15_6_1 like Mac OS X) AppleWebKit/605.1.15 (KHTML, like Gecko) Version/15.6.1 Mobile/15E148 Safari/604.1"
100.33.72.239 - - [12/Oct/2022:13:32:45 +0200] "GET /images/mini_prod/5027148062320.jpg HTTP/1.0" 200 269 "http://www.wonder-geek.com/soft-toys-security-blanket-c-4_46.html?page=3" "Mozilla/5.0 (iPhone; CPU iPhone OS 15_6_1 like Mac OS X) AppleWebKit/605.1.15 (KHTML, like Gecko) Version/15.6.1 Mobile/15E148 Safari/604.1"
100.33.72.239 - - [12/Oct/2022:13:32:45 +0200] "GET /images/mini_prod/8717318132164.jpg HTTP/1.0" 200 269 "http://www.wonder-geek.com/soft-toys-security-blanket-c-4_46.html?page=3" "Mozilla/5.0 (iPhone; CPU iPhone OS 15_6_1 like Mac OS X) AppleWebKit/605.1.15 (KHTML, like Gecko) Version/15.6.1 Mobile/15E148 Safari/604.1"
100.33.72.239 - - [12/Oct/2022:13:32:45 +0200] "GET /images/mini_prod/8717318124121.jpg HTTP/1.0" 200 269 "http://www.wonder-geek.com/soft-toys-security-blanket-c-4_46.html?page=3" "Mozilla/5.0 (iPhone; CPU iPhone OS 15_6_1 like Mac OS X) AppleWebKit/605.1.15 (KHTML, like Gecko) Version/15.6.1 Mobile/15E148 Safari/604.1"
100.33.72.239 - - [12/Oct/2022:13:32:45 +0200] "GET /images/mini_prod/8717318124107.jpg HTTP/1.0" 200 269 "http://www.wonder-geek.com/soft-toys-security-blanket-c-4_46.html?page=3" "Mozilla/5.0 (iPhone; CPU iPhone OS 15_6_1 like Mac OS X) AppleWebKit/605.1.15 (KHTML, like Gecko) Version/15.6.1 Mobile/15E148 Safari/604.1"
157.90.177.217 - - [12/Oct/2022:13:32:43 +0200] "GET /saint-michel-aromatika-incense-sticks-p-44349.html HTTP/1.0" 200 75037 "-" "Mozilla/5.0 (compatible; BLEXBot/1.0; +http://webmeup-crawler.com/)"
100.33.72.239 - - [12/Oct/2022:13:32:58 +0200] "GET /soft-toys-security-blanket-c-4_46.html?page=4 HTTP/1.0" 200 93331 "http://www.wonder-geek.com/soft-toys-security-blanket-c-4_46.html?page=3" "Mozilla/5.0 (iPhone; CPU iPhone OS 15_6_1 like Mac OS X) AppleWebKit/605.1.15 (KHTML, like Gecko) Version/15.6.1 Mobile/15E148 Safari/604.1"
100.33.72.239 - - [12/Oct/2022:13:33:00 +0200] "GET /images/mini_prod/028399108275.jpg HTTP/1.0" 200 268 "http://www.wonder-geek.com/soft-toys-security-blanket-c-4_46.html?page=4" "Mozilla/5.0 (iPhone; CPU iPhone OS 15_6_1 like Mac OS X) AppleWebKit/605.1.15 (KHTML, like Gecko) Version/15.6.1 Mobile/15E148 Safari/604.1"
100.33.72.239 - - [12/Oct/2022:13:33:00 +0200] "GET /images/mini_prod/8422087179363.jpg HTTP/1.0" 200 269 "http://www.wonder-geek.com/soft-toys-security-blanket-c-4_46.html?page=4" "Mozilla/5.0 (iPhone; CPU iPhone OS 15_6_1 like Mac OS X) AppleWebKit/605.1.15 (KHTML, like Gecko) Version/15.6.1 Mobile/15E148 Safari/604.1"
100.33.72.239 - - [12/Oct/2022:13:33:00 +0200] "GET /images/mini_prod/1328399051885.jpg HTTP/1.0" 200 269 "http://www.wonder-geek.com/soft-toys-security-blanket-c-4_46.html?page=4" "Mozilla/5.0 (iPhone; CPU iPhone OS 15_6_1 like Mac OS X) AppleWebKit/605.1.15 (KHTML, like Gecko) Version/15.6.1 Mobile/15E148 Safari/604.1"
100.33.72.239 - - [12/Oct/2022:13:33:00 +0200] "GET /images/mini_prod/4012390387964.jpg HTTP/1.0" 200 269 "http://www.wonder-geek.com/soft-toys-security-blanket-c-4_46.html?page=4" "Mozilla/5.0 (iPhone; CPU iPhone OS 15_6_1 like Mac OS X) AppleWebKit/605.1.15 (KHTML, like Gecko) Version/15.6.1 Mobile/15E148 Safari/604.1"
100.33.72.239 - - [12/Oct/2022:13:33:00 +0200] "GET /images/mini_prod/8006529251222.jpg HTTP/1.0" 200 269 "http://www.wonder-geek.com/soft-toys-security-blanket-c-4_46.html?page=4" "Mozilla/5.0 (iPhone; CPU iPhone OS 15_6_1 like Mac OS X) AppleWebKit/605.1.15 (KHTML, like Gecko) Version/15.6.1 Mobile/15E148 Safari/604.1"
100.33.72.239 - - [12/Oct/2022:13:33:00 +0200] "GET /images/mini_prod/5027148026148.jpg HTTP/1.0" 200 269 "http://www.wonder-geek.com/soft-toys-security-blanket-c-4_46.html?page=4" "Mozilla/5.0 (iPhone; CPU iPhone OS 15_6_1 like Mac OS X) AppleWebKit/605.1.15 (KHTML, like Gecko) Version/15.6.1 Mobile/15E148 Safari/604.1"
100.33.72.239 - - [12/Oct/2022:13:33:00 +0200] "GET /images/mini_prod/028399033607.jpg HTTP/1.0" 200 268 "http://www.wonder-geek.com/soft-toys-security-blanket-c-4_46.html?page=4" "Mozilla/5.0 (iPhone; CPU iPhone OS 15_6_1 like Mac OS X) AppleWebKit/605.1.15 (KHTML, like Gecko) Version/15.6.1 Mobile/15E148 Safari/604.1"
100.33.72.239 - - [12/Oct/2022:13:33:00 +0200] "GET /images/mini_prod/5027148022478.jpg HTTP/1.0" 200 269 "http://www.wonder-geek.com/soft-toys-security-blanket-c-4_46.html?page=4" "Mozilla/5.0 (iPhone; CPU iPhone OS 15_6_1 like Mac OS X) AppleWebKit/605.1.15 (KHTML, like Gecko) Version/15.6.1 Mobile/15E148 Safari/604.1"
100.33.72.239 - - [12/Oct/2022:13:33:00 +0200] "GET /images/mini_prod/4006592916817.jpg HTTP/1.0" 200 269 "http://www.wonder-geek.com/soft-toys-security-blanket-c-4_46.html?page=4" "Mozilla/5.0 (iPhone; CPU iPhone OS 15_6_1 like Mac OS X) AppleWebKit/605.1.15 (KHTML, like Gecko) Version/15.6.1 Mobile/15E148 Safari/604.1"
100.33.72.239 - - [12/Oct/2022:13:33:00 +0200] "GET /images/mini_prod/8006529236618.jpg HTTP/1.0" 200 269 "http://www.wonder-geek.com/soft-toys-security-blanket-c-4_46.html?page=4" "Mozilla/5.0 (iPhone; CPU iPhone OS 15_6_1 like Mac OS X) AppleWebKit/605.1.15 (KHTML, like Gecko) Version/15.6.1 Mobile/15E148 Safari/604.1"
100.33.72.239 - - [12/Oct/2022:13:33:00 +0200] "GET /images/mini_prod/1328399085330.jpg HTTP/1.0" 200 269 "http://www.wonder-geek.com/soft-toys-security-blanket-c-4_46.html?page=4" "Mozilla/5.0 (iPhone; CPU iPhone OS 15_6_1 like Mac OS X) AppleWebKit/605.1.15 (KHTML, like Gecko) Version/15.6.1 Mobile/15E148 Safari/604.1"
100.33.72.239 - - [12/Oct/2022:13:33:00 +0200] "GET /images/mini_prod/670983076370.jpg HTTP/1.0" 200 268 "http://www.wonder-geek.com/soft-toys-security-blanket-c-4_46.html?page=4" "Mozilla/5.0 (iPhone; CPU iPhone OS 15_6_1 like Mac OS X) AppleWebKit/605.1.15 (KHTML, like Gecko) Version/15.6.1 Mobile/15E148 Safari/604.1"
100.33.72.239 - - [12/Oct/2022:13:33:00 +0200] "GET /images/mini_prod/5027148026131.jpg HTTP/1.0" 200 269 "http://www.wonder-geek.com/soft-toys-security-blanket-c-4_46.html?page=4" "Mozilla/5.0 (iPhone; CPU iPhone OS 15_6_1 like Mac OS X) AppleWebKit/605.1.15 (KHTML, like Gecko) Version/15.6.1 Mobile/15E148 Safari/604.1"
100.33.72.239 - - [12/Oct/2022:13:33:00 +0200] "GET /images/mini_prod/5027148026162.jpg HTTP/1.0" 200 269 "http://www.wonder-geek.com/soft-toys-security-blanket-c-4_46.html?page=4" "Mozilla/5.0 (iPhone; CPU iPhone OS 15_6_1 like Mac OS X) AppleWebKit/605.1.15 (KHTML, like Gecko) Version/15.6.1 Mobile/15E148 Safari/604.1"
100.33.72.239 - - [12/Oct/2022:13:33:00 +0200] "GET /images/mini_prod/1345544524803.jpg HTTP/1.0" 200 269 "http://www.wonder-geek.com/soft-toys-security-blanket-c-4_46.html?page=4" "Mozilla/5.0 (iPhone; CPU iPhone OS 15_6_1 like Mac OS X) AppleWebKit/605.1.15 (KHTML, like Gecko) Version/15.6.1 Mobile/15E148 Safari/604.1"
100.33.72.239 - - [12/Oct/2022:13:33:00 +0200] "GET /images/mini_prod/3298060226912.jpg HTTP/1.0" 200 269 "http://www.wonder-geek.com/soft-toys-security-blanket-c-4_46.html?page=4" "Mozilla/5.0 (iPhone; CPU iPhone OS 15_6_1 like Mac OS X) AppleWebKit/605.1.15 (KHTML, like Gecko) Version/15.6.1 Mobile/15E148 Safari/604.1"
100.33.72.239 - - [12/Oct/2022:13:33:00 +0200] "GET /images/mini_prod/028399095797.jpg HTTP/1.0" 200 268 "http://www.wonder-geek.com/soft-toys-security-blanket-c-4_46.html?page=4" "Mozilla/5.0 (iPhone; CPU iPhone OS 15_6_1 like Mac OS X) AppleWebKit/605.1.15 (KHTML, like Gecko) Version/15.6.1 Mobile/15E148 Safari/604.1"
100.33.72.239 - - [12/Oct/2022:13:33:00 +0200] "GET /images/mini_prod/1328399038749.jpg HTTP/1.0" 200 269 "http://www.wonder-geek.com/soft-toys-security-blanket-c-4_46.html?page=4" "Mozilla/5.0 (iPhone; CPU iPhone OS 15_6_1 like Mac OS X) AppleWebKit/605.1.15 (KHTML, like Gecko) Version/15.6.1 Mobile/15E148 Safari/604.1"
100.33.72.239 - - [12/Oct/2022:13:33:00 +0200] "GET /images/mini_prod/1328399038718.jpg HTTP/1.0" 200 269 "http://www.wonder-geek.com/soft-toys-security-blanket-c-4_46.html?page=4" "Mozilla/5.0 (iPhone; CPU iPhone OS 15_6_1 like Mac OS X) AppleWebKit/605.1.15 (KHTML, like Gecko) Version/15.6.1 Mobile/15E148 Safari/604.1"
157.90.177.217 - - [12/Oct/2022:13:33:01 +0200] "GET /saint-tropez-placemat-p-40085.html HTTP/1.0" 200 74922 "-" "Mozilla/5.0 (compatible; BLEXBot/1.0; +http://webmeup-crawler.com/)"
207.46.13.149 - - [12/Oct/2022:13:33:10 +0200] "GET /gaspard-tooth-p-56881.html HTTP/1.0" 200 75531 "-" "Mozilla/5.0 AppleWebKit/537.36 (KHTML, like Gecko; compatible; bingbot/2.0; +http://www.bing.com/bingbot.htm) Chrome/103.0.5060.134 Safari/537.36"
157.90.177.217 - - [12/Oct/2022:13:33:18 +0200] "GET /salamander-metal-rests-flat-p-43893.html HTTP/1.0" 200 74907 "-" "Mozilla/5.0 (compatible; BLEXBot/1.0; +http://webmeup-crawler.com/)"
100.33.72.239 - - [12/Oct/2022:13:33:20 +0200] "GET /soft-toys-security-blanket-c-4_46.html?page=5 HTTP/1.0" 200 92354 "http://www.wonder-geek.com/soft-toys-security-blanket-c-4_46.html?page=4" "Mozilla/5.0 (iPhone; CPU iPhone OS 15_6_1 like Mac OS X) AppleWebKit/605.1.15 (KHTML, like Gecko) Version/15.6.1 Mobile/15E148 Safari/604.1"
100.33.72.239 - - [12/Oct/2022:13:33:22 +0200] "GET /images/mini_prod/8422033112000.jpg HTTP/1.0" 200 269 "http://www.wonder-geek.com/soft-toys-security-blanket-c-4_46.html?page=5" "Mozilla/5.0 (iPhone; CPU iPhone OS 15_6_1 like Mac OS X) AppleWebKit/605.1.15 (KHTML, like Gecko) Version/15.6.1 Mobile/15E148 Safari/604.1"
100.33.72.239 - - [12/Oct/2022:13:33:22 +0200] "GET /images/mini_prod/8422033111003.jpg HTTP/1.0" 200 269 "http://www.wonder-geek.com/soft-toys-security-blanket-c-4_46.html?page=5" "Mozilla/5.0 (iPhone; CPU iPhone OS 15_6_1 like Mac OS X) AppleWebKit/605.1.15 (KHTML, like Gecko) Version/15.6.1 Mobile/15E148 Safari/604.1"
100.33.72.239 - - [12/Oct/2022:13:33:22 +0200] "GET /images/mini_prod/8712269005420.jpg HTTP/1.0" 200 269 "http://www.wonder-geek.com/soft-toys-security-blanket-c-4_46.html?page=5" "Mozilla/5.0 (iPhone; CPU iPhone OS 15_6_1 like Mac OS X) AppleWebKit/605.1.15 (KHTML, like Gecko) Version/15.6.1 Mobile/15E148 Safari/604.1"
100.33.72.239 - - [12/Oct/2022:13:33:22 +0200] "GET /images/mini_prod/5027148021532.jpg HTTP/1.0" 200 269 "http://www.wonder-geek.com/soft-toys-security-blanket-c-4_46.html?page=5" "Mozilla/5.0 (iPhone; CPU iPhone OS 15_6_1 like Mac OS X) AppleWebKit/605.1.15 (KHTML, like Gecko) Version/15.6.1 Mobile/15E148 Safari/604.1"
100.33.72.239 - - [12/Oct/2022:13:33:22 +0200] "GET /images/mini_prod/028399102464.jpg HTTP/1.0" 200 268 "http://www.wonder-geek.com/soft-toys-security-blanket-c-4_46.html?page=5" "Mozilla/5.0 (iPhone; CPU iPhone OS 15_6_1 like Mac OS X) AppleWebKit/605.1.15 (KHTML, like Gecko) Version/15.6.1 Mobile/15E148 Safari/604.1"
100.33.72.239 - - [12/Oct/2022:13:33:22 +0200] "GET /images/mini_prod/1345544476546.jpg HTTP/1.0" 200 269 "http://www.wonder-geek.com/soft-toys-security-blanket-c-4_46.html?page=5" "Mozilla/5.0 (iPhone; CPU iPhone OS 15_6_1 like Mac OS X) AppleWebKit/605.1.15 (KHTML, like Gecko) Version/15.6.1 Mobile/15E148 Safari/604.1"
100.33.72.239 - - [12/Oct/2022:13:33:22 +0200] "GET /images/mini_prod/028399108305.jpg HTTP/1.0" 200 268 "http://www.wonder-geek.com/soft-toys-security-blanket-c-4_46.html?page=5" "Mozilla/5.0 (iPhone; CPU iPhone OS 15_6_1 like Mac OS X) AppleWebKit/605.1.15 (KHTML, like Gecko) Version/15.6.1 Mobile/15E148 Safari/604.1"
100.33.72.239 - - [12/Oct/2022:13:33:22 +0200] "GET /images/mini_prod/8422033113007.jpg HTTP/1.0" 200 269 "http://www.wonder-geek.com/soft-toys-security-blanket-c-4_46.html?page=5" "Mozilla/5.0 (iPhone; CPU iPhone OS 15_6_1 like Mac OS X) AppleWebKit/605.1.15 (KHTML, like Gecko) Version/15.6.1 Mobile/15E148 Safari/604.1"
100.33.72.239 - - [12/Oct/2022:13:33:22 +0200] "GET /images/mini_prod/5027148021600.jpg HTTP/1.0" 200 269 "http://www.wonder-geek.com/soft-toys-security-blanket-c-4_46.html?page=5" "Mozilla/5.0 (iPhone; CPU iPhone OS 15_6_1 like Mac OS X) AppleWebKit/605.1.15 (KHTML, like Gecko) Version/15.6.1 Mobile/15E148 Safari/604.1"
100.33.72.239 - - [12/Oct/2022:13:33:22 +0200] "GET /images/mini_prod/8712269006069.jpg HTTP/1.0" 200 269 "http://www.wonder-geek.com/soft-toys-security-blanket-c-4_46.html?page=5" "Mozilla/5.0 (iPhone; CPU iPhone OS 15_6_1 like Mac OS X) AppleWebKit/605.1.15 (KHTML, like Gecko) Version/15.6.1 Mobile/15E148 Safari/604.1"
100.33.72.239 - - [12/Oct/2022:13:33:22 +0200] "GET /images/mini_prod/5027148033696.jpg HTTP/1.0" 200 269 "http://www.wonder-geek.com/soft-toys-security-blanket-c-4_46.html?page=5" "Mozilla/5.0 (iPhone; CPU iPhone OS 15_6_1 like Mac OS X) AppleWebKit/605.1.15 (KHTML, like Gecko) Version/15.6.1 Mobile/15E148 Safari/604.1"
100.33.72.239 - - [12/Oct/2022:13:33:22 +0200] "GET /images/mini_prod/8422033110006.jpg HTTP/1.0" 200 269 "http://www.wonder-geek.com/soft-toys-security-blanket-c-4_46.html?page=5" "Mozilla/5.0 (iPhone; CPU iPhone OS 15_6_1 like Mac OS X) AppleWebKit/605.1.15 (KHTML, like Gecko) Version/15.6.1 Mobile/15E148 Safari/604.1"
100.33.72.239 - - [12/Oct/2022:13:33:22 +0200] "GET /images/mini_prod/3453131157186.jpg HTTP/1.0" 200 269 "http://www.wonder-geek.com/soft-toys-security-blanket-c-4_46.html?page=5" "Mozilla/5.0 (iPhone; CPU iPhone OS 15_6_1 like Mac OS X) AppleWebKit/605.1.15 (KHTML, like Gecko) Version/15.6.1 Mobile/15E148 Safari/604.1"
100.33.72.239 - - [12/Oct/2022:13:33:22 +0200] "GET /images/mini_prod/028399108268.jpg HTTP/1.0" 200 268 "http://www.wonder-geek.com/soft-toys-security-blanket-c-4_46.html?page=5" "Mozilla/5.0 (iPhone; CPU iPhone OS 15_6_1 like Mac OS X) AppleWebKit/605.1.15 (KHTML, like Gecko) Version/15.6.1 Mobile/15E148 Safari/604.1"
100.33.72.239 - - [12/Oct/2022:13:33:22 +0200] "GET /images/mini_prod/028399108299.jpg HTTP/1.0" 200 268 "http://www.wonder-geek.com/soft-toys-security-blanket-c-4_46.html?page=5" "Mozilla/5.0 (iPhone; CPU iPhone OS 15_6_1 like Mac OS X) AppleWebKit/605.1.15 (KHTML, like Gecko) Version/15.6.1 Mobile/15E148 Safari/604.1"
100.33.72.239 - - [12/Oct/2022:13:33:23 +0200] "GET /images/mini_prod/8006529272166.jpg HTTP/1.0" 200 269 "http://www.wonder-geek.com/soft-toys-security-blanket-c-4_46.html?page=5" "Mozilla/5.0 (iPhone; CPU iPhone OS 15_6_1 like Mac OS X) AppleWebKit/605.1.15 (KHTML, like Gecko) Version/15.6.1 Mobile/15E148 Safari/604.1"
100.33.72.239 - - [12/Oct/2022:13:33:23 +0200] "GET /images/mini_prod/1328399038268.jpg HTTP/1.0" 200 269 "http://www.wonder-geek.com/soft-toys-security-blanket-c-4_46.html?page=5" "Mozilla/5.0 (iPhone; CPU iPhone OS 15_6_1 like Mac OS X) AppleWebKit/605.1.15 (KHTML, like Gecko) Version/15.6.1 Mobile/15E148 Safari/604.1"
100.33.72.239 - - [12/Oct/2022:13:33:23 +0200] "GET /images/mini_prod/028399106028.jpg HTTP/1.0" 200 268 "http://www.wonder-geek.com/soft-toys-security-blanket-c-4_46.html?page=5" "Mozilla/5.0 (iPhone; CPU iPhone OS 15_6_1 like Mac OS X) AppleWebKit/605.1.15 (KHTML, like Gecko) Version/15.6.1 Mobile/15E148 Safari/604.1"
100.33.72.239 - - [12/Oct/2022:13:33:23 +0200] "GET /images/mini_prod/1328399059485.jpg HTTP/1.0" 200 269 "http://www.wonder-geek.com/soft-toys-security-blanket-c-4_46.html?page=5" "Mozilla/5.0 (iPhone; CPU iPhone OS 15_6_1 like Mac OS X) AppleWebKit/605.1.15 (KHTML, like Gecko) Version/15.6.1 Mobile/15E148 Safari/604.1"
185.191.171.26 - - [12/Oct/2022:13:33:22 +0200] "GET /paris-corkscrew-triumphal-arch-brushed-metal-p-38607.html HTTP/1.0" 200 75063 "-" "Mozilla/5.0 (compatible; SemrushBot/7~bl; +http://www.semrush.com/bot.html)"
18.191.220.75 - - [12/Oct/2022:13:33:27 +0200] "GET /images/mini_prod/8003990630525.jpg HTTP/1.0" 200 269 "-" "Mozilla/5.0 (X11; Ubuntu; Linux x86_64; rv:72.0) Gecko/20100101 Firefox/72.0"
66.249.64.242 - - [12/Oct/2022:13:33:28 +0200] "GET /images/big_prod/5051276388472.jpg HTTP/1.0" 200 268 "-" "Googlebot-Image/1.0"
185.191.171.33 - - [12/Oct/2022:13:33:29 +0200] "GET /insulated-bottle-planet-p-58203.html HTTP/1.0" 200 75813 "-" "Mozilla/5.0 (compatible; SemrushBot/7~bl; +http://www.semrush.com/bot.html)"
157.90.177.217 - - [12/Oct/2022:13:33:33 +0200] "GET /salamander-wall-decoration-p-40931.html HTTP/1.0" 200 75049 "-" "Mozilla/5.0 (compatible; BLEXBot/1.0; +http://webmeup-crawler.com/)"
54.36.149.99 - - [12/Oct/2022:13:33:38 +0200] "GET /cotton-floor-cushion-alabama-p-55454.html HTTP/1.0" 200 75779 "-" "Mozilla/5.0 (compatible; AhrefsBot/7.0; +http://ahrefs.com/robot/)"
100.33.72.239 - - [12/Oct/2022:13:33:39 +0200] "GET /soft-toys-security-blanket-c-4_46.html?page=2 HTTP/1.0" 200 93724 "http://www.wonder-geek.com/soft-toys-security-blanket-c-4_46.html?page=5" "Mozilla/5.0 (iPhone; CPU iPhone OS 15_6_1 like Mac OS X) AppleWebKit/605.1.15 (KHTML, like Gecko) Version/15.6.1 Mobile/15E148 Safari/604.1"
54.36.148.108 - - [12/Oct/2022:13:33:42 +0200] "GET /images/big_prod_2/3665269117424b.jpg HTTP/1.0" 200 271 "-" "Mozilla/5.0 (compatible; AhrefsBot/7.0; +http://ahrefs.com/robot/)"
54.36.148.67 - - [12/Oct/2022:13:33:42 +0200] "GET /images/big_prod_1/3665269117424a.jpg HTTP/1.0" 200 271 "-" "Mozilla/5.0 (compatible; AhrefsBot/7.0; +http://ahrefs.com/robot/)"
54.36.148.180 - - [12/Oct/2022:13:33:43 +0200] "GET /images/big_prod/3665269117424.jpg HTTP/1.0" 200 268 "-" "Mozilla/5.0 (compatible; AhrefsBot/7.0; +http://ahrefs.com/robot/)"
100.33.72.239 - - [12/Oct/2022:13:33:48 +0200] "GET /soft-toys-security-blanket-c-4_46.html?page=3 HTTP/1.0" 200 93906 "http://www.wonder-geek.com/soft-toys-security-blanket-c-4_46.html?page=2" "Mozilla/5.0 (iPhone; CPU iPhone OS 15_6_1 like Mac OS X) AppleWebKit/605.1.15 (KHTML, like Gecko) Version/15.6.1 Mobile/15E148 Safari/604.1"
157.90.177.217 - - [12/Oct/2022:13:33:49 +0200] "GET /salamander-wall-decoration-p-40932.html HTTP/1.0" 200 75049 "-" "Mozilla/5.0 (compatible; BLEXBot/1.0; +http://webmeup-crawler.com/)"
185.191.171.35 - - [12/Oct/2022:13:33:59 +0200] "GET /earth-globe-decoration-p-50864.html HTTP/1.0" 200 72326 "-" "Mozilla/5.0 (compatible; SemrushBot/7~bl; +http://www.semrush.com/bot.html)"
157.90.177.217 - - [12/Oct/2022:13:34:06 +0200] "GET /salamander-wall-decoration-p-44900.html HTTP/1.0" 200 75030 "-" "Mozilla/5.0 (compatible; BLEXBot/1.0; +http://webmeup-crawler.com/)"
100.33.72.239 - - [12/Oct/2022:13:34:08 +0200] "GET /index.php?cPath=4_46&sort=&filter_id=164 HTTP/1.0" 301 81548 "http://www.wonder-geek.com/soft-toys-security-blanket-c-4_46.html?page=3" "Mozilla/5.0 (iPhone; CPU iPhone OS 15_6_1 like Mac OS X) AppleWebKit/605.1.15 (KHTML, like Gecko) Version/15.6.1 Mobile/15E148 Safari/604.1"
185.191.171.23 - - [12/Oct/2022:13:34:09 +0200] "GET /round-magnet-little-prince-plane-p-59033.html?action=add_product HTTP/1.0" 302 476 "-" "Mozilla/5.0 (compatible; SemrushBot/7~bl; +http://www.semrush.com/bot.html)"
100.33.72.239 - - [12/Oct/2022:13:34:10 +0200] "GET /soft-toys-security-blanket-c-4_46.html?filter_id=164 HTTP/1.0" 200 81433 "http://www.wonder-geek.com/soft-toys-security-blanket-c-4_46.html?page=3" "Mozilla/5.0 (iPhone; CPU iPhone OS 15_6_1 like Mac OS X) AppleWebKit/605.1.15 (KHTML, like Gecko) Version/15.6.1 Mobile/15E148 Safari/604.1"
