65.108.125.120 - - [12/Oct/2022:04:32:40 +0200] "GET /sonny-angel-figure-valentine-day-series-p-28587.html HTTP/1.0" 301 75420 "-" "Mozilla/5.0 (compatible; MJ12bot/v1.4.8; http://mj12bot.com/)"
65.108.125.120 - - [12/Oct/2022:04:32:43 +0200] "GET /sonny-angel-figure-valentine-series-p-28587.html HTTP/1.0" 200 75318 "-" "Mozilla/5.0 (compatible; MJ12bot/v1.4.8; http://mj12bot.com/)"
185.191.171.36 - - [12/Oct/2022:04:32:44 +0200] "GET /lighting-c-13_86.html?page=29 HTTP/1.0" 200 88169 "-" "Mozilla/5.0 (compatible; SemrushBot/7~bl; +http://www.semrush.com/bot.html)"
65.108.125.120 - - [12/Oct/2022:04:32:46 +0200] "GET /sonny-angel-figure-valentine-series-2016-p-33922.html HTTP/1.0" 200 75379 "-" "Mozilla/5.0 (compatible; MJ12bot/v1.4.8; http://mj12bot.com/)"
157.90.177.217 - - [12/Oct/2022:04:32:47 +0200] "GET /mandala-coasters-orange-p-54067.html HTTP/1.0" 200 74915 "-" "Mozilla/5.0 (compatible; BLEXBot/1.0; +http://webmeup-crawler.com/)"
65.108.125.120 - - [12/Oct/2022:04:32:49 +0200] "GET /sonny-angel-figure-valentine-series-p-28587.html HTTP/1.0" 200 75318 "-" "Mozilla/5.0 (compatible; MJ12bot/v1.4.8; http://mj12bot.com/)"
65.108.125.120 - - [12/Oct/2022:04:32:52 +0200] "GET /soy-luna-random-faces-p-36396.html HTTP/1.0" 301 72315 "-" "Mozilla/5.0 (compatible; MJ12bot/v1.4.8; http://mj12bot.com/)"
65.108.125.120 - - [12/Oct/2022:04:32:55 +0200] "GET /-p-36396.html HTTP/1.0" 200 72248 "-" "Mozilla/5.0 (compatible; MJ12bot/v1.4.8; http://mj12bot.com/)"
65.108.125.120 - - [12/Oct/2022:04:32:57 +0200] "GET /special-anniversary-mickey-mouse-figurine-p-45567.html HTTP/1.0" 301 72315 "-" "Mozilla/5.0 (compatible; MJ12bot/v1.4.8; http://mj12bot.com/)"
65.108.125.120 - - [12/Oct/2022:04:33:00 +0200] "GET /-p-45567.html HTTP/1.0" 200 72248 "-" "Mozilla/5.0 (compatible; MJ12bot/v1.4.8; http://mj12bot.com/)"
157.90.177.217 - - [12/Oct/2022:04:33:03 +0200] "GET /mandala-coasters-p-53024.html HTTP/1.0" 200 74844 "-" "Mozilla/5.0 (compatible; BLEXBot/1.0; +http://webmeup-crawler.com/)"
65.108.125.120 - - [12/Oct/2022:04:33:03 +0200] "GET /spiderman-bust-bank-p-30237.html HTTP/1.0" 200 74856 "-" "Mozilla/5.0 (compatible; MJ12bot/v1.4.8; http://mj12bot.com/)"
65.108.125.120 - - [12/Oct/2022:04:33:07 +0200] "GET /spiderman-spider-strike-p-25293.html HTTP/1.0" 301 72315 "-" "Mozilla/5.0 (compatible; MJ12bot/v1.4.8; http://mj12bot.com/)"
65.108.125.120 - - [12/Oct/2022:04:33:10 +0200] "GET /-p-25293.html HTTP/1.0" 200 72248 "-" "Mozilla/5.0 (compatible; MJ12bot/v1.4.8; http://mj12bot.com/)"
65.108.125.120 - - [12/Oct/2022:04:33:13 +0200] "GET /spirit-nature-p-39833.html HTTP/1.0" 200 72306 "-" "Mozilla/5.0 (compatible; MJ12bot/v1.4.8; http://mj12bot.com/)"
65.108.125.120 - - [12/Oct/2022:04:33:16 +0200] "GET /spirit-nature-potholder-glove-p-39865.html HTTP/1.0" 301 72315 "-" "Mozilla/5.0 (compatible; MJ12bot/v1.4.8; http://mj12bot.com/)"
157.90.177.217 - - [12/Oct/2022:04:33:18 +0200] "GET /mandala-coasters-p-54068.html HTTP/1.0" 200 74886 "-" "Mozilla/5.0 (compatible; BLEXBot/1.0; +http://webmeup-crawler.com/)"
65.108.125.120 - - [12/Oct/2022:04:33:18 +0200] "GET /-p-39865.html HTTP/1.0" 200 72248 "-" "Mozilla/5.0 (compatible; MJ12bot/v1.4.8; http://mj12bot.com/)"
65.108.125.120 - - [12/Oct/2022:04:33:21 +0200] "GET /sponge-bob-magnetic-clock-p-17280.html HTTP/1.0" 301 72418 "-" "Mozilla/5.0 (compatible; MJ12bot/v1.4.8; http://mj12bot.com/)"
65.108.125.120 - - [12/Oct/2022:04:33:24 +0200] "GET /sponge-magnetic-clock-p-17280.html HTTP/1.0" 200 72330 "-" "Mozilla/5.0 (compatible; MJ12bot/v1.4.8; http://mj12bot.com/)"
54.36.148.17 - - [12/Oct/2022:04:33:25 +0200] "GET /dumbo-facets-figurine-disney-p-58480.html HTTP/1.0" 200 76212 "-" "Mozilla/5.0 (compatible; AhrefsBot/7.0; +http://ahrefs.com/robot/)"
65.108.125.120 - - [12/Oct/2022:04:33:27 +0200] "GET /sponge-bob-placemat-p-17173.html HTTP/1.0" 301 72315 "-" "Mozilla/5.0 (compatible; MJ12bot/v1.4.8; http://mj12bot.com/)"
54.36.148.239 - - [12/Oct/2022:04:33:28 +0200] "GET /images/big_prod/1328399305650.jpg HTTP/1.0" 200 268 "-" "Mozilla/5.0 (compatible; AhrefsBot/7.0; +http://ahrefs.com/robot/)"
54.36.148.132 - - [12/Oct/2022:04:33:28 +0200] "GET /images/big_prod_1/1328399305650B.jpg HTTP/1.0" 200 271 "-" "Mozilla/5.0 (compatible; AhrefsBot/7.0; +http://ahrefs.com/robot/)"
65.108.125.120 - - [12/Oct/2022:04:33:30 +0200] "GET /-p-17173.html HTTP/1.0" 200 72248 "-" "Mozilla/5.0 (compatible; MJ12bot/v1.4.8; http://mj12bot.com/)"
157.90.177.217 - - [12/Oct/2022:04:33:32 +0200] "GET /mandala-coasters-p-54069.html HTTP/1.0" 200 74886 "-" "Mozilla/5.0 (compatible; BLEXBot/1.0; +http://webmeup-crawler.com/)"
65.108.125.120 - - [12/Oct/2022:04:33:33 +0200] "GET /sponge-bob-small-wall-light-p-16147.html HTTP/1.0" 301 72315 "-" "Mozilla/5.0 (compatible; MJ12bot/v1.4.8; http://mj12bot.com/)"
65.108.125.120 - - [12/Oct/2022:04:33:35 +0200] "GET /-p-16147.html HTTP/1.0" 200 72248 "-" "Mozilla/5.0 (compatible; MJ12bot/v1.4.8; http://mj12bot.com/)"
65.108.125.120 - - [12/Oct/2022:04:33:38 +0200] "GET /sponge-magnetic-clock-p-17280.html HTTP/1.0" 200 72330 "-" "Mozilla/5.0 (compatible; MJ12bot/v1.4.8; http://mj12bot.com/)"
65.108.125.120 - - [12/Oct/2022:04:33:41 +0200] "GET /sponge-placemat-p-17173.html HTTP/1.0" 301 72315 "-" "Mozilla/5.0 (compatible; MJ12bot/v1.4.8; http://mj12bot.com/)"
66.249.64.242 - - [12/Oct/2022:04:33:44 +0200] "GET /images/big_prod/3442440269789.jpg HTTP/1.0" 200 268 "-" "Googlebot-Image/1.0"
65.108.125.120 - - [12/Oct/2022:04:33:44 +0200] "GET /-p-17173.html HTTP/1.0" 200 72248 "-" "Mozilla/5.0 (compatible; MJ12bot/v1.4.8; http://mj12bot.com/)"
157.90.177.217 - - [12/Oct/2022:04:33:46 +0200] "GET /mandala-coasters-p-54070.html HTTP/1.0" 200 74886 "-" "Mozilla/5.0 (compatible; BLEXBot/1.0; +http://webmeup-crawler.com/)"
65.108.125.120 - - [12/Oct/2022:04:33:47 +0200] "GET /sponge-small-wall-light-p-16147.html HTTP/1.0" 301 72315 "-" "Mozilla/5.0 (compatible; MJ12bot/v1.4.8; http://mj12bot.com/)"
65.108.125.120 - - [12/Oct/2022:04:33:50 +0200] "GET /-p-16147.html HTTP/1.0" 200 72248 "-" "Mozilla/5.0 (compatible; MJ12bot/v1.4.8; http://mj12bot.com/)"
65.108.125.120 - - [12/Oct/2022:04:33:53 +0200] "GET /spongebob-picnic-p-54627.html HTTP/1.0" 200 75953 "-" "Mozilla/5.0 (compatible; MJ12bot/v1.4.8; http://mj12bot.com/)"
185.191.171.3 - - [12/Oct/2022:04:33:56 +0200] "GET /kori-kumi-pencil-case-p-30485.html HTTP/1.0" 200 74894 "-" "Mozilla/5.0 (compatible; SemrushBot/7~bl; +http://www.semrush.com/bot.html)"
65.108.125.120 - - [12/Oct/2022:04:33:56 +0200] "GET /springy-tisanire-p-54597.html HTTP/1.0" 200 74885 "-" "Mozilla/5.0 (compatible; MJ12bot/v1.4.8; http://mj12bot.com/)"
157.90.177.217 - - [12/Oct/2022:04:34:00 +0200] "GET /mandala-coasters-p-55596.html HTTP/1.0" 200 75879 "-" "Mozilla/5.0 (compatible; BLEXBot/1.0; +http://webmeup-crawler.com/)"
65.108.125.120 - - [12/Oct/2022:04:34:00 +0200] "GET /squarrel-potholder-and-glove-set-p-45526.html HTTP/1.0" 301 72441 "-" "Mozilla/5.0 (compatible; MJ12bot/v1.4.8; http://mj12bot.com/)"
65.108.125.120 - - [12/Oct/2022:04:34:03 +0200] "GET /squarrel-potholder-glove-p-45526.html HTTP/1.0" 200 72350 "-" "Mozilla/5.0 (compatible; MJ12bot/v1.4.8; http://mj12bot.com/)"
185.191.171.1 - - [12/Oct/2022:04:34:04 +0200] "GET /bamboo-fiber-plant-cover-p-57458.html HTTP/1.0" 200 75519 "-" "Mozilla/5.0 (compatible; SemrushBot/7~bl; +http://www.semrush.com/bot.html)"
65.108.125.120 - - [12/Oct/2022:04:34:06 +0200] "GET /squarrel-potholder-glove-p-45526.html HTTP/1.0" 200 72350 "-" "Mozilla/5.0 (compatible; MJ12bot/v1.4.8; http://mj12bot.com/)"
34.71.104.65 - - [12/Oct/2022:04:34:08 +0200] "GET /images/big_prod_2/028399270163b.jpg HTTP/1.0" 200 270 "-" "Mozilla/5.0 (X11; Ubuntu; Linux x86_64; rv:72.0) Gecko/20100101 Firefox/72.0"
65.108.125.120 - - [12/Oct/2022:04:34:09 +0200] "GET /stainless-steel-piece-barbecue-p-48878.html HTTP/1.0" 200 75915 "-" "Mozilla/5.0 (compatible; MJ12bot/v1.4.8; http://mj12bot.com/)"
65.108.125.120 - - [12/Oct/2022:04:34:12 +0200] "GET /stainless-steel-piece-barbecue-set-p-48878.html HTTP/1.0" 301 76012 "-" "Mozilla/5.0 (compatible; MJ12bot/v1.4.8; http://mj12bot.com/)"
18.191.220.75 - - [12/Oct/2022:04:34:14 +0200] "GET /images/mini_prod/8422000053541.jpg HTTP/1.0" 200 269 "-" "Mozilla/5.0 (X11; Ubuntu; Linux x86_64; rv:72.0) Gecko/20100101 Firefox/72.0"
157.90.177.217 - - [12/Oct/2022:04:34:14 +0200] "GET /mandala-coasters-p-55597.html HTTP/1.0" 200 75879 "-" "Mozilla/5.0 (compatible; BLEXBot/1.0; +http://webmeup-crawler.com/)"
65.108.125.120 - - [12/Oct/2022:04:34:14 +0200] "GET /stainless-steel-piece-barbecue-p-48878.html HTTP/1.0" 200 75915 "-" "Mozilla/5.0 (compatible; MJ12bot/v1.4.8; http://mj12bot.com/)"
65.108.125.120 - - [12/Oct/2022:04:34:19 +0200] "GET /star-wars-han-solo-poster-p-36315.html HTTP/1.0" 301 72315 "-" "Mozilla/5.0 (compatible; MJ12bot/v1.4.8; http://mj12bot.com/)"
65.108.125.120 - - [12/Oct/2022:04:34:21 +0200] "GET /-p-36315.html HTTP/1.0" 200 72248 "-" "Mozilla/5.0 (compatible; MJ12bot/v1.4.8; http://mj12bot.com/)"
65.108.125.120 - - [12/Oct/2022:04:34:24 +0200] "GET /star-wars-solo-poster-p-36315.html HTTP/1.0" 301 72315 "-" "Mozilla/5.0 (compatible; MJ12bot/v1.4.8; http://mj12bot.com/)"
65.108.125.120 - - [12/Oct/2022:04:34:27 +0200] "GET /-p-36315.html HTTP/1.0" 200 72248 "-" "Mozilla/5.0 (compatible; MJ12bot/v1.4.8; http://mj12bot.com/)"
157.90.177.217 - - [12/Oct/2022:04:34:27 +0200] "GET /mandala-coasters-pink-p-54071.html HTTP/1.0" 200 74901 "-" "Mozilla/5.0 (compatible; BLEXBot/1.0; +http://webmeup-crawler.com/)"
65.108.125.120 - - [12/Oct/2022:04:34:30 +0200] "GET /starry-russian-doll-mouse-cbkreation-p-18472.html HTTP/1.0" 200 74974 "-" "Mozilla/5.0 (compatible; MJ12bot/v1.4.8; http://mj12bot.com/)"
65.108.125.120 - - [12/Oct/2022:04:34:34 +0200] "GET /starry-russian-doll-mouse-pad-by-cbkreation-p-18472.html HTTP/1.0" 301 75077 "-" "Mozilla/5.0 (compatible; MJ12bot/v1.4.8; http://mj12bot.com/)"
65.108.125.120 - - [12/Oct/2022:04:34:36 +0200] "GET /starry-russian-doll-mouse-cbkreation-p-18472.html HTTP/1.0" 200 74974 "-" "Mozilla/5.0 (compatible; MJ12bot/v1.4.8; http://mj12bot.com/)"
147.92.153.6 - - [12/Oct/2022:04:34:39 +0200] "GET /japanese-style-cast-iron-teapot-liter-p-59198.html HTTP/1.0" 200 76210 "-" "Mozilla/5.0 (compatible; Linespider/1.1; +https://lin.ee/4dwXkTH)"
65.108.125.120 - - [12/Oct/2022:04:34:40 +0200] "GET /statuette-jesus-christ-redeemer-resin-20-cm-p-44971.html HTTP/1.0" 301 72502 "-" "Mozilla/5.0 (compatible; MJ12bot/v1.4.8; http://mj12bot.com/)"
216.244.66.242 - - [12/Oct/2022:04:34:42 +0200] "GET /burlap-round-table-set-sweet-p-48454.html HTTP/1.0" 301 72421 "-" "Mozilla/5.0 (compatible; DotBot/1.2; +https://opensiteexplorer.org/dotbot; help@moz.com)"
147.92.153.15 - - [12/Oct/2022:04:34:44 +0200] "GET /swfobject.js HTTP/1.0" 404 1308 "http://www.wonder-geek.com/japanese-style-cast-iron-teapot-liter-p-59198.html" "Mozilla/5.0 AppleWebKit/537.36 (KHTML, like Gecko; compatible; Linespider/1.1; +https://lin.ee/4dwXkTH) Chrome/101.0.4951.0 Safari/537.36, Mozilla/5.0 (compatible; Linespider/1.1; +https://lin.ee/4dwXkTH)"
157.90.177.217 - - [12/Oct/2022:04:34:42 +0200] "GET /mandala-coasters-pink-p-54073.html HTTP/1.0" 200 74901 "-" "Mozilla/5.0 (compatible; BLEXBot/1.0; +http://webmeup-crawler.com/)"
65.108.125.120 - - [12/Oct/2022:04:34:44 +0200] "GET /statuette-jesus-christ-redeemer-resin-p-44971.html HTTP/1.0" 200 72398 "-" "Mozilla/5.0 (compatible; MJ12bot/v1.4.8; http://mj12bot.com/)"
185.191.171.42 - - [12/Oct/2022:04:34:43 +0200] "GET /cushions-c-11_71.html?page=10 HTTP/1.0" 200 83903 "-" "Mozilla/5.0 (compatible; SemrushBot/7~bl; +http://www.semrush.com/bot.html)"
65.108.125.120 - - [12/Oct/2022:04:34:46 +0200] "GET /statuette-jesus-christ-redeemer-resin-p-44971.html HTTP/1.0" 200 72398 "-" "Mozilla/5.0 (compatible; MJ12bot/v1.4.8; http://mj12bot.com/)"
65.108.125.120 - - [12/Oct/2022:04:34:49 +0200] "GET /sticker-guitar-photo-frame-p-25041.html HTTP/1.0" 200 75135 "-" "Mozilla/5.0 (compatible; MJ12bot/v1.4.8; http://mj12bot.com/)"
216.244.66.242 - - [12/Oct/2022:04:34:50 +0200] "GET /nici-ayumi-black-plush-20-cm-p-33423.html HTTP/1.0" 301 72427 "-" "Mozilla/5.0 (compatible; DotBot/1.2; +https://opensiteexplorer.org/dotbot; help@moz.com)"
65.108.125.120 - - [12/Oct/2022:04:34:52 +0200] "GET /storage-vehicles-robocar-poli-p-28007.html HTTP/1.0" 301 72315 "-" "Mozilla/5.0 (compatible; MJ12bot/v1.4.8; http://mj12bot.com/)"
65.108.125.120 - - [12/Oct/2022:04:34:55 +0200] "GET /-p-28007.html HTTP/1.0" 200 72248 "-" "Mozilla/5.0 (compatible; MJ12bot/v1.4.8; http://mj12bot.com/)"
54.36.148.164 - - [12/Oct/2022:04:34:56 +0200] "GET /little-geisha-p-50777.html HTTP/1.0" 200 76162 "-" "Mozilla/5.0 (compatible; AhrefsBot/7.0; +http://ahrefs.com/robot/)"
157.90.177.217 - - [12/Oct/2022:04:34:56 +0200] "GET /mandala-coasters-purple-p-54077.html HTTP/1.0" 200 74915 "-" "Mozilla/5.0 (compatible; BLEXBot/1.0; +http://webmeup-crawler.com/)"
65.108.125.120 - - [12/Oct/2022:04:34:58 +0200] "GET /storing-winter-mini-rectangular-tray-p-58508.html HTTP/1.0" 200 75725 "-" "Mozilla/5.0 (compatible; MJ12bot/v1.4.8; http://mj12bot.com/)"
54.36.148.42 - - [12/Oct/2022:04:35:00 +0200] "GET /images/big_prod/4260082936765z.jpg HTTP/1.0" 200 269 "-" "Mozilla/5.0 (compatible; AhrefsBot/7.0; +http://ahrefs.com/robot/)"
61.135.159.197 - - [12/Oct/2022:04:34:57 +0200] "GET / HTTP/1.0" 200 152361 "-" "Sogou web spider/4.0(+http://www.sogou.com/docs/help/webmasters.htm#07)"
65.108.125.120 - - [12/Oct/2022:04:35:01 +0200] "GET /stormtrooper-big-figure-79-cm-p-27758.html HTTP/1.0" 301 72450 "-" "Mozilla/5.0 (compatible; MJ12bot/v1.4.8; http://mj12bot.com/)"
216.244.66.242 - - [12/Oct/2022:04:35:01 +0200] "GET /so-sweet-black-women-tee-shirt-p-30994.html HTTP/1.0" 301 76968 "-" "Mozilla/5.0 (compatible; DotBot/1.2; +https://opensiteexplorer.org/dotbot; help@moz.com)"
65.108.125.120 - - [12/Oct/2022:04:35:04 +0200] "GET /stormtrooper-figure-p-27758.html HTTP/1.0" 200 72364 "-" "Mozilla/5.0 (compatible; MJ12bot/v1.4.8; http://mj12bot.com/)"
65.108.125.120 - - [12/Oct/2022:04:35:07 +0200] "GET /story-blue-swimsuit-p-30828.html HTTP/1.0" 301 72315 "-" "Mozilla/5.0 (compatible; MJ12bot/v1.4.8; http://mj12bot.com/)"
65.108.125.120 - - [12/Oct/2022:04:35:10 +0200] "GET /-p-30828.html HTTP/1.0" 200 72248 "-" "Mozilla/5.0 (compatible; MJ12bot/v1.4.8; http://mj12bot.com/)"
216.244.66.242 - - [12/Oct/2022:04:35:10 +0200] "GET /stone-green-opal-90-100-grs-p-46617.html HTTP/1.0" 301 72385 "-" "Mozilla/5.0 (compatible; DotBot/1.2; +https://opensiteexplorer.org/dotbot; help@moz.com)"
157.90.177.217 - - [12/Oct/2022:04:35:10 +0200] "GET /mandala-mini-tray-p-45584.html HTTP/1.0" 200 74935 "-" "Mozilla/5.0 (compatible; BLEXBot/1.0; +http://webmeup-crawler.com/)"
65.108.125.120 - - [12/Oct/2022:04:35:12 +0200] "GET /story-p-4055.html HTTP/1.0" 301 72312 "-" "Mozilla/5.0 (compatible; MJ12bot/v1.4.8; http://mj12bot.com/)"
65.108.125.120 - - [12/Oct/2022:04:35:15 +0200] "GET /-p-4055.html HTTP/1.0" 200 72246 "-" "Mozilla/5.0 (compatible; MJ12bot/v1.4.8; http://mj12bot.com/)"
216.244.66.242 - - [12/Oct/2022:04:35:18 +0200] "GET /boho-canvas-frame-60-40-cm-dream-catcher-p-43086.html HTTP/1.0" 301 75186 "-" "Mozilla/5.0 (compatible; DotBot/1.2; +https://opensiteexplorer.org/dotbot; help@moz.com)"
65.108.125.120 - - [12/Oct/2022:04:35:18 +0200] "GET /strawberry-shortcake-cap-p-22139.html HTTP/1.0" 301 72315 "-" "Mozilla/5.0 (compatible; MJ12bot/v1.4.8; http://mj12bot.com/)"
65.108.125.120 - - [12/Oct/2022:04:35:22 +0200] "GET /-p-22139.html HTTP/1.0" 200 72248 "-" "Mozilla/5.0 (compatible; MJ12bot/v1.4.8; http://mj12bot.com/)"
157.90.177.217 - - [12/Oct/2022:04:35:24 +0200] "GET /mandala-notebook-with-leather-cover-p-50906.html HTTP/1.0" 200 75768 "-" "Mozilla/5.0 (compatible; BLEXBot/1.0; +http://webmeup-crawler.com/)"
216.244.66.242 - - [12/Oct/2022:04:35:25 +0200] "GET /cats-by-dubout-photo-frame-threesome-p-36716.html HTTP/1.0" 301 76138 "-" "Mozilla/5.0 (compatible; DotBot/1.2; +https://opensiteexplorer.org/dotbot; help@moz.com)"
65.108.125.120 - - [12/Oct/2022:04:35:25 +0200] "GET /strawberry-shortcake-p-22139.html HTTP/1.0" 301 72315 "-" "Mozilla/5.0 (compatible; MJ12bot/v1.4.8; http://mj12bot.com/)"
185.191.171.3 - - [12/Oct/2022:04:35:26 +0200] "GET /precarious-pyramid-seven-dwarfs-figurine-p-46254.html HTTP/1.0" 200 76718 "-" "Mozilla/5.0 (compatible; SemrushBot/7~bl; +http://www.semrush.com/bot.html)"
65.108.125.120 - - [12/Oct/2022:04:35:29 +0200] "GET /-p-22139.html HTTP/1.0" 200 72248 "-" "Mozilla/5.0 (compatible; MJ12bot/v1.4.8; http://mj12bot.com/)"
65.108.125.120 - - [12/Oct/2022:04:35:31 +0200] "GET /stuffins-small-satchel-p-30352.html HTTP/1.0" 200 75220 "-" "Mozilla/5.0 (compatible; MJ12bot/v1.4.8; http://mj12bot.com/)"
216.244.66.242 - - [12/Oct/2022:04:35:33 +0200] "GET /jasmin-traveller-rockabilly-patchouli-p-39258.html HTTP/1.0" 301 72315 "-" "Mozilla/5.0 (compatible; DotBot/1.2; +https://opensiteexplorer.org/dotbot; help@moz.com)"
65.108.125.120 - - [12/Oct/2022:04:35:34 +0200] "GET /table-bell-bisous-p-58132.html HTTP/1.0" 200 75395 "-" "Mozilla/5.0 (compatible; MJ12bot/v1.4.8; http://mj12bot.com/)"
65.108.125.120 - - [12/Oct/2022:04:35:38 +0200] "GET /table-bell-calin-p-58128.html HTTP/1.0" 200 75388 "-" "Mozilla/5.0 (compatible; MJ12bot/v1.4.8; http://mj12bot.com/)"
157.90.177.217 - - [12/Oct/2022:04:35:38 +0200] "GET /mandala-p-43384.html HTTP/1.0" 200 75933 "-" "Mozilla/5.0 (compatible; BLEXBot/1.0; +http://webmeup-crawler.com/)"
66.249.64.242 - - [12/Oct/2022:04:35:40 +0200] "GET /images/big_prod_1/3453131139052.jpg HTTP/1.0" 200 270 "-" "Googlebot-Image/1.0"
185.191.171.21 - - [12/Oct/2022:04:35:38 +0200] "GET /brass-decorative-telescope-p-40141.html HTTP/1.0" 200 75005 "-" "Mozilla/5.0 (compatible; SemrushBot/7~bl; +http://www.semrush.com/bot.html)"
216.244.66.242 - - [12/Oct/2022:04:35:40 +0200] "GET /little-buddha-notebook-155-112-cm-pink-p-50260.html HTTP/1.0" 301 72460 "-" "Mozilla/5.0 (compatible; DotBot/1.2; +https://opensiteexplorer.org/dotbot; help@moz.com)"
65.108.125.120 - - [12/Oct/2022:04:35:41 +0200] "GET /table-bell-pour-bire-sonnez-p-58130.html HTTP/1.0" 200 75490 "-" "Mozilla/5.0 (compatible; MJ12bot/v1.4.8; http://mj12bot.com/)"
65.108.125.120 - - [12/Oct/2022:04:35:43 +0200] "GET /table-bell-table-p-58131.html HTTP/1.0" 200 75398 "-" "Mozilla/5.0 (compatible; MJ12bot/v1.4.8; http://mj12bot.com/)"
65.108.125.120 - - [12/Oct/2022:04:35:47 +0200] "GET /tazmanian-keyring-p-12123.html HTTP/1.0" 301 72315 "-" "Mozilla/5.0 (compatible; MJ12bot/v1.4.8; http://mj12bot.com/)"
66.249.64.242 - - [12/Oct/2022:04:35:49 +0200] "GET /disco-duck-frame-canvas-p-31826.html HTTP/1.0" 200 74938 "-" "Mozilla/5.0 (Linux; Android 6.0.1; Nexus 5X Build/MMB29P) AppleWebKit/537.36 (KHTML, like Gecko) Chrome/106.0.5249.103 Mobile Safari/537.36 (compatible; Googlebot/2.1; +http://www.google.com/bot.html)"
65.108.125.120 - - [12/Oct/2022:04:35:50 +0200] "GET /-p-12123.html HTTP/1.0" 200 72248 "-" "Mozilla/5.0 (compatible; MJ12bot/v1.4.8; http://mj12bot.com/)"
65.108.125.120 - - [12/Oct/2022:04:35:53 +0200] "GET /tea-and-cake-tisaniere-p-34361.html HTTP/1.0" 301 72315 "-" "Mozilla/5.0 (compatible; MJ12bot/v1.4.8; http://mj12bot.com/)"
157.90.177.217 - - [12/Oct/2022:04:35:55 +0200] "GET /mandala-p-55188.html HTTP/1.0" 200 75613 "-" "Mozilla/5.0 (compatible; BLEXBot/1.0; +http://webmeup-crawler.com/)"
65.108.125.120 - - [12/Oct/2022:04:35:56 +0200] "GET /-p-34361.html HTTP/1.0" 200 72248 "-" "Mozilla/5.0 (compatible; MJ12bot/v1.4.8; http://mj12bot.com/)"
65.108.125.120 - - [12/Oct/2022:04:35:58 +0200] "GET /tea-house-cup-and-saucer-p-35949.html HTTP/1.0" 301 72389 "-" "Mozilla/5.0 (compatible; MJ12bot/v1.4.8; http://mj12bot.com/)"
65.108.125.120 - - [12/Oct/2022:04:36:01 +0200] "GET /house-saucer-p-35949.html HTTP/1.0" 200 72310 "-" "Mozilla/5.0 (compatible; MJ12bot/v1.4.8; http://mj12bot.com/)"
65.108.125.120 - - [12/Oct/2022:04:36:04 +0200] "GET /tea-time-tisaniere-p-34358.html HTTP/1.0" 301 72315 "-" "Mozilla/5.0 (compatible; MJ12bot/v1.4.8; http://mj12bot.com/)"
65.108.125.120 - - [12/Oct/2022:04:36:07 +0200] "GET /-p-34358.html HTTP/1.0" 200 72248 "-" "Mozilla/5.0 (compatible; MJ12bot/v1.4.8; http://mj12bot.com/)"
157.90.177.217 - - [12/Oct/2022:04:36:09 +0200] "GET /mandala-p-55189.html HTTP/1.0" 200 75614 "-" "Mozilla/5.0 (compatible; BLEXBot/1.0; +http://webmeup-crawler.com/)"
65.108.125.120 - - [12/Oct/2022:04:36:10 +0200] "GET /tea-wooden-box-p-35422.html HTTP/1.0" 301 74998 "-" "Mozilla/5.0 (compatible; MJ12bot/v1.4.8; http://mj12bot.com/)"
65.108.125.120 - - [12/Oct/2022:04:36:13 +0200] "GET /wooden-p-35422.html HTTP/1.0" 200 74925 "-" "Mozilla/5.0 (compatible; MJ12bot/v1.4.8; http://mj12bot.com/)"
185.191.171.11 - - [12/Oct/2022:04:36:14 +0200] "GET /vronse-body-talk-resin-statuette-seated-naked-p-54720.html HTTP/1.0" 200 76166 "-" "Mozilla/5.0 (compatible; SemrushBot/7~bl; +http://www.semrush.com/bot.html)"
65.108.125.120 - - [12/Oct/2022:04:36:16 +0200] "GET /teacher-minnie-figure-collection-p-18136.html HTTP/1.0" 301 72315 "-" "Mozilla/5.0 (compatible; MJ12bot/v1.4.8; http://mj12bot.com/)"
47.94.243.250 - - [12/Oct/2022:04:36:20 +0200] "GET /images/mini_prod/DSCN7544.jpg HTTP/1.0" 200 264 "-" "Mozilla/5.0 (Macintosh; Intel Mac OS X 10_15_7) AppleWebKit/537.36 (KHTML, like Gecko) Chrome/105.0.0.0 Safari/537.36"
65.108.125.120 - - [12/Oct/2022:04:36:20 +0200] "GET /-p-18136.html HTTP/1.0" 200 72248 "-" "Mozilla/5.0 (compatible; MJ12bot/v1.4.8; http://mj12bot.com/)"
54.36.148.62 - - [12/Oct/2022:04:36:21 +0200] "GET /degas-etoile-shoulder-hook-made-france-p-47433.html HTTP/1.0" 200 75945 "-" "Mozilla/5.0 (compatible; AhrefsBot/7.0; +http://ahrefs.com/robot/)"
65.108.125.120 - - [12/Oct/2022:04:36:22 +0200] "GET /teacups-clock-allen-p-31433.html HTTP/1.0" 200 72320 "-" "Mozilla/5.0 (compatible; MJ12bot/v1.4.8; http://mj12bot.com/)"
157.90.177.217 - - [12/Oct/2022:04:36:22 +0200] "GET /mandala-wood-wall-decoration-p-58575.html HTTP/1.0" 200 75540 "-" "Mozilla/5.0 (compatible; BLEXBot/1.0; +http://webmeup-crawler.com/)"
185.191.171.17 - - [12/Oct/2022:04:36:24 +0200] "GET /unicorn-white-clock-p-50125.html HTTP/1.0" 200 74890 "-" "Mozilla/5.0 (compatible; SemrushBot/7~bl; +http://www.semrush.com/bot.html)"
65.108.125.120 - - [12/Oct/2022:04:36:26 +0200] "GET /teacups-clock-by-allen-p-31433.html HTTP/1.0" 301 72406 "-" "Mozilla/5.0 (compatible; MJ12bot/v1.4.8; http://mj12bot.com/)"
185.191.171.1 - - [12/Oct/2022:04:36:28 +0200] "GET /macarons-placemat-p-49105.html HTTP/1.0" 200 72288 "-" "Mozilla/5.0 (compatible; SemrushBot/7~bl; +http://www.semrush.com/bot.html)"
65.108.125.120 - - [12/Oct/2022:04:36:29 +0200] "GET /teacups-clock-allen-p-31433.html HTTP/1.0" 200 72320 "-" "Mozilla/5.0 (compatible; MJ12bot/v1.4.8; http://mj12bot.com/)"
65.108.125.120 - - [12/Oct/2022:04:36:32 +0200] "GET /tealight-metal-p-31497.html HTTP/1.0" 200 74957 "-" "Mozilla/5.0 (compatible; MJ12bot/v1.4.8; http://mj12bot.com/)"
65.108.125.120 - - [12/Oct/2022:04:36:35 +0200] "GET /techno-duck-frame-canvas-p-31828.html HTTP/1.0" 200 74946 "-" "Mozilla/5.0 (compatible; MJ12bot/v1.4.8; http://mj12bot.com/)"
157.90.177.217 - - [12/Oct/2022:04:36:37 +0200] "GET /mandala-wooden-tray-p-52248.html HTTP/1.0" 200 75003 "-" "Mozilla/5.0 (compatible; BLEXBot/1.0; +http://webmeup-crawler.com/)"
66.249.64.242 - - [12/Oct/2022:04:36:37 +0200] "GET /disco-duck-frame-canvas-p-31826.html HTTP/1.0" 200 74938 "-" "Mozilla/5.0 (compatible; Googlebot/2.1; +http://www.google.com/bot.html)"
65.108.125.120 - - [12/Oct/2022:04:36:38 +0200] "GET /tennis-isothermic-stainless-steel-bottle-p-54537.html HTTP/1.0" 200 75032 "-" "Mozilla/5.0 (compatible; MJ12bot/v1.4.8; http://mj12bot.com/)"
65.108.125.120 - - [12/Oct/2022:04:36:42 +0200] "GET /teo-jasmin-grey-cup-p-28932.html HTTP/1.0" 301 72315 "-" "Mozilla/5.0 (compatible; MJ12bot/v1.4.8; http://mj12bot.com/)"
65.108.125.120 - - [12/Oct/2022:04:36:44 +0200] "GET /-p-28932.html HTTP/1.0" 200 72248 "-" "Mozilla/5.0 (compatible; MJ12bot/v1.4.8; http://mj12bot.com/)"
65.108.125.120 - - [12/Oct/2022:04:36:47 +0200] "GET /teo-jasmin-grey-large-bowl-p-29189.html HTTP/1.0" 301 72315 "-" "Mozilla/5.0 (compatible; MJ12bot/v1.4.8; http://mj12bot.com/)"
65.108.125.120 - - [12/Oct/2022:04:36:50 +0200] "GET /-p-29189.html HTTP/1.0" 200 72248 "-" "Mozilla/5.0 (compatible; MJ12bot/v1.4.8; http://mj12bot.com/)"
157.90.177.217 - - [12/Oct/2022:04:36:51 +0200] "GET /mandalas-coasters-p-47155.html HTTP/1.0" 200 75671 "-" "Mozilla/5.0 (compatible; BLEXBot/1.0; +http://webmeup-crawler.com/)"
65.108.125.120 - - [12/Oct/2022:04:36:53 +0200] "GET /teo-jasmin-jasmine-college-companion-portfolio-p-35088.html HTTP/1.0" 301 76044 "-" "Mozilla/5.0 (compatible; MJ12bot/v1.4.8; http://mj12bot.com/)"
65.108.125.120 - - [12/Oct/2022:04:36:57 +0200] "GET /jasmin-jasmine-college-companion-portfolio-p-35088.html HTTP/1.0" 200 75935 "-" "Mozilla/5.0 (compatible; MJ12bot/v1.4.8; http://mj12bot.com/)"
65.108.125.120 - - [12/Oct/2022:04:37:00 +0200] "GET /teo-jasmin-jasmine-mini-mug-p-39829.html HTTP/1.0" 301 72416 "-" "Mozilla/5.0 (compatible; MJ12bot/v1.4.8; http://mj12bot.com/)"
65.108.125.120 - - [12/Oct/2022:04:37:02 +0200] "GET /jasmin-jasmine-mini-p-39829.html HTTP/1.0" 200 72330 "-" "Mozilla/5.0 (compatible; MJ12bot/v1.4.8; http://mj12bot.com/)"
65.108.125.120 - - [12/Oct/2022:04:37:05 +0200] "GET /teo-jasmin-jasmine-placemat-p-39848.html HTTP/1.0" 301 72315 "-" "Mozilla/5.0 (compatible; MJ12bot/v1.4.8; http://mj12bot.com/)"
65.108.125.120 - - [12/Oct/2022:04:37:08 +0200] "GET /-p-39848.html HTTP/1.0" 200 72248 "-" "Mozilla/5.0 (compatible; MJ12bot/v1.4.8; http://mj12bot.com/)"
66.249.64.242 - - [12/Oct/2022:04:37:11 +0200] "GET /images/med_prod/5701359740948.jpg HTTP/1.0" 200 268 "-" "Googlebot-Image/1.0"
65.108.125.120 - - [12/Oct/2022:04:37:11 +0200] "GET /teo-jasmin-keychains-p-28080.html HTTP/1.0" 301 72315 "-" "Mozilla/5.0 (compatible; MJ12bot/v1.4.8; http://mj12bot.com/)"
157.90.177.217 - - [12/Oct/2022:04:37:12 +0200] "GET /mandalas-coasters-p-47156.html HTTP/1.0" 200 75670 "-" "Mozilla/5.0 (compatible; BLEXBot/1.0; +http://webmeup-crawler.com/)"
65.108.125.120 - - [12/Oct/2022:04:37:14 +0200] "GET /-p-28080.html HTTP/1.0" 200 72248 "-" "Mozilla/5.0 (compatible; MJ12bot/v1.4.8; http://mj12bot.com/)"
65.108.125.120 - - [12/Oct/2022:04:37:18 +0200] "GET /teo-jasmin-large-cabas-jasmine-geisha-linen-p-39778.html HTTP/1.0" 301 72315 "-" "Mozilla/5.0 (compatible; MJ12bot/v1.4.8; http://mj12bot.com/)"
185.191.171.2 - - [12/Oct/2022:04:37:19 +0200] "GET /frozen-poster-p-28278.html HTTP/1.0" 200 74796 "-" "Mozilla/5.0 (compatible; SemrushBot/7~bl; +http://www.semrush.com/bot.html)"
65.108.125.120 - - [12/Oct/2022:04:37:20 +0200] "GET /-p-39778.html HTTP/1.0" 200 72248 "-" "Mozilla/5.0 (compatible; MJ12bot/v1.4.8; http://mj12bot.com/)"
47.94.243.250 - - [12/Oct/2022:04:37:23 +0200] "GET /images/mini_prod/1399984254448.jpg HTTP/1.0" 200 269 "-" "Mozilla/5.0 (Macintosh; Intel Mac OS X 10_15_7) AppleWebKit/537.36 (KHTML, like Gecko) Chrome/105.0.0.0 Safari/537.36"
65.108.125.120 - - [12/Oct/2022:04:37:23 +0200] "GET /teo-jasmin-large-cabas-jasmine-playa-p-35485.html HTTP/1.0" 301 72315 "-" "Mozilla/5.0 (compatible; MJ12bot/v1.4.8; http://mj12bot.com/)"
65.108.125.120 - - [12/Oct/2022:04:37:26 +0200] "GET /-p-35485.html HTTP/1.0" 200 72248 "-" "Mozilla/5.0 (compatible; MJ12bot/v1.4.8; http://mj12bot.com/)"
157.90.177.217 - - [12/Oct/2022:04:37:27 +0200] "GET /maneki-neko-p-38938.html HTTP/1.0" 200 75529 "-" "Mozilla/5.0 (compatible; BLEXBot/1.0; +http://webmeup-crawler.com/)"
65.108.125.120 - - [12/Oct/2022:04:37:29 +0200] "GET /teo-jasmin-large-lamp-p-29326.html HTTP/1.0" 301 72315 "-" "Mozilla/5.0 (compatible; MJ12bot/v1.4.8; http://mj12bot.com/)"
65.108.125.120 - - [12/Oct/2022:04:37:32 +0200] "GET /-p-29326.html HTTP/1.0" 200 72248 "-" "Mozilla/5.0 (compatible; MJ12bot/v1.4.8; http://mj12bot.com/)"
65.108.125.120 - - [12/Oct/2022:04:37:35 +0200] "GET /teo-jasmin-large-lamp-p-29329.html HTTP/1.0" 301 72315 "-" "Mozilla/5.0 (compatible; MJ12bot/v1.4.8; http://mj12bot.com/)"
65.108.125.120 - - [12/Oct/2022:04:37:37 +0200] "GET /-p-29329.html HTTP/1.0" 200 72248 "-" "Mozilla/5.0 (compatible; MJ12bot/v1.4.8; http://mj12bot.com/)"
65.108.125.120 - - [12/Oct/2022:04:37:40 +0200] "GET /teo-jasmin-large-lamp-p-29330.html HTTP/1.0" 301 72315 "-" "Mozilla/5.0 (compatible; MJ12bot/v1.4.8; http://mj12bot.com/)"
157.90.177.217 - - [12/Oct/2022:04:37:41 +0200] "GET /mango-board-p-47439.html HTTP/1.0" 200 75583 "-" "Mozilla/5.0 (compatible; BLEXBot/1.0; +http://webmeup-crawler.com/)"
65.108.125.120 - - [12/Oct/2022:04:37:43 +0200] "GET /-p-29330.html HTTP/1.0" 200 72248 "-" "Mozilla/5.0 (compatible; MJ12bot/v1.4.8; http://mj12bot.com/)"
65.108.125.120 - - [12/Oct/2022:04:37:47 +0200] "GET /teo-jasmin-marley-jamaica-large-lamp-p-35759.html HTTP/1.0" 301 75326 "-" "Mozilla/5.0 (compatible; MJ12bot/v1.4.8; http://mj12bot.com/)"
54.36.148.83 - - [12/Oct/2022:04:37:47 +0200] "GET /cotton-floor-cushion-black-p-54662.html HTTP/1.0" 200 75545 "-" "Mozilla/5.0 (compatible; AhrefsBot/7.0; +http://ahrefs.com/robot/)"
65.108.125.120 - - [12/Oct/2022:04:37:50 +0200] "GET /jasmin-marley-jamaica-large-lamp-p-35759.html HTTP/1.0" 200 75227 "-" "Mozilla/5.0 (compatible; MJ12bot/v1.4.8; http://mj12bot.com/)"
54.36.149.8 - - [12/Oct/2022:04:37:51 +0200] "GET /images/big_prod/3665269098891.jpg HTTP/1.0" 200 268 "-" "Mozilla/5.0 (compatible; AhrefsBot/7.0; +http://ahrefs.com/robot/)"
54.36.148.235 - - [12/Oct/2022:04:37:51 +0200] "GET /images/big_prod_1/3665269098891a.jpg HTTP/1.0" 200 271 "-" "Mozilla/5.0 (compatible; AhrefsBot/7.0; +http://ahrefs.com/robot/)"
65.108.125.120 - - [12/Oct/2022:04:37:53 +0200] "GET /teo-jasmin-melamine-dish-cake-p-37906.html HTTP/1.0" 301 75009 "-" "Mozilla/5.0 (compatible; MJ12bot/v1.4.8; http://mj12bot.com/)"
65.108.125.120 - - [12/Oct/2022:04:37:56 +0200] "GET /jasmin-melamine-dish-cake-p-37906.html HTTP/1.0" 200 74917 "-" "Mozilla/5.0 (compatible; MJ12bot/v1.4.8; http://mj12bot.com/)"
157.90.177.217 - - [12/Oct/2022:04:37:56 +0200] "GET /mango-wood-cashmere-tray-p-53776.html HTTP/1.0" 200 75030 "-" "Mozilla/5.0 (compatible; BLEXBot/1.0; +http://webmeup-crawler.com/)"
66.249.64.244 - - [12/Oct/2022:04:37:58 +0200] "GET /beyblade-mattress-swimming-pool-p-14358.html HTTP/1.0" 200 75065 "-" "Mozilla/5.0 (Linux; Android 6.0.1; Nexus 5X Build/MMB29P) AppleWebKit/537.36 (KHTML, like Gecko) Chrome/106.0.5249.103 Mobile Safari/537.36 (compatible; Googlebot/2.1; +http://www.google.com/bot.html)"
65.108.125.120 - - [12/Oct/2022:04:37:58 +0200] "GET /teo-jasmin-mouse-pad-p-31373.html HTTP/1.0" 301 74954 "-" "Mozilla/5.0 (compatible; MJ12bot/v1.4.8; http://mj12bot.com/)"
65.108.125.120 - - [12/Oct/2022:04:38:02 +0200] "GET /jasmin-mouse-p-31373.html HTTP/1.0" 200 74875 "-" "Mozilla/5.0 (compatible; MJ12bot/v1.4.8; http://mj12bot.com/)"
65.108.125.120 - - [12/Oct/2022:04:38:05 +0200] "GET /terracotta-feather-flower-p-51112.html HTTP/1.0" 200 75548 "-" "Mozilla/5.0 (compatible; MJ12bot/v1.4.8; http://mj12bot.com/)"
65.108.125.120 - - [12/Oct/2022:04:38:08 +0200] "GET /terracotta-feather-flower-pot-p-51112.html HTTP/1.0" 301 75640 "-" "Mozilla/5.0 (compatible; MJ12bot/v1.4.8; http://mj12bot.com/)"
157.90.177.217 - - [12/Oct/2022:04:38:10 +0200] "GET /mango-wood-tray-with-hand-fatma-pattern-p-56765.html HTTP/1.0" 200 75737 "-" "Mozilla/5.0 (compatible; BLEXBot/1.0; +http://webmeup-crawler.com/)"
65.108.125.120 - - [12/Oct/2022:04:38:11 +0200] "GET /terracotta-feather-flower-p-51112.html HTTP/1.0" 200 75548 "-" "Mozilla/5.0 (compatible; MJ12bot/v1.4.8; http://mj12bot.com/)"
65.108.125.120 - - [12/Oct/2022:04:38:14 +0200] "GET /tetsubin-white-and-gold-teapots-japanese-p-35329.html HTTP/1.0" 301 72493 "-" "Mozilla/5.0 (compatible; MJ12bot/v1.4.8; http://mj12bot.com/)"
65.108.125.120 - - [12/Oct/2022:04:38:17 +0200] "GET /tetsubin-white-gold-teapots-japanese-p-35329.html HTTP/1.0" 200 72390 "-" "Mozilla/5.0 (compatible; MJ12bot/v1.4.8; http://mj12bot.com/)"
66.249.64.244 - - [12/Oct/2022:04:38:17 +0200] "GET /fitted-sheet-cotton-percale-threads-p-48183.html HTTP/1.0" 200 75208 "-" "Mozilla/5.0 (compatible; Googlebot/2.1; +http://www.google.com/bot.html)"
65.108.125.120 - - [12/Oct/2022:04:38:19 +0200] "GET /tetsubin-white-gold-teapots-japanese-p-35329.html HTTP/1.0" 200 72390 "-" "Mozilla/5.0 (compatible; MJ12bot/v1.4.8; http://mj12bot.com/)"
65.108.125.120 - - [12/Oct/2022:04:38:22 +0200] "GET /the-ballerina-small-statue-collection-p-42067.html HTTP/1.0" 301 72315 "-" "Mozilla/5.0 (compatible; MJ12bot/v1.4.8; http://mj12bot.com/)"
157.90.177.217 - - [12/Oct/2022:04:38:23 +0200] "GET /mango-wood-tray-with-hand-fatma-pattern-p-57335.html HTTP/1.0" 200 75100 "-" "Mozilla/5.0 (compatible; BLEXBot/1.0; +http://webmeup-crawler.com/)"
65.108.125.120 - - [12/Oct/2022:04:38:25 +0200] "GET /-p-42067.html HTTP/1.0" 200 72248 "-" "Mozilla/5.0 (compatible; MJ12bot/v1.4.8; http://mj12bot.com/)"
65.108.125.120 - - [12/Oct/2022:04:38:28 +0200] "GET /the-ballerina-small-statue-collection-p-42068.html HTTP/1.0" 301 72315 "-" "Mozilla/5.0 (compatible; MJ12bot/v1.4.8; http://mj12bot.com/)"
65.108.125.120 - - [12/Oct/2022:04:38:30 +0200] "GET /-p-42068.html HTTP/1.0" 200 72248 "-" "Mozilla/5.0 (compatible; MJ12bot/v1.4.8; http://mj12bot.com/)"
65.108.125.120 - - [12/Oct/2022:04:38:33 +0200] "GET /the-ballerina-statue-collection-p-42066.html HTTP/1.0" 301 72315 "-" "Mozilla/5.0 (compatible; MJ12bot/v1.4.8; http://mj12bot.com/)"
65.108.125.120 - - [12/Oct/2022:04:38:36 +0200] "GET /-p-42066.html HTTP/1.0" 200 72248 "-" "Mozilla/5.0 (compatible; MJ12bot/v1.4.8; http://mj12bot.com/)"
157.90.177.217 - - [12/Oct/2022:04:38:37 +0200] "GET /mani-lucky-beige-p-37337.html HTTP/1.0" 200 74953 "-" "Mozilla/5.0 (compatible; BLEXBot/1.0; +http://webmeup-crawler.com/)"
65.108.125.120 - - [12/Oct/2022:04:38:39 +0200] "GET /the-beast-figure-p-2842.html HTTP/1.0" 301 72312 "-" "Mozilla/5.0 (compatible; MJ12bot/v1.4.8; http://mj12bot.com/)"
65.108.125.120 - - [12/Oct/2022:04:38:43 +0200] "GET /-p-2842.html HTTP/1.0" 200 72246 "-" "Mozilla/5.0 (compatible; MJ12bot/v1.4.8; http://mj12bot.com/)"
65.108.125.120 - - [12/Oct/2022:04:38:45 +0200] "GET /the-green-life-wooden-tray-34-24-cm-p-45518.html HTTP/1.0" 301 75173 "-" "Mozilla/5.0 (compatible; MJ12bot/v1.4.8; http://mj12bot.com/)"
65.108.125.120 - - [12/Oct/2022:04:38:48 +0200] "GET /green-life-wooden-tray-p-45518.html HTTP/1.0" 200 75084 "-" "Mozilla/5.0 (compatible; MJ12bot/v1.4.8; http://mj12bot.com/)"
65.108.125.120 - - [12/Oct/2022:04:38:51 +0200] "GET /the-little-mermaid-money-box-p-4671.html HTTP/1.0" 301 72447 "-" "Mozilla/5.0 (compatible; MJ12bot/v1.4.8; http://mj12bot.com/)"
157.90.177.217 - - [12/Oct/2022:04:38:52 +0200] "GET /mani-lucky-brush-p-44110.html HTTP/1.0" 200 74911 "-" "Mozilla/5.0 (compatible; BLEXBot/1.0; +http://webmeup-crawler.com/)"
65.108.125.120 - - [12/Oct/2022:04:38:54 +0200] "GET /little-mermaid-money-p-4671.html HTTP/1.0" 200 72361 "-" "Mozilla/5.0 (compatible; MJ12bot/v1.4.8; http://mj12bot.com/)"
65.108.125.120 - - [12/Oct/2022:04:38:58 +0200] "GET /the-little-prince-isothermic-stainless-steel-bottle-p-53161.html HTTP/1.0" 301 75244 "-" "Mozilla/5.0 (compatible; MJ12bot/v1.4.8; http://mj12bot.com/)"
65.108.125.120 - - [12/Oct/2022:04:39:01 +0200] "GET /little-prince-isothermic-stainless-steel-bottle-p-53161.html HTTP/1.0" 200 75130 "-" "Mozilla/5.0 (compatible; MJ12bot/v1.4.8; http://mj12bot.com/)"
65.108.125.120 - - [12/Oct/2022:04:39:04 +0200] "GET /the-little-prince-money-box-p-7301.html HTTP/1.0" 301 72441 "-" "Mozilla/5.0 (compatible; MJ12bot/v1.4.8; http://mj12bot.com/)"
65.108.125.120 - - [12/Oct/2022:04:39:06 +0200] "GET /little-prince-money-p-7301.html HTTP/1.0" 200 72356 "-" "Mozilla/5.0 (compatible; MJ12bot/v1.4.8; http://mj12bot.com/)"
157.90.177.217 - - [12/Oct/2022:04:39:07 +0200] "GET /mani-lucky-compact-mirror-p-37334.html HTTP/1.0" 200 75006 "-" "Mozilla/5.0 (compatible; BLEXBot/1.0; +http://webmeup-crawler.com/)"
65.108.125.120 - - [12/Oct/2022:04:39:09 +0200] "GET /the-little-prince-mouse-pad-p-30343.html HTTP/1.0" 301 72444 "-" "Mozilla/5.0 (compatible; MJ12bot/v1.4.8; http://mj12bot.com/)"
65.108.125.120 - - [12/Oct/2022:04:39:12 +0200] "GET /little-prince-mouse-p-30343.html HTTP/1.0" 200 72358 "-" "Mozilla/5.0 (compatible; MJ12bot/v1.4.8; http://mj12bot.com/)"
54.36.149.94 - - [12/Oct/2022:04:39:12 +0200] "GET /bamboo-tray-humming-bird-p-49578.html HTTP/1.0" 200 74968 "-" "Mozilla/5.0 (compatible; AhrefsBot/7.0; +http://ahrefs.com/robot/)"
65.108.125.120 - - [12/Oct/2022:04:39:15 +0200] "GET /the-little-prince-soap-box-10-65-28-cm-p-40111.html HTTP/1.0" 301 75275 "-" "Mozilla/5.0 (compatible; MJ12bot/v1.4.8; http://mj12bot.com/)"
65.108.125.120 - - [12/Oct/2022:04:39:18 +0200] "GET /little-prince-soap-p-40111.html HTTP/1.0" 200 75190 "-" "Mozilla/5.0 (compatible; MJ12bot/v1.4.8; http://mj12bot.com/)"
65.108.125.120 - - [12/Oct/2022:04:39:21 +0200] "GET /the-shadow-frame-cats-by-dubout-what-for-dinner-p-35265.html HTTP/1.0" 301 72519 "-" "Mozilla/5.0 (compatible; MJ12bot/v1.4.8; http://mj12bot.com/)"
157.90.177.217 - - [12/Oct/2022:04:39:21 +0200] "GET /mani-lucky-fuchsia-p-37336.html HTTP/1.0" 200 74969 "-" "Mozilla/5.0 (compatible; BLEXBot/1.0; +http://webmeup-crawler.com/)"
65.108.125.120 - - [12/Oct/2022:04:39:24 +0200] "GET /shadow-frame-cats-dubout-what-dinner-p-35265.html HTTP/1.0" 200 72416 "-" "Mozilla/5.0 (compatible; MJ12bot/v1.4.8; http://mj12bot.com/)"
185.191.171.3 - - [12/Oct/2022:04:39:27 +0200] "GET /dishes-c-12.html?page=65 HTTP/1.0" 200 93888 "-" "Mozilla/5.0 (compatible; SemrushBot/7~bl; +http://www.semrush.com/bot.html)"
65.108.125.120 - - [12/Oct/2022:04:39:28 +0200] "GET /the-simpsons-optical-usb-mouse-and-mouse-pad-p-16696.html HTTP/1.0" 301 72522 "-" "Mozilla/5.0 (compatible; MJ12bot/v1.4.8; http://mj12bot.com/)"
65.108.125.120 - - [12/Oct/2022:04:39:31 +0200] "GET /simpsons-optical-mouse-mouse-p-16696.html HTTP/1.0" 200 72427 "-" "Mozilla/5.0 (compatible; MJ12bot/v1.4.8; http://mj12bot.com/)"
65.108.125.120 - - [12/Oct/2022:04:39:34 +0200] "GET /the-spirit-of-nature-p-39833.html HTTP/1.0" 301 72386 "-" "Mozilla/5.0 (compatible; MJ12bot/v1.4.8; http://mj12bot.com/)"
157.90.177.217 - - [12/Oct/2022:04:39:37 +0200] "GET /mani-lucky-glasses-case-p-42404.html HTTP/1.0" 200 75614 "-" "Mozilla/5.0 (compatible; BLEXBot/1.0; +http://webmeup-crawler.com/)"
65.108.125.120 - - [12/Oct/2022:04:39:37 +0200] "GET /spirit-nature-p-39833.html HTTP/1.0" 200 72306 "-" "Mozilla/5.0 (compatible; MJ12bot/v1.4.8; http://mj12bot.com/)"
65.108.125.120 - - [12/Oct/2022:04:39:40 +0200] "GET /the-spirit-of-nature-potholder-and-glove-set-p-39865.html HTTP/1.0" 301 72315 "-" "Mozilla/5.0 (compatible; MJ12bot/v1.4.8; http://mj12bot.com/)"
65.108.125.120 - - [12/Oct/2022:04:39:43 +0200] "GET /-p-39865.html HTTP/1.0" 200 72248 "-" "Mozilla/5.0 (compatible; MJ12bot/v1.4.8; http://mj12bot.com/)"
65.108.125.120 - - [12/Oct/2022:04:39:46 +0200] "GET /the-venus-di-milo-figurine-43-cm-p-44952.html HTTP/1.0" 301 76577 "-" "Mozilla/5.0 (compatible; MJ12bot/v1.4.8; http://mj12bot.com/)"
65.108.125.120 - - [12/Oct/2022:04:39:49 +0200] "GET /venus-milo-figurine-p-44952.html HTTP/1.0" 200 76491 "-" "Mozilla/5.0 (compatible; MJ12bot/v1.4.8; http://mj12bot.com/)"
157.90.177.217 - - [12/Oct/2022:04:39:51 +0200] "GET /mani-lucky-glasses-case-p-42406.html HTTP/1.0" 200 75614 "-" "Mozilla/5.0 (compatible; BLEXBot/1.0; +http://webmeup-crawler.com/)"
65.108.125.120 - - [12/Oct/2022:04:39:52 +0200] "GET /theme-cats-chaltimbanques-tisanire-p-50625.html HTTP/1.0" 200 75032 "-" "Mozilla/5.0 (compatible; MJ12bot/v1.4.8; http://mj12bot.com/)"
65.108.125.120 - - [12/Oct/2022:04:39:54 +0200] "GET /theme-indian-tree-leaves-tisaniere-p-43873.html HTTP/1.0" 301 72513 "-" "Mozilla/5.0 (compatible; MJ12bot/v1.4.8; http://mj12bot.com/)"
185.191.171.7 - - [12/Oct/2022:04:39:56 +0200] "GET /horses-stickers-p-19590.html HTTP/1.0" 200 74874 "-" "Mozilla/5.0 (compatible; SemrushBot/7~bl; +http://www.semrush.com/bot.html)"
65.108.125.120 - - [12/Oct/2022:04:39:57 +0200] "GET /theme-indian-tree-leaves-tisanire-p-43873.html HTTP/1.0" 200 72413 "-" "Mozilla/5.0 (compatible; MJ12bot/v1.4.8; http://mj12bot.com/)"
65.108.125.120 - - [12/Oct/2022:04:40:00 +0200] "GET /theme-indian-tree-leaves-tisanire-p-43873.html HTTP/1.0" 200 72413 "-" "Mozilla/5.0 (compatible; MJ12bot/v1.4.8; http://mj12bot.com/)"
65.108.125.120 - - [12/Oct/2022:04:40:03 +0200] "GET /these-words-gorjuss-p-29447.html HTTP/1.0" 301 72315 "-" "Mozilla/5.0 (compatible; MJ12bot/v1.4.8; http://mj12bot.com/)"
157.90.177.217 - - [12/Oct/2022:04:40:04 +0200] "GET /mani-lucky-glasses-case-p-47576.html HTTP/1.0" 200 75614 "-" "Mozilla/5.0 (compatible; BLEXBot/1.0; +http://webmeup-crawler.com/)"
65.108.125.120 - - [12/Oct/2022:04:40:06 +0200] "GET /-p-29447.html HTTP/1.0" 200 72248 "-" "Mozilla/5.0 (compatible; MJ12bot/v1.4.8; http://mj12bot.com/)"
65.108.125.120 - - [12/Oct/2022:04:40:10 +0200] "GET /thor-avengers-figure-30-cm-p-25286.html HTTP/1.0" 301 72315 "-" "Mozilla/5.0 (compatible; MJ12bot/v1.4.8; http://mj12bot.com/)"
65.108.125.120 - - [12/Oct/2022:04:40:13 +0200] "GET /-p-25286.html HTTP/1.0" 200 72248 "-" "Mozilla/5.0 (compatible; MJ12bot/v1.4.8; http://mj12bot.com/)"
65.108.125.120 - - [12/Oct/2022:04:40:15 +0200] "GET /thread-count-cotton-percale-fitted-sheet-p-54444.html HTTP/1.0" 200 76029 "-" "Mozilla/5.0 (compatible; MJ12bot/v1.4.8; http://mj12bot.com/)"
157.90.177.217 - - [12/Oct/2022:04:40:18 +0200] "GET /mani-lucky-glasses-case-p-49902.html HTTP/1.0" 200 74999 "-" "Mozilla/5.0 (compatible; BLEXBot/1.0; +http://webmeup-crawler.com/)"
65.108.125.120 - - [12/Oct/2022:04:40:18 +0200] "GET /tibetan-style-bracelet-for-men-in-lava-stone-p-43739.html HTTP/1.0" 301 75189 "-" "Mozilla/5.0 (compatible; MJ12bot/v1.4.8; http://mj12bot.com/)"
65.108.125.120 - - [12/Oct/2022:04:40:22 +0200] "GET /tibetan-style-bracelet-lava-stone-p-43739.html HTTP/1.0" 200 75089 "-" "Mozilla/5.0 (compatible; MJ12bot/v1.4.8; http://mj12bot.com/)"
185.191.171.3 - - [12/Oct/2022:04:40:24 +0200] "GET /luggages-schoolbags-leather-shop-c-31.html?page=20 HTTP/1.0" 200 94875 "-" "Mozilla/5.0 (compatible; SemrushBot/7~bl; +http://www.semrush.com/bot.html)"
65.108.125.120 - - [12/Oct/2022:04:40:25 +0200] "GET /tibetan-style-bracelet-lava-stone-p-43739.html HTTP/1.0" 200 75089 "-" "Mozilla/5.0 (compatible; MJ12bot/v1.4.8; http://mj12bot.com/)"
65.108.125.120 - - [12/Oct/2022:04:40:28 +0200] "GET /tin-candle-heart-and-home-christmas-tree-p-49945.html HTTP/1.0" 301 72485 "-" "Mozilla/5.0 (compatible; MJ12bot/v1.4.8; http://mj12bot.com/)"
65.108.125.120 - - [12/Oct/2022:04:40:31 +0200] "GET /candle-heart-home-christmas-tree-p-49945.html HTTP/1.0" 200 72386 "-" "Mozilla/5.0 (compatible; MJ12bot/v1.4.8; http://mj12bot.com/)"
157.90.177.217 - - [12/Oct/2022:04:40:32 +0200] "GET /mani-lucky-glasses-case-p-49903.html HTTP/1.0" 200 74999 "-" "Mozilla/5.0 (compatible; BLEXBot/1.0; +http://webmeup-crawler.com/)"
65.108.125.120 - - [12/Oct/2022:04:40:34 +0200] "GET /tinker-bell-disney-3d-card-with-envelope-p-34438.html HTTP/1.0" 301 75124 "-" "Mozilla/5.0 (compatible; MJ12bot/v1.4.8; http://mj12bot.com/)"
65.108.125.120 - - [12/Oct/2022:04:40:36 +0200] "GET /tinker-bell-disney-card-with-envelope-p-34438.html HTTP/1.0" 200 75020 "-" "Mozilla/5.0 (compatible; MJ12bot/v1.4.8; http://mj12bot.com/)"
54.36.149.26 - - [12/Oct/2022:04:40:39 +0200] "GET /yellow-piggy-bank-p-54795.html HTTP/1.0" 200 74929 "-" "Mozilla/5.0 (compatible; AhrefsBot/7.0; +http://ahrefs.com/robot/)"
65.108.125.120 - - [12/Oct/2022:04:40:39 +0200] "GET /tinker-bell-disney-card-with-envelope-p-34438.html HTTP/1.0" 200 75020 "-" "Mozilla/5.0 (compatible; MJ12bot/v1.4.8; http://mj12bot.com/)"
185.191.171.15 - - [12/Oct/2022:04:40:42 +0200] "GET /nintendo-power-laptop-cover-p-57942.html HTTP/1.0" 200 77529 "-" "Mozilla/5.0 (compatible; SemrushBot/7~bl; +http://www.semrush.com/bot.html)"
54.36.149.34 - - [12/Oct/2022:04:40:44 +0200] "GET /images/big_prod/3589362510015.jpg HTTP/1.0" 200 268 "-" "Mozilla/5.0 (compatible; AhrefsBot/7.0; +http://ahrefs.com/robot/)"
65.108.125.120 - - [12/Oct/2022:04:40:43 +0200] "GET /tinker-bell-disney-figurine-carved-by-heart-p-21436.html HTTP/1.0" 301 72315 "-" "Mozilla/5.0 (compatible; MJ12bot/v1.4.8; http://mj12bot.com/)"
47.94.243.250 - - [12/Oct/2022:04:40:47 +0200] "GET /images/mini_prod/3574642579806.jpg HTTP/1.0" 200 269 "-" "Mozilla/5.0 (Macintosh; Intel Mac OS X 10_15_7) AppleWebKit/537.36 (KHTML, like Gecko) Chrome/105.0.0.0 Safari/537.36"
157.90.177.217 - - [12/Oct/2022:04:40:46 +0200] "GET /mani-lucky-multicolour-p-37341.html HTTP/1.0" 200 75001 "-" "Mozilla/5.0 (compatible; BLEXBot/1.0; +http://webmeup-crawler.com/)"
65.108.125.120 - - [12/Oct/2022:04:40:46 +0200] "GET /-p-21436.html HTTP/1.0" 200 72248 "-" "Mozilla/5.0 (compatible; MJ12bot/v1.4.8; http://mj12bot.com/)"
65.108.125.120 - - [12/Oct/2022:04:40:49 +0200] "GET /toilet-brush-p-45523.html HTTP/1.0" 200 72294 "-" "Mozilla/5.0 (compatible; MJ12bot/v1.4.8; http://mj12bot.com/)"
65.108.125.120 - - [12/Oct/2022:04:40:52 +0200] "GET /toucan-bath-towel-100-180-cm-p-43993.html HTTP/1.0" 301 72315 "-" "Mozilla/5.0 (compatible; MJ12bot/v1.4.8; http://mj12bot.com/)"
185.191.171.18 - - [12/Oct/2022:04:40:54 +0200] "GET /flowerpot-enjoy-life-p-51111.html HTTP/1.0" 200 72322 "-" "Mozilla/5.0 (compatible; SemrushBot/7~bl; +http://www.semrush.com/bot.html)"
65.108.125.120 - - [12/Oct/2022:04:40:55 +0200] "GET /-p-43993.html HTTP/1.0" 200 72248 "-" "Mozilla/5.0 (compatible; MJ12bot/v1.4.8; http://mj12bot.com/)"
65.108.125.120 - - [12/Oct/2022:04:40:58 +0200] "GET /toucan-bath-towel-p-43993.html HTTP/1.0" 301 72315 "-" "Mozilla/5.0 (compatible; MJ12bot/v1.4.8; http://mj12bot.com/)"
157.90.177.217 - - [12/Oct/2022:04:41:00 +0200] "GET /mani-lucky-notebook-p-37343.html HTTP/1.0" 200 75082 "-" "Mozilla/5.0 (compatible; BLEXBot/1.0; +http://webmeup-crawler.com/)"
65.108.125.120 - - [12/Oct/2022:04:41:00 +0200] "GET /-p-43993.html HTTP/1.0" 200 72248 "-" "Mozilla/5.0 (compatible; MJ12bot/v1.4.8; http://mj12bot.com/)"
65.108.125.120 - - [12/Oct/2022:04:41:03 +0200] "GET /tour-france-metal-bicycle-horn-p-54558.html HTTP/1.0" 200 74988 "-" "Mozilla/5.0 (compatible; MJ12bot/v1.4.8; http://mj12bot.com/)"
65.108.125.120 - - [12/Oct/2022:04:41:11 +0200] "GET /tour-paris-grey-clock-p-10889.html HTTP/1.0" 301 72315 "-" "Mozilla/5.0 (compatible; MJ12bot/v1.4.8; http://mj12bot.com/)"
157.90.177.217 - - [12/Oct/2022:04:41:14 +0200] "GET /mani-lucky-pastel-pink-p-37338.html HTTP/1.0" 200 75001 "-" "Mozilla/5.0 (compatible; BLEXBot/1.0; +http://webmeup-crawler.com/)"
65.108.125.120 - - [12/Oct/2022:04:41:14 +0200] "GET /-p-10889.html HTTP/1.0" 200 72248 "-" "Mozilla/5.0 (compatible; MJ12bot/v1.4.8; http://mj12bot.com/)"
65.108.125.120 - - [12/Oct/2022:04:41:18 +0200] "GET /toy-story-3d-mug-p-4055.html HTTP/1.0" 301 72312 "-" "Mozilla/5.0 (compatible; MJ12bot/v1.4.8; http://mj12bot.com/)"
65.108.125.120 - - [12/Oct/2022:04:41:20 +0200] "GET /-p-4055.html HTTP/1.0" 200 72246 "-" "Mozilla/5.0 (compatible; MJ12bot/v1.4.8; http://mj12bot.com/)"
65.108.125.120 - - [12/Oct/2022:04:41:23 +0200] "GET /toy-story-backpack-p-5424.html HTTP/1.0" 301 72312 "-" "Mozilla/5.0 (compatible; MJ12bot/v1.4.8; http://mj12bot.com/)"
65.108.125.120 - - [12/Oct/2022:04:41:26 +0200] "GET /-p-5424.html HTTP/1.0" 200 72246 "-" "Mozilla/5.0 (compatible; MJ12bot/v1.4.8; http://mj12bot.com/)"
157.90.177.217 - - [12/Oct/2022:04:41:27 +0200] "GET /mani-lucky-pink-notebook-p-37344.html HTTP/1.0" 200 75098 "-" "Mozilla/5.0 (compatible; BLEXBot/1.0; +http://webmeup-crawler.com/)"
65.108.125.120 - - [12/Oct/2022:04:41:29 +0200] "GET /toy-story-blue-swimsuit-p-30828.html HTTP/1.0" 301 72315 "-" "Mozilla/5.0 (compatible; MJ12bot/v1.4.8; http://mj12bot.com/)"
65.108.125.120 - - [12/Oct/2022:04:41:31 +0200] "GET /-p-30828.html HTTP/1.0" 200 72248 "-" "Mozilla/5.0 (compatible; MJ12bot/v1.4.8; http://mj12bot.com/)"
65.108.125.120 - - [12/Oct/2022:04:41:34 +0200] "GET /toy-story-blue-swimsuit-p-30829.html HTTP/1.0" 301 72315 "-" "Mozilla/5.0 (compatible; MJ12bot/v1.4.8; http://mj12bot.com/)"
65.108.125.120 - - [12/Oct/2022:04:41:37 +0200] "GET /-p-30829.html HTTP/1.0" 200 72248 "-" "Mozilla/5.0 (compatible; MJ12bot/v1.4.8; http://mj12bot.com/)"
65.108.125.120 - - [12/Oct/2022:04:41:39 +0200] "GET /toy-story-long-sleeve-shirt-p-32768.html HTTP/1.0" 301 72315 "-" "Mozilla/5.0 (compatible; MJ12bot/v1.4.8; http://mj12bot.com/)"
66.249.64.244 - - [12/Oct/2022:04:41:41 +0200] "GET /images/mini_prod/00000000000989760.jpg HTTP/1.0" 200 273 "-" "Googlebot-Image/1.0"
157.90.177.217 - - [12/Oct/2022:04:41:41 +0200] "GET /manicure-articles-c-31_204.html?page=1 HTTP/1.0" 200 91497 "-" "Mozilla/5.0 (compatible; BLEXBot/1.0; +http://webmeup-crawler.com/)"
65.108.125.120 - - [12/Oct/2022:04:41:42 +0200] "GET /-p-32768.html HTTP/1.0" 200 72248 "-" "Mozilla/5.0 (compatible; MJ12bot/v1.4.8; http://mj12bot.com/)"
216.244.66.242 - - [12/Oct/2022:04:41:46 +0200] "GET /images/3282640391169.jpg HTTP/1.0" 200 259 "-" "Mozilla/5.0 (compatible; DotBot/1.2; +https://opensiteexplorer.org/dotbot; help@moz.com)"
65.108.125.120 - - [12/Oct/2022:04:41:45 +0200] "GET /tray-exotic-wood-flower-life-p-57336.html HTTP/1.0" 200 75765 "-" "Mozilla/5.0 (compatible; MJ12bot/v1.4.8; http://mj12bot.com/)"
216.244.66.242 - - [12/Oct/2022:04:41:50 +0200] "GET /images/4029811166336.jpg HTTP/1.0" 200 259 "-" "Mozilla/5.0 (compatible; DotBot/1.2; +https://opensiteexplorer.org/dotbot; help@moz.com)"
185.191.171.6 - - [12/Oct/2022:04:41:48 +0200] "GET /earth-globe-decoration-p-54102.html HTTP/1.0" 200 74940 "-" "Mozilla/5.0 (compatible; SemrushBot/7~bl; +http://www.semrush.com/bot.html)"
216.244.66.242 - - [12/Oct/2022:04:41:54 +0200] "GET /images/5204549037557.jpg HTTP/1.0" 200 259 "-" "Mozilla/5.0 (compatible; DotBot/1.2; +https://opensiteexplorer.org/dotbot; help@moz.com)"
