157.90.177.217 - - [12/Oct/2022:06:29:45 +0200] "GET /mojito-maker-white-women-shirt-p-40981.html HTTP/1.0" 200 77238 "-" "Mozilla/5.0 (compatible; BLEXBot/1.0; +http://webmeup-crawler.com/)"
185.191.171.13 - - [12/Oct/2022:06:29:50 +0200] "GET /wooden-cellar-p-54788.html HTTP/1.0" 200 72298 "-" "Mozilla/5.0 (compatible; SemrushBot/7~bl; +http://www.semrush.com/bot.html)"
66.249.64.244 - - [12/Oct/2022:06:29:50 +0200] "GET /canvas-frame-p-56137.html HTTP/1.0" 200 75689 "-" "Mozilla/5.0 (compatible; Googlebot/2.1; +http://www.google.com/bot.html)"
66.249.64.242 - - [12/Oct/2022:06:29:53 +0200] "GET /canvas-frame-p-56137.html HTTP/1.0" 200 75689 "-" "Mozilla/5.0 (Linux; Android 6.0.1; Nexus 5X Build/MMB29P) AppleWebKit/537.36 (KHTML, like Gecko) Chrome/106.0.5249.103 Mobile Safari/537.36 (compatible; Googlebot/2.1; +http://www.google.com/bot.html)"
114.119.137.45 - - [12/Oct/2022:06:29:59 +0200] "GET /cars-backpack-p-10771.html HTTP/1.0" 200 75048 "http://www.wonder-geek.com/luggages-schoolbags-leather-shop-c-31.html?page=42" "Mozilla/5.0 (Linux; Android 7.0;) AppleWebKit/537.36 (KHTML, like Gecko) Mobile Safari/537.36 (compatible; PetalBot;+https://webmaster.petalsearch.com/site/petalbot)"
157.90.177.217 - - [12/Oct/2022:06:30:01 +0200] "GET /mojito-metal-plate-deco-p-45069.html HTTP/1.0" 200 74874 "-" "Mozilla/5.0 (compatible; BLEXBot/1.0; +http://webmeup-crawler.com/)"
185.191.171.15 - - [12/Oct/2022:06:30:01 +0200] "GET /frozen-rectangular-mirror-p-29000.html HTTP/1.0" 200 72352 "-" "Mozilla/5.0 (compatible; SemrushBot/7~bl; +http://www.semrush.com/bot.html)"
157.90.177.217 - - [12/Oct/2022:06:30:16 +0200] "GET /mojito-wooden-wall-decoration-hang-p-40251.html HTTP/1.0" 200 75014 "-" "Mozilla/5.0 (compatible; BLEXBot/1.0; +http://webmeup-crawler.com/)"
185.191.171.14 - - [12/Oct/2022:06:30:30 +0200] "GET /bathroom-metal-plate-deco-p-36042.html HTTP/1.0" 200 74927 "-" "Mozilla/5.0 (compatible; SemrushBot/7~bl; +http://www.semrush.com/bot.html)"
157.90.177.217 - - [12/Oct/2022:06:30:31 +0200] "GET /mojito-wooden-wall-decoration-hang-p-40252.html HTTP/1.0" 200 75081 "-" "Mozilla/5.0 (compatible; BLEXBot/1.0; +http://webmeup-crawler.com/)"
157.90.177.217 - - [12/Oct/2022:06:30:48 +0200] "GET /monaco-1912-vintage-poster-p-42504.html HTTP/1.0" 200 74933 "-" "Mozilla/5.0 (compatible; BLEXBot/1.0; +http://webmeup-crawler.com/)"
54.36.148.163 - - [12/Oct/2022:06:30:52 +0200] "GET /desert-bloom-clock-allen-p-47469.html HTTP/1.0" 200 75102 "-" "Mozilla/5.0 (compatible; AhrefsBot/7.0; +http://ahrefs.com/robot/)"
54.36.148.245 - - [12/Oct/2022:06:30:56 +0200] "GET /images/big_prod/3453131145909.jpg HTTP/1.0" 200 268 "-" "Mozilla/5.0 (compatible; AhrefsBot/7.0; +http://ahrefs.com/robot/)"
157.90.177.217 - - [12/Oct/2022:06:31:06 +0200] "GET /monaco-1930-vintage-poster-p-44868.html HTTP/1.0" 200 74928 "-" "Mozilla/5.0 (compatible; BLEXBot/1.0; +http://webmeup-crawler.com/)"
185.191.171.6 - - [12/Oct/2022:06:31:06 +0200] "GET /ethnic-wooden-shelf-cabinet-white-patina-p-45817.html HTTP/1.0" 200 75064 "-" "Mozilla/5.0 (compatible; SemrushBot/7~bl; +http://www.semrush.com/bot.html)"
185.191.171.36 - - [12/Oct/2022:06:31:12 +0200] "GET /bamboo-fiber-plant-cover-p-54349.html HTTP/1.0" 200 72334 "-" "Mozilla/5.0 (compatible; SemrushBot/7~bl; +http://www.semrush.com/bot.html)"
114.119.137.3 - - [12/Oct/2022:06:31:16 +0200] "GET /flag-door-journals-p-29732.html HTTP/1.0" 200 72318 "http://www.wonder-geek.com/bookend-c-13_202.html?page=1" "Mozilla/5.0 (Linux; Android 7.0;) AppleWebKit/537.36 (KHTML, like Gecko) Mobile Safari/537.36 (compatible; PetalBot;+https://webmaster.petalsearch.com/site/petalbot)"
157.90.177.217 - - [12/Oct/2022:06:31:23 +0200] "GET /monaco-1935-poster-p-40152.html HTTP/1.0" 200 74864 "-" "Mozilla/5.0 (compatible; BLEXBot/1.0; +http://webmeup-crawler.com/)"
157.90.177.217 - - [12/Oct/2022:06:31:37 +0200] "GET /monaco-1936-poster-p-40151.html HTTP/1.0" 200 74864 "-" "Mozilla/5.0 (compatible; BLEXBot/1.0; +http://webmeup-crawler.com/)"
185.191.171.9 - - [12/Oct/2022:06:31:40 +0200] "GET /cotton-floor-cushion-popart-p-58038.html HTTP/1.0" 200 75673 "-" "Mozilla/5.0 (compatible; SemrushBot/7~bl; +http://www.semrush.com/bot.html)"
157.90.177.217 - - [12/Oct/2022:06:31:52 +0200] "GET /monaco-1937-vintage-poster-p-44867.html HTTP/1.0" 200 74928 "-" "Mozilla/5.0 (compatible; BLEXBot/1.0; +http://webmeup-crawler.com/)"
185.191.171.37 - - [12/Oct/2022:06:31:58 +0200] "GET /little-prince-clock-p-54946.html HTTP/1.0" 200 72322 "-" "Mozilla/5.0 (compatible; SemrushBot/7~bl; +http://www.semrush.com/bot.html)"
66.249.64.246 - - [12/Oct/2022:06:32:04 +0200] "GET /round-carpet-p-48041.html HTTP/1.0" 200 72298 "-" "Mozilla/5.0 (compatible; Googlebot/2.1; +http://www.google.com/bot.html)"
157.90.177.217 - - [12/Oct/2022:06:32:07 +0200] "GET /monaco-mini-metal-tray-p-52478.html HTTP/1.0" 200 74963 "-" "Mozilla/5.0 (compatible; BLEXBot/1.0; +http://webmeup-crawler.com/)"
185.191.171.25 - - [12/Oct/2022:06:32:09 +0200] "GET /buddhist-bracelet-wooden-beads-brown-p-37666.html HTTP/1.0" 200 74933 "-" "Mozilla/5.0 (compatible; SemrushBot/7~bl; +http://www.semrush.com/bot.html)"
54.36.149.40 - - [12/Oct/2022:06:32:18 +0200] "GET /monkey-pyramid-statuette-p-55276.html HTTP/1.0" 200 75806 "-" "Mozilla/5.0 (compatible; AhrefsBot/7.0; +http://ahrefs.com/robot/)"
54.36.148.56 - - [12/Oct/2022:06:32:23 +0200] "GET /images/big_prod/8433833240220.jpg HTTP/1.0" 200 268 "-" "Mozilla/5.0 (compatible; AhrefsBot/7.0; +http://ahrefs.com/robot/)"
54.36.148.105 - - [12/Oct/2022:06:32:23 +0200] "GET /images/big_prod_2/8433833240220C.jpg HTTP/1.0" 200 271 "-" "Mozilla/5.0 (compatible; AhrefsBot/7.0; +http://ahrefs.com/robot/)"
54.36.148.173 - - [12/Oct/2022:06:32:23 +0200] "GET /images/big_prod_1/8433833240220B.jpg HTTP/1.0" 200 271 "-" "Mozilla/5.0 (compatible; AhrefsBot/7.0; +http://ahrefs.com/robot/)"
157.90.177.217 - - [12/Oct/2022:06:32:23 +0200] "GET /monaco-vintage-poster-p-42523.html HTTP/1.0" 200 74864 "-" "Mozilla/5.0 (compatible; BLEXBot/1.0; +http://webmeup-crawler.com/)"
185.191.171.45 - - [12/Oct/2022:06:32:27 +0200] "GET /cinderella-glass-slipper-figurine-p-58586.html HTTP/1.0" 200 76384 "-" "Mozilla/5.0 (compatible; SemrushBot/7~bl; +http://www.semrush.com/bot.html)"
157.90.177.217 - - [12/Oct/2022:06:32:38 +0200] "GET /monaco-white-blue-large-shopping-p-38646.html HTTP/1.0" 200 75316 "-" "Mozilla/5.0 (compatible; BLEXBot/1.0; +http://webmeup-crawler.com/)"
185.191.171.9 - - [12/Oct/2022:06:32:45 +0200] "GET /kiub-collection-little-prince-p-56240.html HTTP/1.0" 200 75688 "-" "Mozilla/5.0 (compatible; SemrushBot/7~bl; +http://www.semrush.com/bot.html)"
157.90.177.217 - - [12/Oct/2022:06:32:53 +0200] "GET /monet-candle-holders-p-53530.html HTTP/1.0" 200 75806 "-" "Mozilla/5.0 (compatible; BLEXBot/1.0; +http://webmeup-crawler.com/)"
114.119.137.3 - - [12/Oct/2022:06:32:53 +0200] "GET /small-dory-art-kit-finding-dory-p-37132.html HTTP/1.0" 301 76452 "http://www.wonder-geek.com/creative-hobbies-and-coloring-c-129_30.html?page=2" "Mozilla/5.0 (Linux; Android 7.0;) AppleWebKit/537.36 (KHTML, like Gecko) Mobile Safari/537.36 (compatible; PetalBot;+https://webmaster.petalsearch.com/site/petalbot)"
114.119.137.3 - - [12/Oct/2022:06:32:56 +0200] "GET /small-dory-finding-dory-p-37132.html HTTP/1.0" 200 76362 "http://www.wonder-geek.com/creative-hobbies-and-coloring-c-129_30.html?page=2" "Mozilla/5.0 (Linux; Android 7.0;) AppleWebKit/537.36 (KHTML, like Gecko) Mobile Safari/537.36 (compatible; PetalBot;+https://webmaster.petalsearch.com/site/petalbot)"
95.217.109.26 - - [12/Oct/2022:06:32:57 +0200] "GET /robots.txt HTTP/1.0" 200 245 "-" "Mozilla/5.0 (compatible; MJ12bot/v1.4.8; http://mj12bot.com/)"
95.217.109.26 - - [12/Oct/2022:06:32:59 +0200] "GET /-p-10496.html HTTP/1.0" 200 72248 "-" "Mozilla/5.0 (compatible; MJ12bot/v1.4.8; http://mj12bot.com/)"
95.217.109.26 - - [12/Oct/2022:06:33:02 +0200] "GET /-p-10557.html HTTP/1.0" 200 72248 "-" "Mozilla/5.0 (compatible; MJ12bot/v1.4.8; http://mj12bot.com/)"
95.217.109.26 - - [12/Oct/2022:06:33:05 +0200] "GET /-p-1202.html HTTP/1.0" 200 72246 "-" "Mozilla/5.0 (compatible; MJ12bot/v1.4.8; http://mj12bot.com/)"
95.217.109.26 - - [12/Oct/2022:06:33:07 +0200] "GET /-p-12123.html HTTP/1.0" 200 72248 "-" "Mozilla/5.0 (compatible; MJ12bot/v1.4.8; http://mj12bot.com/)"
157.90.177.217 - - [12/Oct/2022:06:33:07 +0200] "GET /money-bank-carlin-cbkreation-p-30094.html HTTP/1.0" 200 74960 "-" "Mozilla/5.0 (compatible; BLEXBot/1.0; +http://webmeup-crawler.com/)"
95.217.109.26 - - [12/Oct/2022:06:33:10 +0200] "GET /-p-13283.html HTTP/1.0" 200 72248 "-" "Mozilla/5.0 (compatible; MJ12bot/v1.4.8; http://mj12bot.com/)"
95.217.109.26 - - [12/Oct/2022:06:33:13 +0200] "GET /-p-13765.html HTTP/1.0" 200 72248 "-" "Mozilla/5.0 (compatible; MJ12bot/v1.4.8; http://mj12bot.com/)"
185.191.171.41 - - [12/Oct/2022:06:33:16 +0200] "GET /nippon-doll-portfolio-p-26863.html HTTP/1.0" 200 75189 "-" "Mozilla/5.0 (compatible; SemrushBot/7~bl; +http://www.semrush.com/bot.html)"
95.217.109.26 - - [12/Oct/2022:06:33:16 +0200] "GET /-p-13768.html HTTP/1.0" 200 72248 "-" "Mozilla/5.0 (compatible; MJ12bot/v1.4.8; http://mj12bot.com/)"
95.217.109.26 - - [12/Oct/2022:06:33:20 +0200] "GET /-p-14220.html HTTP/1.0" 200 72248 "-" "Mozilla/5.0 (compatible; MJ12bot/v1.4.8; http://mj12bot.com/)"
95.217.109.26 - - [12/Oct/2022:06:33:23 +0200] "GET /-p-15327.html HTTP/1.0" 200 72248 "-" "Mozilla/5.0 (compatible; MJ12bot/v1.4.8; http://mj12bot.com/)"
157.90.177.217 - - [12/Oct/2022:06:33:23 +0200] "GET /money-bank-slot-machine-jackpot-p-30035.html HTTP/1.0" 200 75106 "-" "Mozilla/5.0 (compatible; BLEXBot/1.0; +http://webmeup-crawler.com/)"
95.217.109.26 - - [12/Oct/2022:06:33:26 +0200] "GET /-p-15689.html HTTP/1.0" 200 72248 "-" "Mozilla/5.0 (compatible; MJ12bot/v1.4.8; http://mj12bot.com/)"
95.217.109.26 - - [12/Oct/2022:06:33:29 +0200] "GET /-p-16147.html HTTP/1.0" 200 72248 "-" "Mozilla/5.0 (compatible; MJ12bot/v1.4.8; http://mj12bot.com/)"
95.217.109.26 - - [12/Oct/2022:06:33:32 +0200] "GET /-p-17173.html HTTP/1.0" 200 72248 "-" "Mozilla/5.0 (compatible; MJ12bot/v1.4.8; http://mj12bot.com/)"
95.217.109.26 - - [12/Oct/2022:06:33:35 +0200] "GET /-p-17285.html HTTP/1.0" 200 72248 "-" "Mozilla/5.0 (compatible; MJ12bot/v1.4.8; http://mj12bot.com/)"
95.217.109.26 - - [12/Oct/2022:06:33:38 +0200] "GET /-p-17494.html HTTP/1.0" 200 72248 "-" "Mozilla/5.0 (compatible; MJ12bot/v1.4.8; http://mj12bot.com/)"
157.90.177.217 - - [12/Oct/2022:06:33:38 +0200] "GET /money-boxes-c-13_83.html?page=1 HTTP/1.0" 200 94845 "-" "Mozilla/5.0 (compatible; BLEXBot/1.0; +http://webmeup-crawler.com/)"
54.36.149.5 - - [12/Oct/2022:06:33:40 +0200] "GET /johnny-hallyday-mouse-p-10933.html HTTP/1.0" 200 75494 "-" "Mozilla/5.0 (compatible; AhrefsBot/7.0; +http://ahrefs.com/robot/)"
95.217.109.26 - - [12/Oct/2022:06:33:40 +0200] "GET /-p-18136.html HTTP/1.0" 200 72248 "-" "Mozilla/5.0 (compatible; MJ12bot/v1.4.8; http://mj12bot.com/)"
54.36.149.46 - - [12/Oct/2022:06:33:44 +0200] "GET /images/big_prod/3701276294717.jpg HTTP/1.0" 200 268 "-" "Mozilla/5.0 (compatible; AhrefsBot/7.0; +http://ahrefs.com/robot/)"
54.36.148.72 - - [12/Oct/2022:06:33:44 +0200] "GET /images/big_prod_1/3701276294717B.jpg HTTP/1.0" 200 271 "-" "Mozilla/5.0 (compatible; AhrefsBot/7.0; +http://ahrefs.com/robot/)"
95.217.109.26 - - [12/Oct/2022:06:33:44 +0200] "GET /-p-19473.html HTTP/1.0" 200 72248 "-" "Mozilla/5.0 (compatible; MJ12bot/v1.4.8; http://mj12bot.com/)"
95.217.109.26 - - [12/Oct/2022:06:33:47 +0200] "GET /-p-20231.html HTTP/1.0" 200 72248 "-" "Mozilla/5.0 (compatible; MJ12bot/v1.4.8; http://mj12bot.com/)"
185.191.171.43 - - [12/Oct/2022:06:33:48 +0200] "GET /kiub-collection-cats-cool-p-54781.html HTTP/1.0" 200 75710 "-" "Mozilla/5.0 (compatible; SemrushBot/7~bl; +http://www.semrush.com/bot.html)"
95.217.109.26 - - [12/Oct/2022:06:33:50 +0200] "GET /-p-20726.html HTTP/1.0" 200 72248 "-" "Mozilla/5.0 (compatible; MJ12bot/v1.4.8; http://mj12bot.com/)"
95.217.109.26 - - [12/Oct/2022:06:33:53 +0200] "GET /-p-21422.html HTTP/1.0" 200 72248 "-" "Mozilla/5.0 (compatible; MJ12bot/v1.4.8; http://mj12bot.com/)"
157.90.177.217 - - [12/Oct/2022:06:33:54 +0200] "GET /money-boxes-c-13_83.html?page=12 HTTP/1.0" 200 93665 "-" "Mozilla/5.0 (compatible; BLEXBot/1.0; +http://webmeup-crawler.com/)"
95.217.109.26 - - [12/Oct/2022:06:33:56 +0200] "GET /-p-21436.html HTTP/1.0" 200 72248 "-" "Mozilla/5.0 (compatible; MJ12bot/v1.4.8; http://mj12bot.com/)"
95.217.109.26 - - [12/Oct/2022:06:33:59 +0200] "GET /-p-22139.html HTTP/1.0" 200 72248 "-" "Mozilla/5.0 (compatible; MJ12bot/v1.4.8; http://mj12bot.com/)"
95.217.109.26 - - [12/Oct/2022:06:34:02 +0200] "GET /-p-22627.html HTTP/1.0" 200 72248 "-" "Mozilla/5.0 (compatible; MJ12bot/v1.4.8; http://mj12bot.com/)"
95.217.109.26 - - [12/Oct/2022:06:34:04 +0200] "GET /-p-22665.html HTTP/1.0" 200 72248 "-" "Mozilla/5.0 (compatible; MJ12bot/v1.4.8; http://mj12bot.com/)"
95.217.109.26 - - [12/Oct/2022:06:34:07 +0200] "GET /-p-22678.html HTTP/1.0" 200 72248 "-" "Mozilla/5.0 (compatible; MJ12bot/v1.4.8; http://mj12bot.com/)"
95.217.109.26 - - [12/Oct/2022:06:34:10 +0200] "GET /-p-22684.html HTTP/1.0" 200 72248 "-" "Mozilla/5.0 (compatible; MJ12bot/v1.4.8; http://mj12bot.com/)"
157.90.177.217 - - [12/Oct/2022:06:34:11 +0200] "GET /money-boxes-c-13_83.html?page=13 HTTP/1.0" 200 94126 "-" "Mozilla/5.0 (compatible; BLEXBot/1.0; +http://webmeup-crawler.com/)"
95.217.109.26 - - [12/Oct/2022:06:34:13 +0200] "GET /-p-22689.html HTTP/1.0" 200 72248 "-" "Mozilla/5.0 (compatible; MJ12bot/v1.4.8; http://mj12bot.com/)"
95.217.109.26 - - [12/Oct/2022:06:34:16 +0200] "GET /-p-22949.html HTTP/1.0" 200 72248 "-" "Mozilla/5.0 (compatible; MJ12bot/v1.4.8; http://mj12bot.com/)"
216.244.66.242 - - [12/Oct/2022:06:34:16 +0200] "GET /cats-dubout-metal-plate-p-30398.html HTTP/1.0" 200 74978 "-" "Mozilla/5.0 (compatible; DotBot/1.2; +https://opensiteexplorer.org/dotbot; help@moz.com)"
95.217.109.26 - - [12/Oct/2022:06:34:19 +0200] "GET /-p-22950.html HTTP/1.0" 200 72248 "-" "Mozilla/5.0 (compatible; MJ12bot/v1.4.8; http://mj12bot.com/)"
95.217.109.26 - - [12/Oct/2022:06:34:22 +0200] "GET /-p-23577.html HTTP/1.0" 200 72248 "-" "Mozilla/5.0 (compatible; MJ12bot/v1.4.8; http://mj12bot.com/)"
95.217.109.26 - - [12/Oct/2022:06:34:25 +0200] "GET /-p-24157.html HTTP/1.0" 200 72248 "-" "Mozilla/5.0 (compatible; MJ12bot/v1.4.8; http://mj12bot.com/)"
157.90.177.217 - - [12/Oct/2022:06:34:27 +0200] "GET /money-boxes-c-13_83.html?page=14 HTTP/1.0" 200 87212 "-" "Mozilla/5.0 (compatible; BLEXBot/1.0; +http://webmeup-crawler.com/)"
185.191.171.2 - - [12/Oct/2022:06:34:29 +0200] "GET /unicorn-water-bottle-p-53277.html HTTP/1.0" 200 72326 "-" "Mozilla/5.0 (compatible; SemrushBot/7~bl; +http://www.semrush.com/bot.html)"
95.217.109.26 - - [12/Oct/2022:06:34:28 +0200] "GET /-p-24179.html HTTP/1.0" 200 72248 "-" "Mozilla/5.0 (compatible; MJ12bot/v1.4.8; http://mj12bot.com/)"
95.217.109.26 - - [12/Oct/2022:06:34:32 +0200] "GET /-p-24577.html HTTP/1.0" 200 72248 "-" "Mozilla/5.0 (compatible; MJ12bot/v1.4.8; http://mj12bot.com/)"
95.217.109.26 - - [12/Oct/2022:06:34:36 +0200] "GET /-p-24924.html HTTP/1.0" 200 72248 "-" "Mozilla/5.0 (compatible; MJ12bot/v1.4.8; http://mj12bot.com/)"
95.217.109.26 - - [12/Oct/2022:06:34:38 +0200] "GET /-p-24953.html HTTP/1.0" 200 72248 "-" "Mozilla/5.0 (compatible; MJ12bot/v1.4.8; http://mj12bot.com/)"
147.92.153.20 - - [12/Oct/2022:06:34:38 +0200] "GET /heart-home-large-winter-pine-cedar-wood-bamboo-candle-p-58997.html HTTP/1.0" 200 75980 "-" "Mozilla/5.0 (compatible; Linespider/1.1; +https://lin.ee/4dwXkTH)"
95.217.109.26 - - [12/Oct/2022:06:34:41 +0200] "GET /-p-25648.html HTTP/1.0" 200 72248 "-" "Mozilla/5.0 (compatible; MJ12bot/v1.4.8; http://mj12bot.com/)"
157.90.177.217 - - [12/Oct/2022:06:34:42 +0200] "GET /money-boxes-with-personalized-picture-p-16361.html HTTP/1.0" 200 75414 "-" "Mozilla/5.0 (compatible; BLEXBot/1.0; +http://webmeup-crawler.com/)"
95.217.109.26 - - [12/Oct/2022:06:34:44 +0200] "GET /-p-25649.html HTTP/1.0" 200 72248 "-" "Mozilla/5.0 (compatible; MJ12bot/v1.4.8; http://mj12bot.com/)"
95.217.109.26 - - [12/Oct/2022:06:34:47 +0200] "GET /-p-25650.html HTTP/1.0" 200 72248 "-" "Mozilla/5.0 (compatible; MJ12bot/v1.4.8; http://mj12bot.com/)"
95.217.109.26 - - [12/Oct/2022:06:34:50 +0200] "GET /-p-25651.html HTTP/1.0" 200 72248 "-" "Mozilla/5.0 (compatible; MJ12bot/v1.4.8; http://mj12bot.com/)"
95.217.109.26 - - [12/Oct/2022:06:34:53 +0200] "GET /-p-25652.html HTTP/1.0" 200 72248 "-" "Mozilla/5.0 (compatible; MJ12bot/v1.4.8; http://mj12bot.com/)"
95.217.109.26 - - [12/Oct/2022:06:34:56 +0200] "GET /-p-25653.html HTTP/1.0" 200 72248 "-" "Mozilla/5.0 (compatible; MJ12bot/v1.4.8; http://mj12bot.com/)"
54.36.148.73 - - [12/Oct/2022:06:34:56 +0200] "GET /johnny-hallyday-mouse-p-38853.html HTTP/1.0" 200 75493 "-" "Mozilla/5.0 (compatible; AhrefsBot/7.0; +http://ahrefs.com/robot/)"
185.191.171.14 - - [12/Oct/2022:06:34:57 +0200] "GET /crystal-salt-lamp-sphere-grey-p-48663.html HTTP/1.0" 200 72354 "-" "Mozilla/5.0 (compatible; SemrushBot/7~bl; +http://www.semrush.com/bot.html)"
157.90.177.217 - - [12/Oct/2022:06:34:56 +0200] "GET /money-cbkreation-p-23999.html HTTP/1.0" 200 74910 "-" "Mozilla/5.0 (compatible; BLEXBot/1.0; +http://webmeup-crawler.com/)"
95.217.109.26 - - [12/Oct/2022:06:34:59 +0200] "GET /-p-25654.html HTTP/1.0" 200 72248 "-" "Mozilla/5.0 (compatible; MJ12bot/v1.4.8; http://mj12bot.com/)"
95.217.109.26 - - [12/Oct/2022:06:35:02 +0200] "GET /-p-25655.html HTTP/1.0" 200 72248 "-" "Mozilla/5.0 (compatible; MJ12bot/v1.4.8; http://mj12bot.com/)"
54.36.149.78 - - [12/Oct/2022:06:35:04 +0200] "GET /images/big_prod_1/1399985000327B.jpg HTTP/1.0" 200 271 "-" "Mozilla/5.0 (compatible; AhrefsBot/7.0; +http://ahrefs.com/robot/)"
54.36.148.207 - - [12/Oct/2022:06:35:04 +0200] "GET /images/big_prod/1399985000327.jpg HTTP/1.0" 200 268 "-" "Mozilla/5.0 (compatible; AhrefsBot/7.0; +http://ahrefs.com/robot/)"
95.217.109.26 - - [12/Oct/2022:06:35:05 +0200] "GET /-p-25657.html HTTP/1.0" 200 72248 "-" "Mozilla/5.0 (compatible; MJ12bot/v1.4.8; http://mj12bot.com/)"
95.217.109.26 - - [12/Oct/2022:06:35:08 +0200] "GET /-p-25658.html HTTP/1.0" 200 72248 "-" "Mozilla/5.0 (compatible; MJ12bot/v1.4.8; http://mj12bot.com/)"
95.217.109.26 - - [12/Oct/2022:06:35:10 +0200] "GET /-p-25659.html HTTP/1.0" 200 72248 "-" "Mozilla/5.0 (compatible; MJ12bot/v1.4.8; http://mj12bot.com/)"
157.90.177.217 - - [12/Oct/2022:06:35:12 +0200] "GET /money-cbkreation-p-24133.html HTTP/1.0" 200 74907 "-" "Mozilla/5.0 (compatible; BLEXBot/1.0; +http://webmeup-crawler.com/)"
95.217.109.26 - - [12/Oct/2022:06:35:13 +0200] "GET /-p-25668.html HTTP/1.0" 200 72248 "-" "Mozilla/5.0 (compatible; MJ12bot/v1.4.8; http://mj12bot.com/)"
95.217.109.26 - - [12/Oct/2022:06:35:17 +0200] "GET /-p-25669.html HTTP/1.0" 200 72248 "-" "Mozilla/5.0 (compatible; MJ12bot/v1.4.8; http://mj12bot.com/)"
114.119.137.45 - - [12/Oct/2022:06:35:18 +0200] "GET /memory-pillow-50-70-cm-p-39985.html HTTP/1.0" 301 75627 "http://www.wonder-geek.com/household-linen-c-11.html?page=44" "Mozilla/5.0 (Linux; Android 7.0;) AppleWebKit/537.36 (KHTML, like Gecko) Mobile Safari/537.36 (compatible; PetalBot;+https://webmaster.petalsearch.com/site/petalbot)"
114.119.137.45 - - [12/Oct/2022:06:35:21 +0200] "GET /memory-pillow-p-39985.html HTTP/1.0" 200 75547 "http://www.wonder-geek.com/household-linen-c-11.html?page=44" "Mozilla/5.0 (Linux; Android 7.0;) AppleWebKit/537.36 (KHTML, like Gecko) Mobile Safari/537.36 (compatible; PetalBot;+https://webmaster.petalsearch.com/site/petalbot)"
95.217.109.26 - - [12/Oct/2022:06:35:21 +0200] "GET /-p-25706.html HTTP/1.0" 200 72248 "-" "Mozilla/5.0 (compatible; MJ12bot/v1.4.8; http://mj12bot.com/)"
95.217.109.26 - - [12/Oct/2022:06:35:24 +0200] "GET /-p-25720.html HTTP/1.0" 200 72248 "-" "Mozilla/5.0 (compatible; MJ12bot/v1.4.8; http://mj12bot.com/)"
157.90.177.217 - - [12/Oct/2022:06:35:27 +0200] "GET /money-p-52252.html HTTP/1.0" 200 75393 "-" "Mozilla/5.0 (compatible; BLEXBot/1.0; +http://webmeup-crawler.com/)"
95.217.109.26 - - [12/Oct/2022:06:35:27 +0200] "GET /-p-25726.html HTTP/1.0" 200 72248 "-" "Mozilla/5.0 (compatible; MJ12bot/v1.4.8; http://mj12bot.com/)"
95.217.109.26 - - [12/Oct/2022:06:35:30 +0200] "GET /-p-26901.html HTTP/1.0" 200 72248 "-" "Mozilla/5.0 (compatible; MJ12bot/v1.4.8; http://mj12bot.com/)"
95.217.109.26 - - [12/Oct/2022:06:35:33 +0200] "GET /-p-26902.html HTTP/1.0" 200 72248 "-" "Mozilla/5.0 (compatible; MJ12bot/v1.4.8; http://mj12bot.com/)"
78.46.142.172 - - [12/Oct/2022:06:35:35 +0200] "GET /images/big_prod/gorjuss5018997517994.jpg HTTP/1.0" 200 275 "-" "Mozilla/5.0 (X11; Fedora; Linux x86_64) AppleWebKit/537.36 (KHTML, like Gecko) Chrome/79.0.3945.117 Safari/537.36"
95.217.109.26 - - [12/Oct/2022:06:35:36 +0200] "GET /-p-27500.html HTTP/1.0" 200 72248 "-" "Mozilla/5.0 (compatible; MJ12bot/v1.4.8; http://mj12bot.com/)"
185.191.171.2 - - [12/Oct/2022:06:35:35 +0200] "GET /mtal-signs-c-13_130.html?page=16 HTTP/1.0" 200 97045 "-" "Mozilla/5.0 (compatible; SemrushBot/7~bl; +http://www.semrush.com/bot.html)"
95.217.109.26 - - [12/Oct/2022:06:35:39 +0200] "GET /-p-27501.html HTTP/1.0" 200 72248 "-" "Mozilla/5.0 (compatible; MJ12bot/v1.4.8; http://mj12bot.com/)"
66.249.64.246 - - [12/Oct/2022:06:35:41 +0200] "GET /metal-cylindrical-p-57511.html HTTP/1.0" 200 75628 "-" "Mozilla/5.0 (compatible; Googlebot/2.1; +http://www.google.com/bot.html)"
157.90.177.217 - - [12/Oct/2022:06:35:41 +0200] "GET /moneybox-happy-p-52990.html HTTP/1.0" 200 75469 "-" "Mozilla/5.0 (compatible; BLEXBot/1.0; +http://webmeup-crawler.com/)"
95.217.109.26 - - [12/Oct/2022:06:35:42 +0200] "GET /-p-27749.html HTTP/1.0" 200 72248 "-" "Mozilla/5.0 (compatible; MJ12bot/v1.4.8; http://mj12bot.com/)"
185.191.171.38 - - [12/Oct/2022:06:35:44 +0200] "GET /grey-polyester-chair-cushion-p-50047.html HTTP/1.0" 200 72350 "-" "Mozilla/5.0 (compatible; SemrushBot/7~bl; +http://www.semrush.com/bot.html)"
95.217.109.26 - - [12/Oct/2022:06:35:45 +0200] "GET /-p-28080.html HTTP/1.0" 200 72248 "-" "Mozilla/5.0 (compatible; MJ12bot/v1.4.8; http://mj12bot.com/)"
95.217.109.26 - - [12/Oct/2022:06:35:48 +0200] "GET /-p-2842.html HTTP/1.0" 200 72246 "-" "Mozilla/5.0 (compatible; MJ12bot/v1.4.8; http://mj12bot.com/)"
95.217.109.26 - - [12/Oct/2022:06:35:51 +0200] "GET /-p-28471.html HTTP/1.0" 200 72248 "-" "Mozilla/5.0 (compatible; MJ12bot/v1.4.8; http://mj12bot.com/)"
95.217.109.26 - - [12/Oct/2022:06:35:54 +0200] "GET /-p-28601.html HTTP/1.0" 200 72248 "-" "Mozilla/5.0 (compatible; MJ12bot/v1.4.8; http://mj12bot.com/)"
157.90.177.217 - - [12/Oct/2022:06:35:56 +0200] "GET /monk-buddhist-candle-holder-p-50389.html HTTP/1.0" 200 75883 "-" "Mozilla/5.0 (compatible; BLEXBot/1.0; +http://webmeup-crawler.com/)"
95.217.109.26 - - [12/Oct/2022:06:35:57 +0200] "GET /-p-28932.html HTTP/1.0" 200 72248 "-" "Mozilla/5.0 (compatible; MJ12bot/v1.4.8; http://mj12bot.com/)"
95.217.109.26 - - [12/Oct/2022:06:36:01 +0200] "GET /-p-29189.html HTTP/1.0" 200 72248 "-" "Mozilla/5.0 (compatible; MJ12bot/v1.4.8; http://mj12bot.com/)"
95.217.109.26 - - [12/Oct/2022:06:36:04 +0200] "GET /-p-29235.html HTTP/1.0" 200 72248 "-" "Mozilla/5.0 (compatible; MJ12bot/v1.4.8; http://mj12bot.com/)"
95.217.109.26 - - [12/Oct/2022:06:36:07 +0200] "GET /-p-29253.html HTTP/1.0" 200 72248 "-" "Mozilla/5.0 (compatible; MJ12bot/v1.4.8; http://mj12bot.com/)"
95.217.109.26 - - [12/Oct/2022:06:36:09 +0200] "GET /-p-29532.html HTTP/1.0" 200 72248 "-" "Mozilla/5.0 (compatible; MJ12bot/v1.4.8; http://mj12bot.com/)"
157.90.177.217 - - [12/Oct/2022:06:36:11 +0200] "GET /monk-buddhist-lotus-candle-holder-p-50390.html HTTP/1.0" 200 75119 "-" "Mozilla/5.0 (compatible; BLEXBot/1.0; +http://webmeup-crawler.com/)"
95.217.109.26 - - [12/Oct/2022:06:36:12 +0200] "GET /-p-29631.html HTTP/1.0" 200 72248 "-" "Mozilla/5.0 (compatible; MJ12bot/v1.4.8; http://mj12bot.com/)"
95.217.109.26 - - [12/Oct/2022:06:36:16 +0200] "GET /-p-29683.html HTTP/1.0" 200 72248 "-" "Mozilla/5.0 (compatible; MJ12bot/v1.4.8; http://mj12bot.com/)"
95.217.109.26 - - [12/Oct/2022:06:36:19 +0200] "GET /-p-29886.html HTTP/1.0" 200 72248 "-" "Mozilla/5.0 (compatible; MJ12bot/v1.4.8; http://mj12bot.com/)"
54.36.148.30 - - [12/Oct/2022:06:36:20 +0200] "GET /tweety-figurine-p-45051.html HTTP/1.0" 200 74856 "-" "Mozilla/5.0 (compatible; AhrefsBot/7.0; +http://ahrefs.com/robot/)"
185.191.171.10 - - [12/Oct/2022:06:36:23 +0200] "GET /koala-isothermic-stainless-steel-bottle-allen-p-57592.html HTTP/1.0" 200 75812 "-" "Mozilla/5.0 (compatible; SemrushBot/7~bl; +http://www.semrush.com/bot.html)"
54.36.149.50 - - [12/Oct/2022:06:36:25 +0200] "GET /images/big_prod/3700276218389.jpg HTTP/1.0" 200 268 "-" "Mozilla/5.0 (compatible; AhrefsBot/7.0; +http://ahrefs.com/robot/)"
95.217.109.26 - - [12/Oct/2022:06:36:22 +0200] "GET /-p-30229.html HTTP/1.0" 200 72248 "-" "Mozilla/5.0 (compatible; MJ12bot/v1.4.8; http://mj12bot.com/)"
157.90.177.217 - - [12/Oct/2022:06:36:26 +0200] "GET /monkey-candle-holder-model-p-46770.html HTTP/1.0" 200 75014 "-" "Mozilla/5.0 (compatible; BLEXBot/1.0; +http://webmeup-crawler.com/)"
95.217.109.26 - - [12/Oct/2022:06:36:26 +0200] "GET /-p-30231.html HTTP/1.0" 200 72248 "-" "Mozilla/5.0 (compatible; MJ12bot/v1.4.8; http://mj12bot.com/)"
95.217.109.26 - - [12/Oct/2022:06:36:29 +0200] "GET /-p-30828.html HTTP/1.0" 200 72248 "-" "Mozilla/5.0 (compatible; MJ12bot/v1.4.8; http://mj12bot.com/)"
95.217.109.26 - - [12/Oct/2022:06:36:32 +0200] "GET /-p-30829.html HTTP/1.0" 200 72248 "-" "Mozilla/5.0 (compatible; MJ12bot/v1.4.8; http://mj12bot.com/)"
114.119.137.45 - - [12/Oct/2022:06:36:35 +0200] "GET /panda-women-black-shirt-p-31235.html HTTP/1.0" 200 76898 "http://www.wonder-geek.com/adults-c-53.html?page=8" "Mozilla/5.0 (Linux; Android 7.0;) AppleWebKit/537.36 (KHTML, like Gecko) Mobile Safari/537.36 (compatible; PetalBot;+https://webmaster.petalsearch.com/site/petalbot)"
95.217.109.26 - - [12/Oct/2022:06:36:35 +0200] "GET /-p-30926.html HTTP/1.0" 200 72248 "-" "Mozilla/5.0 (compatible; MJ12bot/v1.4.8; http://mj12bot.com/)"
95.217.109.26 - - [12/Oct/2022:06:36:38 +0200] "GET /-p-31455.html HTTP/1.0" 200 72248 "-" "Mozilla/5.0 (compatible; MJ12bot/v1.4.8; http://mj12bot.com/)"
157.90.177.217 - - [12/Oct/2022:06:36:40 +0200] "GET /monkey-candle-holder-model-p-46772.html HTTP/1.0" 200 75014 "-" "Mozilla/5.0 (compatible; BLEXBot/1.0; +http://webmeup-crawler.com/)"
95.217.109.26 - - [12/Oct/2022:06:36:41 +0200] "GET /-p-31495.html HTTP/1.0" 200 72248 "-" "Mozilla/5.0 (compatible; MJ12bot/v1.4.8; http://mj12bot.com/)"
95.217.109.26 - - [12/Oct/2022:06:36:45 +0200] "GET /-p-31518.html HTTP/1.0" 200 72248 "-" "Mozilla/5.0 (compatible; MJ12bot/v1.4.8; http://mj12bot.com/)"
159.138.137.41 - - [12/Oct/2022:06:36:46 +0200] "GET /images/mini_prod/9316188029582.jpg HTTP/1.0" 200 269 "-" "Mozilla/5.0 (X11; Ubuntu; Linux x86_64; rv:72.0) Gecko/20100101 Firefox/72.0"
95.217.109.26 - - [12/Oct/2022:06:36:48 +0200] "GET /-p-32169.html HTTP/1.0" 200 72248 "-" "Mozilla/5.0 (compatible; MJ12bot/v1.4.8; http://mj12bot.com/)"
95.217.109.26 - - [12/Oct/2022:06:36:51 +0200] "GET /-p-32313.html HTTP/1.0" 200 72248 "-" "Mozilla/5.0 (compatible; MJ12bot/v1.4.8; http://mj12bot.com/)"
95.217.109.26 - - [12/Oct/2022:06:36:54 +0200] "GET /-p-32314.html HTTP/1.0" 200 72248 "-" "Mozilla/5.0 (compatible; MJ12bot/v1.4.8; http://mj12bot.com/)"
157.90.177.217 - - [12/Oct/2022:06:36:55 +0200] "GET /monkey-candle-holder-model-p-55132.html HTTP/1.0" 200 75836 "-" "Mozilla/5.0 (compatible; BLEXBot/1.0; +http://webmeup-crawler.com/)"
95.217.109.26 - - [12/Oct/2022:06:36:57 +0200] "GET /-p-32334.html HTTP/1.0" 200 72248 "-" "Mozilla/5.0 (compatible; MJ12bot/v1.4.8; http://mj12bot.com/)"
95.217.109.26 - - [12/Oct/2022:06:37:00 +0200] "GET /-p-32768.html HTTP/1.0" 200 72248 "-" "Mozilla/5.0 (compatible; MJ12bot/v1.4.8; http://mj12bot.com/)"
95.217.109.26 - - [12/Oct/2022:06:37:03 +0200] "GET /-p-32851.html HTTP/1.0" 200 72248 "-" "Mozilla/5.0 (compatible; MJ12bot/v1.4.8; http://mj12bot.com/)"
95.217.109.26 - - [12/Oct/2022:06:37:05 +0200] "GET /-p-32852.html HTTP/1.0" 200 72248 "-" "Mozilla/5.0 (compatible; MJ12bot/v1.4.8; http://mj12bot.com/)"
185.191.171.18 - - [12/Oct/2022:06:37:06 +0200] "GET /yellow-ocher-dolomite-vase-p-55111.html HTTP/1.0" 200 72358 "-" "Mozilla/5.0 (compatible; SemrushBot/7~bl; +http://www.semrush.com/bot.html)"
95.217.109.26 - - [12/Oct/2022:06:37:08 +0200] "GET /-p-32876.html HTTP/1.0" 200 72248 "-" "Mozilla/5.0 (compatible; MJ12bot/v1.4.8; http://mj12bot.com/)"
66.249.64.244 - - [12/Oct/2022:06:37:12 +0200] "GET /images/mini_prod/3700276216064.jpg HTTP/1.0" 200 269 "-" "Googlebot-Image/1.0"
157.90.177.217 - - [12/Oct/2022:06:37:11 +0200] "GET /monkey-chandelier-white-resin-p-56424.html HTTP/1.0" 200 75919 "-" "Mozilla/5.0 (compatible; BLEXBot/1.0; +http://webmeup-crawler.com/)"
95.217.109.26 - - [12/Oct/2022:06:37:12 +0200] "GET /-p-32985.html HTTP/1.0" 200 72248 "-" "Mozilla/5.0 (compatible; MJ12bot/v1.4.8; http://mj12bot.com/)"
95.217.109.26 - - [12/Oct/2022:06:37:16 +0200] "GET /-p-33070.html HTTP/1.0" 200 72248 "-" "Mozilla/5.0 (compatible; MJ12bot/v1.4.8; http://mj12bot.com/)"
95.217.109.26 - - [12/Oct/2022:06:37:19 +0200] "GET /-p-33150.html HTTP/1.0" 200 72248 "-" "Mozilla/5.0 (compatible; MJ12bot/v1.4.8; http://mj12bot.com/)"
95.217.109.26 - - [12/Oct/2022:06:37:22 +0200] "GET /-p-33182.html HTTP/1.0" 200 72248 "-" "Mozilla/5.0 (compatible; MJ12bot/v1.4.8; http://mj12bot.com/)"
95.217.109.26 - - [12/Oct/2022:06:37:25 +0200] "GET /-p-33187.html HTTP/1.0" 200 72248 "-" "Mozilla/5.0 (compatible; MJ12bot/v1.4.8; http://mj12bot.com/)"
157.90.177.217 - - [12/Oct/2022:06:37:26 +0200] "GET /monkey-lamp-black-resin-p-59167.html HTTP/1.0" 200 75846 "-" "Mozilla/5.0 (compatible; BLEXBot/1.0; +http://webmeup-crawler.com/)"
95.217.109.26 - - [12/Oct/2022:06:37:28 +0200] "GET /-p-33188.html HTTP/1.0" 200 72248 "-" "Mozilla/5.0 (compatible; MJ12bot/v1.4.8; http://mj12bot.com/)"
95.217.109.26 - - [12/Oct/2022:06:37:31 +0200] "GET /-p-33189.html HTTP/1.0" 200 72248 "-" "Mozilla/5.0 (compatible; MJ12bot/v1.4.8; http://mj12bot.com/)"
95.217.109.26 - - [12/Oct/2022:06:37:34 +0200] "GET /-p-33190.html HTTP/1.0" 200 72248 "-" "Mozilla/5.0 (compatible; MJ12bot/v1.4.8; http://mj12bot.com/)"
95.217.109.26 - - [12/Oct/2022:06:37:37 +0200] "GET /-p-33245.html HTTP/1.0" 200 72248 "-" "Mozilla/5.0 (compatible; MJ12bot/v1.4.8; http://mj12bot.com/)"
95.217.109.26 - - [12/Oct/2022:06:37:40 +0200] "GET /-p-33317.html HTTP/1.0" 200 72248 "-" "Mozilla/5.0 (compatible; MJ12bot/v1.4.8; http://mj12bot.com/)"
157.90.177.217 - - [12/Oct/2022:06:37:41 +0200] "GET /monkey-money-p-54817.html HTTP/1.0" 200 74881 "-" "Mozilla/5.0 (compatible; BLEXBot/1.0; +http://webmeup-crawler.com/)"
95.217.109.26 - - [12/Oct/2022:06:37:43 +0200] "GET /-p-33581.html HTTP/1.0" 200 72248 "-" "Mozilla/5.0 (compatible; MJ12bot/v1.4.8; http://mj12bot.com/)"
95.217.109.26 - - [12/Oct/2022:06:37:47 +0200] "GET /-p-3377.html HTTP/1.0" 200 72246 "-" "Mozilla/5.0 (compatible; MJ12bot/v1.4.8; http://mj12bot.com/)"
54.36.148.13 - - [12/Oct/2022:06:37:47 +0200] "GET /masha-bear-doll-sled-p-36999.html HTTP/1.0" 200 75610 "-" "Mozilla/5.0 (compatible; AhrefsBot/7.0; +http://ahrefs.com/robot/)"
54.36.148.60 - - [12/Oct/2022:06:37:51 +0200] "GET /images/big_prod/4006592916817.jpg HTTP/1.0" 200 268 "-" "Mozilla/5.0 (compatible; AhrefsBot/7.0; +http://ahrefs.com/robot/)"
54.36.148.114 - - [12/Oct/2022:06:37:51 +0200] "GET /images/big_prod_1/b4006592916817.jpg HTTP/1.0" 200 271 "-" "Mozilla/5.0 (compatible; AhrefsBot/7.0; +http://ahrefs.com/robot/)"
95.217.109.26 - - [12/Oct/2022:06:37:50 +0200] "GET /-p-33861.html HTTP/1.0" 200 72248 "-" "Mozilla/5.0 (compatible; MJ12bot/v1.4.8; http://mj12bot.com/)"
95.217.109.26 - - [12/Oct/2022:06:37:53 +0200] "GET /-p-33862.html HTTP/1.0" 200 72248 "-" "Mozilla/5.0 (compatible; MJ12bot/v1.4.8; http://mj12bot.com/)"
95.217.109.26 - - [12/Oct/2022:06:37:56 +0200] "GET /-p-34215.html HTTP/1.0" 200 72248 "-" "Mozilla/5.0 (compatible; MJ12bot/v1.4.8; http://mj12bot.com/)"
157.90.177.217 - - [12/Oct/2022:06:37:57 +0200] "GET /monkey-neck-water-bottle-p-57534.html HTTP/1.0" 200 75696 "-" "Mozilla/5.0 (compatible; BLEXBot/1.0; +http://webmeup-crawler.com/)"
95.217.109.26 - - [12/Oct/2022:06:37:59 +0200] "GET /-p-34358.html HTTP/1.0" 200 72248 "-" "Mozilla/5.0 (compatible; MJ12bot/v1.4.8; http://mj12bot.com/)"
95.217.109.26 - - [12/Oct/2022:06:38:02 +0200] "GET /-p-34361.html HTTP/1.0" 200 72248 "-" "Mozilla/5.0 (compatible; MJ12bot/v1.4.8; http://mj12bot.com/)"
95.217.109.26 - - [12/Oct/2022:06:38:05 +0200] "GET /-p-34502.html HTTP/1.0" 200 72248 "-" "Mozilla/5.0 (compatible; MJ12bot/v1.4.8; http://mj12bot.com/)"
185.191.171.36 - - [12/Oct/2022:06:38:06 +0200] "GET /polar-blanket-p-58800.html HTTP/1.0" 200 75511 "-" "Mozilla/5.0 (compatible; SemrushBot/7~bl; +http://www.semrush.com/bot.html)"
95.217.109.26 - - [12/Oct/2022:06:38:07 +0200] "GET /-p-34505.html HTTP/1.0" 200 72248 "-" "Mozilla/5.0 (compatible; MJ12bot/v1.4.8; http://mj12bot.com/)"
185.191.171.36 - - [12/Oct/2022:06:38:09 +0200] "GET /luggages-schoolbags-leather-shop-c-31.html?page=74 HTTP/1.0" 200 89035 "-" "Mozilla/5.0 (compatible; SemrushBot/7~bl; +http://www.semrush.com/bot.html)"
95.217.109.26 - - [12/Oct/2022:06:38:11 +0200] "GET /-p-34551.html HTTP/1.0" 200 72248 "-" "Mozilla/5.0 (compatible; MJ12bot/v1.4.8; http://mj12bot.com/)"
157.90.177.217 - - [12/Oct/2022:06:38:11 +0200] "GET /monkey-palm-tree-statuette-p-54284.html HTTP/1.0" 200 75886 "-" "Mozilla/5.0 (compatible; BLEXBot/1.0; +http://webmeup-crawler.com/)"
95.217.109.26 - - [12/Oct/2022:06:38:15 +0200] "GET /-p-34552.html HTTP/1.0" 200 72248 "-" "Mozilla/5.0 (compatible; MJ12bot/v1.4.8; http://mj12bot.com/)"
95.217.109.26 - - [12/Oct/2022:06:38:18 +0200] "GET /-p-34583.html HTTP/1.0" 200 72248 "-" "Mozilla/5.0 (compatible; MJ12bot/v1.4.8; http://mj12bot.com/)"
95.217.109.26 - - [12/Oct/2022:06:38:21 +0200] "GET /-p-34690.html HTTP/1.0" 200 72248 "-" "Mozilla/5.0 (compatible; MJ12bot/v1.4.8; http://mj12bot.com/)"
95.217.109.26 - - [12/Oct/2022:06:38:24 +0200] "GET /-p-35032.html HTTP/1.0" 200 72248 "-" "Mozilla/5.0 (compatible; MJ12bot/v1.4.8; http://mj12bot.com/)"
95.217.109.26 - - [12/Oct/2022:06:38:26 +0200] "GET /-p-35105.html HTTP/1.0" 200 72248 "-" "Mozilla/5.0 (compatible; MJ12bot/v1.4.8; http://mj12bot.com/)"
157.90.177.217 - - [12/Oct/2022:06:38:27 +0200] "GET /monkey-planter-p-54320.html HTTP/1.0" 200 75421 "-" "Mozilla/5.0 (compatible; BLEXBot/1.0; +http://webmeup-crawler.com/)"
95.217.109.26 - - [12/Oct/2022:06:38:29 +0200] "GET /-p-35107.html HTTP/1.0" 200 72248 "-" "Mozilla/5.0 (compatible; MJ12bot/v1.4.8; http://mj12bot.com/)"
185.191.171.15 - - [12/Oct/2022:06:38:30 +0200] "GET /specials.php?page=41 HTTP/1.0" 200 123993 "-" "Mozilla/5.0 (compatible; SemrushBot/7~bl; +http://www.semrush.com/bot.html)"
95.217.109.26 - - [12/Oct/2022:06:38:33 +0200] "GET /-p-35122.html HTTP/1.0" 200 72248 "-" "Mozilla/5.0 (compatible; MJ12bot/v1.4.8; http://mj12bot.com/)"
43.130.59.85 - - [12/Oct/2022:06:38:37 +0200] "GET /images/mini_prod/1399984258194.jpg HTTP/1.0" 200 269 "-" "Mozilla/5.0 (X11; Ubuntu; Linux x86_64; rv:72.0) Gecko/20100101 Firefox/72.0"
95.217.109.26 - - [12/Oct/2022:06:38:36 +0200] "GET /-p-35209.html HTTP/1.0" 200 72248 "-" "Mozilla/5.0 (compatible; MJ12bot/v1.4.8; http://mj12bot.com/)"
95.217.109.26 - - [12/Oct/2022:06:38:39 +0200] "GET /-p-35294.html HTTP/1.0" 200 72248 "-" "Mozilla/5.0 (compatible; MJ12bot/v1.4.8; http://mj12bot.com/)"
185.191.171.13 - - [12/Oct/2022:06:38:40 +0200] "GET /laissez-lucie-faire-small-wallet-roberto-p-44825.html HTTP/1.0" 200 72382 "-" "Mozilla/5.0 (compatible; SemrushBot/7~bl; +http://www.semrush.com/bot.html)"
95.217.109.26 - - [12/Oct/2022:06:38:42 +0200] "GET /-p-35296.html HTTP/1.0" 200 72248 "-" "Mozilla/5.0 (compatible; MJ12bot/v1.4.8; http://mj12bot.com/)"
157.90.177.217 - - [12/Oct/2022:06:38:43 +0200] "GET /monkey-pyramid-statuette-p-55276.html HTTP/1.0" 200 75806 "-" "Mozilla/5.0 (compatible; BLEXBot/1.0; +http://webmeup-crawler.com/)"
95.217.109.26 - - [12/Oct/2022:06:38:45 +0200] "GET /-p-35309.html HTTP/1.0" 200 72248 "-" "Mozilla/5.0 (compatible; MJ12bot/v1.4.8; http://mj12bot.com/)"
95.217.109.26 - - [12/Oct/2022:06:38:47 +0200] "GET /-p-35321.html HTTP/1.0" 200 72248 "-" "Mozilla/5.0 (compatible; MJ12bot/v1.4.8; http://mj12bot.com/)"
95.217.109.26 - - [12/Oct/2022:06:38:50 +0200] "GET /-p-35332.html HTTP/1.0" 200 72248 "-" "Mozilla/5.0 (compatible; MJ12bot/v1.4.8; http://mj12bot.com/)"
95.217.109.26 - - [12/Oct/2022:06:38:53 +0200] "GET /-p-35485.html HTTP/1.0" 200 72248 "-" "Mozilla/5.0 (compatible; MJ12bot/v1.4.8; http://mj12bot.com/)"
94.74.105.32 - - [12/Oct/2022:06:38:57 +0200] "GET /images/mini_prod/1384010179567.jpg HTTP/1.0" 200 269 "-" "Mozilla/5.0 (Windows NT 10.0; Win64; x64) AppleWebKit/537.36 (KHTML, like Gecko) Chrome/54.0.2840.99 Safari/537.36"
95.217.109.26 - - [12/Oct/2022:06:38:56 +0200] "GET /-p-35633.html HTTP/1.0" 200 72248 "-" "Mozilla/5.0 (compatible; MJ12bot/v1.4.8; http://mj12bot.com/)"
95.217.109.26 - - [12/Oct/2022:06:38:59 +0200] "GET /-p-35657.html HTTP/1.0" 200 72248 "-" "Mozilla/5.0 (compatible; MJ12bot/v1.4.8; http://mj12bot.com/)"
157.90.177.217 - - [12/Oct/2022:06:39:00 +0200] "GET /monkey-soft-beige-water-bottle-p-56884.html HTTP/1.0" 200 76033 "-" "Mozilla/5.0 (compatible; BLEXBot/1.0; +http://webmeup-crawler.com/)"
95.217.109.26 - - [12/Oct/2022:06:39:02 +0200] "GET /-p-3629.html HTTP/1.0" 200 72246 "-" "Mozilla/5.0 (compatible; MJ12bot/v1.4.8; http://mj12bot.com/)"
95.217.109.26 - - [12/Oct/2022:06:39:05 +0200] "GET /-p-36315.html HTTP/1.0" 200 72248 "-" "Mozilla/5.0 (compatible; MJ12bot/v1.4.8; http://mj12bot.com/)"
54.36.149.4 - - [12/Oct/2022:06:39:08 +0200] "GET /parma-perfume-diffuser-p-35891.html HTTP/1.0" 200 75003 "-" "Mozilla/5.0 (compatible; AhrefsBot/7.0; +http://ahrefs.com/robot/)"
95.217.109.26 - - [12/Oct/2022:06:39:08 +0200] "GET /-p-36317.html HTTP/1.0" 200 72248 "-" "Mozilla/5.0 (compatible; MJ12bot/v1.4.8; http://mj12bot.com/)"
54.36.148.111 - - [12/Oct/2022:06:39:12 +0200] "GET /images/big_prod/1384010188804.jpg HTTP/1.0" 200 268 "-" "Mozilla/5.0 (compatible; AhrefsBot/7.0; +http://ahrefs.com/robot/)"
95.217.109.26 - - [12/Oct/2022:06:39:11 +0200] "GET /-p-36319.html HTTP/1.0" 200 72248 "-" "Mozilla/5.0 (compatible; MJ12bot/v1.4.8; http://mj12bot.com/)"
95.217.109.26 - - [12/Oct/2022:06:39:14 +0200] "GET /-p-36344.html HTTP/1.0" 200 72248 "-" "Mozilla/5.0 (compatible; MJ12bot/v1.4.8; http://mj12bot.com/)"
157.90.177.217 - - [12/Oct/2022:06:39:15 +0200] "GET /monkey-statue-resin-anything-p-37189.html HTTP/1.0" 200 75064 "-" "Mozilla/5.0 (compatible; BLEXBot/1.0; +http://webmeup-crawler.com/)"
95.217.109.26 - - [12/Oct/2022:06:39:17 +0200] "GET /-p-36348.html HTTP/1.0" 200 72248 "-" "Mozilla/5.0 (compatible; MJ12bot/v1.4.8; http://mj12bot.com/)"
95.217.109.26 - - [12/Oct/2022:06:39:21 +0200] "GET /-p-36396.html HTTP/1.0" 200 72248 "-" "Mozilla/5.0 (compatible; MJ12bot/v1.4.8; http://mj12bot.com/)"
95.217.109.26 - - [12/Oct/2022:06:39:24 +0200] "GET /-p-36465.html HTTP/1.0" 200 72248 "-" "Mozilla/5.0 (compatible; MJ12bot/v1.4.8; http://mj12bot.com/)"
95.217.109.26 - - [12/Oct/2022:06:39:27 +0200] "GET /-p-36466.html HTTP/1.0" 200 72248 "-" "Mozilla/5.0 (compatible; MJ12bot/v1.4.8; http://mj12bot.com/)"
95.217.109.26 - - [12/Oct/2022:06:39:30 +0200] "GET /-p-36485.html HTTP/1.0" 200 72248 "-" "Mozilla/5.0 (compatible; MJ12bot/v1.4.8; http://mj12bot.com/)"
157.90.177.217 - - [12/Oct/2022:06:39:32 +0200] "GET /monkey-statue-resin-said-nothing-nothing-seen-nothing-heard-p-36553.html HTTP/1.0" 200 75299 "-" "Mozilla/5.0 (compatible; BLEXBot/1.0; +http://webmeup-crawler.com/)"
95.217.109.26 - - [12/Oct/2022:06:39:33 +0200] "GET /-p-36714.html HTTP/1.0" 200 72248 "-" "Mozilla/5.0 (compatible; MJ12bot/v1.4.8; http://mj12bot.com/)"
125.78.216.148 - - [12/Oct/2022:06:39:37 +0200] "GET /contact_us.php HTTP/1.0" 301 539 "-" "Mozilla/5.0 (Windows NT 6.1; Trident/7.0; rv:11.0) like Gecko"
95.217.109.26 - - [12/Oct/2022:06:39:37 +0200] "GET /-p-36722.html HTTP/1.0" 200 72248 "-" "Mozilla/5.0 (compatible; MJ12bot/v1.4.8; http://mj12bot.com/)"
125.78.216.148 - - [12/Oct/2022:06:39:38 +0200] "GET /contact_us.php HTTP/1.0" 200 26241 "-" "Mozilla/5.0 (Windows NT 6.1; Trident/7.0; rv:11.0) like Gecko"
93.158.161.6 - - [12/Oct/2022:06:39:39 +0200] "GET /russian-dolls-white-samsung-galaxy-note-phone-cover-p-18760.html HTTP/1.0" 301 72315 "-" "Mozilla/5.0 (compatible; YandexBot/3.0; +http://yandex.com/bots)"
95.217.109.26 - - [12/Oct/2022:06:39:39 +0200] "GET /-p-37504.html HTTP/1.0" 200 72248 "-" "Mozilla/5.0 (compatible; MJ12bot/v1.4.8; http://mj12bot.com/)"
125.78.216.148 - - [12/Oct/2022:06:39:41 +0200] "POST /contact_us.php?action=send HTTP/1.0" 200 27432 "http://wonder-geek.com/contact_us.php" "Mozilla/5.0 (Windows NT 6.1; Trident/7.0; rv:11.0) like Gecko"
125.78.216.148 - - [12/Oct/2022:06:39:43 +0200] "GET /contact_us.php HTTP/1.0" 301 539 "-" "Mozilla/5.0 (Windows NT 6.1; Trident/7.0; rv:11.0) like Gecko"
93.158.161.6 - - [12/Oct/2022:06:39:42 +0200] "GET /-p-18760.html HTTP/1.0" 200 72248 "-" "Mozilla/5.0 (compatible; YandexBot/3.0; +http://yandex.com/bots)"
125.78.216.148 - - [12/Oct/2022:06:39:43 +0200] "GET /contact_us.php HTTP/1.0" 200 26241 "-" "Mozilla/5.0 (Windows NT 6.1; Trident/7.0; rv:11.0) like Gecko"
95.217.109.26 - - [12/Oct/2022:06:39:43 +0200] "GET /-p-37532.html HTTP/1.0" 200 72248 "-" "Mozilla/5.0 (compatible; MJ12bot/v1.4.8; http://mj12bot.com/)"
95.217.109.26 - - [12/Oct/2022:06:39:46 +0200] "GET /-p-37533.html HTTP/1.0" 200 72248 "-" "Mozilla/5.0 (compatible; MJ12bot/v1.4.8; http://mj12bot.com/)"
157.90.177.217 - - [12/Oct/2022:06:39:47 +0200] "GET /monkey-statue-resin-said-nothing-nothing-seen-nothing-heard-p-49276.html HTTP/1.0" 200 75300 "-" "Mozilla/5.0 (compatible; BLEXBot/1.0; +http://webmeup-crawler.com/)"
95.217.109.26 - - [12/Oct/2022:06:39:49 +0200] "GET /-p-37883.html HTTP/1.0" 200 72248 "-" "Mozilla/5.0 (compatible; MJ12bot/v1.4.8; http://mj12bot.com/)"
95.217.109.26 - - [12/Oct/2022:06:39:52 +0200] "GET /-p-37930.html HTTP/1.0" 200 72248 "-" "Mozilla/5.0 (compatible; MJ12bot/v1.4.8; http://mj12bot.com/)"
95.217.109.26 - - [12/Oct/2022:06:39:55 +0200] "GET /-p-39023.html HTTP/1.0" 200 72248 "-" "Mozilla/5.0 (compatible; MJ12bot/v1.4.8; http://mj12bot.com/)"
185.191.171.19 - - [12/Oct/2022:06:39:56 +0200] "GET /retro-french-adult-apron-p-40734.html HTTP/1.0" 200 74898 "-" "Mozilla/5.0 (compatible; SemrushBot/7~bl; +http://www.semrush.com/bot.html)"
95.217.109.26 - - [12/Oct/2022:06:39:58 +0200] "GET /-p-39024.html HTTP/1.0" 200 72248 "-" "Mozilla/5.0 (compatible; MJ12bot/v1.4.8; http://mj12bot.com/)"
95.217.109.26 - - [12/Oct/2022:06:40:01 +0200] "GET /-p-39168.html HTTP/1.0" 200 72248 "-" "Mozilla/5.0 (compatible; MJ12bot/v1.4.8; http://mj12bot.com/)"
157.90.177.217 - - [12/Oct/2022:06:40:02 +0200] "GET /monkey-statue-resin-said-nothing-nothing-seen-nothing-heard-p-53675.html HTTP/1.0" 200 75326 "-" "Mozilla/5.0 (compatible; BLEXBot/1.0; +http://webmeup-crawler.com/)"
95.217.109.26 - - [12/Oct/2022:06:40:04 +0200] "GET /-p-39169.html HTTP/1.0" 200 72248 "-" "Mozilla/5.0 (compatible; MJ12bot/v1.4.8; http://mj12bot.com/)"
95.217.109.26 - - [12/Oct/2022:06:40:06 +0200] "GET /-p-39536.html HTTP/1.0" 200 72248 "-" "Mozilla/5.0 (compatible; MJ12bot/v1.4.8; http://mj12bot.com/)"
185.191.171.22 - - [12/Oct/2022:06:40:09 +0200] "GET /industrial-pouf-storage-small-size-only-p-45096.html HTTP/1.0" 200 72370 "-" "Mozilla/5.0 (compatible; SemrushBot/7~bl; +http://www.semrush.com/bot.html)"
95.217.109.26 - - [12/Oct/2022:06:40:09 +0200] "GET /-p-39760.html HTTP/1.0" 200 72248 "-" "Mozilla/5.0 (compatible; MJ12bot/v1.4.8; http://mj12bot.com/)"
95.217.109.26 - - [12/Oct/2022:06:40:12 +0200] "GET /-p-39778.html HTTP/1.0" 200 72248 "-" "Mozilla/5.0 (compatible; MJ12bot/v1.4.8; http://mj12bot.com/)"
66.249.64.246 - - [12/Oct/2022:06:40:13 +0200] "GET /serve-coffee-cutting-board-p-40647.html HTTP/1.0" 200 74992 "-" "Mozilla/5.0 (Linux; Android 6.0.1; Nexus 5X Build/MMB29P) AppleWebKit/537.36 (KHTML, like Gecko) Chrome/106.0.5249.103 Mobile Safari/537.36 (compatible; Googlebot/2.1; +http://www.google.com/bot.html)"
95.217.109.26 - - [12/Oct/2022:06:40:15 +0200] "GET /-p-39841.html HTTP/1.0" 200 72248 "-" "Mozilla/5.0 (compatible; MJ12bot/v1.4.8; http://mj12bot.com/)"
66.249.64.246 - - [12/Oct/2022:06:40:16 +0200] "GET /winx-picnic-set-p-17168.html HTTP/1.0" 301 75806 "-" "Mozilla/5.0 (compatible; Googlebot/2.1; +http://www.google.com/bot.html)"
157.90.177.217 - - [12/Oct/2022:06:40:17 +0200] "GET /monkey-statues-resin-said-nothing-nothing-seen-nothing-heard-p-56820.html HTTP/1.0" 200 76606 "-" "Mozilla/5.0 (compatible; BLEXBot/1.0; +http://webmeup-crawler.com/)"
66.249.64.242 - - [12/Oct/2022:06:40:18 +0200] "GET /winx-picnic-p-17168.html HTTP/1.0" 200 75728 "-" "Mozilla/5.0 (compatible; Googlebot/2.1; +http://www.google.com/bot.html)"
95.217.109.26 - - [12/Oct/2022:06:40:19 +0200] "GET /-p-39865.html HTTP/1.0" 200 72248 "-" "Mozilla/5.0 (compatible; MJ12bot/v1.4.8; http://mj12bot.com/)"
95.217.109.26 - - [12/Oct/2022:06:40:23 +0200] "GET /-p-40019.html HTTP/1.0" 200 72248 "-" "Mozilla/5.0 (compatible; MJ12bot/v1.4.8; http://mj12bot.com/)"
95.217.109.26 - - [12/Oct/2022:06:40:25 +0200] "GET /-p-40032.html HTTP/1.0" 200 72248 "-" "Mozilla/5.0 (compatible; MJ12bot/v1.4.8; http://mj12bot.com/)"
54.36.148.30 - - [12/Oct/2022:06:40:26 +0200] "GET /collectible-figurines-decorative-c-13_135.html?page=38 HTTP/1.0" 200 81826 "-" "Mozilla/5.0 (compatible; AhrefsBot/7.0; +http://ahrefs.com/robot/)"
95.217.109.26 - - [12/Oct/2022:06:40:28 +0200] "GET /-p-40101.html HTTP/1.0" 200 72248 "-" "Mozilla/5.0 (compatible; MJ12bot/v1.4.8; http://mj12bot.com/)"
95.217.109.26 - - [12/Oct/2022:06:40:31 +0200] "GET /-p-4055.html HTTP/1.0" 200 72246 "-" "Mozilla/5.0 (compatible; MJ12bot/v1.4.8; http://mj12bot.com/)"
157.90.177.217 - - [12/Oct/2022:06:40:32 +0200] "GET /monkeys-gymnastics-figurine-resin-p-53654.html HTTP/1.0" 200 75754 "-" "Mozilla/5.0 (compatible; BLEXBot/1.0; +http://webmeup-crawler.com/)"
95.217.109.26 - - [12/Oct/2022:06:40:34 +0200] "GET /-p-40843.html HTTP/1.0" 200 72248 "-" "Mozilla/5.0 (compatible; MJ12bot/v1.4.8; http://mj12bot.com/)"
95.217.109.26 - - [12/Oct/2022:06:40:37 +0200] "GET /-p-41018.html HTTP/1.0" 200 72248 "-" "Mozilla/5.0 (compatible; MJ12bot/v1.4.8; http://mj12bot.com/)"
95.217.109.26 - - [12/Oct/2022:06:40:40 +0200] "GET /-p-41290.html HTTP/1.0" 200 72248 "-" "Mozilla/5.0 (compatible; MJ12bot/v1.4.8; http://mj12bot.com/)"
95.217.109.26 - - [12/Oct/2022:06:40:43 +0200] "GET /-p-41557.html HTTP/1.0" 200 72248 "-" "Mozilla/5.0 (compatible; MJ12bot/v1.4.8; http://mj12bot.com/)"
95.217.109.26 - - [12/Oct/2022:06:40:45 +0200] "GET /-p-41558.html HTTP/1.0" 200 72248 "-" "Mozilla/5.0 (compatible; MJ12bot/v1.4.8; http://mj12bot.com/)"
185.191.171.36 - - [12/Oct/2022:06:40:45 +0200] "GET /pink-flamingo-decoration-white-p-40429.html HTTP/1.0" 200 72374 "-" "Mozilla/5.0 (compatible; SemrushBot/7~bl; +http://www.semrush.com/bot.html)"
157.90.177.217 - - [12/Oct/2022:06:40:48 +0200] "GET /monkeys-statuette-base-p-54256.html HTTP/1.0" 200 75841 "-" "Mozilla/5.0 (compatible; BLEXBot/1.0; +http://webmeup-crawler.com/)"
95.217.109.26 - - [12/Oct/2022:06:40:48 +0200] "GET /-p-41559.html HTTP/1.0" 200 72248 "-" "Mozilla/5.0 (compatible; MJ12bot/v1.4.8; http://mj12bot.com/)"
95.217.109.26 - - [12/Oct/2022:06:40:52 +0200] "GET /-p-42048.html HTTP/1.0" 200 72248 "-" "Mozilla/5.0 (compatible; MJ12bot/v1.4.8; http://mj12bot.com/)"
95.217.109.26 - - [12/Oct/2022:06:40:55 +0200] "GET /-p-42066.html HTTP/1.0" 200 72248 "-" "Mozilla/5.0 (compatible; MJ12bot/v1.4.8; http://mj12bot.com/)"
95.217.109.26 - - [12/Oct/2022:06:40:58 +0200] "GET /-p-42067.html HTTP/1.0" 200 72248 "-" "Mozilla/5.0 (compatible; MJ12bot/v1.4.8; http://mj12bot.com/)"
95.217.109.26 - - [12/Oct/2022:06:41:01 +0200] "GET /-p-42068.html HTTP/1.0" 200 72248 "-" "Mozilla/5.0 (compatible; MJ12bot/v1.4.8; http://mj12bot.com/)"
157.90.177.217 - - [12/Oct/2022:06:41:03 +0200] "GET /monster-high-creative-killer-phone-accessories-p-15914.html HTTP/1.0" 200 75943 "-" "Mozilla/5.0 (compatible; BLEXBot/1.0; +http://webmeup-crawler.com/)"
95.217.109.26 - - [12/Oct/2022:06:41:04 +0200] "GET /-p-42084.html HTTP/1.0" 200 72248 "-" "Mozilla/5.0 (compatible; MJ12bot/v1.4.8; http://mj12bot.com/)"
95.217.109.26 - - [12/Oct/2022:06:41:08 +0200] "GET /-p-42099.html HTTP/1.0" 200 72248 "-" "Mozilla/5.0 (compatible; MJ12bot/v1.4.8; http://mj12bot.com/)"
95.217.109.26 - - [12/Oct/2022:06:41:11 +0200] "GET /-p-43198.html HTTP/1.0" 200 72248 "-" "Mozilla/5.0 (compatible; MJ12bot/v1.4.8; http://mj12bot.com/)"
95.217.109.26 - - [12/Oct/2022:06:41:14 +0200] "GET /-p-433.html HTTP/1.0" 200 72244 "-" "Mozilla/5.0 (compatible; MJ12bot/v1.4.8; http://mj12bot.com/)"
95.217.109.26 - - [12/Oct/2022:06:41:17 +0200] "GET /-p-43379.html HTTP/1.0" 200 72248 "-" "Mozilla/5.0 (compatible; MJ12bot/v1.4.8; http://mj12bot.com/)"
157.90.177.217 - - [12/Oct/2022:06:41:17 +0200] "GET /monster-money-p-28124.html HTTP/1.0" 200 74816 "-" "Mozilla/5.0 (compatible; BLEXBot/1.0; +http://webmeup-crawler.com/)"
95.217.109.26 - - [12/Oct/2022:06:41:20 +0200] "GET /-p-43800.html HTTP/1.0" 200 72248 "-" "Mozilla/5.0 (compatible; MJ12bot/v1.4.8; http://mj12bot.com/)"
95.217.109.26 - - [12/Oct/2022:06:41:23 +0200] "GET /-p-43899.html HTTP/1.0" 200 72248 "-" "Mozilla/5.0 (compatible; MJ12bot/v1.4.8; http://mj12bot.com/)"
185.191.171.7 - - [12/Oct/2022:06:41:26 +0200] "GET /large-cream-vase-p-57289.html HTTP/1.0" 200 75834 "-" "Mozilla/5.0 (compatible; SemrushBot/7~bl; +http://www.semrush.com/bot.html)"
95.217.109.26 - - [12/Oct/2022:06:41:26 +0200] "GET /-p-43956.html HTTP/1.0" 200 72248 "-" "Mozilla/5.0 (compatible; MJ12bot/v1.4.8; http://mj12bot.com/)"
