157.90.177.217 - - [12/Oct/2022:16:31:58 +0200] "GET /starry-russian-doll-cbkreation-p-18460.html HTTP/1.0" 200 74933 "-" "Mozilla/5.0 (compatible; BLEXBot/1.0; +http://webmeup-crawler.com/)"
178.31.21.16 - - [12/Oct/2022:16:32:04 +0200] "GET /templates/Pixame_v1/stylesheet.css HTTP/1.0" 200 267 "http://www.wonder-geek.com/copper-plate-with-flower-life-design-p-46284.html" "Mozilla/5.0 (Macintosh; Intel Mac OS X 10_15_7) AppleWebKit/537.36 (KHTML, like Gecko) Chrome/105.0.0.0 Safari/537.36"
178.31.21.16 - - [12/Oct/2022:16:32:04 +0200] "GET /highslide/highslide.js HTTP/1.0" 200 262 "http://www.wonder-geek.com/copper-plate-with-flower-life-design-p-46284.html" "Mozilla/5.0 (Macintosh; Intel Mac OS X 10_15_7) AppleWebKit/537.36 (KHTML, like Gecko) Chrome/105.0.0.0 Safari/537.36"
178.31.21.16 - - [12/Oct/2022:16:32:04 +0200] "GET /js/jquery.jqzoom.js HTTP/1.0" 200 259 "http://www.wonder-geek.com/copper-plate-with-flower-life-design-p-46284.html" "Mozilla/5.0 (Macintosh; Intel Mac OS X 10_15_7) AppleWebKit/537.36 (KHTML, like Gecko) Chrome/105.0.0.0 Safari/537.36"
178.31.21.16 - - [12/Oct/2022:16:32:04 +0200] "GET /js/jquery.js HTTP/1.0" 200 252 "http://www.wonder-geek.com/copper-plate-with-flower-life-design-p-46284.html" "Mozilla/5.0 (Macintosh; Intel Mac OS X 10_15_7) AppleWebKit/537.36 (KHTML, like Gecko) Chrome/105.0.0.0 Safari/537.36"
178.31.21.16 - - [12/Oct/2022:16:32:04 +0200] "GET /mondial_relay/js/jquery-1.3.2.min.js HTTP/1.0" 200 276 "http://www.wonder-geek.com/copper-plate-with-flower-life-design-p-46284.html" "Mozilla/5.0 (Macintosh; Intel Mac OS X 10_15_7) AppleWebKit/537.36 (KHTML, like Gecko) Chrome/105.0.0.0 Safari/537.36"
178.31.21.16 - - [12/Oct/2022:16:32:03 +0200] "GET /copper-plate-with-flower-life-design-p-46284.html HTTP/1.0" 200 76090 "https://www.google.com/" "Mozilla/5.0 (Macintosh; Intel Mac OS X 10_15_7) AppleWebKit/537.36 (KHTML, like Gecko) Chrome/105.0.0.0 Safari/537.36"
178.31.21.16 - - [12/Oct/2022:16:32:05 +0200] "GET /templates/Pixame_v1/images/icon_accueil2.png HTTP/1.0" 200 278 "http://www.wonder-geek.com/copper-plate-with-flower-life-design-p-46284.html" "Mozilla/5.0 (Macintosh; Intel Mac OS X 10_15_7) AppleWebKit/537.36 (KHTML, like Gecko) Chrome/105.0.0.0 Safari/537.36"
178.31.21.16 - - [12/Oct/2022:16:32:05 +0200] "GET /swfobject.js HTTP/1.0" 404 1308 "http://www.wonder-geek.com/copper-plate-with-flower-life-design-p-46284.html" "Mozilla/5.0 (Macintosh; Intel Mac OS X 10_15_7) AppleWebKit/537.36 (KHTML, like Gecko) Chrome/105.0.0.0 Safari/537.36"
178.31.21.16 - - [12/Oct/2022:16:32:05 +0200] "GET /images/pixel_trans.gif HTTP/1.0" 200 328 "http://www.wonder-geek.com/copper-plate-with-flower-life-design-p-46284.html" "Mozilla/5.0 (Macintosh; Intel Mac OS X 10_15_7) AppleWebKit/537.36 (KHTML, like Gecko) Chrome/105.0.0.0 Safari/537.36"
178.31.21.16 - - [12/Oct/2022:16:32:05 +0200] "GET /templates/Pixame_v1/images/pixel_trans.gif HTTP/1.0" 200 328 "http://www.wonder-geek.com/copper-plate-with-flower-life-design-p-46284.html" "Mozilla/5.0 (Macintosh; Intel Mac OS X 10_15_7) AppleWebKit/537.36 (KHTML, like Gecko) Chrome/105.0.0.0 Safari/537.36"
178.31.21.16 - - [12/Oct/2022:16:32:05 +0200] "GET /templates/Pixame_v1/images/infobox/pixel_trans.gif HTTP/1.0" 200 328 "http://www.wonder-geek.com/copper-plate-with-flower-life-design-p-46284.html" "Mozilla/5.0 (Macintosh; Intel Mac OS X 10_15_7) AppleWebKit/537.36 (KHTML, like Gecko) Chrome/105.0.0.0 Safari/537.36"
178.31.21.16 - - [12/Oct/2022:16:32:05 +0200] "GET /templates/Pixame_v1/images/Middle_texture.jpg HTTP/1.0" 200 280 "http://www.wonder-geek.com/templates/Pixame_v1/stylesheet.css" "Mozilla/5.0 (Macintosh; Intel Mac OS X 10_15_7) AppleWebKit/537.36 (KHTML, like Gecko) Chrome/105.0.0.0 Safari/537.36"
178.31.21.16 - - [12/Oct/2022:16:32:05 +0200] "GET /templates/Pixame_v1/images/nav.png HTTP/1.0" 200 268 "http://www.wonder-geek.com/templates/Pixame_v1/stylesheet.css" "Mozilla/5.0 (Macintosh; Intel Mac OS X 10_15_7) AppleWebKit/537.36 (KHTML, like Gecko) Chrome/105.0.0.0 Safari/537.36"
178.31.21.16 - - [12/Oct/2022:16:32:05 +0200] "GET /images/big_prod/8719497615469.jpg HTTP/1.0" 200 268 "http://www.wonder-geek.com/copper-plate-with-flower-life-design-p-46284.html" "Mozilla/5.0 (Macintosh; Intel Mac OS X 10_15_7) AppleWebKit/537.36 (KHTML, like Gecko) Chrome/105.0.0.0 Safari/537.36"
178.31.21.16 - - [12/Oct/2022:16:32:05 +0200] "GET /templates/Pixame_v1/images/Bottom_texture.jpg HTTP/1.0" 200 280 "http://www.wonder-geek.com/templates/Pixame_v1/stylesheet.css" "Mozilla/5.0 (Macintosh; Intel Mac OS X 10_15_7) AppleWebKit/537.36 (KHTML, like Gecko) Chrome/105.0.0.0 Safari/537.36"
178.31.21.16 - - [12/Oct/2022:16:32:05 +0200] "GET /templates/Pixame_v1/images/header-object.png HTTP/1.0" 200 278 "http://www.wonder-geek.com/templates/Pixame_v1/stylesheet.css" "Mozilla/5.0 (Macintosh; Intel Mac OS X 10_15_7) AppleWebKit/537.36 (KHTML, like Gecko) Chrome/105.0.0.0 Safari/537.36"
178.31.21.16 - - [12/Oct/2022:16:32:05 +0200] "GET /templates/Pixame_v1/images/header.png HTTP/1.0" 200 271 "http://www.wonder-geek.com/templates/Pixame_v1/stylesheet.css" "Mozilla/5.0 (Macintosh; Intel Mac OS X 10_15_7) AppleWebKit/537.36 (KHTML, like Gecko) Chrome/105.0.0.0 Safari/537.36"
178.31.21.16 - - [12/Oct/2022:16:32:05 +0200] "GET /highslide/graphics/zoomin.cur HTTP/1.0" 200 614 "http://www.wonder-geek.com/templates/Pixame_v1/stylesheet.css" "Mozilla/5.0 (Macintosh; Intel Mac OS X 10_15_7) AppleWebKit/537.36 (KHTML, like Gecko) Chrome/105.0.0.0 Safari/537.36"
178.31.21.16 - - [12/Oct/2022:16:32:05 +0200] "GET /images/big_prod_1/8719497615469B.jpg HTTP/1.0" 200 271 "http://www.wonder-geek.com/copper-plate-with-flower-life-design-p-46284.html" "Mozilla/5.0 (Macintosh; Intel Mac OS X 10_15_7) AppleWebKit/537.36 (KHTML, like Gecko) Chrome/105.0.0.0 Safari/537.36"
178.31.21.16 - - [12/Oct/2022:16:32:05 +0200] "GET /templates/Pixame_v1/images/infobox/infobox_footer_middle.gif HTTP/1.0" 200 357 "http://www.wonder-geek.com/copper-plate-with-flower-life-design-p-46284.html" "Mozilla/5.0 (Macintosh; Intel Mac OS X 10_15_7) AppleWebKit/537.36 (KHTML, like Gecko) Chrome/105.0.0.0 Safari/537.36"
178.31.21.16 - - [12/Oct/2022:16:32:05 +0200] "GET /images/big_prod_2/8719497615469C.jpg HTTP/1.0" 200 271 "http://www.wonder-geek.com/copper-plate-with-flower-life-design-p-46284.html" "Mozilla/5.0 (Macintosh; Intel Mac OS X 10_15_7) AppleWebKit/537.36 (KHTML, like Gecko) Chrome/105.0.0.0 Safari/537.36"
178.31.21.16 - - [12/Oct/2022:16:32:05 +0200] "GET /design/productsenstock.png HTTP/1.0" 200 260 "http://www.wonder-geek.com/templates/Pixame_v1/stylesheet.css" "Mozilla/5.0 (Macintosh; Intel Mac OS X 10_15_7) AppleWebKit/537.36 (KHTML, like Gecko) Chrome/105.0.0.0 Safari/537.36"
178.31.21.16 - - [12/Oct/2022:16:32:05 +0200] "GET /templates/Pixame_v1/images/buttons/english/button_in_cart.gif HTTP/1.0" 200 295 "http://www.wonder-geek.com/copper-plate-with-flower-life-design-p-46284.html" "Mozilla/5.0 (Macintosh; Intel Mac OS X 10_15_7) AppleWebKit/537.36 (KHTML, like Gecko) Chrome/105.0.0.0 Safari/537.36"
178.31.21.16 - - [12/Oct/2022:16:32:06 +0200] "GET /highslide/graphics/outlines/drop-shadow.png HTTP/1.0" 200 277 "http://www.wonder-geek.com/copper-plate-with-flower-life-design-p-46284.html" "Mozilla/5.0 (Macintosh; Intel Mac OS X 10_15_7) AppleWebKit/537.36 (KHTML, like Gecko) Chrome/105.0.0.0 Safari/537.36"
178.31.21.16 - - [12/Oct/2022:16:32:06 +0200] "GET /highslide/graphics/loader.white.gif HTTP/1.0" 200 960 "http://www.wonder-geek.com/templates/Pixame_v1/stylesheet.css" "Mozilla/5.0 (Macintosh; Intel Mac OS X 10_15_7) AppleWebKit/537.36 (KHTML, like Gecko) Chrome/105.0.0.0 Safari/537.36"
178.31.21.16 - - [12/Oct/2022:16:32:06 +0200] "GET /highslide/graphics/zoomout.cur HTTP/1.0" 200 614 "http://www.wonder-geek.com/copper-plate-with-flower-life-design-p-46284.html" "Mozilla/5.0 (Macintosh; Intel Mac OS X 10_15_7) AppleWebKit/537.36 (KHTML, like Gecko) Chrome/105.0.0.0 Safari/537.36"
178.31.21.16 - - [12/Oct/2022:16:32:06 +0200] "GET /favicon.ico HTTP/1.0" 200 260 "http://www.wonder-geek.com/copper-plate-with-flower-life-design-p-46284.html" "Mozilla/5.0 (Macintosh; Intel Mac OS X 10_15_7) AppleWebKit/537.36 (KHTML, like Gecko) Chrome/105.0.0.0 Safari/537.36"
185.191.171.26 - - [12/Oct/2022:16:32:07 +0200] "GET /paris-place-amoureux-isothermic-stainless-steel-bottle-p-58786.html?action=add_product HTTP/1.0" 302 476 "-" "Mozilla/5.0 (compatible; SemrushBot/7~bl; +http://www.semrush.com/bot.html)"
220.230.168.7 - - [12/Oct/2022:16:32:10 +0200] "GET /images/big_prod_1/8422057789295B.jpg HTTP/1.0" 200 271 "-" "Mozilla/5.0 (X11; Ubuntu; Linux x86_64; rv:80.0) Gecko/20100101 Firefox/80.0"
157.90.177.217 - - [12/Oct/2022:16:32:14 +0200] "GET /starry-russian-doll-money-cbkreation-p-18469.html HTTP/1.0" 200 75015 "-" "Mozilla/5.0 (compatible; BLEXBot/1.0; +http://webmeup-crawler.com/)"
216.244.66.242 - - [12/Oct/2022:16:32:19 +0200] "GET /christmas-tree-ornament-christmas-balls-c-13_271.html HTTP/1.0" 200 92672 "-" "Mozilla/5.0 (compatible; DotBot/1.2; +https://opensiteexplorer.org/dotbot; help@moz.com)"
216.244.66.242 - - [12/Oct/2022:16:32:27 +0200] "GET /esotericism-lithotherapy-c-174.html HTTP/1.0" 200 91781 "-" "Mozilla/5.0 (compatible; DotBot/1.2; +https://opensiteexplorer.org/dotbot; help@moz.com)"
157.90.177.217 - - [12/Oct/2022:16:32:30 +0200] "GET /starry-russian-doll-mouse-cbkreation-p-18472.html HTTP/1.0" 200 74974 "-" "Mozilla/5.0 (compatible; BLEXBot/1.0; +http://webmeup-crawler.com/)"
66.249.64.242 - - [12/Oct/2022:16:32:38 +0200] "GET /michael-statue-p-46809.html HTTP/1.0" 200 72312 "-" "Mozilla/5.0 (compatible; Googlebot/2.1; +http://www.google.com/bot.html)"
54.36.148.118 - - [12/Oct/2022:16:32:46 +0200] "GET /embroidered-rectangular-tablecloth-kolam-p-42552.html HTTP/1.0" 200 75096 "-" "Mozilla/5.0 (compatible; AhrefsBot/7.0; +http://ahrefs.com/robot/)"
157.90.177.217 - - [12/Oct/2022:16:32:46 +0200] "GET /stars-moon-wall-decoration-p-50180.html HTTP/1.0" 200 75042 "-" "Mozilla/5.0 (compatible; BLEXBot/1.0; +http://webmeup-crawler.com/)"
54.36.148.169 - - [12/Oct/2022:16:32:50 +0200] "GET /images/big_prod/3014627935666.jpg HTTP/1.0" 200 268 "-" "Mozilla/5.0 (compatible; AhrefsBot/7.0; +http://ahrefs.com/robot/)"
185.191.171.13 - - [12/Oct/2022:16:32:55 +0200] "GET /petsy-terracotta-planter-grey-p-55324.html HTTP/1.0" 200 75652 "-" "Mozilla/5.0 (compatible; SemrushBot/7~bl; +http://www.semrush.com/bot.html)"
207.46.13.149 - - [12/Oct/2022:16:33:00 +0200] "GET /images/big_prod_1/b3608860224238.jpg HTTP/1.0" 200 271 "-" "Mozilla/5.0 AppleWebKit/537.36 (KHTML, like Gecko; compatible; bingbot/2.0; +http://www.bing.com/bingbot.htm) Chrome/103.0.5060.134 Safari/537.36"
66.249.64.242 - - [12/Oct/2022:16:32:59 +0200] "GET /terrasses-parisiennes-tray-p-12438.html HTTP/1.0" 200 75136 "-" "Mozilla/5.0 (Linux; Android 6.0.1; Nexus 5X Build/MMB29P) AppleWebKit/537.36 (KHTML, like Gecko) Chrome/106.0.5249.103 Mobile Safari/537.36 (compatible; Googlebot/2.1; +http://www.google.com/bot.html)"
157.90.177.217 - - [12/Oct/2022:16:33:04 +0200] "GET /stars-wars-darth-vader-phone-cover-iphone-p-15371.html HTTP/1.0" 200 75005 "-" "Mozilla/5.0 (compatible; BLEXBot/1.0; +http://webmeup-crawler.com/)"
157.90.177.217 - - [12/Oct/2022:16:33:20 +0200] "GET /stars-wars-darth-vader-phone-cover-iphone-p-16767.html HTTP/1.0" 200 75739 "-" "Mozilla/5.0 (compatible; BLEXBot/1.0; +http://webmeup-crawler.com/)"
157.90.177.217 - - [12/Oct/2022:16:33:37 +0200] "GET /stars-wars-galaxy-phone-cover-iphone-p-16766.html HTTP/1.0" 200 75713 "-" "Mozilla/5.0 (compatible; BLEXBot/1.0; +http://webmeup-crawler.com/)"
66.249.64.242 - - [12/Oct/2022:16:33:51 +0200] "GET /chair-cushion-scratchs-grey-p-43504.html HTTP/1.0" 200 75615 "-" "Mozilla/5.0 (compatible; Googlebot/2.1; +http://www.google.com/bot.html)"
54.36.148.34 - - [12/Oct/2022:16:33:52 +0200] "GET /bronze-gold-terracotta-flower-p-51994.html HTTP/1.0" 200 74996 "-" "Mozilla/5.0 (compatible; AhrefsBot/7.0; +http://ahrefs.com/robot/)"
157.90.177.217 - - [12/Oct/2022:16:33:53 +0200] "GET /stationery-c-129_191.html?page=1 HTTP/1.0" 200 92780 "-" "Mozilla/5.0 (compatible; BLEXBot/1.0; +http://webmeup-crawler.com/)"
51.68.224.127 - - [12/Oct/2022:16:33:57 +0200] "GET /adminweb/export_orders_xml.php?token=256de2z6edz6ed2z6DFSFsed2zed6zeDSFDSGdzedezfzf&maxorders=10&orderstart=1&status=14&start_date=2018-10-01 HTTP/1.0" 200 285 "-" "GesCom CharlotteBoutik Serveur"
51.68.224.127 - - [12/Oct/2022:16:33:57 +0200] "GET /adminweb/export_orders_xml.php?token=256de2z6edz6ed2z6DFSFsed2zed6zeDSFDSGdzedezfzf&maxorders=10&orderstart=1&status=6&start_date=2018-10-01 HTTP/1.0" 200 33985 "-" "GesCom CharlotteBoutik Serveur"
54.36.148.191 - - [12/Oct/2022:16:34:02 +0200] "GET /images/big_prod/5400924010737.jpg HTTP/1.0" 200 268 "-" "Mozilla/5.0 (compatible; AhrefsBot/7.0; +http://ahrefs.com/robot/)"
185.191.171.38 - - [12/Oct/2022:16:34:00 +0200] "GET /figurines-statuettes-statues-decoration-collection-c-292.html?page=31 HTTP/1.0" 200 93463 "-" "Mozilla/5.0 (compatible; SemrushBot/7~bl; +http://www.semrush.com/bot.html)"
207.46.13.140 - - [12/Oct/2022:16:34:02 +0200] "GET /fishes-ceramic-butter-dish-p-51416.html HTTP/1.0" 200 72342 "-" "Mozilla/5.0 AppleWebKit/537.36 (KHTML, like Gecko; compatible; bingbot/2.0; +http://www.bing.com/bingbot.htm) Chrome/103.0.5060.134 Safari/537.36"
207.46.13.140 - - [12/Oct/2022:16:34:05 +0200] "GET /ceramic-salt-with-spoon-cabourg-p-50635.html HTTP/1.0" 200 74953 "-" "Mozilla/5.0 AppleWebKit/537.36 (KHTML, like Gecko; compatible; bingbot/2.0; +http://www.bing.com/bingbot.htm) Chrome/103.0.5060.134 Safari/537.36"
157.90.177.217 - - [12/Oct/2022:16:34:11 +0200] "GET /stationery-cardmaking-c-129.html?page=1 HTTP/1.0" 200 94302 "-" "Mozilla/5.0 (compatible; BLEXBot/1.0; +http://webmeup-crawler.com/)"
157.90.177.217 - - [12/Oct/2022:16:34:28 +0200] "GET /stationery-cardmaking-c-129.html?page=12 HTTP/1.0" 200 93978 "-" "Mozilla/5.0 (compatible; BLEXBot/1.0; +http://webmeup-crawler.com/)"
185.191.171.42 - - [12/Oct/2022:16:34:38 +0200] "GET /flower-joris-collection-p-54682.html HTTP/1.0" 200 72362 "-" "Mozilla/5.0 (compatible; SemrushBot/7~bl; +http://www.semrush.com/bot.html)"
157.90.177.217 - - [12/Oct/2022:16:34:44 +0200] "GET /stationery-cardmaking-c-129.html?page=13 HTTP/1.0" 200 94084 "-" "Mozilla/5.0 (compatible; BLEXBot/1.0; +http://webmeup-crawler.com/)"
114.119.137.43 - - [12/Oct/2022:16:34:51 +0200] "GET /pastis-olive-placemat-p-49718.html HTTP/1.0" 200 74891 "http://www.wonder-geek.com/placemats-c-12_156.html?page=9" "Mozilla/5.0 (Linux; Android 7.0;) AppleWebKit/537.36 (KHTML, like Gecko) Mobile Safari/537.36 (compatible; PetalBot;+https://webmaster.petalsearch.com/site/petalbot)"
54.36.148.81 - - [12/Oct/2022:16:35:00 +0200] "GET /white-king-chess-piece-p-51211.html HTTP/1.0" 200 72326 "-" "Mozilla/5.0 (compatible; AhrefsBot/7.0; +http://ahrefs.com/robot/)"
157.55.39.28 - - [12/Oct/2022:16:35:01 +0200] "GET /mcstuffins-poster-p-30882.html HTTP/1.0" 200 74865 "-" "Mozilla/5.0 AppleWebKit/537.36 (KHTML, like Gecko; compatible; bingbot/2.0; +http://www.bing.com/bingbot.htm) Chrome/103.0.5060.134 Safari/537.36"
157.90.177.217 - - [12/Oct/2022:16:35:01 +0200] "GET /stationery-cardmaking-c-129.html?page=14 HTTP/1.0" 200 94483 "-" "Mozilla/5.0 (compatible; BLEXBot/1.0; +http://webmeup-crawler.com/)"
66.249.64.246 - - [12/Oct/2022:16:35:02 +0200] "GET /round-jute-carpet-p-56664.html HTTP/1.0" 200 76064 "-" "Mozilla/5.0 (Linux; Android 6.0.1; Nexus 5X Build/MMB29P) AppleWebKit/537.36 (KHTML, like Gecko) Chrome/106.0.5249.103 Mobile Safari/537.36 (compatible; Googlebot/2.1; +http://www.google.com/bot.html)"
185.191.171.25 - - [12/Oct/2022:16:35:12 +0200] "GET /postcard-without-envelope-tassen-p-57441.html HTTP/1.0" 200 75623 "-" "Mozilla/5.0 (compatible; SemrushBot/7~bl; +http://www.semrush.com/bot.html)"
157.90.177.217 - - [12/Oct/2022:16:35:19 +0200] "GET /stationery-cardmaking-c-129.html?page=15 HTTP/1.0" 200 94534 "-" "Mozilla/5.0 (compatible; BLEXBot/1.0; +http://webmeup-crawler.com/)"
157.90.177.217 - - [12/Oct/2022:16:35:35 +0200] "GET /stationery-cardmaking-c-129.html?page=16 HTTP/1.0" 200 94846 "-" "Mozilla/5.0 (compatible; BLEXBot/1.0; +http://webmeup-crawler.com/)"
207.46.13.138 - - [12/Oct/2022:16:35:39 +0200] "GET /pillow-case-cotton-percale-threads-p-51256.html HTTP/1.0" 200 76086 "-" "Mozilla/5.0 AppleWebKit/537.36 (KHTML, like Gecko; compatible; bingbot/2.0; +http://www.bing.com/bingbot.htm) Chrome/103.0.5060.134 Safari/537.36"
66.249.64.244 - - [12/Oct/2022:16:35:46 +0200] "GET /small-earthenware-cement-tiles-lamp-p-55631.html HTTP/1.0" 200 72390 "-" "Mozilla/5.0 (compatible; Googlebot/2.1; +http://www.google.com/bot.html)"
47.94.243.250 - - [12/Oct/2022:16:35:50 +0200] "GET /images/mini_prod/1300000022446NN.jpg HTTP/1.0" 200 271 "-" "Mozilla/5.0 (Macintosh; Intel Mac OS X 10_15_7) AppleWebKit/537.36 (KHTML, like Gecko) Chrome/105.0.0.0 Safari/537.36"
157.90.177.217 - - [12/Oct/2022:16:35:52 +0200] "GET /stationery-cardmaking-c-129.html?page=17 HTTP/1.0" 200 94315 "-" "Mozilla/5.0 (compatible; BLEXBot/1.0; +http://webmeup-crawler.com/)"
207.46.13.140 - - [12/Oct/2022:16:36:03 +0200] "GET /swaziland-rectangulary-cushion-cbkreation-p-36764.html HTTP/1.0" 301 72315 "-" "Mozilla/5.0 (compatible; bingbot/2.0; +http://www.bing.com/bingbot.htm)"
54.36.149.5 - - [12/Oct/2022:16:36:07 +0200] "GET /white-queen-chess-piece-p-51212.html HTTP/1.0" 200 72330 "-" "Mozilla/5.0 (compatible; AhrefsBot/7.0; +http://ahrefs.com/robot/)"
157.90.177.217 - - [12/Oct/2022:16:36:09 +0200] "GET /stationery-cardmaking-c-129.html?page=18 HTTP/1.0" 200 94558 "-" "Mozilla/5.0 (compatible; BLEXBot/1.0; +http://webmeup-crawler.com/)"
114.119.137.43 - - [12/Oct/2022:16:36:13 +0200] "GET /garage-mechanic-on-duty-metal-plate-40-30-cm-p-28012.html HTTP/1.0" 301 75098 "http://www.wonder-geek.com/tin-and-metal-signs-c-13_130.html?page=7" "Mozilla/5.0 (Linux; Android 7.0;) AppleWebKit/537.36 (KHTML, like Gecko) Mobile Safari/537.36 (compatible; PetalBot;+https://webmaster.petalsearch.com/site/petalbot)"
114.119.137.43 - - [12/Oct/2022:16:36:15 +0200] "GET /garage-mchanic-duty-metal-plate-p-28012.html HTTP/1.0" 200 75000 "http://www.wonder-geek.com/tin-and-metal-signs-c-13_130.html?page=7" "Mozilla/5.0 (Linux; Android 7.0;) AppleWebKit/537.36 (KHTML, like Gecko) Mobile Safari/537.36 (compatible; PetalBot;+https://webmaster.petalsearch.com/site/petalbot)"
157.90.177.217 - - [12/Oct/2022:16:36:27 +0200] "GET /stationery-cardmaking-c-129.html?page=19 HTTP/1.0" 200 94768 "-" "Mozilla/5.0 (compatible; BLEXBot/1.0; +http://webmeup-crawler.com/)"
147.92.153.1 - - [12/Oct/2022:16:36:33 +0200] "GET /images/a1399984251911.jpg HTTP/1.0" 200 260 "-" "Mozilla/5.0 (compatible; Linespider/1.1; +https://lin.ee/4dwXkTH)"
163.220.128.41 - - [12/Oct/2022:16:36:39 +0200] "GET /images/mini_prod/8433933220627.jpg HTTP/1.0" 200 269 "-" "Mozilla/5.0 (X11; Ubuntu; Linux x86_64; rv:72.0) Gecko/20100101 Firefox/72.0"
157.90.177.217 - - [12/Oct/2022:16:36:44 +0200] "GET /stationery-cardmaking-c-129.html?page=20 HTTP/1.0" 200 94447 "-" "Mozilla/5.0 (compatible; BLEXBot/1.0; +http://webmeup-crawler.com/)"
157.90.177.217 - - [12/Oct/2022:16:37:01 +0200] "GET /stationery-cardmaking-c-129.html?page=21 HTTP/1.0" 200 94520 "-" "Mozilla/5.0 (compatible; BLEXBot/1.0; +http://webmeup-crawler.com/)"
54.36.148.88 - - [12/Oct/2022:16:37:15 +0200] "GET /small-gazelle-money-bank-p-56196.html HTTP/1.0" 200 75918 "-" "Mozilla/5.0 (compatible; AhrefsBot/7.0; +http://ahrefs.com/robot/)"
54.36.148.131 - - [12/Oct/2022:16:37:19 +0200] "GET /images/big_prod_1/3520071822327A.jpg HTTP/1.0" 200 271 "-" "Mozilla/5.0 (compatible; AhrefsBot/7.0; +http://ahrefs.com/robot/)"
54.36.148.127 - - [12/Oct/2022:16:37:19 +0200] "GET /images/big_prod/3520071822327.jpg HTTP/1.0" 200 268 "-" "Mozilla/5.0 (compatible; AhrefsBot/7.0; +http://ahrefs.com/robot/)"
54.36.149.97 - - [12/Oct/2022:16:37:19 +0200] "GET /images/big_prod_2/3520071822327E.jpg HTTP/1.0" 200 271 "-" "Mozilla/5.0 (compatible; AhrefsBot/7.0; +http://ahrefs.com/robot/)"
157.90.177.217 - - [12/Oct/2022:16:37:18 +0200] "GET /statue-centerpiece-cats-p-54254.html HTTP/1.0" 200 75847 "-" "Mozilla/5.0 (compatible; BLEXBot/1.0; +http://webmeup-crawler.com/)"
157.90.177.217 - - [12/Oct/2022:16:37:34 +0200] "GET /statue-empty-pocket-monkey-resin-p-59059.html HTTP/1.0" 200 75925 "-" "Mozilla/5.0 (compatible; BLEXBot/1.0; +http://webmeup-crawler.com/)"
37.230.186.130 - - [12/Oct/2022:16:37:37 +0200] "GET /images/big_prod_1/8422092340062B.jpg HTTP/1.0" 200 271 "-" "Python/3.7 aiohttp/3.8.1"
114.119.133.245 - - [12/Oct/2022:16:37:40 +0200] "GET /llama-love-collection-p-47573.html HTTP/1.0" 200 75499 "http://www.wonder-geek.com/dishes-c-12.html?page=96" "Mozilla/5.0 (Linux; Android 7.0;) AppleWebKit/537.36 (KHTML, like Gecko) Mobile Safari/537.36 (compatible; PetalBot;+https://webmaster.petalsearch.com/site/petalbot)"
185.191.171.43 - - [12/Oct/2022:16:37:50 +0200] "GET /boho-wooden-frame-dream-love-p-39228.html HTTP/1.0" 200 75044 "-" "Mozilla/5.0 (compatible; SemrushBot/7~bl; +http://www.semrush.com/bot.html)"
157.90.177.217 - - [12/Oct/2022:16:37:50 +0200] "GET /statue-felines-lion-tiger-leopard-p-55996.html HTTP/1.0" 200 75774 "-" "Mozilla/5.0 (compatible; BLEXBot/1.0; +http://webmeup-crawler.com/)"
185.191.171.10 - - [12/Oct/2022:16:38:06 +0200] "GET /coca-cola-distributor-refrigerated-p-27914.html HTTP/1.0" 200 72374 "-" "Mozilla/5.0 (compatible; SemrushBot/7~bl; +http://www.semrush.com/bot.html)"
157.90.177.217 - - [12/Oct/2022:16:38:08 +0200] "GET /statue-gold-bear-franois-pompon-p-55506.html HTTP/1.0" 200 76353 "-" "Mozilla/5.0 (compatible; BLEXBot/1.0; +http://webmeup-crawler.com/)"
220.230.168.15 - - [12/Oct/2022:16:38:17 +0200] "GET /images/big_prod_2/c9316188078542.jpg HTTP/1.0" 200 271 "-" "Mozilla/5.0 (X11; Ubuntu; Linux x86_64; rv:80.0) Gecko/20100101 Firefox/80.0"
54.36.148.164 - - [12/Oct/2022:16:38:17 +0200] "GET /magritte-figurine-p-32618.html HTTP/1.0" 200 76129 "-" "Mozilla/5.0 (compatible; AhrefsBot/7.0; +http://ahrefs.com/robot/)"
54.36.148.57 - - [12/Oct/2022:16:38:22 +0200] "GET /images/big_prod_1/8718375750261a.jpg HTTP/1.0" 200 271 "-" "Mozilla/5.0 (compatible; AhrefsBot/7.0; +http://ahrefs.com/robot/)"
157.90.177.217 - - [12/Oct/2022:16:38:24 +0200] "GET /statue-gold-bear-franois-pompon-p-57000.html HTTP/1.0" 200 76402 "-" "Mozilla/5.0 (compatible; BLEXBot/1.0; +http://webmeup-crawler.com/)"
66.249.64.246 - - [12/Oct/2022:16:38:26 +0200] "GET /sixtine-microfiber-pillowcase-p-51365.html HTTP/1.0" 200 75063 "-" "Mozilla/5.0 (Linux; Android 6.0.1; Nexus 5X Build/MMB29P) AppleWebKit/537.36 (KHTML, like Gecko) Chrome/106.0.5249.103 Mobile Safari/537.36 (compatible; Googlebot/2.1; +http://www.google.com/bot.html)"
185.191.171.10 - - [12/Oct/2022:16:38:38 +0200] "GET /olympique-marseille-kids-school-p-26605.html HTTP/1.0" 200 72415 "-" "Mozilla/5.0 (compatible; SemrushBot/7~bl; +http://www.semrush.com/bot.html)"
157.90.177.217 - - [12/Oct/2022:16:38:40 +0200] "GET /statue-liberty-figurine-bronze-look-resin-p-59061.html HTTP/1.0" 200 76024 "-" "Mozilla/5.0 (compatible; BLEXBot/1.0; +http://webmeup-crawler.com/)"
185.191.171.43 - - [12/Oct/2022:16:38:46 +0200] "GET /mini-melamine-tray-kook-kiub-p-55870.html HTTP/1.0" 200 75034 "-" "Mozilla/5.0 (compatible; SemrushBot/7~bl; +http://www.semrush.com/bot.html)"
157.90.177.217 - - [12/Oct/2022:16:38:56 +0200] "GET /statue-liberty-keyring-cbkreation-p-43232.html HTTP/1.0" 200 75058 "-" "Mozilla/5.0 (compatible; BLEXBot/1.0; +http://webmeup-crawler.com/)"
157.90.177.217 - - [12/Oct/2022:16:39:13 +0200] "GET /statue-liberty-rectangular-mirror-p-29017.html HTTP/1.0" 200 74957 "-" "Mozilla/5.0 (compatible; BLEXBot/1.0; +http://webmeup-crawler.com/)"
54.36.148.36 - - [12/Oct/2022:16:39:17 +0200] "GET /zinc-look-metal-flowerpot-cover-pumpkin-blue-p-55461.html HTTP/1.0" 200 72408 "-" "Mozilla/5.0 (compatible; AhrefsBot/7.0; +http://ahrefs.com/robot/)"
157.90.177.217 - - [12/Oct/2022:16:39:29 +0200] "GET /statue-p-41886.html HTTP/1.0" 200 74945 "-" "Mozilla/5.0 (compatible; BLEXBot/1.0; +http://webmeup-crawler.com/)"
66.249.64.244 - - [12/Oct/2022:16:39:39 +0200] "GET /saint-mary-magdalene-prayer-candle-novena-p-44446.html HTTP/1.0" 200 72388 "-" "Mozilla/5.0 (Linux; Android 6.0.1; Nexus 5X Build/MMB29P) AppleWebKit/537.36 (KHTML, like Gecko) Chrome/106.0.5249.103 Mobile Safari/537.36 (compatible; Googlebot/2.1; +http://www.google.com/bot.html)"
157.90.177.217 - - [12/Oct/2022:16:39:45 +0200] "GET /statue-p-41893.html HTTP/1.0" 200 74945 "-" "Mozilla/5.0 (compatible; BLEXBot/1.0; +http://webmeup-crawler.com/)"
157.90.177.217 - - [12/Oct/2022:16:40:01 +0200] "GET /statue-p-41894.html HTTP/1.0" 200 74945 "-" "Mozilla/5.0 (compatible; BLEXBot/1.0; +http://webmeup-crawler.com/)"
185.191.171.26 - - [12/Oct/2022:16:40:11 +0200] "GET /wall-sticker-watercolor-tree-p-53963.html HTTP/1.0" 200 75786 "-" "Mozilla/5.0 (compatible; SemrushBot/7~bl; +http://www.semrush.com/bot.html)"
157.55.39.231 - - [12/Oct/2022:16:40:17 +0200] "GET /holy-family-aromatika-incense-sticks-p-53451.html HTTP/1.0" 200 75032 "-" "Mozilla/5.0 (compatible; bingbot/2.0; +http://www.bing.com/bingbot.htm)"
157.90.177.217 - - [12/Oct/2022:16:40:18 +0200] "GET /statue-santa-claus-lucky-santa-p-56946.html HTTP/1.0" 200 75939 "-" "Mozilla/5.0 (compatible; BLEXBot/1.0; +http://webmeup-crawler.com/)"
54.36.149.59 - - [12/Oct/2022:16:40:18 +0200] "GET /decoration-thermometers-c-13_145.html HTTP/1.0" 200 93366 "-" "Mozilla/5.0 (compatible; AhrefsBot/7.0; +http://ahrefs.com/robot/)"
66.249.64.242 - - [12/Oct/2022:16:40:22 +0200] "GET /mirror-blue-combi-aged-dented-metal-p-42125.html HTTP/1.0" 200 75710 "-" "Mozilla/5.0 (Linux; Android 6.0.1; Nexus 5X Build/MMB29P) AppleWebKit/537.36 (KHTML, like Gecko) Chrome/106.0.5249.103 Mobile Safari/537.36 (compatible; Googlebot/2.1; +http://www.google.com/bot.html)"
114.119.133.245 - - [12/Oct/2022:16:40:25 +0200] "GET /mustache-money-box-by-cbkreation-p-16695.html HTTP/1.0" 301 75156 "http://www.wonder-geek.com/money-boxes-c-13_83.html?page=5" "Mozilla/5.0 (Linux; Android 7.0;) AppleWebKit/537.36 (KHTML, like Gecko) Mobile Safari/537.36 (compatible; PetalBot;+https://webmaster.petalsearch.com/site/petalbot)"
114.119.133.245 - - [12/Oct/2022:16:40:28 +0200] "GET /mustache-money-cbkreation-p-16695.html HTTP/1.0" 200 75064 "http://www.wonder-geek.com/money-boxes-c-13_83.html?page=5" "Mozilla/5.0 (Linux; Android 7.0;) AppleWebKit/537.36 (KHTML, like Gecko) Mobile Safari/537.36 (compatible; PetalBot;+https://webmaster.petalsearch.com/site/petalbot)"
157.90.177.217 - - [12/Oct/2022:16:40:35 +0200] "GET /statue-skull-p-48768.html HTTP/1.0" 200 75492 "-" "Mozilla/5.0 (compatible; BLEXBot/1.0; +http://webmeup-crawler.com/)"
185.191.171.19 - - [12/Oct/2022:16:40:43 +0200] "GET /eyelets-screen-curtain-grey-p-49319.html HTTP/1.0" 200 77094 "-" "Mozilla/5.0 (compatible; SemrushBot/7~bl; +http://www.semrush.com/bot.html)"
157.90.177.217 - - [12/Oct/2022:16:40:51 +0200] "GET /statue-white-bear-franois-pompon-anthracite-p-53533.html HTTP/1.0" 200 75880 "-" "Mozilla/5.0 (compatible; BLEXBot/1.0; +http://webmeup-crawler.com/)"
185.191.171.23 - - [12/Oct/2022:16:41:00 +0200] "GET /decorative-canvas-world-hang-p-46756.html?action=add_product HTTP/1.0" 302 476 "-" "Mozilla/5.0 (compatible; SemrushBot/7~bl; +http://www.semrush.com/bot.html)"
157.90.177.217 - - [12/Oct/2022:16:41:07 +0200] "GET /statue-white-bear-franois-pompon-p-44147.html HTTP/1.0" 200 76152 "-" "Mozilla/5.0 (compatible; BLEXBot/1.0; +http://webmeup-crawler.com/)"
157.90.177.217 - - [12/Oct/2022:16:41:23 +0200] "GET /statue-white-bear-franois-pompon-p-47632.html HTTP/1.0" 200 76152 "-" "Mozilla/5.0 (compatible; BLEXBot/1.0; +http://webmeup-crawler.com/)"
54.36.148.183 - - [12/Oct/2022:16:41:24 +0200] "GET /cushions-c-11_71_283.html HTTP/1.0" 200 93636 "-" "Mozilla/5.0 (compatible; AhrefsBot/7.0; +http://ahrefs.com/robot/)"
157.90.177.217 - - [12/Oct/2022:16:41:40 +0200] "GET /statue-white-bear-franois-pompon-p-48518.html HTTP/1.0" 200 75834 "-" "Mozilla/5.0 (compatible; BLEXBot/1.0; +http://webmeup-crawler.com/)"
185.191.171.8 - - [12/Oct/2022:16:41:48 +0200] "GET /flin-p-49539.html HTTP/1.0" 200 74732 "-" "Mozilla/5.0 (compatible; SemrushBot/7~bl; +http://www.semrush.com/bot.html)"
157.90.177.217 - - [12/Oct/2022:16:41:56 +0200] "GET /statuette-african-bust-p-48017.html HTTP/1.0" 200 75796 "-" "Mozilla/5.0 (compatible; BLEXBot/1.0; +http://webmeup-crawler.com/)"
216.244.66.242 - - [12/Oct/2022:16:41:57 +0200] "GET /dora-the-explorer-laces-p-22274.html HTTP/1.0" 301 74888 "-" "Mozilla/5.0 (compatible; DotBot/1.2; +https://opensiteexplorer.org/dotbot; help@moz.com)"
216.244.66.242 - - [12/Oct/2022:16:42:08 +0200] "GET /mat-for-bowls-chat-thon-p-46830.html HTTP/1.0" 301 74810 "-" "Mozilla/5.0 (compatible; DotBot/1.2; +https://opensiteexplorer.org/dotbot; help@moz.com)"
157.90.177.217 - - [12/Oct/2022:16:42:13 +0200] "GET /statuette-african-bust-p-48838.html HTTP/1.0" 200 76003 "-" "Mozilla/5.0 (compatible; BLEXBot/1.0; +http://webmeup-crawler.com/)"
216.244.66.242 - - [12/Oct/2022:16:42:17 +0200] "GET /mercedes-benz-300-sl-p-27594.html HTTP/1.0" 301 74953 "-" "Mozilla/5.0 (compatible; DotBot/1.2; +https://opensiteexplorer.org/dotbot; help@moz.com)"
54.36.149.67 - - [12/Oct/2022:16:42:28 +0200] "GET /table-lamp-white-wood-p-41369.html HTTP/1.0" 200 75024 "-" "Mozilla/5.0 (compatible; AhrefsBot/7.0; +http://ahrefs.com/robot/)"
216.244.66.242 - - [12/Oct/2022:16:42:28 +0200] "GET /retro-sugar-tin-box-p-40719.html HTTP/1.0" 301 72315 "-" "Mozilla/5.0 (compatible; DotBot/1.2; +https://opensiteexplorer.org/dotbot; help@moz.com)"
157.90.177.217 - - [12/Oct/2022:16:42:29 +0200] "GET /statuette-buddha-abundance-wooden-p-50582.html HTTP/1.0" 200 75914 "-" "Mozilla/5.0 (compatible; BLEXBot/1.0; +http://webmeup-crawler.com/)"
54.36.148.56 - - [12/Oct/2022:16:42:32 +0200] "GET /images/big_prod/1400234.jpg HTTP/1.0" 200 262 "-" "Mozilla/5.0 (compatible; AhrefsBot/7.0; +http://ahrefs.com/robot/)"
157.90.177.217 - - [12/Oct/2022:16:42:46 +0200] "GET /statuette-elephant-baby-p-56816.html HTTP/1.0" 200 75696 "-" "Mozilla/5.0 (compatible; BLEXBot/1.0; +http://webmeup-crawler.com/)"
216.244.66.242 - - [12/Oct/2022:16:42:47 +0200] "GET /christmas-decoration-small-snow-globe-p-31901.html HTTP/1.0" 301 72315 "-" "Mozilla/5.0 (compatible; DotBot/1.2; +https://opensiteexplorer.org/dotbot; help@moz.com)"
157.90.177.217 - - [12/Oct/2022:16:43:02 +0200] "GET /statuette-fawn-resin-p-52585.html HTTP/1.0" 200 75067 "-" "Mozilla/5.0 (compatible; BLEXBot/1.0; +http://webmeup-crawler.com/)"
207.46.13.140 - - [12/Oct/2022:16:43:04 +0200] "GET /-p-42864.html HTTP/1.0" 200 72248 "-" "Mozilla/5.0 (compatible; bingbot/2.0; +http://www.bing.com/bingbot.htm)"
157.90.177.217 - - [12/Oct/2022:16:43:19 +0200] "GET /statuette-gray-resin-p-55061.html HTTP/1.0" 200 75126 "-" "Mozilla/5.0 (compatible; BLEXBot/1.0; +http://webmeup-crawler.com/)"
185.191.171.9 - - [12/Oct/2022:16:43:20 +0200] "GET /ceramic-salt-flower-with-spoon-p-54830.html HTTP/1.0" 200 75590 "-" "Mozilla/5.0 (compatible; SemrushBot/7~bl; +http://www.semrush.com/bot.html)"
185.191.171.45 - - [12/Oct/2022:16:43:33 +0200] "GET /round-magnet-bird-cage-p-59030.html?action=add_product HTTP/1.0" 302 476 "-" "Mozilla/5.0 (compatible; SemrushBot/7~bl; +http://www.semrush.com/bot.html)"
157.90.177.217 - - [12/Oct/2022:16:43:35 +0200] "GET /statuette-jesus-christ-sacred-heart-beige-p-47134.html HTTP/1.0" 200 75730 "-" "Mozilla/5.0 (compatible; BLEXBot/1.0; +http://webmeup-crawler.com/)"
54.36.148.214 - - [12/Oct/2022:16:43:37 +0200] "GET /night-clothes-c-1_24.html HTTP/1.0" 200 71181 "-" "Mozilla/5.0 (compatible; AhrefsBot/7.0; +http://ahrefs.com/robot/)"
157.90.177.217 - - [12/Oct/2022:16:43:51 +0200] "GET /statuette-jesus-christ-sacred-heart-inside-outside-p-51648.html HTTP/1.0" 200 76198 "-" "Mozilla/5.0 (compatible; BLEXBot/1.0; +http://webmeup-crawler.com/)"
185.191.171.36 - - [12/Oct/2022:16:43:58 +0200] "GET /beatles-story-notebook-p-17105.html HTTP/1.0" 200 76650 "-" "Mozilla/5.0 (compatible; SemrushBot/7~bl; +http://www.semrush.com/bot.html)"
157.90.177.217 - - [12/Oct/2022:16:44:07 +0200] "GET /statuette-jesus-christ-sacred-heart-p-47136.html HTTP/1.0" 200 75696 "-" "Mozilla/5.0 (compatible; BLEXBot/1.0; +http://webmeup-crawler.com/)"
157.90.177.217 - - [12/Oct/2022:16:44:23 +0200] "GET /statuette-resin-lutin-moto-p-40382.html HTTP/1.0" 200 75050 "-" "Mozilla/5.0 (compatible; BLEXBot/1.0; +http://webmeup-crawler.com/)"
157.90.177.217 - - [12/Oct/2022:16:44:40 +0200] "GET /statuette-shore-p-58369.html HTTP/1.0" 200 76086 "-" "Mozilla/5.0 (compatible; BLEXBot/1.0; +http://webmeup-crawler.com/)"
54.36.148.69 - - [12/Oct/2022:16:44:52 +0200] "GET /gift-heart-home-friendly-stick-diffusers-p-57008.html HTTP/1.0" 200 72432 "-" "Mozilla/5.0 (compatible; AhrefsBot/7.0; +http://ahrefs.com/robot/)"
157.90.177.217 - - [12/Oct/2022:16:44:56 +0200] "GET /statuette-yoga-p-53031.html HTTP/1.0" 200 74896 "-" "Mozilla/5.0 (compatible; BLEXBot/1.0; +http://webmeup-crawler.com/)"
157.90.177.217 - - [12/Oct/2022:16:45:13 +0200] "GET /statuettes-animal-figurines-c-292_291.html?page=1 HTTP/1.0" 200 94555 "-" "Mozilla/5.0 (compatible; BLEXBot/1.0; +http://webmeup-crawler.com/)"
157.90.177.217 - - [12/Oct/2022:16:45:29 +0200] "GET /steamboat-minnie-mouse-figurine-p-46500.html HTTP/1.0" 200 76361 "-" "Mozilla/5.0 (compatible; BLEXBot/1.0; +http://webmeup-crawler.com/)"
185.191.171.15 - - [12/Oct/2022:16:45:42 +0200] "GET /difference-accessoriess-c-12_59.html?page=16 HTTP/1.0" 200 89040 "-" "Mozilla/5.0 (compatible; SemrushBot/7~bl; +http://www.semrush.com/bot.html)"
66.249.64.242 - - [12/Oct/2022:16:45:44 +0200] "GET /large-candle-hours-sweet-peas-p-55379.html HTTP/1.0" 200 75990 "-" "Mozilla/5.0 (compatible; Googlebot/2.1; +http://www.google.com/bot.html)"
157.90.177.217 - - [12/Oct/2022:16:45:46 +0200] "GET /steel-sign-p-47539.html HTTP/1.0" 200 74956 "-" "Mozilla/5.0 (compatible; BLEXBot/1.0; +http://webmeup-crawler.com/)"
220.230.168.3 - - [12/Oct/2022:16:45:56 +0200] "GET /images/big_prod_1/3660173195643.jpg HTTP/1.0" 200 270 "-" "Mozilla/5.0 (X11; Ubuntu; Linux x86_64; rv:80.0) Gecko/20100101 Firefox/80.0"
157.55.39.231 - - [12/Oct/2022:16:45:59 +0200] "GET /grey-ceramic-lamp-p-52594.html HTTP/1.0" 200 72322 "-" "Mozilla/5.0 AppleWebKit/537.36 (KHTML, like Gecko; compatible; bingbot/2.0; +http://www.bing.com/bingbot.htm) Chrome/103.0.5060.134 Safari/537.36"
47.94.243.250 - - [12/Oct/2022:16:46:01 +0200] "GET /images/mini_prod/3665269006506.jpg HTTP/1.0" 200 269 "-" "Mozilla/5.0 (Macintosh; Intel Mac OS X 10_15_7) AppleWebKit/537.36 (KHTML, like Gecko) Chrome/105.0.0.0 Safari/537.36"
114.119.137.3 - - [12/Oct/2022:16:45:59 +0200] "GET /pendulum-rose-quartz-drop-shaped-with-flower-life-p-43797.html HTTP/1.0" 200 76183 "http://www.wonder-geek.com/esotericism-lithotherapy-c-174.html?page=3" "Mozilla/5.0 (Linux; Android 7.0;) AppleWebKit/537.36 (KHTML, like Gecko) Mobile Safari/537.36 (compatible; PetalBot;+https://webmaster.petalsearch.com/site/petalbot)"
54.36.148.152 - - [12/Oct/2022:16:46:00 +0200] "GET /bulldog-resin-decoration-p-54083.html HTTP/1.0" 200 76099 "-" "Mozilla/5.0 (compatible; AhrefsBot/7.0; +http://ahrefs.com/robot/)"
157.90.177.217 - - [12/Oct/2022:16:46:02 +0200] "GET /stefano-tooth-p-51570.html HTTP/1.0" 200 75532 "-" "Mozilla/5.0 (compatible; BLEXBot/1.0; +http://webmeup-crawler.com/)"
185.191.171.21 - - [12/Oct/2022:16:46:04 +0200] "GET /-p-17239.html?action=add_product HTTP/1.0" 302 476 "-" "Mozilla/5.0 (compatible; SemrushBot/7~bl; +http://www.semrush.com/bot.html)"
66.249.64.242 - - [12/Oct/2022:16:46:03 +0200] "GET /disney-planes-storage-stool-p-24530.html HTTP/1.0" 200 75683 "-" "Mozilla/5.0 (Linux; Android 6.0.1; Nexus 5X Build/MMB29P) AppleWebKit/537.36 (KHTML, like Gecko) Chrome/106.0.5249.103 Mobile Safari/537.36 (compatible; Googlebot/2.1; +http://www.google.com/bot.html)"
54.36.149.22 - - [12/Oct/2022:16:46:05 +0200] "GET /images/big_prod_3/8433933174487a.jpg HTTP/1.0" 200 271 "-" "Mozilla/5.0 (compatible; AhrefsBot/7.0; +http://ahrefs.com/robot/)"
54.36.148.140 - - [12/Oct/2022:16:46:05 +0200] "GET /images/big_prod_2/8433933174487c.jpg HTTP/1.0" 200 271 "-" "Mozilla/5.0 (compatible; AhrefsBot/7.0; +http://ahrefs.com/robot/)"
54.36.148.193 - - [12/Oct/2022:16:46:05 +0200] "GET /images/big_prod_1/8433933174487b.jpg HTTP/1.0" 200 271 "-" "Mozilla/5.0 (compatible; AhrefsBot/7.0; +http://ahrefs.com/robot/)"
54.36.148.250 - - [12/Oct/2022:16:46:05 +0200] "GET /images/big_prod/8433933174487.jpg HTTP/1.0" 200 268 "-" "Mozilla/5.0 (compatible; AhrefsBot/7.0; +http://ahrefs.com/robot/)"
157.90.177.217 - - [12/Oct/2022:16:46:18 +0200] "GET /stella-ultrasonic-diffuser-p-57381.html HTTP/1.0" 200 76068 "-" "Mozilla/5.0 (compatible; BLEXBot/1.0; +http://webmeup-crawler.com/)"
185.191.171.10 - - [12/Oct/2022:16:46:29 +0200] "GET /blue-glass-lamp-p-58731.html?action=add_product HTTP/1.0" 302 476 "-" "Mozilla/5.0 (compatible; SemrushBot/7~bl; +http://www.semrush.com/bot.html)"
13.57.210.143 - - [12/Oct/2022:16:46:32 +0200] "GET /contact_us.php?action=success HTTP/1.0" 200 13477 "-" "Mozilla/5.0 (Windows NT 6.3; Win64; x64) AppleWebKit/537.36 (KHTML, like Gecko) Chrome/75.0.3770.100 Safari/537.36"
157.90.177.217 - - [12/Oct/2022:16:46:34 +0200] "GET /sticker-p-49079.html HTTP/1.0" 200 74974 "-" "Mozilla/5.0 (compatible; BLEXBot/1.0; +http://webmeup-crawler.com/)"
185.191.171.38 - - [12/Oct/2022:16:46:39 +0200] "GET /light-wood-table-lamp-scandinavian-spirit-p-52173.html HTTP/1.0" 200 76013 "-" "Mozilla/5.0 (compatible; SemrushBot/7~bl; +http://www.semrush.com/bot.html)"
157.90.177.217 - - [12/Oct/2022:16:46:51 +0200] "GET /stickers-triptych-buddha-p-38352.html HTTP/1.0" 200 75643 "-" "Mozilla/5.0 (compatible; BLEXBot/1.0; +http://webmeup-crawler.com/)"
185.191.171.23 - - [12/Oct/2022:16:47:03 +0200] "GET /delia-bedclothes-p-50788.html HTTP/1.0" 200 75913 "-" "Mozilla/5.0 (compatible; SemrushBot/7~bl; +http://www.semrush.com/bot.html)"
54.36.148.95 - - [12/Oct/2022:16:47:05 +0200] "GET /retro-transistor-clock-p-54101.html HTTP/1.0" 200 72326 "-" "Mozilla/5.0 (compatible; AhrefsBot/7.0; +http://ahrefs.com/robot/)"
66.249.64.244 - - [12/Oct/2022:16:47:07 +0200] "GET /manjushri-statue-p-37198.html HTTP/1.0" 200 74932 "-" "Mozilla/5.0 (Linux; Android 6.0.1; Nexus 5X Build/MMB29P) AppleWebKit/537.36 (KHTML, like Gecko) Chrome/106.0.5249.103 Mobile Safari/537.36 (compatible; Googlebot/2.1; +http://www.google.com/bot.html)"
157.90.177.217 - - [12/Oct/2022:16:47:07 +0200] "GET /stickers-triptych-buddha-p-38354.html HTTP/1.0" 200 75643 "-" "Mozilla/5.0 (compatible; BLEXBot/1.0; +http://webmeup-crawler.com/)"
207.46.13.149 - - [12/Oct/2022:16:47:12 +0200] "GET /index.php HTTP/1.0" 200 152616 "-" "Mozilla/5.0 AppleWebKit/537.36 (KHTML, like Gecko; compatible; bingbot/2.0; +http://www.bing.com/bingbot.htm) Chrome/103.0.5060.134 Safari/537.36"
114.119.137.43 - - [12/Oct/2022:16:47:23 +0200] "GET /moon-touch-lamp-p-57574.html HTTP/1.0" 200 75718 "http://www.wonder-geek.com/lighting-c-13_86.html?page=11" "Mozilla/5.0 (Linux; Android 7.0;) AppleWebKit/537.36 (KHTML, like Gecko) Mobile Safari/537.36 (compatible; PetalBot;+https://webmaster.petalsearch.com/site/petalbot)"
157.90.177.217 - - [12/Oct/2022:16:47:24 +0200] "GET /stitch-coconut-collection-statuette-p-57479.html HTTP/1.0" 200 76576 "-" "Mozilla/5.0 (compatible; BLEXBot/1.0; +http://webmeup-crawler.com/)"
66.249.64.244 - - [12/Oct/2022:16:47:36 +0200] "GET /images/big_prod_1/5051276416861a.jpg HTTP/1.0" 200 271 "-" "Googlebot-Image/1.0"
157.90.177.217 - - [12/Oct/2022:16:47:42 +0200] "GET /stitch-doll-collection-statuette-p-47677.html HTTP/1.0" 200 76441 "-" "Mozilla/5.0 (compatible; BLEXBot/1.0; +http://webmeup-crawler.com/)"
207.46.13.138 - - [12/Oct/2022:16:47:59 +0200] "GET /swfobject.js HTTP/1.0" 404 1308 "-" "Mozilla/5.0 (compatible; bingbot/2.0; +http://www.bing.com/bingbot.htm)"
157.90.177.217 - - [12/Oct/2022:16:47:58 +0200] "GET /stitch-facets-figurine-p-56312.html HTTP/1.0" 200 76415 "-" "Mozilla/5.0 (compatible; BLEXBot/1.0; +http://webmeup-crawler.com/)"
157.55.39.28 - - [12/Oct/2022:16:48:01 +0200] "GET /js/jquery.masonry.min.js HTTP/1.0" 200 264 "-" "Mozilla/5.0 (compatible; bingbot/2.0; +http://www.bing.com/bingbot.htm)"
207.46.13.140 - - [12/Oct/2022:16:48:03 +0200] "GET /js/modernizr-transitions.js HTTP/1.0" 200 267 "-" "Mozilla/5.0 AppleWebKit/537.36 (KHTML, like Gecko; compatible; bingbot/2.0; +http://www.bing.com/bingbot.htm) Chrome/103.0.5060.134 Safari/537.36"
207.46.13.149 - - [12/Oct/2022:16:48:04 +0200] "GET /js/jquery.min.js HTTP/1.0" 404 1308 "-" "Mozilla/5.0 (compatible; bingbot/2.0; +http://www.bing.com/bingbot.htm)"
54.36.148.47 - - [12/Oct/2022:16:48:06 +0200] "GET /jiminy-cricket-mini-figurine-p-51180.html HTTP/1.0" 200 76585 "-" "Mozilla/5.0 (compatible; AhrefsBot/7.0; +http://ahrefs.com/robot/)"
216.244.66.242 - - [12/Oct/2022:16:48:11 +0200] "GET /bowls-toutous-flingueurs-p-46829.html HTTP/1.0" 200 74771 "-" "Mozilla/5.0 (compatible; DotBot/1.2; +https://opensiteexplorer.org/dotbot; help@moz.com)"
157.90.177.217 - - [12/Oct/2022:16:48:14 +0200] "GET /stitch-figure-collection-romero-britto-p-51468.html HTTP/1.0" 200 76600 "-" "Mozilla/5.0 (compatible; BLEXBot/1.0; +http://webmeup-crawler.com/)"
185.191.171.21 - - [12/Oct/2022:16:48:22 +0200] "GET /white-green-stoneware-p-59016.html?action=add_product HTTP/1.0" 302 476 "-" "Mozilla/5.0 (compatible; SemrushBot/7~bl; +http://www.semrush.com/bot.html)"
216.244.66.242 - - [12/Oct/2022:16:48:29 +0200] "GET /gogh-magnet-p-51215.html HTTP/1.0" 200 74811 "-" "Mozilla/5.0 (compatible; DotBot/1.2; +https://opensiteexplorer.org/dotbot; help@moz.com)"
157.90.177.217 - - [12/Oct/2022:16:48:31 +0200] "GET /stitch-flowers-collection-statuette-p-47670.html HTTP/1.0" 200 76719 "-" "Mozilla/5.0 (compatible; BLEXBot/1.0; +http://webmeup-crawler.com/)"
185.191.171.21 - - [12/Oct/2022:16:48:39 +0200] "GET /heart-home-large-winter-pine-cedar-wood-bamboo-candle-p-58997.html?action=add_product HTTP/1.0" 302 476 "-" "Mozilla/5.0 (compatible; SemrushBot/7~bl; +http://www.semrush.com/bot.html)"
185.191.171.3 - - [12/Oct/2022:16:48:50 +0200] "GET /thread-count-cotton-percale-fitted-sheet-p-54436.html HTTP/1.0" 200 76031 "-" "Mozilla/5.0 (compatible; SemrushBot/7~bl; +http://www.semrush.com/bot.html)"
157.90.177.217 - - [12/Oct/2022:16:48:51 +0200] "GET /stitch-hanging-ornament-disney-traditions-p-56589.html HTTP/1.0" 200 75294 "-" "Mozilla/5.0 (compatible; BLEXBot/1.0; +http://webmeup-crawler.com/)"
185.191.171.44 - - [12/Oct/2022:16:48:53 +0200] "GET /white-ceramic-p-59014.html?action=add_product HTTP/1.0" 302 476 "-" "Mozilla/5.0 (compatible; SemrushBot/7~bl; +http://www.semrush.com/bot.html)"
157.90.177.217 - - [12/Oct/2022:16:49:09 +0200] "GET /stitch-head-upside-down-collection-statuette-p-57478.html HTTP/1.0" 200 76454 "-" "Mozilla/5.0 (compatible; BLEXBot/1.0; +http://webmeup-crawler.com/)"
54.36.148.229 - - [12/Oct/2022:16:49:13 +0200] "GET /ceramic-luxy-cache-p-55331.html HTTP/1.0" 200 72326 "-" "Mozilla/5.0 (compatible; AhrefsBot/7.0; +http://ahrefs.com/robot/)"
157.90.177.217 - - [12/Oct/2022:16:49:26 +0200] "GET /stitch-tree-topper-p-58751.html HTTP/1.0" 200 76440 "-" "Mozilla/5.0 (compatible; BLEXBot/1.0; +http://webmeup-crawler.com/)"
66.249.64.246 - - [12/Oct/2022:16:49:31 +0200] "GET /tweety-pirate-figurine-p-35360.html HTTP/1.0" 200 74886 "-" "Mozilla/5.0 (compatible; Googlebot/2.1; +http://www.google.com/bot.html)"
20.157.213.42 - - [12/Oct/2022:16:49:33 +0200] "GET /contact_us.php HTTP/1.0" 200 26241 "http://www.wonder-geek.com/contact_us.php" "Mozilla/5.0 (Windows NT 6.1; ) AppleWebKit/537.36 (KHTML, like Gecko) Chrome/90.0.4430.85 Safari/537.36"
207.46.13.149 - - [12/Oct/2022:16:49:41 +0200] "GET /images/mini_prod/3700572740317.jpg HTTP/1.0" 200 269 "-" "Mozilla/5.0 AppleWebKit/537.36 (KHTML, like Gecko; compatible; bingbot/2.0; +http://www.bing.com/bingbot.htm) Chrome/103.0.5060.134 Safari/537.36"
157.90.177.217 - - [12/Oct/2022:16:49:43 +0200] "GET /stitch-waterball-collection-p-53512.html HTTP/1.0" 200 75449 "-" "Mozilla/5.0 (compatible; BLEXBot/1.0; +http://webmeup-crawler.com/)"
185.191.171.45 - - [12/Oct/2022:16:49:47 +0200] "GET /blue-japanese-enameled-cast-iron-teapot-p-57706.html HTTP/1.0" 200 75947 "-" "Mozilla/5.0 (compatible; SemrushBot/7~bl; +http://www.semrush.com/bot.html)"
211.249.246.147 - - [12/Oct/2022:16:49:58 +0200] "GET /robots.txt HTTP/1.0" 200 245 "-" "Mozilla/5.0 (compatible; Daum/4.1; +http://cs.daum.net/faq/15/4118.html?faqId=28966)"
185.191.171.9 - - [12/Oct/2022:16:49:58 +0200] "GET /teapot-with-stainless-steel-infuser-p-59066.html?action=add_product HTTP/1.0" 302 476 "-" "Mozilla/5.0 (compatible; SemrushBot/7~bl; +http://www.semrush.com/bot.html)"
211.249.246.147 - - [12/Oct/2022:16:49:59 +0200] "GET /household-linen-c-11.html?page=16 HTTP/1.0" 200 94666 "-" "Mozilla/5.0 (compatible; Daum/4.1; +http://cs.daum.net/faq/15/4118.html?faqId=28966)"
157.90.177.217 - - [12/Oct/2022:16:50:01 +0200] "GET /stone-amethyst-sold-weight-grams-p-46542.html HTTP/1.0" 200 75921 "-" "Mozilla/5.0 (compatible; BLEXBot/1.0; +http://webmeup-crawler.com/)"
51.68.224.127 - - [12/Oct/2022:16:50:03 +0200] "GET /adminweb/export_orders_xml.php?token=256de2z6edz6ed2z6DFSFsed2zed6zeDSFDSGdzedezfzf&maxorders=10&orderstart=1&status=14&start_date=2018-10-01 HTTP/1.0" 200 285 "-" "GesCom CharlotteBoutik Serveur"
51.68.224.127 - - [12/Oct/2022:16:50:04 +0200] "GET /adminweb/export_orders_xml.php?token=256de2z6edz6ed2z6DFSFsed2zed6zeDSFDSGdzedezfzf&maxorders=10&orderstart=1&status=6&start_date=2018-10-01 HTTP/1.0" 200 33985 "-" "GesCom CharlotteBoutik Serveur"
211.249.246.147 - - [12/Oct/2022:16:50:07 +0200] "GET /cotton-kitchen-towel-50-70-cm-made-in-france-p-43976.html HTTP/1.0" 301 72497 "-" "Mozilla/5.0 (compatible; Daum/4.1; +http://cs.daum.net/faq/15/4118.html?faqId=28966)"
211.249.246.147 - - [12/Oct/2022:16:50:14 +0200] "GET /spreader-sugar-box-lady-cupcake-p-39543.html HTTP/1.0" 301 72448 "-" "Mozilla/5.0 (compatible; Daum/4.1; +http://cs.daum.net/faq/15/4118.html?faqId=28966)"
157.90.177.217 - - [12/Oct/2022:16:50:19 +0200] "GET /stone-amethyst-sold-weight-grams-p-46543.html HTTP/1.0" 200 75926 "-" "Mozilla/5.0 (compatible; BLEXBot/1.0; +http://webmeup-crawler.com/)"
54.36.148.139 - - [12/Oct/2022:16:50:19 +0200] "GET /resin-statue-p-51237.html HTTP/1.0" 200 75747 "-" "Mozilla/5.0 (compatible; AhrefsBot/7.0; +http://ahrefs.com/robot/)"
211.249.246.147 - - [12/Oct/2022:16:50:22 +0200] "GET /laissez-lucie-faire-cool-bag-lunch-box-p-34978.html HTTP/1.0" 301 72471 "-" "Mozilla/5.0 (compatible; Daum/4.1; +http://cs.daum.net/faq/15/4118.html?faqId=28966)"
54.36.149.101 - - [12/Oct/2022:16:50:25 +0200] "GET /images/big_prod/8717202559695.jpg HTTP/1.0" 200 268 "-" "Mozilla/5.0 (compatible; AhrefsBot/7.0; +http://ahrefs.com/robot/)"
54.36.149.24 - - [12/Oct/2022:16:50:25 +0200] "GET /images/big_prod_2/8717202559695C.jpg HTTP/1.0" 200 271 "-" "Mozilla/5.0 (compatible; AhrefsBot/7.0; +http://ahrefs.com/robot/)"
66.249.64.242 - - [12/Oct/2022:16:50:31 +0200] "GET /images/big_prod/8433933117453.jpg HTTP/1.0" 200 268 "-" "Googlebot-Image/1.0"
211.249.246.147 - - [12/Oct/2022:16:50:31 +0200] "GET /pendulum-ohm-polished-black-agate-p-45154.html HTTP/1.0" 301 76116 "-" "Mozilla/5.0 (compatible; Daum/4.1; +http://cs.daum.net/faq/15/4118.html?faqId=28966)"
157.90.177.217 - - [12/Oct/2022:16:50:35 +0200] "GET /stone-amethyst-sold-weight-grams-p-46545.html HTTP/1.0" 200 75921 "-" "Mozilla/5.0 (compatible; BLEXBot/1.0; +http://webmeup-crawler.com/)"
157.55.39.217 - - [12/Oct/2022:16:50:37 +0200] "GET /buddha-candle-holder-gold-patina-resin-p-47988.html HTTP/1.0" 200 75979 "-" "Mozilla/5.0 (compatible; bingbot/2.0; +http://www.bing.com/bingbot.htm)"
211.249.246.147 - - [12/Oct/2022:16:50:38 +0200] "GET /horse-pencil-pot-cbkreation-p-29754.html HTTP/1.0" 301 75001 "-" "Mozilla/5.0 (compatible; Daum/4.1; +http://cs.daum.net/faq/15/4118.html?faqId=28966)"
216.244.66.242 - - [12/Oct/2022:16:50:44 +0200] "GET /domo-frankunstein-shirt-p-29504.html HTTP/1.0" 200 76306 "-" "Mozilla/5.0 (compatible; DotBot/1.2; +https://opensiteexplorer.org/dotbot; help@moz.com)"
211.249.246.147 - - [12/Oct/2022:16:50:46 +0200] "GET /love-personnalized-small-mug-p-17677.html HTTP/1.0" 301 75234 "-" "Mozilla/5.0 (compatible; Daum/4.1; +http://cs.daum.net/faq/15/4118.html?faqId=28966)"
157.90.177.217 - - [12/Oct/2022:16:50:51 +0200] "GET /stone-amethyst-sold-weight-grams-p-46546.html HTTP/1.0" 200 75921 "-" "Mozilla/5.0 (compatible; BLEXBot/1.0; +http://webmeup-crawler.com/)"
211.249.246.147 - - [12/Oct/2022:16:50:54 +0200] "GET /horse-pencil-cbkreation-p-29754.html HTTP/1.0" 200 74911 "-" "Mozilla/5.0 (compatible; Daum/4.1; +http://cs.daum.net/faq/15/4118.html?faqId=28966)"
114.119.133.245 - - [12/Oct/2022:16:51:01 +0200] "GET /monkey-table-lamp-p-55273.html HTTP/1.0" 200 75526 "http://www.wonder-geek.com/table-lamps-c-86_286.html?page=19" "Mozilla/5.0 (Linux; Android 7.0;) AppleWebKit/537.36 (KHTML, like Gecko) Mobile Safari/537.36 (compatible; PetalBot;+https://webmaster.petalsearch.com/site/petalbot)"
211.249.246.147 - - [12/Oct/2022:16:51:02 +0200] "GET /pendulum-polished-black-agate-p-45154.html HTTP/1.0" 200 76020 "-" "Mozilla/5.0 (compatible; Daum/4.1; +http://cs.daum.net/faq/15/4118.html?faqId=28966)"
43.130.59.85 - - [12/Oct/2022:16:51:05 +0200] "GET /images/mini_prod/36DSCN8204.jpg HTTP/1.0" 200 266 "-" "Mozilla/5.0 (X11; Ubuntu; Linux x86_64; rv:72.0) Gecko/20100101 Firefox/72.0"
157.90.177.217 - - [12/Oct/2022:16:51:07 +0200] "GET /stone-amethyst-sold-weight-grams-p-46547.html HTTP/1.0" 200 75921 "-" "Mozilla/5.0 (compatible; BLEXBot/1.0; +http://webmeup-crawler.com/)"
