100.33.72.239 - - [12/Oct/2022:13:34:18 +0200] "GET /nici-plush-collection-bubble-p-35159.html HTTP/1.0" 200 81806 "http://www.wonder-geek.com/soft-toys-security-blanket-c-4_46.html?filter_id=164" "Mozilla/5.0 (iPhone; CPU iPhone OS 15_6_1 like Mac OS X) AppleWebKit/605.1.15 (KHTML, like Gecko) Version/15.6.1 Mobile/15E148 Safari/604.1"
100.33.72.239 - - [12/Oct/2022:13:34:20 +0200] "GET /images/big_prod/4012390387964.jpg HTTP/1.0" 200 268 "http://www.wonder-geek.com/nici-plush-collection-bubble-p-35159.html" "Mozilla/5.0 (iPhone; CPU iPhone OS 15_6_1 like Mac OS X) AppleWebKit/605.1.15 (KHTML, like Gecko) Version/15.6.1 Mobile/15E148 Safari/604.1"
100.33.72.239 - - [12/Oct/2022:13:34:20 +0200] "GET /templates/Pixame_v1/images/buttons/english/button_in_cart.gif HTTP/1.0" 200 295 "http://www.wonder-geek.com/nici-plush-collection-bubble-p-35159.html" "Mozilla/5.0 (iPhone; CPU iPhone OS 15_6_1 like Mac OS X) AppleWebKit/605.1.15 (KHTML, like Gecko) Version/15.6.1 Mobile/15E148 Safari/604.1"
100.33.72.239 - - [12/Oct/2022:13:34:20 +0200] "GET /highslide/graphics/zoomin.cur HTTP/1.0" 200 614 "http://www.wonder-geek.com/nici-plush-collection-bubble-p-35159.html" "Mozilla/5.0 (iPhone; CPU iPhone OS 15_6_1 like Mac OS X) AppleWebKit/605.1.15 (KHTML, like Gecko) Version/15.6.1 Mobile/15E148 Safari/604.1"
157.90.177.217 - - [12/Oct/2022:13:34:23 +0200] "GET /salamander-wall-decoration-p-47400.html HTTP/1.0" 200 75000 "-" "Mozilla/5.0 (compatible; BLEXBot/1.0; +http://webmeup-crawler.com/)"
157.90.177.217 - - [12/Oct/2022:13:34:39 +0200] "GET /salamander-wall-decoration-p-47402.html HTTP/1.0" 200 75000 "-" "Mozilla/5.0 (compatible; BLEXBot/1.0; +http://webmeup-crawler.com/)"
100.33.72.239 - - [12/Oct/2022:13:34:43 +0200] "GET /nici-plush-collection-bubble-p-35159.html HTTP/1.0" 200 81806 "http://www.wonder-geek.com/soft-toys-security-blanket-c-4_46.html?filter_id=164" "Mozilla/5.0 (iPhone; CPU iPhone OS 15_6_1 like Mac OS X) AppleWebKit/605.1.15 (KHTML, like Gecko) Version/15.6.1 Mobile/15E148 Safari/604.1"
157.90.177.217 - - [12/Oct/2022:13:34:56 +0200] "GET /salamander-wall-decoration-p-48632.html HTTP/1.0" 200 75000 "-" "Mozilla/5.0 (compatible; BLEXBot/1.0; +http://webmeup-crawler.com/)"
207.46.13.149 - - [12/Oct/2022:13:35:00 +0200] "GET /images/big_prod/3565750295429.jpg HTTP/1.0" 200 268 "-" "Mozilla/5.0 (compatible; bingbot/2.0; +http://www.bing.com/bingbot.htm)"
54.36.148.31 - - [12/Oct/2022:13:35:01 +0200] "GET /ishtar-polyresin-statuette-bronze-color-p-58558.html HTTP/1.0" 200 75713 "-" "Mozilla/5.0 (compatible; AhrefsBot/7.0; +http://ahrefs.com/robot/)"
185.191.171.22 - - [12/Oct/2022:13:35:03 +0200] "GET /white-metal-chandelier-p-58722.html?action=add_product HTTP/1.0" 302 476 "-" "Mozilla/5.0 (compatible; SemrushBot/7~bl; +http://www.semrush.com/bot.html)"
54.36.148.150 - - [12/Oct/2022:13:35:05 +0200] "GET /images/big_prod_1/8433933273739B.jpg HTTP/1.0" 200 271 "-" "Mozilla/5.0 (compatible; AhrefsBot/7.0; +http://ahrefs.com/robot/)"
54.36.148.248 - - [12/Oct/2022:13:35:05 +0200] "GET /images/big_prod/8433933273739.jpg HTTP/1.0" 200 268 "-" "Mozilla/5.0 (compatible; AhrefsBot/7.0; +http://ahrefs.com/robot/)"
185.191.171.17 - - [12/Oct/2022:13:35:09 +0200] "GET /paris-magnetic-memo-board-p-30033.html HTTP/1.0" 200 74976 "-" "Mozilla/5.0 (compatible; SemrushBot/7~bl; +http://www.semrush.com/bot.html)"
185.191.171.24 - - [12/Oct/2022:13:35:12 +0200] "GET /small-adjustable-brown-lampshade-p-58794.html?action=add_product HTTP/1.0" 302 476 "-" "Mozilla/5.0 (compatible; SemrushBot/7~bl; +http://www.semrush.com/bot.html)"
157.90.177.217 - - [12/Oct/2022:13:35:12 +0200] "GET /salamander-wall-decoration-p-48633.html HTTP/1.0" 200 75000 "-" "Mozilla/5.0 (compatible; BLEXBot/1.0; +http://webmeup-crawler.com/)"
157.55.39.231 - - [12/Oct/2022:13:35:19 +0200] "GET /images/mini_prod/8422010052251.jpg HTTP/1.0" 200 269 "-" "Mozilla/5.0 AppleWebKit/537.36 (KHTML, like Gecko; compatible; bingbot/2.0; +http://www.bing.com/bingbot.htm) Chrome/103.0.5060.134 Safari/537.36"
157.90.177.217 - - [12/Oct/2022:13:35:28 +0200] "GET /salamander-wall-decoration-p-48634.html HTTP/1.0" 200 75000 "-" "Mozilla/5.0 (compatible; BLEXBot/1.0; +http://webmeup-crawler.com/)"
207.46.13.140 - - [12/Oct/2022:13:35:35 +0200] "GET /images/mini_prod/8422994881212.jpg HTTP/1.0" 200 269 "-" "Mozilla/5.0 AppleWebKit/537.36 (KHTML, like Gecko; compatible; bingbot/2.0; +http://www.bing.com/bingbot.htm) Chrome/103.0.5060.134 Safari/537.36"
157.90.177.217 - - [12/Oct/2022:13:35:44 +0200] "GET /sally-vinyl-figure-collection-nightmare-before-christmas-p-45135.html HTTP/1.0" 200 75713 "-" "Mozilla/5.0 (compatible; BLEXBot/1.0; +http://webmeup-crawler.com/)"
51.68.224.127 - - [12/Oct/2022:13:35:45 +0200] "GET /adminweb/export_orders_xml.php?token=256de2z6edz6ed2z6DFSFsed2zed6zeDSFDSGdzedezfzf&maxorders=10&orderstart=1&status=14&start_date=2018-10-01 HTTP/1.0" 200 285 "-" "GesCom CharlotteBoutik Serveur"
51.68.224.127 - - [12/Oct/2022:13:35:46 +0200] "GET /adminweb/export_orders_xml.php?token=256de2z6edz6ed2z6DFSFsed2zed6zeDSFDSGdzedezfzf&maxorders=10&orderstart=1&status=6&start_date=2018-10-01 HTTP/1.0" 200 33985 "-" "GesCom CharlotteBoutik Serveur"
157.90.177.217 - - [12/Oct/2022:13:36:00 +0200] "GET /salt-ardene-p-56544.html HTTP/1.0" 200 74826 "-" "Mozilla/5.0 (compatible; BLEXBot/1.0; +http://webmeup-crawler.com/)"
100.33.72.239 - - [12/Oct/2022:13:36:02 +0200] "GET /products_new.php HTTP/1.0" 200 97386 "http://www.wonder-geek.com/nici-plush-collection-bubble-p-35159.html" "Mozilla/5.0 (iPhone; CPU iPhone OS 15_6_1 like Mac OS X) AppleWebKit/605.1.15 (KHTML, like Gecko) Version/15.6.1 Mobile/15E148 Safari/604.1"
100.33.72.239 - - [12/Oct/2022:13:36:05 +0200] "GET /images/table_background_products_new.gif HTTP/1.0" 200 1094 "http://www.wonder-geek.com/products_new.php" "Mozilla/5.0 (iPhone; CPU iPhone OS 15_6_1 like Mac OS X) AppleWebKit/605.1.15 (KHTML, like Gecko) Version/15.6.1 Mobile/15E148 Safari/604.1"
100.33.72.239 - - [12/Oct/2022:13:36:05 +0200] "GET /images/mini_prod/8422048802507.jpg HTTP/1.0" 200 269 "http://www.wonder-geek.com/products_new.php" "Mozilla/5.0 (iPhone; CPU iPhone OS 15_6_1 like Mac OS X) AppleWebKit/605.1.15 (KHTML, like Gecko) Version/15.6.1 Mobile/15E148 Safari/604.1"
100.33.72.239 - - [12/Oct/2022:13:36:05 +0200] "GET /images/mini_prod/3700344864449.jpg HTTP/1.0" 200 269 "http://www.wonder-geek.com/products_new.php" "Mozilla/5.0 (iPhone; CPU iPhone OS 15_6_1 like Mac OS X) AppleWebKit/605.1.15 (KHTML, like Gecko) Version/15.6.1 Mobile/15E148 Safari/604.1"
100.33.72.239 - - [12/Oct/2022:13:36:05 +0200] "GET /images/mini_prod/8718657461151.jpg HTTP/1.0" 200 269 "http://www.wonder-geek.com/products_new.php" "Mozilla/5.0 (iPhone; CPU iPhone OS 15_6_1 like Mac OS X) AppleWebKit/605.1.15 (KHTML, like Gecko) Version/15.6.1 Mobile/15E148 Safari/604.1"
100.33.72.239 - - [12/Oct/2022:13:36:05 +0200] "GET /images/mini_prod/8718657461090C.jpg HTTP/1.0" 200 270 "http://www.wonder-geek.com/products_new.php" "Mozilla/5.0 (iPhone; CPU iPhone OS 15_6_1 like Mac OS X) AppleWebKit/605.1.15 (KHTML, like Gecko) Version/15.6.1 Mobile/15E148 Safari/604.1"
100.33.72.239 - - [12/Oct/2022:13:36:05 +0200] "GET /images/mini_prod/8422048802002B.jpg HTTP/1.0" 200 270 "http://www.wonder-geek.com/products_new.php" "Mozilla/5.0 (iPhone; CPU iPhone OS 15_6_1 like Mac OS X) AppleWebKit/605.1.15 (KHTML, like Gecko) Version/15.6.1 Mobile/15E148 Safari/604.1"
100.33.72.239 - - [12/Oct/2022:13:36:05 +0200] "GET /images/mini_prod/8422048802415.jpg HTTP/1.0" 200 269 "http://www.wonder-geek.com/products_new.php" "Mozilla/5.0 (iPhone; CPU iPhone OS 15_6_1 like Mac OS X) AppleWebKit/605.1.15 (KHTML, like Gecko) Version/15.6.1 Mobile/15E148 Safari/604.1"
100.33.72.239 - - [12/Oct/2022:13:36:05 +0200] "GET /images/mini_prod/8422048802019.jpg HTTP/1.0" 200 269 "http://www.wonder-geek.com/products_new.php" "Mozilla/5.0 (iPhone; CPU iPhone OS 15_6_1 like Mac OS X) AppleWebKit/605.1.15 (KHTML, like Gecko) Version/15.6.1 Mobile/15E148 Safari/604.1"
100.33.72.239 - - [12/Oct/2022:13:36:05 +0200] "GET /images/mini_prod/8422048802118.jpg HTTP/1.0" 200 269 "http://www.wonder-geek.com/products_new.php" "Mozilla/5.0 (iPhone; CPU iPhone OS 15_6_1 like Mac OS X) AppleWebKit/605.1.15 (KHTML, like Gecko) Version/15.6.1 Mobile/15E148 Safari/604.1"
100.33.72.239 - - [12/Oct/2022:13:36:05 +0200] "GET /images/mini_prod/8422048802408.jpg HTTP/1.0" 200 269 "http://www.wonder-geek.com/products_new.php" "Mozilla/5.0 (iPhone; CPU iPhone OS 15_6_1 like Mac OS X) AppleWebKit/605.1.15 (KHTML, like Gecko) Version/15.6.1 Mobile/15E148 Safari/604.1"
100.33.72.239 - - [12/Oct/2022:13:36:05 +0200] "GET /images/mini_prod/8422048802309.jpg HTTP/1.0" 200 269 "http://www.wonder-geek.com/products_new.php" "Mozilla/5.0 (iPhone; CPU iPhone OS 15_6_1 like Mac OS X) AppleWebKit/605.1.15 (KHTML, like Gecko) Version/15.6.1 Mobile/15E148 Safari/604.1"
100.33.72.239 - - [12/Oct/2022:13:36:05 +0200] "GET /images/mini_prod/3700572753218.jpg HTTP/1.0" 200 269 "http://www.wonder-geek.com/products_new.php" "Mozilla/5.0 (iPhone; CPU iPhone OS 15_6_1 like Mac OS X) AppleWebKit/605.1.15 (KHTML, like Gecko) Version/15.6.1 Mobile/15E148 Safari/604.1"
100.33.72.239 - - [12/Oct/2022:13:36:05 +0200] "GET /images/mini_prod/8422048802316.jpg HTTP/1.0" 200 269 "http://www.wonder-geek.com/products_new.php" "Mozilla/5.0 (iPhone; CPU iPhone OS 15_6_1 like Mac OS X) AppleWebKit/605.1.15 (KHTML, like Gecko) Version/15.6.1 Mobile/15E148 Safari/604.1"
100.33.72.239 - - [12/Oct/2022:13:36:05 +0200] "GET /images/mini_prod/3700572739045.jpg HTTP/1.0" 200 269 "http://www.wonder-geek.com/products_new.php" "Mozilla/5.0 (iPhone; CPU iPhone OS 15_6_1 like Mac OS X) AppleWebKit/605.1.15 (KHTML, like Gecko) Version/15.6.1 Mobile/15E148 Safari/604.1"
100.33.72.239 - - [12/Oct/2022:13:36:06 +0200] "GET /images/mini_prod/3700572753225.jpg HTTP/1.0" 200 269 "http://www.wonder-geek.com/products_new.php" "Mozilla/5.0 (iPhone; CPU iPhone OS 15_6_1 like Mac OS X) AppleWebKit/605.1.15 (KHTML, like Gecko) Version/15.6.1 Mobile/15E148 Safari/604.1"
100.33.72.239 - - [12/Oct/2022:13:36:06 +0200] "GET /images/mini_prod/3700572753232.jpg HTTP/1.0" 200 269 "http://www.wonder-geek.com/products_new.php" "Mozilla/5.0 (iPhone; CPU iPhone OS 15_6_1 like Mac OS X) AppleWebKit/605.1.15 (KHTML, like Gecko) Version/15.6.1 Mobile/15E148 Safari/604.1"
185.191.171.13 - - [12/Oct/2022:13:36:09 +0200] "GET /large-decorative-bell-gold-metal-p-56598.html HTTP/1.0" 200 75826 "-" "Mozilla/5.0 (compatible; SemrushBot/7~bl; +http://www.semrush.com/bot.html)"
185.191.171.37 - - [12/Oct/2022:13:36:15 +0200] "GET /gentle-rain-metal-plate-deco-p-36044.html HTTP/1.0" 200 74954 "-" "Mozilla/5.0 (compatible; SemrushBot/7~bl; +http://www.semrush.com/bot.html)"
157.90.177.217 - - [12/Oct/2022:13:36:16 +0200] "GET /salt-boxes-jars-c-12_223.html?page=1 HTTP/1.0" 200 92457 "-" "Mozilla/5.0 (compatible; BLEXBot/1.0; +http://webmeup-crawler.com/)"
100.33.72.239 - - [12/Oct/2022:13:36:16 +0200] "GET /products_new.php HTTP/1.0" 500 66191 "http://www.wonder-geek.com/products_new.php" "Mozilla/5.0 (iPhone; CPU iPhone OS 15_6_1 like Mac OS X) AppleWebKit/605.1.15 (KHTML, like Gecko) Version/15.6.1 Mobile/15E148 Safari/604.1"
100.33.72.239 - - [12/Oct/2022:13:36:20 +0200] "GET /images/mini_prod/8433933228746N.jpg HTTP/1.0" 200 270 "http://www.wonder-geek.com/" "Mozilla/5.0 (iPhone; CPU iPhone OS 15_6_1 like Mac OS X) AppleWebKit/605.1.15 (KHTML, like Gecko) Version/15.6.1 Mobile/15E148 Safari/604.1"
100.33.72.239 - - [12/Oct/2022:13:36:20 +0200] "GET /images/mini_prod/8433933159651.jpg HTTP/1.0" 200 269 "http://www.wonder-geek.com/" "Mozilla/5.0 (iPhone; CPU iPhone OS 15_6_1 like Mac OS X) AppleWebKit/605.1.15 (KHTML, like Gecko) Version/15.6.1 Mobile/15E148 Safari/604.1"
100.33.72.239 - - [12/Oct/2022:13:36:20 +0200] "GET /images/mini_prod/8433933123867.jpg HTTP/1.0" 200 269 "http://www.wonder-geek.com/" "Mozilla/5.0 (iPhone; CPU iPhone OS 15_6_1 like Mac OS X) AppleWebKit/605.1.15 (KHTML, like Gecko) Version/15.6.1 Mobile/15E148 Safari/604.1"
185.191.171.5 - - [12/Oct/2022:13:36:18 +0200] "GET /dehn-oudh-agarwood-melts-p-55205.html HTTP/1.0" 200 75876 "-" "Mozilla/5.0 (compatible; SemrushBot/7~bl; +http://www.semrush.com/bot.html)"
100.33.72.239 - - [12/Oct/2022:13:36:21 +0200] "GET /images/mini_prod/8422018180826.jpg HTTP/1.0" 200 269 "http://www.wonder-geek.com/" "Mozilla/5.0 (iPhone; CPU iPhone OS 15_6_1 like Mac OS X) AppleWebKit/605.1.15 (KHTML, like Gecko) Version/15.6.1 Mobile/15E148 Safari/604.1"
100.33.72.239 - - [12/Oct/2022:13:36:21 +0200] "GET /images/mini_prod/5051276457789.jpg HTTP/1.0" 200 269 "http://www.wonder-geek.com/" "Mozilla/5.0 (iPhone; CPU iPhone OS 15_6_1 like Mac OS X) AppleWebKit/605.1.15 (KHTML, like Gecko) Version/15.6.1 Mobile/15E148 Safari/604.1"
100.33.72.239 - - [12/Oct/2022:13:36:21 +0200] "GET /images/mini_prod/8422018508507.jpg HTTP/1.0" 200 269 "http://www.wonder-geek.com/" "Mozilla/5.0 (iPhone; CPU iPhone OS 15_6_1 like Mac OS X) AppleWebKit/605.1.15 (KHTML, like Gecko) Version/15.6.1 Mobile/15E148 Safari/604.1"
100.33.72.239 - - [12/Oct/2022:13:36:21 +0200] "GET /images/mini_prod/9316188092586.jpg HTTP/1.0" 200 269 "http://www.wonder-geek.com/" "Mozilla/5.0 (iPhone; CPU iPhone OS 15_6_1 like Mac OS X) AppleWebKit/605.1.15 (KHTML, like Gecko) Version/15.6.1 Mobile/15E148 Safari/604.1"
100.33.72.239 - - [12/Oct/2022:13:36:21 +0200] "GET /images/mini_prod/5400924255091.jpg HTTP/1.0" 200 269 "http://www.wonder-geek.com/" "Mozilla/5.0 (iPhone; CPU iPhone OS 15_6_1 like Mac OS X) AppleWebKit/605.1.15 (KHTML, like Gecko) Version/15.6.1 Mobile/15E148 Safari/604.1"
100.33.72.239 - - [12/Oct/2022:13:36:21 +0200] "GET /images/mini_prod/3660173244884.jpg HTTP/1.0" 200 269 "http://www.wonder-geek.com/" "Mozilla/5.0 (iPhone; CPU iPhone OS 15_6_1 like Mac OS X) AppleWebKit/605.1.15 (KHTML, like Gecko) Version/15.6.1 Mobile/15E148 Safari/604.1"
100.33.72.239 - - [12/Oct/2022:13:36:21 +0200] "GET /images/mini_prod/3660173243542.jpg HTTP/1.0" 200 269 "http://www.wonder-geek.com/" "Mozilla/5.0 (iPhone; CPU iPhone OS 15_6_1 like Mac OS X) AppleWebKit/605.1.15 (KHTML, like Gecko) Version/15.6.1 Mobile/15E148 Safari/604.1"
100.33.72.239 - - [12/Oct/2022:13:36:21 +0200] "GET /images/mini_prod/3665269028539.jpg HTTP/1.0" 200 269 "http://www.wonder-geek.com/" "Mozilla/5.0 (iPhone; CPU iPhone OS 15_6_1 like Mac OS X) AppleWebKit/605.1.15 (KHTML, like Gecko) Version/15.6.1 Mobile/15E148 Safari/604.1"
100.33.72.239 - - [12/Oct/2022:13:36:22 +0200] "GET /images/mini_prod/5051276459134.jpg HTTP/1.0" 200 269 "http://www.wonder-geek.com/" "Mozilla/5.0 (iPhone; CPU iPhone OS 15_6_1 like Mac OS X) AppleWebKit/605.1.15 (KHTML, like Gecko) Version/15.6.1 Mobile/15E148 Safari/604.1"
100.33.72.239 - - [12/Oct/2022:13:36:22 +0200] "GET /images/mini_prod/8422064411127.jpg HTTP/1.0" 200 269 "http://www.wonder-geek.com/" "Mozilla/5.0 (iPhone; CPU iPhone OS 15_6_1 like Mac OS X) AppleWebKit/605.1.15 (KHTML, like Gecko) Version/15.6.1 Mobile/15E148 Safari/604.1"
100.33.72.239 - - [12/Oct/2022:13:36:22 +0200] "GET /images/mini_prod/3014627974894.jpg HTTP/1.0" 200 269 "http://www.wonder-geek.com/" "Mozilla/5.0 (iPhone; CPU iPhone OS 15_6_1 like Mac OS X) AppleWebKit/605.1.15 (KHTML, like Gecko) Version/15.6.1 Mobile/15E148 Safari/604.1"
100.33.72.239 - - [12/Oct/2022:13:36:22 +0200] "GET /images/mini_prod/5400924279554.jpg HTTP/1.0" 200 269 "http://www.wonder-geek.com/" "Mozilla/5.0 (iPhone; CPU iPhone OS 15_6_1 like Mac OS X) AppleWebKit/605.1.15 (KHTML, like Gecko) Version/15.6.1 Mobile/15E148 Safari/604.1"
100.33.72.239 - - [12/Oct/2022:13:36:22 +0200] "GET /images/mini_prod/5400924207953.jpg HTTP/1.0" 200 269 "http://www.wonder-geek.com/" "Mozilla/5.0 (iPhone; CPU iPhone OS 15_6_1 like Mac OS X) AppleWebKit/605.1.15 (KHTML, like Gecko) Version/15.6.1 Mobile/15E148 Safari/604.1"
100.33.72.239 - - [12/Oct/2022:13:36:22 +0200] "GET /images/mini_prod/8433933127926.jpg HTTP/1.0" 200 269 "http://www.wonder-geek.com/" "Mozilla/5.0 (iPhone; CPU iPhone OS 15_6_1 like Mac OS X) AppleWebKit/605.1.15 (KHTML, like Gecko) Version/15.6.1 Mobile/15E148 Safari/604.1"
100.33.72.239 - - [12/Oct/2022:13:36:17 +0200] "GET / HTTP/1.0" 200 151547 "http://www.wonder-geek.com/products_new.php" "Mozilla/5.0 (iPhone; CPU iPhone OS 15_6_1 like Mac OS X) AppleWebKit/605.1.15 (KHTML, like Gecko) Version/15.6.1 Mobile/15E148 Safari/604.1"
100.33.72.239 - - [12/Oct/2022:13:36:22 +0200] "GET /images/mini_prod/846007012147.jpg HTTP/1.0" 200 268 "http://www.wonder-geek.com/" "Mozilla/5.0 (iPhone; CPU iPhone OS 15_6_1 like Mac OS X) AppleWebKit/605.1.15 (KHTML, like Gecko) Version/15.6.1 Mobile/15E148 Safari/604.1"
100.33.72.239 - - [12/Oct/2022:13:36:22 +0200] "GET /images/mini_prod/8424001800018.jpg HTTP/1.0" 200 269 "http://www.wonder-geek.com/" "Mozilla/5.0 (iPhone; CPU iPhone OS 15_6_1 like Mac OS X) AppleWebKit/605.1.15 (KHTML, like Gecko) Version/15.6.1 Mobile/15E148 Safari/604.1"
100.33.72.239 - - [12/Oct/2022:13:36:22 +0200] "GET /images/mini_prod/8445148026314.jpg HTTP/1.0" 200 269 "http://www.wonder-geek.com/" "Mozilla/5.0 (iPhone; CPU iPhone OS 15_6_1 like Mac OS X) AppleWebKit/605.1.15 (KHTML, like Gecko) Version/15.6.1 Mobile/15E148 Safari/604.1"
100.33.72.239 - - [12/Oct/2022:13:36:22 +0200] "GET /images/mini_prod/846007011546.jpg HTTP/1.0" 200 268 "http://www.wonder-geek.com/" "Mozilla/5.0 (iPhone; CPU iPhone OS 15_6_1 like Mac OS X) AppleWebKit/605.1.15 (KHTML, like Gecko) Version/15.6.1 Mobile/15E148 Safari/604.1"
100.33.72.239 - - [12/Oct/2022:13:36:22 +0200] "GET /images/mini_prod/5400924160432.jpg HTTP/1.0" 200 269 "http://www.wonder-geek.com/" "Mozilla/5.0 (iPhone; CPU iPhone OS 15_6_1 like Mac OS X) AppleWebKit/605.1.15 (KHTML, like Gecko) Version/15.6.1 Mobile/15E148 Safari/604.1"
100.33.72.239 - - [12/Oct/2022:13:36:22 +0200] "GET /images/mini_prod/8424001951307.jpg HTTP/1.0" 200 269 "http://www.wonder-geek.com/" "Mozilla/5.0 (iPhone; CPU iPhone OS 15_6_1 like Mac OS X) AppleWebKit/605.1.15 (KHTML, like Gecko) Version/15.6.1 Mobile/15E148 Safari/604.1"
100.33.72.239 - - [12/Oct/2022:13:36:22 +0200] "GET /images/mini_prod/N8445146072283.jpg HTTP/1.0" 200 270 "http://www.wonder-geek.com/" "Mozilla/5.0 (iPhone; CPU iPhone OS 15_6_1 like Mac OS X) AppleWebKit/605.1.15 (KHTML, like Gecko) Version/15.6.1 Mobile/15E148 Safari/604.1"
100.33.72.239 - - [12/Oct/2022:13:36:22 +0200] "GET /images/mini_prod/8422019680516.jpg HTTP/1.0" 200 269 "http://www.wonder-geek.com/" "Mozilla/5.0 (iPhone; CPU iPhone OS 15_6_1 like Mac OS X) AppleWebKit/605.1.15 (KHTML, like Gecko) Version/15.6.1 Mobile/15E148 Safari/604.1"
100.33.72.239 - - [12/Oct/2022:13:36:22 +0200] "GET /images/mini_prod/8424001443833.jpg HTTP/1.0" 200 269 "http://www.wonder-geek.com/" "Mozilla/5.0 (iPhone; CPU iPhone OS 15_6_1 like Mac OS X) AppleWebKit/605.1.15 (KHTML, like Gecko) Version/15.6.1 Mobile/15E148 Safari/604.1"
100.33.72.239 - - [12/Oct/2022:13:36:22 +0200] "GET /images/mini_prod/3700572774206.jpg HTTP/1.0" 200 269 "http://www.wonder-geek.com/" "Mozilla/5.0 (iPhone; CPU iPhone OS 15_6_1 like Mac OS X) AppleWebKit/605.1.15 (KHTML, like Gecko) Version/15.6.1 Mobile/15E148 Safari/604.1"
100.33.72.239 - - [12/Oct/2022:13:36:22 +0200] "GET /images/mini_prod/5051276457758.jpg HTTP/1.0" 200 269 "http://www.wonder-geek.com/" "Mozilla/5.0 (iPhone; CPU iPhone OS 15_6_1 like Mac OS X) AppleWebKit/605.1.15 (KHTML, like Gecko) Version/15.6.1 Mobile/15E148 Safari/604.1"
100.33.72.239 - - [12/Oct/2022:13:36:22 +0200] "GET /images/mini_prod/8424345986164.jpg HTTP/1.0" 200 269 "http://www.wonder-geek.com/" "Mozilla/5.0 (iPhone; CPU iPhone OS 15_6_1 like Mac OS X) AppleWebKit/605.1.15 (KHTML, like Gecko) Version/15.6.1 Mobile/15E148 Safari/604.1"
100.33.72.239 - - [12/Oct/2022:13:36:22 +0200] "GET /images/mini_prod/8433933159651.jpg HTTP/1.0" 200 269 "http://www.wonder-geek.com/" "Mozilla/5.0 (iPhone; CPU iPhone OS 15_6_1 like Mac OS X) AppleWebKit/605.1.15 (KHTML, like Gecko) Version/15.6.1 Mobile/15E148 Safari/604.1"
100.33.72.239 - - [12/Oct/2022:13:36:22 +0200] "GET /images/mini_prod/1328399319541B.jpg HTTP/1.0" 200 270 "http://www.wonder-geek.com/" "Mozilla/5.0 (iPhone; CPU iPhone OS 15_6_1 like Mac OS X) AppleWebKit/605.1.15 (KHTML, like Gecko) Version/15.6.1 Mobile/15E148 Safari/604.1"
100.33.72.239 - - [12/Oct/2022:13:36:22 +0200] "GET /images/mini_prod/8422020024538D.jpg HTTP/1.0" 200 270 "http://www.wonder-geek.com/" "Mozilla/5.0 (iPhone; CPU iPhone OS 15_6_1 like Mac OS X) AppleWebKit/605.1.15 (KHTML, like Gecko) Version/15.6.1 Mobile/15E148 Safari/604.1"
100.33.72.239 - - [12/Oct/2022:13:36:22 +0200] "GET /images/mini_prod/5051276459394B.jpg HTTP/1.0" 200 270 "http://www.wonder-geek.com/" "Mozilla/5.0 (iPhone; CPU iPhone OS 15_6_1 like Mac OS X) AppleWebKit/605.1.15 (KHTML, like Gecko) Version/15.6.1 Mobile/15E148 Safari/604.1"
100.33.72.239 - - [12/Oct/2022:13:36:22 +0200] "GET /images/mini_prod/3700572754710.jpg HTTP/1.0" 200 269 "http://www.wonder-geek.com/" "Mozilla/5.0 (iPhone; CPU iPhone OS 15_6_1 like Mac OS X) AppleWebKit/605.1.15 (KHTML, like Gecko) Version/15.6.1 Mobile/15E148 Safari/604.1"
100.33.72.239 - - [12/Oct/2022:13:36:22 +0200] "GET /images/mini_prod/8433933277355.jpg HTTP/1.0" 200 269 "http://www.wonder-geek.com/" "Mozilla/5.0 (iPhone; CPU iPhone OS 15_6_1 like Mac OS X) AppleWebKit/605.1.15 (KHTML, like Gecko) Version/15.6.1 Mobile/15E148 Safari/604.1"
100.33.72.239 - - [12/Oct/2022:13:36:22 +0200] "GET /images/mini_prod/8433933127896.jpg HTTP/1.0" 200 269 "http://www.wonder-geek.com/" "Mozilla/5.0 (iPhone; CPU iPhone OS 15_6_1 like Mac OS X) AppleWebKit/605.1.15 (KHTML, like Gecko) Version/15.6.1 Mobile/15E148 Safari/604.1"
100.33.72.239 - - [12/Oct/2022:13:36:22 +0200] "GET /images/mini_prod/5400924160500.jpg HTTP/1.0" 200 269 "http://www.wonder-geek.com/" "Mozilla/5.0 (iPhone; CPU iPhone OS 15_6_1 like Mac OS X) AppleWebKit/605.1.15 (KHTML, like Gecko) Version/15.6.1 Mobile/15E148 Safari/604.1"
100.33.72.239 - - [12/Oct/2022:13:36:22 +0200] "GET /images/mini_prod/9316188092548.jpg HTTP/1.0" 200 269 "http://www.wonder-geek.com/" "Mozilla/5.0 (iPhone; CPU iPhone OS 15_6_1 like Mac OS X) AppleWebKit/605.1.15 (KHTML, like Gecko) Version/15.6.1 Mobile/15E148 Safari/604.1"
100.33.72.239 - - [12/Oct/2022:13:36:22 +0200] "GET /images/mini_prod/8424346225088D.jpg HTTP/1.0" 200 270 "http://www.wonder-geek.com/" "Mozilla/5.0 (iPhone; CPU iPhone OS 15_6_1 like Mac OS X) AppleWebKit/605.1.15 (KHTML, like Gecko) Version/15.6.1 Mobile/15E148 Safari/604.1"
100.33.72.239 - - [12/Oct/2022:13:36:22 +0200] "GET /images/mini_prod/3700344939352.jpg HTTP/1.0" 200 269 "http://www.wonder-geek.com/" "Mozilla/5.0 (iPhone; CPU iPhone OS 15_6_1 like Mac OS X) AppleWebKit/605.1.15 (KHTML, like Gecko) Version/15.6.1 Mobile/15E148 Safari/604.1"
100.33.72.239 - - [12/Oct/2022:13:36:22 +0200] "GET /images/mini_prod/3453131161459.jpg HTTP/1.0" 200 269 "http://www.wonder-geek.com/" "Mozilla/5.0 (iPhone; CPU iPhone OS 15_6_1 like Mac OS X) AppleWebKit/605.1.15 (KHTML, like Gecko) Version/15.6.1 Mobile/15E148 Safari/604.1"
100.33.72.239 - - [12/Oct/2022:13:36:22 +0200] "GET /images/mini_prod/3700281666991.jpg HTTP/1.0" 200 269 "http://www.wonder-geek.com/" "Mozilla/5.0 (iPhone; CPU iPhone OS 15_6_1 like Mac OS X) AppleWebKit/605.1.15 (KHTML, like Gecko) Version/15.6.1 Mobile/15E148 Safari/604.1"
100.33.72.239 - - [12/Oct/2022:13:36:22 +0200] "GET /images/mini_prod/5400924264772.jpg HTTP/1.0" 200 269 "http://www.wonder-geek.com/" "Mozilla/5.0 (iPhone; CPU iPhone OS 15_6_1 like Mac OS X) AppleWebKit/605.1.15 (KHTML, like Gecko) Version/15.6.1 Mobile/15E148 Safari/604.1"
100.33.72.239 - - [12/Oct/2022:13:36:22 +0200] "GET /images/mini_prod/5400924255084.jpg HTTP/1.0" 200 269 "http://www.wonder-geek.com/" "Mozilla/5.0 (iPhone; CPU iPhone OS 15_6_1 like Mac OS X) AppleWebKit/605.1.15 (KHTML, like Gecko) Version/15.6.1 Mobile/15E148 Safari/604.1"
100.33.72.239 - - [12/Oct/2022:13:36:22 +0200] "GET /images/mini_prod/8422020024804.jpg HTTP/1.0" 200 269 "http://www.wonder-geek.com/" "Mozilla/5.0 (iPhone; CPU iPhone OS 15_6_1 like Mac OS X) AppleWebKit/605.1.15 (KHTML, like Gecko) Version/15.6.1 Mobile/15E148 Safari/604.1"
100.33.72.239 - - [12/Oct/2022:13:36:22 +0200] "GET /images/mini_prod/8422019680226.jpg HTTP/1.0" 200 269 "http://www.wonder-geek.com/" "Mozilla/5.0 (iPhone; CPU iPhone OS 15_6_1 like Mac OS X) AppleWebKit/605.1.15 (KHTML, like Gecko) Version/15.6.1 Mobile/15E148 Safari/604.1"
100.33.72.239 - - [12/Oct/2022:13:36:22 +0200] "GET /images/mini_prod/3700281669206.jpg HTTP/1.0" 200 269 "http://www.wonder-geek.com/" "Mozilla/5.0 (iPhone; CPU iPhone OS 15_6_1 like Mac OS X) AppleWebKit/605.1.15 (KHTML, like Gecko) Version/15.6.1 Mobile/15E148 Safari/604.1"
100.33.72.239 - - [12/Oct/2022:13:36:22 +0200] "GET /images/mini_prod/8445148023702.jpg HTTP/1.0" 200 269 "http://www.wonder-geek.com/" "Mozilla/5.0 (iPhone; CPU iPhone OS 15_6_1 like Mac OS X) AppleWebKit/605.1.15 (KHTML, like Gecko) Version/15.6.1 Mobile/15E148 Safari/604.1"
100.33.72.239 - - [12/Oct/2022:13:36:22 +0200] "GET /images/mini_prod/846007011874.jpg HTTP/1.0" 200 268 "http://www.wonder-geek.com/" "Mozilla/5.0 (iPhone; CPU iPhone OS 15_6_1 like Mac OS X) AppleWebKit/605.1.15 (KHTML, like Gecko) Version/15.6.1 Mobile/15E148 Safari/604.1"
100.33.72.239 - - [12/Oct/2022:13:36:22 +0200] "GET /images/mini_prod/3700281669190.jpg HTTP/1.0" 200 269 "http://www.wonder-geek.com/" "Mozilla/5.0 (iPhone; CPU iPhone OS 15_6_1 like Mac OS X) AppleWebKit/605.1.15 (KHTML, like Gecko) Version/15.6.1 Mobile/15E148 Safari/604.1"
100.33.72.239 - - [12/Oct/2022:13:36:22 +0200] "GET /images/mini_prod/8422064411233.jpg HTTP/1.0" 200 269 "http://www.wonder-geek.com/" "Mozilla/5.0 (iPhone; CPU iPhone OS 15_6_1 like Mac OS X) AppleWebKit/605.1.15 (KHTML, like Gecko) Version/15.6.1 Mobile/15E148 Safari/604.1"
100.33.72.239 - - [12/Oct/2022:13:36:22 +0200] "GET /images/mini_prod/8422028712109.jpg HTTP/1.0" 200 269 "http://www.wonder-geek.com/" "Mozilla/5.0 (iPhone; CPU iPhone OS 15_6_1 like Mac OS X) AppleWebKit/605.1.15 (KHTML, like Gecko) Version/15.6.1 Mobile/15E148 Safari/604.1"
100.33.72.239 - - [12/Oct/2022:13:36:22 +0200] "GET /images/mini_prod/8433933243206B1.jpg HTTP/1.0" 200 271 "http://www.wonder-geek.com/" "Mozilla/5.0 (iPhone; CPU iPhone OS 15_6_1 like Mac OS X) AppleWebKit/605.1.15 (KHTML, like Gecko) Version/15.6.1 Mobile/15E148 Safari/604.1"
100.33.72.239 - - [12/Oct/2022:13:36:22 +0200] "GET /images/mini_prod/846007011935.jpg HTTP/1.0" 200 268 "http://www.wonder-geek.com/" "Mozilla/5.0 (iPhone; CPU iPhone OS 15_6_1 like Mac OS X) AppleWebKit/605.1.15 (KHTML, like Gecko) Version/15.6.1 Mobile/15E148 Safari/604.1"
89.172.2.64 - - [12/Oct/2022:13:36:27 +0200] "GET /small-komorebi-capacity-p-58340.html HTTP/1.0" 200 75810 "https://www.google.com/" "Mozilla/5.0 (Windows NT 10.0; Win64; x64) AppleWebKit/537.36 (KHTML, like Gecko) Chrome/106.0.0.0 Safari/537.36"
89.172.2.64 - - [12/Oct/2022:13:36:29 +0200] "GET /swfobject.js HTTP/1.0" 404 1308 "http://www.wonder-geek.com/small-komorebi-capacity-p-58340.html" "Mozilla/5.0 (Windows NT 10.0; Win64; x64) AppleWebKit/537.36 (KHTML, like Gecko) Chrome/106.0.0.0 Safari/537.36"
89.172.2.64 - - [12/Oct/2022:13:36:29 +0200] "GET /images/big_prod/4260082938479.jpg HTTP/1.0" 200 268 "http://www.wonder-geek.com/small-komorebi-capacity-p-58340.html" "Mozilla/5.0 (Windows NT 10.0; Win64; x64) AppleWebKit/537.36 (KHTML, like Gecko) Chrome/106.0.0.0 Safari/537.36"
54.36.148.223 - - [12/Oct/2022:13:36:29 +0200] "GET /unlikely-friends-hound-figurine-p-53998.html HTTP/1.0" 200 76630 "-" "Mozilla/5.0 (compatible; AhrefsBot/7.0; +http://ahrefs.com/robot/)"
54.36.148.10 - - [12/Oct/2022:13:36:32 +0200] "GET /images/big_prod/1328399282517.jpg HTTP/1.0" 200 268 "-" "Mozilla/5.0 (compatible; AhrefsBot/7.0; +http://ahrefs.com/robot/)"
54.36.148.39 - - [12/Oct/2022:13:36:32 +0200] "GET /images/big_prod_1/1328399282517b.jpg HTTP/1.0" 200 271 "-" "Mozilla/5.0 (compatible; AhrefsBot/7.0; +http://ahrefs.com/robot/)"
54.36.149.4 - - [12/Oct/2022:13:36:32 +0200] "GET /images/big_prod_2/1328399282517a.jpg HTTP/1.0" 200 271 "-" "Mozilla/5.0 (compatible; AhrefsBot/7.0; +http://ahrefs.com/robot/)"
157.90.177.217 - - [12/Oct/2022:13:36:36 +0200] "GET /salt-camargua-p-54570.html HTTP/1.0" 200 75016 "-" "Mozilla/5.0 (compatible; BLEXBot/1.0; +http://webmeup-crawler.com/)"
100.33.72.239 - - [12/Oct/2022:13:36:45 +0200] "GET /advanced_search_result.php?keywords=Floodplain HTTP/1.0" 200 71783 "http://www.wonder-geek.com/" "Mozilla/5.0 (iPhone; CPU iPhone OS 15_6_1 like Mac OS X) AppleWebKit/605.1.15 (KHTML, like Gecko) Version/15.6.1 Mobile/15E148 Safari/604.1"
100.33.72.239 - - [12/Oct/2022:13:36:47 +0200] "GET /images/table_background_browse.gif HTTP/1.0" 200 1094 "http://www.wonder-geek.com/advanced_search_result.php?keywords=Floodplain" "Mozilla/5.0 (iPhone; CPU iPhone OS 15_6_1 like Mac OS X) AppleWebKit/605.1.15 (KHTML, like Gecko) Version/15.6.1 Mobile/15E148 Safari/604.1"
100.33.72.239 - - [12/Oct/2022:13:36:47 +0200] "GET /templates/Pixame_v1/images/buttons/english/button_back.gif HTTP/1.0" 200 1152 "http://www.wonder-geek.com/advanced_search_result.php?keywords=Floodplain" "Mozilla/5.0 (iPhone; CPU iPhone OS 15_6_1 like Mac OS X) AppleWebKit/605.1.15 (KHTML, like Gecko) Version/15.6.1 Mobile/15E148 Safari/604.1"
157.90.177.217 - - [12/Oct/2022:13:36:53 +0200] "GET /salt-lamp-flower-life-p-57808.html HTTP/1.0" 200 76381 "-" "Mozilla/5.0 (compatible; BLEXBot/1.0; +http://webmeup-crawler.com/)"
114.119.137.43 - - [12/Oct/2022:13:37:04 +0200] "GET /large-clock-world-map-p-51513.html HTTP/1.0" 301 72315 "http://www.wonder-geek.com" "Mozilla/5.0 (Linux; Android 7.0;) AppleWebKit/537.36 (KHTML, like Gecko) Mobile Safari/537.36 (compatible; PetalBot;+https://webmaster.petalsearch.com/site/petalbot)"
100.33.72.239 - - [12/Oct/2022:13:37:06 +0200] "GET /advanced_search_result.php?keywords=Floodplain HTTP/1.0" 200 71783 "http://www.wonder-geek.com/advanced_search_result.php?keywords=Floodplain" "Mozilla/5.0 (iPhone; CPU iPhone OS 15_6_1 like Mac OS X) AppleWebKit/605.1.15 (KHTML, like Gecko) Version/15.6.1 Mobile/15E148 Safari/604.1"
114.119.137.43 - - [12/Oct/2022:13:37:08 +0200] "GET /-p-51513.html HTTP/1.0" 200 72248 "http://www.wonder-geek.com" "Mozilla/5.0 (Linux; Android 7.0;) AppleWebKit/537.36 (KHTML, like Gecko) Mobile Safari/537.36 (compatible; PetalBot;+https://webmaster.petalsearch.com/site/petalbot)"
157.90.177.217 - - [12/Oct/2022:13:37:09 +0200] "GET /salt-lamp-lotus-p-57811.html HTTP/1.0" 200 76243 "-" "Mozilla/5.0 (compatible; BLEXBot/1.0; +http://webmeup-crawler.com/)"
185.191.171.9 - - [12/Oct/2022:13:37:14 +0200] "GET /ceramic-chouchou-collection-p-54472.html HTTP/1.0" 200 74920 "-" "Mozilla/5.0 (compatible; SemrushBot/7~bl; +http://www.semrush.com/bot.html)"
157.90.177.217 - - [12/Oct/2022:13:37:26 +0200] "GET /salt-lamp-p-52240.html HTTP/1.0" 200 77886 "-" "Mozilla/5.0 (compatible; BLEXBot/1.0; +http://webmeup-crawler.com/)"
163.220.128.41 - - [12/Oct/2022:13:37:39 +0200] "GET /images/big_prod_1/1399986106899N.jpg HTTP/1.0" 200 271 "-" "Mozilla/5.0 (X11; Ubuntu; Linux x86_64; rv:72.0) Gecko/20100101 Firefox/72.0"
157.90.177.217 - - [12/Oct/2022:13:37:43 +0200] "GET /salt-lamp-shape-lotus-approx-p-49603.html HTTP/1.0" 200 76091 "-" "Mozilla/5.0 (compatible; BLEXBot/1.0; +http://webmeup-crawler.com/)"
66.249.64.244 - - [12/Oct/2022:13:37:45 +0200] "GET /star-adult-cbkration-p-36521.html HTTP/1.0" 200 75007 "-" "Mozilla/5.0 (Linux; Android 6.0.1; Nexus 5X Build/MMB29P) AppleWebKit/537.36 (KHTML, like Gecko) Chrome/106.0.5249.103 Mobile Safari/537.36 (compatible; Googlebot/2.1; +http://www.google.com/bot.html)"
54.36.148.156 - - [12/Oct/2022:13:37:58 +0200] "GET /simpsons-tray-p-27368.html HTTP/1.0" 200 74850 "-" "Mozilla/5.0 (compatible; AhrefsBot/7.0; +http://ahrefs.com/robot/)"
157.90.177.217 - - [12/Oct/2022:13:37:59 +0200] "GET /salt-lamp-tree-life-approx-p-56834.html HTTP/1.0" 200 75964 "-" "Mozilla/5.0 (compatible; BLEXBot/1.0; +http://webmeup-crawler.com/)"
100.33.72.239 - - [12/Oct/2022:13:38:16 +0200] "GET /index.php?manufacturers_id=627 HTTP/1.0" 301 90470 "http://www.wonder-geek.com/advanced_search_result.php?keywords=Floodplain" "Mozilla/5.0 (iPhone; CPU iPhone OS 15_6_1 like Mac OS X) AppleWebKit/605.1.15 (KHTML, like Gecko) Version/15.6.1 Mobile/15E148 Safari/604.1"
157.90.177.217 - - [12/Oct/2022:13:38:17 +0200] "GET /salt-lamp-tree-life-approx-p-59209.html HTTP/1.0" 200 75339 "-" "Mozilla/5.0 (compatible; BLEXBot/1.0; +http://webmeup-crawler.com/)"
100.33.72.239 - - [12/Oct/2022:13:38:18 +0200] "GET /array-m-627.html HTTP/1.0" 200 90400 "http://www.wonder-geek.com/advanced_search_result.php?keywords=Floodplain" "Mozilla/5.0 (iPhone; CPU iPhone OS 15_6_1 like Mac OS X) AppleWebKit/605.1.15 (KHTML, like Gecko) Version/15.6.1 Mobile/15E148 Safari/604.1"
100.33.72.239 - - [12/Oct/2022:13:38:22 +0200] "GET /images/mini_prod/9316188080750.jpg HTTP/1.0" 200 269 "http://www.wonder-geek.com/array-m-627.html" "Mozilla/5.0 (iPhone; CPU iPhone OS 15_6_1 like Mac OS X) AppleWebKit/605.1.15 (KHTML, like Gecko) Version/15.6.1 Mobile/15E148 Safari/604.1"
100.33.72.239 - - [12/Oct/2022:13:38:22 +0200] "GET /images/mini_prod/9316188081016.jpg HTTP/1.0" 200 269 "http://www.wonder-geek.com/array-m-627.html" "Mozilla/5.0 (iPhone; CPU iPhone OS 15_6_1 like Mac OS X) AppleWebKit/605.1.15 (KHTML, like Gecko) Version/15.6.1 Mobile/15E148 Safari/604.1"
100.33.72.239 - - [12/Oct/2022:13:38:22 +0200] "GET /images/mini_prod/9316188080736.jpg HTTP/1.0" 200 269 "http://www.wonder-geek.com/array-m-627.html" "Mozilla/5.0 (iPhone; CPU iPhone OS 15_6_1 like Mac OS X) AppleWebKit/605.1.15 (KHTML, like Gecko) Version/15.6.1 Mobile/15E148 Safari/604.1"
185.191.171.33 - - [12/Oct/2022:13:38:20 +0200] "GET /wood-barrel-natural-finish-small-grapefruit-pine-p-36659.html HTTP/1.0" 200 76328 "-" "Mozilla/5.0 (compatible; SemrushBot/7~bl; +http://www.semrush.com/bot.html)"
100.33.72.239 - - [12/Oct/2022:13:38:22 +0200] "GET /images/mini_prod/9316188080859.jpg HTTP/1.0" 200 269 "http://www.wonder-geek.com/array-m-627.html" "Mozilla/5.0 (iPhone; CPU iPhone OS 15_6_1 like Mac OS X) AppleWebKit/605.1.15 (KHTML, like Gecko) Version/15.6.1 Mobile/15E148 Safari/604.1"
100.33.72.239 - - [12/Oct/2022:13:38:22 +0200] "GET /images/mini_prod/9316188080866.jpg HTTP/1.0" 200 269 "http://www.wonder-geek.com/array-m-627.html" "Mozilla/5.0 (iPhone; CPU iPhone OS 15_6_1 like Mac OS X) AppleWebKit/605.1.15 (KHTML, like Gecko) Version/15.6.1 Mobile/15E148 Safari/604.1"
100.33.72.239 - - [12/Oct/2022:13:38:22 +0200] "GET /images/mini_prod/9316188080880.jpg HTTP/1.0" 200 269 "http://www.wonder-geek.com/array-m-627.html" "Mozilla/5.0 (iPhone; CPU iPhone OS 15_6_1 like Mac OS X) AppleWebKit/605.1.15 (KHTML, like Gecko) Version/15.6.1 Mobile/15E148 Safari/604.1"
100.33.72.239 - - [12/Oct/2022:13:38:22 +0200] "GET /images/mini_prod/9316188081153.jpg HTTP/1.0" 200 269 "http://www.wonder-geek.com/array-m-627.html" "Mozilla/5.0 (iPhone; CPU iPhone OS 15_6_1 like Mac OS X) AppleWebKit/605.1.15 (KHTML, like Gecko) Version/15.6.1 Mobile/15E148 Safari/604.1"
100.33.72.239 - - [12/Oct/2022:13:38:22 +0200] "GET /images/mini_prod/9316188080873.jpg HTTP/1.0" 200 269 "http://www.wonder-geek.com/array-m-627.html" "Mozilla/5.0 (iPhone; CPU iPhone OS 15_6_1 like Mac OS X) AppleWebKit/605.1.15 (KHTML, like Gecko) Version/15.6.1 Mobile/15E148 Safari/604.1"
100.33.72.239 - - [12/Oct/2022:13:38:22 +0200] "GET /images/mini_prod/9316188081139.jpg HTTP/1.0" 200 269 "http://www.wonder-geek.com/array-m-627.html" "Mozilla/5.0 (iPhone; CPU iPhone OS 15_6_1 like Mac OS X) AppleWebKit/605.1.15 (KHTML, like Gecko) Version/15.6.1 Mobile/15E148 Safari/604.1"
66.249.64.242 - - [12/Oct/2022:13:38:22 +0200] "GET /images/3760116328203.jpg HTTP/1.0" 200 259 "-" "Googlebot-Image/1.0"
100.33.72.239 - - [12/Oct/2022:13:38:23 +0200] "GET /images/mini_prod/9316188081160.jpg HTTP/1.0" 200 269 "http://www.wonder-geek.com/array-m-627.html" "Mozilla/5.0 (iPhone; CPU iPhone OS 15_6_1 like Mac OS X) AppleWebKit/605.1.15 (KHTML, like Gecko) Version/15.6.1 Mobile/15E148 Safari/604.1"
100.33.72.239 - - [12/Oct/2022:13:38:23 +0200] "GET /images/mini_prod/9316188081146.jpg HTTP/1.0" 200 269 "http://www.wonder-geek.com/array-m-627.html" "Mozilla/5.0 (iPhone; CPU iPhone OS 15_6_1 like Mac OS X) AppleWebKit/605.1.15 (KHTML, like Gecko) Version/15.6.1 Mobile/15E148 Safari/604.1"
100.33.72.239 - - [12/Oct/2022:13:38:23 +0200] "GET /images/mini_prod/9316188081214.jpg HTTP/1.0" 200 269 "http://www.wonder-geek.com/array-m-627.html" "Mozilla/5.0 (iPhone; CPU iPhone OS 15_6_1 like Mac OS X) AppleWebKit/605.1.15 (KHTML, like Gecko) Version/15.6.1 Mobile/15E148 Safari/604.1"
100.33.72.239 - - [12/Oct/2022:13:38:23 +0200] "GET /images/mini_prod/9316188081191.jpg HTTP/1.0" 200 269 "http://www.wonder-geek.com/array-m-627.html" "Mozilla/5.0 (iPhone; CPU iPhone OS 15_6_1 like Mac OS X) AppleWebKit/605.1.15 (KHTML, like Gecko) Version/15.6.1 Mobile/15E148 Safari/604.1"
100.33.72.239 - - [12/Oct/2022:13:38:23 +0200] "GET /images/mini_prod/9316188081207.jpg HTTP/1.0" 200 269 "http://www.wonder-geek.com/array-m-627.html" "Mozilla/5.0 (iPhone; CPU iPhone OS 15_6_1 like Mac OS X) AppleWebKit/605.1.15 (KHTML, like Gecko) Version/15.6.1 Mobile/15E148 Safari/604.1"
100.33.72.239 - - [12/Oct/2022:13:38:23 +0200] "GET /images/mini_prod/9316188081177.jpg HTTP/1.0" 200 269 "http://www.wonder-geek.com/array-m-627.html" "Mozilla/5.0 (iPhone; CPU iPhone OS 15_6_1 like Mac OS X) AppleWebKit/605.1.15 (KHTML, like Gecko) Version/15.6.1 Mobile/15E148 Safari/604.1"
100.33.72.239 - - [12/Oct/2022:13:38:23 +0200] "GET /images/mini_prod/9316188081221.jpg HTTP/1.0" 200 269 "http://www.wonder-geek.com/array-m-627.html" "Mozilla/5.0 (iPhone; CPU iPhone OS 15_6_1 like Mac OS X) AppleWebKit/605.1.15 (KHTML, like Gecko) Version/15.6.1 Mobile/15E148 Safari/604.1"
100.33.72.239 - - [12/Oct/2022:13:38:23 +0200] "GET /images/mini_prod/9316188081238.jpg HTTP/1.0" 200 269 "http://www.wonder-geek.com/array-m-627.html" "Mozilla/5.0 (iPhone; CPU iPhone OS 15_6_1 like Mac OS X) AppleWebKit/605.1.15 (KHTML, like Gecko) Version/15.6.1 Mobile/15E148 Safari/604.1"
185.191.171.17 - - [12/Oct/2022:13:38:31 +0200] "GET /persienne-bedhead-wall-sticker-p-38335.html HTTP/1.0" 200 75702 "-" "Mozilla/5.0 (compatible; SemrushBot/7~bl; +http://www.semrush.com/bot.html)"
157.90.177.217 - - [12/Oct/2022:13:38:34 +0200] "GET /salt-lamp-tree-life-p-57802.html HTTP/1.0" 200 76376 "-" "Mozilla/5.0 (compatible; BLEXBot/1.0; +http://webmeup-crawler.com/)"
100.33.72.239 - - [12/Oct/2022:13:38:41 +0200] "GET /water-outdoor-games-c-4_143.html HTTP/1.0" 200 93933 "http://www.wonder-geek.com/array-m-627.html" "Mozilla/5.0 (iPhone; CPU iPhone OS 15_6_1 like Mac OS X) AppleWebKit/605.1.15 (KHTML, like Gecko) Version/15.6.1 Mobile/15E148 Safari/604.1"
100.33.72.239 - - [12/Oct/2022:13:38:43 +0200] "GET /images/mini_prod/8001011162420.jpg HTTP/1.0" 200 269 "http://www.wonder-geek.com/water-outdoor-games-c-4_143.html" "Mozilla/5.0 (iPhone; CPU iPhone OS 15_6_1 like Mac OS X) AppleWebKit/605.1.15 (KHTML, like Gecko) Version/15.6.1 Mobile/15E148 Safari/604.1"
100.33.72.239 - - [12/Oct/2022:13:38:43 +0200] "GET /images/mini_prod/3660532001554.gif HTTP/1.0" 200 268 "http://www.wonder-geek.com/water-outdoor-games-c-4_143.html" "Mozilla/5.0 (iPhone; CPU iPhone OS 15_6_1 like Mac OS X) AppleWebKit/605.1.15 (KHTML, like Gecko) Version/15.6.1 Mobile/15E148 Safari/604.1"
100.33.72.239 - - [12/Oct/2022:13:38:43 +0200] "GET /images/mini_prod/4029811444939.jpg HTTP/1.0" 200 269 "http://www.wonder-geek.com/water-outdoor-games-c-4_143.html" "Mozilla/5.0 (iPhone; CPU iPhone OS 15_6_1 like Mac OS X) AppleWebKit/605.1.15 (KHTML, like Gecko) Version/15.6.1 Mobile/15E148 Safari/604.1"
100.33.72.239 - - [12/Oct/2022:13:38:43 +0200] "GET /images/mini_prod/6942138911381.jpg HTTP/1.0" 200 269 "http://www.wonder-geek.com/water-outdoor-games-c-4_143.html" "Mozilla/5.0 (iPhone; CPU iPhone OS 15_6_1 like Mac OS X) AppleWebKit/605.1.15 (KHTML, like Gecko) Version/15.6.1 Mobile/15E148 Safari/604.1"
100.33.72.239 - - [12/Oct/2022:13:38:43 +0200] "GET /images/mini_prod/8421440087376.jpg HTTP/1.0" 200 269 "http://www.wonder-geek.com/water-outdoor-games-c-4_143.html" "Mozilla/5.0 (iPhone; CPU iPhone OS 15_6_1 like Mac OS X) AppleWebKit/605.1.15 (KHTML, like Gecko) Version/15.6.1 Mobile/15E148 Safari/604.1"
100.33.72.239 - - [12/Oct/2022:13:38:43 +0200] "GET /images/mini_prod/8421440012156.jpg HTTP/1.0" 200 269 "http://www.wonder-geek.com/water-outdoor-games-c-4_143.html" "Mozilla/5.0 (iPhone; CPU iPhone OS 15_6_1 like Mac OS X) AppleWebKit/605.1.15 (KHTML, like Gecko) Version/15.6.1 Mobile/15E148 Safari/604.1"
100.33.72.239 - - [12/Oct/2022:13:38:43 +0200] "GET /images/mini_prod/5010994661113.jpg HTTP/1.0" 200 269 "http://www.wonder-geek.com/water-outdoor-games-c-4_143.html" "Mozilla/5.0 (iPhone; CPU iPhone OS 15_6_1 like Mac OS X) AppleWebKit/605.1.15 (KHTML, like Gecko) Version/15.6.1 Mobile/15E148 Safari/604.1"
100.33.72.239 - - [12/Oct/2022:13:38:43 +0200] "GET /images/mini_prod/6942138908688.jpg HTTP/1.0" 200 269 "http://www.wonder-geek.com/water-outdoor-games-c-4_143.html" "Mozilla/5.0 (iPhone; CPU iPhone OS 15_6_1 like Mac OS X) AppleWebKit/605.1.15 (KHTML, like Gecko) Version/15.6.1 Mobile/15E148 Safari/604.1"
100.33.72.239 - - [12/Oct/2022:13:38:43 +0200] "GET /images/mini_prod/8001011163731.jpg HTTP/1.0" 200 269 "http://www.wonder-geek.com/water-outdoor-games-c-4_143.html" "Mozilla/5.0 (iPhone; CPU iPhone OS 15_6_1 like Mac OS X) AppleWebKit/605.1.15 (KHTML, like Gecko) Version/15.6.1 Mobile/15E148 Safari/604.1"
100.33.72.239 - - [12/Oct/2022:13:38:43 +0200] "GET /images/mini_prod/6942138931693.jpg HTTP/1.0" 200 269 "http://www.wonder-geek.com/water-outdoor-games-c-4_143.html" "Mozilla/5.0 (iPhone; CPU iPhone OS 15_6_1 like Mac OS X) AppleWebKit/605.1.15 (KHTML, like Gecko) Version/15.6.1 Mobile/15E148 Safari/604.1"
100.33.72.239 - - [12/Oct/2022:13:38:43 +0200] "GET /images/mini_prod/8421440076011.jpg HTTP/1.0" 200 269 "http://www.wonder-geek.com/water-outdoor-games-c-4_143.html" "Mozilla/5.0 (iPhone; CPU iPhone OS 15_6_1 like Mac OS X) AppleWebKit/605.1.15 (KHTML, like Gecko) Version/15.6.1 Mobile/15E148 Safari/604.1"
157.90.177.217 - - [12/Oct/2022:13:38:50 +0200] "GET /salt-made-ceramic-bamboo-p-50748.html HTTP/1.0" 200 76034 "-" "Mozilla/5.0 (compatible; BLEXBot/1.0; +http://webmeup-crawler.com/)"
100.33.72.239 - - [12/Oct/2022:13:38:53 +0200] "GET /toys-c-4_45.html HTTP/1.0" 200 91727 "http://www.wonder-geek.com/water-outdoor-games-c-4_143.html" "Mozilla/5.0 (iPhone; CPU iPhone OS 15_6_1 like Mac OS X) AppleWebKit/605.1.15 (KHTML, like Gecko) Version/15.6.1 Mobile/15E148 Safari/604.1"
157.90.177.217 - - [12/Oct/2022:13:39:06 +0200] "GET /salt-made-ceramic-bamboo-p-50751.html HTTP/1.0" 200 75596 "-" "Mozilla/5.0 (compatible; BLEXBot/1.0; +http://webmeup-crawler.com/)"
54.36.149.93 - - [12/Oct/2022:13:39:10 +0200] "GET /water-bottles-heaters-c-13_288.html HTTP/1.0" 200 92625 "-" "Mozilla/5.0 (compatible; AhrefsBot/7.0; +http://ahrefs.com/robot/)"
54.36.148.87 - - [12/Oct/2022:13:39:15 +0200] "GET /images/mini_prod/8422028712123.jpg HTTP/1.0" 200 269 "-" "Mozilla/5.0 (compatible; AhrefsBot/7.0; +http://ahrefs.com/robot/)"
54.36.148.90 - - [12/Oct/2022:13:39:15 +0200] "GET /images/mini_prod/8422019037303B.jpg HTTP/1.0" 200 270 "-" "Mozilla/5.0 (compatible; AhrefsBot/7.0; +http://ahrefs.com/robot/)"
54.36.149.50 - - [12/Oct/2022:13:39:15 +0200] "GET /images/mini_prod/8422019037303D.jpg HTTP/1.0" 200 270 "-" "Mozilla/5.0 (compatible; AhrefsBot/7.0; +http://ahrefs.com/robot/)"
54.36.148.107 - - [12/Oct/2022:13:39:16 +0200] "GET /images/mini_prod/8422034611335.jpg HTTP/1.0" 200 269 "-" "Mozilla/5.0 (compatible; AhrefsBot/7.0; +http://ahrefs.com/robot/)"
54.36.148.44 - - [12/Oct/2022:13:39:16 +0200] "GET /images/mini_prod/8422071208451.jpg HTTP/1.0" 200 269 "-" "Mozilla/5.0 (compatible; AhrefsBot/7.0; +http://ahrefs.com/robot/)"
54.36.149.9 - - [12/Oct/2022:13:39:16 +0200] "GET /images/mini_prod/8422034611403.jpg HTTP/1.0" 200 269 "-" "Mozilla/5.0 (compatible; AhrefsBot/7.0; +http://ahrefs.com/robot/)"
54.36.148.166 - - [12/Oct/2022:13:39:16 +0200] "GET /images/mini_prod/8422019037327C.jpg HTTP/1.0" 200 270 "-" "Mozilla/5.0 (compatible; AhrefsBot/7.0; +http://ahrefs.com/robot/)"
54.36.148.8 - - [12/Oct/2022:13:39:16 +0200] "GET /images/mini_prod/8422034611410.jpg HTTP/1.0" 200 269 "-" "Mozilla/5.0 (compatible; AhrefsBot/7.0; +http://ahrefs.com/robot/)"
54.36.149.55 - - [12/Oct/2022:13:39:16 +0200] "GET /images/mini_prod/8422071208475.jpg HTTP/1.0" 200 269 "-" "Mozilla/5.0 (compatible; AhrefsBot/7.0; +http://ahrefs.com/robot/)"
54.36.149.46 - - [12/Oct/2022:13:39:16 +0200] "GET /images/mini_prod/8422028712109.jpg HTTP/1.0" 200 269 "-" "Mozilla/5.0 (compatible; AhrefsBot/7.0; +http://ahrefs.com/robot/)"
54.36.149.104 - - [12/Oct/2022:13:39:16 +0200] "GET /images/mini_prod/8422072749694.jpg HTTP/1.0" 200 269 "-" "Mozilla/5.0 (compatible; AhrefsBot/7.0; +http://ahrefs.com/robot/)"
54.36.148.102 - - [12/Oct/2022:13:39:16 +0200] "GET /images/mini_prod/8422028712130.jpg HTTP/1.0" 200 269 "-" "Mozilla/5.0 (compatible; AhrefsBot/7.0; +http://ahrefs.com/robot/)"
54.36.148.221 - - [12/Oct/2022:13:39:16 +0200] "GET /images/mini_prod/8422071208468.jpg HTTP/1.0" 200 269 "-" "Mozilla/5.0 (compatible; AhrefsBot/7.0; +http://ahrefs.com/robot/)"
54.36.149.85 - - [12/Oct/2022:13:39:16 +0200] "GET /images/mini_prod/8422034611328.jpg HTTP/1.0" 200 269 "-" "Mozilla/5.0 (compatible; AhrefsBot/7.0; +http://ahrefs.com/robot/)"
54.36.148.31 - - [12/Oct/2022:13:39:16 +0200] "GET /images/mini_prod/8422034611342.jpg HTTP/1.0" 200 269 "-" "Mozilla/5.0 (compatible; AhrefsBot/7.0; +http://ahrefs.com/robot/)"
54.36.148.238 - - [12/Oct/2022:13:39:16 +0200] "GET /images/mini_prod/8422071208482.jpg HTTP/1.0" 200 269 "-" "Mozilla/5.0 (compatible; AhrefsBot/7.0; +http://ahrefs.com/robot/)"
54.36.149.18 - - [12/Oct/2022:13:39:16 +0200] "GET /images/mini_prod/8422034611311.jpg HTTP/1.0" 200 269 "-" "Mozilla/5.0 (compatible; AhrefsBot/7.0; +http://ahrefs.com/robot/)"
54.36.149.24 - - [12/Oct/2022:13:39:16 +0200] "GET /images/mini_prod/8422034611434.jpg HTTP/1.0" 200 269 "-" "Mozilla/5.0 (compatible; AhrefsBot/7.0; +http://ahrefs.com/robot/)"
157.90.177.217 - - [12/Oct/2022:13:39:22 +0200] "GET /salt-made-ceramic-bamboo-p-55760.html HTTP/1.0" 200 74973 "-" "Mozilla/5.0 (compatible; BLEXBot/1.0; +http://webmeup-crawler.com/)"
66.249.64.244 - - [12/Oct/2022:13:39:33 +0200] "GET /bmw-cork-coaster-p-37068.html HTTP/1.0" 301 72373 "-" "Mozilla/5.0 (Linux; Android 6.0.1; Nexus 5X Build/MMB29P) AppleWebKit/537.36 (KHTML, like Gecko) Chrome/106.0.5249.103 Mobile Safari/537.36 (compatible; Googlebot/2.1; +http://www.google.com/bot.html)"
66.249.64.246 - - [12/Oct/2022:13:39:35 +0200] "GET /cork-coaster-p-37068.html HTTP/1.0" 200 72294 "-" "Mozilla/5.0 (Linux; Android 6.0.1; Nexus 5X Build/MMB29P) AppleWebKit/537.36 (KHTML, like Gecko) Chrome/106.0.5249.103 Mobile Safari/537.36 (compatible; Googlebot/2.1; +http://www.google.com/bot.html)"
157.90.177.217 - - [12/Oct/2022:13:39:38 +0200] "GET /salt-made-ceramic-bamboo-p-55761.html HTTP/1.0" 200 74973 "-" "Mozilla/5.0 (compatible; BLEXBot/1.0; +http://webmeup-crawler.com/)"
66.249.64.244 - - [12/Oct/2022:13:39:40 +0200] "GET /glass-tray-p-42745.html HTTP/1.0" 200 74855 "-" "Mozilla/5.0 (Linux; Android 6.0.1; Nexus 5X Build/MMB29P) AppleWebKit/537.36 (KHTML, like Gecko) Chrome/106.0.5249.103 Mobile Safari/537.36 (compatible; Googlebot/2.1; +http://www.google.com/bot.html)"
163.220.128.41 - - [12/Oct/2022:13:39:44 +0200] "GET /images/mini_prod/5051276388151.jpg HTTP/1.0" 200 269 "-" "Mozilla/5.0 (X11; Ubuntu; Linux x86_64; rv:72.0) Gecko/20100101 Firefox/72.0"
185.191.171.40 - - [12/Oct/2022:13:39:50 +0200] "GET /-p-30705.html HTTP/1.0" 200 72248 "-" "Mozilla/5.0 (compatible; SemrushBot/7~bl; +http://www.semrush.com/bot.html)"
157.90.177.217 - - [12/Oct/2022:13:39:53 +0200] "GET /salt-made-ceramic-wood-p-57360.html HTTP/1.0" 200 75789 "-" "Mozilla/5.0 (compatible; BLEXBot/1.0; +http://webmeup-crawler.com/)"
185.191.171.6 - - [12/Oct/2022:13:40:03 +0200] "GET /trays-c-12_159.html?page=12 HTTP/1.0" 200 93463 "-" "Mozilla/5.0 (compatible; SemrushBot/7~bl; +http://www.semrush.com/bot.html)"
157.90.177.217 - - [12/Oct/2022:13:40:09 +0200] "GET /salt-paludier-p-56543.html HTTP/1.0" 200 74840 "-" "Mozilla/5.0 (compatible; BLEXBot/1.0; +http://webmeup-crawler.com/)"
100.33.72.239 - - [12/Oct/2022:13:40:12 +0200] "GET /soft-toys-security-blanket-c-4_46.html HTTP/1.0" 200 93012 "http://www.wonder-geek.com/toys-c-4_45.html" "Mozilla/5.0 (iPhone; CPU iPhone OS 15_6_1 like Mac OS X) AppleWebKit/605.1.15 (KHTML, like Gecko) Version/15.6.1 Mobile/15E148 Safari/604.1"
100.33.72.239 - - [12/Oct/2022:13:40:20 +0200] "GET /soft-toys-security-blanket-c-4_46.html?page=2 HTTP/1.0" 200 93724 "http://www.wonder-geek.com/soft-toys-security-blanket-c-4_46.html" "Mozilla/5.0 (iPhone; CPU iPhone OS 15_6_1 like Mac OS X) AppleWebKit/605.1.15 (KHTML, like Gecko) Version/15.6.1 Mobile/15E148 Safari/604.1"
157.90.177.217 - - [12/Oct/2022:13:40:26 +0200] "GET /salt-pepper-arno-p-47911.html HTTP/1.0" 200 74895 "-" "Mozilla/5.0 (compatible; BLEXBot/1.0; +http://webmeup-crawler.com/)"
54.36.148.198 - - [12/Oct/2022:13:40:31 +0200] "GET /-c-95_294.html HTTP/1.0" 200 71116 "-" "Mozilla/5.0 (compatible; AhrefsBot/7.0; +http://ahrefs.com/robot/)"
157.90.177.217 - - [12/Oct/2022:13:40:42 +0200] "GET /salt-pepper-bistrot-p-47919.html HTTP/1.0" 200 74911 "-" "Mozilla/5.0 (compatible; BLEXBot/1.0; +http://webmeup-crawler.com/)"
163.220.128.41 - - [12/Oct/2022:13:40:55 +0200] "GET /images/mini_prod/1300000020329.jpg HTTP/1.0" 200 269 "-" "Mozilla/5.0 (X11; Ubuntu; Linux x86_64; rv:72.0) Gecko/20100101 Firefox/72.0"
