157.90.177.217 - - [12/Oct/2022:05:37:24 +0200] "GET /metal-coffee-capacity-opera-p-58337.html HTTP/1.0" 200 75943 "-" "Mozilla/5.0 (compatible; BLEXBot/1.0; +http://webmeup-crawler.com/)"
135.181.180.59 - - [12/Oct/2022:05:37:26 +0200] "GET /austria-cbkreation-p-33766.html HTTP/1.0" 200 75676 "-" "Mozilla/5.0 (compatible; MJ12bot/v1.4.8; http://mj12bot.com/)"
135.181.180.59 - - [12/Oct/2022:05:37:29 +0200] "GET /authentic-mariniere-mug-p-45189.html HTTP/1.0" 301 72315 "-" "Mozilla/5.0 (compatible; MJ12bot/v1.4.8; http://mj12bot.com/)"
135.181.180.59 - - [12/Oct/2022:05:37:32 +0200] "GET /-p-45189.html HTTP/1.0" 200 72248 "-" "Mozilla/5.0 (compatible; MJ12bot/v1.4.8; http://mj12bot.com/)"
135.181.180.59 - - [12/Oct/2022:05:37:35 +0200] "GET /authentic-mariniere-p-45189.html HTTP/1.0" 301 72315 "-" "Mozilla/5.0 (compatible; MJ12bot/v1.4.8; http://mj12bot.com/)"
185.191.171.24 - - [12/Oct/2022:05:37:36 +0200] "GET /harley-davidson-zippo-lighter-laser-p-53265.html HTTP/1.0" 200 78145 "-" "Mozilla/5.0 (compatible; SemrushBot/7~bl; +http://www.semrush.com/bot.html)"
135.181.180.59 - - [12/Oct/2022:05:37:38 +0200] "GET /-p-45189.html HTTP/1.0" 200 72248 "-" "Mozilla/5.0 (compatible; MJ12bot/v1.4.8; http://mj12bot.com/)"
157.90.177.217 - - [12/Oct/2022:05:37:39 +0200] "GET /metal-coffee-capacity-opera-p-58338.html HTTP/1.0" 200 75943 "-" "Mozilla/5.0 (compatible; BLEXBot/1.0; +http://webmeup-crawler.com/)"
185.191.171.26 - - [12/Oct/2022:05:37:40 +0200] "GET /-p-47184.html HTTP/1.0" 200 72248 "-" "Mozilla/5.0 (compatible; SemrushBot/7~bl; +http://www.semrush.com/bot.html)"
135.181.180.59 - - [12/Oct/2022:05:37:41 +0200] "GET /authentic-mini-melamine-tray-p-45168.html HTTP/1.0" 200 75026 "-" "Mozilla/5.0 (compatible; MJ12bot/v1.4.8; http://mj12bot.com/)"
88.218.148.13 - - [12/Oct/2022:05:37:45 +0200] "GET /images/big_prod/3014627556090.jpg HTTP/1.0" 200 268 "-" "Mozilla/5.0 (Windows NT 6.3; WOW64) AppleWebKit/537.36 (KHTML, like Gecko) Chrome/38.0.2125.111 Safari/537.36"
135.181.180.59 - - [12/Oct/2022:05:37:44 +0200] "GET /authentique-cafe-croissant-bowl-p-39536.html HTTP/1.0" 301 72315 "-" "Mozilla/5.0 (compatible; MJ12bot/v1.4.8; http://mj12bot.com/)"
135.181.180.59 - - [12/Oct/2022:05:37:46 +0200] "GET /-p-39536.html HTTP/1.0" 200 72248 "-" "Mozilla/5.0 (compatible; MJ12bot/v1.4.8; http://mj12bot.com/)"
66.249.64.244 - - [12/Oct/2022:05:37:46 +0200] "GET /microfiber-bolster-p-39798.html HTTP/1.0" 200 75013 "-" "Mozilla/5.0 (compatible; Googlebot/2.1; +http://www.google.com/bot.html)"
135.181.180.59 - - [12/Oct/2022:05:37:49 +0200] "GET /auto-repair-metal-plate-deco-p-37663.html HTTP/1.0" 200 72400 "-" "Mozilla/5.0 (compatible; MJ12bot/v1.4.8; http://mj12bot.com/)"
185.191.171.33 - - [12/Oct/2022:05:37:50 +0200] "GET /maxi-gund-fuzzy-plush-bear-p-29248.html HTTP/1.0" 200 75093 "-" "Mozilla/5.0 (compatible; SemrushBot/7~bl; +http://www.semrush.com/bot.html)"
135.181.180.59 - - [12/Oct/2022:05:37:52 +0200] "GET /auto-repair-pin-up-metal-plate-deco-p-37663.html HTTP/1.0" 301 72495 "-" "Mozilla/5.0 (compatible; MJ12bot/v1.4.8; http://mj12bot.com/)"
157.90.177.217 - - [12/Oct/2022:05:37:53 +0200] "GET /metal-coffee-capacity-opera-p-58339.html HTTP/1.0" 200 75943 "-" "Mozilla/5.0 (compatible; BLEXBot/1.0; +http://webmeup-crawler.com/)"
135.181.180.59 - - [12/Oct/2022:05:37:55 +0200] "GET /auto-repair-metal-plate-deco-p-37663.html HTTP/1.0" 200 72400 "-" "Mozilla/5.0 (compatible; MJ12bot/v1.4.8; http://mj12bot.com/)"
135.181.180.59 - - [12/Oct/2022:05:37:58 +0200] "GET /autres-accessoires-c-12_59.html HTTP/1.0" 301 91125 "-" "Mozilla/5.0 (compatible; MJ12bot/v1.4.8; http://mj12bot.com/)"
185.191.171.8 - - [12/Oct/2022:05:38:00 +0200] "GET /personality-pose-cinderella-figurine-p-52398.html HTTP/1.0" 200 76362 "-" "Mozilla/5.0 (compatible; SemrushBot/7~bl; +http://www.semrush.com/bot.html)"
135.181.180.59 - - [12/Oct/2022:05:38:01 +0200] "GET /difference-accessoriess-c-59.html HTTP/1.0" 301 91024 "-" "Mozilla/5.0 (compatible; MJ12bot/v1.4.8; http://mj12bot.com/)"
135.181.180.59 - - [12/Oct/2022:05:38:05 +0200] "GET /difference-accessoriess-c-12_59.html HTTP/1.0" 200 91038 "-" "Mozilla/5.0 (compatible; MJ12bot/v1.4.8; http://mj12bot.com/)"
157.90.177.217 - - [12/Oct/2022:05:38:07 +0200] "GET /metal-coffee-capacity-poppy-p-58333.html HTTP/1.0" 200 75925 "-" "Mozilla/5.0 (compatible; BLEXBot/1.0; +http://webmeup-crawler.com/)"
135.181.180.59 - - [12/Oct/2022:05:38:08 +0200] "GET /avengers-age-of-ultron-door-poster-p-32334.html HTTP/1.0" 301 72315 "-" "Mozilla/5.0 (compatible; MJ12bot/v1.4.8; http://mj12bot.com/)"
185.191.171.15 - - [12/Oct/2022:05:38:11 +0200] "GET /skull-sailor-moneybox-black-p-32589.html HTTP/1.0" 200 74907 "-" "Mozilla/5.0 (compatible; SemrushBot/7~bl; +http://www.semrush.com/bot.html)"
135.181.180.59 - - [12/Oct/2022:05:38:12 +0200] "GET /-p-32334.html HTTP/1.0" 200 72248 "-" "Mozilla/5.0 (compatible; MJ12bot/v1.4.8; http://mj12bot.com/)"
135.181.180.59 - - [12/Oct/2022:05:38:16 +0200] "GET /avengers-age-of-ultron-poster-p-32313.html HTTP/1.0" 301 72315 "-" "Mozilla/5.0 (compatible; MJ12bot/v1.4.8; http://mj12bot.com/)"
135.181.180.59 - - [12/Oct/2022:05:38:19 +0200] "GET /-p-32313.html HTTP/1.0" 200 72248 "-" "Mozilla/5.0 (compatible; MJ12bot/v1.4.8; http://mj12bot.com/)"
135.181.180.59 - - [12/Oct/2022:05:38:21 +0200] "GET /avengers-age-of-ultron-poster-p-32314.html HTTP/1.0" 301 72315 "-" "Mozilla/5.0 (compatible; MJ12bot/v1.4.8; http://mj12bot.com/)"
157.90.177.217 - - [12/Oct/2022:05:38:22 +0200] "GET /metal-coffee-capacity-poppy-p-58334.html HTTP/1.0" 200 75925 "-" "Mozilla/5.0 (compatible; BLEXBot/1.0; +http://webmeup-crawler.com/)"
135.181.180.59 - - [12/Oct/2022:05:38:24 +0200] "GET /-p-32314.html HTTP/1.0" 200 72248 "-" "Mozilla/5.0 (compatible; MJ12bot/v1.4.8; http://mj12bot.com/)"
135.181.180.59 - - [12/Oct/2022:05:38:27 +0200] "GET /avengers-blue-cushion-p-33182.html HTTP/1.0" 301 72315 "-" "Mozilla/5.0 (compatible; MJ12bot/v1.4.8; http://mj12bot.com/)"
135.181.180.59 - - [12/Oct/2022:05:38:30 +0200] "GET /-p-33182.html HTTP/1.0" 200 72248 "-" "Mozilla/5.0 (compatible; MJ12bot/v1.4.8; http://mj12bot.com/)"
54.36.148.248 - - [12/Oct/2022:05:38:32 +0200] "GET /paperweight-japanese-magnolia-p-54529.html HTTP/1.0" 200 75634 "-" "Mozilla/5.0 (compatible; AhrefsBot/7.0; +http://ahrefs.com/robot/)"
135.181.180.59 - - [12/Oct/2022:05:38:33 +0200] "GET /avengers-bowl-p-37504.html HTTP/1.0" 301 72315 "-" "Mozilla/5.0 (compatible; MJ12bot/v1.4.8; http://mj12bot.com/)"
54.36.149.16 - - [12/Oct/2022:05:38:37 +0200] "GET /images/big_prod/8718375751282.jpg HTTP/1.0" 200 268 "-" "Mozilla/5.0 (compatible; AhrefsBot/7.0; +http://ahrefs.com/robot/)"
135.181.180.59 - - [12/Oct/2022:05:38:37 +0200] "GET /-p-37504.html HTTP/1.0" 200 72248 "-" "Mozilla/5.0 (compatible; MJ12bot/v1.4.8; http://mj12bot.com/)"
157.90.177.217 - - [12/Oct/2022:05:38:37 +0200] "GET /metal-coffee-capacity-poppy-p-58335.html HTTP/1.0" 200 75944 "-" "Mozilla/5.0 (compatible; BLEXBot/1.0; +http://webmeup-crawler.com/)"
135.181.180.59 - - [12/Oct/2022:05:38:40 +0200] "GET /avengers-civil-poster-p-36319.html HTTP/1.0" 301 72315 "-" "Mozilla/5.0 (compatible; MJ12bot/v1.4.8; http://mj12bot.com/)"
66.249.64.246 - - [12/Oct/2022:05:38:41 +0200] "GET /merciful-christ-aromatika-incense-sticks-p-53429.html HTTP/1.0" 200 75052 "-" "Mozilla/5.0 (compatible; Googlebot/2.1; +http://www.google.com/bot.html)"
135.181.180.59 - - [12/Oct/2022:05:38:43 +0200] "GET /-p-36319.html HTTP/1.0" 200 72248 "-" "Mozilla/5.0 (compatible; MJ12bot/v1.4.8; http://mj12bot.com/)"
135.181.180.59 - - [12/Oct/2022:05:38:46 +0200] "GET /avengers-civil-war-poster-p-36319.html HTTP/1.0" 301 72315 "-" "Mozilla/5.0 (compatible; MJ12bot/v1.4.8; http://mj12bot.com/)"
135.181.180.59 - - [12/Oct/2022:05:38:48 +0200] "GET /-p-36319.html HTTP/1.0" 200 72248 "-" "Mozilla/5.0 (compatible; MJ12bot/v1.4.8; http://mj12bot.com/)"
135.181.180.59 - - [12/Oct/2022:05:38:51 +0200] "GET /avengers-clap-blue-watch-p-33189.html HTTP/1.0" 301 72315 "-" "Mozilla/5.0 (compatible; MJ12bot/v1.4.8; http://mj12bot.com/)"
185.191.171.37 - - [12/Oct/2022:05:38:52 +0200] "GET /tweety-figurine-p-45055.html HTTP/1.0" 200 74856 "-" "Mozilla/5.0 (compatible; SemrushBot/7~bl; +http://www.semrush.com/bot.html)"
157.90.177.217 - - [12/Oct/2022:05:38:53 +0200] "GET /metal-coffee-capacity-poppy-p-58336.html HTTP/1.0" 200 75944 "-" "Mozilla/5.0 (compatible; BLEXBot/1.0; +http://webmeup-crawler.com/)"
135.181.180.59 - - [12/Oct/2022:05:38:54 +0200] "GET /-p-33189.html HTTP/1.0" 200 72248 "-" "Mozilla/5.0 (compatible; MJ12bot/v1.4.8; http://mj12bot.com/)"
185.191.171.43 - - [12/Oct/2022:05:38:56 +0200] "GET /louise-rose-fleece-blanket-p-55211.html HTTP/1.0" 200 72342 "-" "Mozilla/5.0 (compatible; SemrushBot/7~bl; +http://www.semrush.com/bot.html)"
135.181.180.59 - - [12/Oct/2022:05:38:57 +0200] "GET /avengers-clap-red-watch-p-33190.html HTTP/1.0" 301 72315 "-" "Mozilla/5.0 (compatible; MJ12bot/v1.4.8; http://mj12bot.com/)"
135.181.180.59 - - [12/Oct/2022:05:39:00 +0200] "GET /-p-33190.html HTTP/1.0" 200 72248 "-" "Mozilla/5.0 (compatible; MJ12bot/v1.4.8; http://mj12bot.com/)"
216.244.66.242 - - [12/Oct/2022:05:39:01 +0200] "GET /gorjuss-cards-supplied-with-envelope-these-words-p-48373.html HTTP/1.0" 200 72412 "-" "Mozilla/5.0 (compatible; DotBot/1.2; +https://opensiteexplorer.org/dotbot; help@moz.com)"
135.181.180.59 - - [12/Oct/2022:05:39:03 +0200] "GET /avengers-clap-watch-p-33190.html HTTP/1.0" 301 72315 "-" "Mozilla/5.0 (compatible; MJ12bot/v1.4.8; http://mj12bot.com/)"
135.181.180.59 - - [12/Oct/2022:05:39:06 +0200] "GET /-p-33190.html HTTP/1.0" 200 72248 "-" "Mozilla/5.0 (compatible; MJ12bot/v1.4.8; http://mj12bot.com/)"
135.181.180.59 - - [12/Oct/2022:05:39:08 +0200] "GET /avengers-cushion-p-37532.html HTTP/1.0" 301 72315 "-" "Mozilla/5.0 (compatible; MJ12bot/v1.4.8; http://mj12bot.com/)"
157.90.177.217 - - [12/Oct/2022:05:39:09 +0200] "GET /metal-crayola-markers-p-32535.html HTTP/1.0" 200 74971 "-" "Mozilla/5.0 (compatible; BLEXBot/1.0; +http://webmeup-crawler.com/)"
135.181.180.59 - - [12/Oct/2022:05:39:11 +0200] "GET /-p-37532.html HTTP/1.0" 200 72248 "-" "Mozilla/5.0 (compatible; MJ12bot/v1.4.8; http://mj12bot.com/)"
135.181.180.59 - - [12/Oct/2022:05:39:14 +0200] "GET /avengers-cushion-p-37533.html HTTP/1.0" 301 72315 "-" "Mozilla/5.0 (compatible; MJ12bot/v1.4.8; http://mj12bot.com/)"
135.181.180.59 - - [12/Oct/2022:05:39:17 +0200] "GET /-p-37533.html HTTP/1.0" 200 72248 "-" "Mozilla/5.0 (compatible; MJ12bot/v1.4.8; http://mj12bot.com/)"
135.181.180.59 - - [12/Oct/2022:05:39:19 +0200] "GET /avengers-icons-marvel-suitcase-48-cm-p-33308.html HTTP/1.0" 301 72504 "-" "Mozilla/5.0 (compatible; MJ12bot/v1.4.8; http://mj12bot.com/)"
135.181.180.59 - - [12/Oct/2022:05:39:22 +0200] "GET /avengers-icons-marvel-suitcase-p-33308.html HTTP/1.0" 200 72407 "-" "Mozilla/5.0 (compatible; MJ12bot/v1.4.8; http://mj12bot.com/)"
157.90.177.217 - - [12/Oct/2022:05:39:23 +0200] "GET /metal-cylindrical-coffee-p-52611.html HTTP/1.0" 200 75059 "-" "Mozilla/5.0 (compatible; BLEXBot/1.0; +http://webmeup-crawler.com/)"
135.181.180.59 - - [12/Oct/2022:05:39:25 +0200] "GET /avengers-icons-marvel-suitcase-p-33308.html HTTP/1.0" 200 72407 "-" "Mozilla/5.0 (compatible; MJ12bot/v1.4.8; http://mj12bot.com/)"
135.181.180.59 - - [12/Oct/2022:05:39:29 +0200] "GET /avengers-iron-man-mask-p-24834.html HTTP/1.0" 301 75203 "-" "Mozilla/5.0 (compatible; MJ12bot/v1.4.8; http://mj12bot.com/)"
135.181.180.59 - - [12/Oct/2022:05:39:32 +0200] "GET /avengers-iron-mask-p-24834.html HTTP/1.0" 200 75118 "-" "Mozilla/5.0 (compatible; MJ12bot/v1.4.8; http://mj12bot.com/)"
185.191.171.26 - - [12/Oct/2022:05:39:33 +0200] "GET /harley-davidson-zippo-lighter-p-39529.html HTTP/1.0" 200 75400 "-" "Mozilla/5.0 (compatible; SemrushBot/7~bl; +http://www.semrush.com/bot.html)"
135.181.180.59 - - [12/Oct/2022:05:39:35 +0200] "GET /avengers-lampshade-for-lamp-or-ceiling-p-33150.html HTTP/1.0" 301 72315 "-" "Mozilla/5.0 (compatible; MJ12bot/v1.4.8; http://mj12bot.com/)"
157.90.177.217 - - [12/Oct/2022:05:39:38 +0200] "GET /metal-cylindrical-p-52613.html HTTP/1.0" 200 75028 "-" "Mozilla/5.0 (compatible; BLEXBot/1.0; +http://webmeup-crawler.com/)"
51.68.224.127 - - [12/Oct/2022:05:39:39 +0200] "GET /adminweb/export_orders_xml.php?token=256de2z6edz6ed2z6DFSFsed2zed6zeDSFDSGdzedezfzf&maxorders=10&orderstart=1&status=14&start_date=2018-10-01 HTTP/1.0" 200 285 "-" "GesCom CharlotteBoutik Serveur"
135.181.180.59 - - [12/Oct/2022:05:39:39 +0200] "GET /-p-33150.html HTTP/1.0" 200 72248 "-" "Mozilla/5.0 (compatible; MJ12bot/v1.4.8; http://mj12bot.com/)"
51.68.224.127 - - [12/Oct/2022:05:39:40 +0200] "GET /adminweb/export_orders_xml.php?token=256de2z6edz6ed2z6DFSFsed2zed6zeDSFDSGdzedezfzf&maxorders=10&orderstart=1&status=6&start_date=2018-10-01 HTTP/1.0" 200 33985 "-" "GesCom CharlotteBoutik Serveur"
135.181.180.59 - - [12/Oct/2022:05:39:42 +0200] "GET /avengers-rectangular-mirror-p-33187.html HTTP/1.0" 301 72315 "-" "Mozilla/5.0 (compatible; MJ12bot/v1.4.8; http://mj12bot.com/)"
54.36.148.188 - - [12/Oct/2022:05:39:44 +0200] "GET /allen-clock-p-28654.html HTTP/1.0" 200 74881 "-" "Mozilla/5.0 (compatible; AhrefsBot/7.0; +http://ahrefs.com/robot/)"
135.181.180.59 - - [12/Oct/2022:05:39:45 +0200] "GET /-p-33187.html HTTP/1.0" 200 72248 "-" "Mozilla/5.0 (compatible; MJ12bot/v1.4.8; http://mj12bot.com/)"
135.181.180.59 - - [12/Oct/2022:05:39:48 +0200] "GET /avengers-rectangular-mirror-p-33188.html HTTP/1.0" 301 72315 "-" "Mozilla/5.0 (compatible; MJ12bot/v1.4.8; http://mj12bot.com/)"
135.181.180.59 - - [12/Oct/2022:05:39:51 +0200] "GET /-p-33188.html HTTP/1.0" 200 72248 "-" "Mozilla/5.0 (compatible; MJ12bot/v1.4.8; http://mj12bot.com/)"
157.90.177.217 - - [12/Oct/2022:05:39:53 +0200] "GET /metal-ding-dong-bell-bike-black-p-40741.html HTTP/1.0" 200 74985 "-" "Mozilla/5.0 (compatible; BLEXBot/1.0; +http://webmeup-crawler.com/)"
135.181.180.59 - - [12/Oct/2022:05:39:54 +0200] "GET /avengers-small-box-p-40843.html HTTP/1.0" 301 72315 "-" "Mozilla/5.0 (compatible; MJ12bot/v1.4.8; http://mj12bot.com/)"
135.181.180.59 - - [12/Oct/2022:05:39:56 +0200] "GET /-p-40843.html HTTP/1.0" 200 72248 "-" "Mozilla/5.0 (compatible; MJ12bot/v1.4.8; http://mj12bot.com/)"
185.191.171.26 - - [12/Oct/2022:05:39:59 +0200] "GET /camargue-metal-rests-flat-p-47891.html HTTP/1.0" 200 74888 "-" "Mozilla/5.0 (compatible; SemrushBot/7~bl; +http://www.semrush.com/bot.html)"
135.181.180.59 - - [12/Oct/2022:05:39:59 +0200] "GET /avengers-ultron-door-poster-p-32334.html HTTP/1.0" 301 72315 "-" "Mozilla/5.0 (compatible; MJ12bot/v1.4.8; http://mj12bot.com/)"
135.181.180.59 - - [12/Oct/2022:05:40:02 +0200] "GET /-p-32334.html HTTP/1.0" 200 72248 "-" "Mozilla/5.0 (compatible; MJ12bot/v1.4.8; http://mj12bot.com/)"
135.181.180.59 - - [12/Oct/2022:05:40:05 +0200] "GET /avengers-ultron-poster-p-32313.html HTTP/1.0" 301 72315 "-" "Mozilla/5.0 (compatible; MJ12bot/v1.4.8; http://mj12bot.com/)"
135.181.180.59 - - [12/Oct/2022:05:40:08 +0200] "GET /-p-32313.html HTTP/1.0" 200 72248 "-" "Mozilla/5.0 (compatible; MJ12bot/v1.4.8; http://mj12bot.com/)"
157.90.177.217 - - [12/Oct/2022:05:40:08 +0200] "GET /metal-ding-dong-bell-bike-black-p-40743.html HTTP/1.0" 200 74987 "-" "Mozilla/5.0 (compatible; BLEXBot/1.0; +http://webmeup-crawler.com/)"
135.181.180.59 - - [12/Oct/2022:05:40:11 +0200] "GET /avengers-ultron-poster-p-32314.html HTTP/1.0" 301 72315 "-" "Mozilla/5.0 (compatible; MJ12bot/v1.4.8; http://mj12bot.com/)"
135.181.180.59 - - [12/Oct/2022:05:40:14 +0200] "GET /-p-32314.html HTTP/1.0" 200 72248 "-" "Mozilla/5.0 (compatible; MJ12bot/v1.4.8; http://mj12bot.com/)"
135.181.180.59 - - [12/Oct/2022:05:40:17 +0200] "GET /avignon-large-metal-plate-30-40-cm-p-44864.html HTTP/1.0" 301 75074 "-" "Mozilla/5.0 (compatible; MJ12bot/v1.4.8; http://mj12bot.com/)"
135.181.180.59 - - [12/Oct/2022:05:40:20 +0200] "GET /avignon-large-metal-plate-p-44864.html HTTP/1.0" 200 74982 "-" "Mozilla/5.0 (compatible; MJ12bot/v1.4.8; http://mj12bot.com/)"
17.121.112.49 - - [12/Oct/2022:05:40:20 +0200] "GET /beige-microfiber-bedspread-p-58719.html HTTP/1.0" 200 75942 "-" "Mozilla/5.0 (Macintosh; Intel Mac OS X 10_15_5) AppleWebKit/605.1.15 (KHTML, like Gecko) Version/13.1.1 Safari/605.1.15 (Applebot/0.1; +http://www.apple.com/go/applebot)"
135.181.180.59 - - [12/Oct/2022:05:40:23 +0200] "GET /avignon-large-metal-plate-p-44864.html HTTP/1.0" 200 74982 "-" "Mozilla/5.0 (compatible; MJ12bot/v1.4.8; http://mj12bot.com/)"
157.90.177.217 - - [12/Oct/2022:05:40:24 +0200] "GET /metal-ding-dong-bell-bike-blue-p-40745.html HTTP/1.0" 200 74986 "-" "Mozilla/5.0 (compatible; BLEXBot/1.0; +http://webmeup-crawler.com/)"
135.181.180.59 - - [12/Oct/2022:05:40:26 +0200] "GET /ayana-kimmidoll-dolls-10-cm-p-21691.html HTTP/1.0" 301 72422 "-" "Mozilla/5.0 (compatible; MJ12bot/v1.4.8; http://mj12bot.com/)"
135.181.180.59 - - [12/Oct/2022:05:40:28 +0200] "GET /ayana-kimmidoll-dolls-p-21691.html HTTP/1.0" 200 72334 "-" "Mozilla/5.0 (compatible; MJ12bot/v1.4.8; http://mj12bot.com/)"
135.181.180.59 - - [12/Oct/2022:05:40:31 +0200] "GET /ayana-kimmidoll-dolls-p-21691.html HTTP/1.0" 200 72334 "-" "Mozilla/5.0 (compatible; MJ12bot/v1.4.8; http://mj12bot.com/)"
135.181.180.59 - - [12/Oct/2022:05:40:34 +0200] "GET /ayumi-kimmidoll-doll-10-cm-p-42431.html HTTP/1.0" 301 72444 "-" "Mozilla/5.0 (compatible; MJ12bot/v1.4.8; http://mj12bot.com/)"
135.181.180.59 - - [12/Oct/2022:05:40:37 +0200] "GET /ayumi-kimmidoll-doll-p-42431.html HTTP/1.0" 200 72357 "-" "Mozilla/5.0 (compatible; MJ12bot/v1.4.8; http://mj12bot.com/)"
157.90.177.217 - - [12/Oct/2022:05:40:38 +0200] "GET /metal-ding-dong-bell-bike-grey-p-40746.html HTTP/1.0" 200 74986 "-" "Mozilla/5.0 (compatible; BLEXBot/1.0; +http://webmeup-crawler.com/)"
135.181.180.59 - - [12/Oct/2022:05:40:40 +0200] "GET /ayumi-kimmidoll-doll-p-42431.html HTTP/1.0" 200 72357 "-" "Mozilla/5.0 (compatible; MJ12bot/v1.4.8; http://mj12bot.com/)"
135.181.180.59 - - [12/Oct/2022:05:40:43 +0200] "GET /babar-cap-glove-set-50-cm-p-22950.html HTTP/1.0" 301 72315 "-" "Mozilla/5.0 (compatible; MJ12bot/v1.4.8; http://mj12bot.com/)"
135.181.180.59 - - [12/Oct/2022:05:40:45 +0200] "GET /-p-22950.html HTTP/1.0" 200 72248 "-" "Mozilla/5.0 (compatible; MJ12bot/v1.4.8; http://mj12bot.com/)"
135.181.180.59 - - [12/Oct/2022:05:40:48 +0200] "GET /babar-cap-glove-set-52-cm-p-22949.html HTTP/1.0" 301 72315 "-" "Mozilla/5.0 (compatible; MJ12bot/v1.4.8; http://mj12bot.com/)"
135.181.180.59 - - [12/Oct/2022:05:40:51 +0200] "GET /-p-22949.html HTTP/1.0" 200 72248 "-" "Mozilla/5.0 (compatible; MJ12bot/v1.4.8; http://mj12bot.com/)"
157.90.177.217 - - [12/Oct/2022:05:40:52 +0200] "GET /metal-keychain-unicorn-p-47481.html HTTP/1.0" 200 74889 "-" "Mozilla/5.0 (compatible; BLEXBot/1.0; +http://webmeup-crawler.com/)"
135.181.180.59 - - [12/Oct/2022:05:40:54 +0200] "GET /babar-glove-p-22949.html HTTP/1.0" 301 72315 "-" "Mozilla/5.0 (compatible; MJ12bot/v1.4.8; http://mj12bot.com/)"
54.36.149.13 - - [12/Oct/2022:05:40:54 +0200] "GET /eucalyptus-p-55190.html HTTP/1.0" 200 75647 "-" "Mozilla/5.0 (compatible; AhrefsBot/7.0; +http://ahrefs.com/robot/)"
135.181.180.59 - - [12/Oct/2022:05:40:56 +0200] "GET /-p-22949.html HTTP/1.0" 200 72248 "-" "Mozilla/5.0 (compatible; MJ12bot/v1.4.8; http://mj12bot.com/)"
135.181.180.59 - - [12/Oct/2022:05:40:59 +0200] "GET /babar-glove-p-22950.html HTTP/1.0" 301 72315 "-" "Mozilla/5.0 (compatible; MJ12bot/v1.4.8; http://mj12bot.com/)"
163.220.128.41 - - [12/Oct/2022:05:41:03 +0200] "GET /images/mini_prod/3660173124445.jpg HTTP/1.0" 200 269 "-" "Mozilla/5.0 (X11; Ubuntu; Linux x86_64; rv:72.0) Gecko/20100101 Firefox/72.0"
135.181.180.59 - - [12/Oct/2022:05:41:02 +0200] "GET /-p-22950.html HTTP/1.0" 200 72248 "-" "Mozilla/5.0 (compatible; MJ12bot/v1.4.8; http://mj12bot.com/)"
185.191.171.33 - - [12/Oct/2022:05:41:03 +0200] "GET /ceramic-incense-burner-p-58428.html HTTP/1.0" 200 75641 "-" "Mozilla/5.0 (compatible; SemrushBot/7~bl; +http://www.semrush.com/bot.html)"
135.181.180.59 - - [12/Oct/2022:05:41:05 +0200] "GET /babar-polar-blanket-p-24577.html HTTP/1.0" 301 72315 "-" "Mozilla/5.0 (compatible; MJ12bot/v1.4.8; http://mj12bot.com/)"
157.90.177.217 - - [12/Oct/2022:05:41:06 +0200] "GET /metal-lamp-black-p-48266.html HTTP/1.0" 200 75484 "-" "Mozilla/5.0 (compatible; BLEXBot/1.0; +http://webmeup-crawler.com/)"
135.181.180.59 - - [12/Oct/2022:05:41:09 +0200] "GET /-p-24577.html HTTP/1.0" 200 72248 "-" "Mozilla/5.0 (compatible; MJ12bot/v1.4.8; http://mj12bot.com/)"
135.181.180.59 - - [12/Oct/2022:05:41:12 +0200] "GET /baby-train-farm-janod-p-20539.html HTTP/1.0" 301 72315 "-" "Mozilla/5.0 (compatible; MJ12bot/v1.4.8; http://mj12bot.com/)"
114.119.137.3 - - [12/Oct/2022:05:41:16 +0200] "GET /images/big_prod/1399984254400C.jpg HTTP/1.0" 200 269 "http://www.wonder-geek.com/hello-kitty-sports-bottle-p-25066.html" "Mozilla/5.0 (Linux; Android 7.0;) AppleWebKit/537.36 (KHTML, like Gecko) Mobile Safari/537.36 (compatible; PetalBot;+https://webmaster.petalsearch.com/site/petalbot)"
135.181.180.59 - - [12/Oct/2022:05:41:15 +0200] "GET /-p-20539.html HTTP/1.0" 200 72248 "-" "Mozilla/5.0 (compatible; MJ12bot/v1.4.8; http://mj12bot.com/)"
135.181.180.59 - - [12/Oct/2022:05:41:17 +0200] "GET /back-in-black-acdc-zippo-lighter-p-27296.html HTTP/1.0" 301 72315 "-" "Mozilla/5.0 (compatible; MJ12bot/v1.4.8; http://mj12bot.com/)"
135.181.180.59 - - [12/Oct/2022:05:41:20 +0200] "GET /-p-27296.html HTTP/1.0" 200 72248 "-" "Mozilla/5.0 (compatible; MJ12bot/v1.4.8; http://mj12bot.com/)"
157.90.177.217 - - [12/Oct/2022:05:41:22 +0200] "GET /metal-lamp-black-p-48267.html HTTP/1.0" 200 75484 "-" "Mozilla/5.0 (compatible; BLEXBot/1.0; +http://webmeup-crawler.com/)"
135.181.180.59 - - [12/Oct/2022:05:41:23 +0200] "GET /backpack-nici-horses-p-35209.html HTTP/1.0" 301 72315 "-" "Mozilla/5.0 (compatible; MJ12bot/v1.4.8; http://mj12bot.com/)"
135.181.180.59 - - [12/Oct/2022:05:41:26 +0200] "GET /-p-35209.html HTTP/1.0" 200 72248 "-" "Mozilla/5.0 (compatible; MJ12bot/v1.4.8; http://mj12bot.com/)"
185.191.171.5 - - [12/Oct/2022:05:41:28 +0200] "GET /barbabeau-postcard-p-19475.html HTTP/1.0" 200 74953 "-" "Mozilla/5.0 (compatible; SemrushBot/7~bl; +http://www.semrush.com/bot.html)"
135.181.180.59 - - [12/Oct/2022:05:41:29 +0200] "GET /bag-for-shopping-the-cats-of-dubout-family-40-40-cm-p-45524.html HTTP/1.0" 301 72492 "-" "Mozilla/5.0 (compatible; MJ12bot/v1.4.8; http://mj12bot.com/)"
168.151.108.56 - - [12/Oct/2022:05:41:30 +0200] "GET /experts-mousepad-p-18072.html HTTP/1.0" 200 75023 "-" "Mozilla/5.0 (Windows NT 6.1; rv:38.0) Gecko/20100101 Firefox/38.0"
185.191.171.9 - - [12/Oct/2022:05:41:31 +0200] "GET /unicorne-small-bank-p-42514.html HTTP/1.0" 200 72314 "-" "Mozilla/5.0 (compatible; SemrushBot/7~bl; +http://www.semrush.com/bot.html)"
135.181.180.59 - - [12/Oct/2022:05:41:31 +0200] "GET /shopping-cats-dubout-family-p-45524.html HTTP/1.0" 200 72398 "-" "Mozilla/5.0 (compatible; MJ12bot/v1.4.8; http://mj12bot.com/)"
135.181.180.59 - - [12/Oct/2022:05:41:35 +0200] "GET /ballooning-michelle-allen-breakfast-set-p-35105.html HTTP/1.0" 301 72315 "-" "Mozilla/5.0 (compatible; MJ12bot/v1.4.8; http://mj12bot.com/)"
157.90.177.217 - - [12/Oct/2022:05:41:36 +0200] "GET /metal-pendulum-wooden-stand-with-sand-p-50619.html HTTP/1.0" 200 75657 "-" "Mozilla/5.0 (compatible; BLEXBot/1.0; +http://webmeup-crawler.com/)"
135.181.180.59 - - [12/Oct/2022:05:41:38 +0200] "GET /-p-35105.html HTTP/1.0" 200 72248 "-" "Mozilla/5.0 (compatible; MJ12bot/v1.4.8; http://mj12bot.com/)"
192.0.102.118 - - [12/Oct/2022:05:41:40 +0200] "GET /images/big_prod/3609810048249.jpg HTTP/1.0" 200 268 "-" "Photon/1.0"
135.181.180.59 - - [12/Oct/2022:05:41:41 +0200] "GET /bamboo-and-stainless-steel-piece-barbecue-set-p-48876.html HTTP/1.0" 301 76102 "-" "Mozilla/5.0 (compatible; MJ12bot/v1.4.8; http://mj12bot.com/)"
135.181.180.59 - - [12/Oct/2022:05:41:43 +0200] "GET /bamboo-stainless-steel-piece-barbecue-p-48876.html HTTP/1.0" 200 75998 "-" "Mozilla/5.0 (compatible; MJ12bot/v1.4.8; http://mj12bot.com/)"
135.181.180.59 - - [12/Oct/2022:05:41:47 +0200] "GET /bamboo-and-stainless-steel-piece-barbecue-set-p-48877.html HTTP/1.0" 301 76102 "-" "Mozilla/5.0 (compatible; MJ12bot/v1.4.8; http://mj12bot.com/)"
135.181.180.59 - - [12/Oct/2022:05:41:49 +0200] "GET /bamboo-stainless-steel-piece-barbecue-p-48877.html HTTP/1.0" 200 75998 "-" "Mozilla/5.0 (compatible; MJ12bot/v1.4.8; http://mj12bot.com/)"
157.90.177.217 - - [12/Oct/2022:05:41:50 +0200] "GET /metal-plate-black-white-photo-elvis-presley-army-p-49188.html HTTP/1.0" 200 75146 "-" "Mozilla/5.0 (compatible; BLEXBot/1.0; +http://webmeup-crawler.com/)"
135.181.180.59 - - [12/Oct/2022:05:41:52 +0200] "GET /bamboo-chandelier-p-58136.html HTTP/1.0" 200 75686 "-" "Mozilla/5.0 (compatible; MJ12bot/v1.4.8; http://mj12bot.com/)"
185.191.171.16 - - [12/Oct/2022:05:41:56 +0200] "GET /planes-cushion-p-25908.html HTTP/1.0" 200 74920 "-" "Mozilla/5.0 (compatible; SemrushBot/7~bl; +http://www.semrush.com/bot.html)"
135.181.180.59 - - [12/Oct/2022:05:41:56 +0200] "GET /bamboo-fiber-plant-cover-p-54530.html HTTP/1.0" 200 72334 "-" "Mozilla/5.0 (compatible; MJ12bot/v1.4.8; http://mj12bot.com/)"
185.191.171.35 - - [12/Oct/2022:05:41:58 +0200] "GET /lighting-c-13_86.html?page=16 HTTP/1.0" 200 94271 "-" "Mozilla/5.0 (compatible; SemrushBot/7~bl; +http://www.semrush.com/bot.html)"
54.36.148.5 - - [12/Oct/2022:05:41:59 +0200] "GET /keiko-table-lamp-gray-metal-p-54592.html HTTP/1.0" 200 75814 "-" "Mozilla/5.0 (compatible; AhrefsBot/7.0; +http://ahrefs.com/robot/)"
54.36.148.132 - - [12/Oct/2022:05:42:02 +0200] "GET /images/big_prod_1/8435153849428C.jpg HTTP/1.0" 200 271 "-" "Mozilla/5.0 (compatible; AhrefsBot/7.0; +http://ahrefs.com/robot/)"
54.36.148.156 - - [12/Oct/2022:05:42:02 +0200] "GET /images/big_prod/8435153849428.jpg HTTP/1.0" 200 268 "-" "Mozilla/5.0 (compatible; AhrefsBot/7.0; +http://ahrefs.com/robot/)"
185.191.171.11 - - [12/Oct/2022:05:42:03 +0200] "GET /-p-31082.html?action=add_product HTTP/1.0" 302 476 "-" "Mozilla/5.0 (compatible; SemrushBot/7~bl; +http://www.semrush.com/bot.html)"
119.8.108.195 - - [12/Oct/2022:05:42:03 +0200] "GET /images/mini_prod/3014627880119.jpg HTTP/1.0" 200 269 "-" "Mozilla/5.0 (Windows NT 10.0; Win64; x64) AppleWebKit/537.36 (KHTML, like Gecko) Chrome/54.0.2840.99 Safari/537.36"
135.181.180.59 - - [12/Oct/2022:05:42:00 +0200] "GET /bamboo-fiber-plant-cover-p-54531.html HTTP/1.0" 200 75500 "-" "Mozilla/5.0 (compatible; MJ12bot/v1.4.8; http://mj12bot.com/)"
135.181.180.59 - - [12/Oct/2022:05:42:05 +0200] "GET /bamboo-fox-tray-p-45566.html HTTP/1.0" 301 74907 "-" "Mozilla/5.0 (compatible; MJ12bot/v1.4.8; http://mj12bot.com/)"
157.90.177.217 - - [12/Oct/2022:05:42:05 +0200] "GET /metal-plate-deco-p-54397.html HTTP/1.0" 200 75408 "-" "Mozilla/5.0 (compatible; BLEXBot/1.0; +http://webmeup-crawler.com/)"
135.181.180.59 - - [12/Oct/2022:05:42:08 +0200] "GET /tray-p-45566.html HTTP/1.0" 200 74836 "-" "Mozilla/5.0 (compatible; MJ12bot/v1.4.8; http://mj12bot.com/)"
185.191.171.10 - - [12/Oct/2022:05:42:08 +0200] "GET /towel-bath-towels-c-11_70.html?page=3 HTTP/1.0" 200 89381 "-" "Mozilla/5.0 (compatible; SemrushBot/7~bl; +http://www.semrush.com/bot.html)"
135.181.180.59 - - [12/Oct/2022:05:42:11 +0200] "GET /bamboo-lamas-tray-p-45558.html HTTP/1.0" 200 72324 "-" "Mozilla/5.0 (compatible; MJ12bot/v1.4.8; http://mj12bot.com/)"
135.181.180.59 - - [12/Oct/2022:05:42:13 +0200] "GET /bamboo-laundry-basket-40-cm-p-48966.html HTTP/1.0" 301 75007 "-" "Mozilla/5.0 (compatible; MJ12bot/v1.4.8; http://mj12bot.com/)"
185.191.171.45 - - [12/Oct/2022:05:42:14 +0200] "GET /gorjuss-daily-planner-rainbow-heaven-p-49478.html HTTP/1.0" 200 76907 "-" "Mozilla/5.0 (compatible; SemrushBot/7~bl; +http://www.semrush.com/bot.html)"
135.181.180.59 - - [12/Oct/2022:05:42:16 +0200] "GET /bamboo-laundry-basket-p-48966.html HTTP/1.0" 200 74919 "-" "Mozilla/5.0 (compatible; MJ12bot/v1.4.8; http://mj12bot.com/)"
135.181.180.59 - - [12/Oct/2022:05:42:19 +0200] "GET /bamboo-laundry-basket-p-48966.html HTTP/1.0" 200 74919 "-" "Mozilla/5.0 (compatible; MJ12bot/v1.4.8; http://mj12bot.com/)"
157.90.177.217 - - [12/Oct/2022:05:42:21 +0200] "GET /metal-plate-deco-p-54398.html HTTP/1.0" 200 75407 "-" "Mozilla/5.0 (compatible; BLEXBot/1.0; +http://webmeup-crawler.com/)"
135.181.180.59 - - [12/Oct/2022:05:42:22 +0200] "GET /bamboo-pitcher-veux-du-soleil-17-liter-p-45484.html HTTP/1.0" 301 72491 "-" "Mozilla/5.0 (compatible; MJ12bot/v1.4.8; http://mj12bot.com/)"
135.181.180.59 - - [12/Oct/2022:05:42:25 +0200] "GET /bamboo-pitcher-veux-soleil-liter-p-45484.html HTTP/1.0" 200 72392 "-" "Mozilla/5.0 (compatible; MJ12bot/v1.4.8; http://mj12bot.com/)"
135.181.180.59 - - [12/Oct/2022:05:42:28 +0200] "GET /bamboo-pitcher-veux-soleil-liter-p-45484.html HTTP/1.0" 200 72392 "-" "Mozilla/5.0 (compatible; MJ12bot/v1.4.8; http://mj12bot.com/)"
135.181.180.59 - - [12/Oct/2022:05:42:31 +0200] "GET /bamboo-retro-tray-espresso-p-51685.html HTTP/1.0" 200 74967 "-" "Mozilla/5.0 (compatible; MJ12bot/v1.4.8; http://mj12bot.com/)"
135.181.180.59 - - [12/Oct/2022:05:42:34 +0200] "GET /bamboo-stainless-steel-piece-barbecue-p-48876.html HTTP/1.0" 200 75998 "-" "Mozilla/5.0 (compatible; MJ12bot/v1.4.8; http://mj12bot.com/)"
157.90.177.217 - - [12/Oct/2022:05:42:35 +0200] "GET /metal-plate-deco-p-54901.html HTTP/1.0" 200 75407 "-" "Mozilla/5.0 (compatible; BLEXBot/1.0; +http://webmeup-crawler.com/)"
135.181.180.59 - - [12/Oct/2022:05:42:37 +0200] "GET /bamboo-stainless-steel-piece-barbecue-p-48877.html HTTP/1.0" 200 75998 "-" "Mozilla/5.0 (compatible; MJ12bot/v1.4.8; http://mj12bot.com/)"
135.181.180.59 - - [12/Oct/2022:05:42:41 +0200] "GET /bamboo-thermos-mug-p-47783.html HTTP/1.0" 301 72315 "-" "Mozilla/5.0 (compatible; MJ12bot/v1.4.8; http://mj12bot.com/)"
135.181.180.59 - - [12/Oct/2022:05:42:44 +0200] "GET /-p-47783.html HTTP/1.0" 200 72248 "-" "Mozilla/5.0 (compatible; MJ12bot/v1.4.8; http://mj12bot.com/)"
135.181.180.59 - - [12/Oct/2022:05:42:46 +0200] "GET /banana-split-money-bank-collection-p-17637.html HTTP/1.0" 301 72315 "-" "Mozilla/5.0 (compatible; MJ12bot/v1.4.8; http://mj12bot.com/)"
135.181.180.59 - - [12/Oct/2022:05:42:49 +0200] "GET /-p-17637.html HTTP/1.0" 200 72248 "-" "Mozilla/5.0 (compatible; MJ12bot/v1.4.8; http://mj12bot.com/)"
157.90.177.217 - - [12/Oct/2022:05:42:51 +0200] "GET /metal-plate-deco-p-55677.html HTTP/1.0" 200 75407 "-" "Mozilla/5.0 (compatible; BLEXBot/1.0; +http://webmeup-crawler.com/)"
135.181.180.59 - - [12/Oct/2022:05:42:52 +0200] "GET /banania-by-herve-morvan-large-metal-plate-30-40-cm-p-35258.html HTTP/1.0" 301 75229 "-" "Mozilla/5.0 (compatible; MJ12bot/v1.4.8; http://mj12bot.com/)"
135.181.180.59 - - [12/Oct/2022:05:42:56 +0200] "GET /banania-herv-morvan-large-metal-plate-p-35258.html HTTP/1.0" 200 75125 "-" "Mozilla/5.0 (compatible; MJ12bot/v1.4.8; http://mj12bot.com/)"
185.191.171.33 - - [12/Oct/2022:05:42:56 +0200] "GET /figurines-statuettes-statues-decoration-collection-c-292.html?page=2 HTTP/1.0" 200 96105 "-" "Mozilla/5.0 (compatible; SemrushBot/7~bl; +http://www.semrush.com/bot.html)"
135.181.180.59 - - [12/Oct/2022:05:42:59 +0200] "GET /banania-by-morvan-white-mug-p-40042.html HTTP/1.0" 301 72419 "-" "Mozilla/5.0 (compatible; MJ12bot/v1.4.8; http://mj12bot.com/)"
135.181.180.59 - - [12/Oct/2022:05:43:02 +0200] "GET /banania-morvan-white-p-40042.html HTTP/1.0" 200 72332 "-" "Mozilla/5.0 (compatible; MJ12bot/v1.4.8; http://mj12bot.com/)"
185.191.171.10 - - [12/Oct/2022:05:43:02 +0200] "GET /christmas-mickey-mouse-statement-figurine-p-56310.html HTTP/1.0" 200 76873 "-" "Mozilla/5.0 (compatible; SemrushBot/7~bl; +http://www.semrush.com/bot.html)"
135.181.180.59 - - [12/Oct/2022:05:43:04 +0200] "GET /banania-herv-morvan-large-metal-plate-p-35258.html HTTP/1.0" 200 75125 "-" "Mozilla/5.0 (compatible; MJ12bot/v1.4.8; http://mj12bot.com/)"
157.90.177.217 - - [12/Oct/2022:05:43:06 +0200] "GET /metal-plate-deco-p-55974.html HTTP/1.0" 200 74823 "-" "Mozilla/5.0 (compatible; BLEXBot/1.0; +http://webmeup-crawler.com/)"
135.181.180.59 - - [12/Oct/2022:05:43:07 +0200] "GET /banania-morvan-white-p-40042.html HTTP/1.0" 200 72332 "-" "Mozilla/5.0 (compatible; MJ12bot/v1.4.8; http://mj12bot.com/)"
135.181.180.59 - - [12/Oct/2022:05:43:10 +0200] "GET /bar-salsa-hermetic-pot-p-37454.html HTTP/1.0" 301 74936 "-" "Mozilla/5.0 (compatible; MJ12bot/v1.4.8; http://mj12bot.com/)"
135.181.180.59 - - [12/Oct/2022:05:43:13 +0200] "GET /salsa-hermetic-p-37454.html HTTP/1.0" 200 74855 "-" "Mozilla/5.0 (compatible; MJ12bot/v1.4.8; http://mj12bot.com/)"
54.36.148.217 - - [12/Oct/2022:05:43:14 +0200] "GET /albator-and-vessel-poster-p-26022.html HTTP/1.0" 301 72315 "-" "Mozilla/5.0 (compatible; AhrefsBot/7.0; +http://ahrefs.com/robot/)"
135.181.180.59 - - [12/Oct/2022:05:43:16 +0200] "GET /barbabeau-money-box-p-27869.html HTTP/1.0" 301 72408 "-" "Mozilla/5.0 (compatible; MJ12bot/v1.4.8; http://mj12bot.com/)"
66.249.64.244 - - [12/Oct/2022:05:43:18 +0200] "GET /retro-marvel-p-52263.html HTTP/1.0" 200 75851 "-" "Mozilla/5.0 (compatible; Googlebot/2.1; +http://www.google.com/bot.html)"
54.36.148.243 - - [12/Oct/2022:05:43:19 +0200] "GET /mani-lucky-brush-p-44110.html HTTP/1.0" 200 74911 "-" "Mozilla/5.0 (compatible; AhrefsBot/7.0; +http://ahrefs.com/robot/)"
135.181.180.59 - - [12/Oct/2022:05:43:20 +0200] "GET /barbabeau-money-p-27869.html HTTP/1.0" 200 72326 "-" "Mozilla/5.0 (compatible; MJ12bot/v1.4.8; http://mj12bot.com/)"
157.90.177.217 - - [12/Oct/2022:05:43:20 +0200] "GET /metal-plate-deco-p-56117.html HTTP/1.0" 200 75408 "-" "Mozilla/5.0 (compatible; BLEXBot/1.0; +http://webmeup-crawler.com/)"
54.36.148.115 - - [12/Oct/2022:05:43:24 +0200] "GET /images/big_prod/1348422000659.jpg HTTP/1.0" 200 268 "-" "Mozilla/5.0 (compatible; AhrefsBot/7.0; +http://ahrefs.com/robot/)"
135.181.180.59 - - [12/Oct/2022:05:43:23 +0200] "GET /barbabeau-money-p-27869.html HTTP/1.0" 200 72326 "-" "Mozilla/5.0 (compatible; MJ12bot/v1.4.8; http://mj12bot.com/)"
135.181.180.59 - - [12/Oct/2022:05:43:26 +0200] "GET /barbabelle-melamine-plate-p-9356.html HTTP/1.0" 301 72312 "-" "Mozilla/5.0 (compatible; MJ12bot/v1.4.8; http://mj12bot.com/)"
135.181.180.59 - - [12/Oct/2022:05:43:29 +0200] "GET /-p-9356.html HTTP/1.0" 200 72246 "-" "Mozilla/5.0 (compatible; MJ12bot/v1.4.8; http://mj12bot.com/)"
66.249.64.242 - - [12/Oct/2022:05:43:31 +0200] "GET /large-tassen-porcelain-mood-bowl-made-germany-p-43277.html HTTP/1.0" 200 75081 "-" "Mozilla/5.0 (Linux; Android 6.0.1; Nexus 5X Build/MMB29P) AppleWebKit/537.36 (KHTML, like Gecko) Chrome/106.0.5249.103 Mobile Safari/537.36 (compatible; Googlebot/2.1; +http://www.google.com/bot.html)"
135.181.180.59 - - [12/Oct/2022:05:43:32 +0200] "GET /barbabelle-money-box-p-33581.html HTTP/1.0" 301 72315 "-" "Mozilla/5.0 (compatible; MJ12bot/v1.4.8; http://mj12bot.com/)"
135.181.180.59 - - [12/Oct/2022:05:43:35 +0200] "GET /-p-33581.html HTTP/1.0" 200 72248 "-" "Mozilla/5.0 (compatible; MJ12bot/v1.4.8; http://mj12bot.com/)"
157.90.177.217 - - [12/Oct/2022:05:43:37 +0200] "GET /metal-plate-deco-p-56118.html HTTP/1.0" 200 75407 "-" "Mozilla/5.0 (compatible; BLEXBot/1.0; +http://webmeup-crawler.com/)"
135.181.180.59 - - [12/Oct/2022:05:43:37 +0200] "GET /barbade-rectangulary-cushion-by-cbkreation-p-36722.html HTTP/1.0" 301 72315 "-" "Mozilla/5.0 (compatible; MJ12bot/v1.4.8; http://mj12bot.com/)"
135.181.180.59 - - [12/Oct/2022:05:43:41 +0200] "GET /-p-36722.html HTTP/1.0" 200 72248 "-" "Mozilla/5.0 (compatible; MJ12bot/v1.4.8; http://mj12bot.com/)"
66.249.64.242 - - [12/Oct/2022:05:43:44 +0200] "GET /images/big_prod_1/8445148031738B.jpg HTTP/1.0" 200 271 "-" "Googlebot-Image/1.0"
135.181.180.59 - - [12/Oct/2022:05:43:44 +0200] "GET /barbade-rectangulary-cushion-cbkreation-p-36722.html HTTP/1.0" 301 72315 "-" "Mozilla/5.0 (compatible; MJ12bot/v1.4.8; http://mj12bot.com/)"
135.181.180.59 - - [12/Oct/2022:05:43:46 +0200] "GET /-p-36722.html HTTP/1.0" 200 72248 "-" "Mozilla/5.0 (compatible; MJ12bot/v1.4.8; http://mj12bot.com/)"
135.181.180.59 - - [12/Oct/2022:05:43:49 +0200] "GET /barbalib-wooden-yoyo-p-21419.html HTTP/1.0" 301 72315 "-" "Mozilla/5.0 (compatible; MJ12bot/v1.4.8; http://mj12bot.com/)"
157.90.177.217 - - [12/Oct/2022:05:43:51 +0200] "GET /metal-plate-p-34881.html HTTP/1.0" 200 74905 "-" "Mozilla/5.0 (compatible; BLEXBot/1.0; +http://webmeup-crawler.com/)"
135.181.180.59 - - [12/Oct/2022:05:43:52 +0200] "GET /-p-21419.html HTTP/1.0" 200 72248 "-" "Mozilla/5.0 (compatible; MJ12bot/v1.4.8; http://mj12bot.com/)"
135.181.180.59 - - [12/Oct/2022:05:43:55 +0200] "GET /barbamama-wood-money-box-p-6650.html HTTP/1.0" 301 72312 "-" "Mozilla/5.0 (compatible; MJ12bot/v1.4.8; http://mj12bot.com/)"
135.181.180.59 - - [12/Oct/2022:05:43:57 +0200] "GET /-p-6650.html HTTP/1.0" 200 72246 "-" "Mozilla/5.0 (compatible; MJ12bot/v1.4.8; http://mj12bot.com/)"
135.181.180.59 - - [12/Oct/2022:05:44:00 +0200] "GET /barbamama-wood-money-p-6650.html HTTP/1.0" 301 72312 "-" "Mozilla/5.0 (compatible; MJ12bot/v1.4.8; http://mj12bot.com/)"
135.181.180.59 - - [12/Oct/2022:05:44:03 +0200] "GET /-p-6650.html HTTP/1.0" 200 72246 "-" "Mozilla/5.0 (compatible; MJ12bot/v1.4.8; http://mj12bot.com/)"
157.90.177.217 - - [12/Oct/2022:05:44:06 +0200] "GET /metal-plate-p-37169.html HTTP/1.0" 200 74900 "-" "Mozilla/5.0 (compatible; BLEXBot/1.0; +http://webmeup-crawler.com/)"
135.181.180.59 - - [12/Oct/2022:05:44:06 +0200] "GET /barbapapa-activity-mat-p-18898.html HTTP/1.0" 301 72315 "-" "Mozilla/5.0 (compatible; MJ12bot/v1.4.8; http://mj12bot.com/)"
135.181.180.59 - - [12/Oct/2022:05:44:10 +0200] "GET /-p-18898.html HTTP/1.0" 200 72248 "-" "Mozilla/5.0 (compatible; MJ12bot/v1.4.8; http://mj12bot.com/)"
135.181.180.59 - - [12/Oct/2022:05:44:12 +0200] "GET /barbapapa-bath-toys-p-919.html HTTP/1.0" 301 72309 "-" "Mozilla/5.0 (compatible; MJ12bot/v1.4.8; http://mj12bot.com/)"
135.181.180.59 - - [12/Oct/2022:05:44:15 +0200] "GET /-p-919.html HTTP/1.0" 200 72244 "-" "Mozilla/5.0 (compatible; MJ12bot/v1.4.8; http://mj12bot.com/)"
135.181.180.59 - - [12/Oct/2022:05:44:18 +0200] "GET /barbapapa-bath-toys-p-920.html HTTP/1.0" 301 72309 "-" "Mozilla/5.0 (compatible; MJ12bot/v1.4.8; http://mj12bot.com/)"
157.90.177.217 - - [12/Oct/2022:05:44:20 +0200] "GET /metal-plate-p-41515.html HTTP/1.0" 200 74873 "-" "Mozilla/5.0 (compatible; BLEXBot/1.0; +http://webmeup-crawler.com/)"
135.181.180.59 - - [12/Oct/2022:05:44:21 +0200] "GET /-p-920.html HTTP/1.0" 200 72244 "-" "Mozilla/5.0 (compatible; MJ12bot/v1.4.8; http://mj12bot.com/)"
135.181.180.59 - - [12/Oct/2022:05:44:25 +0200] "GET /barbapapa-family-money-box-p-440.html HTTP/1.0" 301 72309 "-" "Mozilla/5.0 (compatible; MJ12bot/v1.4.8; http://mj12bot.com/)"
135.181.180.59 - - [12/Oct/2022:05:44:27 +0200] "GET /-p-440.html HTTP/1.0" 200 72244 "-" "Mozilla/5.0 (compatible; MJ12bot/v1.4.8; http://mj12bot.com/)"
185.191.171.43 - - [12/Oct/2022:05:44:28 +0200] "GET /decoration-ethnic-mask-aged-gold-look-p-57644.html HTTP/1.0" 200 75849 "-" "Mozilla/5.0 (compatible; SemrushBot/7~bl; +http://www.semrush.com/bot.html)"
135.181.180.59 - - [12/Oct/2022:05:44:30 +0200] "GET /barbapapa-money-box-p-17494.html HTTP/1.0" 301 72315 "-" "Mozilla/5.0 (compatible; MJ12bot/v1.4.8; http://mj12bot.com/)"
135.181.180.59 - - [12/Oct/2022:05:44:33 +0200] "GET /-p-17494.html HTTP/1.0" 200 72248 "-" "Mozilla/5.0 (compatible; MJ12bot/v1.4.8; http://mj12bot.com/)"
54.36.148.141 - - [12/Oct/2022:05:44:34 +0200] "GET /burlap-round-table-fait-maison-p-56535.html HTTP/1.0" 200 75525 "-" "Mozilla/5.0 (compatible; AhrefsBot/7.0; +http://ahrefs.com/robot/)"
157.90.177.217 - - [12/Oct/2022:05:44:34 +0200] "GET /metal-plate-pictures-king-elvis-presley-p-49189.html HTTP/1.0" 200 75032 "-" "Mozilla/5.0 (compatible; BLEXBot/1.0; +http://webmeup-crawler.com/)"
135.181.180.59 - - [12/Oct/2022:05:44:36 +0200] "GET /barbapapa-money-box-p-7295.html HTTP/1.0" 301 72405 "-" "Mozilla/5.0 (compatible; MJ12bot/v1.4.8; http://mj12bot.com/)"
54.36.148.193 - - [12/Oct/2022:05:44:38 +0200] "GET /images/big_prod_1/3700281657043B.jpg HTTP/1.0" 200 271 "-" "Mozilla/5.0 (compatible; AhrefsBot/7.0; +http://ahrefs.com/robot/)"
135.181.180.59 - - [12/Oct/2022:05:44:38 +0200] "GET /barbapapa-money-p-7295.html HTTP/1.0" 200 72324 "-" "Mozilla/5.0 (compatible; MJ12bot/v1.4.8; http://mj12bot.com/)"
135.181.180.59 - - [12/Oct/2022:05:44:41 +0200] "GET /barbapapa-money-p-7295.html HTTP/1.0" 200 72324 "-" "Mozilla/5.0 (compatible; MJ12bot/v1.4.8; http://mj12bot.com/)"
135.181.180.59 - - [12/Oct/2022:05:44:44 +0200] "GET /barbapapa-notebook-p-19473.html HTTP/1.0" 301 72315 "-" "Mozilla/5.0 (compatible; MJ12bot/v1.4.8; http://mj12bot.com/)"
135.181.180.59 - - [12/Oct/2022:05:44:47 +0200] "GET /-p-19473.html HTTP/1.0" 200 72248 "-" "Mozilla/5.0 (compatible; MJ12bot/v1.4.8; http://mj12bot.com/)"
157.90.177.217 - - [12/Oct/2022:05:44:49 +0200] "GET /metal-plate-wine-p-57509.html HTTP/1.0" 200 75471 "-" "Mozilla/5.0 (compatible; BLEXBot/1.0; +http://webmeup-crawler.com/)"
135.181.180.59 - - [12/Oct/2022:05:44:50 +0200] "GET /barbapapa-purple-shirt-p-29631.html HTTP/1.0" 301 72315 "-" "Mozilla/5.0 (compatible; MJ12bot/v1.4.8; http://mj12bot.com/)"
135.181.180.59 - - [12/Oct/2022:05:44:53 +0200] "GET /-p-29631.html HTTP/1.0" 200 72248 "-" "Mozilla/5.0 (compatible; MJ12bot/v1.4.8; http://mj12bot.com/)"
135.181.180.59 - - [12/Oct/2022:05:44:55 +0200] "GET /barbapapa-stacking-game-p-21444.html HTTP/1.0" 301 72315 "-" "Mozilla/5.0 (compatible; MJ12bot/v1.4.8; http://mj12bot.com/)"
135.181.180.59 - - [12/Oct/2022:05:44:58 +0200] "GET /-p-21444.html HTTP/1.0" 200 72248 "-" "Mozilla/5.0 (compatible; MJ12bot/v1.4.8; http://mj12bot.com/)"
135.181.180.59 - - [12/Oct/2022:05:45:01 +0200] "GET /barbapapa-theater-p-6637.html HTTP/1.0" 301 72312 "-" "Mozilla/5.0 (compatible; MJ12bot/v1.4.8; http://mj12bot.com/)"
157.90.177.217 - - [12/Oct/2022:05:45:04 +0200] "GET /metal-push-ashtray-ceramic-tiles-p-47355.html HTTP/1.0" 200 75544 "-" "Mozilla/5.0 (compatible; BLEXBot/1.0; +http://webmeup-crawler.com/)"
135.181.180.59 - - [12/Oct/2022:05:45:04 +0200] "GET /-p-6637.html HTTP/1.0" 200 72246 "-" "Mozilla/5.0 (compatible; MJ12bot/v1.4.8; http://mj12bot.com/)"
114.119.137.45 - - [12/Oct/2022:05:45:06 +0200] "GET /lion-money-box-14-cm-p-44521.html HTTP/1.0" 301 75674 "http://www.wonder-geek.com/money-boxes-c-13_83.html?page=11" "Mozilla/5.0 (Linux; Android 7.0;) AppleWebKit/537.36 (KHTML, like Gecko) Mobile Safari/537.36 (compatible; PetalBot;+https://webmaster.petalsearch.com/site/petalbot)"
135.181.180.59 - - [12/Oct/2022:05:45:08 +0200] "GET /barbapapa-tin-can-alley-game-p-21422.html HTTP/1.0" 301 72315 "-" "Mozilla/5.0 (compatible; MJ12bot/v1.4.8; http://mj12bot.com/)"
114.119.137.45 - - [12/Oct/2022:05:45:08 +0200] "GET /lion-money-p-44521.html HTTP/1.0" 200 75597 "http://www.wonder-geek.com/money-boxes-c-13_83.html?page=11" "Mozilla/5.0 (Linux; Android 7.0;) AppleWebKit/537.36 (KHTML, like Gecko) Mobile Safari/537.36 (compatible; PetalBot;+https://webmaster.petalsearch.com/site/petalbot)"
135.181.180.59 - - [12/Oct/2022:05:45:11 +0200] "GET /-p-21422.html HTTP/1.0" 200 72248 "-" "Mozilla/5.0 (compatible; MJ12bot/v1.4.8; http://mj12bot.com/)"
135.181.180.59 - - [12/Oct/2022:05:45:13 +0200] "GET /barbapapa-vertical-lunch-bag-p-13768.html HTTP/1.0" 301 72315 "-" "Mozilla/5.0 (compatible; MJ12bot/v1.4.8; http://mj12bot.com/)"
135.181.180.59 - - [12/Oct/2022:05:45:16 +0200] "GET /-p-13768.html HTTP/1.0" 200 72248 "-" "Mozilla/5.0 (compatible; MJ12bot/v1.4.8; http://mj12bot.com/)"
157.90.177.217 - - [12/Oct/2022:05:45:18 +0200] "GET /metal-push-ashtray-ceramic-tiles-p-47356.html HTTP/1.0" 200 75544 "-" "Mozilla/5.0 (compatible; BLEXBot/1.0; +http://webmeup-crawler.com/)"
135.181.180.59 - - [12/Oct/2022:05:45:20 +0200] "GET /barbapapa-wood-money-box-p-6651.html HTTP/1.0" 301 72312 "-" "Mozilla/5.0 (compatible; MJ12bot/v1.4.8; http://mj12bot.com/)"
135.181.180.59 - - [12/Oct/2022:05:45:23 +0200] "GET /-p-6651.html HTTP/1.0" 200 72246 "-" "Mozilla/5.0 (compatible; MJ12bot/v1.4.8; http://mj12bot.com/)"
135.181.180.59 - - [12/Oct/2022:05:45:26 +0200] "GET /barbapapa-wooden-balls-p-21435.html HTTP/1.0" 301 72315 "-" "Mozilla/5.0 (compatible; MJ12bot/v1.4.8; http://mj12bot.com/)"
135.181.180.59 - - [12/Oct/2022:05:45:29 +0200] "GET /-p-21435.html HTTP/1.0" 200 72248 "-" "Mozilla/5.0 (compatible; MJ12bot/v1.4.8; http://mj12bot.com/)"
135.181.180.59 - - [12/Oct/2022:05:45:32 +0200] "GET /barbapapa-wooden-car-p-22684.html HTTP/1.0" 301 72315 "-" "Mozilla/5.0 (compatible; MJ12bot/v1.4.8; http://mj12bot.com/)"
157.90.177.217 - - [12/Oct/2022:05:45:34 +0200] "GET /metal-push-ashtray-ceramic-tiles-p-47357.html HTTP/1.0" 200 75544 "-" "Mozilla/5.0 (compatible; BLEXBot/1.0; +http://webmeup-crawler.com/)"
135.181.180.59 - - [12/Oct/2022:05:45:35 +0200] "GET /-p-22684.html HTTP/1.0" 200 72248 "-" "Mozilla/5.0 (compatible; MJ12bot/v1.4.8; http://mj12bot.com/)"
135.181.180.59 - - [12/Oct/2022:05:45:38 +0200] "GET /barbapapa-wooden-plane-p-22678.html HTTP/1.0" 301 72315 "-" "Mozilla/5.0 (compatible; MJ12bot/v1.4.8; http://mj12bot.com/)"
185.191.171.8 - - [12/Oct/2022:05:45:38 +0200] "GET /dishes-c-13_12.html?page=135 HTTP/1.0" 200 95060 "-" "Mozilla/5.0 (compatible; SemrushBot/7~bl; +http://www.semrush.com/bot.html)"
135.181.180.59 - - [12/Oct/2022:05:45:41 +0200] "GET /-p-22678.html HTTP/1.0" 200 72248 "-" "Mozilla/5.0 (compatible; MJ12bot/v1.4.8; http://mj12bot.com/)"
135.181.180.59 - - [12/Oct/2022:05:45:44 +0200] "GET /barbapapa-xylophone-p-17285.html HTTP/1.0" 301 72315 "-" "Mozilla/5.0 (compatible; MJ12bot/v1.4.8; http://mj12bot.com/)"
135.181.180.59 - - [12/Oct/2022:05:45:46 +0200] "GET /-p-17285.html HTTP/1.0" 200 72248 "-" "Mozilla/5.0 (compatible; MJ12bot/v1.4.8; http://mj12bot.com/)"
54.36.148.211 - - [12/Oct/2022:05:45:47 +0200] "GET /cupcakes-small-white-cushion-with-personalized-picture-p-16982.html HTTP/1.0" 200 75627 "-" "Mozilla/5.0 (compatible; AhrefsBot/7.0; +http://ahrefs.com/robot/)"
185.191.171.3 - - [12/Oct/2022:05:45:48 +0200] "GET /lighting-c-13_86.html?page=33 HTTP/1.0" 200 88169 "-" "Mozilla/5.0 (compatible; SemrushBot/7~bl; +http://www.semrush.com/bot.html)"
157.90.177.217 - - [12/Oct/2022:05:45:49 +0200] "GET /metal-push-ashtray-p-53572.html HTTP/1.0" 200 75410 "-" "Mozilla/5.0 (compatible; BLEXBot/1.0; +http://webmeup-crawler.com/)"
135.181.180.59 - - [12/Oct/2022:05:45:49 +0200] "GET /barbazoo-and-lolita-car-p-15689.html HTTP/1.0" 301 72315 "-" "Mozilla/5.0 (compatible; MJ12bot/v1.4.8; http://mj12bot.com/)"
135.181.180.59 - - [12/Oct/2022:05:45:53 +0200] "GET /-p-15689.html HTTP/1.0" 200 72248 "-" "Mozilla/5.0 (compatible; MJ12bot/v1.4.8; http://mj12bot.com/)"
185.191.171.5 - - [12/Oct/2022:05:45:53 +0200] "GET /small-linen-lampshade-white-p-57213.html HTTP/1.0" 200 75610 "-" "Mozilla/5.0 (compatible; SemrushBot/7~bl; +http://www.semrush.com/bot.html)"
135.181.180.59 - - [12/Oct/2022:05:45:56 +0200] "GET /bart-simpsons-small-cushion-p-24179.html HTTP/1.0" 301 72315 "-" "Mozilla/5.0 (compatible; MJ12bot/v1.4.8; http://mj12bot.com/)"
135.181.180.59 - - [12/Oct/2022:05:45:59 +0200] "GET /-p-24179.html HTTP/1.0" 200 72248 "-" "Mozilla/5.0 (compatible; MJ12bot/v1.4.8; http://mj12bot.com/)"
135.181.180.59 - - [12/Oct/2022:05:46:01 +0200] "GET /batman-and-the-joker-big-figures-50-cm-p-27766.html HTTP/1.0" 301 75116 "-" "Mozilla/5.0 (compatible; MJ12bot/v1.4.8; http://mj12bot.com/)"
157.90.177.217 - - [12/Oct/2022:05:46:04 +0200] "GET /metal-push-ashtray-p-53573.html HTTP/1.0" 200 75410 "-" "Mozilla/5.0 (compatible; BLEXBot/1.0; +http://webmeup-crawler.com/)"
135.181.180.59 - - [12/Oct/2022:05:46:04 +0200] "GET /batman-joker-figures-p-27766.html HTTP/1.0" 200 75029 "-" "Mozilla/5.0 (compatible; MJ12bot/v1.4.8; http://mj12bot.com/)"
135.181.180.59 - - [12/Oct/2022:05:46:07 +0200] "GET /batman-pair-of-socks-size-27-30-p-25659.html HTTP/1.0" 301 72315 "-" "Mozilla/5.0 (compatible; MJ12bot/v1.4.8; http://mj12bot.com/)"
135.181.180.59 - - [12/Oct/2022:05:46:10 +0200] "GET /-p-25659.html HTTP/1.0" 200 72248 "-" "Mozilla/5.0 (compatible; MJ12bot/v1.4.8; http://mj12bot.com/)"
185.191.171.12 - - [12/Oct/2022:05:46:10 +0200] "GET /corsica-metal-plate-p-52522.html HTTP/1.0" 200 74845 "-" "Mozilla/5.0 (compatible; SemrushBot/7~bl; +http://www.semrush.com/bot.html)"
135.181.180.59 - - [12/Oct/2022:05:46:12 +0200] "GET /batman-pairs-of-socks-size-27-30-p-25657.html HTTP/1.0" 301 72315 "-" "Mozilla/5.0 (compatible; MJ12bot/v1.4.8; http://mj12bot.com/)"
135.181.180.59 - - [12/Oct/2022:05:46:15 +0200] "GET /-p-25657.html HTTP/1.0" 200 72248 "-" "Mozilla/5.0 (compatible; MJ12bot/v1.4.8; http://mj12bot.com/)"
185.191.171.45 - - [12/Oct/2022:05:46:18 +0200] "GET /little-buddha-collection-statuette-p-53290.html HTTP/1.0" 200 72374 "-" "Mozilla/5.0 (compatible; SemrushBot/7~bl; +http://www.semrush.com/bot.html)"
135.181.180.59 - - [12/Oct/2022:05:46:18 +0200] "GET /batman-pairs-of-socks-size-27-30-p-25658.html HTTP/1.0" 301 72315 "-" "Mozilla/5.0 (compatible; MJ12bot/v1.4.8; http://mj12bot.com/)"
157.90.177.217 - - [12/Oct/2022:05:46:18 +0200] "GET /metal-push-ashtray-p-53574.html HTTP/1.0" 200 75595 "-" "Mozilla/5.0 (compatible; BLEXBot/1.0; +http://webmeup-crawler.com/)"
66.249.64.242 - - [12/Oct/2022:05:46:19 +0200] "GET /calimero-cool-douce-towel-p-15484.html HTTP/1.0" 200 74930 "-" "Mozilla/5.0 (Linux; Android 6.0.1; Nexus 5X Build/MMB29P) AppleWebKit/537.36 (KHTML, like Gecko) Chrome/106.0.5249.103 Mobile Safari/537.36 (compatible; Googlebot/2.1; +http://www.google.com/bot.html)"
218.145.218.155 - - [12/Oct/2022:05:46:22 +0200] "GET /images/mini_prod/78-4153.jpg HTTP/1.0" 200 263 "-" "Mozilla/5.0 (X11; Ubuntu; Linux x86_64; rv:72.0) Gecko/20100101 Firefox/72.0"
135.181.180.59 - - [12/Oct/2022:05:46:21 +0200] "GET /-p-25658.html HTTP/1.0" 200 72248 "-" "Mozilla/5.0 (compatible; MJ12bot/v1.4.8; http://mj12bot.com/)"
