95.217.109.26 - - [12/Oct/2022:06:41:30 +0200] "GET /-p-43958.html HTTP/1.0" 200 72248 "-" "Mozilla/5.0 (compatible; MJ12bot/v1.4.8; http://mj12bot.com/)"
77.88.5.245 - - [12/Oct/2022:06:41:33 +0200] "GET /decorative-metal-bird-statue-81-cm-p-44673.html HTTP/1.0" 301 72315 "-" "Mozilla/5.0 (compatible; YandexBot/3.0; +http://yandex.com/bots)"
95.217.109.26 - - [12/Oct/2022:06:41:33 +0200] "GET /-p-43993.html HTTP/1.0" 200 72248 "-" "Mozilla/5.0 (compatible; MJ12bot/v1.4.8; http://mj12bot.com/)"
157.90.177.217 - - [12/Oct/2022:06:41:33 +0200] "GET /monster-money-p-28126.html HTTP/1.0" 200 74941 "-" "Mozilla/5.0 (compatible; BLEXBot/1.0; +http://webmeup-crawler.com/)"
192.144.202.87 - - [12/Oct/2022:06:41:37 +0200] "GET /images/mini_prod/DSCN458419072013.jpg HTTP/1.0" 200 272 "-" "python-requests/2.27.1"
77.88.5.245 - - [12/Oct/2022:06:41:36 +0200] "GET /-p-44673.html HTTP/1.0" 200 72248 "-" "Mozilla/5.0 (compatible; YandexBot/3.0; +http://yandex.com/bots)"
95.217.109.26 - - [12/Oct/2022:06:41:37 +0200] "GET /-p-440.html HTTP/1.0" 200 72244 "-" "Mozilla/5.0 (compatible; MJ12bot/v1.4.8; http://mj12bot.com/)"
192.144.202.87 - - [12/Oct/2022:06:41:40 +0200] "GET /images/mini_prod/DSCN458419072013.jpg HTTP/1.0" 200 272 "-" "python-requests/2.27.1"
95.217.109.26 - - [12/Oct/2022:06:41:39 +0200] "GET /-p-45189.html HTTP/1.0" 200 72248 "-" "Mozilla/5.0 (compatible; MJ12bot/v1.4.8; http://mj12bot.com/)"
95.217.109.26 - - [12/Oct/2022:06:41:42 +0200] "GET /-p-45461.html HTTP/1.0" 200 72248 "-" "Mozilla/5.0 (compatible; MJ12bot/v1.4.8; http://mj12bot.com/)"
54.36.148.134 - - [12/Oct/2022:06:41:44 +0200] "GET /salt-with-wooden-spoon-aderne-p-54828.html HTTP/1.0" 200 75052 "-" "Mozilla/5.0 (compatible; AhrefsBot/7.0; +http://ahrefs.com/robot/)"
95.217.109.26 - - [12/Oct/2022:06:41:45 +0200] "GET /-p-45530.html HTTP/1.0" 200 72248 "-" "Mozilla/5.0 (compatible; MJ12bot/v1.4.8; http://mj12bot.com/)"
54.36.148.241 - - [12/Oct/2022:06:41:49 +0200] "GET /images/big_prod/3503420103001.jpg HTTP/1.0" 200 268 "-" "Mozilla/5.0 (compatible; AhrefsBot/7.0; +http://ahrefs.com/robot/)"
95.217.109.26 - - [12/Oct/2022:06:41:48 +0200] "GET /-p-45567.html HTTP/1.0" 200 72248 "-" "Mozilla/5.0 (compatible; MJ12bot/v1.4.8; http://mj12bot.com/)"
157.90.177.217 - - [12/Oct/2022:06:41:49 +0200] "GET /monsters-academy-sports-p-20874.html HTTP/1.0" 200 75789 "-" "Mozilla/5.0 (compatible; BLEXBot/1.0; +http://webmeup-crawler.com/)"
207.46.13.138 - - [12/Oct/2022:06:41:51 +0200] "GET /images/med_prod/8435306288838.jpg HTTP/1.0" 200 268 "-" "Mozilla/5.0 (compatible; bingbot/2.0; +http://www.bing.com/bingbot.htm)"
95.217.109.26 - - [12/Oct/2022:06:41:50 +0200] "GET /-p-45601.html HTTP/1.0" 200 72248 "-" "Mozilla/5.0 (compatible; MJ12bot/v1.4.8; http://mj12bot.com/)"
95.217.109.26 - - [12/Oct/2022:06:41:53 +0200] "GET /-p-45891.html HTTP/1.0" 200 72248 "-" "Mozilla/5.0 (compatible; MJ12bot/v1.4.8; http://mj12bot.com/)"
95.217.109.26 - - [12/Oct/2022:06:41:56 +0200] "GET /-p-47394.html HTTP/1.0" 200 72248 "-" "Mozilla/5.0 (compatible; MJ12bot/v1.4.8; http://mj12bot.com/)"
66.249.64.244 - - [12/Oct/2022:06:41:58 +0200] "GET /serve-coffee-cutting-board-p-40647.html HTTP/1.0" 200 74992 "-" "Mozilla/5.0 (compatible; Googlebot/2.1; +http://www.google.com/bot.html)"
95.217.109.26 - - [12/Oct/2022:06:41:59 +0200] "GET /-p-47783.html HTTP/1.0" 200 72248 "-" "Mozilla/5.0 (compatible; MJ12bot/v1.4.8; http://mj12bot.com/)"
95.217.109.26 - - [12/Oct/2022:06:42:02 +0200] "GET /-p-49071.html HTTP/1.0" 200 72248 "-" "Mozilla/5.0 (compatible; MJ12bot/v1.4.8; http://mj12bot.com/)"
157.90.177.217 - - [12/Oct/2022:06:42:03 +0200] "GET /monte-carlo-coasters-p-44837.html HTTP/1.0" 200 74883 "-" "Mozilla/5.0 (compatible; BLEXBot/1.0; +http://webmeup-crawler.com/)"
95.217.109.26 - - [12/Oct/2022:06:42:04 +0200] "GET /-p-49072.html HTTP/1.0" 200 72248 "-" "Mozilla/5.0 (compatible; MJ12bot/v1.4.8; http://mj12bot.com/)"
95.217.109.26 - - [12/Oct/2022:06:42:08 +0200] "GET /-p-49610.html HTTP/1.0" 200 72248 "-" "Mozilla/5.0 (compatible; MJ12bot/v1.4.8; http://mj12bot.com/)"
95.217.109.26 - - [12/Oct/2022:06:42:11 +0200] "GET /-p-49657.html HTTP/1.0" 200 72248 "-" "Mozilla/5.0 (compatible; MJ12bot/v1.4.8; http://mj12bot.com/)"
95.217.109.26 - - [12/Oct/2022:06:42:14 +0200] "GET /-p-49675.html HTTP/1.0" 200 72248 "-" "Mozilla/5.0 (compatible; MJ12bot/v1.4.8; http://mj12bot.com/)"
95.217.109.26 - - [12/Oct/2022:06:42:17 +0200] "GET /-p-50843.html HTTP/1.0" 200 72248 "-" "Mozilla/5.0 (compatible; MJ12bot/v1.4.8; http://mj12bot.com/)"
157.90.177.217 - - [12/Oct/2022:06:42:18 +0200] "GET /montenegro-clock-cbkreation-p-36925.html HTTP/1.0" 200 74922 "-" "Mozilla/5.0 (compatible; BLEXBot/1.0; +http://webmeup-crawler.com/)"
95.217.109.26 - - [12/Oct/2022:06:42:20 +0200] "GET /-p-51105.html HTTP/1.0" 200 72248 "-" "Mozilla/5.0 (compatible; MJ12bot/v1.4.8; http://mj12bot.com/)"
95.217.109.26 - - [12/Oct/2022:06:42:24 +0200] "GET /-p-51704.html HTTP/1.0" 200 72248 "-" "Mozilla/5.0 (compatible; MJ12bot/v1.4.8; http://mj12bot.com/)"
95.217.109.26 - - [12/Oct/2022:06:42:27 +0200] "GET /-p-51705.html HTTP/1.0" 200 72248 "-" "Mozilla/5.0 (compatible; MJ12bot/v1.4.8; http://mj12bot.com/)"
66.249.64.244 - - [12/Oct/2022:06:42:29 +0200] "GET /flower-aged-ceramic-grey-p-57658.html HTTP/1.0" 200 75554 "-" "Mozilla/5.0 (compatible; Googlebot/2.1; +http://www.google.com/bot.html)"
95.217.109.26 - - [12/Oct/2022:06:42:30 +0200] "GET /-p-5185.html HTTP/1.0" 200 72246 "-" "Mozilla/5.0 (compatible; MJ12bot/v1.4.8; http://mj12bot.com/)"
95.217.109.26 - - [12/Oct/2022:06:42:33 +0200] "GET /-p-52950.html HTTP/1.0" 200 72248 "-" "Mozilla/5.0 (compatible; MJ12bot/v1.4.8; http://mj12bot.com/)"
157.90.177.217 - - [12/Oct/2022:06:42:34 +0200] "GET /moon-jewelry-p-57215.html HTTP/1.0" 200 74958 "-" "Mozilla/5.0 (compatible; BLEXBot/1.0; +http://webmeup-crawler.com/)"
95.217.109.26 - - [12/Oct/2022:06:42:36 +0200] "GET /-p-53046.html HTTP/1.0" 200 72248 "-" "Mozilla/5.0 (compatible; MJ12bot/v1.4.8; http://mj12bot.com/)"
95.217.109.26 - - [12/Oct/2022:06:42:39 +0200] "GET /-p-5424.html HTTP/1.0" 200 72246 "-" "Mozilla/5.0 (compatible; MJ12bot/v1.4.8; http://mj12bot.com/)"
95.217.109.26 - - [12/Oct/2022:06:42:42 +0200] "GET /-p-5578.html HTTP/1.0" 200 72246 "-" "Mozilla/5.0 (compatible; MJ12bot/v1.4.8; http://mj12bot.com/)"
95.217.109.26 - - [12/Oct/2022:06:42:45 +0200] "GET /-p-5630.html HTTP/1.0" 200 72246 "-" "Mozilla/5.0 (compatible; MJ12bot/v1.4.8; http://mj12bot.com/)"
95.217.109.26 - - [12/Oct/2022:06:42:48 +0200] "GET /-p-6650.html HTTP/1.0" 200 72246 "-" "Mozilla/5.0 (compatible; MJ12bot/v1.4.8; http://mj12bot.com/)"
185.191.171.18 - - [12/Oct/2022:06:42:49 +0200] "GET /boys-c-2.html?page=1 HTTP/1.0" 200 92705 "-" "Mozilla/5.0 (compatible; SemrushBot/7~bl; +http://www.semrush.com/bot.html)"
157.90.177.217 - - [12/Oct/2022:06:42:51 +0200] "GET /moon-mini-melamine-tray-p-55855.html HTTP/1.0" 200 75066 "-" "Mozilla/5.0 (compatible; BLEXBot/1.0; +http://webmeup-crawler.com/)"
95.217.109.26 - - [12/Oct/2022:06:42:51 +0200] "GET /-p-6651.html HTTP/1.0" 200 72246 "-" "Mozilla/5.0 (compatible; MJ12bot/v1.4.8; http://mj12bot.com/)"
95.217.109.26 - - [12/Oct/2022:06:42:55 +0200] "GET /-p-8451.html HTTP/1.0" 200 72246 "-" "Mozilla/5.0 (compatible; MJ12bot/v1.4.8; http://mj12bot.com/)"
95.217.109.26 - - [12/Oct/2022:06:42:58 +0200] "GET /-p-9142.html HTTP/1.0" 200 72246 "-" "Mozilla/5.0 (compatible; MJ12bot/v1.4.8; http://mj12bot.com/)"
185.191.171.37 - - [12/Oct/2022:06:43:00 +0200] "GET /house-stark-bookends-game-thrones-p-57383.html HTTP/1.0" 200 76405 "-" "Mozilla/5.0 (compatible; SemrushBot/7~bl; +http://www.semrush.com/bot.html)"
95.217.109.26 - - [12/Oct/2022:06:43:01 +0200] "GET /-p-9356.html HTTP/1.0" 200 72246 "-" "Mozilla/5.0 (compatible; MJ12bot/v1.4.8; http://mj12bot.com/)"
54.36.149.45 - - [12/Oct/2022:06:43:03 +0200] "GET /pink-fitted-sheet-p-39048.html HTTP/1.0" 200 75513 "-" "Mozilla/5.0 (compatible; AhrefsBot/7.0; +http://ahrefs.com/robot/)"
185.191.171.37 - - [12/Oct/2022:06:43:03 +0200] "GET /round-wooden-mirror-p-53053.html HTTP/1.0" 200 72314 "-" "Mozilla/5.0 (compatible; SemrushBot/7~bl; +http://www.semrush.com/bot.html)"
95.217.109.26 - - [12/Oct/2022:06:43:04 +0200] "GET /-p-9906.html HTTP/1.0" 200 72246 "-" "Mozilla/5.0 (compatible; MJ12bot/v1.4.8; http://mj12bot.com/)"
95.217.109.26 - - [12/Oct/2022:06:43:08 +0200] "GET /altogether-christmas-winnie-pooh-hanging-ornament-p-58482.html HTTP/1.0" 200 76436 "-" "Mozilla/5.0 (compatible; MJ12bot/v1.4.8; http://mj12bot.com/)"
95.217.109.26 - - [12/Oct/2022:06:43:10 +0200] "GET /american-policeman-resin-figure-p-34235.html HTTP/1.0" 200 72362 "-" "Mozilla/5.0 (compatible; MJ12bot/v1.4.8; http://mj12bot.com/)"
157.90.177.217 - - [12/Oct/2022:06:43:11 +0200] "GET /moon-phases-coasters-p-57611.html HTTP/1.0" 200 75515 "-" "Mozilla/5.0 (compatible; BLEXBot/1.0; +http://webmeup-crawler.com/)"
95.217.109.26 - - [12/Oct/2022:06:43:13 +0200] "GET /animals-alarm-clock-by-cbkreation-p-43811.html HTTP/1.0" 301 75134 "-" "Mozilla/5.0 (compatible; MJ12bot/v1.4.8; http://mj12bot.com/)"
95.217.109.26 - - [12/Oct/2022:06:43:16 +0200] "GET /animals-alarm-clock-cbkreation-p-43811.html HTTP/1.0" 200 75037 "-" "Mozilla/5.0 (compatible; MJ12bot/v1.4.8; http://mj12bot.com/)"
95.217.109.26 - - [12/Oct/2022:06:43:19 +0200] "GET /animals-cbkreation-p-43801.html HTTP/1.0" 200 74847 "-" "Mozilla/5.0 (compatible; MJ12bot/v1.4.8; http://mj12bot.com/)"
95.217.109.26 - - [12/Oct/2022:06:43:22 +0200] "GET /animals-cushion-by-cbkreation-p-43800.html HTTP/1.0" 301 72315 "-" "Mozilla/5.0 (compatible; MJ12bot/v1.4.8; http://mj12bot.com/)"
95.217.109.26 - - [12/Oct/2022:06:43:25 +0200] "GET /-p-43800.html HTTP/1.0" 200 72248 "-" "Mozilla/5.0 (compatible; MJ12bot/v1.4.8; http://mj12bot.com/)"
157.90.177.217 - - [12/Oct/2022:06:43:25 +0200] "GET /moon-star-small-carved-p-37139.html HTTP/1.0" 200 75201 "-" "Mozilla/5.0 (compatible; BLEXBot/1.0; +http://webmeup-crawler.com/)"
95.217.109.26 - - [12/Oct/2022:06:43:28 +0200] "GET /animals-cushion-cbkreation-p-43800.html HTTP/1.0" 301 72315 "-" "Mozilla/5.0 (compatible; MJ12bot/v1.4.8; http://mj12bot.com/)"
95.217.109.26 - - [12/Oct/2022:06:43:31 +0200] "GET /-p-43800.html HTTP/1.0" 200 72248 "-" "Mozilla/5.0 (compatible; MJ12bot/v1.4.8; http://mj12bot.com/)"
95.217.109.26 - - [12/Oct/2022:06:43:34 +0200] "GET /animals-mug-cbkreation-p-43801.html HTTP/1.0" 301 74932 "-" "Mozilla/5.0 (compatible; MJ12bot/v1.4.8; http://mj12bot.com/)"
95.217.109.26 - - [12/Oct/2022:06:43:37 +0200] "GET /animals-cbkreation-p-43801.html HTTP/1.0" 200 74847 "-" "Mozilla/5.0 (compatible; MJ12bot/v1.4.8; http://mj12bot.com/)"
95.217.109.26 - - [12/Oct/2022:06:43:40 +0200] "GET /animals-pencil-cbkreation-p-45063.html HTTP/1.0" 200 74958 "-" "Mozilla/5.0 (compatible; MJ12bot/v1.4.8; http://mj12bot.com/)"
157.90.177.217 - - [12/Oct/2022:06:43:41 +0200] "GET /moon-touch-lamp-p-57574.html HTTP/1.0" 200 75718 "-" "Mozilla/5.0 (compatible; BLEXBot/1.0; +http://webmeup-crawler.com/)"
95.217.109.26 - - [12/Oct/2022:06:43:43 +0200] "GET /animals-pencil-cbkreation-p-45077.html HTTP/1.0" 200 74957 "-" "Mozilla/5.0 (compatible; MJ12bot/v1.4.8; http://mj12bot.com/)"
95.217.109.26 - - [12/Oct/2022:06:43:47 +0200] "GET /animals-pencil-pot-cbkreation-p-45063.html HTTP/1.0" 301 75050 "-" "Mozilla/5.0 (compatible; MJ12bot/v1.4.8; http://mj12bot.com/)"
185.191.171.9 - - [12/Oct/2022:06:43:47 +0200] "GET /strawberry-shortcake-bathrobe-size-years-p-12632.html HTTP/1.0" 200 75196 "-" "Mozilla/5.0 (compatible; SemrushBot/7~bl; +http://www.semrush.com/bot.html)"
95.217.109.26 - - [12/Oct/2022:06:43:50 +0200] "GET /animals-pencil-cbkreation-p-45063.html HTTP/1.0" 200 74958 "-" "Mozilla/5.0 (compatible; MJ12bot/v1.4.8; http://mj12bot.com/)"
95.217.109.26 - - [12/Oct/2022:06:43:54 +0200] "GET /animals-pencil-pot-cbkreation-p-45077.html HTTP/1.0" 301 75049 "-" "Mozilla/5.0 (compatible; MJ12bot/v1.4.8; http://mj12bot.com/)"
95.217.109.26 - - [12/Oct/2022:06:43:57 +0200] "GET /animals-pencil-cbkreation-p-45077.html HTTP/1.0" 200 74957 "-" "Mozilla/5.0 (compatible; MJ12bot/v1.4.8; http://mj12bot.com/)"
157.90.177.217 - - [12/Oct/2022:06:43:57 +0200] "GET /moonlight-waltz-beauty-beast-waterball-p-57244.html HTTP/1.0" 200 76379 "-" "Mozilla/5.0 (compatible; BLEXBot/1.0; +http://webmeup-crawler.com/)"
95.217.109.26 - - [12/Oct/2022:06:44:00 +0200] "GET /animals-rectangulary-cushion-by-cbkreation-p-43379.html HTTP/1.0" 301 72315 "-" "Mozilla/5.0 (compatible; MJ12bot/v1.4.8; http://mj12bot.com/)"
95.217.109.26 - - [12/Oct/2022:06:44:03 +0200] "GET /-p-43379.html HTTP/1.0" 200 72248 "-" "Mozilla/5.0 (compatible; MJ12bot/v1.4.8; http://mj12bot.com/)"
95.217.109.26 - - [12/Oct/2022:06:44:05 +0200] "GET /animals-rectangulary-cushion-cbkreation-p-43379.html HTTP/1.0" 301 72315 "-" "Mozilla/5.0 (compatible; MJ12bot/v1.4.8; http://mj12bot.com/)"
66.249.64.246 - - [12/Oct/2022:06:44:07 +0200] "GET /polar-blanket-purple-p-34642.html HTTP/1.0" 200 72344 "-" "Mozilla/5.0 (Linux; Android 6.0.1; Nexus 5X Build/MMB29P) AppleWebKit/537.36 (KHTML, like Gecko) Chrome/106.0.5249.103 Mobile Safari/537.36 (compatible; Googlebot/2.1; +http://www.google.com/bot.html)"
95.217.109.26 - - [12/Oct/2022:06:44:08 +0200] "GET /-p-43379.html HTTP/1.0" 200 72248 "-" "Mozilla/5.0 (compatible; MJ12bot/v1.4.8; http://mj12bot.com/)"
185.191.171.8 - - [12/Oct/2022:06:44:08 +0200] "GET /ceramic-lamp-p-55782.html HTTP/1.0" 200 72302 "-" "Mozilla/5.0 (compatible; SemrushBot/7~bl; +http://www.semrush.com/bot.html)"
95.217.109.26 - - [12/Oct/2022:06:44:11 +0200] "GET /animated-rock-bye-plush-26-cm-p-41290.html HTTP/1.0" 301 72315 "-" "Mozilla/5.0 (compatible; MJ12bot/v1.4.8; http://mj12bot.com/)"
157.90.177.217 - - [12/Oct/2022:06:44:13 +0200] "GET /morgan-paris-watch-p-38193.html HTTP/1.0" 200 75113 "-" "Mozilla/5.0 (compatible; BLEXBot/1.0; +http://webmeup-crawler.com/)"
95.217.109.26 - - [12/Oct/2022:06:44:14 +0200] "GET /-p-41290.html HTTP/1.0" 200 72248 "-" "Mozilla/5.0 (compatible; MJ12bot/v1.4.8; http://mj12bot.com/)"
95.217.109.26 - - [12/Oct/2022:06:44:17 +0200] "GET /anise-green-polyester-round-chair-cushion-p-47394.html HTTP/1.0" 301 72315 "-" "Mozilla/5.0 (compatible; MJ12bot/v1.4.8; http://mj12bot.com/)"
95.217.109.26 - - [12/Oct/2022:06:44:20 +0200] "GET /-p-47394.html HTTP/1.0" 200 72248 "-" "Mozilla/5.0 (compatible; MJ12bot/v1.4.8; http://mj12bot.com/)"
95.217.109.26 - - [12/Oct/2022:06:44:22 +0200] "GET /anna-disney-frozen-secret-box-collection-p-29098.html HTTP/1.0" 301 75288 "-" "Mozilla/5.0 (compatible; MJ12bot/v1.4.8; http://mj12bot.com/)"
95.217.109.26 - - [12/Oct/2022:06:44:25 +0200] "GET /anna-disney-frozen-secret-collection-p-29098.html HTTP/1.0" 200 75185 "-" "Mozilla/5.0 (compatible; MJ12bot/v1.4.8; http://mj12bot.com/)"
157.90.177.217 - - [12/Oct/2022:06:44:28 +0200] "GET /moroccan-ashtray-flowers-p-50000.html HTTP/1.0" 200 74860 "-" "Mozilla/5.0 (compatible; BLEXBot/1.0; +http://webmeup-crawler.com/)"
95.217.109.26 - - [12/Oct/2022:06:44:28 +0200] "GET /anna-disney-frozen-secret-collection-p-29098.html HTTP/1.0" 200 75185 "-" "Mozilla/5.0 (compatible; MJ12bot/v1.4.8; http://mj12bot.com/)"
54.36.148.213 - - [12/Oct/2022:06:44:31 +0200] "GET /votive-candle-bergamot-moss-white-musk-p-46871.html HTTP/1.0" 200 75672 "-" "Mozilla/5.0 (compatible; AhrefsBot/7.0; +http://ahrefs.com/robot/)"
185.191.171.16 - - [12/Oct/2022:06:44:31 +0200] "GET /corsica-metal-plate-p-52520.html HTTP/1.0" 200 74845 "-" "Mozilla/5.0 (compatible; SemrushBot/7~bl; +http://www.semrush.com/bot.html)"
95.217.109.26 - - [12/Oct/2022:06:44:32 +0200] "GET /anna-elsa-frozen-small-backpack-p-30738.html HTTP/1.0" 200 72370 "-" "Mozilla/5.0 (compatible; MJ12bot/v1.4.8; http://mj12bot.com/)"
51.68.224.127 - - [12/Oct/2022:06:44:35 +0200] "GET /adminweb/export_orders_xml.php?token=256de2z6edz6ed2z6DFSFsed2zed6zeDSFDSGdzedezfzf&maxorders=10&orderstart=1&status=14&start_date=2018-10-01 HTTP/1.0" 200 285 "-" "GesCom CharlotteBoutik Serveur"
51.68.224.127 - - [12/Oct/2022:06:44:35 +0200] "GET /adminweb/export_orders_xml.php?token=256de2z6edz6ed2z6DFSFsed2zed6zeDSFDSGdzedezfzf&maxorders=10&orderstart=1&status=6&start_date=2018-10-01 HTTP/1.0" 200 33985 "-" "GesCom CharlotteBoutik Serveur"
95.217.109.26 - - [12/Oct/2022:06:44:36 +0200] "GET /anna-figure-p-32169.html HTTP/1.0" 301 72315 "-" "Mozilla/5.0 (compatible; MJ12bot/v1.4.8; http://mj12bot.com/)"
95.217.109.26 - - [12/Oct/2022:06:44:39 +0200] "GET /-p-32169.html HTTP/1.0" 200 72248 "-" "Mozilla/5.0 (compatible; MJ12bot/v1.4.8; http://mj12bot.com/)"
95.217.109.26 - - [12/Oct/2022:06:44:42 +0200] "GET /anna-frozen-figure-collection-p-30721.html HTTP/1.0" 200 75080 "-" "Mozilla/5.0 (compatible; MJ12bot/v1.4.8; http://mj12bot.com/)"
157.90.177.217 - - [12/Oct/2022:06:44:42 +0200] "GET /moroccan-ashtray-flowers-p-52628.html HTTP/1.0" 200 74864 "-" "Mozilla/5.0 (compatible; BLEXBot/1.0; +http://webmeup-crawler.com/)"
95.217.109.26 - - [12/Oct/2022:06:44:45 +0200] "GET /anna-frozen-miniature-character-with-accessories-p-34583.html HTTP/1.0" 301 72315 "-" "Mozilla/5.0 (compatible; MJ12bot/v1.4.8; http://mj12bot.com/)"
95.217.109.26 - - [12/Oct/2022:06:44:48 +0200] "GET /-p-34583.html HTTP/1.0" 200 72248 "-" "Mozilla/5.0 (compatible; MJ12bot/v1.4.8; http://mj12bot.com/)"
95.217.109.26 - - [12/Oct/2022:06:44:51 +0200] "GET /anna-frozen-tree-ornament-p-30724.html HTTP/1.0" 200 74995 "-" "Mozilla/5.0 (compatible; MJ12bot/v1.4.8; http://mj12bot.com/)"
95.217.109.26 - - [12/Oct/2022:06:44:54 +0200] "GET /anniversaire-card-p-20020.html HTTP/1.0" 301 72315 "-" "Mozilla/5.0 (compatible; MJ12bot/v1.4.8; http://mj12bot.com/)"
95.217.109.26 - - [12/Oct/2022:06:44:57 +0200] "GET /-p-20020.html HTTP/1.0" 200 72248 "-" "Mozilla/5.0 (compatible; MJ12bot/v1.4.8; http://mj12bot.com/)"
157.90.177.217 - - [12/Oct/2022:06:44:57 +0200] "GET /moroccan-ashtray-leaves-p-52627.html HTTP/1.0" 200 74855 "-" "Mozilla/5.0 (compatible; BLEXBot/1.0; +http://webmeup-crawler.com/)"
95.217.109.26 - - [12/Oct/2022:06:44:59 +0200] "GET /another-beer-metal-plate-deco-p-36124.html HTTP/1.0" 200 74933 "-" "Mozilla/5.0 (compatible; MJ12bot/v1.4.8; http://mj12bot.com/)"
95.217.109.26 - - [12/Oct/2022:06:45:03 +0200] "GET /anti-mite-pillow-60-60-cm-p-41116.html HTTP/1.0" 301 72407 "-" "Mozilla/5.0 (compatible; MJ12bot/v1.4.8; http://mj12bot.com/)"
185.191.171.19 - - [12/Oct/2022:06:45:06 +0200] "GET /aladdin-romance-takes-flight-storybook-p-47008.html HTTP/1.0" 200 76757 "-" "Mozilla/5.0 (compatible; SemrushBot/7~bl; +http://www.semrush.com/bot.html)"
95.217.109.26 - - [12/Oct/2022:06:45:06 +0200] "GET /anti-mite-pillow-p-41116.html HTTP/1.0" 200 72324 "-" "Mozilla/5.0 (compatible; MJ12bot/v1.4.8; http://mj12bot.com/)"
95.217.109.26 - - [12/Oct/2022:06:45:11 +0200] "GET /anti-mite-pillow-p-41116.html HTTP/1.0" 200 72324 "-" "Mozilla/5.0 (compatible; MJ12bot/v1.4.8; http://mj12bot.com/)"
157.90.177.217 - - [12/Oct/2022:06:45:13 +0200] "GET /moroccan-ashtray-p-31882.html HTTP/1.0" 200 74870 "-" "Mozilla/5.0 (compatible; BLEXBot/1.0; +http://webmeup-crawler.com/)"
95.217.109.26 - - [12/Oct/2022:06:45:14 +0200] "GET /antigua-clock-by-cbkreation-p-36797.html HTTP/1.0" 301 74991 "-" "Mozilla/5.0 (compatible; MJ12bot/v1.4.8; http://mj12bot.com/)"
95.217.109.26 - - [12/Oct/2022:06:45:16 +0200] "GET /antigua-clock-cbkreation-p-36797.html HTTP/1.0" 200 74900 "-" "Mozilla/5.0 (compatible; MJ12bot/v1.4.8; http://mj12bot.com/)"
95.217.109.26 - - [12/Oct/2022:06:45:20 +0200] "GET /antigua-clock-cbkreation-p-36797.html HTTP/1.0" 200 74900 "-" "Mozilla/5.0 (compatible; MJ12bot/v1.4.8; http://mj12bot.com/)"
95.217.109.26 - - [12/Oct/2022:06:45:23 +0200] "GET /antigua-rectangulary-cushion-by-cbkreation-p-36714.html HTTP/1.0" 301 72315 "-" "Mozilla/5.0 (compatible; MJ12bot/v1.4.8; http://mj12bot.com/)"
47.94.243.250 - - [12/Oct/2022:06:45:26 +0200] "GET /images/mini_prod/3609810082038.jpg HTTP/1.0" 200 269 "-" "Mozilla/5.0 (Macintosh; Intel Mac OS X 10_15_7) AppleWebKit/537.36 (KHTML, like Gecko) Chrome/105.0.0.0 Safari/537.36"
95.217.109.26 - - [12/Oct/2022:06:45:26 +0200] "GET /-p-36714.html HTTP/1.0" 200 72248 "-" "Mozilla/5.0 (compatible; MJ12bot/v1.4.8; http://mj12bot.com/)"
157.90.177.217 - - [12/Oct/2022:06:45:28 +0200] "GET /moroccan-ashtray-p-40176.html HTTP/1.0" 200 74873 "-" "Mozilla/5.0 (compatible; BLEXBot/1.0; +http://webmeup-crawler.com/)"
95.217.109.26 - - [12/Oct/2022:06:45:29 +0200] "GET /antigua-rectangulary-cushion-cbkreation-p-36714.html HTTP/1.0" 301 72315 "-" "Mozilla/5.0 (compatible; MJ12bot/v1.4.8; http://mj12bot.com/)"
95.217.109.26 - - [12/Oct/2022:06:45:32 +0200] "GET /-p-36714.html HTTP/1.0" 200 72248 "-" "Mozilla/5.0 (compatible; MJ12bot/v1.4.8; http://mj12bot.com/)"
95.217.109.26 - - [12/Oct/2022:06:45:35 +0200] "GET /antique-blue-wood-magazine-rack-model-p-44785.html HTTP/1.0" 200 72436 "-" "Mozilla/5.0 (compatible; MJ12bot/v1.4.8; http://mj12bot.com/)"
95.217.109.26 - - [12/Oct/2022:06:45:37 +0200] "GET /antique-blue-wood-magazine-rack-model-p-44786.html HTTP/1.0" 200 72436 "-" "Mozilla/5.0 (compatible; MJ12bot/v1.4.8; http://mj12bot.com/)"
95.217.109.26 - - [12/Oct/2022:06:45:40 +0200] "GET /antique-wooden-box-p-36485.html HTTP/1.0" 301 72315 "-" "Mozilla/5.0 (compatible; MJ12bot/v1.4.8; http://mj12bot.com/)"
157.90.177.217 - - [12/Oct/2022:06:45:43 +0200] "GET /moroccan-ashtray-p-40618.html HTTP/1.0" 200 74854 "-" "Mozilla/5.0 (compatible; BLEXBot/1.0; +http://webmeup-crawler.com/)"
95.217.109.26 - - [12/Oct/2022:06:45:43 +0200] "GET /-p-36485.html HTTP/1.0" 200 72248 "-" "Mozilla/5.0 (compatible; MJ12bot/v1.4.8; http://mj12bot.com/)"
95.217.109.26 - - [12/Oct/2022:06:45:47 +0200] "GET /antique-wooden-p-36485.html HTTP/1.0" 301 72315 "-" "Mozilla/5.0 (compatible; MJ12bot/v1.4.8; http://mj12bot.com/)"
95.217.109.26 - - [12/Oct/2022:06:45:50 +0200] "GET /-p-36485.html HTTP/1.0" 200 72248 "-" "Mozilla/5.0 (compatible; MJ12bot/v1.4.8; http://mj12bot.com/)"
54.36.148.118 - - [12/Oct/2022:06:45:52 +0200] "GET /sitting-indian-decoration-p-53692.html HTTP/1.0" 200 75015 "-" "Mozilla/5.0 (compatible; AhrefsBot/7.0; +http://ahrefs.com/robot/)"
54.36.149.45 - - [12/Oct/2022:06:45:56 +0200] "GET /images/big_prod/5400924116156.jpg HTTP/1.0" 200 268 "-" "Mozilla/5.0 (compatible; AhrefsBot/7.0; +http://ahrefs.com/robot/)"
95.217.109.26 - - [12/Oct/2022:06:45:53 +0200] "GET /antiqued-romantic-headboard-161-cm-p-49069.html HTTP/1.0" 301 72454 "-" "Mozilla/5.0 (compatible; MJ12bot/v1.4.8; http://mj12bot.com/)"
95.217.109.26 - - [12/Oct/2022:06:45:58 +0200] "GET /antiqued-romantic-headboard-p-49069.html HTTP/1.0" 200 72360 "-" "Mozilla/5.0 (compatible; MJ12bot/v1.4.8; http://mj12bot.com/)"
157.90.177.217 - - [12/Oct/2022:06:45:57 +0200] "GET /moroccan-ashtray-p-40619.html HTTP/1.0" 200 74852 "-" "Mozilla/5.0 (compatible; BLEXBot/1.0; +http://webmeup-crawler.com/)"
66.249.64.242 - - [12/Oct/2022:06:46:00 +0200] "GET /gorjuss-trinket-beeloved-p-46950.html HTTP/1.0" 200 75201 "-" "Mozilla/5.0 (Linux; Android 6.0.1; Nexus 5X Build/MMB29P) AppleWebKit/537.36 (KHTML, like Gecko) Chrome/106.0.5249.103 Mobile Safari/537.36 (compatible; Googlebot/2.1; +http://www.google.com/bot.html)"
95.217.109.26 - - [12/Oct/2022:06:46:03 +0200] "GET /antiqued-romantic-headboard-p-49069.html HTTP/1.0" 200 72360 "-" "Mozilla/5.0 (compatible; MJ12bot/v1.4.8; http://mj12bot.com/)"
95.217.109.26 - - [12/Oct/2022:06:46:07 +0200] "GET /apache-bedclothes-240-220-cm-p-39023.html HTTP/1.0" 301 72315 "-" "Mozilla/5.0 (compatible; MJ12bot/v1.4.8; http://mj12bot.com/)"
95.217.109.26 - - [12/Oct/2022:06:46:11 +0200] "GET /-p-39023.html HTTP/1.0" 200 72248 "-" "Mozilla/5.0 (compatible; MJ12bot/v1.4.8; http://mj12bot.com/)"
95.217.109.26 - - [12/Oct/2022:06:46:15 +0200] "GET /apache-bedclothes-260-240-cm-p-39024.html HTTP/1.0" 301 72315 "-" "Mozilla/5.0 (compatible; MJ12bot/v1.4.8; http://mj12bot.com/)"
185.191.171.9 - - [12/Oct/2022:06:46:04 +0200] "GET /bagshandbags-shoulder-bags-c-31_81.html?page=13 HTTP/1.0" 200 88391 "-" "Mozilla/5.0 (compatible; SemrushBot/7~bl; +http://www.semrush.com/bot.html)"
157.90.177.217 - - [12/Oct/2022:06:46:15 +0200] "GET /moroccan-ashtray-p-40620.html HTTP/1.0" 200 74854 "-" "Mozilla/5.0 (compatible; BLEXBot/1.0; +http://webmeup-crawler.com/)"
95.217.109.26 - - [12/Oct/2022:06:46:19 +0200] "GET /-p-39024.html HTTP/1.0" 200 72248 "-" "Mozilla/5.0 (compatible; MJ12bot/v1.4.8; http://mj12bot.com/)"
95.217.109.26 - - [12/Oct/2022:06:46:23 +0200] "GET /apache-cushion-35-35-cm-p-41557.html HTTP/1.0" 301 72315 "-" "Mozilla/5.0 (compatible; MJ12bot/v1.4.8; http://mj12bot.com/)"
95.217.109.26 - - [12/Oct/2022:06:46:26 +0200] "GET /-p-41557.html HTTP/1.0" 200 72248 "-" "Mozilla/5.0 (compatible; MJ12bot/v1.4.8; http://mj12bot.com/)"
185.191.171.44 - - [12/Oct/2022:06:46:30 +0200] "GET /chess-games-pawn-decorative-statuette-p-50033.html HTTP/1.0" 200 72386 "-" "Mozilla/5.0 (compatible; SemrushBot/7~bl; +http://www.semrush.com/bot.html)"
95.217.109.26 - - [12/Oct/2022:06:46:30 +0200] "GET /apache-cushion-35-35-cm-p-41558.html HTTP/1.0" 301 72315 "-" "Mozilla/5.0 (compatible; MJ12bot/v1.4.8; http://mj12bot.com/)"
157.90.177.217 - - [12/Oct/2022:06:46:32 +0200] "GET /moroccan-ashtray-p-40621.html HTTP/1.0" 200 74855 "-" "Mozilla/5.0 (compatible; BLEXBot/1.0; +http://webmeup-crawler.com/)"
95.217.109.26 - - [12/Oct/2022:06:46:35 +0200] "GET /-p-41558.html HTTP/1.0" 200 72248 "-" "Mozilla/5.0 (compatible; MJ12bot/v1.4.8; http://mj12bot.com/)"
95.217.109.26 - - [12/Oct/2022:06:46:38 +0200] "GET /apache-cushion-35-35-cm-p-41559.html HTTP/1.0" 301 72315 "-" "Mozilla/5.0 (compatible; MJ12bot/v1.4.8; http://mj12bot.com/)"
185.191.171.9 - - [12/Oct/2022:06:46:38 +0200] "GET /little-buddha-magnet-yellow-p-50266.html HTTP/1.0" 200 72332 "-" "Mozilla/5.0 (compatible; SemrushBot/7~bl; +http://www.semrush.com/bot.html)"
95.217.109.26 - - [12/Oct/2022:06:46:43 +0200] "GET /-p-41559.html HTTP/1.0" 200 72248 "-" "Mozilla/5.0 (compatible; MJ12bot/v1.4.8; http://mj12bot.com/)"
95.217.109.26 - - [12/Oct/2022:06:46:47 +0200] "GET /apache-cushion-40-40-cm-p-39168.html HTTP/1.0" 301 72315 "-" "Mozilla/5.0 (compatible; MJ12bot/v1.4.8; http://mj12bot.com/)"
95.217.109.26 - - [12/Oct/2022:06:46:51 +0200] "GET /-p-39168.html HTTP/1.0" 200 72248 "-" "Mozilla/5.0 (compatible; MJ12bot/v1.4.8; http://mj12bot.com/)"
157.90.177.217 - - [12/Oct/2022:06:46:51 +0200] "GET /moroccan-ashtray-p-40622.html HTTP/1.0" 200 74856 "-" "Mozilla/5.0 (compatible; BLEXBot/1.0; +http://webmeup-crawler.com/)"
66.249.64.244 - - [12/Oct/2022:06:46:58 +0200] "GET /images/big_prod/3700572755236.jpg HTTP/1.0" 200 268 "-" "Googlebot-Image/1.0"
95.217.109.26 - - [12/Oct/2022:06:46:56 +0200] "GET /apache-cushion-50-30-cm-p-39169.html HTTP/1.0" 301 72315 "-" "Mozilla/5.0 (compatible; MJ12bot/v1.4.8; http://mj12bot.com/)"
95.217.109.26 - - [12/Oct/2022:06:47:00 +0200] "GET /-p-39169.html HTTP/1.0" 200 72248 "-" "Mozilla/5.0 (compatible; MJ12bot/v1.4.8; http://mj12bot.com/)"
114.119.137.43 - - [12/Oct/2022:06:47:00 +0200] "GET /littlest-petshop-backpack-p-6365.html HTTP/1.0" 200 75160 "http://www.wonder-geek.com/specials.php?page=30" "Mozilla/5.0 (Linux; Android 7.0;) AppleWebKit/537.36 (KHTML, like Gecko) Mobile Safari/537.36 (compatible; PetalBot;+https://webmaster.petalsearch.com/site/petalbot)"
95.217.109.26 - - [12/Oct/2022:06:47:04 +0200] "GET /apron-nautilus-p-47946.html HTTP/1.0" 200 74790 "-" "Mozilla/5.0 (compatible; MJ12bot/v1.4.8; http://mj12bot.com/)"
95.217.109.26 - - [12/Oct/2022:06:47:09 +0200] "GET /archangel-michael-statuette-12-cm-p-48908.html HTTP/1.0" 301 72452 "-" "Mozilla/5.0 (compatible; MJ12bot/v1.4.8; http://mj12bot.com/)"
157.90.177.217 - - [12/Oct/2022:06:47:08 +0200] "GET /moroccan-ashtray-p-40623.html HTTP/1.0" 200 74853 "-" "Mozilla/5.0 (compatible; BLEXBot/1.0; +http://webmeup-crawler.com/)"
95.217.109.26 - - [12/Oct/2022:06:47:13 +0200] "GET /archangel-michael-statuette-p-48908.html HTTP/1.0" 200 72358 "-" "Mozilla/5.0 (compatible; MJ12bot/v1.4.8; http://mj12bot.com/)"
185.191.171.45 - - [12/Oct/2022:06:47:11 +0200] "GET /over-dumbo-circus-tent-figurine-p-53987.html HTTP/1.0" 200 76914 "-" "Mozilla/5.0 (compatible; SemrushBot/7~bl; +http://www.semrush.com/bot.html)"
95.217.109.26 - - [12/Oct/2022:06:47:17 +0200] "GET /archangel-michael-statuette-p-48908.html HTTP/1.0" 200 72358 "-" "Mozilla/5.0 (compatible; MJ12bot/v1.4.8; http://mj12bot.com/)"
54.36.149.48 - - [12/Oct/2022:06:47:18 +0200] "GET /grey-acdc-zippo-lighter-p-51922.html HTTP/1.0" 200 75849 "-" "Mozilla/5.0 (compatible; AhrefsBot/7.0; +http://ahrefs.com/robot/)"
95.217.109.26 - - [12/Oct/2022:06:47:21 +0200] "GET /areca-bedclothes-260-240-cm-p-50843.html HTTP/1.0" 301 72315 "-" "Mozilla/5.0 (compatible; MJ12bot/v1.4.8; http://mj12bot.com/)"
95.217.109.26 - - [12/Oct/2022:06:47:25 +0200] "GET /-p-50843.html HTTP/1.0" 200 72248 "-" "Mozilla/5.0 (compatible; MJ12bot/v1.4.8; http://mj12bot.com/)"
157.90.177.217 - - [12/Oct/2022:06:47:25 +0200] "GET /moroccan-ashtray-p-40624.html HTTP/1.0" 200 74856 "-" "Mozilla/5.0 (compatible; BLEXBot/1.0; +http://webmeup-crawler.com/)"
43.155.60.188 - - [12/Oct/2022:06:47:30 +0200] "GET /contact_us.php HTTP/1.0" 200 26241 "http://www.wonder-geek.com/contact_us.php" "Mozilla/5.0 (Windows NT 10.0; Win64; x64) AppleWebKit/537.36 (KHTML, like Gecko) Chrome/90.0.4430.72 Safari/537.36 Edg/90.0.818.39"
95.217.109.26 - - [12/Oct/2022:06:47:29 +0200] "GET /areu-table-lamp-silver-metal-p-54593.html HTTP/1.0" 200 75618 "-" "Mozilla/5.0 (compatible; MJ12bot/v1.4.8; http://mj12bot.com/)"
95.217.109.26 - - [12/Oct/2022:06:47:35 +0200] "GET /ariel-splash-of-fun-figure-collection-p-20726.html HTTP/1.0" 301 72315 "-" "Mozilla/5.0 (compatible; MJ12bot/v1.4.8; http://mj12bot.com/)"
43.155.60.188 - - [12/Oct/2022:06:47:40 +0200] "POST /contact_us.php?action=send HTTP/1.0" 200 26474 "http://www.wonder-geek.com/contact_us.php" "Mozilla/5.0 (Windows NT 10.0; Win64; x64) AppleWebKit/537.36 (KHTML, like Gecko) Chrome/90.0.4430.72 Safari/537.36 Edg/90.0.818.39"
95.217.109.26 - - [12/Oct/2022:06:47:39 +0200] "GET /-p-20726.html HTTP/1.0" 200 72248 "-" "Mozilla/5.0 (compatible; MJ12bot/v1.4.8; http://mj12bot.com/)"
157.90.177.217 - - [12/Oct/2022:06:47:42 +0200] "GET /moroccan-ashtray-p-40628.html HTTP/1.0" 200 74855 "-" "Mozilla/5.0 (compatible; BLEXBot/1.0; +http://webmeup-crawler.com/)"
95.217.109.26 - - [12/Oct/2022:06:47:43 +0200] "GET /aries-classic-cbkreation-p-29026.html HTTP/1.0" 200 74864 "-" "Mozilla/5.0 (compatible; MJ12bot/v1.4.8; http://mj12bot.com/)"
95.217.109.26 - - [12/Oct/2022:06:47:49 +0200] "GET /aries-classic-mug-cbkreation-p-29026.html HTTP/1.0" 301 74955 "-" "Mozilla/5.0 (compatible; MJ12bot/v1.4.8; http://mj12bot.com/)"
95.217.109.26 - - [12/Oct/2022:06:47:53 +0200] "GET /aries-classic-cbkreation-p-29026.html HTTP/1.0" 200 74864 "-" "Mozilla/5.0 (compatible; MJ12bot/v1.4.8; http://mj12bot.com/)"
95.217.109.26 - - [12/Oct/2022:06:47:58 +0200] "GET /aries-classic-mug-p-29026.html HTTP/1.0" 301 74955 "-" "Mozilla/5.0 (compatible; MJ12bot/v1.4.8; http://mj12bot.com/)"
157.90.177.217 - - [12/Oct/2022:06:47:59 +0200] "GET /moroccan-ashtray-p-40635.html HTTP/1.0" 200 74855 "-" "Mozilla/5.0 (compatible; BLEXBot/1.0; +http://webmeup-crawler.com/)"
47.94.243.250 - - [12/Oct/2022:06:48:03 +0200] "GET /images/big_prod_2/045544950015c.jpg HTTP/1.0" 200 270 "-" "Mozilla/5.0 (Macintosh; Intel Mac OS X 10_15_7) AppleWebKit/537.36 (KHTML, like Gecko) Chrome/105.0.0.0 Safari/537.36"
95.217.109.26 - - [12/Oct/2022:06:48:02 +0200] "GET /aries-classic-cbkreation-p-29026.html HTTP/1.0" 200 74864 "-" "Mozilla/5.0 (compatible; MJ12bot/v1.4.8; http://mj12bot.com/)"
185.191.171.16 - - [12/Oct/2022:06:48:09 +0200] "GET /minecraft-shirt-p-29611.html HTTP/1.0" 200 72302 "-" "Mozilla/5.0 (compatible; SemrushBot/7~bl; +http://www.semrush.com/bot.html)"
95.217.109.26 - - [12/Oct/2022:06:48:08 +0200] "GET /aromatic-burner-heart-beige-p-56896.html HTTP/1.0" 200 75790 "-" "Mozilla/5.0 (compatible; MJ12bot/v1.4.8; http://mj12bot.com/)"
95.217.109.26 - - [12/Oct/2022:06:48:13 +0200] "GET /assassins-creed-compilation-poster-p-36317.html HTTP/1.0" 301 72315 "-" "Mozilla/5.0 (compatible; MJ12bot/v1.4.8; http://mj12bot.com/)"
157.90.177.217 - - [12/Oct/2022:06:48:16 +0200] "GET /moroccan-ashtray-p-40649.html HTTP/1.0" 200 74855 "-" "Mozilla/5.0 (compatible; BLEXBot/1.0; +http://webmeup-crawler.com/)"
95.217.109.26 - - [12/Oct/2022:06:48:17 +0200] "GET /-p-36317.html HTTP/1.0" 200 72248 "-" "Mozilla/5.0 (compatible; MJ12bot/v1.4.8; http://mj12bot.com/)"
50.31.180.37 - - [12/Oct/2022:06:48:22 +0200] "GET /images/1399984260098.jpg HTTP/1.0" 200 259 "-" "Mozilla/5.0 (X11; Ubuntu; Linux x86_64; rv:72.0) Gecko/20100101 Firefox/72.0"
114.119.137.3 - - [12/Oct/2022:06:48:17 +0200] "GET /olive-kitchen-towel-p-43088.html HTTP/1.0" 200 74867 "http://www.wonder-geek.com/household-linen-c-11.html?page=19" "Mozilla/5.0 (Linux; Android 7.0;) AppleWebKit/537.36 (KHTML, like Gecko) Mobile Safari/537.36 (compatible; PetalBot;+https://webmaster.petalsearch.com/site/petalbot)"
95.217.109.26 - - [12/Oct/2022:06:48:23 +0200] "GET /assassins-creed-mouse-pad-p-30229.html HTTP/1.0" 301 72315 "-" "Mozilla/5.0 (compatible; MJ12bot/v1.4.8; http://mj12bot.com/)"
95.217.109.26 - - [12/Oct/2022:06:48:27 +0200] "GET /-p-30229.html HTTP/1.0" 200 72248 "-" "Mozilla/5.0 (compatible; MJ12bot/v1.4.8; http://mj12bot.com/)"
95.217.109.26 - - [12/Oct/2022:06:48:31 +0200] "GET /assassins-creed-mouse-pad-p-30231.html HTTP/1.0" 301 72315 "-" "Mozilla/5.0 (compatible; MJ12bot/v1.4.8; http://mj12bot.com/)"
95.217.109.26 - - [12/Oct/2022:06:48:35 +0200] "GET /-p-30231.html HTTP/1.0" 200 72248 "-" "Mozilla/5.0 (compatible; MJ12bot/v1.4.8; http://mj12bot.com/)"
157.90.177.217 - - [12/Oct/2022:06:48:34 +0200] "GET /moroccan-ashtray-p-40650.html HTTP/1.0" 200 74855 "-" "Mozilla/5.0 (compatible; BLEXBot/1.0; +http://webmeup-crawler.com/)"
95.217.109.26 - - [12/Oct/2022:06:48:40 +0200] "GET /assortment-of-flowerpots-petits-bonhommes-p-51105.html HTTP/1.0" 301 72315 "-" "Mozilla/5.0 (compatible; MJ12bot/v1.4.8; http://mj12bot.com/)"
54.36.148.182 - - [12/Oct/2022:06:48:38 +0200] "GET /africa-p-45713.html HTTP/1.0" 200 75565 "-" "Mozilla/5.0 (compatible; AhrefsBot/7.0; +http://ahrefs.com/robot/)"
185.191.171.23 - - [12/Oct/2022:06:48:21 +0200] "GET /household-linen-c-11.html?page=2 HTTP/1.0" 200 93753 "-" "Mozilla/5.0 (compatible; SemrushBot/7~bl; +http://www.semrush.com/bot.html)"
54.36.149.27 - - [12/Oct/2022:06:48:45 +0200] "GET /images/big_prod/4260082930787a.jpg HTTP/1.0" 200 269 "-" "Mozilla/5.0 (compatible; AhrefsBot/7.0; +http://ahrefs.com/robot/)"
95.217.109.26 - - [12/Oct/2022:06:48:44 +0200] "GET /-p-51105.html HTTP/1.0" 200 72248 "-" "Mozilla/5.0 (compatible; MJ12bot/v1.4.8; http://mj12bot.com/)"
95.217.109.26 - - [12/Oct/2022:06:48:48 +0200] "GET /asterix-money-box-p-28449.html HTTP/1.0" 301 74875 "-" "Mozilla/5.0 (compatible; MJ12bot/v1.4.8; http://mj12bot.com/)"
157.90.177.217 - - [12/Oct/2022:06:48:52 +0200] "GET /moroccan-ashtray-p-40669.html HTTP/1.0" 200 74855 "-" "Mozilla/5.0 (compatible; BLEXBot/1.0; +http://webmeup-crawler.com/)"
95.217.109.26 - - [12/Oct/2022:06:48:52 +0200] "GET /astrix-money-p-28449.html HTTP/1.0" 200 74796 "-" "Mozilla/5.0 (compatible; MJ12bot/v1.4.8; http://mj12bot.com/)"
95.217.109.26 - - [12/Oct/2022:06:48:59 +0200] "GET /astrix-money-p-28449.html HTTP/1.0" 200 74796 "-" "Mozilla/5.0 (compatible; MJ12bot/v1.4.8; http://mj12bot.com/)"
95.217.109.26 - - [12/Oct/2022:06:49:05 +0200] "GET /at-the-bistrot-ceramic-pitcher-p-45678.html HTTP/1.0" 301 75046 "-" "Mozilla/5.0 (compatible; MJ12bot/v1.4.8; http://mj12bot.com/)"
95.217.109.26 - - [12/Oct/2022:06:49:09 +0200] "GET /bistrot-ceramic-pitcher-p-45678.html HTTP/1.0" 200 74956 "-" "Mozilla/5.0 (compatible; MJ12bot/v1.4.8; http://mj12bot.com/)"
157.90.177.217 - - [12/Oct/2022:06:49:11 +0200] "GET /moroccan-ashtray-p-40799.html HTTP/1.0" 200 74856 "-" "Mozilla/5.0 (compatible; BLEXBot/1.0; +http://webmeup-crawler.com/)"
95.217.109.26 - - [12/Oct/2022:06:49:14 +0200] "GET /atlantic-surf-spot-wooden-wall-hook-p-40249.html HTTP/1.0" 200 72378 "-" "Mozilla/5.0 (compatible; MJ12bot/v1.4.8; http://mj12bot.com/)"
95.217.109.26 - - [12/Oct/2022:06:49:18 +0200] "GET /atlantic-surf-spot-wooden-wall-hook-p-40250.html HTTP/1.0" 200 72414 "-" "Mozilla/5.0 (compatible; MJ12bot/v1.4.8; http://mj12bot.com/)"
95.217.109.26 - - [12/Oct/2022:06:49:22 +0200] "GET /atlantique-retro-malle-48-cm-p-45882.html HTTP/1.0" 301 72424 "-" "Mozilla/5.0 (compatible; MJ12bot/v1.4.8; http://mj12bot.com/)"
185.191.171.1 - - [12/Oct/2022:06:48:56 +0200] "GET /bookend-c-13_202.html?page=2 HTTP/1.0" 200 91725 "-" "Mozilla/5.0 (compatible; SemrushBot/7~bl; +http://www.semrush.com/bot.html)"
95.217.109.26 - - [12/Oct/2022:06:49:26 +0200] "GET /atlantique-rtro-malle-p-45882.html HTTP/1.0" 200 72336 "-" "Mozilla/5.0 (compatible; MJ12bot/v1.4.8; http://mj12bot.com/)"
95.217.109.26 - - [12/Oct/2022:06:49:30 +0200] "GET /atlantique-rtro-malle-p-45882.html HTTP/1.0" 200 72336 "-" "Mozilla/5.0 (compatible; MJ12bot/v1.4.8; http://mj12bot.com/)"
157.90.177.217 - - [12/Oct/2022:06:49:30 +0200] "GET /moroccan-ashtray-p-40814.html HTTP/1.0" 200 74855 "-" "Mozilla/5.0 (compatible; BLEXBot/1.0; +http://webmeup-crawler.com/)"
95.217.109.26 - - [12/Oct/2022:06:49:34 +0200] "GET /atlas-statue-22-cm-p-40913.html HTTP/1.0" 301 75564 "-" "Mozilla/5.0 (compatible; MJ12bot/v1.4.8; http://mj12bot.com/)"
114.119.137.43 - - [12/Oct/2022:06:49:36 +0200] "GET /white-ceramic-espresso-cups-p-56935.html HTTP/1.0" 200 76727 "http://www.wonder-geek.com/breakfast-c-12_61.html?page=2" "Mozilla/5.0 (Linux; Android 7.0;) AppleWebKit/537.36 (KHTML, like Gecko) Mobile Safari/537.36 (compatible; PetalBot;+https://webmaster.petalsearch.com/site/petalbot)"
95.217.109.26 - - [12/Oct/2022:06:49:38 +0200] "GET /atlas-statue-p-40913.html HTTP/1.0" 200 75485 "-" "Mozilla/5.0 (compatible; MJ12bot/v1.4.8; http://mj12bot.com/)"
95.217.109.26 - - [12/Oct/2022:06:49:44 +0200] "GET /atlas-statue-31-cm-p-46612.html HTTP/1.0" 301 74991 "-" "Mozilla/5.0 (compatible; MJ12bot/v1.4.8; http://mj12bot.com/)"
157.90.177.217 - - [12/Oct/2022:06:49:48 +0200] "GET /moroccan-ashtray-p-40815.html HTTP/1.0" 200 74855 "-" "Mozilla/5.0 (compatible; BLEXBot/1.0; +http://webmeup-crawler.com/)"
95.217.109.26 - - [12/Oct/2022:06:49:49 +0200] "GET /atlas-statue-p-46612.html HTTP/1.0" 200 74912 "-" "Mozilla/5.0 (compatible; MJ12bot/v1.4.8; http://mj12bot.com/)"
54.36.148.38 - - [12/Oct/2022:06:49:54 +0200] "GET /viking-warrior-figurine-p-51520.html HTTP/1.0" 200 75581 "-" "Mozilla/5.0 (compatible; AhrefsBot/7.0; +http://ahrefs.com/robot/)"
95.217.109.26 - - [12/Oct/2022:06:49:54 +0200] "GET /atlas-statue-p-40913.html HTTP/1.0" 200 75485 "-" "Mozilla/5.0 (compatible; MJ12bot/v1.4.8; http://mj12bot.com/)"
54.36.148.140 - - [12/Oct/2022:06:50:02 +0200] "GET /images/big_prod/8433933222713.jpg HTTP/1.0" 200 268 "-" "Mozilla/5.0 (compatible; AhrefsBot/7.0; +http://ahrefs.com/robot/)"
95.217.109.26 - - [12/Oct/2022:06:50:00 +0200] "GET /atlas-statue-p-46612.html HTTP/1.0" 200 74912 "-" "Mozilla/5.0 (compatible; MJ12bot/v1.4.8; http://mj12bot.com/)"
157.90.177.217 - - [12/Oct/2022:06:50:05 +0200] "GET /moroccan-ashtray-p-40816.html HTTP/1.0" 200 74855 "-" "Mozilla/5.0 (compatible; BLEXBot/1.0; +http://webmeup-crawler.com/)"
95.217.109.26 - - [12/Oct/2022:06:50:07 +0200] "GET /attention-chat-bizarre-metal-plate-deco-p-45072.html HTTP/1.0" 200 74954 "-" "Mozilla/5.0 (compatible; MJ12bot/v1.4.8; http://mj12bot.com/)"
95.217.109.26 - - [12/Oct/2022:06:50:14 +0200] "GET /attention-chat-metal-plate-deco-p-45073.html HTTP/1.0" 200 74897 "-" "Mozilla/5.0 (compatible; MJ12bot/v1.4.8; http://mj12bot.com/)"
95.217.109.26 - - [12/Oct/2022:06:50:20 +0200] "GET /attention-chien-bizarre-metal-plate-deco-p-48419.html HTTP/1.0" 200 74944 "-" "Mozilla/5.0 (compatible; MJ12bot/v1.4.8; http://mj12bot.com/)"
157.90.177.217 - - [12/Oct/2022:06:50:25 +0200] "GET /moroccan-ashtray-p-52723.html HTTP/1.0" 200 75399 "-" "Mozilla/5.0 (compatible; BLEXBot/1.0; +http://webmeup-crawler.com/)"
95.217.109.26 - - [12/Oct/2022:06:50:25 +0200] "GET /au-bistrot-wine-bar-tray-41-28-cm-p-45734.html HTTP/1.0" 301 72428 "-" "Mozilla/5.0 (compatible; MJ12bot/v1.4.8; http://mj12bot.com/)"
95.217.109.26 - - [12/Oct/2022:06:50:30 +0200] "GET /bistrot-wine-tray-p-45734.html HTTP/1.0" 200 72344 "-" "Mozilla/5.0 (compatible; MJ12bot/v1.4.8; http://mj12bot.com/)"
183.71.252.125 - - [12/Oct/2022:06:50:36 +0200] "GET /images/mini_prod/524352[2].jpg HTTP/1.0" 200 265 "-" "Mozilla/5.0 (X11; Ubuntu; Linux x86_64; rv:72.0) Gecko/20100101 Firefox/72.0"
95.217.109.26 - - [12/Oct/2022:06:50:35 +0200] "GET /au-nom-des-bieres-adult-apron-p-42607.html HTTP/1.0" 301 74947 "-" "Mozilla/5.0 (compatible; MJ12bot/v1.4.8; http://mj12bot.com/)"
95.217.109.26 - - [12/Oct/2022:06:50:39 +0200] "GET /bires-adult-apron-p-42607.html HTTP/1.0" 200 74863 "-" "Mozilla/5.0 (compatible; MJ12bot/v1.4.8; http://mj12bot.com/)"
157.90.177.217 - - [12/Oct/2022:06:50:44 +0200] "GET /moroccan-ashtray-p-52724.html HTTP/1.0" 200 75399 "-" "Mozilla/5.0 (compatible; BLEXBot/1.0; +http://webmeup-crawler.com/)"
95.217.109.26 - - [12/Oct/2022:06:50:45 +0200] "GET /au-nom-des-bieres-clock-29-cm-p-45891.html HTTP/1.0" 301 72315 "-" "Mozilla/5.0 (compatible; MJ12bot/v1.4.8; http://mj12bot.com/)"
95.217.109.26 - - [12/Oct/2022:06:50:50 +0200] "GET /-p-45891.html HTTP/1.0" 200 72248 "-" "Mozilla/5.0 (compatible; MJ12bot/v1.4.8; http://mj12bot.com/)"
114.119.137.45 - - [12/Oct/2022:06:50:53 +0200] "GET /pill-lavande-p-51388.html HTTP/1.0" 200 75572 "http://www.wonder-geek.com/small-boxes-pill-c-13_150_154.html?page=1" "Mozilla/5.0 (Linux; Android 7.0;) AppleWebKit/537.36 (KHTML, like Gecko) Mobile Safari/537.36 (compatible; PetalBot;+https://webmaster.petalsearch.com/site/petalbot)"
95.217.109.26 - - [12/Oct/2022:06:50:54 +0200] "GET /audrey-hepburn-breakfast-at-tiffany-clock-p-6329.html HTTP/1.0" 301 75149 "-" "Mozilla/5.0 (compatible; MJ12bot/v1.4.8; http://mj12bot.com/)"
95.217.109.26 - - [12/Oct/2022:06:50:58 +0200] "GET /audrey-hepburn-breakfast-tiffany-clock-p-6329.html HTTP/1.0" 200 75045 "-" "Mozilla/5.0 (compatible; MJ12bot/v1.4.8; http://mj12bot.com/)"
157.90.177.217 - - [12/Oct/2022:06:51:01 +0200] "GET /moroccan-ashtray-p-52725.html HTTP/1.0" 200 75399 "-" "Mozilla/5.0 (compatible; BLEXBot/1.0; +http://webmeup-crawler.com/)"
95.217.109.26 - - [12/Oct/2022:06:51:03 +0200] "GET /audrey-hepburn-breakfast-metal-magnet-p-8194.html HTTP/1.0" 200 72422 "-" "Mozilla/5.0 (compatible; MJ12bot/v1.4.8; http://mj12bot.com/)"
95.217.109.26 - - [12/Oct/2022:06:51:07 +0200] "GET /audrey-hepburn-breakfast-tiffany-clock-p-6329.html HTTP/1.0" 200 75045 "-" "Mozilla/5.0 (compatible; MJ12bot/v1.4.8; http://mj12bot.com/)"
95.217.109.26 - - [12/Oct/2022:06:51:12 +0200] "GET /audrey-hepburn-poster-p-8451.html HTTP/1.0" 301 72312 "-" "Mozilla/5.0 (compatible; MJ12bot/v1.4.8; http://mj12bot.com/)"
95.217.109.26 - - [12/Oct/2022:06:51:16 +0200] "GET /-p-8451.html HTTP/1.0" 200 72246 "-" "Mozilla/5.0 (compatible; MJ12bot/v1.4.8; http://mj12bot.com/)"
157.90.177.217 - - [12/Oct/2022:06:51:18 +0200] "GET /moroccan-ashtray-p-52726.html HTTP/1.0" 200 75399 "-" "Mozilla/5.0 (compatible; BLEXBot/1.0; +http://webmeup-crawler.com/)"
95.217.109.26 - - [12/Oct/2022:06:51:20 +0200] "GET /audrey-hepburn-purse-p-26901.html HTTP/1.0" 301 72315 "-" "Mozilla/5.0 (compatible; MJ12bot/v1.4.8; http://mj12bot.com/)"
95.217.109.26 - - [12/Oct/2022:06:51:24 +0200] "GET /-p-26901.html HTTP/1.0" 200 72248 "-" "Mozilla/5.0 (compatible; MJ12bot/v1.4.8; http://mj12bot.com/)"
54.36.149.82 - - [12/Oct/2022:06:51:22 +0200] "GET /great-patina-orangutan-anything-statuette-p-45978.html HTTP/1.0" 200 75232 "-" "Mozilla/5.0 (compatible; AhrefsBot/7.0; +http://ahrefs.com/robot/)"
54.36.148.233 - - [12/Oct/2022:06:51:28 +0200] "GET /images/big_prod/1399986106769.jpg HTTP/1.0" 200 268 "-" "Mozilla/5.0 (compatible; AhrefsBot/7.0; +http://ahrefs.com/robot/)"
95.217.109.26 - - [12/Oct/2022:06:51:28 +0200] "GET /audrey-hepburn-wallet-p-26902.html HTTP/1.0" 301 72315 "-" "Mozilla/5.0 (compatible; MJ12bot/v1.4.8; http://mj12bot.com/)"
185.191.171.39 - - [12/Oct/2022:06:51:04 +0200] "GET /wall-sticker-c-13_187.html?page=5 HTTP/1.0" 200 96665 "-" "Mozilla/5.0 (compatible; SemrushBot/7~bl; +http://www.semrush.com/bot.html)"
95.217.109.26 - - [12/Oct/2022:06:51:32 +0200] "GET /-p-26902.html HTTP/1.0" 200 72248 "-" "Mozilla/5.0 (compatible; MJ12bot/v1.4.8; http://mj12bot.com/)"
66.249.64.242 - - [12/Oct/2022:06:51:32 +0200] "GET /laundry-baskets-p-44778.html HTTP/1.0" 200 74888 "-" "Mozilla/5.0 (compatible; Googlebot/2.1; +http://www.google.com/bot.html)"
66.249.64.242 - - [12/Oct/2022:06:51:36 +0200] "GET /images/big_prod_1/8433933194782B.jpg HTTP/1.0" 200 271 "-" "Googlebot-Image/1.0"
157.90.177.217 - - [12/Oct/2022:06:51:35 +0200] "GET /moroccan-ashtray-p-52727.html HTTP/1.0" 200 74816 "-" "Mozilla/5.0 (compatible; BLEXBot/1.0; +http://webmeup-crawler.com/)"
66.249.64.242 - - [12/Oct/2022:06:51:36 +0200] "GET /laundry-baskets-p-44778.html HTTP/1.0" 200 74888 "-" "Mozilla/5.0 (compatible; Googlebot/2.1; +http://www.google.com/bot.html)"
95.217.109.26 - - [12/Oct/2022:06:51:37 +0200] "GET /aum-and-feathers-chime-bells-p-42076.html HTTP/1.0" 301 75650 "-" "Mozilla/5.0 (compatible; MJ12bot/v1.4.8; http://mj12bot.com/)"
95.217.109.26 - - [12/Oct/2022:06:51:42 +0200] "GET /feathers-chime-bells-p-42076.html HTTP/1.0" 200 75563 "-" "Mozilla/5.0 (compatible; MJ12bot/v1.4.8; http://mj12bot.com/)"
95.217.109.26 - - [12/Oct/2022:06:51:47 +0200] "GET /aurora-gentle-and-gracious-disney-water-ball-p-29253.html HTTP/1.0" 301 72315 "-" "Mozilla/5.0 (compatible; MJ12bot/v1.4.8; http://mj12bot.com/)"
95.217.109.26 - - [12/Oct/2022:06:51:51 +0200] "GET /-p-29253.html HTTP/1.0" 200 72248 "-" "Mozilla/5.0 (compatible; MJ12bot/v1.4.8; http://mj12bot.com/)"
157.90.177.217 - - [12/Oct/2022:06:51:53 +0200] "GET /moroccan-ashtray-p-52729.html HTTP/1.0" 200 75399 "-" "Mozilla/5.0 (compatible; BLEXBot/1.0; +http://webmeup-crawler.com/)"
95.217.109.26 - - [12/Oct/2022:06:51:55 +0200] "GET /aurora-silicone-mold-pink-model-p-28235.html HTTP/1.0" 200 74995 "-" "Mozilla/5.0 (compatible; MJ12bot/v1.4.8; http://mj12bot.com/)"
185.191.171.45 - - [12/Oct/2022:06:51:59 +0200] "GET /amys-p-54232.html HTTP/1.0" 200 75588 "-" "Mozilla/5.0 (compatible; SemrushBot/7~bl; +http://www.semrush.com/bot.html)"
95.217.109.26 - - [12/Oct/2022:06:52:00 +0200] "GET /aurora-white-woodland-disney-traditions-p-47129.html HTTP/1.0" 200 76628 "-" "Mozilla/5.0 (compatible; MJ12bot/v1.4.8; http://mj12bot.com/)"
95.217.109.26 - - [12/Oct/2022:06:52:05 +0200] "GET /austin-mini-british-beat-metal-plate-p-37149.html HTTP/1.0" 200 75074 "-" "Mozilla/5.0 (compatible; MJ12bot/v1.4.8; http://mj12bot.com/)"
95.217.109.26 - - [12/Oct/2022:06:52:10 +0200] "GET /austin-mini-cooper-132-classic-p-37801.html HTTP/1.0" 301 72483 "-" "Mozilla/5.0 (compatible; MJ12bot/v1.4.8; http://mj12bot.com/)"
114.119.137.45 - - [12/Oct/2022:06:52:10 +0200] "GET /bamboo-hummingbirds-p-49515.html HTTP/1.0" 200 74931 "http://www.wonder-geek.com/pots-and-cookie-jars-c-12_250.html?page=3" "Mozilla/5.0 (Linux; Android 7.0;) AppleWebKit/537.36 (KHTML, like Gecko) Mobile Safari/537.36 (compatible; PetalBot;+https://webmaster.petalsearch.com/site/petalbot)"
157.90.177.217 - - [12/Oct/2022:06:52:11 +0200] "GET /moroccan-ashtray-p-53142.html HTTP/1.0" 200 74920 "-" "Mozilla/5.0 (compatible; BLEXBot/1.0; +http://webmeup-crawler.com/)"
185.191.171.43 - - [12/Oct/2022:06:52:11 +0200] "GET /jazzy-candy-cloud-keychain-p-49760.html HTTP/1.0" 200 74917 "-" "Mozilla/5.0 (compatible; SemrushBot/7~bl; +http://www.semrush.com/bot.html)"
95.217.109.26 - - [12/Oct/2022:06:52:15 +0200] "GET /austin-mini-cooper-classic-p-37801.html HTTP/1.0" 200 72390 "-" "Mozilla/5.0 (compatible; MJ12bot/v1.4.8; http://mj12bot.com/)"
95.217.109.26 - - [12/Oct/2022:06:52:19 +0200] "GET /austin-mini-cooper-box-of-mini-magnets-enamelled-p-38439.html HTTP/1.0" 301 75386 "-" "Mozilla/5.0 (compatible; MJ12bot/v1.4.8; http://mj12bot.com/)"
95.217.109.26 - - [12/Oct/2022:06:52:23 +0200] "GET /austin-mini-cooper-mini-magnets-enamelled-p-38439.html HTTP/1.0" 200 75278 "-" "Mozilla/5.0 (compatible; MJ12bot/v1.4.8; http://mj12bot.com/)"
95.217.109.26 - - [12/Oct/2022:06:52:28 +0200] "GET /austin-mini-cooper-classic-p-37801.html HTTP/1.0" 200 72390 "-" "Mozilla/5.0 (compatible; MJ12bot/v1.4.8; http://mj12bot.com/)"
157.90.177.217 - - [12/Oct/2022:06:52:30 +0200] "GET /moroccan-ashtray-p-53146.html HTTP/1.0" 200 74817 "-" "Mozilla/5.0 (compatible; BLEXBot/1.0; +http://webmeup-crawler.com/)"
95.217.109.26 - - [12/Oct/2022:06:52:33 +0200] "GET /austin-mini-cooper-large-metal-plate-deco-p-37104.html HTTP/1.0" 200 75023 "-" "Mozilla/5.0 (compatible; MJ12bot/v1.4.8; http://mj12bot.com/)"
95.217.109.26 - - [12/Oct/2022:06:52:38 +0200] "GET /austin-mini-cooper-large-metal-plate-deco-p-37105.html HTTP/1.0" 200 75023 "-" "Mozilla/5.0 (compatible; MJ12bot/v1.4.8; http://mj12bot.com/)"
185.191.171.12 - - [12/Oct/2022:06:52:40 +0200] "GET /support-metal-bottle-saxo-p-44475.html HTTP/1.0" 200 74955 "-" "Mozilla/5.0 (compatible; SemrushBot/7~bl; +http://www.semrush.com/bot.html)"
95.217.109.26 - - [12/Oct/2022:06:52:43 +0200] "GET /austin-mini-cooper-mini-magnets-enamelled-p-38439.html HTTP/1.0" 200 75278 "-" "Mozilla/5.0 (compatible; MJ12bot/v1.4.8; http://mj12bot.com/)"
54.36.148.201 - - [12/Oct/2022:06:52:44 +0200] "GET /statuette-yoga-p-53031.html HTTP/1.0" 200 74896 "-" "Mozilla/5.0 (compatible; AhrefsBot/7.0; +http://ahrefs.com/robot/)"
185.191.171.24 - - [12/Oct/2022:06:52:45 +0200] "GET /kimmidoll-keyring-kazuko-p-42468.html HTTP/1.0" 200 72320 "-" "Mozilla/5.0 (compatible; SemrushBot/7~bl; +http://www.semrush.com/bot.html)"
