135.181.180.59 - - [12/Oct/2022:05:46:24 +0200] "GET /batman-pairs-of-socks-size-31-34-p-25652.html HTTP/1.0" 301 72315 "-" "Mozilla/5.0 (compatible; MJ12bot/v1.4.8; http://mj12bot.com/)"
135.181.180.59 - - [12/Oct/2022:05:46:26 +0200] "GET /-p-25652.html HTTP/1.0" 200 72248 "-" "Mozilla/5.0 (compatible; MJ12bot/v1.4.8; http://mj12bot.com/)"
185.191.171.37 - - [12/Oct/2022:05:46:28 +0200] "GET /keyrings-c-31_52.html?page=10 HTTP/1.0" 200 95840 "-" "Mozilla/5.0 (compatible; SemrushBot/7~bl; +http://www.semrush.com/bot.html)"
135.181.180.59 - - [12/Oct/2022:05:46:30 +0200] "GET /batman-pairs-of-socks-size-31-34-p-25653.html HTTP/1.0" 301 72315 "-" "Mozilla/5.0 (compatible; MJ12bot/v1.4.8; http://mj12bot.com/)"
135.181.180.59 - - [12/Oct/2022:05:46:33 +0200] "GET /-p-25653.html HTTP/1.0" 200 72248 "-" "Mozilla/5.0 (compatible; MJ12bot/v1.4.8; http://mj12bot.com/)"
157.90.177.217 - - [12/Oct/2022:05:46:34 +0200] "GET /metal-rests-flat-p-43894.html HTTP/1.0" 200 74841 "-" "Mozilla/5.0 (compatible; BLEXBot/1.0; +http://webmeup-crawler.com/)"
135.181.180.59 - - [12/Oct/2022:05:46:36 +0200] "GET /batman-pairs-of-socks-size-31-35-p-25654.html HTTP/1.0" 301 72315 "-" "Mozilla/5.0 (compatible; MJ12bot/v1.4.8; http://mj12bot.com/)"
135.181.180.59 - - [12/Oct/2022:05:46:39 +0200] "GET /-p-25654.html HTTP/1.0" 200 72248 "-" "Mozilla/5.0 (compatible; MJ12bot/v1.4.8; http://mj12bot.com/)"
135.181.180.59 - - [12/Oct/2022:05:46:42 +0200] "GET /batman-pairs-of-socks-size-31-35-p-25655.html HTTP/1.0" 301 72315 "-" "Mozilla/5.0 (compatible; MJ12bot/v1.4.8; http://mj12bot.com/)"
135.181.180.59 - - [12/Oct/2022:05:46:45 +0200] "GET /-p-25655.html HTTP/1.0" 200 72248 "-" "Mozilla/5.0 (compatible; MJ12bot/v1.4.8; http://mj12bot.com/)"
135.181.180.59 - - [12/Oct/2022:05:46:48 +0200] "GET /batman-pairs-of-socks-size-35-38-p-25648.html HTTP/1.0" 301 72315 "-" "Mozilla/5.0 (compatible; MJ12bot/v1.4.8; http://mj12bot.com/)"
157.90.177.217 - - [12/Oct/2022:05:46:49 +0200] "GET /metal-retro-calendar-decorated-with-bird-p-40400.html HTTP/1.0" 200 75069 "-" "Mozilla/5.0 (compatible; BLEXBot/1.0; +http://webmeup-crawler.com/)"
185.191.171.39 - - [12/Oct/2022:05:46:50 +0200] "GET /gray-metal-retro-clock-p-58814.html?action=add_product HTTP/1.0" 302 476 "-" "Mozilla/5.0 (compatible; SemrushBot/7~bl; +http://www.semrush.com/bot.html)"
135.181.180.59 - - [12/Oct/2022:05:46:50 +0200] "GET /-p-25648.html HTTP/1.0" 200 72248 "-" "Mozilla/5.0 (compatible; MJ12bot/v1.4.8; http://mj12bot.com/)"
135.181.180.59 - - [12/Oct/2022:05:46:54 +0200] "GET /batman-pairs-of-socks-size-35-38-p-25649.html HTTP/1.0" 301 72315 "-" "Mozilla/5.0 (compatible; MJ12bot/v1.4.8; http://mj12bot.com/)"
135.181.180.59 - - [12/Oct/2022:05:46:57 +0200] "GET /-p-25649.html HTTP/1.0" 200 72248 "-" "Mozilla/5.0 (compatible; MJ12bot/v1.4.8; http://mj12bot.com/)"
135.181.180.59 - - [12/Oct/2022:05:47:00 +0200] "GET /batman-pairs-of-socks-size-35-38-p-25650.html HTTP/1.0" 301 72315 "-" "Mozilla/5.0 (compatible; MJ12bot/v1.4.8; http://mj12bot.com/)"
135.181.180.59 - - [12/Oct/2022:05:47:03 +0200] "GET /-p-25650.html HTTP/1.0" 200 72248 "-" "Mozilla/5.0 (compatible; MJ12bot/v1.4.8; http://mj12bot.com/)"
54.36.149.34 - - [12/Oct/2022:05:47:02 +0200] "GET /home-decoration-c-13.html?page=151 HTTP/1.0" 200 94205 "-" "Mozilla/5.0 (compatible; AhrefsBot/7.0; +http://ahrefs.com/robot/)"
157.90.177.217 - - [12/Oct/2022:05:47:03 +0200] "GET /metal-retro-train-clock-p-58714.html HTTP/1.0" 200 75718 "-" "Mozilla/5.0 (compatible; BLEXBot/1.0; +http://webmeup-crawler.com/)"
135.181.180.59 - - [12/Oct/2022:05:47:06 +0200] "GET /batman-pairs-of-socks-size-35-38-p-25651.html HTTP/1.0" 301 72315 "-" "Mozilla/5.0 (compatible; MJ12bot/v1.4.8; http://mj12bot.com/)"
135.181.180.59 - - [12/Oct/2022:05:47:09 +0200] "GET /-p-25651.html HTTP/1.0" 200 72248 "-" "Mozilla/5.0 (compatible; MJ12bot/v1.4.8; http://mj12bot.com/)"
163.220.128.41 - - [12/Oct/2022:05:47:10 +0200] "GET /images/mini_prod/5018997621721.jpg HTTP/1.0" 200 269 "-" "Mozilla/5.0 (X11; Ubuntu; Linux x86_64; rv:72.0) Gecko/20100101 Firefox/72.0"
66.249.64.244 - - [12/Oct/2022:05:47:09 +0200] "GET /coasters-silicone-p-38020.html HTTP/1.0" 200 74880 "-" "Mozilla/5.0 (compatible; Googlebot/2.1; +http://www.google.com/bot.html)"
54.36.148.108 - - [12/Oct/2022:05:47:12 +0200] "GET /images/mini_prod/1399984258439.jpg HTTP/1.0" 200 269 "-" "Mozilla/5.0 (compatible; AhrefsBot/7.0; +http://ahrefs.com/robot/)"
54.36.149.51 - - [12/Oct/2022:05:47:12 +0200] "GET /images/mini_prod/1399984251843.jpg HTTP/1.0" 200 269 "-" "Mozilla/5.0 (compatible; AhrefsBot/7.0; +http://ahrefs.com/robot/)"
54.36.148.243 - - [12/Oct/2022:05:47:12 +0200] "GET /images/mini_prod/1384010192351.jpg HTTP/1.0" 200 269 "-" "Mozilla/5.0 (compatible; AhrefsBot/7.0; +http://ahrefs.com/robot/)"
54.36.148.94 - - [12/Oct/2022:05:47:12 +0200] "GET /images/mini_prod/1384010192382.jpg HTTP/1.0" 200 269 "-" "Mozilla/5.0 (compatible; AhrefsBot/7.0; +http://ahrefs.com/robot/)"
54.36.148.9 - - [12/Oct/2022:05:47:13 +0200] "GET /images/mini_prod/1384010192344.jpg HTTP/1.0" 200 269 "-" "Mozilla/5.0 (compatible; AhrefsBot/7.0; +http://ahrefs.com/robot/)"
135.181.180.59 - - [12/Oct/2022:05:47:11 +0200] "GET /batman-red-shirt-size-years-p-23577.html HTTP/1.0" 301 72315 "-" "Mozilla/5.0 (compatible; MJ12bot/v1.4.8; http://mj12bot.com/)"
54.36.148.87 - - [12/Oct/2022:05:47:13 +0200] "GET /images/mini_prod/1399984258408.jpg HTTP/1.0" 200 269 "-" "Mozilla/5.0 (compatible; AhrefsBot/7.0; +http://ahrefs.com/robot/)"
54.36.149.77 - - [12/Oct/2022:05:47:13 +0200] "GET /images/mini_prod/1384010192405.jpg HTTP/1.0" 200 269 "-" "Mozilla/5.0 (compatible; AhrefsBot/7.0; +http://ahrefs.com/robot/)"
54.36.149.43 - - [12/Oct/2022:05:47:13 +0200] "GET /images/mini_prod/1399984258422.jpg HTTP/1.0" 200 269 "-" "Mozilla/5.0 (compatible; AhrefsBot/7.0; +http://ahrefs.com/robot/)"
54.36.148.26 - - [12/Oct/2022:05:47:14 +0200] "GET /images/mini_prod/1384010191682.jpg HTTP/1.0" 200 269 "-" "Mozilla/5.0 (compatible; AhrefsBot/7.0; +http://ahrefs.com/robot/)"
54.36.148.88 - - [12/Oct/2022:05:47:14 +0200] "GET /images/mini_prod/1384010192313.jpg HTTP/1.0" 200 269 "-" "Mozilla/5.0 (compatible; AhrefsBot/7.0; +http://ahrefs.com/robot/)"
54.36.148.51 - - [12/Oct/2022:05:47:14 +0200] "GET /images/mini_prod/1384010192399.jpg HTTP/1.0" 200 269 "-" "Mozilla/5.0 (compatible; AhrefsBot/7.0; +http://ahrefs.com/robot/)"
54.36.148.32 - - [12/Oct/2022:05:47:14 +0200] "GET /images/mini_prod/3520071752716.jpg HTTP/1.0" 200 269 "-" "Mozilla/5.0 (compatible; AhrefsBot/7.0; +http://ahrefs.com/robot/)"
54.36.148.130 - - [12/Oct/2022:05:47:14 +0200] "GET /images/mini_prod/1384010192436.jpg HTTP/1.0" 200 269 "-" "Mozilla/5.0 (compatible; AhrefsBot/7.0; +http://ahrefs.com/robot/)"
54.36.149.85 - - [12/Oct/2022:05:47:15 +0200] "GET /images/mini_prod/1384010192429.jpg HTTP/1.0" 200 269 "-" "Mozilla/5.0 (compatible; AhrefsBot/7.0; +http://ahrefs.com/robot/)"
54.36.148.4 - - [12/Oct/2022:05:47:15 +0200] "GET /images/mini_prod/1384010192412.jpg HTTP/1.0" 200 269 "-" "Mozilla/5.0 (compatible; AhrefsBot/7.0; +http://ahrefs.com/robot/)"
54.36.148.248 - - [12/Oct/2022:05:47:15 +0200] "GET /images/mini_prod/1384010192375.jpg HTTP/1.0" 200 269 "-" "Mozilla/5.0 (compatible; AhrefsBot/7.0; +http://ahrefs.com/robot/)"
54.36.148.122 - - [12/Oct/2022:05:47:15 +0200] "GET /images/mini_prod/1384010192368.jpg HTTP/1.0" 200 269 "-" "Mozilla/5.0 (compatible; AhrefsBot/7.0; +http://ahrefs.com/robot/)"
54.36.148.169 - - [12/Oct/2022:05:47:15 +0200] "GET /images/mini_prod/1399984251799.jpg HTTP/1.0" 200 269 "-" "Mozilla/5.0 (compatible; AhrefsBot/7.0; +http://ahrefs.com/robot/)"
54.36.148.231 - - [12/Oct/2022:05:47:15 +0200] "GET /images/mini_prod/1384010192337.jpg HTTP/1.0" 200 269 "-" "Mozilla/5.0 (compatible; AhrefsBot/7.0; +http://ahrefs.com/robot/)"
135.181.180.59 - - [12/Oct/2022:05:47:14 +0200] "GET /-p-23577.html HTTP/1.0" 200 72248 "-" "Mozilla/5.0 (compatible; MJ12bot/v1.4.8; http://mj12bot.com/)"
135.181.180.59 - - [12/Oct/2022:05:47:17 +0200] "GET /baymax-figure-25-cm-p-35296.html HTTP/1.0" 301 72315 "-" "Mozilla/5.0 (compatible; MJ12bot/v1.4.8; http://mj12bot.com/)"
157.90.177.217 - - [12/Oct/2022:05:47:19 +0200] "GET /metal-structure-hang-fairy-p-44241.html HTTP/1.0" 200 75076 "-" "Mozilla/5.0 (compatible; BLEXBot/1.0; +http://webmeup-crawler.com/)"
135.181.180.59 - - [12/Oct/2022:05:47:20 +0200] "GET /-p-35296.html HTTP/1.0" 200 72248 "-" "Mozilla/5.0 (compatible; MJ12bot/v1.4.8; http://mj12bot.com/)"
135.181.180.59 - - [12/Oct/2022:05:47:23 +0200] "GET /bcassine-cutting-board-p-33317.html HTTP/1.0" 301 72315 "-" "Mozilla/5.0 (compatible; MJ12bot/v1.4.8; http://mj12bot.com/)"
135.181.180.59 - - [12/Oct/2022:05:47:26 +0200] "GET /-p-33317.html HTTP/1.0" 200 72248 "-" "Mozilla/5.0 (compatible; MJ12bot/v1.4.8; http://mj12bot.com/)"
135.181.180.59 - - [12/Oct/2022:05:47:29 +0200] "GET /bcassine-money-p-15682.html HTTP/1.0" 200 72304 "-" "Mozilla/5.0 (compatible; MJ12bot/v1.4.8; http://mj12bot.com/)"
135.181.180.59 - - [12/Oct/2022:05:47:32 +0200] "GET /bear-mini-p-45619.html HTTP/1.0" 200 72296 "-" "Mozilla/5.0 (compatible; MJ12bot/v1.4.8; http://mj12bot.com/)"
157.90.177.217 - - [12/Oct/2022:05:47:33 +0200] "GET /metal-structure-hang-fairy-p-46790.html HTTP/1.0" 200 75041 "-" "Mozilla/5.0 (compatible; BLEXBot/1.0; +http://webmeup-crawler.com/)"
135.181.180.59 - - [12/Oct/2022:05:47:34 +0200] "GET /bear-on-ice-mini-mug-p-45619.html HTTP/1.0" 301 72372 "-" "Mozilla/5.0 (compatible; MJ12bot/v1.4.8; http://mj12bot.com/)"
135.181.180.59 - - [12/Oct/2022:05:47:38 +0200] "GET /bear-mini-p-45619.html HTTP/1.0" 200 72296 "-" "Mozilla/5.0 (compatible; MJ12bot/v1.4.8; http://mj12bot.com/)"
135.181.180.59 - - [12/Oct/2022:05:47:41 +0200] "GET /bear-on-ice-potholder-and-glove-set-p-45530.html HTTP/1.0" 301 72315 "-" "Mozilla/5.0 (compatible; MJ12bot/v1.4.8; http://mj12bot.com/)"
135.181.180.59 - - [12/Oct/2022:05:47:44 +0200] "GET /-p-45530.html HTTP/1.0" 200 72248 "-" "Mozilla/5.0 (compatible; MJ12bot/v1.4.8; http://mj12bot.com/)"
135.181.180.59 - - [12/Oct/2022:05:47:47 +0200] "GET /bear-on-ice-soup-bowl-with-spoon-p-45601.html HTTP/1.0" 301 72315 "-" "Mozilla/5.0 (compatible; MJ12bot/v1.4.8; http://mj12bot.com/)"
157.90.177.217 - - [12/Oct/2022:05:47:48 +0200] "GET /metal-transistor-clock-p-52712.html HTTP/1.0" 200 74983 "-" "Mozilla/5.0 (compatible; BLEXBot/1.0; +http://webmeup-crawler.com/)"
135.181.180.59 - - [12/Oct/2022:05:47:50 +0200] "GET /-p-45601.html HTTP/1.0" 200 72248 "-" "Mozilla/5.0 (compatible; MJ12bot/v1.4.8; http://mj12bot.com/)"
135.181.180.59 - - [12/Oct/2022:05:47:54 +0200] "GET /bear-potholder-glove-p-45530.html HTTP/1.0" 301 72315 "-" "Mozilla/5.0 (compatible; MJ12bot/v1.4.8; http://mj12bot.com/)"
135.181.180.59 - - [12/Oct/2022:05:47:57 +0200] "GET /-p-45530.html HTTP/1.0" 200 72248 "-" "Mozilla/5.0 (compatible; MJ12bot/v1.4.8; http://mj12bot.com/)"
135.181.180.59 - - [12/Oct/2022:05:48:00 +0200] "GET /bear-soup-bowl-with-spoon-p-45601.html HTTP/1.0" 301 72315 "-" "Mozilla/5.0 (compatible; MJ12bot/v1.4.8; http://mj12bot.com/)"
135.181.180.59 - - [12/Oct/2022:05:48:02 +0200] "GET /-p-45601.html HTTP/1.0" 200 72248 "-" "Mozilla/5.0 (compatible; MJ12bot/v1.4.8; http://mj12bot.com/)"
157.90.177.217 - - [12/Oct/2022:05:48:04 +0200] "GET /metal-tray-p-42356.html HTTP/1.0" 200 74900 "-" "Mozilla/5.0 (compatible; BLEXBot/1.0; +http://webmeup-crawler.com/)"
135.181.180.59 - - [12/Oct/2022:05:48:05 +0200] "GET /bear-tray-on-ice-skate-p-45564.html HTTP/1.0" 301 72417 "-" "Mozilla/5.0 (compatible; MJ12bot/v1.4.8; http://mj12bot.com/)"
135.181.180.59 - - [12/Oct/2022:05:48:08 +0200] "GET /bear-tray-skate-p-45564.html HTTP/1.0" 200 72335 "-" "Mozilla/5.0 (compatible; MJ12bot/v1.4.8; http://mj12bot.com/)"
135.181.180.59 - - [12/Oct/2022:05:48:11 +0200] "GET /bear-tray-skate-p-45564.html HTTP/1.0" 200 72335 "-" "Mozilla/5.0 (compatible; MJ12bot/v1.4.8; http://mj12bot.com/)"
135.181.180.59 - - [12/Oct/2022:05:48:14 +0200] "GET /beast-figure-p-2842.html HTTP/1.0" 301 72312 "-" "Mozilla/5.0 (compatible; MJ12bot/v1.4.8; http://mj12bot.com/)"
135.181.180.59 - - [12/Oct/2022:05:48:17 +0200] "GET /-p-2842.html HTTP/1.0" 200 72246 "-" "Mozilla/5.0 (compatible; MJ12bot/v1.4.8; http://mj12bot.com/)"
157.90.177.217 - - [12/Oct/2022:05:48:18 +0200] "GET /metal-tray-p-57356.html HTTP/1.0" 200 75547 "-" "Mozilla/5.0 (compatible; BLEXBot/1.0; +http://webmeup-crawler.com/)"
135.181.180.59 - - [12/Oct/2022:05:48:19 +0200] "GET /beatles-mug-p-29681.html HTTP/1.0" 301 74870 "-" "Mozilla/5.0 (compatible; MJ12bot/v1.4.8; http://mj12bot.com/)"
135.181.180.59 - - [12/Oct/2022:05:48:22 +0200] "GET /beatles-p-29681.html HTTP/1.0" 200 74796 "-" "Mozilla/5.0 (compatible; MJ12bot/v1.4.8; http://mj12bot.com/)"
82.156.32.32 - - [12/Oct/2022:05:48:25 +0200] "GET /images/mini_prod/3662468005507.jpg HTTP/1.0" 200 269 "-" "python-requests/2.27.1"
54.36.148.144 - - [12/Oct/2022:05:48:23 +0200] "GET /blossoms-watering-pendulum-clock-p-52389.html HTTP/1.0" 200 75742 "-" "Mozilla/5.0 (compatible; AhrefsBot/7.0; +http://ahrefs.com/robot/)"
114.119.137.45 - - [12/Oct/2022:05:48:24 +0200] "GET /resin-decoration-butterfly-p-56203.html HTTP/1.0" 200 72358 "http://www.wonder-geek.com/home-decoration-c-13.html?page=207" "Mozilla/5.0 (Linux; Android 7.0;) AppleWebKit/537.36 (KHTML, like Gecko) Mobile Safari/537.36 (compatible; PetalBot;+https://webmaster.petalsearch.com/site/petalbot)"
54.36.148.34 - - [12/Oct/2022:05:48:27 +0200] "GET /images/big_prod_1/3453131152440b.jpg HTTP/1.0" 200 271 "-" "Mozilla/5.0 (compatible; AhrefsBot/7.0; +http://ahrefs.com/robot/)"
135.181.180.59 - - [12/Oct/2022:05:48:25 +0200] "GET /beatles-mug-p-29682.html HTTP/1.0" 301 74821 "-" "Mozilla/5.0 (compatible; MJ12bot/v1.4.8; http://mj12bot.com/)"
135.181.180.59 - - [12/Oct/2022:05:48:29 +0200] "GET /beatles-p-29682.html HTTP/1.0" 200 74747 "-" "Mozilla/5.0 (compatible; MJ12bot/v1.4.8; http://mj12bot.com/)"
135.181.180.59 - - [12/Oct/2022:05:48:32 +0200] "GET /beatles-mug-p-29683.html HTTP/1.0" 301 72315 "-" "Mozilla/5.0 (compatible; MJ12bot/v1.4.8; http://mj12bot.com/)"
157.90.177.217 - - [12/Oct/2022:05:48:32 +0200] "GET /metal-wall-hook-wines-p-46796.html HTTP/1.0" 200 75740 "-" "Mozilla/5.0 (compatible; BLEXBot/1.0; +http://webmeup-crawler.com/)"
135.181.180.59 - - [12/Oct/2022:05:48:34 +0200] "GET /-p-29683.html HTTP/1.0" 200 72248 "-" "Mozilla/5.0 (compatible; MJ12bot/v1.4.8; http://mj12bot.com/)"
135.181.180.59 - - [12/Oct/2022:05:48:37 +0200] "GET /beatles-olympia-bowling-bag-p-5578.html HTTP/1.0" 301 72312 "-" "Mozilla/5.0 (compatible; MJ12bot/v1.4.8; http://mj12bot.com/)"
135.181.180.59 - - [12/Oct/2022:05:48:40 +0200] "GET /-p-5578.html HTTP/1.0" 200 72246 "-" "Mozilla/5.0 (compatible; MJ12bot/v1.4.8; http://mj12bot.com/)"
135.181.180.59 - - [12/Oct/2022:05:48:43 +0200] "GET /beatles-olympia-bowling-p-5578.html HTTP/1.0" 301 72312 "-" "Mozilla/5.0 (compatible; MJ12bot/v1.4.8; http://mj12bot.com/)"
135.181.180.59 - - [12/Oct/2022:05:48:46 +0200] "GET /-p-5578.html HTTP/1.0" 200 72246 "-" "Mozilla/5.0 (compatible; MJ12bot/v1.4.8; http://mj12bot.com/)"
157.90.177.217 - - [12/Oct/2022:05:48:47 +0200] "GET /metal-wood-retro-lamp-p-55116.html HTTP/1.0" 200 76049 "-" "Mozilla/5.0 (compatible; BLEXBot/1.0; +http://webmeup-crawler.com/)"
135.181.180.59 - - [12/Oct/2022:05:48:48 +0200] "GET /beatles-olympia-wallet-p-5582.html HTTP/1.0" 301 72312 "-" "Mozilla/5.0 (compatible; MJ12bot/v1.4.8; http://mj12bot.com/)"
135.181.180.59 - - [12/Oct/2022:05:48:52 +0200] "GET /-p-5582.html HTTP/1.0" 200 72246 "-" "Mozilla/5.0 (compatible; MJ12bot/v1.4.8; http://mj12bot.com/)"
135.181.180.59 - - [12/Oct/2022:05:48:55 +0200] "GET /beatles-p-29681.html HTTP/1.0" 200 74796 "-" "Mozilla/5.0 (compatible; MJ12bot/v1.4.8; http://mj12bot.com/)"
135.181.180.59 - - [12/Oct/2022:05:48:58 +0200] "GET /beatles-p-29682.html HTTP/1.0" 200 74747 "-" "Mozilla/5.0 (compatible; MJ12bot/v1.4.8; http://mj12bot.com/)"
185.191.171.6 - - [12/Oct/2022:05:49:00 +0200] "GET /beyblade-blue-swimsuit-p-30445.html HTTP/1.0" 200 76045 "-" "Mozilla/5.0 (compatible; SemrushBot/7~bl; +http://www.semrush.com/bot.html)"
135.181.180.59 - - [12/Oct/2022:05:49:02 +0200] "GET /beatles-p-29683.html HTTP/1.0" 301 72315 "-" "Mozilla/5.0 (compatible; MJ12bot/v1.4.8; http://mj12bot.com/)"
157.90.177.217 - - [12/Oct/2022:05:49:05 +0200] "GET /metal-wood-retro-lamp-p-55117.html HTTP/1.0" 200 76061 "-" "Mozilla/5.0 (compatible; BLEXBot/1.0; +http://webmeup-crawler.com/)"
135.181.180.59 - - [12/Oct/2022:05:49:06 +0200] "GET /-p-29683.html HTTP/1.0" 200 72248 "-" "Mozilla/5.0 (compatible; MJ12bot/v1.4.8; http://mj12bot.com/)"
135.181.180.59 - - [12/Oct/2022:05:49:10 +0200] "GET /beatles-paris-phone-cover-for-iphone-and-p-14159.html HTTP/1.0" 301 75947 "-" "Mozilla/5.0 (compatible; MJ12bot/v1.4.8; http://mj12bot.com/)"
135.181.180.59 - - [12/Oct/2022:05:49:12 +0200] "GET /beatles-paris-phone-cover-iphone-p-14159.html HTTP/1.0" 200 75848 "-" "Mozilla/5.0 (compatible; MJ12bot/v1.4.8; http://mj12bot.com/)"
135.181.180.59 - - [12/Oct/2022:05:49:15 +0200] "GET /beatles-paris-phone-cover-iphone-p-14159.html HTTP/1.0" 200 75848 "-" "Mozilla/5.0 (compatible; MJ12bot/v1.4.8; http://mj12bot.com/)"
135.181.180.59 - - [12/Oct/2022:05:49:19 +0200] "GET /beatles-quadriptych-60-60-cm-p-35718.html HTTP/1.0" 301 72453 "-" "Mozilla/5.0 (compatible; MJ12bot/v1.4.8; http://mj12bot.com/)"
157.90.177.217 - - [12/Oct/2022:05:49:20 +0200] "GET /mexican-food-p-19041.html HTTP/1.0" 200 75393 "-" "Mozilla/5.0 (compatible; BLEXBot/1.0; +http://webmeup-crawler.com/)"
135.181.180.59 - - [12/Oct/2022:05:49:21 +0200] "GET /beatles-quadriptych-p-35718.html HTTP/1.0" 200 72367 "-" "Mozilla/5.0 (compatible; MJ12bot/v1.4.8; http://mj12bot.com/)"
185.191.171.26 - - [12/Oct/2022:05:49:22 +0200] "GET /pencil-case-c-31_75.html HTTP/1.0" 200 96350 "-" "Mozilla/5.0 (compatible; SemrushBot/7~bl; +http://www.semrush.com/bot.html)"
135.181.180.59 - - [12/Oct/2022:05:49:25 +0200] "GET /beatles-quadriptych-p-35718.html HTTP/1.0" 200 72367 "-" "Mozilla/5.0 (compatible; MJ12bot/v1.4.8; http://mj12bot.com/)"
135.181.180.59 - - [12/Oct/2022:05:49:28 +0200] "GET /beautiful-babushka-by-kimmidoll-emerald-green-figurine-p-33247.html HTTP/1.0" 301 72621 "-" "Mozilla/5.0 (compatible; MJ12bot/v1.4.8; http://mj12bot.com/)"
135.181.180.59 - - [12/Oct/2022:05:49:31 +0200] "GET /beautiful-babushka-kimmidoll-emerald-green-figurine-p-33247.html HTTP/1.0" 200 72503 "-" "Mozilla/5.0 (compatible; MJ12bot/v1.4.8; http://mj12bot.com/)"
135.181.180.59 - - [12/Oct/2022:05:49:33 +0200] "GET /beautiful-babushka-by-kimmidoll-iridescent-green-figurine-p-33243.html HTTP/1.0" 301 72639 "-" "Mozilla/5.0 (compatible; MJ12bot/v1.4.8; http://mj12bot.com/)"
157.90.177.217 - - [12/Oct/2022:05:49:35 +0200] "GET /mexico-collectable-figurine-family-p-57423.html HTTP/1.0" 200 77155 "-" "Mozilla/5.0 (compatible; BLEXBot/1.0; +http://webmeup-crawler.com/)"
54.36.148.148 - - [12/Oct/2022:05:49:35 +0200] "GET /ginkgo-p-55191.html HTTP/1.0" 200 75609 "-" "Mozilla/5.0 (compatible; AhrefsBot/7.0; +http://ahrefs.com/robot/)"
135.181.180.59 - - [12/Oct/2022:05:49:36 +0200] "GET /beautiful-babushka-kimmidoll-iridescent-green-figurine-p-33243.html HTTP/1.0" 200 72518 "-" "Mozilla/5.0 (compatible; MJ12bot/v1.4.8; http://mj12bot.com/)"
54.36.149.10 - - [12/Oct/2022:05:49:38 +0200] "GET /images/big_prod/4260082936833C.jpg HTTP/1.0" 200 269 "-" "Mozilla/5.0 (compatible; AhrefsBot/7.0; +http://ahrefs.com/robot/)"
135.181.180.59 - - [12/Oct/2022:05:49:39 +0200] "GET /beautiful-babushka-by-kimmidoll-reddish-orange-figurine-p-33245.html HTTP/1.0" 301 72315 "-" "Mozilla/5.0 (compatible; MJ12bot/v1.4.8; http://mj12bot.com/)"
135.181.180.59 - - [12/Oct/2022:05:49:42 +0200] "GET /-p-33245.html HTTP/1.0" 200 72248 "-" "Mozilla/5.0 (compatible; MJ12bot/v1.4.8; http://mj12bot.com/)"
135.181.180.59 - - [12/Oct/2022:05:49:45 +0200] "GET /beautiful-babushka-by-kimmidoll-yellow-decorative-figurine-p-33240.html HTTP/1.0" 301 72645 "-" "Mozilla/5.0 (compatible; MJ12bot/v1.4.8; http://mj12bot.com/)"
114.119.137.45 - - [12/Oct/2022:05:49:46 +0200] "GET /tinker-bell-figurine-by-miss-mindy-p-41980.html HTTP/1.0" 301 75834 "http://www.wonder-geek.com/home-and-decoration-c-13.html?page=251" "Mozilla/5.0 (Linux; Android 7.0;) AppleWebKit/537.36 (KHTML, like Gecko) Mobile Safari/537.36 (compatible; PetalBot;+https://webmaster.petalsearch.com/site/petalbot)"
135.181.180.59 - - [12/Oct/2022:05:49:48 +0200] "GET /beautiful-babushka-kimmidoll-yellow-decorative-figurine-p-33240.html HTTP/1.0" 200 72523 "-" "Mozilla/5.0 (compatible; MJ12bot/v1.4.8; http://mj12bot.com/)"
114.119.137.45 - - [12/Oct/2022:05:49:48 +0200] "GET /tinker-bell-figurine-miss-mindy-p-41980.html HTTP/1.0" 200 75736 "http://www.wonder-geek.com/home-and-decoration-c-13.html?page=251" "Mozilla/5.0 (Linux; Android 7.0;) AppleWebKit/537.36 (KHTML, like Gecko) Mobile Safari/537.36 (compatible; PetalBot;+https://webmaster.petalsearch.com/site/petalbot)"
157.90.177.217 - - [12/Oct/2022:05:49:49 +0200] "GET /mexico-gift-family-p-57398.html HTTP/1.0" 200 76594 "-" "Mozilla/5.0 (compatible; BLEXBot/1.0; +http://webmeup-crawler.com/)"
135.181.180.59 - - [12/Oct/2022:05:49:50 +0200] "GET /beautiful-babushka-kimmidoll-emerald-green-figurine-p-33247.html HTTP/1.0" 200 72503 "-" "Mozilla/5.0 (compatible; MJ12bot/v1.4.8; http://mj12bot.com/)"
135.181.180.59 - - [12/Oct/2022:05:49:53 +0200] "GET /beautiful-babushka-kimmidoll-iridescent-green-figurine-p-33243.html HTTP/1.0" 200 72518 "-" "Mozilla/5.0 (compatible; MJ12bot/v1.4.8; http://mj12bot.com/)"
135.181.180.59 - - [12/Oct/2022:05:49:56 +0200] "GET /beautiful-babushka-kimmidoll-reddish-orange-figurine-p-33245.html HTTP/1.0" 301 72315 "-" "Mozilla/5.0 (compatible; MJ12bot/v1.4.8; http://mj12bot.com/)"
185.191.171.3 - - [12/Oct/2022:05:49:58 +0200] "GET /vase-dolomite-ocher-brown-finish-p-55114.html HTTP/1.0" 200 75947 "-" "Mozilla/5.0 (compatible; SemrushBot/7~bl; +http://www.semrush.com/bot.html)"
135.181.180.59 - - [12/Oct/2022:05:49:59 +0200] "GET /-p-33245.html HTTP/1.0" 200 72248 "-" "Mozilla/5.0 (compatible; MJ12bot/v1.4.8; http://mj12bot.com/)"
185.191.171.34 - - [12/Oct/2022:05:50:01 +0200] "GET /flamingo-shower-curtain-p-57405.html HTTP/1.0" 200 75621 "-" "Mozilla/5.0 (compatible; SemrushBot/7~bl; +http://www.semrush.com/bot.html)"
157.90.177.217 - - [12/Oct/2022:05:50:04 +0200] "GET /mexique-clock-cbkreation-p-28476.html HTTP/1.0" 200 74870 "-" "Mozilla/5.0 (compatible; BLEXBot/1.0; +http://webmeup-crawler.com/)"
135.181.180.59 - - [12/Oct/2022:05:50:03 +0200] "GET /beautiful-babushka-kimmidoll-yellow-decorative-figurine-p-33240.html HTTP/1.0" 200 72523 "-" "Mozilla/5.0 (compatible; MJ12bot/v1.4.8; http://mj12bot.com/)"
135.181.180.59 - - [12/Oct/2022:05:50:07 +0200] "GET /beautiful-ballerina-minnie-mouse-figurine-p-13281.html HTTP/1.0" 301 72315 "-" "Mozilla/5.0 (compatible; MJ12bot/v1.4.8; http://mj12bot.com/)"
135.181.180.59 - - [12/Oct/2022:05:50:10 +0200] "GET /-p-13281.html HTTP/1.0" 200 72248 "-" "Mozilla/5.0 (compatible; MJ12bot/v1.4.8; http://mj12bot.com/)"
135.181.180.59 - - [12/Oct/2022:05:50:12 +0200] "GET /beautiful-ladybug-and-her-car-figure-p-3943.html HTTP/1.0" 301 75829 "-" "Mozilla/5.0 (compatible; MJ12bot/v1.4.8; http://mj12bot.com/)"
135.181.180.59 - - [12/Oct/2022:05:50:15 +0200] "GET /beautiful-ladybug-figure-p-3943.html HTTP/1.0" 200 75739 "-" "Mozilla/5.0 (compatible; MJ12bot/v1.4.8; http://mj12bot.com/)"
157.90.177.217 - - [12/Oct/2022:05:50:18 +0200] "GET /mhari-collection-metal-plate-deco-p-37160.html HTTP/1.0" 200 75008 "-" "Mozilla/5.0 (compatible; BLEXBot/1.0; +http://webmeup-crawler.com/)"
135.181.180.59 - - [12/Oct/2022:05:50:18 +0200] "GET /beauty-nail-black-kit-p-30015.html HTTP/1.0" 301 75041 "-" "Mozilla/5.0 (compatible; MJ12bot/v1.4.8; http://mj12bot.com/)"
135.181.180.59 - - [12/Oct/2022:05:50:22 +0200] "GET /beauty-nail-black-p-30015.html HTTP/1.0" 200 74957 "-" "Mozilla/5.0 (compatible; MJ12bot/v1.4.8; http://mj12bot.com/)"
135.181.180.59 - - [12/Oct/2022:05:50:25 +0200] "GET /beauty-nail-black-p-30015.html HTTP/1.0" 200 74957 "-" "Mozilla/5.0 (compatible; MJ12bot/v1.4.8; http://mj12bot.com/)"
135.181.180.59 - - [12/Oct/2022:05:50:28 +0200] "GET /beauty-nail-kit-of-pieces-p-33861.html HTTP/1.0" 301 72315 "-" "Mozilla/5.0 (compatible; MJ12bot/v1.4.8; http://mj12bot.com/)"
135.181.180.59 - - [12/Oct/2022:05:50:31 +0200] "GET /-p-33861.html HTTP/1.0" 200 72248 "-" "Mozilla/5.0 (compatible; MJ12bot/v1.4.8; http://mj12bot.com/)"
135.181.180.59 - - [12/Oct/2022:05:50:34 +0200] "GET /beauty-nail-kit-of-pieces-p-33862.html HTTP/1.0" 301 72315 "-" "Mozilla/5.0 (compatible; MJ12bot/v1.4.8; http://mj12bot.com/)"
157.90.177.217 - - [12/Oct/2022:05:50:34 +0200] "GET /miaou-large-bowl-p-50610.html HTTP/1.0" 200 74810 "-" "Mozilla/5.0 (compatible; BLEXBot/1.0; +http://webmeup-crawler.com/)"
185.191.171.6 - - [12/Oct/2022:05:50:35 +0200] "GET /jewelry-holder-mirror-stand-p-55771.html HTTP/1.0" 200 75656 "-" "Mozilla/5.0 (compatible; SemrushBot/7~bl; +http://www.semrush.com/bot.html)"
135.181.180.59 - - [12/Oct/2022:05:50:36 +0200] "GET /-p-33862.html HTTP/1.0" 200 72248 "-" "Mozilla/5.0 (compatible; MJ12bot/v1.4.8; http://mj12bot.com/)"
185.191.171.2 - - [12/Oct/2022:05:50:38 +0200] "GET /small-pink-money-p-54805.html HTTP/1.0" 200 74923 "-" "Mozilla/5.0 (compatible; SemrushBot/7~bl; +http://www.semrush.com/bot.html)"
135.181.180.59 - - [12/Oct/2022:05:50:39 +0200] "GET /beauty-nail-kit-p-29232.html HTTP/1.0" 301 75010 "-" "Mozilla/5.0 (compatible; MJ12bot/v1.4.8; http://mj12bot.com/)"
135.181.180.59 - - [12/Oct/2022:05:50:42 +0200] "GET /beauty-nail-p-29232.html HTTP/1.0" 200 74932 "-" "Mozilla/5.0 (compatible; MJ12bot/v1.4.8; http://mj12bot.com/)"
135.181.180.59 - - [12/Oct/2022:05:50:45 +0200] "GET /beauty-nail-kit-p-30026.html HTTP/1.0" 301 72368 "-" "Mozilla/5.0 (compatible; MJ12bot/v1.4.8; http://mj12bot.com/)"
54.36.148.128 - - [12/Oct/2022:05:50:46 +0200] "GET /scented-candle-made-france-christmas-p-57041.html HTTP/1.0" 200 76558 "-" "Mozilla/5.0 (compatible; AhrefsBot/7.0; +http://ahrefs.com/robot/)"
135.181.180.59 - - [12/Oct/2022:05:50:48 +0200] "GET /beauty-nail-p-30026.html HTTP/1.0" 200 72290 "-" "Mozilla/5.0 (compatible; MJ12bot/v1.4.8; http://mj12bot.com/)"
157.90.177.217 - - [12/Oct/2022:05:50:48 +0200] "GET /michelle-allen-cutting-board-p-27728.html HTTP/1.0" 200 74936 "-" "Mozilla/5.0 (compatible; BLEXBot/1.0; +http://webmeup-crawler.com/)"
135.181.180.59 - - [12/Oct/2022:05:50:52 +0200] "GET /beauty-nail-p-29232.html HTTP/1.0" 200 74932 "-" "Mozilla/5.0 (compatible; MJ12bot/v1.4.8; http://mj12bot.com/)"
135.181.180.59 - - [12/Oct/2022:05:50:55 +0200] "GET /beauty-nail-p-30026.html HTTP/1.0" 200 72290 "-" "Mozilla/5.0 (compatible; MJ12bot/v1.4.8; http://mj12bot.com/)"
135.181.180.59 - - [12/Oct/2022:05:50:58 +0200] "GET /beauty-nail-pieces-p-33861.html HTTP/1.0" 301 72315 "-" "Mozilla/5.0 (compatible; MJ12bot/v1.4.8; http://mj12bot.com/)"
135.181.180.59 - - [12/Oct/2022:05:51:00 +0200] "GET /-p-33861.html HTTP/1.0" 200 72248 "-" "Mozilla/5.0 (compatible; MJ12bot/v1.4.8; http://mj12bot.com/)"
135.181.180.59 - - [12/Oct/2022:05:51:03 +0200] "GET /becassine-cutting-board-p-33317.html HTTP/1.0" 301 72315 "-" "Mozilla/5.0 (compatible; MJ12bot/v1.4.8; http://mj12bot.com/)"
157.90.177.217 - - [12/Oct/2022:05:51:04 +0200] "GET /michelle-allen-keyring-p-36949.html HTTP/1.0" 200 76160 "-" "Mozilla/5.0 (compatible; BLEXBot/1.0; +http://webmeup-crawler.com/)"
135.181.180.59 - - [12/Oct/2022:05:51:06 +0200] "GET /-p-33317.html HTTP/1.0" 200 72248 "-" "Mozilla/5.0 (compatible; MJ12bot/v1.4.8; http://mj12bot.com/)"
135.181.180.59 - - [12/Oct/2022:05:51:10 +0200] "GET /becassine-money-box-p-15682.html HTTP/1.0" 301 72385 "-" "Mozilla/5.0 (compatible; MJ12bot/v1.4.8; http://mj12bot.com/)"
47.94.243.250 - - [12/Oct/2022:05:51:13 +0200] "GET /images/mini_prod/8433933112687.jpg HTTP/1.0" 200 269 "-" "Mozilla/5.0 (Macintosh; Intel Mac OS X 10_15_7) AppleWebKit/537.36 (KHTML, like Gecko) Chrome/105.0.0.0 Safari/537.36"
135.181.180.59 - - [12/Oct/2022:05:51:13 +0200] "GET /bcassine-money-p-15682.html HTTP/1.0" 200 72304 "-" "Mozilla/5.0 (compatible; MJ12bot/v1.4.8; http://mj12bot.com/)"
135.181.180.59 - - [12/Oct/2022:05:51:16 +0200] "GET /bedclothes-140-200-cm-geomix-p-51704.html HTTP/1.0" 301 72315 "-" "Mozilla/5.0 (compatible; MJ12bot/v1.4.8; http://mj12bot.com/)"
135.181.180.59 - - [12/Oct/2022:05:51:18 +0200] "GET /-p-51704.html HTTP/1.0" 200 72248 "-" "Mozilla/5.0 (compatible; MJ12bot/v1.4.8; http://mj12bot.com/)"
157.90.177.217 - - [12/Oct/2022:05:51:20 +0200] "GET /michelle-allen-keyring-p-36950.html HTTP/1.0" 200 76160 "-" "Mozilla/5.0 (compatible; BLEXBot/1.0; +http://webmeup-crawler.com/)"
135.181.180.59 - - [12/Oct/2022:05:51:21 +0200] "GET /bedclothes-140-200-cm-geomix-p-51705.html HTTP/1.0" 301 72315 "-" "Mozilla/5.0 (compatible; MJ12bot/v1.4.8; http://mj12bot.com/)"
135.181.180.59 - - [12/Oct/2022:05:51:25 +0200] "GET /-p-51705.html HTTP/1.0" 200 72248 "-" "Mozilla/5.0 (compatible; MJ12bot/v1.4.8; http://mj12bot.com/)"
135.181.180.59 - - [12/Oct/2022:05:51:28 +0200] "GET /bedclothes-gomix-p-51705.html HTTP/1.0" 301 72315 "-" "Mozilla/5.0 (compatible; MJ12bot/v1.4.8; http://mj12bot.com/)"
185.191.171.19 - - [12/Oct/2022:05:51:28 +0200] "GET /blue-brown-tone-fragrance-burner-p-58569.html HTTP/1.0" 200 75960 "-" "Mozilla/5.0 (compatible; SemrushBot/7~bl; +http://www.semrush.com/bot.html)"
135.181.180.59 - - [12/Oct/2022:05:51:31 +0200] "GET /-p-51705.html HTTP/1.0" 200 72248 "-" "Mozilla/5.0 (compatible; MJ12bot/v1.4.8; http://mj12bot.com/)"
135.181.180.59 - - [12/Oct/2022:05:51:34 +0200] "GET /bedding-protection-c-11_192.html?page=3 HTTP/1.0" 200 90379 "-" "Mozilla/5.0 (compatible; MJ12bot/v1.4.8; http://mj12bot.com/)"
157.90.177.217 - - [12/Oct/2022:05:51:34 +0200] "GET /mickael-phone-cover-iphone-p-15950.html HTTP/1.0" 200 75633 "-" "Mozilla/5.0 (compatible; BLEXBot/1.0; +http://webmeup-crawler.com/)"
135.181.180.59 - - [12/Oct/2022:05:51:37 +0200] "GET /beige-and-orange-bedclothes-240-220-cm-p-35309.html HTTP/1.0" 301 72315 "-" "Mozilla/5.0 (compatible; MJ12bot/v1.4.8; http://mj12bot.com/)"
135.181.180.59 - - [12/Oct/2022:05:51:40 +0200] "GET /-p-35309.html HTTP/1.0" 200 72248 "-" "Mozilla/5.0 (compatible; MJ12bot/v1.4.8; http://mj12bot.com/)"
135.181.180.59 - - [12/Oct/2022:05:51:43 +0200] "GET /beige-cat-sponge-holder-p-34505.html HTTP/1.0" 301 72315 "-" "Mozilla/5.0 (compatible; MJ12bot/v1.4.8; http://mj12bot.com/)"
135.181.180.59 - - [12/Oct/2022:05:51:46 +0200] "GET /-p-34505.html HTTP/1.0" 200 72248 "-" "Mozilla/5.0 (compatible; MJ12bot/v1.4.8; http://mj12bot.com/)"
185.191.171.7 - - [12/Oct/2022:05:51:46 +0200] "GET /backpacks-c-31_77.html?page=7 HTTP/1.0" 200 84556 "-" "Mozilla/5.0 (compatible; SemrushBot/7~bl; +http://www.semrush.com/bot.html)"
157.90.177.217 - - [12/Oct/2022:05:51:48 +0200] "GET /mickey-figure-collection-romero-britto-p-51458.html HTTP/1.0" 200 76379 "-" "Mozilla/5.0 (compatible; BLEXBot/1.0; +http://webmeup-crawler.com/)"
135.181.180.59 - - [12/Oct/2022:05:51:49 +0200] "GET /beige-lampshade-p-54563.html HTTP/1.0" 200 72310 "-" "Mozilla/5.0 (compatible; MJ12bot/v1.4.8; http://mj12bot.com/)"
135.181.180.59 - - [12/Oct/2022:05:51:52 +0200] "GET /beige-meerkat-decorative-statue-p-32852.html HTTP/1.0" 301 72315 "-" "Mozilla/5.0 (compatible; MJ12bot/v1.4.8; http://mj12bot.com/)"
135.181.180.59 - - [12/Oct/2022:05:51:55 +0200] "GET /-p-32852.html HTTP/1.0" 200 72248 "-" "Mozilla/5.0 (compatible; MJ12bot/v1.4.8; http://mj12bot.com/)"
135.181.180.59 - - [12/Oct/2022:05:51:57 +0200] "GET /beige-piggy-bank-p-34690.html HTTP/1.0" 301 72315 "-" "Mozilla/5.0 (compatible; MJ12bot/v1.4.8; http://mj12bot.com/)"
135.181.180.59 - - [12/Oct/2022:05:52:00 +0200] "GET /-p-34690.html HTTP/1.0" 200 72248 "-" "Mozilla/5.0 (compatible; MJ12bot/v1.4.8; http://mj12bot.com/)"
54.36.148.29 - - [12/Oct/2022:05:52:00 +0200] "GET /small-louis-philippe-pink-liberty-cushion-p-16230.html HTTP/1.0" 200 75699 "-" "Mozilla/5.0 (compatible; AhrefsBot/7.0; +http://ahrefs.com/robot/)"
157.90.177.217 - - [12/Oct/2022:05:52:03 +0200] "GET /mickey-minnie-heart-heart-figurine-collection-p-47010.html HTTP/1.0" 200 76598 "-" "Mozilla/5.0 (compatible; BLEXBot/1.0; +http://webmeup-crawler.com/)"
135.181.180.59 - - [12/Oct/2022:05:52:03 +0200] "GET /belle-silicone-mold-yellow-model-p-28233.html HTTP/1.0" 200 74996 "-" "Mozilla/5.0 (compatible; MJ12bot/v1.4.8; http://mj12bot.com/)"
135.181.180.59 - - [12/Oct/2022:05:52:06 +0200] "GET /bellis-mini-rectangular-tray-p-58510.html HTTP/1.0" 200 75613 "-" "Mozilla/5.0 (compatible; MJ12bot/v1.4.8; http://mj12bot.com/)"
135.181.180.59 - - [12/Oct/2022:05:52:09 +0200] "GET /betty-boop-mirror-p-32548.html HTTP/1.0" 200 72324 "-" "Mozilla/5.0 (compatible; MJ12bot/v1.4.8; http://mj12bot.com/)"
135.181.180.59 - - [12/Oct/2022:05:52:12 +0200] "GET /betty-boop-money-box-p-433.html HTTP/1.0" 301 72309 "-" "Mozilla/5.0 (compatible; MJ12bot/v1.4.8; http://mj12bot.com/)"
135.181.180.59 - - [12/Oct/2022:05:52:15 +0200] "GET /-p-433.html HTTP/1.0" 200 72244 "-" "Mozilla/5.0 (compatible; MJ12bot/v1.4.8; http://mj12bot.com/)"
157.90.177.217 - - [12/Oct/2022:05:52:17 +0200] "GET /mickey-minnie-mini-figurine-p-55968.html HTTP/1.0" 200 76402 "-" "Mozilla/5.0 (compatible; BLEXBot/1.0; +http://webmeup-crawler.com/)"
135.181.180.59 - - [12/Oct/2022:05:52:18 +0200] "GET /betty-boop-pin-up-clock-p-8113.html HTTP/1.0" 301 72312 "-" "Mozilla/5.0 (compatible; MJ12bot/v1.4.8; http://mj12bot.com/)"
135.181.180.59 - - [12/Oct/2022:05:52:21 +0200] "GET /-p-8113.html HTTP/1.0" 200 72246 "-" "Mozilla/5.0 (compatible; MJ12bot/v1.4.8; http://mj12bot.com/)"
135.181.180.59 - - [12/Oct/2022:05:52:24 +0200] "GET /betty-boop-stars-black-keyring-p-17378.html HTTP/1.0" 301 72315 "-" "Mozilla/5.0 (compatible; MJ12bot/v1.4.8; http://mj12bot.com/)"
135.181.180.59 - - [12/Oct/2022:05:52:27 +0200] "GET /-p-17378.html HTTP/1.0" 200 72248 "-" "Mozilla/5.0 (compatible; MJ12bot/v1.4.8; http://mj12bot.com/)"
135.181.180.59 - - [12/Oct/2022:05:52:30 +0200] "GET /betty-boop-taxi-mirror-p-9906.html HTTP/1.0" 301 72312 "-" "Mozilla/5.0 (compatible; MJ12bot/v1.4.8; http://mj12bot.com/)"
157.90.177.217 - - [12/Oct/2022:05:52:31 +0200] "GET /mickey-minnie-salt-pepper-britto-p-49503.html HTTP/1.0" 200 75091 "-" "Mozilla/5.0 (compatible; BLEXBot/1.0; +http://webmeup-crawler.com/)"
135.181.180.59 - - [12/Oct/2022:05:52:33 +0200] "GET /-p-9906.html HTTP/1.0" 200 72246 "-" "Mozilla/5.0 (compatible; MJ12bot/v1.4.8; http://mj12bot.com/)"
135.181.180.59 - - [12/Oct/2022:05:52:37 +0200] "GET /betty-love-girl-large-shopping-bag-p-9142.html HTTP/1.0" 301 72312 "-" "Mozilla/5.0 (compatible; MJ12bot/v1.4.8; http://mj12bot.com/)"
135.181.180.59 - - [12/Oct/2022:05:52:39 +0200] "GET /-p-9142.html HTTP/1.0" 200 72246 "-" "Mozilla/5.0 (compatible; MJ12bot/v1.4.8; http://mj12bot.com/)"
135.181.180.59 - - [12/Oct/2022:05:52:42 +0200] "GET /birds-ceramic-pie-dish-p-37883.html HTTP/1.0" 301 72315 "-" "Mozilla/5.0 (compatible; MJ12bot/v1.4.8; http://mj12bot.com/)"
185.191.171.36 - - [12/Oct/2022:05:52:44 +0200] "GET /finding-dory-disney-backpack-p-35793.html HTTP/1.0" 200 75186 "-" "Mozilla/5.0 (compatible; SemrushBot/7~bl; +http://www.semrush.com/bot.html)"
135.181.180.59 - - [12/Oct/2022:05:52:45 +0200] "GET /-p-37883.html HTTP/1.0" 200 72248 "-" "Mozilla/5.0 (compatible; MJ12bot/v1.4.8; http://mj12bot.com/)"
157.90.177.217 - - [12/Oct/2022:05:52:47 +0200] "GET /mickey-minnie-wedding-waterball-p-57242.html HTTP/1.0" 200 76533 "-" "Mozilla/5.0 (compatible; BLEXBot/1.0; +http://webmeup-crawler.com/)"
135.181.180.59 - - [12/Oct/2022:05:52:49 +0200] "GET /birds-meeting-fine-porcelain-p-55475.html HTTP/1.0" 200 75092 "-" "Mozilla/5.0 (compatible; MJ12bot/v1.4.8; http://mj12bot.com/)"
135.181.180.59 - - [12/Oct/2022:05:52:53 +0200] "GET /bires-adult-apron-p-42607.html HTTP/1.0" 200 74863 "-" "Mozilla/5.0 (compatible; MJ12bot/v1.4.8; http://mj12bot.com/)"
114.119.137.43 - - [12/Oct/2022:05:52:55 +0200] "GET /london-sticker-p-35394.html HTTP/1.0" 200 74875 "http://www.wonder-geek.com/home-decoration-c-13.html?page=82" "Mozilla/5.0 (Linux; Android 7.0;) AppleWebKit/537.36 (KHTML, like Gecko) Mobile Safari/537.36 (compatible; PetalBot;+https://webmaster.petalsearch.com/site/petalbot)"
135.181.180.59 - - [12/Oct/2022:05:52:56 +0200] "GET /bistrot-ceramic-pitcher-p-45678.html HTTP/1.0" 200 74956 "-" "Mozilla/5.0 (compatible; MJ12bot/v1.4.8; http://mj12bot.com/)"
135.181.180.59 - - [12/Oct/2022:05:53:00 +0200] "GET /bistrot-des-halles-wood-large-clock-p-35332.html HTTP/1.0" 301 72315 "-" "Mozilla/5.0 (compatible; MJ12bot/v1.4.8; http://mj12bot.com/)"
157.90.177.217 - - [12/Oct/2022:05:53:02 +0200] "GET /mickey-mouse-facets-figurine-p-56731.html HTTP/1.0" 200 76288 "-" "Mozilla/5.0 (compatible; BLEXBot/1.0; +http://webmeup-crawler.com/)"
135.181.180.59 - - [12/Oct/2022:05:53:03 +0200] "GET /-p-35332.html HTTP/1.0" 200 72248 "-" "Mozilla/5.0 (compatible; MJ12bot/v1.4.8; http://mj12bot.com/)"
135.181.180.59 - - [12/Oct/2022:05:53:06 +0200] "GET /bistrot-round-tray-p-47932.html HTTP/1.0" 200 72310 "-" "Mozilla/5.0 (compatible; MJ12bot/v1.4.8; http://mj12bot.com/)"
135.181.180.59 - - [12/Oct/2022:05:53:09 +0200] "GET /bistrot-wine-tray-p-45734.html HTTP/1.0" 200 72344 "-" "Mozilla/5.0 (compatible; MJ12bot/v1.4.8; http://mj12bot.com/)"
135.181.180.59 - - [12/Oct/2022:05:53:12 +0200] "GET /black-and-grey-bedclothes-240-220-cm-p-33070.html HTTP/1.0" 301 72315 "-" "Mozilla/5.0 (compatible; MJ12bot/v1.4.8; http://mj12bot.com/)"
135.181.180.59 - - [12/Oct/2022:05:53:15 +0200] "GET /-p-33070.html HTTP/1.0" 200 72248 "-" "Mozilla/5.0 (compatible; MJ12bot/v1.4.8; http://mj12bot.com/)"
157.90.177.217 - - [12/Oct/2022:05:53:16 +0200] "GET /mickey-mouse-farming-friends-stationery-holder-p-19618.html HTTP/1.0" 200 75300 "-" "Mozilla/5.0 (compatible; BLEXBot/1.0; +http://webmeup-crawler.com/)"
135.181.180.59 - - [12/Oct/2022:05:53:17 +0200] "GET /black-and-white-globe-decoration-p-50874.html HTTP/1.0" 301 72453 "-" "Mozilla/5.0 (compatible; MJ12bot/v1.4.8; http://mj12bot.com/)"
54.36.148.180 - - [12/Oct/2022:05:53:21 +0200] "GET /boxes-storage-c-13_150.html?page=25 HTTP/1.0" 200 95480 "-" "Mozilla/5.0 (compatible; AhrefsBot/7.0; +http://ahrefs.com/robot/)"
135.181.180.59 - - [12/Oct/2022:05:53:21 +0200] "GET /black-white-globe-decoration-p-50874.html HTTP/1.0" 200 72358 "-" "Mozilla/5.0 (compatible; MJ12bot/v1.4.8; http://mj12bot.com/)"
135.181.180.59 - - [12/Oct/2022:05:53:25 +0200] "GET /black-chihuahua-decorating-statue-p-31495.html HTTP/1.0" 301 72315 "-" "Mozilla/5.0 (compatible; MJ12bot/v1.4.8; http://mj12bot.com/)"
135.181.180.59 - - [12/Oct/2022:05:53:28 +0200] "GET /-p-31495.html HTTP/1.0" 200 72248 "-" "Mozilla/5.0 (compatible; MJ12bot/v1.4.8; http://mj12bot.com/)"
157.90.177.217 - - [12/Oct/2022:05:53:31 +0200] "GET /mickey-mouse-large-backpack-p-25090.html HTTP/1.0" 200 75277 "-" "Mozilla/5.0 (compatible; BLEXBot/1.0; +http://webmeup-crawler.com/)"
135.181.180.59 - - [12/Oct/2022:05:53:31 +0200] "GET /black-cowl-sign-p-45472.html HTTP/1.0" 200 74837 "-" "Mozilla/5.0 (compatible; MJ12bot/v1.4.8; http://mj12bot.com/)"
135.181.180.59 - - [12/Oct/2022:05:53:35 +0200] "GET /black-dledmv-dark-racer-tee-shirt-p-35657.html HTTP/1.0" 301 72315 "-" "Mozilla/5.0 (compatible; MJ12bot/v1.4.8; http://mj12bot.com/)"
135.181.180.59 - - [12/Oct/2022:05:53:38 +0200] "GET /-p-35657.html HTTP/1.0" 200 72248 "-" "Mozilla/5.0 (compatible; MJ12bot/v1.4.8; http://mj12bot.com/)"
135.181.180.59 - - [12/Oct/2022:05:53:41 +0200] "GET /black-fancy-elastic-bracelet-p-43720.html HTTP/1.0" 200 74888 "-" "Mozilla/5.0 (compatible; MJ12bot/v1.4.8; http://mj12bot.com/)"
135.181.180.59 - - [12/Oct/2022:05:53:44 +0200] "GET /black-fancy-elastic-bracelet-p-43721.html HTTP/1.0" 200 74888 "-" "Mozilla/5.0 (compatible; MJ12bot/v1.4.8; http://mj12bot.com/)"
157.90.177.217 - - [12/Oct/2022:05:53:45 +0200] "GET /mickey-mouse-mini-figurine-romero-britto-p-45799.html HTTP/1.0" 200 76034 "-" "Mozilla/5.0 (compatible; BLEXBot/1.0; +http://webmeup-crawler.com/)"
135.181.180.59 - - [12/Oct/2022:05:53:47 +0200] "GET /black-fancy-elastic-bracelet-p-43722.html HTTP/1.0" 200 74888 "-" "Mozilla/5.0 (compatible; MJ12bot/v1.4.8; http://mj12bot.com/)"
135.181.180.59 - - [12/Oct/2022:05:53:50 +0200] "GET /black-fancy-elastic-bracelet-p-43724.html HTTP/1.0" 200 74888 "-" "Mozilla/5.0 (compatible; MJ12bot/v1.4.8; http://mj12bot.com/)"
135.181.180.59 - - [12/Oct/2022:05:53:53 +0200] "GET /black-fancy-elastic-bracelet-p-43725.html HTTP/1.0" 200 74892 "-" "Mozilla/5.0 (compatible; MJ12bot/v1.4.8; http://mj12bot.com/)"
135.181.180.59 - - [12/Oct/2022:05:53:56 +0200] "GET /black-white-globe-decoration-p-50874.html HTTP/1.0" 200 72358 "-" "Mozilla/5.0 (compatible; MJ12bot/v1.4.8; http://mj12bot.com/)"
185.191.171.8 - - [12/Oct/2022:05:53:58 +0200] "GET /guardian-angel-first-communion-p-51143.html HTTP/1.0" 200 75025 "-" "Mozilla/5.0 (compatible; SemrushBot/7~bl; +http://www.semrush.com/bot.html)"
135.181.180.59 - - [12/Oct/2022:05:53:59 +0200] "GET /bohemian-yellow-stoneware-trimmed-planter-p-58094.html HTTP/1.0" 200 75683 "-" "Mozilla/5.0 (compatible; MJ12bot/v1.4.8; http://mj12bot.com/)"
157.90.177.217 - - [12/Oct/2022:05:54:00 +0200] "GET /mickey-mouse-pencil-case-p-10602.html HTTP/1.0" 200 74954 "-" "Mozilla/5.0 (compatible; BLEXBot/1.0; +http://webmeup-crawler.com/)"
135.181.180.59 - - [12/Oct/2022:05:54:02 +0200] "GET /bottle-holder-beer-bucket-c-12_224.html?page=2 HTTP/1.0" 200 93265 "-" "Mozilla/5.0 (compatible; MJ12bot/v1.4.8; http://mj12bot.com/)"
135.181.180.59 - - [12/Oct/2022:05:54:05 +0200] "GET /bottle-holder-beer-bucket-c-12_224.html?page=3 HTTP/1.0" 200 93007 "-" "Mozilla/5.0 (compatible; MJ12bot/v1.4.8; http://mj12bot.com/)"
135.181.180.59 - - [12/Oct/2022:05:54:09 +0200] "GET /bourbon-spice-scented-candle-zippo-made-p-51915.html HTTP/1.0" 200 76398 "-" "Mozilla/5.0 (compatible; MJ12bot/v1.4.8; http://mj12bot.com/)"
135.181.180.59 - - [12/Oct/2022:05:54:12 +0200] "GET /buddha-wall-stickers-p-51128.html HTTP/1.0" 200 75752 "-" "Mozilla/5.0 (compatible; MJ12bot/v1.4.8; http://mj12bot.com/)"
135.181.180.59 - - [12/Oct/2022:05:54:15 +0200] "GET /candle-heart-home-christmas-tree-p-49945.html HTTP/1.0" 200 72386 "-" "Mozilla/5.0 (compatible; MJ12bot/v1.4.8; http://mj12bot.com/)"
157.90.177.217 - - [12/Oct/2022:05:54:15 +0200] "GET /mickey-mouse-pluto-cookie-small-p-49507.html HTTP/1.0" 200 76411 "-" "Mozilla/5.0 (compatible; BLEXBot/1.0; +http://webmeup-crawler.com/)"
135.181.180.59 - - [12/Oct/2022:05:54:18 +0200] "GET /candle-hours-grey-p-42093.html HTTP/1.0" 200 75008 "-" "Mozilla/5.0 (compatible; MJ12bot/v1.4.8; http://mj12bot.com/)"
135.181.180.59 - - [12/Oct/2022:05:54:21 +0200] "GET /candle-hours-white-p-42095.html HTTP/1.0" 200 75016 "-" "Mozilla/5.0 (compatible; MJ12bot/v1.4.8; http://mj12bot.com/)"
135.181.180.59 - - [12/Oct/2022:05:54:24 +0200] "GET /carlin-case-notepad-p-30102.html HTTP/1.0" 200 75031 "-" "Mozilla/5.0 (compatible; MJ12bot/v1.4.8; http://mj12bot.com/)"
135.181.180.59 - - [12/Oct/2022:05:54:27 +0200] "GET /carlin-case-notepad-p-30104.html HTTP/1.0" 200 75054 "-" "Mozilla/5.0 (compatible; MJ12bot/v1.4.8; http://mj12bot.com/)"
135.181.180.59 - - [12/Oct/2022:05:54:30 +0200] "GET /ceramic-incense-burner-p-58465.html HTTP/1.0" 301 72315 "-" "Mozilla/5.0 (compatible; MJ12bot/v1.4.8; http://mj12bot.com/)"
114.119.133.245 - - [12/Oct/2022:05:54:31 +0200] "GET /half-moon-doormat-p-56276.html HTTP/1.0" 200 75800 "http://www.wonder-geek.com/the-rugs-c-11_269.html?page=3" "Mozilla/5.0 (Linux; Android 7.0;) AppleWebKit/537.36 (KHTML, like Gecko) Mobile Safari/537.36 (compatible; PetalBot;+https://webmaster.petalsearch.com/site/petalbot)"
157.90.177.217 - - [12/Oct/2022:05:54:32 +0200] "GET /mickey-mouse-round-pencil-case-p-13349.html HTTP/1.0" 200 75063 "-" "Mozilla/5.0 (compatible; BLEXBot/1.0; +http://webmeup-crawler.com/)"
135.181.180.59 - - [12/Oct/2022:05:54:33 +0200] "GET /-p-58465.html HTTP/1.0" 200 72248 "-" "Mozilla/5.0 (compatible; MJ12bot/v1.4.8; http://mj12bot.com/)"
54.36.149.41 - - [12/Oct/2022:05:54:35 +0200] "GET /ceramic-salt-with-spoon-aderne-p-50632.html HTTP/1.0" 200 74988 "-" "Mozilla/5.0 (compatible; AhrefsBot/7.0; +http://ahrefs.com/robot/)"
135.181.180.59 - - [12/Oct/2022:05:54:35 +0200] "GET /ceramic-incense-burner-p-58466.html HTTP/1.0" 301 72315 "-" "Mozilla/5.0 (compatible; MJ12bot/v1.4.8; http://mj12bot.com/)"
135.181.180.59 - - [12/Oct/2022:05:54:38 +0200] "GET /-p-58466.html HTTP/1.0" 200 72248 "-" "Mozilla/5.0 (compatible; MJ12bot/v1.4.8; http://mj12bot.com/)"
147.92.153.13 - - [12/Oct/2022:05:54:39 +0200] "GET /sequin-flower-embroidery-christmas-bauble-p-59182.html HTTP/1.0" 200 75929 "-" "Mozilla/5.0 (compatible; Linespider/1.1; +https://lin.ee/4dwXkTH)"
135.181.180.59 - - [12/Oct/2022:05:54:41 +0200] "GET /chakra-mini-stones-p-43198.html HTTP/1.0" 301 72315 "-" "Mozilla/5.0 (compatible; MJ12bot/v1.4.8; http://mj12bot.com/)"
147.92.153.5 - - [12/Oct/2022:05:54:43 +0200] "GET /swfobject.js HTTP/1.0" 404 1308 "http://www.wonder-geek.com/sequin-flower-embroidery-christmas-bauble-p-59182.html" "Mozilla/5.0 AppleWebKit/537.36 (KHTML, like Gecko; compatible; Linespider/1.1; +https://lin.ee/4dwXkTH) Chrome/101.0.4951.0 Safari/537.36, Mozilla/5.0 (compatible; Linespider/1.1; +https://lin.ee/4dwXkTH)"
135.181.180.59 - - [12/Oct/2022:05:54:44 +0200] "GET /-p-43198.html HTTP/1.0" 200 72248 "-" "Mozilla/5.0 (compatible; MJ12bot/v1.4.8; http://mj12bot.com/)"
157.90.177.217 - - [12/Oct/2022:05:54:46 +0200] "GET /mickey-mouse-round-pencil-case-p-19633.html HTTP/1.0" 200 75020 "-" "Mozilla/5.0 (compatible; BLEXBot/1.0; +http://webmeup-crawler.com/)"
135.181.180.59 - - [12/Oct/2022:05:54:47 +0200] "GET /copains-abord-wooden-tray-p-58484.html HTTP/1.0" 200 75678 "-" "Mozilla/5.0 (compatible; MJ12bot/v1.4.8; http://mj12bot.com/)"
135.181.180.59 - - [12/Oct/2022:05:54:50 +0200] "GET /cotton-floor-cushion-oxford-p-58402.html HTTP/1.0" 200 76243 "-" "Mozilla/5.0 (compatible; MJ12bot/v1.4.8; http://mj12bot.com/)"
135.181.180.59 - - [12/Oct/2022:05:54:53 +0200] "GET /cotton-floor-cushion-popart-p-58437.html HTTP/1.0" 200 76154 "-" "Mozilla/5.0 (compatible; MJ12bot/v1.4.8; http://mj12bot.com/)"
135.181.180.59 - - [12/Oct/2022:05:54:56 +0200] "GET /cotton-floor-cushion-topiary-p-58407.html HTTP/1.0" 200 76173 "-" "Mozilla/5.0 (compatible; MJ12bot/v1.4.8; http://mj12bot.com/)"
135.181.180.59 - - [12/Oct/2022:05:54:59 +0200] "GET /cups-kothai-p-49660.html HTTP/1.0" 200 72300 "-" "Mozilla/5.0 (compatible; MJ12bot/v1.4.8; http://mj12bot.com/)"
157.90.177.217 - - [12/Oct/2022:05:55:01 +0200] "GET /mickey-mouse-thinking-britto-figurine-p-58179.html HTTP/1.0" 200 76317 "-" "Mozilla/5.0 (compatible; BLEXBot/1.0; +http://webmeup-crawler.com/)"
135.181.180.59 - - [12/Oct/2022:05:55:02 +0200] "GET /dark-scented-candle-zippo-made-p-51916.html HTTP/1.0" 200 76378 "-" "Mozilla/5.0 (compatible; MJ12bot/v1.4.8; http://mj12bot.com/)"
135.181.180.59 - - [12/Oct/2022:05:55:06 +0200] "GET /deco-horse-statue-p-58458.html HTTP/1.0" 200 75700 "-" "Mozilla/5.0 (compatible; MJ12bot/v1.4.8; http://mj12bot.com/)"
135.181.180.59 - - [12/Oct/2022:05:55:09 +0200] "GET /decorative-treble-clef-attach-wall-p-58469.html HTTP/1.0" 200 75740 "-" "Mozilla/5.0 (compatible; MJ12bot/v1.4.8; http://mj12bot.com/)"
135.181.180.59 - - [12/Oct/2022:05:55:12 +0200] "GET /demonia-figure-stephan-saint-emett-p-35270.html HTTP/1.0" 200 72439 "-" "Mozilla/5.0 (compatible; MJ12bot/v1.4.8; http://mj12bot.com/)"
185.191.171.2 - - [12/Oct/2022:05:55:15 +0200] "GET /pastis-adult-apron-p-44191.html HTTP/1.0" 200 74829 "-" "Mozilla/5.0 (compatible; SemrushBot/7~bl; +http://www.semrush.com/bot.html)"
135.181.180.59 - - [12/Oct/2022:05:55:15 +0200] "GET /difference-accessoriess-c-12_59.html HTTP/1.0" 200 91038 "-" "Mozilla/5.0 (compatible; MJ12bot/v1.4.8; http://mj12bot.com/)"
157.90.177.217 - - [12/Oct/2022:05:55:16 +0200] "GET /mickey-mouse-with-candy-canes-figurine-p-53260.html HTTP/1.0" 200 76689 "-" "Mozilla/5.0 (compatible; BLEXBot/1.0; +http://webmeup-crawler.com/)"
135.181.180.59 - - [12/Oct/2022:05:55:20 +0200] "GET /difference-accessoriess-c-59.html HTTP/1.0" 301 91024 "-" "Mozilla/5.0 (compatible; MJ12bot/v1.4.8; http://mj12bot.com/)"
185.191.171.3 - - [12/Oct/2022:05:55:21 +0200] "GET /cotton-floor-cushion-nashi-p-57738.html HTTP/1.0" 200 75899 "-" "Mozilla/5.0 (compatible; SemrushBot/7~bl; +http://www.semrush.com/bot.html)"
135.181.180.59 - - [12/Oct/2022:05:55:23 +0200] "GET /difference-accessoriess-c-12_59.html HTTP/1.0" 200 91038 "-" "Mozilla/5.0 (compatible; MJ12bot/v1.4.8; http://mj12bot.com/)"
135.181.180.59 - - [12/Oct/2022:05:55:26 +0200] "GET /dumbo-facets-figurine-disney-p-58480.html HTTP/1.0" 200 76212 "-" "Mozilla/5.0 (compatible; MJ12bot/v1.4.8; http://mj12bot.com/)"
185.191.171.40 - - [12/Oct/2022:05:55:29 +0200] "GET /ultrasonic-aroma-diffuser-forest-brown-p-56153.html HTTP/1.0" 200 76910 "-" "Mozilla/5.0 (compatible; SemrushBot/7~bl; +http://www.semrush.com/bot.html)"
135.181.180.59 - - [12/Oct/2022:05:55:29 +0200] "GET /espresso-cups-restaurant-mustache-p-26483.html HTTP/1.0" 200 72378 "-" "Mozilla/5.0 (compatible; MJ12bot/v1.4.8; http://mj12bot.com/)"
157.90.177.217 - - [12/Oct/2022:05:55:31 +0200] "GET /mickey-pluto-patriotic-figurine-p-51456.html HTTP/1.0" 200 76256 "-" "Mozilla/5.0 (compatible; BLEXBot/1.0; +http://webmeup-crawler.com/)"
135.181.180.59 - - [12/Oct/2022:05:55:33 +0200] "GET /feathers-chime-bells-p-42076.html HTTP/1.0" 200 75563 "-" "Mozilla/5.0 (compatible; MJ12bot/v1.4.8; http://mj12bot.com/)"
135.181.180.59 - - [12/Oct/2022:05:55:37 +0200] "GET /flower-border-white-mini-rectangular-tray-p-58513.html HTTP/1.0" 200 75743 "-" "Mozilla/5.0 (compatible; MJ12bot/v1.4.8; http://mj12bot.com/)"
