185.191.171.10 - - [12/Oct/2022:04:12:28 +0200] "GET /pocahontas-princess-passion-figurine-p-48461.html HTTP/1.0" 200 76225 "-" "Mozilla/5.0 (compatible; SemrushBot/7~bl; +http://www.semrush.com/bot.html)"
157.90.177.217 - - [12/Oct/2022:04:12:32 +0200] "GET /made-eyelets-curtain-p-31459.html HTTP/1.0" 200 77057 "-" "Mozilla/5.0 (compatible; BLEXBot/1.0; +http://webmeup-crawler.com/)"
185.191.171.38 - - [12/Oct/2022:04:12:40 +0200] "GET /white-metal-chandelier-p-58724.html HTTP/1.0" 200 75732 "-" "Mozilla/5.0 (compatible; SemrushBot/7~bl; +http://www.semrush.com/bot.html)"
157.90.177.217 - - [12/Oct/2022:04:12:47 +0200] "GET /made-semi-sheer-voile-grommet-panel-p-31458.html HTTP/1.0" 200 77172 "-" "Mozilla/5.0 (compatible; BLEXBot/1.0; +http://webmeup-crawler.com/)"
54.36.148.199 - - [12/Oct/2022:04:12:59 +0200] "GET /vanua-cotton-basket-planter-p-57834.html HTTP/1.0" 200 75749 "-" "Mozilla/5.0 (compatible; AhrefsBot/7.0; +http://ahrefs.com/robot/)"
157.90.177.217 - - [12/Oct/2022:04:13:00 +0200] "GET /mademoiselle-paris-handbag-p-27854.html HTTP/1.0" 200 75088 "-" "Mozilla/5.0 (compatible; BLEXBot/1.0; +http://webmeup-crawler.com/)"
185.191.171.5 - - [12/Oct/2022:04:13:14 +0200] "GET /tea-pot-c-12_175.html?page=4 HTTP/1.0" 200 95718 "-" "Mozilla/5.0 (compatible; SemrushBot/7~bl; +http://www.semrush.com/bot.html)"
157.90.177.217 - - [12/Oct/2022:04:13:15 +0200] "GET /madurai-jasmine-melts-p-55224.html HTTP/1.0" 200 75872 "-" "Mozilla/5.0 (compatible; BLEXBot/1.0; +http://webmeup-crawler.com/)"
157.90.177.217 - - [12/Oct/2022:04:13:30 +0200] "GET /magnet-citron-p-40116.html HTTP/1.0" 200 74894 "-" "Mozilla/5.0 (compatible; BLEXBot/1.0; +http://webmeup-crawler.com/)"
185.191.171.19 - - [12/Oct/2022:04:13:31 +0200] "GET /vanity-beauty-bags-c-31_78.html?page=8 HTTP/1.0" 200 83671 "-" "Mozilla/5.0 (compatible; SemrushBot/7~bl; +http://www.semrush.com/bot.html)"
185.191.171.14 - - [12/Oct/2022:04:13:40 +0200] "GET /golden-metal-lotus-flower-candle-holder-delivered-without-lotus-p-57155.html HTTP/1.0" 200 76872 "-" "Mozilla/5.0 (compatible; SemrushBot/7~bl; +http://www.semrush.com/bot.html)"
157.90.177.217 - - [12/Oct/2022:04:13:44 +0200] "GET /magnet-citron-p-40117.html HTTP/1.0" 200 74924 "-" "Mozilla/5.0 (compatible; BLEXBot/1.0; +http://webmeup-crawler.com/)"
185.191.171.35 - - [12/Oct/2022:04:13:52 +0200] "GET /volkswagen-large-metal-plate-deco-p-40295.html HTTP/1.0" 200 74966 "-" "Mozilla/5.0 (compatible; SemrushBot/7~bl; +http://www.semrush.com/bot.html)"
157.90.177.217 - - [12/Oct/2022:04:13:57 +0200] "GET /magnet-citron-p-40118.html HTTP/1.0" 200 74924 "-" "Mozilla/5.0 (compatible; BLEXBot/1.0; +http://webmeup-crawler.com/)"
157.90.177.217 - - [12/Oct/2022:04:14:11 +0200] "GET /magnet-citron-p-40120.html HTTP/1.0" 200 74894 "-" "Mozilla/5.0 (compatible; BLEXBot/1.0; +http://webmeup-crawler.com/)"
66.249.64.246 - - [12/Oct/2022:04:14:16 +0200] "GET /metal-beer-bucket-zinc-look-with-integrated-bottle-opener-p-58144.html HTTP/1.0" 200 76164 "-" "Mozilla/5.0 (Linux; Android 6.0.1; Nexus 5X Build/MMB29P) AppleWebKit/537.36 (KHTML, like Gecko) Chrome/106.0.5249.103 Mobile Safari/537.36 (compatible; Googlebot/2.1; +http://www.google.com/bot.html)"
54.36.148.51 - - [12/Oct/2022:04:14:22 +0200] "GET /klimt-adult-apron-p-51193.html HTTP/1.0" 200 74818 "-" "Mozilla/5.0 (compatible; AhrefsBot/7.0; +http://ahrefs.com/robot/)"
157.90.177.217 - - [12/Oct/2022:04:14:25 +0200] "GET /magnet-citron-p-40121.html HTTP/1.0" 200 74894 "-" "Mozilla/5.0 (compatible; BLEXBot/1.0; +http://webmeup-crawler.com/)"
66.249.64.244 - - [12/Oct/2022:04:14:28 +0200] "GET /large-tassen-porcelain-mood-bowl-made-germany-p-43276.html HTTP/1.0" 200 75081 "-" "Mozilla/5.0 (Linux; Android 6.0.1; Nexus 5X Build/MMB29P) AppleWebKit/537.36 (KHTML, like Gecko) Chrome/106.0.5249.103 Mobile Safari/537.36 (compatible; Googlebot/2.1; +http://www.google.com/bot.html)"
47.94.243.250 - - [12/Oct/2022:04:14:34 +0200] "GET /images/mini_prod/B4891320386679B.jpg HTTP/1.0" 200 271 "-" "Mozilla/5.0 (Macintosh; Intel Mac OS X 10_15_7) AppleWebKit/537.36 (KHTML, like Gecko) Chrome/105.0.0.0 Safari/537.36"
157.90.177.217 - - [12/Oct/2022:04:14:40 +0200] "GET /magnet-citron-p-40122.html HTTP/1.0" 200 74894 "-" "Mozilla/5.0 (compatible; BLEXBot/1.0; +http://webmeup-crawler.com/)"
185.191.171.14 - - [12/Oct/2022:04:14:45 +0200] "GET /magnet-meilleur-p-56561.html HTTP/1.0" 200 75455 "-" "Mozilla/5.0 (compatible; SemrushBot/7~bl; +http://www.semrush.com/bot.html)"
157.90.177.217 - - [12/Oct/2022:04:14:53 +0200] "GET /magnet-citron-p-40123.html HTTP/1.0" 200 74894 "-" "Mozilla/5.0 (compatible; BLEXBot/1.0; +http://webmeup-crawler.com/)"
185.191.171.24 - - [12/Oct/2022:04:14:59 +0200] "GET /polar-blanket-p-58798.html?action=add_product HTTP/1.0" 302 476 "-" "Mozilla/5.0 (compatible; SemrushBot/7~bl; +http://www.semrush.com/bot.html)"
157.90.177.217 - - [12/Oct/2022:04:15:07 +0200] "GET /magnet-citron-p-40124.html HTTP/1.0" 200 74894 "-" "Mozilla/5.0 (compatible; BLEXBot/1.0; +http://webmeup-crawler.com/)"
157.90.177.217 - - [12/Oct/2022:04:15:22 +0200] "GET /magnet-control-tassen-made-germany-p-47556.html HTTP/1.0" 200 75973 "-" "Mozilla/5.0 (compatible; BLEXBot/1.0; +http://webmeup-crawler.com/)"
51.68.224.127 - - [12/Oct/2022:04:15:29 +0200] "GET /adminweb/export_orders_xml.php?token=256de2z6edz6ed2z6DFSFsed2zed6zeDSFDSGdzedezfzf&maxorders=10&orderstart=1&status=14&start_date=2018-10-01 HTTP/1.0" 200 285 "-" "GesCom CharlotteBoutik Serveur"
51.68.224.127 - - [12/Oct/2022:04:15:29 +0200] "GET /adminweb/export_orders_xml.php?token=256de2z6edz6ed2z6DFSFsed2zed6zeDSFDSGdzedezfzf&maxorders=10&orderstart=1&status=6&start_date=2018-10-01 HTTP/1.0" 200 33985 "-" "GesCom CharlotteBoutik Serveur"
157.90.177.217 - - [12/Oct/2022:04:15:36 +0200] "GET /magnet-copine-trop-gniale-p-57081.html HTTP/1.0" 200 75541 "-" "Mozilla/5.0 (compatible; BLEXBot/1.0; +http://webmeup-crawler.com/)"
54.36.148.189 - - [12/Oct/2022:04:15:47 +0200] "GET /double-walled-porcelain-with-infuser-p-55008.html HTTP/1.0" 200 75898 "-" "Mozilla/5.0 (compatible; AhrefsBot/7.0; +http://ahrefs.com/robot/)"
157.90.177.217 - - [12/Oct/2022:04:15:50 +0200] "GET /magnet-dreamy-tassen-p-47559.html HTTP/1.0" 200 75817 "-" "Mozilla/5.0 (compatible; BLEXBot/1.0; +http://webmeup-crawler.com/)"
157.90.177.217 - - [12/Oct/2022:04:16:04 +0200] "GET /magnet-grinning-tassen-made-germany-p-47557.html HTTP/1.0" 200 75948 "-" "Mozilla/5.0 (compatible; BLEXBot/1.0; +http://webmeup-crawler.com/)"
192.144.198.154 - - [12/Oct/2022:04:16:12 +0200] "GET /images/mini_prod/1384010202913.jpg HTTP/1.0" 200 269 "-" "python-requests/2.27.1"
157.90.177.217 - - [12/Oct/2022:04:16:18 +0200] "GET /magnet-happy-tassen-p-47561.html HTTP/1.0" 200 75810 "-" "Mozilla/5.0 (compatible; BLEXBot/1.0; +http://webmeup-crawler.com/)"
157.90.177.217 - - [12/Oct/2022:04:16:32 +0200] "GET /magnet-kissed-tassen-made-germany-p-56782.html HTTP/1.0" 200 75932 "-" "Mozilla/5.0 (compatible; BLEXBot/1.0; +http://webmeup-crawler.com/)"
185.191.171.35 - - [12/Oct/2022:04:16:32 +0200] "GET /king-chess-piece-silver-p-53096.html HTTP/1.0" 200 72330 "-" "Mozilla/5.0 (compatible; SemrushBot/7~bl; +http://www.semrush.com/bot.html)"
185.191.171.3 - - [12/Oct/2022:04:16:39 +0200] "GET /support-metal-bottle-napoleon-p-42091.html HTTP/1.0" 200 74992 "-" "Mozilla/5.0 (compatible; SemrushBot/7~bl; +http://www.semrush.com/bot.html)"
157.90.177.217 - - [12/Oct/2022:04:16:46 +0200] "GET /magnet-kissing-tassen-p-47560.html HTTP/1.0" 200 75828 "-" "Mozilla/5.0 (compatible; BLEXBot/1.0; +http://webmeup-crawler.com/)"
185.191.171.20 - - [12/Oct/2022:04:16:53 +0200] "GET /iron-ganesh-votive-candle-holder-p-50599.html HTTP/1.0" 200 75697 "-" "Mozilla/5.0 (compatible; SemrushBot/7~bl; +http://www.semrush.com/bot.html)"
157.90.177.217 - - [12/Oct/2022:04:16:59 +0200] "GET /magnet-lavender-p-30711.html HTTP/1.0" 200 76593 "-" "Mozilla/5.0 (compatible; BLEXBot/1.0; +http://webmeup-crawler.com/)"
65.108.125.120 - - [12/Oct/2022:04:17:03 +0200] "GET /robots.txt HTTP/1.0" 200 245 "-" "Mozilla/5.0 (compatible; MJ12bot/v1.4.8; http://mj12bot.com/)"
65.108.125.120 - - [12/Oct/2022:04:17:05 +0200] "GET /protecting-cotton-pillow-anti-dust-mite-p-48985.html HTTP/1.0" 200 72420 "-" "Mozilla/5.0 (compatible; MJ12bot/v1.4.8; http://mj12bot.com/)"
54.36.148.157 - - [12/Oct/2022:04:17:07 +0200] "GET /flower-pots-c-13_275.html?page=16 HTTP/1.0" 200 88038 "-" "Mozilla/5.0 (compatible; AhrefsBot/7.0; +http://ahrefs.com/robot/)"
65.108.125.120 - - [12/Oct/2022:04:17:08 +0200] "GET /protecting-cotton-pillow-anti-dust-mite-p-48986.html HTTP/1.0" 200 72420 "-" "Mozilla/5.0 (compatible; MJ12bot/v1.4.8; http://mj12bot.com/)"
54.36.149.69 - - [12/Oct/2022:04:17:12 +0200] "GET /images/mini_prod/8445146038845.jpg HTTP/1.0" 200 269 "-" "Mozilla/5.0 (compatible; AhrefsBot/7.0; +http://ahrefs.com/robot/)"
54.36.148.163 - - [12/Oct/2022:04:17:12 +0200] "GET /images/mini_prod/5400924014322.jpg HTTP/1.0" 200 269 "-" "Mozilla/5.0 (compatible; AhrefsBot/7.0; +http://ahrefs.com/robot/)"
54.36.149.81 - - [12/Oct/2022:04:17:12 +0200] "GET /images/mini_prod/5400924218430.jpg HTTP/1.0" 200 269 "-" "Mozilla/5.0 (compatible; AhrefsBot/7.0; +http://ahrefs.com/robot/)"
54.36.148.206 - - [12/Oct/2022:04:17:12 +0200] "GET /images/mini_prod/5415203961891.jpg HTTP/1.0" 200 269 "-" "Mozilla/5.0 (compatible; AhrefsBot/7.0; +http://ahrefs.com/robot/)"
54.36.148.22 - - [12/Oct/2022:04:17:13 +0200] "GET /images/mini_prod/5400924218416.jpg HTTP/1.0" 200 269 "-" "Mozilla/5.0 (compatible; AhrefsBot/7.0; +http://ahrefs.com/robot/)"
54.36.148.69 - - [12/Oct/2022:04:17:13 +0200] "GET /images/mini_prod/9349878009298.jpg HTTP/1.0" 200 269 "-" "Mozilla/5.0 (compatible; AhrefsBot/7.0; +http://ahrefs.com/robot/)"
65.108.125.120 - - [12/Oct/2022:04:17:12 +0200] "GET /protecting-cotton-pillow-boil-p-48984.html HTTP/1.0" 200 72384 "-" "Mozilla/5.0 (compatible; MJ12bot/v1.4.8; http://mj12bot.com/)"
54.36.148.7 - - [12/Oct/2022:04:17:13 +0200] "GET /images/mini_prod/8433933246832.jpg HTTP/1.0" 200 269 "-" "Mozilla/5.0 (compatible; AhrefsBot/7.0; +http://ahrefs.com/robot/)"
54.36.148.116 - - [12/Oct/2022:04:17:13 +0200] "GET /images/mini_prod/5415203985118.jpg HTTP/1.0" 200 269 "-" "Mozilla/5.0 (compatible; AhrefsBot/7.0; +http://ahrefs.com/robot/)"
54.36.148.196 - - [12/Oct/2022:04:17:13 +0200] "GET /js/modernizr-transitions.js HTTP/1.0" 200 267 "-" "Mozilla/5.0 (compatible; AhrefsBot/7.0; +http://ahrefs.com/robot/)"
54.36.148.46 - - [12/Oct/2022:04:17:13 +0200] "GET /js/jquery.masonry.min.js HTTP/1.0" 200 264 "-" "Mozilla/5.0 (compatible; AhrefsBot/7.0; +http://ahrefs.com/robot/)"
54.36.148.2 - - [12/Oct/2022:04:17:13 +0200] "GET /js/jquery.min.js HTTP/1.0" 404 1308 "-" "Mozilla/5.0 (compatible; AhrefsBot/7.0; +http://ahrefs.com/robot/)"
54.36.148.180 - - [12/Oct/2022:04:17:13 +0200] "GET /images/mini_prod/8422018290419.jpg HTTP/1.0" 200 269 "-" "Mozilla/5.0 (compatible; AhrefsBot/7.0; +http://ahrefs.com/robot/)"
157.90.177.217 - - [12/Oct/2022:04:17:13 +0200] "GET /magnet-little-prince-exupery-p-51219.html HTTP/1.0" 200 74966 "-" "Mozilla/5.0 (compatible; BLEXBot/1.0; +http://webmeup-crawler.com/)"
65.108.125.120 - - [12/Oct/2022:04:17:15 +0200] "GET /protecting-cotton-pillow-boil-p-48987.html HTTP/1.0" 200 72384 "-" "Mozilla/5.0 (compatible; MJ12bot/v1.4.8; http://mj12bot.com/)"
65.108.125.120 - - [12/Oct/2022:04:17:17 +0200] "GET /provence-beige-sponge-holder-p-34502.html HTTP/1.0" 301 72315 "-" "Mozilla/5.0 (compatible; MJ12bot/v1.4.8; http://mj12bot.com/)"
65.108.125.120 - - [12/Oct/2022:04:17:20 +0200] "GET /-p-34502.html HTTP/1.0" 200 72248 "-" "Mozilla/5.0 (compatible; MJ12bot/v1.4.8; http://mj12bot.com/)"
65.108.125.120 - - [12/Oct/2022:04:17:23 +0200] "GET /provence-enamelled-key-ring-p-46909.html HTTP/1.0" 301 75633 "-" "Mozilla/5.0 (compatible; MJ12bot/v1.4.8; http://mj12bot.com/)"
65.108.125.120 - - [12/Oct/2022:04:17:26 +0200] "GET /provence-enamelled-ring-p-46909.html HTTP/1.0" 200 75543 "-" "Mozilla/5.0 (compatible; MJ12bot/v1.4.8; http://mj12bot.com/)"
157.90.177.217 - - [12/Oct/2022:04:17:27 +0200] "GET /magnet-made-france-lavender-p-39446.html HTTP/1.0" 200 75020 "-" "Mozilla/5.0 (compatible; BLEXBot/1.0; +http://webmeup-crawler.com/)"
65.108.125.120 - - [12/Oct/2022:04:17:28 +0200] "GET /provence-enamelled-key-ring-p-46911.html HTTP/1.0" 301 75633 "-" "Mozilla/5.0 (compatible; MJ12bot/v1.4.8; http://mj12bot.com/)"
65.108.125.120 - - [12/Oct/2022:04:17:32 +0200] "GET /provence-enamelled-ring-p-46911.html HTTP/1.0" 200 75543 "-" "Mozilla/5.0 (compatible; MJ12bot/v1.4.8; http://mj12bot.com/)"
65.108.125.120 - - [12/Oct/2022:04:17:35 +0200] "GET /provence-enamelled-ring-p-46909.html HTTP/1.0" 200 75543 "-" "Mozilla/5.0 (compatible; MJ12bot/v1.4.8; http://mj12bot.com/)"
65.108.125.120 - - [12/Oct/2022:04:17:38 +0200] "GET /provence-enamelled-ring-p-46911.html HTTP/1.0" 200 75543 "-" "Mozilla/5.0 (compatible; MJ12bot/v1.4.8; http://mj12bot.com/)"
65.108.125.120 - - [12/Oct/2022:04:17:41 +0200] "GET /provence-lavender-parma-bath-soap-dish-p-35107.html HTTP/1.0" 301 72315 "-" "Mozilla/5.0 (compatible; MJ12bot/v1.4.8; http://mj12bot.com/)"
157.90.177.217 - - [12/Oct/2022:04:17:41 +0200] "GET /magnet-maman-parfaite-p-57086.html HTTP/1.0" 200 75492 "-" "Mozilla/5.0 (compatible; BLEXBot/1.0; +http://webmeup-crawler.com/)"
65.108.125.120 - - [12/Oct/2022:04:17:44 +0200] "GET /-p-35107.html HTTP/1.0" 200 72248 "-" "Mozilla/5.0 (compatible; MJ12bot/v1.4.8; http://mj12bot.com/)"
65.108.125.120 - - [12/Oct/2022:04:17:47 +0200] "GET /provence-little-tray-21-14-cm-p-51672.html HTTP/1.0" 301 75053 "-" "Mozilla/5.0 (compatible; MJ12bot/v1.4.8; http://mj12bot.com/)"
185.191.171.34 - - [12/Oct/2022:04:17:49 +0200] "GET /silver-beige-bashia-table-lamp-p-54614.html HTTP/1.0" 200 76078 "-" "Mozilla/5.0 (compatible; SemrushBot/7~bl; +http://www.semrush.com/bot.html)"
65.108.125.120 - - [12/Oct/2022:04:17:50 +0200] "GET /provence-little-tray-p-51672.html HTTP/1.0" 200 74966 "-" "Mozilla/5.0 (compatible; MJ12bot/v1.4.8; http://mj12bot.com/)"
65.108.125.120 - - [12/Oct/2022:04:17:54 +0200] "GET /provence-little-tray-p-51672.html HTTP/1.0" 200 74966 "-" "Mozilla/5.0 (compatible; MJ12bot/v1.4.8; http://mj12bot.com/)"
185.191.171.12 - - [12/Oct/2022:04:17:56 +0200] "GET /gold-resin-bear-bookend-p-58633.html HTTP/1.0" 200 75846 "-" "Mozilla/5.0 (compatible; SemrushBot/7~bl; +http://www.semrush.com/bot.html)"
157.90.177.217 - - [12/Oct/2022:04:17:56 +0200] "GET /magnet-relief-little-prince-exupery-p-48346.html HTTP/1.0" 200 75065 "-" "Mozilla/5.0 (compatible; BLEXBot/1.0; +http://webmeup-crawler.com/)"
65.108.125.120 - - [12/Oct/2022:04:17:57 +0200] "GET /provence-marseille-toothbrush-p-36612.html HTTP/1.0" 200 74988 "-" "Mozilla/5.0 (compatible; MJ12bot/v1.4.8; http://mj12bot.com/)"
65.108.125.120 - - [12/Oct/2022:04:18:01 +0200] "GET /provence-marseille-toothbrush-pot-p-36612.html HTTP/1.0" 301 75084 "-" "Mozilla/5.0 (compatible; MJ12bot/v1.4.8; http://mj12bot.com/)"
65.108.125.120 - - [12/Oct/2022:04:18:04 +0200] "GET /provence-marseille-toothbrush-p-36612.html HTTP/1.0" 200 74988 "-" "Mozilla/5.0 (compatible; MJ12bot/v1.4.8; http://mj12bot.com/)"
65.108.125.120 - - [12/Oct/2022:04:18:06 +0200] "GET /provence-mug-p-29474.html HTTP/1.0" 301 74838 "-" "Mozilla/5.0 (compatible; MJ12bot/v1.4.8; http://mj12bot.com/)"
66.249.64.244 - - [12/Oct/2022:04:18:07 +0200] "GET /scented-candle-made-france-lavender-p-57034.html HTTP/1.0" 200 76475 "-" "Mozilla/5.0 (compatible; Googlebot/2.1; +http://www.google.com/bot.html)"
65.108.125.120 - - [12/Oct/2022:04:18:09 +0200] "GET /provence-p-29474.html HTTP/1.0" 200 74763 "-" "Mozilla/5.0 (compatible; MJ12bot/v1.4.8; http://mj12bot.com/)"
157.90.177.217 - - [12/Oct/2022:04:18:10 +0200] "GET /magnet-relief-little-prince-exupery-p-49210.html HTTP/1.0" 200 75663 "-" "Mozilla/5.0 (compatible; BLEXBot/1.0; +http://webmeup-crawler.com/)"
185.191.171.11 - - [12/Oct/2022:04:18:11 +0200] "GET /little-buddha-collection-keychain-p-53299.html HTTP/1.0" 200 74971 "-" "Mozilla/5.0 (compatible; SemrushBot/7~bl; +http://www.semrush.com/bot.html)"
65.108.125.120 - - [12/Oct/2022:04:18:12 +0200] "GET /provence-p-29474.html HTTP/1.0" 200 74763 "-" "Mozilla/5.0 (compatible; MJ12bot/v1.4.8; http://mj12bot.com/)"
65.108.125.120 - - [12/Oct/2022:04:18:15 +0200] "GET /provence-retro-tray-p-17265.html HTTP/1.0" 200 74889 "-" "Mozilla/5.0 (compatible; MJ12bot/v1.4.8; http://mj12bot.com/)"
65.108.125.120 - - [12/Oct/2022:04:18:18 +0200] "GET /provence-soap-dispenser-as-soap-p-39760.html HTTP/1.0" 301 72315 "-" "Mozilla/5.0 (compatible; MJ12bot/v1.4.8; http://mj12bot.com/)"
65.108.125.120 - - [12/Oct/2022:04:18:21 +0200] "GET /-p-39760.html HTTP/1.0" 200 72248 "-" "Mozilla/5.0 (compatible; MJ12bot/v1.4.8; http://mj12bot.com/)"
157.90.177.217 - - [12/Oct/2022:04:18:23 +0200] "GET /magnet-relief-yellow-tour-france-p-54974.html HTTP/1.0" 200 74977 "-" "Mozilla/5.0 (compatible; BLEXBot/1.0; +http://webmeup-crawler.com/)"
65.108.125.120 - - [12/Oct/2022:04:18:24 +0200] "GET /psg-backpack-p-27749.html HTTP/1.0" 301 72315 "-" "Mozilla/5.0 (compatible; MJ12bot/v1.4.8; http://mj12bot.com/)"
54.36.149.52 - - [12/Oct/2022:04:18:26 +0200] "GET /heart-home-stick-diffuser-patchouli-guaiac-wood-p-57267.html HTTP/1.0" 200 76000 "-" "Mozilla/5.0 (compatible; AhrefsBot/7.0; +http://ahrefs.com/robot/)"
65.108.125.120 - - [12/Oct/2022:04:18:28 +0200] "GET /-p-27749.html HTTP/1.0" 200 72248 "-" "Mozilla/5.0 (compatible; MJ12bot/v1.4.8; http://mj12bot.com/)"
65.108.125.120 - - [12/Oct/2022:04:18:30 +0200] "GET /pucca-metal-money-box-p-3377.html HTTP/1.0" 301 72312 "-" "Mozilla/5.0 (compatible; MJ12bot/v1.4.8; http://mj12bot.com/)"
54.36.148.138 - - [12/Oct/2022:04:18:34 +0200] "GET /images/big_prod/5051276416656.jpg HTTP/1.0" 200 268 "-" "Mozilla/5.0 (compatible; AhrefsBot/7.0; +http://ahrefs.com/robot/)"
65.108.125.120 - - [12/Oct/2022:04:18:33 +0200] "GET /-p-3377.html HTTP/1.0" 200 72246 "-" "Mozilla/5.0 (compatible; MJ12bot/v1.4.8; http://mj12bot.com/)"
65.108.125.120 - - [12/Oct/2022:04:18:36 +0200] "GET /pucca-pairs-of-bobby-socks-size-23-26-p-25668.html HTTP/1.0" 301 72315 "-" "Mozilla/5.0 (compatible; MJ12bot/v1.4.8; http://mj12bot.com/)"
157.90.177.217 - - [12/Oct/2022:04:18:37 +0200] "GET /magnet-resin-camembert-petit-made-france-p-39120.html HTTP/1.0" 200 76029 "-" "Mozilla/5.0 (compatible; BLEXBot/1.0; +http://webmeup-crawler.com/)"
65.108.125.120 - - [12/Oct/2022:04:18:39 +0200] "GET /-p-25668.html HTTP/1.0" 200 72248 "-" "Mozilla/5.0 (compatible; MJ12bot/v1.4.8; http://mj12bot.com/)"
65.108.125.120 - - [12/Oct/2022:04:18:41 +0200] "GET /pucca-pairs-of-bobby-socks-size-23-26-p-25706.html HTTP/1.0" 301 72315 "-" "Mozilla/5.0 (compatible; MJ12bot/v1.4.8; http://mj12bot.com/)"
65.108.125.120 - - [12/Oct/2022:04:18:44 +0200] "GET /-p-25706.html HTTP/1.0" 200 72248 "-" "Mozilla/5.0 (compatible; MJ12bot/v1.4.8; http://mj12bot.com/)"
65.108.125.120 - - [12/Oct/2022:04:18:47 +0200] "GET /pucca-pairs-of-bobby-socks-size-27-30-p-25669.html HTTP/1.0" 301 72315 "-" "Mozilla/5.0 (compatible; MJ12bot/v1.4.8; http://mj12bot.com/)"
65.108.125.120 - - [12/Oct/2022:04:18:50 +0200] "GET /-p-25669.html HTTP/1.0" 200 72248 "-" "Mozilla/5.0 (compatible; MJ12bot/v1.4.8; http://mj12bot.com/)"
157.90.177.217 - - [12/Oct/2022:04:18:51 +0200] "GET /magnet-resin-plaisirs-france-made-france-p-39447.html HTTP/1.0" 200 75143 "-" "Mozilla/5.0 (compatible; BLEXBot/1.0; +http://webmeup-crawler.com/)"
65.108.125.120 - - [12/Oct/2022:04:18:53 +0200] "GET /pucca-pairs-of-socks-size-23-26-p-25720.html HTTP/1.0" 301 72315 "-" "Mozilla/5.0 (compatible; MJ12bot/v1.4.8; http://mj12bot.com/)"
65.108.125.120 - - [12/Oct/2022:04:18:55 +0200] "GET /-p-25720.html HTTP/1.0" 200 72248 "-" "Mozilla/5.0 (compatible; MJ12bot/v1.4.8; http://mj12bot.com/)"
65.108.125.120 - - [12/Oct/2022:04:18:58 +0200] "GET /pucca-pairs-of-socks-size-31-34-p-25726.html HTTP/1.0" 301 72315 "-" "Mozilla/5.0 (compatible; MJ12bot/v1.4.8; http://mj12bot.com/)"
65.108.125.120 - - [12/Oct/2022:04:19:01 +0200] "GET /-p-25726.html HTTP/1.0" 200 72248 "-" "Mozilla/5.0 (compatible; MJ12bot/v1.4.8; http://mj12bot.com/)"
65.108.125.120 - - [12/Oct/2022:04:19:04 +0200] "GET /pucca-round-pencil-case-p-24397.html HTTP/1.0" 200 75033 "-" "Mozilla/5.0 (compatible; MJ12bot/v1.4.8; http://mj12bot.com/)"
157.90.177.217 - - [12/Oct/2022:04:19:05 +0200] "GET /magnet-singing-tassen-made-germany-p-56781.html HTTP/1.0" 200 75938 "-" "Mozilla/5.0 (compatible; BLEXBot/1.0; +http://webmeup-crawler.com/)"
65.108.125.120 - - [12/Oct/2022:04:19:06 +0200] "GET /pucca-round-pencil-case-p-3095.html HTTP/1.0" 301 72312 "-" "Mozilla/5.0 (compatible; MJ12bot/v1.4.8; http://mj12bot.com/)"
65.108.125.120 - - [12/Oct/2022:04:19:10 +0200] "GET /-p-3095.html HTTP/1.0" 200 72246 "-" "Mozilla/5.0 (compatible; MJ12bot/v1.4.8; http://mj12bot.com/)"
65.108.125.120 - - [12/Oct/2022:04:19:13 +0200] "GET /pucca-table-p-1202.html HTTP/1.0" 301 72312 "-" "Mozilla/5.0 (compatible; MJ12bot/v1.4.8; http://mj12bot.com/)"
65.108.125.120 - - [12/Oct/2022:04:19:16 +0200] "GET /-p-1202.html HTTP/1.0" 200 72246 "-" "Mozilla/5.0 (compatible; MJ12bot/v1.4.8; http://mj12bot.com/)"
65.108.125.120 - - [12/Oct/2022:04:19:19 +0200] "GET /pulp-fiction-zombis-poster-p-32264.html HTTP/1.0" 200 74929 "-" "Mozilla/5.0 (compatible; MJ12bot/v1.4.8; http://mj12bot.com/)"
157.90.177.217 - - [12/Oct/2022:04:19:19 +0200] "GET /magnet-tasty-tassen-made-germany-p-47558.html HTTP/1.0" 200 75926 "-" "Mozilla/5.0 (compatible; BLEXBot/1.0; +http://webmeup-crawler.com/)"
65.108.125.120 - - [12/Oct/2022:04:19:21 +0200] "GET /puppies-stickers-p-32985.html HTTP/1.0" 301 72315 "-" "Mozilla/5.0 (compatible; MJ12bot/v1.4.8; http://mj12bot.com/)"
65.108.125.120 - - [12/Oct/2022:04:19:25 +0200] "GET /-p-32985.html HTTP/1.0" 200 72248 "-" "Mozilla/5.0 (compatible; MJ12bot/v1.4.8; http://mj12bot.com/)"
65.108.125.120 - - [12/Oct/2022:04:19:28 +0200] "GET /puppy-cushion-p-24924.html HTTP/1.0" 301 72315 "-" "Mozilla/5.0 (compatible; MJ12bot/v1.4.8; http://mj12bot.com/)"
65.108.125.120 - - [12/Oct/2022:04:19:31 +0200] "GET /-p-24924.html HTTP/1.0" 200 72248 "-" "Mozilla/5.0 (compatible; MJ12bot/v1.4.8; http://mj12bot.com/)"
65.108.125.120 - - [12/Oct/2022:04:19:33 +0200] "GET /puppy-embroidered-cushion-and-removable-40-40-cm-p-32876.html HTTP/1.0" 301 72315 "-" "Mozilla/5.0 (compatible; MJ12bot/v1.4.8; http://mj12bot.com/)"
157.90.177.217 - - [12/Oct/2022:04:19:34 +0200] "GET /magnet-tour-france-p-51687.html HTTP/1.0" 200 74846 "-" "Mozilla/5.0 (compatible; BLEXBot/1.0; +http://webmeup-crawler.com/)"
65.108.125.120 - - [12/Oct/2022:04:19:36 +0200] "GET /-p-32876.html HTTP/1.0" 200 72248 "-" "Mozilla/5.0 (compatible; MJ12bot/v1.4.8; http://mj12bot.com/)"
65.108.125.120 - - [12/Oct/2022:04:19:40 +0200] "GET /puppy-eyelets-curtain-p-36348.html HTTP/1.0" 301 72315 "-" "Mozilla/5.0 (compatible; MJ12bot/v1.4.8; http://mj12bot.com/)"
65.108.125.120 - - [12/Oct/2022:04:19:43 +0200] "GET /-p-36348.html HTTP/1.0" 200 72248 "-" "Mozilla/5.0 (compatible; MJ12bot/v1.4.8; http://mj12bot.com/)"
65.108.125.120 - - [12/Oct/2022:04:19:46 +0200] "GET /puppy-mug-p-27599.html HTTP/1.0" 301 74804 "-" "Mozilla/5.0 (compatible; MJ12bot/v1.4.8; http://mj12bot.com/)"
65.108.125.120 - - [12/Oct/2022:04:19:49 +0200] "GET /puppy-p-27599.html HTTP/1.0" 200 74732 "-" "Mozilla/5.0 (compatible; MJ12bot/v1.4.8; http://mj12bot.com/)"
157.90.177.217 - - [12/Oct/2022:04:19:49 +0200] "GET /magnet-winking-tassen-made-germany-p-56783.html HTTP/1.0" 200 75939 "-" "Mozilla/5.0 (compatible; BLEXBot/1.0; +http://webmeup-crawler.com/)"
65.108.125.120 - - [12/Oct/2022:04:19:52 +0200] "GET /puppy-p-27599.html HTTP/1.0" 200 74732 "-" "Mozilla/5.0 (compatible; MJ12bot/v1.4.8; http://mj12bot.com/)"
157.55.39.231 - - [12/Oct/2022:04:19:54 +0200] "GET /money-unicorn-p-56375.html HTTP/1.0" 200 72318 "-" "Mozilla/5.0 (compatible; bingbot/2.0; +http://www.bing.com/bingbot.htm)"
54.36.148.177 - - [12/Oct/2022:04:19:55 +0200] "GET /collectible-figurines-decorative-c-13_135.html?page=37 HTTP/1.0" 200 81826 "-" "Mozilla/5.0 (compatible; AhrefsBot/7.0; +http://ahrefs.com/robot/)"
65.108.125.120 - - [12/Oct/2022:04:19:55 +0200] "GET /purple-brush-with-horse-caramel-p-24953.html HTTP/1.0" 301 72315 "-" "Mozilla/5.0 (compatible; MJ12bot/v1.4.8; http://mj12bot.com/)"
54.36.148.110 - - [12/Oct/2022:04:19:59 +0200] "GET /images/mini_prod/8717202559763.jpg HTTP/1.0" 200 269 "-" "Mozilla/5.0 (compatible; AhrefsBot/7.0; +http://ahrefs.com/robot/)"
65.108.125.120 - - [12/Oct/2022:04:19:59 +0200] "GET /-p-24953.html HTTP/1.0" 200 72248 "-" "Mozilla/5.0 (compatible; MJ12bot/v1.4.8; http://mj12bot.com/)"
65.108.125.120 - - [12/Oct/2022:04:20:02 +0200] "GET /purple-brush-with-white-horse-p-34816.html HTTP/1.0" 200 75577 "-" "Mozilla/5.0 (compatible; MJ12bot/v1.4.8; http://mj12bot.com/)"
157.90.177.217 - - [12/Oct/2022:04:20:05 +0200] "GET /magneti-stick-dressing-janod-p-20544.html HTTP/1.0" 200 75078 "-" "Mozilla/5.0 (compatible; BLEXBot/1.0; +http://webmeup-crawler.com/)"
65.108.125.120 - - [12/Oct/2022:04:20:06 +0200] "GET /purple-cushion-personalized-valentine-days-p-17707.html HTTP/1.0" 301 72315 "-" "Mozilla/5.0 (compatible; MJ12bot/v1.4.8; http://mj12bot.com/)"
65.108.125.120 - - [12/Oct/2022:04:20:10 +0200] "GET /-p-17707.html HTTP/1.0" 200 72248 "-" "Mozilla/5.0 (compatible; MJ12bot/v1.4.8; http://mj12bot.com/)"
65.108.125.120 - - [12/Oct/2022:04:20:13 +0200] "GET /purr-fection-marie-figure-collection-p-13283.html HTTP/1.0" 301 72315 "-" "Mozilla/5.0 (compatible; MJ12bot/v1.4.8; http://mj12bot.com/)"
65.108.125.120 - - [12/Oct/2022:04:20:16 +0200] "GET /-p-13283.html HTTP/1.0" 200 72248 "-" "Mozilla/5.0 (compatible; MJ12bot/v1.4.8; http://mj12bot.com/)"
185.191.171.8 - - [12/Oct/2022:04:20:16 +0200] "GET /mini-trays-c-12_159_260.html?page=3 HTTP/1.0" 200 94246 "-" "Mozilla/5.0 (compatible; SemrushBot/7~bl; +http://www.semrush.com/bot.html)"
65.108.125.120 - - [12/Oct/2022:04:20:18 +0200] "GET /pusheen-the-grey-cat-soft-toy-36-cm-p-42084.html HTTP/1.0" 301 72315 "-" "Mozilla/5.0 (compatible; MJ12bot/v1.4.8; http://mj12bot.com/)"
157.90.177.217 - - [12/Oct/2022:04:20:19 +0200] "GET /magnetic-decoration-hourglass-p-57518.html HTTP/1.0" 200 76217 "-" "Mozilla/5.0 (compatible; BLEXBot/1.0; +http://webmeup-crawler.com/)"
65.108.125.120 - - [12/Oct/2022:04:20:22 +0200] "GET /-p-42084.html HTTP/1.0" 200 72248 "-" "Mozilla/5.0 (compatible; MJ12bot/v1.4.8; http://mj12bot.com/)"
65.108.125.120 - - [12/Oct/2022:04:20:25 +0200] "GET /pusheen-the-grey-cat-with-tomato-chips-soft-toy-24-cm-p-40019.html HTTP/1.0" 301 72315 "-" "Mozilla/5.0 (compatible; MJ12bot/v1.4.8; http://mj12bot.com/)"
66.249.64.242 - - [12/Oct/2022:04:20:26 +0200] "GET /attention-chat-bizarre-metal-plate-deco-p-53432.html HTTP/1.0" 200 75569 "-" "Mozilla/5.0 (compatible; Googlebot/2.1; +http://www.google.com/bot.html)"
65.108.125.120 - - [12/Oct/2022:04:20:27 +0200] "GET /-p-40019.html HTTP/1.0" 200 72248 "-" "Mozilla/5.0 (compatible; MJ12bot/v1.4.8; http://mj12bot.com/)"
65.108.125.120 - - [12/Oct/2022:04:20:31 +0200] "GET /quebec-clock-by-cbkreation-p-24406.html HTTP/1.0" 301 74969 "-" "Mozilla/5.0 (compatible; MJ12bot/v1.4.8; http://mj12bot.com/)"
157.90.177.217 - - [12/Oct/2022:04:20:34 +0200] "GET /magnetic-globe-p-51890.html HTTP/1.0" 200 75473 "-" "Mozilla/5.0 (compatible; BLEXBot/1.0; +http://webmeup-crawler.com/)"
65.108.125.120 - - [12/Oct/2022:04:20:34 +0200] "GET /quebec-clock-cbkreation-p-24406.html HTTP/1.0" 200 74879 "-" "Mozilla/5.0 (compatible; MJ12bot/v1.4.8; http://mj12bot.com/)"
65.108.125.120 - - [12/Oct/2022:04:20:38 +0200] "GET /quebec-cookware-cbkreation-p-29711.html HTTP/1.0" 200 74920 "-" "Mozilla/5.0 (compatible; MJ12bot/v1.4.8; http://mj12bot.com/)"
185.191.171.11 - - [12/Oct/2022:04:20:40 +0200] "GET /little-prince-plane-figurine-p-47070.html HTTP/1.0" 200 75726 "-" "Mozilla/5.0 (compatible; SemrushBot/7~bl; +http://www.semrush.com/bot.html)"
65.108.125.120 - - [12/Oct/2022:04:20:41 +0200] "GET /quebec-pot-cookware-cbkreation-p-29711.html HTTP/1.0" 301 75013 "-" "Mozilla/5.0 (compatible; MJ12bot/v1.4.8; http://mj12bot.com/)"
65.108.125.120 - - [12/Oct/2022:04:20:44 +0200] "GET /quebec-cookware-cbkreation-p-29711.html HTTP/1.0" 200 74920 "-" "Mozilla/5.0 (compatible; MJ12bot/v1.4.8; http://mj12bot.com/)"
185.191.171.36 - - [12/Oct/2022:04:20:45 +0200] "GET /accessories-c-3.html?page=53 HTTP/1.0" 200 86636 "-" "Mozilla/5.0 (compatible; SemrushBot/7~bl; +http://www.semrush.com/bot.html)"
65.108.125.120 - - [12/Oct/2022:04:20:47 +0200] "GET /queen-poster-p-22665.html HTTP/1.0" 301 72315 "-" "Mozilla/5.0 (compatible; MJ12bot/v1.4.8; http://mj12bot.com/)"
157.90.177.217 - - [12/Oct/2022:04:20:47 +0200] "GET /magnetic-notebook-mani-lucky-p-49917.html HTTP/1.0" 200 75043 "-" "Mozilla/5.0 (compatible; BLEXBot/1.0; +http://webmeup-crawler.com/)"
185.191.171.10 - - [12/Oct/2022:04:20:49 +0200] "GET /decorative-statuette-p-54214.html HTTP/1.0" 200 72326 "-" "Mozilla/5.0 (compatible; SemrushBot/7~bl; +http://www.semrush.com/bot.html)"
65.108.125.120 - - [12/Oct/2022:04:20:50 +0200] "GET /-p-22665.html HTTP/1.0" 200 72248 "-" "Mozilla/5.0 (compatible; MJ12bot/v1.4.8; http://mj12bot.com/)"
185.191.171.17 - - [12/Oct/2022:04:20:52 +0200] "GET /eiffel-tower-paris-glass-ashtray-p-48206.html HTTP/1.0" 200 76727 "-" "Mozilla/5.0 (compatible; SemrushBot/7~bl; +http://www.semrush.com/bot.html)"
65.108.125.120 - - [12/Oct/2022:04:20:52 +0200] "GET /rainbow-mickey-mouse-figurine-p-57246.html HTTP/1.0" 200 76507 "-" "Mozilla/5.0 (compatible; MJ12bot/v1.4.8; http://mj12bot.com/)"
65.108.125.120 - - [12/Oct/2022:04:20:55 +0200] "GET /raspberry-donut-necklace-p-15327.html HTTP/1.0" 301 72315 "-" "Mozilla/5.0 (compatible; MJ12bot/v1.4.8; http://mj12bot.com/)"
65.108.125.120 - - [12/Oct/2022:04:20:58 +0200] "GET /-p-15327.html HTTP/1.0" 200 72248 "-" "Mozilla/5.0 (compatible; MJ12bot/v1.4.8; http://mj12bot.com/)"
65.108.125.120 - - [12/Oct/2022:04:21:01 +0200] "GET /rattan-baskets-44-cm-p-45461.html HTTP/1.0" 301 72315 "-" "Mozilla/5.0 (compatible; MJ12bot/v1.4.8; http://mj12bot.com/)"
157.90.177.217 - - [12/Oct/2022:04:21:01 +0200] "GET /magnets-c-13_134.html?page=1 HTTP/1.0" 200 93670 "-" "Mozilla/5.0 (compatible; BLEXBot/1.0; +http://webmeup-crawler.com/)"
65.108.125.120 - - [12/Oct/2022:04:21:04 +0200] "GET /-p-45461.html HTTP/1.0" 200 72248 "-" "Mozilla/5.0 (compatible; MJ12bot/v1.4.8; http://mj12bot.com/)"
157.55.39.231 - - [12/Oct/2022:04:21:05 +0200] "GET /incense-satya-champa-grams-about-sticks-p-56479.html HTTP/1.0" 200 75450 "-" "Mozilla/5.0 AppleWebKit/537.36 (KHTML, like Gecko; compatible; bingbot/2.0; +http://www.bing.com/bingbot.htm) Chrome/103.0.5060.134 Safari/537.36"
65.108.125.120 - - [12/Oct/2022:04:21:08 +0200] "GET /rattan-baskets-55-cm-p-45461.html HTTP/1.0" 301 72315 "-" "Mozilla/5.0 (compatible; MJ12bot/v1.4.8; http://mj12bot.com/)"
65.108.125.120 - - [12/Oct/2022:04:21:11 +0200] "GET /-p-45461.html HTTP/1.0" 200 72248 "-" "Mozilla/5.0 (compatible; MJ12bot/v1.4.8; http://mj12bot.com/)"
54.36.148.150 - - [12/Oct/2022:04:21:12 +0200] "GET /verrine-unit-p-53426.html HTTP/1.0" 200 74891 "-" "Mozilla/5.0 (compatible; AhrefsBot/7.0; +http://ahrefs.com/robot/)"
65.108.125.120 - - [12/Oct/2022:04:21:14 +0200] "GET /raving-rabbids-maxi-sticker-deco-p-29532.html HTTP/1.0" 301 72315 "-" "Mozilla/5.0 (compatible; MJ12bot/v1.4.8; http://mj12bot.com/)"
157.90.177.217 - - [12/Oct/2022:04:21:17 +0200] "GET /magnets-french-riviera-p-48341.html HTTP/1.0" 200 74992 "-" "Mozilla/5.0 (compatible; BLEXBot/1.0; +http://webmeup-crawler.com/)"
65.108.125.120 - - [12/Oct/2022:04:21:18 +0200] "GET /-p-29532.html HTTP/1.0" 200 72248 "-" "Mozilla/5.0 (compatible; MJ12bot/v1.4.8; http://mj12bot.com/)"
65.108.125.120 - - [12/Oct/2022:04:21:22 +0200] "GET /raving-rabbids-pencil-bag-games-p-12168.html HTTP/1.0" 301 72315 "-" "Mozilla/5.0 (compatible; MJ12bot/v1.4.8; http://mj12bot.com/)"
65.108.125.120 - - [12/Oct/2022:04:21:24 +0200] "GET /-p-12168.html HTTP/1.0" 200 72248 "-" "Mozilla/5.0 (compatible; MJ12bot/v1.4.8; http://mj12bot.com/)"
65.108.125.120 - - [12/Oct/2022:04:21:27 +0200] "GET /raving-rabbids-valentine-soft-toy-p-20818.html HTTP/1.0" 301 72315 "-" "Mozilla/5.0 (compatible; MJ12bot/v1.4.8; http://mj12bot.com/)"
185.191.171.3 - - [12/Oct/2022:04:21:28 +0200] "GET /breakfast-board-tassen-made-germany-p-54702.html HTTP/1.0" 200 76228 "-" "Mozilla/5.0 (compatible; SemrushBot/7~bl; +http://www.semrush.com/bot.html)"
65.108.125.120 - - [12/Oct/2022:04:21:30 +0200] "GET /-p-20818.html HTTP/1.0" 200 72248 "-" "Mozilla/5.0 (compatible; MJ12bot/v1.4.8; http://mj12bot.com/)"
157.90.177.217 - - [12/Oct/2022:04:21:31 +0200] "GET /magnets-gogh-p-48342.html HTTP/1.0" 200 75561 "-" "Mozilla/5.0 (compatible; BLEXBot/1.0; +http://webmeup-crawler.com/)"
65.108.125.120 - - [12/Oct/2022:04:21:34 +0200] "GET /raving-rabbit-round-pencil-case-p-13345.html HTTP/1.0" 301 72315 "-" "Mozilla/5.0 (compatible; MJ12bot/v1.4.8; http://mj12bot.com/)"
71.233.130.81 - - [12/Oct/2022:04:21:37 +0200] "GET /kimmidoll-hobo-satin-collection-p-13371.html HTTP/1.0" 200 75446 "-" "Mozilla/5.0 (iPhone; CPU iPhone OS 16_0 like Mac OS X) AppleWebKit/605.1.15 (KHTML, like Gecko) Version/16.0 Mobile/15E148 Safari/604.1"
71.233.130.81 - - [12/Oct/2022:04:21:39 +0200] "GET /highslide/highslide.js HTTP/1.0" 200 262 "http://www.wonder-geek.com/kimmidoll-hobo-satin-collection-p-13371.html" "Mozilla/5.0 (iPhone; CPU iPhone OS 16_0 like Mac OS X) AppleWebKit/605.1.15 (KHTML, like Gecko) Version/16.0 Mobile/15E148 Safari/604.1"
71.233.130.81 - - [12/Oct/2022:04:21:39 +0200] "GET /js/jquery.js HTTP/1.0" 200 252 "http://www.wonder-geek.com/kimmidoll-hobo-satin-collection-p-13371.html" "Mozilla/5.0 (iPhone; CPU iPhone OS 16_0 like Mac OS X) AppleWebKit/605.1.15 (KHTML, like Gecko) Version/16.0 Mobile/15E148 Safari/604.1"
71.233.130.81 - - [12/Oct/2022:04:21:39 +0200] "GET /templates/Pixame_v1/stylesheet.css HTTP/1.0" 200 267 "http://www.wonder-geek.com/kimmidoll-hobo-satin-collection-p-13371.html" "Mozilla/5.0 (iPhone; CPU iPhone OS 16_0 like Mac OS X) AppleWebKit/605.1.15 (KHTML, like Gecko) Version/16.0 Mobile/15E148 Safari/604.1"
71.233.130.81 - - [12/Oct/2022:04:21:39 +0200] "GET /mondial_relay/js/jquery-1.3.2.min.js HTTP/1.0" 200 276 "http://www.wonder-geek.com/kimmidoll-hobo-satin-collection-p-13371.html" "Mozilla/5.0 (iPhone; CPU iPhone OS 16_0 like Mac OS X) AppleWebKit/605.1.15 (KHTML, like Gecko) Version/16.0 Mobile/15E148 Safari/604.1"
71.233.130.81 - - [12/Oct/2022:04:21:39 +0200] "GET /js/jquery.jqzoom.js HTTP/1.0" 200 259 "http://www.wonder-geek.com/kimmidoll-hobo-satin-collection-p-13371.html" "Mozilla/5.0 (iPhone; CPU iPhone OS 16_0 like Mac OS X) AppleWebKit/605.1.15 (KHTML, like Gecko) Version/16.0 Mobile/15E148 Safari/604.1"
71.233.130.81 - - [12/Oct/2022:04:21:39 +0200] "GET /swfobject.js HTTP/1.0" 404 1308 "http://www.wonder-geek.com/kimmidoll-hobo-satin-collection-p-13371.html" "Mozilla/5.0 (iPhone; CPU iPhone OS 16_0 like Mac OS X) AppleWebKit/605.1.15 (KHTML, like Gecko) Version/16.0 Mobile/15E148 Safari/604.1"
71.233.130.81 - - [12/Oct/2022:04:21:40 +0200] "GET /templates/Pixame_v1/images/icon_accueil2.png HTTP/1.0" 200 278 "http://www.wonder-geek.com/kimmidoll-hobo-satin-collection-p-13371.html" "Mozilla/5.0 (iPhone; CPU iPhone OS 16_0 like Mac OS X) AppleWebKit/605.1.15 (KHTML, like Gecko) Version/16.0 Mobile/15E148 Safari/604.1"
71.233.130.81 - - [12/Oct/2022:04:21:40 +0200] "GET /templates/Pixame_v1/images/infobox/pixel_trans.gif HTTP/1.0" 200 328 "http://www.wonder-geek.com/kimmidoll-hobo-satin-collection-p-13371.html" "Mozilla/5.0 (iPhone; CPU iPhone OS 16_0 like Mac OS X) AppleWebKit/605.1.15 (KHTML, like Gecko) Version/16.0 Mobile/15E148 Safari/604.1"
71.233.130.81 - - [12/Oct/2022:04:21:40 +0200] "GET /templates/Pixame_v1/images/pixel_trans.gif HTTP/1.0" 200 328 "http://www.wonder-geek.com/kimmidoll-hobo-satin-collection-p-13371.html" "Mozilla/5.0 (iPhone; CPU iPhone OS 16_0 like Mac OS X) AppleWebKit/605.1.15 (KHTML, like Gecko) Version/16.0 Mobile/15E148 Safari/604.1"
71.233.130.81 - - [12/Oct/2022:04:21:40 +0200] "GET /images/pixel_trans.gif HTTP/1.0" 200 328 "http://www.wonder-geek.com/kimmidoll-hobo-satin-collection-p-13371.html" "Mozilla/5.0 (iPhone; CPU iPhone OS 16_0 like Mac OS X) AppleWebKit/605.1.15 (KHTML, like Gecko) Version/16.0 Mobile/15E148 Safari/604.1"
71.233.130.81 - - [12/Oct/2022:04:21:40 +0200] "GET /templates/Pixame_v1/images/Bottom_texture.jpg HTTP/1.0" 200 280 "http://www.wonder-geek.com/kimmidoll-hobo-satin-collection-p-13371.html" "Mozilla/5.0 (iPhone; CPU iPhone OS 16_0 like Mac OS X) AppleWebKit/605.1.15 (KHTML, like Gecko) Version/16.0 Mobile/15E148 Safari/604.1"
71.233.130.81 - - [12/Oct/2022:04:21:40 +0200] "GET /templates/Pixame_v1/images/Middle_texture.jpg HTTP/1.0" 200 280 "http://www.wonder-geek.com/kimmidoll-hobo-satin-collection-p-13371.html" "Mozilla/5.0 (iPhone; CPU iPhone OS 16_0 like Mac OS X) AppleWebKit/605.1.15 (KHTML, like Gecko) Version/16.0 Mobile/15E148 Safari/604.1"
71.233.130.81 - - [12/Oct/2022:04:21:40 +0200] "GET /images/8849233801259.jpg HTTP/1.0" 200 259 "http://www.wonder-geek.com/kimmidoll-hobo-satin-collection-p-13371.html" "Mozilla/5.0 (iPhone; CPU iPhone OS 16_0 like Mac OS X) AppleWebKit/605.1.15 (KHTML, like Gecko) Version/16.0 Mobile/15E148 Safari/604.1"
71.233.130.81 - - [12/Oct/2022:04:21:40 +0200] "GET /templates/Pixame_v1/images/infobox/infobox_footer_middle.gif HTTP/1.0" 200 357 "http://www.wonder-geek.com/kimmidoll-hobo-satin-collection-p-13371.html" "Mozilla/5.0 (iPhone; CPU iPhone OS 16_0 like Mac OS X) AppleWebKit/605.1.15 (KHTML, like Gecko) Version/16.0 Mobile/15E148 Safari/604.1"
71.233.130.81 - - [12/Oct/2022:04:21:40 +0200] "GET /templates/Pixame_v1/images/header.png HTTP/1.0" 200 271 "http://www.wonder-geek.com/kimmidoll-hobo-satin-collection-p-13371.html" "Mozilla/5.0 (iPhone; CPU iPhone OS 16_0 like Mac OS X) AppleWebKit/605.1.15 (KHTML, like Gecko) Version/16.0 Mobile/15E148 Safari/604.1"
71.233.130.81 - - [12/Oct/2022:04:21:40 +0200] "GET /templates/Pixame_v1/images/nav.png HTTP/1.0" 200 268 "http://www.wonder-geek.com/kimmidoll-hobo-satin-collection-p-13371.html" "Mozilla/5.0 (iPhone; CPU iPhone OS 16_0 like Mac OS X) AppleWebKit/605.1.15 (KHTML, like Gecko) Version/16.0 Mobile/15E148 Safari/604.1"
65.108.125.120 - - [12/Oct/2022:04:21:38 +0200] "GET /-p-13345.html HTTP/1.0" 200 72248 "-" "Mozilla/5.0 (compatible; MJ12bot/v1.4.8; http://mj12bot.com/)"
71.233.130.81 - - [12/Oct/2022:04:21:40 +0200] "GET /templates/Pixame_v1/images/buttons/english/button_in_cart.gif HTTP/1.0" 200 295 "http://www.wonder-geek.com/kimmidoll-hobo-satin-collection-p-13371.html" "Mozilla/5.0 (iPhone; CPU iPhone OS 16_0 like Mac OS X) AppleWebKit/605.1.15 (KHTML, like Gecko) Version/16.0 Mobile/15E148 Safari/604.1"
71.233.130.81 - - [12/Oct/2022:04:21:40 +0200] "GET /templates/Pixame_v1/images/header-object.png HTTP/1.0" 200 278 "http://www.wonder-geek.com/kimmidoll-hobo-satin-collection-p-13371.html" "Mozilla/5.0 (iPhone; CPU iPhone OS 16_0 like Mac OS X) AppleWebKit/605.1.15 (KHTML, like Gecko) Version/16.0 Mobile/15E148 Safari/604.1"
71.233.130.81 - - [12/Oct/2022:04:21:40 +0200] "GET /design/productsenstock.png HTTP/1.0" 200 260 "http://www.wonder-geek.com/kimmidoll-hobo-satin-collection-p-13371.html" "Mozilla/5.0 (iPhone; CPU iPhone OS 16_0 like Mac OS X) AppleWebKit/605.1.15 (KHTML, like Gecko) Version/16.0 Mobile/15E148 Safari/604.1"
71.233.130.81 - - [12/Oct/2022:04:21:41 +0200] "GET /highslide/graphics/zoomin.cur HTTP/1.0" 200 614 "http://www.wonder-geek.com/kimmidoll-hobo-satin-collection-p-13371.html" "Mozilla/5.0 (iPhone; CPU iPhone OS 16_0 like Mac OS X) AppleWebKit/605.1.15 (KHTML, like Gecko) Version/16.0 Mobile/15E148 Safari/604.1"
71.233.130.81 - - [12/Oct/2022:04:21:42 +0200] "GET /highslide/graphics/zoomout.cur HTTP/1.0" 200 614 "http://www.wonder-geek.com/kimmidoll-hobo-satin-collection-p-13371.html" "Mozilla/5.0 (iPhone; CPU iPhone OS 16_0 like Mac OS X) AppleWebKit/605.1.15 (KHTML, like Gecko) Version/16.0 Mobile/15E148 Safari/604.1"
71.233.130.81 - - [12/Oct/2022:04:21:42 +0200] "GET /highslide/graphics/outlines/drop-shadow.png HTTP/1.0" 200 277 "http://www.wonder-geek.com/kimmidoll-hobo-satin-collection-p-13371.html" "Mozilla/5.0 (iPhone; CPU iPhone OS 16_0 like Mac OS X) AppleWebKit/605.1.15 (KHTML, like Gecko) Version/16.0 Mobile/15E148 Safari/604.1"
71.233.130.81 - - [12/Oct/2022:04:21:42 +0200] "GET /highslide/graphics/loader.white.gif HTTP/1.0" 200 960 "http://www.wonder-geek.com/kimmidoll-hobo-satin-collection-p-13371.html" "Mozilla/5.0 (iPhone; CPU iPhone OS 16_0 like Mac OS X) AppleWebKit/605.1.15 (KHTML, like Gecko) Version/16.0 Mobile/15E148 Safari/604.1"
71.233.130.81 - - [12/Oct/2022:04:21:42 +0200] "GET /favicon.ico HTTP/1.0" 200 260 "http://www.wonder-geek.com/kimmidoll-hobo-satin-collection-p-13371.html" "Mozilla/5.0 (iPhone; CPU iPhone OS 16_0 like Mac OS X) AppleWebKit/605.1.15 (KHTML, like Gecko) Version/16.0 Mobile/15E148 Safari/604.1"
65.108.125.120 - - [12/Oct/2022:04:21:42 +0200] "GET /real-madrid-backpack-p-57442.html HTTP/1.0" 200 75646 "-" "Mozilla/5.0 (compatible; MJ12bot/v1.4.8; http://mj12bot.com/)"
65.108.125.120 - - [12/Oct/2022:04:21:45 +0200] "GET /rebel-pilot-jon-miniature-figure-p-29886.html HTTP/1.0" 301 72315 "-" "Mozilla/5.0 (compatible; MJ12bot/v1.4.8; http://mj12bot.com/)"
157.90.177.217 - - [12/Oct/2022:04:21:46 +0200] "GET /magnets-gustav-klimt-p-51681.html HTTP/1.0" 200 74984 "-" "Mozilla/5.0 (compatible; BLEXBot/1.0; +http://webmeup-crawler.com/)"
65.108.125.120 - - [12/Oct/2022:04:21:48 +0200] "GET /-p-29886.html HTTP/1.0" 200 72248 "-" "Mozilla/5.0 (compatible; MJ12bot/v1.4.8; http://mj12bot.com/)"
66.249.64.244 - - [12/Oct/2022:04:21:51 +0200] "GET /images/big_prod_1/D8422084800116.jpg HTTP/1.0" 200 271 "-" "Googlebot-Image/1.0"
185.191.171.39 - - [12/Oct/2022:04:21:50 +0200] "GET /fair-trade-heart-shaped-candles-stearin-chakra-p-43199.html HTTP/1.0" 200 77893 "-" "Mozilla/5.0 (compatible; SemrushBot/7~bl; +http://www.semrush.com/bot.html)"
65.108.125.120 - - [12/Oct/2022:04:21:52 +0200] "GET /rebel-pilot-miniature-figure-p-29886.html HTTP/1.0" 301 72315 "-" "Mozilla/5.0 (compatible; MJ12bot/v1.4.8; http://mj12bot.com/)"
185.191.171.23 - - [12/Oct/2022:04:21:53 +0200] "GET /jasmin-kitten-scarf-p-35977.html HTTP/1.0" 200 74888 "-" "Mozilla/5.0 (compatible; SemrushBot/7~bl; +http://www.semrush.com/bot.html)"
65.108.125.120 - - [12/Oct/2022:04:21:55 +0200] "GET /-p-29886.html HTTP/1.0" 200 72248 "-" "Mozilla/5.0 (compatible; MJ12bot/v1.4.8; http://mj12bot.com/)"
185.191.171.7 - - [12/Oct/2022:04:21:57 +0200] "GET /espresso-cups-p-58962.html?action=add_product HTTP/1.0" 302 476 "-" "Mozilla/5.0 (compatible; SemrushBot/7~bl; +http://www.semrush.com/bot.html)"
65.108.125.120 - - [12/Oct/2022:04:21:59 +0200] "GET /rectangular-signboard-arrow-wood-model-p-45477.html HTTP/1.0" 200 75063 "-" "Mozilla/5.0 (compatible; MJ12bot/v1.4.8; http://mj12bot.com/)"
185.191.171.11 - - [12/Oct/2022:04:22:01 +0200] "GET /paris-shower-curtain-p-52156.html HTTP/1.0" 200 75592 "-" "Mozilla/5.0 (compatible; SemrushBot/7~bl; +http://www.semrush.com/bot.html)"
157.90.177.217 - - [12/Oct/2022:04:22:00 +0200] "GET /magnets-paris-p-48343.html HTTP/1.0" 200 74947 "-" "Mozilla/5.0 (compatible; BLEXBot/1.0; +http://webmeup-crawler.com/)"
66.249.64.246 - - [12/Oct/2022:04:22:01 +0200] "GET /christmas-tree-decoration-hanging-p-49634.html HTTP/1.0" 200 75639 "-" "Mozilla/5.0 (compatible; Googlebot/2.1; +http://www.google.com/bot.html)"
65.108.125.120 - - [12/Oct/2022:04:22:02 +0200] "GET /rectangular-signboard-arrow-wood-model-p-45479.html HTTP/1.0" 200 75065 "-" "Mozilla/5.0 (compatible; MJ12bot/v1.4.8; http://mj12bot.com/)"
65.108.125.120 - - [12/Oct/2022:04:22:06 +0200] "GET /red-french-old-van-16-cm-p-37624.html HTTP/1.0" 301 72315 "-" "Mozilla/5.0 (compatible; MJ12bot/v1.4.8; http://mj12bot.com/)"
65.108.125.120 - - [12/Oct/2022:04:22:09 +0200] "GET /-p-37624.html HTTP/1.0" 200 72248 "-" "Mozilla/5.0 (compatible; MJ12bot/v1.4.8; http://mj12bot.com/)"
65.108.125.120 - - [12/Oct/2022:04:22:12 +0200] "GET /red-glass-ashtray-betty-boop-p-15463.html HTTP/1.0" 301 75643 "-" "Mozilla/5.0 (compatible; MJ12bot/v1.4.8; http://mj12bot.com/)"
65.108.125.120 - - [12/Oct/2022:04:22:15 +0200] "GET /glass-ashtray-betty-boop-p-15463.html HTTP/1.0" 200 75552 "-" "Mozilla/5.0 (compatible; MJ12bot/v1.4.8; http://mj12bot.com/)"
157.90.177.217 - - [12/Oct/2022:04:22:15 +0200] "GET /magnets-paris-p-48344.html HTTP/1.0" 200 74947 "-" "Mozilla/5.0 (compatible; BLEXBot/1.0; +http://webmeup-crawler.com/)"
65.108.125.120 - - [12/Oct/2022:04:22:18 +0200] "GET /red-hawk-travel-bag-p-22627.html HTTP/1.0" 301 72315 "-" "Mozilla/5.0 (compatible; MJ12bot/v1.4.8; http://mj12bot.com/)"
65.108.125.120 - - [12/Oct/2022:04:22:20 +0200] "GET /-p-22627.html HTTP/1.0" 200 72248 "-" "Mozilla/5.0 (compatible; MJ12bot/v1.4.8; http://mj12bot.com/)"
65.108.125.120 - - [12/Oct/2022:04:22:23 +0200] "GET /red-howk-shoulder-bag-p-22689.html HTTP/1.0" 301 72315 "-" "Mozilla/5.0 (compatible; MJ12bot/v1.4.8; http://mj12bot.com/)"
65.108.125.120 - - [12/Oct/2022:04:22:26 +0200] "GET /-p-22689.html HTTP/1.0" 200 72248 "-" "Mozilla/5.0 (compatible; MJ12bot/v1.4.8; http://mj12bot.com/)"
65.108.125.120 - - [12/Oct/2022:04:22:28 +0200] "GET /red-toilet-brush-p-45523.html HTTP/1.0" 301 72373 "-" "Mozilla/5.0 (compatible; MJ12bot/v1.4.8; http://mj12bot.com/)"
157.90.177.217 - - [12/Oct/2022:04:22:29 +0200] "GET /magnets-provence-p-48340.html HTTP/1.0" 200 74962 "-" "Mozilla/5.0 (compatible; BLEXBot/1.0; +http://webmeup-crawler.com/)"
65.108.125.120 - - [12/Oct/2022:04:22:31 +0200] "GET /toilet-brush-p-45523.html HTTP/1.0" 200 72294 "-" "Mozilla/5.0 (compatible; MJ12bot/v1.4.8; http://mj12bot.com/)"
54.36.148.141 - - [12/Oct/2022:04:22:32 +0200] "GET /corsica-keyring-cbkreation-p-43221.html HTTP/1.0" 200 74983 "-" "Mozilla/5.0 (compatible; AhrefsBot/7.0; +http://ahrefs.com/robot/)"
65.108.125.120 - - [12/Oct/2022:04:22:34 +0200] "GET /removable-cushion-nelia-40-cm-p-43899.html HTTP/1.0" 301 72315 "-" "Mozilla/5.0 (compatible; MJ12bot/v1.4.8; http://mj12bot.com/)"
65.108.125.120 - - [12/Oct/2022:04:22:37 +0200] "GET /-p-43899.html HTTP/1.0" 200 72248 "-" "Mozilla/5.0 (compatible; MJ12bot/v1.4.8; http://mj12bot.com/)"
65.108.125.120 - - [12/Oct/2022:04:22:40 +0200] "GET /removable-cushion-nlia-p-43899.html HTTP/1.0" 301 72315 "-" "Mozilla/5.0 (compatible; MJ12bot/v1.4.8; http://mj12bot.com/)"
65.108.125.120 - - [12/Oct/2022:04:22:42 +0200] "GET /-p-43899.html HTTP/1.0" 200 72248 "-" "Mozilla/5.0 (compatible; MJ12bot/v1.4.8; http://mj12bot.com/)"
157.90.177.217 - - [12/Oct/2022:04:22:42 +0200] "GET /magritte-figurine-p-32615.html HTTP/1.0" 200 76100 "-" "Mozilla/5.0 (compatible; BLEXBot/1.0; +http://webmeup-crawler.com/)"
65.108.125.120 - - [12/Oct/2022:04:22:45 +0200] "GET /renault-metal-can-money-box-p-52950.html HTTP/1.0" 301 72315 "-" "Mozilla/5.0 (compatible; MJ12bot/v1.4.8; http://mj12bot.com/)"
65.108.125.120 - - [12/Oct/2022:04:22:48 +0200] "GET /-p-52950.html HTTP/1.0" 200 72248 "-" "Mozilla/5.0 (compatible; MJ12bot/v1.4.8; http://mj12bot.com/)"
65.108.125.120 - - [12/Oct/2022:04:22:51 +0200] "GET /renault-metal-money-p-52950.html HTTP/1.0" 301 72315 "-" "Mozilla/5.0 (compatible; MJ12bot/v1.4.8; http://mj12bot.com/)"
65.108.125.120 - - [12/Oct/2022:04:22:54 +0200] "GET /-p-52950.html HTTP/1.0" 200 72248 "-" "Mozilla/5.0 (compatible; MJ12bot/v1.4.8; http://mj12bot.com/)"
65.108.125.120 - - [12/Oct/2022:04:22:57 +0200] "GET /renault-thermometer-p-40032.html HTTP/1.0" 301 72315 "-" "Mozilla/5.0 (compatible; MJ12bot/v1.4.8; http://mj12bot.com/)"
157.90.177.217 - - [12/Oct/2022:04:22:57 +0200] "GET /magritte-souvenir-voyage-p-53589.html HTTP/1.0" 200 76546 "-" "Mozilla/5.0 (compatible; BLEXBot/1.0; +http://webmeup-crawler.com/)"
65.108.125.120 - - [12/Oct/2022:04:22:59 +0200] "GET /-p-40032.html HTTP/1.0" 200 72248 "-" "Mozilla/5.0 (compatible; MJ12bot/v1.4.8; http://mj12bot.com/)"
65.108.125.120 - - [12/Oct/2022:04:23:03 +0200] "GET /resin-magnet-tour-france-yellow-p-55497.html HTTP/1.0" 200 75044 "-" "Mozilla/5.0 (compatible; MJ12bot/v1.4.8; http://mj12bot.com/)"
65.108.125.120 - - [12/Oct/2022:04:23:06 +0200] "GET /resin-skull-ashtray-p-52999.html HTTP/1.0" 200 74840 "-" "Mozilla/5.0 (compatible; MJ12bot/v1.4.8; http://mj12bot.com/)"
65.108.125.120 - - [12/Oct/2022:04:23:09 +0200] "GET /retro-ceramic-coffee-large-model-p-35951.html HTTP/1.0" 200 72429 "-" "Mozilla/5.0 (compatible; MJ12bot/v1.4.8; http://mj12bot.com/)"
65.108.125.120 - - [12/Oct/2022:04:23:12 +0200] "GET /retro-ceramic-coffee-small-model-p-35950.html HTTP/1.0" 200 72429 "-" "Mozilla/5.0 (compatible; MJ12bot/v1.4.8; http://mj12bot.com/)"
157.90.177.217 - - [12/Oct/2022:04:23:12 +0200] "GET /maison-bonheur-wall-sticker-p-52421.html HTTP/1.0" 200 75649 "-" "Mozilla/5.0 (compatible; BLEXBot/1.0; +http://webmeup-crawler.com/)"
65.108.125.120 - - [12/Oct/2022:04:23:14 +0200] "GET /retro-ceramic-flatware-24-18-cm-beer-p-42148.html HTTP/1.0" 301 75105 "-" "Mozilla/5.0 (compatible; MJ12bot/v1.4.8; http://mj12bot.com/)"
65.108.125.120 - - [12/Oct/2022:04:23:18 +0200] "GET /retro-ceramic-flatware-beer-p-42148.html HTTP/1.0" 200 75011 "-" "Mozilla/5.0 (compatible; MJ12bot/v1.4.8; http://mj12bot.com/)"
65.108.125.120 - - [12/Oct/2022:04:23:21 +0200] "GET /retro-ceramic-flatware-24-18-cm-beer-p-42149.html HTTP/1.0" 301 75105 "-" "Mozilla/5.0 (compatible; MJ12bot/v1.4.8; http://mj12bot.com/)"
78.60.206.195 - - [12/Oct/2022:04:23:25 +0200] "GET /images/mini_prod/8435333835166.jpg HTTP/1.0" 200 269 "-" "Mozilla/5.0 (X11; Ubuntu; Linux x86_64; rv:72.0) Gecko/20100101 Firefox/72.0"
65.108.125.120 - - [12/Oct/2022:04:23:24 +0200] "GET /retro-ceramic-flatware-beer-p-42149.html HTTP/1.0" 200 75011 "-" "Mozilla/5.0 (compatible; MJ12bot/v1.4.8; http://mj12bot.com/)"
