157.90.177.217 - - [12/Oct/2022:12:53:12 +0200] "GET /riverdale-bunny-brown-p-31716.html HTTP/1.0" 200 75082 "-" "Mozilla/5.0 (compatible; BLEXBot/1.0; +http://webmeup-crawler.com/)"
157.90.177.217 - - [12/Oct/2022:12:53:29 +0200] "GET /riverdale-mouse-oliver-grey-p-31726.html HTTP/1.0" 200 75127 "-" "Mozilla/5.0 (compatible; BLEXBot/1.0; +http://webmeup-crawler.com/)"
220.230.168.30 - - [12/Oct/2022:12:53:38 +0200] "GET /images/big_prod_1/BOISDEOUD.jpg HTTP/1.0" 200 266 "-" "Mozilla/5.0 (X11; Ubuntu; Linux x86_64; rv:80.0) Gecko/20100101 Firefox/80.0"
157.90.177.217 - - [12/Oct/2022:12:53:44 +0200] "GET /robot-clock-p-39991.html HTTP/1.0" 200 74847 "-" "Mozilla/5.0 (compatible; BLEXBot/1.0; +http://webmeup-crawler.com/)"
185.191.171.3 - - [12/Oct/2022:12:53:47 +0200] "GET /galileo-thermometer-indoors-p-55393.html HTTP/1.0" 200 75619 "-" "Mozilla/5.0 (compatible; SemrushBot/7~bl; +http://www.semrush.com/bot.html)"
157.90.177.217 - - [12/Oct/2022:12:54:01 +0200] "GET /rock-cushion-p-22993.html HTTP/1.0" 200 74923 "-" "Mozilla/5.0 (compatible; BLEXBot/1.0; +http://webmeup-crawler.com/)"
157.90.177.217 - - [12/Oct/2022:12:54:17 +0200] "GET /rocker-salt-pepper-p-29973.html HTTP/1.0" 200 74867 "-" "Mozilla/5.0 (compatible; BLEXBot/1.0; +http://webmeup-crawler.com/)"
157.90.177.217 - - [12/Oct/2022:12:54:32 +0200] "GET /rocket-table-lamp-p-57768.html HTTP/1.0" 200 75538 "-" "Mozilla/5.0 (compatible; BLEXBot/1.0; +http://webmeup-crawler.com/)"
54.36.148.142 - - [12/Oct/2022:12:54:33 +0200] "GET /office-lamp-wood-metal-p-42800.html HTTP/1.0" 200 75039 "-" "Mozilla/5.0 (compatible; AhrefsBot/7.0; +http://ahrefs.com/robot/)"
89.172.2.64 - - [12/Oct/2022:12:54:41 +0200] "GET /templates/Pixame_v1/stylesheet.css HTTP/1.0" 200 267 "http://www.wonder-geek.com/small-komorebi-capacity-p-58341.html" "Mozilla/5.0 (Windows NT 10.0; Win64; x64) AppleWebKit/537.36 (KHTML, like Gecko) Chrome/106.0.0.0 Safari/537.36"
89.172.2.64 - - [12/Oct/2022:12:54:41 +0200] "GET /highslide/highslide.js HTTP/1.0" 200 262 "http://www.wonder-geek.com/small-komorebi-capacity-p-58341.html" "Mozilla/5.0 (Windows NT 10.0; Win64; x64) AppleWebKit/537.36 (KHTML, like Gecko) Chrome/106.0.0.0 Safari/537.36"
89.172.2.64 - - [12/Oct/2022:12:54:39 +0200] "GET /small-komorebi-capacity-p-58341.html HTTP/1.0" 200 75810 "https://www.google.com/" "Mozilla/5.0 (Windows NT 10.0; Win64; x64) AppleWebKit/537.36 (KHTML, like Gecko) Chrome/106.0.0.0 Safari/537.36"
89.172.2.64 - - [12/Oct/2022:12:54:41 +0200] "GET /js/jquery.js HTTP/1.0" 200 252 "http://www.wonder-geek.com/small-komorebi-capacity-p-58341.html" "Mozilla/5.0 (Windows NT 10.0; Win64; x64) AppleWebKit/537.36 (KHTML, like Gecko) Chrome/106.0.0.0 Safari/537.36"
89.172.2.64 - - [12/Oct/2022:12:54:41 +0200] "GET /js/jquery.jqzoom.js HTTP/1.0" 200 259 "http://www.wonder-geek.com/small-komorebi-capacity-p-58341.html" "Mozilla/5.0 (Windows NT 10.0; Win64; x64) AppleWebKit/537.36 (KHTML, like Gecko) Chrome/106.0.0.0 Safari/537.36"
89.172.2.64 - - [12/Oct/2022:12:54:41 +0200] "GET /mondial_relay/js/jquery-1.3.2.min.js HTTP/1.0" 200 276 "http://www.wonder-geek.com/small-komorebi-capacity-p-58341.html" "Mozilla/5.0 (Windows NT 10.0; Win64; x64) AppleWebKit/537.36 (KHTML, like Gecko) Chrome/106.0.0.0 Safari/537.36"
89.172.2.64 - - [12/Oct/2022:12:54:41 +0200] "GET /swfobject.js HTTP/1.0" 404 1308 "http://www.wonder-geek.com/small-komorebi-capacity-p-58341.html" "Mozilla/5.0 (Windows NT 10.0; Win64; x64) AppleWebKit/537.36 (KHTML, like Gecko) Chrome/106.0.0.0 Safari/537.36"
89.172.2.64 - - [12/Oct/2022:12:54:41 +0200] "GET /templates/Pixame_v1/images/icon_accueil2.png HTTP/1.0" 200 278 "http://www.wonder-geek.com/small-komorebi-capacity-p-58341.html" "Mozilla/5.0 (Windows NT 10.0; Win64; x64) AppleWebKit/537.36 (KHTML, like Gecko) Chrome/106.0.0.0 Safari/537.36"
89.172.2.64 - - [12/Oct/2022:12:54:41 +0200] "GET /templates/Pixame_v1/images/infobox/pixel_trans.gif HTTP/1.0" 200 328 "http://www.wonder-geek.com/small-komorebi-capacity-p-58341.html" "Mozilla/5.0 (Windows NT 10.0; Win64; x64) AppleWebKit/537.36 (KHTML, like Gecko) Chrome/106.0.0.0 Safari/537.36"
89.172.2.64 - - [12/Oct/2022:12:54:41 +0200] "GET /images/pixel_trans.gif HTTP/1.0" 200 328 "http://www.wonder-geek.com/small-komorebi-capacity-p-58341.html" "Mozilla/5.0 (Windows NT 10.0; Win64; x64) AppleWebKit/537.36 (KHTML, like Gecko) Chrome/106.0.0.0 Safari/537.36"
89.172.2.64 - - [12/Oct/2022:12:54:41 +0200] "GET /templates/Pixame_v1/images/pixel_trans.gif HTTP/1.0" 200 328 "http://www.wonder-geek.com/small-komorebi-capacity-p-58341.html" "Mozilla/5.0 (Windows NT 10.0; Win64; x64) AppleWebKit/537.36 (KHTML, like Gecko) Chrome/106.0.0.0 Safari/537.36"
89.172.2.64 - - [12/Oct/2022:12:54:41 +0200] "GET /images/big_prod/4260082938493.jpg HTTP/1.0" 200 268 "http://www.wonder-geek.com/small-komorebi-capacity-p-58341.html" "Mozilla/5.0 (Windows NT 10.0; Win64; x64) AppleWebKit/537.36 (KHTML, like Gecko) Chrome/106.0.0.0 Safari/537.36"
89.172.2.64 - - [12/Oct/2022:12:54:41 +0200] "GET /images/big_prod_1/4260082938479B.jpg HTTP/1.0" 200 271 "http://www.wonder-geek.com/small-komorebi-capacity-p-58341.html" "Mozilla/5.0 (Windows NT 10.0; Win64; x64) AppleWebKit/537.36 (KHTML, like Gecko) Chrome/106.0.0.0 Safari/537.36"
89.172.2.64 - - [12/Oct/2022:12:54:41 +0200] "GET /templates/Pixame_v1/images/Middle_texture.jpg HTTP/1.0" 200 280 "http://www.wonder-geek.com/templates/Pixame_v1/stylesheet.css" "Mozilla/5.0 (Windows NT 10.0; Win64; x64) AppleWebKit/537.36 (KHTML, like Gecko) Chrome/106.0.0.0 Safari/537.36"
89.172.2.64 - - [12/Oct/2022:12:54:41 +0200] "GET /templates/Pixame_v1/images/Bottom_texture.jpg HTTP/1.0" 200 280 "http://www.wonder-geek.com/templates/Pixame_v1/stylesheet.css" "Mozilla/5.0 (Windows NT 10.0; Win64; x64) AppleWebKit/537.36 (KHTML, like Gecko) Chrome/106.0.0.0 Safari/537.36"
89.172.2.64 - - [12/Oct/2022:12:54:41 +0200] "GET /templates/Pixame_v1/images/buttons/english/button_in_cart.gif HTTP/1.0" 200 295 "http://www.wonder-geek.com/small-komorebi-capacity-p-58341.html" "Mozilla/5.0 (Windows NT 10.0; Win64; x64) AppleWebKit/537.36 (KHTML, like Gecko) Chrome/106.0.0.0 Safari/537.36"
89.172.2.64 - - [12/Oct/2022:12:54:41 +0200] "GET /templates/Pixame_v1/images/nav.png HTTP/1.0" 200 268 "http://www.wonder-geek.com/templates/Pixame_v1/stylesheet.css" "Mozilla/5.0 (Windows NT 10.0; Win64; x64) AppleWebKit/537.36 (KHTML, like Gecko) Chrome/106.0.0.0 Safari/537.36"
89.172.2.64 - - [12/Oct/2022:12:54:41 +0200] "GET /templates/Pixame_v1/images/header.png HTTP/1.0" 200 271 "http://www.wonder-geek.com/templates/Pixame_v1/stylesheet.css" "Mozilla/5.0 (Windows NT 10.0; Win64; x64) AppleWebKit/537.36 (KHTML, like Gecko) Chrome/106.0.0.0 Safari/537.36"
89.172.2.64 - - [12/Oct/2022:12:54:41 +0200] "GET /templates/Pixame_v1/images/header-object.png HTTP/1.0" 200 278 "http://www.wonder-geek.com/templates/Pixame_v1/stylesheet.css" "Mozilla/5.0 (Windows NT 10.0; Win64; x64) AppleWebKit/537.36 (KHTML, like Gecko) Chrome/106.0.0.0 Safari/537.36"
89.172.2.64 - - [12/Oct/2022:12:54:41 +0200] "GET /design/productsenstock.png HTTP/1.0" 200 260 "http://www.wonder-geek.com/templates/Pixame_v1/stylesheet.css" "Mozilla/5.0 (Windows NT 10.0; Win64; x64) AppleWebKit/537.36 (KHTML, like Gecko) Chrome/106.0.0.0 Safari/537.36"
89.172.2.64 - - [12/Oct/2022:12:54:41 +0200] "GET /templates/Pixame_v1/images/infobox/infobox_footer_middle.gif HTTP/1.0" 200 357 "http://www.wonder-geek.com/small-komorebi-capacity-p-58341.html" "Mozilla/5.0 (Windows NT 10.0; Win64; x64) AppleWebKit/537.36 (KHTML, like Gecko) Chrome/106.0.0.0 Safari/537.36"
89.172.2.64 - - [12/Oct/2022:12:54:41 +0200] "GET /highslide/graphics/zoomin.cur HTTP/1.0" 200 614 "http://www.wonder-geek.com/templates/Pixame_v1/stylesheet.css" "Mozilla/5.0 (Windows NT 10.0; Win64; x64) AppleWebKit/537.36 (KHTML, like Gecko) Chrome/106.0.0.0 Safari/537.36"
89.172.2.64 - - [12/Oct/2022:12:54:42 +0200] "GET /highslide/graphics/outlines/drop-shadow.png HTTP/1.0" 200 277 "http://www.wonder-geek.com/small-komorebi-capacity-p-58341.html" "Mozilla/5.0 (Windows NT 10.0; Win64; x64) AppleWebKit/537.36 (KHTML, like Gecko) Chrome/106.0.0.0 Safari/537.36"
89.172.2.64 - - [12/Oct/2022:12:54:42 +0200] "GET /highslide/graphics/zoomout.cur HTTP/1.0" 200 614 "http://www.wonder-geek.com/small-komorebi-capacity-p-58341.html" "Mozilla/5.0 (Windows NT 10.0; Win64; x64) AppleWebKit/537.36 (KHTML, like Gecko) Chrome/106.0.0.0 Safari/537.36"
89.172.2.64 - - [12/Oct/2022:12:54:42 +0200] "GET /highslide/graphics/loader.white.gif HTTP/1.0" 200 960 "http://www.wonder-geek.com/templates/Pixame_v1/stylesheet.css" "Mozilla/5.0 (Windows NT 10.0; Win64; x64) AppleWebKit/537.36 (KHTML, like Gecko) Chrome/106.0.0.0 Safari/537.36"
89.172.2.64 - - [12/Oct/2022:12:54:42 +0200] "GET /favicon.ico HTTP/1.0" 200 260 "http://www.wonder-geek.com/small-komorebi-capacity-p-58341.html" "Mozilla/5.0 (Windows NT 10.0; Win64; x64) AppleWebKit/537.36 (KHTML, like Gecko) Chrome/106.0.0.0 Safari/537.36"
185.191.171.22 - - [12/Oct/2022:12:54:43 +0200] "GET /bamboo-fiber-plant-cover-p-54253.html HTTP/1.0" 200 74897 "-" "Mozilla/5.0 (compatible; SemrushBot/7~bl; +http://www.semrush.com/bot.html)"
218.145.218.203 - - [12/Oct/2022:12:54:49 +0200] "GET /images/mini_prod/3079091105175.jpg HTTP/1.0" 200 269 "-" "Mozilla/5.0 (X11; Ubuntu; Linux x86_64; rv:72.0) Gecko/20100101 Firefox/72.0"
157.90.177.217 - - [12/Oct/2022:12:54:48 +0200] "GET /roguish-hero-robin-hood-figurine-p-34267.html HTTP/1.0" 200 76223 "-" "Mozilla/5.0 (compatible; BLEXBot/1.0; +http://webmeup-crawler.com/)"
157.90.177.217 - - [12/Oct/2022:12:55:04 +0200] "GET /roller-skate-clock-designed-artist-michelle-allen-p-57630.html HTTP/1.0" 200 76090 "-" "Mozilla/5.0 (compatible; BLEXBot/1.0; +http://webmeup-crawler.com/)"
89.172.2.64 - - [12/Oct/2022:12:55:12 +0200] "GET /small-komorebi-capacity-p-58341.html HTTP/1.0" 200 75810 "https://www.google.com/" "Mozilla/5.0 (Windows NT 10.0; Win64; x64) AppleWebKit/537.36 (KHTML, like Gecko) Chrome/106.0.0.0 Safari/537.36"
89.172.2.64 - - [12/Oct/2022:12:55:14 +0200] "GET /swfobject.js HTTP/1.0" 404 1308 "http://www.wonder-geek.com/small-komorebi-capacity-p-58341.html" "Mozilla/5.0 (Windows NT 10.0; Win64; x64) AppleWebKit/537.36 (KHTML, like Gecko) Chrome/106.0.0.0 Safari/537.36"
89.172.2.64 - - [12/Oct/2022:12:55:17 +0200] "GET /highslide/graphics/fullexpand.gif HTTP/1.0" 200 495 "http://www.wonder-geek.com/templates/Pixame_v1/stylesheet.css" "Mozilla/5.0 (Windows NT 10.0; Win64; x64) AppleWebKit/537.36 (KHTML, like Gecko) Chrome/106.0.0.0 Safari/537.36"
157.90.177.217 - - [12/Oct/2022:12:55:19 +0200] "GET /roller-skate-clock-designed-artist-michelle-allen-p-57631.html HTTP/1.0" 200 76107 "-" "Mozilla/5.0 (compatible; BLEXBot/1.0; +http://webmeup-crawler.com/)"
66.249.64.244 - - [12/Oct/2022:12:55:21 +0200] "GET /captain-amrica-shirt-p-29615.html HTTP/1.0" 200 76277 "-" "Mozilla/5.0 (compatible; Googlebot/2.1; +http://www.google.com/bot.html)"
157.90.177.217 - - [12/Oct/2022:12:55:37 +0200] "GET /rolling-stones-black-zippo-lighter-p-32569.html HTTP/1.0" 200 77412 "-" "Mozilla/5.0 (compatible; BLEXBot/1.0; +http://webmeup-crawler.com/)"
157.90.177.217 - - [12/Oct/2022:12:55:53 +0200] "GET /rolling-stones-england-flag-zippo-lighter-p-22405.html HTTP/1.0" 200 77468 "-" "Mozilla/5.0 (compatible; BLEXBot/1.0; +http://webmeup-crawler.com/)"
185.191.171.17 - - [12/Oct/2022:12:55:57 +0200] "GET /rugs-c-11_269.html?page=2 HTTP/1.0" 200 93935 "-" "Mozilla/5.0 (compatible; SemrushBot/7~bl; +http://www.semrush.com/bot.html)"
54.36.149.16 - - [12/Oct/2022:12:56:02 +0200] "GET /tablier-maman-parfaite-adult-apron-p-55443.html HTTP/1.0" 200 75684 "-" "Mozilla/5.0 (compatible; AhrefsBot/7.0; +http://ahrefs.com/robot/)"
157.90.177.217 - - [12/Oct/2022:12:56:09 +0200] "GET /rolling-stones-glitters-zippo-lighter-p-41026.html HTTP/1.0" 200 77436 "-" "Mozilla/5.0 (compatible; BLEXBot/1.0; +http://webmeup-crawler.com/)"
157.90.177.217 - - [12/Oct/2022:12:56:26 +0200] "GET /rolling-stones-love-rock-roll-zippo-lighter-p-32570.html HTTP/1.0" 200 77521 "-" "Mozilla/5.0 (compatible; BLEXBot/1.0; +http://webmeup-crawler.com/)"
157.90.177.217 - - [12/Oct/2022:12:56:42 +0200] "GET /rolling-stones-pencil-case-p-40889.html HTTP/1.0" 200 74948 "-" "Mozilla/5.0 (compatible; BLEXBot/1.0; +http://webmeup-crawler.com/)"
157.90.177.217 - - [12/Oct/2022:12:56:58 +0200] "GET /rolling-stones-shirt-p-33058.html HTTP/1.0" 200 76699 "-" "Mozilla/5.0 (compatible; BLEXBot/1.0; +http://webmeup-crawler.com/)"
157.90.177.217 - - [12/Oct/2022:12:57:14 +0200] "GET /rolling-stones-white-zippo-lighter-p-32568.html HTTP/1.0" 200 77412 "-" "Mozilla/5.0 (compatible; BLEXBot/1.0; +http://webmeup-crawler.com/)"
66.249.64.244 - - [12/Oct/2022:12:57:17 +0200] "GET /graphinks-espresso-p-57161.html HTTP/1.0" 200 75561 "-" "Mozilla/5.0 (Linux; Android 6.0.1; Nexus 5X Build/MMB29P) AppleWebKit/537.36 (KHTML, like Gecko) Chrome/106.0.5249.103 Mobile Safari/537.36 (compatible; Googlebot/2.1; +http://www.google.com/bot.html)"
54.36.148.176 - - [12/Oct/2022:12:57:26 +0200] "GET /cats-dubout-figurine-save-seat-p-33747.html HTTP/1.0" 200 76055 "-" "Mozilla/5.0 (compatible; AhrefsBot/7.0; +http://ahrefs.com/robot/)"
54.36.148.49 - - [12/Oct/2022:12:57:30 +0200] "GET /images/big_prod_1/8718375753101a.jpg HTTP/1.0" 200 271 "-" "Mozilla/5.0 (compatible; AhrefsBot/7.0; +http://ahrefs.com/robot/)"
54.36.148.99 - - [12/Oct/2022:12:57:30 +0200] "GET /images/big_prod/8718375753101.jpg HTTP/1.0" 200 268 "-" "Mozilla/5.0 (compatible; AhrefsBot/7.0; +http://ahrefs.com/robot/)"
157.90.177.217 - - [12/Oct/2022:12:57:29 +0200] "GET /roma-pencil-p-49256.html HTTP/1.0" 200 74866 "-" "Mozilla/5.0 (compatible; BLEXBot/1.0; +http://webmeup-crawler.com/)"
157.90.177.217 - - [12/Oct/2022:12:57:45 +0200] "GET /romantic-rosette-wall-decoration-bronze-aspect-resin-p-46215.html HTTP/1.0" 200 76175 "-" "Mozilla/5.0 (compatible; BLEXBot/1.0; +http://webmeup-crawler.com/)"
157.90.177.217 - - [12/Oct/2022:12:58:00 +0200] "GET /roommates-mini-rectangular-tray-p-54907.html HTTP/1.0" 200 75026 "-" "Mozilla/5.0 (compatible; BLEXBot/1.0; +http://webmeup-crawler.com/)"
157.90.177.217 - - [12/Oct/2022:12:58:19 +0200] "GET /rooster-clock-allen-p-51391.html HTTP/1.0" 200 74896 "-" "Mozilla/5.0 (compatible; BLEXBot/1.0; +http://webmeup-crawler.com/)"
157.90.177.217 - - [12/Oct/2022:12:58:35 +0200] "GET /rose-quartz-energy-care-stick-massage-stick-p-48362.html HTTP/1.0" 200 75723 "-" "Mozilla/5.0 (compatible; BLEXBot/1.0; +http://webmeup-crawler.com/)"
54.36.148.90 - - [12/Oct/2022:12:58:37 +0200] "GET /melt-gingerbread-house-p-46029.html HTTP/1.0" 200 75502 "-" "Mozilla/5.0 (compatible; AhrefsBot/7.0; +http://ahrefs.com/robot/)"
157.90.177.217 - - [12/Oct/2022:12:58:51 +0200] "GET /rose-quartz-energy-care-stick-p-47217.html HTTP/1.0" 200 75213 "-" "Mozilla/5.0 (compatible; BLEXBot/1.0; +http://webmeup-crawler.com/)"
182.160.11.3 - - [12/Oct/2022:12:58:55 +0200] "GET /images/mini_prod/8718657467153.jpg HTTP/1.0" 200 269 "-" "Mozilla/5.0 (Windows NT 10.0; Win64; x64) AppleWebKit/537.36 (KHTML, like Gecko) Chrome/54.0.2840.99 Safari/537.36"
47.94.243.250 - - [12/Oct/2022:12:59:02 +0200] "GET /images/mini_prod/4029811313730.jpg HTTP/1.0" 200 269 "-" "Mozilla/5.0 (Macintosh; Intel Mac OS X 10_15_7) AppleWebKit/537.36 (KHTML, like Gecko) Chrome/105.0.0.0 Safari/537.36"
157.90.177.217 - - [12/Oct/2022:12:59:07 +0200] "GET /rose-quartz-salt-lamp-p-57761.html HTTP/1.0" 200 77316 "-" "Mozilla/5.0 (compatible; BLEXBot/1.0; +http://webmeup-crawler.com/)"
157.55.39.231 - - [12/Oct/2022:12:59:17 +0200] "GET /amerindien-white-porcelain-bowl-p-56508.html HTTP/1.0" 200 74952 "-" "Mozilla/5.0 (compatible; bingbot/2.0; +http://www.bing.com/bingbot.htm)"
157.90.177.217 - - [12/Oct/2022:12:59:23 +0200] "GET /rose-window-paperweight-charles-rennie-mackintosh-p-56634.html HTTP/1.0" 200 76334 "-" "Mozilla/5.0 (compatible; BLEXBot/1.0; +http://webmeup-crawler.com/)"
157.90.177.217 - - [12/Oct/2022:12:59:38 +0200] "GET /roses-paperweight-charles-rennie-mackintosh-p-56633.html HTTP/1.0" 200 76256 "-" "Mozilla/5.0 (compatible; BLEXBot/1.0; +http://webmeup-crawler.com/)"
185.191.171.26 - - [12/Oct/2022:12:59:48 +0200] "GET /gothic-rasta-skull-decoration-p-42775.html HTTP/1.0" 200 72354 "-" "Mozilla/5.0 (compatible; SemrushBot/7~bl; +http://www.semrush.com/bot.html)"
157.90.177.217 - - [12/Oct/2022:12:59:55 +0200] "GET /rosie-white-bone-china-p-54929.html HTTP/1.0" 200 75120 "-" "Mozilla/5.0 (compatible; BLEXBot/1.0; +http://webmeup-crawler.com/)"
54.36.148.20 - - [12/Oct/2022:13:00:06 +0200] "GET /walking-dead-shirt-p-29586.html HTTP/1.0" 200 76538 "-" "Mozilla/5.0 (compatible; AhrefsBot/7.0; +http://ahrefs.com/robot/)"
66.249.64.244 - - [12/Oct/2022:13:00:11 +0200] "GET /images/big_prod/3665269101669.jpg HTTP/1.0" 200 268 "-" "Googlebot-Image/1.0"
157.90.177.217 - - [12/Oct/2022:13:00:12 +0200] "GET /rosie-white-mini-rectangular-tray-p-54915.html HTTP/1.0" 200 75651 "-" "Mozilla/5.0 (compatible; BLEXBot/1.0; +http://webmeup-crawler.com/)"
157.90.177.217 - - [12/Oct/2022:13:00:28 +0200] "GET /rouble-money-cbkreation-p-24135.html HTTP/1.0" 200 74936 "-" "Mozilla/5.0 (compatible; BLEXBot/1.0; +http://webmeup-crawler.com/)"
157.90.177.217 - - [12/Oct/2022:13:00:48 +0200] "GET /round-bamboo-tray-with-birds-p-56081.html HTTP/1.0" 200 75739 "-" "Mozilla/5.0 (compatible; BLEXBot/1.0; +http://webmeup-crawler.com/)"
157.55.39.231 - - [12/Oct/2022:13:00:55 +0200] "GET /images/big_prod/3609810076167.jpg HTTP/1.0" 200 268 "-" "Mozilla/5.0 (compatible; bingbot/2.0; +http://www.bing.com/bingbot.htm)"
157.90.177.217 - - [12/Oct/2022:13:01:04 +0200] "GET /round-bamboo-tray-with-birds-p-56082.html HTTP/1.0" 200 75739 "-" "Mozilla/5.0 (compatible; BLEXBot/1.0; +http://webmeup-crawler.com/)"
157.90.177.217 - - [12/Oct/2022:13:01:19 +0200] "GET /round-bamboo-tray-with-birds-p-56083.html HTTP/1.0" 200 75739 "-" "Mozilla/5.0 (compatible; BLEXBot/1.0; +http://webmeup-crawler.com/)"
54.36.148.110 - - [12/Oct/2022:13:01:25 +0200] "GET /michel-statue-p-53035.html HTTP/1.0" 200 74934 "-" "Mozilla/5.0 (compatible; AhrefsBot/7.0; +http://ahrefs.com/robot/)"
66.249.64.242 - - [12/Oct/2022:13:01:36 +0200] "GET /images/big_prod/8717127433537.jpg HTTP/1.0" 200 268 "-" "Googlebot-Image/1.0"
157.90.177.217 - - [12/Oct/2022:13:01:35 +0200] "GET /round-bamboo-tray-with-birds-p-56084.html HTTP/1.0" 200 75739 "-" "Mozilla/5.0 (compatible; BLEXBot/1.0; +http://webmeup-crawler.com/)"
157.90.177.217 - - [12/Oct/2022:13:01:51 +0200] "GET /round-beige-black-woven-bamboo-leaf-placemat-p-56540.html HTTP/1.0" 200 75761 "-" "Mozilla/5.0 (compatible; BLEXBot/1.0; +http://webmeup-crawler.com/)"
157.90.177.217 - - [12/Oct/2022:13:02:06 +0200] "GET /round-beige-black-woven-bamboo-leaf-placemat-p-56541.html HTTP/1.0" 200 75762 "-" "Mozilla/5.0 (compatible; BLEXBot/1.0; +http://webmeup-crawler.com/)"
185.191.171.37 - - [12/Oct/2022:13:02:17 +0200] "GET /placemat-kiub-collection-parisian-cafe-p-59043.html?action=add_product HTTP/1.0" 302 476 "-" "Mozilla/5.0 (compatible; SemrushBot/7~bl; +http://www.semrush.com/bot.html)"
157.90.177.217 - - [12/Oct/2022:13:02:22 +0200] "GET /round-beige-white-woven-bamboo-leaf-placemat-p-56538.html HTTP/1.0" 200 75761 "-" "Mozilla/5.0 (compatible; BLEXBot/1.0; +http://webmeup-crawler.com/)"
157.90.177.217 - - [12/Oct/2022:13:02:38 +0200] "GET /round-beige-white-woven-bamboo-leaf-placemat-p-56542.html HTTP/1.0" 200 75761 "-" "Mozilla/5.0 (compatible; BLEXBot/1.0; +http://webmeup-crawler.com/)"
54.36.148.155 - - [12/Oct/2022:13:02:48 +0200] "GET /world-vintage-clock-p-47713.html HTTP/1.0" 200 72334 "-" "Mozilla/5.0 (compatible; AhrefsBot/7.0; +http://ahrefs.com/robot/)"
182.160.11.3 - - [12/Oct/2022:13:02:50 +0200] "GET /images/mini_prod/3560600316415.jpg HTTP/1.0" 200 269 "-" "Mozilla/5.0 (Windows NT 10.0; Win64; x64) AppleWebKit/537.36 (KHTML, like Gecko) Chrome/54.0.2840.99 Safari/537.36"
157.90.177.217 - - [12/Oct/2022:13:02:53 +0200] "GET /round-blue-duck-jute-table-p-49452.html HTTP/1.0" 200 74874 "-" "Mozilla/5.0 (compatible; BLEXBot/1.0; +http://webmeup-crawler.com/)"
157.90.177.217 - - [12/Oct/2022:13:03:09 +0200] "GET /round-blue-metatron-p-50606.html HTTP/1.0" 200 75859 "-" "Mozilla/5.0 (compatible; BLEXBot/1.0; +http://webmeup-crawler.com/)"
157.90.177.217 - - [12/Oct/2022:13:03:26 +0200] "GET /round-carpet-p-48043.html HTTP/1.0" 200 75760 "-" "Mozilla/5.0 (compatible; BLEXBot/1.0; +http://webmeup-crawler.com/)"
216.244.66.242 - - [12/Oct/2022:13:03:33 +0200] "GET /robots.txt HTTP/1.0" 200 245 "-" "Mozilla/5.0 (compatible; DotBot/1.2; +https://opensiteexplorer.org/dotbot; help@moz.com)"
51.68.224.127 - - [12/Oct/2022:13:03:36 +0200] "GET /adminweb/export_orders_xml.php?token=256de2z6edz6ed2z6DFSFsed2zed6zeDSFDSGdzedezfzf&maxorders=10&orderstart=1&status=14&start_date=2018-10-01 HTTP/1.0" 200 285 "-" "GesCom CharlotteBoutik Serveur"
51.68.224.127 - - [12/Oct/2022:13:03:36 +0200] "GET /adminweb/export_orders_xml.php?token=256de2z6edz6ed2z6DFSFsed2zed6zeDSFDSGdzedezfzf&maxorders=10&orderstart=1&status=6&start_date=2018-10-01 HTTP/1.0" 200 33985 "-" "GesCom CharlotteBoutik Serveur"
157.90.177.217 - - [12/Oct/2022:13:03:42 +0200] "GET /round-carpet-p-48048.html HTTP/1.0" 200 75750 "-" "Mozilla/5.0 (compatible; BLEXBot/1.0; +http://webmeup-crawler.com/)"
66.249.64.244 - - [12/Oct/2022:13:03:44 +0200] "GET /images/16338.jpg HTTP/1.0" 200 251 "-" "Googlebot-Image/1.0"
66.249.64.246 - - [12/Oct/2022:13:03:45 +0200] "GET /plush-bunny-glitter-motsu-keel-toys-p-54174.html HTTP/1.0" 200 75171 "-" "Mozilla/5.0 (compatible; Googlebot/2.1; +http://www.google.com/bot.html)"
66.249.64.244 - - [12/Oct/2022:13:03:47 +0200] "GET /images/big_prod/8433933222799.jpg HTTP/1.0" 200 268 "-" "Googlebot-Image/1.0"
157.90.177.217 - - [12/Oct/2022:13:03:58 +0200] "GET /round-chair-cushion-reversible-black-linen-p-54648.html HTTP/1.0" 200 75969 "-" "Mozilla/5.0 (compatible; BLEXBot/1.0; +http://webmeup-crawler.com/)"
185.191.171.41 - - [12/Oct/2022:13:04:05 +0200] "GET /round-magnet-humming-bird-p-59031.html?action=add_product HTTP/1.0" 302 476 "-" "Mozilla/5.0 (compatible; SemrushBot/7~bl; +http://www.semrush.com/bot.html)"
54.36.148.202 - - [12/Oct/2022:13:04:09 +0200] "GET /melt-amber-forest-p-43766.html HTTP/1.0" 200 75472 "-" "Mozilla/5.0 (compatible; AhrefsBot/7.0; +http://ahrefs.com/robot/)"
157.90.177.217 - - [12/Oct/2022:13:04:14 +0200] "GET /round-chair-cushion-reversible-ecru-linen-p-54649.html HTTP/1.0" 200 75960 "-" "Mozilla/5.0 (compatible; BLEXBot/1.0; +http://webmeup-crawler.com/)"
185.191.171.8 - - [12/Oct/2022:13:04:31 +0200] "GET /magic-moonlight-mickey-minnie-with-moon-figurine-p-55444.html HTTP/1.0" 200 76575 "-" "Mozilla/5.0 (compatible; SemrushBot/7~bl; +http://www.semrush.com/bot.html)"
157.90.177.217 - - [12/Oct/2022:13:04:31 +0200] "GET /round-chair-cushion-reversible-linen-p-54651.html HTTP/1.0" 200 75942 "-" "Mozilla/5.0 (compatible; BLEXBot/1.0; +http://webmeup-crawler.com/)"
157.90.177.217 - - [12/Oct/2022:13:04:48 +0200] "GET /round-chair-cushion-reversible-linen-p-54654.html HTTP/1.0" 200 75943 "-" "Mozilla/5.0 (compatible; BLEXBot/1.0; +http://webmeup-crawler.com/)"
157.90.177.217 - - [12/Oct/2022:13:05:04 +0200] "GET /round-chair-cushion-reversible-mustard-taupe-p-54653.html HTTP/1.0" 200 75987 "-" "Mozilla/5.0 (compatible; BLEXBot/1.0; +http://webmeup-crawler.com/)"
66.249.64.242 - - [12/Oct/2022:13:05:13 +0200] "GET /images/med_prod/34462.jpg HTTP/1.0" 200 260 "-" "Googlebot-Image/1.0"
157.90.177.217 - - [12/Oct/2022:13:05:22 +0200] "GET /round-chair-cushion-reversible-pearl-grey-p-54650.html HTTP/1.0" 200 75931 "-" "Mozilla/5.0 (compatible; BLEXBot/1.0; +http://webmeup-crawler.com/)"
54.36.148.10 - - [12/Oct/2022:13:05:32 +0200] "GET /incense-lphant-rose-krishnaraj-p-41803.html HTTP/1.0" 200 75260 "-" "Mozilla/5.0 (compatible; AhrefsBot/7.0; +http://ahrefs.com/robot/)"
66.249.64.242 - - [12/Oct/2022:13:05:35 +0200] "GET /images/med_prod/34462.jpg HTTP/1.0" 200 260 "-" "Googlebot-Image/1.0"
54.36.148.218 - - [12/Oct/2022:13:05:36 +0200] "GET /images/big_prod/1384000002103.jpg HTTP/1.0" 200 268 "-" "Mozilla/5.0 (compatible; AhrefsBot/7.0; +http://ahrefs.com/robot/)"
185.191.171.14 - - [12/Oct/2022:13:05:35 +0200] "GET /corsica-metal-plate-p-52505.html HTTP/1.0" 200 74845 "-" "Mozilla/5.0 (compatible; SemrushBot/7~bl; +http://www.semrush.com/bot.html)"
157.90.177.217 - - [12/Oct/2022:13:05:39 +0200] "GET /round-coasters-corsica-cbkreation-p-15018.html HTTP/1.0" 200 75043 "-" "Mozilla/5.0 (compatible; BLEXBot/1.0; +http://webmeup-crawler.com/)"
157.90.177.217 - - [12/Oct/2022:13:05:55 +0200] "GET /round-doormat-diameter-p-53933.html HTTP/1.0" 200 75752 "-" "Mozilla/5.0 (compatible; BLEXBot/1.0; +http://webmeup-crawler.com/)"
47.94.243.250 - - [12/Oct/2022:13:06:02 +0200] "GET /images/mini_prod/6942138906110.jpg HTTP/1.0" 200 269 "-" "Mozilla/5.0 (Macintosh; Intel Mac OS X 10_15_7) AppleWebKit/537.36 (KHTML, like Gecko) Chrome/105.0.0.0 Safari/537.36"
43.156.253.139 - - [12/Oct/2022:13:06:12 +0200] "GET /images/mini_prod/1384010202050.jpg HTTP/1.0" 200 269 "-" "Mozilla/5.0 (Macintoosh; Intel Mac OS X 10_14_68) AppleWebKit/538.36 (KHTML, like Gecko) Chrome/76.0.3904.97 Safari/537.36"
157.90.177.217 - - [12/Oct/2022:13:06:11 +0200] "GET /round-doormat-flower-life-diameter-p-52118.html HTTP/1.0" 200 75912 "-" "Mozilla/5.0 (compatible; BLEXBot/1.0; +http://webmeup-crawler.com/)"
157.90.177.217 - - [12/Oct/2022:13:06:26 +0200] "GET /round-fringed-p-53785.html HTTP/1.0" 200 75796 "-" "Mozilla/5.0 (compatible; BLEXBot/1.0; +http://webmeup-crawler.com/)"
216.244.66.242 - - [12/Oct/2022:13:06:34 +0200] "GET /sweaters-sweatshirts-vests-c-2_37.html HTTP/1.0" 200 71280 "-" "Mozilla/5.0 (compatible; DotBot/1.2; +https://opensiteexplorer.org/dotbot; help@moz.com)"
157.90.177.217 - - [12/Oct/2022:13:06:42 +0200] "GET /round-glass-ashtray-cendrier-chef-p-42840.html HTTP/1.0" 200 75013 "-" "Mozilla/5.0 (compatible; BLEXBot/1.0; +http://webmeup-crawler.com/)"
77.88.5.245 - - [12/Oct/2022:13:06:48 +0200] "GET /robots.txt HTTP/1.0" 200 245 "-" "Mozilla/5.0 (compatible; YandexBot/3.0; +http://yandex.com/bots)"
77.88.5.245 - - [12/Oct/2022:13:06:51 +0200] "GET /-p-37212.html HTTP/1.0" 200 72248 "-" "Mozilla/5.0 (compatible; YandexBot/3.0; +http://yandex.com/bots)"
54.36.149.67 - - [12/Oct/2022:13:06:53 +0200] "GET /insulated-bottle-vilaines-filles-p-57608.html HTTP/1.0" 200 75966 "-" "Mozilla/5.0 (compatible; AhrefsBot/7.0; +http://ahrefs.com/robot/)"
207.46.13.149 - - [12/Oct/2022:13:06:57 +0200] "GET /images/big_prod/5018997622070.jpg HTTP/1.0" 200 268 "-" "Mozilla/5.0 AppleWebKit/537.36 (KHTML, like Gecko; compatible; bingbot/2.0; +http://www.bing.com/bingbot.htm) Chrome/103.0.5060.134 Safari/537.36"
157.90.177.217 - - [12/Oct/2022:13:06:58 +0200] "GET /round-jute-carpet-p-56664.html HTTP/1.0" 200 76064 "-" "Mozilla/5.0 (compatible; BLEXBot/1.0; +http://webmeup-crawler.com/)"
157.90.177.217 - - [12/Oct/2022:13:07:14 +0200] "GET /round-jute-carpet-p-56665.html HTTP/1.0" 200 75861 "-" "Mozilla/5.0 (compatible; BLEXBot/1.0; +http://webmeup-crawler.com/)"
157.90.177.217 - - [12/Oct/2022:13:07:29 +0200] "GET /round-magnet-bird-cage-p-59030.html HTTP/1.0" 200 75511 "-" "Mozilla/5.0 (compatible; BLEXBot/1.0; +http://webmeup-crawler.com/)"
66.249.64.246 - - [12/Oct/2022:13:07:31 +0200] "GET /placemat-little-prince-p-59073.html HTTP/1.0" 200 75488 "-" "Mozilla/5.0 (Linux; Android 6.0.1; Nexus 5X Build/MMB29P) AppleWebKit/537.36 (KHTML, like Gecko) Chrome/106.0.5249.103 Mobile Safari/537.36 (compatible; Googlebot/2.1; +http://www.google.com/bot.html)"
157.90.177.217 - - [12/Oct/2022:13:07:45 +0200] "GET /round-magnet-kitten-butterfly-p-59029.html HTTP/1.0" 200 75613 "-" "Mozilla/5.0 (compatible; BLEXBot/1.0; +http://webmeup-crawler.com/)"
54.236.1.13 - - [12/Oct/2022:13:07:48 +0200] "GET /robots.txt HTTP/1.0" 200 245 "-" "Mozilla/5.0 (compatible; Pinterestbot/1.0; +http://www.pinterest.com/bot.html)"
54.236.1.13 - - [12/Oct/2022:13:07:48 +0200] "GET /images/045544476133.jpg HTTP/1.0" 200 258 "-" "Mozilla/5.0 (compatible; Pinterestbot/1.0; +http://www.pinterest.com/bot.html)"
84.220.197.115 - - [12/Oct/2022:13:07:52 +0200] "GET /images/045544476133.jpg HTTP/1.0" 200 258 "https://www.pinterest.it/" "Mozilla/5.0 (Windows NT 10.0; Win64; x64) AppleWebKit/537.36 (KHTML, like Gecko) Chrome/106.0.0.0 Safari/537.36 Edg/106.0.1370.37"
84.220.197.115 - - [12/Oct/2022:13:07:52 +0200] "GET /favicon.ico HTTP/1.0" 200 260 "http://www.wonder-geek.com/images/045544476133.jpg" "Mozilla/5.0 (Windows NT 10.0; Win64; x64) AppleWebKit/537.36 (KHTML, like Gecko) Chrome/106.0.0.0 Safari/537.36 Edg/106.0.1370.37"
157.90.177.217 - - [12/Oct/2022:13:08:01 +0200] "GET /round-magnet-little-prince-plane-p-59033.html HTTP/1.0" 200 75690 "-" "Mozilla/5.0 (compatible; BLEXBot/1.0; +http://webmeup-crawler.com/)"
66.249.64.242 - - [12/Oct/2022:13:08:05 +0200] "GET /mini-rectangular-tray-garden-strawberries-p-58511.html HTTP/1.0" 200 75743 "-" "Mozilla/5.0 (compatible; Googlebot/2.1; +http://www.google.com/bot.html)"
66.249.64.242 - - [12/Oct/2022:13:08:14 +0200] "GET /images/big_prod_1/3700572726151B.jpg HTTP/1.0" 200 271 "-" "Googlebot-Image/1.0"
47.94.243.250 - - [12/Oct/2022:13:08:17 +0200] "GET /images/mini_prod/8435306281082.jpg HTTP/1.0" 200 269 "-" "Mozilla/5.0 (Macintosh; Intel Mac OS X 10_15_7) AppleWebKit/537.36 (KHTML, like Gecko) Chrome/105.0.0.0 Safari/537.36"
157.90.177.217 - - [12/Oct/2022:13:08:18 +0200] "GET /round-magnet-p-56229.html HTTP/1.0" 200 75477 "-" "Mozilla/5.0 (compatible; BLEXBot/1.0; +http://webmeup-crawler.com/)"
54.36.149.38 - - [12/Oct/2022:13:08:23 +0200] "GET /character-status-natural-wood-aluminum-p-48713.html HTTP/1.0" 200 72398 "-" "Mozilla/5.0 (compatible; AhrefsBot/7.0; +http://ahrefs.com/robot/)"
157.90.177.217 - - [12/Oct/2022:13:08:33 +0200] "GET /round-magnetic-cork-trivet-p-59087.html HTTP/1.0" 200 75580 "-" "Mozilla/5.0 (compatible; BLEXBot/1.0; +http://webmeup-crawler.com/)"
157.90.177.217 - - [12/Oct/2022:13:08:49 +0200] "GET /round-magnetic-cork-trivet-p-59088.html HTTP/1.0" 200 75580 "-" "Mozilla/5.0 (compatible; BLEXBot/1.0; +http://webmeup-crawler.com/)"
163.220.128.41 - - [12/Oct/2022:13:09:05 +0200] "GET /images/mini_prod/9316188068246.jpg HTTP/1.0" 200 269 "-" "Mozilla/5.0 (X11; Ubuntu; Linux x86_64; rv:72.0) Gecko/20100101 Firefox/72.0"
157.90.177.217 - - [12/Oct/2022:13:09:05 +0200] "GET /round-magnetic-cork-trivet-p-59089.html HTTP/1.0" 200 75580 "-" "Mozilla/5.0 (compatible; BLEXBot/1.0; +http://webmeup-crawler.com/)"
66.249.64.242 - - [12/Oct/2022:13:09:11 +0200] "GET /images/big_prod/9316188078979.jpg HTTP/1.0" 200 268 "-" "Googlebot-Image/1.0"
157.90.177.217 - - [12/Oct/2022:13:09:23 +0200] "GET /round-magnetic-cork-trivet-p-59091.html HTTP/1.0" 200 75580 "-" "Mozilla/5.0 (compatible; BLEXBot/1.0; +http://webmeup-crawler.com/)"
157.90.177.217 - - [12/Oct/2022:13:09:38 +0200] "GET /round-mirror-hanging-indian-spirit-p-44035.html HTTP/1.0" 200 74956 "-" "Mozilla/5.0 (compatible; BLEXBot/1.0; +http://webmeup-crawler.com/)"
23.175.32.11 - - [12/Oct/2022:13:09:41 +0200] "GET /contact_us.php HTTP/1.0" 301 539 "http://wonder-geek.com/contact_us.php" "Mozilla/5.0 (Windows NT 10.0; Win64; x64) AppleWebKit/537.36 (KHTML, like Gecko) Chrome/90.0.4430.72 Safari/537.36 Edg/90.0.818.42"
23.175.32.11 - - [12/Oct/2022:13:09:42 +0200] "GET /contact_us.php HTTP/1.0" 200 26241 "http://www.wonder-geek.com/contact_us.php" "Mozilla/5.0 (Windows NT 10.0; Win64; x64) AppleWebKit/537.36 (KHTML, like Gecko) Chrome/90.0.4430.72 Safari/537.36 Edg/90.0.818.42"
23.175.32.11 - - [12/Oct/2022:13:09:43 +0200] "POST /contact_us.php?action=send HTTP/1.0" 200 26696 "http://www.wonder-geek.com/contact_us.php" "Mozilla/5.0 (Windows NT 10.0; Win64; x64) AppleWebKit/537.36 (KHTML, like Gecko) Chrome/90.0.4430.72 Safari/537.36 Edg/90.0.818.42"
185.191.171.25 - - [12/Oct/2022:13:09:43 +0200] "GET /gray-metal-table-lamp-p-52982.html HTTP/1.0" 200 72322 "-" "Mozilla/5.0 (compatible; SemrushBot/7~bl; +http://www.semrush.com/bot.html)"
23.175.32.11 - - [12/Oct/2022:13:09:46 +0200] "GET /contact_us.php HTTP/1.0" 200 26241 "http://www.wonder-geek.com/contact_us.php" "Mozilla/5.0 (Windows NT 10.0; Win64; x64) AppleWebKit/537.36 (KHTML, like Gecko) Chrome/90.0.4430.72 Safari/537.36 Edg/90.0.818.42"
157.90.177.217 - - [12/Oct/2022:13:09:54 +0200] "GET /round-mirror-hanging-indian-spirit-p-44036.html HTTP/1.0" 200 74956 "-" "Mozilla/5.0 (compatible; BLEXBot/1.0; +http://webmeup-crawler.com/)"
54.36.148.214 - - [12/Oct/2022:13:09:57 +0200] "GET /verity-rose-metal-keyrings-p-29177.html HTTP/1.0" 200 75591 "-" "Mozilla/5.0 (compatible; AhrefsBot/7.0; +http://ahrefs.com/robot/)"
157.90.177.217 - - [12/Oct/2022:13:10:10 +0200] "GET /round-mirror-hanging-mandala-p-45020.html HTTP/1.0" 200 74908 "-" "Mozilla/5.0 (compatible; BLEXBot/1.0; +http://webmeup-crawler.com/)"
157.90.177.217 - - [12/Oct/2022:13:10:26 +0200] "GET /round-mirror-hanging-mandala-p-45021.html HTTP/1.0" 200 74908 "-" "Mozilla/5.0 (compatible; BLEXBot/1.0; +http://webmeup-crawler.com/)"
192.144.201.77 - - [12/Oct/2022:13:10:35 +0200] "GET /images/mini_prod/3661443611184.jpg HTTP/1.0" 200 269 "-" "python-requests/2.27.1"
157.90.177.217 - - [12/Oct/2022:13:10:42 +0200] "GET /round-mirror-p-49271.html HTTP/1.0" 200 74970 "-" "Mozilla/5.0 (compatible; BLEXBot/1.0; +http://webmeup-crawler.com/)"
157.90.177.217 - - [12/Oct/2022:13:10:58 +0200] "GET /round-mirror-suspend-rope-p-50004.html HTTP/1.0" 200 75522 "-" "Mozilla/5.0 (compatible; BLEXBot/1.0; +http://webmeup-crawler.com/)"
54.36.148.113 - - [12/Oct/2022:13:11:12 +0200] "GET /nippon-doll-cosmetic-pouch-p-26870.html HTTP/1.0" 200 75138 "-" "Mozilla/5.0 (compatible; AhrefsBot/7.0; +http://ahrefs.com/robot/)"
157.90.177.217 - - [12/Oct/2022:13:11:14 +0200] "GET /round-mirror-with-flower-height-p-49684.html HTTP/1.0" 200 75013 "-" "Mozilla/5.0 (compatible; BLEXBot/1.0; +http://webmeup-crawler.com/)"
185.220.102.246 - - [12/Oct/2022:13:11:30 +0200] "GET /contact_us.php HTTP/1.0" 200 26241 "http://www.wonder-geek.com/contact_us.php" "Mozilla/5.0 (Windows NT 10.0; Win64; x64) AppleWebKit/537.36 (KHTML, like Gecko) Chrome/90.0.4430.85 Safari/537.36"
157.90.177.217 - - [12/Oct/2022:13:11:30 +0200] "GET /round-natural-teak-mirror-p-56126.html HTTP/1.0" 200 75629 "-" "Mozilla/5.0 (compatible; BLEXBot/1.0; +http://webmeup-crawler.com/)"
185.220.102.246 - - [12/Oct/2022:13:11:31 +0200] "POST /contact_us.php?action=send HTTP/1.0" 200 26683 "http://www.wonder-geek.com/contact_us.php" "Mozilla/5.0 (Windows NT 10.0; Win64; x64) AppleWebKit/537.36 (KHTML, like Gecko) Chrome/90.0.4430.85 Safari/537.36"
185.220.102.246 - - [12/Oct/2022:13:11:34 +0200] "GET /contact_us.php HTTP/1.0" 200 26241 "http://www.wonder-geek.com/contact_us.php" "Mozilla/5.0 (Windows NT 10.0; Win64; x64) AppleWebKit/537.36 (KHTML, like Gecko) Chrome/90.0.4430.85 Safari/537.36"
157.90.177.217 - - [12/Oct/2022:13:11:46 +0200] "GET /round-pencil-case-p-22606.html HTTP/1.0" 200 75466 "-" "Mozilla/5.0 (compatible; BLEXBot/1.0; +http://webmeup-crawler.com/)"
185.191.171.33 - - [12/Oct/2022:13:11:54 +0200] "GET /jack-sally-trinket-p-56311.html HTTP/1.0" 200 76068 "-" "Mozilla/5.0 (compatible; SemrushBot/7~bl; +http://www.semrush.com/bot.html)"
157.90.177.217 - - [12/Oct/2022:13:12:02 +0200] "GET /round-pink-jute-table-p-49451.html HTTP/1.0" 200 74832 "-" "Mozilla/5.0 (compatible; BLEXBot/1.0; +http://webmeup-crawler.com/)"
157.90.177.217 - - [12/Oct/2022:13:12:18 +0200] "GET /round-rattan-candle-holder-p-45381.html HTTP/1.0" 200 74994 "-" "Mozilla/5.0 (compatible; BLEXBot/1.0; +http://webmeup-crawler.com/)"
90.221.110.168 - - [12/Oct/2022:13:12:34 +0200] "GET /templates/Pixame_v1/stylesheet.css HTTP/1.0" 200 267 "http://www.wonder-geek.com/" "Mozilla/5.0 (iPhone; CPU iPhone OS 16_0 like Mac OS X) AppleWebKit/605.1.15 (KHTML, like Gecko) Version/16.0 Mobile/15E148 Safari/604.1"
90.221.110.168 - - [12/Oct/2022:13:12:34 +0200] "GET /highslide/highslide.js HTTP/1.0" 200 262 "http://www.wonder-geek.com/" "Mozilla/5.0 (iPhone; CPU iPhone OS 16_0 like Mac OS X) AppleWebKit/605.1.15 (KHTML, like Gecko) Version/16.0 Mobile/15E148 Safari/604.1"
90.221.110.168 - - [12/Oct/2022:13:12:34 +0200] "GET /js/jquery.js HTTP/1.0" 200 252 "http://www.wonder-geek.com/" "Mozilla/5.0 (iPhone; CPU iPhone OS 16_0 like Mac OS X) AppleWebKit/605.1.15 (KHTML, like Gecko) Version/16.0 Mobile/15E148 Safari/604.1"
90.221.110.168 - - [12/Oct/2022:13:12:34 +0200] "GET /js/jquery.jqzoom.js HTTP/1.0" 200 259 "http://www.wonder-geek.com/" "Mozilla/5.0 (iPhone; CPU iPhone OS 16_0 like Mac OS X) AppleWebKit/605.1.15 (KHTML, like Gecko) Version/16.0 Mobile/15E148 Safari/604.1"
90.221.110.168 - - [12/Oct/2022:13:12:34 +0200] "GET /swfobject.js HTTP/1.0" 404 1308 "http://www.wonder-geek.com/" "Mozilla/5.0 (iPhone; CPU iPhone OS 16_0 like Mac OS X) AppleWebKit/605.1.15 (KHTML, like Gecko) Version/16.0 Mobile/15E148 Safari/604.1"
90.221.110.168 - - [12/Oct/2022:13:12:34 +0200] "GET /mondial_relay/js/jquery-1.3.2.min.js HTTP/1.0" 200 276 "http://www.wonder-geek.com/" "Mozilla/5.0 (iPhone; CPU iPhone OS 16_0 like Mac OS X) AppleWebKit/605.1.15 (KHTML, like Gecko) Version/16.0 Mobile/15E148 Safari/604.1"
90.221.110.168 - - [12/Oct/2022:13:12:34 +0200] "GET /templates/Pixame_v1/images/icon_accueil2.png HTTP/1.0" 200 278 "http://www.wonder-geek.com/" "Mozilla/5.0 (iPhone; CPU iPhone OS 16_0 like Mac OS X) AppleWebKit/605.1.15 (KHTML, like Gecko) Version/16.0 Mobile/15E148 Safari/604.1"
90.221.110.168 - - [12/Oct/2022:13:12:34 +0200] "GET /images/pixel_trans.gif HTTP/1.0" 200 328 "http://www.wonder-geek.com/" "Mozilla/5.0 (iPhone; CPU iPhone OS 16_0 like Mac OS X) AppleWebKit/605.1.15 (KHTML, like Gecko) Version/16.0 Mobile/15E148 Safari/604.1"
90.221.110.168 - - [12/Oct/2022:13:12:34 +0200] "GET /templates/Pixame_v1/images/infobox/pixel_trans.gif HTTP/1.0" 200 328 "http://www.wonder-geek.com/" "Mozilla/5.0 (iPhone; CPU iPhone OS 16_0 like Mac OS X) AppleWebKit/605.1.15 (KHTML, like Gecko) Version/16.0 Mobile/15E148 Safari/604.1"
90.221.110.168 - - [12/Oct/2022:13:12:34 +0200] "GET /templates/Pixame_v1/images/pixel_trans.gif HTTP/1.0" 200 328 "http://www.wonder-geek.com/" "Mozilla/5.0 (iPhone; CPU iPhone OS 16_0 like Mac OS X) AppleWebKit/605.1.15 (KHTML, like Gecko) Version/16.0 Mobile/15E148 Safari/604.1"
90.221.110.168 - - [12/Oct/2022:13:12:34 +0200] "GET /templates/Pixame_v1/images/Bottom_texture.jpg HTTP/1.0" 200 280 "http://www.wonder-geek.com/" "Mozilla/5.0 (iPhone; CPU iPhone OS 16_0 like Mac OS X) AppleWebKit/605.1.15 (KHTML, like Gecko) Version/16.0 Mobile/15E148 Safari/604.1"
90.221.110.168 - - [12/Oct/2022:13:12:34 +0200] "GET /templates/Pixame_v1/images/Middle_texture.jpg HTTP/1.0" 200 280 "http://www.wonder-geek.com/" "Mozilla/5.0 (iPhone; CPU iPhone OS 16_0 like Mac OS X) AppleWebKit/605.1.15 (KHTML, like Gecko) Version/16.0 Mobile/15E148 Safari/604.1"
90.221.110.168 - - [12/Oct/2022:13:12:34 +0200] "GET /templates/Pixame_v1/images/header-object.png HTTP/1.0" 200 278 "http://www.wonder-geek.com/" "Mozilla/5.0 (iPhone; CPU iPhone OS 16_0 like Mac OS X) AppleWebKit/605.1.15 (KHTML, like Gecko) Version/16.0 Mobile/15E148 Safari/604.1"
90.221.110.168 - - [12/Oct/2022:13:12:34 +0200] "GET /templates/Pixame_v1/images/header.png HTTP/1.0" 200 271 "http://www.wonder-geek.com/" "Mozilla/5.0 (iPhone; CPU iPhone OS 16_0 like Mac OS X) AppleWebKit/605.1.15 (KHTML, like Gecko) Version/16.0 Mobile/15E148 Safari/604.1"
90.221.110.168 - - [12/Oct/2022:13:12:34 +0200] "GET /templates/Pixame_v1/images/nav.png HTTP/1.0" 200 268 "http://www.wonder-geek.com/" "Mozilla/5.0 (iPhone; CPU iPhone OS 16_0 like Mac OS X) AppleWebKit/605.1.15 (KHTML, like Gecko) Version/16.0 Mobile/15E148 Safari/604.1"
90.221.110.168 - - [12/Oct/2022:13:12:32 +0200] "GET /playboy-keyring-p-33107.html HTTP/1.0" 200 74904 "-" "Mozilla/5.0 (iPhone; CPU iPhone OS 16_0 like Mac OS X) AppleWebKit/605.1.15 (KHTML, like Gecko) Version/16.0 Mobile/15E148 Safari/604.1"
90.221.110.168 - - [12/Oct/2022:13:12:34 +0200] "GET /templates/Pixame_v1/images/infobox/infobox_footer_middle.gif HTTP/1.0" 200 357 "http://www.wonder-geek.com/" "Mozilla/5.0 (iPhone; CPU iPhone OS 16_0 like Mac OS X) AppleWebKit/605.1.15 (KHTML, like Gecko) Version/16.0 Mobile/15E148 Safari/604.1"
90.221.110.168 - - [12/Oct/2022:13:12:34 +0200] "GET /design/productsenstock.png HTTP/1.0" 200 260 "http://www.wonder-geek.com/" "Mozilla/5.0 (iPhone; CPU iPhone OS 16_0 like Mac OS X) AppleWebKit/605.1.15 (KHTML, like Gecko) Version/16.0 Mobile/15E148 Safari/604.1"
90.221.110.168 - - [12/Oct/2022:13:12:34 +0200] "GET /images/med_prod/5060075241130.jpg HTTP/1.0" 200 268 "http://www.wonder-geek.com/" "Mozilla/5.0 (iPhone; CPU iPhone OS 16_0 like Mac OS X) AppleWebKit/605.1.15 (KHTML, like Gecko) Version/16.0 Mobile/15E148 Safari/604.1"
90.221.110.168 - - [12/Oct/2022:13:12:34 +0200] "GET /templates/Pixame_v1/images/buttons/english/button_in_cart.gif HTTP/1.0" 200 295 "http://www.wonder-geek.com/" "Mozilla/5.0 (iPhone; CPU iPhone OS 16_0 like Mac OS X) AppleWebKit/605.1.15 (KHTML, like Gecko) Version/16.0 Mobile/15E148 Safari/604.1"
90.221.110.168 - - [12/Oct/2022:13:12:34 +0200] "GET /highslide/graphics/zoomin.cur HTTP/1.0" 200 614 "http://www.wonder-geek.com/" "Mozilla/5.0 (iPhone; CPU iPhone OS 16_0 like Mac OS X) AppleWebKit/605.1.15 (KHTML, like Gecko) Version/16.0 Mobile/15E148 Safari/604.1"
90.221.110.168 - - [12/Oct/2022:13:12:34 +0200] "GET /highslide/graphics/outlines/drop-shadow.png HTTP/1.0" 200 277 "http://www.wonder-geek.com/" "Mozilla/5.0 (iPhone; CPU iPhone OS 16_0 like Mac OS X) AppleWebKit/605.1.15 (KHTML, like Gecko) Version/16.0 Mobile/15E148 Safari/604.1"
90.221.110.168 - - [12/Oct/2022:13:12:34 +0200] "GET /highslide/graphics/zoomout.cur HTTP/1.0" 200 614 "http://www.wonder-geek.com/" "Mozilla/5.0 (iPhone; CPU iPhone OS 16_0 like Mac OS X) AppleWebKit/605.1.15 (KHTML, like Gecko) Version/16.0 Mobile/15E148 Safari/604.1"
90.221.110.168 - - [12/Oct/2022:13:12:34 +0200] "GET /favicon.ico HTTP/1.0" 200 260 "http://www.wonder-geek.com/" "Mozilla/5.0 (iPhone; CPU iPhone OS 16_0 like Mac OS X) AppleWebKit/605.1.15 (KHTML, like Gecko) Version/16.0 Mobile/15E148 Safari/604.1"
90.221.110.168 - - [12/Oct/2022:13:12:34 +0200] "GET /highslide/graphics/loader.white.gif HTTP/1.0" 200 960 "http://www.wonder-geek.com/" "Mozilla/5.0 (iPhone; CPU iPhone OS 16_0 like Mac OS X) AppleWebKit/605.1.15 (KHTML, like Gecko) Version/16.0 Mobile/15E148 Safari/604.1"
157.90.177.217 - - [12/Oct/2022:13:12:35 +0200] "GET /round-rattan-table-lamp-p-57489.html HTTP/1.0" 200 75980 "-" "Mozilla/5.0 (compatible; BLEXBot/1.0; +http://webmeup-crawler.com/)"
54.36.148.254 - - [12/Oct/2022:13:12:36 +0200] "GET /sonny-hawaii-beach-figurines-p-49376.html HTTP/1.0" 200 75170 "-" "Mozilla/5.0 (compatible; AhrefsBot/7.0; +http://ahrefs.com/robot/)"
66.249.64.242 - - [12/Oct/2022:13:12:44 +0200] "GET /images/big_prod_1/3453131157001a.jpg HTTP/1.0" 200 271 "-" "Googlebot-Image/1.0"
157.90.177.217 - - [12/Oct/2022:13:12:50 +0200] "GET /round-seashell-mirror-p-56143.html HTTP/1.0" 200 75677 "-" "Mozilla/5.0 (compatible; BLEXBot/1.0; +http://webmeup-crawler.com/)"
157.90.177.217 - - [12/Oct/2022:13:13:06 +0200] "GET /round-tablecloth-valdrome-blue-p-43969.html HTTP/1.0" 200 75993 "-" "Mozilla/5.0 (compatible; BLEXBot/1.0; +http://webmeup-crawler.com/)"
185.191.171.7 - - [12/Oct/2022:13:13:08 +0200] "GET /buddha-paradise-coasters-p-55598.html HTTP/1.0" 200 75991 "-" "Mozilla/5.0 (compatible; SemrushBot/7~bl; +http://www.semrush.com/bot.html)"
157.90.177.217 - - [12/Oct/2022:13:13:22 +0200] "GET /round-teak-bowl-p-56162.html HTTP/1.0" 200 75666 "-" "Mozilla/5.0 (compatible; BLEXBot/1.0; +http://webmeup-crawler.com/)"
157.90.177.217 - - [12/Oct/2022:13:13:37 +0200] "GET /round-teak-bowl-p-56166.html HTTP/1.0" 200 75769 "-" "Mozilla/5.0 (compatible; BLEXBot/1.0; +http://webmeup-crawler.com/)"
157.90.177.217 - - [12/Oct/2022:13:13:53 +0200] "GET /round-teak-bowl-p-56168.html HTTP/1.0" 200 75770 "-" "Mozilla/5.0 (compatible; BLEXBot/1.0; +http://webmeup-crawler.com/)"
54.36.149.91 - - [12/Oct/2022:13:14:03 +0200] "GET /moonlight-waltz-beauty-beast-figurine-p-56113.html HTTP/1.0" 200 76999 "-" "Mozilla/5.0 (compatible; AhrefsBot/7.0; +http://ahrefs.com/robot/)"
54.36.148.208 - - [12/Oct/2022:13:14:07 +0200] "GET /images/big_prod_1/1345544823203c.jpg HTTP/1.0" 200 271 "-" "Mozilla/5.0 (compatible; AhrefsBot/7.0; +http://ahrefs.com/robot/)"
54.36.149.24 - - [12/Oct/2022:13:14:08 +0200] "GET /images/big_prod_4/1345544823203.jpg HTTP/1.0" 200 270 "-" "Mozilla/5.0 (compatible; AhrefsBot/7.0; +http://ahrefs.com/robot/)"
54.36.149.51 - - [12/Oct/2022:13:14:08 +0200] "GET /images/big_prod_2/1345544823203b.jpg HTTP/1.0" 200 271 "-" "Mozilla/5.0 (compatible; AhrefsBot/7.0; +http://ahrefs.com/robot/)"
54.36.149.73 - - [12/Oct/2022:13:14:08 +0200] "GET /images/big_prod_3/1345544823203a.jpg HTTP/1.0" 200 271 "-" "Mozilla/5.0 (compatible; AhrefsBot/7.0; +http://ahrefs.com/robot/)"
54.36.149.106 - - [12/Oct/2022:13:14:08 +0200] "GET /images/big_prod/1345544823203d.jpg HTTP/1.0" 200 269 "-" "Mozilla/5.0 (compatible; AhrefsBot/7.0; +http://ahrefs.com/robot/)"
157.90.177.217 - - [12/Oct/2022:13:14:09 +0200] "GET /round-tray-exotic-leaves-p-53192.html HTTP/1.0" 200 75072 "-" "Mozilla/5.0 (compatible; BLEXBot/1.0; +http://webmeup-crawler.com/)"
100.33.72.239 - - [12/Oct/2022:13:14:24 +0200] "GET /floodo-ylvi-minimoomis-keyring-p-33980.html HTTP/1.0" 200 75010 "-" "Mozilla/5.0 (iPhone; CPU iPhone OS 15_6_1 like Mac OS X) AppleWebKit/605.1.15 (KHTML, like Gecko) Version/15.6.1 Mobile/15E148 Safari/604.1"
157.90.177.217 - - [12/Oct/2022:13:14:25 +0200] "GET /round-tray-exotic-leaves-p-53193.html HTTP/1.0" 200 74986 "-" "Mozilla/5.0 (compatible; BLEXBot/1.0; +http://webmeup-crawler.com/)"
34.72.220.187 - - [12/Oct/2022:13:14:36 +0200] "GET /images/big_prod_1/8435465002344b.jpg HTTP/1.0" 200 271 "-" "Mozilla/5.0 (X11; Ubuntu; Linux x86_64; rv:72.0) Gecko/20100101 Firefox/72.0"
157.90.177.217 - - [12/Oct/2022:13:14:41 +0200] "GET /round-trays-c-12_159_263.html?page=1 HTTP/1.0" 200 92557 "-" "Mozilla/5.0 (compatible; BLEXBot/1.0; +http://webmeup-crawler.com/)"
147.92.153.19 - - [12/Oct/2022:13:14:46 +0200] "GET /terracotta-army-warrior-head-p-59064.html HTTP/1.0" 200 75818 "-" "Mozilla/5.0 (compatible; Linespider/1.1; +https://lin.ee/4dwXkTH)"
157.90.177.217 - - [12/Oct/2022:13:14:58 +0200] "GET /round-white-metatron-p-50608.html HTTP/1.0" 200 75876 "-" "Mozilla/5.0 (compatible; BLEXBot/1.0; +http://webmeup-crawler.com/)"
157.90.177.217 - - [12/Oct/2022:13:15:14 +0200] "GET /route-canvas-frame-p-13292.html HTTP/1.0" 200 74940 "-" "Mozilla/5.0 (compatible; BLEXBot/1.0; +http://webmeup-crawler.com/)"
157.90.177.217 - - [12/Oct/2022:13:15:31 +0200] "GET /route-case-lenticulaire-iphone-sries-p-20657.html HTTP/1.0" 200 77574 "-" "Mozilla/5.0 (compatible; BLEXBot/1.0; +http://webmeup-crawler.com/)"
54.36.148.123 - - [12/Oct/2022:13:15:32 +0200] "GET /cats-adult-apron-p-41606.html HTTP/1.0" 200 74808 "-" "Mozilla/5.0 (compatible; AhrefsBot/7.0; +http://ahrefs.com/robot/)"
185.191.171.34 - - [12/Oct/2022:13:15:43 +0200] "GET /acrylic-metal-lamp-p-54025.html HTTP/1.0" 200 72318 "-" "Mozilla/5.0 (compatible; SemrushBot/7~bl; +http://www.semrush.com/bot.html)"
185.191.171.38 - - [12/Oct/2022:13:15:47 +0200] "GET /harley-davidson-willie-skull-lighter-p-45310.html HTTP/1.0" 200 76048 "-" "Mozilla/5.0 (compatible; SemrushBot/7~bl; +http://www.semrush.com/bot.html)"
157.90.177.217 - - [12/Oct/2022:13:15:48 +0200] "GET /route-case-lenticulaire-iphone-sries-p-20659.html HTTP/1.0" 200 77576 "-" "Mozilla/5.0 (compatible; BLEXBot/1.0; +http://webmeup-crawler.com/)"
157.90.177.217 - - [12/Oct/2022:13:16:05 +0200] "GET /route-cosmetic-p-7838.html HTTP/1.0" 200 75548 "-" "Mozilla/5.0 (compatible; BLEXBot/1.0; +http://webmeup-crawler.com/)"
157.90.177.217 - - [12/Oct/2022:13:16:20 +0200] "GET /route-feel-freedom-cosmetic-p-18867.html HTTP/1.0" 200 75099 "-" "Mozilla/5.0 (compatible; BLEXBot/1.0; +http://webmeup-crawler.com/)"
185.191.171.12 - - [12/Oct/2022:13:16:22 +0200] "GET /-p-6406.html HTTP/1.0" 200 72246 "-" "Mozilla/5.0 (compatible; SemrushBot/7~bl; +http://www.semrush.com/bot.html)"
157.90.177.217 - - [12/Oct/2022:13:16:36 +0200] "GET /route-flag-mirror-p-32538.html HTTP/1.0" 200 74825 "-" "Mozilla/5.0 (compatible; BLEXBot/1.0; +http://webmeup-crawler.com/)"
185.191.171.3 - - [12/Oct/2022:13:16:48 +0200] "GET /bodega-toothpick-display-p-39487.html HTTP/1.0" 200 72334 "-" "Mozilla/5.0 (compatible; SemrushBot/7~bl; +http://www.semrush.com/bot.html)"
54.36.148.14 - - [12/Oct/2022:13:16:52 +0200] "GET /sonny-angel-figure-series-caribbean-p-49377.html HTTP/1.0" 200 75192 "-" "Mozilla/5.0 (compatible; AhrefsBot/7.0; +http://ahrefs.com/robot/)"
157.90.177.217 - - [12/Oct/2022:13:16:52 +0200] "GET /route-flag-mirror-p-37747.html HTTP/1.0" 200 74837 "-" "Mozilla/5.0 (compatible; BLEXBot/1.0; +http://webmeup-crawler.com/)"
157.90.177.217 - - [12/Oct/2022:13:17:10 +0200] "GET /route-flag-p-24169.html HTTP/1.0" 200 74870 "-" "Mozilla/5.0 (compatible; BLEXBot/1.0; +http://webmeup-crawler.com/)"
157.90.177.217 - - [12/Oct/2022:13:17:26 +0200] "GET /route-large-motor-mirror-p-13925.html HTTP/1.0" 200 74856 "-" "Mozilla/5.0 (compatible; BLEXBot/1.0; +http://webmeup-crawler.com/)"
216.244.66.242 - - [12/Oct/2022:13:17:28 +0200] "GET /retro-tea-box-p-40723.html HTTP/1.0" 301 72315 "-" "Mozilla/5.0 (compatible; DotBot/1.2; +https://opensiteexplorer.org/dotbot; help@moz.com)"
66.249.64.242 - - [12/Oct/2022:13:17:32 +0200] "GET /images/big_prod/3565750025675.jpg HTTP/1.0" 200 268 "-" "Googlebot-Image/1.0"
157.90.177.217 - - [12/Oct/2022:13:17:42 +0200] "GET /route-logo-cosmetic-p-10991.html HTTP/1.0" 200 74833 "-" "Mozilla/5.0 (compatible; BLEXBot/1.0; +http://webmeup-crawler.com/)"
