66.249.64.244 - - [12/Oct/2022:09:31:31 +0200] "GET /round-cotton-pencil-case-little-prince-p-58267.html HTTP/1.0" 200 75718 "-" "Mozilla/5.0 (Linux; Android 6.0.1; Nexus 5X Build/MMB29P) AppleWebKit/537.36 (KHTML, like Gecko) Chrome/106.0.5249.103 Mobile Safari/537.36 (compatible; Googlebot/2.1; +http://www.google.com/bot.html)"
157.90.177.217 - - [12/Oct/2022:09:31:40 +0200] "GET /pepe-jeans-gray-small-shoulder-p-35986.html HTTP/1.0" 200 75318 "-" "Mozilla/5.0 (compatible; BLEXBot/1.0; +http://webmeup-crawler.com/)"
157.90.177.217 - - [12/Oct/2022:09:31:58 +0200] "GET /pepe-jeans-gray-traveling-p-35988.html HTTP/1.0" 200 75231 "-" "Mozilla/5.0 (compatible; BLEXBot/1.0; +http://webmeup-crawler.com/)"
185.191.171.39 - - [12/Oct/2022:09:32:03 +0200] "GET /retro-phone-clock-p-56709.html HTTP/1.0" 200 72306 "-" "Mozilla/5.0 (compatible; SemrushBot/7~bl; +http://www.semrush.com/bot.html)"
157.90.177.217 - - [12/Oct/2022:09:32:16 +0200] "GET /pepe-jeans-gray-traveling-p-41321.html HTTP/1.0" 200 75231 "-" "Mozilla/5.0 (compatible; BLEXBot/1.0; +http://webmeup-crawler.com/)"
54.36.148.61 - - [12/Oct/2022:09:32:04 +0200] "GET /boxes-storage-c-13_150.html?page=24 HTTP/1.0" 200 94816 "-" "Mozilla/5.0 (compatible; AhrefsBot/7.0; +http://ahrefs.com/robot/)"
157.90.177.217 - - [12/Oct/2022:09:32:34 +0200] "GET /pepe-jeans-kensington-laptop-p-41324.html HTTP/1.0" 200 75270 "-" "Mozilla/5.0 (compatible; BLEXBot/1.0; +http://webmeup-crawler.com/)"
185.191.171.35 - - [12/Oct/2022:09:32:48 +0200] "GET /amys-flamingo-p-59027.html?action=add_product HTTP/1.0" 302 476 "-" "Mozilla/5.0 (compatible; SemrushBot/7~bl; +http://www.semrush.com/bot.html)"
185.191.171.24 - - [12/Oct/2022:09:32:50 +0200] "GET /-p-23067.html?action=add_product HTTP/1.0" 302 476 "-" "Mozilla/5.0 (compatible; SemrushBot/7~bl; +http://www.semrush.com/bot.html)"
152.136.123.61 - - [12/Oct/2022:09:32:51 +0200] "GET /images/mini_prod/8003990595459.jpg HTTP/1.0" 200 269 "-" "python-requests/2.27.1"
157.90.177.217 - - [12/Oct/2022:09:32:52 +0200] "GET /pepe-jeans-leather-wallet-brown-p-41310.html HTTP/1.0" 200 75672 "-" "Mozilla/5.0 (compatible; BLEXBot/1.0; +http://webmeup-crawler.com/)"
66.249.64.242 - - [12/Oct/2022:09:32:59 +0200] "GET /white-gold-wood-p-55745.html HTTP/1.0" 200 72322 "-" "Mozilla/5.0 (compatible; Googlebot/2.1; +http://www.google.com/bot.html)"
51.68.224.127 - - [12/Oct/2022:09:33:04 +0200] "GET /adminweb/export_orders_xml.php?token=256de2z6edz6ed2z6DFSFsed2zed6zeDSFDSGdzedezfzf&maxorders=10&orderstart=1&status=14&start_date=2018-10-01 HTTP/1.0" 200 285 "-" "GesCom CharlotteBoutik Serveur"
51.68.224.127 - - [12/Oct/2022:09:33:04 +0200] "GET /adminweb/export_orders_xml.php?token=256de2z6edz6ed2z6DFSFsed2zed6zeDSFDSGdzedezfzf&maxorders=10&orderstart=1&status=6&start_date=2018-10-01 HTTP/1.0" 200 33985 "-" "GesCom CharlotteBoutik Serveur"
185.191.171.34 - - [12/Oct/2022:09:33:09 +0200] "GET /purple-tulip-alarm-clock-p-47276.html HTTP/1.0" 200 76230 "-" "Mozilla/5.0 (compatible; SemrushBot/7~bl; +http://www.semrush.com/bot.html)"
157.90.177.217 - - [12/Oct/2022:09:33:10 +0200] "GET /pepe-jeans-leather-wallet-p-36007.html HTTP/1.0" 200 76018 "-" "Mozilla/5.0 (compatible; BLEXBot/1.0; +http://webmeup-crawler.com/)"
157.90.177.217 - - [12/Oct/2022:09:33:30 +0200] "GET /pepe-jeans-pocket-wallet-original-p-36001.html HTTP/1.0" 200 75951 "-" "Mozilla/5.0 (compatible; BLEXBot/1.0; +http://webmeup-crawler.com/)"
163.220.128.41 - - [12/Oct/2022:09:33:47 +0200] "GET /images/mini_prod/3661443611191.jpg HTTP/1.0" 200 269 "-" "Mozilla/5.0 (X11; Ubuntu; Linux x86_64; rv:72.0) Gecko/20100101 Firefox/72.0"
157.90.177.217 - - [12/Oct/2022:09:33:49 +0200] "GET /pepe-jeans-sport-p-35990.html HTTP/1.0" 200 75193 "-" "Mozilla/5.0 (compatible; BLEXBot/1.0; +http://webmeup-crawler.com/)"
185.220.101.63 - - [12/Oct/2022:09:34:08 +0200] "POST /contact_us.php?action=send HTTP/1.0" 200 26565 "http://www.wonder-geek.com/contact_us.php" "Mozilla/5.0 (Windows NT 6.1; WOW64) AppleWebKit/537.36 (KHTML, like Gecko) Chrome/90.0.4430.85 Safari/537.36"
157.90.177.217 - - [12/Oct/2022:09:34:07 +0200] "GET /pepe-jeans-sport-p-41322.html HTTP/1.0" 200 75193 "-" "Mozilla/5.0 (compatible; BLEXBot/1.0; +http://webmeup-crawler.com/)"
66.249.64.244 - - [12/Oct/2022:09:34:18 +0200] "GET /titeuf-sticker-p-24721.html HTTP/1.0" 200 75527 "-" "Mozilla/5.0 (compatible; Googlebot/2.1; +http://www.google.com/bot.html)"
42.194.204.180 - - [12/Oct/2022:09:34:29 +0200] "GET /images/mini_prod/3453131145060BB.jpg HTTP/1.0" 200 271 "-" "Mozilla/5.0 (X11; Ubuntu; Linux x86_64; rv:72.0) Gecko/20100101 Firefox/72.0"
157.90.177.217 - - [12/Oct/2022:09:34:25 +0200] "GET /percolator-metallic-coffee-p-52615.html HTTP/1.0" 200 75150 "-" "Mozilla/5.0 (compatible; BLEXBot/1.0; +http://webmeup-crawler.com/)"
157.90.177.217 - - [12/Oct/2022:09:34:44 +0200] "GET /percolator-metallic-coffee-p-52616.html HTTP/1.0" 200 75150 "-" "Mozilla/5.0 (compatible; BLEXBot/1.0; +http://webmeup-crawler.com/)"
54.36.148.20 - - [12/Oct/2022:09:34:47 +0200] "GET /harley-davidson-lighter-p-42862.html HTTP/1.0" 200 75357 "-" "Mozilla/5.0 (compatible; AhrefsBot/7.0; +http://ahrefs.com/robot/)"
157.90.177.217 - - [12/Oct/2022:09:35:05 +0200] "GET /percolator-metallic-coffee-p-52617.html HTTP/1.0" 200 75150 "-" "Mozilla/5.0 (compatible; BLEXBot/1.0; +http://webmeup-crawler.com/)"
157.90.177.217 - - [12/Oct/2022:09:35:22 +0200] "GET /perfume-burner-natura-series-arum-p-57348.html HTTP/1.0" 200 76152 "-" "Mozilla/5.0 (compatible; BLEXBot/1.0; +http://webmeup-crawler.com/)"
157.90.177.217 - - [12/Oct/2022:09:35:40 +0200] "GET /perfume-burner-natura-series-birdy-black-p-57353.html HTTP/1.0" 200 75977 "-" "Mozilla/5.0 (compatible; BLEXBot/1.0; +http://webmeup-crawler.com/)"
120.237.18.58 - - [12/Oct/2022:09:35:55 +0200] "GET /images/mini_prod/3700653593221.jpg HTTP/1.0" 200 269 "-" "Mozilla/5.0 (X11; Ubuntu; Linux x86_64; rv:72.0) Gecko/20100101 Firefox/72.0"
157.90.177.217 - - [12/Oct/2022:09:35:59 +0200] "GET /perfume-burner-natura-series-birdy-white-p-57350.html HTTP/1.0" 200 75977 "-" "Mozilla/5.0 (compatible; BLEXBot/1.0; +http://webmeup-crawler.com/)"
157.90.177.217 - - [12/Oct/2022:09:36:18 +0200] "GET /perfume-burner-natura-series-plumeria-p-57349.html HTTP/1.0" 200 76200 "-" "Mozilla/5.0 (compatible; BLEXBot/1.0; +http://webmeup-crawler.com/)"
185.191.171.19 - - [12/Oct/2022:09:36:27 +0200] "GET /bamboo-fiber-plant-cover-p-54350.html HTTP/1.0" 200 72334 "-" "Mozilla/5.0 (compatible; SemrushBot/7~bl; +http://www.semrush.com/bot.html)"
157.90.177.217 - - [12/Oct/2022:09:36:36 +0200] "GET /perfume-burner-p-58568.html HTTP/1.0" 200 75722 "-" "Mozilla/5.0 (compatible; BLEXBot/1.0; +http://webmeup-crawler.com/)"
185.191.171.10 - - [12/Oct/2022:09:36:43 +0200] "GET /vase-white-gray-p-55105.html HTTP/1.0" 200 75732 "-" "Mozilla/5.0 (compatible; SemrushBot/7~bl; +http://www.semrush.com/bot.html)"
207.46.13.138 - - [12/Oct/2022:09:36:48 +0200] "GET /images/mini_prod/9316188092494.jpg HTTP/1.0" 200 269 "-" "Mozilla/5.0 AppleWebKit/537.36 (KHTML, like Gecko; compatible; bingbot/2.0; +http://www.bing.com/bingbot.htm) Chrome/103.0.5060.134 Safari/537.36"
183.71.252.115 - - [12/Oct/2022:09:36:49 +0200] "GET /images/mini_prod/3661443611191.jpg HTTP/1.0" 200 269 "-" "Mozilla/5.0 (X11; Ubuntu; Linux x86_64; rv:72.0) Gecko/20100101 Firefox/72.0"
82.156.32.32 - - [12/Oct/2022:09:36:50 +0200] "GET /images/mini_prod/1384010182741.jpg HTTP/1.0" 200 269 "-" "python-requests/2.27.1"
66.249.64.246 - - [12/Oct/2022:09:36:48 +0200] "GET /mady-white-porcelain-bowl-p-56501.html HTTP/1.0" 200 74887 "-" "Mozilla/5.0 (Linux; Android 6.0.1; Nexus 5X Build/MMB29P) AppleWebKit/537.36 (KHTML, like Gecko) Chrome/106.0.5249.103 Mobile Safari/537.36 (compatible; Googlebot/2.1; +http://www.google.com/bot.html)"
207.46.13.149 - - [12/Oct/2022:09:36:55 +0200] "GET /images/mini_prod/8422018290419.jpg HTTP/1.0" 200 269 "-" "Mozilla/5.0 (compatible; bingbot/2.0; +http://www.bing.com/bingbot.htm)"
157.90.177.217 - - [12/Oct/2022:09:36:54 +0200] "GET /perfumes-interior-c-231_234.html?page=1 HTTP/1.0" 200 93680 "-" "Mozilla/5.0 (compatible; BLEXBot/1.0; +http://webmeup-crawler.com/)"
216.244.66.242 - - [12/Oct/2022:09:37:14 +0200] "GET /robots.txt HTTP/1.0" 301 531 "-" "Mozilla/5.0 (compatible; DotBot/1.2; +https://opensiteexplorer.org/dotbot; help@moz.com)"
216.244.66.242 - - [12/Oct/2022:09:37:14 +0200] "GET /robots.txt HTTP/1.0" 200 245 "-" "Mozilla/5.0 (compatible; DotBot/1.2; +https://opensiteexplorer.org/dotbot; help@moz.com)"
216.244.66.242 - - [12/Oct/2022:09:37:14 +0200] "GET /robots.txt HTTP/1.0" 200 245 "-" "Mozilla/5.0 (compatible; DotBot/1.2; +https://opensiteexplorer.org/dotbot; help@moz.com)"
157.90.177.217 - - [12/Oct/2022:09:37:25 +0200] "GET /perpetual-calendar-metal-p-54059.html HTTP/1.0" 200 75952 "-" "Mozilla/5.0 (compatible; BLEXBot/1.0; +http://webmeup-crawler.com/)"
77.88.5.168 - - [12/Oct/2022:09:37:39 +0200] "GET /images/7316191496120.jpg HTTP/1.0" 200 259 "-" "Mozilla/5.0 (compatible; YandexImages/3.0; +http://yandex.com/bots)"
157.90.177.217 - - [12/Oct/2022:09:37:44 +0200] "GET /perpetual-calendar-metal-p-56399.html HTTP/1.0" 200 75622 "-" "Mozilla/5.0 (compatible; BLEXBot/1.0; +http://webmeup-crawler.com/)"
66.249.64.242 - - [12/Oct/2022:09:37:55 +0200] "GET /smiski-figure-series-note-there-single-figure-p-43652.html HTTP/1.0" 200 76191 "-" "Mozilla/5.0 (Linux; Android 6.0.1; Nexus 5X Build/MMB29P) AppleWebKit/537.36 (KHTML, like Gecko) Chrome/106.0.5249.103 Mobile Safari/537.36 (compatible; Googlebot/2.1; +http://www.google.com/bot.html)"
157.90.177.217 - - [12/Oct/2022:09:38:04 +0200] "GET /perpetual-plate-slate-milka-p-12563.html HTTP/1.0" 200 74916 "-" "Mozilla/5.0 (compatible; BLEXBot/1.0; +http://webmeup-crawler.com/)"
157.90.177.217 - - [12/Oct/2022:09:38:22 +0200] "GET /perrier-metal-plate-postcard-p-15149.html HTTP/1.0" 200 74748 "-" "Mozilla/5.0 (compatible; BLEXBot/1.0; +http://webmeup-crawler.com/)"
157.90.177.217 - - [12/Oct/2022:09:38:41 +0200] "GET /personality-pose-cinderella-figurine-p-52398.html HTTP/1.0" 200 76362 "-" "Mozilla/5.0 (compatible; BLEXBot/1.0; +http://webmeup-crawler.com/)"
157.90.177.217 - - [12/Oct/2022:09:38:59 +0200] "GET /personalized-photo-album-kimmidoll-love-p-21751.html HTTP/1.0" 200 75395 "-" "Mozilla/5.0 (compatible; BLEXBot/1.0; +http://webmeup-crawler.com/)"
185.191.171.4 - - [12/Oct/2022:09:39:20 +0200] "GET /resin-statue-little-monk-pink-dress-p-52903.html HTTP/1.0" 200 72384 "-" "Mozilla/5.0 (compatible; SemrushBot/7~bl; +http://www.semrush.com/bot.html)"
157.90.177.217 - - [12/Oct/2022:09:39:17 +0200] "GET /personalized-products-c-97.html?page=1 HTTP/1.0" 200 92064 "-" "Mozilla/5.0 (compatible; BLEXBot/1.0; +http://webmeup-crawler.com/)"
66.249.64.246 - - [12/Oct/2022:09:39:39 +0200] "GET /gund-mini-dog-plush-black-p-51966.html HTTP/1.0" 301 72315 "-" "Mozilla/5.0 (compatible; Googlebot/2.1; +http://www.google.com/bot.html)"
54.36.148.240 - - [12/Oct/2022:09:39:38 +0200] "GET /lion-king-stacked-charaters-p-51160.html HTTP/1.0" 200 76154 "-" "Mozilla/5.0 (compatible; AhrefsBot/7.0; +http://ahrefs.com/robot/)"
66.249.64.242 - - [12/Oct/2022:09:39:42 +0200] "GET /-p-51966.html HTTP/1.0" 200 72248 "-" "Mozilla/5.0 (compatible; Googlebot/2.1; +http://www.google.com/bot.html)"
157.90.177.217 - - [12/Oct/2022:09:39:50 +0200] "GET /peru-collectable-figurine-family-p-57419.html HTTP/1.0" 200 77083 "-" "Mozilla/5.0 (compatible; BLEXBot/1.0; +http://webmeup-crawler.com/)"
192.144.198.154 - - [12/Oct/2022:09:40:00 +0200] "GET /images/mini_prod/3612873102407.jpg HTTP/1.0" 200 269 "-" "python-requests/2.27.1"
157.90.177.217 - - [12/Oct/2022:09:40:09 +0200] "GET /pesos-money-cbkreation-p-24144.html HTTP/1.0" 200 74928 "-" "Mozilla/5.0 (compatible; BLEXBot/1.0; +http://webmeup-crawler.com/)"
216.244.66.242 - - [12/Oct/2022:09:39:57 +0200] "GET /flatwares-c-12_63.html HTTP/1.0" 200 90835 "-" "Mozilla/5.0 (compatible; DotBot/1.2; +https://opensiteexplorer.org/dotbot; help@moz.com)"
185.191.171.45 - - [12/Oct/2022:09:40:23 +0200] "GET /children-coat-hooks-p-52559.html HTTP/1.0" 200 72336 "-" "Mozilla/5.0 (compatible; SemrushBot/7~bl; +http://www.semrush.com/bot.html)"
1.180.0.162 - - [12/Oct/2022:09:40:25 +0200] "GET /contact_us.php HTTP/1.0" 200 26241 "http://www.wonder-geek.com/contact_us.php" "Mozilla/5.0 (Windows NT 6.1) AppleWebKit/537.36 (KHTML, like Gecko) Chrome/90.0.4430.72 Safari/537.36"
157.90.177.217 - - [12/Oct/2022:09:40:31 +0200] "GET /peter-britto-disney-figure-collection-p-39601.html HTTP/1.0" 200 75649 "-" "Mozilla/5.0 (compatible; BLEXBot/1.0; +http://webmeup-crawler.com/)"
163.220.128.41 - - [12/Oct/2022:09:40:36 +0200] "GET /images/mini_prod/5411854151674.jpg HTTP/1.0" 200 269 "-" "Mozilla/5.0 (X11; Ubuntu; Linux x86_64; rv:72.0) Gecko/20100101 Firefox/72.0"
94.41.36.173 - - [12/Oct/2022:09:40:47 +0200] "GET /contact_us.php HTTP/1.0" 200 26241 "http://www.wonder-geek.com/contact_us.php" "Mozilla/5.0 (Windows NT 6.1) AppleWebKit/537.36 (KHTML, like Gecko) Chrome/90.0.4430.72 Safari/537.36"
94.41.36.173 - - [12/Oct/2022:09:40:48 +0200] "POST /contact_us.php?action=send HTTP/1.0" 200 26462 "http://www.wonder-geek.com/contact_us.php" "Mozilla/5.0 (Windows NT 6.1) AppleWebKit/537.36 (KHTML, like Gecko) Chrome/90.0.4430.72 Safari/537.36"
157.90.177.217 - - [12/Oct/2022:09:40:48 +0200] "GET /peter-childhood-champion-figure-disney-traditions-p-22165.html HTTP/1.0" 200 75202 "-" "Mozilla/5.0 (compatible; BLEXBot/1.0; +http://webmeup-crawler.com/)"
185.191.171.19 - - [12/Oct/2022:09:40:50 +0200] "GET /bagshandbags-shoulder-bags-c-31_81.html?page=16 HTTP/1.0" 200 88391 "-" "Mozilla/5.0 (compatible; SemrushBot/7~bl; +http://www.semrush.com/bot.html)"
157.90.177.217 - - [12/Oct/2022:09:41:06 +0200] "GET /peter-rabbit-musical-jewelry-p-56591.html HTTP/1.0" 200 76018 "-" "Mozilla/5.0 (compatible; BLEXBot/1.0; +http://webmeup-crawler.com/)"
185.191.171.35 - - [12/Oct/2022:09:41:12 +0200] "GET /hello-kitty-sanrio-jean-p-30236.html HTTP/1.0" 200 76042 "-" "Mozilla/5.0 (compatible; SemrushBot/7~bl; +http://www.semrush.com/bot.html)"
157.90.177.217 - - [12/Oct/2022:09:41:26 +0200] "GET /petit-akio-night-light-chick-p-46402.html HTTP/1.0" 200 76039 "-" "Mozilla/5.0 (compatible; BLEXBot/1.0; +http://webmeup-crawler.com/)"
185.191.171.37 - - [12/Oct/2022:09:41:33 +0200] "GET /vanua-cotton-basket-planter-p-58823.html HTTP/1.0" 200 75769 "-" "Mozilla/5.0 (compatible; SemrushBot/7~bl; +http://www.semrush.com/bot.html)"
157.90.177.217 - - [12/Oct/2022:09:41:43 +0200] "GET /petit-akio-night-light-dino-p-46407.html HTTP/1.0" 200 76030 "-" "Mozilla/5.0 (compatible; BLEXBot/1.0; +http://webmeup-crawler.com/)"
157.90.177.217 - - [12/Oct/2022:09:42:01 +0200] "GET /petit-akio-night-light-rabbit-p-47267.html HTTP/1.0" 200 76335 "-" "Mozilla/5.0 (compatible; BLEXBot/1.0; +http://webmeup-crawler.com/)"
163.220.128.41 - - [12/Oct/2022:09:42:07 +0200] "GET /images/mini_prod/1384010204221.jpg HTTP/1.0" 200 269 "-" "Mozilla/5.0 (X11; Ubuntu; Linux x86_64; rv:72.0) Gecko/20100101 Firefox/72.0"
157.90.177.217 - - [12/Oct/2022:09:42:20 +0200] "GET /petit-akio-night-light-unicorn-p-54707.html HTTP/1.0" 200 76185 "-" "Mozilla/5.0 (compatible; BLEXBot/1.0; +http://webmeup-crawler.com/)"
159.138.137.41 - - [12/Oct/2022:09:42:27 +0200] "GET /images/mini_prod/3494150095097.jpg HTTP/1.0" 200 269 "-" "Mozilla/5.0 (X11; Ubuntu; Linux x86_64; rv:72.0) Gecko/20100101 Firefox/72.0"
157.90.177.217 - - [12/Oct/2022:09:42:37 +0200] "GET /petit-beurre-nantais-mini-metal-tray-p-40092.html HTTP/1.0" 200 75089 "-" "Mozilla/5.0 (compatible; BLEXBot/1.0; +http://webmeup-crawler.com/)"
157.90.177.217 - - [12/Oct/2022:09:42:55 +0200] "GET /petit-beurre-placemat-p-28607.html HTTP/1.0" 200 74833 "-" "Mozilla/5.0 (compatible; BLEXBot/1.0; +http://webmeup-crawler.com/)"
157.90.177.217 - - [12/Oct/2022:09:43:12 +0200] "GET /petit-prince-exupry-collection-p-53974.html HTTP/1.0" 200 75698 "-" "Mozilla/5.0 (compatible; BLEXBot/1.0; +http://webmeup-crawler.com/)"
157.90.177.217 - - [12/Oct/2022:09:43:29 +0200] "GET /petit-prince-exupry-collection-p-53975.html HTTP/1.0" 200 75696 "-" "Mozilla/5.0 (compatible; BLEXBot/1.0; +http://webmeup-crawler.com/)"
185.191.171.23 - - [12/Oct/2022:09:43:33 +0200] "GET /handy-manny-pencil-case-p-19646.html HTTP/1.0" 200 75065 "-" "Mozilla/5.0 (compatible; SemrushBot/7~bl; +http://www.semrush.com/bot.html)"
185.191.171.26 - - [12/Oct/2022:09:43:42 +0200] "GET /bedclothes-p-57627.html HTTP/1.0" 200 75562 "-" "Mozilla/5.0 (compatible; SemrushBot/7~bl; +http://www.semrush.com/bot.html)"
157.90.177.217 - - [12/Oct/2022:09:43:46 +0200] "GET /petit-prince-exupry-collection-p-53976.html HTTP/1.0" 200 75054 "-" "Mozilla/5.0 (compatible; BLEXBot/1.0; +http://webmeup-crawler.com/)"
114.119.137.43 - - [12/Oct/2022:09:43:51 +0200] "GET /table-lamp-metal-white-color-p-48081.html HTTP/1.0" 200 72358 "http://www.wonder-geek.com/table-lamps-c-86_286.html?page=11" "Mozilla/5.0 (Linux; Android 7.0;) AppleWebKit/537.36 (KHTML, like Gecko) Mobile Safari/537.36 (compatible; PetalBot;+https://webmaster.petalsearch.com/site/petalbot)"
157.90.177.217 - - [12/Oct/2022:09:44:04 +0200] "GET /petit-prince-metal-tray-p-42360.html HTTP/1.0" 200 74973 "-" "Mozilla/5.0 (compatible; BLEXBot/1.0; +http://webmeup-crawler.com/)"
185.191.171.40 - - [12/Oct/2022:09:43:58 +0200] "GET /dishes-c-12.html?page=19 HTTP/1.0" 200 93525 "-" "Mozilla/5.0 (compatible; SemrushBot/7~bl; +http://www.semrush.com/bot.html)"
157.90.177.217 - - [12/Oct/2022:09:44:22 +0200] "GET /petit-prince-metal-tray-p-47148.html HTTP/1.0" 200 74973 "-" "Mozilla/5.0 (compatible; BLEXBot/1.0; +http://webmeup-crawler.com/)"
54.36.149.26 - - [12/Oct/2022:09:44:35 +0200] "GET /light-wood-table-lamp-scandinavian-spirit-p-56110.html HTTP/1.0" 200 75765 "-" "Mozilla/5.0 (compatible; AhrefsBot/7.0; +http://ahrefs.com/robot/)"
157.90.177.217 - - [12/Oct/2022:09:44:39 +0200] "GET /petit-prince-shoulder-made-france-p-52351.html HTTP/1.0" 200 76141 "-" "Mozilla/5.0 (compatible; BLEXBot/1.0; +http://webmeup-crawler.com/)"
157.90.177.217 - - [12/Oct/2022:09:44:56 +0200] "GET /petite-crmerie-p-35608.html HTTP/1.0" 200 74870 "-" "Mozilla/5.0 (compatible; BLEXBot/1.0; +http://webmeup-crawler.com/)"
207.46.13.149 - - [12/Oct/2022:09:45:07 +0200] "GET /images/big_prod/3660173124520.jpg HTTP/1.0" 200 268 "-" "Mozilla/5.0 AppleWebKit/537.36 (KHTML, like Gecko; compatible; bingbot/2.0; +http://www.bing.com/bingbot.htm) Chrome/103.0.5060.134 Safari/537.36"
157.90.177.217 - - [12/Oct/2022:09:45:13 +0200] "GET /petite-pense-pour-card-p-20053.html HTTP/1.0" 200 74976 "-" "Mozilla/5.0 (compatible; BLEXBot/1.0; +http://webmeup-crawler.com/)"
157.90.177.217 - - [12/Oct/2022:09:45:31 +0200] "GET /petrol-blue-reporter-p-15602.html HTTP/1.0" 200 75316 "-" "Mozilla/5.0 (compatible; BLEXBot/1.0; +http://webmeup-crawler.com/)"
185.191.171.7 - - [12/Oct/2022:09:45:24 +0200] "GET /products_new.php?page=22 HTTP/1.0" 200 96811 "-" "Mozilla/5.0 (compatible; SemrushBot/7~bl; +http://www.semrush.com/bot.html)"
157.90.177.217 - - [12/Oct/2022:09:45:48 +0200] "GET /pets-rock-audrey-hairbrush-p-15943.html HTTP/1.0" 200 74936 "-" "Mozilla/5.0 (compatible; BLEXBot/1.0; +http://webmeup-crawler.com/)"
157.90.177.217 - - [12/Oct/2022:09:46:07 +0200] "GET /petsy-terracotta-planter-grey-p-55324.html HTTP/1.0" 200 75652 "-" "Mozilla/5.0 (compatible; BLEXBot/1.0; +http://webmeup-crawler.com/)"
157.90.177.217 - - [12/Oct/2022:09:46:24 +0200] "GET /petsy-terracotta-planter-grey-p-55325.html HTTP/1.0" 200 75654 "-" "Mozilla/5.0 (compatible; BLEXBot/1.0; +http://webmeup-crawler.com/)"
43.156.253.139 - - [12/Oct/2022:09:46:33 +0200] "GET /images/mini_prod/3700276294710.jpg HTTP/1.0" 200 269 "-" "Mozilla/5.0 (Macintoosh; Intel Mac OS X 10_14_68) AppleWebKit/538.36 (KHTML, like Gecko) Chrome/76.0.3904.97 Safari/537.36"
185.191.171.37 - - [12/Oct/2022:09:46:27 +0200] "GET /products_new.php?page=14 HTTP/1.0" 200 98704 "-" "Mozilla/5.0 (compatible; SemrushBot/7~bl; +http://www.semrush.com/bot.html)"
157.90.177.217 - - [12/Oct/2022:09:46:41 +0200] "GET /peugeot-magnet-p-15273.html HTTP/1.0" 200 74840 "-" "Mozilla/5.0 (compatible; BLEXBot/1.0; +http://webmeup-crawler.com/)"
216.244.66.242 - - [12/Oct/2022:09:47:02 +0200] "GET /storage-and-cups-c-12_159_264.html HTTP/1.0" 301 579 "-" "Mozilla/5.0 (compatible; DotBot/1.2; +https://opensiteexplorer.org/dotbot; help@moz.com)"
157.90.177.217 - - [12/Oct/2022:09:47:00 +0200] "GET /peugeot-magnets-p-49373.html HTTP/1.0" 200 74914 "-" "Mozilla/5.0 (compatible; BLEXBot/1.0; +http://webmeup-crawler.com/)"
157.90.177.217 - - [12/Oct/2022:09:47:17 +0200] "GET /peux-apro-adult-apron-p-42606.html HTTP/1.0" 200 74892 "-" "Mozilla/5.0 (compatible; BLEXBot/1.0; +http://webmeup-crawler.com/)"
185.191.171.15 - - [12/Oct/2022:09:47:33 +0200] "GET /with-spoon-allen-desings-blooms-p-54356.html HTTP/1.0" 200 75606 "-" "Mozilla/5.0 (compatible; SemrushBot/7~bl; +http://www.semrush.com/bot.html)"
157.90.177.217 - - [12/Oct/2022:09:47:36 +0200] "GET /peux-trop-froid-water-bottle-p-56132.html HTTP/1.0" 200 75784 "-" "Mozilla/5.0 (compatible; BLEXBot/1.0; +http://webmeup-crawler.com/)"
185.191.171.43 - - [12/Oct/2022:09:47:38 +0200] "GET /mickey-holiday-harmony-collector-figure-p-36908.html HTTP/1.0" 200 72394 "-" "Mozilla/5.0 (compatible; SemrushBot/7~bl; +http://www.semrush.com/bot.html)"
157.90.177.217 - - [12/Oct/2022:09:47:53 +0200] "GET /pgase-training-bottle-cbkreation-p-33775.html HTTP/1.0" 200 75257 "-" "Mozilla/5.0 (compatible; BLEXBot/1.0; +http://webmeup-crawler.com/)"
185.191.171.21 - - [12/Oct/2022:09:48:01 +0200] "GET /making-friends-mickey-minnie-mouse-with-snowman-figurine-p-56735.html HTTP/1.0" 200 76737 "-" "Mozilla/5.0 (compatible; SemrushBot/7~bl; +http://www.semrush.com/bot.html)"
157.90.177.217 - - [12/Oct/2022:09:48:11 +0200] "GET /pgase-training-bottle-p-33776.html HTTP/1.0" 200 75192 "-" "Mozilla/5.0 (compatible; BLEXBot/1.0; +http://webmeup-crawler.com/)"
157.90.177.217 - - [12/Oct/2022:09:48:29 +0200] "GET /philosophizing-monkey-rheinhold-p-46899.html HTTP/1.0" 200 75760 "-" "Mozilla/5.0 (compatible; BLEXBot/1.0; +http://webmeup-crawler.com/)"
157.90.177.217 - - [12/Oct/2022:09:48:46 +0200] "GET /philosophizing-monkey-rheinhold-p-54829.html HTTP/1.0" 200 75768 "-" "Mozilla/5.0 (compatible; BLEXBot/1.0; +http://webmeup-crawler.com/)"
66.249.64.244 - - [12/Oct/2022:09:49:00 +0200] "GET /barbapapa-large-coin-purse-p-5345.html HTTP/1.0" 200 75069 "-" "Mozilla/5.0 (Linux; Android 6.0.1; Nexus 5X Build/MMB29P) AppleWebKit/537.36 (KHTML, like Gecko) Chrome/106.0.5249.103 Mobile Safari/537.36 (compatible; Googlebot/2.1; +http://www.google.com/bot.html)"
157.90.177.217 - - [12/Oct/2022:09:49:03 +0200] "GET /philosophizing-monkey-rheinhold-p-54861.html HTTP/1.0" 200 75769 "-" "Mozilla/5.0 (compatible; BLEXBot/1.0; +http://webmeup-crawler.com/)"
157.90.177.217 - - [12/Oct/2022:09:49:21 +0200] "GET /phosphorescent-musical-jewelry-dancer-p-41992.html HTTP/1.0" 200 76266 "-" "Mozilla/5.0 (compatible; BLEXBot/1.0; +http://webmeup-crawler.com/)"
157.90.177.217 - - [12/Oct/2022:09:49:39 +0200] "GET /photo-album-travel-diary-p-57701.html HTTP/1.0" 200 75781 "-" "Mozilla/5.0 (compatible; BLEXBot/1.0; +http://webmeup-crawler.com/)"
51.68.224.127 - - [12/Oct/2022:09:49:50 +0200] "GET /adminweb/export_orders_xml.php?token=256de2z6edz6ed2z6DFSFsed2zed6zeDSFDSGdzedezfzf&maxorders=10&orderstart=1&status=14&start_date=2018-10-01 HTTP/1.0" 200 285 "-" "GesCom CharlotteBoutik Serveur"
51.68.224.127 - - [12/Oct/2022:09:49:50 +0200] "GET /adminweb/export_orders_xml.php?token=256de2z6edz6ed2z6DFSFsed2zed6zeDSFDSGdzedezfzf&maxorders=10&orderstart=1&status=6&start_date=2018-10-01 HTTP/1.0" 200 33985 "-" "GesCom CharlotteBoutik Serveur"
54.36.149.9 - - [12/Oct/2022:09:49:51 +0200] "GET /flower-summer-collection-ladybug-p-54631.html HTTP/1.0" 200 75015 "-" "Mozilla/5.0 (compatible; AhrefsBot/7.0; +http://ahrefs.com/robot/)"
66.249.64.242 - - [12/Oct/2022:09:49:55 +0200] "GET /spice-with-sprinkler-vous-tenez-p-46514.html HTTP/1.0" 200 74976 "-" "Mozilla/5.0 (Linux; Android 6.0.1; Nexus 5X Build/MMB29P) AppleWebKit/537.36 (KHTML, like Gecko) Chrome/106.0.5249.103 Mobile Safari/537.36 (compatible; Googlebot/2.1; +http://www.google.com/bot.html)"
157.90.177.217 - - [12/Oct/2022:09:49:55 +0200] "GET /photo-frames-memo-clips-c-13_132.html?page=1 HTTP/1.0" 200 92290 "-" "Mozilla/5.0 (compatible; BLEXBot/1.0; +http://webmeup-crawler.com/)"
185.191.171.20 - - [12/Oct/2022:09:50:10 +0200] "GET /round-trays-c-12_159_263.html?page=4 HTTP/1.0" 200 86776 "-" "Mozilla/5.0 (compatible; SemrushBot/7~bl; +http://www.semrush.com/bot.html)"
157.90.177.217 - - [12/Oct/2022:09:50:12 +0200] "GET /picerie-fine-cotton-potholder-p-42569.html HTTP/1.0" 200 74949 "-" "Mozilla/5.0 (compatible; BLEXBot/1.0; +http://webmeup-crawler.com/)"
66.249.64.242 - - [12/Oct/2022:09:50:20 +0200] "GET /nippon-doll-cosmetic-pouch-p-26872.html HTTP/1.0" 200 75138 "-" "Mozilla/5.0 (compatible; Googlebot/2.1; +http://www.google.com/bot.html)"
157.90.177.217 - - [12/Oct/2022:09:50:28 +0200] "GET /picerie-fine-metal-tray-p-41484.html HTTP/1.0" 200 75031 "-" "Mozilla/5.0 (compatible; BLEXBot/1.0; +http://webmeup-crawler.com/)"
157.90.177.217 - - [12/Oct/2022:09:50:43 +0200] "GET /picon-metal-tray-p-49717.html HTTP/1.0" 200 74930 "-" "Mozilla/5.0 (compatible; BLEXBot/1.0; +http://webmeup-crawler.com/)"
49.232.53.170 - - [12/Oct/2022:09:50:49 +0200] "GET /images/mini_prod/3565750040326.jpg HTTP/1.0" 200 269 "-" "python-requests/2.27.1"
216.244.66.242 - - [12/Oct/2022:09:50:55 +0200] "GET /cuba-toothpick-display-p-42570.html HTTP/1.0" 200 72316 "-" "Mozilla/5.0 (compatible; DotBot/1.2; +https://opensiteexplorer.org/dotbot; help@moz.com)"
157.90.177.217 - - [12/Oct/2022:09:50:59 +0200] "GET /piggy-bank-coconut-p-50590.html HTTP/1.0" 200 75490 "-" "Mozilla/5.0 (compatible; BLEXBot/1.0; +http://webmeup-crawler.com/)"
157.90.177.217 - - [12/Oct/2022:09:51:14 +0200] "GET /piggy-bank-girly-grey-p-42388.html HTTP/1.0" 200 74896 "-" "Mozilla/5.0 (compatible; BLEXBot/1.0; +http://webmeup-crawler.com/)"
216.244.66.242 - - [12/Oct/2022:09:51:19 +0200] "GET /ferrari-f50-race-and-play-124-red-p-37809.html HTTP/1.0" 301 72315 "-" "Mozilla/5.0 (compatible; DotBot/1.2; +https://opensiteexplorer.org/dotbot; help@moz.com)"
216.244.66.242 - - [12/Oct/2022:09:51:29 +0200] "GET /food-storage-pets-beige-20-cm-p-42184.html HTTP/1.0" 301 74896 "-" "Mozilla/5.0 (compatible; DotBot/1.2; +https://opensiteexplorer.org/dotbot; help@moz.com)"
157.90.177.217 - - [12/Oct/2022:09:51:30 +0200] "GET /piggy-bank-girly-purple-p-42387.html HTTP/1.0" 200 74914 "-" "Mozilla/5.0 (compatible; BLEXBot/1.0; +http://webmeup-crawler.com/)"
216.244.66.242 - - [12/Oct/2022:09:51:38 +0200] "GET /frame-canvas-dogs-60-40-cm-p-37030.html HTTP/1.0" 301 75084 "-" "Mozilla/5.0 (compatible; DotBot/1.2; +https://opensiteexplorer.org/dotbot; help@moz.com)"
216.244.66.242 - - [12/Oct/2022:09:51:45 +0200] "GET /gorjuss-keyring-tall-tails-p-47747.html HTTP/1.0" 200 72363 "-" "Mozilla/5.0 (compatible; DotBot/1.2; +https://opensiteexplorer.org/dotbot; help@moz.com)"
157.90.177.217 - - [12/Oct/2022:09:51:46 +0200] "GET /piggy-bank-p-54796.html HTTP/1.0" 200 74897 "-" "Mozilla/5.0 (compatible; BLEXBot/1.0; +http://webmeup-crawler.com/)"
216.244.66.242 - - [12/Oct/2022:09:51:52 +0200] "GET /la-ferrari-race-and-play-124-red-p-37804.html HTTP/1.0" 301 72315 "-" "Mozilla/5.0 (compatible; DotBot/1.2; +https://opensiteexplorer.org/dotbot; help@moz.com)"
216.244.66.242 - - [12/Oct/2022:09:51:59 +0200] "GET /rattan-table-lamp-p-52786.html HTTP/1.0" 301 72315 "-" "Mozilla/5.0 (compatible; DotBot/1.2; +https://opensiteexplorer.org/dotbot; help@moz.com)"
157.90.177.217 - - [12/Oct/2022:09:52:03 +0200] "GET /piggy-bank-premire-tirelire-p-55717.html HTTP/1.0" 200 75602 "-" "Mozilla/5.0 (compatible; BLEXBot/1.0; +http://webmeup-crawler.com/)"
216.244.66.242 - - [12/Oct/2022:09:52:05 +0200] "GET /salamander-wall-decoration-29-cm-p-40931.html HTTP/1.0" 301 75142 "-" "Mozilla/5.0 (compatible; DotBot/1.2; +https://opensiteexplorer.org/dotbot; help@moz.com)"
49.7.20.113 - - [12/Oct/2022:09:52:08 +0200] "GET / HTTP/1.0" 301 511 "-" "Sogou web spider/4.0(+http://www.sogou.com/docs/help/webmasters.htm#07)"
216.244.66.242 - - [12/Oct/2022:09:52:11 +0200] "GET /wise-wings-kindness-owl-figurine-p-51804.html HTTP/1.0" 301 72439 "-" "Mozilla/5.0 (compatible; DotBot/1.2; +https://opensiteexplorer.org/dotbot; help@moz.com)"
216.244.66.242 - - [12/Oct/2022:09:52:18 +0200] "GET /provence-soap-box-marseille-soap-10-65-35-cm-p-39421.html HTTP/1.0" 301 72315 "-" "Mozilla/5.0 (compatible; DotBot/1.2; +https://opensiteexplorer.org/dotbot; help@moz.com)"
182.160.11.209 - - [12/Oct/2022:09:52:20 +0200] "GET /images/mini_prod/B4891320386679B.jpg HTTP/1.0" 200 271 "-" "Mozilla/5.0 (Windows NT 10.0; Win64; x64) AppleWebKit/537.36 (KHTML, like Gecko) Chrome/54.0.2840.99 Safari/537.36"
157.90.177.217 - - [12/Oct/2022:09:52:19 +0200] "GET /piggy-bank-sandstone-enclosure-p-55125.html HTTP/1.0" 200 75944 "-" "Mozilla/5.0 (compatible; BLEXBot/1.0; +http://webmeup-crawler.com/)"
157.90.177.217 - - [12/Oct/2022:09:52:35 +0200] "GET /piggy-bank-with-small-hammer-vive-maris-p-38529.html HTTP/1.0" 200 75791 "-" "Mozilla/5.0 (compatible; BLEXBot/1.0; +http://webmeup-crawler.com/)"
157.90.177.217 - - [12/Oct/2022:09:52:50 +0200] "GET /pikaly-bedclothes-p-45419.html HTTP/1.0" 200 75060 "-" "Mozilla/5.0 (compatible; BLEXBot/1.0; +http://webmeup-crawler.com/)"
157.90.177.217 - - [12/Oct/2022:09:53:06 +0200] "GET /pill-blue-p-34379.html HTTP/1.0" 200 75022 "-" "Mozilla/5.0 (compatible; BLEXBot/1.0; +http://webmeup-crawler.com/)"
66.249.64.246 - - [12/Oct/2022:09:53:15 +0200] "GET /archangel-chamuel-statuette-bronze-color-p-53052.html HTTP/1.0" 200 72404 "-" "Mozilla/5.0 (Linux; Android 6.0.1; Nexus 5X Build/MMB29P) AppleWebKit/537.36 (KHTML, like Gecko) Chrome/106.0.5249.103 Mobile Safari/537.36 (compatible; Googlebot/2.1; +http://www.google.com/bot.html)"
157.90.177.217 - - [12/Oct/2022:09:53:22 +0200] "GET /pill-chat-bike-p-53834.html HTTP/1.0" 200 75035 "-" "Mozilla/5.0 (compatible; BLEXBot/1.0; +http://webmeup-crawler.com/)"
157.90.177.217 - - [12/Oct/2022:09:53:37 +0200] "GET /pill-chat-cushions-p-53836.html HTTP/1.0" 200 75067 "-" "Mozilla/5.0 (compatible; BLEXBot/1.0; +http://webmeup-crawler.com/)"
66.249.64.242 - - [12/Oct/2022:09:53:38 +0200] "GET /starry-russian-doll-cbkreation-p-18460.html HTTP/1.0" 200 74933 "-" "Mozilla/5.0 (Linux; Android 6.0.1; Nexus 5X Build/MMB29P) AppleWebKit/537.36 (KHTML, like Gecko) Chrome/106.0.5249.103 Mobile Safari/537.36 (compatible; Googlebot/2.1; +http://www.google.com/bot.html)"
114.119.137.43 - - [12/Oct/2022:09:53:52 +0200] "GET /images/MISES-EN-SITUATION-15.jpg HTTP/1.0" 200 267 "http://www.wonder-geek.com/ipad-black-shell-with-personalized-picture-p-16335.html" "Mozilla/5.0 (Linux; Android 7.0;) AppleWebKit/537.36 (KHTML, like Gecko) Mobile Safari/537.36 (compatible; PetalBot;+https://webmaster.petalsearch.com/site/petalbot)"
17.121.115.41 - - [12/Oct/2022:09:53:53 +0200] "GET /-p-13045.html HTTP/1.0" 200 72248 "-" "Mozilla/5.0 (Macintosh; Intel Mac OS X 10_15_5) AppleWebKit/605.1.15 (KHTML, like Gecko) Version/13.1.1 Safari/605.1.15 (Applebot/0.1; +http://www.apple.com/go/applebot)"
157.90.177.217 - - [12/Oct/2022:09:53:53 +0200] "GET /pill-chat-piano-p-53835.html HTTP/1.0" 200 75043 "-" "Mozilla/5.0 (compatible; BLEXBot/1.0; +http://webmeup-crawler.com/)"
66.249.64.244 - - [12/Oct/2022:09:54:05 +0200] "GET /ginkgo-espresso-p-56487.html HTTP/1.0" 200 74891 "-" "Mozilla/5.0 (compatible; Googlebot/2.1; +http://www.google.com/bot.html)"
157.90.177.217 - - [12/Oct/2022:09:54:09 +0200] "GET /pillow-case-cotton-percale-threads-p-43850.html HTTP/1.0" 200 75831 "-" "Mozilla/5.0 (compatible; BLEXBot/1.0; +http://webmeup-crawler.com/)"
157.90.177.217 - - [12/Oct/2022:09:54:25 +0200] "GET /pillow-case-cotton-percale-threads-p-43851.html HTTP/1.0" 200 75831 "-" "Mozilla/5.0 (compatible; BLEXBot/1.0; +http://webmeup-crawler.com/)"
157.90.177.217 - - [12/Oct/2022:09:54:41 +0200] "GET /pillow-case-cotton-percale-threads-p-43853.html HTTP/1.0" 200 75833 "-" "Mozilla/5.0 (compatible; BLEXBot/1.0; +http://webmeup-crawler.com/)"
185.191.171.43 - - [12/Oct/2022:09:54:42 +0200] "GET /dishes-c-12.html?page=144 HTTP/1.0" 200 94681 "-" "Mozilla/5.0 (compatible; SemrushBot/7~bl; +http://www.semrush.com/bot.html)"
147.92.153.6 - - [12/Oct/2022:09:54:45 +0200] "GET /handmade-mirror-wall-decoration-p-59109.html HTTP/1.0" 200 75813 "-" "Mozilla/5.0 (compatible; Linespider/1.1; +https://lin.ee/4dwXkTH)"
147.92.153.12 - - [12/Oct/2022:09:54:48 +0200] "GET /swfobject.js HTTP/1.0" 404 1308 "http://www.wonder-geek.com/handmade-mirror-wall-decoration-p-59109.html" "Mozilla/5.0 AppleWebKit/537.36 (KHTML, like Gecko; compatible; Linespider/1.1; +https://lin.ee/4dwXkTH) Chrome/101.0.4951.0 Safari/537.36, Mozilla/5.0 (compatible; Linespider/1.1; +https://lin.ee/4dwXkTH)"
157.90.177.217 - - [12/Oct/2022:09:54:57 +0200] "GET /pillow-case-cotton-percale-threads-p-43854.html HTTP/1.0" 200 75832 "-" "Mozilla/5.0 (compatible; BLEXBot/1.0; +http://webmeup-crawler.com/)"
185.191.171.23 - - [12/Oct/2022:09:55:10 +0200] "GET /white-blue-ceramic-lamp-p-58098.html HTTP/1.0" 200 72332 "-" "Mozilla/5.0 (compatible; SemrushBot/7~bl; +http://www.semrush.com/bot.html)"
157.90.177.217 - - [12/Oct/2022:09:55:12 +0200] "GET /pillow-case-cotton-percale-threads-p-43857.html HTTP/1.0" 200 75832 "-" "Mozilla/5.0 (compatible; BLEXBot/1.0; +http://webmeup-crawler.com/)"
54.36.148.227 - - [12/Oct/2022:09:55:20 +0200] "GET /almond-milk-fragrance-diffuser-made-provence-p-57057.html HTTP/1.0" 200 76323 "-" "Mozilla/5.0 (compatible; AhrefsBot/7.0; +http://ahrefs.com/robot/)"
54.36.148.203 - - [12/Oct/2022:09:55:24 +0200] "GET /images/big_prod/8422084800079.jpg HTTP/1.0" 200 268 "-" "Mozilla/5.0 (compatible; AhrefsBot/7.0; +http://ahrefs.com/robot/)"
54.36.148.184 - - [12/Oct/2022:09:55:24 +0200] "GET /images/big_prod_2/8422084818074B.jpg HTTP/1.0" 200 271 "-" "Mozilla/5.0 (compatible; AhrefsBot/7.0; +http://ahrefs.com/robot/)"
157.90.177.217 - - [12/Oct/2022:09:55:28 +0200] "GET /pillow-case-cotton-percale-threads-p-48192.html HTTP/1.0" 200 75832 "-" "Mozilla/5.0 (compatible; BLEXBot/1.0; +http://webmeup-crawler.com/)"
157.90.177.217 - - [12/Oct/2022:09:55:43 +0200] "GET /pillow-case-cotton-percale-threads-p-51256.html HTTP/1.0" 200 76086 "-" "Mozilla/5.0 (compatible; BLEXBot/1.0; +http://webmeup-crawler.com/)"
157.90.177.217 - - [12/Oct/2022:09:55:59 +0200] "GET /pillow-case-cotton-percale-threads-p-51257.html HTTP/1.0" 200 76085 "-" "Mozilla/5.0 (compatible; BLEXBot/1.0; +http://webmeup-crawler.com/)"
157.90.177.217 - - [12/Oct/2022:09:56:14 +0200] "GET /pillow-case-cotton-percale-threads-p-52146.html HTTP/1.0" 200 76082 "-" "Mozilla/5.0 (compatible; BLEXBot/1.0; +http://webmeup-crawler.com/)"
93.158.161.6 - - [12/Oct/2022:09:56:20 +0200] "GET /images/big_prod/1020322261384.jpg HTTP/1.0" 200 268 "-" "Mozilla/5.0 (compatible; YandexImages/3.0; +http://yandex.com/bots)"
157.90.177.217 - - [12/Oct/2022:09:56:30 +0200] "GET /pillow-case-cotton-percale-threads-p-53222.html HTTP/1.0" 200 75834 "-" "Mozilla/5.0 (compatible; BLEXBot/1.0; +http://webmeup-crawler.com/)"
66.249.64.242 - - [12/Oct/2022:09:56:39 +0200] "GET /athena-statuette-bronze-aspect-resin-p-52834.html HTTP/1.0" 200 75059 "-" "Mozilla/5.0 (Linux; Android 6.0.1; Nexus 5X Build/MMB29P) AppleWebKit/537.36 (KHTML, like Gecko) Chrome/106.0.5249.103 Mobile Safari/537.36 (compatible; Googlebot/2.1; +http://www.google.com/bot.html)"
66.249.64.242 - - [12/Oct/2022:09:56:40 +0200] "GET /notebook-notebook-diary-c-129_185.html HTTP/1.0" 200 93708 "-" "Mozilla/5.0 (Linux; Android 6.0.1; Nexus 5X Build/MMB29P) AppleWebKit/537.36 (KHTML, like Gecko) Chrome/106.0.5249.103 Mobile Safari/537.36 (compatible; Googlebot/2.1; +http://www.google.com/bot.html)"
157.90.177.217 - - [12/Oct/2022:09:56:45 +0200] "GET /pillow-case-cotton-percale-threads-p-53223.html HTTP/1.0" 200 75833 "-" "Mozilla/5.0 (compatible; BLEXBot/1.0; +http://webmeup-crawler.com/)"
66.249.64.242 - - [12/Oct/2022:09:56:56 +0200] "GET /green-piggy-bank-p-54799.html HTTP/1.0" 200 74921 "-" "Mozilla/5.0 (Linux; Android 6.0.1; Nexus 5X Build/MMB29P) AppleWebKit/537.36 (KHTML, like Gecko) Chrome/106.0.5249.103 Mobile Safari/537.36 (compatible; Googlebot/2.1; +http://www.google.com/bot.html)"
157.90.177.217 - - [12/Oct/2022:09:57:01 +0200] "GET /pillow-case-cotton-percale-threads-p-54395.html HTTP/1.0" 200 75835 "-" "Mozilla/5.0 (compatible; BLEXBot/1.0; +http://webmeup-crawler.com/)"
66.249.64.244 - - [12/Oct/2022:09:57:07 +0200] "GET /sonny-angel-vegetable-series-version-p-51490.html HTTP/1.0" 200 75960 "-" "Mozilla/5.0 (Linux; Android 6.0.1; Nexus 5X Build/MMB29P) AppleWebKit/537.36 (KHTML, like Gecko) Chrome/106.0.5249.103 Mobile Safari/537.36 (compatible; Googlebot/2.1; +http://www.google.com/bot.html)"
157.90.177.217 - - [12/Oct/2022:09:57:17 +0200] "GET /pillow-case-cotton-percale-threads-p-54396.html HTTP/1.0" 200 75836 "-" "Mozilla/5.0 (compatible; BLEXBot/1.0; +http://webmeup-crawler.com/)"
157.90.177.217 - - [12/Oct/2022:09:57:33 +0200] "GET /pillow-case-organic-cotton-blue-p-58622.html HTTP/1.0" 200 76318 "-" "Mozilla/5.0 (compatible; BLEXBot/1.0; +http://webmeup-crawler.com/)"
185.191.171.20 - - [12/Oct/2022:09:57:35 +0200] "GET /inaya-color-moroccan-ashtray-p-47856.html HTTP/1.0" 200 74878 "-" "Mozilla/5.0 (compatible; SemrushBot/7~bl; +http://www.semrush.com/bot.html)"
157.90.177.217 - - [12/Oct/2022:09:57:48 +0200] "GET /pillow-case-organic-cotton-curry-p-58618.html HTTP/1.0" 200 76327 "-" "Mozilla/5.0 (compatible; BLEXBot/1.0; +http://webmeup-crawler.com/)"
216.244.66.242 - - [12/Oct/2022:09:57:56 +0200] "GET /boys/swimwear-c-2_35.html HTTP/1.0" 301 91946 "-" "Mozilla/5.0 (compatible; DotBot/1.2; +https://opensiteexplorer.org/dotbot; help@moz.com)"
216.244.66.242 - - [12/Oct/2022:09:58:04 +0200] "GET /images/3609810017108b.jpg HTTP/1.0" 200 260 "-" "Mozilla/5.0 (compatible; DotBot/1.2; +https://opensiteexplorer.org/dotbot; help@moz.com)"
157.90.177.217 - - [12/Oct/2022:09:58:04 +0200] "GET /pillow-case-organic-cotton-eucalyptus-p-58621.html HTTP/1.0" 200 76372 "-" "Mozilla/5.0 (compatible; BLEXBot/1.0; +http://webmeup-crawler.com/)"
54.36.149.59 - - [12/Oct/2022:09:58:05 +0200] "GET /socks/socks-for-boys-c-136_32.html HTTP/1.0" 301 71002 "-" "Mozilla/5.0 (compatible; AhrefsBot/7.0; +http://ahrefs.com/robot/)"
216.244.66.242 - - [12/Oct/2022:09:58:10 +0200] "GET /images/9316188036405.jpg HTTP/1.0" 200 259 "-" "Mozilla/5.0 (compatible; DotBot/1.2; +https://opensiteexplorer.org/dotbot; help@moz.com)"
216.244.66.242 - - [12/Oct/2022:09:58:15 +0200] "GET /magnets-c-13_134.html?page=6 HTTP/1.0" 200 94407 "-" "Mozilla/5.0 (compatible; DotBot/1.2; +https://opensiteexplorer.org/dotbot; help@moz.com)"
185.191.171.44 - - [12/Oct/2022:09:58:16 +0200] "GET /household-linen-c-11.html?page=26 HTTP/1.0" 200 94679 "-" "Mozilla/5.0 (compatible; SemrushBot/7~bl; +http://www.semrush.com/bot.html)"
157.90.177.217 - - [12/Oct/2022:09:58:19 +0200] "GET /pillow-case-organic-cotton-grey-p-58616.html HTTP/1.0" 200 76081 "-" "Mozilla/5.0 (compatible; BLEXBot/1.0; +http://webmeup-crawler.com/)"
157.90.177.217 - - [12/Oct/2022:09:58:36 +0200] "GET /pillow-case-organic-cotton-khaki-p-58623.html HTTP/1.0" 200 76088 "-" "Mozilla/5.0 (compatible; BLEXBot/1.0; +http://webmeup-crawler.com/)"
157.90.177.217 - - [12/Oct/2022:09:58:53 +0200] "GET /pillow-case-organic-cotton-opaline-p-58620.html HTTP/1.0" 200 76345 "-" "Mozilla/5.0 (compatible; BLEXBot/1.0; +http://webmeup-crawler.com/)"
114.119.137.3 - - [12/Oct/2022:09:59:01 +0200] "GET /terracotta-army-warrior-head-p-59064.html HTTP/1.0" 200 75818 "http://www.wonder-geek.com/home-decoration-c-13.html?page=106" "Mozilla/5.0 (Linux; Android 7.0;) AppleWebKit/537.36 (KHTML, like Gecko) Mobile Safari/537.36 (compatible; PetalBot;+https://webmaster.petalsearch.com/site/petalbot)"
157.90.177.217 - - [12/Oct/2022:09:59:11 +0200] "GET /pillow-case-organic-cotton-p-58614.html HTTP/1.0" 200 76066 "-" "Mozilla/5.0 (compatible; BLEXBot/1.0; +http://webmeup-crawler.com/)"
157.90.177.217 - - [12/Oct/2022:09:59:26 +0200] "GET /pillow-case-organic-cotton-slate-gray-p-58617.html HTTP/1.0" 200 76123 "-" "Mozilla/5.0 (compatible; BLEXBot/1.0; +http://webmeup-crawler.com/)"
157.90.177.217 - - [12/Oct/2022:09:59:42 +0200] "GET /pillow-case-organic-cotton-terracotta-p-58619.html HTTP/1.0" 200 76123 "-" "Mozilla/5.0 (compatible; BLEXBot/1.0; +http://webmeup-crawler.com/)"
66.249.64.242 - - [12/Oct/2022:09:59:53 +0200] "GET /blue-buddha-statue-resin-p-50396.html HTTP/1.0" 200 72346 "-" "Mozilla/5.0 (compatible; Googlebot/2.1; +http://www.google.com/bot.html)"
157.90.177.217 - - [12/Oct/2022:09:59:57 +0200] "GET /pillow-case-organic-cotton-white-p-58613.html HTTP/1.0" 200 76088 "-" "Mozilla/5.0 (compatible; BLEXBot/1.0; +http://webmeup-crawler.com/)"
66.249.64.242 - - [12/Oct/2022:10:00:04 +0200] "GET /blue-buddha-statue-resin-p-50396.html HTTP/1.0" 200 72346 "-" "Mozilla/5.0 (Linux; Android 6.0.1; Nexus 5X Build/MMB29P) AppleWebKit/537.36 (KHTML, like Gecko) Chrome/106.0.5249.103 Mobile Safari/537.36 (compatible; Googlebot/2.1; +http://www.google.com/bot.html)"
157.90.177.217 - - [12/Oct/2022:10:00:13 +0200] "GET /pillow-case-storm-blue-p-45906.html HTTP/1.0" 200 75107 "-" "Mozilla/5.0 (compatible; BLEXBot/1.0; +http://webmeup-crawler.com/)"
103.251.167.21 - - [12/Oct/2022:10:00:26 +0200] "GET /contact_us.php HTTP/1.0" 200 26241 "http://www.wonder-geek.com/contact_us.php" "Mozilla/5.0 (Windows NT 6.2; Win64; x64) AppleWebKit/537.36 (KHTML, like Gecko) Chrome/90.0.4430.72 Safari/537.36"
103.251.167.21 - - [12/Oct/2022:10:00:27 +0200] "POST /contact_us.php?action=send HTTP/1.0" 200 26667 "http://www.wonder-geek.com/contact_us.php" "Mozilla/5.0 (Windows NT 6.2; Win64; x64) AppleWebKit/537.36 (KHTML, like Gecko) Chrome/90.0.4430.72 Safari/537.36"
103.251.167.21 - - [12/Oct/2022:10:00:28 +0200] "GET /contact_us.php HTTP/1.0" 200 26241 "http://www.wonder-geek.com/contact_us.php" "Mozilla/5.0 (Windows NT 6.2; Win64; x64) AppleWebKit/537.36 (KHTML, like Gecko) Chrome/90.0.4430.72 Safari/537.36"
157.90.177.217 - - [12/Oct/2022:10:00:29 +0200] "GET /pillowcases-bolstercases-c-11_166.html?page=1 HTTP/1.0" 200 92295 "-" "Mozilla/5.0 (compatible; BLEXBot/1.0; +http://webmeup-crawler.com/)"
54.36.149.16 - - [12/Oct/2022:10:00:38 +0200] "GET /real-madrid-backpack-p-57442.html HTTP/1.0" 200 75646 "-" "Mozilla/5.0 (compatible; AhrefsBot/7.0; +http://ahrefs.com/robot/)"
157.90.177.217 - - [12/Oct/2022:10:00:45 +0200] "GET /pilot-floor-p-58971.html HTTP/1.0" 200 75711 "-" "Mozilla/5.0 (compatible; BLEXBot/1.0; +http://webmeup-crawler.com/)"
157.90.177.217 - - [12/Oct/2022:10:01:02 +0200] "GET /pina-colada-cocktail-p-58155.html HTTP/1.0" 200 75787 "-" "Mozilla/5.0 (compatible; BLEXBot/1.0; +http://webmeup-crawler.com/)"
114.119.137.43 - - [12/Oct/2022:10:01:12 +0200] "GET /elmer-jewelry-box-p-16451.html HTTP/1.0" 301 75238 "-" "Mozilla/5.0 (Linux; Android 7.0;) AppleWebKit/537.36 (KHTML, like Gecko) Mobile Safari/537.36 (compatible; PetalBot;+https://webmaster.petalsearch.com/site/petalbot)"
157.90.177.217 - - [12/Oct/2022:10:01:18 +0200] "GET /pineapple-cutting-board-p-40705.html HTTP/1.0" 200 74888 "-" "Mozilla/5.0 (compatible; BLEXBot/1.0; +http://webmeup-crawler.com/)"
114.119.137.43 - - [12/Oct/2022:10:01:20 +0200] "GET /elmer-jewelry-p-16451.html HTTP/1.0" 200 75158 "-" "Mozilla/5.0 (Linux; Android 7.0;) AppleWebKit/537.36 (KHTML, like Gecko) Mobile Safari/537.36 (compatible; PetalBot;+https://webmaster.petalsearch.com/site/petalbot)"
93.158.130.160 - - [12/Oct/2022:10:01:36 +0200] "GET /images/big_prod_1/3457010500704.jpg HTTP/1.0" 200 270 "-" "Mozilla/5.0 (compatible; YandexImageResizer/2.0; +http://yandex.com/bots)"
157.90.177.217 - - [12/Oct/2022:10:01:37 +0200] "GET /pineapple-isothermic-stainless-steel-bottle-allen-p-51917.html HTTP/1.0" 200 75802 "-" "Mozilla/5.0 (compatible; BLEXBot/1.0; +http://webmeup-crawler.com/)"
157.55.39.28 - - [12/Oct/2022:10:01:42 +0200] "GET /images/mini_prod/9316188092548.jpg HTTP/1.0" 200 269 "-" "Mozilla/5.0 (compatible; bingbot/2.0; +http://www.bing.com/bingbot.htm)"
157.90.177.217 - - [12/Oct/2022:10:01:52 +0200] "GET /pineapple-kitchen-towel-p-43331.html HTTP/1.0" 200 74874 "-" "Mozilla/5.0 (compatible; BLEXBot/1.0; +http://webmeup-crawler.com/)"
157.90.177.217 - - [12/Oct/2022:10:02:08 +0200] "GET /pineapple-monkey-candle-holder-resin-p-48020.html HTTP/1.0" 200 75972 "-" "Mozilla/5.0 (compatible; BLEXBot/1.0; +http://webmeup-crawler.com/)"
185.191.171.3 - - [12/Oct/2022:10:02:16 +0200] "GET /incense-holder-dragons-p-50616.html HTTP/1.0" 200 75553 "-" "Mozilla/5.0 (compatible; SemrushBot/7~bl; +http://www.semrush.com/bot.html)"
157.90.177.217 - - [12/Oct/2022:10:02:23 +0200] "GET /pineapple-monkey-candle-holder-resin-p-48021.html HTTP/1.0" 200 75968 "-" "Mozilla/5.0 (compatible; BLEXBot/1.0; +http://webmeup-crawler.com/)"
157.90.177.217 - - [12/Oct/2022:10:02:39 +0200] "GET /pink-adult-cotton-apron-p-44329.html HTTP/1.0" 200 75449 "-" "Mozilla/5.0 (compatible; BLEXBot/1.0; +http://webmeup-crawler.com/)"
157.90.177.217 - - [12/Oct/2022:10:02:54 +0200] "GET /pink-dragonfly-duffel-caramel-p-55637.html HTTP/1.0" 200 75960 "-" "Mozilla/5.0 (compatible; BLEXBot/1.0; +http://webmeup-crawler.com/)"
66.249.64.246 - - [12/Oct/2022:10:03:00 +0200] "GET /quote-buddha-wall-sticker-p-38343.html HTTP/1.0" 200 75101 "-" "Mozilla/5.0 (Linux; Android 6.0.1; Nexus 5X Build/MMB29P) AppleWebKit/537.36 (KHTML, like Gecko) Chrome/106.0.5249.103 Mobile Safari/537.36 (compatible; Googlebot/2.1; +http://www.google.com/bot.html)"
157.90.177.217 - - [12/Oct/2022:10:03:10 +0200] "GET /pink-first-memories-photo-notebook-p-57697.html HTTP/1.0" 200 75746 "-" "Mozilla/5.0 (compatible; BLEXBot/1.0; +http://webmeup-crawler.com/)"
157.90.177.217 - - [12/Oct/2022:10:03:25 +0200] "GET /pink-fitted-sheet-p-39048.html HTTP/1.0" 200 75513 "-" "Mozilla/5.0 (compatible; BLEXBot/1.0; +http://webmeup-crawler.com/)"
185.191.171.15 - - [12/Oct/2022:10:03:40 +0200] "GET /sonny-angel-animals-series-figure-p-27663.html HTTP/1.0" 200 72374 "-" "Mozilla/5.0 (compatible; SemrushBot/7~bl; +http://www.semrush.com/bot.html)"
157.90.177.217 - - [12/Oct/2022:10:03:40 +0200] "GET /pink-flamingo-kitchen-towel-p-38807.html HTTP/1.0" 200 74902 "-" "Mozilla/5.0 (compatible; BLEXBot/1.0; +http://webmeup-crawler.com/)"
157.90.177.217 - - [12/Oct/2022:10:03:57 +0200] "GET /pink-flamingo-ornament-p-41144.html HTTP/1.0" 200 74942 "-" "Mozilla/5.0 (compatible; BLEXBot/1.0; +http://webmeup-crawler.com/)"
157.90.177.217 - - [12/Oct/2022:10:04:14 +0200] "GET /pink-flamingo-white-women-shirt-p-34203.html HTTP/1.0" 200 77190 "-" "Mozilla/5.0 (compatible; BLEXBot/1.0; +http://webmeup-crawler.com/)"
185.191.171.20 - - [12/Oct/2022:10:04:19 +0200] "GET /child-apron-parfait-petit-chef-p-58789.html?action=add_product HTTP/1.0" 302 476 "-" "Mozilla/5.0 (compatible; SemrushBot/7~bl; +http://www.semrush.com/bot.html)"
182.160.15.212 - - [12/Oct/2022:10:04:26 +0200] "GET /images/mini_prod/DSCN7544.jpg HTTP/1.0" 200 264 "-" "Mozilla/5.0 (Windows NT 10.0; Win64; x64) AppleWebKit/537.36 (KHTML, like Gecko) Chrome/54.0.2840.99 Safari/537.36"
47.94.243.250 - - [12/Oct/2022:10:04:27 +0200] "GET /images/mini_prod/8003990609736.jpg HTTP/1.0" 200 269 "-" "Mozilla/5.0 (Macintosh; Intel Mac OS X 10_15_7) AppleWebKit/537.36 (KHTML, like Gecko) Chrome/105.0.0.0 Safari/537.36"
157.90.177.217 - - [12/Oct/2022:10:04:29 +0200] "GET /pink-flamingo-white-women-shirt-p-34207.html HTTP/1.0" 200 77191 "-" "Mozilla/5.0 (compatible; BLEXBot/1.0; +http://webmeup-crawler.com/)"
157.90.177.217 - - [12/Oct/2022:10:04:45 +0200] "GET /pink-flamingos-isothermic-stainless-steel-bottle-allen-p-54042.html HTTP/1.0" 200 76165 "-" "Mozilla/5.0 (compatible; BLEXBot/1.0; +http://webmeup-crawler.com/)"
66.249.64.244 - - [12/Oct/2022:10:04:45 +0200] "GET /white-stoneware-bowl-with-blue-stripes-p-55133.html HTTP/1.0" 200 75667 "-" "Mozilla/5.0 (Linux; Android 6.0.1; Nexus 5X Build/MMB29P) AppleWebKit/537.36 (KHTML, like Gecko) Chrome/106.0.5249.103 Mobile Safari/537.36 (compatible; Googlebot/2.1; +http://www.google.com/bot.html)"
182.160.3.255 - - [12/Oct/2022:10:05:01 +0200] "GET /images/mini_prod/1399984254448.jpg HTTP/1.0" 200 269 "-" "Mozilla/5.0 (Windows NT 10.0; Win64; x64) AppleWebKit/537.36 (KHTML, like Gecko) Chrome/54.0.2840.99 Safari/537.36"
157.90.177.217 - - [12/Oct/2022:10:05:00 +0200] "GET /pink-flamingos-small-melamine-tray-p-45167.html HTTP/1.0" 200 75032 "-" "Mozilla/5.0 (compatible; BLEXBot/1.0; +http://webmeup-crawler.com/)"
157.90.177.217 - - [12/Oct/2022:10:05:16 +0200] "GET /pink-gold-sandstone-lamp-p-58972.html HTTP/1.0" 200 75671 "-" "Mozilla/5.0 (compatible; BLEXBot/1.0; +http://webmeup-crawler.com/)"
157.90.177.217 - - [12/Oct/2022:10:05:31 +0200] "GET /pink-japanese-cast-iron-teapot-liter-p-56741.html HTTP/1.0" 200 76034 "-" "Mozilla/5.0 (compatible; BLEXBot/1.0; +http://webmeup-crawler.com/)"
157.90.177.217 - - [12/Oct/2022:10:05:47 +0200] "GET /pink-jewelry-holder-statuette-p-55942.html HTTP/1.0" 200 75109 "-" "Mozilla/5.0 (compatible; BLEXBot/1.0; +http://webmeup-crawler.com/)"
51.68.224.127 - - [12/Oct/2022:10:05:56 +0200] "GET /adminweb/export_orders_xml.php?token=256de2z6edz6ed2z6DFSFsed2zed6zeDSFDSGdzedezfzf&maxorders=10&orderstart=1&status=14&start_date=2018-10-01 HTTP/1.0" 200 285 "-" "GesCom CharlotteBoutik Serveur"
185.191.171.14 - - [12/Oct/2022:10:05:56 +0200] "GET /marley-zippo-lighter-p-42881.html HTTP/1.0" 200 75355 "-" "Mozilla/5.0 (compatible; SemrushBot/7~bl; +http://www.semrush.com/bot.html)"
