157.90.177.217 - - [12/Oct/2022:06:06:16 +0200] "GET /mini-rectangular-tray-autumn-hedgehog-p-57255.html HTTP/1.0" 200 75736 "-" "Mozilla/5.0 (compatible; BLEXBot/1.0; +http://webmeup-crawler.com/)"
66.249.64.246 - - [12/Oct/2022:06:06:30 +0200] "GET /tree-life-p-58554.html HTTP/1.0" 200 74979 "-" "Mozilla/5.0 (Linux; Android 6.0.1; Nexus 5X Build/MMB29P) AppleWebKit/537.36 (KHTML, like Gecko) Chrome/106.0.5249.103 Mobile Safari/537.36 (compatible; Googlebot/2.1; +http://www.google.com/bot.html)"
157.90.177.217 - - [12/Oct/2022:06:06:32 +0200] "GET /mini-rectangular-tray-christmas-evergreen-white-p-58502.html HTTP/1.0" 200 75775 "-" "Mozilla/5.0 (compatible; BLEXBot/1.0; +http://webmeup-crawler.com/)"
157.90.177.217 - - [12/Oct/2022:06:06:46 +0200] "GET /mini-rectangular-tray-christmas-kitten-p-56868.html HTTP/1.0" 200 75694 "-" "Mozilla/5.0 (compatible; BLEXBot/1.0; +http://webmeup-crawler.com/)"
54.36.149.10 - - [12/Oct/2022:06:06:48 +0200] "GET /balloon-pencil-holder-p-54146.html HTTP/1.0" 200 74885 "-" "Mozilla/5.0 (compatible; AhrefsBot/7.0; +http://ahrefs.com/robot/)"
185.191.171.7 - - [12/Oct/2022:06:06:57 +0200] "GET /placemat-kiub-collection-musician-cats-p-59042.html?action=add_product HTTP/1.0" 302 476 "-" "Mozilla/5.0 (compatible; SemrushBot/7~bl; +http://www.semrush.com/bot.html)"
17.121.115.15 - - [12/Oct/2022:06:06:57 +0200] "GET /paris-adore-p-44940.html HTTP/1.0" 200 74931 "-" "Mozilla/5.0 (Macintosh; Intel Mac OS X 10_15_5) AppleWebKit/605.1.15 (KHTML, like Gecko) Version/13.1.1 Safari/605.1.15 (Applebot/0.1; +http://www.apple.com/go/applebot)"
157.90.177.217 - - [12/Oct/2022:06:07:02 +0200] "GET /mini-rectangular-tray-facing-p-57254.html HTTP/1.0" 200 75677 "-" "Mozilla/5.0 (compatible; BLEXBot/1.0; +http://webmeup-crawler.com/)"
157.90.177.217 - - [12/Oct/2022:06:07:17 +0200] "GET /mini-rectangular-tray-garden-strawberries-p-58511.html HTTP/1.0" 200 75743 "-" "Mozilla/5.0 (compatible; BLEXBot/1.0; +http://webmeup-crawler.com/)"
157.90.177.217 - - [12/Oct/2022:06:07:31 +0200] "GET /mini-rectangular-tray-lake-view-p-57253.html HTTP/1.0" 200 75647 "-" "Mozilla/5.0 (compatible; BLEXBot/1.0; +http://webmeup-crawler.com/)"
185.191.171.10 - - [12/Oct/2022:06:07:34 +0200] "GET /white-hearts-table-lamp-p-37276.html HTTP/1.0" 200 72330 "-" "Mozilla/5.0 (compatible; SemrushBot/7~bl; +http://www.semrush.com/bot.html)"
157.90.177.217 - - [12/Oct/2022:06:07:46 +0200] "GET /mini-rectangular-tray-luxury-trees-black-p-58504.html HTTP/1.0" 200 75733 "-" "Mozilla/5.0 (compatible; BLEXBot/1.0; +http://webmeup-crawler.com/)"
185.191.171.7 - - [12/Oct/2022:06:07:51 +0200] "GET /russian-doll-figurine-jewelry-p-27613.html HTTP/1.0" 200 75785 "-" "Mozilla/5.0 (compatible; SemrushBot/7~bl; +http://www.semrush.com/bot.html)"
185.191.171.18 - - [12/Oct/2022:06:07:55 +0200] "GET /baskets-with-handles-p-50701.html HTTP/1.0" 200 75842 "-" "Mozilla/5.0 (compatible; SemrushBot/7~bl; +http://www.semrush.com/bot.html)"
157.90.177.217 - - [12/Oct/2022:06:08:01 +0200] "GET /mini-rectangular-tray-magic-christmas-p-56862.html HTTP/1.0" 200 75090 "-" "Mozilla/5.0 (compatible; BLEXBot/1.0; +http://webmeup-crawler.com/)"
54.36.149.18 - - [12/Oct/2022:06:08:01 +0200] "GET /nesting-dolls-p-51469.html HTTP/1.0" 200 74896 "-" "Mozilla/5.0 (compatible; AhrefsBot/7.0; +http://ahrefs.com/robot/)"
157.90.177.217 - - [12/Oct/2022:06:08:15 +0200] "GET /mini-rectangular-tray-nutcrackers-p-58503.html HTTP/1.0" 200 75663 "-" "Mozilla/5.0 (compatible; BLEXBot/1.0; +http://webmeup-crawler.com/)"
163.220.128.41 - - [12/Oct/2022:06:08:22 +0200] "GET /images/mini_prod/3665269058598.jpg HTTP/1.0" 200 269 "-" "Mozilla/5.0 (X11; Ubuntu; Linux x86_64; rv:72.0) Gecko/20100101 Firefox/72.0"
157.90.177.217 - - [12/Oct/2022:06:08:29 +0200] "GET /mini-rectangular-tray-ornaments-over-p-58500.html HTTP/1.0" 200 75732 "-" "Mozilla/5.0 (compatible; BLEXBot/1.0; +http://webmeup-crawler.com/)"
157.90.177.217 - - [12/Oct/2022:06:08:44 +0200] "GET /mini-rectangular-tray-p-54913.html HTTP/1.0" 200 74962 "-" "Mozilla/5.0 (compatible; BLEXBot/1.0; +http://webmeup-crawler.com/)"
157.90.177.217 - - [12/Oct/2022:06:08:58 +0200] "GET /mini-rectangular-tray-peonies-p-56861.html HTTP/1.0" 200 75626 "-" "Mozilla/5.0 (compatible; BLEXBot/1.0; +http://webmeup-crawler.com/)"
185.191.171.43 - - [12/Oct/2022:06:09:03 +0200] "GET /princess-maxi-mirror-effect-wall-sticker-p-5947.html HTTP/1.0" 200 75170 "-" "Mozilla/5.0 (compatible; SemrushBot/7~bl; +http://www.semrush.com/bot.html)"
185.191.171.26 - - [12/Oct/2022:06:09:11 +0200] "GET /rose-quartz-energy-care-stick-massage-stick-p-48362.html HTTP/1.0" 200 75723 "-" "Mozilla/5.0 (compatible; SemrushBot/7~bl; +http://www.semrush.com/bot.html)"
157.90.177.217 - - [12/Oct/2022:06:09:13 +0200] "GET /mini-rectangular-tray-snowman-party-p-58501.html HTTP/1.0" 200 75667 "-" "Mozilla/5.0 (compatible; BLEXBot/1.0; +http://webmeup-crawler.com/)"
54.36.148.31 - - [12/Oct/2022:06:09:20 +0200] "GET /gray-gold-decorative-statue-p-55287.html HTTP/1.0" 200 75869 "-" "Mozilla/5.0 (compatible; AhrefsBot/7.0; +http://ahrefs.com/robot/)"
54.36.148.108 - - [12/Oct/2022:06:09:24 +0200] "GET /images/big_prod_1/8433833240121B.jpg HTTP/1.0" 200 271 "-" "Mozilla/5.0 (compatible; AhrefsBot/7.0; +http://ahrefs.com/robot/)"
54.36.149.52 - - [12/Oct/2022:06:09:24 +0200] "GET /images/big_prod/8433833240121.jpg HTTP/1.0" 200 268 "-" "Mozilla/5.0 (compatible; AhrefsBot/7.0; +http://ahrefs.com/robot/)"
157.90.177.217 - - [12/Oct/2022:06:09:28 +0200] "GET /mini-rectangular-tray-sunny-flowers-cream-p-58512.html HTTP/1.0" 200 75743 "-" "Mozilla/5.0 (compatible; BLEXBot/1.0; +http://webmeup-crawler.com/)"
185.191.171.14 - - [12/Oct/2022:06:09:28 +0200] "GET /natural-fiber-chandelier-p-58728.html HTTP/1.0" 200 75821 "-" "Mozilla/5.0 (compatible; SemrushBot/7~bl; +http://www.semrush.com/bot.html)"
185.191.171.12 - - [12/Oct/2022:06:09:40 +0200] "GET /metal-clock-radio-p-54034.html HTTP/1.0" 200 72314 "-" "Mozilla/5.0 (compatible; SemrushBot/7~bl; +http://www.semrush.com/bot.html)"
157.90.177.217 - - [12/Oct/2022:06:09:44 +0200] "GET /mini-rectangular-tray-vintage-flowers-p-57251.html HTTP/1.0" 200 75703 "-" "Mozilla/5.0 (compatible; BLEXBot/1.0; +http://webmeup-crawler.com/)"
157.90.177.217 - - [12/Oct/2022:06:09:58 +0200] "GET /mini-rectangular-tray-winter-apples-p-56863.html HTTP/1.0" 200 75056 "-" "Mozilla/5.0 (compatible; BLEXBot/1.0; +http://webmeup-crawler.com/)"
157.90.177.217 - - [12/Oct/2022:06:10:13 +0200] "GET /mini-rectangular-tray-winter-rosie-p-57252.html HTTP/1.0" 200 75673 "-" "Mozilla/5.0 (compatible; BLEXBot/1.0; +http://webmeup-crawler.com/)"
185.191.171.4 - - [12/Oct/2022:06:10:14 +0200] "GET /specials.php?page=68 HTTP/1.0" 200 116766 "-" "Mozilla/5.0 (compatible; SemrushBot/7~bl; +http://www.semrush.com/bot.html)"
157.90.177.217 - - [12/Oct/2022:06:10:27 +0200] "GET /mini-suitcase-p-52718.html HTTP/1.0" 200 75755 "-" "Mozilla/5.0 (compatible; BLEXBot/1.0; +http://webmeup-crawler.com/)"
54.36.148.242 - - [12/Oct/2022:06:10:33 +0200] "GET /porcelain-with-infuser-cement-tiles-p-58105.html HTTP/1.0" 200 75002 "-" "Mozilla/5.0 (compatible; AhrefsBot/7.0; +http://ahrefs.com/robot/)"
54.36.148.65 - - [12/Oct/2022:06:10:37 +0200] "GET /images/big_prod/8422024204028.jpg HTTP/1.0" 200 268 "-" "Mozilla/5.0 (compatible; AhrefsBot/7.0; +http://ahrefs.com/robot/)"
94.74.105.32 - - [12/Oct/2022:06:10:37 +0200] "GET /images/mini_prod/5055071642180.jpg HTTP/1.0" 200 269 "-" "Mozilla/5.0 (Windows NT 10.0; Win64; x64) AppleWebKit/537.36 (KHTML, like Gecko) Chrome/54.0.2840.99 Safari/537.36"
157.90.177.217 - - [12/Oct/2022:06:10:42 +0200] "GET /mini-trays-c-12_159_260.html?page=1 HTTP/1.0" 200 94766 "-" "Mozilla/5.0 (compatible; BLEXBot/1.0; +http://webmeup-crawler.com/)"
157.90.177.217 - - [12/Oct/2022:06:10:56 +0200] "GET /mini-wooden-trays-white-p-41907.html HTTP/1.0" 200 75079 "-" "Mozilla/5.0 (compatible; BLEXBot/1.0; +http://webmeup-crawler.com/)"
157.90.177.217 - - [12/Oct/2022:06:11:12 +0200] "GET /minion-invasion-ceramic-despicable-p-37022.html HTTP/1.0" 200 75097 "-" "Mozilla/5.0 (compatible; BLEXBot/1.0; +http://webmeup-crawler.com/)"
114.119.137.43 - - [12/Oct/2022:06:11:14 +0200] "GET /real-madrid-homework-notebooks-p-52031.html HTTP/1.0" 200 75143 "http://www.wonder-geek.com/calendar-workbook-organizer-c-129_189.html?page=1" "Mozilla/5.0 (Linux; Android 7.0;) AppleWebKit/537.36 (KHTML, like Gecko) Mobile Safari/537.36 (compatible; PetalBot;+https://webmaster.petalsearch.com/site/petalbot)"
216.244.66.242 - - [12/Oct/2022:06:11:23 +0200] "GET /robots.txt HTTP/1.0" 200 245 "-" "Mozilla/5.0 (compatible; DotBot/1.2; +https://opensiteexplorer.org/dotbot; help@moz.com)"
157.55.39.217 - - [12/Oct/2022:06:11:25 +0200] "GET /images/big_prod/3660600198384.jpg HTTP/1.0" 200 268 "-" "Mozilla/5.0 (compatible; bingbot/2.0; +http://www.bing.com/bingbot.htm)"
157.90.177.217 - - [12/Oct/2022:06:11:26 +0200] "GET /minions-aluminum-sports-bottle-p-31755.html HTTP/1.0" 200 74978 "-" "Mozilla/5.0 (compatible; BLEXBot/1.0; +http://webmeup-crawler.com/)"
185.191.171.15 - - [12/Oct/2022:06:11:31 +0200] "GET /marilyn-monroe-rectangular-mirror-p-48303.html HTTP/1.0" 200 72370 "-" "Mozilla/5.0 (compatible; SemrushBot/7~bl; +http://www.semrush.com/bot.html)"
66.249.64.242 - - [12/Oct/2022:06:11:35 +0200] "GET /beatles-logo-metal-magnet-p-10808.html HTTP/1.0" 200 74845 "-" "Mozilla/5.0 (compatible; Googlebot/2.1; +http://www.google.com/bot.html)"
157.90.177.217 - - [12/Oct/2022:06:11:41 +0200] "GET /minions-blue-clock-p-33704.html HTTP/1.0" 200 74871 "-" "Mozilla/5.0 (compatible; BLEXBot/1.0; +http://webmeup-crawler.com/)"
185.191.171.4 - - [12/Oct/2022:06:11:45 +0200] "GET /cotton-floor-cushion-grey-p-57204.html HTTP/1.0" 200 75749 "-" "Mozilla/5.0 (compatible; SemrushBot/7~bl; +http://www.semrush.com/bot.html)"
66.249.64.242 - - [12/Oct/2022:06:11:47 +0200] "GET /shower-curtain-p-50727.html HTTP/1.0" 200 75775 "-" "Mozilla/5.0 (Linux; Android 6.0.1; Nexus 5X Build/MMB29P) AppleWebKit/537.36 (KHTML, like Gecko) Chrome/106.0.5249.103 Mobile Safari/537.36 (compatible; Googlebot/2.1; +http://www.google.com/bot.html)"
54.36.148.173 - - [12/Oct/2022:06:11:50 +0200] "GET /table-lamp-openwork-metal-sphere-p-48075.html HTTP/1.0" 200 75082 "-" "Mozilla/5.0 (compatible; AhrefsBot/7.0; +http://ahrefs.com/robot/)"
54.36.149.71 - - [12/Oct/2022:06:11:53 +0200] "GET /images/big_prod/8433933188972.jpg HTTP/1.0" 200 268 "-" "Mozilla/5.0 (compatible; AhrefsBot/7.0; +http://ahrefs.com/robot/)"
157.90.177.217 - - [12/Oct/2022:06:11:55 +0200] "GET /minions-poster-p-30932.html HTTP/1.0" 200 74835 "-" "Mozilla/5.0 (compatible; BLEXBot/1.0; +http://webmeup-crawler.com/)"
185.191.171.3 - - [12/Oct/2022:06:11:55 +0200] "GET /karma-panda-night-light-p-55383.html HTTP/1.0" 200 72346 "-" "Mozilla/5.0 (compatible; SemrushBot/7~bl; +http://www.semrush.com/bot.html)"
37.139.53.82 - - [12/Oct/2022:06:12:07 +0200] "GET /contact_us.php HTTP/1.0" 200 26241 "http://www.wonder-geek.com/contact_us.php" "Mozilla/5.0 (Windows NT 6.3; Win64; x64) AppleWebKit/537.36 (KHTML, like Gecko) Chrome/83.0.4103.61 Safari/537.36"
37.139.53.82 - - [12/Oct/2022:06:12:08 +0200] "POST /contact_us.php?action=send HTTP/1.0" 200 26513 "http://www.wonder-geek.com/contact_us.php" "Mozilla/5.0 (Windows NT 6.3; Win64; x64) AppleWebKit/537.36 (KHTML, like Gecko) Chrome/83.0.4103.61 Safari/537.36"
51.68.224.127 - - [12/Oct/2022:06:12:09 +0200] "GET /adminweb/export_orders_xml.php?token=256de2z6edz6ed2z6DFSFsed2zed6zeDSFDSGdzedezfzf&maxorders=10&orderstart=1&status=14&start_date=2018-10-01 HTTP/1.0" 200 285 "-" "GesCom CharlotteBoutik Serveur"
51.68.224.127 - - [12/Oct/2022:06:12:09 +0200] "GET /adminweb/export_orders_xml.php?token=256de2z6edz6ed2z6DFSFsed2zed6zeDSFDSGdzedezfzf&maxorders=10&orderstart=1&status=6&start_date=2018-10-01 HTTP/1.0" 200 33985 "-" "GesCom CharlotteBoutik Serveur"
157.90.177.217 - - [12/Oct/2022:06:12:09 +0200] "GET /minions-yellow-alarm-clock-p-33963.html HTTP/1.0" 200 74935 "-" "Mozilla/5.0 (compatible; BLEXBot/1.0; +http://webmeup-crawler.com/)"
157.90.177.217 - - [12/Oct/2022:06:12:25 +0200] "GET /minions-yellow-bananas-clock-p-31918.html HTTP/1.0" 200 74951 "-" "Mozilla/5.0 (compatible; BLEXBot/1.0; +http://webmeup-crawler.com/)"
157.90.177.217 - - [12/Oct/2022:06:12:39 +0200] "GET /minnie-mouse-alarm-clock-p-10266.html HTTP/1.0" 200 74903 "-" "Mozilla/5.0 (compatible; BLEXBot/1.0; +http://webmeup-crawler.com/)"
66.249.64.242 - - [12/Oct/2022:06:12:44 +0200] "GET /unexpected-ford-mustang-metal-plate-deco-p-47180.html HTTP/1.0" 200 75200 "-" "Mozilla/5.0 (compatible; Googlebot/2.1; +http://www.google.com/bot.html)"
185.191.171.7 - - [12/Oct/2022:06:12:45 +0200] "GET /mickey-club-house-melamine-bowl-p-20359.html HTTP/1.0" 200 75015 "-" "Mozilla/5.0 (compatible; SemrushBot/7~bl; +http://www.semrush.com/bot.html)"
185.191.171.9 - - [12/Oct/2022:06:12:52 +0200] "GET /white-blue-ceramic-face-vase-p-58711.html?action=add_product HTTP/1.0" 302 476 "-" "Mozilla/5.0 (compatible; SemrushBot/7~bl; +http://www.semrush.com/bot.html)"
157.90.177.217 - - [12/Oct/2022:06:12:54 +0200] "GET /minnie-mouse-cookie-britto-p-49508.html HTTP/1.0" 200 76327 "-" "Mozilla/5.0 (compatible; BLEXBot/1.0; +http://webmeup-crawler.com/)"
54.36.148.101 - - [12/Oct/2022:06:13:08 +0200] "GET /hello-kitty-stripes-bellows-purse-p-9664.html HTTP/1.0" 200 75985 "-" "Mozilla/5.0 (compatible; AhrefsBot/7.0; +http://ahrefs.com/robot/)"
185.191.171.6 - - [12/Oct/2022:06:13:10 +0200] "GET /-p-27375.html?action=add_product HTTP/1.0" 302 476 "-" "Mozilla/5.0 (compatible; SemrushBot/7~bl; +http://www.semrush.com/bot.html)"
157.90.177.217 - - [12/Oct/2022:06:13:08 +0200] "GET /minnie-mouse-cosmtic-p-26064.html HTTP/1.0" 200 74940 "-" "Mozilla/5.0 (compatible; BLEXBot/1.0; +http://webmeup-crawler.com/)"
54.36.148.129 - - [12/Oct/2022:06:13:12 +0200] "GET /images/big_prod/3281640349095Z.jpg HTTP/1.0" 200 269 "-" "Mozilla/5.0 (compatible; AhrefsBot/7.0; +http://ahrefs.com/robot/)"
54.36.148.27 - - [12/Oct/2022:06:13:12 +0200] "GET /images/big_prod_1/3281640349095B.jpg HTTP/1.0" 200 271 "-" "Mozilla/5.0 (compatible; AhrefsBot/7.0; +http://ahrefs.com/robot/)"
77.88.5.245 - - [12/Oct/2022:06:13:17 +0200] "GET /robots.txt HTTP/1.0" 200 245 "-" "Mozilla/5.0 (compatible; YandexBot/3.0; +http://yandex.com/bots)"
77.88.5.245 - - [12/Oct/2022:06:13:21 +0200] "GET /cotton-kitchen-towel-recette-amiti-p-55960.html HTTP/1.0" 200 75031 "-" "Mozilla/5.0 (compatible; YandexBot/3.0; +http://yandex.com/bots)"
157.90.177.217 - - [12/Oct/2022:06:13:24 +0200] "GET /minnie-mouse-figure-collection-romero-britto-p-51459.html HTTP/1.0" 200 76572 "-" "Mozilla/5.0 (compatible; BLEXBot/1.0; +http://webmeup-crawler.com/)"
114.119.137.43 - - [12/Oct/2022:06:13:32 +0200] "GET /monstro-gepetto-pinocchio-figure-collection-p-51177.html HTTP/1.0" 200 77115 "http://www.wonder-geek.com/collectible-disney-figures-c-292_290.html?page=14" "Mozilla/5.0 (Linux; Android 7.0;) AppleWebKit/537.36 (KHTML, like Gecko) Mobile Safari/537.36 (compatible; PetalBot;+https://webmaster.petalsearch.com/site/petalbot)"
157.90.177.217 - - [12/Oct/2022:06:13:39 +0200] "GET /minnie-mouse-figure-collection-romro-britto-p-20773.html HTTP/1.0" 200 76674 "-" "Mozilla/5.0 (compatible; BLEXBot/1.0; +http://webmeup-crawler.com/)"
157.90.177.217 - - [12/Oct/2022:06:13:53 +0200] "GET /minnie-mouse-friends-journal-p-26053.html HTTP/1.0" 200 75257 "-" "Mozilla/5.0 (compatible; BLEXBot/1.0; +http://webmeup-crawler.com/)"
216.244.66.242 - - [12/Oct/2022:06:14:06 +0200] "GET /boutis-quilt-bedspread-c-11_194.html HTTP/1.0" 200 88455 "-" "Mozilla/5.0 (compatible; DotBot/1.2; +https://opensiteexplorer.org/dotbot; help@moz.com)"
157.90.177.217 - - [12/Oct/2022:06:14:08 +0200] "GET /minnie-mouse-mini-figurine-romero-britto-p-32582.html HTTP/1.0" 200 76065 "-" "Mozilla/5.0 (compatible; BLEXBot/1.0; +http://webmeup-crawler.com/)"
216.244.66.242 - - [12/Oct/2022:06:14:17 +0200] "GET /wall-sticker-c-13_187.html HTTP/1.0" 200 95875 "-" "Mozilla/5.0 (compatible; DotBot/1.2; +https://opensiteexplorer.org/dotbot; help@moz.com)"
74.125.151.19 - - [12/Oct/2022:06:14:22 +0200] "GET /images/3438100333747.jpg HTTP/1.0" 200 259 "-" "Mozilla/5.0 (Macintosh; Intel Mac OS X 10_8_4) AppleWebKit/537.36 (KHTML, like Gecko) Chrome/28.0.1500.71 Safari/537.36"
74.125.151.23 - - [12/Oct/2022:06:14:22 +0200] "GET /images/3438100333747.jpg HTTP/1.0" 200 259 "-" "Mozilla/5.0 (Macintosh; Intel Mac OS X 10_8_4) AppleWebKit/537.36 (KHTML, like Gecko) Chrome/28.0.1500.71 Safari/537.36"
157.90.177.217 - - [12/Oct/2022:06:14:22 +0200] "GET /minnie-mouse-pencil-p-22595.html HTTP/1.0" 200 75158 "-" "Mozilla/5.0 (compatible; BLEXBot/1.0; +http://webmeup-crawler.com/)"
74.125.151.19 - - [12/Oct/2022:06:14:24 +0200] "GET /images/3438100333747.jpg HTTP/1.0" 200 259 "-" "Mozilla/5.0 (Macintosh; Intel Mac OS X 10_8_4) AppleWebKit/537.36 (KHTML, like Gecko) Chrome/28.0.1500.71 Safari/537.36"
54.36.148.31 - - [12/Oct/2022:06:14:23 +0200] "GET /rapunzel-figure-collection-adventurous-artist-p-52401.html HTTP/1.0" 200 76183 "-" "Mozilla/5.0 (compatible; AhrefsBot/7.0; +http://ahrefs.com/robot/)"
74.125.151.19 - - [12/Oct/2022:06:14:25 +0200] "GET /images/3438100333747.jpg HTTP/1.0" 200 259 "-" "Mozilla/5.0 (Macintosh; Intel Mac OS X 10_8_4) AppleWebKit/537.36 (KHTML, like Gecko) Chrome/28.0.1500.71 Safari/537.36"
157.90.177.217 - - [12/Oct/2022:06:14:37 +0200] "GET /minnie-mouse-placemat-p-31700.html HTTP/1.0" 200 74946 "-" "Mozilla/5.0 (compatible; BLEXBot/1.0; +http://webmeup-crawler.com/)"
157.90.177.217 - - [12/Oct/2022:06:14:51 +0200] "GET /minnie-mouse-round-pencil-case-p-19635.html HTTP/1.0" 200 75019 "-" "Mozilla/5.0 (compatible; BLEXBot/1.0; +http://webmeup-crawler.com/)"
185.191.171.1 - - [12/Oct/2022:06:14:55 +0200] "GET /fairy-kitchen-towel-p-38812.html HTTP/1.0" 200 74847 "-" "Mozilla/5.0 (compatible; SemrushBot/7~bl; +http://www.semrush.com/bot.html)"
157.90.177.217 - - [12/Oct/2022:06:15:06 +0200] "GET /minnie-mouse-smile-backpack-p-34782.html HTTP/1.0" 200 75051 "-" "Mozilla/5.0 (compatible; BLEXBot/1.0; +http://webmeup-crawler.com/)"
157.90.177.217 - - [12/Oct/2022:06:15:21 +0200] "GET /minnie-mouse-travel-journal-p-26052.html HTTP/1.0" 200 75040 "-" "Mozilla/5.0 (compatible; BLEXBot/1.0; +http://webmeup-crawler.com/)"
185.191.171.24 - - [12/Oct/2022:06:15:31 +0200] "GET /-p-58795.html?action=add_product HTTP/1.0" 302 476 "-" "Mozilla/5.0 (compatible; SemrushBot/7~bl; +http://www.semrush.com/bot.html)"
157.90.177.217 - - [12/Oct/2022:06:15:35 +0200] "GET /minnie-mouse-with-chocolate-figurine-p-53261.html HTTP/1.0" 200 76711 "-" "Mozilla/5.0 (compatible; BLEXBot/1.0; +http://webmeup-crawler.com/)"
54.36.149.78 - - [12/Oct/2022:06:15:51 +0200] "GET /corsica-metal-plate-p-52511.html HTTP/1.0" 200 74845 "-" "Mozilla/5.0 (compatible; AhrefsBot/7.0; +http://ahrefs.com/robot/)"
157.90.177.217 - - [12/Oct/2022:06:15:51 +0200] "GET /minnie-romero-britto-small-notebook-p-13020.html HTTP/1.0" 200 75905 "-" "Mozilla/5.0 (compatible; BLEXBot/1.0; +http://webmeup-crawler.com/)"
54.36.149.106 - - [12/Oct/2022:06:15:55 +0200] "GET /images/big_prod/3565750339307.jpg HTTP/1.0" 200 268 "-" "Mozilla/5.0 (compatible; AhrefsBot/7.0; +http://ahrefs.com/robot/)"
157.90.177.217 - - [12/Oct/2022:06:16:07 +0200] "GET /minotor-white-women-shirt-p-33782.html HTTP/1.0" 200 77223 "-" "Mozilla/5.0 (compatible; BLEXBot/1.0; +http://webmeup-crawler.com/)"
20.171.43.136 - - [12/Oct/2022:06:16:23 +0200] "GET /images/big_prod_1/8719497611096b.jpg HTTP/1.0" 200 271 "-" "Mozilla/5.0 (Macintosh; U; PPC Mac OS X 10_5_8; ja-jp) AppleWebKit/533.16 (KHTML, like Gecko) Version/5.0 Safari/533.16"
157.90.177.217 - - [12/Oct/2022:06:16:21 +0200] "GET /mint-basil-fragrance-diffuser-made-provence-p-57062.html HTTP/1.0" 200 76385 "-" "Mozilla/5.0 (compatible; BLEXBot/1.0; +http://webmeup-crawler.com/)"
185.191.171.35 - - [12/Oct/2022:06:16:22 +0200] "GET /japanese-patinated-liter-p-55578.html HTTP/1.0" 200 75895 "-" "Mozilla/5.0 (compatible; SemrushBot/7~bl; +http://www.semrush.com/bot.html)"
157.90.177.217 - - [12/Oct/2022:06:16:36 +0200] "GET /miracle-tattoos-augmented-reality-p-30661.html HTTP/1.0" 200 75733 "-" "Mozilla/5.0 (compatible; BLEXBot/1.0; +http://webmeup-crawler.com/)"
114.119.137.45 - - [12/Oct/2022:06:16:48 +0200] "GET /postcard-with-envelope-star-jour-p-48856.html HTTP/1.0" 200 75067 "http://www.wonder-geek.com/stationery-and-cardmaking-c-129.html?page=10" "Mozilla/5.0 (Linux; Android 7.0;) AppleWebKit/537.36 (KHTML, like Gecko) Mobile Safari/537.36 (compatible; PetalBot;+https://webmaster.petalsearch.com/site/petalbot)"
157.90.177.217 - - [12/Oct/2022:06:16:51 +0200] "GET /miracle-tattoos-augmented-reality-p-30664.html HTTP/1.0" 200 75846 "-" "Mozilla/5.0 (compatible; BLEXBot/1.0; +http://webmeup-crawler.com/)"
207.46.13.138 - - [12/Oct/2022:06:17:08 +0200] "GET /images/big_prod/1384010203293.jpg HTTP/1.0" 200 268 "-" "Mozilla/5.0 AppleWebKit/537.36 (KHTML, like Gecko; compatible; bingbot/2.0; +http://www.bing.com/bingbot.htm) Chrome/103.0.5060.134 Safari/537.36"
157.90.177.217 - - [12/Oct/2022:06:17:08 +0200] "GET /miraculous-virgin-aromatika-incense-sticks-p-53448.html HTTP/1.0" 200 75062 "-" "Mozilla/5.0 (compatible; BLEXBot/1.0; +http://webmeup-crawler.com/)"
54.36.148.179 - - [12/Oct/2022:06:17:12 +0200] "GET /tinted-candle-mass-ivory-p-56091.html HTTP/1.0" 200 74942 "-" "Mozilla/5.0 (compatible; AhrefsBot/7.0; +http://ahrefs.com/robot/)"
157.90.177.217 - - [12/Oct/2022:06:17:22 +0200] "GET /miraculous-virgin-prayer-candle-novena-p-58243.html HTTP/1.0" 200 75764 "-" "Mozilla/5.0 (compatible; BLEXBot/1.0; +http://webmeup-crawler.com/)"
185.191.171.11 - - [12/Oct/2022:06:17:32 +0200] "GET /francesco-wall-sticker-p-22531.html HTTP/1.0" 200 75865 "-" "Mozilla/5.0 (compatible; SemrushBot/7~bl; +http://www.semrush.com/bot.html)"
66.249.64.244 - - [12/Oct/2022:06:17:36 +0200] "GET /patinated-wooden-lamp-with-grey-linen-shade-p-57736.html HTTP/1.0" 200 75740 "-" "Mozilla/5.0 (compatible; Googlebot/2.1; +http://www.google.com/bot.html)"
157.90.177.217 - - [12/Oct/2022:06:17:37 +0200] "GET /mirage-fragrance-burner-p-58571.html HTTP/1.0" 200 75622 "-" "Mozilla/5.0 (compatible; BLEXBot/1.0; +http://webmeup-crawler.com/)"
216.244.66.242 - - [12/Oct/2022:06:17:43 +0200] "GET /images/DSCN0652vert.jpg HTTP/1.0" 200 258 "-" "Mozilla/5.0 (compatible; DotBot/1.2; +https://opensiteexplorer.org/dotbot; help@moz.com)"
157.90.177.217 - - [12/Oct/2022:06:17:52 +0200] "GET /mirage-fragrance-burner-p-58572.html HTTP/1.0" 200 75617 "-" "Mozilla/5.0 (compatible; BLEXBot/1.0; +http://webmeup-crawler.com/)"
157.90.177.217 - - [12/Oct/2022:06:18:06 +0200] "GET /mirage-fragrance-burner-p-58573.html HTTP/1.0" 200 75712 "-" "Mozilla/5.0 (compatible; BLEXBot/1.0; +http://webmeup-crawler.com/)"
185.191.171.1 - - [12/Oct/2022:06:18:07 +0200] "GET /with-infuser-c-12_221.html?page=6 HTTP/1.0" 200 94388 "-" "Mozilla/5.0 (compatible; SemrushBot/7~bl; +http://www.semrush.com/bot.html)"
114.119.137.3 - - [12/Oct/2022:06:18:12 +0200] "GET /princess-aurora-couture-force-figurine-p-54005.html HTTP/1.0" 200 76455 "http://www.wonder-geek.com/collectible-disney-figures-c-292_290.html?page=15" "Mozilla/5.0 (Linux; Android 7.0;) AppleWebKit/537.36 (KHTML, like Gecko) Mobile Safari/537.36 (compatible; PetalBot;+https://webmaster.petalsearch.com/site/petalbot)"
185.191.171.19 - - [12/Oct/2022:06:18:14 +0200] "GET /mojito-small-ashtray-p-40248.html HTTP/1.0" 200 72318 "-" "Mozilla/5.0 (compatible; SemrushBot/7~bl; +http://www.semrush.com/bot.html)"
185.191.171.25 - - [12/Oct/2022:06:18:20 +0200] "GET /candy-cloud-hair-brush-stardust-p-46651.html HTTP/1.0" 200 75581 "-" "Mozilla/5.0 (compatible; SemrushBot/7~bl; +http://www.semrush.com/bot.html)"
157.90.177.217 - - [12/Oct/2022:06:18:21 +0200] "GET /mire-alarm-clock-cbkreation-p-25011.html HTTP/1.0" 200 74979 "-" "Mozilla/5.0 (compatible; BLEXBot/1.0; +http://webmeup-crawler.com/)"
54.36.148.195 - - [12/Oct/2022:06:18:31 +0200] "GET /buddha-fiberglass-gray-statue-p-37580.html HTTP/1.0" 200 75023 "-" "Mozilla/5.0 (compatible; AhrefsBot/7.0; +http://ahrefs.com/robot/)"
54.36.148.61 - - [12/Oct/2022:06:18:34 +0200] "GET /images/big_prod/8424001201754.jpg HTTP/1.0" 200 268 "-" "Mozilla/5.0 (compatible; AhrefsBot/7.0; +http://ahrefs.com/robot/)"
157.90.177.217 - - [12/Oct/2022:06:18:36 +0200] "GET /mire-clock-cbkreation-p-24685.html HTTP/1.0" 200 74995 "-" "Mozilla/5.0 (compatible; BLEXBot/1.0; +http://webmeup-crawler.com/)"
185.191.171.6 - - [12/Oct/2022:06:18:47 +0200] "GET /luminous-figurine-cinderella-castle-p-56305.html HTTP/1.0" 200 75707 "-" "Mozilla/5.0 (compatible; SemrushBot/7~bl; +http://www.semrush.com/bot.html)"
157.90.177.217 - - [12/Oct/2022:06:18:51 +0200] "GET /mirror-blue-combi-aged-dented-metal-p-42125.html HTTP/1.0" 200 75710 "-" "Mozilla/5.0 (compatible; BLEXBot/1.0; +http://webmeup-crawler.com/)"
157.90.177.217 - - [12/Oct/2022:06:19:05 +0200] "GET /mirror-blue-combi-peace-love-p-42126.html HTTP/1.0" 200 74927 "-" "Mozilla/5.0 (compatible; BLEXBot/1.0; +http://webmeup-crawler.com/)"
185.191.171.1 - - [12/Oct/2022:06:19:16 +0200] "GET /guzmanie-shower-curtain-p-53942.html HTTP/1.0" 200 75637 "-" "Mozilla/5.0 (compatible; SemrushBot/7~bl; +http://www.semrush.com/bot.html)"
157.90.177.217 - - [12/Oct/2022:06:19:20 +0200] "GET /mirror-c-13_133.html?page=1 HTTP/1.0" 200 92616 "-" "Mozilla/5.0 (compatible; BLEXBot/1.0; +http://webmeup-crawler.com/)"
114.119.137.3 - - [12/Oct/2022:06:19:28 +0200] "GET /incense-burner-incense-holder-p-54108.html HTTP/1.0" 200 75033 "http://www.wonder-geek.com/incense-holder-incense-burner-c-231_229.html?page=5" "Mozilla/5.0 (Linux; Android 7.0;) AppleWebKit/537.36 (KHTML, like Gecko) Mobile Safari/537.36 (compatible; PetalBot;+https://webmaster.petalsearch.com/site/petalbot)"
157.90.177.217 - - [12/Oct/2022:06:19:35 +0200] "GET /mirror-structure-golden-curved-discs-p-49681.html HTTP/1.0" 200 75118 "-" "Mozilla/5.0 (compatible; BLEXBot/1.0; +http://webmeup-crawler.com/)"
157.90.177.217 - - [12/Oct/2022:06:19:51 +0200] "GET /mirror-wall-decor-metal-p-47503.html HTTP/1.0" 200 75505 "-" "Mozilla/5.0 (compatible; BLEXBot/1.0; +http://webmeup-crawler.com/)"
54.36.148.119 - - [12/Oct/2022:06:19:51 +0200] "GET /cats-melamine-tray-p-45133.html HTTP/1.0" 200 72332 "-" "Mozilla/5.0 (compatible; AhrefsBot/7.0; +http://ahrefs.com/robot/)"
154.6.18.98 - - [12/Oct/2022:06:20:05 +0200] "GET /snowman-solar-powered-dancing-p-34143.html]Test HTTP/1.0" 301 609 "http://wonder-geek.com/snowman-solar-powered-dancing-p-34143.html]Test" "Mozilla/5.0 (Windows NT 6.1; WOW64) AppleWebKit/537.36 (KHTML, like Gecko) Chrome/90.0.4430.85 Safari/537.36"
154.6.18.98 - - [12/Oct/2022:06:20:05 +0200] "GET /snowman-solar-powered-dancing-p-34143.html%5dTest HTTP/1.0" 404 1308 "http://www.wonder-geek.com/snowman-solar-powered-dancing-p-34143.html%5dTest" "Mozilla/5.0 (Windows NT 6.1; WOW64) AppleWebKit/537.36 (KHTML, like Gecko) Chrome/90.0.4430.85 Safari/537.36"
154.6.18.98 - - [12/Oct/2022:06:20:05 +0200] "GET / HTTP/1.0" 301 511 "http://wonder-geek.com/" "Mozilla/5.0 (Windows NT 6.1; WOW64) AppleWebKit/537.36 (KHTML, like Gecko) Chrome/90.0.4430.85 Safari/537.36"
157.90.177.217 - - [12/Oct/2022:06:20:05 +0200] "GET /mirror-wall-decor-p-48719.html HTTP/1.0" 200 75480 "-" "Mozilla/5.0 (compatible; BLEXBot/1.0; +http://webmeup-crawler.com/)"
154.6.18.98 - - [12/Oct/2022:06:20:06 +0200] "GET / HTTP/1.0" 200 152253 "http://www.wonder-geek.com/" "Mozilla/5.0 (Windows NT 6.1; WOW64) AppleWebKit/537.36 (KHTML, like Gecko) Chrome/90.0.4430.85 Safari/537.36"
154.6.18.98 - - [12/Oct/2022:06:20:11 +0200] "GET /trivet-boards-c-12_158.html HTTP/1.0" 200 96041 "http://www.wonder-geek.com/trivet-boards-c-12_158.html" "Mozilla/5.0 (Windows NT 6.1; WOW64) AppleWebKit/537.36 (KHTML, like Gecko) Chrome/90.0.4430.85 Safari/537.36"
154.6.18.98 - - [12/Oct/2022:06:20:14 +0200] "GET /cardboard-boxes-storage-c-13_150_216.html HTTP/1.0" 200 79688 "http://www.wonder-geek.com/cardboard-boxes-storage-c-13_150_216.html" "Mozilla/5.0 (Windows NT 6.1; WOW64) AppleWebKit/537.36 (KHTML, like Gecko) Chrome/90.0.4430.85 Safari/537.36"
185.191.171.26 - - [12/Oct/2022:06:20:15 +0200] "GET /special-anniversary-minnie-mouse-figurine-p-45559.html HTTP/1.0" 200 72402 "-" "Mozilla/5.0 (compatible; SemrushBot/7~bl; +http://www.semrush.com/bot.html)"
154.6.18.98 - - [12/Oct/2022:06:20:16 +0200] "GET /cushion-headboard-c-11_173.html HTTP/1.0" 200 79106 "http://www.wonder-geek.com/cushion-headboard-c-11_173.html" "Mozilla/5.0 (Windows NT 6.1; WOW64) AppleWebKit/537.36 (KHTML, like Gecko) Chrome/90.0.4430.85 Safari/537.36"
154.6.18.98 - - [12/Oct/2022:06:20:19 +0200] "GET /contact_us.php HTTP/1.0" 200 26241 "http://www.wonder-geek.com/contact_us.php" "Mozilla/5.0 (Windows NT 6.1; WOW64) AppleWebKit/537.36 (KHTML, like Gecko) Chrome/90.0.4430.85 Safari/537.36"
157.90.177.217 - - [12/Oct/2022:06:20:20 +0200] "GET /mirror-with-shelf-hooks-p-48820.html HTTP/1.0" 200 75739 "-" "Mozilla/5.0 (compatible; BLEXBot/1.0; +http://webmeup-crawler.com/)"
157.90.177.217 - - [12/Oct/2022:06:20:34 +0200] "GET /miso-cute-kimmidoll-love-p-21767.html HTTP/1.0" 200 79342 "-" "Mozilla/5.0 (compatible; BLEXBot/1.0; +http://webmeup-crawler.com/)"
157.90.177.217 - - [12/Oct/2022:06:20:48 +0200] "GET /miss-bianca-figurine-p-58783.html HTTP/1.0" 200 76266 "-" "Mozilla/5.0 (compatible; BLEXBot/1.0; +http://webmeup-crawler.com/)"
114.119.137.3 - - [12/Oct/2022:06:20:50 +0200] "GET /flower-aged-ceramic-grey-black-p-57664.html HTTP/1.0" 200 76209 "http://www.wonder-geek.com/home-decoration-c-13.html?page=121" "Mozilla/5.0 (Linux; Android 7.0;) AppleWebKit/537.36 (KHTML, like Gecko) Mobile Safari/537.36 (compatible; PetalBot;+https://webmaster.petalsearch.com/site/petalbot)"
185.191.171.19 - - [12/Oct/2022:06:20:51 +0200] "GET /smokers-items-c-3_112.html?page=2 HTTP/1.0" 200 94238 "-" "Mozilla/5.0 (compatible; SemrushBot/7~bl; +http://www.semrush.com/bot.html)"
66.249.64.242 - - [12/Oct/2022:06:21:03 +0200] "GET /tour-france-metal-tray-p-51677.html HTTP/1.0" 200 75042 "-" "Mozilla/5.0 (Linux; Android 6.0.1; Nexus 5X Build/MMB29P) AppleWebKit/537.36 (KHTML, like Gecko) Chrome/106.0.5249.103 Mobile Safari/537.36 (compatible; Googlebot/2.1; +http://www.google.com/bot.html)"
157.90.177.217 - - [12/Oct/2022:06:21:03 +0200] "GET /miss-fifties-thermos-p-47779.html HTTP/1.0" 200 74919 "-" "Mozilla/5.0 (compatible; BLEXBot/1.0; +http://webmeup-crawler.com/)"
54.36.148.101 - - [12/Oct/2022:06:21:10 +0200] "GET /pretty-kitty-allen-clock-p-52390.html HTTP/1.0" 200 75677 "-" "Mozilla/5.0 (compatible; AhrefsBot/7.0; +http://ahrefs.com/robot/)"
54.36.148.82 - - [12/Oct/2022:06:21:13 +0200] "GET /images/big_prod_1/a3453131152457.jpg HTTP/1.0" 200 271 "-" "Mozilla/5.0 (compatible; AhrefsBot/7.0; +http://ahrefs.com/robot/)"
157.90.177.217 - - [12/Oct/2022:06:21:18 +0200] "GET /miss-mindy-cheshire-vinyl-figurine-p-50670.html HTTP/1.0" 200 76587 "-" "Mozilla/5.0 (compatible; BLEXBot/1.0; +http://webmeup-crawler.com/)"
2.139.215.91 - - [12/Oct/2022:06:21:25 +0200] "GET /contact_us.php HTTP/1.0" 200 26241 "http://www.wonder-geek.com/contact_us.php" "Mozilla/5.0 (Windows NT 6.3; Win64; x64) AppleWebKit/537.36 (KHTML, like Gecko) Chrome/90.0.4430.72 Safari/537.36"
157.90.177.217 - - [12/Oct/2022:06:21:33 +0200] "GET /miss-mindy-dear-unicorn-dark-night-figurine-p-46253.html HTTP/1.0" 200 76595 "-" "Mozilla/5.0 (compatible; BLEXBot/1.0; +http://webmeup-crawler.com/)"
185.191.171.15 - - [12/Oct/2022:06:21:35 +0200] "GET /retro-style-chocolate-saveurs-traditions-franaises-p-55520.html HTTP/1.0" 200 76015 "-" "Mozilla/5.0 (compatible; SemrushBot/7~bl; +http://www.semrush.com/bot.html)"
216.244.66.242 - - [12/Oct/2022:06:21:38 +0200] "GET /buddha-canvas-frame-40-40-cm-p-38507.html HTTP/1.0" 301 75067 "-" "Mozilla/5.0 (compatible; DotBot/1.2; +https://opensiteexplorer.org/dotbot; help@moz.com)"
157.90.177.217 - - [12/Oct/2022:06:21:48 +0200] "GET /miss-mindy-dear-unicorn-light-figurine-p-46252.html HTTP/1.0" 200 76583 "-" "Mozilla/5.0 (compatible; BLEXBot/1.0; +http://webmeup-crawler.com/)"
185.191.171.20 - - [12/Oct/2022:06:21:57 +0200] "GET /decorative-canvas-mappemond-hang-p-56047.html HTTP/1.0" 200 75923 "-" "Mozilla/5.0 (compatible; SemrushBot/7~bl; +http://www.semrush.com/bot.html)"
157.90.177.217 - - [12/Oct/2022:06:22:02 +0200] "GET /miss-mindy-jack-skellington-resin-figurine-p-49392.html HTTP/1.0" 200 75515 "-" "Mozilla/5.0 (compatible; BLEXBot/1.0; +http://webmeup-crawler.com/)"
114.119.137.3 - - [12/Oct/2022:06:22:08 +0200] "GET /images/mini_prod/8422064411004.jpg HTTP/1.0" 200 269 "http://www.wonder-geek.com/christmas-tree-ornament-christmas-balls-c-13_271.html?page=2" "Mozilla/5.0 (Linux; Android 7.0;) AppleWebKit/537.36 (KHTML, like Gecko) Mobile Safari/537.36 (compatible; PetalBot;+https://webmaster.petalsearch.com/site/petalbot)"
157.90.177.217 - - [12/Oct/2022:06:22:17 +0200] "GET /miss-mindy-jessica-rabbit-vinyl-figurine-p-46501.html HTTP/1.0" 200 75576 "-" "Mozilla/5.0 (compatible; BLEXBot/1.0; +http://webmeup-crawler.com/)"
157.90.177.217 - - [12/Oct/2022:06:22:31 +0200] "GET /miss-mindy-stitch-vinyl-figurine-p-50656.html HTTP/1.0" 200 76404 "-" "Mozilla/5.0 (compatible; BLEXBot/1.0; +http://webmeup-crawler.com/)"
54.36.148.38 - - [12/Oct/2022:06:22:34 +0200] "GET /rainbow-unicorn-pendulum-allen-designs-p-45144.html HTTP/1.0" 200 75095 "-" "Mozilla/5.0 (compatible; AhrefsBot/7.0; +http://ahrefs.com/robot/)"
54.36.148.93 - - [12/Oct/2022:06:22:43 +0200] "GET /images/big_prod/3453131144414.jpg HTTP/1.0" 200 268 "-" "Mozilla/5.0 (compatible; AhrefsBot/7.0; +http://ahrefs.com/robot/)"
157.90.177.217 - - [12/Oct/2022:06:22:46 +0200] "GET /mister-babyset-pieces-p-26551.html HTTP/1.0" 200 75034 "-" "Mozilla/5.0 (compatible; BLEXBot/1.0; +http://webmeup-crawler.com/)"
159.138.137.41 - - [12/Oct/2022:06:22:50 +0200] "GET /images/big_prod_1/5415203904171b.jpg HTTP/1.0" 200 271 "-" "Mozilla/5.0 (X11; Ubuntu; Linux x86_64; rv:72.0) Gecko/20100101 Firefox/72.0"
157.90.177.217 - - [12/Oct/2022:06:23:00 +0200] "GET /mister-beauty-p-3321.html HTTP/1.0" 200 75689 "-" "Mozilla/5.0 (compatible; BLEXBot/1.0; +http://webmeup-crawler.com/)"
154.6.18.98 - - [12/Oct/2022:06:23:08 +0200] "POST /contact_us.php?action=send HTTP/1.0" 302 488 "http://www.wonder-geek.com/contact_us.php" "Mozilla/5.0 (Windows NT 6.1; WOW64) AppleWebKit/537.36 (KHTML, like Gecko) Chrome/90.0.4430.85 Safari/537.36"
154.6.18.98 - - [12/Oct/2022:06:23:08 +0200] "GET /contact_us.php?action=success HTTP/1.0" 200 13477 "http://www.wonder-geek.com/contact_us.php?action=success" "Mozilla/5.0 (Windows NT 6.1; WOW64) AppleWebKit/537.36 (KHTML, like Gecko) Chrome/90.0.4430.85 Safari/537.36"
154.6.18.98 - - [12/Oct/2022:06:23:09 +0200] "GET /contact_us.php HTTP/1.0" 200 26241 "http://www.wonder-geek.com/contact_us.php" "Mozilla/5.0 (Windows NT 6.1; WOW64) AppleWebKit/537.36 (KHTML, like Gecko) Chrome/90.0.4430.85 Safari/537.36"
154.6.18.98 - - [12/Oct/2022:06:23:10 +0200] "GET /contact_us.php HTTP/1.0" 200 26241 "http://www.wonder-geek.com/contact_us.php" "Mozilla/5.0 (Windows NT 6.1; WOW64) AppleWebKit/537.36 (KHTML, like Gecko) Chrome/90.0.4430.85 Safari/537.36"
157.90.177.217 - - [12/Oct/2022:06:23:16 +0200] "GET /mister-black-reporter-p-3314.html HTTP/1.0" 200 75935 "-" "Mozilla/5.0 (compatible; BLEXBot/1.0; +http://webmeup-crawler.com/)"
114.119.137.45 - - [12/Oct/2022:06:23:23 +0200] "GET /route-pencil-p-24212.html HTTP/1.0" 200 74851 "http://www.wonder-geek.com/pencil-c-129_183.html?page=1" "Mozilla/5.0 (Linux; Android 7.0;) AppleWebKit/537.36 (KHTML, like Gecko) Mobile Safari/537.36 (compatible; PetalBot;+https://webmaster.petalsearch.com/site/petalbot)"
185.191.171.35 - - [12/Oct/2022:06:23:28 +0200] "GET /tinker-bell-large-expandable-backpack-p-19681.html HTTP/1.0" 200 75481 "-" "Mozilla/5.0 (compatible; SemrushBot/7~bl; +http://www.semrush.com/bot.html)"
157.90.177.217 - - [12/Oct/2022:06:23:31 +0200] "GET /mister-london-phone-cover-iphone-p-14163.html HTTP/1.0" 200 75853 "-" "Mozilla/5.0 (compatible; BLEXBot/1.0; +http://webmeup-crawler.com/)"
157.90.177.217 - - [12/Oct/2022:06:23:45 +0200] "GET /mister-phone-cover-iphone-p-14160.html HTTP/1.0" 200 75821 "-" "Mozilla/5.0 (compatible; BLEXBot/1.0; +http://webmeup-crawler.com/)"
185.191.171.13 - - [12/Oct/2022:06:23:48 +0200] "GET /white-lampshade-p-53676.html HTTP/1.0" 200 75689 "-" "Mozilla/5.0 (compatible; SemrushBot/7~bl; +http://www.semrush.com/bot.html)"
185.191.171.10 - - [12/Oct/2022:06:23:59 +0200] "GET /tetsubin-teapot-japanese-liter-p-47381.html HTTP/1.0" 200 72374 "-" "Mozilla/5.0 (compatible; SemrushBot/7~bl; +http://www.semrush.com/bot.html)"
54.36.148.249 - - [12/Oct/2022:06:23:59 +0200] "GET /yumiko-gold-p-50772.html HTTP/1.0" 200 75856 "-" "Mozilla/5.0 (compatible; AhrefsBot/7.0; +http://ahrefs.com/robot/)"
157.90.177.217 - - [12/Oct/2022:06:24:00 +0200] "GET /mister-pink-round-pencil-case-p-20517.html HTTP/1.0" 200 75599 "-" "Mozilla/5.0 (compatible; BLEXBot/1.0; +http://webmeup-crawler.com/)"
185.191.171.25 - - [12/Oct/2022:06:24:02 +0200] "GET /poppies-small-ashtray-p-49154.html HTTP/1.0" 200 74868 "-" "Mozilla/5.0 (compatible; SemrushBot/7~bl; +http://www.semrush.com/bot.html)"
157.90.177.217 - - [12/Oct/2022:06:24:15 +0200] "GET /mister-strong-round-pencil-case-p-20516.html HTTP/1.0" 200 75593 "-" "Mozilla/5.0 (compatible; BLEXBot/1.0; +http://webmeup-crawler.com/)"
216.244.66.242 - - [12/Oct/2022:06:24:30 +0200] "GET /retro-coffee-placemat-p-41930.html HTTP/1.0" 200 72344 "-" "Mozilla/5.0 (compatible; DotBot/1.2; +https://opensiteexplorer.org/dotbot; help@moz.com)"
157.90.177.217 - - [12/Oct/2022:06:24:30 +0200] "GET /moai-statue-p-54266.html HTTP/1.0" 200 75430 "-" "Mozilla/5.0 (compatible; BLEXBot/1.0; +http://webmeup-crawler.com/)"
157.55.39.217 - - [12/Oct/2022:06:24:36 +0200] "GET /luna-bath-towel-p-40757.html HTTP/1.0" 200 74858 "-" "Mozilla/5.0 (compatible; bingbot/2.0; +http://www.bing.com/bingbot.htm)"
163.220.128.41 - - [12/Oct/2022:06:24:38 +0200] "GET /images/mini_prod/3553560059690.jpg HTTP/1.0" 200 269 "-" "Mozilla/5.0 (X11; Ubuntu; Linux x86_64; rv:72.0) Gecko/20100101 Firefox/72.0"
114.119.137.45 - - [12/Oct/2022:06:24:45 +0200] "GET /retro-style-sugar-picerie-traditionnelle-p-57198.html HTTP/1.0" 200 75863 "http://www.wonder-geek.com/home-decoration-c-13.html?page=16" "Mozilla/5.0 (Linux; Android 7.0;) AppleWebKit/537.36 (KHTML, like Gecko) Mobile Safari/537.36 (compatible; PetalBot;+https://webmaster.petalsearch.com/site/petalbot)"
163.220.128.41 - - [12/Oct/2022:06:24:47 +0200] "GET /images/mini_prod/3453131154536D.jpg HTTP/1.0" 200 270 "-" "Mozilla/5.0 (X11; Ubuntu; Linux x86_64; rv:72.0) Gecko/20100101 Firefox/72.0"
157.90.177.217 - - [12/Oct/2022:06:24:46 +0200] "GET /mobile-bells-metal-elephants-p-42074.html HTTP/1.0" 200 75642 "-" "Mozilla/5.0 (compatible; BLEXBot/1.0; +http://webmeup-crawler.com/)"
216.244.66.242 - - [12/Oct/2022:06:25:00 +0200] "GET /brazil-flag-90-150-cm-p-41521.html HTTP/1.0" 301 74989 "-" "Mozilla/5.0 (compatible; DotBot/1.2; +https://opensiteexplorer.org/dotbot; help@moz.com)"
157.90.177.217 - - [12/Oct/2022:06:25:01 +0200] "GET /mobile-bells-metal-elephants-p-42075.html HTTP/1.0" 200 75640 "-" "Mozilla/5.0 (compatible; BLEXBot/1.0; +http://webmeup-crawler.com/)"
216.244.66.242 - - [12/Oct/2022:06:25:09 +0200] "GET /cats-saucer-for-tea-bag-p-48615.html HTTP/1.0" 301 72408 "-" "Mozilla/5.0 (compatible; DotBot/1.2; +https://opensiteexplorer.org/dotbot; help@moz.com)"
157.90.177.217 - - [12/Oct/2022:06:25:17 +0200] "GET /mobile-lunar-phases-p-55724.html HTTP/1.0" 200 75474 "-" "Mozilla/5.0 (compatible; BLEXBot/1.0; +http://webmeup-crawler.com/)"
54.36.149.41 - - [12/Oct/2022:06:25:17 +0200] "GET /honorine-bedspread-plaid-yellow-p-56977.html HTTP/1.0" 200 75912 "-" "Mozilla/5.0 (compatible; AhrefsBot/7.0; +http://ahrefs.com/robot/)"
216.244.66.242 - - [12/Oct/2022:06:25:20 +0200] "GET /dubout-cats-pill-box-p-32231.html HTTP/1.0" 301 72393 "-" "Mozilla/5.0 (compatible; DotBot/1.2; +https://opensiteexplorer.org/dotbot; help@moz.com)"
54.36.148.46 - - [12/Oct/2022:06:25:24 +0200] "GET /images/big_prod_2/3665269121254c.jpg HTTP/1.0" 200 271 "-" "Mozilla/5.0 (compatible; AhrefsBot/7.0; +http://ahrefs.com/robot/)"
54.36.148.148 - - [12/Oct/2022:06:25:24 +0200] "GET /images/big_prod/3665269121247.jpg HTTP/1.0" 200 268 "-" "Mozilla/5.0 (compatible; AhrefsBot/7.0; +http://ahrefs.com/robot/)"
54.36.148.48 - - [12/Oct/2022:06:25:24 +0200] "GET /images/big_prod_1/3665269121247a.jpg HTTP/1.0" 200 271 "-" "Mozilla/5.0 (compatible; AhrefsBot/7.0; +http://ahrefs.com/robot/)"
66.249.64.244 - - [12/Oct/2022:06:25:25 +0200] "GET /decoration-african-woman-p-55280.html HTTP/1.0" 200 75710 "-" "Mozilla/5.0 (Linux; Android 6.0.1; Nexus 5X Build/MMB29P) AppleWebKit/537.36 (KHTML, like Gecko) Chrome/106.0.5249.103 Mobile Safari/537.36 (compatible; Googlebot/2.1; +http://www.google.com/bot.html)"
216.244.66.242 - - [12/Oct/2022:06:25:29 +0200] "GET /sponge-small-wall-light-p-16147.html HTTP/1.0" 301 72315 "-" "Mozilla/5.0 (compatible; DotBot/1.2; +https://opensiteexplorer.org/dotbot; help@moz.com)"
157.90.177.217 - - [12/Oct/2022:06:25:31 +0200] "GET /mobile-metal-bells-p-41478.html HTTP/1.0" 200 75526 "-" "Mozilla/5.0 (compatible; BLEXBot/1.0; +http://webmeup-crawler.com/)"
157.90.177.217 - - [12/Oct/2022:06:25:46 +0200] "GET /mobile-metal-bells-tree-p-50380.html HTTP/1.0" 200 75531 "-" "Mozilla/5.0 (compatible; BLEXBot/1.0; +http://webmeup-crawler.com/)"
216.244.66.242 - - [12/Oct/2022:06:25:49 +0200] "GET /teo-jasmin-medium-cabas-teo-nova-p-43482.html HTTP/1.0" 301 72315 "-" "Mozilla/5.0 (compatible; DotBot/1.2; +https://opensiteexplorer.org/dotbot; help@moz.com)"
94.74.105.32 - - [12/Oct/2022:06:25:54 +0200] "GET /images/mini_prod/8435333824252.jpg HTTP/1.0" 200 269 "-" "Mozilla/5.0 (Windows NT 10.0; Win64; x64) AppleWebKit/537.36 (KHTML, like Gecko) Chrome/54.0.2840.99 Safari/537.36"
66.249.64.246 - - [12/Oct/2022:06:26:01 +0200] "GET /large-brown-porcelain-lamp-p-55230.html HTTP/1.0" 200 75827 "-" "Mozilla/5.0 (compatible; Googlebot/2.1; +http://www.google.com/bot.html)"
157.90.177.217 - - [12/Oct/2022:06:26:02 +0200] "GET /mobile-metallic-tealight-blue-house-p-38563.html HTTP/1.0" 200 75083 "-" "Mozilla/5.0 (compatible; BLEXBot/1.0; +http://webmeup-crawler.com/)"
114.119.137.43 - - [12/Oct/2022:06:26:05 +0200] "GET /paperweight-kiub-collection-amys-p-55890.html HTTP/1.0" 200 75726 "http://www.wonder-geek.com/paperweight-c-129_188.html?page=3" "Mozilla/5.0 (Linux; Android 7.0;) AppleWebKit/537.36 (KHTML, like Gecko) Mobile Safari/537.36 (compatible; PetalBot;+https://webmaster.petalsearch.com/site/petalbot)"
216.244.66.242 - - [12/Oct/2022:06:26:07 +0200] "GET /decorative-hanging-pie-brown-outline-p-35423.html HTTP/1.0" 301 75163 "-" "Mozilla/5.0 (compatible; DotBot/1.2; +https://opensiteexplorer.org/dotbot; help@moz.com)"
157.90.177.217 - - [12/Oct/2022:06:26:19 +0200] "GET /mobile-tealight-brown-patinated-metal-butterfly-heart-p-37208.html HTTP/1.0" 200 75191 "-" "Mozilla/5.0 (compatible; BLEXBot/1.0; +http://webmeup-crawler.com/)"
185.191.171.35 - - [12/Oct/2022:06:26:23 +0200] "GET /robots.txt HTTP/1.0" 200 245 "-" "Mozilla/5.0 (compatible; SemrushBot/7~bl; +http://www.semrush.com/bot.html)"
185.191.171.43 - - [12/Oct/2022:06:26:23 +0200] "GET /klimt-kiss-large-wallet-p-54977.html HTTP/1.0" 200 75804 "-" "Mozilla/5.0 (compatible; SemrushBot/7~bl; +http://www.semrush.com/bot.html)"
157.90.177.217 - - [12/Oct/2022:06:26:33 +0200] "GET /mobile-tealight-brown-patinated-metal-butterfly-p-37207.html HTTP/1.0" 200 75144 "-" "Mozilla/5.0 (compatible; BLEXBot/1.0; +http://webmeup-crawler.com/)"
185.191.171.13 - - [12/Oct/2022:06:26:33 +0200] "GET /aprons-c-11_74.html?page=5 HTTP/1.0" 200 93750 "-" "Mozilla/5.0 (compatible; SemrushBot/7~bl; +http://www.semrush.com/bot.html)"
66.249.64.244 - - [12/Oct/2022:06:26:39 +0200] "GET /decorative-ball-silver-resin-p-57066.html HTTP/1.0" 200 75639 "-" "Mozilla/5.0 (Linux; Android 6.0.1; Nexus 5X Build/MMB29P) AppleWebKit/537.36 (KHTML, like Gecko) Chrome/106.0.5249.103 Mobile Safari/537.36 (compatible; Googlebot/2.1; +http://www.google.com/bot.html)"
157.90.177.217 - - [12/Oct/2022:06:26:49 +0200] "GET /mobile-tealight-brown-patinated-metal-flower-heart-p-37209.html HTTP/1.0" 200 75167 "-" "Mozilla/5.0 (compatible; BLEXBot/1.0; +http://webmeup-crawler.com/)"
54.36.148.184 - - [12/Oct/2022:06:26:49 +0200] "GET /scented-candle-made-france-musk-p-57045.html HTTP/1.0" 200 76452 "-" "Mozilla/5.0 (compatible; AhrefsBot/7.0; +http://ahrefs.com/robot/)"
185.191.171.43 - - [12/Oct/2022:06:26:53 +0200] "GET /ceramic-cork-trivet-beer-capsule-p-54092.html HTTP/1.0" 200 72386 "-" "Mozilla/5.0 (compatible; SemrushBot/7~bl; +http://www.semrush.com/bot.html)"
50.31.180.37 - - [12/Oct/2022:06:27:05 +0200] "GET /images/med_prod/8435107771287.jpg HTTP/1.0" 200 268 "-" "Mozilla/5.0 (X11; Ubuntu; Linux x86_64; rv:72.0) Gecko/20100101 Firefox/72.0"
157.90.177.217 - - [12/Oct/2022:06:27:04 +0200] "GET /mobile-tealight-brown-patinated-metal-p-37210.html HTTP/1.0" 200 75080 "-" "Mozilla/5.0 (compatible; BLEXBot/1.0; +http://webmeup-crawler.com/)"
185.191.171.18 - - [12/Oct/2022:06:27:09 +0200] "GET /porcelain-with-infuser-cement-tiles-p-58106.html HTTP/1.0" 200 75002 "-" "Mozilla/5.0 (compatible; SemrushBot/7~bl; +http://www.semrush.com/bot.html)"
157.90.177.217 - - [12/Oct/2022:06:27:18 +0200] "GET /mocha-brown-zippo-wallet-with-stitching-p-49090.html HTTP/1.0" 200 76163 "-" "Mozilla/5.0 (compatible; BLEXBot/1.0; +http://webmeup-crawler.com/)"
114.119.137.45 - - [12/Oct/2022:06:27:23 +0200] "GET /elephants-wall-decoration-p-46716.html HTTP/1.0" 200 74929 "http://www.wonder-geek.com/home-and-decoration-c-13.html?page=80" "Mozilla/5.0 (Linux; Android 7.0;) AppleWebKit/537.36 (KHTML, like Gecko) Mobile Safari/537.36 (compatible; PetalBot;+https://webmaster.petalsearch.com/site/petalbot)"
157.90.177.217 - - [12/Oct/2022:06:27:33 +0200] "GET /mode-cocooning-water-bottle-p-58475.html HTTP/1.0" 200 75614 "-" "Mozilla/5.0 (compatible; BLEXBot/1.0; +http://webmeup-crawler.com/)"
157.90.177.217 - - [12/Oct/2022:06:27:48 +0200] "GET /model-best-musical-card-with-envelope-p-19786.html HTTP/1.0" 200 75148 "-" "Mozilla/5.0 (compatible; BLEXBot/1.0; +http://webmeup-crawler.com/)"
157.90.177.217 - - [12/Oct/2022:06:28:03 +0200] "GET /model-jour-musical-card-with-envelope-p-19787.html HTTP/1.0" 200 75081 "-" "Mozilla/5.0 (compatible; BLEXBot/1.0; +http://webmeup-crawler.com/)"
54.36.149.14 - - [12/Oct/2022:06:28:14 +0200] "GET /mini-pony-statuette-shore-p-54021.html HTTP/1.0" 200 76637 "-" "Mozilla/5.0 (compatible; AhrefsBot/7.0; +http://ahrefs.com/robot/)"
157.90.177.217 - - [12/Oct/2022:06:28:17 +0200] "GET /model-school-p-21491.html HTTP/1.0" 200 75446 "-" "Mozilla/5.0 (compatible; BLEXBot/1.0; +http://webmeup-crawler.com/)"
51.68.224.127 - - [12/Oct/2022:06:28:21 +0200] "GET /adminweb/export_orders_xml.php?token=256de2z6edz6ed2z6DFSFsed2zed6zeDSFDSGdzedezfzf&maxorders=10&orderstart=1&status=14&start_date=2018-10-01 HTTP/1.0" 200 285 "-" "GesCom CharlotteBoutik Serveur"
51.68.224.127 - - [12/Oct/2022:06:28:21 +0200] "GET /adminweb/export_orders_xml.php?token=256de2z6edz6ed2z6DFSFsed2zed6zeDSFDSGdzedezfzf&maxorders=10&orderstart=1&status=6&start_date=2018-10-01 HTTP/1.0" 200 33985 "-" "GesCom CharlotteBoutik Serveur"
157.90.177.217 - - [12/Oct/2022:06:28:32 +0200] "GET /mojito-coasters-p-51777.html HTTP/1.0" 200 74829 "-" "Mozilla/5.0 (compatible; BLEXBot/1.0; +http://webmeup-crawler.com/)"
66.249.64.242 - - [12/Oct/2022:06:28:46 +0200] "GET /images/big_prod_1/3329688126268B.jpg HTTP/1.0" 200 271 "-" "Googlebot-Image/1.0"
157.90.177.217 - - [12/Oct/2022:06:28:46 +0200] "GET /mojito-cocktail-p-58156.html HTTP/1.0" 200 75727 "-" "Mozilla/5.0 (compatible; BLEXBot/1.0; +http://webmeup-crawler.com/)"
185.191.171.8 - - [12/Oct/2022:06:28:49 +0200] "GET /cement-tile-coasters-p-56005.html HTTP/1.0" 200 72336 "-" "Mozilla/5.0 (compatible; SemrushBot/7~bl; +http://www.semrush.com/bot.html)"
114.119.137.45 - - [12/Oct/2022:06:28:52 +0200] "GET /volkswagen-beetle-white-keychain-p-28069.html HTTP/1.0" 200 75805 "http://www.wonder-geek.com/keyrings-c-31_52.html?page=15" "Mozilla/5.0 (Linux; Android 7.0;) AppleWebKit/537.36 (KHTML, like Gecko) Mobile Safari/537.36 (compatible; PetalBot;+https://webmaster.petalsearch.com/site/petalbot)"
157.90.177.217 - - [12/Oct/2022:06:29:01 +0200] "GET /mojito-cutting-board-p-40707.html HTTP/1.0" 200 74869 "-" "Mozilla/5.0 (compatible; BLEXBot/1.0; +http://webmeup-crawler.com/)"
185.191.171.21 - - [12/Oct/2022:06:29:02 +0200] "GET /handy-manny-disney-table-lamp-p-24750.html HTTP/1.0" 200 75174 "-" "Mozilla/5.0 (compatible; SemrushBot/7~bl; +http://www.semrush.com/bot.html)"
157.90.177.217 - - [12/Oct/2022:06:29:16 +0200] "GET /mojito-cutting-board-p-42917.html HTTP/1.0" 200 74868 "-" "Mozilla/5.0 (compatible; BLEXBot/1.0; +http://webmeup-crawler.com/)"
157.90.177.217 - - [12/Oct/2022:06:29:31 +0200] "GET /mojito-kitchen-towel-p-42971.html HTTP/1.0" 200 74854 "-" "Mozilla/5.0 (compatible; BLEXBot/1.0; +http://webmeup-crawler.com/)"
150.109.14.250 - - [12/Oct/2022:06:29:32 +0200] "GET /images/mini_prod/3565750061208.jpg HTTP/1.0" 200 269 "-" "Mozilla/5.0 (Macintoosh; Intel Mac OS X 10_14_68) AppleWebKit/538.36 (KHTML, like Gecko) Chrome/76.0.3904.97 Safari/537.36"
54.36.148.23 - - [12/Oct/2022:06:29:34 +0200] "GET /bamboo-fiber-plant-cover-p-54347.html HTTP/1.0" 200 72334 "-" "Mozilla/5.0 (compatible; AhrefsBot/7.0; +http://ahrefs.com/robot/)"
66.249.64.244 - - [12/Oct/2022:06:29:44 +0200] "GET /chat-noir-thophile-alexandre-steinlen-figurine-p-38936.html HTTP/1.0" 200 75898 "-" "Mozilla/5.0 (Linux; Android 6.0.1; Nexus 5X Build/MMB29P) AppleWebKit/537.36 (KHTML, like Gecko) Chrome/106.0.5249.103 Mobile Safari/537.36 (compatible; Googlebot/2.1; +http://www.google.com/bot.html)"
