157.90.177.217 - - [12/Oct/2022:12:00:42 +0200] "GET /rainbow-unicorn-pendulum-allen-designs-p-45144.html HTTP/1.0" 200 75095 "-" "Mozilla/5.0 (compatible; BLEXBot/1.0; +http://webmeup-crawler.com/)"
66.249.64.244 - - [12/Oct/2022:12:00:44 +0200] "GET /stone-peacock-feather-flower-p-54183.html HTTP/1.0" 200 72358 "-" "Mozilla/5.0 (Linux; Android 6.0.1; Nexus 5X Build/MMB29P) AppleWebKit/537.36 (KHTML, like Gecko) Chrome/106.0.5249.103 Mobile Safari/537.36 (compatible; Googlebot/2.1; +http://www.google.com/bot.html)"
157.90.177.217 - - [12/Oct/2022:12:01:03 +0200] "GET /rainforest-p-56840.html HTTP/1.0" 200 75647 "-" "Mozilla/5.0 (compatible; BLEXBot/1.0; +http://webmeup-crawler.com/)"
157.55.39.231 - - [12/Oct/2022:12:01:10 +0200] "GET /images/mini_prod/3700572754710.jpg HTTP/1.0" 200 269 "-" "Mozilla/5.0 (compatible; bingbot/2.0; +http://www.bing.com/bingbot.htm)"
66.249.64.242 - - [12/Oct/2022:12:01:14 +0200] "GET /assorted-potholders-p-57967.html HTTP/1.0" 200 76184 "-" "Mozilla/5.0 (Linux; Android 6.0.1; Nexus 5X Build/MMB29P) AppleWebKit/537.36 (KHTML, like Gecko) Chrome/106.0.5249.103 Mobile Safari/537.36 (compatible; Googlebot/2.1; +http://www.google.com/bot.html)"
157.90.177.217 - - [12/Oct/2022:12:01:19 +0200] "GET /rainforest-p-56841.html HTTP/1.0" 200 75647 "-" "Mozilla/5.0 (compatible; BLEXBot/1.0; +http://webmeup-crawler.com/)"
54.36.149.39 - - [12/Oct/2022:12:01:29 +0200] "GET /plant-suspensions-wall-sticker-p-51881.html HTTP/1.0" 200 75602 "-" "Mozilla/5.0 (compatible; AhrefsBot/7.0; +http://ahrefs.com/robot/)"
54.36.149.35 - - [12/Oct/2022:12:01:33 +0200] "GET /images/big_prod_1/8422810094222a.jpg HTTP/1.0" 200 271 "-" "Mozilla/5.0 (compatible; AhrefsBot/7.0; +http://ahrefs.com/robot/)"
185.191.171.18 - - [12/Oct/2022:12:01:33 +0200] "GET /coconut-fibers-doormat-welcome-house-p-56385.html HTTP/1.0" 200 72414 "-" "Mozilla/5.0 (compatible; SemrushBot/7~bl; +http://www.semrush.com/bot.html)"
157.90.177.217 - - [12/Oct/2022:12:01:36 +0200] "GET /rainforest-p-56842.html HTTP/1.0" 200 75746 "-" "Mozilla/5.0 (compatible; BLEXBot/1.0; +http://webmeup-crawler.com/)"
114.119.133.245 - - [12/Oct/2022:12:01:52 +0200] "GET /led-unicorn-nightlight-p-48723.html HTTP/1.0" 301 76153 "http://www.wonder-geek.com/lighting-c-13_86.html?page=8" "Mozilla/5.0 (Linux; Android 7.0;) AppleWebKit/537.36 (KHTML, like Gecko) Mobile Safari/537.36 (compatible; PetalBot;+https://webmaster.petalsearch.com/site/petalbot)"
157.90.177.217 - - [12/Oct/2022:12:01:52 +0200] "GET /rainforest-p-56843.html HTTP/1.0" 200 75746 "-" "Mozilla/5.0 (compatible; BLEXBot/1.0; +http://webmeup-crawler.com/)"
114.119.133.245 - - [12/Oct/2022:12:01:56 +0200] "GET /unicorn-nightlight-p-48723.html HTTP/1.0" 200 76068 "http://www.wonder-geek.com/lighting-c-13_86.html?page=8" "Mozilla/5.0 (Linux; Android 7.0;) AppleWebKit/537.36 (KHTML, like Gecko) Mobile Safari/537.36 (compatible; PetalBot;+https://webmaster.petalsearch.com/site/petalbot)"
220.230.168.29 - - [12/Oct/2022:12:02:11 +0200] "GET /images/big_prod_1/8422092340062B.jpg HTTP/1.0" 200 271 "-" "Mozilla/5.0 (X11; Ubuntu; Linux x86_64; rv:80.0) Gecko/20100101 Firefox/80.0"
66.249.64.246 - - [12/Oct/2022:12:02:08 +0200] "GET /allen-decorated-cotton-coin-purse-koala-p-58305.html HTTP/1.0" 200 75705 "-" "Mozilla/5.0 (compatible; Googlebot/2.1; +http://www.google.com/bot.html)"
157.90.177.217 - - [12/Oct/2022:12:02:09 +0200] "GET /rallye-mont-carlo-poster-p-54664.html HTTP/1.0" 200 74943 "-" "Mozilla/5.0 (compatible; BLEXBot/1.0; +http://webmeup-crawler.com/)"
185.191.171.42 - - [12/Oct/2022:12:02:24 +0200] "GET /nici-sheep-plush-flat-pencil-case-p-35208.html HTTP/1.0" 200 74994 "-" "Mozilla/5.0 (compatible; SemrushBot/7~bl; +http://www.semrush.com/bot.html)"
157.90.177.217 - - [12/Oct/2022:12:02:28 +0200] "GET /raphael-aromatika-incense-sticks-p-53446.html HTTP/1.0" 200 75022 "-" "Mozilla/5.0 (compatible; BLEXBot/1.0; +http://webmeup-crawler.com/)"
54.36.149.30 - - [12/Oct/2022:12:02:44 +0200] "GET /stop-books-shape-white-face-p-55540.html HTTP/1.0" 200 75642 "-" "Mozilla/5.0 (compatible; AhrefsBot/7.0; +http://ahrefs.com/robot/)"
157.90.177.217 - - [12/Oct/2022:12:02:44 +0200] "GET /rapunzel-figure-collection-adventurous-artist-p-52401.html HTTP/1.0" 200 76183 "-" "Mozilla/5.0 (compatible; BLEXBot/1.0; +http://webmeup-crawler.com/)"
54.36.148.199 - - [12/Oct/2022:12:02:49 +0200] "GET /images/big_prod_1/3660173238807a.jpg HTTP/1.0" 200 271 "-" "Mozilla/5.0 (compatible; AhrefsBot/7.0; +http://ahrefs.com/robot/)"
157.90.177.217 - - [12/Oct/2022:12:03:03 +0200] "GET /rapunzel-with-lantern-figurine-p-58589.html HTTP/1.0" 200 76138 "-" "Mozilla/5.0 (compatible; BLEXBot/1.0; +http://webmeup-crawler.com/)"
157.90.177.217 - - [12/Oct/2022:12:03:19 +0200] "GET /rasta-duck-frame-canvas-p-31824.html HTTP/1.0" 200 74938 "-" "Mozilla/5.0 (compatible; BLEXBot/1.0; +http://webmeup-crawler.com/)"
185.191.171.44 - - [12/Oct/2022:12:03:21 +0200] "GET /indian-fancy-bracelet-finish-silvered-color-p-43752.html HTTP/1.0" 200 75010 "-" "Mozilla/5.0 (compatible; SemrushBot/7~bl; +http://www.semrush.com/bot.html)"
185.191.171.37 - - [12/Oct/2022:12:03:32 +0200] "GET /little-buddha-collection-keychain-p-53297.html HTTP/1.0" 200 74971 "-" "Mozilla/5.0 (compatible; SemrushBot/7~bl; +http://www.semrush.com/bot.html)"
157.90.177.217 - - [12/Oct/2022:12:03:36 +0200] "GET /rat-mug-p-27593.html HTTP/1.0" 200 74724 "-" "Mozilla/5.0 (compatible; BLEXBot/1.0; +http://webmeup-crawler.com/)"
157.90.177.217 - - [12/Oct/2022:12:03:52 +0200] "GET /rattan-basket-p-49421.html HTTP/1.0" 200 75631 "-" "Mozilla/5.0 (compatible; BLEXBot/1.0; +http://webmeup-crawler.com/)"
47.94.243.250 - - [12/Oct/2022:12:04:00 +0200] "GET /images/mini_prod/3520071393681.jpg HTTP/1.0" 200 269 "-" "Mozilla/5.0 (Macintosh; Intel Mac OS X 10_15_7) AppleWebKit/537.36 (KHTML, like Gecko) Chrome/105.0.0.0 Safari/537.36"
54.36.148.94 - - [12/Oct/2022:12:04:05 +0200] "GET /cacao-large-bowl-p-50613.html HTTP/1.0" 200 74810 "-" "Mozilla/5.0 (compatible; AhrefsBot/7.0; +http://ahrefs.com/robot/)"
157.90.177.217 - - [12/Oct/2022:12:04:09 +0200] "GET /rattan-chandelier-p-58309.html HTTP/1.0" 200 75685 "-" "Mozilla/5.0 (compatible; BLEXBot/1.0; +http://webmeup-crawler.com/)"
157.90.177.217 - - [12/Oct/2022:12:04:24 +0200] "GET /rattan-chandelier-p-58651.html HTTP/1.0" 200 75685 "-" "Mozilla/5.0 (compatible; BLEXBot/1.0; +http://webmeup-crawler.com/)"
157.90.177.217 - - [12/Oct/2022:12:04:40 +0200] "GET /rattan-tealight-p-45379.html HTTP/1.0" 200 74936 "-" "Mozilla/5.0 (compatible; BLEXBot/1.0; +http://webmeup-crawler.com/)"
157.90.177.217 - - [12/Oct/2022:12:04:56 +0200] "GET /raving-rabbids-ballpoint-fitness-p-38030.html HTTP/1.0" 200 74984 "-" "Mozilla/5.0 (compatible; BLEXBot/1.0; +http://webmeup-crawler.com/)"
157.90.177.217 - - [12/Oct/2022:12:05:12 +0200] "GET /raving-rabbids-magnets-p-37620.html HTTP/1.0" 200 76821 "-" "Mozilla/5.0 (compatible; BLEXBot/1.0; +http://webmeup-crawler.com/)"
54.36.148.201 - - [12/Oct/2022:12:05:21 +0200] "GET /vase-dolomite-ocher-brown-finish-p-55114.html HTTP/1.0" 200 75947 "-" "Mozilla/5.0 (compatible; AhrefsBot/7.0; +http://ahrefs.com/robot/)"
54.36.148.60 - - [12/Oct/2022:12:05:24 +0200] "GET /images/big_prod/8422017143204.jpg HTTP/1.0" 200 268 "-" "Mozilla/5.0 (compatible; AhrefsBot/7.0; +http://ahrefs.com/robot/)"
54.36.149.104 - - [12/Oct/2022:12:05:24 +0200] "GET /images/big_prod_2/8422017143204b.jpg HTTP/1.0" 200 271 "-" "Mozilla/5.0 (compatible; AhrefsBot/7.0; +http://ahrefs.com/robot/)"
157.90.177.217 - - [12/Oct/2022:12:05:29 +0200] "GET /raving-rabbids-pencil-case-p-40883.html HTTP/1.0" 200 74941 "-" "Mozilla/5.0 (compatible; BLEXBot/1.0; +http://webmeup-crawler.com/)"
157.90.177.217 - - [12/Oct/2022:12:05:46 +0200] "GET /raving-rabbids-pencil-case-p-40884.html HTTP/1.0" 200 74943 "-" "Mozilla/5.0 (compatible; BLEXBot/1.0; +http://webmeup-crawler.com/)"
157.90.177.217 - - [12/Oct/2022:12:06:02 +0200] "GET /raving-rabbits-green-p-37520.html HTTP/1.0" 200 75134 "-" "Mozilla/5.0 (compatible; BLEXBot/1.0; +http://webmeup-crawler.com/)"
157.90.177.217 - - [12/Oct/2022:12:06:18 +0200] "GET /read-purse-michelle-allen-p-53361.html HTTP/1.0" 200 74995 "-" "Mozilla/5.0 (compatible; BLEXBot/1.0; +http://webmeup-crawler.com/)"
185.191.171.2 - - [12/Oct/2022:12:06:23 +0200] "GET /dishes-c-13_12.html?page=58 HTTP/1.0" 200 93717 "-" "Mozilla/5.0 (compatible; SemrushBot/7~bl; +http://www.semrush.com/bot.html)"
66.249.64.242 - - [12/Oct/2022:12:06:34 +0200] "GET /images/med_prod/3609810014268.jpg HTTP/1.0" 200 268 "-" "Googlebot-Image/1.0"
157.90.177.217 - - [12/Oct/2022:12:06:35 +0200] "GET /real-black-bowl-p-43111.html HTTP/1.0" 200 74513 "-" "Mozilla/5.0 (compatible; BLEXBot/1.0; +http://webmeup-crawler.com/)"
54.36.148.126 - - [12/Oct/2022:12:06:35 +0200] "GET /moonlit-dance-jack-sally-romance-figurine-p-57305.html HTTP/1.0" 200 76693 "-" "Mozilla/5.0 (compatible; AhrefsBot/7.0; +http://ahrefs.com/robot/)"
54.36.148.128 - - [12/Oct/2022:12:06:41 +0200] "GET /images/big_prod/1328399294930.jpg HTTP/1.0" 200 268 "-" "Mozilla/5.0 (compatible; AhrefsBot/7.0; +http://ahrefs.com/robot/)"
157.90.177.217 - - [12/Oct/2022:12:06:50 +0200] "GET /real-madrid-backpack-p-41173.html HTTP/1.0" 200 75166 "-" "Mozilla/5.0 (compatible; BLEXBot/1.0; +http://webmeup-crawler.com/)"
157.90.177.217 - - [12/Oct/2022:12:07:07 +0200] "GET /real-madrid-backpack-p-57442.html HTTP/1.0" 200 75646 "-" "Mozilla/5.0 (compatible; BLEXBot/1.0; +http://webmeup-crawler.com/)"
157.90.177.217 - - [12/Oct/2022:12:07:23 +0200] "GET /real-madrid-fountain-p-36244.html HTTP/1.0" 200 75001 "-" "Mozilla/5.0 (compatible; BLEXBot/1.0; +http://webmeup-crawler.com/)"
157.90.177.217 - - [12/Oct/2022:12:07:40 +0200] "GET /real-madrid-organiser-file-p-52047.html HTTP/1.0" 200 74936 "-" "Mozilla/5.0 (compatible; BLEXBot/1.0; +http://webmeup-crawler.com/)"
54.36.148.9 - - [12/Oct/2022:12:07:52 +0200] "GET /water-lilies-claude-monet-isothermic-stainless-steel-bottle-p-57589.html HTTP/1.0" 200 75898 "-" "Mozilla/5.0 (compatible; AhrefsBot/7.0; +http://ahrefs.com/robot/)"
185.191.171.19 - - [12/Oct/2022:12:07:55 +0200] "GET /corsica-metal-plate-p-52507.html HTTP/1.0" 200 74845 "-" "Mozilla/5.0 (compatible; SemrushBot/7~bl; +http://www.semrush.com/bot.html)"
157.90.177.217 - - [12/Oct/2022:12:07:56 +0200] "GET /real-madrid-phone-cover-iphone-p-13208.html HTTP/1.0" 200 75085 "-" "Mozilla/5.0 (compatible; BLEXBot/1.0; +http://webmeup-crawler.com/)"
185.191.171.36 - - [12/Oct/2022:12:08:00 +0200] "GET /honorine-bedspread-plaid-blue-p-56976.html HTTP/1.0" 200 76131 "-" "Mozilla/5.0 (compatible; SemrushBot/7~bl; +http://www.semrush.com/bot.html)"
157.90.177.217 - - [12/Oct/2022:12:08:13 +0200] "GET /real-madrid-workbook-p-52050.html HTTP/1.0" 200 74896 "-" "Mozilla/5.0 (compatible; BLEXBot/1.0; +http://webmeup-crawler.com/)"
185.191.171.8 - - [12/Oct/2022:12:08:27 +0200] "GET /placemat-kiub-collection-jungle-parrot-p-55916.html HTTP/1.0" 200 74999 "-" "Mozilla/5.0 (compatible; SemrushBot/7~bl; +http://www.semrush.com/bot.html)"
157.90.177.217 - - [12/Oct/2022:12:08:28 +0200] "GET /rebecca-bonbon-coin-purse-p-26002.html HTTP/1.0" 200 74951 "-" "Mozilla/5.0 (compatible; BLEXBot/1.0; +http://webmeup-crawler.com/)"
66.249.64.246 - - [12/Oct/2022:12:08:45 +0200] "GET /household-linen-c-13_11.html?page=28 HTTP/1.0" 200 94733 "-" "Mozilla/5.0 (compatible; Googlebot/2.1; +http://www.google.com/bot.html)"
157.90.177.217 - - [12/Oct/2022:12:08:47 +0200] "GET /rebel-princess-oval-placemat-p-17130.html HTTP/1.0" 200 75117 "-" "Mozilla/5.0 (compatible; BLEXBot/1.0; +http://webmeup-crawler.com/)"
157.90.177.217 - - [12/Oct/2022:12:09:04 +0200] "GET /rebel-small-melamine-tray-p-45172.html HTTP/1.0" 200 74973 "-" "Mozilla/5.0 (compatible; BLEXBot/1.0; +http://webmeup-crawler.com/)"
54.36.149.83 - - [12/Oct/2022:12:09:04 +0200] "GET /bottle-rack-wine-glass-p-50196.html HTTP/1.0" 200 75036 "-" "Mozilla/5.0 (compatible; AhrefsBot/7.0; +http://ahrefs.com/robot/)"
157.90.177.217 - - [12/Oct/2022:12:09:22 +0200] "GET /recette-amiti-adult-apron-p-55856.html HTTP/1.0" 200 75577 "-" "Mozilla/5.0 (compatible; BLEXBot/1.0; +http://webmeup-crawler.com/)"
185.191.171.23 - - [12/Oct/2022:12:09:25 +0200] "GET /verity-rose-gift-card-p-29161.html HTTP/1.0" 200 72344 "-" "Mozilla/5.0 (compatible; SemrushBot/7~bl; +http://www.semrush.com/bot.html)"
163.220.128.41 - - [12/Oct/2022:12:09:32 +0200] "GET /images/mini_prod/1399984239810.jpg HTTP/1.0" 200 269 "-" "Mozilla/5.0 (X11; Ubuntu; Linux x86_64; rv:72.0) Gecko/20100101 Firefox/72.0"
66.249.64.246 - - [12/Oct/2022:12:09:36 +0200] "GET /cats-dubout-figurine-playtime-p-32705.html HTTP/1.0" 200 75368 "-" "Mozilla/5.0 (compatible; Googlebot/2.1; +http://www.google.com/bot.html)"
66.249.64.244 - - [12/Oct/2022:12:09:40 +0200] "GET /table-lamp-openwork-metal-sphere-p-48075.html HTTP/1.0" 200 75082 "-" "Mozilla/5.0 (Linux; Android 6.0.1; Nexus 5X Build/MMB29P) AppleWebKit/537.36 (KHTML, like Gecko) Chrome/106.0.5249.103 Mobile Safari/537.36 (compatible; Googlebot/2.1; +http://www.google.com/bot.html)"
157.90.177.217 - - [12/Oct/2022:12:09:45 +0200] "GET /recette-bonheur-adult-apron-p-55965.html HTTP/1.0" 200 75572 "-" "Mozilla/5.0 (compatible; BLEXBot/1.0; +http://webmeup-crawler.com/)"
66.249.64.242 - - [12/Oct/2022:12:09:55 +0200] "GET /images/1399984264041.jpg HTTP/1.0" 200 259 "-" "Googlebot-Image/1.0"
157.90.177.217 - - [12/Oct/2022:12:10:02 +0200] "GET /recette-bonheur-burlap-placemat-p-53500.html HTTP/1.0" 200 75585 "-" "Mozilla/5.0 (compatible; BLEXBot/1.0; +http://webmeup-crawler.com/)"
157.90.177.217 - - [12/Oct/2022:12:10:20 +0200] "GET /rectangular-burlap-placemat-corsica-p-50939.html HTTP/1.0" 200 75573 "-" "Mozilla/5.0 (compatible; BLEXBot/1.0; +http://webmeup-crawler.com/)"
54.36.148.252 - - [12/Oct/2022:12:10:22 +0200] "GET /resin-statuette-naked-p-50994.html HTTP/1.0" 200 76047 "-" "Mozilla/5.0 (compatible; AhrefsBot/7.0; +http://ahrefs.com/robot/)"
185.191.171.36 - - [12/Oct/2022:12:10:24 +0200] "GET /disney-frozen-lunchbox-p-37036.html HTTP/1.0" 200 72326 "-" "Mozilla/5.0 (compatible; SemrushBot/7~bl; +http://www.semrush.com/bot.html)"
157.55.39.28 - - [12/Oct/2022:12:10:34 +0200] "GET /images/med_prod/4029811349050.jpg HTTP/1.0" 200 268 "-" "Mozilla/5.0 (compatible; bingbot/2.0; +http://www.bing.com/bingbot.htm)"
157.90.177.217 - - [12/Oct/2022:12:10:36 +0200] "GET /rectangular-burlap-placemat-corsica-p-50940.html HTTP/1.0" 200 75573 "-" "Mozilla/5.0 (compatible; BLEXBot/1.0; +http://webmeup-crawler.com/)"
157.90.177.217 - - [12/Oct/2022:12:10:52 +0200] "GET /rectangular-burlap-placemat-corsica-p-50941.html HTTP/1.0" 200 75574 "-" "Mozilla/5.0 (compatible; BLEXBot/1.0; +http://webmeup-crawler.com/)"
157.90.177.217 - - [12/Oct/2022:12:11:08 +0200] "GET /rectangular-burlap-placemat-corsica-p-50942.html HTTP/1.0" 200 75574 "-" "Mozilla/5.0 (compatible; BLEXBot/1.0; +http://webmeup-crawler.com/)"
157.90.177.217 - - [12/Oct/2022:12:11:25 +0200] "GET /rectangular-clock-entre-potes-p-55516.html HTTP/1.0" 200 75693 "-" "Mozilla/5.0 (compatible; BLEXBot/1.0; +http://webmeup-crawler.com/)"
157.90.177.217 - - [12/Oct/2022:12:11:42 +0200] "GET /rectangular-clock-indian-spirit-p-42934.html HTTP/1.0" 200 75021 "-" "Mozilla/5.0 (compatible; BLEXBot/1.0; +http://webmeup-crawler.com/)"
66.249.64.242 - - [12/Oct/2022:12:11:58 +0200] "GET /images/big_prod/79547signes.jpg HTTP/1.0" 200 266 "-" "Googlebot-Image/1.0"
114.119.133.245 - - [12/Oct/2022:12:11:56 +0200] "GET /isothermic-stainless-steel-bottle-sagittarius-by-cbkreation-p-51034.html HTTP/1.0" 301 75312 "http://www.wonder-geek.com/water-bottles-and-sport-bottles-c-12_161.html?page=5" "Mozilla/5.0 (Linux; Android 7.0;) AppleWebKit/537.36 (KHTML, like Gecko) Mobile Safari/537.36 (compatible; PetalBot;+https://webmaster.petalsearch.com/site/petalbot)"
157.90.177.217 - - [12/Oct/2022:12:12:00 +0200] "GET /rectangular-clock-indian-spirit-p-42936.html HTTP/1.0" 200 75021 "-" "Mozilla/5.0 (compatible; BLEXBot/1.0; +http://webmeup-crawler.com/)"
114.119.133.245 - - [12/Oct/2022:12:12:02 +0200] "GET /isothermic-stainless-steel-bottle-sagittarius-cbkreation-p-51034.html HTTP/1.0" 200 75189 "http://www.wonder-geek.com/water-bottles-and-sport-bottles-c-12_161.html?page=5" "Mozilla/5.0 (Linux; Android 7.0;) AppleWebKit/537.36 (KHTML, like Gecko) Mobile Safari/537.36 (compatible; PetalBot;+https://webmaster.petalsearch.com/site/petalbot)"
185.191.171.26 - - [12/Oct/2022:12:12:08 +0200] "GET /rhombuses-teapot-p-56414.html HTTP/1.0" 200 75958 "-" "Mozilla/5.0 (compatible; SemrushBot/7~bl; +http://www.semrush.com/bot.html)"
54.36.148.87 - - [12/Oct/2022:12:12:10 +0200] "GET /wooden-bedhead-wall-sticker-p-49984.html HTTP/1.0" 200 75674 "-" "Mozilla/5.0 (compatible; AhrefsBot/7.0; +http://ahrefs.com/robot/)"
185.191.171.22 - - [12/Oct/2022:12:12:12 +0200] "GET /tree-decorations-hang-p-58765.html HTTP/1.0" 200 75842 "-" "Mozilla/5.0 (compatible; SemrushBot/7~bl; +http://www.semrush.com/bot.html)"
54.36.149.102 - - [12/Oct/2022:12:12:14 +0200] "GET /images/big_prod_1/3609810090804BB.jpg HTTP/1.0" 200 272 "-" "Mozilla/5.0 (compatible; AhrefsBot/7.0; +http://ahrefs.com/robot/)"
54.36.148.136 - - [12/Oct/2022:12:12:15 +0200] "GET /images/big_prod/8422810090804z.jpg HTTP/1.0" 200 269 "-" "Mozilla/5.0 (compatible; AhrefsBot/7.0; +http://ahrefs.com/robot/)"
157.90.177.217 - - [12/Oct/2022:12:12:18 +0200] "GET /rectangular-clock-indian-spirit-p-42947.html HTTP/1.0" 200 75019 "-" "Mozilla/5.0 (compatible; BLEXBot/1.0; +http://webmeup-crawler.com/)"
216.244.66.242 - - [12/Oct/2022:12:12:31 +0200] "GET /robots.txt HTTP/1.0" 200 245 "-" "Mozilla/5.0 (compatible; DotBot/1.2; +https://opensiteexplorer.org/dotbot; help@moz.com)"
157.90.177.217 - - [12/Oct/2022:12:12:34 +0200] "GET /rectangular-clock-indian-spirit-p-42948.html HTTP/1.0" 200 75646 "-" "Mozilla/5.0 (compatible; BLEXBot/1.0; +http://webmeup-crawler.com/)"
157.90.177.217 - - [12/Oct/2022:12:12:51 +0200] "GET /rectangular-clock-indian-spirit-p-42949.html HTTP/1.0" 200 75646 "-" "Mozilla/5.0 (compatible; BLEXBot/1.0; +http://webmeup-crawler.com/)"
157.90.177.217 - - [12/Oct/2022:12:13:08 +0200] "GET /rectangular-clock-place-apro-p-55515.html HTTP/1.0" 200 75690 "-" "Mozilla/5.0 (compatible; BLEXBot/1.0; +http://webmeup-crawler.com/)"
157.90.177.217 - - [12/Oct/2022:12:13:25 +0200] "GET /rectangular-clock-quote-p-42930.html HTTP/1.0" 200 74957 "-" "Mozilla/5.0 (compatible; BLEXBot/1.0; +http://webmeup-crawler.com/)"
49.7.20.113 - - [12/Oct/2022:12:13:33 +0200] "GET / HTTP/1.0" 200 152045 "-" "Sogou web spider/4.0(+http://www.sogou.com/docs/help/webmasters.htm#07)"
157.90.177.217 - - [12/Oct/2022:12:13:40 +0200] "GET /rectangular-clock-quote-p-42933.html HTTP/1.0" 200 75572 "-" "Mozilla/5.0 (compatible; BLEXBot/1.0; +http://webmeup-crawler.com/)"
185.191.171.15 - - [12/Oct/2022:12:13:45 +0200] "GET /little-panda-moneybox-p-48273.html HTTP/1.0" 200 72368 "-" "Mozilla/5.0 (compatible; SemrushBot/7~bl; +http://www.semrush.com/bot.html)"
54.36.148.22 - - [12/Oct/2022:12:13:52 +0200] "GET /small-orange-money-p-54834.html HTTP/1.0" 200 74924 "-" "Mozilla/5.0 (compatible; AhrefsBot/7.0; +http://ahrefs.com/robot/)"
54.36.149.94 - - [12/Oct/2022:12:13:55 +0200] "GET /images/big_prod/8422000173539.jpg HTTP/1.0" 200 268 "-" "Mozilla/5.0 (compatible; AhrefsBot/7.0; +http://ahrefs.com/robot/)"
157.90.177.217 - - [12/Oct/2022:12:13:56 +0200] "GET /rectangular-glass-lamp-with-multicolored-rosettes-p-49591.html HTTP/1.0" 200 75141 "-" "Mozilla/5.0 (compatible; BLEXBot/1.0; +http://webmeup-crawler.com/)"
185.191.171.9 - - [12/Oct/2022:12:13:56 +0200] "GET /decorative-statuette-mother-monkey-baby-p-58668.html HTTP/1.0" 200 75796 "-" "Mozilla/5.0 (compatible; SemrushBot/7~bl; +http://www.semrush.com/bot.html)"
157.90.177.217 - - [12/Oct/2022:12:14:15 +0200] "GET /rectangular-kitchen-linen-cotton-p-37963.html HTTP/1.0" 200 75159 "-" "Mozilla/5.0 (compatible; BLEXBot/1.0; +http://webmeup-crawler.com/)"
157.90.177.217 - - [12/Oct/2022:12:14:31 +0200] "GET /rectangular-signboard-arrow-wood-model-p-45477.html HTTP/1.0" 200 75063 "-" "Mozilla/5.0 (compatible; BLEXBot/1.0; +http://webmeup-crawler.com/)"
66.249.64.242 - - [12/Oct/2022:12:14:32 +0200] "GET /small-buddhist-monk-blue-dress-p-46804.html HTTP/1.0" 200 75685 "-" "Mozilla/5.0 (Linux; Android 6.0.1; Nexus 5X Build/MMB29P) AppleWebKit/537.36 (KHTML, like Gecko) Chrome/106.0.5249.103 Mobile Safari/537.36 (compatible; Googlebot/2.1; +http://www.google.com/bot.html)"
51.68.224.127 - - [12/Oct/2022:12:14:43 +0200] "GET /adminweb/export_orders_xml.php?token=256de2z6edz6ed2z6DFSFsed2zed6zeDSFDSGdzedezfzf&maxorders=10&orderstart=1&status=14&start_date=2018-10-01 HTTP/1.0" 200 285 "-" "GesCom CharlotteBoutik Serveur"
51.68.224.127 - - [12/Oct/2022:12:14:43 +0200] "GET /adminweb/export_orders_xml.php?token=256de2z6edz6ed2z6DFSFsed2zed6zeDSFDSGdzedezfzf&maxorders=10&orderstart=1&status=6&start_date=2018-10-01 HTTP/1.0" 200 33985 "-" "GesCom CharlotteBoutik Serveur"
35.195.171.208 - - [12/Oct/2022:12:14:43 +0200] "GET / HTTP/1.0" 200 152349 "-" "Mozilla/5.0 (Windows NT 10.0; Win64; x64) AppleWebKit/537.36 (KHTML, like Gecko) Chrome/84.0.4147.105 Safari/537.36"
157.90.177.217 - - [12/Oct/2022:12:14:47 +0200] "GET /rectangular-signboard-arrow-wood-model-p-45478.html HTTP/1.0" 200 75065 "-" "Mozilla/5.0 (compatible; BLEXBot/1.0; +http://webmeup-crawler.com/)"
157.90.177.217 - - [12/Oct/2022:12:15:05 +0200] "GET /rectangular-signboard-arrow-wood-model-p-45479.html HTTP/1.0" 200 75065 "-" "Mozilla/5.0 (compatible; BLEXBot/1.0; +http://webmeup-crawler.com/)"
157.90.177.217 - - [12/Oct/2022:12:15:20 +0200] "GET /rectangular-tray-bike-p-54779.html HTTP/1.0" 200 75645 "-" "Mozilla/5.0 (compatible; BLEXBot/1.0; +http://webmeup-crawler.com/)"
185.191.171.43 - - [12/Oct/2022:12:15:24 +0200] "GET /tree-decoration-gingerbread-p-58864.html?action=add_product HTTP/1.0" 302 476 "-" "Mozilla/5.0 (compatible; SemrushBot/7~bl; +http://www.semrush.com/bot.html)"
216.244.66.242 - - [12/Oct/2022:12:15:27 +0200] "GET /cardmaking-c-129_128.html HTTP/1.0" 200 93691 "-" "Mozilla/5.0 (compatible; DotBot/1.2; +https://opensiteexplorer.org/dotbot; help@moz.com)"
54.36.149.94 - - [12/Oct/2022:12:15:29 +0200] "GET /decorative-ball-silver-resin-p-57068.html HTTP/1.0" 200 72368 "-" "Mozilla/5.0 (compatible; AhrefsBot/7.0; +http://ahrefs.com/robot/)"
157.90.177.217 - - [12/Oct/2022:12:15:38 +0200] "GET /rectangular-tray-paris-p-54780.html HTTP/1.0" 200 75655 "-" "Mozilla/5.0 (compatible; BLEXBot/1.0; +http://webmeup-crawler.com/)"
216.244.66.242 - - [12/Oct/2022:12:15:45 +0200] "GET /swimwear-c-2_35.html HTTP/1.0" 200 91874 "-" "Mozilla/5.0 (compatible; DotBot/1.2; +https://opensiteexplorer.org/dotbot; help@moz.com)"
157.90.177.217 - - [12/Oct/2022:12:15:54 +0200] "GET /rectangular-woven-jute-carpet-p-56663.html HTTP/1.0" 200 76430 "-" "Mozilla/5.0 (compatible; BLEXBot/1.0; +http://webmeup-crawler.com/)"
216.244.66.242 - - [12/Oct/2022:12:16:00 +0200] "GET /earrings-c-3_242.html HTTP/1.0" 200 85187 "-" "Mozilla/5.0 (compatible; DotBot/1.2; +https://opensiteexplorer.org/dotbot; help@moz.com)"
157.90.177.217 - - [12/Oct/2022:12:16:10 +0200] "GET /rectangulary-metal-p-45841.html HTTP/1.0" 200 75923 "-" "Mozilla/5.0 (compatible; BLEXBot/1.0; +http://webmeup-crawler.com/)"
216.244.66.242 - - [12/Oct/2022:12:16:13 +0200] "GET /tablecloths-c-11_176.html HTTP/1.0" 200 93099 "-" "Mozilla/5.0 (compatible; DotBot/1.2; +https://opensiteexplorer.org/dotbot; help@moz.com)"
114.119.137.3 - - [12/Oct/2022:12:16:22 +0200] "GET /stone-carnelian-130-140-grams-p-46574.html HTTP/1.0" 301 76480 "http://www.wonder-geek.com/esotericism-lithotherapy-c-174.html?page=3" "Mozilla/5.0 (Linux; Android 7.0;) AppleWebKit/537.36 (KHTML, like Gecko) Mobile Safari/537.36 (compatible; PetalBot;+https://webmaster.petalsearch.com/site/petalbot)"
114.119.137.3 - - [12/Oct/2022:12:16:23 +0200] "GET /stone-carnelian-grams-p-46574.html HTTP/1.0" 200 76392 "http://www.wonder-geek.com/esotericism-lithotherapy-c-174.html?page=3" "Mozilla/5.0 (Linux; Android 7.0;) AppleWebKit/537.36 (KHTML, like Gecko) Mobile Safari/537.36 (compatible; PetalBot;+https://webmaster.petalsearch.com/site/petalbot)"
157.90.177.217 - - [12/Oct/2022:12:16:26 +0200] "GET /recycled-headlight-style-chandelier-golden-bras-cm12-p-50083.html HTTP/1.0" 200 76870 "-" "Mozilla/5.0 (compatible; BLEXBot/1.0; +http://webmeup-crawler.com/)"
157.90.177.217 - - [12/Oct/2022:12:16:41 +0200] "GET /redskins-large-backpack-p-30574.html HTTP/1.0" 200 75316 "-" "Mozilla/5.0 (compatible; BLEXBot/1.0; +http://webmeup-crawler.com/)"
66.249.64.244 - - [12/Oct/2022:12:16:44 +0200] "GET /images/big_prod_1/5051276448763a.jpg HTTP/1.0" 200 271 "-" "Googlebot-Image/1.0"
66.249.64.244 - - [12/Oct/2022:12:16:45 +0200] "GET /dishes-c-12.html?page=8 HTTP/1.0" 200 93384 "-" "Mozilla/5.0 (compatible; Googlebot/2.1; +http://www.google.com/bot.html)"
66.249.64.242 - - [12/Oct/2022:12:16:54 +0200] "GET /percolator-metallic-coffee-p-52617.html HTTP/1.0" 200 75150 "-" "Mozilla/5.0 (Linux; Android 6.0.1; Nexus 5X Build/MMB29P) AppleWebKit/537.36 (KHTML, like Gecko) Chrome/106.0.5249.103 Mobile Safari/537.36 (compatible; Googlebot/2.1; +http://www.google.com/bot.html)"
157.90.177.217 - - [12/Oct/2022:12:16:57 +0200] "GET /relax-mono-wooden-hook-p-37237.html HTTP/1.0" 200 74957 "-" "Mozilla/5.0 (compatible; BLEXBot/1.0; +http://webmeup-crawler.com/)"
54.36.148.150 - - [12/Oct/2022:12:16:57 +0200] "GET /children-coat-hooks-p-52707.html HTTP/1.0" 200 75790 "-" "Mozilla/5.0 (compatible; AhrefsBot/7.0; +http://ahrefs.com/robot/)"
157.90.177.217 - - [12/Oct/2022:12:17:13 +0200] "GET /relief-hanging-plate-alcool-p-57734.html HTTP/1.0" 200 75740 "-" "Mozilla/5.0 (compatible; BLEXBot/1.0; +http://webmeup-crawler.com/)"
157.90.177.217 - - [12/Oct/2022:12:17:28 +0200] "GET /relief-hanging-plate-gras-p-57731.html HTTP/1.0" 200 75775 "-" "Mozilla/5.0 (compatible; BLEXBot/1.0; +http://webmeup-crawler.com/)"
185.191.171.15 - - [12/Oct/2022:12:17:31 +0200] "GET /robots.txt HTTP/1.0" 200 245 "-" "Mozilla/5.0 (compatible; SemrushBot/7~bl; +http://www.semrush.com/bot.html)"
185.191.171.22 - - [12/Oct/2022:12:17:31 +0200] "GET /bamboo-black-tray-p-48014.html HTTP/1.0" 200 72306 "-" "Mozilla/5.0 (compatible; SemrushBot/7~bl; +http://www.semrush.com/bot.html)"
157.90.177.217 - - [12/Oct/2022:12:17:45 +0200] "GET /relief-hanging-plate-pinard-sauciflard-p-57477.html HTTP/1.0" 200 75782 "-" "Mozilla/5.0 (compatible; BLEXBot/1.0; +http://webmeup-crawler.com/)"
157.90.177.217 - - [12/Oct/2022:12:18:01 +0200] "GET /relief-hanging-plate-place-bonheur-p-55674.html HTTP/1.0" 200 75766 "-" "Mozilla/5.0 (compatible; BLEXBot/1.0; +http://webmeup-crawler.com/)"
98.158.95.110 - - [12/Oct/2022:12:18:16 +0200] "GET /images/big_prod_3/diffuseurgalet.jpg HTTP/1.0" 200 271 "-" "Mozilla/5.0 (X11; Ubuntu; Linux x86_64; rv:72.0) Gecko/20100101 Firefox/72.0"
185.191.171.39 - - [12/Oct/2022:12:18:17 +0200] "GET /little-yellow-moustache-ring-p-18699.html HTTP/1.0" 200 72350 "-" "Mozilla/5.0 (compatible; SemrushBot/7~bl; +http://www.semrush.com/bot.html)"
54.36.148.137 - - [12/Oct/2022:12:18:19 +0200] "GET /joyeux-anniversaire-amuse-bien-card-p-20041.html HTTP/1.0" 200 75072 "-" "Mozilla/5.0 (compatible; AhrefsBot/7.0; +http://ahrefs.com/robot/)"
157.90.177.217 - - [12/Oct/2022:12:18:20 +0200] "GET /relief-hanging-plate-rgles-cuisine-p-55675.html HTTP/1.0" 200 75797 "-" "Mozilla/5.0 (compatible; BLEXBot/1.0; +http://webmeup-crawler.com/)"
54.36.149.36 - - [12/Oct/2022:12:18:22 +0200] "GET /images/7316191399940.jpg HTTP/1.0" 200 259 "-" "Mozilla/5.0 (compatible; AhrefsBot/7.0; +http://ahrefs.com/robot/)"
157.90.177.217 - - [12/Oct/2022:12:18:37 +0200] "GET /relief-hanging-plate-rgles-maison-p-55676.html HTTP/1.0" 200 75788 "-" "Mozilla/5.0 (compatible; BLEXBot/1.0; +http://webmeup-crawler.com/)"
220.230.168.12 - - [12/Oct/2022:12:18:40 +0200] "GET /images/big_prod_1/3359103027467a.jpg HTTP/1.0" 200 271 "-" "Mozilla/5.0 (X11; Ubuntu; Linux x86_64; rv:80.0) Gecko/20100101 Firefox/80.0"
66.249.64.242 - - [12/Oct/2022:12:18:48 +0200] "GET /images/big_prod_1/3700572730790B.jpg HTTP/1.0" 200 271 "-" "Googlebot-Image/1.0"
157.90.177.217 - - [12/Oct/2022:12:18:53 +0200] "GET /relief-hanging-plate-welcome-p-55671.html HTTP/1.0" 200 75680 "-" "Mozilla/5.0 (compatible; BLEXBot/1.0; +http://webmeup-crawler.com/)"
185.191.171.23 - - [12/Oct/2022:12:19:00 +0200] "GET /bamboo-fiber-plant-cover-petit-coin-paradis-p-57725.html HTTP/1.0" 200 75679 "-" "Mozilla/5.0 (compatible; SemrushBot/7~bl; +http://www.semrush.com/bot.html)"
185.191.171.34 - - [12/Oct/2022:12:19:04 +0200] "GET /earth-globe-decoration-p-50902.html HTTP/1.0" 200 74941 "-" "Mozilla/5.0 (compatible; SemrushBot/7~bl; +http://www.semrush.com/bot.html)"
157.90.177.217 - - [12/Oct/2022:12:19:08 +0200] "GET /removable-cushion-polar-fleece-anthracite-p-38891.html HTTP/1.0" 200 75864 "-" "Mozilla/5.0 (compatible; BLEXBot/1.0; +http://webmeup-crawler.com/)"
157.90.177.217 - - [12/Oct/2022:12:19:24 +0200] "GET /removable-cushion-polar-fleece-p-38892.html HTTP/1.0" 200 75809 "-" "Mozilla/5.0 (compatible; BLEXBot/1.0; +http://webmeup-crawler.com/)"
54.36.148.198 - - [12/Oct/2022:12:19:33 +0200] "GET /mini-rectangular-tray-facing-p-57254.html HTTP/1.0" 200 75677 "-" "Mozilla/5.0 (compatible; AhrefsBot/7.0; +http://ahrefs.com/robot/)"
54.36.148.217 - - [12/Oct/2022:12:19:36 +0200] "GET /images/big_prod/8712159176834.jpg HTTP/1.0" 200 268 "-" "Mozilla/5.0 (compatible; AhrefsBot/7.0; +http://ahrefs.com/robot/)"
157.90.177.217 - - [12/Oct/2022:12:19:39 +0200] "GET /removable-cushion-polar-fleece-p-57913.html HTTP/1.0" 200 75806 "-" "Mozilla/5.0 (compatible; BLEXBot/1.0; +http://webmeup-crawler.com/)"
66.249.93.251 - - [12/Oct/2022:12:19:43 +0200] "GET /images/big_prod_2/5404006044696b.jpg HTTP/1.0" 200 271 "-" "Mozilla/5.0 (Windows NT 5.1; rv:11.0) Gecko Firefox/11.0 (via ggpht.com GoogleImageProxy)"
213.205.197.75 - - [12/Oct/2022:12:19:44 +0200] "GET /cotton-rabbit-night-light-p-55384.html HTTP/1.0" 200 72354 "https://www.google.com/" "Mozilla/5.0 (iPhone; CPU iPhone OS 15_6 like Mac OS X) AppleWebKit/605.1.15 (KHTML, like Gecko) GSA/233.0.478398274 Mobile/15E148 Safari/604.1"
213.205.197.75 - - [12/Oct/2022:12:19:46 +0200] "GET /templates/Pixame_v1/stylesheet.css HTTP/1.0" 200 267 "http://www.wonder-geek.com/cotton-rabbit-night-light-p-55384.html" "Mozilla/5.0 (iPhone; CPU iPhone OS 15_6 like Mac OS X) AppleWebKit/605.1.15 (KHTML, like Gecko) GSA/233.0.478398274 Mobile/15E148 Safari/604.1"
213.205.197.75 - - [12/Oct/2022:12:19:46 +0200] "GET /js/jquery.js HTTP/1.0" 200 252 "http://www.wonder-geek.com/cotton-rabbit-night-light-p-55384.html" "Mozilla/5.0 (iPhone; CPU iPhone OS 15_6 like Mac OS X) AppleWebKit/605.1.15 (KHTML, like Gecko) GSA/233.0.478398274 Mobile/15E148 Safari/604.1"
213.205.197.75 - - [12/Oct/2022:12:19:46 +0200] "GET /js/jquery.jqzoom.js HTTP/1.0" 200 259 "http://www.wonder-geek.com/cotton-rabbit-night-light-p-55384.html" "Mozilla/5.0 (iPhone; CPU iPhone OS 15_6 like Mac OS X) AppleWebKit/605.1.15 (KHTML, like Gecko) GSA/233.0.478398274 Mobile/15E148 Safari/604.1"
213.205.197.75 - - [12/Oct/2022:12:19:46 +0200] "GET /swfobject.js HTTP/1.0" 404 1308 "http://www.wonder-geek.com/cotton-rabbit-night-light-p-55384.html" "Mozilla/5.0 (iPhone; CPU iPhone OS 15_6 like Mac OS X) AppleWebKit/605.1.15 (KHTML, like Gecko) GSA/233.0.478398274 Mobile/15E148 Safari/604.1"
213.205.197.75 - - [12/Oct/2022:12:19:46 +0200] "GET /mondial_relay/js/jquery-1.3.2.min.js HTTP/1.0" 200 276 "http://www.wonder-geek.com/cotton-rabbit-night-light-p-55384.html" "Mozilla/5.0 (iPhone; CPU iPhone OS 15_6 like Mac OS X) AppleWebKit/605.1.15 (KHTML, like Gecko) GSA/233.0.478398274 Mobile/15E148 Safari/604.1"
213.205.197.75 - - [12/Oct/2022:12:19:46 +0200] "GET /highslide/highslide.js HTTP/1.0" 200 262 "http://www.wonder-geek.com/cotton-rabbit-night-light-p-55384.html" "Mozilla/5.0 (iPhone; CPU iPhone OS 15_6 like Mac OS X) AppleWebKit/605.1.15 (KHTML, like Gecko) GSA/233.0.478398274 Mobile/15E148 Safari/604.1"
213.205.197.75 - - [12/Oct/2022:12:19:46 +0200] "GET /templates/Pixame_v1/images/icon_accueil2.png HTTP/1.0" 200 278 "http://www.wonder-geek.com/cotton-rabbit-night-light-p-55384.html" "Mozilla/5.0 (iPhone; CPU iPhone OS 15_6 like Mac OS X) AppleWebKit/605.1.15 (KHTML, like Gecko) GSA/233.0.478398274 Mobile/15E148 Safari/604.1"
213.205.197.75 - - [12/Oct/2022:12:19:46 +0200] "GET /templates/Pixame_v1/images/infobox/pixel_trans.gif HTTP/1.0" 200 328 "http://www.wonder-geek.com/cotton-rabbit-night-light-p-55384.html" "Mozilla/5.0 (iPhone; CPU iPhone OS 15_6 like Mac OS X) AppleWebKit/605.1.15 (KHTML, like Gecko) GSA/233.0.478398274 Mobile/15E148 Safari/604.1"
213.205.197.75 - - [12/Oct/2022:12:19:46 +0200] "GET /images/pixel_trans.gif HTTP/1.0" 200 328 "http://www.wonder-geek.com/cotton-rabbit-night-light-p-55384.html" "Mozilla/5.0 (iPhone; CPU iPhone OS 15_6 like Mac OS X) AppleWebKit/605.1.15 (KHTML, like Gecko) GSA/233.0.478398274 Mobile/15E148 Safari/604.1"
213.205.197.75 - - [12/Oct/2022:12:19:46 +0200] "GET /templates/Pixame_v1/images/Bottom_texture.jpg HTTP/1.0" 200 280 "http://www.wonder-geek.com/cotton-rabbit-night-light-p-55384.html" "Mozilla/5.0 (iPhone; CPU iPhone OS 15_6 like Mac OS X) AppleWebKit/605.1.15 (KHTML, like Gecko) GSA/233.0.478398274 Mobile/15E148 Safari/604.1"
213.205.197.75 - - [12/Oct/2022:12:19:46 +0200] "GET /templates/Pixame_v1/images/Middle_texture.jpg HTTP/1.0" 200 280 "http://www.wonder-geek.com/cotton-rabbit-night-light-p-55384.html" "Mozilla/5.0 (iPhone; CPU iPhone OS 15_6 like Mac OS X) AppleWebKit/605.1.15 (KHTML, like Gecko) GSA/233.0.478398274 Mobile/15E148 Safari/604.1"
213.205.197.75 - - [12/Oct/2022:12:19:46 +0200] "GET /templates/Pixame_v1/images/header-object.png HTTP/1.0" 200 278 "http://www.wonder-geek.com/cotton-rabbit-night-light-p-55384.html" "Mozilla/5.0 (iPhone; CPU iPhone OS 15_6 like Mac OS X) AppleWebKit/605.1.15 (KHTML, like Gecko) GSA/233.0.478398274 Mobile/15E148 Safari/604.1"
213.205.197.75 - - [12/Oct/2022:12:19:46 +0200] "GET /templates/Pixame_v1/images/header.png HTTP/1.0" 200 271 "http://www.wonder-geek.com/cotton-rabbit-night-light-p-55384.html" "Mozilla/5.0 (iPhone; CPU iPhone OS 15_6 like Mac OS X) AppleWebKit/605.1.15 (KHTML, like Gecko) GSA/233.0.478398274 Mobile/15E148 Safari/604.1"
213.205.197.75 - - [12/Oct/2022:12:19:46 +0200] "GET /templates/Pixame_v1/images/nav.png HTTP/1.0" 200 268 "http://www.wonder-geek.com/cotton-rabbit-night-light-p-55384.html" "Mozilla/5.0 (iPhone; CPU iPhone OS 15_6 like Mac OS X) AppleWebKit/605.1.15 (KHTML, like Gecko) GSA/233.0.478398274 Mobile/15E148 Safari/604.1"
213.205.197.75 - - [12/Oct/2022:12:19:46 +0200] "GET /templates/Pixame_v1/images/infobox/infobox_footer_middle.gif HTTP/1.0" 200 357 "http://www.wonder-geek.com/cotton-rabbit-night-light-p-55384.html" "Mozilla/5.0 (iPhone; CPU iPhone OS 15_6 like Mac OS X) AppleWebKit/605.1.15 (KHTML, like Gecko) GSA/233.0.478398274 Mobile/15E148 Safari/604.1"
213.205.197.75 - - [12/Oct/2022:12:19:46 +0200] "GET /templates/Pixame_v1/images/pixel_trans.gif HTTP/1.0" 200 328 "http://www.wonder-geek.com/cotton-rabbit-night-light-p-55384.html" "Mozilla/5.0 (iPhone; CPU iPhone OS 15_6 like Mac OS X) AppleWebKit/605.1.15 (KHTML, like Gecko) GSA/233.0.478398274 Mobile/15E148 Safari/604.1"
213.205.197.75 - - [12/Oct/2022:12:19:46 +0200] "GET /design/productsenstock.png HTTP/1.0" 200 260 "http://www.wonder-geek.com/cotton-rabbit-night-light-p-55384.html" "Mozilla/5.0 (iPhone; CPU iPhone OS 15_6 like Mac OS X) AppleWebKit/605.1.15 (KHTML, like Gecko) GSA/233.0.478398274 Mobile/15E148 Safari/604.1"
213.205.197.75 - - [12/Oct/2022:12:19:47 +0200] "GET /templates/Pixame_v1/images/buttons/english/button_continue.gif HTTP/1.0" 200 1264 "http://www.wonder-geek.com/cotton-rabbit-night-light-p-55384.html" "Mozilla/5.0 (iPhone; CPU iPhone OS 15_6 like Mac OS X) AppleWebKit/605.1.15 (KHTML, like Gecko) GSA/233.0.478398274 Mobile/15E148 Safari/604.1"
66.249.93.251 - - [12/Oct/2022:12:19:46 +0200] "GET /cotton-rabbit-night-light-p-55384.html HTTP/1.0" 200 72354 "-" "Mozilla/5.0 (Linux; Android 7.0; SM-G930V Build/NRD90M) AppleWebKit/537.36 (KHTML, like Gecko) Chrome/59.0.3071.125 Mobile Safari/537.36 (compatible; Google-Read-Aloud; +https://support.google.com/webmasters/answer/1061943)"
213.205.197.75 - - [12/Oct/2022:12:19:47 +0200] "GET /highslide/graphics/outlines/drop-shadow.png HTTP/1.0" 200 277 "http://www.wonder-geek.com/cotton-rabbit-night-light-p-55384.html" "Mozilla/5.0 (iPhone; CPU iPhone OS 15_6 like Mac OS X) AppleWebKit/605.1.15 (KHTML, like Gecko) GSA/233.0.478398274 Mobile/15E148 Safari/604.1"
213.205.197.75 - - [12/Oct/2022:12:19:47 +0200] "GET /highslide/graphics/zoomout.cur HTTP/1.0" 200 614 "http://www.wonder-geek.com/cotton-rabbit-night-light-p-55384.html" "Mozilla/5.0 (iPhone; CPU iPhone OS 15_6 like Mac OS X) AppleWebKit/605.1.15 (KHTML, like Gecko) GSA/233.0.478398274 Mobile/15E148 Safari/604.1"
213.205.197.75 - - [12/Oct/2022:12:19:47 +0200] "GET /highslide/graphics/loader.white.gif HTTP/1.0" 200 960 "http://www.wonder-geek.com/cotton-rabbit-night-light-p-55384.html" "Mozilla/5.0 (iPhone; CPU iPhone OS 15_6 like Mac OS X) AppleWebKit/605.1.15 (KHTML, like Gecko) GSA/233.0.478398274 Mobile/15E148 Safari/604.1"
66.249.93.251 - - [12/Oct/2022:12:19:47 +0200] "GET /templates/Pixame_v1/stylesheet.css HTTP/1.0" 200 267 "http://www.wonder-geek.com/cotton-rabbit-night-light-p-55384.html" "Mozilla/5.0 (Linux; Android 7.0; SM-G930V Build/NRD90M) AppleWebKit/537.36 (KHTML, like Gecko) Chrome/59.0.3071.125 Mobile Safari/537.36 (compatible; Google-Read-Aloud; +https://support.google.com/webmasters/answer/1061943)"
66.249.93.248 - - [12/Oct/2022:12:19:47 +0200] "GET /js/jquery.jqzoom.js HTTP/1.0" 200 259 "http://www.wonder-geek.com/cotton-rabbit-night-light-p-55384.html" "Mozilla/5.0 (Linux; Android 7.0; SM-G930V Build/NRD90M) AppleWebKit/537.36 (KHTML, like Gecko) Chrome/59.0.3071.125 Mobile Safari/537.36 (compatible; Google-Read-Aloud; +https://support.google.com/webmasters/answer/1061943)"
66.249.93.248 - - [12/Oct/2022:12:19:47 +0200] "GET /mondial_relay/js/jquery-1.3.2.min.js HTTP/1.0" 200 276 "http://www.wonder-geek.com/cotton-rabbit-night-light-p-55384.html" "Mozilla/5.0 (Linux; Android 7.0; SM-G930V Build/NRD90M) AppleWebKit/537.36 (KHTML, like Gecko) Chrome/59.0.3071.125 Mobile Safari/537.36 (compatible; Google-Read-Aloud; +https://support.google.com/webmasters/answer/1061943)"
66.249.93.245 - - [12/Oct/2022:12:19:47 +0200] "GET /js/jquery.js HTTP/1.0" 200 252 "http://www.wonder-geek.com/cotton-rabbit-night-light-p-55384.html" "Mozilla/5.0 (Linux; Android 7.0; SM-G930V Build/NRD90M) AppleWebKit/537.36 (KHTML, like Gecko) Chrome/59.0.3071.125 Mobile Safari/537.36 (compatible; Google-Read-Aloud; +https://support.google.com/webmasters/answer/1061943)"
66.249.93.251 - - [12/Oct/2022:12:19:47 +0200] "GET /highslide/highslide.js HTTP/1.0" 200 262 "http://www.wonder-geek.com/cotton-rabbit-night-light-p-55384.html" "Mozilla/5.0 (Linux; Android 7.0; SM-G930V Build/NRD90M) AppleWebKit/537.36 (KHTML, like Gecko) Chrome/59.0.3071.125 Mobile Safari/537.36 (compatible; Google-Read-Aloud; +https://support.google.com/webmasters/answer/1061943)"
66.249.93.248 - - [12/Oct/2022:12:19:47 +0200] "GET /swfobject.js HTTP/1.0" 404 1308 "http://www.wonder-geek.com/cotton-rabbit-night-light-p-55384.html" "Mozilla/5.0 (Linux; Android 7.0; SM-G930V Build/NRD90M) AppleWebKit/537.36 (KHTML, like Gecko) Chrome/59.0.3071.125 Mobile Safari/537.36 (compatible; Google-Read-Aloud; +https://support.google.com/webmasters/answer/1061943)"
66.102.9.229 - - [12/Oct/2022:12:19:46 +0200] "GET /cotton-rabbit-night-light-p-55384.html HTTP/1.0" 200 72354 "-" "Mozilla/5.0 (Linux; Android 7.0; SM-G930V Build/NRD90M) AppleWebKit/537.36 (KHTML, like Gecko) Chrome/59.0.3071.125 Mobile Safari/537.36 (compatible; Google-Read-Aloud; +https://support.google.com/webmasters/answer/1061943)"
66.102.9.233 - - [12/Oct/2022:12:19:48 +0200] "GET /templates/Pixame_v1/stylesheet.css HTTP/1.0" 200 267 "http://www.wonder-geek.com/cotton-rabbit-night-light-p-55384.html" "Mozilla/5.0 (Linux; Android 7.0; SM-G930V Build/NRD90M) AppleWebKit/537.36 (KHTML, like Gecko) Chrome/59.0.3071.125 Mobile Safari/537.36 (compatible; Google-Read-Aloud; +https://support.google.com/webmasters/answer/1061943)"
157.90.177.217 - - [12/Oct/2022:12:19:55 +0200] "GET /renault-magnets-p-40278.html HTTP/1.0" 200 74923 "-" "Mozilla/5.0 (compatible; BLEXBot/1.0; +http://webmeup-crawler.com/)"
213.205.197.75 - - [12/Oct/2022:12:20:01 +0200] "GET /cotton-rabbit-night-light-p-55384.html HTTP/1.0" 200 72354 "https://www.google.com/" "Mozilla/5.0 (iPhone; CPU iPhone OS 15_6 like Mac OS X) AppleWebKit/605.1.15 (KHTML, like Gecko) GSA/233.0.478398274 Mobile/15E148 Safari/604.1"
157.90.177.217 - - [12/Oct/2022:12:20:12 +0200] "GET /renault-magnets-p-40279.html HTTP/1.0" 200 74923 "-" "Mozilla/5.0 (compatible; BLEXBot/1.0; +http://webmeup-crawler.com/)"
185.191.171.7 - - [12/Oct/2022:12:20:25 +0200] "GET /difference-accessoriess-c-12_59.html HTTP/1.0" 200 91038 "-" "Mozilla/5.0 (compatible; SemrushBot/7~bl; +http://www.semrush.com/bot.html)"
157.90.177.217 - - [12/Oct/2022:12:20:28 +0200] "GET /renault-magnets-p-40280.html HTTP/1.0" 200 74903 "-" "Mozilla/5.0 (compatible; BLEXBot/1.0; +http://webmeup-crawler.com/)"
157.90.177.217 - - [12/Oct/2022:12:20:43 +0200] "GET /renault-metal-money-p-52949.html HTTP/1.0" 200 74931 "-" "Mozilla/5.0 (compatible; BLEXBot/1.0; +http://webmeup-crawler.com/)"
185.191.171.39 - - [12/Oct/2022:12:20:46 +0200] "GET /african-figurine-candle-holders-p-58080.html HTTP/1.0" 200 75795 "-" "Mozilla/5.0 (compatible; SemrushBot/7~bl; +http://www.semrush.com/bot.html)"
54.36.148.63 - - [12/Oct/2022:12:20:49 +0200] "GET /moon-lamp-p-50114.html HTTP/1.0" 200 72286 "-" "Mozilla/5.0 (compatible; AhrefsBot/7.0; +http://ahrefs.com/robot/)"
157.90.177.217 - - [12/Oct/2022:12:21:05 +0200] "GET /resin-animals-savannah-statue-p-53677.html HTTP/1.0" 200 75130 "-" "Mozilla/5.0 (compatible; BLEXBot/1.0; +http://webmeup-crawler.com/)"
66.249.64.242 - - [12/Oct/2022:12:21:15 +0200] "GET /images/big_prod_1/8422018988415B.jpg HTTP/1.0" 200 271 "-" "Googlebot-Image/1.0"
157.90.177.217 - - [12/Oct/2022:12:21:23 +0200] "GET /resin-decoration-bird-p-56202.html HTTP/1.0" 200 75644 "-" "Mozilla/5.0 (compatible; BLEXBot/1.0; +http://webmeup-crawler.com/)"
157.90.177.217 - - [12/Oct/2022:12:21:39 +0200] "GET /resin-decoration-heart-kitten-p-58658.html HTTP/1.0" 200 75715 "-" "Mozilla/5.0 (compatible; BLEXBot/1.0; +http://webmeup-crawler.com/)"
185.191.171.3 - - [12/Oct/2022:12:21:46 +0200] "GET /golden-lucky-maneki-neko-p-58413.html HTTP/1.0" 200 75970 "-" "Mozilla/5.0 (compatible; SemrushBot/7~bl; +http://www.semrush.com/bot.html)"
157.90.177.217 - - [12/Oct/2022:12:21:55 +0200] "GET /resin-decoration-heart-p-58656.html HTTP/1.0" 200 75615 "-" "Mozilla/5.0 (compatible; BLEXBot/1.0; +http://webmeup-crawler.com/)"
54.36.148.252 - - [12/Oct/2022:12:22:06 +0200] "GET /nightlight-shaped-multicolor-p-35349.html HTTP/1.0" 200 72370 "-" "Mozilla/5.0 (compatible; AhrefsBot/7.0; +http://ahrefs.com/robot/)"
157.90.177.217 - - [12/Oct/2022:12:22:10 +0200] "GET /resin-decoration-heart-p-58657.html HTTP/1.0" 200 75815 "-" "Mozilla/5.0 (compatible; BLEXBot/1.0; +http://webmeup-crawler.com/)"
185.191.171.8 - - [12/Oct/2022:12:22:23 +0200] "GET /children-coat-hooks-p-52707.html HTTP/1.0" 200 75790 "-" "Mozilla/5.0 (compatible; SemrushBot/7~bl; +http://www.semrush.com/bot.html)"
157.90.177.217 - - [12/Oct/2022:12:22:26 +0200] "GET /resin-decoration-p-58654.html HTTP/1.0" 200 75613 "-" "Mozilla/5.0 (compatible; BLEXBot/1.0; +http://webmeup-crawler.com/)"
159.138.137.41 - - [12/Oct/2022:12:22:35 +0200] "GET /images/mini_prod/1300000030021.jpg HTTP/1.0" 200 269 "-" "Mozilla/5.0 (X11; Ubuntu; Linux x86_64; rv:72.0) Gecko/20100101 Firefox/72.0"
185.191.171.34 - - [12/Oct/2022:12:22:36 +0200] "GET /small-japanese-petrol-blue-enameled-cast-iron-teapot-liter-p-57694.html HTTP/1.0" 200 76046 "-" "Mozilla/5.0 (compatible; SemrushBot/7~bl; +http://www.semrush.com/bot.html)"
157.90.177.217 - - [12/Oct/2022:12:22:43 +0200] "GET /resin-decorative-bird-figurine-p-56367.html HTTP/1.0" 200 75731 "-" "Mozilla/5.0 (compatible; BLEXBot/1.0; +http://webmeup-crawler.com/)"
157.90.177.217 - - [12/Oct/2022:12:22:59 +0200] "GET /resin-decorative-tassel-p-56416.html HTTP/1.0" 200 75662 "-" "Mozilla/5.0 (compatible; BLEXBot/1.0; +http://webmeup-crawler.com/)"
185.191.171.39 - - [12/Oct/2022:12:23:12 +0200] "GET /gameboy-coasters-p-55995.html HTTP/1.0" 200 74843 "-" "Mozilla/5.0 (compatible; SemrushBot/7~bl; +http://www.semrush.com/bot.html)"
157.90.177.217 - - [12/Oct/2022:12:23:16 +0200] "GET /resin-deer-bookend-p-56179.html HTTP/1.0" 200 75489 "-" "Mozilla/5.0 (compatible; BLEXBot/1.0; +http://webmeup-crawler.com/)"
54.36.149.105 - - [12/Oct/2022:12:23:20 +0200] "GET /insulated-bottle-vilains-garons-p-57609.html HTTP/1.0" 200 76196 "-" "Mozilla/5.0 (compatible; AhrefsBot/7.0; +http://ahrefs.com/robot/)"
185.191.171.39 - - [12/Oct/2022:12:23:23 +0200] "GET /maori-jute-cotton-basket-p-57619.html HTTP/1.0" 200 75748 "-" "Mozilla/5.0 (compatible; SemrushBot/7~bl; +http://www.semrush.com/bot.html)"
47.94.243.250 - - [12/Oct/2022:12:23:31 +0200] "GET /images/mini_prod/3453131146043.jpg HTTP/1.0" 200 269 "-" "Mozilla/5.0 (Macintosh; Intel Mac OS X 10_15_7) AppleWebKit/537.36 (KHTML, like Gecko) Chrome/105.0.0.0 Safari/537.36"
157.90.177.217 - - [12/Oct/2022:12:23:32 +0200] "GET /resin-deer-bookend-p-56183.html HTTP/1.0" 200 75564 "-" "Mozilla/5.0 (compatible; BLEXBot/1.0; +http://webmeup-crawler.com/)"
157.90.177.217 - - [12/Oct/2022:12:23:47 +0200] "GET /resin-dragon-statuette-p-52912.html HTTP/1.0" 200 74922 "-" "Mozilla/5.0 (compatible; BLEXBot/1.0; +http://webmeup-crawler.com/)"
157.90.177.217 - - [12/Oct/2022:12:24:03 +0200] "GET /resin-figurines-rabbits-hear-nothing-p-53670.html HTTP/1.0" 200 75249 "-" "Mozilla/5.0 (compatible; BLEXBot/1.0; +http://webmeup-crawler.com/)"
157.90.177.217 - - [12/Oct/2022:12:24:19 +0200] "GET /resin-giraffe-bookend-gold-p-58632.html HTTP/1.0" 200 75862 "-" "Mozilla/5.0 (compatible; BLEXBot/1.0; +http://webmeup-crawler.com/)"
54.36.149.72 - - [12/Oct/2022:12:24:33 +0200] "GET /decoration-ethnic-mask-wood-look-p-53686.html HTTP/1.0" 200 75044 "-" "Mozilla/5.0 (compatible; AhrefsBot/7.0; +http://ahrefs.com/robot/)"
157.90.177.217 - - [12/Oct/2022:12:24:35 +0200] "GET /resin-magnet-tour-france-blanc-p-55498.html HTTP/1.0" 200 75035 "-" "Mozilla/5.0 (compatible; BLEXBot/1.0; +http://webmeup-crawler.com/)"
66.249.64.242 - - [12/Oct/2022:12:24:46 +0200] "GET /smiski-figure-series-note-there-is-single-figure-p-48332.html HTTP/1.0" 301 76203 "-" "Mozilla/5.0 (Linux; Android 6.0.1; Nexus 5X Build/MMB29P) AppleWebKit/537.36 (KHTML, like Gecko) Chrome/106.0.5249.103 Mobile Safari/537.36 (compatible; Googlebot/2.1; +http://www.google.com/bot.html)"
66.249.64.242 - - [12/Oct/2022:12:24:48 +0200] "GET /smiski-figure-series-note-there-single-figure-p-48332.html HTTP/1.0" 200 76091 "-" "Mozilla/5.0 (Linux; Android 6.0.1; Nexus 5X Build/MMB29P) AppleWebKit/537.36 (KHTML, like Gecko) Chrome/106.0.5249.103 Mobile Safari/537.36 (compatible; Googlebot/2.1; +http://www.google.com/bot.html)"
185.191.171.24 - - [12/Oct/2022:12:24:49 +0200] "GET /rabbit-mini-p-28260.html HTTP/1.0" 200 75729 "-" "Mozilla/5.0 (compatible; SemrushBot/7~bl; +http://www.semrush.com/bot.html)"
157.90.177.217 - - [12/Oct/2022:12:24:51 +0200] "GET /resin-magnet-tour-france-yellow-p-55497.html HTTP/1.0" 200 75044 "-" "Mozilla/5.0 (compatible; BLEXBot/1.0; +http://webmeup-crawler.com/)"
66.249.64.242 - - [12/Oct/2022:12:24:59 +0200] "GET /hello-kitty-tiara-p-13512.html HTTP/1.0" 200 74840 "-" "Mozilla/5.0 (compatible; Googlebot/2.1; +http://www.google.com/bot.html)"
66.249.64.242 - - [12/Oct/2022:12:25:04 +0200] "GET /images/big_prod/1384010200124.jpg HTTP/1.0" 200 268 "-" "Googlebot-Image/1.0"
66.249.64.242 - - [12/Oct/2022:12:25:04 +0200] "GET /votive-candle-hours-freesia-white-jasmine-p-55374.html HTTP/1.0" 200 76103 "-" "Mozilla/5.0 (Linux; Android 6.0.1; Nexus 5X Build/MMB29P) AppleWebKit/537.36 (KHTML, like Gecko) Chrome/106.0.5249.103 Mobile Safari/537.36 (compatible; Googlebot/2.1; +http://www.google.com/bot.html)"
157.90.177.217 - - [12/Oct/2022:12:25:09 +0200] "GET /resin-monkeys-nothing-said-nothing-seen-nothing-heard-p-57821.html HTTP/1.0" 200 76433 "-" "Mozilla/5.0 (compatible; BLEXBot/1.0; +http://webmeup-crawler.com/)"
157.90.177.217 - - [12/Oct/2022:12:25:25 +0200] "GET /resin-ninja-skull-statuette-p-48767.html HTTP/1.0" 200 75586 "-" "Mozilla/5.0 (compatible; BLEXBot/1.0; +http://webmeup-crawler.com/)"
157.90.177.217 - - [12/Oct/2022:12:25:41 +0200] "GET /resin-pendulum-allen-p-44572.html HTTP/1.0" 200 74973 "-" "Mozilla/5.0 (compatible; BLEXBot/1.0; +http://webmeup-crawler.com/)"
66.249.64.242 - - [12/Oct/2022:12:25:52 +0200] "GET /ceramic-incense-burner-p-58422.html HTTP/1.0" 200 75644 "-" "Mozilla/5.0 (compatible; Googlebot/2.1; +http://www.google.com/bot.html)"
54.36.148.248 - - [12/Oct/2022:12:25:54 +0200] "GET /aujourd-jour-card-p-20049.html HTTP/1.0" 200 75014 "-" "Mozilla/5.0 (compatible; AhrefsBot/7.0; +http://ahrefs.com/robot/)"
157.90.177.217 - - [12/Oct/2022:12:25:59 +0200] "GET /resin-photo-frame-little-prince-p-47068.html HTTP/1.0" 200 75040 "-" "Mozilla/5.0 (compatible; BLEXBot/1.0; +http://webmeup-crawler.com/)"
207.46.13.138 - - [12/Oct/2022:12:26:04 +0200] "GET /images/5010065083448.jpg HTTP/1.0" 200 259 "-" "Mozilla/5.0 (compatible; bingbot/2.0; +http://www.bing.com/bingbot.htm)"
185.191.171.44 - - [12/Oct/2022:12:26:09 +0200] "GET /playboy-vintage-alarm-clock-p-13755.html HTTP/1.0" 200 75356 "-" "Mozilla/5.0 (compatible; SemrushBot/7~bl; +http://www.semrush.com/bot.html)"
