51.68.224.127 - - [12/Oct/2022:10:05:57 +0200] "GET /adminweb/export_orders_xml.php?token=256de2z6edz6ed2z6DFSFsed2zed6zeDSFDSGdzedezfzf&maxorders=10&orderstart=1&status=6&start_date=2018-10-01 HTTP/1.0" 200 33985 "-" "GesCom CharlotteBoutik Serveur"
157.90.177.217 - - [12/Oct/2022:10:06:02 +0200] "GET /pink-keychains-p-32586.html HTTP/1.0" 200 74876 "-" "Mozilla/5.0 (compatible; BLEXBot/1.0; +http://webmeup-crawler.com/)"
54.36.148.11 - - [12/Oct/2022:10:06:03 +0200] "GET /jamaica-lion-guitar-keyring-p-14625.html HTTP/1.0" 200 75232 "-" "Mozilla/5.0 (compatible; AhrefsBot/7.0; +http://ahrefs.com/robot/)"
54.36.148.143 - - [12/Oct/2022:10:06:07 +0200] "GET /images/363981000158605072012.jpg HTTP/1.0" 200 267 "-" "Mozilla/5.0 (compatible; AhrefsBot/7.0; +http://ahrefs.com/robot/)"
157.90.177.217 - - [12/Oct/2022:10:06:17 +0200] "GET /pink-lampshade-p-58230.html HTTP/1.0" 200 75470 "-" "Mozilla/5.0 (compatible; BLEXBot/1.0; +http://webmeup-crawler.com/)"
54.36.148.105 - - [12/Oct/2022:10:06:34 +0200] "GET /images/big_prod_1/b045544949965.jpg HTTP/1.0" 200 270 "-" "Mozilla/5.0 (compatible; AhrefsBot/7.0; SA; +http://ahrefs.com/robot/)"
157.90.177.217 - - [12/Oct/2022:10:06:34 +0200] "GET /pink-notes-manga-model-p-39451.html HTTP/1.0" 200 75614 "-" "Mozilla/5.0 (compatible; BLEXBot/1.0; +http://webmeup-crawler.com/)"
157.90.177.217 - - [12/Oct/2022:10:06:49 +0200] "GET /pink-panther-money-bank-p-56186.html HTTP/1.0" 200 75527 "-" "Mozilla/5.0 (compatible; BLEXBot/1.0; +http://webmeup-crawler.com/)"
185.191.171.1 - - [12/Oct/2022:10:06:56 +0200] "GET /large-industrial-hanging-pendulum-union-hotel-p-51370.html HTTP/1.0" 200 72394 "-" "Mozilla/5.0 (compatible; SemrushBot/7~bl; +http://www.semrush.com/bot.html)"
157.90.177.217 - - [12/Oct/2022:10:07:05 +0200] "GET /pink-piggy-bank-p-28770.html HTTP/1.0" 200 75424 "-" "Mozilla/5.0 (compatible; BLEXBot/1.0; +http://webmeup-crawler.com/)"
157.90.177.217 - - [12/Oct/2022:10:07:20 +0200] "GET /pink-piggy-bank-p-49220.html HTTP/1.0" 200 75627 "-" "Mozilla/5.0 (compatible; BLEXBot/1.0; +http://webmeup-crawler.com/)"
185.191.171.2 - - [12/Oct/2022:10:07:30 +0200] "GET /bubbles-candy-cloud-keychain-p-49754.html HTTP/1.0" 200 74930 "-" "Mozilla/5.0 (compatible; SemrushBot/7~bl; +http://www.semrush.com/bot.html)"
157.90.177.217 - - [12/Oct/2022:10:07:38 +0200] "GET /pink-piggy-bank-p-55570.html HTTP/1.0" 200 74913 "-" "Mozilla/5.0 (compatible; BLEXBot/1.0; +http://webmeup-crawler.com/)"
157.90.177.217 - - [12/Oct/2022:10:07:53 +0200] "GET /pink-piggy-bank-p-55571.html HTTP/1.0" 200 74913 "-" "Mozilla/5.0 (compatible; BLEXBot/1.0; +http://webmeup-crawler.com/)"
185.191.171.35 - - [12/Oct/2022:10:08:02 +0200] "GET /isothermic-stainless-steel-bottle-allen-p-57591.html HTTP/1.0" 200 75784 "-" "Mozilla/5.0 (compatible; SemrushBot/7~bl; +http://www.semrush.com/bot.html)"
157.90.177.217 - - [12/Oct/2022:10:08:09 +0200] "GET /pink-piggy-bank-premire-tirelire-p-44652.html HTTP/1.0" 200 74901 "-" "Mozilla/5.0 (compatible; BLEXBot/1.0; +http://webmeup-crawler.com/)"
157.90.177.217 - - [12/Oct/2022:10:08:25 +0200] "GET /pink-porcelain-bowl-with-small-gold-hearts-p-53702.html HTTP/1.0" 200 75661 "-" "Mozilla/5.0 (compatible; BLEXBot/1.0; +http://webmeup-crawler.com/)"
157.90.177.217 - - [12/Oct/2022:10:08:40 +0200] "GET /pink-porcelain-piggy-bank-p-46370.html HTTP/1.0" 200 75495 "-" "Mozilla/5.0 (compatible; BLEXBot/1.0; +http://webmeup-crawler.com/)"
185.191.171.5 - - [12/Oct/2022:10:08:55 +0200] "GET /star-wars-resistance-trooper-figure-p-34604.html HTTP/1.0" 200 75176 "-" "Mozilla/5.0 (compatible; SemrushBot/7~bl; +http://www.semrush.com/bot.html)"
157.90.177.217 - - [12/Oct/2022:10:08:56 +0200] "GET /pink-rabbit-money-bank-p-56195.html HTTP/1.0" 200 75516 "-" "Mozilla/5.0 (compatible; BLEXBot/1.0; +http://webmeup-crawler.com/)"
157.90.177.217 - - [12/Oct/2022:10:09:12 +0200] "GET /pink-rabbit-money-p-54820.html HTTP/1.0" 200 74921 "-" "Mozilla/5.0 (compatible; BLEXBot/1.0; +http://webmeup-crawler.com/)"
157.90.177.217 - - [12/Oct/2022:10:09:27 +0200] "GET /pink-resin-monkey-lamp-p-56452.html HTTP/1.0" 200 75868 "-" "Mozilla/5.0 (compatible; BLEXBot/1.0; +http://webmeup-crawler.com/)"
114.119.133.245 - - [12/Oct/2022:10:09:33 +0200] "GET /home-decoration-c-13.html?page=226 HTTP/1.0" 200 94857 "http://www.wonder-geek.com/home-decoration-c-13.html?page=227" "Mozilla/5.0 (Linux; Android 7.0;) AppleWebKit/537.36 (KHTML, like Gecko) Mobile Safari/537.36 (compatible; PetalBot;+https://webmaster.petalsearch.com/site/petalbot)"
157.55.39.217 - - [12/Oct/2022:10:09:38 +0200] "GET /images/med_prod/4012390376609.jpg HTTP/1.0" 200 268 "-" "Mozilla/5.0 (compatible; bingbot/2.0; +http://www.bing.com/bingbot.htm)"
157.90.177.217 - - [12/Oct/2022:10:09:43 +0200] "GET /pink-teddy-bear-plush-p-43260.html HTTP/1.0" 200 74931 "-" "Mozilla/5.0 (compatible; BLEXBot/1.0; +http://webmeup-crawler.com/)"
157.90.177.217 - - [12/Oct/2022:10:09:58 +0200] "GET /pink-tourmaline-sold-weight-p-48481.html HTTP/1.0" 200 76072 "-" "Mozilla/5.0 (compatible; BLEXBot/1.0; +http://webmeup-crawler.com/)"
157.90.177.217 - - [12/Oct/2022:10:10:15 +0200] "GET /pink-tourmaline-sold-weight-p-48548.html HTTP/1.0" 200 76072 "-" "Mozilla/5.0 (compatible; BLEXBot/1.0; +http://webmeup-crawler.com/)"
66.249.64.246 - - [12/Oct/2022:10:10:25 +0200] "GET /gift-watch-vespa-black-women-keychain-p-32663.html HTTP/1.0" 200 76413 "-" "Mozilla/5.0 (compatible; Googlebot/2.1; +http://www.google.com/bot.html)"
157.90.177.217 - - [12/Oct/2022:10:10:30 +0200] "GET /pink-tourmaline-sold-weight-p-48549.html HTTP/1.0" 200 76072 "-" "Mozilla/5.0 (compatible; BLEXBot/1.0; +http://webmeup-crawler.com/)"
157.90.177.217 - - [12/Oct/2022:10:10:46 +0200] "GET /pink-vintage-alarm-clock-p-38261.html HTTP/1.0" 200 74962 "-" "Mozilla/5.0 (compatible; BLEXBot/1.0; +http://webmeup-crawler.com/)"
185.191.171.2 - - [12/Oct/2022:10:11:00 +0200] "GET /little-miss-sunshine-pink-wallet-p-2682.html HTTP/1.0" 200 76047 "-" "Mozilla/5.0 (compatible; SemrushBot/7~bl; +http://www.semrush.com/bot.html)"
157.90.177.217 - - [12/Oct/2022:10:11:02 +0200] "GET /pink-with-glitter-money-p-48230.html HTTP/1.0" 200 74974 "-" "Mozilla/5.0 (compatible; BLEXBot/1.0; +http://webmeup-crawler.com/)"
185.191.171.8 - - [12/Oct/2022:10:11:09 +0200] "GET /accessories-c-3.html?page=55 HTTP/1.0" 200 86636 "-" "Mozilla/5.0 (compatible; SemrushBot/7~bl; +http://www.semrush.com/bot.html)"
157.90.177.217 - - [12/Oct/2022:10:11:18 +0200] "GET /pinko-wooden-game-bottle-opener-p-53208.html HTTP/1.0" 200 75640 "-" "Mozilla/5.0 (compatible; BLEXBot/1.0; +http://webmeup-crawler.com/)"
157.90.177.217 - - [12/Oct/2022:10:11:34 +0200] "GET /pinko-wooden-game-bottle-opener-p-55554.html HTTP/1.0" 200 75850 "-" "Mozilla/5.0 (compatible; BLEXBot/1.0; +http://webmeup-crawler.com/)"
185.191.171.21 - - [12/Oct/2022:10:11:34 +0200] "GET /wooden-incense-holder-p-42764.html HTTP/1.0" 200 75062 "-" "Mozilla/5.0 (compatible; SemrushBot/7~bl; +http://www.semrush.com/bot.html)"
54.36.148.203 - - [12/Oct/2022:10:11:35 +0200] "GET /heartfelt-tigger-holding-heart-figurine-p-53993.html HTTP/1.0" 200 76889 "-" "Mozilla/5.0 (compatible; AhrefsBot/7.0; +http://ahrefs.com/robot/)"
66.249.64.246 - - [12/Oct/2022:10:11:46 +0200] "GET /gift-watch-vespa-black-women-keychain-p-32663.html HTTP/1.0" 200 76413 "-" "Mozilla/5.0 (Linux; Android 6.0.1; Nexus 5X Build/MMB29P) AppleWebKit/537.36 (KHTML, like Gecko) Chrome/106.0.5249.103 Mobile Safari/537.36 (compatible; Googlebot/2.1; +http://www.google.com/bot.html)"
157.90.177.217 - - [12/Oct/2022:10:11:51 +0200] "GET /pinocchio-75th-anniversary-figure-collection-p-29069.html HTTP/1.0" 200 76115 "-" "Mozilla/5.0 (compatible; BLEXBot/1.0; +http://webmeup-crawler.com/)"
66.249.64.244 - - [12/Oct/2022:10:12:04 +0200] "GET /italian-scooter-wood-clock-p-41360.html HTTP/1.0" 200 74980 "-" "Mozilla/5.0 (compatible; Googlebot/2.1; +http://www.google.com/bot.html)"
157.90.177.217 - - [12/Oct/2022:10:12:06 +0200] "GET /pirate-flag-p-41522.html HTTP/1.0" 200 74911 "-" "Mozilla/5.0 (compatible; BLEXBot/1.0; +http://webmeup-crawler.com/)"
157.90.177.217 - - [12/Oct/2022:10:12:24 +0200] "GET /pirate-flag-p-41710.html HTTP/1.0" 200 74935 "-" "Mozilla/5.0 (compatible; BLEXBot/1.0; +http://webmeup-crawler.com/)"
66.249.64.242 - - [12/Oct/2022:10:12:32 +0200] "GET /images/3681643303597.jpg HTTP/1.0" 200 259 "-" "Googlebot-Image/1.0"
17.121.112.174 - - [12/Oct/2022:10:12:35 +0200] "GET /cement-tile-stickers-gray-brown-p-43007.html HTTP/1.0" 200 75951 "-" "Mozilla/5.0 (Macintosh; Intel Mac OS X 10_15_5) AppleWebKit/605.1.15 (KHTML, like Gecko) Version/13.1.1 Safari/605.1.15 (Applebot/0.1; +http://www.apple.com/go/applebot)"
157.90.177.217 - - [12/Oct/2022:10:12:40 +0200] "GET /pirate-skull-ashtray-p-49213.html HTTP/1.0" 200 75444 "-" "Mozilla/5.0 (compatible; BLEXBot/1.0; +http://webmeup-crawler.com/)"
157.90.177.217 - - [12/Oct/2022:10:12:58 +0200] "GET /pisces-clasic-keyring-cbkreation-p-43251.html HTTP/1.0" 200 75032 "-" "Mozilla/5.0 (compatible; BLEXBot/1.0; +http://webmeup-crawler.com/)"
157.90.177.217 - - [12/Oct/2022:10:13:14 +0200] "GET /pisces-cookware-cbkreation-p-43274.html HTTP/1.0" 200 74986 "-" "Mozilla/5.0 (compatible; BLEXBot/1.0; +http://webmeup-crawler.com/)"
157.90.177.217 - - [12/Oct/2022:10:13:31 +0200] "GET /pisces-mousepad-cbkreation-p-43306.html HTTP/1.0" 200 74958 "-" "Mozilla/5.0 (compatible; BLEXBot/1.0; +http://webmeup-crawler.com/)"
66.249.64.244 - - [12/Oct/2022:10:13:38 +0200] "GET /camphor-aromatika-incense-sticks-p-51690.html HTTP/1.0" 200 75033 "-" "Mozilla/5.0 (Linux; Android 6.0.1; Nexus 5X Build/MMB29P) AppleWebKit/537.36 (KHTML, like Gecko) Chrome/106.0.5249.103 Mobile Safari/537.36 (compatible; Googlebot/2.1; +http://www.google.com/bot.html)"
157.90.177.217 - - [12/Oct/2022:10:13:46 +0200] "GET /pistols-messenger-p-14499.html HTTP/1.0" 200 76457 "-" "Mozilla/5.0 (compatible; BLEXBot/1.0; +http://webmeup-crawler.com/)"
157.90.177.217 - - [12/Oct/2022:10:14:02 +0200] "GET /pistols-pencil-case-p-19627.html HTTP/1.0" 200 75536 "-" "Mozilla/5.0 (compatible; BLEXBot/1.0; +http://webmeup-crawler.com/)"
50.31.180.38 - - [12/Oct/2022:10:14:18 +0200] "GET /images/big_prod_2/3442440302790z.jpg HTTP/1.0" 200 271 "-" "Mozilla/5.0 (X11; Ubuntu; Linux x86_64; rv:72.0) Gecko/20100101 Firefox/72.0"
157.90.177.217 - - [12/Oct/2022:10:14:18 +0200] "GET /pitchers-drink-dispensers-c-12_243.html?page=1 HTTP/1.0" 200 91577 "-" "Mozilla/5.0 (compatible; BLEXBot/1.0; +http://webmeup-crawler.com/)"
157.90.177.217 - - [12/Oct/2022:10:14:34 +0200] "GET /pixie-dusted-present-tinker-bell-figurine-p-56578.html HTTP/1.0" 200 76495 "-" "Mozilla/5.0 (compatible; BLEXBot/1.0; +http://webmeup-crawler.com/)"
157.90.177.217 - - [12/Oct/2022:10:14:50 +0200] "GET /place-cushions-p-53828.html HTTP/1.0" 200 78784 "-" "Mozilla/5.0 (compatible; BLEXBot/1.0; +http://webmeup-crawler.com/)"
50.31.180.37 - - [12/Oct/2022:10:15:06 +0200] "GET /images/3438100333747.jpg HTTP/1.0" 200 259 "-" "Mozilla/5.0 (X11; Ubuntu; Linux x86_64; rv:72.0) Gecko/20100101 Firefox/72.0"
157.90.177.217 - - [12/Oct/2022:10:15:05 +0200] "GET /place-jewels-poisson-p-53936.html HTTP/1.0" 200 74908 "-" "Mozilla/5.0 (compatible; BLEXBot/1.0; +http://webmeup-crawler.com/)"
157.90.177.217 - - [12/Oct/2022:10:15:21 +0200] "GET /place-piano-p-53827.html HTTP/1.0" 200 78611 "-" "Mozilla/5.0 (compatible; BLEXBot/1.0; +http://webmeup-crawler.com/)"
157.90.177.217 - - [12/Oct/2022:10:15:37 +0200] "GET /placemat-apptit-p-58055.html HTTP/1.0" 200 75531 "-" "Mozilla/5.0 (compatible; BLEXBot/1.0; +http://webmeup-crawler.com/)"
157.90.177.217 - - [12/Oct/2022:10:15:52 +0200] "GET /placemat-apptit-p-58056.html HTTP/1.0" 200 75531 "-" "Mozilla/5.0 (compatible; BLEXBot/1.0; +http://webmeup-crawler.com/)"
157.90.177.217 - - [12/Oct/2022:10:16:08 +0200] "GET /placemat-apptit-p-58057.html HTTP/1.0" 200 75530 "-" "Mozilla/5.0 (compatible; BLEXBot/1.0; +http://webmeup-crawler.com/)"
50.31.180.37 - - [12/Oct/2022:10:16:13 +0200] "GET /images/med_prod/1384010179680N.jpg HTTP/1.0" 200 269 "-" "Mozilla/5.0 (X11; Ubuntu; Linux x86_64; rv:72.0) Gecko/20100101 Firefox/72.0"
157.90.177.217 - - [12/Oct/2022:10:16:23 +0200] "GET /placemat-kiub-collection-amys-cushion-p-55911.html HTTP/1.0" 200 78673 "-" "Mozilla/5.0 (compatible; BLEXBot/1.0; +http://webmeup-crawler.com/)"
157.90.177.217 - - [12/Oct/2022:10:16:39 +0200] "GET /placemat-kiub-collection-amys-humming-bird-p-55904.html HTTP/1.0" 200 75052 "-" "Mozilla/5.0 (compatible; BLEXBot/1.0; +http://webmeup-crawler.com/)"
185.191.171.6 - - [12/Oct/2022:10:16:52 +0200] "GET /robots.txt HTTP/1.0" 200 245 "-" "Mozilla/5.0 (compatible; SemrushBot/7~bl; +http://www.semrush.com/bot.html)"
185.191.171.24 - - [12/Oct/2022:10:16:52 +0200] "GET /metal-plate-p-34881.html HTTP/1.0" 200 74905 "-" "Mozilla/5.0 (compatible; SemrushBot/7~bl; +http://www.semrush.com/bot.html)"
66.249.64.244 - - [12/Oct/2022:10:16:53 +0200] "GET /angel-glitter-ball-p-27609.html HTTP/1.0" 200 75104 "-" "Mozilla/5.0 (compatible; Googlebot/2.1; +http://www.google.com/bot.html)"
157.90.177.217 - - [12/Oct/2022:10:16:54 +0200] "GET /placemat-kiub-collection-amys-owls-p-55900.html HTTP/1.0" 200 74966 "-" "Mozilla/5.0 (compatible; BLEXBot/1.0; +http://webmeup-crawler.com/)"
157.90.177.217 - - [12/Oct/2022:10:17:10 +0200] "GET /placemat-kiub-collection-amys-toucan-p-55903.html HTTP/1.0" 200 75005 "-" "Mozilla/5.0 (compatible; BLEXBot/1.0; +http://webmeup-crawler.com/)"
54.36.148.79 - - [12/Oct/2022:10:17:15 +0200] "GET /heart-home-friendly-stick-diffuser-spiced-apple-p-56997.html HTTP/1.0" 200 76558 "-" "Mozilla/5.0 (compatible; AhrefsBot/7.0; +http://ahrefs.com/robot/)"
157.90.177.217 - - [12/Oct/2022:10:17:25 +0200] "GET /placemat-kiub-collection-bike-p-55907.html HTTP/1.0" 200 78225 "-" "Mozilla/5.0 (compatible; BLEXBot/1.0; +http://webmeup-crawler.com/)"
157.90.177.217 - - [12/Oct/2022:10:17:41 +0200] "GET /placemat-kiub-collection-bird-cage-p-55901.html HTTP/1.0" 200 74988 "-" "Mozilla/5.0 (compatible; BLEXBot/1.0; +http://webmeup-crawler.com/)"
185.191.171.19 - - [12/Oct/2022:10:17:51 +0200] "GET /monkey-statue-resin-said-nothing-nothing-seen-nothing-heard-p-36553.html HTTP/1.0" 200 75299 "-" "Mozilla/5.0 (compatible; SemrushBot/7~bl; +http://www.semrush.com/bot.html)"
157.90.177.217 - - [12/Oct/2022:10:17:57 +0200] "GET /placemat-kiub-collection-birds-p-55909.html HTTP/1.0" 200 78695 "-" "Mozilla/5.0 (compatible; BLEXBot/1.0; +http://webmeup-crawler.com/)"
17.121.113.172 - - [12/Oct/2022:10:17:57 +0200] "GET /rectangular-serving-tray-frida-khalo-model-p-49549.html HTTP/1.0" 200 72410 "-" "Mozilla/5.0 (Macintosh; Intel Mac OS X 10_15_5) AppleWebKit/605.1.15 (KHTML, like Gecko) Version/13.1.1 Safari/605.1.15 (Applebot/0.1; +http://www.apple.com/go/applebot)"
58.60.10.81 - - [12/Oct/2022:10:18:03 +0200] "GET /images/big_prod_1/028399270163c.jpg HTTP/1.0" 200 270 "-" "Mozilla/5.0 (X11; Ubuntu; Linux x86_64; rv:72.0) Gecko/20100101 Firefox/72.0"
157.90.177.217 - - [12/Oct/2022:10:18:12 +0200] "GET /placemat-kiub-collection-bonsai-butterflies-p-55905.html HTTP/1.0" 200 75085 "-" "Mozilla/5.0 (compatible; BLEXBot/1.0; +http://webmeup-crawler.com/)"
157.90.177.217 - - [12/Oct/2022:10:18:30 +0200] "GET /placemat-kiub-collection-butterflies-p-55902.html HTTP/1.0" 200 75650 "-" "Mozilla/5.0 (compatible; BLEXBot/1.0; +http://webmeup-crawler.com/)"
66.249.64.242 - - [12/Oct/2022:10:18:43 +0200] "GET /aluminum-bottle-little-prince-printed-france-p-56356.html HTTP/1.0" 200 75796 "-" "Mozilla/5.0 (compatible; Googlebot/2.1; +http://www.google.com/bot.html)"
157.90.177.217 - - [12/Oct/2022:10:18:45 +0200] "GET /placemat-kiub-collection-cats-love-paris-p-55908.html HTTP/1.0" 200 79269 "-" "Mozilla/5.0 (compatible; BLEXBot/1.0; +http://webmeup-crawler.com/)"
185.191.171.43 - - [12/Oct/2022:10:18:57 +0200] "GET /black-metal-table-lamp-p-52984.html HTTP/1.0" 200 72326 "-" "Mozilla/5.0 (compatible; SemrushBot/7~bl; +http://www.semrush.com/bot.html)"
157.90.177.217 - - [12/Oct/2022:10:19:01 +0200] "GET /placemat-kiub-collection-cats-piano-p-55906.html HTTP/1.0" 200 78706 "-" "Mozilla/5.0 (compatible; BLEXBot/1.0; +http://webmeup-crawler.com/)"
157.90.177.217 - - [12/Oct/2022:10:19:18 +0200] "GET /placemat-kiub-collection-jewels-elephant-p-55921.html HTTP/1.0" 200 75063 "-" "Mozilla/5.0 (compatible; BLEXBot/1.0; +http://webmeup-crawler.com/)"
157.90.177.217 - - [12/Oct/2022:10:19:34 +0200] "GET /placemat-kiub-collection-jewels-flamingo-p-55920.html HTTP/1.0" 200 75063 "-" "Mozilla/5.0 (compatible; BLEXBot/1.0; +http://webmeup-crawler.com/)"
157.90.177.217 - - [12/Oct/2022:10:19:50 +0200] "GET /placemat-kiub-collection-jewels-humming-bird-p-55918.html HTTP/1.0" 200 75095 "-" "Mozilla/5.0 (compatible; BLEXBot/1.0; +http://webmeup-crawler.com/)"
54.36.148.182 - - [12/Oct/2022:10:20:00 +0200] "GET /heart-home-friendly-stick-diffuser-bamboo-ginger-p-52804.html HTTP/1.0" 200 76096 "-" "Mozilla/5.0 (compatible; AhrefsBot/7.0; +http://ahrefs.com/robot/)"
157.90.177.217 - - [12/Oct/2022:10:20:05 +0200] "GET /placemat-kiub-collection-jewels-humming-bird-p-55919.html HTTP/1.0" 200 75095 "-" "Mozilla/5.0 (compatible; BLEXBot/1.0; +http://webmeup-crawler.com/)"
66.249.64.242 - - [12/Oct/2022:10:20:18 +0200] "GET /images/big_prod/8422059532110.jpg HTTP/1.0" 200 268 "-" "Googlebot-Image/1.0"
157.90.177.217 - - [12/Oct/2022:10:20:21 +0200] "GET /placemat-kiub-collection-jewels-p-55913.html HTTP/1.0" 200 75658 "-" "Mozilla/5.0 (compatible; BLEXBot/1.0; +http://webmeup-crawler.com/)"
66.249.64.242 - - [12/Oct/2022:10:20:25 +0200] "GET /picapica-tapas-tablecloth-anti-stain-p-34993.html HTTP/1.0" 200 75064 "-" "Mozilla/5.0 (Linux; Android 6.0.1; Nexus 5X Build/MMB29P) AppleWebKit/537.36 (KHTML, like Gecko) Chrome/106.0.5249.103 Mobile Safari/537.36 (compatible; Googlebot/2.1; +http://www.google.com/bot.html)"
157.90.177.217 - - [12/Oct/2022:10:20:36 +0200] "GET /placemat-kiub-collection-jungle-cockatoo-p-55915.html HTTP/1.0" 200 75015 "-" "Mozilla/5.0 (compatible; BLEXBot/1.0; +http://webmeup-crawler.com/)"
157.90.177.217 - - [12/Oct/2022:10:20:52 +0200] "GET /placemat-kiub-collection-jungle-parrot-p-55916.html HTTP/1.0" 200 74999 "-" "Mozilla/5.0 (compatible; BLEXBot/1.0; +http://webmeup-crawler.com/)"
66.249.64.242 - - [12/Oct/2022:10:20:55 +0200] "GET /small-black-japanese-enameled-cast-iron-teapot-liter-p-57680.html HTTP/1.0" 200 75306 "-" "Mozilla/5.0 (Linux; Android 6.0.1; Nexus 5X Build/MMB29P) AppleWebKit/537.36 (KHTML, like Gecko) Chrome/106.0.5249.103 Mobile Safari/537.36 (compatible; Googlebot/2.1; +http://www.google.com/bot.html)"
157.90.177.217 - - [12/Oct/2022:10:21:09 +0200] "GET /placemat-kiub-collection-jungle-parrots-p-55917.html HTTP/1.0" 200 75007 "-" "Mozilla/5.0 (compatible; BLEXBot/1.0; +http://webmeup-crawler.com/)"
66.249.64.242 - - [12/Oct/2022:10:21:25 +0200] "GET /images/big_prod/3014627927562.jpg HTTP/1.0" 200 268 "-" "Googlebot-Image/1.0"
157.90.177.217 - - [12/Oct/2022:10:21:24 +0200] "GET /placemat-kiub-collection-jungle-toucan-p-55914.html HTTP/1.0" 200 74998 "-" "Mozilla/5.0 (compatible; BLEXBot/1.0; +http://webmeup-crawler.com/)"
66.249.64.242 - - [12/Oct/2022:10:21:38 +0200] "GET /hourglass-decoration-olive-wood-p-50862.html HTTP/1.0" 200 75004 "-" "Mozilla/5.0 (Linux; Android 6.0.1; Nexus 5X Build/MMB29P) AppleWebKit/537.36 (KHTML, like Gecko) Chrome/106.0.5249.103 Mobile Safari/537.36 (compatible; Googlebot/2.1; +http://www.google.com/bot.html)"
157.90.177.217 - - [12/Oct/2022:10:21:41 +0200] "GET /placemat-kiub-collection-kook-black-p-55912.html HTTP/1.0" 200 75633 "-" "Mozilla/5.0 (compatible; BLEXBot/1.0; +http://webmeup-crawler.com/)"
157.90.177.217 - - [12/Oct/2022:10:21:57 +0200] "GET /placemat-kiub-collection-owls-p-55899.html HTTP/1.0" 200 74927 "-" "Mozilla/5.0 (compatible; BLEXBot/1.0; +http://webmeup-crawler.com/)"
51.68.224.127 - - [12/Oct/2022:10:22:06 +0200] "GET /adminweb/export_orders_xml.php?token=256de2z6edz6ed2z6DFSFsed2zed6zeDSFDSGdzedezfzf&maxorders=10&orderstart=1&status=14&start_date=2018-10-01 HTTP/1.0" 200 285 "-" "GesCom CharlotteBoutik Serveur"
51.68.224.127 - - [12/Oct/2022:10:22:06 +0200] "GET /adminweb/export_orders_xml.php?token=256de2z6edz6ed2z6DFSFsed2zed6zeDSFDSGdzedezfzf&maxorders=10&orderstart=1&status=6&start_date=2018-10-01 HTTP/1.0" 200 33985 "-" "GesCom CharlotteBoutik Serveur"
157.90.177.217 - - [12/Oct/2022:10:22:14 +0200] "GET /placemat-kiub-collection-p-55898.html HTTP/1.0" 200 75672 "-" "Mozilla/5.0 (compatible; BLEXBot/1.0; +http://webmeup-crawler.com/)"
157.55.39.28 - - [12/Oct/2022:10:22:25 +0200] "GET /bears-decoration-p-52397.html HTTP/1.0" 200 72342 "-" "Mozilla/5.0 (compatible; bingbot/2.0; +http://www.bing.com/bingbot.htm)"
157.90.177.217 - - [12/Oct/2022:10:22:30 +0200] "GET /placemat-kiub-klimt-p-57962.html HTTP/1.0" 200 79374 "-" "Mozilla/5.0 (compatible; BLEXBot/1.0; +http://webmeup-crawler.com/)"
185.191.171.5 - - [12/Oct/2022:10:22:37 +0200] "GET /paperweight-composition-mondrian-p-55068.html HTTP/1.0" 200 76655 "-" "Mozilla/5.0 (compatible; SemrushBot/7~bl; +http://www.semrush.com/bot.html)"
157.55.39.231 - - [12/Oct/2022:10:22:41 +0200] "GET /mondial_relay/js/jquery-1.3.2.min.js HTTP/1.0" 200 276 "-" "Mozilla/5.0 AppleWebKit/537.36 (KHTML, like Gecko; compatible; bingbot/2.0; +http://www.bing.com/bingbot.htm) Chrome/103.0.5060.134 Safari/537.36"
54.36.148.44 - - [12/Oct/2022:10:22:43 +0200] "GET /calimero-pink-cushion-p-22187.html HTTP/1.0" 200 74964 "-" "Mozilla/5.0 (compatible; AhrefsBot/7.0; +http://ahrefs.com/robot/)"
157.55.39.28 - - [12/Oct/2022:10:22:44 +0200] "GET /highslide/highslide.js HTTP/1.0" 200 262 "-" "Mozilla/5.0 AppleWebKit/537.36 (KHTML, like Gecko; compatible; bingbot/2.0; +http://www.bing.com/bingbot.htm) Chrome/103.0.5060.134 Safari/537.36"
66.249.64.242 - - [12/Oct/2022:10:22:45 +0200] "GET /images/big_prod_1/3453131145060BBB.jpg HTTP/1.0" 200 273 "-" "Googlebot-Image/1.0"
207.46.13.140 - - [12/Oct/2022:10:22:45 +0200] "GET /js/jquery.js HTTP/1.0" 200 252 "-" "Mozilla/5.0 AppleWebKit/537.36 (KHTML, like Gecko; compatible; bingbot/2.0; +http://www.bing.com/bingbot.htm) Chrome/103.0.5060.134 Safari/537.36"
207.46.13.138 - - [12/Oct/2022:10:22:45 +0200] "GET /js/jquery.jqzoom.js HTTP/1.0" 200 259 "-" "Mozilla/5.0 (compatible; bingbot/2.0; +http://www.bing.com/bingbot.htm)"
207.46.13.138 - - [12/Oct/2022:10:22:45 +0200] "GET /swfobject.js HTTP/1.0" 404 1308 "-" "Mozilla/5.0 AppleWebKit/537.36 (KHTML, like Gecko; compatible; bingbot/2.0; +http://www.bing.com/bingbot.htm) Chrome/103.0.5060.134 Safari/537.36"
157.90.177.217 - - [12/Oct/2022:10:22:45 +0200] "GET /placemat-kiub-surrounded-plants-p-57961.html HTTP/1.0" 200 78887 "-" "Mozilla/5.0 (compatible; BLEXBot/1.0; +http://webmeup-crawler.com/)"
185.191.171.13 - - [12/Oct/2022:10:22:51 +0200] "GET /jungle-book-carved-heart-figurine-p-58750.html?action=add_product HTTP/1.0" 302 476 "-" "Mozilla/5.0 (compatible; SemrushBot/7~bl; +http://www.semrush.com/bot.html)"
157.90.177.217 - - [12/Oct/2022:10:23:01 +0200] "GET /placemat-little-prince-cape-p-53831.html HTTP/1.0" 200 75532 "-" "Mozilla/5.0 (compatible; BLEXBot/1.0; +http://webmeup-crawler.com/)"
183.71.252.126 - - [12/Oct/2022:10:23:13 +0200] "GET /images/big_prod_2/c5018997632079.jpg HTTP/1.0" 200 271 "-" "Mozilla/5.0 (X11; Ubuntu; Linux x86_64; rv:72.0) Gecko/20100101 Firefox/72.0"
157.90.177.217 - - [12/Oct/2022:10:23:17 +0200] "GET /placemat-little-prince-p-56242.html HTTP/1.0" 200 74896 "-" "Mozilla/5.0 (compatible; BLEXBot/1.0; +http://webmeup-crawler.com/)"
157.90.177.217 - - [12/Oct/2022:10:23:32 +0200] "GET /placemat-little-prince-p-56243.html HTTP/1.0" 200 74894 "-" "Mozilla/5.0 (compatible; BLEXBot/1.0; +http://webmeup-crawler.com/)"
157.55.39.217 - - [12/Oct/2022:10:23:39 +0200] "GET /images/big_prod_1/1367103004083a.jpg HTTP/1.0" 200 271 "-" "Mozilla/5.0 AppleWebKit/537.36 (KHTML, like Gecko; compatible; bingbot/2.0; +http://www.bing.com/bingbot.htm) Chrome/103.0.5060.134 Safari/537.36"
157.90.177.217 - - [12/Oct/2022:10:23:48 +0200] "GET /placemat-little-prince-p-56244.html HTTP/1.0" 200 74896 "-" "Mozilla/5.0 (compatible; BLEXBot/1.0; +http://webmeup-crawler.com/)"
157.90.177.217 - - [12/Oct/2022:10:24:06 +0200] "GET /placemat-little-prince-p-56245.html HTTP/1.0" 200 74896 "-" "Mozilla/5.0 (compatible; BLEXBot/1.0; +http://webmeup-crawler.com/)"
54.36.148.161 - - [12/Oct/2022:10:24:07 +0200] "GET /ceramic-incense-burner-p-58420.html HTTP/1.0" 200 75644 "-" "Mozilla/5.0 (compatible; AhrefsBot/7.0; +http://ahrefs.com/robot/)"
185.191.171.2 - - [12/Oct/2022:10:24:11 +0200] "GET /hello-kitty-purple-wristband-p-11965.html HTTP/1.0" 200 74905 "-" "Mozilla/5.0 (compatible; SemrushBot/7~bl; +http://www.semrush.com/bot.html)"
54.36.149.46 - - [12/Oct/2022:10:24:12 +0200] "GET /images/big_prod/4029825006314.jpg HTTP/1.0" 200 268 "-" "Mozilla/5.0 (compatible; AhrefsBot/7.0; +http://ahrefs.com/robot/)"
54.36.148.233 - - [12/Oct/2022:10:24:12 +0200] "GET /images/big_prod_1/4029825006314B.jpg HTTP/1.0" 200 271 "-" "Mozilla/5.0 (compatible; AhrefsBot/7.0; +http://ahrefs.com/robot/)"
185.191.171.26 - - [12/Oct/2022:10:24:14 +0200] "GET /mobile-bells-metal-elephants-p-41508.html HTTP/1.0" 200 75557 "-" "Mozilla/5.0 (compatible; SemrushBot/7~bl; +http://www.semrush.com/bot.html)"
185.191.171.37 - - [12/Oct/2022:10:24:17 +0200] "GET /champa-lavender-backflow-incense-cones-p-54737.html HTTP/1.0" 200 76054 "-" "Mozilla/5.0 (compatible; SemrushBot/7~bl; +http://www.semrush.com/bot.html)"
157.90.177.217 - - [12/Oct/2022:10:24:21 +0200] "GET /placemat-little-prince-p-56246.html HTTP/1.0" 200 75502 "-" "Mozilla/5.0 (compatible; BLEXBot/1.0; +http://webmeup-crawler.com/)"
157.90.177.217 - - [12/Oct/2022:10:24:38 +0200] "GET /placemat-little-prince-p-56247.html HTTP/1.0" 200 74897 "-" "Mozilla/5.0 (compatible; BLEXBot/1.0; +http://webmeup-crawler.com/)"
185.191.171.2 - - [12/Oct/2022:10:24:43 +0200] "GET /boxes-storage-c-13_150.html?page=25 HTTP/1.0" 200 95480 "-" "Mozilla/5.0 (compatible; SemrushBot/7~bl; +http://www.semrush.com/bot.html)"
157.90.177.217 - - [12/Oct/2022:10:24:54 +0200] "GET /placemat-little-prince-p-56248.html HTTP/1.0" 200 74896 "-" "Mozilla/5.0 (compatible; BLEXBot/1.0; +http://webmeup-crawler.com/)"
157.90.177.217 - - [12/Oct/2022:10:25:10 +0200] "GET /placemat-little-prince-p-56249.html HTTP/1.0" 200 75502 "-" "Mozilla/5.0 (compatible; BLEXBot/1.0; +http://webmeup-crawler.com/)"
93.158.161.6 - - [12/Oct/2022:10:25:25 +0200] "GET /robots.txt HTTP/1.0" 200 245 "-" "Mozilla/5.0 (compatible; YandexBot/3.0; +http://yandex.com/bots)"
157.90.177.217 - - [12/Oct/2022:10:25:25 +0200] "GET /placemat-little-prince-p-56250.html HTTP/1.0" 200 74896 "-" "Mozilla/5.0 (compatible; BLEXBot/1.0; +http://webmeup-crawler.com/)"
49.7.20.113 - - [12/Oct/2022:10:25:27 +0200] "GET / HTTP/1.0" 200 152095 "-" "Sogou web spider/4.0(+http://www.sogou.com/docs/help/webmasters.htm#07)"
93.158.161.6 - - [12/Oct/2022:10:25:29 +0200] "GET /pusheen-holidazzler-p-41961.html HTTP/1.0" 200 75856 "-" "Mozilla/5.0 (compatible; YandexBot/3.0; +http://yandex.com/bots)"
54.36.148.88 - - [12/Oct/2022:10:25:34 +0200] "GET /heart-home-friendly-stick-diffuser-vanilla-rosewood-p-52807.html HTTP/1.0" 200 76132 "-" "Mozilla/5.0 (compatible; AhrefsBot/7.0; +http://ahrefs.com/robot/)"
157.90.177.217 - - [12/Oct/2022:10:25:41 +0200] "GET /placemat-little-prince-p-56251.html HTTP/1.0" 200 74897 "-" "Mozilla/5.0 (compatible; BLEXBot/1.0; +http://webmeup-crawler.com/)"
157.90.177.217 - - [12/Oct/2022:10:25:57 +0200] "GET /placemat-little-prince-p-56252.html HTTP/1.0" 200 75490 "-" "Mozilla/5.0 (compatible; BLEXBot/1.0; +http://webmeup-crawler.com/)"
66.249.64.244 - - [12/Oct/2022:10:26:07 +0200] "GET /dessert-dish-glass-with-anti-slip-feet-p-47338.html HTTP/1.0" 200 75608 "-" "Mozilla/5.0 (Linux; Android 6.0.1; Nexus 5X Build/MMB29P) AppleWebKit/537.36 (KHTML, like Gecko) Chrome/106.0.5249.103 Mobile Safari/537.36 (compatible; Googlebot/2.1; +http://www.google.com/bot.html)"
157.90.177.217 - - [12/Oct/2022:10:26:12 +0200] "GET /placemat-little-prince-p-56253.html HTTP/1.0" 200 74884 "-" "Mozilla/5.0 (compatible; BLEXBot/1.0; +http://webmeup-crawler.com/)"
185.191.171.45 - - [12/Oct/2022:10:26:27 +0200] "GET /card-holder-eagle-p-46437.html HTTP/1.0" 200 75654 "-" "Mozilla/5.0 (compatible; SemrushBot/7~bl; +http://www.semrush.com/bot.html)"
157.55.39.217 - - [12/Oct/2022:10:26:29 +0200] "GET /images/big_prod_1/191693128505B.jpg HTTP/1.0" 200 270 "-" "Mozilla/5.0 AppleWebKit/537.36 (KHTML, like Gecko; compatible; bingbot/2.0; +http://www.bing.com/bingbot.htm) Chrome/103.0.5060.134 Safari/537.36"
50.31.180.38 - - [12/Oct/2022:10:26:29 +0200] "GET /images/med_prod/8435107823979.jpg HTTP/1.0" 200 268 "-" "Mozilla/5.0 (X11; Ubuntu; Linux x86_64; rv:72.0) Gecko/20100101 Firefox/72.0"
157.90.177.217 - - [12/Oct/2022:10:26:30 +0200] "GET /placemat-little-prince-p-56254.html HTTP/1.0" 200 74884 "-" "Mozilla/5.0 (compatible; BLEXBot/1.0; +http://webmeup-crawler.com/)"
157.90.177.217 - - [12/Oct/2022:10:26:46 +0200] "GET /placemat-little-prince-p-56255.html HTTP/1.0" 200 74884 "-" "Mozilla/5.0 (compatible; BLEXBot/1.0; +http://webmeup-crawler.com/)"
54.36.148.79 - - [12/Oct/2022:10:26:47 +0200] "GET /rtro-beer-caps-collector-p-58135.html HTTP/1.0" 200 75680 "-" "Mozilla/5.0 (compatible; AhrefsBot/7.0; +http://ahrefs.com/robot/)"
54.36.148.18 - - [12/Oct/2022:10:26:52 +0200] "GET /images/big_prod/8422013561415.jpg HTTP/1.0" 200 268 "-" "Mozilla/5.0 (compatible; AhrefsBot/7.0; +http://ahrefs.com/robot/)"
54.36.148.67 - - [12/Oct/2022:10:26:52 +0200] "GET /images/big_prod_1/8422013561415B.jpg HTTP/1.0" 200 271 "-" "Mozilla/5.0 (compatible; AhrefsBot/7.0; +http://ahrefs.com/robot/)"
157.90.177.217 - - [12/Oct/2022:10:27:03 +0200] "GET /placemat-little-prince-p-56256.html HTTP/1.0" 200 74884 "-" "Mozilla/5.0 (compatible; BLEXBot/1.0; +http://webmeup-crawler.com/)"
185.191.171.1 - - [12/Oct/2022:10:27:05 +0200] "GET /-p-21640.html?action=add_product HTTP/1.0" 302 476 "-" "Mozilla/5.0 (compatible; SemrushBot/7~bl; +http://www.semrush.com/bot.html)"
185.191.171.8 - - [12/Oct/2022:10:27:07 +0200] "GET /cuba-toothpick-display-p-42570.html HTTP/1.0" 200 72316 "-" "Mozilla/5.0 (compatible; SemrushBot/7~bl; +http://www.semrush.com/bot.html)"
157.90.177.217 - - [12/Oct/2022:10:27:18 +0200] "GET /placemat-little-prince-p-56257.html HTTP/1.0" 200 74884 "-" "Mozilla/5.0 (compatible; BLEXBot/1.0; +http://webmeup-crawler.com/)"
54.36.149.54 - - [12/Oct/2022:10:27:31 +0200] "GET /christmas-tree-decoration-little-prince-p-50293.html HTTP/1.0" 200 75105 "-" "Mozilla/5.0 (compatible; AhrefsBot/7.0; +http://ahrefs.com/robot/)"
54.36.149.74 - - [12/Oct/2022:10:27:35 +0200] "GET /images/big_prod/3453131148924.jpg HTTP/1.0" 200 268 "-" "Mozilla/5.0 (compatible; AhrefsBot/7.0; +http://ahrefs.com/robot/)"
157.90.177.217 - - [12/Oct/2022:10:27:34 +0200] "GET /placemat-little-prince-p-56258.html HTTP/1.0" 200 74884 "-" "Mozilla/5.0 (compatible; BLEXBot/1.0; +http://webmeup-crawler.com/)"
157.90.177.217 - - [12/Oct/2022:10:27:50 +0200] "GET /placemat-little-prince-p-59071.html HTTP/1.0" 200 75488 "-" "Mozilla/5.0 (compatible; BLEXBot/1.0; +http://webmeup-crawler.com/)"
185.191.171.45 - - [12/Oct/2022:10:27:57 +0200] "GET /household-linen-c-11.html?page=38 HTTP/1.0" 200 94361 "-" "Mozilla/5.0 (compatible; SemrushBot/7~bl; +http://www.semrush.com/bot.html)"
157.90.177.217 - - [12/Oct/2022:10:28:07 +0200] "GET /placemat-little-prince-p-59072.html HTTP/1.0" 200 75488 "-" "Mozilla/5.0 (compatible; BLEXBot/1.0; +http://webmeup-crawler.com/)"
54.36.148.203 - - [12/Oct/2022:10:28:12 +0200] "GET /glass-lamp-p-47349.html HTTP/1.0" 200 75479 "-" "Mozilla/5.0 (compatible; AhrefsBot/7.0; +http://ahrefs.com/robot/)"
54.36.149.60 - - [12/Oct/2022:10:28:15 +0200] "GET /images/big_prod_1/843213337013N.jpg HTTP/1.0" 200 270 "-" "Mozilla/5.0 (compatible; AhrefsBot/7.0; +http://ahrefs.com/robot/)"
54.36.149.34 - - [12/Oct/2022:10:28:15 +0200] "GET /images/big_prod/843213337013.jpg HTTP/1.0" 200 267 "-" "Mozilla/5.0 (compatible; AhrefsBot/7.0; +http://ahrefs.com/robot/)"
157.90.177.217 - - [12/Oct/2022:10:28:24 +0200] "GET /placemat-little-prince-plane-p-53833.html HTTP/1.0" 200 74924 "-" "Mozilla/5.0 (compatible; BLEXBot/1.0; +http://webmeup-crawler.com/)"
185.191.171.2 - - [12/Oct/2022:10:28:26 +0200] "GET /figures-c-4_15.html?page=6 HTTP/1.0" 200 89108 "-" "Mozilla/5.0 (compatible; SemrushBot/7~bl; +http://www.semrush.com/bot.html)"
66.249.64.242 - - [12/Oct/2022:10:28:29 +0200] "GET /strawberry-shortcake-years-p-22120.html HTTP/1.0" 200 75087 "-" "Mozilla/5.0 (Linux; Android 6.0.1; Nexus 5X Build/MMB29P) AppleWebKit/537.36 (KHTML, like Gecko) Chrome/106.0.5249.103 Mobile Safari/537.36 (compatible; Googlebot/2.1; +http://www.google.com/bot.html)"
66.249.64.246 - - [12/Oct/2022:10:28:32 +0200] "GET /beautiful-tassen-salad-bowl-made-germany-p-43296.html HTTP/1.0" 200 75166 "-" "Mozilla/5.0 (Linux; Android 6.0.1; Nexus 5X Build/MMB29P) AppleWebKit/537.36 (KHTML, like Gecko) Chrome/106.0.5249.103 Mobile Safari/537.36 (compatible; Googlebot/2.1; +http://www.google.com/bot.html)"
185.191.171.42 - - [12/Oct/2022:10:28:32 +0200] "GET /child-apron-little-prince-p-58743.html?action=add_product HTTP/1.0" 302 476 "-" "Mozilla/5.0 (compatible; SemrushBot/7~bl; +http://www.semrush.com/bot.html)"
157.90.177.217 - - [12/Oct/2022:10:28:40 +0200] "GET /placemat-little-prince-sheep-p-55922.html HTTP/1.0" 200 75565 "-" "Mozilla/5.0 (compatible; BLEXBot/1.0; +http://webmeup-crawler.com/)"
54.36.149.28 - - [12/Oct/2022:10:28:50 +0200] "GET /glass-lamp-p-47224.html HTTP/1.0" 200 75483 "-" "Mozilla/5.0 (compatible; AhrefsBot/7.0; +http://ahrefs.com/robot/)"
54.36.148.70 - - [12/Oct/2022:10:28:54 +0200] "GET /images/big_prod/8422133370133N.jpg HTTP/1.0" 200 269 "-" "Mozilla/5.0 (compatible; AhrefsBot/7.0; +http://ahrefs.com/robot/)"
54.36.149.77 - - [12/Oct/2022:10:28:54 +0200] "GET /images/big_prod_1/8422133370133.jpg HTTP/1.0" 200 270 "-" "Mozilla/5.0 (compatible; AhrefsBot/7.0; +http://ahrefs.com/robot/)"
157.90.177.217 - - [12/Oct/2022:10:28:56 +0200] "GET /placemat-recette-bonheur-p-53594.html HTTP/1.0" 200 75510 "-" "Mozilla/5.0 (compatible; BLEXBot/1.0; +http://webmeup-crawler.com/)"
216.244.66.242 - - [12/Oct/2022:10:29:08 +0200] "GET /robots.txt HTTP/1.0" 200 245 "-" "Mozilla/5.0 (compatible; DotBot/1.2; +https://opensiteexplorer.org/dotbot; help@moz.com)"
157.90.177.217 - - [12/Oct/2022:10:29:11 +0200] "GET /placemat-table-bons-amis-p-53593.html HTTP/1.0" 200 75518 "-" "Mozilla/5.0 (compatible; BLEXBot/1.0; +http://webmeup-crawler.com/)"
157.90.177.217 - - [12/Oct/2022:10:29:27 +0200] "GET /placemat-unicorn-p-53602.html HTTP/1.0" 200 75406 "-" "Mozilla/5.0 (compatible; BLEXBot/1.0; +http://webmeup-crawler.com/)"
54.36.148.251 - - [12/Oct/2022:10:29:32 +0200] "GET /laissez-lucie-faire-small-wallet-manu-p-44823.html HTTP/1.0" 200 75125 "-" "Mozilla/5.0 (compatible; AhrefsBot/7.0; +http://ahrefs.com/robot/)"
54.36.149.24 - - [12/Oct/2022:10:29:35 +0200] "GET /images/big_prod/3012585002789.jpg HTTP/1.0" 200 268 "-" "Mozilla/5.0 (compatible; AhrefsBot/7.0; +http://ahrefs.com/robot/)"
157.90.177.217 - - [12/Oct/2022:10:29:43 +0200] "GET /placemat-white-blue-cement-tiles-p-57711.html HTTP/1.0" 200 75604 "-" "Mozilla/5.0 (compatible; BLEXBot/1.0; +http://webmeup-crawler.com/)"
66.249.64.246 - - [12/Oct/2022:10:29:48 +0200] "GET /pillow-case-purple-p-54626.html HTTP/1.0" 200 72318 "-" "Mozilla/5.0 (Linux; Android 6.0.1; Nexus 5X Build/MMB29P) AppleWebKit/537.36 (KHTML, like Gecko) Chrome/106.0.5249.103 Mobile Safari/537.36 (compatible; Googlebot/2.1; +http://www.google.com/bot.html)"
157.90.177.217 - - [12/Oct/2022:10:29:59 +0200] "GET /placemat-white-grey-cement-tiles-p-57712.html HTTP/1.0" 200 75603 "-" "Mozilla/5.0 (compatible; BLEXBot/1.0; +http://webmeup-crawler.com/)"
81.62.255.90 - - [12/Oct/2022:10:30:16 +0200] "GET /templates/Pixame_v1/stylesheet.css HTTP/1.0" 200 267 "http://www.wonder-geek.com/blue-brown-tone-fragrance-burner-p-58569.html" "Mozilla/5.0 (Macintosh; Intel Mac OS X 10_15_7) AppleWebKit/537.36 (KHTML, like Gecko) Chrome/106.0.0.0 Safari/537.36"
81.62.255.90 - - [12/Oct/2022:10:30:16 +0200] "GET /js/jquery.jqzoom.js HTTP/1.0" 200 259 "http://www.wonder-geek.com/blue-brown-tone-fragrance-burner-p-58569.html" "Mozilla/5.0 (Macintosh; Intel Mac OS X 10_15_7) AppleWebKit/537.36 (KHTML, like Gecko) Chrome/106.0.0.0 Safari/537.36"
81.62.255.90 - - [12/Oct/2022:10:30:16 +0200] "GET /js/jquery.js HTTP/1.0" 200 252 "http://www.wonder-geek.com/blue-brown-tone-fragrance-burner-p-58569.html" "Mozilla/5.0 (Macintosh; Intel Mac OS X 10_15_7) AppleWebKit/537.36 (KHTML, like Gecko) Chrome/106.0.0.0 Safari/537.36"
81.62.255.90 - - [12/Oct/2022:10:30:16 +0200] "GET /highslide/highslide.js HTTP/1.0" 200 262 "http://www.wonder-geek.com/blue-brown-tone-fragrance-burner-p-58569.html" "Mozilla/5.0 (Macintosh; Intel Mac OS X 10_15_7) AppleWebKit/537.36 (KHTML, like Gecko) Chrome/106.0.0.0 Safari/537.36"
81.62.255.90 - - [12/Oct/2022:10:30:16 +0200] "GET /mondial_relay/js/jquery-1.3.2.min.js HTTP/1.0" 200 276 "http://www.wonder-geek.com/blue-brown-tone-fragrance-burner-p-58569.html" "Mozilla/5.0 (Macintosh; Intel Mac OS X 10_15_7) AppleWebKit/537.36 (KHTML, like Gecko) Chrome/106.0.0.0 Safari/537.36"
81.62.255.90 - - [12/Oct/2022:10:30:16 +0200] "GET /swfobject.js HTTP/1.0" 404 1308 "http://www.wonder-geek.com/blue-brown-tone-fragrance-burner-p-58569.html" "Mozilla/5.0 (Macintosh; Intel Mac OS X 10_15_7) AppleWebKit/537.36 (KHTML, like Gecko) Chrome/106.0.0.0 Safari/537.36"
81.62.255.90 - - [12/Oct/2022:10:30:16 +0200] "GET /templates/Pixame_v1/images/icon_accueil2.png HTTP/1.0" 200 278 "http://www.wonder-geek.com/blue-brown-tone-fragrance-burner-p-58569.html" "Mozilla/5.0 (Macintosh; Intel Mac OS X 10_15_7) AppleWebKit/537.36 (KHTML, like Gecko) Chrome/106.0.0.0 Safari/537.36"
81.62.255.90 - - [12/Oct/2022:10:30:17 +0200] "GET /templates/Pixame_v1/images/infobox/pixel_trans.gif HTTP/1.0" 200 328 "http://www.wonder-geek.com/blue-brown-tone-fragrance-burner-p-58569.html" "Mozilla/5.0 (Macintosh; Intel Mac OS X 10_15_7) AppleWebKit/537.36 (KHTML, like Gecko) Chrome/106.0.0.0 Safari/537.36"
81.62.255.90 - - [12/Oct/2022:10:30:17 +0200] "GET /images/pixel_trans.gif HTTP/1.0" 200 328 "http://www.wonder-geek.com/blue-brown-tone-fragrance-burner-p-58569.html" "Mozilla/5.0 (Macintosh; Intel Mac OS X 10_15_7) AppleWebKit/537.36 (KHTML, like Gecko) Chrome/106.0.0.0 Safari/537.36"
81.62.255.90 - - [12/Oct/2022:10:30:17 +0200] "GET /templates/Pixame_v1/images/pixel_trans.gif HTTP/1.0" 200 328 "http://www.wonder-geek.com/blue-brown-tone-fragrance-burner-p-58569.html" "Mozilla/5.0 (Macintosh; Intel Mac OS X 10_15_7) AppleWebKit/537.36 (KHTML, like Gecko) Chrome/106.0.0.0 Safari/537.36"
81.62.255.90 - - [12/Oct/2022:10:30:17 +0200] "GET /templates/Pixame_v1/images/header-object.png HTTP/1.0" 200 278 "http://www.wonder-geek.com/templates/Pixame_v1/stylesheet.css" "Mozilla/5.0 (Macintosh; Intel Mac OS X 10_15_7) AppleWebKit/537.36 (KHTML, like Gecko) Chrome/106.0.0.0 Safari/537.36"
81.62.255.90 - - [12/Oct/2022:10:30:17 +0200] "GET /templates/Pixame_v1/images/nav.png HTTP/1.0" 200 268 "http://www.wonder-geek.com/templates/Pixame_v1/stylesheet.css" "Mozilla/5.0 (Macintosh; Intel Mac OS X 10_15_7) AppleWebKit/537.36 (KHTML, like Gecko) Chrome/106.0.0.0 Safari/537.36"
81.62.255.90 - - [12/Oct/2022:10:30:17 +0200] "GET /templates/Pixame_v1/images/header.png HTTP/1.0" 200 271 "http://www.wonder-geek.com/templates/Pixame_v1/stylesheet.css" "Mozilla/5.0 (Macintosh; Intel Mac OS X 10_15_7) AppleWebKit/537.36 (KHTML, like Gecko) Chrome/106.0.0.0 Safari/537.36"
81.62.255.90 - - [12/Oct/2022:10:30:17 +0200] "GET /templates/Pixame_v1/images/Middle_texture.jpg HTTP/1.0" 200 280 "http://www.wonder-geek.com/templates/Pixame_v1/stylesheet.css" "Mozilla/5.0 (Macintosh; Intel Mac OS X 10_15_7) AppleWebKit/537.36 (KHTML, like Gecko) Chrome/106.0.0.0 Safari/537.36"
81.62.255.90 - - [12/Oct/2022:10:30:17 +0200] "GET /templates/Pixame_v1/images/Bottom_texture.jpg HTTP/1.0" 200 280 "http://www.wonder-geek.com/templates/Pixame_v1/stylesheet.css" "Mozilla/5.0 (Macintosh; Intel Mac OS X 10_15_7) AppleWebKit/537.36 (KHTML, like Gecko) Chrome/106.0.0.0 Safari/537.36"
81.62.255.90 - - [12/Oct/2022:10:30:17 +0200] "GET /design/productsenstock.png HTTP/1.0" 200 260 "http://www.wonder-geek.com/templates/Pixame_v1/stylesheet.css" "Mozilla/5.0 (Macintosh; Intel Mac OS X 10_15_7) AppleWebKit/537.36 (KHTML, like Gecko) Chrome/106.0.0.0 Safari/537.36"
81.62.255.90 - - [12/Oct/2022:10:30:17 +0200] "GET /templates/Pixame_v1/images/infobox/infobox_footer_middle.gif HTTP/1.0" 200 357 "http://www.wonder-geek.com/blue-brown-tone-fragrance-burner-p-58569.html" "Mozilla/5.0 (Macintosh; Intel Mac OS X 10_15_7) AppleWebKit/537.36 (KHTML, like Gecko) Chrome/106.0.0.0 Safari/537.36"
81.62.255.90 - - [12/Oct/2022:10:30:15 +0200] "GET /blue-brown-tone-fragrance-burner-p-58569.html HTTP/1.0" 200 75960 "https://www.google.com/" "Mozilla/5.0 (Macintosh; Intel Mac OS X 10_15_7) AppleWebKit/537.36 (KHTML, like Gecko) Chrome/106.0.0.0 Safari/537.36"
81.62.255.90 - - [12/Oct/2022:10:30:18 +0200] "GET /images/big_prod_1/3660173247632B.jpg HTTP/1.0" 200 271 "http://www.wonder-geek.com/blue-brown-tone-fragrance-burner-p-58569.html" "Mozilla/5.0 (Macintosh; Intel Mac OS X 10_15_7) AppleWebKit/537.36 (KHTML, like Gecko) Chrome/106.0.0.0 Safari/537.36"
81.62.255.90 - - [12/Oct/2022:10:30:18 +0200] "GET /images/big_prod/3660173247632.jpg HTTP/1.0" 200 268 "http://www.wonder-geek.com/blue-brown-tone-fragrance-burner-p-58569.html" "Mozilla/5.0 (Macintosh; Intel Mac OS X 10_15_7) AppleWebKit/537.36 (KHTML, like Gecko) Chrome/106.0.0.0 Safari/537.36"
81.62.255.90 - - [12/Oct/2022:10:30:18 +0200] "GET /images/big_prod_2/3660173247632C.jpg HTTP/1.0" 200 271 "http://www.wonder-geek.com/blue-brown-tone-fragrance-burner-p-58569.html" "Mozilla/5.0 (Macintosh; Intel Mac OS X 10_15_7) AppleWebKit/537.36 (KHTML, like Gecko) Chrome/106.0.0.0 Safari/537.36"
81.62.255.90 - - [12/Oct/2022:10:30:18 +0200] "GET /highslide/graphics/zoomin.cur HTTP/1.0" 200 614 "http://www.wonder-geek.com/templates/Pixame_v1/stylesheet.css" "Mozilla/5.0 (Macintosh; Intel Mac OS X 10_15_7) AppleWebKit/537.36 (KHTML, like Gecko) Chrome/106.0.0.0 Safari/537.36"
81.62.255.90 - - [12/Oct/2022:10:30:18 +0200] "GET /templates/Pixame_v1/images/buttons/english/button_in_cart.gif HTTP/1.0" 200 295 "http://www.wonder-geek.com/blue-brown-tone-fragrance-burner-p-58569.html" "Mozilla/5.0 (Macintosh; Intel Mac OS X 10_15_7) AppleWebKit/537.36 (KHTML, like Gecko) Chrome/106.0.0.0 Safari/537.36"
81.62.255.90 - - [12/Oct/2022:10:30:18 +0200] "GET /highslide/graphics/zoomout.cur HTTP/1.0" 200 614 "http://www.wonder-geek.com/blue-brown-tone-fragrance-burner-p-58569.html" "Mozilla/5.0 (Macintosh; Intel Mac OS X 10_15_7) AppleWebKit/537.36 (KHTML, like Gecko) Chrome/106.0.0.0 Safari/537.36"
81.62.255.90 - - [12/Oct/2022:10:30:18 +0200] "GET /highslide/graphics/outlines/drop-shadow.png HTTP/1.0" 200 277 "http://www.wonder-geek.com/blue-brown-tone-fragrance-burner-p-58569.html" "Mozilla/5.0 (Macintosh; Intel Mac OS X 10_15_7) AppleWebKit/537.36 (KHTML, like Gecko) Chrome/106.0.0.0 Safari/537.36"
81.62.255.90 - - [12/Oct/2022:10:30:18 +0200] "GET /highslide/graphics/loader.white.gif HTTP/1.0" 200 960 "http://www.wonder-geek.com/templates/Pixame_v1/stylesheet.css" "Mozilla/5.0 (Macintosh; Intel Mac OS X 10_15_7) AppleWebKit/537.36 (KHTML, like Gecko) Chrome/106.0.0.0 Safari/537.36"
81.62.255.90 - - [12/Oct/2022:10:30:18 +0200] "GET /favicon.ico HTTP/1.0" 200 260 "http://www.wonder-geek.com/blue-brown-tone-fragrance-burner-p-58569.html" "Mozilla/5.0 (Macintosh; Intel Mac OS X 10_15_7) AppleWebKit/537.36 (KHTML, like Gecko) Chrome/106.0.0.0 Safari/537.36"
157.90.177.217 - - [12/Oct/2022:10:30:16 +0200] "GET /placemat-white-grey-cement-tiles-p-58388.html HTTP/1.0" 200 75560 "-" "Mozilla/5.0 (compatible; BLEXBot/1.0; +http://webmeup-crawler.com/)"
157.90.177.217 - - [12/Oct/2022:10:30:35 +0200] "GET /placemats-c-12_156.html?page=1 HTTP/1.0" 200 94677 "-" "Mozilla/5.0 (compatible; BLEXBot/1.0; +http://webmeup-crawler.com/)"
66.249.64.246 - - [12/Oct/2022:10:30:38 +0200] "GET /citron-2cv-miniature-vehicle-p-37212.html HTTP/1.0" 301 72315 "-" "Mozilla/5.0 (Linux; Android 6.0.1; Nexus 5X Build/MMB29P) AppleWebKit/537.36 (KHTML, like Gecko) Chrome/106.0.5249.103 Mobile Safari/537.36 (compatible; Googlebot/2.1; +http://www.google.com/bot.html)"
66.249.64.244 - - [12/Oct/2022:10:30:40 +0200] "GET /-p-37212.html HTTP/1.0" 200 72248 "-" "Mozilla/5.0 (Linux; Android 6.0.1; Nexus 5X Build/MMB29P) AppleWebKit/537.36 (KHTML, like Gecko) Chrome/106.0.5249.103 Mobile Safari/537.36 (compatible; Googlebot/2.1; +http://www.google.com/bot.html)"
66.249.64.242 - - [12/Oct/2022:10:30:53 +0200] "GET /images/big_prod/3700516219145.jpg HTTP/1.0" 200 268 "-" "Googlebot-Image/1.0"
157.90.177.217 - - [12/Oct/2022:10:30:53 +0200] "GET /plaid-imitation-blue-peacok-p-53215.html HTTP/1.0" 200 75029 "-" "Mozilla/5.0 (compatible; BLEXBot/1.0; +http://webmeup-crawler.com/)"
185.191.171.23 - - [12/Oct/2022:10:30:54 +0200] "GET /clock-feet-retro-gold-p-58819.html?action=add_product HTTP/1.0" 302 476 "-" "Mozilla/5.0 (compatible; SemrushBot/7~bl; +http://www.semrush.com/bot.html)"
54.36.148.89 - - [12/Oct/2022:10:30:57 +0200] "GET /harley-davidson-lighter-p-37649.html HTTP/1.0" 200 75962 "-" "Mozilla/5.0 (compatible; AhrefsBot/7.0; +http://ahrefs.com/robot/)"
54.36.148.140 - - [12/Oct/2022:10:31:01 +0200] "GET /images/big_prod/1341689117993.jpg HTTP/1.0" 200 268 "-" "Mozilla/5.0 (compatible; AhrefsBot/7.0; +http://ahrefs.com/robot/)"
157.90.177.217 - - [12/Oct/2022:10:31:08 +0200] "GET /plaid-imitation-pink-p-46392.html HTTP/1.0" 200 74985 "-" "Mozilla/5.0 (compatible; BLEXBot/1.0; +http://webmeup-crawler.com/)"
157.90.177.217 - - [12/Oct/2022:10:31:24 +0200] "GET /plaisir-partager-round-placemat-p-57749.html HTTP/1.0" 200 75581 "-" "Mozilla/5.0 (compatible; BLEXBot/1.0; +http://webmeup-crawler.com/)"
157.90.177.217 - - [12/Oct/2022:10:31:40 +0200] "GET /planes-cushion-p-25908.html HTTP/1.0" 200 74920 "-" "Mozilla/5.0 (compatible; BLEXBot/1.0; +http://webmeup-crawler.com/)"
185.191.171.42 - - [12/Oct/2022:10:31:41 +0200] "GET /teapot-with-stainless-steel-infuser-p-59067.html?action=add_product HTTP/1.0" 302 476 "-" "Mozilla/5.0 (compatible; SemrushBot/7~bl; +http://www.semrush.com/bot.html)"
163.220.128.41 - - [12/Oct/2022:10:31:46 +0200] "GET /images/mini_prod/3453131139625.jpg HTTP/1.0" 200 269 "-" "Mozilla/5.0 (X11; Ubuntu; Linux x86_64; rv:72.0) Gecko/20100101 Firefox/72.0"
185.191.171.12 - - [12/Oct/2022:10:31:45 +0200] "GET /baroque-bedhead-wall-sticker-p-38330.html HTTP/1.0" 200 75048 "-" "Mozilla/5.0 (compatible; SemrushBot/7~bl; +http://www.semrush.com/bot.html)"
54.36.148.220 - - [12/Oct/2022:10:31:51 +0200] "GET /cars-training-bottle-p-20356.html HTTP/1.0" 200 74855 "-" "Mozilla/5.0 (compatible; AhrefsBot/7.0; +http://ahrefs.com/robot/)"
157.90.177.217 - - [12/Oct/2022:10:31:56 +0200] "GET /planes-cushion-p-25909.html HTTP/1.0" 200 74920 "-" "Mozilla/5.0 (compatible; BLEXBot/1.0; +http://webmeup-crawler.com/)"
216.244.66.242 - - [12/Oct/2022:10:31:57 +0200] "GET /personalized-products-c-97.html HTTP/1.0" 200 92053 "-" "Mozilla/5.0 (compatible; DotBot/1.2; +https://opensiteexplorer.org/dotbot; help@moz.com)"
157.90.177.217 - - [12/Oct/2022:10:32:13 +0200] "GET /planes-p-24525.html HTTP/1.0" 200 74925 "-" "Mozilla/5.0 (compatible; BLEXBot/1.0; +http://webmeup-crawler.com/)"
185.191.171.19 - - [12/Oct/2022:10:32:14 +0200] "GET /small-ceramic-lamp-p-54851.html HTTP/1.0" 200 72330 "-" "Mozilla/5.0 (compatible; SemrushBot/7~bl; +http://www.semrush.com/bot.html)"
216.244.66.242 - - [12/Oct/2022:10:32:27 +0200] "GET /products_new.php HTTP/1.0" 200 97297 "-" "Mozilla/5.0 (compatible; DotBot/1.2; +https://opensiteexplorer.org/dotbot; help@moz.com)"
157.90.177.217 - - [12/Oct/2022:10:32:31 +0200] "GET /planes-p-24526.html HTTP/1.0" 200 74924 "-" "Mozilla/5.0 (compatible; BLEXBot/1.0; +http://webmeup-crawler.com/)"
185.191.171.44 - - [12/Oct/2022:10:32:41 +0200] "GET /transportable-gray-table-lamp-p-56449.html HTTP/1.0" 200 75688 "-" "Mozilla/5.0 (compatible; SemrushBot/7~bl; +http://www.semrush.com/bot.html)"
54.36.149.92 - - [12/Oct/2022:10:32:44 +0200] "GET /isothermic-stainless-steel-bottle-allen-p-57593.html HTTP/1.0" 200 75840 "-" "Mozilla/5.0 (compatible; AhrefsBot/7.0; +http://ahrefs.com/robot/)"
54.36.148.48 - - [12/Oct/2022:10:32:48 +0200] "GET /images/big_prod_1/3453131160421C.jpg HTTP/1.0" 200 271 "-" "Mozilla/5.0 (compatible; AhrefsBot/7.0; +http://ahrefs.com/robot/)"
54.36.148.186 - - [12/Oct/2022:10:32:48 +0200] "GET /images/big_prod/3453131160421B.jpg HTTP/1.0" 200 269 "-" "Mozilla/5.0 (compatible; AhrefsBot/7.0; +http://ahrefs.com/robot/)"
157.90.177.217 - - [12/Oct/2022:10:32:47 +0200] "GET /planes-placemat-p-31795.html HTTP/1.0" 200 74899 "-" "Mozilla/5.0 (compatible; BLEXBot/1.0; +http://webmeup-crawler.com/)"
216.244.66.242 - - [12/Oct/2022:10:32:55 +0200] "GET /set-c-2_34.html HTTP/1.0" 200 78570 "-" "Mozilla/5.0 (compatible; DotBot/1.2; +https://opensiteexplorer.org/dotbot; help@moz.com)"
157.90.177.217 - - [12/Oct/2022:10:33:03 +0200] "GET /planes-placemat-p-31796.html HTTP/1.0" 200 74899 "-" "Mozilla/5.0 (compatible; BLEXBot/1.0; +http://webmeup-crawler.com/)"
66.249.64.242 - - [12/Oct/2022:10:33:10 +0200] "GET /pillow-case-organic-cotton-terracotta-p-58619.html HTTP/1.0" 200 76123 "-" "Mozilla/5.0 (compatible; Googlebot/2.1; +http://www.google.com/bot.html)"
157.90.177.217 - - [12/Oct/2022:10:33:20 +0200] "GET /plant-suspensions-wall-sticker-p-51879.html HTTP/1.0" 200 75601 "-" "Mozilla/5.0 (compatible; BLEXBot/1.0; +http://webmeup-crawler.com/)"
