157.90.177.217 - - [12/Oct/2022:04:23:27 +0200] "GET /maison-vacances-wall-hanger-p-41102.html HTTP/1.0" 200 75135 "-" "Mozilla/5.0 (compatible; BLEXBot/1.0; +http://webmeup-crawler.com/)"
65.108.125.120 - - [12/Oct/2022:04:23:27 +0200] "GET /retro-ceramic-flatware-beer-p-42148.html HTTP/1.0" 200 75011 "-" "Mozilla/5.0 (compatible; MJ12bot/v1.4.8; http://mj12bot.com/)"
65.108.125.120 - - [12/Oct/2022:04:23:31 +0200] "GET /retro-ceramic-flatware-beer-p-42149.html HTTP/1.0" 200 75011 "-" "Mozilla/5.0 (compatible; MJ12bot/v1.4.8; http://mj12bot.com/)"
65.108.125.120 - - [12/Oct/2022:04:23:34 +0200] "GET /retro-ceramic-pot-for-coffee-large-model-p-35951.html HTTP/1.0" 301 72528 "-" "Mozilla/5.0 (compatible; MJ12bot/v1.4.8; http://mj12bot.com/)"
65.108.125.120 - - [12/Oct/2022:04:23:37 +0200] "GET /retro-ceramic-coffee-large-model-p-35951.html HTTP/1.0" 200 72429 "-" "Mozilla/5.0 (compatible; MJ12bot/v1.4.8; http://mj12bot.com/)"
65.108.125.120 - - [12/Oct/2022:04:23:39 +0200] "GET /retro-ceramic-pot-for-coffee-small-model-p-35950.html HTTP/1.0" 301 72528 "-" "Mozilla/5.0 (compatible; MJ12bot/v1.4.8; http://mj12bot.com/)"
157.90.177.217 - - [12/Oct/2022:04:23:41 +0200] "GET /maisy-baby-training-p-19429.html HTTP/1.0" 200 75062 "-" "Mozilla/5.0 (compatible; BLEXBot/1.0; +http://webmeup-crawler.com/)"
65.108.125.120 - - [12/Oct/2022:04:23:42 +0200] "GET /retro-ceramic-coffee-small-model-p-35950.html HTTP/1.0" 200 72429 "-" "Mozilla/5.0 (compatible; MJ12bot/v1.4.8; http://mj12bot.com/)"
65.108.125.120 - - [12/Oct/2022:04:23:46 +0200] "GET /retro-clock-p-56545.html HTTP/1.0" 200 74830 "-" "Mozilla/5.0 (compatible; MJ12bot/v1.4.8; http://mj12bot.com/)"
65.108.125.120 - - [12/Oct/2022:04:23:49 +0200] "GET /retro-coasters-p-28601.html HTTP/1.0" 301 72315 "-" "Mozilla/5.0 (compatible; MJ12bot/v1.4.8; http://mj12bot.com/)"
54.36.148.215 - - [12/Oct/2022:04:23:51 +0200] "GET /hearts-butterfly-p-39363.html HTTP/1.0" 200 76179 "-" "Mozilla/5.0 (compatible; AhrefsBot/7.0; +http://ahrefs.com/robot/)"
65.108.125.120 - - [12/Oct/2022:04:23:52 +0200] "GET /-p-28601.html HTTP/1.0" 200 72248 "-" "Mozilla/5.0 (compatible; MJ12bot/v1.4.8; http://mj12bot.com/)"
157.90.177.217 - - [12/Oct/2022:04:23:55 +0200] "GET /make-happen-isothermic-stainless-steel-bottle-allen-p-52007.html HTTP/1.0" 200 75840 "-" "Mozilla/5.0 (compatible; BLEXBot/1.0; +http://webmeup-crawler.com/)"
54.36.148.55 - - [12/Oct/2022:04:23:58 +0200] "GET /images/big_prod/638713366245.jpg HTTP/1.0" 200 267 "-" "Mozilla/5.0 (compatible; AhrefsBot/7.0; +http://ahrefs.com/robot/)"
65.108.125.120 - - [12/Oct/2022:04:23:56 +0200] "GET /retro-coasters-p-40044.html HTTP/1.0" 200 74850 "-" "Mozilla/5.0 (compatible; MJ12bot/v1.4.8; http://mj12bot.com/)"
65.108.125.120 - - [12/Oct/2022:04:24:00 +0200] "GET /retro-coasters-p-40073.html HTTP/1.0" 200 74850 "-" "Mozilla/5.0 (compatible; MJ12bot/v1.4.8; http://mj12bot.com/)"
65.108.125.120 - - [12/Oct/2022:04:24:03 +0200] "GET /retro-post-card-box-48-cm-p-35731.html HTTP/1.0" 301 72426 "-" "Mozilla/5.0 (compatible; MJ12bot/v1.4.8; http://mj12bot.com/)"
65.108.125.120 - - [12/Oct/2022:04:24:05 +0200] "GET /retro-post-card-p-35731.html HTTP/1.0" 200 72344 "-" "Mozilla/5.0 (compatible; MJ12bot/v1.4.8; http://mj12bot.com/)"
65.108.125.120 - - [12/Oct/2022:04:24:08 +0200] "GET /retro-post-card-p-35731.html HTTP/1.0" 200 72344 "-" "Mozilla/5.0 (compatible; MJ12bot/v1.4.8; http://mj12bot.com/)"
157.90.177.217 - - [12/Oct/2022:04:24:09 +0200] "GET /make-happen-metal-bicycle-horn-michelle-allen-designs-p-57016.html HTTP/1.0" 200 75178 "-" "Mozilla/5.0 (compatible; BLEXBot/1.0; +http://webmeup-crawler.com/)"
65.108.125.120 - - [12/Oct/2022:04:24:11 +0200] "GET /retro-scooter-clock-p-34215.html HTTP/1.0" 301 72315 "-" "Mozilla/5.0 (compatible; MJ12bot/v1.4.8; http://mj12bot.com/)"
65.108.125.120 - - [12/Oct/2022:04:24:15 +0200] "GET /-p-34215.html HTTP/1.0" 200 72248 "-" "Mozilla/5.0 (compatible; MJ12bot/v1.4.8; http://mj12bot.com/)"
65.108.125.120 - - [12/Oct/2022:04:24:18 +0200] "GET /retro-set-of-coasters-p-28601.html HTTP/1.0" 301 72315 "-" "Mozilla/5.0 (compatible; MJ12bot/v1.4.8; http://mj12bot.com/)"
65.108.125.120 - - [12/Oct/2022:04:24:20 +0200] "GET /-p-28601.html HTTP/1.0" 200 72248 "-" "Mozilla/5.0 (compatible; MJ12bot/v1.4.8; http://mj12bot.com/)"
65.108.125.120 - - [12/Oct/2022:04:24:23 +0200] "GET /retro-set-of-coasters-p-40044.html HTTP/1.0" 301 74931 "-" "Mozilla/5.0 (compatible; MJ12bot/v1.4.8; http://mj12bot.com/)"
157.90.177.217 - - [12/Oct/2022:04:24:25 +0200] "GET /make-planet-green-again-adult-apron-p-55852.html HTTP/1.0" 200 75635 "-" "Mozilla/5.0 (compatible; BLEXBot/1.0; +http://webmeup-crawler.com/)"
65.108.125.120 - - [12/Oct/2022:04:24:26 +0200] "GET /retro-coasters-p-40044.html HTTP/1.0" 200 74850 "-" "Mozilla/5.0 (compatible; MJ12bot/v1.4.8; http://mj12bot.com/)"
65.108.125.120 - - [12/Oct/2022:04:24:30 +0200] "GET /retro-set-of-coasters-p-40073.html HTTP/1.0" 301 74931 "-" "Mozilla/5.0 (compatible; MJ12bot/v1.4.8; http://mj12bot.com/)"
65.108.125.120 - - [12/Oct/2022:04:24:33 +0200] "GET /retro-coasters-p-40073.html HTTP/1.0" 200 74850 "-" "Mozilla/5.0 (compatible; MJ12bot/v1.4.8; http://mj12bot.com/)"
65.108.125.120 - - [12/Oct/2022:04:24:36 +0200] "GET /retro-sugar-bowl-with-metal-spout-p-45509.html HTTP/1.0" 200 72370 "-" "Mozilla/5.0 (compatible; MJ12bot/v1.4.8; http://mj12bot.com/)"
65.108.125.120 - - [12/Oct/2022:04:24:39 +0200] "GET /retro-wooden-photo-frame-36-cm-p-42194.html HTTP/1.0" 301 75168 "-" "Mozilla/5.0 (compatible; MJ12bot/v1.4.8; http://mj12bot.com/)"
185.191.171.19 - - [12/Oct/2022:04:24:38 +0200] "GET /fragrances-ambiance-c-231.html?page=41 HTTP/1.0" 200 96196 "-" "Mozilla/5.0 (compatible; SemrushBot/7~bl; +http://www.semrush.com/bot.html)"
157.90.177.217 - - [12/Oct/2022:04:24:41 +0200] "GET /make-planet-green-again-isothermic-stainless-steel-bottle-p-54049.html HTTP/1.0" 200 75263 "-" "Mozilla/5.0 (compatible; BLEXBot/1.0; +http://webmeup-crawler.com/)"
65.108.125.120 - - [12/Oct/2022:04:24:41 +0200] "GET /retro-wooden-photo-frame-p-42194.html HTTP/1.0" 200 75077 "-" "Mozilla/5.0 (compatible; MJ12bot/v1.4.8; http://mj12bot.com/)"
185.191.171.23 - - [12/Oct/2022:04:24:42 +0200] "GET /cotton-apron-owlet-allen-designs-p-56807.html HTTP/1.0" 200 75702 "-" "Mozilla/5.0 (compatible; SemrushBot/7~bl; +http://www.semrush.com/bot.html)"
65.108.125.120 - - [12/Oct/2022:04:24:44 +0200] "GET /retro-wooden-photo-frame-p-42194.html HTTP/1.0" 200 75077 "-" "Mozilla/5.0 (compatible; MJ12bot/v1.4.8; http://mj12bot.com/)"
185.191.171.41 - - [12/Oct/2022:04:24:46 +0200] "GET /removable-cushion-polar-fleece-p-57913.html HTTP/1.0" 200 75806 "-" "Mozilla/5.0 (compatible; SemrushBot/7~bl; +http://www.semrush.com/bot.html)"
65.108.125.120 - - [12/Oct/2022:04:24:47 +0200] "GET /reversible-chipie-bedclothes-140-200-cm-p-49676.html HTTP/1.0" 301 76091 "-" "Mozilla/5.0 (compatible; MJ12bot/v1.4.8; http://mj12bot.com/)"
185.191.171.23 - - [12/Oct/2022:04:24:49 +0200] "GET /small-japanese-black-cast-iron-teapot-liter-p-54896.html HTTP/1.0" 200 75325 "-" "Mozilla/5.0 (compatible; SemrushBot/7~bl; +http://www.semrush.com/bot.html)"
65.108.125.120 - - [12/Oct/2022:04:24:50 +0200] "GET /reversible-chipie-bedclothes-p-49676.html HTTP/1.0" 200 75996 "-" "Mozilla/5.0 (compatible; MJ12bot/v1.4.8; http://mj12bot.com/)"
65.108.125.120 - - [12/Oct/2022:04:24:53 +0200] "GET /reversible-chipie-bedclothes-p-49676.html HTTP/1.0" 200 75996 "-" "Mozilla/5.0 (compatible; MJ12bot/v1.4.8; http://mj12bot.com/)"
157.90.177.217 - - [12/Oct/2022:04:24:54 +0200] "GET /makeup-cabinet-with-music-ballet-dancer-p-57013.html HTTP/1.0" 200 76058 "-" "Mozilla/5.0 (compatible; BLEXBot/1.0; +http://webmeup-crawler.com/)"
65.108.125.120 - - [12/Oct/2022:04:24:56 +0200] "GET /reversible-patrol-bedclothes-p-49675.html HTTP/1.0" 301 72315 "-" "Mozilla/5.0 (compatible; MJ12bot/v1.4.8; http://mj12bot.com/)"
66.249.64.244 - - [12/Oct/2022:04:24:57 +0200] "GET /placemat-italian-menu-p-57514.html HTTP/1.0" 200 74862 "-" "Mozilla/5.0 (compatible; Googlebot/2.1; +http://www.google.com/bot.html)"
66.249.64.246 - - [12/Oct/2022:04:24:58 +0200] "GET /white-gold-wood-p-55745.html HTTP/1.0" 200 72322 "-" "Mozilla/5.0 (Linux; Android 6.0.1; Nexus 5X Build/MMB29P) AppleWebKit/537.36 (KHTML, like Gecko) Chrome/106.0.5249.103 Mobile Safari/537.36 (compatible; Googlebot/2.1; +http://www.google.com/bot.html)"
65.108.125.120 - - [12/Oct/2022:04:24:59 +0200] "GET /-p-49675.html HTTP/1.0" 200 72248 "-" "Mozilla/5.0 (compatible; MJ12bot/v1.4.8; http://mj12bot.com/)"
65.108.125.120 - - [12/Oct/2022:04:25:02 +0200] "GET /reversible-paw-patrol-bedclothes-140-200-cm-p-49675.html HTTP/1.0" 301 72315 "-" "Mozilla/5.0 (compatible; MJ12bot/v1.4.8; http://mj12bot.com/)"
65.108.125.120 - - [12/Oct/2022:04:25:05 +0200] "GET /-p-49675.html HTTP/1.0" 200 72248 "-" "Mozilla/5.0 (compatible; MJ12bot/v1.4.8; http://mj12bot.com/)"
216.244.66.242 - - [12/Oct/2022:04:25:06 +0200] "GET /robots.txt HTTP/1.0" 200 245 "-" "Mozilla/5.0 (compatible; DotBot/1.2; +https://opensiteexplorer.org/dotbot; help@moz.com)"
65.108.125.120 - - [12/Oct/2022:04:25:08 +0200] "GET /rhinoceros-jar-utensil-cbkreation-p-33799.html HTTP/1.0" 301 75061 "-" "Mozilla/5.0 (compatible; MJ12bot/v1.4.8; http://mj12bot.com/)"
157.90.177.217 - - [12/Oct/2022:04:25:08 +0200] "GET /makeup-mani-lucky-light-pink-p-37357.html HTTP/1.0" 200 75142 "-" "Mozilla/5.0 (compatible; BLEXBot/1.0; +http://webmeup-crawler.com/)"
65.108.125.120 - - [12/Oct/2022:04:25:10 +0200] "GET /rhinoceros-utensil-cbkreation-p-33799.html HTTP/1.0" 200 74965 "-" "Mozilla/5.0 (compatible; MJ12bot/v1.4.8; http://mj12bot.com/)"
65.108.125.120 - - [12/Oct/2022:04:25:13 +0200] "GET /rhinoceros-utensil-cbkreation-p-33799.html HTTP/1.0" 200 74965 "-" "Mozilla/5.0 (compatible; MJ12bot/v1.4.8; http://mj12bot.com/)"
54.36.148.172 - - [12/Oct/2022:04:25:14 +0200] "GET /saint-michael-salt-lamp-approx-p-56836.html HTTP/1.0" 200 75980 "-" "Mozilla/5.0 (compatible; AhrefsBot/7.0; +http://ahrefs.com/robot/)"
65.108.125.120 - - [12/Oct/2022:04:25:16 +0200] "GET /robocar-poli-car-mini-p-27996.html HTTP/1.0" 301 72315 "-" "Mozilla/5.0 (compatible; MJ12bot/v1.4.8; http://mj12bot.com/)"
54.36.149.95 - - [12/Oct/2022:04:25:18 +0200] "GET /images/big_prod_1/3700344927243a.jpg HTTP/1.0" 200 271 "-" "Mozilla/5.0 (compatible; AhrefsBot/7.0; +http://ahrefs.com/robot/)"
54.36.148.111 - - [12/Oct/2022:04:25:18 +0200] "GET /images/big_prod/3700344927243.jpg HTTP/1.0" 200 268 "-" "Mozilla/5.0 (compatible; AhrefsBot/7.0; +http://ahrefs.com/robot/)"
65.108.125.120 - - [12/Oct/2022:04:25:19 +0200] "GET /-p-27996.html HTTP/1.0" 200 72248 "-" "Mozilla/5.0 (compatible; MJ12bot/v1.4.8; http://mj12bot.com/)"
157.90.177.217 - - [12/Oct/2022:04:25:22 +0200] "GET /makeup-mani-lucky-light-pink-p-47622.html HTTP/1.0" 200 75779 "-" "Mozilla/5.0 (compatible; BLEXBot/1.0; +http://webmeup-crawler.com/)"
65.108.125.120 - - [12/Oct/2022:04:25:22 +0200] "GET /robocar-poli-car-mini-p-27998.html HTTP/1.0" 301 72315 "-" "Mozilla/5.0 (compatible; MJ12bot/v1.4.8; http://mj12bot.com/)"
65.108.125.120 - - [12/Oct/2022:04:25:26 +0200] "GET /-p-27998.html HTTP/1.0" 200 72248 "-" "Mozilla/5.0 (compatible; MJ12bot/v1.4.8; http://mj12bot.com/)"
65.108.125.120 - - [12/Oct/2022:04:25:29 +0200] "GET /robocar-poli-car-mini-p-28001.html HTTP/1.0" 301 72315 "-" "Mozilla/5.0 (compatible; MJ12bot/v1.4.8; http://mj12bot.com/)"
65.108.125.120 - - [12/Oct/2022:04:25:31 +0200] "GET /-p-28001.html HTTP/1.0" 200 72248 "-" "Mozilla/5.0 (compatible; MJ12bot/v1.4.8; http://mj12bot.com/)"
65.108.125.120 - - [12/Oct/2022:04:25:34 +0200] "GET /robot-clock-p-29977.html HTTP/1.0" 200 72282 "-" "Mozilla/5.0 (compatible; MJ12bot/v1.4.8; http://mj12bot.com/)"
157.90.177.217 - - [12/Oct/2022:04:25:36 +0200] "GET /makeup-mani-lucky-p-44101.html HTTP/1.0" 200 75040 "-" "Mozilla/5.0 (compatible; BLEXBot/1.0; +http://webmeup-crawler.com/)"
65.108.125.120 - - [12/Oct/2022:04:25:37 +0200] "GET /rock-candle-30-hours-red-p-42099.html HTTP/1.0" 301 72315 "-" "Mozilla/5.0 (compatible; MJ12bot/v1.4.8; http://mj12bot.com/)"
185.191.171.7 - - [12/Oct/2022:04:25:38 +0200] "GET /artisan-plaster-thermometer-handcrafted-p-58027.html HTTP/1.0" 200 76112 "-" "Mozilla/5.0 (compatible; SemrushBot/7~bl; +http://www.semrush.com/bot.html)"
65.108.125.120 - - [12/Oct/2022:04:25:40 +0200] "GET /-p-42099.html HTTP/1.0" 200 72248 "-" "Mozilla/5.0 (compatible; MJ12bot/v1.4.8; http://mj12bot.com/)"
65.108.125.120 - - [12/Oct/2022:04:25:43 +0200] "GET /rock-candle-hours-p-42099.html HTTP/1.0" 301 72315 "-" "Mozilla/5.0 (compatible; MJ12bot/v1.4.8; http://mj12bot.com/)"
66.249.64.246 - - [12/Oct/2022:04:25:45 +0200] "GET /skull-sailor-moneybox-grey-p-32590.html HTTP/1.0" 200 74902 "-" "Mozilla/5.0 (compatible; Googlebot/2.1; +http://www.google.com/bot.html)"
65.108.125.120 - - [12/Oct/2022:04:25:46 +0200] "GET /-p-42099.html HTTP/1.0" 200 72248 "-" "Mozilla/5.0 (compatible; MJ12bot/v1.4.8; http://mj12bot.com/)"
185.191.171.2 - - [12/Oct/2022:04:25:47 +0200] "GET /bagshandbags-shoulder-bags-c-31_81.html?page=2 HTTP/1.0" 200 98088 "-" "Mozilla/5.0 (compatible; SemrushBot/7~bl; +http://www.semrush.com/bot.html)"
65.108.125.120 - - [12/Oct/2022:04:25:49 +0200] "GET /rollia-bedclothes-240-220-cm-p-43956.html HTTP/1.0" 301 72315 "-" "Mozilla/5.0 (compatible; MJ12bot/v1.4.8; http://mj12bot.com/)"
66.249.64.242 - - [12/Oct/2022:04:25:51 +0200] "GET /images/big_prod/3701206603671.jpg HTTP/1.0" 200 268 "-" "Googlebot-Image/1.0"
157.90.177.217 - - [12/Oct/2022:04:25:49 +0200] "GET /makeup-mani-lucky-p-44102.html HTTP/1.0" 200 75040 "-" "Mozilla/5.0 (compatible; BLEXBot/1.0; +http://webmeup-crawler.com/)"
65.108.125.120 - - [12/Oct/2022:04:25:51 +0200] "GET /-p-43956.html HTTP/1.0" 200 72248 "-" "Mozilla/5.0 (compatible; MJ12bot/v1.4.8; http://mj12bot.com/)"
65.108.125.120 - - [12/Oct/2022:04:25:54 +0200] "GET /rolling-stones-zippo-lighter-p-49071.html HTTP/1.0" 301 72315 "-" "Mozilla/5.0 (compatible; MJ12bot/v1.4.8; http://mj12bot.com/)"
65.108.125.120 - - [12/Oct/2022:04:25:57 +0200] "GET /-p-49071.html HTTP/1.0" 200 72248 "-" "Mozilla/5.0 (compatible; MJ12bot/v1.4.8; http://mj12bot.com/)"
185.191.171.6 - - [12/Oct/2022:04:25:58 +0200] "GET /pine-wood-chest-p-53538.html HTTP/1.0" 200 75634 "-" "Mozilla/5.0 (compatible; SemrushBot/7~bl; +http://www.semrush.com/bot.html)"
65.108.125.120 - - [12/Oct/2022:04:26:00 +0200] "GET /rolling-stones-zippo-lighter-p-49072.html HTTP/1.0" 301 72315 "-" "Mozilla/5.0 (compatible; MJ12bot/v1.4.8; http://mj12bot.com/)"
65.108.125.120 - - [12/Oct/2022:04:26:02 +0200] "GET /-p-49072.html HTTP/1.0" 200 72248 "-" "Mozilla/5.0 (compatible; MJ12bot/v1.4.8; http://mj12bot.com/)"
185.191.171.1 - - [12/Oct/2022:04:26:03 +0200] "GET /santa-sleigh-bowl-christmas-p-56852.html HTTP/1.0" 200 75588 "-" "Mozilla/5.0 (compatible; SemrushBot/7~bl; +http://www.semrush.com/bot.html)"
157.90.177.217 - - [12/Oct/2022:04:26:04 +0200] "GET /makeup-mani-lucky-p-47623.html HTTP/1.0" 200 75653 "-" "Mozilla/5.0 (compatible; BLEXBot/1.0; +http://webmeup-crawler.com/)"
65.108.125.120 - - [12/Oct/2022:04:26:05 +0200] "GET /round-chair-cushion-reversible-linen-p-54651.html HTTP/1.0" 200 75942 "-" "Mozilla/5.0 (compatible; MJ12bot/v1.4.8; http://mj12bot.com/)"
65.108.125.120 - - [12/Oct/2022:04:26:08 +0200] "GET /round-chair-cushion-reversible-pearl-grey-p-54650.html HTTP/1.0" 200 75931 "-" "Mozilla/5.0 (compatible; MJ12bot/v1.4.8; http://mj12bot.com/)"
65.108.125.120 - - [12/Oct/2022:04:26:11 +0200] "GET /round-doudou-rabbit-girl-kaloo-zen-p-19236.html HTTP/1.0" 301 72315 "-" "Mozilla/5.0 (compatible; MJ12bot/v1.4.8; http://mj12bot.com/)"
65.108.125.120 - - [12/Oct/2022:04:26:14 +0200] "GET /-p-19236.html HTTP/1.0" 200 72248 "-" "Mozilla/5.0 (compatible; MJ12bot/v1.4.8; http://mj12bot.com/)"
65.108.125.120 - - [12/Oct/2022:04:26:17 +0200] "GET /round-rattan-table-lamp-p-54576.html HTTP/1.0" 200 72330 "-" "Mozilla/5.0 (compatible; MJ12bot/v1.4.8; http://mj12bot.com/)"
157.90.177.217 - - [12/Oct/2022:04:26:18 +0200] "GET /makeup-mani-lucky-pink-p-37355.html HTTP/1.0" 200 75094 "-" "Mozilla/5.0 (compatible; BLEXBot/1.0; +http://webmeup-crawler.com/)"
65.108.125.120 - - [12/Oct/2022:04:26:20 +0200] "GET /round-rattan-table-lamp-p-54577.html HTTP/1.0" 200 72330 "-" "Mozilla/5.0 (compatible; MJ12bot/v1.4.8; http://mj12bot.com/)"
65.108.125.120 - - [12/Oct/2022:04:26:24 +0200] "GET /rtro-beer-caps-collector-p-58135.html HTTP/1.0" 200 75680 "-" "Mozilla/5.0 (compatible; MJ12bot/v1.4.8; http://mj12bot.com/)"
185.191.171.18 - - [12/Oct/2022:04:26:26 +0200] "GET /avengers-marvel-kids-school-p-36229.html HTTP/1.0" 200 75180 "-" "Mozilla/5.0 (compatible; SemrushBot/7~bl; +http://www.semrush.com/bot.html)"
65.108.125.120 - - [12/Oct/2022:04:26:27 +0200] "GET /rtro-cork-collector-p-58134.html HTTP/1.0" 200 75821 "-" "Mozilla/5.0 (compatible; MJ12bot/v1.4.8; http://mj12bot.com/)"
65.108.125.120 - - [12/Oct/2022:04:26:31 +0200] "GET /russian-doll-pink-figure-cm-p-27614.html HTTP/1.0" 301 75041 "-" "Mozilla/5.0 (compatible; MJ12bot/v1.4.8; http://mj12bot.com/)"
157.90.177.217 - - [12/Oct/2022:04:26:33 +0200] "GET /makeup-retro-pastoral-poetry-p-37594.html HTTP/1.0" 200 75083 "-" "Mozilla/5.0 (compatible; BLEXBot/1.0; +http://webmeup-crawler.com/)"
65.108.125.120 - - [12/Oct/2022:04:26:34 +0200] "GET /russian-doll-pink-figure-p-27614.html HTTP/1.0" 200 74950 "-" "Mozilla/5.0 (compatible; MJ12bot/v1.4.8; http://mj12bot.com/)"
54.36.148.90 - - [12/Oct/2022:04:26:36 +0200] "GET /memo-wall-puzzle-cork-mappemonde-p-55020.html HTTP/1.0" 200 75710 "-" "Mozilla/5.0 (compatible; AhrefsBot/7.0; +http://ahrefs.com/robot/)"
65.108.125.120 - - [12/Oct/2022:04:26:38 +0200] "GET /russian-doll-pink-figure-p-27614.html HTTP/1.0" 200 74950 "-" "Mozilla/5.0 (compatible; MJ12bot/v1.4.8; http://mj12bot.com/)"
54.36.148.253 - - [12/Oct/2022:04:26:40 +0200] "GET /images/big_prod/4029811435937B.jpg HTTP/1.0" 200 269 "-" "Mozilla/5.0 (compatible; AhrefsBot/7.0; +http://ahrefs.com/robot/)"
185.191.171.19 - - [12/Oct/2022:04:26:39 +0200] "GET /liter-waterproof-backpack-blue-p-58222.html HTTP/1.0" 200 76174 "-" "Mozilla/5.0 (compatible; SemrushBot/7~bl; +http://www.semrush.com/bot.html)"
65.108.125.120 - - [12/Oct/2022:04:26:41 +0200] "GET /sailors-cats-cups-espresso-p-39841.html HTTP/1.0" 301 72315 "-" "Mozilla/5.0 (compatible; MJ12bot/v1.4.8; http://mj12bot.com/)"
65.108.125.120 - - [12/Oct/2022:04:26:45 +0200] "GET /-p-39841.html HTTP/1.0" 200 72248 "-" "Mozilla/5.0 (compatible; MJ12bot/v1.4.8; http://mj12bot.com/)"
157.90.177.217 - - [12/Oct/2022:04:26:46 +0200] "GET /makeup-retro-school-p-37593.html HTTP/1.0" 200 75035 "-" "Mozilla/5.0 (compatible; BLEXBot/1.0; +http://webmeup-crawler.com/)"
65.108.125.120 - - [12/Oct/2022:04:26:47 +0200] "GET /sailors-cats-set-cups-espresso-p-39841.html HTTP/1.0" 301 72315 "-" "Mozilla/5.0 (compatible; MJ12bot/v1.4.8; http://mj12bot.com/)"
65.108.125.120 - - [12/Oct/2022:04:26:51 +0200] "GET /-p-39841.html HTTP/1.0" 200 72248 "-" "Mozilla/5.0 (compatible; MJ12bot/v1.4.8; http://mj12bot.com/)"
65.108.125.120 - - [12/Oct/2022:04:26:54 +0200] "GET /salsa-hermetic-p-37454.html HTTP/1.0" 200 74855 "-" "Mozilla/5.0 (compatible; MJ12bot/v1.4.8; http://mj12bot.com/)"
65.108.125.120 - - [12/Oct/2022:04:26:57 +0200] "GET /salt-and-pepper-pot-arno-p-47911.html HTTP/1.0" 301 74978 "-" "Mozilla/5.0 (compatible; MJ12bot/v1.4.8; http://mj12bot.com/)"
65.108.125.120 - - [12/Oct/2022:04:27:00 +0200] "GET /salt-pepper-arno-p-47911.html HTTP/1.0" 200 74895 "-" "Mozilla/5.0 (compatible; MJ12bot/v1.4.8; http://mj12bot.com/)"
157.90.177.217 - - [12/Oct/2022:04:27:00 +0200] "GET /mala-amethyst-quality-beads-p-51004.html HTTP/1.0" 200 78176 "-" "Mozilla/5.0 (compatible; BLEXBot/1.0; +http://webmeup-crawler.com/)"
65.108.125.120 - - [12/Oct/2022:04:27:03 +0200] "GET /salt-and-pepper-pot-melanie-p-47916.html HTTP/1.0" 301 74985 "-" "Mozilla/5.0 (compatible; MJ12bot/v1.4.8; http://mj12bot.com/)"
65.108.125.120 - - [12/Oct/2022:04:27:05 +0200] "GET /salt-pepper-melanie-p-47916.html HTTP/1.0" 200 74899 "-" "Mozilla/5.0 (compatible; MJ12bot/v1.4.8; http://mj12bot.com/)"
185.191.171.34 - - [12/Oct/2022:04:27:07 +0200] "GET /calavera-blue-beauty-nail-p-29314.html HTTP/1.0" 200 75047 "-" "Mozilla/5.0 (compatible; SemrushBot/7~bl; +http://www.semrush.com/bot.html)"
65.108.125.120 - - [12/Oct/2022:04:27:08 +0200] "GET /salt-and-pepper-pot-milk-p-47918.html HTTP/1.0" 301 74962 "-" "Mozilla/5.0 (compatible; MJ12bot/v1.4.8; http://mj12bot.com/)"
65.108.125.120 - - [12/Oct/2022:04:27:11 +0200] "GET /salt-pepper-milk-p-47918.html HTTP/1.0" 200 74879 "-" "Mozilla/5.0 (compatible; MJ12bot/v1.4.8; http://mj12bot.com/)"
65.108.125.120 - - [12/Oct/2022:04:27:14 +0200] "GET /salt-and-pepper-pot-windy-p-47913.html HTTP/1.0" 301 74984 "-" "Mozilla/5.0 (compatible; MJ12bot/v1.4.8; http://mj12bot.com/)"
157.90.177.217 - - [12/Oct/2022:04:27:15 +0200] "GET /mala-aqua-aura-quartz-quality-beads-p-51001.html HTTP/1.0" 200 78190 "-" "Mozilla/5.0 (compatible; BLEXBot/1.0; +http://webmeup-crawler.com/)"
65.108.125.120 - - [12/Oct/2022:04:27:17 +0200] "GET /salt-pepper-windy-p-47913.html HTTP/1.0" 200 74900 "-" "Mozilla/5.0 (compatible; MJ12bot/v1.4.8; http://mj12bot.com/)"
65.108.125.120 - - [12/Oct/2022:04:27:20 +0200] "GET /salt-pepper-arno-p-47911.html HTTP/1.0" 200 74895 "-" "Mozilla/5.0 (compatible; MJ12bot/v1.4.8; http://mj12bot.com/)"
65.108.125.120 - - [12/Oct/2022:04:27:23 +0200] "GET /salt-pepper-melanie-p-47916.html HTTP/1.0" 200 74899 "-" "Mozilla/5.0 (compatible; MJ12bot/v1.4.8; http://mj12bot.com/)"
65.108.125.120 - - [12/Oct/2022:04:27:26 +0200] "GET /salt-pepper-milk-p-47918.html HTTP/1.0" 200 74879 "-" "Mozilla/5.0 (compatible; MJ12bot/v1.4.8; http://mj12bot.com/)"
157.90.177.217 - - [12/Oct/2022:04:27:29 +0200] "GET /mala-black-tourmaline-quality-beads-p-45037.html HTTP/1.0" 200 77740 "-" "Mozilla/5.0 (compatible; BLEXBot/1.0; +http://webmeup-crawler.com/)"
65.108.125.120 - - [12/Oct/2022:04:27:29 +0200] "GET /salt-pepper-pieds-dans-p-54459.html HTTP/1.0" 200 75084 "-" "Mozilla/5.0 (compatible; MJ12bot/v1.4.8; http://mj12bot.com/)"
65.108.125.120 - - [12/Oct/2022:04:27:32 +0200] "GET /salt-pepper-windy-p-47913.html HTTP/1.0" 200 74900 "-" "Mozilla/5.0 (compatible; MJ12bot/v1.4.8; http://mj12bot.com/)"
65.108.125.120 - - [12/Oct/2022:04:27:35 +0200] "GET /samurai-statue-in-resin-p-50893.html HTTP/1.0" 301 75798 "-" "Mozilla/5.0 (compatible; MJ12bot/v1.4.8; http://mj12bot.com/)"
65.108.125.120 - - [12/Oct/2022:04:27:38 +0200] "GET /samurai-statue-resin-p-50893.html HTTP/1.0" 200 75711 "-" "Mozilla/5.0 (compatible; MJ12bot/v1.4.8; http://mj12bot.com/)"
65.108.125.120 - - [12/Oct/2022:04:27:41 +0200] "GET /samurai-statue-in-resin-p-50897.html HTTP/1.0" 301 76021 "-" "Mozilla/5.0 (compatible; MJ12bot/v1.4.8; http://mj12bot.com/)"
157.90.177.217 - - [12/Oct/2022:04:27:42 +0200] "GET /mala-bracelet-xinyi-jade-elastic-p-57281.html HTTP/1.0" 200 76664 "-" "Mozilla/5.0 (compatible; BLEXBot/1.0; +http://webmeup-crawler.com/)"
65.108.125.120 - - [12/Oct/2022:04:27:44 +0200] "GET /samurai-statue-resin-p-50897.html HTTP/1.0" 200 75934 "-" "Mozilla/5.0 (compatible; MJ12bot/v1.4.8; http://mj12bot.com/)"
65.108.125.120 - - [12/Oct/2022:04:27:48 +0200] "GET /samurai-statue-resin-p-50893.html HTTP/1.0" 200 75711 "-" "Mozilla/5.0 (compatible; MJ12bot/v1.4.8; http://mj12bot.com/)"
185.191.171.33 - - [12/Oct/2022:04:27:49 +0200] "GET /cushion-upholstery-cover-p-56067.html HTTP/1.0" 200 75793 "-" "Mozilla/5.0 (compatible; SemrushBot/7~bl; +http://www.semrush.com/bot.html)"
65.108.125.120 - - [12/Oct/2022:04:27:51 +0200] "GET /samurai-statue-resin-p-50897.html HTTP/1.0" 200 75934 "-" "Mozilla/5.0 (compatible; MJ12bot/v1.4.8; http://mj12bot.com/)"
65.108.125.120 - - [12/Oct/2022:04:27:55 +0200] "GET /santa-claus-fine-bone-china-p-56866.html HTTP/1.0" 200 75063 "-" "Mozilla/5.0 (compatible; MJ12bot/v1.4.8; http://mj12bot.com/)"
54.36.149.71 - - [12/Oct/2022:04:27:56 +0200] "GET /black-glass-ashtray-betty-boop-p-15464.html HTTP/1.0" 200 75306 "-" "Mozilla/5.0 (compatible; AhrefsBot/7.0; +http://ahrefs.com/robot/)"
157.90.177.217 - - [12/Oct/2022:04:27:56 +0200] "GET /mala-carnelian-beads-p-51006.html HTTP/1.0" 200 78224 "-" "Mozilla/5.0 (compatible; BLEXBot/1.0; +http://webmeup-crawler.com/)"
65.108.125.120 - - [12/Oct/2022:04:27:58 +0200] "GET /saucer-kitten-pile-books-p-57313.html HTTP/1.0" 200 75081 "-" "Mozilla/5.0 (compatible; MJ12bot/v1.4.8; http://mj12bot.com/)"
54.36.148.130 - - [12/Oct/2022:04:28:01 +0200] "GET /images/big_prod_1/3619810002578D.jpg HTTP/1.0" 200 271 "-" "Mozilla/5.0 (compatible; AhrefsBot/7.0; +http://ahrefs.com/robot/)"
54.36.148.103 - - [12/Oct/2022:04:28:01 +0200] "GET /images/big_prod/3619810002578C.jpg HTTP/1.0" 200 269 "-" "Mozilla/5.0 (compatible; AhrefsBot/7.0; +http://ahrefs.com/robot/)"
65.108.125.120 - - [12/Oct/2022:04:28:02 +0200] "GET /sausage-apro-recrute-p-58142.html HTTP/1.0" 200 75503 "-" "Mozilla/5.0 (compatible; MJ12bot/v1.4.8; http://mj12bot.com/)"
65.108.125.120 - - [12/Oct/2022:04:28:05 +0200] "GET /savonnette-provence-made-france-sweet-almond-milk-p-40101.html HTTP/1.0" 301 72315 "-" "Mozilla/5.0 (compatible; MJ12bot/v1.4.8; http://mj12bot.com/)"
65.108.125.120 - - [12/Oct/2022:04:28:07 +0200] "GET /-p-40101.html HTTP/1.0" 200 72248 "-" "Mozilla/5.0 (compatible; MJ12bot/v1.4.8; http://mj12bot.com/)"
65.108.125.120 - - [12/Oct/2022:04:28:10 +0200] "GET /savonnette-provence-made-in-france-sweet-almond-milk-p-40101.html HTTP/1.0" 301 72315 "-" "Mozilla/5.0 (compatible; MJ12bot/v1.4.8; http://mj12bot.com/)"
157.90.177.217 - - [12/Oct/2022:04:28:13 +0200] "GET /mala-golden-quartz-quality-beads-p-51002.html HTTP/1.0" 200 78106 "-" "Mozilla/5.0 (compatible; BLEXBot/1.0; +http://webmeup-crawler.com/)"
65.108.125.120 - - [12/Oct/2022:04:28:13 +0200] "GET /-p-40101.html HTTP/1.0" 200 72248 "-" "Mozilla/5.0 (compatible; MJ12bot/v1.4.8; http://mj12bot.com/)"
65.108.125.120 - - [12/Oct/2022:04:28:17 +0200] "GET /scented-candles-novenas-c-231_227.html?page=22 HTTP/1.0" 200 95168 "-" "Mozilla/5.0 (compatible; MJ12bot/v1.4.8; http://mj12bot.com/)"
185.191.171.17 - - [12/Oct/2022:04:28:19 +0200] "GET /cobra-figurine-carved-wood-p-47204.html HTTP/1.0" 200 72342 "-" "Mozilla/5.0 (compatible; SemrushBot/7~bl; +http://www.semrush.com/bot.html)"
65.108.125.120 - - [12/Oct/2022:04:28:20 +0200] "GET /scented-candles-novenas-c-231_227.html?page=23 HTTP/1.0" 200 96615 "-" "Mozilla/5.0 (compatible; MJ12bot/v1.4.8; http://mj12bot.com/)"
65.108.125.120 - - [12/Oct/2022:04:28:24 +0200] "GET /scented-candles-novenas-c-231_227.html?page=24 HTTP/1.0" 200 95924 "-" "Mozilla/5.0 (compatible; MJ12bot/v1.4.8; http://mj12bot.com/)"
17.121.112.34 - - [12/Oct/2022:04:28:24 +0200] "GET /cccp-logo-adult-cbkration-p-36533.html HTTP/1.0" 200 75022 "-" "Mozilla/5.0 (Macintosh; Intel Mac OS X 10_15_5) AppleWebKit/605.1.15 (KHTML, like Gecko) Version/13.1.1 Safari/605.1.15 (Applebot/0.1; +http://www.apple.com/go/applebot)"
157.90.177.217 - - [12/Oct/2022:04:28:26 +0200] "GET /mala-labradorite-quality-beads-p-45035.html HTTP/1.0" 200 78594 "-" "Mozilla/5.0 (compatible; BLEXBot/1.0; +http://webmeup-crawler.com/)"
65.108.125.120 - - [12/Oct/2022:04:28:27 +0200] "GET /scented-candles-novenas-c-231_227.html?page=25 HTTP/1.0" 200 95864 "-" "Mozilla/5.0 (compatible; MJ12bot/v1.4.8; http://mj12bot.com/)"
185.191.171.36 - - [12/Oct/2022:04:28:30 +0200] "GET /porcelain-with-infuser-cement-tiles-p-58103.html HTTP/1.0" 200 75002 "-" "Mozilla/5.0 (compatible; SemrushBot/7~bl; +http://www.semrush.com/bot.html)"
65.108.125.120 - - [12/Oct/2022:04:28:31 +0200] "GET /scones-moneybox-collection-p-17641.html HTTP/1.0" 200 74913 "-" "Mozilla/5.0 (compatible; MJ12bot/v1.4.8; http://mj12bot.com/)"
65.108.125.120 - - [12/Oct/2022:04:28:34 +0200] "GET /set-c-1_8.html HTTP/1.0" 200 71109 "-" "Mozilla/5.0 (compatible; MJ12bot/v1.4.8; http://mj12bot.com/)"
65.108.125.120 - - [12/Oct/2022:04:28:37 +0200] "GET /set-of-bed-linen-c-11_68.html?filter_id=124 HTTP/1.0" 301 72281 "-" "Mozilla/5.0 (compatible; MJ12bot/v1.4.8; http://mj12bot.com/)"
65.108.125.120 - - [12/Oct/2022:04:28:40 +0200] "GET /linen-c-68.html?filter_id=124 HTTP/1.0" 301 72162 "-" "Mozilla/5.0 (compatible; MJ12bot/v1.4.8; http://mj12bot.com/)"
157.90.177.217 - - [12/Oct/2022:04:28:40 +0200] "GET /mala-moonstone-quality-beads-p-45036.html HTTP/1.0" 200 78153 "-" "Mozilla/5.0 (compatible; BLEXBot/1.0; +http://webmeup-crawler.com/)"
65.108.125.120 - - [12/Oct/2022:04:28:42 +0200] "GET /linen-c-11_68.html?filter_id=124 HTTP/1.0" 200 72198 "-" "Mozilla/5.0 (compatible; MJ12bot/v1.4.8; http://mj12bot.com/)"
65.108.125.120 - - [12/Oct/2022:04:28:45 +0200] "GET /set-of-bed-linen-c-68.html?filter_id=124 HTTP/1.0" 301 72162 "-" "Mozilla/5.0 (compatible; MJ12bot/v1.4.8; http://mj12bot.com/)"
65.108.125.120 - - [12/Oct/2022:04:28:48 +0200] "GET /linen-c-11_68.html?filter_id=124 HTTP/1.0" 200 72198 "-" "Mozilla/5.0 (compatible; MJ12bot/v1.4.8; http://mj12bot.com/)"
65.108.125.120 - - [12/Oct/2022:04:28:51 +0200] "GET /set-of-chakra-mini-stones-p-43198.html HTTP/1.0" 301 72315 "-" "Mozilla/5.0 (compatible; MJ12bot/v1.4.8; http://mj12bot.com/)"
65.108.125.120 - - [12/Oct/2022:04:28:54 +0200] "GET /-p-43198.html HTTP/1.0" 200 72248 "-" "Mozilla/5.0 (compatible; MJ12bot/v1.4.8; http://mj12bot.com/)"
185.191.171.43 - - [12/Oct/2022:04:28:55 +0200] "GET /marilyn-monroe-notebook-p-10272.html HTTP/1.0" 200 74916 "-" "Mozilla/5.0 (compatible; SemrushBot/7~bl; +http://www.semrush.com/bot.html)"
157.90.177.217 - - [12/Oct/2022:04:28:55 +0200] "GET /mala-moonstone-quality-beads-p-51000.html HTTP/1.0" 200 78153 "-" "Mozilla/5.0 (compatible; BLEXBot/1.0; +http://webmeup-crawler.com/)"
65.108.125.120 - - [12/Oct/2022:04:28:57 +0200] "GET /set-of-cups-kothai-p-49660.html HTTP/1.0" 301 72378 "-" "Mozilla/5.0 (compatible; MJ12bot/v1.4.8; http://mj12bot.com/)"
65.108.125.120 - - [12/Oct/2022:04:29:00 +0200] "GET /cups-kothai-p-49660.html HTTP/1.0" 200 72300 "-" "Mozilla/5.0 (compatible; MJ12bot/v1.4.8; http://mj12bot.com/)"
65.108.125.120 - - [12/Oct/2022:04:29:03 +0200] "GET /shadocks-refillable-ballpoint-pen-p-20231.html HTTP/1.0" 301 72315 "-" "Mozilla/5.0 (compatible; MJ12bot/v1.4.8; http://mj12bot.com/)"
185.191.171.25 - - [12/Oct/2022:04:29:04 +0200] "GET /household-linen-c-11.html?page=6 HTTP/1.0" 200 93902 "-" "Mozilla/5.0 (compatible; SemrushBot/7~bl; +http://www.semrush.com/bot.html)"
65.108.125.120 - - [12/Oct/2022:04:29:05 +0200] "GET /-p-20231.html HTTP/1.0" 200 72248 "-" "Mozilla/5.0 (compatible; MJ12bot/v1.4.8; http://mj12bot.com/)"
65.108.125.120 - - [12/Oct/2022:04:29:08 +0200] "GET /shadow-cats-tray-41-29-cm-p-45514.html HTTP/1.0" 301 72407 "-" "Mozilla/5.0 (compatible; MJ12bot/v1.4.8; http://mj12bot.com/)"
157.90.177.217 - - [12/Oct/2022:04:29:09 +0200] "GET /mala-rose-quartz-stone-quality-beads-p-51003.html HTTP/1.0" 200 78581 "-" "Mozilla/5.0 (compatible; BLEXBot/1.0; +http://webmeup-crawler.com/)"
65.108.125.120 - - [12/Oct/2022:04:29:11 +0200] "GET /shadow-cats-tray-p-45514.html HTTP/1.0" 200 72324 "-" "Mozilla/5.0 (compatible; MJ12bot/v1.4.8; http://mj12bot.com/)"
65.108.125.120 - - [12/Oct/2022:04:29:13 +0200] "GET /shadow-cats-tray-p-45514.html HTTP/1.0" 200 72324 "-" "Mozilla/5.0 (compatible; MJ12bot/v1.4.8; http://mj12bot.com/)"
65.108.125.120 - - [12/Oct/2022:04:29:16 +0200] "GET /shadow-frame-cats-dubout-what-dinner-p-35265.html HTTP/1.0" 200 72416 "-" "Mozilla/5.0 (compatible; MJ12bot/v1.4.8; http://mj12bot.com/)"
65.108.125.120 - - [12/Oct/2022:04:29:19 +0200] "GET /sheep-nici-porcelain-mug-p-35193.html HTTP/1.0" 301 72438 "-" "Mozilla/5.0 (compatible; MJ12bot/v1.4.8; http://mj12bot.com/)"
65.108.125.120 - - [12/Oct/2022:04:29:22 +0200] "GET /sheep-nici-porcelain-p-35193.html HTTP/1.0" 200 72351 "-" "Mozilla/5.0 (compatible; MJ12bot/v1.4.8; http://mj12bot.com/)"
157.90.177.217 - - [12/Oct/2022:04:29:23 +0200] "GET /malanga-bedclothes-p-58450.html HTTP/1.0" 200 75544 "-" "Mozilla/5.0 (compatible; BLEXBot/1.0; +http://webmeup-crawler.com/)"
54.36.148.215 - - [12/Oct/2022:04:29:23 +0200] "GET /wall-stickers-birds-branch-p-56618.html HTTP/1.0" 200 75765 "-" "Mozilla/5.0 (compatible; AhrefsBot/7.0; +http://ahrefs.com/robot/)"
65.108.125.120 - - [12/Oct/2022:04:29:25 +0200] "GET /sheep-nici-porcelain-p-35193.html HTTP/1.0" 200 72351 "-" "Mozilla/5.0 (compatible; MJ12bot/v1.4.8; http://mj12bot.com/)"
65.108.125.120 - - [12/Oct/2022:04:29:29 +0200] "GET /shopping-cats-dubout-family-p-45524.html HTTP/1.0" 200 72398 "-" "Mozilla/5.0 (compatible; MJ12bot/v1.4.8; http://mj12bot.com/)"
65.108.125.120 - - [12/Oct/2022:04:29:31 +0200] "GET /silhouette-ceramic-vase-composition-mondrian-p-55508.html HTTP/1.0" 200 76764 "-" "Mozilla/5.0 (compatible; MJ12bot/v1.4.8; http://mj12bot.com/)"
185.191.171.4 - - [12/Oct/2022:04:29:33 +0200] "GET /brass-carbon-incense-holder-p-44970.html HTTP/1.0" 200 75055 "-" "Mozilla/5.0 (compatible; SemrushBot/7~bl; +http://www.semrush.com/bot.html)"
65.108.125.120 - - [12/Oct/2022:04:29:34 +0200] "GET /silver-amethyst-brass-earrings-p-44961.html HTTP/1.0" 200 75021 "-" "Mozilla/5.0 (compatible; MJ12bot/v1.4.8; http://mj12bot.com/)"
157.90.177.217 - - [12/Oct/2022:04:29:37 +0200] "GET /malanga-bedclothes-p-58451.html HTTP/1.0" 200 75544 "-" "Mozilla/5.0 (compatible; BLEXBot/1.0; +http://webmeup-crawler.com/)"
65.108.125.120 - - [12/Oct/2022:04:29:38 +0200] "GET /silver-and-amethyst-brass-earrings-p-44961.html HTTP/1.0" 301 75118 "-" "Mozilla/5.0 (compatible; MJ12bot/v1.4.8; http://mj12bot.com/)"
65.108.125.120 - - [12/Oct/2022:04:29:41 +0200] "GET /silver-amethyst-brass-earrings-p-44961.html HTTP/1.0" 200 75021 "-" "Mozilla/5.0 (compatible; MJ12bot/v1.4.8; http://mj12bot.com/)"
65.108.125.120 - - [12/Oct/2022:04:29:44 +0200] "GET /silver-elephant-moneybox-p-41018.html HTTP/1.0" 301 72315 "-" "Mozilla/5.0 (compatible; MJ12bot/v1.4.8; http://mj12bot.com/)"
65.108.125.120 - - [12/Oct/2022:04:29:47 +0200] "GET /-p-41018.html HTTP/1.0" 200 72248 "-" "Mozilla/5.0 (compatible; MJ12bot/v1.4.8; http://mj12bot.com/)"
65.108.125.120 - - [12/Oct/2022:04:29:49 +0200] "GET /silver-skull-money-box-p-27602.html HTTP/1.0" 301 74938 "-" "Mozilla/5.0 (compatible; MJ12bot/v1.4.8; http://mj12bot.com/)"
157.90.177.217 - - [12/Oct/2022:04:29:51 +0200] "GET /maldives-jute-p-56460.html HTTP/1.0" 200 75851 "-" "Mozilla/5.0 (compatible; BLEXBot/1.0; +http://webmeup-crawler.com/)"
65.108.125.120 - - [12/Oct/2022:04:29:52 +0200] "GET /silver-skull-money-p-27602.html HTTP/1.0" 200 74853 "-" "Mozilla/5.0 (compatible; MJ12bot/v1.4.8; http://mj12bot.com/)"
65.108.125.120 - - [12/Oct/2022:04:29:56 +0200] "GET /silver-skull-money-p-27602.html HTTP/1.0" 200 74853 "-" "Mozilla/5.0 (compatible; MJ12bot/v1.4.8; http://mj12bot.com/)"
65.108.125.120 - - [12/Oct/2022:04:29:59 +0200] "GET /simpsons-optical-mouse-mouse-p-16696.html HTTP/1.0" 200 72427 "-" "Mozilla/5.0 (compatible; MJ12bot/v1.4.8; http://mj12bot.com/)"
66.249.64.242 - - [12/Oct/2022:04:30:01 +0200] "GET /scent-heart-home-fresh-linen-p-53879.html HTTP/1.0" 200 75547 "-" "Mozilla/5.0 (compatible; Googlebot/2.1; +http://www.google.com/bot.html)"
65.108.125.120 - - [12/Oct/2022:04:30:02 +0200] "GET /singing-bowl-chakra-solar-plexus-yellow-p-42128.html HTTP/1.0" 200 75071 "-" "Mozilla/5.0 (compatible; MJ12bot/v1.4.8; http://mj12bot.com/)"
66.249.64.244 - - [12/Oct/2022:04:30:04 +0200] "GET /bamboo-fiber-plant-cover-p-58258.html HTTP/1.0" 200 75519 "-" "Mozilla/5.0 (compatible; Googlebot/2.1; +http://www.google.com/bot.html)"
185.191.171.23 - - [12/Oct/2022:04:30:04 +0200] "GET /mini-wooden-side-table-tree-life-p-56156.html HTTP/1.0" 200 76541 "-" "Mozilla/5.0 (compatible; SemrushBot/7~bl; +http://www.semrush.com/bot.html)"
157.90.177.217 - - [12/Oct/2022:04:30:05 +0200] "GET /male-statuette-base-p-56776.html HTTP/1.0" 200 75793 "-" "Mozilla/5.0 (compatible; BLEXBot/1.0; +http://webmeup-crawler.com/)"
65.108.125.120 - - [12/Oct/2022:04:30:07 +0200] "GET /singing-bowl-chakra-throat-blue-p-42130.html HTTP/1.0" 200 75007 "-" "Mozilla/5.0 (compatible; MJ12bot/v1.4.8; http://mj12bot.com/)"
65.108.125.120 - - [12/Oct/2022:04:30:10 +0200] "GET /small-bamboo-cup-fish-p-49580.html HTTP/1.0" 301 72388 "-" "Mozilla/5.0 (compatible; MJ12bot/v1.4.8; http://mj12bot.com/)"
65.108.125.120 - - [12/Oct/2022:04:30:12 +0200] "GET /small-bamboo-fish-p-49580.html HTTP/1.0" 200 72304 "-" "Mozilla/5.0 (compatible; MJ12bot/v1.4.8; http://mj12bot.com/)"
65.108.125.120 - - [12/Oct/2022:04:30:16 +0200] "GET /small-bamboo-fish-p-49580.html HTTP/1.0" 200 72304 "-" "Mozilla/5.0 (compatible; MJ12bot/v1.4.8; http://mj12bot.com/)"
185.191.171.34 - - [12/Oct/2022:04:30:16 +0200] "GET /sandstone-face-vase-p-58565.html HTTP/1.0" 200 75449 "-" "Mozilla/5.0 (compatible; SemrushBot/7~bl; +http://www.semrush.com/bot.html)"
65.108.125.120 - - [12/Oct/2022:04:30:19 +0200] "GET /small-buddhist-monk-10-cm-blue-dress-mudra-varada-p-46800.html HTTP/1.0" 301 72540 "-" "Mozilla/5.0 (compatible; MJ12bot/v1.4.8; http://mj12bot.com/)"
157.90.177.217 - - [12/Oct/2022:04:30:20 +0200] "GET /maman-elle-dchire-black-women-shirt-p-30945.html HTTP/1.0" 200 76976 "-" "Mozilla/5.0 (compatible; BLEXBot/1.0; +http://webmeup-crawler.com/)"
65.108.125.120 - - [12/Oct/2022:04:30:22 +0200] "GET /small-buddhist-monk-blue-dress-mudra-varada-p-46800.html HTTP/1.0" 200 72430 "-" "Mozilla/5.0 (compatible; MJ12bot/v1.4.8; http://mj12bot.com/)"
65.108.125.120 - - [12/Oct/2022:04:30:25 +0200] "GET /small-buddhist-monk-10-cm-yellow-dress-dhyani-mudra-p-46798.html HTTP/1.0" 301 72550 "-" "Mozilla/5.0 (compatible; MJ12bot/v1.4.8; http://mj12bot.com/)"
65.108.125.120 - - [12/Oct/2022:04:30:29 +0200] "GET /small-buddhist-monk-yellow-dress-dhyani-mudra-p-46798.html HTTP/1.0" 200 72438 "-" "Mozilla/5.0 (compatible; MJ12bot/v1.4.8; http://mj12bot.com/)"
65.108.125.120 - - [12/Oct/2022:04:30:31 +0200] "GET /small-buddhist-monk-11-cm-pink-dress-atmanjali-mudra-p-46799.html HTTP/1.0" 301 72555 "-" "Mozilla/5.0 (compatible; MJ12bot/v1.4.8; http://mj12bot.com/)"
65.108.125.120 - - [12/Oct/2022:04:30:34 +0200] "GET /small-buddhist-monk-pink-dress-atmanjali-mudra-p-46799.html HTTP/1.0" 200 72442 "-" "Mozilla/5.0 (compatible; MJ12bot/v1.4.8; http://mj12bot.com/)"
207.46.13.138 - - [12/Oct/2022:04:30:37 +0200] "GET /images/big_prod/3609810072152.jpg HTTP/1.0" 200 268 "-" "Mozilla/5.0 AppleWebKit/537.36 (KHTML, like Gecko; compatible; bingbot/2.0; +http://www.bing.com/bingbot.htm) Chrome/103.0.5060.134 Safari/537.36"
157.90.177.217 - - [12/Oct/2022:04:30:35 +0200] "GET /maman-elle-dchire-white-shirt-p-48998.html HTTP/1.0" 200 76935 "-" "Mozilla/5.0 (compatible; BLEXBot/1.0; +http://webmeup-crawler.com/)"
65.108.125.120 - - [12/Oct/2022:04:30:38 +0200] "GET /small-buddhist-monk-blue-dress-mudra-varada-p-46800.html HTTP/1.0" 200 72430 "-" "Mozilla/5.0 (compatible; MJ12bot/v1.4.8; http://mj12bot.com/)"
185.191.171.12 - - [12/Oct/2022:04:30:37 +0200] "GET /retro-camera-clock-p-50208.html HTTP/1.0" 200 72310 "-" "Mozilla/5.0 (compatible; SemrushBot/7~bl; +http://www.semrush.com/bot.html)"
54.36.148.45 - - [12/Oct/2022:04:30:39 +0200] "GET /beyond-charms-keychain-panda-p-51838.html HTTP/1.0" 200 76151 "-" "Mozilla/5.0 (compatible; AhrefsBot/7.0; +http://ahrefs.com/robot/)"
65.108.125.120 - - [12/Oct/2022:04:30:41 +0200] "GET /small-buddhist-monk-pink-dress-atmanjali-mudra-p-46799.html HTTP/1.0" 200 72442 "-" "Mozilla/5.0 (compatible; MJ12bot/v1.4.8; http://mj12bot.com/)"
65.108.125.120 - - [12/Oct/2022:04:30:44 +0200] "GET /small-buddhist-monk-yellow-dress-dhyani-mudra-p-46798.html HTTP/1.0" 200 72438 "-" "Mozilla/5.0 (compatible; MJ12bot/v1.4.8; http://mj12bot.com/)"
65.108.125.120 - - [12/Oct/2022:04:30:46 +0200] "GET /small-cool-lunch-tour-france-p-54354.html HTTP/1.0" 200 75132 "-" "Mozilla/5.0 (compatible; MJ12bot/v1.4.8; http://mj12bot.com/)"
65.108.125.120 - - [12/Oct/2022:04:30:49 +0200] "GET /small-fish-potholder-p-54515.html HTTP/1.0" 200 72318 "-" "Mozilla/5.0 (compatible; MJ12bot/v1.4.8; http://mj12bot.com/)"
157.90.177.217 - - [12/Oct/2022:04:30:50 +0200] "GET /maman-super-maman-adult-apron-p-54711.html HTTP/1.0" 200 74999 "-" "Mozilla/5.0 (compatible; BLEXBot/1.0; +http://webmeup-crawler.com/)"
65.108.125.120 - - [12/Oct/2022:04:30:52 +0200] "GET /small-flowerpot-hang-p-58111.html HTTP/1.0" 200 75531 "-" "Mozilla/5.0 (compatible; MJ12bot/v1.4.8; http://mj12bot.com/)"
65.108.125.120 - - [12/Oct/2022:04:30:55 +0200] "GET /small-flowerpot-hang-p-58113.html HTTP/1.0" 200 75530 "-" "Mozilla/5.0 (compatible; MJ12bot/v1.4.8; http://mj12bot.com/)"
65.108.125.120 - - [12/Oct/2022:04:30:59 +0200] "GET /small-geisha-compartmentalized-metal-p-51732.html HTTP/1.0" 200 76123 "-" "Mozilla/5.0 (compatible; MJ12bot/v1.4.8; http://mj12bot.com/)"
65.108.125.120 - - [12/Oct/2022:04:31:01 +0200] "GET /small-geisha-compartmentalized-metal-tea-box-p-51732.html HTTP/1.0" 301 76226 "-" "Mozilla/5.0 (compatible; MJ12bot/v1.4.8; http://mj12bot.com/)"
65.108.125.120 - - [12/Oct/2022:04:31:04 +0200] "GET /small-geisha-compartmentalized-metal-p-51732.html HTTP/1.0" 200 76123 "-" "Mozilla/5.0 (compatible; MJ12bot/v1.4.8; http://mj12bot.com/)"
157.90.177.217 - - [12/Oct/2022:04:31:05 +0200] "GET /mandala-blue-carpet-p-56387.html HTTP/1.0" 200 75837 "-" "Mozilla/5.0 (compatible; BLEXBot/1.0; +http://webmeup-crawler.com/)"
185.191.171.41 - - [12/Oct/2022:04:31:05 +0200] "GET /-c-95.html HTTP/1.0" 200 78816 "-" "Mozilla/5.0 (compatible; SemrushBot/7~bl; +http://www.semrush.com/bot.html)"
65.108.125.120 - - [12/Oct/2022:04:31:19 +0200] "GET /small-heart-home-candle-river-rock-p-57277.html HTTP/1.0" 200 76140 "-" "Mozilla/5.0 (compatible; MJ12bot/v1.4.8; http://mj12bot.com/)"
65.108.125.120 - - [12/Oct/2022:04:31:23 +0200] "GET /small-money-bank-hedgehog-p-58461.html HTTP/1.0" 200 75759 "-" "Mozilla/5.0 (compatible; MJ12bot/v1.4.8; http://mj12bot.com/)"
65.108.125.120 - - [12/Oct/2022:04:31:26 +0200] "GET /small-resin-monkey-statuettes-p-53046.html HTTP/1.0" 301 72315 "-" "Mozilla/5.0 (compatible; MJ12bot/v1.4.8; http://mj12bot.com/)"
65.108.125.120 - - [12/Oct/2022:04:31:29 +0200] "GET /-p-53046.html HTTP/1.0" 200 72248 "-" "Mozilla/5.0 (compatible; MJ12bot/v1.4.8; http://mj12bot.com/)"
65.108.125.120 - - [12/Oct/2022:04:31:32 +0200] "GET /small-storage-box-on-wheels-guimaud-p-49657.html HTTP/1.0" 301 72315 "-" "Mozilla/5.0 (compatible; MJ12bot/v1.4.8; http://mj12bot.com/)"
157.90.177.217 - - [12/Oct/2022:04:31:33 +0200] "GET /mandala-coasters-blue-p-54075.html HTTP/1.0" 200 74901 "-" "Mozilla/5.0 (compatible; BLEXBot/1.0; +http://webmeup-crawler.com/)"
65.108.125.120 - - [12/Oct/2022:04:31:34 +0200] "GET /-p-49657.html HTTP/1.0" 200 72248 "-" "Mozilla/5.0 (compatible; MJ12bot/v1.4.8; http://mj12bot.com/)"
65.108.125.120 - - [12/Oct/2022:04:31:38 +0200] "GET /smiski-figure-series-bathroom-note-there-is-single-figure-p-43108.html HTTP/1.0" 301 76391 "-" "Mozilla/5.0 (compatible; MJ12bot/v1.4.8; http://mj12bot.com/)"
65.108.125.120 - - [12/Oct/2022:04:31:41 +0200] "GET /smiski-figure-series-bathroom-note-there-single-figure-p-43108.html HTTP/1.0" 200 76270 "-" "Mozilla/5.0 (compatible; MJ12bot/v1.4.8; http://mj12bot.com/)"
65.108.125.120 - - [12/Oct/2022:04:31:44 +0200] "GET /smiski-figure-series-bathroom-note-there-single-figure-p-43108.html HTTP/1.0" 200 76270 "-" "Mozilla/5.0 (compatible; MJ12bot/v1.4.8; http://mj12bot.com/)"
185.191.171.42 - - [12/Oct/2022:04:31:46 +0200] "GET /aztec-mini-ceramic-flower-p-55313.html HTTP/1.0" 200 75759 "-" "Mozilla/5.0 (compatible; SemrushBot/7~bl; +http://www.semrush.com/bot.html)"
65.108.125.120 - - [12/Oct/2022:04:31:47 +0200] "GET /smiski-figure-series-toilet-note-there-is-single-figure-p-43107.html HTTP/1.0" 301 76369 "-" "Mozilla/5.0 (compatible; MJ12bot/v1.4.8; http://mj12bot.com/)"
157.90.177.217 - - [12/Oct/2022:04:31:47 +0200] "GET /mandala-coasters-blue-p-54076.html HTTP/1.0" 200 74901 "-" "Mozilla/5.0 (compatible; BLEXBot/1.0; +http://webmeup-crawler.com/)"
65.108.125.120 - - [12/Oct/2022:04:31:50 +0200] "GET /smiski-figure-series-toilet-note-there-single-figure-p-43107.html HTTP/1.0" 200 76250 "-" "Mozilla/5.0 (compatible; MJ12bot/v1.4.8; http://mj12bot.com/)"
65.108.125.120 - - [12/Oct/2022:04:31:53 +0200] "GET /smiski-figure-series-toilet-note-there-single-figure-p-43107.html HTTP/1.0" 200 76250 "-" "Mozilla/5.0 (compatible; MJ12bot/v1.4.8; http://mj12bot.com/)"
185.191.171.3 - - [12/Oct/2022:04:31:55 +0200] "GET /nici-plush-collection-bubble-bunny-p-35157.html HTTP/1.0" 200 81830 "-" "Mozilla/5.0 (compatible; SemrushBot/7~bl; +http://www.semrush.com/bot.html)"
65.108.125.120 - - [12/Oct/2022:04:31:56 +0200] "GET /smurf-coin-bank-p-23436.html HTTP/1.0" 200 72314 "-" "Mozilla/5.0 (compatible; MJ12bot/v1.4.8; http://mj12bot.com/)"
65.108.125.120 - - [12/Oct/2022:04:31:59 +0200] "GET /snow-white-and-the-seven-dwarfs-money-box-p-3629.html HTTP/1.0" 301 72312 "-" "Mozilla/5.0 (compatible; MJ12bot/v1.4.8; http://mj12bot.com/)"
54.36.149.53 - - [12/Oct/2022:04:32:01 +0200] "GET /gorjuss-lockable-journal-with-heart-shaped-lock-little-wings-p-50951.html HTTP/1.0" 200 76371 "-" "Mozilla/5.0 (compatible; AhrefsBot/7.0; +http://ahrefs.com/robot/)"
54.36.148.249 - - [12/Oct/2022:04:32:04 +0200] "GET /images/big_prod_2/b5018997627778.jpg HTTP/1.0" 200 271 "-" "Mozilla/5.0 (compatible; AhrefsBot/7.0; +http://ahrefs.com/robot/)"
65.108.125.120 - - [12/Oct/2022:04:32:02 +0200] "GET /-p-3629.html HTTP/1.0" 200 72246 "-" "Mozilla/5.0 (compatible; MJ12bot/v1.4.8; http://mj12bot.com/)"
54.36.149.68 - - [12/Oct/2022:04:32:04 +0200] "GET /images/big_prod/5018997627778.jpg HTTP/1.0" 200 268 "-" "Mozilla/5.0 (compatible; AhrefsBot/7.0; +http://ahrefs.com/robot/)"
54.36.148.57 - - [12/Oct/2022:04:32:04 +0200] "GET /images/big_prod_1/a5018997627778.jpg HTTP/1.0" 200 271 "-" "Mozilla/5.0 (compatible; AhrefsBot/7.0; +http://ahrefs.com/robot/)"
50.31.180.37 - - [12/Oct/2022:04:32:05 +0200] "GET /images/big_prod_1/4250255859151a.jpg HTTP/1.0" 200 271 "-" "Mozilla/5.0 (X11; Ubuntu; Linux x86_64; rv:72.0) Gecko/20100101 Firefox/72.0"
157.90.177.217 - - [12/Oct/2022:04:32:04 +0200] "GET /mandala-coasters-ceramic-p-44401.html HTTP/1.0" 200 75587 "-" "Mozilla/5.0 (compatible; BLEXBot/1.0; +http://webmeup-crawler.com/)"
65.108.125.120 - - [12/Oct/2022:04:32:06 +0200] "GET /snow-white-glass-clock-p-21443.html HTTP/1.0" 301 72315 "-" "Mozilla/5.0 (compatible; MJ12bot/v1.4.8; http://mj12bot.com/)"
65.108.125.120 - - [12/Oct/2022:04:32:10 +0200] "GET /-p-21443.html HTTP/1.0" 200 72248 "-" "Mozilla/5.0 (compatible; MJ12bot/v1.4.8; http://mj12bot.com/)"
65.108.125.120 - - [12/Oct/2022:04:32:12 +0200] "GET /snow-white-seven-dwarfs-money-p-3629.html HTTP/1.0" 301 72312 "-" "Mozilla/5.0 (compatible; MJ12bot/v1.4.8; http://mj12bot.com/)"
65.108.125.120 - - [12/Oct/2022:04:32:15 +0200] "GET /-p-3629.html HTTP/1.0" 200 72246 "-" "Mozilla/5.0 (compatible; MJ12bot/v1.4.8; http://mj12bot.com/)"
185.191.171.6 - - [12/Oct/2022:04:32:16 +0200] "GET /littlest-petshop-lace-curtain-p-3965.html HTTP/1.0" 200 72352 "-" "Mozilla/5.0 (compatible; SemrushBot/7~bl; +http://www.semrush.com/bot.html)"
157.90.177.217 - - [12/Oct/2022:04:32:19 +0200] "GET /mandala-coasters-orange-p-54064.html HTTP/1.0" 200 74915 "-" "Mozilla/5.0 (compatible; BLEXBot/1.0; +http://webmeup-crawler.com/)"
65.108.125.120 - - [12/Oct/2022:04:32:18 +0200] "GET /sonny-angel-figure-easter-series-p-34302.html HTTP/1.0" 200 72370 "-" "Mozilla/5.0 (compatible; MJ12bot/v1.4.8; http://mj12bot.com/)"
51.68.224.127 - - [12/Oct/2022:04:32:22 +0200] "GET /adminweb/export_orders_xml.php?token=256de2z6edz6ed2z6DFSFsed2zed6zeDSFDSGdzedezfzf&maxorders=10&orderstart=1&status=14&start_date=2018-10-01 HTTP/1.0" 200 285 "-" "GesCom CharlotteBoutik Serveur"
65.108.125.120 - - [12/Oct/2022:04:32:22 +0200] "GET /sonny-angel-figure-series-caribbean-p-36108.html HTTP/1.0" 200 75285 "-" "Mozilla/5.0 (compatible; MJ12bot/v1.4.8; http://mj12bot.com/)"
51.68.224.127 - - [12/Oct/2022:04:32:22 +0200] "GET /adminweb/export_orders_xml.php?token=256de2z6edz6ed2z6DFSFsed2zed6zeDSFDSGdzedezfzf&maxorders=10&orderstart=1&status=6&start_date=2018-10-01 HTTP/1.0" 200 33985 "-" "GesCom CharlotteBoutik Serveur"
61.135.159.197 - - [12/Oct/2022:04:32:24 +0200] "GET / HTTP/1.0" 301 511 "-" "Sogou web spider/4.0(+http://www.sogou.com/docs/help/webmasters.htm#07)"
65.108.125.120 - - [12/Oct/2022:04:32:25 +0200] "GET /sonny-angel-figure-series-caribbean-sea-p-36108.html HTTP/1.0" 301 75387 "-" "Mozilla/5.0 (compatible; MJ12bot/v1.4.8; http://mj12bot.com/)"
157.55.39.231 - - [12/Oct/2022:04:32:26 +0200] "GET /pucca-cap-54-cm-p-22264.html HTTP/1.0" 301 74957 "-" "Mozilla/5.0 AppleWebKit/537.36 (KHTML, like Gecko; compatible; bingbot/2.0; +http://www.bing.com/bingbot.htm) Chrome/103.0.5060.134 Safari/537.36"
65.108.125.120 - - [12/Oct/2022:04:32:27 +0200] "GET /sonny-angel-figure-series-caribbean-p-36108.html HTTP/1.0" 200 75285 "-" "Mozilla/5.0 (compatible; MJ12bot/v1.4.8; http://mj12bot.com/)"
65.108.125.120 - - [12/Oct/2022:04:32:31 +0200] "GET /sonny-angel-figure-sweets-series-p-43106.html HTTP/1.0" 200 75888 "-" "Mozilla/5.0 (compatible; MJ12bot/v1.4.8; http://mj12bot.com/)"
157.90.177.217 - - [12/Oct/2022:04:32:32 +0200] "GET /mandala-coasters-orange-p-54066.html HTTP/1.0" 200 74915 "-" "Mozilla/5.0 (compatible; BLEXBot/1.0; +http://webmeup-crawler.com/)"
65.108.125.120 - - [12/Oct/2022:04:32:34 +0200] "GET /sonny-angel-figure-valentine-day-series-2016-p-33922.html HTTP/1.0" 301 75486 "-" "Mozilla/5.0 (compatible; MJ12bot/v1.4.8; http://mj12bot.com/)"
65.108.125.120 - - [12/Oct/2022:04:32:37 +0200] "GET /sonny-angel-figure-valentine-series-2016-p-33922.html HTTP/1.0" 200 75379 "-" "Mozilla/5.0 (compatible; MJ12bot/v1.4.8; http://mj12bot.com/)"
185.191.171.42 - - [12/Oct/2022:04:32:39 +0200] "GET /charmmy-kitty-dress-p-31105.html HTTP/1.0" 200 75999 "-" "Mozilla/5.0 (compatible; SemrushBot/7~bl; +http://www.semrush.com/bot.html)"
