207.32.135.93 - - [15/Nov/2022:13:11:22 +0100] "GET /templates/Pixame_v1/images/header-object.png HTTP/1.0" 200 278 "http://www.wonder-geek.com/templates/Pixame_v1/stylesheet.css" "Mozilla/5.0 (Macintosh; Intel Mac OS X 10_15_7) AppleWebKit/537.36 (KHTML like Gecko) Chrome/100.0.4896.127 Safari/537.36"
207.32.135.93 - - [15/Nov/2022:13:11:22 +0100] "GET /templates/Pixame_v1/images/header.png HTTP/1.0" 200 271 "http://www.wonder-geek.com/templates/Pixame_v1/stylesheet.css" "Mozilla/5.0 (Macintosh; Intel Mac OS X 10_15_7) AppleWebKit/537.36 (KHTML like Gecko) Chrome/100.0.4896.127 Safari/537.36"
207.32.135.93 - - [15/Nov/2022:13:11:22 +0100] "GET /design/productsenstock.png HTTP/1.0" 200 260 "http://www.wonder-geek.com/templates/Pixame_v1/stylesheet.css" "Mozilla/5.0 (Macintosh; Intel Mac OS X 10_15_7) AppleWebKit/537.36 (KHTML like Gecko) Chrome/100.0.4896.127 Safari/537.36"
207.32.135.93 - - [15/Nov/2022:13:11:22 +0100] "GET /images/mini_prod/8422014502912.jpg HTTP/1.0" 200 269 "http://www.wonder-geek.com/dishes-c-12.html" "Mozilla/5.0 (Macintosh; Intel Mac OS X 10_15_7) AppleWebKit/537.36 (KHTML like Gecko) Chrome/100.0.4896.127 Safari/537.36"
207.90.21.239 - - [15/Nov/2022:13:11:22 +0100] "GET /templates/Pixame_v1/stylesheet.css HTTP/1.0" 200 267 "http://www.wonder-geek.com/barbecue-aperitif-c-12_254.html" "Mozilla/5.0 (Macintosh; Intel Mac OS X 10_15_7) AppleWebKit/537.36 (KHTML like Gecko) Chrome/100.0.4896.127 Safari/537.36"
207.90.21.239 - - [15/Nov/2022:13:11:22 +0100] "GET /templates/Pixame_v1/images/icon_accueil2.png HTTP/1.0" 200 278 "http://www.wonder-geek.com/barbecue-aperitif-c-12_254.html" "Mozilla/5.0 (Macintosh; Intel Mac OS X 10_15_7) AppleWebKit/537.36 (KHTML like Gecko) Chrome/100.0.4896.127 Safari/537.36"
207.32.135.93 - - [15/Nov/2022:13:11:22 +0100] "GET /images/mini_prod/8003990623497.jpg HTTP/1.0" 200 269 "http://www.wonder-geek.com/dishes-c-12.html" "Mozilla/5.0 (Macintosh; Intel Mac OS X 10_15_7) AppleWebKit/537.36 (KHTML like Gecko) Chrome/100.0.4896.127 Safari/537.36"
207.32.135.93 - - [15/Nov/2022:13:11:22 +0100] "GET /design/fondothers.jpg HTTP/1.0" 200 667 "http://www.wonder-geek.com/templates/Pixame_v1/stylesheet.css" "Mozilla/5.0 (Macintosh; Intel Mac OS X 10_15_7) AppleWebKit/537.36 (KHTML like Gecko) Chrome/100.0.4896.127 Safari/537.36"
207.32.135.93 - - [15/Nov/2022:13:11:22 +0100] "GET /images/mini_prod/8422014502936.jpg HTTP/1.0" 200 269 "http://www.wonder-geek.com/dishes-c-12.html" "Mozilla/5.0 (Macintosh; Intel Mac OS X 10_15_7) AppleWebKit/537.36 (KHTML like Gecko) Chrome/100.0.4896.127 Safari/537.36"
207.90.21.239 - - [15/Nov/2022:13:11:20 +0100] "GET /barbecue-aperitif-c-12_254.html HTTP/1.0" 200 92595 "-" "Mozilla/5.0 (Macintosh; Intel Mac OS X 10_15_7) AppleWebKit/537.36 (KHTML like Gecko) Chrome/100.0.4896.127 Safari/537.36"
207.32.135.93 - - [15/Nov/2022:13:11:22 +0100] "GET /design/fondcurrent.jpg HTTP/1.0" 200 683 "http://www.wonder-geek.com/templates/Pixame_v1/stylesheet.css" "Mozilla/5.0 (Macintosh; Intel Mac OS X 10_15_7) AppleWebKit/537.36 (KHTML like Gecko) Chrome/100.0.4896.127 Safari/537.36"
207.90.21.239 - - [15/Nov/2022:13:11:22 +0100] "GET /images/mini_prod/3503420072123.jpg HTTP/1.0" 200 269 "http://www.wonder-geek.com/barbecue-aperitif-c-12_254.html" "Mozilla/5.0 (Macintosh; Intel Mac OS X 10_15_7) AppleWebKit/537.36 (KHTML like Gecko) Chrome/100.0.4896.127 Safari/537.36"
207.90.21.239 - - [15/Nov/2022:13:11:22 +0100] "GET /images/mini_prod/3453131144285.jpg HTTP/1.0" 200 269 "http://www.wonder-geek.com/barbecue-aperitif-c-12_254.html" "Mozilla/5.0 (Macintosh; Intel Mac OS X 10_15_7) AppleWebKit/537.36 (KHTML like Gecko) Chrome/100.0.4896.127 Safari/537.36"
207.90.21.239 - - [15/Nov/2022:13:11:23 +0100] "GET /images/mini_prod/3612872111363.jpg HTTP/1.0" 200 269 "http://www.wonder-geek.com/barbecue-aperitif-c-12_254.html" "Mozilla/5.0 (Macintosh; Intel Mac OS X 10_15_7) AppleWebKit/537.36 (KHTML like Gecko) Chrome/100.0.4896.127 Safari/537.36"
207.90.21.239 - - [15/Nov/2022:13:11:23 +0100] "GET /images/mini_prod/3612872110458.jpg HTTP/1.0" 200 269 "http://www.wonder-geek.com/barbecue-aperitif-c-12_254.html" "Mozilla/5.0 (Macintosh; Intel Mac OS X 10_15_7) AppleWebKit/537.36 (KHTML like Gecko) Chrome/100.0.4896.127 Safari/537.36"
207.90.21.239 - - [15/Nov/2022:13:11:23 +0100] "GET /images/mini_prod/3453131144322.jpg HTTP/1.0" 200 269 "http://www.wonder-geek.com/barbecue-aperitif-c-12_254.html" "Mozilla/5.0 (Macintosh; Intel Mac OS X 10_15_7) AppleWebKit/537.36 (KHTML like Gecko) Chrome/100.0.4896.127 Safari/537.36"
207.90.21.239 - - [15/Nov/2022:13:11:23 +0100] "GET /templates/Pixame_v1/images/Bottom_texture.jpg HTTP/1.0" 200 280 "http://www.wonder-geek.com/templates/Pixame_v1/stylesheet.css" "Mozilla/5.0 (Macintosh; Intel Mac OS X 10_15_7) AppleWebKit/537.36 (KHTML like Gecko) Chrome/100.0.4896.127 Safari/537.36"
207.90.21.239 - - [15/Nov/2022:13:11:23 +0100] "GET /images/mini_prod/3612875115634.jpg HTTP/1.0" 200 269 "http://www.wonder-geek.com/barbecue-aperitif-c-12_254.html" "Mozilla/5.0 (Macintosh; Intel Mac OS X 10_15_7) AppleWebKit/537.36 (KHTML like Gecko) Chrome/100.0.4896.127 Safari/537.36"
207.90.21.239 - - [15/Nov/2022:13:11:23 +0100] "GET /templates/Pixame_v1/images/Middle_texture.jpg HTTP/1.0" 200 280 "http://www.wonder-geek.com/templates/Pixame_v1/stylesheet.css" "Mozilla/5.0 (Macintosh; Intel Mac OS X 10_15_7) AppleWebKit/537.36 (KHTML like Gecko) Chrome/100.0.4896.127 Safari/537.36"
207.32.135.93 - - [15/Nov/2022:13:11:23 +0100] "GET /images/mini_prod/8422014502905.jpg HTTP/1.0" 200 269 "http://www.wonder-geek.com/dishes-c-12.html" "Mozilla/5.0 (Macintosh; Intel Mac OS X 10_15_7) AppleWebKit/537.36 (KHTML like Gecko) Chrome/100.0.4896.127 Safari/537.36"
207.32.135.93 - - [15/Nov/2022:13:11:23 +0100] "GET /images/mini_prod/8422014502929.jpg HTTP/1.0" 200 269 "http://www.wonder-geek.com/dishes-c-12.html" "Mozilla/5.0 (Macintosh; Intel Mac OS X 10_15_7) AppleWebKit/537.36 (KHTML like Gecko) Chrome/100.0.4896.127 Safari/537.36"
207.90.21.239 - - [15/Nov/2022:13:11:23 +0100] "GET /templates/Pixame_v1/images/header.png HTTP/1.0" 200 271 "http://www.wonder-geek.com/templates/Pixame_v1/stylesheet.css" "Mozilla/5.0 (Macintosh; Intel Mac OS X 10_15_7) AppleWebKit/537.36 (KHTML like Gecko) Chrome/100.0.4896.127 Safari/537.36"
207.90.21.239 - - [15/Nov/2022:13:11:23 +0100] "GET /templates/Pixame_v1/images/nav.png HTTP/1.0" 200 268 "http://www.wonder-geek.com/templates/Pixame_v1/stylesheet.css" "Mozilla/5.0 (Macintosh; Intel Mac OS X 10_15_7) AppleWebKit/537.36 (KHTML like Gecko) Chrome/100.0.4896.127 Safari/537.36"
207.90.21.239 - - [15/Nov/2022:13:11:23 +0100] "GET /templates/Pixame_v1/images/header-object.png HTTP/1.0" 200 278 "http://www.wonder-geek.com/templates/Pixame_v1/stylesheet.css" "Mozilla/5.0 (Macintosh; Intel Mac OS X 10_15_7) AppleWebKit/537.36 (KHTML like Gecko) Chrome/100.0.4896.127 Safari/537.36"
207.32.135.93 - - [15/Nov/2022:13:11:23 +0100] "GET /images/mini_prod/8003990609736.jpg HTTP/1.0" 200 269 "http://www.wonder-geek.com/dishes-c-12.html" "Mozilla/5.0 (Macintosh; Intel Mac OS X 10_15_7) AppleWebKit/537.36 (KHTML like Gecko) Chrome/100.0.4896.127 Safari/537.36"
207.32.135.93 - - [15/Nov/2022:13:11:23 +0100] "GET /images/mini_prod/1300000022644.jpg HTTP/1.0" 200 269 "http://www.wonder-geek.com/dishes-c-12.html" "Mozilla/5.0 (Macintosh; Intel Mac OS X 10_15_7) AppleWebKit/537.36 (KHTML like Gecko) Chrome/100.0.4896.127 Safari/537.36"
207.32.135.93 - - [15/Nov/2022:13:11:23 +0100] "GET /images/mini_prod/3520071373270.jpg HTTP/1.0" 200 269 "http://www.wonder-geek.com/dishes-c-12.html" "Mozilla/5.0 (Macintosh; Intel Mac OS X 10_15_7) AppleWebKit/537.36 (KHTML like Gecko) Chrome/100.0.4896.127 Safari/537.36"
207.90.21.239 - - [15/Nov/2022:13:11:23 +0100] "GET /design/productsenstock.png HTTP/1.0" 200 260 "http://www.wonder-geek.com/templates/Pixame_v1/stylesheet.css" "Mozilla/5.0 (Macintosh; Intel Mac OS X 10_15_7) AppleWebKit/537.36 (KHTML like Gecko) Chrome/100.0.4896.127 Safari/537.36"
207.32.135.93 - - [15/Nov/2022:13:11:23 +0100] "GET /images/mini_prod/1300000022668.jpg HTTP/1.0" 200 269 "http://www.wonder-geek.com/dishes-c-12.html" "Mozilla/5.0 (Macintosh; Intel Mac OS X 10_15_7) AppleWebKit/537.36 (KHTML like Gecko) Chrome/100.0.4896.127 Safari/537.36"
207.32.135.93 - - [15/Nov/2022:13:11:23 +0100] "GET /images/mini_prod/8003990623473.jpg HTTP/1.0" 200 269 "http://www.wonder-geek.com/dishes-c-12.html" "Mozilla/5.0 (Macintosh; Intel Mac OS X 10_15_7) AppleWebKit/537.36 (KHTML like Gecko) Chrome/100.0.4896.127 Safari/537.36"
207.32.135.93 - - [15/Nov/2022:13:11:23 +0100] "GET /images/mini_prod/8003990616086.jpg HTTP/1.0" 200 269 "http://www.wonder-geek.com/dishes-c-12.html" "Mozilla/5.0 (Macintosh; Intel Mac OS X 10_15_7) AppleWebKit/537.36 (KHTML like Gecko) Chrome/100.0.4896.127 Safari/537.36"
207.90.21.239 - - [15/Nov/2022:13:11:23 +0100] "GET /images/mini_prod/3453131159470.jpg HTTP/1.0" 200 269 "http://www.wonder-geek.com/barbecue-aperitif-c-12_254.html" "Mozilla/5.0 (Macintosh; Intel Mac OS X 10_15_7) AppleWebKit/537.36 (KHTML like Gecko) Chrome/100.0.4896.127 Safari/537.36"
207.90.21.239 - - [15/Nov/2022:13:11:23 +0100] "GET /images/mini_prod/3453131160377.jpg HTTP/1.0" 200 269 "http://www.wonder-geek.com/barbecue-aperitif-c-12_254.html" "Mozilla/5.0 (Macintosh; Intel Mac OS X 10_15_7) AppleWebKit/537.36 (KHTML like Gecko) Chrome/100.0.4896.127 Safari/537.36"
207.90.21.239 - - [15/Nov/2022:13:11:23 +0100] "GET /images/mini_prod/3453131159500.jpg HTTP/1.0" 200 269 "http://www.wonder-geek.com/barbecue-aperitif-c-12_254.html" "Mozilla/5.0 (Macintosh; Intel Mac OS X 10_15_7) AppleWebKit/537.36 (KHTML like Gecko) Chrome/100.0.4896.127 Safari/537.36"
207.32.135.93 - - [15/Nov/2022:13:11:23 +0100] "GET /images/mini_prod/3609810072015.jpg HTTP/1.0" 200 269 "http://www.wonder-geek.com/dishes-c-12.html" "Mozilla/5.0 (Macintosh; Intel Mac OS X 10_15_7) AppleWebKit/537.36 (KHTML like Gecko) Chrome/100.0.4896.127 Safari/537.36"
207.32.135.93 - - [15/Nov/2022:13:11:23 +0100] "GET /images/mini_prod/3700281646931.jpg HTTP/1.0" 200 269 "http://www.wonder-geek.com/dishes-c-12.html" "Mozilla/5.0 (Macintosh; Intel Mac OS X 10_15_7) AppleWebKit/537.36 (KHTML like Gecko) Chrome/100.0.4896.127 Safari/537.36"
207.32.135.93 - - [15/Nov/2022:13:11:23 +0100] "GET /images/mini_prod/3609810072053.jpg HTTP/1.0" 200 269 "http://www.wonder-geek.com/dishes-c-12.html" "Mozilla/5.0 (Macintosh; Intel Mac OS X 10_15_7) AppleWebKit/537.36 (KHTML like Gecko) Chrome/100.0.4896.127 Safari/537.36"
207.32.135.93 - - [15/Nov/2022:13:11:23 +0100] "GET /images/mini_prod/3700281646924.jpg HTTP/1.0" 200 269 "http://www.wonder-geek.com/dishes-c-12.html" "Mozilla/5.0 (Macintosh; Intel Mac OS X 10_15_7) AppleWebKit/537.36 (KHTML like Gecko) Chrome/100.0.4896.127 Safari/537.36"
207.32.135.93 - - [15/Nov/2022:13:11:23 +0100] "GET /images/mini_prod/3700281646979.jpg HTTP/1.0" 200 269 "http://www.wonder-geek.com/dishes-c-12.html" "Mozilla/5.0 (Macintosh; Intel Mac OS X 10_15_7) AppleWebKit/537.36 (KHTML like Gecko) Chrome/100.0.4896.127 Safari/537.36"
207.90.21.239 - - [15/Nov/2022:13:11:23 +0100] "GET /images/mini_prod/3453131153584.jpg HTTP/1.0" 200 269 "http://www.wonder-geek.com/barbecue-aperitif-c-12_254.html" "Mozilla/5.0 (Macintosh; Intel Mac OS X 10_15_7) AppleWebKit/537.36 (KHTML like Gecko) Chrome/100.0.4896.127 Safari/537.36"
207.90.21.239 - - [15/Nov/2022:13:11:23 +0100] "GET /images/mini_prod/3612875123875.jpg HTTP/1.0" 200 269 "http://www.wonder-geek.com/barbecue-aperitif-c-12_254.html" "Mozilla/5.0 (Macintosh; Intel Mac OS X 10_15_7) AppleWebKit/537.36 (KHTML like Gecko) Chrome/100.0.4896.127 Safari/537.36"
207.90.21.239 - - [15/Nov/2022:13:11:23 +0100] "GET /images/mini_prod/3612875123677.jpg HTTP/1.0" 200 269 "http://www.wonder-geek.com/barbecue-aperitif-c-12_254.html" "Mozilla/5.0 (Macintosh; Intel Mac OS X 10_15_7) AppleWebKit/537.36 (KHTML like Gecko) Chrome/100.0.4896.127 Safari/537.36"
207.32.135.93 - - [15/Nov/2022:13:11:23 +0100] "GET /images/mini_prod/3700281646955.jpg HTTP/1.0" 200 269 "http://www.wonder-geek.com/dishes-c-12.html" "Mozilla/5.0 (Macintosh; Intel Mac OS X 10_15_7) AppleWebKit/537.36 (KHTML like Gecko) Chrome/100.0.4896.127 Safari/537.36"
207.32.135.93 - - [15/Nov/2022:13:11:23 +0100] "GET /images/mini_prod/3700281646962.jpg HTTP/1.0" 200 269 "http://www.wonder-geek.com/dishes-c-12.html" "Mozilla/5.0 (Macintosh; Intel Mac OS X 10_15_7) AppleWebKit/537.36 (KHTML like Gecko) Chrome/100.0.4896.127 Safari/537.36"
207.90.21.239 - - [15/Nov/2022:13:11:23 +0100] "GET /images/mini_prod/3503420179068.jpg HTTP/1.0" 200 269 "http://www.wonder-geek.com/barbecue-aperitif-c-12_254.html" "Mozilla/5.0 (Macintosh; Intel Mac OS X 10_15_7) AppleWebKit/537.36 (KHTML like Gecko) Chrome/100.0.4896.127 Safari/537.36"
207.32.135.93 - - [15/Nov/2022:13:11:23 +0100] "GET /images/mini_prod/3700281646986.jpg HTTP/1.0" 200 269 "http://www.wonder-geek.com/dishes-c-12.html" "Mozilla/5.0 (Macintosh; Intel Mac OS X 10_15_7) AppleWebKit/537.36 (KHTML like Gecko) Chrome/100.0.4896.127 Safari/537.36"
207.90.21.239 - - [15/Nov/2022:13:11:23 +0100] "GET /images/mini_prod/4029811447817.jpg HTTP/1.0" 200 269 "http://www.wonder-geek.com/barbecue-aperitif-c-12_254.html" "Mozilla/5.0 (Macintosh; Intel Mac OS X 10_15_7) AppleWebKit/537.36 (KHTML like Gecko) Chrome/100.0.4896.127 Safari/537.36"
207.90.21.239 - - [15/Nov/2022:13:11:23 +0100] "GET /images/mini_prod/3700281653243C.jpg HTTP/1.0" 200 270 "http://www.wonder-geek.com/barbecue-aperitif-c-12_254.html" "Mozilla/5.0 (Macintosh; Intel Mac OS X 10_15_7) AppleWebKit/537.36 (KHTML like Gecko) Chrome/100.0.4896.127 Safari/537.36"
207.90.21.239 - - [15/Nov/2022:13:11:23 +0100] "GET /images/mini_prod/3700281653236.jpg HTTP/1.0" 200 269 "http://www.wonder-geek.com/barbecue-aperitif-c-12_254.html" "Mozilla/5.0 (Macintosh; Intel Mac OS X 10_15_7) AppleWebKit/537.36 (KHTML like Gecko) Chrome/100.0.4896.127 Safari/537.36"
207.90.21.239 - - [15/Nov/2022:13:11:23 +0100] "GET /images/mini_prod/3700281653250.jpg HTTP/1.0" 200 269 "http://www.wonder-geek.com/barbecue-aperitif-c-12_254.html" "Mozilla/5.0 (Macintosh; Intel Mac OS X 10_15_7) AppleWebKit/537.36 (KHTML like Gecko) Chrome/100.0.4896.127 Safari/537.36"
207.32.135.93 - - [15/Nov/2022:13:11:23 +0100] "GET /images/mini_prod/3700281648355.jpg HTTP/1.0" 200 269 "http://www.wonder-geek.com/dishes-c-12.html" "Mozilla/5.0 (Macintosh; Intel Mac OS X 10_15_7) AppleWebKit/537.36 (KHTML like Gecko) Chrome/100.0.4896.127 Safari/537.36"
207.90.21.239 - - [15/Nov/2022:13:11:23 +0100] "GET /images/mini_prod/3700281653229.jpg HTTP/1.0" 200 269 "http://www.wonder-geek.com/barbecue-aperitif-c-12_254.html" "Mozilla/5.0 (Macintosh; Intel Mac OS X 10_15_7) AppleWebKit/537.36 (KHTML like Gecko) Chrome/100.0.4896.127 Safari/537.36"
207.90.21.239 - - [15/Nov/2022:13:11:23 +0100] "GET /images/mini_prod/8424222987017.jpg HTTP/1.0" 200 269 "http://www.wonder-geek.com/barbecue-aperitif-c-12_254.html" "Mozilla/5.0 (Macintosh; Intel Mac OS X 10_15_7) AppleWebKit/537.36 (KHTML like Gecko) Chrome/100.0.4896.127 Safari/537.36"
207.90.21.239 - - [15/Nov/2022:13:11:23 +0100] "GET /images/mini_prod/8424222873129.jpg HTTP/1.0" 200 269 "http://www.wonder-geek.com/barbecue-aperitif-c-12_254.html" "Mozilla/5.0 (Macintosh; Intel Mac OS X 10_15_7) AppleWebKit/537.36 (KHTML like Gecko) Chrome/100.0.4896.127 Safari/537.36"
207.90.21.239 - - [15/Nov/2022:13:11:24 +0100] "GET /design/fondcurrent.jpg HTTP/1.0" 200 683 "http://www.wonder-geek.com/templates/Pixame_v1/stylesheet.css" "Mozilla/5.0 (Macintosh; Intel Mac OS X 10_15_7) AppleWebKit/537.36 (KHTML like Gecko) Chrome/100.0.4896.127 Safari/537.36"
207.90.21.239 - - [15/Nov/2022:13:11:24 +0100] "GET /design/fondothers.jpg HTTP/1.0" 200 667 "http://www.wonder-geek.com/templates/Pixame_v1/stylesheet.css" "Mozilla/5.0 (Macintosh; Intel Mac OS X 10_15_7) AppleWebKit/537.36 (KHTML like Gecko) Chrome/100.0.4896.127 Safari/537.36"
211.249.246.147 - - [15/Nov/2022:13:11:23 +0100] "GET /monster-doll-small-white-cushion-with-personalized-picture-p-16983.html HTTP/1.0" 200 76675 "-" "Mozilla/5.0 (compatible; Daum/4.1; +http://cs.daum.net/faq/15/4118.html?faqId=28966)"
64.140.136.84 - - [15/Nov/2022:13:11:25 +0100] "GET /templates/Pixame_v1/stylesheet.css HTTP/1.0" 200 267 "http://www.wonder-geek.com/bottle-holder-beer-bucket-c-12_224.html" "Mozilla/5.0 (Windows NT 10.0; WOW64) AppleWebKit/537.36 (KHTML like Gecko) Chrome/100.0.4896.127 Safari/537.36"
64.140.136.84 - - [15/Nov/2022:13:11:25 +0100] "GET /templates/Pixame_v1/images/icon_accueil2.png HTTP/1.0" 200 278 "http://www.wonder-geek.com/bottle-holder-beer-bucket-c-12_224.html" "Mozilla/5.0 (Windows NT 10.0; WOW64) AppleWebKit/537.36 (KHTML like Gecko) Chrome/100.0.4896.127 Safari/537.36"
64.140.136.84 - - [15/Nov/2022:13:11:25 +0100] "GET /templates/Pixame_v1/images/Bottom_texture.jpg HTTP/1.0" 200 280 "http://www.wonder-geek.com/templates/Pixame_v1/stylesheet.css" "Mozilla/5.0 (Windows NT 10.0; WOW64) AppleWebKit/537.36 (KHTML like Gecko) Chrome/100.0.4896.127 Safari/537.36"
64.140.136.84 - - [15/Nov/2022:13:11:25 +0100] "GET /templates/Pixame_v1/images/Middle_texture.jpg HTTP/1.0" 200 280 "http://www.wonder-geek.com/templates/Pixame_v1/stylesheet.css" "Mozilla/5.0 (Windows NT 10.0; WOW64) AppleWebKit/537.36 (KHTML like Gecko) Chrome/100.0.4896.127 Safari/537.36"
64.140.136.84 - - [15/Nov/2022:13:11:23 +0100] "GET /bottle-holder-beer-bucket-c-12_224.html HTTP/1.0" 200 93369 "-" "Mozilla/5.0 (Windows NT 10.0; WOW64) AppleWebKit/537.36 (KHTML like Gecko) Chrome/100.0.4896.127 Safari/537.36"
64.140.136.84 - - [15/Nov/2022:13:11:25 +0100] "GET /templates/Pixame_v1/images/nav.png HTTP/1.0" 200 268 "http://www.wonder-geek.com/templates/Pixame_v1/stylesheet.css" "Mozilla/5.0 (Windows NT 10.0; WOW64) AppleWebKit/537.36 (KHTML like Gecko) Chrome/100.0.4896.127 Safari/537.36"
64.140.136.84 - - [15/Nov/2022:13:11:25 +0100] "GET /templates/Pixame_v1/images/header.png HTTP/1.0" 200 271 "http://www.wonder-geek.com/templates/Pixame_v1/stylesheet.css" "Mozilla/5.0 (Windows NT 10.0; WOW64) AppleWebKit/537.36 (KHTML like Gecko) Chrome/100.0.4896.127 Safari/537.36"
64.140.136.84 - - [15/Nov/2022:13:11:25 +0100] "GET /templates/Pixame_v1/images/header-object.png HTTP/1.0" 200 278 "http://www.wonder-geek.com/templates/Pixame_v1/stylesheet.css" "Mozilla/5.0 (Windows NT 10.0; WOW64) AppleWebKit/537.36 (KHTML like Gecko) Chrome/100.0.4896.127 Safari/537.36"
64.140.136.84 - - [15/Nov/2022:13:11:26 +0100] "GET /design/productsenstock.png HTTP/1.0" 200 260 "http://www.wonder-geek.com/templates/Pixame_v1/stylesheet.css" "Mozilla/5.0 (Windows NT 10.0; WOW64) AppleWebKit/537.36 (KHTML like Gecko) Chrome/100.0.4896.127 Safari/537.36"
64.140.136.84 - - [15/Nov/2022:13:11:26 +0100] "GET /images/mini_prod/1384000000758.jpg HTTP/1.0" 200 269 "http://www.wonder-geek.com/bottle-holder-beer-bucket-c-12_224.html" "Mozilla/5.0 (Windows NT 10.0; WOW64) AppleWebKit/537.36 (KHTML like Gecko) Chrome/100.0.4896.127 Safari/537.36"
64.140.136.84 - - [15/Nov/2022:13:11:26 +0100] "GET /design/fondcurrent.jpg HTTP/1.0" 200 683 "http://www.wonder-geek.com/templates/Pixame_v1/stylesheet.css" "Mozilla/5.0 (Windows NT 10.0; WOW64) AppleWebKit/537.36 (KHTML like Gecko) Chrome/100.0.4896.127 Safari/537.36"
64.140.136.84 - - [15/Nov/2022:13:11:26 +0100] "GET /design/fondothers.jpg HTTP/1.0" 200 667 "http://www.wonder-geek.com/templates/Pixame_v1/stylesheet.css" "Mozilla/5.0 (Windows NT 10.0; WOW64) AppleWebKit/537.36 (KHTML like Gecko) Chrome/100.0.4896.127 Safari/537.36"
64.140.136.84 - - [15/Nov/2022:13:11:26 +0100] "GET /images/mini_prod/3612875122755.jpg HTTP/1.0" 200 269 "http://www.wonder-geek.com/bottle-holder-beer-bucket-c-12_224.html" "Mozilla/5.0 (Windows NT 10.0; WOW64) AppleWebKit/537.36 (KHTML like Gecko) Chrome/100.0.4896.127 Safari/537.36"
64.140.134.170 - - [15/Nov/2022:13:11:24 +0100] "GET /bowls-c-12_255.html HTTP/1.0" 200 81143 "-" "Mozilla/5.0 (Windows NT 6.1) AppleWebKit/537.36 (KHTML like Gecko) Chrome/100.0.4896.127 Safari/537.36"
64.140.136.84 - - [15/Nov/2022:13:11:26 +0100] "GET /images/mini_prod/8424001505364.jpg HTTP/1.0" 200 269 "http://www.wonder-geek.com/bottle-holder-beer-bucket-c-12_224.html" "Mozilla/5.0 (Windows NT 10.0; WOW64) AppleWebKit/537.36 (KHTML like Gecko) Chrome/100.0.4896.127 Safari/537.36"
64.140.136.84 - - [15/Nov/2022:13:11:26 +0100] "GET /images/mini_prod/1384000000765.jpg HTTP/1.0" 200 269 "http://www.wonder-geek.com/bottle-holder-beer-bucket-c-12_224.html" "Mozilla/5.0 (Windows NT 10.0; WOW64) AppleWebKit/537.36 (KHTML like Gecko) Chrome/100.0.4896.127 Safari/537.36"
64.140.136.84 - - [15/Nov/2022:13:11:26 +0100] "GET /images/mini_prod/8422071326414B.jpg HTTP/1.0" 200 270 "http://www.wonder-geek.com/bottle-holder-beer-bucket-c-12_224.html" "Mozilla/5.0 (Windows NT 10.0; WOW64) AppleWebKit/537.36 (KHTML like Gecko) Chrome/100.0.4896.127 Safari/537.36"
64.140.136.84 - - [15/Nov/2022:13:11:26 +0100] "GET /images/mini_prod/8422071326414.jpg HTTP/1.0" 200 269 "http://www.wonder-geek.com/bottle-holder-beer-bucket-c-12_224.html" "Mozilla/5.0 (Windows NT 10.0; WOW64) AppleWebKit/537.36 (KHTML like Gecko) Chrome/100.0.4896.127 Safari/537.36"
64.140.136.84 - - [15/Nov/2022:13:11:26 +0100] "GET /images/mini_prod/8422071326407.jpg HTTP/1.0" 200 269 "http://www.wonder-geek.com/bottle-holder-beer-bucket-c-12_224.html" "Mozilla/5.0 (Windows NT 10.0; WOW64) AppleWebKit/537.36 (KHTML like Gecko) Chrome/100.0.4896.127 Safari/537.36"
64.140.136.84 - - [15/Nov/2022:13:11:26 +0100] "GET /images/mini_prod/8422071326438.jpg HTTP/1.0" 200 269 "http://www.wonder-geek.com/bottle-holder-beer-bucket-c-12_224.html" "Mozilla/5.0 (Windows NT 10.0; WOW64) AppleWebKit/537.36 (KHTML like Gecko) Chrome/100.0.4896.127 Safari/537.36"
64.140.134.170 - - [15/Nov/2022:13:11:26 +0100] "GET /templates/Pixame_v1/images/icon_accueil2.png HTTP/1.0" 200 278 "http://www.wonder-geek.com/bowls-c-12_255.html" "Mozilla/5.0 (Windows NT 6.1) AppleWebKit/537.36 (KHTML like Gecko) Chrome/100.0.4896.127 Safari/537.36"
64.140.134.170 - - [15/Nov/2022:13:11:26 +0100] "GET /templates/Pixame_v1/stylesheet.css HTTP/1.0" 200 267 "http://www.wonder-geek.com/bowls-c-12_255.html" "Mozilla/5.0 (Windows NT 6.1) AppleWebKit/537.36 (KHTML like Gecko) Chrome/100.0.4896.127 Safari/537.36"
64.140.136.84 - - [15/Nov/2022:13:11:26 +0100] "GET /images/mini_prod/3700281645835.jpg HTTP/1.0" 200 269 "http://www.wonder-geek.com/bottle-holder-beer-bucket-c-12_224.html" "Mozilla/5.0 (Windows NT 10.0; WOW64) AppleWebKit/537.36 (KHTML like Gecko) Chrome/100.0.4896.127 Safari/537.36"
64.140.136.84 - - [15/Nov/2022:13:11:26 +0100] "GET /images/mini_prod/3700281645828.jpg HTTP/1.0" 200 269 "http://www.wonder-geek.com/bottle-holder-beer-bucket-c-12_224.html" "Mozilla/5.0 (Windows NT 10.0; WOW64) AppleWebKit/537.36 (KHTML like Gecko) Chrome/100.0.4896.127 Safari/537.36"
64.140.136.84 - - [15/Nov/2022:13:11:26 +0100] "GET /images/mini_prod/3700281645842.jpg HTTP/1.0" 200 269 "http://www.wonder-geek.com/bottle-holder-beer-bucket-c-12_224.html" "Mozilla/5.0 (Windows NT 10.0; WOW64) AppleWebKit/537.36 (KHTML like Gecko) Chrome/100.0.4896.127 Safari/537.36"
64.140.136.84 - - [15/Nov/2022:13:11:26 +0100] "GET /images/mini_prod/3700281645859.jpg HTTP/1.0" 200 269 "http://www.wonder-geek.com/bottle-holder-beer-bucket-c-12_224.html" "Mozilla/5.0 (Windows NT 10.0; WOW64) AppleWebKit/537.36 (KHTML like Gecko) Chrome/100.0.4896.127 Safari/537.36"
64.140.134.170 - - [15/Nov/2022:13:11:26 +0100] "GET /images/mini_prod/3565750277838.jpg HTTP/1.0" 200 269 "http://www.wonder-geek.com/bowls-c-12_255.html" "Mozilla/5.0 (Windows NT 6.1) AppleWebKit/537.36 (KHTML like Gecko) Chrome/100.0.4896.127 Safari/537.36"
64.140.136.84 - - [15/Nov/2022:13:11:26 +0100] "GET /images/mini_prod/8424001426621.jpg HTTP/1.0" 200 269 "http://www.wonder-geek.com/bottle-holder-beer-bucket-c-12_224.html" "Mozilla/5.0 (Windows NT 10.0; WOW64) AppleWebKit/537.36 (KHTML like Gecko) Chrome/100.0.4896.127 Safari/537.36"
64.140.136.84 - - [15/Nov/2022:13:11:26 +0100] "GET /images/mini_prod/3612875119502.jpg HTTP/1.0" 200 269 "http://www.wonder-geek.com/bottle-holder-beer-bucket-c-12_224.html" "Mozilla/5.0 (Windows NT 10.0; WOW64) AppleWebKit/537.36 (KHTML like Gecko) Chrome/100.0.4896.127 Safari/537.36"
64.140.134.170 - - [15/Nov/2022:13:11:26 +0100] "GET /images/mini_prod/5400924016197.jpg HTTP/1.0" 200 269 "http://www.wonder-geek.com/bowls-c-12_255.html" "Mozilla/5.0 (Windows NT 6.1) AppleWebKit/537.36 (KHTML like Gecko) Chrome/100.0.4896.127 Safari/537.36"
64.140.136.84 - - [15/Nov/2022:13:11:26 +0100] "GET /images/mini_prod/3612875119496.jpg HTTP/1.0" 200 269 "http://www.wonder-geek.com/bottle-holder-beer-bucket-c-12_224.html" "Mozilla/5.0 (Windows NT 10.0; WOW64) AppleWebKit/537.36 (KHTML like Gecko) Chrome/100.0.4896.127 Safari/537.36"
64.140.136.84 - - [15/Nov/2022:13:11:26 +0100] "GET /images/mini_prod/8433933108024.jpg HTTP/1.0" 200 269 "http://www.wonder-geek.com/bottle-holder-beer-bucket-c-12_224.html" "Mozilla/5.0 (Windows NT 10.0; WOW64) AppleWebKit/537.36 (KHTML like Gecko) Chrome/100.0.4896.127 Safari/537.36"
64.140.136.84 - - [15/Nov/2022:13:11:26 +0100] "GET /images/mini_prod/3503420029196.jpg HTTP/1.0" 200 269 "http://www.wonder-geek.com/bottle-holder-beer-bucket-c-12_224.html" "Mozilla/5.0 (Windows NT 10.0; WOW64) AppleWebKit/537.36 (KHTML like Gecko) Chrome/100.0.4896.127 Safari/537.36"
64.140.136.84 - - [15/Nov/2022:13:11:26 +0100] "GET /images/mini_prod/3453131159739A.jpg HTTP/1.0" 200 270 "http://www.wonder-geek.com/bottle-holder-beer-bucket-c-12_224.html" "Mozilla/5.0 (Windows NT 10.0; WOW64) AppleWebKit/537.36 (KHTML like Gecko) Chrome/100.0.4896.127 Safari/537.36"
207.32.152.12 - - [15/Nov/2022:13:11:26 +0100] "GET /templates/Pixame_v1/images/icon_accueil2.png HTTP/1.0" 200 278 "http://www.wonder-geek.com/bowls-c-12_60.html" "Mozilla/5.0 (Windows NT 10.0; WOW64) AppleWebKit/537.36 (KHTML like Gecko) Chrome/100.0.4896.127 Safari/537.36"
207.32.152.12 - - [15/Nov/2022:13:11:26 +0100] "GET /templates/Pixame_v1/stylesheet.css HTTP/1.0" 200 267 "http://www.wonder-geek.com/bowls-c-12_60.html" "Mozilla/5.0 (Windows NT 10.0; WOW64) AppleWebKit/537.36 (KHTML like Gecko) Chrome/100.0.4896.127 Safari/537.36"
64.140.134.170 - - [15/Nov/2022:13:11:26 +0100] "GET /images/mini_prod/5400924016203.jpg HTTP/1.0" 200 269 "http://www.wonder-geek.com/bowls-c-12_255.html" "Mozilla/5.0 (Windows NT 6.1) AppleWebKit/537.36 (KHTML like Gecko) Chrome/100.0.4896.127 Safari/537.36"
64.140.136.84 - - [15/Nov/2022:13:11:26 +0100] "GET /images/mini_prod/3453131159708A.jpg HTTP/1.0" 200 270 "http://www.wonder-geek.com/bottle-holder-beer-bucket-c-12_224.html" "Mozilla/5.0 (Windows NT 10.0; WOW64) AppleWebKit/537.36 (KHTML like Gecko) Chrome/100.0.4896.127 Safari/537.36"
64.140.134.170 - - [15/Nov/2022:13:11:26 +0100] "GET /images/mini_prod/4250255858734.jpg HTTP/1.0" 200 269 "http://www.wonder-geek.com/bowls-c-12_255.html" "Mozilla/5.0 (Windows NT 6.1) AppleWebKit/537.36 (KHTML like Gecko) Chrome/100.0.4896.127 Safari/537.36"
64.140.136.84 - - [15/Nov/2022:13:11:26 +0100] "GET /images/mini_prod/3453131159722A.jpg HTTP/1.0" 200 270 "http://www.wonder-geek.com/bottle-holder-beer-bucket-c-12_224.html" "Mozilla/5.0 (Windows NT 10.0; WOW64) AppleWebKit/537.36 (KHTML like Gecko) Chrome/100.0.4896.127 Safari/537.36"
64.140.134.170 - - [15/Nov/2022:13:11:26 +0100] "GET /templates/Pixame_v1/images/Middle_texture.jpg HTTP/1.0" 200 280 "http://www.wonder-geek.com/templates/Pixame_v1/stylesheet.css" "Mozilla/5.0 (Windows NT 6.1) AppleWebKit/537.36 (KHTML like Gecko) Chrome/100.0.4896.127 Safari/537.36"
64.140.134.170 - - [15/Nov/2022:13:11:26 +0100] "GET /templates/Pixame_v1/images/Bottom_texture.jpg HTTP/1.0" 200 280 "http://www.wonder-geek.com/templates/Pixame_v1/stylesheet.css" "Mozilla/5.0 (Windows NT 6.1) AppleWebKit/537.36 (KHTML like Gecko) Chrome/100.0.4896.127 Safari/537.36"
64.140.134.170 - - [15/Nov/2022:13:11:26 +0100] "GET /templates/Pixame_v1/images/nav.png HTTP/1.0" 200 268 "http://www.wonder-geek.com/templates/Pixame_v1/stylesheet.css" "Mozilla/5.0 (Windows NT 6.1) AppleWebKit/537.36 (KHTML like Gecko) Chrome/100.0.4896.127 Safari/537.36"
64.140.134.170 - - [15/Nov/2022:13:11:26 +0100] "GET /templates/Pixame_v1/images/header.png HTTP/1.0" 200 271 "http://www.wonder-geek.com/templates/Pixame_v1/stylesheet.css" "Mozilla/5.0 (Windows NT 6.1) AppleWebKit/537.36 (KHTML like Gecko) Chrome/100.0.4896.127 Safari/537.36"
64.140.134.170 - - [15/Nov/2022:13:11:26 +0100] "GET /templates/Pixame_v1/images/header-object.png HTTP/1.0" 200 278 "http://www.wonder-geek.com/templates/Pixame_v1/stylesheet.css" "Mozilla/5.0 (Windows NT 6.1) AppleWebKit/537.36 (KHTML like Gecko) Chrome/100.0.4896.127 Safari/537.36"
207.32.152.12 - - [15/Nov/2022:13:11:24 +0100] "GET /bowls-c-12_60.html HTTP/1.0" 200 94440 "-" "Mozilla/5.0 (Windows NT 10.0; WOW64) AppleWebKit/537.36 (KHTML like Gecko) Chrome/100.0.4896.127 Safari/537.36"
64.140.134.170 - - [15/Nov/2022:13:11:26 +0100] "GET /design/productsenstock.png HTTP/1.0" 200 260 "http://www.wonder-geek.com/templates/Pixame_v1/stylesheet.css" "Mozilla/5.0 (Windows NT 6.1) AppleWebKit/537.36 (KHTML like Gecko) Chrome/100.0.4896.127 Safari/537.36"
64.140.134.170 - - [15/Nov/2022:13:11:26 +0100] "GET /design/fondcurrent.jpg HTTP/1.0" 200 683 "http://www.wonder-geek.com/templates/Pixame_v1/stylesheet.css" "Mozilla/5.0 (Windows NT 6.1) AppleWebKit/537.36 (KHTML like Gecko) Chrome/100.0.4896.127 Safari/537.36"
207.32.152.12 - - [15/Nov/2022:13:11:27 +0100] "GET /images/mini_prod/8003990616086.jpg HTTP/1.0" 200 269 "http://www.wonder-geek.com/bowls-c-12_60.html" "Mozilla/5.0 (Windows NT 10.0; WOW64) AppleWebKit/537.36 (KHTML like Gecko) Chrome/100.0.4896.127 Safari/537.36"
207.32.152.12 - - [15/Nov/2022:13:11:27 +0100] "GET /images/mini_prod/8003990629673A.jpg HTTP/1.0" 200 270 "http://www.wonder-geek.com/bowls-c-12_60.html" "Mozilla/5.0 (Windows NT 10.0; WOW64) AppleWebKit/537.36 (KHTML like Gecko) Chrome/100.0.4896.127 Safari/537.36"
207.32.152.12 - - [15/Nov/2022:13:11:27 +0100] "GET /images/mini_prod/3503420058301.jpg HTTP/1.0" 200 269 "http://www.wonder-geek.com/bowls-c-12_60.html" "Mozilla/5.0 (Windows NT 10.0; WOW64) AppleWebKit/537.36 (KHTML like Gecko) Chrome/100.0.4896.127 Safari/537.36"
35.208.226.189 - - [15/Nov/2022:13:11:27 +0100] "GET /images/mini_prod/3700407620012.jpg HTTP/1.0" 200 269 "-" "Mozilla/5.0 (X11; Ubuntu; Linux x86_64; rv:72.0) Gecko/20100101 Firefox/72.0"
207.32.152.12 - - [15/Nov/2022:13:11:27 +0100] "GET /images/mini_prod/8003990615881.jpg HTTP/1.0" 200 269 "http://www.wonder-geek.com/bowls-c-12_60.html" "Mozilla/5.0 (Windows NT 10.0; WOW64) AppleWebKit/537.36 (KHTML like Gecko) Chrome/100.0.4896.127 Safari/537.36"
207.32.152.12 - - [15/Nov/2022:13:11:27 +0100] "GET /images/mini_prod/8003990631294A.jpg HTTP/1.0" 200 270 "http://www.wonder-geek.com/bowls-c-12_60.html" "Mozilla/5.0 (Windows NT 10.0; WOW64) AppleWebKit/537.36 (KHTML like Gecko) Chrome/100.0.4896.127 Safari/537.36"
207.32.152.12 - - [15/Nov/2022:13:11:27 +0100] "GET /images/mini_prod/1363562526968A.jpg HTTP/1.0" 200 270 "http://www.wonder-geek.com/bowls-c-12_60.html" "Mozilla/5.0 (Windows NT 10.0; WOW64) AppleWebKit/537.36 (KHTML like Gecko) Chrome/100.0.4896.127 Safari/537.36"
207.32.152.12 - - [15/Nov/2022:13:11:27 +0100] "GET /templates/Pixame_v1/images/Bottom_texture.jpg HTTP/1.0" 200 280 "http://www.wonder-geek.com/templates/Pixame_v1/stylesheet.css" "Mozilla/5.0 (Windows NT 10.0; WOW64) AppleWebKit/537.36 (KHTML like Gecko) Chrome/100.0.4896.127 Safari/537.36"
207.32.152.12 - - [15/Nov/2022:13:11:27 +0100] "GET /templates/Pixame_v1/images/Middle_texture.jpg HTTP/1.0" 200 280 "http://www.wonder-geek.com/templates/Pixame_v1/stylesheet.css" "Mozilla/5.0 (Windows NT 10.0; WOW64) AppleWebKit/537.36 (KHTML like Gecko) Chrome/100.0.4896.127 Safari/537.36"
207.32.152.12 - - [15/Nov/2022:13:11:27 +0100] "GET /templates/Pixame_v1/images/nav.png HTTP/1.0" 200 268 "http://www.wonder-geek.com/templates/Pixame_v1/stylesheet.css" "Mozilla/5.0 (Windows NT 10.0; WOW64) AppleWebKit/537.36 (KHTML like Gecko) Chrome/100.0.4896.127 Safari/537.36"
207.32.152.12 - - [15/Nov/2022:13:11:27 +0100] "GET /templates/Pixame_v1/images/header.png HTTP/1.0" 200 271 "http://www.wonder-geek.com/templates/Pixame_v1/stylesheet.css" "Mozilla/5.0 (Windows NT 10.0; WOW64) AppleWebKit/537.36 (KHTML like Gecko) Chrome/100.0.4896.127 Safari/537.36"
207.32.152.12 - - [15/Nov/2022:13:11:27 +0100] "GET /templates/Pixame_v1/images/header-object.png HTTP/1.0" 200 278 "http://www.wonder-geek.com/templates/Pixame_v1/stylesheet.css" "Mozilla/5.0 (Windows NT 10.0; WOW64) AppleWebKit/537.36 (KHTML like Gecko) Chrome/100.0.4896.127 Safari/537.36"
207.32.152.12 - - [15/Nov/2022:13:11:27 +0100] "GET /design/productsenstock.png HTTP/1.0" 200 260 "http://www.wonder-geek.com/templates/Pixame_v1/stylesheet.css" "Mozilla/5.0 (Windows NT 10.0; WOW64) AppleWebKit/537.36 (KHTML like Gecko) Chrome/100.0.4896.127 Safari/537.36"
207.32.152.12 - - [15/Nov/2022:13:11:27 +0100] "GET /design/fondcurrent.jpg HTTP/1.0" 200 683 "http://www.wonder-geek.com/templates/Pixame_v1/stylesheet.css" "Mozilla/5.0 (Windows NT 10.0; WOW64) AppleWebKit/537.36 (KHTML like Gecko) Chrome/100.0.4896.127 Safari/537.36"
207.32.152.12 - - [15/Nov/2022:13:11:27 +0100] "GET /design/fondothers.jpg HTTP/1.0" 200 667 "http://www.wonder-geek.com/templates/Pixame_v1/stylesheet.css" "Mozilla/5.0 (Windows NT 10.0; WOW64) AppleWebKit/537.36 (KHTML like Gecko) Chrome/100.0.4896.127 Safari/537.36"
207.32.152.12 - - [15/Nov/2022:13:11:27 +0100] "GET /images/mini_prod/3503420094361.jpg HTTP/1.0" 200 269 "http://www.wonder-geek.com/bowls-c-12_60.html" "Mozilla/5.0 (Windows NT 10.0; WOW64) AppleWebKit/537.36 (KHTML like Gecko) Chrome/100.0.4896.127 Safari/537.36"
207.32.152.12 - - [15/Nov/2022:13:11:27 +0100] "GET /images/mini_prod/3503420052668.jpg HTTP/1.0" 200 269 "http://www.wonder-geek.com/bowls-c-12_60.html" "Mozilla/5.0 (Windows NT 10.0; WOW64) AppleWebKit/537.36 (KHTML like Gecko) Chrome/100.0.4896.127 Safari/537.36"
207.32.152.12 - - [15/Nov/2022:13:11:27 +0100] "GET /images/mini_prod/3503420149641.jpg HTTP/1.0" 200 269 "http://www.wonder-geek.com/bowls-c-12_60.html" "Mozilla/5.0 (Windows NT 10.0; WOW64) AppleWebKit/537.36 (KHTML like Gecko) Chrome/100.0.4896.127 Safari/537.36"
207.32.152.12 - - [15/Nov/2022:13:11:28 +0100] "GET /images/mini_prod/3503420051081.jpg HTTP/1.0" 200 269 "http://www.wonder-geek.com/bowls-c-12_60.html" "Mozilla/5.0 (Windows NT 10.0; WOW64) AppleWebKit/537.36 (KHTML like Gecko) Chrome/100.0.4896.127 Safari/537.36"
207.32.152.12 - - [15/Nov/2022:13:11:28 +0100] "GET /images/mini_prod/3503420059025.jpg HTTP/1.0" 200 269 "http://www.wonder-geek.com/bowls-c-12_60.html" "Mozilla/5.0 (Windows NT 10.0; WOW64) AppleWebKit/537.36 (KHTML like Gecko) Chrome/100.0.4896.127 Safari/537.36"
207.32.152.12 - - [15/Nov/2022:13:11:28 +0100] "GET /images/mini_prod/3503420188558.jpg HTTP/1.0" 200 269 "http://www.wonder-geek.com/bowls-c-12_60.html" "Mozilla/5.0 (Windows NT 10.0; WOW64) AppleWebKit/537.36 (KHTML like Gecko) Chrome/100.0.4896.127 Safari/537.36"
207.32.152.12 - - [15/Nov/2022:13:11:28 +0100] "GET /images/mini_prod/3503420170515.jpg HTTP/1.0" 200 269 "http://www.wonder-geek.com/bowls-c-12_60.html" "Mozilla/5.0 (Windows NT 10.0; WOW64) AppleWebKit/537.36 (KHTML like Gecko) Chrome/100.0.4896.127 Safari/537.36"
207.32.152.12 - - [15/Nov/2022:13:11:28 +0100] "GET /images/mini_prod/8422001019768.jpg HTTP/1.0" 200 269 "http://www.wonder-geek.com/bowls-c-12_60.html" "Mozilla/5.0 (Windows NT 10.0; WOW64) AppleWebKit/537.36 (KHTML like Gecko) Chrome/100.0.4896.127 Safari/537.36"
207.32.152.12 - - [15/Nov/2022:13:11:28 +0100] "GET /images/mini_prod/8422011019765.jpg HTTP/1.0" 200 269 "http://www.wonder-geek.com/bowls-c-12_60.html" "Mozilla/5.0 (Windows NT 10.0; WOW64) AppleWebKit/537.36 (KHTML like Gecko) Chrome/100.0.4896.127 Safari/537.36"
207.32.152.12 - - [15/Nov/2022:13:11:28 +0100] "GET /images/mini_prod/8422013545507.jpg HTTP/1.0" 200 269 "http://www.wonder-geek.com/bowls-c-12_60.html" "Mozilla/5.0 (Windows NT 10.0; WOW64) AppleWebKit/537.36 (KHTML like Gecko) Chrome/100.0.4896.127 Safari/537.36"
207.32.152.12 - - [15/Nov/2022:13:11:28 +0100] "GET /images/mini_prod/8422011019789.jpg HTTP/1.0" 200 269 "http://www.wonder-geek.com/bowls-c-12_60.html" "Mozilla/5.0 (Windows NT 10.0; WOW64) AppleWebKit/537.36 (KHTML like Gecko) Chrome/100.0.4896.127 Safari/537.36"
207.32.152.12 - - [15/Nov/2022:13:11:28 +0100] "GET /images/mini_prod/8422021019762.jpg HTTP/1.0" 200 269 "http://www.wonder-geek.com/bowls-c-12_60.html" "Mozilla/5.0 (Windows NT 10.0; WOW64) AppleWebKit/537.36 (KHTML like Gecko) Chrome/100.0.4896.127 Safari/537.36"
207.32.152.12 - - [15/Nov/2022:13:11:28 +0100] "GET /images/mini_prod/8422021019786.jpg HTTP/1.0" 200 269 "http://www.wonder-geek.com/bowls-c-12_60.html" "Mozilla/5.0 (Windows NT 10.0; WOW64) AppleWebKit/537.36 (KHTML like Gecko) Chrome/100.0.4896.127 Safari/537.36"
207.32.152.12 - - [15/Nov/2022:13:11:28 +0100] "GET /images/mini_prod/8422001019782.jpg HTTP/1.0" 200 269 "http://www.wonder-geek.com/bowls-c-12_60.html" "Mozilla/5.0 (Windows NT 10.0; WOW64) AppleWebKit/537.36 (KHTML like Gecko) Chrome/100.0.4896.127 Safari/537.36"
207.46.13.181 - - [15/Nov/2022:13:11:27 +0100] "GET /dora-explorer-baby-with-mittens-p-50929.html HTTP/1.0" 200 76016 "-" "Mozilla/5.0 AppleWebKit/537.36 (KHTML, like Gecko; compatible; bingbot/2.0; +http://www.bing.com/bingbot.htm) Chrome/103.0.5060.134 Safari/537.36"
35.208.29.16 - - [15/Nov/2022:13:11:29 +0100] "GET /images/big_prod_1/b5018997627761.jpg HTTP/1.0" 200 271 "-" "Mozilla/5.0 (X11; Ubuntu; Linux x86_64; rv:72.0) Gecko/20100101 Firefox/72.0"
211.249.246.147 - - [15/Nov/2022:13:11:31 +0100] "GET /dubout-cats-soap-box-10-65-28-cm-p-40103.html HTTP/1.0" 301 76274 "-" "Mozilla/5.0 (compatible; Daum/4.1; +http://cs.daum.net/faq/15/4118.html?faqId=28966)"
185.191.171.23 - - [15/Nov/2022:13:11:33 +0100] "GET /cats-dubout-photo-frame-third-p-33753.html HTTP/1.0" 200 77081 "-" "Mozilla/5.0 (compatible; SemrushBot/7~bl; +http://www.semrush.com/bot.html)"
185.191.171.37 - - [15/Nov/2022:13:11:39 +0100] "GET /-p-45272.html HTTP/1.0" 200 73264 "-" "Mozilla/5.0 (compatible; SemrushBot/7~bl; +http://www.semrush.com/bot.html)"
207.32.146.240 - - [15/Nov/2022:13:11:44 +0100] "GET /checkout_shipping.php HTTP/1.0" 302 468 "-" "Mozilla/5.0 (Macintosh; Intel Mac OS X 10_13_6) AppleWebKit/537.36 (KHTML like Gecko) Chrome/100.0.4896.127 Safari/537.36"
207.32.146.240 - - [15/Nov/2022:13:11:45 +0100] "GET /login.php HTTP/1.0" 200 17155 "-" "Mozilla/5.0 (Macintosh; Intel Mac OS X 10_13_6) AppleWebKit/537.36 (KHTML like Gecko) Chrome/100.0.4896.127 Safari/537.36"
185.191.171.5 - - [15/Nov/2022:13:11:48 +0100] "GET /coconut-fibers-doormat-palm-p-54567.html HTTP/1.0" 200 77069 "-" "Mozilla/5.0 (compatible; SemrushBot/7~bl; +http://www.semrush.com/bot.html)"
185.191.171.23 - - [15/Nov/2022:13:12:00 +0100] "GET /despicable-mirror-p-32539.html HTTP/1.0" 200 75868 "-" "Mozilla/5.0 (compatible; SemrushBot/7~bl; +http://www.semrush.com/bot.html)"
185.191.171.6 - - [15/Nov/2022:13:12:03 +0100] "GET /winchester-metal-plate-deco-p-45221.html HTTP/1.0" 200 76028 "-" "Mozilla/5.0 (compatible; SemrushBot/7~bl; +http://www.semrush.com/bot.html)"
213.202.230.56 - - [15/Nov/2022:13:12:06 +0100] "GET /images/mini_prod/3503420082467.jpg HTTP/1.0" 200 269 "-" "Mozilla/5.0 (X11; Ubuntu; Linux x86_64; rv:72.0) Gecko/20100101 Firefox/72.0"
185.191.171.5 - - [15/Nov/2022:13:12:06 +0100] "GET /glass-cutting-board-cbkreation-p-51297.html HTTP/1.0" 200 75970 "-" "Mozilla/5.0 (compatible; SemrushBot/7~bl; +http://www.semrush.com/bot.html)"
185.191.171.1 - - [15/Nov/2022:13:12:13 +0100] "GET /-p-29546.html HTTP/1.0" 200 73264 "-" "Mozilla/5.0 (compatible; SemrushBot/7~bl; +http://www.semrush.com/bot.html)"
207.32.146.240 - - [15/Nov/2022:13:12:15 +0100] "GET /templates/Pixame_v1/stylesheet.css HTTP/1.0" 200 267 "http://www.wonder-geek.com/login.php" "Mozilla/5.0 (Macintosh; Intel Mac OS X 10_13_6) AppleWebKit/537.36 (KHTML like Gecko) Chrome/100.0.4896.127 Safari/537.36"
207.46.13.181 - - [15/Nov/2022:13:12:16 +0100] "GET /tablecloth-azulejos-treated-anti-stain-orange-150-150-cm-p-48522.html HTTP/1.0" 301 73572 "-" "Mozilla/5.0 AppleWebKit/537.36 (KHTML, like Gecko; compatible; bingbot/2.0; +http://www.bing.com/bingbot.htm) Chrome/103.0.5060.134 Safari/537.36"
207.46.13.181 - - [15/Nov/2022:13:12:18 +0100] "GET /lyon-cbkreation-p-31272.html HTTP/1.0" 200 75893 "-" "Mozilla/5.0 (compatible; bingbot/2.0; +http://www.bing.com/bingbot.htm)"
35.208.178.115 - - [15/Nov/2022:13:12:25 +0100] "GET /images/mini_prod/1399984258439.jpg HTTP/1.0" 200 269 "-" "Mozilla/5.0 (X11; Ubuntu; Linux x86_64; rv:72.0) Gecko/20100101 Firefox/72.0"
185.191.171.39 - - [15/Nov/2022:13:12:30 +0100] "GET /small-ornamental-brass-compass-p-56653.html HTTP/1.0" 200 75980 "-" "Mozilla/5.0 (compatible; SemrushBot/7~bl; +http://www.semrush.com/bot.html)"
35.209.122.144 - - [15/Nov/2022:13:12:50 +0100] "GET /images/mini_prod/8412497597796.jpg HTTP/1.0" 200 269 "-" "Mozilla/5.0 (X11; Ubuntu; Linux x86_64; rv:72.0) Gecko/20100101 Firefox/72.0"
35.208.149.59 - - [15/Nov/2022:13:12:51 +0100] "GET /images/D5411217321171.jpg HTTP/1.0" 200 260 "-" "Mozilla/5.0 (X11; Ubuntu; Linux x86_64; rv:72.0) Gecko/20100101 Firefox/72.0"
185.191.171.40 - - [15/Nov/2022:13:13:01 +0100] "GET /lotus-candleholder-chakra-blue-goldlining-p-35520.html HTTP/1.0" 200 77499 "-" "Mozilla/5.0 (compatible; SemrushBot/7~bl; +http://www.semrush.com/bot.html)"
157.55.39.183 - - [15/Nov/2022:13:13:02 +0100] "GET /-p-24330.html HTTP/1.0" 200 73264 "-" "Mozilla/5.0 (compatible; bingbot/2.0; +http://www.bing.com/bingbot.htm)"
185.191.171.10 - - [15/Nov/2022:13:13:24 +0100] "GET /home-decoration-c-13.html?page=192 HTTP/1.0" 200 95888 "-" "Mozilla/5.0 (compatible; SemrushBot/7~bl; +http://www.semrush.com/bot.html)"
54.36.148.170 - - [15/Nov/2022:13:13:31 +0100] "GET /mugs-mazagrans-c-12_57.html?page=30 HTTP/1.0" 200 86500 "-" "Mozilla/5.0 (compatible; AhrefsBot/7.0; +http://ahrefs.com/robot/)"
185.191.171.5 - - [15/Nov/2022:13:13:45 +0100] "GET /-p-19916.html HTTP/1.0" 200 73264 "-" "Mozilla/5.0 (compatible; SemrushBot/7~bl; +http://www.semrush.com/bot.html)"
40.77.167.28 - - [15/Nov/2022:13:13:50 +0100] "GET /coca-cola-p-23341.html HTTP/1.0" 301 73331 "-" "Mozilla/5.0 AppleWebKit/537.36 (KHTML, like Gecko; compatible; bingbot/2.0; +http://www.bing.com/bingbot.htm) Chrome/103.0.5060.134 Safari/537.36"
40.77.167.27 - - [15/Nov/2022:13:14:02 +0100] "GET /potholder-glove-p-51738.html HTTP/1.0" 200 75911 "-" "Mozilla/5.0 AppleWebKit/537.36 (KHTML, like Gecko; compatible; bingbot/2.0; +http://www.bing.com/bingbot.htm) Chrome/103.0.5060.134 Safari/537.36"
35.209.223.97 - - [15/Nov/2022:13:14:08 +0100] "GET /images/mini_prod/5050293802954.jpg HTTP/1.0" 200 269 "-" "Mozilla/5.0 (X11; Ubuntu; Linux x86_64; rv:72.0) Gecko/20100101 Firefox/72.0"
66.249.64.242 - - [15/Nov/2022:13:14:09 +0100] "GET /images/big_prod_1/8424346350025a.jpg HTTP/1.0" 200 271 "-" "Googlebot-Image/1.0"
185.191.171.13 - - [15/Nov/2022:13:14:08 +0100] "GET /mustache-kitchen-towel-p-38785.html HTTP/1.0" 200 75884 "-" "Mozilla/5.0 (compatible; SemrushBot/7~bl; +http://www.semrush.com/bot.html)"
66.249.64.242 - - [15/Nov/2022:13:14:10 +0100] "GET /images/big_prod/3453131153119.jpg HTTP/1.0" 200 268 "-" "Googlebot-Image/1.0"
35.206.102.166 - - [15/Nov/2022:13:14:20 +0100] "GET /images/mini_prod/1384010202869.jpg HTTP/1.0" 200 269 "-" "Mozilla/5.0 (X11; Ubuntu; Linux x86_64; rv:72.0) Gecko/20100101 Firefox/72.0"
185.191.171.8 - - [15/Nov/2022:13:14:20 +0100] "GET /-p-38338.html HTTP/1.0" 200 73264 "-" "Mozilla/5.0 (compatible; SemrushBot/7~bl; +http://www.semrush.com/bot.html)"
157.55.39.183 - - [15/Nov/2022:13:14:31 +0100] "GET /barbapapa-breakfast-p-19467.html HTTP/1.0" 301 73331 "-" "Mozilla/5.0 AppleWebKit/537.36 (KHTML, like Gecko; compatible; bingbot/2.0; +http://www.bing.com/bingbot.htm) Chrome/103.0.5060.134 Safari/537.36"
35.208.119.187 - - [15/Nov/2022:13:14:35 +0100] "GET /images/mini_prod/3700653590626.jpg HTTP/1.0" 200 269 "-" "Mozilla/5.0 (X11; Ubuntu; Linux x86_64; rv:72.0) Gecko/20100101 Firefox/72.0"
54.36.149.32 - - [15/Nov/2022:13:14:34 +0100] "GET /carpet-mandala-85-55-cm-p-42038.html HTTP/1.0" 301 77322 "-" "Mozilla/5.0 (compatible; AhrefsBot/7.0; +http://ahrefs.com/robot/)"
35.209.112.66 - - [15/Nov/2022:13:14:37 +0100] "GET /images/mini_prod/1399984238097.jpg HTTP/1.0" 200 269 "-" "Mozilla/5.0 (X11; Ubuntu; Linux x86_64; rv:72.0) Gecko/20100101 Firefox/72.0"
157.55.39.129 - - [15/Nov/2022:13:14:47 +0100] "GET /model-dance-desk-blotter-p-33634.html HTTP/1.0" 200 73364 "-" "Mozilla/5.0 (compatible; bingbot/2.0; +http://www.bing.com/bingbot.htm)"
51.68.224.127 - - [15/Nov/2022:13:14:49 +0100] "GET /adminweb/export_orders_xml.php?token=256de2z6edz6ed2z6DFSFsed2zed6zeDSFDSGdzedezfzf&maxorders=10&orderstart=1&status=14&start_date=2018-10-01 HTTP/1.0" 200 285 "-" "GesCom CharlotteBoutik Serveur"
51.68.224.127 - - [15/Nov/2022:13:14:49 +0100] "GET /adminweb/export_orders_xml.php?token=256de2z6edz6ed2z6DFSFsed2zed6zeDSFDSGdzedezfzf&maxorders=10&orderstart=1&status=6&start_date=2018-10-01 HTTP/1.0" 200 34006 "-" "GesCom CharlotteBoutik Serveur"
185.191.171.24 - - [15/Nov/2022:13:15:01 +0100] "GET /olivia-paris-cosmetic-p-16804.html HTTP/1.0" 200 76093 "-" "Mozilla/5.0 (compatible; SemrushBot/7~bl; +http://www.semrush.com/bot.html)"
54.36.148.231 - - [15/Nov/2022:13:15:03 +0100] "GET /duvet-cover-in-cotton-percale-80-threads-200-200-cm-p-51258.html HTTP/1.0" 301 76965 "-" "Mozilla/5.0 (compatible; AhrefsBot/7.0; +http://ahrefs.com/robot/)"
35.209.132.119 - - [15/Nov/2022:13:15:06 +0100] "GET /images/mini_prod/3660173176314.jpg HTTP/1.0" 200 269 "-" "Mozilla/5.0 (X11; Ubuntu; Linux x86_64; rv:72.0) Gecko/20100101 Firefox/72.0"
40.77.167.28 - - [15/Nov/2022:13:15:21 +0100] "GET /dora-explorer-baby-p-2403.html HTTP/1.0" 200 75800 "-" "Mozilla/5.0 AppleWebKit/537.36 (KHTML, like Gecko; compatible; bingbot/2.0; +http://www.bing.com/bingbot.htm) Chrome/103.0.5060.134 Safari/537.36"
40.77.167.28 - - [15/Nov/2022:13:15:22 +0100] "GET /owls-cats-michelle-allen-designs-coasters-p-47690.html HTTP/1.0" 200 73444 "-" "Mozilla/5.0 AppleWebKit/537.36 (KHTML, like Gecko; compatible; bingbot/2.0; +http://www.bing.com/bingbot.htm) Chrome/103.0.5060.134 Safari/537.36"
8.210.218.222 - - [15/Nov/2022:13:15:24 +0100] "GET /images/3700276274989.jpg HTTP/1.0" 200 259 "-" "Mozilla/5.0 (X11; Ubuntu; Linux x86_64; rv:72.0) Gecko/20100101 Firefox/72.0"
8.210.218.222 - - [15/Nov/2022:13:15:25 +0100] "GET /images/3700276275009.jpg HTTP/1.0" 200 259 "-" "Mozilla/5.0 (X11; Ubuntu; Linux x86_64; rv:72.0) Gecko/20100101 Firefox/72.0"
185.191.171.41 - - [15/Nov/2022:13:15:26 +0100] "GET /ceramic-incense-burner-p-58422.html HTTP/1.0" 200 76660 "-" "Mozilla/5.0 (compatible; SemrushBot/7~bl; +http://www.semrush.com/bot.html)"
185.191.171.15 - - [15/Nov/2022:13:15:30 +0100] "GET /urss-shirt-p-30579.html HTTP/1.0" 200 77772 "-" "Mozilla/5.0 (compatible; SemrushBot/7~bl; +http://www.semrush.com/bot.html)"
185.191.171.5 - - [15/Nov/2022:13:15:35 +0100] "GET /-p-17029.html HTTP/1.0" 200 73264 "-" "Mozilla/5.0 (compatible; SemrushBot/7~bl; +http://www.semrush.com/bot.html)"
207.46.13.42 - - [15/Nov/2022:13:15:37 +0100] "GET /tiger-black-shirt-p-31165.html HTTP/1.0" 200 77828 "-" "Mozilla/5.0 (compatible; bingbot/2.0; +http://www.bing.com/bingbot.htm)"
185.191.171.24 - - [15/Nov/2022:13:15:42 +0100] "GET /small-metal-beer-bucket-barbecue-p-41207.html HTTP/1.0" 200 76035 "-" "Mozilla/5.0 (compatible; SemrushBot/7~bl; +http://www.semrush.com/bot.html)"
54.36.148.203 - - [15/Nov/2022:13:15:46 +0100] "GET /aprons-tablecloths-and-linen-c-13_11_74.html?page=5 HTTP/1.0" 301 95567 "-" "Mozilla/5.0 (compatible; AhrefsBot/7.0; +http://ahrefs.com/robot/)"
185.191.171.18 - - [15/Nov/2022:13:15:51 +0100] "GET /patinated-metal-scale-clock-p-57354.html HTTP/1.0" 200 76140 "-" "Mozilla/5.0 (compatible; SemrushBot/7~bl; +http://www.semrush.com/bot.html)"
185.191.171.18 - - [15/Nov/2022:13:15:55 +0100] "GET /black-metal-flexo-lamp-p-52978.html HTTP/1.0" 200 73342 "-" "Mozilla/5.0 (compatible; SemrushBot/7~bl; +http://www.semrush.com/bot.html)"
185.191.171.13 - - [15/Nov/2022:13:16:19 +0100] "GET /precision-beard-hair-trimmer-p-59582.html?action=add_product HTTP/1.0" 302 476 "-" "Mozilla/5.0 (compatible; SemrushBot/7~bl; +http://www.semrush.com/bot.html)"
66.249.64.242 - - [15/Nov/2022:13:16:39 +0100] "GET /straw-basket-p-49371.html HTTP/1.0" 200 75880 "-" "Mozilla/5.0 (compatible; Googlebot/2.1; +http://www.google.com/bot.html)"
54.36.148.75 - - [15/Nov/2022:13:16:42 +0100] "GET /hello-kitty-stripes-kids-school-bag-p-20159.html HTTP/1.0" 301 73331 "-" "Mozilla/5.0 (compatible; AhrefsBot/7.0; +http://ahrefs.com/robot/)"
35.209.33.74 - - [15/Nov/2022:13:16:45 +0100] "GET /images/mini_prod/4036113830377.jpg HTTP/1.0" 200 269 "-" "Mozilla/5.0 (X11; Ubuntu; Linux x86_64; rv:72.0) Gecko/20100101 Firefox/72.0"
157.55.39.129 - - [15/Nov/2022:13:16:47 +0100] "GET /mustache-white-women-shirt-p-31174.html HTTP/1.0" 200 77936 "-" "Mozilla/5.0 (compatible; bingbot/2.0; +http://www.bing.com/bingbot.htm)"
185.191.171.5 - - [15/Nov/2022:13:16:50 +0100] "GET /home-decoration-c-13.html?page=175 HTTP/1.0" 200 95832 "-" "Mozilla/5.0 (compatible; SemrushBot/7~bl; +http://www.semrush.com/bot.html)"
185.191.171.44 - - [15/Nov/2022:13:16:55 +0100] "GET /enamelled-retro-mugs-p-49043.html HTTP/1.0" 200 73352 "-" "Mozilla/5.0 (compatible; SemrushBot/7~bl; +http://www.semrush.com/bot.html)"
185.191.171.3 - - [15/Nov/2022:13:17:16 +0100] "GET /cats-love-grey-adult-apron-p-35150.html HTTP/1.0" 200 75968 "-" "Mozilla/5.0 (compatible; SemrushBot/7~bl; +http://www.semrush.com/bot.html)"
