185.191.171.3 - - [15/Nov/2022:14:13:38 +0100] "GET /flower-terracotta-p-52701.html HTTP/1.0" 200 73346 "-" "Mozilla/5.0 (compatible; SemrushBot/7~bl; +http://www.semrush.com/bot.html)"
54.36.148.157 - - [15/Nov/2022:14:13:38 +0100] "GET /jaspa-bedclothes-220-240-cm-p-43585.html HTTP/1.0" 301 73331 "-" "Mozilla/5.0 (compatible; AhrefsBot/7.0; +http://ahrefs.com/robot/)"
185.191.171.39 - - [15/Nov/2022:14:13:43 +0100] "GET /fatima-engraved-small-carved-p-44405.html HTTP/1.0" 200 78009 "-" "Mozilla/5.0 (compatible; SemrushBot/7~bl; +http://www.semrush.com/bot.html)"
185.191.171.22 - - [15/Nov/2022:14:13:53 +0100] "GET /-p-13965.html HTTP/1.0" 200 73264 "-" "Mozilla/5.0 (compatible; SemrushBot/7~bl; +http://www.semrush.com/bot.html)"
157.55.39.129 - - [15/Nov/2022:14:14:03 +0100] "GET /-p-35143.html HTTP/1.0" 200 73264 "-" "Mozilla/5.0 AppleWebKit/537.36 (KHTML, like Gecko; compatible; bingbot/2.0; +http://www.bing.com/bingbot.htm) Chrome/103.0.5060.134 Safari/537.36"
185.191.171.13 - - [15/Nov/2022:14:14:09 +0100] "GET /-p-40192.html HTTP/1.0" 200 73264 "-" "Mozilla/5.0 (compatible; SemrushBot/7~bl; +http://www.semrush.com/bot.html)"
207.46.13.42 - - [15/Nov/2022:14:14:22 +0100] "GET /rebelle-mrida-training-bottle-p-17163.html HTTP/1.0" 200 76086 "-" "Mozilla/5.0 (compatible; bingbot/2.0; +http://www.bing.com/bingbot.htm)"
207.46.13.42 - - [15/Nov/2022:14:14:24 +0100] "GET /york-yankees-cover-iphone-p-19097.html HTTP/1.0" 200 76212 "-" "Mozilla/5.0 AppleWebKit/537.36 (KHTML, like Gecko; compatible; bingbot/2.0; +http://www.bing.com/bingbot.htm) Chrome/103.0.5060.134 Safari/537.36"
40.77.167.28 - - [15/Nov/2022:14:14:27 +0100] "GET /-p-40437.html HTTP/1.0" 200 73264 "-" "Mozilla/5.0 (compatible; bingbot/2.0; +http://www.bing.com/bingbot.htm)"
185.191.171.24 - - [15/Nov/2022:14:14:32 +0100] "GET /dubout-cats-soap-p-40104.html HTTP/1.0" 200 76191 "-" "Mozilla/5.0 (compatible; SemrushBot/7~bl; +http://www.semrush.com/bot.html)"
185.191.171.34 - - [15/Nov/2022:14:14:50 +0100] "GET /hello-kitty-hair-clips-p-13576.html HTTP/1.0" 200 76002 "-" "Mozilla/5.0 (compatible; SemrushBot/7~bl; +http://www.semrush.com/bot.html)"
157.55.39.183 - - [15/Nov/2022:14:14:56 +0100] "GET /coca-cola-things-better-large-metal-plate-deco-p-35214.html HTTP/1.0" 200 76097 "-" "Mozilla/5.0 (compatible; bingbot/2.0; +http://www.bing.com/bingbot.htm)"
157.55.39.183 - - [15/Nov/2022:14:14:58 +0100] "GET /gift-infuser-tree-life-p-51474.html HTTP/1.0" 200 77097 "-" "Mozilla/5.0 AppleWebKit/537.36 (KHTML, like Gecko; compatible; bingbot/2.0; +http://www.bing.com/bingbot.htm) Chrome/103.0.5060.134 Safari/537.36"
157.55.39.183 - - [15/Nov/2022:14:15:00 +0100] "GET /hello-kitty-jean-p-30213.html HTTP/1.0" 200 77342 "-" "Mozilla/5.0 (compatible; bingbot/2.0; +http://www.bing.com/bingbot.htm)"
157.55.39.183 - - [15/Nov/2022:14:15:01 +0100] "GET /york-yankees-post-office-p-19811.html HTTP/1.0" 200 76745 "-" "Mozilla/5.0 AppleWebKit/537.36 (KHTML, like Gecko; compatible; bingbot/2.0; +http://www.bing.com/bingbot.htm) Chrome/103.0.5060.134 Safari/537.36"
157.55.39.183 - - [15/Nov/2022:14:15:02 +0100] "GET /-p-51269.html HTTP/1.0" 200 73264 "-" "Mozilla/5.0 (compatible; bingbot/2.0; +http://www.bing.com/bingbot.htm)"
157.55.39.183 - - [15/Nov/2022:14:15:03 +0100] "GET /-p-38320.html HTTP/1.0" 200 73264 "-" "Mozilla/5.0 (compatible; bingbot/2.0; +http://www.bing.com/bingbot.htm)"
157.55.39.183 - - [15/Nov/2022:14:15:05 +0100] "GET /cats-espresso-p-45721.html HTTP/1.0" 200 75849 "-" "Mozilla/5.0 (compatible; bingbot/2.0; +http://www.bing.com/bingbot.htm)"
157.55.39.183 - - [15/Nov/2022:14:15:07 +0100] "GET /buddha-small-notebook-model-p-38473.html HTTP/1.0" 200 76057 "-" "Mozilla/5.0 AppleWebKit/537.36 (KHTML, like Gecko; compatible; bingbot/2.0; +http://www.bing.com/bingbot.htm) Chrome/103.0.5060.134 Safari/537.36"
185.191.171.5 - - [15/Nov/2022:14:15:13 +0100] "GET /little-buddha-collection-green-p-50251.html HTTP/1.0" 200 73370 "-" "Mozilla/5.0 (compatible; SemrushBot/7~bl; +http://www.semrush.com/bot.html)"
66.249.64.242 - - [15/Nov/2022:14:15:32 +0100] "GET /coca-cola-pencil-case-p-31798.html HTTP/1.0" 200 75928 "-" "Mozilla/5.0 (Linux; Android 6.0.1; Nexus 5X Build/MMB29P) AppleWebKit/537.36 (KHTML, like Gecko) Chrome/107.0.5304.110 Mobile Safari/537.36 (compatible; Googlebot/2.1; +http://www.google.com/bot.html)"
40.77.167.28 - - [15/Nov/2022:14:15:43 +0100] "GET /marley-zippo-lighter-p-29777.html HTTP/1.0" 200 73367 "-" "Mozilla/5.0 AppleWebKit/537.36 (KHTML, like Gecko; compatible; bingbot/2.0; +http://www.bing.com/bingbot.htm) Chrome/103.0.5060.134 Safari/537.36"
185.191.171.41 - - [15/Nov/2022:14:15:48 +0100] "GET /mani-lucky-p-47570.html HTTP/1.0" 200 73318 "-" "Mozilla/5.0 (compatible; SemrushBot/7~bl; +http://www.semrush.com/bot.html)"
43.156.253.139 - - [15/Nov/2022:14:16:05 +0100] "GET /images/mini_prod/1399980107748.jpg HTTP/1.0" 200 269 "-" "Mozilla/5.0 (Macintosh; Intel Mac OS X 10_15_7) AppleWebKit/537.36 (KHTML, like Gecko) Chrome/103.0.0.0 Safari/537.36"
40.77.167.27 - - [15/Nov/2022:14:16:08 +0100] "GET /sommelier-accessories-p-46564.html HTTP/1.0" 200 76711 "-" "Mozilla/5.0 (compatible; bingbot/2.0; +http://www.bing.com/bingbot.htm)"
185.191.171.3 - - [15/Nov/2022:14:16:11 +0100] "GET /pencil-cbkreation-p-41506.html HTTP/1.0" 200 75932 "-" "Mozilla/5.0 (compatible; SemrushBot/7~bl; +http://www.semrush.com/bot.html)"
34.94.89.167 - - [15/Nov/2022:14:16:15 +0100] "GET /images/mini_prod/8424345892595.jpg HTTP/1.0" 200 269 "-" "Mozilla/5.0 (X11; Ubuntu; Linux x86_64; rv:72.0) Gecko/20100101 Firefox/72.0"
185.191.171.23 - - [15/Nov/2022:14:16:18 +0100] "GET /route-metal-plate-p-29719.html HTTP/1.0" 200 75920 "-" "Mozilla/5.0 (compatible; SemrushBot/7~bl; +http://www.semrush.com/bot.html)"
185.191.171.16 - - [15/Nov/2022:14:16:33 +0100] "GET /ceramic-lamp-p-52280.html HTTP/1.0" 200 76713 "-" "Mozilla/5.0 (compatible; SemrushBot/7~bl; +http://www.semrush.com/bot.html)"
185.191.171.14 - - [15/Nov/2022:14:16:38 +0100] "GET /-p-18431.html HTTP/1.0" 200 73264 "-" "Mozilla/5.0 (compatible; SemrushBot/7~bl; +http://www.semrush.com/bot.html)"
185.191.171.16 - - [15/Nov/2022:14:16:51 +0100] "GET /mickey-mouse-pluto-cookie-small-p-49507.html HTTP/1.0" 200 77427 "-" "Mozilla/5.0 (compatible; SemrushBot/7~bl; +http://www.semrush.com/bot.html)"
157.55.39.183 - - [15/Nov/2022:14:16:58 +0100] "GET /jacquard-anti-stain-tablecloth-charcoal-grey-p-34054.html HTTP/1.0" 200 76178 "-" "Mozilla/5.0 AppleWebKit/537.36 (KHTML, like Gecko; compatible; bingbot/2.0; +http://www.bing.com/bingbot.htm) Chrome/103.0.5060.134 Safari/537.36"
157.55.39.183 - - [15/Nov/2022:14:17:00 +0100] "GET /eccentric-zebra-bowl-p-41834.html HTTP/1.0" 301 73331 "-" "Mozilla/5.0 (compatible; bingbot/2.0; +http://www.bing.com/bingbot.htm)"
157.55.39.183 - - [15/Nov/2022:14:17:02 +0100] "GET /zebral-ground-sheet-p-39033.html HTTP/1.0" 200 73352 "-" "Mozilla/5.0 AppleWebKit/537.36 (KHTML, like Gecko; compatible; bingbot/2.0; +http://www.bing.com/bingbot.htm) Chrome/103.0.5060.134 Safari/537.36"
185.191.171.21 - - [15/Nov/2022:14:17:04 +0100] "GET /robots.txt HTTP/1.0" 200 245 "-" "Mozilla/5.0 (compatible; SemrushBot/7~bl; +http://www.semrush.com/bot.html)"
207.46.13.181 - - [15/Nov/2022:14:17:02 +0100] "GET /unicorn-nightlight-p-53119.html HTTP/1.0" 200 73334 "-" "Mozilla/5.0 AppleWebKit/537.36 (KHTML, like Gecko; compatible; bingbot/2.0; +http://www.bing.com/bingbot.htm) Chrome/103.0.5060.134 Safari/537.36"
157.55.39.183 - - [15/Nov/2022:14:17:04 +0100] "GET /galileo-thermometer-indoors-p-50140.html HTTP/1.0" 200 76030 "-" "Mozilla/5.0 (compatible; bingbot/2.0; +http://www.bing.com/bingbot.htm)"
185.191.171.40 - - [15/Nov/2022:14:17:04 +0100] "GET /statuette-african-child-elephant-p-53724.html HTTP/1.0" 200 73396 "-" "Mozilla/5.0 (compatible; SemrushBot/7~bl; +http://www.semrush.com/bot.html)"
40.77.167.28 - - [15/Nov/2022:14:17:08 +0100] "GET /barbabelle-p-13335.html HTTP/1.0" 200 73302 "-" "Mozilla/5.0 AppleWebKit/537.36 (KHTML, like Gecko; compatible; bingbot/2.0; +http://www.bing.com/bingbot.htm) Chrome/103.0.5060.134 Safari/537.36"
54.36.148.8 - - [15/Nov/2022:14:17:21 +0100] "GET /mickey-comics-bag-36-cm-p-35542.html HTTP/1.0" 301 73331 "-" "Mozilla/5.0 (compatible; AhrefsBot/7.0; +http://ahrefs.com/robot/)"
185.191.171.18 - - [15/Nov/2022:14:17:26 +0100] "GET /tassen-amused-mood-vase-made-germany-p-46336.html HTTP/1.0" 200 77233 "-" "Mozilla/5.0 (compatible; SemrushBot/7~bl; +http://www.semrush.com/bot.html)"
54.36.148.51 - - [15/Nov/2022:14:17:26 +0100] "GET /himalayan-salt-candle-holder-p-59339.html HTTP/1.0" 200 76639 "-" "Mozilla/5.0 (compatible; AhrefsBot/7.0; +http://ahrefs.com/robot/)"
54.36.148.192 - - [15/Nov/2022:14:17:35 +0100] "GET /images/big_prod_1/8433933194201B.jpg HTTP/1.0" 200 271 "-" "Mozilla/5.0 (compatible; AhrefsBot/7.0; +http://ahrefs.com/robot/)"
185.191.171.10 - - [15/Nov/2022:14:17:51 +0100] "GET /stuffins-wall-stickers-p-27895.html HTTP/1.0" 200 75966 "-" "Mozilla/5.0 (compatible; SemrushBot/7~bl; +http://www.semrush.com/bot.html)"
66.249.64.242 - - [15/Nov/2022:14:17:59 +0100] "GET /images/big_prod/8719075390047.jpg HTTP/1.0" 200 268 "-" "Googlebot-Image/1.0"
185.191.171.5 - - [15/Nov/2022:14:18:00 +0100] "GET /beyond-charms-keychain-panda-p-51838.html HTTP/1.0" 200 77167 "-" "Mozilla/5.0 (compatible; SemrushBot/7~bl; +http://www.semrush.com/bot.html)"
185.191.171.15 - - [15/Nov/2022:14:18:07 +0100] "GET /paris-pink-companion-wallet-p-38621.html HTTP/1.0" 200 76650 "-" "Mozilla/5.0 (compatible; SemrushBot/7~bl; +http://www.semrush.com/bot.html)"
185.191.171.15 - - [15/Nov/2022:14:18:23 +0100] "GET /jamais-trop-tard-pour-rien-faire-metal-plate-deco-p-45081.html HTTP/1.0" 200 76049 "-" "Mozilla/5.0 (compatible; SemrushBot/7~bl; +http://www.semrush.com/bot.html)"
185.191.171.22 - - [15/Nov/2022:14:18:27 +0100] "GET /-p-19023.html HTTP/1.0" 200 73264 "-" "Mozilla/5.0 (compatible; SemrushBot/7~bl; +http://www.semrush.com/bot.html)"
185.191.171.20 - - [15/Nov/2022:14:18:31 +0100] "GET /merci-gustave-mickey-p-34902.html HTTP/1.0" 200 75934 "-" "Mozilla/5.0 (compatible; SemrushBot/7~bl; +http://www.semrush.com/bot.html)"
207.46.13.42 - - [15/Nov/2022:14:18:33 +0100] "GET /kimmidoll-glasses-case-p-44289.html HTTP/1.0" 200 75965 "-" "Mozilla/5.0 (compatible; bingbot/2.0; +http://www.bing.com/bingbot.htm)"
66.249.64.242 - - [15/Nov/2022:14:18:59 +0100] "GET /images/big_prod_1/3453131155182C.jpg HTTP/1.0" 200 271 "-" "Googlebot-Image/1.0"
185.191.171.5 - - [15/Nov/2022:14:19:27 +0100] "GET /liquid-soap-made-france-cherry-p-39454.html HTTP/1.0" 200 73384 "-" "Mozilla/5.0 (compatible; SemrushBot/7~bl; +http://www.semrush.com/bot.html)"
17.121.115.229 - - [15/Nov/2022:14:19:33 +0100] "GET /decorative-turtle-figurine-suspended-decorate-vases-p-52688.html HTTP/1.0" 200 73472 "-" "Mozilla/5.0 (Macintosh; Intel Mac OS X 10_15_5) AppleWebKit/605.1.15 (KHTML, like Gecko) Version/13.1.1 Safari/605.1.15 (Applebot/0.1; +http://www.apple.com/go/applebot)"
54.36.149.15 - - [15/Nov/2022:14:19:33 +0100] "GET /winx-club-coat-p-31268.html HTTP/1.0" 301 73331 "-" "Mozilla/5.0 (compatible; AhrefsBot/7.0; +http://ahrefs.com/robot/)"
119.28.104.245 - - [15/Nov/2022:14:19:42 +0100] "GET /images/mini_prod/1399980107748.jpg HTTP/1.0" 200 269 "-" "Mozilla/5.0 (Macintosh; Intel Mac OS X 10_15_7) AppleWebKit/537.36 (KHTML, like Gecko) Chrome/103.0.0.0 Safari/537.36"
51.68.224.127 - - [15/Nov/2022:14:20:12 +0100] "GET /adminweb/export_orders_xml.php?token=256de2z6edz6ed2z6DFSFsed2zed6zeDSFDSGdzedezfzf&maxorders=10&orderstart=1&status=14&start_date=2018-10-01 HTTP/1.0" 200 285 "-" "GesCom CharlotteBoutik Serveur"
51.68.224.127 - - [15/Nov/2022:14:20:12 +0100] "GET /adminweb/export_orders_xml.php?token=256de2z6edz6ed2z6DFSFsed2zed6zeDSFDSGdzedezfzf&maxorders=10&orderstart=1&status=6&start_date=2018-10-01 HTTP/1.0" 200 34006 "-" "GesCom CharlotteBoutik Serveur"
207.46.13.42 - - [15/Nov/2022:14:20:13 +0100] "GET /scrooge-duck-tales-disney-traditions-p-47125.html HTTP/1.0" 200 77527 "-" "Mozilla/5.0 (compatible; bingbot/2.0; +http://www.bing.com/bingbot.htm)"
185.191.171.10 - - [15/Nov/2022:14:20:16 +0100] "GET /gray-metal-chandelier-p-55143.html HTTP/1.0" 200 73352 "-" "Mozilla/5.0 (compatible; SemrushBot/7~bl; +http://www.semrush.com/bot.html)"
40.77.167.27 - - [15/Nov/2022:14:20:18 +0100] "GET /metal-cylindrical-p-52612.html HTTP/1.0" 200 76009 "-" "Mozilla/5.0 AppleWebKit/537.36 (KHTML, like Gecko; compatible; bingbot/2.0; +http://www.bing.com/bingbot.htm) Chrome/103.0.5060.134 Safari/537.36"
185.191.171.39 - - [15/Nov/2022:14:20:20 +0100] "GET /zodiac-sign-training-bottle-cbkreation-p-43349.html HTTP/1.0" 200 76312 "-" "Mozilla/5.0 (compatible; SemrushBot/7~bl; +http://www.semrush.com/bot.html)"
157.55.39.129 - - [15/Nov/2022:14:20:23 +0100] "GET /rtro-camper-storage-stool-p-34228.html HTTP/1.0" 200 73383 "-" "Mozilla/5.0 (compatible; bingbot/2.0; +http://www.bing.com/bingbot.htm)"
185.191.171.18 - - [15/Nov/2022:14:20:24 +0100] "GET /gift-around-wine-bottle-accessories-p-49243.html HTTP/1.0" 200 77343 "-" "Mozilla/5.0 (compatible; SemrushBot/7~bl; +http://www.semrush.com/bot.html)"
185.191.171.2 - - [15/Nov/2022:14:20:37 +0100] "GET /-p-47783.html HTTP/1.0" 200 73264 "-" "Mozilla/5.0 (compatible; SemrushBot/7~bl; +http://www.semrush.com/bot.html)"
185.191.171.4 - - [15/Nov/2022:14:20:40 +0100] "GET /blue-glass-lamp-p-58731.html HTTP/1.0" 200 76962 "-" "Mozilla/5.0 (compatible; SemrushBot/7~bl; +http://www.semrush.com/bot.html)"
207.46.13.181 - - [15/Nov/2022:14:20:43 +0100] "GET /luggages-schoolbags-leather-shop/backpacks/emily-the-strange-backpack-p-14550.html HTTP/1.0" 301 675 "-" "Mozilla/5.0 (compatible; bingbot/2.0; +http://www.bing.com/bingbot.htm)"
185.191.171.22 - - [15/Nov/2022:14:20:43 +0100] "GET /those-about-rock-acdc-zippo-lighter-p-51920.html HTTP/1.0" 200 73403 "-" "Mozilla/5.0 (compatible; SemrushBot/7~bl; +http://www.semrush.com/bot.html)"
66.249.64.242 - - [15/Nov/2022:14:20:49 +0100] "GET /images/big_prod_1/a8712159183962.jpg HTTP/1.0" 200 271 "-" "Googlebot-Image/1.0"
185.191.171.44 - - [15/Nov/2022:14:21:00 +0100] "GET /aromatic-stearin-candle-hours-chakra-muladhara-p-39491.html HTTP/1.0" 200 73468 "-" "Mozilla/5.0 (compatible; SemrushBot/7~bl; +http://www.semrush.com/bot.html)"
185.191.171.20 - - [15/Nov/2022:14:21:06 +0100] "GET /braided-paper-fiber-basket-beige-p-58189.html HTTP/1.0" 200 76625 "-" "Mozilla/5.0 (compatible; SemrushBot/7~bl; +http://www.semrush.com/bot.html)"
185.191.171.38 - - [15/Nov/2022:14:21:17 +0100] "GET /pokemon-swimsuit-p-30590.html HTTP/1.0" 200 77011 "-" "Mozilla/5.0 (compatible; SemrushBot/7~bl; +http://www.semrush.com/bot.html)"
185.191.171.9 - - [15/Nov/2022:14:21:29 +0100] "GET /light-purple-adult-cotton-apron-p-44363.html HTTP/1.0" 200 75944 "-" "Mozilla/5.0 (compatible; SemrushBot/7~bl; +http://www.semrush.com/bot.html)"
54.36.148.123 - - [15/Nov/2022:14:21:37 +0100] "GET /marley-pencil-p-5064.html HTTP/1.0" 200 75947 "-" "Mozilla/5.0 (compatible; AhrefsBot/7.0; +http://ahrefs.com/robot/)"
207.46.13.42 - - [15/Nov/2022:14:21:43 +0100] "GET /laundry-basket-braided-jute-large-size-p-48065.html HTTP/1.0" 301 73331 "-" "Mozilla/5.0 (compatible; bingbot/2.0; +http://www.bing.com/bingbot.htm)"
207.46.13.42 - - [15/Nov/2022:14:21:45 +0100] "GET /moon-messenger-backpack-p-38311.html HTTP/1.0" 301 73331 "-" "Mozilla/5.0 AppleWebKit/537.36 (KHTML, like Gecko; compatible; bingbot/2.0; +http://www.bing.com/bingbot.htm) Chrome/103.0.5060.134 Safari/537.36"
185.191.171.8 - - [15/Nov/2022:14:22:08 +0100] "GET /-p-30639.html HTTP/1.0" 200 73264 "-" "Mozilla/5.0 (compatible; SemrushBot/7~bl; +http://www.semrush.com/bot.html)"
40.77.167.27 - - [15/Nov/2022:14:22:09 +0100] "GET /-p-2904.html HTTP/1.0" 200 73262 "-" "Mozilla/5.0 AppleWebKit/537.36 (KHTML, like Gecko; compatible; bingbot/2.0; +http://www.bing.com/bingbot.htm) Chrome/103.0.5060.134 Safari/537.36"
185.191.171.35 - - [15/Nov/2022:14:22:14 +0100] "GET /-p-45166.html HTTP/1.0" 200 73264 "-" "Mozilla/5.0 (compatible; SemrushBot/7~bl; +http://www.semrush.com/bot.html)"
185.191.171.8 - - [15/Nov/2022:14:22:17 +0100] "GET /melt-fresh-linen-p-39002.html HTTP/1.0" 200 76511 "-" "Mozilla/5.0 (compatible; SemrushBot/7~bl; +http://www.semrush.com/bot.html)"
185.191.171.15 - - [15/Nov/2022:14:22:20 +0100] "GET /-p-29475.html HTTP/1.0" 200 73264 "-" "Mozilla/5.0 (compatible; SemrushBot/7~bl; +http://www.semrush.com/bot.html)"
185.191.171.15 - - [15/Nov/2022:14:22:23 +0100] "GET /fuel-pump-clock-p-35148.html HTTP/1.0" 200 75878 "-" "Mozilla/5.0 (compatible; SemrushBot/7~bl; +http://www.semrush.com/bot.html)"
185.191.171.2 - - [15/Nov/2022:14:22:26 +0100] "GET /cherry-blossoms-p-39294.html HTTP/1.0" 200 76046 "-" "Mozilla/5.0 (compatible; SemrushBot/7~bl; +http://www.semrush.com/bot.html)"
43.156.253.139 - - [15/Nov/2022:14:22:29 +0100] "GET /images/mini_prod/1399980107748.jpg HTTP/1.0" 200 269 "-" "Mozilla/5.0 (Macintosh; Intel Mac OS X 10_15_7) AppleWebKit/537.36 (KHTML, like Gecko) Chrome/103.0.0.0 Safari/537.36"
157.55.39.129 - - [15/Nov/2022:14:23:03 +0100] "GET /zippo-leather-wash-p-49117.html HTTP/1.0" 200 76736 "-" "Mozilla/5.0 (compatible; bingbot/2.0; +http://www.bing.com/bingbot.htm)"
157.55.39.129 - - [15/Nov/2022:14:23:07 +0100] "GET /-p-27477.html HTTP/1.0" 200 73264 "-" "Mozilla/5.0 AppleWebKit/537.36 (KHTML, like Gecko; compatible; bingbot/2.0; +http://www.bing.com/bingbot.htm) Chrome/103.0.5060.134 Safari/537.36"
185.191.171.37 - - [15/Nov/2022:14:23:13 +0100] "GET /buddha-cement-wall-decoration-hang-p-47708.html HTTP/1.0" 200 73396 "-" "Mozilla/5.0 (compatible; SemrushBot/7~bl; +http://www.semrush.com/bot.html)"
185.191.171.1 - - [15/Nov/2022:14:23:27 +0100] "GET /drachme-money-cbkreation-p-24142.html HTTP/1.0" 200 75958 "-" "Mozilla/5.0 (compatible; SemrushBot/7~bl; +http://www.semrush.com/bot.html)"
52.32.198.125 - - [15/Nov/2022:14:23:31 +0100] "GET /images/big_prod_1/8422011490076B.jpg HTTP/1.0" 200 271 "-" "Mozilla/5.0 (Macintosh; Intel Mac OS X 10_12_1) AppleWebKit/537.36 (KHTML, like Gecko) Chrome/56.0.2924.87 Safari/537.36"
185.191.171.24 - - [15/Nov/2022:14:23:45 +0100] "GET /food-grade-bamboo-cutting-board-p-59096.html HTTP/1.0" 200 76020 "-" "Mozilla/5.0 (compatible; SemrushBot/7~bl; +http://www.semrush.com/bot.html)"
54.36.148.80 - - [15/Nov/2022:14:23:53 +0100] "GET /doc-mc-stuffins-disney-polar-plaid-p-26913.html HTTP/1.0" 301 73470 "-" "Mozilla/5.0 (compatible; AhrefsBot/7.0; +http://ahrefs.com/robot/)"
66.249.64.246 - - [15/Nov/2022:14:23:55 +0100] "GET /model-fantasy-pencil-case-p-23257.html HTTP/1.0" 200 73392 "-" "Mozilla/5.0 (Linux; Android 6.0.1; Nexus 5X Build/MMB29P) AppleWebKit/537.36 (KHTML, like Gecko) Chrome/107.0.5304.110 Mobile Safari/537.36 (compatible; Googlebot/2.1; +http://www.google.com/bot.html)"
66.249.64.242 - - [15/Nov/2022:14:24:08 +0100] "GET /swfobject.js HTTP/1.0" 404 1308 "http://www.wonder-geek.com/model-fantasy-pencil-case-p-23257.html" "Mozilla/5.0 (Linux; Android 6.0.1; Nexus 5X Build/MMB29P) AppleWebKit/537.36 (KHTML, like Gecko) Chrome/106.0.5249.119 Mobile Safari/537.36 (compatible; Googlebot/2.1; +http://www.google.com/bot.html)"
66.249.64.244 - - [15/Nov/2022:14:24:11 +0100] "GET /beatles-metal-plate-p-11865.html HTTP/1.0" 200 73338 "-" "Mozilla/5.0 (compatible; Googlebot/2.1; +http://www.google.com/bot.html)"
185.191.171.23 - - [15/Nov/2022:14:24:11 +0100] "GET /cyclades-salt-pepper-p-51543.html HTTP/1.0" 200 73350 "-" "Mozilla/5.0 (compatible; SemrushBot/7~bl; +http://www.semrush.com/bot.html)"
54.36.148.234 - - [15/Nov/2022:14:24:24 +0100] "GET /gund-plush-rusty-orangutan-25-cm-p-20452.html HTTP/1.0" 301 73331 "-" "Mozilla/5.0 (compatible; AhrefsBot/7.0; +http://ahrefs.com/robot/)"
54.36.148.12 - - [15/Nov/2022:14:24:31 +0100] "GET /bahamas-clock-by-cbkreation-p-36825.html HTTP/1.0" 301 76007 "-" "Mozilla/5.0 (compatible; AhrefsBot/7.0; +http://ahrefs.com/robot/)"
185.191.171.12 - - [15/Nov/2022:14:24:37 +0100] "GET /dishes-c-13_12.html?page=46 HTTP/1.0" 200 95097 "-" "Mozilla/5.0 (compatible; SemrushBot/7~bl; +http://www.semrush.com/bot.html)"
40.77.167.27 - - [15/Nov/2022:14:24:39 +0100] "GET /metal-bottle-holder-lovers-p-51688.html HTTP/1.0" 200 76014 "-" "Mozilla/5.0 AppleWebKit/537.36 (KHTML, like Gecko; compatible; bingbot/2.0; +http://www.bing.com/bingbot.htm) Chrome/103.0.5060.134 Safari/537.36"
185.191.171.5 - - [15/Nov/2022:14:24:42 +0100] "GET /fitted-sheet-p-24467.html HTTP/1.0" 200 77679 "-" "Mozilla/5.0 (compatible; SemrushBot/7~bl; +http://www.semrush.com/bot.html)"
207.46.13.181 - - [15/Nov/2022:14:24:44 +0100] "GET /zombie-sniper-mouse-cbkreation-p-30148.html HTTP/1.0" 200 76004 "-" "Mozilla/5.0 (compatible; bingbot/2.0; +http://www.bing.com/bingbot.htm)"
185.191.171.23 - - [15/Nov/2022:14:25:07 +0100] "GET /spongebob-shirt-p-29556.html HTTP/1.0" 200 76987 "-" "Mozilla/5.0 (compatible; SemrushBot/7~bl; +http://www.semrush.com/bot.html)"
43.134.80.19 - - [15/Nov/2022:14:25:14 +0100] "GET /images/mini_prod/1399980107748.jpg HTTP/1.0" 200 269 "-" "Mozilla/5.0 (Macintosh; Intel Mac OS X 10_15_7) AppleWebKit/537.36 (KHTML, like Gecko) Chrome/103.0.0.0 Safari/537.36"
185.191.171.15 - - [15/Nov/2022:14:25:17 +0100] "GET /roller-skate-clock-designed-artist-michelle-allen-p-57630.html HTTP/1.0" 200 77106 "-" "Mozilla/5.0 (compatible; SemrushBot/7~bl; +http://www.semrush.com/bot.html)"
185.191.171.37 - - [15/Nov/2022:14:25:21 +0100] "GET /-c-95_296.html HTTP/1.0" 200 72132 "-" "Mozilla/5.0 (compatible; SemrushBot/7~bl; +http://www.semrush.com/bot.html)"
185.191.171.37 - - [15/Nov/2022:14:25:46 +0100] "GET /mister-blue-messenger-p-8023.html HTTP/1.0" 200 73352 "-" "Mozilla/5.0 (compatible; SemrushBot/7~bl; +http://www.semrush.com/bot.html)"
54.36.148.167 - - [15/Nov/2022:14:25:49 +0100] "GET /snack-cooler-c-31_235.html HTTP/1.0" 200 93780 "-" "Mozilla/5.0 (compatible; AhrefsBot/7.0; +http://ahrefs.com/robot/)"
157.55.39.183 - - [15/Nov/2022:14:25:58 +0100] "GET /decorations-and-furnishings/money-boxes/disney-traditions-figurine-tinkerbell-money-box-p-20310.html HTTP/1.0" 301 711 "-" "Mozilla/5.0 AppleWebKit/537.36 (KHTML, like Gecko; compatible; bingbot/2.0; +http://www.bing.com/bingbot.htm) Chrome/103.0.5060.134 Safari/537.36"
122.116.249.16 - - [15/Nov/2022:14:26:10 +0100] "GET /images/3700057114015.jpg HTTP/1.0" 200 259 "-" "Mozilla/5.0 (X11; Ubuntu; Linux x86_64; rv:72.0) Gecko/20100101 Firefox/72.0"
207.46.13.42 - - [15/Nov/2022:14:26:13 +0100] "GET /raving-rabbits-lunch-bottle-p-31688.html HTTP/1.0" 200 73429 "-" "Mozilla/5.0 AppleWebKit/537.36 (KHTML, like Gecko; compatible; bingbot/2.0; +http://www.bing.com/bingbot.htm) Chrome/103.0.5060.134 Safari/537.36"
157.55.39.183 - - [15/Nov/2022:14:26:19 +0100] "GET /avengers-marvel-p-31619.html HTTP/1.0" 200 76906 "-" "Mozilla/5.0 AppleWebKit/537.36 (KHTML, like Gecko; compatible; bingbot/2.0; +http://www.bing.com/bingbot.htm) Chrome/103.0.5060.134 Safari/537.36"
66.249.64.244 - - [15/Nov/2022:14:26:21 +0100] "GET /images/med_prod/1399984220368NN.jpg HTTP/1.0" 200 270 "-" "Googlebot-Image/1.0"
157.55.39.129 - - [15/Nov/2022:14:26:23 +0100] "GET /-p-51412.html HTTP/1.0" 200 73264 "-" "Mozilla/5.0 AppleWebKit/537.36 (KHTML, like Gecko; compatible; bingbot/2.0; +http://www.bing.com/bingbot.htm) Chrome/103.0.5060.134 Safari/537.36"
185.191.171.13 - - [15/Nov/2022:14:26:26 +0100] "GET /-p-41787.html HTTP/1.0" 200 73264 "-" "Mozilla/5.0 (compatible; SemrushBot/7~bl; +http://www.semrush.com/bot.html)"
185.191.171.7 - - [15/Nov/2022:14:26:29 +0100] "GET /restaurant-metal-p-26486.html HTTP/1.0" 200 73326 "-" "Mozilla/5.0 (compatible; SemrushBot/7~bl; +http://www.semrush.com/bot.html)"
185.191.171.7 - - [15/Nov/2022:14:26:32 +0100] "GET /tassen-mood-made-germany-p-43326.html HTTP/1.0" 200 76232 "-" "Mozilla/5.0 (compatible; SemrushBot/7~bl; +http://www.semrush.com/bot.html)"
185.191.171.22 - - [15/Nov/2022:14:26:34 +0100] "GET /vespa-black-shirt-p-29587.html HTTP/1.0" 200 77233 "-" "Mozilla/5.0 (compatible; SemrushBot/7~bl; +http://www.semrush.com/bot.html)"
185.191.171.21 - - [15/Nov/2022:14:26:44 +0100] "GET /bronze-gold-terracotta-flower-p-51994.html HTTP/1.0" 200 76012 "-" "Mozilla/5.0 (compatible; SemrushBot/7~bl; +http://www.semrush.com/bot.html)"
157.55.39.129 - - [15/Nov/2022:14:27:04 +0100] "GET /pillow-case-p-39127.html HTTP/1.0" 200 76119 "-" "Mozilla/5.0 (compatible; bingbot/2.0; +http://www.bing.com/bingbot.htm)"
157.55.39.129 - - [15/Nov/2022:14:27:34 +0100] "GET /beatles-storage-p-5111.html HTTP/1.0" 301 73328 "-" "Mozilla/5.0 AppleWebKit/537.36 (KHTML, like Gecko; compatible; bingbot/2.0; +http://www.bing.com/bingbot.htm) Chrome/103.0.5060.134 Safari/537.36"
185.191.171.1 - - [15/Nov/2022:14:27:34 +0100] "GET /candle-hours-blood-orange-heart-home-p-56290.html HTTP/1.0" 200 77465 "-" "Mozilla/5.0 (compatible; SemrushBot/7~bl; +http://www.semrush.com/bot.html)"
207.46.13.181 - - [15/Nov/2022:14:27:43 +0100] "GET /jiminy-cricket-britto-collection-p-40068.html HTTP/1.0" 200 73436 "-" "Mozilla/5.0 AppleWebKit/537.36 (KHTML, like Gecko; compatible; bingbot/2.0; +http://www.bing.com/bingbot.htm) Chrome/103.0.5060.134 Safari/537.36"
185.191.171.1 - - [15/Nov/2022:14:27:53 +0100] "GET /marseille-saltshaker-pepper-p-22215.html HTTP/1.0" 200 73378 "-" "Mozilla/5.0 (compatible; SemrushBot/7~bl; +http://www.semrush.com/bot.html)"
185.191.171.9 - - [15/Nov/2022:14:27:57 +0100] "GET /stone-black-moonstone-grams-p-46323.html HTTP/1.0" 200 73372 "-" "Mozilla/5.0 (compatible; SemrushBot/7~bl; +http://www.semrush.com/bot.html)"
185.191.171.10 - - [15/Nov/2022:14:28:11 +0100] "GET /desk-organizer-patined-wood-p-56396.html HTTP/1.0" 200 76824 "-" "Mozilla/5.0 (compatible; SemrushBot/7~bl; +http://www.semrush.com/bot.html)"
119.28.104.245 - - [15/Nov/2022:14:28:16 +0100] "GET /images/mini_prod/1399980107748.jpg HTTP/1.0" 200 269 "-" "Mozilla/5.0 (Macintosh; Intel Mac OS X 10_15_7) AppleWebKit/537.36 (KHTML, like Gecko) Chrome/103.0.0.0 Safari/537.36"
40.77.167.27 - - [15/Nov/2022:14:28:30 +0100] "GET /gogh-coasters-p-51865.html HTTP/1.0" 200 75843 "-" "Mozilla/5.0 AppleWebKit/537.36 (KHTML, like Gecko; compatible; bingbot/2.0; +http://www.bing.com/bingbot.htm) Chrome/103.0.5060.134 Safari/537.36"
185.191.171.1 - - [15/Nov/2022:14:28:54 +0100] "GET /fringale-burlap-placemat-p-53499.html HTTP/1.0" 200 76507 "-" "Mozilla/5.0 (compatible; SemrushBot/7~bl; +http://www.semrush.com/bot.html)"
185.191.171.21 - - [15/Nov/2022:14:29:01 +0100] "GET /bamboo-salad-servers-colibri-p-49564.html HTTP/1.0" 200 73388 "-" "Mozilla/5.0 (compatible; SemrushBot/7~bl; +http://www.semrush.com/bot.html)"
185.191.171.18 - - [15/Nov/2022:14:29:08 +0100] "GET /large-squirrel-jane-crowther-p-57943.html HTTP/1.0" 200 73390 "-" "Mozilla/5.0 (compatible; SemrushBot/7~bl; +http://www.semrush.com/bot.html)"
185.191.171.17 - - [15/Nov/2022:14:29:13 +0100] "GET /small-flowerpot-hang-p-58113.html HTTP/1.0" 200 76546 "-" "Mozilla/5.0 (compatible; SemrushBot/7~bl; +http://www.semrush.com/bot.html)"
207.46.13.42 - - [15/Nov/2022:14:29:14 +0100] "GET /plush-christmas-tree-decoration-p-49648.html HTTP/1.0" 200 76033 "-" "Mozilla/5.0 AppleWebKit/537.36 (KHTML, like Gecko; compatible; bingbot/2.0; +http://www.bing.com/bingbot.htm) Chrome/103.0.5060.134 Safari/537.36"
185.191.171.24 - - [15/Nov/2022:14:29:21 +0100] "GET /polyresin-goddess-fortune-statuette-bronze-color-p-53045.html HTTP/1.0" 200 76174 "-" "Mozilla/5.0 (compatible; SemrushBot/7~bl; +http://www.semrush.com/bot.html)"
185.191.171.45 - - [15/Nov/2022:14:29:31 +0100] "GET /blue-first-memories-photo-notebook-p-57699.html HTTP/1.0" 200 76762 "-" "Mozilla/5.0 (compatible; SemrushBot/7~bl; +http://www.semrush.com/bot.html)"
54.36.149.14 - - [15/Nov/2022:14:29:56 +0100] "GET /wooden-deco-tray-p-47306.html HTTP/1.0" 200 76800 "-" "Mozilla/5.0 (compatible; AhrefsBot/7.0; +http://ahrefs.com/robot/)"
54.36.148.132 - - [15/Nov/2022:14:30:01 +0100] "GET /images/big_prod/3609810065529.jpg HTTP/1.0" 200 268 "-" "Mozilla/5.0 (compatible; AhrefsBot/7.0; +http://ahrefs.com/robot/)"
54.36.148.65 - - [15/Nov/2022:14:30:05 +0100] "GET /images/big_prod_2/3609810065529f.jpg HTTP/1.0" 200 271 "-" "Mozilla/5.0 (compatible; AhrefsBot/7.0; +http://ahrefs.com/robot/)"
185.191.171.16 - - [15/Nov/2022:14:30:07 +0100] "GET /towels-napkins-c-11_177.html?page=2 HTTP/1.0" 200 95938 "-" "Mozilla/5.0 (compatible; SemrushBot/7~bl; +http://www.semrush.com/bot.html)"
54.36.149.20 - - [15/Nov/2022:14:30:11 +0100] "GET /images/big_prod_1/3609810065529e.jpg HTTP/1.0" 200 271 "-" "Mozilla/5.0 (compatible; AhrefsBot/7.0; +http://ahrefs.com/robot/)"
185.191.171.40 - - [15/Nov/2022:14:30:16 +0100] "GET /-p-43414.html HTTP/1.0" 200 73264 "-" "Mozilla/5.0 (compatible; SemrushBot/7~bl; +http://www.semrush.com/bot.html)"
185.191.171.23 - - [15/Nov/2022:14:31:04 +0100] "GET /-p-37718.html HTTP/1.0" 200 73264 "-" "Mozilla/5.0 (compatible; SemrushBot/7~bl; +http://www.semrush.com/bot.html)"
157.55.39.183 - - [15/Nov/2022:14:31:09 +0100] "GET /cats-dubout-figurine-siesta-p-33345.html HTTP/1.0" 200 76377 "-" "Mozilla/5.0 AppleWebKit/537.36 (KHTML, like Gecko; compatible; bingbot/2.0; +http://www.bing.com/bingbot.htm) Chrome/103.0.5060.134 Safari/537.36"
185.191.171.8 - - [15/Nov/2022:14:31:21 +0100] "GET /wooden-sticker-strips-p-53565.html HTTP/1.0" 200 77023 "-" "Mozilla/5.0 (compatible; SemrushBot/7~bl; +http://www.semrush.com/bot.html)"
157.55.39.129 - - [15/Nov/2022:14:31:34 +0100] "GET /beyblade-logo-mtal-fusion-magnet-p-18670.html HTTP/1.0" 200 73418 "-" "Mozilla/5.0 (compatible; bingbot/2.0; +http://www.bing.com/bingbot.htm)"
185.191.171.7 - - [15/Nov/2022:14:31:37 +0100] "GET /rtro-small-cool-lunch-p-41493.html HTTP/1.0" 200 73388 "-" "Mozilla/5.0 (compatible; SemrushBot/7~bl; +http://www.semrush.com/bot.html)"
185.191.171.2 - - [15/Nov/2022:14:31:59 +0100] "GET /london-lord-brian-opener-p-53488.html HTTP/1.0" 200 75984 "-" "Mozilla/5.0 (compatible; SemrushBot/7~bl; +http://www.semrush.com/bot.html)"
185.191.171.22 - - [15/Nov/2022:14:32:03 +0100] "GET /home-decoration-c-13.html?page=144 HTTP/1.0" 200 95646 "-" "Mozilla/5.0 (compatible; SemrushBot/7~bl; +http://www.semrush.com/bot.html)"
185.191.171.40 - - [15/Nov/2022:14:32:09 +0100] "GET /achshund-bookend-p-51892.html HTTP/1.0" 200 73318 "-" "Mozilla/5.0 (compatible; SemrushBot/7~bl; +http://www.semrush.com/bot.html)"
185.191.171.2 - - [15/Nov/2022:14:32:38 +0100] "GET /barbabeau-cosmetic-p-19525.html HTTP/1.0" 200 76074 "-" "Mozilla/5.0 (compatible; SemrushBot/7~bl; +http://www.semrush.com/bot.html)"
207.46.13.181 - - [15/Nov/2022:14:32:44 +0100] "GET /-p-47359.html HTTP/1.0" 200 73264 "-" "Mozilla/5.0 (compatible; bingbot/2.0; +http://www.bing.com/bingbot.htm)"
185.191.171.10 - - [15/Nov/2022:14:32:44 +0100] "GET /love-cats-saucer-p-37303.html HTTP/1.0" 200 75927 "-" "Mozilla/5.0 (compatible; SemrushBot/7~bl; +http://www.semrush.com/bot.html)"
207.46.13.42 - - [15/Nov/2022:14:32:53 +0100] "GET /beyblade-spinning-magnet-p-18668.html HTTP/1.0" 200 73387 "-" "Mozilla/5.0 AppleWebKit/537.36 (KHTML, like Gecko; compatible; bingbot/2.0; +http://www.bing.com/bingbot.htm) Chrome/103.0.5060.134 Safari/537.36"
207.46.13.42 - - [15/Nov/2022:14:32:55 +0100] "GET /incense-satya-nag-champa-karma-15-grams-or-about-15-sticks-p-45279.html HTTP/1.0" 301 76635 "-" "Mozilla/5.0 AppleWebKit/537.36 (KHTML, like Gecko; compatible; bingbot/2.0; +http://www.bing.com/bingbot.htm) Chrome/103.0.5060.134 Safari/537.36"
185.191.171.45 - - [15/Nov/2022:14:32:54 +0100] "GET /lulu-castagnette-cover-iphone-p-19094.html HTTP/1.0" 200 76238 "-" "Mozilla/5.0 (compatible; SemrushBot/7~bl; +http://www.semrush.com/bot.html)"
207.46.13.42 - - [15/Nov/2022:14:32:55 +0100] "GET /rose-de-provence-opener-p-44556.html HTTP/1.0" 301 73331 "-" "Mozilla/5.0 (compatible; bingbot/2.0; +http://www.bing.com/bingbot.htm)"
40.77.167.28 - - [15/Nov/2022:14:33:17 +0100] "GET /please-disturb-metal-plate-p-29226.html HTTP/1.0" 200 76037 "-" "Mozilla/5.0 (compatible; bingbot/2.0; +http://www.bing.com/bingbot.htm)"
185.191.171.19 - - [15/Nov/2022:14:33:22 +0100] "GET /resin-statue-little-monk-blue-dress-p-51507.html HTTP/1.0" 200 73400 "-" "Mozilla/5.0 (compatible; SemrushBot/7~bl; +http://www.semrush.com/bot.html)"
207.46.13.181 - - [15/Nov/2022:14:33:25 +0100] "GET /bamboo-fiber-plant-cover-p-51945.html HTTP/1.0" 200 73350 "-" "Mozilla/5.0 AppleWebKit/537.36 (KHTML, like Gecko; compatible; bingbot/2.0; +http://www.bing.com/bingbot.htm) Chrome/103.0.5060.134 Safari/537.36"
185.191.171.35 - - [15/Nov/2022:14:33:25 +0100] "GET /dishes-c-12.html?page=24 HTTP/1.0" 200 95094 "-" "Mozilla/5.0 (compatible; SemrushBot/7~bl; +http://www.semrush.com/bot.html)"
185.191.171.8 - - [15/Nov/2022:14:33:49 +0100] "GET /florialys-fragrance-provence-musk-woody-p-48499.html HTTP/1.0" 200 76179 "-" "Mozilla/5.0 (compatible; SemrushBot/7~bl; +http://www.semrush.com/bot.html)"
40.77.167.27 - - [15/Nov/2022:14:33:50 +0100] "GET /little-prince-gift-pieces-p-30323.html HTTP/1.0" 200 73410 "-" "Mozilla/5.0 (compatible; bingbot/2.0; +http://www.bing.com/bingbot.htm)"
185.191.171.26 - - [15/Nov/2022:14:33:53 +0100] "GET /wooden-deco-tray-p-52018.html HTTP/1.0" 200 73340 "-" "Mozilla/5.0 (compatible; SemrushBot/7~bl; +http://www.semrush.com/bot.html)"
54.36.148.22 - - [15/Nov/2022:14:34:17 +0100] "GET /medusa-glass-paperweight-p-57317.html HTTP/1.0" 200 75905 "-" "Mozilla/5.0 (compatible; AhrefsBot/7.0; +http://ahrefs.com/robot/)"
185.191.171.36 - - [15/Nov/2022:14:34:17 +0100] "GET /bamboo-fiber-plant-cover-veux-soleil-p-57726.html HTTP/1.0" 200 76671 "-" "Mozilla/5.0 (compatible; SemrushBot/7~bl; +http://www.semrush.com/bot.html)"
54.36.148.156 - - [15/Nov/2022:14:34:25 +0100] "GET /images/big_prod/8433933143292.jpg HTTP/1.0" 200 268 "-" "Mozilla/5.0 (compatible; AhrefsBot/7.0; +http://ahrefs.com/robot/)"
185.191.171.20 - - [15/Nov/2022:14:34:55 +0100] "GET /flamingo-fitted-sheet-p-51984.html HTTP/1.0" 200 75919 "-" "Mozilla/5.0 (compatible; SemrushBot/7~bl; +http://www.semrush.com/bot.html)"
185.191.171.36 - - [15/Nov/2022:14:34:58 +0100] "GET /large-gold-ceramic-vase-p-58390.html HTTP/1.0" 200 77006 "-" "Mozilla/5.0 (compatible; SemrushBot/7~bl; +http://www.semrush.com/bot.html)"
185.191.171.11 - - [15/Nov/2022:14:35:28 +0100] "GET /small-round-grey-alarm-clock-p-55549.html HTTP/1.0" 200 76896 "-" "Mozilla/5.0 (compatible; SemrushBot/7~bl; +http://www.semrush.com/bot.html)"
66.249.64.242 - - [15/Nov/2022:14:35:34 +0100] "GET /paris-white-women-shirt-p-30991.html HTTP/1.0" 200 77900 "-" "Mozilla/5.0 (compatible; Googlebot/2.1; +http://www.google.com/bot.html)"
185.191.171.10 - - [15/Nov/2022:14:35:39 +0100] "GET /-p-7629.html HTTP/1.0" 200 73262 "-" "Mozilla/5.0 (compatible; SemrushBot/7~bl; +http://www.semrush.com/bot.html)"
34.94.89.167 - - [15/Nov/2022:14:35:42 +0100] "GET /images/mini_prod/3457019600474a.jpg HTTP/1.0" 200 270 "-" "Mozilla/5.0 (X11; Ubuntu; Linux x86_64; rv:72.0) Gecko/20100101 Firefox/72.0"
66.249.64.244 - - [15/Nov/2022:14:35:47 +0100] "GET /gorjuss-cards-supplied-with-envelope-p-48377.html HTTP/1.0" 200 76192 "-" "Mozilla/5.0 (Linux; Android 6.0.1; Nexus 5X Build/MMB29P) AppleWebKit/537.36 (KHTML, like Gecko) Chrome/107.0.5304.110 Mobile Safari/537.36 (compatible; Googlebot/2.1; +http://www.google.com/bot.html)"
185.191.171.10 - - [15/Nov/2022:14:35:48 +0100] "GET /laissez-lucie-faire-liberty-placemat-p-39849.html HTTP/1.0" 200 73435 "-" "Mozilla/5.0 (compatible; SemrushBot/7~bl; +http://www.semrush.com/bot.html)"
157.55.39.129 - - [15/Nov/2022:14:35:54 +0100] "GET /world-large-clock-beige-blue-p-52867.html HTTP/1.0" 301 73331 "-" "Mozilla/5.0 (compatible; bingbot/2.0; +http://www.bing.com/bingbot.htm)"
185.191.171.8 - - [15/Nov/2022:14:35:55 +0100] "GET /-p-53502.html HTTP/1.0" 200 73264 "-" "Mozilla/5.0 (compatible; SemrushBot/7~bl; +http://www.semrush.com/bot.html)"
157.55.39.129 - - [15/Nov/2022:14:35:56 +0100] "GET /-p-24326.html HTTP/1.0" 200 73264 "-" "Mozilla/5.0 AppleWebKit/537.36 (KHTML, like Gecko; compatible; bingbot/2.0; +http://www.bing.com/bingbot.htm) Chrome/103.0.5060.134 Safari/537.36"
185.191.171.7 - - [15/Nov/2022:14:36:01 +0100] "GET /duvet-cover-cotton-percale-threads-p-53224.html HTTP/1.0" 200 76203 "-" "Mozilla/5.0 (compatible; SemrushBot/7~bl; +http://www.semrush.com/bot.html)"
51.68.224.127 - - [15/Nov/2022:14:36:21 +0100] "GET /adminweb/export_orders_xml.php?token=256de2z6edz6ed2z6DFSFsed2zed6zeDSFDSGdzedezfzf&maxorders=10&orderstart=1&status=14&start_date=2018-10-01 HTTP/1.0" 200 285 "-" "GesCom CharlotteBoutik Serveur"
51.68.224.127 - - [15/Nov/2022:14:36:21 +0100] "GET /adminweb/export_orders_xml.php?token=256de2z6edz6ed2z6DFSFsed2zed6zeDSFDSGdzedezfzf&maxorders=10&orderstart=1&status=6&start_date=2018-10-01 HTTP/1.0" 200 34006 "-" "GesCom CharlotteBoutik Serveur"
66.249.64.242 - - [15/Nov/2022:14:36:29 +0100] "GET /images/big_prod/3453131126830.jpg HTTP/1.0" 200 268 "-" "Googlebot-Image/1.0"
185.191.171.34 - - [15/Nov/2022:14:36:45 +0100] "GET /austria-clock-cbkreation-p-36679.html HTTP/1.0" 200 75925 "-" "Mozilla/5.0 (compatible; SemrushBot/7~bl; +http://www.semrush.com/bot.html)"
185.191.171.39 - - [15/Nov/2022:14:36:53 +0100] "GET /shopping-cats-p-45438.html HTTP/1.0" 200 75958 "-" "Mozilla/5.0 (compatible; SemrushBot/7~bl; +http://www.semrush.com/bot.html)"
157.55.39.183 - - [15/Nov/2022:14:36:59 +0100] "GET /catch-wave-lilo-stitch-15th-anniversary-figurine-p-53271.html HTTP/1.0" 200 77684 "-" "Mozilla/5.0 AppleWebKit/537.36 (KHTML, like Gecko; compatible; bingbot/2.0; +http://www.bing.com/bingbot.htm) Chrome/103.0.5060.134 Safari/537.36"
185.191.171.2 - - [15/Nov/2022:14:37:05 +0100] "GET /becassine-large-metal-plate-p-28602.html HTTP/1.0" 200 73423 "-" "Mozilla/5.0 (compatible; SemrushBot/7~bl; +http://www.semrush.com/bot.html)"
185.191.171.23 - - [15/Nov/2022:14:37:09 +0100] "GET /carlin-coasters-cbkreation-p-23363.html HTTP/1.0" 200 75920 "-" "Mozilla/5.0 (compatible; SemrushBot/7~bl; +http://www.semrush.com/bot.html)"
66.249.64.246 - - [15/Nov/2022:14:37:13 +0100] "GET /keyrings-c-3_52.html?page=9 HTTP/1.0" 200 97207 "-" "Mozilla/5.0 (Linux; Android 6.0.1; Nexus 5X Build/MMB29P) AppleWebKit/537.36 (KHTML, like Gecko) Chrome/107.0.5304.110 Mobile Safari/537.36 (compatible; Googlebot/2.1; +http://www.google.com/bot.html)"
185.191.171.45 - - [15/Nov/2022:14:37:30 +0100] "GET /fired-ceramic-oven-dish-other-p-45707.html HTTP/1.0" 200 76021 "-" "Mozilla/5.0 (compatible; SemrushBot/7~bl; +http://www.semrush.com/bot.html)"
185.191.171.45 - - [15/Nov/2022:14:37:33 +0100] "GET /-p-41319.html HTTP/1.0" 200 73264 "-" "Mozilla/5.0 (compatible; SemrushBot/7~bl; +http://www.semrush.com/bot.html)"
157.55.39.129 - - [15/Nov/2022:14:37:35 +0100] "GET /minnie-mouse-figure-collection-romero-britto-p-51459.html HTTP/1.0" 200 77588 "-" "Mozilla/5.0 AppleWebKit/537.36 (KHTML, like Gecko; compatible; bingbot/2.0; +http://www.bing.com/bingbot.htm) Chrome/103.0.5060.134 Safari/537.36"
66.249.64.244 - - [15/Nov/2022:14:37:45 +0100] "GET /images/big_prod/3700276283493a.jpg HTTP/1.0" 200 269 "-" "Googlebot-Image/1.0"
185.191.171.23 - - [15/Nov/2022:14:37:48 +0100] "GET /-p-40587.html HTTP/1.0" 200 73264 "-" "Mozilla/5.0 (compatible; SemrushBot/7~bl; +http://www.semrush.com/bot.html)"
54.36.148.21 - - [15/Nov/2022:14:38:04 +0100] "GET /white-scottish-ceramic-money-box-p-31541.html HTTP/1.0" 301 73331 "-" "Mozilla/5.0 (compatible; AhrefsBot/7.0; +http://ahrefs.com/robot/)"
185.191.171.14 - - [15/Nov/2022:14:38:05 +0100] "GET /betty-boop-pencil-case-p-33583.html HTTP/1.0" 200 75910 "-" "Mozilla/5.0 (compatible; SemrushBot/7~bl; +http://www.semrush.com/bot.html)"
207.46.13.42 - - [15/Nov/2022:14:38:05 +0100] "GET /-p-43071.html HTTP/1.0" 200 73264 "-" "Mozilla/5.0 (compatible; bingbot/2.0; +http://www.bing.com/bingbot.htm)"
185.191.171.10 - - [15/Nov/2022:14:38:19 +0100] "GET /marilyn-strass-mobile-sock-p-1998.html HTTP/1.0" 200 75787 "-" "Mozilla/5.0 (compatible; SemrushBot/7~bl; +http://www.semrush.com/bot.html)"
54.36.148.95 - - [15/Nov/2022:14:38:28 +0100] "GET /fitted-sheet-c-11_193.html?page=4 HTTP/1.0" 200 96487 "-" "Mozilla/5.0 (compatible; AhrefsBot/7.0; +http://ahrefs.com/robot/)"
147.92.153.3 - - [15/Nov/2022:14:38:57 +0100] "GET /images/big_prod/8422201538335.jpg HTTP/1.0" 200 268 "-" "Mozilla/5.0 (compatible; Linespider/1.1; +https://lin.ee/4dwXkTH)"
157.55.39.183 - - [15/Nov/2022:14:38:59 +0100] "GET /schoolbag-caramel-glitter-p-48782.html HTTP/1.0" 200 73354 "-" "Mozilla/5.0 (compatible; bingbot/2.0; +http://www.bing.com/bingbot.htm)"
185.191.171.1 - - [15/Nov/2022:14:39:08 +0100] "GET /bamboo-fiber-folk-p-49559.html HTTP/1.0" 200 73378 "-" "Mozilla/5.0 (compatible; SemrushBot/7~bl; +http://www.semrush.com/bot.html)"
40.77.167.28 - - [15/Nov/2022:14:39:16 +0100] "GET /blue-butterfly-grey-women-shirt-p-30730.html HTTP/1.0" 200 77948 "-" "Mozilla/5.0 AppleWebKit/537.36 (KHTML, like Gecko; compatible; bingbot/2.0; +http://www.bing.com/bingbot.htm) Chrome/103.0.5060.134 Safari/537.36"
40.77.167.27 - - [15/Nov/2022:14:39:21 +0100] "GET /stationery-and-cardmaking/stickers/emily-the-strange-sticker-p-12139.html HTTP/1.0" 301 73331 "-" "Mozilla/5.0 AppleWebKit/537.36 (KHTML, like Gecko; compatible; bingbot/2.0; +http://www.bing.com/bingbot.htm) Chrome/103.0.5060.134 Safari/537.36"
185.191.171.33 - - [15/Nov/2022:14:39:30 +0100] "GET /braided-straw-basket-with-black-straps-p-52282.html HTTP/1.0" 200 73406 "-" "Mozilla/5.0 (compatible; SemrushBot/7~bl; +http://www.semrush.com/bot.html)"
40.77.167.28 - - [15/Nov/2022:14:39:37 +0100] "GET /shower-curtain-p-50726.html HTTP/1.0" 200 76790 "-" "Mozilla/5.0 AppleWebKit/537.36 (KHTML, like Gecko; compatible; bingbot/2.0; +http://www.bing.com/bingbot.htm) Chrome/103.0.5060.134 Safari/537.36"
207.46.13.181 - - [15/Nov/2022:14:39:44 +0100] "GET /-p-29837.html HTTP/1.0" 200 73264 "-" "Mozilla/5.0 AppleWebKit/537.36 (KHTML, like Gecko; compatible; bingbot/2.0; +http://www.bing.com/bingbot.htm) Chrome/103.0.5060.134 Safari/537.36"
185.191.171.34 - - [15/Nov/2022:14:39:53 +0100] "GET /water-bottle-bien-chaud-panda-p-56890.html HTTP/1.0" 200 76712 "-" "Mozilla/5.0 (compatible; SemrushBot/7~bl; +http://www.semrush.com/bot.html)"
54.36.148.21 - - [15/Nov/2022:14:39:58 +0100] "GET /boho-terracotta-pot-13-cm-p-51886.html HTTP/1.0" 301 73416 "-" "Mozilla/5.0 (compatible; AhrefsBot/7.0; +http://ahrefs.com/robot/)"
185.191.171.1 - - [15/Nov/2022:14:40:02 +0100] "GET /animals-pencil-cbkreation-p-45063.html HTTP/1.0" 200 75974 "-" "Mozilla/5.0 (compatible; SemrushBot/7~bl; +http://www.semrush.com/bot.html)"
157.55.39.183 - - [15/Nov/2022:14:40:20 +0100] "GET /decorative-wooden-plate-entre-interdite-rleurs-anthracite-p-47815.html HTTP/1.0" 200 76440 "-" "Mozilla/5.0 AppleWebKit/537.36 (KHTML, like Gecko; compatible; bingbot/2.0; +http://www.bing.com/bingbot.htm) Chrome/103.0.5060.134 Safari/537.36"
185.191.171.38 - - [15/Nov/2022:14:40:34 +0100] "GET /beige-twine-fitted-sheet-p-51980.html HTTP/1.0" 200 75926 "-" "Mozilla/5.0 (compatible; SemrushBot/7~bl; +http://www.semrush.com/bot.html)"
185.191.171.9 - - [15/Nov/2022:14:40:40 +0100] "GET /cotton-base-cover-canon-fusil-p-44227.html HTTP/1.0" 200 76079 "-" "Mozilla/5.0 (compatible; SemrushBot/7~bl; +http://www.semrush.com/bot.html)"
157.55.39.129 - - [15/Nov/2022:14:40:45 +0100] "GET /hanging-decoration-tour-france-p-52271.html HTTP/1.0" 200 73380 "-" "Mozilla/5.0 (compatible; bingbot/2.0; +http://www.bing.com/bingbot.htm)"
207.46.13.181 - - [15/Nov/2022:14:41:05 +0100] "GET /dexter-shirt-p-29487.html HTTP/1.0" 200 73306 "-" "Mozilla/5.0 AppleWebKit/537.36 (KHTML, like Gecko; compatible; bingbot/2.0; +http://www.bing.com/bingbot.htm) Chrome/103.0.5060.134 Safari/537.36"
54.36.148.46 - - [15/Nov/2022:14:41:06 +0100] "GET /teo-jasmin-small-cabas-apache-purple-p-45863.html HTTP/1.0" 301 73461 "-" "Mozilla/5.0 (compatible; AhrefsBot/7.0; +http://ahrefs.com/robot/)"
185.191.171.8 - - [15/Nov/2022:14:41:22 +0100] "GET /-p-29842.html HTTP/1.0" 200 73264 "-" "Mozilla/5.0 (compatible; SemrushBot/7~bl; +http://www.semrush.com/bot.html)"
185.191.171.11 - - [15/Nov/2022:14:41:26 +0100] "GET /oscar-wilde-quote-wall-stickers-p-42957.html HTTP/1.0" 200 76742 "-" "Mozilla/5.0 (compatible; SemrushBot/7~bl; +http://www.semrush.com/bot.html)"
185.191.171.9 - - [15/Nov/2022:14:41:32 +0100] "GET /little-buddha-happy-statue-p-37709.html HTTP/1.0" 200 75999 "-" "Mozilla/5.0 (compatible; SemrushBot/7~bl; +http://www.semrush.com/bot.html)"
185.191.171.44 - - [15/Nov/2022:14:41:39 +0100] "GET /-p-47055.html HTTP/1.0" 200 73264 "-" "Mozilla/5.0 (compatible; SemrushBot/7~bl; +http://www.semrush.com/bot.html)"
185.191.171.18 - - [15/Nov/2022:14:41:50 +0100] "GET /harley-davidson-magnet-p-12520.html HTTP/1.0" 200 75852 "-" "Mozilla/5.0 (compatible; SemrushBot/7~bl; +http://www.semrush.com/bot.html)"
54.36.149.9 - - [15/Nov/2022:14:41:59 +0100] "GET /marseille-cushion-p-20645.html HTTP/1.0" 301 73331 "-" "Mozilla/5.0 (compatible; AhrefsBot/7.0; +http://ahrefs.com/robot/)"
54.36.148.205 - - [15/Nov/2022:14:42:02 +0100] "GET /pin-up-small-steel-fridge-magnets-p-31632.html HTTP/1.0" 301 73465 "-" "Mozilla/5.0 (compatible; AhrefsBot/7.0; +http://ahrefs.com/robot/)"
54.36.148.239 - - [15/Nov/2022:14:42:12 +0100] "GET /fitted-sheet-for-bed-with-head-and-foot-lifting-80-200-cm-p-41124.html HTTP/1.0" 301 76770 "-" "Mozilla/5.0 (compatible; AhrefsBot/7.0; +http://ahrefs.com/robot/)"
207.46.13.181 - - [15/Nov/2022:14:42:25 +0100] "GET /marseille-soaps-scented-plaster-p-31280.html HTTP/1.0" 200 76129 "-" "Mozilla/5.0 AppleWebKit/537.36 (KHTML, like Gecko; compatible; bingbot/2.0; +http://www.bing.com/bingbot.htm) Chrome/103.0.5060.134 Safari/537.36"
54.36.148.170 - - [15/Nov/2022:14:42:28 +0100] "GET /saucer-p-40672.html HTTP/1.0" 200 75806 "-" "Mozilla/5.0 (compatible; AhrefsBot/7.0; +http://ahrefs.com/robot/)"
157.55.39.129 - - [15/Nov/2022:14:42:29 +0100] "GET /water-bottle-p-53411.html HTTP/1.0" 200 73318 "-" "Mozilla/5.0 AppleWebKit/537.36 (KHTML, like Gecko; compatible; bingbot/2.0; +http://www.bing.com/bingbot.htm) Chrome/103.0.5060.134 Safari/537.36"
185.191.171.3 - - [15/Nov/2022:14:42:29 +0100] "GET /sentiment-towel-kitchen-towel-p-43626.html HTTP/1.0" 200 73382 "-" "Mozilla/5.0 (compatible; SemrushBot/7~bl; +http://www.semrush.com/bot.html)"
157.55.39.129 - - [15/Nov/2022:14:42:31 +0100] "GET /-p-6763.html HTTP/1.0" 200 73262 "-" "Mozilla/5.0 (compatible; bingbot/2.0; +http://www.bing.com/bingbot.htm)"
54.36.148.87 - - [15/Nov/2022:14:42:37 +0100] "GET /images/big_prod/1399985100799.jpg HTTP/1.0" 200 268 "-" "Mozilla/5.0 (compatible; AhrefsBot/7.0; +http://ahrefs.com/robot/)"
40.77.167.28 - - [15/Nov/2022:14:42:47 +0100] "GET /cccp-logo-adult-cbkration-p-36533.html HTTP/1.0" 200 76038 "-" "Mozilla/5.0 AppleWebKit/537.36 (KHTML, like Gecko; compatible; bingbot/2.0; +http://www.bing.com/bingbot.htm) Chrome/103.0.5060.134 Safari/537.36"
185.191.171.14 - - [15/Nov/2022:14:42:47 +0100] "GET /figurines-statuettes-statues-decoration-collection-c-292.html?page=4 HTTP/1.0" 200 96458 "-" "Mozilla/5.0 (compatible; SemrushBot/7~bl; +http://www.semrush.com/bot.html)"
40.77.167.27 - - [15/Nov/2022:14:42:51 +0100] "GET /dora-explorer-laces-p-22274.html HTTP/1.0" 200 75818 "-" "Mozilla/5.0 AppleWebKit/537.36 (KHTML, like Gecko; compatible; bingbot/2.0; +http://www.bing.com/bingbot.htm) Chrome/103.0.5060.134 Safari/537.36"
185.191.171.24 - - [15/Nov/2022:14:43:02 +0100] "GET /chimes-suspensions-c-13_241.html?page=2 HTTP/1.0" 200 94119 "-" "Mozilla/5.0 (compatible; SemrushBot/7~bl; +http://www.semrush.com/bot.html)"
185.191.171.41 - - [15/Nov/2022:14:43:06 +0100] "GET /round-pink-jute-table-p-49451.html HTTP/1.0" 200 75848 "-" "Mozilla/5.0 (compatible; SemrushBot/7~bl; +http://www.semrush.com/bot.html)"
185.191.171.1 - - [15/Nov/2022:14:43:09 +0100] "GET /plush-puppy-husky-keel-toys-p-50298.html HTTP/1.0" 200 73362 "-" "Mozilla/5.0 (compatible; SemrushBot/7~bl; +http://www.semrush.com/bot.html)"
185.191.171.6 - - [15/Nov/2022:14:43:13 +0100] "GET /-p-48098.html HTTP/1.0" 200 73264 "-" "Mozilla/5.0 (compatible; SemrushBot/7~bl; +http://www.semrush.com/bot.html)"
185.191.171.43 - - [15/Nov/2022:14:43:16 +0100] "GET /mandala-coasters-p-54070.html HTTP/1.0" 200 75904 "-" "Mozilla/5.0 (compatible; SemrushBot/7~bl; +http://www.semrush.com/bot.html)"
185.191.171.9 - - [15/Nov/2022:14:43:24 +0100] "GET /-p-26607.html HTTP/1.0" 200 73264 "-" "Mozilla/5.0 (compatible; SemrushBot/7~bl; +http://www.semrush.com/bot.html)"
185.191.171.19 - - [15/Nov/2022:14:43:50 +0100] "GET /mtal-small-baby-teeth-p-50823.html HTTP/1.0" 200 77176 "-" "Mozilla/5.0 (compatible; SemrushBot/7~bl; +http://www.semrush.com/bot.html)"
157.55.39.129 - - [15/Nov/2022:14:43:56 +0100] "GET /-p-30267.html HTTP/1.0" 200 73264 "-" "Mozilla/5.0 (compatible; bingbot/2.0; +http://www.bing.com/bingbot.htm)"
157.55.39.129 - - [15/Nov/2022:14:43:58 +0100] "GET /yang-clock-cbkreation-p-24708.html HTTP/1.0" 200 76052 "-" "Mozilla/5.0 (compatible; bingbot/2.0; +http://www.bing.com/bingbot.htm)"
40.77.167.28 - - [15/Nov/2022:14:44:07 +0100] "GET /magnet-little-prince-exupery-p-51219.html HTTP/1.0" 200 75982 "-" "Mozilla/5.0 (compatible; bingbot/2.0; +http://www.bing.com/bingbot.htm)"
121.30.179.119 - - [15/Nov/2022:14:44:15 +0100] "GET /images/1300010240274.jpg HTTP/1.0" 200 259 "-" "Mozilla/5.0 (X11; Ubuntu; Linux x86_64; rv:72.0) Gecko/20100101 Firefox/72.0"
185.191.171.1 - - [15/Nov/2022:14:44:16 +0100] "GET /robots.txt HTTP/1.0" 200 245 "-" "Mozilla/5.0 (compatible; SemrushBot/7~bl; +http://www.semrush.com/bot.html)"
185.191.171.14 - - [15/Nov/2022:14:44:17 +0100] "GET /table-lamps-c-86_286.html?page=17 HTTP/1.0" 200 87910 "-" "Mozilla/5.0 (compatible; SemrushBot/7~bl; +http://www.semrush.com/bot.html)"
185.191.171.20 - - [15/Nov/2022:14:44:31 +0100] "GET /-p-49731.html HTTP/1.0" 200 73264 "-" "Mozilla/5.0 (compatible; SemrushBot/7~bl; +http://www.semrush.com/bot.html)"
