54.36.149.45 - - [15/Nov/2022:13:08:27 +0100] "GET /home-and-decoration-c-13.html?page=22 HTTP/1.0" 301 95188 "-" "Mozilla/5.0 (compatible; AhrefsBot/7.0; +http://ahrefs.com/robot/)"
35.208.250.98 - - [15/Nov/2022:13:08:30 +0100] "GET /images/mini_prod/8719075391150.jpg HTTP/1.0" 200 269 "-" "Mozilla/5.0 (X11; Ubuntu; Linux x86_64; rv:72.0) Gecko/20100101 Firefox/72.0"
40.77.167.27 - - [15/Nov/2022:13:08:31 +0100] "GET /sons-anarchy-samcro-zippo-lighter-p-30266.html HTTP/1.0" 200 73392 "-" "Mozilla/5.0 AppleWebKit/537.36 (KHTML, like Gecko; compatible; bingbot/2.0; +http://www.bing.com/bingbot.htm) Chrome/103.0.5060.134 Safari/537.36"
185.191.171.9 - - [15/Nov/2022:13:08:44 +0100] "GET /christmas-sock-hang-famille-formidable-p-59572.html?action=add_product HTTP/1.0" 302 476 "-" "Mozilla/5.0 (compatible; SemrushBot/7~bl; +http://www.semrush.com/bot.html)"
35.209.223.97 - - [15/Nov/2022:13:08:50 +0100] "GET /images/mini_prod/3560600277907.jpg HTTP/1.0" 200 269 "-" "Mozilla/5.0 (X11; Ubuntu; Linux x86_64; rv:72.0) Gecko/20100101 Firefox/72.0"
185.191.171.15 - - [15/Nov/2022:13:08:52 +0100] "GET /white-patinated-foot-table-lamp-p-59495.html?action=add_product HTTP/1.0" 302 476 "-" "Mozilla/5.0 (compatible; SemrushBot/7~bl; +http://www.semrush.com/bot.html)"
185.191.171.11 - - [15/Nov/2022:13:09:01 +0100] "GET /-p-39356.html HTTP/1.0" 200 73264 "-" "Mozilla/5.0 (compatible; SemrushBot/7~bl; +http://www.semrush.com/bot.html)"
185.191.171.44 - - [15/Nov/2022:13:09:13 +0100] "GET /laissez-lucie-faire-pencil-case-byako-p-38974.html HTTP/1.0" 200 73406 "-" "Mozilla/5.0 (compatible; SemrushBot/7~bl; +http://www.semrush.com/bot.html)"
157.55.39.129 - - [15/Nov/2022:13:09:26 +0100] "GET /nici-sweet-hearts-pink-turtle-plush-p-35180.html HTTP/1.0" 200 73406 "-" "Mozilla/5.0 (compatible; bingbot/2.0; +http://www.bing.com/bingbot.htm)"
157.55.39.129 - - [15/Nov/2022:13:09:36 +0100] "GET /-p-34872.html HTTP/1.0" 200 73264 "-" "Mozilla/5.0 (compatible; bingbot/2.0; +http://www.bing.com/bingbot.htm)"
207.90.21.137 - - [15/Nov/2022:13:09:43 +0100] "GET /robots.txt HTTP/1.0" 200 245 "-" "Mozilla/5.0 (Macintosh; Intel Mac OS X 10_15_7) AppleWebKit/537.36 (KHTML like Gecko) Chrome/100.0.4896.127 Safari/537.36"
54.36.148.39 - - [15/Nov/2022:13:09:44 +0100] "GET /smiley-world-pencil-tray-rigid-p-34116.html HTTP/1.0" 301 73331 "-" "Mozilla/5.0 (compatible; AhrefsBot/7.0; +http://ahrefs.com/robot/)"
54.36.149.2 - - [15/Nov/2022:13:09:45 +0100] "GET /toro-tapas-feria-little-tray-p-34395.html HTTP/1.0" 200 75999 "-" "Mozilla/5.0 (compatible; AhrefsBot/7.0; +http://ahrefs.com/robot/)"
35.206.127.68 - - [15/Nov/2022:13:10:05 +0100] "GET /images/mini_prod/36DSCN8204.jpg HTTP/1.0" 200 266 "-" "Mozilla/5.0 (X11; Ubuntu; Linux x86_64; rv:72.0) Gecko/20100101 Firefox/72.0"
185.191.171.26 - - [15/Nov/2022:13:10:05 +0100] "GET /coca-cola-metal-plate-p-28077.html HTTP/1.0" 200 73360 "-" "Mozilla/5.0 (compatible; SemrushBot/7~bl; +http://www.semrush.com/bot.html)"
54.36.148.141 - - [15/Nov/2022:13:10:17 +0100] "GET /owl-set-cup-and-teapot-p-28392.html HTTP/1.0" 301 73331 "-" "Mozilla/5.0 (compatible; AhrefsBot/7.0; +http://ahrefs.com/robot/)"
185.191.171.26 - - [15/Nov/2022:13:10:21 +0100] "GET /trivet-p-27387.html HTTP/1.0" 200 75741 "-" "Mozilla/5.0 (compatible; SemrushBot/7~bl; +http://www.semrush.com/bot.html)"
35.208.116.191 - - [15/Nov/2022:13:10:25 +0100] "GET /images/mini_prod/1384010203453.jpg HTTP/1.0" 200 269 "-" "Mozilla/5.0 (X11; Ubuntu; Linux x86_64; rv:72.0) Gecko/20100101 Firefox/72.0"
211.249.246.147 - - [15/Nov/2022:13:10:35 +0100] "GET /robots.txt HTTP/1.0" 200 245 "-" "Mozilla/5.0 (compatible; Daum/4.1; +http://cs.daum.net/faq/15/4118.html?faqId=28966)"
211.249.246.147 - - [15/Nov/2022:13:10:36 +0100] "GET /lady-gaga-long-sleeve-shirt-p-31032.html HTTP/1.0" 301 73331 "-" "Mozilla/5.0 (compatible; Daum/4.1; +http://cs.daum.net/faq/15/4118.html?faqId=28966)"
211.249.246.147 - - [15/Nov/2022:13:10:43 +0100] "GET /monster-doll-small-white-cushion-with-personalized-picture-p-16983.html HTTP/1.0" 200 76675 "-" "Mozilla/5.0 (compatible; Daum/4.1; +http://cs.daum.net/faq/15/4118.html?faqId=28966)"
211.249.246.147 - - [15/Nov/2022:13:10:51 +0100] "GET /-p-31032.html HTTP/1.0" 200 73264 "-" "Mozilla/5.0 (compatible; Daum/4.1; +http://cs.daum.net/faq/15/4118.html?faqId=28966)"
66.249.64.244 - - [15/Nov/2022:13:10:56 +0100] "GET /johnny-hallyday-purple-neon-wall-clock-p-15429.html HTTP/1.0" 200 76688 "-" "Mozilla/5.0 (compatible; Googlebot/2.1; +http://www.google.com/bot.html)"
207.90.21.137 - - [15/Nov/2022:13:11:00 +0100] "GET /templates/Pixame_v1/stylesheet.css HTTP/1.0" 200 267 "http://www.wonder-geek.com/" "Mozilla/5.0 (Macintosh; Intel Mac OS X 10_15_7) AppleWebKit/537.36 (KHTML like Gecko) Chrome/100.0.4896.127 Safari/537.36"
207.90.21.137 - - [15/Nov/2022:13:11:00 +0100] "GET /templates/Pixame_v1/images/icon_accueil2.png HTTP/1.0" 200 278 "http://www.wonder-geek.com/" "Mozilla/5.0 (Macintosh; Intel Mac OS X 10_15_7) AppleWebKit/537.36 (KHTML like Gecko) Chrome/100.0.4896.127 Safari/537.36"
211.249.246.147 - - [15/Nov/2022:13:10:58 +0100] "GET /dubout-cats-soap-box-10-65-28-cm-p-40103.html HTTP/1.0" 301 76274 "-" "Mozilla/5.0 (compatible; Daum/4.1; +http://cs.daum.net/faq/15/4118.html?faqId=28966)"
207.90.21.137 - - [15/Nov/2022:13:11:01 +0100] "GET /templates/Pixame_v1/images/Middle_texture.jpg HTTP/1.0" 200 280 "http://www.wonder-geek.com/templates/Pixame_v1/stylesheet.css" "Mozilla/5.0 (Macintosh; Intel Mac OS X 10_15_7) AppleWebKit/537.36 (KHTML like Gecko) Chrome/100.0.4896.127 Safari/537.36"
207.90.21.137 - - [15/Nov/2022:13:11:01 +0100] "GET /templates/Pixame_v1/images/Bottom_texture.jpg HTTP/1.0" 200 280 "http://www.wonder-geek.com/templates/Pixame_v1/stylesheet.css" "Mozilla/5.0 (Macintosh; Intel Mac OS X 10_15_7) AppleWebKit/537.36 (KHTML like Gecko) Chrome/100.0.4896.127 Safari/537.36"
207.90.21.137 - - [15/Nov/2022:13:11:01 +0100] "GET /templates/Pixame_v1/images/nav.png HTTP/1.0" 200 268 "http://www.wonder-geek.com/templates/Pixame_v1/stylesheet.css" "Mozilla/5.0 (Macintosh; Intel Mac OS X 10_15_7) AppleWebKit/537.36 (KHTML like Gecko) Chrome/100.0.4896.127 Safari/537.36"
207.90.21.137 - - [15/Nov/2022:13:11:01 +0100] "GET /templates/Pixame_v1/images/header.png HTTP/1.0" 200 271 "http://www.wonder-geek.com/templates/Pixame_v1/stylesheet.css" "Mozilla/5.0 (Macintosh; Intel Mac OS X 10_15_7) AppleWebKit/537.36 (KHTML like Gecko) Chrome/100.0.4896.127 Safari/537.36"
207.90.21.137 - - [15/Nov/2022:13:11:01 +0100] "GET /templates/Pixame_v1/images/header-object.png HTTP/1.0" 200 278 "http://www.wonder-geek.com/templates/Pixame_v1/stylesheet.css" "Mozilla/5.0 (Macintosh; Intel Mac OS X 10_15_7) AppleWebKit/537.36 (KHTML like Gecko) Chrome/100.0.4896.127 Safari/537.36"
207.90.21.137 - - [15/Nov/2022:13:11:01 +0100] "GET /design/productsenstock.png HTTP/1.0" 200 260 "http://www.wonder-geek.com/templates/Pixame_v1/stylesheet.css" "Mozilla/5.0 (Macintosh; Intel Mac OS X 10_15_7) AppleWebKit/537.36 (KHTML like Gecko) Chrome/100.0.4896.127 Safari/537.36"
207.90.21.137 - - [15/Nov/2022:13:11:02 +0100] "GET /images/mini_prod/3700281668537.jpg HTTP/1.0" 200 269 "http://www.wonder-geek.com/" "Mozilla/5.0 (Macintosh; Intel Mac OS X 10_15_7) AppleWebKit/537.36 (KHTML like Gecko) Chrome/100.0.4896.127 Safari/537.36"
207.90.21.137 - - [15/Nov/2022:13:11:02 +0100] "GET /images/mini_prod/3700344880173.jpg HTTP/1.0" 200 269 "http://www.wonder-geek.com/" "Mozilla/5.0 (Macintosh; Intel Mac OS X 10_15_7) AppleWebKit/537.36 (KHTML like Gecko) Chrome/100.0.4896.127 Safari/537.36"
207.90.21.137 - - [15/Nov/2022:13:10:58 +0100] "GET / HTTP/1.0" 200 153714 "-" "Mozilla/5.0 (Macintosh; Intel Mac OS X 10_15_7) AppleWebKit/537.36 (KHTML like Gecko) Chrome/100.0.4896.127 Safari/537.36"
207.90.21.137 - - [15/Nov/2022:13:11:02 +0100] "GET /images/mini_prod/3700281670868N.jpg HTTP/1.0" 200 270 "http://www.wonder-geek.com/" "Mozilla/5.0 (Macintosh; Intel Mac OS X 10_15_7) AppleWebKit/537.36 (KHTML like Gecko) Chrome/100.0.4896.127 Safari/537.36"
207.90.21.137 - - [15/Nov/2022:13:11:02 +0100] "GET /images/mini_prod/3700344883242.jpg HTTP/1.0" 200 269 "http://www.wonder-geek.com/" "Mozilla/5.0 (Macintosh; Intel Mac OS X 10_15_7) AppleWebKit/537.36 (KHTML like Gecko) Chrome/100.0.4896.127 Safari/537.36"
207.90.21.137 - - [15/Nov/2022:13:11:02 +0100] "GET /images/mini_prod/8712159167580.jpg HTTP/1.0" 200 269 "http://www.wonder-geek.com/" "Mozilla/5.0 (Macintosh; Intel Mac OS X 10_15_7) AppleWebKit/537.36 (KHTML like Gecko) Chrome/100.0.4896.127 Safari/537.36"
207.90.21.137 - - [15/Nov/2022:13:11:02 +0100] "GET /images/mini_prod/3700281665192N.jpg HTTP/1.0" 200 270 "http://www.wonder-geek.com/" "Mozilla/5.0 (Macintosh; Intel Mac OS X 10_15_7) AppleWebKit/537.36 (KHTML like Gecko) Chrome/100.0.4896.127 Safari/537.36"
207.90.21.137 - - [15/Nov/2022:13:11:02 +0100] "GET /images/mini_prod/8422099336020.jpg HTTP/1.0" 200 269 "http://www.wonder-geek.com/" "Mozilla/5.0 (Macintosh; Intel Mac OS X 10_15_7) AppleWebKit/537.36 (KHTML like Gecko) Chrome/100.0.4896.127 Safari/537.36"
207.90.21.137 - - [15/Nov/2022:13:11:02 +0100] "GET /images/mini_prod/3700344880296.jpg HTTP/1.0" 200 269 "http://www.wonder-geek.com/" "Mozilla/5.0 (Macintosh; Intel Mac OS X 10_15_7) AppleWebKit/537.36 (KHTML like Gecko) Chrome/100.0.4896.127 Safari/537.36"
207.90.21.137 - - [15/Nov/2022:13:11:02 +0100] "GET /images/mini_prod/8422001968011.jpg HTTP/1.0" 200 269 "http://www.wonder-geek.com/" "Mozilla/5.0 (Macintosh; Intel Mac OS X 10_15_7) AppleWebKit/537.36 (KHTML like Gecko) Chrome/100.0.4896.127 Safari/537.36"
207.90.21.137 - - [15/Nov/2022:13:11:02 +0100] "GET /images/mini_prod/3700344883266.jpg HTTP/1.0" 200 269 "http://www.wonder-geek.com/" "Mozilla/5.0 (Macintosh; Intel Mac OS X 10_15_7) AppleWebKit/537.36 (KHTML like Gecko) Chrome/100.0.4896.127 Safari/537.36"
207.90.21.137 - - [15/Nov/2022:13:11:02 +0100] "GET /images/mini_prod/8433933188835.jpg HTTP/1.0" 200 269 "http://www.wonder-geek.com/" "Mozilla/5.0 (Macintosh; Intel Mac OS X 10_15_7) AppleWebKit/537.36 (KHTML like Gecko) Chrome/100.0.4896.127 Safari/537.36"
207.90.21.137 - - [15/Nov/2022:13:11:02 +0100] "GET /images/mini_prod/3700281670905N.jpg HTTP/1.0" 200 270 "http://www.wonder-geek.com/" "Mozilla/5.0 (Macintosh; Intel Mac OS X 10_15_7) AppleWebKit/537.36 (KHTML like Gecko) Chrome/100.0.4896.127 Safari/537.36"
207.90.21.137 - - [15/Nov/2022:13:11:02 +0100] "GET /images/mini_prod/8422046072322.jpg HTTP/1.0" 200 269 "http://www.wonder-geek.com/" "Mozilla/5.0 (Macintosh; Intel Mac OS X 10_15_7) AppleWebKit/537.36 (KHTML like Gecko) Chrome/100.0.4896.127 Safari/537.36"
207.90.21.137 - - [15/Nov/2022:13:11:02 +0100] "GET /images/mini_prod/3700344883235.jpg HTTP/1.0" 200 269 "http://www.wonder-geek.com/" "Mozilla/5.0 (Macintosh; Intel Mac OS X 10_15_7) AppleWebKit/537.36 (KHTML like Gecko) Chrome/100.0.4896.127 Safari/537.36"
207.90.21.137 - - [15/Nov/2022:13:11:02 +0100] "GET /images/mini_prod/3700344880388.jpg HTTP/1.0" 200 269 "http://www.wonder-geek.com/" "Mozilla/5.0 (Macintosh; Intel Mac OS X 10_15_7) AppleWebKit/537.36 (KHTML like Gecko) Chrome/100.0.4896.127 Safari/537.36"
207.90.21.137 - - [15/Nov/2022:13:11:02 +0100] "GET /images/mini_prod/8422099336037.jpg HTTP/1.0" 200 269 "http://www.wonder-geek.com/" "Mozilla/5.0 (Macintosh; Intel Mac OS X 10_15_7) AppleWebKit/537.36 (KHTML like Gecko) Chrome/100.0.4896.127 Safari/537.36"
207.90.21.137 - - [15/Nov/2022:13:11:02 +0100] "GET /images/mini_prod/4260082937014.jpg HTTP/1.0" 200 269 "http://www.wonder-geek.com/" "Mozilla/5.0 (Macintosh; Intel Mac OS X 10_15_7) AppleWebKit/537.36 (KHTML like Gecko) Chrome/100.0.4896.127 Safari/537.36"
207.90.21.137 - - [15/Nov/2022:13:11:02 +0100] "GET /images/mini_prod/3700281670875.jpg HTTP/1.0" 200 269 "http://www.wonder-geek.com/" "Mozilla/5.0 (Macintosh; Intel Mac OS X 10_15_7) AppleWebKit/537.36 (KHTML like Gecko) Chrome/100.0.4896.127 Safari/537.36"
207.90.21.137 - - [15/Nov/2022:13:11:02 +0100] "GET /images/mini_prod/3700281668568.jpg HTTP/1.0" 200 269 "http://www.wonder-geek.com/" "Mozilla/5.0 (Macintosh; Intel Mac OS X 10_15_7) AppleWebKit/537.36 (KHTML like Gecko) Chrome/100.0.4896.127 Safari/537.36"
207.90.21.137 - - [15/Nov/2022:13:11:02 +0100] "GET /images/mini_prod/4029811346318.jpg HTTP/1.0" 200 269 "http://www.wonder-geek.com/" "Mozilla/5.0 (Macintosh; Intel Mac OS X 10_15_7) AppleWebKit/537.36 (KHTML like Gecko) Chrome/100.0.4896.127 Safari/537.36"
207.90.21.137 - - [15/Nov/2022:13:11:02 +0100] "GET /images/mini_prod/8433933285756.jpg HTTP/1.0" 200 269 "http://www.wonder-geek.com/" "Mozilla/5.0 (Macintosh; Intel Mac OS X 10_15_7) AppleWebKit/537.36 (KHTML like Gecko) Chrome/100.0.4896.127 Safari/537.36"
207.90.21.137 - - [15/Nov/2022:13:11:02 +0100] "GET /images/mini_prod/8712159181326B.jpg HTTP/1.0" 200 270 "http://www.wonder-geek.com/" "Mozilla/5.0 (Macintosh; Intel Mac OS X 10_15_7) AppleWebKit/537.36 (KHTML like Gecko) Chrome/100.0.4896.127 Safari/537.36"
207.90.21.137 - - [15/Nov/2022:13:11:02 +0100] "GET /images/mini_prod/8433933246559.jpg HTTP/1.0" 200 269 "http://www.wonder-geek.com/" "Mozilla/5.0 (Macintosh; Intel Mac OS X 10_15_7) AppleWebKit/537.36 (KHTML like Gecko) Chrome/100.0.4896.127 Safari/537.36"
207.90.21.137 - - [15/Nov/2022:13:11:03 +0100] "GET /images/mini_prod/3700344880432.jpg HTTP/1.0" 200 269 "http://www.wonder-geek.com/" "Mozilla/5.0 (Macintosh; Intel Mac OS X 10_15_7) AppleWebKit/537.36 (KHTML like Gecko) Chrome/100.0.4896.127 Safari/537.36"
207.90.21.137 - - [15/Nov/2022:13:11:03 +0100] "GET /images/mini_prod/8712159181784.jpg HTTP/1.0" 200 269 "http://www.wonder-geek.com/" "Mozilla/5.0 (Macintosh; Intel Mac OS X 10_15_7) AppleWebKit/537.36 (KHTML like Gecko) Chrome/100.0.4896.127 Safari/537.36"
207.90.21.137 - - [15/Nov/2022:13:11:03 +0100] "GET /images/mini_prod/3700281674026.jpg HTTP/1.0" 200 269 "http://www.wonder-geek.com/" "Mozilla/5.0 (Macintosh; Intel Mac OS X 10_15_7) AppleWebKit/537.36 (KHTML like Gecko) Chrome/100.0.4896.127 Safari/537.36"
207.90.21.137 - - [15/Nov/2022:13:11:03 +0100] "GET /images/mini_prod/3700344940365.jpg HTTP/1.0" 200 269 "http://www.wonder-geek.com/" "Mozilla/5.0 (Macintosh; Intel Mac OS X 10_15_7) AppleWebKit/537.36 (KHTML like Gecko) Chrome/100.0.4896.127 Safari/537.36"
207.90.21.137 - - [15/Nov/2022:13:11:03 +0100] "GET /images/mini_prod/8422099336303.jpg HTTP/1.0" 200 269 "http://www.wonder-geek.com/" "Mozilla/5.0 (Macintosh; Intel Mac OS X 10_15_7) AppleWebKit/537.36 (KHTML like Gecko) Chrome/100.0.4896.127 Safari/537.36"
207.90.21.137 - - [15/Nov/2022:13:11:03 +0100] "GET /images/mini_prod/8435650609174.jpg HTTP/1.0" 200 269 "http://www.wonder-geek.com/" "Mozilla/5.0 (Macintosh; Intel Mac OS X 10_15_7) AppleWebKit/537.36 (KHTML like Gecko) Chrome/100.0.4896.127 Safari/537.36"
207.90.21.137 - - [15/Nov/2022:13:11:03 +0100] "GET /images/mini_prod/8433933262405.jpg HTTP/1.0" 200 269 "http://www.wonder-geek.com/" "Mozilla/5.0 (Macintosh; Intel Mac OS X 10_15_7) AppleWebKit/537.36 (KHTML like Gecko) Chrome/100.0.4896.127 Safari/537.36"
207.90.21.137 - - [15/Nov/2022:13:11:03 +0100] "GET /images/mini_prod/8433933209455.jpg HTTP/1.0" 200 269 "http://www.wonder-geek.com/" "Mozilla/5.0 (Macintosh; Intel Mac OS X 10_15_7) AppleWebKit/537.36 (KHTML like Gecko) Chrome/100.0.4896.127 Safari/537.36"
207.90.21.137 - - [15/Nov/2022:13:11:03 +0100] "GET /images/mini_prod/8422091142827.jpg HTTP/1.0" 200 269 "http://www.wonder-geek.com/" "Mozilla/5.0 (Macintosh; Intel Mac OS X 10_15_7) AppleWebKit/537.36 (KHTML like Gecko) Chrome/100.0.4896.127 Safari/537.36"
207.90.21.137 - - [15/Nov/2022:13:11:03 +0100] "GET /images/mini_prod/8433933188576.jpg HTTP/1.0" 200 269 "http://www.wonder-geek.com/" "Mozilla/5.0 (Macintosh; Intel Mac OS X 10_15_7) AppleWebKit/537.36 (KHTML like Gecko) Chrome/100.0.4896.127 Safari/537.36"
207.90.21.137 - - [15/Nov/2022:13:11:03 +0100] "GET /images/mini_prod/8433914436931.jpg HTTP/1.0" 200 269 "http://www.wonder-geek.com/" "Mozilla/5.0 (Macintosh; Intel Mac OS X 10_15_7) AppleWebKit/537.36 (KHTML like Gecko) Chrome/100.0.4896.127 Safari/537.36"
207.90.21.137 - - [15/Nov/2022:13:11:03 +0100] "GET /images/mini_prod/8712159167511.jpg HTTP/1.0" 200 269 "http://www.wonder-geek.com/" "Mozilla/5.0 (Macintosh; Intel Mac OS X 10_15_7) AppleWebKit/537.36 (KHTML like Gecko) Chrome/100.0.4896.127 Safari/537.36"
207.90.21.137 - - [15/Nov/2022:13:11:03 +0100] "GET /images/mini_prod/3700344880074.jpg HTTP/1.0" 200 269 "http://www.wonder-geek.com/" "Mozilla/5.0 (Macintosh; Intel Mac OS X 10_15_7) AppleWebKit/537.36 (KHTML like Gecko) Chrome/100.0.4896.127 Safari/537.36"
207.90.21.137 - - [15/Nov/2022:13:11:03 +0100] "GET /images/mini_prod/3700344880012.jpg HTTP/1.0" 200 269 "http://www.wonder-geek.com/" "Mozilla/5.0 (Macintosh; Intel Mac OS X 10_15_7) AppleWebKit/537.36 (KHTML like Gecko) Chrome/100.0.4896.127 Safari/537.36"
207.90.21.137 - - [15/Nov/2022:13:11:03 +0100] "GET /images/mini_prod/3700281669596.jpg HTTP/1.0" 200 269 "http://www.wonder-geek.com/" "Mozilla/5.0 (Macintosh; Intel Mac OS X 10_15_7) AppleWebKit/537.36 (KHTML like Gecko) Chrome/100.0.4896.127 Safari/537.36"
207.90.21.137 - - [15/Nov/2022:13:11:03 +0100] "GET /images/mini_prod/5400924266646b.jpg HTTP/1.0" 200 270 "http://www.wonder-geek.com/" "Mozilla/5.0 (Macintosh; Intel Mac OS X 10_15_7) AppleWebKit/537.36 (KHTML like Gecko) Chrome/100.0.4896.127 Safari/537.36"
207.90.21.137 - - [15/Nov/2022:13:11:03 +0100] "GET /images/mini_prod/3700344879931B.jpg HTTP/1.0" 200 270 "http://www.wonder-geek.com/" "Mozilla/5.0 (Macintosh; Intel Mac OS X 10_15_7) AppleWebKit/537.36 (KHTML like Gecko) Chrome/100.0.4896.127 Safari/537.36"
207.90.21.137 - - [15/Nov/2022:13:11:03 +0100] "GET /images/mini_prod/3574641079499.jpg HTTP/1.0" 200 269 "http://www.wonder-geek.com/" "Mozilla/5.0 (Macintosh; Intel Mac OS X 10_15_7) AppleWebKit/537.36 (KHTML like Gecko) Chrome/100.0.4896.127 Safari/537.36"
207.90.21.137 - - [15/Nov/2022:13:11:03 +0100] "GET /images/mini_prod/8422099336280.jpg HTTP/1.0" 200 269 "http://www.wonder-geek.com/" "Mozilla/5.0 (Macintosh; Intel Mac OS X 10_15_7) AppleWebKit/537.36 (KHTML like Gecko) Chrome/100.0.4896.127 Safari/537.36"
207.90.21.137 - - [15/Nov/2022:13:11:03 +0100] "GET /images/mini_prod/8433933288405.jpg HTTP/1.0" 200 269 "http://www.wonder-geek.com/" "Mozilla/5.0 (Macintosh; Intel Mac OS X 10_15_7) AppleWebKit/537.36 (KHTML like Gecko) Chrome/100.0.4896.127 Safari/537.36"
207.90.21.137 - - [15/Nov/2022:13:11:04 +0100] "GET /images/mini_prod/8460070111884.jpg HTTP/1.0" 200 269 "http://www.wonder-geek.com/" "Mozilla/5.0 (Macintosh; Intel Mac OS X 10_15_7) AppleWebKit/537.36 (KHTML like Gecko) Chrome/100.0.4896.127 Safari/537.36"
207.90.21.137 - - [15/Nov/2022:13:11:04 +0100] "GET /images/mini_prod/3700344940532B.jpg HTTP/1.0" 200 270 "http://www.wonder-geek.com/" "Mozilla/5.0 (Macintosh; Intel Mac OS X 10_15_7) AppleWebKit/537.36 (KHTML like Gecko) Chrome/100.0.4896.127 Safari/537.36"
207.90.21.137 - - [15/Nov/2022:13:11:04 +0100] "GET /images/mini_prod/3700344940570B.jpg HTTP/1.0" 200 270 "http://www.wonder-geek.com/" "Mozilla/5.0 (Macintosh; Intel Mac OS X 10_15_7) AppleWebKit/537.36 (KHTML like Gecko) Chrome/100.0.4896.127 Safari/537.36"
207.90.21.137 - - [15/Nov/2022:13:11:04 +0100] "GET /images/mini_prod/8435650607125.jpg HTTP/1.0" 200 269 "http://www.wonder-geek.com/" "Mozilla/5.0 (Macintosh; Intel Mac OS X 10_15_7) AppleWebKit/537.36 (KHTML like Gecko) Chrome/100.0.4896.127 Safari/537.36"
207.90.21.137 - - [15/Nov/2022:13:11:04 +0100] "GET /images/mini_prod/3700281670929.jpg HTTP/1.0" 200 269 "http://www.wonder-geek.com/" "Mozilla/5.0 (Macintosh; Intel Mac OS X 10_15_7) AppleWebKit/537.36 (KHTML like Gecko) Chrome/100.0.4896.127 Safari/537.36"
207.90.21.137 - - [15/Nov/2022:13:11:04 +0100] "GET /images/mini_prod/3700344880395C.jpg HTTP/1.0" 200 270 "http://www.wonder-geek.com/" "Mozilla/5.0 (Macintosh; Intel Mac OS X 10_15_7) AppleWebKit/537.36 (KHTML like Gecko) Chrome/100.0.4896.127 Safari/537.36"
207.90.21.137 - - [15/Nov/2022:13:11:04 +0100] "GET /images/mini_prod/3700344940358.jpg HTTP/1.0" 200 269 "http://www.wonder-geek.com/" "Mozilla/5.0 (Macintosh; Intel Mac OS X 10_15_7) AppleWebKit/537.36 (KHTML like Gecko) Chrome/100.0.4896.127 Safari/537.36"
207.90.21.137 - - [15/Nov/2022:13:11:04 +0100] "GET /images/mini_prod/4542202657072.jpg HTTP/1.0" 200 269 "http://www.wonder-geek.com/" "Mozilla/5.0 (Macintosh; Intel Mac OS X 10_15_7) AppleWebKit/537.36 (KHTML like Gecko) Chrome/100.0.4896.127 Safari/537.36"
207.90.21.137 - - [15/Nov/2022:13:11:04 +0100] "GET /images/mini_prod/3700281668490.jpg HTTP/1.0" 200 269 "http://www.wonder-geek.com/" "Mozilla/5.0 (Macintosh; Intel Mac OS X 10_15_7) AppleWebKit/537.36 (KHTML like Gecko) Chrome/100.0.4896.127 Safari/537.36"
207.90.21.137 - - [15/Nov/2022:13:11:04 +0100] "GET /images/mini_prod/3700344879948.jpg HTTP/1.0" 200 269 "http://www.wonder-geek.com/" "Mozilla/5.0 (Macintosh; Intel Mac OS X 10_15_7) AppleWebKit/537.36 (KHTML like Gecko) Chrome/100.0.4896.127 Safari/537.36"
207.90.21.137 - - [15/Nov/2022:13:11:04 +0100] "GET /images/mini_prod/3700344880159.jpg HTTP/1.0" 200 269 "http://www.wonder-geek.com/" "Mozilla/5.0 (Macintosh; Intel Mac OS X 10_15_7) AppleWebKit/537.36 (KHTML like Gecko) Chrome/100.0.4896.127 Safari/537.36"
207.90.21.137 - - [15/Nov/2022:13:11:04 +0100] "GET /images/mini_prod/3700344940549B.jpg HTTP/1.0" 200 270 "http://www.wonder-geek.com/" "Mozilla/5.0 (Macintosh; Intel Mac OS X 10_15_7) AppleWebKit/537.36 (KHTML like Gecko) Chrome/100.0.4896.127 Safari/537.36"
207.90.21.137 - - [15/Nov/2022:13:11:04 +0100] "GET /images/mini_prod/8712159181609.jpg HTTP/1.0" 200 269 "http://www.wonder-geek.com/" "Mozilla/5.0 (Macintosh; Intel Mac OS X 10_15_7) AppleWebKit/537.36 (KHTML like Gecko) Chrome/100.0.4896.127 Safari/537.36"
207.90.21.137 - - [15/Nov/2022:13:11:05 +0100] "GET /images/mini_prod/3453131145077.jpg HTTP/1.0" 200 269 "http://www.wonder-geek.com/" "Mozilla/5.0 (Macintosh; Intel Mac OS X 10_15_7) AppleWebKit/537.36 (KHTML like Gecko) Chrome/100.0.4896.127 Safari/537.36"
207.90.21.137 - - [15/Nov/2022:13:11:05 +0100] "GET /images/mini_prod/4029896029908.jpg HTTP/1.0" 200 269 "http://www.wonder-geek.com/" "Mozilla/5.0 (Macintosh; Intel Mac OS X 10_15_7) AppleWebKit/537.36 (KHTML like Gecko) Chrome/100.0.4896.127 Safari/537.36"
207.90.21.137 - - [15/Nov/2022:13:11:05 +0100] "GET /images/mini_prod/3700344880333.jpg HTTP/1.0" 200 269 "http://www.wonder-geek.com/" "Mozilla/5.0 (Macintosh; Intel Mac OS X 10_15_7) AppleWebKit/537.36 (KHTML like Gecko) Chrome/100.0.4896.127 Safari/537.36"
207.90.21.137 - - [15/Nov/2022:13:11:05 +0100] "GET /images/mini_prod/3700344880203B.jpg HTTP/1.0" 200 270 "http://www.wonder-geek.com/" "Mozilla/5.0 (Macintosh; Intel Mac OS X 10_15_7) AppleWebKit/537.36 (KHTML like Gecko) Chrome/100.0.4896.127 Safari/537.36"
207.90.21.137 - - [15/Nov/2022:13:11:05 +0100] "GET /images/mini_prod/3700344940327N.jpg HTTP/1.0" 200 270 "http://www.wonder-geek.com/" "Mozilla/5.0 (Macintosh; Intel Mac OS X 10_15_7) AppleWebKit/537.36 (KHTML like Gecko) Chrome/100.0.4896.127 Safari/537.36"
207.90.21.137 - - [15/Nov/2022:13:11:05 +0100] "GET /images/mini_prod/3700344940525B.jpg HTTP/1.0" 200 270 "http://www.wonder-geek.com/" "Mozilla/5.0 (Macintosh; Intel Mac OS X 10_15_7) AppleWebKit/537.36 (KHTML like Gecko) Chrome/100.0.4896.127 Safari/537.36"
207.90.21.137 - - [15/Nov/2022:13:11:05 +0100] "GET /images/mini_prod/3700344940341.jpg HTTP/1.0" 200 269 "http://www.wonder-geek.com/" "Mozilla/5.0 (Macintosh; Intel Mac OS X 10_15_7) AppleWebKit/537.36 (KHTML like Gecko) Chrome/100.0.4896.127 Safari/537.36"
207.90.21.137 - - [15/Nov/2022:13:11:05 +0100] "GET /images/mini_prod/8433933247358.jpg HTTP/1.0" 200 269 "http://www.wonder-geek.com/" "Mozilla/5.0 (Macintosh; Intel Mac OS X 10_15_7) AppleWebKit/537.36 (KHTML like Gecko) Chrome/100.0.4896.127 Safari/537.36"
207.90.21.137 - - [15/Nov/2022:13:11:06 +0100] "GET /images/mini_prod/8712159168198.jpg HTTP/1.0" 200 269 "http://www.wonder-geek.com/" "Mozilla/5.0 (Macintosh; Intel Mac OS X 10_15_7) AppleWebKit/537.36 (KHTML like Gecko) Chrome/100.0.4896.127 Safari/537.36"
211.249.246.147 - - [15/Nov/2022:13:11:07 +0100] "GET /lady-gaga-long-sleeve-shirt-p-31032.html HTTP/1.0" 301 73331 "-" "Mozilla/5.0 (compatible; Daum/4.1; +http://cs.daum.net/faq/15/4118.html?faqId=28966)"
185.191.171.40 - - [15/Nov/2022:13:11:11 +0100] "GET /silicone-case-iphone-happy-colors-pink-love-p-22378.html HTTP/1.0" 200 76138 "-" "Mozilla/5.0 (compatible; SemrushBot/7~bl; +http://www.semrush.com/bot.html)"
122.116.249.16 - - [15/Nov/2022:13:11:14 +0100] "GET /images/mini_prod/1399984248355.jpg HTTP/1.0" 200 269 "-" "Mozilla/5.0 (X11; Ubuntu; Linux x86_64; rv:72.0) Gecko/20100101 Firefox/72.0"
211.249.246.147 - - [15/Nov/2022:13:11:15 +0100] "GET /dubout-cats-soap-p-40103.html HTTP/1.0" 200 76191 "-" "Mozilla/5.0 (compatible; Daum/4.1; +http://cs.daum.net/faq/15/4118.html?faqId=28966)"
94.154.169.178 - - [15/Nov/2022:13:11:18 +0100] "GET /templates/Pixame_v1/stylesheet.css HTTP/1.0" 200 267 "http://www.wonder-geek.com/specials.php" "Mozilla/5.0 (Macintosh; Intel Mac OS X 10_15_7) AppleWebKit/537.36 (KHTML like Gecko) Chrome/100.0.4896.75 Safari/537.36"
94.154.169.178 - - [15/Nov/2022:13:11:18 +0100] "GET /templates/Pixame_v1/images/icon_accueil2.png HTTP/1.0" 200 278 "http://www.wonder-geek.com/specials.php" "Mozilla/5.0 (Macintosh; Intel Mac OS X 10_15_7) AppleWebKit/537.36 (KHTML like Gecko) Chrome/100.0.4896.75 Safari/537.36"
185.191.171.23 - - [15/Nov/2022:13:11:17 +0100] "GET /formidable-shirt-etienne-boyer-p-29565.html HTTP/1.0" 200 78471 "-" "Mozilla/5.0 (compatible; SemrushBot/7~bl; +http://www.semrush.com/bot.html)"
94.154.169.178 - - [15/Nov/2022:13:11:19 +0100] "GET /templates/Pixame_v1/images/Bottom_texture.jpg HTTP/1.0" 200 280 "http://www.wonder-geek.com/templates/Pixame_v1/stylesheet.css" "Mozilla/5.0 (Macintosh; Intel Mac OS X 10_15_7) AppleWebKit/537.36 (KHTML like Gecko) Chrome/100.0.4896.75 Safari/537.36"
94.154.169.178 - - [15/Nov/2022:13:11:19 +0100] "GET /templates/Pixame_v1/images/Middle_texture.jpg HTTP/1.0" 200 280 "http://www.wonder-geek.com/templates/Pixame_v1/stylesheet.css" "Mozilla/5.0 (Macintosh; Intel Mac OS X 10_15_7) AppleWebKit/537.36 (KHTML like Gecko) Chrome/100.0.4896.75 Safari/537.36"
94.154.169.178 - - [15/Nov/2022:13:11:19 +0100] "GET /templates/Pixame_v1/images/nav.png HTTP/1.0" 200 268 "http://www.wonder-geek.com/templates/Pixame_v1/stylesheet.css" "Mozilla/5.0 (Macintosh; Intel Mac OS X 10_15_7) AppleWebKit/537.36 (KHTML like Gecko) Chrome/100.0.4896.75 Safari/537.36"
94.154.169.178 - - [15/Nov/2022:13:11:19 +0100] "GET /templates/Pixame_v1/images/header.png HTTP/1.0" 200 271 "http://www.wonder-geek.com/templates/Pixame_v1/stylesheet.css" "Mozilla/5.0 (Macintosh; Intel Mac OS X 10_15_7) AppleWebKit/537.36 (KHTML like Gecko) Chrome/100.0.4896.75 Safari/537.36"
94.154.169.178 - - [15/Nov/2022:13:11:19 +0100] "GET /templates/Pixame_v1/images/header-object.png HTTP/1.0" 200 278 "http://www.wonder-geek.com/templates/Pixame_v1/stylesheet.css" "Mozilla/5.0 (Macintosh; Intel Mac OS X 10_15_7) AppleWebKit/537.36 (KHTML like Gecko) Chrome/100.0.4896.75 Safari/537.36"
94.154.169.178 - - [15/Nov/2022:13:11:19 +0100] "GET /design/productsenstock.png HTTP/1.0" 200 260 "http://www.wonder-geek.com/templates/Pixame_v1/stylesheet.css" "Mozilla/5.0 (Macintosh; Intel Mac OS X 10_15_7) AppleWebKit/537.36 (KHTML like Gecko) Chrome/100.0.4896.75 Safari/537.36"
94.154.169.178 - - [15/Nov/2022:13:11:16 +0100] "GET /specials.php HTTP/1.0" 200 125516 "-" "Mozilla/5.0 (Macintosh; Intel Mac OS X 10_15_7) AppleWebKit/537.36 (KHTML like Gecko) Chrome/100.0.4896.75 Safari/537.36"
64.140.131.61 - - [15/Nov/2022:13:11:20 +0100] "GET /templates/Pixame_v1/stylesheet.css HTTP/1.0" 200 267 "http://www.wonder-geek.com/products_new.php" "Mozilla/5.0 (Windows; U; Windows NT 10.0; en-US; Valve Steam Client/default/1647446817; ) AppleWebKit/537.36 (KHTML like Gecko) Chrome/84.0.4147.105 Safari/537.36"
64.140.131.61 - - [15/Nov/2022:13:11:20 +0100] "GET /templates/Pixame_v1/images/icon_accueil2.png HTTP/1.0" 200 278 "http://www.wonder-geek.com/products_new.php" "Mozilla/5.0 (Windows; U; Windows NT 10.0; en-US; Valve Steam Client/default/1647446817; ) AppleWebKit/537.36 (KHTML like Gecko) Chrome/84.0.4147.105 Safari/537.36"
64.140.131.61 - - [15/Nov/2022:13:11:20 +0100] "GET /templates/Pixame_v1/images/Bottom_texture.jpg HTTP/1.0" 200 280 "http://www.wonder-geek.com/templates/Pixame_v1/stylesheet.css" "Mozilla/5.0 (Windows; U; Windows NT 10.0; en-US; Valve Steam Client/default/1647446817; ) AppleWebKit/537.36 (KHTML like Gecko) Chrome/84.0.4147.105 Safari/537.36"
64.140.131.61 - - [15/Nov/2022:13:11:20 +0100] "GET /templates/Pixame_v1/images/Middle_texture.jpg HTTP/1.0" 200 280 "http://www.wonder-geek.com/templates/Pixame_v1/stylesheet.css" "Mozilla/5.0 (Windows; U; Windows NT 10.0; en-US; Valve Steam Client/default/1647446817; ) AppleWebKit/537.36 (KHTML like Gecko) Chrome/84.0.4147.105 Safari/537.36"
94.154.169.178 - - [15/Nov/2022:13:11:20 +0100] "GET /images/mini_prod/3700276281796.jpg HTTP/1.0" 200 269 "http://www.wonder-geek.com/specials.php" "Mozilla/5.0 (Macintosh; Intel Mac OS X 10_15_7) AppleWebKit/537.36 (KHTML like Gecko) Chrome/100.0.4896.75 Safari/537.36"
94.154.169.178 - - [15/Nov/2022:13:11:20 +0100] "GET /design/fondcurrent.jpg HTTP/1.0" 200 683 "http://www.wonder-geek.com/templates/Pixame_v1/stylesheet.css" "Mozilla/5.0 (Macintosh; Intel Mac OS X 10_15_7) AppleWebKit/537.36 (KHTML like Gecko) Chrome/100.0.4896.75 Safari/537.36"
94.154.169.178 - - [15/Nov/2022:13:11:20 +0100] "GET /design/fondothers.jpg HTTP/1.0" 200 667 "http://www.wonder-geek.com/templates/Pixame_v1/stylesheet.css" "Mozilla/5.0 (Macintosh; Intel Mac OS X 10_15_7) AppleWebKit/537.36 (KHTML like Gecko) Chrome/100.0.4896.75 Safari/537.36"
94.154.169.178 - - [15/Nov/2022:13:11:20 +0100] "GET /images/mini_prod/3700276281802.jpg HTTP/1.0" 200 269 "http://www.wonder-geek.com/specials.php" "Mozilla/5.0 (Macintosh; Intel Mac OS X 10_15_7) AppleWebKit/537.36 (KHTML like Gecko) Chrome/100.0.4896.75 Safari/537.36"
64.140.131.61 - - [15/Nov/2022:13:11:20 +0100] "GET /templates/Pixame_v1/images/header.png HTTP/1.0" 200 271 "http://www.wonder-geek.com/templates/Pixame_v1/stylesheet.css" "Mozilla/5.0 (Windows; U; Windows NT 10.0; en-US; Valve Steam Client/default/1647446817; ) AppleWebKit/537.36 (KHTML like Gecko) Chrome/84.0.4147.105 Safari/537.36"
94.154.169.178 - - [15/Nov/2022:13:11:20 +0100] "GET /images/mini_prod/3700276281994050720122.jpg HTTP/1.0" 200 278 "http://www.wonder-geek.com/specials.php" "Mozilla/5.0 (Macintosh; Intel Mac OS X 10_15_7) AppleWebKit/537.36 (KHTML like Gecko) Chrome/100.0.4896.75 Safari/537.36"
64.140.131.61 - - [15/Nov/2022:13:11:20 +0100] "GET /templates/Pixame_v1/images/nav.png HTTP/1.0" 200 268 "http://www.wonder-geek.com/templates/Pixame_v1/stylesheet.css" "Mozilla/5.0 (Windows; U; Windows NT 10.0; en-US; Valve Steam Client/default/1647446817; ) AppleWebKit/537.36 (KHTML like Gecko) Chrome/84.0.4147.105 Safari/537.36"
64.140.131.61 - - [15/Nov/2022:13:11:20 +0100] "GET /templates/Pixame_v1/images/header-object.png HTTP/1.0" 200 278 "http://www.wonder-geek.com/templates/Pixame_v1/stylesheet.css" "Mozilla/5.0 (Windows; U; Windows NT 10.0; en-US; Valve Steam Client/default/1647446817; ) AppleWebKit/537.36 (KHTML like Gecko) Chrome/84.0.4147.105 Safari/537.36"
64.140.131.61 - - [15/Nov/2022:13:11:20 +0100] "GET /design/productsenstock.png HTTP/1.0" 200 260 "http://www.wonder-geek.com/templates/Pixame_v1/stylesheet.css" "Mozilla/5.0 (Windows; U; Windows NT 10.0; en-US; Valve Steam Client/default/1647446817; ) AppleWebKit/537.36 (KHTML like Gecko) Chrome/84.0.4147.105 Safari/537.36"
94.154.169.178 - - [15/Nov/2022:13:11:20 +0100] "GET /images/mini_prod/3700276281772.jpg HTTP/1.0" 200 269 "http://www.wonder-geek.com/specials.php" "Mozilla/5.0 (Macintosh; Intel Mac OS X 10_15_7) AppleWebKit/537.36 (KHTML like Gecko) Chrome/100.0.4896.75 Safari/537.36"
94.154.169.178 - - [15/Nov/2022:13:11:20 +0100] "GET /images/mini_prod/3700276281758050720122.jpg HTTP/1.0" 200 278 "http://www.wonder-geek.com/specials.php" "Mozilla/5.0 (Macintosh; Intel Mac OS X 10_15_7) AppleWebKit/537.36 (KHTML like Gecko) Chrome/100.0.4896.75 Safari/537.36"
94.154.169.178 - - [15/Nov/2022:13:11:20 +0100] "GET /images/mini_prod/3700276281826050720122.jpg HTTP/1.0" 200 278 "http://www.wonder-geek.com/specials.php" "Mozilla/5.0 (Macintosh; Intel Mac OS X 10_15_7) AppleWebKit/537.36 (KHTML like Gecko) Chrome/100.0.4896.75 Safari/537.36"
94.154.169.178 - - [15/Nov/2022:13:11:20 +0100] "GET /images/mini_prod/3585190850071.jpg HTTP/1.0" 200 269 "http://www.wonder-geek.com/specials.php" "Mozilla/5.0 (Macintosh; Intel Mac OS X 10_15_7) AppleWebKit/537.36 (KHTML like Gecko) Chrome/100.0.4896.75 Safari/537.36"
94.154.169.178 - - [15/Nov/2022:13:11:20 +0100] "GET /images/mini_prod/3700276281833050720122.jpg HTTP/1.0" 200 278 "http://www.wonder-geek.com/specials.php" "Mozilla/5.0 (Macintosh; Intel Mac OS X 10_15_7) AppleWebKit/537.36 (KHTML like Gecko) Chrome/100.0.4896.75 Safari/537.36"
94.154.169.178 - - [15/Nov/2022:13:11:20 +0100] "GET /images/mini_prod/3585190850064.jpg HTTP/1.0" 200 269 "http://www.wonder-geek.com/specials.php" "Mozilla/5.0 (Macintosh; Intel Mac OS X 10_15_7) AppleWebKit/537.36 (KHTML like Gecko) Chrome/100.0.4896.75 Safari/537.36"
168.151.93.112 - - [15/Nov/2022:13:11:19 +0100] "GET /adaptable-decorative-caps-c-12_249.html HTTP/1.0" 200 83210 "-" "Mozilla/5.0 (Macintosh; Intel Mac OS X 10_15_7) AppleWebKit/537.36 (KHTML like Gecko) Chrome/100.0.4896.88 Safari/537.36"
94.154.169.178 - - [15/Nov/2022:13:11:21 +0100] "GET /images/mini_prod/1399984244166.jpg HTTP/1.0" 200 269 "http://www.wonder-geek.com/specials.php" "Mozilla/5.0 (Macintosh; Intel Mac OS X 10_15_7) AppleWebKit/537.36 (KHTML like Gecko) Chrome/100.0.4896.75 Safari/537.36"
94.154.169.178 - - [15/Nov/2022:13:11:21 +0100] "GET /images/mini_prod/1399984244142.jpg HTTP/1.0" 200 269 "http://www.wonder-geek.com/specials.php" "Mozilla/5.0 (Macintosh; Intel Mac OS X 10_15_7) AppleWebKit/537.36 (KHTML like Gecko) Chrome/100.0.4896.75 Safari/537.36"
94.154.169.178 - - [15/Nov/2022:13:11:21 +0100] "GET /images/mini_prod/1399984243718.jpg HTTP/1.0" 200 269 "http://www.wonder-geek.com/specials.php" "Mozilla/5.0 (Macintosh; Intel Mac OS X 10_15_7) AppleWebKit/537.36 (KHTML like Gecko) Chrome/100.0.4896.75 Safari/537.36"
94.154.169.178 - - [15/Nov/2022:13:11:21 +0100] "GET /images/mini_prod/1399984244173.jpg HTTP/1.0" 200 269 "http://www.wonder-geek.com/specials.php" "Mozilla/5.0 (Macintosh; Intel Mac OS X 10_15_7) AppleWebKit/537.36 (KHTML like Gecko) Chrome/100.0.4896.75 Safari/537.36"
94.154.169.178 - - [15/Nov/2022:13:11:21 +0100] "GET /images/mini_prod/1399984247167.jpg HTTP/1.0" 200 269 "http://www.wonder-geek.com/specials.php" "Mozilla/5.0 (Macintosh; Intel Mac OS X 10_15_7) AppleWebKit/537.36 (KHTML like Gecko) Chrome/100.0.4896.75 Safari/537.36"
94.154.169.178 - - [15/Nov/2022:13:11:21 +0100] "GET /images/mini_prod/1399984243404.jpg HTTP/1.0" 200 269 "http://www.wonder-geek.com/specials.php" "Mozilla/5.0 (Macintosh; Intel Mac OS X 10_15_7) AppleWebKit/537.36 (KHTML like Gecko) Chrome/100.0.4896.75 Safari/537.36"
168.151.93.112 - - [15/Nov/2022:13:11:21 +0100] "GET /templates/Pixame_v1/images/icon_accueil2.png HTTP/1.0" 200 278 "http://www.wonder-geek.com/adaptable-decorative-caps-c-12_249.html" "Mozilla/5.0 (Macintosh; Intel Mac OS X 10_15_7) AppleWebKit/537.36 (KHTML like Gecko) Chrome/100.0.4896.88 Safari/537.36"
168.151.93.112 - - [15/Nov/2022:13:11:21 +0100] "GET /templates/Pixame_v1/stylesheet.css HTTP/1.0" 200 267 "http://www.wonder-geek.com/adaptable-decorative-caps-c-12_249.html" "Mozilla/5.0 (Macintosh; Intel Mac OS X 10_15_7) AppleWebKit/537.36 (KHTML like Gecko) Chrome/100.0.4896.88 Safari/537.36"
94.154.169.178 - - [15/Nov/2022:13:11:21 +0100] "GET /images/mini_prod/3494157821026.jpg HTTP/1.0" 200 269 "http://www.wonder-geek.com/specials.php" "Mozilla/5.0 (Macintosh; Intel Mac OS X 10_15_7) AppleWebKit/537.36 (KHTML like Gecko) Chrome/100.0.4896.75 Safari/537.36"
94.154.169.178 - - [15/Nov/2022:13:11:21 +0100] "GET /images/mini_prod/020507_123955_PEEL_fkZscm.jpg HTTP/1.0" 200 281 "http://www.wonder-geek.com/specials.php" "Mozilla/5.0 (Macintosh; Intel Mac OS X 10_15_7) AppleWebKit/537.36 (KHTML like Gecko) Chrome/100.0.4896.75 Safari/537.36"
94.154.169.178 - - [15/Nov/2022:13:11:21 +0100] "GET /images/mini_prod/8029759070555.jpg HTTP/1.0" 200 269 "http://www.wonder-geek.com/specials.php" "Mozilla/5.0 (Macintosh; Intel Mac OS X 10_15_7) AppleWebKit/537.36 (KHTML like Gecko) Chrome/100.0.4896.75 Safari/537.36"
64.140.131.61 - - [15/Nov/2022:13:11:17 +0100] "GET /products_new.php HTTP/1.0" 200 98825 "-" "Mozilla/5.0 (Windows; U; Windows NT 10.0; en-US; Valve Steam Client/default/1647446817; ) AppleWebKit/537.36 (KHTML like Gecko) Chrome/84.0.4147.105 Safari/537.36"
168.151.93.112 - - [15/Nov/2022:13:11:21 +0100] "GET /images/mini_prod/3453131122214.jpg HTTP/1.0" 200 269 "http://www.wonder-geek.com/adaptable-decorative-caps-c-12_249.html" "Mozilla/5.0 (Macintosh; Intel Mac OS X 10_15_7) AppleWebKit/537.36 (KHTML like Gecko) Chrome/100.0.4896.88 Safari/537.36"
168.151.93.112 - - [15/Nov/2022:13:11:21 +0100] "GET /images/mini_prod/8460070112324.jpg HTTP/1.0" 200 269 "http://www.wonder-geek.com/adaptable-decorative-caps-c-12_249.html" "Mozilla/5.0 (Macintosh; Intel Mac OS X 10_15_7) AppleWebKit/537.36 (KHTML like Gecko) Chrome/100.0.4896.88 Safari/537.36"
64.140.131.61 - - [15/Nov/2022:13:11:21 +0100] "GET /images/mini_prod/8433932520834.jpg HTTP/1.0" 200 269 "http://www.wonder-geek.com/products_new.php" "Mozilla/5.0 (Windows; U; Windows NT 10.0; en-US; Valve Steam Client/default/1647446817; ) AppleWebKit/537.36 (KHTML like Gecko) Chrome/84.0.4147.105 Safari/537.36"
64.140.131.61 - - [15/Nov/2022:13:11:21 +0100] "GET /images/mini_prod/8904245400989.jpg HTTP/1.0" 200 269 "http://www.wonder-geek.com/products_new.php" "Mozilla/5.0 (Windows; U; Windows NT 10.0; en-US; Valve Steam Client/default/1647446817; ) AppleWebKit/537.36 (KHTML like Gecko) Chrome/84.0.4147.105 Safari/537.36"
64.140.131.61 - - [15/Nov/2022:13:11:21 +0100] "GET /images/mini_prod/8433932520827.jpg HTTP/1.0" 200 269 "http://www.wonder-geek.com/products_new.php" "Mozilla/5.0 (Windows; U; Windows NT 10.0; en-US; Valve Steam Client/default/1647446817; ) AppleWebKit/537.36 (KHTML like Gecko) Chrome/84.0.4147.105 Safari/537.36"
207.32.135.93 - - [15/Nov/2022:13:11:21 +0100] "GET /templates/Pixame_v1/images/icon_accueil2.png HTTP/1.0" 200 278 "http://www.wonder-geek.com/dishes-c-12.html" "Mozilla/5.0 (Macintosh; Intel Mac OS X 10_15_7) AppleWebKit/537.36 (KHTML like Gecko) Chrome/100.0.4896.127 Safari/537.36"
207.32.135.93 - - [15/Nov/2022:13:11:21 +0100] "GET /templates/Pixame_v1/stylesheet.css HTTP/1.0" 200 267 "http://www.wonder-geek.com/dishes-c-12.html" "Mozilla/5.0 (Macintosh; Intel Mac OS X 10_15_7) AppleWebKit/537.36 (KHTML like Gecko) Chrome/100.0.4896.127 Safari/537.36"
64.140.131.61 - - [15/Nov/2022:13:11:21 +0100] "GET /design/fondothers.jpg HTTP/1.0" 200 667 "http://www.wonder-geek.com/templates/Pixame_v1/stylesheet.css" "Mozilla/5.0 (Windows; U; Windows NT 10.0; en-US; Valve Steam Client/default/1647446817; ) AppleWebKit/537.36 (KHTML like Gecko) Chrome/84.0.4147.105 Safari/537.36"
64.140.131.61 - - [15/Nov/2022:13:11:21 +0100] "GET /design/fondcurrent.jpg HTTP/1.0" 200 683 "http://www.wonder-geek.com/templates/Pixame_v1/stylesheet.css" "Mozilla/5.0 (Windows; U; Windows NT 10.0; en-US; Valve Steam Client/default/1647446817; ) AppleWebKit/537.36 (KHTML like Gecko) Chrome/84.0.4147.105 Safari/537.36"
168.151.93.112 - - [15/Nov/2022:13:11:21 +0100] "GET /images/mini_prod/8460070112560.jpg HTTP/1.0" 200 269 "http://www.wonder-geek.com/adaptable-decorative-caps-c-12_249.html" "Mozilla/5.0 (Macintosh; Intel Mac OS X 10_15_7) AppleWebKit/537.36 (KHTML like Gecko) Chrome/100.0.4896.88 Safari/537.36"
64.140.131.61 - - [15/Nov/2022:13:11:21 +0100] "GET /images/mini_prod/8433932520803.jpg HTTP/1.0" 200 269 "http://www.wonder-geek.com/products_new.php" "Mozilla/5.0 (Windows; U; Windows NT 10.0; en-US; Valve Steam Client/default/1647446817; ) AppleWebKit/537.36 (KHTML like Gecko) Chrome/84.0.4147.105 Safari/537.36"
168.151.93.112 - - [15/Nov/2022:13:11:21 +0100] "GET /images/mini_prod/3612875114453.jpg HTTP/1.0" 200 269 "http://www.wonder-geek.com/adaptable-decorative-caps-c-12_249.html" "Mozilla/5.0 (Macintosh; Intel Mac OS X 10_15_7) AppleWebKit/537.36 (KHTML like Gecko) Chrome/100.0.4896.88 Safari/537.36"
168.151.93.112 - - [15/Nov/2022:13:11:21 +0100] "GET /images/mini_prod/3612874112108.jpg HTTP/1.0" 200 269 "http://www.wonder-geek.com/adaptable-decorative-caps-c-12_249.html" "Mozilla/5.0 (Macintosh; Intel Mac OS X 10_15_7) AppleWebKit/537.36 (KHTML like Gecko) Chrome/100.0.4896.88 Safari/537.36"
168.151.93.112 - - [15/Nov/2022:13:11:21 +0100] "GET /images/mini_prod/3612875124575.jpg HTTP/1.0" 200 269 "http://www.wonder-geek.com/adaptable-decorative-caps-c-12_249.html" "Mozilla/5.0 (Macintosh; Intel Mac OS X 10_15_7) AppleWebKit/537.36 (KHTML like Gecko) Chrome/100.0.4896.88 Safari/537.36"
168.151.93.112 - - [15/Nov/2022:13:11:21 +0100] "GET /images/mini_prod/8433933384466.jpg HTTP/1.0" 200 269 "http://www.wonder-geek.com/adaptable-decorative-caps-c-12_249.html" "Mozilla/5.0 (Macintosh; Intel Mac OS X 10_15_7) AppleWebKit/537.36 (KHTML like Gecko) Chrome/100.0.4896.88 Safari/537.36"
64.140.131.61 - - [15/Nov/2022:13:11:21 +0100] "GET /images/mini_prod/3700572750804.jpg HTTP/1.0" 200 269 "http://www.wonder-geek.com/products_new.php" "Mozilla/5.0 (Windows; U; Windows NT 10.0; en-US; Valve Steam Client/default/1647446817; ) AppleWebKit/537.36 (KHTML like Gecko) Chrome/84.0.4147.105 Safari/537.36"
64.140.131.61 - - [15/Nov/2022:13:11:21 +0100] "GET /images/mini_prod/4029825001906.jpg HTTP/1.0" 200 269 "http://www.wonder-geek.com/products_new.php" "Mozilla/5.0 (Windows; U; Windows NT 10.0; en-US; Valve Steam Client/default/1647446817; ) AppleWebKit/537.36 (KHTML like Gecko) Chrome/84.0.4147.105 Safari/537.36"
64.140.131.61 - - [15/Nov/2022:13:11:21 +0100] "GET /images/mini_prod/3609810090132.jpg HTTP/1.0" 200 269 "http://www.wonder-geek.com/products_new.php" "Mozilla/5.0 (Windows; U; Windows NT 10.0; en-US; Valve Steam Client/default/1647446817; ) AppleWebKit/537.36 (KHTML like Gecko) Chrome/84.0.4147.105 Safari/537.36"
64.140.131.61 - - [15/Nov/2022:13:11:21 +0100] "GET /images/mini_prod/8424346311743a.jpg HTTP/1.0" 200 270 "http://www.wonder-geek.com/products_new.php" "Mozilla/5.0 (Windows; U; Windows NT 10.0; en-US; Valve Steam Client/default/1647446817; ) AppleWebKit/537.36 (KHTML like Gecko) Chrome/84.0.4147.105 Safari/537.36"
64.140.131.61 - - [15/Nov/2022:13:11:21 +0100] "GET /images/mini_prod/4029896029915.jpg HTTP/1.0" 200 269 "http://www.wonder-geek.com/products_new.php" "Mozilla/5.0 (Windows; U; Windows NT 10.0; en-US; Valve Steam Client/default/1647446817; ) AppleWebKit/537.36 (KHTML like Gecko) Chrome/84.0.4147.105 Safari/537.36"
168.151.93.112 - - [15/Nov/2022:13:11:21 +0100] "GET /templates/Pixame_v1/images/Bottom_texture.jpg HTTP/1.0" 200 280 "http://www.wonder-geek.com/templates/Pixame_v1/stylesheet.css" "Mozilla/5.0 (Macintosh; Intel Mac OS X 10_15_7) AppleWebKit/537.36 (KHTML like Gecko) Chrome/100.0.4896.88 Safari/537.36"
64.140.131.61 - - [15/Nov/2022:13:11:21 +0100] "GET /images/mini_prod/4029896029922.jpg HTTP/1.0" 200 269 "http://www.wonder-geek.com/products_new.php" "Mozilla/5.0 (Windows; U; Windows NT 10.0; en-US; Valve Steam Client/default/1647446817; ) AppleWebKit/537.36 (KHTML like Gecko) Chrome/84.0.4147.105 Safari/537.36"
168.151.93.112 - - [15/Nov/2022:13:11:21 +0100] "GET /templates/Pixame_v1/images/Middle_texture.jpg HTTP/1.0" 200 280 "http://www.wonder-geek.com/templates/Pixame_v1/stylesheet.css" "Mozilla/5.0 (Macintosh; Intel Mac OS X 10_15_7) AppleWebKit/537.36 (KHTML like Gecko) Chrome/100.0.4896.88 Safari/537.36"
168.151.93.112 - - [15/Nov/2022:13:11:21 +0100] "GET /templates/Pixame_v1/images/header.png HTTP/1.0" 200 271 "http://www.wonder-geek.com/templates/Pixame_v1/stylesheet.css" "Mozilla/5.0 (Macintosh; Intel Mac OS X 10_15_7) AppleWebKit/537.36 (KHTML like Gecko) Chrome/100.0.4896.88 Safari/537.36"
168.151.93.112 - - [15/Nov/2022:13:11:21 +0100] "GET /templates/Pixame_v1/images/header-object.png HTTP/1.0" 200 278 "http://www.wonder-geek.com/templates/Pixame_v1/stylesheet.css" "Mozilla/5.0 (Macintosh; Intel Mac OS X 10_15_7) AppleWebKit/537.36 (KHTML like Gecko) Chrome/100.0.4896.88 Safari/537.36"
168.151.93.112 - - [15/Nov/2022:13:11:21 +0100] "GET /templates/Pixame_v1/images/nav.png HTTP/1.0" 200 268 "http://www.wonder-geek.com/templates/Pixame_v1/stylesheet.css" "Mozilla/5.0 (Macintosh; Intel Mac OS X 10_15_7) AppleWebKit/537.36 (KHTML like Gecko) Chrome/100.0.4896.88 Safari/537.36"
168.151.93.112 - - [15/Nov/2022:13:11:21 +0100] "GET /design/productsenstock.png HTTP/1.0" 200 260 "http://www.wonder-geek.com/templates/Pixame_v1/stylesheet.css" "Mozilla/5.0 (Macintosh; Intel Mac OS X 10_15_7) AppleWebKit/537.36 (KHTML like Gecko) Chrome/100.0.4896.88 Safari/537.36"
207.32.135.93 - - [15/Nov/2022:13:11:18 +0100] "GET /dishes-c-12.html HTTP/1.0" 200 94101 "-" "Mozilla/5.0 (Macintosh; Intel Mac OS X 10_15_7) AppleWebKit/537.36 (KHTML like Gecko) Chrome/100.0.4896.127 Safari/537.36"
64.140.131.61 - - [15/Nov/2022:13:11:22 +0100] "GET /images/mini_prod/4029896029908.jpg HTTP/1.0" 200 269 "http://www.wonder-geek.com/products_new.php" "Mozilla/5.0 (Windows; U; Windows NT 10.0; en-US; Valve Steam Client/default/1647446817; ) AppleWebKit/537.36 (KHTML like Gecko) Chrome/84.0.4147.105 Safari/537.36"
64.140.131.61 - - [15/Nov/2022:13:11:22 +0100] "GET /images/mini_prod/4029811446667c.jpg HTTP/1.0" 200 270 "http://www.wonder-geek.com/products_new.php" "Mozilla/5.0 (Windows; U; Windows NT 10.0; en-US; Valve Steam Client/default/1647446817; ) AppleWebKit/537.36 (KHTML like Gecko) Chrome/84.0.4147.105 Safari/537.36"
64.140.131.61 - - [15/Nov/2022:13:11:22 +0100] "GET /images/mini_prod/4029896029939.jpg HTTP/1.0" 200 269 "http://www.wonder-geek.com/products_new.php" "Mozilla/5.0 (Windows; U; Windows NT 10.0; en-US; Valve Steam Client/default/1647446817; ) AppleWebKit/537.36 (KHTML like Gecko) Chrome/84.0.4147.105 Safari/537.36"
64.140.131.61 - - [15/Nov/2022:13:11:22 +0100] "GET /images/mini_prod/8712159167511.jpg HTTP/1.0" 200 269 "http://www.wonder-geek.com/products_new.php" "Mozilla/5.0 (Windows; U; Windows NT 10.0; en-US; Valve Steam Client/default/1647446817; ) AppleWebKit/537.36 (KHTML like Gecko) Chrome/84.0.4147.105 Safari/537.36"
64.140.131.61 - - [15/Nov/2022:13:11:22 +0100] "GET /images/mini_prod/8712159181609.jpg HTTP/1.0" 200 269 "http://www.wonder-geek.com/products_new.php" "Mozilla/5.0 (Windows; U; Windows NT 10.0; en-US; Valve Steam Client/default/1647446817; ) AppleWebKit/537.36 (KHTML like Gecko) Chrome/84.0.4147.105 Safari/537.36"
64.140.131.61 - - [15/Nov/2022:13:11:22 +0100] "GET /images/mini_prod/8712159173765.jpg HTTP/1.0" 200 269 "http://www.wonder-geek.com/products_new.php" "Mozilla/5.0 (Windows; U; Windows NT 10.0; en-US; Valve Steam Client/default/1647446817; ) AppleWebKit/537.36 (KHTML like Gecko) Chrome/84.0.4147.105 Safari/537.36"
168.151.93.112 - - [15/Nov/2022:13:11:22 +0100] "GET /design/fondcurrent.jpg HTTP/1.0" 200 683 "http://www.wonder-geek.com/templates/Pixame_v1/stylesheet.css" "Mozilla/5.0 (Macintosh; Intel Mac OS X 10_15_7) AppleWebKit/537.36 (KHTML like Gecko) Chrome/100.0.4896.88 Safari/537.36"
64.140.131.61 - - [15/Nov/2022:13:11:22 +0100] "GET /images/mini_prod/8712159180015.jpg HTTP/1.0" 200 269 "http://www.wonder-geek.com/products_new.php" "Mozilla/5.0 (Windows; U; Windows NT 10.0; en-US; Valve Steam Client/default/1647446817; ) AppleWebKit/537.36 (KHTML like Gecko) Chrome/84.0.4147.105 Safari/537.36"
64.140.131.61 - - [15/Nov/2022:13:11:22 +0100] "GET /images/mini_prod/8712159180244.jpg HTTP/1.0" 200 269 "http://www.wonder-geek.com/products_new.php" "Mozilla/5.0 (Windows; U; Windows NT 10.0; en-US; Valve Steam Client/default/1647446817; ) AppleWebKit/537.36 (KHTML like Gecko) Chrome/84.0.4147.105 Safari/537.36"
64.140.131.61 - - [15/Nov/2022:13:11:22 +0100] "GET /images/mini_prod/8712159180138.jpg HTTP/1.0" 200 269 "http://www.wonder-geek.com/products_new.php" "Mozilla/5.0 (Windows; U; Windows NT 10.0; en-US; Valve Steam Client/default/1647446817; ) AppleWebKit/537.36 (KHTML like Gecko) Chrome/84.0.4147.105 Safari/537.36"
64.140.131.61 - - [15/Nov/2022:13:11:22 +0100] "GET /images/mini_prod/8712159182026.jpg HTTP/1.0" 200 269 "http://www.wonder-geek.com/products_new.php" "Mozilla/5.0 (Windows; U; Windows NT 10.0; en-US; Valve Steam Client/default/1647446817; ) AppleWebKit/537.36 (KHTML like Gecko) Chrome/84.0.4147.105 Safari/537.36"
207.32.135.93 - - [15/Nov/2022:13:11:22 +0100] "GET /templates/Pixame_v1/images/Middle_texture.jpg HTTP/1.0" 200 280 "http://www.wonder-geek.com/templates/Pixame_v1/stylesheet.css" "Mozilla/5.0 (Macintosh; Intel Mac OS X 10_15_7) AppleWebKit/537.36 (KHTML like Gecko) Chrome/100.0.4896.127 Safari/537.36"
207.32.135.93 - - [15/Nov/2022:13:11:22 +0100] "GET /templates/Pixame_v1/images/nav.png HTTP/1.0" 200 268 "http://www.wonder-geek.com/templates/Pixame_v1/stylesheet.css" "Mozilla/5.0 (Macintosh; Intel Mac OS X 10_15_7) AppleWebKit/537.36 (KHTML like Gecko) Chrome/100.0.4896.127 Safari/537.36"
207.32.135.93 - - [15/Nov/2022:13:11:22 +0100] "GET /templates/Pixame_v1/images/Bottom_texture.jpg HTTP/1.0" 200 280 "http://www.wonder-geek.com/templates/Pixame_v1/stylesheet.css" "Mozilla/5.0 (Macintosh; Intel Mac OS X 10_15_7) AppleWebKit/537.36 (KHTML like Gecko) Chrome/100.0.4896.127 Safari/537.36"
