185.191.171.38 - - [15/Nov/2022:15:35:44 +0100] "GET /-p-43237.html HTTP/1.0" 200 73264 "-" "Mozilla/5.0 (compatible; SemrushBot/7~bl; +http://www.semrush.com/bot.html)"
185.191.171.23 - - [15/Nov/2022:15:35:47 +0100] "GET /chair-cushion-sides-brown-yellow-p-47029.html HTTP/1.0" 200 77204 "-" "Mozilla/5.0 (compatible; SemrushBot/7~bl; +http://www.semrush.com/bot.html)"
185.191.171.9 - - [15/Nov/2022:15:35:52 +0100] "GET /gorjuss-sticker-pack-scarf-p-40503.html HTTP/1.0" 200 73367 "-" "Mozilla/5.0 (compatible; SemrushBot/7~bl; +http://www.semrush.com/bot.html)"
185.191.171.43 - - [15/Nov/2022:15:35:56 +0100] "GET /-p-47026.html HTTP/1.0" 200 73264 "-" "Mozilla/5.0 (compatible; SemrushBot/7~bl; +http://www.semrush.com/bot.html)"
40.77.167.27 - - [15/Nov/2022:15:35:56 +0100] "GET /-p-29608.html HTTP/1.0" 200 73264 "-" "Mozilla/5.0 AppleWebKit/537.36 (KHTML, like Gecko; compatible; bingbot/2.0; +http://www.bing.com/bingbot.htm) Chrome/103.0.5060.134 Safari/537.36"
185.191.171.22 - - [15/Nov/2022:15:36:00 +0100] "GET /heart-home-stick-diffuser-amber-wood-vetiver-p-57870.html HTTP/1.0" 200 77646 "-" "Mozilla/5.0 (compatible; SemrushBot/7~bl; +http://www.semrush.com/bot.html)"
185.191.171.20 - - [15/Nov/2022:15:36:03 +0100] "GET /-p-49595.html HTTP/1.0" 200 73264 "-" "Mozilla/5.0 (compatible; SemrushBot/7~bl; +http://www.semrush.com/bot.html)"
54.36.148.64 - - [15/Nov/2022:15:36:15 +0100] "GET /gormiti-swimming-armband-p-9112.html HTTP/1.0" 200 75791 "-" "Mozilla/5.0 (compatible; AhrefsBot/7.0; +http://ahrefs.com/robot/)"
207.46.13.181 - - [15/Nov/2022:15:36:30 +0100] "GET /coca-cola-deco-lamp-p-27152.html HTTP/1.0" 301 73331 "-" "Mozilla/5.0 (compatible; bingbot/2.0; +http://www.bing.com/bingbot.htm)"
157.55.39.183 - - [15/Nov/2022:15:36:45 +0100] "GET /paris-cotton-kitchen-towel-made-in-france-p-36627.html HTTP/1.0" 301 73521 "-" "Mozilla/5.0 (compatible; bingbot/2.0; +http://www.bing.com/bingbot.htm)"
157.55.39.183 - - [15/Nov/2022:15:36:47 +0100] "GET /small-moneybox-shape-english-letter-p-46489.html HTTP/1.0" 200 73472 "-" "Mozilla/5.0 (compatible; bingbot/2.0; +http://www.bing.com/bingbot.htm)"
185.191.171.39 - - [15/Nov/2022:15:36:51 +0100] "GET /johnny-hallyday-decorative-wood-plaque-p-43492.html HTTP/1.0" 200 73406 "-" "Mozilla/5.0 (compatible; SemrushBot/7~bl; +http://www.semrush.com/bot.html)"
185.191.171.9 - - [15/Nov/2022:15:36:54 +0100] "GET /collectible-figurines-decorative-c-13_135.html?page=22 HTTP/1.0" 200 96785 "-" "Mozilla/5.0 (compatible; SemrushBot/7~bl; +http://www.semrush.com/bot.html)"
157.55.39.129 - - [15/Nov/2022:15:37:01 +0100] "GET /purse-leather-purse-navy-anchor-gray-p-47352.html HTTP/1.0" 200 76665 "-" "Mozilla/5.0 AppleWebKit/537.36 (KHTML, like Gecko; compatible; bingbot/2.0; +http://www.bing.com/bingbot.htm) Chrome/103.0.5060.134 Safari/537.36"
185.191.171.25 - - [15/Nov/2022:15:37:40 +0100] "GET /stone-petrified-wood-grams-p-46570.html HTTP/1.0" 200 73380 "-" "Mozilla/5.0 (compatible; SemrushBot/7~bl; +http://www.semrush.com/bot.html)"
185.191.171.33 - - [15/Nov/2022:15:37:44 +0100] "GET /everyone-dream-rapunzel-musical-p-36262.html HTTP/1.0" 200 76635 "-" "Mozilla/5.0 (compatible; SemrushBot/7~bl; +http://www.semrush.com/bot.html)"
138.2.77.210 - - [15/Nov/2022:15:37:45 +0100] "GET /contact_us.php HTTP/1.0" 200 26241 "http://www.wonder-geek.com/contact_us.php" "Mozilla/5.0 (Windows NT 10.0; Win64; x64) AppleWebKit/537.36 (KHTML, like Gecko) Chrome/90.0.4430.93 Safari/537.36"
54.36.148.238 - - [15/Nov/2022:15:37:47 +0100] "GET /police-costumes-10-years-p-22581.html HTTP/1.0" 301 73331 "-" "Mozilla/5.0 (compatible; AhrefsBot/7.0; +http://ahrefs.com/robot/)"
185.191.171.15 - - [15/Nov/2022:15:37:51 +0100] "GET /home-decoration-c-13.html?page=3 HTTP/1.0" 200 94572 "-" "Mozilla/5.0 (compatible; SemrushBot/7~bl; +http://www.semrush.com/bot.html)"
185.191.171.21 - - [15/Nov/2022:15:38:00 +0100] "GET /fitted-sheet-cotton-percale-threads-p-44300.html HTTP/1.0" 200 76224 "-" "Mozilla/5.0 (compatible; SemrushBot/7~bl; +http://www.semrush.com/bot.html)"
138.2.77.210 - - [15/Nov/2022:15:38:16 +0100] "GET / HTTP/1.0" 200 153507 "http://www.wonder-geek.com/" "Mozilla/5.0 (Windows NT 10.0; Win64; x64) AppleWebKit/537.36 (KHTML, like Gecko) Chrome/90.0.4430.93 Safari/537.36"
216.244.66.242 - - [15/Nov/2022:15:38:20 +0100] "GET /set-of-rubbers-wwe-p-13881.html HTTP/1.0" 301 76912 "-" "Mozilla/5.0 (compatible; DotBot/1.2; +https://opensiteexplorer.org/dotbot; help@moz.com)"
157.55.39.129 - - [15/Nov/2022:15:38:21 +0100] "GET /-p-33591.html HTTP/1.0" 200 73264 "-" "Mozilla/5.0 AppleWebKit/537.36 (KHTML, like Gecko; compatible; bingbot/2.0; +http://www.bing.com/bingbot.htm) Chrome/103.0.5060.134 Safari/537.36"
157.55.39.129 - - [15/Nov/2022:15:38:25 +0100] "GET /frankie-stein-monster-high-p-17501.html HTTP/1.0" 200 76678 "-" "Mozilla/5.0 AppleWebKit/537.36 (KHTML, like Gecko; compatible; bingbot/2.0; +http://www.bing.com/bingbot.htm) Chrome/103.0.5060.134 Safari/537.36"
185.191.171.1 - - [15/Nov/2022:15:38:32 +0100] "GET /petite-pense-pour-card-p-20053.html HTTP/1.0" 200 75992 "-" "Mozilla/5.0 (compatible; SemrushBot/7~bl; +http://www.semrush.com/bot.html)"
185.191.171.44 - - [15/Nov/2022:15:38:35 +0100] "GET /-p-42855.html HTTP/1.0" 200 73264 "-" "Mozilla/5.0 (compatible; SemrushBot/7~bl; +http://www.semrush.com/bot.html)"
185.191.171.4 - - [15/Nov/2022:15:38:37 +0100] "GET /robots.txt HTTP/1.0" 200 245 "-" "Mozilla/5.0 (compatible; SemrushBot/7~bl; +http://www.semrush.com/bot.html)"
185.191.171.4 - - [15/Nov/2022:15:38:38 +0100] "GET /kitchen-towel-royal-peacock-p-58546.html HTTP/1.0" 200 77210 "-" "Mozilla/5.0 (compatible; SemrushBot/7~bl; +http://www.semrush.com/bot.html)"
40.77.167.28 - - [15/Nov/2022:15:38:42 +0100] "GET /simpsons-team-beach-towel-p-18820.html HTTP/1.0" 301 73331 "-" "Mozilla/5.0 (compatible; bingbot/2.0; +http://www.bing.com/bingbot.htm)"
216.244.66.242 - - [15/Nov/2022:15:38:47 +0100] "GET /pyramid-in-green-aventurine-base-cm-quality-aa-p-44004.html HTTP/1.0" 301 73532 "-" "Mozilla/5.0 (compatible; DotBot/1.2; +https://opensiteexplorer.org/dotbot; help@moz.com)"
216.244.66.242 - - [15/Nov/2022:15:38:52 +0100] "GET /set-of-wwe-smack-down-small-reels-p-13882.html HTTP/1.0" 301 76383 "-" "Mozilla/5.0 (compatible; DotBot/1.2; +https://opensiteexplorer.org/dotbot; help@moz.com)"
216.244.66.242 - - [15/Nov/2022:15:38:57 +0100] "GET /strawberry-shortcake-hat-36-years-p-22120.html HTTP/1.0" 301 76196 "-" "Mozilla/5.0 (compatible; DotBot/1.2; +https://opensiteexplorer.org/dotbot; help@moz.com)"
17.121.115.197 - - [15/Nov/2022:15:38:59 +0100] "GET /salt-pepper-milk-p-47918.html HTTP/1.0" 200 75895 "-" "Mozilla/5.0 (Macintosh; Intel Mac OS X 10_15_5) AppleWebKit/605.1.15 (KHTML, like Gecko) Version/13.1.1 Safari/605.1.15 (Applebot/0.1; +http://www.apple.com/go/applebot)"
40.77.167.27 - - [15/Nov/2022:15:39:06 +0100] "GET /-p-30099.html HTTP/1.0" 200 73264 "-" "Mozilla/5.0 AppleWebKit/537.36 (KHTML, like Gecko; compatible; bingbot/2.0; +http://www.bing.com/bingbot.htm) Chrome/103.0.5060.134 Safari/537.36"
185.191.171.39 - - [15/Nov/2022:15:39:07 +0100] "GET /disney-princess-little-backpack-p-20330.html HTTP/1.0" 200 76183 "-" "Mozilla/5.0 (compatible; SemrushBot/7~bl; +http://www.semrush.com/bot.html)"
157.55.39.129 - - [15/Nov/2022:15:39:11 +0100] "GET /winnie-pooh-bath-towel-p-10121.html HTTP/1.0" 301 73331 "-" "Mozilla/5.0 AppleWebKit/537.36 (KHTML, like Gecko; compatible; bingbot/2.0; +http://www.bing.com/bingbot.htm) Chrome/103.0.5060.134 Safari/537.36"
138.2.77.210 - - [15/Nov/2022:15:39:12 +0100] "GET /trivet-boards-c-12_158.html HTTP/1.0" 200 97056 "http://www.wonder-geek.com/trivet-boards-c-12_158.html" "Mozilla/5.0 (Windows NT 10.0; Win64; x64) AppleWebKit/537.36 (KHTML, like Gecko) Chrome/90.0.4430.93 Safari/537.36"
40.77.167.28 - - [15/Nov/2022:15:39:15 +0100] "GET /-p-33625.html HTTP/1.0" 200 73264 "-" "Mozilla/5.0 (compatible; bingbot/2.0; +http://www.bing.com/bingbot.htm)"
40.77.167.28 - - [15/Nov/2022:15:39:18 +0100] "GET /hello-kitty-notebook-with-p-7217.html HTTP/1.0" 200 75967 "-" "Mozilla/5.0 (compatible; bingbot/2.0; +http://www.bing.com/bingbot.htm)"
185.191.171.12 - - [15/Nov/2022:15:39:26 +0100] "GET /surfboard-wooden-wall-decoration-p-55518.html HTTP/1.0" 200 73404 "-" "Mozilla/5.0 (compatible; SemrushBot/7~bl; +http://www.semrush.com/bot.html)"
157.55.39.183 - - [15/Nov/2022:15:39:35 +0100] "GET /marilyn-monroe-little-storage-p-5115.html HTTP/1.0" 200 76969 "-" "Mozilla/5.0 (compatible; bingbot/2.0; +http://www.bing.com/bingbot.htm)"
185.191.171.7 - - [15/Nov/2022:15:39:39 +0100] "GET /gorjuss-glasses-little-riding-hood-p-46941.html HTTP/1.0" 200 73360 "-" "Mozilla/5.0 (compatible; SemrushBot/7~bl; +http://www.semrush.com/bot.html)"
185.191.171.4 - - [15/Nov/2022:15:39:43 +0100] "GET /small-indoor-buddha-fountain-p-41300.html HTTP/1.0" 200 76129 "-" "Mozilla/5.0 (compatible; SemrushBot/7~bl; +http://www.semrush.com/bot.html)"
138.2.77.210 - - [15/Nov/2022:15:39:46 +0100] "GET /cardboard-boxes-storage-c-13_150_216.html HTTP/1.0" 200 80704 "http://www.wonder-geek.com/cardboard-boxes-storage-c-13_150_216.html" "Mozilla/5.0 (Windows NT 10.0; Win64; x64) AppleWebKit/537.36 (KHTML, like Gecko) Chrome/90.0.4430.93 Safari/537.36"
185.191.171.3 - - [15/Nov/2022:15:39:49 +0100] "GET /nici-horse-club-pencils-gray-p-20583.html HTTP/1.0" 200 75978 "-" "Mozilla/5.0 (compatible; SemrushBot/7~bl; +http://www.semrush.com/bot.html)"
185.191.171.3 - - [15/Nov/2022:15:39:59 +0100] "GET /decorative-statuette-archangel-saint-michael-p-52826.html HTTP/1.0" 200 76116 "-" "Mozilla/5.0 (compatible; SemrushBot/7~bl; +http://www.semrush.com/bot.html)"
185.191.171.23 - - [15/Nov/2022:15:40:07 +0100] "GET /sweet-white-women-shirt-p-30996.html HTTP/1.0" 200 77931 "-" "Mozilla/5.0 (compatible; SemrushBot/7~bl; +http://www.semrush.com/bot.html)"
138.2.77.210 - - [15/Nov/2022:15:40:12 +0100] "GET /index.php HTTP/1.0" 200 153134 "http://www.wonder-geek.com/index.php" "Mozilla/5.0 (Windows NT 10.0; Win64; x64) AppleWebKit/537.36 (KHTML, like Gecko) Chrome/90.0.4430.93 Safari/537.36"
185.191.171.15 - - [15/Nov/2022:15:40:15 +0100] "GET /schtroumpf-security-blanket-p-14376.html HTTP/1.0" 200 73390 "-" "Mozilla/5.0 (compatible; SemrushBot/7~bl; +http://www.semrush.com/bot.html)"
54.36.149.104 - - [15/Nov/2022:15:40:24 +0100] "GET /pocket-warmer-little-panda-p-54998.html HTTP/1.0" 200 77178 "-" "Mozilla/5.0 (compatible; AhrefsBot/7.0; +http://ahrefs.com/robot/)"
185.191.171.12 - - [15/Nov/2022:15:40:30 +0100] "GET /laissez-lucie-faire-placemat-p-31116.html HTTP/1.0" 200 75900 "-" "Mozilla/5.0 (compatible; SemrushBot/7~bl; +http://www.semrush.com/bot.html)"
207.46.13.181 - - [15/Nov/2022:15:40:31 +0100] "GET /brown-horse-mouse-p-24683.html HTTP/1.0" 200 75839 "-" "Mozilla/5.0 AppleWebKit/537.36 (KHTML, like Gecko; compatible; bingbot/2.0; +http://www.bing.com/bingbot.htm) Chrome/103.0.5060.134 Safari/537.36"
207.46.13.42 - - [15/Nov/2022:15:40:35 +0100] "GET /plush-froggy-yoopy-star-p-42702.html HTTP/1.0" 301 73331 "-" "Mozilla/5.0 (compatible; bingbot/2.0; +http://www.bing.com/bingbot.htm)"
138.2.77.210 - - [15/Nov/2022:15:40:54 +0100] "GET /contact_us.php HTTP/1.0" 200 26241 "http://www.wonder-geek.com/contact_us.php" "Mozilla/5.0 (Windows NT 10.0; Win64; x64) AppleWebKit/537.36 (KHTML, like Gecko) Chrome/90.0.4430.93 Safari/537.36"
51.68.224.127 - - [15/Nov/2022:15:41:09 +0100] "GET /adminweb/export_orders_xml.php?token=256de2z6edz6ed2z6DFSFsed2zed6zeDSFDSGdzedezfzf&maxorders=10&orderstart=1&status=14&start_date=2018-10-01 HTTP/1.0" 200 285 "-" "GesCom CharlotteBoutik Serveur"
51.68.224.127 - - [15/Nov/2022:15:41:09 +0100] "GET /adminweb/export_orders_xml.php?token=256de2z6edz6ed2z6DFSFsed2zed6zeDSFDSGdzedezfzf&maxorders=10&orderstart=1&status=6&start_date=2018-10-01 HTTP/1.0" 200 34006 "-" "GesCom CharlotteBoutik Serveur"
185.191.171.36 - - [15/Nov/2022:15:41:23 +0100] "GET /brass-compass-ornament-christophe-colomb-p-41449.html HTTP/1.0" 200 76045 "-" "Mozilla/5.0 (compatible; SemrushBot/7~bl; +http://www.semrush.com/bot.html)"
40.77.167.27 - - [15/Nov/2022:15:41:37 +0100] "GET /-p-33059.html HTTP/1.0" 200 73264 "-" "Mozilla/5.0 (compatible; bingbot/2.0; +http://www.bing.com/bingbot.htm)"
40.77.167.27 - - [15/Nov/2022:15:41:38 +0100] "GET /vintage-christmas-christmas-sonny-angel-figurines-p-53391.html HTTP/1.0" 200 78057 "-" "Mozilla/5.0 AppleWebKit/537.36 (KHTML, like Gecko; compatible; bingbot/2.0; +http://www.bing.com/bingbot.htm) Chrome/103.0.5060.134 Safari/537.36"
185.191.171.33 - - [15/Nov/2022:15:41:56 +0100] "GET /square-coasters-houndstooth-russian-doll-cbkreation-p-18425.html HTTP/1.0" 200 76220 "-" "Mozilla/5.0 (compatible; SemrushBot/7~bl; +http://www.semrush.com/bot.html)"
185.191.171.24 - - [15/Nov/2022:15:41:59 +0100] "GET /pucca-coin-purse-p-8412.html HTTP/1.0" 200 76074 "-" "Mozilla/5.0 (compatible; SemrushBot/7~bl; +http://www.semrush.com/bot.html)"
157.55.39.129 - - [15/Nov/2022:15:42:02 +0100] "GET /-p-3188.html HTTP/1.0" 200 73262 "-" "Mozilla/5.0 (compatible; bingbot/2.0; +http://www.bing.com/bingbot.htm)"
40.77.167.27 - - [15/Nov/2022:15:42:06 +0100] "GET /melt-warmer-moroccan-lattice-p-48096.html HTTP/1.0" 200 76636 "-" "Mozilla/5.0 AppleWebKit/537.36 (KHTML, like Gecko; compatible; bingbot/2.0; +http://www.bing.com/bingbot.htm) Chrome/103.0.5060.134 Safari/537.36"
185.191.171.9 - - [15/Nov/2022:15:42:10 +0100] "GET /-p-40155.html HTTP/1.0" 200 73264 "-" "Mozilla/5.0 (compatible; SemrushBot/7~bl; +http://www.semrush.com/bot.html)"
66.249.64.246 - - [15/Nov/2022:15:42:12 +0100] "GET /mickey-minnie-collection-romano-britto-p-20751.html HTTP/1.0" 200 78320 "-" "Mozilla/5.0 (compatible; Googlebot/2.1; +http://www.google.com/bot.html)"
207.46.13.42 - - [15/Nov/2022:15:42:31 +0100] "GET /tweety-boat-money-p-34082.html HTTP/1.0" 200 76056 "-" "Mozilla/5.0 (compatible; bingbot/2.0; +http://www.bing.com/bingbot.htm)"
185.191.171.38 - - [15/Nov/2022:15:42:34 +0100] "GET /dishes-c-12.html?page=87 HTTP/1.0" 200 94890 "-" "Mozilla/5.0 (compatible; SemrushBot/7~bl; +http://www.semrush.com/bot.html)"
185.191.171.43 - - [15/Nov/2022:15:42:39 +0100] "GET /candle-made-france-hours-amber-p-43874.html HTTP/1.0" 200 76253 "-" "Mozilla/5.0 (compatible; SemrushBot/7~bl; +http://www.semrush.com/bot.html)"
157.55.39.129 - - [15/Nov/2022:15:42:51 +0100] "GET /sonny-angel-flowers-series-version-p-51491.html HTTP/1.0" 301 73331 "-" "Mozilla/5.0 (compatible; bingbot/2.0; +http://www.bing.com/bingbot.htm)"
40.77.167.28 - - [15/Nov/2022:15:42:56 +0100] "GET /authentic-denim-round-side-table-p-50228.html HTTP/1.0" 200 76577 "-" "Mozilla/5.0 AppleWebKit/537.36 (KHTML, like Gecko; compatible; bingbot/2.0; +http://www.bing.com/bingbot.htm) Chrome/103.0.5060.134 Safari/537.36"
185.191.171.41 - - [15/Nov/2022:15:43:18 +0100] "GET /-p-47735.html HTTP/1.0" 200 73264 "-" "Mozilla/5.0 (compatible; SemrushBot/7~bl; +http://www.semrush.com/bot.html)"
185.191.171.5 - - [15/Nov/2022:15:43:25 +0100] "GET /resin-decorative-tassel-p-56416.html HTTP/1.0" 200 76678 "-" "Mozilla/5.0 (compatible; SemrushBot/7~bl; +http://www.semrush.com/bot.html)"
185.191.171.8 - - [15/Nov/2022:15:43:31 +0100] "GET /apero-recrute-metal-tray-p-53582.html HTTP/1.0" 200 76842 "-" "Mozilla/5.0 (compatible; SemrushBot/7~bl; +http://www.semrush.com/bot.html)"
185.191.171.24 - - [15/Nov/2022:15:43:38 +0100] "GET /figurine-caricature-polyrsine-doctor-p-41147.html HTTP/1.0" 200 73408 "-" "Mozilla/5.0 (compatible; SemrushBot/7~bl; +http://www.semrush.com/bot.html)"
157.55.39.129 - - [15/Nov/2022:15:43:41 +0100] "GET /melt-warmer-p-37448.html HTTP/1.0" 301 73331 "-" "Mozilla/5.0 (compatible; bingbot/2.0; +http://www.bing.com/bingbot.htm)"
185.191.171.39 - - [15/Nov/2022:15:43:42 +0100] "GET /carefree-camaraderie-simba-timon-pumbaa-figurine-p-41686.html HTTP/1.0" 200 77555 "-" "Mozilla/5.0 (compatible; SemrushBot/7~bl; +http://www.semrush.com/bot.html)"
66.249.64.244 - - [15/Nov/2022:15:43:46 +0100] "GET /olives-cotton-towel-p-54936.html HTTP/1.0" 200 76151 "-" "Mozilla/5.0 (Linux; Android 6.0.1; Nexus 5X Build/MMB29P) AppleWebKit/537.36 (KHTML, like Gecko) Chrome/107.0.5304.110 Mobile Safari/537.36 (compatible; Googlebot/2.1; +http://www.google.com/bot.html)"
120.239.124.16 - - [15/Nov/2022:15:43:51 +0100] "HEAD / HTTP/1.0" 200 386 "www.wonder-geek.com" "Mozilla/5.0 (Windows NT 10.0; Win64; x64) AppleWebKit/537.36 (KHTML, like Gecko) Chrome/46.0.2486.0 Safari/537.36 Edge/13.10586"
120.239.124.16 - - [15/Nov/2022:15:43:52 +0100] "GET / HTTP/1.0" 200 152851 "www.wonder-geek.com" "Mozilla/5.0 (Windows NT 10.0; Win64; x64) AppleWebKit/537.36 (KHTML, like Gecko) Chrome/46.0.2486.0 Safari/537.36 Edge/13.10586"
66.249.64.244 - - [15/Nov/2022:15:44:00 +0100] "GET /images/big_prod_1/3665269098914a.jpg HTTP/1.0" 200 271 "-" "Googlebot-Image/1.0"
120.239.124.16 - - [15/Nov/2022:15:44:02 +0100] "HEAD / HTTP/1.0" 200 386 "www.wonder-geek.com" "Mozilla/5.0 (Windows NT 10.0; Win64; x64) AppleWebKit/537.36 (KHTML, like Gecko) Chrome/46.0.2486.0 Safari/537.36 Edge/13.10586"
185.191.171.14 - - [15/Nov/2022:15:44:03 +0100] "GET /mini-metal-tray-mont-carlo-p-40098.html HTTP/1.0" 200 76040 "-" "Mozilla/5.0 (compatible; SemrushBot/7~bl; +http://www.semrush.com/bot.html)"
120.239.124.16 - - [15/Nov/2022:15:44:03 +0100] "GET / HTTP/1.0" 200 153394 "www.wonder-geek.com" "Mozilla/5.0 (Windows NT 10.0; Win64; x64) AppleWebKit/537.36 (KHTML, like Gecko) Chrome/46.0.2486.0 Safari/537.36 Edge/13.10586"
120.239.124.16 - - [15/Nov/2022:15:44:08 +0100] "HEAD /contact_us.php HTTP/1.0" 200 386 "www.wonder-geek.com" "Mozilla/5.0 (Windows NT 10.0; Win64; x64) AppleWebKit/537.36 (KHTML, like Gecko) Chrome/46.0.2486.0 Safari/537.36 Edge/13.10586"
120.239.124.16 - - [15/Nov/2022:15:44:09 +0100] "GET /contact_us.php HTTP/1.0" 200 26241 "www.wonder-geek.com" "Mozilla/5.0 (Windows NT 10.0; Win64; x64) AppleWebKit/537.36 (KHTML, like Gecko) Chrome/46.0.2486.0 Safari/537.36 Edge/13.10586"
120.239.124.16 - - [15/Nov/2022:15:44:09 +0100] "HEAD /create_account.php HTTP/1.0" 200 386 "www.wonder-geek.com" "Mozilla/5.0 (Windows NT 10.0; Win64; x64) AppleWebKit/537.36 (KHTML, like Gecko) Chrome/46.0.2486.0 Safari/537.36 Edge/13.10586"
120.239.124.16 - - [15/Nov/2022:15:44:10 +0100] "GET /create_account.php HTTP/1.0" 200 33633 "www.wonder-geek.com" "Mozilla/5.0 (Windows NT 10.0; Win64; x64) AppleWebKit/537.36 (KHTML, like Gecko) Chrome/46.0.2486.0 Safari/537.36 Edge/13.10586"
120.239.124.16 - - [15/Nov/2022:15:44:11 +0100] "HEAD /checkout_shipping.php HTTP/1.0" 302 449 "www.wonder-geek.com" "Mozilla/5.0 (Windows NT 10.0; Win64; x64) AppleWebKit/537.36 (KHTML, like Gecko) Chrome/46.0.2486.0 Safari/537.36 Edge/13.10586"
120.239.124.16 - - [15/Nov/2022:15:44:11 +0100] "HEAD /login.php HTTP/1.0" 200 386 "www.wonder-geek.com" "Mozilla/5.0 (Windows NT 10.0; Win64; x64) AppleWebKit/537.36 (KHTML, like Gecko) Chrome/46.0.2486.0 Safari/537.36 Edge/13.10586"
120.239.124.16 - - [15/Nov/2022:15:44:12 +0100] "GET /checkout_shipping.php HTTP/1.0" 302 468 "www.wonder-geek.com" "Mozilla/5.0 (Windows NT 10.0; Win64; x64) AppleWebKit/537.36 (KHTML, like Gecko) Chrome/46.0.2486.0 Safari/537.36 Edge/13.10586"
120.239.124.16 - - [15/Nov/2022:15:44:12 +0100] "GET /login.php HTTP/1.0" 200 17155 "www.wonder-geek.com" "Mozilla/5.0 (Windows NT 10.0; Win64; x64) AppleWebKit/537.36 (KHTML, like Gecko) Chrome/46.0.2486.0 Safari/537.36 Edge/13.10586"
120.239.124.16 - - [15/Nov/2022:15:44:13 +0100] "HEAD /shopping_cart.php HTTP/1.0" 200 386 "www.wonder-geek.com" "Mozilla/5.0 (Windows NT 10.0; Win64; x64) AppleWebKit/537.36 (KHTML, like Gecko) Chrome/46.0.2486.0 Safari/537.36 Edge/13.10586"
120.239.124.16 - - [15/Nov/2022:15:44:14 +0100] "GET /shopping_cart.php HTTP/1.0" 200 13298 "www.wonder-geek.com" "Mozilla/5.0 (Windows NT 10.0; Win64; x64) AppleWebKit/537.36 (KHTML, like Gecko) Chrome/46.0.2486.0 Safari/537.36 Edge/13.10586"
120.239.124.16 - - [15/Nov/2022:15:44:14 +0100] "HEAD /login.php HTTP/1.0" 200 386 "www.wonder-geek.com" "Mozilla/5.0 (Windows NT 10.0; Win64; x64) AppleWebKit/537.36 (KHTML, like Gecko) Chrome/46.0.2486.0 Safari/537.36 Edge/13.10586"
120.239.124.16 - - [15/Nov/2022:15:44:15 +0100] "GET /login.php HTTP/1.0" 200 17155 "www.wonder-geek.com" "Mozilla/5.0 (Windows NT 10.0; Win64; x64) AppleWebKit/537.36 (KHTML, like Gecko) Chrome/46.0.2486.0 Safari/537.36 Edge/13.10586"
40.77.167.27 - - [15/Nov/2022:15:44:17 +0100] "GET /bamboo-flat-plate-lama-p-49584.html HTTP/1.0" 301 73331 "-" "Mozilla/5.0 (compatible; bingbot/2.0; +http://www.bing.com/bingbot.htm)"
40.77.167.28 - - [15/Nov/2022:15:44:23 +0100] "GET /nightmare-street-freddy-krueger-shot-glass-p-30975.html HTTP/1.0" 301 73331 "-" "Mozilla/5.0 (compatible; bingbot/2.0; +http://www.bing.com/bingbot.htm)"
54.36.149.104 - - [15/Nov/2022:15:44:24 +0100] "GET /rook-resin-marble-look-chess-piece-p-59410.html HTTP/1.0" 200 76912 "-" "Mozilla/5.0 (compatible; AhrefsBot/7.0; +http://ahrefs.com/robot/)"
185.191.171.39 - - [15/Nov/2022:15:44:25 +0100] "GET /frozen-anna-canvas-frame-p-32977.html HTTP/1.0" 200 75960 "-" "Mozilla/5.0 (compatible; SemrushBot/7~bl; +http://www.semrush.com/bot.html)"
125.217.235.106 - - [15/Nov/2022:15:44:28 +0100] "GET /images/mini_prod/1399984249758.jpg HTTP/1.0" 200 269 "-" "python-requests/2.26.0"
157.55.39.129 - - [15/Nov/2022:15:44:32 +0100] "GET /pepe-jeans-gray-shoulder-p-35985.html HTTP/1.0" 200 76284 "-" "Mozilla/5.0 (compatible; bingbot/2.0; +http://www.bing.com/bingbot.htm)"
185.191.171.21 - - [15/Nov/2022:15:44:36 +0100] "GET /humorous-thermometer-apro-p-53418.html HTTP/1.0" 200 75954 "-" "Mozilla/5.0 (compatible; SemrushBot/7~bl; +http://www.semrush.com/bot.html)"
185.191.171.6 - - [15/Nov/2022:15:44:44 +0100] "GET /tropical-bedclothes-p-41113.html HTTP/1.0" 200 75977 "-" "Mozilla/5.0 (compatible; SemrushBot/7~bl; +http://www.semrush.com/bot.html)"
120.239.124.16 - - [15/Nov/2022:15:44:46 +0100] "HEAD / HTTP/1.0" 200 386 "www.wonder-geek.com" "Mozilla/5.0 (Windows NT 10.0; Win64; x64) AppleWebKit/537.36 (KHTML, like Gecko) Chrome/46.0.2486.0 Safari/537.36 Edge/13.10586"
23.100.232.233 - - [15/Nov/2022:15:44:48 +0100] "GET /games-and-toys/figures/asterix-and-obelix-baba-black-pirate-figure-p-15691.html HTTP/1.0" 301 669 "-" "Mozilla/5.0 (compatible; MSIE 9.0; Windows NT 6.0; Trident/5.0;  Trident/5.0)"
120.239.124.16 - - [15/Nov/2022:15:44:47 +0100] "GET / HTTP/1.0" 200 153105 "www.wonder-geek.com" "Mozilla/5.0 (Windows NT 10.0; Win64; x64) AppleWebKit/537.36 (KHTML, like Gecko) Chrome/46.0.2486.0 Safari/537.36 Edge/13.10586"
23.100.232.233 - - [15/Nov/2022:15:44:49 +0100] "GET /games-and-toys/figures/asterix-and-obelix-baba-black-pirate-figure-p-15691.html HTTP/1.0" 301 73331 "-" "Mozilla/5.0 (compatible; MSIE 9.0; Windows NT 6.0; Trident/5.0;  Trident/5.0)"
23.100.232.233 - - [15/Nov/2022:15:44:52 +0100] "GET /-p-15691.html HTTP/1.0" 200 73264 "-" "Mozilla/5.0 (compatible; MSIE 9.0; Windows NT 6.0; Trident/5.0;  Trident/5.0)"
23.100.232.233 - - [15/Nov/2022:15:44:54 +0100] "GET /templates/Pixame_v1/stylesheet.css HTTP/1.0" 200 267 "http://www.wonder-geek.com/-p-15691.html" "Mozilla/5.0 (compatible; MSIE 9.0; Windows NT 6.0; Trident/5.0;  Trident/5.0)"
120.239.124.16 - - [15/Nov/2022:15:44:51 +0100] "HEAD /index.php?language=fr HTTP/1.0" 200 386 "www.wonder-geek.com" "Mozilla/5.0 (Windows NT 10.0; Win64; x64) AppleWebKit/537.36 (KHTML, like Gecko) Chrome/46.0.2486.0 Safari/537.36 Edge/13.10586"
23.100.232.233 - - [15/Nov/2022:15:44:54 +0100] "GET /highslide/highslide.js HTTP/1.0" 200 262 "http://www.wonder-geek.com/-p-15691.html" "Mozilla/5.0 (compatible; MSIE 9.0; Windows NT 6.0; Trident/5.0;  Trident/5.0)"
23.100.232.233 - - [15/Nov/2022:15:44:54 +0100] "GET /disney-descendants-small-suitcase-p-33687.html HTTP/1.0" 200 73420 "-" "Mozilla/5.0 (compatible; MSIE 9.0; Windows NT 6.0; Trident/5.0;  Trident/5.0)"
23.100.232.233 - - [15/Nov/2022:15:44:55 +0100] "GET /js/jquery.js HTTP/1.0" 200 252 "http://www.wonder-geek.com/-p-15691.html" "Mozilla/5.0 (compatible; MSIE 9.0; Windows NT 6.0; Trident/5.0;  Trident/5.0)"
23.100.232.233 - - [15/Nov/2022:15:44:55 +0100] "GET /templates/Pixame_v1/stylesheet.css HTTP/1.0" 200 267 "http://www.wonder-geek.com/disney-descendants-small-suitcase-p-33687.html" "Mozilla/5.0 (compatible; MSIE 9.0; Windows NT 6.0; Trident/5.0;  Trident/5.0)"
23.100.232.233 - - [15/Nov/2022:15:44:55 +0100] "GET /highslide/highslide.js HTTP/1.0" 200 262 "http://www.wonder-geek.com/disney-descendants-small-suitcase-p-33687.html" "Mozilla/5.0 (compatible; MSIE 9.0; Windows NT 6.0; Trident/5.0;  Trident/5.0)"
23.100.232.233 - - [15/Nov/2022:15:44:56 +0100] "GET /js/jquery.js HTTP/1.0" 200 252 "http://www.wonder-geek.com/disney-descendants-small-suitcase-p-33687.html" "Mozilla/5.0 (compatible; MSIE 9.0; Windows NT 6.0; Trident/5.0;  Trident/5.0)"
23.100.232.233 - - [15/Nov/2022:15:44:56 +0100] "GET /js/jquery.jqzoom.js HTTP/1.0" 200 259 "http://www.wonder-geek.com/disney-descendants-small-suitcase-p-33687.html" "Mozilla/5.0 (compatible; MSIE 9.0; Windows NT 6.0; Trident/5.0;  Trident/5.0)"
23.100.232.233 - - [15/Nov/2022:15:44:56 +0100] "GET /mondial_relay/js/jquery-1.3.2.min.js HTTP/1.0" 200 276 "http://www.wonder-geek.com/disney-descendants-small-suitcase-p-33687.html" "Mozilla/5.0 (compatible; MSIE 9.0; Windows NT 6.0; Trident/5.0;  Trident/5.0)"
23.100.232.233 - - [15/Nov/2022:15:44:56 +0100] "GET /js/jquery.jqzoom.js HTTP/1.0" 200 259 "http://www.wonder-geek.com/-p-15691.html" "Mozilla/5.0 (compatible; MSIE 9.0; Windows NT 6.0; Trident/5.0;  Trident/5.0)"
23.100.232.233 - - [15/Nov/2022:15:44:56 +0100] "GET /swfobject.js HTTP/1.0" 404 1308 "http://www.wonder-geek.com/disney-descendants-small-suitcase-p-33687.html" "Mozilla/5.0 (compatible; MSIE 9.0; Windows NT 6.0; Trident/5.0;  Trident/5.0)"
23.100.232.233 - - [15/Nov/2022:15:44:56 +0100] "GET /style.ie7.css HTTP/1.0" 404 1308 "http://www.wonder-geek.com/disney-descendants-small-suitcase-p-33687.html" "Mozilla/5.0 (compatible; MSIE 9.0; Windows NT 6.0; Trident/5.0;  Trident/5.0)"
23.100.232.233 - - [15/Nov/2022:15:44:56 +0100] "GET /mondial_relay/js/jquery-1.3.2.min.js HTTP/1.0" 200 276 "http://www.wonder-geek.com/-p-15691.html" "Mozilla/5.0 (compatible; MSIE 9.0; Windows NT 6.0; Trident/5.0;  Trident/5.0)"
23.100.232.233 - - [15/Nov/2022:15:44:56 +0100] "GET /swfobject.js HTTP/1.0" 404 1308 "http://www.wonder-geek.com/-p-15691.html" "Mozilla/5.0 (compatible; MSIE 9.0; Windows NT 6.0; Trident/5.0;  Trident/5.0)"
23.100.232.233 - - [15/Nov/2022:15:44:56 +0100] "GET /templates/Pixame_v1/images/flash.swf HTTP/1.0" 200 290 "http://www.wonder-geek.com/disney-descendants-small-suitcase-p-33687.html" "Mozilla/5.0 (compatible; MSIE 9.0; Windows NT 6.0; Trident/5.0;  Trident/5.0)"
23.100.232.233 - - [15/Nov/2022:15:44:56 +0100] "GET /highslide/graphics/zoomout.cur HTTP/1.0" 200 614 "http://www.wonder-geek.com/disney-descendants-small-suitcase-p-33687.html" "Mozilla/5.0 (compatible; MSIE 9.0; Windows NT 6.0; Trident/5.0;  Trident/5.0)"
23.100.232.233 - - [15/Nov/2022:15:44:57 +0100] "GET /style.ie7.css HTTP/1.0" 404 1308 "http://www.wonder-geek.com/-p-15691.html" "Mozilla/5.0 (compatible; MSIE 9.0; Windows NT 6.0; Trident/5.0;  Trident/5.0)"
120.239.124.16 - - [15/Nov/2022:15:44:55 +0100] "GET /index.php?language=fr HTTP/1.0" 200 160180 "www.wonder-geek.com" "Mozilla/5.0 (Windows NT 10.0; Win64; x64) AppleWebKit/537.36 (KHTML, like Gecko) Chrome/46.0.2486.0 Safari/537.36 Edge/13.10586"
120.239.124.16 - - [15/Nov/2022:15:44:59 +0100] "HEAD /specials.php HTTP/1.0" 200 386 "www.wonder-geek.com" "Mozilla/5.0 (Windows NT 10.0; Win64; x64) AppleWebKit/537.36 (KHTML, like Gecko) Chrome/46.0.2486.0 Safari/537.36 Edge/13.10586"
23.100.232.233 - - [15/Nov/2022:15:45:00 +0100] "GET /templates/Pixame_v1/images/flash.swf HTTP/1.0" 200 290 "http://www.wonder-geek.com/-p-15691.html" "Mozilla/5.0 (compatible; MSIE 9.0; Windows NT 6.0; Trident/5.0;  Trident/5.0)"
23.100.232.233 - - [15/Nov/2022:15:45:00 +0100] "GET /highslide/graphics/zoomout.cur HTTP/1.0" 200 614 "http://www.wonder-geek.com/-p-15691.html" "Mozilla/5.0 (compatible; MSIE 9.0; Windows NT 6.0; Trident/5.0;  Trident/5.0)"
120.239.124.16 - - [15/Nov/2022:15:44:59 +0100] "GET /specials.php HTTP/1.0" 200 125516 "www.wonder-geek.com" "Mozilla/5.0 (Windows NT 10.0; Win64; x64) AppleWebKit/537.36 (KHTML, like Gecko) Chrome/46.0.2486.0 Safari/537.36 Edge/13.10586"
120.239.124.16 - - [15/Nov/2022:15:45:04 +0100] "HEAD /products_new.php HTTP/1.0" 200 386 "www.wonder-geek.com" "Mozilla/5.0 (Windows NT 10.0; Win64; x64) AppleWebKit/537.36 (KHTML, like Gecko) Chrome/46.0.2486.0 Safari/537.36 Edge/13.10586"
120.239.124.16 - - [15/Nov/2022:15:45:04 +0100] "GET /products_new.php HTTP/1.0" 200 98825 "www.wonder-geek.com" "Mozilla/5.0 (Windows NT 10.0; Win64; x64) AppleWebKit/537.36 (KHTML, like Gecko) Chrome/46.0.2486.0 Safari/537.36 Edge/13.10586"
185.191.171.13 - - [15/Nov/2022:15:45:07 +0100] "GET /small-blue-ceramic-lamp-p-54853.html HTTP/1.0" 200 73358 "-" "Mozilla/5.0 (compatible; SemrushBot/7~bl; +http://www.semrush.com/bot.html)"
120.239.124.16 - - [15/Nov/2022:15:45:08 +0100] "HEAD /dishes-c-12.html HTTP/1.0" 200 386 "www.wonder-geek.com" "Mozilla/5.0 (Windows NT 10.0; Win64; x64) AppleWebKit/537.36 (KHTML, like Gecko) Chrome/46.0.2486.0 Safari/537.36 Edge/13.10586"
120.239.124.16 - - [15/Nov/2022:15:45:09 +0100] "GET /dishes-c-12.html HTTP/1.0" 200 94100 "www.wonder-geek.com" "Mozilla/5.0 (Windows NT 10.0; Win64; x64) AppleWebKit/537.36 (KHTML, like Gecko) Chrome/46.0.2486.0 Safari/537.36 Edge/13.10586"
185.191.171.37 - - [15/Nov/2022:15:45:13 +0100] "GET /-p-49567.html HTTP/1.0" 200 73264 "-" "Mozilla/5.0 (compatible; SemrushBot/7~bl; +http://www.semrush.com/bot.html)"
120.239.124.16 - - [15/Nov/2022:15:45:44 +0100] "HEAD /adaptable-decorative-caps-c-12_249.html HTTP/1.0" 200 386 "www.wonder-geek.com" "Mozilla/5.0 (Windows NT 10.0; Win64; x64) AppleWebKit/537.36 (KHTML, like Gecko) Chrome/46.0.2486.0 Safari/537.36 Edge/13.10586"
120.239.124.16 - - [15/Nov/2022:15:45:45 +0100] "GET /adaptable-decorative-caps-c-12_249.html HTTP/1.0" 200 83210 "www.wonder-geek.com" "Mozilla/5.0 (Windows NT 10.0; Win64; x64) AppleWebKit/537.36 (KHTML, like Gecko) Chrome/46.0.2486.0 Safari/537.36 Edge/13.10586"
185.191.171.25 - - [15/Nov/2022:15:45:56 +0100] "GET /buddha-decorative-statue-p-38542.html HTTP/1.0" 200 73366 "-" "Mozilla/5.0 (compatible; SemrushBot/7~bl; +http://www.semrush.com/bot.html)"
185.191.171.3 - - [15/Nov/2022:15:45:59 +0100] "GET /-p-49302.html HTTP/1.0" 200 73264 "-" "Mozilla/5.0 (compatible; SemrushBot/7~bl; +http://www.semrush.com/bot.html)"
40.77.167.28 - - [15/Nov/2022:15:46:02 +0100] "GET /-p-35787.html HTTP/1.0" 200 73264 "-" "Mozilla/5.0 AppleWebKit/537.36 (KHTML, like Gecko; compatible; bingbot/2.0; +http://www.bing.com/bingbot.htm) Chrome/103.0.5060.134 Safari/537.36"
40.77.167.28 - - [15/Nov/2022:15:46:05 +0100] "GET /hello-kitty-camomilla-shopper-p-21630.html HTTP/1.0" 301 73331 "-" "Mozilla/5.0 AppleWebKit/537.36 (KHTML, like Gecko; compatible; bingbot/2.0; +http://www.bing.com/bingbot.htm) Chrome/103.0.5060.134 Safari/537.36"
40.77.167.27 - - [15/Nov/2022:15:46:07 +0100] "GET /melt-calming-aloe-p-43772.html HTTP/1.0" 200 73334 "-" "Mozilla/5.0 AppleWebKit/537.36 (KHTML, like Gecko; compatible; bingbot/2.0; +http://www.bing.com/bingbot.htm) Chrome/103.0.5060.134 Safari/537.36"
185.191.171.26 - - [15/Nov/2022:15:46:08 +0100] "GET /adjustable-desk-lamp-wood-metal-p-47502.html HTTP/1.0" 200 76653 "-" "Mozilla/5.0 (compatible; SemrushBot/7~bl; +http://www.semrush.com/bot.html)"
120.239.124.16 - - [15/Nov/2022:15:46:18 +0100] "HEAD /barbecue-aperitif-c-12_254.html HTTP/1.0" 200 386 "www.wonder-geek.com" "Mozilla/5.0 (Windows NT 10.0; Win64; x64) AppleWebKit/537.36 (KHTML, like Gecko) Chrome/46.0.2486.0 Safari/537.36 Edge/13.10586"
120.239.124.16 - - [15/Nov/2022:15:46:19 +0100] "GET /barbecue-aperitif-c-12_254.html HTTP/1.0" 200 92595 "www.wonder-geek.com" "Mozilla/5.0 (Windows NT 10.0; Win64; x64) AppleWebKit/537.36 (KHTML, like Gecko) Chrome/46.0.2486.0 Safari/537.36 Edge/13.10586"
185.191.171.23 - - [15/Nov/2022:15:46:21 +0100] "GET /ceramic-vase-gray-aged-look-with-handle-p-48030.html HTTP/1.0" 200 73434 "-" "Mozilla/5.0 (compatible; SemrushBot/7~bl; +http://www.semrush.com/bot.html)"
120.239.124.16 - - [15/Nov/2022:15:46:22 +0100] "HEAD /bottle-holder-beer-bucket-c-12_224.html HTTP/1.0" 200 386 "www.wonder-geek.com" "Mozilla/5.0 (Windows NT 10.0; Win64; x64) AppleWebKit/537.36 (KHTML, like Gecko) Chrome/46.0.2486.0 Safari/537.36 Edge/13.10586"
120.239.124.16 - - [15/Nov/2022:15:46:23 +0100] "GET /bottle-holder-beer-bucket-c-12_224.html HTTP/1.0" 200 93369 "www.wonder-geek.com" "Mozilla/5.0 (Windows NT 10.0; Win64; x64) AppleWebKit/537.36 (KHTML, like Gecko) Chrome/46.0.2486.0 Safari/537.36 Edge/13.10586"
120.239.124.16 - - [15/Nov/2022:15:46:26 +0100] "HEAD /bowls-c-12_60.html HTTP/1.0" 200 386 "www.wonder-geek.com" "Mozilla/5.0 (Windows NT 10.0; Win64; x64) AppleWebKit/537.36 (KHTML, like Gecko) Chrome/46.0.2486.0 Safari/537.36 Edge/13.10586"
120.239.124.16 - - [15/Nov/2022:15:46:27 +0100] "GET /bowls-c-12_60.html HTTP/1.0" 200 94440 "www.wonder-geek.com" "Mozilla/5.0 (Windows NT 10.0; Win64; x64) AppleWebKit/537.36 (KHTML, like Gecko) Chrome/46.0.2486.0 Safari/537.36 Edge/13.10586"
120.239.124.16 - - [15/Nov/2022:15:46:30 +0100] "HEAD /bowls-c-12_255.html HTTP/1.0" 200 386 "www.wonder-geek.com" "Mozilla/5.0 (Windows NT 10.0; Win64; x64) AppleWebKit/537.36 (KHTML, like Gecko) Chrome/46.0.2486.0 Safari/537.36 Edge/13.10586"
120.239.124.16 - - [15/Nov/2022:15:46:31 +0100] "GET /bowls-c-12_255.html HTTP/1.0" 200 81143 "www.wonder-geek.com" "Mozilla/5.0 (Windows NT 10.0; Win64; x64) AppleWebKit/537.36 (KHTML, like Gecko) Chrome/46.0.2486.0 Safari/537.36 Edge/13.10586"
120.239.124.16 - - [15/Nov/2022:15:46:34 +0100] "HEAD /butter-dish-c-12_222.html HTTP/1.0" 200 386 "www.wonder-geek.com" "Mozilla/5.0 (Windows NT 10.0; Win64; x64) AppleWebKit/537.36 (KHTML, like Gecko) Chrome/46.0.2486.0 Safari/537.36 Edge/13.10586"
120.239.124.16 - - [15/Nov/2022:15:46:35 +0100] "GET /butter-dish-c-12_222.html HTTP/1.0" 200 86766 "www.wonder-geek.com" "Mozilla/5.0 (Windows NT 10.0; Win64; x64) AppleWebKit/537.36 (KHTML, like Gecko) Chrome/46.0.2486.0 Safari/537.36 Edge/13.10586"
120.239.124.16 - - [15/Nov/2022:15:46:38 +0100] "HEAD /cake-molds-cube-molds-c-12_246.html HTTP/1.0" 200 386 "www.wonder-geek.com" "Mozilla/5.0 (Windows NT 10.0; Win64; x64) AppleWebKit/537.36 (KHTML, like Gecko) Chrome/46.0.2486.0 Safari/537.36 Edge/13.10586"
120.239.124.16 - - [15/Nov/2022:15:46:39 +0100] "GET /cake-molds-cube-molds-c-12_246.html HTTP/1.0" 200 88809 "www.wonder-geek.com" "Mozilla/5.0 (Windows NT 10.0; Win64; x64) AppleWebKit/537.36 (KHTML, like Gecko) Chrome/46.0.2486.0 Safari/537.36 Edge/13.10586"
120.239.124.16 - - [15/Nov/2022:15:46:42 +0100] "HEAD /cellar-slicer-sausage-c-12_252.html HTTP/1.0" 200 386 "www.wonder-geek.com" "Mozilla/5.0 (Windows NT 10.0; Win64; x64) AppleWebKit/537.36 (KHTML, like Gecko) Chrome/46.0.2486.0 Safari/537.36 Edge/13.10586"
120.239.124.16 - - [15/Nov/2022:15:46:43 +0100] "GET /cellar-slicer-sausage-c-12_252.html HTTP/1.0" 200 84641 "www.wonder-geek.com" "Mozilla/5.0 (Windows NT 10.0; Win64; x64) AppleWebKit/537.36 (KHTML, like Gecko) Chrome/46.0.2486.0 Safari/537.36 Edge/13.10586"
120.239.124.16 - - [15/Nov/2022:15:46:46 +0100] "HEAD /coasters-c-12_157.html HTTP/1.0" 200 386 "www.wonder-geek.com" "Mozilla/5.0 (Windows NT 10.0; Win64; x64) AppleWebKit/537.36 (KHTML, like Gecko) Chrome/46.0.2486.0 Safari/537.36 Edge/13.10586"
120.239.124.16 - - [15/Nov/2022:15:46:46 +0100] "GET /coasters-c-12_157.html HTTP/1.0" 200 94771 "www.wonder-geek.com" "Mozilla/5.0 (Windows NT 10.0; Win64; x64) AppleWebKit/537.36 (KHTML, like Gecko) Chrome/46.0.2486.0 Safari/537.36 Edge/13.10586"
185.191.171.7 - - [15/Nov/2022:15:46:47 +0100] "GET /lighting-c-13_86.html?page=35 HTTP/1.0" 200 88773 "-" "Mozilla/5.0 (compatible; SemrushBot/7~bl; +http://www.semrush.com/bot.html)"
120.239.124.16 - - [15/Nov/2022:15:46:50 +0100] "HEAD /corkscrew-bottle-opener-sommelier-c-12_213.html HTTP/1.0" 200 386 "www.wonder-geek.com" "Mozilla/5.0 (Windows NT 10.0; Win64; x64) AppleWebKit/537.36 (KHTML, like Gecko) Chrome/46.0.2486.0 Safari/537.36 Edge/13.10586"
120.239.124.16 - - [15/Nov/2022:15:46:51 +0100] "GET /corkscrew-bottle-opener-sommelier-c-12_213.html HTTP/1.0" 200 93318 "www.wonder-geek.com" "Mozilla/5.0 (Windows NT 10.0; Win64; x64) AppleWebKit/537.36 (KHTML, like Gecko) Chrome/46.0.2486.0 Safari/537.36 Edge/13.10586"
207.46.13.181 - - [15/Nov/2022:15:46:52 +0100] "GET /hello-kitty-small-palette-cosmetics-p-20711.html HTTP/1.0" 200 76210 "-" "Mozilla/5.0 (compatible; bingbot/2.0; +http://www.bing.com/bingbot.htm)"
120.239.124.16 - - [15/Nov/2022:15:46:54 +0100] "HEAD /dishes-dishes-c-12_251.html HTTP/1.0" 200 386 "www.wonder-geek.com" "Mozilla/5.0 (Windows NT 10.0; Win64; x64) AppleWebKit/537.36 (KHTML, like Gecko) Chrome/46.0.2486.0 Safari/537.36 Edge/13.10586"
120.239.124.16 - - [15/Nov/2022:15:46:55 +0100] "GET /dishes-dishes-c-12_251.html HTTP/1.0" 200 92396 "www.wonder-geek.com" "Mozilla/5.0 (Windows NT 10.0; Win64; x64) AppleWebKit/537.36 (KHTML, like Gecko) Chrome/46.0.2486.0 Safari/537.36 Edge/13.10586"
120.239.124.16 - - [15/Nov/2022:15:46:58 +0100] "HEAD /cups-c-12_248.html HTTP/1.0" 200 386 "www.wonder-geek.com" "Mozilla/5.0 (Windows NT 10.0; Win64; x64) AppleWebKit/537.36 (KHTML, like Gecko) Chrome/46.0.2486.0 Safari/537.36 Edge/13.10586"
120.239.124.16 - - [15/Nov/2022:15:46:59 +0100] "GET /cups-c-12_248.html HTTP/1.0" 200 88416 "www.wonder-geek.com" "Mozilla/5.0 (Windows NT 10.0; Win64; x64) AppleWebKit/537.36 (KHTML, like Gecko) Chrome/46.0.2486.0 Safari/537.36 Edge/13.10586"
42.194.215.216 - - [15/Nov/2022:15:47:02 +0100] "GET /images/mini_prod/3660173200040.jpg HTTP/1.0" 200 269 "-" "Mozilla/5.0 (X11; Ubuntu; Linux x86_64; rv:72.0) Gecko/20100101 Firefox/72.0"
185.191.171.41 - - [15/Nov/2022:15:47:11 +0100] "GET /polaroid-rectangulary-cushion-with-personalized-picture-p-16682.html HTTP/1.0" 200 73627 "-" "Mozilla/5.0 (compatible; SemrushBot/7~bl; +http://www.semrush.com/bot.html)"
207.46.13.42 - - [15/Nov/2022:15:47:21 +0100] "GET /bolster-case-black-p-34840.html HTTP/1.0" 200 76155 "-" "Mozilla/5.0 AppleWebKit/537.36 (KHTML, like Gecko; compatible; bingbot/2.0; +http://www.bing.com/bingbot.htm) Chrome/103.0.5060.134 Safari/537.36"
50.236.177.202 - - [15/Nov/2022:15:47:32 +0100] "GET /images/mini_prod/3565750277777.jpg HTTP/1.0" 200 269 "-" "Mozilla/5.0 (X11; Ubuntu; Linux x86_64; rv:72.0) Gecko/20100101 Firefox/72.0"
185.191.171.2 - - [15/Nov/2022:15:47:31 +0100] "GET /decorative-useful-little-buddha-p-53308.html HTTP/1.0" 200 76024 "-" "Mozilla/5.0 (compatible; SemrushBot/7~bl; +http://www.semrush.com/bot.html)"
185.191.171.10 - - [15/Nov/2022:15:47:34 +0100] "GET /round-magnetic-cork-trivet-p-59088.html HTTP/1.0" 200 76597 "-" "Mozilla/5.0 (compatible; SemrushBot/7~bl; +http://www.semrush.com/bot.html)"
185.191.171.22 - - [15/Nov/2022:15:47:38 +0100] "GET /keel-toys-hedgehog-plush-p-50309.html HTTP/1.0" 200 73350 "-" "Mozilla/5.0 (compatible; SemrushBot/7~bl; +http://www.semrush.com/bot.html)"
157.55.39.129 - - [15/Nov/2022:15:47:42 +0100] "GET /marilyn-strass-mobile-sock-p-1998.html HTTP/1.0" 200 75787 "-" "Mozilla/5.0 AppleWebKit/537.36 (KHTML, like Gecko; compatible; bingbot/2.0; +http://www.bing.com/bingbot.htm) Chrome/103.0.5060.134 Safari/537.36"
185.191.171.39 - - [15/Nov/2022:15:48:03 +0100] "GET /grey-keychains-p-32588.html HTTP/1.0" 200 75891 "-" "Mozilla/5.0 (compatible; SemrushBot/7~bl; +http://www.semrush.com/bot.html)"
185.191.171.36 - - [15/Nov/2022:15:48:14 +0100] "GET /candy-cloud-bamboo-cake-p-51809.html HTTP/1.0" 200 73336 "-" "Mozilla/5.0 (compatible; SemrushBot/7~bl; +http://www.semrush.com/bot.html)"
54.36.148.171 - - [15/Nov/2022:15:48:17 +0100] "GET /little-buddha-retractable-ballpoint-pen-pink-p-43067.html HTTP/1.0" 301 73519 "-" "Mozilla/5.0 (compatible; AhrefsBot/7.0; +http://ahrefs.com/robot/)"
185.191.171.39 - - [15/Nov/2022:15:48:22 +0100] "GET /ceramic-cork-trivet-cement-tiles-p-54098.html HTTP/1.0" 200 75997 "-" "Mozilla/5.0 (compatible; SemrushBot/7~bl; +http://www.semrush.com/bot.html)"
185.191.171.10 - - [15/Nov/2022:15:48:42 +0100] "GET /prose-gourmande-wall-decoration-p-42707.html HTTP/1.0" 200 75985 "-" "Mozilla/5.0 (compatible; SemrushBot/7~bl; +http://www.semrush.com/bot.html)"
185.191.171.43 - - [15/Nov/2022:15:48:45 +0100] "GET /ethnic-aluminum-tray-copper-color-p-44753.html HTTP/1.0" 200 73398 "-" "Mozilla/5.0 (compatible; SemrushBot/7~bl; +http://www.semrush.com/bot.html)"
157.55.39.129 - - [15/Nov/2022:15:49:02 +0100] "GET /elephants-wood-jewelry-p-45999.html HTTP/1.0" 301 73331 "-" "Mozilla/5.0 AppleWebKit/537.36 (KHTML, like Gecko; compatible; bingbot/2.0; +http://www.bing.com/bingbot.htm) Chrome/103.0.5060.134 Safari/537.36"
185.191.171.10 - - [15/Nov/2022:15:49:13 +0100] "GET /frames-flags-decorative-paintings-c-13_148.html?page=8 HTTP/1.0" 200 85927 "-" "Mozilla/5.0 (compatible; SemrushBot/7~bl; +http://www.semrush.com/bot.html)"
185.191.171.23 - - [15/Nov/2022:15:50:03 +0100] "GET /scorpio-cookware-cbkreation-p-43282.html HTTP/1.0" 200 76015 "-" "Mozilla/5.0 (compatible; SemrushBot/7~bl; +http://www.semrush.com/bot.html)"
185.191.171.15 - - [15/Nov/2022:15:50:18 +0100] "GET /-p-30587.html HTTP/1.0" 200 73264 "-" "Mozilla/5.0 (compatible; SemrushBot/7~bl; +http://www.semrush.com/bot.html)"
185.191.171.11 - - [15/Nov/2022:15:50:25 +0100] "GET /orange-kitchen-towel-p-44418.html HTTP/1.0" 200 75921 "-" "Mozilla/5.0 (compatible; SemrushBot/7~bl; +http://www.semrush.com/bot.html)"
50.236.177.202 - - [15/Nov/2022:15:50:27 +0100] "GET /images/mini_prod/3700276874486.jpg HTTP/1.0" 200 269 "-" "Mozilla/5.0 (X11; Ubuntu; Linux x86_64; rv:72.0) Gecko/20100101 Firefox/72.0"
207.46.13.42 - - [15/Nov/2022:15:50:32 +0100] "GET /decorations/tin-and-metal-signs/small-collection-plate-metal-vespa-the-den-the-vespa-p-16835.html HTTP/1.0" 301 705 "-" "Mozilla/5.0 (compatible; bingbot/2.0; +http://www.bing.com/bingbot.htm)"
157.55.39.129 - - [15/Nov/2022:15:50:33 +0100] "GET /lady-mount-carmel-prayer-candle-novena-p-51642.html HTTP/1.0" 200 73408 "-" "Mozilla/5.0 (compatible; bingbot/2.0; +http://www.bing.com/bingbot.htm)"
207.46.13.181 - - [15/Nov/2022:15:50:42 +0100] "GET /marley-computer-model-p-24150.html HTTP/1.0" 200 76189 "-" "Mozilla/5.0 (compatible; bingbot/2.0; +http://www.bing.com/bingbot.htm)"
185.191.171.24 - - [15/Nov/2022:15:50:43 +0100] "GET /aime-stickers-p-38340.html HTTP/1.0" 200 75979 "-" "Mozilla/5.0 (compatible; SemrushBot/7~bl; +http://www.semrush.com/bot.html)"
40.77.167.27 - - [15/Nov/2022:15:50:47 +0100] "GET /pucca-p-22265.html HTTP/1.0" 200 75924 "-" "Mozilla/5.0 AppleWebKit/537.36 (KHTML, like Gecko; compatible; bingbot/2.0; +http://www.bing.com/bingbot.htm) Chrome/103.0.5060.134 Safari/537.36"
207.46.13.42 - - [15/Nov/2022:15:51:02 +0100] "GET /-p-26266.html HTTP/1.0" 200 73264 "-" "Mozilla/5.0 (compatible; bingbot/2.0; +http://www.bing.com/bingbot.htm)"
66.249.64.242 - - [15/Nov/2022:15:51:13 +0100] "GET /images/big_prod_1/9349878009441B.jpg HTTP/1.0" 200 271 "-" "Googlebot-Image/1.0"
54.36.148.178 - - [15/Nov/2022:15:51:15 +0100] "GET /horse-mouse-p-24680.html HTTP/1.0" 200 75785 "-" "Mozilla/5.0 (compatible; AhrefsBot/7.0; +http://ahrefs.com/robot/)"
185.191.171.10 - - [15/Nov/2022:15:51:20 +0100] "GET /african-family-p-47468.html HTTP/1.0" 200 76518 "-" "Mozilla/5.0 (compatible; SemrushBot/7~bl; +http://www.semrush.com/bot.html)"
185.191.171.26 - - [15/Nov/2022:15:51:39 +0100] "GET /mani-lucky-charm-size-pour-vacances-p-33277.html HTTP/1.0" 200 76314 "-" "Mozilla/5.0 (compatible; SemrushBot/7~bl; +http://www.semrush.com/bot.html)"
185.191.171.26 - - [15/Nov/2022:15:51:49 +0100] "GET /best-summer-mono-wooden-hook-p-37236.html HTTP/1.0" 200 76055 "-" "Mozilla/5.0 (compatible; SemrushBot/7~bl; +http://www.semrush.com/bot.html)"
185.191.171.18 - - [15/Nov/2022:15:51:53 +0100] "GET /dancing-shiva-wall-hanging-p-47246.html HTTP/1.0" 200 73382 "-" "Mozilla/5.0 (compatible; SemrushBot/7~bl; +http://www.semrush.com/bot.html)"
185.191.171.6 - - [15/Nov/2022:15:51:56 +0100] "GET /melt-violet-moon-p-42621.html HTTP/1.0" 200 73353 "-" "Mozilla/5.0 (compatible; SemrushBot/7~bl; +http://www.semrush.com/bot.html)"
157.55.39.183 - - [15/Nov/2022:15:51:57 +0100] "GET /-p-35842.html HTTP/1.0" 200 73264 "-" "Mozilla/5.0 AppleWebKit/537.36 (KHTML, like Gecko; compatible; bingbot/2.0; +http://www.bing.com/bingbot.htm) Chrome/103.0.5060.134 Safari/537.36"
185.191.171.3 - - [15/Nov/2022:15:52:00 +0100] "GET /wooden-with-chiseled-brass-decoration-p-55078.html HTTP/1.0" 200 77018 "-" "Mozilla/5.0 (compatible; SemrushBot/7~bl; +http://www.semrush.com/bot.html)"
157.55.39.129 - - [15/Nov/2022:15:52:12 +0100] "GET /buddha-resin-p-38536.html HTTP/1.0" 200 76036 "-" "Mozilla/5.0 AppleWebKit/537.36 (KHTML, like Gecko; compatible; bingbot/2.0; +http://www.bing.com/bingbot.htm) Chrome/103.0.5060.134 Safari/537.36"
185.191.171.24 - - [15/Nov/2022:15:52:22 +0100] "GET /with-personalized-picture-p-49152.html HTTP/1.0" 200 76465 "-" "Mozilla/5.0 (compatible; SemrushBot/7~bl; +http://www.semrush.com/bot.html)"
185.191.171.12 - - [15/Nov/2022:15:52:37 +0100] "GET /games-toys-c-4.html?page=7 HTTP/1.0" 200 95172 "-" "Mozilla/5.0 (compatible; SemrushBot/7~bl; +http://www.semrush.com/bot.html)"
185.191.171.10 - - [15/Nov/2022:15:52:40 +0100] "GET /austin-mini-metal-plate-p-33711.html HTTP/1.0" 200 75962 "-" "Mozilla/5.0 (compatible; SemrushBot/7~bl; +http://www.semrush.com/bot.html)"
99.42.123.205 - - [15/Nov/2022:15:52:49 +0100] "GET /images/mini_prod/78-4153.jpg HTTP/1.0" 200 263 "-" "Mozilla/5.0 (X11; Ubuntu; Linux x86_64; rv:72.0) Gecko/20100101 Firefox/72.0"
66.249.64.242 - - [15/Nov/2022:15:52:50 +0100] "GET /large-metal-plate-deco-p-40290.html HTTP/1.0" 200 75911 "-" "Mozilla/5.0 (Linux; Android 6.0.1; Nexus 5X Build/MMB29P) AppleWebKit/537.36 (KHTML, like Gecko) Chrome/107.0.5304.110 Mobile Safari/537.36 (compatible; Googlebot/2.1; +http://www.google.com/bot.html)"
185.191.171.1 - - [15/Nov/2022:15:52:59 +0100] "GET /corsica-calanche-piana-placemat-p-49720.html HTTP/1.0" 200 76037 "-" "Mozilla/5.0 (compatible; SemrushBot/7~bl; +http://www.semrush.com/bot.html)"
185.191.171.26 - - [15/Nov/2022:15:53:07 +0100] "GET /snoopy-analogic-alarm-clock-p-19268.html HTTP/1.0" 200 75998 "-" "Mozilla/5.0 (compatible; SemrushBot/7~bl; +http://www.semrush.com/bot.html)"
185.191.171.4 - - [15/Nov/2022:15:53:35 +0100] "GET /winnie-pooh-ceiling-light-p-33142.html HTTP/1.0" 200 73378 "-" "Mozilla/5.0 (compatible; SemrushBot/7~bl; +http://www.semrush.com/bot.html)"
207.46.13.181 - - [15/Nov/2022:15:53:42 +0100] "GET /mcstuffins-little-backpack-p-30376.html HTTP/1.0" 301 73331 "-" "Mozilla/5.0 AppleWebKit/537.36 (KHTML, like Gecko; compatible; bingbot/2.0; +http://www.bing.com/bingbot.htm) Chrome/103.0.5060.134 Safari/537.36"
207.46.13.181 - - [15/Nov/2022:15:53:44 +0100] "GET /home/stickers-and-posters/punks-not-dead-sticker-p-12746.html HTTP/1.0" 301 73331 "-" "Mozilla/5.0 (compatible; bingbot/2.0; +http://www.bing.com/bingbot.htm)"
185.191.171.33 - - [15/Nov/2022:15:53:45 +0100] "GET /-p-53029.html HTTP/1.0" 200 73264 "-" "Mozilla/5.0 (compatible; SemrushBot/7~bl; +http://www.semrush.com/bot.html)"
185.191.171.43 - - [15/Nov/2022:15:53:55 +0100] "GET /incense-lphant-rose-rose-kashmir-p-40378.html HTTP/1.0" 200 76205 "-" "Mozilla/5.0 (compatible; SemrushBot/7~bl; +http://www.semrush.com/bot.html)"
207.46.13.181 - - [15/Nov/2022:15:54:02 +0100] "GET /sonny-angel-figurine-series-p-27670.html HTTP/1.0" 200 73374 "-" "Mozilla/5.0 (compatible; bingbot/2.0; +http://www.bing.com/bingbot.htm)"
185.191.171.12 - - [15/Nov/2022:15:54:19 +0100] "GET /trays-medium-size-c-12_159_265.html?page=4 HTTP/1.0" 200 82278 "-" "Mozilla/5.0 (compatible; SemrushBot/7~bl; +http://www.semrush.com/bot.html)"
185.191.171.14 - - [15/Nov/2022:15:54:38 +0100] "GET /-p-28413.html HTTP/1.0" 200 73264 "-" "Mozilla/5.0 (compatible; SemrushBot/7~bl; +http://www.semrush.com/bot.html)"
207.46.13.181 - - [15/Nov/2022:15:54:42 +0100] "GET /light-holder-pentacle-black-soapstone-wicca-p-44680.html HTTP/1.0" 200 77629 "-" "Mozilla/5.0 AppleWebKit/537.36 (KHTML, like Gecko; compatible; bingbot/2.0; +http://www.bing.com/bingbot.htm) Chrome/103.0.5060.134 Safari/537.36"
66.249.64.246 - - [15/Nov/2022:15:54:58 +0100] "GET /pretty-kitty-allen-clock-p-58676.html HTTP/1.0" 200 76693 "-" "Mozilla/5.0 (Linux; Android 6.0.1; Nexus 5X Build/MMB29P) AppleWebKit/537.36 (KHTML, like Gecko) Chrome/107.0.5304.110 Mobile Safari/537.36 (compatible; Googlebot/2.1; +http://www.google.com/bot.html)"
185.191.171.22 - - [15/Nov/2022:15:55:06 +0100] "GET /shape-violin-p-46977.html HTTP/1.0" 200 73357 "-" "Mozilla/5.0 (compatible; SemrushBot/7~bl; +http://www.semrush.com/bot.html)"
185.191.171.24 - - [15/Nov/2022:15:55:12 +0100] "GET /decorative-buffalo-head-statue-p-44749.html HTTP/1.0" 200 73404 "-" "Mozilla/5.0 (compatible; SemrushBot/7~bl; +http://www.semrush.com/bot.html)"
54.36.148.203 - - [15/Nov/2022:15:55:30 +0100] "GET /unicorn-shower-curtain-p-57406.html HTTP/1.0" 200 76627 "-" "Mozilla/5.0 (compatible; AhrefsBot/7.0; +http://ahrefs.com/robot/)"
185.191.171.34 - - [15/Nov/2022:15:55:55 +0100] "GET /gorjuss-ladybird-keyring-p-41198.html HTTP/1.0" 200 73350 "-" "Mozilla/5.0 (compatible; SemrushBot/7~bl; +http://www.semrush.com/bot.html)"
207.46.13.42 - - [15/Nov/2022:15:56:02 +0100] "GET /head-wallet-model-p-39438.html HTTP/1.0" 200 75914 "-" "Mozilla/5.0 AppleWebKit/537.36 (KHTML, like Gecko; compatible; bingbot/2.0; +http://www.bing.com/bingbot.htm) Chrome/103.0.5060.134 Safari/537.36"
185.191.171.16 - - [15/Nov/2022:15:56:08 +0100] "GET /toucan-resin-yellow-perch-p-44708.html HTTP/1.0" 200 73372 "-" "Mozilla/5.0 (compatible; SemrushBot/7~bl; +http://www.semrush.com/bot.html)"
