207.32.135.93 - - [15/Nov/2022:13:11:21 +0100] "GET /templates/Pixame_v1/images/icon_accueil2.png HTTP/1.1" 200 1137 "http://www.wonder-geek.com/dishes-c-12.html" "Mozilla/5.0 (Macintosh; Intel Mac OS X 10_15_7) AppleWebKit/537.36 (KHTML like Gecko) Chrome/100.0.4896.127 Safari/537.36"
168.151.93.112 - - [15/Nov/2022:13:11:21 +0100] "GET /images/mini_prod/8460070112560.jpg HTTP/1.1" 200 4298 "http://www.wonder-geek.com/adaptable-decorative-caps-c-12_249.html" "Mozilla/5.0 (Macintosh; Intel Mac OS X 10_15_7) AppleWebKit/537.36 (KHTML like Gecko) Chrome/100.0.4896.88 Safari/537.36"
64.140.131.61 - - [15/Nov/2022:13:11:21 +0100] "GET /images/mini_prod/8433932520803.jpg HTTP/1.1" 200 6882 "http://www.wonder-geek.com/products_new.php" "Mozilla/5.0 (Windows; U; Windows NT 10.0; en-US; Valve Steam Client/default/1647446817; ) AppleWebKit/537.36 (KHTML like Gecko) Chrome/84.0.4147.105 Safari/537.36"
168.151.93.112 - - [15/Nov/2022:13:11:21 +0100] "GET /images/mini_prod/3612875114453.jpg HTTP/1.1" 200 4942 "http://www.wonder-geek.com/adaptable-decorative-caps-c-12_249.html" "Mozilla/5.0 (Macintosh; Intel Mac OS X 10_15_7) AppleWebKit/537.36 (KHTML like Gecko) Chrome/100.0.4896.88 Safari/537.36"
168.151.93.112 - - [15/Nov/2022:13:11:21 +0100] "GET /images/mini_prod/3612874112108.jpg HTTP/1.1" 200 4918 "http://www.wonder-geek.com/adaptable-decorative-caps-c-12_249.html" "Mozilla/5.0 (Macintosh; Intel Mac OS X 10_15_7) AppleWebKit/537.36 (KHTML like Gecko) Chrome/100.0.4896.88 Safari/537.36"
168.151.93.112 - - [15/Nov/2022:13:11:21 +0100] "GET /images/mini_prod/3612875124575.jpg HTTP/1.1" 200 7231 "http://www.wonder-geek.com/adaptable-decorative-caps-c-12_249.html" "Mozilla/5.0 (Macintosh; Intel Mac OS X 10_15_7) AppleWebKit/537.36 (KHTML like Gecko) Chrome/100.0.4896.88 Safari/537.36"
168.151.93.112 - - [15/Nov/2022:13:11:21 +0100] "GET /images/mini_prod/8433933384466.jpg HTTP/1.1" 200 4235 "http://www.wonder-geek.com/adaptable-decorative-caps-c-12_249.html" "Mozilla/5.0 (Macintosh; Intel Mac OS X 10_15_7) AppleWebKit/537.36 (KHTML like Gecko) Chrome/100.0.4896.88 Safari/537.36"
64.140.131.61 - - [15/Nov/2022:13:11:21 +0100] "GET /images/mini_prod/3700572750804.jpg HTTP/1.1" 200 5879 "http://www.wonder-geek.com/products_new.php" "Mozilla/5.0 (Windows; U; Windows NT 10.0; en-US; Valve Steam Client/default/1647446817; ) AppleWebKit/537.36 (KHTML like Gecko) Chrome/84.0.4147.105 Safari/537.36"
64.140.131.61 - - [15/Nov/2022:13:11:21 +0100] "GET /images/mini_prod/4029825001906.jpg HTTP/1.1" 200 4419 "http://www.wonder-geek.com/products_new.php" "Mozilla/5.0 (Windows; U; Windows NT 10.0; en-US; Valve Steam Client/default/1647446817; ) AppleWebKit/537.36 (KHTML like Gecko) Chrome/84.0.4147.105 Safari/537.36"
64.140.131.61 - - [15/Nov/2022:13:11:21 +0100] "GET /images/mini_prod/3609810090132.jpg HTTP/1.1" 200 15784 "http://www.wonder-geek.com/products_new.php" "Mozilla/5.0 (Windows; U; Windows NT 10.0; en-US; Valve Steam Client/default/1647446817; ) AppleWebKit/537.36 (KHTML like Gecko) Chrome/84.0.4147.105 Safari/537.36"
64.140.131.61 - - [15/Nov/2022:13:11:21 +0100] "GET /images/mini_prod/8424346311743a.jpg HTTP/1.1" 200 7885 "http://www.wonder-geek.com/products_new.php" "Mozilla/5.0 (Windows; U; Windows NT 10.0; en-US; Valve Steam Client/default/1647446817; ) AppleWebKit/537.36 (KHTML like Gecko) Chrome/84.0.4147.105 Safari/537.36"
64.140.131.61 - - [15/Nov/2022:13:11:21 +0100] "GET /images/mini_prod/4029896029915.jpg HTTP/1.1" 200 6353 "http://www.wonder-geek.com/products_new.php" "Mozilla/5.0 (Windows; U; Windows NT 10.0; en-US; Valve Steam Client/default/1647446817; ) AppleWebKit/537.36 (KHTML like Gecko) Chrome/84.0.4147.105 Safari/537.36"
64.140.131.61 - - [15/Nov/2022:13:11:21 +0100] "GET /images/mini_prod/4029896029922.jpg HTTP/1.1" 200 6806 "http://www.wonder-geek.com/products_new.php" "Mozilla/5.0 (Windows; U; Windows NT 10.0; en-US; Valve Steam Client/default/1647446817; ) AppleWebKit/537.36 (KHTML like Gecko) Chrome/84.0.4147.105 Safari/537.36"
168.151.93.112 - - [15/Nov/2022:13:11:21 +0100] "GET /templates/Pixame_v1/images/nav.png HTTP/1.1" 200 1283 "http://www.wonder-geek.com/templates/Pixame_v1/stylesheet.css" "Mozilla/5.0 (Macintosh; Intel Mac OS X 10_15_7) AppleWebKit/537.36 (KHTML like Gecko) Chrome/100.0.4896.88 Safari/537.36"
168.151.93.112 - - [15/Nov/2022:13:11:21 +0100] "GET /design/productsenstock.png HTTP/1.1" 200 4743 "http://www.wonder-geek.com/templates/Pixame_v1/stylesheet.css" "Mozilla/5.0 (Macintosh; Intel Mac OS X 10_15_7) AppleWebKit/537.36 (KHTML like Gecko) Chrome/100.0.4896.88 Safari/537.36"
207.32.135.93 - - [15/Nov/2022:13:11:22 +0100] "GET /templates/Pixame_v1/stylesheet.css HTTP/1.1" 200 56057 "http://www.wonder-geek.com/dishes-c-12.html" "Mozilla/5.0 (Macintosh; Intel Mac OS X 10_15_7) AppleWebKit/537.36 (KHTML like Gecko) Chrome/100.0.4896.127 Safari/537.36"
168.151.93.112 - - [15/Nov/2022:13:11:22 +0100] "GET /templates/Pixame_v1/images/Bottom_texture.jpg HTTP/1.1" 200 56290 "http://www.wonder-geek.com/templates/Pixame_v1/stylesheet.css" "Mozilla/5.0 (Macintosh; Intel Mac OS X 10_15_7) AppleWebKit/537.36 (KHTML like Gecko) Chrome/100.0.4896.88 Safari/537.36"
64.140.131.61 - - [15/Nov/2022:13:11:22 +0100] "GET /images/mini_prod/4029896029908.jpg HTTP/1.1" 200 5656 "http://www.wonder-geek.com/products_new.php" "Mozilla/5.0 (Windows; U; Windows NT 10.0; en-US; Valve Steam Client/default/1647446817; ) AppleWebKit/537.36 (KHTML like Gecko) Chrome/84.0.4147.105 Safari/537.36"
64.140.131.61 - - [15/Nov/2022:13:11:22 +0100] "GET /images/mini_prod/4029811446667c.jpg HTTP/1.1" 200 4713 "http://www.wonder-geek.com/products_new.php" "Mozilla/5.0 (Windows; U; Windows NT 10.0; en-US; Valve Steam Client/default/1647446817; ) AppleWebKit/537.36 (KHTML like Gecko) Chrome/84.0.4147.105 Safari/537.36"
64.140.131.61 - - [15/Nov/2022:13:11:22 +0100] "GET /images/mini_prod/4029896029939.jpg HTTP/1.1" 200 6886 "http://www.wonder-geek.com/products_new.php" "Mozilla/5.0 (Windows; U; Windows NT 10.0; en-US; Valve Steam Client/default/1647446817; ) AppleWebKit/537.36 (KHTML like Gecko) Chrome/84.0.4147.105 Safari/537.36"
64.140.131.61 - - [15/Nov/2022:13:11:22 +0100] "GET /images/mini_prod/8712159167511.jpg HTTP/1.1" 200 7303 "http://www.wonder-geek.com/products_new.php" "Mozilla/5.0 (Windows; U; Windows NT 10.0; en-US; Valve Steam Client/default/1647446817; ) AppleWebKit/537.36 (KHTML like Gecko) Chrome/84.0.4147.105 Safari/537.36"
64.140.131.61 - - [15/Nov/2022:13:11:22 +0100] "GET /images/mini_prod/8712159181609.jpg HTTP/1.1" 200 6674 "http://www.wonder-geek.com/products_new.php" "Mozilla/5.0 (Windows; U; Windows NT 10.0; en-US; Valve Steam Client/default/1647446817; ) AppleWebKit/537.36 (KHTML like Gecko) Chrome/84.0.4147.105 Safari/537.36"
64.140.131.61 - - [15/Nov/2022:13:11:22 +0100] "GET /images/mini_prod/8712159173765.jpg HTTP/1.1" 200 8284 "http://www.wonder-geek.com/products_new.php" "Mozilla/5.0 (Windows; U; Windows NT 10.0; en-US; Valve Steam Client/default/1647446817; ) AppleWebKit/537.36 (KHTML like Gecko) Chrome/84.0.4147.105 Safari/537.36"
64.140.131.61 - - [15/Nov/2022:13:11:22 +0100] "GET /images/mini_prod/8712159180015.jpg HTTP/1.1" 200 7531 "http://www.wonder-geek.com/products_new.php" "Mozilla/5.0 (Windows; U; Windows NT 10.0; en-US; Valve Steam Client/default/1647446817; ) AppleWebKit/537.36 (KHTML like Gecko) Chrome/84.0.4147.105 Safari/537.36"
64.140.131.61 - - [15/Nov/2022:13:11:22 +0100] "GET /images/mini_prod/8712159180244.jpg HTTP/1.1" 200 5252 "http://www.wonder-geek.com/products_new.php" "Mozilla/5.0 (Windows; U; Windows NT 10.0; en-US; Valve Steam Client/default/1647446817; ) AppleWebKit/537.36 (KHTML like Gecko) Chrome/84.0.4147.105 Safari/537.36"
64.140.131.61 - - [15/Nov/2022:13:11:22 +0100] "GET /images/mini_prod/8712159180138.jpg HTTP/1.1" 200 5651 "http://www.wonder-geek.com/products_new.php" "Mozilla/5.0 (Windows; U; Windows NT 10.0; en-US; Valve Steam Client/default/1647446817; ) AppleWebKit/537.36 (KHTML like Gecko) Chrome/84.0.4147.105 Safari/537.36"
64.140.131.61 - - [15/Nov/2022:13:11:22 +0100] "GET /images/mini_prod/8712159182026.jpg HTTP/1.1" 200 7610 "http://www.wonder-geek.com/products_new.php" "Mozilla/5.0 (Windows; U; Windows NT 10.0; en-US; Valve Steam Client/default/1647446817; ) AppleWebKit/537.36 (KHTML like Gecko) Chrome/84.0.4147.105 Safari/537.36"
168.151.93.112 - - [15/Nov/2022:13:11:22 +0100] "GET /templates/Pixame_v1/images/header.png HTTP/1.1" 200 70245 "http://www.wonder-geek.com/templates/Pixame_v1/stylesheet.css" "Mozilla/5.0 (Macintosh; Intel Mac OS X 10_15_7) AppleWebKit/537.36 (KHTML like Gecko) Chrome/100.0.4896.88 Safari/537.36"
207.32.135.93 - - [15/Nov/2022:13:11:22 +0100] "GET /templates/Pixame_v1/images/nav.png HTTP/1.1" 200 1283 "http://www.wonder-geek.com/templates/Pixame_v1/stylesheet.css" "Mozilla/5.0 (Macintosh; Intel Mac OS X 10_15_7) AppleWebKit/537.36 (KHTML like Gecko) Chrome/100.0.4896.127 Safari/537.36"
207.32.135.93 - - [15/Nov/2022:13:11:22 +0100] "GET /templates/Pixame_v1/images/Bottom_texture.jpg HTTP/1.1" 200 56290 "http://www.wonder-geek.com/templates/Pixame_v1/stylesheet.css" "Mozilla/5.0 (Macintosh; Intel Mac OS X 10_15_7) AppleWebKit/537.36 (KHTML like Gecko) Chrome/100.0.4896.127 Safari/537.36"
168.151.93.112 - - [15/Nov/2022:13:11:22 +0100] "GET /templates/Pixame_v1/images/header-object.png HTTP/1.1" 200 106050 "http://www.wonder-geek.com/templates/Pixame_v1/stylesheet.css" "Mozilla/5.0 (Macintosh; Intel Mac OS X 10_15_7) AppleWebKit/537.36 (KHTML like Gecko) Chrome/100.0.4896.88 Safari/537.36"
207.32.135.93 - - [15/Nov/2022:13:11:22 +0100] "GET /design/productsenstock.png HTTP/1.1" 200 4743 "http://www.wonder-geek.com/templates/Pixame_v1/stylesheet.css" "Mozilla/5.0 (Macintosh; Intel Mac OS X 10_15_7) AppleWebKit/537.36 (KHTML like Gecko) Chrome/100.0.4896.127 Safari/537.36"
207.32.135.93 - - [15/Nov/2022:13:11:22 +0100] "GET /images/mini_prod/8422014502912.jpg HTTP/1.1" 200 7414 "http://www.wonder-geek.com/dishes-c-12.html" "Mozilla/5.0 (Macintosh; Intel Mac OS X 10_15_7) AppleWebKit/537.36 (KHTML like Gecko) Chrome/100.0.4896.127 Safari/537.36"
207.90.21.239 - - [15/Nov/2022:13:11:22 +0100] "GET /templates/Pixame_v1/images/icon_accueil2.png HTTP/1.1" 200 1137 "http://www.wonder-geek.com/barbecue-aperitif-c-12_254.html" "Mozilla/5.0 (Macintosh; Intel Mac OS X 10_15_7) AppleWebKit/537.36 (KHTML like Gecko) Chrome/100.0.4896.127 Safari/537.36"
207.32.135.93 - - [15/Nov/2022:13:11:22 +0100] "GET /images/mini_prod/8003990623497.jpg HTTP/1.1" 200 8856 "http://www.wonder-geek.com/dishes-c-12.html" "Mozilla/5.0 (Macintosh; Intel Mac OS X 10_15_7) AppleWebKit/537.36 (KHTML like Gecko) Chrome/100.0.4896.127 Safari/537.36"
207.32.135.93 - - [15/Nov/2022:13:11:22 +0100] "GET /images/mini_prod/8422014502936.jpg HTTP/1.1" 200 7505 "http://www.wonder-geek.com/dishes-c-12.html" "Mozilla/5.0 (Macintosh; Intel Mac OS X 10_15_7) AppleWebKit/537.36 (KHTML like Gecko) Chrome/100.0.4896.127 Safari/537.36"
207.32.135.93 - - [15/Nov/2022:13:11:22 +0100] "GET /templates/Pixame_v1/images/Middle_texture.jpg HTTP/1.1" 200 249620 "http://www.wonder-geek.com/templates/Pixame_v1/stylesheet.css" "Mozilla/5.0 (Macintosh; Intel Mac OS X 10_15_7) AppleWebKit/537.36 (KHTML like Gecko) Chrome/100.0.4896.127 Safari/537.36"
207.32.135.93 - - [15/Nov/2022:13:11:22 +0100] "GET /templates/Pixame_v1/images/header.png HTTP/1.1" 200 70245 "http://www.wonder-geek.com/templates/Pixame_v1/stylesheet.css" "Mozilla/5.0 (Macintosh; Intel Mac OS X 10_15_7) AppleWebKit/537.36 (KHTML like Gecko) Chrome/100.0.4896.127 Safari/537.36"
207.90.21.239 - - [15/Nov/2022:13:11:22 +0100] "GET /templates/Pixame_v1/stylesheet.css HTTP/1.1" 200 56057 "http://www.wonder-geek.com/barbecue-aperitif-c-12_254.html" "Mozilla/5.0 (Macintosh; Intel Mac OS X 10_15_7) AppleWebKit/537.36 (KHTML like Gecko) Chrome/100.0.4896.127 Safari/537.36"
168.151.93.112 - - [15/Nov/2022:13:11:22 +0100] "GET /templates/Pixame_v1/images/Middle_texture.jpg HTTP/1.1" 200 249620 "http://www.wonder-geek.com/templates/Pixame_v1/stylesheet.css" "Mozilla/5.0 (Macintosh; Intel Mac OS X 10_15_7) AppleWebKit/537.36 (KHTML like Gecko) Chrome/100.0.4896.88 Safari/537.36"
207.90.21.239 - - [15/Nov/2022:13:11:22 +0100] "GET /images/mini_prod/3503420072123.jpg HTTP/1.1" 200 6915 "http://www.wonder-geek.com/barbecue-aperitif-c-12_254.html" "Mozilla/5.0 (Macintosh; Intel Mac OS X 10_15_7) AppleWebKit/537.36 (KHTML like Gecko) Chrome/100.0.4896.127 Safari/537.36"
207.90.21.239 - - [15/Nov/2022:13:11:22 +0100] "GET /images/mini_prod/3453131144285.jpg HTTP/1.1" 200 9771 "http://www.wonder-geek.com/barbecue-aperitif-c-12_254.html" "Mozilla/5.0 (Macintosh; Intel Mac OS X 10_15_7) AppleWebKit/537.36 (KHTML like Gecko) Chrome/100.0.4896.127 Safari/537.36"
207.32.135.93 - - [15/Nov/2022:13:11:22 +0100] "GET /templates/Pixame_v1/images/header-object.png HTTP/1.1" 200 106050 "http://www.wonder-geek.com/templates/Pixame_v1/stylesheet.css" "Mozilla/5.0 (Macintosh; Intel Mac OS X 10_15_7) AppleWebKit/537.36 (KHTML like Gecko) Chrome/100.0.4896.127 Safari/537.36"
207.90.21.239 - - [15/Nov/2022:13:11:23 +0100] "GET /images/mini_prod/3612872111363.jpg HTTP/1.1" 200 7213 "http://www.wonder-geek.com/barbecue-aperitif-c-12_254.html" "Mozilla/5.0 (Macintosh; Intel Mac OS X 10_15_7) AppleWebKit/537.36 (KHTML like Gecko) Chrome/100.0.4896.127 Safari/537.36"
207.90.21.239 - - [15/Nov/2022:13:11:23 +0100] "GET /images/mini_prod/3612872110458.jpg HTTP/1.1" 200 8085 "http://www.wonder-geek.com/barbecue-aperitif-c-12_254.html" "Mozilla/5.0 (Macintosh; Intel Mac OS X 10_15_7) AppleWebKit/537.36 (KHTML like Gecko) Chrome/100.0.4896.127 Safari/537.36"
207.90.21.239 - - [15/Nov/2022:13:11:23 +0100] "GET /images/mini_prod/3453131144322.jpg HTTP/1.1" 200 9103 "http://www.wonder-geek.com/barbecue-aperitif-c-12_254.html" "Mozilla/5.0 (Macintosh; Intel Mac OS X 10_15_7) AppleWebKit/537.36 (KHTML like Gecko) Chrome/100.0.4896.127 Safari/537.36"
207.90.21.239 - - [15/Nov/2022:13:11:23 +0100] "GET /images/mini_prod/3612875115634.jpg HTTP/1.1" 200 7170 "http://www.wonder-geek.com/barbecue-aperitif-c-12_254.html" "Mozilla/5.0 (Macintosh; Intel Mac OS X 10_15_7) AppleWebKit/537.36 (KHTML like Gecko) Chrome/100.0.4896.127 Safari/537.36"
207.32.135.93 - - [15/Nov/2022:13:11:23 +0100] "GET /images/mini_prod/8422014502905.jpg HTTP/1.1" 200 7036 "http://www.wonder-geek.com/dishes-c-12.html" "Mozilla/5.0 (Macintosh; Intel Mac OS X 10_15_7) AppleWebKit/537.36 (KHTML like Gecko) Chrome/100.0.4896.127 Safari/537.36"
207.32.135.93 - - [15/Nov/2022:13:11:23 +0100] "GET /images/mini_prod/8422014502929.jpg HTTP/1.1" 200 7787 "http://www.wonder-geek.com/dishes-c-12.html" "Mozilla/5.0 (Macintosh; Intel Mac OS X 10_15_7) AppleWebKit/537.36 (KHTML like Gecko) Chrome/100.0.4896.127 Safari/537.36"
207.90.21.239 - - [15/Nov/2022:13:11:23 +0100] "GET /templates/Pixame_v1/images/Bottom_texture.jpg HTTP/1.1" 200 56290 "http://www.wonder-geek.com/templates/Pixame_v1/stylesheet.css" "Mozilla/5.0 (Macintosh; Intel Mac OS X 10_15_7) AppleWebKit/537.36 (KHTML like Gecko) Chrome/100.0.4896.127 Safari/537.36"
207.90.21.239 - - [15/Nov/2022:13:11:23 +0100] "GET /templates/Pixame_v1/images/nav.png HTTP/1.1" 200 1283 "http://www.wonder-geek.com/templates/Pixame_v1/stylesheet.css" "Mozilla/5.0 (Macintosh; Intel Mac OS X 10_15_7) AppleWebKit/537.36 (KHTML like Gecko) Chrome/100.0.4896.127 Safari/537.36"
207.32.135.93 - - [15/Nov/2022:13:11:23 +0100] "GET /images/mini_prod/8003990609736.jpg HTTP/1.1" 200 11559 "http://www.wonder-geek.com/dishes-c-12.html" "Mozilla/5.0 (Macintosh; Intel Mac OS X 10_15_7) AppleWebKit/537.36 (KHTML like Gecko) Chrome/100.0.4896.127 Safari/537.36"
207.32.135.93 - - [15/Nov/2022:13:11:23 +0100] "GET /images/mini_prod/1300000022644.jpg HTTP/1.1" 200 9057 "http://www.wonder-geek.com/dishes-c-12.html" "Mozilla/5.0 (Macintosh; Intel Mac OS X 10_15_7) AppleWebKit/537.36 (KHTML like Gecko) Chrome/100.0.4896.127 Safari/537.36"
207.32.135.93 - - [15/Nov/2022:13:11:23 +0100] "GET /images/mini_prod/3520071373270.jpg HTTP/1.1" 200 8601 "http://www.wonder-geek.com/dishes-c-12.html" "Mozilla/5.0 (Macintosh; Intel Mac OS X 10_15_7) AppleWebKit/537.36 (KHTML like Gecko) Chrome/100.0.4896.127 Safari/537.36"
207.90.21.239 - - [15/Nov/2022:13:11:23 +0100] "GET /design/productsenstock.png HTTP/1.1" 200 4743 "http://www.wonder-geek.com/templates/Pixame_v1/stylesheet.css" "Mozilla/5.0 (Macintosh; Intel Mac OS X 10_15_7) AppleWebKit/537.36 (KHTML like Gecko) Chrome/100.0.4896.127 Safari/537.36"
207.32.135.93 - - [15/Nov/2022:13:11:23 +0100] "GET /images/mini_prod/1300000022668.jpg HTTP/1.1" 200 7555 "http://www.wonder-geek.com/dishes-c-12.html" "Mozilla/5.0 (Macintosh; Intel Mac OS X 10_15_7) AppleWebKit/537.36 (KHTML like Gecko) Chrome/100.0.4896.127 Safari/537.36"
207.90.21.239 - - [15/Nov/2022:13:11:23 +0100] "GET /templates/Pixame_v1/images/header.png HTTP/1.1" 200 70245 "http://www.wonder-geek.com/templates/Pixame_v1/stylesheet.css" "Mozilla/5.0 (Macintosh; Intel Mac OS X 10_15_7) AppleWebKit/537.36 (KHTML like Gecko) Chrome/100.0.4896.127 Safari/537.36"
207.32.135.93 - - [15/Nov/2022:13:11:23 +0100] "GET /images/mini_prod/8003990623473.jpg HTTP/1.1" 200 7056 "http://www.wonder-geek.com/dishes-c-12.html" "Mozilla/5.0 (Macintosh; Intel Mac OS X 10_15_7) AppleWebKit/537.36 (KHTML like Gecko) Chrome/100.0.4896.127 Safari/537.36"
207.32.135.93 - - [15/Nov/2022:13:11:23 +0100] "GET /images/mini_prod/8003990616086.jpg HTTP/1.1" 200 8714 "http://www.wonder-geek.com/dishes-c-12.html" "Mozilla/5.0 (Macintosh; Intel Mac OS X 10_15_7) AppleWebKit/537.36 (KHTML like Gecko) Chrome/100.0.4896.127 Safari/537.36"
207.90.21.239 - - [15/Nov/2022:13:11:23 +0100] "GET /images/mini_prod/3453131159470.jpg HTTP/1.1" 200 9983 "http://www.wonder-geek.com/barbecue-aperitif-c-12_254.html" "Mozilla/5.0 (Macintosh; Intel Mac OS X 10_15_7) AppleWebKit/537.36 (KHTML like Gecko) Chrome/100.0.4896.127 Safari/537.36"
207.90.21.239 - - [15/Nov/2022:13:11:23 +0100] "GET /images/mini_prod/3453131160377.jpg HTTP/1.1" 200 9266 "http://www.wonder-geek.com/barbecue-aperitif-c-12_254.html" "Mozilla/5.0 (Macintosh; Intel Mac OS X 10_15_7) AppleWebKit/537.36 (KHTML like Gecko) Chrome/100.0.4896.127 Safari/537.36"
207.90.21.239 - - [15/Nov/2022:13:11:23 +0100] "GET /images/mini_prod/3453131159500.jpg HTTP/1.1" 200 7820 "http://www.wonder-geek.com/barbecue-aperitif-c-12_254.html" "Mozilla/5.0 (Macintosh; Intel Mac OS X 10_15_7) AppleWebKit/537.36 (KHTML like Gecko) Chrome/100.0.4896.127 Safari/537.36"
207.32.135.93 - - [15/Nov/2022:13:11:23 +0100] "GET /images/mini_prod/3609810072015.jpg HTTP/1.1" 200 11434 "http://www.wonder-geek.com/dishes-c-12.html" "Mozilla/5.0 (Macintosh; Intel Mac OS X 10_15_7) AppleWebKit/537.36 (KHTML like Gecko) Chrome/100.0.4896.127 Safari/537.36"
207.32.135.93 - - [15/Nov/2022:13:11:23 +0100] "GET /images/mini_prod/3700281646931.jpg HTTP/1.1" 200 6350 "http://www.wonder-geek.com/dishes-c-12.html" "Mozilla/5.0 (Macintosh; Intel Mac OS X 10_15_7) AppleWebKit/537.36 (KHTML like Gecko) Chrome/100.0.4896.127 Safari/537.36"
207.32.135.93 - - [15/Nov/2022:13:11:23 +0100] "GET /images/mini_prod/3609810072053.jpg HTTP/1.1" 200 11341 "http://www.wonder-geek.com/dishes-c-12.html" "Mozilla/5.0 (Macintosh; Intel Mac OS X 10_15_7) AppleWebKit/537.36 (KHTML like Gecko) Chrome/100.0.4896.127 Safari/537.36"
207.32.135.93 - - [15/Nov/2022:13:11:23 +0100] "GET /images/mini_prod/3700281646924.jpg HTTP/1.1" 200 5209 "http://www.wonder-geek.com/dishes-c-12.html" "Mozilla/5.0 (Macintosh; Intel Mac OS X 10_15_7) AppleWebKit/537.36 (KHTML like Gecko) Chrome/100.0.4896.127 Safari/537.36"
207.32.135.93 - - [15/Nov/2022:13:11:23 +0100] "GET /images/mini_prod/3700281646979.jpg HTTP/1.1" 200 8834 "http://www.wonder-geek.com/dishes-c-12.html" "Mozilla/5.0 (Macintosh; Intel Mac OS X 10_15_7) AppleWebKit/537.36 (KHTML like Gecko) Chrome/100.0.4896.127 Safari/537.36"
207.90.21.239 - - [15/Nov/2022:13:11:23 +0100] "GET /images/mini_prod/3453131153584.jpg HTTP/1.1" 200 4017 "http://www.wonder-geek.com/barbecue-aperitif-c-12_254.html" "Mozilla/5.0 (Macintosh; Intel Mac OS X 10_15_7) AppleWebKit/537.36 (KHTML like Gecko) Chrome/100.0.4896.127 Safari/537.36"
207.90.21.239 - - [15/Nov/2022:13:11:23 +0100] "GET /images/mini_prod/3612875123875.jpg HTTP/1.1" 200 8161 "http://www.wonder-geek.com/barbecue-aperitif-c-12_254.html" "Mozilla/5.0 (Macintosh; Intel Mac OS X 10_15_7) AppleWebKit/537.36 (KHTML like Gecko) Chrome/100.0.4896.127 Safari/537.36"
207.90.21.239 - - [15/Nov/2022:13:11:23 +0100] "GET /images/mini_prod/3612875123677.jpg HTTP/1.1" 200 7751 "http://www.wonder-geek.com/barbecue-aperitif-c-12_254.html" "Mozilla/5.0 (Macintosh; Intel Mac OS X 10_15_7) AppleWebKit/537.36 (KHTML like Gecko) Chrome/100.0.4896.127 Safari/537.36"
207.32.135.93 - - [15/Nov/2022:13:11:23 +0100] "GET /images/mini_prod/3700281646955.jpg HTTP/1.1" 200 8813 "http://www.wonder-geek.com/dishes-c-12.html" "Mozilla/5.0 (Macintosh; Intel Mac OS X 10_15_7) AppleWebKit/537.36 (KHTML like Gecko) Chrome/100.0.4896.127 Safari/537.36"
207.32.135.93 - - [15/Nov/2022:13:11:23 +0100] "GET /images/mini_prod/3700281646962.jpg HTTP/1.1" 200 8556 "http://www.wonder-geek.com/dishes-c-12.html" "Mozilla/5.0 (Macintosh; Intel Mac OS X 10_15_7) AppleWebKit/537.36 (KHTML like Gecko) Chrome/100.0.4896.127 Safari/537.36"
207.90.21.239 - - [15/Nov/2022:13:11:23 +0100] "GET /images/mini_prod/3503420179068.jpg HTTP/1.1" 200 4219 "http://www.wonder-geek.com/barbecue-aperitif-c-12_254.html" "Mozilla/5.0 (Macintosh; Intel Mac OS X 10_15_7) AppleWebKit/537.36 (KHTML like Gecko) Chrome/100.0.4896.127 Safari/537.36"
207.32.135.93 - - [15/Nov/2022:13:11:23 +0100] "GET /images/mini_prod/3700281646986.jpg HTTP/1.1" 200 7335 "http://www.wonder-geek.com/dishes-c-12.html" "Mozilla/5.0 (Macintosh; Intel Mac OS X 10_15_7) AppleWebKit/537.36 (KHTML like Gecko) Chrome/100.0.4896.127 Safari/537.36"
207.90.21.239 - - [15/Nov/2022:13:11:23 +0100] "GET /templates/Pixame_v1/images/header-object.png HTTP/1.1" 200 106050 "http://www.wonder-geek.com/templates/Pixame_v1/stylesheet.css" "Mozilla/5.0 (Macintosh; Intel Mac OS X 10_15_7) AppleWebKit/537.36 (KHTML like Gecko) Chrome/100.0.4896.127 Safari/537.36"
207.90.21.239 - - [15/Nov/2022:13:11:23 +0100] "GET /images/mini_prod/4029811447817.jpg HTTP/1.1" 200 3790 "http://www.wonder-geek.com/barbecue-aperitif-c-12_254.html" "Mozilla/5.0 (Macintosh; Intel Mac OS X 10_15_7) AppleWebKit/537.36 (KHTML like Gecko) Chrome/100.0.4896.127 Safari/537.36"
207.90.21.239 - - [15/Nov/2022:13:11:23 +0100] "GET /images/mini_prod/3700281653243C.jpg HTTP/1.1" 200 6947 "http://www.wonder-geek.com/barbecue-aperitif-c-12_254.html" "Mozilla/5.0 (Macintosh; Intel Mac OS X 10_15_7) AppleWebKit/537.36 (KHTML like Gecko) Chrome/100.0.4896.127 Safari/537.36"
207.90.21.239 - - [15/Nov/2022:13:11:23 +0100] "GET /images/mini_prod/3700281653236.jpg HTTP/1.1" 200 6860 "http://www.wonder-geek.com/barbecue-aperitif-c-12_254.html" "Mozilla/5.0 (Macintosh; Intel Mac OS X 10_15_7) AppleWebKit/537.36 (KHTML like Gecko) Chrome/100.0.4896.127 Safari/537.36"
207.90.21.239 - - [15/Nov/2022:13:11:23 +0100] "GET /images/mini_prod/3700281653250.jpg HTTP/1.1" 200 6601 "http://www.wonder-geek.com/barbecue-aperitif-c-12_254.html" "Mozilla/5.0 (Macintosh; Intel Mac OS X 10_15_7) AppleWebKit/537.36 (KHTML like Gecko) Chrome/100.0.4896.127 Safari/537.36"
207.32.135.93 - - [15/Nov/2022:13:11:23 +0100] "GET /images/mini_prod/3700281648355.jpg HTTP/1.1" 200 5123 "http://www.wonder-geek.com/dishes-c-12.html" "Mozilla/5.0 (Macintosh; Intel Mac OS X 10_15_7) AppleWebKit/537.36 (KHTML like Gecko) Chrome/100.0.4896.127 Safari/537.36"
207.90.21.239 - - [15/Nov/2022:13:11:23 +0100] "GET /images/mini_prod/3700281653229.jpg HTTP/1.1" 200 7478 "http://www.wonder-geek.com/barbecue-aperitif-c-12_254.html" "Mozilla/5.0 (Macintosh; Intel Mac OS X 10_15_7) AppleWebKit/537.36 (KHTML like Gecko) Chrome/100.0.4896.127 Safari/537.36"
207.90.21.239 - - [15/Nov/2022:13:11:23 +0100] "GET /images/mini_prod/8424222987017.jpg HTTP/1.1" 200 6001 "http://www.wonder-geek.com/barbecue-aperitif-c-12_254.html" "Mozilla/5.0 (Macintosh; Intel Mac OS X 10_15_7) AppleWebKit/537.36 (KHTML like Gecko) Chrome/100.0.4896.127 Safari/537.36"
207.90.21.239 - - [15/Nov/2022:13:11:23 +0100] "GET /images/mini_prod/8424222873129.jpg HTTP/1.1" 200 6532 "http://www.wonder-geek.com/barbecue-aperitif-c-12_254.html" "Mozilla/5.0 (Macintosh; Intel Mac OS X 10_15_7) AppleWebKit/537.36 (KHTML like Gecko) Chrome/100.0.4896.127 Safari/537.36"
207.90.21.239 - - [15/Nov/2022:13:11:24 +0100] "GET /templates/Pixame_v1/images/Middle_texture.jpg HTTP/1.1" 200 249620 "http://www.wonder-geek.com/templates/Pixame_v1/stylesheet.css" "Mozilla/5.0 (Macintosh; Intel Mac OS X 10_15_7) AppleWebKit/537.36 (KHTML like Gecko) Chrome/100.0.4896.127 Safari/537.36"
64.140.136.84 - - [15/Nov/2022:13:11:25 +0100] "GET /templates/Pixame_v1/images/icon_accueil2.png HTTP/1.1" 200 1137 "http://www.wonder-geek.com/bottle-holder-beer-bucket-c-12_224.html" "Mozilla/5.0 (Windows NT 10.0; WOW64) AppleWebKit/537.36 (KHTML like Gecko) Chrome/100.0.4896.127 Safari/537.36"
64.140.136.84 - - [15/Nov/2022:13:11:25 +0100] "GET /templates/Pixame_v1/stylesheet.css HTTP/1.1" 200 56057 "http://www.wonder-geek.com/bottle-holder-beer-bucket-c-12_224.html" "Mozilla/5.0 (Windows NT 10.0; WOW64) AppleWebKit/537.36 (KHTML like Gecko) Chrome/100.0.4896.127 Safari/537.36"
64.140.136.84 - - [15/Nov/2022:13:11:25 +0100] "GET /templates/Pixame_v1/images/Bottom_texture.jpg HTTP/1.1" 200 56290 "http://www.wonder-geek.com/templates/Pixame_v1/stylesheet.css" "Mozilla/5.0 (Windows NT 10.0; WOW64) AppleWebKit/537.36 (KHTML like Gecko) Chrome/100.0.4896.127 Safari/537.36"
64.140.136.84 - - [15/Nov/2022:13:11:25 +0100] "GET /templates/Pixame_v1/images/nav.png HTTP/1.1" 200 1283 "http://www.wonder-geek.com/templates/Pixame_v1/stylesheet.css" "Mozilla/5.0 (Windows NT 10.0; WOW64) AppleWebKit/537.36 (KHTML like Gecko) Chrome/100.0.4896.127 Safari/537.36"
64.140.136.84 - - [15/Nov/2022:13:11:26 +0100] "GET /design/productsenstock.png HTTP/1.1" 200 4743 "http://www.wonder-geek.com/templates/Pixame_v1/stylesheet.css" "Mozilla/5.0 (Windows NT 10.0; WOW64) AppleWebKit/537.36 (KHTML like Gecko) Chrome/100.0.4896.127 Safari/537.36"
64.140.136.84 - - [15/Nov/2022:13:11:26 +0100] "GET /images/mini_prod/1384000000758.jpg HTTP/1.1" 200 5761 "http://www.wonder-geek.com/bottle-holder-beer-bucket-c-12_224.html" "Mozilla/5.0 (Windows NT 10.0; WOW64) AppleWebKit/537.36 (KHTML like Gecko) Chrome/100.0.4896.127 Safari/537.36"
64.140.136.84 - - [15/Nov/2022:13:11:26 +0100] "GET /templates/Pixame_v1/images/header.png HTTP/1.1" 200 70245 "http://www.wonder-geek.com/templates/Pixame_v1/stylesheet.css" "Mozilla/5.0 (Windows NT 10.0; WOW64) AppleWebKit/537.36 (KHTML like Gecko) Chrome/100.0.4896.127 Safari/537.36"
64.140.136.84 - - [15/Nov/2022:13:11:26 +0100] "GET /templates/Pixame_v1/images/Middle_texture.jpg HTTP/1.1" 200 249620 "http://www.wonder-geek.com/templates/Pixame_v1/stylesheet.css" "Mozilla/5.0 (Windows NT 10.0; WOW64) AppleWebKit/537.36 (KHTML like Gecko) Chrome/100.0.4896.127 Safari/537.36"
64.140.136.84 - - [15/Nov/2022:13:11:26 +0100] "GET /templates/Pixame_v1/images/header-object.png HTTP/1.1" 200 106050 "http://www.wonder-geek.com/templates/Pixame_v1/stylesheet.css" "Mozilla/5.0 (Windows NT 10.0; WOW64) AppleWebKit/537.36 (KHTML like Gecko) Chrome/100.0.4896.127 Safari/537.36"
64.140.136.84 - - [15/Nov/2022:13:11:26 +0100] "GET /images/mini_prod/3612875122755.jpg HTTP/1.1" 200 7141 "http://www.wonder-geek.com/bottle-holder-beer-bucket-c-12_224.html" "Mozilla/5.0 (Windows NT 10.0; WOW64) AppleWebKit/537.36 (KHTML like Gecko) Chrome/100.0.4896.127 Safari/537.36"
64.140.136.84 - - [15/Nov/2022:13:11:26 +0100] "GET /images/mini_prod/8424001505364.jpg HTTP/1.1" 200 5162 "http://www.wonder-geek.com/bottle-holder-beer-bucket-c-12_224.html" "Mozilla/5.0 (Windows NT 10.0; WOW64) AppleWebKit/537.36 (KHTML like Gecko) Chrome/100.0.4896.127 Safari/537.36"
64.140.136.84 - - [15/Nov/2022:13:11:26 +0100] "GET /images/mini_prod/1384000000765.jpg HTTP/1.1" 200 5737 "http://www.wonder-geek.com/bottle-holder-beer-bucket-c-12_224.html" "Mozilla/5.0 (Windows NT 10.0; WOW64) AppleWebKit/537.36 (KHTML like Gecko) Chrome/100.0.4896.127 Safari/537.36"
64.140.136.84 - - [15/Nov/2022:13:11:26 +0100] "GET /images/mini_prod/8422071326414B.jpg HTTP/1.1" 200 7750 "http://www.wonder-geek.com/bottle-holder-beer-bucket-c-12_224.html" "Mozilla/5.0 (Windows NT 10.0; WOW64) AppleWebKit/537.36 (KHTML like Gecko) Chrome/100.0.4896.127 Safari/537.36"
64.140.136.84 - - [15/Nov/2022:13:11:26 +0100] "GET /images/mini_prod/8422071326414.jpg HTTP/1.1" 200 7655 "http://www.wonder-geek.com/bottle-holder-beer-bucket-c-12_224.html" "Mozilla/5.0 (Windows NT 10.0; WOW64) AppleWebKit/537.36 (KHTML like Gecko) Chrome/100.0.4896.127 Safari/537.36"
64.140.136.84 - - [15/Nov/2022:13:11:26 +0100] "GET /images/mini_prod/8422071326407.jpg HTTP/1.1" 200 7994 "http://www.wonder-geek.com/bottle-holder-beer-bucket-c-12_224.html" "Mozilla/5.0 (Windows NT 10.0; WOW64) AppleWebKit/537.36 (KHTML like Gecko) Chrome/100.0.4896.127 Safari/537.36"
64.140.136.84 - - [15/Nov/2022:13:11:26 +0100] "GET /images/mini_prod/8422071326438.jpg HTTP/1.1" 200 7629 "http://www.wonder-geek.com/bottle-holder-beer-bucket-c-12_224.html" "Mozilla/5.0 (Windows NT 10.0; WOW64) AppleWebKit/537.36 (KHTML like Gecko) Chrome/100.0.4896.127 Safari/537.36"
64.140.134.170 - - [15/Nov/2022:13:11:26 +0100] "GET /templates/Pixame_v1/images/icon_accueil2.png HTTP/1.1" 200 1137 "http://www.wonder-geek.com/bowls-c-12_255.html" "Mozilla/5.0 (Windows NT 6.1) AppleWebKit/537.36 (KHTML like Gecko) Chrome/100.0.4896.127 Safari/537.36"
64.140.136.84 - - [15/Nov/2022:13:11:26 +0100] "GET /images/mini_prod/3700281645835.jpg HTTP/1.1" 200 8017 "http://www.wonder-geek.com/bottle-holder-beer-bucket-c-12_224.html" "Mozilla/5.0 (Windows NT 10.0; WOW64) AppleWebKit/537.36 (KHTML like Gecko) Chrome/100.0.4896.127 Safari/537.36"
64.140.136.84 - - [15/Nov/2022:13:11:26 +0100] "GET /images/mini_prod/3700281645828.jpg HTTP/1.1" 200 7449 "http://www.wonder-geek.com/bottle-holder-beer-bucket-c-12_224.html" "Mozilla/5.0 (Windows NT 10.0; WOW64) AppleWebKit/537.36 (KHTML like Gecko) Chrome/100.0.4896.127 Safari/537.36"
64.140.136.84 - - [15/Nov/2022:13:11:26 +0100] "GET /images/mini_prod/3700281645842.jpg HTTP/1.1" 200 7455 "http://www.wonder-geek.com/bottle-holder-beer-bucket-c-12_224.html" "Mozilla/5.0 (Windows NT 10.0; WOW64) AppleWebKit/537.36 (KHTML like Gecko) Chrome/100.0.4896.127 Safari/537.36"
64.140.136.84 - - [15/Nov/2022:13:11:26 +0100] "GET /images/mini_prod/3700281645859.jpg HTTP/1.1" 200 8108 "http://www.wonder-geek.com/bottle-holder-beer-bucket-c-12_224.html" "Mozilla/5.0 (Windows NT 10.0; WOW64) AppleWebKit/537.36 (KHTML like Gecko) Chrome/100.0.4896.127 Safari/537.36"
64.140.134.170 - - [15/Nov/2022:13:11:26 +0100] "GET /images/mini_prod/3565750277838.jpg HTTP/1.1" 200 2728 "http://www.wonder-geek.com/bowls-c-12_255.html" "Mozilla/5.0 (Windows NT 6.1) AppleWebKit/537.36 (KHTML like Gecko) Chrome/100.0.4896.127 Safari/537.36"
64.140.136.84 - - [15/Nov/2022:13:11:26 +0100] "GET /images/mini_prod/8424001426621.jpg HTTP/1.1" 200 4705 "http://www.wonder-geek.com/bottle-holder-beer-bucket-c-12_224.html" "Mozilla/5.0 (Windows NT 10.0; WOW64) AppleWebKit/537.36 (KHTML like Gecko) Chrome/100.0.4896.127 Safari/537.36"
64.140.136.84 - - [15/Nov/2022:13:11:26 +0100] "GET /images/mini_prod/3612875119502.jpg HTTP/1.1" 200 6692 "http://www.wonder-geek.com/bottle-holder-beer-bucket-c-12_224.html" "Mozilla/5.0 (Windows NT 10.0; WOW64) AppleWebKit/537.36 (KHTML like Gecko) Chrome/100.0.4896.127 Safari/537.36"
64.140.134.170 - - [15/Nov/2022:13:11:26 +0100] "GET /images/mini_prod/5400924016197.jpg HTTP/1.1" 200 4470 "http://www.wonder-geek.com/bowls-c-12_255.html" "Mozilla/5.0 (Windows NT 6.1) AppleWebKit/537.36 (KHTML like Gecko) Chrome/100.0.4896.127 Safari/537.36"
64.140.136.84 - - [15/Nov/2022:13:11:26 +0100] "GET /images/mini_prod/3612875119496.jpg HTTP/1.1" 200 7774 "http://www.wonder-geek.com/bottle-holder-beer-bucket-c-12_224.html" "Mozilla/5.0 (Windows NT 10.0; WOW64) AppleWebKit/537.36 (KHTML like Gecko) Chrome/100.0.4896.127 Safari/537.36"
64.140.136.84 - - [15/Nov/2022:13:11:26 +0100] "GET /images/mini_prod/8433933108024.jpg HTTP/1.1" 200 5543 "http://www.wonder-geek.com/bottle-holder-beer-bucket-c-12_224.html" "Mozilla/5.0 (Windows NT 10.0; WOW64) AppleWebKit/537.36 (KHTML like Gecko) Chrome/100.0.4896.127 Safari/537.36"
64.140.136.84 - - [15/Nov/2022:13:11:26 +0100] "GET /images/mini_prod/3503420029196.jpg HTTP/1.1" 200 7937 "http://www.wonder-geek.com/bottle-holder-beer-bucket-c-12_224.html" "Mozilla/5.0 (Windows NT 10.0; WOW64) AppleWebKit/537.36 (KHTML like Gecko) Chrome/100.0.4896.127 Safari/537.36"
64.140.134.170 - - [15/Nov/2022:13:11:26 +0100] "GET /templates/Pixame_v1/stylesheet.css HTTP/1.1" 200 56057 "http://www.wonder-geek.com/bowls-c-12_255.html" "Mozilla/5.0 (Windows NT 6.1) AppleWebKit/537.36 (KHTML like Gecko) Chrome/100.0.4896.127 Safari/537.36"
64.140.136.84 - - [15/Nov/2022:13:11:26 +0100] "GET /images/mini_prod/3453131159739A.jpg HTTP/1.1" 200 6231 "http://www.wonder-geek.com/bottle-holder-beer-bucket-c-12_224.html" "Mozilla/5.0 (Windows NT 10.0; WOW64) AppleWebKit/537.36 (KHTML like Gecko) Chrome/100.0.4896.127 Safari/537.36"
207.32.152.12 - - [15/Nov/2022:13:11:26 +0100] "GET /templates/Pixame_v1/images/icon_accueil2.png HTTP/1.1" 200 1137 "http://www.wonder-geek.com/bowls-c-12_60.html" "Mozilla/5.0 (Windows NT 10.0; WOW64) AppleWebKit/537.36 (KHTML like Gecko) Chrome/100.0.4896.127 Safari/537.36"
64.140.134.170 - - [15/Nov/2022:13:11:26 +0100] "GET /images/mini_prod/5400924016203.jpg HTTP/1.1" 200 4405 "http://www.wonder-geek.com/bowls-c-12_255.html" "Mozilla/5.0 (Windows NT 6.1) AppleWebKit/537.36 (KHTML like Gecko) Chrome/100.0.4896.127 Safari/537.36"
64.140.136.84 - - [15/Nov/2022:13:11:26 +0100] "GET /images/mini_prod/3453131159708A.jpg HTTP/1.1" 200 5993 "http://www.wonder-geek.com/bottle-holder-beer-bucket-c-12_224.html" "Mozilla/5.0 (Windows NT 10.0; WOW64) AppleWebKit/537.36 (KHTML like Gecko) Chrome/100.0.4896.127 Safari/537.36"
64.140.134.170 - - [15/Nov/2022:13:11:26 +0100] "GET /images/mini_prod/4250255858734.jpg HTTP/1.1" 200 2821 "http://www.wonder-geek.com/bowls-c-12_255.html" "Mozilla/5.0 (Windows NT 6.1) AppleWebKit/537.36 (KHTML like Gecko) Chrome/100.0.4896.127 Safari/537.36"
64.140.136.84 - - [15/Nov/2022:13:11:26 +0100] "GET /images/mini_prod/3453131159722A.jpg HTTP/1.1" 200 5791 "http://www.wonder-geek.com/bottle-holder-beer-bucket-c-12_224.html" "Mozilla/5.0 (Windows NT 10.0; WOW64) AppleWebKit/537.36 (KHTML like Gecko) Chrome/100.0.4896.127 Safari/537.36"
64.140.134.170 - - [15/Nov/2022:13:11:26 +0100] "GET /templates/Pixame_v1/images/nav.png HTTP/1.1" 200 1283 "http://www.wonder-geek.com/templates/Pixame_v1/stylesheet.css" "Mozilla/5.0 (Windows NT 6.1) AppleWebKit/537.36 (KHTML like Gecko) Chrome/100.0.4896.127 Safari/537.36"
64.140.134.170 - - [15/Nov/2022:13:11:26 +0100] "GET /templates/Pixame_v1/images/header.png HTTP/1.1" 200 70245 "http://www.wonder-geek.com/templates/Pixame_v1/stylesheet.css" "Mozilla/5.0 (Windows NT 6.1) AppleWebKit/537.36 (KHTML like Gecko) Chrome/100.0.4896.127 Safari/537.36"
64.140.134.170 - - [15/Nov/2022:13:11:26 +0100] "GET /design/productsenstock.png HTTP/1.1" 200 4743 "http://www.wonder-geek.com/templates/Pixame_v1/stylesheet.css" "Mozilla/5.0 (Windows NT 6.1) AppleWebKit/537.36 (KHTML like Gecko) Chrome/100.0.4896.127 Safari/537.36"
64.140.134.170 - - [15/Nov/2022:13:11:26 +0100] "GET /templates/Pixame_v1/images/Bottom_texture.jpg HTTP/1.1" 200 56290 "http://www.wonder-geek.com/templates/Pixame_v1/stylesheet.css" "Mozilla/5.0 (Windows NT 6.1) AppleWebKit/537.36 (KHTML like Gecko) Chrome/100.0.4896.127 Safari/537.36"
207.32.152.12 - - [15/Nov/2022:13:11:27 +0100] "GET /templates/Pixame_v1/stylesheet.css HTTP/1.1" 200 56057 "http://www.wonder-geek.com/bowls-c-12_60.html" "Mozilla/5.0 (Windows NT 10.0; WOW64) AppleWebKit/537.36 (KHTML like Gecko) Chrome/100.0.4896.127 Safari/537.36"
207.32.152.12 - - [15/Nov/2022:13:11:27 +0100] "GET /images/mini_prod/8003990616086.jpg HTTP/1.1" 200 8714 "http://www.wonder-geek.com/bowls-c-12_60.html" "Mozilla/5.0 (Windows NT 10.0; WOW64) AppleWebKit/537.36 (KHTML like Gecko) Chrome/100.0.4896.127 Safari/537.36"
207.32.152.12 - - [15/Nov/2022:13:11:27 +0100] "GET /images/mini_prod/8003990629673A.jpg HTTP/1.1" 200 6462 "http://www.wonder-geek.com/bowls-c-12_60.html" "Mozilla/5.0 (Windows NT 10.0; WOW64) AppleWebKit/537.36 (KHTML like Gecko) Chrome/100.0.4896.127 Safari/537.36"
64.140.134.170 - - [15/Nov/2022:13:11:27 +0100] "GET /templates/Pixame_v1/images/header-object.png HTTP/1.1" 200 106050 "http://www.wonder-geek.com/templates/Pixame_v1/stylesheet.css" "Mozilla/5.0 (Windows NT 6.1) AppleWebKit/537.36 (KHTML like Gecko) Chrome/100.0.4896.127 Safari/537.36"
207.32.152.12 - - [15/Nov/2022:13:11:27 +0100] "GET /images/mini_prod/3503420058301.jpg HTTP/1.1" 200 6208 "http://www.wonder-geek.com/bowls-c-12_60.html" "Mozilla/5.0 (Windows NT 10.0; WOW64) AppleWebKit/537.36 (KHTML like Gecko) Chrome/100.0.4896.127 Safari/537.36"
64.140.134.170 - - [15/Nov/2022:13:11:27 +0100] "GET /templates/Pixame_v1/images/Middle_texture.jpg HTTP/1.1" 200 249620 "http://www.wonder-geek.com/templates/Pixame_v1/stylesheet.css" "Mozilla/5.0 (Windows NT 6.1) AppleWebKit/537.36 (KHTML like Gecko) Chrome/100.0.4896.127 Safari/537.36"
207.32.152.12 - - [15/Nov/2022:13:11:27 +0100] "GET /images/mini_prod/8003990615881.jpg HTTP/1.1" 200 8166 "http://www.wonder-geek.com/bowls-c-12_60.html" "Mozilla/5.0 (Windows NT 10.0; WOW64) AppleWebKit/537.36 (KHTML like Gecko) Chrome/100.0.4896.127 Safari/537.36"
207.32.152.12 - - [15/Nov/2022:13:11:27 +0100] "GET /images/mini_prod/8003990631294A.jpg HTTP/1.1" 200 8049 "http://www.wonder-geek.com/bowls-c-12_60.html" "Mozilla/5.0 (Windows NT 10.0; WOW64) AppleWebKit/537.36 (KHTML like Gecko) Chrome/100.0.4896.127 Safari/537.36"
207.32.152.12 - - [15/Nov/2022:13:11:27 +0100] "GET /images/mini_prod/1363562526968A.jpg HTTP/1.1" 200 8282 "http://www.wonder-geek.com/bowls-c-12_60.html" "Mozilla/5.0 (Windows NT 10.0; WOW64) AppleWebKit/537.36 (KHTML like Gecko) Chrome/100.0.4896.127 Safari/537.36"
35.208.226.189 - - [15/Nov/2022:13:11:27 +0100] "GET /images/mini_prod/3700407620012.jpg HTTP/1.1" 200 10899 "-" "Mozilla/5.0 (X11; Ubuntu; Linux x86_64; rv:72.0) Gecko/20100101 Firefox/72.0"
207.32.152.12 - - [15/Nov/2022:13:11:27 +0100] "GET /templates/Pixame_v1/images/nav.png HTTP/1.1" 200 1283 "http://www.wonder-geek.com/templates/Pixame_v1/stylesheet.css" "Mozilla/5.0 (Windows NT 10.0; WOW64) AppleWebKit/537.36 (KHTML like Gecko) Chrome/100.0.4896.127 Safari/537.36"
207.32.152.12 - - [15/Nov/2022:13:11:27 +0100] "GET /design/productsenstock.png HTTP/1.1" 200 4743 "http://www.wonder-geek.com/templates/Pixame_v1/stylesheet.css" "Mozilla/5.0 (Windows NT 10.0; WOW64) AppleWebKit/537.36 (KHTML like Gecko) Chrome/100.0.4896.127 Safari/537.36"
207.32.152.12 - - [15/Nov/2022:13:11:27 +0100] "GET /templates/Pixame_v1/images/Bottom_texture.jpg HTTP/1.1" 200 56290 "http://www.wonder-geek.com/templates/Pixame_v1/stylesheet.css" "Mozilla/5.0 (Windows NT 10.0; WOW64) AppleWebKit/537.36 (KHTML like Gecko) Chrome/100.0.4896.127 Safari/537.36"
207.32.152.12 - - [15/Nov/2022:13:11:27 +0100] "GET /templates/Pixame_v1/images/Middle_texture.jpg HTTP/1.1" 200 249620 "http://www.wonder-geek.com/templates/Pixame_v1/stylesheet.css" "Mozilla/5.0 (Windows NT 10.0; WOW64) AppleWebKit/537.36 (KHTML like Gecko) Chrome/100.0.4896.127 Safari/537.36"
207.32.152.12 - - [15/Nov/2022:13:11:27 +0100] "GET /templates/Pixame_v1/images/header.png HTTP/1.1" 200 70245 "http://www.wonder-geek.com/templates/Pixame_v1/stylesheet.css" "Mozilla/5.0 (Windows NT 10.0; WOW64) AppleWebKit/537.36 (KHTML like Gecko) Chrome/100.0.4896.127 Safari/537.36"
207.32.152.12 - - [15/Nov/2022:13:11:27 +0100] "GET /images/mini_prod/3503420094361.jpg HTTP/1.1" 200 4814 "http://www.wonder-geek.com/bowls-c-12_60.html" "Mozilla/5.0 (Windows NT 10.0; WOW64) AppleWebKit/537.36 (KHTML like Gecko) Chrome/100.0.4896.127 Safari/537.36"
207.32.152.12 - - [15/Nov/2022:13:11:27 +0100] "GET /images/mini_prod/3503420052668.jpg HTTP/1.1" 200 4771 "http://www.wonder-geek.com/bowls-c-12_60.html" "Mozilla/5.0 (Windows NT 10.0; WOW64) AppleWebKit/537.36 (KHTML like Gecko) Chrome/100.0.4896.127 Safari/537.36"
207.32.152.12 - - [15/Nov/2022:13:11:27 +0100] "GET /images/mini_prod/3503420149641.jpg HTTP/1.1" 200 5411 "http://www.wonder-geek.com/bowls-c-12_60.html" "Mozilla/5.0 (Windows NT 10.0; WOW64) AppleWebKit/537.36 (KHTML like Gecko) Chrome/100.0.4896.127 Safari/537.36"
207.32.152.12 - - [15/Nov/2022:13:11:27 +0100] "GET /templates/Pixame_v1/images/header-object.png HTTP/1.1" 200 106050 "http://www.wonder-geek.com/templates/Pixame_v1/stylesheet.css" "Mozilla/5.0 (Windows NT 10.0; WOW64) AppleWebKit/537.36 (KHTML like Gecko) Chrome/100.0.4896.127 Safari/537.36"
207.32.152.12 - - [15/Nov/2022:13:11:28 +0100] "GET /images/mini_prod/3503420051081.jpg HTTP/1.1" 200 6028 "http://www.wonder-geek.com/bowls-c-12_60.html" "Mozilla/5.0 (Windows NT 10.0; WOW64) AppleWebKit/537.36 (KHTML like Gecko) Chrome/100.0.4896.127 Safari/537.36"
207.32.152.12 - - [15/Nov/2022:13:11:28 +0100] "GET /images/mini_prod/3503420059025.jpg HTTP/1.1" 200 4331 "http://www.wonder-geek.com/bowls-c-12_60.html" "Mozilla/5.0 (Windows NT 10.0; WOW64) AppleWebKit/537.36 (KHTML like Gecko) Chrome/100.0.4896.127 Safari/537.36"
207.32.152.12 - - [15/Nov/2022:13:11:28 +0100] "GET /images/mini_prod/3503420188558.jpg HTTP/1.1" 200 4709 "http://www.wonder-geek.com/bowls-c-12_60.html" "Mozilla/5.0 (Windows NT 10.0; WOW64) AppleWebKit/537.36 (KHTML like Gecko) Chrome/100.0.4896.127 Safari/537.36"
207.32.152.12 - - [15/Nov/2022:13:11:28 +0100] "GET /images/mini_prod/3503420170515.jpg HTTP/1.1" 200 4363 "http://www.wonder-geek.com/bowls-c-12_60.html" "Mozilla/5.0 (Windows NT 10.0; WOW64) AppleWebKit/537.36 (KHTML like Gecko) Chrome/100.0.4896.127 Safari/537.36"
207.32.152.12 - - [15/Nov/2022:13:11:28 +0100] "GET /images/mini_prod/8422001019768.jpg HTTP/1.1" 200 6544 "http://www.wonder-geek.com/bowls-c-12_60.html" "Mozilla/5.0 (Windows NT 10.0; WOW64) AppleWebKit/537.36 (KHTML like Gecko) Chrome/100.0.4896.127 Safari/537.36"
207.32.152.12 - - [15/Nov/2022:13:11:28 +0100] "GET /images/mini_prod/8422011019765.jpg HTTP/1.1" 200 6190 "http://www.wonder-geek.com/bowls-c-12_60.html" "Mozilla/5.0 (Windows NT 10.0; WOW64) AppleWebKit/537.36 (KHTML like Gecko) Chrome/100.0.4896.127 Safari/537.36"
207.32.152.12 - - [15/Nov/2022:13:11:28 +0100] "GET /images/mini_prod/8422013545507.jpg HTTP/1.1" 200 3199 "http://www.wonder-geek.com/bowls-c-12_60.html" "Mozilla/5.0 (Windows NT 10.0; WOW64) AppleWebKit/537.36 (KHTML like Gecko) Chrome/100.0.4896.127 Safari/537.36"
207.32.152.12 - - [15/Nov/2022:13:11:28 +0100] "GET /images/mini_prod/8422011019789.jpg HTTP/1.1" 200 5643 "http://www.wonder-geek.com/bowls-c-12_60.html" "Mozilla/5.0 (Windows NT 10.0; WOW64) AppleWebKit/537.36 (KHTML like Gecko) Chrome/100.0.4896.127 Safari/537.36"
207.32.152.12 - - [15/Nov/2022:13:11:28 +0100] "GET /images/mini_prod/8422021019762.jpg HTTP/1.1" 200 6339 "http://www.wonder-geek.com/bowls-c-12_60.html" "Mozilla/5.0 (Windows NT 10.0; WOW64) AppleWebKit/537.36 (KHTML like Gecko) Chrome/100.0.4896.127 Safari/537.36"
207.32.152.12 - - [15/Nov/2022:13:11:28 +0100] "GET /images/mini_prod/8422021019786.jpg HTTP/1.1" 200 5362 "http://www.wonder-geek.com/bowls-c-12_60.html" "Mozilla/5.0 (Windows NT 10.0; WOW64) AppleWebKit/537.36 (KHTML like Gecko) Chrome/100.0.4896.127 Safari/537.36"
207.32.152.12 - - [15/Nov/2022:13:11:28 +0100] "GET /images/mini_prod/8422001019782.jpg HTTP/1.1" 200 6016 "http://www.wonder-geek.com/bowls-c-12_60.html" "Mozilla/5.0 (Windows NT 10.0; WOW64) AppleWebKit/537.36 (KHTML like Gecko) Chrome/100.0.4896.127 Safari/537.36"
35.208.29.16 - - [15/Nov/2022:13:11:30 +0100] "GET /images/big_prod_1/b5018997627761.jpg HTTP/1.1" 200 149569 "-" "Mozilla/5.0 (X11; Ubuntu; Linux x86_64; rv:72.0) Gecko/20100101 Firefox/72.0"
213.202.230.56 - - [15/Nov/2022:13:12:06 +0100] "GET /images/mini_prod/3503420082467.jpg HTTP/1.1" 200 5936 "-" "Mozilla/5.0 (X11; Ubuntu; Linux x86_64; rv:72.0) Gecko/20100101 Firefox/72.0"
207.32.146.240 - - [15/Nov/2022:13:12:15 +0100] "GET /templates/Pixame_v1/stylesheet.css HTTP/1.1" 200 15928 "http://www.wonder-geek.com/login.php" "Mozilla/5.0 (Macintosh; Intel Mac OS X 10_13_6) AppleWebKit/537.36 (KHTML like Gecko) Chrome/100.0.4896.127 Safari/537.36"
35.208.178.115 - - [15/Nov/2022:13:12:25 +0100] "GET /images/mini_prod/1399984258439.jpg HTTP/1.1" 200 8664 "-" "Mozilla/5.0 (X11; Ubuntu; Linux x86_64; rv:72.0) Gecko/20100101 Firefox/72.0"
35.209.122.144 - - [15/Nov/2022:13:12:50 +0100] "GET /images/mini_prod/8412497597796.jpg HTTP/1.1" 200 7460 "-" "Mozilla/5.0 (X11; Ubuntu; Linux x86_64; rv:72.0) Gecko/20100101 Firefox/72.0"
35.208.149.59 - - [15/Nov/2022:13:12:51 +0100] "GET /images/D5411217321171.jpg HTTP/1.1" 200 114497 "-" "Mozilla/5.0 (X11; Ubuntu; Linux x86_64; rv:72.0) Gecko/20100101 Firefox/72.0"
35.209.223.97 - - [15/Nov/2022:13:14:08 +0100] "GET /images/mini_prod/5050293802954.jpg HTTP/1.1" 200 10057 "-" "Mozilla/5.0 (X11; Ubuntu; Linux x86_64; rv:72.0) Gecko/20100101 Firefox/72.0"
66.249.64.242 - - [15/Nov/2022:13:14:09 +0100] "GET /images/big_prod_1/8424346350025a.jpg HTTP/1.1" 200 455234 "-" "Googlebot-Image/1.0"
66.249.64.242 - - [15/Nov/2022:13:14:10 +0100] "GET /images/big_prod/3453131153119.jpg HTTP/1.1" 200 116172 "-" "Googlebot-Image/1.0"
35.206.102.166 - - [15/Nov/2022:13:14:20 +0100] "GET /images/mini_prod/1384010202869.jpg HTTP/1.1" 200 5906 "-" "Mozilla/5.0 (X11; Ubuntu; Linux x86_64; rv:72.0) Gecko/20100101 Firefox/72.0"
35.208.119.187 - - [15/Nov/2022:13:14:35 +0100] "GET /images/mini_prod/3700653590626.jpg HTTP/1.1" 200 6922 "-" "Mozilla/5.0 (X11; Ubuntu; Linux x86_64; rv:72.0) Gecko/20100101 Firefox/72.0"
35.209.112.66 - - [15/Nov/2022:13:14:37 +0100] "GET /images/mini_prod/1399984238097.jpg HTTP/1.1" 200 8603 "-" "Mozilla/5.0 (X11; Ubuntu; Linux x86_64; rv:72.0) Gecko/20100101 Firefox/72.0"
35.209.132.119 - - [15/Nov/2022:13:15:06 +0100] "GET /images/mini_prod/3660173176314.jpg HTTP/1.1" 200 5875 "-" "Mozilla/5.0 (X11; Ubuntu; Linux x86_64; rv:72.0) Gecko/20100101 Firefox/72.0"
8.210.218.222 - - [15/Nov/2022:13:15:25 +0100] "GET /images/3700276274989.jpg HTTP/1.1" 200 20725 "-" "Mozilla/5.0 (X11; Ubuntu; Linux x86_64; rv:72.0) Gecko/20100101 Firefox/72.0"
8.210.218.222 - - [15/Nov/2022:13:15:26 +0100] "GET /images/3700276275009.jpg HTTP/1.1" 200 27389 "-" "Mozilla/5.0 (X11; Ubuntu; Linux x86_64; rv:72.0) Gecko/20100101 Firefox/72.0"
35.209.33.74 - - [15/Nov/2022:13:16:45 +0100] "GET /images/mini_prod/4036113830377.jpg HTTP/1.1" 200 10977 "-" "Mozilla/5.0 (X11; Ubuntu; Linux x86_64; rv:72.0) Gecko/20100101 Firefox/72.0"
54.36.148.181 - - [15/Nov/2022:13:17:38 +0100] "GET /images/mini_prod/8480610040016.jpg HTTP/1.1" 200 8489 "-" "Mozilla/5.0 (compatible; AhrefsBot/7.0; +http://ahrefs.com/robot/)"
54.36.148.212 - - [15/Nov/2022:13:17:44 +0100] "GET /images/mini_prod/8422018289000.jpg HTTP/1.1" 200 4016 "-" "Mozilla/5.0 (compatible; AhrefsBot/7.0; +http://ahrefs.com/robot/)"
54.36.149.77 - - [15/Nov/2022:13:17:48 +0100] "GET /images/mini_prod/1384010190289.jpg HTTP/1.1" 200 4051 "-" "Mozilla/5.0 (compatible; AhrefsBot/7.0; +http://ahrefs.com/robot/)"
54.36.148.148 - - [15/Nov/2022:13:17:51 +0100] "GET /images/mini_prod/1384010190272.jpg HTTP/1.1" 200 3542 "-" "Mozilla/5.0 (compatible; AhrefsBot/7.0; +http://ahrefs.com/robot/)"
54.36.149.11 - - [15/Nov/2022:13:17:52 +0100] "GET /images/mini_prod/8718375752906.jpg HTTP/1.1" 200 5569 "-" "Mozilla/5.0 (compatible; AhrefsBot/7.0; +http://ahrefs.com/robot/)"
54.36.149.54 - - [15/Nov/2022:13:17:52 +0100] "GET /images/mini_prod/3700276234013NB.jpg HTTP/1.1" 200 9502 "-" "Mozilla/5.0 (compatible; AhrefsBot/7.0; +http://ahrefs.com/robot/)"
54.36.148.206 - - [15/Nov/2022:13:17:52 +0100] "GET /images/mini_prod/8445146041814.jpg HTTP/1.1" 200 5278 "-" "Mozilla/5.0 (compatible; AhrefsBot/7.0; +http://ahrefs.com/robot/)"
54.36.148.217 - - [15/Nov/2022:13:17:55 +0100] "GET /images/mini_prod/8718375750964C.jpg HTTP/1.1" 200 4145 "-" "Mozilla/5.0 (compatible; AhrefsBot/7.0; +http://ahrefs.com/robot/)"
54.36.148.209 - - [15/Nov/2022:13:17:58 +0100] "GET /images/mini_prod/8422018288904.jpg HTTP/1.1" 200 3240 "-" "Mozilla/5.0 (compatible; AhrefsBot/7.0; +http://ahrefs.com/robot/)"
54.36.149.81 - - [15/Nov/2022:13:18:02 +0100] "GET /images/mini_prod/8424001782567.jpg HTTP/1.1" 200 4178 "-" "Mozilla/5.0 (compatible; AhrefsBot/7.0; +http://ahrefs.com/robot/)"
54.36.148.132 - - [15/Nov/2022:13:18:05 +0100] "GET /images/mini_prod/8718375750940.jpg HTTP/1.1" 200 4455 "-" "Mozilla/5.0 (compatible; AhrefsBot/7.0; +http://ahrefs.com/robot/)"
54.36.148.17 - - [15/Nov/2022:13:18:08 +0100] "GET /images/mini_prod/8445146042385.jpg HTTP/1.1" 200 8087 "-" "Mozilla/5.0 (compatible; AhrefsBot/7.0; +http://ahrefs.com/robot/)"
54.36.149.104 - - [15/Nov/2022:13:18:15 +0100] "GET /images/mini_prod/3700276234006N.jpg HTTP/1.1" 200 8255 "-" "Mozilla/5.0 (compatible; AhrefsBot/7.0; +http://ahrefs.com/robot/)"
54.36.148.237 - - [15/Nov/2022:13:18:22 +0100] "GET /images/mini_prod/8718317579608.jpg HTTP/1.1" 200 3429 "-" "Mozilla/5.0 (compatible; AhrefsBot/7.0; +http://ahrefs.com/robot/)"
54.36.148.38 - - [15/Nov/2022:13:18:25 +0100] "GET /images/mini_prod/8422018288911.jpg HTTP/1.1" 200 3768 "-" "Mozilla/5.0 (compatible; AhrefsBot/7.0; +http://ahrefs.com/robot/)"
54.36.149.36 - - [15/Nov/2022:13:18:28 +0100] "GET /images/mini_prod/8445146042057.jpg HTTP/1.1" 200 8833 "-" "Mozilla/5.0 (compatible; AhrefsBot/7.0; +http://ahrefs.com/robot/)"
