185.191.171.8 - - [24/Nov/2022:04:41:25 +0100] "GET /medusa-glass-paperweight-p-53638.html HTTP/1.0" 200 75906 "-" "Mozilla/5.0 (compatible; SemrushBot/7~bl; +http://www.semrush.com/bot.html)"
66.249.66.210 - - [24/Nov/2022:04:41:28 +0100] "GET /white-mustache-circle-coasters-cbkreation-p-16705.html HTTP/1.0" 200 76210 "-" "Mozilla/5.0 (compatible; Googlebot/2.1; +http://www.google.com/bot.html)"
65.109.26.102 - - [24/Nov/2022:04:41:28 +0100] "GET /diffuser-of-perfume-and-essential-oils-c-231_162.html?page=5 HTTP/1.0" 301 89648 "-" "Mozilla/5.0 (compatible; MJ12bot/v1.4.8; http://mj12bot.com/)"
65.109.26.102 - - [24/Nov/2022:04:41:31 +0100] "GET /diffuser-perfume-essential-oils-c-162.html?page=5 HTTP/1.0" 301 89517 "-" "Mozilla/5.0 (compatible; MJ12bot/v1.4.8; http://mj12bot.com/)"
65.109.26.102 - - [24/Nov/2022:04:41:34 +0100] "GET /diffuser-perfume-essential-oils-c-231_162.html?page=5 HTTP/1.0" 200 89545 "-" "Mozilla/5.0 (compatible; MJ12bot/v1.4.8; http://mj12bot.com/)"
65.109.26.102 - - [24/Nov/2022:04:41:37 +0100] "GET /diffuser-of-perfume-and-essential-oils-c-231_162.html?page=6 HTTP/1.0" 301 89648 "-" "Mozilla/5.0 (compatible; MJ12bot/v1.4.8; http://mj12bot.com/)"
65.109.26.102 - - [24/Nov/2022:04:41:40 +0100] "GET /diffuser-perfume-essential-oils-c-162.html?page=6 HTTP/1.0" 301 89517 "-" "Mozilla/5.0 (compatible; MJ12bot/v1.4.8; http://mj12bot.com/)"
54.36.148.219 - - [24/Nov/2022:04:41:42 +0100] "GET /russian-dolls-mouse-pad-by-cbk-p-18687.html HTTP/1.0" 301 76055 "-" "Mozilla/5.0 (compatible; AhrefsBot/7.0; +http://ahrefs.com/robot/)"
65.109.26.102 - - [24/Nov/2022:04:41:42 +0100] "GET /diffuser-perfume-essential-oils-c-231_162.html?page=6 HTTP/1.0" 200 89545 "-" "Mozilla/5.0 (compatible; MJ12bot/v1.4.8; http://mj12bot.com/)"
65.109.26.102 - - [24/Nov/2022:04:41:46 +0100] "GET /diffuser-of-perfume-and-essential-oils-c-231_162.html?page=7 HTTP/1.0" 301 89648 "-" "Mozilla/5.0 (compatible; MJ12bot/v1.4.8; http://mj12bot.com/)"
65.109.26.102 - - [24/Nov/2022:04:41:49 +0100] "GET /diffuser-perfume-essential-oils-c-162.html?page=7 HTTP/1.0" 301 89517 "-" "Mozilla/5.0 (compatible; MJ12bot/v1.4.8; http://mj12bot.com/)"
185.191.171.4 - - [24/Nov/2022:04:41:50 +0100] "GET /-p-40954.html HTTP/1.0" 200 73264 "-" "Mozilla/5.0 (compatible; SemrushBot/7~bl; +http://www.semrush.com/bot.html)"
65.109.26.102 - - [24/Nov/2022:04:41:51 +0100] "GET /diffuser-perfume-essential-oils-c-231_162.html?page=7 HTTP/1.0" 200 89545 "-" "Mozilla/5.0 (compatible; MJ12bot/v1.4.8; http://mj12bot.com/)"
65.109.26.102 - - [24/Nov/2022:04:41:55 +0100] "GET /diffuser-of-perfume-and-essential-oils-c-231_162.html?page=8 HTTP/1.0" 301 89648 "-" "Mozilla/5.0 (compatible; MJ12bot/v1.4.8; http://mj12bot.com/)"
114.119.130.87 - - [24/Nov/2022:04:41:56 +0100] "GET /flamingo-large-soup-bowl-p-42239.html HTTP/1.0" 301 73331 "http://www.wonder-geek.com/bowls-c-12_60.html?page=8" "Mozilla/5.0 (Linux; Android 7.0;) AppleWebKit/537.36 (KHTML, like Gecko) Mobile Safari/537.36 (compatible; PetalBot;+https://webmaster.petalsearch.com/site/petalbot)"
65.109.26.102 - - [24/Nov/2022:04:41:57 +0100] "GET /diffuser-perfume-essential-oils-c-162.html?page=8 HTTP/1.0" 301 89517 "-" "Mozilla/5.0 (compatible; MJ12bot/v1.4.8; http://mj12bot.com/)"
65.109.26.102 - - [24/Nov/2022:04:42:00 +0100] "GET /diffuser-perfume-essential-oils-c-231_162.html?page=8 HTTP/1.0" 200 89545 "-" "Mozilla/5.0 (compatible; MJ12bot/v1.4.8; http://mj12bot.com/)"
114.119.130.87 - - [24/Nov/2022:04:42:02 +0100] "GET /-p-42239.html HTTP/1.0" 200 73264 "http://www.wonder-geek.com/bowls-c-12_60.html?page=8" "Mozilla/5.0 (Linux; Android 7.0;) AppleWebKit/537.36 (KHTML, like Gecko) Mobile Safari/537.36 (compatible; PetalBot;+https://webmaster.petalsearch.com/site/petalbot)"
65.109.26.102 - - [24/Nov/2022:04:42:05 +0100] "GET /diffuser-of-perfume-and-essential-oils-c-231_162.html?page=9 HTTP/1.0" 301 89648 "-" "Mozilla/5.0 (compatible; MJ12bot/v1.4.8; http://mj12bot.com/)"
65.109.26.102 - - [24/Nov/2022:04:42:08 +0100] "GET /diffuser-perfume-essential-oils-c-162.html?page=9 HTTP/1.0" 301 89517 "-" "Mozilla/5.0 (compatible; MJ12bot/v1.4.8; http://mj12bot.com/)"
65.109.26.102 - - [24/Nov/2022:04:42:11 +0100] "GET /diffuser-perfume-essential-oils-c-231_162.html?page=9 HTTP/1.0" 200 89545 "-" "Mozilla/5.0 (compatible; MJ12bot/v1.4.8; http://mj12bot.com/)"
65.109.26.102 - - [24/Nov/2022:04:42:14 +0100] "GET /diffuser-perfume-essential-oils-c-162.html?page=1 HTTP/1.0" 301 93712 "-" "Mozilla/5.0 (compatible; MJ12bot/v1.4.8; http://mj12bot.com/)"
185.191.171.6 - - [24/Nov/2022:04:42:17 +0100] "GET /blue-retro-phone-handset-p-16736.html HTTP/1.0" 200 73350 "-" "Mozilla/5.0 (compatible; SemrushBot/7~bl; +http://www.semrush.com/bot.html)"
65.109.26.102 - - [24/Nov/2022:04:42:18 +0100] "GET /diffuser-perfume-essential-oils-c-231_162.html?page=1 HTTP/1.0" 200 93740 "-" "Mozilla/5.0 (compatible; MJ12bot/v1.4.8; http://mj12bot.com/)"
65.109.26.102 - - [24/Nov/2022:04:42:21 +0100] "GET /diffuser-perfume-essential-oils-c-162.html?page=10 HTTP/1.0" 301 89519 "-" "Mozilla/5.0 (compatible; MJ12bot/v1.4.8; http://mj12bot.com/)"
65.109.26.102 - - [24/Nov/2022:04:42:24 +0100] "GET /diffuser-perfume-essential-oils-c-231_162.html?page=10 HTTP/1.0" 200 89546 "-" "Mozilla/5.0 (compatible; MJ12bot/v1.4.8; http://mj12bot.com/)"
65.109.26.102 - - [24/Nov/2022:04:42:27 +0100] "GET /diffuser-perfume-essential-oils-c-162.html?page=2 HTTP/1.0" 301 93950 "-" "Mozilla/5.0 (compatible; MJ12bot/v1.4.8; http://mj12bot.com/)"
65.109.26.102 - - [24/Nov/2022:04:42:29 +0100] "GET /diffuser-perfume-essential-oils-c-231_162.html?page=2 HTTP/1.0" 200 93978 "-" "Mozilla/5.0 (compatible; MJ12bot/v1.4.8; http://mj12bot.com/)"
147.92.153.17 - - [24/Nov/2022:04:42:34 +0100] "GET /images/big_prod/1328399319275.jpg HTTP/1.0" 200 268 "-" "Mozilla/5.0 (compatible; Linespider/1.1; +https://lin.ee/4dwXkTH)"
65.109.26.102 - - [24/Nov/2022:04:42:33 +0100] "GET /diffuser-perfume-essential-oils-c-162.html?page=3 HTTP/1.0" 301 94567 "-" "Mozilla/5.0 (compatible; MJ12bot/v1.4.8; http://mj12bot.com/)"
65.109.26.102 - - [24/Nov/2022:04:42:35 +0100] "GET /diffuser-perfume-essential-oils-c-231_162.html?page=3 HTTP/1.0" 200 94595 "-" "Mozilla/5.0 (compatible; MJ12bot/v1.4.8; http://mj12bot.com/)"
65.109.26.102 - - [24/Nov/2022:04:42:39 +0100] "GET /diffuser-perfume-essential-oils-c-162.html?page=4 HTTP/1.0" 301 95109 "-" "Mozilla/5.0 (compatible; MJ12bot/v1.4.8; http://mj12bot.com/)"
65.109.26.102 - - [24/Nov/2022:04:42:41 +0100] "GET /diffuser-perfume-essential-oils-c-231_162.html?page=4 HTTP/1.0" 200 95137 "-" "Mozilla/5.0 (compatible; MJ12bot/v1.4.8; http://mj12bot.com/)"
65.109.26.102 - - [24/Nov/2022:04:42:45 +0100] "GET /diffuser-perfume-essential-oils-c-162.html?page=5 HTTP/1.0" 301 89517 "-" "Mozilla/5.0 (compatible; MJ12bot/v1.4.8; http://mj12bot.com/)"
65.109.26.102 - - [24/Nov/2022:04:42:47 +0100] "GET /diffuser-perfume-essential-oils-c-231_162.html?page=5 HTTP/1.0" 200 89545 "-" "Mozilla/5.0 (compatible; MJ12bot/v1.4.8; http://mj12bot.com/)"
65.109.26.102 - - [24/Nov/2022:04:42:50 +0100] "GET /diffuser-perfume-essential-oils-c-162.html?page=6 HTTP/1.0" 301 89517 "-" "Mozilla/5.0 (compatible; MJ12bot/v1.4.8; http://mj12bot.com/)"
185.191.171.1 - - [24/Nov/2022:04:42:51 +0100] "GET /paris-pink-girly-p-38594.html HTTP/1.0" 200 75909 "-" "Mozilla/5.0 (compatible; SemrushBot/7~bl; +http://www.semrush.com/bot.html)"
65.109.26.102 - - [24/Nov/2022:04:42:53 +0100] "GET /diffuser-perfume-essential-oils-c-231_162.html?page=6 HTTP/1.0" 200 89545 "-" "Mozilla/5.0 (compatible; MJ12bot/v1.4.8; http://mj12bot.com/)"
185.191.171.40 - - [24/Nov/2022:04:42:54 +0100] "GET /golden-bear-statue-p-59172.html HTTP/1.0" 200 76669 "-" "Mozilla/5.0 (compatible; SemrushBot/7~bl; +http://www.semrush.com/bot.html)"
65.109.26.102 - - [24/Nov/2022:04:42:57 +0100] "GET /diffuser-perfume-essential-oils-c-162.html?page=7 HTTP/1.0" 301 89517 "-" "Mozilla/5.0 (compatible; MJ12bot/v1.4.8; http://mj12bot.com/)"
65.109.26.102 - - [24/Nov/2022:04:43:00 +0100] "GET /diffuser-perfume-essential-oils-c-231_162.html?page=7 HTTP/1.0" 200 89545 "-" "Mozilla/5.0 (compatible; MJ12bot/v1.4.8; http://mj12bot.com/)"
65.109.26.102 - - [24/Nov/2022:04:43:03 +0100] "GET /diffuser-perfume-essential-oils-c-162.html?page=8 HTTP/1.0" 301 89517 "-" "Mozilla/5.0 (compatible; MJ12bot/v1.4.8; http://mj12bot.com/)"
65.109.26.102 - - [24/Nov/2022:04:43:05 +0100] "GET /diffuser-perfume-essential-oils-c-231_162.html?page=8 HTTP/1.0" 200 89545 "-" "Mozilla/5.0 (compatible; MJ12bot/v1.4.8; http://mj12bot.com/)"
114.119.130.87 - - [24/Nov/2022:04:43:09 +0100] "GET /angel-bell-metal-11-cm-p-38732.html HTTP/1.0" 301 75976 "http://www.wonder-geek.com/bell-and-wall-bell-c-13_270.html" "Mozilla/5.0 (Linux; Android 7.0;) AppleWebKit/537.36 (KHTML, like Gecko) Mobile Safari/537.36 (compatible; PetalBot;+https://webmaster.petalsearch.com/site/petalbot)"
65.109.26.102 - - [24/Nov/2022:04:43:09 +0100] "GET /diffuser-perfume-essential-oils-c-162.html?page=9 HTTP/1.0" 301 89517 "-" "Mozilla/5.0 (compatible; MJ12bot/v1.4.8; http://mj12bot.com/)"
114.119.130.87 - - [24/Nov/2022:04:43:10 +0100] "GET /angel-bell-metal-p-38732.html HTTP/1.0" 200 75893 "http://www.wonder-geek.com/bell-and-wall-bell-c-13_270.html" "Mozilla/5.0 (Linux; Android 7.0;) AppleWebKit/537.36 (KHTML, like Gecko) Mobile Safari/537.36 (compatible; PetalBot;+https://webmaster.petalsearch.com/site/petalbot)"
65.109.26.102 - - [24/Nov/2022:04:43:11 +0100] "GET /diffuser-perfume-essential-oils-c-231_162.html?page=9 HTTP/1.0" 200 89545 "-" "Mozilla/5.0 (compatible; MJ12bot/v1.4.8; http://mj12bot.com/)"
65.109.26.102 - - [24/Nov/2022:04:43:14 +0100] "GET /diffuser-perfume-essential-oils-c-231_162.html?page=1 HTTP/1.0" 200 93740 "-" "Mozilla/5.0 (compatible; MJ12bot/v1.4.8; http://mj12bot.com/)"
54.36.148.250 - - [24/Nov/2022:04:43:16 +0100] "GET /metal-push-ashtray-p-53573.html HTTP/1.0" 200 73326 "-" "Mozilla/5.0 (compatible; AhrefsBot/7.0; +http://ahrefs.com/robot/)"
65.109.26.102 - - [24/Nov/2022:04:43:18 +0100] "GET /diffuser-perfume-essential-oils-c-231_162.html?page=10 HTTP/1.0" 200 89546 "-" "Mozilla/5.0 (compatible; MJ12bot/v1.4.8; http://mj12bot.com/)"
185.191.171.6 - - [24/Nov/2022:04:43:18 +0100] "GET /round-doormat-diameter-p-53933.html HTTP/1.0" 200 76768 "-" "Mozilla/5.0 (compatible; SemrushBot/7~bl; +http://www.semrush.com/bot.html)"
65.109.26.102 - - [24/Nov/2022:04:43:21 +0100] "GET /diffuser-perfume-essential-oils-c-231_162.html?page=2 HTTP/1.0" 200 93978 "-" "Mozilla/5.0 (compatible; MJ12bot/v1.4.8; http://mj12bot.com/)"
65.109.26.102 - - [24/Nov/2022:04:43:24 +0100] "GET /diffuser-perfume-essential-oils-c-231_162.html?page=3 HTTP/1.0" 200 94595 "-" "Mozilla/5.0 (compatible; MJ12bot/v1.4.8; http://mj12bot.com/)"
42.194.232.66 - - [24/Nov/2022:04:43:27 +0100] "GET /images/mini_prod/Image17.jpg HTTP/1.0" 200 263 "-" "Mozilla/5.0 (X11; Ubuntu; Linux x86_64; rv:72.0) Gecko/20100101 Firefox/72.0"
65.109.26.102 - - [24/Nov/2022:04:43:27 +0100] "GET /diffuser-perfume-essential-oils-c-231_162.html?page=4 HTTP/1.0" 200 95137 "-" "Mozilla/5.0 (compatible; MJ12bot/v1.4.8; http://mj12bot.com/)"
65.109.26.102 - - [24/Nov/2022:04:43:31 +0100] "GET /diffuser-perfume-essential-oils-c-231_162.html?page=5 HTTP/1.0" 200 89545 "-" "Mozilla/5.0 (compatible; MJ12bot/v1.4.8; http://mj12bot.com/)"
185.191.171.8 - - [24/Nov/2022:04:43:32 +0100] "GET /moroccan-ashtray-p-52727.html HTTP/1.0" 200 73318 "-" "Mozilla/5.0 (compatible; SemrushBot/7~bl; +http://www.semrush.com/bot.html)"
65.109.26.102 - - [24/Nov/2022:04:43:34 +0100] "GET /diffuser-perfume-essential-oils-c-231_162.html?page=6 HTTP/1.0" 200 89545 "-" "Mozilla/5.0 (compatible; MJ12bot/v1.4.8; http://mj12bot.com/)"
65.109.26.102 - - [24/Nov/2022:04:43:37 +0100] "GET /diffuser-perfume-essential-oils-c-231_162.html?page=7 HTTP/1.0" 200 89545 "-" "Mozilla/5.0 (compatible; MJ12bot/v1.4.8; http://mj12bot.com/)"
185.191.171.2 - - [24/Nov/2022:04:43:39 +0100] "GET /louis-philippe-pink-liberty-cushion-p-16233.html HTTP/1.0" 200 76661 "-" "Mozilla/5.0 (compatible; SemrushBot/7~bl; +http://www.semrush.com/bot.html)"
65.109.26.102 - - [24/Nov/2022:04:43:40 +0100] "GET /diffuser-perfume-essential-oils-c-231_162.html?page=8 HTTP/1.0" 200 89545 "-" "Mozilla/5.0 (compatible; MJ12bot/v1.4.8; http://mj12bot.com/)"
65.109.26.102 - - [24/Nov/2022:04:43:43 +0100] "GET /diffuser-perfume-essential-oils-c-231_162.html?page=9 HTTP/1.0" 200 89545 "-" "Mozilla/5.0 (compatible; MJ12bot/v1.4.8; http://mj12bot.com/)"
39.105.116.247 - - [24/Nov/2022:04:43:45 +0100] "GET /images/mini_prod/8427787039320.jpg HTTP/1.0" 200 269 "-" "Mozilla/5.0 (Macintosh; Intel Mac OS X 10_15_7) AppleWebKit/537.36 (KHTML, like Gecko) Chrome/105.0.0.0 Safari/537.36"
65.109.26.102 - - [24/Nov/2022:04:43:46 +0100] "GET /digipenguin-p-30674.html HTTP/1.0" 301 73331 "-" "Mozilla/5.0 (compatible; MJ12bot/v1.4.8; http://mj12bot.com/)"
65.109.26.102 - - [24/Nov/2022:04:43:49 +0100] "GET /-p-30674.html HTTP/1.0" 200 73264 "-" "Mozilla/5.0 (compatible; MJ12bot/v1.4.8; http://mj12bot.com/)"
65.109.26.102 - - [24/Nov/2022:04:43:52 +0100] "GET /digipenguin-p-30675.html HTTP/1.0" 301 73331 "-" "Mozilla/5.0 (compatible; MJ12bot/v1.4.8; http://mj12bot.com/)"
65.109.26.102 - - [24/Nov/2022:04:43:54 +0100] "GET /-p-30675.html HTTP/1.0" 200 73264 "-" "Mozilla/5.0 (compatible; MJ12bot/v1.4.8; http://mj12bot.com/)"
65.109.26.102 - - [24/Nov/2022:04:43:57 +0100] "GET /disney-collection-anna-polystone-bust-p-28257.html HTTP/1.0" 200 76187 "-" "Mozilla/5.0 (compatible; MJ12bot/v1.4.8; http://mj12bot.com/)"
65.109.26.102 - - [24/Nov/2022:04:44:00 +0100] "GET /disney-princess-large-shopping-bag-p-10760.html HTTP/1.0" 301 73479 "-" "Mozilla/5.0 (compatible; MJ12bot/v1.4.8; http://mj12bot.com/)"
54.36.148.79 - - [24/Nov/2022:04:44:02 +0100] "GET /the-cats-of-dubout-isothermic-stainless-steel-bottle-p-52338.html HTTP/1.0" 301 76932 "-" "Mozilla/5.0 (compatible; AhrefsBot/7.0; +http://ahrefs.com/robot/)"
65.109.26.102 - - [24/Nov/2022:04:44:03 +0100] "GET /disney-princess-large-shopping-p-10760.html HTTP/1.0" 200 73382 "-" "Mozilla/5.0 (compatible; MJ12bot/v1.4.8; http://mj12bot.com/)"
185.191.171.18 - - [24/Nov/2022:04:44:04 +0100] "GET /cement-cover-green-p-57984.html HTTP/1.0" 200 76681 "-" "Mozilla/5.0 (compatible; SemrushBot/7~bl; +http://www.semrush.com/bot.html)"
65.109.26.102 - - [24/Nov/2022:04:44:06 +0100] "GET /disney-princess-large-shopping-p-10760.html HTTP/1.0" 200 73382 "-" "Mozilla/5.0 (compatible; MJ12bot/v1.4.8; http://mj12bot.com/)"
65.109.26.102 - - [24/Nov/2022:04:44:09 +0100] "GET /disney-princess-light-p-33159.html HTTP/1.0" 301 73331 "-" "Mozilla/5.0 (compatible; MJ12bot/v1.4.8; http://mj12bot.com/)"
65.109.26.102 - - [24/Nov/2022:04:44:12 +0100] "GET /-p-33159.html HTTP/1.0" 200 73264 "-" "Mozilla/5.0 (compatible; MJ12bot/v1.4.8; http://mj12bot.com/)"
65.109.26.102 - - [24/Nov/2022:04:44:15 +0100] "GET /disney-princess-light-up-led-p-33159.html HTTP/1.0" 301 73331 "-" "Mozilla/5.0 (compatible; MJ12bot/v1.4.8; http://mj12bot.com/)"
65.109.26.102 - - [24/Nov/2022:04:44:18 +0100] "GET /-p-33159.html HTTP/1.0" 200 73264 "-" "Mozilla/5.0 (compatible; MJ12bot/v1.4.8; http://mj12bot.com/)"
185.191.171.5 - - [24/Nov/2022:04:44:20 +0100] "GET /letter-wall-decor-sticker-gray-p-57784.html HTTP/1.0" 200 76774 "-" "Mozilla/5.0 (compatible; SemrushBot/7~bl; +http://www.semrush.com/bot.html)"
65.109.26.102 - - [24/Nov/2022:04:44:21 +0100] "GET /disney-showcase-figurine-collection-tinker-bell-p-48458.html HTTP/1.0" 301 73331 "-" "Mozilla/5.0 (compatible; MJ12bot/v1.4.8; http://mj12bot.com/)"
65.109.26.102 - - [24/Nov/2022:04:44:23 +0100] "GET /-p-48458.html HTTP/1.0" 200 73264 "-" "Mozilla/5.0 (compatible; MJ12bot/v1.4.8; http://mj12bot.com/)"
65.109.26.102 - - [24/Nov/2022:04:44:26 +0100] "GET /dubout-cats-white-p-52491.html HTTP/1.0" 200 73330 "-" "Mozilla/5.0 (compatible; MJ12bot/v1.4.8; http://mj12bot.com/)"
65.109.26.102 - - [24/Nov/2022:04:44:29 +0100] "GET /eagle-black-shirt-p-50566.html HTTP/1.0" 200 75919 "-" "Mozilla/5.0 (compatible; MJ12bot/v1.4.8; http://mj12bot.com/)"
65.109.26.102 - - [24/Nov/2022:04:44:32 +0100] "GET /elmer-apron-p-41572.html HTTP/1.0" 200 76082 "-" "Mozilla/5.0 (compatible; MJ12bot/v1.4.8; http://mj12bot.com/)"
65.109.26.102 - - [24/Nov/2022:04:44:36 +0100] "GET /eyelets-screen-curtain-color-linen-p-46235.html HTTP/1.0" 200 79027 "-" "Mozilla/5.0 (compatible; MJ12bot/v1.4.8; http://mj12bot.com/)"
114.119.131.232 - - [24/Nov/2022:04:44:37 +0100] "GET /images/big_prod_1/3700572774220a.jpg HTTP/1.0" 200 271 "http://www.wonder-geek.com/placemat-little-prince-p-59073.html" "Mozilla/5.0 (Linux; Android 7.0;) AppleWebKit/537.36 (KHTML, like Gecko) Mobile Safari/537.36 (compatible; PetalBot;+https://webmaster.petalsearch.com/site/petalbot)"
65.109.26.102 - - [24/Nov/2022:04:44:39 +0100] "GET /eyelets-screen-curtain-grey-p-49319.html HTTP/1.0" 200 78110 "-" "Mozilla/5.0 (compatible; MJ12bot/v1.4.8; http://mj12bot.com/)"
65.109.26.102 - - [24/Nov/2022:04:44:41 +0100] "GET /fairy-kitchen-towel-p-38812.html HTTP/1.0" 200 75863 "-" "Mozilla/5.0 (compatible; MJ12bot/v1.4.8; http://mj12bot.com/)"
65.109.26.102 - - [24/Nov/2022:04:44:44 +0100] "GET /flamingo-cotton-adult-apron-p-42220.html HTTP/1.0" 200 75912 "-" "Mozilla/5.0 (compatible; MJ12bot/v1.4.8; http://mj12bot.com/)"
65.109.26.102 - - [24/Nov/2022:04:44:47 +0100] "GET /freshener-heart-home-dawn-mist-p-40597.html HTTP/1.0" 200 73378 "-" "Mozilla/5.0 (compatible; MJ12bot/v1.4.8; http://mj12bot.com/)"
65.109.26.102 - - [24/Nov/2022:04:44:50 +0100] "GET /freshener-heart-home-fresh-linen-p-40611.html HTTP/1.0" 200 73415 "-" "Mozilla/5.0 (compatible; MJ12bot/v1.4.8; http://mj12bot.com/)"
65.109.26.102 - - [24/Nov/2022:04:44:53 +0100] "GET /giraffe-table-lamp-porcelain-p-57815.html HTTP/1.0" 200 76654 "-" "Mozilla/5.0 (compatible; MJ12bot/v1.4.8; http://mj12bot.com/)"
65.109.26.102 - - [24/Nov/2022:04:44:55 +0100] "GET /glass-side-table-mandala-p-58381.html HTTP/1.0" 200 76522 "-" "Mozilla/5.0 (compatible; MJ12bot/v1.4.8; http://mj12bot.com/)"
65.109.26.102 - - [24/Nov/2022:04:44:58 +0100] "GET /glass-side-table-trees-life-p-58380.html HTTP/1.0" 200 76575 "-" "Mozilla/5.0 (compatible; MJ12bot/v1.4.8; http://mj12bot.com/)"
65.109.26.102 - - [24/Nov/2022:04:45:01 +0100] "GET /gorjuss-daily-planner-rainbow-heaven-p-49478.html HTTP/1.0" 200 77923 "-" "Mozilla/5.0 (compatible; MJ12bot/v1.4.8; http://mj12bot.com/)"
65.109.26.102 - - [24/Nov/2022:04:45:04 +0100] "GET /gorjuss-deluxe-journal-autumn-leaves-p-50957.html HTTP/1.0" 200 77667 "-" "Mozilla/5.0 (compatible; MJ12bot/v1.4.8; http://mj12bot.com/)"
65.109.26.102 - - [24/Nov/2022:04:45:08 +0100] "GET /gorjuss-deluxe-journal-little-wings-p-50956.html HTTP/1.0" 200 77424 "-" "Mozilla/5.0 (compatible; MJ12bot/v1.4.8; http://mj12bot.com/)"
65.109.26.102 - - [24/Nov/2022:04:45:11 +0100] "GET /gorjuss-gift-2020-family-calendar-p-49480.html HTTP/1.0" 200 77690 "-" "Mozilla/5.0 (compatible; MJ12bot/v1.4.8; http://mj12bot.com/)"
65.109.26.102 - - [24/Nov/2022:04:45:15 +0100] "GET /gray-porcelain-bowl-with-small-gold-hearts-p-53701.html HTTP/1.0" 200 73422 "-" "Mozilla/5.0 (compatible; MJ12bot/v1.4.8; http://mj12bot.com/)"
65.109.26.102 - - [24/Nov/2022:04:45:18 +0100] "GET /head-wallet-model-p-39435.html HTTP/1.0" 200 75915 "-" "Mozilla/5.0 (compatible; MJ12bot/v1.4.8; http://mj12bot.com/)"
185.191.171.16 - - [24/Nov/2022:04:45:21 +0100] "GET /-p-37919.html HTTP/1.0" 200 73264 "-" "Mozilla/5.0 (compatible; SemrushBot/7~bl; +http://www.semrush.com/bot.html)"
65.109.26.102 - - [24/Nov/2022:04:45:21 +0100] "GET /hedgehog-statuette-shore-p-58367.html HTTP/1.0" 200 77164 "-" "Mozilla/5.0 (compatible; MJ12bot/v1.4.8; http://mj12bot.com/)"
185.191.171.41 - - [24/Nov/2022:04:45:25 +0100] "GET /candle-hours-christmas-tree-p-58932.html HTTP/1.0" 200 77423 "-" "Mozilla/5.0 (compatible; SemrushBot/7~bl; +http://www.semrush.com/bot.html)"
65.109.26.102 - - [24/Nov/2022:04:45:25 +0100] "GET /home-and-decoration-c-13.html?page=202 HTTP/1.0" 301 96261 "-" "Mozilla/5.0 (compatible; MJ12bot/v1.4.8; http://mj12bot.com/)"
54.36.149.15 - - [24/Nov/2022:04:45:29 +0100] "GET /bamboo-fiber-plant-cover-p-54351.html HTTP/1.0" 200 76535 "-" "Mozilla/5.0 (compatible; AhrefsBot/7.0; +http://ahrefs.com/robot/)"
65.109.26.102 - - [24/Nov/2022:04:45:28 +0100] "GET /home-decoration-c-13.html?page=202 HTTP/1.0" 200 96173 "-" "Mozilla/5.0 (compatible; MJ12bot/v1.4.8; http://mj12bot.com/)"
65.109.26.102 - - [24/Nov/2022:04:45:32 +0100] "GET /home-and-decoration-c-13.html?page=203 HTTP/1.0" 301 95976 "-" "Mozilla/5.0 (compatible; MJ12bot/v1.4.8; http://mj12bot.com/)"
65.109.26.102 - - [24/Nov/2022:04:45:36 +0100] "GET /home-decoration-c-13.html?page=203 HTTP/1.0" 200 95888 "-" "Mozilla/5.0 (compatible; MJ12bot/v1.4.8; http://mj12bot.com/)"
185.191.171.2 - - [24/Nov/2022:04:45:39 +0100] "GET /porcelain-with-infuser-cement-tiles-p-58103.html HTTP/1.0" 200 76018 "-" "Mozilla/5.0 (compatible; SemrushBot/7~bl; +http://www.semrush.com/bot.html)"
65.109.26.102 - - [24/Nov/2022:04:45:40 +0100] "GET /home-and-decoration-c-13.html?page=204 HTTP/1.0" 301 95907 "-" "Mozilla/5.0 (compatible; MJ12bot/v1.4.8; http://mj12bot.com/)"
65.109.26.102 - - [24/Nov/2022:04:45:43 +0100] "GET /home-decoration-c-13.html?page=204 HTTP/1.0" 200 95819 "-" "Mozilla/5.0 (compatible; MJ12bot/v1.4.8; http://mj12bot.com/)"
65.109.26.102 - - [24/Nov/2022:04:45:47 +0100] "GET /home-and-decoration-c-13.html?page=242 HTTP/1.0" 301 93960 "-" "Mozilla/5.0 (compatible; MJ12bot/v1.4.8; http://mj12bot.com/)"
65.109.26.102 - - [24/Nov/2022:04:45:50 +0100] "GET /home-decoration-c-13.html?page=242 HTTP/1.0" 200 93872 "-" "Mozilla/5.0 (compatible; MJ12bot/v1.4.8; http://mj12bot.com/)"
65.109.26.102 - - [24/Nov/2022:04:45:54 +0100] "GET /home-and-decoration-c-13.html?page=243 HTTP/1.0" 301 93960 "-" "Mozilla/5.0 (compatible; MJ12bot/v1.4.8; http://mj12bot.com/)"
114.119.128.44 - - [24/Nov/2022:04:45:59 +0100] "GET /images/big_prod_2/D3700276234013N.jpg HTTP/1.0" 200 272 "http://www.wonder-geek.com/decorative-vase-indian-inspiration-p-41523.html" "Mozilla/5.0 (Linux; Android 7.0;) AppleWebKit/537.36 (KHTML, like Gecko) Mobile Safari/537.36 (compatible; PetalBot;+https://webmaster.petalsearch.com/site/petalbot)"
65.109.26.102 - - [24/Nov/2022:04:45:58 +0100] "GET /home-decoration-c-13.html?page=243 HTTP/1.0" 200 93872 "-" "Mozilla/5.0 (compatible; MJ12bot/v1.4.8; http://mj12bot.com/)"
65.109.26.102 - - [24/Nov/2022:04:46:02 +0100] "GET /home-and-decoration-c-13.html?page=244 HTTP/1.0" 301 93960 "-" "Mozilla/5.0 (compatible; MJ12bot/v1.4.8; http://mj12bot.com/)"
65.109.26.102 - - [24/Nov/2022:04:46:05 +0100] "GET /home-decoration-c-13.html?page=244 HTTP/1.0" 200 93872 "-" "Mozilla/5.0 (compatible; MJ12bot/v1.4.8; http://mj12bot.com/)"
65.109.26.102 - - [24/Nov/2022:04:46:09 +0100] "GET /home-and-decoration-c-13.html?page=245 HTTP/1.0" 301 93960 "-" "Mozilla/5.0 (compatible; MJ12bot/v1.4.8; http://mj12bot.com/)"
65.109.26.102 - - [24/Nov/2022:04:46:12 +0100] "GET /home-decoration-c-13.html?page=245 HTTP/1.0" 200 93872 "-" "Mozilla/5.0 (compatible; MJ12bot/v1.4.8; http://mj12bot.com/)"
66.249.66.212 - - [24/Nov/2022:04:46:17 +0100] "GET /rhinoceros-gold-jewelry-stand-white-p-48826.html HTTP/1.0" 200 76204 "-" "Mozilla/5.0 (Linux; Android 6.0.1; Nexus 5X Build/MMB29P) AppleWebKit/537.36 (KHTML, like Gecko) Chrome/107.0.5304.110 Mobile Safari/537.36 (compatible; Googlebot/2.1; +http://www.google.com/bot.html)"
65.109.26.102 - - [24/Nov/2022:04:46:16 +0100] "GET /home-and-decoration-c-13.html?page=246 HTTP/1.0" 301 93960 "-" "Mozilla/5.0 (compatible; MJ12bot/v1.4.8; http://mj12bot.com/)"
65.109.26.102 - - [24/Nov/2022:04:46:20 +0100] "GET /home-decoration-c-13.html?page=246 HTTP/1.0" 200 93872 "-" "Mozilla/5.0 (compatible; MJ12bot/v1.4.8; http://mj12bot.com/)"
185.191.171.45 - - [24/Nov/2022:04:46:22 +0100] "GET /london-wooden-frame-p-29225.html HTTP/1.0" 200 73330 "-" "Mozilla/5.0 (compatible; SemrushBot/7~bl; +http://www.semrush.com/bot.html)"
65.109.26.102 - - [24/Nov/2022:04:46:24 +0100] "GET /home-and-decoration-c-13.html?page=247 HTTP/1.0" 301 93960 "-" "Mozilla/5.0 (compatible; MJ12bot/v1.4.8; http://mj12bot.com/)"
65.109.26.102 - - [24/Nov/2022:04:46:27 +0100] "GET /home-decoration-c-13.html?page=247 HTTP/1.0" 200 93872 "-" "Mozilla/5.0 (compatible; MJ12bot/v1.4.8; http://mj12bot.com/)"
185.191.171.34 - - [24/Nov/2022:04:46:29 +0100] "GET /willow-tree-collection-tree-player-p-55499.html HTTP/1.0" 200 77822 "-" "Mozilla/5.0 (compatible; SemrushBot/7~bl; +http://www.semrush.com/bot.html)"
65.109.26.102 - - [24/Nov/2022:04:46:31 +0100] "GET /home-and-decoration-c-13.html?page=248 HTTP/1.0" 301 93960 "-" "Mozilla/5.0 (compatible; MJ12bot/v1.4.8; http://mj12bot.com/)"
185.191.171.22 - - [24/Nov/2022:04:46:44 +0100] "GET /little-mermaid-shell-scene-figurine-p-51408.html HTTP/1.0" 200 77603 "-" "Mozilla/5.0 (compatible; SemrushBot/7~bl; +http://www.semrush.com/bot.html)"
65.109.26.102 - - [24/Nov/2022:04:46:34 +0100] "GET /home-decoration-c-13.html?page=248 HTTP/1.0" 200 93872 "-" "Mozilla/5.0 (compatible; MJ12bot/v1.4.8; http://mj12bot.com/)"
66.249.66.210 - - [24/Nov/2022:04:46:54 +0100] "GET /despicable-puzzle-pieces-p-27684.html HTTP/1.0" 200 76107 "-" "Mozilla/5.0 (Linux; Android 6.0.1; Nexus 5X Build/MMB29P) AppleWebKit/537.36 (KHTML, like Gecko) Chrome/107.0.5304.110 Mobile Safari/537.36 (compatible; Googlebot/2.1; +http://www.google.com/bot.html)"
13.66.139.6 - - [24/Nov/2022:04:47:08 +0100] "GET /robots.txt HTTP/1.0" 200 245 "-" "Mozilla/5.0 AppleWebKit/537.36 (KHTML, like Gecko; compatible; bingbot/2.0; +http://www.bing.com/bingbot.htm) Chrome/103.0.5060.134 Safari/537.36"
65.109.26.102 - - [24/Nov/2022:04:46:52 +0100] "GET /home-and-decoration-c-13.html?page=249 HTTP/1.0" 301 93960 "-" "Mozilla/5.0 (compatible; MJ12bot/v1.4.8; http://mj12bot.com/)"
185.191.171.9 - - [24/Nov/2022:04:47:06 +0100] "GET /santa-jack-figurine-jack-skellington-p-48494.html HTTP/1.0" 200 73408 "-" "Mozilla/5.0 (compatible; SemrushBot/7~bl; +http://www.semrush.com/bot.html)"
13.66.139.7 - - [24/Nov/2022:04:47:13 +0100] "GET /little-prince-exupery-little-tray-p-55869.html HTTP/1.0" 200 76276 "-" "Mozilla/5.0 (compatible; bingbot/2.0; +http://www.bing.com/bingbot.htm)"
65.109.26.102 - - [24/Nov/2022:04:47:03 +0100] "GET /home-decoration-c-13.html?page=249 HTTP/1.0" 200 93872 "-" "Mozilla/5.0 (compatible; MJ12bot/v1.4.8; http://mj12bot.com/)"
66.249.66.214 - - [24/Nov/2022:04:47:29 +0100] "GET /gold-black-elephant-table-lamp-p-54692.html HTTP/1.0" 200 76676 "-" "Mozilla/5.0 (Linux; Android 6.0.1; Nexus 5X Build/MMB29P) AppleWebKit/537.36 (KHTML, like Gecko) Chrome/107.0.5304.110 Mobile Safari/537.36 (compatible; Googlebot/2.1; +http://www.google.com/bot.html)"
114.119.130.87 - - [24/Nov/2022:04:47:31 +0100] "GET /star-wars-stormtrooper-poster-p-32271.html HTTP/1.0" 301 73331 "http://www.wonder-geek.com/posters-and-stickers-wall-c-13_147.html?page=2" "Mozilla/5.0 (Linux; Android 7.0;) AppleWebKit/537.36 (KHTML, like Gecko) Mobile Safari/537.36 (compatible; PetalBot;+https://webmaster.petalsearch.com/site/petalbot)"
65.109.26.102 - - [24/Nov/2022:04:47:22 +0100] "GET /home-and-decoration-c-13.html?page=250 HTTP/1.0" 301 93960 "-" "Mozilla/5.0 (compatible; MJ12bot/v1.4.8; http://mj12bot.com/)"
66.249.66.210 - - [24/Nov/2022:04:47:42 +0100] "GET /images/big_prod_3/9316188082167c.jpg HTTP/1.0" 200 271 "-" "Googlebot-Image/1.0"
114.119.130.87 - - [24/Nov/2022:04:47:41 +0100] "GET /-p-32271.html HTTP/1.0" 200 73264 "http://www.wonder-geek.com/posters-and-stickers-wall-c-13_147.html?page=2" "Mozilla/5.0 (Linux; Android 7.0;) AppleWebKit/537.36 (KHTML, like Gecko) Mobile Safari/537.36 (compatible; PetalBot;+https://webmaster.petalsearch.com/site/petalbot)"
66.249.66.210 - - [24/Nov/2022:04:47:43 +0100] "GET /images/big_prod_2/9316188082167b.jpg HTTP/1.0" 200 271 "-" "Googlebot-Image/1.0"
54.36.148.20 - - [24/Nov/2022:04:47:43 +0100] "GET /heart-home-angel-forest-candle-p-59013.html HTTP/1.0" 200 77081 "-" "Mozilla/5.0 (compatible; AhrefsBot/7.0; +http://ahrefs.com/robot/)"
65.109.26.102 - - [24/Nov/2022:04:47:33 +0100] "GET /home-decoration-c-13.html?page=250 HTTP/1.0" 200 93872 "-" "Mozilla/5.0 (compatible; MJ12bot/v1.4.8; http://mj12bot.com/)"
66.249.66.210 - - [24/Nov/2022:04:47:52 +0100] "GET /images/big_prod_1/9316188082167a.jpg HTTP/1.0" 200 271 "-" "Googlebot-Image/1.0"
66.249.66.210 - - [24/Nov/2022:04:48:04 +0100] "GET /images/mini_prod/802GJ12.jpg HTTP/1.0" 200 263 "-" "Googlebot-Image/1.0"
185.191.171.16 - - [24/Nov/2022:04:48:05 +0100] "GET /lotus-candleholder-chakra-indigo-goldlining-p-35519.html HTTP/1.0" 200 77520 "-" "Mozilla/5.0 (compatible; SemrushBot/7~bl; +http://www.semrush.com/bot.html)"
65.109.26.102 - - [24/Nov/2022:04:47:52 +0100] "GET /home-and-decoration-c-13.html?page=251 HTTP/1.0" 301 93960 "-" "Mozilla/5.0 (compatible; MJ12bot/v1.4.8; http://mj12bot.com/)"
66.249.66.210 - - [24/Nov/2022:04:48:14 +0100] "GET /images/big_prod_1/8718969170277a.jpg HTTP/1.0" 200 271 "-" "Googlebot-Image/1.0"
65.109.26.102 - - [24/Nov/2022:04:48:04 +0100] "GET /home-decoration-c-13.html?page=251 HTTP/1.0" 200 93872 "-" "Mozilla/5.0 (compatible; MJ12bot/v1.4.8; http://mj12bot.com/)"
185.191.171.16 - - [24/Nov/2022:04:48:21 +0100] "GET /gorjuss-trinket-p-25441.html HTTP/1.0" 200 73330 "-" "Mozilla/5.0 (compatible; SemrushBot/7~bl; +http://www.semrush.com/bot.html)"
185.191.171.37 - - [24/Nov/2022:04:48:25 +0100] "GET /wunzees-doll-series-kiki-p-45123.html HTTP/1.0" 200 73362 "-" "Mozilla/5.0 (compatible; SemrushBot/7~bl; +http://www.semrush.com/bot.html)"
66.249.66.210 - - [24/Nov/2022:04:48:36 +0100] "GET /images/3700653500694.jpg HTTP/1.0" 200 259 "-" "Googlebot-Image/1.0"
65.109.26.102 - - [24/Nov/2022:04:48:23 +0100] "GET /home-and-decoration-c-13.html?page=252 HTTP/1.0" 301 93960 "-" "Mozilla/5.0 (compatible; MJ12bot/v1.4.8; http://mj12bot.com/)"
65.109.26.102 - - [24/Nov/2022:04:48:35 +0100] "GET /home-decoration-c-13.html?page=252 HTTP/1.0" 200 93872 "-" "Mozilla/5.0 (compatible; MJ12bot/v1.4.8; http://mj12bot.com/)"
114.119.155.228 - - [24/Nov/2022:04:48:54 +0100] "GET /images/big_prod/1399986101597C.jpg HTTP/1.0" 200 269 "http://www.wonder-geek.com/coasters-set-by-cbkreation-p-43242.html" "Mozilla/5.0 (Linux; Android 7.0;) AppleWebKit/537.36 (KHTML, like Gecko) Mobile Safari/537.36 (compatible; PetalBot;+https://webmaster.petalsearch.com/site/petalbot)"
65.109.26.102 - - [24/Nov/2022:04:48:54 +0100] "GET /home-and-decoration-c-13.html?page=253 HTTP/1.0" 301 93960 "-" "Mozilla/5.0 (compatible; MJ12bot/v1.4.8; http://mj12bot.com/)"
157.55.39.202 - - [24/Nov/2022:04:49:10 +0100] "GET /angel-angelite-p-54226.html HTTP/1.0" 200 73310 "-" "Mozilla/5.0 (compatible; bingbot/2.0; +http://www.bing.com/bingbot.htm)"
54.236.1.13 - - [24/Nov/2022:04:49:15 +0100] "GET /luggages-schoolbags-leather-shop/suitcaselittle-suitcase-trolley/charmmy-kitty-trolley-p-9826.html HTTP/1.0" 301 73328 "-" "Mozilla/5.0 (compatible; Pinterestbot/1.0; +http://www.pinterest.com/bot.html)"
54.236.1.13 - - [24/Nov/2022:04:49:17 +0100] "GET /-p-9826.html HTTP/1.0" 200 73262 "-" "Mozilla/5.0 (compatible; Pinterestbot/1.0; +http://www.pinterest.com/bot.html)"
65.109.26.102 - - [24/Nov/2022:04:49:06 +0100] "GET /home-decoration-c-13.html?page=253 HTTP/1.0" 200 93872 "-" "Mozilla/5.0 (compatible; MJ12bot/v1.4.8; http://mj12bot.com/)"
157.55.39.183 - - [24/Nov/2022:04:49:20 +0100] "GET /james-towel-75-150-cm-p-39101.html HTTP/1.0" 301 75951 "-" "Mozilla/5.0 (compatible; bingbot/2.0; +http://www.bing.com/bingbot.htm)"
185.191.171.43 - - [24/Nov/2022:04:49:35 +0100] "GET /telephone-wooden-frame-p-31874.html HTTP/1.0" 200 75942 "-" "Mozilla/5.0 (compatible; SemrushBot/7~bl; +http://www.semrush.com/bot.html)"
185.191.171.15 - - [24/Nov/2022:04:49:40 +0100] "GET /brown-gold-elephant-family-statuette-p-55290.html HTTP/1.0" 200 73406 "-" "Mozilla/5.0 (compatible; SemrushBot/7~bl; +http://www.semrush.com/bot.html)"
65.109.26.102 - - [24/Nov/2022:04:49:24 +0100] "GET /home-and-decoration-c-13.html?page=254 HTTP/1.0" 301 93960 "-" "Mozilla/5.0 (compatible; MJ12bot/v1.4.8; http://mj12bot.com/)"
65.109.26.102 - - [24/Nov/2022:04:49:37 +0100] "GET /home-decoration-c-13.html?page=254 HTTP/1.0" 200 93872 "-" "Mozilla/5.0 (compatible; MJ12bot/v1.4.8; http://mj12bot.com/)"
54.36.149.79 - - [24/Nov/2022:04:50:02 +0100] "GET /johnny-hallyday-zippo-lighter-p-49852.html HTTP/1.0" 200 77024 "-" "Mozilla/5.0 (compatible; AhrefsBot/7.0; +http://ahrefs.com/robot/)"
185.191.171.38 - - [24/Nov/2022:04:50:12 +0100] "GET /lonard-vinci-paperweight-vitruvian-p-44146.html HTTP/1.0" 200 77372 "-" "Mozilla/5.0 (compatible; SemrushBot/7~bl; +http://www.semrush.com/bot.html)"
65.109.26.102 - - [24/Nov/2022:04:49:55 +0100] "GET /home-and-decoration-c-13.html?page=255 HTTP/1.0" 301 93960 "-" "Mozilla/5.0 (compatible; MJ12bot/v1.4.8; http://mj12bot.com/)"
185.191.171.5 - - [24/Nov/2022:04:50:16 +0100] "GET /-p-6923.html HTTP/1.0" 200 73262 "-" "Mozilla/5.0 (compatible; SemrushBot/7~bl; +http://www.semrush.com/bot.html)"
185.191.171.23 - - [24/Nov/2022:04:50:20 +0100] "GET /hello-kitty-felt-figurines-p-7481.html HTTP/1.0" 200 76046 "-" "Mozilla/5.0 (compatible; SemrushBot/7~bl; +http://www.semrush.com/bot.html)"
114.119.128.44 - - [24/Nov/2022:04:50:20 +0100] "GET /little-prince-wallet-french-manufacturing-p-52350.html HTTP/1.0" 200 76851 "http://www.wonder-geek.com/luggages-schoolbags-leather-shop-c-31.html?page=48" "Mozilla/5.0 (Linux; Android 7.0;) AppleWebKit/537.36 (KHTML, like Gecko) Mobile Safari/537.36 (compatible; PetalBot;+https://webmaster.petalsearch.com/site/petalbot)"
185.191.171.23 - - [24/Nov/2022:04:50:24 +0100] "GET /copper-color-leopard-statuette-p-54259.html HTTP/1.0" 200 73374 "-" "Mozilla/5.0 (compatible; SemrushBot/7~bl; +http://www.semrush.com/bot.html)"
65.109.26.102 - - [24/Nov/2022:04:50:09 +0100] "GET /home-decoration-c-13.html?page=255 HTTP/1.0" 200 93872 "-" "Mozilla/5.0 (compatible; MJ12bot/v1.4.8; http://mj12bot.com/)"
65.109.26.102 - - [24/Nov/2022:04:50:29 +0100] "GET /home-and-decoration-c-13.html?page=256 HTTP/1.0" 301 93960 "-" "Mozilla/5.0 (compatible; MJ12bot/v1.4.8; http://mj12bot.com/)"
66.249.66.214 - - [24/Nov/2022:04:50:49 +0100] "GET /thinker-statue-deep-contemplation-rodin-p-43679.html HTTP/1.0" 200 76848 "-" "Mozilla/5.0 (Linux; Android 6.0.1; Nexus 5X Build/MMB29P) AppleWebKit/537.36 (KHTML, like Gecko) Chrome/107.0.5304.110 Mobile Safari/537.36 (compatible; Googlebot/2.1; +http://www.google.com/bot.html)"
65.109.26.102 - - [24/Nov/2022:04:50:41 +0100] "GET /home-decoration-c-13.html?page=256 HTTP/1.0" 200 93872 "-" "Mozilla/5.0 (compatible; MJ12bot/v1.4.8; http://mj12bot.com/)"
185.191.171.8 - - [24/Nov/2022:04:51:02 +0100] "GET /-p-39115.html HTTP/1.0" 200 73264 "-" "Mozilla/5.0 (compatible; SemrushBot/7~bl; +http://www.semrush.com/bot.html)"
65.109.26.102 - - [24/Nov/2022:04:51:00 +0100] "GET /home-and-decoration-c-13.html?page=257 HTTP/1.0" 301 93960 "-" "Mozilla/5.0 (compatible; MJ12bot/v1.4.8; http://mj12bot.com/)"
216.244.66.242 - - [24/Nov/2022:04:51:03 +0100] "GET /decoration-thermometers-c-13_145.html?page=2 HTTP/1.0" 200 94458 "-" "Mozilla/5.0 (compatible; DotBot/1.2; +https://opensiteexplorer.org/dotbot; help@moz.com)"
65.109.26.102 - - [24/Nov/2022:04:51:13 +0100] "GET /home-decoration-c-13.html?page=257 HTTP/1.0" 200 93872 "-" "Mozilla/5.0 (compatible; MJ12bot/v1.4.8; http://mj12bot.com/)"
65.109.26.102 - - [24/Nov/2022:04:51:32 +0100] "GET /home-and-decoration-c-13.html?page=258 HTTP/1.0" 301 93960 "-" "Mozilla/5.0 (compatible; MJ12bot/v1.4.8; http://mj12bot.com/)"
114.119.128.44 - - [24/Nov/2022:04:51:48 +0100] "GET /sophie-the-giraffe-glitter-globe-p-30604.html HTTP/1.0" 301 76190 "http://www.wonder-geek.com/home-and-decoration-c-13.html?page=108" "Mozilla/5.0 (Linux; Android 7.0;) AppleWebKit/537.36 (KHTML, like Gecko) Mobile Safari/537.36 (compatible; PetalBot;+https://webmaster.petalsearch.com/site/petalbot)"
66.249.66.212 - - [24/Nov/2022:04:51:50 +0100] "GET /-m-166.html?page=2 HTTP/1.0" 200 79663 "-" "Mozilla/5.0 (Linux; Android 6.0.1; Nexus 5X Build/MMB29P) AppleWebKit/537.36 (KHTML, like Gecko) Chrome/107.0.5304.110 Mobile Safari/537.36 (compatible; Googlebot/2.1; +http://www.google.com/bot.html)"
114.119.128.44 - - [24/Nov/2022:04:51:50 +0100] "GET /sophie-giraffe-glitter-globe-p-30604.html HTTP/1.0" 200 76095 "http://www.wonder-geek.com/home-and-decoration-c-13.html?page=108" "Mozilla/5.0 (Linux; Android 7.0;) AppleWebKit/537.36 (KHTML, like Gecko) Mobile Safari/537.36 (compatible; PetalBot;+https://webmaster.petalsearch.com/site/petalbot)"
216.244.66.242 - - [24/Nov/2022:04:51:52 +0100] "GET /toilet-seat-picto-wood-gray-p-41585.html HTTP/1.0" 200 75972 "-" "Mozilla/5.0 (compatible; DotBot/1.2; +https://opensiteexplorer.org/dotbot; help@moz.com)"
65.109.26.102 - - [24/Nov/2022:04:51:44 +0100] "GET /home-decoration-c-13.html?page=258 HTTP/1.0" 200 93872 "-" "Mozilla/5.0 (compatible; MJ12bot/v1.4.8; http://mj12bot.com/)"
195.191.219.132 - - [24/Nov/2022:04:52:12 +0100] "GET /robots.txt HTTP/1.0" 200 245 "-" "Mozilla/5.0 (compatible; MJ12bot/v1.4.8; http://mj12bot.com/)"
65.109.26.102 - - [24/Nov/2022:04:52:04 +0100] "GET /home-and-decoration-c-13.html?page=259 HTTP/1.0" 301 93960 "-" "Mozilla/5.0 (compatible; MJ12bot/v1.4.8; http://mj12bot.com/)"
185.191.171.9 - - [24/Nov/2022:04:52:27 +0100] "GET /mani-lucky-keychain-p-49911.html HTTP/1.0" 200 73346 "-" "Mozilla/5.0 (compatible; SemrushBot/7~bl; +http://www.semrush.com/bot.html)"
54.36.148.124 - - [24/Nov/2022:04:52:32 +0100] "GET /sonny-hawaii-beach-figurines-p-49376.html HTTP/1.0" 200 76186 "-" "Mozilla/5.0 (compatible; AhrefsBot/7.0; +http://ahrefs.com/robot/)"
65.109.26.102 - - [24/Nov/2022:04:52:16 +0100] "GET /home-decoration-c-13.html?page=259 HTTP/1.0" 200 93872 "-" "Mozilla/5.0 (compatible; MJ12bot/v1.4.8; http://mj12bot.com/)"
216.244.66.242 - - [24/Nov/2022:04:52:40 +0100] "GET /images/1399984266014.jpg HTTP/1.0" 200 259 "-" "Mozilla/5.0 (compatible; DotBot/1.2; +https://opensiteexplorer.org/dotbot; help@moz.com)"
195.191.219.132 - - [24/Nov/2022:04:52:15 +0100] "GET / HTTP/1.0" 200 153611 "-" "Mozilla/5.0 (compatible; MJ12bot/v1.4.8; http://mj12bot.com/)"
65.109.26.102 - - [24/Nov/2022:04:52:39 +0100] "GET /home-and-decoration-c-13.html?page=261 HTTP/1.0" 301 93960 "-" "Mozilla/5.0 (compatible; MJ12bot/v1.4.8; http://mj12bot.com/)"
185.191.171.25 - - [24/Nov/2022:04:53:04 +0100] "GET /mareva-coated-tablecloth-grey-blue-p-44305.html HTTP/1.0" 200 76044 "-" "Mozilla/5.0 (compatible; SemrushBot/7~bl; +http://www.semrush.com/bot.html)"
65.109.26.102 - - [24/Nov/2022:04:52:51 +0100] "GET /home-decoration-c-13.html?page=261 HTTP/1.0" 200 93872 "-" "Mozilla/5.0 (compatible; MJ12bot/v1.4.8; http://mj12bot.com/)"
216.244.66.242 - - [24/Nov/2022:04:53:09 +0100] "GET /images/3521320608716.jpg HTTP/1.0" 200 259 "-" "Mozilla/5.0 (compatible; DotBot/1.2; +https://opensiteexplorer.org/dotbot; help@moz.com)"
185.191.171.37 - - [24/Nov/2022:04:53:09 +0100] "GET /cache-aged-gold-ceramic-p-58231.html HTTP/1.0" 200 73360 "-" "Mozilla/5.0 (compatible; SemrushBot/7~bl; +http://www.semrush.com/bot.html)"
114.119.128.44 - - [24/Nov/2022:04:53:11 +0100] "GET /mighty-evil-one-iago-and-jafar-figurine-p-39430.html HTTP/1.0" 301 73502 "http://www.wonder-geek.com/home-and-decoration-c-13.html?page=241" "Mozilla/5.0 (Linux; Android 7.0;) AppleWebKit/537.36 (KHTML, like Gecko) Mobile Safari/537.36 (compatible; PetalBot;+https://webmaster.petalsearch.com/site/petalbot)"
185.191.171.8 - - [24/Nov/2022:04:53:13 +0100] "GET /enrico-benetti-backpack-p-35996.html HTTP/1.0" 200 77053 "-" "Mozilla/5.0 (compatible; SemrushBot/7~bl; +http://www.semrush.com/bot.html)"
114.119.128.44 - - [24/Nov/2022:04:53:13 +0100] "GET /mighty-evil-iago-jafar-figurine-p-39430.html HTTP/1.0" 200 73404 "http://www.wonder-geek.com/home-and-decoration-c-13.html?page=241" "Mozilla/5.0 (Linux; Android 7.0;) AppleWebKit/537.36 (KHTML, like Gecko) Mobile Safari/537.36 (compatible; PetalBot;+https://webmaster.petalsearch.com/site/petalbot)"
66.249.66.210 - - [24/Nov/2022:04:53:19 +0100] "GET /images/big_prod/1399984239247BEYBLADE.jpg HTTP/1.0" 200 276 "-" "Googlebot-Image/1.0"
66.249.66.210 - - [24/Nov/2022:04:53:26 +0100] "GET /boite-bons-points-voucher-p-54188.html HTTP/1.0" 200 76741 "-" "Mozilla/5.0 (compatible; Googlebot/2.1; +http://www.google.com/bot.html)"
65.109.26.102 - - [24/Nov/2022:04:53:11 +0100] "GET /home-and-decoration-c-13.html?page=262 HTTP/1.0" 301 93960 "-" "Mozilla/5.0 (compatible; MJ12bot/v1.4.8; http://mj12bot.com/)"
42.194.240.174 - - [24/Nov/2022:04:53:31 +0100] "GET /images/mini_prod/3453131145060BB.jpg HTTP/1.0" 200 271 "-" "Mozilla/5.0 (X11; Ubuntu; Linux x86_64; rv:72.0) Gecko/20100101 Firefox/72.0"
216.244.66.242 - - [24/Nov/2022:04:53:37 +0100] "GET /images/3585190579019.jpg HTTP/1.0" 200 259 "-" "Mozilla/5.0 (compatible; DotBot/1.2; +https://opensiteexplorer.org/dotbot; help@moz.com)"
185.191.171.39 - - [24/Nov/2022:04:53:36 +0100] "GET /white-grey-moroccan-ashtray-p-56527.html HTTP/1.0" 200 76559 "-" "Mozilla/5.0 (compatible; SemrushBot/7~bl; +http://www.semrush.com/bot.html)"
65.109.26.102 - - [24/Nov/2022:04:53:24 +0100] "GET /home-decoration-c-13.html?page=262 HTTP/1.0" 200 93872 "-" "Mozilla/5.0 (compatible; MJ12bot/v1.4.8; http://mj12bot.com/)"
185.191.171.44 - - [24/Nov/2022:04:53:44 +0100] "GET /golden-brass-round-ashtray-p-46442.html HTTP/1.0" 200 73358 "-" "Mozilla/5.0 (compatible; SemrushBot/7~bl; +http://www.semrush.com/bot.html)"
185.191.171.36 - - [24/Nov/2022:04:53:48 +0100] "GET /with-personalized-picture-p-47057.html HTTP/1.0" 200 73362 "-" "Mozilla/5.0 (compatible; SemrushBot/7~bl; +http://www.semrush.com/bot.html)"
66.249.66.210 - - [24/Nov/2022:04:53:56 +0100] "GET /transparent-rectangular-plastic-tablecloth-p-56699.html HTTP/1.0" 200 73448 "-" "Mozilla/5.0 (Linux; Android 6.0.1; Nexus 5X Build/MMB29P) AppleWebKit/537.36 (KHTML, like Gecko) Chrome/107.0.5304.110 Mobile Safari/537.36 (compatible; Googlebot/2.1; +http://www.google.com/bot.html)"
66.249.66.210 - - [24/Nov/2022:04:53:59 +0100] "GET /salt-with-wooden-spoon-sardella-p-54527.html HTTP/1.0" 200 75959 "-" "Mozilla/5.0 (Linux; Android 6.0.1; Nexus 5X Build/MMB29P) AppleWebKit/537.36 (KHTML, like Gecko) Chrome/107.0.5304.110 Mobile Safari/537.36 (compatible; Googlebot/2.1; +http://www.google.com/bot.html)"
216.244.66.242 - - [24/Nov/2022:04:54:04 +0100] "GET /images/3700059659071.jpg HTTP/1.0" 200 259 "-" "Mozilla/5.0 (compatible; DotBot/1.2; +https://opensiteexplorer.org/dotbot; help@moz.com)"
66.249.66.210 - - [24/Nov/2022:04:54:02 +0100] "GET /valdrome-colombe-p-43965.html HTTP/1.0" 200 76682 "-" "Mozilla/5.0 (Linux; Android 6.0.1; Nexus 5X Build/MMB29P) AppleWebKit/537.36 (KHTML, like Gecko) Chrome/107.0.5304.110 Mobile Safari/537.36 (compatible; Googlebot/2.1; +http://www.google.com/bot.html)"
65.109.26.102 - - [24/Nov/2022:04:53:45 +0100] "GET /home-and-decoration-c-13.html?page=263 HTTP/1.0" 301 93960 "-" "Mozilla/5.0 (compatible; MJ12bot/v1.4.8; http://mj12bot.com/)"
66.249.66.210 - - [24/Nov/2022:04:54:05 +0100] "GET /shadow-frame-cats-dubout-cutie-p-38865.html HTTP/1.0" 200 73392 "-" "Mozilla/5.0 (Linux; Android 6.0.1; Nexus 5X Build/MMB29P) AppleWebKit/537.36 (KHTML, like Gecko) Chrome/107.0.5304.110 Mobile Safari/537.36 (compatible; Googlebot/2.1; +http://www.google.com/bot.html)"
185.191.171.42 - - [24/Nov/2022:04:54:08 +0100] "GET /robin-family-double-walled-p-59528.html HTTP/1.0" 200 76717 "-" "Mozilla/5.0 (compatible; SemrushBot/7~bl; +http://www.semrush.com/bot.html)"
185.191.171.23 - - [24/Nov/2022:04:54:13 +0100] "GET /-p-31705.html HTTP/1.0" 200 73264 "-" "Mozilla/5.0 (compatible; SemrushBot/7~bl; +http://www.semrush.com/bot.html)"
65.109.26.102 - - [24/Nov/2022:04:53:59 +0100] "GET /home-decoration-c-13.html?page=263 HTTP/1.0" 200 93872 "-" "Mozilla/5.0 (compatible; MJ12bot/v1.4.8; http://mj12bot.com/)"
185.191.171.1 - - [24/Nov/2022:04:54:19 +0100] "GET /games-toys-c-4.html?page=4 HTTP/1.0" 200 95255 "-" "Mozilla/5.0 (compatible; SemrushBot/7~bl; +http://www.semrush.com/bot.html)"
216.244.66.242 - - [24/Nov/2022:04:54:29 +0100] "GET /images/3760116324243.jpg HTTP/1.0" 200 259 "-" "Mozilla/5.0 (compatible; DotBot/1.2; +https://opensiteexplorer.org/dotbot; help@moz.com)"
185.191.171.11 - - [24/Nov/2022:04:54:30 +0100] "GET /heart-home-large-candle-hours-spices-cinnamon-p-58949.html HTTP/1.0" 200 77803 "-" "Mozilla/5.0 (compatible; SemrushBot/7~bl; +http://www.semrush.com/bot.html)"
65.109.26.102 - - [24/Nov/2022:04:54:19 +0100] "GET /home-and-decoration-c-13.html?page=264 HTTP/1.0" 301 93960 "-" "Mozilla/5.0 (compatible; MJ12bot/v1.4.8; http://mj12bot.com/)"
114.119.130.87 - - [24/Nov/2022:04:54:35 +0100] "GET /little-toiletry-p-45065.html HTTP/1.0" 200 75975 "http://www.wonder-geek.com/cosmetic-bags-and-flat-purse-c-31_239.html?page=5" "Mozilla/5.0 (Linux; Android 7.0;) AppleWebKit/537.36 (KHTML, like Gecko) Mobile Safari/537.36 (compatible; PetalBot;+https://webmaster.petalsearch.com/site/petalbot)"
51.68.224.127 - - [24/Nov/2022:04:54:40 +0100] "GET /adminweb/export_orders_xml.php?token=256de2z6edz6ed2z6DFSFsed2zed6zeDSFDSGdzedezfzf&maxorders=10&orderstart=1&status=14&start_date=2018-10-01 HTTP/1.0" 200 285 "-" "GesCom CharlotteBoutik Serveur"
54.36.148.103 - - [24/Nov/2022:04:54:41 +0100] "GET /decorative-globe-p-54109.html HTTP/1.0" 200 75922 "-" "Mozilla/5.0 (compatible; AhrefsBot/7.0; +http://ahrefs.com/robot/)"
51.68.224.127 - - [24/Nov/2022:04:54:40 +0100] "GET /adminweb/export_orders_xml.php?token=256de2z6edz6ed2z6DFSFsed2zed6zeDSFDSGdzedezfzf&maxorders=10&orderstart=1&status=6&start_date=2018-10-01 HTTP/1.0" 200 34006 "-" "GesCom CharlotteBoutik Serveur"
65.109.26.102 - - [24/Nov/2022:04:54:31 +0100] "GET /home-decoration-c-13.html?page=264 HTTP/1.0" 200 93872 "-" "Mozilla/5.0 (compatible; MJ12bot/v1.4.8; http://mj12bot.com/)"
59.110.152.129 - - [24/Nov/2022:04:54:53 +0100] "GET /images/mini_prod/3503420072369.jpg HTTP/1.0" 200 269 "-" "Mozilla/5.0 (Macintosh; Intel Mac OS X 10_15_7) AppleWebKit/537.36 (KHTML, like Gecko) Chrome/105.0.0.0 Safari/537.36"
185.191.171.22 - - [24/Nov/2022:04:54:52 +0100] "GET /ultrasonic-aromatic-diffuser-p-57377.html HTTP/1.0" 200 77162 "-" "Mozilla/5.0 (compatible; SemrushBot/7~bl; +http://www.semrush.com/bot.html)"
216.244.66.242 - - [24/Nov/2022:04:54:55 +0100] "GET /images/4007176122303.jpg HTTP/1.0" 200 259 "-" "Mozilla/5.0 (compatible; DotBot/1.2; +https://opensiteexplorer.org/dotbot; help@moz.com)"
185.191.171.44 - - [24/Nov/2022:04:55:00 +0100] "GET /zippo-skull-pendant-venetian-knit-chain-p-49087.html HTTP/1.0" 200 76966 "-" "Mozilla/5.0 (compatible; SemrushBot/7~bl; +http://www.semrush.com/bot.html)"
65.109.26.102 - - [24/Nov/2022:04:54:51 +0100] "GET /home-and-decoration-c-13.html?page=265 HTTP/1.0" 301 93960 "-" "Mozilla/5.0 (compatible; MJ12bot/v1.4.8; http://mj12bot.com/)"
216.244.66.242 - - [24/Nov/2022:04:55:19 +0100] "GET /images/7601019994620.jpg HTTP/1.0" 200 259 "-" "Mozilla/5.0 (compatible; DotBot/1.2; +https://opensiteexplorer.org/dotbot; help@moz.com)"
65.109.26.102 - - [24/Nov/2022:04:55:03 +0100] "GET /home-decoration-c-13.html?page=265 HTTP/1.0" 200 93872 "-" "Mozilla/5.0 (compatible; MJ12bot/v1.4.8; http://mj12bot.com/)"
65.109.26.102 - - [24/Nov/2022:04:55:23 +0100] "GET /home-and-decoration-c-13.html?page=266 HTTP/1.0" 301 93960 "-" "Mozilla/5.0 (compatible; MJ12bot/v1.4.8; http://mj12bot.com/)"
216.244.66.242 - - [24/Nov/2022:04:55:41 +0100] "GET /images/8928501299957.jpg HTTP/1.0" 200 259 "-" "Mozilla/5.0 (compatible; DotBot/1.2; +https://opensiteexplorer.org/dotbot; help@moz.com)"
65.109.26.102 - - [24/Nov/2022:04:55:35 +0100] "GET /home-decoration-c-13.html?page=266 HTTP/1.0" 200 93872 "-" "Mozilla/5.0 (compatible; MJ12bot/v1.4.8; http://mj12bot.com/)"
216.244.66.242 - - [24/Nov/2022:04:56:03 +0100] "GET /images/8935770604696.jpg HTTP/1.0" 200 259 "-" "Mozilla/5.0 (compatible; DotBot/1.2; +https://opensiteexplorer.org/dotbot; help@moz.com)"
65.109.26.102 - - [24/Nov/2022:04:55:54 +0100] "GET /home-and-decoration-c-13.html?page=267 HTTP/1.0" 301 93960 "-" "Mozilla/5.0 (compatible; MJ12bot/v1.4.8; http://mj12bot.com/)"
65.109.26.102 - - [24/Nov/2022:04:56:06 +0100] "GET /home-decoration-c-13.html?page=267 HTTP/1.0" 200 93872 "-" "Mozilla/5.0 (compatible; MJ12bot/v1.4.8; http://mj12bot.com/)"
42.194.241.189 - - [24/Nov/2022:04:56:36 +0100] "GET /images/mini_prod/5050293803975.jpg HTTP/1.0" 200 269 "-" "Mozilla/5.0 (X11; Ubuntu; Linux x86_64; rv:72.0) Gecko/20100101 Firefox/72.0"
65.109.26.102 - - [24/Nov/2022:04:56:25 +0100] "GET /home-and-decoration-c-13.html?page=268 HTTP/1.0" 301 93960 "-" "Mozilla/5.0 (compatible; MJ12bot/v1.4.8; http://mj12bot.com/)"
54.36.148.57 - - [24/Nov/2022:04:56:52 +0100] "GET /rattan-bedhead-wall-sticker-p-53898.html HTTP/1.0" 200 76688 "-" "Mozilla/5.0 (compatible; AhrefsBot/7.0; +http://ahrefs.com/robot/)"
65.109.26.102 - - [24/Nov/2022:04:56:38 +0100] "GET /home-decoration-c-13.html?page=268 HTTP/1.0" 200 93872 "-" "Mozilla/5.0 (compatible; MJ12bot/v1.4.8; http://mj12bot.com/)"
54.36.148.80 - - [24/Nov/2022:04:57:01 +0100] "GET /images/big_prod_1/8422810090798z.jpg HTTP/1.0" 200 271 "-" "Mozilla/5.0 (compatible; AhrefsBot/7.0; +http://ahrefs.com/robot/)"
185.191.171.21 - - [24/Nov/2022:04:56:59 +0100] "GET /palawan-jute-cotton-basket-p-57915.html HTTP/1.0" 200 76647 "-" "Mozilla/5.0 (compatible; SemrushBot/7~bl; +http://www.semrush.com/bot.html)"
185.191.171.44 - - [24/Nov/2022:04:57:03 +0100] "GET /league-justice-pencil-case-p-41080.html HTTP/1.0" 200 75956 "-" "Mozilla/5.0 (compatible; SemrushBot/7~bl; +http://www.semrush.com/bot.html)"
54.36.148.48 - - [24/Nov/2022:04:57:08 +0100] "GET /images/big_prod/8422810090798y.jpg HTTP/1.0" 200 269 "-" "Mozilla/5.0 (compatible; AhrefsBot/7.0; +http://ahrefs.com/robot/)"
