114.119.166.166 - - [25/Nov/2022:00:58:12 +0100] "GET /retro-shoulder-p-18991.html HTTP/1.0" 200 76204 "http://www.wonder-geek.com/bagshandbags-shoulder-bags-c-31_81.html?page=4" "Mozilla/5.0 (Linux; Android 7.0;) AppleWebKit/537.36 (KHTML, like Gecko) Mobile Safari/537.36 (compatible; PetalBot;+https://webmaster.petalsearch.com/site/petalbot)"
66.249.68.30 - - [25/Nov/2022:00:58:32 +0100] "GET /monster-high-mini-keychain-flashlight-white-p-17848.html HTTP/1.0" 200 76198 "-" "Mozilla/5.0 (compatible; Googlebot/2.1; +http://www.google.com/bot.html)"
66.249.68.30 - - [25/Nov/2022:00:58:52 +0100] "GET /images/big_prod_1/4029811452774B.jpg HTTP/1.0" 200 271 "-" "Googlebot-Image/1.0"
185.191.171.15 - - [25/Nov/2022:00:58:53 +0100] "GET /indian-fancy-bracelet-finish-silvered-color-p-43748.html HTTP/1.0" 200 76026 "-" "Mozilla/5.0 (compatible; SemrushBot/7~bl; +http://www.semrush.com/bot.html)"
185.191.171.22 - - [25/Nov/2022:00:58:56 +0100] "GET /lois-jean-wallet-women-p-38154.html HTTP/1.0" 200 77104 "-" "Mozilla/5.0 (compatible; SemrushBot/7~bl; +http://www.semrush.com/bot.html)"
185.191.171.1 - - [25/Nov/2022:00:59:24 +0100] "GET /hourglass-decoration-glass-sand-glitter-p-53613.html HTTP/1.0" 200 76068 "-" "Mozilla/5.0 (compatible; SemrushBot/7~bl; +http://www.semrush.com/bot.html)"
114.119.155.228 - - [25/Nov/2022:00:59:36 +0100] "GET /statuette-buddha-abundance-wooden-p-50582.html HTTP/1.0" 200 76930 "http://www.wonder-geek.com/home-decoration-c-13.html?page=189" "Mozilla/5.0 (Linux; Android 7.0;) AppleWebKit/537.36 (KHTML, like Gecko) Mobile Safari/537.36 (compatible; PetalBot;+https://webmaster.petalsearch.com/site/petalbot)"
66.249.68.25 - - [25/Nov/2022:00:59:57 +0100] "GET /daisy-minnie-lunch-bottle-p-31685.html HTTP/1.0" 200 76152 "-" "Mozilla/5.0 (compatible; Googlebot/2.1; +http://www.google.com/bot.html)"
66.249.68.25 - - [25/Nov/2022:01:00:06 +0100] "GET /monster-high-mini-keychain-flashlight-white-p-17848.html HTTP/1.0" 200 76198 "-" "Mozilla/5.0 (Linux; Android 6.0.1; Nexus 5X Build/MMB29P) AppleWebKit/537.36 (KHTML, like Gecko) Chrome/107.0.5304.115 Mobile Safari/537.36 (compatible; Googlebot/2.1; +http://www.google.com/bot.html)"
185.191.171.38 - - [25/Nov/2022:01:00:13 +0100] "GET /mani-lucky-charm-size-shopping-p-33278.html HTTP/1.0" 200 76247 "-" "Mozilla/5.0 (compatible; SemrushBot/7~bl; +http://www.semrush.com/bot.html)"
185.191.171.7 - - [25/Nov/2022:01:00:31 +0100] "GET /mustache-gilt-cbkreation-p-16688.html HTTP/1.0" 200 75939 "-" "Mozilla/5.0 (compatible; SemrushBot/7~bl; +http://www.semrush.com/bot.html)"
185.191.171.18 - - [25/Nov/2022:01:00:40 +0100] "GET /bell-wall-bell-c-13_270.html?page=3 HTTP/1.0" 200 82990 "-" "Mozilla/5.0 (compatible; SemrushBot/7~bl; +http://www.semrush.com/bot.html)"
66.249.68.25 - - [25/Nov/2022:01:00:53 +0100] "GET /images/big_prod/3453131141055.jpg HTTP/1.0" 200 268 "-" "Googlebot-Image/1.0"
114.119.166.166 - - [25/Nov/2022:01:01:01 +0100] "GET /nici-jolly-lynn-sheep-plush-p-35183.html HTTP/1.0" 200 73408 "http://www.wonder-geek.com/games-toys-c-4.html?page=12" "Mozilla/5.0 (Linux; Android 7.0;) AppleWebKit/537.36 (KHTML, like Gecko) Mobile Safari/537.36 (compatible; PetalBot;+https://webmaster.petalsearch.com/site/petalbot)"
66.249.68.25 - - [25/Nov/2022:01:01:15 +0100] "GET /bmw-motorcycles-sinces-1923-small-steel-fridge-magnets-p-37059.html HTTP/1.0" 301 76358 "-" "Mozilla/5.0 (Linux; Android 6.0.1; Nexus 5X Build/MMB29P) AppleWebKit/537.36 (KHTML, like Gecko) Chrome/107.0.5304.110 Mobile Safari/537.36 (compatible; Googlebot/2.1; +http://www.google.com/bot.html)"
66.249.68.1 - - [25/Nov/2022:01:01:17 +0100] "GET /motorcycles-sinces-1923-small-steel-fridge-magnets-p-37059.html HTTP/1.0" 200 76241 "-" "Mozilla/5.0 (Linux; Android 6.0.1; Nexus 5X Build/MMB29P) AppleWebKit/537.36 (KHTML, like Gecko) Chrome/107.0.5304.110 Mobile Safari/537.36 (compatible; Googlebot/2.1; +http://www.google.com/bot.html)"
66.249.68.30 - - [25/Nov/2022:01:01:38 +0100] "GET /bookend-wood-petit-prince-exupry-p-47768.html HTTP/1.0" 200 73406 "-" "Mozilla/5.0 (compatible; Googlebot/2.1; +http://www.google.com/bot.html)"
185.191.171.33 - - [25/Nov/2022:01:02:02 +0100] "GET /-p-9907.html HTTP/1.0" 200 73262 "-" "Mozilla/5.0 (compatible; SemrushBot/7~bl; +http://www.semrush.com/bot.html)"
185.191.171.36 - - [25/Nov/2022:01:02:09 +0100] "GET /harley-davidson-ride-metal-plate-p-33720.html HTTP/1.0" 200 75985 "-" "Mozilla/5.0 (compatible; SemrushBot/7~bl; +http://www.semrush.com/bot.html)"
185.191.171.4 - - [25/Nov/2022:01:02:23 +0100] "GET /candle-hours-christmas-tree-p-57119.html HTTP/1.0" 200 73380 "-" "Mozilla/5.0 (compatible; SemrushBot/7~bl; +http://www.semrush.com/bot.html)"
114.119.145.65 - - [25/Nov/2022:01:02:26 +0100] "GET /terracotta-feather-flower-pot-p-51112.html HTTP/1.0" 301 76656 "http://www.wonder-geek.com/home-and-decoration-c-13.html?page=82" "Mozilla/5.0 (Linux; Android 7.0;) AppleWebKit/537.36 (KHTML, like Gecko) Mobile Safari/537.36 (compatible; PetalBot;+https://webmaster.petalsearch.com/site/petalbot)"
114.119.145.65 - - [25/Nov/2022:01:02:27 +0100] "GET /terracotta-feather-flower-p-51112.html HTTP/1.0" 200 76564 "http://www.wonder-geek.com/home-and-decoration-c-13.html?page=82" "Mozilla/5.0 (Linux; Android 7.0;) AppleWebKit/537.36 (KHTML, like Gecko) Mobile Safari/537.36 (compatible; PetalBot;+https://webmaster.petalsearch.com/site/petalbot)"
185.191.171.5 - - [25/Nov/2022:01:02:35 +0100] "GET /hobo-japan-rags-p-26355.html HTTP/1.0" 200 73314 "-" "Mozilla/5.0 (compatible; SemrushBot/7~bl; +http://www.semrush.com/bot.html)"
185.191.171.38 - - [25/Nov/2022:01:02:38 +0100] "GET /cats-dubout-paperweight-p-43669.html HTTP/1.0" 200 76946 "-" "Mozilla/5.0 (compatible; SemrushBot/7~bl; +http://www.semrush.com/bot.html)"
119.8.243.135 - - [25/Nov/2022:01:02:41 +0100] "GET /images/big_prod_1/b3608860261035.jpg HTTP/1.0" 200 271 "-" "python-requests/2.27.1"
66.249.68.30 - - [25/Nov/2022:01:02:47 +0100] "GET /suitcase-lunch-lunch-c-12_64.html HTTP/1.0" 200 84410 "-" "Mozilla/5.0 (Linux; Android 6.0.1; Nexus 5X Build/MMB29P) AppleWebKit/537.36 (KHTML, like Gecko) Chrome/107.0.5304.110 Mobile Safari/537.36 (compatible; Googlebot/2.1; +http://www.google.com/bot.html)"
207.46.13.42 - - [25/Nov/2022:01:03:01 +0100] "GET /images/1399984243718.jpg HTTP/1.0" 200 259 "-" "Mozilla/5.0 (compatible; bingbot/2.0; +http://www.bing.com/bingbot.htm)"
185.191.171.22 - - [25/Nov/2022:01:03:12 +0100] "GET /charcoal-tablets-golden-temple-tablets-p-48788.html HTTP/1.0" 200 77041 "-" "Mozilla/5.0 (compatible; SemrushBot/7~bl; +http://www.semrush.com/bot.html)"
185.191.171.11 - - [25/Nov/2022:01:03:37 +0100] "GET /mighty-evil-iago-jafar-figurine-p-39430.html HTTP/1.0" 200 73404 "-" "Mozilla/5.0 (compatible; SemrushBot/7~bl; +http://www.semrush.com/bot.html)"
106.53.124.110 - - [25/Nov/2022:01:03:49 +0100] "GET /images/mini_prod/1384010202913.jpg HTTP/1.0" 200 269 "-" "Mozilla/5.0 (X11; Ubuntu; Linux x86_64; rv:72.0) Gecko/20100101 Firefox/72.0"
185.191.171.18 - - [25/Nov/2022:01:03:50 +0100] "GET /starry-russian-doll-cbkreation-p-18460.html HTTP/1.0" 200 75949 "-" "Mozilla/5.0 (compatible; SemrushBot/7~bl; +http://www.semrush.com/bot.html)"
114.119.130.87 - - [25/Nov/2022:01:03:54 +0100] "GET /doc-mcstuffins-little-backpack-p-30376.html HTTP/1.0" 301 73331 "http://www.wonder-geek.com/backpacks-c-31_77.html" "Mozilla/5.0 (Linux; Android 7.0;) AppleWebKit/537.36 (KHTML, like Gecko) Mobile Safari/537.36 (compatible; PetalBot;+https://webmaster.petalsearch.com/site/petalbot)"
114.119.130.87 - - [25/Nov/2022:01:03:55 +0100] "GET /-p-30376.html HTTP/1.0" 200 73264 "http://www.wonder-geek.com/backpacks-c-31_77.html" "Mozilla/5.0 (Linux; Android 7.0;) AppleWebKit/537.36 (KHTML, like Gecko) Mobile Safari/537.36 (compatible; PetalBot;+https://webmaster.petalsearch.com/site/petalbot)"
157.55.39.183 - - [25/Nov/2022:01:04:44 +0100] "GET /images/big_prod/3503424504132.jpg HTTP/1.0" 200 268 "-" "Mozilla/5.0 (compatible; bingbot/2.0; +http://www.bing.com/bingbot.htm)"
185.191.171.1 - - [25/Nov/2022:01:04:44 +0100] "GET /-p-19170.html HTTP/1.0" 200 73264 "-" "Mozilla/5.0 (compatible; SemrushBot/7~bl; +http://www.semrush.com/bot.html)"
51.68.224.127 - - [25/Nov/2022:01:05:01 +0100] "GET /adminweb/export_orders_xml.php?token=256de2z6edz6ed2z6DFSFsed2zed6zeDSFDSGdzedezfzf&maxorders=10&orderstart=1&status=14&start_date=2018-10-01 HTTP/1.0" 200 285 "-" "GesCom CharlotteBoutik Serveur"
51.68.224.127 - - [25/Nov/2022:01:05:01 +0100] "GET /adminweb/export_orders_xml.php?token=256de2z6edz6ed2z6DFSFsed2zed6zeDSFDSGdzedezfzf&maxorders=10&orderstart=1&status=6&start_date=2018-10-01 HTTP/1.0" 200 34006 "-" "GesCom CharlotteBoutik Serveur"
39.105.194.102 - - [25/Nov/2022:01:05:14 +0100] "GET /images/big_prod_2/3442440302790z.jpg HTTP/1.0" 200 271 "-" "Mozilla/5.0 (Macintosh; Intel Mac OS X 10_15_7) AppleWebKit/537.36 (KHTML, like Gecko) Chrome/105.0.0.0 Safari/537.36"
114.119.133.1 - - [25/Nov/2022:01:05:17 +0100] "GET /gingerbread-mug-p-30682.html HTTP/1.0" 301 75900 "http://www.wonder-geek.com/dishes-c-12.html?page=25" "Mozilla/5.0 (Linux; Android 7.0;) AppleWebKit/537.36 (KHTML, like Gecko) Mobile Safari/537.36 (compatible; PetalBot;+https://webmaster.petalsearch.com/site/petalbot)"
114.119.133.1 - - [25/Nov/2022:01:05:19 +0100] "GET /gingerbread-p-30682.html HTTP/1.0" 200 75822 "http://www.wonder-geek.com/dishes-c-12.html?page=25" "Mozilla/5.0 (Linux; Android 7.0;) AppleWebKit/537.36 (KHTML, like Gecko) Mobile Safari/537.36 (compatible; PetalBot;+https://webmaster.petalsearch.com/site/petalbot)"
66.249.68.1 - - [25/Nov/2022:01:05:22 +0100] "GET /gogh-isothermic-stainless-steel-bottle-p-53163.html HTTP/1.0" 200 76730 "-" "Mozilla/5.0 (Linux; Android 6.0.1; Nexus 5X Build/MMB29P) AppleWebKit/537.36 (KHTML, like Gecko) Chrome/107.0.5304.115 Mobile Safari/537.36 (compatible; Googlebot/2.1; +http://www.google.com/bot.html)"
185.191.171.23 - - [25/Nov/2022:01:05:34 +0100] "GET /bamboo-fiber-plant-cover-p-58916.html HTTP/1.0" 200 76702 "-" "Mozilla/5.0 (compatible; SemrushBot/7~bl; +http://www.semrush.com/bot.html)"
207.46.13.186 - - [25/Nov/2022:01:06:00 +0100] "GET /images/8009233806368.jpg HTTP/1.0" 200 259 "-" "Mozilla/5.0 (compatible; bingbot/2.0; +http://www.bing.com/bingbot.htm)"
52.143.241.111 - - [25/Nov/2022:01:06:02 +0100] "GET /images/12485-strega-biancaneve.jpg HTTP/1.0" 200 269 "-" "DuckDuckBot/1.1; (+http://duckduckgo.com/duckduckbot.html)"
66.249.68.30 - - [25/Nov/2022:01:06:14 +0100] "GET /gogh-isothermic-stainless-steel-bottle-p-53163.html HTTP/1.0" 200 76730 "-" "Mozilla/5.0 (Linux; Android 6.0.1; Nexus 5X Build/MMB29P) AppleWebKit/537.36 (KHTML, like Gecko) Chrome/107.0.5304.110 Mobile Safari/537.36 (compatible; Googlebot/2.1; +http://www.google.com/bot.html)"
66.249.68.25 - - [25/Nov/2022:01:06:17 +0100] "GET /js/jquery.js HTTP/1.0" 200 252 "http://www.wonder-geek.com/gogh-isothermic-stainless-steel-bottle-p-53163.html" "Mozilla/5.0 (Linux; Android 6.0.1; Nexus 5X Build/MMB29P) AppleWebKit/537.36 (KHTML, like Gecko) Chrome/107.0.5304.110 Mobile Safari/537.36 (compatible; Googlebot/2.1; +http://www.google.com/bot.html)"
66.249.68.30 - - [25/Nov/2022:01:06:17 +0100] "GET /js/jquery.jqzoom.js HTTP/1.0" 200 259 "http://www.wonder-geek.com/gogh-isothermic-stainless-steel-bottle-p-53163.html" "Mozilla/5.0 (Linux; Android 6.0.1; Nexus 5X Build/MMB29P) AppleWebKit/537.36 (KHTML, like Gecko) Chrome/107.0.5304.110 Mobile Safari/537.36 (compatible; Googlebot/2.1; +http://www.google.com/bot.html)"
66.249.68.25 - - [25/Nov/2022:01:06:19 +0100] "GET /highslide/highslide.js HTTP/1.0" 200 262 "http://www.wonder-geek.com/gogh-isothermic-stainless-steel-bottle-p-53163.html" "Mozilla/5.0 (Linux; Android 6.0.1; Nexus 5X Build/MMB29P) AppleWebKit/537.36 (KHTML, like Gecko) Chrome/107.0.5304.110 Mobile Safari/537.36 (compatible; Googlebot/2.1; +http://www.google.com/bot.html)"
66.249.68.25 - - [25/Nov/2022:01:06:21 +0100] "GET /mondial_relay/js/jquery-1.3.2.min.js HTTP/1.0" 200 276 "http://www.wonder-geek.com/gogh-isothermic-stainless-steel-bottle-p-53163.html" "Mozilla/5.0 (Linux; Android 6.0.1; Nexus 5X Build/MMB29P) AppleWebKit/537.36 (KHTML, like Gecko) Chrome/107.0.5304.110 Mobile Safari/537.36 (compatible; Googlebot/2.1; +http://www.google.com/bot.html)"
185.191.171.36 - - [25/Nov/2022:01:06:21 +0100] "GET /coasters-c-12_157.html?page=11 HTTP/1.0" 200 85006 "-" "Mozilla/5.0 (compatible; SemrushBot/7~bl; +http://www.semrush.com/bot.html)"
66.249.68.25 - - [25/Nov/2022:01:06:22 +0100] "GET /swfobject.js HTTP/1.0" 404 1308 "http://www.wonder-geek.com/gogh-isothermic-stainless-steel-bottle-p-53163.html" "Mozilla/5.0 (Linux; Android 6.0.1; Nexus 5X Build/MMB29P) AppleWebKit/537.36 (KHTML, like Gecko) Chrome/107.0.5304.110 Mobile Safari/537.36 (compatible; Googlebot/2.1; +http://www.google.com/bot.html)"
185.191.171.43 - - [25/Nov/2022:01:06:26 +0100] "GET /artisan-plaster-thermometer-handcrafted-p-57999.html HTTP/1.0" 200 76978 "-" "Mozilla/5.0 (compatible; SemrushBot/7~bl; +http://www.semrush.com/bot.html)"
185.191.171.33 - - [25/Nov/2022:01:06:29 +0100] "GET /laissez-lucie-faire-zipped-purse-p-42648.html HTTP/1.0" 200 76107 "-" "Mozilla/5.0 (compatible; SemrushBot/7~bl; +http://www.semrush.com/bot.html)"
114.119.130.87 - - [25/Nov/2022:01:06:41 +0100] "GET /over-dumbo-circus-tent-figurine-p-53987.html HTTP/1.0" 200 77930 "http://www.wonder-geek.com/figurines-statuettes-statues-decoration-collection-c-292.html?page=31" "Mozilla/5.0 (Linux; Android 7.0;) AppleWebKit/537.36 (KHTML, like Gecko) Mobile Safari/537.36 (compatible; PetalBot;+https://webmaster.petalsearch.com/site/petalbot)"
185.191.171.13 - - [25/Nov/2022:01:06:55 +0100] "GET /king-silver-decorative-chess-piece-p-53099.html HTTP/1.0" 200 73390 "-" "Mozilla/5.0 (compatible; SemrushBot/7~bl; +http://www.semrush.com/bot.html)"
66.249.68.25 - - [25/Nov/2022:01:08:03 +0100] "GET /mustache-money-cbkreation-p-16695.html HTTP/1.0" 200 76080 "-" "Mozilla/5.0 (Linux; Android 6.0.1; Nexus 5X Build/MMB29P) AppleWebKit/537.36 (KHTML, like Gecko) Chrome/107.0.5304.110 Mobile Safari/537.36 (compatible; Googlebot/2.1; +http://www.google.com/bot.html)"
114.119.133.1 - - [25/Nov/2022:01:08:07 +0100] "GET /images/big_prod/3609810098886B.jpg HTTP/1.0" 200 269 "http://www.wonder-geek.com/white-grey-moroccan-ashtray-p-52625.html" "Mozilla/5.0 (Linux; Android 7.0;) AppleWebKit/537.36 (KHTML, like Gecko) Mobile Safari/537.36 (compatible; PetalBot;+https://webmaster.petalsearch.com/site/petalbot)"
185.191.171.1 - - [25/Nov/2022:01:08:26 +0100] "GET /kiss-compact-mirror-p-26195.html HTTP/1.0" 200 75987 "-" "Mozilla/5.0 (compatible; SemrushBot/7~bl; +http://www.semrush.com/bot.html)"
66.249.68.30 - - [25/Nov/2022:01:08:28 +0100] "GET /coca-cola-mirror-p-28092.html HTTP/1.0" 200 75821 "-" "Mozilla/5.0 (compatible; Googlebot/2.1; +http://www.google.com/bot.html)"
185.191.171.3 - - [25/Nov/2022:01:08:47 +0100] "GET /cement-cover-dark-gray-p-57985.html HTTP/1.0" 200 76504 "-" "Mozilla/5.0 (compatible; SemrushBot/7~bl; +http://www.semrush.com/bot.html)"
185.191.171.11 - - [25/Nov/2022:01:09:00 +0100] "GET /lama-water-bottle-p-45233.html HTTP/1.0" 200 73330 "-" "Mozilla/5.0 (compatible; SemrushBot/7~bl; +http://www.semrush.com/bot.html)"
114.119.151.60 - - [25/Nov/2022:01:09:33 +0100] "GET /images/mini_prod/8430957012634A.jpg HTTP/1.0" 200 270 "http://www.wonder-geek.com/pencil-case-c-31_75.html" "Mozilla/5.0 (Linux; Android 7.0;) AppleWebKit/537.36 (KHTML, like Gecko) Mobile Safari/537.36 (compatible; PetalBot;+https://webmaster.petalsearch.com/site/petalbot)"
185.191.171.24 - - [25/Nov/2022:01:09:34 +0100] "GET /polar-blanket-purple-p-34642.html HTTP/1.0" 200 73360 "-" "Mozilla/5.0 (compatible; SemrushBot/7~bl; +http://www.semrush.com/bot.html)"
185.191.171.23 - - [25/Nov/2022:01:10:09 +0100] "GET /miss-wallet-p-2683.html HTTP/1.0" 200 76108 "-" "Mozilla/5.0 (compatible; SemrushBot/7~bl; +http://www.semrush.com/bot.html)"
185.191.171.23 - - [25/Nov/2022:01:10:24 +0100] "GET /distributor-chewing-p-37837.html HTTP/1.0" 200 73350 "-" "Mozilla/5.0 (compatible; SemrushBot/7~bl; +http://www.semrush.com/bot.html)"
119.13.76.31 - - [25/Nov/2022:01:10:36 +0100] "GET /images/mini_prod/MISES-EN-SITUATION-02.jpg HTTP/1.0" 200 277 "-" "Mozilla/5.0 (Windows NT 10.0; Win64; x64) AppleWebKit/537.36 (KHTML, like Gecko) Chrome/54.0.2840.99 Safari/537.36"
119.13.76.31 - - [25/Nov/2022:01:10:37 +0100] "GET /images/mini_prod/MISES-EN-SITUATION-02.jpg HTTP/1.0" 200 277 "-" "Mozilla/5.0 (Windows NT 10.0; Win64; x64) AppleWebKit/537.36 (KHTML, like Gecko) Chrome/54.0.2840.99 Safari/537.36"
119.13.76.31 - - [25/Nov/2022:01:10:39 +0100] "GET /images/mini_prod/MISES-EN-SITUATION-02.jpg HTTP/1.0" 200 277 "-" "Mozilla/5.0 (Windows NT 10.0; Win64; x64) AppleWebKit/537.36 (KHTML, like Gecko) Chrome/54.0.2840.99 Safari/537.36"
185.191.171.22 - - [25/Nov/2022:01:10:53 +0100] "GET /sequin-flower-embroidery-christmas-bauble-p-59182.html HTTP/1.0" 200 76944 "-" "Mozilla/5.0 (compatible; SemrushBot/7~bl; +http://www.semrush.com/bot.html)"
114.119.151.60 - - [25/Nov/2022:01:10:54 +0100] "GET /lonard-vinci-paperweight-vitruvian-p-44146.html HTTP/1.0" 200 77372 "http://www.wonder-geek.com/paperweight-c-129_188.html?page=5" "Mozilla/5.0 (Linux; Android 7.0;) AppleWebKit/537.36 (KHTML, like Gecko) Mobile Safari/537.36 (compatible; PetalBot;+https://webmaster.petalsearch.com/site/petalbot)"
207.46.13.181 - - [25/Nov/2022:01:11:35 +0100] "GET /images/big_prod_2/b4542202653821.jpg HTTP/1.0" 200 271 "-" "Mozilla/5.0 (compatible; bingbot/2.0; +http://www.bing.com/bingbot.htm)"
207.46.13.181 - - [25/Nov/2022:01:11:35 +0100] "GET /images/big_prod/1384010202814.jpg HTTP/1.0" 200 268 "-" "Mozilla/5.0 AppleWebKit/537.36 (KHTML, like Gecko; compatible; bingbot/2.0; +http://www.bing.com/bingbot.htm) Chrome/103.0.5060.134 Safari/537.36"
185.191.171.19 - - [25/Nov/2022:01:11:42 +0100] "GET /barbapapa-training-bottle-p-14323.html HTTP/1.0" 200 73380 "-" "Mozilla/5.0 (compatible; SemrushBot/7~bl; +http://www.semrush.com/bot.html)"
185.191.171.40 - - [25/Nov/2022:01:12:00 +0100] "GET /-p-22175.html HTTP/1.0" 200 73264 "-" "Mozilla/5.0 (compatible; SemrushBot/7~bl; +http://www.semrush.com/bot.html)"
185.191.171.1 - - [25/Nov/2022:01:12:06 +0100] "GET /white-bear-pompon-p-46907.html HTTP/1.0" 200 76893 "-" "Mozilla/5.0 (compatible; SemrushBot/7~bl; +http://www.semrush.com/bot.html)"
114.119.130.87 - - [25/Nov/2022:01:12:20 +0100] "GET /monkey-statue-resin-said-nothing-nothing-seen-nothing-heard-p-49276.html HTTP/1.0" 200 76316 "http://www.wonder-geek.com/figurines-statuettes-statues-decoration-collection-c-292.html?page=11" "Mozilla/5.0 (Linux; Android 7.0;) AppleWebKit/537.36 (KHTML, like Gecko) Mobile Safari/537.36 (compatible; PetalBot;+https://webmaster.petalsearch.com/site/petalbot)"
66.249.68.30 - - [25/Nov/2022:01:12:23 +0100] "GET /london-carlin-cookware-cbkreation-p-23970.html HTTP/1.0" 200 75986 "-" "Mozilla/5.0 (Linux; Android 6.0.1; Nexus 5X Build/MMB29P) AppleWebKit/537.36 (KHTML, like Gecko) Chrome/107.0.5304.110 Mobile Safari/537.36 (compatible; Googlebot/2.1; +http://www.google.com/bot.html)"
185.191.171.12 - - [25/Nov/2022:01:12:26 +0100] "GET /scented-candles-novenas-c-231_227.html?page=26 HTTP/1.0" 200 88015 "-" "Mozilla/5.0 (compatible; SemrushBot/7~bl; +http://www.semrush.com/bot.html)"
185.191.171.17 - - [25/Nov/2022:01:12:32 +0100] "GET /disney-princesses-aurora-wood-armchair-p-18806.html HTTP/1.0" 200 73406 "-" "Mozilla/5.0 (compatible; SemrushBot/7~bl; +http://www.semrush.com/bot.html)"
185.191.171.26 - - [25/Nov/2022:01:12:36 +0100] "GET /hello-ketty-round-pencil-case-p-19910.html HTTP/1.0" 200 76742 "-" "Mozilla/5.0 (compatible; SemrushBot/7~bl; +http://www.semrush.com/bot.html)"
66.249.68.25 - - [25/Nov/2022:01:12:49 +0100] "GET /hello-kitty-picnic-p-17166.html HTTP/1.0" 200 76306 "-" "Mozilla/5.0 (Linux; Android 6.0.1; Nexus 5X Build/MMB29P) AppleWebKit/537.36 (KHTML, like Gecko) Chrome/107.0.5304.110 Mobile Safari/537.36 (compatible; Googlebot/2.1; +http://www.google.com/bot.html)"
207.46.13.186 - - [25/Nov/2022:01:12:50 +0100] "GET /wooden-wall-decoration-to-hang-ici-est-le-paradis-p-49979.html HTTP/1.0" 301 76237 "-" "Mozilla/5.0 AppleWebKit/537.36 (KHTML, like Gecko; compatible; bingbot/2.0; +http://www.bing.com/bingbot.htm) Chrome/103.0.5060.134 Safari/537.36"
185.191.171.36 - - [25/Nov/2022:01:13:00 +0100] "GET /robots.txt HTTP/1.0" 200 245 "-" "Mozilla/5.0 (compatible; SemrushBot/7~bl; +http://www.semrush.com/bot.html)"
185.191.171.10 - - [25/Nov/2022:01:13:01 +0100] "GET /mister-capone-wood-carousel-p-45498.html HTTP/1.0" 200 73370 "-" "Mozilla/5.0 (compatible; SemrushBot/7~bl; +http://www.semrush.com/bot.html)"
185.191.171.5 - - [25/Nov/2022:01:13:05 +0100] "GET /franklin-purple-swimsuit-p-30244.html HTTP/1.0" 200 77909 "-" "Mozilla/5.0 (compatible; SemrushBot/7~bl; +http://www.semrush.com/bot.html)"
185.191.171.23 - - [25/Nov/2022:01:13:20 +0100] "GET /-p-41704.html HTTP/1.0" 200 73264 "-" "Mozilla/5.0 (compatible; SemrushBot/7~bl; +http://www.semrush.com/bot.html)"
185.191.171.3 - - [25/Nov/2022:01:13:43 +0100] "GET /bamboo-fiber-plant-cover-p-57470.html HTTP/1.0" 200 76540 "-" "Mozilla/5.0 (compatible; SemrushBot/7~bl; +http://www.semrush.com/bot.html)"
114.119.130.87 - - [25/Nov/2022:01:13:48 +0100] "GET /great-patina-orangutan-statuette-nothing-p-45980.html HTTP/1.0" 200 76191 "http://www.wonder-geek.com/statuettes-animal-figurines-c-292_291.html?page=7" "Mozilla/5.0 (Linux; Android 7.0;) AppleWebKit/537.36 (KHTML, like Gecko) Mobile Safari/537.36 (compatible; PetalBot;+https://webmaster.petalsearch.com/site/petalbot)"
54.36.149.8 - - [25/Nov/2022:01:14:12 +0100] "GET /camorra-white-tee-shirt-p-30679.html HTTP/1.0" 301 73424 "-" "Mozilla/5.0 (compatible; AhrefsBot/7.0; +http://ahrefs.com/robot/)"
185.191.171.39 - - [25/Nov/2022:01:14:16 +0100] "GET /pulp-fiction-zombis-poster-p-32264.html HTTP/1.0" 200 75945 "-" "Mozilla/5.0 (compatible; SemrushBot/7~bl; +http://www.semrush.com/bot.html)"
185.191.171.1 - - [25/Nov/2022:01:14:24 +0100] "GET /-p-45208.html HTTP/1.0" 200 73264 "-" "Mozilla/5.0 (compatible; SemrushBot/7~bl; +http://www.semrush.com/bot.html)"
185.191.171.44 - - [25/Nov/2022:01:14:28 +0100] "GET /decorative-wall-panels-tous-chemins-mnent-rhum-p-59575.html HTTP/1.0" 301 73331 "-" "Mozilla/5.0 (compatible; SemrushBot/7~bl; +http://www.semrush.com/bot.html)"
185.191.171.34 - - [25/Nov/2022:01:14:31 +0100] "GET /-p-59575.html HTTP/1.0" 200 73264 "-" "Mozilla/5.0 (compatible; SemrushBot/7~bl; +http://www.semrush.com/bot.html)"
185.191.171.37 - - [25/Nov/2022:01:14:44 +0100] "GET /cotton-kitchen-towel-marseille-p-58742.html HTTP/1.0" 200 76595 "-" "Mozilla/5.0 (compatible; SemrushBot/7~bl; +http://www.semrush.com/bot.html)"
185.191.171.22 - - [25/Nov/2022:01:14:59 +0100] "GET /statuette-gray-resin-p-55061.html HTTP/1.0" 200 76142 "-" "Mozilla/5.0 (compatible; SemrushBot/7~bl; +http://www.semrush.com/bot.html)"
40.77.167.27 - - [25/Nov/2022:01:15:00 +0100] "GET /images/big_prod/3281640392367N.jpg HTTP/1.0" 200 269 "-" "Mozilla/5.0 AppleWebKit/537.36 (KHTML, like Gecko; compatible; bingbot/2.0; +http://www.bing.com/bingbot.htm) Chrome/103.0.5060.134 Safari/537.36"
114.119.145.65 - - [25/Nov/2022:01:15:14 +0100] "GET /turtle-wall-decoration-p-59501.html HTTP/1.0" 200 76555 "http://www.wonder-geek.com/metal-wall-decor-c-13_308.html?page=2" "Mozilla/5.0 (Linux; Android 7.0;) AppleWebKit/537.36 (KHTML, like Gecko) Mobile Safari/537.36 (compatible; PetalBot;+https://webmaster.petalsearch.com/site/petalbot)"
185.191.171.40 - - [25/Nov/2022:01:15:37 +0100] "GET /mani-lucky-keychain-p-44119.html HTTP/1.0" 200 73374 "-" "Mozilla/5.0 (compatible; SemrushBot/7~bl; +http://www.semrush.com/bot.html)"
185.191.171.17 - - [25/Nov/2022:01:15:46 +0100] "GET /princess-frog-peel-stick-wall-decals-p-22525.html HTTP/1.0" 200 76123 "-" "Mozilla/5.0 (compatible; SemrushBot/7~bl; +http://www.semrush.com/bot.html)"
207.46.13.42 - - [25/Nov/2022:01:16:23 +0100] "GET /images/1399984258781.jpg HTTP/1.0" 200 259 "-" "Mozilla/5.0 AppleWebKit/537.36 (KHTML, like Gecko; compatible; bingbot/2.0; +http://www.bing.com/bingbot.htm) Chrome/103.0.5060.134 Safari/537.36"
66.249.68.25 - - [25/Nov/2022:01:16:29 +0100] "GET /images/big_prod/3565750147216.jpg HTTP/1.0" 200 268 "-" "Googlebot-Image/1.0"
185.191.171.39 - - [25/Nov/2022:01:16:32 +0100] "GET /cats-dubout-placemat-p-32429.html HTTP/1.0" 200 73334 "-" "Mozilla/5.0 (compatible; SemrushBot/7~bl; +http://www.semrush.com/bot.html)"
114.119.131.232 - - [25/Nov/2022:01:16:37 +0100] "GET /vintage-car-long-beach-wooden-wall-decoration-to-hang-p-36035.html HTTP/1.0" 301 76344 "http://www.wonder-geek.com/home-and-decoration-c-13.html?page=134" "Mozilla/5.0 (Linux; Android 7.0;) AppleWebKit/537.36 (KHTML, like Gecko) Mobile Safari/537.36 (compatible; PetalBot;+https://webmaster.petalsearch.com/site/petalbot)"
114.119.131.232 - - [25/Nov/2022:01:16:42 +0100] "GET /vintage-long-beach-wooden-wall-decoration-hang-p-36035.html HTTP/1.0" 200 76231 "http://www.wonder-geek.com/home-and-decoration-c-13.html?page=134" "Mozilla/5.0 (Linux; Android 7.0;) AppleWebKit/537.36 (KHTML, like Gecko) Mobile Safari/537.36 (compatible; PetalBot;+https://webmaster.petalsearch.com/site/petalbot)"
185.191.171.23 - - [25/Nov/2022:01:16:47 +0100] "GET /hermetic-salt-with-wooden-spoon-cabourg-p-56532.html HTTP/1.0" 200 76172 "-" "Mozilla/5.0 (compatible; SemrushBot/7~bl; +http://www.semrush.com/bot.html)"
185.191.171.42 - - [25/Nov/2022:01:17:35 +0100] "GET /laissez-lucie-faire-zipped-purse-p-42649.html HTTP/1.0" 200 73415 "-" "Mozilla/5.0 (compatible; SemrushBot/7~bl; +http://www.semrush.com/bot.html)"
66.249.68.30 - - [25/Nov/2022:01:18:04 +0100] "GET /images/mini_prod/3660173220864.jpg HTTP/1.0" 200 269 "-" "Googlebot-Image/1.0"
185.191.171.12 - - [25/Nov/2022:01:18:04 +0100] "GET /money-boxes-c-13_83.html?page=1 HTTP/1.0" 200 95864 "-" "Mozilla/5.0 (compatible; SemrushBot/7~bl; +http://www.semrush.com/bot.html)"
185.191.171.8 - - [25/Nov/2022:01:18:13 +0100] "GET /tetsubin-parma-teapot-japanese-liter-p-56038.html HTTP/1.0" 200 76312 "-" "Mozilla/5.0 (compatible; SemrushBot/7~bl; +http://www.semrush.com/bot.html)"
216.244.66.242 - - [25/Nov/2022:01:18:20 +0100] "GET /robots.txt HTTP/1.0" 200 245 "-" "Mozilla/5.0 (compatible; DotBot/1.2; +https://opensiteexplorer.org/dotbot; help@moz.com)"
185.191.171.43 - - [25/Nov/2022:01:18:23 +0100] "GET /kimmi-junior-large-backpack-p-19838.html HTTP/1.0" 200 78135 "-" "Mozilla/5.0 (compatible; SemrushBot/7~bl; +http://www.semrush.com/bot.html)"
66.249.68.25 - - [25/Nov/2022:01:18:55 +0100] "GET /hello-kitty-victoria-couture-long-necklace-handbag-p-12281.html HTTP/1.0" 200 76145 "-" "Mozilla/5.0 (compatible; Googlebot/2.1; +http://www.google.com/bot.html)"
147.92.153.1 - - [25/Nov/2022:01:19:05 +0100] "GET /images/big_prod/8422031141354.jpg HTTP/1.0" 200 268 "-" "Mozilla/5.0 (compatible; Linespider/1.1; +https://lin.ee/4dwXkTH)"
207.46.13.181 - - [25/Nov/2022:01:19:08 +0100] "GET /morgan-paris-watch-p-38193.html HTTP/1.0" 200 76129 "-" "Mozilla/5.0 AppleWebKit/537.36 (KHTML, like Gecko; compatible; bingbot/2.0; +http://www.bing.com/bingbot.htm) Chrome/103.0.5060.134 Safari/537.36"
185.191.171.19 - - [25/Nov/2022:01:19:22 +0100] "GET /tasty-navy-made-germany-p-58343.html HTTP/1.0" 200 76952 "-" "Mozilla/5.0 (compatible; SemrushBot/7~bl; +http://www.semrush.com/bot.html)"
185.191.171.19 - - [25/Nov/2022:01:19:28 +0100] "GET /yoga-indigo-gray-1000-p-51550.html HTTP/1.0" 200 77430 "-" "Mozilla/5.0 (compatible; SemrushBot/7~bl; +http://www.semrush.com/bot.html)"
185.191.171.5 - - [25/Nov/2022:01:19:32 +0100] "GET /plush-bear-glitter-motsu-keel-toys-p-54193.html HTTP/1.0" 200 73390 "-" "Mozilla/5.0 (compatible; SemrushBot/7~bl; +http://www.semrush.com/bot.html)"
185.191.171.26 - - [25/Nov/2022:01:19:35 +0100] "GET /incense-lphant-rose-kamasutra-p-40373.html HTTP/1.0" 200 76115 "-" "Mozilla/5.0 (compatible; SemrushBot/7~bl; +http://www.semrush.com/bot.html)"
185.191.171.42 - - [25/Nov/2022:01:19:45 +0100] "GET /japan-money-cbkreation-p-24001.html HTTP/1.0" 200 75945 "-" "Mozilla/5.0 (compatible; SemrushBot/7~bl; +http://www.semrush.com/bot.html)"
185.191.171.14 - - [25/Nov/2022:01:20:07 +0100] "GET /quibe-make-pencil-case-made-france-p-52749.html HTTP/1.0" 200 76900 "-" "Mozilla/5.0 (compatible; SemrushBot/7~bl; +http://www.semrush.com/bot.html)"
114.119.166.166 - - [25/Nov/2022:01:20:56 +0100] "GET /marseille-soap-pot-brush-teeth-p-38816.html HTTP/1.0" 301 73331 "http://www.wonder-geek.com/bathroom-accessories-c-13_172.html" "Mozilla/5.0 (Linux; Android 7.0;) AppleWebKit/537.36 (KHTML, like Gecko) Mobile Safari/537.36 (compatible; PetalBot;+https://webmaster.petalsearch.com/site/petalbot)"
185.191.171.41 - - [25/Nov/2022:01:20:58 +0100] "GET /-p-44448.html HTTP/1.0" 200 73264 "-" "Mozilla/5.0 (compatible; SemrushBot/7~bl; +http://www.semrush.com/bot.html)"
114.119.166.166 - - [25/Nov/2022:01:20:58 +0100] "GET /-p-38816.html HTTP/1.0" 200 73264 "http://www.wonder-geek.com/bathroom-accessories-c-13_172.html" "Mozilla/5.0 (Linux; Android 7.0;) AppleWebKit/537.36 (KHTML, like Gecko) Mobile Safari/537.36 (compatible; PetalBot;+https://webmaster.petalsearch.com/site/petalbot)"
185.191.171.43 - - [25/Nov/2022:01:21:02 +0100] "GET /black-gold-porcelain-mugs-p-59614.html?action=add_product HTTP/1.0" 302 476 "-" "Mozilla/5.0 (compatible; SemrushBot/7~bl; +http://www.semrush.com/bot.html)"
185.191.171.2 - - [25/Nov/2022:01:21:13 +0100] "GET /smiley-notebook-p-16397.html HTTP/1.0" 200 75945 "-" "Mozilla/5.0 (compatible; SemrushBot/7~bl; +http://www.semrush.com/bot.html)"
51.68.224.127 - - [25/Nov/2022:01:21:39 +0100] "GET /adminweb/export_orders_xml.php?token=256de2z6edz6ed2z6DFSFsed2zed6zeDSFDSGdzedezfzf&maxorders=10&orderstart=1&status=14&start_date=2018-10-01 HTTP/1.0" 200 285 "-" "GesCom CharlotteBoutik Serveur"
51.68.224.127 - - [25/Nov/2022:01:21:39 +0100] "GET /adminweb/export_orders_xml.php?token=256de2z6edz6ed2z6DFSFsed2zed6zeDSFDSGdzedezfzf&maxorders=10&orderstart=1&status=6&start_date=2018-10-01 HTTP/1.0" 200 34006 "-" "GesCom CharlotteBoutik Serveur"
87.250.224.95 - - [25/Nov/2022:01:22:05 +0100] "GET /robots.txt HTTP/1.0" 200 245 "-" "Mozilla/5.0 (compatible; YandexBot/3.0; +http://yandex.com/bots)"
87.250.224.95 - - [25/Nov/2022:01:22:09 +0100] "GET /images/big_prod/1304038301153.jpg HTTP/1.0" 200 268 "-" "Mozilla/5.0 (compatible; YandexImages/3.0; +http://yandex.com/bots)"
114.119.151.60 - - [25/Nov/2022:01:22:21 +0100] "GET /table-lamps-c-86_286.html?page=10 HTTP/1.0" 200 96073 "http://www.wonder-geek.com/table-lamps-c-86_286.html?page=6" "Mozilla/5.0 (Linux; Android 7.0;) AppleWebKit/537.36 (KHTML, like Gecko) Mobile Safari/537.36 (compatible; PetalBot;+https://webmaster.petalsearch.com/site/petalbot)"
185.191.171.9 - - [25/Nov/2022:01:22:26 +0100] "GET /catches-dreams-gray-white-p-43496.html HTTP/1.0" 200 73374 "-" "Mozilla/5.0 (compatible; SemrushBot/7~bl; +http://www.semrush.com/bot.html)"
185.191.171.43 - - [25/Nov/2022:01:22:30 +0100] "GET /miss-fifties-placemat-p-48102.html HTTP/1.0" 200 73338 "-" "Mozilla/5.0 (compatible; SemrushBot/7~bl; +http://www.semrush.com/bot.html)"
185.191.171.21 - - [25/Nov/2022:01:22:52 +0100] "GET /porky-with-baseball-figurine-p-59467.html HTTP/1.0" 200 77398 "-" "Mozilla/5.0 (compatible; SemrushBot/7~bl; +http://www.semrush.com/bot.html)"
185.191.171.19 - - [25/Nov/2022:01:23:12 +0100] "GET /retro-chest-weathered-wood-p-52933.html HTTP/1.0" 200 75913 "-" "Mozilla/5.0 (compatible; SemrushBot/7~bl; +http://www.semrush.com/bot.html)"
185.191.171.34 - - [25/Nov/2022:01:23:19 +0100] "GET /small-candle-guardian-angel-p-53897.html HTTP/1.0" 200 76368 "-" "Mozilla/5.0 (compatible; SemrushBot/7~bl; +http://www.semrush.com/bot.html)"
66.249.68.25 - - [25/Nov/2022:01:23:32 +0100] "GET /tweed-charger-alarm-clock-p-57861.html HTTP/1.0" 200 76865 "-" "Mozilla/5.0 (Linux; Android 6.0.1; Nexus 5X Build/MMB29P) AppleWebKit/537.36 (KHTML, like Gecko) Chrome/107.0.5304.110 Mobile Safari/537.36 (compatible; Googlebot/2.1; +http://www.google.com/bot.html)"
185.191.171.14 - - [25/Nov/2022:01:23:39 +0100] "GET /glass-lamp-p-55296.html HTTP/1.0" 200 73306 "-" "Mozilla/5.0 (compatible; SemrushBot/7~bl; +http://www.semrush.com/bot.html)"
185.191.171.25 - - [25/Nov/2022:01:23:46 +0100] "GET /home-decoration-c-13.html?page=264 HTTP/1.0" 200 93872 "-" "Mozilla/5.0 (compatible; SemrushBot/7~bl; +http://www.semrush.com/bot.html)"
66.249.68.25 - - [25/Nov/2022:01:23:50 +0100] "GET /kiub-collection-cats-cool-p-54781.html HTTP/1.0" 200 76726 "-" "Mozilla/5.0 (compatible; Googlebot/2.1; +http://www.google.com/bot.html)"
185.191.171.12 - - [25/Nov/2022:01:23:55 +0100] "GET /ceramic-seasoning-paris-p-50688.html HTTP/1.0" 200 73358 "-" "Mozilla/5.0 (compatible; SemrushBot/7~bl; +http://www.semrush.com/bot.html)"
185.191.171.35 - - [25/Nov/2022:01:23:58 +0100] "GET /wunzees-doll-series-polly-panda-p-45113.html HTTP/1.0" 200 73376 "-" "Mozilla/5.0 (compatible; SemrushBot/7~bl; +http://www.semrush.com/bot.html)"
157.55.39.183 - - [25/Nov/2022:01:24:36 +0100] "GET /images/med_prod/3032164202010.jpg HTTP/1.0" 200 268 "-" "Mozilla/5.0 (compatible; bingbot/2.0; +http://www.bing.com/bingbot.htm)"
185.191.171.35 - - [25/Nov/2022:01:24:59 +0100] "GET /trays-c-12_159.html?page=2 HTTP/1.0" 200 94625 "-" "Mozilla/5.0 (compatible; SemrushBot/7~bl; +http://www.semrush.com/bot.html)"
185.191.171.20 - - [25/Nov/2022:01:25:05 +0100] "GET /heart-home-friendly-stick-diffuser-winter-pine-p-58959.html HTTP/1.0" 200 77534 "-" "Mozilla/5.0 (compatible; SemrushBot/7~bl; +http://www.semrush.com/bot.html)"
216.244.66.242 - - [25/Nov/2022:01:25:23 +0100] "GET /alien-cup-in-green-ceramic-p-48689.html HTTP/1.0" 301 73430 "-" "Mozilla/5.0 (compatible; DotBot/1.2; +https://opensiteexplorer.org/dotbot; help@moz.com)"
185.191.171.7 - - [25/Nov/2022:01:25:24 +0100] "GET /cancer-clasic-keyring-cbkreation-p-57318.html HTTP/1.0" 200 76048 "-" "Mozilla/5.0 (compatible; SemrushBot/7~bl; +http://www.semrush.com/bot.html)"
216.244.66.242 - - [25/Nov/2022:01:25:34 +0100] "GET /cee-mouse-pad-cbkreation-p-13985.html HTTP/1.0" 301 75663 "-" "Mozilla/5.0 (compatible; DotBot/1.2; +https://opensiteexplorer.org/dotbot; help@moz.com)"
66.249.68.25 - - [25/Nov/2022:01:25:42 +0100] "GET /daisy-minnie-lunch-bottle-p-31685.html HTTP/1.0" 200 76152 "-" "Mozilla/5.0 (Linux; Android 6.0.1; Nexus 5X Build/MMB29P) AppleWebKit/537.36 (KHTML, like Gecko) Chrome/107.0.5304.110 Mobile Safari/537.36 (compatible; Googlebot/2.1; +http://www.google.com/bot.html)"
216.244.66.242 - - [25/Nov/2022:01:25:46 +0100] "GET /johnny-hallyday-ceramic-mug-p-52959.html HTTP/1.0" 301 73444 "-" "Mozilla/5.0 (compatible; DotBot/1.2; +https://opensiteexplorer.org/dotbot; help@moz.com)"
185.191.171.26 - - [25/Nov/2022:01:25:49 +0100] "GET /small-bamboo-tray-cats-p-49572.html HTTP/1.0" 200 75974 "-" "Mozilla/5.0 (compatible; SemrushBot/7~bl; +http://www.semrush.com/bot.html)"
216.244.66.242 - - [25/Nov/2022:01:25:55 +0100] "GET /lunch-bag-for-children-teo-jasmin-p-36773.html HTTP/1.0" 301 76263 "-" "Mozilla/5.0 (compatible; DotBot/1.2; +https://opensiteexplorer.org/dotbot; help@moz.com)"
185.191.171.3 - - [25/Nov/2022:01:26:27 +0100] "GET /freshener-heart-home-french-vanilla-p-40603.html HTTP/1.0" 200 76277 "-" "Mozilla/5.0 (compatible; SemrushBot/7~bl; +http://www.semrush.com/bot.html)"
185.191.171.39 - - [25/Nov/2022:01:26:44 +0100] "GET /specials.php?page=17 HTTP/1.0" 200 125421 "-" "Mozilla/5.0 (compatible; SemrushBot/7~bl; +http://www.semrush.com/bot.html)"
185.191.171.11 - - [25/Nov/2022:01:26:50 +0100] "GET /dragon-statue-polyresin-p-44722.html HTTP/1.0" 200 73358 "-" "Mozilla/5.0 (compatible; SemrushBot/7~bl; +http://www.semrush.com/bot.html)"
185.191.171.25 - - [25/Nov/2022:01:26:55 +0100] "GET /tour-france-ceramic-money-p-52191.html HTTP/1.0" 200 76012 "-" "Mozilla/5.0 (compatible; SemrushBot/7~bl; +http://www.semrush.com/bot.html)"
185.191.171.11 - - [25/Nov/2022:01:26:58 +0100] "GET /fine-porcelain-saucer-p-57261.html HTTP/1.0" 200 76064 "-" "Mozilla/5.0 (compatible; SemrushBot/7~bl; +http://www.semrush.com/bot.html)"
54.36.149.11 - - [25/Nov/2022:01:27:04 +0100] "GET /zodiac-sign-training-bottle-by-cbkreation-p-43349.html HTTP/1.0" 301 76417 "-" "Mozilla/5.0 (compatible; AhrefsBot/7.0; +http://ahrefs.com/robot/)"
185.191.171.15 - - [25/Nov/2022:01:27:07 +0100] "GET /quote-from-musset-wall-sticker-p-39186.html HTTP/1.0" 200 76162 "-" "Mozilla/5.0 (compatible; SemrushBot/7~bl; +http://www.semrush.com/bot.html)"
185.191.171.22 - - [25/Nov/2022:01:27:28 +0100] "GET /thread-count-cotton-percale-fitted-sheet-p-54442.html HTTP/1.0" 200 77045 "-" "Mozilla/5.0 (compatible; SemrushBot/7~bl; +http://www.semrush.com/bot.html)"
65.21.232.254 - - [25/Nov/2022:01:27:30 +0100] "GET /robots.txt HTTP/1.0" 200 245 "-" "Mozilla/5.0 (compatible; MJ12bot/v1.4.8; http://mj12bot.com/)"
65.21.232.254 - - [25/Nov/2022:01:27:32 +0100] "GET /pink-flamingos-placemat-p-43014.html HTTP/1.0" 200 75883 "-" "Mozilla/5.0 (compatible; MJ12bot/v1.4.8; http://mj12bot.com/)"
185.191.171.7 - - [25/Nov/2022:01:27:34 +0100] "GET /resin-deer-bookend-p-56183.html HTTP/1.0" 200 73326 "-" "Mozilla/5.0 (compatible; SemrushBot/7~bl; +http://www.semrush.com/bot.html)"
185.191.171.23 - - [25/Nov/2022:01:27:42 +0100] "GET /fatma-hand-candle-holder-p-49351.html HTTP/1.0" 200 73350 "-" "Mozilla/5.0 (compatible; SemrushBot/7~bl; +http://www.semrush.com/bot.html)"
65.21.232.254 - - [25/Nov/2022:01:27:49 +0100] "GET /pink-flamingos-placemat-p-43015.html HTTP/1.0" 200 75883 "-" "Mozilla/5.0 (compatible; MJ12bot/v1.4.8; http://mj12bot.com/)"
65.21.232.254 - - [25/Nov/2022:01:27:52 +0100] "GET /pink-salt-pepper-p-34480.html HTTP/1.0" 200 75962 "-" "Mozilla/5.0 (compatible; MJ12bot/v1.4.8; http://mj12bot.com/)"
185.191.171.7 - - [25/Nov/2022:01:27:55 +0100] "GET /jolie-provence-liquid-soap-dispenser-p-44565.html HTTP/1.0" 200 76049 "-" "Mozilla/5.0 (compatible; SemrushBot/7~bl; +http://www.semrush.com/bot.html)"
159.75.102.74 - - [25/Nov/2022:01:27:59 +0100] "GET /images/med_prod/8435306276187.jpg HTTP/1.0" 200 268 "-" "Mozilla/5.0 (X11; Ubuntu; Linux x86_64; rv:72.0) Gecko/20100101 Firefox/72.0"
66.249.68.30 - - [25/Nov/2022:01:28:05 +0100] "GET /ads.txt HTTP/1.0" 404 1308 "-" "Mozilla/5.0 (compatible; Googlebot/2.1; +http://www.google.com/bot.html)"
66.249.68.42 - - [25/Nov/2022:01:28:06 +0100] "GET /robots.txt HTTP/1.0" 301 531 "-" "Mozilla/5.0 (compatible; Googlebot/2.1; +http://www.google.com/bot.html)"
66.249.68.30 - - [25/Nov/2022:01:28:06 +0100] "GET /robots.txt HTTP/1.0" 200 245 "-" "Mozilla/5.0 (compatible; Googlebot/2.1; +http://www.google.com/bot.html)"
66.249.68.44 - - [25/Nov/2022:01:28:07 +0100] "GET /ads.txt HTTP/1.0" 301 525 "-" "Mozilla/5.0 (compatible; Googlebot/2.1; +http://www.google.com/bot.html)"
185.191.171.3 - - [25/Nov/2022:01:28:07 +0100] "GET /creative-hobbies-coloring-c-129_30.html HTTP/1.0" 200 94167 "-" "Mozilla/5.0 (compatible; SemrushBot/7~bl; +http://www.semrush.com/bot.html)"
185.191.171.26 - - [25/Nov/2022:01:28:37 +0100] "GET /fragrance-sachet-lavender-sage-p-40542.html HTTP/1.0" 200 76660 "-" "Mozilla/5.0 (compatible; SemrushBot/7~bl; +http://www.semrush.com/bot.html)"
185.220.100.254 - - [25/Nov/2022:01:29:13 +0100] "GET /contact_us.php HTTP/1.0" 301 539 "http://wonder-geek.com/contact_us.php" "Mozilla/5.0 (Windows NT 10.0; WOW64) AppleWebKit/537.36 (KHTML, like Gecko) Chrome/90.0.4430.72 Safari/537.36"
185.220.100.254 - - [25/Nov/2022:01:29:13 +0100] "GET /contact_us.php HTTP/1.0" 200 26241 "http://www.wonder-geek.com/contact_us.php" "Mozilla/5.0 (Windows NT 10.0; WOW64) AppleWebKit/537.36 (KHTML, like Gecko) Chrome/90.0.4430.72 Safari/537.36"
37.120.185.177 - - [25/Nov/2022:01:29:15 +0100] "POST /contact_us.php?action=send HTTP/1.0" 200 26661 "http://www.wonder-geek.com/contact_us.php" "Mozilla/5.0 (Windows NT 10.0; WOW64) AppleWebKit/537.36 (KHTML, like Gecko) Chrome/90.0.4430.72 Safari/537.36"
37.120.185.177 - - [25/Nov/2022:01:29:17 +0100] "GET /contact_us.php HTTP/1.0" 200 26241 "http://www.wonder-geek.com/contact_us.php" "Mozilla/5.0 (Windows NT 10.0; WOW64) AppleWebKit/537.36 (KHTML, like Gecko) Chrome/90.0.4430.72 Safari/537.36"
185.191.171.19 - - [25/Nov/2022:01:29:33 +0100] "GET /chair-cushion-pastel-green-cotton-p-47762.html HTTP/1.0" 200 75992 "-" "Mozilla/5.0 (compatible; SemrushBot/7~bl; +http://www.semrush.com/bot.html)"
185.191.171.2 - - [25/Nov/2022:01:29:42 +0100] "GET /geishas-cushion-cbkreation-p-23254.html HTTP/1.0" 200 73336 "-" "Mozilla/5.0 (compatible; SemrushBot/7~bl; +http://www.semrush.com/bot.html)"
185.191.171.11 - - [25/Nov/2022:01:29:45 +0100] "GET /orchid-rectangular-tablecloth-p-57936.html HTTP/1.0" 200 76819 "-" "Mozilla/5.0 (compatible; SemrushBot/7~bl; +http://www.semrush.com/bot.html)"
207.46.13.42 - - [25/Nov/2022:01:30:03 +0100] "GET /images/big_prod/8424346244416.jpg HTTP/1.0" 200 268 "-" "Mozilla/5.0 AppleWebKit/537.36 (KHTML, like Gecko; compatible; bingbot/2.0; +http://www.bing.com/bingbot.htm) Chrome/103.0.5060.134 Safari/537.36"
185.191.171.3 - - [25/Nov/2022:01:30:48 +0100] "GET /adhesive-roll-velvet-pattern-p-55808.html HTTP/1.0" 200 77099 "-" "Mozilla/5.0 (compatible; SemrushBot/7~bl; +http://www.semrush.com/bot.html)"
185.191.171.4 - - [25/Nov/2022:01:31:02 +0100] "GET /adult-apron-patisserie-collection-p-54747.html HTTP/1.0" 200 75968 "-" "Mozilla/5.0 (compatible; SemrushBot/7~bl; +http://www.semrush.com/bot.html)"
185.191.171.12 - - [25/Nov/2022:01:31:13 +0100] "GET /-p-12431.html HTTP/1.0" 200 73264 "-" "Mozilla/5.0 (compatible; SemrushBot/7~bl; +http://www.semrush.com/bot.html)"
66.249.68.30 - - [25/Nov/2022:01:31:32 +0100] "GET /apache-women-watch-multicolor-buffalo-head-p-41563.html HTTP/1.0" 200 76259 "-" "Mozilla/5.0 (Linux; Android 6.0.1; Nexus 5X Build/MMB29P) AppleWebKit/537.36 (KHTML, like Gecko) Chrome/107.0.5304.110 Mobile Safari/537.36 (compatible; Googlebot/2.1; +http://www.google.com/bot.html)"
157.55.39.183 - - [25/Nov/2022:01:31:36 +0100] "GET /images/big_prod/1328399270460.jpg HTTP/1.0" 200 268 "-" "Mozilla/5.0 (compatible; bingbot/2.0; +http://www.bing.com/bingbot.htm)"
42.194.241.189 - - [25/Nov/2022:01:31:38 +0100] "GET /images/med_prod/8435306265839.jpg HTTP/1.0" 200 268 "-" "Mozilla/5.0 (X11; Ubuntu; Linux x86_64; rv:72.0) Gecko/20100101 Firefox/72.0"
185.191.171.39 - - [25/Nov/2022:01:31:37 +0100] "GET /specials.php?page=45 HTTP/1.0" 200 114397 "-" "Mozilla/5.0 (compatible; SemrushBot/7~bl; +http://www.semrush.com/bot.html)"
185.191.171.40 - - [25/Nov/2022:01:31:48 +0100] "GET /color-eyelet-curtain-p-39037.html HTTP/1.0" 200 78154 "-" "Mozilla/5.0 (compatible; SemrushBot/7~bl; +http://www.semrush.com/bot.html)"
66.249.68.25 - - [25/Nov/2022:01:32:01 +0100] "GET /images/big_prod/1384010201244.jpg HTTP/1.0" 200 268 "-" "Googlebot-Image/1.0"
66.249.68.25 - - [25/Nov/2022:01:32:06 +0100] "GET /caramel-toiletry-constellation-p-55648.html HTTP/1.0" 200 76942 "-" "Mozilla/5.0 (Linux; Android 6.0.1; Nexus 5X Build/MMB29P) AppleWebKit/537.36 (KHTML, like Gecko) Chrome/107.0.5304.110 Mobile Safari/537.36 (compatible; Googlebot/2.1; +http://www.google.com/bot.html)"
42.194.230.87 - - [25/Nov/2022:01:32:16 +0100] "GET /images/mini_prod/1384000000307.jpg HTTP/1.0" 200 269 "-" "Mozilla/5.0 (X11; Ubuntu; Linux x86_64; rv:72.0) Gecko/20100101 Firefox/72.0"
185.191.171.25 - - [25/Nov/2022:01:32:22 +0100] "GET /clocks-c-13_67.html?page=1 HTTP/1.0" 200 95854 "-" "Mozilla/5.0 (compatible; SemrushBot/7~bl; +http://www.semrush.com/bot.html)"
185.191.171.20 - - [25/Nov/2022:01:32:36 +0100] "GET /garden-party-small-ashtray-p-37386.html HTTP/1.0" 200 75923 "-" "Mozilla/5.0 (compatible; SemrushBot/7~bl; +http://www.semrush.com/bot.html)"
185.191.171.33 - - [25/Nov/2022:01:33:46 +0100] "GET /marnie-white-porcelain-bowl-p-56502.html HTTP/1.0" 200 75939 "-" "Mozilla/5.0 (compatible; SemrushBot/7~bl; +http://www.semrush.com/bot.html)"
185.191.171.18 - - [25/Nov/2022:01:34:29 +0100] "GET /pastis-metal-plate-deco-p-57634.html HTTP/1.0" 200 76487 "-" "Mozilla/5.0 (compatible; SemrushBot/7~bl; +http://www.semrush.com/bot.html)"
66.249.68.25 - - [25/Nov/2022:01:34:39 +0100] "GET /tendresse-pillowcase-washed-cotton-gauze-p-54453.html HTTP/1.0" 200 76864 "-" "Mozilla/5.0 (Linux; Android 6.0.1; Nexus 5X Build/MMB29P) AppleWebKit/537.36 (KHTML, like Gecko) Chrome/107.0.5304.110 Mobile Safari/537.36 (compatible; Googlebot/2.1; +http://www.google.com/bot.html)"
66.249.68.1 - - [25/Nov/2022:01:34:41 +0100] "GET /bistro-decorative-metal-plate-p-47952.html HTTP/1.0" 200 73379 "-" "Mozilla/5.0 (Linux; Android 6.0.1; Nexus 5X Build/MMB29P) AppleWebKit/537.36 (KHTML, like Gecko) Chrome/107.0.5304.110 Mobile Safari/537.36 (compatible; Googlebot/2.1; +http://www.google.com/bot.html)"
185.191.171.13 - - [25/Nov/2022:01:34:57 +0100] "GET /studio-pets-p-54196.html HTTP/1.0" 200 73312 "-" "Mozilla/5.0 (compatible; SemrushBot/7~bl; +http://www.semrush.com/bot.html)"
185.191.171.22 - - [25/Nov/2022:01:35:00 +0100] "GET /-p-48686.html HTTP/1.0" 200 73264 "-" "Mozilla/5.0 (compatible; SemrushBot/7~bl; +http://www.semrush.com/bot.html)"
185.191.171.45 - - [25/Nov/2022:01:35:22 +0100] "GET /gorjuss-classic-stripe-beauty-ladybird-p-43175.html HTTP/1.0" 200 76176 "-" "Mozilla/5.0 (compatible; SemrushBot/7~bl; +http://www.semrush.com/bot.html)"
185.191.171.23 - - [25/Nov/2022:01:36:07 +0100] "GET /kimmidoll-brush-p-42417.html HTTP/1.0" 200 75893 "-" "Mozilla/5.0 (compatible; SemrushBot/7~bl; +http://www.semrush.com/bot.html)"
185.191.171.18 - - [25/Nov/2022:01:36:10 +0100] "GET /mini-motsu-keel-toys-plush-p-46196.html HTTP/1.0" 200 73358 "-" "Mozilla/5.0 (compatible; SemrushBot/7~bl; +http://www.semrush.com/bot.html)"
17.121.112.227 - - [25/Nov/2022:01:36:33 +0100] "GET /images/big_prod_2/4250255859755C.jpg HTTP/1.0" 200 271 "-" "Mozilla/5.0 (Macintosh; Intel Mac OS X 10_15_5) AppleWebKit/605.1.15 (KHTML, like Gecko) Version/13.1.1 Safari/605.1.15 (Applebot/0.1; +http://www.apple.com/go/applebot)"
185.191.171.8 - - [25/Nov/2022:01:36:40 +0100] "GET /-p-44354.html HTTP/1.0" 200 73264 "-" "Mozilla/5.0 (compatible; SemrushBot/7~bl; +http://www.semrush.com/bot.html)"
185.191.171.21 - - [25/Nov/2022:01:36:46 +0100] "GET /figurine-caricature-polyrsine-baker-p-48690.html HTTP/1.0" 200 73406 "-" "Mozilla/5.0 (compatible; SemrushBot/7~bl; +http://www.semrush.com/bot.html)"
185.191.171.26 - - [25/Nov/2022:01:36:49 +0100] "GET /fitted-sheet-cotton-percale-threads-p-43829.html HTTP/1.0" 200 73442 "-" "Mozilla/5.0 (compatible; SemrushBot/7~bl; +http://www.semrush.com/bot.html)"
216.244.66.242 - - [25/Nov/2022:01:36:51 +0100] "GET /jasmin-large-cabas-jasmine-black-p-38367.html HTTP/1.0" 200 76961 "-" "Mozilla/5.0 (compatible; DotBot/1.2; +https://opensiteexplorer.org/dotbot; help@moz.com)"
216.244.66.242 - - [25/Nov/2022:01:37:02 +0100] "GET /lighting-c-13_86.html?page=10 HTTP/1.0" 200 94883 "-" "Mozilla/5.0 (compatible; DotBot/1.2; +https://opensiteexplorer.org/dotbot; help@moz.com)"
216.244.66.242 - - [25/Nov/2022:01:37:17 +0100] "GET /small-baby-teeth-small-mouse-p-53419.html HTTP/1.0" 200 76165 "-" "Mozilla/5.0 (compatible; DotBot/1.2; +https://opensiteexplorer.org/dotbot; help@moz.com)"
216.244.66.242 - - [25/Nov/2022:01:37:30 +0100] "GET /tetsubin-blue-teapot-japanese-p-49381.html HTTP/1.0" 200 73370 "-" "Mozilla/5.0 (compatible; DotBot/1.2; +https://opensiteexplorer.org/dotbot; help@moz.com)"
185.191.171.3 - - [25/Nov/2022:01:37:33 +0100] "GET /removable-cushion-polar-fleece-p-57906.html HTTP/1.0" 200 76824 "-" "Mozilla/5.0 (compatible; SemrushBot/7~bl; +http://www.semrush.com/bot.html)"
185.191.171.12 - - [25/Nov/2022:01:37:47 +0100] "GET /niro-bedclothes-p-51601.html HTTP/1.0" 200 73330 "-" "Mozilla/5.0 (compatible; SemrushBot/7~bl; +http://www.semrush.com/bot.html)"
51.68.224.127 - - [25/Nov/2022:01:37:56 +0100] "GET /adminweb/export_orders_xml.php?token=256de2z6edz6ed2z6DFSFsed2zed6zeDSFDSGdzedezfzf&maxorders=10&orderstart=1&status=14&start_date=2018-10-01 HTTP/1.0" 200 285 "-" "GesCom CharlotteBoutik Serveur"
51.68.224.127 - - [25/Nov/2022:01:37:57 +0100] "GET /adminweb/export_orders_xml.php?token=256de2z6edz6ed2z6DFSFsed2zed6zeDSFDSGdzedezfzf&maxorders=10&orderstart=1&status=6&start_date=2018-10-01 HTTP/1.0" 200 34006 "-" "GesCom CharlotteBoutik Serveur"
66.249.68.30 - - [25/Nov/2022:01:38:06 +0100] "GET /frozen-lunchbox-p-31746.html HTTP/1.0" 200 73314 "-" "Mozilla/5.0 (compatible; Googlebot/2.1; +http://www.google.com/bot.html)"
185.191.171.26 - - [25/Nov/2022:01:38:23 +0100] "GET /pencil-cbkreation-p-33816.html HTTP/1.0" 200 75920 "-" "Mozilla/5.0 (compatible; SemrushBot/7~bl; +http://www.semrush.com/bot.html)"
35.165.15.82 - - [25/Nov/2022:01:38:28 +0100] "GET /images/mini_prod/5018997618431.jpg HTTP/1.0" 200 269 "-" "Mozilla/5.0 (X11; Ubuntu; Linux x86_64; rv:72.0) Gecko/20100101 Firefox/72.0"
185.191.171.22 - - [25/Nov/2022:01:38:32 +0100] "GET /renault-large-metal-plate-deco-p-26445.html HTTP/1.0" 200 73378 "-" "Mozilla/5.0 (compatible; SemrushBot/7~bl; +http://www.semrush.com/bot.html)"
185.191.171.6 - - [25/Nov/2022:01:38:57 +0100] "GET /resin-bear-teddy-bear-decorative-statuette-p-53681.html HTTP/1.0" 200 73430 "-" "Mozilla/5.0 (compatible; SemrushBot/7~bl; +http://www.semrush.com/bot.html)"
185.191.171.7 - - [25/Nov/2022:01:39:01 +0100] "GET /drink-dispenser-p-50796.html HTTP/1.0" 200 76466 "-" "Mozilla/5.0 (compatible; SemrushBot/7~bl; +http://www.semrush.com/bot.html)"
40.77.167.27 - - [25/Nov/2022:01:39:23 +0100] "GET /images/mini_prod/3453131146593.jpg HTTP/1.0" 200 269 "-" "Mozilla/5.0 AppleWebKit/537.36 (KHTML, like Gecko; compatible; bingbot/2.0; +http://www.bing.com/bingbot.htm) Chrome/103.0.5060.134 Safari/537.36"
40.77.167.27 - - [25/Nov/2022:01:39:23 +0100] "GET /images/big_prod/1300000023634.jpg HTTP/1.0" 200 268 "-" "Mozilla/5.0 (compatible; bingbot/2.0; +http://www.bing.com/bingbot.htm)"
