66.249.68.1 - - [25/Nov/2022:01:39:27 +0100] "GET /stitch-laying-down-collection-statuette-p-47679.html HTTP/1.0" 200 77761 "-" "Mozilla/5.0 (compatible; Googlebot/2.1; +http://www.google.com/bot.html)"
66.249.68.25 - - [25/Nov/2022:01:39:38 +0100] "GET /decorative-door-sticker-p-51537.html HTTP/1.0" 200 76743 "-" "Mozilla/5.0 (compatible; Googlebot/2.1; +http://www.google.com/bot.html)"
185.191.171.43 - - [25/Nov/2022:01:39:40 +0100] "GET /surfboard-wooden-wall-decoration-beach-p-41396.html HTTP/1.0" 200 73418 "-" "Mozilla/5.0 (compatible; SemrushBot/7~bl; +http://www.semrush.com/bot.html)"
66.249.68.25 - - [25/Nov/2022:01:39:41 +0100] "GET /stitch-laying-down-collection-statuette-p-47679.html HTTP/1.0" 200 77761 "-" "Mozilla/5.0 (Linux; Android 6.0.1; Nexus 5X Build/MMB29P) AppleWebKit/537.36 (KHTML, like Gecko) Chrome/107.0.5304.115 Mobile Safari/537.36 (compatible; Googlebot/2.1; +http://www.google.com/bot.html)"
185.191.171.36 - - [25/Nov/2022:01:40:28 +0100] "GET /african-water-carrier-figurine-p-55283.html HTTP/1.0" 200 76638 "-" "Mozilla/5.0 (compatible; SemrushBot/7~bl; +http://www.semrush.com/bot.html)"
185.191.171.18 - - [25/Nov/2022:01:40:34 +0100] "GET /with-infuser-blush-p-57236.html HTTP/1.0" 200 75977 "-" "Mozilla/5.0 (compatible; SemrushBot/7~bl; +http://www.semrush.com/bot.html)"
66.249.68.25 - - [25/Nov/2022:01:40:50 +0100] "GET /images/big_prod/8433933883273.jpg HTTP/1.0" 200 268 "-" "Googlebot-Image/1.0"
66.249.68.25 - - [25/Nov/2022:01:40:55 +0100] "GET /images/big_prod_1/028399294800a.jpg HTTP/1.0" 200 270 "-" "Googlebot-Image/1.0"
185.191.171.16 - - [25/Nov/2022:01:41:05 +0100] "GET /gorjuss-fairy-lights-p-27144.html HTTP/1.0" 200 76105 "-" "Mozilla/5.0 (compatible; SemrushBot/7~bl; +http://www.semrush.com/bot.html)"
66.249.68.25 - - [25/Nov/2022:01:42:05 +0100] "GET /images/mini_prod/5400924255114.jpg HTTP/1.0" 200 269 "-" "Googlebot-Image/1.0"
66.249.68.30 - - [25/Nov/2022:01:42:20 +0100] "GET /bedclothes-gomix-p-51702.html HTTP/1.0" 200 73364 "-" "Mozilla/5.0 (Linux; Android 6.0.1; Nexus 5X Build/MMB29P) AppleWebKit/537.36 (KHTML, like Gecko) Chrome/107.0.5304.110 Mobile Safari/537.36 (compatible; Googlebot/2.1; +http://www.google.com/bot.html)"
185.191.171.18 - - [25/Nov/2022:01:42:24 +0100] "GET /scented-candle-made-france-whiskey-leather-p-57031.html HTTP/1.0" 200 77587 "-" "Mozilla/5.0 (compatible; SemrushBot/7~bl; +http://www.semrush.com/bot.html)"
185.191.171.45 - - [25/Nov/2022:01:42:27 +0100] "GET /welcome-decorative-surfboard-p-46247.html HTTP/1.0" 200 73366 "-" "Mozilla/5.0 (compatible; SemrushBot/7~bl; +http://www.semrush.com/bot.html)"
216.244.66.242 - - [25/Nov/2022:01:42:45 +0100] "GET /lotus-candle-holder-glass-p-42826.html HTTP/1.0" 200 77044 "-" "Mozilla/5.0 (compatible; DotBot/1.2; +https://opensiteexplorer.org/dotbot; help@moz.com)"
159.75.102.74 - - [25/Nov/2022:01:42:51 +0100] "GET /images/mini_prod/34DSCN8150.jpg HTTP/1.0" 200 266 "-" "Mozilla/5.0 (X11; Ubuntu; Linux x86_64; rv:72.0) Gecko/20100101 Firefox/72.0"
216.244.66.242 - - [25/Nov/2022:01:42:55 +0100] "GET /mareva-coated-tablecloth-grey-yellow-p-45344.html HTTP/1.0" 200 76060 "-" "Mozilla/5.0 (compatible; DotBot/1.2; +https://opensiteexplorer.org/dotbot; help@moz.com)"
216.244.66.242 - - [25/Nov/2022:01:43:04 +0100] "GET /star-wars-blue-training-bottle-p-29945.html HTTP/1.0" 200 76020 "-" "Mozilla/5.0 (compatible; DotBot/1.2; +https://opensiteexplorer.org/dotbot; help@moz.com)"
185.191.171.25 - - [25/Nov/2022:01:43:08 +0100] "GET /white-natural-wooden-p-55034.html HTTP/1.0" 200 76760 "-" "Mozilla/5.0 (compatible; SemrushBot/7~bl; +http://www.semrush.com/bot.html)"
185.191.171.6 - - [25/Nov/2022:01:43:19 +0100] "GET /rock-candle-hours-black-p-42103.html HTTP/1.0" 200 73356 "-" "Mozilla/5.0 (compatible; SemrushBot/7~bl; +http://www.semrush.com/bot.html)"
66.249.68.30 - - [25/Nov/2022:01:43:21 +0100] "GET /frozen-lunchbox-p-31746.html HTTP/1.0" 200 73314 "-" "Mozilla/5.0 (Linux; Android 6.0.1; Nexus 5X Build/MMB29P) AppleWebKit/537.36 (KHTML, like Gecko) Chrome/107.0.5304.110 Mobile Safari/537.36 (compatible; Googlebot/2.1; +http://www.google.com/bot.html)"
185.191.171.2 - - [25/Nov/2022:01:43:29 +0100] "GET /home-decoration-c-13.html?page=149 HTTP/1.0" 200 95196 "-" "Mozilla/5.0 (compatible; SemrushBot/7~bl; +http://www.semrush.com/bot.html)"
185.191.171.21 - - [25/Nov/2022:01:43:42 +0100] "GET /-p-30105.html HTTP/1.0" 200 73264 "-" "Mozilla/5.0 (compatible; SemrushBot/7~bl; +http://www.semrush.com/bot.html)"
185.191.171.6 - - [25/Nov/2022:01:44:02 +0100] "GET /magnet-joyeux-p-56556.html HTTP/1.0" 200 76434 "-" "Mozilla/5.0 (compatible; SemrushBot/7~bl; +http://www.semrush.com/bot.html)"
37.187.118.228 - - [25/Nov/2022:01:44:02 +0100] "GET /contact_us.php HTTP/1.0" 200 26241 "http://www.wonder-geek.com/contact_us.php" "Mozilla/5.0 (Windows NT 6.3; Win64; x64) AppleWebKit/537.36 (KHTML, like Gecko) Chrome/90.0.4430.85 Safari/537.36"
37.187.118.228 - - [25/Nov/2022:01:44:15 +0100] "POST /contact_us.php?action=send HTTP/1.0" 200 26471 "http://www.wonder-geek.com/contact_us.php" "Mozilla/5.0 (Windows NT 6.3; Win64; x64) AppleWebKit/537.36 (KHTML, like Gecko) Chrome/90.0.4430.85 Safari/537.36"
185.191.171.25 - - [25/Nov/2022:01:44:35 +0100] "GET /round-blue-metatron-p-50606.html HTTP/1.0" 200 76875 "-" "Mozilla/5.0 (compatible; SemrushBot/7~bl; +http://www.semrush.com/bot.html)"
185.191.171.22 - - [25/Nov/2022:01:45:04 +0100] "GET /quote-wooden-wall-decoration-hang-p-43075.html HTTP/1.0" 200 76017 "-" "Mozilla/5.0 (compatible; SemrushBot/7~bl; +http://www.semrush.com/bot.html)"
185.191.171.41 - - [25/Nov/2022:01:45:17 +0100] "GET /-p-34657.html HTTP/1.0" 200 73264 "-" "Mozilla/5.0 (compatible; SemrushBot/7~bl; +http://www.semrush.com/bot.html)"
185.191.171.35 - - [25/Nov/2022:01:45:53 +0100] "GET /anti-rfid-card-holder-cards-gold-p-50166.html HTTP/1.0" 200 77226 "-" "Mozilla/5.0 (compatible; SemrushBot/7~bl; +http://www.semrush.com/bot.html)"
157.55.39.183 - - [25/Nov/2022:01:46:18 +0100] "GET /images/big_prod/1300000021807.jpg HTTP/1.0" 200 268 "-" "Mozilla/5.0 AppleWebKit/537.36 (KHTML, like Gecko; compatible; bingbot/2.0; +http://www.bing.com/bingbot.htm) Chrome/103.0.5060.134 Safari/537.36"
66.249.68.1 - - [25/Nov/2022:01:46:36 +0100] "GET /images/mini_prod/3660173240152.jpg HTTP/1.0" 200 269 "-" "Googlebot-Image/1.0"
185.191.171.34 - - [25/Nov/2022:01:47:33 +0100] "GET /specials.php?page=19 HTTP/1.0" 200 125446 "-" "Mozilla/5.0 (compatible; SemrushBot/7~bl; +http://www.semrush.com/bot.html)"
157.55.39.202 - - [25/Nov/2022:01:47:39 +0100] "GET /images/boby121212.jpg.jpg HTTP/1.0" 200 260 "-" "Mozilla/5.0 (compatible; bingbot/2.0; +http://www.bing.com/bingbot.htm)"
185.191.171.13 - - [25/Nov/2022:01:47:39 +0100] "GET /drink-good-beer-metal-plate-deco-p-34327.html HTTP/1.0" 200 73382 "-" "Mozilla/5.0 (compatible; SemrushBot/7~bl; +http://www.semrush.com/bot.html)"
185.191.171.13 - - [25/Nov/2022:01:47:44 +0100] "GET /anti-rfid-card-holder-cards-gold-p-50165.html HTTP/1.0" 200 73360 "-" "Mozilla/5.0 (compatible; SemrushBot/7~bl; +http://www.semrush.com/bot.html)"
185.191.171.41 - - [25/Nov/2022:01:47:47 +0100] "GET /kettle-pendulum-clock-p-54542.html HTTP/1.0" 200 76087 "-" "Mozilla/5.0 (compatible; SemrushBot/7~bl; +http://www.semrush.com/bot.html)"
185.191.171.40 - - [25/Nov/2022:01:47:55 +0100] "GET /-p-42695.html HTTP/1.0" 200 73264 "-" "Mozilla/5.0 (compatible; SemrushBot/7~bl; +http://www.semrush.com/bot.html)"
213.202.230.56 - - [25/Nov/2022:01:48:00 +0100] "GET /images/mini_prod/3700516211415B.jpg HTTP/1.0" 200 270 "-" "Mozilla/5.0 (X11; Ubuntu; Linux x86_64; rv:72.0) Gecko/20100101 Firefox/72.0"
185.191.171.14 - - [25/Nov/2022:01:48:05 +0100] "GET /zinc-look-metal-flowerpot-cover-p-55455.html HTTP/1.0" 200 76587 "-" "Mozilla/5.0 (compatible; SemrushBot/7~bl; +http://www.semrush.com/bot.html)"
119.8.106.108 - - [25/Nov/2022:01:48:18 +0100] "GET /images/mini_prod/8901319003121.jpg HTTP/1.0" 200 269 "-" "Mozilla/5.0 (Windows NT 10.0; Win64; x64) AppleWebKit/537.36 (KHTML, like Gecko) Chrome/54.0.2840.99 Safari/537.36"
66.249.68.25 - - [25/Nov/2022:01:48:19 +0100] "GET /vanilla-white-woods-candle-heart-home-p-57872.html HTTP/1.0" 200 77401 "-" "Mozilla/5.0 (Linux; Android 6.0.1; Nexus 5X Build/MMB29P) AppleWebKit/537.36 (KHTML, like Gecko) Chrome/107.0.5304.110 Mobile Safari/537.36 (compatible; Googlebot/2.1; +http://www.google.com/bot.html)"
66.249.68.1 - - [25/Nov/2022:01:48:22 +0100] "GET /corsica-espresso-p-57604.html HTTP/1.0" 200 73326 "-" "Mozilla/5.0 (compatible; Googlebot/2.1; +http://www.google.com/bot.html)"
185.191.171.19 - - [25/Nov/2022:01:48:35 +0100] "GET /dishes-c-12.html?page=36 HTTP/1.0" 200 95294 "-" "Mozilla/5.0 (compatible; SemrushBot/7~bl; +http://www.semrush.com/bot.html)"
185.191.171.34 - - [25/Nov/2022:01:48:39 +0100] "GET /placemat-kiub-collection-jewels-flamingo-p-55920.html HTTP/1.0" 200 76079 "-" "Mozilla/5.0 (compatible; SemrushBot/7~bl; +http://www.semrush.com/bot.html)"
185.191.171.42 - - [25/Nov/2022:01:49:09 +0100] "GET /volkswagen-garage-service-metal-plate-p-37154.html HTTP/1.0" 200 73424 "-" "Mozilla/5.0 (compatible; SemrushBot/7~bl; +http://www.semrush.com/bot.html)"
119.8.242.230 - - [25/Nov/2022:01:49:23 +0100] "GET /images/mini_prod/3453131148979.jpg HTTP/1.0" 200 269 "-" "python-requests/2.18.4"
185.191.171.23 - - [25/Nov/2022:01:49:41 +0100] "GET /robots.txt HTTP/1.0" 200 245 "-" "Mozilla/5.0 (compatible; SemrushBot/7~bl; +http://www.semrush.com/bot.html)"
185.191.171.22 - - [25/Nov/2022:01:49:41 +0100] "GET /-p-45826.html HTTP/1.0" 200 73264 "-" "Mozilla/5.0 (compatible; SemrushBot/7~bl; +http://www.semrush.com/bot.html)"
113.81.25.144 - - [25/Nov/2022:01:49:52 +0100] "HEAD / HTTP/1.0" 200 386 "-" "Mozilla/5.0 (Windows NT 10.0; WOW64; Trident/7.0; rv:11.0) like Gecko"
113.81.25.144 - - [25/Nov/2022:01:49:54 +0100] "GET / HTTP/1.0" 200 153283 "-" "Mozilla/5.0 (Windows NT 10.0; WOW64; Trident/7.0; rv:11.0) like Gecko"
185.191.171.37 - - [25/Nov/2022:01:50:36 +0100] "GET /sonny-angel-christmas-series-2016-figurines-p-47268.html HTTP/1.0" 200 78001 "-" "Mozilla/5.0 (compatible; SemrushBot/7~bl; +http://www.semrush.com/bot.html)"
66.249.68.25 - - [25/Nov/2022:01:51:10 +0100] "GET /nippon-doll-cosmetic-pouch-p-26868.html HTTP/1.0" 200 76153 "-" "Mozilla/5.0 (Linux; Android 6.0.1; Nexus 5X Build/MMB29P) AppleWebKit/537.36 (KHTML, like Gecko) Chrome/107.0.5304.110 Mobile Safari/537.36 (compatible; Googlebot/2.1; +http://www.google.com/bot.html)"
185.191.171.16 - - [25/Nov/2022:01:51:33 +0100] "GET /frankincense-aromatika-incense-sticks-p-59275.html HTTP/1.0" 200 76684 "-" "Mozilla/5.0 (compatible; SemrushBot/7~bl; +http://www.semrush.com/bot.html)"
185.191.171.4 - - [25/Nov/2022:01:51:37 +0100] "GET /white-gray-stoneware-p-59017.html HTTP/1.0" 200 76538 "-" "Mozilla/5.0 (compatible; SemrushBot/7~bl; +http://www.semrush.com/bot.html)"
113.81.25.144 - - [25/Nov/2022:01:51:48 +0100] "HEAD /contact_us.php HTTP/1.0" 200 386 "-" "Mozilla/5.0 (Windows NT 10.0; WOW64; Trident/7.0; rv:11.0) like Gecko"
113.81.25.144 - - [25/Nov/2022:01:51:50 +0100] "GET /contact_us.php HTTP/1.0" 200 26241 "-" "Mozilla/5.0 (Windows NT 10.0; WOW64; Trident/7.0; rv:11.0) like Gecko"
113.81.25.144 - - [25/Nov/2022:01:51:53 +0100] "HEAD / HTTP/1.0" 200 386 "-" "Mozilla/5.0 (Windows NT 10.0; WOW64; Trident/7.0; rv:11.0) like Gecko"
113.81.25.144 - - [25/Nov/2022:01:51:55 +0100] "GET / HTTP/1.0" 200 152667 "-" "Mozilla/5.0 (Windows NT 10.0; WOW64; Trident/7.0; rv:11.0) like Gecko"
185.191.171.38 - - [25/Nov/2022:01:52:02 +0100] "GET /stationery-cardmaking-c-129.html?page=15 HTTP/1.0" 200 95549 "-" "Mozilla/5.0 (compatible; SemrushBot/7~bl; +http://www.semrush.com/bot.html)"
40.77.167.27 - - [25/Nov/2022:01:52:05 +0100] "GET /tray-wooden-legs-p-57092.html HTTP/1.0" 200 76885 "-" "Mozilla/5.0 (compatible; bingbot/2.0; +http://www.bing.com/bingbot.htm)"
113.81.25.144 - - [25/Nov/2022:01:52:09 +0100] "HEAD /create_account.php HTTP/1.0" 200 386 "-" "Mozilla/5.0 (Windows NT 10.0; WOW64; Trident/7.0; rv:11.0) like Gecko"
113.81.25.144 - - [25/Nov/2022:01:52:10 +0100] "GET /create_account.php HTTP/1.0" 200 33633 "-" "Mozilla/5.0 (Windows NT 10.0; WOW64; Trident/7.0; rv:11.0) like Gecko"
113.81.25.144 - - [25/Nov/2022:01:52:15 +0100] "HEAD /checkout_shipping.php HTTP/1.0" 302 449 "-" "Mozilla/5.0 (Windows NT 10.0; WOW64; Trident/7.0; rv:11.0) like Gecko"
113.81.25.144 - - [25/Nov/2022:01:52:16 +0100] "HEAD /login.php HTTP/1.0" 200 386 "-" "Mozilla/5.0 (Windows NT 10.0; WOW64; Trident/7.0; rv:11.0) like Gecko"
185.191.171.7 - - [25/Nov/2022:01:52:17 +0100] "GET /donald-duck-figure-collection-romero-britto-p-57498.html HTTP/1.0" 200 77382 "-" "Mozilla/5.0 (compatible; SemrushBot/7~bl; +http://www.semrush.com/bot.html)"
113.81.25.144 - - [25/Nov/2022:01:52:18 +0100] "GET /checkout_shipping.php HTTP/1.0" 302 468 "-" "Mozilla/5.0 (Windows NT 10.0; WOW64; Trident/7.0; rv:11.0) like Gecko"
113.81.25.144 - - [25/Nov/2022:01:52:20 +0100] "GET /login.php HTTP/1.0" 200 17155 "-" "Mozilla/5.0 (Windows NT 10.0; WOW64; Trident/7.0; rv:11.0) like Gecko"
113.81.25.144 - - [25/Nov/2022:01:52:24 +0100] "HEAD /shopping_cart.php HTTP/1.0" 200 386 "-" "Mozilla/5.0 (Windows NT 10.0; WOW64; Trident/7.0; rv:11.0) like Gecko"
113.81.25.144 - - [25/Nov/2022:01:52:25 +0100] "GET /shopping_cart.php HTTP/1.0" 200 13298 "-" "Mozilla/5.0 (Windows NT 10.0; WOW64; Trident/7.0; rv:11.0) like Gecko"
113.81.25.144 - - [25/Nov/2022:01:52:29 +0100] "HEAD /login.php HTTP/1.0" 200 386 "-" "Mozilla/5.0 (Windows NT 10.0; WOW64; Trident/7.0; rv:11.0) like Gecko"
113.81.25.144 - - [25/Nov/2022:01:52:30 +0100] "GET /login.php HTTP/1.0" 200 17155 "-" "Mozilla/5.0 (Windows NT 10.0; WOW64; Trident/7.0; rv:11.0) like Gecko"
113.81.25.144 - - [25/Nov/2022:01:52:34 +0100] "HEAD /index.php?language=fr HTTP/1.0" 200 386 "-" "Mozilla/5.0 (Windows NT 10.0; WOW64; Trident/7.0; rv:11.0) like Gecko"
113.81.25.144 - - [25/Nov/2022:01:52:38 +0100] "GET /index.php?language=fr HTTP/1.0" 200 159966 "-" "Mozilla/5.0 (Windows NT 10.0; WOW64; Trident/7.0; rv:11.0) like Gecko"
185.191.171.8 - - [25/Nov/2022:01:52:46 +0100] "GET /adhesive-roll-unicorns-p-55773.html HTTP/1.0" 200 76803 "-" "Mozilla/5.0 (compatible; SemrushBot/7~bl; +http://www.semrush.com/bot.html)"
113.81.25.144 - - [25/Nov/2022:01:52:51 +0100] "HEAD /specials.php HTTP/1.0" 200 386 "-" "Mozilla/5.0 (Windows NT 10.0; WOW64; Trident/7.0; rv:11.0) like Gecko"
185.191.171.33 - - [25/Nov/2022:01:52:50 +0100] "GET /salt-made-ceramic-bamboo-p-50748.html HTTP/1.0" 200 77050 "-" "Mozilla/5.0 (compatible; SemrushBot/7~bl; +http://www.semrush.com/bot.html)"
113.81.25.144 - - [25/Nov/2022:01:52:53 +0100] "GET /specials.php HTTP/1.0" 200 125516 "-" "Mozilla/5.0 (Windows NT 10.0; WOW64; Trident/7.0; rv:11.0) like Gecko"
185.191.171.11 - - [25/Nov/2022:01:52:55 +0100] "GET /monaco-shoulder-black-pink-p-38324.html HTTP/1.0" 200 73378 "-" "Mozilla/5.0 (compatible; SemrushBot/7~bl; +http://www.semrush.com/bot.html)"
185.191.171.10 - - [25/Nov/2022:01:52:59 +0100] "GET /tweety-coat-rack-p-6987.html HTTP/1.0" 200 76001 "-" "Mozilla/5.0 (compatible; SemrushBot/7~bl; +http://www.semrush.com/bot.html)"
185.191.171.23 - - [25/Nov/2022:01:53:02 +0100] "GET /statuette-white-elephant-patinated-gold-p-54269.html HTTP/1.0" 200 73418 "-" "Mozilla/5.0 (compatible; SemrushBot/7~bl; +http://www.semrush.com/bot.html)"
66.249.68.30 - - [25/Nov/2022:01:53:06 +0100] "GET /mareva-coated-tablecloth-grey-orange-p-44310.html HTTP/1.0" 200 76060 "-" "Mozilla/5.0 (Linux; Android 6.0.1; Nexus 5X Build/MMB29P) AppleWebKit/537.36 (KHTML, like Gecko) Chrome/107.0.5304.110 Mobile Safari/537.36 (compatible; Googlebot/2.1; +http://www.google.com/bot.html)"
185.191.171.38 - - [25/Nov/2022:01:53:49 +0100] "GET /adult-cotton-apron-stone-collection-p-40207.html HTTP/1.0" 200 75973 "-" "Mozilla/5.0 (compatible; SemrushBot/7~bl; +http://www.semrush.com/bot.html)"
40.77.167.27 - - [25/Nov/2022:01:53:55 +0100] "GET /images/big_prod/1399984289341.jpg HTTP/1.0" 200 268 "-" "Mozilla/5.0 (compatible; bingbot/2.0; +http://www.bing.com/bingbot.htm)"
185.191.171.26 - - [25/Nov/2022:01:53:57 +0100] "GET /stone-black-moonstone-grams-p-46624.html HTTP/1.0" 200 73372 "-" "Mozilla/5.0 (compatible; SemrushBot/7~bl; +http://www.semrush.com/bot.html)"
51.68.224.127 - - [25/Nov/2022:01:54:13 +0100] "GET /adminweb/export_orders_xml.php?token=256de2z6edz6ed2z6DFSFsed2zed6zeDSFDSGdzedezfzf&maxorders=10&orderstart=1&status=14&start_date=2018-10-01 HTTP/1.0" 200 285 "-" "GesCom CharlotteBoutik Serveur"
51.68.224.127 - - [25/Nov/2022:01:54:13 +0100] "GET /adminweb/export_orders_xml.php?token=256de2z6edz6ed2z6DFSFsed2zed6zeDSFDSGdzedezfzf&maxorders=10&orderstart=1&status=6&start_date=2018-10-01 HTTP/1.0" 200 34006 "-" "GesCom CharlotteBoutik Serveur"
185.191.171.7 - - [25/Nov/2022:01:54:15 +0100] "GET /cozy-rectangular-corduroy-basket-p-59643.html HTTP/1.0" 200 77092 "-" "Mozilla/5.0 (compatible; SemrushBot/7~bl; +http://www.semrush.com/bot.html)"
66.249.68.25 - - [25/Nov/2022:01:54:40 +0100] "GET /teal-blue-adult-japenese-apron-p-45910.html HTTP/1.0" 200 76548 "-" "Mozilla/5.0 (Linux; Android 6.0.1; Nexus 5X Build/MMB29P) AppleWebKit/537.36 (KHTML, like Gecko) Chrome/107.0.5304.115 Mobile Safari/537.36 (compatible; Googlebot/2.1; +http://www.google.com/bot.html)"
42.194.204.180 - - [25/Nov/2022:01:54:42 +0100] "GET /images/mini_prod/c8427787034837.jpg HTTP/1.0" 200 270 "-" "Mozilla/5.0 (X11; Ubuntu; Linux x86_64; rv:72.0) Gecko/20100101 Firefox/72.0"
185.191.171.16 - - [25/Nov/2022:01:54:45 +0100] "GET /cuba-mouse-cbkreation-p-29813.html HTTP/1.0" 200 75930 "-" "Mozilla/5.0 (compatible; SemrushBot/7~bl; +http://www.semrush.com/bot.html)"
66.249.68.25 - - [25/Nov/2022:01:55:14 +0100] "GET /images/big_prod_1/8424001535071B.jpg HTTP/1.0" 200 271 "-" "Googlebot-Image/1.0"
66.249.68.25 - - [25/Nov/2022:01:55:18 +0100] "GET /images/big_prod_1/1384010189979C.jpg HTTP/1.0" 200 271 "-" "Googlebot-Image/1.0"
185.191.171.19 - - [25/Nov/2022:01:55:30 +0100] "GET /industrial-chandelier-patinated-copper-metal-p-38628.html HTTP/1.0" 200 76178 "-" "Mozilla/5.0 (compatible; SemrushBot/7~bl; +http://www.semrush.com/bot.html)"
66.249.68.25 - - [25/Nov/2022:01:55:35 +0100] "GET /images/mini_prod/8435650609174.jpg HTTP/1.0" 200 269 "-" "Googlebot-Image/1.0"
185.191.171.24 - - [25/Nov/2022:01:55:40 +0100] "GET /london-companion-wallet-p-33062.html HTTP/1.0" 200 76076 "-" "Mozilla/5.0 (compatible; SemrushBot/7~bl; +http://www.semrush.com/bot.html)"
66.249.68.25 - - [25/Nov/2022:01:55:44 +0100] "GET /cachepot-arty-white-ceramic-p-58378.html HTTP/1.0" 200 76771 "-" "Mozilla/5.0 (Linux; Android 6.0.1; Nexus 5X Build/MMB29P) AppleWebKit/537.36 (KHTML, like Gecko) Chrome/107.0.5304.110 Mobile Safari/537.36 (compatible; Googlebot/2.1; +http://www.google.com/bot.html)"
185.191.171.23 - - [25/Nov/2022:01:55:48 +0100] "GET /german-vintage-flag-p-38268.html HTTP/1.0" 200 75895 "-" "Mozilla/5.0 (compatible; SemrushBot/7~bl; +http://www.semrush.com/bot.html)"
185.191.171.5 - - [25/Nov/2022:01:55:53 +0100] "GET /mani-lucky-figurine-p-49895.html HTTP/1.0" 200 73358 "-" "Mozilla/5.0 (compatible; SemrushBot/7~bl; +http://www.semrush.com/bot.html)"
185.191.171.6 - - [25/Nov/2022:01:56:17 +0100] "GET /paper-fiber-chandelier-p-57544.html HTTP/1.0" 200 77220 "-" "Mozilla/5.0 (compatible; SemrushBot/7~bl; +http://www.semrush.com/bot.html)"
185.191.171.14 - - [25/Nov/2022:01:56:34 +0100] "GET /bowls-jack-p-31523.html HTTP/1.0" 200 75786 "-" "Mozilla/5.0 (compatible; SemrushBot/7~bl; +http://www.semrush.com/bot.html)"
185.191.171.12 - - [25/Nov/2022:01:56:37 +0100] "GET /nici-bison-keyring-p-6881.html HTTP/1.0" 200 73343 "-" "Mozilla/5.0 (compatible; SemrushBot/7~bl; +http://www.semrush.com/bot.html)"
185.191.171.24 - - [25/Nov/2022:01:56:40 +0100] "GET /dishes-c-13_12.html?page=42 HTTP/1.0" 200 94443 "-" "Mozilla/5.0 (compatible; SemrushBot/7~bl; +http://www.semrush.com/bot.html)"
185.191.171.2 - - [25/Nov/2022:01:56:46 +0100] "GET /star-mandala-pattern-coasters-p-47455.html HTTP/1.0" 200 76609 "-" "Mozilla/5.0 (compatible; SemrushBot/7~bl; +http://www.semrush.com/bot.html)"
185.191.171.43 - - [25/Nov/2022:01:56:54 +0100] "GET /-p-51699.html HTTP/1.0" 200 73264 "-" "Mozilla/5.0 (compatible; SemrushBot/7~bl; +http://www.semrush.com/bot.html)"
185.191.171.23 - - [25/Nov/2022:01:57:09 +0100] "GET /statue-decorating-catistic-stretching-p-37144.html HTTP/1.0" 200 73410 "-" "Mozilla/5.0 (compatible; SemrushBot/7~bl; +http://www.semrush.com/bot.html)"
66.249.68.25 - - [25/Nov/2022:01:58:07 +0100] "GET /wicker-picnic-basket-with-dishes-p-42062.html HTTP/1.0" 200 73394 "-" "Mozilla/5.0 (compatible; Googlebot/2.1; +http://www.google.com/bot.html)"
185.191.171.19 - - [25/Nov/2022:01:58:18 +0100] "GET /statue-empty-pocket-monkey-resin-p-54856.html HTTP/1.0" 200 73388 "-" "Mozilla/5.0 (compatible; SemrushBot/7~bl; +http://www.semrush.com/bot.html)"
185.191.171.3 - - [25/Nov/2022:01:58:36 +0100] "GET /gund-unicorn-plush-p-44580.html HTTP/1.0" 200 75998 "-" "Mozilla/5.0 (compatible; SemrushBot/7~bl; +http://www.semrush.com/bot.html)"
185.191.171.3 - - [25/Nov/2022:01:59:01 +0100] "GET /sonny-angel-figure-marine-series-p-50985.html HTTP/1.0" 200 76895 "-" "Mozilla/5.0 (compatible; SemrushBot/7~bl; +http://www.semrush.com/bot.html)"
147.92.153.15 - - [25/Nov/2022:01:59:06 +0100] "GET /images/big_prod/8424345302285.jpg HTTP/1.0" 200 268 "-" "Mozilla/5.0 (compatible; Linespider/1.1; +https://lin.ee/4dwXkTH)"
185.191.171.26 - - [25/Nov/2022:01:59:05 +0100] "GET /cotton-towel-retro-style-p-43991.html HTTP/1.0" 200 73354 "-" "Mozilla/5.0 (compatible; SemrushBot/7~bl; +http://www.semrush.com/bot.html)"
17.121.115.143 - - [25/Nov/2022:01:59:08 +0100] "GET /images/big_prod/3700281647778.jpg HTTP/1.0" 200 268 "-" "Mozilla/5.0 (Macintosh; Intel Mac OS X 10_15_5) AppleWebKit/605.1.15 (KHTML, like Gecko) Version/13.1.1 Safari/605.1.15 (Applebot/0.1; +http://www.apple.com/go/applebot)"
185.191.171.18 - - [25/Nov/2022:01:59:30 +0100] "GET /kimmidoll-doll-p-47592.html HTTP/1.0" 200 73343 "-" "Mozilla/5.0 (compatible; SemrushBot/7~bl; +http://www.semrush.com/bot.html)"
185.191.171.42 - - [25/Nov/2022:02:00:53 +0100] "GET /nightmare-before-christmas-decorative-goblet-p-53272.html HTTP/1.0" 200 77707 "-" "Mozilla/5.0 (compatible; SemrushBot/7~bl; +http://www.semrush.com/bot.html)"
185.191.171.35 - - [25/Nov/2022:02:01:11 +0100] "GET /aluminum-bottle-little-prince-printed-france-p-56356.html HTTP/1.0" 200 76812 "-" "Mozilla/5.0 (compatible; SemrushBot/7~bl; +http://www.semrush.com/bot.html)"
185.191.171.18 - - [25/Nov/2022:02:01:49 +0100] "GET /small-metal-plate-collection-vespa-beach-p-35028.html HTTP/1.0" 200 73414 "-" "Mozilla/5.0 (compatible; SemrushBot/7~bl; +http://www.semrush.com/bot.html)"
185.191.171.18 - - [25/Nov/2022:02:02:24 +0100] "GET /klimt-adult-apron-p-51191.html HTTP/1.0" 200 75834 "-" "Mozilla/5.0 (compatible; SemrushBot/7~bl; +http://www.semrush.com/bot.html)"
185.191.171.8 - - [25/Nov/2022:02:02:31 +0100] "GET /exotic-wood-tray-hand-fatima-p-50141.html HTTP/1.0" 200 76771 "-" "Mozilla/5.0 (compatible; SemrushBot/7~bl; +http://www.semrush.com/bot.html)"
185.191.171.10 - - [25/Nov/2022:02:02:34 +0100] "GET /yellow-submarine-clock-p-29298.html HTTP/1.0" 200 73342 "-" "Mozilla/5.0 (compatible; SemrushBot/7~bl; +http://www.semrush.com/bot.html)"
185.191.171.8 - - [25/Nov/2022:02:02:37 +0100] "GET /rose-aromatika-incense-sticks-p-59285.html HTTP/1.0" 200 76604 "-" "Mozilla/5.0 (compatible; SemrushBot/7~bl; +http://www.semrush.com/bot.html)"
40.77.167.27 - - [25/Nov/2022:02:02:45 +0100] "GET /images/mini_prod/teeshirtblancpoupeerussesmulticolor.jpg HTTP/1.0" 200 291 "-" "Mozilla/5.0 (compatible; bingbot/2.0; +http://www.bing.com/bingbot.htm)"
66.249.68.30 - - [25/Nov/2022:02:03:04 +0100] "GET /images/mini_prod/4029811450060.jpg HTTP/1.0" 200 269 "-" "Googlebot-Image/1.0"
185.191.171.12 - - [25/Nov/2022:02:03:14 +0100] "GET /candle-hours-strawberry-cream-p-38109.html HTTP/1.0" 200 73439 "-" "Mozilla/5.0 (compatible; SemrushBot/7~bl; +http://www.semrush.com/bot.html)"
66.249.68.25 - - [25/Nov/2022:02:03:23 +0100] "GET /wicker-picnic-basket-with-dishes-p-42062.html HTTP/1.0" 200 73394 "-" "Mozilla/5.0 (Linux; Android 6.0.1; Nexus 5X Build/MMB29P) AppleWebKit/537.36 (KHTML, like Gecko) Chrome/107.0.5304.110 Mobile Safari/537.36 (compatible; Googlebot/2.1; +http://www.google.com/bot.html)"
180.76.26.197 - - [25/Nov/2022:02:04:01 +0100] "GET /images/mini_prod/5018997622100.jpg HTTP/1.0" 200 269 "-" "bce-sdk-python/0.8.73/3.6.8 (default, Nov 16 2020, 16:55:22) [GCC 4.8.5 20150623 (Red Hat 4.8.5-44)]/linux"
185.191.171.34 - - [25/Nov/2022:02:04:04 +0100] "GET /ethnic-style-burlap-table-p-48444.html HTTP/1.0" 200 76490 "-" "Mozilla/5.0 (compatible; SemrushBot/7~bl; +http://www.semrush.com/bot.html)"
185.191.171.26 - - [25/Nov/2022:02:04:11 +0100] "GET /princess-aurora-couture-force-figurine-p-54005.html HTTP/1.0" 200 77471 "-" "Mozilla/5.0 (compatible; SemrushBot/7~bl; +http://www.semrush.com/bot.html)"
66.249.68.25 - - [25/Nov/2022:02:04:39 +0100] "GET /gorjuss-dear-alice-maxi-portfolio-p-26467.html HTTP/1.0" 200 76155 "-" "Mozilla/5.0 (compatible; Googlebot/2.1; +http://www.google.com/bot.html)"
185.191.171.43 - - [25/Nov/2022:02:04:42 +0100] "GET /collectible-harry-potter-mart-figure-p-55929.html HTTP/1.0" 200 77175 "-" "Mozilla/5.0 (compatible; SemrushBot/7~bl; +http://www.semrush.com/bot.html)"
216.244.66.242 - - [25/Nov/2022:02:04:58 +0100] "GET /robots.txt HTTP/1.0" 200 245 "-" "Mozilla/5.0 (compatible; DotBot/1.2; +https://opensiteexplorer.org/dotbot; help@moz.com)"
185.191.171.1 - - [25/Nov/2022:02:05:39 +0100] "GET /letter-wall-decor-sticker-gray-p-57776.html HTTP/1.0" 200 76774 "-" "Mozilla/5.0 (compatible; SemrushBot/7~bl; +http://www.semrush.com/bot.html)"
185.191.171.44 - - [25/Nov/2022:02:05:55 +0100] "GET /macaroons-mouse-cbkreation-p-13989.html HTTP/1.0" 200 75892 "-" "Mozilla/5.0 (compatible; SemrushBot/7~bl; +http://www.semrush.com/bot.html)"
185.191.171.23 - - [25/Nov/2022:02:06:12 +0100] "GET /candle-hours-grey-p-42093.html HTTP/1.0" 200 76024 "-" "Mozilla/5.0 (compatible; SemrushBot/7~bl; +http://www.semrush.com/bot.html)"
185.191.171.39 - - [25/Nov/2022:02:06:18 +0100] "GET /bowl-laughing-white-porcelain-1000-made-germany-p-47552.html HTTP/1.0" 200 78243 "-" "Mozilla/5.0 (compatible; SemrushBot/7~bl; +http://www.semrush.com/bot.html)"
185.191.171.37 - - [25/Nov/2022:02:06:30 +0100] "GET /bilbao-coated-tablecloth-p-51231.html HTTP/1.0" 200 76613 "-" "Mozilla/5.0 (compatible; SemrushBot/7~bl; +http://www.semrush.com/bot.html)"
185.191.171.36 - - [25/Nov/2022:02:06:39 +0100] "GET /wooden-desk-organizer-p-56394.html HTTP/1.0" 200 77048 "-" "Mozilla/5.0 (compatible; SemrushBot/7~bl; +http://www.semrush.com/bot.html)"
185.191.171.7 - - [25/Nov/2022:02:06:48 +0100] "GET /novena-candle-lady-lourdes-p-59384.html HTTP/1.0" 200 76722 "-" "Mozilla/5.0 (compatible; SemrushBot/7~bl; +http://www.semrush.com/bot.html)"
157.55.39.183 - - [25/Nov/2022:02:06:50 +0100] "GET /images/mini_prod/8422077100032.jpg HTTP/1.0" 200 269 "-" "Mozilla/5.0 AppleWebKit/537.36 (KHTML, like Gecko; compatible; bingbot/2.0; +http://www.bing.com/bingbot.htm) Chrome/103.0.5060.134 Safari/537.36"
185.191.171.8 - - [25/Nov/2022:02:06:55 +0100] "GET /mini-magnetic-plate-rtro-p-30543.html HTTP/1.0" 200 75941 "-" "Mozilla/5.0 (compatible; SemrushBot/7~bl; +http://www.semrush.com/bot.html)"
185.191.171.35 - - [25/Nov/2022:02:07:08 +0100] "GET /musk-fragrance-diffuser-made-provence-p-57058.html HTTP/1.0" 200 77249 "-" "Mozilla/5.0 (compatible; SemrushBot/7~bl; +http://www.semrush.com/bot.html)"
185.191.171.12 - - [25/Nov/2022:02:07:18 +0100] "GET /-p-45216.html HTTP/1.0" 200 73264 "-" "Mozilla/5.0 (compatible; SemrushBot/7~bl; +http://www.semrush.com/bot.html)"
185.191.171.21 - - [25/Nov/2022:02:07:36 +0100] "GET /boat-bell-fixed-wall-p-56648.html HTTP/1.0" 200 76606 "-" "Mozilla/5.0 (compatible; SemrushBot/7~bl; +http://www.semrush.com/bot.html)"
185.191.171.44 - - [25/Nov/2022:02:07:39 +0100] "GET /orchid-rectangular-tablecloth-p-57935.html HTTP/1.0" 200 76819 "-" "Mozilla/5.0 (compatible; SemrushBot/7~bl; +http://www.semrush.com/bot.html)"
185.191.171.1 - - [25/Nov/2022:02:08:26 +0100] "GET /little-kitchen-saltshaker-pepper-p-41632.html HTTP/1.0" 200 76040 "-" "Mozilla/5.0 (compatible; SemrushBot/7~bl; +http://www.semrush.com/bot.html)"
185.191.171.23 - - [25/Nov/2022:02:09:26 +0100] "GET /ocher-sandstone-lamp-p-58975.html HTTP/1.0" 200 76654 "-" "Mozilla/5.0 (compatible; SemrushBot/7~bl; +http://www.semrush.com/bot.html)"
185.191.171.33 - - [25/Nov/2022:02:09:36 +0100] "GET /paris-black-shoulder-p-32256.html HTTP/1.0" 200 76222 "-" "Mozilla/5.0 (compatible; SemrushBot/7~bl; +http://www.semrush.com/bot.html)"
207.46.13.181 - - [25/Nov/2022:02:09:51 +0100] "GET /images/4007176153376.jpg HTTP/1.0" 200 259 "-" "Mozilla/5.0 (compatible; bingbot/2.0; +http://www.bing.com/bingbot.htm)"
185.191.171.4 - - [25/Nov/2022:02:10:09 +0100] "GET /black-metal-wood-flexo-lamp-p-52981.html HTTP/1.0" 200 73370 "-" "Mozilla/5.0 (compatible; SemrushBot/7~bl; +http://www.semrush.com/bot.html)"
185.191.171.13 - - [25/Nov/2022:02:10:31 +0100] "GET /ohara-koson-silhouette-ceramic-vase-irises-p-55058.html HTTP/1.0" 200 76956 "-" "Mozilla/5.0 (compatible; SemrushBot/7~bl; +http://www.semrush.com/bot.html)"
51.68.224.127 - - [25/Nov/2022:02:10:33 +0100] "GET /adminweb/export_orders_xml.php?token=256de2z6edz6ed2z6DFSFsed2zed6zeDSFDSGdzedezfzf&maxorders=10&orderstart=1&status=14&start_date=2018-10-01 HTTP/1.0" 200 285 "-" "GesCom CharlotteBoutik Serveur"
51.68.224.127 - - [25/Nov/2022:02:10:33 +0100] "GET /adminweb/export_orders_xml.php?token=256de2z6edz6ed2z6DFSFsed2zed6zeDSFDSGdzedezfzf&maxorders=10&orderstart=1&status=6&start_date=2018-10-01 HTTP/1.0" 200 34006 "-" "GesCom CharlotteBoutik Serveur"
185.191.171.45 - - [25/Nov/2022:02:10:59 +0100] "GET /coconut-fibers-doormat-sweet-p-54568.html HTTP/1.0" 200 77081 "-" "Mozilla/5.0 (compatible; SemrushBot/7~bl; +http://www.semrush.com/bot.html)"
66.249.68.25 - - [25/Nov/2022:02:11:09 +0100] "GET /chat-noir-espresso-p-56688.html HTTP/1.0" 200 73344 "-" "Mozilla/5.0 (compatible; Googlebot/2.1; +http://www.google.com/bot.html)"
185.191.171.8 - - [25/Nov/2022:02:11:13 +0100] "GET /-p-29771.html HTTP/1.0" 200 73264 "-" "Mozilla/5.0 (compatible; SemrushBot/7~bl; +http://www.semrush.com/bot.html)"
185.191.171.42 - - [25/Nov/2022:02:11:31 +0100] "GET /thumbs-figurine-p-58166.html HTTP/1.0" 200 77579 "-" "Mozilla/5.0 (compatible; SemrushBot/7~bl; +http://www.semrush.com/bot.html)"
66.249.68.25 - - [25/Nov/2022:02:11:36 +0100] "GET /country-white-shirt-p-33798.html HTTP/1.0" 200 78380 "-" "Mozilla/5.0 (Linux; Android 6.0.1; Nexus 5X Build/MMB29P) AppleWebKit/537.36 (KHTML, like Gecko) Chrome/107.0.5304.110 Mobile Safari/537.36 (compatible; Googlebot/2.1; +http://www.google.com/bot.html)"
185.191.171.6 - - [25/Nov/2022:02:11:39 +0100] "GET /goodbye-kitty-alarm-clock-p-10848.html HTTP/1.0" 200 76068 "-" "Mozilla/5.0 (compatible; SemrushBot/7~bl; +http://www.semrush.com/bot.html)"
66.249.68.25 - - [25/Nov/2022:02:11:47 +0100] "GET /hello-kitty-towel-p-8927.html HTTP/1.0" 200 75986 "-" "Mozilla/5.0 (compatible; Googlebot/2.1; +http://www.google.com/bot.html)"
66.249.68.25 - - [25/Nov/2022:02:11:50 +0100] "GET /fancy-elastic-bracelet-buddha-p-43736.html HTTP/1.0" 200 75924 "-" "Mozilla/5.0 (Linux; Android 6.0.1; Nexus 5X Build/MMB29P) AppleWebKit/537.36 (KHTML, like Gecko) Chrome/107.0.5304.110 Mobile Safari/537.36 (compatible; Googlebot/2.1; +http://www.google.com/bot.html)"
66.249.68.25 - - [25/Nov/2022:02:12:04 +0100] "GET /images/mini_prod/3700281669565.jpg HTTP/1.0" 200 269 "-" "Googlebot-Image/1.0"
66.249.68.30 - - [25/Nov/2022:02:12:10 +0100] "GET /volkswagen-beetle-metal-plate-p-26430.html HTTP/1.0" 200 73392 "-" "Mozilla/5.0 (Linux; Android 6.0.1; Nexus 5X Build/MMB29P) AppleWebKit/537.36 (KHTML, like Gecko) Chrome/107.0.5304.110 Mobile Safari/537.36 (compatible; Googlebot/2.1; +http://www.google.com/bot.html)"
185.191.171.25 - - [25/Nov/2022:02:12:31 +0100] "GET /moroccan-ashtray-p-40814.html HTTP/1.0" 200 75871 "-" "Mozilla/5.0 (compatible; SemrushBot/7~bl; +http://www.semrush.com/bot.html)"
216.244.66.242 - - [25/Nov/2022:02:12:44 +0100] "GET /mustache-mouse-pad-cbkreation-p-20056.html HTTP/1.0" 301 75995 "-" "Mozilla/5.0 (compatible; DotBot/1.2; +https://opensiteexplorer.org/dotbot; help@moz.com)"
66.249.68.25 - - [25/Nov/2022:02:12:56 +0100] "GET /mareva-coated-tablecloth-grey-blue-p-44305.html HTTP/1.0" 200 76044 "-" "Mozilla/5.0 (Linux; Android 6.0.1; Nexus 5X Build/MMB29P) AppleWebKit/537.36 (KHTML, like Gecko) Chrome/107.0.5304.110 Mobile Safari/537.36 (compatible; Googlebot/2.1; +http://www.google.com/bot.html)"
185.191.171.23 - - [25/Nov/2022:02:13:09 +0100] "GET /justice-figurine-resin-p-55663.html HTTP/1.0" 200 73360 "-" "Mozilla/5.0 (compatible; SemrushBot/7~bl; +http://www.semrush.com/bot.html)"
216.244.66.242 - - [25/Nov/2022:02:13:12 +0100] "GET /travel-documents-set-cb-passport-and-boarding-pass-p-47347.html HTTP/1.0" 301 77039 "-" "Mozilla/5.0 (compatible; DotBot/1.2; +https://opensiteexplorer.org/dotbot; help@moz.com)"
66.249.68.1 - - [25/Nov/2022:02:13:12 +0100] "GET /paris-magnet-p-51207.html HTTP/1.0" 200 75811 "-" "Mozilla/5.0 (Linux; Android 6.0.1; Nexus 5X Build/MMB29P) AppleWebKit/537.36 (KHTML, like Gecko) Chrome/107.0.5304.110 Mobile Safari/537.36 (compatible; Googlebot/2.1; +http://www.google.com/bot.html)"
185.191.171.39 - - [25/Nov/2022:02:13:39 +0100] "GET /frozen-placemat-p-31703.html HTTP/1.0" 200 73314 "-" "Mozilla/5.0 (compatible; SemrushBot/7~bl; +http://www.semrush.com/bot.html)"
185.191.171.39 - - [25/Nov/2022:02:13:45 +0100] "GET /-p-45387.html HTTP/1.0" 200 73264 "-" "Mozilla/5.0 (compatible; SemrushBot/7~bl; +http://www.semrush.com/bot.html)"
185.191.171.16 - - [25/Nov/2022:02:14:07 +0100] "GET /-p-48204.html HTTP/1.0" 200 73264 "-" "Mozilla/5.0 (compatible; SemrushBot/7~bl; +http://www.semrush.com/bot.html)"
185.191.171.12 - - [25/Nov/2022:02:15:06 +0100] "GET /-p-42575.html HTTP/1.0" 200 73264 "-" "Mozilla/5.0 (compatible; SemrushBot/7~bl; +http://www.semrush.com/bot.html)"
185.191.171.5 - - [25/Nov/2022:02:15:13 +0100] "GET /cushion-cover-flamingos-p-55153.html HTTP/1.0" 200 76749 "-" "Mozilla/5.0 (compatible; SemrushBot/7~bl; +http://www.semrush.com/bot.html)"
54.36.148.161 - - [25/Nov/2022:02:15:17 +0100] "GET /flower-pot-p-52423.html HTTP/1.0" 301 73331 "-" "Mozilla/5.0 (compatible; AhrefsBot/7.0; +http://ahrefs.com/robot/)"
185.191.171.4 - - [25/Nov/2022:02:15:18 +0100] "GET /dishes-c-12.html?page=141 HTTP/1.0" 200 94189 "-" "Mozilla/5.0 (compatible; SemrushBot/7~bl; +http://www.semrush.com/bot.html)"
185.191.171.25 - - [25/Nov/2022:02:15:55 +0100] "GET /real-madrid-pencil-case-p-52115.html HTTP/1.0" 200 75967 "-" "Mozilla/5.0 (compatible; SemrushBot/7~bl; +http://www.semrush.com/bot.html)"
185.191.171.38 - - [25/Nov/2022:02:15:58 +0100] "GET /golden-decorative-sitting-bulldog-p-56074.html HTTP/1.0" 200 73386 "-" "Mozilla/5.0 (compatible; SemrushBot/7~bl; +http://www.semrush.com/bot.html)"
157.55.39.183 - - [25/Nov/2022:02:16:32 +0100] "GET /teo-jasmin-small-box-p-41169.html HTTP/1.0" 301 73331 "-" "Mozilla/5.0 (compatible; bingbot/2.0; +http://www.bing.com/bingbot.htm)"
185.191.171.14 - - [25/Nov/2022:02:17:56 +0100] "GET /mini-trays-c-12_159_260.html?page=8 HTTP/1.0" 200 96675 "-" "Mozilla/5.0 (compatible; SemrushBot/7~bl; +http://www.semrush.com/bot.html)"
216.244.66.242 - - [25/Nov/2022:02:18:23 +0100] "GET /bonheur-dans-dish-cake-p-38243.html HTTP/1.0" 200 75980 "-" "Mozilla/5.0 (compatible; DotBot/1.2; +https://opensiteexplorer.org/dotbot; help@moz.com)"
216.244.66.242 - - [25/Nov/2022:02:18:59 +0100] "GET /superman-satchel-p-30370.html HTTP/1.0" 200 76142 "-" "Mozilla/5.0 (compatible; DotBot/1.2; +https://opensiteexplorer.org/dotbot; help@moz.com)"
185.191.171.38 - - [25/Nov/2022:02:19:05 +0100] "GET /decorative-wall-panels-tous-chemins-mnent-rhum-p-59583.html HTTP/1.0" 200 76867 "-" "Mozilla/5.0 (compatible; SemrushBot/7~bl; +http://www.semrush.com/bot.html)"
66.249.68.1 - - [25/Nov/2022:02:19:14 +0100] "GET /small-white-corsican-money-p-54518.html HTTP/1.0" 200 76018 "-" "Mozilla/5.0 (compatible; Googlebot/2.1; +http://www.google.com/bot.html)"
