40.77.167.27 - - [24/Nov/2022:23:45:04 +0100] "GET /images/big_prod_3/8424346233397C.jpg HTTP/1.0" 200 271 "-" "Mozilla/5.0 (compatible; bingbot/2.0; +http://www.bing.com/bingbot.htm)"
185.191.171.17 - - [24/Nov/2022:23:45:00 +0100] "GET /specials.php?page=18 HTTP/1.0" 200 125631 "-" "Mozilla/5.0 (compatible; SemrushBot/7~bl; +http://www.semrush.com/bot.html)"
185.191.171.41 - - [24/Nov/2022:23:45:07 +0100] "GET /straw-basket-p-49371.html HTTP/1.0" 200 75880 "-" "Mozilla/5.0 (compatible; SemrushBot/7~bl; +http://www.semrush.com/bot.html)"
185.191.171.23 - - [24/Nov/2022:23:45:55 +0100] "GET /ceramic-planter-night-p-55308.html HTTP/1.0" 200 73334 "-" "Mozilla/5.0 (compatible; SemrushBot/7~bl; +http://www.semrush.com/bot.html)"
66.249.68.25 - - [24/Nov/2022:23:46:03 +0100] "GET /chair-cushion-scratchs-powder-gray-p-43505.html HTTP/1.0" 200 76700 "-" "Mozilla/5.0 (Linux; Android 6.0.1; Nexus 5X Build/MMB29P) AppleWebKit/537.36 (KHTML, like Gecko) Chrome/107.0.5304.110 Mobile Safari/537.36 (compatible; Googlebot/2.1; +http://www.google.com/bot.html)"
185.191.171.4 - - [24/Nov/2022:23:46:04 +0100] "GET /ethnic-leopard-decorative-statuette-p-55277.html HTTP/1.0" 200 76223 "-" "Mozilla/5.0 (compatible; SemrushBot/7~bl; +http://www.semrush.com/bot.html)"
157.55.39.183 - - [24/Nov/2022:23:46:39 +0100] "GET /images/mini_prod/3453131151290.jpg HTTP/1.0" 200 269 "-" "Mozilla/5.0 AppleWebKit/537.36 (KHTML, like Gecko; compatible; bingbot/2.0; +http://www.bing.com/bingbot.htm) Chrome/103.0.5060.134 Safari/537.36"
157.55.39.183 - - [24/Nov/2022:23:46:51 +0100] "GET /cccp-alarm-clock-by-cbkreation-p-25010.html HTTP/1.0" 301 76089 "-" "Mozilla/5.0 (compatible; bingbot/2.0; +http://www.bing.com/bingbot.htm)"
185.191.171.26 - - [24/Nov/2022:23:46:52 +0100] "GET /tassen-mood-made-germany-p-43323.html HTTP/1.0" 200 76086 "-" "Mozilla/5.0 (compatible; SemrushBot/7~bl; +http://www.semrush.com/bot.html)"
42.194.230.87 - - [24/Nov/2022:23:47:08 +0100] "GET /images/mini_prod/Image15.jpg HTTP/1.0" 200 263 "-" "Mozilla/5.0 (X11; Ubuntu; Linux x86_64; rv:72.0) Gecko/20100101 Firefox/72.0"
66.249.68.30 - - [24/Nov/2022:23:47:13 +0100] "GET /petit-prince-exupry-collection-p-47091.html HTTP/1.0" 200 73402 "-" "Mozilla/5.0 (Linux; Android 6.0.1; Nexus 5X Build/MMB29P) AppleWebKit/537.36 (KHTML, like Gecko) Chrome/107.0.5304.110 Mobile Safari/537.36 (compatible; Googlebot/2.1; +http://www.google.com/bot.html)"
216.244.66.242 - - [24/Nov/2022:23:47:25 +0100] "GET /robots.txt HTTP/1.0" 200 245 "-" "Mozilla/5.0 (compatible; DotBot/1.2; +https://opensiteexplorer.org/dotbot; help@moz.com)"
185.191.171.8 - - [24/Nov/2022:23:47:28 +0100] "GET /figurine-jack-skellington-sally-p-55972.html HTTP/1.0" 200 77641 "-" "Mozilla/5.0 (compatible; SemrushBot/7~bl; +http://www.semrush.com/bot.html)"
66.249.68.25 - - [24/Nov/2022:23:48:03 +0100] "GET /images/big_prod_3/4542202657683a.jpg HTTP/1.0" 200 271 "-" "Googlebot-Image/1.0"
66.249.68.25 - - [24/Nov/2022:23:48:04 +0100] "GET /images/big_prod/7601020000440.jpg HTTP/1.0" 200 268 "-" "Googlebot-Image/1.0"
185.191.171.36 - - [24/Nov/2022:23:48:31 +0100] "GET /boys-c-2.html?page=2 HTTP/1.0" 200 88150 "-" "Mozilla/5.0 (compatible; SemrushBot/7~bl; +http://www.semrush.com/bot.html)"
185.191.171.19 - - [24/Nov/2022:23:48:45 +0100] "GET /place-jewels-poisson-p-53936.html HTTP/1.0" 200 75924 "-" "Mozilla/5.0 (compatible; SemrushBot/7~bl; +http://www.semrush.com/bot.html)"
185.191.171.39 - - [24/Nov/2022:23:48:53 +0100] "GET /liechtenstein-clock-cbkreation-p-36928.html HTTP/1.0" 200 75959 "-" "Mozilla/5.0 (compatible; SemrushBot/7~bl; +http://www.semrush.com/bot.html)"
43.130.59.85 - - [24/Nov/2022:23:49:07 +0100] "GET /images/mini_prod/3700653507501.jpg HTTP/1.0" 200 269 "-" "Mozilla/5.0 (X11; Ubuntu; Linux x86_64; rv:72.0) Gecko/20100101 Firefox/72.0"
185.191.171.4 - - [24/Nov/2022:23:49:06 +0100] "GET /keychain-jewel-tree-life-parma-p-40750.html HTTP/1.0" 200 76247 "-" "Mozilla/5.0 (compatible; SemrushBot/7~bl; +http://www.semrush.com/bot.html)"
185.191.171.8 - - [24/Nov/2022:23:49:20 +0100] "GET /kitchen-towel-holder-hooks-p-47373.html HTTP/1.0" 200 76527 "-" "Mozilla/5.0 (compatible; SemrushBot/7~bl; +http://www.semrush.com/bot.html)"
106.53.124.110 - - [24/Nov/2022:23:49:23 +0100] "GET /images/mini_prod/5036278061592.jpg HTTP/1.0" 200 269 "-" "Mozilla/5.0 (X11; Ubuntu; Linux x86_64; rv:72.0) Gecko/20100101 Firefox/72.0"
185.191.171.5 - - [24/Nov/2022:23:49:37 +0100] "GET /ethnic-carpet-p-56014.html HTTP/1.0" 200 76953 "-" "Mozilla/5.0 (compatible; SemrushBot/7~bl; +http://www.semrush.com/bot.html)"
185.191.171.35 - - [24/Nov/2022:23:49:40 +0100] "GET /buffalo-skull-storage-stool-white-p-41863.html HTTP/1.0" 200 73444 "-" "Mozilla/5.0 (compatible; SemrushBot/7~bl; +http://www.semrush.com/bot.html)"
185.191.171.41 - - [24/Nov/2022:23:49:56 +0100] "GET /street-fighter-poster-p-26023.html HTTP/1.0" 200 75951 "-" "Mozilla/5.0 (compatible; SemrushBot/7~bl; +http://www.semrush.com/bot.html)"
185.191.171.23 - - [24/Nov/2022:23:50:02 +0100] "GET /flag-wooden-frame-p-32608.html HTTP/1.0" 200 75946 "-" "Mozilla/5.0 (compatible; SemrushBot/7~bl; +http://www.semrush.com/bot.html)"
106.52.131.116 - - [24/Nov/2022:23:50:35 +0100] "GET /images/mini_prod/3438100336533.jpg HTTP/1.0" 200 269 "-" "Mozilla/5.0 (X11; Ubuntu; Linux x86_64; rv:72.0) Gecko/20100101 Firefox/72.0"
14.50.90.11 - - [24/Nov/2022:23:51:03 +0100] "GET /contact_us.php HTTP/1.0" 200 26241 "http://www.wonder-geek.com/contact_us.php" "Mozilla/5.0 (Windows NT 10.0; Win64; x64) AppleWebKit/537.36 (KHTML, like Gecko) Chrome/90.0.4430.72 Safari/537.36"
14.50.90.11 - - [24/Nov/2022:23:51:06 +0100] "POST /contact_us.php?action=send HTTP/1.0" 200 26474 "http://www.wonder-geek.com/contact_us.php" "Mozilla/5.0 (Windows NT 10.0; Win64; x64) AppleWebKit/537.36 (KHTML, like Gecko) Chrome/90.0.4430.72 Safari/537.36"
185.191.171.21 - - [24/Nov/2022:23:51:11 +0100] "GET /daisy-duck-figure-p-2857.html HTTP/1.0" 200 75684 "-" "Mozilla/5.0 (compatible; SemrushBot/7~bl; +http://www.semrush.com/bot.html)"
114.119.151.60 - - [24/Nov/2022:23:51:51 +0100] "GET /the-seven-dwarfs-set-of-hair-clips-p-19417.html HTTP/1.0" 301 78637 "http://www.wonder-geek.com/accessories-c-3.html?page=7" "Mozilla/5.0 (Linux; Android 7.0;) AppleWebKit/537.36 (KHTML, like Gecko) Mobile Safari/537.36 (compatible; PetalBot;+https://webmaster.petalsearch.com/site/petalbot)"
114.119.151.60 - - [24/Nov/2022:23:51:52 +0100] "GET /seven-dwarfs-hair-clips-p-19417.html HTTP/1.0" 200 78547 "http://www.wonder-geek.com/accessories-c-3.html?page=7" "Mozilla/5.0 (Linux; Android 7.0;) AppleWebKit/537.36 (KHTML, like Gecko) Mobile Safari/537.36 (compatible; PetalBot;+https://webmaster.petalsearch.com/site/petalbot)"
185.191.171.12 - - [24/Nov/2022:23:52:16 +0100] "GET /kiub-jungle-paperweight-toucan-p-55885.html HTTP/1.0" 200 76586 "-" "Mozilla/5.0 (compatible; SemrushBot/7~bl; +http://www.semrush.com/bot.html)"
185.191.171.43 - - [24/Nov/2022:23:52:28 +0100] "GET /home-decoration-c-13.html?page=159 HTTP/1.0" 200 95769 "-" "Mozilla/5.0 (compatible; SemrushBot/7~bl; +http://www.semrush.com/bot.html)"
185.191.171.5 - - [24/Nov/2022:23:52:32 +0100] "GET /dishes-c-12.html?page=4 HTTP/1.0" 200 93911 "-" "Mozilla/5.0 (compatible; SemrushBot/7~bl; +http://www.semrush.com/bot.html)"
185.191.171.7 - - [24/Nov/2022:23:52:56 +0100] "GET /isothermic-stainless-steel-bottle-p-53168.html HTTP/1.0" 200 76009 "-" "Mozilla/5.0 (compatible; SemrushBot/7~bl; +http://www.semrush.com/bot.html)"
185.191.171.25 - - [24/Nov/2022:23:53:02 +0100] "GET /stop-waves-metal-plate-deco-p-36132.html HTTP/1.0" 200 73390 "-" "Mozilla/5.0 (compatible; SemrushBot/7~bl; +http://www.semrush.com/bot.html)"
185.191.171.19 - - [24/Nov/2022:23:53:10 +0100] "GET /flower-aged-ceramic-beige-p-57655.html HTTP/1.0" 200 76581 "-" "Mozilla/5.0 (compatible; SemrushBot/7~bl; +http://www.semrush.com/bot.html)"
185.191.171.8 - - [24/Nov/2022:23:53:14 +0100] "GET /green-table-bell-p-56828.html HTTP/1.0" 200 73306 "-" "Mozilla/5.0 (compatible; SemrushBot/7~bl; +http://www.semrush.com/bot.html)"
114.119.151.60 - - [24/Nov/2022:23:53:18 +0100] "GET /large-jasmin-marley-p-41279.html HTTP/1.0" 200 76124 "http://www.wonder-geek.com/bagshandbags-shoulder-bags-c-31_81.html?page=10" "Mozilla/5.0 (Linux; Android 7.0;) AppleWebKit/537.36 (KHTML, like Gecko) Mobile Safari/537.36 (compatible; PetalBot;+https://webmaster.petalsearch.com/site/petalbot)"
185.191.171.25 - - [24/Nov/2022:23:53:20 +0100] "GET /skating-bear-teapot-p-45615.html HTTP/1.0" 200 75833 "-" "Mozilla/5.0 (compatible; SemrushBot/7~bl; +http://www.semrush.com/bot.html)"
39.105.194.102 - - [24/Nov/2022:23:53:33 +0100] "GET /images/mini_prod/3503420051630.jpg HTTP/1.0" 200 269 "-" "Mozilla/5.0 (Macintosh; Intel Mac OS X 10_15_7) AppleWebKit/537.36 (KHTML, like Gecko) Chrome/105.0.0.0 Safari/537.36"
185.191.171.18 - - [24/Nov/2022:23:53:38 +0100] "GET /johnny-hallyday-clock-p-7244.html HTTP/1.0" 200 73336 "-" "Mozilla/5.0 (compatible; SemrushBot/7~bl; +http://www.semrush.com/bot.html)"
185.191.171.15 - - [24/Nov/2022:23:53:45 +0100] "GET /protects-plastic-mattress-p-44346.html HTTP/1.0" 200 76044 "-" "Mozilla/5.0 (compatible; SemrushBot/7~bl; +http://www.semrush.com/bot.html)"
185.191.171.44 - - [24/Nov/2022:23:54:16 +0100] "GET /furniture-knob-sold-individually-p-55976.html HTTP/1.0" 200 76678 "-" "Mozilla/5.0 (compatible; SemrushBot/7~bl; +http://www.semrush.com/bot.html)"
185.191.171.23 - - [24/Nov/2022:23:54:20 +0100] "GET /figurines-statuettes-statues-decoration-collection-c-292.html?page=24 HTTP/1.0" 200 97834 "-" "Mozilla/5.0 (compatible; SemrushBot/7~bl; +http://www.semrush.com/bot.html)"
216.244.66.242 - - [24/Nov/2022:23:54:28 +0100] "GET /toiletry-bag-p-45067.html HTTP/1.0" 301 75995 "-" "Mozilla/5.0 (compatible; DotBot/1.2; +https://opensiteexplorer.org/dotbot; help@moz.com)"
114.119.128.44 - - [24/Nov/2022:23:54:39 +0100] "GET /resin-skull-ashtray-p-53003.html HTTP/1.0" 200 73330 "http://www.wonder-geek.com/home-and-decoration-c-13.html?page=42" "Mozilla/5.0 (Linux; Android 7.0;) AppleWebKit/537.36 (KHTML, like Gecko) Mobile Safari/537.36 (compatible; PetalBot;+https://webmaster.petalsearch.com/site/petalbot)"
216.244.66.242 - - [24/Nov/2022:23:54:44 +0100] "GET /paris-saint-germain-workbook-p-52056.html HTTP/1.0" 200 73366 "-" "Mozilla/5.0 (compatible; DotBot/1.2; +https://opensiteexplorer.org/dotbot; help@moz.com)"
157.55.39.183 - - [24/Nov/2022:23:54:58 +0100] "GET /images/big_prod/8433978414319.jpg HTTP/1.0" 200 268 "-" "Mozilla/5.0 (compatible; bingbot/2.0; +http://www.bing.com/bingbot.htm)"
216.244.66.242 - - [24/Nov/2022:23:55:07 +0100] "GET /coconut-fibers-doormat-home-sweet-home-60-cm-p-52140.html HTTP/1.0" 301 77281 "-" "Mozilla/5.0 (compatible; DotBot/1.2; +https://opensiteexplorer.org/dotbot; help@moz.com)"
185.191.171.6 - - [24/Nov/2022:23:55:16 +0100] "GET /dishes-c-12.html?page=107 HTTP/1.0" 200 95195 "-" "Mozilla/5.0 (compatible; SemrushBot/7~bl; +http://www.semrush.com/bot.html)"
207.46.13.186 - - [24/Nov/2022:23:56:03 +0100] "GET /images/mini_prod/a4542202656297.jpg HTTP/1.0" 200 270 "-" "Mozilla/5.0 AppleWebKit/537.36 (KHTML, like Gecko; compatible; bingbot/2.0; +http://www.bing.com/bingbot.htm) Chrome/103.0.5060.134 Safari/537.36"
114.119.128.44 - - [24/Nov/2022:23:56:05 +0100] "GET /cats-and-flowers-set-cups-espresso-p-45597.html HTTP/1.0" 301 73331 "http://www.wonder-geek.com/set-and-breakfast-set-c-12_61.html?page=4" "Mozilla/5.0 (Linux; Android 7.0;) AppleWebKit/537.36 (KHTML, like Gecko) Mobile Safari/537.36 (compatible; PetalBot;+https://webmaster.petalsearch.com/site/petalbot)"
114.119.128.44 - - [24/Nov/2022:23:56:07 +0100] "GET /-p-45597.html HTTP/1.0" 200 73264 "http://www.wonder-geek.com/set-and-breakfast-set-c-12_61.html?page=4" "Mozilla/5.0 (Linux; Android 7.0;) AppleWebKit/537.36 (KHTML, like Gecko) Mobile Safari/537.36 (compatible; PetalBot;+https://webmaster.petalsearch.com/site/petalbot)"
185.191.171.12 - - [24/Nov/2022:23:56:25 +0100] "GET /decorative-metal-plate-halte-p-51449.html HTTP/1.0" 200 73354 "-" "Mozilla/5.0 (compatible; SemrushBot/7~bl; +http://www.semrush.com/bot.html)"
185.191.171.22 - - [24/Nov/2022:23:56:34 +0100] "GET /butter-dish-c-12_222.html HTTP/1.0" 200 87554 "-" "Mozilla/5.0 (compatible; SemrushBot/7~bl; +http://www.semrush.com/bot.html)"
185.191.171.33 - - [24/Nov/2022:23:56:38 +0100] "GET /-p-6384.html HTTP/1.0" 200 73262 "-" "Mozilla/5.0 (compatible; SemrushBot/7~bl; +http://www.semrush.com/bot.html)"
185.191.171.11 - - [24/Nov/2022:23:56:42 +0100] "GET /-p-40886.html HTTP/1.0" 200 73264 "-" "Mozilla/5.0 (compatible; SemrushBot/7~bl; +http://www.semrush.com/bot.html)"
185.191.171.15 - - [24/Nov/2022:23:56:46 +0100] "GET /framework-kitten-canvas-p-31839.html HTTP/1.0" 200 75954 "-" "Mozilla/5.0 (compatible; SemrushBot/7~bl; +http://www.semrush.com/bot.html)"
124.222.15.252 - - [24/Nov/2022:23:56:47 +0100] "GET /contact_us.php HTTP/1.0" 200 26241 "http://www.wonder-geek.com/contact_us.php" "Mozilla/5.0 (Windows NT 10.0; WOW64) AppleWebKit/537.36 (KHTML, like Gecko) Chrome/90.0.4400.8 Safari/537.36"
124.222.15.252 - - [24/Nov/2022:23:56:50 +0100] "POST /contact_us.php?action=send HTTP/1.0" 200 26470 "http://www.wonder-geek.com/contact_us.php" "Mozilla/5.0 (Windows NT 10.0; WOW64) AppleWebKit/537.36 (KHTML, like Gecko) Chrome/90.0.4400.8 Safari/537.36"
91.175.87.223 - - [24/Nov/2022:23:57:00 +0100] "GET /highslide/highslide.js HTTP/1.0" 200 262 "http://www.wonder-geek.com/hello-kitty-umbrella-p-20485.html" "Mozilla/5.0 (X11; Ubuntu; Linux x86_64; rv:96.0) Gecko/20100101 Firefox/96.0"
91.175.87.223 - - [24/Nov/2022:23:57:00 +0100] "GET /templates/Pixame_v1/stylesheet.css HTTP/1.0" 200 267 "http://www.wonder-geek.com/hello-kitty-umbrella-p-20485.html" "Mozilla/5.0 (X11; Ubuntu; Linux x86_64; rv:96.0) Gecko/20100101 Firefox/96.0"
91.175.87.223 - - [24/Nov/2022:23:57:00 +0100] "GET /js/jquery.js HTTP/1.0" 200 252 "http://www.wonder-geek.com/hello-kitty-umbrella-p-20485.html" "Mozilla/5.0 (X11; Ubuntu; Linux x86_64; rv:96.0) Gecko/20100101 Firefox/96.0"
91.175.87.223 - - [24/Nov/2022:23:57:00 +0100] "GET /mondial_relay/js/jquery-1.3.2.min.js HTTP/1.0" 200 276 "http://www.wonder-geek.com/hello-kitty-umbrella-p-20485.html" "Mozilla/5.0 (X11; Ubuntu; Linux x86_64; rv:96.0) Gecko/20100101 Firefox/96.0"
91.175.87.223 - - [24/Nov/2022:23:57:00 +0100] "GET /js/jquery.jqzoom.js HTTP/1.0" 200 259 "http://www.wonder-geek.com/hello-kitty-umbrella-p-20485.html" "Mozilla/5.0 (X11; Ubuntu; Linux x86_64; rv:96.0) Gecko/20100101 Firefox/96.0"
91.175.87.223 - - [24/Nov/2022:23:57:00 +0100] "GET /swfobject.js HTTP/1.0" 404 1308 "http://www.wonder-geek.com/hello-kitty-umbrella-p-20485.html" "Mozilla/5.0 (X11; Ubuntu; Linux x86_64; rv:96.0) Gecko/20100101 Firefox/96.0"
91.175.87.223 - - [24/Nov/2022:23:57:00 +0100] "GET /templates/Pixame_v1/images/icon_accueil2.png HTTP/1.0" 200 278 "http://www.wonder-geek.com/hello-kitty-umbrella-p-20485.html" "Mozilla/5.0 (X11; Ubuntu; Linux x86_64; rv:96.0) Gecko/20100101 Firefox/96.0"
91.175.87.223 - - [24/Nov/2022:23:57:00 +0100] "GET /templates/Pixame_v1/images/infobox/pixel_trans.gif HTTP/1.0" 200 328 "http://www.wonder-geek.com/hello-kitty-umbrella-p-20485.html" "Mozilla/5.0 (X11; Ubuntu; Linux x86_64; rv:96.0) Gecko/20100101 Firefox/96.0"
91.175.87.223 - - [24/Nov/2022:23:57:00 +0100] "GET /images/pixel_trans.gif HTTP/1.0" 200 328 "http://www.wonder-geek.com/hello-kitty-umbrella-p-20485.html" "Mozilla/5.0 (X11; Ubuntu; Linux x86_64; rv:96.0) Gecko/20100101 Firefox/96.0"
91.175.87.223 - - [24/Nov/2022:23:57:00 +0100] "GET /templates/Pixame_v1/images/pixel_trans.gif HTTP/1.0" 200 328 "http://www.wonder-geek.com/hello-kitty-umbrella-p-20485.html" "Mozilla/5.0 (X11; Ubuntu; Linux x86_64; rv:96.0) Gecko/20100101 Firefox/96.0"
91.175.87.223 - - [24/Nov/2022:23:57:00 +0100] "GET /templates/Pixame_v1/images/Bottom_texture.jpg HTTP/1.0" 200 280 "http://www.wonder-geek.com/templates/Pixame_v1/stylesheet.css" "Mozilla/5.0 (X11; Ubuntu; Linux x86_64; rv:96.0) Gecko/20100101 Firefox/96.0"
91.175.87.223 - - [24/Nov/2022:23:57:00 +0100] "GET /swfobject.js HTTP/1.0" 404 1308 "http://www.wonder-geek.com/hello-kitty-umbrella-p-20485.html" "Mozilla/5.0 (X11; Ubuntu; Linux x86_64; rv:96.0) Gecko/20100101 Firefox/96.0"
91.175.87.223 - - [24/Nov/2022:23:57:00 +0100] "GET /templates/Pixame_v1/images/Middle_texture.jpg HTTP/1.0" 200 280 "http://www.wonder-geek.com/templates/Pixame_v1/stylesheet.css" "Mozilla/5.0 (X11; Ubuntu; Linux x86_64; rv:96.0) Gecko/20100101 Firefox/96.0"
91.175.87.223 - - [24/Nov/2022:23:57:00 +0100] "GET /templates/Pixame_v1/images/nav.png HTTP/1.0" 200 268 "http://www.wonder-geek.com/templates/Pixame_v1/stylesheet.css" "Mozilla/5.0 (X11; Ubuntu; Linux x86_64; rv:96.0) Gecko/20100101 Firefox/96.0"
91.175.87.223 - - [24/Nov/2022:23:57:00 +0100] "GET /templates/Pixame_v1/images/header.png HTTP/1.0" 200 271 "http://www.wonder-geek.com/templates/Pixame_v1/stylesheet.css" "Mozilla/5.0 (X11; Ubuntu; Linux x86_64; rv:96.0) Gecko/20100101 Firefox/96.0"
91.175.87.223 - - [24/Nov/2022:23:57:00 +0100] "GET /templates/Pixame_v1/images/header-object.png HTTP/1.0" 200 278 "http://www.wonder-geek.com/templates/Pixame_v1/stylesheet.css" "Mozilla/5.0 (X11; Ubuntu; Linux x86_64; rv:96.0) Gecko/20100101 Firefox/96.0"
91.175.87.223 - - [24/Nov/2022:23:56:59 +0100] "GET /hello-kitty-umbrella-p-20485.html HTTP/1.0" 200 76569 "https://www.google.com/" "Mozilla/5.0 (X11; Ubuntu; Linux x86_64; rv:96.0) Gecko/20100101 Firefox/96.0"
91.175.87.223 - - [24/Nov/2022:23:57:00 +0100] "GET /templates/Pixame_v1/images/flash.swf HTTP/1.0" 200 290 "http://www.wonder-geek.com/hello-kitty-umbrella-p-20485.html" "Mozilla/5.0 (X11; Ubuntu; Linux x86_64; rv:96.0) Gecko/20100101 Firefox/96.0"
91.175.87.223 - - [24/Nov/2022:23:57:00 +0100] "GET /images/1399984220207.jpg HTTP/1.0" 200 259 "http://www.wonder-geek.com/hello-kitty-umbrella-p-20485.html" "Mozilla/5.0 (X11; Ubuntu; Linux x86_64; rv:96.0) Gecko/20100101 Firefox/96.0"
91.175.87.223 - - [24/Nov/2022:23:57:00 +0100] "GET /templates/Pixame_v1/images/buttons/english/button_in_cart.gif HTTP/1.0" 200 295 "http://www.wonder-geek.com/hello-kitty-umbrella-p-20485.html" "Mozilla/5.0 (X11; Ubuntu; Linux x86_64; rv:96.0) Gecko/20100101 Firefox/96.0"
91.175.87.223 - - [24/Nov/2022:23:57:00 +0100] "GET /design/productsenstock.png HTTP/1.0" 200 260 "http://www.wonder-geek.com/templates/Pixame_v1/stylesheet.css" "Mozilla/5.0 (X11; Ubuntu; Linux x86_64; rv:96.0) Gecko/20100101 Firefox/96.0"
91.175.87.223 - - [24/Nov/2022:23:57:00 +0100] "GET /templates/Pixame_v1/images/infobox/infobox_footer_middle.gif HTTP/1.0" 200 357 "http://www.wonder-geek.com/hello-kitty-umbrella-p-20485.html" "Mozilla/5.0 (X11; Ubuntu; Linux x86_64; rv:96.0) Gecko/20100101 Firefox/96.0"
91.175.87.223 - - [24/Nov/2022:23:57:00 +0100] "GET /highslide/graphics/zoomin.cur HTTP/1.0" 200 614 "http://www.wonder-geek.com/templates/Pixame_v1/stylesheet.css" "Mozilla/5.0 (X11; Ubuntu; Linux x86_64; rv:96.0) Gecko/20100101 Firefox/96.0"
91.175.87.223 - - [24/Nov/2022:23:57:01 +0100] "GET /favicon.ico HTTP/1.0" 200 260 "http://www.wonder-geek.com/hello-kitty-umbrella-p-20485.html" "Mozilla/5.0 (X11; Ubuntu; Linux x86_64; rv:96.0) Gecko/20100101 Firefox/96.0"
91.175.87.223 - - [24/Nov/2022:23:57:01 +0100] "GET /highslide/graphics/zoomout.cur HTTP/1.0" 200 614 "http://www.wonder-geek.com/hello-kitty-umbrella-p-20485.html" "Mozilla/5.0 (X11; Ubuntu; Linux x86_64; rv:96.0) Gecko/20100101 Firefox/96.0"
91.175.87.223 - - [24/Nov/2022:23:57:01 +0100] "GET /highslide/graphics/outlines/drop-shadow.png HTTP/1.0" 200 277 "http://www.wonder-geek.com/hello-kitty-umbrella-p-20485.html" "Mozilla/5.0 (X11; Ubuntu; Linux x86_64; rv:96.0) Gecko/20100101 Firefox/96.0"
91.175.87.223 - - [24/Nov/2022:23:57:01 +0100] "GET /highslide/graphics/loader.white.gif HTTP/1.0" 200 960 "http://www.wonder-geek.com/templates/Pixame_v1/stylesheet.css" "Mozilla/5.0 (X11; Ubuntu; Linux x86_64; rv:96.0) Gecko/20100101 Firefox/96.0"
185.191.171.22 - - [24/Nov/2022:23:57:03 +0100] "GET /fitted-sheet-c-11_193.html?page=4 HTTP/1.0" 200 96487 "-" "Mozilla/5.0 (compatible; SemrushBot/7~bl; +http://www.semrush.com/bot.html)"
185.191.171.25 - - [24/Nov/2022:23:57:07 +0100] "GET /decorative-canvas-terrestrial-globe-hang-p-56050.html HTTP/1.0" 200 77019 "-" "Mozilla/5.0 (compatible; SemrushBot/7~bl; +http://www.semrush.com/bot.html)"
114.119.145.65 - - [24/Nov/2022:23:57:32 +0100] "GET /car-air-freshener-heart-and-home-fresh-linen-p-40611.html HTTP/1.0" 301 73514 "http://www.wonder-geek.com/fragrance-case-for-cabinet-and-diffuser-car-c-231_228.html" "Mozilla/5.0 (Linux; Android 7.0;) AppleWebKit/537.36 (KHTML, like Gecko) Mobile Safari/537.36 (compatible; PetalBot;+https://webmaster.petalsearch.com/site/petalbot)"
114.119.145.65 - - [24/Nov/2022:23:57:34 +0100] "GET /freshener-heart-home-fresh-linen-p-40611.html HTTP/1.0" 200 73415 "http://www.wonder-geek.com/fragrance-case-for-cabinet-and-diffuser-car-c-231_228.html" "Mozilla/5.0 (Linux; Android 7.0;) AppleWebKit/537.36 (KHTML, like Gecko) Mobile Safari/537.36 (compatible; PetalBot;+https://webmaster.petalsearch.com/site/petalbot)"
66.249.68.1 - - [24/Nov/2022:23:57:34 +0100] "GET /winnie-pooh-ceiling-light-p-33142.html HTTP/1.0" 200 73378 "-" "Mozilla/5.0 (Linux; Android 6.0.1; Nexus 5X Build/MMB29P) AppleWebKit/537.36 (KHTML, like Gecko) Chrome/107.0.5304.110 Mobile Safari/537.36 (compatible; Googlebot/2.1; +http://www.google.com/bot.html)"
185.191.171.12 - - [24/Nov/2022:23:57:41 +0100] "GET /meditation-cushion-chakra-vishudda-blue-p-45369.html HTTP/1.0" 200 77792 "-" "Mozilla/5.0 (compatible; SemrushBot/7~bl; +http://www.semrush.com/bot.html)"
185.191.171.45 - - [24/Nov/2022:23:58:06 +0100] "GET /robots.txt HTTP/1.0" 200 245 "-" "Mozilla/5.0 (compatible; SemrushBot/7~bl; +http://www.semrush.com/bot.html)"
185.191.171.10 - - [24/Nov/2022:23:58:06 +0100] "GET /flounder-personality-pose-fish-p-51409.html HTTP/1.0" 200 77463 "-" "Mozilla/5.0 (compatible; SemrushBot/7~bl; +http://www.semrush.com/bot.html)"
185.191.171.41 - - [24/Nov/2022:23:58:22 +0100] "GET /dishes-c-12.html?page=97 HTTP/1.0" 200 94564 "-" "Mozilla/5.0 (compatible; SemrushBot/7~bl; +http://www.semrush.com/bot.html)"
185.191.171.25 - - [24/Nov/2022:23:58:30 +0100] "GET /bathroom-accessories-c-13_172.html?page=2 HTTP/1.0" 200 93508 "-" "Mozilla/5.0 (compatible; SemrushBot/7~bl; +http://www.semrush.com/bot.html)"
147.92.153.6 - - [24/Nov/2022:23:58:50 +0100] "GET /christmas-balls-gold-velvet-p-59188.html HTTP/1.0" 200 77035 "-" "Mozilla/5.0 (compatible; Linespider/1.1; +https://lin.ee/4dwXkTH)"
114.119.155.228 - - [24/Nov/2022:23:58:53 +0100] "GET /turquoise-lama-piggy-bank-p-47724.html HTTP/1.0" 200 75951 "http://www.wonder-geek.com/money-boxes-c-13_83.html?page=2" "Mozilla/5.0 (Linux; Android 7.0;) AppleWebKit/537.36 (KHTML, like Gecko) Mobile Safari/537.36 (compatible; PetalBot;+https://webmaster.petalsearch.com/site/petalbot)"
185.191.171.8 - - [24/Nov/2022:23:58:58 +0100] "GET /amlie-cups-spoons-p-59612.html?action=add_product HTTP/1.0" 302 476 "-" "Mozilla/5.0 (compatible; SemrushBot/7~bl; +http://www.semrush.com/bot.html)"
185.191.171.18 - - [24/Nov/2022:23:59:16 +0100] "GET /-c-95_299.html HTTP/1.0" 200 72132 "-" "Mozilla/5.0 (compatible; SemrushBot/7~bl; +http://www.semrush.com/bot.html)"
51.68.224.127 - - [24/Nov/2022:23:59:23 +0100] "GET /adminweb/export_orders_xml.php?token=256de2z6edz6ed2z6DFSFsed2zed6zeDSFDSGdzedezfzf&maxorders=10&orderstart=1&status=14&start_date=2018-10-01 HTTP/1.0" 200 285 "-" "GesCom CharlotteBoutik Serveur"
51.68.224.127 - - [24/Nov/2022:23:59:23 +0100] "GET /adminweb/export_orders_xml.php?token=256de2z6edz6ed2z6DFSFsed2zed6zeDSFDSGdzedezfzf&maxorders=10&orderstart=1&status=6&start_date=2018-10-01 HTTP/1.0" 200 34006 "-" "GesCom CharlotteBoutik Serveur"
216.244.66.242 - - [24/Nov/2022:23:59:58 +0100] "GET /images/big_prod/8424345615675.jpg HTTP/1.0" 200 268 "-" "Mozilla/5.0 (compatible; DotBot/1.2; +https://opensiteexplorer.org/dotbot; help@moz.com)"
114.119.128.44 - - [25/Nov/2022:00:00:17 +0100] "GET /decoration-african-woman-p-50492.html HTTP/1.0" 200 75998 "http://www.wonder-geek.com/collectible-figurines-and-decorative-c-13_135.html?page=13" "Mozilla/5.0 (Linux; Android 7.0;) AppleWebKit/537.36 (KHTML, like Gecko) Mobile Safari/537.36 (compatible; PetalBot;+https://webmaster.petalsearch.com/site/petalbot)"
185.191.171.44 - - [25/Nov/2022:00:00:43 +0100] "GET /quote-from-freud-wall-sticker-p-39185.html HTTP/1.0" 200 76182 "-" "Mozilla/5.0 (compatible; SemrushBot/7~bl; +http://www.semrush.com/bot.html)"
185.191.171.5 - - [25/Nov/2022:00:00:51 +0100] "GET /tinted-candle-mass-yellow-p-56096.html HTTP/1.0" 200 75963 "-" "Mozilla/5.0 (compatible; SemrushBot/7~bl; +http://www.semrush.com/bot.html)"
185.191.171.44 - - [25/Nov/2022:00:01:00 +0100] "GET /calamity-jane-figure-p-27318.html HTTP/1.0" 200 75731 "-" "Mozilla/5.0 (compatible; SemrushBot/7~bl; +http://www.semrush.com/bot.html)"
185.191.171.24 - - [25/Nov/2022:00:01:05 +0100] "GET /barbapapa-cupcake-metal-magnet-p-8800.html HTTP/1.0" 200 76063 "-" "Mozilla/5.0 (compatible; SemrushBot/7~bl; +http://www.semrush.com/bot.html)"
114.119.155.228 - - [25/Nov/2022:00:01:43 +0100] "GET /bamboo-table-lamp-p-57493.html HTTP/1.0" 200 73322 "http://www.wonder-geek.com/table-lamps-c-86_286.html?page=13" "Mozilla/5.0 (Linux; Android 7.0;) AppleWebKit/537.36 (KHTML, like Gecko) Mobile Safari/537.36 (compatible; PetalBot;+https://webmaster.petalsearch.com/site/petalbot)"
185.191.171.45 - - [25/Nov/2022:00:01:43 +0100] "GET /ballerina-statue-collection-white-p-40417.html HTTP/1.0" 200 73414 "-" "Mozilla/5.0 (compatible; SemrushBot/7~bl; +http://www.semrush.com/bot.html)"
185.191.171.17 - - [25/Nov/2022:00:02:06 +0100] "GET /adults-c-53.html?page=12 HTTP/1.0" 200 92581 "-" "Mozilla/5.0 (compatible; SemrushBot/7~bl; +http://www.semrush.com/bot.html)"
185.191.171.33 - - [25/Nov/2022:00:02:14 +0100] "GET /emperor-terracotta-soldier-statuette-p-50012.html HTTP/1.0" 200 73406 "-" "Mozilla/5.0 (compatible; SemrushBot/7~bl; +http://www.semrush.com/bot.html)"
157.55.39.202 - - [25/Nov/2022:00:02:29 +0100] "GET /images/big_prod_1/3660173185552a.jpg HTTP/1.0" 200 271 "-" "Mozilla/5.0 AppleWebKit/537.36 (KHTML, like Gecko; compatible; bingbot/2.0; +http://www.bing.com/bingbot.htm) Chrome/103.0.5060.134 Safari/537.36"
207.46.13.42 - - [25/Nov/2022:00:02:55 +0100] "GET /images/big_prod/8424001774395.jpg HTTP/1.0" 200 268 "-" "Mozilla/5.0 (compatible; bingbot/2.0; +http://www.bing.com/bingbot.htm)"
185.191.171.2 - - [25/Nov/2022:00:03:05 +0100] "GET /little-prince-isothermic-stainless-steel-bottle-p-55793.html HTTP/1.0" 200 76800 "-" "Mozilla/5.0 (compatible; SemrushBot/7~bl; +http://www.semrush.com/bot.html)"
185.191.171.16 - - [25/Nov/2022:00:03:08 +0100] "GET /scented-candle-made-france-honey-p-57035.html HTTP/1.0" 200 77308 "-" "Mozilla/5.0 (compatible; SemrushBot/7~bl; +http://www.semrush.com/bot.html)"
114.119.145.65 - - [25/Nov/2022:00:03:09 +0100] "GET /iron-keyring-p-32338.html HTTP/1.0" 200 75862 "http://www.wonder-geek.com/keyrings-c-31_52.html?page=4" "Mozilla/5.0 (Linux; Android 7.0;) AppleWebKit/537.36 (KHTML, like Gecko) Mobile Safari/537.36 (compatible; PetalBot;+https://webmaster.petalsearch.com/site/petalbot)"
196.251.34.176 - - [25/Nov/2022:00:03:16 +0100] "GET /contact_us.php HTTP/1.0" 200 26241 "http://www.wonder-geek.com/contact_us.php" "Mozilla/5.0 (Windows NT 6.1; WOW64) AppleWebKit/537.36 (KHTML, like Gecko) Chrome/90.0.4430.85 Safari/537.36"
196.251.34.176 - - [25/Nov/2022:00:03:17 +0100] "POST /contact_us.php?action=send HTTP/1.0" 200 26467 "http://www.wonder-geek.com/contact_us.php" "Mozilla/5.0 (Windows NT 6.1; WOW64) AppleWebKit/537.36 (KHTML, like Gecko) Chrome/90.0.4430.85 Safari/537.36"
185.191.171.16 - - [25/Nov/2022:00:03:23 +0100] "GET /terracotta-color-ceramic-buddha-flowerpot-p-58706.html HTTP/1.0" 200 77150 "-" "Mozilla/5.0 (compatible; SemrushBot/7~bl; +http://www.semrush.com/bot.html)"
66.249.68.30 - - [25/Nov/2022:00:03:25 +0100] "GET /images/big_prod/1399986100569.jpg HTTP/1.0" 200 268 "-" "Googlebot-Image/1.0"
157.55.39.202 - - [25/Nov/2022:00:03:49 +0100] "GET /images/big_prod_2/2791693067392C.jpg HTTP/1.0" 200 271 "-" "Mozilla/5.0 (compatible; bingbot/2.0; +http://www.bing.com/bingbot.htm)"
185.191.171.15 - - [25/Nov/2022:00:04:10 +0100] "GET /tweety-figurine-p-45051.html HTTP/1.0" 200 75872 "-" "Mozilla/5.0 (compatible; SemrushBot/7~bl; +http://www.semrush.com/bot.html)"
185.191.171.6 - - [25/Nov/2022:00:04:15 +0100] "GET /incense-sticks-burner-storage-p-53556.html HTTP/1.0" 200 76951 "-" "Mozilla/5.0 (compatible; SemrushBot/7~bl; +http://www.semrush.com/bot.html)"
17.121.114.163 - - [25/Nov/2022:00:04:18 +0100] "GET /robots.txt HTTP/1.0" 200 245 "-" "Mozilla/5.0 (Macintosh; Intel Mac OS X 10_15_5) AppleWebKit/605.1.15 (KHTML, like Gecko) Version/13.1.1 Safari/605.1.15 (Applebot/0.1; +http://www.apple.com/go/applebot)"
17.121.114.163 - - [25/Nov/2022:00:04:18 +0100] "GET /images/big_prod_1/4250255859755B.jpg HTTP/1.0" 200 271 "-" "Mozilla/5.0 (Macintosh; Intel Mac OS X 10_15_5) AppleWebKit/605.1.15 (KHTML, like Gecko) Version/13.1.1 Safari/605.1.15 (Applebot/0.1; +http://www.apple.com/go/applebot)"
114.119.128.44 - - [25/Nov/2022:00:04:32 +0100] "GET /christmas-sock-hang-papa-chri-p-59574.html HTTP/1.0" 200 76626 "http://wonder-geek.com/" "Mozilla/5.0 (Linux; Android 7.0;) AppleWebKit/537.36 (KHTML, like Gecko) Mobile Safari/537.36 (compatible; PetalBot;+https://webmaster.petalsearch.com/site/petalbot)"
185.191.171.6 - - [25/Nov/2022:00:04:42 +0100] "GET /white-polyester-chandelier-p-58373.html HTTP/1.0" 200 77226 "-" "Mozilla/5.0 (compatible; SemrushBot/7~bl; +http://www.semrush.com/bot.html)"
185.191.171.14 - - [25/Nov/2022:00:04:47 +0100] "GET /quote-wall-stickers-p-42964.html HTTP/1.0" 200 76641 "-" "Mozilla/5.0 (compatible; SemrushBot/7~bl; +http://www.semrush.com/bot.html)"
185.191.171.37 - - [25/Nov/2022:00:04:50 +0100] "GET /coca-cola-cork-coaster-p-37062.html HTTP/1.0" 200 73342 "-" "Mozilla/5.0 (compatible; SemrushBot/7~bl; +http://www.semrush.com/bot.html)"
207.46.13.181 - - [25/Nov/2022:00:05:08 +0100] "GET /images/3521320608723.jpg HTTP/1.0" 200 259 "-" "Mozilla/5.0 AppleWebKit/537.36 (KHTML, like Gecko; compatible; bingbot/2.0; +http://www.bing.com/bingbot.htm) Chrome/103.0.5060.134 Safari/537.36"
207.46.13.181 - - [25/Nov/2022:00:05:18 +0100] "GET /images/mini_prod/4542202653760fred.jpg HTTP/1.0" 200 273 "-" "Mozilla/5.0 (compatible; bingbot/2.0; +http://www.bing.com/bingbot.htm)"
185.191.171.40 - - [25/Nov/2022:00:05:18 +0100] "GET /toiletbrush-damask-p-50719.html HTTP/1.0" 200 76716 "-" "Mozilla/5.0 (compatible; SemrushBot/7~bl; +http://www.semrush.com/bot.html)"
185.191.171.34 - - [25/Nov/2022:00:05:42 +0100] "GET /-p-21644.html HTTP/1.0" 200 73264 "-" "Mozilla/5.0 (compatible; SemrushBot/7~bl; +http://www.semrush.com/bot.html)"
185.191.171.39 - - [25/Nov/2022:00:05:45 +0100] "GET /medusa-glass-paperweight-p-54532.html HTTP/1.0" 200 75906 "-" "Mozilla/5.0 (compatible; SemrushBot/7~bl; +http://www.semrush.com/bot.html)"
114.119.166.166 - - [25/Nov/2022:00:05:59 +0100] "GET /lotus-flower-incense-stick-holder-p-53909.html HTTP/1.0" 200 76678 "http://www.wonder-geek.com/fragrances-ambiance-c-231.html?page=22" "Mozilla/5.0 (Linux; Android 7.0;) AppleWebKit/537.36 (KHTML, like Gecko) Mobile Safari/537.36 (compatible; PetalBot;+https://webmaster.petalsearch.com/site/petalbot)"
185.191.171.16 - - [25/Nov/2022:00:06:04 +0100] "GET /-p-18760.html HTTP/1.0" 200 73264 "-" "Mozilla/5.0 (compatible; SemrushBot/7~bl; +http://www.semrush.com/bot.html)"
185.191.171.39 - - [25/Nov/2022:00:06:07 +0100] "GET /cotton-bath-poudre-lila-p-47265.html HTTP/1.0" 200 73352 "-" "Mozilla/5.0 (compatible; SemrushBot/7~bl; +http://www.semrush.com/bot.html)"
185.191.171.35 - - [25/Nov/2022:00:06:11 +0100] "GET /olla-ppin-terracotta-blue-finish-p-58492.html HTTP/1.0" 200 77486 "-" "Mozilla/5.0 (compatible; SemrushBot/7~bl; +http://www.semrush.com/bot.html)"
185.191.171.19 - - [25/Nov/2022:00:06:30 +0100] "GET /paris-place-amoureux-isothermic-stainless-steel-bottle-p-58786.html HTTP/1.0" 200 76846 "-" "Mozilla/5.0 (compatible; SemrushBot/7~bl; +http://www.semrush.com/bot.html)"
185.191.171.25 - - [25/Nov/2022:00:07:23 +0100] "GET /elmer-musical-p-16472.html HTTP/1.0" 200 76033 "-" "Mozilla/5.0 (compatible; SemrushBot/7~bl; +http://www.semrush.com/bot.html)"
114.119.130.87 - - [25/Nov/2022:00:07:26 +0100] "GET /gorjuss-fiesta-triple-pocket-rucksack-cherry-blossom-p-52371.html HTTP/1.0" 200 77270 "http://www.wonder-geek.com/backpacks-c-31_77.html?page=7" "Mozilla/5.0 (Linux; Android 7.0;) AppleWebKit/537.36 (KHTML, like Gecko) Mobile Safari/537.36 (compatible; PetalBot;+https://webmaster.petalsearch.com/site/petalbot)"
216.244.66.242 - - [25/Nov/2022:00:07:28 +0100] "GET /images/5055071658037.jpg HTTP/1.0" 200 259 "-" "Mozilla/5.0 (compatible; DotBot/1.2; +https://opensiteexplorer.org/dotbot; help@moz.com)"
66.249.68.30 - - [25/Nov/2022:00:07:31 +0100] "GET /peter-statue-p-43931.html HTTP/1.0" 200 75969 "-" "Mozilla/5.0 (compatible; Googlebot/2.1; +http://www.google.com/bot.html)"
185.191.171.45 - - [25/Nov/2022:00:07:40 +0100] "GET /lighting-c-13_86.html?page=27 HTTP/1.0" 200 90498 "-" "Mozilla/5.0 (compatible; SemrushBot/7~bl; +http://www.semrush.com/bot.html)"
216.244.66.242 - - [25/Nov/2022:00:07:43 +0100] "GET /jasmin-large-round-melamine-plate-p-37912.html HTTP/1.0" 200 75991 "-" "Mozilla/5.0 (compatible; DotBot/1.2; +https://opensiteexplorer.org/dotbot; help@moz.com)"
66.249.68.25 - - [25/Nov/2022:00:07:55 +0100] "GET /household-linen-c-11.html?page=59 HTTP/1.0" 200 95966 "-" "Mozilla/5.0 (Linux; Android 6.0.1; Nexus 5X Build/MMB29P) AppleWebKit/537.36 (KHTML, like Gecko) Chrome/107.0.5304.110 Mobile Safari/537.36 (compatible; Googlebot/2.1; +http://www.google.com/bot.html)"
54.236.1.11 - - [25/Nov/2022:00:08:12 +0100] "GET /images/1399984234846.jpg HTTP/1.0" 200 259 "-" "Mozilla/5.0 (compatible; Pinterestbot/1.0; +http://www.pinterest.com/bot.html)"
185.191.171.25 - - [25/Nov/2022:00:08:13 +0100] "GET /harley-davidson-metal-plate-p-40287.html HTTP/1.0" 200 76067 "-" "Mozilla/5.0 (compatible; SemrushBot/7~bl; +http://www.semrush.com/bot.html)"
185.191.171.15 - - [25/Nov/2022:00:08:16 +0100] "GET /-p-26159.html HTTP/1.0" 200 73264 "-" "Mozilla/5.0 (compatible; SemrushBot/7~bl; +http://www.semrush.com/bot.html)"
66.249.68.25 - - [25/Nov/2022:00:08:20 +0100] "GET /images/big_prod_1/3442440301632Z.jpg HTTP/1.0" 200 271 "-" "Googlebot-Image/1.0"
185.191.171.24 - - [25/Nov/2022:00:08:25 +0100] "GET /nici-love-pooh-wallet-p-23167.html HTTP/1.0" 200 76168 "-" "Mozilla/5.0 (compatible; SemrushBot/7~bl; +http://www.semrush.com/bot.html)"
185.191.171.34 - - [25/Nov/2022:00:08:28 +0100] "GET /cats-dubout-trivet-p-27384.html HTTP/1.0" 200 75844 "-" "Mozilla/5.0 (compatible; SemrushBot/7~bl; +http://www.semrush.com/bot.html)"
66.249.68.25 - - [25/Nov/2022:00:08:36 +0100] "GET /images/big_prod/8499113781760.jpg HTTP/1.0" 200 268 "-" "Googlebot-Image/1.0"
185.191.171.43 - - [25/Nov/2022:00:08:46 +0100] "GET /pink-tourmaline-sold-weight-p-48481.html HTTP/1.0" 200 77088 "-" "Mozilla/5.0 (compatible; SemrushBot/7~bl; +http://www.semrush.com/bot.html)"
114.119.166.166 - - [25/Nov/2022:00:08:51 +0100] "GET /images/mini_prod/8460070112560.jpg HTTP/1.0" 200 269 "http://www.wonder-geek.com/adaptable-decorative-caps-c-12_249.html" "Mozilla/5.0 (Linux; Android 7.0;) AppleWebKit/537.36 (KHTML, like Gecko) Mobile Safari/537.36 (compatible; PetalBot;+https://webmaster.petalsearch.com/site/petalbot)"
185.191.171.22 - - [25/Nov/2022:00:09:03 +0100] "GET /metal-beer-bucket-p-54344.html HTTP/1.0" 200 76466 "-" "Mozilla/5.0 (compatible; SemrushBot/7~bl; +http://www.semrush.com/bot.html)"
185.191.171.5 - - [25/Nov/2022:00:09:32 +0100] "GET /green-lantern-barbecue-p-16255.html HTTP/1.0" 200 76124 "-" "Mozilla/5.0 (compatible; SemrushBot/7~bl; +http://www.semrush.com/bot.html)"
39.105.194.102 - - [25/Nov/2022:00:09:34 +0100] "GET /images/mini_prod/3453131062558.jpg HTTP/1.0" 200 269 "-" "Mozilla/5.0 (Macintosh; Intel Mac OS X 10_15_7) AppleWebKit/537.36 (KHTML, like Gecko) Chrome/105.0.0.0 Safari/537.36"
185.191.171.19 - - [25/Nov/2022:00:09:46 +0100] "GET /sonny-angel-figure-valentine-series-2016-p-33922.html HTTP/1.0" 200 76395 "-" "Mozilla/5.0 (compatible; SemrushBot/7~bl; +http://www.semrush.com/bot.html)"
185.191.171.43 - - [25/Nov/2022:00:09:50 +0100] "GET /decorative-fabric-medicinal-plants-hanging-p-58638.html HTTP/1.0" 200 76821 "-" "Mozilla/5.0 (compatible; SemrushBot/7~bl; +http://www.semrush.com/bot.html)"
114.119.166.166 - - [25/Nov/2022:00:10:13 +0100] "GET /ceramic-lamp-p-52767.html HTTP/1.0" 301 73331 "http://www.wonder-geek.com/lighting-c-13_86.html?page=8" "Mozilla/5.0 (Linux; Android 7.0;) AppleWebKit/537.36 (KHTML, like Gecko) Mobile Safari/537.36 (compatible; PetalBot;+https://webmaster.petalsearch.com/site/petalbot)"
114.119.166.166 - - [25/Nov/2022:00:10:15 +0100] "GET /-p-52767.html HTTP/1.0" 200 73264 "http://www.wonder-geek.com/lighting-c-13_86.html?page=8" "Mozilla/5.0 (Linux; Android 7.0;) AppleWebKit/537.36 (KHTML, like Gecko) Mobile Safari/537.36 (compatible; PetalBot;+https://webmaster.petalsearch.com/site/petalbot)"
185.191.171.8 - - [25/Nov/2022:00:10:14 +0100] "GET /cache-with-tortoiseshell-reliefs-bluish-gray-375cm-p-51104.html HTTP/1.0" 200 76445 "-" "Mozilla/5.0 (compatible; SemrushBot/7~bl; +http://www.semrush.com/bot.html)"
185.191.171.14 - - [25/Nov/2022:00:10:47 +0100] "GET /-p-44669.html HTTP/1.0" 200 73264 "-" "Mozilla/5.0 (compatible; SemrushBot/7~bl; +http://www.semrush.com/bot.html)"
66.249.68.25 - - [25/Nov/2022:00:11:05 +0100] "GET /images/big_prod_1/8718969174732a.jpg HTTP/1.0" 200 271 "-" "Googlebot-Image/1.0"
185.191.171.21 - - [25/Nov/2022:00:11:33 +0100] "GET /cardmaking-c-129_128.html?page=7 HTTP/1.0" 200 84631 "-" "Mozilla/5.0 (compatible; SemrushBot/7~bl; +http://www.semrush.com/bot.html)"
185.191.171.42 - - [25/Nov/2022:00:11:36 +0100] "GET /iron-statue-candy-p-30912.html HTTP/1.0" 200 75991 "-" "Mozilla/5.0 (compatible; SemrushBot/7~bl; +http://www.semrush.com/bot.html)"
114.119.155.228 - - [25/Nov/2022:00:11:39 +0100] "GET /images/big_prod/3660173235691.jpg HTTP/1.0" 200 268 "http://www.wonder-geek.com/mushroom-sprinkler-p-58567.html" "Mozilla/5.0 (Linux; Android 7.0;) AppleWebKit/537.36 (KHTML, like Gecko) Mobile Safari/537.36 (compatible; PetalBot;+https://webmaster.petalsearch.com/site/petalbot)"
185.191.171.8 - - [25/Nov/2022:00:11:39 +0100] "GET /-p-40046.html HTTP/1.0" 200 73264 "-" "Mozilla/5.0 (compatible; SemrushBot/7~bl; +http://www.semrush.com/bot.html)"
185.191.171.6 - - [25/Nov/2022:00:11:43 +0100] "GET /-p-47061.html HTTP/1.0" 200 73264 "-" "Mozilla/5.0 (compatible; SemrushBot/7~bl; +http://www.semrush.com/bot.html)"
185.191.171.13 - - [25/Nov/2022:00:12:06 +0100] "GET /pink-panther-money-bank-p-56186.html HTTP/1.0" 200 76543 "-" "Mozilla/5.0 (compatible; SemrushBot/7~bl; +http://www.semrush.com/bot.html)"
185.191.171.23 - - [25/Nov/2022:00:12:34 +0100] "GET /filling-station-wodden-frame-p-39970.html HTTP/1.0" 200 73404 "-" "Mozilla/5.0 (compatible; SemrushBot/7~bl; +http://www.semrush.com/bot.html)"
216.244.66.242 - - [25/Nov/2022:00:12:38 +0100] "GET /freshener-heart-home-white-jasmine-freesia-p-40598.html HTTP/1.0" 200 76340 "-" "Mozilla/5.0 (compatible; DotBot/1.2; +https://opensiteexplorer.org/dotbot; help@moz.com)"
66.249.68.1 - - [25/Nov/2022:00:12:39 +0100] "GET /galileo-thermometer-indoors-p-55401.html HTTP/1.0" 200 76754 "-" "Mozilla/5.0 (compatible; Googlebot/2.1; +http://www.google.com/bot.html)"
180.76.26.219 - - [25/Nov/2022:00:12:47 +0100] "GET /images/mini_prod/4260082934655.jpg HTTP/1.0" 200 269 "-" "bce-sdk-python/0.8.73/3.6.8 (default, Nov 16 2020, 16:55:22) [GCC 4.8.5 20150623 (Red Hat 4.8.5-44)]/linux"
185.191.171.44 - - [25/Nov/2022:00:12:46 +0100] "GET /tinted-candle-mass-dark-green-p-56100.html HTTP/1.0" 200 75983 "-" "Mozilla/5.0 (compatible; SemrushBot/7~bl; +http://www.semrush.com/bot.html)"
185.191.171.15 - - [25/Nov/2022:00:12:49 +0100] "GET /-p-47077.html HTTP/1.0" 200 73264 "-" "Mozilla/5.0 (compatible; SemrushBot/7~bl; +http://www.semrush.com/bot.html)"
216.244.66.242 - - [25/Nov/2022:00:12:56 +0100] "GET /gorjuss-classic-stripe-boxed-pencil-ladybird-p-43174.html HTTP/1.0" 200 76774 "-" "Mozilla/5.0 (compatible; DotBot/1.2; +https://opensiteexplorer.org/dotbot; help@moz.com)"
114.119.130.87 - - [25/Nov/2022:00:13:04 +0100] "GET /frida-khalo-saucer-p-50157.html HTTP/1.0" 200 73350 "http://www.wonder-geek.com/dishes-c-12.html?page=4" "Mozilla/5.0 (Linux; Android 7.0;) AppleWebKit/537.36 (KHTML, like Gecko) Mobile Safari/537.36 (compatible; PetalBot;+https://webmaster.petalsearch.com/site/petalbot)"
216.244.66.242 - - [25/Nov/2022:00:13:14 +0100] "GET /real-madrid-homework-notebooks-p-52031.html HTTP/1.0" 200 76159 "-" "Mozilla/5.0 (compatible; DotBot/1.2; +https://opensiteexplorer.org/dotbot; help@moz.com)"
185.191.171.35 - - [25/Nov/2022:00:13:18 +0100] "GET /guardian-angel-statuette-saint-michael-p-51141.html HTTP/1.0" 200 73410 "-" "Mozilla/5.0 (compatible; SemrushBot/7~bl; +http://www.semrush.com/bot.html)"
185.191.171.15 - - [25/Nov/2022:00:13:21 +0100] "GET /linen-c-11_68.html?page=3 HTTP/1.0" 200 93988 "-" "Mozilla/5.0 (compatible; SemrushBot/7~bl; +http://www.semrush.com/bot.html)"
216.244.66.242 - - [25/Nov/2022:00:13:30 +0100] "GET /small-school-caramel-green-p-55622.html HTTP/1.0" 200 77117 "-" "Mozilla/5.0 (compatible; DotBot/1.2; +https://opensiteexplorer.org/dotbot; help@moz.com)"
185.191.171.40 - - [25/Nov/2022:00:14:07 +0100] "GET /american-diner-p-19042.html HTTP/1.0" 200 75851 "-" "Mozilla/5.0 (compatible; SemrushBot/7~bl; +http://www.semrush.com/bot.html)"
114.119.155.228 - - [25/Nov/2022:00:14:26 +0100] "GET /incense-satya-champa-palo-santo-grams-about-sticks-p-59584.html HTTP/1.0" 200 76551 "http://www.wonder-geek.com/fragrances-of-ambiance-c-231.html?page=3" "Mozilla/5.0 (Linux; Android 7.0;) AppleWebKit/537.36 (KHTML, like Gecko) Mobile Safari/537.36 (compatible; PetalBot;+https://webmaster.petalsearch.com/site/petalbot)"
185.191.171.1 - - [25/Nov/2022:00:15:21 +0100] "GET /tasty-road-bagels-p-24914.html HTTP/1.0" 200 75953 "-" "Mozilla/5.0 (compatible; SemrushBot/7~bl; +http://www.semrush.com/bot.html)"
185.191.171.3 - - [25/Nov/2022:00:15:24 +0100] "GET /gift-ellipse-heart-home-candles-p-59020.html HTTP/1.0" 200 78409 "-" "Mozilla/5.0 (compatible; SemrushBot/7~bl; +http://www.semrush.com/bot.html)"
185.191.171.21 - - [25/Nov/2022:00:15:39 +0100] "GET /yellow-cocci-metal-plate-deco-p-34331.html HTTP/1.0" 200 73370 "-" "Mozilla/5.0 (compatible; SemrushBot/7~bl; +http://www.semrush.com/bot.html)"
66.249.68.25 - - [25/Nov/2022:00:15:41 +0100] "GET /hourglass-decoration-glass-and-sand-glitter-p-53613.html HTTP/1.0" 301 76174 "-" "Mozilla/5.0 (Linux; Android 6.0.1; Nexus 5X Build/MMB29P) AppleWebKit/537.36 (KHTML, like Gecko) Chrome/107.0.5304.115 Mobile Safari/537.36 (compatible; Googlebot/2.1; +http://www.google.com/bot.html)"
66.249.68.30 - - [25/Nov/2022:00:15:43 +0100] "GET /hourglass-decoration-glass-sand-glitter-p-53613.html HTTP/1.0" 200 76068 "-" "Mozilla/5.0 (Linux; Android 6.0.1; Nexus 5X Build/MMB29P) AppleWebKit/537.36 (KHTML, like Gecko) Chrome/107.0.5304.115 Mobile Safari/537.36 (compatible; Googlebot/2.1; +http://www.google.com/bot.html)"
114.119.130.87 - - [25/Nov/2022:00:15:51 +0100] "GET /ape-cappuccino-set-p-15596.html HTTP/1.0" 301 73387 "http://www.wonder-geek.com/set-and-breakfast-set-c-12_61.html?page=5" "Mozilla/5.0 (Linux; Android 7.0;) AppleWebKit/537.36 (KHTML, like Gecko) Mobile Safari/537.36 (compatible; PetalBot;+https://webmaster.petalsearch.com/site/petalbot)"
201.144.8.115 - - [25/Nov/2022:00:15:53 +0100] "GET /contact_us.php HTTP/1.0" 200 26241 "http://www.wonder-geek.com/contact_us.php" "Mozilla/5.0 (Windows NT 6.3) AppleWebKit/537.36 (KHTML, like Gecko) Chrome/90.0.4430.72 Safari/537.36"
114.119.130.87 - - [25/Nov/2022:00:15:54 +0100] "GET /cappuccino-p-15596.html HTTP/1.0" 200 73310 "http://www.wonder-geek.com/set-and-breakfast-set-c-12_61.html?page=5" "Mozilla/5.0 (Linux; Android 7.0;) AppleWebKit/537.36 (KHTML, like Gecko) Mobile Safari/537.36 (compatible; PetalBot;+https://webmaster.petalsearch.com/site/petalbot)"
185.191.171.20 - - [25/Nov/2022:00:15:55 +0100] "GET /mouse-cbkreation-p-13985.html HTTP/1.0" 200 75580 "-" "Mozilla/5.0 (compatible; SemrushBot/7~bl; +http://www.semrush.com/bot.html)"
66.249.68.30 - - [25/Nov/2022:00:16:11 +0100] "GET /images/big_prod/8718317639418.jpg HTTP/1.0" 200 268 "-" "Googlebot-Image/1.0"
51.68.224.127 - - [25/Nov/2022:00:16:15 +0100] "GET /adminweb/export_orders_xml.php?token=256de2z6edz6ed2z6DFSFsed2zed6zeDSFDSGdzedezfzf&maxorders=10&orderstart=1&status=14&start_date=2018-10-01 HTTP/1.0" 200 285 "-" "GesCom CharlotteBoutik Serveur"
51.68.224.127 - - [25/Nov/2022:00:16:15 +0100] "GET /adminweb/export_orders_xml.php?token=256de2z6edz6ed2z6DFSFsed2zed6zeDSFDSGdzedezfzf&maxorders=10&orderstart=1&status=6&start_date=2018-10-01 HTTP/1.0" 200 34006 "-" "GesCom CharlotteBoutik Serveur"
185.191.171.1 - - [25/Nov/2022:00:16:39 +0100] "GET /standing-flower-p-51971.html HTTP/1.0" 200 73322 "-" "Mozilla/5.0 (compatible; SemrushBot/7~bl; +http://www.semrush.com/bot.html)"
185.191.171.2 - - [25/Nov/2022:00:16:59 +0100] "GET /statuette-saint-mickal-bronze-color-p-59301.html HTTP/1.0" 200 77992 "-" "Mozilla/5.0 (compatible; SemrushBot/7~bl; +http://www.semrush.com/bot.html)"
66.249.68.25 - - [25/Nov/2022:00:17:00 +0100] "GET /jane-crowther-p-54770.html HTTP/1.0" 200 76677 "-" "Mozilla/5.0 (Linux; Android 6.0.1; Nexus 5X Build/MMB29P) AppleWebKit/537.36 (KHTML, like Gecko) Chrome/107.0.5304.110 Mobile Safari/537.36 (compatible; Googlebot/2.1; +http://www.google.com/bot.html)"
185.191.171.16 - - [25/Nov/2022:00:17:05 +0100] "GET /silver-statuette-haltero-p-45401.html HTTP/1.0" 200 76012 "-" "Mozilla/5.0 (compatible; SemrushBot/7~bl; +http://www.semrush.com/bot.html)"
114.119.151.60 - - [25/Nov/2022:00:17:14 +0100] "GET /flowerpots-hang-p-57570.html HTTP/1.0" 200 76666 "http://www.wonder-geek.com/home-and-decoration-c-13.html?page=234" "Mozilla/5.0 (Linux; Android 7.0;) AppleWebKit/537.36 (KHTML, like Gecko) Mobile Safari/537.36 (compatible; PetalBot;+https://webmaster.petalsearch.com/site/petalbot)"
185.191.171.45 - - [25/Nov/2022:00:17:40 +0100] "GET /pill-lavande-p-51388.html HTTP/1.0" 200 76588 "-" "Mozilla/5.0 (compatible; SemrushBot/7~bl; +http://www.semrush.com/bot.html)"
66.249.68.1 - - [25/Nov/2022:00:18:04 +0100] "GET /images/big_prod_1/3660173231242a.jpg HTTP/1.0" 200 271 "-" "Googlebot-Image/1.0"
66.249.68.25 - - [25/Nov/2022:00:18:16 +0100] "GET /lego-superman-lite-super-heroes-keychains-p-27072.html HTTP/1.0" 200 73432 "-" "Mozilla/5.0 (Linux; Android 6.0.1; Nexus 5X Build/MMB29P) AppleWebKit/537.36 (KHTML, like Gecko) Chrome/107.0.5304.110 Mobile Safari/537.36 (compatible; Googlebot/2.1; +http://www.google.com/bot.html)"
119.8.242.3 - - [25/Nov/2022:00:18:18 +0100] "GET /images/mini_prod/DSCN6817.jpg HTTP/1.0" 200 264 "-" "python-requests/2.18.4"
66.249.68.25 - - [25/Nov/2022:00:18:24 +0100] "GET /mondial_relay/js/jquery-1.3.2.min.js HTTP/1.0" 200 276 "http://www.wonder-geek.com/lego-superman-lite-super-heroes-keychains-p-27072.html" "Mozilla/5.0 (Linux; Android 6.0.1; Nexus 5X Build/MMB29P) AppleWebKit/537.36 (KHTML, like Gecko) Chrome/106.0.5249.119 Mobile Safari/537.36 (compatible; Googlebot/2.1; +http://www.google.com/bot.html)"
66.249.68.25 - - [25/Nov/2022:00:18:40 +0100] "GET /braided-polypropylene-decorative-basket-p-58196.html HTTP/1.0" 200 76959 "-" "Mozilla/5.0 (Linux; Android 6.0.1; Nexus 5X Build/MMB29P) AppleWebKit/537.36 (KHTML, like Gecko) Chrome/107.0.5304.110 Mobile Safari/537.36 (compatible; Googlebot/2.1; +http://www.google.com/bot.html)"
114.119.166.166 - - [25/Nov/2022:00:18:41 +0100] "GET /cushion-covers-c-11_71_284.html HTTP/1.0" 200 92946 "http://www.wonder-geek.com/shower-curtain-p-39391.html" "Mozilla/5.0 (Linux; Android 7.0;) AppleWebKit/537.36 (KHTML, like Gecko) Mobile Safari/537.36 (compatible; PetalBot;+https://webmaster.petalsearch.com/site/petalbot)"
185.191.171.37 - - [25/Nov/2022:00:19:00 +0100] "GET /large-decorative-bell-gold-metal-p-56600.html HTTP/1.0" 200 76913 "-" "Mozilla/5.0 (compatible; SemrushBot/7~bl; +http://www.semrush.com/bot.html)"
66.249.68.25 - - [25/Nov/2022:00:19:20 +0100] "GET /images/big_prod/8422087196131.jpg HTTP/1.0" 200 268 "-" "Googlebot-Image/1.0"
185.191.171.5 - - [25/Nov/2022:00:19:40 +0100] "GET /strawberry-kitchen-towel-p-47132.html HTTP/1.0" 200 75898 "-" "Mozilla/5.0 (compatible; SemrushBot/7~bl; +http://www.semrush.com/bot.html)"
185.191.171.8 - - [25/Nov/2022:00:19:43 +0100] "GET /double-round-metal-mirror-golden-look-p-52463.html HTTP/1.0" 200 73426 "-" "Mozilla/5.0 (compatible; SemrushBot/7~bl; +http://www.semrush.com/bot.html)"
114.119.155.228 - - [25/Nov/2022:00:20:03 +0100] "GET /pepe-jeans-leather-wallet-black-p-38147.html HTTP/1.0" 200 73382 "http://www.wonder-geek.com/wallet-c-31_237.html?page=3" "Mozilla/5.0 (Linux; Android 7.0;) AppleWebKit/537.36 (KHTML, like Gecko) Mobile Safari/537.36 (compatible; PetalBot;+https://webmaster.petalsearch.com/site/petalbot)"
168.119.190.187 - - [25/Nov/2022:00:20:17 +0100] "GET /images/big_prod/1399984289389.jpg HTTP/1.0" 200 268 "-" "Mozilla/5.0 (X11; Fedora; Linux x86_64) AppleWebKit/537.36 (KHTML, like Gecko) Chrome/79.0.3945.117 Safari/537.36"
185.191.171.6 - - [25/Nov/2022:00:20:36 +0100] "GET /disney-descendants-small-suitcase-p-33687.html HTTP/1.0" 200 73420 "-" "Mozilla/5.0 (compatible; SemrushBot/7~bl; +http://www.semrush.com/bot.html)"
54.36.148.133 - - [25/Nov/2022:00:20:48 +0100] "GET /paperweight-cm-p-50129.html HTTP/1.0" 301 73386 "-" "Mozilla/5.0 (compatible; AhrefsBot/7.0; +http://ahrefs.com/robot/)"
