185.191.171.25 - - [24/Nov/2022:14:47:54 +0100] "GET /-p-50214.html HTTP/1.0" 200 73264 "-" "Mozilla/5.0 (compatible; SemrushBot/7~bl; +http://www.semrush.com/bot.html)"
185.191.171.35 - - [24/Nov/2022:14:47:58 +0100] "GET /amazon-love-glasses-case-navy-blue-p-50269.html HTTP/1.0" 200 73370 "-" "Mozilla/5.0 (compatible; SemrushBot/7~bl; +http://www.semrush.com/bot.html)"
80.11.253.192 - - [24/Nov/2022:14:47:59 +0100] "GET /adminweb/index.php HTTP/1.0" 302 481 "-" "Mozilla/5.0 (Windows NT 10.0; Win64; x64) AppleWebKit/537.36 (KHTML, like Gecko) Chrome/107.0.0.0 Safari/537.36"
80.11.253.192 - - [24/Nov/2022:14:48:00 +0100] "GET /adminweb/login.php HTTP/1.0" 200 4479 "-" "Mozilla/5.0 (Windows NT 10.0; Win64; x64) AppleWebKit/537.36 (KHTML, like Gecko) Chrome/107.0.0.0 Safari/537.36"
80.11.253.192 - - [24/Nov/2022:14:48:00 +0100] "GET /adminweb/includes/stylesheet.css HTTP/1.0" 200 265 "http://www.wonder-geek.com/adminweb/login.php" "Mozilla/5.0 (Windows NT 10.0; Win64; x64) AppleWebKit/537.36 (KHTML, like Gecko) Chrome/107.0.0.0 Safari/537.36"
80.11.253.192 - - [24/Nov/2022:14:48:00 +0100] "GET /adminweb/includes/index.css HTTP/1.0" 200 260 "http://www.wonder-geek.com/adminweb/login.php" "Mozilla/5.0 (Windows NT 10.0; Win64; x64) AppleWebKit/537.36 (KHTML, like Gecko) Chrome/107.0.0.0 Safari/537.36"
80.11.253.192 - - [24/Nov/2022:14:48:00 +0100] "GET /adminweb/includes/helptip.css HTTP/1.0" 200 1234 "http://www.wonder-geek.com/adminweb/login.php" "Mozilla/5.0 (Windows NT 10.0; Win64; x64) AppleWebKit/537.36 (KHTML, like Gecko) Chrome/107.0.0.0 Safari/537.36"
80.11.253.192 - - [24/Nov/2022:14:48:00 +0100] "GET /adminweb/includes/javascript/helptip.js HTTP/1.0" 200 279 "http://www.wonder-geek.com/adminweb/login.php" "Mozilla/5.0 (Windows NT 10.0; Win64; x64) AppleWebKit/537.36 (KHTML, like Gecko) Chrome/107.0.0.0 Safari/537.36"
80.11.253.192 - - [24/Nov/2022:14:48:00 +0100] "GET /adminweb/images/logo_mini.png HTTP/1.0" 200 263 "http://www.wonder-geek.com/adminweb/login.php" "Mozilla/5.0 (Windows NT 10.0; Win64; x64) AppleWebKit/537.36 (KHTML, like Gecko) Chrome/107.0.0.0 Safari/537.36"
80.11.253.192 - - [24/Nov/2022:14:48:00 +0100] "GET /adminweb/images/artoisweb.jpg HTTP/1.0" 200 264 "http://www.wonder-geek.com/adminweb/login.php" "Mozilla/5.0 (Windows NT 10.0; Win64; x64) AppleWebKit/537.36 (KHTML, like Gecko) Chrome/107.0.0.0 Safari/537.36"
80.11.253.192 - - [24/Nov/2022:14:48:00 +0100] "GET /adminweb/images/pixel_black.gif HTTP/1.0" 200 320 "http://www.wonder-geek.com/adminweb/login.php" "Mozilla/5.0 (Windows NT 10.0; Win64; x64) AppleWebKit/537.36 (KHTML, like Gecko) Chrome/107.0.0.0 Safari/537.36"
80.11.253.192 - - [24/Nov/2022:14:48:00 +0100] "GET /adminweb/images/pixel_trans.gif HTTP/1.0" 200 328 "http://www.wonder-geek.com/adminweb/login.php" "Mozilla/5.0 (Windows NT 10.0; Win64; x64) AppleWebKit/537.36 (KHTML, like Gecko) Chrome/107.0.0.0 Safari/537.36"
80.11.253.192 - - [24/Nov/2022:14:48:00 +0100] "GET /adminweb/includes/languages/french/images/buttons/button_confirm.gif HTTP/1.0" 200 302 "http://www.wonder-geek.com/adminweb/login.php" "Mozilla/5.0 (Windows NT 10.0; Win64; x64) AppleWebKit/537.36 (KHTML, like Gecko) Chrome/107.0.0.0 Safari/537.36"
185.191.171.11 - - [24/Nov/2022:14:48:02 +0100] "GET /-p-51080.html HTTP/1.0" 200 73264 "-" "Mozilla/5.0 (compatible; SemrushBot/7~bl; +http://www.semrush.com/bot.html)"
157.55.39.183 - - [24/Nov/2022:14:48:08 +0100] "GET /strawberry-shortcake-hat-years-p-22145.html HTTP/1.0" 301 76138 "-" "Mozilla/5.0 (compatible; bingbot/2.0; +http://www.bing.com/bingbot.htm)"
185.191.171.18 - - [24/Nov/2022:14:48:13 +0100] "GET /manicure-articles-c-3_204.html HTTP/1.0" 200 92450 "-" "Mozilla/5.0 (compatible; SemrushBot/7~bl; +http://www.semrush.com/bot.html)"
185.191.171.39 - - [24/Nov/2022:14:48:38 +0100] "GET /chest-wood-whitened-p-48071.html HTTP/1.0" 200 73344 "-" "Mozilla/5.0 (compatible; SemrushBot/7~bl; +http://www.semrush.com/bot.html)"
207.46.13.42 - - [24/Nov/2022:14:48:45 +0100] "GET /-p-35799.html HTTP/1.0" 200 73264 "-" "Mozilla/5.0 (compatible; bingbot/2.0; +http://www.bing.com/bingbot.htm)"
185.191.171.43 - - [24/Nov/2022:14:49:01 +0100] "GET /bamboo-fiber-plant-cover-p-58896.html HTTP/1.0" 200 76540 "-" "Mozilla/5.0 (compatible; SemrushBot/7~bl; +http://www.semrush.com/bot.html)"
66.249.68.1 - - [24/Nov/2022:14:49:03 +0100] "GET /cement-tile-stickers-beige-gold-p-45006.html HTTP/1.0" 200 76941 "-" "Mozilla/5.0 (Linux; Android 6.0.1; Nexus 5X Build/MMB29P) AppleWebKit/537.36 (KHTML, like Gecko) Chrome/107.0.5304.110 Mobile Safari/537.36 (compatible; Googlebot/2.1; +http://www.google.com/bot.html)"
114.119.133.1 - - [24/Nov/2022:14:49:11 +0100] "GET /london-mirror-bag-p-29319.html HTTP/1.0" 301 75993 "http://www.wonder-geek.com/bag-hung-and-bag-mirrors-c-31_258.html" "Mozilla/5.0 (Linux; Android 7.0;) AppleWebKit/537.36 (KHTML, like Gecko) Mobile Safari/537.36 (compatible; PetalBot;+https://webmaster.petalsearch.com/site/petalbot)"
114.119.133.1 - - [24/Nov/2022:14:49:17 +0100] "GET /london-mirror-p-29319.html HTTP/1.0" 200 75913 "http://www.wonder-geek.com/bag-hung-and-bag-mirrors-c-31_258.html" "Mozilla/5.0 (Linux; Android 7.0;) AppleWebKit/537.36 (KHTML, like Gecko) Mobile Safari/537.36 (compatible; PetalBot;+https://webmaster.petalsearch.com/site/petalbot)"
40.77.167.27 - - [24/Nov/2022:14:49:21 +0100] "GET /images/big_prod/3453131150491.jpg HTTP/1.0" 200 268 "-" "Mozilla/5.0 AppleWebKit/537.36 (KHTML, like Gecko; compatible; bingbot/2.0; +http://www.bing.com/bingbot.htm) Chrome/103.0.5060.134 Safari/537.36"
185.191.171.24 - - [24/Nov/2022:14:49:35 +0100] "GET /mini-trays-c-12_159_260.html?page=7 HTTP/1.0" 200 95632 "-" "Mozilla/5.0 (compatible; SemrushBot/7~bl; +http://www.semrush.com/bot.html)"
54.36.148.142 - - [24/Nov/2022:14:49:45 +0100] "GET /-c-95_294.html HTTP/1.0" 200 72132 "-" "Mozilla/5.0 (compatible; AhrefsBot/7.0; +http://ahrefs.com/robot/)"
207.46.13.181 - - [24/Nov/2022:14:49:58 +0100] "GET /clock-plane-color-rust-325-cm-p-38742.html HTTP/1.0" 301 73331 "-" "Mozilla/5.0 (compatible; bingbot/2.0; +http://www.bing.com/bingbot.htm)"
185.191.171.8 - - [24/Nov/2022:14:50:29 +0100] "GET /flower-vivienne-collection-gray-fish-p-54498.html HTTP/1.0" 200 76704 "-" "Mozilla/5.0 (compatible; SemrushBot/7~bl; +http://www.semrush.com/bot.html)"
114.119.155.228 - - [24/Nov/2022:14:50:30 +0100] "GET /california-khaki-shoulder-p-37121.html HTTP/1.0" 200 76292 "http://www.wonder-geek.com/luggages-schoolbags-leather-shop-c-31.html?page=38" "Mozilla/5.0 (Linux; Android 7.0;) AppleWebKit/537.36 (KHTML, like Gecko) Mobile Safari/537.36 (compatible; PetalBot;+https://webmaster.petalsearch.com/site/petalbot)"
185.191.171.39 - - [24/Nov/2022:14:50:47 +0100] "GET /corsica-metal-plate-p-52513.html HTTP/1.0" 200 75861 "-" "Mozilla/5.0 (compatible; SemrushBot/7~bl; +http://www.semrush.com/bot.html)"
185.191.171.4 - - [24/Nov/2022:14:51:06 +0100] "GET /american-motorcycle-pencil-picture-frame-p-37628.html HTTP/1.0" 200 73438 "-" "Mozilla/5.0 (compatible; SemrushBot/7~bl; +http://www.semrush.com/bot.html)"
157.55.39.202 - - [24/Nov/2022:14:51:18 +0100] "GET /images/big_prod_1/9316188076050N.jpg HTTP/1.0" 200 271 "-" "Mozilla/5.0 AppleWebKit/537.36 (KHTML, like Gecko; compatible; bingbot/2.0; +http://www.bing.com/bingbot.htm) Chrome/103.0.5060.134 Safari/537.36"
66.249.68.1 - - [24/Nov/2022:14:51:24 +0100] "GET /galileo-thermometer-indoors-p-49619.html HTTP/1.0" 200 76629 "-" "Mozilla/5.0 (Linux; Android 6.0.1; Nexus 5X Build/MMB29P) AppleWebKit/537.36 (KHTML, like Gecko) Chrome/107.0.5304.110 Mobile Safari/537.36 (compatible; Googlebot/2.1; +http://www.google.com/bot.html)"
66.249.68.25 - - [24/Nov/2022:14:51:40 +0100] "GET /bicycles-pattern-woven-cool-bag-lunch-box-p-34159.html HTTP/1.0" 301 73502 "-" "Mozilla/5.0 (Linux; Android 6.0.1; Nexus 5X Build/MMB29P) AppleWebKit/537.36 (KHTML, like Gecko) Chrome/107.0.5304.110 Mobile Safari/537.36 (compatible; Googlebot/2.1; +http://www.google.com/bot.html)"
66.249.68.30 - - [24/Nov/2022:14:51:41 +0100] "GET /bicycles-pattern-woven-cool-lunch-p-34159.html HTTP/1.0" 200 73402 "-" "Mozilla/5.0 (Linux; Android 6.0.1; Nexus 5X Build/MMB29P) AppleWebKit/537.36 (KHTML, like Gecko) Chrome/107.0.5304.110 Mobile Safari/537.36 (compatible; Googlebot/2.1; +http://www.google.com/bot.html)"
40.77.167.27 - - [24/Nov/2022:14:51:43 +0100] "GET /-p-35832.html HTTP/1.0" 200 73264 "-" "Mozilla/5.0 AppleWebKit/537.36 (KHTML, like Gecko; compatible; bingbot/2.0; +http://www.bing.com/bingbot.htm) Chrome/103.0.5060.134 Safari/537.36"
85.138.78.158 - - [24/Nov/2022:14:51:48 +0100] "GET /highslide/highslide.js HTTP/1.0" 200 262 "http://www.wonder-geek.com/pouch-kiub-collection-p-54786.html" "Mozilla/5.0 (Windows NT 10.0; Win64; x64) AppleWebKit/537.36 (KHTML, like Gecko) Chrome/107.0.0.0 Safari/537.36 Edg/107.0.1418.42"
85.138.78.158 - - [24/Nov/2022:14:51:47 +0100] "GET /pouch-kiub-collection-p-54786.html HTTP/1.0" 200 76127 "https://www.google.pt/" "Mozilla/5.0 (Windows NT 10.0; Win64; x64) AppleWebKit/537.36 (KHTML, like Gecko) Chrome/107.0.0.0 Safari/537.36 Edg/107.0.1418.42"
85.138.78.158 - - [24/Nov/2022:14:51:48 +0100] "GET /templates/Pixame_v1/stylesheet.css HTTP/1.0" 200 267 "http://www.wonder-geek.com/pouch-kiub-collection-p-54786.html" "Mozilla/5.0 (Windows NT 10.0; Win64; x64) AppleWebKit/537.36 (KHTML, like Gecko) Chrome/107.0.0.0 Safari/537.36 Edg/107.0.1418.42"
85.138.78.158 - - [24/Nov/2022:14:51:48 +0100] "GET /js/jquery.jqzoom.js HTTP/1.0" 200 259 "http://www.wonder-geek.com/pouch-kiub-collection-p-54786.html" "Mozilla/5.0 (Windows NT 10.0; Win64; x64) AppleWebKit/537.36 (KHTML, like Gecko) Chrome/107.0.0.0 Safari/537.36 Edg/107.0.1418.42"
85.138.78.158 - - [24/Nov/2022:14:51:48 +0100] "GET /js/jquery.js HTTP/1.0" 200 252 "http://www.wonder-geek.com/pouch-kiub-collection-p-54786.html" "Mozilla/5.0 (Windows NT 10.0; Win64; x64) AppleWebKit/537.36 (KHTML, like Gecko) Chrome/107.0.0.0 Safari/537.36 Edg/107.0.1418.42"
85.138.78.158 - - [24/Nov/2022:14:51:48 +0100] "GET /mondial_relay/js/jquery-1.3.2.min.js HTTP/1.0" 200 276 "http://www.wonder-geek.com/pouch-kiub-collection-p-54786.html" "Mozilla/5.0 (Windows NT 10.0; Win64; x64) AppleWebKit/537.36 (KHTML, like Gecko) Chrome/107.0.0.0 Safari/537.36 Edg/107.0.1418.42"
85.138.78.158 - - [24/Nov/2022:14:51:49 +0100] "GET /swfobject.js HTTP/1.0" 404 1308 "http://www.wonder-geek.com/pouch-kiub-collection-p-54786.html" "Mozilla/5.0 (Windows NT 10.0; Win64; x64) AppleWebKit/537.36 (KHTML, like Gecko) Chrome/107.0.0.0 Safari/537.36 Edg/107.0.1418.42"
85.138.78.158 - - [24/Nov/2022:14:51:49 +0100] "GET /templates/Pixame_v1/images/icon_accueil2.png HTTP/1.0" 200 278 "http://www.wonder-geek.com/pouch-kiub-collection-p-54786.html" "Mozilla/5.0 (Windows NT 10.0; Win64; x64) AppleWebKit/537.36 (KHTML, like Gecko) Chrome/107.0.0.0 Safari/537.36 Edg/107.0.1418.42"
85.138.78.158 - - [24/Nov/2022:14:51:49 +0100] "GET /images/pixel_trans.gif HTTP/1.0" 200 328 "http://www.wonder-geek.com/pouch-kiub-collection-p-54786.html" "Mozilla/5.0 (Windows NT 10.0; Win64; x64) AppleWebKit/537.36 (KHTML, like Gecko) Chrome/107.0.0.0 Safari/537.36 Edg/107.0.1418.42"
85.138.78.158 - - [24/Nov/2022:14:51:49 +0100] "GET /templates/Pixame_v1/images/infobox/pixel_trans.gif HTTP/1.0" 200 328 "http://www.wonder-geek.com/pouch-kiub-collection-p-54786.html" "Mozilla/5.0 (Windows NT 10.0; Win64; x64) AppleWebKit/537.36 (KHTML, like Gecko) Chrome/107.0.0.0 Safari/537.36 Edg/107.0.1418.42"
85.138.78.158 - - [24/Nov/2022:14:51:49 +0100] "GET /templates/Pixame_v1/images/pixel_trans.gif HTTP/1.0" 200 328 "http://www.wonder-geek.com/pouch-kiub-collection-p-54786.html" "Mozilla/5.0 (Windows NT 10.0; Win64; x64) AppleWebKit/537.36 (KHTML, like Gecko) Chrome/107.0.0.0 Safari/537.36 Edg/107.0.1418.42"
85.138.78.158 - - [24/Nov/2022:14:51:49 +0100] "GET /images/big_prod/3700572738857.jpg HTTP/1.0" 200 268 "http://www.wonder-geek.com/pouch-kiub-collection-p-54786.html" "Mozilla/5.0 (Windows NT 10.0; Win64; x64) AppleWebKit/537.36 (KHTML, like Gecko) Chrome/107.0.0.0 Safari/537.36 Edg/107.0.1418.42"
85.138.78.158 - - [24/Nov/2022:14:51:49 +0100] "GET /templates/Pixame_v1/images/buttons/english/button_in_cart.gif HTTP/1.0" 200 295 "http://www.wonder-geek.com/pouch-kiub-collection-p-54786.html" "Mozilla/5.0 (Windows NT 10.0; Win64; x64) AppleWebKit/537.36 (KHTML, like Gecko) Chrome/107.0.0.0 Safari/537.36 Edg/107.0.1418.42"
85.138.78.158 - - [24/Nov/2022:14:51:49 +0100] "GET /templates/Pixame_v1/images/Bottom_texture.jpg HTTP/1.0" 200 280 "http://www.wonder-geek.com/templates/Pixame_v1/stylesheet.css" "Mozilla/5.0 (Windows NT 10.0; Win64; x64) AppleWebKit/537.36 (KHTML, like Gecko) Chrome/107.0.0.0 Safari/537.36 Edg/107.0.1418.42"
85.138.78.158 - - [24/Nov/2022:14:51:49 +0100] "GET /templates/Pixame_v1/images/Middle_texture.jpg HTTP/1.0" 200 280 "http://www.wonder-geek.com/templates/Pixame_v1/stylesheet.css" "Mozilla/5.0 (Windows NT 10.0; Win64; x64) AppleWebKit/537.36 (KHTML, like Gecko) Chrome/107.0.0.0 Safari/537.36 Edg/107.0.1418.42"
85.138.78.158 - - [24/Nov/2022:14:51:49 +0100] "GET /templates/Pixame_v1/images/header.png HTTP/1.0" 200 271 "http://www.wonder-geek.com/templates/Pixame_v1/stylesheet.css" "Mozilla/5.0 (Windows NT 10.0; Win64; x64) AppleWebKit/537.36 (KHTML, like Gecko) Chrome/107.0.0.0 Safari/537.36 Edg/107.0.1418.42"
85.138.78.158 - - [24/Nov/2022:14:51:49 +0100] "GET /templates/Pixame_v1/images/header-object.png HTTP/1.0" 200 278 "http://www.wonder-geek.com/templates/Pixame_v1/stylesheet.css" "Mozilla/5.0 (Windows NT 10.0; Win64; x64) AppleWebKit/537.36 (KHTML, like Gecko) Chrome/107.0.0.0 Safari/537.36 Edg/107.0.1418.42"
85.138.78.158 - - [24/Nov/2022:14:51:49 +0100] "GET /templates/Pixame_v1/images/nav.png HTTP/1.0" 200 268 "http://www.wonder-geek.com/templates/Pixame_v1/stylesheet.css" "Mozilla/5.0 (Windows NT 10.0; Win64; x64) AppleWebKit/537.36 (KHTML, like Gecko) Chrome/107.0.0.0 Safari/537.36 Edg/107.0.1418.42"
85.138.78.158 - - [24/Nov/2022:14:51:49 +0100] "GET /design/productsenstock.png HTTP/1.0" 200 260 "http://www.wonder-geek.com/templates/Pixame_v1/stylesheet.css" "Mozilla/5.0 (Windows NT 10.0; Win64; x64) AppleWebKit/537.36 (KHTML, like Gecko) Chrome/107.0.0.0 Safari/537.36 Edg/107.0.1418.42"
85.138.78.158 - - [24/Nov/2022:14:51:49 +0100] "GET /templates/Pixame_v1/images/infobox/infobox_footer_middle.gif HTTP/1.0" 200 357 "http://www.wonder-geek.com/pouch-kiub-collection-p-54786.html" "Mozilla/5.0 (Windows NT 10.0; Win64; x64) AppleWebKit/537.36 (KHTML, like Gecko) Chrome/107.0.0.0 Safari/537.36 Edg/107.0.1418.42"
85.138.78.158 - - [24/Nov/2022:14:51:49 +0100] "GET /highslide/graphics/zoomin.cur HTTP/1.0" 200 614 "http://www.wonder-geek.com/templates/Pixame_v1/stylesheet.css" "Mozilla/5.0 (Windows NT 10.0; Win64; x64) AppleWebKit/537.36 (KHTML, like Gecko) Chrome/107.0.0.0 Safari/537.36 Edg/107.0.1418.42"
85.138.78.158 - - [24/Nov/2022:14:51:49 +0100] "GET /highslide/graphics/outlines/drop-shadow.png HTTP/1.0" 200 277 "http://www.wonder-geek.com/pouch-kiub-collection-p-54786.html" "Mozilla/5.0 (Windows NT 10.0; Win64; x64) AppleWebKit/537.36 (KHTML, like Gecko) Chrome/107.0.0.0 Safari/537.36 Edg/107.0.1418.42"
85.138.78.158 - - [24/Nov/2022:14:51:49 +0100] "GET /highslide/graphics/loader.white.gif HTTP/1.0" 200 960 "http://www.wonder-geek.com/templates/Pixame_v1/stylesheet.css" "Mozilla/5.0 (Windows NT 10.0; Win64; x64) AppleWebKit/537.36 (KHTML, like Gecko) Chrome/107.0.0.0 Safari/537.36 Edg/107.0.1418.42"
85.138.78.158 - - [24/Nov/2022:14:51:49 +0100] "GET /favicon.ico HTTP/1.0" 200 260 "http://www.wonder-geek.com/pouch-kiub-collection-p-54786.html" "Mozilla/5.0 (Windows NT 10.0; Win64; x64) AppleWebKit/537.36 (KHTML, like Gecko) Chrome/107.0.0.0 Safari/537.36 Edg/107.0.1418.42"
85.138.78.158 - - [24/Nov/2022:14:51:49 +0100] "GET /highslide/graphics/zoomout.cur HTTP/1.0" 200 614 "http://www.wonder-geek.com/pouch-kiub-collection-p-54786.html" "Mozilla/5.0 (Windows NT 10.0; Win64; x64) AppleWebKit/537.36 (KHTML, like Gecko) Chrome/107.0.0.0 Safari/537.36 Edg/107.0.1418.42"
185.191.171.39 - - [24/Nov/2022:14:51:48 +0100] "GET /lady-prayer-candle-novena-p-51633.html HTTP/1.0" 200 73382 "-" "Mozilla/5.0 (compatible; SemrushBot/7~bl; +http://www.semrush.com/bot.html)"
185.191.171.17 - - [24/Nov/2022:14:51:51 +0100] "GET /espresso-cups-bistro-p-59567.html HTTP/1.0" 200 75933 "-" "Mozilla/5.0 (compatible; SemrushBot/7~bl; +http://www.semrush.com/bot.html)"
114.119.133.1 - - [24/Nov/2022:14:52:02 +0100] "GET /glass-cutting-board-cbkreation-p-51909.html HTTP/1.0" 200 75970 "http://www.wonder-geek.com/trivet-and-boards-cut-c-12_158.html?page=10" "Mozilla/5.0 (Linux; Android 7.0;) AppleWebKit/537.36 (KHTML, like Gecko) Mobile Safari/537.36 (compatible; PetalBot;+https://webmaster.petalsearch.com/site/petalbot)"
185.191.171.16 - - [24/Nov/2022:14:52:22 +0100] "GET /socks-c-2_142.html HTTP/1.0" 200 82970 "-" "Mozilla/5.0 (compatible; SemrushBot/7~bl; +http://www.semrush.com/bot.html)"
185.191.171.12 - - [24/Nov/2022:14:52:31 +0100] "GET /peanuts-figure-p-11179.html HTTP/1.0" 200 75934 "-" "Mozilla/5.0 (compatible; SemrushBot/7~bl; +http://www.semrush.com/bot.html)"
157.55.39.183 - - [24/Nov/2022:14:52:48 +0100] "GET /-p-28806.html HTTP/1.0" 200 73264 "-" "Mozilla/5.0 AppleWebKit/537.36 (KHTML, like Gecko; compatible; bingbot/2.0; +http://www.bing.com/bingbot.htm) Chrome/103.0.5060.134 Safari/537.36"
185.191.171.16 - - [24/Nov/2022:14:52:52 +0100] "GET /hanging-board-vintage-motard-deco-born-ride-p-49492.html HTTP/1.0" 200 76169 "-" "Mozilla/5.0 (compatible; SemrushBot/7~bl; +http://www.semrush.com/bot.html)"
185.191.171.18 - - [24/Nov/2022:14:53:13 +0100] "GET /-p-35572.html HTTP/1.0" 200 73264 "-" "Mozilla/5.0 (compatible; SemrushBot/7~bl; +http://www.semrush.com/bot.html)"
66.249.68.25 - - [24/Nov/2022:14:53:16 +0100] "GET /littlest-petshop-travel-p-6374.html HTTP/1.0" 200 76206 "-" "Mozilla/5.0 (Linux; Android 6.0.1; Nexus 5X Build/MMB29P) AppleWebKit/537.36 (KHTML, like Gecko) Chrome/107.0.5304.110 Mobile Safari/537.36 (compatible; Googlebot/2.1; +http://www.google.com/bot.html)"
54.36.148.34 - - [24/Nov/2022:14:53:18 +0100] "GET /pharaoh-desktop-clock-p-50614.html HTTP/1.0" 200 76821 "-" "Mozilla/5.0 (compatible; AhrefsBot/7.0; +http://ahrefs.com/robot/)"
207.46.13.181 - - [24/Nov/2022:14:53:20 +0100] "GET /-p-30214.html HTTP/1.0" 200 73264 "-" "Mozilla/5.0 (compatible; bingbot/2.0; +http://www.bing.com/bingbot.htm)"
185.191.171.15 - - [24/Nov/2022:14:53:21 +0100] "GET /resin-decorative-bird-figurine-p-56367.html HTTP/1.0" 200 76747 "-" "Mozilla/5.0 (compatible; SemrushBot/7~bl; +http://www.semrush.com/bot.html)"
185.191.171.37 - - [24/Nov/2022:14:54:46 +0100] "GET /spiderman-mini-cration-suspendu-toile-p-16604.html HTTP/1.0" 200 73476 "-" "Mozilla/5.0 (compatible; SemrushBot/7~bl; +http://www.semrush.com/bot.html)"
66.249.68.30 - - [24/Nov/2022:14:54:49 +0100] "GET /images/big_prod_1/3665269132021a.jpg HTTP/1.0" 200 271 "-" "Googlebot-Image/1.0"
40.77.167.27 - - [24/Nov/2022:14:54:51 +0100] "GET /images/big_prod_1/3453131158442B.jpg HTTP/1.0" 200 271 "-" "Mozilla/5.0 AppleWebKit/537.36 (KHTML, like Gecko; compatible; bingbot/2.0; +http://www.bing.com/bingbot.htm) Chrome/103.0.5060.134 Safari/537.36"
185.191.171.8 - - [24/Nov/2022:14:54:58 +0100] "GET /rattan-baskets-p-45462.html HTTP/1.0" 200 73343 "-" "Mozilla/5.0 (compatible; SemrushBot/7~bl; +http://www.semrush.com/bot.html)"
207.46.13.186 - - [24/Nov/2022:14:55:01 +0100] "GET /images/1399984254820.jpg HTTP/1.0" 200 259 "-" "Mozilla/5.0 (compatible; bingbot/2.0; +http://www.bing.com/bingbot.htm)"
66.249.68.25 - - [24/Nov/2022:14:55:06 +0100] "GET /men-zippo-bracelet-in-black-leather-and-stainless-steel-p-49082.html HTTP/1.0" 301 77197 "-" "Mozilla/5.0 (compatible; Googlebot/2.1; +http://www.google.com/bot.html)"
207.46.13.42 - - [24/Nov/2022:14:55:06 +0100] "GET /marvel-avengers-clock-p-31607.html HTTP/1.0" 301 73331 "-" "Mozilla/5.0 AppleWebKit/537.36 (KHTML, like Gecko; compatible; bingbot/2.0; +http://www.bing.com/bingbot.htm) Chrome/103.0.5060.134 Safari/537.36"
66.249.68.30 - - [24/Nov/2022:14:55:08 +0100] "GET /zippo-bracelet-black-leather-stainless-steel-p-49082.html HTTP/1.0" 200 77086 "-" "Mozilla/5.0 (compatible; Googlebot/2.1; +http://www.google.com/bot.html)"
207.46.13.42 - - [24/Nov/2022:14:55:08 +0100] "GET /parrot-secret-notebook-kook-p-59055.html HTTP/1.0" 200 76700 "-" "Mozilla/5.0 (compatible; bingbot/2.0; +http://www.bing.com/bingbot.htm)"
185.191.171.1 - - [24/Nov/2022:14:55:12 +0100] "GET /metal-plunger-bottle-holder-table-decoration-p-45735.html HTTP/1.0" 200 73434 "-" "Mozilla/5.0 (compatible; SemrushBot/7~bl; +http://www.semrush.com/bot.html)"
185.191.171.3 - - [24/Nov/2022:14:55:19 +0100] "GET /-p-41457.html HTTP/1.0" 200 73264 "-" "Mozilla/5.0 (compatible; SemrushBot/7~bl; +http://www.semrush.com/bot.html)"
185.191.171.38 - - [24/Nov/2022:14:55:37 +0100] "GET /saxophonist-statue-p-47488.html HTTP/1.0" 200 73338 "-" "Mozilla/5.0 (compatible; SemrushBot/7~bl; +http://www.semrush.com/bot.html)"
66.249.68.30 - - [24/Nov/2022:14:55:56 +0100] "GET /flower-cover-p-55344.html HTTP/1.0" 200 76525 "-" "Mozilla/5.0 (Linux; Android 6.0.1; Nexus 5X Build/MMB29P) AppleWebKit/537.36 (KHTML, like Gecko) Chrome/107.0.5304.110 Mobile Safari/537.36 (compatible; Googlebot/2.1; +http://www.google.com/bot.html)"
185.191.171.33 - - [24/Nov/2022:14:56:11 +0100] "GET /wall-sticker-meilleur-cafe-p-53957.html HTTP/1.0" 200 76838 "-" "Mozilla/5.0 (compatible; SemrushBot/7~bl; +http://www.semrush.com/bot.html)"
185.191.171.2 - - [24/Nov/2022:14:56:22 +0100] "GET /queen-hearts-figurine-p-58183.html HTTP/1.0" 200 77491 "-" "Mozilla/5.0 (compatible; SemrushBot/7~bl; +http://www.semrush.com/bot.html)"
185.191.171.13 - - [24/Nov/2022:14:56:25 +0100] "GET /libra-cookware-cbkreation-p-43258.html HTTP/1.0" 200 75994 "-" "Mozilla/5.0 (compatible; SemrushBot/7~bl; +http://www.semrush.com/bot.html)"
54.36.148.24 - - [24/Nov/2022:14:56:42 +0100] "GET /blossoms-watering-pendulum-clock-p-52389.html HTTP/1.0" 200 76758 "-" "Mozilla/5.0 (compatible; AhrefsBot/7.0; +http://ahrefs.com/robot/)"
185.191.171.9 - - [24/Nov/2022:14:56:57 +0100] "GET /figurine-painted-ponies-dreamcatcher-barbara-eden-p-17866.html HTTP/1.0" 200 73450 "-" "Mozilla/5.0 (compatible; SemrushBot/7~bl; +http://www.semrush.com/bot.html)"
185.191.171.13 - - [24/Nov/2022:14:57:03 +0100] "GET /cement-tile-stickers-beige-gold-p-45005.html HTTP/1.0" 200 76940 "-" "Mozilla/5.0 (compatible; SemrushBot/7~bl; +http://www.semrush.com/bot.html)"
185.191.171.24 - - [24/Nov/2022:14:57:09 +0100] "GET /bamboo-fiber-plant-cover-p-54403.html HTTP/1.0" 200 73350 "-" "Mozilla/5.0 (compatible; SemrushBot/7~bl; +http://www.semrush.com/bot.html)"
185.191.171.4 - - [24/Nov/2022:14:57:11 +0100] "GET /bamboo-fiber-plant-cover-p-54350.html HTTP/1.0" 200 73350 "-" "Mozilla/5.0 (compatible; SemrushBot/7~bl; +http://www.semrush.com/bot.html)"
185.191.171.5 - - [24/Nov/2022:14:57:50 +0100] "GET /mini-trays-c-12_159_260.html?page=6 HTTP/1.0" 200 96697 "-" "Mozilla/5.0 (compatible; SemrushBot/7~bl; +http://www.semrush.com/bot.html)"
213.202.230.56 - - [24/Nov/2022:14:58:11 +0100] "GET /images/mini_prod/1348422000567.jpg HTTP/1.0" 200 269 "-" "Mozilla/5.0 (X11; Ubuntu; Linux x86_64; rv:72.0) Gecko/20100101 Firefox/72.0"
54.91.43.40 - - [24/Nov/2022:14:58:31 +0100] "GET /images/big_prod/1384010203583.jpg HTTP/1.0" 200 268 "-" "Mozilla/5.0 (X11; Ubuntu; Linux x86_64; rv:72.0) Gecko/20100101 Firefox/72.0"
157.55.39.202 - - [24/Nov/2022:14:59:00 +0100] "GET /-p-31215.html HTTP/1.0" 200 73264 "-" "Mozilla/5.0 (compatible; bingbot/2.0; +http://www.bing.com/bingbot.htm)"
185.191.171.13 - - [24/Nov/2022:14:59:06 +0100] "GET /kimmidoll-collection-p-42419.html HTTP/1.0" 200 73342 "-" "Mozilla/5.0 (compatible; SemrushBot/7~bl; +http://www.semrush.com/bot.html)"
185.191.171.33 - - [24/Nov/2022:14:59:23 +0100] "GET /-p-5603.html HTTP/1.0" 200 73262 "-" "Mozilla/5.0 (compatible; SemrushBot/7~bl; +http://www.semrush.com/bot.html)"
185.191.171.9 - - [24/Nov/2022:14:59:26 +0100] "GET /table-lamp-white-metal-p-41370.html HTTP/1.0" 200 75991 "-" "Mozilla/5.0 (compatible; SemrushBot/7~bl; +http://www.semrush.com/bot.html)"
185.191.171.35 - - [24/Nov/2022:14:59:30 +0100] "GET /flore-bedclothes-p-53126.html HTTP/1.0" 200 75935 "-" "Mozilla/5.0 (compatible; SemrushBot/7~bl; +http://www.semrush.com/bot.html)"
185.191.171.43 - - [24/Nov/2022:14:59:33 +0100] "GET /allen-decorated-cotton-flat-pouch-p-58300.html HTTP/1.0" 200 76727 "-" "Mozilla/5.0 (compatible; SemrushBot/7~bl; +http://www.semrush.com/bot.html)"
157.55.39.183 - - [24/Nov/2022:14:59:40 +0100] "GET /the-raving-rabbits-clock-p-37535.html HTTP/1.0" 301 76012 "-" "Mozilla/5.0 AppleWebKit/537.36 (KHTML, like Gecko; compatible; bingbot/2.0; +http://www.bing.com/bingbot.htm) Chrome/103.0.5060.134 Safari/537.36"
54.36.149.94 - - [24/Nov/2022:14:59:42 +0100] "GET /bilbao-coated-tablecloth-yellow-p-51229.html HTTP/1.0" 200 76642 "-" "Mozilla/5.0 (compatible; AhrefsBot/7.0; +http://ahrefs.com/robot/)"
207.46.13.181 - - [24/Nov/2022:14:59:44 +0100] "GET /small-baby-teeth-hedgehog-p-51574.html HTTP/1.0" 200 73374 "-" "Mozilla/5.0 (compatible; bingbot/2.0; +http://www.bing.com/bingbot.htm)"
54.36.148.235 - - [24/Nov/2022:14:59:48 +0100] "GET /images/big_prod_1/3442440269673B.jpg HTTP/1.0" 200 271 "-" "Mozilla/5.0 (compatible; AhrefsBot/7.0; +http://ahrefs.com/robot/)"
42.194.204.180 - - [24/Nov/2022:14:59:57 +0100] "GET /images/mini_prod/1399984284612.jpg HTTP/1.0" 200 269 "-" "Mozilla/5.0 (X11; Ubuntu; Linux x86_64; rv:72.0) Gecko/20100101 Firefox/72.0"
185.191.171.6 - - [24/Nov/2022:15:00:10 +0100] "GET /nintendo-laptop-cover-p-17625.html HTTP/1.0" 200 78640 "-" "Mozilla/5.0 (compatible; SemrushBot/7~bl; +http://www.semrush.com/bot.html)"
185.191.171.5 - - [24/Nov/2022:15:00:13 +0100] "GET /carpet-ethnic-berry-p-58174.html HTTP/1.0" 200 76909 "-" "Mozilla/5.0 (compatible; SemrushBot/7~bl; +http://www.semrush.com/bot.html)"
66.249.68.25 - - [24/Nov/2022:15:00:30 +0100] "GET /blooms-isothermic-stainless-steel-bottle-allen-p-52006.html HTTP/1.0" 200 76782 "-" "Mozilla/5.0 (Linux; Android 6.0.1; Nexus 5X Build/MMB29P) AppleWebKit/537.36 (KHTML, like Gecko) Chrome/107.0.5304.115 Mobile Safari/537.36 (compatible; Googlebot/2.1; +http://www.google.com/bot.html)"
185.191.171.15 - - [24/Nov/2022:15:00:31 +0100] "GET /hand-fatima-candle-holder-p-48032.html HTTP/1.0" 200 76023 "-" "Mozilla/5.0 (compatible; SemrushBot/7~bl; +http://www.semrush.com/bot.html)"
185.191.171.15 - - [24/Nov/2022:15:00:36 +0100] "GET /medusa-glass-paperweight-p-51095.html HTTP/1.0" 200 73350 "-" "Mozilla/5.0 (compatible; SemrushBot/7~bl; +http://www.semrush.com/bot.html)"
207.46.13.42 - - [24/Nov/2022:15:00:47 +0100] "GET /tortoise-statue-gold-color-resin-p-48008.html HTTP/1.0" 200 73388 "-" "Mozilla/5.0 (compatible; bingbot/2.0; +http://www.bing.com/bingbot.htm)"
66.249.68.25 - - [24/Nov/2022:15:00:54 +0100] "GET /lamas-adult-apron-p-45572.html HTTP/1.0" 200 73322 "-" "Mozilla/5.0 (Linux; Android 6.0.1; Nexus 5X Build/MMB29P) AppleWebKit/537.36 (KHTML, like Gecko) Chrome/107.0.5304.110 Mobile Safari/537.36 (compatible; Googlebot/2.1; +http://www.google.com/bot.html)"
185.191.171.23 - - [24/Nov/2022:15:00:57 +0100] "GET /harley-davidson-lighter-p-41031.html HTTP/1.0" 200 76349 "-" "Mozilla/5.0 (compatible; SemrushBot/7~bl; +http://www.semrush.com/bot.html)"
185.191.171.24 - - [24/Nov/2022:15:01:01 +0100] "GET /parrot-figurine-pottery-p-44980.html HTTP/1.0" 200 76062 "-" "Mozilla/5.0 (compatible; SemrushBot/7~bl; +http://www.semrush.com/bot.html)"
185.191.171.42 - - [24/Nov/2022:15:01:06 +0100] "GET /gustav-klimt-fulfilment-figurine-p-44951.html HTTP/1.0" 200 77211 "-" "Mozilla/5.0 (compatible; SemrushBot/7~bl; +http://www.semrush.com/bot.html)"
185.191.171.17 - - [24/Nov/2022:15:01:09 +0100] "GET /glitter-ball-meilleure-maman-toute-terre-p-57231.html HTTP/1.0" 200 76764 "-" "Mozilla/5.0 (compatible; SemrushBot/7~bl; +http://www.semrush.com/bot.html)"
185.191.171.39 - - [24/Nov/2022:15:01:16 +0100] "GET /christmas-2016-figurine-sonny-angel-p-37967.html HTTP/1.0" 200 77991 "-" "Mozilla/5.0 (compatible; SemrushBot/7~bl; +http://www.semrush.com/bot.html)"
185.191.171.36 - - [24/Nov/2022:15:01:24 +0100] "GET /beige-lampshade-p-56324.html HTTP/1.0" 200 73326 "-" "Mozilla/5.0 (compatible; SemrushBot/7~bl; +http://www.semrush.com/bot.html)"
207.46.13.42 - - [24/Nov/2022:15:02:08 +0100] "GET /scent-cup-heart-and-home-ginger-and-lemongrass-p-53338.html HTTP/1.0" 301 76569 "-" "Mozilla/5.0 (compatible; bingbot/2.0; +http://www.bing.com/bingbot.htm)"
54.36.148.36 - - [24/Nov/2022:15:02:49 +0100] "GET /blue-bowl-with-white-porcelain-grid-p-56192.html HTTP/1.0" 200 76042 "-" "Mozilla/5.0 (compatible; AhrefsBot/7.0; +http://ahrefs.com/robot/)"
51.68.224.127 - - [24/Nov/2022:15:02:52 +0100] "GET /adminweb/export_orders_xml.php?token=256de2z6edz6ed2z6DFSFsed2zed6zeDSFDSGdzedezfzf&maxorders=10&orderstart=1&status=14&start_date=2018-10-01 HTTP/1.0" 200 285 "-" "GesCom CharlotteBoutik Serveur"
51.68.224.127 - - [24/Nov/2022:15:02:52 +0100] "GET /adminweb/export_orders_xml.php?token=256de2z6edz6ed2z6DFSFsed2zed6zeDSFDSGdzedezfzf&maxorders=10&orderstart=1&status=6&start_date=2018-10-01 HTTP/1.0" 200 34006 "-" "GesCom CharlotteBoutik Serveur"
40.77.167.27 - - [24/Nov/2022:15:03:02 +0100] "GET /retro-wooden-motorcycle-frame-to-hang-latter-dude-p-46393.html HTTP/1.0" 301 76320 "-" "Mozilla/5.0 AppleWebKit/537.36 (KHTML, like Gecko; compatible; bingbot/2.0; +http://www.bing.com/bingbot.htm) Chrome/103.0.5060.134 Safari/537.36"
185.191.171.26 - - [24/Nov/2022:15:03:02 +0100] "GET /hello-kitty-rainwear-p-31263.html HTTP/1.0" 200 73355 "-" "Mozilla/5.0 (compatible; SemrushBot/7~bl; +http://www.semrush.com/bot.html)"
66.249.68.30 - - [24/Nov/2022:15:03:06 +0100] "GET /images/big_prod/3700344872055.jpg HTTP/1.0" 200 268 "-" "Googlebot-Image/1.0"
185.191.171.39 - - [24/Nov/2022:15:03:12 +0100] "GET /ganesh-statue-p-41999.html HTTP/1.0" 200 73318 "-" "Mozilla/5.0 (compatible; SemrushBot/7~bl; +http://www.semrush.com/bot.html)"
185.191.171.45 - - [24/Nov/2022:15:03:17 +0100] "GET /childrens-beds-c-13_210.html HTTP/1.0" 200 78843 "-" "Mozilla/5.0 (compatible; SemrushBot/7~bl; +http://www.semrush.com/bot.html)"
185.191.171.1 - - [24/Nov/2022:15:03:23 +0100] "GET /small-fish-oven-glove-p-54503.html HTTP/1.0" 200 73338 "-" "Mozilla/5.0 (compatible; SemrushBot/7~bl; +http://www.semrush.com/bot.html)"
66.249.68.25 - - [24/Nov/2022:15:03:26 +0100] "GET /rolling-stones-love-rock-roll-zippo-lighter-p-32570.html HTTP/1.0" 200 78537 "-" "Mozilla/5.0 (compatible; Googlebot/2.1; +http://www.google.com/bot.html)"
157.55.39.183 - - [24/Nov/2022:15:03:28 +0100] "GET /images/big_prod/8422099381099.jpg HTTP/1.0" 200 268 "-" "Mozilla/5.0 AppleWebKit/537.36 (KHTML, like Gecko; compatible; bingbot/2.0; +http://www.bing.com/bingbot.htm) Chrome/103.0.5060.134 Safari/537.36"
185.191.171.1 - - [24/Nov/2022:15:03:52 +0100] "GET /votive-candle-hours-jasmine-freesia-p-38945.html HTTP/1.0" 200 73457 "-" "Mozilla/5.0 (compatible; SemrushBot/7~bl; +http://www.semrush.com/bot.html)"
66.249.68.30 - - [24/Nov/2022:15:04:02 +0100] "GET /household-linen-c-13_11.html?page=69 HTTP/1.0" 200 84835 "-" "Mozilla/5.0 (Linux; Android 6.0.1; Nexus 5X Build/MMB29P) AppleWebKit/537.36 (KHTML, like Gecko) Chrome/107.0.5304.110 Mobile Safari/537.36 (compatible; Googlebot/2.1; +http://www.google.com/bot.html)"
185.191.171.5 - - [24/Nov/2022:15:04:19 +0100] "GET /fuel-pump-clock-p-55135.html HTTP/1.0" 200 73314 "-" "Mozilla/5.0 (compatible; SemrushBot/7~bl; +http://www.semrush.com/bot.html)"
185.191.171.13 - - [24/Nov/2022:15:04:22 +0100] "GET /home-sweet-home-wooden-plate-p-40918.html HTTP/1.0" 200 73366 "-" "Mozilla/5.0 (compatible; SemrushBot/7~bl; +http://www.semrush.com/bot.html)"
185.191.171.6 - - [24/Nov/2022:15:04:25 +0100] "GET /eeyore-tree-ornament-p-31818.html HTTP/1.0" 200 73355 "-" "Mozilla/5.0 (compatible; SemrushBot/7~bl; +http://www.semrush.com/bot.html)"
66.249.68.25 - - [24/Nov/2022:15:04:28 +0100] "GET /votive-candle-bergamot-moss-white-musk-p-46871.html HTTP/1.0" 200 73475 "-" "Mozilla/5.0 (compatible; Googlebot/2.1; +http://www.google.com/bot.html)"
185.191.171.16 - - [24/Nov/2022:15:04:46 +0100] "GET /-p-50734.html HTTP/1.0" 200 73264 "-" "Mozilla/5.0 (compatible; SemrushBot/7~bl; +http://www.semrush.com/bot.html)"
207.46.13.186 - - [24/Nov/2022:15:04:54 +0100] "GET /-p-19527.html HTTP/1.0" 200 73264 "-" "Mozilla/5.0 (compatible; bingbot/2.0; +http://www.bing.com/bingbot.htm)"
52.33.251.36 - - [24/Nov/2022:15:05:00 +0100] "GET /images/med_prod/8435306265839.jpg HTTP/1.0" 200 268 "-" "Mozilla/5.0 (X11; Ubuntu; Linux x86_64; rv:72.0) Gecko/20100101 Firefox/72.0"
185.191.171.33 - - [24/Nov/2022:15:05:00 +0100] "GET /cats-flowers-p-45624.html HTTP/1.0" 200 73339 "-" "Mozilla/5.0 (compatible; SemrushBot/7~bl; +http://www.semrush.com/bot.html)"
185.191.171.41 - - [24/Nov/2022:15:05:12 +0100] "GET /retro-soccer-ball-vanity-case-p-59131.html HTTP/1.0" 200 77217 "-" "Mozilla/5.0 (compatible; SemrushBot/7~bl; +http://www.semrush.com/bot.html)"
157.55.39.202 - - [24/Nov/2022:15:05:40 +0100] "GET /wall-decoration-mappemonde-p-49967.html HTTP/1.0" 200 76560 "-" "Mozilla/5.0 (compatible; bingbot/2.0; +http://www.bing.com/bingbot.htm)"
54.36.148.75 - - [24/Nov/2022:15:06:16 +0100] "GET /klimt-adult-apron-p-51191.html HTTP/1.0" 200 75834 "-" "Mozilla/5.0 (compatible; AhrefsBot/7.0; +http://ahrefs.com/robot/)"
185.191.171.4 - - [24/Nov/2022:15:06:18 +0100] "GET /star-wars-large-backpack-p-30760.html HTTP/1.0" 200 73375 "-" "Mozilla/5.0 (compatible; SemrushBot/7~bl; +http://www.semrush.com/bot.html)"
123.57.182.90 - - [24/Nov/2022:15:06:28 +0100] "GET /images/mini_prod/5036278062209.jpg HTTP/1.0" 200 269 "-" "Mozilla/5.0 (Macintosh; Intel Mac OS X 10_15_7) AppleWebKit/537.36 (KHTML, like Gecko) Chrome/105.0.0.0 Safari/537.36"
185.191.171.24 - - [24/Nov/2022:15:06:36 +0100] "GET /-p-44047.html HTTP/1.0" 200 73264 "-" "Mozilla/5.0 (compatible; SemrushBot/7~bl; +http://www.semrush.com/bot.html)"
103.194.111.6 - - [24/Nov/2022:15:06:38 +0100] "GET /images/mini_prod/3612875119038.jpg HTTP/1.0" 200 269 "-" "Mozilla/5.0 (X11; Ubuntu; Linux x86_64; rv:72.0) Gecko/20100101 Firefox/72.0"
185.191.171.1 - - [24/Nov/2022:15:07:18 +0100] "GET /hanging-decoration-tour-france-p-52276.html HTTP/1.0" 200 76025 "-" "Mozilla/5.0 (compatible; SemrushBot/7~bl; +http://www.semrush.com/bot.html)"
185.191.171.44 - - [24/Nov/2022:15:07:41 +0100] "GET /-p-44052.html HTTP/1.0" 200 73264 "-" "Mozilla/5.0 (compatible; SemrushBot/7~bl; +http://www.semrush.com/bot.html)"
66.249.68.1 - - [24/Nov/2022:15:07:46 +0100] "GET /zippo-outdoor-utility-lighter-p-29793.html HTTP/1.0" 200 76427 "-" "Mozilla/5.0 (compatible; Googlebot/2.1; +http://www.google.com/bot.html)"
157.55.39.202 - - [24/Nov/2022:15:08:01 +0100] "GET /pink-cat-set-salt-and-pepper-p-34480.html HTTP/1.0" 301 76045 "-" "Mozilla/5.0 AppleWebKit/537.36 (KHTML, like Gecko; compatible; bingbot/2.0; +http://www.bing.com/bingbot.htm) Chrome/103.0.5060.134 Safari/537.36"
66.249.68.1 - - [24/Nov/2022:15:08:08 +0100] "GET /keyrings-c-31_52.html?page=9 HTTP/1.0" 200 97279 "-" "Mozilla/5.0 (Linux; Android 6.0.1; Nexus 5X Build/MMB29P) AppleWebKit/537.36 (KHTML, like Gecko) Chrome/107.0.5304.110 Mobile Safari/537.36 (compatible; Googlebot/2.1; +http://www.google.com/bot.html)"
185.191.171.7 - - [24/Nov/2022:15:08:08 +0100] "GET /boat-bell-wall-p-49460.html HTTP/1.0" 200 75958 "-" "Mozilla/5.0 (compatible; SemrushBot/7~bl; +http://www.semrush.com/bot.html)"
185.191.171.14 - - [24/Nov/2022:15:08:17 +0100] "GET /duvet-cover-cotton-percale-threads-p-51259.html HTTP/1.0" 200 76863 "-" "Mozilla/5.0 (compatible; SemrushBot/7~bl; +http://www.semrush.com/bot.html)"
185.191.171.10 - - [24/Nov/2022:15:08:25 +0100] "GET /aluminum-horse-bookends-p-59488.html HTTP/1.0" 200 76917 "-" "Mozilla/5.0 (compatible; SemrushBot/7~bl; +http://www.semrush.com/bot.html)"
185.191.171.42 - - [24/Nov/2022:15:08:41 +0100] "GET /large-candle-hours-sweet-p-34631.html HTTP/1.0" 200 77007 "-" "Mozilla/5.0 (compatible; SemrushBot/7~bl; +http://www.semrush.com/bot.html)"
66.249.68.30 - - [24/Nov/2022:15:08:44 +0100] "GET /sonny-hawaii-beach-figurines-p-49376.html HTTP/1.0" 200 76186 "-" "Mozilla/5.0 (compatible; Googlebot/2.1; +http://www.google.com/bot.html)"
207.46.13.42 - - [24/Nov/2022:15:08:46 +0100] "GET /children-coat-hooks-p-53156.html HTTP/1.0" 200 76664 "-" "Mozilla/5.0 AppleWebKit/537.36 (KHTML, like Gecko; compatible; bingbot/2.0; +http://www.bing.com/bingbot.htm) Chrome/103.0.5060.134 Safari/537.36"
207.46.13.42 - - [24/Nov/2022:15:08:49 +0100] "GET /-p-34981.html HTTP/1.0" 200 73264 "-" "Mozilla/5.0 AppleWebKit/537.36 (KHTML, like Gecko; compatible; bingbot/2.0; +http://www.bing.com/bingbot.htm) Chrome/103.0.5060.134 Safari/537.36"
185.191.171.33 - - [24/Nov/2022:15:09:02 +0100] "GET /keyrings-c-3_52.html?page=16 HTTP/1.0" 200 91084 "-" "Mozilla/5.0 (compatible; SemrushBot/7~bl; +http://www.semrush.com/bot.html)"
54.36.148.201 - - [24/Nov/2022:15:09:43 +0100] "GET /turtle-clock-allen-p-47466.html HTTP/1.0" 200 76066 "-" "Mozilla/5.0 (compatible; AhrefsBot/7.0; +http://ahrefs.com/robot/)"
66.249.68.30 - - [24/Nov/2022:15:09:54 +0100] "GET /cccp-logo-adult-military-cbkration-p-36534.html HTTP/1.0" 200 73406 "-" "Mozilla/5.0 (compatible; Googlebot/2.1; +http://www.google.com/bot.html)"
185.191.171.22 - - [24/Nov/2022:15:10:38 +0100] "GET /-p-17521.html HTTP/1.0" 200 73264 "-" "Mozilla/5.0 (compatible; SemrushBot/7~bl; +http://www.semrush.com/bot.html)"
185.191.171.37 - - [24/Nov/2022:15:11:03 +0100] "GET /crayola-first-markers-p-16588.html HTTP/1.0" 200 73356 "-" "Mozilla/5.0 (compatible; SemrushBot/7~bl; +http://www.semrush.com/bot.html)"
185.191.171.9 - - [24/Nov/2022:15:11:12 +0100] "GET /banania-metal-plate-p-30392.html HTTP/1.0" 200 75917 "-" "Mozilla/5.0 (compatible; SemrushBot/7~bl; +http://www.semrush.com/bot.html)"
157.55.39.202 - - [24/Nov/2022:15:11:32 +0100] "GET /-p-37804.html HTTP/1.0" 200 73264 "-" "Mozilla/5.0 (compatible; bingbot/2.0; +http://www.bing.com/bingbot.htm)"
123.57.182.90 - - [24/Nov/2022:15:11:35 +0100] "GET /images/mini_prod/1399984234747.jpg HTTP/1.0" 200 269 "-" "Mozilla/5.0 (Macintosh; Intel Mac OS X 10_15_7) AppleWebKit/537.36 (KHTML, like Gecko) Chrome/105.0.0.0 Safari/537.36"
185.191.171.11 - - [24/Nov/2022:15:11:41 +0100] "GET /viking-warrior-figurine-p-51520.html HTTP/1.0" 200 76597 "-" "Mozilla/5.0 (compatible; SemrushBot/7~bl; +http://www.semrush.com/bot.html)"
185.191.171.41 - - [24/Nov/2022:15:11:44 +0100] "GET /-p-31901.html HTTP/1.0" 200 73264 "-" "Mozilla/5.0 (compatible; SemrushBot/7~bl; +http://www.semrush.com/bot.html)"
66.249.68.1 - - [24/Nov/2022:15:11:58 +0100] "GET /klimt-cotton-pouch-p-51203.html HTTP/1.0" 200 75923 "-" "Mozilla/5.0 (Linux; Android 6.0.1; Nexus 5X Build/MMB29P) AppleWebKit/537.36 (KHTML, like Gecko) Chrome/107.0.5304.110 Mobile Safari/537.36 (compatible; Googlebot/2.1; +http://www.google.com/bot.html)"
66.249.68.25 - - [24/Nov/2022:15:12:07 +0100] "GET /smiski-phosphorescent-tooth-brush-holder-p-47290.html HTTP/1.0" 200 73414 "-" "Mozilla/5.0 (Linux; Android 6.0.1; Nexus 5X Build/MMB29P) AppleWebKit/537.36 (KHTML, like Gecko) Chrome/107.0.5304.110 Mobile Safari/537.36 (compatible; Googlebot/2.1; +http://www.google.com/bot.html)"
185.191.171.16 - - [24/Nov/2022:15:12:19 +0100] "GET /harley-davidson-ride-small-metal-plate-p-40263.html HTTP/1.0" 200 76125 "-" "Mozilla/5.0 (compatible; SemrushBot/7~bl; +http://www.semrush.com/bot.html)"
185.191.171.33 - - [24/Nov/2022:15:12:24 +0100] "GET /wall-sticker-copains-abord-p-52218.html HTTP/1.0" 200 76680 "-" "Mozilla/5.0 (compatible; SemrushBot/7~bl; +http://www.semrush.com/bot.html)"
185.191.171.7 - - [24/Nov/2022:15:13:01 +0100] "GET /-p-30674.html HTTP/1.0" 200 73264 "-" "Mozilla/5.0 (compatible; SemrushBot/7~bl; +http://www.semrush.com/bot.html)"
185.191.171.8 - - [24/Nov/2022:15:13:10 +0100] "GET /japanese-garden-cherry-tree-sticker-p-35390.html HTTP/1.0" 200 76748 "-" "Mozilla/5.0 (compatible; SemrushBot/7~bl; +http://www.semrush.com/bot.html)"
54.36.148.63 - - [24/Nov/2022:15:13:17 +0100] "GET /monaco-1912-vintage-poster-p-42504.html HTTP/1.0" 200 75949 "-" "Mozilla/5.0 (compatible; AhrefsBot/7.0; +http://ahrefs.com/robot/)"
66.249.68.1 - - [24/Nov/2022:15:13:21 +0100] "GET /plush-elephant-glitter-motsu-keel-toys-p-54190.html HTTP/1.0" 200 76211 "-" "Mozilla/5.0 (compatible; Googlebot/2.1; +http://www.google.com/bot.html)"
207.46.13.42 - - [24/Nov/2022:15:13:27 +0100] "GET /help-shower-curtain-p-39388.html HTTP/1.0" 200 73362 "-" "Mozilla/5.0 AppleWebKit/537.36 (KHTML, like Gecko; compatible; bingbot/2.0; +http://www.bing.com/bingbot.htm) Chrome/103.0.5060.134 Safari/537.36"
157.55.39.202 - - [24/Nov/2022:15:13:32 +0100] "GET /retro-wall-lamp-brown-weathered-metal-p-44616.html HTTP/1.0" 301 73331 "-" "Mozilla/5.0 (compatible; bingbot/2.0; +http://www.bing.com/bingbot.htm)"
185.191.171.21 - - [24/Nov/2022:15:13:35 +0100] "GET /nomea-ventilation-diffuser-black-p-57368.html HTTP/1.0" 200 76962 "-" "Mozilla/5.0 (compatible; SemrushBot/7~bl; +http://www.semrush.com/bot.html)"
207.46.13.186 - - [24/Nov/2022:15:14:03 +0100] "GET /images/med_prod/3520071379234.jpg HTTP/1.0" 200 268 "-" "Mozilla/5.0 (compatible; bingbot/2.0; +http://www.bing.com/bingbot.htm)"
66.249.68.25 - - [24/Nov/2022:15:14:29 +0100] "GET /salt-lamp-tree-life-p-57812.html HTTP/1.0" 200 73364 "-" "Mozilla/5.0 (Linux; Android 6.0.1; Nexus 5X Build/MMB29P) AppleWebKit/537.36 (KHTML, like Gecko) Chrome/107.0.5304.110 Mobile Safari/537.36 (compatible; Googlebot/2.1; +http://www.google.com/bot.html)"
157.55.39.183 - - [24/Nov/2022:15:14:40 +0100] "GET /cement-tile-stickers-p-50336.html HTTP/1.0" 200 76834 "-" "Mozilla/5.0 (compatible; bingbot/2.0; +http://www.bing.com/bingbot.htm)"
185.191.171.1 - - [24/Nov/2022:15:14:50 +0100] "GET /verity-rose-metal-keyrings-p-29177.html HTTP/1.0" 200 76607 "-" "Mozilla/5.0 (compatible; SemrushBot/7~bl; +http://www.semrush.com/bot.html)"
185.191.171.22 - - [24/Nov/2022:15:15:00 +0100] "GET /bamboo-saffron-tray-p-48011.html HTTP/1.0" 200 75954 "-" "Mozilla/5.0 (compatible; SemrushBot/7~bl; +http://www.semrush.com/bot.html)"
185.191.171.2 - - [24/Nov/2022:15:15:30 +0100] "GET /candle-hours-twilight-p-37313.html HTTP/1.0" 200 73356 "-" "Mozilla/5.0 (compatible; SemrushBot/7~bl; +http://www.semrush.com/bot.html)"
66.249.68.30 - - [24/Nov/2022:15:15:36 +0100] "GET /images/8028501699235.jpg HTTP/1.0" 200 259 "-" "Googlebot-Image/1.0"
185.191.171.33 - - [24/Nov/2022:15:15:36 +0100] "GET /perfume-burner-p-58568.html HTTP/1.0" 200 76737 "-" "Mozilla/5.0 (compatible; SemrushBot/7~bl; +http://www.semrush.com/bot.html)"
66.249.68.30 - - [24/Nov/2022:15:15:39 +0100] "GET /images/8006180300246.jpg HTTP/1.0" 200 259 "-" "Googlebot-Image/1.0"
66.249.68.25 - - [24/Nov/2022:15:15:42 +0100] "GET /images/NOI3700653502261.jpg HTTP/1.0" 200 262 "-" "Googlebot-Image/1.0"
157.55.39.183 - - [24/Nov/2022:15:15:50 +0100] "GET /images/big_prod/3770024924244a.jpg HTTP/1.0" 200 269 "-" "Mozilla/5.0 (compatible; bingbot/2.0; +http://www.bing.com/bingbot.htm)"
185.191.171.3 - - [24/Nov/2022:15:15:51 +0100] "GET /aprons-c-11_74.html?page=4 HTTP/1.0" 200 94642 "-" "Mozilla/5.0 (compatible; SemrushBot/7~bl; +http://www.semrush.com/bot.html)"
185.191.171.41 - - [24/Nov/2022:15:16:10 +0100] "GET /nippon-doll-cosmetic-pouch-p-26868.html HTTP/1.0" 200 76153 "-" "Mozilla/5.0 (compatible; SemrushBot/7~bl; +http://www.semrush.com/bot.html)"
157.55.39.183 - - [24/Nov/2022:15:16:11 +0100] "GET /piggy-bank-p-52600.html HTTP/1.0" 200 75823 "-" "Mozilla/5.0 (compatible; bingbot/2.0; +http://www.bing.com/bingbot.htm)"
185.191.171.41 - - [24/Nov/2022:15:16:13 +0100] "GET /tetsubin-black-teapot-japanese-liter-p-40898.html HTTP/1.0" 200 76284 "-" "Mozilla/5.0 (compatible; SemrushBot/7~bl; +http://www.semrush.com/bot.html)"
207.46.13.181 - - [24/Nov/2022:15:16:15 +0100] "GET /disney-showcase-cinderella-couture-force-p-51451.html HTTP/1.0" 200 77533 "-" "Mozilla/5.0 AppleWebKit/537.36 (KHTML, like Gecko; compatible; bingbot/2.0; +http://www.bing.com/bingbot.htm) Chrome/103.0.5060.134 Safari/537.36"
54.36.148.255 - - [24/Nov/2022:15:16:29 +0100] "GET /novena-candle-lady-miracles-p-59386.html HTTP/1.0" 200 76725 "-" "Mozilla/5.0 (compatible; AhrefsBot/7.0; +http://ahrefs.com/robot/)"
185.191.171.37 - - [24/Nov/2022:15:16:31 +0100] "GET /maurice-lamp-black-resin-p-56901.html HTTP/1.0" 200 76863 "-" "Mozilla/5.0 (compatible; SemrushBot/7~bl; +http://www.semrush.com/bot.html)"
185.191.171.37 - - [24/Nov/2022:15:16:59 +0100] "GET /thinkerbell-scarf-p-22150.html HTTP/1.0" 200 76119 "-" "Mozilla/5.0 (compatible; SemrushBot/7~bl; +http://www.semrush.com/bot.html)"
185.191.171.23 - - [24/Nov/2022:15:17:19 +0100] "GET /table-lamp-metal-gold-color-p-57004.html HTTP/1.0" 200 76878 "-" "Mozilla/5.0 (compatible; SemrushBot/7~bl; +http://www.semrush.com/bot.html)"
37.139.53.82 - - [24/Nov/2022:15:17:21 +0100] "GET /contact_us.php HTTP/1.0" 200 26241 "http://www.wonder-geek.com/contact_us.php" "Mozilla/5.0 (Windows NT 10.0; ) AppleWebKit/537.36 (KHTML, like Gecko) Chrome/83.0.4086.0 Safari/537.36"
37.139.53.82 - - [24/Nov/2022:15:17:21 +0100] "POST /contact_us.php?action=send HTTP/1.0" 200 26547 "http://www.wonder-geek.com/contact_us.php" "Mozilla/5.0 (Windows NT 10.0; ) AppleWebKit/537.36 (KHTML, like Gecko) Chrome/83.0.4086.0 Safari/537.36"
157.55.39.183 - - [24/Nov/2022:15:17:21 +0100] "GET /games-and-toys/soft-toys-security-blanket/nici-first-teddy-bear-soft-toy-p-11466.html HTTP/1.0" 301 73331 "-" "Mozilla/5.0 AppleWebKit/537.36 (KHTML, like Gecko; compatible; bingbot/2.0; +http://www.bing.com/bingbot.htm) Chrome/103.0.5060.134 Safari/537.36"
185.191.171.14 - - [24/Nov/2022:15:17:45 +0100] "GET /robots.txt HTTP/1.0" 200 245 "-" "Mozilla/5.0 (compatible; SemrushBot/7~bl; +http://www.semrush.com/bot.html)"
185.191.171.4 - - [24/Nov/2022:15:17:45 +0100] "GET /live-ride-cbkreation-p-30663.html HTTP/1.0" 200 75930 "-" "Mozilla/5.0 (compatible; SemrushBot/7~bl; +http://www.semrush.com/bot.html)"
157.55.39.183 - - [24/Nov/2022:15:18:01 +0100] "GET /blue-butterfly-women-shirt-p-30728.html HTTP/1.0" 200 77939 "-" "Mozilla/5.0 (compatible; bingbot/2.0; +http://www.bing.com/bingbot.htm)"
207.46.13.42 - - [24/Nov/2022:15:18:27 +0100] "GET /stoneware-lamp-p-55632.html HTTP/1.0" 200 73322 "-" "Mozilla/5.0 AppleWebKit/537.36 (KHTML, like Gecko; compatible; bingbot/2.0; +http://www.bing.com/bingbot.htm) Chrome/103.0.5060.134 Safari/537.36"
207.46.13.42 - - [24/Nov/2022:15:18:29 +0100] "GET /-p-15997.html HTTP/1.0" 200 73264 "-" "Mozilla/5.0 (compatible; bingbot/2.0; +http://www.bing.com/bingbot.htm)"
185.191.171.36 - - [24/Nov/2022:15:18:36 +0100] "GET /with-genie-lamp-figurine-p-58583.html HTTP/1.0" 200 77678 "-" "Mozilla/5.0 (compatible; SemrushBot/7~bl; +http://www.semrush.com/bot.html)"
66.249.68.25 - - [24/Nov/2022:15:18:48 +0100] "GET /tour-france-ceramic-with-spoon-p-52015.html HTTP/1.0" 200 76658 "-" "Mozilla/5.0 (Linux; Android 6.0.1; Nexus 5X Build/MMB29P) AppleWebKit/537.36 (KHTML, like Gecko) Chrome/107.0.5304.110 Mobile Safari/537.36 (compatible; Googlebot/2.1; +http://www.google.com/bot.html)"
51.68.224.127 - - [24/Nov/2022:15:19:02 +0100] "GET /adminweb/export_orders_xml.php?token=256de2z6edz6ed2z6DFSFsed2zed6zeDSFDSGdzedezfzf&maxorders=10&orderstart=1&status=14&start_date=2018-10-01 HTTP/1.0" 200 285 "-" "GesCom CharlotteBoutik Serveur"
51.68.224.127 - - [24/Nov/2022:15:19:02 +0100] "GET /adminweb/export_orders_xml.php?token=256de2z6edz6ed2z6DFSFsed2zed6zeDSFDSGdzedezfzf&maxorders=10&orderstart=1&status=6&start_date=2018-10-01 HTTP/1.0" 200 34006 "-" "GesCom CharlotteBoutik Serveur"
207.46.13.42 - - [24/Nov/2022:15:19:08 +0100] "GET /-p-31213.html HTTP/1.0" 200 73264 "-" "Mozilla/5.0 (compatible; bingbot/2.0; +http://www.bing.com/bingbot.htm)"
185.191.171.23 - - [24/Nov/2022:15:19:18 +0100] "GET /-p-39505.html HTTP/1.0" 200 73264 "-" "Mozilla/5.0 (compatible; SemrushBot/7~bl; +http://www.semrush.com/bot.html)"
185.191.171.42 - - [24/Nov/2022:15:19:32 +0100] "GET /jane-crowther-fish-p-53866.html HTTP/1.0" 200 76529 "-" "Mozilla/5.0 (compatible; SemrushBot/7~bl; +http://www.semrush.com/bot.html)"
147.92.153.5 - - [24/Nov/2022:15:19:35 +0100] "GET /collectible-disney-figures-c-292_290.html?page=5 HTTP/1.0" 200 98027 "-" "Mozilla/5.0 (compatible; Linespider/1.1; +https://lin.ee/4dwXkTH)"
147.92.153.3 - - [24/Nov/2022:15:19:38 +0100] "GET /swfobject.js HTTP/1.0" 404 1308 "http://www.wonder-geek.com/collectible-disney-figures-c-292_290.html?page=5" "Mozilla/5.0 AppleWebKit/537.36 (KHTML, like Gecko; compatible; Linespider/1.1; +https://lin.ee/4dwXkTH) Chrome/101.0.4951.0 Safari/537.36"
185.191.171.2 - - [24/Nov/2022:15:19:49 +0100] "GET /round-doormat-flower-life-diameter-p-52118.html HTTP/1.0" 200 76928 "-" "Mozilla/5.0 (compatible; SemrushBot/7~bl; +http://www.semrush.com/bot.html)"
40.77.167.27 - - [24/Nov/2022:15:19:55 +0100] "GET /-p-32133.html HTTP/1.0" 200 73264 "-" "Mozilla/5.0 AppleWebKit/537.36 (KHTML, like Gecko; compatible; bingbot/2.0; +http://www.bing.com/bingbot.htm) Chrome/103.0.5060.134 Safari/537.36"
185.191.171.42 - - [24/Nov/2022:15:19:55 +0100] "GET /-p-33678.html HTTP/1.0" 200 73264 "-" "Mozilla/5.0 (compatible; SemrushBot/7~bl; +http://www.semrush.com/bot.html)"
66.249.68.1 - - [24/Nov/2022:15:20:01 +0100] "GET /gorjuss-tartan-suitcase-boxes-p-48415.html HTTP/1.0" 200 78173 "-" "Mozilla/5.0 (Linux; Android 6.0.1; Nexus 5X Build/MMB29P) AppleWebKit/537.36 (KHTML, like Gecko) Chrome/107.0.5304.110 Mobile Safari/537.36 (compatible; Googlebot/2.1; +http://www.google.com/bot.html)"
54.36.148.253 - - [24/Nov/2022:15:20:00 +0100] "GET /ceramic-salt-with-spoon-aderne-p-47869.html HTTP/1.0" 200 76002 "-" "Mozilla/5.0 (compatible; AhrefsBot/7.0; +http://ahrefs.com/robot/)"
