65.109.26.102 - - [24/Nov/2022:04:34:07 +0100] "GET /christmas-figurine-sonny-p-32515.html HTTP/1.0" 301 73331 "-" "Mozilla/5.0 (compatible; MJ12bot/v1.4.8; http://mj12bot.com/)"
195.201.199.99 - - [24/Nov/2022:04:34:10 +0100] "GET /bather-statue-18-cm-p-41456.html HTTP/1.0" 301 73331 "-" "Mozilla/5.0 (compatible; MJ12bot/v1.4.8; http://mj12bot.com/)"
65.109.26.102 - - [24/Nov/2022:04:34:10 +0100] "GET /-p-32515.html HTTP/1.0" 200 73264 "-" "Mozilla/5.0 (compatible; MJ12bot/v1.4.8; http://mj12bot.com/)"
195.201.199.99 - - [24/Nov/2022:04:34:13 +0100] "GET /-p-41456.html HTTP/1.0" 200 73264 "-" "Mozilla/5.0 (compatible; MJ12bot/v1.4.8; http://mj12bot.com/)"
65.109.26.102 - - [24/Nov/2022:04:34:14 +0100] "GET /christmas-mickey-mouse-statement-figurine-p-56310.html HTTP/1.0" 200 77889 "-" "Mozilla/5.0 (compatible; MJ12bot/v1.4.8; http://mj12bot.com/)"
195.201.199.99 - - [24/Nov/2022:04:34:16 +0100] "GET /batman-blue-swimsuit-p-30424.html HTTP/1.0" 301 73331 "-" "Mozilla/5.0 (compatible; MJ12bot/v1.4.8; http://mj12bot.com/)"
65.109.26.102 - - [24/Nov/2022:04:34:17 +0100] "GET /christmas-wishes-santa-with-mickey-and-minnie-mouse-p-36905.html HTTP/1.0" 301 73331 "-" "Mozilla/5.0 (compatible; MJ12bot/v1.4.8; http://mj12bot.com/)"
65.109.26.102 - - [24/Nov/2022:04:34:20 +0100] "GET /-p-36905.html HTTP/1.0" 200 73264 "-" "Mozilla/5.0 (compatible; MJ12bot/v1.4.8; http://mj12bot.com/)"
195.201.199.99 - - [24/Nov/2022:04:34:20 +0100] "GET /-p-30424.html HTTP/1.0" 200 73264 "-" "Mozilla/5.0 (compatible; MJ12bot/v1.4.8; http://mj12bot.com/)"
65.109.26.102 - - [24/Nov/2022:04:34:23 +0100] "GET /chubby-bear-kaloo-moonlight-soft-toy-p-15718.html HTTP/1.0" 301 73331 "-" "Mozilla/5.0 (compatible; MJ12bot/v1.4.8; http://mj12bot.com/)"
195.201.199.99 - - [24/Nov/2022:04:34:25 +0100] "GET /batman-polar-blanket-p-31997.html HTTP/1.0" 200 73334 "-" "Mozilla/5.0 (compatible; MJ12bot/v1.4.8; http://mj12bot.com/)"
65.109.26.102 - - [24/Nov/2022:04:34:26 +0100] "GET /-p-15718.html HTTP/1.0" 200 73264 "-" "Mozilla/5.0 (compatible; MJ12bot/v1.4.8; http://mj12bot.com/)"
195.201.199.99 - - [24/Nov/2022:04:34:28 +0100] "GET /beach-house-decoration-wooden-whale-p-47491.html HTTP/1.0" 200 73394 "-" "Mozilla/5.0 (compatible; MJ12bot/v1.4.8; http://mj12bot.com/)"
65.109.26.102 - - [24/Nov/2022:04:34:29 +0100] "GET /cinderella-figure-p-2867.html HTTP/1.0" 301 73328 "-" "Mozilla/5.0 (compatible; MJ12bot/v1.4.8; http://mj12bot.com/)"
65.109.26.102 - - [24/Nov/2022:04:34:31 +0100] "GET /-p-2867.html HTTP/1.0" 200 73262 "-" "Mozilla/5.0 (compatible; MJ12bot/v1.4.8; http://mj12bot.com/)"
195.201.199.99 - - [24/Nov/2022:04:34:32 +0100] "GET /beauty-nail-p-32080.html HTTP/1.0" 301 73331 "-" "Mozilla/5.0 (compatible; MJ12bot/v1.4.8; http://mj12bot.com/)"
66.249.66.214 - - [24/Nov/2022:04:34:33 +0100] "GET /espresso-crasy-allen-desings-p-53198.html HTTP/1.0" 200 76024 "-" "Mozilla/5.0 (Linux; Android 6.0.1; Nexus 5X Build/MMB29P) AppleWebKit/537.36 (KHTML, like Gecko) Chrome/107.0.5304.110 Mobile Safari/537.36 (compatible; Googlebot/2.1; +http://www.google.com/bot.html)"
65.109.26.102 - - [24/Nov/2022:04:34:34 +0100] "GET /cinderella-watch-p-6316.html HTTP/1.0" 301 73328 "-" "Mozilla/5.0 (compatible; MJ12bot/v1.4.8; http://mj12bot.com/)"
114.119.130.87 - - [24/Nov/2022:04:34:35 +0100] "GET /roller-heart-cushion-p-36893.html HTTP/1.0" 200 73356 "http://www.wonder-geek.com/household-linen-c-11.html?page=25" "Mozilla/5.0 (Linux; Android 7.0;) AppleWebKit/537.36 (KHTML, like Gecko) Mobile Safari/537.36 (compatible; PetalBot;+https://webmaster.petalsearch.com/site/petalbot)"
195.201.199.99 - - [24/Nov/2022:04:34:36 +0100] "GET /-p-32080.html HTTP/1.0" 200 73264 "-" "Mozilla/5.0 (compatible; MJ12bot/v1.4.8; http://mj12bot.com/)"
65.109.26.102 - - [24/Nov/2022:04:34:37 +0100] "GET /-p-6316.html HTTP/1.0" 200 73262 "-" "Mozilla/5.0 (compatible; MJ12bot/v1.4.8; http://mj12bot.com/)"
195.201.199.99 - - [24/Nov/2022:04:34:39 +0100] "GET /becassine-large-metal-plate-p-48238.html HTTP/1.0" 200 73423 "-" "Mozilla/5.0 (compatible; MJ12bot/v1.4.8; http://mj12bot.com/)"
65.109.26.102 - - [24/Nov/2022:04:34:40 +0100] "GET /citation-confucius-white-women-shirt-p-34202.html HTTP/1.0" 200 78247 "-" "Mozilla/5.0 (compatible; MJ12bot/v1.4.8; http://mj12bot.com/)"
195.201.199.99 - - [24/Nov/2022:04:34:42 +0100] "GET /beer-capsule-collector-p-53782.html HTTP/1.0" 200 76674 "-" "Mozilla/5.0 (compatible; MJ12bot/v1.4.8; http://mj12bot.com/)"
65.109.26.102 - - [24/Nov/2022:04:34:43 +0100] "GET /citation-confucius-white-women-tee-shirt-p-34202.html HTTP/1.0" 301 78350 "-" "Mozilla/5.0 (compatible; MJ12bot/v1.4.8; http://mj12bot.com/)"
185.191.171.24 - - [24/Nov/2022:04:34:45 +0100] "GET /mobile-metallic-tealight-pink-house-p-38564.html HTTP/1.0" 200 73394 "-" "Mozilla/5.0 (compatible; SemrushBot/7~bl; +http://www.semrush.com/bot.html)"
195.201.199.99 - - [24/Nov/2022:04:34:46 +0100] "GET /beer-glass-and-bottle-opener-set-p-53485.html HTTP/1.0" 301 77014 "-" "Mozilla/5.0 (compatible; MJ12bot/v1.4.8; http://mj12bot.com/)"
65.109.26.102 - - [24/Nov/2022:04:34:46 +0100] "GET /citation-confucius-white-women-shirt-p-34202.html HTTP/1.0" 200 78247 "-" "Mozilla/5.0 (compatible; MJ12bot/v1.4.8; http://mj12bot.com/)"
65.109.26.102 - - [24/Nov/2022:04:34:50 +0100] "GET /citroen-large-metal-plate-p-15166.html HTTP/1.0" 301 73331 "-" "Mozilla/5.0 (compatible; MJ12bot/v1.4.8; http://mj12bot.com/)"
195.201.199.99 - - [24/Nov/2022:04:34:50 +0100] "GET /beer-glass-bottle-opener-p-53485.html HTTP/1.0" 200 76923 "-" "Mozilla/5.0 (compatible; MJ12bot/v1.4.8; http://mj12bot.com/)"
65.109.26.102 - - [24/Nov/2022:04:34:53 +0100] "GET /-p-15166.html HTTP/1.0" 200 73264 "-" "Mozilla/5.0 (compatible; MJ12bot/v1.4.8; http://mj12bot.com/)"
195.201.199.99 - - [24/Nov/2022:04:34:54 +0100] "GET /beer-metal-plate-deco-20-30-cm-p-46421.html HTTP/1.0" 301 73481 "-" "Mozilla/5.0 (compatible; MJ12bot/v1.4.8; http://mj12bot.com/)"
65.109.26.102 - - [24/Nov/2022:04:34:56 +0100] "GET /clock-indian-spirit-brave-p-42950.html HTTP/1.0" 200 75973 "-" "Mozilla/5.0 (compatible; MJ12bot/v1.4.8; http://mj12bot.com/)"
195.201.199.99 - - [24/Nov/2022:04:34:57 +0100] "GET /beer-metal-plate-deco-p-46421.html HTTP/1.0" 200 73393 "-" "Mozilla/5.0 (compatible; MJ12bot/v1.4.8; http://mj12bot.com/)"
65.109.26.102 - - [24/Nov/2022:04:35:00 +0100] "GET /clotaire-porcelain-piggy-bank-p-49217.html HTTP/1.0" 301 73331 "-" "Mozilla/5.0 (compatible; MJ12bot/v1.4.8; http://mj12bot.com/)"
195.201.199.99 - - [24/Nov/2022:04:35:01 +0100] "GET /beer-metal-plate-deco-p-46421.html HTTP/1.0" 200 73393 "-" "Mozilla/5.0 (compatible; MJ12bot/v1.4.8; http://mj12bot.com/)"
65.109.26.102 - - [24/Nov/2022:04:35:03 +0100] "GET /-p-49217.html HTTP/1.0" 200 73264 "-" "Mozilla/5.0 (compatible; MJ12bot/v1.4.8; http://mj12bot.com/)"
185.191.171.13 - - [24/Nov/2022:04:35:04 +0100] "GET /coasters-bucolic-atmosphere-cbkreation-p-49145.html HTTP/1.0" 200 76169 "-" "Mozilla/5.0 (compatible; SemrushBot/7~bl; +http://www.semrush.com/bot.html)"
195.201.199.99 - - [24/Nov/2022:04:35:05 +0100] "GET /beige-adult-cotton-apron-p-44362.html HTTP/1.0" 200 75889 "-" "Mozilla/5.0 (compatible; MJ12bot/v1.4.8; http://mj12bot.com/)"
65.109.26.102 - - [24/Nov/2022:04:35:06 +0100] "GET /coca-cola-blue-metal-plate-30-20-cm-p-37156.html HTTP/1.0" 301 73473 "-" "Mozilla/5.0 (compatible; MJ12bot/v1.4.8; http://mj12bot.com/)"
195.201.199.99 - - [24/Nov/2022:04:35:09 +0100] "GET /beige-owl-perfume-diffuser-p-31891.html HTTP/1.0" 301 73331 "-" "Mozilla/5.0 (compatible; MJ12bot/v1.4.8; http://mj12bot.com/)"
65.109.26.102 - - [24/Nov/2022:04:35:09 +0100] "GET /coca-cola-blue-metal-plate-p-37156.html HTTP/1.0" 200 73380 "-" "Mozilla/5.0 (compatible; MJ12bot/v1.4.8; http://mj12bot.com/)"
66.249.66.212 - - [24/Nov/2022:04:35:11 +0100] "GET /images/big_prod/8719075391624.jpg HTTP/1.0" 200 268 "-" "Googlebot-Image/1.0"
65.109.26.102 - - [24/Nov/2022:04:35:12 +0100] "GET /coca-cola-blue-metal-plate-p-37156.html HTTP/1.0" 200 73380 "-" "Mozilla/5.0 (compatible; MJ12bot/v1.4.8; http://mj12bot.com/)"
195.201.199.99 - - [24/Nov/2022:04:35:13 +0100] "GET /-p-31891.html HTTP/1.0" 200 73264 "-" "Mozilla/5.0 (compatible; MJ12bot/v1.4.8; http://mj12bot.com/)"
65.109.26.102 - - [24/Nov/2022:04:35:17 +0100] "GET /coca-cola-blue-retro-stool-p-27915.html HTTP/1.0" 301 73331 "-" "Mozilla/5.0 (compatible; MJ12bot/v1.4.8; http://mj12bot.com/)"
195.201.199.99 - - [24/Nov/2022:04:35:17 +0100] "GET /beige-perfume-diffuser-p-31891.html HTTP/1.0" 301 73331 "-" "Mozilla/5.0 (compatible; MJ12bot/v1.4.8; http://mj12bot.com/)"
185.191.171.3 - - [24/Nov/2022:04:35:17 +0100] "GET /shirts-sweatshirts-women-c-53_55.html?page=7 HTTP/1.0" 200 87354 "-" "Mozilla/5.0 (compatible; SemrushBot/7~bl; +http://www.semrush.com/bot.html)"
65.109.26.102 - - [24/Nov/2022:04:35:20 +0100] "GET /-p-27915.html HTTP/1.0" 200 73264 "-" "Mozilla/5.0 (compatible; MJ12bot/v1.4.8; http://mj12bot.com/)"
195.201.199.99 - - [24/Nov/2022:04:35:20 +0100] "GET /-p-31891.html HTTP/1.0" 200 73264 "-" "Mozilla/5.0 (compatible; MJ12bot/v1.4.8; http://mj12bot.com/)"
195.201.199.99 - - [24/Nov/2022:04:35:23 +0100] "GET /beige-piggy-bank-p-32854.html HTTP/1.0" 301 73331 "-" "Mozilla/5.0 (compatible; MJ12bot/v1.4.8; http://mj12bot.com/)"
65.109.26.102 - - [24/Nov/2022:04:35:23 +0100] "GET /coca-cola-clock-p-37051.html HTTP/1.0" 200 73342 "-" "Mozilla/5.0 (compatible; MJ12bot/v1.4.8; http://mj12bot.com/)"
195.201.199.99 - - [24/Nov/2022:04:35:26 +0100] "GET /-p-32854.html HTTP/1.0" 200 73264 "-" "Mozilla/5.0 (compatible; MJ12bot/v1.4.8; http://mj12bot.com/)"
65.109.26.102 - - [24/Nov/2022:04:35:26 +0100] "GET /coca-cola-cosmetic-bag-p-15959.html HTTP/1.0" 301 73331 "-" "Mozilla/5.0 (compatible; MJ12bot/v1.4.8; http://mj12bot.com/)"
65.109.26.102 - - [24/Nov/2022:04:35:29 +0100] "GET /-p-15959.html HTTP/1.0" 200 73264 "-" "Mozilla/5.0 (compatible; MJ12bot/v1.4.8; http://mj12bot.com/)"
195.201.199.99 - - [24/Nov/2022:04:35:29 +0100] "GET /beige-small-baby-teeth-moon-mouse-p-35472.html HTTP/1.0" 200 73462 "-" "Mozilla/5.0 (compatible; MJ12bot/v1.4.8; http://mj12bot.com/)"
65.109.26.102 - - [24/Nov/2022:04:35:33 +0100] "GET /coca-cola-cosmetic-bag-p-31806.html HTTP/1.0" 301 73419 "-" "Mozilla/5.0 (compatible; MJ12bot/v1.4.8; http://mj12bot.com/)"
195.201.199.99 - - [24/Nov/2022:04:35:33 +0100] "GET /beige-small-box-for-baby-teeth-moon-and-mouse-p-35472.html HTTP/1.0" 301 73562 "-" "Mozilla/5.0 (compatible; MJ12bot/v1.4.8; http://mj12bot.com/)"
65.109.26.102 - - [24/Nov/2022:04:35:36 +0100] "GET /coca-cola-cosmetic-p-31806.html HTTP/1.0" 200 73334 "-" "Mozilla/5.0 (compatible; MJ12bot/v1.4.8; http://mj12bot.com/)"
195.201.199.99 - - [24/Nov/2022:04:35:36 +0100] "GET /beige-small-baby-teeth-moon-mouse-p-35472.html HTTP/1.0" 200 73462 "-" "Mozilla/5.0 (compatible; MJ12bot/v1.4.8; http://mj12bot.com/)"
65.109.26.102 - - [24/Nov/2022:04:35:39 +0100] "GET /coca-cola-cosmetic-p-31806.html HTTP/1.0" 200 73334 "-" "Mozilla/5.0 (compatible; MJ12bot/v1.4.8; http://mj12bot.com/)"
195.201.199.99 - - [24/Nov/2022:04:35:39 +0100] "GET /betty-boop-black-large-sheet-metal-p-15306.html HTTP/1.0" 200 73425 "-" "Mozilla/5.0 (compatible; MJ12bot/v1.4.8; http://mj12bot.com/)"
195.201.199.99 - - [24/Nov/2022:04:35:42 +0100] "GET /birman-kitten-cosmetic-bag-p-14194.html HTTP/1.0" 301 73331 "-" "Mozilla/5.0 (compatible; MJ12bot/v1.4.8; http://mj12bot.com/)"
65.109.26.102 - - [24/Nov/2022:04:35:43 +0100] "GET /coca-cola-cushion-p-31670.html HTTP/1.0" 301 73331 "-" "Mozilla/5.0 (compatible; MJ12bot/v1.4.8; http://mj12bot.com/)"
195.201.199.99 - - [24/Nov/2022:04:35:45 +0100] "GET /-p-14194.html HTTP/1.0" 200 73264 "-" "Mozilla/5.0 (compatible; MJ12bot/v1.4.8; http://mj12bot.com/)"
65.109.26.102 - - [24/Nov/2022:04:35:46 +0100] "GET /-p-31670.html HTTP/1.0" 200 73264 "-" "Mozilla/5.0 (compatible; MJ12bot/v1.4.8; http://mj12bot.com/)"
65.109.26.102 - - [24/Nov/2022:04:35:49 +0100] "GET /coca-cola-distributor-refrigerated-p-27914.html HTTP/1.0" 200 73390 "-" "Mozilla/5.0 (compatible; MJ12bot/v1.4.8; http://mj12bot.com/)"
195.201.199.99 - - [24/Nov/2022:04:35:49 +0100] "GET /bison-girly-cushion-p-28714.html HTTP/1.0" 200 75983 "-" "Mozilla/5.0 (compatible; MJ12bot/v1.4.8; http://mj12bot.com/)"
195.201.199.99 - - [24/Nov/2022:04:35:53 +0100] "GET /bistrot-amis-retro-verrines-p-42677.html HTTP/1.0" 200 73414 "-" "Mozilla/5.0 (compatible; MJ12bot/v1.4.8; http://mj12bot.com/)"
65.109.26.102 - - [24/Nov/2022:04:35:53 +0100] "GET /coca-cola-red-clock-p-37051.html HTTP/1.0" 301 73424 "-" "Mozilla/5.0 (compatible; MJ12bot/v1.4.8; http://mj12bot.com/)"
195.201.199.99 - - [24/Nov/2022:04:35:56 +0100] "GET /bistrot-des-amis-retro-verrines-cm-set-of-p-42677.html HTTP/1.0" 301 73508 "-" "Mozilla/5.0 (compatible; MJ12bot/v1.4.8; http://mj12bot.com/)"
65.109.26.102 - - [24/Nov/2022:04:35:57 +0100] "GET /coca-cola-clock-p-37051.html HTTP/1.0" 200 73342 "-" "Mozilla/5.0 (compatible; MJ12bot/v1.4.8; http://mj12bot.com/)"
54.36.148.248 - - [24/Nov/2022:04:35:59 +0100] "GET /piggy-bank-with-small-hammer-vive-maris-p-38529.html HTTP/1.0" 200 76807 "-" "Mozilla/5.0 (compatible; AhrefsBot/7.0; +http://ahrefs.com/robot/)"
195.201.199.99 - - [24/Nov/2022:04:36:00 +0100] "GET /bistrot-amis-retro-verrines-p-42677.html HTTP/1.0" 200 73414 "-" "Mozilla/5.0 (compatible; MJ12bot/v1.4.8; http://mj12bot.com/)"
65.109.26.102 - - [24/Nov/2022:04:36:02 +0100] "GET /coconut-fibers-doormat-home-sweet-home-p-56386.html HTTP/1.0" 200 73426 "-" "Mozilla/5.0 (compatible; MJ12bot/v1.4.8; http://mj12bot.com/)"
195.201.199.99 - - [24/Nov/2022:04:36:03 +0100] "GET /blue-perfume-diffuser-p-35884.html HTTP/1.0" 301 73331 "-" "Mozilla/5.0 (compatible; MJ12bot/v1.4.8; http://mj12bot.com/)"
65.109.26.102 - - [24/Nov/2022:04:36:05 +0100] "GET /coconut-fibers-doormat-home-sweet-home-p-56391.html HTTP/1.0" 200 76281 "-" "Mozilla/5.0 (compatible; MJ12bot/v1.4.8; http://mj12bot.com/)"
195.201.199.99 - - [24/Nov/2022:04:36:06 +0100] "GET /-p-35884.html HTTP/1.0" 200 73264 "-" "Mozilla/5.0 (compatible; MJ12bot/v1.4.8; http://mj12bot.com/)"
114.119.166.166 - - [24/Nov/2022:04:36:07 +0100] "GET /light-garland-alpaca-p-53148.html HTTP/1.0" 200 73334 "http://www.wonder-geek.com/lighting-c-86.html?page=10" "Mozilla/5.0 (Linux; Android 7.0;) AppleWebKit/537.36 (KHTML, like Gecko) Mobile Safari/537.36 (compatible; PetalBot;+https://webmaster.petalsearch.com/site/petalbot)"
65.109.26.102 - - [24/Nov/2022:04:36:08 +0100] "GET /coconut-fibers-doormat-sweet-p-54568.html HTTP/1.0" 200 77081 "-" "Mozilla/5.0 (compatible; MJ12bot/v1.4.8; http://mj12bot.com/)"
195.201.199.99 - - [24/Nov/2022:04:36:09 +0100] "GET /blue-piggy-bank-p-49219.html HTTP/1.0" 301 73331 "-" "Mozilla/5.0 (compatible; MJ12bot/v1.4.8; http://mj12bot.com/)"
65.109.26.102 - - [24/Nov/2022:04:36:12 +0100] "GET /coconut-fibers-doormat-welcome-house-p-56385.html HTTP/1.0" 200 73430 "-" "Mozilla/5.0 (compatible; MJ12bot/v1.4.8; http://mj12bot.com/)"
195.201.199.99 - - [24/Nov/2022:04:36:12 +0100] "GET /-p-49219.html HTTP/1.0" 200 73264 "-" "Mozilla/5.0 (compatible; MJ12bot/v1.4.8; http://mj12bot.com/)"
65.109.26.102 - - [24/Nov/2022:04:36:15 +0100] "GET /coconut-fibers-doormat-welcome-p-56264.html HTTP/1.0" 200 73394 "-" "Mozilla/5.0 (compatible; MJ12bot/v1.4.8; http://mj12bot.com/)"
195.201.199.99 - - [24/Nov/2022:04:36:16 +0100] "GET /bmw-large-metal-plate-deco-p-37083.html HTTP/1.0" 301 76000 "-" "Mozilla/5.0 (compatible; MJ12bot/v1.4.8; http://mj12bot.com/)"
185.191.171.24 - - [24/Nov/2022:04:36:16 +0100] "GET /tablecloths-c-11_176.html?page=5 HTTP/1.0" 200 84593 "-" "Mozilla/5.0 (compatible; SemrushBot/7~bl; +http://www.semrush.com/bot.html)"
65.109.26.102 - - [24/Nov/2022:04:36:18 +0100] "GET /collectible-figure-peter-rabbit-storybook-p-56293.html HTTP/1.0" 200 73418 "-" "Mozilla/5.0 (compatible; MJ12bot/v1.4.8; http://mj12bot.com/)"
195.201.199.99 - - [24/Nov/2022:04:36:19 +0100] "GET /large-metal-plate-deco-p-37083.html HTTP/1.0" 200 75911 "-" "Mozilla/5.0 (compatible; MJ12bot/v1.4.8; http://mj12bot.com/)"
65.109.26.102 - - [24/Nov/2022:04:36:22 +0100] "GET /coloring-dress-manga-album-model-p-38779.html HTTP/1.0" 301 73331 "-" "Mozilla/5.0 (compatible; MJ12bot/v1.4.8; http://mj12bot.com/)"
195.201.199.99 - - [24/Nov/2022:04:36:23 +0100] "GET /bmw-vintage-cars-small-steel-fridge-magnets-p-37060.html HTTP/1.0" 301 76259 "-" "Mozilla/5.0 (compatible; MJ12bot/v1.4.8; http://mj12bot.com/)"
65.109.26.102 - - [24/Nov/2022:04:36:25 +0100] "GET /-p-38779.html HTTP/1.0" 200 73264 "-" "Mozilla/5.0 (compatible; MJ12bot/v1.4.8; http://mj12bot.com/)"
195.201.199.99 - - [24/Nov/2022:04:36:26 +0100] "GET /vintage-cars-small-steel-fridge-magnets-p-37060.html HTTP/1.0" 200 76153 "-" "Mozilla/5.0 (compatible; MJ12bot/v1.4.8; http://mj12bot.com/)"
65.109.26.102 - - [24/Nov/2022:04:36:28 +0100] "GET /coloring-dress-me-up-manga-album-top-model-p-38779.html HTTP/1.0" 301 73331 "-" "Mozilla/5.0 (compatible; MJ12bot/v1.4.8; http://mj12bot.com/)"
195.201.199.99 - - [24/Nov/2022:04:36:30 +0100] "GET /bodega-metal-box-25-20-13-cm-p-39484.html HTTP/1.0" 301 73331 "-" "Mozilla/5.0 (compatible; MJ12bot/v1.4.8; http://mj12bot.com/)"
65.109.26.102 - - [24/Nov/2022:04:36:32 +0100] "GET /-p-38779.html HTTP/1.0" 200 73264 "-" "Mozilla/5.0 (compatible; MJ12bot/v1.4.8; http://mj12bot.com/)"
195.201.199.99 - - [24/Nov/2022:04:36:32 +0100] "GET /-p-39484.html HTTP/1.0" 200 73264 "-" "Mozilla/5.0 (compatible; MJ12bot/v1.4.8; http://mj12bot.com/)"
65.109.26.102 - - [24/Nov/2022:04:36:35 +0100] "GET /concorde-metal-plate-p-40315.html HTTP/1.0" 200 73388 "-" "Mozilla/5.0 (compatible; MJ12bot/v1.4.8; http://mj12bot.com/)"
195.201.199.99 - - [24/Nov/2022:04:36:36 +0100] "GET /bodega-metal-p-39484.html HTTP/1.0" 301 73331 "-" "Mozilla/5.0 (compatible; MJ12bot/v1.4.8; http://mj12bot.com/)"
65.109.26.102 - - [24/Nov/2022:04:36:38 +0100] "GET /concrete-pencil-p-41579.html HTTP/1.0" 200 75884 "-" "Mozilla/5.0 (compatible; MJ12bot/v1.4.8; http://mj12bot.com/)"
195.201.199.99 - - [24/Nov/2022:04:36:39 +0100] "GET /-p-39484.html HTTP/1.0" 200 73264 "-" "Mozilla/5.0 (compatible; MJ12bot/v1.4.8; http://mj12bot.com/)"
65.109.26.102 - - [24/Nov/2022:04:36:41 +0100] "GET /concrete-pencil-pot-p-41579.html HTTP/1.0" 301 75966 "-" "Mozilla/5.0 (compatible; MJ12bot/v1.4.8; http://mj12bot.com/)"
66.249.66.210 - - [24/Nov/2022:04:36:43 +0100] "GET /images/big_prod/8719172834697A.jpg HTTP/1.0" 200 269 "-" "Googlebot-Image/1.0"
195.201.199.99 - - [24/Nov/2022:04:36:43 +0100] "GET /bodega-oven-mitt-p-51439.html HTTP/1.0" 200 73318 "-" "Mozilla/5.0 (compatible; MJ12bot/v1.4.8; http://mj12bot.com/)"
65.109.26.102 - - [24/Nov/2022:04:36:44 +0100] "GET /concrete-pencil-p-41579.html HTTP/1.0" 200 75884 "-" "Mozilla/5.0 (compatible; MJ12bot/v1.4.8; http://mj12bot.com/)"
185.191.171.5 - - [24/Nov/2022:04:36:46 +0100] "GET /poppies-window-sticker-p-55973.html HTTP/1.0" 200 76682 "-" "Mozilla/5.0 (compatible; SemrushBot/7~bl; +http://www.semrush.com/bot.html)"
195.201.199.99 - - [24/Nov/2022:04:36:46 +0100] "GET /body-talk-resin-statuette-p-55170.html HTTP/1.0" 200 76928 "-" "Mozilla/5.0 (compatible; MJ12bot/v1.4.8; http://mj12bot.com/)"
65.109.26.102 - - [24/Nov/2022:04:36:47 +0100] "GET /cooking-tools-guest-towel-p-41616.html HTTP/1.0" 301 73331 "-" "Mozilla/5.0 (compatible; MJ12bot/v1.4.8; http://mj12bot.com/)"
195.201.199.99 - - [24/Nov/2022:04:36:50 +0100] "GET /boho-canvas-frame-34-23-cm-le-bonheur-est-un-voyage-p-39215.html HTTP/1.0" 301 76276 "-" "Mozilla/5.0 (compatible; MJ12bot/v1.4.8; http://mj12bot.com/)"
65.109.26.102 - - [24/Nov/2022:04:36:50 +0100] "GET /-p-41616.html HTTP/1.0" 200 73264 "-" "Mozilla/5.0 (compatible; MJ12bot/v1.4.8; http://mj12bot.com/)"
66.249.66.210 - - [24/Nov/2022:04:36:54 +0100] "GET /images/big_prod/3520071854403.jpg HTTP/1.0" 200 268 "-" "Googlebot-Image/1.0"
195.201.199.99 - - [24/Nov/2022:04:36:53 +0100] "GET /boho-canvas-frame-bonheur-voyage-p-39215.html HTTP/1.0" 200 76177 "-" "Mozilla/5.0 (compatible; MJ12bot/v1.4.8; http://mj12bot.com/)"
65.109.26.102 - - [24/Nov/2022:04:36:53 +0100] "GET /coronal-chakra-mug-by-cbkreation-p-49252.html HTTP/1.0" 301 76065 "-" "Mozilla/5.0 (compatible; MJ12bot/v1.4.8; http://mj12bot.com/)"
65.109.26.102 - - [24/Nov/2022:04:36:57 +0100] "GET /coronal-chakra-cbkreation-p-49252.html HTTP/1.0" 200 75973 "-" "Mozilla/5.0 (compatible; MJ12bot/v1.4.8; http://mj12bot.com/)"
195.201.199.99 - - [24/Nov/2022:04:36:57 +0100] "GET /boho-canvas-frame-bonheur-voyage-p-39215.html HTTP/1.0" 200 76177 "-" "Mozilla/5.0 (compatible; MJ12bot/v1.4.8; http://mj12bot.com/)"
65.109.26.102 - - [24/Nov/2022:04:37:00 +0100] "GET /corsica-kitchen-apron-adult-p-35131.html HTTP/1.0" 200 73362 "-" "Mozilla/5.0 (compatible; MJ12bot/v1.4.8; http://mj12bot.com/)"
195.201.199.99 - - [24/Nov/2022:04:37:00 +0100] "GET /boho-wooden-frame-wild-free-p-45087.html HTTP/1.0" 200 73364 "-" "Mozilla/5.0 (compatible; MJ12bot/v1.4.8; http://mj12bot.com/)"
65.109.26.102 - - [24/Nov/2022:04:37:03 +0100] "GET /corsica-kitchen-towel-p-38781.html HTTP/1.0" 200 75877 "-" "Mozilla/5.0 (compatible; MJ12bot/v1.4.8; http://mj12bot.com/)"
195.201.199.99 - - [24/Nov/2022:04:37:04 +0100] "GET /book-of-210-sticky-notes-gorjuss-10-85-cm-sugar-and-spice-p-40501.html HTTP/1.0" 301 73331 "-" "Mozilla/5.0 (compatible; MJ12bot/v1.4.8; http://mj12bot.com/)"
66.249.66.212 - - [24/Nov/2022:04:37:05 +0100] "GET /wick-ellipse-candle-heart-home-snow-angel-p-57121.html HTTP/1.0" 200 77401 "-" "Mozilla/5.0 (Linux; Android 6.0.1; Nexus 5X Build/MMB29P) AppleWebKit/537.36 (KHTML, like Gecko) Chrome/107.0.5304.110 Mobile Safari/537.36 (compatible; Googlebot/2.1; +http://www.google.com/bot.html)"
65.109.26.102 - - [24/Nov/2022:04:37:06 +0100] "GET /cotton-floor-cushion-agathe-p-57826.html HTTP/1.0" 200 76797 "-" "Mozilla/5.0 (compatible; MJ12bot/v1.4.8; http://mj12bot.com/)"
195.201.199.99 - - [24/Nov/2022:04:37:07 +0100] "GET /-p-40501.html HTTP/1.0" 200 73264 "-" "Mozilla/5.0 (compatible; MJ12bot/v1.4.8; http://mj12bot.com/)"
65.109.26.102 - - [24/Nov/2022:04:37:09 +0100] "GET /cotton-floor-cushion-cavaillon-p-54425.html HTTP/1.0" 200 77207 "-" "Mozilla/5.0 (compatible; MJ12bot/v1.4.8; http://mj12bot.com/)"
195.201.199.99 - - [24/Nov/2022:04:37:10 +0100] "GET /book-sticky-notes-gorjuss-sugar-spice-p-40501.html HTTP/1.0" 301 73331 "-" "Mozilla/5.0 (compatible; MJ12bot/v1.4.8; http://mj12bot.com/)"
65.109.26.102 - - [24/Nov/2022:04:37:12 +0100] "GET /cotton-floor-cushion-farwest-40-40-30-cm-p-45164.html HTTP/1.0" 301 73331 "-" "Mozilla/5.0 (compatible; MJ12bot/v1.4.8; http://mj12bot.com/)"
195.201.199.99 - - [24/Nov/2022:04:37:13 +0100] "GET /-p-40501.html HTTP/1.0" 200 73264 "-" "Mozilla/5.0 (compatible; MJ12bot/v1.4.8; http://mj12bot.com/)"
65.109.26.102 - - [24/Nov/2022:04:37:15 +0100] "GET /-p-45164.html HTTP/1.0" 200 73264 "-" "Mozilla/5.0 (compatible; MJ12bot/v1.4.8; http://mj12bot.com/)"
195.201.199.99 - - [24/Nov/2022:04:37:17 +0100] "GET /bookend-elephants-p-55713.html HTTP/1.0" 200 73322 "-" "Mozilla/5.0 (compatible; MJ12bot/v1.4.8; http://mj12bot.com/)"
65.109.26.102 - - [24/Nov/2022:04:37:18 +0100] "GET /cotton-floor-cushion-purple-45-cm-p-53471.html HTTP/1.0" 301 76662 "-" "Mozilla/5.0 (compatible; MJ12bot/v1.4.8; http://mj12bot.com/)"
195.201.199.99 - - [24/Nov/2022:04:37:20 +0100] "GET /bowl-french-kiss-paris-p-37289.html HTTP/1.0" 200 75876 "-" "Mozilla/5.0 (compatible; MJ12bot/v1.4.8; http://mj12bot.com/)"
65.109.26.102 - - [24/Nov/2022:04:37:21 +0100] "GET /cotton-floor-cushion-purple-p-53471.html HTTP/1.0" 200 76568 "-" "Mozilla/5.0 (compatible; MJ12bot/v1.4.8; http://mj12bot.com/)"
185.191.171.15 - - [24/Nov/2022:04:37:21 +0100] "GET /paris-saint-germain-organiser-file-p-52049.html HTTP/1.0" 200 73390 "-" "Mozilla/5.0 (compatible; SemrushBot/7~bl; +http://www.semrush.com/bot.html)"
195.201.199.99 - - [24/Nov/2022:04:37:23 +0100] "GET /bowl-sulking-blue-made-in-germany-p-48476.html HTTP/1.0" 301 77553 "-" "Mozilla/5.0 (compatible; MJ12bot/v1.4.8; http://mj12bot.com/)"
65.109.26.102 - - [24/Nov/2022:04:37:24 +0100] "GET /cotton-floor-cushion-purple-p-53471.html HTTP/1.0" 200 76568 "-" "Mozilla/5.0 (compatible; MJ12bot/v1.4.8; http://mj12bot.com/)"
195.201.199.99 - - [24/Nov/2022:04:37:26 +0100] "GET /bowl-sulking-blue-made-germany-p-48476.html HTTP/1.0" 200 77456 "-" "Mozilla/5.0 (compatible; MJ12bot/v1.4.8; http://mj12bot.com/)"
65.109.26.102 - - [24/Nov/2022:04:37:27 +0100] "GET /cuba-napkins-dispenser-p-42686.html HTTP/1.0" 301 73331 "-" "Mozilla/5.0 (compatible; MJ12bot/v1.4.8; http://mj12bot.com/)"
114.119.130.87 - - [24/Nov/2022:04:37:30 +0100] "GET /images/big_prod/045544725699.jpg HTTP/1.0" 200 267 "http://www.wonder-geek.com/tigger-figure-by-britto-p-29824.html" "Mozilla/5.0 (Linux; Android 7.0;) AppleWebKit/537.36 (KHTML, like Gecko) Mobile Safari/537.36 (compatible; PetalBot;+https://webmaster.petalsearch.com/site/petalbot)"
185.191.171.18 - - [24/Nov/2022:04:37:28 +0100] "GET /placemats-c-12_156.html?page=8 HTTP/1.0" 200 96873 "-" "Mozilla/5.0 (compatible; SemrushBot/7~bl; +http://www.semrush.com/bot.html)"
195.201.199.99 - - [24/Nov/2022:04:37:30 +0100] "GET /box-of-12-sonny-angel-christmas-series-2016-figurines-p-47268.html HTTP/1.0" 301 78111 "-" "Mozilla/5.0 (compatible; MJ12bot/v1.4.8; http://mj12bot.com/)"
65.109.26.102 - - [24/Nov/2022:04:37:30 +0100] "GET /-p-42686.html HTTP/1.0" 200 73264 "-" "Mozilla/5.0 (compatible; MJ12bot/v1.4.8; http://mj12bot.com/)"
185.191.171.4 - - [24/Nov/2022:04:37:32 +0100] "GET /small-baby-teeth-p-54206.html HTTP/1.0" 200 76025 "-" "Mozilla/5.0 (compatible; SemrushBot/7~bl; +http://www.semrush.com/bot.html)"
195.201.199.99 - - [24/Nov/2022:04:37:33 +0100] "GET /sonny-angel-christmas-series-2016-figurines-p-47268.html HTTP/1.0" 200 78001 "-" "Mozilla/5.0 (compatible; MJ12bot/v1.4.8; http://mj12bot.com/)"
65.109.26.102 - - [24/Nov/2022:04:37:34 +0100] "GET /cupcakes-cushion-personalized-picture-p-16981.html HTTP/1.0" 200 76484 "-" "Mozilla/5.0 (compatible; MJ12bot/v1.4.8; http://mj12bot.com/)"
195.201.199.99 - - [24/Nov/2022:04:37:37 +0100] "GET /bratz-pencil-case-p-506.html HTTP/1.0" 301 73325 "-" "Mozilla/5.0 (compatible; MJ12bot/v1.4.8; http://mj12bot.com/)"
65.109.26.102 - - [24/Nov/2022:04:37:37 +0100] "GET /curry-polyester-round-chair-cushion-p-55088.html HTTP/1.0" 200 76649 "-" "Mozilla/5.0 (compatible; MJ12bot/v1.4.8; http://mj12bot.com/)"
65.109.26.102 - - [24/Nov/2022:04:37:40 +0100] "GET /cushion-p-28905.html HTTP/1.0" 301 73331 "-" "Mozilla/5.0 (compatible; MJ12bot/v1.4.8; http://mj12bot.com/)"
51.68.224.127 - - [24/Nov/2022:04:37:41 +0100] "GET /adminweb/export_orders_xml.php?token=256de2z6edz6ed2z6DFSFsed2zed6zeDSFDSGdzedezfzf&maxorders=10&orderstart=1&status=14&start_date=2018-10-01 HTTP/1.0" 200 285 "-" "GesCom CharlotteBoutik Serveur"
195.201.199.99 - - [24/Nov/2022:04:37:40 +0100] "GET /-p-506.html HTTP/1.0" 200 73260 "-" "Mozilla/5.0 (compatible; MJ12bot/v1.4.8; http://mj12bot.com/)"
51.68.224.127 - - [24/Nov/2022:04:37:41 +0100] "GET /adminweb/export_orders_xml.php?token=256de2z6edz6ed2z6DFSFsed2zed6zeDSFDSGdzedezfzf&maxorders=10&orderstart=1&status=6&start_date=2018-10-01 HTTP/1.0" 200 34006 "-" "GesCom CharlotteBoutik Serveur"
65.109.26.102 - - [24/Nov/2022:04:37:43 +0100] "GET /-p-28905.html HTTP/1.0" 200 73264 "-" "Mozilla/5.0 (compatible; MJ12bot/v1.4.8; http://mj12bot.com/)"
195.201.199.99 - - [24/Nov/2022:04:37:43 +0100] "GET /bratz-poncho-towels-p-89.html HTTP/1.0" 301 73322 "-" "Mozilla/5.0 (compatible; MJ12bot/v1.4.8; http://mj12bot.com/)"
65.109.26.102 - - [24/Nov/2022:04:37:45 +0100] "GET /cute-tealight-little-buddhist-monk-p-46669.html HTTP/1.0" 200 76091 "-" "Mozilla/5.0 (compatible; MJ12bot/v1.4.8; http://mj12bot.com/)"
195.201.199.99 - - [24/Nov/2022:04:37:46 +0100] "GET /-p-89.html HTTP/1.0" 200 73258 "-" "Mozilla/5.0 (compatible; MJ12bot/v1.4.8; http://mj12bot.com/)"
185.191.171.38 - - [24/Nov/2022:04:37:48 +0100] "GET /incense-stick-holder-p-59079.html HTTP/1.0" 200 76667 "-" "Mozilla/5.0 (compatible; SemrushBot/7~bl; +http://www.semrush.com/bot.html)"
65.109.26.102 - - [24/Nov/2022:04:37:48 +0100] "GET /deco-horse-statue-36-cm-p-35645.html HTTP/1.0" 301 73331 "-" "Mozilla/5.0 (compatible; MJ12bot/v1.4.8; http://mj12bot.com/)"
195.201.199.99 - - [24/Nov/2022:04:37:49 +0100] "GET /brazil-alarm-clock-by-cbk-p-25009.html HTTP/1.0" 301 76099 "-" "Mozilla/5.0 (compatible; MJ12bot/v1.4.8; http://mj12bot.com/)"
65.109.26.102 - - [24/Nov/2022:04:37:51 +0100] "GET /-p-35645.html HTTP/1.0" 200 73264 "-" "Mozilla/5.0 (compatible; MJ12bot/v1.4.8; http://mj12bot.com/)"
185.191.171.24 - - [24/Nov/2022:04:37:52 +0100] "GET /captain-america-statue-candy-p-30923.html HTTP/1.0" 200 73378 "-" "Mozilla/5.0 (compatible; SemrushBot/7~bl; +http://www.semrush.com/bot.html)"
65.109.26.102 - - [24/Nov/2022:04:37:54 +0100] "GET /deco-horse-statue-41-cm-p-32221.html HTTP/1.0" 301 73442 "-" "Mozilla/5.0 (compatible; MJ12bot/v1.4.8; http://mj12bot.com/)"
195.201.199.99 - - [24/Nov/2022:04:37:54 +0100] "GET /brazil-alarm-clock-cbkreation-p-25009.html HTTP/1.0" 200 76003 "-" "Mozilla/5.0 (compatible; MJ12bot/v1.4.8; http://mj12bot.com/)"
65.109.26.102 - - [24/Nov/2022:04:37:57 +0100] "GET /deco-horse-statue-p-32221.html HTTP/1.0" 200 73358 "-" "Mozilla/5.0 (compatible; MJ12bot/v1.4.8; http://mj12bot.com/)"
195.201.199.99 - - [24/Nov/2022:04:37:58 +0100] "GET /brazil-alarm-clock-cbkreation-p-25009.html HTTP/1.0" 200 76003 "-" "Mozilla/5.0 (compatible; MJ12bot/v1.4.8; http://mj12bot.com/)"
65.109.26.102 - - [24/Nov/2022:04:37:59 +0100] "GET /deco-horse-statue-52-cm-p-38806.html HTTP/1.0" 301 73442 "-" "Mozilla/5.0 (compatible; MJ12bot/v1.4.8; http://mj12bot.com/)"
195.201.199.99 - - [24/Nov/2022:04:38:02 +0100] "GET /brazilian-bracelets-creation-kit-p-21607.html HTTP/1.0" 301 73502 "-" "Mozilla/5.0 (compatible; MJ12bot/v1.4.8; http://mj12bot.com/)"
66.249.66.210 - - [24/Nov/2022:04:38:02 +0100] "GET /savon-marseille-bath-soap-dish-p-35579.html HTTP/1.0" 200 76002 "-" "Mozilla/5.0 (Linux; Android 6.0.1; Nexus 5X Build/MMB29P) AppleWebKit/537.36 (KHTML, like Gecko) Chrome/107.0.5304.110 Mobile Safari/537.36 (compatible; Googlebot/2.1; +http://www.google.com/bot.html)"
65.109.26.102 - - [24/Nov/2022:04:38:03 +0100] "GET /deco-horse-statue-p-38806.html HTTP/1.0" 200 73358 "-" "Mozilla/5.0 (compatible; MJ12bot/v1.4.8; http://mj12bot.com/)"
195.201.199.99 - - [24/Nov/2022:04:38:05 +0100] "GET /brazilian-bracelets-creation-p-21607.html HTTP/1.0" 200 73407 "-" "Mozilla/5.0 (compatible; MJ12bot/v1.4.8; http://mj12bot.com/)"
66.249.66.210 - - [24/Nov/2022:04:38:05 +0100] "GET /fitted-sheet-cotton-percale-threads-p-52134.html HTTP/1.0" 200 76903 "-" "Mozilla/5.0 (compatible; Googlebot/2.1; +http://www.google.com/bot.html)"
185.191.171.5 - - [24/Nov/2022:04:38:06 +0100] "GET /dubout-cats-metal-keyring-p-47166.html HTTP/1.0" 200 75939 "-" "Mozilla/5.0 (compatible; SemrushBot/7~bl; +http://www.semrush.com/bot.html)"
59.110.222.68 - - [24/Nov/2022:04:38:08 +0100] "GET /images/mini_prod/5051276212487.jpg HTTP/1.0" 200 269 "-" "Mozilla/5.0 (Macintosh; Intel Mac OS X 10_15_7) AppleWebKit/537.36 (KHTML, like Gecko) Chrome/105.0.0.0 Safari/537.36"
65.109.26.102 - - [24/Nov/2022:04:38:07 +0100] "GET /deco-horse-statue-p-32221.html HTTP/1.0" 200 73358 "-" "Mozilla/5.0 (compatible; MJ12bot/v1.4.8; http://mj12bot.com/)"
195.201.199.99 - - [24/Nov/2022:04:38:09 +0100] "GET /brazilian-bracelets-creation-p-21607.html HTTP/1.0" 200 73407 "-" "Mozilla/5.0 (compatible; MJ12bot/v1.4.8; http://mj12bot.com/)"
65.109.26.102 - - [24/Nov/2022:04:38:09 +0100] "GET /deco-horse-statue-p-38806.html HTTP/1.0" 200 73358 "-" "Mozilla/5.0 (compatible; MJ12bot/v1.4.8; http://mj12bot.com/)"
65.109.26.102 - - [24/Nov/2022:04:38:12 +0100] "GET /deco-kit-sommelier-p-24657.html HTTP/1.0" 301 73331 "-" "Mozilla/5.0 (compatible; MJ12bot/v1.4.8; http://mj12bot.com/)"
195.201.199.99 - - [24/Nov/2022:04:38:12 +0100] "GET /bretagne-white-women-shirt-p-31094.html HTTP/1.0" 200 80355 "-" "Mozilla/5.0 (compatible; MJ12bot/v1.4.8; http://mj12bot.com/)"
65.109.26.102 - - [24/Nov/2022:04:38:15 +0100] "GET /-p-24657.html HTTP/1.0" 200 73264 "-" "Mozilla/5.0 (compatible; MJ12bot/v1.4.8; http://mj12bot.com/)"
195.201.199.99 - - [24/Nov/2022:04:38:16 +0100] "GET /bretagne-white-women-tee-shirt-p-31094.html HTTP/1.0" 301 80448 "-" "Mozilla/5.0 (compatible; MJ12bot/v1.4.8; http://mj12bot.com/)"
65.109.26.102 - - [24/Nov/2022:04:38:18 +0100] "GET /deco-sommelier-p-24657.html HTTP/1.0" 301 73331 "-" "Mozilla/5.0 (compatible; MJ12bot/v1.4.8; http://mj12bot.com/)"
195.201.199.99 - - [24/Nov/2022:04:38:19 +0100] "GET /bretagne-white-women-shirt-p-31094.html HTTP/1.0" 200 80355 "-" "Mozilla/5.0 (compatible; MJ12bot/v1.4.8; http://mj12bot.com/)"
65.109.26.102 - - [24/Nov/2022:04:38:20 +0100] "GET /-p-24657.html HTTP/1.0" 200 73264 "-" "Mozilla/5.0 (compatible; MJ12bot/v1.4.8; http://mj12bot.com/)"
65.109.26.102 - - [24/Nov/2022:04:38:23 +0100] "GET /deco-thermometer-p-26382.html HTTP/1.0" 301 73331 "-" "Mozilla/5.0 (compatible; MJ12bot/v1.4.8; http://mj12bot.com/)"
195.201.199.99 - - [24/Nov/2022:04:38:23 +0100] "GET /britain-mug-p-28662.html HTTP/1.0" 301 75830 "-" "Mozilla/5.0 (compatible; MJ12bot/v1.4.8; http://mj12bot.com/)"
185.191.171.37 - - [24/Nov/2022:04:38:23 +0100] "GET /ottomans-storage-ottomans-c-13_209.html?page=2 HTTP/1.0" 200 81667 "-" "Mozilla/5.0 (compatible; SemrushBot/7~bl; +http://www.semrush.com/bot.html)"
195.201.199.99 - - [24/Nov/2022:04:38:26 +0100] "GET /britain-p-28662.html HTTP/1.0" 200 75756 "-" "Mozilla/5.0 (compatible; MJ12bot/v1.4.8; http://mj12bot.com/)"
65.109.26.102 - - [24/Nov/2022:04:38:26 +0100] "GET /-p-26382.html HTTP/1.0" 200 73264 "-" "Mozilla/5.0 (compatible; MJ12bot/v1.4.8; http://mj12bot.com/)"
54.36.149.66 - - [24/Nov/2022:04:38:26 +0100] "GET /products_new.php?page=12 HTTP/1.0" 200 92146 "-" "Mozilla/5.0 (compatible; AhrefsBot/7.0; +http://ahrefs.com/robot/)"
185.191.171.22 - - [24/Nov/2022:04:38:28 +0100] "GET /furniture-knob-sold-individually-p-55983.html HTTP/1.0" 200 76678 "-" "Mozilla/5.0 (compatible; SemrushBot/7~bl; +http://www.semrush.com/bot.html)"
66.249.66.212 - - [24/Nov/2022:04:38:27 +0100] "GET /wooden-wall-decoration-taurus-p-44252.html HTTP/1.0" 200 75966 "-" "Mozilla/5.0 (compatible; Googlebot/2.1; +http://www.google.com/bot.html)"
195.201.199.99 - - [24/Nov/2022:04:38:30 +0100] "GET /britto-angel-mini-figurine-p-35636.html HTTP/1.0" 301 73331 "-" "Mozilla/5.0 (compatible; MJ12bot/v1.4.8; http://mj12bot.com/)"
65.109.26.102 - - [24/Nov/2022:04:38:30 +0100] "GET /deco-thermometer-p-26384.html HTTP/1.0" 301 73331 "-" "Mozilla/5.0 (compatible; MJ12bot/v1.4.8; http://mj12bot.com/)"
59.44.56.224 - - [24/Nov/2022:04:38:33 +0100] "GET /tweety-skateboard-figurine-p-42729.html HTTP/1.0" 200 73336 "-" "Mozilla/5.0 (Linux; Android 5.0; SM-G900P Build/LRX21T) AppleWebKit/537.36 (KHTML, like Gecko) Chrome/46.0.2517.1810 Mobile Safari/537.36"
65.109.26.102 - - [24/Nov/2022:04:38:33 +0100] "GET /-p-26384.html HTTP/1.0" 200 73264 "-" "Mozilla/5.0 (compatible; MJ12bot/v1.4.8; http://mj12bot.com/)"
195.201.199.99 - - [24/Nov/2022:04:38:33 +0100] "GET /-p-35636.html HTTP/1.0" 200 73264 "-" "Mozilla/5.0 (compatible; MJ12bot/v1.4.8; http://mj12bot.com/)"
59.44.56.224 - - [24/Nov/2022:04:38:35 +0100] "GET /swfobject.js HTTP/1.0" 404 1308 "http://www.wonder-geek.com/tweety-skateboard-figurine-p-42729.html" "Mozilla/5.0 (Linux; Android 5.0; SM-G900P Build/LRX21T) AppleWebKit/537.36 (KHTML, like Gecko) Chrome/46.0.2517.1810 Mobile Safari/537.36"
65.109.26.102 - - [24/Nov/2022:04:38:35 +0100] "GET /deco-thermometer-p-26386.html HTTP/1.0" 301 73331 "-" "Mozilla/5.0 (compatible; MJ12bot/v1.4.8; http://mj12bot.com/)"
195.201.199.99 - - [24/Nov/2022:04:38:36 +0100] "GET /britto-blue-ceramic-bowl-p-32653.html HTTP/1.0" 301 73331 "-" "Mozilla/5.0 (compatible; MJ12bot/v1.4.8; http://mj12bot.com/)"
65.109.26.102 - - [24/Nov/2022:04:38:38 +0100] "GET /-p-26386.html HTTP/1.0" 200 73264 "-" "Mozilla/5.0 (compatible; MJ12bot/v1.4.8; http://mj12bot.com/)"
195.201.199.99 - - [24/Nov/2022:04:38:40 +0100] "GET /-p-32653.html HTTP/1.0" 200 73264 "-" "Mozilla/5.0 (compatible; MJ12bot/v1.4.8; http://mj12bot.com/)"
65.109.26.102 - - [24/Nov/2022:04:38:41 +0100] "GET /decoration-and-protection-of-animal-iphone-cable-p-47284.html HTTP/1.0" 301 80167 "-" "Mozilla/5.0 (compatible; MJ12bot/v1.4.8; http://mj12bot.com/)"
195.201.199.99 - - [24/Nov/2022:04:38:43 +0100] "GET /brown-adult-cotton-apron-p-41419.html HTTP/1.0" 200 76490 "-" "Mozilla/5.0 (compatible; MJ12bot/v1.4.8; http://mj12bot.com/)"
65.109.26.102 - - [24/Nov/2022:04:38:44 +0100] "GET /decoration-protection-animal-iphone-cable-p-47284.html HTTP/1.0" 200 80059 "-" "Mozilla/5.0 (compatible; MJ12bot/v1.4.8; http://mj12bot.com/)"
195.201.199.99 - - [24/Nov/2022:04:38:47 +0100] "GET /brown-wood-p-56384.html HTTP/1.0" 200 73310 "-" "Mozilla/5.0 (compatible; MJ12bot/v1.4.8; http://mj12bot.com/)"
65.109.26.102 - - [24/Nov/2022:04:38:47 +0100] "GET /decoration-protection-animal-iphone-cable-p-47284.html HTTP/1.0" 200 80059 "-" "Mozilla/5.0 (compatible; MJ12bot/v1.4.8; http://mj12bot.com/)"
185.191.171.3 - - [24/Nov/2022:04:38:50 +0100] "GET /electric-melt-warmer-daisy-p-40681.html HTTP/1.0" 200 73366 "-" "Mozilla/5.0 (compatible; SemrushBot/7~bl; +http://www.semrush.com/bot.html)"
65.109.26.102 - - [24/Nov/2022:04:38:50 +0100] "GET /decoration-statuette-p-40427.html HTTP/1.0" 200 73342 "-" "Mozilla/5.0 (compatible; MJ12bot/v1.4.8; http://mj12bot.com/)"
195.201.199.99 - - [24/Nov/2022:04:38:51 +0100] "GET /buddha-kitchen-towel-p-38810.html HTTP/1.0" 200 75870 "-" "Mozilla/5.0 (compatible; MJ12bot/v1.4.8; http://mj12bot.com/)"
114.119.166.166 - - [24/Nov/2022:04:38:51 +0100] "GET /fitted-sheet-brown-p-38809.html HTTP/1.0" 200 76533 "http://www.wonder-geek.com/fitted-sheet-c-11_193.html" "Mozilla/5.0 (Linux; Android 7.0;) AppleWebKit/537.36 (KHTML, like Gecko) Mobile Safari/537.36 (compatible; PetalBot;+https://webmaster.petalsearch.com/site/petalbot)"
65.109.26.102 - - [24/Nov/2022:04:38:53 +0100] "GET /decoration-three-owls-secret-happiness-p-46481.html HTTP/1.0" 200 73487 "-" "Mozilla/5.0 (compatible; MJ12bot/v1.4.8; http://mj12bot.com/)"
65.109.26.102 - - [24/Nov/2022:04:38:56 +0100] "GET /decoration-three-owls-the-secret-of-happiness-cm-p-46481.html HTTP/1.0" 301 73592 "-" "Mozilla/5.0 (compatible; MJ12bot/v1.4.8; http://mj12bot.com/)"
65.109.26.102 - - [24/Nov/2022:04:38:59 +0100] "GET /decoration-three-owls-secret-happiness-p-46481.html HTTP/1.0" 200 73487 "-" "Mozilla/5.0 (compatible; MJ12bot/v1.4.8; http://mj12bot.com/)"
65.109.26.102 - - [24/Nov/2022:04:39:02 +0100] "GET /decorative-cotton-heart-hang-elvira-p-57194.html HTTP/1.0" 200 73416 "-" "Mozilla/5.0 (compatible; MJ12bot/v1.4.8; http://mj12bot.com/)"
65.109.26.102 - - [24/Nov/2022:04:39:04 +0100] "GET /decorative-embroidered-cotton-heart-to-hang-10-cm-marie-p-46377.html HTTP/1.0" 301 73331 "-" "Mozilla/5.0 (compatible; MJ12bot/v1.4.8; http://mj12bot.com/)"
65.109.26.102 - - [24/Nov/2022:04:39:07 +0100] "GET /-p-46377.html HTTP/1.0" 200 73264 "-" "Mozilla/5.0 (compatible; MJ12bot/v1.4.8; http://mj12bot.com/)"
65.109.26.102 - - [24/Nov/2022:04:39:10 +0100] "GET /decorative-metal-plate-p-51436.html HTTP/1.0" 200 73378 "-" "Mozilla/5.0 (compatible; MJ12bot/v1.4.8; http://mj12bot.com/)"
65.109.26.102 - - [24/Nov/2022:04:39:13 +0100] "GET /decorative-mosaic-glass-apples-cm-p-42781.html HTTP/1.0" 301 73523 "-" "Mozilla/5.0 (compatible; MJ12bot/v1.4.8; http://mj12bot.com/)"
185.191.171.12 - - [24/Nov/2022:04:39:15 +0100] "GET /treasure-tibetan-with-double-dorje-small-p-54959.html HTTP/1.0" 200 77617 "-" "Mozilla/5.0 (compatible; SemrushBot/7~bl; +http://www.semrush.com/bot.html)"
65.109.26.102 - - [24/Nov/2022:04:39:16 +0100] "GET /decorative-mosaic-glass-apples-p-42781.html HTTP/1.0" 200 73426 "-" "Mozilla/5.0 (compatible; MJ12bot/v1.4.8; http://mj12bot.com/)"
65.109.26.102 - - [24/Nov/2022:04:39:20 +0100] "GET /decorative-mosaic-glass-apples-p-42781.html HTTP/1.0" 200 73426 "-" "Mozilla/5.0 (compatible; MJ12bot/v1.4.8; http://mj12bot.com/)"
65.109.26.102 - - [24/Nov/2022:04:39:23 +0100] "GET /decorative-tortoise-statue-p-46673.html HTTP/1.0" 200 73390 "-" "Mozilla/5.0 (compatible; MJ12bot/v1.4.8; http://mj12bot.com/)"
65.109.26.102 - - [24/Nov/2022:04:39:26 +0100] "GET /decorative-wall-mounted-bottle-opener-bistro-p-55731.html HTTP/1.0" 200 73434 "-" "Mozilla/5.0 (compatible; MJ12bot/v1.4.8; http://mj12bot.com/)"
66.249.66.212 - - [24/Nov/2022:04:39:28 +0100] "GET /astronaut-skull-moneybox-p-52305.html HTTP/1.0" 200 76510 "-" "Mozilla/5.0 (Linux; Android 6.0.1; Nexus 5X Build/MMB29P) AppleWebKit/537.36 (KHTML, like Gecko) Chrome/107.0.5304.110 Mobile Safari/537.36 (compatible; Googlebot/2.1; +http://www.google.com/bot.html)"
65.109.26.102 - - [24/Nov/2022:04:39:29 +0100] "GET /design-globe-red-28-cm-p-49246.html HTTP/1.0" 301 73331 "-" "Mozilla/5.0 (compatible; MJ12bot/v1.4.8; http://mj12bot.com/)"
65.109.26.102 - - [24/Nov/2022:04:39:32 +0100] "GET /-p-49246.html HTTP/1.0" 200 73264 "-" "Mozilla/5.0 (compatible; MJ12bot/v1.4.8; http://mj12bot.com/)"
185.191.171.14 - - [24/Nov/2022:04:39:32 +0100] "GET /flowerpot-enjoy-life-p-51111.html HTTP/1.0" 200 73338 "-" "Mozilla/5.0 (compatible; SemrushBot/7~bl; +http://www.semrush.com/bot.html)"
65.109.26.102 - - [24/Nov/2022:04:39:35 +0100] "GET /diffuser-of-perfume-and-essential-oils-c-162.html?page=1 HTTP/1.0" 301 93712 "-" "Mozilla/5.0 (compatible; MJ12bot/v1.4.8; http://mj12bot.com/)"
65.109.26.102 - - [24/Nov/2022:04:39:38 +0100] "GET /diffuser-perfume-essential-oils-c-231_162.html?page=1 HTTP/1.0" 200 93740 "-" "Mozilla/5.0 (compatible; MJ12bot/v1.4.8; http://mj12bot.com/)"
65.109.26.102 - - [24/Nov/2022:04:39:42 +0100] "GET /diffuser-of-perfume-and-essential-oils-c-162.html?page=10 HTTP/1.0" 301 89519 "-" "Mozilla/5.0 (compatible; MJ12bot/v1.4.8; http://mj12bot.com/)"
65.109.26.102 - - [24/Nov/2022:04:39:44 +0100] "GET /diffuser-perfume-essential-oils-c-231_162.html?page=10 HTTP/1.0" 200 89546 "-" "Mozilla/5.0 (compatible; MJ12bot/v1.4.8; http://mj12bot.com/)"
65.109.26.102 - - [24/Nov/2022:04:39:48 +0100] "GET /diffuser-of-perfume-and-essential-oils-c-162.html?page=2 HTTP/1.0" 301 93950 "-" "Mozilla/5.0 (compatible; MJ12bot/v1.4.8; http://mj12bot.com/)"
65.109.26.102 - - [24/Nov/2022:04:39:51 +0100] "GET /diffuser-perfume-essential-oils-c-231_162.html?page=2 HTTP/1.0" 200 93978 "-" "Mozilla/5.0 (compatible; MJ12bot/v1.4.8; http://mj12bot.com/)"
65.109.26.102 - - [24/Nov/2022:04:39:55 +0100] "GET /diffuser-of-perfume-and-essential-oils-c-162.html?page=3 HTTP/1.0" 301 94567 "-" "Mozilla/5.0 (compatible; MJ12bot/v1.4.8; http://mj12bot.com/)"
65.109.26.102 - - [24/Nov/2022:04:39:58 +0100] "GET /diffuser-perfume-essential-oils-c-231_162.html?page=3 HTTP/1.0" 200 94595 "-" "Mozilla/5.0 (compatible; MJ12bot/v1.4.8; http://mj12bot.com/)"
65.109.26.102 - - [24/Nov/2022:04:40:01 +0100] "GET /diffuser-of-perfume-and-essential-oils-c-162.html?page=4 HTTP/1.0" 301 95109 "-" "Mozilla/5.0 (compatible; MJ12bot/v1.4.8; http://mj12bot.com/)"
65.109.26.102 - - [24/Nov/2022:04:40:04 +0100] "GET /diffuser-perfume-essential-oils-c-231_162.html?page=4 HTTP/1.0" 200 95137 "-" "Mozilla/5.0 (compatible; MJ12bot/v1.4.8; http://mj12bot.com/)"
65.109.26.102 - - [24/Nov/2022:04:40:07 +0100] "GET /diffuser-of-perfume-and-essential-oils-c-162.html?page=5 HTTP/1.0" 301 89517 "-" "Mozilla/5.0 (compatible; MJ12bot/v1.4.8; http://mj12bot.com/)"
65.109.26.102 - - [24/Nov/2022:04:40:10 +0100] "GET /diffuser-perfume-essential-oils-c-231_162.html?page=5 HTTP/1.0" 200 89545 "-" "Mozilla/5.0 (compatible; MJ12bot/v1.4.8; http://mj12bot.com/)"
65.109.26.102 - - [24/Nov/2022:04:40:13 +0100] "GET /diffuser-of-perfume-and-essential-oils-c-162.html?page=6 HTTP/1.0" 301 89517 "-" "Mozilla/5.0 (compatible; MJ12bot/v1.4.8; http://mj12bot.com/)"
65.109.26.102 - - [24/Nov/2022:04:40:16 +0100] "GET /diffuser-perfume-essential-oils-c-231_162.html?page=6 HTTP/1.0" 200 89545 "-" "Mozilla/5.0 (compatible; MJ12bot/v1.4.8; http://mj12bot.com/)"
114.119.151.60 - - [24/Nov/2022:04:40:17 +0100] "GET /bodega-metal-ashtray-p-39510.html HTTP/1.0" 200 73334 "http://www.wonder-geek.com/home-decoration-c-13.html?page=104" "Mozilla/5.0 (Linux; Android 7.0;) AppleWebKit/537.36 (KHTML, like Gecko) Mobile Safari/537.36 (compatible; PetalBot;+https://webmaster.petalsearch.com/site/petalbot)"
185.191.171.37 - - [24/Nov/2022:04:40:17 +0100] "GET /-p-40999.html HTTP/1.0" 200 73264 "-" "Mozilla/5.0 (compatible; SemrushBot/7~bl; +http://www.semrush.com/bot.html)"
65.109.26.102 - - [24/Nov/2022:04:40:19 +0100] "GET /diffuser-of-perfume-and-essential-oils-c-162.html?page=7 HTTP/1.0" 301 89517 "-" "Mozilla/5.0 (compatible; MJ12bot/v1.4.8; http://mj12bot.com/)"
65.109.26.102 - - [24/Nov/2022:04:40:22 +0100] "GET /diffuser-perfume-essential-oils-c-231_162.html?page=7 HTTP/1.0" 200 89545 "-" "Mozilla/5.0 (compatible; MJ12bot/v1.4.8; http://mj12bot.com/)"
65.109.26.102 - - [24/Nov/2022:04:40:25 +0100] "GET /diffuser-of-perfume-and-essential-oils-c-162.html?page=8 HTTP/1.0" 301 89517 "-" "Mozilla/5.0 (compatible; MJ12bot/v1.4.8; http://mj12bot.com/)"
65.109.26.102 - - [24/Nov/2022:04:40:28 +0100] "GET /diffuser-perfume-essential-oils-c-231_162.html?page=8 HTTP/1.0" 200 89545 "-" "Mozilla/5.0 (compatible; MJ12bot/v1.4.8; http://mj12bot.com/)"
65.109.26.102 - - [24/Nov/2022:04:40:31 +0100] "GET /diffuser-of-perfume-and-essential-oils-c-162.html?page=9 HTTP/1.0" 301 89517 "-" "Mozilla/5.0 (compatible; MJ12bot/v1.4.8; http://mj12bot.com/)"
65.109.26.102 - - [24/Nov/2022:04:40:34 +0100] "GET /diffuser-perfume-essential-oils-c-231_162.html?page=9 HTTP/1.0" 200 89545 "-" "Mozilla/5.0 (compatible; MJ12bot/v1.4.8; http://mj12bot.com/)"
65.109.26.102 - - [24/Nov/2022:04:40:37 +0100] "GET /diffuser-of-perfume-and-essential-oils-c-231_162.html?page=1 HTTP/1.0" 301 93843 "-" "Mozilla/5.0 (compatible; MJ12bot/v1.4.8; http://mj12bot.com/)"
65.109.26.102 - - [24/Nov/2022:04:40:40 +0100] "GET /diffuser-perfume-essential-oils-c-162.html?page=1 HTTP/1.0" 301 93712 "-" "Mozilla/5.0 (compatible; MJ12bot/v1.4.8; http://mj12bot.com/)"
65.109.26.102 - - [24/Nov/2022:04:40:43 +0100] "GET /diffuser-perfume-essential-oils-c-231_162.html?page=1 HTTP/1.0" 200 93740 "-" "Mozilla/5.0 (compatible; MJ12bot/v1.4.8; http://mj12bot.com/)"
65.109.26.102 - - [24/Nov/2022:04:40:46 +0100] "GET /diffuser-of-perfume-and-essential-oils-c-231_162.html?page=10 HTTP/1.0" 301 89650 "-" "Mozilla/5.0 (compatible; MJ12bot/v1.4.8; http://mj12bot.com/)"
65.109.26.102 - - [24/Nov/2022:04:40:49 +0100] "GET /diffuser-perfume-essential-oils-c-162.html?page=10 HTTP/1.0" 301 89519 "-" "Mozilla/5.0 (compatible; MJ12bot/v1.4.8; http://mj12bot.com/)"
65.109.26.102 - - [24/Nov/2022:04:40:52 +0100] "GET /diffuser-perfume-essential-oils-c-231_162.html?page=10 HTTP/1.0" 200 89546 "-" "Mozilla/5.0 (compatible; MJ12bot/v1.4.8; http://mj12bot.com/)"
65.109.26.102 - - [24/Nov/2022:04:40:55 +0100] "GET /diffuser-of-perfume-and-essential-oils-c-231_162.html?page=2 HTTP/1.0" 301 94081 "-" "Mozilla/5.0 (compatible; MJ12bot/v1.4.8; http://mj12bot.com/)"
54.36.148.39 - - [24/Nov/2022:04:40:58 +0100] "GET /door-plate-cooked-p-54957.html HTTP/1.0" 200 76499 "-" "Mozilla/5.0 (compatible; AhrefsBot/7.0; +http://ahrefs.com/robot/)"
65.109.26.102 - - [24/Nov/2022:04:40:58 +0100] "GET /diffuser-perfume-essential-oils-c-162.html?page=2 HTTP/1.0" 301 93950 "-" "Mozilla/5.0 (compatible; MJ12bot/v1.4.8; http://mj12bot.com/)"
185.191.171.43 - - [24/Nov/2022:04:41:02 +0100] "GET /rattan-bedhead-wall-sticker-p-49985.html HTTP/1.0" 200 73362 "-" "Mozilla/5.0 (compatible; SemrushBot/7~bl; +http://www.semrush.com/bot.html)"
65.109.26.102 - - [24/Nov/2022:04:41:01 +0100] "GET /diffuser-perfume-essential-oils-c-231_162.html?page=2 HTTP/1.0" 200 93978 "-" "Mozilla/5.0 (compatible; MJ12bot/v1.4.8; http://mj12bot.com/)"
65.109.26.102 - - [24/Nov/2022:04:41:10 +0100] "GET /diffuser-of-perfume-and-essential-oils-c-231_162.html?page=3 HTTP/1.0" 301 94698 "-" "Mozilla/5.0 (compatible; MJ12bot/v1.4.8; http://mj12bot.com/)"
66.249.66.212 - - [24/Nov/2022:04:41:11 +0100] "GET /white-mustache-circle-coasters-cbkreation-p-16705.html HTTP/1.0" 200 76210 "-" "Mozilla/5.0 (Linux; Android 6.0.1; Nexus 5X Build/MMB29P) AppleWebKit/537.36 (KHTML, like Gecko) Chrome/107.0.5304.110 Mobile Safari/537.36 (compatible; Googlebot/2.1; +http://www.google.com/bot.html)"
65.109.26.102 - - [24/Nov/2022:04:41:13 +0100] "GET /diffuser-perfume-essential-oils-c-162.html?page=3 HTTP/1.0" 301 94567 "-" "Mozilla/5.0 (compatible; MJ12bot/v1.4.8; http://mj12bot.com/)"
185.191.171.40 - - [24/Nov/2022:04:41:15 +0100] "GET /anti-rfid-card-holder-cards-gold-p-50167.html HTTP/1.0" 200 77228 "-" "Mozilla/5.0 (compatible; SemrushBot/7~bl; +http://www.semrush.com/bot.html)"
65.109.26.102 - - [24/Nov/2022:04:41:15 +0100] "GET /diffuser-perfume-essential-oils-c-231_162.html?page=3 HTTP/1.0" 200 94595 "-" "Mozilla/5.0 (compatible; MJ12bot/v1.4.8; http://mj12bot.com/)"
65.109.26.102 - - [24/Nov/2022:04:41:19 +0100] "GET /diffuser-of-perfume-and-essential-oils-c-231_162.html?page=4 HTTP/1.0" 301 95240 "-" "Mozilla/5.0 (compatible; MJ12bot/v1.4.8; http://mj12bot.com/)"
185.191.171.40 - - [24/Nov/2022:04:41:22 +0100] "GET /decorative-globe-p-49401.html HTTP/1.0" 200 76497 "-" "Mozilla/5.0 (compatible; SemrushBot/7~bl; +http://www.semrush.com/bot.html)"
65.109.26.102 - - [24/Nov/2022:04:41:22 +0100] "GET /diffuser-perfume-essential-oils-c-162.html?page=4 HTTP/1.0" 301 95109 "-" "Mozilla/5.0 (compatible; MJ12bot/v1.4.8; http://mj12bot.com/)"
213.202.230.56 - - [24/Nov/2022:04:41:25 +0100] "GET /images/mini_prod/8421440081169.jpg HTTP/1.0" 200 269 "-" "Mozilla/5.0 (X11; Ubuntu; Linux x86_64; rv:72.0) Gecko/20100101 Firefox/72.0"
65.109.26.102 - - [24/Nov/2022:04:41:25 +0100] "GET /diffuser-perfume-essential-oils-c-231_162.html?page=4 HTTP/1.0" 200 95137 "-" "Mozilla/5.0 (compatible; MJ12bot/v1.4.8; http://mj12bot.com/)"
