185.191.171.43 - - [25/Nov/2022:00:20:59 +0100] "GET /circle-coasters-peas-russian-doll-cbkreation-p-18547.html HTTP/1.0" 200 76185 "-" "Mozilla/5.0 (compatible; SemrushBot/7~bl; +http://www.semrush.com/bot.html)"
185.191.171.18 - - [25/Nov/2022:00:21:10 +0100] "GET /double-door-bottom-cushion-bonjour-revoir-p-59577.html HTTP/1.0" 200 76897 "-" "Mozilla/5.0 (compatible; SemrushBot/7~bl; +http://www.semrush.com/bot.html)"
185.191.171.9 - - [25/Nov/2022:00:21:16 +0100] "GET /corsica-coasters-p-44319.html HTTP/1.0" 200 75849 "-" "Mozilla/5.0 (compatible; SemrushBot/7~bl; +http://www.semrush.com/bot.html)"
185.191.171.3 - - [25/Nov/2022:00:21:20 +0100] "GET /walking-dead-shirt-p-29586.html HTTP/1.0" 200 77554 "-" "Mozilla/5.0 (compatible; SemrushBot/7~bl; +http://www.semrush.com/bot.html)"
185.191.171.25 - - [25/Nov/2022:00:21:23 +0100] "GET /openwork-tubular-table-lamp-p-48077.html HTTP/1.0" 200 76047 "-" "Mozilla/5.0 (compatible; SemrushBot/7~bl; +http://www.semrush.com/bot.html)"
114.119.133.1 - - [25/Nov/2022:00:21:28 +0100] "GET /johnny-hallyday-cigarettes-case-p-51146.html HTTP/1.0" 200 73378 "http://www.wonder-geek.com/smokers-items-c-3_112.html" "Mozilla/5.0 (Linux; Android 7.0;) AppleWebKit/537.36 (KHTML, like Gecko) Mobile Safari/537.36 (compatible; PetalBot;+https://webmaster.petalsearch.com/site/petalbot)"
185.191.171.45 - - [25/Nov/2022:00:21:59 +0100] "GET /postcard-with-envelope-cats-p-48864.html HTTP/1.0" 200 76060 "-" "Mozilla/5.0 (compatible; SemrushBot/7~bl; +http://www.semrush.com/bot.html)"
66.249.68.30 - - [25/Nov/2022:00:22:06 +0100] "GET /kimmijunior-charly-girly-p-17994.html HTTP/1.0" 200 76293 "-" "Mozilla/5.0 (compatible; Googlebot/2.1; +http://www.google.com/bot.html)"
185.191.171.14 - - [25/Nov/2022:00:22:13 +0100] "GET /vanilla-white-woods-candle-heart-home-p-57872.html HTTP/1.0" 200 77401 "-" "Mozilla/5.0 (compatible; SemrushBot/7~bl; +http://www.semrush.com/bot.html)"
185.191.171.3 - - [25/Nov/2022:00:23:04 +0100] "GET /elastic-bracelet-with-beads-pink-zebra-jasper-p-48644.html HTTP/1.0" 200 76272 "-" "Mozilla/5.0 (compatible; SemrushBot/7~bl; +http://www.semrush.com/bot.html)"
114.119.166.166 - - [25/Nov/2022:00:23:04 +0100] "GET /protective-fleece-pillow-cover-60-60-cm-p-51610.html HTTP/1.0" 301 73493 "http://www.wonder-geek.com/bedding-protection-c-11_192.html" "Mozilla/5.0 (Linux; Android 7.0;) AppleWebKit/537.36 (KHTML, like Gecko) Mobile Safari/537.36 (compatible; PetalBot;+https://webmaster.petalsearch.com/site/petalbot)"
114.119.166.166 - - [25/Nov/2022:00:23:07 +0100] "GET /protective-fleece-pillow-cover-p-51610.html HTTP/1.0" 200 73396 "http://www.wonder-geek.com/bedding-protection-c-11_192.html" "Mozilla/5.0 (Linux; Android 7.0;) AppleWebKit/537.36 (KHTML, like Gecko) Mobile Safari/537.36 (compatible; PetalBot;+https://webmaster.petalsearch.com/site/petalbot)"
185.191.171.7 - - [25/Nov/2022:00:23:13 +0100] "GET /paris-moulin-rouge-metal-magnet-p-17052.html HTTP/1.0" 200 79256 "-" "Mozilla/5.0 (compatible; SemrushBot/7~bl; +http://www.semrush.com/bot.html)"
185.191.171.24 - - [25/Nov/2022:00:23:23 +0100] "GET /coat-rack-hook-floor-cast-iron-p-47448.html HTTP/1.0" 200 76020 "-" "Mozilla/5.0 (compatible; SemrushBot/7~bl; +http://www.semrush.com/bot.html)"
185.191.171.9 - - [25/Nov/2022:00:23:38 +0100] "GET /adults-apron-cotton-yuco-jade-p-48218.html HTTP/1.0" 200 76010 "-" "Mozilla/5.0 (compatible; SemrushBot/7~bl; +http://www.semrush.com/bot.html)"
157.55.39.183 - - [25/Nov/2022:00:23:51 +0100] "GET /images/mini_prod/4542202653265fred.jpg HTTP/1.0" 200 273 "-" "Mozilla/5.0 AppleWebKit/537.36 (KHTML, like Gecko; compatible; bingbot/2.0; +http://www.bing.com/bingbot.htm) Chrome/103.0.5060.134 Safari/537.36"
207.46.13.181 - - [25/Nov/2022:00:23:56 +0100] "GET /wooden-box-carved-indian-floral-pattern-215-cm-p-46037.html HTTP/1.0" 301 73331 "-" "Mozilla/5.0 AppleWebKit/537.36 (KHTML, like Gecko; compatible; bingbot/2.0; +http://www.bing.com/bingbot.htm) Chrome/103.0.5060.134 Safari/537.36"
207.46.13.42 - - [25/Nov/2022:00:24:19 +0100] "GET /solar-powered-dancing-monkey-p-28883.html HTTP/1.0" 301 593 "-" "Mozilla/5.0 AppleWebKit/537.36 (KHTML, like Gecko; compatible; bingbot/2.0; +http://www.bing.com/bingbot.htm) Chrome/103.0.5060.134 Safari/537.36"
114.119.145.65 - - [25/Nov/2022:00:24:17 +0100] "GET /radio-60-black-with-bluetooth-p-27923.html HTTP/1.0" 301 73461 "http://www.wonder-geek.com/small-appliances-and-hifi-c-13_88.html?page=1" "Mozilla/5.0 (Linux; Android 7.0;) AppleWebKit/537.36 (KHTML, like Gecko) Mobile Safari/537.36 (compatible; PetalBot;+https://webmaster.petalsearch.com/site/petalbot)"
114.119.145.65 - - [25/Nov/2022:00:24:20 +0100] "GET /radio-black-with-bluetooth-p-27923.html HTTP/1.0" 200 73368 "http://www.wonder-geek.com/small-appliances-and-hifi-c-13_88.html?page=1" "Mozilla/5.0 (Linux; Android 7.0;) AppleWebKit/537.36 (KHTML, like Gecko) Mobile Safari/537.36 (compatible; PetalBot;+https://webmaster.petalsearch.com/site/petalbot)"
185.191.171.5 - - [25/Nov/2022:00:24:52 +0100] "GET /-p-34600.html HTTP/1.0" 200 73264 "-" "Mozilla/5.0 (compatible; SemrushBot/7~bl; +http://www.semrush.com/bot.html)"
207.46.13.186 - - [25/Nov/2022:00:25:06 +0100] "GET /images/5055139360476.jpg HTTP/1.0" 200 259 "-" "Mozilla/5.0 (compatible; bingbot/2.0; +http://www.bing.com/bingbot.htm)"
185.191.171.17 - - [25/Nov/2022:00:25:12 +0100] "GET /dawa-table-lamp-gold-metal-p-54591.html HTTP/1.0" 200 76818 "-" "Mozilla/5.0 (compatible; SemrushBot/7~bl; +http://www.semrush.com/bot.html)"
185.191.171.5 - - [25/Nov/2022:00:25:26 +0100] "GET /flowerpot-cover-textured-wicker-p-58280.html HTTP/1.0" 200 76657 "-" "Mozilla/5.0 (compatible; SemrushBot/7~bl; +http://www.semrush.com/bot.html)"
185.191.171.24 - - [25/Nov/2022:00:25:30 +0100] "GET /bulldog-resin-decoration-p-54083.html HTTP/1.0" 200 77115 "-" "Mozilla/5.0 (compatible; SemrushBot/7~bl; +http://www.semrush.com/bot.html)"
207.46.13.186 - - [25/Nov/2022:00:25:35 +0100] "GET /images/big_prod_2/8424001528226NNN.jpg HTTP/1.0" 200 273 "-" "Mozilla/5.0 AppleWebKit/537.36 (KHTML, like Gecko; compatible; bingbot/2.0; +http://www.bing.com/bingbot.htm) Chrome/103.0.5060.134 Safari/537.36"
185.191.171.10 - - [25/Nov/2022:00:25:36 +0100] "GET /jute-p-56519.html HTTP/1.0" 200 76749 "-" "Mozilla/5.0 (compatible; SemrushBot/7~bl; +http://www.semrush.com/bot.html)"
114.119.131.232 - - [25/Nov/2022:00:25:43 +0100] "GET /powder-candle-bougie-autrement-glitter-pink-p-53078.html HTTP/1.0" 200 77290 "http://www.wonder-geek.com/fragrances-ambiance-c-231.html?page=36" "Mozilla/5.0 (Linux; Android 7.0;) AppleWebKit/537.36 (KHTML, like Gecko) Mobile Safari/537.36 (compatible; PetalBot;+https://webmaster.petalsearch.com/site/petalbot)"
40.77.167.27 - - [25/Nov/2022:00:25:46 +0100] "GET /fresh-brewed-coffee-retro-yellow-mug-p-26695.html HTTP/1.0" 301 73489 "-" "Mozilla/5.0 AppleWebKit/537.36 (KHTML, like Gecko; compatible; bingbot/2.0; +http://www.bing.com/bingbot.htm) Chrome/103.0.5060.134 Safari/537.36"
40.77.167.27 - - [25/Nov/2022:00:25:47 +0100] "GET /postcard-with-envelope-anniversary-40-years-p-48850.html HTTP/1.0" 301 76222 "-" "Mozilla/5.0 (compatible; bingbot/2.0; +http://www.bing.com/bingbot.htm)"
185.191.171.41 - - [25/Nov/2022:00:26:00 +0100] "GET /isothermic-stainless-steel-bottle-flamingos-cbkreation-p-51049.html HTTP/1.0" 200 76194 "-" "Mozilla/5.0 (compatible; SemrushBot/7~bl; +http://www.semrush.com/bot.html)"
185.191.171.37 - - [25/Nov/2022:00:26:11 +0100] "GET /natura-series-fragrance-burner-foliage-p-57355.html HTTP/1.0" 200 77229 "-" "Mozilla/5.0 (compatible; SemrushBot/7~bl; +http://www.semrush.com/bot.html)"
185.191.171.38 - - [25/Nov/2022:00:26:16 +0100] "GET /espresso-cups-bistro-p-49738.html HTTP/1.0" 200 73336 "-" "Mozilla/5.0 (compatible; SemrushBot/7~bl; +http://www.semrush.com/bot.html)"
66.249.68.1 - - [25/Nov/2022:00:26:35 +0100] "GET /kimmidoll-namika-nail-files-p-31931.html HTTP/1.0" 200 76002 "-" "Mozilla/5.0 (compatible; Googlebot/2.1; +http://www.google.com/bot.html)"
66.249.68.30 - - [25/Nov/2022:00:26:46 +0100] "GET /images/big_prod/1399984255773.jpg HTTP/1.0" 200 268 "-" "Googlebot-Image/1.0"
207.46.13.181 - - [25/Nov/2022:00:27:01 +0100] "GET /images/1399984253779.jpg HTTP/1.0" 200 259 "-" "Mozilla/5.0 AppleWebKit/537.36 (KHTML, like Gecko; compatible; bingbot/2.0; +http://www.bing.com/bingbot.htm) Chrome/103.0.5060.134 Safari/537.36"
114.119.166.166 - - [25/Nov/2022:00:27:07 +0100] "GET /decorative-grey-cat-14-cm-p-47108.html HTTP/1.0" 301 73331 "http://www.wonder-geek.com/collectible-figurines-and-decorative-c-13_135.html?page=2" "Mozilla/5.0 (Linux; Android 7.0;) AppleWebKit/537.36 (KHTML, like Gecko) Mobile Safari/537.36 (compatible; PetalBot;+https://webmaster.petalsearch.com/site/petalbot)"
114.119.166.166 - - [25/Nov/2022:00:27:09 +0100] "GET /-p-47108.html HTTP/1.0" 200 73264 "http://www.wonder-geek.com/collectible-figurines-and-decorative-c-13_135.html?page=2" "Mozilla/5.0 (Linux; Android 7.0;) AppleWebKit/537.36 (KHTML, like Gecko) Mobile Safari/537.36 (compatible; PetalBot;+https://webmaster.petalsearch.com/site/petalbot)"
185.191.171.13 - - [25/Nov/2022:00:27:29 +0100] "GET /love-paris-coasters-p-39750.html HTTP/1.0" 200 75909 "-" "Mozilla/5.0 (compatible; SemrushBot/7~bl; +http://www.semrush.com/bot.html)"
185.191.171.12 - - [25/Nov/2022:00:27:37 +0100] "GET /cats-tray-autumn-p-45536.html HTTP/1.0" 200 73344 "-" "Mozilla/5.0 (compatible; SemrushBot/7~bl; +http://www.semrush.com/bot.html)"
185.191.171.33 - - [25/Nov/2022:00:27:40 +0100] "GET /glass-cutting-board-flammy-p-47883.html HTTP/1.0" 200 75917 "-" "Mozilla/5.0 (compatible; SemrushBot/7~bl; +http://www.semrush.com/bot.html)"
185.191.171.40 - - [25/Nov/2022:00:28:12 +0100] "GET /soap-c-13_150_171.html HTTP/1.0" 200 93329 "-" "Mozilla/5.0 (compatible; SemrushBot/7~bl; +http://www.semrush.com/bot.html)"
66.249.68.25 - - [25/Nov/2022:00:28:28 +0100] "GET /metal-wood-retro-lamp-p-55116.html HTTP/1.0" 200 77065 "-" "Mozilla/5.0 (Linux; Android 6.0.1; Nexus 5X Build/MMB29P) AppleWebKit/537.36 (KHTML, like Gecko) Chrome/107.0.5304.110 Mobile Safari/537.36 (compatible; Googlebot/2.1; +http://www.google.com/bot.html)"
114.119.133.1 - - [25/Nov/2022:00:28:34 +0100] "GET /mini-motsu-christmas-keel-toys-plush-p-50322.html HTTP/1.0" 200 73398 "http://wonder-geek.com" "Mozilla/5.0 (Linux; Android 7.0;) AppleWebKit/537.36 (KHTML, like Gecko) Mobile Safari/537.36 (compatible; PetalBot;+https://webmaster.petalsearch.com/site/petalbot)"
66.249.68.30 - - [25/Nov/2022:00:28:37 +0100] "GET /dishes-c-12.html?page=127 HTTP/1.0" 200 96402 "-" "Mozilla/5.0 (Linux; Android 6.0.1; Nexus 5X Build/MMB29P) AppleWebKit/537.36 (KHTML, like Gecko) Chrome/107.0.5304.110 Mobile Safari/537.36 (compatible; Googlebot/2.1; +http://www.google.com/bot.html)"
185.191.171.20 - - [25/Nov/2022:00:28:55 +0100] "GET /tigger-figure-britto-p-29824.html HTTP/1.0" 200 76932 "-" "Mozilla/5.0 (compatible; SemrushBot/7~bl; +http://www.semrush.com/bot.html)"
185.191.171.22 - - [25/Nov/2022:00:29:00 +0100] "GET /fitted-sheet-c-11_193.html?page=1 HTTP/1.0" 200 93893 "-" "Mozilla/5.0 (compatible; SemrushBot/7~bl; +http://www.semrush.com/bot.html)"
185.191.171.3 - - [25/Nov/2022:00:29:03 +0100] "GET /provence-lavender-p-14658.html HTTP/1.0" 200 76458 "-" "Mozilla/5.0 (compatible; SemrushBot/7~bl; +http://www.semrush.com/bot.html)"
185.191.171.33 - - [25/Nov/2022:00:29:06 +0100] "GET /small-retro-tray-p-17056.html HTTP/1.0" 200 73318 "-" "Mozilla/5.0 (compatible; SemrushBot/7~bl; +http://www.semrush.com/bot.html)"
207.46.13.42 - - [25/Nov/2022:00:29:19 +0100] "GET /thinkerbell-scarf-p-22151.html HTTP/1.0" 200 76119 "-" "Mozilla/5.0 (compatible; bingbot/2.0; +http://www.bing.com/bingbot.htm)"
185.191.171.25 - - [25/Nov/2022:00:29:23 +0100] "GET /gentleman-beer-glass-p-55562.html HTTP/1.0" 200 76521 "-" "Mozilla/5.0 (compatible; SemrushBot/7~bl; +http://www.semrush.com/bot.html)"
185.191.171.38 - - [25/Nov/2022:00:29:34 +0100] "GET /lavander-eyeglass-case-p-47642.html HTTP/1.0" 200 75932 "-" "Mozilla/5.0 (compatible; SemrushBot/7~bl; +http://www.semrush.com/bot.html)"
45.161.236.253 - - [25/Nov/2022:00:29:36 +0100] "GET /contact_us.php HTTP/1.0" 200 26241 "http://www.wonder-geek.com/contact_us.php" "Mozilla/5.0 (Windows NT 6.1; Win64; x64) AppleWebKit/537.36 (KHTML, like Gecko) Chrome/90.0.4430.85 Safari/537.36"
54.236.1.11 - - [25/Nov/2022:00:29:39 +0100] "GET /images/8435306246654.jpg HTTP/1.0" 200 259 "-" "Mozilla/5.0 (compatible; Pinterestbot/1.0; +http://www.pinterest.com/bot.html)"
185.191.171.9 - - [25/Nov/2022:00:29:43 +0100] "GET /-p-20602.html HTTP/1.0" 200 73264 "-" "Mozilla/5.0 (compatible; SemrushBot/7~bl; +http://www.semrush.com/bot.html)"
45.161.236.253 - - [25/Nov/2022:00:29:48 +0100] "POST /contact_us.php?action=send HTTP/1.0" 200 26485 "http://www.wonder-geek.com/contact_us.php" "Mozilla/5.0 (Windows NT 6.1; Win64; x64) AppleWebKit/537.36 (KHTML, like Gecko) Chrome/90.0.4430.85 Safari/537.36"
114.119.155.228 - - [25/Nov/2022:00:29:56 +0100] "GET /images/mini_prod/5051276457727.jpg HTTP/1.0" 200 269 "http://www.wonder-geek.com/fragrances-ambiance-c-231.html?page=42" "Mozilla/5.0 (Linux; Android 7.0;) AppleWebKit/537.36 (KHTML, like Gecko) Mobile Safari/537.36 (compatible; PetalBot;+https://webmaster.petalsearch.com/site/petalbot)"
185.191.171.26 - - [25/Nov/2022:00:30:13 +0100] "GET /tinted-candle-mass-p-48912.html HTTP/1.0" 200 73340 "-" "Mozilla/5.0 (compatible; SemrushBot/7~bl; +http://www.semrush.com/bot.html)"
185.191.171.44 - - [25/Nov/2022:00:30:53 +0100] "GET /large-brown-porcelain-lamp-p-55230.html HTTP/1.0" 200 76843 "-" "Mozilla/5.0 (compatible; SemrushBot/7~bl; +http://www.semrush.com/bot.html)"
185.191.171.17 - - [25/Nov/2022:00:31:15 +0100] "GET /aprons-c-11_74.html?page=1 HTTP/1.0" 200 94458 "-" "Mozilla/5.0 (compatible; SemrushBot/7~bl; +http://www.semrush.com/bot.html)"
114.119.131.232 - - [25/Nov/2022:00:31:21 +0100] "GET /black-neck-water-bottle-p-57533.html HTTP/1.0" 200 76734 "http://www.wonder-geek.com/home-decoration-c-13.html?page=184" "Mozilla/5.0 (Linux; Android 7.0;) AppleWebKit/537.36 (KHTML, like Gecko) Mobile Safari/537.36 (compatible; PetalBot;+https://webmaster.petalsearch.com/site/petalbot)"
185.191.171.7 - - [25/Nov/2022:00:31:31 +0100] "GET /love-personalized-p-17672.html HTTP/1.0" 200 76364 "-" "Mozilla/5.0 (compatible; SemrushBot/7~bl; +http://www.semrush.com/bot.html)"
185.191.171.4 - - [25/Nov/2022:00:31:41 +0100] "GET /mickey-mouse-blue-swimsuit-p-30484.html HTTP/1.0" 200 77117 "-" "Mozilla/5.0 (compatible; SemrushBot/7~bl; +http://www.semrush.com/bot.html)"
185.191.171.26 - - [25/Nov/2022:00:31:44 +0100] "GET /barbapapa-tray-p-10317.html HTTP/1.0" 200 75914 "-" "Mozilla/5.0 (compatible; SemrushBot/7~bl; +http://www.semrush.com/bot.html)"
185.191.171.40 - - [25/Nov/2022:00:31:52 +0100] "GET /ceramic-espresso-cups-allen-designs-koala-p-59469.html HTTP/1.0" 200 76914 "-" "Mozilla/5.0 (compatible; SemrushBot/7~bl; +http://www.semrush.com/bot.html)"
185.191.171.26 - - [25/Nov/2022:00:31:56 +0100] "GET /industrial-chandelier-brushed-steel-p-41371.html HTTP/1.0" 200 76087 "-" "Mozilla/5.0 (compatible; SemrushBot/7~bl; +http://www.semrush.com/bot.html)"
185.191.171.6 - - [25/Nov/2022:00:31:59 +0100] "GET /-p-29251.html HTTP/1.0" 200 73264 "-" "Mozilla/5.0 (compatible; SemrushBot/7~bl; +http://www.semrush.com/bot.html)"
17.121.114.234 - - [25/Nov/2022:00:32:13 +0100] "GET /palm-trees-cube-mold-p-58566.html HTTP/1.0" 200 76534 "-" "Mozilla/5.0 (Macintosh; Intel Mac OS X 10_15_5) AppleWebKit/605.1.15 (KHTML, like Gecko) Version/13.1.1 Safari/605.1.15 (Applebot/0.1; +http://www.apple.com/go/applebot)"
51.68.224.127 - - [25/Nov/2022:00:32:30 +0100] "GET /adminweb/export_orders_xml.php?token=256de2z6edz6ed2z6DFSFsed2zed6zeDSFDSGdzedezfzf&maxorders=10&orderstart=1&status=14&start_date=2018-10-01 HTTP/1.0" 200 285 "-" "GesCom CharlotteBoutik Serveur"
51.68.224.127 - - [25/Nov/2022:00:32:30 +0100] "GET /adminweb/export_orders_xml.php?token=256de2z6edz6ed2z6DFSFsed2zed6zeDSFDSGdzedezfzf&maxorders=10&orderstart=1&status=6&start_date=2018-10-01 HTTP/1.0" 200 34006 "-" "GesCom CharlotteBoutik Serveur"
185.191.171.23 - - [25/Nov/2022:00:32:32 +0100] "GET /robots.txt HTTP/1.0" 200 245 "-" "Mozilla/5.0 (compatible; SemrushBot/7~bl; +http://www.semrush.com/bot.html)"
185.191.171.13 - - [25/Nov/2022:00:32:33 +0100] "GET /replacement-caps-aperophiles-p-48467.html HTTP/1.0" 200 76036 "-" "Mozilla/5.0 (compatible; SemrushBot/7~bl; +http://www.semrush.com/bot.html)"
216.244.66.242 - - [25/Nov/2022:00:32:39 +0100] "GET /robots.txt HTTP/1.0" 200 245 "-" "Mozilla/5.0 (compatible; DotBot/1.2; +https://opensiteexplorer.org/dotbot; help@moz.com)"
114.119.155.228 - - [25/Nov/2022:00:32:51 +0100] "GET /salt-made-ceramic-bamboo-p-55761.html HTTP/1.0" 200 75989 "http://www.wonder-geek.com/salt-boxes-jars-c-12_223.html?page=4" "Mozilla/5.0 (Linux; Android 7.0;) AppleWebKit/537.36 (KHTML, like Gecko) Mobile Safari/537.36 (compatible; PetalBot;+https://webmaster.petalsearch.com/site/petalbot)"
185.191.171.9 - - [25/Nov/2022:00:33:11 +0100] "GET /lotus-candleholder-chakra-purple-goldlining-p-35517.html HTTP/1.0" 200 77519 "-" "Mozilla/5.0 (compatible; SemrushBot/7~bl; +http://www.semrush.com/bot.html)"
185.191.171.9 - - [25/Nov/2022:00:33:24 +0100] "GET /glass-cutting-board-cbkreation-p-51333.html HTTP/1.0" 200 75970 "-" "Mozilla/5.0 (compatible; SemrushBot/7~bl; +http://www.semrush.com/bot.html)"
87.250.224.95 - - [25/Nov/2022:00:33:33 +0100] "GET /images/big_prod_1/8435650602045B.jpg HTTP/1.0" 200 271 "-" "Mozilla/5.0 (compatible; YandexImages/3.0; +http://yandex.com/bots)"
87.250.224.95 - - [25/Nov/2022:00:33:36 +0100] "GET /images/big_prod/8435650602045.jpg HTTP/1.0" 200 268 "-" "Mozilla/5.0 (compatible; YandexImages/3.0; +http://yandex.com/bots)"
87.250.224.95 - - [25/Nov/2022:00:33:39 +0100] "GET /long-sleeves-shirts-c-2_40.html HTTP/1.0" 200 72247 "-" "Mozilla/5.0 (compatible; YandexBot/3.0; +http://yandex.com/bots)"
114.119.131.232 - - [25/Nov/2022:00:34:10 +0100] "GET /owl-wooden-calendar-p-49194.html HTTP/1.0" 301 76514 "http://www.wonder-geek.com/decorations-c-13_89.html" "Mozilla/5.0 (Linux; Android 7.0;) AppleWebKit/537.36 (KHTML, like Gecko) Mobile Safari/537.36 (compatible; PetalBot;+https://webmaster.petalsearch.com/site/petalbot)"
114.119.131.232 - - [25/Nov/2022:00:34:12 +0100] "GET /wooden-calendar-p-49194.html HTTP/1.0" 200 76432 "http://www.wonder-geek.com/decorations-c-13_89.html" "Mozilla/5.0 (Linux; Android 7.0;) AppleWebKit/537.36 (KHTML, like Gecko) Mobile Safari/537.36 (compatible; PetalBot;+https://webmaster.petalsearch.com/site/petalbot)"
185.191.171.42 - - [25/Nov/2022:00:34:20 +0100] "GET /outdoor-buddha-p-53042.html HTTP/1.0" 200 73322 "-" "Mozilla/5.0 (compatible; SemrushBot/7~bl; +http://www.semrush.com/bot.html)"
185.191.171.5 - - [25/Nov/2022:00:34:23 +0100] "GET /photo-frames-memo-clips-c-13_132.html?page=3 HTTP/1.0" 200 86081 "-" "Mozilla/5.0 (compatible; SemrushBot/7~bl; +http://www.semrush.com/bot.html)"
66.249.68.25 - - [25/Nov/2022:00:35:18 +0100] "GET /images/big_prod/1384010204474.jpg HTTP/1.0" 200 268 "-" "Googlebot-Image/1.0"
185.191.171.43 - - [25/Nov/2022:00:35:22 +0100] "GET /pokemon-shirt-p-31060.html HTTP/1.0" 200 77299 "-" "Mozilla/5.0 (compatible; SemrushBot/7~bl; +http://www.semrush.com/bot.html)"
185.191.171.7 - - [25/Nov/2022:00:35:29 +0100] "GET /boho-canvas-frame-p-41547.html HTTP/1.0" 200 75985 "-" "Mozilla/5.0 (compatible; SemrushBot/7~bl; +http://www.semrush.com/bot.html)"
185.191.171.39 - - [25/Nov/2022:00:35:31 +0100] "GET /pure-washed-linen-cushion-cover-gold-p-56953.html HTTP/1.0" 200 73410 "-" "Mozilla/5.0 (compatible; SemrushBot/7~bl; +http://www.semrush.com/bot.html)"
114.119.155.228 - - [25/Nov/2022:00:35:33 +0100] "GET /mappemonde-coasters-p-53477.html HTTP/1.0" 200 75884 "http://www.wonder-geek.com/coasters-c-12_157.html" "Mozilla/5.0 (Linux; Android 7.0;) AppleWebKit/537.36 (KHTML, like Gecko) Mobile Safari/537.36 (compatible; PetalBot;+https://webmaster.petalsearch.com/site/petalbot)"
185.191.171.7 - - [25/Nov/2022:00:35:48 +0100] "GET /-p-49812.html HTTP/1.0" 200 73264 "-" "Mozilla/5.0 (compatible; SemrushBot/7~bl; +http://www.semrush.com/bot.html)"
66.249.68.25 - - [25/Nov/2022:00:35:53 +0100] "GET /images/big_prod/3453131135665.jpg HTTP/1.0" 200 268 "-" "Googlebot-Image/1.0"
185.191.171.4 - - [25/Nov/2022:00:35:53 +0100] "GET /narval-night-light-p-48239.html HTTP/1.0" 200 76570 "-" "Mozilla/5.0 (compatible; SemrushBot/7~bl; +http://www.semrush.com/bot.html)"
185.191.171.11 - - [25/Nov/2022:00:36:10 +0100] "GET /cotton-floor-cushion-clmence-p-57825.html HTTP/1.0" 200 76815 "-" "Mozilla/5.0 (compatible; SemrushBot/7~bl; +http://www.semrush.com/bot.html)"
185.191.171.12 - - [25/Nov/2022:00:36:13 +0100] "GET /dora-explorer-swimming-ring-p-14353.html HTTP/1.0" 200 73402 "-" "Mozilla/5.0 (compatible; SemrushBot/7~bl; +http://www.semrush.com/bot.html)"
157.55.39.202 - - [25/Nov/2022:00:36:42 +0100] "GET /images/mini_prod/3560600295772.jpg HTTP/1.0" 200 269 "-" "Mozilla/5.0 (compatible; bingbot/2.0; +http://www.bing.com/bingbot.htm)"
114.119.133.1 - - [25/Nov/2022:00:36:58 +0100] "GET /decorative-globe-p-49402.html HTTP/1.0" 200 75921 "http://www.wonder-geek.com/home-decoration-c-13.html?page=209" "Mozilla/5.0 (Linux; Android 7.0;) AppleWebKit/537.36 (KHTML, like Gecko) Mobile Safari/537.36 (compatible; PetalBot;+https://webmaster.petalsearch.com/site/petalbot)"
185.191.171.17 - - [25/Nov/2022:00:37:24 +0100] "GET /music-tree-mini-melamine-tray-p-57310.html HTTP/1.0" 200 76667 "-" "Mozilla/5.0 (compatible; SemrushBot/7~bl; +http://www.semrush.com/bot.html)"
66.249.68.1 - - [25/Nov/2022:00:37:26 +0100] "GET /tweety-paris-glitter-globe-p-35347.html HTTP/1.0" 200 75986 "-" "Mozilla/5.0 (compatible; Googlebot/2.1; +http://www.google.com/bot.html)"
185.191.171.15 - - [25/Nov/2022:00:37:27 +0100] "GET /pendulum-hanging-retro-golden-p-49871.html HTTP/1.0" 200 73370 "-" "Mozilla/5.0 (compatible; SemrushBot/7~bl; +http://www.semrush.com/bot.html)"
185.191.171.20 - - [25/Nov/2022:00:37:54 +0100] "GET /bamboo-fiber-plant-cover-p-58926.html HTTP/1.0" 200 76661 "-" "Mozilla/5.0 (compatible; SemrushBot/7~bl; +http://www.semrush.com/bot.html)"
42.194.204.180 - - [25/Nov/2022:00:38:03 +0100] "GET /images/mini_prod/3438100349946.jpg HTTP/1.0" 200 269 "-" "Mozilla/5.0 (X11; Ubuntu; Linux x86_64; rv:72.0) Gecko/20100101 Firefox/72.0"
66.249.68.30 - - [25/Nov/2022:00:38:11 +0100] "GET /dubout-cats-compact-mirror-p-34469.html HTTP/1.0" 200 75974 "-" "Mozilla/5.0 (compatible; Googlebot/2.1; +http://www.google.com/bot.html)"
114.119.155.228 - - [25/Nov/2022:00:38:25 +0100] "GET /fff-white-mug-p-38004.html HTTP/1.0" 301 75899 "http://www.wonder-geek.com/mugs-and-mazagrans-c-12_57.html?page=13" "Mozilla/5.0 (Linux; Android 7.0;) AppleWebKit/537.36 (KHTML, like Gecko) Mobile Safari/537.36 (compatible; PetalBot;+https://webmaster.petalsearch.com/site/petalbot)"
114.119.155.228 - - [25/Nov/2022:00:38:27 +0100] "GET /white-p-38004.html HTTP/1.0" 200 75827 "http://www.wonder-geek.com/mugs-and-mazagrans-c-12_57.html?page=13" "Mozilla/5.0 (Linux; Android 7.0;) AppleWebKit/537.36 (KHTML, like Gecko) Mobile Safari/537.36 (compatible; PetalBot;+https://webmaster.petalsearch.com/site/petalbot)"
216.244.66.242 - - [25/Nov/2022:00:38:29 +0100] "GET /gloss-lips-white-deluxe-chocolate-p-28865.html HTTP/1.0" 200 76140 "-" "Mozilla/5.0 (compatible; DotBot/1.2; +https://opensiteexplorer.org/dotbot; help@moz.com)"
185.191.171.7 - - [25/Nov/2022:00:38:39 +0100] "GET /-p-11460.html HTTP/1.0" 200 73264 "-" "Mozilla/5.0 (compatible; SemrushBot/7~bl; +http://www.semrush.com/bot.html)"
147.92.153.14 - - [25/Nov/2022:00:38:50 +0100] "GET /tree-decoration-figurine-heartwood-creek-p-31816.html HTTP/1.0" 200 76126 "-" "Mozilla/5.0 (compatible; Linespider/1.1; +https://lin.ee/4dwXkTH)"
66.249.68.25 - - [25/Nov/2022:00:38:58 +0100] "GET /littlest-petshop-stamp-tissue-p-6587.html HTTP/1.0" 200 76234 "-" "Mozilla/5.0 (Linux; Android 6.0.1; Nexus 5X Build/MMB29P) AppleWebKit/537.36 (KHTML, like Gecko) Chrome/107.0.5304.110 Mobile Safari/537.36 (compatible; Googlebot/2.1; +http://www.google.com/bot.html)"
185.191.171.11 - - [25/Nov/2022:00:39:17 +0100] "GET /home-decoration-c-13.html?page=202 HTTP/1.0" 200 96173 "-" "Mozilla/5.0 (compatible; SemrushBot/7~bl; +http://www.semrush.com/bot.html)"
185.191.171.21 - - [25/Nov/2022:00:39:23 +0100] "GET /storage-cups-c-12_159_264.html?page=1 HTTP/1.0" 200 93450 "-" "Mozilla/5.0 (compatible; SemrushBot/7~bl; +http://www.semrush.com/bot.html)"
185.191.171.11 - - [25/Nov/2022:00:39:34 +0100] "GET /thingy-bedclothes-p-42850.html HTTP/1.0" 200 75940 "-" "Mozilla/5.0 (compatible; SemrushBot/7~bl; +http://www.semrush.com/bot.html)"
40.77.167.27 - - [25/Nov/2022:00:39:37 +0100] "GET /images/big_prod/3665269216684.jpg HTTP/1.0" 200 268 "-" "Mozilla/5.0 (compatible; bingbot/2.0; +http://www.bing.com/bingbot.htm)"
216.244.66.242 - - [25/Nov/2022:00:39:47 +0100] "GET /black-metal-clock-40-cm-p-49448.html HTTP/1.0" 301 73418 "-" "Mozilla/5.0 (compatible; DotBot/1.2; +https://opensiteexplorer.org/dotbot; help@moz.com)"
185.191.171.16 - - [25/Nov/2022:00:39:48 +0100] "GET /sigil-lucifer-satatic-book-handbag-shape-book-p-40613.html HTTP/1.0" 200 73458 "-" "Mozilla/5.0 (compatible; SemrushBot/7~bl; +http://www.semrush.com/bot.html)"
114.119.131.232 - - [25/Nov/2022:00:39:48 +0100] "GET /nightlight-shaped-cream-p-44646.html HTTP/1.0" 200 75990 "http://www.wonder-geek.com/lighting-c-86.html?page=1" "Mozilla/5.0 (Linux; Android 7.0;) AppleWebKit/537.36 (KHTML, like Gecko) Mobile Safari/537.36 (compatible; PetalBot;+https://webmaster.petalsearch.com/site/petalbot)"
216.244.66.242 - - [25/Nov/2022:00:40:01 +0100] "GET /yoga-cat-meditation-statue-p-53030.html HTTP/1.0" 301 76062 "-" "Mozilla/5.0 (compatible; DotBot/1.2; +https://opensiteexplorer.org/dotbot; help@moz.com)"
185.191.171.13 - - [25/Nov/2022:00:40:11 +0100] "GET /-p-42734.html HTTP/1.0" 200 73264 "-" "Mozilla/5.0 (compatible; SemrushBot/7~bl; +http://www.semrush.com/bot.html)"
216.244.66.242 - - [25/Nov/2022:00:40:11 +0100] "GET /snack-bag-hello-kitty-cherry-blossom-pink-p-19651.html HTTP/1.0" 301 76853 "-" "Mozilla/5.0 (compatible; DotBot/1.2; +https://opensiteexplorer.org/dotbot; help@moz.com)"
185.191.171.8 - - [25/Nov/2022:00:40:24 +0100] "GET /salamander-wall-decoration-p-59234.html HTTP/1.0" 200 76594 "-" "Mozilla/5.0 (compatible; SemrushBot/7~bl; +http://www.semrush.com/bot.html)"
54.36.148.64 - - [25/Nov/2022:00:40:29 +0100] "GET /valdavia-cushion-40-40-cm-p-42079.html HTTP/1.0" 301 73331 "-" "Mozilla/5.0 (compatible; AhrefsBot/7.0; +http://ahrefs.com/robot/)"
185.191.171.38 - - [25/Nov/2022:00:40:41 +0100] "GET /pencil-case-c-31_75.html?page=9 HTTP/1.0" 200 92089 "-" "Mozilla/5.0 (compatible; SemrushBot/7~bl; +http://www.semrush.com/bot.html)"
185.191.171.43 - - [25/Nov/2022:00:41:12 +0100] "GET /elvis-presley-black-shirt-p-29563.html HTTP/1.0" 200 77343 "-" "Mozilla/5.0 (compatible; SemrushBot/7~bl; +http://www.semrush.com/bot.html)"
114.119.151.60 - - [25/Nov/2022:00:41:14 +0100] "GET /placemat-little-prince-p-56249.html HTTP/1.0" 200 76518 "http://www.wonder-geek.com/dishes-c-12.html?page=8" "Mozilla/5.0 (Linux; Android 7.0;) AppleWebKit/537.36 (KHTML, like Gecko) Mobile Safari/537.36 (compatible; PetalBot;+https://webmaster.petalsearch.com/site/petalbot)"
66.249.68.25 - - [25/Nov/2022:00:41:30 +0100] "GET /images/med_prod/0paris.jpg HTTP/1.0" 200 261 "-" "Googlebot-Image/1.0"
157.55.39.183 - - [25/Nov/2022:00:41:52 +0100] "GET /images/mini_prod/8422019925525.jpg HTTP/1.0" 200 269 "-" "Mozilla/5.0 (compatible; bingbot/2.0; +http://www.bing.com/bingbot.htm)"
207.46.13.42 - - [25/Nov/2022:00:41:59 +0100] "GET /images/med_prod/3609810034044.jpg HTTP/1.0" 200 268 "-" "Mozilla/5.0 AppleWebKit/537.36 (KHTML, like Gecko; compatible; bingbot/2.0; +http://www.bing.com/bingbot.htm) Chrome/103.0.5060.134 Safari/537.36"
123.57.182.90 - - [25/Nov/2022:00:42:26 +0100] "GET /images/mini_prod/8422088054812.jpg HTTP/1.0" 200 269 "-" "Mozilla/5.0 (Macintosh; Intel Mac OS X 10_15_7) AppleWebKit/537.36 (KHTML, like Gecko) Chrome/105.0.0.0 Safari/537.36"
159.75.102.74 - - [25/Nov/2022:00:42:30 +0100] "GET /images/mini_prod/5036278051203.jpg HTTP/1.0" 200 269 "-" "Mozilla/5.0 (X11; Ubuntu; Linux x86_64; rv:72.0) Gecko/20100101 Firefox/72.0"
185.191.171.6 - - [25/Nov/2022:00:42:29 +0100] "GET /drink-dispenser-p-49663.html HTTP/1.0" 200 75910 "-" "Mozilla/5.0 (compatible; SemrushBot/7~bl; +http://www.semrush.com/bot.html)"
185.191.171.25 - - [25/Nov/2022:00:42:32 +0100] "GET /samurai-statue-resin-p-50893.html HTTP/1.0" 200 76727 "-" "Mozilla/5.0 (compatible; SemrushBot/7~bl; +http://www.semrush.com/bot.html)"
114.119.128.44 - - [25/Nov/2022:00:42:37 +0100] "GET /justice-figurine-in-resin-35-cm-p-44727.html HTTP/1.0" 301 73449 "http://www.wonder-geek.com/home-and-decoration-c-13.html?page=196" "Mozilla/5.0 (Linux; Android 7.0;) AppleWebKit/537.36 (KHTML, like Gecko) Mobile Safari/537.36 (compatible; PetalBot;+https://webmaster.petalsearch.com/site/petalbot)"
114.119.128.44 - - [25/Nov/2022:00:42:41 +0100] "GET /justice-figurine-resin-p-44727.html HTTP/1.0" 200 73360 "http://www.wonder-geek.com/home-and-decoration-c-13.html?page=196" "Mozilla/5.0 (Linux; Android 7.0;) AppleWebKit/537.36 (KHTML, like Gecko) Mobile Safari/537.36 (compatible; PetalBot;+https://webmaster.petalsearch.com/site/petalbot)"
185.191.171.15 - - [25/Nov/2022:00:43:03 +0100] "GET /paris-with-spoon-black-white-p-38590.html HTTP/1.0" 200 73386 "-" "Mozilla/5.0 (compatible; SemrushBot/7~bl; +http://www.semrush.com/bot.html)"
185.191.171.11 - - [25/Nov/2022:00:43:30 +0100] "GET /bamboo-flower-cover-p-55093.html HTTP/1.0" 200 73372 "-" "Mozilla/5.0 (compatible; SemrushBot/7~bl; +http://www.semrush.com/bot.html)"
86.102.226.131 - - [25/Nov/2022:00:43:34 +0100] "GET /contact_us.php HTTP/1.0" 200 26241 "http://www.wonder-geek.com/contact_us.php" "Mozilla/5.0 (Windows NT 6.3; Win64; x64) AppleWebKit/537.36 (KHTML, like Gecko) Chrome/90.0.4430.85 Safari/537.36"
86.102.226.131 - - [25/Nov/2022:00:43:35 +0100] "POST /contact_us.php?action=send HTTP/1.0" 200 26479 "http://www.wonder-geek.com/contact_us.php" "Mozilla/5.0 (Windows NT 6.3; Win64; x64) AppleWebKit/537.36 (KHTML, like Gecko) Chrome/90.0.4430.85 Safari/537.36"
185.191.171.1 - - [25/Nov/2022:00:43:34 +0100] "GET /pucca-black-triangular-pencil-case-p-20088.html HTTP/1.0" 200 76125 "-" "Mozilla/5.0 (compatible; SemrushBot/7~bl; +http://www.semrush.com/bot.html)"
185.191.171.23 - - [25/Nov/2022:00:43:37 +0100] "GET /jasmin-jasmine-p-41388.html HTTP/1.0" 200 73326 "-" "Mozilla/5.0 (compatible; SemrushBot/7~bl; +http://www.semrush.com/bot.html)"
185.191.171.9 - - [25/Nov/2022:00:43:49 +0100] "GET /-p-20701.html HTTP/1.0" 200 73264 "-" "Mozilla/5.0 (compatible; SemrushBot/7~bl; +http://www.semrush.com/bot.html)"
114.119.133.1 - - [25/Nov/2022:00:44:05 +0100] "GET /paperweight-starry-night-by-van-gogh-p-46902.html HTTP/1.0" 301 77857 "http://www.wonder-geek.com/paperweight-c-129_188.html" "Mozilla/5.0 (Linux; Android 7.0;) AppleWebKit/537.36 (KHTML, like Gecko) Mobile Safari/537.36 (compatible; PetalBot;+https://webmaster.petalsearch.com/site/petalbot)"
114.119.133.1 - - [25/Nov/2022:00:44:06 +0100] "GET /paperweight-starry-night-gogh-p-46902.html HTTP/1.0" 200 77761 "http://www.wonder-geek.com/paperweight-c-129_188.html" "Mozilla/5.0 (Linux; Android 7.0;) AppleWebKit/537.36 (KHTML, like Gecko) Mobile Safari/537.36 (compatible; PetalBot;+https://webmaster.petalsearch.com/site/petalbot)"
185.191.171.26 - - [25/Nov/2022:00:44:06 +0100] "GET /round-trays-c-12_159_263.html HTTP/1.0" 200 93562 "-" "Mozilla/5.0 (compatible; SemrushBot/7~bl; +http://www.semrush.com/bot.html)"
185.191.171.16 - - [25/Nov/2022:00:44:10 +0100] "GET /orgonite-chakra-pyramid-black-tourmaline-with-p-54368.html HTTP/1.0" 200 77611 "-" "Mozilla/5.0 (compatible; SemrushBot/7~bl; +http://www.semrush.com/bot.html)"
185.191.171.24 - - [25/Nov/2022:00:44:29 +0100] "GET /cats-dubout-large-bowl-p-40054.html HTTP/1.0" 200 75898 "-" "Mozilla/5.0 (compatible; SemrushBot/7~bl; +http://www.semrush.com/bot.html)"
66.249.68.1 - - [25/Nov/2022:00:44:36 +0100] "GET /tassen-porcelain-mood-mini-bowls-made-germany-p-43290.html HTTP/1.0" 200 76179 "-" "Mozilla/5.0 (compatible; Googlebot/2.1; +http://www.google.com/bot.html)"
185.191.171.11 - - [25/Nov/2022:00:44:49 +0100] "GET /magnetic-globe-p-51890.html HTTP/1.0" 200 76489 "-" "Mozilla/5.0 (compatible; SemrushBot/7~bl; +http://www.semrush.com/bot.html)"
185.191.171.3 - - [25/Nov/2022:00:44:51 +0100] "GET /kiub-collection-cats-cool-p-56239.html HTTP/1.0" 200 76728 "-" "Mozilla/5.0 (compatible; SemrushBot/7~bl; +http://www.semrush.com/bot.html)"
207.46.13.42 - - [25/Nov/2022:00:44:59 +0100] "GET /images/big_prod_1/3503420065163B.jpg HTTP/1.0" 200 271 "-" "Mozilla/5.0 AppleWebKit/537.36 (KHTML, like Gecko; compatible; bingbot/2.0; +http://www.bing.com/bingbot.htm) Chrome/103.0.5060.134 Safari/537.36"
185.191.171.3 - - [25/Nov/2022:00:45:03 +0100] "GET /chameleon-night-light-p-55544.html HTTP/1.0" 200 77058 "-" "Mozilla/5.0 (compatible; SemrushBot/7~bl; +http://www.semrush.com/bot.html)"
185.191.171.8 - - [25/Nov/2022:00:45:06 +0100] "GET /round-chair-cushion-reversible-black-linen-p-54648.html HTTP/1.0" 200 76985 "-" "Mozilla/5.0 (compatible; SemrushBot/7~bl; +http://www.semrush.com/bot.html)"
185.191.171.1 - - [25/Nov/2022:00:45:17 +0100] "GET /retro-wooden-photo-frame-p-42194.html HTTP/1.0" 200 76093 "-" "Mozilla/5.0 (compatible; SemrushBot/7~bl; +http://www.semrush.com/bot.html)"
114.119.128.44 - - [25/Nov/2022:00:45:27 +0100] "GET /strawberry-shortcake-tights-model-p-34661.html HTTP/1.0" 301 73331 "http://www.wonder-geek.com/girls-c-1.html" "Mozilla/5.0 (Linux; Android 7.0;) AppleWebKit/537.36 (KHTML, like Gecko) Mobile Safari/537.36 (compatible; PetalBot;+https://webmaster.petalsearch.com/site/petalbot)"
114.119.128.44 - - [25/Nov/2022:00:45:29 +0100] "GET /-p-34661.html HTTP/1.0" 200 73264 "http://www.wonder-geek.com/girls-c-1.html" "Mozilla/5.0 (Linux; Android 7.0;) AppleWebKit/537.36 (KHTML, like Gecko) Mobile Safari/537.36 (compatible; PetalBot;+https://webmaster.petalsearch.com/site/petalbot)"
66.249.68.30 - - [25/Nov/2022:00:45:49 +0100] "GET /images/big_prod/5018997617199.jpg HTTP/1.0" 200 268 "-" "Googlebot-Image/1.0"
185.191.171.40 - - [25/Nov/2022:00:46:07 +0100] "GET /pencil-p-40952.html HTTP/1.0" 200 75812 "-" "Mozilla/5.0 (compatible; SemrushBot/7~bl; +http://www.semrush.com/bot.html)"
185.191.171.18 - - [25/Nov/2022:00:46:32 +0100] "GET /black-forest-scented-table-candles-p-51488.html HTTP/1.0" 200 76207 "-" "Mozilla/5.0 (compatible; SemrushBot/7~bl; +http://www.semrush.com/bot.html)"
114.119.130.87 - - [25/Nov/2022:00:46:51 +0100] "GET /images/big_prod_1/5051276416847.jpg HTTP/1.0" 200 270 "http://www.wonder-geek.com/guardian-angel-small-candle-gift-bath-bombs-p-59023.html" "Mozilla/5.0 (Linux; Android 7.0;) AppleWebKit/537.36 (KHTML, like Gecko) Mobile Safari/537.36 (compatible; PetalBot;+https://webmaster.petalsearch.com/site/petalbot)"
185.191.171.18 - - [25/Nov/2022:00:47:02 +0100] "GET /home-decoration-c-13.html?page=95 HTTP/1.0" 200 95623 "-" "Mozilla/5.0 (compatible; SemrushBot/7~bl; +http://www.semrush.com/bot.html)"
66.249.68.25 - - [25/Nov/2022:00:47:04 +0100] "GET /hello-kitty-picnic-p-17166.html HTTP/1.0" 200 76306 "-" "Mozilla/5.0 (compatible; Googlebot/2.1; +http://www.google.com/bot.html)"
185.191.171.13 - - [25/Nov/2022:00:47:20 +0100] "GET /empty-tray-pocket-oriental-pattern-carved-wood-p-46384.html HTTP/1.0" 200 76823 "-" "Mozilla/5.0 (compatible; SemrushBot/7~bl; +http://www.semrush.com/bot.html)"
207.46.13.42 - - [25/Nov/2022:00:47:31 +0100] "GET /boys/socks/spongebob-socks-p-9452.html HTTP/1.0" 301 73328 "-" "Mozilla/5.0 AppleWebKit/537.36 (KHTML, like Gecko; compatible; bingbot/2.0; +http://www.bing.com/bingbot.htm) Chrome/103.0.5060.134 Safari/537.36"
185.191.171.20 - - [25/Nov/2022:00:47:32 +0100] "GET /-p-46848.html HTTP/1.0" 200 73264 "-" "Mozilla/5.0 (compatible; SemrushBot/7~bl; +http://www.semrush.com/bot.html)"
185.191.171.20 - - [25/Nov/2022:00:47:40 +0100] "GET /mini-rectangular-tray-p-54913.html HTTP/1.0" 200 75978 "-" "Mozilla/5.0 (compatible; SemrushBot/7~bl; +http://www.semrush.com/bot.html)"
185.191.171.3 - - [25/Nov/2022:00:47:44 +0100] "GET /-p-36752.html HTTP/1.0" 200 73264 "-" "Mozilla/5.0 (compatible; SemrushBot/7~bl; +http://www.semrush.com/bot.html)"
185.191.171.43 - - [25/Nov/2022:00:47:57 +0100] "GET /kimmidoll-ayana-p-49824.html HTTP/1.0" 200 75930 "-" "Mozilla/5.0 (compatible; SemrushBot/7~bl; +http://www.semrush.com/bot.html)"
66.249.68.30 - - [25/Nov/2022:00:48:04 +0100] "GET /images/big_prod/7601020000440.jpg HTTP/1.0" 200 268 "-" "Googlebot-Image/1.0"
114.119.130.87 - - [25/Nov/2022:00:48:18 +0100] "GET /postcard-with-envelope-elephant-p-48857.html HTTP/1.0" 200 76079 "http://www.wonder-geek.com/stationery-and-cardmaking-c-129.html?page=10" "Mozilla/5.0 (Linux; Android 7.0;) AppleWebKit/537.36 (KHTML, like Gecko) Mobile Safari/537.36 (compatible; PetalBot;+https://webmaster.petalsearch.com/site/petalbot)"
157.55.39.202 - - [25/Nov/2022:00:48:23 +0100] "GET /small-white-corsican-money-p-54518.html HTTP/1.0" 200 76018 "-" "Mozilla/5.0 AppleWebKit/537.36 (KHTML, like Gecko; compatible; bingbot/2.0; +http://www.bing.com/bingbot.htm) Chrome/103.0.5060.134 Safari/537.36"
42.194.192.36 - - [25/Nov/2022:00:48:30 +0100] "GET /images/big_prod_1/b3574642018220.jpg HTTP/1.0" 200 271 "-" "Mozilla/5.0 (X11; Ubuntu; Linux x86_64; rv:72.0) Gecko/20100101 Firefox/72.0"
51.68.224.127 - - [25/Nov/2022:00:48:46 +0100] "GET /adminweb/export_orders_xml.php?token=256de2z6edz6ed2z6DFSFsed2zed6zeDSFDSGdzedezfzf&maxorders=10&orderstart=1&status=14&start_date=2018-10-01 HTTP/1.0" 200 285 "-" "GesCom CharlotteBoutik Serveur"
51.68.224.127 - - [25/Nov/2022:00:48:46 +0100] "GET /adminweb/export_orders_xml.php?token=256de2z6edz6ed2z6DFSFsed2zed6zeDSFDSGdzedezfzf&maxorders=10&orderstart=1&status=6&start_date=2018-10-01 HTTP/1.0" 200 34006 "-" "GesCom CharlotteBoutik Serveur"
185.191.171.20 - - [25/Nov/2022:00:49:00 +0100] "GET /potholder-petit-beurre-p-57623.html HTTP/1.0" 200 75960 "-" "Mozilla/5.0 (compatible; SemrushBot/7~bl; +http://www.semrush.com/bot.html)"
185.191.171.41 - - [25/Nov/2022:00:49:09 +0100] "GET /figures-c-4_15.html?page=5 HTTP/1.0" 200 90124 "-" "Mozilla/5.0 (compatible; SemrushBot/7~bl; +http://www.semrush.com/bot.html)"
157.55.39.202 - - [25/Nov/2022:00:49:44 +0100] "GET /images/med_prod/9316188056441.jpg HTTP/1.0" 200 268 "-" "Mozilla/5.0 AppleWebKit/537.36 (KHTML, like Gecko; compatible; bingbot/2.0; +http://www.bing.com/bingbot.htm) Chrome/103.0.5060.134 Safari/537.36"
114.119.166.166 - - [25/Nov/2022:00:49:46 +0100] "GET /decoration-sunflowers-p-21334.html HTTP/1.0" 200 76091 "http://www.wonder-geek.com/creative-hobbies-coloring-c-129_30.html" "Mozilla/5.0 (Linux; Android 7.0;) AppleWebKit/537.36 (KHTML, like Gecko) Mobile Safari/537.36 (compatible; PetalBot;+https://webmaster.petalsearch.com/site/petalbot)"
185.191.171.38 - - [25/Nov/2022:00:49:48 +0100] "GET /accessories-c-3.html?page=26 HTTP/1.0" 200 87652 "-" "Mozilla/5.0 (compatible; SemrushBot/7~bl; +http://www.semrush.com/bot.html)"
66.249.68.30 - - [25/Nov/2022:00:50:07 +0100] "GET /moon-handbag-shape-book-p-38321.html HTTP/1.0" 200 73370 "-" "Mozilla/5.0 (Linux; Android 6.0.1; Nexus 5X Build/MMB29P) AppleWebKit/537.36 (KHTML, like Gecko) Chrome/107.0.5304.110 Mobile Safari/537.36 (compatible; Googlebot/2.1; +http://www.google.com/bot.html)"
185.191.171.15 - - [25/Nov/2022:00:50:35 +0100] "GET /bench-stool-p-57166.html HTTP/1.0" 200 76697 "-" "Mozilla/5.0 (compatible; SemrushBot/7~bl; +http://www.semrush.com/bot.html)"
185.191.171.3 - - [25/Nov/2022:00:50:39 +0100] "GET /native-spirits-incense-p-55342.html HTTP/1.0" 200 77908 "-" "Mozilla/5.0 (compatible; SemrushBot/7~bl; +http://www.semrush.com/bot.html)"
207.46.13.186 - - [25/Nov/2022:00:50:49 +0100] "GET /games-and-toys/figures/cars-sergent-figure-p-11101.html HTTP/1.0" 301 621 "-" "Mozilla/5.0 (compatible; bingbot/2.0; +http://www.bing.com/bingbot.htm)"
185.191.171.37 - - [25/Nov/2022:00:50:48 +0100] "GET /scented-candles-novenas-c-231_227.html?page=22 HTTP/1.0" 200 88015 "-" "Mozilla/5.0 (compatible; SemrushBot/7~bl; +http://www.semrush.com/bot.html)"
114.119.131.232 - - [25/Nov/2022:00:51:05 +0100] "GET /small-baby-teeth-p-53344.html HTTP/1.0" 200 76012 "http://www.wonder-geek.com/boxes-storage-c-13_150.html?page=13" "Mozilla/5.0 (Linux; Android 7.0;) AppleWebKit/537.36 (KHTML, like Gecko) Mobile Safari/537.36 (compatible; PetalBot;+https://webmaster.petalsearch.com/site/petalbot)"
66.249.68.30 - - [25/Nov/2022:00:51:32 +0100] "GET /images/big_prod/8422050656006.jpg HTTP/1.0" 200 268 "-" "Googlebot-Image/1.0"
185.191.171.19 - - [25/Nov/2022:00:51:47 +0100] "GET /candle-cuddler-cuddly-tall-candleholder-made-germany-p-56885.html HTTP/1.0" 200 77936 "-" "Mozilla/5.0 (compatible; SemrushBot/7~bl; +http://www.semrush.com/bot.html)"
185.191.171.5 - - [25/Nov/2022:00:51:50 +0100] "GET /-p-36593.html HTTP/1.0" 200 73264 "-" "Mozilla/5.0 (compatible; SemrushBot/7~bl; +http://www.semrush.com/bot.html)"
185.191.171.11 - - [25/Nov/2022:00:51:53 +0100] "GET /white-natural-wooden-p-55037.html HTTP/1.0" 200 76680 "-" "Mozilla/5.0 (compatible; SemrushBot/7~bl; +http://www.semrush.com/bot.html)"
119.28.104.245 - - [25/Nov/2022:00:52:13 +0100] "GET /images/3700057119348.jpg HTTP/1.0" 200 259 "-" "Mozilla/5.0 (Macintosh; Intel Mac OS X 10_15_7) AppleWebKit/537.36 (KHTML, like Gecko) Chrome/103.0.0.0 Safari/537.36"
185.191.171.7 - - [25/Nov/2022:00:52:14 +0100] "GET /decorative-carpets-c-11_167.html?page=2 HTTP/1.0" 200 93617 "-" "Mozilla/5.0 (compatible; SemrushBot/7~bl; +http://www.semrush.com/bot.html)"
185.191.171.17 - - [25/Nov/2022:00:52:18 +0100] "GET /cancer-classic-cbkreation-p-29029.html HTTP/1.0" 200 75888 "-" "Mozilla/5.0 (compatible; SemrushBot/7~bl; +http://www.semrush.com/bot.html)"
114.119.130.87 - - [25/Nov/2022:00:52:31 +0100] "GET /coca-cola-large-box-p-31654.html HTTP/1.0" 301 73404 "http://www.wonder-geek.com/boxes-and-storage-box-c-13_150.html?page=13" "Mozilla/5.0 (Linux; Android 7.0;) AppleWebKit/537.36 (KHTML, like Gecko) Mobile Safari/537.36 (compatible; PetalBot;+https://webmaster.petalsearch.com/site/petalbot)"
216.244.66.242 - - [25/Nov/2022:00:52:35 +0100] "GET /grenache-polyester-round-chair-cushion-p-59260.html HTTP/1.0" 200 76660 "-" "Mozilla/5.0 (compatible; DotBot/1.2; +https://opensiteexplorer.org/dotbot; help@moz.com)"
114.119.130.87 - - [25/Nov/2022:00:52:36 +0100] "GET /coca-cola-large-p-31654.html HTTP/1.0" 200 73322 "http://www.wonder-geek.com/boxes-and-storage-box-c-13_150.html?page=13" "Mozilla/5.0 (Linux; Android 7.0;) AppleWebKit/537.36 (KHTML, like Gecko) Mobile Safari/537.36 (compatible; PetalBot;+https://webmaster.petalsearch.com/site/petalbot)"
216.244.66.242 - - [25/Nov/2022:00:52:47 +0100] "GET /unicorn-bedclothes-p-59466.html HTTP/1.0" 200 76646 "-" "Mozilla/5.0 (compatible; DotBot/1.2; +https://opensiteexplorer.org/dotbot; help@moz.com)"
185.191.171.40 - - [25/Nov/2022:00:53:24 +0100] "GET /african-woman-carrying-water-daughter-decoration-p-52879.html HTTP/1.0" 200 73462 "-" "Mozilla/5.0 (compatible; SemrushBot/7~bl; +http://www.semrush.com/bot.html)"
185.191.171.44 - - [25/Nov/2022:00:53:28 +0100] "GET /child-yoga-statuette-p-57670.html HTTP/1.0" 200 76801 "-" "Mozilla/5.0 (compatible; SemrushBot/7~bl; +http://www.semrush.com/bot.html)"
114.119.166.166 - - [25/Nov/2022:00:53:56 +0100] "GET /support-metal-bottle-the-mechanic-p-39627.html HTTP/1.0" 301 73514 "http://www.wonder-geek.com/bottle-holder-beer-bucket-c-12_224.html" "Mozilla/5.0 (Linux; Android 7.0;) AppleWebKit/537.36 (KHTML, like Gecko) Mobile Safari/537.36 (compatible; PetalBot;+https://webmaster.petalsearch.com/site/petalbot)"
114.119.166.166 - - [25/Nov/2022:00:53:58 +0100] "GET /support-metal-bottle-mechanic-p-39627.html HTTP/1.0" 200 73418 "http://www.wonder-geek.com/bottle-holder-beer-bucket-c-12_224.html" "Mozilla/5.0 (Linux; Android 7.0;) AppleWebKit/537.36 (KHTML, like Gecko) Mobile Safari/537.36 (compatible; PetalBot;+https://webmaster.petalsearch.com/site/petalbot)"
185.191.171.43 - - [25/Nov/2022:00:53:59 +0100] "GET /gorjuss-cards-supplied-with-envelope-wish-p-48393.html HTTP/1.0" 200 76199 "-" "Mozilla/5.0 (compatible; SemrushBot/7~bl; +http://www.semrush.com/bot.html)"
190.92.247.144 - - [25/Nov/2022:00:54:23 +0100] "GET /images/mini_prod/1384010179000.jpg HTTP/1.0" 200 269 "-" "Mozilla/5.0 (Windows NT 10.0; Win64; x64) AppleWebKit/537.36 (KHTML, like Gecko) Chrome/54.0.2840.99 Safari/537.36"
190.92.247.144 - - [25/Nov/2022:00:54:24 +0100] "GET /images/mini_prod/1384010179000.jpg HTTP/1.0" 200 269 "-" "Mozilla/5.0 (Windows NT 10.0; Win64; x64) AppleWebKit/537.36 (KHTML, like Gecko) Chrome/54.0.2840.99 Safari/537.36"
190.92.247.144 - - [25/Nov/2022:00:54:26 +0100] "GET /images/mini_prod/1384010179000.jpg HTTP/1.0" 200 269 "-" "Mozilla/5.0 (Windows NT 10.0; Win64; x64) AppleWebKit/537.36 (KHTML, like Gecko) Chrome/54.0.2840.99 Safari/537.36"
185.191.171.44 - - [25/Nov/2022:00:54:46 +0100] "GET /cherry-blossoms-turquoise-p-39292.html HTTP/1.0" 200 76103 "-" "Mozilla/5.0 (compatible; SemrushBot/7~bl; +http://www.semrush.com/bot.html)"
114.119.166.166 - - [25/Nov/2022:00:55:20 +0100] "GET /playboy-glitter-cherry-berry-towel-p-18301.html HTTP/1.0" 301 73331 "http://www.wonder-geek.com/household-linen-c-11.html?page=44" "Mozilla/5.0 (Linux; Android 7.0;) AppleWebKit/537.36 (KHTML, like Gecko) Mobile Safari/537.36 (compatible; PetalBot;+https://webmaster.petalsearch.com/site/petalbot)"
114.119.166.166 - - [25/Nov/2022:00:55:21 +0100] "GET /-p-18301.html HTTP/1.0" 200 73264 "http://www.wonder-geek.com/household-linen-c-11.html?page=44" "Mozilla/5.0 (Linux; Android 7.0;) AppleWebKit/537.36 (KHTML, like Gecko) Mobile Safari/537.36 (compatible; PetalBot;+https://webmaster.petalsearch.com/site/petalbot)"
185.191.171.21 - - [25/Nov/2022:00:55:53 +0100] "GET /shoulder-jasmine-jasmin-p-39252.html HTTP/1.0" 200 73368 "-" "Mozilla/5.0 (compatible; SemrushBot/7~bl; +http://www.semrush.com/bot.html)"
185.191.171.11 - - [25/Nov/2022:00:56:11 +0100] "GET /turtles-ninja-glass-p-21407.html HTTP/1.0" 200 75937 "-" "Mozilla/5.0 (compatible; SemrushBot/7~bl; +http://www.semrush.com/bot.html)"
66.249.68.25 - - [25/Nov/2022:00:56:14 +0100] "GET /hourglass-decoration-glass-and-sand-glitter-p-53613.html HTTP/1.0" 301 76174 "-" "Mozilla/5.0 (Linux; Android 6.0.1; Nexus 5X Build/MMB29P) AppleWebKit/537.36 (KHTML, like Gecko) Chrome/107.0.5304.110 Mobile Safari/537.36 (compatible; Googlebot/2.1; +http://www.google.com/bot.html)"
66.249.68.25 - - [25/Nov/2022:00:56:16 +0100] "GET /hourglass-decoration-glass-sand-glitter-p-53613.html HTTP/1.0" 200 76068 "-" "Mozilla/5.0 (Linux; Android 6.0.1; Nexus 5X Build/MMB29P) AppleWebKit/537.36 (KHTML, like Gecko) Chrome/107.0.5304.110 Mobile Safari/537.36 (compatible; Googlebot/2.1; +http://www.google.com/bot.html)"
114.119.130.87 - - [25/Nov/2022:00:56:44 +0100] "GET /verity-rose-destiny-emery-board-p-29140.html HTTP/1.0" 200 76017 "http://www.wonder-geek.com/luggages-schoolbags-leather-shop-c-31.html" "Mozilla/5.0 (Linux; Android 7.0;) AppleWebKit/537.36 (KHTML, like Gecko) Mobile Safari/537.36 (compatible; PetalBot;+https://webmaster.petalsearch.com/site/petalbot)"
185.191.171.43 - - [25/Nov/2022:00:57:06 +0100] "GET /panda-paris-glass-coasters-p-46533.html HTTP/1.0" 200 75894 "-" "Mozilla/5.0 (compatible; SemrushBot/7~bl; +http://www.semrush.com/bot.html)"
185.191.171.33 - - [25/Nov/2022:00:57:32 +0100] "GET /-p-44904.html HTTP/1.0" 200 73264 "-" "Mozilla/5.0 (compatible; SemrushBot/7~bl; +http://www.semrush.com/bot.html)"
185.191.171.18 - - [25/Nov/2022:00:57:44 +0100] "GET /statuette-jesus-christ-sacred-heart-inside-outside-p-48905.html HTTP/1.0" 200 73466 "-" "Mozilla/5.0 (compatible; SemrushBot/7~bl; +http://www.semrush.com/bot.html)"
171.25.193.78 - - [25/Nov/2022:00:57:44 +0100] "GET /contact_us.php HTTP/1.0" 200 26241 "http://www.wonder-geek.com/contact_us.php" "Mozilla/5.0 (Windows NT 10.0) AppleWebKit/537.36 (KHTML, like Gecko) Chrome/90.0.4430.93 Safari/537.36"
171.25.193.78 - - [25/Nov/2022:00:57:46 +0100] "POST /contact_us.php?action=send HTTP/1.0" 200 26665 "http://www.wonder-geek.com/contact_us.php" "Mozilla/5.0 (Windows NT 10.0) AppleWebKit/537.36 (KHTML, like Gecko) Chrome/90.0.4430.93 Safari/537.36"
171.25.193.78 - - [25/Nov/2022:00:57:47 +0100] "GET /contact_us.php HTTP/1.0" 200 26241 "http://www.wonder-geek.com/contact_us.php" "Mozilla/5.0 (Windows NT 10.0) AppleWebKit/537.36 (KHTML, like Gecko) Chrome/90.0.4430.93 Safari/537.36"
185.191.171.11 - - [25/Nov/2022:00:57:54 +0100] "GET /-p-48766.html HTTP/1.0" 200 73264 "-" "Mozilla/5.0 (compatible; SemrushBot/7~bl; +http://www.semrush.com/bot.html)"
216.244.66.242 - - [25/Nov/2022:00:57:57 +0100] "GET /cats-dubout-bowl-p-47090.html HTTP/1.0" 200 73324 "-" "Mozilla/5.0 (compatible; DotBot/1.2; +https://opensiteexplorer.org/dotbot; help@moz.com)"
185.191.171.12 - - [25/Nov/2022:00:57:59 +0100] "GET /sonny-angel-animals-series-figure-p-53434.html HTTP/1.0" 200 73390 "-" "Mozilla/5.0 (compatible; SemrushBot/7~bl; +http://www.semrush.com/bot.html)"
216.244.66.242 - - [25/Nov/2022:00:58:06 +0100] "GET /hello-kitty-fountain-ballpoint-p-7214.html HTTP/1.0" 200 76097 "-" "Mozilla/5.0 (compatible; DotBot/1.2; +https://opensiteexplorer.org/dotbot; help@moz.com)"
114.119.166.166 - - [25/Nov/2022:00:58:11 +0100] "GET /retro-cv-shoulder-bag-p-18991.html HTTP/1.0" 301 76285 "http://www.wonder-geek.com/bagshandbags-shoulder-bags-c-31_81.html?page=4" "Mozilla/5.0 (Linux; Android 7.0;) AppleWebKit/537.36 (KHTML, like Gecko) Mobile Safari/537.36 (compatible; PetalBot;+https://webmaster.petalsearch.com/site/petalbot)"
