66.249.66.210 - - [24/Nov/2022:10:19:48 +0100] "GET /highslide/highslide.js HTTP/1.0" 200 262 "http://www.wonder-geek.com/little-prince-tote-p-51202.html" "Mozilla/5.0 (Linux; Android 6.0.1; Nexus 5X Build/MMB29P) AppleWebKit/537.36 (KHTML, like Gecko) Chrome/107.0.5304.110 Mobile Safari/537.36 (compatible; Googlebot/2.1; +http://www.google.com/bot.html)"
66.249.66.210 - - [24/Nov/2022:10:19:49 +0100] "GET /js/jquery.jqzoom.js HTTP/1.0" 200 259 "http://www.wonder-geek.com/little-prince-tote-p-51202.html" "Mozilla/5.0 (Linux; Android 6.0.1; Nexus 5X Build/MMB29P) AppleWebKit/537.36 (KHTML, like Gecko) Chrome/107.0.5304.110 Mobile Safari/537.36 (compatible; Googlebot/2.1; +http://www.google.com/bot.html)"
66.249.66.210 - - [24/Nov/2022:10:19:50 +0100] "GET /mondial_relay/js/jquery-1.3.2.min.js HTTP/1.0" 200 276 "http://www.wonder-geek.com/little-prince-tote-p-51202.html" "Mozilla/5.0 (Linux; Android 6.0.1; Nexus 5X Build/MMB29P) AppleWebKit/537.36 (KHTML, like Gecko) Chrome/107.0.5304.110 Mobile Safari/537.36 (compatible; Googlebot/2.1; +http://www.google.com/bot.html)"
185.191.171.33 - - [24/Nov/2022:10:19:50 +0100] "GET /corsica-trivet-p-43565.html HTTP/1.0" 200 75805 "-" "Mozilla/5.0 (compatible; SemrushBot/7~bl; +http://www.semrush.com/bot.html)"
66.249.66.210 - - [24/Nov/2022:10:19:52 +0100] "GET /js/jquery.js HTTP/1.0" 200 252 "http://www.wonder-geek.com/little-prince-tote-p-51202.html" "Mozilla/5.0 (Linux; Android 6.0.1; Nexus 5X Build/MMB29P) AppleWebKit/537.36 (KHTML, like Gecko) Chrome/107.0.5304.110 Mobile Safari/537.36 (compatible; Googlebot/2.1; +http://www.google.com/bot.html)"
66.249.66.210 - - [24/Nov/2022:10:19:53 +0100] "GET /swfobject.js HTTP/1.0" 404 1308 "http://www.wonder-geek.com/little-prince-tote-p-51202.html" "Mozilla/5.0 (Linux; Android 6.0.1; Nexus 5X Build/MMB29P) AppleWebKit/537.36 (KHTML, like Gecko) Chrome/107.0.5304.110 Mobile Safari/537.36 (compatible; Googlebot/2.1; +http://www.google.com/bot.html)"
185.191.171.26 - - [24/Nov/2022:10:19:53 +0100] "GET /coated-placemat-azulejos-p-51801.html HTTP/1.0" 200 73350 "-" "Mozilla/5.0 (compatible; SemrushBot/7~bl; +http://www.semrush.com/bot.html)"
147.92.153.4 - - [24/Nov/2022:10:20:01 +0100] "GET /furniture-knob-sold-individually-p-55980.html HTTP/1.0" 200 76678 "-" "Mozilla/5.0 (compatible; Linespider/1.1; +https://lin.ee/4dwXkTH)"
35.165.15.82 - - [24/Nov/2022:10:20:10 +0100] "GET /images/mini_prod/3612875119038.jpg HTTP/1.0" 200 269 "-" "Mozilla/5.0 (X11; Ubuntu; Linux x86_64; rv:72.0) Gecko/20100101 Firefox/72.0"
185.191.171.18 - - [24/Nov/2022:10:20:20 +0100] "GET /medusa-glass-paperweight-p-48941.html HTTP/1.0" 200 73350 "-" "Mozilla/5.0 (compatible; SemrushBot/7~bl; +http://www.semrush.com/bot.html)"
185.191.171.43 - - [24/Nov/2022:10:20:32 +0100] "GET /lotus-candleholder-chakra-orange-pink-goldlining-p-37128.html HTTP/1.0" 200 77571 "-" "Mozilla/5.0 (compatible; SemrushBot/7~bl; +http://www.semrush.com/bot.html)"
185.191.171.10 - - [24/Nov/2022:10:20:40 +0100] "GET /wall-stickers-three-olive-branches-p-56619.html HTTP/1.0" 200 76822 "-" "Mozilla/5.0 (compatible; SemrushBot/7~bl; +http://www.semrush.com/bot.html)"
66.249.66.214 - - [24/Nov/2022:10:20:46 +0100] "GET /strawberry-shortcake-visor-p-20458.html HTTP/1.0" 200 76083 "-" "Mozilla/5.0 (compatible; Googlebot/2.1; +http://www.google.com/bot.html)"
185.191.171.17 - - [24/Nov/2022:10:20:48 +0100] "GET /magnet-tasty-tassen-made-germany-p-47558.html HTTP/1.0" 200 76942 "-" "Mozilla/5.0 (compatible; SemrushBot/7~bl; +http://www.semrush.com/bot.html)"
185.191.171.43 - - [24/Nov/2022:10:20:52 +0100] "GET /-p-57962.html HTTP/1.0" 200 73264 "-" "Mozilla/5.0 (compatible; SemrushBot/7~bl; +http://www.semrush.com/bot.html)"
185.191.171.23 - - [24/Nov/2022:10:20:58 +0100] "GET /robots.txt HTTP/1.0" 200 245 "-" "Mozilla/5.0 (compatible; SemrushBot/7~bl; +http://www.semrush.com/bot.html)"
185.191.171.12 - - [24/Nov/2022:10:20:57 +0100] "GET /cushion-upholstery-cover-p-56066.html HTTP/1.0" 200 76177 "-" "Mozilla/5.0 (compatible; SemrushBot/7~bl; +http://www.semrush.com/bot.html)"
185.191.171.5 - - [24/Nov/2022:10:20:59 +0100] "GET /harley-davidson-genuine-finest-quality-lighter-p-45312.html HTTP/1.0" 200 77150 "-" "Mozilla/5.0 (compatible; SemrushBot/7~bl; +http://www.semrush.com/bot.html)"
66.249.66.210 - - [24/Nov/2022:10:21:06 +0100] "GET /images/5901330013812.jpg HTTP/1.0" 200 259 "-" "Googlebot-Image/1.0"
185.191.171.37 - - [24/Nov/2022:10:21:27 +0100] "GET /leaves-round-placemat-p-51925.html HTTP/1.0" 200 76447 "-" "Mozilla/5.0 (compatible; SemrushBot/7~bl; +http://www.semrush.com/bot.html)"
66.249.66.210 - - [24/Nov/2022:10:21:29 +0100] "GET /tinkerbell-sitting-holly-figurine-p-58882.html HTTP/1.0" 200 77404 "-" "Mozilla/5.0 (compatible; Googlebot/2.1; +http://www.google.com/bot.html)"
54.36.149.8 - - [24/Nov/2022:10:21:45 +0100] "GET /hello-kitty-little-embroidered-patch-p-13525.html HTTP/1.0" 200 76090 "-" "Mozilla/5.0 (compatible; AhrefsBot/7.0; +http://ahrefs.com/robot/)"
185.191.171.17 - - [24/Nov/2022:10:21:45 +0100] "GET /tassen-porcelain-mood-sugar-bowl-made-germany-p-46333.html HTTP/1.0" 200 77085 "-" "Mozilla/5.0 (compatible; SemrushBot/7~bl; +http://www.semrush.com/bot.html)"
54.36.148.15 - - [24/Nov/2022:10:21:53 +0100] "GET /images/c8427787034837.jpg HTTP/1.0" 200 260 "-" "Mozilla/5.0 (compatible; AhrefsBot/7.0; +http://ahrefs.com/robot/)"
185.191.171.15 - - [24/Nov/2022:10:21:56 +0100] "GET /coasters-party-cocktails-p-58151.html HTTP/1.0" 200 76526 "-" "Mozilla/5.0 (compatible; SemrushBot/7~bl; +http://www.semrush.com/bot.html)"
123.57.182.90 - - [24/Nov/2022:10:22:06 +0100] "GET /images/mini_prod/3453131127516.jpg HTTP/1.0" 200 269 "-" "Mozilla/5.0 (Macintosh; Intel Mac OS X 10_15_7) AppleWebKit/537.36 (KHTML, like Gecko) Chrome/105.0.0.0 Safari/537.36"
185.191.171.24 - - [24/Nov/2022:10:22:13 +0100] "GET /lighting-c-13_86.html?page=16 HTTP/1.0" 200 95336 "-" "Mozilla/5.0 (compatible; SemrushBot/7~bl; +http://www.semrush.com/bot.html)"
185.191.171.5 - - [24/Nov/2022:10:22:17 +0100] "GET /lighting-c-13_86.html?page=5 HTTP/1.0" 200 94379 "-" "Mozilla/5.0 (compatible; SemrushBot/7~bl; +http://www.semrush.com/bot.html)"
66.249.66.212 - - [24/Nov/2022:10:22:18 +0100] "GET /paris-1886-large-clock-p-35815.html HTTP/1.0" 200 75914 "-" "Mozilla/5.0 (compatible; Googlebot/2.1; +http://www.google.com/bot.html)"
185.191.171.5 - - [24/Nov/2022:10:22:21 +0100] "GET /harley-davidson-zippo-lighter-p-52758.html HTTP/1.0" 200 78268 "-" "Mozilla/5.0 (compatible; SemrushBot/7~bl; +http://www.semrush.com/bot.html)"
66.249.66.212 - - [24/Nov/2022:10:22:23 +0100] "GET /tinkerbell-sitting-holly-figurine-p-58882.html HTTP/1.0" 200 77404 "-" "Mozilla/5.0 (compatible; Googlebot/2.1; +http://www.google.com/bot.html)"
207.46.13.42 - - [24/Nov/2022:10:22:27 +0100] "GET /luggages-schoolbags-leather-shop/kids-school-bag/monster-high-kids-school-bag-p-26604.html HTTP/1.0" 301 73331 "-" "Mozilla/5.0 AppleWebKit/537.36 (KHTML, like Gecko; compatible; bingbot/2.0; +http://www.bing.com/bingbot.htm) Chrome/103.0.5060.134 Safari/537.36"
185.191.171.5 - - [24/Nov/2022:10:22:51 +0100] "GET /philosophizing-monkey-rheinhold-p-54829.html HTTP/1.0" 200 76784 "-" "Mozilla/5.0 (compatible; SemrushBot/7~bl; +http://www.semrush.com/bot.html)"
185.191.171.5 - - [24/Nov/2022:10:23:28 +0100] "GET /-p-41395.html HTTP/1.0" 200 73264 "-" "Mozilla/5.0 (compatible; SemrushBot/7~bl; +http://www.semrush.com/bot.html)"
185.191.171.36 - - [24/Nov/2022:10:23:38 +0100] "GET /jane-crowther-ziggy-rabbit-saucer-p-57192.html HTTP/1.0" 200 76751 "-" "Mozilla/5.0 (compatible; SemrushBot/7~bl; +http://www.semrush.com/bot.html)"
66.249.66.210 - - [24/Nov/2022:10:23:41 +0100] "GET /images/big_prod_1/15910b.jpg HTTP/1.0" 200 263 "-" "Googlebot-Image/1.0"
66.249.66.210 - - [24/Nov/2022:10:23:50 +0100] "GET /alarms-clocks-clocks-and-watches/clocks/barbapapa-clock-shows-giant-p-12165.html HTTP/1.0" 301 73484 "-" "Mozilla/5.0 (Linux; Android 6.0.1; Nexus 5X Build/MMB29P) AppleWebKit/537.36 (KHTML, like Gecko) Chrome/107.0.5304.115 Mobile Safari/537.36 (compatible; Googlebot/2.1; +http://www.google.com/bot.html)"
66.249.66.210 - - [24/Nov/2022:10:23:51 +0100] "GET /barbapapa-clock-shows-giant-p-12165.html HTTP/1.0" 200 73390 "-" "Mozilla/5.0 (Linux; Android 6.0.1; Nexus 5X Build/MMB29P) AppleWebKit/537.36 (KHTML, like Gecko) Chrome/107.0.5304.115 Mobile Safari/537.36 (compatible; Googlebot/2.1; +http://www.google.com/bot.html)"
17.121.114.70 - - [24/Nov/2022:10:24:05 +0100] "GET /frozen-blue-vanity-p-34114.html HTTP/1.0" 200 73326 "-" "Mozilla/5.0 (Macintosh; Intel Mac OS X 10_15_5) AppleWebKit/605.1.15 (KHTML, like Gecko) Version/13.1.1 Safari/605.1.15 (Applebot/0.1; +http://www.apple.com/go/applebot)"
185.191.171.25 - - [24/Nov/2022:10:24:10 +0100] "GET /malanga-bedclothes-p-58451.html HTTP/1.0" 200 76560 "-" "Mozilla/5.0 (compatible; SemrushBot/7~bl; +http://www.semrush.com/bot.html)"
66.249.66.210 - - [24/Nov/2022:10:24:20 +0100] "GET /mini-rectangular-tray-autumn-hedgehog-p-57255.html HTTP/1.0" 200 76752 "-" "Mozilla/5.0 (compatible; Googlebot/2.1; +http://www.google.com/bot.html)"
185.191.171.9 - - [24/Nov/2022:10:24:38 +0100] "GET /dubout-cats-white-ceramic-p-40078.html HTTP/1.0" 200 73378 "-" "Mozilla/5.0 (compatible; SemrushBot/7~bl; +http://www.semrush.com/bot.html)"
185.191.171.44 - - [24/Nov/2022:10:24:43 +0100] "GET /luggages-schoolbags-leather-shop-c-31.html?page=72 HTTP/1.0" 200 85753 "-" "Mozilla/5.0 (compatible; SemrushBot/7~bl; +http://www.semrush.com/bot.html)"
54.36.148.219 - - [24/Nov/2022:10:24:48 +0100] "GET /cooker-princesses-child-faro-p-17791.html HTTP/1.0" 301 73331 "-" "Mozilla/5.0 (compatible; AhrefsBot/7.0; +http://ahrefs.com/robot/)"
66.249.66.210 - - [24/Nov/2022:10:25:03 +0100] "GET /industrial-clock-with-gears-p-53018.html HTTP/1.0" 200 76655 "-" "Mozilla/5.0 (Linux; Android 6.0.1; Nexus 5X Build/MMB29P) AppleWebKit/537.36 (KHTML, like Gecko) Chrome/107.0.5304.110 Mobile Safari/537.36 (compatible; Googlebot/2.1; +http://www.google.com/bot.html)"
54.36.148.223 - - [24/Nov/2022:10:25:04 +0100] "GET /spice-furniture-wooden-retro-turnstile-p-45511.html HTTP/1.0" 200 73428 "-" "Mozilla/5.0 (compatible; AhrefsBot/7.0; +http://ahrefs.com/robot/)"
185.191.171.6 - - [24/Nov/2022:10:25:04 +0100] "GET /cactus-metal-tray-p-47190.html HTTP/1.0" 200 75954 "-" "Mozilla/5.0 (compatible; SemrushBot/7~bl; +http://www.semrush.com/bot.html)"
66.249.66.212 - - [24/Nov/2022:10:25:15 +0100] "GET /swfobject.js HTTP/1.0" 404 1308 "http://www.wonder-geek.com/industrial-clock-with-gears-p-53018.html" "Mozilla/5.0 (Linux; Android 6.0.1; Nexus 5X Build/MMB29P) AppleWebKit/537.36 (KHTML, like Gecko) Chrome/106.0.5249.119 Mobile Safari/537.36 (compatible; Googlebot/2.1; +http://www.google.com/bot.html)"
66.249.66.210 - - [24/Nov/2022:10:25:25 +0100] "GET /images/big_prod_1/3457098824266.jpg HTTP/1.0" 200 270 "-" "Googlebot-Image/1.0"
185.191.171.14 - - [24/Nov/2022:10:25:48 +0100] "GET /camargue-clothespins-p-43909.html HTTP/1.0" 200 75847 "-" "Mozilla/5.0 (compatible; SemrushBot/7~bl; +http://www.semrush.com/bot.html)"
185.191.171.19 - - [24/Nov/2022:10:25:57 +0100] "GET /lighting-c-13_86.html?page=12 HTTP/1.0" 200 95198 "-" "Mozilla/5.0 (compatible; SemrushBot/7~bl; +http://www.semrush.com/bot.html)"
185.191.171.45 - - [24/Nov/2022:10:26:00 +0100] "GET /rapunzel-adventurous-princess-figure-collection-p-36956.html HTTP/1.0" 200 76256 "-" "Mozilla/5.0 (compatible; SemrushBot/7~bl; +http://www.semrush.com/bot.html)"
185.191.171.39 - - [24/Nov/2022:10:26:03 +0100] "GET /-p-56753.html HTTP/1.0" 200 73264 "-" "Mozilla/5.0 (compatible; SemrushBot/7~bl; +http://www.semrush.com/bot.html)"
51.68.224.127 - - [24/Nov/2022:10:26:10 +0100] "GET /adminweb/export_orders_xml.php?token=256de2z6edz6ed2z6DFSFsed2zed6zeDSFDSGdzedezfzf&maxorders=10&orderstart=1&status=14&start_date=2018-10-01 HTTP/1.0" 200 285 "-" "GesCom CharlotteBoutik Serveur"
51.68.224.127 - - [24/Nov/2022:10:26:11 +0100] "GET /adminweb/export_orders_xml.php?token=256de2z6edz6ed2z6DFSFsed2zed6zeDSFDSGdzedezfzf&maxorders=10&orderstart=1&status=6&start_date=2018-10-01 HTTP/1.0" 200 34006 "-" "GesCom CharlotteBoutik Serveur"
185.191.171.24 - - [24/Nov/2022:10:26:34 +0100] "GET /kimmidoll-dolls-michi-p-49795.html HTTP/1.0" 200 73336 "-" "Mozilla/5.0 (compatible; SemrushBot/7~bl; +http://www.semrush.com/bot.html)"
185.191.171.24 - - [24/Nov/2022:10:26:41 +0100] "GET /champa-lavender-backflow-incense-cones-p-54737.html HTTP/1.0" 200 77070 "-" "Mozilla/5.0 (compatible; SemrushBot/7~bl; +http://www.semrush.com/bot.html)"
81.71.101.51 - - [24/Nov/2022:10:26:44 +0100] "GET /images/mini_prod/8718375754351.jpg HTTP/1.0" 200 269 "-" "Mozilla/5.0 (X11; Ubuntu; Linux x86_64; rv:72.0) Gecko/20100101 Firefox/72.0"
185.191.171.24 - - [24/Nov/2022:10:26:51 +0100] "GET /home-decoration-c-13.html?page=78 HTTP/1.0" 200 94787 "-" "Mozilla/5.0 (compatible; SemrushBot/7~bl; +http://www.semrush.com/bot.html)"
66.249.66.212 - - [24/Nov/2022:10:26:53 +0100] "GET /deco-soapstone-tree-life-purple-p-53790.html HTTP/1.0" 200 76849 "-" "Mozilla/5.0 (compatible; Googlebot/2.1; +http://www.google.com/bot.html)"
185.191.171.41 - - [24/Nov/2022:10:27:26 +0100] "GET /ecureuil-coat-rack-resin-p-45893.html HTTP/1.0" 200 76651 "-" "Mozilla/5.0 (compatible; SemrushBot/7~bl; +http://www.semrush.com/bot.html)"
94.23.203.202 - - [24/Nov/2022:10:27:32 +0100] "GET /robots.txt HTTP/1.0" 200 245 "-" "Mozilla/5.0 (compatible; MJ12bot/v1.4.8; http://mj12bot.com/)"
94.23.203.202 - - [24/Nov/2022:10:27:34 +0100] "GET /home-decoration-c-13.html?page=204 HTTP/1.0" 200 95819 "-" "Mozilla/5.0 (compatible; MJ12bot/v1.4.8; http://mj12bot.com/)"
94.23.203.202 - - [24/Nov/2022:10:27:47 +0100] "GET /home-decoration-c-13.html?page=242 HTTP/1.0" 200 93872 "-" "Mozilla/5.0 (compatible; MJ12bot/v1.4.8; http://mj12bot.com/)"
94.23.203.202 - - [24/Nov/2022:10:27:58 +0100] "GET /home-decoration-c-13.html?page=243 HTTP/1.0" 200 93872 "-" "Mozilla/5.0 (compatible; MJ12bot/v1.4.8; http://mj12bot.com/)"
94.23.203.202 - - [24/Nov/2022:10:28:07 +0100] "GET /home-decoration-c-13.html?page=244 HTTP/1.0" 200 93872 "-" "Mozilla/5.0 (compatible; MJ12bot/v1.4.8; http://mj12bot.com/)"
94.23.203.202 - - [24/Nov/2022:10:28:18 +0100] "GET /home-decoration-c-13.html?page=245 HTTP/1.0" 200 93872 "-" "Mozilla/5.0 (compatible; MJ12bot/v1.4.8; http://mj12bot.com/)"
54.36.148.58 - - [24/Nov/2022:10:28:19 +0100] "GET /beauty-beast-deluxe-figurine-p-53353.html HTTP/1.0" 200 77987 "-" "Mozilla/5.0 (compatible; AhrefsBot/7.0; +http://ahrefs.com/robot/)"
207.46.13.181 - - [24/Nov/2022:10:28:24 +0100] "GET /spanish-flag-round-clock-by-cbkreation-p-24415.html HTTP/1.0" 301 76200 "-" "Mozilla/5.0 (compatible; bingbot/2.0; +http://www.bing.com/bingbot.htm)"
207.46.13.181 - - [24/Nov/2022:10:28:27 +0100] "GET /himalayan-salt-crystal-lamp-cross-p-56839.html HTTP/1.0" 200 77192 "-" "Mozilla/5.0 AppleWebKit/537.36 (KHTML, like Gecko; compatible; bingbot/2.0; +http://www.bing.com/bingbot.htm) Chrome/103.0.5060.134 Safari/537.36"
94.23.203.202 - - [24/Nov/2022:10:28:31 +0100] "GET /home-decoration-c-13.html?page=246 HTTP/1.0" 200 93872 "-" "Mozilla/5.0 (compatible; MJ12bot/v1.4.8; http://mj12bot.com/)"
185.191.171.7 - - [24/Nov/2022:10:28:40 +0100] "GET /pink-sandstone-lamp-p-58963.html HTTP/1.0" 200 76653 "-" "Mozilla/5.0 (compatible; SemrushBot/7~bl; +http://www.semrush.com/bot.html)"
94.23.203.202 - - [24/Nov/2022:10:28:39 +0100] "GET /home-decoration-c-13.html?page=247 HTTP/1.0" 200 93872 "-" "Mozilla/5.0 (compatible; MJ12bot/v1.4.8; http://mj12bot.com/)"
185.191.171.10 - - [24/Nov/2022:10:28:46 +0100] "GET /white-brown-tone-fragrance-burner-p-58570.html HTTP/1.0" 200 76757 "-" "Mozilla/5.0 (compatible; SemrushBot/7~bl; +http://www.semrush.com/bot.html)"
94.23.203.202 - - [24/Nov/2022:10:28:55 +0100] "GET /home-decoration-c-13.html?page=248 HTTP/1.0" 200 93872 "-" "Mozilla/5.0 (compatible; MJ12bot/v1.4.8; http://mj12bot.com/)"
37.230.186.130 - - [24/Nov/2022:10:28:59 +0100] "GET /images/big_prod_2/bambou1.jpg HTTP/1.0" 200 264 "-" "Python/3.7 aiohttp/3.8.1"
94.23.203.202 - - [24/Nov/2022:10:29:02 +0100] "GET /home-decoration-c-13.html?page=249 HTTP/1.0" 200 93872 "-" "Mozilla/5.0 (compatible; MJ12bot/v1.4.8; http://mj12bot.com/)"
94.23.203.202 - - [24/Nov/2022:10:29:10 +0100] "GET /home-decoration-c-13.html?page=250 HTTP/1.0" 200 93872 "-" "Mozilla/5.0 (compatible; MJ12bot/v1.4.8; http://mj12bot.com/)"
66.249.66.210 - - [24/Nov/2022:10:29:12 +0100] "GET /rose-aromatika-incense-sticks-p-59285.html HTTP/1.0" 200 76604 "-" "Mozilla/5.0 (Linux; Android 6.0.1; Nexus 5X Build/MMB29P) AppleWebKit/537.36 (KHTML, like Gecko) Chrome/107.0.5304.110 Mobile Safari/537.36 (compatible; Googlebot/2.1; +http://www.google.com/bot.html)"
185.191.171.14 - - [24/Nov/2022:10:29:21 +0100] "GET /mani-lucky-p-51803.html HTTP/1.0" 200 73320 "-" "Mozilla/5.0 (compatible; SemrushBot/7~bl; +http://www.semrush.com/bot.html)"
94.23.203.202 - - [24/Nov/2022:10:29:24 +0100] "GET /home-decoration-c-13.html?page=251 HTTP/1.0" 200 93872 "-" "Mozilla/5.0 (compatible; MJ12bot/v1.4.8; http://mj12bot.com/)"
94.23.203.202 - - [24/Nov/2022:10:29:35 +0100] "GET /home-decoration-c-13.html?page=252 HTTP/1.0" 200 93872 "-" "Mozilla/5.0 (compatible; MJ12bot/v1.4.8; http://mj12bot.com/)"
185.191.171.15 - - [24/Nov/2022:10:29:39 +0100] "GET /harley-davidson-mini-p-31640.html HTTP/1.0" 200 76064 "-" "Mozilla/5.0 (compatible; SemrushBot/7~bl; +http://www.semrush.com/bot.html)"
185.191.171.16 - - [24/Nov/2022:10:29:42 +0100] "GET /-p-474.html HTTP/1.0" 200 73260 "-" "Mozilla/5.0 (compatible; SemrushBot/7~bl; +http://www.semrush.com/bot.html)"
94.23.203.202 - - [24/Nov/2022:10:29:43 +0100] "GET /home-decoration-c-13.html?page=253 HTTP/1.0" 200 93872 "-" "Mozilla/5.0 (compatible; MJ12bot/v1.4.8; http://mj12bot.com/)"
94.23.203.202 - - [24/Nov/2022:10:29:54 +0100] "GET /home-decoration-c-13.html?page=254 HTTP/1.0" 200 93872 "-" "Mozilla/5.0 (compatible; MJ12bot/v1.4.8; http://mj12bot.com/)"
66.249.66.212 - - [24/Nov/2022:10:29:56 +0100] "GET /arabica-espresso-p-54464.html HTTP/1.0" 200 75880 "-" "Mozilla/5.0 (Linux; Android 6.0.1; Nexus 5X Build/MMB29P) AppleWebKit/537.36 (KHTML, like Gecko) Chrome/107.0.5304.115 Mobile Safari/537.36 (compatible; Googlebot/2.1; +http://www.google.com/bot.html)"
185.191.171.21 - - [24/Nov/2022:10:30:01 +0100] "GET /-p-34605.html HTTP/1.0" 200 73264 "-" "Mozilla/5.0 (compatible; SemrushBot/7~bl; +http://www.semrush.com/bot.html)"
94.23.203.202 - - [24/Nov/2022:10:30:00 +0100] "GET /home-decoration-c-13.html?page=255 HTTP/1.0" 200 93872 "-" "Mozilla/5.0 (compatible; MJ12bot/v1.4.8; http://mj12bot.com/)"
59.110.152.129 - - [24/Nov/2022:10:30:06 +0100] "GET /images/mini_prod/8717318129119.jpg HTTP/1.0" 200 269 "-" "Mozilla/5.0 (Macintosh; Intel Mac OS X 10_15_7) AppleWebKit/537.36 (KHTML, like Gecko) Chrome/105.0.0.0 Safari/537.36"
94.23.203.202 - - [24/Nov/2022:10:30:13 +0100] "GET /home-decoration-c-13.html?page=256 HTTP/1.0" 200 93872 "-" "Mozilla/5.0 (compatible; MJ12bot/v1.4.8; http://mj12bot.com/)"
52.33.251.36 - - [24/Nov/2022:10:30:16 +0100] "GET /images/big_prod/1345544761390.jpg HTTP/1.0" 200 268 "-" "Mozilla/5.0 (X11; Ubuntu; Linux x86_64; rv:72.0) Gecko/20100101 Firefox/72.0"
94.23.203.202 - - [24/Nov/2022:10:30:20 +0100] "GET /home-decoration-c-13.html?page=257 HTTP/1.0" 200 93872 "-" "Mozilla/5.0 (compatible; MJ12bot/v1.4.8; http://mj12bot.com/)"
185.191.171.37 - - [24/Nov/2022:10:30:24 +0100] "GET /-p-30975.html HTTP/1.0" 200 73264 "-" "Mozilla/5.0 (compatible; SemrushBot/7~bl; +http://www.semrush.com/bot.html)"
185.191.171.33 - - [24/Nov/2022:10:30:31 +0100] "GET /bowl-with-white-lines-porcelain-p-56187.html HTTP/1.0" 200 73392 "-" "Mozilla/5.0 (compatible; SemrushBot/7~bl; +http://www.semrush.com/bot.html)"
162.254.191.46 - - [24/Nov/2022:10:30:35 +0100] "GET /create_account.php HTTP/1.0" 301 547 "http://wonder-geek.com/create_account.php" "Mozilla/5.0 (Windows NT 6.1; WOW64) AppleWebKit/537.36 (KHTML, like Gecko) Chrome/90.0.4430.85 Safari/537.36"
94.23.203.202 - - [24/Nov/2022:10:30:32 +0100] "GET /home-decoration-c-13.html?page=258 HTTP/1.0" 200 93872 "-" "Mozilla/5.0 (compatible; MJ12bot/v1.4.8; http://mj12bot.com/)"
162.254.191.46 - - [24/Nov/2022:10:30:36 +0100] "GET /create_account.php HTTP/1.0" 200 33633 "http://www.wonder-geek.com/create_account.php" "Mozilla/5.0 (Windows NT 6.1; WOW64) AppleWebKit/537.36 (KHTML, like Gecko) Chrome/90.0.4430.85 Safari/537.36"
185.191.171.43 - - [24/Nov/2022:10:30:37 +0100] "GET /snow-white-couture-force-figurine-p-53355.html HTTP/1.0" 200 77927 "-" "Mozilla/5.0 (compatible; SemrushBot/7~bl; +http://www.semrush.com/bot.html)"
162.254.191.46 - - [24/Nov/2022:10:30:37 +0100] "GET /index.php HTTP/1.0" 200 153684 "http://www.wonder-geek.com/index.php" "Mozilla/5.0 (Windows NT 6.1; WOW64) AppleWebKit/537.36 (KHTML, like Gecko) Chrome/90.0.4430.85 Safari/537.36"
185.191.171.16 - - [24/Nov/2022:10:30:41 +0100] "GET /sexy-canvas-frame-p-36676.html HTTP/1.0" 200 75980 "-" "Mozilla/5.0 (compatible; SemrushBot/7~bl; +http://www.semrush.com/bot.html)"
162.254.191.46 - - [24/Nov/2022:10:30:41 +0100] "GET /trivet-boards-c-12_158.html HTTP/1.0" 200 97056 "http://www.wonder-geek.com/trivet-boards-c-12_158.html" "Mozilla/5.0 (Windows NT 6.1; WOW64) AppleWebKit/537.36 (KHTML, like Gecko) Chrome/90.0.4430.85 Safari/537.36"
162.254.191.46 - - [24/Nov/2022:10:30:44 +0100] "GET /cardboard-boxes-storage-c-13_150_216.html HTTP/1.0" 200 80704 "http://www.wonder-geek.com/cardboard-boxes-storage-c-13_150_216.html" "Mozilla/5.0 (Windows NT 6.1; WOW64) AppleWebKit/537.36 (KHTML, like Gecko) Chrome/90.0.4430.85 Safari/537.36"
185.191.171.10 - - [24/Nov/2022:10:30:45 +0100] "GET /cotton-floor-cushion-monica-p-57742.html HTTP/1.0" 200 73378 "-" "Mozilla/5.0 (compatible; SemrushBot/7~bl; +http://www.semrush.com/bot.html)"
162.254.191.46 - - [24/Nov/2022:10:30:47 +0100] "GET /contact_us.php HTTP/1.0" 200 26241 "http://www.wonder-geek.com/contact_us.php" "Mozilla/5.0 (Windows NT 6.1; WOW64) AppleWebKit/537.36 (KHTML, like Gecko) Chrome/90.0.4430.85 Safari/537.36"
157.55.39.131 - - [24/Nov/2022:10:30:48 +0100] "GET /robots.txt HTTP/1.0" 200 245 "-" "Mozilla/5.0 (compatible; bingbot/2.0; +http://www.bing.com/bingbot.htm)"
162.254.191.46 - - [24/Nov/2022:10:30:48 +0100] "POST /contact_us.php?action=send HTTP/1.0" 200 26538 "http://www.wonder-geek.com/contact_us.php" "Mozilla/5.0 (Windows NT 6.1; WOW64) AppleWebKit/537.36 (KHTML, like Gecko) Chrome/90.0.4430.85 Safari/537.36"
94.23.203.202 - - [24/Nov/2022:10:30:46 +0100] "GET /home-decoration-c-13.html?page=259 HTTP/1.0" 200 93872 "-" "Mozilla/5.0 (compatible; MJ12bot/v1.4.8; http://mj12bot.com/)"
185.191.171.9 - - [24/Nov/2022:10:30:51 +0100] "GET /salt-made-ceramic-wood-p-57360.html HTTP/1.0" 200 76805 "-" "Mozilla/5.0 (compatible; SemrushBot/7~bl; +http://www.semrush.com/bot.html)"
157.55.39.202 - - [24/Nov/2022:10:30:54 +0100] "GET /esotericism-lithotherapy-c-174.html?page=1 HTTP/1.0" 200 92808 "-" "Mozilla/5.0 AppleWebKit/537.36 (KHTML, like Gecko; compatible; bingbot/2.0; +http://www.bing.com/bingbot.htm) Chrome/103.0.5060.134 Safari/537.36"
185.191.171.9 - - [24/Nov/2022:10:30:54 +0100] "GET /bagshandbags-shoulder-bags-c-31_81.html?page=10 HTTP/1.0" 200 99597 "-" "Mozilla/5.0 (compatible; SemrushBot/7~bl; +http://www.semrush.com/bot.html)"
157.55.39.202 - - [24/Nov/2022:10:30:56 +0100] "GET /-p-28391.html HTTP/1.0" 200 73264 "-" "Mozilla/5.0 (compatible; bingbot/2.0; +http://www.bing.com/bingbot.htm)"
94.23.203.202 - - [24/Nov/2022:10:30:56 +0100] "GET /home-decoration-c-13.html?page=261 HTTP/1.0" 200 93872 "-" "Mozilla/5.0 (compatible; MJ12bot/v1.4.8; http://mj12bot.com/)"
157.55.39.202 - - [24/Nov/2022:10:30:58 +0100] "GET /tealight-holders-candle-holders-c-231_230.html?page=2 HTTP/1.0" 200 96130 "-" "Mozilla/5.0 (compatible; bingbot/2.0; +http://www.bing.com/bingbot.htm)"
40.77.167.27 - - [24/Nov/2022:10:30:58 +0100] "GET /-p-16152.html HTTP/1.0" 200 73264 "-" "Mozilla/5.0 AppleWebKit/537.36 (KHTML, like Gecko; compatible; bingbot/2.0; +http://www.bing.com/bingbot.htm) Chrome/103.0.5060.134 Safari/537.36"
40.77.167.27 - - [24/Nov/2022:10:31:01 +0100] "GET /trunks-c-13_208.html?page=2 HTTP/1.0" 200 90851 "-" "Mozilla/5.0 (compatible; bingbot/2.0; +http://www.bing.com/bingbot.htm)"
40.77.167.27 - - [24/Nov/2022:10:31:03 +0100] "GET /-p-19146.html HTTP/1.0" 200 73264 "-" "Mozilla/5.0 AppleWebKit/537.36 (KHTML, like Gecko; compatible; bingbot/2.0; +http://www.bing.com/bingbot.htm) Chrome/103.0.5060.134 Safari/537.36"
94.23.203.202 - - [24/Nov/2022:10:31:03 +0100] "GET /home-decoration-c-13.html?page=262 HTTP/1.0" 200 93872 "-" "Mozilla/5.0 (compatible; MJ12bot/v1.4.8; http://mj12bot.com/)"
207.46.13.181 - - [24/Nov/2022:10:31:03 +0100] "GET /clocks-c-13_67.html?page=14 HTTP/1.0" 200 83349 "-" "Mozilla/5.0 AppleWebKit/537.36 (KHTML, like Gecko; compatible; bingbot/2.0; +http://www.bing.com/bingbot.htm) Chrome/103.0.5060.134 Safari/537.36"
157.55.39.183 - - [24/Nov/2022:10:31:03 +0100] "GET /floor-cushions-c-11_182.html?page=5 HTTP/1.0" 200 86230 "-" "Mozilla/5.0 AppleWebKit/537.36 (KHTML, like Gecko; compatible; bingbot/2.0; +http://www.bing.com/bingbot.htm) Chrome/103.0.5060.134 Safari/537.36"
40.77.167.27 - - [24/Nov/2022:10:31:05 +0100] "GET /decorative-carpets-c-11_269_167.html?page=3 HTTP/1.0" 200 93914 "-" "Mozilla/5.0 AppleWebKit/537.36 (KHTML, like Gecko; compatible; bingbot/2.0; +http://www.bing.com/bingbot.htm) Chrome/103.0.5060.134 Safari/537.36"
207.46.13.42 - - [24/Nov/2022:10:31:04 +0100] "GET /money-boxes-c-13_83.html?page=1 HTTP/1.0" 200 95864 "-" "Mozilla/5.0 AppleWebKit/537.36 (KHTML, like Gecko; compatible; bingbot/2.0; +http://www.bing.com/bingbot.htm) Chrome/103.0.5060.134 Safari/537.36"
207.46.13.42 - - [24/Nov/2022:10:31:07 +0100] "GET /shop-c-155.html?page=2 HTTP/1.0" 200 92448 "-" "Mozilla/5.0 AppleWebKit/537.36 (KHTML, like Gecko; compatible; bingbot/2.0; +http://www.bing.com/bingbot.htm) Chrome/103.0.5060.134 Safari/537.36"
207.46.13.186 - - [24/Nov/2022:10:31:09 +0100] "GET /bracelets-c-3_200.html?page=1 HTTP/1.0" 200 93836 "-" "Mozilla/5.0 (compatible; bingbot/2.0; +http://www.bing.com/bingbot.htm)"
207.46.13.42 - - [24/Nov/2022:10:31:09 +0100] "GET /salt-boxes-jars-c-12_223.html?page=2 HTTP/1.0" 200 93934 "-" "Mozilla/5.0 AppleWebKit/537.36 (KHTML, like Gecko; compatible; bingbot/2.0; +http://www.bing.com/bingbot.htm) Chrome/103.0.5060.134 Safari/537.36"
207.46.13.42 - - [24/Nov/2022:10:31:11 +0100] "GET /diffuser-perfume-essential-oils-c-231_162.html?page=10 HTTP/1.0" 200 89546 "-" "Mozilla/5.0 (compatible; bingbot/2.0; +http://www.bing.com/bingbot.htm)"
207.46.13.42 - - [24/Nov/2022:10:31:13 +0100] "GET /-p-30762.html HTTP/1.0" 200 73264 "-" "Mozilla/5.0 AppleWebKit/537.36 (KHTML, like Gecko; compatible; bingbot/2.0; +http://www.bing.com/bingbot.htm) Chrome/103.0.5060.134 Safari/537.36"
207.46.13.181 - - [24/Nov/2022:10:31:15 +0100] "GET /-p-14557.html HTTP/1.0" 200 73264 "-" "Mozilla/5.0 AppleWebKit/537.36 (KHTML, like Gecko; compatible; bingbot/2.0; +http://www.bing.com/bingbot.htm) Chrome/103.0.5060.134 Safari/537.36"
207.46.13.42 - - [24/Nov/2022:10:31:15 +0100] "GET /-p-29712.html HTTP/1.0" 200 73264 "-" "Mozilla/5.0 AppleWebKit/537.36 (KHTML, like Gecko; compatible; bingbot/2.0; +http://www.bing.com/bingbot.htm) Chrome/103.0.5060.134 Safari/537.36"
94.23.203.202 - - [24/Nov/2022:10:31:14 +0100] "GET /home-decoration-c-13.html?page=263 HTTP/1.0" 200 93872 "-" "Mozilla/5.0 (compatible; MJ12bot/v1.4.8; http://mj12bot.com/)"
54.36.148.102 - - [24/Nov/2022:10:31:21 +0100] "GET /pillow-case-cotton-percale-threads-p-54396.html HTTP/1.0" 200 76852 "-" "Mozilla/5.0 (compatible; AhrefsBot/7.0; +http://ahrefs.com/robot/)"
94.23.203.202 - - [24/Nov/2022:10:31:22 +0100] "GET /home-decoration-c-13.html?page=264 HTTP/1.0" 200 93872 "-" "Mozilla/5.0 (compatible; MJ12bot/v1.4.8; http://mj12bot.com/)"
94.23.203.202 - - [24/Nov/2022:10:31:30 +0100] "GET /home-decoration-c-13.html?page=265 HTTP/1.0" 200 93872 "-" "Mozilla/5.0 (compatible; MJ12bot/v1.4.8; http://mj12bot.com/)"
94.23.203.202 - - [24/Nov/2022:10:31:37 +0100] "GET /home-decoration-c-13.html?page=266 HTTP/1.0" 200 93872 "-" "Mozilla/5.0 (compatible; MJ12bot/v1.4.8; http://mj12bot.com/)"
185.191.171.24 - - [24/Nov/2022:10:31:41 +0100] "GET /african-decoration-child-leopard-p-53726.html HTTP/1.0" 200 76095 "-" "Mozilla/5.0 (compatible; SemrushBot/7~bl; +http://www.semrush.com/bot.html)"
94.23.203.202 - - [24/Nov/2022:10:31:45 +0100] "GET /home-decoration-c-13.html?page=267 HTTP/1.0" 200 93872 "-" "Mozilla/5.0 (compatible; MJ12bot/v1.4.8; http://mj12bot.com/)"
94.23.203.202 - - [24/Nov/2022:10:32:00 +0100] "GET /home-decoration-c-13.html?page=268 HTTP/1.0" 200 93872 "-" "Mozilla/5.0 (compatible; MJ12bot/v1.4.8; http://mj12bot.com/)"
94.23.203.202 - - [24/Nov/2022:10:32:11 +0100] "GET /home-decoration-c-13.html?page=269 HTTP/1.0" 200 93872 "-" "Mozilla/5.0 (compatible; MJ12bot/v1.4.8; http://mj12bot.com/)"
94.23.203.202 - - [24/Nov/2022:10:32:20 +0100] "GET /home-decoration-c-13.html?page=270 HTTP/1.0" 200 93872 "-" "Mozilla/5.0 (compatible; MJ12bot/v1.4.8; http://mj12bot.com/)"
66.249.66.214 - - [24/Nov/2022:10:32:24 +0100] "GET /olla-ppin-terracotta-blue-finish-p-58492.html HTTP/1.0" 200 77486 "-" "Mozilla/5.0 (Linux; Android 6.0.1; Nexus 5X Build/MMB29P) AppleWebKit/537.36 (KHTML, like Gecko) Chrome/107.0.5304.110 Mobile Safari/537.36 (compatible; Googlebot/2.1; +http://www.google.com/bot.html)"
94.23.203.202 - - [24/Nov/2022:10:32:28 +0100] "GET /home-decoration-c-13.html?page=271 HTTP/1.0" 200 93872 "-" "Mozilla/5.0 (compatible; MJ12bot/v1.4.8; http://mj12bot.com/)"
94.23.203.202 - - [24/Nov/2022:10:32:41 +0100] "GET /horse-kitchen-towel-p-38814.html HTTP/1.0" 200 75863 "-" "Mozilla/5.0 (compatible; MJ12bot/v1.4.8; http://mj12bot.com/)"
94.23.203.202 - - [24/Nov/2022:10:32:45 +0100] "GET /horse-small-lamp-p-28106.html HTTP/1.0" 301 73331 "-" "Mozilla/5.0 (compatible; MJ12bot/v1.4.8; http://mj12bot.com/)"
185.191.171.21 - - [24/Nov/2022:10:32:49 +0100] "GET /mickey-mouse-facets-figurine-p-56731.html HTTP/1.0" 200 77304 "-" "Mozilla/5.0 (compatible; SemrushBot/7~bl; +http://www.semrush.com/bot.html)"
94.23.203.202 - - [24/Nov/2022:10:32:52 +0100] "GET /-p-28106.html HTTP/1.0" 200 73264 "-" "Mozilla/5.0 (compatible; MJ12bot/v1.4.8; http://mj12bot.com/)"
94.23.203.202 - - [24/Nov/2022:10:32:57 +0100] "GET /hourglass-decoration-glass-and-sand-glitter-p-51969.html HTTP/1.0" 301 76172 "-" "Mozilla/5.0 (compatible; MJ12bot/v1.4.8; http://mj12bot.com/)"
66.249.66.210 - - [24/Nov/2022:10:33:00 +0100] "GET /luggages-schoolbags-leather-shop-c-31.html?page=26 HTTP/1.0" 200 96526 "-" "Mozilla/5.0 (compatible; Googlebot/2.1; +http://www.google.com/bot.html)"
185.191.171.9 - - [24/Nov/2022:10:33:01 +0100] "GET /purse-leather-purse-navy-anchor-graypurse-leather-wallet-p-47353.html HTTP/1.0" 200 77107 "-" "Mozilla/5.0 (compatible; SemrushBot/7~bl; +http://www.semrush.com/bot.html)"
94.23.203.202 - - [24/Nov/2022:10:33:03 +0100] "GET /hourglass-decoration-glass-sand-glitter-p-51969.html HTTP/1.0" 200 76066 "-" "Mozilla/5.0 (compatible; MJ12bot/v1.4.8; http://mj12bot.com/)"
185.191.171.34 - - [24/Nov/2022:10:33:05 +0100] "GET /-p-50148.html HTTP/1.0" 200 73264 "-" "Mozilla/5.0 (compatible; SemrushBot/7~bl; +http://www.semrush.com/bot.html)"
94.23.203.202 - - [24/Nov/2022:10:33:12 +0100] "GET /hourglass-decoration-glass-sand-glitter-p-51969.html HTTP/1.0" 200 76066 "-" "Mozilla/5.0 (compatible; MJ12bot/v1.4.8; http://mj12bot.com/)"
94.23.203.202 - - [24/Nov/2022:10:33:19 +0100] "GET /humor-color-ashtray-p-47361.html HTTP/1.0" 301 73331 "-" "Mozilla/5.0 (compatible; MJ12bot/v1.4.8; http://mj12bot.com/)"
185.191.171.13 - - [24/Nov/2022:10:33:23 +0100] "GET /protects-plastic-mattress-p-33873.html HTTP/1.0" 200 73380 "-" "Mozilla/5.0 (compatible; SemrushBot/7~bl; +http://www.semrush.com/bot.html)"
94.23.203.202 - - [24/Nov/2022:10:33:26 +0100] "GET /-p-47361.html HTTP/1.0" 200 73264 "-" "Mozilla/5.0 (compatible; MJ12bot/v1.4.8; http://mj12bot.com/)"
94.23.203.202 - - [24/Nov/2022:10:33:40 +0100] "GET /humor-color-ashtray-p-47372.html HTTP/1.0" 301 73331 "-" "Mozilla/5.0 (compatible; MJ12bot/v1.4.8; http://mj12bot.com/)"
185.191.171.9 - - [24/Nov/2022:10:33:41 +0100] "GET /pill-chat-cushions-p-53836.html HTTP/1.0" 200 76083 "-" "Mozilla/5.0 (compatible; SemrushBot/7~bl; +http://www.semrush.com/bot.html)"
94.23.203.202 - - [24/Nov/2022:10:33:50 +0100] "GET /-p-47372.html HTTP/1.0" 200 73264 "-" "Mozilla/5.0 (compatible; MJ12bot/v1.4.8; http://mj12bot.com/)"
185.191.171.34 - - [24/Nov/2022:10:33:55 +0100] "GET /london-stamp-cushion-p-26110.html HTTP/1.0" 200 73334 "-" "Mozilla/5.0 (compatible; SemrushBot/7~bl; +http://www.semrush.com/bot.html)"
94.23.203.202 - - [24/Nov/2022:10:33:57 +0100] "GET /ikat-wooden-tray-55-35-cm-p-47117.html HTTP/1.0" 301 73331 "-" "Mozilla/5.0 (compatible; MJ12bot/v1.4.8; http://mj12bot.com/)"
66.249.66.210 - - [24/Nov/2022:10:33:58 +0100] "GET /coasters-cbkreation-p-15022.html HTTP/1.0" 200 76000 "-" "Mozilla/5.0 (Linux; Android 6.0.1; Nexus 5X Build/MMB29P) AppleWebKit/537.36 (KHTML, like Gecko) Chrome/107.0.5304.110 Mobile Safari/537.36 (compatible; Googlebot/2.1; +http://www.google.com/bot.html)"
94.23.203.202 - - [24/Nov/2022:10:34:05 +0100] "GET /-p-47117.html HTTP/1.0" 200 73264 "-" "Mozilla/5.0 (compatible; MJ12bot/v1.4.8; http://mj12bot.com/)"
185.191.171.38 - - [24/Nov/2022:10:34:09 +0100] "GET /yuco-quilted-glove-potholder-jade-p-48215.html HTTP/1.0" 200 77005 "-" "Mozilla/5.0 (compatible; SemrushBot/7~bl; +http://www.semrush.com/bot.html)"
94.23.203.202 - - [24/Nov/2022:10:34:13 +0100] "GET /ikat-wooden-tray-p-47117.html HTTP/1.0" 301 73331 "-" "Mozilla/5.0 (compatible; MJ12bot/v1.4.8; http://mj12bot.com/)"
185.191.171.3 - - [24/Nov/2022:10:34:19 +0100] "GET /small-candle-baubles-berries-p-53331.html HTTP/1.0" 200 73388 "-" "Mozilla/5.0 (compatible; SemrushBot/7~bl; +http://www.semrush.com/bot.html)"
94.23.203.202 - - [24/Nov/2022:10:34:19 +0100] "GET /-p-47117.html HTTP/1.0" 200 73264 "-" "Mozilla/5.0 (compatible; MJ12bot/v1.4.8; http://mj12bot.com/)"
185.191.171.4 - - [24/Nov/2022:10:34:22 +0100] "GET /lighting-c-13_86.html?page=30 HTTP/1.0" 200 90498 "-" "Mozilla/5.0 (compatible; SemrushBot/7~bl; +http://www.semrush.com/bot.html)"
94.23.203.202 - - [24/Nov/2022:10:34:29 +0100] "GET /incense-burner-brass-charcoal-incense-sticks-brown-p-58686.html HTTP/1.0" 200 77030 "-" "Mozilla/5.0 (compatible; MJ12bot/v1.4.8; http://mj12bot.com/)"
94.23.203.202 - - [24/Nov/2022:10:34:39 +0100] "GET /incense-burner-brass-charcoal-incense-sticks-green-p-58684.html HTTP/1.0" 200 77030 "-" "Mozilla/5.0 (compatible; MJ12bot/v1.4.8; http://mj12bot.com/)"
185.191.171.8 - - [24/Nov/2022:10:34:45 +0100] "GET /table-lamp-glass-tropical-foliage-medium-p-50021.html HTTP/1.0" 200 73414 "-" "Mozilla/5.0 (compatible; SemrushBot/7~bl; +http://www.semrush.com/bot.html)"
94.23.203.202 - - [24/Nov/2022:10:34:48 +0100] "GET /incense-burner-brass-charcoal-incense-sticks-p-58685.html HTTP/1.0" 200 77008 "-" "Mozilla/5.0 (compatible; MJ12bot/v1.4.8; http://mj12bot.com/)"
54.36.149.81 - - [24/Nov/2022:10:34:48 +0100] "GET /double-walled-porcelain-with-infuser-p-59130.html HTTP/1.0" 200 77143 "-" "Mozilla/5.0 (compatible; AhrefsBot/7.0; +http://ahrefs.com/robot/)"
94.23.203.202 - - [24/Nov/2022:10:34:55 +0100] "GET /incense-burner-brass-charcoal-incense-sticks-purple-p-58687.html HTTP/1.0" 200 77037 "-" "Mozilla/5.0 (compatible; MJ12bot/v1.4.8; http://mj12bot.com/)"
185.191.171.2 - - [24/Nov/2022:10:34:59 +0100] "GET /black-p-43114.html HTTP/1.0" 200 73292 "-" "Mozilla/5.0 (compatible; SemrushBot/7~bl; +http://www.semrush.com/bot.html)"
94.23.203.202 - - [24/Nov/2022:10:35:03 +0100] "GET /incense-burner-sticks-and-cones-flower-of-life-p-53440.html HTTP/1.0" 301 76183 "-" "Mozilla/5.0 (compatible; MJ12bot/v1.4.8; http://mj12bot.com/)"
185.191.171.44 - - [24/Nov/2022:10:35:03 +0100] "GET /welcome-doormat-p-56265.html HTTP/1.0" 200 76792 "-" "Mozilla/5.0 (compatible; SemrushBot/7~bl; +http://www.semrush.com/bot.html)"
94.23.203.202 - - [24/Nov/2022:10:35:09 +0100] "GET /incense-burner-sticks-cones-flower-life-p-53440.html HTTP/1.0" 200 76077 "-" "Mozilla/5.0 (compatible; MJ12bot/v1.4.8; http://mj12bot.com/)"
185.191.171.9 - - [24/Nov/2022:10:35:12 +0100] "GET /dishes-c-12.html?page=81 HTTP/1.0" 200 95306 "-" "Mozilla/5.0 (compatible; SemrushBot/7~bl; +http://www.semrush.com/bot.html)"
94.23.203.202 - - [24/Nov/2022:10:35:16 +0100] "GET /incense-burner-sticks-and-cones-sandstone-flower-of-life-p-48357.html HTTP/1.0" 301 76987 "-" "Mozilla/5.0 (compatible; MJ12bot/v1.4.8; http://mj12bot.com/)"
185.191.171.16 - - [24/Nov/2022:10:35:16 +0100] "GET /wall-stickers-swallows-p-51118.html HTTP/1.0" 200 76604 "-" "Mozilla/5.0 (compatible; SemrushBot/7~bl; +http://www.semrush.com/bot.html)"
94.23.203.202 - - [24/Nov/2022:10:35:20 +0100] "GET /incense-burner-sticks-cones-sandstone-flower-life-p-48357.html HTTP/1.0" 200 76871 "-" "Mozilla/5.0 (compatible; MJ12bot/v1.4.8; http://mj12bot.com/)"
185.191.171.36 - - [24/Nov/2022:10:35:26 +0100] "GET /nomadic-brazier-p-48109.html HTTP/1.0" 200 73330 "-" "Mozilla/5.0 (compatible; SemrushBot/7~bl; +http://www.semrush.com/bot.html)"
94.23.203.202 - - [24/Nov/2022:10:35:28 +0100] "GET /incense-burner-sticks-cones-flower-life-p-53440.html HTTP/1.0" 200 76077 "-" "Mozilla/5.0 (compatible; MJ12bot/v1.4.8; http://mj12bot.com/)"
94.23.203.202 - - [24/Nov/2022:10:35:35 +0100] "GET /incense-burner-sticks-cones-sandstone-flower-life-p-48357.html HTTP/1.0" 200 76871 "-" "Mozilla/5.0 (compatible; MJ12bot/v1.4.8; http://mj12bot.com/)"
94.23.203.202 - - [24/Nov/2022:10:35:44 +0100] "GET /incense-marco-polo-treasures-kampuram-30-grams-p-45151.html HTTP/1.0" 301 77049 "-" "Mozilla/5.0 (compatible; MJ12bot/v1.4.8; http://mj12bot.com/)"
185.191.171.26 - - [24/Nov/2022:10:35:45 +0100] "GET /braided-straw-basket-with-black-straps-p-50697.html HTTP/1.0" 200 73406 "-" "Mozilla/5.0 (compatible; SemrushBot/7~bl; +http://www.semrush.com/bot.html)"
94.23.203.202 - - [24/Nov/2022:10:35:49 +0100] "GET /incense-marco-polo-treasures-kampuram-grams-p-45151.html HTTP/1.0" 200 76939 "-" "Mozilla/5.0 (compatible; MJ12bot/v1.4.8; http://mj12bot.com/)"
94.23.203.202 - - [24/Nov/2022:10:35:56 +0100] "GET /incense-marco-polo-treasures-kampuram-grams-p-45151.html HTTP/1.0" 200 76939 "-" "Mozilla/5.0 (compatible; MJ12bot/v1.4.8; http://mj12bot.com/)"
94.23.203.202 - - [24/Nov/2022:10:36:02 +0100] "GET /incense-meditation-15-grams-or-about-15-sticks-p-45149.html HTTP/1.0" 301 76527 "-" "Mozilla/5.0 (compatible; MJ12bot/v1.4.8; http://mj12bot.com/)"
66.249.66.210 - - [24/Nov/2022:10:36:03 +0100] "GET /coca-cola-phone-cover-for-iphone-and-p-15951.html HTTP/1.0" 301 76908 "-" "Mozilla/5.0 (compatible; Googlebot/2.1; +http://www.google.com/bot.html)"
66.249.66.210 - - [24/Nov/2022:10:36:05 +0100] "GET /coca-cola-phone-cover-iphone-p-15951.html HTTP/1.0" 200 76813 "-" "Mozilla/5.0 (compatible; Googlebot/2.1; +http://www.google.com/bot.html)"
94.23.203.202 - - [24/Nov/2022:10:36:10 +0100] "GET /incense-meditation-grams-about-sticks-p-45149.html HTTP/1.0" 200 76423 "-" "Mozilla/5.0 (compatible; MJ12bot/v1.4.8; http://mj12bot.com/)"
94.23.203.202 - - [24/Nov/2022:10:36:21 +0100] "GET /incense-meditation-grams-about-sticks-p-45149.html HTTP/1.0" 200 76423 "-" "Mozilla/5.0 (compatible; MJ12bot/v1.4.8; http://mj12bot.com/)"
54.36.148.176 - - [24/Nov/2022:10:36:23 +0100] "GET /gorjuss-toadstools-figure-collection-p-28061.html HTTP/1.0" 301 73331 "-" "Mozilla/5.0 (compatible; AhrefsBot/7.0; +http://ahrefs.com/robot/)"
94.23.203.202 - - [24/Nov/2022:10:36:31 +0100] "GET /incense-reiki-15-grams-or-about-15-sticks-p-45146.html HTTP/1.0" 301 76482 "-" "Mozilla/5.0 (compatible; MJ12bot/v1.4.8; http://mj12bot.com/)"
185.191.171.6 - - [24/Nov/2022:10:36:34 +0100] "GET /nippon-doll-cosmetic-pouch-p-26871.html HTTP/1.0" 200 76154 "-" "Mozilla/5.0 (compatible; SemrushBot/7~bl; +http://www.semrush.com/bot.html)"
123.57.142.128 - - [24/Nov/2022:10:36:41 +0100] "GET /images/mini_prod/3453131132053.jpg HTTP/1.0" 200 269 "-" "Mozilla/5.0 (Macintosh; Intel Mac OS X 10_15_7) AppleWebKit/537.36 (KHTML, like Gecko) Chrome/105.0.0.0 Safari/537.36"
94.23.203.202 - - [24/Nov/2022:10:36:41 +0100] "GET /incense-reiki-grams-about-sticks-p-45146.html HTTP/1.0" 200 76383 "-" "Mozilla/5.0 (compatible; MJ12bot/v1.4.8; http://mj12bot.com/)"
185.191.171.41 - - [24/Nov/2022:10:36:46 +0100] "GET /-p-50946.html HTTP/1.0" 200 73264 "-" "Mozilla/5.0 (compatible; SemrushBot/7~bl; +http://www.semrush.com/bot.html)"
94.23.203.202 - - [24/Nov/2022:10:36:48 +0100] "GET /incense-reiki-grams-about-sticks-p-45146.html HTTP/1.0" 200 76383 "-" "Mozilla/5.0 (compatible; MJ12bot/v1.4.8; http://mj12bot.com/)"
94.23.203.202 - - [24/Nov/2022:10:36:54 +0100] "GET /incense-sticks-burner-and-storage-box-ganesh-p-53400.html HTTP/1.0" 301 76459 "-" "Mozilla/5.0 (compatible; MJ12bot/v1.4.8; http://mj12bot.com/)"
185.191.171.20 - - [24/Nov/2022:10:37:00 +0100] "GET /purse-wallet-c-31_76.html?page=9 HTTP/1.0" 200 89317 "-" "Mozilla/5.0 (compatible; SemrushBot/7~bl; +http://www.semrush.com/bot.html)"
94.23.203.202 - - [24/Nov/2022:10:37:01 +0100] "GET /incense-sticks-burner-storage-ganesh-p-53400.html HTTP/1.0" 200 76356 "-" "Mozilla/5.0 (compatible; MJ12bot/v1.4.8; http://mj12bot.com/)"
94.23.203.202 - - [24/Nov/2022:10:37:08 +0100] "GET /incense-sticks-burner-storage-elephants-p-58688.html HTTP/1.0" 200 77270 "-" "Mozilla/5.0 (compatible; MJ12bot/v1.4.8; http://mj12bot.com/)"
185.191.171.7 - - [24/Nov/2022:10:37:11 +0100] "GET /cushions-c-11_71.html?page=13 HTTP/1.0" 200 88061 "-" "Mozilla/5.0 (compatible; SemrushBot/7~bl; +http://www.semrush.com/bot.html)"
94.23.203.202 - - [24/Nov/2022:10:37:17 +0100] "GET /incense-sticks-burner-storage-flowers-p-58689.html HTTP/1.0" 200 77246 "-" "Mozilla/5.0 (compatible; MJ12bot/v1.4.8; http://mj12bot.com/)"
185.191.171.7 - - [24/Nov/2022:10:37:20 +0100] "GET /small-baby-teeth-p-57831.html HTTP/1.0" 200 76613 "-" "Mozilla/5.0 (compatible; SemrushBot/7~bl; +http://www.semrush.com/bot.html)"
94.23.203.202 - - [24/Nov/2022:10:37:25 +0100] "GET /incense-sticks-burner-storage-ganesh-p-53400.html HTTP/1.0" 200 76356 "-" "Mozilla/5.0 (compatible; MJ12bot/v1.4.8; http://mj12bot.com/)"
94.23.203.202 - - [24/Nov/2022:10:37:35 +0100] "GET /indigo-tulip-alarm-clock-p-47273.html HTTP/1.0" 200 77246 "-" "Mozilla/5.0 (compatible; MJ12bot/v1.4.8; http://mj12bot.com/)"
94.23.203.202 - - [24/Nov/2022:10:37:44 +0100] "GET /industrial-storage-box-medium-size-47-cm-only-p-45109.html HTTP/1.0" 301 77014 "-" "Mozilla/5.0 (compatible; MJ12bot/v1.4.8; http://mj12bot.com/)"
94.23.203.202 - - [24/Nov/2022:10:37:50 +0100] "GET /industrial-storage-medium-size-only-p-45109.html HTTP/1.0" 200 76912 "-" "Mozilla/5.0 (compatible; MJ12bot/v1.4.8; http://mj12bot.com/)"
185.191.171.34 - - [24/Nov/2022:10:37:59 +0100] "GET /cushion-headboard-c-11_173.html HTTP/1.0" 200 80122 "-" "Mozilla/5.0 (compatible; SemrushBot/7~bl; +http://www.semrush.com/bot.html)"
94.23.203.202 - - [24/Nov/2022:10:38:00 +0100] "GET /industrial-storage-medium-size-only-p-45109.html HTTP/1.0" 200 76912 "-" "Mozilla/5.0 (compatible; MJ12bot/v1.4.8; http://mj12bot.com/)"
54.36.149.27 - - [24/Nov/2022:10:38:07 +0100] "GET /tractor-metal-clock-p-56608.html HTTP/1.0" 200 76924 "-" "Mozilla/5.0 (compatible; AhrefsBot/7.0; +http://ahrefs.com/robot/)"
94.23.203.202 - - [24/Nov/2022:10:38:12 +0100] "GET /italia-dolce-vita-mug-p-35607.html HTTP/1.0" 301 73331 "-" "Mozilla/5.0 (compatible; MJ12bot/v1.4.8; http://mj12bot.com/)"
94.23.203.202 - - [24/Nov/2022:10:38:19 +0100] "GET /-p-35607.html HTTP/1.0" 200 73264 "-" "Mozilla/5.0 (compatible; MJ12bot/v1.4.8; http://mj12bot.com/)"
185.191.171.4 - - [24/Nov/2022:10:38:23 +0100] "GET /swiss-cbkreation-p-33769.html HTTP/1.0" 200 75880 "-" "Mozilla/5.0 (compatible; SemrushBot/7~bl; +http://www.semrush.com/bot.html)"
94.23.203.202 - - [24/Nov/2022:10:38:24 +0100] "GET /italia-large-wooden-wall-decoration-60-cm-p-34308.html HTTP/1.0" 301 76245 "-" "Mozilla/5.0 (compatible; MJ12bot/v1.4.8; http://mj12bot.com/)"
94.23.203.202 - - [24/Nov/2022:10:38:29 +0100] "GET /italia-large-wooden-wall-decoration-p-34308.html HTTP/1.0" 200 76143 "-" "Mozilla/5.0 (compatible; MJ12bot/v1.4.8; http://mj12bot.com/)"
185.191.171.20 - - [24/Nov/2022:10:38:31 +0100] "GET /flag-resin-skull-figure-p-42290.html HTTP/1.0" 200 76035 "-" "Mozilla/5.0 (compatible; SemrushBot/7~bl; +http://www.semrush.com/bot.html)"
94.23.203.202 - - [24/Nov/2022:10:38:38 +0100] "GET /italia-large-wooden-wall-decoration-p-34308.html HTTP/1.0" 200 76143 "-" "Mozilla/5.0 (compatible; MJ12bot/v1.4.8; http://mj12bot.com/)"
185.191.171.21 - - [24/Nov/2022:10:38:39 +0100] "GET /fitted-sheet-cotton-percale-threads-p-56964.html HTTP/1.0" 200 76224 "-" "Mozilla/5.0 (compatible; SemrushBot/7~bl; +http://www.semrush.com/bot.html)"
185.191.171.18 - - [24/Nov/2022:10:38:43 +0100] "GET /gift-votives-heart-home-candles-christmas-p-57112.html HTTP/1.0" 200 77525 "-" "Mozilla/5.0 (compatible; SemrushBot/7~bl; +http://www.semrush.com/bot.html)"
94.23.203.202 - - [24/Nov/2022:10:38:45 +0100] "GET /jacquard-cotton-velvet-towel-180-95-cm-anchor-p-44301.html HTTP/1.0" 301 73331 "-" "Mozilla/5.0 (compatible; MJ12bot/v1.4.8; http://mj12bot.com/)"
185.191.171.33 - - [24/Nov/2022:10:38:47 +0100] "GET /book-lamp-real-wood-color-walnut-size-p-54337.html HTTP/1.0" 200 77687 "-" "Mozilla/5.0 (compatible; SemrushBot/7~bl; +http://www.semrush.com/bot.html)"
94.23.203.202 - - [24/Nov/2022:10:38:55 +0100] "GET /-p-44301.html HTTP/1.0" 200 73264 "-" "Mozilla/5.0 (compatible; MJ12bot/v1.4.8; http://mj12bot.com/)"
185.191.171.12 - - [24/Nov/2022:10:38:55 +0100] "GET /duvet-cover-cotton-percale-threads-p-48212.html HTTP/1.0" 200 76203 "-" "Mozilla/5.0 (compatible; SemrushBot/7~bl; +http://www.semrush.com/bot.html)"
185.191.171.37 - - [24/Nov/2022:10:38:59 +0100] "GET /carpet-ethnic-berry-p-58170.html HTTP/1.0" 200 76909 "-" "Mozilla/5.0 (compatible; SemrushBot/7~bl; +http://www.semrush.com/bot.html)"
94.23.203.202 - - [24/Nov/2022:10:39:03 +0100] "GET /jacquard-cotton-velvet-towel-180-95-cm-tortoise-p-44304.html HTTP/1.0" 301 73331 "-" "Mozilla/5.0 (compatible; MJ12bot/v1.4.8; http://mj12bot.com/)"
66.249.66.210 - - [24/Nov/2022:10:39:06 +0100] "GET /santa-sleigh-saucer-p-56236.html HTTP/1.0" 200 75956 "-" "Mozilla/5.0 (compatible; Googlebot/2.1; +http://www.google.com/bot.html)"
94.23.203.202 - - [24/Nov/2022:10:39:12 +0100] "GET /-p-44304.html HTTP/1.0" 200 73264 "-" "Mozilla/5.0 (compatible; MJ12bot/v1.4.8; http://mj12bot.com/)"
94.23.203.202 - - [24/Nov/2022:10:39:18 +0100] "GET /jacquard-cotton-velvet-towel-anchor-p-44301.html HTTP/1.0" 301 73331 "-" "Mozilla/5.0 (compatible; MJ12bot/v1.4.8; http://mj12bot.com/)"
94.23.203.202 - - [24/Nov/2022:10:39:22 +0100] "GET /-p-44301.html HTTP/1.0" 200 73264 "-" "Mozilla/5.0 (compatible; MJ12bot/v1.4.8; http://mj12bot.com/)"
94.23.203.202 - - [24/Nov/2022:10:39:28 +0100] "GET /jaguar-statuette-golden-resin-p-56462.html HTTP/1.0" 200 76695 "-" "Mozilla/5.0 (compatible; MJ12bot/v1.4.8; http://mj12bot.com/)"
185.191.171.34 - - [24/Nov/2022:10:39:35 +0100] "GET /bronze-basket-corduroy-p-59638.html HTTP/1.0" 200 76987 "-" "Mozilla/5.0 (compatible; SemrushBot/7~bl; +http://www.semrush.com/bot.html)"
94.23.203.202 - - [24/Nov/2022:10:39:38 +0100] "GET /jakarta-dark-blue-carpet-60-120-cm-p-48425.html HTTP/1.0" 301 73465 "-" "Mozilla/5.0 (compatible; MJ12bot/v1.4.8; http://mj12bot.com/)"
185.191.171.25 - - [24/Nov/2022:10:39:44 +0100] "GET /braided-brown-round-table-p-49449.html HTTP/1.0" 200 73362 "-" "Mozilla/5.0 (compatible; SemrushBot/7~bl; +http://www.semrush.com/bot.html)"
94.23.203.202 - - [24/Nov/2022:10:39:47 +0100] "GET /jakarta-dark-blue-carpet-p-48425.html HTTP/1.0" 200 73374 "-" "Mozilla/5.0 (compatible; MJ12bot/v1.4.8; http://mj12bot.com/)"
185.191.171.16 - - [24/Nov/2022:10:39:54 +0100] "GET /dubout-cats-pill-p-32227.html HTTP/1.0" 200 76011 "-" "Mozilla/5.0 (compatible; SemrushBot/7~bl; +http://www.semrush.com/bot.html)"
94.23.203.202 - - [24/Nov/2022:10:39:57 +0100] "GET /jakarta-dark-blue-carpet-p-48425.html HTTP/1.0" 200 73374 "-" "Mozilla/5.0 (compatible; MJ12bot/v1.4.8; http://mj12bot.com/)"
185.191.171.2 - - [24/Nov/2022:10:40:01 +0100] "GET /wooden-support-keys-p-52425.html HTTP/1.0" 200 76002 "-" "Mozilla/5.0 (compatible; SemrushBot/7~bl; +http://www.semrush.com/bot.html)"
94.23.203.202 - - [24/Nov/2022:10:40:04 +0100] "GET /jane-crowther-p-54772.html HTTP/1.0" 200 73344 "-" "Mozilla/5.0 (compatible; MJ12bot/v1.4.8; http://mj12bot.com/)"
185.191.171.43 - - [24/Nov/2022:10:40:08 +0100] "GET /russian-doll-pencil-cbkreation-p-29705.html HTTP/1.0" 200 75982 "-" "Mozilla/5.0 (compatible; SemrushBot/7~bl; +http://www.semrush.com/bot.html)"
66.249.66.214 - - [24/Nov/2022:10:40:10 +0100] "GET /wall-decoration-green-model-p-38571.html HTTP/1.0" 200 73384 "-" "Mozilla/5.0 (Linux; Android 6.0.1; Nexus 5X Build/MMB29P) AppleWebKit/537.36 (KHTML, like Gecko) Chrome/107.0.5304.110 Mobile Safari/537.36 (compatible; Googlebot/2.1; +http://www.google.com/bot.html)"
94.23.203.202 - - [24/Nov/2022:10:40:10 +0100] "GET /jane-crowther-ziggy-bowl-p-53863.html HTTP/1.0" 200 73374 "-" "Mozilla/5.0 (compatible; MJ12bot/v1.4.8; http://mj12bot.com/)"
94.23.203.202 - - [24/Nov/2022:10:40:21 +0100] "GET /jangal-jute-p-56459.html HTTP/1.0" 200 73328 "-" "Mozilla/5.0 (compatible; MJ12bot/v1.4.8; http://mj12bot.com/)"
94.23.203.202 - - [24/Nov/2022:10:40:30 +0100] "GET /japan-decorative-metal-plate-cbkreation-p-57170.html HTTP/1.0" 200 76028 "-" "Mozilla/5.0 (compatible; MJ12bot/v1.4.8; http://mj12bot.com/)"
94.23.203.202 - - [24/Nov/2022:10:40:40 +0100] "GET /japanese-cast-iron-teapot-liter-p-54014.html HTTP/1.0" 200 73386 "-" "Mozilla/5.0 (compatible; MJ12bot/v1.4.8; http://mj12bot.com/)"
