94.23.203.202 - - [24/Nov/2022:10:40:48 +0100] "GET /japanese-crane-velvet-cushion-40-40-cm-p-49132.html HTTP/1.0" 301 73331 "-" "Mozilla/5.0 (compatible; MJ12bot/v1.4.8; http://mj12bot.com/)"
94.23.203.202 - - [24/Nov/2022:10:40:52 +0100] "GET /-p-49132.html HTTP/1.0" 200 73264 "-" "Mozilla/5.0 (compatible; MJ12bot/v1.4.8; http://mj12bot.com/)"
94.23.203.202 - - [24/Nov/2022:10:40:58 +0100] "GET /jasmin-blue-melamine-tray-p-50098.html HTTP/1.0" 200 73362 "-" "Mozilla/5.0 (compatible; MJ12bot/v1.4.8; http://mj12bot.com/)"
94.23.203.202 - - [24/Nov/2022:10:41:06 +0100] "GET /jasmin-hmong-companion-portfolio-p-35090.html HTTP/1.0" 301 73331 "-" "Mozilla/5.0 (compatible; MJ12bot/v1.4.8; http://mj12bot.com/)"
185.191.171.18 - - [24/Nov/2022:10:41:08 +0100] "GET /johnny-hallyday-zippo-lighter-p-49850.html HTTP/1.0" 200 77024 "-" "Mozilla/5.0 (compatible; SemrushBot/7~bl; +http://www.semrush.com/bot.html)"
17.121.113.166 - - [24/Nov/2022:10:41:09 +0100] "GET /miss-mister-saltshaker-pepper-p-28748.html HTTP/1.0" 200 76094 "-" "Mozilla/5.0 (Macintosh; Intel Mac OS X 10_15_5) AppleWebKit/605.1.15 (KHTML, like Gecko) Version/13.1.1 Safari/605.1.15 (Applebot/0.1; +http://www.apple.com/go/applebot)"
54.36.148.125 - - [24/Nov/2022:10:41:11 +0100] "GET /angry-birds-shoulder-laptop-p-16737.html HTTP/1.0" 200 76323 "-" "Mozilla/5.0 (compatible; AhrefsBot/7.0; +http://ahrefs.com/robot/)"
94.23.203.202 - - [24/Nov/2022:10:41:16 +0100] "GET /-p-35090.html HTTP/1.0" 200 73264 "-" "Mozilla/5.0 (compatible; MJ12bot/v1.4.8; http://mj12bot.com/)"
94.23.203.202 - - [24/Nov/2022:10:41:21 +0100] "GET /jasmin-jasmine-companion-portfolio-diner-pink-p-38699.html HTTP/1.0" 301 73331 "-" "Mozilla/5.0 (compatible; MJ12bot/v1.4.8; http://mj12bot.com/)"
185.191.171.1 - - [24/Nov/2022:10:41:28 +0100] "GET /cotton-jute-baskets-planters-banao-p-57918.html HTTP/1.0" 200 77651 "-" "Mozilla/5.0 (compatible; SemrushBot/7~bl; +http://www.semrush.com/bot.html)"
94.23.203.202 - - [24/Nov/2022:10:41:29 +0100] "GET /-p-38699.html HTTP/1.0" 200 73264 "-" "Mozilla/5.0 (compatible; MJ12bot/v1.4.8; http://mj12bot.com/)"
94.23.203.202 - - [24/Nov/2022:10:41:37 +0100] "GET /jasmin-large-cabas-america-p-38681.html HTTP/1.0" 301 73331 "-" "Mozilla/5.0 (compatible; MJ12bot/v1.4.8; http://mj12bot.com/)"
185.191.171.7 - - [24/Nov/2022:10:41:42 +0100] "GET /white-lampshade-p-55820.html HTTP/1.0" 200 73326 "-" "Mozilla/5.0 (compatible; SemrushBot/7~bl; +http://www.semrush.com/bot.html)"
94.23.203.202 - - [24/Nov/2022:10:41:43 +0100] "GET /-p-38681.html HTTP/1.0" 200 73264 "-" "Mozilla/5.0 (compatible; MJ12bot/v1.4.8; http://mj12bot.com/)"
94.23.203.202 - - [24/Nov/2022:10:41:52 +0100] "GET /jasmin-large-cabas-inuit-smoke-p-35016.html HTTP/1.0" 301 73331 "-" "Mozilla/5.0 (compatible; MJ12bot/v1.4.8; http://mj12bot.com/)"
94.23.203.202 - - [24/Nov/2022:10:41:57 +0100] "GET /-p-35016.html HTTP/1.0" 200 73264 "-" "Mozilla/5.0 (compatible; MJ12bot/v1.4.8; http://mj12bot.com/)"
185.191.171.22 - - [24/Nov/2022:10:42:00 +0100] "GET /white-glass-jellyfish-paperweight-p-59146.html HTTP/1.0" 200 76640 "-" "Mozilla/5.0 (compatible; SemrushBot/7~bl; +http://www.semrush.com/bot.html)"
94.23.203.202 - - [24/Nov/2022:10:42:06 +0100] "GET /jasmin-large-cabas-jasmine-p-46984.html HTTP/1.0" 301 73331 "-" "Mozilla/5.0 (compatible; MJ12bot/v1.4.8; http://mj12bot.com/)"
66.249.66.214 - - [24/Nov/2022:10:42:10 +0100] "GET /large-tassen-porcelain-mood-bowl-made-germany-p-47549.html HTTP/1.0" 200 77236 "-" "Mozilla/5.0 (compatible; Googlebot/2.1; +http://www.google.com/bot.html)"
94.23.203.202 - - [24/Nov/2022:10:42:11 +0100] "GET /-p-46984.html HTTP/1.0" 200 73264 "-" "Mozilla/5.0 (compatible; MJ12bot/v1.4.8; http://mj12bot.com/)"
185.191.171.33 - - [24/Nov/2022:10:42:13 +0100] "GET /french-flag-p-41709.html HTTP/1.0" 200 73346 "-" "Mozilla/5.0 (compatible; SemrushBot/7~bl; +http://www.semrush.com/bot.html)"
94.23.203.202 - - [24/Nov/2022:10:42:16 +0100] "GET /jasmin-large-cabas-p-36762.html HTTP/1.0" 301 73331 "-" "Mozilla/5.0 (compatible; MJ12bot/v1.4.8; http://mj12bot.com/)"
185.191.171.2 - - [24/Nov/2022:10:42:18 +0100] "GET /handy-manny-pencil-case-p-19646.html HTTP/1.0" 200 76081 "-" "Mozilla/5.0 (compatible; SemrushBot/7~bl; +http://www.semrush.com/bot.html)"
94.23.203.202 - - [24/Nov/2022:10:42:21 +0100] "GET /-p-36762.html HTTP/1.0" 200 73264 "-" "Mozilla/5.0 (compatible; MJ12bot/v1.4.8; http://mj12bot.com/)"
51.68.224.127 - - [24/Nov/2022:10:42:27 +0100] "GET /adminweb/export_orders_xml.php?token=256de2z6edz6ed2z6DFSFsed2zed6zeDSFDSGdzedezfzf&maxorders=10&orderstart=1&status=14&start_date=2018-10-01 HTTP/1.0" 200 285 "-" "GesCom CharlotteBoutik Serveur"
94.23.203.202 - - [24/Nov/2022:10:42:27 +0100] "GET /jasmin-large-cabas-yoko-p-46990.html HTTP/1.0" 301 73331 "-" "Mozilla/5.0 (compatible; MJ12bot/v1.4.8; http://mj12bot.com/)"
51.68.224.127 - - [24/Nov/2022:10:42:27 +0100] "GET /adminweb/export_orders_xml.php?token=256de2z6edz6ed2z6DFSFsed2zed6zeDSFDSGdzedezfzf&maxorders=10&orderstart=1&status=6&start_date=2018-10-01 HTTP/1.0" 200 34006 "-" "GesCom CharlotteBoutik Serveur"
94.23.203.202 - - [24/Nov/2022:10:42:32 +0100] "GET /-p-46990.html HTTP/1.0" 200 73264 "-" "Mozilla/5.0 (compatible; MJ12bot/v1.4.8; http://mj12bot.com/)"
185.191.171.35 - - [24/Nov/2022:10:42:35 +0100] "GET /decorative-cats-patinated-resin-p-55997.html HTTP/1.0" 200 76713 "-" "Mozilla/5.0 (compatible; SemrushBot/7~bl; +http://www.semrush.com/bot.html)"
94.23.203.202 - - [24/Nov/2022:10:42:37 +0100] "GET /jasmin-light-install-p-29340.html HTTP/1.0" 301 73331 "-" "Mozilla/5.0 (compatible; MJ12bot/v1.4.8; http://mj12bot.com/)"
94.23.203.202 - - [24/Nov/2022:10:42:45 +0100] "GET /-p-29340.html HTTP/1.0" 200 73264 "-" "Mozilla/5.0 (compatible; MJ12bot/v1.4.8; http://mj12bot.com/)"
185.191.171.18 - - [24/Nov/2022:10:42:46 +0100] "GET /monkey-lamp-black-resin-p-59167.html HTTP/1.0" 200 76862 "-" "Mozilla/5.0 (compatible; SemrushBot/7~bl; +http://www.semrush.com/bot.html)"
94.23.203.202 - - [24/Nov/2022:10:42:51 +0100] "GET /jasmin-light-install-p-29342.html HTTP/1.0" 200 73348 "-" "Mozilla/5.0 (compatible; MJ12bot/v1.4.8; http://mj12bot.com/)"
185.191.171.4 - - [24/Nov/2022:10:42:54 +0100] "GET /-p-15676.html HTTP/1.0" 200 73264 "-" "Mozilla/5.0 (compatible; SemrushBot/7~bl; +http://www.semrush.com/bot.html)"
94.23.203.202 - - [24/Nov/2022:10:42:56 +0100] "GET /jasmin-light-install-p-29343.html HTTP/1.0" 200 73348 "-" "Mozilla/5.0 (compatible; MJ12bot/v1.4.8; http://mj12bot.com/)"
66.249.66.210 - - [24/Nov/2022:10:42:59 +0100] "GET /cotton-floor-cushion-eliane-p-49129.html HTTP/1.0" 200 73380 "-" "Mozilla/5.0 (Linux; Android 6.0.1; Nexus 5X Build/MMB29P) AppleWebKit/537.36 (KHTML, like Gecko) Chrome/107.0.5304.110 Mobile Safari/537.36 (compatible; Googlebot/2.1; +http://www.google.com/bot.html)"
94.23.203.202 - - [24/Nov/2022:10:43:03 +0100] "GET /jasmin-light-install-p-29344.html HTTP/1.0" 301 73331 "-" "Mozilla/5.0 (compatible; MJ12bot/v1.4.8; http://mj12bot.com/)"
185.191.171.6 - - [24/Nov/2022:10:43:05 +0100] "GET /wooden-range-bottle-style-p-40213.html HTTP/1.0" 200 76015 "-" "Mozilla/5.0 (compatible; SemrushBot/7~bl; +http://www.semrush.com/bot.html)"
185.191.171.3 - - [24/Nov/2022:10:43:08 +0100] "GET /polar-blanket-grey-p-46348.html HTTP/1.0" 200 76773 "-" "Mozilla/5.0 (compatible; SemrushBot/7~bl; +http://www.semrush.com/bot.html)"
94.23.203.202 - - [24/Nov/2022:10:43:08 +0100] "GET /-p-29344.html HTTP/1.0" 200 73264 "-" "Mozilla/5.0 (compatible; MJ12bot/v1.4.8; http://mj12bot.com/)"
94.23.203.202 - - [24/Nov/2022:10:43:19 +0100] "GET /jasmin-light-install-p-29345.html HTTP/1.0" 200 73348 "-" "Mozilla/5.0 (compatible; MJ12bot/v1.4.8; http://mj12bot.com/)"
94.23.203.202 - - [24/Nov/2022:10:43:26 +0100] "GET /jasmin-light-install-p-29346.html HTTP/1.0" 301 73331 "-" "Mozilla/5.0 (compatible; MJ12bot/v1.4.8; http://mj12bot.com/)"
66.249.66.212 - - [24/Nov/2022:10:43:31 +0100] "GET /wall-sticker-c-13_187.html?page=11 HTTP/1.0" 200 97460 "-" "Mozilla/5.0 (Linux; Android 6.0.1; Nexus 5X Build/MMB29P) AppleWebKit/537.36 (KHTML, like Gecko) Chrome/107.0.5304.110 Mobile Safari/537.36 (compatible; Googlebot/2.1; +http://www.google.com/bot.html)"
94.23.203.202 - - [24/Nov/2022:10:43:34 +0100] "GET /-p-29346.html HTTP/1.0" 200 73264 "-" "Mozilla/5.0 (compatible; MJ12bot/v1.4.8; http://mj12bot.com/)"
94.23.203.202 - - [24/Nov/2022:10:43:40 +0100] "GET /jasmin-light-install-p-29347.html HTTP/1.0" 301 73331 "-" "Mozilla/5.0 (compatible; MJ12bot/v1.4.8; http://mj12bot.com/)"
185.191.171.1 - - [24/Nov/2022:10:43:45 +0100] "GET /orgone-pyramid-chakras-p-44267.html HTTP/1.0" 200 77480 "-" "Mozilla/5.0 (compatible; SemrushBot/7~bl; +http://www.semrush.com/bot.html)"
94.23.203.202 - - [24/Nov/2022:10:43:46 +0100] "GET /-p-29347.html HTTP/1.0" 200 73264 "-" "Mozilla/5.0 (compatible; MJ12bot/v1.4.8; http://mj12bot.com/)"
94.23.203.202 - - [24/Nov/2022:10:43:51 +0100] "GET /jasmin-medium-cabas-p-36770.html HTTP/1.0" 301 73331 "-" "Mozilla/5.0 (compatible; MJ12bot/v1.4.8; http://mj12bot.com/)"
185.191.171.44 - - [24/Nov/2022:10:43:54 +0100] "GET /games-toys-c-4.html?page=5 HTTP/1.0" 200 95294 "-" "Mozilla/5.0 (compatible; SemrushBot/7~bl; +http://www.semrush.com/bot.html)"
94.23.203.202 - - [24/Nov/2022:10:43:56 +0100] "GET /-p-36770.html HTTP/1.0" 200 73264 "-" "Mozilla/5.0 (compatible; MJ12bot/v1.4.8; http://mj12bot.com/)"
94.23.203.202 - - [24/Nov/2022:10:44:02 +0100] "GET /jasmin-mood-purse-jasmine-collge-p-35515.html HTTP/1.0" 301 73331 "-" "Mozilla/5.0 (compatible; MJ12bot/v1.4.8; http://mj12bot.com/)"
54.36.148.222 - - [24/Nov/2022:10:44:07 +0100] "GET /pillow-case-cotton-percale-threads-p-43854.html HTTP/1.0" 200 76848 "-" "Mozilla/5.0 (compatible; AhrefsBot/7.0; +http://ahrefs.com/robot/)"
94.23.203.202 - - [24/Nov/2022:10:44:09 +0100] "GET /-p-35515.html HTTP/1.0" 200 73264 "-" "Mozilla/5.0 (compatible; MJ12bot/v1.4.8; http://mj12bot.com/)"
94.23.203.202 - - [24/Nov/2022:10:44:17 +0100] "GET /jasmin-mood-purse-p-35513.html HTTP/1.0" 301 73331 "-" "Mozilla/5.0 (compatible; MJ12bot/v1.4.8; http://mj12bot.com/)"
94.23.203.202 - - [24/Nov/2022:10:44:23 +0100] "GET /-p-35513.html HTTP/1.0" 200 73264 "-" "Mozilla/5.0 (compatible; MJ12bot/v1.4.8; http://mj12bot.com/)"
94.23.203.202 - - [24/Nov/2022:10:44:35 +0100] "GET /jasmin-mouse-p-31359.html HTTP/1.0" 200 73345 "-" "Mozilla/5.0 (compatible; MJ12bot/v1.4.8; http://mj12bot.com/)"
94.23.203.202 - - [24/Nov/2022:10:44:40 +0100] "GET /jasmin-mouse-p-31371.html HTTP/1.0" 200 73320 "-" "Mozilla/5.0 (compatible; MJ12bot/v1.4.8; http://mj12bot.com/)"
94.23.203.202 - - [24/Nov/2022:10:44:44 +0100] "GET /jasmin-orange-book-directory-p-30140.html HTTP/1.0" 200 76026 "-" "Mozilla/5.0 (compatible; MJ12bot/v1.4.8; http://mj12bot.com/)"
94.23.203.202 - - [24/Nov/2022:10:44:50 +0100] "GET /jasmin-orange-p-28918.html HTTP/1.0" 301 73331 "-" "Mozilla/5.0 (compatible; MJ12bot/v1.4.8; http://mj12bot.com/)"
94.23.203.202 - - [24/Nov/2022:10:44:54 +0100] "GET /-p-28918.html HTTP/1.0" 200 73264 "-" "Mozilla/5.0 (compatible; MJ12bot/v1.4.8; http://mj12bot.com/)"
94.23.203.202 - - [24/Nov/2022:10:45:02 +0100] "GET /jasmin-parma-shoulder-p-26070.html HTTP/1.0" 200 76185 "-" "Mozilla/5.0 (compatible; MJ12bot/v1.4.8; http://mj12bot.com/)"
185.191.171.16 - - [24/Nov/2022:10:45:03 +0100] "GET /cats-saucer-p-57187.html HTTP/1.0" 200 76466 "-" "Mozilla/5.0 (compatible; SemrushBot/7~bl; +http://www.semrush.com/bot.html)"
94.23.203.202 - - [24/Nov/2022:10:45:07 +0100] "GET /jasmin-pencil-case-p-31569.html HTTP/1.0" 301 73331 "-" "Mozilla/5.0 (compatible; MJ12bot/v1.4.8; http://mj12bot.com/)"
185.191.171.6 - - [24/Nov/2022:10:45:11 +0100] "GET /pillow-case-organic-cotton-khaki-p-58623.html HTTP/1.0" 200 77104 "-" "Mozilla/5.0 (compatible; SemrushBot/7~bl; +http://www.semrush.com/bot.html)"
94.23.203.202 - - [24/Nov/2022:10:45:12 +0100] "GET /-p-31569.html HTTP/1.0" 200 73264 "-" "Mozilla/5.0 (compatible; MJ12bot/v1.4.8; http://mj12bot.com/)"
66.249.66.210 - - [24/Nov/2022:10:45:13 +0100] "GET /mouseion-collection-the-gayer-anderson-cat-resin-figure-p-34111.html HTTP/1.0" 301 76435 "-" "Mozilla/5.0 (compatible; Googlebot/2.1; +http://www.google.com/bot.html)"
185.191.171.15 - - [24/Nov/2022:10:45:15 +0100] "GET /feng-shui-flower-life-decoration-p-41663.html HTTP/1.0" 200 77058 "-" "Mozilla/5.0 (compatible; SemrushBot/7~bl; +http://www.semrush.com/bot.html)"
66.249.66.212 - - [24/Nov/2022:10:45:16 +0100] "GET /mouseion-collection-gayer-anderson-resin-figure-p-34111.html HTTP/1.0" 200 76321 "-" "Mozilla/5.0 (compatible; Googlebot/2.1; +http://www.google.com/bot.html)"
94.23.203.202 - - [24/Nov/2022:10:45:18 +0100] "GET /jasmin-purse-p-34951.html HTTP/1.0" 200 75884 "-" "Mozilla/5.0 (compatible; MJ12bot/v1.4.8; http://mj12bot.com/)"
185.191.171.39 - - [24/Nov/2022:10:45:20 +0100] "GET /pillow-protector-bolster-protector-c-11_276.html?page=1 HTTP/1.0" 200 83378 "-" "Mozilla/5.0 (compatible; SemrushBot/7~bl; +http://www.semrush.com/bot.html)"
94.23.203.202 - - [24/Nov/2022:10:45:24 +0100] "GET /jasmin-racing-grey-figurine-p-29193.html HTTP/1.0" 301 73331 "-" "Mozilla/5.0 (compatible; MJ12bot/v1.4.8; http://mj12bot.com/)"
185.191.171.17 - - [24/Nov/2022:10:45:24 +0100] "GET /collectible-disney-figures-c-292_290.html?page=6 HTTP/1.0" 200 97706 "-" "Mozilla/5.0 (compatible; SemrushBot/7~bl; +http://www.semrush.com/bot.html)"
94.23.203.202 - - [24/Nov/2022:10:45:33 +0100] "GET /-p-29193.html HTTP/1.0" 200 73264 "-" "Mozilla/5.0 (compatible; MJ12bot/v1.4.8; http://mj12bot.com/)"
54.36.149.31 - - [24/Nov/2022:10:45:38 +0100] "GET /superman-boxer-p-32956.html HTTP/1.0" 301 73331 "-" "Mozilla/5.0 (compatible; AhrefsBot/7.0; +http://ahrefs.com/robot/)"
94.23.203.202 - - [24/Nov/2022:10:45:38 +0100] "GET /jasmin-racing-handbag-hanger-p-34890.html HTTP/1.0" 200 76655 "-" "Mozilla/5.0 (compatible; MJ12bot/v1.4.8; http://mj12bot.com/)"
94.23.203.202 - - [24/Nov/2022:10:45:44 +0100] "GET /je-peux-resister-tout-sauf-la-tentation-mug-p-42698.html HTTP/1.0" 301 73331 "-" "Mozilla/5.0 (compatible; MJ12bot/v1.4.8; http://mj12bot.com/)"
94.23.203.202 - - [24/Nov/2022:10:45:48 +0100] "GET /-p-42698.html HTTP/1.0" 200 73264 "-" "Mozilla/5.0 (compatible; MJ12bot/v1.4.8; http://mj12bot.com/)"
94.23.203.202 - - [24/Nov/2022:10:45:55 +0100] "GET /je-suis-unique-comme-tout-le-monde-mug-p-42699.html HTTP/1.0" 301 76073 "-" "Mozilla/5.0 (compatible; MJ12bot/v1.4.8; http://mj12bot.com/)"
94.23.203.202 - - [24/Nov/2022:10:46:00 +0100] "GET /suis-unique-comme-tout-monde-p-42699.html HTTP/1.0" 200 75978 "-" "Mozilla/5.0 (compatible; MJ12bot/v1.4.8; http://mj12bot.com/)"
94.23.203.202 - - [24/Nov/2022:10:46:05 +0100] "GET /jewel-box-flower-of-life-p-48483.html HTTP/1.0" 301 76754 "-" "Mozilla/5.0 (compatible; MJ12bot/v1.4.8; http://mj12bot.com/)"
185.191.171.21 - - [24/Nov/2022:10:46:05 +0100] "GET /toiletry-p-43025.html HTTP/1.0" 200 75920 "-" "Mozilla/5.0 (compatible; SemrushBot/7~bl; +http://www.semrush.com/bot.html)"
94.23.203.202 - - [24/Nov/2022:10:46:10 +0100] "GET /jewel-flower-life-p-48483.html HTTP/1.0" 200 76670 "-" "Mozilla/5.0 (compatible; MJ12bot/v1.4.8; http://mj12bot.com/)"
185.191.171.23 - - [24/Nov/2022:10:46:17 +0100] "GET /-p-40178.html HTTP/1.0" 200 73264 "-" "Mozilla/5.0 (compatible; SemrushBot/7~bl; +http://www.semrush.com/bot.html)"
94.23.203.202 - - [24/Nov/2022:10:46:18 +0100] "GET /jewel-flower-life-p-48483.html HTTP/1.0" 200 76670 "-" "Mozilla/5.0 (compatible; MJ12bot/v1.4.8; http://mj12bot.com/)"
185.191.171.4 - - [24/Nov/2022:10:46:20 +0100] "GET /pepsi-metal-plate-p-40311.html HTTP/1.0" 200 76037 "-" "Mozilla/5.0 (compatible; SemrushBot/7~bl; +http://www.semrush.com/bot.html)"
94.23.203.202 - - [24/Nov/2022:10:46:22 +0100] "GET /jiminy-cricket-figure-collection-by-romero-britto-p-51461.html HTTP/1.0" 301 77784 "-" "Mozilla/5.0 (compatible; MJ12bot/v1.4.8; http://mj12bot.com/)"
185.191.171.23 - - [24/Nov/2022:10:46:23 +0100] "GET /bamboos-bamboo-flower-cover-p-58254.html HTTP/1.0" 200 76587 "-" "Mozilla/5.0 (compatible; SemrushBot/7~bl; +http://www.semrush.com/bot.html)"
94.23.203.202 - - [24/Nov/2022:10:46:27 +0100] "GET /jiminy-cricket-figure-collection-romero-britto-p-51461.html HTTP/1.0" 200 77671 "-" "Mozilla/5.0 (compatible; MJ12bot/v1.4.8; http://mj12bot.com/)"
185.191.171.3 - - [24/Nov/2022:10:46:28 +0100] "GET /metal-coffee-capacity-opera-p-58339.html HTTP/1.0" 200 76959 "-" "Mozilla/5.0 (compatible; SemrushBot/7~bl; +http://www.semrush.com/bot.html)"
94.23.203.202 - - [24/Nov/2022:10:46:33 +0100] "GET /jiminy-cricket-figure-collection-romero-britto-p-51461.html HTTP/1.0" 200 77671 "-" "Mozilla/5.0 (compatible; MJ12bot/v1.4.8; http://mj12bot.com/)"
94.23.203.202 - - [24/Nov/2022:10:46:38 +0100] "GET /jute-p-56513.html HTTP/1.0" 200 76760 "-" "Mozilla/5.0 (compatible; MJ12bot/v1.4.8; http://mj12bot.com/)"
185.191.171.37 - - [24/Nov/2022:10:46:42 +0100] "GET /metal-push-ashtray-ceramic-tiles-p-47357.html HTTP/1.0" 200 76560 "-" "Mozilla/5.0 (compatible; SemrushBot/7~bl; +http://www.semrush.com/bot.html)"
94.23.203.202 - - [24/Nov/2022:10:46:45 +0100] "GET /jute-p-56515.html HTTP/1.0" 200 76760 "-" "Mozilla/5.0 (compatible; MJ12bot/v1.4.8; http://mj12bot.com/)"
185.191.171.41 - - [24/Nov/2022:10:46:46 +0100] "GET /tea-pot-c-12_175.html?page=10 HTTP/1.0" 200 87336 "-" "Mozilla/5.0 (compatible; SemrushBot/7~bl; +http://www.semrush.com/bot.html)"
59.110.222.68 - - [24/Nov/2022:10:46:49 +0100] "GET /images/mini_prod/3454231118800.jpg HTTP/1.0" 200 269 "-" "Mozilla/5.0 (Macintosh; Intel Mac OS X 10_15_7) AppleWebKit/537.36 (KHTML, like Gecko) Chrome/105.0.0.0 Safari/537.36"
185.191.171.21 - - [24/Nov/2022:10:46:51 +0100] "GET /lilith-statuette-bronze-look-resin-p-58556.html HTTP/1.0" 200 76676 "-" "Mozilla/5.0 (compatible; SemrushBot/7~bl; +http://www.semrush.com/bot.html)"
94.23.203.202 - - [24/Nov/2022:10:46:51 +0100] "GET /jute-p-56517.html HTTP/1.0" 200 76760 "-" "Mozilla/5.0 (compatible; MJ12bot/v1.4.8; http://mj12bot.com/)"
94.23.203.202 - - [24/Nov/2022:10:46:59 +0100] "GET /jute-p-56518.html HTTP/1.0" 200 73304 "-" "Mozilla/5.0 (compatible; MJ12bot/v1.4.8; http://mj12bot.com/)"
94.23.203.202 - - [24/Nov/2022:10:47:06 +0100] "GET /jute-p-56519.html HTTP/1.0" 200 76749 "-" "Mozilla/5.0 (compatible; MJ12bot/v1.4.8; http://mj12bot.com/)"
94.23.203.202 - - [24/Nov/2022:10:47:12 +0100] "GET /jute-p-56521.html HTTP/1.0" 200 76761 "-" "Mozilla/5.0 (compatible; MJ12bot/v1.4.8; http://mj12bot.com/)"
54.36.149.41 - - [24/Nov/2022:10:47:14 +0100] "GET /bires-coasters-p-50290.html HTTP/1.0" 200 75925 "-" "Mozilla/5.0 (compatible; AhrefsBot/7.0; +http://ahrefs.com/robot/)"
94.23.203.202 - - [24/Nov/2022:10:47:20 +0100] "GET /jute-p-56523.html HTTP/1.0" 200 76938 "-" "Mozilla/5.0 (compatible; MJ12bot/v1.4.8; http://mj12bot.com/)"
185.191.171.2 - - [24/Nov/2022:10:47:21 +0100] "GET /take-cake-chrie-party-p-48105.html HTTP/1.0" 200 76574 "-" "Mozilla/5.0 (compatible; SemrushBot/7~bl; +http://www.semrush.com/bot.html)"
94.23.203.202 - - [24/Nov/2022:10:47:24 +0100] "GET /kapha-sage-mint-wick-scented-candle-p-55207.html HTTP/1.0" 200 73412 "-" "Mozilla/5.0 (compatible; MJ12bot/v1.4.8; http://mj12bot.com/)"
216.244.66.242 - - [24/Nov/2022:10:47:27 +0100] "GET /robots.txt HTTP/1.0" 200 245 "-" "Mozilla/5.0 (compatible; DotBot/1.2; +https://opensiteexplorer.org/dotbot; help@moz.com)"
185.191.171.21 - - [24/Nov/2022:10:47:26 +0100] "GET /treasure-tibetan-with-lotus-p-53341.html HTTP/1.0" 200 77519 "-" "Mozilla/5.0 (compatible; SemrushBot/7~bl; +http://www.semrush.com/bot.html)"
94.23.203.202 - - [24/Nov/2022:10:47:34 +0100] "GET /keel-toys-hedgehog-plush-p-50309.html HTTP/1.0" 200 73350 "-" "Mozilla/5.0 (compatible; MJ12bot/v1.4.8; http://mj12bot.com/)"
94.23.203.202 - - [24/Nov/2022:10:47:41 +0100] "GET /keyra-bedclothes-p-57167.html HTTP/1.0" 200 76546 "-" "Mozilla/5.0 (compatible; MJ12bot/v1.4.8; http://mj12bot.com/)"
207.46.13.42 - - [24/Nov/2022:10:47:42 +0100] "GET /italian-ice-cream-charm-p-50794.html HTTP/1.0" 301 73424 "-" "Mozilla/5.0 AppleWebKit/537.36 (KHTML, like Gecko; compatible; bingbot/2.0; +http://www.bing.com/bingbot.htm) Chrome/103.0.5060.134 Safari/537.36"
94.23.203.202 - - [24/Nov/2022:10:47:47 +0100] "GET /keyra-bedclothes-p-57168.html HTTP/1.0" 200 76546 "-" "Mozilla/5.0 (compatible; MJ12bot/v1.4.8; http://mj12bot.com/)"
94.23.203.202 - - [24/Nov/2022:10:47:52 +0100] "GET /kimmidoll-dolls-cm-p-46134.html HTTP/1.0" 301 73427 "-" "Mozilla/5.0 (compatible; MJ12bot/v1.4.8; http://mj12bot.com/)"
94.23.203.202 - - [24/Nov/2022:10:47:56 +0100] "GET /kimmidoll-dolls-p-46134.html HTTP/1.0" 200 73345 "-" "Mozilla/5.0 (compatible; MJ12bot/v1.4.8; http://mj12bot.com/)"
94.23.203.202 - - [24/Nov/2022:10:48:01 +0100] "GET /kimmidoll-dolls-p-46134.html HTTP/1.0" 200 73345 "-" "Mozilla/5.0 (compatible; MJ12bot/v1.4.8; http://mj12bot.com/)"
94.23.203.202 - - [24/Nov/2022:10:48:05 +0100] "GET /kimmidoll-dolls-p-46136.html HTTP/1.0" 200 73345 "-" "Mozilla/5.0 (compatible; MJ12bot/v1.4.8; http://mj12bot.com/)"
94.23.203.202 - - [24/Nov/2022:10:48:12 +0100] "GET /kitchen-towel-holder-hooks-p-47374.html HTTP/1.0" 200 76527 "-" "Mozilla/5.0 (compatible; MJ12bot/v1.4.8; http://mj12bot.com/)"
123.57.142.128 - - [24/Nov/2022:10:48:13 +0100] "GET /images/mini_prod/5051276388205.jpg HTTP/1.0" 200 269 "-" "Mozilla/5.0 (Macintosh; Intel Mac OS X 10_15_7) AppleWebKit/537.36 (KHTML, like Gecko) Chrome/105.0.0.0 Safari/537.36"
66.249.66.214 - - [24/Nov/2022:10:48:16 +0100] "GET /gekoa-salt-pepper-p-37400.html HTTP/1.0" 200 76092 "-" "Mozilla/5.0 (compatible; Googlebot/2.1; +http://www.google.com/bot.html)"
94.23.203.202 - - [24/Nov/2022:10:48:18 +0100] "GET /kitchen-towel-holder-hooks-p-47375.html HTTP/1.0" 200 76527 "-" "Mozilla/5.0 (compatible; MJ12bot/v1.4.8; http://mj12bot.com/)"
94.23.203.202 - - [24/Nov/2022:10:48:24 +0100] "GET /kitchen-towel-p-38813.html HTTP/1.0" 200 75843 "-" "Mozilla/5.0 (compatible; MJ12bot/v1.4.8; http://mj12bot.com/)"
94.23.203.202 - - [24/Nov/2022:10:48:30 +0100] "GET /kitchen-towel-patisserie-collection-p-54754.html HTTP/1.0" 200 75978 "-" "Mozilla/5.0 (compatible; MJ12bot/v1.4.8; http://mj12bot.com/)"
94.23.203.202 - - [24/Nov/2022:10:48:36 +0100] "GET /kitten-little-tray-p-36818.html HTTP/1.0" 301 73331 "-" "Mozilla/5.0 (compatible; MJ12bot/v1.4.8; http://mj12bot.com/)"
94.23.203.202 - - [24/Nov/2022:10:48:42 +0100] "GET /-p-36818.html HTTP/1.0" 200 73264 "-" "Mozilla/5.0 (compatible; MJ12bot/v1.4.8; http://mj12bot.com/)"
94.23.203.202 - - [24/Nov/2022:10:48:52 +0100] "GET /kittens-and-hen-little-tray-p-33513.html HTTP/1.0" 301 73331 "-" "Mozilla/5.0 (compatible; MJ12bot/v1.4.8; http://mj12bot.com/)"
94.23.203.202 - - [24/Nov/2022:10:48:57 +0100] "GET /-p-33513.html HTTP/1.0" 200 73264 "-" "Mozilla/5.0 (compatible; MJ12bot/v1.4.8; http://mj12bot.com/)"
94.23.203.202 - - [24/Nov/2022:10:49:04 +0100] "GET /kiub-cats-coasters-p-53847.html HTTP/1.0" 200 73360 "-" "Mozilla/5.0 (compatible; MJ12bot/v1.4.8; http://mj12bot.com/)"
94.23.203.202 - - [24/Nov/2022:10:49:10 +0100] "GET /kiwi-kitchen-towel-p-47135.html HTTP/1.0" 200 75856 "-" "Mozilla/5.0 (compatible; MJ12bot/v1.4.8; http://mj12bot.com/)"
94.23.203.202 - - [24/Nov/2022:10:49:16 +0100] "GET /knight-chess-piece-gold-p-49284.html HTTP/1.0" 301 73331 "-" "Mozilla/5.0 (compatible; MJ12bot/v1.4.8; http://mj12bot.com/)"
185.191.171.43 - - [24/Nov/2022:10:49:20 +0100] "GET /renault-alpine-large-metal-plate-deco-p-34133.html HTTP/1.0" 200 73458 "-" "Mozilla/5.0 (compatible; SemrushBot/7~bl; +http://www.semrush.com/bot.html)"
94.23.203.202 - - [24/Nov/2022:10:49:21 +0100] "GET /-p-49284.html HTTP/1.0" 200 73264 "-" "Mozilla/5.0 (compatible; MJ12bot/v1.4.8; http://mj12bot.com/)"
185.191.171.3 - - [24/Nov/2022:10:49:27 +0100] "GET /winnie-pooh-orange-swimsuit-p-30832.html HTTP/1.0" 200 77714 "-" "Mozilla/5.0 (compatible; SemrushBot/7~bl; +http://www.semrush.com/bot.html)"
94.23.203.202 - - [24/Nov/2022:10:49:30 +0100] "GET /knight-chess-piece-silver-p-49291.html HTTP/1.0" 200 73354 "-" "Mozilla/5.0 (compatible; MJ12bot/v1.4.8; http://mj12bot.com/)"
185.191.171.1 - - [24/Nov/2022:10:49:31 +0100] "GET /gorjuss-fiesta-triple-pocket-rucksack-catch-falling-star-p-52372.html HTTP/1.0" 200 77324 "-" "Mozilla/5.0 (compatible; SemrushBot/7~bl; +http://www.semrush.com/bot.html)"
94.23.203.202 - - [24/Nov/2022:10:49:36 +0100] "GET /kwan-metal-bell-p-47242.html HTTP/1.0" 200 76457 "-" "Mozilla/5.0 (compatible; MJ12bot/v1.4.8; http://mj12bot.com/)"
185.191.171.36 - - [24/Nov/2022:10:49:40 +0100] "GET /ballerina-musical-jewelry-glow-dark-p-53239.html HTTP/1.0" 200 77243 "-" "Mozilla/5.0 (compatible; SemrushBot/7~bl; +http://www.semrush.com/bot.html)"
94.23.203.202 - - [24/Nov/2022:10:49:43 +0100] "GET /la-coq-sportif-black-backpack-p-35854.html HTTP/1.0" 301 73331 "-" "Mozilla/5.0 (compatible; MJ12bot/v1.4.8; http://mj12bot.com/)"
94.23.203.202 - - [24/Nov/2022:10:49:47 +0100] "GET /-p-35854.html HTTP/1.0" 200 73264 "-" "Mozilla/5.0 (compatible; MJ12bot/v1.4.8; http://mj12bot.com/)"
185.191.171.21 - - [24/Nov/2022:10:49:49 +0100] "GET /robots.txt HTTP/1.0" 200 245 "-" "Mozilla/5.0 (compatible; SemrushBot/7~bl; +http://www.semrush.com/bot.html)"
185.191.171.10 - - [24/Nov/2022:10:49:49 +0100] "GET /thread-count-cotton-percale-fitted-sheet-p-54448.html HTTP/1.0" 200 77045 "-" "Mozilla/5.0 (compatible; SemrushBot/7~bl; +http://www.semrush.com/bot.html)"
94.23.203.202 - - [24/Nov/2022:10:49:51 +0100] "GET /la-marquise-gourmande-little-tray-p-33515.html HTTP/1.0" 301 73331 "-" "Mozilla/5.0 (compatible; MJ12bot/v1.4.8; http://mj12bot.com/)"
94.23.203.202 - - [24/Nov/2022:10:49:54 +0100] "GET /-p-33515.html HTTP/1.0" 200 73264 "-" "Mozilla/5.0 (compatible; MJ12bot/v1.4.8; http://mj12bot.com/)"
94.23.203.202 - - [24/Nov/2022:10:50:00 +0100] "GET /lady-cupcake-metal-box-for-chocolate-bar-p-46510.html HTTP/1.0" 301 73331 "-" "Mozilla/5.0 (compatible; MJ12bot/v1.4.8; http://mj12bot.com/)"
94.23.203.202 - - [24/Nov/2022:10:50:05 +0100] "GET /-p-46510.html HTTP/1.0" 200 73264 "-" "Mozilla/5.0 (compatible; MJ12bot/v1.4.8; http://mj12bot.com/)"
94.23.203.202 - - [24/Nov/2022:10:50:09 +0100] "GET /lady-cupcake-metal-chocolate-p-46510.html HTTP/1.0" 301 73331 "-" "Mozilla/5.0 (compatible; MJ12bot/v1.4.8; http://mj12bot.com/)"
94.23.203.202 - - [24/Nov/2022:10:50:15 +0100] "GET /-p-46510.html HTTP/1.0" 200 73264 "-" "Mozilla/5.0 (compatible; MJ12bot/v1.4.8; http://mj12bot.com/)"
66.249.66.210 - - [24/Nov/2022:10:50:20 +0100] "GET /images/big_prod_1/3453131159258a.jpg HTTP/1.0" 200 271 "-" "Googlebot-Image/1.0"
94.23.203.202 - - [24/Nov/2022:10:50:20 +0100] "GET /ladybirds-stickers-p-39235.html HTTP/1.0" 301 73331 "-" "Mozilla/5.0 (compatible; MJ12bot/v1.4.8; http://mj12bot.com/)"
185.191.171.23 - - [24/Nov/2022:10:50:21 +0100] "GET /valdrome-colombe-p-43966.html HTTP/1.0" 200 76664 "-" "Mozilla/5.0 (compatible; SemrushBot/7~bl; +http://www.semrush.com/bot.html)"
94.23.203.202 - - [24/Nov/2022:10:50:26 +0100] "GET /-p-39235.html HTTP/1.0" 200 73264 "-" "Mozilla/5.0 (compatible; MJ12bot/v1.4.8; http://mj12bot.com/)"
94.23.203.202 - - [24/Nov/2022:10:50:33 +0100] "GET /laissez-lucie-faire-bichette-glasses-box-p-42662.html HTTP/1.0" 301 76212 "-" "Mozilla/5.0 (compatible; MJ12bot/v1.4.8; http://mj12bot.com/)"
54.36.149.78 - - [24/Nov/2022:10:50:36 +0100] "GET /buddha-wall-stickers-p-51128.html HTTP/1.0" 200 76768 "-" "Mozilla/5.0 (compatible; AhrefsBot/7.0; +http://ahrefs.com/robot/)"
66.249.66.210 - - [24/Nov/2022:10:50:38 +0100] "GET /images/big_prod/1384010189689.jpg HTTP/1.0" 200 268 "-" "Googlebot-Image/1.0"
94.23.203.202 - - [24/Nov/2022:10:50:37 +0100] "GET /laissez-lucie-faire-bichette-glasses-p-42662.html HTTP/1.0" 200 76109 "-" "Mozilla/5.0 (compatible; MJ12bot/v1.4.8; http://mj12bot.com/)"
185.191.171.13 - - [24/Nov/2022:10:50:38 +0100] "GET /ceramic-lamp-p-59599.html?action=add_product HTTP/1.0" 302 476 "-" "Mozilla/5.0 (compatible; SemrushBot/7~bl; +http://www.semrush.com/bot.html)"
94.23.203.202 - - [24/Nov/2022:10:50:43 +0100] "GET /laissez-lucie-faire-bichette-glasses-p-42662.html HTTP/1.0" 200 76109 "-" "Mozilla/5.0 (compatible; MJ12bot/v1.4.8; http://mj12bot.com/)"
94.23.203.202 - - [24/Nov/2022:10:50:50 +0100] "GET /laissez-lucie-faire-large-wallet-phenix-p-42659.html HTTP/1.0" 200 76214 "-" "Mozilla/5.0 (compatible; MJ12bot/v1.4.8; http://mj12bot.com/)"
114.119.145.65 - - [24/Nov/2022:10:50:52 +0100] "GET /angel-glitter-ball-p-27611.html HTTP/1.0" 200 76110 "http://www.wonder-geek.com/snow-glitter-ball-c-13_259.html" "Mozilla/5.0 (Linux; Android 7.0;) AppleWebKit/537.36 (KHTML, like Gecko) Mobile Safari/537.36 (compatible; PetalBot;+https://webmaster.petalsearch.com/site/petalbot)"
94.23.203.202 - - [24/Nov/2022:10:50:54 +0100] "GET /laissez-lucie-faire-large-zip-wallet-phenix-p-42659.html HTTP/1.0" 301 76320 "-" "Mozilla/5.0 (compatible; MJ12bot/v1.4.8; http://mj12bot.com/)"
94.23.203.202 - - [24/Nov/2022:10:50:59 +0100] "GET /laissez-lucie-faire-large-wallet-phenix-p-42659.html HTTP/1.0" 200 76214 "-" "Mozilla/5.0 (compatible; MJ12bot/v1.4.8; http://mj12bot.com/)"
185.191.171.40 - - [24/Nov/2022:10:51:00 +0100] "GET /cats-dubout-placemat-p-40081.html HTTP/1.0" 200 75930 "-" "Mozilla/5.0 (compatible; SemrushBot/7~bl; +http://www.semrush.com/bot.html)"
94.23.203.202 - - [24/Nov/2022:10:51:03 +0100] "GET /laissez-lucie-faire-rati-card-holders-p-42661.html HTTP/1.0" 200 73392 "-" "Mozilla/5.0 (compatible; MJ12bot/v1.4.8; http://mj12bot.com/)"
185.191.171.41 - - [24/Nov/2022:10:51:08 +0100] "GET /-p-47908.html HTTP/1.0" 200 73264 "-" "Mozilla/5.0 (compatible; SemrushBot/7~bl; +http://www.semrush.com/bot.html)"
94.23.203.202 - - [24/Nov/2022:10:51:09 +0100] "GET /laissez-lucie-faire-rati-glasses-box-p-42666.html HTTP/1.0" 301 73331 "-" "Mozilla/5.0 (compatible; MJ12bot/v1.4.8; http://mj12bot.com/)"
94.23.203.202 - - [24/Nov/2022:10:51:14 +0100] "GET /-p-42666.html HTTP/1.0" 200 73264 "-" "Mozilla/5.0 (compatible; MJ12bot/v1.4.8; http://mj12bot.com/)"
94.23.203.202 - - [24/Nov/2022:10:51:18 +0100] "GET /laissez-lucie-faire-rati-glasses-p-42666.html HTTP/1.0" 301 73331 "-" "Mozilla/5.0 (compatible; MJ12bot/v1.4.8; http://mj12bot.com/)"
66.249.66.210 - - [24/Nov/2022:10:51:19 +0100] "GET /bakugan-acrylic-glass-p-14011.html HTTP/1.0" 200 73338 "-" "Mozilla/5.0 (compatible; Googlebot/2.1; +http://www.google.com/bot.html)"
185.191.171.35 - - [24/Nov/2022:10:51:21 +0100] "GET /-p-39181.html HTTP/1.0" 200 73264 "-" "Mozilla/5.0 (compatible; SemrushBot/7~bl; +http://www.semrush.com/bot.html)"
94.23.203.202 - - [24/Nov/2022:10:51:24 +0100] "GET /-p-42666.html HTTP/1.0" 200 73264 "-" "Mozilla/5.0 (compatible; MJ12bot/v1.4.8; http://mj12bot.com/)"
66.249.66.210 - - [24/Nov/2022:10:51:26 +0100] "GET /images/big_prod_1/b4542202662281.jpg HTTP/1.0" 200 271 "-" "Googlebot-Image/1.0"
94.23.203.202 - - [24/Nov/2022:10:51:28 +0100] "GET /laissez-lucie-faire-toiletry-bag-maria-p-42657.html HTTP/1.0" 301 73487 "-" "Mozilla/5.0 (compatible; MJ12bot/v1.4.8; http://mj12bot.com/)"
94.23.203.202 - - [24/Nov/2022:10:51:32 +0100] "GET /laissez-lucie-faire-toiletry-maria-p-42657.html HTTP/1.0" 200 73386 "-" "Mozilla/5.0 (compatible; MJ12bot/v1.4.8; http://mj12bot.com/)"
94.23.203.202 - - [24/Nov/2022:10:51:38 +0100] "GET /laissez-lucie-faire-toiletry-maria-p-42657.html HTTP/1.0" 200 73386 "-" "Mozilla/5.0 (compatible; MJ12bot/v1.4.8; http://mj12bot.com/)"
94.23.203.202 - - [24/Nov/2022:10:51:43 +0100] "GET /laissez-lucie-faire-zipped-purse-p-42649.html HTTP/1.0" 200 73415 "-" "Mozilla/5.0 (compatible; MJ12bot/v1.4.8; http://mj12bot.com/)"
94.23.203.202 - - [24/Nov/2022:10:51:48 +0100] "GET /large-backpack-gorjuss-sugar-and-spice-p-40526.html HTTP/1.0" 301 73331 "-" "Mozilla/5.0 (compatible; MJ12bot/v1.4.8; http://mj12bot.com/)"
94.23.203.202 - - [24/Nov/2022:10:51:53 +0100] "GET /-p-40526.html HTTP/1.0" 200 73264 "-" "Mozilla/5.0 (compatible; MJ12bot/v1.4.8; http://mj12bot.com/)"
94.23.203.202 - - [24/Nov/2022:10:51:58 +0100] "GET /large-candle-hours-sweet-p-34631.html HTTP/1.0" 200 77007 "-" "Mozilla/5.0 (compatible; MJ12bot/v1.4.8; http://mj12bot.com/)"
94.23.203.202 - - [24/Nov/2022:10:52:02 +0100] "GET /large-candle-sweet-apple-treat-p-42615.html HTTP/1.0" 200 73423 "-" "Mozilla/5.0 (compatible; MJ12bot/v1.4.8; http://mj12bot.com/)"
185.191.171.6 - - [24/Nov/2022:10:52:05 +0100] "GET /-p-38167.html HTTP/1.0" 200 73264 "-" "Mozilla/5.0 (compatible; SemrushBot/7~bl; +http://www.semrush.com/bot.html)"
94.23.203.202 - - [24/Nov/2022:10:52:07 +0100] "GET /large-ceramic-pebble-lamp-p-54579.html HTTP/1.0" 200 77149 "-" "Mozilla/5.0 (compatible; MJ12bot/v1.4.8; http://mj12bot.com/)"
94.23.203.202 - - [24/Nov/2022:10:52:12 +0100] "GET /large-dark-vador-star-wars-p-14792.html HTTP/1.0" 200 73366 "-" "Mozilla/5.0 (compatible; MJ12bot/v1.4.8; http://mj12bot.com/)"
114.119.133.1 - - [24/Nov/2022:10:52:16 +0100] "GET /images/big_prod_1/3520071847726A.jpg HTTP/1.0" 200 271 "http://www.wonder-geek.com/resin-decoration-heart-kitten-p-58658.html" "Mozilla/5.0 (Linux; Android 7.0;) AppleWebKit/537.36 (KHTML, like Gecko) Mobile Safari/537.36 (compatible; PetalBot;+https://webmaster.petalsearch.com/site/petalbot)"
94.23.203.202 - - [24/Nov/2022:10:52:16 +0100] "GET /large-experts-p-18079.html HTTP/1.0" 200 73330 "-" "Mozilla/5.0 (compatible; MJ12bot/v1.4.8; http://mj12bot.com/)"
94.23.203.202 - - [24/Nov/2022:10:52:21 +0100] "GET /large-glasses-annes-folles-p-46450.html HTTP/1.0" 200 73386 "-" "Mozilla/5.0 (compatible; MJ12bot/v1.4.8; http://mj12bot.com/)"
94.23.203.202 - - [24/Nov/2022:10:52:25 +0100] "GET /large-glasses-cocktails-world-p-46447.html HTTP/1.0" 200 73402 "-" "Mozilla/5.0 (compatible; MJ12bot/v1.4.8; http://mj12bot.com/)"
185.191.171.41 - - [24/Nov/2022:10:52:32 +0100] "GET /espresso-museum-collection-p-39755.html HTTP/1.0" 200 76049 "-" "Mozilla/5.0 (compatible; SemrushBot/7~bl; +http://www.semrush.com/bot.html)"
94.23.203.202 - - [24/Nov/2022:10:52:32 +0100] "GET /large-gorjuss-lever-binder-a4-the-scarf-p-40487.html HTTP/1.0" 301 73541 "-" "Mozilla/5.0 (compatible; MJ12bot/v1.4.8; http://mj12bot.com/)"
94.23.203.202 - - [24/Nov/2022:10:52:38 +0100] "GET /large-gorjuss-lever-binder-scarf-p-40487.html HTTP/1.0" 200 73442 "-" "Mozilla/5.0 (compatible; MJ12bot/v1.4.8; http://mj12bot.com/)"
185.191.171.26 - - [24/Nov/2022:10:52:38 +0100] "GET /-p-38512.html HTTP/1.0" 200 73264 "-" "Mozilla/5.0 (compatible; SemrushBot/7~bl; +http://www.semrush.com/bot.html)"
94.23.203.202 - - [24/Nov/2022:10:52:43 +0100] "GET /large-gorjuss-lever-binder-scarf-p-40487.html HTTP/1.0" 200 73442 "-" "Mozilla/5.0 (compatible; MJ12bot/v1.4.8; http://mj12bot.com/)"
94.23.203.202 - - [24/Nov/2022:10:52:48 +0100] "GET /large-hanging-clock-retro-metal-wood-p-51997.html HTTP/1.0" 200 76223 "-" "Mozilla/5.0 (compatible; MJ12bot/v1.4.8; http://mj12bot.com/)"
185.191.171.15 - - [24/Nov/2022:10:52:49 +0100] "GET /bobbing-lotus-phosphorescent-smiski-statuette-p-55923.html HTTP/1.0" 200 73434 "-" "Mozilla/5.0 (compatible; SemrushBot/7~bl; +http://www.semrush.com/bot.html)"
94.23.203.202 - - [24/Nov/2022:10:52:53 +0100] "GET /large-jar-candle-70-hours-sweet-pea-p-34631.html HTTP/1.0" 301 77098 "-" "Mozilla/5.0 (compatible; MJ12bot/v1.4.8; http://mj12bot.com/)"
185.191.171.34 - - [24/Nov/2022:10:52:55 +0100] "GET /little-frog-savings-bank-p-48694.html HTTP/1.0" 200 75898 "-" "Mozilla/5.0 (compatible; SemrushBot/7~bl; +http://www.semrush.com/bot.html)"
94.23.203.202 - - [24/Nov/2022:10:52:57 +0100] "GET /large-candle-hours-sweet-p-34631.html HTTP/1.0" 200 77007 "-" "Mozilla/5.0 (compatible; MJ12bot/v1.4.8; http://mj12bot.com/)"
94.23.203.202 - - [24/Nov/2022:10:53:03 +0100] "GET /large-jar-candle-sweet-apple-treat-p-42615.html HTTP/1.0" 301 73520 "-" "Mozilla/5.0 (compatible; MJ12bot/v1.4.8; http://mj12bot.com/)"
94.23.203.202 - - [24/Nov/2022:10:53:08 +0100] "GET /large-candle-sweet-apple-treat-p-42615.html HTTP/1.0" 200 73423 "-" "Mozilla/5.0 (compatible; MJ12bot/v1.4.8; http://mj12bot.com/)"
94.23.203.202 - - [24/Nov/2022:10:53:14 +0100] "GET /large-metal-plate-collection-gilera-p-16849.html HTTP/1.0" 301 73331 "-" "Mozilla/5.0 (compatible; MJ12bot/v1.4.8; http://mj12bot.com/)"
94.23.203.202 - - [24/Nov/2022:10:53:17 +0100] "GET /-p-16849.html HTTP/1.0" 200 73264 "-" "Mozilla/5.0 (compatible; MJ12bot/v1.4.8; http://mj12bot.com/)"
185.191.171.4 - - [24/Nov/2022:10:53:20 +0100] "GET /-p-47244.html HTTP/1.0" 200 73264 "-" "Mozilla/5.0 (compatible; SemrushBot/7~bl; +http://www.semrush.com/bot.html)"
94.23.203.202 - - [24/Nov/2022:10:53:24 +0100] "GET /large-metal-plate-collection-vespa-epoca-p-16847.html HTTP/1.0" 301 73331 "-" "Mozilla/5.0 (compatible; MJ12bot/v1.4.8; http://mj12bot.com/)"
185.191.171.25 - - [24/Nov/2022:10:53:28 +0100] "GET /-p-21414.html HTTP/1.0" 200 73264 "-" "Mozilla/5.0 (compatible; SemrushBot/7~bl; +http://www.semrush.com/bot.html)"
94.23.203.202 - - [24/Nov/2022:10:53:29 +0100] "GET /-p-16847.html HTTP/1.0" 200 73264 "-" "Mozilla/5.0 (compatible; MJ12bot/v1.4.8; http://mj12bot.com/)"
185.191.171.15 - - [24/Nov/2022:10:53:34 +0100] "GET /statue-samurai-horseback-resin-p-58875.html HTTP/1.0" 200 76885 "-" "Mozilla/5.0 (compatible; SemrushBot/7~bl; +http://www.semrush.com/bot.html)"
94.23.203.202 - - [24/Nov/2022:10:53:34 +0100] "GET /large-metal-plate-collection-vespa-epoca-p-35022.html HTTP/1.0" 200 76506 "-" "Mozilla/5.0 (compatible; MJ12bot/v1.4.8; http://mj12bot.com/)"
54.36.148.154 - - [24/Nov/2022:10:53:36 +0100] "GET /blue-bowl-with-ridged-patterns-porcelain-p-56193.html HTTP/1.0" 200 76101 "-" "Mozilla/5.0 (compatible; AhrefsBot/7.0; +http://ahrefs.com/robot/)"
94.23.203.202 - - [24/Nov/2022:10:53:39 +0100] "GET /large-metal-plate-collection-vespa-p-16845.html HTTP/1.0" 200 76501 "-" "Mozilla/5.0 (compatible; MJ12bot/v1.4.8; http://mj12bot.com/)"
114.119.133.1 - - [24/Nov/2022:10:53:40 +0100] "GET /metal-plate-deco-p-56117.html HTTP/1.0" 200 76424 "http://www.wonder-geek.com/tin-and-metal-signs-c-13_130.html?page=5" "Mozilla/5.0 (Linux; Android 7.0;) AppleWebKit/537.36 (KHTML, like Gecko) Mobile Safari/537.36 (compatible; PetalBot;+https://webmaster.petalsearch.com/site/petalbot)"
94.23.203.202 - - [24/Nov/2022:10:53:44 +0100] "GET /large-metal-plate-collection-vespa-piaggio-p-16848.html HTTP/1.0" 301 73331 "-" "Mozilla/5.0 (compatible; MJ12bot/v1.4.8; http://mj12bot.com/)"
54.36.148.98 - - [24/Nov/2022:10:53:47 +0100] "GET /images/big_prod/8422019440745.jpg HTTP/1.0" 200 268 "-" "Mozilla/5.0 (compatible; AhrefsBot/7.0; +http://ahrefs.com/robot/)"
185.191.171.2 - - [24/Nov/2022:10:53:48 +0100] "GET /animals-cups-espresso-p-53424.html HTTP/1.0" 200 75914 "-" "Mozilla/5.0 (compatible; SemrushBot/7~bl; +http://www.semrush.com/bot.html)"
94.23.203.202 - - [24/Nov/2022:10:53:48 +0100] "GET /-p-16848.html HTTP/1.0" 200 73264 "-" "Mozilla/5.0 (compatible; MJ12bot/v1.4.8; http://mj12bot.com/)"
94.23.203.202 - - [24/Nov/2022:10:53:54 +0100] "GET /large-metal-plate-collection-vespa-piaggio-p-35023.html HTTP/1.0" 200 76499 "-" "Mozilla/5.0 (compatible; MJ12bot/v1.4.8; http://mj12bot.com/)"
94.23.203.202 - - [24/Nov/2022:10:53:59 +0100] "GET /large-metal-plate-collection-vespa-pin-up-p-16845.html HTTP/1.0" 301 76602 "-" "Mozilla/5.0 (compatible; MJ12bot/v1.4.8; http://mj12bot.com/)"
94.23.203.202 - - [24/Nov/2022:10:54:02 +0100] "GET /large-metal-plate-collection-vespa-p-16845.html HTTP/1.0" 200 76501 "-" "Mozilla/5.0 (compatible; MJ12bot/v1.4.8; http://mj12bot.com/)"
94.23.203.202 - - [24/Nov/2022:10:54:09 +0100] "GET /large-metal-plate-collection-vespa-pink-p-16846.html HTTP/1.0" 301 73331 "-" "Mozilla/5.0 (compatible; MJ12bot/v1.4.8; http://mj12bot.com/)"
94.23.203.202 - - [24/Nov/2022:10:54:12 +0100] "GET /-p-16846.html HTTP/1.0" 200 73264 "-" "Mozilla/5.0 (compatible; MJ12bot/v1.4.8; http://mj12bot.com/)"
94.23.203.202 - - [24/Nov/2022:10:54:16 +0100] "GET /large-metal-plate-deco-p-37083.html HTTP/1.0" 200 75911 "-" "Mozilla/5.0 (compatible; MJ12bot/v1.4.8; http://mj12bot.com/)"
94.23.203.202 - - [24/Nov/2022:10:54:21 +0100] "GET /large-resin-gorilla-statuette-p-54086.html HTTP/1.0" 200 73371 "-" "Mozilla/5.0 (compatible; MJ12bot/v1.4.8; http://mj12bot.com/)"
66.249.66.214 - - [24/Nov/2022:10:54:23 +0100] "GET /candle-hours-dawn-mist-p-33023.html HTTP/1.0" 200 73360 "-" "Mozilla/5.0 (compatible; Googlebot/2.1; +http://www.google.com/bot.html)"
94.23.203.202 - - [24/Nov/2022:10:54:25 +0100] "GET /leaf-figurine-decorative-p-34238.html HTTP/1.0" 301 73331 "-" "Mozilla/5.0 (compatible; MJ12bot/v1.4.8; http://mj12bot.com/)"
94.23.203.202 - - [24/Nov/2022:10:54:28 +0100] "GET /-p-34238.html HTTP/1.0" 200 73264 "-" "Mozilla/5.0 (compatible; MJ12bot/v1.4.8; http://mj12bot.com/)"
94.23.203.202 - - [24/Nov/2022:10:54:33 +0100] "GET /letter-wall-decor-sticker-gray-p-57773.html HTTP/1.0" 200 76774 "-" "Mozilla/5.0 (compatible; MJ12bot/v1.4.8; http://mj12bot.com/)"
94.23.203.202 - - [24/Nov/2022:10:54:37 +0100] "GET /letter-wall-decor-sticker-gray-p-57777.html HTTP/1.0" 200 76774 "-" "Mozilla/5.0 (compatible; MJ12bot/v1.4.8; http://mj12bot.com/)"
94.23.203.202 - - [24/Nov/2022:10:54:41 +0100] "GET /letter-wall-decor-sticker-gray-p-57781.html HTTP/1.0" 200 76774 "-" "Mozilla/5.0 (compatible; MJ12bot/v1.4.8; http://mj12bot.com/)"
94.23.203.202 - - [24/Nov/2022:10:54:47 +0100] "GET /letter-wall-decor-sticker-gray-p-57788.html HTTP/1.0" 200 76774 "-" "Mozilla/5.0 (compatible; MJ12bot/v1.4.8; http://mj12bot.com/)"
94.23.203.202 - - [24/Nov/2022:10:54:51 +0100] "GET /letter-wall-decor-sticker-gray-p-57789.html HTTP/1.0" 200 76727 "-" "Mozilla/5.0 (compatible; MJ12bot/v1.4.8; http://mj12bot.com/)"
94.23.203.202 - - [24/Nov/2022:10:54:56 +0100] "GET /letter-wall-decor-sticker-gray-p-57790.html HTTP/1.0" 200 76774 "-" "Mozilla/5.0 (compatible; MJ12bot/v1.4.8; http://mj12bot.com/)"
94.23.203.202 - - [24/Nov/2022:10:55:01 +0100] "GET /letter-wall-decor-sticker-gray-p-57791.html HTTP/1.0" 200 76774 "-" "Mozilla/5.0 (compatible; MJ12bot/v1.4.8; http://mj12bot.com/)"
94.23.203.202 - - [24/Nov/2022:10:55:05 +0100] "GET /letter-wall-decor-sticker-gray-p-57795.html HTTP/1.0" 200 76774 "-" "Mozilla/5.0 (compatible; MJ12bot/v1.4.8; http://mj12bot.com/)"
114.119.130.87 - - [24/Nov/2022:10:55:06 +0100] "GET /images/big_prod_2/8424346043408D.jpg HTTP/1.0" 200 271 "http://www.wonder-geek.com/buddha-decorative-statuette-terracotta-p-58712.html" "Mozilla/5.0 (Linux; Android 7.0;) AppleWebKit/537.36 (KHTML, like Gecko) Mobile Safari/537.36 (compatible; PetalBot;+https://webmaster.petalsearch.com/site/petalbot)"
94.23.203.202 - - [24/Nov/2022:10:55:11 +0100] "GET /letter-wall-decor-sticker-gray-p-57796.html HTTP/1.0" 200 76774 "-" "Mozilla/5.0 (compatible; MJ12bot/v1.4.8; http://mj12bot.com/)"
94.23.203.202 - - [24/Nov/2022:10:55:17 +0100] "GET /letter-wall-decor-sticker-gray-p-57797.html HTTP/1.0" 200 76774 "-" "Mozilla/5.0 (compatible; MJ12bot/v1.4.8; http://mj12bot.com/)"
66.249.66.210 - - [24/Nov/2022:10:55:17 +0100] "GET /ceramic-bowl-relief-rock-bolesque-p-47056.html HTTP/1.0" 200 73364 "-" "Mozilla/5.0 (compatible; Googlebot/2.1; +http://www.google.com/bot.html)"
94.23.203.202 - - [24/Nov/2022:10:55:20 +0100] "GET /light-garland-collection-canar-duo-p-39464.html HTTP/1.0" 301 77008 "-" "Mozilla/5.0 (compatible; MJ12bot/v1.4.8; http://mj12bot.com/)"
207.46.13.42 - - [24/Nov/2022:10:55:22 +0100] "GET /boys/jackets-coats-parkas/winnie-the-pooh-long-sleeve-hooded-jacket-p-22939.html HTTP/1.0" 301 671 "-" "Mozilla/5.0 AppleWebKit/537.36 (KHTML, like Gecko; compatible; bingbot/2.0; +http://www.bing.com/bingbot.htm) Chrome/103.0.5060.134 Safari/537.36"
94.23.203.202 - - [24/Nov/2022:10:55:24 +0100] "GET /light-garland-collection-canar-p-39464.html HTTP/1.0" 200 76911 "-" "Mozilla/5.0 (compatible; MJ12bot/v1.4.8; http://mj12bot.com/)"
185.191.171.8 - - [24/Nov/2022:10:55:26 +0100] "GET /fancy-elastic-bracelet-buddha-p-43733.html HTTP/1.0" 200 75924 "-" "Mozilla/5.0 (compatible; SemrushBot/7~bl; +http://www.semrush.com/bot.html)"
94.23.203.202 - - [24/Nov/2022:10:55:28 +0100] "GET /light-garland-collection-canar-p-39464.html HTTP/1.0" 200 76911 "-" "Mozilla/5.0 (compatible; MJ12bot/v1.4.8; http://mj12bot.com/)"
94.23.203.202 - - [24/Nov/2022:10:55:32 +0100] "GET /light-grey-lampshade-p-56444.html HTTP/1.0" 200 76762 "-" "Mozilla/5.0 (compatible; MJ12bot/v1.4.8; http://mj12bot.com/)"
94.23.203.202 - - [24/Nov/2022:10:55:36 +0100] "GET /michelle-allen-keyring-p-36949.html HTTP/1.0" 200 77176 "-" "Mozilla/5.0 (compatible; MJ12bot/v1.4.8; http://mj12bot.com/)"
94.23.203.202 - - [24/Nov/2022:10:55:40 +0100] "GET /mouse-with-personalized-picture-p-16331.html HTTP/1.0" 200 76386 "-" "Mozilla/5.0 (compatible; MJ12bot/v1.4.8; http://mj12bot.com/)"
94.23.203.202 - - [24/Nov/2022:10:55:45 +0100] "GET /oriental-black-teapot-liter-p-56410.html HTTP/1.0" 200 73366 "-" "Mozilla/5.0 (compatible; MJ12bot/v1.4.8; http://mj12bot.com/)"
94.23.203.202 - - [24/Nov/2022:10:55:49 +0100] "GET /oriental-teapot-liter-p-56409.html HTTP/1.0" 200 73350 "-" "Mozilla/5.0 (compatible; MJ12bot/v1.4.8; http://mj12bot.com/)"
94.23.203.202 - - [24/Nov/2022:10:55:55 +0100] "GET /personalized-products-c-97.html?page=1 HTTP/1.0" 200 93269 "-" "Mozilla/5.0 (compatible; MJ12bot/v1.4.8; http://mj12bot.com/)"
94.23.203.202 - - [24/Nov/2022:10:56:00 +0100] "GET /pets-rock-brothers-p-15956.html HTTP/1.0" 200 73334 "-" "Mozilla/5.0 (compatible; MJ12bot/v1.4.8; http://mj12bot.com/)"
94.23.203.202 - - [24/Nov/2022:10:56:04 +0100] "GET /pink-moustache-ring-p-18247.html HTTP/1.0" 200 76046 "-" "Mozilla/5.0 (compatible; MJ12bot/v1.4.8; http://mj12bot.com/)"
185.191.171.22 - - [24/Nov/2022:10:56:05 +0100] "GET /star-wars-soldier-trooper-desk-blotter-p-36703.html HTTP/1.0" 200 73406 "-" "Mozilla/5.0 (compatible; SemrushBot/7~bl; +http://www.semrush.com/bot.html)"
185.191.171.1 - - [24/Nov/2022:10:56:08 +0100] "GET /green-floor-tile-tray-p-46755.html HTTP/1.0" 200 73338 "-" "Mozilla/5.0 (compatible; SemrushBot/7~bl; +http://www.semrush.com/bot.html)"
94.23.203.202 - - [24/Nov/2022:10:56:09 +0100] "GET /small-cool-allen-p-48517.html HTTP/1.0" 200 76582 "-" "Mozilla/5.0 (compatible; MJ12bot/v1.4.8; http://mj12bot.com/)"
94.23.203.202 - - [24/Nov/2022:10:56:13 +0100] "GET /sonny-angel-christmas-series-2016-figurines-p-47268.html HTTP/1.0" 200 78001 "-" "Mozilla/5.0 (compatible; MJ12bot/v1.4.8; http://mj12bot.com/)"
185.191.171.3 - - [24/Nov/2022:10:56:15 +0100] "GET /white-foliage-table-lamp-p-57770.html HTTP/1.0" 200 76595 "-" "Mozilla/5.0 (compatible; SemrushBot/7~bl; +http://www.semrush.com/bot.html)"
94.23.203.202 - - [24/Nov/2022:10:56:18 +0100] "GET /vintage-cars-small-steel-fridge-magnets-p-37060.html HTTP/1.0" 200 76153 "-" "Mozilla/5.0 (compatible; MJ12bot/v1.4.8; http://mj12bot.com/)"
94.23.203.202 - - [24/Nov/2022:10:56:22 +0100] "GET /wall-decoration-mappemonde-p-49967.html HTTP/1.0" 200 76560 "-" "Mozilla/5.0 (compatible; MJ12bot/v1.4.8; http://mj12bot.com/)"
114.119.133.1 - - [24/Nov/2022:10:56:30 +0100] "GET /happy-colors-love-pink-placemat-p-22362.html HTTP/1.0" 200 76791 "http://www.wonder-geek.com/dishes-c-12.html?page=11" "Mozilla/5.0 (Linux; Android 7.0;) AppleWebKit/537.36 (KHTML, like Gecko) Mobile Safari/537.36 (compatible; PetalBot;+https://webmaster.petalsearch.com/site/petalbot)"
185.191.171.5 - - [24/Nov/2022:10:56:31 +0100] "GET /round-bamboo-tray-with-birds-p-56084.html HTTP/1.0" 200 76755 "-" "Mozilla/5.0 (compatible; SemrushBot/7~bl; +http://www.semrush.com/bot.html)"
54.36.148.62 - - [24/Nov/2022:10:56:47 +0100] "GET /resin-decoration-heart-kitten-p-58658.html HTTP/1.0" 200 76731 "-" "Mozilla/5.0 (compatible; AhrefsBot/7.0; +http://ahrefs.com/robot/)"
185.191.171.33 - - [24/Nov/2022:10:57:02 +0100] "GET /frozen-lunchbox-p-31746.html HTTP/1.0" 200 73314 "-" "Mozilla/5.0 (compatible; SemrushBot/7~bl; +http://www.semrush.com/bot.html)"
43.134.66.49 - - [24/Nov/2022:10:57:05 +0100] "GET /images/med_prod/1341689696832.jpg HTTP/1.0" 200 268 "-" "Mozilla/5.0 (Macintosh; Intel Mac OS X 10_15_7) AppleWebKit/537.36 (KHTML, like Gecko) Chrome/103.0.0.0 Safari/537.36"
185.191.171.33 - - [24/Nov/2022:10:57:07 +0100] "GET /mtal-signs-c-13_130.html?page=5 HTTP/1.0" 200 97345 "-" "Mozilla/5.0 (compatible; SemrushBot/7~bl; +http://www.semrush.com/bot.html)"
185.191.171.1 - - [24/Nov/2022:10:57:27 +0100] "GET /topiary-carpet-p-58970.html HTTP/1.0" 200 76827 "-" "Mozilla/5.0 (compatible; SemrushBot/7~bl; +http://www.semrush.com/bot.html)"
185.191.171.25 - - [24/Nov/2022:10:57:47 +0100] "GET /chair-cushion-scratchs-black-p-54657.html HTTP/1.0" 200 76613 "-" "Mozilla/5.0 (compatible; SemrushBot/7~bl; +http://www.semrush.com/bot.html)"
185.191.171.33 - - [24/Nov/2022:10:57:50 +0100] "GET /buddha-fiberglass-gray-statue-p-37580.html HTTP/1.0" 200 76039 "-" "Mozilla/5.0 (compatible; SemrushBot/7~bl; +http://www.semrush.com/bot.html)"
185.191.171.22 - - [24/Nov/2022:10:57:54 +0100] "GET /peugeot-magnet-p-15273.html HTTP/1.0" 200 75856 "-" "Mozilla/5.0 (compatible; SemrushBot/7~bl; +http://www.semrush.com/bot.html)"
114.119.128.44 - - [24/Nov/2022:10:57:56 +0100] "GET /ginkgo-p-55191.html HTTP/1.0" 200 76625 "http://www.wonder-geek.com/boxes-storage-c-13_150.html?page=11" "Mozilla/5.0 (Linux; Android 7.0;) AppleWebKit/537.36 (KHTML, like Gecko) Mobile Safari/537.36 (compatible; PetalBot;+https://webmaster.petalsearch.com/site/petalbot)"
216.244.66.242 - - [24/Nov/2022:10:58:03 +0100] "GET /large-metal-plate-deco-p-33723.html HTTP/1.0" 200 75911 "-" "Mozilla/5.0 (compatible; DotBot/1.2; +https://opensiteexplorer.org/dotbot; help@moz.com)"
51.68.224.127 - - [24/Nov/2022:10:58:42 +0100] "GET /adminweb/export_orders_xml.php?token=256de2z6edz6ed2z6DFSFsed2zed6zeDSFDSGdzedezfzf&maxorders=10&orderstart=1&status=14&start_date=2018-10-01 HTTP/1.0" 200 285 "-" "GesCom CharlotteBoutik Serveur"
51.68.224.127 - - [24/Nov/2022:10:58:42 +0100] "GET /adminweb/export_orders_xml.php?token=256de2z6edz6ed2z6DFSFsed2zed6zeDSFDSGdzedezfzf&maxorders=10&orderstart=1&status=6&start_date=2018-10-01 HTTP/1.0" 200 34006 "-" "GesCom CharlotteBoutik Serveur"
