185.191.171.16 - - [24/Nov/2022:06:39:32 +0100] "GET /buttercup-candy-cloud-keychain-p-46662.html HTTP/1.0" 200 73375 "-" "Mozilla/5.0 (compatible; SemrushBot/7~bl; +http://www.semrush.com/bot.html)"
185.191.171.21 - - [24/Nov/2022:06:39:59 +0100] "GET /-p-31792.html HTTP/1.0" 200 73264 "-" "Mozilla/5.0 (compatible; SemrushBot/7~bl; +http://www.semrush.com/bot.html)"
185.191.171.11 - - [24/Nov/2022:06:40:05 +0100] "GET /-p-47212.html HTTP/1.0" 200 73264 "-" "Mozilla/5.0 (compatible; SemrushBot/7~bl; +http://www.semrush.com/bot.html)"
66.249.66.214 - - [24/Nov/2022:06:40:17 +0100] "GET /padded-leather-pattern-adhesive-roll-p-48981.html HTTP/1.0" 200 76121 "-" "Mozilla/5.0 (compatible; Googlebot/2.1; +http://www.google.com/bot.html)"
66.249.66.214 - - [24/Nov/2022:06:40:20 +0100] "GET /images/big_prod_2/8055277545084C.jpg HTTP/1.0" 200 271 "-" "Googlebot-Image/1.0"
185.191.171.34 - - [24/Nov/2022:06:40:18 +0100] "GET /napkin-holder-heart-black-p-58516.html HTTP/1.0" 200 76662 "-" "Mozilla/5.0 (compatible; SemrushBot/7~bl; +http://www.semrush.com/bot.html)"
66.249.66.210 - - [24/Nov/2022:06:40:23 +0100] "GET /images/big_prod_1/8055277545084B.jpg HTTP/1.0" 200 271 "-" "Googlebot-Image/1.0"
185.191.171.8 - - [24/Nov/2022:06:40:29 +0100] "GET /headrest-cushion-p-53492.html HTTP/1.0" 200 73340 "-" "Mozilla/5.0 (compatible; SemrushBot/7~bl; +http://www.semrush.com/bot.html)"
54.36.148.162 - - [24/Nov/2022:06:40:33 +0100] "GET /little-geisha-p-39290.html HTTP/1.0" 200 76632 "-" "Mozilla/5.0 (compatible; AhrefsBot/7.0; +http://ahrefs.com/robot/)"
66.249.66.210 - - [24/Nov/2022:06:40:46 +0100] "GET /images/1399984254226.jpg HTTP/1.0" 200 259 "-" "Googlebot-Image/1.0"
185.191.171.12 - - [24/Nov/2022:06:40:52 +0100] "GET /pansy-over-fine-bone-china-p-54922.html HTTP/1.0" 200 76702 "-" "Mozilla/5.0 (compatible; SemrushBot/7~bl; +http://www.semrush.com/bot.html)"
66.249.66.212 - - [24/Nov/2022:06:41:02 +0100] "GET /carpe-diem-wall-sticker-p-38337.html HTTP/1.0" 200 76048 "-" "Mozilla/5.0 (compatible; Googlebot/2.1; +http://www.google.com/bot.html)"
42.194.232.66 - - [24/Nov/2022:06:41:17 +0100] "GET /images/mini_prod/3609810022287.jpg HTTP/1.0" 200 269 "-" "Mozilla/5.0 (X11; Ubuntu; Linux x86_64; rv:72.0) Gecko/20100101 Firefox/72.0"
185.191.171.24 - - [24/Nov/2022:06:41:25 +0100] "GET /gorjuss-shopping-p-29454.html HTTP/1.0" 200 76641 "-" "Mozilla/5.0 (compatible; SemrushBot/7~bl; +http://www.semrush.com/bot.html)"
185.191.171.21 - - [24/Nov/2022:06:41:28 +0100] "GET /small-solitaire-teapot-little-prince-p-53851.html HTTP/1.0" 200 73422 "-" "Mozilla/5.0 (compatible; SemrushBot/7~bl; +http://www.semrush.com/bot.html)"
66.249.66.210 - - [24/Nov/2022:06:41:40 +0100] "GET /images/big_prod_1/8717202552542.jpg HTTP/1.0" 200 270 "-" "Googlebot-Image/1.0"
185.191.171.13 - - [24/Nov/2022:06:41:53 +0100] "GET /spongebob-picnic-p-54627.html HTTP/1.0" 200 76969 "-" "Mozilla/5.0 (compatible; SemrushBot/7~bl; +http://www.semrush.com/bot.html)"
66.249.66.210 - - [24/Nov/2022:06:42:04 +0100] "GET /mister-long-sleeve-shirt-p-31041.html HTTP/1.0" 200 77072 "-" "Mozilla/5.0 (Linux; Android 6.0.1; Nexus 5X Build/MMB29P) AppleWebKit/537.36 (KHTML, like Gecko) Chrome/107.0.5304.110 Mobile Safari/537.36 (compatible; Googlebot/2.1; +http://www.google.com/bot.html)"
66.249.66.210 - - [24/Nov/2022:06:42:22 +0100] "GET /images/big_prod_1/1020322298588a.jpg HTTP/1.0" 200 271 "-" "Googlebot-Image/1.0"
66.249.66.210 - - [24/Nov/2022:06:42:36 +0100] "GET /lille-losc-p-50783.html HTTP/1.0" 200 76678 "-" "Mozilla/5.0 (Linux; Android 6.0.1; Nexus 5X Build/MMB29P) AppleWebKit/537.36 (KHTML, like Gecko) Chrome/107.0.5304.110 Mobile Safari/537.36 (compatible; Googlebot/2.1; +http://www.google.com/bot.html)"
54.36.148.255 - - [24/Nov/2022:06:42:41 +0100] "GET /little-geisha-p-50778.html HTTP/1.0" 200 76899 "-" "Mozilla/5.0 (compatible; AhrefsBot/7.0; +http://ahrefs.com/robot/)"
66.249.66.210 - - [24/Nov/2022:06:43:06 +0100] "GET /images/big_prod/1399986101948.jpg HTTP/1.0" 200 268 "-" "Googlebot-Image/1.0"
185.191.171.8 - - [24/Nov/2022:06:43:11 +0100] "GET /guardian-angel-statue-angel-baptism-p-56832.html HTTP/1.0" 200 76717 "-" "Mozilla/5.0 (compatible; SemrushBot/7~bl; +http://www.semrush.com/bot.html)"
216.244.66.242 - - [24/Nov/2022:06:43:14 +0100] "GET /boho-indian-pouch-22-18-cm-free-and-wild-p-42922.html HTTP/1.0" 301 76202 "-" "Mozilla/5.0 (compatible; DotBot/1.2; +https://opensiteexplorer.org/dotbot; help@moz.com)"
185.191.171.14 - - [24/Nov/2022:06:43:17 +0100] "GET /little-toiletry-p-43412.html HTTP/1.0" 200 75975 "-" "Mozilla/5.0 (compatible; SemrushBot/7~bl; +http://www.semrush.com/bot.html)"
185.191.171.40 - - [24/Nov/2022:06:43:21 +0100] "GET /vine-barrel-wall-decoration-p-58690.html HTTP/1.0" 200 76575 "-" "Mozilla/5.0 (compatible; SemrushBot/7~bl; +http://www.semrush.com/bot.html)"
216.244.66.242 - - [24/Nov/2022:06:43:21 +0100] "GET /ceramic-salt-box-with-spoon-sardy-p-50605.html HTTP/1.0" 301 76051 "-" "Mozilla/5.0 (compatible; DotBot/1.2; +https://opensiteexplorer.org/dotbot; help@moz.com)"
147.92.153.3 - - [24/Nov/2022:06:43:24 +0100] "GET /furniture-knob-sold-individually-p-55678.html HTTP/1.0" 200 76894 "-" "Mozilla/5.0 (compatible; Linespider/1.1; +https://lin.ee/4dwXkTH)"
54.36.148.101 - - [24/Nov/2022:06:43:28 +0100] "GET /london-by-air-mail-cosmetic-pouch-p-28957.html HTTP/1.0" 301 73331 "-" "Mozilla/5.0 (compatible; AhrefsBot/7.0; +http://ahrefs.com/robot/)"
185.191.171.5 - - [24/Nov/2022:06:43:30 +0100] "GET /wall-decoration-beer-capsule-collector-p-56430.html HTTP/1.0" 200 76901 "-" "Mozilla/5.0 (compatible; SemrushBot/7~bl; +http://www.semrush.com/bot.html)"
216.244.66.242 - - [24/Nov/2022:06:43:32 +0100] "GET /stone-golden-healer-110-120-grams-p-46602.html HTTP/1.0" 301 73434 "-" "Mozilla/5.0 (compatible; DotBot/1.2; +https://opensiteexplorer.org/dotbot; help@moz.com)"
185.191.171.8 - - [24/Nov/2022:06:43:44 +0100] "GET /anarchy-trendy-earphone-p-48310.html HTTP/1.0" 200 76220 "-" "Mozilla/5.0 (compatible; SemrushBot/7~bl; +http://www.semrush.com/bot.html)"
185.191.171.10 - - [24/Nov/2022:06:44:04 +0100] "GET /retro-ceramic-meilleure-maman-p-45502.html HTTP/1.0" 200 73364 "-" "Mozilla/5.0 (compatible; SemrushBot/7~bl; +http://www.semrush.com/bot.html)"
185.191.171.8 - - [24/Nov/2022:06:44:17 +0100] "GET /bamboo-fiber-plant-cover-p-58904.html HTTP/1.0" 200 76659 "-" "Mozilla/5.0 (compatible; SemrushBot/7~bl; +http://www.semrush.com/bot.html)"
185.191.171.33 - - [24/Nov/2022:06:44:20 +0100] "GET /resin-magnet-tour-france-blanc-p-55498.html HTTP/1.0" 200 76051 "-" "Mozilla/5.0 (compatible; SemrushBot/7~bl; +http://www.semrush.com/bot.html)"
66.249.66.210 - - [24/Nov/2022:06:44:25 +0100] "GET /images/big_prod/8445146006974.jpg HTTP/1.0" 200 268 "-" "Googlebot-Image/1.0"
66.249.66.210 - - [24/Nov/2022:06:44:26 +0100] "GET /images/big_prod/3560600314299.jpg HTTP/1.0" 200 268 "-" "Googlebot-Image/1.0"
185.191.171.12 - - [24/Nov/2022:06:44:31 +0100] "GET /hello-kitty-necklace-silver-plated-brass-p-12284.html HTTP/1.0" 200 76152 "-" "Mozilla/5.0 (compatible; SemrushBot/7~bl; +http://www.semrush.com/bot.html)"
54.36.148.192 - - [24/Nov/2022:06:44:54 +0100] "GET /little-geisha-p-50780.html HTTP/1.0" 200 77786 "-" "Mozilla/5.0 (compatible; AhrefsBot/7.0; +http://ahrefs.com/robot/)"
66.249.66.210 - - [24/Nov/2022:06:44:54 +0100] "GET /placemat-little-prince-plane-p-53833.html HTTP/1.0" 200 75940 "-" "Mozilla/5.0 (Linux; Android 6.0.1; Nexus 5X Build/MMB29P) AppleWebKit/537.36 (KHTML, like Gecko) Chrome/107.0.5304.110 Mobile Safari/537.36 (compatible; Googlebot/2.1; +http://www.google.com/bot.html)"
66.249.66.210 - - [24/Nov/2022:06:44:59 +0100] "GET /placemat-little-prince-plane-p-53833.html HTTP/1.0" 200 75940 "-" "Mozilla/5.0 (Linux; Android 6.0.1; Nexus 5X Build/MMB29P) AppleWebKit/537.36 (KHTML, like Gecko) Chrome/107.0.5304.110 Mobile Safari/537.36 (compatible; Googlebot/2.1; +http://www.google.com/bot.html)"
66.249.66.210 - - [24/Nov/2022:06:45:01 +0100] "GET /highslide/highslide.js HTTP/1.0" 200 262 "http://www.wonder-geek.com/placemat-little-prince-plane-p-53833.html" "Mozilla/5.0 (Linux; Android 6.0.1; Nexus 5X Build/MMB29P) AppleWebKit/537.36 (KHTML, like Gecko) Chrome/107.0.5304.110 Mobile Safari/537.36 (compatible; Googlebot/2.1; +http://www.google.com/bot.html)"
66.249.66.210 - - [24/Nov/2022:06:45:01 +0100] "GET /mondial_relay/js/jquery-1.3.2.min.js HTTP/1.0" 200 276 "http://www.wonder-geek.com/placemat-little-prince-plane-p-53833.html" "Mozilla/5.0 (Linux; Android 6.0.1; Nexus 5X Build/MMB29P) AppleWebKit/537.36 (KHTML, like Gecko) Chrome/107.0.5304.110 Mobile Safari/537.36 (compatible; Googlebot/2.1; +http://www.google.com/bot.html)"
66.249.66.210 - - [24/Nov/2022:06:45:02 +0100] "GET /js/jquery.js HTTP/1.0" 200 252 "http://www.wonder-geek.com/placemat-little-prince-plane-p-53833.html" "Mozilla/5.0 (Linux; Android 6.0.1; Nexus 5X Build/MMB29P) AppleWebKit/537.36 (KHTML, like Gecko) Chrome/107.0.5304.110 Mobile Safari/537.36 (compatible; Googlebot/2.1; +http://www.google.com/bot.html)"
66.249.66.210 - - [24/Nov/2022:06:45:02 +0100] "GET /js/jquery.jqzoom.js HTTP/1.0" 200 259 "http://www.wonder-geek.com/placemat-little-prince-plane-p-53833.html" "Mozilla/5.0 (Linux; Android 6.0.1; Nexus 5X Build/MMB29P) AppleWebKit/537.36 (KHTML, like Gecko) Chrome/107.0.5304.110 Mobile Safari/537.36 (compatible; Googlebot/2.1; +http://www.google.com/bot.html)"
66.249.66.210 - - [24/Nov/2022:06:45:03 +0100] "GET /swfobject.js HTTP/1.0" 404 1308 "http://www.wonder-geek.com/placemat-little-prince-plane-p-53833.html" "Mozilla/5.0 (Linux; Android 6.0.1; Nexus 5X Build/MMB29P) AppleWebKit/537.36 (KHTML, like Gecko) Chrome/107.0.5304.110 Mobile Safari/537.36 (compatible; Googlebot/2.1; +http://www.google.com/bot.html)"
66.249.66.210 - - [24/Nov/2022:06:45:08 +0100] "GET /images/big_prod_3/8445146027627E.jpg HTTP/1.0" 200 271 "-" "Googlebot-Image/1.0"
66.249.66.210 - - [24/Nov/2022:06:45:11 +0100] "GET /images/big_prod_1/8445146027627C.jpg HTTP/1.0" 200 271 "-" "Googlebot-Image/1.0"
66.249.66.210 - - [24/Nov/2022:06:45:14 +0100] "GET /images/big_prod_2/8445146027627D.jpg HTTP/1.0" 200 271 "-" "Googlebot-Image/1.0"
54.91.43.40 - - [24/Nov/2022:06:45:21 +0100] "GET /images/big_prod_1/4260082930527BB.jpg HTTP/1.0" 200 272 "-" "Mozilla/5.0 (X11; Ubuntu; Linux x86_64; rv:72.0) Gecko/20100101 Firefox/72.0"
185.191.171.9 - - [24/Nov/2022:06:45:20 +0100] "GET /-c-95_301.html HTTP/1.0" 200 72132 "-" "Mozilla/5.0 (compatible; SemrushBot/7~bl; +http://www.semrush.com/bot.html)"
66.249.66.210 - - [24/Nov/2022:06:45:38 +0100] "GET /placemat-little-prince-plane-p-53833.html HTTP/1.0" 200 75940 "-" "Mozilla/5.0 (compatible; Googlebot/2.1; +http://www.google.com/bot.html)"
216.244.66.242 - - [24/Nov/2022:06:45:39 +0100] "GET /panda-cushion-p-28911.html HTTP/1.0" 200 75939 "-" "Mozilla/5.0 (compatible; DotBot/1.2; +https://opensiteexplorer.org/dotbot; help@moz.com)"
185.191.171.43 - - [24/Nov/2022:06:45:47 +0100] "GET /decoration-pose-patinated-resin-circles-p-48842.html HTTP/1.0" 200 73416 "-" "Mozilla/5.0 (compatible; SemrushBot/7~bl; +http://www.semrush.com/bot.html)"
66.249.66.210 - - [24/Nov/2022:06:46:03 +0100] "GET /lamp-paint-pink-p-58411.html HTTP/1.0" 200 77219 "-" "Mozilla/5.0 (Linux; Android 6.0.1; Nexus 5X Build/MMB29P) AppleWebKit/537.36 (KHTML, like Gecko) Chrome/107.0.5304.110 Mobile Safari/537.36 (compatible; Googlebot/2.1; +http://www.google.com/bot.html)"
185.191.171.19 - - [24/Nov/2022:06:46:24 +0100] "GET /chakra-banner-p-47234.html HTTP/1.0" 200 76060 "-" "Mozilla/5.0 (compatible; SemrushBot/7~bl; +http://www.semrush.com/bot.html)"
185.191.171.37 - - [24/Nov/2022:06:46:28 +0100] "GET /sleeping-beauty-with-animals-disney-traditions-p-51163.html HTTP/1.0" 200 77479 "-" "Mozilla/5.0 (compatible; SemrushBot/7~bl; +http://www.semrush.com/bot.html)"
185.191.171.1 - - [24/Nov/2022:06:46:47 +0100] "GET /incense-lphant-rose-sandalwood-p-40372.html HTTP/1.0" 200 76184 "-" "Mozilla/5.0 (compatible; SemrushBot/7~bl; +http://www.semrush.com/bot.html)"
54.36.148.131 - - [24/Nov/2022:06:47:02 +0100] "GET /miss-miew-pinky-pink-p-42845.html HTTP/1.0" 200 76061 "-" "Mozilla/5.0 (compatible; AhrefsBot/7.0; +http://ahrefs.com/robot/)"
185.191.171.14 - - [24/Nov/2022:06:47:04 +0100] "GET /hearth-water-bottle-p-45231.html HTTP/1.0" 200 73338 "-" "Mozilla/5.0 (compatible; SemrushBot/7~bl; +http://www.semrush.com/bot.html)"
185.191.171.41 - - [24/Nov/2022:06:47:12 +0100] "GET /robots.txt HTTP/1.0" 200 245 "-" "Mozilla/5.0 (compatible; SemrushBot/7~bl; +http://www.semrush.com/bot.html)"
185.191.171.17 - - [24/Nov/2022:06:47:13 +0100] "GET /scented-votive-candle-chakra-p-55354.html HTTP/1.0" 200 73374 "-" "Mozilla/5.0 (compatible; SemrushBot/7~bl; +http://www.semrush.com/bot.html)"
185.191.171.34 - - [24/Nov/2022:06:47:41 +0100] "GET /placemat-little-prince-p-56251.html HTTP/1.0" 200 75913 "-" "Mozilla/5.0 (compatible; SemrushBot/7~bl; +http://www.semrush.com/bot.html)"
185.191.171.19 - - [24/Nov/2022:06:47:55 +0100] "GET /seagrass-basket-black-natural-p-58116.html HTTP/1.0" 200 76011 "-" "Mozilla/5.0 (compatible; SemrushBot/7~bl; +http://www.semrush.com/bot.html)"
66.249.66.212 - - [24/Nov/2022:06:48:05 +0100] "GET /images/big_prod_1/4250255859687a.jpg HTTP/1.0" 200 271 "-" "Googlebot-Image/1.0"
185.191.171.34 - - [24/Nov/2022:06:48:05 +0100] "GET /collection-plate-metal-vespa-gran-sport-p-16825.html HTTP/1.0" 200 76179 "-" "Mozilla/5.0 (compatible; SemrushBot/7~bl; +http://www.semrush.com/bot.html)"
103.194.111.6 - - [24/Nov/2022:06:48:17 +0100] "GET /images/mini_prod/5018997632260.jpg HTTP/1.0" 200 269 "-" "Mozilla/5.0 (X11; Ubuntu; Linux x86_64; rv:72.0) Gecko/20100101 Firefox/72.0"
185.191.171.38 - - [24/Nov/2022:06:48:15 +0100] "GET /large-decorative-wall-bottle-opener-p-58854.html HTTP/1.0" 200 76713 "-" "Mozilla/5.0 (compatible; SemrushBot/7~bl; +http://www.semrush.com/bot.html)"
185.191.171.19 - - [24/Nov/2022:06:48:19 +0100] "GET /little-buddha-magnet-yellow-p-50266.html HTTP/1.0" 200 73348 "-" "Mozilla/5.0 (compatible; SemrushBot/7~bl; +http://www.semrush.com/bot.html)"
185.191.171.20 - - [24/Nov/2022:06:48:31 +0100] "GET /tetsubin-brown-teapot-japanese-liter-p-41383.html HTTP/1.0" 200 73406 "-" "Mozilla/5.0 (compatible; SemrushBot/7~bl; +http://www.semrush.com/bot.html)"
185.191.171.5 - - [24/Nov/2022:06:48:39 +0100] "GET /magnetic-decoration-hourglass-p-59618.html?action=add_product HTTP/1.0" 302 476 "-" "Mozilla/5.0 (compatible; SemrushBot/7~bl; +http://www.semrush.com/bot.html)"
185.191.171.34 - - [24/Nov/2022:06:49:10 +0100] "GET /hook-weathered-surfboard-mtal-p-44436.html HTTP/1.0" 200 73384 "-" "Mozilla/5.0 (compatible; SemrushBot/7~bl; +http://www.semrush.com/bot.html)"
54.36.148.220 - - [24/Nov/2022:06:49:15 +0100] "GET /miss-miew-pinky-pink-p-42844.html HTTP/1.0" 200 76670 "-" "Mozilla/5.0 (compatible; AhrefsBot/7.0; +http://ahrefs.com/robot/)"
82.142.147.174 - - [24/Nov/2022:06:49:21 +0100] "GET /contact_us.php HTTP/1.0" 200 26241 "http://www.wonder-geek.com/contact_us.php" "Mozilla/5.0 (Windows NT 6.2; Win64; x64) AppleWebKit/537.36 (KHTML, like Gecko) Chrome/90.0.4430.72 Safari/537.36"
54.36.148.96 - - [24/Nov/2022:06:49:24 +0100] "GET /images/big_prod_1/4260082936086a.jpg HTTP/1.0" 200 271 "-" "Mozilla/5.0 (compatible; AhrefsBot/7.0; +http://ahrefs.com/robot/)"
185.191.171.35 - - [24/Nov/2022:06:49:25 +0100] "GET /household-linen-c-11.html?page=49 HTTP/1.0" 200 96392 "-" "Mozilla/5.0 (compatible; SemrushBot/7~bl; +http://www.semrush.com/bot.html)"
185.191.171.43 - - [24/Nov/2022:06:49:40 +0100] "GET /klimt-adult-apron-p-51193.html HTTP/1.0" 200 75834 "-" "Mozilla/5.0 (compatible; SemrushBot/7~bl; +http://www.semrush.com/bot.html)"
185.191.171.33 - - [24/Nov/2022:06:49:51 +0100] "GET /boxes-storage-c-13_150.html?page=21 HTTP/1.0" 200 96105 "-" "Mozilla/5.0 (compatible; SemrushBot/7~bl; +http://www.semrush.com/bot.html)"
51.68.224.127 - - [24/Nov/2022:06:50:20 +0100] "GET /adminweb/export_orders_xml.php?token=256de2z6edz6ed2z6DFSFsed2zed6zeDSFDSGdzedezfzf&maxorders=10&orderstart=1&status=14&start_date=2018-10-01 HTTP/1.0" 200 285 "-" "GesCom CharlotteBoutik Serveur"
51.68.224.127 - - [24/Nov/2022:06:50:20 +0100] "GET /adminweb/export_orders_xml.php?token=256de2z6edz6ed2z6DFSFsed2zed6zeDSFDSGdzedezfzf&maxorders=10&orderstart=1&status=6&start_date=2018-10-01 HTTP/1.0" 200 34006 "-" "GesCom CharlotteBoutik Serveur"
66.249.66.210 - - [24/Nov/2022:06:50:24 +0100] "GET /minions-lunchbox-p-33060.html HTTP/1.0" 200 73318 "-" "Mozilla/5.0 (Linux; Android 6.0.1; Nexus 5X Build/MMB29P) AppleWebKit/537.36 (KHTML, like Gecko) Chrome/107.0.5304.110 Mobile Safari/537.36 (compatible; Googlebot/2.1; +http://www.google.com/bot.html)"
185.191.171.24 - - [24/Nov/2022:06:50:25 +0100] "GET /ceramic-lamp-p-52766.html HTTP/1.0" 200 73314 "-" "Mozilla/5.0 (compatible; SemrushBot/7~bl; +http://www.semrush.com/bot.html)"
185.191.171.16 - - [24/Nov/2022:06:50:30 +0100] "GET /gold-black-elephant-table-lamp-p-54692.html HTTP/1.0" 200 76676 "-" "Mozilla/5.0 (compatible; SemrushBot/7~bl; +http://www.semrush.com/bot.html)"
185.191.171.7 - - [24/Nov/2022:06:51:19 +0100] "GET /patchouli-vanilla-melts-p-55226.html HTTP/1.0" 200 76846 "-" "Mozilla/5.0 (compatible; SemrushBot/7~bl; +http://www.semrush.com/bot.html)"
185.191.171.40 - - [24/Nov/2022:06:51:23 +0100] "GET /surf-rider-decorative-surfboard-p-46269.html HTTP/1.0" 200 73378 "-" "Mozilla/5.0 (compatible; SemrushBot/7~bl; +http://www.semrush.com/bot.html)"
54.36.148.52 - - [24/Nov/2022:06:51:25 +0100] "GET /fluffy-white-p-42848.html HTTP/1.0" 200 76027 "-" "Mozilla/5.0 (compatible; AhrefsBot/7.0; +http://ahrefs.com/robot/)"
185.191.171.11 - - [24/Nov/2022:06:51:27 +0100] "GET /cachepot-arty-white-ceramic-p-58376.html HTTP/1.0" 200 76771 "-" "Mozilla/5.0 (compatible; SemrushBot/7~bl; +http://www.semrush.com/bot.html)"
185.191.171.17 - - [24/Nov/2022:06:51:31 +0100] "GET /-p-34871.html HTTP/1.0" 200 73264 "-" "Mozilla/5.0 (compatible; SemrushBot/7~bl; +http://www.semrush.com/bot.html)"
185.191.171.20 - - [24/Nov/2022:06:51:35 +0100] "GET /taurus-decorative-statue-p-48874.html HTTP/1.0" 200 76823 "-" "Mozilla/5.0 (compatible; SemrushBot/7~bl; +http://www.semrush.com/bot.html)"
185.191.171.38 - - [24/Nov/2022:06:52:37 +0100] "GET /raving-rabbids-cushion-p-27534.html HTTP/1.0" 200 73342 "-" "Mozilla/5.0 (compatible; SemrushBot/7~bl; +http://www.semrush.com/bot.html)"
66.249.66.210 - - [24/Nov/2022:06:52:43 +0100] "GET /apro-wall-decor-p-58468.html HTTP/1.0" 200 76738 "-" "Mozilla/5.0 (Linux; Android 6.0.1; Nexus 5X Build/MMB29P) AppleWebKit/537.36 (KHTML, like Gecko) Chrome/107.0.5304.110 Mobile Safari/537.36 (compatible; Googlebot/2.1; +http://www.google.com/bot.html)"
185.191.171.15 - - [24/Nov/2022:06:52:47 +0100] "GET /skull-sailor-moneybox-grey-p-32590.html HTTP/1.0" 200 75918 "-" "Mozilla/5.0 (compatible; SemrushBot/7~bl; +http://www.semrush.com/bot.html)"
54.36.149.22 - - [24/Nov/2022:06:52:55 +0100] "GET /globe-in-liege-p-49447.html HTTP/1.0" 301 76550 "-" "Mozilla/5.0 (compatible; AhrefsBot/7.0; +http://ahrefs.com/robot/)"
185.191.171.8 - - [24/Nov/2022:06:52:57 +0100] "GET /shower-curtain-c-11_168.html?page=2 HTTP/1.0" 200 92316 "-" "Mozilla/5.0 (compatible; SemrushBot/7~bl; +http://www.semrush.com/bot.html)"
185.191.171.40 - - [24/Nov/2022:06:53:15 +0100] "GET /dragon-wooden-wall-decoration-p-46795.html HTTP/1.0" 200 76014 "-" "Mozilla/5.0 (compatible; SemrushBot/7~bl; +http://www.semrush.com/bot.html)"
54.36.148.203 - - [24/Nov/2022:06:53:34 +0100] "GET /pink-p-42846.html HTTP/1.0" 200 76567 "-" "Mozilla/5.0 (compatible; AhrefsBot/7.0; +http://ahrefs.com/robot/)"
185.191.171.40 - - [24/Nov/2022:06:53:36 +0100] "GET /models-replicas-c-4_140.html?page=1 HTTP/1.0" 200 88545 "-" "Mozilla/5.0 (compatible; SemrushBot/7~bl; +http://www.semrush.com/bot.html)"
66.249.66.210 - - [24/Nov/2022:06:53:54 +0100] "GET /images/big_prod_1/4029811422531B.jpg HTTP/1.0" 200 271 "-" "Googlebot-Image/1.0"
66.249.66.210 - - [24/Nov/2022:06:53:55 +0100] "GET /images/big_prod_2/4029811422531C.jpg HTTP/1.0" 200 271 "-" "Googlebot-Image/1.0"
66.249.76.46 - - [24/Nov/2022:06:53:57 +0100] "GET /buddha-statue-polyresin-p-36730.html HTTP/1.0" 200 73358 "-" "Mozilla/5.0 (compatible; Googlebot/2.1; +http://www.google.com/bot.html)"
185.191.171.44 - - [24/Nov/2022:06:54:32 +0100] "GET /mini-motsu-keel-toys-plush-p-46185.html HTTP/1.0" 200 73385 "-" "Mozilla/5.0 (compatible; SemrushBot/7~bl; +http://www.semrush.com/bot.html)"
185.191.171.25 - - [24/Nov/2022:06:54:52 +0100] "GET /flower-life-boxes-mango-wood-p-57338.html HTTP/1.0" 200 77288 "-" "Mozilla/5.0 (compatible; SemrushBot/7~bl; +http://www.semrush.com/bot.html)"
185.191.171.1 - - [24/Nov/2022:06:55:05 +0100] "GET /schleich-peanuts-charlie-brown-p-35079.html HTTP/1.0" 200 76134 "-" "Mozilla/5.0 (compatible; SemrushBot/7~bl; +http://www.semrush.com/bot.html)"
185.191.171.6 - - [24/Nov/2022:06:55:17 +0100] "GET /-p-11413.html HTTP/1.0" 200 73264 "-" "Mozilla/5.0 (compatible; SemrushBot/7~bl; +http://www.semrush.com/bot.html)"
185.191.171.11 - - [24/Nov/2022:06:55:36 +0100] "GET /soft-toys-security-blanket-c-4_46.html HTTP/1.0" 200 94028 "-" "Mozilla/5.0 (compatible; SemrushBot/7~bl; +http://www.semrush.com/bot.html)"
54.36.148.96 - - [24/Nov/2022:06:55:43 +0100] "GET /areu-table-lamp-silver-metal-p-54593.html HTTP/1.0" 200 76634 "-" "Mozilla/5.0 (compatible; AhrefsBot/7.0; +http://ahrefs.com/robot/)"
42.194.230.87 - - [24/Nov/2022:06:55:54 +0100] "GET /images/mini_prod/3700276874486.jpg HTTP/1.0" 200 269 "-" "Mozilla/5.0 (X11; Ubuntu; Linux x86_64; rv:72.0) Gecko/20100101 Firefox/72.0"
185.191.171.11 - - [24/Nov/2022:06:55:53 +0100] "GET /support-metal-bottle-napoleon-p-42091.html HTTP/1.0" 200 76008 "-" "Mozilla/5.0 (compatible; SemrushBot/7~bl; +http://www.semrush.com/bot.html)"
185.191.171.7 - - [24/Nov/2022:06:56:33 +0100] "GET /water-lily-travel-thermos-with-metal-infuser-p-55009.html HTTP/1.0" 200 77008 "-" "Mozilla/5.0 (compatible; SemrushBot/7~bl; +http://www.semrush.com/bot.html)"
185.191.171.34 - - [24/Nov/2022:06:56:37 +0100] "GET /heart-home-guardian-angel-candle-p-59011.html HTTP/1.0" 200 77303 "-" "Mozilla/5.0 (compatible; SemrushBot/7~bl; +http://www.semrush.com/bot.html)"
66.249.66.210 - - [24/Nov/2022:06:56:49 +0100] "GET /mini-melamine-tray-p-55845.html HTTP/1.0" 200 75958 "-" "Mozilla/5.0 (compatible; Googlebot/2.1; +http://www.google.com/bot.html)"
185.191.171.1 - - [24/Nov/2022:06:57:04 +0100] "GET /nici-plush-collection-bubble-bunny-p-35157.html HTTP/1.0" 200 82846 "-" "Mozilla/5.0 (compatible; SemrushBot/7~bl; +http://www.semrush.com/bot.html)"
185.191.171.34 - - [24/Nov/2022:06:57:21 +0100] "GET /kimmidoll-keyring-kazuko-p-42468.html HTTP/1.0" 200 73336 "-" "Mozilla/5.0 (compatible; SemrushBot/7~bl; +http://www.semrush.com/bot.html)"
185.191.171.2 - - [24/Nov/2022:06:57:25 +0100] "GET /sacha-hammered-ceramic-cover-black-p-55338.html HTTP/1.0" 200 73398 "-" "Mozilla/5.0 (compatible; SemrushBot/7~bl; +http://www.semrush.com/bot.html)"
185.191.171.39 - - [24/Nov/2022:06:57:29 +0100] "GET /black-fitted-sheet-p-34830.html HTTP/1.0" 200 76528 "-" "Mozilla/5.0 (compatible; SemrushBot/7~bl; +http://www.semrush.com/bot.html)"
185.191.171.3 - - [24/Nov/2022:06:57:57 +0100] "GET /unicorn-white-clock-p-50128.html HTTP/1.0" 200 73330 "-" "Mozilla/5.0 (compatible; SemrushBot/7~bl; +http://www.semrush.com/bot.html)"
185.191.171.7 - - [24/Nov/2022:06:58:02 +0100] "GET /piggy-bank-p-47726.html HTTP/1.0" 200 73302 "-" "Mozilla/5.0 (compatible; SemrushBot/7~bl; +http://www.semrush.com/bot.html)"
54.36.148.131 - - [24/Nov/2022:06:58:06 +0100] "GET /resin-pendulum-allen-p-44572.html HTTP/1.0" 200 75989 "-" "Mozilla/5.0 (compatible; AhrefsBot/7.0; +http://ahrefs.com/robot/)"
66.249.66.210 - - [24/Nov/2022:06:58:37 +0100] "GET /images/270607_001746_PEEL_G78R4h.jpg HTTP/1.0" 200 271 "-" "Googlebot-Image/1.0"
185.191.171.40 - - [24/Nov/2022:06:58:51 +0100] "GET /cache-natural-wood-p-59158.html HTTP/1.0" 200 76970 "-" "Mozilla/5.0 (compatible; SemrushBot/7~bl; +http://www.semrush.com/bot.html)"
81.71.100.192 - - [24/Nov/2022:06:59:21 +0100] "GET /images/mini_prod/Image91.jpg HTTP/1.0" 200 263 "-" "Mozilla/5.0 (X11; Ubuntu; Linux x86_64; rv:72.0) Gecko/20100101 Firefox/72.0"
185.191.171.33 - - [24/Nov/2022:06:59:09 +0100] "GET /household-linen-c-11.html?page=14 HTTP/1.0" 200 95699 "-" "Mozilla/5.0 (compatible; SemrushBot/7~bl; +http://www.semrush.com/bot.html)"
185.191.171.36 - - [24/Nov/2022:06:59:39 +0100] "GET /keyrings-c-3_52.html?page=15 HTTP/1.0" 200 91084 "-" "Mozilla/5.0 (compatible; SemrushBot/7~bl; +http://www.semrush.com/bot.html)"
66.249.66.210 - - [24/Nov/2022:06:59:56 +0100] "GET /images/big_prod/3453131117197.jpg HTTP/1.0" 200 268 "-" "Googlebot-Image/1.0"
185.191.171.24 - - [24/Nov/2022:07:00:11 +0100] "GET /cotton-apron-owlet-allen-designs-p-56807.html HTTP/1.0" 200 76718 "-" "Mozilla/5.0 (compatible; SemrushBot/7~bl; +http://www.semrush.com/bot.html)"
54.36.148.109 - - [24/Nov/2022:07:00:20 +0100] "GET /corse-little-tray-p-29479.html HTTP/1.0" 200 75907 "-" "Mozilla/5.0 (compatible; AhrefsBot/7.0; +http://ahrefs.com/robot/)"
185.191.171.3 - - [24/Nov/2022:07:00:26 +0100] "GET /gentleman-whiskey-glass-p-54792.html HTTP/1.0" 200 76488 "-" "Mozilla/5.0 (compatible; SemrushBot/7~bl; +http://www.semrush.com/bot.html)"
66.249.66.210 - - [24/Nov/2022:07:00:45 +0100] "GET /cushion-cover-toucan-p-51899.html HTTP/1.0" 200 76729 "-" "Mozilla/5.0 (Linux; Android 6.0.1; Nexus 5X Build/MMB29P) AppleWebKit/537.36 (KHTML, like Gecko) Chrome/107.0.5304.110 Mobile Safari/537.36 (compatible; Googlebot/2.1; +http://www.google.com/bot.html)"
185.191.171.37 - - [24/Nov/2022:07:01:08 +0100] "GET /disney-collection-anna-polystone-bust-p-28257.html HTTP/1.0" 200 76187 "-" "Mozilla/5.0 (compatible; SemrushBot/7~bl; +http://www.semrush.com/bot.html)"
185.191.171.24 - - [24/Nov/2022:07:01:20 +0100] "GET /-p-45884.html HTTP/1.0" 200 73264 "-" "Mozilla/5.0 (compatible; SemrushBot/7~bl; +http://www.semrush.com/bot.html)"
185.191.171.3 - - [24/Nov/2022:07:01:24 +0100] "GET /home-decoration-c-13.html?page=203 HTTP/1.0" 200 95888 "-" "Mozilla/5.0 (compatible; SemrushBot/7~bl; +http://www.semrush.com/bot.html)"
185.191.171.42 - - [24/Nov/2022:07:01:43 +0100] "GET /ethnic-lamp-p-37493.html HTTP/1.0" 200 73310 "-" "Mozilla/5.0 (compatible; SemrushBot/7~bl; +http://www.semrush.com/bot.html)"
66.249.66.210 - - [24/Nov/2022:07:02:02 +0100] "GET /little-buddha-resin-money-green-p-56377.html HTTP/1.0" 200 76598 "-" "Mozilla/5.0 (compatible; Googlebot/2.1; +http://www.google.com/bot.html)"
185.191.171.8 - - [24/Nov/2022:07:02:17 +0100] "GET /large-brown-rhinoceros-statue-p-48276.html HTTP/1.0" 200 76078 "-" "Mozilla/5.0 (compatible; SemrushBot/7~bl; +http://www.semrush.com/bot.html)"
17.121.115.52 - - [24/Nov/2022:07:02:38 +0100] "GET /images/big_prod_2/8424001747870C.jpg HTTP/1.0" 200 271 "-" "Mozilla/5.0 (Macintosh; Intel Mac OS X 10_15_5) AppleWebKit/605.1.15 (KHTML, like Gecko) Version/13.1.1 Safari/605.1.15 (Applebot/0.1; +http://www.apple.com/go/applebot)"
54.36.148.53 - - [24/Nov/2022:07:02:41 +0100] "GET /bamboo-stainless-steel-piece-barbecue-p-48876.html HTTP/1.0" 200 77014 "-" "Mozilla/5.0 (compatible; AhrefsBot/7.0; +http://ahrefs.com/robot/)"
185.191.171.6 - - [24/Nov/2022:07:03:12 +0100] "GET /gorjuss-large-coated-accessory-case-pastel-pattern-print-toads-p-34746.html HTTP/1.0" 200 77010 "-" "Mozilla/5.0 (compatible; SemrushBot/7~bl; +http://www.semrush.com/bot.html)"
66.249.66.210 - - [24/Nov/2022:07:03:12 +0100] "GET /rock-little-mirror-p-8846.html HTTP/1.0" 200 75993 "-" "Mozilla/5.0 (Linux; Android 6.0.1; Nexus 5X Build/MMB29P) AppleWebKit/537.36 (KHTML, like Gecko) Chrome/107.0.5304.110 Mobile Safari/537.36 (compatible; Googlebot/2.1; +http://www.google.com/bot.html)"
151.81.198.190 - - [24/Nov/2022:07:03:27 +0100] "GET /templates/Pixame_v1/stylesheet.css HTTP/1.0" 200 267 "http://www.wonder-geek.com/kimmidoll-mizuyo-jewelry-p-31948.html" "Mozilla/5.0 (Linux; Android 12; CPH2065) AppleWebKit/537.36 (KHTML, like Gecko) Chrome/107.0.0.0 Mobile Safari/537.36"
151.81.198.190 - - [24/Nov/2022:07:03:27 +0100] "GET /highslide/highslide.js HTTP/1.0" 200 262 "http://www.wonder-geek.com/kimmidoll-mizuyo-jewelry-p-31948.html" "Mozilla/5.0 (Linux; Android 12; CPH2065) AppleWebKit/537.36 (KHTML, like Gecko) Chrome/107.0.0.0 Mobile Safari/537.36"
151.81.198.190 - - [24/Nov/2022:07:03:27 +0100] "GET /js/jquery.jqzoom.js HTTP/1.0" 200 259 "http://www.wonder-geek.com/kimmidoll-mizuyo-jewelry-p-31948.html" "Mozilla/5.0 (Linux; Android 12; CPH2065) AppleWebKit/537.36 (KHTML, like Gecko) Chrome/107.0.0.0 Mobile Safari/537.36"
151.81.198.190 - - [24/Nov/2022:07:03:27 +0100] "GET /js/jquery.js HTTP/1.0" 200 252 "http://www.wonder-geek.com/kimmidoll-mizuyo-jewelry-p-31948.html" "Mozilla/5.0 (Linux; Android 12; CPH2065) AppleWebKit/537.36 (KHTML, like Gecko) Chrome/107.0.0.0 Mobile Safari/537.36"
151.81.198.190 - - [24/Nov/2022:07:03:27 +0100] "GET /mondial_relay/js/jquery-1.3.2.min.js HTTP/1.0" 200 276 "http://www.wonder-geek.com/kimmidoll-mizuyo-jewelry-p-31948.html" "Mozilla/5.0 (Linux; Android 12; CPH2065) AppleWebKit/537.36 (KHTML, like Gecko) Chrome/107.0.0.0 Mobile Safari/537.36"
151.81.198.190 - - [24/Nov/2022:07:03:27 +0100] "GET /swfobject.js HTTP/1.0" 404 1308 "http://www.wonder-geek.com/kimmidoll-mizuyo-jewelry-p-31948.html" "Mozilla/5.0 (Linux; Android 12; CPH2065) AppleWebKit/537.36 (KHTML, like Gecko) Chrome/107.0.0.0 Mobile Safari/537.36"
151.81.198.190 - - [24/Nov/2022:07:03:27 +0100] "GET /templates/Pixame_v1/images/icon_accueil2.png HTTP/1.0" 200 278 "http://www.wonder-geek.com/kimmidoll-mizuyo-jewelry-p-31948.html" "Mozilla/5.0 (Linux; Android 12; CPH2065) AppleWebKit/537.36 (KHTML, like Gecko) Chrome/107.0.0.0 Mobile Safari/537.36"
151.81.198.190 - - [24/Nov/2022:07:03:27 +0100] "GET /templates/Pixame_v1/images/pixel_trans.gif HTTP/1.0" 200 328 "http://www.wonder-geek.com/kimmidoll-mizuyo-jewelry-p-31948.html" "Mozilla/5.0 (Linux; Android 12; CPH2065) AppleWebKit/537.36 (KHTML, like Gecko) Chrome/107.0.0.0 Mobile Safari/537.36"
151.81.198.190 - - [24/Nov/2022:07:03:27 +0100] "GET /templates/Pixame_v1/images/infobox/pixel_trans.gif HTTP/1.0" 200 328 "http://www.wonder-geek.com/kimmidoll-mizuyo-jewelry-p-31948.html" "Mozilla/5.0 (Linux; Android 12; CPH2065) AppleWebKit/537.36 (KHTML, like Gecko) Chrome/107.0.0.0 Mobile Safari/537.36"
151.81.198.190 - - [24/Nov/2022:07:03:27 +0100] "GET /images/pixel_trans.gif HTTP/1.0" 200 328 "http://www.wonder-geek.com/kimmidoll-mizuyo-jewelry-p-31948.html" "Mozilla/5.0 (Linux; Android 12; CPH2065) AppleWebKit/537.36 (KHTML, like Gecko) Chrome/107.0.0.0 Mobile Safari/537.36"
151.81.198.190 - - [24/Nov/2022:07:03:27 +0100] "GET /templates/Pixame_v1/images/Middle_texture.jpg HTTP/1.0" 200 280 "http://www.wonder-geek.com/templates/Pixame_v1/stylesheet.css" "Mozilla/5.0 (Linux; Android 12; CPH2065) AppleWebKit/537.36 (KHTML, like Gecko) Chrome/107.0.0.0 Mobile Safari/537.36"
151.81.198.190 - - [24/Nov/2022:07:03:27 +0100] "GET /templates/Pixame_v1/images/header.png HTTP/1.0" 200 271 "http://www.wonder-geek.com/templates/Pixame_v1/stylesheet.css" "Mozilla/5.0 (Linux; Android 12; CPH2065) AppleWebKit/537.36 (KHTML, like Gecko) Chrome/107.0.0.0 Mobile Safari/537.36"
151.81.198.190 - - [24/Nov/2022:07:03:27 +0100] "GET /templates/Pixame_v1/images/Bottom_texture.jpg HTTP/1.0" 200 280 "http://www.wonder-geek.com/templates/Pixame_v1/stylesheet.css" "Mozilla/5.0 (Linux; Android 12; CPH2065) AppleWebKit/537.36 (KHTML, like Gecko) Chrome/107.0.0.0 Mobile Safari/537.36"
151.81.198.190 - - [24/Nov/2022:07:03:27 +0100] "GET /templates/Pixame_v1/images/header-object.png HTTP/1.0" 200 278 "http://www.wonder-geek.com/templates/Pixame_v1/stylesheet.css" "Mozilla/5.0 (Linux; Android 12; CPH2065) AppleWebKit/537.36 (KHTML, like Gecko) Chrome/107.0.0.0 Mobile Safari/537.36"
151.81.198.190 - - [24/Nov/2022:07:03:27 +0100] "GET /templates/Pixame_v1/images/nav.png HTTP/1.0" 200 268 "http://www.wonder-geek.com/templates/Pixame_v1/stylesheet.css" "Mozilla/5.0 (Linux; Android 12; CPH2065) AppleWebKit/537.36 (KHTML, like Gecko) Chrome/107.0.0.0 Mobile Safari/537.36"
151.81.198.190 - - [24/Nov/2022:07:03:28 +0100] "GET /templates/Pixame_v1/images/infobox/infobox_footer_middle.gif HTTP/1.0" 200 357 "http://www.wonder-geek.com/kimmidoll-mizuyo-jewelry-p-31948.html" "Mozilla/5.0 (Linux; Android 12; CPH2065) AppleWebKit/537.36 (KHTML, like Gecko) Chrome/107.0.0.0 Mobile Safari/537.36"
151.81.198.190 - - [24/Nov/2022:07:03:28 +0100] "GET /design/productsenstock.png HTTP/1.0" 200 260 "http://www.wonder-geek.com/templates/Pixame_v1/stylesheet.css" "Mozilla/5.0 (Linux; Android 12; CPH2065) AppleWebKit/537.36 (KHTML, like Gecko) Chrome/107.0.0.0 Mobile Safari/537.36"
151.81.198.190 - - [24/Nov/2022:07:03:25 +0100] "GET /kimmidoll-mizuyo-jewelry-p-31948.html HTTP/1.0" 200 76121 "-" "Mozilla/5.0 (Linux; Android 12; CPH2065) AppleWebKit/537.36 (KHTML, like Gecko) Chrome/107.0.0.0 Mobile Safari/537.36"
151.81.198.190 - - [24/Nov/2022:07:03:28 +0100] "GET /images/med_prod/9316188042826.jpg HTTP/1.0" 200 268 "http://www.wonder-geek.com/kimmidoll-mizuyo-jewelry-p-31948.html" "Mozilla/5.0 (Linux; Android 12; CPH2065) AppleWebKit/537.36 (KHTML, like Gecko) Chrome/107.0.0.0 Mobile Safari/537.36"
151.81.198.190 - - [24/Nov/2022:07:03:28 +0100] "GET /highslide/graphics/zoomin.cur HTTP/1.0" 200 614 "http://www.wonder-geek.com/templates/Pixame_v1/stylesheet.css" "Mozilla/5.0 (Linux; Android 12; CPH2065) AppleWebKit/537.36 (KHTML, like Gecko) Chrome/107.0.0.0 Mobile Safari/537.36"
151.81.198.190 - - [24/Nov/2022:07:03:28 +0100] "GET /templates/Pixame_v1/images/buttons/english/button_in_cart.gif HTTP/1.0" 200 295 "http://www.wonder-geek.com/kimmidoll-mizuyo-jewelry-p-31948.html" "Mozilla/5.0 (Linux; Android 12; CPH2065) AppleWebKit/537.36 (KHTML, like Gecko) Chrome/107.0.0.0 Mobile Safari/537.36"
151.81.198.190 - - [24/Nov/2022:07:03:28 +0100] "GET /highslide/graphics/outlines/drop-shadow.png HTTP/1.0" 200 277 "http://www.wonder-geek.com/kimmidoll-mizuyo-jewelry-p-31948.html" "Mozilla/5.0 (Linux; Android 12; CPH2065) AppleWebKit/537.36 (KHTML, like Gecko) Chrome/107.0.0.0 Mobile Safari/537.36"
151.81.198.190 - - [24/Nov/2022:07:03:28 +0100] "GET /highslide/graphics/zoomout.cur HTTP/1.0" 200 614 "http://www.wonder-geek.com/kimmidoll-mizuyo-jewelry-p-31948.html" "Mozilla/5.0 (Linux; Android 12; CPH2065) AppleWebKit/537.36 (KHTML, like Gecko) Chrome/107.0.0.0 Mobile Safari/537.36"
151.81.198.190 - - [24/Nov/2022:07:03:28 +0100] "GET /highslide/graphics/loader.white.gif HTTP/1.0" 200 960 "http://www.wonder-geek.com/templates/Pixame_v1/stylesheet.css" "Mozilla/5.0 (Linux; Android 12; CPH2065) AppleWebKit/537.36 (KHTML, like Gecko) Chrome/107.0.0.0 Mobile Safari/537.36"
151.81.198.190 - - [24/Nov/2022:07:03:28 +0100] "GET /favicon.ico HTTP/1.0" 200 260 "http://www.wonder-geek.com/kimmidoll-mizuyo-jewelry-p-31948.html" "Mozilla/5.0 (Linux; Android 12; CPH2065) AppleWebKit/537.36 (KHTML, like Gecko) Chrome/107.0.0.0 Mobile Safari/537.36"
185.191.171.8 - - [24/Nov/2022:07:03:44 +0100] "GET /woven-natural-black-palm-leaves-p-59142.html HTTP/1.0" 200 76884 "-" "Mozilla/5.0 (compatible; SemrushBot/7~bl; +http://www.semrush.com/bot.html)"
88.117.51.56 - - [24/Nov/2022:07:04:29 +0100] "GET /images/mini_prod/5018997618431.jpg HTTP/1.0" 200 269 "-" "Mozilla/5.0 (X11; Ubuntu; Linux x86_64; rv:72.0) Gecko/20100101 Firefox/72.0"
66.249.66.210 - - [24/Nov/2022:07:04:30 +0100] "GET /images/big_prod/4036113633046.jpg HTTP/1.0" 200 268 "-" "Googlebot-Image/1.0"
185.191.171.14 - - [24/Nov/2022:07:04:34 +0100] "GET /pinocchio-figure-collection-britto-p-52404.html HTTP/1.0" 200 77782 "-" "Mozilla/5.0 (compatible; SemrushBot/7~bl; +http://www.semrush.com/bot.html)"
54.36.148.155 - - [24/Nov/2022:07:04:51 +0100] "GET /happy-hermann-cable-cover-made-germany-p-56887.html HTTP/1.0" 200 78624 "-" "Mozilla/5.0 (compatible; AhrefsBot/7.0; +http://ahrefs.com/robot/)"
185.191.171.39 - - [24/Nov/2022:07:04:52 +0100] "GET /cats-surf-small-mini-tray-p-45581.html HTTP/1.0" 200 73362 "-" "Mozilla/5.0 (compatible; SemrushBot/7~bl; +http://www.semrush.com/bot.html)"
185.191.171.4 - - [24/Nov/2022:07:04:55 +0100] "GET /this-that-cheshire-figurine-p-54992.html HTTP/1.0" 200 77475 "-" "Mozilla/5.0 (compatible; SemrushBot/7~bl; +http://www.semrush.com/bot.html)"
185.191.171.23 - - [24/Nov/2022:07:04:58 +0100] "GET /incense-burner-sticks-cones-yoga-tree-p-44270.html HTTP/1.0" 200 76068 "-" "Mozilla/5.0 (compatible; SemrushBot/7~bl; +http://www.semrush.com/bot.html)"
66.249.66.212 - - [24/Nov/2022:07:05:03 +0100] "GET /friends-ariel-with-flounder-figurine-p-37450.html HTTP/1.0" 200 77368 "-" "Mozilla/5.0 (Linux; Android 6.0.1; Nexus 5X Build/MMB29P) AppleWebKit/537.36 (KHTML, like Gecko) Chrome/107.0.5304.110 Mobile Safari/537.36 (compatible; Googlebot/2.1; +http://www.google.com/bot.html)"
185.191.171.17 - - [24/Nov/2022:07:05:18 +0100] "GET /crystal-salt-lamp-sphere-grey-p-48663.html HTTP/1.0" 200 73370 "-" "Mozilla/5.0 (compatible; SemrushBot/7~bl; +http://www.semrush.com/bot.html)"
185.191.171.9 - - [24/Nov/2022:07:05:36 +0100] "GET /thinker-statue-deep-contemplation-rodin-p-43680.html HTTP/1.0" 200 76848 "-" "Mozilla/5.0 (compatible; SemrushBot/7~bl; +http://www.semrush.com/bot.html)"
66.249.66.212 - - [24/Nov/2022:07:05:38 +0100] "GET /fragrance-sachet-cerulean-p-40546.html HTTP/1.0" 200 76621 "-" "Mozilla/5.0 (compatible; Googlebot/2.1; +http://www.google.com/bot.html)"
185.191.171.5 - - [24/Nov/2022:07:05:48 +0100] "GET /white-floor-lamp-gold-patinated-metal-transportable-p-55087.html HTTP/1.0" 200 76888 "-" "Mozilla/5.0 (compatible; SemrushBot/7~bl; +http://www.semrush.com/bot.html)"
185.191.171.37 - - [24/Nov/2022:07:05:53 +0100] "GET /sticker-windows-chakra-p-48351.html HTTP/1.0" 200 75964 "-" "Mozilla/5.0 (compatible; SemrushBot/7~bl; +http://www.semrush.com/bot.html)"
34.134.48.59 - - [24/Nov/2022:07:06:01 +0100] "GET / HTTP/1.0" 301 511 "-" "Mozilla/5.0 (X11; Linux x86_64) AppleWebKit/537.36 (KHTML, like Gecko) Chrome/110.0.0.0 Safari/537.36"
185.191.171.8 - - [24/Nov/2022:07:06:00 +0100] "GET /pugsley-keel-toys-plush-unicorn-light-pink-p-46897.html HTTP/1.0" 200 76206 "-" "Mozilla/5.0 (compatible; SemrushBot/7~bl; +http://www.semrush.com/bot.html)"
34.134.48.59 - - [24/Nov/2022:07:06:02 +0100] "GET / HTTP/1.0" 200 152402 "-" "Mozilla/5.0 (X11; Linux x86_64) AppleWebKit/537.36 (KHTML, like Gecko) Chrome/110.0.0.0 Safari/537.36"
34.134.48.59 - - [24/Nov/2022:07:06:06 +0100] "GET /templates/Pixame_v1/stylesheet.css HTTP/1.0" 200 267 "http://www.wonder-geek.com/" "Mozilla/5.0 (X11; Linux x86_64) AppleWebKit/537.36 (KHTML, like Gecko) Chrome/110.0.0.0 Safari/537.36"
34.134.48.59 - - [24/Nov/2022:07:06:06 +0100] "GET /highslide/highslide.js HTTP/1.0" 200 262 "http://www.wonder-geek.com/" "Mozilla/5.0 (X11; Linux x86_64) AppleWebKit/537.36 (KHTML, like Gecko) Chrome/110.0.0.0 Safari/537.36"
34.134.48.59 - - [24/Nov/2022:07:06:06 +0100] "GET /js/jquery.js HTTP/1.0" 200 252 "http://www.wonder-geek.com/" "Mozilla/5.0 (X11; Linux x86_64) AppleWebKit/537.36 (KHTML, like Gecko) Chrome/110.0.0.0 Safari/537.36"
34.134.48.59 - - [24/Nov/2022:07:06:07 +0100] "GET /js/jquery.jqzoom.js HTTP/1.0" 200 259 "http://www.wonder-geek.com/" "Mozilla/5.0 (X11; Linux x86_64) AppleWebKit/537.36 (KHTML, like Gecko) Chrome/110.0.0.0 Safari/537.36"
34.134.48.59 - - [24/Nov/2022:07:06:07 +0100] "GET /mondial_relay/js/jquery-1.3.2.min.js HTTP/1.0" 200 276 "http://www.wonder-geek.com/" "Mozilla/5.0 (X11; Linux x86_64) AppleWebKit/537.36 (KHTML, like Gecko) Chrome/110.0.0.0 Safari/537.36"
34.134.48.59 - - [24/Nov/2022:07:06:08 +0100] "GET /swfobject.js HTTP/1.0" 404 1308 "http://www.wonder-geek.com/" "Mozilla/5.0 (X11; Linux x86_64) AppleWebKit/537.36 (KHTML, like Gecko) Chrome/110.0.0.0 Safari/537.36"
34.134.48.59 - - [24/Nov/2022:07:06:08 +0100] "GET /js/jquery.min.js HTTP/1.0" 404 1308 "http://www.wonder-geek.com/" "Mozilla/5.0 (X11; Linux x86_64) AppleWebKit/537.36 (KHTML, like Gecko) Chrome/110.0.0.0 Safari/537.36"
34.134.48.59 - - [24/Nov/2022:07:06:09 +0100] "GET /js/modernizr-transitions.js HTTP/1.0" 200 267 "http://www.wonder-geek.com/" "Mozilla/5.0 (X11; Linux x86_64) AppleWebKit/537.36 (KHTML, like Gecko) Chrome/110.0.0.0 Safari/537.36"
34.134.48.59 - - [24/Nov/2022:07:06:09 +0100] "GET /js/jquery.masonry.min.js HTTP/1.0" 200 264 "http://www.wonder-geek.com/" "Mozilla/5.0 (X11; Linux x86_64) AppleWebKit/537.36 (KHTML, like Gecko) Chrome/110.0.0.0 Safari/537.36"
34.134.48.59 - - [24/Nov/2022:07:06:10 +0100] "GET /templates/Pixame_v1/images/Bottom_texture.jpg HTTP/1.0" 200 280 "http://www.wonder-geek.com/templates/Pixame_v1/stylesheet.css" "Mozilla/5.0 (X11; Linux x86_64) AppleWebKit/537.36 (KHTML, like Gecko) Chrome/110.0.0.0 Safari/537.36"
34.134.48.59 - - [24/Nov/2022:07:06:10 +0100] "GET /templates/Pixame_v1/images/Middle_texture.jpg HTTP/1.0" 200 280 "http://www.wonder-geek.com/templates/Pixame_v1/stylesheet.css" "Mozilla/5.0 (X11; Linux x86_64) AppleWebKit/537.36 (KHTML, like Gecko) Chrome/110.0.0.0 Safari/537.36"
185.191.171.5 - - [24/Nov/2022:07:06:09 +0100] "GET /incense-burner-brass-charcoal-incense-sticks-dark-p-46635.html HTTP/1.0" 200 76461 "-" "Mozilla/5.0 (compatible; SemrushBot/7~bl; +http://www.semrush.com/bot.html)"
34.134.48.59 - - [24/Nov/2022:07:06:11 +0100] "GET /templates/Pixame_v1/images/header.png HTTP/1.0" 200 271 "http://www.wonder-geek.com/templates/Pixame_v1/stylesheet.css" "Mozilla/5.0 (X11; Linux x86_64) AppleWebKit/537.36 (KHTML, like Gecko) Chrome/110.0.0.0 Safari/537.36"
34.134.48.59 - - [24/Nov/2022:07:06:11 +0100] "GET /templates/Pixame_v1/images/header-object.png HTTP/1.0" 200 278 "http://www.wonder-geek.com/templates/Pixame_v1/stylesheet.css" "Mozilla/5.0 (X11; Linux x86_64) AppleWebKit/537.36 (KHTML, like Gecko) Chrome/110.0.0.0 Safari/537.36"
34.134.48.59 - - [24/Nov/2022:07:06:13 +0100] "GET /templates/Pixame_v1/images/nav.png HTTP/1.0" 200 268 "http://www.wonder-geek.com/templates/Pixame_v1/stylesheet.css" "Mozilla/5.0 (X11; Linux x86_64) AppleWebKit/537.36 (KHTML, like Gecko) Chrome/110.0.0.0 Safari/537.36"
34.134.48.59 - - [24/Nov/2022:07:06:13 +0100] "GET /design/productsenstock.png HTTP/1.0" 200 260 "http://www.wonder-geek.com/templates/Pixame_v1/stylesheet.css" "Mozilla/5.0 (X11; Linux x86_64) AppleWebKit/537.36 (KHTML, like Gecko) Chrome/110.0.0.0 Safari/537.36"
34.134.48.59 - - [24/Nov/2022:07:06:13 +0100] "GET /images/pixel_trans.gif HTTP/1.0" 200 328 "http://www.wonder-geek.com/" "Mozilla/5.0 (X11; Linux x86_64) AppleWebKit/537.36 (KHTML, like Gecko) Chrome/110.0.0.0 Safari/537.36"
185.191.171.26 - - [24/Nov/2022:07:06:36 +0100] "GET /harley-davidson-lighter-p-37648.html HTTP/1.0" 200 76372 "-" "Mozilla/5.0 (compatible; SemrushBot/7~bl; +http://www.semrush.com/bot.html)"
51.68.224.127 - - [24/Nov/2022:07:06:52 +0100] "GET /adminweb/export_orders_xml.php?token=256de2z6edz6ed2z6DFSFsed2zed6zeDSFDSGdzedezfzf&maxorders=10&orderstart=1&status=14&start_date=2018-10-01 HTTP/1.0" 200 285 "-" "GesCom CharlotteBoutik Serveur"
51.68.224.127 - - [24/Nov/2022:07:06:52 +0100] "GET /adminweb/export_orders_xml.php?token=256de2z6edz6ed2z6DFSFsed2zed6zeDSFDSGdzedezfzf&maxorders=10&orderstart=1&status=6&start_date=2018-10-01 HTTP/1.0" 200 34006 "-" "GesCom CharlotteBoutik Serveur"
54.36.148.228 - - [24/Nov/2022:07:06:53 +0100] "GET /small-money-bank-chameleon-p-58463.html HTTP/1.0" 200 76784 "-" "Mozilla/5.0 (compatible; AhrefsBot/7.0; +http://ahrefs.com/robot/)"
54.36.149.12 - - [24/Nov/2022:07:07:01 +0100] "GET /images/big_prod_1/3520071847870B.jpg HTTP/1.0" 200 271 "-" "Mozilla/5.0 (compatible; AhrefsBot/7.0; +http://ahrefs.com/robot/)"
54.36.148.98 - - [24/Nov/2022:07:07:04 +0100] "GET /images/big_prod/3520071847870A.jpg HTTP/1.0" 200 269 "-" "Mozilla/5.0 (compatible; AhrefsBot/7.0; +http://ahrefs.com/robot/)"
185.191.171.5 - - [24/Nov/2022:07:07:09 +0100] "GET /cushion-cover-ethnik-p-49953.html HTTP/1.0" 200 73342 "-" "Mozilla/5.0 (compatible; SemrushBot/7~bl; +http://www.semrush.com/bot.html)"
185.191.171.3 - - [24/Nov/2022:07:07:20 +0100] "GET /games-toys-c-4.html?page=23 HTTP/1.0" 200 93939 "-" "Mozilla/5.0 (compatible; SemrushBot/7~bl; +http://www.semrush.com/bot.html)"
185.191.171.1 - - [24/Nov/2022:07:07:34 +0100] "GET /bamboo-floor-lamp-p-55488.html HTTP/1.0" 200 73322 "-" "Mozilla/5.0 (compatible; SemrushBot/7~bl; +http://www.semrush.com/bot.html)"
66.249.66.210 - - [24/Nov/2022:07:07:53 +0100] "GET /flowers-doormat-p-58307.html HTTP/1.0" 200 76600 "-" "Mozilla/5.0 (Linux; Android 6.0.1; Nexus 5X Build/MMB29P) AppleWebKit/537.36 (KHTML, like Gecko) Chrome/107.0.5304.110 Mobile Safari/537.36 (compatible; Googlebot/2.1; +http://www.google.com/bot.html)"
185.191.171.16 - - [24/Nov/2022:07:08:12 +0100] "GET /little-panda-moneybox-p-48273.html HTTP/1.0" 200 73384 "-" "Mozilla/5.0 (compatible; SemrushBot/7~bl; +http://www.semrush.com/bot.html)"
185.191.171.24 - - [24/Nov/2022:07:08:48 +0100] "GET /mugs-mazagrans-c-12_57.html?page=23 HTTP/1.0" 200 98114 "-" "Mozilla/5.0 (compatible; SemrushBot/7~bl; +http://www.semrush.com/bot.html)"
66.249.66.212 - - [24/Nov/2022:07:09:03 +0100] "GET /tweety-money-p-8589.html HTTP/1.0" 200 75933 "-" "Mozilla/5.0 (Linux; Android 6.0.1; Nexus 5X Build/MMB29P) AppleWebKit/537.36 (KHTML, like Gecko) Chrome/107.0.5304.110 Mobile Safari/537.36 (compatible; Googlebot/2.1; +http://www.google.com/bot.html)"
54.36.148.221 - - [24/Nov/2022:07:09:04 +0100] "GET /ceramic-lamp-p-51791.html HTTP/1.0" 200 76715 "-" "Mozilla/5.0 (compatible; AhrefsBot/7.0; +http://ahrefs.com/robot/)"
185.191.171.41 - - [24/Nov/2022:07:09:10 +0100] "GET /figurines-statuettes-statues-decoration-collection-c-292.html?page=26 HTTP/1.0" 200 97785 "-" "Mozilla/5.0 (compatible; SemrushBot/7~bl; +http://www.semrush.com/bot.html)"
185.191.171.6 - - [24/Nov/2022:07:09:14 +0100] "GET /-p-39603.html HTTP/1.0" 200 73264 "-" "Mozilla/5.0 (compatible; SemrushBot/7~bl; +http://www.semrush.com/bot.html)"
185.191.171.35 - - [24/Nov/2022:07:09:20 +0100] "GET /-p-40047.html HTTP/1.0" 200 73264 "-" "Mozilla/5.0 (compatible; SemrushBot/7~bl; +http://www.semrush.com/bot.html)"
185.191.171.21 - - [24/Nov/2022:07:09:38 +0100] "GET /provence-soap-marseille-soap-p-39422.html HTTP/1.0" 200 76274 "-" "Mozilla/5.0 (compatible; SemrushBot/7~bl; +http://www.semrush.com/bot.html)"
185.191.171.25 - - [24/Nov/2022:07:09:41 +0100] "GET /vintage-black-telephone-clock-p-55993.html HTTP/1.0" 200 76709 "-" "Mozilla/5.0 (compatible; SemrushBot/7~bl; +http://www.semrush.com/bot.html)"
185.191.171.36 - - [24/Nov/2022:07:09:50 +0100] "GET /lyna-naturel-bedclothes-p-46232.html HTTP/1.0" 200 73346 "-" "Mozilla/5.0 (compatible; SemrushBot/7~bl; +http://www.semrush.com/bot.html)"
185.191.171.1 - - [24/Nov/2022:07:09:53 +0100] "GET /gund-mini-sound-plush-grey-p-36875.html HTTP/1.0" 200 73370 "-" "Mozilla/5.0 (compatible; SemrushBot/7~bl; +http://www.semrush.com/bot.html)"
185.191.171.40 - - [24/Nov/2022:07:09:56 +0100] "GET /ultrasonic-diffuser-norah-p-57373.html HTTP/1.0" 200 77171 "-" "Mozilla/5.0 (compatible; SemrushBot/7~bl; +http://www.semrush.com/bot.html)"
185.191.171.1 - - [24/Nov/2022:07:09:59 +0100] "GET /hats-caps-c-1_44.html?page=2 HTTP/1.0" 200 87293 "-" "Mozilla/5.0 (compatible; SemrushBot/7~bl; +http://www.semrush.com/bot.html)"
66.249.66.210 - - [24/Nov/2022:07:10:04 +0100] "GET /images/big_prod_1/8718375753262a.jpg HTTP/1.0" 200 271 "-" "Googlebot-Image/1.0"
66.249.66.210 - - [24/Nov/2022:07:10:05 +0100] "GET /images/big_prod/1284220071982.jpg HTTP/1.0" 200 268 "-" "Googlebot-Image/1.0"
185.191.171.6 - - [24/Nov/2022:07:10:31 +0100] "GET /decorative-ball-silver-resin-p-57069.html HTTP/1.0" 200 76655 "-" "Mozilla/5.0 (compatible; SemrushBot/7~bl; +http://www.semrush.com/bot.html)"
185.191.171.3 - - [24/Nov/2022:07:10:35 +0100] "GET /american-fireman-resin-figure-p-34232.html HTTP/1.0" 200 76021 "-" "Mozilla/5.0 (compatible; SemrushBot/7~bl; +http://www.semrush.com/bot.html)"
17.121.113.142 - - [24/Nov/2022:07:10:52 +0100] "GET /boho-indian-pouch-tree-life-p-42923.html HTTP/1.0" 200 73394 "-" "Mozilla/5.0 (Macintosh; Intel Mac OS X 10_15_5) AppleWebKit/605.1.15 (KHTML, like Gecko) Version/13.1.1 Safari/605.1.15 (Applebot/0.1; +http://www.apple.com/go/applebot)"
66.249.66.210 - - [24/Nov/2022:07:10:59 +0100] "GET /sacred-heart-mary-prayer-candle-novena-p-58234.html HTTP/1.0" 200 76791 "-" "Mozilla/5.0 (Linux; Android 6.0.1; Nexus 5X Build/MMB29P) AppleWebKit/537.36 (KHTML, like Gecko) Chrome/107.0.5304.110 Mobile Safari/537.36 (compatible; Googlebot/2.1; +http://www.google.com/bot.html)"
54.36.149.26 - - [24/Nov/2022:07:11:17 +0100] "GET /areu-table-lamp-gold-metal-p-54594.html HTTP/1.0" 200 76819 "-" "Mozilla/5.0 (compatible; AhrefsBot/7.0; +http://ahrefs.com/robot/)"
185.191.171.24 - - [24/Nov/2022:07:11:26 +0100] "GET /wears-helmet-coat-rack-p-55946.html HTTP/1.0" 200 76578 "-" "Mozilla/5.0 (compatible; SemrushBot/7~bl; +http://www.semrush.com/bot.html)"
185.191.171.20 - - [24/Nov/2022:07:11:35 +0100] "GET /chess-pieces-under-glass-bell-p-51115.html HTTP/1.0" 200 73386 "-" "Mozilla/5.0 (compatible; SemrushBot/7~bl; +http://www.semrush.com/bot.html)"
185.191.171.23 - - [24/Nov/2022:07:11:59 +0100] "GET /statuette-family-monkeys-gilded-resin-p-55130.html HTTP/1.0" 200 73426 "-" "Mozilla/5.0 (compatible; SemrushBot/7~bl; +http://www.semrush.com/bot.html)"
66.249.66.214 - - [24/Nov/2022:07:12:14 +0100] "GET /cotton-napkin-sold-individually-p-51264.html HTTP/1.0" 200 76067 "-" "Mozilla/5.0 (compatible; Googlebot/2.1; +http://www.google.com/bot.html)"
185.191.171.5 - - [24/Nov/2022:07:12:16 +0100] "GET /bamboo-black-tray-p-48014.html HTTP/1.0" 200 73322 "-" "Mozilla/5.0 (compatible; SemrushBot/7~bl; +http://www.semrush.com/bot.html)"
