95.163.255.138 - - [24/Nov/2022:05:32:38 +0100] "GET /images/3585190179035.jpg HTTP/1.0" 200 259 "http://wonder-geek.com/images/3585190179035.jpg" "Mozilla/5.0 (compatible; Linux x86_64; Mail.RU_Bot/Img/2.0; +https://help.mail.ru/webmaster/indexing/robots)"
185.191.171.7 - - [24/Nov/2022:05:32:41 +0100] "GET /ballerina-statue-collection-p-48960.html HTTP/1.0" 200 73374 "-" "Mozilla/5.0 (compatible; SemrushBot/7~bl; +http://www.semrush.com/bot.html)"
213.202.230.56 - - [24/Nov/2022:05:32:51 +0100] "GET /images/mini_prod/5701359740948.jpg HTTP/1.0" 200 269 "-" "Mozilla/5.0 (X11; Ubuntu; Linux x86_64; rv:72.0) Gecko/20100101 Firefox/72.0"
114.119.145.65 - - [24/Nov/2022:05:32:59 +0100] "GET /industrial-pouf-storage-large-size-only-p-45098.html HTTP/1.0" 200 73486 "http://www.wonder-geek.com/home-decoration-c-13.html?page=245" "Mozilla/5.0 (Linux; Android 7.0;) AppleWebKit/537.36 (KHTML, like Gecko) Mobile Safari/537.36 (compatible; PetalBot;+https://webmaster.petalsearch.com/site/petalbot)"
185.191.171.38 - - [24/Nov/2022:05:33:00 +0100] "GET /cheshire-alice-figurine-figurine-p-41983.html HTTP/1.0" 200 73398 "-" "Mozilla/5.0 (compatible; SemrushBot/7~bl; +http://www.semrush.com/bot.html)"
185.191.171.21 - - [24/Nov/2022:05:33:06 +0100] "GET /lighting-c-13_86.html?page=29 HTTP/1.0" 200 90498 "-" "Mozilla/5.0 (compatible; SemrushBot/7~bl; +http://www.semrush.com/bot.html)"
185.191.171.14 - - [24/Nov/2022:05:33:16 +0100] "GET /decorative-turttle-statue-p-53807.html HTTP/1.0" 200 76057 "-" "Mozilla/5.0 (compatible; SemrushBot/7~bl; +http://www.semrush.com/bot.html)"
54.36.149.44 - - [24/Nov/2022:05:34:22 +0100] "GET /table-lamp-white-wood-p-41369.html HTTP/1.0" 200 76040 "-" "Mozilla/5.0 (compatible; AhrefsBot/7.0; +http://ahrefs.com/robot/)"
185.191.171.15 - - [24/Nov/2022:05:34:34 +0100] "GET /large-resin-statue-buddha-head-p-56035.html HTTP/1.0" 200 77105 "-" "Mozilla/5.0 (compatible; SemrushBot/7~bl; +http://www.semrush.com/bot.html)"
185.191.171.14 - - [24/Nov/2022:05:34:40 +0100] "GET /-p-59242.html HTTP/1.0" 200 73264 "-" "Mozilla/5.0 (compatible; SemrushBot/7~bl; +http://www.semrush.com/bot.html)"
185.191.171.40 - - [24/Nov/2022:05:34:50 +0100] "GET /london-p-20082.html HTTP/1.0" 200 73294 "-" "Mozilla/5.0 (compatible; SemrushBot/7~bl; +http://www.semrush.com/bot.html)"
62.201.220.50 - - [24/Nov/2022:05:35:09 +0100] "GET /contact_us.php HTTP/1.0" 200 26241 "http://www.wonder-geek.com/contact_us.php" "Mozilla/5.0 (Windows NT 6.1; Win64; x64) AppleWebKit/537.36 (KHTML, like Gecko) Chrome/90.0.4430.85 Safari/537.36"
62.201.220.50 - - [24/Nov/2022:05:35:09 +0100] "POST /contact_us.php?action=send HTTP/1.0" 200 26487 "http://www.wonder-geek.com/contact_us.php" "Mozilla/5.0 (Windows NT 6.1; Win64; x64) AppleWebKit/537.36 (KHTML, like Gecko) Chrome/90.0.4430.85 Safari/537.36"
185.191.171.3 - - [24/Nov/2022:05:35:15 +0100] "GET /provence-enamelled-ring-p-43605.html HTTP/1.0" 200 75952 "-" "Mozilla/5.0 (compatible; SemrushBot/7~bl; +http://www.semrush.com/bot.html)"
185.191.171.13 - - [24/Nov/2022:05:35:19 +0100] "GET /heart-home-large-candle-hours-mulberry-p-58942.html HTTP/1.0" 200 78073 "-" "Mozilla/5.0 (compatible; SemrushBot/7~bl; +http://www.semrush.com/bot.html)"
42.194.235.210 - - [24/Nov/2022:05:35:25 +0100] "GET /images/mini_prod/5028486153565.jpg HTTP/1.0" 200 269 "-" "Mozilla/5.0 (X11; Ubuntu; Linux x86_64; rv:72.0) Gecko/20100101 Firefox/72.0"
66.249.66.210 - - [24/Nov/2022:05:35:29 +0100] "GET /images/9316188041751.jpg HTTP/1.0" 200 259 "-" "Googlebot-Image/1.0"
66.249.66.210 - - [24/Nov/2022:05:35:30 +0100] "GET /images/8421440076011.jpg HTTP/1.0" 200 259 "-" "Googlebot-Image/1.0"
185.191.171.2 - - [24/Nov/2022:05:35:50 +0100] "GET /-p-38518.html HTTP/1.0" 200 73264 "-" "Mozilla/5.0 (compatible; SemrushBot/7~bl; +http://www.semrush.com/bot.html)"
185.191.171.26 - - [24/Nov/2022:05:35:53 +0100] "GET /black-beige-sandstone-vase-p-57643.html HTTP/1.0" 200 76612 "-" "Mozilla/5.0 (compatible; SemrushBot/7~bl; +http://www.semrush.com/bot.html)"
66.249.66.210 - - [24/Nov/2022:05:36:05 +0100] "GET /images/big_prod/8442649086755.jpg HTTP/1.0" 200 268 "-" "Googlebot-Image/1.0"
185.191.171.39 - - [24/Nov/2022:05:36:25 +0100] "GET /microfibre-base-cover-light-brown-p-47977.html HTTP/1.0" 200 73396 "-" "Mozilla/5.0 (compatible; SemrushBot/7~bl; +http://www.semrush.com/bot.html)"
185.191.171.4 - - [24/Nov/2022:05:36:28 +0100] "GET /ethnic-decorative-tray-p-46090.html HTTP/1.0" 200 76835 "-" "Mozilla/5.0 (compatible; SemrushBot/7~bl; +http://www.semrush.com/bot.html)"
185.191.171.23 - - [24/Nov/2022:05:36:31 +0100] "GET /glass-cutting-board-cbkreation-p-51293.html HTTP/1.0" 200 75970 "-" "Mozilla/5.0 (compatible; SemrushBot/7~bl; +http://www.semrush.com/bot.html)"
54.36.148.110 - - [24/Nov/2022:05:36:37 +0100] "GET /toucan-p-56854.html HTTP/1.0" 200 76527 "-" "Mozilla/5.0 (compatible; AhrefsBot/7.0; +http://ahrefs.com/robot/)"
185.191.171.11 - - [24/Nov/2022:05:36:40 +0100] "GET /retro-style-coffee-picerie-traditionnelle-p-57201.html HTTP/1.0" 200 76965 "-" "Mozilla/5.0 (compatible; SemrushBot/7~bl; +http://www.semrush.com/bot.html)"
185.191.171.1 - - [24/Nov/2022:05:37:07 +0100] "GET /scented-votive-candle-chakra-p-55355.html HTTP/1.0" 200 73374 "-" "Mozilla/5.0 (compatible; SemrushBot/7~bl; +http://www.semrush.com/bot.html)"
185.191.171.2 - - [24/Nov/2022:05:37:25 +0100] "GET /speed-master-glass-clock-p-55081.html HTTP/1.0" 200 76044 "-" "Mozilla/5.0 (compatible; SemrushBot/7~bl; +http://www.semrush.com/bot.html)"
185.191.171.26 - - [24/Nov/2022:05:38:21 +0100] "GET /-p-19149.html HTTP/1.0" 200 73264 "-" "Mozilla/5.0 (compatible; SemrushBot/7~bl; +http://www.semrush.com/bot.html)"
185.191.171.14 - - [24/Nov/2022:05:38:35 +0100] "GET /dubout-cats-tote-papillon-p-47163.html HTTP/1.0" 200 76014 "-" "Mozilla/5.0 (compatible; SemrushBot/7~bl; +http://www.semrush.com/bot.html)"
185.191.171.19 - - [24/Nov/2022:05:38:39 +0100] "GET /home-decoration-c-13.html?page=304 HTTP/1.0" 200 93872 "-" "Mozilla/5.0 (compatible; SemrushBot/7~bl; +http://www.semrush.com/bot.html)"
42.194.215.216 - - [24/Nov/2022:05:38:47 +0100] "GET /images/mini_prod/3700653501219.jpg HTTP/1.0" 200 269 "-" "Mozilla/5.0 (X11; Ubuntu; Linux x86_64; rv:72.0) Gecko/20100101 Firefox/72.0"
54.36.148.158 - - [24/Nov/2022:05:38:55 +0100] "GET /grey-acdc-zippo-lighter-p-51922.html HTTP/1.0" 200 76865 "-" "Mozilla/5.0 (compatible; AhrefsBot/7.0; +http://ahrefs.com/robot/)"
66.249.66.210 - - [24/Nov/2022:05:38:57 +0100] "GET /boxes-and-storage-box-c-13_150.html?page=2 HTTP/1.0" 301 97598 "-" "Mozilla/5.0 (Linux; Android 6.0.1; Nexus 5X Build/MMB29P) AppleWebKit/537.36 (KHTML, like Gecko) Chrome/107.0.5304.110 Mobile Safari/537.36 (compatible; Googlebot/2.1; +http://www.google.com/bot.html)"
66.249.66.212 - - [24/Nov/2022:05:38:59 +0100] "GET /boxes-storage-c-150.html?page=2 HTTP/1.0" 301 97478 "-" "Mozilla/5.0 (Linux; Android 6.0.1; Nexus 5X Build/MMB29P) AppleWebKit/537.36 (KHTML, like Gecko) Chrome/107.0.5304.110 Mobile Safari/537.36 (compatible; Googlebot/2.1; +http://www.google.com/bot.html)"
66.249.66.210 - - [24/Nov/2022:05:39:01 +0100] "GET /boxes-storage-c-13_150.html?page=2 HTTP/1.0" 200 97513 "-" "Mozilla/5.0 (Linux; Android 6.0.1; Nexus 5X Build/MMB29P) AppleWebKit/537.36 (KHTML, like Gecko) Chrome/107.0.5304.110 Mobile Safari/537.36 (compatible; Googlebot/2.1; +http://www.google.com/bot.html)"
66.249.66.210 - - [24/Nov/2022:05:39:07 +0100] "GET /js/jquery.min.js HTTP/1.0" 404 1308 "http://www.wonder-geek.com/boxes-storage-c-13_150.html?page=2" "Mozilla/5.0 (Linux; Android 6.0.1; Nexus 5X Build/MMB29P) AppleWebKit/537.36 (KHTML, like Gecko) Chrome/106.0.5249.119 Mobile Safari/537.36 (compatible; Googlebot/2.1; +http://www.google.com/bot.html)"
185.191.171.13 - - [24/Nov/2022:05:39:09 +0100] "GET /florialys-fragrance-provence-patchouli-scent-bergamot-p-48497.html HTTP/1.0" 200 73422 "-" "Mozilla/5.0 (compatible; SemrushBot/7~bl; +http://www.semrush.com/bot.html)"
66.249.66.210 - - [24/Nov/2022:05:39:10 +0100] "GET /london-shoulder-p-10997.html HTTP/1.0" 200 76173 "-" "Mozilla/5.0 (Linux; Android 6.0.1; Nexus 5X Build/MMB29P) AppleWebKit/537.36 (KHTML, like Gecko) Chrome/107.0.5304.110 Mobile Safari/537.36 (compatible; Googlebot/2.1; +http://www.google.com/bot.html)"
185.191.171.15 - - [24/Nov/2022:05:39:26 +0100] "GET /bagshandbags-shoulder-bags-c-31_81.html?page=7 HTTP/1.0" 200 99824 "-" "Mozilla/5.0 (compatible; SemrushBot/7~bl; +http://www.semrush.com/bot.html)"
66.249.66.210 - - [24/Nov/2022:05:39:34 +0100] "GET /images/big_prod/5051276213521.jpg HTTP/1.0" 200 268 "-" "Googlebot-Image/1.0"
185.191.171.2 - - [24/Nov/2022:05:39:50 +0100] "GET /beer-capsule-coasters-p-52929.html HTTP/1.0" 200 75906 "-" "Mozilla/5.0 (compatible; SemrushBot/7~bl; +http://www.semrush.com/bot.html)"
185.191.171.20 - - [24/Nov/2022:05:40:08 +0100] "GET /ceramic-dish-p-45516.html HTTP/1.0" 200 75844 "-" "Mozilla/5.0 (compatible; SemrushBot/7~bl; +http://www.semrush.com/bot.html)"
185.191.171.15 - - [24/Nov/2022:05:40:26 +0100] "GET /nippon-doll-portfolio-p-27069.html HTTP/1.0" 200 76207 "-" "Mozilla/5.0 (compatible; SemrushBot/7~bl; +http://www.semrush.com/bot.html)"
185.191.171.4 - - [24/Nov/2022:05:40:31 +0100] "GET /coco-koala-night-light-p-55382.html HTTP/1.0" 200 77376 "-" "Mozilla/5.0 (compatible; SemrushBot/7~bl; +http://www.semrush.com/bot.html)"
185.191.171.25 - - [24/Nov/2022:05:40:34 +0100] "GET /-p-39691.html HTTP/1.0" 200 73264 "-" "Mozilla/5.0 (compatible; SemrushBot/7~bl; +http://www.semrush.com/bot.html)"
185.191.171.25 - - [24/Nov/2022:05:40:38 +0100] "GET /wall-decoration-beer-capsule-collector-p-58610.html HTTP/1.0" 200 76919 "-" "Mozilla/5.0 (compatible; SemrushBot/7~bl; +http://www.semrush.com/bot.html)"
185.191.171.1 - - [24/Nov/2022:05:40:42 +0100] "GET /robots.txt HTTP/1.0" 200 245 "-" "Mozilla/5.0 (compatible; SemrushBot/7~bl; +http://www.semrush.com/bot.html)"
185.191.171.6 - - [24/Nov/2022:05:40:40 +0100] "GET /camargue-metal-rests-flat-p-47891.html HTTP/1.0" 200 75904 "-" "Mozilla/5.0 (compatible; SemrushBot/7~bl; +http://www.semrush.com/bot.html)"
185.191.171.40 - - [24/Nov/2022:05:40:44 +0100] "GET /iphone-silicone-bleue-shell-audiocassette-p-18940.html HTTP/1.0" 200 79322 "-" "Mozilla/5.0 (compatible; SemrushBot/7~bl; +http://www.semrush.com/bot.html)"
147.92.153.18 - - [24/Nov/2022:05:40:49 +0100] "GET /furniture-knob-sold-individually-p-55976.html HTTP/1.0" 200 76678 "-" "Mozilla/5.0 (compatible; Linespider/1.1; +https://lin.ee/4dwXkTH)"
185.191.171.41 - - [24/Nov/2022:05:40:54 +0100] "GET /small-solitaire-teapot-cushion-p-53850.html HTTP/1.0" 200 73386 "-" "Mozilla/5.0 (compatible; SemrushBot/7~bl; +http://www.semrush.com/bot.html)"
54.36.149.16 - - [24/Nov/2022:05:41:08 +0100] "GET /figurine-scorcerer-mickey-p-53352.html HTTP/1.0" 200 77569 "-" "Mozilla/5.0 (compatible; AhrefsBot/7.0; +http://ahrefs.com/robot/)"
185.191.171.21 - - [24/Nov/2022:05:41:12 +0100] "GET /kooks-saucer-p-59038.html HTTP/1.0" 200 76539 "-" "Mozilla/5.0 (compatible; SemrushBot/7~bl; +http://www.semrush.com/bot.html)"
185.191.171.19 - - [24/Nov/2022:05:41:24 +0100] "GET /decorative-wooden-plate-entre-interdite-rleurs-p-47816.html HTTP/1.0" 200 76397 "-" "Mozilla/5.0 (compatible; SemrushBot/7~bl; +http://www.semrush.com/bot.html)"
185.191.171.22 - - [24/Nov/2022:05:42:26 +0100] "GET /happy-panda-bedclothes-p-44235.html HTTP/1.0" 200 76710 "-" "Mozilla/5.0 (compatible; SemrushBot/7~bl; +http://www.semrush.com/bot.html)"
185.191.171.9 - - [24/Nov/2022:05:42:31 +0100] "GET /flower-joris-collection-p-54679.html HTTP/1.0" 200 73378 "-" "Mozilla/5.0 (compatible; SemrushBot/7~bl; +http://www.semrush.com/bot.html)"
66.249.66.214 - - [24/Nov/2022:05:43:00 +0100] "GET /pizza-scooter-p-37829.html HTTP/1.0" 200 76427 "-" "Mozilla/5.0 (compatible; Googlebot/2.1; +http://www.google.com/bot.html)"
66.249.66.212 - - [24/Nov/2022:05:43:04 +0100] "GET /moneybox-with-digital-screen-p-53005.html HTTP/1.0" 200 75995 "-" "Mozilla/5.0 (Linux; Android 6.0.1; Nexus 5X Build/MMB29P) AppleWebKit/537.36 (KHTML, like Gecko) Chrome/107.0.5304.110 Mobile Safari/537.36 (compatible; Googlebot/2.1; +http://www.google.com/bot.html)"
185.191.171.19 - - [24/Nov/2022:05:43:08 +0100] "GET /butterfly-wall-decoration-yellow-p-48802.html HTTP/1.0" 200 76067 "-" "Mozilla/5.0 (compatible; SemrushBot/7~bl; +http://www.semrush.com/bot.html)"
185.191.171.5 - - [24/Nov/2022:05:43:17 +0100] "GET /brass-bell-with-wooden-handle-p-56646.html HTTP/1.0" 200 76612 "-" "Mozilla/5.0 (compatible; SemrushBot/7~bl; +http://www.semrush.com/bot.html)"
54.36.148.115 - - [24/Nov/2022:05:43:23 +0100] "GET /christmas-snow-white-dopey-figurine-p-45635.html HTTP/1.0" 200 77535 "-" "Mozilla/5.0 (compatible; AhrefsBot/7.0; +http://ahrefs.com/robot/)"
185.191.171.2 - - [24/Nov/2022:05:43:26 +0100] "GET /products_new.php?page=18 HTTP/1.0" 200 92146 "-" "Mozilla/5.0 (compatible; SemrushBot/7~bl; +http://www.semrush.com/bot.html)"
185.191.171.26 - - [24/Nov/2022:05:43:30 +0100] "GET /stars-teapot-p-55245.html HTTP/1.0" 200 73326 "-" "Mozilla/5.0 (compatible; SemrushBot/7~bl; +http://www.semrush.com/bot.html)"
51.68.224.127 - - [24/Nov/2022:05:43:50 +0100] "GET /adminweb/export_orders_xml.php?token=256de2z6edz6ed2z6DFSFsed2zed6zeDSFDSGdzedezfzf&maxorders=10&orderstart=1&status=14&start_date=2018-10-01 HTTP/1.0" 200 285 "-" "GesCom CharlotteBoutik Serveur"
51.68.224.127 - - [24/Nov/2022:05:43:50 +0100] "GET /adminweb/export_orders_xml.php?token=256de2z6edz6ed2z6DFSFsed2zed6zeDSFDSGdzedezfzf&maxorders=10&orderstart=1&status=6&start_date=2018-10-01 HTTP/1.0" 200 34006 "-" "GesCom CharlotteBoutik Serveur"
185.191.171.15 - - [24/Nov/2022:05:44:39 +0100] "GET /bamboo-fiber-plant-cover-p-57471.html HTTP/1.0" 200 76540 "-" "Mozilla/5.0 (compatible; SemrushBot/7~bl; +http://www.semrush.com/bot.html)"
185.191.171.1 - - [24/Nov/2022:05:44:42 +0100] "GET /-p-24326.html HTTP/1.0" 200 73264 "-" "Mozilla/5.0 (compatible; SemrushBot/7~bl; +http://www.semrush.com/bot.html)"
185.191.171.5 - - [24/Nov/2022:05:44:47 +0100] "GET /grey-metal-umbrella-stand-p-58133.html HTTP/1.0" 200 76880 "-" "Mozilla/5.0 (compatible; SemrushBot/7~bl; +http://www.semrush.com/bot.html)"
185.191.171.42 - - [24/Nov/2022:05:44:55 +0100] "GET /cupcake-cupcake-display-gold-table-decoration-p-42208.html HTTP/1.0" 200 76237 "-" "Mozilla/5.0 (compatible; SemrushBot/7~bl; +http://www.semrush.com/bot.html)"
185.191.171.17 - - [24/Nov/2022:05:44:58 +0100] "GET /-p-43506.html HTTP/1.0" 200 73264 "-" "Mozilla/5.0 (compatible; SemrushBot/7~bl; +http://www.semrush.com/bot.html)"
185.191.171.26 - - [24/Nov/2022:05:45:01 +0100] "GET /-p-48776.html HTTP/1.0" 200 73264 "-" "Mozilla/5.0 (compatible; SemrushBot/7~bl; +http://www.semrush.com/bot.html)"
185.191.171.40 - - [24/Nov/2022:05:45:16 +0100] "GET /vintage-clock-p-40516.html HTTP/1.0" 200 73332 "-" "Mozilla/5.0 (compatible; SemrushBot/7~bl; +http://www.semrush.com/bot.html)"
185.191.171.20 - - [24/Nov/2022:05:45:34 +0100] "GET /cotton-towel-retro-style-p-43992.html HTTP/1.0" 200 75922 "-" "Mozilla/5.0 (compatible; SemrushBot/7~bl; +http://www.semrush.com/bot.html)"
54.36.148.107 - - [24/Nov/2022:05:45:40 +0100] "GET /heart-home-friendly-stick-diffuser-vanilla-rosewood-p-52807.html HTTP/1.0" 200 77148 "-" "Mozilla/5.0 (compatible; AhrefsBot/7.0; +http://ahrefs.com/robot/)"
66.249.66.210 - - [24/Nov/2022:05:46:36 +0100] "GET /images/big_prod/1300000021371.jpg HTTP/1.0" 200 268 "-" "Googlebot-Image/1.0"
185.191.171.13 - - [24/Nov/2022:05:46:39 +0100] "GET /-p-25059.html HTTP/1.0" 200 73264 "-" "Mozilla/5.0 (compatible; SemrushBot/7~bl; +http://www.semrush.com/bot.html)"
185.191.171.16 - - [24/Nov/2022:05:47:04 +0100] "GET /disney-frozen-olaf-large-p-31219.html HTTP/1.0" 200 73358 "-" "Mozilla/5.0 (compatible; SemrushBot/7~bl; +http://www.semrush.com/bot.html)"
66.249.66.210 - - [24/Nov/2022:05:47:12 +0100] "GET /little-prince-isothermic-stainless-steel-bottle-p-55793.html HTTP/1.0" 200 76800 "-" "Mozilla/5.0 (Linux; Android 6.0.1; Nexus 5X Build/MMB29P) AppleWebKit/537.36 (KHTML, like Gecko) Chrome/107.0.5304.110 Mobile Safari/537.36 (compatible; Googlebot/2.1; +http://www.google.com/bot.html)"
185.191.171.42 - - [24/Nov/2022:05:47:30 +0100] "GET /gremlins-stripe-shirt-p-29583.html HTTP/1.0" 200 77311 "-" "Mozilla/5.0 (compatible; SemrushBot/7~bl; +http://www.semrush.com/bot.html)"
66.249.66.210 - - [24/Nov/2022:05:47:33 +0100] "GET /everyone-dream-rapunzel-musical-p-36262.html HTTP/1.0" 200 76635 "-" "Mozilla/5.0 (compatible; Googlebot/2.1; +http://www.google.com/bot.html)"
207.46.13.186 - - [24/Nov/2022:05:47:38 +0100] "GET /paul-frank-blue-computer-bag-p-6062.html HTTP/1.0" 301 76908 "-" "Mozilla/5.0 (compatible; bingbot/2.0; +http://www.bing.com/bingbot.htm)"
216.244.66.242 - - [24/Nov/2022:05:47:40 +0100] "GET /images/1399984249000.jpg HTTP/1.0" 200 259 "-" "Mozilla/5.0 (compatible; DotBot/1.2; +https://opensiteexplorer.org/dotbot; help@moz.com)"
216.244.66.242 - - [24/Nov/2022:05:47:45 +0100] "GET /images/1399984249604.jpg HTTP/1.0" 200 259 "-" "Mozilla/5.0 (compatible; DotBot/1.2; +https://opensiteexplorer.org/dotbot; help@moz.com)"
216.244.66.242 - - [24/Nov/2022:05:47:49 +0100] "GET /images/1399984254998.jpg HTTP/1.0" 200 259 "-" "Mozilla/5.0 (compatible; DotBot/1.2; +https://opensiteexplorer.org/dotbot; help@moz.com)"
185.191.171.21 - - [24/Nov/2022:05:47:51 +0100] "GET /pink-aquaducks-duck-bath-swims-quacks-p-34990.html HTTP/1.0" 200 76541 "-" "Mozilla/5.0 (compatible; SemrushBot/7~bl; +http://www.semrush.com/bot.html)"
216.244.66.242 - - [24/Nov/2022:05:47:53 +0100] "GET /images/3700057117641.jpg HTTP/1.0" 200 259 "-" "Mozilla/5.0 (compatible; DotBot/1.2; +https://opensiteexplorer.org/dotbot; help@moz.com)"
216.244.66.242 - - [24/Nov/2022:05:47:56 +0100] "GET /images/3700276265543.jpg HTTP/1.0" 200 259 "-" "Mozilla/5.0 (compatible; DotBot/1.2; +https://opensiteexplorer.org/dotbot; help@moz.com)"
216.244.66.242 - - [24/Nov/2022:05:47:59 +0100] "GET /images/6942138908640.jpg HTTP/1.0" 200 259 "-" "Mozilla/5.0 (compatible; DotBot/1.2; +https://opensiteexplorer.org/dotbot; help@moz.com)"
216.244.66.242 - - [24/Nov/2022:05:48:01 +0100] "GET /images/8003990606209.jpg HTTP/1.0" 200 259 "-" "Mozilla/5.0 (compatible; DotBot/1.2; +https://opensiteexplorer.org/dotbot; help@moz.com)"
216.244.66.242 - - [24/Nov/2022:05:48:03 +0100] "GET /images/8003990615508.jpg HTTP/1.0" 200 259 "-" "Mozilla/5.0 (compatible; DotBot/1.2; +https://opensiteexplorer.org/dotbot; help@moz.com)"
216.244.66.242 - - [24/Nov/2022:05:48:05 +0100] "GET /images/8435306215780.jpg HTTP/1.0" 200 259 "-" "Mozilla/5.0 (compatible; DotBot/1.2; +https://opensiteexplorer.org/dotbot; help@moz.com)"
54.36.149.75 - - [24/Nov/2022:05:48:04 +0100] "GET /snow-white-couture-force-figurine-p-53355.html HTTP/1.0" 200 77927 "-" "Mozilla/5.0 (compatible; AhrefsBot/7.0; +http://ahrefs.com/robot/)"
216.244.66.242 - - [24/Nov/2022:05:48:07 +0100] "GET /images/8716241027387.jpg HTTP/1.0" 200 259 "-" "Mozilla/5.0 (compatible; DotBot/1.2; +https://opensiteexplorer.org/dotbot; help@moz.com)"
216.244.66.242 - - [24/Nov/2022:05:48:08 +0100] "GET /images/KJK027-Yazzy.jpg HTTP/1.0" 200 258 "-" "Mozilla/5.0 (compatible; DotBot/1.2; +https://opensiteexplorer.org/dotbot; help@moz.com)"
66.249.66.212 - - [24/Nov/2022:05:48:09 +0100] "GET /incense-satya-champa-spiritual-grams-about-sticks-p-45280.html HTTP/1.0" 200 77260 "-" "Mozilla/5.0 (Linux; Android 6.0.1; Nexus 5X Build/MMB29P) AppleWebKit/537.36 (KHTML, like Gecko) Chrome/107.0.5304.110 Mobile Safari/537.36 (compatible; Googlebot/2.1; +http://www.google.com/bot.html)"
216.244.66.242 - - [24/Nov/2022:05:48:10 +0100] "GET /surfboard-ceramic-magnet-p-42059.html HTTP/1.0" 200 76835 "-" "Mozilla/5.0 (compatible; DotBot/1.2; +https://opensiteexplorer.org/dotbot; help@moz.com)"
66.249.66.212 - - [24/Nov/2022:05:48:15 +0100] "GET /images/big_prod_2/4250255859687b.jpg HTTP/1.0" 200 271 "-" "Googlebot-Image/1.0"
185.191.171.15 - - [24/Nov/2022:05:48:24 +0100] "GET /clock-hang-owls-kiub-p-57975.html HTTP/1.0" 200 76587 "-" "Mozilla/5.0 (compatible; SemrushBot/7~bl; +http://www.semrush.com/bot.html)"
42.194.235.210 - - [24/Nov/2022:05:48:40 +0100] "GET /images/mini_prod/5213199036063.jpg HTTP/1.0" 200 269 "-" "Mozilla/5.0 (X11; Ubuntu; Linux x86_64; rv:72.0) Gecko/20100101 Firefox/72.0"
185.191.171.12 - - [24/Nov/2022:05:48:47 +0100] "GET /medusa-glass-paperweight-p-53636.html HTTP/1.0" 200 75905 "-" "Mozilla/5.0 (compatible; SemrushBot/7~bl; +http://www.semrush.com/bot.html)"
185.191.171.7 - - [24/Nov/2022:05:48:50 +0100] "GET /monaco-large-metal-plate-p-15178.html HTTP/1.0" 200 75864 "-" "Mozilla/5.0 (compatible; SemrushBot/7~bl; +http://www.semrush.com/bot.html)"
185.191.171.5 - - [24/Nov/2022:05:48:55 +0100] "GET /decorative-hanging-plate-p-59546.html?action=add_product HTTP/1.0" 302 476 "-" "Mozilla/5.0 (compatible; SemrushBot/7~bl; +http://www.semrush.com/bot.html)"
185.191.171.11 - - [24/Nov/2022:05:49:15 +0100] "GET /round-chair-cushion-reversible-ecru-linen-p-54649.html HTTP/1.0" 200 76976 "-" "Mozilla/5.0 (compatible; SemrushBot/7~bl; +http://www.semrush.com/bot.html)"
42.194.230.87 - - [24/Nov/2022:05:49:19 +0100] "GET /images/mini_prod/8424001278886.jpg HTTP/1.0" 200 269 "-" "Mozilla/5.0 (X11; Ubuntu; Linux x86_64; rv:72.0) Gecko/20100101 Firefox/72.0"
185.191.171.39 - - [24/Nov/2022:05:49:18 +0100] "GET /decorative-cotton-hearts-hang-elvira-p-56793.html HTTP/1.0" 200 73438 "-" "Mozilla/5.0 (compatible; SemrushBot/7~bl; +http://www.semrush.com/bot.html)"
185.191.171.22 - - [24/Nov/2022:05:49:22 +0100] "GET /tikal-bedclothes-p-42854.html HTTP/1.0" 200 75935 "-" "Mozilla/5.0 (compatible; SemrushBot/7~bl; +http://www.semrush.com/bot.html)"
66.249.66.214 - - [24/Nov/2022:05:49:26 +0100] "GET /yuna-phone-cover-iphone-p-18005.html HTTP/1.0" 200 78780 "-" "Mozilla/5.0 (Linux; Android 6.0.1; Nexus 5X Build/MMB29P) AppleWebKit/537.36 (KHTML, like Gecko) Chrome/107.0.5304.110 Mobile Safari/537.36 (compatible; Googlebot/2.1; +http://www.google.com/bot.html)"
66.249.66.210 - - [24/Nov/2022:05:50:12 +0100] "GET /images/big_prod_1/8718375753101a.jpg HTTP/1.0" 200 271 "-" "Googlebot-Image/1.0"
54.36.149.100 - - [24/Nov/2022:05:50:12 +0100] "GET /bistrot-paris-adult-apron-p-47142.html HTTP/1.0" 200 75941 "-" "Mozilla/5.0 (compatible; AhrefsBot/7.0; +http://ahrefs.com/robot/)"
66.249.66.210 - - [24/Nov/2022:05:50:23 +0100] "GET /glass-cutting-board-cbkreation-p-51309.html HTTP/1.0" 200 75970 "-" "Mozilla/5.0 (Linux; Android 6.0.1; Nexus 5X Build/MMB29P) AppleWebKit/537.36 (KHTML, like Gecko) Chrome/107.0.5304.110 Mobile Safari/537.36 (compatible; Googlebot/2.1; +http://www.google.com/bot.html)"
66.249.66.210 - - [24/Nov/2022:05:50:34 +0100] "GET /images/3681643302477.jpg HTTP/1.0" 200 259 "-" "Googlebot-Image/1.0"
185.191.171.5 - - [24/Nov/2022:05:50:41 +0100] "GET /dubout-cats-cosmetic-p-32250.html HTTP/1.0" 200 75996 "-" "Mozilla/5.0 (compatible; SemrushBot/7~bl; +http://www.semrush.com/bot.html)"
185.191.171.38 - - [24/Nov/2022:05:50:43 +0100] "GET /beer-large-metal-plate-deco-p-34319.html HTTP/1.0" 200 75961 "-" "Mozilla/5.0 (compatible; SemrushBot/7~bl; +http://www.semrush.com/bot.html)"
40.77.167.27 - - [24/Nov/2022:05:50:58 +0100] "GET /round-tray-tropical-leaves-monstera-30-cm-p-49311.html HTTP/1.0" 301 76235 "-" "Mozilla/5.0 AppleWebKit/537.36 (KHTML, like Gecko; compatible; bingbot/2.0; +http://www.bing.com/bingbot.htm) Chrome/103.0.5060.134 Safari/537.36"
185.191.171.26 - - [24/Nov/2022:05:51:18 +0100] "GET /very-soft-hooded-blanket-p-59632.html?action=add_product HTTP/1.0" 302 476 "-" "Mozilla/5.0 (compatible; SemrushBot/7~bl; +http://www.semrush.com/bot.html)"
185.191.171.45 - - [24/Nov/2022:05:51:20 +0100] "GET /ceramic-home-sweet-home-incense-burner-p-59623.html?action=add_product HTTP/1.0" 302 476 "-" "Mozilla/5.0 (compatible; SemrushBot/7~bl; +http://www.semrush.com/bot.html)"
185.191.171.18 - - [24/Nov/2022:05:51:23 +0100] "GET /gorjuss-jotter-with-time-p-41189.html HTTP/1.0" 200 76600 "-" "Mozilla/5.0 (compatible; SemrushBot/7~bl; +http://www.semrush.com/bot.html)"
157.55.39.202 - - [24/Nov/2022:05:51:36 +0100] "GET /300-elastic-loom-bands-p-26692.html HTTP/1.0" 301 75995 "-" "Mozilla/5.0 (compatible; bingbot/2.0; +http://www.bing.com/bingbot.htm)"
185.191.171.15 - - [24/Nov/2022:05:51:55 +0100] "GET /-p-53144.html HTTP/1.0" 200 73264 "-" "Mozilla/5.0 (compatible; SemrushBot/7~bl; +http://www.semrush.com/bot.html)"
185.191.171.1 - - [24/Nov/2022:05:51:58 +0100] "GET /white-flowers-table-lamp-p-52980.html HTTP/1.0" 200 73350 "-" "Mozilla/5.0 (compatible; SemrushBot/7~bl; +http://www.semrush.com/bot.html)"
157.55.39.202 - - [24/Nov/2022:05:51:58 +0100] "GET /peanuts-wallet-p-3546.html HTTP/1.0" 200 76070 "-" "Mozilla/5.0 (compatible; bingbot/2.0; +http://www.bing.com/bingbot.htm)"
54.36.148.132 - - [24/Nov/2022:05:52:30 +0100] "GET /flower-summer-collection-ladybug-p-54631.html HTTP/1.0" 200 76031 "-" "Mozilla/5.0 (compatible; AhrefsBot/7.0; +http://ahrefs.com/robot/)"
185.191.171.1 - - [24/Nov/2022:05:52:30 +0100] "GET /vieillis-coasters-p-53171.html HTTP/1.0" 200 75912 "-" "Mozilla/5.0 (compatible; SemrushBot/7~bl; +http://www.semrush.com/bot.html)"
185.191.171.15 - - [24/Nov/2022:05:52:38 +0100] "GET /dishes-c-12.html?page=21 HTTP/1.0" 200 94679 "-" "Mozilla/5.0 (compatible; SemrushBot/7~bl; +http://www.semrush.com/bot.html)"
185.191.171.45 - - [24/Nov/2022:05:52:42 +0100] "GET /tropez-deco-thermometer-p-17016.html HTTP/1.0" 200 77662 "-" "Mozilla/5.0 (compatible; SemrushBot/7~bl; +http://www.semrush.com/bot.html)"
185.191.171.5 - - [24/Nov/2022:05:53:12 +0100] "GET /money-boxes-with-personalized-picture-p-16361.html HTTP/1.0" 200 76430 "-" "Mozilla/5.0 (compatible; SemrushBot/7~bl; +http://www.semrush.com/bot.html)"
54.91.43.40 - - [24/Nov/2022:05:53:17 +0100] "GET /images/big_prod_1/8719497614271a.jpg HTTP/1.0" 200 271 "-" "Mozilla/5.0 (X11; Ubuntu; Linux x86_64; rv:72.0) Gecko/20100101 Firefox/72.0"
95.216.45.152 - - [24/Nov/2022:05:53:18 +0100] "GET /expandable-cutlery-storage-tray-p-58375.html HTTP/1.0" 200 76967 "-" "Mozilla/5.0 (compatible; MJ12bot/v1.4.8; http://mj12bot.com/)"
95.216.45.152 - - [24/Nov/2022:05:53:21 +0100] "GET /firefighter-metal-bottle-holder-p-56374.html HTTP/1.0" 200 76658 "-" "Mozilla/5.0 (compatible; MJ12bot/v1.4.8; http://mj12bot.com/)"
95.216.45.152 - - [24/Nov/2022:05:53:24 +0100] "GET /fisherman-metal-bottle-holder-p-56373.html HTTP/1.0" 200 76718 "-" "Mozilla/5.0 (compatible; MJ12bot/v1.4.8; http://mj12bot.com/)"
95.216.45.152 - - [24/Nov/2022:05:53:27 +0100] "GET /flowers-mini-melamine-tray-p-55857.html HTTP/1.0" 200 76040 "-" "Mozilla/5.0 (compatible; MJ12bot/v1.4.8; http://mj12bot.com/)"
95.216.45.152 - - [24/Nov/2022:05:53:29 +0100] "GET /fresh-brewed-coffee-cutting-board-p-35942.html HTTP/1.0" 200 75976 "-" "Mozilla/5.0 (compatible; MJ12bot/v1.4.8; http://mj12bot.com/)"
95.216.45.152 - - [24/Nov/2022:05:53:33 +0100] "GET /game-thrones-house-stark-p-54997.html HTTP/1.0" 200 76983 "-" "Mozilla/5.0 (compatible; MJ12bot/v1.4.8; http://mj12bot.com/)"
185.191.171.26 - - [24/Nov/2022:05:53:34 +0100] "GET /bowl-white-ceramic-feathers-p-45765.html HTTP/1.0" 200 75905 "-" "Mozilla/5.0 (compatible; SemrushBot/7~bl; +http://www.semrush.com/bot.html)"
95.216.45.152 - - [24/Nov/2022:05:53:35 +0100] "GET /gray-porcelain-bowl-with-small-gold-hearts-p-53703.html HTTP/1.0" 200 76677 "-" "Mozilla/5.0 (compatible; MJ12bot/v1.4.8; http://mj12bot.com/)"
95.216.45.152 - - [24/Nov/2022:05:53:38 +0100] "GET /humming-bird-mini-melamine-tray-p-55858.html HTTP/1.0" 200 76038 "-" "Mozilla/5.0 (compatible; MJ12bot/v1.4.8; http://mj12bot.com/)"
66.249.66.214 - - [24/Nov/2022:05:53:41 +0100] "GET /norway-ecru-bedclothes-p-51595.html HTTP/1.0" 200 76038 "-" "Mozilla/5.0 (compatible; Googlebot/2.1; +http://www.google.com/bot.html)"
95.216.45.152 - - [24/Nov/2022:05:53:42 +0100] "GET /jane-crowther-cats-p-54761.html HTTP/1.0" 200 76606 "-" "Mozilla/5.0 (compatible; MJ12bot/v1.4.8; http://mj12bot.com/)"
185.191.171.14 - - [24/Nov/2022:05:53:43 +0100] "GET /bowls-petit-bonheur-p-32208.html HTTP/1.0" 200 73348 "-" "Mozilla/5.0 (compatible; SemrushBot/7~bl; +http://www.semrush.com/bot.html)"
95.216.45.152 - - [24/Nov/2022:05:53:45 +0100] "GET /jane-crowther-ziggy-bowl-p-53865.html HTTP/1.0" 200 76572 "-" "Mozilla/5.0 (compatible; MJ12bot/v1.4.8; http://mj12bot.com/)"
95.216.45.152 - - [24/Nov/2022:05:53:48 +0100] "GET /jane-crowther-ziggy-elephant-bowl-p-53864.html HTTP/1.0" 200 76630 "-" "Mozilla/5.0 (compatible; MJ12bot/v1.4.8; http://mj12bot.com/)"
95.216.45.152 - - [24/Nov/2022:05:53:51 +0100] "GET /japanese-black-gold-enameled-cast-iron-teapot-p-57703.html HTTP/1.0" 200 76992 "-" "Mozilla/5.0 (compatible; MJ12bot/v1.4.8; http://mj12bot.com/)"
95.216.45.152 - - [24/Nov/2022:05:53:53 +0100] "GET /kiub-animals-jewels-coasters-p-53849.html HTTP/1.0" 200 76017 "-" "Mozilla/5.0 (compatible; MJ12bot/v1.4.8; http://mj12bot.com/)"
95.216.45.152 - - [24/Nov/2022:05:53:56 +0100] "GET /kiub-cats-coasters-p-53848.html HTTP/1.0" 200 75937 "-" "Mozilla/5.0 (compatible; MJ12bot/v1.4.8; http://mj12bot.com/)"
95.216.45.152 - - [24/Nov/2022:05:53:59 +0100] "GET /kiub-coasters-little-prince-p-53846.html HTTP/1.0" 200 75997 "-" "Mozilla/5.0 (compatible; MJ12bot/v1.4.8; http://mj12bot.com/)"
95.216.45.152 - - [24/Nov/2022:05:54:02 +0100] "GET /kook-bowl-p-53771.html HTTP/1.0" 200 76424 "-" "Mozilla/5.0 (compatible; MJ12bot/v1.4.8; http://mj12bot.com/)"
95.216.45.152 - - [24/Nov/2022:05:54:05 +0100] "GET /large-porcelain-bowl-tropical-p-53700.html HTTP/1.0" 200 75943 "-" "Mozilla/5.0 (compatible; MJ12bot/v1.4.8; http://mj12bot.com/)"
95.216.45.152 - - [24/Nov/2022:05:54:09 +0100] "GET /leaves-round-placemat-p-55836.html HTTP/1.0" 200 76447 "-" "Mozilla/5.0 (compatible; MJ12bot/v1.4.8; http://mj12bot.com/)"
185.191.171.37 - - [24/Nov/2022:05:54:12 +0100] "GET /guardian-angel-statue-angel-baptism-p-51131.html HTTP/1.0" 200 73398 "-" "Mozilla/5.0 (compatible; SemrushBot/7~bl; +http://www.semrush.com/bot.html)"
95.216.45.152 - - [24/Nov/2022:05:54:12 +0100] "GET /leaves-round-placemat-p-56308.html HTTP/1.0" 200 76444 "-" "Mozilla/5.0 (compatible; MJ12bot/v1.4.8; http://mj12bot.com/)"
185.191.171.39 - - [24/Nov/2022:05:54:15 +0100] "GET /horse-small-round-magnet-p-31913.html HTTP/1.0" 200 75890 "-" "Mozilla/5.0 (compatible; SemrushBot/7~bl; +http://www.semrush.com/bot.html)"
95.216.45.152 - - [24/Nov/2022:05:54:16 +0100] "GET /little-prince-coasters-p-56351.html HTTP/1.0" 200 76573 "-" "Mozilla/5.0 (compatible; MJ12bot/v1.4.8; http://mj12bot.com/)"
95.216.45.152 - - [24/Nov/2022:05:54:19 +0100] "GET /little-prince-exupery-little-tray-p-55863.html HTTP/1.0" 200 76276 "-" "Mozilla/5.0 (compatible; MJ12bot/v1.4.8; http://mj12bot.com/)"
185.191.171.34 - - [24/Nov/2022:05:54:18 +0100] "GET /specials.php?page=62 HTTP/1.0" 200 114397 "-" "Mozilla/5.0 (compatible; SemrushBot/7~bl; +http://www.semrush.com/bot.html)"
185.191.171.9 - - [24/Nov/2022:05:54:23 +0100] "GET /japanese-green-patinated-liter-p-55106.html HTTP/1.0" 200 73396 "-" "Mozilla/5.0 (compatible; SemrushBot/7~bl; +http://www.semrush.com/bot.html)"
95.216.45.152 - - [24/Nov/2022:05:54:23 +0100] "GET /little-prince-exupery-little-tray-p-55864.html HTTP/1.0" 200 76276 "-" "Mozilla/5.0 (compatible; MJ12bot/v1.4.8; http://mj12bot.com/)"
95.216.45.152 - - [24/Nov/2022:05:54:27 +0100] "GET /little-prince-exupery-little-tray-p-55865.html HTTP/1.0" 200 76276 "-" "Mozilla/5.0 (compatible; MJ12bot/v1.4.8; http://mj12bot.com/)"
95.216.45.152 - - [24/Nov/2022:05:54:31 +0100] "GET /little-prince-exupery-little-tray-p-55866.html HTTP/1.0" 200 76276 "-" "Mozilla/5.0 (compatible; MJ12bot/v1.4.8; http://mj12bot.com/)"
54.36.149.34 - - [24/Nov/2022:05:54:35 +0100] "GET /soulful-soliloquy-jack-skellington-fountain-figurine-p-53262.html HTTP/1.0" 200 78111 "-" "Mozilla/5.0 (compatible; AhrefsBot/7.0; +http://ahrefs.com/robot/)"
66.249.66.214 - - [24/Nov/2022:05:54:38 +0100] "GET /white-lampshade-p-57099.html HTTP/1.0" 200 73326 "-" "Mozilla/5.0 (Linux; Android 6.0.1; Nexus 5X Build/MMB29P) AppleWebKit/537.36 (KHTML, like Gecko) Chrome/107.0.5304.110 Mobile Safari/537.36 (compatible; Googlebot/2.1; +http://www.google.com/bot.html)"
66.249.66.210 - - [24/Nov/2022:05:54:46 +0100] "GET /santa-claus-motor-train-sculpture-shore-p-52405.html HTTP/1.0" 200 77344 "-" "Mozilla/5.0 (compatible; Googlebot/2.1; +http://www.google.com/bot.html)"
185.191.171.38 - - [24/Nov/2022:05:55:01 +0100] "GET /dishes-c-13_12.html?page=132 HTTP/1.0" 200 95751 "-" "Mozilla/5.0 (compatible; SemrushBot/7~bl; +http://www.semrush.com/bot.html)"
42.194.235.210 - - [24/Nov/2022:05:55:42 +0100] "GET /images/mini_prod/8033667001174.jpg HTTP/1.0" 200 269 "-" "Mozilla/5.0 (X11; Ubuntu; Linux x86_64; rv:72.0) Gecko/20100101 Firefox/72.0"
185.191.171.13 - - [24/Nov/2022:05:55:45 +0100] "GET /dishes-c-13_12.html?page=135 HTTP/1.0" 200 95727 "-" "Mozilla/5.0 (compatible; SemrushBot/7~bl; +http://www.semrush.com/bot.html)"
185.191.171.34 - - [24/Nov/2022:05:55:49 +0100] "GET /topmodel-expanding-organiser-file-p-43030.html HTTP/1.0" 200 73420 "-" "Mozilla/5.0 (compatible; SemrushBot/7~bl; +http://www.semrush.com/bot.html)"
40.77.167.27 - - [24/Nov/2022:05:55:59 +0100] "GET /rectangular-kitchen-towel-in-cotton-apero-p-51353.html HTTP/1.0" 301 73514 "-" "Mozilla/5.0 AppleWebKit/537.36 (KHTML, like Gecko; compatible; bingbot/2.0; +http://www.bing.com/bingbot.htm) Chrome/103.0.5060.134 Safari/537.36"
185.191.171.15 - - [24/Nov/2022:05:56:13 +0100] "GET /sweet-black-women-shirt-p-30993.html HTTP/1.0" 200 77886 "-" "Mozilla/5.0 (compatible; SemrushBot/7~bl; +http://www.semrush.com/bot.html)"
185.191.171.17 - - [24/Nov/2022:05:56:28 +0100] "GET /bowl-grinning-purple-made-germany-p-52577.html HTTP/1.0" 200 76847 "-" "Mozilla/5.0 (compatible; SemrushBot/7~bl; +http://www.semrush.com/bot.html)"
66.249.66.210 - - [24/Nov/2022:05:56:42 +0100] "GET /world-vintage-clock-p-47713.html HTTP/1.0" 200 73350 "-" "Mozilla/5.0 (Linux; Android 6.0.1; Nexus 5X Build/MMB29P) AppleWebKit/537.36 (KHTML, like Gecko) Chrome/107.0.5304.110 Mobile Safari/537.36 (compatible; Googlebot/2.1; +http://www.google.com/bot.html)"
54.36.148.133 - - [24/Nov/2022:05:56:44 +0100] "GET /decorative-wooden-plate-gourmandise-p-51585.html HTTP/1.0" 200 76665 "-" "Mozilla/5.0 (compatible; AhrefsBot/7.0; +http://ahrefs.com/robot/)"
54.36.148.201 - - [24/Nov/2022:05:56:54 +0100] "GET /union-jack-flag-wooden-frame-p-32610.html HTTP/1.0" 301 73331 "-" "Mozilla/5.0 (compatible; AhrefsBot/7.0; +http://ahrefs.com/robot/)"
66.249.66.212 - - [24/Nov/2022:05:56:57 +0100] "GET /images/big_prod_1/8720088291054a.jpg HTTP/1.0" 200 271 "-" "Googlebot-Image/1.0"
185.191.171.7 - - [24/Nov/2022:05:56:57 +0100] "GET /-p-58795.html HTTP/1.0" 200 73264 "-" "Mozilla/5.0 (compatible; SemrushBot/7~bl; +http://www.semrush.com/bot.html)"
66.249.66.212 - - [24/Nov/2022:05:57:01 +0100] "GET /images/big_prod_2/8720088291054b.jpg HTTP/1.0" 200 271 "-" "Googlebot-Image/1.0"
185.191.171.35 - - [24/Nov/2022:05:57:34 +0100] "GET /cyclades-carpet-white-model-p-47957.html HTTP/1.0" 200 73388 "-" "Mozilla/5.0 (compatible; SemrushBot/7~bl; +http://www.semrush.com/bot.html)"
185.191.171.18 - - [24/Nov/2022:05:57:38 +0100] "GET /chihuahua-white-p-49733.html HTTP/1.0" 200 73302 "-" "Mozilla/5.0 (compatible; SemrushBot/7~bl; +http://www.semrush.com/bot.html)"
95.216.45.152 - - [24/Nov/2022:05:57:46 +0100] "GET /little-prince-exupery-little-tray-p-55867.html HTTP/1.0" 200 76277 "-" "Mozilla/5.0 (compatible; MJ12bot/v1.4.8; http://mj12bot.com/)"
95.216.45.152 - - [24/Nov/2022:05:57:49 +0100] "GET /little-prince-exupery-little-tray-p-55868.html HTTP/1.0" 200 76276 "-" "Mozilla/5.0 (compatible; MJ12bot/v1.4.8; http://mj12bot.com/)"
95.216.45.152 - - [24/Nov/2022:05:57:52 +0100] "GET /little-prince-exupery-little-tray-p-55869.html HTTP/1.0" 200 76276 "-" "Mozilla/5.0 (compatible; MJ12bot/v1.4.8; http://mj12bot.com/)"
185.191.171.4 - - [24/Nov/2022:05:57:53 +0100] "GET /small-wallet-oops-daisy-gorjuss-p-35561.html HTTP/1.0" 200 77266 "-" "Mozilla/5.0 (compatible; SemrushBot/7~bl; +http://www.semrush.com/bot.html)"
95.216.45.152 - - [24/Nov/2022:05:57:55 +0100] "GET /little-prince-isothermic-stainless-steel-bottle-p-55793.html HTTP/1.0" 200 76800 "-" "Mozilla/5.0 (compatible; MJ12bot/v1.4.8; http://mj12bot.com/)"
95.216.45.152 - - [24/Nov/2022:05:57:59 +0100] "GET /little-prince-isothermic-stainless-steel-bottle-p-55851.html HTTP/1.0" 200 76800 "-" "Mozilla/5.0 (compatible; MJ12bot/v1.4.8; http://mj12bot.com/)"
95.216.45.152 - - [24/Nov/2022:05:58:02 +0100] "GET /little-prince-isothermic-stainless-steel-bottle-p-56226.html HTTP/1.0" 200 76147 "-" "Mozilla/5.0 (compatible; MJ12bot/v1.4.8; http://mj12bot.com/)"
185.191.171.8 - - [24/Nov/2022:05:58:04 +0100] "GET /volkswagen-beetle-blue-glitter-p-26268.html HTTP/1.0" 200 75953 "-" "Mozilla/5.0 (compatible; SemrushBot/7~bl; +http://www.semrush.com/bot.html)"
95.216.45.152 - - [24/Nov/2022:05:58:06 +0100] "GET /little-prince-saint-exupery-bowl-p-53767.html HTTP/1.0" 200 76631 "-" "Mozilla/5.0 (compatible; MJ12bot/v1.4.8; http://mj12bot.com/)"
185.191.171.45 - - [24/Nov/2022:05:58:08 +0100] "GET /metal-pendulum-wooden-stand-with-sand-p-50619.html HTTP/1.0" 200 76673 "-" "Mozilla/5.0 (compatible; SemrushBot/7~bl; +http://www.semrush.com/bot.html)"
95.216.45.152 - - [24/Nov/2022:05:58:10 +0100] "GET /little-prince-saint-exupery-bowl-plane-p-53766.html HTTP/1.0" 200 76713 "-" "Mozilla/5.0 (compatible; MJ12bot/v1.4.8; http://mj12bot.com/)"
185.191.171.7 - - [24/Nov/2022:05:58:13 +0100] "GET /petit-prince-exupry-sets-cups-p-53196.html HTTP/1.0" 200 76767 "-" "Mozilla/5.0 (compatible; SemrushBot/7~bl; +http://www.semrush.com/bot.html)"
66.249.66.212 - - [24/Nov/2022:05:58:12 +0100] "GET /black-fancy-elastic-bracelet-p-43727.html HTTP/1.0" 200 75908 "-" "Mozilla/5.0 (Linux; Android 6.0.1; Nexus 5X Build/MMB29P) AppleWebKit/537.36 (KHTML, like Gecko) Chrome/107.0.5304.110 Mobile Safari/537.36 (compatible; Googlebot/2.1; +http://www.google.com/bot.html)"
95.216.45.152 - - [24/Nov/2022:05:58:14 +0100] "GET /littlest-petshop-double-wall-acrylic-glasses-p-4667.html HTTP/1.0" 200 76116 "-" "Mozilla/5.0 (compatible; MJ12bot/v1.4.8; http://mj12bot.com/)"
95.216.45.152 - - [24/Nov/2022:05:58:18 +0100] "GET /mady-white-porcelain-bowl-p-56501.html HTTP/1.0" 200 75903 "-" "Mozilla/5.0 (compatible; MJ12bot/v1.4.8; http://mj12bot.com/)"
95.216.45.152 - - [24/Nov/2022:05:58:21 +0100] "GET /make-planet-green-again-isothermic-stainless-steel-bottle-p-54049.html HTTP/1.0" 200 76279 "-" "Mozilla/5.0 (compatible; MJ12bot/v1.4.8; http://mj12bot.com/)"
95.216.45.152 - - [24/Nov/2022:05:58:24 +0100] "GET /mandala-coasters-blue-p-54075.html HTTP/1.0" 200 76534 "-" "Mozilla/5.0 (compatible; MJ12bot/v1.4.8; http://mj12bot.com/)"
66.249.66.212 - - [24/Nov/2022:05:58:27 +0100] "GET /images/big_prod_1/3609810092396a.jpg HTTP/1.0" 200 271 "-" "Googlebot-Image/1.0"
95.216.45.152 - - [24/Nov/2022:05:58:27 +0100] "GET /mandala-coasters-orange-p-54064.html HTTP/1.0" 200 75933 "-" "Mozilla/5.0 (compatible; MJ12bot/v1.4.8; http://mj12bot.com/)"
95.216.45.152 - - [24/Nov/2022:05:58:30 +0100] "GET /mandala-coasters-orange-p-54066.html HTTP/1.0" 200 75933 "-" "Mozilla/5.0 (compatible; MJ12bot/v1.4.8; http://mj12bot.com/)"
95.216.45.152 - - [24/Nov/2022:05:58:33 +0100] "GET /mandala-coasters-orange-p-54067.html HTTP/1.0" 200 75933 "-" "Mozilla/5.0 (compatible; MJ12bot/v1.4.8; http://mj12bot.com/)"
95.216.45.152 - - [24/Nov/2022:05:58:36 +0100] "GET /mandala-coasters-p-54068.html HTTP/1.0" 200 75904 "-" "Mozilla/5.0 (compatible; MJ12bot/v1.4.8; http://mj12bot.com/)"
95.216.45.152 - - [24/Nov/2022:05:58:39 +0100] "GET /mandala-coasters-p-54069.html HTTP/1.0" 200 75904 "-" "Mozilla/5.0 (compatible; MJ12bot/v1.4.8; http://mj12bot.com/)"
95.216.45.152 - - [24/Nov/2022:05:58:41 +0100] "GET /mandala-coasters-pink-p-54071.html HTTP/1.0" 200 75919 "-" "Mozilla/5.0 (compatible; MJ12bot/v1.4.8; http://mj12bot.com/)"
95.216.45.152 - - [24/Nov/2022:05:58:44 +0100] "GET /mandala-coasters-pink-p-54073.html HTTP/1.0" 200 75919 "-" "Mozilla/5.0 (compatible; MJ12bot/v1.4.8; http://mj12bot.com/)"
95.216.45.152 - - [24/Nov/2022:05:58:47 +0100] "GET /mandala-coasters-purple-p-54077.html HTTP/1.0" 200 75933 "-" "Mozilla/5.0 (compatible; MJ12bot/v1.4.8; http://mj12bot.com/)"
95.216.45.152 - - [24/Nov/2022:05:58:50 +0100] "GET /mandala-mini-tray-p-45584.html HTTP/1.0" 200 75951 "-" "Mozilla/5.0 (compatible; MJ12bot/v1.4.8; http://mj12bot.com/)"
66.249.66.210 - - [24/Nov/2022:05:58:53 +0100] "GET /images/big_prod/9316188065412.jpg HTTP/1.0" 200 268 "-" "Googlebot-Image/1.0"
95.216.45.152 - - [24/Nov/2022:05:58:53 +0100] "GET /mandala-wooden-tray-p-52248.html HTTP/1.0" 200 76019 "-" "Mozilla/5.0 (compatible; MJ12bot/v1.4.8; http://mj12bot.com/)"
54.36.148.151 - - [24/Nov/2022:05:58:54 +0100] "GET /welcome-night-club-frame-with-p-46686.html HTTP/1.0" 200 76031 "-" "Mozilla/5.0 (compatible; AhrefsBot/7.0; +http://ahrefs.com/robot/)"
95.216.45.152 - - [24/Nov/2022:05:58:56 +0100] "GET /manta-white-porcelain-bowl-p-56499.html HTTP/1.0" 200 75908 "-" "Mozilla/5.0 (compatible; MJ12bot/v1.4.8; http://mj12bot.com/)"
95.216.45.152 - - [24/Nov/2022:05:58:59 +0100] "GET /marnie-white-porcelain-bowl-p-56502.html HTTP/1.0" 200 75939 "-" "Mozilla/5.0 (compatible; MJ12bot/v1.4.8; http://mj12bot.com/)"
95.216.45.152 - - [24/Nov/2022:05:59:02 +0100] "GET /miaou-porcelain-p-56498.html HTTP/1.0" 200 76040 "-" "Mozilla/5.0 (compatible; MJ12bot/v1.4.8; http://mj12bot.com/)"
54.36.148.9 - - [24/Nov/2022:05:59:06 +0100] "GET /images/big_prod/1399980107441.jpg HTTP/1.0" 200 268 "-" "Mozilla/5.0 (compatible; AhrefsBot/7.0; +http://ahrefs.com/robot/)"
95.216.45.152 - - [24/Nov/2022:05:59:05 +0100] "GET /milk-large-bowl-p-51424.html HTTP/1.0" 200 76418 "-" "Mozilla/5.0 (compatible; MJ12bot/v1.4.8; http://mj12bot.com/)"
95.216.45.152 - - [24/Nov/2022:05:59:10 +0100] "GET /mini-melamine-tray-kook-kiub-p-55870.html HTTP/1.0" 200 76050 "-" "Mozilla/5.0 (compatible; MJ12bot/v1.4.8; http://mj12bot.com/)"
95.216.45.152 - - [24/Nov/2022:05:59:13 +0100] "GET /mini-melamine-tray-kook-kiub-p-55873.html HTTP/1.0" 200 76050 "-" "Mozilla/5.0 (compatible; MJ12bot/v1.4.8; http://mj12bot.com/)"
23.100.232.233 - - [24/Nov/2022:05:59:17 +0100] "GET /wolverine-marvel-super-hero-mashers-articulate-figurine-p-29858.html HTTP/1.0" 301 647 "-" "Mozilla/5.0 (compatible; MSIE 9.0; Windows NT 6.1; Trident/5.0;  Trident/5.0)"
95.216.45.152 - - [24/Nov/2022:05:59:17 +0100] "GET /mini-melamine-tray-kook-kiub-p-55874.html HTTP/1.0" 200 76050 "-" "Mozilla/5.0 (compatible; MJ12bot/v1.4.8; http://mj12bot.com/)"
23.100.232.233 - - [24/Nov/2022:05:59:18 +0100] "GET /wolverine-marvel-super-hero-mashers-articulate-figurine-p-29858.html HTTP/1.0" 301 73331 "-" "Mozilla/5.0 (compatible; MSIE 9.0; Windows NT 6.1; Trident/5.0;  Trident/5.0)"
23.100.232.233 - - [24/Nov/2022:05:59:20 +0100] "GET /-p-29858.html HTTP/1.0" 200 73264 "-" "Mozilla/5.0 (compatible; MSIE 9.0; Windows NT 6.1; Trident/5.0;  Trident/5.0)"
95.216.45.152 - - [24/Nov/2022:05:59:20 +0100] "GET /mini-melamine-tray-p-55842.html HTTP/1.0" 200 75958 "-" "Mozilla/5.0 (compatible; MJ12bot/v1.4.8; http://mj12bot.com/)"
23.100.232.233 - - [24/Nov/2022:05:59:22 +0100] "GET /templates/Pixame_v1/stylesheet.css HTTP/1.0" 200 267 "http://www.wonder-geek.com/-p-29858.html" "Mozilla/5.0 (compatible; MSIE 9.0; Windows NT 6.1; Trident/5.0;  Trident/5.0)"
23.100.232.233 - - [24/Nov/2022:05:59:22 +0100] "GET /highslide/highslide.js HTTP/1.0" 200 262 "http://www.wonder-geek.com/-p-29858.html" "Mozilla/5.0 (compatible; MSIE 9.0; Windows NT 6.1; Trident/5.0;  Trident/5.0)"
23.100.232.233 - - [24/Nov/2022:05:59:23 +0100] "GET /js/jquery.js HTTP/1.0" 200 252 "http://www.wonder-geek.com/-p-29858.html" "Mozilla/5.0 (compatible; MSIE 9.0; Windows NT 6.1; Trident/5.0;  Trident/5.0)"
23.100.232.233 - - [24/Nov/2022:05:59:23 +0100] "GET /js/jquery.jqzoom.js HTTP/1.0" 200 259 "http://www.wonder-geek.com/-p-29858.html" "Mozilla/5.0 (compatible; MSIE 9.0; Windows NT 6.1; Trident/5.0;  Trident/5.0)"
23.100.232.233 - - [24/Nov/2022:05:59:23 +0100] "GET /mondial_relay/js/jquery-1.3.2.min.js HTTP/1.0" 200 276 "http://www.wonder-geek.com/-p-29858.html" "Mozilla/5.0 (compatible; MSIE 9.0; Windows NT 6.1; Trident/5.0;  Trident/5.0)"
23.100.232.233 - - [24/Nov/2022:05:59:23 +0100] "GET /swfobject.js HTTP/1.0" 404 1308 "http://www.wonder-geek.com/-p-29858.html" "Mozilla/5.0 (compatible; MSIE 9.0; Windows NT 6.1; Trident/5.0;  Trident/5.0)"
23.100.232.233 - - [24/Nov/2022:05:59:23 +0100] "GET /style.ie7.css HTTP/1.0" 404 1308 "http://www.wonder-geek.com/-p-29858.html" "Mozilla/5.0 (compatible; MSIE 9.0; Windows NT 6.1; Trident/5.0;  Trident/5.0)"
95.216.45.152 - - [24/Nov/2022:05:59:23 +0100] "GET /mini-melamine-tray-p-55843.html HTTP/1.0" 200 75958 "-" "Mozilla/5.0 (compatible; MJ12bot/v1.4.8; http://mj12bot.com/)"
23.100.232.233 - - [24/Nov/2022:05:59:25 +0100] "GET /templates/Pixame_v1/images/flash.swf HTTP/1.0" 200 290 "http://www.wonder-geek.com/-p-29858.html" "Mozilla/5.0 (compatible; MSIE 9.0; Windows NT 6.1; Trident/5.0;  Trident/5.0)"
23.100.232.233 - - [24/Nov/2022:05:59:25 +0100] "GET /highslide/graphics/zoomout.cur HTTP/1.0" 200 614 "http://www.wonder-geek.com/-p-29858.html" "Mozilla/5.0 (compatible; MSIE 9.0; Windows NT 6.1; Trident/5.0;  Trident/5.0)"
185.191.171.43 - - [24/Nov/2022:05:59:26 +0100] "GET /black-metal-chandelier-p-52532.html HTTP/1.0" 200 73342 "-" "Mozilla/5.0 (compatible; SemrushBot/7~bl; +http://www.semrush.com/bot.html)"
95.216.45.152 - - [24/Nov/2022:05:59:28 +0100] "GET /mini-melamine-tray-p-55844.html HTTP/1.0" 200 75958 "-" "Mozilla/5.0 (compatible; MJ12bot/v1.4.8; http://mj12bot.com/)"
95.216.45.152 - - [24/Nov/2022:05:59:32 +0100] "GET /mini-melamine-tray-p-55845.html HTTP/1.0" 200 75958 "-" "Mozilla/5.0 (compatible; MJ12bot/v1.4.8; http://mj12bot.com/)"
95.216.45.152 - - [24/Nov/2022:05:59:35 +0100] "GET /mini-melamine-tray-p-55846.html HTTP/1.0" 200 75958 "-" "Mozilla/5.0 (compatible; MJ12bot/v1.4.8; http://mj12bot.com/)"
95.216.45.152 - - [24/Nov/2022:05:59:41 +0100] "GET /mini-melamine-tray-p-55847.html HTTP/1.0" 200 75958 "-" "Mozilla/5.0 (compatible; MJ12bot/v1.4.8; http://mj12bot.com/)"
95.216.45.152 - - [24/Nov/2022:05:59:47 +0100] "GET /mojito-cutting-board-p-42917.html HTTP/1.0" 200 75884 "-" "Mozilla/5.0 (compatible; MJ12bot/v1.4.8; http://mj12bot.com/)"
95.216.45.152 - - [24/Nov/2022:05:59:52 +0100] "GET /moon-mini-melamine-tray-p-55855.html HTTP/1.0" 200 76082 "-" "Mozilla/5.0 (compatible; MJ12bot/v1.4.8; http://mj12bot.com/)"
35.165.15.82 - - [24/Nov/2022:05:59:55 +0100] "GET /images/mini_prod/5018997632260.jpg HTTP/1.0" 200 269 "-" "Mozilla/5.0 (X11; Ubuntu; Linux x86_64; rv:72.0) Gecko/20100101 Firefox/72.0"
95.216.45.152 - - [24/Nov/2022:05:59:59 +0100] "GET /mouse-saucer-p-55884.html HTTP/1.0" 200 75922 "-" "Mozilla/5.0 (compatible; MJ12bot/v1.4.8; http://mj12bot.com/)"
185.191.171.4 - - [24/Nov/2022:06:00:00 +0100] "GET /incense-stick-holder-yang-p-59078.html HTTP/1.0" 200 76944 "-" "Mozilla/5.0 (compatible; SemrushBot/7~bl; +http://www.semrush.com/bot.html)"
95.216.45.152 - - [24/Nov/2022:06:00:06 +0100] "GET /ours-tray-melamine-p-45555.html HTTP/1.0" 200 75988 "-" "Mozilla/5.0 (compatible; MJ12bot/v1.4.8; http://mj12bot.com/)"
185.191.171.4 - - [24/Nov/2022:06:00:09 +0100] "GET /furniture-knob-sold-individually-p-55987.html HTTP/1.0" 200 76678 "-" "Mozilla/5.0 (compatible; SemrushBot/7~bl; +http://www.semrush.com/bot.html)"
51.68.224.127 - - [24/Nov/2022:06:00:14 +0100] "GET /adminweb/export_orders_xml.php?token=256de2z6edz6ed2z6DFSFsed2zed6zeDSFDSGdzedezfzf&maxorders=10&orderstart=1&status=14&start_date=2018-10-01 HTTP/1.0" 200 285 "-" "GesCom CharlotteBoutik Serveur"
51.68.224.127 - - [24/Nov/2022:06:00:14 +0100] "GET /adminweb/export_orders_xml.php?token=256de2z6edz6ed2z6DFSFsed2zed6zeDSFDSGdzedezfzf&maxorders=10&orderstart=1&status=6&start_date=2018-10-01 HTTP/1.0" 200 34006 "-" "GesCom CharlotteBoutik Serveur"
95.216.45.152 - - [24/Nov/2022:06:00:14 +0100] "GET /paris-adore-mini-p-56461.html HTTP/1.0" 200 75971 "-" "Mozilla/5.0 (compatible; MJ12bot/v1.4.8; http://mj12bot.com/)"
95.216.45.152 - - [24/Nov/2022:06:00:20 +0100] "GET /paris-isothermic-stainless-steel-bottle-p-54045.html HTTP/1.0" 200 76111 "-" "Mozilla/5.0 (compatible; MJ12bot/v1.4.8; http://mj12bot.com/)"
95.216.45.152 - - [24/Nov/2022:06:00:25 +0100] "GET /paris-isothermic-stainless-steel-bottle-p-54047.html HTTP/1.0" 200 76111 "-" "Mozilla/5.0 (compatible; MJ12bot/v1.4.8; http://mj12bot.com/)"
185.191.171.35 - - [24/Nov/2022:06:00:30 +0100] "GET /salt-pepper-p-52772.html HTTP/1.0" 200 76721 "-" "Mozilla/5.0 (compatible; SemrushBot/7~bl; +http://www.semrush.com/bot.html)"
95.216.45.152 - - [24/Nov/2022:06:00:31 +0100] "GET /paris-p-30431.html HTTP/1.0" 200 75759 "-" "Mozilla/5.0 (compatible; MJ12bot/v1.4.8; http://mj12bot.com/)"
185.191.171.21 - - [24/Nov/2022:06:00:36 +0100] "GET /bowls-c-12_60.html?page=5 HTTP/1.0" 200 94955 "-" "Mozilla/5.0 (compatible; SemrushBot/7~bl; +http://www.semrush.com/bot.html)"
95.216.45.152 - - [24/Nov/2022:06:00:38 +0100] "GET /paris-porcelain-bowl-p-56512.html HTTP/1.0" 200 75890 "-" "Mozilla/5.0 (compatible; MJ12bot/v1.4.8; http://mj12bot.com/)"
185.191.171.25 - - [24/Nov/2022:06:00:40 +0100] "GET /corsica-poster-p-42501.html HTTP/1.0" 200 76513 "-" "Mozilla/5.0 (compatible; SemrushBot/7~bl; +http://www.semrush.com/bot.html)"
95.216.45.152 - - [24/Nov/2022:06:00:43 +0100] "GET /paris-toothpick-display-p-53463.html HTTP/1.0" 200 75876 "-" "Mozilla/5.0 (compatible; MJ12bot/v1.4.8; http://mj12bot.com/)"
185.191.171.6 - - [24/Nov/2022:06:00:47 +0100] "GET /-p-51645.html HTTP/1.0" 200 73264 "-" "Mozilla/5.0 (compatible; SemrushBot/7~bl; +http://www.semrush.com/bot.html)"
