65.109.26.102 - - [24/Nov/2022:04:25:05 +0100] "GET /captain-america-statue-candy-p-30923.html HTTP/1.0" 200 73378 "-" "Mozilla/5.0 (compatible; MJ12bot/v1.4.8; http://mj12bot.com/)"
195.201.199.99 - - [24/Nov/2022:04:25:08 +0100] "GET /-p-42709.html HTTP/1.0" 200 73264 "-" "Mozilla/5.0 (compatible; MJ12bot/v1.4.8; http://mj12bot.com/)"
65.109.26.102 - - [24/Nov/2022:04:25:08 +0100] "GET /car-air-freshener-heart-and-home-dawn-mist-p-40597.html HTTP/1.0" 301 73475 "-" "Mozilla/5.0 (compatible; MJ12bot/v1.4.8; http://mj12bot.com/)"
185.191.171.22 - - [24/Nov/2022:04:25:09 +0100] "GET /buddha-canvas-frame-p-38506.html HTTP/1.0" 200 75996 "-" "Mozilla/5.0 (compatible; SemrushBot/7~bl; +http://www.semrush.com/bot.html)"
65.109.26.102 - - [24/Nov/2022:04:25:11 +0100] "GET /freshener-heart-home-dawn-mist-p-40597.html HTTP/1.0" 200 73378 "-" "Mozilla/5.0 (compatible; MJ12bot/v1.4.8; http://mj12bot.com/)"
65.109.26.102 - - [24/Nov/2022:04:25:14 +0100] "GET /car-air-freshener-heart-and-home-fresh-linen-p-40611.html HTTP/1.0" 301 73514 "-" "Mozilla/5.0 (compatible; MJ12bot/v1.4.8; http://mj12bot.com/)"
195.201.199.99 - - [24/Nov/2022:04:25:15 +0100] "GET /-p-42743.html HTTP/1.0" 200 73264 "-" "Mozilla/5.0 (compatible; MJ12bot/v1.4.8; http://mj12bot.com/)"
65.109.26.102 - - [24/Nov/2022:04:25:17 +0100] "GET /freshener-heart-home-fresh-linen-p-40611.html HTTP/1.0" 200 73415 "-" "Mozilla/5.0 (compatible; MJ12bot/v1.4.8; http://mj12bot.com/)"
185.191.171.35 - - [24/Nov/2022:04:25:19 +0100] "GET /pink-piggy-bank-p-28770.html HTTP/1.0" 200 76440 "-" "Mozilla/5.0 (compatible; SemrushBot/7~bl; +http://www.semrush.com/bot.html)"
65.109.26.102 - - [24/Nov/2022:04:25:21 +0100] "GET /car-air-freshener-heart-and-home-sweet-black-cherries-p-40595.html HTTP/1.0" 301 73331 "-" "Mozilla/5.0 (compatible; MJ12bot/v1.4.8; http://mj12bot.com/)"
195.201.199.99 - - [24/Nov/2022:04:25:21 +0100] "GET /-p-42744.html HTTP/1.0" 200 73264 "-" "Mozilla/5.0 (compatible; MJ12bot/v1.4.8; http://mj12bot.com/)"
65.109.26.102 - - [24/Nov/2022:04:25:24 +0100] "GET /-p-40595.html HTTP/1.0" 200 73264 "-" "Mozilla/5.0 (compatible; MJ12bot/v1.4.8; http://mj12bot.com/)"
65.109.26.102 - - [24/Nov/2022:04:25:27 +0100] "GET /cat-and-oak-leaf-figurine-decorative-p-34238.html HTTP/1.0" 301 73331 "-" "Mozilla/5.0 (compatible; MJ12bot/v1.4.8; http://mj12bot.com/)"
185.191.171.6 - - [24/Nov/2022:04:25:27 +0100] "GET /large-cabas-p-43426.html HTTP/1.0" 200 75866 "-" "Mozilla/5.0 (compatible; SemrushBot/7~bl; +http://www.semrush.com/bot.html)"
65.109.26.102 - - [24/Nov/2022:04:25:29 +0100] "GET /-p-34238.html HTTP/1.0" 200 73264 "-" "Mozilla/5.0 (compatible; MJ12bot/v1.4.8; http://mj12bot.com/)"
185.191.171.18 - - [24/Nov/2022:04:25:32 +0100] "GET /tweety-karate-resin-figurine-p-42865.html HTTP/1.0" 200 75950 "-" "Mozilla/5.0 (compatible; SemrushBot/7~bl; +http://www.semrush.com/bot.html)"
65.109.26.102 - - [24/Nov/2022:04:25:33 +0100] "GET /cat-beauty-nail-kit-p-32080.html HTTP/1.0" 301 73331 "-" "Mozilla/5.0 (compatible; MJ12bot/v1.4.8; http://mj12bot.com/)"
65.109.26.102 - - [24/Nov/2022:04:25:37 +0100] "GET /-p-32080.html HTTP/1.0" 200 73264 "-" "Mozilla/5.0 (compatible; MJ12bot/v1.4.8; http://mj12bot.com/)"
65.109.26.102 - - [24/Nov/2022:04:25:41 +0100] "GET /cat-by-michelle-allen-keyring-p-36949.html HTTP/1.0" 301 77265 "-" "Mozilla/5.0 (compatible; MJ12bot/v1.4.8; http://mj12bot.com/)"
65.109.26.102 - - [24/Nov/2022:04:25:44 +0100] "GET /michelle-allen-keyring-p-36949.html HTTP/1.0" 200 77176 "-" "Mozilla/5.0 (compatible; MJ12bot/v1.4.8; http://mj12bot.com/)"
185.191.171.3 - - [24/Nov/2022:04:25:47 +0100] "GET /happy-bedclothes-p-55172.html HTTP/1.0" 200 73352 "-" "Mozilla/5.0 (compatible; SemrushBot/7~bl; +http://www.semrush.com/bot.html)"
66.249.66.210 - - [24/Nov/2022:04:25:49 +0100] "GET /images/big_prod_1/3700572739908c.jpg HTTP/1.0" 200 271 "-" "Googlebot-Image/1.0"
65.109.26.102 - - [24/Nov/2022:04:25:48 +0100] "GET /cat-cushion-xl-p-28905.html HTTP/1.0" 301 73331 "-" "Mozilla/5.0 (compatible; MJ12bot/v1.4.8; http://mj12bot.com/)"
65.109.26.102 - - [24/Nov/2022:04:25:51 +0100] "GET /-p-28905.html HTTP/1.0" 200 73264 "-" "Mozilla/5.0 (compatible; MJ12bot/v1.4.8; http://mj12bot.com/)"
185.191.171.7 - - [24/Nov/2022:04:25:52 +0100] "GET /aquarius-mousepad-cbkreation-p-43312.html HTTP/1.0" 200 75990 "-" "Mozilla/5.0 (compatible; SemrushBot/7~bl; +http://www.semrush.com/bot.html)"
65.109.26.102 - - [24/Nov/2022:04:25:55 +0100] "GET /cat-effect-inflatable-decorative-statue-p-32218.html HTTP/1.0" 301 73331 "-" "Mozilla/5.0 (compatible; MJ12bot/v1.4.8; http://mj12bot.com/)"
185.191.171.38 - - [24/Nov/2022:04:25:57 +0100] "GET /quadriptych-buddha-wood-carved-patinated-p-47201.html HTTP/1.0" 200 73444 "-" "Mozilla/5.0 (compatible; SemrushBot/7~bl; +http://www.semrush.com/bot.html)"
65.109.26.102 - - [24/Nov/2022:04:25:58 +0100] "GET /-p-32218.html HTTP/1.0" 200 73264 "-" "Mozilla/5.0 (compatible; MJ12bot/v1.4.8; http://mj12bot.com/)"
65.109.26.102 - - [24/Nov/2022:04:26:02 +0100] "GET /cat-effect-inflatable-decorative-statue-p-32219.html HTTP/1.0" 301 73331 "-" "Mozilla/5.0 (compatible; MJ12bot/v1.4.8; http://mj12bot.com/)"
114.119.133.1 - - [24/Nov/2022:04:26:05 +0100] "GET /guardian-angel-salt-lamp-approx-p-56837.html HTTP/1.0" 200 77006 "http://www.wonder-geek.com/lighting-c-13_86.html?page=21" "Mozilla/5.0 (Linux; Android 7.0;) AppleWebKit/537.36 (KHTML, like Gecko) Mobile Safari/537.36 (compatible; PetalBot;+https://webmaster.petalsearch.com/site/petalbot)"
65.109.26.102 - - [24/Nov/2022:04:26:06 +0100] "GET /-p-32219.html HTTP/1.0" 200 73264 "-" "Mozilla/5.0 (compatible; MJ12bot/v1.4.8; http://mj12bot.com/)"
65.109.26.102 - - [24/Nov/2022:04:26:09 +0100] "GET /cat-head-wallet-model-p-39435.html HTTP/1.0" 301 75999 "-" "Mozilla/5.0 (compatible; MJ12bot/v1.4.8; http://mj12bot.com/)"
185.191.171.18 - - [24/Nov/2022:04:26:13 +0100] "GET /king-chess-piece-figurine-black-resin-p-59009.html HTTP/1.0" 200 76994 "-" "Mozilla/5.0 (compatible; SemrushBot/7~bl; +http://www.semrush.com/bot.html)"
65.109.26.102 - - [24/Nov/2022:04:26:14 +0100] "GET /head-wallet-model-p-39435.html HTTP/1.0" 200 75915 "-" "Mozilla/5.0 (compatible; MJ12bot/v1.4.8; http://mj12bot.com/)"
65.109.26.102 - - [24/Nov/2022:04:26:19 +0100] "GET /cat-small-cool-bag-by-allen-p-48517.html HTTP/1.0" 301 76665 "-" "Mozilla/5.0 (compatible; MJ12bot/v1.4.8; http://mj12bot.com/)"
65.109.26.102 - - [24/Nov/2022:04:26:23 +0100] "GET /small-cool-allen-p-48517.html HTTP/1.0" 200 76582 "-" "Mozilla/5.0 (compatible; MJ12bot/v1.4.8; http://mj12bot.com/)"
65.109.26.102 - - [24/Nov/2022:04:26:27 +0100] "GET /cats-adult-apron-p-41607.html HTTP/1.0" 200 73318 "-" "Mozilla/5.0 (compatible; MJ12bot/v1.4.8; http://mj12bot.com/)"
65.109.26.102 - - [24/Nov/2022:04:26:31 +0100] "GET /cats-and-stars-eyeglass-case-p-34963.html HTTP/1.0" 301 73331 "-" "Mozilla/5.0 (compatible; MJ12bot/v1.4.8; http://mj12bot.com/)"
65.109.26.102 - - [24/Nov/2022:04:26:35 +0100] "GET /-p-34963.html HTTP/1.0" 200 73264 "-" "Mozilla/5.0 (compatible; MJ12bot/v1.4.8; http://mj12bot.com/)"
185.191.171.37 - - [24/Nov/2022:04:26:35 +0100] "GET /-p-36310.html HTTP/1.0" 200 73264 "-" "Mozilla/5.0 (compatible; SemrushBot/7~bl; +http://www.semrush.com/bot.html)"
157.55.39.202 - - [24/Nov/2022:04:26:38 +0100] "GET /luggages-schoolbags-leather-shop/backpacks/looney-tunes-backpack-p-10637.html HTTP/1.0" 301 665 "-" "Mozilla/5.0 AppleWebKit/537.36 (KHTML, like Gecko; compatible; bingbot/2.0; +http://www.bing.com/bingbot.htm) Chrome/103.0.5060.134 Safari/537.36"
195.201.199.99 - - [24/Nov/2022:04:26:39 +0100] "GET /-p-42801.html HTTP/1.0" 200 73264 "-" "Mozilla/5.0 (compatible; MJ12bot/v1.4.8; http://mj12bot.com/)"
65.109.26.102 - - [24/Nov/2022:04:26:39 +0100] "GET /cats-and-stars-large-bowl-p-34914.html HTTP/1.0" 301 73331 "-" "Mozilla/5.0 (compatible; MJ12bot/v1.4.8; http://mj12bot.com/)"
185.191.171.37 - - [24/Nov/2022:04:26:41 +0100] "GET /gorjuss-storage-tins-dear-alice-collector-p-38197.html HTTP/1.0" 200 73476 "-" "Mozilla/5.0 (compatible; SemrushBot/7~bl; +http://www.semrush.com/bot.html)"
65.109.26.102 - - [24/Nov/2022:04:26:43 +0100] "GET /-p-34914.html HTTP/1.0" 200 73264 "-" "Mozilla/5.0 (compatible; MJ12bot/v1.4.8; http://mj12bot.com/)"
195.201.199.99 - - [24/Nov/2022:04:26:45 +0100] "GET /-p-42804.html HTTP/1.0" 200 73264 "-" "Mozilla/5.0 (compatible; MJ12bot/v1.4.8; http://mj12bot.com/)"
65.109.26.102 - - [24/Nov/2022:04:26:46 +0100] "GET /cats-by-dubout-figurine-on-the-watch-p-38817.html HTTP/1.0" 301 76516 "-" "Mozilla/5.0 (compatible; MJ12bot/v1.4.8; http://mj12bot.com/)"
65.109.26.102 - - [24/Nov/2022:04:26:49 +0100] "GET /cats-dubout-figurine-watch-p-38817.html HTTP/1.0" 200 76423 "-" "Mozilla/5.0 (compatible; MJ12bot/v1.4.8; http://mj12bot.com/)"
185.191.171.8 - - [24/Nov/2022:04:26:50 +0100] "GET /banania-large-metal-plate-p-27377.html HTTP/1.0" 200 75943 "-" "Mozilla/5.0 (compatible; SemrushBot/7~bl; +http://www.semrush.com/bot.html)"
195.201.199.99 - - [24/Nov/2022:04:26:51 +0100] "GET /-p-44040.html HTTP/1.0" 200 73264 "-" "Mozilla/5.0 (compatible; MJ12bot/v1.4.8; http://mj12bot.com/)"
54.36.148.81 - - [24/Nov/2022:04:26:51 +0100] "GET /paris-shower-curtain-p-52156.html HTTP/1.0" 200 76608 "-" "Mozilla/5.0 (compatible; AhrefsBot/7.0; +http://ahrefs.com/robot/)"
65.109.26.102 - - [24/Nov/2022:04:26:53 +0100] "GET /cats-by-dubout-set-of-coasters-p-26823.html HTTP/1.0" 301 73445 "-" "Mozilla/5.0 (compatible; MJ12bot/v1.4.8; http://mj12bot.com/)"
65.109.26.102 - - [24/Nov/2022:04:26:56 +0100] "GET /cats-dubout-coasters-p-26823.html HTTP/1.0" 200 73358 "-" "Mozilla/5.0 (compatible; MJ12bot/v1.4.8; http://mj12bot.com/)"
195.201.199.99 - - [24/Nov/2022:04:26:59 +0100] "GET /-p-44042.html HTTP/1.0" 200 73264 "-" "Mozilla/5.0 (compatible; MJ12bot/v1.4.8; http://mj12bot.com/)"
185.191.171.4 - - [24/Nov/2022:04:27:00 +0100] "GET /disney-planes-storage-stool-p-24530.html HTTP/1.0" 200 76699 "-" "Mozilla/5.0 (compatible; SemrushBot/7~bl; +http://www.semrush.com/bot.html)"
65.109.26.102 - - [24/Nov/2022:04:27:01 +0100] "GET /cats-by-dubout-sugar-box-p-26839.html HTTP/1.0" 301 76117 "-" "Mozilla/5.0 (compatible; MJ12bot/v1.4.8; http://mj12bot.com/)"
65.109.26.102 - - [24/Nov/2022:04:27:05 +0100] "GET /cats-dubout-sugar-p-26839.html HTTP/1.0" 200 76033 "-" "Mozilla/5.0 (compatible; MJ12bot/v1.4.8; http://mj12bot.com/)"
195.201.199.99 - - [24/Nov/2022:04:27:08 +0100] "GET /-p-44301.html HTTP/1.0" 200 73264 "-" "Mozilla/5.0 (compatible; MJ12bot/v1.4.8; http://mj12bot.com/)"
65.109.26.102 - - [24/Nov/2022:04:27:09 +0100] "GET /cats-by-dubout-sugar-box-p-26840.html HTTP/1.0" 301 76119 "-" "Mozilla/5.0 (compatible; MJ12bot/v1.4.8; http://mj12bot.com/)"
185.191.171.39 - - [24/Nov/2022:04:27:10 +0100] "GET /mini-wooden-side-table-tree-life-p-56156.html HTTP/1.0" 200 77557 "-" "Mozilla/5.0 (compatible; SemrushBot/7~bl; +http://www.semrush.com/bot.html)"
65.109.26.102 - - [24/Nov/2022:04:27:12 +0100] "GET /cats-dubout-sugar-p-26840.html HTTP/1.0" 200 76035 "-" "Mozilla/5.0 (compatible; MJ12bot/v1.4.8; http://mj12bot.com/)"
195.201.199.99 - - [24/Nov/2022:04:27:16 +0100] "GET /-p-44304.html HTTP/1.0" 200 73264 "-" "Mozilla/5.0 (compatible; MJ12bot/v1.4.8; http://mj12bot.com/)"
65.109.26.102 - - [24/Nov/2022:04:27:16 +0100] "GET /cats-by-dubout-vase-alignement-p-33751.html HTTP/1.0" 301 77109 "-" "Mozilla/5.0 (compatible; MJ12bot/v1.4.8; http://mj12bot.com/)"
65.109.26.102 - - [24/Nov/2022:04:27:19 +0100] "GET /cats-dubout-vase-alignement-p-33751.html HTTP/1.0" 200 77015 "-" "Mozilla/5.0 (compatible; MJ12bot/v1.4.8; http://mj12bot.com/)"
65.109.26.102 - - [24/Nov/2022:04:27:22 +0100] "GET /cats-by-dubout-vase-gros-dodo-p-33750.html HTTP/1.0" 301 77057 "-" "Mozilla/5.0 (compatible; MJ12bot/v1.4.8; http://mj12bot.com/)"
195.201.199.99 - - [24/Nov/2022:04:27:22 +0100] "GET /-p-45164.html HTTP/1.0" 200 73264 "-" "Mozilla/5.0 (compatible; MJ12bot/v1.4.8; http://mj12bot.com/)"
114.119.130.87 - - [24/Nov/2022:04:27:27 +0100] "GET /images/mini_prod/8422080127415.jpg HTTP/1.0" 200 269 "http://www.wonder-geek.com/home-decoration-c-13.html?page=122" "Mozilla/5.0 (Linux; Android 7.0;) AppleWebKit/537.36 (KHTML, like Gecko) Mobile Safari/537.36 (compatible; PetalBot;+https://webmaster.petalsearch.com/site/petalbot)"
185.191.171.38 - - [24/Nov/2022:04:27:36 +0100] "GET /votive-candle-hours-french-vanilla-p-33125.html HTTP/1.0" 200 73400 "-" "Mozilla/5.0 (compatible; SemrushBot/7~bl; +http://www.semrush.com/bot.html)"
216.244.66.242 - - [24/Nov/2022:04:27:53 +0100] "GET /robots.txt HTTP/1.0" 200 245 "-" "Mozilla/5.0 (compatible; DotBot/1.2; +https://opensiteexplorer.org/dotbot; help@moz.com)"
54.36.149.69 - - [24/Nov/2022:04:28:01 +0100] "GET /winnie-toddler-flatware-set-p-20354.html HTTP/1.0" 301 76575 "-" "Mozilla/5.0 (compatible; AhrefsBot/7.0; +http://ahrefs.com/robot/)"
195.201.199.99 - - [24/Nov/2022:04:28:08 +0100] "GET /-p-46377.html HTTP/1.0" 200 73264 "-" "Mozilla/5.0 (compatible; MJ12bot/v1.4.8; http://mj12bot.com/)"
65.109.26.102 - - [24/Nov/2022:04:28:11 +0100] "GET /cats-by-dubout-vase-gros-dodo-p-33750.html HTTP/1.0" 301 77057 "-" "Mozilla/5.0 (compatible; MJ12bot/v1.4.8; http://mj12bot.com/)"
195.201.199.99 - - [24/Nov/2022:04:28:12 +0100] "GET /-p-46510.html HTTP/1.0" 200 73264 "-" "Mozilla/5.0 (compatible; MJ12bot/v1.4.8; http://mj12bot.com/)"
65.109.26.102 - - [24/Nov/2022:04:28:13 +0100] "GET /cats-dubout-vase-gros-dodo-p-33750.html HTTP/1.0" 200 76964 "-" "Mozilla/5.0 (compatible; MJ12bot/v1.4.8; http://mj12bot.com/)"
195.201.199.99 - - [24/Nov/2022:04:28:17 +0100] "GET /-p-46541.html HTTP/1.0" 200 73264 "-" "Mozilla/5.0 (compatible; MJ12bot/v1.4.8; http://mj12bot.com/)"
65.109.26.102 - - [24/Nov/2022:04:28:17 +0100] "GET /cats-cutty-door-plate-bathroom-p-50639.html HTTP/1.0" 200 73380 "-" "Mozilla/5.0 (compatible; MJ12bot/v1.4.8; http://mj12bot.com/)"
65.109.26.102 - - [24/Nov/2022:04:28:20 +0100] "GET /cats-dubout-case-iphone-5s-p-37044.html HTTP/1.0" 301 73331 "-" "Mozilla/5.0 (compatible; MJ12bot/v1.4.8; http://mj12bot.com/)"
65.109.26.102 - - [24/Nov/2022:04:28:22 +0100] "GET /-p-37044.html HTTP/1.0" 200 73264 "-" "Mozilla/5.0 (compatible; MJ12bot/v1.4.8; http://mj12bot.com/)"
195.201.199.99 - - [24/Nov/2022:04:28:23 +0100] "GET /-p-46562.html HTTP/1.0" 200 73264 "-" "Mozilla/5.0 (compatible; MJ12bot/v1.4.8; http://mj12bot.com/)"
65.109.26.102 - - [24/Nov/2022:04:28:25 +0100] "GET /cats-dubout-coasters-p-26823.html HTTP/1.0" 200 73358 "-" "Mozilla/5.0 (compatible; MJ12bot/v1.4.8; http://mj12bot.com/)"
65.109.26.102 - - [24/Nov/2022:04:28:28 +0100] "GET /cats-dubout-figurine-watch-p-38817.html HTTP/1.0" 200 76423 "-" "Mozilla/5.0 (compatible; MJ12bot/v1.4.8; http://mj12bot.com/)"
65.109.26.102 - - [24/Nov/2022:04:28:31 +0100] "GET /cats-dubout-sugar-p-26839.html HTTP/1.0" 200 76033 "-" "Mozilla/5.0 (compatible; MJ12bot/v1.4.8; http://mj12bot.com/)"
65.109.26.102 - - [24/Nov/2022:04:28:34 +0100] "GET /cats-dubout-sugar-p-26840.html HTTP/1.0" 200 76035 "-" "Mozilla/5.0 (compatible; MJ12bot/v1.4.8; http://mj12bot.com/)"
65.109.26.102 - - [24/Nov/2022:04:28:37 +0100] "GET /cats-dubout-vase-alignement-p-33751.html HTTP/1.0" 200 77015 "-" "Mozilla/5.0 (compatible; MJ12bot/v1.4.8; http://mj12bot.com/)"
65.109.26.102 - - [24/Nov/2022:04:28:40 +0100] "GET /cats-dubout-vase-gros-dodo-p-33750.html HTTP/1.0" 200 76964 "-" "Mozilla/5.0 (compatible; MJ12bot/v1.4.8; http://mj12bot.com/)"
65.109.26.102 - - [24/Nov/2022:04:28:43 +0100] "GET /cats-guest-towel-p-41610.html HTTP/1.0" 301 73331 "-" "Mozilla/5.0 (compatible; MJ12bot/v1.4.8; http://mj12bot.com/)"
65.109.26.102 - - [24/Nov/2022:04:28:45 +0100] "GET /-p-41610.html HTTP/1.0" 200 73264 "-" "Mozilla/5.0 (compatible; MJ12bot/v1.4.8; http://mj12bot.com/)"
65.109.26.102 - - [24/Nov/2022:04:28:48 +0100] "GET /cats-guest-towel-p-41611.html HTTP/1.0" 301 73331 "-" "Mozilla/5.0 (compatible; MJ12bot/v1.4.8; http://mj12bot.com/)"
65.109.26.102 - - [24/Nov/2022:04:28:51 +0100] "GET /-p-41611.html HTTP/1.0" 200 73264 "-" "Mozilla/5.0 (compatible; MJ12bot/v1.4.8; http://mj12bot.com/)"
114.119.155.228 - - [24/Nov/2022:04:28:52 +0100] "GET /metal-plate-deco-p-54398.html HTTP/1.0" 200 76424 "http://www.wonder-geek.com/home-decoration-c-13.html?page=76" "Mozilla/5.0 (Linux; Android 7.0;) AppleWebKit/537.36 (KHTML, like Gecko) Mobile Safari/537.36 (compatible; PetalBot;+https://webmaster.petalsearch.com/site/petalbot)"
65.109.26.102 - - [24/Nov/2022:04:28:54 +0100] "GET /cats-large-soup-bowl-p-41629.html HTTP/1.0" 301 73331 "-" "Mozilla/5.0 (compatible; MJ12bot/v1.4.8; http://mj12bot.com/)"
65.109.26.102 - - [24/Nov/2022:04:28:57 +0100] "GET /-p-41629.html HTTP/1.0" 200 73264 "-" "Mozilla/5.0 (compatible; MJ12bot/v1.4.8; http://mj12bot.com/)"
65.109.26.102 - - [24/Nov/2022:04:29:00 +0100] "GET /cement-tile-stickers-15-15-cm-p-50347.html HTTP/1.0" 301 73331 "-" "Mozilla/5.0 (compatible; MJ12bot/v1.4.8; http://mj12bot.com/)"
65.109.26.102 - - [24/Nov/2022:04:29:03 +0100] "GET /-p-50347.html HTTP/1.0" 200 73264 "-" "Mozilla/5.0 (compatible; MJ12bot/v1.4.8; http://mj12bot.com/)"
65.109.26.102 - - [24/Nov/2022:04:29:06 +0100] "GET /cement-tile-stickers-p-50347.html HTTP/1.0" 301 73331 "-" "Mozilla/5.0 (compatible; MJ12bot/v1.4.8; http://mj12bot.com/)"
195.201.199.99 - - [24/Nov/2022:04:29:08 +0100] "GET /-p-46780.html HTTP/1.0" 200 73264 "-" "Mozilla/5.0 (compatible; MJ12bot/v1.4.8; http://mj12bot.com/)"
54.36.148.241 - - [24/Nov/2022:04:29:08 +0100] "GET /terracotta-ginkgo-cover-green-p-55525.html HTTP/1.0" 200 76679 "-" "Mozilla/5.0 (compatible; AhrefsBot/7.0; +http://ahrefs.com/robot/)"
65.109.26.102 - - [24/Nov/2022:04:29:08 +0100] "GET /-p-50347.html HTTP/1.0" 200 73264 "-" "Mozilla/5.0 (compatible; MJ12bot/v1.4.8; http://mj12bot.com/)"
65.109.26.102 - - [24/Nov/2022:04:29:12 +0100] "GET /chactus-potholder-p-54729.html HTTP/1.0" 200 75885 "-" "Mozilla/5.0 (compatible; MJ12bot/v1.4.8; http://mj12bot.com/)"
54.36.148.246 - - [24/Nov/2022:04:29:15 +0100] "GET /images/big_prod/N5055321765331B.jpg HTTP/1.0" 200 270 "-" "Mozilla/5.0 (compatible; AhrefsBot/7.0; +http://ahrefs.com/robot/)"
195.201.199.99 - - [24/Nov/2022:04:29:16 +0100] "GET /-p-46984.html HTTP/1.0" 200 73264 "-" "Mozilla/5.0 (compatible; MJ12bot/v1.4.8; http://mj12bot.com/)"
65.109.26.102 - - [24/Nov/2022:04:29:16 +0100] "GET /chair-cushion-gopher-beige-p-51760.html HTTP/1.0" 200 76720 "-" "Mozilla/5.0 (compatible; MJ12bot/v1.4.8; http://mj12bot.com/)"
54.36.148.151 - - [24/Nov/2022:04:29:19 +0100] "GET /images/big_prod_1/5055321765331a.jpg HTTP/1.0" 200 271 "-" "Mozilla/5.0 (compatible; AhrefsBot/7.0; +http://ahrefs.com/robot/)"
65.109.26.102 - - [24/Nov/2022:04:29:19 +0100] "GET /chair-cushion-scratchs-khaki-p-54656.html HTTP/1.0" 200 76614 "-" "Mozilla/5.0 (compatible; MJ12bot/v1.4.8; http://mj12bot.com/)"
65.109.26.102 - - [24/Nov/2022:04:29:23 +0100] "GET /chair-cushion-sides-khaki-linen-p-54645.html HTTP/1.0" 200 77146 "-" "Mozilla/5.0 (compatible; MJ12bot/v1.4.8; http://mj12bot.com/)"
195.201.199.99 - - [24/Nov/2022:04:29:25 +0100] "GET /-p-46990.html HTTP/1.0" 200 73264 "-" "Mozilla/5.0 (compatible; MJ12bot/v1.4.8; http://mj12bot.com/)"
65.109.26.102 - - [24/Nov/2022:04:29:26 +0100] "GET /chakra-wooden-box-throat-chakra-p-46562.html HTTP/1.0" 301 73331 "-" "Mozilla/5.0 (compatible; MJ12bot/v1.4.8; http://mj12bot.com/)"
65.109.26.102 - - [24/Nov/2022:04:29:29 +0100] "GET /-p-46562.html HTTP/1.0" 200 73264 "-" "Mozilla/5.0 (compatible; MJ12bot/v1.4.8; http://mj12bot.com/)"
65.109.26.102 - - [24/Nov/2022:04:29:32 +0100] "GET /chakra-wooden-throat-chakra-p-46562.html HTTP/1.0" 301 73331 "-" "Mozilla/5.0 (compatible; MJ12bot/v1.4.8; http://mj12bot.com/)"
195.201.199.99 - - [24/Nov/2022:04:29:33 +0100] "GET /-p-47117.html HTTP/1.0" 200 73264 "-" "Mozilla/5.0 (compatible; MJ12bot/v1.4.8; http://mj12bot.com/)"
65.109.26.102 - - [24/Nov/2022:04:29:34 +0100] "GET /-p-46562.html HTTP/1.0" 200 73264 "-" "Mozilla/5.0 (compatible; MJ12bot/v1.4.8; http://mj12bot.com/)"
185.191.171.3 - - [24/Nov/2022:04:29:35 +0100] "GET /-p-33147.html HTTP/1.0" 200 73264 "-" "Mozilla/5.0 (compatible; SemrushBot/7~bl; +http://www.semrush.com/bot.html)"
195.201.199.99 - - [24/Nov/2022:04:29:37 +0100] "GET /-p-47361.html HTTP/1.0" 200 73264 "-" "Mozilla/5.0 (compatible; MJ12bot/v1.4.8; http://mj12bot.com/)"
65.109.26.102 - - [24/Nov/2022:04:29:37 +0100] "GET /charmmy-kitty-in-paris-swimsuit-p-30305.html HTTP/1.0" 301 73331 "-" "Mozilla/5.0 (compatible; MJ12bot/v1.4.8; http://mj12bot.com/)"
65.109.26.102 - - [24/Nov/2022:04:29:40 +0100] "GET /-p-30305.html HTTP/1.0" 200 73264 "-" "Mozilla/5.0 (compatible; MJ12bot/v1.4.8; http://mj12bot.com/)"
195.201.199.99 - - [24/Nov/2022:04:29:42 +0100] "GET /-p-47372.html HTTP/1.0" 200 73264 "-" "Mozilla/5.0 (compatible; MJ12bot/v1.4.8; http://mj12bot.com/)"
65.109.26.102 - - [24/Nov/2022:04:29:43 +0100] "GET /charmmy-kitty-large-cosmetic-bag-p-26752.html HTTP/1.0" 301 76241 "-" "Mozilla/5.0 (compatible; MJ12bot/v1.4.8; http://mj12bot.com/)"
185.191.171.34 - - [24/Nov/2022:04:29:45 +0100] "GET /large-candle-hours-dawn-mist-p-53886.html HTTP/1.0" 200 77159 "-" "Mozilla/5.0 (compatible; SemrushBot/7~bl; +http://www.semrush.com/bot.html)"
65.109.26.102 - - [24/Nov/2022:04:29:46 +0100] "GET /charmmy-kitty-large-cosmetic-p-26752.html HTTP/1.0" 200 76146 "-" "Mozilla/5.0 (compatible; MJ12bot/v1.4.8; http://mj12bot.com/)"
65.109.26.102 - - [24/Nov/2022:04:29:49 +0100] "GET /charmmy-kitty-large-cosmetic-p-26752.html HTTP/1.0" 200 76146 "-" "Mozilla/5.0 (compatible; MJ12bot/v1.4.8; http://mj12bot.com/)"
65.109.26.102 - - [24/Nov/2022:04:29:52 +0100] "GET /charmmy-kitty-leggings-years-p-23546.html HTTP/1.0" 301 73331 "-" "Mozilla/5.0 (compatible; MJ12bot/v1.4.8; http://mj12bot.com/)"
195.201.199.99 - - [24/Nov/2022:04:29:53 +0100] "GET /-p-48458.html HTTP/1.0" 200 73264 "-" "Mozilla/5.0 (compatible; MJ12bot/v1.4.8; http://mj12bot.com/)"
65.109.26.102 - - [24/Nov/2022:04:29:55 +0100] "GET /-p-23546.html HTTP/1.0" 200 73264 "-" "Mozilla/5.0 (compatible; MJ12bot/v1.4.8; http://mj12bot.com/)"
195.201.199.99 - - [24/Nov/2022:04:29:57 +0100] "GET /-p-49132.html HTTP/1.0" 200 73264 "-" "Mozilla/5.0 (compatible; MJ12bot/v1.4.8; http://mj12bot.com/)"
65.109.26.102 - - [24/Nov/2022:04:29:59 +0100] "GET /charmmy-kitty-leggings-years-p-23547.html HTTP/1.0" 301 73331 "-" "Mozilla/5.0 (compatible; MJ12bot/v1.4.8; http://mj12bot.com/)"
195.201.199.99 - - [24/Nov/2022:04:30:02 +0100] "GET /-p-49217.html HTTP/1.0" 200 73264 "-" "Mozilla/5.0 (compatible; MJ12bot/v1.4.8; http://mj12bot.com/)"
65.109.26.102 - - [24/Nov/2022:04:30:03 +0100] "GET /-p-23547.html HTTP/1.0" 200 73264 "-" "Mozilla/5.0 (compatible; MJ12bot/v1.4.8; http://mj12bot.com/)"
195.201.199.99 - - [24/Nov/2022:04:30:06 +0100] "GET /-p-49219.html HTTP/1.0" 200 73264 "-" "Mozilla/5.0 (compatible; MJ12bot/v1.4.8; http://mj12bot.com/)"
65.109.26.102 - - [24/Nov/2022:04:30:08 +0100] "GET /charmmy-kitty-leggings-years-p-23548.html HTTP/1.0" 301 73331 "-" "Mozilla/5.0 (compatible; MJ12bot/v1.4.8; http://mj12bot.com/)"
185.191.171.11 - - [24/Nov/2022:04:30:11 +0100] "GET /robots.txt HTTP/1.0" 200 245 "-" "Mozilla/5.0 (compatible; SemrushBot/7~bl; +http://www.semrush.com/bot.html)"
195.201.199.99 - - [24/Nov/2022:04:30:11 +0100] "GET /-p-49246.html HTTP/1.0" 200 73264 "-" "Mozilla/5.0 (compatible; MJ12bot/v1.4.8; http://mj12bot.com/)"
185.191.171.38 - - [24/Nov/2022:04:30:10 +0100] "GET /bear-pedestal-table-resin-p-53461.html HTTP/1.0" 200 76560 "-" "Mozilla/5.0 (compatible; SemrushBot/7~bl; +http://www.semrush.com/bot.html)"
65.109.26.102 - - [24/Nov/2022:04:30:11 +0100] "GET /-p-23548.html HTTP/1.0" 200 73264 "-" "Mozilla/5.0 (compatible; MJ12bot/v1.4.8; http://mj12bot.com/)"
185.191.171.16 - - [24/Nov/2022:04:30:14 +0100] "GET /stationery-cardmaking-c-129.html?page=35 HTTP/1.0" 200 95037 "-" "Mozilla/5.0 (compatible; SemrushBot/7~bl; +http://www.semrush.com/bot.html)"
65.109.26.102 - - [24/Nov/2022:04:30:15 +0100] "GET /charmmy-kitty-long-sleeve-shirt-p-31022.html HTTP/1.0" 301 73331 "-" "Mozilla/5.0 (compatible; MJ12bot/v1.4.8; http://mj12bot.com/)"
195.201.199.99 - - [24/Nov/2022:04:30:15 +0100] "GET /-p-49284.html HTTP/1.0" 200 73264 "-" "Mozilla/5.0 (compatible; MJ12bot/v1.4.8; http://mj12bot.com/)"
207.46.13.181 - - [24/Nov/2022:04:30:18 +0100] "GET /winnie-the-pooh-lunch-box-p-18796.html HTTP/1.0" 301 73422 "-" "Mozilla/5.0 AppleWebKit/537.36 (KHTML, like Gecko; compatible; bingbot/2.0; +http://www.bing.com/bingbot.htm) Chrome/103.0.5060.134 Safari/537.36"
185.191.171.7 - - [24/Nov/2022:04:30:17 +0100] "GET /santa-claus-solar-powered-dancing-p-33073.html HTTP/1.0" 200 76239 "-" "Mozilla/5.0 (compatible; SemrushBot/7~bl; +http://www.semrush.com/bot.html)"
114.119.133.1 - - [24/Nov/2022:04:30:18 +0100] "GET /white-ceramic-espresso-cups-graphinks-p-56937.html HTTP/1.0" 200 76858 "http://www.wonder-geek.com/breakfast-c-12_61.html?page=2" "Mozilla/5.0 (Linux; Android 7.0;) AppleWebKit/537.36 (KHTML, like Gecko) Mobile Safari/537.36 (compatible; PetalBot;+https://webmaster.petalsearch.com/site/petalbot)"
65.109.26.102 - - [24/Nov/2022:04:30:19 +0100] "GET /-p-31022.html HTTP/1.0" 200 73264 "-" "Mozilla/5.0 (compatible; MJ12bot/v1.4.8; http://mj12bot.com/)"
195.201.199.99 - - [24/Nov/2022:04:30:20 +0100] "GET /-p-49307.html HTTP/1.0" 200 73264 "-" "Mozilla/5.0 (compatible; MJ12bot/v1.4.8; http://mj12bot.com/)"
65.109.26.102 - - [24/Nov/2022:04:30:23 +0100] "GET /charmmy-kitty-long-sleeve-shirt-years-p-21925.html HTTP/1.0" 301 73331 "-" "Mozilla/5.0 (compatible; MJ12bot/v1.4.8; http://mj12bot.com/)"
65.109.26.102 - - [24/Nov/2022:04:30:27 +0100] "GET /-p-21925.html HTTP/1.0" 200 73264 "-" "Mozilla/5.0 (compatible; MJ12bot/v1.4.8; http://mj12bot.com/)"
195.201.199.99 - - [24/Nov/2022:04:30:28 +0100] "GET /-p-50347.html HTTP/1.0" 200 73264 "-" "Mozilla/5.0 (compatible; MJ12bot/v1.4.8; http://mj12bot.com/)"
65.109.26.102 - - [24/Nov/2022:04:30:31 +0100] "GET /charmmy-kitty-long-sleeve-shirt-years-p-21926.html HTTP/1.0" 301 73331 "-" "Mozilla/5.0 (compatible; MJ12bot/v1.4.8; http://mj12bot.com/)"
195.201.199.99 - - [24/Nov/2022:04:30:33 +0100] "GET /-p-506.html HTTP/1.0" 200 73260 "-" "Mozilla/5.0 (compatible; MJ12bot/v1.4.8; http://mj12bot.com/)"
65.109.26.102 - - [24/Nov/2022:04:30:34 +0100] "GET /-p-21926.html HTTP/1.0" 200 73264 "-" "Mozilla/5.0 (compatible; MJ12bot/v1.4.8; http://mj12bot.com/)"
185.191.171.40 - - [24/Nov/2022:04:30:35 +0100] "GET /luggages-schoolbags-leather-shop-c-31.html?page=63 HTTP/1.0" 200 96406 "-" "Mozilla/5.0 (compatible; SemrushBot/7~bl; +http://www.semrush.com/bot.html)"
65.109.26.102 - - [24/Nov/2022:04:30:37 +0100] "GET /charmmy-kitty-love-reporter-bag-p-7584.html HTTP/1.0" 301 73328 "-" "Mozilla/5.0 (compatible; MJ12bot/v1.4.8; http://mj12bot.com/)"
195.201.199.99 - - [24/Nov/2022:04:30:38 +0100] "GET /-p-51942.html HTTP/1.0" 200 73264 "-" "Mozilla/5.0 (compatible; MJ12bot/v1.4.8; http://mj12bot.com/)"
157.55.39.183 - - [24/Nov/2022:04:30:39 +0100] "GET /the-good-dinosaur-suitcase-41-cm-p-33310.html HTTP/1.0" 301 73331 "-" "Mozilla/5.0 (compatible; bingbot/2.0; +http://www.bing.com/bingbot.htm)"
65.109.26.102 - - [24/Nov/2022:04:30:41 +0100] "GET /-p-7584.html HTTP/1.0" 200 73262 "-" "Mozilla/5.0 (compatible; MJ12bot/v1.4.8; http://mj12bot.com/)"
195.201.199.99 - - [24/Nov/2022:04:30:41 +0100] "GET /-p-5468.html HTTP/1.0" 200 73262 "-" "Mozilla/5.0 (compatible; MJ12bot/v1.4.8; http://mj12bot.com/)"
65.109.26.102 - - [24/Nov/2022:04:30:44 +0100] "GET /charmmy-kitty-paris-swimsuit-p-30305.html HTTP/1.0" 301 73331 "-" "Mozilla/5.0 (compatible; MJ12bot/v1.4.8; http://mj12bot.com/)"
195.201.199.99 - - [24/Nov/2022:04:30:45 +0100] "GET /-p-6806.html HTTP/1.0" 200 73262 "-" "Mozilla/5.0 (compatible; MJ12bot/v1.4.8; http://mj12bot.com/)"
65.109.26.102 - - [24/Nov/2022:04:30:47 +0100] "GET /-p-30305.html HTTP/1.0" 200 73264 "-" "Mozilla/5.0 (compatible; MJ12bot/v1.4.8; http://mj12bot.com/)"
185.191.171.11 - - [24/Nov/2022:04:30:47 +0100] "GET /retro-ceramic-flatware-beer-p-42148.html HTTP/1.0" 200 76027 "-" "Mozilla/5.0 (compatible; SemrushBot/7~bl; +http://www.semrush.com/bot.html)"
195.201.199.99 - - [24/Nov/2022:04:30:49 +0100] "GET /-p-7536.html HTTP/1.0" 200 73262 "-" "Mozilla/5.0 (compatible; MJ12bot/v1.4.8; http://mj12bot.com/)"
65.109.26.102 - - [24/Nov/2022:04:30:50 +0100] "GET /charmmy-kitty-purple-snack-bag-p-14537.html HTTP/1.0" 301 73331 "-" "Mozilla/5.0 (compatible; MJ12bot/v1.4.8; http://mj12bot.com/)"
195.201.199.99 - - [24/Nov/2022:04:30:53 +0100] "GET /-p-89.html HTTP/1.0" 200 73258 "-" "Mozilla/5.0 (compatible; MJ12bot/v1.4.8; http://mj12bot.com/)"
185.191.171.18 - - [24/Nov/2022:04:30:54 +0100] "GET /-p-45918.html HTTP/1.0" 200 73264 "-" "Mozilla/5.0 (compatible; SemrushBot/7~bl; +http://www.semrush.com/bot.html)"
65.109.26.102 - - [24/Nov/2022:04:30:55 +0100] "GET /-p-14537.html HTTP/1.0" 200 73264 "-" "Mozilla/5.0 (compatible; MJ12bot/v1.4.8; http://mj12bot.com/)"
195.201.199.99 - - [24/Nov/2022:04:30:58 +0100] "GET /-p-9315.html HTTP/1.0" 200 73262 "-" "Mozilla/5.0 (compatible; MJ12bot/v1.4.8; http://mj12bot.com/)"
65.109.26.102 - - [24/Nov/2022:04:30:58 +0100] "GET /charmmy-kitty-pussycat-clutch-bag-p-7536.html HTTP/1.0" 301 73328 "-" "Mozilla/5.0 (compatible; MJ12bot/v1.4.8; http://mj12bot.com/)"
195.201.199.99 - - [24/Nov/2022:04:31:01 +0100] "GET /african-warrior-decorative-statuette-p-55668.html HTTP/1.0" 200 77018 "-" "Mozilla/5.0 (compatible; MJ12bot/v1.4.8; http://mj12bot.com/)"
65.109.26.102 - - [24/Nov/2022:04:31:03 +0100] "GET /-p-7536.html HTTP/1.0" 200 73262 "-" "Mozilla/5.0 (compatible; MJ12bot/v1.4.8; http://mj12bot.com/)"
185.191.171.9 - - [24/Nov/2022:04:31:04 +0100] "GET /mini-flamingo-shot-glasses-p-48753.html HTTP/1.0" 200 73376 "-" "Mozilla/5.0 (compatible; SemrushBot/7~bl; +http://www.semrush.com/bot.html)"
65.109.26.102 - - [24/Nov/2022:04:31:06 +0100] "GET /charmmy-kitty-red-pajamas-size-years-p-21233.html HTTP/1.0" 301 73331 "-" "Mozilla/5.0 (compatible; MJ12bot/v1.4.8; http://mj12bot.com/)"
195.201.199.99 - - [24/Nov/2022:04:31:06 +0100] "GET /african-woman-decoration-p-54103.html HTTP/1.0" 200 73350 "-" "Mozilla/5.0 (compatible; MJ12bot/v1.4.8; http://mj12bot.com/)"
65.109.26.102 - - [24/Nov/2022:04:31:21 +0100] "GET /-p-21233.html HTTP/1.0" 200 73264 "-" "Mozilla/5.0 (compatible; MJ12bot/v1.4.8; http://mj12bot.com/)"
195.201.199.99 - - [24/Nov/2022:04:31:22 +0100] "GET /amazon-love-coin-purse-jungle-p-50273.html HTTP/1.0" 200 76962 "-" "Mozilla/5.0 (compatible; MJ12bot/v1.4.8; http://mj12bot.com/)"
65.109.26.102 - - [24/Nov/2022:04:31:26 +0100] "GET /charmmy-kitty-variable-color-tiara-p-13498.html HTTP/1.0" 200 76114 "-" "Mozilla/5.0 (compatible; MJ12bot/v1.4.8; http://mj12bot.com/)"
195.201.199.99 - - [24/Nov/2022:04:31:26 +0100] "GET /angel-salt-lamp-p-57805.html HTTP/1.0" 200 77259 "-" "Mozilla/5.0 (compatible; MJ12bot/v1.4.8; http://mj12bot.com/)"
54.36.149.38 - - [24/Nov/2022:04:31:28 +0100] "GET /kimmidoll-shopper-pink-satin-collection-p-49118.html HTTP/1.0" 200 76726 "-" "Mozilla/5.0 (compatible; AhrefsBot/7.0; +http://ahrefs.com/robot/)"
65.109.26.102 - - [24/Nov/2022:04:31:29 +0100] "GET /chat-guevara-retro-wallet-p-42671.html HTTP/1.0" 301 73331 "-" "Mozilla/5.0 (compatible; MJ12bot/v1.4.8; http://mj12bot.com/)"
195.201.199.99 - - [24/Nov/2022:04:31:30 +0100] "GET /anna-poster-p-30914.html HTTP/1.0" 200 75809 "-" "Mozilla/5.0 (compatible; MJ12bot/v1.4.8; http://mj12bot.com/)"
54.36.148.202 - - [24/Nov/2022:04:31:32 +0100] "GET /images/big_prod/8009233801202.jpg HTTP/1.0" 200 268 "-" "Mozilla/5.0 (compatible; AhrefsBot/7.0; +http://ahrefs.com/robot/)"
65.109.26.102 - - [24/Nov/2022:04:31:33 +0100] "GET /-p-42671.html HTTP/1.0" 200 73264 "-" "Mozilla/5.0 (compatible; MJ12bot/v1.4.8; http://mj12bot.com/)"
195.201.199.99 - - [24/Nov/2022:04:31:34 +0100] "GET /antique-style-resin-lamp-p-54846.html HTTP/1.0" 200 73362 "-" "Mozilla/5.0 (compatible; MJ12bot/v1.4.8; http://mj12bot.com/)"
65.109.26.102 - - [24/Nov/2022:04:31:36 +0100] "GET /chef-beer-glass-p-42843.html HTTP/1.0" 200 73336 "-" "Mozilla/5.0 (compatible; MJ12bot/v1.4.8; http://mj12bot.com/)"
65.109.26.102 - - [24/Nov/2022:04:31:39 +0100] "GET /chevrolet-metal-plate-deco-p-45219.html HTTP/1.0" 200 76000 "-" "Mozilla/5.0 (compatible; MJ12bot/v1.4.8; http://mj12bot.com/)"
195.201.199.99 - - [24/Nov/2022:04:31:40 +0100] "GET /anya-bedclothes-p-55162.html HTTP/1.0" 200 73330 "-" "Mozilla/5.0 (compatible; MJ12bot/v1.4.8; http://mj12bot.com/)"
54.36.148.70 - - [24/Nov/2022:04:31:41 +0100] "GET /teo-jasmin-jasmine-rockabilly-companion-portfolio-p-39129.html HTTP/1.0" 301 77110 "-" "Mozilla/5.0 (compatible; AhrefsBot/7.0; +http://ahrefs.com/robot/)"
65.109.26.102 - - [24/Nov/2022:04:31:42 +0100] "GET /chewbacca-miniature-figure-p-29889.html HTTP/1.0" 301 73331 "-" "Mozilla/5.0 (compatible; MJ12bot/v1.4.8; http://mj12bot.com/)"
185.191.171.39 - - [24/Nov/2022:04:31:44 +0100] "GET /brass-patinated-handing-bells-ganesh-p-42002.html HTTP/1.0" 200 76667 "-" "Mozilla/5.0 (compatible; SemrushBot/7~bl; +http://www.semrush.com/bot.html)"
195.201.199.99 - - [24/Nov/2022:04:31:44 +0100] "GET /armand-elephant-nightlight-p-57819.html HTTP/1.0" 200 76746 "-" "Mozilla/5.0 (compatible; MJ12bot/v1.4.8; http://mj12bot.com/)"
65.109.26.102 - - [24/Nov/2022:04:31:45 +0100] "GET /-p-29889.html HTTP/1.0" 200 73264 "-" "Mozilla/5.0 (compatible; MJ12bot/v1.4.8; http://mj12bot.com/)"
185.191.171.4 - - [24/Nov/2022:04:31:47 +0100] "GET /skull-sailor-moneybox-black-p-32589.html HTTP/1.0" 200 75923 "-" "Mozilla/5.0 (compatible; SemrushBot/7~bl; +http://www.semrush.com/bot.html)"
114.119.130.87 - - [24/Nov/2022:04:31:47 +0100] "GET /decorative-snail-magnesia-p-44674.html HTTP/1.0" 200 76085 "http://www.wonder-geek.com/figurines-statuettes-statues-decoration-collection-c-292.html?page=8" "Mozilla/5.0 (Linux; Android 7.0;) AppleWebKit/537.36 (KHTML, like Gecko) Mobile Safari/537.36 (compatible; PetalBot;+https://webmaster.petalsearch.com/site/petalbot)"
195.201.199.99 - - [24/Nov/2022:04:31:48 +0100] "GET /au-nom-des-bieres-coasters-p-50290.html HTTP/1.0" 301 76006 "-" "Mozilla/5.0 (compatible; MJ12bot/v1.4.8; http://mj12bot.com/)"
65.109.26.102 - - [24/Nov/2022:04:31:50 +0100] "GET /chez-georges-clounet-placemat-p-19931.html HTTP/1.0" 301 73331 "-" "Mozilla/5.0 (compatible; MJ12bot/v1.4.8; http://mj12bot.com/)"
195.201.199.99 - - [24/Nov/2022:04:31:51 +0100] "GET /bires-coasters-p-50290.html HTTP/1.0" 200 75925 "-" "Mozilla/5.0 (compatible; MJ12bot/v1.4.8; http://mj12bot.com/)"
65.109.26.102 - - [24/Nov/2022:04:31:52 +0100] "GET /-p-19931.html HTTP/1.0" 200 73264 "-" "Mozilla/5.0 (compatible; MJ12bot/v1.4.8; http://mj12bot.com/)"
195.201.199.99 - - [24/Nov/2022:04:31:55 +0100] "GET /baltique-bedclothes-220-240-cm-p-42857.html HTTP/1.0" 301 73424 "-" "Mozilla/5.0 (compatible; MJ12bot/v1.4.8; http://mj12bot.com/)"
65.109.26.102 - - [24/Nov/2022:04:31:56 +0100] "GET /chez-georges-clounet-placemat-p-33091.html HTTP/1.0" 301 73331 "-" "Mozilla/5.0 (compatible; MJ12bot/v1.4.8; http://mj12bot.com/)"
65.109.26.102 - - [24/Nov/2022:04:31:59 +0100] "GET /-p-33091.html HTTP/1.0" 200 73264 "-" "Mozilla/5.0 (compatible; MJ12bot/v1.4.8; http://mj12bot.com/)"
195.201.199.99 - - [24/Nov/2022:04:32:00 +0100] "GET /baltique-bedclothes-p-42857.html HTTP/1.0" 200 73338 "-" "Mozilla/5.0 (compatible; MJ12bot/v1.4.8; http://mj12bot.com/)"
65.109.26.102 - - [24/Nov/2022:04:32:02 +0100] "GET /chime-dragonfly-metal-and-glass-green-p-37202.html HTTP/1.0" 301 73331 "-" "Mozilla/5.0 (compatible; MJ12bot/v1.4.8; http://mj12bot.com/)"
195.201.199.99 - - [24/Nov/2022:04:32:04 +0100] "GET /baltique-bedclothes-p-42857.html HTTP/1.0" 200 73338 "-" "Mozilla/5.0 (compatible; MJ12bot/v1.4.8; http://mj12bot.com/)"
65.109.26.102 - - [24/Nov/2022:04:32:05 +0100] "GET /-p-37202.html HTTP/1.0" 200 73264 "-" "Mozilla/5.0 (compatible; MJ12bot/v1.4.8; http://mj12bot.com/)"
195.201.199.99 - - [24/Nov/2022:04:32:08 +0100] "GET /bamboo-fiber-plant-cover-p-51942.html HTTP/1.0" 301 73331 "-" "Mozilla/5.0 (compatible; MJ12bot/v1.4.8; http://mj12bot.com/)"
65.109.26.102 - - [24/Nov/2022:04:32:08 +0100] "GET /chime-dragonfly-metal-glass-green-p-37202.html HTTP/1.0" 301 73331 "-" "Mozilla/5.0 (compatible; MJ12bot/v1.4.8; http://mj12bot.com/)"
65.109.26.102 - - [24/Nov/2022:04:32:11 +0100] "GET /-p-37202.html HTTP/1.0" 200 73264 "-" "Mozilla/5.0 (compatible; MJ12bot/v1.4.8; http://mj12bot.com/)"
195.201.199.99 - - [24/Nov/2022:04:32:12 +0100] "GET /-p-51942.html HTTP/1.0" 200 73264 "-" "Mozilla/5.0 (compatible; MJ12bot/v1.4.8; http://mj12bot.com/)"
65.109.26.102 - - [24/Nov/2022:04:32:14 +0100] "GET /chime-metal-glass-green-p-37204.html HTTP/1.0" 200 76015 "-" "Mozilla/5.0 (compatible; MJ12bot/v1.4.8; http://mj12bot.com/)"
195.201.199.99 - - [24/Nov/2022:04:32:16 +0100] "GET /bamboo-fiber-plant-cover-p-54399.html HTTP/1.0" 200 76540 "-" "Mozilla/5.0 (compatible; MJ12bot/v1.4.8; http://mj12bot.com/)"
65.109.26.102 - - [24/Nov/2022:04:32:17 +0100] "GET /chime-owl-metal-and-glass-green-p-37204.html HTTP/1.0" 301 76105 "-" "Mozilla/5.0 (compatible; MJ12bot/v1.4.8; http://mj12bot.com/)"
195.201.199.99 - - [24/Nov/2022:04:32:20 +0100] "GET /bamboo-fiber-plant-cover-p-54403.html HTTP/1.0" 200 73350 "-" "Mozilla/5.0 (compatible; MJ12bot/v1.4.8; http://mj12bot.com/)"
65.109.26.102 - - [24/Nov/2022:04:32:20 +0100] "GET /chime-metal-glass-green-p-37204.html HTTP/1.0" 200 76015 "-" "Mozilla/5.0 (compatible; MJ12bot/v1.4.8; http://mj12bot.com/)"
195.201.199.99 - - [24/Nov/2022:04:32:24 +0100] "GET /bamboo-fiber-plant-cover-p-54406.html HTTP/1.0" 200 73350 "-" "Mozilla/5.0 (compatible; MJ12bot/v1.4.8; http://mj12bot.com/)"
65.109.26.102 - - [24/Nov/2022:04:32:24 +0100] "GET /chin-card-p-20033.html HTTP/1.0" 200 75886 "-" "Mozilla/5.0 (compatible; MJ12bot/v1.4.8; http://mj12bot.com/)"
65.109.26.102 - - [24/Nov/2022:04:32:27 +0100] "GET /chipmunk-statuette-shore-p-58368.html HTTP/1.0" 200 77374 "-" "Mozilla/5.0 (compatible; MJ12bot/v1.4.8; http://mj12bot.com/)"
195.201.199.99 - - [24/Nov/2022:04:32:27 +0100] "GET /bamboo-fiber-plant-cover-p-55173.html HTTP/1.0" 200 76539 "-" "Mozilla/5.0 (compatible; MJ12bot/v1.4.8; http://mj12bot.com/)"
65.109.26.102 - - [24/Nov/2022:04:32:30 +0100] "GET /chipmunk-statuette-shore-p-58370.html HTTP/1.0" 200 77374 "-" "Mozilla/5.0 (compatible; MJ12bot/v1.4.8; http://mj12bot.com/)"
195.201.199.99 - - [24/Nov/2022:04:32:31 +0100] "GET /bamboo-fiber-plant-cover-p-55177.html HTTP/1.0" 200 76539 "-" "Mozilla/5.0 (compatible; MJ12bot/v1.4.8; http://mj12bot.com/)"
65.109.26.102 - - [24/Nov/2022:04:32:33 +0100] "GET /chloe-lili-petrol-mug-p-30433.html HTTP/1.0" 301 76560 "-" "Mozilla/5.0 (compatible; MJ12bot/v1.4.8; http://mj12bot.com/)"
195.201.199.99 - - [24/Nov/2022:04:32:35 +0100] "GET /bamboo-fiber-plant-cover-p-55178.html HTTP/1.0" 200 73350 "-" "Mozilla/5.0 (compatible; MJ12bot/v1.4.8; http://mj12bot.com/)"
65.109.26.102 - - [24/Nov/2022:04:32:36 +0100] "GET /chloe-lili-petrol-p-30433.html HTTP/1.0" 200 76476 "-" "Mozilla/5.0 (compatible; MJ12bot/v1.4.8; http://mj12bot.com/)"
65.109.26.102 - - [24/Nov/2022:04:32:39 +0100] "GET /chocolat-menier-large-metal-plate-30-40-cm-p-27381.html HTTP/1.0" 301 73553 "-" "Mozilla/5.0 (compatible; MJ12bot/v1.4.8; http://mj12bot.com/)"
195.201.199.99 - - [24/Nov/2022:04:32:40 +0100] "GET /bamboo-fiber-plant-cover-p-55180.html HTTP/1.0" 200 73350 "-" "Mozilla/5.0 (compatible; MJ12bot/v1.4.8; http://mj12bot.com/)"
65.109.26.102 - - [24/Nov/2022:04:32:42 +0100] "GET /chocolat-menier-large-metal-plate-p-27381.html HTTP/1.0" 200 73453 "-" "Mozilla/5.0 (compatible; MJ12bot/v1.4.8; http://mj12bot.com/)"
195.201.199.99 - - [24/Nov/2022:04:32:44 +0100] "GET /bamboo-pot-exotic-spirit-tropical-flowers-p-49322.html HTTP/1.0" 301 76179 "-" "Mozilla/5.0 (compatible; MJ12bot/v1.4.8; http://mj12bot.com/)"
65.109.26.102 - - [24/Nov/2022:04:32:45 +0100] "GET /chocolat-menier-large-metal-plate-p-27381.html HTTP/1.0" 200 73453 "-" "Mozilla/5.0 (compatible; MJ12bot/v1.4.8; http://mj12bot.com/)"
195.201.199.99 - - [24/Nov/2022:04:32:48 +0100] "GET /bamboo-exotic-spirit-tropical-flowers-p-49322.html HTTP/1.0" 200 76075 "-" "Mozilla/5.0 (compatible; MJ12bot/v1.4.8; http://mj12bot.com/)"
65.109.26.102 - - [24/Nov/2022:04:32:48 +0100] "GET /chocolat-menier-metal-plate-p-30399.html HTTP/1.0" 301 73331 "-" "Mozilla/5.0 (compatible; MJ12bot/v1.4.8; http://mj12bot.com/)"
65.109.26.102 - - [24/Nov/2022:04:32:51 +0100] "GET /-p-30399.html HTTP/1.0" 200 73264 "-" "Mozilla/5.0 (compatible; MJ12bot/v1.4.8; http://mj12bot.com/)"
195.201.199.99 - - [24/Nov/2022:04:32:51 +0100] "GET /bamboo-pot-tropical-leaf-mix-p-49306.html HTTP/1.0" 301 73441 "-" "Mozilla/5.0 (compatible; MJ12bot/v1.4.8; http://mj12bot.com/)"
65.109.26.102 - - [24/Nov/2022:04:32:54 +0100] "GET /chocolat-suchard-large-metal-plate-30-40-cm-p-27382.html HTTP/1.0" 301 73331 "-" "Mozilla/5.0 (compatible; MJ12bot/v1.4.8; http://mj12bot.com/)"
195.201.199.99 - - [24/Nov/2022:04:32:55 +0100] "GET /bamboo-tropical-leaf-p-49306.html HTTP/1.0" 200 73354 "-" "Mozilla/5.0 (compatible; MJ12bot/v1.4.8; http://mj12bot.com/)"
65.109.26.102 - - [24/Nov/2022:04:32:57 +0100] "GET /-p-27382.html HTTP/1.0" 200 73264 "-" "Mozilla/5.0 (compatible; MJ12bot/v1.4.8; http://mj12bot.com/)"
195.201.199.99 - - [24/Nov/2022:04:32:59 +0100] "GET /bamboo-pot-tropical-palm-leaves-kentia-p-49307.html HTTP/1.0" 301 73331 "-" "Mozilla/5.0 (compatible; MJ12bot/v1.4.8; http://mj12bot.com/)"
65.109.26.102 - - [24/Nov/2022:04:33:00 +0100] "GET /chocolate-penguin-roly-poly-metal-box-p-32422.html HTTP/1.0" 301 73331 "-" "Mozilla/5.0 (compatible; MJ12bot/v1.4.8; http://mj12bot.com/)"
195.201.199.99 - - [24/Nov/2022:04:33:02 +0100] "GET /-p-49307.html HTTP/1.0" 200 73264 "-" "Mozilla/5.0 (compatible; MJ12bot/v1.4.8; http://mj12bot.com/)"
65.109.26.102 - - [24/Nov/2022:04:33:03 +0100] "GET /-p-32422.html HTTP/1.0" 200 73264 "-" "Mozilla/5.0 (compatible; MJ12bot/v1.4.8; http://mj12bot.com/)"
159.75.102.74 - - [24/Nov/2022:04:33:04 +0100] "GET /images/mini_prod/3014627830152.jpg HTTP/1.0" 200 269 "-" "Mozilla/5.0 (X11; Ubuntu; Linux x86_64; rv:72.0) Gecko/20100101 Firefox/72.0"
185.191.171.3 - - [24/Nov/2022:04:33:04 +0100] "GET /zinc-look-metal-flowerpot-cover-pumpkin-green-p-55462.html HTTP/1.0" 200 73426 "-" "Mozilla/5.0 (compatible; SemrushBot/7~bl; +http://www.semrush.com/bot.html)"
65.109.26.102 - - [24/Nov/2022:04:33:05 +0100] "GET /chocolates-spoons-set-p-24880.html HTTP/1.0" 301 75926 "-" "Mozilla/5.0 (compatible; MJ12bot/v1.4.8; http://mj12bot.com/)"
195.201.199.99 - - [24/Nov/2022:04:33:07 +0100] "GET /bamboo-tropical-leaf-p-49306.html HTTP/1.0" 200 73354 "-" "Mozilla/5.0 (compatible; MJ12bot/v1.4.8; http://mj12bot.com/)"
65.109.26.102 - - [24/Nov/2022:04:33:08 +0100] "GET /chocolates-spoons-p-24880.html HTTP/1.0" 200 75842 "-" "Mozilla/5.0 (compatible; MJ12bot/v1.4.8; http://mj12bot.com/)"
195.201.199.99 - - [24/Nov/2022:04:33:10 +0100] "GET /banania-large-metal-plate-p-27377.html HTTP/1.0" 200 75943 "-" "Mozilla/5.0 (compatible; MJ12bot/v1.4.8; http://mj12bot.com/)"
114.119.166.166 - - [24/Nov/2022:04:33:11 +0100] "GET /jasmin-pencil-case-p-31568.html HTTP/1.0" 200 75973 "http://www.wonder-geek.com/luggages-schoolbags-leather-shop-c-31.html?page=48" "Mozilla/5.0 (Linux; Android 7.0;) AppleWebKit/537.36 (KHTML, like Gecko) Mobile Safari/537.36 (compatible; PetalBot;+https://webmaster.petalsearch.com/site/petalbot)"
65.109.26.102 - - [24/Nov/2022:04:33:11 +0100] "GET /choupi-backpack-p-29764.html HTTP/1.0" 301 73331 "-" "Mozilla/5.0 (compatible; MJ12bot/v1.4.8; http://mj12bot.com/)"
65.109.26.102 - - [24/Nov/2022:04:33:14 +0100] "GET /-p-29764.html HTTP/1.0" 200 73264 "-" "Mozilla/5.0 (compatible; MJ12bot/v1.4.8; http://mj12bot.com/)"
195.201.199.99 - - [24/Nov/2022:04:33:14 +0100] "GET /banania-large-metal-plate-p-27378.html HTTP/1.0" 200 75980 "-" "Mozilla/5.0 (compatible; MJ12bot/v1.4.8; http://mj12bot.com/)"
65.109.26.102 - - [24/Nov/2022:04:33:16 +0100] "GET /choupi-children-bench-with-storage-p-27887.html HTTP/1.0" 200 73437 "-" "Mozilla/5.0 (compatible; MJ12bot/v1.4.8; http://mj12bot.com/)"
195.201.199.99 - - [24/Nov/2022:04:33:19 +0100] "GET /barbapapa-pencil-case-p-26521.html HTTP/1.0" 301 73331 "-" "Mozilla/5.0 (compatible; MJ12bot/v1.4.8; http://mj12bot.com/)"
65.109.26.102 - - [24/Nov/2022:04:33:19 +0100] "GET /choupi-pair-of-socks-size-24-26-p-27511.html HTTP/1.0" 301 73331 "-" "Mozilla/5.0 (compatible; MJ12bot/v1.4.8; http://mj12bot.com/)"
65.109.26.102 - - [24/Nov/2022:04:33:22 +0100] "GET /-p-27511.html HTTP/1.0" 200 73264 "-" "Mozilla/5.0 (compatible; MJ12bot/v1.4.8; http://mj12bot.com/)"
185.191.171.38 - - [24/Nov/2022:04:33:22 +0100] "GET /wooden-range-bottle-style-pink-p-35876.html HTTP/1.0" 200 73429 "-" "Mozilla/5.0 (compatible; SemrushBot/7~bl; +http://www.semrush.com/bot.html)"
195.201.199.99 - - [24/Nov/2022:04:33:23 +0100] "GET /-p-26521.html HTTP/1.0" 200 73264 "-" "Mozilla/5.0 (compatible; MJ12bot/v1.4.8; http://mj12bot.com/)"
65.109.26.102 - - [24/Nov/2022:04:33:25 +0100] "GET /choupi-pairs-of-socks-size-18-20-p-25451.html HTTP/1.0" 301 73331 "-" "Mozilla/5.0 (compatible; MJ12bot/v1.4.8; http://mj12bot.com/)"
195.201.199.99 - - [24/Nov/2022:04:33:27 +0100] "GET /barbapapa-pencil-case-p-5468.html HTTP/1.0" 301 73328 "-" "Mozilla/5.0 (compatible; MJ12bot/v1.4.8; http://mj12bot.com/)"
65.109.26.102 - - [24/Nov/2022:04:33:28 +0100] "GET /-p-25451.html HTTP/1.0" 200 73264 "-" "Mozilla/5.0 (compatible; MJ12bot/v1.4.8; http://mj12bot.com/)"
195.201.199.99 - - [24/Nov/2022:04:33:30 +0100] "GET /-p-5468.html HTTP/1.0" 200 73262 "-" "Mozilla/5.0 (compatible; MJ12bot/v1.4.8; http://mj12bot.com/)"
65.109.26.102 - - [24/Nov/2022:04:33:31 +0100] "GET /choupi-pairs-of-socks-size-18-20-p-25455.html HTTP/1.0" 301 73331 "-" "Mozilla/5.0 (compatible; MJ12bot/v1.4.8; http://mj12bot.com/)"
65.109.26.102 - - [24/Nov/2022:04:33:33 +0100] "GET /-p-25455.html HTTP/1.0" 200 73264 "-" "Mozilla/5.0 (compatible; MJ12bot/v1.4.8; http://mj12bot.com/)"
195.201.199.99 - - [24/Nov/2022:04:33:34 +0100] "GET /barbapapa-personal-diary-with-magic-pen-p-11460.html HTTP/1.0" 301 73331 "-" "Mozilla/5.0 (compatible; MJ12bot/v1.4.8; http://mj12bot.com/)"
65.109.26.102 - - [24/Nov/2022:04:33:36 +0100] "GET /choupi-table-p-27885.html HTTP/1.0" 200 75860 "-" "Mozilla/5.0 (compatible; MJ12bot/v1.4.8; http://mj12bot.com/)"
195.201.199.99 - - [24/Nov/2022:04:33:38 +0100] "GET /-p-11460.html HTTP/1.0" 200 73264 "-" "Mozilla/5.0 (compatible; MJ12bot/v1.4.8; http://mj12bot.com/)"
65.109.26.102 - - [24/Nov/2022:04:33:39 +0100] "GET /christmas-2015-figurine-sonny-angel-p-32515.html HTTP/1.0" 301 73331 "-" "Mozilla/5.0 (compatible; MJ12bot/v1.4.8; http://mj12bot.com/)"
195.201.199.99 - - [24/Nov/2022:04:33:42 +0100] "GET /barbapapa-pink-insulated-cooler-p-14513.html HTTP/1.0" 301 73331 "-" "Mozilla/5.0 (compatible; MJ12bot/v1.4.8; http://mj12bot.com/)"
65.109.26.102 - - [24/Nov/2022:04:33:42 +0100] "GET /-p-32515.html HTTP/1.0" 200 73264 "-" "Mozilla/5.0 (compatible; MJ12bot/v1.4.8; http://mj12bot.com/)"
54.36.148.114 - - [24/Nov/2022:04:33:42 +0100] "GET /flamingo-teapot-p-42251.html HTTP/1.0" 200 75801 "-" "Mozilla/5.0 (compatible; AhrefsBot/7.0; +http://ahrefs.com/robot/)"
65.109.26.102 - - [24/Nov/2022:04:33:45 +0100] "GET /christmas-decoration-small-snow-globe-p-31898.html HTTP/1.0" 301 73331 "-" "Mozilla/5.0 (compatible; MJ12bot/v1.4.8; http://mj12bot.com/)"
195.201.199.99 - - [24/Nov/2022:04:33:46 +0100] "GET /-p-14513.html HTTP/1.0" 200 73264 "-" "Mozilla/5.0 (compatible; MJ12bot/v1.4.8; http://mj12bot.com/)"
65.109.26.102 - - [24/Nov/2022:04:33:48 +0100] "GET /-p-31898.html HTTP/1.0" 200 73264 "-" "Mozilla/5.0 (compatible; MJ12bot/v1.4.8; http://mj12bot.com/)"
195.201.199.99 - - [24/Nov/2022:04:33:49 +0100] "GET /barbapapa-pink-musical-jewelry-box-p-16458.html HTTP/1.0" 301 73331 "-" "Mozilla/5.0 (compatible; MJ12bot/v1.4.8; http://mj12bot.com/)"
65.109.26.102 - - [24/Nov/2022:04:33:50 +0100] "GET /christmas-decoration-small-snow-globe-p-31899.html HTTP/1.0" 301 73331 "-" "Mozilla/5.0 (compatible; MJ12bot/v1.4.8; http://mj12bot.com/)"
65.109.26.102 - - [24/Nov/2022:04:33:53 +0100] "GET /-p-31899.html HTTP/1.0" 200 73264 "-" "Mozilla/5.0 (compatible; MJ12bot/v1.4.8; http://mj12bot.com/)"
195.201.199.99 - - [24/Nov/2022:04:33:53 +0100] "GET /-p-16458.html HTTP/1.0" 200 73264 "-" "Mozilla/5.0 (compatible; MJ12bot/v1.4.8; http://mj12bot.com/)"
65.109.26.102 - - [24/Nov/2022:04:33:56 +0100] "GET /christmas-decoration-small-snow-globe-p-31901.html HTTP/1.0" 301 73331 "-" "Mozilla/5.0 (compatible; MJ12bot/v1.4.8; http://mj12bot.com/)"
195.201.199.99 - - [24/Nov/2022:04:33:57 +0100] "GET /barbapapa-polar-blanket-p-6806.html HTTP/1.0" 301 73328 "-" "Mozilla/5.0 (compatible; MJ12bot/v1.4.8; http://mj12bot.com/)"
65.109.26.102 - - [24/Nov/2022:04:33:59 +0100] "GET /-p-31901.html HTTP/1.0" 200 73264 "-" "Mozilla/5.0 (compatible; MJ12bot/v1.4.8; http://mj12bot.com/)"
195.201.199.99 - - [24/Nov/2022:04:34:00 +0100] "GET /-p-6806.html HTTP/1.0" 200 73262 "-" "Mozilla/5.0 (compatible; MJ12bot/v1.4.8; http://mj12bot.com/)"
65.109.26.102 - - [24/Nov/2022:04:34:01 +0100] "GET /christmas-figurine-sonny-delivery-november-p-32515.html HTTP/1.0" 301 73331 "-" "Mozilla/5.0 (compatible; MJ12bot/v1.4.8; http://mj12bot.com/)"
65.109.26.102 - - [24/Nov/2022:04:34:04 +0100] "GET /-p-32515.html HTTP/1.0" 200 73264 "-" "Mozilla/5.0 (compatible; MJ12bot/v1.4.8; http://mj12bot.com/)"
185.191.171.37 - - [24/Nov/2022:04:34:04 +0100] "GET /decorative-wooden-plate-donkey-corsica-yellow-blue-p-47839.html HTTP/1.0" 200 76404 "-" "Mozilla/5.0 (compatible; SemrushBot/7~bl; +http://www.semrush.com/bot.html)"
195.201.199.99 - - [24/Nov/2022:04:34:04 +0100] "GET /baskets-c-13_289.html?page=2 HTTP/1.0" 200 93833 "-" "Mozilla/5.0 (compatible; MJ12bot/v1.4.8; http://mj12bot.com/)"
