65.21.232.254 - - [20/Dec/2022:05:58:09 +0100] "GET /burlap-round-table-corsica-p-50936.html HTTP/1.0" 200 76543 "-" "Mozilla/5.0 (compatible; MJ12bot/v1.4.8; http://mj12bot.com/)"
65.21.232.254 - - [20/Dec/2022:05:58:12 +0100] "GET /burlap-round-table-set-corsica-p-50937.html HTTP/1.0" 301 73331 "-" "Mozilla/5.0 (compatible; MJ12bot/v1.4.8; http://mj12bot.com/)"
65.21.232.254 - - [20/Dec/2022:05:58:15 +0100] "GET /-p-50937.html HTTP/1.0" 200 73264 "-" "Mozilla/5.0 (compatible; MJ12bot/v1.4.8; http://mj12bot.com/)"
65.21.232.254 - - [20/Dec/2022:05:58:18 +0100] "GET /burlap-round-table-set-moor-head-p-50935.html HTTP/1.0" 301 76062 "-" "Mozilla/5.0 (compatible; MJ12bot/v1.4.8; http://mj12bot.com/)"
54.36.148.172 - - [20/Dec/2022:05:58:19 +0100] "GET /household-linen/polar-blankets-blankets-c-5_11_73.html HTTP/1.0" 301 93397 "-" "Mozilla/5.0 (compatible; AhrefsBot/7.0; +http://ahrefs.com/robot/)"
65.21.232.254 - - [20/Dec/2022:05:58:20 +0100] "GET /burlap-round-table-moor-head-p-50935.html HTTP/1.0" 200 75967 "-" "Mozilla/5.0 (compatible; MJ12bot/v1.4.8; http://mj12bot.com/)"
65.21.232.254 - - [20/Dec/2022:05:58:23 +0100] "GET /burlap-round-table-set-p-50961.html HTTP/1.0" 301 73331 "-" "Mozilla/5.0 (compatible; MJ12bot/v1.4.8; http://mj12bot.com/)"
65.21.232.254 - - [20/Dec/2022:05:58:26 +0100] "GET /-p-50961.html HTTP/1.0" 200 73264 "-" "Mozilla/5.0 (compatible; MJ12bot/v1.4.8; http://mj12bot.com/)"
65.21.232.254 - - [20/Dec/2022:05:58:28 +0100] "GET /burlap-round-table-set-p-50962.html HTTP/1.0" 301 73331 "-" "Mozilla/5.0 (compatible; MJ12bot/v1.4.8; http://mj12bot.com/)"
65.21.232.254 - - [20/Dec/2022:05:58:31 +0100] "GET /-p-50962.html HTTP/1.0" 200 73264 "-" "Mozilla/5.0 (compatible; MJ12bot/v1.4.8; http://mj12bot.com/)"
65.21.232.254 - - [20/Dec/2022:05:58:34 +0100] "GET /butterfly-wall-decoration-43-34-cm-yellow-p-48802.html HTTP/1.0" 301 76166 "-" "Mozilla/5.0 (compatible; MJ12bot/v1.4.8; http://mj12bot.com/)"
65.21.232.254 - - [20/Dec/2022:05:58:37 +0100] "GET /butterfly-wall-decoration-yellow-p-48802.html HTTP/1.0" 200 76067 "-" "Mozilla/5.0 (compatible; MJ12bot/v1.4.8; http://mj12bot.com/)"
65.21.232.254 - - [20/Dec/2022:05:58:40 +0100] "GET /butterfly-wall-decoration-yellow-p-48802.html HTTP/1.0" 200 76067 "-" "Mozilla/5.0 (compatible; MJ12bot/v1.4.8; http://mj12bot.com/)"
65.21.232.254 - - [20/Dec/2022:05:58:43 +0100] "GET /california-burgundy-shoulder-bag-p-37120.html HTTP/1.0" 301 73331 "-" "Mozilla/5.0 (compatible; MJ12bot/v1.4.8; http://mj12bot.com/)"
54.36.148.193 - - [20/Dec/2022:05:58:43 +0100] "GET /simpsons-pairs-of-socks-size-23-26-p-25615.html HTTP/1.0" 301 73331 "-" "Mozilla/5.0 (compatible; AhrefsBot/7.0; +http://ahrefs.com/robot/)"
65.21.232.254 - - [20/Dec/2022:05:58:45 +0100] "GET /-p-37120.html HTTP/1.0" 200 73264 "-" "Mozilla/5.0 (compatible; MJ12bot/v1.4.8; http://mj12bot.com/)"
65.21.232.254 - - [20/Dec/2022:05:58:48 +0100] "GET /california-burgundy-shoulder-p-37120.html HTTP/1.0" 301 73331 "-" "Mozilla/5.0 (compatible; MJ12bot/v1.4.8; http://mj12bot.com/)"
65.21.232.254 - - [20/Dec/2022:05:58:51 +0100] "GET /-p-37120.html HTTP/1.0" 200 73264 "-" "Mozilla/5.0 (compatible; MJ12bot/v1.4.8; http://mj12bot.com/)"
65.21.232.254 - - [20/Dec/2022:05:58:54 +0100] "GET /candle-hours-sandalwood-vanilla-p-37310.html HTTP/1.0" 200 73404 "-" "Mozilla/5.0 (compatible; MJ12bot/v1.4.8; http://mj12bot.com/)"
54.36.149.101 - - [20/Dec/2022:05:58:55 +0100] "GET /little-white-moustache-ring-p-18695.html HTTP/1.0" 200 76384 "-" "Mozilla/5.0 (compatible; AhrefsBot/7.0; +http://ahrefs.com/robot/)"
65.21.232.254 - - [20/Dec/2022:05:58:56 +0100] "GET /candle-hours-true-enchantment-p-33051.html HTTP/1.0" 200 73427 "-" "Mozilla/5.0 (compatible; MJ12bot/v1.4.8; http://mj12bot.com/)"
54.36.148.157 - - [20/Dec/2022:05:59:01 +0100] "GET /images/3384456585081.jpg HTTP/1.0" 200 259 "-" "Mozilla/5.0 (compatible; AhrefsBot/7.0; +http://ahrefs.com/robot/)"
65.21.232.254 - - [20/Dec/2022:05:58:59 +0100] "GET /candle-the-virgin-and-child-p-48670.html HTTP/1.0" 301 76042 "-" "Mozilla/5.0 (compatible; MJ12bot/v1.4.8; http://mj12bot.com/)"
65.21.232.254 - - [20/Dec/2022:05:59:02 +0100] "GET /candle-virgin-child-p-48670.html HTTP/1.0" 200 75956 "-" "Mozilla/5.0 (compatible; MJ12bot/v1.4.8; http://mj12bot.com/)"
65.21.232.254 - - [20/Dec/2022:05:59:05 +0100] "GET /candle-the-virgin-and-child-p-48671.html HTTP/1.0" 301 76042 "-" "Mozilla/5.0 (compatible; MJ12bot/v1.4.8; http://mj12bot.com/)"
185.191.171.21 - - [20/Dec/2022:05:59:06 +0100] "GET /vanity-jasmin-jasmine-apache-p-43153.html HTTP/1.0" 200 73366 "-" "Mozilla/5.0 (compatible; SemrushBot/7~bl; +http://www.semrush.com/bot.html)"
65.21.232.254 - - [20/Dec/2022:05:59:08 +0100] "GET /candle-virgin-child-p-48671.html HTTP/1.0" 200 75956 "-" "Mozilla/5.0 (compatible; MJ12bot/v1.4.8; http://mj12bot.com/)"
65.21.232.254 - - [20/Dec/2022:05:59:11 +0100] "GET /candle-virgin-child-p-48670.html HTTP/1.0" 200 75956 "-" "Mozilla/5.0 (compatible; MJ12bot/v1.4.8; http://mj12bot.com/)"
65.21.232.254 - - [20/Dec/2022:05:59:14 +0100] "GET /candle-virgin-child-p-48671.html HTTP/1.0" 200 75956 "-" "Mozilla/5.0 (compatible; MJ12bot/v1.4.8; http://mj12bot.com/)"
66.249.64.242 - - [20/Dec/2022:05:59:16 +0100] "GET /marseille-ashtray-p-42892.html HTTP/1.0" 200 76428 "-" "Mozilla/5.0 (compatible; Googlebot/2.1; +http://www.google.com/bot.html)"
65.21.232.254 - - [20/Dec/2022:05:59:17 +0100] "GET /card-holder-eagle-p-46437.html HTTP/1.0" 200 76670 "-" "Mozilla/5.0 (compatible; MJ12bot/v1.4.8; http://mj12bot.com/)"
65.21.232.254 - - [20/Dec/2022:05:59:20 +0100] "GET /card-holder-york-motor-p-46438.html HTTP/1.0" 200 76752 "-" "Mozilla/5.0 (compatible; MJ12bot/v1.4.8; http://mj12bot.com/)"
65.21.232.254 - - [20/Dec/2022:05:59:23 +0100] "GET /cars-ball-filled-p-11526.html HTTP/1.0" 200 76290 "-" "Mozilla/5.0 (compatible; MJ12bot/v1.4.8; http://mj12bot.com/)"
61.77.32.97 - - [20/Dec/2022:05:59:25 +0100] "GET /images/mini_prod/8424001505364.jpg HTTP/1.0" 200 269 "-" "Mozilla/5.0 (X11; Ubuntu; Linux x86_64; rv:72.0) Gecko/20100101 Firefox/72.0"
65.21.232.254 - - [20/Dec/2022:05:59:26 +0100] "GET /cbkreation-p-37843.html HTTP/1.0" 200 75877 "-" "Mozilla/5.0 (compatible; MJ12bot/v1.4.8; http://mj12bot.com/)"
65.21.232.254 - - [20/Dec/2022:05:59:29 +0100] "GET /cement-cover-black-p-57985.html HTTP/1.0" 301 76593 "-" "Mozilla/5.0 (compatible; MJ12bot/v1.4.8; http://mj12bot.com/)"
65.21.232.254 - - [20/Dec/2022:05:59:31 +0100] "GET /cement-cover-dark-gray-p-57985.html HTTP/1.0" 200 76504 "-" "Mozilla/5.0 (compatible; MJ12bot/v1.4.8; http://mj12bot.com/)"
65.21.232.254 - - [20/Dec/2022:05:59:34 +0100] "GET /cement-cover-dark-gray-p-57985.html HTTP/1.0" 200 76504 "-" "Mozilla/5.0 (compatible; MJ12bot/v1.4.8; http://mj12bot.com/)"
65.21.232.254 - - [20/Dec/2022:05:59:37 +0100] "GET /cement-tile-stickers-p-58014.html HTTP/1.0" 200 76834 "-" "Mozilla/5.0 (compatible; MJ12bot/v1.4.8; http://mj12bot.com/)"
65.21.232.254 - - [20/Dec/2022:05:59:40 +0100] "GET /christmas-marie-personality-pose-figurine-p-58877.html HTTP/1.0" 200 77388 "-" "Mozilla/5.0 (compatible; MJ12bot/v1.4.8; http://mj12bot.com/)"
65.21.232.254 - - [20/Dec/2022:05:59:43 +0100] "GET /coca-cola-small-metal-plate-p-27978.html HTTP/1.0" 200 73362 "-" "Mozilla/5.0 (compatible; MJ12bot/v1.4.8; http://mj12bot.com/)"
65.21.232.254 - - [20/Dec/2022:05:59:46 +0100] "GET /coca-cola-small-metal-plate-p-33730.html HTTP/1.0" 200 73370 "-" "Mozilla/5.0 (compatible; MJ12bot/v1.4.8; http://mj12bot.com/)"
147.92.153.9 - - [20/Dec/2022:05:59:47 +0100] "GET /lighting-c-86.html?page=6 HTTP/1.0" 200 94192 "-" "Mozilla/5.0 (compatible; Linespider/1.1; +https://lin.ee/4dwXkTH)"
65.21.232.254 - - [20/Dec/2022:05:59:49 +0100] "GET /coloring-book-pages-animals-cover-p-40840.html HTTP/1.0" 200 76138 "-" "Mozilla/5.0 (compatible; MJ12bot/v1.4.8; http://mj12bot.com/)"
147.92.153.7 - - [20/Dec/2022:05:59:51 +0100] "GET /swfobject.js HTTP/1.0" 404 1308 "http://www.wonder-geek.com/lighting-c-86.html?page=6" "Mozilla/5.0 AppleWebKit/537.36 (KHTML, like Gecko; compatible; Linespider/1.1; +https://lin.ee/4dwXkTH) Chrome/101.0.4951.0 Safari/537.36"
185.191.171.16 - - [20/Dec/2022:05:59:51 +0100] "GET /robots.txt HTTP/1.0" 200 245 "-" "Mozilla/5.0 (compatible; SemrushBot/7~bl; +http://www.semrush.com/bot.html)"
185.191.171.4 - - [20/Dec/2022:05:59:51 +0100] "GET /-p-28413.html HTTP/1.0" 200 73264 "-" "Mozilla/5.0 (compatible; SemrushBot/7~bl; +http://www.semrush.com/bot.html)"
65.21.232.254 - - [20/Dec/2022:05:59:52 +0100] "GET /coloring-book-pages-animals-horse-cover-p-40839.html HTTP/1.0" 200 76156 "-" "Mozilla/5.0 (compatible; MJ12bot/v1.4.8; http://mj12bot.com/)"
185.191.171.44 - - [20/Dec/2022:05:59:54 +0100] "GET /marshmallow-keychain-p-15240.html HTTP/1.0" 200 73334 "-" "Mozilla/5.0 (compatible; SemrushBot/7~bl; +http://www.semrush.com/bot.html)"
65.21.232.254 - - [20/Dec/2022:05:59:55 +0100] "GET /companion-wallet-c-31_238.html?page=2 HTTP/1.0" 200 94776 "-" "Mozilla/5.0 (compatible; MJ12bot/v1.4.8; http://mj12bot.com/)"
65.21.232.254 - - [20/Dec/2022:05:59:58 +0100] "GET /companion-wallet-c-31_238.html?page=3 HTTP/1.0" 200 83467 "-" "Mozilla/5.0 (compatible; MJ12bot/v1.4.8; http://mj12bot.com/)"
65.21.232.254 - - [20/Dec/2022:06:00:01 +0100] "GET /crayola-jumbo-crayons-p-16599.html HTTP/1.0" 301 73331 "-" "Mozilla/5.0 (compatible; MJ12bot/v1.4.8; http://mj12bot.com/)"
65.21.232.254 - - [20/Dec/2022:06:00:04 +0100] "GET /-p-16599.html HTTP/1.0" 200 73264 "-" "Mozilla/5.0 (compatible; MJ12bot/v1.4.8; http://mj12bot.com/)"
65.21.232.254 - - [20/Dec/2022:06:00:07 +0100] "GET /crayons-p-40834.html HTTP/1.0" 200 75937 "-" "Mozilla/5.0 (compatible; MJ12bot/v1.4.8; http://mj12bot.com/)"
65.21.232.254 - - [20/Dec/2022:06:00:11 +0100] "GET /crow-neko-p-28951.html HTTP/1.0" 200 75867 "-" "Mozilla/5.0 (compatible; MJ12bot/v1.4.8; http://mj12bot.com/)"
65.21.232.254 - - [20/Dec/2022:06:00:14 +0100] "GET /decoration-hippos-p-21332.html HTTP/1.0" 200 76059 "-" "Mozilla/5.0 (compatible; MJ12bot/v1.4.8; http://mj12bot.com/)"
54.36.148.57 - - [20/Dec/2022:06:00:15 +0100] "GET /mini-trays-c-12_159_260.html?page=9 HTTP/1.0" 200 82932 "-" "Mozilla/5.0 (compatible; AhrefsBot/7.0; +http://ahrefs.com/robot/)"
65.21.232.254 - - [20/Dec/2022:06:00:18 +0100] "GET /decoration-musical-notes-p-21331.html HTTP/1.0" 200 76115 "-" "Mozilla/5.0 (compatible; MJ12bot/v1.4.8; http://mj12bot.com/)"
65.21.232.254 - - [20/Dec/2022:06:00:21 +0100] "GET /decoration-sunflowers-p-21334.html HTTP/1.0" 200 76091 "-" "Mozilla/5.0 (compatible; MJ12bot/v1.4.8; http://mj12bot.com/)"
65.21.232.254 - - [20/Dec/2022:06:00:25 +0100] "GET /digipenguin-p-30677.html HTTP/1.0" 200 76496 "-" "Mozilla/5.0 (compatible; MJ12bot/v1.4.8; http://mj12bot.com/)"
185.191.171.13 - - [20/Dec/2022:06:00:27 +0100] "GET /globe-tripod-white-p-52304.html HTTP/1.0" 200 76823 "-" "Mozilla/5.0 (compatible; SemrushBot/7~bl; +http://www.semrush.com/bot.html)"
65.21.232.254 - - [20/Dec/2022:06:00:28 +0100] "GET /disney-princess-rainwear-p-31243.html HTTP/1.0" 200 77061 "-" "Mozilla/5.0 (compatible; MJ12bot/v1.4.8; http://mj12bot.com/)"
65.21.232.254 - - [20/Dec/2022:06:00:31 +0100] "GET /dubout-cats-large-portfolio-p-32246.html HTTP/1.0" 200 76118 "-" "Mozilla/5.0 (compatible; MJ12bot/v1.4.8; http://mj12bot.com/)"
65.21.232.254 - - [20/Dec/2022:06:00:34 +0100] "GET /embossed-metal-plate-p-56758.html HTTP/1.0" 200 76537 "-" "Mozilla/5.0 (compatible; MJ12bot/v1.4.8; http://mj12bot.com/)"
65.21.232.254 - - [20/Dec/2022:06:00:37 +0100] "GET /focus-phone-cover-iphone-p-17818.html HTTP/1.0" 200 76709 "-" "Mozilla/5.0 (compatible; MJ12bot/v1.4.8; http://mj12bot.com/)"
65.21.232.254 - - [20/Dec/2022:06:00:40 +0100] "GET /gift-pebbles-melt-heart-home-p-59025.html HTTP/1.0" 200 77009 "-" "Mozilla/5.0 (compatible; MJ12bot/v1.4.8; http://mj12bot.com/)"
65.21.232.254 - - [20/Dec/2022:06:00:43 +0100] "GET /girl-baby-shower-confetti-p-55933.html HTTP/1.0" 200 77059 "-" "Mozilla/5.0 (compatible; MJ12bot/v1.4.8; http://mj12bot.com/)"
65.21.232.254 - - [20/Dec/2022:06:00:46 +0100] "GET /girls-c-1.html?page=2 HTTP/1.0" 200 95405 "-" "Mozilla/5.0 (compatible; MJ12bot/v1.4.8; http://mj12bot.com/)"
65.21.232.254 - - [20/Dec/2022:06:00:50 +0100] "GET /girls-c-1.html?page=3 HTTP/1.0" 200 95382 "-" "Mozilla/5.0 (compatible; MJ12bot/v1.4.8; http://mj12bot.com/)"
65.21.232.254 - - [20/Dec/2022:06:00:53 +0100] "GET /girls-c-1.html?page=4 HTTP/1.0" 200 94872 "-" "Mozilla/5.0 (compatible; MJ12bot/v1.4.8; http://mj12bot.com/)"
65.21.232.254 - - [20/Dec/2022:06:00:57 +0100] "GET /girls-c-1.html?page=5 HTTP/1.0" 200 87566 "-" "Mozilla/5.0 (compatible; MJ12bot/v1.4.8; http://mj12bot.com/)"
65.21.232.254 - - [20/Dec/2022:06:01:00 +0100] "GET /glitters-blue-p-53397.html HTTP/1.0" 200 75858 "-" "Mozilla/5.0 (compatible; MJ12bot/v1.4.8; http://mj12bot.com/)"
65.21.232.254 - - [20/Dec/2022:06:01:03 +0100] "GET /glitters-pink-p-53395.html HTTP/1.0" 200 75858 "-" "Mozilla/5.0 (compatible; MJ12bot/v1.4.8; http://mj12bot.com/)"
65.21.232.254 - - [20/Dec/2022:06:01:06 +0100] "GET /glitters-white-p-53393.html HTTP/1.0" 200 75863 "-" "Mozilla/5.0 (compatible; MJ12bot/v1.4.8; http://mj12bot.com/)"
65.21.232.254 - - [20/Dec/2022:06:01:09 +0100] "GET /gold-ginkgo-leaves-lamp-p-58998.html HTTP/1.0" 200 77052 "-" "Mozilla/5.0 (compatible; MJ12bot/v1.4.8; http://mj12bot.com/)"
65.21.232.254 - - [20/Dec/2022:06:01:12 +0100] "GET /guardian-angel-small-candle-gift-bath-bombs-p-59023.html HTTP/1.0" 200 77414 "-" "Mozilla/5.0 (compatible; MJ12bot/v1.4.8; http://mj12bot.com/)"
65.21.232.254 - - [20/Dec/2022:06:01:15 +0100] "GET /harley-davidson-genuine-small-metal-plate-p-15216.html HTTP/1.0" 200 73418 "-" "Mozilla/5.0 (compatible; MJ12bot/v1.4.8; http://mj12bot.com/)"
65.21.232.254 - - [20/Dec/2022:06:01:17 +0100] "GET /harley-davidson-small-metal-plate-p-12505.html HTTP/1.0" 200 73420 "-" "Mozilla/5.0 (compatible; MJ12bot/v1.4.8; http://mj12bot.com/)"
65.21.232.254 - - [20/Dec/2022:06:01:20 +0100] "GET /harley-davidson-small-metal-plate-p-12506.html HTTP/1.0" 200 76028 "-" "Mozilla/5.0 (compatible; MJ12bot/v1.4.8; http://mj12bot.com/)"
65.21.232.254 - - [20/Dec/2022:06:01:27 +0100] "GET /harley-davidson-small-metal-plate-p-15215.html HTTP/1.0" 200 73420 "-" "Mozilla/5.0 (compatible; MJ12bot/v1.4.8; http://mj12bot.com/)"
65.21.232.254 - - [20/Dec/2022:06:01:30 +0100] "GET /harley-davidson-small-metal-plate-p-29713.html HTTP/1.0" 200 73386 "-" "Mozilla/5.0 (compatible; MJ12bot/v1.4.8; http://mj12bot.com/)"
54.36.148.66 - - [20/Dec/2022:06:01:31 +0100] "GET /home-decoration-c-13.html?page=168 HTTP/1.0" 200 96071 "-" "Mozilla/5.0 (compatible; AhrefsBot/7.0; +http://ahrefs.com/robot/)"
65.21.232.254 - - [20/Dec/2022:06:01:33 +0100] "GET /harley-davidson-small-metal-plate-p-33731.html HTTP/1.0" 200 73386 "-" "Mozilla/5.0 (compatible; MJ12bot/v1.4.8; http://mj12bot.com/)"
54.36.148.5 - - [20/Dec/2022:06:01:35 +0100] "GET /images/mini_prod/8424346230662.jpg HTTP/1.0" 200 269 "-" "Mozilla/5.0 (compatible; AhrefsBot/7.0; +http://ahrefs.com/robot/)"
54.36.148.109 - - [20/Dec/2022:06:01:35 +0100] "GET /images/mini_prod/3574642015410.jpg HTTP/1.0" 200 269 "-" "Mozilla/5.0 (compatible; AhrefsBot/7.0; +http://ahrefs.com/robot/)"
54.36.148.114 - - [20/Dec/2022:06:01:35 +0100] "GET /images/mini_prod/3457010509745.jpg HTTP/1.0" 200 269 "-" "Mozilla/5.0 (compatible; AhrefsBot/7.0; +http://ahrefs.com/robot/)"
54.36.149.17 - - [20/Dec/2022:06:01:35 +0100] "GET /images/mini_prod/3574641610333.jpg HTTP/1.0" 200 269 "-" "Mozilla/5.0 (compatible; AhrefsBot/7.0; +http://ahrefs.com/robot/)"
54.36.148.246 - - [20/Dec/2022:06:01:35 +0100] "GET /images/mini_prod/3660173224282.jpg HTTP/1.0" 200 269 "-" "Mozilla/5.0 (compatible; AhrefsBot/7.0; +http://ahrefs.com/robot/)"
54.36.148.233 - - [20/Dec/2022:06:01:35 +0100] "GET /images/mini_prod/8420327458704.jpg HTTP/1.0" 200 269 "-" "Mozilla/5.0 (compatible; AhrefsBot/7.0; +http://ahrefs.com/robot/)"
54.36.148.60 - - [20/Dec/2022:06:01:35 +0100] "GET /images/mini_prod/3457010309741.jpg HTTP/1.0" 200 269 "-" "Mozilla/5.0 (compatible; AhrefsBot/7.0; +http://ahrefs.com/robot/)"
54.36.148.102 - - [20/Dec/2022:06:01:35 +0100] "GET /images/mini_prod/3453131138956.jpg HTTP/1.0" 200 269 "-" "Mozilla/5.0 (compatible; AhrefsBot/7.0; +http://ahrefs.com/robot/)"
54.36.148.123 - - [20/Dec/2022:06:01:35 +0100] "GET /images/mini_prod/3700516272591.jpg HTTP/1.0" 200 269 "-" "Mozilla/5.0 (compatible; AhrefsBot/7.0; +http://ahrefs.com/robot/)"
54.36.148.11 - - [20/Dec/2022:06:01:35 +0100] "GET /images/mini_prod/3700057116781.jpg HTTP/1.0" 200 269 "-" "Mozilla/5.0 (compatible; AhrefsBot/7.0; +http://ahrefs.com/robot/)"
54.36.149.78 - - [20/Dec/2022:06:01:35 +0100] "GET /images/mini_prod/3457019603666.jpg HTTP/1.0" 200 269 "-" "Mozilla/5.0 (compatible; AhrefsBot/7.0; +http://ahrefs.com/robot/)"
54.36.148.20 - - [20/Dec/2022:06:01:36 +0100] "GET /images/mini_prod/3700057120443.jpg HTTP/1.0" 200 269 "-" "Mozilla/5.0 (compatible; AhrefsBot/7.0; +http://ahrefs.com/robot/)"
54.36.149.53 - - [20/Dec/2022:06:01:36 +0100] "GET /images/mini_prod/3457019600863B.jpg HTTP/1.0" 200 270 "-" "Mozilla/5.0 (compatible; AhrefsBot/7.0; +http://ahrefs.com/robot/)"
54.36.148.4 - - [20/Dec/2022:06:01:36 +0100] "GET /images/mini_prod/3574642015427.jpg HTTP/1.0" 200 269 "-" "Mozilla/5.0 (compatible; AhrefsBot/7.0; +http://ahrefs.com/robot/)"
54.36.148.210 - - [20/Dec/2022:06:01:37 +0100] "GET /images/mini_prod/3503420103018.jpg HTTP/1.0" 200 269 "-" "Mozilla/5.0 (compatible; AhrefsBot/7.0; +http://ahrefs.com/robot/)"
65.21.232.254 - - [20/Dec/2022:06:01:36 +0100] "GET /heart-home-guardian-angel-candle-p-59011.html HTTP/1.0" 200 77303 "-" "Mozilla/5.0 (compatible; MJ12bot/v1.4.8; http://mj12bot.com/)"
65.21.232.254 - - [20/Dec/2022:06:01:39 +0100] "GET /heart-home-large-candle-hours-mulberry-p-58942.html HTTP/1.0" 200 78073 "-" "Mozilla/5.0 (compatible; MJ12bot/v1.4.8; http://mj12bot.com/)"
65.21.232.254 - - [20/Dec/2022:06:01:46 +0100] "GET /heart-home-spiced-apple-cinnamon-large-bamboo-candle-p-58990.html HTTP/1.0" 200 76983 "-" "Mozilla/5.0 (compatible; MJ12bot/v1.4.8; http://mj12bot.com/)"
65.21.232.254 - - [20/Dec/2022:06:01:49 +0100] "GET /hello-kitty-melamine-bowl-p-17118.html HTTP/1.0" 200 76013 "-" "Mozilla/5.0 (compatible; MJ12bot/v1.4.8; http://mj12bot.com/)"
65.21.232.254 - - [20/Dec/2022:06:01:51 +0100] "GET /hermetic-salt-with-wooden-spoon-cabourg-p-56532.html HTTP/1.0" 200 76172 "-" "Mozilla/5.0 (compatible; MJ12bot/v1.4.8; http://mj12bot.com/)"
65.21.232.254 - - [20/Dec/2022:06:01:54 +0100] "GET /hermetic-salt-with-wooden-spoon-sardy-p-54526.html HTTP/1.0" 200 76157 "-" "Mozilla/5.0 (compatible; MJ12bot/v1.4.8; http://mj12bot.com/)"
118.99.87.157 - - [20/Dec/2022:06:01:58 +0100] "GET /contact_us.php HTTP/1.0" 200 26241 "http://www.wonder-geek.com/contact_us.php" "Mozilla/5.0 (Windows NT 10.0) AppleWebKit/537.36 (KHTML, like Gecko) Chrome/90.0.4430.85 Safari/537.36"
65.21.232.254 - - [20/Dec/2022:06:01:57 +0100] "GET /hermetic-salt-with-wooden-spoon-wave-p-56531.html HTTP/1.0" 200 76148 "-" "Mozilla/5.0 (compatible; MJ12bot/v1.4.8; http://mj12bot.com/)"
118.99.87.157 - - [20/Dec/2022:06:01:59 +0100] "POST /contact_us.php?action=send HTTP/1.0" 200 26491 "http://www.wonder-geek.com/contact_us.php" "Mozilla/5.0 (Windows NT 10.0) AppleWebKit/537.36 (KHTML, like Gecko) Chrome/90.0.4430.85 Safari/537.36"
65.21.232.254 - - [20/Dec/2022:06:02:00 +0100] "GET /hippopotamus-mother-statuette-babies-resin-p-56817.html HTTP/1.0" 200 73444 "-" "Mozilla/5.0 (compatible; MJ12bot/v1.4.8; http://mj12bot.com/)"
65.21.232.254 - - [20/Dec/2022:06:02:03 +0100] "GET /home/stationery-school-supplies/crayola-set-jumbo-crayons-p-16599.html HTTP/1.0" 301 73331 "-" "Mozilla/5.0 (compatible; MJ12bot/v1.4.8; http://mj12bot.com/)"
65.21.232.254 - - [20/Dec/2022:06:02:05 +0100] "GET /-p-16599.html HTTP/1.0" 200 73264 "-" "Mozilla/5.0 (compatible; MJ12bot/v1.4.8; http://mj12bot.com/)"
65.21.232.254 - - [20/Dec/2022:06:02:08 +0100] "GET /home/stationery-school-supplies/hello-kitty-pencil-pot-p-19131.html HTTP/1.0" 301 76183 "-" "Mozilla/5.0 (compatible; MJ12bot/v1.4.8; http://mj12bot.com/)"
65.21.232.254 - - [20/Dec/2022:06:02:11 +0100] "GET /angry-birds-pencil-p-19131.html HTTP/1.0" 200 76098 "-" "Mozilla/5.0 (compatible; MJ12bot/v1.4.8; http://mj12bot.com/)"
65.21.232.254 - - [20/Dec/2022:06:02:14 +0100] "GET /house-ceramic-p-35952.html HTTP/1.0" 200 73356 "-" "Mozilla/5.0 (compatible; MJ12bot/v1.4.8; http://mj12bot.com/)"
65.21.232.254 - - [20/Dec/2022:06:02:17 +0100] "GET /jasmin-coasters-p-34892.html HTTP/1.0" 200 75859 "-" "Mozilla/5.0 (compatible; MJ12bot/v1.4.8; http://mj12bot.com/)"
65.21.232.254 - - [20/Dec/2022:06:02:19 +0100] "GET /jasmin-companion-portfolio-denim-p-37995.html HTTP/1.0" 200 77502 "-" "Mozilla/5.0 (compatible; MJ12bot/v1.4.8; http://mj12bot.com/)"
65.21.232.254 - - [20/Dec/2022:06:02:22 +0100] "GET /jasmin-doll-pouch-airline-grey-p-37998.html HTTP/1.0" 301 73331 "-" "Mozilla/5.0 (compatible; MJ12bot/v1.4.8; http://mj12bot.com/)"
65.21.232.254 - - [20/Dec/2022:06:02:25 +0100] "GET /-p-37998.html HTTP/1.0" 200 73264 "-" "Mozilla/5.0 (compatible; MJ12bot/v1.4.8; http://mj12bot.com/)"
65.21.232.254 - - [20/Dec/2022:06:02:28 +0100] "GET /jasmin-large-round-melamine-plate-p-37912.html HTTP/1.0" 200 75991 "-" "Mozilla/5.0 (compatible; MJ12bot/v1.4.8; http://mj12bot.com/)"
65.21.232.254 - - [20/Dec/2022:06:02:30 +0100] "GET /jasmin-medium-cabas-florida-grey-p-37987.html HTTP/1.0" 301 73331 "-" "Mozilla/5.0 (compatible; MJ12bot/v1.4.8; http://mj12bot.com/)"
65.21.232.254 - - [20/Dec/2022:06:02:33 +0100] "GET /-p-37987.html HTTP/1.0" 200 73264 "-" "Mozilla/5.0 (compatible; MJ12bot/v1.4.8; http://mj12bot.com/)"
65.21.232.254 - - [20/Dec/2022:06:02:36 +0100] "GET /jasmin-p-32295.html HTTP/1.0" 200 75912 "-" "Mozilla/5.0 (compatible; MJ12bot/v1.4.8; http://mj12bot.com/)"
65.21.232.254 - - [20/Dec/2022:06:02:39 +0100] "GET /jasmin-scarf-p-32502.html HTTP/1.0" 200 75852 "-" "Mozilla/5.0 (compatible; MJ12bot/v1.4.8; http://mj12bot.com/)"
65.21.232.254 - - [20/Dec/2022:06:02:42 +0100] "GET /jasmin-small-cabas-p-30653.html HTTP/1.0" 301 73331 "-" "Mozilla/5.0 (compatible; MJ12bot/v1.4.8; http://mj12bot.com/)"
65.21.232.254 - - [20/Dec/2022:06:02:44 +0100] "GET /-p-30653.html HTTP/1.0" 200 73264 "-" "Mozilla/5.0 (compatible; MJ12bot/v1.4.8; http://mj12bot.com/)"
65.21.232.254 - - [20/Dec/2022:06:02:47 +0100] "GET /jasmin-small-cabas-p-31587.html HTTP/1.0" 301 73331 "-" "Mozilla/5.0 (compatible; MJ12bot/v1.4.8; http://mj12bot.com/)"
65.21.232.254 - - [20/Dec/2022:06:02:50 +0100] "GET /-p-31587.html HTTP/1.0" 200 73264 "-" "Mozilla/5.0 (compatible; MJ12bot/v1.4.8; http://mj12bot.com/)"
65.21.232.254 - - [20/Dec/2022:06:02:53 +0100] "GET /jasmin-small-p-32291.html HTTP/1.0" 200 75979 "-" "Mozilla/5.0 (compatible; MJ12bot/v1.4.8; http://mj12bot.com/)"
54.36.148.99 - - [20/Dec/2022:06:02:52 +0100] "GET /home-decoration-c-13.html?page=162 HTTP/1.0" 200 95404 "-" "Mozilla/5.0 (compatible; AhrefsBot/7.0; +http://ahrefs.com/robot/)"
65.21.232.254 - - [20/Dec/2022:06:02:55 +0100] "GET /jasmin-small-p-32293.html HTTP/1.0" 200 75979 "-" "Mozilla/5.0 (compatible; MJ12bot/v1.4.8; http://mj12bot.com/)"
54.36.148.25 - - [20/Dec/2022:06:02:57 +0100] "GET /images/mini_prod/mirroirR662.jpg HTTP/1.0" 200 267 "-" "Mozilla/5.0 (compatible; AhrefsBot/7.0; +http://ahrefs.com/robot/)"
54.36.148.117 - - [20/Dec/2022:06:02:57 +0100] "GET /images/mini_prod/4029811406500.jpg HTTP/1.0" 200 269 "-" "Mozilla/5.0 (compatible; AhrefsBot/7.0; +http://ahrefs.com/robot/)"
54.36.148.179 - - [20/Dec/2022:06:02:58 +0100] "GET /images/mini_prod/8433933261156.jpg HTTP/1.0" 200 269 "-" "Mozilla/5.0 (compatible; AhrefsBot/7.0; +http://ahrefs.com/robot/)"
54.36.148.187 - - [20/Dec/2022:06:02:58 +0100] "GET /images/mini_prod/3700281643718.jpg HTTP/1.0" 200 269 "-" "Mozilla/5.0 (compatible; AhrefsBot/7.0; +http://ahrefs.com/robot/)"
54.36.148.179 - - [20/Dec/2022:06:02:58 +0100] "GET /images/mini_prod/8422017143211.jpg HTTP/1.0" 200 269 "-" "Mozilla/5.0 (compatible; AhrefsBot/7.0; +http://ahrefs.com/robot/)"
54.36.148.94 - - [20/Dec/2022:06:02:58 +0100] "GET /images/mini_prod/1020322303572.jpg HTTP/1.0" 200 269 "-" "Mozilla/5.0 (compatible; AhrefsBot/7.0; +http://ahrefs.com/robot/)"
54.36.148.41 - - [20/Dec/2022:06:02:58 +0100] "GET /images/mini_prod/3457019604168.jpg HTTP/1.0" 200 269 "-" "Mozilla/5.0 (compatible; AhrefsBot/7.0; +http://ahrefs.com/robot/)"
54.36.149.75 - - [20/Dec/2022:06:02:58 +0100] "GET /images/mini_prod/3700815390507.jpg HTTP/1.0" 200 269 "-" "Mozilla/5.0 (compatible; AhrefsBot/7.0; +http://ahrefs.com/robot/)"
54.36.148.44 - - [20/Dec/2022:06:02:58 +0100] "GET /images/mini_prod/4025055094121.jpg HTTP/1.0" 200 269 "-" "Mozilla/5.0 (compatible; AhrefsBot/7.0; +http://ahrefs.com/robot/)"
54.36.148.50 - - [20/Dec/2022:06:02:58 +0100] "GET /images/mini_prod/3457019600870.jpg HTTP/1.0" 200 269 "-" "Mozilla/5.0 (compatible; AhrefsBot/7.0; +http://ahrefs.com/robot/)"
54.36.148.133 - - [20/Dec/2022:06:02:58 +0100] "GET /images/mini_prod/8422017143204.jpg HTTP/1.0" 200 269 "-" "Mozilla/5.0 (compatible; AhrefsBot/7.0; +http://ahrefs.com/robot/)"
54.36.148.245 - - [20/Dec/2022:06:02:58 +0100] "GET /images/mini_prod/8718375750988a.jpg HTTP/1.0" 200 270 "-" "Mozilla/5.0 (compatible; AhrefsBot/7.0; +http://ahrefs.com/robot/)"
54.36.148.184 - - [20/Dec/2022:06:02:58 +0100] "GET /images/mini_prod/8433933205600.jpg HTTP/1.0" 200 269 "-" "Mozilla/5.0 (compatible; AhrefsBot/7.0; +http://ahrefs.com/robot/)"
54.36.149.100 - - [20/Dec/2022:06:02:58 +0100] "GET /images/mini_prod/4036113270067.jpg HTTP/1.0" 200 269 "-" "Mozilla/5.0 (compatible; AhrefsBot/7.0; +http://ahrefs.com/robot/)"
54.36.148.39 - - [20/Dec/2022:06:02:58 +0100] "GET /images/mini_prod/3700815390026.jpg HTTP/1.0" 200 269 "-" "Mozilla/5.0 (compatible; AhrefsBot/7.0; +http://ahrefs.com/robot/)"
65.21.232.254 - - [20/Dec/2022:06:02:58 +0100] "GET /jasmin-sport-p-31598.html HTTP/1.0" 301 73331 "-" "Mozilla/5.0 (compatible; MJ12bot/v1.4.8; http://mj12bot.com/)"
65.21.232.254 - - [20/Dec/2022:06:03:01 +0100] "GET /-p-31598.html HTTP/1.0" 200 73264 "-" "Mozilla/5.0 (compatible; MJ12bot/v1.4.8; http://mj12bot.com/)"
66.249.64.242 - - [20/Dec/2022:06:03:03 +0100] "GET /images/big_prod_1/8424345612421B.jpg HTTP/1.0" 200 271 "-" "Googlebot-Image/1.0"
65.21.232.254 - - [20/Dec/2022:06:03:04 +0100] "GET /king-chess-piece-figurine-white-resin-p-59012.html HTTP/1.0" 200 76994 "-" "Mozilla/5.0 (compatible; MJ12bot/v1.4.8; http://mj12bot.com/)"
65.21.232.254 - - [20/Dec/2022:06:03:06 +0100] "GET /klimt-kiss-large-wallet-p-54977.html HTTP/1.0" 200 76820 "-" "Mozilla/5.0 (compatible; MJ12bot/v1.4.8; http://mj12bot.com/)"
65.21.232.254 - - [20/Dec/2022:06:03:09 +0100] "GET /lady-chess-piece-figurine-white-resin-p-59006.html HTTP/1.0" 200 76988 "-" "Mozilla/5.0 (compatible; MJ12bot/v1.4.8; http://mj12bot.com/)"
65.21.232.254 - - [20/Dec/2022:06:03:12 +0100] "GET /large-metal-plate-deco-p-31680.html HTTP/1.0" 200 75938 "-" "Mozilla/5.0 (compatible; MJ12bot/v1.4.8; http://mj12bot.com/)"
65.21.232.254 - - [20/Dec/2022:06:03:15 +0100] "GET /little-prince-clock-p-26490.html HTTP/1.0" 301 73331 "-" "Mozilla/5.0 (compatible; MJ12bot/v1.4.8; http://mj12bot.com/)"
65.21.232.254 - - [20/Dec/2022:06:03:18 +0100] "GET /-p-26490.html HTTP/1.0" 200 73264 "-" "Mozilla/5.0 (compatible; MJ12bot/v1.4.8; http://mj12bot.com/)"
65.21.232.254 - - [20/Dec/2022:06:03:21 +0100] "GET /little-toiletry-p-57998.html HTTP/1.0" 200 75974 "-" "Mozilla/5.0 (compatible; MJ12bot/v1.4.8; http://mj12bot.com/)"
65.21.232.254 - - [20/Dec/2022:06:03:23 +0100] "GET /littlest-petshop-pink-swimsuit-p-30317.html HTTP/1.0" 200 77377 "-" "Mozilla/5.0 (compatible; MJ12bot/v1.4.8; http://mj12bot.com/)"
65.21.232.254 - - [20/Dec/2022:06:03:26 +0100] "GET /littlest-petshop-tights-p-31089.html HTTP/1.0" 200 77338 "-" "Mozilla/5.0 (compatible; MJ12bot/v1.4.8; http://mj12bot.com/)"
65.21.232.254 - - [20/Dec/2022:06:03:29 +0100] "GET /london-companion-wallet-p-33062.html HTTP/1.0" 200 76076 "-" "Mozilla/5.0 (compatible; MJ12bot/v1.4.8; http://mj12bot.com/)"
65.21.232.254 - - [20/Dec/2022:06:03:32 +0100] "GET /luggages-schoolbags-leather-shop/backpacks/angry-birds-black-large-backpack-p-17200.html HTTP/1.0" 301 73331 "-" "Mozilla/5.0 (compatible; MJ12bot/v1.4.8; http://mj12bot.com/)"
65.21.232.254 - - [20/Dec/2022:06:03:35 +0100] "GET /-p-17200.html HTTP/1.0" 200 73264 "-" "Mozilla/5.0 (compatible; MJ12bot/v1.4.8; http://mj12bot.com/)"
65.21.232.254 - - [20/Dec/2022:06:03:37 +0100] "GET /magnet-kissed-tassen-made-germany-p-56782.html HTTP/1.0" 200 76947 "-" "Mozilla/5.0 (compatible; MJ12bot/v1.4.8; http://mj12bot.com/)"
65.21.232.254 - - [20/Dec/2022:06:03:40 +0100] "GET /magnet-kissed-tassen-p-56782.html HTTP/1.0" 301 77047 "-" "Mozilla/5.0 (compatible; MJ12bot/v1.4.8; http://mj12bot.com/)"
65.21.232.254 - - [20/Dec/2022:06:03:43 +0100] "GET /magnet-kissed-tassen-made-germany-p-56782.html HTTP/1.0" 200 76947 "-" "Mozilla/5.0 (compatible; MJ12bot/v1.4.8; http://mj12bot.com/)"
65.21.232.254 - - [20/Dec/2022:06:03:46 +0100] "GET /mappemonde-trunks-p-56779.html HTTP/1.0" 200 77225 "-" "Mozilla/5.0 (compatible; MJ12bot/v1.4.8; http://mj12bot.com/)"
65.21.232.254 - - [20/Dec/2022:06:03:49 +0100] "GET /metal-plate-p-31677.html HTTP/1.0" 200 73355 "-" "Mozilla/5.0 (compatible; MJ12bot/v1.4.8; http://mj12bot.com/)"
65.21.232.254 - - [20/Dec/2022:06:03:51 +0100] "GET /mojito-metal-plate-deco-p-50003.html HTTP/1.0" 200 73332 "-" "Mozilla/5.0 (compatible; MJ12bot/v1.4.8; http://mj12bot.com/)"
65.21.232.254 - - [20/Dec/2022:06:03:54 +0100] "GET /monaco-white-wallet-p-38645.html HTTP/1.0" 200 76825 "-" "Mozilla/5.0 (compatible; MJ12bot/v1.4.8; http://mj12bot.com/)"
65.21.232.254 - - [20/Dec/2022:06:03:57 +0100] "GET /napkin-holder-branch-black-p-57990.html HTTP/1.0" 200 76574 "-" "Mozilla/5.0 (compatible; MJ12bot/v1.4.8; http://mj12bot.com/)"
65.21.232.254 - - [20/Dec/2022:06:04:00 +0100] "GET /nici-ayumi-brown-portfolio-p-33439.html HTTP/1.0" 200 76133 "-" "Mozilla/5.0 (compatible; MJ12bot/v1.4.8; http://mj12bot.com/)"
65.21.232.254 - - [20/Dec/2022:06:04:03 +0100] "GET /nici-ayumi-brown-portfolio-p-33644.html HTTP/1.0" 200 76133 "-" "Mozilla/5.0 (compatible; MJ12bot/v1.4.8; http://mj12bot.com/)"
65.21.232.254 - - [20/Dec/2022:06:04:06 +0100] "GET /nippon-doll-portfolio-p-26862.html HTTP/1.0" 200 76205 "-" "Mozilla/5.0 (compatible; MJ12bot/v1.4.8; http://mj12bot.com/)"
54.36.148.179 - - [20/Dec/2022:06:04:07 +0100] "GET /nippon-doll-portfolio-p-26862.html HTTP/1.0" 200 76205 "-" "Mozilla/5.0 (compatible; AhrefsBot/7.0; +http://ahrefs.com/robot/)"
65.21.232.254 - - [20/Dec/2022:06:04:09 +0100] "GET /nippon-doll-portfolio-p-26863.html HTTP/1.0" 200 76205 "-" "Mozilla/5.0 (compatible; MJ12bot/v1.4.8; http://mj12bot.com/)"
65.21.232.254 - - [20/Dec/2022:06:04:12 +0100] "GET /nippon-doll-portfolio-p-26864.html HTTP/1.0" 200 76205 "-" "Mozilla/5.0 (compatible; MJ12bot/v1.4.8; http://mj12bot.com/)"
185.191.171.15 - - [20/Dec/2022:06:04:12 +0100] "GET /-p-24305.html HTTP/1.0" 200 73264 "-" "Mozilla/5.0 (compatible; SemrushBot/7~bl; +http://www.semrush.com/bot.html)"
65.21.232.254 - - [20/Dec/2022:06:04:14 +0100] "GET /nippon-doll-portfolio-p-26865.html HTTP/1.0" 200 76205 "-" "Mozilla/5.0 (compatible; MJ12bot/v1.4.8; http://mj12bot.com/)"
65.21.232.254 - - [20/Dec/2022:06:04:17 +0100] "GET /nippon-doll-portfolio-p-27069.html HTTP/1.0" 200 76207 "-" "Mozilla/5.0 (compatible; MJ12bot/v1.4.8; http://mj12bot.com/)"
65.21.232.254 - - [20/Dec/2022:06:04:20 +0100] "GET /northern-lights-projector-night-light-bear-floe-p-56595.html HTTP/1.0" 200 76915 "-" "Mozilla/5.0 (compatible; MJ12bot/v1.4.8; http://mj12bot.com/)"
65.21.232.254 - - [20/Dec/2022:06:04:23 +0100] "GET /oven-mitt-lavender-shades-white-p-57993.html HTTP/1.0" 200 76679 "-" "Mozilla/5.0 (compatible; MJ12bot/v1.4.8; http://mj12bot.com/)"
65.21.232.254 - - [20/Dec/2022:06:04:26 +0100] "GET /paris-grey-companion-wallet-p-38623.html HTTP/1.0" 200 76650 "-" "Mozilla/5.0 (compatible; MJ12bot/v1.4.8; http://mj12bot.com/)"
65.21.232.254 - - [20/Dec/2022:06:04:29 +0100] "GET /paris-pink-companion-wallet-p-38621.html HTTP/1.0" 200 76650 "-" "Mozilla/5.0 (compatible; MJ12bot/v1.4.8; http://mj12bot.com/)"
65.21.232.254 - - [20/Dec/2022:06:04:32 +0100] "GET /paris-pink-companion-wallet-p-38622.html HTTP/1.0" 200 76650 "-" "Mozilla/5.0 (compatible; MJ12bot/v1.4.8; http://mj12bot.com/)"
54.36.148.8 - - [20/Dec/2022:06:04:33 +0100] "GET /beatles-black-shirt-p-29644.html HTTP/1.0" 301 73331 "-" "Mozilla/5.0 (compatible; AhrefsBot/7.0; +http://ahrefs.com/robot/)"
65.21.232.254 - - [20/Dec/2022:06:04:35 +0100] "GET /parking-only-small-metal-plate-p-37182.html HTTP/1.0" 200 73382 "-" "Mozilla/5.0 (compatible; MJ12bot/v1.4.8; http://mj12bot.com/)"
65.21.232.254 - - [20/Dec/2022:06:04:37 +0100] "GET /pompon-white-bear-reproduction-tree-ornament-figurine-p-58028.html HTTP/1.0" 200 76907 "-" "Mozilla/5.0 (compatible; MJ12bot/v1.4.8; http://mj12bot.com/)"
65.21.232.254 - - [20/Dec/2022:06:04:41 +0100] "GET /pucca-tights-p-34658.html HTTP/1.0" 200 76226 "-" "Mozilla/5.0 (compatible; MJ12bot/v1.4.8; http://mj12bot.com/)"
65.21.232.254 - - [20/Dec/2022:06:04:43 +0100] "GET /quenotte-gaston-tooth-p-58454.html HTTP/1.0" 200 76617 "-" "Mozilla/5.0 (compatible; MJ12bot/v1.4.8; http://mj12bot.com/)"
65.21.232.254 - - [20/Dec/2022:06:04:46 +0100] "GET /quenotte-solange-tooth-p-58455.html HTTP/1.0" 200 76626 "-" "Mozilla/5.0 (compatible; MJ12bot/v1.4.8; http://mj12bot.com/)"
65.21.232.254 - - [20/Dec/2022:06:04:49 +0100] "GET /redskins-large-backpack-p-30574.html HTTP/1.0" 200 76332 "-" "Mozilla/5.0 (compatible; MJ12bot/v1.4.8; http://mj12bot.com/)"
65.21.232.254 - - [20/Dec/2022:06:04:52 +0100] "GET /retro-coffee-cups-p-47780.html HTTP/1.0" 200 73340 "-" "Mozilla/5.0 (compatible; MJ12bot/v1.4.8; http://mj12bot.com/)"
65.21.232.254 - - [20/Dec/2022:06:04:55 +0100] "GET /retro-plane-clock-p-56710.html HTTP/1.0" 200 76637 "-" "Mozilla/5.0 (compatible; MJ12bot/v1.4.8; http://mj12bot.com/)"
65.21.232.254 - - [20/Dec/2022:06:04:58 +0100] "GET /salt-boxes-jars-c-12_223.html?page=3 HTTP/1.0" 200 93733 "-" "Mozilla/5.0 (compatible; MJ12bot/v1.4.8; http://mj12bot.com/)"
65.21.232.254 - - [20/Dec/2022:06:05:02 +0100] "GET /salt-boxes-jars-c-12_223.html?page=4 HTTP/1.0" 200 83642 "-" "Mozilla/5.0 (compatible; MJ12bot/v1.4.8; http://mj12bot.com/)"
65.21.232.254 - - [20/Dec/2022:06:05:05 +0100] "GET /salt-made-ceramic-bamboo-p-55753.html HTTP/1.0" 200 75990 "-" "Mozilla/5.0 (compatible; MJ12bot/v1.4.8; http://mj12bot.com/)"
65.21.232.254 - - [20/Dec/2022:06:05:08 +0100] "GET /salt-made-ceramic-bamboo-p-55754.html HTTP/1.0" 200 75990 "-" "Mozilla/5.0 (compatible; MJ12bot/v1.4.8; http://mj12bot.com/)"
65.21.232.254 - - [20/Dec/2022:06:05:11 +0100] "GET /salt-made-ceramic-bamboo-p-56111.html HTTP/1.0" 200 75990 "-" "Mozilla/5.0 (compatible; MJ12bot/v1.4.8; http://mj12bot.com/)"
65.21.232.254 - - [20/Dec/2022:06:05:13 +0100] "GET /salt-salers-p-56536.html HTTP/1.0" 200 75935 "-" "Mozilla/5.0 (compatible; MJ12bot/v1.4.8; http://mj12bot.com/)"
65.21.232.254 - - [20/Dec/2022:06:05:16 +0100] "GET /salt-with-wooden-spoon-inaya-p-54497.html HTTP/1.0" 200 76062 "-" "Mozilla/5.0 (compatible; MJ12bot/v1.4.8; http://mj12bot.com/)"
65.21.232.254 - - [20/Dec/2022:06:05:19 +0100] "GET /salt-with-wooden-spoon-jania-p-54487.html HTTP/1.0" 200 76685 "-" "Mozilla/5.0 (compatible; MJ12bot/v1.4.8; http://mj12bot.com/)"
65.21.232.254 - - [20/Dec/2022:06:05:22 +0100] "GET /salt-with-wooden-spoon-mateline-p-54488.html HTTP/1.0" 200 76075 "-" "Mozilla/5.0 (compatible; MJ12bot/v1.4.8; http://mj12bot.com/)"
65.21.232.254 - - [20/Dec/2022:06:05:25 +0100] "GET /salt-with-wooden-spoon-sardy-p-54510.html HTTP/1.0" 200 75957 "-" "Mozilla/5.0 (compatible; MJ12bot/v1.4.8; http://mj12bot.com/)"
54.36.148.60 - - [20/Dec/2022:06:05:25 +0100] "GET /companion-wallet-c-31_238.html?page=3 HTTP/1.0" 200 83467 "-" "Mozilla/5.0 (compatible; AhrefsBot/7.0; +http://ahrefs.com/robot/)"
54.36.149.76 - - [20/Dec/2022:06:05:29 +0100] "GET /images/mini_prod/8435465005734.jpg HTTP/1.0" 200 269 "-" "Mozilla/5.0 (compatible; AhrefsBot/7.0; +http://ahrefs.com/robot/)"
54.36.148.146 - - [20/Dec/2022:06:05:29 +0100] "GET /images/mini_prod/8435306294471.jpg HTTP/1.0" 200 269 "-" "Mozilla/5.0 (compatible; AhrefsBot/7.0; +http://ahrefs.com/robot/)"
54.36.148.122 - - [20/Dec/2022:06:05:29 +0100] "GET /images/mini_prod/8435465005796.jpg HTTP/1.0" 200 269 "-" "Mozilla/5.0 (compatible; AhrefsBot/7.0; +http://ahrefs.com/robot/)"
54.36.148.80 - - [20/Dec/2022:06:05:29 +0100] "GET /images/mini_prod/8435465005512.jpg HTTP/1.0" 200 269 "-" "Mozilla/5.0 (compatible; AhrefsBot/7.0; +http://ahrefs.com/robot/)"
65.21.232.254 - - [20/Dec/2022:06:05:28 +0100] "GET /schoolbag-caramel-and-cie-wolf-p-48781.html HTTP/1.0" 301 77286 "-" "Mozilla/5.0 (compatible; MJ12bot/v1.4.8; http://mj12bot.com/)"
185.191.171.42 - - [20/Dec/2022:06:05:39 +0100] "GET /nausicaa-lampshade-p-55652.html HTTP/1.0" 200 73326 "-" "Mozilla/5.0 (compatible; SemrushBot/7~bl; +http://www.semrush.com/bot.html)"
51.68.224.127 - - [20/Dec/2022:06:05:52 +0100] "GET /adminweb/export_orders_xml.php?token=256de2z6edz6ed2z6DFSFsed2zed6zeDSFDSGdzedezfzf&maxorders=10&orderstart=1&status=14&start_date=2018-10-01 HTTP/1.0" 200 285 "-" "GesCom CharlotteBoutik Serveur"
51.68.224.127 - - [20/Dec/2022:06:05:52 +0100] "GET /adminweb/export_orders_xml.php?token=256de2z6edz6ed2z6DFSFsed2zed6zeDSFDSGdzedezfzf&maxorders=10&orderstart=1&status=6&start_date=2018-10-01 HTTP/1.0" 200 34006 "-" "GesCom CharlotteBoutik Serveur"
123.57.34.210 - - [20/Dec/2022:06:05:59 +0100] "GET /images/big_prod_1/8435153868368D.jpg HTTP/1.0" 200 271 "-" "Mozilla/5.0 (Macintosh; Intel Mac OS X 10_15_7) AppleWebKit/537.36 (KHTML, like Gecko) Chrome/105.0.0.0 Safari/537.36"
65.21.232.254 - - [20/Dec/2022:06:06:18 +0100] "GET /schoolbag-caramel-and-cie-wolf-p-48781.html HTTP/1.0" 301 77286 "-" "Mozilla/5.0 (compatible; MJ12bot/v1.4.8; http://mj12bot.com/)"
65.21.232.254 - - [20/Dec/2022:06:06:21 +0100] "GET /schoolbag-caramel-wolf-p-48781.html HTTP/1.0" 200 77197 "-" "Mozilla/5.0 (compatible; MJ12bot/v1.4.8; http://mj12bot.com/)"
65.21.232.254 - - [20/Dec/2022:06:06:24 +0100] "GET /schoolbag-caramel-and-cie-wolf-p-48783.html HTTP/1.0" 301 73437 "-" "Mozilla/5.0 (compatible; MJ12bot/v1.4.8; http://mj12bot.com/)"
40.64.106.11 - - [20/Dec/2022:06:06:26 +0100] "GET /images/big_prod/1384010203088.jpg HTTP/1.0" 200 268 "-" "DuckDuckBot/1.1; (+http://duckduckgo.com/duckduckbot.html)"
65.21.232.254 - - [20/Dec/2022:06:06:27 +0100] "GET /schoolbag-caramel-wolf-p-48783.html HTTP/1.0" 200 73348 "-" "Mozilla/5.0 (compatible; MJ12bot/v1.4.8; http://mj12bot.com/)"
65.21.232.254 - - [20/Dec/2022:06:06:29 +0100] "GET /schoolbag-caramel-wolf-p-48781.html HTTP/1.0" 200 77197 "-" "Mozilla/5.0 (compatible; MJ12bot/v1.4.8; http://mj12bot.com/)"
65.21.232.254 - - [20/Dec/2022:06:06:32 +0100] "GET /schoolbag-caramel-wolf-p-48783.html HTTP/1.0" 200 73348 "-" "Mozilla/5.0 (compatible; MJ12bot/v1.4.8; http://mj12bot.com/)"
65.21.232.254 - - [20/Dec/2022:06:06:35 +0100] "GET /set-of-bamboo-cups-fish-p-49566.html HTTP/1.0" 301 73331 "-" "Mozilla/5.0 (compatible; MJ12bot/v1.4.8; http://mj12bot.com/)"
54.36.149.40 - - [20/Dec/2022:06:06:35 +0100] "GET /chameleon-night-light-p-59653.html HTTP/1.0" 200 77257 "-" "Mozilla/5.0 (compatible; AhrefsBot/7.0; +http://ahrefs.com/robot/)"
65.21.232.254 - - [20/Dec/2022:06:06:38 +0100] "GET /-p-49566.html HTTP/1.0" 200 73264 "-" "Mozilla/5.0 (compatible; MJ12bot/v1.4.8; http://mj12bot.com/)"
54.36.149.4 - - [20/Dec/2022:06:06:40 +0100] "GET /images/big_prod_2/5404006044689b.jpg HTTP/1.0" 200 271 "-" "Mozilla/5.0 (compatible; AhrefsBot/7.0; +http://ahrefs.com/robot/)"
54.36.148.235 - - [20/Dec/2022:06:06:40 +0100] "GET /images/big_prod_4/5404006044689d.jpg HTTP/1.0" 200 271 "-" "Mozilla/5.0 (compatible; AhrefsBot/7.0; +http://ahrefs.com/robot/)"
54.36.148.247 - - [20/Dec/2022:06:06:41 +0100] "GET /images/big_prod/5404006044689.jpg HTTP/1.0" 200 268 "-" "Mozilla/5.0 (compatible; AhrefsBot/7.0; +http://ahrefs.com/robot/)"
54.36.148.236 - - [20/Dec/2022:06:06:41 +0100] "GET /images/big_prod_3/5404006044689c.jpg HTTP/1.0" 200 271 "-" "Mozilla/5.0 (compatible; AhrefsBot/7.0; +http://ahrefs.com/robot/)"
65.21.232.254 - - [20/Dec/2022:06:06:40 +0100] "GET /set-of-bamboo-cups-humming-bird-p-49567.html HTTP/1.0" 301 73331 "-" "Mozilla/5.0 (compatible; MJ12bot/v1.4.8; http://mj12bot.com/)"
54.36.149.65 - - [20/Dec/2022:06:06:42 +0100] "GET /images/big_prod_1/5404006044689a.jpg HTTP/1.0" 200 271 "-" "Mozilla/5.0 (compatible; AhrefsBot/7.0; +http://ahrefs.com/robot/)"
65.21.232.254 - - [20/Dec/2022:06:06:43 +0100] "GET /-p-49567.html HTTP/1.0" 200 73264 "-" "Mozilla/5.0 (compatible; MJ12bot/v1.4.8; http://mj12bot.com/)"
65.21.232.254 - - [20/Dec/2022:06:06:46 +0100] "GET /set-of-bamboo-cups-lama-p-49565.html HTTP/1.0" 301 73409 "-" "Mozilla/5.0 (compatible; MJ12bot/v1.4.8; http://mj12bot.com/)"
185.191.171.15 - - [20/Dec/2022:06:06:48 +0100] "GET /caramel-dragonfly-p-55641.html HTTP/1.0" 200 76733 "-" "Mozilla/5.0 (compatible; SemrushBot/7~bl; +http://www.semrush.com/bot.html)"
65.21.232.254 - - [20/Dec/2022:06:06:48 +0100] "GET /bamboo-cups-lama-p-49565.html HTTP/1.0" 200 73326 "-" "Mozilla/5.0 (compatible; MJ12bot/v1.4.8; http://mj12bot.com/)"
185.191.171.43 - - [20/Dec/2022:06:06:51 +0100] "GET /green-kitchen-towel-p-44419.html HTTP/1.0" 200 75917 "-" "Mozilla/5.0 (compatible; SemrushBot/7~bl; +http://www.semrush.com/bot.html)"
65.21.232.254 - - [20/Dec/2022:06:06:52 +0100] "GET /set-of-bear-fir-decoration-10-cm-p-41951.html HTTP/1.0" 301 76081 "-" "Mozilla/5.0 (compatible; MJ12bot/v1.4.8; http://mj12bot.com/)"
65.21.232.254 - - [20/Dec/2022:06:06:55 +0100] "GET /bear-decoration-p-41951.html HTTP/1.0" 200 75999 "-" "Mozilla/5.0 (compatible; MJ12bot/v1.4.8; http://mj12bot.com/)"
66.249.64.244 - - [20/Dec/2022:06:06:55 +0100] "GET /lotus-candleholder-chakra-blue-silverlining-p-35521.html HTTP/1.0" 200 77520 "-" "Mozilla/5.0 (compatible; Googlebot/2.1; +http://www.google.com/bot.html)"
65.21.232.254 - - [20/Dec/2022:06:06:58 +0100] "GET /set-of-bear-fir-decoration-12-cm-p-41952.html HTTP/1.0" 301 73331 "-" "Mozilla/5.0 (compatible; MJ12bot/v1.4.8; http://mj12bot.com/)"
65.21.232.254 - - [20/Dec/2022:06:07:00 +0100] "GET /-p-41952.html HTTP/1.0" 200 73264 "-" "Mozilla/5.0 (compatible; MJ12bot/v1.4.8; http://mj12bot.com/)"
65.21.232.254 - - [20/Dec/2022:06:07:03 +0100] "GET /set-of-beer-capsule-coasters-p-52929.html HTTP/1.0" 301 75994 "-" "Mozilla/5.0 (compatible; MJ12bot/v1.4.8; http://mj12bot.com/)"
65.21.232.254 - - [20/Dec/2022:06:07:06 +0100] "GET /beer-capsule-coasters-p-52929.html HTTP/1.0" 200 75906 "-" "Mozilla/5.0 (compatible; MJ12bot/v1.4.8; http://mj12bot.com/)"
65.21.232.254 - - [20/Dec/2022:06:07:08 +0100] "GET /set-of-coasters-cccp-by-cbkreation-p-28525.html HTTP/1.0" 301 76025 "-" "Mozilla/5.0 (compatible; MJ12bot/v1.4.8; http://mj12bot.com/)"
65.21.232.254 - - [20/Dec/2022:06:07:11 +0100] "GET /coasters-cccp-cbkreation-p-28525.html HTTP/1.0" 200 75934 "-" "Mozilla/5.0 (compatible; MJ12bot/v1.4.8; http://mj12bot.com/)"
65.21.232.254 - - [20/Dec/2022:06:07:14 +0100] "GET /set-of-gel-crayons-p-40834.html HTTP/1.0" 301 76011 "-" "Mozilla/5.0 (compatible; MJ12bot/v1.4.8; http://mj12bot.com/)"
65.21.232.254 - - [20/Dec/2022:06:07:16 +0100] "GET /crayons-p-40834.html HTTP/1.0" 200 75937 "-" "Mozilla/5.0 (compatible; MJ12bot/v1.4.8; http://mj12bot.com/)"
65.21.232.254 - - [20/Dec/2022:06:07:19 +0100] "GET /set-of-pairs-of-socks-hannah-montana-size-31-35-p-25345.html HTTP/1.0" 301 73331 "-" "Mozilla/5.0 (compatible; MJ12bot/v1.4.8; http://mj12bot.com/)"
65.21.232.254 - - [20/Dec/2022:06:07:22 +0100] "GET /-p-25345.html HTTP/1.0" 200 73264 "-" "Mozilla/5.0 (compatible; MJ12bot/v1.4.8; http://mj12bot.com/)"
65.21.232.254 - - [20/Dec/2022:06:07:25 +0100] "GET /set-of-pairs-of-socks-strawberry-shortcake-size-23-26-p-25278.html HTTP/1.0" 301 73331 "-" "Mozilla/5.0 (compatible; MJ12bot/v1.4.8; http://mj12bot.com/)"
65.21.232.254 - - [20/Dec/2022:06:07:28 +0100] "GET /-p-25278.html HTTP/1.0" 200 73264 "-" "Mozilla/5.0 (compatible; MJ12bot/v1.4.8; http://mj12bot.com/)"
54.36.148.191 - - [20/Dec/2022:06:07:30 +0100] "GET /espresso-gogh-p-59660.html HTTP/1.0" 200 76489 "-" "Mozilla/5.0 (compatible; AhrefsBot/7.0; +http://ahrefs.com/robot/)"
65.21.232.254 - - [20/Dec/2022:06:07:30 +0100] "GET /set-of-pairs-of-socks-strawberry-shortcake-size-23-26-p-25279.html HTTP/1.0" 301 73331 "-" "Mozilla/5.0 (compatible; MJ12bot/v1.4.8; http://mj12bot.com/)"
54.36.148.167 - - [20/Dec/2022:06:07:33 +0100] "GET /images/big_prod/8422052343300.jpg HTTP/1.0" 200 268 "-" "Mozilla/5.0 (compatible; AhrefsBot/7.0; +http://ahrefs.com/robot/)"
54.36.148.246 - - [20/Dec/2022:06:07:34 +0100] "GET /images/big_prod_1/8422052343300B.jpg HTTP/1.0" 200 271 "-" "Mozilla/5.0 (compatible; AhrefsBot/7.0; +http://ahrefs.com/robot/)"
65.21.232.254 - - [20/Dec/2022:06:07:34 +0100] "GET /-p-25279.html HTTP/1.0" 200 73264 "-" "Mozilla/5.0 (compatible; MJ12bot/v1.4.8; http://mj12bot.com/)"
65.21.232.254 - - [20/Dec/2022:06:07:37 +0100] "GET /set-of-paris-2cv-coaster-p-26462.html HTTP/1.0" 301 73331 "-" "Mozilla/5.0 (compatible; MJ12bot/v1.4.8; http://mj12bot.com/)"
65.21.232.254 - - [20/Dec/2022:06:07:40 +0100] "GET /-p-26462.html HTTP/1.0" 200 73264 "-" "Mozilla/5.0 (compatible; MJ12bot/v1.4.8; http://mj12bot.com/)"
65.21.232.254 - - [20/Dec/2022:06:07:42 +0100] "GET /set-of-retro-coffee-cups-p-47780.html HTTP/1.0" 301 73424 "-" "Mozilla/5.0 (compatible; MJ12bot/v1.4.8; http://mj12bot.com/)"
65.21.232.254 - - [20/Dec/2022:06:07:45 +0100] "GET /retro-coffee-cups-p-47780.html HTTP/1.0" 200 73340 "-" "Mozilla/5.0 (compatible; MJ12bot/v1.4.8; http://mj12bot.com/)"
65.21.232.254 - - [20/Dec/2022:06:07:48 +0100] "GET /set-of-small-tassen-porcelain-mood-bowls-made-in-germany-p-50704.html HTTP/1.0" 301 77014 "-" "Mozilla/5.0 (compatible; MJ12bot/v1.4.8; http://mj12bot.com/)"
65.21.232.254 - - [20/Dec/2022:06:07:51 +0100] "GET /small-tassen-porcelain-mood-bowls-made-germany-p-50704.html HTTP/1.0" 200 76901 "-" "Mozilla/5.0 (compatible; MJ12bot/v1.4.8; http://mj12bot.com/)"
65.21.232.254 - - [20/Dec/2022:06:07:54 +0100] "GET /shark-ceramic-mug-p-48763.html HTTP/1.0" 301 73394 "-" "Mozilla/5.0 (compatible; MJ12bot/v1.4.8; http://mj12bot.com/)"
65.21.232.254 - - [20/Dec/2022:06:07:57 +0100] "GET /shark-ceramic-p-48763.html HTTP/1.0" 200 73314 "-" "Mozilla/5.0 (compatible; MJ12bot/v1.4.8; http://mj12bot.com/)"
65.21.232.254 - - [20/Dec/2022:06:08:00 +0100] "GET /shark-ceramic-p-48763.html HTTP/1.0" 200 73314 "-" "Mozilla/5.0 (compatible; MJ12bot/v1.4.8; http://mj12bot.com/)"
65.21.232.254 - - [20/Dec/2022:06:08:02 +0100] "GET /shoulder-bag-blue-with-chakra-symbols-p-45360.html HTTP/1.0" 301 76454 "-" "Mozilla/5.0 (compatible; MJ12bot/v1.4.8; http://mj12bot.com/)"
65.21.232.254 - - [20/Dec/2022:06:08:05 +0100] "GET /shoulder-blue-with-chakra-symbols-p-45360.html HTTP/1.0" 200 76354 "-" "Mozilla/5.0 (compatible; MJ12bot/v1.4.8; http://mj12bot.com/)"
65.21.232.254 - - [20/Dec/2022:06:08:08 +0100] "GET /shoulder-blue-with-chakra-symbols-p-45360.html HTTP/1.0" 200 76354 "-" "Mozilla/5.0 (compatible; MJ12bot/v1.4.8; http://mj12bot.com/)"
54.36.148.67 - - [20/Dec/2022:06:08:09 +0100] "GET /the-little-prince-night-light-p-11409.html HTTP/1.0" 301 73331 "-" "Mozilla/5.0 (compatible; AhrefsBot/7.0; +http://ahrefs.com/robot/)"
65.21.232.254 - - [20/Dec/2022:06:08:11 +0100] "GET /sitha-statue-in-wood-58-cm-p-46711.html HTTP/1.0" 301 73331 "-" "Mozilla/5.0 (compatible; MJ12bot/v1.4.8; http://mj12bot.com/)"
65.21.232.254 - - [20/Dec/2022:06:08:14 +0100] "GET /-p-46711.html HTTP/1.0" 200 73264 "-" "Mozilla/5.0 (compatible; MJ12bot/v1.4.8; http://mj12bot.com/)"
65.21.232.254 - - [20/Dec/2022:06:08:16 +0100] "GET /sitha-statue-wood-p-46711.html HTTP/1.0" 301 73331 "-" "Mozilla/5.0 (compatible; MJ12bot/v1.4.8; http://mj12bot.com/)"
65.21.232.254 - - [20/Dec/2022:06:08:19 +0100] "GET /-p-46711.html HTTP/1.0" 200 73264 "-" "Mozilla/5.0 (compatible; MJ12bot/v1.4.8; http://mj12bot.com/)"
65.21.232.254 - - [20/Dec/2022:06:08:22 +0100] "GET /sleeping-beauty-poster-p-36336.html HTTP/1.0" 301 73331 "-" "Mozilla/5.0 (compatible; MJ12bot/v1.4.8; http://mj12bot.com/)"
65.21.232.254 - - [20/Dec/2022:06:08:25 +0100] "GET /-p-36336.html HTTP/1.0" 200 73264 "-" "Mozilla/5.0 (compatible; MJ12bot/v1.4.8; http://mj12bot.com/)"
65.21.232.254 - - [20/Dec/2022:06:08:27 +0100] "GET /small-bamboo-tray-fish-p-49576.html HTTP/1.0" 200 75983 "-" "Mozilla/5.0 (compatible; MJ12bot/v1.4.8; http://mj12bot.com/)"
65.21.232.254 - - [20/Dec/2022:06:08:30 +0100] "GET /small-bamboo-tray-humming-bird-p-49574.html HTTP/1.0" 200 76023 "-" "Mozilla/5.0 (compatible; MJ12bot/v1.4.8; http://mj12bot.com/)"
54.36.149.13 - - [20/Dec/2022:06:08:31 +0100] "GET /accessories-c-3.html?page=6 HTTP/1.0" 200 95245 "-" "Mozilla/5.0 (compatible; AhrefsBot/7.0; +http://ahrefs.com/robot/)"
65.21.232.254 - - [20/Dec/2022:06:08:34 +0100] "GET /small-bamboo-tray-lama-p-49570.html HTTP/1.0" 200 75976 "-" "Mozilla/5.0 (compatible; MJ12bot/v1.4.8; http://mj12bot.com/)"
54.36.149.64 - - [20/Dec/2022:06:08:35 +0100] "GET /images/mini_prod/3438100339879.jpg HTTP/1.0" 200 269 "-" "Mozilla/5.0 (compatible; AhrefsBot/7.0; +http://ahrefs.com/robot/)"
54.36.148.210 - - [20/Dec/2022:06:08:35 +0100] "GET /images/mini_prod/3384956585130.jpg HTTP/1.0" 200 269 "-" "Mozilla/5.0 (compatible; AhrefsBot/7.0; +http://ahrefs.com/robot/)"
54.36.148.40 - - [20/Dec/2022:06:08:35 +0100] "GET /images/mini_prod/8720512970609.jpg HTTP/1.0" 200 269 "-" "Mozilla/5.0 (compatible; AhrefsBot/7.0; +http://ahrefs.com/robot/)"
54.36.149.52 - - [20/Dec/2022:06:08:36 +0100] "GET /images/mini_prod/3438100339787.jpg HTTP/1.0" 200 269 "-" "Mozilla/5.0 (compatible; AhrefsBot/7.0; +http://ahrefs.com/robot/)"
