66.249.64.246 - - [07/Jan/2023:23:51:02 +0100] "GET /images/big_prod/5051276459479.jpg HTTP/1.0" 200 268 "-" "Googlebot-Image/1.0"
185.191.171.23 - - [07/Jan/2023:23:51:18 +0100] "GET /-p-45574.html HTTP/1.0" 200 72990 "-" "Mozilla/5.0 (compatible; SemrushBot/7~bl; +http://www.semrush.com/bot.html)"
47.243.248.52 - - [07/Jan/2023:23:51:55 +0100] "GET /images/mini_prod/4891320400702.jpg HTTP/1.0" 200 269 "-" "Mozilla/5.0 (Windows NT 10.0; Win64; x64) AppleWebKit/537.36 (KHTML, like Gecko) Chrome/103.0.0.0 Safari/537.36"
111.240.203.135 - - [07/Jan/2023:23:53:00 +0100] "GET /contact_us.php HTTP/1.0" 301 539 "http://wonder-geek.com/contact_us.php" "Mozilla/5.0 (Windows NT 6.1) AppleWebKit/537.36 (KHTML, like Gecko) Chrome/90.0.4430.72 Safari/537.36"
111.240.203.135 - - [07/Jan/2023:23:53:11 +0100] "GET /contact_us.php HTTP/1.0" 200 26241 "http://www.wonder-geek.com/contact_us.php" "Mozilla/5.0 (Windows NT 6.1) AppleWebKit/537.36 (KHTML, like Gecko) Chrome/90.0.4430.72 Safari/537.36"
66.249.64.242 - - [07/Jan/2023:23:53:13 +0100] "GET /images/big_prod_1/4250255881039B.jpg HTTP/1.0" 200 271 "-" "Googlebot-Image/1.0"
111.240.203.135 - - [07/Jan/2023:23:53:14 +0100] "POST /contact_us.php?action=send HTTP/1.0" 200 26487 "http://www.wonder-geek.com/contact_us.php" "Mozilla/5.0 (Windows NT 6.1) AppleWebKit/537.36 (KHTML, like Gecko) Chrome/90.0.4430.72 Safari/537.36"
66.249.64.242 - - [07/Jan/2023:23:53:51 +0100] "GET /london-academy-backpack-p-44926.html HTTP/1.0" 200 73084 "-" "Mozilla/5.0 (Linux; Android 6.0.1; Nexus 5X Build/MMB29P) AppleWebKit/537.36 (KHTML, like Gecko) Chrome/107.0.5304.115 Mobile Safari/537.36 (compatible; Googlebot/2.1; +http://www.google.com/bot.html)"
54.36.148.56 - - [07/Jan/2023:23:53:59 +0100] "GET /citroen-large-metal-plate-p-15172.html HTTP/1.0" 200 75597 "-" "Mozilla/5.0 (compatible; AhrefsBot/7.0; +http://ahrefs.com/robot/)"
54.36.149.84 - - [07/Jan/2023:23:54:02 +0100] "GET /images/big_prod/3565750147216.jpg HTTP/1.0" 200 268 "-" "Mozilla/5.0 (compatible; AhrefsBot/7.0; +http://ahrefs.com/robot/)"
114.119.143.75 - - [07/Jan/2023:23:54:06 +0100] "GET /bleu-lampshade-p-58054.html HTTP/1.0" 200 73036 "http://www.wonder-geek.com/lighting-c-86.html?page=5" "Mozilla/5.0 (Linux; Android 7.0;) AppleWebKit/537.36 (KHTML, like Gecko) Mobile Safari/537.36 (compatible; PetalBot;+https://webmaster.petalsearch.com/site/petalbot)"
185.191.171.14 - - [07/Jan/2023:23:54:13 +0100] "GET /lavender-rosemary-adult-apron-p-39736.html HTTP/1.0" 200 75704 "-" "Mozilla/5.0 (compatible; SemrushBot/7~bl; +http://www.semrush.com/bot.html)"
66.249.64.246 - - [07/Jan/2023:23:56:23 +0100] "GET /houndstooth-russian-doll-money-cbkreation-p-18420.html HTTP/1.0" 200 75828 "-" "Mozilla/5.0 (Linux; Android 6.0.1; Nexus 5X Build/MMB29P) AppleWebKit/537.36 (KHTML, like Gecko) Chrome/108.0.5359.130 Mobile Safari/537.36 (compatible; Googlebot/2.1; +http://www.google.com/bot.html)"
35.226.161.112 - - [07/Jan/2023:23:56:27 +0100] "GET /images/big_prod_1/indus2.jpg HTTP/1.0" 200 263 "-" "Mozilla/5.0 (X11; Ubuntu; Linux x86_64; rv:72.0) Gecko/20100101 Firefox/72.0"
66.249.64.244 - - [07/Jan/2023:23:56:45 +0100] "GET /images/big_prod_1/3701206600090B.jpg HTTP/1.0" 200 271 "-" "Googlebot-Image/1.0"
24.187.153.98 - - [07/Jan/2023:23:56:59 +0100] "GET /images/big_prod_1/b8435333807804.jpg HTTP/1.0" 200 271 "-" "Mozilla/5.0 (Macintosh; Intel Mac OS X 10_15_7) AppleWebKit/605.1.15 (KHTML, like Gecko) Version/16.1 Safari/605.1.15"
24.187.153.98 - - [07/Jan/2023:23:56:59 +0100] "GET /images/big_prod_1/b8435333807705.jpg HTTP/1.0" 200 271 "-" "Mozilla/5.0 (Macintosh; Intel Mac OS X 10_15_7) AppleWebKit/605.1.15 (KHTML, like Gecko) Version/16.1 Safari/605.1.15"
66.249.64.244 - - [07/Jan/2023:23:57:11 +0100] "GET /indian-elephant-statue-p-41477.html HTTP/1.0" 200 73080 "-" "Mozilla/5.0 (Linux; Android 6.0.1; Nexus 5X Build/MMB29P) AppleWebKit/537.36 (KHTML, like Gecko) Chrome/107.0.5304.115 Mobile Safari/537.36 (compatible; Googlebot/2.1; +http://www.google.com/bot.html)"
51.68.224.127 - - [07/Jan/2023:23:58:52 +0100] "GET /adminweb/export_orders_xml.php?token=256de2z6edz6ed2z6DFSFsed2zed6zeDSFDSGdzedezfzf&maxorders=10&orderstart=1&status=14&start_date=2018-10-01 HTTP/1.0" 200 285 "-" "GesCom CharlotteBoutik Serveur"
51.68.224.127 - - [07/Jan/2023:23:58:52 +0100] "GET /adminweb/export_orders_xml.php?token=256de2z6edz6ed2z6DFSFsed2zed6zeDSFDSGdzedezfzf&maxorders=10&orderstart=1&status=6&start_date=2018-10-01 HTTP/1.0" 200 34006 "-" "GesCom CharlotteBoutik Serveur"
54.36.148.37 - - [07/Jan/2023:23:58:59 +0100] "GET /games-toys-c-4.html?page=10 HTTP/1.0" 200 84533 "-" "Mozilla/5.0 (compatible; AhrefsBot/7.0; +http://ahrefs.com/robot/)"
213.202.230.56 - - [08/Jan/2023:00:01:14 +0100] "GET /images/mini_prod/3700653511607.jpg HTTP/1.0" 200 269 "-" "Mozilla/5.0 (X11; Ubuntu; Linux x86_64; rv:72.0) Gecko/20100101 Firefox/72.0"
185.191.171.26 - - [08/Jan/2023:00:02:05 +0100] "GET /bookmark-lenticular-love-p-19150.html HTTP/1.0" 200 75796 "-" "Mozilla/5.0 (compatible; SemrushBot/7~bl; +http://www.semrush.com/bot.html)"
139.59.16.122 - - [08/Jan/2023:00:02:06 +0100] "GET /contact_us.php HTTP/1.0" 200 26241 "http://www.wonder-geek.com/contact_us.php" "Mozilla/5.0 (Windows NT 10.0; Win64; x64) AppleWebKit/537.36 (KHTML, like Gecko) Chrome/90.0.4430.86 Safari/537.36"
139.59.16.122 - - [08/Jan/2023:00:02:09 +0100] "POST /contact_us.php?action=send HTTP/1.0" 200 26491 "http://www.wonder-geek.com/contact_us.php" "Mozilla/5.0 (Windows NT 10.0; Win64; x64) AppleWebKit/537.36 (KHTML, like Gecko) Chrome/90.0.4430.86 Safari/537.36"
66.249.64.246 - - [08/Jan/2023:00:02:51 +0100] "GET /long-playing-clock-by-cbkreation-p-24373.html HTTP/1.0" 301 75896 "-" "Mozilla/5.0 (compatible; Googlebot/2.1; +http://www.google.com/bot.html)"
66.249.64.244 - - [08/Jan/2023:00:02:52 +0100] "GET /long-playing-clock-cbkreation-p-24373.html HTTP/1.0" 200 75800 "-" "Mozilla/5.0 (compatible; Googlebot/2.1; +http://www.google.com/bot.html)"
95.163.255.138 - - [08/Jan/2023:00:03:19 +0100] "GET /robots.txt HTTP/1.0" 301 531 "-" "Mozilla/5.0 (compatible; Linux x86_64; Mail.RU_Bot/Img/2.0; +https://help.mail.ru/webmaster/indexing/robots)"
95.163.255.120 - - [08/Jan/2023:00:03:23 +0100] "GET /images/med_prod/5028486282579.jpg HTTP/1.0" 301 577 "http://go.mail.ru/search_images" "Mozilla/5.0 (compatible; Linux x86_64; Mail.RU_Bot/Img/2.0; +https://help.mail.ru/webmaster/indexing/robots)"
95.163.255.121 - - [08/Jan/2023:00:03:26 +0100] "GET /images/med_prod/1345544791847.jpg HTTP/1.0" 301 577 "http://go.mail.ru/search_images" "Mozilla/5.0 (compatible; Linux x86_64; Mail.RU_Bot/Img/2.0; +https://help.mail.ru/webmaster/indexing/robots)"
95.163.255.111 - - [08/Jan/2023:00:03:36 +0100] "GET /robots.txt HTTP/1.0" 200 245 "-" "Mozilla/5.0 (compatible; Linux x86_64; Mail.RU_Bot/Img/2.0; +https://help.mail.ru/webmaster/indexing/robots)"
95.163.255.198 - - [08/Jan/2023:00:03:42 +0100] "GET /images/med_prod/5028486282579.jpg HTTP/1.0" 200 268 "http://wonder-geek.com/images/med_prod/5028486282579.jpg" "Mozilla/5.0 (compatible; Linux x86_64; Mail.RU_Bot/Img/2.0; +https://help.mail.ru/webmaster/indexing/robots)"
95.163.255.138 - - [08/Jan/2023:00:03:45 +0100] "GET /images/med_prod/1345544791847.jpg HTTP/1.0" 200 268 "http://wonder-geek.com/images/med_prod/1345544791847.jpg" "Mozilla/5.0 (compatible; Linux x86_64; Mail.RU_Bot/Img/2.0; +https://help.mail.ru/webmaster/indexing/robots)"
54.36.148.164 - - [08/Jan/2023:00:04:07 +0100] "GET /vintage-botanical-kakemono-canvas-hanging-p-58639.html HTTP/1.0" 200 76627 "-" "Mozilla/5.0 (compatible; AhrefsBot/7.0; +http://ahrefs.com/robot/)"
54.36.148.118 - - [08/Jan/2023:00:04:10 +0100] "GET /images/big_prod_1/3520071849744B.jpg HTTP/1.0" 200 271 "-" "Mozilla/5.0 (compatible; AhrefsBot/7.0; +http://ahrefs.com/robot/)"
54.36.148.186 - - [08/Jan/2023:00:04:11 +0100] "GET /images/big_prod/3520071849744A.jpg HTTP/1.0" 200 269 "-" "Mozilla/5.0 (compatible; AhrefsBot/7.0; +http://ahrefs.com/robot/)"
185.191.171.9 - - [08/Jan/2023:00:04:18 +0100] "GET /decorative-figurine-aged-metal-p-56057.html HTTP/1.0" 200 75817 "-" "Mozilla/5.0 (compatible; SemrushBot/7~bl; +http://www.semrush.com/bot.html)"
185.191.171.26 - - [08/Jan/2023:00:04:46 +0100] "GET /figures-c-4_15.html?page=5 HTTP/1.0" 200 93417 "-" "Mozilla/5.0 (compatible; SemrushBot/7~bl; +http://www.semrush.com/bot.html)"
185.191.171.39 - - [08/Jan/2023:00:05:28 +0100] "GET /-p-48829.html HTTP/1.0" 200 72990 "-" "Mozilla/5.0 (compatible; SemrushBot/7~bl; +http://www.semrush.com/bot.html)"
157.55.39.3 - - [08/Jan/2023:00:05:41 +0100] "GET /images/big_prod/627DUDE.jpg HTTP/1.0" 200 262 "-" "Mozilla/5.0 (compatible; bingbot/2.0; +http://www.bing.com/bingbot.htm)"
188.68.56.86 - - [08/Jan/2023:00:07:31 +0100] "GET /contact_us.php HTTP/1.0" 301 539 "http://wonder-geek.com/contact_us.php" "Mozilla/5.0 (Windows NT 6.1; Win64; x64) AppleWebKit/537.36 (KHTML, like Gecko) Chrome/90.0.4430.85 Safari/537.36"
157.55.39.100 - - [08/Jan/2023:00:07:31 +0100] "GET /malo-cbkreation-p-41920.html HTTP/1.0" 200 75637 "-" "Mozilla/5.0 AppleWebKit/537.36 (KHTML, like Gecko; compatible; bingbot/2.0; +http://www.bing.com/bingbot.htm) Chrome/103.0.5060.134 Safari/537.36"
188.68.56.86 - - [08/Jan/2023:00:07:32 +0100] "GET /contact_us.php HTTP/1.0" 200 26241 "http://www.wonder-geek.com/contact_us.php" "Mozilla/5.0 (Windows NT 6.1; Win64; x64) AppleWebKit/537.36 (KHTML, like Gecko) Chrome/90.0.4430.85 Safari/537.36"
23.137.251.61 - - [08/Jan/2023:00:07:34 +0100] "POST /contact_us.php?action=send HTTP/1.0" 200 26684 "http://www.wonder-geek.com/contact_us.php" "Mozilla/5.0 (Windows NT 6.1; Win64; x64) AppleWebKit/537.36 (KHTML, like Gecko) Chrome/90.0.4430.85 Safari/537.36"
23.137.251.61 - - [08/Jan/2023:00:07:35 +0100] "GET /contact_us.php HTTP/1.0" 200 26241 "http://www.wonder-geek.com/contact_us.php" "Mozilla/5.0 (Windows NT 6.1; Win64; x64) AppleWebKit/537.36 (KHTML, like Gecko) Chrome/90.0.4430.85 Safari/537.36"
185.191.171.37 - - [08/Jan/2023:00:07:41 +0100] "GET /-p-19149.html HTTP/1.0" 200 72990 "-" "Mozilla/5.0 (compatible; SemrushBot/7~bl; +http://www.semrush.com/bot.html)"
66.249.64.246 - - [08/Jan/2023:00:07:51 +0100] "GET /littlest-petshop-bathroom-p-9621.html HTTP/1.0" 200 75819 "-" "Mozilla/5.0 (Linux; Android 6.0.1; Nexus 5X Build/MMB29P) AppleWebKit/537.36 (KHTML, like Gecko) Chrome/107.0.5304.115 Mobile Safari/537.36 (compatible; Googlebot/2.1; +http://www.google.com/bot.html)"
52.33.63.223 - - [08/Jan/2023:00:08:15 +0100] "GET /images/mini_prod/8424345892595.jpg HTTP/1.0" 200 269 "-" "Mozilla/5.0 (X11; Ubuntu; Linux x86_64; rv:72.0) Gecko/20100101 Firefox/72.0"
52.33.63.223 - - [08/Jan/2023:00:08:28 +0100] "GET /images/mini_prod/8424345892595.jpg HTTP/1.0" 200 269 "-" "Mozilla/5.0 (X11; Ubuntu; Linux x86_64; rv:72.0) Gecko/20100101 Firefox/72.0"
114.119.133.245 - - [08/Jan/2023:00:08:30 +0100] "GET /boho-canvas-frame-34-23-cm-le-bonheur-est-un-voyage-p-39215.html HTTP/1.0" 301 76002 "http://www.wonder-geek.com/home-and-decoration-c-13.html?page=40" "Mozilla/5.0 (Linux; Android 7.0;) AppleWebKit/537.36 (KHTML, like Gecko) Mobile Safari/537.36 (compatible; PetalBot;+https://webmaster.petalsearch.com/site/petalbot)"
114.119.133.245 - - [08/Jan/2023:00:08:31 +0100] "GET /boho-canvas-frame-bonheur-voyage-p-39215.html HTTP/1.0" 200 75903 "http://www.wonder-geek.com/home-and-decoration-c-13.html?page=40" "Mozilla/5.0 (Linux; Android 7.0;) AppleWebKit/537.36 (KHTML, like Gecko) Mobile Safari/537.36 (compatible; PetalBot;+https://webmaster.petalsearch.com/site/petalbot)"
54.36.149.47 - - [08/Jan/2023:00:08:54 +0100] "GET /yoga-lotus-anjali-mudra-statuette-p-51727.html HTTP/1.0" 200 75797 "-" "Mozilla/5.0 (compatible; AhrefsBot/7.0; +http://ahrefs.com/robot/)"
54.36.148.88 - - [08/Jan/2023:00:08:57 +0100] "GET /images/big_prod/8433933201985.jpg HTTP/1.0" 200 268 "-" "Mozilla/5.0 (compatible; AhrefsBot/7.0; +http://ahrefs.com/robot/)"
185.191.171.23 - - [08/Jan/2023:00:08:58 +0100] "GET /-p-21513.html HTTP/1.0" 200 72990 "-" "Mozilla/5.0 (compatible; SemrushBot/7~bl; +http://www.semrush.com/bot.html)"
52.33.63.223 - - [08/Jan/2023:00:09:38 +0100] "GET /images/mini_prod/8424345892595.jpg HTTP/1.0" 200 269 "-" "Mozilla/5.0 (X11; Ubuntu; Linux x86_64; rv:72.0) Gecko/20100101 Firefox/72.0"
47.243.248.52 - - [08/Jan/2023:00:10:21 +0100] "GET /images/mini_prod/1384010178829.jpg HTTP/1.0" 200 269 "-" "Mozilla/5.0 (Windows NT 10.0; Win64; x64) AppleWebKit/537.36 (KHTML, like Gecko) Chrome/103.0.0.0 Safari/537.36"
66.249.64.246 - - [08/Jan/2023:00:10:29 +0100] "GET /nici-lucy-clock-p-11436.html HTTP/1.0" 200 75548 "-" "Mozilla/5.0 (Linux; Android 6.0.1; Nexus 5X Build/MMB29P) AppleWebKit/537.36 (KHTML, like Gecko) Chrome/107.0.5304.115 Mobile Safari/537.36 (compatible; Googlebot/2.1; +http://www.google.com/bot.html)"
34.198.75.166 - - [08/Jan/2023:00:10:53 +0100] "GET /images/mini_prod/8432193202787.jpg HTTP/1.0" 200 269 "-" "Mozilla/5.0 (Macintosh; Intel Mac OS X 10_15_7) AppleWebKit/537.36 (KHTML, like Gecko) Chrome/104.0.5112.79 Safari/537.36"
147.92.153.15 - - [08/Jan/2023:00:10:56 +0100] "GET /images/big_prod/3520071741406.jpg HTTP/1.0" 200 268 "-" "Mozilla/5.0 (compatible; Linespider/1.1; +https://lin.ee/4dwXkTH)"
66.249.64.244 - - [08/Jan/2023:00:11:07 +0100] "GET /noddy-swimsuit-p-30585.html HTTP/1.0" 200 76720 "-" "Mozilla/5.0 (Linux; Android 6.0.1; Nexus 5X Build/MMB29P) AppleWebKit/537.36 (KHTML, like Gecko) Chrome/108.0.5359.130 Mobile Safari/537.36 (compatible; Googlebot/2.1; +http://www.google.com/bot.html)"
216.244.66.242 - - [08/Jan/2023:00:11:44 +0100] "GET /robots.txt HTTP/1.0" 200 245 "-" "Mozilla/5.0 (compatible; DotBot/1.2; +https://opensiteexplorer.org/dotbot; help@moz.com)"
52.33.63.223 - - [08/Jan/2023:00:11:52 +0100] "GET /images/mini_prod/8424345892595.jpg HTTP/1.0" 200 269 "-" "Mozilla/5.0 (X11; Ubuntu; Linux x86_64; rv:72.0) Gecko/20100101 Firefox/72.0"
66.249.64.242 - - [08/Jan/2023:00:11:51 +0100] "GET /london-academy-backpack-p-44926.html HTTP/1.0" 200 73084 "-" "Mozilla/5.0 (compatible; Googlebot/2.1; +http://www.google.com/bot.html)"
178.95.199.155 - - [08/Jan/2023:00:11:54 +0100] "GET /templates/Pixame_v1/stylesheet.css HTTP/1.0" 200 267 "http://www.wonder-geek.com/fine-porcelain-saucer-p-57261.html" "Mozilla/5.0 (Windows NT 10.0; Win64; x64) AppleWebKit/537.36 (KHTML, like Gecko) Chrome/108.0.0.0 Safari/537.36"
178.95.199.155 - - [08/Jan/2023:00:11:54 +0100] "GET /highslide/highslide.js HTTP/1.0" 200 262 "http://www.wonder-geek.com/fine-porcelain-saucer-p-57261.html" "Mozilla/5.0 (Windows NT 10.0; Win64; x64) AppleWebKit/537.36 (KHTML, like Gecko) Chrome/108.0.0.0 Safari/537.36"
178.95.199.155 - - [08/Jan/2023:00:11:54 +0100] "GET /js/jquery.js HTTP/1.0" 200 252 "http://www.wonder-geek.com/fine-porcelain-saucer-p-57261.html" "Mozilla/5.0 (Windows NT 10.0; Win64; x64) AppleWebKit/537.36 (KHTML, like Gecko) Chrome/108.0.0.0 Safari/537.36"
178.95.199.155 - - [08/Jan/2023:00:11:53 +0100] "GET /fine-porcelain-saucer-p-57261.html HTTP/1.0" 200 75790 "https://www.google.com/" "Mozilla/5.0 (Windows NT 10.0; Win64; x64) AppleWebKit/537.36 (KHTML, like Gecko) Chrome/108.0.0.0 Safari/537.36"
178.95.199.155 - - [08/Jan/2023:00:11:54 +0100] "GET /js/jquery.jqzoom.js HTTP/1.0" 200 259 "http://www.wonder-geek.com/fine-porcelain-saucer-p-57261.html" "Mozilla/5.0 (Windows NT 10.0; Win64; x64) AppleWebKit/537.36 (KHTML, like Gecko) Chrome/108.0.0.0 Safari/537.36"
178.95.199.155 - - [08/Jan/2023:00:11:54 +0100] "GET /mondial_relay/js/jquery-1.3.2.min.js HTTP/1.0" 200 276 "http://www.wonder-geek.com/fine-porcelain-saucer-p-57261.html" "Mozilla/5.0 (Windows NT 10.0; Win64; x64) AppleWebKit/537.36 (KHTML, like Gecko) Chrome/108.0.0.0 Safari/537.36"
178.95.199.155 - - [08/Jan/2023:00:11:54 +0100] "GET /swfobject.js HTTP/1.0" 404 1308 "http://www.wonder-geek.com/fine-porcelain-saucer-p-57261.html" "Mozilla/5.0 (Windows NT 10.0; Win64; x64) AppleWebKit/537.36 (KHTML, like Gecko) Chrome/108.0.0.0 Safari/537.36"
178.95.199.155 - - [08/Jan/2023:00:11:54 +0100] "GET /templates/Pixame_v1/images/icon_accueil2.png HTTP/1.0" 200 278 "http://www.wonder-geek.com/fine-porcelain-saucer-p-57261.html" "Mozilla/5.0 (Windows NT 10.0; Win64; x64) AppleWebKit/537.36 (KHTML, like Gecko) Chrome/108.0.0.0 Safari/537.36"
178.95.199.155 - - [08/Jan/2023:00:11:55 +0100] "GET /templates/Pixame_v1/images/infobox/pixel_trans.gif HTTP/1.0" 200 328 "http://www.wonder-geek.com/fine-porcelain-saucer-p-57261.html" "Mozilla/5.0 (Windows NT 10.0; Win64; x64) AppleWebKit/537.36 (KHTML, like Gecko) Chrome/108.0.0.0 Safari/537.36"
178.95.199.155 - - [08/Jan/2023:00:11:55 +0100] "GET /templates/Pixame_v1/images/Bottom_texture.jpg HTTP/1.0" 200 280 "http://www.wonder-geek.com/templates/Pixame_v1/stylesheet.css" "Mozilla/5.0 (Windows NT 10.0; Win64; x64) AppleWebKit/537.36 (KHTML, like Gecko) Chrome/108.0.0.0 Safari/537.36"
178.95.199.155 - - [08/Jan/2023:00:11:55 +0100] "GET /templates/Pixame_v1/images/Middle_texture.jpg HTTP/1.0" 200 280 "http://www.wonder-geek.com/templates/Pixame_v1/stylesheet.css" "Mozilla/5.0 (Windows NT 10.0; Win64; x64) AppleWebKit/537.36 (KHTML, like Gecko) Chrome/108.0.0.0 Safari/537.36"
178.95.199.155 - - [08/Jan/2023:00:11:55 +0100] "GET /templates/Pixame_v1/images/header.png HTTP/1.0" 200 271 "http://www.wonder-geek.com/templates/Pixame_v1/stylesheet.css" "Mozilla/5.0 (Windows NT 10.0; Win64; x64) AppleWebKit/537.36 (KHTML, like Gecko) Chrome/108.0.0.0 Safari/537.36"
178.95.199.155 - - [08/Jan/2023:00:11:55 +0100] "GET /templates/Pixame_v1/images/header-object.png HTTP/1.0" 200 278 "http://www.wonder-geek.com/templates/Pixame_v1/stylesheet.css" "Mozilla/5.0 (Windows NT 10.0; Win64; x64) AppleWebKit/537.36 (KHTML, like Gecko) Chrome/108.0.0.0 Safari/537.36"
178.95.199.155 - - [08/Jan/2023:00:11:55 +0100] "GET /templates/Pixame_v1/images/nav.png HTTP/1.0" 200 268 "http://www.wonder-geek.com/templates/Pixame_v1/stylesheet.css" "Mozilla/5.0 (Windows NT 10.0; Win64; x64) AppleWebKit/537.36 (KHTML, like Gecko) Chrome/108.0.0.0 Safari/537.36"
178.95.199.155 - - [08/Jan/2023:00:11:55 +0100] "GET /images/big_prod/8712159169928.jpg HTTP/1.0" 200 268 "http://www.wonder-geek.com/fine-porcelain-saucer-p-57261.html" "Mozilla/5.0 (Windows NT 10.0; Win64; x64) AppleWebKit/537.36 (KHTML, like Gecko) Chrome/108.0.0.0 Safari/537.36"
178.95.199.155 - - [08/Jan/2023:00:11:55 +0100] "GET /highslide/graphics/zoomin.cur HTTP/1.0" 200 614 "http://www.wonder-geek.com/templates/Pixame_v1/stylesheet.css" "Mozilla/5.0 (Windows NT 10.0; Win64; x64) AppleWebKit/537.36 (KHTML, like Gecko) Chrome/108.0.0.0 Safari/537.36"
178.95.199.155 - - [08/Jan/2023:00:11:55 +0100] "GET /design/productsenstock.png HTTP/1.0" 200 260 "http://www.wonder-geek.com/templates/Pixame_v1/stylesheet.css" "Mozilla/5.0 (Windows NT 10.0; Win64; x64) AppleWebKit/537.36 (KHTML, like Gecko) Chrome/108.0.0.0 Safari/537.36"
178.95.199.155 - - [08/Jan/2023:00:11:55 +0100] "GET /templates/Pixame_v1/images/infobox/infobox_footer_middle.gif HTTP/1.0" 200 357 "http://www.wonder-geek.com/fine-porcelain-saucer-p-57261.html" "Mozilla/5.0 (Windows NT 10.0; Win64; x64) AppleWebKit/537.36 (KHTML, like Gecko) Chrome/108.0.0.0 Safari/537.36"
178.95.199.155 - - [08/Jan/2023:00:11:55 +0100] "GET /images/pixel_trans.gif HTTP/1.0" 200 328 "http://www.wonder-geek.com/fine-porcelain-saucer-p-57261.html" "Mozilla/5.0 (Windows NT 10.0; Win64; x64) AppleWebKit/537.36 (KHTML, like Gecko) Chrome/108.0.0.0 Safari/537.36"
178.95.199.155 - - [08/Jan/2023:00:11:55 +0100] "GET /templates/Pixame_v1/images/pixel_trans.gif HTTP/1.0" 200 328 "http://www.wonder-geek.com/fine-porcelain-saucer-p-57261.html" "Mozilla/5.0 (Windows NT 10.0; Win64; x64) AppleWebKit/537.36 (KHTML, like Gecko) Chrome/108.0.0.0 Safari/537.36"
178.95.199.155 - - [08/Jan/2023:00:11:55 +0100] "GET /templates/Pixame_v1/images/buttons/english/button_in_cart.gif HTTP/1.0" 200 295 "http://www.wonder-geek.com/fine-porcelain-saucer-p-57261.html" "Mozilla/5.0 (Windows NT 10.0; Win64; x64) AppleWebKit/537.36 (KHTML, like Gecko) Chrome/108.0.0.0 Safari/537.36"
178.95.199.155 - - [08/Jan/2023:00:11:56 +0100] "GET /highslide/graphics/outlines/drop-shadow.png HTTP/1.0" 200 277 "http://www.wonder-geek.com/fine-porcelain-saucer-p-57261.html" "Mozilla/5.0 (Windows NT 10.0; Win64; x64) AppleWebKit/537.36 (KHTML, like Gecko) Chrome/108.0.0.0 Safari/537.36"
178.95.199.155 - - [08/Jan/2023:00:11:56 +0100] "GET /highslide/graphics/zoomout.cur HTTP/1.0" 200 614 "http://www.wonder-geek.com/fine-porcelain-saucer-p-57261.html" "Mozilla/5.0 (Windows NT 10.0; Win64; x64) AppleWebKit/537.36 (KHTML, like Gecko) Chrome/108.0.0.0 Safari/537.36"
178.95.199.155 - - [08/Jan/2023:00:11:56 +0100] "GET /highslide/graphics/loader.white.gif HTTP/1.0" 200 960 "http://www.wonder-geek.com/templates/Pixame_v1/stylesheet.css" "Mozilla/5.0 (Windows NT 10.0; Win64; x64) AppleWebKit/537.36 (KHTML, like Gecko) Chrome/108.0.0.0 Safari/537.36"
178.95.199.155 - - [08/Jan/2023:00:11:56 +0100] "GET /favicon.ico HTTP/1.0" 200 260 "http://www.wonder-geek.com/fine-porcelain-saucer-p-57261.html" "Mozilla/5.0 (Windows NT 10.0; Win64; x64) AppleWebKit/537.36 (KHTML, like Gecko) Chrome/108.0.0.0 Safari/537.36"
178.95.199.155 - - [08/Jan/2023:00:12:04 +0100] "GET /highslide/graphics/fullexpand.gif HTTP/1.0" 200 495 "http://www.wonder-geek.com/templates/Pixame_v1/stylesheet.css" "Mozilla/5.0 (Windows NT 10.0; Win64; x64) AppleWebKit/537.36 (KHTML, like Gecko) Chrome/108.0.0.0 Safari/537.36"
185.191.171.8 - - [08/Jan/2023:00:13:00 +0100] "GET /gemini-cookware-cbkreation-p-43269.html HTTP/1.0" 200 75728 "-" "Mozilla/5.0 (compatible; SemrushBot/7~bl; +http://www.semrush.com/bot.html)"
54.36.148.111 - - [08/Jan/2023:00:13:43 +0100] "GET /grey-isothermic-stainless-steel-bottle-cbkreation-p-54163.html HTTP/1.0" 200 76527 "-" "Mozilla/5.0 (compatible; AhrefsBot/7.0; +http://ahrefs.com/robot/)"
54.36.149.19 - - [08/Jan/2023:00:13:46 +0100] "GET /images/big_prod/8422029059234.jpg HTTP/1.0" 200 268 "-" "Mozilla/5.0 (compatible; AhrefsBot/7.0; +http://ahrefs.com/robot/)"
54.36.149.48 - - [08/Jan/2023:00:13:46 +0100] "GET /images/big_prod_1/8422029059234B.jpg HTTP/1.0" 200 271 "-" "Mozilla/5.0 (compatible; AhrefsBot/7.0; +http://ahrefs.com/robot/)"
185.191.171.37 - - [08/Jan/2023:00:13:55 +0100] "GET /blue-distributor-p-50101.html HTTP/1.0" 200 75744 "-" "Mozilla/5.0 (compatible; SemrushBot/7~bl; +http://www.semrush.com/bot.html)"
66.249.64.242 - - [08/Jan/2023:00:14:16 +0100] "GET /decorative-wooden-plate-donkey-corsica-yellow-blue-p-47839.html HTTP/1.0" 200 76130 "-" "Mozilla/5.0 (Linux; Android 6.0.1; Nexus 5X Build/MMB29P) AppleWebKit/537.36 (KHTML, like Gecko) Chrome/108.0.5359.130 Mobile Safari/537.36 (compatible; Googlebot/2.1; +http://www.google.com/bot.html)"
66.249.64.242 - - [08/Jan/2023:00:14:21 +0100] "GET /miss-mindy-sweet-forest-fairy-figurine-p-45140.html HTTP/1.0" 200 77017 "-" "Mozilla/5.0 (Linux; Android 6.0.1; Nexus 5X Build/MMB29P) AppleWebKit/537.36 (KHTML, like Gecko) Chrome/108.0.5359.130 Mobile Safari/537.36 (compatible; Googlebot/2.1; +http://www.google.com/bot.html)"
66.249.64.242 - - [08/Jan/2023:00:14:30 +0100] "GET /cement-tile-stickers-p-51628.html HTTP/1.0" 200 76561 "-" "Mozilla/5.0 (Linux; Android 6.0.1; Nexus 5X Build/MMB29P) AppleWebKit/537.36 (KHTML, like Gecko) Chrome/108.0.5359.130 Mobile Safari/537.36 (compatible; Googlebot/2.1; +http://www.google.com/bot.html)"
66.249.64.242 - - [08/Jan/2023:00:14:41 +0100] "GET /images/big_prod_1/8718375752562a.jpg HTTP/1.0" 200 271 "-" "Googlebot-Image/1.0"
185.191.171.23 - - [08/Jan/2023:00:15:32 +0100] "GET /chantilly-fitted-sheet-p-43577.html HTTP/1.0" 200 75726 "-" "Mozilla/5.0 (compatible; SemrushBot/7~bl; +http://www.semrush.com/bot.html)"
18.196.207.104 - - [08/Jan/2023:00:15:41 +0100] "GET /images/mini_prod/3700235441544.jpg HTTP/1.0" 200 269 "-" "Mozilla/5.0 (X11; Ubuntu; Linux x86_64; rv:72.0) Gecko/20100101 Firefox/72.0"
51.68.224.127 - - [08/Jan/2023:00:15:43 +0100] "GET /adminweb/export_orders_xml.php?token=256de2z6edz6ed2z6DFSFsed2zed6zeDSFDSGdzedezfzf&maxorders=10&orderstart=1&status=14&start_date=2018-10-01 HTTP/1.0" 200 285 "-" "GesCom CharlotteBoutik Serveur"
51.68.224.127 - - [08/Jan/2023:00:15:43 +0100] "GET /adminweb/export_orders_xml.php?token=256de2z6edz6ed2z6DFSFsed2zed6zeDSFDSGdzedezfzf&maxorders=10&orderstart=1&status=6&start_date=2018-10-01 HTTP/1.0" 200 34006 "-" "GesCom CharlotteBoutik Serveur"
213.202.230.56 - - [08/Jan/2023:00:16:25 +0100] "GET /images/mini_prod/9316188078269.jpg HTTP/1.0" 200 269 "-" "Mozilla/5.0 (X11; Ubuntu; Linux x86_64; rv:72.0) Gecko/20100101 Firefox/72.0"
101.230.149.217 - - [08/Jan/2023:00:17:06 +0100] "GET /images/mini_prod/4036113162157.jpg HTTP/1.0" 200 269 "-" "Mozilla/5.0 (X11; Ubuntu; Linux x86_64; rv:72.0) Gecko/20100101 Firefox/72.0"
61.164.155.244 - - [08/Jan/2023:00:17:21 +0100] "GET / HTTP/1.0" 200 108502 "-" "Python-urllib/2.7"
114.119.150.249 - - [08/Jan/2023:00:18:55 +0100] "GET /images/big_prod_1/8430957012634C.jpg HTTP/1.0" 200 271 "http://www.wonder-geek.com/cars-metal-pencil-box-p-516.html" "Mozilla/5.0 (Linux; Android 7.0;) AppleWebKit/537.36 (KHTML, like Gecko) Mobile Safari/537.36 (compatible; PetalBot;+https://webmaster.petalsearch.com/site/petalbot)"
54.36.148.207 - - [08/Jan/2023:00:18:57 +0100] "GET /marseillaises-expressions-white-women-shirt-p-35574.html HTTP/1.0" 200 77779 "-" "Mozilla/5.0 (compatible; AhrefsBot/7.0; +http://ahrefs.com/robot/)"
54.36.149.67 - - [08/Jan/2023:00:19:00 +0100] "GET /images/big_prod/35574.jpg HTTP/1.0" 200 260 "-" "Mozilla/5.0 (compatible; AhrefsBot/7.0; +http://ahrefs.com/robot/)"
8.218.166.147 - - [08/Jan/2023:00:20:04 +0100] "GET /images/mini_prod/1384010183823.jpg HTTP/1.0" 200 269 "-" "Mozilla/5.0 (Windows NT 10.0; Win64; x64) AppleWebKit/537.36 (KHTML, like Gecko) Chrome/103.0.0.0 Safari/537.36"
185.191.171.7 - - [08/Jan/2023:00:20:08 +0100] "GET /incense-spiritual-guide-contains-incense-sticks-p-57226.html HTTP/1.0" 200 76692 "-" "Mozilla/5.0 (compatible; SemrushBot/7~bl; +http://www.semrush.com/bot.html)"
34.198.75.166 - - [08/Jan/2023:00:20:20 +0100] "GET /images/mini_prod/3612874112801.jpg HTTP/1.0" 200 269 "-" "Mozilla/5.0 (Macintosh; Intel Mac OS X 10_15_7) AppleWebKit/537.36 (KHTML, like Gecko) Chrome/104.0.5112.79 Safari/537.36"
114.119.158.34 - - [08/Jan/2023:00:20:21 +0100] "GET /handful-light-cable-cover-made-germany-p-58661.html HTTP/1.0" 200 78199 "http://www.wonder-geek.com/lighting-c-13_86.html?page=12" "Mozilla/5.0 (Linux; Android 7.0;) AppleWebKit/537.36 (KHTML, like Gecko) Mobile Safari/537.36 (compatible; PetalBot;+https://webmaster.petalsearch.com/site/petalbot)"
216.244.66.242 - - [08/Jan/2023:00:20:23 +0100] "GET /sleeping-beauty-disney-birthday-card-with-envelope-p-34449.html HTTP/1.0" 301 73057 "-" "Mozilla/5.0 (compatible; DotBot/1.2; +https://opensiteexplorer.org/dotbot; help@moz.com)"
66.249.64.244 - - [08/Jan/2023:00:20:51 +0100] "GET /protects-mattress-fleece-90-190-30-cm-p-52145.html HTTP/1.0" 301 76035 "-" "Mozilla/5.0 (Linux; Android 6.0.1; Nexus 5X Build/MMB29P) AppleWebKit/537.36 (KHTML, like Gecko) Chrome/107.0.5304.115 Mobile Safari/537.36 (compatible; Googlebot/2.1; +http://www.google.com/bot.html)"
66.249.64.246 - - [08/Jan/2023:00:20:52 +0100] "GET /protects-mattress-fleece-p-52145.html HTTP/1.0" 200 75944 "-" "Mozilla/5.0 (Linux; Android 6.0.1; Nexus 5X Build/MMB29P) AppleWebKit/537.36 (KHTML, like Gecko) Chrome/107.0.5304.115 Mobile Safari/537.36 (compatible; Googlebot/2.1; +http://www.google.com/bot.html)"
114.119.148.0 - - [08/Jan/2023:00:21:48 +0100] "GET /cats-large-glass-p-48607.html HTTP/1.0" 301 73057 "http://www.wonder-geek.com/glasses-and-drinking-cup-c-12_62.html?page=2" "Mozilla/5.0 (Linux; Android 7.0;) AppleWebKit/537.36 (KHTML, like Gecko) Mobile Safari/537.36 (compatible; PetalBot;+https://webmaster.petalsearch.com/site/petalbot)"
114.119.148.0 - - [08/Jan/2023:00:21:53 +0100] "GET /-p-48607.html HTTP/1.0" 200 72990 "http://www.wonder-geek.com/glasses-and-drinking-cup-c-12_62.html?page=2" "Mozilla/5.0 (Linux; Android 7.0;) AppleWebKit/537.36 (KHTML, like Gecko) Mobile Safari/537.36 (compatible; PetalBot;+https://webmaster.petalsearch.com/site/petalbot)"
66.249.64.244 - - [08/Jan/2023:00:23:48 +0100] "GET /harley-davidson-mc-lighter-p-37649.html HTTP/1.0" 301 76794 "-" "Mozilla/5.0 (Linux; Android 6.0.1; Nexus 5X Build/MMB29P) AppleWebKit/537.36 (KHTML, like Gecko) Chrome/107.0.5304.115 Mobile Safari/537.36 (compatible; Googlebot/2.1; +http://www.google.com/bot.html)"
66.249.64.242 - - [08/Jan/2023:00:23:49 +0100] "GET /harley-davidson-lighter-p-37649.html HTTP/1.0" 200 76704 "-" "Mozilla/5.0 (Linux; Android 6.0.1; Nexus 5X Build/MMB29P) AppleWebKit/537.36 (KHTML, like Gecko) Chrome/107.0.5304.115 Mobile Safari/537.36 (compatible; Googlebot/2.1; +http://www.google.com/bot.html)"
34.86.29.24 - - [08/Jan/2023:00:24:22 +0100] "GET /templates/Pixame_v1/stylesheet.css HTTP/1.0" 200 267 "http://www.wonder-geek.com/fragrance-case-cabinet-diffuser-c-231_228.html" "Mozilla/5.0 (Linux; Android 8.1.0; Moto G (4)) AppleWebKit/537.36 (KHTML, like Gecko) Chrome/108.0.0.0 Mobile Safari/537.36 PTST/221228.183022"
34.86.29.24 - - [08/Jan/2023:00:24:20 +0100] "GET /fragrance-case-cabinet-diffuser-c-231_228.html HTTP/1.0" 200 92818 "-" "Mozilla/5.0 (Linux; Android 8.1.0; Moto G (4)) AppleWebKit/537.36 (KHTML, like Gecko) Chrome/108.0.0.0 Mobile Safari/537.36 PTST/221228.183022"
34.86.29.24 - - [08/Jan/2023:00:24:22 +0100] "GET /highslide/highslide.js HTTP/1.0" 200 262 "http://www.wonder-geek.com/fragrance-case-cabinet-diffuser-c-231_228.html" "Mozilla/5.0 (Linux; Android 8.1.0; Moto G (4)) AppleWebKit/537.36 (KHTML, like Gecko) Chrome/108.0.0.0 Mobile Safari/537.36 PTST/221228.183022"
34.86.29.24 - - [08/Jan/2023:00:24:22 +0100] "GET /js/jquery.js HTTP/1.0" 200 252 "http://www.wonder-geek.com/fragrance-case-cabinet-diffuser-c-231_228.html" "Mozilla/5.0 (Linux; Android 8.1.0; Moto G (4)) AppleWebKit/537.36 (KHTML, like Gecko) Chrome/108.0.0.0 Mobile Safari/537.36 PTST/221228.183022"
34.86.29.24 - - [08/Jan/2023:00:24:22 +0100] "GET /js/jquery.jqzoom.js HTTP/1.0" 200 259 "http://www.wonder-geek.com/fragrance-case-cabinet-diffuser-c-231_228.html" "Mozilla/5.0 (Linux; Android 8.1.0; Moto G (4)) AppleWebKit/537.36 (KHTML, like Gecko) Chrome/108.0.0.0 Mobile Safari/537.36 PTST/221228.183022"
34.86.29.24 - - [08/Jan/2023:00:24:22 +0100] "GET /mondial_relay/js/jquery-1.3.2.min.js HTTP/1.0" 200 276 "http://www.wonder-geek.com/fragrance-case-cabinet-diffuser-c-231_228.html" "Mozilla/5.0 (Linux; Android 8.1.0; Moto G (4)) AppleWebKit/537.36 (KHTML, like Gecko) Chrome/108.0.0.0 Mobile Safari/537.36 PTST/221228.183022"
34.86.29.24 - - [08/Jan/2023:00:24:23 +0100] "GET /swfobject.js HTTP/1.0" 404 1308 "http://www.wonder-geek.com/fragrance-case-cabinet-diffuser-c-231_228.html" "Mozilla/5.0 (Linux; Android 8.1.0; Moto G (4)) AppleWebKit/537.36 (KHTML, like Gecko) Chrome/108.0.0.0 Mobile Safari/537.36 PTST/221228.183022"
34.86.29.24 - - [08/Jan/2023:00:24:23 +0100] "GET /js/jquery.min.js HTTP/1.0" 404 1308 "http://www.wonder-geek.com/fragrance-case-cabinet-diffuser-c-231_228.html" "Mozilla/5.0 (Linux; Android 8.1.0; Moto G (4)) AppleWebKit/537.36 (KHTML, like Gecko) Chrome/108.0.0.0 Mobile Safari/537.36 PTST/221228.183022"
34.86.29.24 - - [08/Jan/2023:00:24:23 +0100] "GET /js/jquery.masonry.min.js HTTP/1.0" 200 264 "http://www.wonder-geek.com/fragrance-case-cabinet-diffuser-c-231_228.html" "Mozilla/5.0 (Linux; Android 8.1.0; Moto G (4)) AppleWebKit/537.36 (KHTML, like Gecko) Chrome/108.0.0.0 Mobile Safari/537.36 PTST/221228.183022"
34.86.29.24 - - [08/Jan/2023:00:24:23 +0100] "GET /templates/Pixame_v1/images/icon_accueil2.png HTTP/1.0" 200 278 "http://www.wonder-geek.com/fragrance-case-cabinet-diffuser-c-231_228.html" "Mozilla/5.0 (Linux; Android 8.1.0; Moto G (4)) AppleWebKit/537.36 (KHTML, like Gecko) Chrome/108.0.0.0 Mobile Safari/537.36 PTST/221228.183022"
34.86.29.24 - - [08/Jan/2023:00:24:23 +0100] "GET /js/modernizr-transitions.js HTTP/1.0" 200 267 "http://www.wonder-geek.com/fragrance-case-cabinet-diffuser-c-231_228.html" "Mozilla/5.0 (Linux; Android 8.1.0; Moto G (4)) AppleWebKit/537.36 (KHTML, like Gecko) Chrome/108.0.0.0 Mobile Safari/537.36 PTST/221228.183022"
34.86.29.24 - - [08/Jan/2023:00:24:23 +0100] "GET /templates/Pixame_v1/images/infobox/pixel_trans.gif HTTP/1.0" 200 328 "http://www.wonder-geek.com/fragrance-case-cabinet-diffuser-c-231_228.html" "Mozilla/5.0 (Linux; Android 8.1.0; Moto G (4)) AppleWebKit/537.36 (KHTML, like Gecko) Chrome/108.0.0.0 Mobile Safari/537.36 PTST/221228.183022"
34.86.29.24 - - [08/Jan/2023:00:24:23 +0100] "GET /templates/Pixame_v1/images/Middle_texture.jpg HTTP/1.0" 200 280 "http://www.wonder-geek.com/templates/Pixame_v1/stylesheet.css" "Mozilla/5.0 (Linux; Android 8.1.0; Moto G (4)) AppleWebKit/537.36 (KHTML, like Gecko) Chrome/108.0.0.0 Mobile Safari/537.36 PTST/221228.183022"
34.86.29.24 - - [08/Jan/2023:00:24:23 +0100] "GET /templates/Pixame_v1/images/Bottom_texture.jpg HTTP/1.0" 200 280 "http://www.wonder-geek.com/templates/Pixame_v1/stylesheet.css" "Mozilla/5.0 (Linux; Android 8.1.0; Moto G (4)) AppleWebKit/537.36 (KHTML, like Gecko) Chrome/108.0.0.0 Mobile Safari/537.36 PTST/221228.183022"
34.86.29.24 - - [08/Jan/2023:00:24:23 +0100] "GET /templates/Pixame_v1/images/header.png HTTP/1.0" 200 271 "http://www.wonder-geek.com/templates/Pixame_v1/stylesheet.css" "Mozilla/5.0 (Linux; Android 8.1.0; Moto G (4)) AppleWebKit/537.36 (KHTML, like Gecko) Chrome/108.0.0.0 Mobile Safari/537.36 PTST/221228.183022"
34.86.29.24 - - [08/Jan/2023:00:24:23 +0100] "GET /templates/Pixame_v1/images/nav.png HTTP/1.0" 200 268 "http://www.wonder-geek.com/templates/Pixame_v1/stylesheet.css" "Mozilla/5.0 (Linux; Android 8.1.0; Moto G (4)) AppleWebKit/537.36 (KHTML, like Gecko) Chrome/108.0.0.0 Mobile Safari/537.36 PTST/221228.183022"
34.86.29.24 - - [08/Jan/2023:00:24:23 +0100] "GET /templates/Pixame_v1/images/header-object.png HTTP/1.0" 200 278 "http://www.wonder-geek.com/templates/Pixame_v1/stylesheet.css" "Mozilla/5.0 (Linux; Android 8.1.0; Moto G (4)) AppleWebKit/537.36 (KHTML, like Gecko) Chrome/108.0.0.0 Mobile Safari/537.36 PTST/221228.183022"
34.86.29.24 - - [08/Jan/2023:00:24:23 +0100] "GET /images/pixel_trans.gif HTTP/1.0" 200 328 "http://www.wonder-geek.com/fragrance-case-cabinet-diffuser-c-231_228.html" "Mozilla/5.0 (Linux; Android 8.1.0; Moto G (4)) AppleWebKit/537.36 (KHTML, like Gecko) Chrome/108.0.0.0 Mobile Safari/537.36 PTST/221228.183022"
34.86.29.24 - - [08/Jan/2023:00:24:23 +0100] "GET /design/productsenstock.png HTTP/1.0" 200 260 "http://www.wonder-geek.com/templates/Pixame_v1/stylesheet.css" "Mozilla/5.0 (Linux; Android 8.1.0; Moto G (4)) AppleWebKit/537.36 (KHTML, like Gecko) Chrome/108.0.0.0 Mobile Safari/537.36 PTST/221228.183022"
34.86.29.24 - - [08/Jan/2023:00:24:24 +0100] "GET /images/mini_prod/5051276247779.jpg HTTP/1.0" 200 269 "http://www.wonder-geek.com/fragrance-case-cabinet-diffuser-c-231_228.html" "Mozilla/5.0 (Linux; Android 8.1.0; Moto G (4)) AppleWebKit/537.36 (KHTML, like Gecko) Chrome/108.0.0.0 Mobile Safari/537.36 PTST/221228.183022"
34.86.29.24 - - [08/Jan/2023:00:24:24 +0100] "GET /images/mini_prod/5051276247748.jpg HTTP/1.0" 200 269 "http://www.wonder-geek.com/fragrance-case-cabinet-diffuser-c-231_228.html" "Mozilla/5.0 (Linux; Android 8.1.0; Moto G (4)) AppleWebKit/537.36 (KHTML, like Gecko) Chrome/108.0.0.0 Mobile Safari/537.36 PTST/221228.183022"
34.86.29.24 - - [08/Jan/2023:00:24:24 +0100] "GET /templates/Pixame_v1/images/pixel_trans.gif HTTP/1.0" 200 328 "http://www.wonder-geek.com/fragrance-case-cabinet-diffuser-c-231_228.html" "Mozilla/5.0 (Linux; Android 8.1.0; Moto G (4)) AppleWebKit/537.36 (KHTML, like Gecko) Chrome/108.0.0.0 Mobile Safari/537.36 PTST/221228.183022"
34.86.29.24 - - [08/Jan/2023:00:24:24 +0100] "GET /images/mini_prod/5051276247755.jpg HTTP/1.0" 200 269 "http://www.wonder-geek.com/fragrance-case-cabinet-diffuser-c-231_228.html" "Mozilla/5.0 (Linux; Android 8.1.0; Moto G (4)) AppleWebKit/537.36 (KHTML, like Gecko) Chrome/108.0.0.0 Mobile Safari/537.36 PTST/221228.183022"
34.86.29.24 - - [08/Jan/2023:00:24:24 +0100] "GET /images/mini_prod/5051276247861.jpg HTTP/1.0" 200 269 "http://www.wonder-geek.com/fragrance-case-cabinet-diffuser-c-231_228.html" "Mozilla/5.0 (Linux; Android 8.1.0; Moto G (4)) AppleWebKit/537.36 (KHTML, like Gecko) Chrome/108.0.0.0 Mobile Safari/537.36 PTST/221228.183022"
34.86.29.24 - - [08/Jan/2023:00:24:24 +0100] "GET /images/mini_prod/b5051276247885.jpg HTTP/1.0" 200 270 "http://www.wonder-geek.com/fragrance-case-cabinet-diffuser-c-231_228.html" "Mozilla/5.0 (Linux; Android 8.1.0; Moto G (4)) AppleWebKit/537.36 (KHTML, like Gecko) Chrome/108.0.0.0 Mobile Safari/537.36 PTST/221228.183022"
34.86.29.24 - - [08/Jan/2023:00:24:24 +0100] "GET /images/mini_prod/5051276247724.jpg HTTP/1.0" 200 269 "http://www.wonder-geek.com/fragrance-case-cabinet-diffuser-c-231_228.html" "Mozilla/5.0 (Linux; Android 8.1.0; Moto G (4)) AppleWebKit/537.36 (KHTML, like Gecko) Chrome/108.0.0.0 Mobile Safari/537.36 PTST/221228.183022"
34.86.29.24 - - [08/Jan/2023:00:24:24 +0100] "GET /images/mini_prod/5051276247793.jpg HTTP/1.0" 200 269 "http://www.wonder-geek.com/fragrance-case-cabinet-diffuser-c-231_228.html" "Mozilla/5.0 (Linux; Android 8.1.0; Moto G (4)) AppleWebKit/537.36 (KHTML, like Gecko) Chrome/108.0.0.0 Mobile Safari/537.36 PTST/221228.183022"
34.86.29.24 - - [08/Jan/2023:00:24:24 +0100] "GET /images/mini_prod/5051276247823.jpg HTTP/1.0" 200 269 "http://www.wonder-geek.com/fragrance-case-cabinet-diffuser-c-231_228.html" "Mozilla/5.0 (Linux; Android 8.1.0; Moto G (4)) AppleWebKit/537.36 (KHTML, like Gecko) Chrome/108.0.0.0 Mobile Safari/537.36 PTST/221228.183022"
34.86.29.24 - - [08/Jan/2023:00:24:24 +0100] "GET /design/fondothers.jpg HTTP/1.0" 200 667 "http://www.wonder-geek.com/templates/Pixame_v1/stylesheet.css" "Mozilla/5.0 (Linux; Android 8.1.0; Moto G (4)) AppleWebKit/537.36 (KHTML, like Gecko) Chrome/108.0.0.0 Mobile Safari/537.36 PTST/221228.183022"
34.86.29.24 - - [08/Jan/2023:00:24:24 +0100] "GET /design/fondcurrent.jpg HTTP/1.0" 200 683 "http://www.wonder-geek.com/templates/Pixame_v1/stylesheet.css" "Mozilla/5.0 (Linux; Android 8.1.0; Moto G (4)) AppleWebKit/537.36 (KHTML, like Gecko) Chrome/108.0.0.0 Mobile Safari/537.36 PTST/221228.183022"
34.86.29.24 - - [08/Jan/2023:00:24:24 +0100] "GET /templates/Pixame_v1/images/infobox/infobox_footer_middle.gif HTTP/1.0" 200 357 "http://www.wonder-geek.com/fragrance-case-cabinet-diffuser-c-231_228.html" "Mozilla/5.0 (Linux; Android 8.1.0; Moto G (4)) AppleWebKit/537.36 (KHTML, like Gecko) Chrome/108.0.0.0 Mobile Safari/537.36 PTST/221228.183022"
34.86.29.24 - - [08/Jan/2023:00:24:24 +0100] "GET /images/mini_prod/5051276247762.jpg HTTP/1.0" 200 269 "http://www.wonder-geek.com/fragrance-case-cabinet-diffuser-c-231_228.html" "Mozilla/5.0 (Linux; Android 8.1.0; Moto G (4)) AppleWebKit/537.36 (KHTML, like Gecko) Chrome/108.0.0.0 Mobile Safari/537.36 PTST/221228.183022"
34.86.29.24 - - [08/Jan/2023:00:24:24 +0100] "GET /images/mini_prod/5051276247458.jpg HTTP/1.0" 200 269 "http://www.wonder-geek.com/fragrance-case-cabinet-diffuser-c-231_228.html" "Mozilla/5.0 (Linux; Android 8.1.0; Moto G (4)) AppleWebKit/537.36 (KHTML, like Gecko) Chrome/108.0.0.0 Mobile Safari/537.36 PTST/221228.183022"
34.86.29.24 - - [08/Jan/2023:00:24:24 +0100] "GET /images/mini_prod/5051276247533.jpg HTTP/1.0" 200 269 "http://www.wonder-geek.com/fragrance-case-cabinet-diffuser-c-231_228.html" "Mozilla/5.0 (Linux; Android 8.1.0; Moto G (4)) AppleWebKit/537.36 (KHTML, like Gecko) Chrome/108.0.0.0 Mobile Safari/537.36 PTST/221228.183022"
34.86.29.24 - - [08/Jan/2023:00:24:24 +0100] "GET /images/mini_prod/5051276247502.jpg HTTP/1.0" 200 269 "http://www.wonder-geek.com/fragrance-case-cabinet-diffuser-c-231_228.html" "Mozilla/5.0 (Linux; Android 8.1.0; Moto G (4)) AppleWebKit/537.36 (KHTML, like Gecko) Chrome/108.0.0.0 Mobile Safari/537.36 PTST/221228.183022"
34.86.29.24 - - [08/Jan/2023:00:24:25 +0100] "GET /images/mini_prod/5051276247434.jpg HTTP/1.0" 200 269 "http://www.wonder-geek.com/fragrance-case-cabinet-diffuser-c-231_228.html" "Mozilla/5.0 (Linux; Android 8.1.0; Moto G (4)) AppleWebKit/537.36 (KHTML, like Gecko) Chrome/108.0.0.0 Mobile Safari/537.36 PTST/221228.183022"
34.86.29.24 - - [08/Jan/2023:00:24:25 +0100] "GET /images/mini_prod/5051276247496.jpg HTTP/1.0" 200 269 "http://www.wonder-geek.com/fragrance-case-cabinet-diffuser-c-231_228.html" "Mozilla/5.0 (Linux; Android 8.1.0; Moto G (4)) AppleWebKit/537.36 (KHTML, like Gecko) Chrome/108.0.0.0 Mobile Safari/537.36 PTST/221228.183022"
34.86.29.24 - - [08/Jan/2023:00:24:25 +0100] "GET /images/mini_prod/5051276247441.jpg HTTP/1.0" 200 269 "http://www.wonder-geek.com/fragrance-case-cabinet-diffuser-c-231_228.html" "Mozilla/5.0 (Linux; Android 8.1.0; Moto G (4)) AppleWebKit/537.36 (KHTML, like Gecko) Chrome/108.0.0.0 Mobile Safari/537.36 PTST/221228.183022"
34.86.29.24 - - [08/Jan/2023:00:24:25 +0100] "GET /images/mini_prod/5051276247694.jpg HTTP/1.0" 200 269 "http://www.wonder-geek.com/fragrance-case-cabinet-diffuser-c-231_228.html" "Mozilla/5.0 (Linux; Android 8.1.0; Moto G (4)) AppleWebKit/537.36 (KHTML, like Gecko) Chrome/108.0.0.0 Mobile Safari/537.36 PTST/221228.183022"
34.86.29.24 - - [08/Jan/2023:00:24:25 +0100] "GET /images/mini_prod/5051276247601.jpg HTTP/1.0" 200 269 "http://www.wonder-geek.com/fragrance-case-cabinet-diffuser-c-231_228.html" "Mozilla/5.0 (Linux; Android 8.1.0; Moto G (4)) AppleWebKit/537.36 (KHTML, like Gecko) Chrome/108.0.0.0 Mobile Safari/537.36 PTST/221228.183022"
34.86.29.24 - - [08/Jan/2023:00:24:25 +0100] "GET /images/mini_prod/5051276247625.jpg HTTP/1.0" 200 269 "http://www.wonder-geek.com/fragrance-case-cabinet-diffuser-c-231_228.html" "Mozilla/5.0 (Linux; Android 8.1.0; Moto G (4)) AppleWebKit/537.36 (KHTML, like Gecko) Chrome/108.0.0.0 Mobile Safari/537.36 PTST/221228.183022"
34.86.29.24 - - [08/Jan/2023:00:24:25 +0100] "GET /images/mini_prod/5051276247588.jpg HTTP/1.0" 200 269 "http://www.wonder-geek.com/fragrance-case-cabinet-diffuser-c-231_228.html" "Mozilla/5.0 (Linux; Android 8.1.0; Moto G (4)) AppleWebKit/537.36 (KHTML, like Gecko) Chrome/108.0.0.0 Mobile Safari/537.36 PTST/221228.183022"
34.86.29.24 - - [08/Jan/2023:00:24:25 +0100] "GET /images/mini_prod/5051276247687.jpg HTTP/1.0" 200 269 "http://www.wonder-geek.com/fragrance-case-cabinet-diffuser-c-231_228.html" "Mozilla/5.0 (Linux; Android 8.1.0; Moto G (4)) AppleWebKit/537.36 (KHTML, like Gecko) Chrome/108.0.0.0 Mobile Safari/537.36 PTST/221228.183022"
34.86.29.24 - - [08/Jan/2023:00:24:25 +0100] "GET /highslide/graphics/outlines/drop-shadow.png HTTP/1.0" 200 277 "http://www.wonder-geek.com/fragrance-case-cabinet-diffuser-c-231_228.html" "Mozilla/5.0 (Linux; Android 8.1.0; Moto G (4)) AppleWebKit/537.36 (KHTML, like Gecko) Chrome/108.0.0.0 Mobile Safari/537.36 PTST/221228.183022"
34.86.29.24 - - [08/Jan/2023:00:24:25 +0100] "GET /highslide/graphics/zoomout.cur HTTP/1.0" 200 614 "http://www.wonder-geek.com/fragrance-case-cabinet-diffuser-c-231_228.html" "Mozilla/5.0 (Linux; Android 8.1.0; Moto G (4)) AppleWebKit/537.36 (KHTML, like Gecko) Chrome/108.0.0.0 Mobile Safari/537.36 PTST/221228.183022"
34.86.29.24 - - [08/Jan/2023:00:24:25 +0100] "GET /highslide/graphics/loader.white.gif HTTP/1.0" 200 960 "http://www.wonder-geek.com/templates/Pixame_v1/stylesheet.css" "Mozilla/5.0 (Linux; Android 8.1.0; Moto G (4)) AppleWebKit/537.36 (KHTML, like Gecko) Chrome/108.0.0.0 Mobile Safari/537.36 PTST/221228.183022"
34.86.29.24 - - [08/Jan/2023:00:24:25 +0100] "GET /favicon.ico HTTP/1.0" 200 260 "http://www.wonder-geek.com/fragrance-case-cabinet-diffuser-c-231_228.html" "Mozilla/5.0 (Linux; Android 8.1.0; Moto G (4)) AppleWebKit/537.36 (KHTML, like Gecko) Chrome/108.0.0.0 Mobile Safari/537.36 PTST/221228.183022"
34.86.29.24 - - [08/Jan/2023:00:24:37 +0100] "GET /.well-known/assetlinks.json HTTP/1.0" 404 1308 "http://www.wonder-geek.com/fragrance-case-cabinet-diffuser-c-231_228.html" "Mozilla/5.0 (Linux; Android 8.1.0; Moto G (4)) AppleWebKit/537.36 (KHTML, like Gecko) Chrome/108.0.0.0 Mobile Safari/537.36 PTST/221228.183022"
34.86.29.24 - - [08/Jan/2023:00:24:37 +0100] "GET /.well-known/apple-app-site-association HTTP/1.0" 404 1308 "http://www.wonder-geek.com/fragrance-case-cabinet-diffuser-c-231_228.html" "Mozilla/5.0 (Linux; Android 8.1.0; Moto G (4)) AppleWebKit/537.36 (KHTML, like Gecko) Chrome/108.0.0.0 Mobile Safari/537.36 PTST/221228.183022"
34.86.29.24 - - [08/Jan/2023:00:24:41 +0100] "GET /robots.txt HTTP/1.0" 200 245 "http://www.wonder-geek.com/fragrance-case-cabinet-diffuser-c-231_228.html" "Mozilla/5.0 (Linux; Android 8.1.0; Moto G (4)) AppleWebKit/537.36 (KHTML, like Gecko) Chrome/108.0.0.0 Mobile Safari/537.36 PTST/221228.183022"
34.86.29.24 - - [08/Jan/2023:00:24:42 +0100] "GET /.well-known/gpc.json HTTP/1.0" 404 1308 "http://www.wonder-geek.com/fragrance-case-cabinet-diffuser-c-231_228.html" "Mozilla/5.0 (Linux; Android 8.1.0; Moto G (4)) AppleWebKit/537.36 (KHTML, like Gecko) Chrome/108.0.0.0 Mobile Safari/537.36 PTST/221228.183022"
34.86.29.24 - - [08/Jan/2023:00:24:42 +0100] "GET /.well-known/apple-app-site-association HTTP/1.0" 404 1308 "http://www.wonder-geek.com/fragrance-case-cabinet-diffuser-c-231_228.html" "Mozilla/5.0 (Linux; Android 8.1.0; Moto G (4)) AppleWebKit/537.36 (KHTML, like Gecko) Chrome/108.0.0.0 Mobile Safari/537.36 PTST/221228.183022"
34.86.29.24 - - [08/Jan/2023:00:24:42 +0100] "GET /.well-known/security.txt HTTP/1.0" 404 1308 "http://www.wonder-geek.com/fragrance-case-cabinet-diffuser-c-231_228.html" "Mozilla/5.0 (Linux; Android 8.1.0; Moto G (4)) AppleWebKit/537.36 (KHTML, like Gecko) Chrome/108.0.0.0 Mobile Safari/537.36 PTST/221228.183022"
34.86.29.24 - - [08/Jan/2023:00:24:42 +0100] "GET /.well-known/assetlinks.json HTTP/1.0" 404 1308 "http://www.wonder-geek.com/fragrance-case-cabinet-diffuser-c-231_228.html" "Mozilla/5.0 (Linux; Android 8.1.0; Moto G (4)) AppleWebKit/537.36 (KHTML, like Gecko) Chrome/108.0.0.0 Mobile Safari/537.36 PTST/221228.183022"
34.86.29.24 - - [08/Jan/2023:00:24:42 +0100] "GET /.well-known/change-password HTTP/1.0" 404 1308 "http://www.wonder-geek.com/fragrance-case-cabinet-diffuser-c-231_228.html" "Mozilla/5.0 (Linux; Android 8.1.0; Moto G (4)) AppleWebKit/537.36 (KHTML, like Gecko) Chrome/108.0.0.0 Mobile Safari/537.36 PTST/221228.183022"
34.86.29.24 - - [08/Jan/2023:00:24:42 +0100] "GET /.well-known/resource-that-should-not-exist-whose-status-code-should-not-be-200/ HTTP/1.0" 404 1308 "http://www.wonder-geek.com/fragrance-case-cabinet-diffuser-c-231_228.html" "Mozilla/5.0 (Linux; Android 8.1.0; Moto G (4)) AppleWebKit/537.36 (KHTML, like Gecko) Chrome/108.0.0.0 Mobile Safari/537.36 PTST/221228.183022"
54.36.149.66 - - [08/Jan/2023:00:24:51 +0100] "GET /bilbao-coated-tablecloth-yellow-p-51233.html HTTP/1.0" 200 75754 "-" "Mozilla/5.0 (compatible; AhrefsBot/7.0; +http://ahrefs.com/robot/)"
34.86.29.24 - - [08/Jan/2023:00:25:13 +0100] "GET /templates/Pixame_v1/stylesheet.css HTTP/1.0" 200 267 "http://www.wonder-geek.com/fragrance-case-cabinet-diffuser-c-231_228.html" "Mozilla/5.0 (Linux; Android 7.0; Moto G (4)) AppleWebKit/537.36 (KHTML, like Gecko) Chrome/98.0.4695.0 Mobile Safari/537.36 Chrome-Lighthouse"
34.86.29.24 - - [08/Jan/2023:00:25:11 +0100] "GET /fragrance-case-cabinet-diffuser-c-231_228.html HTTP/1.0" 200 92818 "-" "Mozilla/5.0 (Linux; Android 7.0; Moto G (4)) AppleWebKit/537.36 (KHTML, like Gecko) Chrome/98.0.4695.0 Mobile Safari/537.36 Chrome-Lighthouse"
34.86.29.24 - - [08/Jan/2023:00:25:13 +0100] "GET /highslide/highslide.js HTTP/1.0" 200 262 "http://www.wonder-geek.com/fragrance-case-cabinet-diffuser-c-231_228.html" "Mozilla/5.0 (Linux; Android 7.0; Moto G (4)) AppleWebKit/537.36 (KHTML, like Gecko) Chrome/98.0.4695.0 Mobile Safari/537.36 Chrome-Lighthouse"
34.86.29.24 - - [08/Jan/2023:00:25:13 +0100] "GET /js/jquery.js HTTP/1.0" 200 252 "http://www.wonder-geek.com/fragrance-case-cabinet-diffuser-c-231_228.html" "Mozilla/5.0 (Linux; Android 7.0; Moto G (4)) AppleWebKit/537.36 (KHTML, like Gecko) Chrome/98.0.4695.0 Mobile Safari/537.36 Chrome-Lighthouse"
34.86.29.24 - - [08/Jan/2023:00:25:13 +0100] "GET /js/jquery.jqzoom.js HTTP/1.0" 200 259 "http://www.wonder-geek.com/fragrance-case-cabinet-diffuser-c-231_228.html" "Mozilla/5.0 (Linux; Android 7.0; Moto G (4)) AppleWebKit/537.36 (KHTML, like Gecko) Chrome/98.0.4695.0 Mobile Safari/537.36 Chrome-Lighthouse"
34.86.29.24 - - [08/Jan/2023:00:25:13 +0100] "GET /mondial_relay/js/jquery-1.3.2.min.js HTTP/1.0" 200 276 "http://www.wonder-geek.com/fragrance-case-cabinet-diffuser-c-231_228.html" "Mozilla/5.0 (Linux; Android 7.0; Moto G (4)) AppleWebKit/537.36 (KHTML, like Gecko) Chrome/98.0.4695.0 Mobile Safari/537.36 Chrome-Lighthouse"
34.86.29.24 - - [08/Jan/2023:00:25:15 +0100] "GET /swfobject.js HTTP/1.0" 404 1308 "http://www.wonder-geek.com/fragrance-case-cabinet-diffuser-c-231_228.html" "Mozilla/5.0 (Linux; Android 7.0; Moto G (4)) AppleWebKit/537.36 (KHTML, like Gecko) Chrome/98.0.4695.0 Mobile Safari/537.36 Chrome-Lighthouse"
34.86.29.24 - - [08/Jan/2023:00:25:15 +0100] "GET /js/jquery.min.js HTTP/1.0" 404 1308 "http://www.wonder-geek.com/fragrance-case-cabinet-diffuser-c-231_228.html" "Mozilla/5.0 (Linux; Android 7.0; Moto G (4)) AppleWebKit/537.36 (KHTML, like Gecko) Chrome/98.0.4695.0 Mobile Safari/537.36 Chrome-Lighthouse"
34.86.29.24 - - [08/Jan/2023:00:25:15 +0100] "GET /js/jquery.masonry.min.js HTTP/1.0" 200 264 "http://www.wonder-geek.com/fragrance-case-cabinet-diffuser-c-231_228.html" "Mozilla/5.0 (Linux; Android 7.0; Moto G (4)) AppleWebKit/537.36 (KHTML, like Gecko) Chrome/98.0.4695.0 Mobile Safari/537.36 Chrome-Lighthouse"
