110.249.202.37 - - [12/Jan/2023:17:45:56 +0100] "GET /swfobject.js HTTP/1.0" 404 1308 "http://www.wonder-geek.com/cotton-floor-cushion-malanga-p-58406.html" "Mozilla/5.0 (Linux; Android 5.0) AppleWebKit/537.36 (KHTML, like Gecko) Mobile Safari/537.36 (compatible; Bytespider; https://zhanzhang.toutiao.com/)"
110.249.202.39 - - [12/Jan/2023:17:45:57 +0100] "GET /images/big_prod_1/3665269230437b.jpg HTTP/1.0" 200 271 "http://www.wonder-geek.com/cotton-floor-cushion-malanga-p-58406.html" "Mozilla/5.0 (Linux; Android 5.0) AppleWebKit/537.36 (KHTML, like Gecko) Mobile Safari/537.36 (compatible; Bytespider; https://zhanzhang.toutiao.com/)"
110.249.202.30 - - [12/Jan/2023:17:45:57 +0100] "GET /images/big_prod_2/3665269230437a.jpg HTTP/1.0" 200 271 "http://www.wonder-geek.com/cotton-floor-cushion-malanga-p-58406.html" "Mozilla/5.0 (Linux; Android 5.0) AppleWebKit/537.36 (KHTML, like Gecko) Mobile Safari/537.36 (compatible; Bytespider; https://zhanzhang.toutiao.com/)"
110.249.202.30 - - [12/Jan/2023:17:45:59 +0100] "GET /highslide/graphics/zoomout.cur HTTP/1.0" 200 614 "http://www.wonder-geek.com/cotton-floor-cushion-malanga-p-58406.html" "Mozilla/5.0 (Linux; Android 5.0) AppleWebKit/537.36 (KHTML, like Gecko) Mobile Safari/537.36 (compatible; Bytespider; https://zhanzhang.toutiao.com/)"
185.191.171.24 - - [12/Jan/2023:17:45:58 +0100] "GET /round-chair-cushion-reversible-linen-p-54651.html HTTP/1.0" 200 76682 "-" "Mozilla/5.0 (compatible; SemrushBot/7~bl; +http://www.semrush.com/bot.html)"
110.249.202.38 - - [12/Jan/2023:17:46:00 +0100] "GET /images/big_prod/3665269230437z.jpg HTTP/1.0" 200 269 "http://www.wonder-geek.com/cotton-floor-cushion-malanga-p-58406.html" "Mozilla/5.0 (Linux; Android 5.0) AppleWebKit/537.36 (KHTML, like Gecko) Mobile Safari/537.36 (compatible; Bytespider; https://zhanzhang.toutiao.com/)"
185.191.171.34 - - [12/Jan/2023:17:46:07 +0100] "GET /decorative-hanging-plate-p-59547.html HTTP/1.0" 200 76236 "-" "Mozilla/5.0 (compatible; SemrushBot/7~bl; +http://www.semrush.com/bot.html)"
51.68.224.127 - - [12/Jan/2023:17:46:31 +0100] "GET /adminweb/export_orders_xml.php?token=256de2z6edz6ed2z6DFSFsed2zed6zeDSFDSGdzedezfzf&maxorders=10&orderstart=1&status=14&start_date=2018-10-01 HTTP/1.0" 200 285 "-" "GesCom CharlotteBoutik Serveur"
51.68.224.127 - - [12/Jan/2023:17:46:32 +0100] "GET /adminweb/export_orders_xml.php?token=256de2z6edz6ed2z6DFSFsed2zed6zeDSFDSGdzedezfzf&maxorders=10&orderstart=1&status=6&start_date=2018-10-01 HTTP/1.0" 200 34006 "-" "GesCom CharlotteBoutik Serveur"
54.36.148.119 - - [12/Jan/2023:17:46:55 +0100] "GET /mobile-metal-bells-tree-p-50380.html HTTP/1.0" 200 76270 "-" "Mozilla/5.0 (compatible; AhrefsBot/7.0; +http://ahrefs.com/robot/)"
54.36.149.103 - - [12/Jan/2023:17:46:58 +0100] "GET /images/big_prod_1/8433933190579D.jpg HTTP/1.0" 200 271 "-" "Mozilla/5.0 (compatible; AhrefsBot/7.0; +http://ahrefs.com/robot/)"
54.36.148.184 - - [12/Jan/2023:17:46:58 +0100] "GET /images/big_prod/190573014627555642.jpg HTTP/1.0" 200 273 "-" "Mozilla/5.0 (compatible; AhrefsBot/7.0; +http://ahrefs.com/robot/)"
185.191.171.2 - - [12/Jan/2023:17:47:24 +0100] "GET /giant-moroccan-ceramic-ashtray-p-59539.html HTTP/1.0" 200 76293 "-" "Mozilla/5.0 (compatible; SemrushBot/7~bl; +http://www.semrush.com/bot.html)"
185.191.171.39 - - [12/Jan/2023:17:47:32 +0100] "GET /pucca-round-pencil-case-p-24397.html HTTP/1.0" 200 73069 "-" "Mozilla/5.0 (compatible; SemrushBot/7~bl; +http://www.semrush.com/bot.html)"
185.191.171.8 - - [12/Jan/2023:17:47:35 +0100] "GET /vive-paris-spiral-notebook-p-20223.html HTTP/1.0" 200 73081 "-" "Mozilla/5.0 (compatible; SemrushBot/7~bl; +http://www.semrush.com/bot.html)"
185.191.171.39 - - [12/Jan/2023:17:48:14 +0100] "GET /-p-29853.html HTTP/1.0" 200 72987 "-" "Mozilla/5.0 (compatible; SemrushBot/7~bl; +http://www.semrush.com/bot.html)"
54.36.148.131 - - [12/Jan/2023:17:48:20 +0100] "GET /decorative-stickers-gray-swallows-p-52849.html HTTP/1.0" 200 76571 "-" "Mozilla/5.0 (compatible; AhrefsBot/7.0; +http://ahrefs.com/robot/)"
54.36.148.105 - - [12/Jan/2023:17:48:23 +0100] "GET /images/big_prod_1/3609810081741a.jpg HTTP/1.0" 200 271 "-" "Mozilla/5.0 (compatible; AhrefsBot/7.0; +http://ahrefs.com/robot/)"
185.191.171.37 - - [12/Jan/2023:17:48:21 +0100] "GET /double-walled-porcelain-with-infuser-p-54311.html HTTP/1.0" 200 76637 "-" "Mozilla/5.0 (compatible; SemrushBot/7~bl; +http://www.semrush.com/bot.html)"
54.36.148.216 - - [12/Jan/2023:17:48:23 +0100] "GET /images/big_prod/3609810081741.jpg HTTP/1.0" 200 268 "-" "Mozilla/5.0 (compatible; AhrefsBot/7.0; +http://ahrefs.com/robot/)"
66.249.66.6 - - [12/Jan/2023:17:48:31 +0100] "GET /large-wallet-terrasse-soir-gogh-p-54978.html HTTP/1.0" 200 76707 "-" "Mozilla/5.0 (Linux; Android 6.0.1; Nexus 5X Build/MMB29P) AppleWebKit/537.36 (KHTML, like Gecko) Chrome/109.0.5414.74 Mobile Safari/537.36 (compatible; Googlebot/2.1; +http://www.google.com/bot.html)"
185.191.171.21 - - [12/Jan/2023:17:48:57 +0100] "GET /smiley-money-p-24007.html HTTP/1.0" 200 75514 "-" "Mozilla/5.0 (compatible; SemrushBot/7~bl; +http://www.semrush.com/bot.html)"
185.191.171.19 - - [12/Jan/2023:17:49:00 +0100] "GET /retro-paris-bread-p-39541.html HTTP/1.0" 200 73075 "-" "Mozilla/5.0 (compatible; SemrushBot/7~bl; +http://www.semrush.com/bot.html)"
185.191.171.20 - - [12/Jan/2023:17:49:16 +0100] "GET /cyclades-carpet-white-model-with-navy-blue-frieze-p-47959.html HTTP/1.0" 200 73268 "-" "Mozilla/5.0 (compatible; SemrushBot/7~bl; +http://www.semrush.com/bot.html)"
185.191.171.33 - - [12/Jan/2023:17:49:33 +0100] "GET /-p-47532.html HTTP/1.0" 200 72987 "-" "Mozilla/5.0 (compatible; SemrushBot/7~bl; +http://www.semrush.com/bot.html)"
185.191.171.3 - - [12/Jan/2023:17:49:44 +0100] "GET /brazil-cbkreation-p-24119.html HTTP/1.0" 200 75586 "-" "Mozilla/5.0 (compatible; SemrushBot/7~bl; +http://www.semrush.com/bot.html)"
185.191.171.4 - - [12/Jan/2023:17:49:49 +0100] "GET /isothermic-stainless-steel-bottle-p-56552.html HTTP/1.0" 200 76351 "-" "Mozilla/5.0 (compatible; SemrushBot/7~bl; +http://www.semrush.com/bot.html)"
207.46.13.53 - - [12/Jan/2023:17:49:49 +0100] "GET /cuba-cbkreation-p-42531.html HTTP/1.0" 200 75596 "-" "Mozilla/5.0 (compatible; bingbot/2.0; +http://www.bing.com/bingbot.htm)"
185.191.171.4 - - [12/Jan/2023:17:49:55 +0100] "GET /-p-27085.html HTTP/1.0" 200 72987 "-" "Mozilla/5.0 (compatible; SemrushBot/7~bl; +http://www.semrush.com/bot.html)"
111.225.149.222 - - [12/Jan/2023:17:49:58 +0100] "GET /floor-cushions-c-11_71_182.html?page=4 HTTP/1.0" 200 82671 "-" "Mozilla/5.0 (Linux; Android 5.0) AppleWebKit/537.36 (KHTML, like Gecko) Mobile Safari/537.36 (compatible; Bytespider; https://zhanzhang.toutiao.com/)"
111.225.149.222 - - [12/Jan/2023:17:50:01 +0100] "GET /swfobject.js HTTP/1.0" 404 1308 "http://www.wonder-geek.com/floor-cushions-c-11_71_182.html?page=4" "Mozilla/5.0 (Linux; Android 5.0) AppleWebKit/537.36 (KHTML, like Gecko) Mobile Safari/537.36 (compatible; Bytespider; https://zhanzhang.toutiao.com/)"
185.191.171.9 - - [12/Jan/2023:17:49:59 +0100] "GET /wooden-support-keys-white-p-41924.html HTTP/1.0" 200 73089 "-" "Mozilla/5.0 (compatible; SemrushBot/7~bl; +http://www.semrush.com/bot.html)"
111.225.149.216 - - [12/Jan/2023:17:50:01 +0100] "GET /js/jquery.masonry.min.js HTTP/1.0" 200 264 "http://www.wonder-geek.com/floor-cushions-c-11_71_182.html?page=4" "Mozilla/5.0 (Linux; Android 5.0) AppleWebKit/537.36 (KHTML, like Gecko) Mobile Safari/537.36 (compatible; Bytespider; https://zhanzhang.toutiao.com/)"
111.225.149.215 - - [12/Jan/2023:17:50:01 +0100] "GET /js/jquery.min.js HTTP/1.0" 404 1308 "http://www.wonder-geek.com/floor-cushions-c-11_71_182.html?page=4" "Mozilla/5.0 (Linux; Android 5.0) AppleWebKit/537.36 (KHTML, like Gecko) Mobile Safari/537.36 (compatible; Bytespider; https://zhanzhang.toutiao.com/)"
111.225.149.225 - - [12/Jan/2023:17:50:01 +0100] "GET /js/modernizr-transitions.js HTTP/1.0" 200 267 "http://www.wonder-geek.com/floor-cushions-c-11_71_182.html?page=4" "Mozilla/5.0 (Linux; Android 5.0) AppleWebKit/537.36 (KHTML, like Gecko) Mobile Safari/537.36 (compatible; Bytespider; https://zhanzhang.toutiao.com/)"
207.46.13.86 - - [12/Jan/2023:17:50:01 +0100] "GET /images/big_prod/3503420121548.jpg HTTP/1.0" 200 268 "-" "Mozilla/5.0 AppleWebKit/537.36 (KHTML, like Gecko; compatible; bingbot/2.0; +http://www.bing.com/bingbot.htm) Chrome/103.0.5060.134 Safari/537.36"
54.36.148.87 - - [12/Jan/2023:17:49:59 +0100] "GET /decorative-wooden-plate-barbecue-party-yellow-p-47834.html HTTP/1.0" 200 76043 "-" "Mozilla/5.0 (compatible; AhrefsBot/7.0; +http://ahrefs.com/robot/)"
111.225.149.216 - - [12/Jan/2023:17:50:02 +0100] "GET /js/jquery.min.js HTTP/1.0" 404 1308 "http://www.wonder-geek.com/floor-cushions-c-11_71_182.html?page=4" "Mozilla/5.0 (Linux; Android 5.0) AppleWebKit/537.36 (KHTML, like Gecko) Mobile Safari/537.36 (compatible; Bytespider; https://zhanzhang.toutiao.com/)"
111.225.149.222 - - [12/Jan/2023:17:50:03 +0100] "GET /highslide/graphics/zoomout.cur HTTP/1.0" 200 614 "http://www.wonder-geek.com/floor-cushions-c-11_71_182.html?page=4" "Mozilla/5.0 (Linux; Android 5.0) AppleWebKit/537.36 (KHTML, like Gecko) Mobile Safari/537.36 (compatible; Bytespider; https://zhanzhang.toutiao.com/)"
54.36.148.70 - - [12/Jan/2023:17:50:05 +0100] "GET /images/big_prod/8422099381402.jpg HTTP/1.0" 200 268 "-" "Mozilla/5.0 (compatible; AhrefsBot/7.0; +http://ahrefs.com/robot/)"
129.146.96.3 - - [12/Jan/2023:17:50:22 +0100] "GET /images/mini_prod/3457019600467.jpg HTTP/1.0" 200 269 "-" "Mozilla/5.0 (X11; Ubuntu; Linux x86_64; rv:72.0) Gecko/20100101 Firefox/72.0"
147.92.153.1 - - [12/Jan/2023:17:50:44 +0100] "GET /household-linen-c-11.html?page=13 HTTP/1.0" 200 95518 "-" "Mozilla/5.0 (compatible; Linespider/1.1; +https://lin.ee/4dwXkTH)"
207.46.13.86 - - [12/Jan/2023:17:50:51 +0100] "GET /images/big_prod/3014627898749.jpg HTTP/1.0" 200 268 "-" "Mozilla/5.0 AppleWebKit/537.36 (KHTML, like Gecko; compatible; bingbot/2.0; +http://www.bing.com/bingbot.htm) Chrome/103.0.5060.134 Safari/537.36"
129.146.52.61 - - [12/Jan/2023:17:51:00 +0100] "GET /images/mini_prod/50142424346522613.jpg HTTP/1.0" 200 273 "-" "Mozilla/5.0 (X11; Ubuntu; Linux x86_64; rv:72.0) Gecko/20100101 Firefox/72.0"
185.191.171.13 - - [12/Jan/2023:17:51:11 +0100] "GET /-p-29724.html HTTP/1.0" 200 72987 "-" "Mozilla/5.0 (compatible; SemrushBot/7~bl; +http://www.semrush.com/bot.html)"
119.8.242.230 - - [12/Jan/2023:17:51:27 +0100] "GET /images/mini_prod/3281099993733.jpg HTTP/1.0" 200 269 "-" "Mozilla/5.0 (X11; Ubuntu; Linux x86_64; rv:72.0) Gecko/20100101 Firefox/72.0"
54.36.148.27 - - [12/Jan/2023:17:51:28 +0100] "GET /nippon-doll-cosmetic-pouch-p-26872.html HTTP/1.0" 200 75877 "-" "Mozilla/5.0 (compatible; AhrefsBot/7.0; +http://ahrefs.com/robot/)"
54.36.148.150 - - [12/Jan/2023:17:51:32 +0100] "GET /images/000010258811.jpg HTTP/1.0" 200 258 "-" "Mozilla/5.0 (compatible; AhrefsBot/7.0; +http://ahrefs.com/robot/)"
185.191.171.10 - - [12/Jan/2023:17:51:53 +0100] "GET /cotton-bath-figue-p-47264.html HTTP/1.0" 200 73063 "-" "Mozilla/5.0 (compatible; SemrushBot/7~bl; +http://www.semrush.com/bot.html)"
192.99.3.137 - - [12/Jan/2023:17:51:55 +0100] "GET /robots.txt HTTP/1.0" 301 531 "-" "Mozilla/5.0 (compatible; MJ12bot/v1.4.8; http://mj12bot.com/)"
192.99.3.137 - - [12/Jan/2023:17:51:55 +0100] "GET /robots.txt HTTP/1.0" 200 245 "-" "Mozilla/5.0 (compatible; MJ12bot/v1.4.8; http://mj12bot.com/)"
192.99.3.137 - - [12/Jan/2023:17:51:57 +0100] "GET /decorations-and-furnishings/betty-boop-fire-cigarettes-case-and-lighter-p-12063.html HTTP/1.0" 301 679 "-" "Mozilla/5.0 (compatible; MJ12bot/v1.4.8; http://mj12bot.com/)"
192.99.3.137 - - [12/Jan/2023:17:51:58 +0100] "GET /decorations-and-furnishings/betty-boop-fire-cigarettes-case-and-lighter-p-12063.html HTTP/1.0" 301 73054 "-" "Mozilla/5.0 (compatible; MJ12bot/v1.4.8; http://mj12bot.com/)"
192.99.3.137 - - [12/Jan/2023:17:52:01 +0100] "GET /-p-12063.html HTTP/1.0" 200 72987 "-" "Mozilla/5.0 (compatible; MJ12bot/v1.4.8; http://mj12bot.com/)"
192.99.3.137 - - [12/Jan/2023:17:52:04 +0100] "GET /decorations-and-furnishings/decorations/betty-boop-deco-thermometer-p-12502.html HTTP/1.0" 301 671 "-" "Mozilla/5.0 (compatible; MJ12bot/v1.4.8; http://mj12bot.com/)"
185.191.171.18 - - [12/Jan/2023:17:52:02 +0100] "GET /beauty-terracotta-cache-p-55347.html HTTP/1.0" 200 75755 "-" "Mozilla/5.0 (compatible; SemrushBot/7~bl; +http://www.semrush.com/bot.html)"
192.99.3.137 - - [12/Jan/2023:17:52:05 +0100] "GET /decorations-and-furnishings/decorations/betty-boop-deco-thermometer-p-12502.html HTTP/1.0" 301 73054 "-" "Mozilla/5.0 (compatible; MJ12bot/v1.4.8; http://mj12bot.com/)"
192.99.3.137 - - [12/Jan/2023:17:52:08 +0100] "GET /-p-12502.html HTTP/1.0" 200 72987 "-" "Mozilla/5.0 (compatible; MJ12bot/v1.4.8; http://mj12bot.com/)"
192.99.3.137 - - [12/Jan/2023:17:52:11 +0100] "GET /decorations-and-furnishings/money-boxes/angry-birds-money-box-p-19132.html HTTP/1.0" 301 659 "-" "Mozilla/5.0 (compatible; MJ12bot/v1.4.8; http://mj12bot.com/)"
185.191.171.5 - - [12/Jan/2023:17:52:11 +0100] "GET /lunch-children-jasmin-p-36773.html HTTP/1.0" 200 73085 "-" "Mozilla/5.0 (compatible; SemrushBot/7~bl; +http://www.semrush.com/bot.html)"
192.99.3.137 - - [12/Jan/2023:17:52:12 +0100] "GET /decorations-and-furnishings/money-boxes/angry-birds-money-box-p-19132.html HTTP/1.0" 301 73054 "-" "Mozilla/5.0 (compatible; MJ12bot/v1.4.8; http://mj12bot.com/)"
185.191.171.33 - - [12/Jan/2023:17:52:15 +0100] "GET /products_new.php?page=5 HTTP/1.0" 200 82269 "-" "Mozilla/5.0 (compatible; SemrushBot/7~bl; +http://www.semrush.com/bot.html)"
192.99.3.137 - - [12/Jan/2023:17:52:15 +0100] "GET /-p-19132.html HTTP/1.0" 200 72987 "-" "Mozilla/5.0 (compatible; MJ12bot/v1.4.8; http://mj12bot.com/)"
192.99.3.137 - - [12/Jan/2023:17:52:19 +0100] "GET /games-and-toys/soft-toys-security-blanket/gund-plush-cat-black-and-white-p-24291.html HTTP/1.0" 301 681 "-" "Mozilla/5.0 (compatible; MJ12bot/v1.4.8; http://mj12bot.com/)"
192.99.3.137 - - [12/Jan/2023:17:52:21 +0100] "GET /games-and-toys/soft-toys-security-blanket/gund-plush-cat-black-and-white-p-24291.html HTTP/1.0" 301 73054 "-" "Mozilla/5.0 (compatible; MJ12bot/v1.4.8; http://mj12bot.com/)"
192.99.3.137 - - [12/Jan/2023:17:52:23 +0100] "GET /-p-24291.html HTTP/1.0" 200 72987 "-" "Mozilla/5.0 (compatible; MJ12bot/v1.4.8; http://mj12bot.com/)"
192.99.3.137 - - [12/Jan/2023:17:52:26 +0100] "GET /girls/long-sleeves-tshirts/strawberry-shortcake-long-sleeve-tshirt-size-years-p-21921.html HTTP/1.0" 301 691 "-" "Mozilla/5.0 (compatible; MJ12bot/v1.4.8; http://mj12bot.com/)"
129.146.3.189 - - [12/Jan/2023:17:52:28 +0100] "GET /images/mini_prod/VANGOGH.jpg HTTP/1.0" 200 263 "-" "Mozilla/5.0 (X11; Ubuntu; Linux x86_64; rv:72.0) Gecko/20100101 Firefox/72.0"
192.99.3.137 - - [12/Jan/2023:17:52:28 +0100] "GET /girls/long-sleeves-tshirts/strawberry-shortcake-long-sleeve-tshirt-size-years-p-21921.html HTTP/1.0" 301 73054 "-" "Mozilla/5.0 (compatible; MJ12bot/v1.4.8; http://mj12bot.com/)"
192.99.3.137 - - [12/Jan/2023:17:52:31 +0100] "GET /-p-21921.html HTTP/1.0" 200 72987 "-" "Mozilla/5.0 (compatible; MJ12bot/v1.4.8; http://mj12bot.com/)"
192.99.3.137 - - [12/Jan/2023:17:52:34 +0100] "GET /strawberry-shortcake-shirt-years-p-22027.html HTTP/1.0" 301 601 "-" "Mozilla/5.0 (compatible; MJ12bot/v1.4.8; http://mj12bot.com/)"
192.99.3.137 - - [12/Jan/2023:17:52:35 +0100] "GET /strawberry-shortcake-shirt-years-p-22027.html HTTP/1.0" 301 73054 "-" "Mozilla/5.0 (compatible; MJ12bot/v1.4.8; http://mj12bot.com/)"
192.99.3.137 - - [12/Jan/2023:17:52:38 +0100] "GET /-p-22027.html HTTP/1.0" 200 72987 "-" "Mozilla/5.0 (compatible; MJ12bot/v1.4.8; http://mj12bot.com/)"
192.99.3.137 - - [12/Jan/2023:17:52:41 +0100] "GET /-c-95_305.html HTTP/1.0" 200 71855 "-" "Mozilla/5.0 (compatible; MJ12bot/v1.4.8; http://mj12bot.com/)"
192.99.3.137 - - [12/Jan/2023:17:52:44 +0100] "GET /-p-12063.html HTTP/1.0" 200 72987 "-" "Mozilla/5.0 (compatible; MJ12bot/v1.4.8; http://mj12bot.com/)"
192.99.3.137 - - [12/Jan/2023:17:52:47 +0100] "GET /-p-12502.html HTTP/1.0" 200 72987 "-" "Mozilla/5.0 (compatible; MJ12bot/v1.4.8; http://mj12bot.com/)"
129.146.96.3 - - [12/Jan/2023:17:52:48 +0100] "GET /images/mini_prod/0000000000000000000loup.jpg HTTP/1.0" 200 279 "-" "Mozilla/5.0 (X11; Ubuntu; Linux x86_64; rv:72.0) Gecko/20100101 Firefox/72.0"
192.99.3.137 - - [12/Jan/2023:17:52:50 +0100] "GET /-p-15678.html HTTP/1.0" 200 72987 "-" "Mozilla/5.0 (compatible; MJ12bot/v1.4.8; http://mj12bot.com/)"
129.146.1.102 - - [12/Jan/2023:17:52:54 +0100] "GET /images/mini_prod/8717127433537.jpg HTTP/1.0" 200 269 "-" "Mozilla/5.0 (X11; Ubuntu; Linux x86_64; rv:72.0) Gecko/20100101 Firefox/72.0"
192.99.3.137 - - [12/Jan/2023:17:52:53 +0100] "GET /-p-16607.html HTTP/1.0" 200 72987 "-" "Mozilla/5.0 (compatible; MJ12bot/v1.4.8; http://mj12bot.com/)"
192.99.3.137 - - [12/Jan/2023:17:52:56 +0100] "GET /-p-19132.html HTTP/1.0" 200 72987 "-" "Mozilla/5.0 (compatible; MJ12bot/v1.4.8; http://mj12bot.com/)"
192.99.3.137 - - [12/Jan/2023:17:52:59 +0100] "GET /-p-21921.html HTTP/1.0" 200 72987 "-" "Mozilla/5.0 (compatible; MJ12bot/v1.4.8; http://mj12bot.com/)"
192.99.3.137 - - [12/Jan/2023:17:53:02 +0100] "GET /-p-22027.html HTTP/1.0" 200 72987 "-" "Mozilla/5.0 (compatible; MJ12bot/v1.4.8; http://mj12bot.com/)"
207.46.13.183 - - [12/Jan/2023:17:53:05 +0100] "GET /pacha-p-49540.html HTTP/1.0" 200 75473 "-" "Mozilla/5.0 (compatible; bingbot/2.0; +http://www.bing.com/bingbot.htm)"
192.99.3.137 - - [12/Jan/2023:17:53:05 +0100] "GET /-p-24291.html HTTP/1.0" 200 72987 "-" "Mozilla/5.0 (compatible; MJ12bot/v1.4.8; http://mj12bot.com/)"
54.36.148.213 - - [12/Jan/2023:17:53:05 +0100] "GET /golden-marble-look-christmas-balls-p-59185.html HTTP/1.0" 200 76674 "-" "Mozilla/5.0 (compatible; AhrefsBot/7.0; +http://ahrefs.com/robot/)"
192.99.3.137 - - [12/Jan/2023:17:53:09 +0100] "GET /-p-27504.html HTTP/1.0" 200 72987 "-" "Mozilla/5.0 (compatible; MJ12bot/v1.4.8; http://mj12bot.com/)"
185.191.171.39 - - [12/Jan/2023:17:53:10 +0100] "GET /mini-white-natural-wooden-p-55030.html HTTP/1.0" 200 76518 "-" "Mozilla/5.0 (compatible; SemrushBot/7~bl; +http://www.semrush.com/bot.html)"
192.99.3.137 - - [12/Jan/2023:17:53:12 +0100] "GET /-p-30230.html HTTP/1.0" 200 72987 "-" "Mozilla/5.0 (compatible; MJ12bot/v1.4.8; http://mj12bot.com/)"
192.99.3.137 - - [12/Jan/2023:17:53:15 +0100] "GET /-p-31910.html HTTP/1.0" 200 72987 "-" "Mozilla/5.0 (compatible; MJ12bot/v1.4.8; http://mj12bot.com/)"
192.99.3.137 - - [12/Jan/2023:17:53:18 +0100] "GET /-p-38450.html HTTP/1.0" 200 72987 "-" "Mozilla/5.0 (compatible; MJ12bot/v1.4.8; http://mj12bot.com/)"
192.99.3.137 - - [12/Jan/2023:17:53:21 +0100] "GET /-p-38451.html HTTP/1.0" 200 72987 "-" "Mozilla/5.0 (compatible; MJ12bot/v1.4.8; http://mj12bot.com/)"
192.99.3.137 - - [12/Jan/2023:17:53:24 +0100] "GET /-p-39073.html HTTP/1.0" 200 72987 "-" "Mozilla/5.0 (compatible; MJ12bot/v1.4.8; http://mj12bot.com/)"
192.99.3.137 - - [12/Jan/2023:17:53:26 +0100] "GET /-p-40281.html HTTP/1.0" 200 72987 "-" "Mozilla/5.0 (compatible; MJ12bot/v1.4.8; http://mj12bot.com/)"
192.99.3.137 - - [12/Jan/2023:17:53:30 +0100] "GET /-p-41107.html HTTP/1.0" 200 72987 "-" "Mozilla/5.0 (compatible; MJ12bot/v1.4.8; http://mj12bot.com/)"
192.99.3.137 - - [12/Jan/2023:17:53:33 +0100] "GET /-p-41125.html HTTP/1.0" 200 72987 "-" "Mozilla/5.0 (compatible; MJ12bot/v1.4.8; http://mj12bot.com/)"
192.99.3.137 - - [12/Jan/2023:17:53:36 +0100] "GET /-p-41255.html HTTP/1.0" 200 72987 "-" "Mozilla/5.0 (compatible; MJ12bot/v1.4.8; http://mj12bot.com/)"
192.99.3.137 - - [12/Jan/2023:17:53:39 +0100] "GET /-p-41256.html HTTP/1.0" 200 72987 "-" "Mozilla/5.0 (compatible; MJ12bot/v1.4.8; http://mj12bot.com/)"
192.99.3.137 - - [12/Jan/2023:17:53:42 +0100] "GET /-p-42023.html HTTP/1.0" 200 72987 "-" "Mozilla/5.0 (compatible; MJ12bot/v1.4.8; http://mj12bot.com/)"
185.191.171.12 - - [12/Jan/2023:17:53:44 +0100] "GET /peanuts-white-yellow-collectable-p-13188.html HTTP/1.0" 200 73150 "-" "Mozilla/5.0 (compatible; SemrushBot/7~bl; +http://www.semrush.com/bot.html)"
192.99.3.137 - - [12/Jan/2023:17:53:45 +0100] "GET /-p-42025.html HTTP/1.0" 200 72987 "-" "Mozilla/5.0 (compatible; MJ12bot/v1.4.8; http://mj12bot.com/)"
192.99.3.137 - - [12/Jan/2023:17:53:48 +0100] "GET /-p-44019.html HTTP/1.0" 200 72987 "-" "Mozilla/5.0 (compatible; MJ12bot/v1.4.8; http://mj12bot.com/)"
192.99.3.137 - - [12/Jan/2023:17:53:51 +0100] "GET /-p-44020.html HTTP/1.0" 200 72987 "-" "Mozilla/5.0 (compatible; MJ12bot/v1.4.8; http://mj12bot.com/)"
185.191.171.7 - - [12/Jan/2023:17:53:52 +0100] "GET /accessories-c-3.html?page=36 HTTP/1.0" 200 78994 "-" "Mozilla/5.0 (compatible; SemrushBot/7~bl; +http://www.semrush.com/bot.html)"
192.99.3.137 - - [12/Jan/2023:17:53:54 +0100] "GET /-p-44032.html HTTP/1.0" 200 72987 "-" "Mozilla/5.0 (compatible; MJ12bot/v1.4.8; http://mj12bot.com/)"
207.46.13.171 - - [12/Jan/2023:17:53:56 +0100] "GET /images/big_prod/8720088299746.jpg HTTP/1.0" 200 268 "-" "Mozilla/5.0 AppleWebKit/537.36 (KHTML, like Gecko; compatible; bingbot/2.0; +http://www.bing.com/bingbot.htm) Chrome/103.0.5060.134 Safari/537.36"
192.99.3.137 - - [12/Jan/2023:17:53:57 +0100] "GET /-p-44033.html HTTP/1.0" 200 72987 "-" "Mozilla/5.0 (compatible; MJ12bot/v1.4.8; http://mj12bot.com/)"
110.249.201.43 - - [12/Jan/2023:17:53:57 +0100] "GET /cushion-little-prince-beige-blue-p-59051.html HTTP/1.0" 200 76682 "-" "Mozilla/5.0 (Linux; Android 5.0) AppleWebKit/537.36 (KHTML, like Gecko) Mobile Safari/537.36 (compatible; Bytespider; https://zhanzhang.toutiao.com/)"
110.249.201.52 - - [12/Jan/2023:17:54:00 +0100] "GET /swfobject.js HTTP/1.0" 404 1308 "http://www.wonder-geek.com/cushion-little-prince-beige-blue-p-59051.html" "Mozilla/5.0 (Linux; Android 5.0) AppleWebKit/537.36 (KHTML, like Gecko) Mobile Safari/537.36 (compatible; Bytespider; https://zhanzhang.toutiao.com/)"
110.249.201.53 - - [12/Jan/2023:17:54:00 +0100] "GET /images/big_prod_1/3700572727943B.jpg HTTP/1.0" 200 271 "http://www.wonder-geek.com/cushion-little-prince-beige-blue-p-59051.html" "Mozilla/5.0 (Linux; Android 5.0) AppleWebKit/537.36 (KHTML, like Gecko) Mobile Safari/537.36 (compatible; Bytespider; https://zhanzhang.toutiao.com/)"
110.249.201.54 - - [12/Jan/2023:17:54:01 +0100] "GET /highslide/graphics/zoomout.cur HTTP/1.0" 200 614 "http://www.wonder-geek.com/cushion-little-prince-beige-blue-p-59051.html" "Mozilla/5.0 (Linux; Android 5.0) AppleWebKit/537.36 (KHTML, like Gecko) Mobile Safari/537.36 (compatible; Bytespider; https://zhanzhang.toutiao.com/)"
110.249.201.51 - - [12/Jan/2023:17:54:01 +0100] "GET /images/big_prod/3700572727943.jpg HTTP/1.0" 200 268 "http://www.wonder-geek.com/cushion-little-prince-beige-blue-p-59051.html" "Mozilla/5.0 (Linux; Android 5.0) AppleWebKit/537.36 (KHTML, like Gecko) Mobile Safari/537.36 (compatible; Bytespider; https://zhanzhang.toutiao.com/)"
192.99.3.137 - - [12/Jan/2023:17:54:01 +0100] "GET /-p-44038.html HTTP/1.0" 200 72987 "-" "Mozilla/5.0 (compatible; MJ12bot/v1.4.8; http://mj12bot.com/)"
192.99.3.137 - - [12/Jan/2023:17:54:04 +0100] "GET /-p-44043.html HTTP/1.0" 200 72987 "-" "Mozilla/5.0 (compatible; MJ12bot/v1.4.8; http://mj12bot.com/)"
192.99.3.137 - - [12/Jan/2023:17:54:07 +0100] "GET /-p-44047.html HTTP/1.0" 200 72987 "-" "Mozilla/5.0 (compatible; MJ12bot/v1.4.8; http://mj12bot.com/)"
192.99.3.137 - - [12/Jan/2023:17:54:10 +0100] "GET /-p-44053.html HTTP/1.0" 200 72987 "-" "Mozilla/5.0 (compatible; MJ12bot/v1.4.8; http://mj12bot.com/)"
192.99.3.137 - - [12/Jan/2023:17:54:13 +0100] "GET /-p-44479.html HTTP/1.0" 200 72987 "-" "Mozilla/5.0 (compatible; MJ12bot/v1.4.8; http://mj12bot.com/)"
185.191.171.10 - - [12/Jan/2023:17:54:15 +0100] "GET /-p-15579.html HTTP/1.0" 200 72987 "-" "Mozilla/5.0 (compatible; SemrushBot/7~bl; +http://www.semrush.com/bot.html)"
192.99.3.137 - - [12/Jan/2023:17:54:17 +0100] "GET /-p-44532.html HTTP/1.0" 200 72987 "-" "Mozilla/5.0 (compatible; MJ12bot/v1.4.8; http://mj12bot.com/)"
192.99.3.137 - - [12/Jan/2023:17:54:20 +0100] "GET /-p-44559.html HTTP/1.0" 200 72987 "-" "Mozilla/5.0 (compatible; MJ12bot/v1.4.8; http://mj12bot.com/)"
129.146.99.200 - - [12/Jan/2023:17:54:21 +0100] "GET /images/mini_prod/3520071365336.jpg HTTP/1.0" 200 269 "-" "Mozilla/5.0 (X11; Ubuntu; Linux x86_64; rv:72.0) Gecko/20100101 Firefox/72.0"
192.99.3.137 - - [12/Jan/2023:17:54:25 +0100] "GET /-p-44568.html HTTP/1.0" 200 72987 "-" "Mozilla/5.0 (compatible; MJ12bot/v1.4.8; http://mj12bot.com/)"
192.99.3.137 - - [12/Jan/2023:17:54:28 +0100] "GET /-p-44576.html HTTP/1.0" 200 72987 "-" "Mozilla/5.0 (compatible; MJ12bot/v1.4.8; http://mj12bot.com/)"
192.99.3.137 - - [12/Jan/2023:17:54:32 +0100] "GET /-p-44586.html HTTP/1.0" 200 72987 "-" "Mozilla/5.0 (compatible; MJ12bot/v1.4.8; http://mj12bot.com/)"
192.99.3.137 - - [12/Jan/2023:17:54:35 +0100] "GET /-p-45742.html HTTP/1.0" 200 72987 "-" "Mozilla/5.0 (compatible; MJ12bot/v1.4.8; http://mj12bot.com/)"
54.36.148.115 - - [12/Jan/2023:17:54:36 +0100] "GET /pants-capri-pants-c-1_20.html HTTP/1.0" 200 81880 "-" "Mozilla/5.0 (compatible; AhrefsBot/7.0; +http://ahrefs.com/robot/)"
54.36.148.245 - - [12/Jan/2023:17:54:38 +0100] "GET /images/mini_prod/1399984236802.jpg HTTP/1.0" 200 269 "-" "Mozilla/5.0 (compatible; AhrefsBot/7.0; +http://ahrefs.com/robot/)"
54.36.148.243 - - [12/Jan/2023:17:54:38 +0100] "GET /images/mini_prod/Image121217.jpg HTTP/1.0" 200 267 "-" "Mozilla/5.0 (compatible; AhrefsBot/7.0; +http://ahrefs.com/robot/)"
54.36.148.43 - - [12/Jan/2023:17:54:38 +0100] "GET /images/mini_prod/1399984236628.jpg HTTP/1.0" 200 269 "-" "Mozilla/5.0 (compatible; AhrefsBot/7.0; +http://ahrefs.com/robot/)"
54.36.149.8 - - [12/Jan/2023:17:54:38 +0100] "GET /images/mini_prod/1399984236741.jpg HTTP/1.0" 200 269 "-" "Mozilla/5.0 (compatible; AhrefsBot/7.0; +http://ahrefs.com/robot/)"
192.99.3.137 - - [12/Jan/2023:17:54:39 +0100] "GET /-p-45791.html HTTP/1.0" 200 72987 "-" "Mozilla/5.0 (compatible; MJ12bot/v1.4.8; http://mj12bot.com/)"
185.191.171.16 - - [12/Jan/2023:17:54:41 +0100] "GET /gogh-little-tray-p-51670.html HTTP/1.0" 200 79433 "-" "Mozilla/5.0 (compatible; SemrushBot/7~bl; +http://www.semrush.com/bot.html)"
192.99.3.137 - - [12/Jan/2023:17:54:42 +0100] "GET /-p-45793.html HTTP/1.0" 200 72987 "-" "Mozilla/5.0 (compatible; MJ12bot/v1.4.8; http://mj12bot.com/)"
192.99.3.137 - - [12/Jan/2023:17:54:46 +0100] "GET /-p-45797.html HTTP/1.0" 200 72987 "-" "Mozilla/5.0 (compatible; MJ12bot/v1.4.8; http://mj12bot.com/)"
23.100.232.233 - - [12/Jan/2023:17:54:48 +0100] "GET /decorations-and-furnishings/decorations/jiminy-cricket-figurine-ornement-collection-disney-traditions-p-16942.html HTTP/1.0" 301 739 "-" "Mozilla/5.0 (compatible; MSIE 9.0; Windows NT 6.1; Trident/5.0;  Trident/5.0)"
23.100.232.233 - - [12/Jan/2023:17:54:49 +0100] "GET /decorations-and-furnishings/decorations/jiminy-cricket-figurine-ornement-collection-disney-traditions-p-16942.html HTTP/1.0" 301 73054 "-" "Mozilla/5.0 (compatible; MSIE 9.0; Windows NT 6.1; Trident/5.0;  Trident/5.0)"
192.99.3.137 - - [12/Jan/2023:17:54:49 +0100] "GET /-p-45839.html HTTP/1.0" 200 72987 "-" "Mozilla/5.0 (compatible; MJ12bot/v1.4.8; http://mj12bot.com/)"
23.100.232.233 - - [12/Jan/2023:17:54:50 +0100] "GET /-p-16942.html HTTP/1.0" 200 72987 "-" "Mozilla/5.0 (compatible; MSIE 9.0; Windows NT 6.1; Trident/5.0;  Trident/5.0)"
23.100.232.233 - - [12/Jan/2023:17:54:52 +0100] "GET /templates/Pixame_v1/stylesheet.css HTTP/1.0" 200 267 "http://www.wonder-geek.com/-p-16942.html" "Mozilla/5.0 (compatible; MSIE 9.0; Windows NT 6.1; Trident/5.0;  Trident/5.0)"
23.100.232.233 - - [12/Jan/2023:17:54:53 +0100] "GET /highslide/highslide.js HTTP/1.0" 200 262 "http://www.wonder-geek.com/-p-16942.html" "Mozilla/5.0 (compatible; MSIE 9.0; Windows NT 6.1; Trident/5.0;  Trident/5.0)"
23.100.232.233 - - [12/Jan/2023:17:54:53 +0100] "GET /js/jquery.js HTTP/1.0" 200 252 "http://www.wonder-geek.com/-p-16942.html" "Mozilla/5.0 (compatible; MSIE 9.0; Windows NT 6.1; Trident/5.0;  Trident/5.0)"
23.100.232.233 - - [12/Jan/2023:17:54:53 +0100] "GET /mondial_relay/js/jquery-1.3.2.min.js HTTP/1.0" 200 276 "http://www.wonder-geek.com/-p-16942.html" "Mozilla/5.0 (compatible; MSIE 9.0; Windows NT 6.1; Trident/5.0;  Trident/5.0)"
23.100.232.233 - - [12/Jan/2023:17:54:53 +0100] "GET /swfobject.js HTTP/1.0" 404 1308 "http://www.wonder-geek.com/-p-16942.html" "Mozilla/5.0 (compatible; MSIE 9.0; Windows NT 6.1; Trident/5.0;  Trident/5.0)"
23.100.232.233 - - [12/Jan/2023:17:54:53 +0100] "GET /js/jquery.jqzoom.js HTTP/1.0" 200 259 "http://www.wonder-geek.com/-p-16942.html" "Mozilla/5.0 (compatible; MSIE 9.0; Windows NT 6.1; Trident/5.0;  Trident/5.0)"
23.100.232.233 - - [12/Jan/2023:17:54:53 +0100] "GET /style.ie7.css HTTP/1.0" 404 1308 "http://www.wonder-geek.com/-p-16942.html" "Mozilla/5.0 (compatible; MSIE 9.0; Windows NT 6.1; Trident/5.0;  Trident/5.0)"
192.99.3.137 - - [12/Jan/2023:17:54:53 +0100] "GET /-p-45854.html HTTP/1.0" 200 72987 "-" "Mozilla/5.0 (compatible; MJ12bot/v1.4.8; http://mj12bot.com/)"
23.100.232.233 - - [12/Jan/2023:17:54:56 +0100] "GET /templates/Pixame_v1/images/flash.swf HTTP/1.0" 200 290 "http://www.wonder-geek.com/-p-16942.html" "Mozilla/5.0 (compatible; MSIE 9.0; Windows NT 6.1; Trident/5.0;  Trident/5.0)"
23.100.232.233 - - [12/Jan/2023:17:54:56 +0100] "GET /highslide/graphics/zoomout.cur HTTP/1.0" 200 614 "http://www.wonder-geek.com/-p-16942.html" "Mozilla/5.0 (compatible; MSIE 9.0; Windows NT 6.1; Trident/5.0;  Trident/5.0)"
192.99.3.137 - - [12/Jan/2023:17:54:56 +0100] "GET /-p-45860.html HTTP/1.0" 200 72987 "-" "Mozilla/5.0 (compatible; MJ12bot/v1.4.8; http://mj12bot.com/)"
192.99.3.137 - - [12/Jan/2023:17:54:59 +0100] "GET /-p-45861.html HTTP/1.0" 200 72987 "-" "Mozilla/5.0 (compatible; MJ12bot/v1.4.8; http://mj12bot.com/)"
192.99.3.137 - - [12/Jan/2023:17:55:03 +0100] "GET /-p-45866.html HTTP/1.0" 200 72987 "-" "Mozilla/5.0 (compatible; MJ12bot/v1.4.8; http://mj12bot.com/)"
192.99.3.137 - - [12/Jan/2023:17:55:07 +0100] "GET /-p-45867.html HTTP/1.0" 200 72987 "-" "Mozilla/5.0 (compatible; MJ12bot/v1.4.8; http://mj12bot.com/)"
192.99.3.137 - - [12/Jan/2023:17:55:10 +0100] "GET /-p-45869.html HTTP/1.0" 200 72987 "-" "Mozilla/5.0 (compatible; MJ12bot/v1.4.8; http://mj12bot.com/)"
192.99.3.137 - - [12/Jan/2023:17:55:13 +0100] "GET /-p-45873.html HTTP/1.0" 200 72987 "-" "Mozilla/5.0 (compatible; MJ12bot/v1.4.8; http://mj12bot.com/)"
192.99.3.137 - - [12/Jan/2023:17:55:16 +0100] "GET /-p-45877.html HTTP/1.0" 200 72987 "-" "Mozilla/5.0 (compatible; MJ12bot/v1.4.8; http://mj12bot.com/)"
192.99.3.137 - - [12/Jan/2023:17:55:20 +0100] "GET /-p-45880.html HTTP/1.0" 200 72987 "-" "Mozilla/5.0 (compatible; MJ12bot/v1.4.8; http://mj12bot.com/)"
185.191.171.3 - - [12/Jan/2023:17:55:22 +0100] "GET /frozen-workbook-p-52055.html HTTP/1.0" 200 73037 "-" "Mozilla/5.0 (compatible; SemrushBot/7~bl; +http://www.semrush.com/bot.html)"
192.99.3.137 - - [12/Jan/2023:17:55:23 +0100] "GET /-p-45909.html HTTP/1.0" 200 72987 "-" "Mozilla/5.0 (compatible; MJ12bot/v1.4.8; http://mj12bot.com/)"
192.99.3.137 - - [12/Jan/2023:17:55:26 +0100] "GET /-p-45912.html HTTP/1.0" 200 72987 "-" "Mozilla/5.0 (compatible; MJ12bot/v1.4.8; http://mj12bot.com/)"
192.99.3.137 - - [12/Jan/2023:17:55:29 +0100] "GET /-p-45914.html HTTP/1.0" 200 72987 "-" "Mozilla/5.0 (compatible; MJ12bot/v1.4.8; http://mj12bot.com/)"
192.99.3.137 - - [12/Jan/2023:17:55:33 +0100] "GET /-p-45919.html HTTP/1.0" 200 72987 "-" "Mozilla/5.0 (compatible; MJ12bot/v1.4.8; http://mj12bot.com/)"
192.99.3.137 - - [12/Jan/2023:17:55:38 +0100] "GET /-p-45921.html HTTP/1.0" 200 72987 "-" "Mozilla/5.0 (compatible; MJ12bot/v1.4.8; http://mj12bot.com/)"
192.99.3.137 - - [12/Jan/2023:17:55:41 +0100] "GET /-p-45930.html HTTP/1.0" 200 72987 "-" "Mozilla/5.0 (compatible; MJ12bot/v1.4.8; http://mj12bot.com/)"
185.191.171.25 - - [12/Jan/2023:17:55:45 +0100] "GET /plush-keeleco-friendly-emperor-penguin-p-51852.html HTTP/1.0" 200 76955 "-" "Mozilla/5.0 (compatible; SemrushBot/7~bl; +http://www.semrush.com/bot.html)"
192.99.3.137 - - [12/Jan/2023:17:55:46 +0100] "GET /-p-45933.html HTTP/1.0" 200 72987 "-" "Mozilla/5.0 (compatible; MJ12bot/v1.4.8; http://mj12bot.com/)"
192.99.3.137 - - [12/Jan/2023:17:55:49 +0100] "GET /-p-45943.html HTTP/1.0" 200 72987 "-" "Mozilla/5.0 (compatible; MJ12bot/v1.4.8; http://mj12bot.com/)"
129.146.53.105 - - [12/Jan/2023:17:55:52 +0100] "GET /images/mini_prod/32816401792101.jpg HTTP/1.0" 200 270 "-" "Mozilla/5.0 (X11; Ubuntu; Linux x86_64; rv:72.0) Gecko/20100101 Firefox/72.0"
192.99.3.137 - - [12/Jan/2023:17:55:52 +0100] "GET /-p-47702.html HTTP/1.0" 200 72987 "-" "Mozilla/5.0 (compatible; MJ12bot/v1.4.8; http://mj12bot.com/)"
192.99.3.137 - - [12/Jan/2023:17:55:55 +0100] "GET /-p-47907.html HTTP/1.0" 200 72987 "-" "Mozilla/5.0 (compatible; MJ12bot/v1.4.8; http://mj12bot.com/)"
192.99.3.137 - - [12/Jan/2023:17:55:59 +0100] "GET /-p-47963.html HTTP/1.0" 200 72987 "-" "Mozilla/5.0 (compatible; MJ12bot/v1.4.8; http://mj12bot.com/)"
119.8.242.230 - - [12/Jan/2023:17:56:03 +0100] "GET /images/mini_prod/1399984241813.jpg HTTP/1.0" 200 269 "-" "Mozilla/5.0 (X11; Ubuntu; Linux x86_64; rv:72.0) Gecko/20100101 Firefox/72.0"
192.99.3.137 - - [12/Jan/2023:17:56:03 +0100] "GET /-p-47997.html HTTP/1.0" 200 72987 "-" "Mozilla/5.0 (compatible; MJ12bot/v1.4.8; http://mj12bot.com/)"
54.36.149.66 - - [12/Jan/2023:17:56:04 +0100] "GET /desk-organizer-patined-wood-p-56396.html HTTP/1.0" 200 76547 "-" "Mozilla/5.0 (compatible; AhrefsBot/7.0; +http://ahrefs.com/robot/)"
192.99.3.137 - - [12/Jan/2023:17:56:06 +0100] "GET /-p-48066.html HTTP/1.0" 200 72987 "-" "Mozilla/5.0 (compatible; MJ12bot/v1.4.8; http://mj12bot.com/)"
54.36.149.104 - - [12/Jan/2023:17:56:08 +0100] "GET /images/big_prod/8424001854486.jpg HTTP/1.0" 200 268 "-" "Mozilla/5.0 (compatible; AhrefsBot/7.0; +http://ahrefs.com/robot/)"
54.36.149.45 - - [12/Jan/2023:17:56:09 +0100] "GET /images/big_prod_2/8424001854486C.jpg HTTP/1.0" 200 271 "-" "Mozilla/5.0 (compatible; AhrefsBot/7.0; +http://ahrefs.com/robot/)"
192.99.3.137 - - [12/Jan/2023:17:56:09 +0100] "GET /-p-48097.html HTTP/1.0" 200 72987 "-" "Mozilla/5.0 (compatible; MJ12bot/v1.4.8; http://mj12bot.com/)"
54.36.148.245 - - [12/Jan/2023:17:56:11 +0100] "GET /images/big_prod_1/8424001854486B.jpg HTTP/1.0" 200 271 "-" "Mozilla/5.0 (compatible; AhrefsBot/7.0; +http://ahrefs.com/robot/)"
192.99.3.137 - - [12/Jan/2023:17:56:13 +0100] "GET /-p-52253.html HTTP/1.0" 200 72987 "-" "Mozilla/5.0 (compatible; MJ12bot/v1.4.8; http://mj12bot.com/)"
216.244.66.242 - - [12/Jan/2023:17:56:17 +0100] "GET /robots.txt HTTP/1.0" 200 245 "-" "Mozilla/5.0 (compatible; DotBot/1.2; +https://opensiteexplorer.org/dotbot; help@moz.com)"
216.244.66.242 - - [12/Jan/2023:17:56:17 +0100] "GET /robots.txt HTTP/1.0" 301 531 "-" "Mozilla/5.0 (compatible; DotBot/1.2; +https://opensiteexplorer.org/dotbot; help@moz.com)"
216.244.66.242 - - [12/Jan/2023:17:56:18 +0100] "GET /robots.txt HTTP/1.0" 200 245 "-" "Mozilla/5.0 (compatible; DotBot/1.2; +https://opensiteexplorer.org/dotbot; help@moz.com)"
192.99.3.137 - - [12/Jan/2023:17:56:17 +0100] "GET /-p-52278.html HTTP/1.0" 200 72987 "-" "Mozilla/5.0 (compatible; MJ12bot/v1.4.8; http://mj12bot.com/)"
192.99.3.137 - - [12/Jan/2023:17:56:21 +0100] "GET /-p-52283.html HTTP/1.0" 200 72987 "-" "Mozilla/5.0 (compatible; MJ12bot/v1.4.8; http://mj12bot.com/)"
192.99.3.137 - - [12/Jan/2023:17:56:25 +0100] "GET /-p-52285.html HTTP/1.0" 200 72987 "-" "Mozilla/5.0 (compatible; MJ12bot/v1.4.8; http://mj12bot.com/)"
192.99.3.137 - - [12/Jan/2023:17:56:28 +0100] "GET /-p-52293.html HTTP/1.0" 200 72987 "-" "Mozilla/5.0 (compatible; MJ12bot/v1.4.8; http://mj12bot.com/)"
192.99.3.137 - - [12/Jan/2023:17:56:31 +0100] "GET /-p-52294.html HTTP/1.0" 200 72987 "-" "Mozilla/5.0 (compatible; MJ12bot/v1.4.8; http://mj12bot.com/)"
192.99.3.137 - - [12/Jan/2023:17:56:35 +0100] "GET /-p-52386.html HTTP/1.0" 200 72987 "-" "Mozilla/5.0 (compatible; MJ12bot/v1.4.8; http://mj12bot.com/)"
192.99.3.137 - - [12/Jan/2023:17:56:38 +0100] "GET /-p-5254.html HTTP/1.0" 200 72985 "-" "Mozilla/5.0 (compatible; MJ12bot/v1.4.8; http://mj12bot.com/)"
192.99.3.137 - - [12/Jan/2023:17:56:41 +0100] "GET /-p-53149.html HTTP/1.0" 200 72987 "-" "Mozilla/5.0 (compatible; MJ12bot/v1.4.8; http://mj12bot.com/)"
66.249.66.42 - - [12/Jan/2023:17:56:43 +0100] "GET /images/mini_prod/1399985100737.jpg HTTP/1.0" 200 269 "-" "Googlebot-Image/1.0"
192.99.3.137 - - [12/Jan/2023:17:56:44 +0100] "GET /-p-53241.html HTTP/1.0" 200 72987 "-" "Mozilla/5.0 (compatible; MJ12bot/v1.4.8; http://mj12bot.com/)"
66.249.66.146 - - [12/Jan/2023:17:56:46 +0100] "GET /images/big_prod_1/b4542202662281.jpg HTTP/1.0" 200 271 "-" "Googlebot-Image/1.0"
192.99.3.137 - - [12/Jan/2023:17:56:48 +0100] "GET /-p-54837.html HTTP/1.0" 200 72987 "-" "Mozilla/5.0 (compatible; MJ12bot/v1.4.8; http://mj12bot.com/)"
192.99.3.137 - - [12/Jan/2023:17:56:51 +0100] "GET /-p-9547.html HTTP/1.0" 200 72985 "-" "Mozilla/5.0 (compatible; MJ12bot/v1.4.8; http://mj12bot.com/)"
192.99.3.137 - - [12/Jan/2023:17:56:54 +0100] "GET /amazon-love-bookmark-butterflies-p-50286.html HTTP/1.0" 200 73081 "-" "Mozilla/5.0 (compatible; MJ12bot/v1.4.8; http://mj12bot.com/)"
192.99.3.137 - - [12/Jan/2023:17:56:58 +0100] "GET /amber-aromatika-incense-sticks-p-59277.html HTTP/1.0" 200 76426 "-" "Mozilla/5.0 (compatible; MJ12bot/v1.4.8; http://mj12bot.com/)"
192.99.3.137 - - [12/Jan/2023:17:57:01 +0100] "GET /ambre-vanilla-fragrance-diffuser-made-provence-p-57050.html HTTP/1.0" 200 77088 "-" "Mozilla/5.0 (compatible; MJ12bot/v1.4.8; http://mj12bot.com/)"
192.99.3.137 - - [12/Jan/2023:17:57:05 +0100] "GET /articulated-white-table-lamp-p-49844.html HTTP/1.0" 200 73089 "-" "Mozilla/5.0 (compatible; MJ12bot/v1.4.8; http://mj12bot.com/)"
207.46.13.183 - - [12/Jan/2023:17:57:07 +0100] "GET /salt-pepper-shaker-sets-c-12_160.html HTTP/1.0" 200 92429 "-" "Mozilla/5.0 (compatible; bingbot/2.0; +http://www.bing.com/bingbot.htm)"
192.99.3.137 - - [12/Jan/2023:17:57:08 +0100] "GET /ashtray-with-handle-p-58228.html HTTP/1.0" 200 76222 "-" "Mozilla/5.0 (compatible; MJ12bot/v1.4.8; http://mj12bot.com/)"
192.99.3.137 - - [12/Jan/2023:17:57:11 +0100] "GET /astronaut-money-box-p-52312.html HTTP/1.0" 301 76251 "-" "Mozilla/5.0 (compatible; MJ12bot/v1.4.8; http://mj12bot.com/)"
192.99.3.137 - - [12/Jan/2023:17:57:15 +0100] "GET /astronaut-money-p-52312.html HTTP/1.0" 200 76169 "-" "Mozilla/5.0 (compatible; MJ12bot/v1.4.8; http://mj12bot.com/)"
192.99.3.137 - - [12/Jan/2023:17:57:18 +0100] "GET /astronaut-money-p-52312.html HTTP/1.0" 200 76169 "-" "Mozilla/5.0 (compatible; MJ12bot/v1.4.8; http://mj12bot.com/)"
192.99.3.137 - - [12/Jan/2023:17:57:21 +0100] "GET /astronaut-skull-moneybox-p-52305.html HTTP/1.0" 200 76233 "-" "Mozilla/5.0 (compatible; MJ12bot/v1.4.8; http://mj12bot.com/)"
54.36.148.252 - - [12/Jan/2023:17:57:23 +0100] "GET /princess-mini-melamine-tray-p-45139.html HTTP/1.0" 200 75728 "-" "Mozilla/5.0 (compatible; AhrefsBot/7.0; +http://ahrefs.com/robot/)"
192.99.3.137 - - [12/Jan/2023:17:57:24 +0100] "GET /atlas-statuette-patinated-bronze-resin-p-52310.html HTTP/1.0" 200 73159 "-" "Mozilla/5.0 (compatible; MJ12bot/v1.4.8; http://mj12bot.com/)"
192.99.3.137 - - [12/Jan/2023:17:57:28 +0100] "GET /au-menu-ce-soir-adult-apron-p-49747.html HTTP/1.0" 301 73129 "-" "Mozilla/5.0 (compatible; MJ12bot/v1.4.8; http://mj12bot.com/)"
192.99.3.137 - - [12/Jan/2023:17:57:31 +0100] "GET /menu-soir-adult-apron-p-49747.html HTTP/1.0" 200 73041 "-" "Mozilla/5.0 (compatible; MJ12bot/v1.4.8; http://mj12bot.com/)"
54.36.148.187 - - [12/Jan/2023:17:57:32 +0100] "GET /images/big_prod/3560600291873.jpg HTTP/1.0" 200 268 "-" "Mozilla/5.0 (compatible; AhrefsBot/7.0; +http://ahrefs.com/robot/)"
192.99.3.137 - - [12/Jan/2023:17:57:34 +0100] "GET /baby-chimpanzee-small-round-magnet-p-31911.html HTTP/1.0" 200 75693 "-" "Mozilla/5.0 (compatible; MJ12bot/v1.4.8; http://mj12bot.com/)"
192.99.3.137 - - [12/Jan/2023:17:57:37 +0100] "GET /baby-footprint-kit-photo-frame-p-53627.html HTTP/1.0" 301 73182 "-" "Mozilla/5.0 (compatible; MJ12bot/v1.4.8; http://mj12bot.com/)"
192.99.3.137 - - [12/Jan/2023:17:57:40 +0100] "GET /baby-footprint-photo-frame-p-53627.html HTTP/1.0" 200 73089 "-" "Mozilla/5.0 (compatible; MJ12bot/v1.4.8; http://mj12bot.com/)"
192.99.3.137 - - [12/Jan/2023:17:57:44 +0100] "GET /baby-footprint-photo-frame-p-53627.html HTTP/1.0" 200 73089 "-" "Mozilla/5.0 (compatible; MJ12bot/v1.4.8; http://mj12bot.com/)"
66.249.66.6 - - [12/Jan/2023:17:57:46 +0100] "GET /beige-lampshade-p-59075.html HTTP/1.0" 200 76470 "-" "Mozilla/5.0 (compatible; Googlebot/2.1; +http://www.google.com/bot.html)"
192.99.3.137 - - [12/Jan/2023:17:57:47 +0100] "GET /baby-seal-small-round-magnet-p-31910.html HTTP/1.0" 301 73054 "-" "Mozilla/5.0 (compatible; MJ12bot/v1.4.8; http://mj12bot.com/)"
192.99.3.137 - - [12/Jan/2023:17:57:51 +0100] "GET /-p-31910.html HTTP/1.0" 200 72987 "-" "Mozilla/5.0 (compatible; MJ12bot/v1.4.8; http://mj12bot.com/)"
192.99.3.137 - - [12/Jan/2023:17:57:54 +0100] "GET /backpacks-c-31_77.html?page=2 HTTP/1.0" 200 95615 "-" "Mozilla/5.0 (compatible; MJ12bot/v1.4.8; http://mj12bot.com/)"
110.249.202.57 - - [12/Jan/2023:17:57:55 +0100] "GET /cotton-floor-cushion-japandi-p-59259.html HTTP/1.0" 200 76592 "-" "Mozilla/5.0 (Linux; Android 5.0) AppleWebKit/537.36 (KHTML, like Gecko) Mobile Safari/537.36 (compatible; Bytespider; https://zhanzhang.toutiao.com/)"
110.249.202.57 - - [12/Jan/2023:17:57:57 +0100] "GET /swfobject.js HTTP/1.0" 404 1308 "http://www.wonder-geek.com/cotton-floor-cushion-japandi-p-59259.html" "Mozilla/5.0 (Linux; Android 5.0) AppleWebKit/537.36 (KHTML, like Gecko) Mobile Safari/537.36 (compatible; Bytespider; https://zhanzhang.toutiao.com/)"
110.249.202.59 - - [12/Jan/2023:17:57:58 +0100] "GET /images/big_prod_1/3665269231892a.jpg HTTP/1.0" 200 271 "http://www.wonder-geek.com/cotton-floor-cushion-japandi-p-59259.html" "Mozilla/5.0 (Linux; Android 5.0) AppleWebKit/537.36 (KHTML, like Gecko) Mobile Safari/537.36 (compatible; Bytespider; https://zhanzhang.toutiao.com/)"
110.249.202.56 - - [12/Jan/2023:17:57:58 +0100] "GET /highslide/graphics/zoomout.cur HTTP/1.0" 200 614 "http://www.wonder-geek.com/cotton-floor-cushion-japandi-p-59259.html" "Mozilla/5.0 (Linux; Android 5.0) AppleWebKit/537.36 (KHTML, like Gecko) Mobile Safari/537.36 (compatible; Bytespider; https://zhanzhang.toutiao.com/)"
110.249.202.54 - - [12/Jan/2023:17:57:58 +0100] "GET /images/big_prod/3665269231892.jpg HTTP/1.0" 200 268 "http://www.wonder-geek.com/cotton-floor-cushion-japandi-p-59259.html" "Mozilla/5.0 (Linux; Android 5.0) AppleWebKit/537.36 (KHTML, like Gecko) Mobile Safari/537.36 (compatible; Bytespider; https://zhanzhang.toutiao.com/)"
192.99.3.137 - - [12/Jan/2023:17:57:58 +0100] "GET /bag-hung-and-bag-mirrors-c-31_258.html?page=2 HTTP/1.0" 301 91768 "-" "Mozilla/5.0 (compatible; MJ12bot/v1.4.8; http://mj12bot.com/)"
185.191.171.16 - - [12/Jan/2023:17:58:00 +0100] "GET /lotus-candleholder-pastel-pink-with-golden-lining-p-42874.html HTTP/1.0" 200 77303 "-" "Mozilla/5.0 (compatible; SemrushBot/7~bl; +http://www.semrush.com/bot.html)"
192.99.3.137 - - [12/Jan/2023:17:58:01 +0100] "GET /hung-mirrors-c-258.html?page=2 HTTP/1.0" 301 91613 "-" "Mozilla/5.0 (compatible; MJ12bot/v1.4.8; http://mj12bot.com/)"
192.99.3.137 - - [12/Jan/2023:17:58:04 +0100] "GET /hung-mirrors-c-31_258.html?page=2 HTTP/1.0" 200 91684 "-" "Mozilla/5.0 (compatible; MJ12bot/v1.4.8; http://mj12bot.com/)"
185.191.171.23 - - [12/Jan/2023:17:58:06 +0100] "GET /powder-candle-bougie-autrement-glitter-pink-p-53078.html HTTP/1.0" 200 77013 "-" "Mozilla/5.0 (compatible; SemrushBot/7~bl; +http://www.semrush.com/bot.html)"
192.99.3.137 - - [12/Jan/2023:17:58:08 +0100] "GET /bag-of-25-kg-of-chewing-gum-machine-compatible-p-51767.html HTTP/1.0" 301 73216 "-" "Mozilla/5.0 (compatible; MJ12bot/v1.4.8; http://mj12bot.com/)"
129.146.99.200 - - [12/Jan/2023:17:58:10 +0100] "GET /images/mini_prod/3453131150972.jpg HTTP/1.0" 200 269 "-" "Mozilla/5.0 (X11; Ubuntu; Linux x86_64; rv:72.0) Gecko/20100101 Firefox/72.0"
192.99.3.137 - - [12/Jan/2023:17:58:11 +0100] "GET /chewing-machine-compatible-p-51767.html HTTP/1.0" 200 73123 "-" "Mozilla/5.0 (compatible; MJ12bot/v1.4.8; http://mj12bot.com/)"
129.146.52.61 - - [12/Jan/2023:17:58:13 +0100] "GET /images/mini_prod/070209_191201_PEEL_gnVzFs.jpg HTTP/1.0" 200 281 "-" "Mozilla/5.0 (X11; Ubuntu; Linux x86_64; rv:72.0) Gecko/20100101 Firefox/72.0"
192.99.3.137 - - [12/Jan/2023:17:58:15 +0100] "GET /bamboo-laundry-basket-with-black-and-white-lid-45-cm-p-45793.html HTTP/1.0" 301 73054 "-" "Mozilla/5.0 (compatible; MJ12bot/v1.4.8; http://mj12bot.com/)"
192.99.3.137 - - [12/Jan/2023:17:58:18 +0100] "GET /-p-45793.html HTTP/1.0" 200 72987 "-" "Mozilla/5.0 (compatible; MJ12bot/v1.4.8; http://mj12bot.com/)"
192.99.3.137 - - [12/Jan/2023:17:58:21 +0100] "GET /bamboo-laundry-basket-with-black-and-white-lid-50-cm-p-45791.html HTTP/1.0" 301 73054 "-" "Mozilla/5.0 (compatible; MJ12bot/v1.4.8; http://mj12bot.com/)"
192.99.3.137 - - [12/Jan/2023:17:58:24 +0100] "GET /-p-45791.html HTTP/1.0" 200 72987 "-" "Mozilla/5.0 (compatible; MJ12bot/v1.4.8; http://mj12bot.com/)"
192.99.3.137 - - [12/Jan/2023:17:58:27 +0100] "GET /bamboo-laundry-basket-with-black-white-p-45791.html HTTP/1.0" 301 73054 "-" "Mozilla/5.0 (compatible; MJ12bot/v1.4.8; http://mj12bot.com/)"
192.99.3.137 - - [12/Jan/2023:17:58:30 +0100] "GET /-p-45791.html HTTP/1.0" 200 72987 "-" "Mozilla/5.0 (compatible; MJ12bot/v1.4.8; http://mj12bot.com/)"
192.99.3.137 - - [12/Jan/2023:17:58:33 +0100] "GET /bamboo-laundry-basket-with-black-white-p-45793.html HTTP/1.0" 301 73054 "-" "Mozilla/5.0 (compatible; MJ12bot/v1.4.8; http://mj12bot.com/)"
185.191.171.6 - - [12/Jan/2023:17:58:35 +0100] "GET /keyring-cbkreation-p-43231.html HTTP/1.0" 200 75683 "-" "Mozilla/5.0 (compatible; SemrushBot/7~bl; +http://www.semrush.com/bot.html)"
192.99.3.137 - - [12/Jan/2023:17:58:36 +0100] "GET /-p-45793.html HTTP/1.0" 200 72987 "-" "Mozilla/5.0 (compatible; MJ12bot/v1.4.8; http://mj12bot.com/)"
54.36.148.122 - - [12/Jan/2023:17:58:37 +0100] "GET /handy-manny-money-p-8421.html HTTP/1.0" 200 75721 "-" "Mozilla/5.0 (compatible; AhrefsBot/7.0; +http://ahrefs.com/robot/)"
192.99.3.137 - - [12/Jan/2023:17:58:40 +0100] "GET /bamboo-pear-suspension-p-48068.html HTTP/1.0" 200 73088 "-" "Mozilla/5.0 (compatible; MJ12bot/v1.4.8; http://mj12bot.com/)"
104.167.221.158 - - [12/Jan/2023:17:58:43 +0100] "GET /images/big_prod_1/b4006592916817.jpg HTTP/1.0" 200 271 "-" "-"
192.99.3.137 - - [12/Jan/2023:17:58:43 +0100] "GET /bamboo-saffron-tray-p-48011.html HTTP/1.0" 200 75677 "-" "Mozilla/5.0 (compatible; MJ12bot/v1.4.8; http://mj12bot.com/)"
185.191.171.1 - - [12/Jan/2023:17:58:43 +0100] "GET /bowls-c-12_255.html HTTP/1.0" 200 80866 "-" "Mozilla/5.0 (compatible; SemrushBot/7~bl; +http://www.semrush.com/bot.html)"
192.99.3.137 - - [12/Jan/2023:17:58:46 +0100] "GET /bamboo-white-tray-p-48013.html HTTP/1.0" 200 73045 "-" "Mozilla/5.0 (compatible; MJ12bot/v1.4.8; http://mj12bot.com/)"
192.99.3.137 - - [12/Jan/2023:17:58:49 +0100] "GET /barbapapa-cupcake-metal-magnet-p-8800.html HTTP/1.0" 200 75786 "-" "Mozilla/5.0 (compatible; MJ12bot/v1.4.8; http://mj12bot.com/)"
192.99.3.137 - - [12/Jan/2023:17:58:53 +0100] "GET /barnyard-ceramic-butter-dish-p-51418.html HTTP/1.0" 200 75670 "-" "Mozilla/5.0 (compatible; MJ12bot/v1.4.8; http://mj12bot.com/)"
185.191.171.35 - - [12/Jan/2023:17:58:56 +0100] "GET /sentiment-towel-kitchen-towel-p-43632.html HTTP/1.0" 200 76404 "-" "Mozilla/5.0 (compatible; SemrushBot/7~bl; +http://www.semrush.com/bot.html)"
192.99.3.137 - - [12/Jan/2023:17:58:56 +0100] "GET /be-happy-wooden-tray-34-24-cm-p-44506.html HTTP/1.0" 301 73189 "-" "Mozilla/5.0 (compatible; MJ12bot/v1.4.8; http://mj12bot.com/)"
192.99.3.137 - - [12/Jan/2023:17:59:00 +0100] "GET /happy-wooden-tray-p-44506.html HTTP/1.0" 200 73105 "-" "Mozilla/5.0 (compatible; MJ12bot/v1.4.8; http://mj12bot.com/)"
192.99.3.137 - - [12/Jan/2023:17:59:03 +0100] "GET /bear-in-paris-small-mini-tray-p-45583.html HTTP/1.0" 301 75835 "-" "Mozilla/5.0 (compatible; MJ12bot/v1.4.8; http://mj12bot.com/)"
192.99.3.137 - - [12/Jan/2023:17:59:06 +0100] "GET /bear-paris-small-mini-tray-p-45583.html HTTP/1.0" 200 75742 "-" "Mozilla/5.0 (compatible; MJ12bot/v1.4.8; http://mj12bot.com/)"
185.191.171.12 - - [12/Jan/2023:17:59:09 +0100] "GET /-p-39409.html HTTP/1.0" 200 72987 "-" "Mozilla/5.0 (compatible; SemrushBot/7~bl; +http://www.semrush.com/bot.html)"
192.99.3.137 - - [12/Jan/2023:17:59:09 +0100] "GET /bear-paris-small-mini-tray-p-45583.html HTTP/1.0" 200 75742 "-" "Mozilla/5.0 (compatible; MJ12bot/v1.4.8; http://mj12bot.com/)"
192.99.3.137 - - [12/Jan/2023:17:59:13 +0100] "GET /bee-money-box-p-52252.html HTTP/1.0" 301 76555 "-" "Mozilla/5.0 (compatible; MJ12bot/v1.4.8; http://mj12bot.com/)"
192.99.3.137 - - [12/Jan/2023:17:59:16 +0100] "GET /money-p-52252.html HTTP/1.0" 200 76483 "-" "Mozilla/5.0 (compatible; MJ12bot/v1.4.8; http://mj12bot.com/)"
192.99.3.137 - - [12/Jan/2023:17:59:20 +0100] "GET /beer-metal-tray-p-45797.html HTTP/1.0" 301 73054 "-" "Mozilla/5.0 (compatible; MJ12bot/v1.4.8; http://mj12bot.com/)"
192.99.3.137 - - [12/Jan/2023:17:59:24 +0100] "GET /-p-45797.html HTTP/1.0" 200 72987 "-" "Mozilla/5.0 (compatible; MJ12bot/v1.4.8; http://mj12bot.com/)"
192.99.3.137 - - [12/Jan/2023:17:59:28 +0100] "GET /beer-wine-stopper-collector-p-55556.html HTTP/1.0" 200 76660 "-" "Mozilla/5.0 (compatible; MJ12bot/v1.4.8; http://mj12bot.com/)"
192.99.3.137 - - [12/Jan/2023:17:59:31 +0100] "GET /beige-eyelet-curtain-p-39036.html HTTP/1.0" 200 77853 "-" "Mozilla/5.0 (compatible; MJ12bot/v1.4.8; http://mj12bot.com/)"
192.99.3.137 - - [12/Jan/2023:17:59:35 +0100] "GET /bella-candy-cloud-keychain-p-49756.html HTTP/1.0" 200 75659 "-" "Mozilla/5.0 (compatible; MJ12bot/v1.4.8; http://mj12bot.com/)"
185.191.171.21 - - [12/Jan/2023:17:59:38 +0100] "GET /-p-1561.html HTTP/1.0" 200 72985 "-" "Mozilla/5.0 (compatible; SemrushBot/7~bl; +http://www.semrush.com/bot.html)"
