185.191.171.43 - - [12/Jan/2023:12:19:43 +0100] "GET /-p-36869.html HTTP/1.0" 200 72987 "-" "Mozilla/5.0 (compatible; SemrushBot/7~bl; +http://www.semrush.com/bot.html)"
114.119.156.233 - - [12/Jan/2023:12:19:51 +0100] "GET /bob-marley-yellow-alarm-clock-p-14119.html HTTP/1.0" 301 75799 "http://www.wonder-geek.com/home-and-decoration-c-13.html?page=60" "Mozilla/5.0 (Linux; Android 7.0;) AppleWebKit/537.36 (KHTML, like Gecko) Mobile Safari/537.36 (compatible; PetalBot;+https://webmaster.petalsearch.com/site/petalbot)"
114.119.156.233 - - [12/Jan/2023:12:19:57 +0100] "GET /marley-yellow-alarm-clock-p-14119.html HTTP/1.0" 200 75707 "http://www.wonder-geek.com/home-and-decoration-c-13.html?page=60" "Mozilla/5.0 (Linux; Android 7.0;) AppleWebKit/537.36 (KHTML, like Gecko) Mobile Safari/537.36 (compatible; PetalBot;+https://webmaster.petalsearch.com/site/petalbot)"
185.191.171.43 - - [12/Jan/2023:12:20:25 +0100] "GET /robots.txt HTTP/1.0" 200 245 "-" "Mozilla/5.0 (compatible; SemrushBot/7~bl; +http://www.semrush.com/bot.html)"
185.191.171.18 - - [12/Jan/2023:12:20:26 +0100] "GET /little-prince-exupry-rose-p-53858.html HTTP/1.0" 200 76690 "-" "Mozilla/5.0 (compatible; SemrushBot/7~bl; +http://www.semrush.com/bot.html)"
66.249.66.212 - - [12/Jan/2023:12:20:43 +0100] "GET /images/big_prod/8433833240121.jpg HTTP/1.0" 200 268 "-" "Googlebot-Image/1.0"
185.191.171.23 - - [12/Jan/2023:12:20:45 +0100] "GET /manta-white-porcelain-bowl-p-56499.html HTTP/1.0" 200 75631 "-" "Mozilla/5.0 (compatible; SemrushBot/7~bl; +http://www.semrush.com/bot.html)"
66.249.66.210 - - [12/Jan/2023:12:20:53 +0100] "GET /images/3281641276390.jpg HTTP/1.0" 200 259 "-" "Googlebot-Image/1.0"
185.191.171.7 - - [12/Jan/2023:12:20:53 +0100] "GET /bath-c-267.html HTTP/1.0" 200 83770 "-" "Mozilla/5.0 (compatible; SemrushBot/7~bl; +http://www.semrush.com/bot.html)"
114.119.154.59 - - [12/Jan/2023:12:20:55 +0100] "GET /large-bamboo-lamp-p-54587.html HTTP/1.0" 301 73054 "http://www.wonder-geek.com/lighting-c-13_86.html?page=33" "Mozilla/5.0 (Linux; Android 7.0;) AppleWebKit/537.36 (KHTML, like Gecko) Mobile Safari/537.36 (compatible; PetalBot;+https://webmaster.petalsearch.com/site/petalbot)"
114.119.154.59 - - [12/Jan/2023:12:20:57 +0100] "GET /-p-54587.html HTTP/1.0" 200 72987 "http://www.wonder-geek.com/lighting-c-13_86.html?page=33" "Mozilla/5.0 (Linux; Android 7.0;) AppleWebKit/537.36 (KHTML, like Gecko) Mobile Safari/537.36 (compatible; PetalBot;+https://webmaster.petalsearch.com/site/petalbot)"
185.191.171.24 - - [12/Jan/2023:12:20:59 +0100] "GET /vase-soliflore-c-13_232.html?page=6 HTTP/1.0" 200 89116 "-" "Mozilla/5.0 (compatible; SemrushBot/7~bl; +http://www.semrush.com/bot.html)"
185.191.171.19 - - [12/Jan/2023:12:21:29 +0100] "GET /your-party-small-glass-cups-michelle-allen-designs-p-36961.html HTTP/1.0" 200 76108 "-" "Mozilla/5.0 (compatible; SemrushBot/7~bl; +http://www.semrush.com/bot.html)"
207.46.13.86 - - [12/Jan/2023:12:21:29 +0100] "GET /bracelets-c-3_200.html?page=2 HTTP/1.0" 200 93989 "-" "Mozilla/5.0 AppleWebKit/537.36 (KHTML, like Gecko; compatible; bingbot/2.0; +http://www.bing.com/bingbot.htm) Chrome/103.0.5060.134 Safari/537.36"
185.191.171.12 - - [12/Jan/2023:12:21:38 +0100] "GET /wooden-hanging-tree-decoration-p-58753.html HTTP/1.0" 200 76387 "-" "Mozilla/5.0 (compatible; SemrushBot/7~bl; +http://www.semrush.com/bot.html)"
185.191.171.3 - - [12/Jan/2023:12:21:48 +0100] "GET /-p-52703.html HTTP/1.0" 200 72987 "-" "Mozilla/5.0 (compatible; SemrushBot/7~bl; +http://www.semrush.com/bot.html)"
185.191.171.25 - - [12/Jan/2023:12:21:52 +0100] "GET /pets-rock-brothers-p-15956.html HTTP/1.0" 200 73057 "-" "Mozilla/5.0 (compatible; SemrushBot/7~bl; +http://www.semrush.com/bot.html)"
66.249.66.214 - - [12/Jan/2023:12:21:53 +0100] "GET /boho-wooden-frame-buffalo-skull-p-41822.html HTTP/1.0" 200 75787 "-" "Mozilla/5.0 (Linux; Android 6.0.1; Nexus 5X Build/MMB29P) AppleWebKit/537.36 (KHTML, like Gecko) Chrome/107.0.5304.115 Mobile Safari/537.36 (compatible; Googlebot/2.1; +http://www.google.com/bot.html)"
185.191.171.20 - - [12/Jan/2023:12:21:55 +0100] "GET /frozen-disney-white-pencil-p-37025.html HTTP/1.0" 200 73089 "-" "Mozilla/5.0 (compatible; SemrushBot/7~bl; +http://www.semrush.com/bot.html)"
185.191.171.40 - - [12/Jan/2023:12:22:02 +0100] "GET /little-geisha-p-50775.html HTTP/1.0" 200 76620 "-" "Mozilla/5.0 (compatible; SemrushBot/7~bl; +http://www.semrush.com/bot.html)"
185.191.171.37 - - [12/Jan/2023:12:23:08 +0100] "GET /-p-27308.html HTTP/1.0" 200 72987 "-" "Mozilla/5.0 (compatible; SemrushBot/7~bl; +http://www.semrush.com/bot.html)"
185.191.171.15 - - [12/Jan/2023:12:24:36 +0100] "GET /dishes-c-13_12.html?page=104 HTTP/1.0" 200 94867 "-" "Mozilla/5.0 (compatible; SemrushBot/7~bl; +http://www.semrush.com/bot.html)"
185.191.171.14 - - [12/Jan/2023:12:25:22 +0100] "GET /white-gold-wood-p-55745.html HTTP/1.0" 200 73061 "-" "Mozilla/5.0 (compatible; SemrushBot/7~bl; +http://www.semrush.com/bot.html)"
66.249.66.212 - - [12/Jan/2023:12:25:47 +0100] "GET /lola-candy-cloud-keychain-p-49755.html HTTP/1.0" 200 75654 "-" "Mozilla/5.0 (Linux; Android 6.0.1; Nexus 5X Build/MMB29P) AppleWebKit/537.36 (KHTML, like Gecko) Chrome/107.0.5304.115 Mobile Safari/537.36 (compatible; Googlebot/2.1; +http://www.google.com/bot.html)"
185.191.171.4 - - [12/Jan/2023:12:25:54 +0100] "GET /large-elephant-lamp-p-51098.html HTTP/1.0" 200 75704 "-" "Mozilla/5.0 (compatible; SemrushBot/7~bl; +http://www.semrush.com/bot.html)"
185.191.171.13 - - [12/Jan/2023:12:26:40 +0100] "GET /hourglass-retro-brass-glass-p-48945.html HTTP/1.0" 200 73109 "-" "Mozilla/5.0 (compatible; SemrushBot/7~bl; +http://www.semrush.com/bot.html)"
66.249.66.210 - - [12/Jan/2023:12:26:49 +0100] "GET /waltz-statue-camille-claudel-p-55512.html HTTP/1.0" 200 76692 "-" "Mozilla/5.0 (Linux; Android 6.0.1; Nexus 5X Build/MMB29P) AppleWebKit/537.36 (KHTML, like Gecko) Chrome/107.0.5304.115 Mobile Safari/537.36 (compatible; Googlebot/2.1; +http://www.google.com/bot.html)"
185.191.171.22 - - [12/Jan/2023:12:27:26 +0100] "GET /armillary-globe-decoration-p-53924.html HTTP/1.0" 200 75707 "-" "Mozilla/5.0 (compatible; SemrushBot/7~bl; +http://www.semrush.com/bot.html)"
35.226.161.112 - - [12/Jan/2023:12:27:35 +0100] "GET /images/big_prod_1/b5018997627761.jpg HTTP/1.0" 200 271 "-" "Mozilla/5.0 (X11; Ubuntu; Linux x86_64; rv:72.0) Gecko/20100101 Firefox/72.0"
185.191.171.44 - - [12/Jan/2023:12:28:07 +0100] "GET /mode-cocooning-water-bottle-p-56133.html HTTP/1.0" 200 73099 "-" "Mozilla/5.0 (compatible; SemrushBot/7~bl; +http://www.semrush.com/bot.html)"
185.191.171.40 - - [12/Jan/2023:12:28:14 +0100] "GET /zodiac-sign-training-bottle-cbkreation-p-43341.html HTTP/1.0" 200 76035 "-" "Mozilla/5.0 (compatible; SemrushBot/7~bl; +http://www.semrush.com/bot.html)"
185.191.171.6 - - [12/Jan/2023:12:28:55 +0100] "GET /egyptian-king-statue-polyresin-p-40357.html HTTP/1.0" 200 73109 "-" "Mozilla/5.0 (compatible; SemrushBot/7~bl; +http://www.semrush.com/bot.html)"
185.191.171.42 - - [12/Jan/2023:12:28:59 +0100] "GET /-p-32829.html HTTP/1.0" 200 72987 "-" "Mozilla/5.0 (compatible; SemrushBot/7~bl; +http://www.semrush.com/bot.html)"
185.191.171.9 - - [12/Jan/2023:12:29:34 +0100] "GET /votive-candle-rose-p-42630.html HTTP/1.0" 200 73086 "-" "Mozilla/5.0 (compatible; SemrushBot/7~bl; +http://www.semrush.com/bot.html)"
185.191.171.4 - - [12/Jan/2023:12:29:38 +0100] "GET /infuser-rest-c-12_247.html?page=1 HTTP/1.0" 200 92289 "-" "Mozilla/5.0 (compatible; SemrushBot/7~bl; +http://www.semrush.com/bot.html)"
66.249.66.210 - - [12/Jan/2023:12:29:40 +0100] "GET /fiers-etre-marseillais-sweatsuit-p-29990.html HTTP/1.0" 200 77076 "-" "Mozilla/5.0 (Linux; Android 6.0.1; Nexus 5X Build/MMB29P) AppleWebKit/537.36 (KHTML, like Gecko) Chrome/107.0.5304.115 Mobile Safari/537.36 (compatible; Googlebot/2.1; +http://www.google.com/bot.html)"
185.191.171.7 - - [12/Jan/2023:12:29:59 +0100] "GET /-p-44931.html HTTP/1.0" 200 72987 "-" "Mozilla/5.0 (compatible; SemrushBot/7~bl; +http://www.semrush.com/bot.html)"
185.191.171.14 - - [12/Jan/2023:12:30:05 +0100] "GET /-p-42935.html HTTP/1.0" 200 72987 "-" "Mozilla/5.0 (compatible; SemrushBot/7~bl; +http://www.semrush.com/bot.html)"
66.249.66.212 - - [12/Jan/2023:12:30:06 +0100] "GET /stop-sign-metal-plate-deco-p-35654.html HTTP/1.0" 200 75667 "-" "Mozilla/5.0 (Linux; Android 6.0.1; Nexus 5X Build/MMB29P) AppleWebKit/537.36 (KHTML, like Gecko) Chrome/109.0.5414.74 Mobile Safari/537.36 (compatible; Googlebot/2.1; +http://www.google.com/bot.html)"
66.249.66.210 - - [12/Jan/2023:12:30:10 +0100] "GET /images/big_prod/3453131151979.jpg HTTP/1.0" 200 268 "-" "Googlebot-Image/1.0"
66.249.66.210 - - [12/Jan/2023:12:30:32 +0100] "GET /images/big_prod/3565750263770.jpg HTTP/1.0" 200 268 "-" "Googlebot-Image/1.0"
147.92.153.1 - - [12/Jan/2023:12:30:44 +0100] "GET /images/big_prod/3665269184693.jpg HTTP/1.0" 200 268 "-" "Mozilla/5.0 (compatible; Linespider/1.1; +https://lin.ee/4dwXkTH)"
66.249.66.210 - - [12/Jan/2023:12:31:08 +0100] "GET /images/big_prod/8422024204035.jpg HTTP/1.0" 200 268 "-" "Googlebot-Image/1.0"
185.191.171.42 - - [12/Jan/2023:12:31:50 +0100] "GET /gold-black-giraffe-table-lamp-p-54684.html HTTP/1.0" 200 73101 "-" "Mozilla/5.0 (compatible; SemrushBot/7~bl; +http://www.semrush.com/bot.html)"
49.7.20.122 - - [12/Jan/2023:12:32:03 +0100] "GET / HTTP/1.0" 200 98034 "-" "Sogou web spider/4.0(+http://www.sogou.com/docs/help/webmasters.htm#07)"
185.191.171.40 - - [12/Jan/2023:12:32:08 +0100] "GET /amys-flamingo-p-59027.html HTTP/1.0" 200 76188 "-" "Mozilla/5.0 (compatible; SemrushBot/7~bl; +http://www.semrush.com/bot.html)"
185.191.171.42 - - [12/Jan/2023:12:32:12 +0100] "GET /large-candle-guardian-angel-p-51067.html HTTP/1.0" 200 73097 "-" "Mozilla/5.0 (compatible; SemrushBot/7~bl; +http://www.semrush.com/bot.html)"
185.191.171.2 - - [12/Jan/2023:12:32:30 +0100] "GET /crayola-mini-markers-washable-p-16590.html HTTP/1.0" 200 73113 "-" "Mozilla/5.0 (compatible; SemrushBot/7~bl; +http://www.semrush.com/bot.html)"
185.191.171.8 - - [12/Jan/2023:12:32:57 +0100] "GET /-p-14675.html HTTP/1.0" 200 72987 "-" "Mozilla/5.0 (compatible; SemrushBot/7~bl; +http://www.semrush.com/bot.html)"
185.191.171.10 - - [12/Jan/2023:12:33:00 +0100] "GET /gaston-potholder-p-52680.html HTTP/1.0" 200 73041 "-" "Mozilla/5.0 (compatible; SemrushBot/7~bl; +http://www.semrush.com/bot.html)"
185.191.171.33 - - [12/Jan/2023:12:33:24 +0100] "GET /salad-bowl-bowls-bamboo-cutlery-p-47785.html HTTP/1.0" 200 73157 "-" "Mozilla/5.0 (compatible; SemrushBot/7~bl; +http://www.semrush.com/bot.html)"
114.119.141.116 - - [12/Jan/2023:12:33:30 +0100] "GET /images/big_prod/8422041015768b.jpg HTTP/1.0" 200 269 "http://www.wonder-geek.com/jakarta-yellow-carpet-p-48421.html" "Mozilla/5.0 (Linux; Android 7.0;) AppleWebKit/537.36 (KHTML, like Gecko) Mobile Safari/537.36 (compatible; PetalBot;+https://webmaster.petalsearch.com/site/petalbot)"
66.249.66.210 - - [12/Jan/2023:12:33:34 +0100] "GET /gund-plush-prince-p-44584.html HTTP/1.0" 200 73051 "-" "Mozilla/5.0 (Linux; Android 6.0.1; Nexus 5X Build/MMB29P) AppleWebKit/537.36 (KHTML, like Gecko) Chrome/107.0.5304.115 Mobile Safari/537.36 (compatible; Googlebot/2.1; +http://www.google.com/bot.html)"
51.68.224.127 - - [12/Jan/2023:12:33:36 +0100] "GET /adminweb/export_orders_xml.php?token=256de2z6edz6ed2z6DFSFsed2zed6zeDSFDSGdzedezfzf&maxorders=10&orderstart=1&status=14&start_date=2018-10-01 HTTP/1.0" 200 285 "-" "GesCom CharlotteBoutik Serveur"
51.68.224.127 - - [12/Jan/2023:12:33:36 +0100] "GET /adminweb/export_orders_xml.php?token=256de2z6edz6ed2z6DFSFsed2zed6zeDSFDSGdzedezfzf&maxorders=10&orderstart=1&status=6&start_date=2018-10-01 HTTP/1.0" 200 34006 "-" "GesCom CharlotteBoutik Serveur"
185.191.171.18 - - [12/Jan/2023:12:33:37 +0100] "GET /bolster-case-green-p-43668.html HTTP/1.0" 200 73061 "-" "Mozilla/5.0 (compatible; SemrushBot/7~bl; +http://www.semrush.com/bot.html)"
144.172.118.4 - - [12/Jan/2023:12:33:47 +0100] "GET /contact_us.php HTTP/1.0" 301 539 "http://wonder-geek.com/contact_us.php" "Mozilla/5.0 (Windows NT 10.0) AppleWebKit/537.36 (KHTML, like Gecko) Chrome/90.0.4430.85 Safari/537.36 Edg/90.0.818.46"
144.172.118.4 - - [12/Jan/2023:12:33:48 +0100] "GET /contact_us.php HTTP/1.0" 200 26238 "http://www.wonder-geek.com/contact_us.php" "Mozilla/5.0 (Windows NT 10.0) AppleWebKit/537.36 (KHTML, like Gecko) Chrome/90.0.4430.85 Safari/537.36 Edg/90.0.818.46"
119.8.242.230 - - [12/Jan/2023:12:33:48 +0100] "GET /images/big_prod_1/b3660173196275.jpg HTTP/1.0" 200 271 "-" "Mozilla/5.0 (X11; Ubuntu; Linux x86_64; rv:72.0) Gecko/20100101 Firefox/72.0"
144.172.118.4 - - [12/Jan/2023:12:33:50 +0100] "POST /contact_us.php?action=send HTTP/1.0" 200 26659 "http://www.wonder-geek.com/contact_us.php" "Mozilla/5.0 (Windows NT 10.0) AppleWebKit/537.36 (KHTML, like Gecko) Chrome/90.0.4430.85 Safari/537.36 Edg/90.0.818.46"
185.191.171.35 - - [12/Jan/2023:12:33:50 +0100] "GET /-p-51412.html HTTP/1.0" 200 72987 "-" "Mozilla/5.0 (compatible; SemrushBot/7~bl; +http://www.semrush.com/bot.html)"
144.172.118.4 - - [12/Jan/2023:12:33:51 +0100] "GET /contact_us.php HTTP/1.0" 200 26238 "http://www.wonder-geek.com/contact_us.php" "Mozilla/5.0 (Windows NT 10.0) AppleWebKit/537.36 (KHTML, like Gecko) Chrome/90.0.4430.85 Safari/537.36 Edg/90.0.818.46"
216.244.66.242 - - [12/Jan/2023:12:33:58 +0100] "GET /robots.txt HTTP/1.0" 200 245 "-" "Mozilla/5.0 (compatible; DotBot/1.2; +https://opensiteexplorer.org/dotbot; help@moz.com)"
185.191.171.39 - - [12/Jan/2023:12:34:03 +0100] "GET /wooden-coat-rack-elephants-supports-p-48953.html HTTP/1.0" 200 73121 "-" "Mozilla/5.0 (compatible; SemrushBot/7~bl; +http://www.semrush.com/bot.html)"
185.191.171.7 - - [12/Jan/2023:12:34:20 +0100] "GET /angel-heavenly-prayer-small-p-34200.html HTTP/1.0" 200 73093 "-" "Mozilla/5.0 (compatible; SemrushBot/7~bl; +http://www.semrush.com/bot.html)"
185.191.171.7 - - [12/Jan/2023:12:35:01 +0100] "GET /gift-infuser-flower-life-p-44395.html HTTP/1.0" 200 77070 "-" "Mozilla/5.0 (compatible; SemrushBot/7~bl; +http://www.semrush.com/bot.html)"
185.191.171.4 - - [12/Jan/2023:12:35:07 +0100] "GET /merci-gustave-mickey-p-34902.html HTTP/1.0" 200 75657 "-" "Mozilla/5.0 (compatible; SemrushBot/7~bl; +http://www.semrush.com/bot.html)"
185.191.171.13 - - [12/Jan/2023:12:36:07 +0100] "GET /little-purse-indian-spirit-grey-p-42939.html HTTP/1.0" 200 73113 "-" "Mozilla/5.0 (compatible; SemrushBot/7~bl; +http://www.semrush.com/bot.html)"
185.191.171.42 - - [12/Jan/2023:12:36:34 +0100] "GET /-p-29505.html HTTP/1.0" 200 72987 "-" "Mozilla/5.0 (compatible; SemrushBot/7~bl; +http://www.semrush.com/bot.html)"
185.191.171.25 - - [12/Jan/2023:12:36:37 +0100] "GET /jungle-shower-curtain-p-52461.html HTTP/1.0" 200 73095 "-" "Mozilla/5.0 (compatible; SemrushBot/7~bl; +http://www.semrush.com/bot.html)"
185.191.171.4 - - [12/Jan/2023:12:36:46 +0100] "GET /gorjuss-cards-supplied-with-envelope-p-48366.html HTTP/1.0" 200 75915 "-" "Mozilla/5.0 (compatible; SemrushBot/7~bl; +http://www.semrush.com/bot.html)"
185.191.171.11 - - [12/Jan/2023:12:37:03 +0100] "GET /boys-power-cbkreation-p-14990.html HTTP/1.0" 200 75626 "-" "Mozilla/5.0 (compatible; SemrushBot/7~bl; +http://www.semrush.com/bot.html)"
66.249.66.214 - - [12/Jan/2023:12:37:24 +0100] "GET /window-waterfall-wall-sticker-p-36149.html HTTP/1.0" 200 75691 "-" "Mozilla/5.0 (compatible; Googlebot/2.1; +http://www.google.com/bot.html)"
66.249.66.212 - - [12/Jan/2023:12:37:28 +0100] "GET /clock-feet-retro-gold-p-58819.html HTTP/1.0" 200 76354 "-" "Mozilla/5.0 (Linux; Android 6.0.1; Nexus 5X Build/MMB29P) AppleWebKit/537.36 (KHTML, like Gecko) Chrome/107.0.5304.115 Mobile Safari/537.36 (compatible; Googlebot/2.1; +http://www.google.com/bot.html)"
185.191.171.33 - - [12/Jan/2023:12:37:43 +0100] "GET /-p-49555.html HTTP/1.0" 200 72987 "-" "Mozilla/5.0 (compatible; SemrushBot/7~bl; +http://www.semrush.com/bot.html)"
185.191.171.4 - - [12/Jan/2023:12:37:46 +0100] "GET /bowl-love-pets-p-31697.html HTTP/1.0" 200 75600 "-" "Mozilla/5.0 (compatible; SemrushBot/7~bl; +http://www.semrush.com/bot.html)"
207.46.13.120 - - [12/Jan/2023:12:37:59 +0100] "GET /alarms-clocks-c-13_65.html?page=4 HTTP/1.0" 200 94701 "-" "Mozilla/5.0 (compatible; bingbot/2.0; +http://www.bing.com/bingbot.htm)"
185.191.171.19 - - [12/Jan/2023:12:38:06 +0100] "GET /flower-fairies-jewelry-p-53246.html HTTP/1.0" 200 76614 "-" "Mozilla/5.0 (compatible; SemrushBot/7~bl; +http://www.semrush.com/bot.html)"
44.211.143.222 - - [12/Jan/2023:12:38:29 +0100] "GET /images/mini_prod/3609810067066.jpg HTTP/1.0" 200 269 "-" "Mozilla/5.0 (X11; Ubuntu; Linux x86_64; rv:72.0) Gecko/20100101 Firefox/72.0"
185.191.171.42 - - [12/Jan/2023:12:38:29 +0100] "GET /-p-14661.html HTTP/1.0" 200 72987 "-" "Mozilla/5.0 (compatible; SemrushBot/7~bl; +http://www.semrush.com/bot.html)"
185.191.171.3 - - [12/Jan/2023:12:38:46 +0100] "GET /-p-18152.html HTTP/1.0" 200 72987 "-" "Mozilla/5.0 (compatible; SemrushBot/7~bl; +http://www.semrush.com/bot.html)"
185.191.171.36 - - [12/Jan/2023:12:38:49 +0100] "GET /-p-42288.html HTTP/1.0" 200 72987 "-" "Mozilla/5.0 (compatible; SemrushBot/7~bl; +http://www.semrush.com/bot.html)"
185.191.171.40 - - [12/Jan/2023:12:39:09 +0100] "GET /harley-davidson-metal-plate-p-23296.html HTTP/1.0" 200 75753 "-" "Mozilla/5.0 (compatible; SemrushBot/7~bl; +http://www.semrush.com/bot.html)"
114.119.137.190 - - [12/Jan/2023:12:39:30 +0100] "GET /robots.txt HTTP/1.0" 301 531 "-" "Mozilla/5.0 (compatible;PetalBot;+https://webmaster.petalsearch.com/site/petalbot)"
114.119.137.190 - - [12/Jan/2023:12:39:30 +0100] "GET /robots.txt HTTP/1.0" 200 245 "-" "Mozilla/5.0 (compatible;PetalBot;+https://webmaster.petalsearch.com/site/petalbot)"
207.46.13.183 - - [12/Jan/2023:12:39:45 +0100] "GET /images/mini_prod/8422011476100.jpg HTTP/1.0" 200 269 "-" "Mozilla/5.0 (compatible; bingbot/2.0; +http://www.bing.com/bingbot.htm)"
185.191.171.33 - - [12/Jan/2023:12:40:27 +0100] "GET /home-decoration-c-13.html?page=278 HTTP/1.0" 200 82723 "-" "Mozilla/5.0 (compatible; SemrushBot/7~bl; +http://www.semrush.com/bot.html)"
185.191.171.38 - - [12/Jan/2023:12:40:36 +0100] "GET /-p-52905.html HTTP/1.0" 200 72987 "-" "Mozilla/5.0 (compatible; SemrushBot/7~bl; +http://www.semrush.com/bot.html)"
66.249.66.212 - - [12/Jan/2023:12:41:22 +0100] "GET /cement-tile-stickers-blue-p-45003.html HTTP/1.0" 200 76601 "-" "Mozilla/5.0 (Linux; Android 6.0.1; Nexus 5X Build/MMB29P) AppleWebKit/537.36 (KHTML, like Gecko) Chrome/107.0.5304.115 Mobile Safari/537.36 (compatible; Googlebot/2.1; +http://www.google.com/bot.html)"
185.191.171.37 - - [12/Jan/2023:12:41:34 +0100] "GET /winchester-metal-plate-deco-p-45221.html HTTP/1.0" 200 75751 "-" "Mozilla/5.0 (compatible; SemrushBot/7~bl; +http://www.semrush.com/bot.html)"
185.191.171.26 - - [12/Jan/2023:12:42:02 +0100] "GET /flowers-ceramic-lamp-p-58734.html HTTP/1.0" 200 76848 "-" "Mozilla/5.0 (compatible; SemrushBot/7~bl; +http://www.semrush.com/bot.html)"
185.191.171.21 - - [12/Jan/2023:12:42:13 +0100] "GET /cellar-slicer-sausage-c-12_252.html HTTP/1.0" 200 84364 "-" "Mozilla/5.0 (compatible; SemrushBot/7~bl; +http://www.semrush.com/bot.html)"
185.191.171.4 - - [12/Jan/2023:12:42:28 +0100] "GET /suspension-monkey-with-cable-p-49304.html HTTP/1.0" 200 73117 "-" "Mozilla/5.0 (compatible; SemrushBot/7~bl; +http://www.semrush.com/bot.html)"
185.191.171.7 - - [12/Jan/2023:12:42:45 +0100] "GET /rare-rose-belle-deluxe-figurine-p-56588.html HTTP/1.0" 200 77292 "-" "Mozilla/5.0 (compatible; SemrushBot/7~bl; +http://www.semrush.com/bot.html)"
35.226.161.112 - - [12/Jan/2023:12:43:09 +0100] "GET /images/big_prod_2/c8719497610501.jpg HTTP/1.0" 200 271 "-" "Mozilla/5.0 (X11; Ubuntu; Linux x86_64; rv:72.0) Gecko/20100101 Firefox/72.0"
185.191.171.41 - - [12/Jan/2023:12:43:10 +0100] "GET /england-gift-family-p-57401.html HTTP/1.0" 200 77329 "-" "Mozilla/5.0 (compatible; SemrushBot/7~bl; +http://www.semrush.com/bot.html)"
185.191.171.7 - - [12/Jan/2023:12:43:27 +0100] "GET /melt-fresh-linen-p-39002.html HTTP/1.0" 200 76234 "-" "Mozilla/5.0 (compatible; SemrushBot/7~bl; +http://www.semrush.com/bot.html)"
93.158.161.30 - - [12/Jan/2023:12:43:30 +0100] "GET /robots.txt HTTP/1.0" 200 245 "-" "Mozilla/5.0 (compatible; YandexBot/3.0; +http://yandex.com/bots)"
93.158.161.30 - - [12/Jan/2023:12:43:34 +0100] "GET /american-green-p-33081.html HTTP/1.0" 200 75623 "-" "Mozilla/5.0 (compatible; YandexBot/3.0; +http://yandex.com/bots)"
185.191.171.15 - - [12/Jan/2023:12:43:50 +0100] "GET /-p-14059.html HTTP/1.0" 200 72987 "-" "Mozilla/5.0 (compatible; SemrushBot/7~bl; +http://www.semrush.com/bot.html)"
185.191.171.4 - - [12/Jan/2023:12:43:54 +0100] "GET /-p-23123.html HTTP/1.0" 200 72987 "-" "Mozilla/5.0 (compatible; SemrushBot/7~bl; +http://www.semrush.com/bot.html)"
185.191.171.41 - - [12/Jan/2023:12:43:57 +0100] "GET /rabab-porcelain-bowl-p-47863.html HTTP/1.0" 200 75593 "-" "Mozilla/5.0 (compatible; SemrushBot/7~bl; +http://www.semrush.com/bot.html)"
185.191.171.13 - - [12/Jan/2023:12:44:13 +0100] "GET /-p-48126.html HTTP/1.0" 200 72987 "-" "Mozilla/5.0 (compatible; SemrushBot/7~bl; +http://www.semrush.com/bot.html)"
185.191.171.8 - - [12/Jan/2023:12:44:32 +0100] "GET /ceramic-salt-aderne-p-47877.html HTTP/1.0" 200 73047 "-" "Mozilla/5.0 (compatible; SemrushBot/7~bl; +http://www.semrush.com/bot.html)"
185.191.171.7 - - [12/Jan/2023:12:44:35 +0100] "GET /-p-18631.html HTTP/1.0" 200 72987 "-" "Mozilla/5.0 (compatible; SemrushBot/7~bl; +http://www.semrush.com/bot.html)"
185.191.171.7 - - [12/Jan/2023:12:44:38 +0100] "GET /skull-steampunk-moneybox-p-42869.html HTTP/1.0" 200 73098 "-" "Mozilla/5.0 (compatible; SemrushBot/7~bl; +http://www.semrush.com/bot.html)"
23.100.232.233 - - [12/Jan/2023:12:45:03 +0100] "GET /luggages-schoolbags-leather-shop/suitcaselittle-suitcase-trolley/spiderman-suitcase-p-20872.html HTTP/1.0" 301 703 "-" "Mozilla/5.0 (compatible; MSIE 9.0; Windows NT 6.0; Trident/5.0;  Trident/5.0)"
23.100.232.233 - - [12/Jan/2023:12:45:04 +0100] "GET /luggages-schoolbags-leather-shop/suitcaselittle-suitcase-trolley/spiderman-suitcase-p-20872.html HTTP/1.0" 301 73054 "-" "Mozilla/5.0 (compatible; MSIE 9.0; Windows NT 6.0; Trident/5.0;  Trident/5.0)"
23.100.232.233 - - [12/Jan/2023:12:45:05 +0100] "GET /-p-20872.html HTTP/1.0" 200 72987 "-" "Mozilla/5.0 (compatible; MSIE 9.0; Windows NT 6.0; Trident/5.0;  Trident/5.0)"
23.100.232.233 - - [12/Jan/2023:12:45:08 +0100] "GET /templates/Pixame_v1/stylesheet.css HTTP/1.0" 200 267 "http://www.wonder-geek.com/-p-20872.html" "Mozilla/5.0 (compatible; MSIE 9.0; Windows NT 6.0; Trident/5.0;  Trident/5.0)"
23.100.232.233 - - [12/Jan/2023:12:45:08 +0100] "GET /highslide/highslide.js HTTP/1.0" 200 262 "http://www.wonder-geek.com/-p-20872.html" "Mozilla/5.0 (compatible; MSIE 9.0; Windows NT 6.0; Trident/5.0;  Trident/5.0)"
23.100.232.233 - - [12/Jan/2023:12:45:08 +0100] "GET /js/jquery.js HTTP/1.0" 200 252 "http://www.wonder-geek.com/-p-20872.html" "Mozilla/5.0 (compatible; MSIE 9.0; Windows NT 6.0; Trident/5.0;  Trident/5.0)"
23.100.232.233 - - [12/Jan/2023:12:45:08 +0100] "GET /js/jquery.jqzoom.js HTTP/1.0" 200 259 "http://www.wonder-geek.com/-p-20872.html" "Mozilla/5.0 (compatible; MSIE 9.0; Windows NT 6.0; Trident/5.0;  Trident/5.0)"
23.100.232.233 - - [12/Jan/2023:12:45:09 +0100] "GET /swfobject.js HTTP/1.0" 404 1308 "http://www.wonder-geek.com/-p-20872.html" "Mozilla/5.0 (compatible; MSIE 9.0; Windows NT 6.0; Trident/5.0;  Trident/5.0)"
23.100.232.233 - - [12/Jan/2023:12:45:09 +0100] "GET /style.ie7.css HTTP/1.0" 404 1308 "http://www.wonder-geek.com/-p-20872.html" "Mozilla/5.0 (compatible; MSIE 9.0; Windows NT 6.0; Trident/5.0;  Trident/5.0)"
23.100.232.233 - - [12/Jan/2023:12:45:09 +0100] "GET /mondial_relay/js/jquery-1.3.2.min.js HTTP/1.0" 200 276 "http://www.wonder-geek.com/-p-20872.html" "Mozilla/5.0 (compatible; MSIE 9.0; Windows NT 6.0; Trident/5.0;  Trident/5.0)"
23.100.232.233 - - [12/Jan/2023:12:45:11 +0100] "GET /templates/Pixame_v1/images/flash.swf HTTP/1.0" 200 290 "http://www.wonder-geek.com/-p-20872.html" "Mozilla/5.0 (compatible; MSIE 9.0; Windows NT 6.0; Trident/5.0;  Trident/5.0)"
23.100.232.233 - - [12/Jan/2023:12:45:11 +0100] "GET /highslide/graphics/zoomout.cur HTTP/1.0" 200 614 "http://www.wonder-geek.com/-p-20872.html" "Mozilla/5.0 (compatible; MSIE 9.0; Windows NT 6.0; Trident/5.0;  Trident/5.0)"
66.249.66.214 - - [12/Jan/2023:12:45:15 +0100] "GET /plastic-glass-p-17153.html HTTP/1.0" 200 75744 "-" "Mozilla/5.0 (Linux; Android 6.0.1; Nexus 5X Build/MMB29P) AppleWebKit/537.36 (KHTML, like Gecko) Chrome/107.0.5304.115 Mobile Safari/537.36 (compatible; Googlebot/2.1; +http://www.google.com/bot.html)"
185.191.171.40 - - [12/Jan/2023:12:45:20 +0100] "GET /-p-18459.html HTTP/1.0" 200 72987 "-" "Mozilla/5.0 (compatible; SemrushBot/7~bl; +http://www.semrush.com/bot.html)"
185.191.171.23 - - [12/Jan/2023:12:45:50 +0100] "GET /heron-lamp-resin-p-56447.html HTTP/1.0" 200 76720 "-" "Mozilla/5.0 (compatible; SemrushBot/7~bl; +http://www.semrush.com/bot.html)"
216.244.66.242 - - [12/Jan/2023:12:45:55 +0100] "GET /curtain-panel-with-eyelets-linen-p-49365.html HTTP/1.0" 200 78587 "-" "Mozilla/5.0 (compatible; DotBot/1.2; +https://opensiteexplorer.org/dotbot; help@moz.com)"
216.244.66.242 - - [12/Jan/2023:12:46:02 +0100] "GET /maisy-melamine-plate-p-15249.html HTTP/1.0" 200 75722 "-" "Mozilla/5.0 (compatible; DotBot/1.2; +https://opensiteexplorer.org/dotbot; help@moz.com)"
216.244.66.242 - - [12/Jan/2023:12:46:09 +0100] "GET /pink-lamp-spirit-charger-p-40380.html HTTP/1.0" 200 75833 "-" "Mozilla/5.0 (compatible; DotBot/1.2; +https://opensiteexplorer.org/dotbot; help@moz.com)"
216.244.66.242 - - [12/Jan/2023:12:46:23 +0100] "GET /strawberry-shortcake-swimsuit-pareo-p-30287.html HTTP/1.0" 200 76891 "-" "Mozilla/5.0 (compatible; DotBot/1.2; +https://opensiteexplorer.org/dotbot; help@moz.com)"
185.191.171.45 - - [12/Jan/2023:12:46:24 +0100] "GET /pars-week-pencil-case-p-20207.html HTTP/1.0" 200 75659 "-" "Mozilla/5.0 (compatible; SemrushBot/7~bl; +http://www.semrush.com/bot.html)"
185.191.171.10 - - [12/Jan/2023:12:46:28 +0100] "GET /salt-boxes-jars-c-12_223.html?page=1 HTTP/1.0" 200 92686 "-" "Mozilla/5.0 (compatible; SemrushBot/7~bl; +http://www.semrush.com/bot.html)"
185.191.171.1 - - [12/Jan/2023:12:46:32 +0100] "GET /luggages-schoolbags-leather-shop-c-31.html?page=4 HTTP/1.0" 200 94739 "-" "Mozilla/5.0 (compatible; SemrushBot/7~bl; +http://www.semrush.com/bot.html)"
185.191.171.1 - - [12/Jan/2023:12:46:37 +0100] "GET /mtal-small-baby-teeth-p-50821.html HTTP/1.0" 200 75781 "-" "Mozilla/5.0 (compatible; SemrushBot/7~bl; +http://www.semrush.com/bot.html)"
185.191.171.45 - - [12/Jan/2023:12:46:52 +0100] "GET /nightmare-before-xmas-mayor-p-49394.html HTTP/1.0" 200 77019 "-" "Mozilla/5.0 (compatible; SemrushBot/7~bl; +http://www.semrush.com/bot.html)"
216.244.66.242 - - [12/Jan/2023:12:46:52 +0100] "GET /fashioned-ceramic-espresso-blue-p-41676.html HTTP/1.0" 200 75739 "-" "Mozilla/5.0 (compatible; DotBot/1.2; +https://opensiteexplorer.org/dotbot; help@moz.com)"
185.191.171.39 - - [12/Jan/2023:12:46:55 +0100] "GET /candle-hours-beige-p-42094.html HTTP/1.0" 200 75755 "-" "Mozilla/5.0 (compatible; SemrushBot/7~bl; +http://www.semrush.com/bot.html)"
216.244.66.242 - - [12/Jan/2023:12:47:09 +0100] "GET /spongebob-small-oval-placemat-p-17139.html HTTP/1.0" 200 75886 "-" "Mozilla/5.0 (compatible; DotBot/1.2; +https://opensiteexplorer.org/dotbot; help@moz.com)"
185.191.171.17 - - [12/Jan/2023:12:47:24 +0100] "GET /mickey-figure-collection-romano-britto-p-23114.html HTTP/1.0" 200 76530 "-" "Mozilla/5.0 (compatible; SemrushBot/7~bl; +http://www.semrush.com/bot.html)"
207.46.13.177 - - [12/Jan/2023:12:48:03 +0100] "GET /images/big_prod_3/e4542202653760.jpg HTTP/1.0" 200 271 "-" "Mozilla/5.0 AppleWebKit/537.36 (KHTML, like Gecko; compatible; bingbot/2.0; +http://www.bing.com/bingbot.htm) Chrome/103.0.5060.134 Safari/537.36"
66.249.66.210 - - [12/Jan/2023:12:48:06 +0100] "GET /images/big_prod_1/4260082937960B.jpg HTTP/1.0" 200 271 "-" "Googlebot-Image/1.0"
185.191.171.19 - - [12/Jan/2023:12:48:12 +0100] "GET /gift-wood-towels-p-52067.html HTTP/1.0" 200 73109 "-" "Mozilla/5.0 (compatible; SemrushBot/7~bl; +http://www.semrush.com/bot.html)"
66.249.66.210 - - [12/Jan/2023:12:48:16 +0100] "GET /images/big_prod/3700516221759.jpg HTTP/1.0" 200 268 "-" "Googlebot-Image/1.0"
185.191.171.19 - - [12/Jan/2023:12:48:20 +0100] "GET /ceramic-lamp-p-52280.html HTTP/1.0" 200 76436 "-" "Mozilla/5.0 (compatible; SemrushBot/7~bl; +http://www.semrush.com/bot.html)"
185.191.171.40 - - [12/Jan/2023:12:48:34 +0100] "GET /little-buddha-collection-blue-p-46056.html HTTP/1.0" 200 73120 "-" "Mozilla/5.0 (compatible; SemrushBot/7~bl; +http://www.semrush.com/bot.html)"
185.191.171.39 - - [12/Jan/2023:12:48:39 +0100] "GET /specials.php?page=25 HTTP/1.0" 200 121956 "-" "Mozilla/5.0 (compatible; SemrushBot/7~bl; +http://www.semrush.com/bot.html)"
66.249.66.210 - - [12/Jan/2023:12:49:09 +0100] "GET /blue-flowerpot-p-54301.html HTTP/1.0" 200 76174 "-" "Mozilla/5.0 (Linux; Android 6.0.1; Nexus 5X Build/MMB29P) AppleWebKit/537.36 (KHTML, like Gecko) Chrome/107.0.5304.115 Mobile Safari/537.36 (compatible; Googlebot/2.1; +http://www.google.com/bot.html)"
185.191.171.15 - - [12/Jan/2023:12:49:21 +0100] "GET /simpsons-shirt-p-29593.html HTTP/1.0" 200 77003 "-" "Mozilla/5.0 (compatible; SemrushBot/7~bl; +http://www.semrush.com/bot.html)"
185.191.171.7 - - [12/Jan/2023:12:49:41 +0100] "GET /unicorn-nightlight-blue-p-55362.html HTTP/1.0" 200 77078 "-" "Mozilla/5.0 (compatible; SemrushBot/7~bl; +http://www.semrush.com/bot.html)"
185.191.171.39 - - [12/Jan/2023:12:49:52 +0100] "GET /incense-burner-sticks-cones-sandstone-flower-life-p-48357.html HTTP/1.0" 200 76594 "-" "Mozilla/5.0 (compatible; SemrushBot/7~bl; +http://www.semrush.com/bot.html)"
51.68.224.127 - - [12/Jan/2023:12:50:03 +0100] "GET /adminweb/export_orders_xml.php?token=256de2z6edz6ed2z6DFSFsed2zed6zeDSFDSGdzedezfzf&maxorders=10&orderstart=1&status=14&start_date=2018-10-01 HTTP/1.0" 200 285 "-" "GesCom CharlotteBoutik Serveur"
51.68.224.127 - - [12/Jan/2023:12:50:03 +0100] "GET /adminweb/export_orders_xml.php?token=256de2z6edz6ed2z6DFSFsed2zed6zeDSFDSGdzedezfzf&maxorders=10&orderstart=1&status=6&start_date=2018-10-01 HTTP/1.0" 200 34006 "-" "GesCom CharlotteBoutik Serveur"
185.191.171.7 - - [12/Jan/2023:12:50:34 +0100] "GET /-p-37936.html HTTP/1.0" 200 72987 "-" "Mozilla/5.0 (compatible; SemrushBot/7~bl; +http://www.semrush.com/bot.html)"
35.226.161.112 - - [12/Jan/2023:12:50:36 +0100] "GET /images/big_prod_1/8424001544387B.jpg HTTP/1.0" 200 271 "-" "Mozilla/5.0 (X11; Ubuntu; Linux x86_64; rv:72.0) Gecko/20100101 Firefox/72.0"
185.191.171.34 - - [12/Jan/2023:12:50:36 +0100] "GET /large-wooden-retro-chest-p-46730.html HTTP/1.0" 200 73075 "-" "Mozilla/5.0 (compatible; SemrushBot/7~bl; +http://www.semrush.com/bot.html)"
185.191.171.16 - - [12/Jan/2023:12:50:40 +0100] "GET /occitane-cross-wooden-wall-decoration-p-46240.html HTTP/1.0" 200 73150 "-" "Mozilla/5.0 (compatible; SemrushBot/7~bl; +http://www.semrush.com/bot.html)"
185.191.171.12 - - [12/Jan/2023:12:50:43 +0100] "GET /mickey-figure-collection-romero-britto-p-51458.html HTTP/1.0" 200 77118 "-" "Mozilla/5.0 (compatible; SemrushBot/7~bl; +http://www.semrush.com/bot.html)"
185.191.171.18 - - [12/Jan/2023:12:50:47 +0100] "GET /dancing-shiva-wall-hanging-p-47246.html HTTP/1.0" 200 73105 "-" "Mozilla/5.0 (compatible; SemrushBot/7~bl; +http://www.semrush.com/bot.html)"
185.191.171.2 - - [12/Jan/2023:12:50:49 +0100] "GET /life-freedom-wooden-wall-hook-p-41405.html HTTP/1.0" 200 73109 "-" "Mozilla/5.0 (compatible; SemrushBot/7~bl; +http://www.semrush.com/bot.html)"
207.46.13.53 - - [12/Jan/2023:12:51:13 +0100] "GET /images/8435306215780.jpg HTTP/1.0" 200 259 "-" "Mozilla/5.0 (compatible; bingbot/2.0; +http://www.bing.com/bingbot.htm)"
114.119.148.165 - - [12/Jan/2023:12:52:17 +0100] "GET /royal-recreation-queen-of-hearts-65th-anniversary-piece-p-36614.html HTTP/1.0" 301 73054 "http://www.wonder-geek.com/home-and-decoration-c-13.html?page=223" "Mozilla/5.0 (Linux; Android 7.0;) AppleWebKit/537.36 (KHTML, like Gecko) Mobile Safari/537.36 (compatible; PetalBot;+https://webmaster.petalsearch.com/site/petalbot)"
114.119.148.165 - - [12/Jan/2023:12:52:20 +0100] "GET /-p-36614.html HTTP/1.0" 200 72987 "http://www.wonder-geek.com/home-and-decoration-c-13.html?page=223" "Mozilla/5.0 (Linux; Android 7.0;) AppleWebKit/537.36 (KHTML, like Gecko) Mobile Safari/537.36 (compatible; PetalBot;+https://webmaster.petalsearch.com/site/petalbot)"
207.46.13.86 - - [12/Jan/2023:12:52:23 +0100] "GET /bagshandbags-shoulder-bags-c-31_81.html?page=2 HTTP/1.0" 200 98256 "-" "Mozilla/5.0 (compatible; bingbot/2.0; +http://www.bing.com/bingbot.htm)"
185.191.171.43 - - [12/Jan/2023:12:52:25 +0100] "GET /moki-bedspread-gold-p-56951.html HTTP/1.0" 200 76463 "-" "Mozilla/5.0 (compatible; SemrushBot/7~bl; +http://www.semrush.com/bot.html)"
185.191.171.14 - - [12/Jan/2023:12:52:30 +0100] "GET /small-piggy-bank-blue-p-55216.html HTTP/1.0" 200 76256 "-" "Mozilla/5.0 (compatible; SemrushBot/7~bl; +http://www.semrush.com/bot.html)"
185.191.171.16 - - [12/Jan/2023:12:52:37 +0100] "GET /another-beer-metal-plate-deco-p-36124.html HTTP/1.0" 200 73093 "-" "Mozilla/5.0 (compatible; SemrushBot/7~bl; +http://www.semrush.com/bot.html)"
66.249.66.210 - - [12/Jan/2023:12:52:45 +0100] "GET /images/big_prod/3442440234244.jpg HTTP/1.0" 200 268 "-" "Googlebot-Image/1.0"
66.249.66.214 - - [12/Jan/2023:12:53:03 +0100] "GET /resin-statue-little-monk-blue-dress-p-52809.html HTTP/1.0" 200 75778 "-" "Mozilla/5.0 (compatible; Googlebot/2.1; +http://www.google.com/bot.html)"
216.244.66.242 - - [12/Jan/2023:12:53:21 +0100] "GET /keyrings-c-3_52.html?page=1 HTTP/1.0" 200 96436 "-" "Mozilla/5.0 (compatible; DotBot/1.2; +https://opensiteexplorer.org/dotbot; help@moz.com)"
185.191.171.22 - - [12/Jan/2023:12:53:27 +0100] "GET /birthday-blues-eeyore-with-birthday-figurine-p-53994.html HTTP/1.0" 200 77653 "-" "Mozilla/5.0 (compatible; SemrushBot/7~bl; +http://www.semrush.com/bot.html)"
185.191.171.16 - - [12/Jan/2023:12:53:30 +0100] "GET /laissez-lucie-faire-large-wallet-p-29310.html HTTP/1.0" 200 73105 "-" "Mozilla/5.0 (compatible; SemrushBot/7~bl; +http://www.semrush.com/bot.html)"
185.191.171.7 - - [12/Jan/2023:12:53:33 +0100] "GET /powder-candle-bougie-autrement-glitter-gold-p-53074.html HTTP/1.0" 200 77014 "-" "Mozilla/5.0 (compatible; SemrushBot/7~bl; +http://www.semrush.com/bot.html)"
185.191.171.17 - - [12/Jan/2023:12:53:40 +0100] "GET /cotton-floor-cushion-blue-p-43509.html HTTP/1.0" 200 76446 "-" "Mozilla/5.0 (compatible; SemrushBot/7~bl; +http://www.semrush.com/bot.html)"
185.191.171.2 - - [12/Jan/2023:12:54:10 +0100] "GET /schoolbag-caramel-blue-rabbits-p-55928.html HTTP/1.0" 200 73117 "-" "Mozilla/5.0 (compatible; SemrushBot/7~bl; +http://www.semrush.com/bot.html)"
114.119.137.125 - - [12/Jan/2023:12:54:20 +0100] "GET /morocco-bedclothes-p-51954.html HTTP/1.0" 301 73054 "http://www.wonder-geek.com/household-linen-c-11.html?page=62" "Mozilla/5.0 (Linux; Android 7.0;) AppleWebKit/537.36 (KHTML, like Gecko) Mobile Safari/537.36 (compatible; PetalBot;+https://webmaster.petalsearch.com/site/petalbot)"
114.119.137.125 - - [12/Jan/2023:12:54:21 +0100] "GET /-p-51954.html HTTP/1.0" 200 72987 "http://www.wonder-geek.com/household-linen-c-11.html?page=62" "Mozilla/5.0 (Linux; Android 7.0;) AppleWebKit/537.36 (KHTML, like Gecko) Mobile Safari/537.36 (compatible; PetalBot;+https://webmaster.petalsearch.com/site/petalbot)"
185.191.171.15 - - [12/Jan/2023:12:54:30 +0100] "GET /decorative-resin-horse-statue-p-56334.html HTTP/1.0" 200 73109 "-" "Mozilla/5.0 (compatible; SemrushBot/7~bl; +http://www.semrush.com/bot.html)"
185.191.171.3 - - [12/Jan/2023:12:54:35 +0100] "GET /allen-decorated-cotton-flat-pouch-koala-p-58299.html HTTP/1.0" 200 76452 "-" "Mozilla/5.0 (compatible; SemrushBot/7~bl; +http://www.semrush.com/bot.html)"
185.191.171.35 - - [12/Jan/2023:12:54:51 +0100] "GET /plush-keeleco-friendly-snow-leopard-p-51850.html HTTP/1.0" 200 73103 "-" "Mozilla/5.0 (compatible; SemrushBot/7~bl; +http://www.semrush.com/bot.html)"
185.191.171.3 - - [12/Jan/2023:12:55:02 +0100] "GET /little-toiletry-p-43392.html HTTP/1.0" 200 75698 "-" "Mozilla/5.0 (compatible; SemrushBot/7~bl; +http://www.semrush.com/bot.html)"
114.119.155.228 - - [12/Jan/2023:12:55:16 +0100] "GET /minnie-mouse-pencil-p-22595.html HTTP/1.0" 200 75897 "http://www.wonder-geek.com/pencil-pot-c-129_183.html?page=4" "Mozilla/5.0 (Linux; Android 7.0;) AppleWebKit/537.36 (KHTML, like Gecko) Mobile Safari/537.36 (compatible; PetalBot;+https://webmaster.petalsearch.com/site/petalbot)"
66.249.66.210 - - [12/Jan/2023:12:56:02 +0100] "GET /milk-ustensils-holder-with-cookware-p-45751.html HTTP/1.0" 200 75815 "-" "Mozilla/5.0 (compatible; Googlebot/2.1; +http://www.google.com/bot.html)"
207.46.13.177 - - [12/Jan/2023:12:56:14 +0100] "GET /images/mini_prod/v9349878007577.jpg HTTP/1.0" 200 270 "-" "Mozilla/5.0 (compatible; bingbot/2.0; +http://www.bing.com/bingbot.htm)"
114.119.155.100 - - [12/Jan/2023:12:56:16 +0100] "GET /medal-of-honor-calm-tier-one-poster-p-15753.html HTTP/1.0" 301 75835 "http://www.wonder-geek.com/home-and-decoration-c-13.html?page=63" "Mozilla/5.0 (Linux; Android 7.0;) AppleWebKit/537.36 (KHTML, like Gecko) Mobile Safari/537.36 (compatible; PetalBot;+https://webmaster.petalsearch.com/site/petalbot)"
144.24.160.176 - - [12/Jan/2023:12:56:23 +0100] "GET /templates/Pixame_v1/images/icon_accueil2.png HTTP/1.0" 200 278 "-" "-"
114.119.155.100 - - [12/Jan/2023:12:56:23 +0100] "GET /medal-honor-calm-tier-poster-p-15753.html HTTP/1.0" 200 75740 "http://www.wonder-geek.com/home-and-decoration-c-13.html?page=63" "Mozilla/5.0 (Linux; Android 7.0;) AppleWebKit/537.36 (KHTML, like Gecko) Mobile Safari/537.36 (compatible; PetalBot;+https://webmaster.petalsearch.com/site/petalbot)"
144.24.160.176 - - [12/Jan/2023:12:56:28 +0100] "GET /templates/Pixame_v1/images/infobox/pixel_trans.gif HTTP/1.0" 200 328 "-" "-"
144.24.160.176 - - [12/Jan/2023:12:56:34 +0100] "GET /images/pixel_trans.gif HTTP/1.0" 200 328 "-" "-"
144.24.160.176 - - [12/Jan/2023:12:56:39 +0100] "GET /templates/Pixame_v1/images/pixel_trans.gif HTTP/1.0" 200 328 "-" "-"
144.24.160.176 - - [12/Jan/2023:12:56:45 +0100] "GET /images/1399984220344.jpg HTTP/1.0" 200 259 "-" "-"
185.191.171.45 - - [12/Jan/2023:12:56:49 +0100] "GET /potholder-glove-p-54137.html HTTP/1.0" 200 75633 "-" "Mozilla/5.0 (compatible; SemrushBot/7~bl; +http://www.semrush.com/bot.html)"
66.249.66.212 - - [12/Jan/2023:12:56:57 +0100] "GET /fairy-lights-c-86_279.html HTTP/1.0" 200 86044 "-" "Mozilla/5.0 (Linux; Android 6.0.1; Nexus 5X Build/MMB29P) AppleWebKit/537.36 (KHTML, like Gecko) Chrome/107.0.5304.115 Mobile Safari/537.36 (compatible; Googlebot/2.1; +http://www.google.com/bot.html)"
185.191.171.39 - - [12/Jan/2023:12:57:23 +0100] "GET /universal-phone-case-olivia-paris-p-16887.html HTTP/1.0" 200 75888 "-" "Mozilla/5.0 (compatible; SemrushBot/7~bl; +http://www.semrush.com/bot.html)"
185.191.171.10 - - [12/Jan/2023:12:57:31 +0100] "GET /-p-43482.html HTTP/1.0" 200 72987 "-" "Mozilla/5.0 (compatible; SemrushBot/7~bl; +http://www.semrush.com/bot.html)"
185.191.171.5 - - [12/Jan/2023:12:57:45 +0100] "GET /robots.txt HTTP/1.0" 200 245 "-" "Mozilla/5.0 (compatible; SemrushBot/7~bl; +http://www.semrush.com/bot.html)"
185.191.171.21 - - [12/Jan/2023:12:57:46 +0100] "GET /frosted-glass-betty-boop-twenties-p-15442.html HTTP/1.0" 200 75654 "-" "Mozilla/5.0 (compatible; SemrushBot/7~bl; +http://www.semrush.com/bot.html)"
114.119.158.36 - - [12/Jan/2023:12:57:55 +0100] "GET /images/big_prod/8718317876912.jpg HTTP/1.0" 200 268 "http://www.wonder-geek.com/flower-cover-white-metal-shape-p-58276.html" "Mozilla/5.0 (Linux; Android 7.0;) AppleWebKit/537.36 (KHTML, like Gecko) Mobile Safari/537.36 (compatible; PetalBot;+https://webmaster.petalsearch.com/site/petalbot)"
185.191.171.17 - - [12/Jan/2023:12:57:58 +0100] "GET /black-retro-alarm-clock-p-50205.html HTTP/1.0" 200 75669 "-" "Mozilla/5.0 (compatible; SemrushBot/7~bl; +http://www.semrush.com/bot.html)"
66.249.66.210 - - [12/Jan/2023:12:58:20 +0100] "GET /images/big_prod/8422033225366.jpg HTTP/1.0" 200 268 "-" "Googlebot-Image/1.0"
17.241.75.55 - - [12/Jan/2023:12:58:25 +0100] "GET /images/mini_prod/8424346356560.jpg HTTP/1.0" 200 269 "-" "Mozilla/5.0 (Macintosh; Intel Mac OS X 10_15_5) AppleWebKit/605.1.15 (KHTML, like Gecko) Version/13.1.1 Safari/605.1.15 (Applebot/0.1; +http://www.apple.com/go/applebot)"
185.191.171.2 - - [12/Jan/2023:12:58:47 +0100] "GET /-p-18763.html HTTP/1.0" 200 72987 "-" "Mozilla/5.0 (compatible; SemrushBot/7~bl; +http://www.semrush.com/bot.html)"
114.119.159.62 - - [12/Jan/2023:12:59:00 +0100] "GET /images/big_prod/8433932520827.jpg HTTP/1.0" 200 268 "http://www.wonder-geek.com/frida-khalo-saucer-p-59428.html" "Mozilla/5.0 (Linux; Android 7.0;) AppleWebKit/537.36 (KHTML, like Gecko) Mobile Safari/537.36 (compatible; PetalBot;+https://webmaster.petalsearch.com/site/petalbot)"
185.191.171.41 - - [12/Jan/2023:12:59:05 +0100] "GET /little-miss-sunshine-canvas-photo-frame-p-6257.html HTTP/1.0" 200 75765 "-" "Mozilla/5.0 (compatible; SemrushBot/7~bl; +http://www.semrush.com/bot.html)"
185.191.171.45 - - [12/Jan/2023:12:59:13 +0100] "GET /-p-39499.html HTTP/1.0" 200 72987 "-" "Mozilla/5.0 (compatible; SemrushBot/7~bl; +http://www.semrush.com/bot.html)"
185.191.171.38 - - [12/Jan/2023:12:59:15 +0100] "GET /metal-beer-bucket-mojito-p-45497.html HTTP/1.0" 200 73098 "-" "Mozilla/5.0 (compatible; SemrushBot/7~bl; +http://www.semrush.com/bot.html)"
66.249.66.214 - - [12/Jan/2023:12:59:17 +0100] "GET /blue-p-43483.html HTTP/1.0" 200 75541 "-" "Mozilla/5.0 (Linux; Android 6.0.1; Nexus 5X Build/MMB29P) AppleWebKit/537.36 (KHTML, like Gecko) Chrome/109.0.5414.74 Mobile Safari/537.36 (compatible; Googlebot/2.1; +http://www.google.com/bot.html)"
185.191.171.41 - - [12/Jan/2023:12:59:53 +0100] "GET /cushion-cover-p-52125.html HTTP/1.0" 200 73051 "-" "Mozilla/5.0 (compatible; SemrushBot/7~bl; +http://www.semrush.com/bot.html)"
185.191.171.17 - - [12/Jan/2023:12:59:57 +0100] "GET /allen-designs-flowerpot-p-58671.html HTTP/1.0" 200 76315 "-" "Mozilla/5.0 (compatible; SemrushBot/7~bl; +http://www.semrush.com/bot.html)"
66.249.66.214 - - [12/Jan/2023:13:00:28 +0100] "GET /pink-mini-glitter-ball-p-33557.html HTTP/1.0" 200 75692 "-" "Mozilla/5.0 (compatible; Googlebot/2.1; +http://www.google.com/bot.html)"
66.249.66.210 - - [12/Jan/2023:13:00:59 +0100] "GET /picerie-fine-metal-tray-p-41484.html HTTP/1.0" 200 75770 "-" "Mozilla/5.0 (Linux; Android 6.0.1; Nexus 5X Build/MMB29P) AppleWebKit/537.36 (KHTML, like Gecko) Chrome/107.0.5304.115 Mobile Safari/537.36 (compatible; Googlebot/2.1; +http://www.google.com/bot.html)"
114.119.157.143 - - [12/Jan/2023:13:01:17 +0100] "GET /bookend-c-13_202.html?page=2 HTTP/1.0" 200 85660 "http://www.wonder-geek.com/bookend-c-13_202.html" "Mozilla/5.0 (Linux; Android 7.0;) AppleWebKit/537.36 (KHTML, like Gecko) Mobile Safari/537.36 (compatible; PetalBot;+https://webmaster.petalsearch.com/site/petalbot)"
185.191.171.39 - - [12/Jan/2023:13:01:39 +0100] "GET /medusa-glass-paperweight-p-48943.html HTTP/1.0" 200 75629 "-" "Mozilla/5.0 (compatible; SemrushBot/7~bl; +http://www.semrush.com/bot.html)"
114.119.157.24 - - [12/Jan/2023:13:01:56 +0100] "GET /boho-canvas-frame-p-41546.html HTTP/1.0" 200 75708 "http://www.wonder-geek.com/home-and-decoration-c-13.html?page=63" "Mozilla/5.0 (Linux; Android 7.0;) AppleWebKit/537.36 (KHTML, like Gecko) Mobile Safari/537.36 (compatible; PetalBot;+https://webmaster.petalsearch.com/site/petalbot)"
185.191.171.16 - - [12/Jan/2023:13:02:01 +0100] "GET /-p-31690.html HTTP/1.0" 200 72987 "-" "Mozilla/5.0 (compatible; SemrushBot/7~bl; +http://www.semrush.com/bot.html)"
185.191.171.23 - - [12/Jan/2023:13:02:07 +0100] "GET /coffee-c-13_150_153.html?page=4 HTTP/1.0" 200 93713 "-" "Mozilla/5.0 (compatible; SemrushBot/7~bl; +http://www.semrush.com/bot.html)"
185.191.171.8 - - [12/Jan/2023:13:02:11 +0100] "GET /cast-salamander-wall-bell-p-45760.html HTTP/1.0" 200 75701 "-" "Mozilla/5.0 (compatible; SemrushBot/7~bl; +http://www.semrush.com/bot.html)"
185.191.171.24 - - [12/Jan/2023:13:02:39 +0100] "GET /-p-53502.html HTTP/1.0" 200 72987 "-" "Mozilla/5.0 (compatible; SemrushBot/7~bl; +http://www.semrush.com/bot.html)"
185.191.171.12 - - [12/Jan/2023:13:03:19 +0100] "GET /jasmin-marley-jamaica-chandelier-p-35767.html HTTP/1.0" 200 75928 "-" "Mozilla/5.0 (compatible; SemrushBot/7~bl; +http://www.semrush.com/bot.html)"
185.191.171.3 - - [12/Jan/2023:13:03:23 +0100] "GET /bamboo-fiber-plant-cover-p-54406.html HTTP/1.0" 200 73073 "-" "Mozilla/5.0 (compatible; SemrushBot/7~bl; +http://www.semrush.com/bot.html)"
207.46.13.86 - - [12/Jan/2023:13:03:24 +0100] "GET /images/1399984221297.jpg HTTP/1.0" 200 259 "-" "Mozilla/5.0 AppleWebKit/537.36 (KHTML, like Gecko; compatible; bingbot/2.0; +http://www.bing.com/bingbot.htm) Chrome/103.0.5060.134 Safari/537.36"
185.191.171.7 - - [12/Jan/2023:13:03:44 +0100] "GET /home-decoration-c-13.html?page=223 HTTP/1.0" 200 94065 "-" "Mozilla/5.0 (compatible; SemrushBot/7~bl; +http://www.semrush.com/bot.html)"
185.191.171.13 - - [12/Jan/2023:13:04:14 +0100] "GET /retro-lantern-gray-metal-p-45795.html HTTP/1.0" 200 73091 "-" "Mozilla/5.0 (compatible; SemrushBot/7~bl; +http://www.semrush.com/bot.html)"
185.191.171.10 - - [12/Jan/2023:13:04:29 +0100] "GET /little-prince-trivet-p-27386.html HTTP/1.0" 200 75582 "-" "Mozilla/5.0 (compatible; SemrushBot/7~bl; +http://www.semrush.com/bot.html)"
66.249.66.212 - - [12/Jan/2023:13:04:44 +0100] "GET /mickey-small-flexible-molds-model-p-28211.html HTTP/1.0" 200 76368 "-" "Mozilla/5.0 (Linux; Android 6.0.1; Nexus 5X Build/MMB29P) AppleWebKit/537.36 (KHTML, like Gecko) Chrome/107.0.5304.115 Mobile Safari/537.36 (compatible; Googlebot/2.1; +http://www.google.com/bot.html)"
185.191.171.38 - - [12/Jan/2023:13:05:05 +0100] "GET /om-mug-p-43212.html HTTP/1.0" 200 73001 "-" "Mozilla/5.0 (compatible; SemrushBot/7~bl; +http://www.semrush.com/bot.html)"
185.191.171.40 - - [12/Jan/2023:13:05:14 +0100] "GET /marguerite-table-lamp-p-56070.html HTTP/1.0" 200 73061 "-" "Mozilla/5.0 (compatible; SemrushBot/7~bl; +http://www.semrush.com/bot.html)"
207.46.13.86 - - [12/Jan/2023:13:05:15 +0100] "GET /mugs-mazagrans-c-12_57.html?page=6 HTTP/1.0" 200 98185 "-" "Mozilla/5.0 AppleWebKit/537.36 (KHTML, like Gecko; compatible; bingbot/2.0; +http://www.bing.com/bingbot.htm) Chrome/103.0.5060.134 Safari/537.36"
185.191.171.23 - - [12/Jan/2023:13:05:21 +0100] "GET /-p-23964.html HTTP/1.0" 200 72987 "-" "Mozilla/5.0 (compatible; SemrushBot/7~bl; +http://www.semrush.com/bot.html)"
185.191.171.26 - - [12/Jan/2023:13:05:49 +0100] "GET /sneezey-figure-collection-romero-britto-p-53437.html HTTP/1.0" 200 77422 "-" "Mozilla/5.0 (compatible; SemrushBot/7~bl; +http://www.semrush.com/bot.html)"
185.191.171.13 - - [12/Jan/2023:13:06:01 +0100] "GET /-p-38053.html HTTP/1.0" 200 72987 "-" "Mozilla/5.0 (compatible; SemrushBot/7~bl; +http://www.semrush.com/bot.html)"
185.191.171.1 - - [12/Jan/2023:13:06:16 +0100] "GET /-p-52279.html HTTP/1.0" 200 72987 "-" "Mozilla/5.0 (compatible; SemrushBot/7~bl; +http://www.semrush.com/bot.html)"
51.68.224.127 - - [12/Jan/2023:13:06:30 +0100] "GET /adminweb/export_orders_xml.php?token=256de2z6edz6ed2z6DFSFsed2zed6zeDSFDSGdzedezfzf&maxorders=10&orderstart=1&status=14&start_date=2018-10-01 HTTP/1.0" 200 285 "-" "GesCom CharlotteBoutik Serveur"
51.68.224.127 - - [12/Jan/2023:13:06:30 +0100] "GET /adminweb/export_orders_xml.php?token=256de2z6edz6ed2z6DFSFsed2zed6zeDSFDSGdzedezfzf&maxorders=10&orderstart=1&status=6&start_date=2018-10-01 HTTP/1.0" 200 34006 "-" "GesCom CharlotteBoutik Serveur"
185.191.171.38 - - [12/Jan/2023:13:06:33 +0100] "GET /fringale-burlap-placemat-p-53499.html HTTP/1.0" 200 76230 "-" "Mozilla/5.0 (compatible; SemrushBot/7~bl; +http://www.semrush.com/bot.html)"
185.191.171.6 - - [12/Jan/2023:13:06:56 +0100] "GET /cats-dubout-figurine-chic-white-p-44149.html HTTP/1.0" 200 76783 "-" "Mozilla/5.0 (compatible; SemrushBot/7~bl; +http://www.semrush.com/bot.html)"
66.249.66.210 - - [12/Jan/2023:13:07:04 +0100] "GET /images/big_prod_1/8718099170192C.jpg HTTP/1.0" 200 271 "-" "Googlebot-Image/1.0"
185.191.171.37 - - [12/Jan/2023:13:07:15 +0100] "GET /polar-blanket-beige-p-34643.html HTTP/1.0" 200 75693 "-" "Mozilla/5.0 (compatible; SemrushBot/7~bl; +http://www.semrush.com/bot.html)"
60.176.203.31 - - [12/Jan/2023:13:08:18 +0100] "GET /images/mini_prod/3519570204031.jpg HTTP/1.0" 200 269 "-" "Mozilla/4.0(compatible;MSIE7.0;WindowsNT5.1;360SE)"
185.191.171.20 - - [12/Jan/2023:13:08:27 +0100] "GET /glasses-p-44953.html HTTP/1.0" 200 75565 "-" "Mozilla/5.0 (compatible; SemrushBot/7~bl; +http://www.semrush.com/bot.html)"
185.191.171.3 - - [12/Jan/2023:13:08:33 +0100] "GET /degas-etoile-city-made-france-p-47424.html HTTP/1.0" 200 76612 "-" "Mozilla/5.0 (compatible; SemrushBot/7~bl; +http://www.semrush.com/bot.html)"
93.158.161.30 - - [12/Jan/2023:13:09:08 +0100] "GET /-p-37732.html HTTP/1.0" 200 72987 "-" "Mozilla/5.0 (compatible; YandexBot/3.0; +http://yandex.com/bots)"
185.191.171.19 - - [12/Jan/2023:13:09:09 +0100] "GET /pill-chat-bike-p-53834.html HTTP/1.0" 200 75774 "-" "Mozilla/5.0 (compatible; SemrushBot/7~bl; +http://www.semrush.com/bot.html)"
185.191.171.9 - - [12/Jan/2023:13:09:56 +0100] "GET /ceramic-incense-burner-p-58642.html HTTP/1.0" 200 76386 "-" "Mozilla/5.0 (compatible; SemrushBot/7~bl; +http://www.semrush.com/bot.html)"
66.249.66.210 - - [12/Jan/2023:13:09:58 +0100] "GET /images/big_prod/1384010192436.jpg HTTP/1.0" 200 268 "-" "Googlebot-Image/1.0"
185.191.171.25 - - [12/Jan/2023:13:10:08 +0100] "GET /doll-miniclara-dangling-plush-p-33418.html HTTP/1.0" 200 73141 "-" "Mozilla/5.0 (compatible; SemrushBot/7~bl; +http://www.semrush.com/bot.html)"
