114.119.135.78 - - [12/Jan/2023:13:45:45 +0100] "GET /beyond-charms-keychain-butterfly-p-51835.html HTTP/1.0" 200 73081 "http://www.wonder-geek.com/luggages-schoolbags-leather-shop-c-31.html?page=29" "Mozilla/5.0 (Linux; Android 7.0;) AppleWebKit/537.36 (KHTML, like Gecko) Mobile Safari/537.36 (compatible; PetalBot;+https://webmaster.petalsearch.com/site/petalbot)"
207.46.13.183 - - [12/Jan/2023:13:46:02 +0100] "GET /jewelry-with-mirror-drawers-p-48045.html HTTP/1.0" 301 73054 "-" "Mozilla/5.0 (compatible; bingbot/2.0; +http://www.bing.com/bingbot.htm)"
207.46.13.53 - - [12/Jan/2023:13:46:11 +0100] "GET /socks/socks-for-girls/set-pair-socks-strawberry-shortcake-size-3135-p-24784.html HTTP/1.0" 301 671 "-" "Mozilla/5.0 AppleWebKit/537.36 (KHTML, like Gecko; compatible; bingbot/2.0; +http://www.bing.com/bingbot.htm) Chrome/103.0.5060.134 Safari/537.36"
216.244.66.242 - - [12/Jan/2023:13:46:13 +0100] "GET /-p-30820.html HTTP/1.0" 200 72987 "-" "Mozilla/5.0 (compatible; DotBot/1.2; +https://opensiteexplorer.org/dotbot; help@moz.com)"
216.244.66.242 - - [12/Jan/2023:13:46:25 +0100] "GET /dragon-ball-photo-frame-p-3649.html HTTP/1.0" 200 73067 "-" "Mozilla/5.0 (compatible; DotBot/1.2; +https://opensiteexplorer.org/dotbot; help@moz.com)"
162.254.191.46 - - [12/Jan/2023:13:46:40 +0100] "GET / HTTP/1.0" 301 511 "http://wonder-geek.com/" "Mozilla/5.0 (Windows NT 6.1; Win64; x64) AppleWebKit/537.36 (KHTML, like Gecko) Chrome/90.0.4430.72 Safari/537.36"
207.46.13.86 - - [12/Jan/2023:13:46:39 +0100] "GET /mickey-figure-collection-romano-britto-p-23114.html HTTP/1.0" 200 76530 "-" "Mozilla/5.0 (compatible; bingbot/2.0; +http://www.bing.com/bingbot.htm)"
162.254.191.46 - - [12/Jan/2023:13:46:41 +0100] "GET / HTTP/1.0" 200 98365 "http://www.wonder-geek.com/" "Mozilla/5.0 (Windows NT 6.1; Win64; x64) AppleWebKit/537.36 (KHTML, like Gecko) Chrome/90.0.4430.72 Safari/537.36"
162.254.191.46 - - [12/Jan/2023:13:46:44 +0100] "GET /trivet-boards-c-12_158.html HTTP/1.0" 200 96777 "http://www.wonder-geek.com/trivet-boards-c-12_158.html" "Mozilla/5.0 (Windows NT 6.1; Win64; x64) AppleWebKit/537.36 (KHTML, like Gecko) Chrome/90.0.4430.72 Safari/537.36"
162.254.191.46 - - [12/Jan/2023:13:46:47 +0100] "GET /cardboard-boxes-storage-c-13_150_216.html HTTP/1.0" 200 80427 "http://www.wonder-geek.com/cardboard-boxes-storage-c-13_150_216.html" "Mozilla/5.0 (Windows NT 6.1; Win64; x64) AppleWebKit/537.36 (KHTML, like Gecko) Chrome/90.0.4430.72 Safari/537.36"
162.254.191.46 - - [12/Jan/2023:13:46:49 +0100] "GET /cushion-headboard-c-11_71_173.html HTTP/1.0" 200 79351 "http://www.wonder-geek.com/cushion-headboard-c-11_71_173.html" "Mozilla/5.0 (Windows NT 6.1; Win64; x64) AppleWebKit/537.36 (KHTML, like Gecko) Chrome/90.0.4430.72 Safari/537.36"
162.254.191.46 - - [12/Jan/2023:13:46:52 +0100] "GET /contact_us.php HTTP/1.0" 200 26238 "http://www.wonder-geek.com/contact_us.php" "Mozilla/5.0 (Windows NT 6.1; Win64; x64) AppleWebKit/537.36 (KHTML, like Gecko) Chrome/90.0.4430.72 Safari/537.36"
162.254.191.46 - - [12/Jan/2023:13:46:52 +0100] "POST /contact_us.php?action=send HTTP/1.0" 200 26588 "http://www.wonder-geek.com/contact_us.php" "Mozilla/5.0 (Windows NT 6.1; Win64; x64) AppleWebKit/537.36 (KHTML, like Gecko) Chrome/90.0.4430.72 Safari/537.36"
66.249.66.210 - - [12/Jan/2023:13:47:04 +0100] "GET /stone-polychrome-jasper-grams-p-46581.html HTTP/1.0" 200 76951 "-" "Mozilla/5.0 (compatible; Googlebot/2.1; +http://www.google.com/bot.html)"
185.191.171.23 - - [12/Jan/2023:13:47:08 +0100] "GET /angel-figurine-peace-p-58777.html HTTP/1.0" 200 77331 "-" "Mozilla/5.0 (compatible; SemrushBot/7~bl; +http://www.semrush.com/bot.html)"
66.249.66.68 - - [12/Jan/2023:13:47:28 +0100] "GET /small-collection-plate-metal-vespa-piaggio-p-16834.html HTTP/1.0" 200 76269 "-" "Mozilla/5.0 (Linux; Android 6.0.1; Nexus 5X Build/MMB29P) AppleWebKit/537.36 (KHTML, like Gecko) Chrome/107.0.5304.115 Mobile Safari/537.36 (compatible; Googlebot/2.1; +http://www.google.com/bot.html)"
185.191.171.13 - - [12/Jan/2023:13:47:32 +0100] "GET /moroccan-ceramic-ashtray-p-59531.html HTTP/1.0" 200 76244 "-" "Mozilla/5.0 (compatible; SemrushBot/7~bl; +http://www.semrush.com/bot.html)"
185.191.171.44 - - [12/Jan/2023:13:47:35 +0100] "GET /cotton-floor-cushion-p-52451.html HTTP/1.0" 200 73069 "-" "Mozilla/5.0 (compatible; SemrushBot/7~bl; +http://www.semrush.com/bot.html)"
54.36.149.29 - - [12/Jan/2023:13:47:37 +0100] "GET /marine-navigation-magnifier-on-feet-and-its-box-95-cm-p-49609.html HTTP/1.0" 301 76160 "-" "Mozilla/5.0 (compatible; AhrefsBot/7.0; +http://ahrefs.com/robot/)"
66.249.66.68 - - [12/Jan/2023:13:47:36 +0100] "GET /guardian-angel-statue-angel-baptism-p-43442.html HTTP/1.0" 200 76439 "-" "Mozilla/5.0 (Linux; Android 6.0.1; Nexus 5X Build/MMB29P) AppleWebKit/537.36 (KHTML, like Gecko) Chrome/107.0.5304.115 Mobile Safari/537.36 (compatible; Googlebot/2.1; +http://www.google.com/bot.html)"
185.191.171.11 - - [12/Jan/2023:13:47:40 +0100] "GET /-p-36336.html HTTP/1.0" 200 72987 "-" "Mozilla/5.0 (compatible; SemrushBot/7~bl; +http://www.semrush.com/bot.html)"
40.77.167.48 - - [12/Jan/2023:13:47:46 +0100] "GET /little-blue-purse-petit-prince-p-47475.html HTTP/1.0" 200 75749 "-" "Mozilla/5.0 AppleWebKit/537.36 (KHTML, like Gecko; compatible; bingbot/2.0; +http://www.bing.com/bingbot.htm) Chrome/103.0.5060.134 Safari/537.36"
185.191.171.39 - - [12/Jan/2023:13:47:49 +0100] "GET /bookend-peacocks-gold-resin-p-59181.html HTTP/1.0" 200 76303 "-" "Mozilla/5.0 (compatible; SemrushBot/7~bl; +http://www.semrush.com/bot.html)"
207.46.13.177 - - [12/Jan/2023:13:47:51 +0100] "GET /pink-aquaducks-duck-bath-swims-quacks-p-34990.html HTTP/1.0" 200 76264 "-" "Mozilla/5.0 (compatible; bingbot/2.0; +http://www.bing.com/bingbot.htm)"
207.46.13.53 - - [12/Jan/2023:13:48:10 +0100] "GET /-p-51269.html HTTP/1.0" 200 72987 "-" "Mozilla/5.0 AppleWebKit/537.36 (KHTML, like Gecko; compatible; bingbot/2.0; +http://www.bing.com/bingbot.htm) Chrome/103.0.5060.134 Safari/537.36"
216.244.66.242 - - [12/Jan/2023:13:48:20 +0100] "GET /cooking-hourglass-minutes-white-sand-p-53717.html HTTP/1.0" 200 76436 "-" "Mozilla/5.0 (compatible; DotBot/1.2; +https://opensiteexplorer.org/dotbot; help@moz.com)"
216.244.66.242 - - [12/Jan/2023:13:48:30 +0100] "GET /difference-accessoriess-c-12_59.html?page=7 HTTP/1.0" 200 89061 "-" "Mozilla/5.0 (compatible; DotBot/1.2; +https://opensiteexplorer.org/dotbot; help@moz.com)"
216.244.66.242 - - [12/Jan/2023:13:48:38 +0100] "GET /figurines-fireman-nicolas-p-55656.html HTTP/1.0" 200 73119 "-" "Mozilla/5.0 (compatible; DotBot/1.2; +https://opensiteexplorer.org/dotbot; help@moz.com)"
52.188.10.185 - - [12/Jan/2023:13:48:43 +0100] "GET /images/big_prod/5051276388557.jpg HTTP/1.0" 200 268 "-" "Mozilla/5.0 (X11; Ubuntu; Linux x86_64; rv:72.0) Gecko/20100101 Firefox/72.0"
216.244.66.242 - - [12/Jan/2023:13:48:46 +0100] "GET /white-natural-wooden-p-55037.html HTTP/1.0" 200 76403 "-" "Mozilla/5.0 (compatible; DotBot/1.2; +https://opensiteexplorer.org/dotbot; help@moz.com)"
185.191.171.36 - - [12/Jan/2023:13:48:56 +0100] "GET /-p-52558.html HTTP/1.0" 200 72987 "-" "Mozilla/5.0 (compatible; SemrushBot/7~bl; +http://www.semrush.com/bot.html)"
207.46.13.120 - - [12/Jan/2023:13:49:07 +0100] "GET /little-geisha-p-50779.html HTTP/1.0" 200 76620 "-" "Mozilla/5.0 (compatible; bingbot/2.0; +http://www.bing.com/bingbot.htm)"
185.191.171.2 - - [12/Jan/2023:13:49:10 +0100] "GET /carpet-ethnic-berry-p-58174.html HTTP/1.0" 200 76632 "-" "Mozilla/5.0 (compatible; SemrushBot/7~bl; +http://www.semrush.com/bot.html)"
207.46.13.86 - - [12/Jan/2023:13:49:12 +0100] "GET /cotton-floor-cushion-vibes-p-59683.html HTTP/1.0" 200 76800 "-" "Mozilla/5.0 (compatible; bingbot/2.0; +http://www.bing.com/bingbot.htm)"
40.77.167.48 - - [12/Jan/2023:13:49:26 +0100] "GET /ceramic-salt-with-spoon-faustine-p-47873.html HTTP/1.0" 200 73095 "-" "Mozilla/5.0 AppleWebKit/537.36 (KHTML, like Gecko; compatible; bingbot/2.0; +http://www.bing.com/bingbot.htm) Chrome/103.0.5060.134 Safari/537.36"
40.77.167.48 - - [12/Jan/2023:13:50:16 +0100] "GET /-p-16005.html HTTP/1.0" 200 72987 "-" "Mozilla/5.0 AppleWebKit/537.36 (KHTML, like Gecko; compatible; bingbot/2.0; +http://www.bing.com/bingbot.htm) Chrome/103.0.5060.134 Safari/537.36"
207.46.13.86 - - [12/Jan/2023:13:50:39 +0100] "GET /macaron-alarm-clock-cbkreation-p-25005.html HTTP/1.0" 200 75746 "-" "Mozilla/5.0 AppleWebKit/537.36 (KHTML, like Gecko; compatible; bingbot/2.0; +http://www.bing.com/bingbot.htm) Chrome/103.0.5060.134 Safari/537.36"
66.249.66.8 - - [12/Jan/2023:13:50:43 +0100] "GET /images/mini_prod/3371010348527.jpg HTTP/1.0" 200 269 "-" "Googlebot-Image/1.0"
147.92.153.10 - - [12/Jan/2023:13:50:44 +0100] "GET /images/big_prod/1328399319497.jpg HTTP/1.0" 200 268 "-" "Mozilla/5.0 (compatible; Linespider/1.1; +https://lin.ee/4dwXkTH)"
207.46.13.53 - - [12/Jan/2023:13:50:44 +0100] "GET /-p-30610.html HTTP/1.0" 200 72987 "-" "Mozilla/5.0 AppleWebKit/537.36 (KHTML, like Gecko; compatible; bingbot/2.0; +http://www.bing.com/bingbot.htm) Chrome/103.0.5060.134 Safari/537.36"
185.191.171.44 - - [12/Jan/2023:13:51:02 +0100] "GET /cotton-floor-cushion-yellow-p-44044.html HTTP/1.0" 200 76460 "-" "Mozilla/5.0 (compatible; SemrushBot/7~bl; +http://www.semrush.com/bot.html)"
185.191.171.20 - - [12/Jan/2023:13:51:13 +0100] "GET /-p-13956.html HTTP/1.0" 200 72987 "-" "Mozilla/5.0 (compatible; SemrushBot/7~bl; +http://www.semrush.com/bot.html)"
66.249.66.144 - - [12/Jan/2023:13:51:30 +0100] "GET /decorative-ball-silver-resin-p-57064.html HTTP/1.0" 200 76378 "-" "Mozilla/5.0 (Linux; Android 6.0.1; Nexus 5X Build/MMB29P) AppleWebKit/537.36 (KHTML, like Gecko) Chrome/107.0.5304.115 Mobile Safari/537.36 (compatible; Googlebot/2.1; +http://www.google.com/bot.html)"
207.46.13.53 - - [12/Jan/2023:13:51:43 +0100] "GET /angel-bell-metal-p-38732.html HTTP/1.0" 200 75616 "-" "Mozilla/5.0 (compatible; bingbot/2.0; +http://www.bing.com/bingbot.htm)"
185.191.171.24 - - [12/Jan/2023:13:51:49 +0100] "GET /hello-kitty-p-20079.html HTTP/1.0" 200 80889 "-" "Mozilla/5.0 (compatible; SemrushBot/7~bl; +http://www.semrush.com/bot.html)"
185.191.171.15 - - [12/Jan/2023:13:51:53 +0100] "GET /-p-18068.html HTTP/1.0" 200 72987 "-" "Mozilla/5.0 (compatible; SemrushBot/7~bl; +http://www.semrush.com/bot.html)"
185.191.171.14 - - [12/Jan/2023:13:51:57 +0100] "GET /little-prince-saint-exupery-bowl-p-44843.html HTTP/1.0" 200 73119 "-" "Mozilla/5.0 (compatible; SemrushBot/7~bl; +http://www.semrush.com/bot.html)"
185.191.171.26 - - [12/Jan/2023:13:52:05 +0100] "GET /please-disturb-metal-plate-p-29226.html HTTP/1.0" 200 75760 "-" "Mozilla/5.0 (compatible; SemrushBot/7~bl; +http://www.semrush.com/bot.html)"
185.191.171.22 - - [12/Jan/2023:13:52:49 +0100] "GET /smiley-p-16722.html HTTP/1.0" 200 75543 "-" "Mozilla/5.0 (compatible; SemrushBot/7~bl; +http://www.semrush.com/bot.html)"
207.46.13.177 - - [12/Jan/2023:13:52:52 +0100] "GET /gorjuss-fiesta-triple-pocket-rucksack-dreamer-p-47758.html HTTP/1.0" 200 75987 "-" "Mozilla/5.0 AppleWebKit/537.36 (KHTML, like Gecko; compatible; bingbot/2.0; +http://www.bing.com/bingbot.htm) Chrome/103.0.5060.134 Safari/537.36"
207.46.13.183 - - [12/Jan/2023:13:52:56 +0100] "GET /scent-heart-home-baubles-berries-p-53332.html HTTP/1.0" 200 73128 "-" "Mozilla/5.0 AppleWebKit/537.36 (KHTML, like Gecko; compatible; bingbot/2.0; +http://www.bing.com/bingbot.htm) Chrome/103.0.5060.134 Safari/537.36"
40.77.167.48 - - [12/Jan/2023:13:53:07 +0100] "GET /cotton-bath-ivory-color-p-48699.html HTTP/1.0" 301 73054 "-" "Mozilla/5.0 (compatible; bingbot/2.0; +http://www.bing.com/bingbot.htm)"
185.191.171.33 - - [12/Jan/2023:13:53:34 +0100] "GET /candy-cloud-coin-purse-dasha-p-49865.html HTTP/1.0" 200 75690 "-" "Mozilla/5.0 (compatible; SemrushBot/7~bl; +http://www.semrush.com/bot.html)"
66.249.66.72 - - [12/Jan/2023:13:53:40 +0100] "GET /favicon.ico HTTP/1.0" 200 260 "-" "Googlebot-Image/1.0"
185.191.171.25 - - [12/Jan/2023:13:53:42 +0100] "GET /-p-40775.html HTTP/1.0" 200 72987 "-" "Mozilla/5.0 (compatible; SemrushBot/7~bl; +http://www.semrush.com/bot.html)"
185.191.171.34 - - [12/Jan/2023:13:53:47 +0100] "GET /world-pendulum-p-59237.html HTTP/1.0" 200 76209 "-" "Mozilla/5.0 (compatible; SemrushBot/7~bl; +http://www.semrush.com/bot.html)"
207.46.13.183 - - [12/Jan/2023:13:54:02 +0100] "GET /car-air-freshener-heart-and-home-welcome-home-p-40609.html HTTP/1.0" 301 76080 "-" "Mozilla/5.0 (compatible; bingbot/2.0; +http://www.bing.com/bingbot.htm)"
40.77.167.48 - - [12/Jan/2023:13:54:06 +0100] "GET /index.php HTTP/1.0" 200 98186 "-" "Mozilla/5.0 AppleWebKit/537.36 (KHTML, like Gecko; compatible; bingbot/2.0; +http://www.bing.com/bingbot.htm) Chrome/103.0.5060.134 Safari/537.36"
185.191.171.21 - - [12/Jan/2023:13:54:15 +0100] "GET /bamboo-fiber-plant-cover-p-58901.html HTTP/1.0" 200 76382 "-" "Mozilla/5.0 (compatible; SemrushBot/7~bl; +http://www.semrush.com/bot.html)"
66.249.66.8 - - [12/Jan/2023:13:55:03 +0100] "GET /stella-ultrasonic-diffuser-p-57381.html HTTP/1.0" 200 76807 "-" "Mozilla/5.0 (compatible; Googlebot/2.1; +http://www.google.com/bot.html)"
66.249.66.39 - - [12/Jan/2023:13:55:08 +0100] "GET /images/big_prod_1/b5051276247670.jpg HTTP/1.0" 200 271 "-" "Googlebot-Image/1.0"
185.191.171.35 - - [12/Jan/2023:13:55:12 +0100] "GET /moroccan-ceramic-ashtray-p-59729.html HTTP/1.0" 200 76440 "-" "Mozilla/5.0 (compatible; SemrushBot/7~bl; +http://www.semrush.com/bot.html)"
66.249.66.39 - - [12/Jan/2023:13:55:23 +0100] "GET /blue-little-prince-money-p-49730.html HTTP/1.0" 200 75696 "-" "Mozilla/5.0 (Linux; Android 6.0.1; Nexus 5X Build/MMB29P) AppleWebKit/537.36 (KHTML, like Gecko) Chrome/107.0.5304.115 Mobile Safari/537.36 (compatible; Googlebot/2.1; +http://www.google.com/bot.html)"
51.68.224.127 - - [12/Jan/2023:13:55:34 +0100] "GET /adminweb/export_orders_xml.php?token=256de2z6edz6ed2z6DFSFsed2zed6zeDSFDSGdzedezfzf&maxorders=10&orderstart=1&status=14&start_date=2018-10-01 HTTP/1.0" 200 285 "-" "GesCom CharlotteBoutik Serveur"
51.68.224.127 - - [12/Jan/2023:13:55:34 +0100] "GET /adminweb/export_orders_xml.php?token=256de2z6edz6ed2z6DFSFsed2zed6zeDSFDSGdzedezfzf&maxorders=10&orderstart=1&status=6&start_date=2018-10-01 HTTP/1.0" 200 34006 "-" "GesCom CharlotteBoutik Serveur"
185.191.171.25 - - [12/Jan/2023:13:55:40 +0100] "GET /royal-burgundy-ceramic-flowerpot-p-42174.html HTTP/1.0" 200 73105 "-" "Mozilla/5.0 (compatible; SemrushBot/7~bl; +http://www.semrush.com/bot.html)"
207.46.13.120 - - [12/Jan/2023:13:55:47 +0100] "GET /british-guard-moneybox-p-34170.html HTTP/1.0" 200 73065 "-" "Mozilla/5.0 AppleWebKit/537.36 (KHTML, like Gecko; compatible; bingbot/2.0; +http://www.bing.com/bingbot.htm) Chrome/103.0.5060.134 Safari/537.36"
207.46.13.120 - - [12/Jan/2023:13:55:57 +0100] "GET /cats-dubout-paperweight-p-38717.html HTTP/1.0" 200 76631 "-" "Mozilla/5.0 AppleWebKit/537.36 (KHTML, like Gecko; compatible; bingbot/2.0; +http://www.bing.com/bingbot.htm) Chrome/103.0.5060.134 Safari/537.36"
23.100.232.233 - - [12/Jan/2023:13:56:10 +0100] "GET /luggages-schoolbags-leather-shop/suitcaselittle-suitcase-trolley/minnie-and-mickey-mouse-little-suitcase-p-22636.html HTTP/1.0" 301 73054 "-" "Mozilla/5.0 (compatible; MSIE 9.0; Windows NT 6.0; Trident/5.0;  Trident/5.0)"
23.100.232.233 - - [12/Jan/2023:13:56:12 +0100] "GET /-p-22636.html HTTP/1.0" 200 72987 "-" "Mozilla/5.0 (compatible; MSIE 9.0; Windows NT 6.0; Trident/5.0;  Trident/5.0)"
23.100.232.233 - - [12/Jan/2023:13:56:16 +0100] "GET /templates/Pixame_v1/stylesheet.css HTTP/1.0" 200 267 "http://www.wonder-geek.com/-p-22636.html" "Mozilla/5.0 (compatible; MSIE 9.0; Windows NT 6.0; Trident/5.0;  Trident/5.0)"
23.100.232.233 - - [12/Jan/2023:13:56:16 +0100] "GET /js/jquery.js HTTP/1.0" 200 252 "http://www.wonder-geek.com/-p-22636.html" "Mozilla/5.0 (compatible; MSIE 9.0; Windows NT 6.0; Trident/5.0;  Trident/5.0)"
23.100.232.233 - - [12/Jan/2023:13:56:17 +0100] "GET /js/jquery.jqzoom.js HTTP/1.0" 200 259 "http://www.wonder-geek.com/-p-22636.html" "Mozilla/5.0 (compatible; MSIE 9.0; Windows NT 6.0; Trident/5.0;  Trident/5.0)"
23.100.232.233 - - [12/Jan/2023:13:56:17 +0100] "GET /mondial_relay/js/jquery-1.3.2.min.js HTTP/1.0" 200 276 "http://www.wonder-geek.com/-p-22636.html" "Mozilla/5.0 (compatible; MSIE 9.0; Windows NT 6.0; Trident/5.0;  Trident/5.0)"
23.100.232.233 - - [12/Jan/2023:13:56:17 +0100] "GET /swfobject.js HTTP/1.0" 404 1308 "http://www.wonder-geek.com/-p-22636.html" "Mozilla/5.0 (compatible; MSIE 9.0; Windows NT 6.0; Trident/5.0;  Trident/5.0)"
23.100.232.233 - - [12/Jan/2023:13:56:17 +0100] "GET /highslide/highslide.js HTTP/1.0" 200 262 "http://www.wonder-geek.com/-p-22636.html" "Mozilla/5.0 (compatible; MSIE 9.0; Windows NT 6.0; Trident/5.0;  Trident/5.0)"
23.100.232.233 - - [12/Jan/2023:13:56:18 +0100] "GET /style.ie7.css HTTP/1.0" 404 1308 "http://www.wonder-geek.com/-p-22636.html" "Mozilla/5.0 (compatible; MSIE 9.0; Windows NT 6.0; Trident/5.0;  Trident/5.0)"
23.100.232.233 - - [12/Jan/2023:13:56:19 +0100] "GET /templates/Pixame_v1/images/flash.swf HTTP/1.0" 200 290 "http://www.wonder-geek.com/-p-22636.html" "Mozilla/5.0 (compatible; MSIE 9.0; Windows NT 6.0; Trident/5.0;  Trident/5.0)"
23.100.232.233 - - [12/Jan/2023:13:56:21 +0100] "GET /highslide/graphics/zoomout.cur HTTP/1.0" 200 614 "http://www.wonder-geek.com/-p-22636.html" "Mozilla/5.0 (compatible; MSIE 9.0; Windows NT 6.0; Trident/5.0;  Trident/5.0)"
207.46.13.53 - - [12/Jan/2023:13:56:25 +0100] "GET /piston-skull-zippo-lighter-p-37653.html HTTP/1.0" 200 73108 "-" "Mozilla/5.0 AppleWebKit/537.36 (KHTML, like Gecko; compatible; bingbot/2.0; +http://www.bing.com/bingbot.htm) Chrome/103.0.5060.134 Safari/537.36"
207.46.13.177 - - [12/Jan/2023:13:56:31 +0100] "GET /christmas-tree-ornament-christmas-balls-c-13_271.html HTTP/1.0" 200 93407 "-" "Mozilla/5.0 (compatible; bingbot/2.0; +http://www.bing.com/bingbot.htm)"
185.191.171.22 - - [12/Jan/2023:13:56:52 +0100] "GET /large-triptych-hanging-clock-airplane-metal-wood-p-51998.html HTTP/1.0" 200 73195 "-" "Mozilla/5.0 (compatible; SemrushBot/7~bl; +http://www.semrush.com/bot.html)"
207.46.13.86 - - [12/Jan/2023:13:57:00 +0100] "GET /ballerina-jewelry-p-36933.html HTTP/1.0" 200 73053 "-" "Mozilla/5.0 AppleWebKit/537.36 (KHTML, like Gecko; compatible; bingbot/2.0; +http://www.bing.com/bingbot.htm) Chrome/103.0.5060.134 Safari/537.36"
138.2.153.80 - - [12/Jan/2023:13:57:06 +0100] "GET /templates/Pixame_v1/images/icon_accueil2.png HTTP/1.0" 200 278 "-" "-"
185.191.171.13 - - [12/Jan/2023:13:57:05 +0100] "GET /resin-statue-little-monk-yellow-dress-p-51510.html HTTP/1.0" 200 73131 "-" "Mozilla/5.0 (compatible; SemrushBot/7~bl; +http://www.semrush.com/bot.html)"
138.2.153.80 - - [12/Jan/2023:13:57:10 +0100] "GET /templates/Pixame_v1/images/infobox/pixel_trans.gif HTTP/1.0" 200 328 "-" "-"
138.2.153.80 - - [12/Jan/2023:13:57:15 +0100] "GET /images/pixel_trans.gif HTTP/1.0" 200 328 "-" "-"
138.2.153.80 - - [12/Jan/2023:13:57:20 +0100] "GET /templates/Pixame_v1/images/pixel_trans.gif HTTP/1.0" 200 328 "-" "-"
207.46.13.86 - - [12/Jan/2023:13:57:20 +0100] "GET /ceramic-vase-gogh-starry-night-p-53524.html HTTP/1.0" 200 77296 "-" "Mozilla/5.0 (compatible; bingbot/2.0; +http://www.bing.com/bingbot.htm)"
138.2.153.80 - - [12/Jan/2023:13:57:24 +0100] "GET /images/big_prod/4542202657164.jpg HTTP/1.0" 200 268 "-" "-"
138.2.153.80 - - [12/Jan/2023:13:57:30 +0100] "GET /images/big_prod_1/4542202657164B.jpg HTTP/1.0" 200 271 "-" "-"
185.191.171.40 - - [12/Jan/2023:13:57:30 +0100] "GET /wick-ellipse-candle-heart-home-christmas-tree-p-53321.html HTTP/1.0" 200 73173 "-" "Mozilla/5.0 (compatible; SemrushBot/7~bl; +http://www.semrush.com/bot.html)"
185.191.171.9 - - [12/Jan/2023:13:57:37 +0100] "GET /-p-48727.html HTTP/1.0" 200 72987 "-" "Mozilla/5.0 (compatible; SemrushBot/7~bl; +http://www.semrush.com/bot.html)"
185.191.171.42 - - [12/Jan/2023:13:57:45 +0100] "GET /kimmi-junior-bella-coin-purse-p-8737.html HTTP/1.0" 200 75830 "-" "Mozilla/5.0 (compatible; SemrushBot/7~bl; +http://www.semrush.com/bot.html)"
185.191.171.16 - - [12/Jan/2023:13:57:57 +0100] "GET /paul-frank-notebook-keyring-p-9933.html HTTP/1.0" 200 75761 "-" "Mozilla/5.0 (compatible; SemrushBot/7~bl; +http://www.semrush.com/bot.html)"
185.191.171.7 - - [12/Jan/2023:13:58:27 +0100] "GET /frozen-elsa-anna-jewelry-p-37027.html HTTP/1.0" 200 76554 "-" "Mozilla/5.0 (compatible; SemrushBot/7~bl; +http://www.semrush.com/bot.html)"
207.46.13.53 - - [12/Jan/2023:13:58:44 +0100] "GET /candle-virgin-child-p-48670.html HTTP/1.0" 200 75679 "-" "Mozilla/5.0 AppleWebKit/537.36 (KHTML, like Gecko; compatible; bingbot/2.0; +http://www.bing.com/bingbot.htm) Chrome/103.0.5060.134 Safari/537.36"
17.241.219.65 - - [12/Jan/2023:13:58:46 +0100] "GET /images/mini_prod/3503420056178.jpg HTTP/1.0" 200 269 "-" "Mozilla/5.0 (Macintosh; Intel Mac OS X 10_15_5) AppleWebKit/605.1.15 (KHTML, like Gecko) Version/13.1.1 Safari/605.1.15 (Applebot/0.1; +http://www.apple.com/go/applebot)"
207.46.13.120 - - [12/Jan/2023:13:58:58 +0100] "GET /-p-38835.html HTTP/1.0" 200 72987 "-" "Mozilla/5.0 (compatible; bingbot/2.0; +http://www.bing.com/bingbot.htm)"
207.46.13.120 - - [12/Jan/2023:13:59:01 +0100] "GET /ceramic-salt-with-spoon-inaya-blue-p-50604.html HTTP/1.0" 200 73099 "-" "Mozilla/5.0 AppleWebKit/537.36 (KHTML, like Gecko; compatible; bingbot/2.0; +http://www.bing.com/bingbot.htm) Chrome/103.0.5060.134 Safari/537.36"
66.249.66.214 - - [12/Jan/2023:13:59:17 +0100] "GET /array-m-289.html?page=6 HTTP/1.0" 200 95035 "-" "Mozilla/5.0 (Linux; Android 6.0.1; Nexus 5X Build/MMB29P) AppleWebKit/537.36 (KHTML, like Gecko) Chrome/107.0.5304.115 Mobile Safari/537.36 (compatible; Googlebot/2.1; +http://www.google.com/bot.html)"
207.46.13.53 - - [12/Jan/2023:13:59:25 +0100] "GET /raving-rabbids-lucha-libre-p-18098.html HTTP/1.0" 200 75659 "-" "Mozilla/5.0 AppleWebKit/537.36 (KHTML, like Gecko; compatible; bingbot/2.0; +http://www.bing.com/bingbot.htm) Chrome/103.0.5060.134 Safari/537.36"
207.46.13.183 - - [12/Jan/2023:13:59:34 +0100] "GET /simpsons-towel-p-10255.html HTTP/1.0" 301 73054 "-" "Mozilla/5.0 (compatible; bingbot/2.0; +http://www.bing.com/bingbot.htm)"
207.46.13.183 - - [12/Jan/2023:13:59:36 +0100] "GET /minions-despicable-backpack-p-35792.html HTTP/1.0" 200 75961 "-" "Mozilla/5.0 AppleWebKit/537.36 (KHTML, like Gecko; compatible; bingbot/2.0; +http://www.bing.com/bingbot.htm) Chrome/103.0.5060.134 Safari/537.36"
114.119.132.146 - - [12/Jan/2023:13:59:43 +0100] "GET /quote-wooden-wall-decoration-hang-p-43082.html HTTP/1.0" 200 75739 "http://www.wonder-geek.com/home-decoration-c-13.html?page=33" "Mozilla/5.0 (Linux; Android 7.0;) AppleWebKit/537.36 (KHTML, like Gecko) Mobile Safari/537.36 (compatible; PetalBot;+https://webmaster.petalsearch.com/site/petalbot)"
185.191.171.4 - - [12/Jan/2023:14:00:05 +0100] "GET /iron-statue-candy-p-30912.html HTTP/1.0" 200 75714 "-" "Mozilla/5.0 (compatible; SemrushBot/7~bl; +http://www.semrush.com/bot.html)"
207.46.13.86 - - [12/Jan/2023:14:00:30 +0100] "GET /industrial-retro-clock-in-aged-metal-31-285-cm-p-48585.html HTTP/1.0" 301 73054 "-" "Mozilla/5.0 (compatible; bingbot/2.0; +http://www.bing.com/bingbot.htm)"
185.191.171.41 - - [12/Jan/2023:14:00:31 +0100] "GET /super-mario-ceramic-p-53479.html HTTP/1.0" 200 76468 "-" "Mozilla/5.0 (compatible; SemrushBot/7~bl; +http://www.semrush.com/bot.html)"
207.46.13.120 - - [12/Jan/2023:14:00:48 +0100] "GET /star-wars-clock-p-35775.html HTTP/1.0" 301 73054 "-" "Mozilla/5.0 AppleWebKit/537.36 (KHTML, like Gecko; compatible; bingbot/2.0; +http://www.bing.com/bingbot.htm) Chrome/103.0.5060.134 Safari/537.36"
207.46.13.120 - - [12/Jan/2023:14:00:58 +0100] "GET /nici-wallet-mirror-p-19274.html HTTP/1.0" 200 76171 "-" "Mozilla/5.0 AppleWebKit/537.36 (KHTML, like Gecko; compatible; bingbot/2.0; +http://www.bing.com/bingbot.htm) Chrome/103.0.5060.134 Safari/537.36"
218.145.218.155 - - [12/Jan/2023:14:01:12 +0100] "GET /images/mini_prod/5036278061066.jpg HTTP/1.0" 200 269 "-" "Mozilla/5.0 (X11; Ubuntu; Linux x86_64; rv:72.0) Gecko/20100101 Firefox/72.0"
185.191.171.37 - - [12/Jan/2023:14:01:12 +0100] "GET /duvet-cover-cotton-percale-threads-p-52101.html HTTP/1.0" 200 76585 "-" "Mozilla/5.0 (compatible; SemrushBot/7~bl; +http://www.semrush.com/bot.html)"
114.119.140.60 - - [12/Jan/2023:14:01:16 +0100] "GET /images/mini_prod/8055277547194.jpg HTTP/1.0" 200 269 "http://www.wonder-geek.com/backpacks-c-31_77.html?page=3" "Mozilla/5.0 (Linux; Android 7.0;) AppleWebKit/537.36 (KHTML, like Gecko) Mobile Safari/537.36 (compatible; PetalBot;+https://webmaster.petalsearch.com/site/petalbot)"
185.191.171.19 - - [12/Jan/2023:14:01:30 +0100] "GET /paris-glass-cutting-board-cbkreation-p-51470.html HTTP/1.0" 200 75731 "-" "Mozilla/5.0 (compatible; SemrushBot/7~bl; +http://www.semrush.com/bot.html)"
207.46.13.120 - - [12/Jan/2023:14:01:38 +0100] "GET /-p-32103.html HTTP/1.0" 200 72987 "-" "Mozilla/5.0 (compatible; bingbot/2.0; +http://www.bing.com/bingbot.htm)"
207.46.13.177 - - [12/Jan/2023:14:01:42 +0100] "GET /decorations/jewelry-boxes-and-music-boxes/musical-minnie-mouse-and-mickey-paris-jewelry-box-p-22602.html HTTP/1.0" 301 73054 "-" "Mozilla/5.0 AppleWebKit/537.36 (KHTML, like Gecko; compatible; bingbot/2.0; +http://www.bing.com/bingbot.htm) Chrome/103.0.5060.134 Safari/537.36"
207.46.13.86 - - [12/Jan/2023:14:02:21 +0100] "GET /french-bulldog-eggcup-p-33470.html HTTP/1.0" 200 75690 "-" "Mozilla/5.0 (compatible; bingbot/2.0; +http://www.bing.com/bingbot.htm)"
207.46.13.177 - - [12/Jan/2023:14:02:25 +0100] "GET /body-baby-knight-p-50931.html HTTP/1.0" 200 75529 "-" "Mozilla/5.0 AppleWebKit/537.36 (KHTML, like Gecko; compatible; bingbot/2.0; +http://www.bing.com/bingbot.htm) Chrome/103.0.5060.134 Safari/537.36"
114.119.156.154 - - [12/Jan/2023:14:02:34 +0100] "GET /images/big_prod/5051276459448.jpg HTTP/1.0" 200 268 "http://www.wonder-geek.com/heart-home-animated-candle-carousel-gift-p-59022.html" "Mozilla/5.0 (Linux; Android 7.0;) AppleWebKit/537.36 (KHTML, like Gecko) Mobile Safari/537.36 (compatible; PetalBot;+https://webmaster.petalsearch.com/site/petalbot)"
207.46.13.183 - - [12/Jan/2023:14:02:54 +0100] "GET /images/1399984228029.jpg HTTP/1.0" 200 259 "-" "Mozilla/5.0 AppleWebKit/537.36 (KHTML, like Gecko; compatible; bingbot/2.0; +http://www.bing.com/bingbot.htm) Chrome/103.0.5060.134 Safari/537.36"
207.46.13.183 - - [12/Jan/2023:14:02:55 +0100] "GET /angel-glitter-ball-p-27611.html HTTP/1.0" 200 75833 "-" "Mozilla/5.0 (compatible; bingbot/2.0; +http://www.bing.com/bingbot.htm)"
207.46.13.120 - - [12/Jan/2023:14:02:58 +0100] "GET /dora-explorater-ceiling-light-glass-p-18758.html HTTP/1.0" 301 73054 "-" "Mozilla/5.0 (compatible; bingbot/2.0; +http://www.bing.com/bingbot.htm)"
66.249.66.70 - - [12/Jan/2023:14:03:11 +0100] "GET /cushion-cherry-pits-p-54265.html HTTP/1.0" 200 76347 "-" "Mozilla/5.0 (Linux; Android 6.0.1; Nexus 5X Build/MMB29P) AppleWebKit/537.36 (KHTML, like Gecko) Chrome/107.0.5304.115 Mobile Safari/537.36 (compatible; Googlebot/2.1; +http://www.google.com/bot.html)"
40.77.167.48 - - [12/Jan/2023:14:03:17 +0100] "GET /images/big_prod/3700281647785.jpg HTTP/1.0" 200 268 "-" "Mozilla/5.0 (compatible; bingbot/2.0; +http://www.bing.com/bingbot.htm)"
185.191.171.43 - - [12/Jan/2023:14:03:22 +0100] "GET /stone-black-moonstone-grams-p-46623.html HTTP/1.0" 200 73095 "-" "Mozilla/5.0 (compatible; SemrushBot/7~bl; +http://www.semrush.com/bot.html)"
66.249.66.68 - - [12/Jan/2023:14:03:35 +0100] "GET /sculpted-resin-celtic-goddesses-p-57561.html HTTP/1.0" 200 75884 "-" "Mozilla/5.0 (Linux; Android 6.0.1; Nexus 5X Build/MMB29P) AppleWebKit/537.36 (KHTML, like Gecko) Chrome/109.0.5414.74 Mobile Safari/537.36 (compatible; Googlebot/2.1; +http://www.google.com/bot.html)"
185.191.171.16 - - [12/Jan/2023:14:03:36 +0100] "GET /jasmin-keychains-p-32019.html HTTP/1.0" 200 75801 "-" "Mozilla/5.0 (compatible; SemrushBot/7~bl; +http://www.semrush.com/bot.html)"
185.191.171.25 - - [12/Jan/2023:14:03:44 +0100] "GET /kaloo-plume-lilac-bear-soft-p-15729.html HTTP/1.0" 200 73125 "-" "Mozilla/5.0 (compatible; SemrushBot/7~bl; +http://www.semrush.com/bot.html)"
207.46.13.120 - - [12/Jan/2023:14:03:49 +0100] "GET /dubout-cats-compact-mirror-p-34469.html HTTP/1.0" 200 75697 "-" "Mozilla/5.0 AppleWebKit/537.36 (KHTML, like Gecko; compatible; bingbot/2.0; +http://www.bing.com/bingbot.htm) Chrome/103.0.5060.134 Safari/537.36"
114.119.138.250 - - [12/Jan/2023:14:03:58 +0100] "GET /images/big_prod/3700344880173.jpg HTTP/1.0" 200 268 "http://www.wonder-geek.com/novena-candle-mary-unties-knots-p-59350.html" "Mozilla/5.0 (Linux; Android 7.0;) AppleWebKit/537.36 (KHTML, like Gecko) Mobile Safari/537.36 (compatible; PetalBot;+https://webmaster.petalsearch.com/site/petalbot)"
185.191.171.1 - - [12/Jan/2023:14:04:05 +0100] "GET /melt-violet-moon-p-42621.html HTTP/1.0" 200 73076 "-" "Mozilla/5.0 (compatible; SemrushBot/7~bl; +http://www.semrush.com/bot.html)"
207.46.13.53 - - [12/Jan/2023:14:04:37 +0100] "GET /cement-tile-stickers-beige-gold-p-45006.html HTTP/1.0" 200 76664 "-" "Mozilla/5.0 AppleWebKit/537.36 (KHTML, like Gecko; compatible; bingbot/2.0; +http://www.bing.com/bingbot.htm) Chrome/103.0.5060.134 Safari/537.36"
207.46.13.120 - - [12/Jan/2023:14:04:41 +0100] "GET /espresso-cups-bistro-p-49738.html HTTP/1.0" 200 73059 "-" "Mozilla/5.0 AppleWebKit/537.36 (KHTML, like Gecko; compatible; bingbot/2.0; +http://www.bing.com/bingbot.htm) Chrome/103.0.5060.134 Safari/537.36"
40.77.167.48 - - [12/Jan/2023:14:04:57 +0100] "GET /marley-zippo-lighter-p-41035.html HTTP/1.0" 200 73065 "-" "Mozilla/5.0 AppleWebKit/537.36 (KHTML, like Gecko; compatible; bingbot/2.0; +http://www.bing.com/bingbot.htm) Chrome/103.0.5060.134 Safari/537.36"
185.191.171.44 - - [12/Jan/2023:14:05:00 +0100] "GET /magnetic-globe-p-51890.html HTTP/1.0" 200 76212 "-" "Mozilla/5.0 (compatible; SemrushBot/7~bl; +http://www.semrush.com/bot.html)"
185.191.171.21 - - [12/Jan/2023:14:05:41 +0100] "GET /cups-c-12_248.html HTTP/1.0" 200 88138 "-" "Mozilla/5.0 (compatible; SemrushBot/7~bl; +http://www.semrush.com/bot.html)"
119.8.242.230 - - [12/Jan/2023:14:05:47 +0100] "GET /images/mini_prod/3438100333303.jpg HTTP/1.0" 200 269 "-" "Mozilla/5.0 (X11; Ubuntu; Linux x86_64; rv:72.0) Gecko/20100101 Firefox/72.0"
185.191.171.26 - - [12/Jan/2023:14:05:57 +0100] "GET /amazon-love-cosmetic-purse-butterflies-p-50280.html HTTP/1.0" 200 76122 "-" "Mozilla/5.0 (compatible; SemrushBot/7~bl; +http://www.semrush.com/bot.html)"
185.191.171.24 - - [12/Jan/2023:14:06:01 +0100] "GET /-p-36487.html HTTP/1.0" 200 72987 "-" "Mozilla/5.0 (compatible; SemrushBot/7~bl; +http://www.semrush.com/bot.html)"
207.46.13.53 - - [12/Jan/2023:14:06:36 +0100] "GET /coca-cola-rectangular-large-metal-plate-p-33725.html HTTP/1.0" 200 73133 "-" "Mozilla/5.0 AppleWebKit/537.36 (KHTML, like Gecko; compatible; bingbot/2.0; +http://www.bing.com/bingbot.htm) Chrome/103.0.5060.134 Safari/537.36"
207.46.13.183 - - [12/Jan/2023:14:06:44 +0100] "GET /-p-53425.html HTTP/1.0" 200 72987 "-" "Mozilla/5.0 AppleWebKit/537.36 (KHTML, like Gecko; compatible; bingbot/2.0; +http://www.bing.com/bingbot.htm) Chrome/103.0.5060.134 Safari/537.36"
66.249.66.10 - - [12/Jan/2023:14:07:05 +0100] "GET /luna-bath-towel-p-40757.html HTTP/1.0" 200 75597 "-" "Mozilla/5.0 (Linux; Android 6.0.1; Nexus 5X Build/MMB29P) AppleWebKit/537.36 (KHTML, like Gecko) Chrome/107.0.5304.115 Mobile Safari/537.36 (compatible; Googlebot/2.1; +http://www.google.com/bot.html)"
185.191.171.43 - - [12/Jan/2023:14:07:25 +0100] "GET /-p-49240.html HTTP/1.0" 200 72987 "-" "Mozilla/5.0 (compatible; SemrushBot/7~bl; +http://www.semrush.com/bot.html)"
66.249.66.8 - - [12/Jan/2023:14:07:27 +0100] "GET /images/big_prod_1/1345544890571B.jpg HTTP/1.0" 200 271 "-" "Googlebot-Image/1.0"
66.249.66.210 - - [12/Jan/2023:14:07:47 +0100] "GET /anti-rfid-card-holder-cards-anthracite-p-50173.html HTTP/1.0" 200 76995 "-" "Mozilla/5.0 (Linux; Android 6.0.1; Nexus 5X Build/MMB29P) AppleWebKit/537.36 (KHTML, like Gecko) Chrome/109.0.5414.74 Mobile Safari/537.36 (compatible; Googlebot/2.1; +http://www.google.com/bot.html)"
185.191.171.45 - - [12/Jan/2023:14:08:02 +0100] "GET /stones-rock-crystal-grams-p-46610.html HTTP/1.0" 200 77038 "-" "Mozilla/5.0 (compatible; SemrushBot/7~bl; +http://www.semrush.com/bot.html)"
207.46.13.53 - - [12/Jan/2023:14:08:27 +0100] "GET /-p-51659.html HTTP/1.0" 200 72987 "-" "Mozilla/5.0 AppleWebKit/537.36 (KHTML, like Gecko; compatible; bingbot/2.0; +http://www.bing.com/bingbot.htm) Chrome/103.0.5060.134 Safari/537.36"
185.191.171.39 - - [12/Jan/2023:14:09:01 +0100] "GET /home-decoration-c-13.html?page=210 HTTP/1.0" 200 96139 "-" "Mozilla/5.0 (compatible; SemrushBot/7~bl; +http://www.semrush.com/bot.html)"
23.100.232.233 - - [12/Jan/2023:14:09:03 +0100] "GET /luggages-schoolbags-leather-shop/suitcaselittle-suitcase-trolley/minnie-and-mickey-mouse-little-suitcase-p-22636.html HTTP/1.0" 301 73054 "-" "Mozilla/5.0 (compatible; MSIE 9.0; Windows NT 6.0; Trident/5.0;  Trident/5.0)"
66.249.66.8 - - [12/Jan/2023:14:09:03 +0100] "GET /bamboo-fiber-plant-cover-p-55178.html HTTP/1.0" 200 73073 "-" "Mozilla/5.0 (compatible; Googlebot/2.1; +http://www.google.com/bot.html)"
23.100.232.233 - - [12/Jan/2023:14:09:05 +0100] "GET /-p-22636.html HTTP/1.0" 200 72987 "-" "Mozilla/5.0 (compatible; MSIE 9.0; Windows NT 6.0; Trident/5.0;  Trident/5.0)"
23.100.232.233 - - [12/Jan/2023:14:09:07 +0100] "GET /templates/Pixame_v1/stylesheet.css HTTP/1.0" 200 267 "http://www.wonder-geek.com/-p-22636.html" "Mozilla/5.0 (compatible; MSIE 9.0; Windows NT 6.0; Trident/5.0;  Trident/5.0)"
23.100.232.233 - - [12/Jan/2023:14:09:08 +0100] "GET /highslide/highslide.js HTTP/1.0" 200 262 "http://www.wonder-geek.com/-p-22636.html" "Mozilla/5.0 (compatible; MSIE 9.0; Windows NT 6.0; Trident/5.0;  Trident/5.0)"
23.100.232.233 - - [12/Jan/2023:14:09:08 +0100] "GET /js/jquery.js HTTP/1.0" 200 252 "http://www.wonder-geek.com/-p-22636.html" "Mozilla/5.0 (compatible; MSIE 9.0; Windows NT 6.0; Trident/5.0;  Trident/5.0)"
23.100.232.233 - - [12/Jan/2023:14:09:08 +0100] "GET /mondial_relay/js/jquery-1.3.2.min.js HTTP/1.0" 200 276 "http://www.wonder-geek.com/-p-22636.html" "Mozilla/5.0 (compatible; MSIE 9.0; Windows NT 6.0; Trident/5.0;  Trident/5.0)"
23.100.232.233 - - [12/Jan/2023:14:09:08 +0100] "GET /js/jquery.jqzoom.js HTTP/1.0" 200 259 "http://www.wonder-geek.com/-p-22636.html" "Mozilla/5.0 (compatible; MSIE 9.0; Windows NT 6.0; Trident/5.0;  Trident/5.0)"
23.100.232.233 - - [12/Jan/2023:14:09:08 +0100] "GET /swfobject.js HTTP/1.0" 404 1308 "http://www.wonder-geek.com/-p-22636.html" "Mozilla/5.0 (compatible; MSIE 9.0; Windows NT 6.0; Trident/5.0;  Trident/5.0)"
23.100.232.233 - - [12/Jan/2023:14:09:08 +0100] "GET /style.ie7.css HTTP/1.0" 404 1308 "http://www.wonder-geek.com/-p-22636.html" "Mozilla/5.0 (compatible; MSIE 9.0; Windows NT 6.0; Trident/5.0;  Trident/5.0)"
23.100.232.233 - - [12/Jan/2023:14:09:08 +0100] "GET /templates/Pixame_v1/images/flash.swf HTTP/1.0" 200 290 "http://www.wonder-geek.com/-p-22636.html" "Mozilla/5.0 (compatible; MSIE 9.0; Windows NT 6.0; Trident/5.0;  Trident/5.0)"
23.100.232.233 - - [12/Jan/2023:14:09:09 +0100] "GET /highslide/graphics/zoomout.cur HTTP/1.0" 200 614 "http://www.wonder-geek.com/-p-22636.html" "Mozilla/5.0 (compatible; MSIE 9.0; Windows NT 6.0; Trident/5.0;  Trident/5.0)"
162.0.227.132 - - [12/Jan/2023:14:09:13 +0100] "HEAD /images/big_prod_1/1328399319190B.jpg HTTP/1.0" 200 293 "http://www.wonder-geek.com/images/big_prod_1/1328399319190B.jpg" "WordPress/6.1.1; https://lirtl.com"
162.0.227.132 - - [12/Jan/2023:14:09:14 +0100] "HEAD /images/big_prod_1/1328399319190B.jpg HTTP/1.0" 200 293 "http://www.wonder-geek.com/images/big_prod_1/1328399319190B.jpg" "WordPress/6.1.1; https://lirtl.com"
162.0.227.132 - - [12/Jan/2023:14:09:15 +0100] "HEAD /images/big_prod_1/1328399319190B.jpg HTTP/1.0" 200 293 "http://www.wonder-geek.com/images/big_prod_1/1328399319190B.jpg" "WordPress/6.1.1; https://lirtl.com"
162.0.227.132 - - [12/Jan/2023:14:09:16 +0100] "HEAD /images/big_prod_1/1328399319190B.jpg HTTP/1.0" 200 293 "http://www.wonder-geek.com/images/big_prod_1/1328399319190B.jpg" "WordPress/6.1.1; https://lirtl.com"
162.0.227.132 - - [12/Jan/2023:14:09:16 +0100] "HEAD /images/big_prod_1/1328399319190B.jpg HTTP/1.0" 200 293 "http://www.wonder-geek.com/images/big_prod_1/1328399319190B.jpg" "WordPress/6.1.1; https://lirtl.com"
162.0.227.132 - - [12/Jan/2023:14:09:16 +0100] "HEAD /images/big_prod_1/1328399319190B.jpg HTTP/1.0" 200 293 "http://www.wonder-geek.com/images/big_prod_1/1328399319190B.jpg" "WordPress/6.1.1; https://lirtl.com"
162.0.227.132 - - [12/Jan/2023:14:09:18 +0100] "HEAD /images/big_prod_1/1328399319190B.jpg HTTP/1.0" 200 293 "http://www.wonder-geek.com/images/big_prod_1/1328399319190B.jpg" "WordPress/6.1.1; https://lirtl.com"
162.0.227.132 - - [12/Jan/2023:14:09:21 +0100] "HEAD /images/big_prod_1/1328399319190B.jpg HTTP/1.0" 200 293 "http://www.wonder-geek.com/images/big_prod_1/1328399319190B.jpg" "WordPress/6.1.1; https://lirtl.com"
162.0.227.132 - - [12/Jan/2023:14:09:23 +0100] "HEAD /images/big_prod_1/1328399319190B.jpg HTTP/1.0" 200 293 "http://www.wonder-geek.com/images/big_prod_1/1328399319190B.jpg" "WordPress/6.1.1; https://lirtl.com"
66.249.66.68 - - [12/Jan/2023:14:09:23 +0100] "GET /images/big_prod_1/9316188076043N.jpg HTTP/1.0" 200 271 "-" "Googlebot-Image/1.0"
162.0.227.132 - - [12/Jan/2023:14:09:25 +0100] "HEAD /images/big_prod_1/1328399319190B.jpg HTTP/1.0" 200 293 "http://www.wonder-geek.com/images/big_prod_1/1328399319190B.jpg" "WordPress/6.1.1; https://lirtl.com"
162.0.227.132 - - [12/Jan/2023:14:09:26 +0100] "HEAD /images/big_prod_1/1328399319190B.jpg HTTP/1.0" 200 293 "http://www.wonder-geek.com/images/big_prod_1/1328399319190B.jpg" "WordPress/6.1.1; https://lirtl.com"
162.0.227.132 - - [12/Jan/2023:14:09:27 +0100] "HEAD /images/big_prod_1/1328399319190B.jpg HTTP/1.0" 200 293 "http://www.wonder-geek.com/images/big_prod_1/1328399319190B.jpg" "WordPress/6.1.1; https://lirtl.com"
162.0.227.132 - - [12/Jan/2023:14:09:32 +0100] "HEAD /images/big_prod_1/1328399319190B.jpg HTTP/1.0" 200 293 "http://www.wonder-geek.com/images/big_prod_1/1328399319190B.jpg" "WordPress/6.1.1; https://lirtl.com"
162.0.227.132 - - [12/Jan/2023:14:09:33 +0100] "HEAD /images/big_prod_1/1328399319190B.jpg HTTP/1.0" 200 293 "http://www.wonder-geek.com/images/big_prod_1/1328399319190B.jpg" "WordPress/6.1.1; https://lirtl.com"
66.249.66.68 - - [12/Jan/2023:14:09:38 +0100] "GET /images/big_prod_1/8718657460727a.jpg HTTP/1.0" 200 271 "-" "Googlebot-Image/1.0"
40.77.167.48 - - [12/Jan/2023:14:09:48 +0100] "GET /minions-melamine-dinner-p-31756.html HTTP/1.0" 200 73077 "-" "Mozilla/5.0 (compatible; bingbot/2.0; +http://www.bing.com/bingbot.htm)"
162.0.227.132 - - [12/Jan/2023:14:09:51 +0100] "HEAD /images/big_prod_1/1328399319190B.jpg HTTP/1.0" 200 293 "http://www.wonder-geek.com/images/big_prod_1/1328399319190B.jpg" "WordPress/6.1.1; https://lirtl.com"
40.77.167.48 - - [12/Jan/2023:14:09:50 +0100] "GET /-p-38816.html HTTP/1.0" 200 72987 "-" "Mozilla/5.0 AppleWebKit/537.36 (KHTML, like Gecko; compatible; bingbot/2.0; +http://www.bing.com/bingbot.htm) Chrome/103.0.5060.134 Safari/537.36"
185.191.171.23 - - [12/Jan/2023:14:09:50 +0100] "GET /citroen-metal-plate-p-37175.html HTTP/1.0" 200 73081 "-" "Mozilla/5.0 (compatible; SemrushBot/7~bl; +http://www.semrush.com/bot.html)"
114.119.128.154 - - [12/Jan/2023:14:09:56 +0100] "GET /llama-love-glasses-case-p-47581.html HTTP/1.0" 200 76289 "http://www.wonder-geek.com/glasses-case-c-31_164.html" "Mozilla/5.0 (Linux; Android 7.0;) AppleWebKit/537.36 (KHTML, like Gecko) Mobile Safari/537.36 (compatible; PetalBot;+https://webmaster.petalsearch.com/site/petalbot)"
207.46.13.86 - - [12/Jan/2023:14:10:01 +0100] "GET /espresso-cups-olive-p-51373.html HTTP/1.0" 200 75648 "-" "Mozilla/5.0 (compatible; bingbot/2.0; +http://www.bing.com/bingbot.htm)"
185.191.171.15 - - [12/Jan/2023:14:10:04 +0100] "GET /soft-toys-security-blanket-c-4_46.html?page=11 HTTP/1.0" 200 84301 "-" "Mozilla/5.0 (compatible; SemrushBot/7~bl; +http://www.semrush.com/bot.html)"
185.191.171.39 - - [12/Jan/2023:14:10:19 +0100] "GET /volkswagen-metal-plate-p-43533.html HTTP/1.0" 200 73121 "-" "Mozilla/5.0 (compatible; SemrushBot/7~bl; +http://www.semrush.com/bot.html)"
66.249.66.144 - - [12/Jan/2023:14:10:39 +0100] "GET /fragrance-sachet-french-vanilla-p-40550.html HTTP/1.0" 200 76377 "-" "Mozilla/5.0 (Linux; Android 6.0.1; Nexus 5X Build/MMB29P) AppleWebKit/537.36 (KHTML, like Gecko) Chrome/107.0.5304.115 Mobile Safari/537.36 (compatible; Googlebot/2.1; +http://www.google.com/bot.html)"
66.249.66.70 - - [12/Jan/2023:14:10:45 +0100] "GET /images/1399984254820.jpg HTTP/1.0" 200 259 "-" "Googlebot-Image/1.0"
162.0.227.132 - - [12/Jan/2023:14:10:47 +0100] "HEAD /images/big_prod_1/1328399319190B.jpg HTTP/1.0" 200 293 "http://www.wonder-geek.com/images/big_prod_1/1328399319190B.jpg" "WordPress/6.1.1; https://lirtl.com"
66.249.66.210 - - [12/Jan/2023:14:10:58 +0100] "GET /christmas-balls-first-christmas-p-56206.html HTTP/1.0" 200 76820 "-" "Mozilla/5.0 (Linux; Android 6.0.1; Nexus 5X Build/MMB29P) AppleWebKit/537.36 (KHTML, like Gecko) Chrome/107.0.5304.115 Mobile Safari/537.36 (compatible; Googlebot/2.1; +http://www.google.com/bot.html)"
114.119.133.190 - - [12/Jan/2023:14:11:29 +0100] "GET /figurine-foxes-in-resin-wood-look-115-cm-p-42180.html HTTP/1.0" 301 75974 "http://www.wonder-geek.com/collectible-figurines-and-decorative-c-13_135.html?page=21" "Mozilla/5.0 (Linux; Android 7.0;) AppleWebKit/537.36 (KHTML, like Gecko) Mobile Safari/537.36 (compatible; PetalBot;+https://webmaster.petalsearch.com/site/petalbot)"
114.119.133.190 - - [12/Jan/2023:14:11:31 +0100] "GET /figurine-foxes-resin-wood-look-p-42180.html HTTP/1.0" 200 75877 "http://www.wonder-geek.com/collectible-figurines-and-decorative-c-13_135.html?page=21" "Mozilla/5.0 (Linux; Android 7.0;) AppleWebKit/537.36 (KHTML, like Gecko) Mobile Safari/537.36 (compatible; PetalBot;+https://webmaster.petalsearch.com/site/petalbot)"
207.46.13.183 - - [12/Jan/2023:14:11:45 +0100] "GET /keel-toys-plush-pipp-panda-p-51011.html HTTP/1.0" 200 75841 "-" "Mozilla/5.0 (compatible; bingbot/2.0; +http://www.bing.com/bingbot.htm)"
51.68.224.127 - - [12/Jan/2023:14:11:54 +0100] "GET /adminweb/export_orders_xml.php?token=256de2z6edz6ed2z6DFSFsed2zed6zeDSFDSGdzedezfzf&maxorders=10&orderstart=1&status=14&start_date=2018-10-01 HTTP/1.0" 200 285 "-" "GesCom CharlotteBoutik Serveur"
51.68.224.127 - - [12/Jan/2023:14:11:54 +0100] "GET /adminweb/export_orders_xml.php?token=256de2z6edz6ed2z6DFSFsed2zed6zeDSFDSGdzedezfzf&maxorders=10&orderstart=1&status=6&start_date=2018-10-01 HTTP/1.0" 200 34006 "-" "GesCom CharlotteBoutik Serveur"
185.191.171.19 - - [12/Jan/2023:14:12:03 +0100] "GET /-p-27025.html HTTP/1.0" 200 72987 "-" "Mozilla/5.0 (compatible; SemrushBot/7~bl; +http://www.semrush.com/bot.html)"
181.105.32.231 - - [12/Jan/2023:14:12:05 +0100] "GET /images/big_prod_1/1328399282500d.jpg HTTP/1.0" 200 271 "-" "Mozilla/5.0 (Windows NT 6.1; Win64; x64; rv:108.0) Gecko/20100101 Firefox/108.0"
185.191.171.18 - - [12/Jan/2023:14:12:18 +0100] "GET /ceramic-with-spoon-gisele-collection-p-52666.html HTTP/1.0" 200 73141 "-" "Mozilla/5.0 (compatible; SemrushBot/7~bl; +http://www.semrush.com/bot.html)"
66.249.66.42 - - [12/Jan/2023:14:12:26 +0100] "GET /images/big_prod/5400924160500.jpg HTTP/1.0" 200 268 "-" "Googlebot-Image/1.0"
114.119.146.12 - - [12/Jan/2023:14:12:30 +0100] "GET /indonesia-collectable-figurine-family-p-57414.html HTTP/1.0" 200 77904 "http://www.wonder-geek.com/collectible-figurines-decorative-c-13_135.html?page=6" "Mozilla/5.0 (Linux; Android 7.0;) AppleWebKit/537.36 (KHTML, like Gecko) Mobile Safari/537.36 (compatible; PetalBot;+https://webmaster.petalsearch.com/site/petalbot)"
185.191.171.21 - - [12/Jan/2023:14:12:41 +0100] "GET /dolce-vita-white-women-shirt-p-30957.html HTTP/1.0" 200 77644 "-" "Mozilla/5.0 (compatible; SemrushBot/7~bl; +http://www.semrush.com/bot.html)"
66.249.66.39 - - [12/Jan/2023:14:12:43 +0100] "GET /images/big_prod/3503420208157.jpg HTTP/1.0" 200 268 "-" "Googlebot-Image/1.0"
185.191.171.10 - - [12/Jan/2023:14:12:44 +0100] "GET /bread-c-13_150_211.html HTTP/1.0" 200 80647 "-" "Mozilla/5.0 (compatible; SemrushBot/7~bl; +http://www.semrush.com/bot.html)"
93.158.161.30 - - [12/Jan/2023:14:13:00 +0100] "GET /dora-explorer-baby-p-2403.html HTTP/1.0" 200 73090 "-" "Mozilla/5.0 (compatible; YandexBot/3.0; +http://yandex.com/bots)"
207.46.13.86 - - [12/Jan/2023:14:13:12 +0100] "GET /yellow-bluetooth-radio-p-47529.html HTTP/1.0" 200 73103 "-" "Mozilla/5.0 (compatible; bingbot/2.0; +http://www.bing.com/bingbot.htm)"
185.191.171.8 - - [12/Jan/2023:14:13:20 +0100] "GET /poster-corsica-p-43697.html HTTP/1.0" 200 75626 "-" "Mozilla/5.0 (compatible; SemrushBot/7~bl; +http://www.semrush.com/bot.html)"
207.46.13.86 - - [12/Jan/2023:14:13:40 +0100] "GET /-p-30430.html HTTP/1.0" 200 72987 "-" "Mozilla/5.0 (compatible; bingbot/2.0; +http://www.bing.com/bingbot.htm)"
207.46.13.120 - - [12/Jan/2023:14:13:58 +0100] "GET /incense-satya-arabian-musk-grams-about-sticks-p-51170.html HTTP/1.0" 200 73175 "-" "Mozilla/5.0 (compatible; bingbot/2.0; +http://www.bing.com/bingbot.htm)"
185.191.171.13 - - [12/Jan/2023:14:13:59 +0100] "GET /shop-c-155.html HTTP/1.0" 200 91290 "-" "Mozilla/5.0 (compatible; SemrushBot/7~bl; +http://www.semrush.com/bot.html)"
114.119.137.67 - - [12/Jan/2023:14:14:12 +0100] "GET /black-fuel-pump-clock-p-55409.html HTTP/1.0" 200 73061 "http://www.wonder-geek.com/home-and-decoration-c-13.html?page=193" "Mozilla/5.0 (Linux; Android 7.0;) AppleWebKit/537.36 (KHTML, like Gecko) Mobile Safari/537.36 (compatible; PetalBot;+https://webmaster.petalsearch.com/site/petalbot)"
66.249.66.210 - - [12/Jan/2023:14:14:19 +0100] "GET /poppy-fine-bone-china-p-57259.html HTTP/1.0" 200 76359 "-" "Mozilla/5.0 (Linux; Android 6.0.1; Nexus 5X Build/MMB29P) AppleWebKit/537.36 (KHTML, like Gecko) Chrome/109.0.5414.74 Mobile Safari/537.36 (compatible; Googlebot/2.1; +http://www.google.com/bot.html)"
185.191.171.1 - - [12/Jan/2023:14:14:23 +0100] "GET /-p-45187.html HTTP/1.0" 200 72987 "-" "Mozilla/5.0 (compatible; SemrushBot/7~bl; +http://www.semrush.com/bot.html)"
185.191.171.1 - - [12/Jan/2023:14:14:47 +0100] "GET /metal-wall-capsule-p-58635.html HTTP/1.0" 200 76216 "-" "Mozilla/5.0 (compatible; SemrushBot/7~bl; +http://www.semrush.com/bot.html)"
207.46.13.53 - - [12/Jan/2023:14:14:52 +0100] "GET /cement-tile-stickers-p-51629.html HTTP/1.0" 200 76559 "-" "Mozilla/5.0 (compatible; bingbot/2.0; +http://www.bing.com/bingbot.htm)"
66.249.66.39 - - [12/Jan/2023:14:14:52 +0100] "GET /luna-bath-towel-p-40757.html HTTP/1.0" 200 75597 "-" "Mozilla/5.0 (compatible; Googlebot/2.1; +http://www.google.com/bot.html)"
207.46.13.53 - - [12/Jan/2023:14:15:02 +0100] "GET /camorra-white-shirt-p-30679.html HTTP/1.0" 200 73061 "-" "Mozilla/5.0 (compatible; bingbot/2.0; +http://www.bing.com/bingbot.htm)"
185.191.171.21 - - [12/Jan/2023:14:15:33 +0100] "GET /zebra-money-p-47938.html HTTP/1.0" 200 73063 "-" "Mozilla/5.0 (compatible; SemrushBot/7~bl; +http://www.semrush.com/bot.html)"
185.191.171.18 - - [12/Jan/2023:14:15:36 +0100] "GET /laissez-lucie-faire-make-onyx-p-42654.html HTTP/1.0" 200 73111 "-" "Mozilla/5.0 (compatible; SemrushBot/7~bl; +http://www.semrush.com/bot.html)"
185.191.171.14 - - [12/Jan/2023:14:15:57 +0100] "GET /cats-dubout-figurine-what-dinner-p-44148.html HTTP/1.0" 200 76857 "-" "Mozilla/5.0 (compatible; SemrushBot/7~bl; +http://www.semrush.com/bot.html)"
185.191.171.9 - - [12/Jan/2023:14:16:00 +0100] "GET /porcelain-plants-kiub-p-57951.html HTTP/1.0" 200 76688 "-" "Mozilla/5.0 (compatible; SemrushBot/7~bl; +http://www.semrush.com/bot.html)"
207.46.13.177 - - [12/Jan/2023:14:16:03 +0100] "GET /glass-photo-frame-little-prince-p-47069.html HTTP/1.0" 200 75778 "-" "Mozilla/5.0 (compatible; bingbot/2.0; +http://www.bing.com/bingbot.htm)"
66.249.66.210 - - [12/Jan/2023:14:16:21 +0100] "GET /images/big_prod_1/1300000023702C.jpg HTTP/1.0" 200 271 "-" "Googlebot-Image/1.0"
138.2.153.80 - - [12/Jan/2023:14:16:32 +0100] "GET /templates/Pixame_v1/images/icon_accueil2.png HTTP/1.0" 200 278 "-" "-"
138.2.153.80 - - [12/Jan/2023:14:16:36 +0100] "GET /templates/Pixame_v1/images/infobox/pixel_trans.gif HTTP/1.0" 200 328 "-" "-"
138.2.153.80 - - [12/Jan/2023:14:16:40 +0100] "GET /images/pixel_trans.gif HTTP/1.0" 200 328 "-" "-"
138.2.153.80 - - [12/Jan/2023:14:16:44 +0100] "GET /templates/Pixame_v1/images/pixel_trans.gif HTTP/1.0" 200 328 "-" "-"
66.249.66.6 - - [12/Jan/2023:14:16:45 +0100] "GET /images/big_prod/5051276213521.jpg HTTP/1.0" 200 268 "-" "Googlebot-Image/1.0"
138.2.153.80 - - [12/Jan/2023:14:16:49 +0100] "GET /images/mini_prod/8719497610259.jpg HTTP/1.0" 200 269 "-" "-"
138.2.153.80 - - [12/Jan/2023:14:16:53 +0100] "GET /images/mini_prod/8718969170086.jpg HTTP/1.0" 200 269 "-" "-"
207.46.13.183 - - [12/Jan/2023:14:16:55 +0100] "GET /frankie-stein-monster-high-p-17501.html HTTP/1.0" 200 76401 "-" "Mozilla/5.0 AppleWebKit/537.36 (KHTML, like Gecko; compatible; bingbot/2.0; +http://www.bing.com/bingbot.htm) Chrome/103.0.5060.134 Safari/537.36"
138.2.153.80 - - [12/Jan/2023:14:16:57 +0100] "GET /images/mini_prod/8433933245903.jpg HTTP/1.0" 200 269 "-" "-"
207.46.13.53 - - [12/Jan/2023:14:17:01 +0100] "GET /images/D5411217321171.jpg HTTP/1.0" 200 260 "-" "Mozilla/5.0 AppleWebKit/537.36 (KHTML, like Gecko; compatible; bingbot/2.0; +http://www.bing.com/bingbot.htm) Chrome/103.0.5060.134 Safari/537.36"
138.2.153.80 - - [12/Jan/2023:14:17:01 +0100] "GET /images/mini_prod/1300000023665.jpg HTTP/1.0" 200 269 "-" "-"
207.46.13.53 - - [12/Jan/2023:14:17:02 +0100] "GET /beyblade-p-31769.html HTTP/1.0" 200 73017 "-" "Mozilla/5.0 AppleWebKit/537.36 (KHTML, like Gecko; compatible; bingbot/2.0; +http://www.bing.com/bingbot.htm) Chrome/103.0.5060.134 Safari/537.36"
138.2.153.80 - - [12/Jan/2023:14:17:05 +0100] "GET /images/mini_prod/1300000023641.jpg HTTP/1.0" 200 269 "-" "-"
