107.20.1.87 - - [09/Apr/2023:04:41:56 +0200] "GET /images/mini_prod/MISES-EN-SITUATION-12.jpg HTTP/1.0" 200 277 "-" "Mozilla/5.0 (X11; Ubuntu; Linux x86_64; rv:72.0) Gecko/20100101 Firefox/72.0"
65.108.227.178 - - [09/Apr/2023:04:42:02 +0200] "GET /-p-19479.html HTTP/1.0" 200 73324 "-" "Mozilla/5.0 (compatible; MJ12bot/v1.4.8; http://mj12bot.com/)"
173.252.83.116 - - [09/Apr/2023:04:42:03 +0200] "GET /images/mini_prod/1384010181430.jpg HTTP/1.0" 200 269 "-" "facebookexternalhit/1.1 (+http://www.facebook.com/externalhit_uatext.php)"
54.36.148.157 - - [09/Apr/2023:04:42:02 +0200] "GET /turtles-ninja-glass-p-21409.html HTTP/1.0" 200 76015 "-" "Mozilla/5.0 (compatible; AhrefsBot/7.0; +http://ahrefs.com/robot/)"
149.202.82.11 - - [09/Apr/2023:04:42:07 +0200] "GET /glass-cutting-board-cbkreation-p-51279.html HTTP/1.0" 200 76030 "-" "Mozilla/5.0 (compatible; MJ12bot/v1.4.8; http://mj12bot.com/)"
65.108.227.178 - - [09/Apr/2023:04:42:11 +0200] "GET /minnie-mouse-by-romero-britto-limited-edition-p-39117.html HTTP/1.0" 301 73391 "-" "Mozilla/5.0 (compatible; MJ12bot/v1.4.8; http://mj12bot.com/)"
205.178.182.62 - - [09/Apr/2023:04:42:20 +0200] "GET /images/mini_prod/3574642575150.jpg HTTP/1.0" 200 269 "-" "Mozilla/5.0 (X11; Ubuntu; Linux x86_64; rv:72.0) Gecko/20100101 Firefox/72.0"
149.202.82.11 - - [09/Apr/2023:04:42:22 +0200] "GET /glass-cutting-board-by-cbkreation-p-51280.html HTTP/1.0" 301 76127 "-" "Mozilla/5.0 (compatible; MJ12bot/v1.4.8; http://mj12bot.com/)"
65.108.227.178 - - [09/Apr/2023:04:42:23 +0200] "GET /-p-39117.html HTTP/1.0" 200 73324 "-" "Mozilla/5.0 (compatible; MJ12bot/v1.4.8; http://mj12bot.com/)"
157.90.181.206 - - [09/Apr/2023:04:42:27 +0200] "GET /street-fighter-shirt-p-29589.html HTTP/1.0" 200 77033 "-" "Mozilla/5.0 (compatible; BLEXBot/1.0; +http://webmeup-crawler.com/)"
65.108.227.178 - - [09/Apr/2023:04:42:37 +0200] "GET /minnie-mouse-figure-collection-britto-p-34383.html HTTP/1.0" 200 73468 "-" "Mozilla/5.0 (compatible; MJ12bot/v1.4.8; http://mj12bot.com/)"
149.202.82.11 - - [09/Apr/2023:04:42:37 +0200] "GET /glass-cutting-board-cbkreation-p-51280.html HTTP/1.0" 200 76030 "-" "Mozilla/5.0 (compatible; MJ12bot/v1.4.8; http://mj12bot.com/)"
173.252.83.6 - - [09/Apr/2023:04:42:42 +0200] "GET /images/mini_prod/4029825001906.jpg HTTP/1.0" 200 269 "-" "facebookexternalhit/1.1 (+http://www.facebook.com/externalhit_uatext.php)"
65.108.227.178 - - [09/Apr/2023:04:42:44 +0200] "GET /minnie-mouse-figure-collection-by-britto-p-34383.html HTTP/1.0" 301 73572 "-" "Mozilla/5.0 (compatible; MJ12bot/v1.4.8; http://mj12bot.com/)"
149.202.82.11 - - [09/Apr/2023:04:42:49 +0200] "GET /glass-cutting-board-by-cbkreation-p-51286.html HTTP/1.0" 301 76127 "-" "Mozilla/5.0 (compatible; MJ12bot/v1.4.8; http://mj12bot.com/)"
65.108.227.178 - - [09/Apr/2023:04:42:51 +0200] "GET /minnie-mouse-figure-collection-britto-p-34383.html HTTP/1.0" 200 73468 "-" "Mozilla/5.0 (compatible; MJ12bot/v1.4.8; http://mj12bot.com/)"
157.90.181.206 - - [09/Apr/2023:04:43:00 +0200] "GET /streetlight-lamp-tube-p-18958.html HTTP/1.0" 200 76043 "-" "Mozilla/5.0 (compatible; BLEXBot/1.0; +http://webmeup-crawler.com/)"
149.202.82.11 - - [09/Apr/2023:04:43:02 +0200] "GET /glass-cutting-board-cbkreation-p-51286.html HTTP/1.0" 200 76030 "-" "Mozilla/5.0 (compatible; MJ12bot/v1.4.8; http://mj12bot.com/)"
65.108.227.178 - - [09/Apr/2023:04:43:03 +0200] "GET /minnie-mouse-figure-collection-by-romano-britto-p-20773.html HTTP/1.0" 301 77860 "-" "Mozilla/5.0 (compatible; MJ12bot/v1.4.8; http://mj12bot.com/)"
65.108.227.178 - - [09/Apr/2023:04:43:15 +0200] "GET /minnie-mouse-figure-collection-romro-britto-p-20773.html HTTP/1.0" 200 77750 "-" "Mozilla/5.0 (compatible; MJ12bot/v1.4.8; http://mj12bot.com/)"
149.202.82.11 - - [09/Apr/2023:04:43:20 +0200] "GET /glass-cutting-board-by-cbkreation-p-51291.html HTTP/1.0" 301 76127 "-" "Mozilla/5.0 (compatible; MJ12bot/v1.4.8; http://mj12bot.com/)"
65.108.227.178 - - [09/Apr/2023:04:43:26 +0200] "GET /minnie-mouse-figure-collection-romano-britto-p-20773.html HTTP/1.0" 301 77860 "-" "Mozilla/5.0 (compatible; MJ12bot/v1.4.8; http://mj12bot.com/)"
149.202.82.11 - - [09/Apr/2023:04:43:30 +0200] "GET /glass-cutting-board-cbkreation-p-51291.html HTTP/1.0" 200 76030 "-" "Mozilla/5.0 (compatible; MJ12bot/v1.4.8; http://mj12bot.com/)"
157.90.181.206 - - [09/Apr/2023:04:43:33 +0200] "GET /studio-pets-colored-pencils-p-54204.html HTTP/1.0" 200 76016 "-" "Mozilla/5.0 (compatible; BLEXBot/1.0; +http://webmeup-crawler.com/)"
65.108.227.178 - - [09/Apr/2023:04:43:38 +0200] "GET /minnie-mouse-figure-collection-romro-britto-p-20773.html HTTP/1.0" 200 77750 "-" "Mozilla/5.0 (compatible; MJ12bot/v1.4.8; http://mj12bot.com/)"
54.36.148.32 - - [09/Apr/2023:04:43:40 +0200] "GET /jungle-wall-sticker-p-42967.html HTTP/1.0" 200 75960 "-" "Mozilla/5.0 (compatible; AhrefsBot/7.0; +http://ahrefs.com/robot/)"
20.232.104.46 - - [09/Apr/2023:04:43:44 +0200] "GET /images/mini_prod/8435306290381.jpg HTTP/1.0" 200 269 "-" "Mozilla/5.0 (X11; Ubuntu; Linux x86_64; rv:72.0) Gecko/20100101 Firefox/72.0"
149.202.82.11 - - [09/Apr/2023:04:43:44 +0200] "GET /glass-cutting-board-cbkreation-p-51278.html HTTP/1.0" 200 76030 "-" "Mozilla/5.0 (compatible; MJ12bot/v1.4.8; http://mj12bot.com/)"
65.108.227.178 - - [09/Apr/2023:04:43:49 +0200] "GET /minnie-mouse-figure-collection-romro-britto-p-20773.html HTTP/1.0" 200 77750 "-" "Mozilla/5.0 (compatible; MJ12bot/v1.4.8; http://mj12bot.com/)"
149.202.82.11 - - [09/Apr/2023:04:43:56 +0200] "GET /glass-cutting-board-cbkreation-p-51279.html HTTP/1.0" 200 76030 "-" "Mozilla/5.0 (compatible; MJ12bot/v1.4.8; http://mj12bot.com/)"
65.108.227.178 - - [09/Apr/2023:04:43:59 +0200] "GET /minnie-mouse-tender-love-and-care-figure-collection-p-34168.html HTTP/1.0" 301 73391 "-" "Mozilla/5.0 (compatible; MJ12bot/v1.4.8; http://mj12bot.com/)"
149.202.82.11 - - [09/Apr/2023:04:44:05 +0200] "GET /glass-cutting-board-cbkreation-p-51280.html HTTP/1.0" 200 76030 "-" "Mozilla/5.0 (compatible; MJ12bot/v1.4.8; http://mj12bot.com/)"
157.90.181.206 - - [09/Apr/2023:04:44:05 +0200] "GET /studio-pets-plush-p-54203.html HTTP/1.0" 200 76807 "-" "Mozilla/5.0 (compatible; BLEXBot/1.0; +http://webmeup-crawler.com/)"
65.108.227.178 - - [09/Apr/2023:04:44:13 +0200] "GET /-p-34168.html HTTP/1.0" 200 73324 "-" "Mozilla/5.0 (compatible; MJ12bot/v1.4.8; http://mj12bot.com/)"
130.207.124.168 - - [09/Apr/2023:04:44:20 +0200] "GET /images/mini_prod/3700516211415B.jpg HTTP/1.0" 200 270 "-" "Mozilla/5.0 (X11; Ubuntu; Linux x86_64; rv:72.0) Gecko/20100101 Firefox/72.0"
149.202.82.11 - - [09/Apr/2023:04:44:20 +0200] "GET /glass-cutting-board-cbkreation-p-51286.html HTTP/1.0" 200 76030 "-" "Mozilla/5.0 (compatible; MJ12bot/v1.4.8; http://mj12bot.com/)"
65.108.227.178 - - [09/Apr/2023:04:44:26 +0200] "GET /minnie-puppy-figure-p-19479.html HTTP/1.0" 301 73391 "-" "Mozilla/5.0 (compatible; MJ12bot/v1.4.8; http://mj12bot.com/)"
149.202.82.11 - - [09/Apr/2023:04:44:32 +0200] "GET /glass-cutting-board-cbkreation-p-51291.html HTTP/1.0" 200 76030 "-" "Mozilla/5.0 (compatible; MJ12bot/v1.4.8; http://mj12bot.com/)"
65.108.227.178 - - [09/Apr/2023:04:44:34 +0200] "GET /-p-19479.html HTTP/1.0" 200 73324 "-" "Mozilla/5.0 (compatible; MJ12bot/v1.4.8; http://mj12bot.com/)"
157.90.181.206 - - [09/Apr/2023:04:44:38 +0200] "GET /sugar-bowl-jade-porcelain-p-54934.html HTTP/1.0" 200 76154 "-" "Mozilla/5.0 (compatible; BLEXBot/1.0; +http://webmeup-crawler.com/)"
65.108.227.178 - - [09/Apr/2023:04:44:44 +0200] "GET /minute-kitchen-timer-pink-sand-p-59441.html HTTP/1.0" 200 76845 "-" "Mozilla/5.0 (compatible; MJ12bot/v1.4.8; http://mj12bot.com/)"
149.202.82.11 - - [09/Apr/2023:04:44:45 +0200] "GET /gorjuss-dear-alice-pill-box-p-30850.html HTTP/1.0" 301 73504 "-" "Mozilla/5.0 (compatible; MJ12bot/v1.4.8; http://mj12bot.com/)"
149.202.82.11 - - [09/Apr/2023:04:44:53 +0200] "GET /gorjuss-dear-alice-pill-p-30850.html HTTP/1.0" 200 73414 "-" "Mozilla/5.0 (compatible; MJ12bot/v1.4.8; http://mj12bot.com/)"
103.172.52.226 - - [09/Apr/2023:04:44:57 +0200] "GET /images/mini_prod/1384010204740.jpg HTTP/1.0" 200 269 "-" "Mozilla/5.0 (Windows NT 10.0; WOW64) AppleWebKit/537.36 (KHTML, like Gecko) Chrome/95.0.4638.69 Safari/537.36"
65.108.227.178 - - [09/Apr/2023:04:44:56 +0200] "GET /miracle-tattoos-augmented-reality-p-30664.html HTTP/1.0" 200 76922 "-" "Mozilla/5.0 (compatible; MJ12bot/v1.4.8; http://mj12bot.com/)"
149.202.82.11 - - [09/Apr/2023:04:45:01 +0200] "GET /gorjuss-dear-alice-pill-p-30850.html HTTP/1.0" 200 73414 "-" "Mozilla/5.0 (compatible; MJ12bot/v1.4.8; http://mj12bot.com/)"
65.108.227.178 - - [09/Apr/2023:04:45:07 +0200] "GET /miss-melody-secret-code-diary-with-sound-p-38400.html HTTP/1.0" 301 73391 "-" "Mozilla/5.0 (compatible; MJ12bot/v1.4.8; http://mj12bot.com/)"
149.202.82.11 - - [09/Apr/2023:04:45:12 +0200] "GET /hammered-brass-engraved-glass-p-46782.html HTTP/1.0" 301 73391 "-" "Mozilla/5.0 (compatible; MJ12bot/v1.4.8; http://mj12bot.com/)"
157.90.181.206 - - [09/Apr/2023:04:45:11 +0200] "GET /sugar-c-13_150_152.html?page=1 HTTP/1.0" 200 93424 "-" "Mozilla/5.0 (compatible; BLEXBot/1.0; +http://webmeup-crawler.com/)"
66.249.64.200 - - [09/Apr/2023:04:45:16 +0200] "GET /camargue-clothespins-p-43909.html HTTP/1.0" 200 75907 "-" "Mozilla/5.0 (Linux; Android 6.0.1; Nexus 5X Build/MMB29P) AppleWebKit/537.36 (KHTML, like Gecko) Chrome/111.0.5563.146 Mobile Safari/537.36 (compatible; Googlebot/2.1; +http://www.google.com/bot.html)"
65.108.227.178 - - [09/Apr/2023:04:45:20 +0200] "GET /-p-38400.html HTTP/1.0" 200 73324 "-" "Mozilla/5.0 (compatible; MJ12bot/v1.4.8; http://mj12bot.com/)"
149.202.82.11 - - [09/Apr/2023:04:45:24 +0200] "GET /-p-46782.html HTTP/1.0" 200 73324 "-" "Mozilla/5.0 (compatible; MJ12bot/v1.4.8; http://mj12bot.com/)"
54.36.148.31 - - [09/Apr/2023:04:45:25 +0200] "GET /rectangular-clock-quote-p-42933.html HTTP/1.0" 200 76648 "-" "Mozilla/5.0 (compatible; AhrefsBot/7.0; +http://ahrefs.com/robot/)"
65.108.227.178 - - [09/Apr/2023:04:45:31 +0200] "GET /miss-miew-pinky-pink-p-42844.html HTTP/1.0" 200 76730 "-" "Mozilla/5.0 (compatible; MJ12bot/v1.4.8; http://mj12bot.com/)"
54.36.148.189 - - [09/Apr/2023:04:45:36 +0200] "GET /images/big_prod/3609810059627NN.jpg HTTP/1.0" 200 270 "-" "Mozilla/5.0 (compatible; AhrefsBot/7.0; +http://ahrefs.com/robot/)"
149.202.82.11 - - [09/Apr/2023:04:45:36 +0200] "GET /happy-mini-melamine-tray-p-45143.html HTTP/1.0" 200 76066 "-" "Mozilla/5.0 (compatible; MJ12bot/v1.4.8; http://mj12bot.com/)"
157.90.181.206 - - [09/Apr/2023:04:45:45 +0200] "GET /suis-bout-rouleau-stickers-p-39326.html HTTP/1.0" 200 76771 "-" "Mozilla/5.0 (compatible; BLEXBot/1.0; +http://webmeup-crawler.com/)"
149.202.82.11 - - [09/Apr/2023:04:45:46 +0200] "GET /harley-davidson-large-box-p-37071.html HTTP/1.0" 301 76175 "-" "Mozilla/5.0 (compatible; MJ12bot/v1.4.8; http://mj12bot.com/)"
65.108.227.178 - - [09/Apr/2023:04:45:46 +0200] "GET /miss-miew-pinky-pink-tea-box-p-42844.html HTTP/1.0" 301 76817 "-" "Mozilla/5.0 (compatible; MJ12bot/v1.4.8; http://mj12bot.com/)"
65.108.227.178 - - [09/Apr/2023:04:45:56 +0200] "GET /miss-miew-pinky-pink-p-42844.html HTTP/1.0" 200 76730 "-" "Mozilla/5.0 (compatible; MJ12bot/v1.4.8; http://mj12bot.com/)"
149.202.82.11 - - [09/Apr/2023:04:46:05 +0200] "GET /harley-davidson-large-p-37071.html HTTP/1.0" 200 76087 "-" "Mozilla/5.0 (compatible; MJ12bot/v1.4.8; http://mj12bot.com/)"
65.108.227.178 - - [09/Apr/2023:04:46:08 +0200] "GET /mobile-bells-metal-elephants-90-cm-p-42075.html HTTP/1.0" 301 76811 "-" "Mozilla/5.0 (compatible; MJ12bot/v1.4.8; http://mj12bot.com/)"
149.202.82.11 - - [09/Apr/2023:04:46:12 +0200] "GET /harley-davidson-large-p-37071.html HTTP/1.0" 200 76087 "-" "Mozilla/5.0 (compatible; MJ12bot/v1.4.8; http://mj12bot.com/)"
65.108.227.178 - - [09/Apr/2023:04:46:16 +0200] "GET /mobile-bells-metal-elephants-p-42075.html HTTP/1.0" 200 76716 "-" "Mozilla/5.0 (compatible; MJ12bot/v1.4.8; http://mj12bot.com/)"
157.90.181.206 - - [09/Apr/2023:04:46:20 +0200] "GET /suis-unique-comme-tout-monde-p-42699.html HTTP/1.0" 200 76038 "-" "Mozilla/5.0 (compatible; BLEXBot/1.0; +http://webmeup-crawler.com/)"
149.202.82.11 - - [09/Apr/2023:04:46:26 +0200] "GET /harley-davidson-sugar-box-p-27958.html HTTP/1.0" 301 73494 "-" "Mozilla/5.0 (compatible; MJ12bot/v1.4.8; http://mj12bot.com/)"
65.108.227.178 - - [09/Apr/2023:04:46:26 +0200] "GET /mobile-bells-metal-elephants-p-42075.html HTTP/1.0" 200 76716 "-" "Mozilla/5.0 (compatible; MJ12bot/v1.4.8; http://mj12bot.com/)"
149.202.82.11 - - [09/Apr/2023:04:46:37 +0200] "GET /harley-davidson-sugar-p-27958.html HTTP/1.0" 200 73406 "-" "Mozilla/5.0 (compatible; MJ12bot/v1.4.8; http://mj12bot.com/)"
65.108.227.178 - - [09/Apr/2023:04:46:37 +0200] "GET /mocha-brown-zippo-wallet-with-red-stitching-p-49090.html HTTP/1.0" 301 77345 "-" "Mozilla/5.0 (compatible; MJ12bot/v1.4.8; http://mj12bot.com/)"
65.108.227.178 - - [09/Apr/2023:04:46:50 +0200] "GET /mocha-brown-zippo-wallet-with-stitching-p-49090.html HTTP/1.0" 200 77239 "-" "Mozilla/5.0 (compatible; MJ12bot/v1.4.8; http://mj12bot.com/)"
149.202.82.11 - - [09/Apr/2023:04:46:54 +0200] "GET /harley-davidson-sugar-p-27958.html HTTP/1.0" 200 73406 "-" "Mozilla/5.0 (compatible; MJ12bot/v1.4.8; http://mj12bot.com/)"
157.90.181.206 - - [09/Apr/2023:04:46:54 +0200] "GET /summer-wooden-wall-decoration-hang-p-34314.html HTTP/1.0" 200 76178 "-" "Mozilla/5.0 (compatible; BLEXBot/1.0; +http://webmeup-crawler.com/)"
20.232.104.46 - - [09/Apr/2023:04:47:03 +0200] "GET /images/mini_prod/MISES-EN-SITUATION-10.jpg HTTP/1.0" 200 277 "-" "Mozilla/5.0 (X11; Ubuntu; Linux x86_64; rv:72.0) Gecko/20100101 Firefox/72.0"
65.108.227.178 - - [09/Apr/2023:04:47:03 +0200] "GET /mocha-brown-zippo-wallet-with-stitching-p-49090.html HTTP/1.0" 200 77239 "-" "Mozilla/5.0 (compatible; MJ12bot/v1.4.8; http://mj12bot.com/)"
54.36.148.109 - - [09/Apr/2023:04:47:05 +0200] "GET /grey-metal-umbrella-stand-p-59744.html HTTP/1.0" 200 76624 "-" "Mozilla/5.0 (compatible; AhrefsBot/7.0; +http://ahrefs.com/robot/)"
54.36.149.98 - - [09/Apr/2023:04:47:11 +0200] "GET /images/big_prod_1/8445180351801a.jpg HTTP/1.0" 200 271 "-" "Mozilla/5.0 (compatible; AhrefsBot/7.0; +http://ahrefs.com/robot/)"
149.202.82.11 - - [09/Apr/2023:04:47:09 +0200] "GET /harley-davidson-zippo-lighter-laser-p-53266.html HTTP/1.0" 200 78370 "-" "Mozilla/5.0 (compatible; MJ12bot/v1.4.8; http://mj12bot.com/)"
65.108.227.178 - - [09/Apr/2023:04:47:18 +0200] "GET /model-to-assemble-and-paint-citron-xsara-wrc-06-p-21628.html HTTP/1.0" 301 73576 "-" "Mozilla/5.0 (compatible; MJ12bot/v1.4.8; http://mj12bot.com/)"
149.202.82.11 - - [09/Apr/2023:04:47:22 +0200] "GET /harley-davidson-zippo-lighter-p-53267.html HTTP/1.0" 200 77283 "-" "Mozilla/5.0 (compatible; MJ12bot/v1.4.8; http://mj12bot.com/)"
65.108.227.178 - - [09/Apr/2023:04:47:26 +0200] "GET /model-assemble-paint-citron-xsara-p-21628.html HTTP/1.0" 200 73476 "-" "Mozilla/5.0 (compatible; MJ12bot/v1.4.8; http://mj12bot.com/)"
157.90.181.206 - - [09/Apr/2023:04:47:28 +0200] "GET /summertime-mini-rectangular-tray-p-56860.html HTTP/1.0" 200 76095 "-" "Mozilla/5.0 (compatible; BLEXBot/1.0; +http://webmeup-crawler.com/)"
149.202.82.11 - - [09/Apr/2023:04:47:33 +0200] "GET /have-wooden-plate-p-37744.html HTTP/1.0" 301 73391 "-" "Mozilla/5.0 (compatible; MJ12bot/v1.4.8; http://mj12bot.com/)"
192.169.107.255 - - [09/Apr/2023:04:47:38 +0200] "GET /images/mini_prod/8424001351428.jpg HTTP/1.0" 200 269 "-" "Mozilla/5.0 (X11; Ubuntu; Linux x86_64; rv:72.0) Gecko/20100101 Firefox/72.0"
65.108.227.178 - - [09/Apr/2023:04:47:40 +0200] "GET /model-to-assemble-and-paint-citron-xsara-wrc-p-21628.html HTTP/1.0" 301 73576 "-" "Mozilla/5.0 (compatible; MJ12bot/v1.4.8; http://mj12bot.com/)"
185.191.171.21 - - [09/Apr/2023:04:47:42 +0200] "GET /robots.txt HTTP/1.0" 200 245 "-" "Mozilla/5.0 (compatible; SemrushBot/7~bl; +http://www.semrush.com/bot.html)"
185.191.171.8 - - [09/Apr/2023:04:47:42 +0200] "GET /-p-50780.html HTTP/1.0" 200 73324 "-" "Mozilla/5.0 (compatible; SemrushBot/7~bl; +http://www.semrush.com/bot.html)"
149.202.82.11 - - [09/Apr/2023:04:47:45 +0200] "GET /-p-37744.html HTTP/1.0" 200 73324 "-" "Mozilla/5.0 (compatible; MJ12bot/v1.4.8; http://mj12bot.com/)"
65.108.227.178 - - [09/Apr/2023:04:47:49 +0200] "GET /model-assemble-paint-citron-xsara-p-21628.html HTTP/1.0" 200 73476 "-" "Mozilla/5.0 (compatible; MJ12bot/v1.4.8; http://mj12bot.com/)"
149.202.82.11 - - [09/Apr/2023:04:47:59 +0200] "GET /head-resin-statue-p-36094.html HTTP/1.0" 200 76092 "-" "Mozilla/5.0 (compatible; MJ12bot/v1.4.8; http://mj12bot.com/)"
65.108.227.178 - - [09/Apr/2023:04:48:03 +0200] "GET /model-vespa-125-gtr-1971-118-p-38970.html HTTP/1.0" 301 73517 "-" "Mozilla/5.0 (compatible; MJ12bot/v1.4.8; http://mj12bot.com/)"
157.90.181.206 - - [09/Apr/2023:04:48:02 +0200] "GET /sunflower-wall-stickers-p-51935.html HTTP/1.0" 200 76744 "-" "Mozilla/5.0 (compatible; BLEXBot/1.0; +http://webmeup-crawler.com/)"
65.108.227.178 - - [09/Apr/2023:04:48:12 +0200] "GET /model-vespa-1971-p-38970.html HTTP/1.0" 200 73434 "-" "Mozilla/5.0 (compatible; MJ12bot/v1.4.8; http://mj12bot.com/)"
192.169.107.255 - - [09/Apr/2023:04:48:18 +0200] "GET /images/mini_prod/1399984258194.jpg HTTP/1.0" 200 269 "-" "Mozilla/5.0 (X11; Ubuntu; Linux x86_64; rv:72.0) Gecko/20100101 Firefox/72.0"
149.202.82.11 - - [09/Apr/2023:04:48:15 +0200] "GET /home-and-decoration/magnets/route-logo-metal-magnet-p-8188.html HTTP/1.0" 301 76044 "-" "Mozilla/5.0 (compatible; MJ12bot/v1.4.8; http://mj12bot.com/)"
65.108.227.178 - - [09/Apr/2023:04:48:22 +0200] "GET /model-vespa-1971-p-38970.html HTTP/1.0" 200 73434 "-" "Mozilla/5.0 (compatible; MJ12bot/v1.4.8; http://mj12bot.com/)"
149.202.82.11 - - [09/Apr/2023:04:48:31 +0200] "GET /route-logo-metal-magnet-p-8188.html HTTP/1.0" 200 75955 "-" "Mozilla/5.0 (compatible; MJ12bot/v1.4.8; http://mj12bot.com/)"
65.108.227.178 - - [09/Apr/2023:04:48:32 +0200] "GET /models-and-replicas-c-140.html HTTP/1.0" 301 82675 "-" "Mozilla/5.0 (compatible; MJ12bot/v1.4.8; http://mj12bot.com/)"
157.90.181.206 - - [09/Apr/2023:04:48:37 +0200] "GET /sunflowers-cotton-towel-p-59816.html HTTP/1.0" 200 76795 "-" "Mozilla/5.0 (compatible; BLEXBot/1.0; +http://webmeup-crawler.com/)"
65.108.227.178 - - [09/Apr/2023:04:48:39 +0200] "GET /models-replicas-c-4_140.html HTTP/1.0" 200 82707 "-" "Mozilla/5.0 (compatible; MJ12bot/v1.4.8; http://mj12bot.com/)"
149.202.82.11 - - [09/Apr/2023:04:48:43 +0200] "GET /incense-rose-15-grams-or-about-15-sticks-p-52436.html HTTP/1.0" 301 76339 "-" "Mozilla/5.0 (compatible; MJ12bot/v1.4.8; http://mj12bot.com/)"
149.202.82.11 - - [09/Apr/2023:04:48:49 +0200] "GET /incense-rose-grams-about-sticks-p-52436.html HTTP/1.0" 200 76241 "-" "Mozilla/5.0 (compatible; MJ12bot/v1.4.8; http://mj12bot.com/)"
54.36.148.114 - - [09/Apr/2023:04:48:53 +0200] "GET /door-plate-baby-room-powdery-pink-p-47792.html HTTP/1.0" 200 76257 "-" "Mozilla/5.0 (compatible; AhrefsBot/7.0; +http://ahrefs.com/robot/)"
65.108.227.178 - - [09/Apr/2023:04:48:53 +0200] "GET /models-and-replicas-c-140.html?page=1 HTTP/1.0" 301 82693 "-" "Mozilla/5.0 (compatible; MJ12bot/v1.4.8; http://mj12bot.com/)"
149.202.82.11 - - [09/Apr/2023:04:49:00 +0200] "GET /incense-rose-grams-about-sticks-p-52436.html HTTP/1.0" 200 76241 "-" "Mozilla/5.0 (compatible; MJ12bot/v1.4.8; http://mj12bot.com/)"
65.108.227.178 - - [09/Apr/2023:04:49:01 +0200] "GET /models-replicas-c-4_140.html?page=1 HTTP/1.0" 200 82718 "-" "Mozilla/5.0 (compatible; MJ12bot/v1.4.8; http://mj12bot.com/)"
65.108.227.178 - - [09/Apr/2023:04:49:10 +0200] "GET /models-and-replicas-c-140.html?page=2 HTTP/1.0" 301 82693 "-" "Mozilla/5.0 (compatible; MJ12bot/v1.4.8; http://mj12bot.com/)"
157.90.181.206 - - [09/Apr/2023:04:49:11 +0200] "GET /suns-moons-metal-suspension-blue-p-42810.html HTTP/1.0" 200 76143 "-" "Mozilla/5.0 (compatible; BLEXBot/1.0; +http://webmeup-crawler.com/)"
149.202.82.11 - - [09/Apr/2023:04:49:13 +0200] "GET /indian-craft-box-drawers-p-37257.html HTTP/1.0" 301 76393 "-" "Mozilla/5.0 (compatible; MJ12bot/v1.4.8; http://mj12bot.com/)"
65.108.227.178 - - [09/Apr/2023:04:49:17 +0200] "GET /models-replicas-c-4_140.html?page=2 HTTP/1.0" 200 82718 "-" "Mozilla/5.0 (compatible; MJ12bot/v1.4.8; http://mj12bot.com/)"
149.202.82.11 - - [09/Apr/2023:04:49:22 +0200] "GET /indian-craft-drawers-p-37257.html HTTP/1.0" 200 76306 "-" "Mozilla/5.0 (compatible; MJ12bot/v1.4.8; http://mj12bot.com/)"
51.68.224.127 - - [09/Apr/2023:04:49:29 +0200] "GET /adminweb/export_orders_xml.php?token=256de2z6edz6ed2z6DFSFsed2zed6zeDSFDSGdzedezfzf&maxorders=10&orderstart=1&status=14&start_date=2018-10-01 HTTP/1.0" 200 285 "-" "GesCom CharlotteBoutik Serveur"
65.108.227.178 - - [09/Apr/2023:04:49:28 +0200] "GET /models-and-replicas-c-4_140.html?page=1 HTTP/1.0" 301 82805 "-" "Mozilla/5.0 (compatible; MJ12bot/v1.4.8; http://mj12bot.com/)"
51.68.224.127 - - [09/Apr/2023:04:49:29 +0200] "GET /adminweb/export_orders_xml.php?token=256de2z6edz6ed2z6DFSFsed2zed6zeDSFDSGdzedezfzf&maxorders=10&orderstart=1&status=6&start_date=2018-10-01 HTTP/1.0" 200 33887 "-" "GesCom CharlotteBoutik Serveur"
149.202.82.11 - - [09/Apr/2023:04:49:31 +0200] "GET /indian-craft-box-drawers-p-37258.html HTTP/1.0" 301 73391 "-" "Mozilla/5.0 (compatible; MJ12bot/v1.4.8; http://mj12bot.com/)"
66.249.64.202 - - [09/Apr/2023:04:49:17 +0200] "GET /flower-pots-c-13_275.html HTTP/1.0" 200 94966 "-" "Mozilla/5.0 (compatible; Googlebot/2.1; +http://www.google.com/bot.html)"
54.163.56.117 - - [09/Apr/2023:04:49:37 +0200] "GET /images/mini_prod/4025055184372.jpg HTTP/1.0" 200 269 "-" "Mozilla/5.0 (X11; Ubuntu; Linux x86_64; rv:72.0) Gecko/20100101 Firefox/72.0"
65.108.227.178 - - [09/Apr/2023:04:49:39 +0200] "GET /models-replicas-c-140.html?page=1 HTTP/1.0" 301 82693 "-" "Mozilla/5.0 (compatible; MJ12bot/v1.4.8; http://mj12bot.com/)"
149.202.82.11 - - [09/Apr/2023:04:49:43 +0200] "GET /-p-37258.html HTTP/1.0" 200 73324 "-" "Mozilla/5.0 (compatible; MJ12bot/v1.4.8; http://mj12bot.com/)"
131.107.147.185 - - [09/Apr/2023:04:49:48 +0200] "GET /images/mini_prod/3418175549014.jpg HTTP/1.0" 200 269 "-" "Mozilla/5.0 (X11; Ubuntu; Linux x86_64; rv:72.0) Gecko/20100101 Firefox/72.0"
157.90.181.206 - - [09/Apr/2023:04:49:45 +0200] "GET /suns-moons-metal-suspension-p-42812.html HTTP/1.0" 200 76127 "-" "Mozilla/5.0 (compatible; BLEXBot/1.0; +http://webmeup-crawler.com/)"
65.108.227.178 - - [09/Apr/2023:04:49:47 +0200] "GET /models-replicas-c-4_140.html?page=1 HTTP/1.0" 200 82718 "-" "Mozilla/5.0 (compatible; MJ12bot/v1.4.8; http://mj12bot.com/)"
149.202.82.11 - - [09/Apr/2023:04:49:56 +0200] "GET /indian-craft-drawers-p-37257.html HTTP/1.0" 200 76306 "-" "Mozilla/5.0 (compatible; MJ12bot/v1.4.8; http://mj12bot.com/)"
65.108.227.178 - - [09/Apr/2023:04:49:57 +0200] "GET /models-and-replicas-c-4_140.html?page=2 HTTP/1.0" 301 82805 "-" "Mozilla/5.0 (compatible; MJ12bot/v1.4.8; http://mj12bot.com/)"
149.202.82.11 - - [09/Apr/2023:04:50:05 +0200] "GET /indian-craft-drawers-p-37258.html HTTP/1.0" 301 73391 "-" "Mozilla/5.0 (compatible; MJ12bot/v1.4.8; http://mj12bot.com/)"
65.108.227.178 - - [09/Apr/2023:04:50:07 +0200] "GET /models-replicas-c-140.html?page=2 HTTP/1.0" 301 82693 "-" "Mozilla/5.0 (compatible; MJ12bot/v1.4.8; http://mj12bot.com/)"
149.202.82.11 - - [09/Apr/2023:04:50:14 +0200] "GET /-p-37258.html HTTP/1.0" 200 73324 "-" "Mozilla/5.0 (compatible; MJ12bot/v1.4.8; http://mj12bot.com/)"
66.249.64.202 - - [09/Apr/2023:04:50:18 +0200] "GET /saint-michael-salt-lamp-approx-p-56836.html HTTP/1.0" 200 77056 "-" "Mozilla/5.0 (compatible; Googlebot/2.1; +http://www.google.com/bot.html)"
157.90.181.206 - - [09/Apr/2023:04:50:20 +0200] "GET /suns-moons-metal-suspension-yellow-p-42811.html HTTP/1.0" 200 76159 "-" "Mozilla/5.0 (compatible; BLEXBot/1.0; +http://webmeup-crawler.com/)"
65.108.227.178 - - [09/Apr/2023:04:50:18 +0200] "GET /models-replicas-c-4_140.html?page=2 HTTP/1.0" 200 82718 "-" "Mozilla/5.0 (compatible; MJ12bot/v1.4.8; http://mj12bot.com/)"
149.202.82.11 - - [09/Apr/2023:04:50:23 +0200] "GET /insulated-bottle-vilaines-filles-p-57607.html HTTP/1.0" 200 77035 "-" "Mozilla/5.0 (compatible; MJ12bot/v1.4.8; http://mj12bot.com/)"
149.202.82.11 - - [09/Apr/2023:04:50:34 +0200] "GET /isothermic-stainless-steel-bottle-allen-p-57593.html HTTP/1.0" 200 76916 "-" "Mozilla/5.0 (compatible; MJ12bot/v1.4.8; http://mj12bot.com/)"
54.36.148.251 - - [09/Apr/2023:04:50:35 +0200] "GET /shower-curtain-white-gold-p-59792.html HTTP/1.0" 200 76853 "-" "Mozilla/5.0 (compatible; AhrefsBot/7.0; +http://ahrefs.com/robot/)"
65.108.227.178 - - [09/Apr/2023:04:50:34 +0200] "GET /models-and-replicas-c-4_140.html?page=6 HTTP/1.0" 301 82805 "-" "Mozilla/5.0 (compatible; MJ12bot/v1.4.8; http://mj12bot.com/)"
65.108.227.178 - - [09/Apr/2023:04:50:39 +0200] "GET /models-replicas-c-140.html?page=6 HTTP/1.0" 301 82693 "-" "Mozilla/5.0 (compatible; MJ12bot/v1.4.8; http://mj12bot.com/)"
149.202.82.11 - - [09/Apr/2023:04:50:44 +0200] "GET /jardin-sucr-metal-chocolate-p-46828.html HTTP/1.0" 301 73391 "-" "Mozilla/5.0 (compatible; MJ12bot/v1.4.8; http://mj12bot.com/)"
65.108.227.178 - - [09/Apr/2023:04:50:48 +0200] "GET /models-replicas-c-4_140.html?page=6 HTTP/1.0" 200 82718 "-" "Mozilla/5.0 (compatible; MJ12bot/v1.4.8; http://mj12bot.com/)"
149.202.82.11 - - [09/Apr/2023:04:50:54 +0200] "GET /-p-46828.html HTTP/1.0" 200 73324 "-" "Mozilla/5.0 (compatible; MJ12bot/v1.4.8; http://mj12bot.com/)"
157.90.181.206 - - [09/Apr/2023:04:50:55 +0200] "GET /super-duck-frame-canvas-p-31825.html HTTP/1.0" 200 76014 "-" "Mozilla/5.0 (compatible; BLEXBot/1.0; +http://webmeup-crawler.com/)"
65.108.227.178 - - [09/Apr/2023:04:51:02 +0200] "GET /models-replicas-c-140.html?page=6 HTTP/1.0" 301 82693 "-" "Mozilla/5.0 (compatible; MJ12bot/v1.4.8; http://mj12bot.com/)"
149.202.82.11 - - [09/Apr/2023:04:51:09 +0200] "GET /jasmin-jasmine-large-soup-bowl-p-42240.html HTTP/1.0" 301 73391 "-" "Mozilla/5.0 (compatible; MJ12bot/v1.4.8; http://mj12bot.com/)"
65.108.227.178 - - [09/Apr/2023:04:51:07 +0200] "GET /models-replicas-c-4_140.html?page=6 HTTP/1.0" 200 82718 "-" "Mozilla/5.0 (compatible; MJ12bot/v1.4.8; http://mj12bot.com/)"
149.202.82.11 - - [09/Apr/2023:04:51:19 +0200] "GET /-p-42240.html HTTP/1.0" 200 73324 "-" "Mozilla/5.0 (compatible; MJ12bot/v1.4.8; http://mj12bot.com/)"
65.108.227.178 - - [09/Apr/2023:04:51:20 +0200] "GET /models-replicas-c-4_140.html?page=6 HTTP/1.0" 200 82718 "-" "Mozilla/5.0 (compatible; MJ12bot/v1.4.8; http://mj12bot.com/)"
149.202.82.11 - - [09/Apr/2023:04:51:27 +0200] "GET /jasmin-large-cabas-p-44153.html HTTP/1.0" 301 73391 "-" "Mozilla/5.0 (compatible; MJ12bot/v1.4.8; http://mj12bot.com/)"
157.90.181.206 - - [09/Apr/2023:04:51:28 +0200] "GET /super-pusheenicorn-p-44589.html HTTP/1.0" 200 76310 "-" "Mozilla/5.0 (compatible; BLEXBot/1.0; +http://webmeup-crawler.com/)"
65.108.227.178 - - [09/Apr/2023:04:51:31 +0200] "GET /mojito-small-ashtray-p-40248.html HTTP/1.0" 200 73394 "-" "Mozilla/5.0 (compatible; MJ12bot/v1.4.8; http://mj12bot.com/)"
192.169.107.255 - - [09/Apr/2023:04:51:39 +0200] "GET /images/mini_prod/399984257654.jpg HTTP/1.0" 200 268 "-" "Mozilla/5.0 (X11; Ubuntu; Linux x86_64; rv:72.0) Gecko/20100101 Firefox/72.0"
149.202.82.11 - - [09/Apr/2023:04:51:39 +0200] "GET /-p-44153.html HTTP/1.0" 200 73324 "-" "Mozilla/5.0 (compatible; MJ12bot/v1.4.8; http://mj12bot.com/)"
65.108.227.178 - - [09/Apr/2023:04:51:38 +0200] "GET /mojito-wooden-wall-decoration-hang-p-40251.html HTTP/1.0" 200 76090 "-" "Mozilla/5.0 (compatible; MJ12bot/v1.4.8; http://mj12bot.com/)"
65.108.227.178 - - [09/Apr/2023:04:51:49 +0200] "GET /mojito-wooden-wall-decoration-hang-p-40252.html HTTP/1.0" 200 76157 "-" "Mozilla/5.0 (compatible; MJ12bot/v1.4.8; http://mj12bot.com/)"
149.202.82.11 - - [09/Apr/2023:04:51:56 +0200] "GET /jasmin-surf-large-bowl-p-34912.html HTTP/1.0" 301 73391 "-" "Mozilla/5.0 (compatible; MJ12bot/v1.4.8; http://mj12bot.com/)"
65.108.227.178 - - [09/Apr/2023:04:51:57 +0200] "GET /mojito-wooden-wall-decoration-to-hang-24-48-cm-p-40252.html HTTP/1.0" 301 76258 "-" "Mozilla/5.0 (compatible; MJ12bot/v1.4.8; http://mj12bot.com/)"
157.90.181.206 - - [09/Apr/2023:04:52:02 +0200] "GET /superman-cork-coaster-p-10032.html HTTP/1.0" 200 75927 "-" "Mozilla/5.0 (compatible; BLEXBot/1.0; +http://webmeup-crawler.com/)"
149.202.82.11 - - [09/Apr/2023:04:52:04 +0200] "GET /-p-34912.html HTTP/1.0" 200 73324 "-" "Mozilla/5.0 (compatible; MJ12bot/v1.4.8; http://mj12bot.com/)"
65.108.227.178 - - [09/Apr/2023:04:52:03 +0200] "GET /mojito-wooden-wall-decoration-hang-p-40252.html HTTP/1.0" 200 76157 "-" "Mozilla/5.0 (compatible; MJ12bot/v1.4.8; http://mj12bot.com/)"
147.92.153.1 - - [09/Apr/2023:04:52:13 +0200] "GET /images/big_prod/3555461058864.jpg HTTP/1.0" 200 268 "-" "Mozilla/5.0 (compatible; Linespider/1.1; +https://lin.ee/4dwXkTH)"
65.108.227.178 - - [09/Apr/2023:04:52:11 +0200] "GET /mojito-wooden-wall-decoration-to-hang-p-40251.html HTTP/1.0" 301 76191 "-" "Mozilla/5.0 (compatible; MJ12bot/v1.4.8; http://mj12bot.com/)"
149.202.82.11 - - [09/Apr/2023:04:52:12 +0200] "GET /jellyfish-glass-paperweight-transparent-p-59426.html HTTP/1.0" 200 76786 "-" "Mozilla/5.0 (compatible; MJ12bot/v1.4.8; http://mj12bot.com/)"
38.32.70.139 - - [09/Apr/2023:04:52:19 +0200] "GET /images/mini_prod/8424001394210B.jpg HTTP/1.0" 200 270 "-" "Mozilla/5.0 (X11; Ubuntu; Linux x86_64; rv:72.0) Gecko/20100101 Firefox/72.0"
65.108.227.178 - - [09/Apr/2023:04:52:19 +0200] "GET /mojito-wooden-wall-decoration-hang-p-40251.html HTTP/1.0" 200 76090 "-" "Mozilla/5.0 (compatible; MJ12bot/v1.4.8; http://mj12bot.com/)"
149.202.82.11 - - [09/Apr/2023:04:52:21 +0200] "GET /jellyfish-glass-paperweight-transparent-p-59427.html HTTP/1.0" 200 76796 "-" "Mozilla/5.0 (compatible; MJ12bot/v1.4.8; http://mj12bot.com/)"
40.77.167.210 - - [09/Apr/2023:04:52:08 +0200] "GET /alarms-clocks-c-13_65.html HTTP/1.0" 200 93837 "-" "Mozilla/5.0 AppleWebKit/537.36 (KHTML, like Gecko; compatible; bingbot/2.0; +http://www.bing.com/bingbot.htm) Chrome/103.0.5060.134 Safari/537.36"
149.202.82.11 - - [09/Apr/2023:04:52:29 +0200] "GET /jim-shore-blessed-birth-in-bethlehem-piece-mini-nativity-p-53273.html HTTP/1.0" 301 73660 "-" "Mozilla/5.0 (compatible; MJ12bot/v1.4.8; http://mj12bot.com/)"
65.108.227.178 - - [09/Apr/2023:04:52:33 +0200] "GET /mon-jardin-sucre-metal-box-for-chocolate-bar-p-46828.html HTTP/1.0" 301 73391 "-" "Mozilla/5.0 (compatible; MJ12bot/v1.4.8; http://mj12bot.com/)"
54.36.148.45 - - [09/Apr/2023:04:52:32 +0200] "GET /keep-calm-metal-plate-deco-p-37229.html HTTP/1.0" 200 75987 "-" "Mozilla/5.0 (compatible; AhrefsBot/7.0; +http://ahrefs.com/robot/)"
157.90.181.206 - - [09/Apr/2023:04:52:37 +0200] "GET /superman-satchel-p-30370.html HTTP/1.0" 200 76202 "-" "Mozilla/5.0 (compatible; BLEXBot/1.0; +http://webmeup-crawler.com/)"
65.108.227.178 - - [09/Apr/2023:04:52:42 +0200] "GET /-p-46828.html HTTP/1.0" 200 73324 "-" "Mozilla/5.0 (compatible; MJ12bot/v1.4.8; http://mj12bot.com/)"
149.202.82.11 - - [09/Apr/2023:04:52:45 +0200] "GET /shore-blessed-birth-bethlehem-piece-mini-nativity-p-53273.html HTTP/1.0" 200 73544 "-" "Mozilla/5.0 (compatible; MJ12bot/v1.4.8; http://mj12bot.com/)"
114.119.138.251 - - [09/Apr/2023:04:52:45 +0200] "GET /salamander-metal-rests-flat-p-43893.html HTTP/1.0" 200 75983 "http://www.wonder-geek.com/dishes-c-12.html?page=94" "Mozilla/5.0 (Linux; Android 7.0;) AppleWebKit/537.36 (KHTML, like Gecko) Mobile Safari/537.36 (compatible; PetalBot;+https://webmaster.petalsearch.com/site/petalbot)"
20.232.104.46 - - [09/Apr/2023:04:52:48 +0200] "GET /images/mini_prod/3438100348888[1].jpg HTTP/1.0" 200 272 "-" "Mozilla/5.0 (X11; Ubuntu; Linux x86_64; rv:72.0) Gecko/20100101 Firefox/72.0"
65.108.227.178 - - [09/Apr/2023:04:52:51 +0200] "GET /monaco-1912-vintage-poster-p-42504.html HTTP/1.0" 200 76009 "-" "Mozilla/5.0 (compatible; MJ12bot/v1.4.8; http://mj12bot.com/)"
149.202.82.11 - - [09/Apr/2023:04:52:54 +0200] "GET /justice-figurine-in-resin-35-cm-p-44727.html HTTP/1.0" 301 73509 "-" "Mozilla/5.0 (compatible; MJ12bot/v1.4.8; http://mj12bot.com/)"
65.108.227.178 - - [09/Apr/2023:04:53:01 +0200] "GET /monaco-metal-plate-30-40-cm-p-42346.html HTTP/1.0" 301 76102 "-" "Mozilla/5.0 (compatible; MJ12bot/v1.4.8; http://mj12bot.com/)"
149.202.82.11 - - [09/Apr/2023:04:53:05 +0200] "GET /justice-figurine-resin-p-44727.html HTTP/1.0" 200 73420 "-" "Mozilla/5.0 (compatible; MJ12bot/v1.4.8; http://mj12bot.com/)"
114.119.135.63 - - [09/Apr/2023:04:53:07 +0200] "GET /fiat-protective-case-iphone-p-13029.html HTTP/1.0" 200 76230 "http://www.wonder-geek.com/accessories-c-3.html?page=11" "Mozilla/5.0 (Linux; Android 7.0;) AppleWebKit/537.36 (KHTML, like Gecko) Mobile Safari/537.36 (compatible; PetalBot;+https://webmaster.petalsearch.com/site/petalbot)"
173.252.83.8 - - [09/Apr/2023:04:53:11 +0200] "GET /images/mini_prod/8424345003250A.jpg HTTP/1.0" 200 270 "-" "facebookexternalhit/1.1 (+http://www.facebook.com/externalhit_uatext.php)"
65.108.227.178 - - [09/Apr/2023:04:53:09 +0200] "GET /monaco-metal-plate-p-42346.html HTTP/1.0" 200 76017 "-" "Mozilla/5.0 (compatible; MJ12bot/v1.4.8; http://mj12bot.com/)"
157.90.181.206 - - [09/Apr/2023:04:53:11 +0200] "GET /support-incense-burner-p-59677.html HTTP/1.0" 200 76814 "-" "Mozilla/5.0 (compatible; BLEXBot/1.0; +http://webmeup-crawler.com/)"
149.202.82.11 - - [09/Apr/2023:04:53:12 +0200] "GET /justice-figurine-resin-p-44727.html HTTP/1.0" 200 73420 "-" "Mozilla/5.0 (compatible; MJ12bot/v1.4.8; http://mj12bot.com/)"
65.108.227.178 - - [09/Apr/2023:04:53:18 +0200] "GET /monaco-metal-plate-30-40-cm-p-42347.html HTTP/1.0" 301 76102 "-" "Mozilla/5.0 (compatible; MJ12bot/v1.4.8; http://mj12bot.com/)"
149.202.82.11 - - [09/Apr/2023:04:53:23 +0200] "GET /justitia-themis-statue-17-cm-p-37370.html HTTP/1.0" 301 76135 "-" "Mozilla/5.0 (compatible; MJ12bot/v1.4.8; http://mj12bot.com/)"
65.108.227.178 - - [09/Apr/2023:04:53:25 +0200] "GET /monaco-metal-plate-p-42347.html HTTP/1.0" 200 76017 "-" "Mozilla/5.0 (compatible; MJ12bot/v1.4.8; http://mj12bot.com/)"
149.202.82.11 - - [09/Apr/2023:04:53:32 +0200] "GET /justitia-thmis-statue-p-37370.html HTTP/1.0" 200 76047 "-" "Mozilla/5.0 (compatible; MJ12bot/v1.4.8; http://mj12bot.com/)"
65.108.227.178 - - [09/Apr/2023:04:53:36 +0200] "GET /monaco-metal-plate-p-42346.html HTTP/1.0" 200 76017 "-" "Mozilla/5.0 (compatible; MJ12bot/v1.4.8; http://mj12bot.com/)"
131.107.1.214 - - [09/Apr/2023:04:53:44 +0200] "GET /images/mini_prod/DSCN7557.jpg HTTP/1.0" 200 264 "-" "Mozilla/5.0 (X11; Ubuntu; Linux x86_64; rv:72.0) Gecko/20100101 Firefox/72.0"
157.90.181.206 - - [09/Apr/2023:04:53:45 +0200] "GET /support-metal-bottle-barbecue-p-53422.html HTTP/1.0" 200 76119 "-" "Mozilla/5.0 (compatible; BLEXBot/1.0; +http://webmeup-crawler.com/)"
54.36.149.49 - - [09/Apr/2023:04:53:46 +0200] "GET /italian-ice-cream-charm-p-50794.html HTTP/1.0" 301 73484 "-" "Mozilla/5.0 (compatible; AhrefsBot/7.0; +http://ahrefs.com/robot/)"
65.108.227.178 - - [09/Apr/2023:04:53:46 +0200] "GET /monaco-metal-plate-p-42347.html HTTP/1.0" 200 76017 "-" "Mozilla/5.0 (compatible; MJ12bot/v1.4.8; http://mj12bot.com/)"
149.202.82.11 - - [09/Apr/2023:04:53:48 +0200] "GET /justitia-thmis-statue-p-37370.html HTTP/1.0" 200 76047 "-" "Mozilla/5.0 (compatible; MJ12bot/v1.4.8; http://mj12bot.com/)"
65.108.227.178 - - [09/Apr/2023:04:53:55 +0200] "GET /monaco-shoulder-bag-black-and-pink-p-38324.html HTTP/1.0" 301 73531 "-" "Mozilla/5.0 (compatible; MJ12bot/v1.4.8; http://mj12bot.com/)"
149.202.82.11 - - [09/Apr/2023:04:54:01 +0200] "GET /karur-bedclothes-p-54969.html HTTP/1.0" 200 73404 "-" "Mozilla/5.0 (compatible; MJ12bot/v1.4.8; http://mj12bot.com/)"
65.108.227.178 - - [09/Apr/2023:04:54:02 +0200] "GET /monaco-shoulder-black-pink-p-38324.html HTTP/1.0" 200 73438 "-" "Mozilla/5.0 (compatible; MJ12bot/v1.4.8; http://mj12bot.com/)"
65.108.227.178 - - [09/Apr/2023:04:54:11 +0200] "GET /monaco-shoulder-bag-white-and-gold-p-38407.html HTTP/1.0" 301 73568 "-" "Mozilla/5.0 (compatible; MJ12bot/v1.4.8; http://mj12bot.com/)"
149.202.82.11 - - [09/Apr/2023:04:54:15 +0200] "GET /kelloggs-corn-flakes-poster-p-25835.html HTTP/1.0" 301 73391 "-" "Mozilla/5.0 (compatible; MJ12bot/v1.4.8; http://mj12bot.com/)"
54.36.149.65 - - [09/Apr/2023:04:54:16 +0200] "GET /furniture-knob-sold-individually-p-55979.html HTTP/1.0" 200 73442 "-" "Mozilla/5.0 (compatible; AhrefsBot/7.0; +http://ahrefs.com/robot/)"
66.249.64.198 - - [09/Apr/2023:04:54:17 +0200] "GET /daisy-minnie-lunch-bottle-p-31685.html HTTP/1.0" 200 76212 "-" "Mozilla/5.0 (Linux; Android 6.0.1; Nexus 5X Build/MMB29P) AppleWebKit/537.36 (KHTML, like Gecko) Chrome/111.0.5563.146 Mobile Safari/537.36 (compatible; Googlebot/2.1; +http://www.google.com/bot.html)"
65.108.227.178 - - [09/Apr/2023:04:54:19 +0200] "GET /monaco-shoulder-white-gold-p-38407.html HTTP/1.0" 200 73475 "-" "Mozilla/5.0 (compatible; MJ12bot/v1.4.8; http://mj12bot.com/)"
157.90.181.206 - - [09/Apr/2023:04:54:20 +0200] "GET /support-metal-bottle-barman-p-41700.html HTTP/1.0" 200 76109 "-" "Mozilla/5.0 (compatible; BLEXBot/1.0; +http://webmeup-crawler.com/)"
149.202.82.11 - - [09/Apr/2023:04:54:23 +0200] "GET /-p-25835.html HTTP/1.0" 200 73324 "-" "Mozilla/5.0 (compatible; MJ12bot/v1.4.8; http://mj12bot.com/)"
65.108.227.178 - - [09/Apr/2023:04:54:29 +0200] "GET /monaco-shoulder-black-pink-p-38324.html HTTP/1.0" 200 73438 "-" "Mozilla/5.0 (compatible; MJ12bot/v1.4.8; http://mj12bot.com/)"
149.202.82.11 - - [09/Apr/2023:04:54:36 +0200] "GET /kimmidoll-brush-p-42417.html HTTP/1.0" 200 73390 "-" "Mozilla/5.0 (compatible; MJ12bot/v1.4.8; http://mj12bot.com/)"
65.108.227.178 - - [09/Apr/2023:04:54:39 +0200] "GET /monaco-shoulder-white-gold-p-38407.html HTTP/1.0" 200 73475 "-" "Mozilla/5.0 (compatible; MJ12bot/v1.4.8; http://mj12bot.com/)"
65.108.227.178 - - [09/Apr/2023:04:54:48 +0200] "GET /monaco-vintage-poster-p-42523.html HTTP/1.0" 200 75940 "-" "Mozilla/5.0 (compatible; MJ12bot/v1.4.8; http://mj12bot.com/)"
149.202.82.11 - - [09/Apr/2023:04:54:49 +0200] "GET /kimmidoll-collection-mug-takara-p-33929.html HTTP/1.0" 301 73391 "-" "Mozilla/5.0 (compatible; MJ12bot/v1.4.8; http://mj12bot.com/)"
157.90.181.206 - - [09/Apr/2023:04:54:54 +0200] "GET /support-metal-bottle-biker-p-34475.html HTTP/1.0" 200 76065 "-" "Mozilla/5.0 (compatible; BLEXBot/1.0; +http://webmeup-crawler.com/)"
149.202.82.11 - - [09/Apr/2023:04:54:58 +0200] "GET /-p-33929.html HTTP/1.0" 200 73324 "-" "Mozilla/5.0 (compatible; MJ12bot/v1.4.8; http://mj12bot.com/)"
147.160.184.121 - - [09/Apr/2023:04:55:03 +0200] "GET /images/mini_prod/3661443279193.jpg HTTP/1.0" 200 269 "-" "Mozilla/5.0 (X11; Ubuntu; Linux x86_64; rv:72.0) Gecko/20100101 Firefox/72.0"
65.108.227.178 - - [09/Apr/2023:04:55:04 +0200] "GET /monkey-gold-table-lamp-31-cm-p-50019.html HTTP/1.0" 301 73493 "-" "Mozilla/5.0 (compatible; MJ12bot/v1.4.8; http://mj12bot.com/)"
20.39.37.64 - - [09/Apr/2023:04:55:08 +0200] "GET /images/mini_prod/8033667001167.jpg HTTP/1.0" 200 269 "-" "Mozilla/5.0 (X11; Ubuntu; Linux x86_64; rv:72.0) Gecko/20100101 Firefox/72.0"
65.108.227.178 - - [09/Apr/2023:04:55:10 +0200] "GET /monkey-gold-table-lamp-p-50019.html HTTP/1.0" 200 73404 "-" "Mozilla/5.0 (compatible; MJ12bot/v1.4.8; http://mj12bot.com/)"
149.202.82.11 - - [09/Apr/2023:04:55:12 +0200] "GET /kimmidoll-dolls-cm-p-42437.html HTTP/1.0" 301 73487 "-" "Mozilla/5.0 (compatible; MJ12bot/v1.4.8; http://mj12bot.com/)"
65.108.227.178 - - [09/Apr/2023:04:55:20 +0200] "GET /monkey-gold-table-lamp-p-50019.html HTTP/1.0" 200 73404 "-" "Mozilla/5.0 (compatible; MJ12bot/v1.4.8; http://mj12bot.com/)"
149.202.82.11 - - [09/Apr/2023:04:55:23 +0200] "GET /kimmidoll-dolls-p-42437.html HTTP/1.0" 200 73405 "-" "Mozilla/5.0 (compatible; MJ12bot/v1.4.8; http://mj12bot.com/)"
65.108.227.178 - - [09/Apr/2023:04:55:28 +0200] "GET /monkey-statue-resin-anything-p-37189.html HTTP/1.0" 200 76140 "-" "Mozilla/5.0 (compatible; MJ12bot/v1.4.8; http://mj12bot.com/)"
157.90.181.206 - - [09/Apr/2023:04:55:28 +0200] "GET /support-metal-bottle-biker-p-34476.html HTTP/1.0" 200 76065 "-" "Mozilla/5.0 (compatible; BLEXBot/1.0; +http://webmeup-crawler.com/)"
149.202.82.11 - - [09/Apr/2023:04:55:38 +0200] "GET /kimmidoll-dolls-cm-p-42440.html HTTP/1.0" 301 73487 "-" "Mozilla/5.0 (compatible; MJ12bot/v1.4.8; http://mj12bot.com/)"
65.108.227.178 - - [09/Apr/2023:04:55:38 +0200] "GET /monkey-statue-resin-p-47992.html HTTP/1.0" 200 73390 "-" "Mozilla/5.0 (compatible; MJ12bot/v1.4.8; http://mj12bot.com/)"
65.108.227.178 - - [09/Apr/2023:04:55:46 +0200] "GET /monkey-statue-resin-said-nothing-nothing-seen-nothing-heard-p-36553.html HTTP/1.0" 200 76375 "-" "Mozilla/5.0 (compatible; MJ12bot/v1.4.8; http://mj12bot.com/)"
149.202.82.11 - - [09/Apr/2023:04:55:49 +0200] "GET /kimmidoll-dolls-p-42440.html HTTP/1.0" 200 73405 "-" "Mozilla/5.0 (compatible; MJ12bot/v1.4.8; http://mj12bot.com/)"
207.46.13.217 - - [09/Apr/2023:04:55:35 +0200] "GET /bowls-c-12_60.html?page=4 HTTP/1.0" 200 94382 "-" "Mozilla/5.0 AppleWebKit/537.36 (KHTML, like Gecko; compatible; bingbot/2.0; +http://www.bing.com/bingbot.htm) Chrome/103.0.5060.134 Safari/537.36"
65.108.227.178 - - [09/Apr/2023:04:55:59 +0200] "GET /monkey-statue-resin-said-nothing-nothing-seen-nothing-heard-p-37606.html HTTP/1.0" 301 73391 "-" "Mozilla/5.0 (compatible; MJ12bot/v1.4.8; http://mj12bot.com/)"
149.202.82.11 - - [09/Apr/2023:04:56:02 +0200] "GET /kimmidoll-dolls-fumi-40-cm-p-42483.html HTTP/1.0" 301 73520 "-" "Mozilla/5.0 (compatible; MJ12bot/v1.4.8; http://mj12bot.com/)"
157.90.181.206 - - [09/Apr/2023:04:56:03 +0200] "GET /support-metal-bottle-biker-p-41011.html HTTP/1.0" 200 76063 "-" "Mozilla/5.0 (compatible; BLEXBot/1.0; +http://webmeup-crawler.com/)"
65.108.227.178 - - [09/Apr/2023:04:56:06 +0200] "GET /-p-37606.html HTTP/1.0" 200 73324 "-" "Mozilla/5.0 (compatible; MJ12bot/v1.4.8; http://mj12bot.com/)"
149.202.82.11 - - [09/Apr/2023:04:56:10 +0200] "GET /kimmidoll-dolls-fumi-p-42483.html HTTP/1.0" 200 73433 "-" "Mozilla/5.0 (compatible; MJ12bot/v1.4.8; http://mj12bot.com/)"
54.36.149.42 - - [09/Apr/2023:04:55:57 +0200] "GET /pots-cookie-jars-c-12_250.html HTTP/1.0" 200 93318 "-" "Mozilla/5.0 (compatible; AhrefsBot/7.0; +http://ahrefs.com/robot/)"
54.36.148.12 - - [09/Apr/2023:04:56:17 +0200] "GET /images/mini_prod/1384010207147.jpg HTTP/1.0" 200 269 "-" "Mozilla/5.0 (compatible; AhrefsBot/7.0; +http://ahrefs.com/robot/)"
54.36.149.36 - - [09/Apr/2023:04:56:18 +0200] "GET /images/mini_prod/3503420151262.jpg HTTP/1.0" 200 269 "-" "Mozilla/5.0 (compatible; AhrefsBot/7.0; +http://ahrefs.com/robot/)"
54.36.148.5 - - [09/Apr/2023:04:56:18 +0200] "GET /images/mini_prod/3503420026256.jpg HTTP/1.0" 200 269 "-" "Mozilla/5.0 (compatible; AhrefsBot/7.0; +http://ahrefs.com/robot/)"
54.36.149.83 - - [09/Apr/2023:04:56:19 +0200] "GET /images/mini_prod/5415203906786.jpg HTTP/1.0" 200 269 "-" "Mozilla/5.0 (compatible; AhrefsBot/7.0; +http://ahrefs.com/robot/)"
54.36.148.11 - - [09/Apr/2023:04:56:19 +0200] "GET /images/mini_prod/3560600297585.jpg HTTP/1.0" 200 269 "-" "Mozilla/5.0 (compatible; AhrefsBot/7.0; +http://ahrefs.com/robot/)"
131.107.1.214 - - [09/Apr/2023:04:56:19 +0200] "GET /images/mini_prod/8435333830697N.jpg HTTP/1.0" 200 270 "-" "Mozilla/5.0 (X11; Ubuntu; Linux x86_64; rv:72.0) Gecko/20100101 Firefox/72.0"
54.36.148.250 - - [09/Apr/2023:04:56:19 +0200] "GET /images/mini_prod/3503420072369.jpg HTTP/1.0" 200 269 "-" "Mozilla/5.0 (compatible; AhrefsBot/7.0; +http://ahrefs.com/robot/)"
54.36.148.147 - - [09/Apr/2023:04:56:19 +0200] "GET /images/mini_prod/3612875123387.jpg HTTP/1.0" 200 269 "-" "Mozilla/5.0 (compatible; AhrefsBot/7.0; +http://ahrefs.com/robot/)"
54.36.149.82 - - [09/Apr/2023:04:56:20 +0200] "GET /images/mini_prod/350342002672.jpg HTTP/1.0" 200 268 "-" "Mozilla/5.0 (compatible; AhrefsBot/7.0; +http://ahrefs.com/robot/)"
54.36.148.189 - - [09/Apr/2023:04:56:20 +0200] "GET /images/mini_prod/3661443280021.jpg HTTP/1.0" 200 269 "-" "Mozilla/5.0 (compatible; AhrefsBot/7.0; +http://ahrefs.com/robot/)"
54.36.149.60 - - [09/Apr/2023:04:56:20 +0200] "GET /images/mini_prod/3560600298414.jpg HTTP/1.0" 200 269 "-" "Mozilla/5.0 (compatible; AhrefsBot/7.0; +http://ahrefs.com/robot/)"
54.36.149.29 - - [09/Apr/2023:04:56:20 +0200] "GET /images/mini_prod/3503420127014.jpg HTTP/1.0" 200 269 "-" "Mozilla/5.0 (compatible; AhrefsBot/7.0; +http://ahrefs.com/robot/)"
54.36.148.167 - - [09/Apr/2023:04:56:20 +0200] "GET /images/mini_prod/3560600309868.jpg HTTP/1.0" 200 269 "-" "Mozilla/5.0 (compatible; AhrefsBot/7.0; +http://ahrefs.com/robot/)"
65.108.227.178 - - [09/Apr/2023:04:56:17 +0200] "GET /monkey-statue-resin-said-nothing-nothing-seen-nothing-heard-p-53675.html HTTP/1.0" 200 76402 "-" "Mozilla/5.0 (compatible; MJ12bot/v1.4.8; http://mj12bot.com/)"
54.36.148.227 - - [09/Apr/2023:04:56:21 +0200] "GET /images/mini_prod/3612875123394.jpg HTTP/1.0" 200 269 "-" "Mozilla/5.0 (compatible; AhrefsBot/7.0; +http://ahrefs.com/robot/)"
54.36.148.38 - - [09/Apr/2023:04:56:21 +0200] "GET /images/mini_prod/3560600293402.jpg HTTP/1.0" 200 269 "-" "Mozilla/5.0 (compatible; AhrefsBot/7.0; +http://ahrefs.com/robot/)"
54.36.149.69 - - [09/Apr/2023:04:56:22 +0200] "GET /images/mini_prod/1384010207185.jpg HTTP/1.0" 200 269 "-" "Mozilla/5.0 (compatible; AhrefsBot/7.0; +http://ahrefs.com/robot/)"
54.36.149.74 - - [09/Apr/2023:04:56:22 +0200] "GET /images/mini_prod/5415203906793.jpg HTTP/1.0" 200 269 "-" "Mozilla/5.0 (compatible; AhrefsBot/7.0; +http://ahrefs.com/robot/)"
54.36.148.127 - - [09/Apr/2023:04:56:22 +0200] "GET /images/mini_prod/3560600316330.jpg HTTP/1.0" 200 269 "-" "Mozilla/5.0 (compatible; AhrefsBot/7.0; +http://ahrefs.com/robot/)"
54.36.148.217 - - [09/Apr/2023:04:56:22 +0200] "GET /images/mini_prod/1384010207154.jpg HTTP/1.0" 200 269 "-" "Mozilla/5.0 (compatible; AhrefsBot/7.0; +http://ahrefs.com/robot/)"
54.36.148.147 - - [09/Apr/2023:04:56:22 +0200] "GET /images/mini_prod/3503420152672.jpg HTTP/1.0" 200 269 "-" "Mozilla/5.0 (compatible; AhrefsBot/7.0; +http://ahrefs.com/robot/)"
149.202.82.11 - - [09/Apr/2023:04:56:23 +0200] "GET /kimmidoll-dolls-fumi-p-42483.html HTTP/1.0" 200 73433 "-" "Mozilla/5.0 (compatible; MJ12bot/v1.4.8; http://mj12bot.com/)"
65.108.227.178 - - [09/Apr/2023:04:56:27 +0200] "GET /monkey-statue-resin-say-anything-p-37189.html HTTP/1.0" 301 76235 "-" "Mozilla/5.0 (compatible; MJ12bot/v1.4.8; http://mj12bot.com/)"
149.202.82.11 - - [09/Apr/2023:04:56:30 +0200] "GET /kimmidoll-dolls-michiko-40-cm-p-42482.html HTTP/1.0" 301 73538 "-" "Mozilla/5.0 (compatible; MJ12bot/v1.4.8; http://mj12bot.com/)"
149.202.82.11 - - [09/Apr/2023:04:56:37 +0200] "GET /kimmidoll-dolls-michiko-p-42482.html HTTP/1.0" 200 73448 "-" "Mozilla/5.0 (compatible; MJ12bot/v1.4.8; http://mj12bot.com/)"
65.108.227.178 - - [09/Apr/2023:04:56:36 +0200] "GET /monkey-statue-resin-anything-p-37189.html HTTP/1.0" 200 76140 "-" "Mozilla/5.0 (compatible; MJ12bot/v1.4.8; http://mj12bot.com/)"
157.90.181.206 - - [09/Apr/2023:04:56:38 +0200] "GET /support-metal-bottle-biker-p-42069.html HTTP/1.0" 200 76064 "-" "Mozilla/5.0 (compatible; BLEXBot/1.0; +http://webmeup-crawler.com/)"
131.107.147.185 - - [09/Apr/2023:04:56:45 +0200] "GET /images/mini_prod/8435306265839.jpg HTTP/1.0" 200 269 "-" "Mozilla/5.0 (X11; Ubuntu; Linux x86_64; rv:72.0) Gecko/20100101 Firefox/72.0"
65.108.227.178 - - [09/Apr/2023:04:56:44 +0200] "GET /monkey-velvet-comforter-85-200-cm-safran-p-48149.html HTTP/1.0" 301 73391 "-" "Mozilla/5.0 (compatible; MJ12bot/v1.4.8; http://mj12bot.com/)"
120.92.12.201 - - [09/Apr/2023:04:56:50 +0200] "GET /images/mini_prod/5701359740948.jpg HTTP/1.0" 200 269 "-" "Mozilla/5.0 (Macintosh; Intel Mac OS X 10_15_7) AppleWebKit/537.36 (KHTML, like Gecko) Chrome/110.0.0.0 Safari/537.36"
149.202.82.11 - - [09/Apr/2023:04:56:50 +0200] "GET /kimmidoll-dolls-michiko-p-42482.html HTTP/1.0" 200 73448 "-" "Mozilla/5.0 (compatible; MJ12bot/v1.4.8; http://mj12bot.com/)"
65.108.227.178 - - [09/Apr/2023:04:56:52 +0200] "GET /-p-48149.html HTTP/1.0" 200 73324 "-" "Mozilla/5.0 (compatible; MJ12bot/v1.4.8; http://mj12bot.com/)"
65.108.227.178 - - [09/Apr/2023:04:56:58 +0200] "GET /monkey-velvet-comforter-85-200-cm-tomette-p-48148.html HTTP/1.0" 301 73391 "-" "Mozilla/5.0 (compatible; MJ12bot/v1.4.8; http://mj12bot.com/)"
149.202.82.11 - - [09/Apr/2023:04:57:00 +0200] "GET /kimmidoll-dolls-p-42437.html HTTP/1.0" 200 73405 "-" "Mozilla/5.0 (compatible; MJ12bot/v1.4.8; http://mj12bot.com/)"
65.108.227.178 - - [09/Apr/2023:04:57:04 +0200] "GET /-p-48148.html HTTP/1.0" 200 73324 "-" "Mozilla/5.0 (compatible; MJ12bot/v1.4.8; http://mj12bot.com/)"
149.202.82.11 - - [09/Apr/2023:04:57:09 +0200] "GET /kimmidoll-dolls-p-42440.html HTTP/1.0" 200 73405 "-" "Mozilla/5.0 (compatible; MJ12bot/v1.4.8; http://mj12bot.com/)"
65.108.227.178 - - [09/Apr/2023:04:57:12 +0200] "GET /monkey-velvet-comforter-safran-p-48149.html HTTP/1.0" 301 73391 "-" "Mozilla/5.0 (compatible; MJ12bot/v1.4.8; http://mj12bot.com/)"
157.90.181.206 - - [09/Apr/2023:04:57:12 +0200] "GET /support-metal-bottle-cyclist-p-40185.html HTTP/1.0" 200 76079 "-" "Mozilla/5.0 (compatible; BLEXBot/1.0; +http://webmeup-crawler.com/)"
65.108.227.178 - - [09/Apr/2023:04:57:19 +0200] "GET /-p-48149.html HTTP/1.0" 200 73324 "-" "Mozilla/5.0 (compatible; MJ12bot/v1.4.8; http://mj12bot.com/)"
149.202.82.11 - - [09/Apr/2023:04:57:22 +0200] "GET /kimmidoll-keyring-p-44097.html HTTP/1.0" 200 73382 "-" "Mozilla/5.0 (compatible; MJ12bot/v1.4.8; http://mj12bot.com/)"
65.108.227.178 - - [09/Apr/2023:04:57:26 +0200] "GET /monkey-velvet-comforter-tomette-p-48148.html HTTP/1.0" 301 73391 "-" "Mozilla/5.0 (compatible; MJ12bot/v1.4.8; http://mj12bot.com/)"
149.202.82.11 - - [09/Apr/2023:04:57:31 +0200] "GET /kimmidoll-love-bon-bon-mug-collection-p-21726.html HTTP/1.0" 301 76144 "-" "Mozilla/5.0 (compatible; MJ12bot/v1.4.8; http://mj12bot.com/)"
65.108.227.178 - - [09/Apr/2023:04:57:35 +0200] "GET /-p-48148.html HTTP/1.0" 200 73324 "-" "Mozilla/5.0 (compatible; MJ12bot/v1.4.8; http://mj12bot.com/)"
