149.202.82.11 - - [09/Apr/2023:04:57:40 +0200] "GET /kimmidoll-love-collection-p-21726.html HTTP/1.0" 200 76052 "-" "Mozilla/5.0 (compatible; MJ12bot/v1.4.8; http://mj12bot.com/)"
65.108.227.178 - - [09/Apr/2023:04:57:44 +0200] "GET /monkey-velvet-cushion-cover-40-60-cm-safran-p-48146.html HTTP/1.0" 301 73391 "-" "Mozilla/5.0 (compatible; MJ12bot/v1.4.8; http://mj12bot.com/)"
157.90.181.206 - - [09/Apr/2023:04:57:46 +0200] "GET /support-metal-bottle-cyclist-p-44915.html HTTP/1.0" 200 76079 "-" "Mozilla/5.0 (compatible; BLEXBot/1.0; +http://webmeup-crawler.com/)"
149.202.82.11 - - [09/Apr/2023:04:57:50 +0200] "GET /kimmidoll-love-collection-p-21726.html HTTP/1.0" 200 76052 "-" "Mozilla/5.0 (compatible; MJ12bot/v1.4.8; http://mj12bot.com/)"
65.108.227.178 - - [09/Apr/2023:04:57:52 +0200] "GET /-p-48146.html HTTP/1.0" 200 73324 "-" "Mozilla/5.0 (compatible; MJ12bot/v1.4.8; http://mj12bot.com/)"
54.36.148.164 - - [09/Apr/2023:04:57:45 +0200] "GET /games-toys-c-4.html HTTP/1.0" 200 95231 "-" "Mozilla/5.0 (compatible; AhrefsBot/7.0; +http://ahrefs.com/robot/)"
54.36.149.1 - - [09/Apr/2023:04:58:00 +0200] "GET /images/mini_prod/8421440076059.jpg HTTP/1.0" 200 269 "-" "Mozilla/5.0 (compatible; AhrefsBot/7.0; +http://ahrefs.com/robot/)"
54.36.148.7 - - [09/Apr/2023:04:58:01 +0200] "GET /images/mini_prod/100_1907.gif HTTP/1.0" 200 263 "-" "Mozilla/5.0 (compatible; AhrefsBot/7.0; +http://ahrefs.com/robot/)"
54.36.149.23 - - [09/Apr/2023:04:58:01 +0200] "GET /images/mini_prod/4007176128923.jpg HTTP/1.0" 200 269 "-" "Mozilla/5.0 (compatible; AhrefsBot/7.0; +http://ahrefs.com/robot/)"
54.36.148.169 - - [09/Apr/2023:04:58:01 +0200] "GET /images/mini_prod/8421440013221.jpg HTTP/1.0" 200 269 "-" "Mozilla/5.0 (compatible; AhrefsBot/7.0; +http://ahrefs.com/robot/)"
54.36.148.62 - - [09/Apr/2023:04:58:01 +0200] "GET /images/mini_prod/366DSCN8134.jpg HTTP/1.0" 200 267 "-" "Mozilla/5.0 (compatible; AhrefsBot/7.0; +http://ahrefs.com/robot/)"
65.108.227.178 - - [09/Apr/2023:04:57:59 +0200] "GET /monkey-velvet-cushion-cover-40-60-cm-tomette-p-48147.html HTTP/1.0" 301 73391 "-" "Mozilla/5.0 (compatible; MJ12bot/v1.4.8; http://mj12bot.com/)"
54.36.149.64 - - [09/Apr/2023:04:58:01 +0200] "GET /images/mini_prod/3437018505000.jpg HTTP/1.0" 200 269 "-" "Mozilla/5.0 (compatible; AhrefsBot/7.0; +http://ahrefs.com/robot/)"
54.36.149.85 - - [09/Apr/2023:04:58:01 +0200] "GET /images/mini_prod/8412906996738.jpg HTTP/1.0" 200 269 "-" "Mozilla/5.0 (compatible; AhrefsBot/7.0; +http://ahrefs.com/robot/)"
54.36.148.77 - - [09/Apr/2023:04:58:02 +0200] "GET /images/mini_prod/8001011164813.jpg HTTP/1.0" 200 269 "-" "Mozilla/5.0 (compatible; AhrefsBot/7.0; +http://ahrefs.com/robot/)"
54.36.148.101 - - [09/Apr/2023:04:58:02 +0200] "GET /images/mini_prod/3660532001417.gif HTTP/1.0" 200 268 "-" "Mozilla/5.0 (compatible; AhrefsBot/7.0; +http://ahrefs.com/robot/)"
54.36.148.52 - - [09/Apr/2023:04:58:02 +0200] "GET /images/mini_prod/4007176425510.jpg HTTP/1.0" 200 269 "-" "Mozilla/5.0 (compatible; AhrefsBot/7.0; +http://ahrefs.com/robot/)"
54.36.148.227 - - [09/Apr/2023:04:58:02 +0200] "GET /images/mini_prod/8412906996714.jpg HTTP/1.0" 200 269 "-" "Mozilla/5.0 (compatible; AhrefsBot/7.0; +http://ahrefs.com/robot/)"
54.36.149.13 - - [09/Apr/2023:04:58:02 +0200] "GET /images/mini_prod/4007176123492.gif HTTP/1.0" 200 268 "-" "Mozilla/5.0 (compatible; AhrefsBot/7.0; +http://ahrefs.com/robot/)"
54.36.148.61 - - [09/Apr/2023:04:58:02 +0200] "GET /images/mini_prod/3299738511446.gif HTTP/1.0" 200 268 "-" "Mozilla/5.0 (compatible; AhrefsBot/7.0; +http://ahrefs.com/robot/)"
54.36.149.60 - - [09/Apr/2023:04:58:02 +0200] "GET /images/mini_prod/3521320631110.jpg HTTP/1.0" 200 269 "-" "Mozilla/5.0 (compatible; AhrefsBot/7.0; +http://ahrefs.com/robot/)"
54.36.148.138 - - [09/Apr/2023:04:58:02 +0200] "GET /images/mini_prod/4007176127520b.gif HTTP/1.0" 200 269 "-" "Mozilla/5.0 (compatible; AhrefsBot/7.0; +http://ahrefs.com/robot/)"
54.36.148.94 - - [09/Apr/2023:04:58:03 +0200] "GET /images/mini_prod/8412906996707.jpg HTTP/1.0" 200 269 "-" "Mozilla/5.0 (compatible; AhrefsBot/7.0; +http://ahrefs.com/robot/)"
54.36.148.75 - - [09/Apr/2023:04:58:03 +0200] "GET /images/mini_prod/img25630.gif HTTP/1.0" 200 263 "-" "Mozilla/5.0 (compatible; AhrefsBot/7.0; +http://ahrefs.com/robot/)"
54.36.149.85 - - [09/Apr/2023:04:58:03 +0200] "GET /images/mini_prod/4029811325320.jpg HTTP/1.0" 200 269 "-" "Mozilla/5.0 (compatible; AhrefsBot/7.0; +http://ahrefs.com/robot/)"
54.36.148.94 - - [09/Apr/2023:04:58:03 +0200] "GET /images/mini_prod/8001011162420.jpg HTTP/1.0" 200 269 "-" "Mozilla/5.0 (compatible; AhrefsBot/7.0; +http://ahrefs.com/robot/)"
149.202.82.11 - - [09/Apr/2023:04:58:02 +0200] "GET /kimmidoll-love-miso-cute-collection-p-21730.html HTTP/1.0" 200 76102 "-" "Mozilla/5.0 (compatible; MJ12bot/v1.4.8; http://mj12bot.com/)"
65.108.227.178 - - [09/Apr/2023:04:58:06 +0200] "GET /-p-48147.html HTTP/1.0" 200 73324 "-" "Mozilla/5.0 (compatible; MJ12bot/v1.4.8; http://mj12bot.com/)"
65.108.227.178 - - [09/Apr/2023:04:58:13 +0200] "GET /monster-high-cushion-p-48204.html HTTP/1.0" 301 73391 "-" "Mozilla/5.0 (compatible; MJ12bot/v1.4.8; http://mj12bot.com/)"
149.202.82.11 - - [09/Apr/2023:04:58:14 +0200] "GET /kimmidoll-love-miso-cute-mug-collection-p-21730.html HTTP/1.0" 301 76204 "-" "Mozilla/5.0 (compatible; MJ12bot/v1.4.8; http://mj12bot.com/)"
65.108.227.178 - - [09/Apr/2023:04:58:19 +0200] "GET /-p-48204.html HTTP/1.0" 200 73324 "-" "Mozilla/5.0 (compatible; MJ12bot/v1.4.8; http://mj12bot.com/)"
157.90.181.206 - - [09/Apr/2023:04:58:20 +0200] "GET /support-metal-bottle-drums-p-44477.html HTTP/1.0" 200 76038 "-" "Mozilla/5.0 (compatible; BLEXBot/1.0; +http://webmeup-crawler.com/)"
65.108.227.178 - - [09/Apr/2023:04:58:26 +0200] "GET /moroccan-ashtray-crase-p-51876.html HTTP/1.0" 301 73391 "-" "Mozilla/5.0 (compatible; MJ12bot/v1.4.8; http://mj12bot.com/)"
149.202.82.11 - - [09/Apr/2023:04:58:29 +0200] "GET /kimmidoll-love-miso-cute-collection-p-21730.html HTTP/1.0" 200 76102 "-" "Mozilla/5.0 (compatible; MJ12bot/v1.4.8; http://mj12bot.com/)"
65.108.227.178 - - [09/Apr/2023:04:58:35 +0200] "GET /-p-51876.html HTTP/1.0" 200 73324 "-" "Mozilla/5.0 (compatible; MJ12bot/v1.4.8; http://mj12bot.com/)"
149.202.82.11 - - [09/Apr/2023:04:58:40 +0200] "GET /kimmidoll-makeup-kit-13-17-55-cm-p-42466.html HTTP/1.0" 301 73541 "-" "Mozilla/5.0 (compatible; MJ12bot/v1.4.8; http://mj12bot.com/)"
65.108.227.178 - - [09/Apr/2023:04:58:41 +0200] "GET /moroccan-ashtray-le-paquet-p-51874.html HTTP/1.0" 301 73482 "-" "Mozilla/5.0 (compatible; MJ12bot/v1.4.8; http://mj12bot.com/)"
65.108.227.178 - - [09/Apr/2023:04:58:49 +0200] "GET /moroccan-ashtray-paquet-p-51874.html HTTP/1.0" 200 73392 "-" "Mozilla/5.0 (compatible; MJ12bot/v1.4.8; http://mj12bot.com/)"
149.202.82.11 - - [09/Apr/2023:04:58:53 +0200] "GET /kimmidoll-makeup-p-42466.html HTTP/1.0" 200 73458 "-" "Mozilla/5.0 (compatible; MJ12bot/v1.4.8; http://mj12bot.com/)"
157.90.181.206 - - [09/Apr/2023:04:58:53 +0200] "GET /support-metal-bottle-eiffel-tower-p-45667.html HTTP/1.0" 200 76119 "-" "Mozilla/5.0 (compatible; BLEXBot/1.0; +http://webmeup-crawler.com/)"
65.108.227.178 - - [09/Apr/2023:04:58:59 +0200] "GET /moroccan-ashtray-moderation-p-51875.html HTTP/1.0" 301 73491 "-" "Mozilla/5.0 (compatible; MJ12bot/v1.4.8; http://mj12bot.com/)"
173.252.83.117 - - [09/Apr/2023:04:59:04 +0200] "GET /images/mini_prod/3608860184723.jpg HTTP/1.0" 200 269 "-" "facebookexternalhit/1.1 (+http://www.facebook.com/externalhit_uatext.php)"
65.108.227.178 - - [09/Apr/2023:04:59:07 +0200] "GET /moroccan-ashtray-modration-p-51875.html HTTP/1.0" 200 73398 "-" "Mozilla/5.0 (compatible; MJ12bot/v1.4.8; http://mj12bot.com/)"
107.20.1.87 - - [09/Apr/2023:04:59:11 +0200] "GET /images/mini_prod/8424001557493.jpg HTTP/1.0" 200 269 "-" "Mozilla/5.0 (X11; Ubuntu; Linux x86_64; rv:72.0) Gecko/20100101 Firefox/72.0"
149.202.82.11 - - [09/Apr/2023:04:59:10 +0200] "GET /kimmidoll-makeup-p-42466.html HTTP/1.0" 200 73458 "-" "Mozilla/5.0 (compatible; MJ12bot/v1.4.8; http://mj12bot.com/)"
149.202.82.11 - - [09/Apr/2023:04:59:15 +0200] "GET /kimmidoll-vanity-collection-p-44103.html HTTP/1.0" 200 73450 "-" "Mozilla/5.0 (compatible; MJ12bot/v1.4.8; http://mj12bot.com/)"
65.108.227.178 - - [09/Apr/2023:04:59:18 +0200] "GET /moroccan-ashtray-modration-p-51875.html HTTP/1.0" 200 73398 "-" "Mozilla/5.0 (compatible; MJ12bot/v1.4.8; http://mj12bot.com/)"
65.108.227.178 - - [09/Apr/2023:04:59:24 +0200] "GET /moroccan-ashtray-paquet-p-51874.html HTTP/1.0" 200 73392 "-" "Mozilla/5.0 (compatible; MJ12bot/v1.4.8; http://mj12bot.com/)"
54.36.149.59 - - [09/Apr/2023:04:59:26 +0200] "GET /white-black-gold-ceramic-statue-p-60332.html HTTP/1.0" 200 77026 "-" "Mozilla/5.0 (compatible; AhrefsBot/7.0; +http://ahrefs.com/robot/)"
157.90.181.206 - - [09/Apr/2023:04:59:27 +0200] "GET /support-metal-bottle-fireman-p-37407.html HTTP/1.0" 200 76102 "-" "Mozilla/5.0 (compatible; BLEXBot/1.0; +http://webmeup-crawler.com/)"
54.36.148.180 - - [09/Apr/2023:04:59:31 +0200] "GET /images/big_prod/8435684220352.jpg HTTP/1.0" 200 268 "-" "Mozilla/5.0 (compatible; AhrefsBot/7.0; +http://ahrefs.com/robot/)"
54.36.148.38 - - [09/Apr/2023:04:59:31 +0200] "GET /images/big_prod_1/8435684220352B.jpg HTTP/1.0" 200 271 "-" "Mozilla/5.0 (compatible; AhrefsBot/7.0; +http://ahrefs.com/robot/)"
149.202.82.11 - - [09/Apr/2023:04:59:30 +0200] "GET /kitten-glass-clock-30-cm-p-34008.html HTTP/1.0" 301 73391 "-" "Mozilla/5.0 (compatible; MJ12bot/v1.4.8; http://mj12bot.com/)"
65.108.227.178 - - [09/Apr/2023:04:59:31 +0200] "GET /moroccan-ashtray-sailor-man-p-51877.html HTTP/1.0" 301 73391 "-" "Mozilla/5.0 (compatible; MJ12bot/v1.4.8; http://mj12bot.com/)"
65.108.227.178 - - [09/Apr/2023:04:59:38 +0200] "GET /-p-51877.html HTTP/1.0" 200 73324 "-" "Mozilla/5.0 (compatible; MJ12bot/v1.4.8; http://mj12bot.com/)"
149.202.82.11 - - [09/Apr/2023:04:59:41 +0200] "GET /-p-34008.html HTTP/1.0" 200 73324 "-" "Mozilla/5.0 (compatible; MJ12bot/v1.4.8; http://mj12bot.com/)"
65.108.227.178 - - [09/Apr/2023:04:59:48 +0200] "GET /moroccan-ceramic-ashtray-p-59330.html HTTP/1.0" 200 76777 "-" "Mozilla/5.0 (compatible; MJ12bot/v1.4.8; http://mj12bot.com/)"
54.36.148.130 - - [09/Apr/2023:04:59:48 +0200] "GET /gorjuss-cards-supplied-with-an-envelope-forget-me-not-p-48367.html HTTP/1.0" 301 76394 "-" "Mozilla/5.0 (compatible; AhrefsBot/7.0; +http://ahrefs.com/robot/)"
149.202.82.11 - - [09/Apr/2023:04:59:56 +0200] "GET /kiub-collection-cats-cool-p-54781.html HTTP/1.0" 200 73438 "-" "Mozilla/5.0 (compatible; MJ12bot/v1.4.8; http://mj12bot.com/)"
54.175.65.197 - - [09/Apr/2023:04:59:59 +0200] "GET /images/mini_prod/3453131155168.jpg HTTP/1.0" 200 269 "-" "Mozilla/5.0 (X11; Ubuntu; Linux x86_64; rv:72.0) Gecko/20100101 Firefox/72.0"
65.108.227.178 - - [09/Apr/2023:04:59:56 +0200] "GET /musk-aromatika-incense-sticks-p-59281.html HTTP/1.0" 200 76665 "-" "Mozilla/5.0 (compatible; MJ12bot/v1.4.8; http://mj12bot.com/)"
157.90.181.206 - - [09/Apr/2023:05:00:01 +0200] "GET /support-metal-bottle-fireman-p-48456.html HTTP/1.0" 200 76732 "-" "Mozilla/5.0 (compatible; BLEXBot/1.0; +http://webmeup-crawler.com/)"
149.202.82.11 - - [09/Apr/2023:05:00:03 +0200] "GET /klimt-adult-apron-p-51191.html HTTP/1.0" 200 75894 "-" "Mozilla/5.0 (compatible; MJ12bot/v1.4.8; http://mj12bot.com/)"
65.108.227.178 - - [09/Apr/2023:05:00:03 +0200] "GET /olives-mini-rectangular-tray-p-54917.html HTTP/1.0" 200 76107 "-" "Mozilla/5.0 (compatible; MJ12bot/v1.4.8; http://mj12bot.com/)"
65.108.227.178 - - [09/Apr/2023:05:00:16 +0200] "GET /owls-stickers-p-39236.html HTTP/1.0" 200 75900 "-" "Mozilla/5.0 (compatible; MJ12bot/v1.4.8; http://mj12bot.com/)"
149.202.82.11 - - [09/Apr/2023:05:00:19 +0200] "GET /klimt-tote-bag-p-51201.html HTTP/1.0" 301 76014 "-" "Mozilla/5.0 (compatible; MJ12bot/v1.4.8; http://mj12bot.com/)"
65.108.227.178 - - [09/Apr/2023:05:00:24 +0200] "GET /panther-statuette-21-cm-p-40204.html HTTP/1.0" 301 73478 "-" "Mozilla/5.0 (compatible; MJ12bot/v1.4.8; http://mj12bot.com/)"
173.252.83.116 - - [09/Apr/2023:05:00:32 +0200] "GET /images/mini_prod/5710409200004.jpg HTTP/1.0" 200 269 "-" "facebookexternalhit/1.1 (+http://www.facebook.com/externalhit_uatext.php)"
131.107.1.214 - - [09/Apr/2023:05:00:33 +0200] "GET /images/mini_prod/3453131139618.jpg HTTP/1.0" 200 269 "-" "Mozilla/5.0 (X11; Ubuntu; Linux x86_64; rv:72.0) Gecko/20100101 Firefox/72.0"
65.108.227.178 - - [09/Apr/2023:05:00:31 +0200] "GET /panther-statuette-p-40204.html HTTP/1.0" 200 73394 "-" "Mozilla/5.0 (compatible; MJ12bot/v1.4.8; http://mj12bot.com/)"
149.202.82.11 - - [09/Apr/2023:05:00:34 +0200] "GET /klimt-tote-p-51201.html HTTP/1.0" 200 75937 "-" "Mozilla/5.0 (compatible; MJ12bot/v1.4.8; http://mj12bot.com/)"
65.108.227.178 - - [09/Apr/2023:05:00:38 +0200] "GET /panther-statuette-p-40204.html HTTP/1.0" 200 73394 "-" "Mozilla/5.0 (compatible; MJ12bot/v1.4.8; http://mj12bot.com/)"
157.90.181.206 - - [09/Apr/2023:05:00:38 +0200] "GET /support-metal-bottle-fisherman-p-39633.html HTTP/1.0" 200 76127 "-" "Mozilla/5.0 (compatible; BLEXBot/1.0; +http://webmeup-crawler.com/)"
149.202.82.11 - - [09/Apr/2023:05:00:43 +0200] "GET /klimt-tote-p-51201.html HTTP/1.0" 200 75937 "-" "Mozilla/5.0 (compatible; MJ12bot/v1.4.8; http://mj12bot.com/)"
65.108.227.178 - - [09/Apr/2023:05:00:51 +0200] "GET /paris-city-sticker-p-32980.html HTTP/1.0" 200 76616 "-" "Mozilla/5.0 (compatible; MJ12bot/v1.4.8; http://mj12bot.com/)"
149.202.82.11 - - [09/Apr/2023:05:00:52 +0200] "GET /knights-templar-figurine-in-resin-13-cm-p-44731.html HTTP/1.0" 301 73589 "-" "Mozilla/5.0 (compatible; MJ12bot/v1.4.8; http://mj12bot.com/)"
149.202.82.11 - - [09/Apr/2023:05:01:03 +0200] "GET /knights-templar-figurine-resin-p-44731.html HTTP/1.0" 200 73492 "-" "Mozilla/5.0 (compatible; MJ12bot/v1.4.8; http://mj12bot.com/)"
65.108.227.178 - - [09/Apr/2023:05:01:02 +0200] "GET /perrier-metal-plate-postcard-p-15149.html HTTP/1.0" 200 75824 "-" "Mozilla/5.0 (compatible; MJ12bot/v1.4.8; http://mj12bot.com/)"
65.108.227.178 - - [09/Apr/2023:05:01:10 +0200] "GET /petit-beurre-distributor-p-35248.html HTTP/1.0" 301 73391 "-" "Mozilla/5.0 (compatible; MJ12bot/v1.4.8; http://mj12bot.com/)"
149.202.82.11 - - [09/Apr/2023:05:01:10 +0200] "GET /knights-templar-figurine-in-resin-13-cm-p-44732.html HTTP/1.0" 301 73589 "-" "Mozilla/5.0 (compatible; MJ12bot/v1.4.8; http://mj12bot.com/)"
157.90.181.206 - - [09/Apr/2023:05:01:13 +0200] "GET /support-metal-bottle-golfer-p-37637.html HTTP/1.0" 200 76907 "-" "Mozilla/5.0 (compatible; BLEXBot/1.0; +http://webmeup-crawler.com/)"
54.36.149.41 - - [09/Apr/2023:05:01:14 +0200] "GET /kitten-books-isothermic-stainless-steel-bottle-p-60014.html HTTP/1.0" 200 77089 "-" "Mozilla/5.0 (compatible; AhrefsBot/7.0; +http://ahrefs.com/robot/)"
54.36.148.85 - - [09/Apr/2023:05:01:19 +0200] "GET /images/big_prod/3700572774701.jpg HTTP/1.0" 200 268 "-" "Mozilla/5.0 (compatible; AhrefsBot/7.0; +http://ahrefs.com/robot/)"
65.108.227.178 - - [09/Apr/2023:05:01:18 +0200] "GET /-p-35248.html HTTP/1.0" 200 73324 "-" "Mozilla/5.0 (compatible; MJ12bot/v1.4.8; http://mj12bot.com/)"
149.202.82.11 - - [09/Apr/2023:05:01:22 +0200] "GET /knights-templar-figurine-resin-p-44732.html HTTP/1.0" 200 73492 "-" "Mozilla/5.0 (compatible; MJ12bot/v1.4.8; http://mj12bot.com/)"
65.108.227.178 - - [09/Apr/2023:05:01:25 +0200] "GET /petit-prince-exupry-collection-p-51371.html HTTP/1.0" 200 76773 "-" "Mozilla/5.0 (compatible; MJ12bot/v1.4.8; http://mj12bot.com/)"
65.108.227.178 - - [09/Apr/2023:05:01:33 +0200] "GET /petit-prince-exupry-collection-p-51372.html HTTP/1.0" 200 76773 "-" "Mozilla/5.0 (compatible; MJ12bot/v1.4.8; http://mj12bot.com/)"
149.202.82.11 - - [09/Apr/2023:05:01:34 +0200] "GET /knights-templar-figurine-in-resin-13-cm-p-44733.html HTTP/1.0" 301 73589 "-" "Mozilla/5.0 (compatible; MJ12bot/v1.4.8; http://mj12bot.com/)"
65.108.227.178 - - [09/Apr/2023:05:01:40 +0200] "GET /pill-box-marseille-soap-p-51389.html HTTP/1.0" 301 73391 "-" "Mozilla/5.0 (compatible; MJ12bot/v1.4.8; http://mj12bot.com/)"
149.202.82.11 - - [09/Apr/2023:05:01:44 +0200] "GET /knights-templar-figurine-resin-p-44733.html HTTP/1.0" 200 73492 "-" "Mozilla/5.0 (compatible; MJ12bot/v1.4.8; http://mj12bot.com/)"
54.36.148.166 - - [09/Apr/2023:05:01:50 +0200] "GET /images/big_prod_2/3700572774701C.jpg HTTP/1.0" 200 271 "-" "Mozilla/5.0 (compatible; AhrefsBot/7.0; +http://ahrefs.com/robot/)"
157.90.181.206 - - [09/Apr/2023:05:01:48 +0200] "GET /support-metal-bottle-golfer-p-39630.html HTTP/1.0" 200 76103 "-" "Mozilla/5.0 (compatible; BLEXBot/1.0; +http://webmeup-crawler.com/)"
65.108.227.178 - - [09/Apr/2023:05:01:50 +0200] "GET /-p-51389.html HTTP/1.0" 200 73324 "-" "Mozilla/5.0 (compatible; MJ12bot/v1.4.8; http://mj12bot.com/)"
149.202.82.11 - - [09/Apr/2023:05:01:53 +0200] "GET /knights-templar-figurine-in-resin-13-cm-p-44734.html HTTP/1.0" 301 73589 "-" "Mozilla/5.0 (compatible; MJ12bot/v1.4.8; http://mj12bot.com/)"
65.108.227.178 - - [09/Apr/2023:05:02:01 +0200] "GET /pill-box-provence-p-51390.html HTTP/1.0" 301 73391 "-" "Mozilla/5.0 (compatible; MJ12bot/v1.4.8; http://mj12bot.com/)"
149.202.82.11 - - [09/Apr/2023:05:02:06 +0200] "GET /knights-templar-figurine-resin-p-44734.html HTTP/1.0" 200 73492 "-" "Mozilla/5.0 (compatible; MJ12bot/v1.4.8; http://mj12bot.com/)"
65.108.227.178 - - [09/Apr/2023:05:02:08 +0200] "GET /-p-51390.html HTTP/1.0" 200 73324 "-" "Mozilla/5.0 (compatible; MJ12bot/v1.4.8; http://mj12bot.com/)"
130.44.215.113 - - [09/Apr/2023:05:02:10 +0200] "GET /images/mini_prod/5050293803975.jpg HTTP/1.0" 200 269 "-" "Mozilla/5.0 (X11; Ubuntu; Linux x86_64; rv:72.0) Gecko/20100101 Firefox/72.0"
149.202.82.11 - - [09/Apr/2023:05:02:13 +0200] "GET /knights-templar-figurine-resin-p-44731.html HTTP/1.0" 200 73492 "-" "Mozilla/5.0 (compatible; MJ12bot/v1.4.8; http://mj12bot.com/)"
65.108.227.178 - - [09/Apr/2023:05:02:15 +0200] "GET /pillow-case-cotton-percale-threads-p-51255.html HTTP/1.0" 200 73484 "-" "Mozilla/5.0 (compatible; MJ12bot/v1.4.8; http://mj12bot.com/)"
157.90.181.206 - - [09/Apr/2023:05:02:22 +0200] "GET /support-metal-bottle-guitarist-p-41012.html HTTP/1.0" 200 76090 "-" "Mozilla/5.0 (compatible; BLEXBot/1.0; +http://webmeup-crawler.com/)"
149.202.82.11 - - [09/Apr/2023:05:02:23 +0200] "GET /knights-templar-figurine-resin-p-44732.html HTTP/1.0" 200 73492 "-" "Mozilla/5.0 (compatible; MJ12bot/v1.4.8; http://mj12bot.com/)"
65.108.227.178 - - [09/Apr/2023:05:02:23 +0200] "GET /pillow-case-in-cotton-percale-80-threads-50-70-cm-p-51255.html HTTP/1.0" 301 73585 "-" "Mozilla/5.0 (compatible; MJ12bot/v1.4.8; http://mj12bot.com/)"
106.87.72.161 - - [09/Apr/2023:05:02:01 +0200] "GET / HTTP/1.0" 200 154214 "-" "Mozilla/5.0 (Windows NT 10.0; Win64; x64) AppleWebKit/537.36 (KHTML, like Gecko) Chrome/74.0.3729.157 Safari/537.36"
149.202.82.11 - - [09/Apr/2023:05:02:33 +0200] "GET /knights-templar-figurine-resin-p-44733.html HTTP/1.0" 200 73492 "-" "Mozilla/5.0 (compatible; MJ12bot/v1.4.8; http://mj12bot.com/)"
65.108.227.178 - - [09/Apr/2023:05:02:33 +0200] "GET /pillow-case-cotton-percale-threads-p-51255.html HTTP/1.0" 200 73484 "-" "Mozilla/5.0 (compatible; MJ12bot/v1.4.8; http://mj12bot.com/)"
65.108.227.178 - - [09/Apr/2023:05:02:37 +0200] "GET /plant-suspensions-wall-sticker-p-51879.html HTTP/1.0" 200 76677 "-" "Mozilla/5.0 (compatible; MJ12bot/v1.4.8; http://mj12bot.com/)"
66.249.64.202 - - [09/Apr/2023:05:02:40 +0200] "GET /watch-freegun-hypercolor-tattoo-old-school-p-35099.html HTTP/1.0" 301 73622 "-" "Mozilla/5.0 (Linux; Android 6.0.1; Nexus 5X Build/MMB29P) AppleWebKit/537.36 (KHTML, like Gecko) Chrome/111.0.5563.146 Mobile Safari/537.36 (compatible; Googlebot/2.1; +http://www.google.com/bot.html)"
149.202.82.11 - - [09/Apr/2023:05:02:41 +0200] "GET /knights-templar-figurine-resin-p-44734.html HTTP/1.0" 200 73492 "-" "Mozilla/5.0 (compatible; MJ12bot/v1.4.8; http://mj12bot.com/)"
66.249.64.202 - - [09/Apr/2023:05:02:42 +0200] "GET /watch-freegun-hypercolor-tattoo-school-p-35099.html HTTP/1.0" 200 73517 "-" "Mozilla/5.0 (Linux; Android 6.0.1; Nexus 5X Build/MMB29P) AppleWebKit/537.36 (KHTML, like Gecko) Chrome/111.0.5563.146 Mobile Safari/537.36 (compatible; Googlebot/2.1; +http://www.google.com/bot.html)"
65.108.227.178 - - [09/Apr/2023:05:02:45 +0200] "GET /plant-wall-sticker-p-51882.html HTTP/1.0" 200 76557 "-" "Mozilla/5.0 (compatible; MJ12bot/v1.4.8; http://mj12bot.com/)"
149.202.82.11 - - [09/Apr/2023:05:02:50 +0200] "GET /la-caravelle-vintage-clock-60-cm-p-45890.html HTTP/1.0" 301 73514 "-" "Mozilla/5.0 (compatible; MJ12bot/v1.4.8; http://mj12bot.com/)"
65.108.227.178 - - [09/Apr/2023:05:02:52 +0200] "GET /plants-wall-sticker-p-51880.html HTTP/1.0" 200 76567 "-" "Mozilla/5.0 (compatible; MJ12bot/v1.4.8; http://mj12bot.com/)"
141.193.68.10 - - [09/Apr/2023:05:02:55 +0200] "GET /images/D5411217321171.jpg HTTP/1.0" 200 260 "-" "Mozilla/5.0 (X11; Ubuntu; Linux x86_64; rv:72.0) Gecko/20100101 Firefox/72.0"
149.202.82.11 - - [09/Apr/2023:05:02:56 +0200] "GET /caravelle-vintage-clock-p-45890.html HTTP/1.0" 200 73424 "-" "Mozilla/5.0 (compatible; MJ12bot/v1.4.8; http://mj12bot.com/)"
157.90.181.206 - - [09/Apr/2023:05:02:56 +0200] "GET /support-metal-bottle-guitarist-p-44571.html HTTP/1.0" 200 76127 "-" "Mozilla/5.0 (compatible; BLEXBot/1.0; +http://webmeup-crawler.com/)"
65.108.227.178 - - [09/Apr/2023:05:03:00 +0200] "GET /plush-keeleco-eco-friendly-tortoise-p-51856.html HTTP/1.0" 301 73530 "-" "Mozilla/5.0 (compatible; MJ12bot/v1.4.8; http://mj12bot.com/)"
149.202.82.11 - - [09/Apr/2023:05:03:03 +0200] "GET /la-vie-est-formidable-shirt-by-etienne-boyer-p-29565.html HTTP/1.0" 301 78628 "-" "Mozilla/5.0 (compatible; MJ12bot/v1.4.8; http://mj12bot.com/)"
65.108.227.178 - - [09/Apr/2023:05:03:07 +0200] "GET /plush-keeleco-friendly-tortoise-p-51856.html HTTP/1.0" 200 73432 "-" "Mozilla/5.0 (compatible; MJ12bot/v1.4.8; http://mj12bot.com/)"
65.108.227.178 - - [09/Apr/2023:05:03:13 +0200] "GET /plush-keeleco-friendly-tortoise-p-51856.html HTTP/1.0" 200 73432 "-" "Mozilla/5.0 (compatible; MJ12bot/v1.4.8; http://mj12bot.com/)"
149.202.82.11 - - [09/Apr/2023:05:03:13 +0200] "GET /formidable-shirt-etienne-boyer-p-29565.html HTTP/1.0" 200 78531 "-" "Mozilla/5.0 (compatible; MJ12bot/v1.4.8; http://mj12bot.com/)"
54.36.148.101 - - [09/Apr/2023:05:03:13 +0200] "GET /white-multicolored-turtle-ceramic-statue-p-60336.html HTTP/1.0" 200 75622 "-" "Mozilla/5.0 (compatible; AhrefsBot/7.0; +http://ahrefs.com/robot/)"
65.108.227.178 - - [09/Apr/2023:05:03:22 +0200] "GET /poncho-towel-p-5729.html HTTP/1.0" 200 76043 "-" "Mozilla/5.0 (compatible; MJ12bot/v1.4.8; http://mj12bot.com/)"
149.202.82.11 - - [09/Apr/2023:05:03:24 +0200] "GET /lady-cupcake-compartments-p-49107.html HTTP/1.0" 301 73391 "-" "Mozilla/5.0 (compatible; MJ12bot/v1.4.8; http://mj12bot.com/)"
157.90.181.206 - - [09/Apr/2023:05:03:31 +0200] "GET /support-metal-bottle-hairdresser-p-45490.html HTTP/1.0" 200 76150 "-" "Mozilla/5.0 (compatible; BLEXBot/1.0; +http://webmeup-crawler.com/)"
65.108.227.178 - - [09/Apr/2023:05:03:32 +0200] "GET /porky-with-baseball-figurine-p-59467.html HTTP/1.0" 200 77458 "-" "Mozilla/5.0 (compatible; MJ12bot/v1.4.8; http://mj12bot.com/)"
149.202.82.11 - - [09/Apr/2023:05:03:34 +0200] "GET /-p-49107.html HTTP/1.0" 200 73324 "-" "Mozilla/5.0 (compatible; MJ12bot/v1.4.8; http://mj12bot.com/)"
65.108.227.178 - - [09/Apr/2023:05:03:38 +0200] "GET /portugal-glass-cutting-board-by-cbkreation-p-51182.html HTTP/1.0" 301 76175 "-" "Mozilla/5.0 (compatible; MJ12bot/v1.4.8; http://mj12bot.com/)"
149.202.82.11 - - [09/Apr/2023:05:03:46 +0200] "GET /lady-cupcake-tea-box-compartments-p-49107.html HTTP/1.0" 301 73391 "-" "Mozilla/5.0 (compatible; MJ12bot/v1.4.8; http://mj12bot.com/)"
65.108.227.178 - - [09/Apr/2023:05:03:49 +0200] "GET /portugal-glass-cutting-board-cbkreation-p-51182.html HTTP/1.0" 200 76069 "-" "Mozilla/5.0 (compatible; MJ12bot/v1.4.8; http://mj12bot.com/)"
149.202.82.11 - - [09/Apr/2023:05:03:59 +0200] "GET /-p-49107.html HTTP/1.0" 200 73324 "-" "Mozilla/5.0 (compatible; MJ12bot/v1.4.8; http://mj12bot.com/)"
65.108.227.178 - - [09/Apr/2023:05:04:00 +0200] "GET /portugal-glass-cutting-board-cbkreation-p-51182.html HTTP/1.0" 200 76069 "-" "Mozilla/5.0 (compatible; MJ12bot/v1.4.8; http://mj12bot.com/)"
157.90.181.206 - - [09/Apr/2023:05:04:05 +0200] "GET /support-metal-bottle-hunter-p-34494.html HTTP/1.0" 200 76273 "-" "Mozilla/5.0 (compatible; BLEXBot/1.0; +http://webmeup-crawler.com/)"
149.202.82.11 - - [09/Apr/2023:05:04:06 +0200] "GET /ladybird-gorjuss-box-p-29449.html HTTP/1.0" 301 73391 "-" "Mozilla/5.0 (compatible; MJ12bot/v1.4.8; http://mj12bot.com/)"
65.108.227.178 - - [09/Apr/2023:05:04:12 +0200] "GET /pouf-covered-with-light-grey-velvet-p-59461.html HTTP/1.0" 200 77488 "-" "Mozilla/5.0 (compatible; MJ12bot/v1.4.8; http://mj12bot.com/)"
149.202.82.11 - - [09/Apr/2023:05:04:17 +0200] "GET /-p-29449.html HTTP/1.0" 200 73324 "-" "Mozilla/5.0 (compatible; MJ12bot/v1.4.8; http://mj12bot.com/)"
65.108.227.178 - - [09/Apr/2023:05:04:22 +0200] "GET /resin-statue-monks-hear-see-seeing-p-48284.html HTTP/1.0" 301 76219 "-" "Mozilla/5.0 (compatible; MJ12bot/v1.4.8; http://mj12bot.com/)"
149.202.82.11 - - [09/Apr/2023:05:04:27 +0200] "GET /ladybird-gorjuss-p-29449.html HTTP/1.0" 301 73391 "-" "Mozilla/5.0 (compatible; MJ12bot/v1.4.8; http://mj12bot.com/)"
65.108.227.178 - - [09/Apr/2023:05:04:34 +0200] "GET /resin-statue-monks-hear-seeing-p-48284.html HTTP/1.0" 200 76122 "-" "Mozilla/5.0 (compatible; MJ12bot/v1.4.8; http://mj12bot.com/)"
149.202.82.11 - - [09/Apr/2023:05:04:36 +0200] "GET /-p-29449.html HTTP/1.0" 200 73324 "-" "Mozilla/5.0 (compatible; MJ12bot/v1.4.8; http://mj12bot.com/)"
157.90.181.206 - - [09/Apr/2023:05:04:39 +0200] "GET /support-metal-bottle-jockey-horse-p-44917.html HTTP/1.0" 200 76143 "-" "Mozilla/5.0 (compatible; BLEXBot/1.0; +http://webmeup-crawler.com/)"
219.254.222.204 - - [09/Apr/2023:05:04:44 +0200] "GET /images/mini_prod/4036113830490.jpg HTTP/1.0" 200 269 "-" "Mozilla/5.0 (X11; Ubuntu; Linux x86_64; rv:72.0) Gecko/20100101 Firefox/72.0"
65.108.227.178 - - [09/Apr/2023:05:04:44 +0200] "GET /resin-statue-monks-hear-seeing-p-48284.html HTTP/1.0" 200 76122 "-" "Mozilla/5.0 (compatible; MJ12bot/v1.4.8; http://mj12bot.com/)"
149.202.82.11 - - [09/Apr/2023:05:04:45 +0200] "GET /laissez-lucie-faire-bear-mug-p-42265.html HTTP/1.0" 301 73391 "-" "Mozilla/5.0 (compatible; MJ12bot/v1.4.8; http://mj12bot.com/)"
65.108.227.178 - - [09/Apr/2023:05:04:52 +0200] "GET /rock-crystal-obelisk-p-51172.html HTTP/1.0" 200 73394 "-" "Mozilla/5.0 (compatible; MJ12bot/v1.4.8; http://mj12bot.com/)"
149.202.82.11 - - [09/Apr/2023:05:04:54 +0200] "GET /-p-42265.html HTTP/1.0" 200 73324 "-" "Mozilla/5.0 (compatible; MJ12bot/v1.4.8; http://mj12bot.com/)"
149.202.82.11 - - [09/Apr/2023:05:05:01 +0200] "GET /laissez-lucie-faire-bear-p-42265.html HTTP/1.0" 301 73391 "-" "Mozilla/5.0 (compatible; MJ12bot/v1.4.8; http://mj12bot.com/)"
65.108.227.178 - - [09/Apr/2023:05:05:01 +0200] "GET /rosie-white-mini-rectangular-tray-p-54915.html HTTP/1.0" 200 76727 "-" "Mozilla/5.0 (compatible; MJ12bot/v1.4.8; http://mj12bot.com/)"
149.202.82.11 - - [09/Apr/2023:05:05:10 +0200] "GET /-p-42265.html HTTP/1.0" 200 73324 "-" "Mozilla/5.0 (compatible; MJ12bot/v1.4.8; http://mj12bot.com/)"
65.108.227.178 - - [09/Apr/2023:05:05:11 +0200] "GET /round-tablecloth-azulejos-treated-anti-stain-orange-180-180-cm-p-51352.html HTTP/1.0" 301 73391 "-" "Mozilla/5.0 (compatible; MJ12bot/v1.4.8; http://mj12bot.com/)"
157.90.181.206 - - [09/Apr/2023:05:05:13 +0200] "GET /support-metal-bottle-lighthouse-p-47719.html HTTP/1.0" 200 76725 "-" "Mozilla/5.0 (compatible; BLEXBot/1.0; +http://webmeup-crawler.com/)"
65.108.227.178 - - [09/Apr/2023:05:05:17 +0200] "GET /-p-51352.html HTTP/1.0" 200 73324 "-" "Mozilla/5.0 (compatible; MJ12bot/v1.4.8; http://mj12bot.com/)"
149.202.82.11 - - [09/Apr/2023:05:05:19 +0200] "GET /laissez-lucie-faire-bear-sugar-p-42262.html HTTP/1.0" 301 73391 "-" "Mozilla/5.0 (compatible; MJ12bot/v1.4.8; http://mj12bot.com/)"
66.249.64.198 - - [09/Apr/2023:05:05:22 +0200] "GET /images/big_prod/3700829402456.jpg HTTP/1.0" 200 268 "-" "Googlebot-Image/1.0"
65.108.227.178 - - [09/Apr/2023:05:05:23 +0200] "GET /round-tablecloth-azulejos-treated-anti-stain-orange-p-51352.html HTTP/1.0" 301 73391 "-" "Mozilla/5.0 (compatible; MJ12bot/v1.4.8; http://mj12bot.com/)"
149.202.82.11 - - [09/Apr/2023:05:05:31 +0200] "GET /-p-42262.html HTTP/1.0" 200 73324 "-" "Mozilla/5.0 (compatible; MJ12bot/v1.4.8; http://mj12bot.com/)"
65.108.227.178 - - [09/Apr/2023:05:05:33 +0200] "GET /-p-51352.html HTTP/1.0" 200 73324 "-" "Mozilla/5.0 (compatible; MJ12bot/v1.4.8; http://mj12bot.com/)"
149.202.82.11 - - [09/Apr/2023:05:05:35 +0200] "GET /laissez-lucie-faire-bear-sugar-pot-p-42262.html HTTP/1.0" 301 73391 "-" "Mozilla/5.0 (compatible; MJ12bot/v1.4.8; http://mj12bot.com/)"
65.108.227.178 - - [09/Apr/2023:05:05:42 +0200] "GET /route-logo-metal-magnet-p-8188.html HTTP/1.0" 200 75955 "-" "Mozilla/5.0 (compatible; MJ12bot/v1.4.8; http://mj12bot.com/)"
149.202.82.11 - - [09/Apr/2023:05:05:48 +0200] "GET /-p-42262.html HTTP/1.0" 200 73324 "-" "Mozilla/5.0 (compatible; MJ12bot/v1.4.8; http://mj12bot.com/)"
157.90.181.206 - - [09/Apr/2023:05:05:47 +0200] "GET /support-metal-bottle-long-live-newlyweds-p-45838.html HTTP/1.0" 200 76207 "-" "Mozilla/5.0 (compatible; BLEXBot/1.0; +http://webmeup-crawler.com/)"
192.169.107.255 - - [09/Apr/2023:05:05:55 +0200] "GET /images/mini_prod/8424001284559a.jpg HTTP/1.0" 200 270 "-" "Mozilla/5.0 (X11; Ubuntu; Linux x86_64; rv:72.0) Gecko/20100101 Firefox/72.0"
65.108.227.178 - - [09/Apr/2023:05:05:57 +0200] "GET /royal-guests-three-fairies-figurine-p-45967.html HTTP/1.0" 200 77399 "-" "Mozilla/5.0 (compatible; MJ12bot/v1.4.8; http://mj12bot.com/)"
149.202.82.11 - - [09/Apr/2023:05:06:00 +0200] "GET /laissez-lucie-faire-bernard-card-holders-p-38967.html HTTP/1.0" 200 73491 "-" "Mozilla/5.0 (compatible; MJ12bot/v1.4.8; http://mj12bot.com/)"
65.108.227.178 - - [09/Apr/2023:05:06:04 +0200] "GET /saint-expedit-prayer-candle-novena-p-58236.html HTTP/1.0" 200 76822 "-" "Mozilla/5.0 (compatible; MJ12bot/v1.4.8; http://mj12bot.com/)"
149.202.82.11 - - [09/Apr/2023:05:06:07 +0200] "GET /laissez-lucie-faire-byako-card-holders-p-38966.html HTTP/1.0" 200 73487 "-" "Mozilla/5.0 (compatible; MJ12bot/v1.4.8; http://mj12bot.com/)"
51.68.224.127 - - [09/Apr/2023:05:06:11 +0200] "GET /adminweb/export_orders_xml.php?token=256de2z6edz6ed2z6DFSFsed2zed6zeDSFDSGdzedezfzf&maxorders=10&orderstart=1&status=14&start_date=2018-10-01 HTTP/1.0" 200 285 "-" "GesCom CharlotteBoutik Serveur"
51.68.224.127 - - [09/Apr/2023:05:06:11 +0200] "GET /adminweb/export_orders_xml.php?token=256de2z6edz6ed2z6DFSFsed2zed6zeDSFDSGdzedezfzf&maxorders=10&orderstart=1&status=6&start_date=2018-10-01 HTTP/1.0" 200 33887 "-" "GesCom CharlotteBoutik Serveur"
65.108.227.178 - - [09/Apr/2023:05:06:13 +0200] "GET /salt-pepper-camargua-p-55003.html HTTP/1.0" 200 76008 "-" "Mozilla/5.0 (compatible; MJ12bot/v1.4.8; http://mj12bot.com/)"
149.202.82.11 - - [09/Apr/2023:05:06:20 +0200] "GET /laissez-lucie-faire-maria-card-holders-p-38968.html HTTP/1.0" 200 73487 "-" "Mozilla/5.0 (compatible; MJ12bot/v1.4.8; http://mj12bot.com/)"
157.90.181.206 - - [09/Apr/2023:05:06:22 +0200] "GET /support-metal-bottle-lovers-p-44893.html HTTP/1.0" 200 76046 "-" "Mozilla/5.0 (compatible; BLEXBot/1.0; +http://webmeup-crawler.com/)"
65.108.227.178 - - [09/Apr/2023:05:06:23 +0200] "GET /scent-cup-heart-and-home-tuscan-fig-p-53335.html HTTP/1.0" 301 76533 "-" "Mozilla/5.0 (compatible; MJ12bot/v1.4.8; http://mj12bot.com/)"
66.249.64.198 - - [09/Apr/2023:05:06:23 +0200] "GET /posters-stickers-wall-c-147.html HTTP/1.0" 301 93173 "-" "Mozilla/5.0 (Linux; Android 6.0.1; Nexus 5X Build/MMB29P) AppleWebKit/537.36 (KHTML, like Gecko) Chrome/111.0.5563.146 Mobile Safari/537.36 (compatible; Googlebot/2.1; +http://www.google.com/bot.html)"
66.249.64.202 - - [09/Apr/2023:05:06:25 +0200] "GET /posters-stickers-wall-c-13_147.html HTTP/1.0" 200 93210 "-" "Mozilla/5.0 (Linux; Android 6.0.1; Nexus 5X Build/MMB29P) AppleWebKit/537.36 (KHTML, like Gecko) Chrome/111.0.5563.146 Mobile Safari/537.36 (compatible; Googlebot/2.1; +http://www.google.com/bot.html)"
65.108.227.178 - - [09/Apr/2023:05:06:30 +0200] "GET /scent-heart-home-tuscan-p-53335.html HTTP/1.0" 200 76443 "-" "Mozilla/5.0 (compatible; MJ12bot/v1.4.8; http://mj12bot.com/)"
149.202.82.11 - - [09/Apr/2023:05:06:34 +0200] "GET /lakshmi-statue-18-cm-p-37199.html HTTP/1.0" 301 73463 "-" "Mozilla/5.0 (compatible; MJ12bot/v1.4.8; http://mj12bot.com/)"
65.108.227.178 - - [09/Apr/2023:05:06:38 +0200] "GET /scent-cup-heart-and-home-welcoming-fire-p-53328.html HTTP/1.0" 301 73556 "-" "Mozilla/5.0 (compatible; MJ12bot/v1.4.8; http://mj12bot.com/)"
65.108.227.178 - - [09/Apr/2023:05:06:45 +0200] "GET /scent-heart-home-welcoming-fire-p-53328.html HTTP/1.0" 200 73458 "-" "Mozilla/5.0 (compatible; MJ12bot/v1.4.8; http://mj12bot.com/)"
149.202.82.11 - - [09/Apr/2023:05:06:47 +0200] "GET /lakshmi-statue-p-37199.html HTTP/1.0" 200 73382 "-" "Mozilla/5.0 (compatible; MJ12bot/v1.4.8; http://mj12bot.com/)"
149.202.82.11 - - [09/Apr/2023:05:06:52 +0200] "GET /lakshmi-statue-p-37199.html HTTP/1.0" 200 73382 "-" "Mozilla/5.0 (compatible; MJ12bot/v1.4.8; http://mj12bot.com/)"
65.108.227.178 - - [09/Apr/2023:05:06:53 +0200] "GET /scent-heart-home-tuscan-p-53335.html HTTP/1.0" 200 76443 "-" "Mozilla/5.0 (compatible; MJ12bot/v1.4.8; http://mj12bot.com/)"
104.171.202.67 - - [09/Apr/2023:05:06:55 +0200] "GET /images/mini_prod/9316188073882.jpg HTTP/1.0" 200 269 "-" "Mozilla/5.0 (X11; Ubuntu; Linux x86_64; rv:72.0) Gecko/20100101 Firefox/72.0"
157.90.181.206 - - [09/Apr/2023:05:06:54 +0200] "GET /support-metal-bottle-musician-p-54984.html HTTP/1.0" 200 76740 "-" "Mozilla/5.0 (compatible; BLEXBot/1.0; +http://webmeup-crawler.com/)"
149.202.82.11 - - [09/Apr/2023:05:07:00 +0200] "GET /lambretta-evolution-poster-p-15758.html HTTP/1.0" 301 73391 "-" "Mozilla/5.0 (compatible; MJ12bot/v1.4.8; http://mj12bot.com/)"
65.108.227.178 - - [09/Apr/2023:05:07:03 +0200] "GET /scent-heart-home-welcoming-fire-p-53328.html HTTP/1.0" 200 73458 "-" "Mozilla/5.0 (compatible; MJ12bot/v1.4.8; http://mj12bot.com/)"
149.202.82.11 - - [09/Apr/2023:05:07:11 +0200] "GET /-p-15758.html HTTP/1.0" 200 73324 "-" "Mozilla/5.0 (compatible; MJ12bot/v1.4.8; http://mj12bot.com/)"
65.108.227.178 - - [09/Apr/2023:05:07:11 +0200] "GET /set-bedspread-boutis-and-pillowcases-240-260-cm-p-53278.html HTTP/1.0" 301 73391 "-" "Mozilla/5.0 (compatible; MJ12bot/v1.4.8; http://mj12bot.com/)"
65.108.227.178 - - [09/Apr/2023:05:07:19 +0200] "GET /-p-53278.html HTTP/1.0" 200 73324 "-" "Mozilla/5.0 (compatible; MJ12bot/v1.4.8; http://mj12bot.com/)"
149.202.82.11 - - [09/Apr/2023:05:07:21 +0200] "GET /lamp-chrie-party-p-49038.html HTTP/1.0" 200 73374 "-" "Mozilla/5.0 (compatible; MJ12bot/v1.4.8; http://mj12bot.com/)"
65.108.227.178 - - [09/Apr/2023:05:07:24 +0200] "GET /shore-blessed-birth-bethlehem-piece-mini-nativity-p-53273.html HTTP/1.0" 200 73544 "-" "Mozilla/5.0 (compatible; MJ12bot/v1.4.8; http://mj12bot.com/)"
157.90.181.206 - - [09/Apr/2023:05:07:27 +0200] "GET /support-metal-bottle-napoleon-p-42091.html HTTP/1.0" 200 76068 "-" "Mozilla/5.0 (compatible; BLEXBot/1.0; +http://webmeup-crawler.com/)"
65.108.227.178 - - [09/Apr/2023:05:07:31 +0200] "GET /sixtine-bedspread-180-240-cm-p-51294.html HTTP/1.0" 301 73496 "-" "Mozilla/5.0 (compatible; MJ12bot/v1.4.8; http://mj12bot.com/)"
149.202.82.11 - - [09/Apr/2023:05:07:33 +0200] "GET /lamp-p-44663.html HTTP/1.0" 301 73391 "-" "Mozilla/5.0 (compatible; MJ12bot/v1.4.8; http://mj12bot.com/)"
66.249.64.198 - - [09/Apr/2023:05:07:38 +0200] "GET /js/modernizr-transitions.js HTTP/1.0" 200 267 "http://www.wonder-geek.com/posters-stickers-wall-c-13_147.html" "Mozilla/5.0 (Linux; Android 6.0.1; Nexus 5X Build/MMB29P) AppleWebKit/537.36 (KHTML, like Gecko) Chrome/111.0.5563.146 Mobile Safari/537.36 (compatible; Googlebot/2.1; +http://www.google.com/bot.html)"
65.108.227.178 - - [09/Apr/2023:05:07:38 +0200] "GET /sixtine-bedspread-p-51294.html HTTP/1.0" 200 73412 "-" "Mozilla/5.0 (compatible; MJ12bot/v1.4.8; http://mj12bot.com/)"
131.107.147.185 - - [09/Apr/2023:05:07:41 +0200] "GET /images/mini_prod/3560600256971.jpg HTTP/1.0" 200 269 "-" "Mozilla/5.0 (X11; Ubuntu; Linux x86_64; rv:72.0) Gecko/20100101 Firefox/72.0"
149.202.82.11 - - [09/Apr/2023:05:07:42 +0200] "GET /-p-44663.html HTTP/1.0" 200 73324 "-" "Mozilla/5.0 (compatible; MJ12bot/v1.4.8; http://mj12bot.com/)"
65.108.227.178 - - [09/Apr/2023:05:07:46 +0200] "GET /sixtine-bedspread-p-51294.html HTTP/1.0" 200 73412 "-" "Mozilla/5.0 (compatible; MJ12bot/v1.4.8; http://mj12bot.com/)"
149.202.82.11 - - [09/Apr/2023:05:07:50 +0200] "GET /lamp-petits-p-49041.html HTTP/1.0" 301 73391 "-" "Mozilla/5.0 (compatible; MJ12bot/v1.4.8; http://mj12bot.com/)"
131.107.1.214 - - [09/Apr/2023:05:07:54 +0200] "GET /images/mini_prod/3574642017162.jpg HTTP/1.0" 200 269 "-" "Mozilla/5.0 (X11; Ubuntu; Linux x86_64; rv:72.0) Gecko/20100101 Firefox/72.0"
34.82.164.151 - - [09/Apr/2023:05:07:55 +0200] "GET /images/mini_prod/8422702358005.jpg HTTP/1.0" 200 269 "-" "Mozilla/5.0 (X11; Ubuntu; Linux x86_64; rv:72.0) Gecko/20100101 Firefox/72.0"
65.108.227.178 - - [09/Apr/2023:05:07:54 +0200] "GET /sixtine-microfiber-pillowcase-65-65-cm-p-51364.html HTTP/1.0" 301 73548 "-" "Mozilla/5.0 (compatible; MJ12bot/v1.4.8; http://mj12bot.com/)"
157.90.181.206 - - [09/Apr/2023:05:07:59 +0200] "GET /support-metal-bottle-p-45666.html HTTP/1.0" 200 76072 "-" "Mozilla/5.0 (compatible; BLEXBot/1.0; +http://webmeup-crawler.com/)"
173.252.83.17 - - [09/Apr/2023:05:08:01 +0200] "GET /images/mini_prod/3079091105663.jpg HTTP/1.0" 200 269 "-" "facebookexternalhit/1.1 (+http://www.facebook.com/externalhit_uatext.php)"
149.202.82.11 - - [09/Apr/2023:05:08:00 +0200] "GET /-p-49041.html HTTP/1.0" 200 73324 "-" "Mozilla/5.0 (compatible; MJ12bot/v1.4.8; http://mj12bot.com/)"
65.108.227.178 - - [09/Apr/2023:05:08:01 +0200] "GET /sixtine-microfiber-pillowcase-p-51364.html HTTP/1.0" 200 73452 "-" "Mozilla/5.0 (compatible; MJ12bot/v1.4.8; http://mj12bot.com/)"
149.202.82.11 - - [09/Apr/2023:05:08:09 +0200] "GET /lampshade-white-lyon-p-35829.html HTTP/1.0" 301 73391 "-" "Mozilla/5.0 (compatible; MJ12bot/v1.4.8; http://mj12bot.com/)"
65.108.227.178 - - [09/Apr/2023:05:08:10 +0200] "GET /sixtine-microfiber-pillowcase-p-51364.html HTTP/1.0" 200 73452 "-" "Mozilla/5.0 (compatible; MJ12bot/v1.4.8; http://mj12bot.com/)"
65.108.227.178 - - [09/Apr/2023:05:08:17 +0200] "GET /skateboarding-buddies-charlie-brown-and-snoopy-figurines-p-37217.html HTTP/1.0" 301 73391 "-" "Mozilla/5.0 (compatible; MJ12bot/v1.4.8; http://mj12bot.com/)"
149.202.82.11 - - [09/Apr/2023:05:08:18 +0200] "GET /-p-35829.html HTTP/1.0" 200 73324 "-" "Mozilla/5.0 (compatible; MJ12bot/v1.4.8; http://mj12bot.com/)"
65.108.227.178 - - [09/Apr/2023:05:08:22 +0200] "GET /-p-37217.html HTTP/1.0" 200 73324 "-" "Mozilla/5.0 (compatible; MJ12bot/v1.4.8; http://mj12bot.com/)"
149.202.82.11 - - [09/Apr/2023:05:08:25 +0200] "GET /langrish-horse-waterfall-poster-p-22648.html HTTP/1.0" 301 73391 "-" "Mozilla/5.0 (compatible; MJ12bot/v1.4.8; http://mj12bot.com/)"
65.108.227.178 - - [09/Apr/2023:05:08:27 +0200] "GET /small-baby-teeth-gold-p-36445.html HTTP/1.0" 200 76114 "-" "Mozilla/5.0 (compatible; MJ12bot/v1.4.8; http://mj12bot.com/)"
65.87.248.169 - - [09/Apr/2023:05:08:31 +0200] "GET /images/med_prod/8435306276187.jpg HTTP/1.0" 200 268 "-" "Mozilla/5.0 (Macintosh; Intel Mac OS X 10_15) AppleWebKit/605.1.15 (KHTML, like Gecko) Version/13.0.5 Safari/605.1.15"
157.90.181.206 - - [09/Apr/2023:05:08:32 +0200] "GET /support-metal-bottle-sailing-ship-p-53008.html HTTP/1.0" 200 76120 "-" "Mozilla/5.0 (compatible; BLEXBot/1.0; +http://webmeup-crawler.com/)"
65.108.227.178 - - [09/Apr/2023:05:08:36 +0200] "GET /small-baby-teeth-p-53345.html HTTP/1.0" 200 76072 "-" "Mozilla/5.0 (compatible; MJ12bot/v1.4.8; http://mj12bot.com/)"
65.87.248.169 - - [09/Apr/2023:05:08:40 +0200] "GET /images/8435306246654.jpg HTTP/1.0" 200 259 "-" "Mozilla/5.0 (Macintosh; Intel Mac OS X 10_15) AppleWebKit/605.1.15 (KHTML, like Gecko) Version/13.0.5 Safari/605.1.15"
149.202.82.11 - - [09/Apr/2023:05:08:39 +0200] "GET /-p-22648.html HTTP/1.0" 200 73324 "-" "Mozilla/5.0 (compatible; MJ12bot/v1.4.8; http://mj12bot.com/)"
65.108.227.178 - - [09/Apr/2023:05:08:43 +0200] "GET /small-baby-teeth-pink-p-36446.html HTTP/1.0" 200 76114 "-" "Mozilla/5.0 (compatible; MJ12bot/v1.4.8; http://mj12bot.com/)"
149.202.82.11 - - [09/Apr/2023:05:08:46 +0200] "GET /large-candle-stopover-mediterranean-p-44137.html HTTP/1.0" 200 73529 "-" "Mozilla/5.0 (compatible; MJ12bot/v1.4.8; http://mj12bot.com/)"
65.108.227.178 - - [09/Apr/2023:05:08:50 +0200] "GET /small-box-for-baby-teeth-p-53345.html HTTP/1.0" 301 76155 "-" "Mozilla/5.0 (compatible; MJ12bot/v1.4.8; http://mj12bot.com/)"
149.202.82.11 - - [09/Apr/2023:05:08:51 +0200] "GET /large-heart-ceramic-trinket-box-hush-little-bunny-p-34739.html HTTP/1.0" 301 76531 "-" "Mozilla/5.0 (compatible; MJ12bot/v1.4.8; http://mj12bot.com/)"
107.20.1.87 - - [09/Apr/2023:05:08:54 +0200] "GET /images/mini_prod/1399984220313.jpg HTTP/1.0" 200 269 "-" "Mozilla/5.0 (X11; Ubuntu; Linux x86_64; rv:72.0) Gecko/20100101 Firefox/72.0"
65.108.227.178 - - [09/Apr/2023:05:08:56 +0200] "GET /small-baby-teeth-p-53345.html HTTP/1.0" 200 76072 "-" "Mozilla/5.0 (compatible; MJ12bot/v1.4.8; http://mj12bot.com/)"
149.202.82.11 - - [09/Apr/2023:05:09:01 +0200] "GET /large-heart-ceramic-trinket-hush-little-bunny-p-34739.html HTTP/1.0" 200 76419 "-" "Mozilla/5.0 (compatible; MJ12bot/v1.4.8; http://mj12bot.com/)"
65.108.227.178 - - [09/Apr/2023:05:09:03 +0200] "GET /small-candle-ginger-lemongrass-p-53337.html HTTP/1.0" 200 76638 "-" "Mozilla/5.0 (compatible; MJ12bot/v1.4.8; http://mj12bot.com/)"
149.202.82.11 - - [09/Apr/2023:05:09:05 +0200] "GET /large-heart-ceramic-trinket-box-ladybird-p-34740.html HTTP/1.0" 301 73573 "-" "Mozilla/5.0 (compatible; MJ12bot/v1.4.8; http://mj12bot.com/)"
157.90.181.206 - - [09/Apr/2023:05:09:05 +0200] "GET /support-metal-bottle-saxo-p-44475.html HTTP/1.0" 200 76031 "-" "Mozilla/5.0 (compatible; BLEXBot/1.0; +http://webmeup-crawler.com/)"
65.108.227.178 - - [09/Apr/2023:05:09:09 +0200] "GET /small-jar-candle-ginger-and-lemongrass-p-53337.html HTTP/1.0" 301 76735 "-" "Mozilla/5.0 (compatible; MJ12bot/v1.4.8; http://mj12bot.com/)"
157.55.39.206 - - [09/Apr/2023:05:09:11 +0200] "GET /pill-klimt-kiss-p-60071.html HTTP/1.0" 200 76918 "-" "Mozilla/5.0 AppleWebKit/537.36 (KHTML, like Gecko; compatible; bingbot/2.0; +http://www.bing.com/bingbot.htm) Chrome/103.0.5060.134 Safari/537.36"
149.202.82.11 - - [09/Apr/2023:05:09:15 +0200] "GET /large-heart-ceramic-trinket-ladybird-p-34740.html HTTP/1.0" 200 73470 "-" "Mozilla/5.0 (compatible; MJ12bot/v1.4.8; http://mj12bot.com/)"
65.108.227.178 - - [09/Apr/2023:05:09:15 +0200] "GET /small-candle-ginger-lemongrass-p-53337.html HTTP/1.0" 200 76638 "-" "Mozilla/5.0 (compatible; MJ12bot/v1.4.8; http://mj12bot.com/)"
17.241.75.201 - - [09/Apr/2023:05:09:19 +0200] "GET /images/big_prod/3521320800585BB.jpg HTTP/1.0" 200 270 "-" "Mozilla/5.0 (Macintosh; Intel Mac OS X 10_15_5) AppleWebKit/605.1.15 (KHTML, like Gecko) Version/13.1.1 Safari/605.1.15 (Applebot/0.1; +http://www.apple.com/go/applebot)"
130.207.124.168 - - [09/Apr/2023:05:09:22 +0200] "GET /images/mini_prod/5036278060298.jpg HTTP/1.0" 200 269 "-" "Mozilla/5.0 (X11; Ubuntu; Linux x86_64; rv:72.0) Gecko/20100101 Firefox/72.0"
65.108.227.178 - - [09/Apr/2023:05:09:21 +0200] "GET /snowman-pocket-heater-p-59454.html HTTP/1.0" 200 76958 "-" "Mozilla/5.0 (compatible; MJ12bot/v1.4.8; http://mj12bot.com/)"
149.202.82.11 - - [09/Apr/2023:05:09:22 +0200] "GET /large-heart-ceramic-trinket-box-we-can-all-shine-p-34741.html HTTP/1.0" 301 76489 "-" "Mozilla/5.0 (compatible; MJ12bot/v1.4.8; http://mj12bot.com/)"
65.108.227.178 - - [09/Apr/2023:05:09:27 +0200] "GET /solar-powered-sunflower-dancing-p-33552.html HTTP/1.0" 200 76276 "-" "Mozilla/5.0 (compatible; MJ12bot/v1.4.8; http://mj12bot.com/)"
149.202.82.11 - - [09/Apr/2023:05:09:33 +0200] "GET /large-heart-ceramic-trinket-shine-p-34741.html HTTP/1.0" 200 76389 "-" "Mozilla/5.0 (compatible; MJ12bot/v1.4.8; http://mj12bot.com/)"
65.108.227.178 - - [09/Apr/2023:05:09:35 +0200] "GET /sonny-angel-tree-ornament-by-la-duree-p-32514.html HTTP/1.0" 301 76474 "-" "Mozilla/5.0 (compatible; MJ12bot/v1.4.8; http://mj12bot.com/)"
157.90.181.206 - - [09/Apr/2023:05:09:38 +0200] "GET /support-metal-bottle-skier-p-38255.html HTTP/1.0" 200 76060 "-" "Mozilla/5.0 (compatible; BLEXBot/1.0; +http://webmeup-crawler.com/)"
65.108.227.178 - - [09/Apr/2023:05:09:42 +0200] "GET /sonny-angel-tree-ornament-dure-p-32514.html HTTP/1.0" 200 76377 "-" "Mozilla/5.0 (compatible; MJ12bot/v1.4.8; http://mj12bot.com/)"
149.202.82.11 - - [09/Apr/2023:05:09:44 +0200] "GET /large-heart-ceramic-trinket-hush-little-bunny-p-34739.html HTTP/1.0" 200 76419 "-" "Mozilla/5.0 (compatible; MJ12bot/v1.4.8; http://mj12bot.com/)"
65.108.227.178 - - [09/Apr/2023:05:09:48 +0200] "GET /sonny-angel-tree-ornament-dure-p-32514.html HTTP/1.0" 200 76377 "-" "Mozilla/5.0 (compatible; MJ12bot/v1.4.8; http://mj12bot.com/)"
149.202.82.11 - - [09/Apr/2023:05:09:51 +0200] "GET /large-heart-ceramic-trinket-ladybird-p-34740.html HTTP/1.0" 200 73470 "-" "Mozilla/5.0 (compatible; MJ12bot/v1.4.8; http://mj12bot.com/)"
65.108.227.178 - - [09/Apr/2023:05:09:54 +0200] "GET /sonny-angel-vegetable-series-p-51168.html HTTP/1.0" 301 73391 "-" "Mozilla/5.0 (compatible; MJ12bot/v1.4.8; http://mj12bot.com/)"
149.202.82.11 - - [09/Apr/2023:05:10:00 +0200] "GET /large-heart-ceramic-trinket-shine-p-34741.html HTTP/1.0" 200 76389 "-" "Mozilla/5.0 (compatible; MJ12bot/v1.4.8; http://mj12bot.com/)"
65.108.227.178 - - [09/Apr/2023:05:10:01 +0200] "GET /-p-51168.html HTTP/1.0" 200 73324 "-" "Mozilla/5.0 (compatible; MJ12bot/v1.4.8; http://mj12bot.com/)"
149.202.82.11 - - [09/Apr/2023:05:10:05 +0200] "GET /large-horse-statuette-resin-and-glass-p-48955.html HTTP/1.0" 301 73391 "-" "Mozilla/5.0 (compatible; MJ12bot/v1.4.8; http://mj12bot.com/)"
65.108.227.178 - - [09/Apr/2023:05:10:10 +0200] "GET /sorcerer-mickey-storybook-figurine-p-59432.html HTTP/1.0" 200 77722 "-" "Mozilla/5.0 (compatible; MJ12bot/v1.4.8; http://mj12bot.com/)"
130.44.212.126 - - [09/Apr/2023:05:10:13 +0200] "GET /images/mini_prod/1384010183595.jpg HTTP/1.0" 200 269 "-" "Mozilla/5.0 (X11; Ubuntu; Linux x86_64; rv:72.0) Gecko/20100101 Firefox/72.0"
157.90.181.206 - - [09/Apr/2023:05:10:10 +0200] "GET /support-metal-bottle-tavernier-p-44570.html HTTP/1.0" 200 76127 "-" "Mozilla/5.0 (compatible; BLEXBot/1.0; +http://webmeup-crawler.com/)"
65.108.227.178 - - [09/Apr/2023:05:10:15 +0200] "GET /sparrows-blossom-mini-rectangular-tray-p-54910.html HTTP/1.0" 200 76137 "-" "Mozilla/5.0 (compatible; MJ12bot/v1.4.8; http://mj12bot.com/)"
52.167.144.93 - - [09/Apr/2023:05:10:16 +0200] "GET /collectible-figurines-decorative-c-13_135.html HTTP/1.0" 200 96770 "-" "Mozilla/5.0 AppleWebKit/537.36 (KHTML, like Gecko; compatible; bingbot/2.0; +http://www.bing.com/bingbot.htm) Chrome/103.0.5060.134 Safari/537.36"
149.202.82.11 - - [09/Apr/2023:05:10:18 +0200] "GET /-p-48955.html HTTP/1.0" 200 73324 "-" "Mozilla/5.0 (compatible; MJ12bot/v1.4.8; http://mj12bot.com/)"
65.108.227.178 - - [09/Apr/2023:05:10:24 +0200] "GET /spiderman-photo-frame-p-37017.html HTTP/1.0" 301 73391 "-" "Mozilla/5.0 (compatible; MJ12bot/v1.4.8; http://mj12bot.com/)"
149.202.82.11 - - [09/Apr/2023:05:10:25 +0200] "GET /large-horse-statuette-resin-glass-p-48955.html HTTP/1.0" 301 73391 "-" "Mozilla/5.0 (compatible; MJ12bot/v1.4.8; http://mj12bot.com/)"
65.108.227.178 - - [09/Apr/2023:05:10:29 +0200] "GET /-p-37017.html HTTP/1.0" 200 73324 "-" "Mozilla/5.0 (compatible; MJ12bot/v1.4.8; http://mj12bot.com/)"
65.108.227.178 - - [09/Apr/2023:05:10:35 +0200] "GET /spongebob-alarm-clock-p-10333.html HTTP/1.0" 200 73398 "-" "Mozilla/5.0 (compatible; MJ12bot/v1.4.8; http://mj12bot.com/)"
149.202.82.11 - - [09/Apr/2023:05:10:35 +0200] "GET /-p-48955.html HTTP/1.0" 200 73324 "-" "Mozilla/5.0 (compatible; MJ12bot/v1.4.8; http://mj12bot.com/)"
65.108.227.178 - - [09/Apr/2023:05:10:40 +0200] "GET /spongebob-alarm-clock-p-8337.html HTTP/1.0" 301 73388 "-" "Mozilla/5.0 (compatible; MJ12bot/v1.4.8; http://mj12bot.com/)"
65.108.227.178 - - [09/Apr/2023:05:10:43 +0200] "GET /-p-8337.html HTTP/1.0" 200 73322 "-" "Mozilla/5.0 (compatible; MJ12bot/v1.4.8; http://mj12bot.com/)"
149.202.82.11 - - [09/Apr/2023:05:10:45 +0200] "GET /large-industrial-hanging-pendulum-union-hotel-p-51370.html HTTP/1.0" 200 73470 "-" "Mozilla/5.0 (compatible; MJ12bot/v1.4.8; http://mj12bot.com/)"
157.90.181.206 - - [09/Apr/2023:05:10:45 +0200] "GET /support-metal-bottle-tennisman-p-54988.html HTTP/1.0" 200 76812 "-" "Mozilla/5.0 (compatible; BLEXBot/1.0; +http://webmeup-crawler.com/)"
65.108.227.178 - - [09/Apr/2023:05:10:49 +0200] "GET /spring-in-bloom-frozen-fever-anna-figure-collection-p-34270.html HTTP/1.0" 301 73391 "-" "Mozilla/5.0 (compatible; MJ12bot/v1.4.8; http://mj12bot.com/)"
65.108.227.178 - - [09/Apr/2023:05:10:53 +0200] "GET /-p-34270.html HTTP/1.0" 200 73324 "-" "Mozilla/5.0 (compatible; MJ12bot/v1.4.8; http://mj12bot.com/)"
149.202.82.11 - - [09/Apr/2023:05:10:54 +0200] "GET /large-jar-candle-stopover-in-the-mediterranean-p-44137.html HTTP/1.0" 301 73631 "-" "Mozilla/5.0 (compatible; MJ12bot/v1.4.8; http://mj12bot.com/)"
65.108.227.178 - - [09/Apr/2023:05:10:57 +0200] "GET /stackable-cups-vilains-garons-p-57613.html HTTP/1.0" 200 76768 "-" "Mozilla/5.0 (compatible; MJ12bot/v1.4.8; http://mj12bot.com/)"
149.202.82.11 - - [09/Apr/2023:05:11:03 +0200] "GET /large-candle-stopover-mediterranean-p-44137.html HTTP/1.0" 200 73529 "-" "Mozilla/5.0 (compatible; MJ12bot/v1.4.8; http://mj12bot.com/)"
