211.140.23.130 - - [09/Apr/2023:04:21:41 +0200] "GET / HTTP/1.0" 200 155054 "-" "Mozilla/5.0 (Windows NT 10.0; WOW64) AppleWebKit/537.36 (KHTML, like Gecko) Chrome/90.0.4430.212 Safari/537.36"
91.137.17.190 - - [09/Apr/2023:04:21:46 +0200] "GET /-p-37753.html HTTP/1.0" 200 73324 "-" "Mozilla/5.0 (compatible; MJ12bot/v1.4.8; http://mj12bot.com/)"
211.140.23.130 - - [09/Apr/2023:04:21:43 +0200] "GET / HTTP/1.0" 200 153479 "-" "Mozilla/5.0 (Windows NT 10.0; WOW64) AppleWebKit/537.36 (KHTML, like Gecko) Chrome/90.0.4430.212 Safari/537.36"
149.202.82.11 - - [09/Apr/2023:04:21:46 +0200] "GET /boxes-storage-c-13_150.html?page=22 HTTP/1.0" 200 96222 "-" "Mozilla/5.0 (compatible; MJ12bot/v1.4.8; http://mj12bot.com/)"
65.108.227.178 - - [09/Apr/2023:04:21:50 +0200] "GET /menu-wooden-wall-decoration-hang-p-44739.html HTTP/1.0" 200 73476 "-" "Mozilla/5.0 (compatible; MJ12bot/v1.4.8; http://mj12bot.com/)"
216.244.66.242 - - [09/Apr/2023:04:21:53 +0200] "GET /robots.txt HTTP/1.0" 301 531 "-" "Mozilla/5.0 (compatible; DotBot/1.2; +https://opensiteexplorer.org/dotbot; help@moz.com)"
216.244.66.242 - - [09/Apr/2023:04:21:53 +0200] "GET /robots.txt HTTP/1.0" 200 245 "-" "Mozilla/5.0 (compatible; DotBot/1.2; +https://opensiteexplorer.org/dotbot; help@moz.com)"
91.137.17.190 - - [09/Apr/2023:04:21:52 +0200] "GET /volkswagen-beetle-keyring-pink-p-37754.html HTTP/1.0" 301 73391 "-" "Mozilla/5.0 (compatible; MJ12bot/v1.4.8; http://mj12bot.com/)"
216.244.66.242 - - [09/Apr/2023:04:21:54 +0200] "GET /robots.txt HTTP/1.0" 200 245 "-" "Mozilla/5.0 (compatible; DotBot/1.2; +https://opensiteexplorer.org/dotbot; help@moz.com)"
91.137.17.190 - - [09/Apr/2023:04:21:56 +0200] "GET /-p-37754.html HTTP/1.0" 200 73324 "-" "Mozilla/5.0 (compatible; MJ12bot/v1.4.8; http://mj12bot.com/)"
65.108.227.178 - - [09/Apr/2023:04:21:58 +0200] "GET /mercedes-large-p-55660.html HTTP/1.0" 200 76673 "-" "Mozilla/5.0 (compatible; MJ12bot/v1.4.8; http://mj12bot.com/)"
17.241.219.240 - - [09/Apr/2023:04:21:59 +0200] "GET /mugs-mazagrans-c-12_57.html?page=27 HTTP/1.0" 200 99384 "-" "Mozilla/5.0 (Macintosh; Intel Mac OS X 10_15_5) AppleWebKit/605.1.15 (KHTML, like Gecko) Version/13.1.1 Safari/605.1.15 (Applebot/0.1; +http://www.apple.com/go/applebot)"
149.202.82.11 - - [09/Apr/2023:04:22:00 +0200] "GET /boy-best-friend-elliott-dragon-figurine-p-37696.html HTTP/1.0" 301 76857 "-" "Mozilla/5.0 (compatible; MJ12bot/v1.4.8; http://mj12bot.com/)"
91.137.17.190 - - [09/Apr/2023:04:22:02 +0200] "GET /volkswagen-beetle-keyring-yellow-p-37755.html HTTP/1.0" 301 73391 "-" "Mozilla/5.0 (compatible; MJ12bot/v1.4.8; http://mj12bot.com/)"
91.137.17.190 - - [09/Apr/2023:04:22:07 +0200] "GET /-p-37755.html HTTP/1.0" 200 73324 "-" "Mozilla/5.0 (compatible; MJ12bot/v1.4.8; http://mj12bot.com/)"
211.140.23.130 - - [09/Apr/2023:04:22:05 +0200] "GET / HTTP/1.0" 200 154065 "-" "Mozilla/5.0 (Windows NT 10.0; WOW64) AppleWebKit/537.36 (KHTML, like Gecko) Chrome/90.0.4430.212 Safari/537.36"
157.90.181.206 - - [09/Apr/2023:04:22:08 +0200] "GET /stone-amethyst-sold-weight-grams-p-46545.html HTTP/1.0" 200 76997 "-" "Mozilla/5.0 (compatible; BLEXBot/1.0; +http://webmeup-crawler.com/)"
65.108.227.178 - - [09/Apr/2023:04:22:09 +0200] "GET /merci-gustave-eiffel-tower-union-jack-p-31347.html HTTP/1.0" 301 73391 "-" "Mozilla/5.0 (compatible; MJ12bot/v1.4.8; http://mj12bot.com/)"
149.202.82.11 - - [09/Apr/2023:04:22:10 +0200] "GET /best-friend-elliott-dragon-figurine-p-37696.html HTTP/1.0" 200 76755 "-" "Mozilla/5.0 (compatible; MJ12bot/v1.4.8; http://mj12bot.com/)"
91.137.17.190 - - [09/Apr/2023:04:22:11 +0200] "GET /votive-candle-gingerbread-house-p-46028.html HTTP/1.0" 200 73476 "-" "Mozilla/5.0 (compatible; MJ12bot/v1.4.8; http://mj12bot.com/)"
91.137.17.190 - - [09/Apr/2023:04:22:17 +0200] "GET /votive-candle-home-christmas-p-46035.html HTTP/1.0" 200 73473 "-" "Mozilla/5.0 (compatible; MJ12bot/v1.4.8; http://mj12bot.com/)"
65.108.227.178 - - [09/Apr/2023:04:22:20 +0200] "GET /-p-31347.html HTTP/1.0" 200 73324 "-" "Mozilla/5.0 (compatible; MJ12bot/v1.4.8; http://mj12bot.com/)"
91.137.17.190 - - [09/Apr/2023:04:22:22 +0200] "GET /votive-candle-home-for-christmas-p-46035.html HTTP/1.0" 301 73568 "-" "Mozilla/5.0 (compatible; MJ12bot/v1.4.8; http://mj12bot.com/)"
149.202.82.11 - - [09/Apr/2023:04:22:26 +0200] "GET /braided-paper-fiber-basket-grey-p-58192.html HTTP/1.0" 200 76675 "-" "Mozilla/5.0 (compatible; MJ12bot/v1.4.8; http://mj12bot.com/)"
91.137.17.190 - - [09/Apr/2023:04:22:27 +0200] "GET /votive-candle-home-christmas-p-46035.html HTTP/1.0" 200 73473 "-" "Mozilla/5.0 (compatible; MJ12bot/v1.4.8; http://mj12bot.com/)"
65.108.227.178 - - [09/Apr/2023:04:22:32 +0200] "GET /merci-gustave-paris-chic-cosmetic-make-p-38462.html HTTP/1.0" 200 76193 "-" "Mozilla/5.0 (compatible; MJ12bot/v1.4.8; http://mj12bot.com/)"
91.137.17.190 - - [09/Apr/2023:04:22:34 +0200] "GET /votive-candle-plum-and-orange-blossom-p-46024.html HTTP/1.0" 301 76775 "-" "Mozilla/5.0 (compatible; MJ12bot/v1.4.8; http://mj12bot.com/)"
149.202.82.11 - - [09/Apr/2023:04:22:35 +0200] "GET /british-cat-round-box-p-15931.html HTTP/1.0" 301 76132 "-" "Mozilla/5.0 (compatible; MJ12bot/v1.4.8; http://mj12bot.com/)"
91.137.17.190 - - [09/Apr/2023:04:22:39 +0200] "GET /votive-candle-plum-orange-blossom-p-46024.html HTTP/1.0" 200 76675 "-" "Mozilla/5.0 (compatible; MJ12bot/v1.4.8; http://mj12bot.com/)"
16.163.129.49 - - [09/Apr/2023:04:22:41 +0200] "GET /images/mini_prod/3014627769278.jpg HTTP/1.0" 200 269 "-" "Mozilla/5.0 (X11; Ubuntu; Linux x86_64; rv:72.0) Gecko/20100101 Firefox/72.0"
157.90.181.206 - - [09/Apr/2023:04:22:41 +0200] "GET /stone-amethyst-sold-weight-grams-p-46546.html HTTP/1.0" 200 76997 "-" "Mozilla/5.0 (compatible; BLEXBot/1.0; +http://webmeup-crawler.com/)"
91.137.17.190 - - [09/Apr/2023:04:22:46 +0200] "GET /votive-candle-plum-orange-blossom-p-46024.html HTTP/1.0" 200 76675 "-" "Mozilla/5.0 (compatible; MJ12bot/v1.4.8; http://mj12bot.com/)"
65.108.227.178 - - [09/Apr/2023:04:22:48 +0200] "GET /merci-gustave-paris-chic-espresso-p-38461.html HTTP/1.0" 301 73391 "-" "Mozilla/5.0 (compatible; MJ12bot/v1.4.8; http://mj12bot.com/)"
91.137.17.190 - - [09/Apr/2023:04:22:53 +0200] "GET /wall-buddha-heads-45-cm-p-40980.html HTTP/1.0" 301 73391 "-" "Mozilla/5.0 (compatible; MJ12bot/v1.4.8; http://mj12bot.com/)"
65.108.227.178 - - [09/Apr/2023:04:22:56 +0200] "GET /-p-38461.html HTTP/1.0" 200 73324 "-" "Mozilla/5.0 (compatible; MJ12bot/v1.4.8; http://mj12bot.com/)"
91.137.17.190 - - [09/Apr/2023:04:22:58 +0200] "GET /-p-40980.html HTTP/1.0" 200 73324 "-" "Mozilla/5.0 (compatible; MJ12bot/v1.4.8; http://mj12bot.com/)"
149.202.82.11 - - [09/Apr/2023:04:22:58 +0200] "GET /british-round-p-15931.html HTTP/1.0" 200 76052 "-" "Mozilla/5.0 (compatible; MJ12bot/v1.4.8; http://mj12bot.com/)"
91.137.17.190 - - [09/Apr/2023:04:23:03 +0200] "GET /wall-carved-buddha-heads-p-37576.html HTTP/1.0" 301 73391 "-" "Mozilla/5.0 (compatible; MJ12bot/v1.4.8; http://mj12bot.com/)"
91.137.17.190 - - [09/Apr/2023:04:23:09 +0200] "GET /-p-37576.html HTTP/1.0" 200 73324 "-" "Mozilla/5.0 (compatible; MJ12bot/v1.4.8; http://mj12bot.com/)"
149.202.82.11 - - [09/Apr/2023:04:23:09 +0200] "GET /british-dog-round-box-p-15933.html HTTP/1.0" 301 76124 "-" "Mozilla/5.0 (compatible; MJ12bot/v1.4.8; http://mj12bot.com/)"
65.108.227.178 - - [09/Apr/2023:04:23:10 +0200] "GET /merci-gustave-paris-chic-placemat-p-38455.html HTTP/1.0" 200 73489 "-" "Mozilla/5.0 (compatible; MJ12bot/v1.4.8; http://mj12bot.com/)"
91.137.17.190 - - [09/Apr/2023:04:23:13 +0200] "GET /wall-deco-african-mask-tears-p-48949.html HTTP/1.0" 200 73434 "-" "Mozilla/5.0 (compatible; MJ12bot/v1.4.8; http://mj12bot.com/)"
157.90.181.206 - - [09/Apr/2023:04:23:14 +0200] "GET /stone-amethyst-sold-weight-grams-p-46547.html HTTP/1.0" 200 76997 "-" "Mozilla/5.0 (compatible; BLEXBot/1.0; +http://webmeup-crawler.com/)"
173.252.83.7 - - [09/Apr/2023:04:23:17 +0200] "GET /images/mini_prod/8433933123225.jpg HTTP/1.0" 200 269 "-" "facebookexternalhit/1.1 (+http://www.facebook.com/externalhit_uatext.php)"
91.137.17.190 - - [09/Apr/2023:04:23:18 +0200] "GET /wall-deco-smiling-african-mask-p-48948.html HTTP/1.0" 200 73436 "-" "Mozilla/5.0 (compatible; MJ12bot/v1.4.8; http://mj12bot.com/)"
65.108.227.178 - - [09/Apr/2023:04:23:21 +0200] "GET /merci-gustave-paris-so-chic-cosmetic-make-up-kit-p-38462.html HTTP/1.0" 301 76298 "-" "Mozilla/5.0 (compatible; MJ12bot/v1.4.8; http://mj12bot.com/)"
54.36.148.78 - - [09/Apr/2023:04:23:23 +0200] "GET /bowl-laughing-mint-made-germany-p-53825.html HTTP/1.0" 200 76666 "-" "Mozilla/5.0 (compatible; AhrefsBot/7.0; +http://ahrefs.com/robot/)"
91.137.17.190 - - [09/Apr/2023:04:23:24 +0200] "GET /wall-decoration-beer-capsule-collector-p-58610.html HTTP/1.0" 200 76979 "-" "Mozilla/5.0 (compatible; MJ12bot/v1.4.8; http://mj12bot.com/)"
149.202.82.11 - - [09/Apr/2023:04:23:28 +0200] "GET /british-round-p-15933.html HTTP/1.0" 200 76044 "-" "Mozilla/5.0 (compatible; MJ12bot/v1.4.8; http://mj12bot.com/)"
91.137.17.190 - - [09/Apr/2023:04:23:29 +0200] "GET /wall-decoration-blue-gold-model-p-38577.html HTTP/1.0" 200 76101 "-" "Mozilla/5.0 (compatible; MJ12bot/v1.4.8; http://mj12bot.com/)"
91.137.17.190 - - [09/Apr/2023:04:23:34 +0200] "GET /wall-decoration-boat-48-cm-p-49099.html HTTP/1.0" 301 73493 "-" "Mozilla/5.0 (compatible; MJ12bot/v1.4.8; http://mj12bot.com/)"
65.108.227.178 - - [09/Apr/2023:04:23:36 +0200] "GET /merci-gustave-paris-chic-cosmetic-make-p-38462.html HTTP/1.0" 200 76193 "-" "Mozilla/5.0 (compatible; MJ12bot/v1.4.8; http://mj12bot.com/)"
91.137.17.190 - - [09/Apr/2023:04:23:41 +0200] "GET /wall-decoration-boat-p-49099.html HTTP/1.0" 200 73406 "-" "Mozilla/5.0 (compatible; MJ12bot/v1.4.8; http://mj12bot.com/)"
65.108.227.178 - - [09/Apr/2023:04:23:46 +0200] "GET /merci-gustave-paris-so-chic-espresso-set-p-38461.html HTTP/1.0" 301 73391 "-" "Mozilla/5.0 (compatible; MJ12bot/v1.4.8; http://mj12bot.com/)"
91.137.17.190 - - [09/Apr/2023:04:23:46 +0200] "GET /wall-decoration-boat-64-cm-p-37192.html HTTP/1.0" 301 73391 "-" "Mozilla/5.0 (compatible; MJ12bot/v1.4.8; http://mj12bot.com/)"
157.90.181.206 - - [09/Apr/2023:04:23:46 +0200] "GET /stone-carnelian-grammes-p-46576.html HTTP/1.0" 200 77486 "-" "Mozilla/5.0 (compatible; BLEXBot/1.0; +http://webmeup-crawler.com/)"
91.137.17.190 - - [09/Apr/2023:04:23:50 +0200] "GET /-p-37192.html HTTP/1.0" 200 73324 "-" "Mozilla/5.0 (compatible; MJ12bot/v1.4.8; http://mj12bot.com/)"
149.202.82.11 - - [09/Apr/2023:04:23:54 +0200] "GET /british-round-p-15931.html HTTP/1.0" 200 76052 "-" "Mozilla/5.0 (compatible; MJ12bot/v1.4.8; http://mj12bot.com/)"
65.108.227.178 - - [09/Apr/2023:04:23:57 +0200] "GET /-p-38461.html HTTP/1.0" 200 73324 "-" "Mozilla/5.0 (compatible; MJ12bot/v1.4.8; http://mj12bot.com/)"
91.137.17.190 - - [09/Apr/2023:04:23:57 +0200] "GET /wall-decoration-boat-p-49099.html HTTP/1.0" 200 73406 "-" "Mozilla/5.0 (compatible; MJ12bot/v1.4.8; http://mj12bot.com/)"
91.137.17.190 - - [09/Apr/2023:04:24:01 +0200] "GET /wall-decoration-boats-58-cm-p-49120.html HTTP/1.0" 301 73391 "-" "Mozilla/5.0 (compatible; MJ12bot/v1.4.8; http://mj12bot.com/)"
66.249.64.200 - - [09/Apr/2023:04:24:03 +0200] "GET /flower-pots-c-13_275.html HTTP/1.0" 200 94966 "-" "Mozilla/5.0 (Linux; Android 6.0.1; Nexus 5X Build/MMB29P) AppleWebKit/537.36 (KHTML, like Gecko) Chrome/111.0.5563.146 Mobile Safari/537.36 (compatible; Googlebot/2.1; +http://www.google.com/bot.html)"
149.202.82.11 - - [09/Apr/2023:04:24:04 +0200] "GET /british-round-p-15933.html HTTP/1.0" 200 76044 "-" "Mozilla/5.0 (compatible; MJ12bot/v1.4.8; http://mj12bot.com/)"
91.137.17.190 - - [09/Apr/2023:04:24:07 +0200] "GET /-p-49120.html HTTP/1.0" 200 73324 "-" "Mozilla/5.0 (compatible; MJ12bot/v1.4.8; http://mj12bot.com/)"
65.108.227.178 - - [09/Apr/2023:04:24:09 +0200] "GET /merci-gustave-paris-so-chic-mug-p-38463.html HTTP/1.0" 301 73391 "-" "Mozilla/5.0 (compatible; MJ12bot/v1.4.8; http://mj12bot.com/)"
91.137.17.190 - - [09/Apr/2023:04:24:13 +0200] "GET /wall-decoration-cat-24-61-cm-p-45748.html HTTP/1.0" 301 73486 "-" "Mozilla/5.0 (compatible; MJ12bot/v1.4.8; http://mj12bot.com/)"
65.108.227.178 - - [09/Apr/2023:04:24:18 +0200] "GET /-p-38463.html HTTP/1.0" 200 73324 "-" "Mozilla/5.0 (compatible; MJ12bot/v1.4.8; http://mj12bot.com/)"
91.137.17.190 - - [09/Apr/2023:04:24:19 +0200] "GET /wall-decoration-p-45748.html HTTP/1.0" 200 73404 "-" "Mozilla/5.0 (compatible; MJ12bot/v1.4.8; http://mj12bot.com/)"
157.90.181.206 - - [09/Apr/2023:04:24:19 +0200] "GET /stone-carnelian-grams-p-46574.html HTTP/1.0" 200 77468 "-" "Mozilla/5.0 (compatible; BLEXBot/1.0; +http://webmeup-crawler.com/)"
91.137.17.190 - - [09/Apr/2023:04:24:25 +0200] "GET /wall-decoration-cat-24-61cm-p-45748.html HTTP/1.0" 301 73486 "-" "Mozilla/5.0 (compatible; MJ12bot/v1.4.8; http://mj12bot.com/)"
91.137.17.190 - - [09/Apr/2023:04:24:29 +0200] "GET /wall-decoration-p-45748.html HTTP/1.0" 200 73404 "-" "Mozilla/5.0 (compatible; MJ12bot/v1.4.8; http://mj12bot.com/)"
149.202.82.11 - - [09/Apr/2023:04:24:29 +0200] "GET /britto-ceramic-bowl-p-32655.html HTTP/1.0" 301 73391 "-" "Mozilla/5.0 (compatible; MJ12bot/v1.4.8; http://mj12bot.com/)"
65.108.227.178 - - [09/Apr/2023:04:24:35 +0200] "GET /merci-gustave-paris-so-chic-placemat-p-38455.html HTTP/1.0" 301 73589 "-" "Mozilla/5.0 (compatible; MJ12bot/v1.4.8; http://mj12bot.com/)"
91.137.17.190 - - [09/Apr/2023:04:24:36 +0200] "GET /wall-decoration-electric-guitar-82-cm-p-37190.html HTTP/1.0" 301 73391 "-" "Mozilla/5.0 (compatible; MJ12bot/v1.4.8; http://mj12bot.com/)"
91.137.17.190 - - [09/Apr/2023:04:24:40 +0200] "GET /-p-37190.html HTTP/1.0" 200 73324 "-" "Mozilla/5.0 (compatible; MJ12bot/v1.4.8; http://mj12bot.com/)"
149.202.82.11 - - [09/Apr/2023:04:24:42 +0200] "GET /-p-32655.html HTTP/1.0" 200 73324 "-" "Mozilla/5.0 (compatible; MJ12bot/v1.4.8; http://mj12bot.com/)"
65.108.227.178 - - [09/Apr/2023:04:24:43 +0200] "GET /merci-gustave-paris-chic-placemat-p-38455.html HTTP/1.0" 200 73489 "-" "Mozilla/5.0 (compatible; MJ12bot/v1.4.8; http://mj12bot.com/)"
91.137.17.190 - - [09/Apr/2023:04:24:45 +0200] "GET /wall-decoration-gold-model-p-38579.html HTTP/1.0" 200 76064 "-" "Mozilla/5.0 (compatible; MJ12bot/v1.4.8; http://mj12bot.com/)"
66.249.64.198 - - [09/Apr/2023:04:24:46 +0200] "GET /gray-metal-wood-flexo-lamp-p-52771.html HTTP/1.0" 200 77468 "-" "Mozilla/5.0 (Linux; Android 6.0.1; Nexus 5X Build/MMB29P) AppleWebKit/537.36 (KHTML, like Gecko) Chrome/111.0.5563.146 Mobile Safari/537.36 (compatible; Googlebot/2.1; +http://www.google.com/bot.html)"
91.137.17.190 - - [09/Apr/2023:04:24:49 +0200] "GET /wall-decoration-in-relief-bath-vintage-60-45-cm-p-46063.html HTTP/1.0" 301 73584 "-" "Mozilla/5.0 (compatible; MJ12bot/v1.4.8; http://mj12bot.com/)"
157.90.181.206 - - [09/Apr/2023:04:24:52 +0200] "GET /stone-carnelian-grams-p-46577.html HTTP/1.0" 200 77468 "-" "Mozilla/5.0 (compatible; BLEXBot/1.0; +http://webmeup-crawler.com/)"
91.137.17.190 - - [09/Apr/2023:04:24:54 +0200] "GET /wall-decoration-relief-bath-vintage-p-46063.html HTTP/1.0" 200 73482 "-" "Mozilla/5.0 (compatible; MJ12bot/v1.4.8; http://mj12bot.com/)"
66.249.64.198 - - [09/Apr/2023:04:24:56 +0200] "GET /corsica-wall-decoration-p-44563.html HTTP/1.0" 200 75980 "-" "Mozilla/5.0 (Linux; Android 6.0.1; Nexus 5X Build/MMB29P) AppleWebKit/537.36 (KHTML, like Gecko) Chrome/111.0.5563.146 Mobile Safari/537.36 (compatible; Googlebot/2.1; +http://www.google.com/bot.html)"
65.108.227.178 - - [09/Apr/2023:04:24:56 +0200] "GET /merci-steel-sign-30-20-cm-p-47049.html HTTP/1.0" 301 73471 "-" "Mozilla/5.0 (compatible; MJ12bot/v1.4.8; http://mj12bot.com/)"
91.137.17.190 - - [09/Apr/2023:04:24:59 +0200] "GET /wall-decoration-mandala-lotus-wooden-pastel-colors-50-cm-p-46059.html HTTP/1.0" 301 76348 "-" "Mozilla/5.0 (compatible; MJ12bot/v1.4.8; http://mj12bot.com/)"
149.202.82.11 - - [09/Apr/2023:04:25:00 +0200] "GET /britto-green-ceramic-bowl-p-32657.html HTTP/1.0" 301 73391 "-" "Mozilla/5.0 (compatible; MJ12bot/v1.4.8; http://mj12bot.com/)"
91.137.17.190 - - [09/Apr/2023:04:25:03 +0200] "GET /wall-decoration-mandala-lotus-wooden-pastel-colors-p-46059.html HTTP/1.0" 200 76231 "-" "Mozilla/5.0 (compatible; MJ12bot/v1.4.8; http://mj12bot.com/)"
65.108.227.178 - - [09/Apr/2023:04:25:04 +0200] "GET /merci-steel-sign-p-47049.html HTTP/1.0" 200 73388 "-" "Mozilla/5.0 (compatible; MJ12bot/v1.4.8; http://mj12bot.com/)"
91.137.17.190 - - [09/Apr/2023:04:25:09 +0200] "GET /wall-decoration-mandala-lotus-wooden-pastel-colors-p-46059.html HTTP/1.0" 200 76231 "-" "Mozilla/5.0 (compatible; MJ12bot/v1.4.8; http://mj12bot.com/)"
119.96.11.234 - - [09/Apr/2023:04:25:15 +0200] "GET /images/big_prod_1/b9316188078542.jpg HTTP/1.0" 200 271 "-" "Mozilla/5.0 (X11; Ubuntu; Linux x86_64; rv:72.0) Gecko/20100101 Firefox/72.0"
91.137.17.190 - - [09/Apr/2023:04:25:16 +0200] "GET /wall-decoration-music-50-cm-p-46763.html HTTP/1.0" 301 73391 "-" "Mozilla/5.0 (compatible; MJ12bot/v1.4.8; http://mj12bot.com/)"
91.137.17.190 - - [09/Apr/2023:04:25:20 +0200] "GET /-p-46763.html HTTP/1.0" 200 73324 "-" "Mozilla/5.0 (compatible; MJ12bot/v1.4.8; http://mj12bot.com/)"
54.36.148.121 - - [09/Apr/2023:04:25:21 +0200] "GET /beer-glass-bottle-opener-p-53489.html HTTP/1.0" 200 76982 "-" "Mozilla/5.0 (compatible; AhrefsBot/7.0; +http://ahrefs.com/robot/)"
65.108.227.178 - - [09/Apr/2023:04:25:21 +0200] "GET /merci-steel-sign-p-47049.html HTTP/1.0" 200 73388 "-" "Mozilla/5.0 (compatible; MJ12bot/v1.4.8; http://mj12bot.com/)"
54.36.149.39 - - [09/Apr/2023:04:25:24 +0200] "GET /images/big_prod/3700281642940.jpg HTTP/1.0" 200 268 "-" "Mozilla/5.0 (compatible; AhrefsBot/7.0; +http://ahrefs.com/robot/)"
54.36.149.86 - - [09/Apr/2023:04:25:24 +0200] "GET /images/big_prod_1/3700281642940c.jpg HTTP/1.0" 200 271 "-" "Mozilla/5.0 (compatible; AhrefsBot/7.0; +http://ahrefs.com/robot/)"
149.202.82.11 - - [09/Apr/2023:04:25:24 +0200] "GET /-p-32657.html HTTP/1.0" 200 73324 "-" "Mozilla/5.0 (compatible; MJ12bot/v1.4.8; http://mj12bot.com/)"
91.137.17.190 - - [09/Apr/2023:04:25:26 +0200] "GET /wall-decoration-music-60-cm-p-46764.html HTTP/1.0" 301 73391 "-" "Mozilla/5.0 (compatible; MJ12bot/v1.4.8; http://mj12bot.com/)"
157.90.181.206 - - [09/Apr/2023:04:25:29 +0200] "GET /stone-lion-statue-indoors-outdoors-p-58666.html HTTP/1.0" 200 76842 "-" "Mozilla/5.0 (compatible; BLEXBot/1.0; +http://webmeup-crawler.com/)"
65.108.227.178 - - [09/Apr/2023:04:25:30 +0200] "GET /merde-vido-game-shirt-p-29574.html HTTP/1.0" 200 77176 "-" "Mozilla/5.0 (compatible; MJ12bot/v1.4.8; http://mj12bot.com/)"
91.137.17.190 - - [09/Apr/2023:04:25:31 +0200] "GET /-p-46764.html HTTP/1.0" 200 73324 "-" "Mozilla/5.0 (compatible; MJ12bot/v1.4.8; http://mj12bot.com/)"
91.137.17.190 - - [09/Apr/2023:04:25:36 +0200] "GET /wall-decoration-music-90-cm-p-41092.html HTTP/1.0" 301 73391 "-" "Mozilla/5.0 (compatible; MJ12bot/v1.4.8; http://mj12bot.com/)"
149.202.82.11 - - [09/Apr/2023:04:25:40 +0200] "GET /britto-red-ceramic-bowl-p-32655.html HTTP/1.0" 301 73391 "-" "Mozilla/5.0 (compatible; MJ12bot/v1.4.8; http://mj12bot.com/)"
91.137.17.190 - - [09/Apr/2023:04:25:41 +0200] "GET /-p-41092.html HTTP/1.0" 200 73324 "-" "Mozilla/5.0 (compatible; MJ12bot/v1.4.8; http://mj12bot.com/)"
65.108.227.178 - - [09/Apr/2023:04:25:44 +0200] "GET /merida-figurine-collection-p-18949.html HTTP/1.0" 200 73418 "-" "Mozilla/5.0 (compatible; MJ12bot/v1.4.8; http://mj12bot.com/)"
91.137.17.190 - - [09/Apr/2023:04:25:45 +0200] "GET /wall-decoration-music-p-46763.html HTTP/1.0" 301 73391 "-" "Mozilla/5.0 (compatible; MJ12bot/v1.4.8; http://mj12bot.com/)"
91.137.17.190 - - [09/Apr/2023:04:25:51 +0200] "GET /-p-46763.html HTTP/1.0" 200 73324 "-" "Mozilla/5.0 (compatible; MJ12bot/v1.4.8; http://mj12bot.com/)"
65.108.227.178 - - [09/Apr/2023:04:25:55 +0200] "GET /merida-figurine-collection-p-24354.html HTTP/1.0" 301 73391 "-" "Mozilla/5.0 (compatible; MJ12bot/v1.4.8; http://mj12bot.com/)"
149.202.82.11 - - [09/Apr/2023:04:25:57 +0200] "GET /-p-32655.html HTTP/1.0" 200 73324 "-" "Mozilla/5.0 (compatible; MJ12bot/v1.4.8; http://mj12bot.com/)"
91.137.17.190 - - [09/Apr/2023:04:25:58 +0200] "GET /wall-decoration-p-45748.html HTTP/1.0" 200 73404 "-" "Mozilla/5.0 (compatible; MJ12bot/v1.4.8; http://mj12bot.com/)"
173.252.83.118 - - [09/Apr/2023:04:26:01 +0200] "GET /images/mini_prod/8422017821034.jpg HTTP/1.0" 200 269 "-" "facebookexternalhit/1.1 (+http://www.facebook.com/externalhit_uatext.php)"
157.90.181.206 - - [09/Apr/2023:04:26:02 +0200] "GET /stone-polychrome-jasper-grams-p-46584.html HTTP/1.0" 200 77289 "-" "Mozilla/5.0 (compatible; BLEXBot/1.0; +http://webmeup-crawler.com/)"
91.137.17.190 - - [09/Apr/2023:04:26:06 +0200] "GET /wall-decoration-pump-gasoline-metal-80-cm-blue-p-44745.html HTTP/1.0" 301 73585 "-" "Mozilla/5.0 (compatible; MJ12bot/v1.4.8; http://mj12bot.com/)"
65.108.227.178 - - [09/Apr/2023:04:26:08 +0200] "GET /-p-24354.html HTTP/1.0" 200 73324 "-" "Mozilla/5.0 (compatible; MJ12bot/v1.4.8; http://mj12bot.com/)"
91.137.17.190 - - [09/Apr/2023:04:26:09 +0200] "GET /wall-decoration-pump-gasoline-metal-blue-p-44745.html HTTP/1.0" 200 73478 "-" "Mozilla/5.0 (compatible; MJ12bot/v1.4.8; http://mj12bot.com/)"
149.202.82.11 - - [09/Apr/2023:04:26:13 +0200] "GET /britto-yellow-ceramic-bowl-p-32656.html HTTP/1.0" 301 73391 "-" "Mozilla/5.0 (compatible; MJ12bot/v1.4.8; http://mj12bot.com/)"
91.137.17.190 - - [09/Apr/2023:04:26:19 +0200] "GET /wall-decoration-pump-gasoline-metal-blue-p-44745.html HTTP/1.0" 200 73478 "-" "Mozilla/5.0 (compatible; MJ12bot/v1.4.8; http://mj12bot.com/)"
65.108.227.178 - - [09/Apr/2023:04:26:22 +0200] "GET /mermaid-figurine-in-sequined-resin-37-cm-p-44726.html HTTP/1.0" 301 73554 "-" "Mozilla/5.0 (compatible; MJ12bot/v1.4.8; http://mj12bot.com/)"
91.137.17.190 - - [09/Apr/2023:04:26:28 +0200] "GET /wall-decoration-relief-bath-vintage-p-46063.html HTTP/1.0" 200 73482 "-" "Mozilla/5.0 (compatible; MJ12bot/v1.4.8; http://mj12bot.com/)"
149.202.82.11 - - [09/Apr/2023:04:26:31 +0200] "GET /-p-32656.html HTTP/1.0" 200 73324 "-" "Mozilla/5.0 (compatible; MJ12bot/v1.4.8; http://mj12bot.com/)"
65.108.227.178 - - [09/Apr/2023:04:26:32 +0200] "GET /mermaid-figurine-sequined-resin-p-44726.html HTTP/1.0" 200 73456 "-" "Mozilla/5.0 (compatible; MJ12bot/v1.4.8; http://mj12bot.com/)"
157.90.181.206 - - [09/Apr/2023:04:26:33 +0200] "GET /stone-polychrome-jasper-grams-p-46585.html HTTP/1.0" 200 77279 "-" "Mozilla/5.0 (compatible; BLEXBot/1.0; +http://webmeup-crawler.com/)"
91.137.17.190 - - [09/Apr/2023:04:26:34 +0200] "GET /wall-decoration-theme-marine-60-cm-p-41093.html HTTP/1.0" 301 73533 "-" "Mozilla/5.0 (compatible; MJ12bot/v1.4.8; http://mj12bot.com/)"
149.202.82.11 - - [09/Apr/2023:04:26:39 +0200] "GET /brown-horse-figurine-in-resin-p-53655.html HTTP/1.0" 301 73517 "-" "Mozilla/5.0 (compatible; MJ12bot/v1.4.8; http://mj12bot.com/)"
91.137.17.190 - - [09/Apr/2023:04:26:41 +0200] "GET /wall-decoration-theme-marine-p-41093.html HTTP/1.0" 200 73438 "-" "Mozilla/5.0 (compatible; MJ12bot/v1.4.8; http://mj12bot.com/)"
65.108.227.178 - - [09/Apr/2023:04:26:44 +0200] "GET /mermaid-figurine-in-sequined-resin-38-cm-p-44726.html HTTP/1.0" 301 73554 "-" "Mozilla/5.0 (compatible; MJ12bot/v1.4.8; http://mj12bot.com/)"
91.137.17.190 - - [09/Apr/2023:04:26:48 +0200] "GET /wall-decoration-theme-marine-p-41093.html HTTP/1.0" 200 73438 "-" "Mozilla/5.0 (compatible; MJ12bot/v1.4.8; http://mj12bot.com/)"
149.202.82.11 - - [09/Apr/2023:04:26:53 +0200] "GET /brown-horse-figurine-resin-p-53655.html HTTP/1.0" 200 73424 "-" "Mozilla/5.0 (compatible; MJ12bot/v1.4.8; http://mj12bot.com/)"
65.108.227.178 - - [09/Apr/2023:04:26:54 +0200] "GET /mermaid-figurine-sequined-resin-p-44726.html HTTP/1.0" 200 73456 "-" "Mozilla/5.0 (compatible; MJ12bot/v1.4.8; http://mj12bot.com/)"
91.137.17.190 - - [09/Apr/2023:04:26:55 +0200] "GET /wall-umbrella-p-6102.html HTTP/1.0" 301 73388 "-" "Mozilla/5.0 (compatible; MJ12bot/v1.4.8; http://mj12bot.com/)"
66.249.64.200 - - [09/Apr/2023:04:26:59 +0200] "GET /furby-pencil-case-p-20237.html HTTP/1.0" 200 76134 "-" "Mozilla/5.0 (Linux; Android 6.0.1; Nexus 5X Build/MMB29P) AppleWebKit/537.36 (KHTML, like Gecko) Chrome/111.0.5563.146 Mobile Safari/537.36 (compatible; Googlebot/2.1; +http://www.google.com/bot.html)"
91.137.17.190 - - [09/Apr/2023:04:27:01 +0200] "GET /-p-6102.html HTTP/1.0" 200 73322 "-" "Mozilla/5.0 (compatible; MJ12bot/v1.4.8; http://mj12bot.com/)"
157.90.181.206 - - [09/Apr/2023:04:27:05 +0200] "GET /stone-potholder-glove-p-40206.html HTTP/1.0" 200 76018 "-" "Mozilla/5.0 (compatible; BLEXBot/1.0; +http://webmeup-crawler.com/)"
54.36.148.228 - - [09/Apr/2023:04:27:07 +0200] "GET /rainbow-small-melamine-tray-p-45170.html HTTP/1.0" 200 76057 "-" "Mozilla/5.0 (compatible; AhrefsBot/7.0; +http://ahrefs.com/robot/)"
173.252.83.1 - - [09/Apr/2023:04:27:11 +0200] "GET /images/mini_prod/3574642579837.jpg HTTP/1.0" 200 269 "-" "facebookexternalhit/1.1 (+http://www.facebook.com/externalhit_uatext.php)"
65.108.227.178 - - [09/Apr/2023:04:27:10 +0200] "GET /mermaid-figurine-sequined-resin-p-44726.html HTTP/1.0" 200 73456 "-" "Mozilla/5.0 (compatible; MJ12bot/v1.4.8; http://mj12bot.com/)"
91.137.17.190 - - [09/Apr/2023:04:27:12 +0200] "GET /washed-dyed-cotton-tablecloth-p-55040.html HTTP/1.0" 200 77035 "-" "Mozilla/5.0 (compatible; MJ12bot/v1.4.8; http://mj12bot.com/)"
50.46.240.212 - - [09/Apr/2023:04:27:13 +0200] "GET /images/mini_prod/3681643302477.jpg HTTP/1.0" 200 269 "-" "Mozilla/5.0 (X11; Ubuntu; Linux x86_64; rv:72.0) Gecko/20100101 Firefox/72.0"
149.202.82.11 - - [09/Apr/2023:04:27:12 +0200] "GET /brown-horse-figurine-resin-p-53655.html HTTP/1.0" 200 73424 "-" "Mozilla/5.0 (compatible; MJ12bot/v1.4.8; http://mj12bot.com/)"
91.137.17.190 - - [09/Apr/2023:04:27:17 +0200] "GET /washed-dyed-cotton-tablecloth-p-55043.html HTTP/1.0" 200 76828 "-" "Mozilla/5.0 (compatible; MJ12bot/v1.4.8; http://mj12bot.com/)"
91.137.17.190 - - [09/Apr/2023:04:27:22 +0200] "GET /washed-dyed-cotton-tablecloth-pearl-p-55048.html HTTP/1.0" 200 73458 "-" "Mozilla/5.0 (compatible; MJ12bot/v1.4.8; http://mj12bot.com/)"
65.108.227.178 - - [09/Apr/2023:04:27:27 +0200] "GET /mermaid-frame-in-jute-wood-and-metal-60-34-cm-p-46793.html HTTP/1.0" 301 76379 "-" "Mozilla/5.0 (compatible; MJ12bot/v1.4.8; http://mj12bot.com/)"
91.137.17.190 - - [09/Apr/2023:04:27:28 +0200] "GET /washed-linen-bed-skirt-granite-color-140-200-cm-p-48113.html HTTP/1.0" 301 73391 "-" "Mozilla/5.0 (compatible; MJ12bot/v1.4.8; http://mj12bot.com/)"
91.137.17.190 - - [09/Apr/2023:04:27:33 +0200] "GET /-p-48113.html HTTP/1.0" 200 73324 "-" "Mozilla/5.0 (compatible; MJ12bot/v1.4.8; http://mj12bot.com/)"
149.202.82.11 - - [09/Apr/2023:04:27:38 +0200] "GET /buddha-child-statue-polyresin-anything-p-46720.html HTTP/1.0" 200 73500 "-" "Mozilla/5.0 (compatible; MJ12bot/v1.4.8; http://mj12bot.com/)"
157.90.181.206 - - [09/Apr/2023:04:27:38 +0200] "GET /stones-ceramic-bathroom-p-50736.html HTTP/1.0" 200 76065 "-" "Mozilla/5.0 (compatible; BLEXBot/1.0; +http://webmeup-crawler.com/)"
65.108.227.178 - - [09/Apr/2023:04:27:39 +0200] "GET /mermaid-frame-jute-wood-metal-p-46793.html HTTP/1.0" 200 76283 "-" "Mozilla/5.0 (compatible; MJ12bot/v1.4.8; http://mj12bot.com/)"
91.137.17.190 - - [09/Apr/2023:04:27:40 +0200] "GET /washed-linen-bed-skirt-white-140-200-cm-p-48114.html HTTP/1.0" 301 73391 "-" "Mozilla/5.0 (compatible; MJ12bot/v1.4.8; http://mj12bot.com/)"
212.227.216.86 - - [09/Apr/2023:04:27:40 +0200] "GET /-c-95.html HTTP/1.0" 200 81891 "-" "IonCrawl (https://www.ionos.de/terms-gtc/faq-crawler-en/)"
212.227.216.54 - - [09/Apr/2023:04:27:40 +0200] "GET /-c-95_298.html HTTP/1.0" 200 72192 "-" "IonCrawl (https://www.ionos.de/terms-gtc/faq-crawler-en/)"
91.137.17.190 - - [09/Apr/2023:04:27:46 +0200] "GET /-p-48114.html HTTP/1.0" 200 73324 "-" "Mozilla/5.0 (compatible; MJ12bot/v1.4.8; http://mj12bot.com/)"
212.227.216.86 - - [09/Apr/2023:04:27:45 +0200] "GET / HTTP/1.0" 200 153684 "-" "IonCrawl (https://www.ionos.de/terms-gtc/faq-crawler-en/)"
65.108.227.178 - - [09/Apr/2023:04:27:49 +0200] "GET /mermaid-frame-jute-wood-metal-p-46793.html HTTP/1.0" 200 76283 "-" "Mozilla/5.0 (compatible; MJ12bot/v1.4.8; http://mj12bot.com/)"
212.227.216.102 - - [09/Apr/2023:04:27:50 +0200] "GET /-c-95_295.html HTTP/1.0" 200 72192 "-" "IonCrawl (https://www.ionos.de/terms-gtc/faq-crawler-en/)"
212.227.216.86 - - [09/Apr/2023:04:27:50 +0200] "GET /-c-95_296.html HTTP/1.0" 200 81797 "-" "IonCrawl (https://www.ionos.de/terms-gtc/faq-crawler-en/)"
212.227.216.6 - - [09/Apr/2023:04:27:50 +0200] "GET /-c-95_299.html HTTP/1.0" 200 72192 "-" "IonCrawl (https://www.ionos.de/terms-gtc/faq-crawler-en/)"
91.137.17.190 - - [09/Apr/2023:04:27:52 +0200] "GET /washed-linen-duvet-cover-240-260-cm-natural-p-48153.html HTTP/1.0" 301 73391 "-" "Mozilla/5.0 (compatible; MJ12bot/v1.4.8; http://mj12bot.com/)"
212.227.216.6 - - [09/Apr/2023:04:27:52 +0200] "GET /-c-95_297.html HTTP/1.0" 200 72192 "-" "IonCrawl (https://www.ionos.de/terms-gtc/faq-crawler-en/)"
212.227.216.6 - - [09/Apr/2023:04:27:53 +0200] "GET /-c-95_294.html HTTP/1.0" 200 78606 "-" "IonCrawl (https://www.ionos.de/terms-gtc/faq-crawler-en/)"
91.137.17.190 - - [09/Apr/2023:04:27:57 +0200] "GET /-p-48153.html HTTP/1.0" 200 73324 "-" "Mozilla/5.0 (compatible; MJ12bot/v1.4.8; http://mj12bot.com/)"
65.108.227.178 - - [09/Apr/2023:04:27:58 +0200] "GET /merry-maiden-maid-marian-figurine-p-34268.html HTTP/1.0" 200 77316 "-" "Mozilla/5.0 (compatible; MJ12bot/v1.4.8; http://mj12bot.com/)"
38.32.70.139 - - [09/Apr/2023:04:28:02 +0200] "GET /images/mini_prod/3453131141178.jpg HTTP/1.0" 200 269 "-" "Mozilla/5.0 (X11; Ubuntu; Linux x86_64; rv:72.0) Gecko/20100101 Firefox/72.0"
91.137.17.190 - - [09/Apr/2023:04:28:02 +0200] "GET /washed-linen-skirt-granite-color-p-48113.html HTTP/1.0" 301 73391 "-" "Mozilla/5.0 (compatible; MJ12bot/v1.4.8; http://mj12bot.com/)"
149.202.82.11 - - [09/Apr/2023:04:28:05 +0200] "GET /buddha-perfume-diffuser-p-31887.html HTTP/1.0" 200 76684 "-" "Mozilla/5.0 (compatible; MJ12bot/v1.4.8; http://mj12bot.com/)"
91.137.17.190 - - [09/Apr/2023:04:28:08 +0200] "GET /-p-48113.html HTTP/1.0" 200 73324 "-" "Mozilla/5.0 (compatible; MJ12bot/v1.4.8; http://mj12bot.com/)"
157.90.181.206 - - [09/Apr/2023:04:28:11 +0200] "GET /stones-rock-crystal-grams-p-46607.html HTTP/1.0" 200 77365 "-" "Mozilla/5.0 (compatible; BLEXBot/1.0; +http://webmeup-crawler.com/)"
65.108.227.178 - - [09/Apr/2023:04:28:12 +0200] "GET /metal-clock-shape-motorcycle-blue-color-p-50023.html HTTP/1.0" 200 77324 "-" "Mozilla/5.0 (compatible; MJ12bot/v1.4.8; http://mj12bot.com/)"
91.137.17.190 - - [09/Apr/2023:04:28:13 +0200] "GET /washed-linen-skirt-white-p-48114.html HTTP/1.0" 301 73391 "-" "Mozilla/5.0 (compatible; MJ12bot/v1.4.8; http://mj12bot.com/)"
54.222.165.113 - - [09/Apr/2023:04:28:14 +0200] "GET /petit-akio-night-light-rabbit-p-47267.html HTTP/1.0" 200 77411 "-" "Mozilla/5.0 (Linux; Android 8.0; Pixel 2 Build/OPD3.170816.012) AppleWebKit/537.36 (KHTML, like Gecko) Chrome/59.0.7385.1665 Mobile Safari/537.36"
66.249.64.200 - - [09/Apr/2023:04:28:14 +0200] "GET /furby-pencil-case-p-20237.html HTTP/1.0" 200 76134 "-" "Mozilla/5.0 (compatible; Googlebot/2.1; +http://www.google.com/bot.html)"
54.222.165.113 - - [09/Apr/2023:04:28:16 +0200] "GET /swfobject.js HTTP/1.0" 404 1308 "http://www.wonder-geek.com/petit-akio-night-light-rabbit-p-47267.html" "Mozilla/5.0 (Linux; Android 8.0; Pixel 2 Build/OPD3.170816.012) AppleWebKit/537.36 (KHTML, like Gecko) Chrome/59.0.7385.1665 Mobile Safari/537.36"
54.222.145.71 - - [09/Apr/2023:04:28:17 +0200] "GET /images/big_prod_3/e3700786500523.jpg HTTP/1.0" 200 271 "http://www.wonder-geek.com/petit-akio-night-light-rabbit-p-47267.html" "Mozilla/5.0 (Linux; Android 8.0; Pixel 2 Build/OPD3.170816.012) AppleWebKit/537.36 (KHTML, like Gecko) Chrome/59.0.7385.1665 Mobile Safari/537.36"
54.222.192.90 - - [09/Apr/2023:04:28:17 +0200] "GET /images/big_prod_2/c3700786500523.jpg HTTP/1.0" 200 271 "http://www.wonder-geek.com/petit-akio-night-light-rabbit-p-47267.html" "Mozilla/5.0 (Linux; Android 8.0; Pixel 2 Build/OPD3.170816.012) AppleWebKit/537.36 (KHTML, like Gecko) Chrome/59.0.7385.1665 Mobile Safari/537.36"
52.80.117.223 - - [09/Apr/2023:04:28:17 +0200] "GET /images/big_prod_1/b3700786500523.jpg HTTP/1.0" 200 271 "http://www.wonder-geek.com/petit-akio-night-light-rabbit-p-47267.html" "Mozilla/5.0 (Linux; Android 8.0; Pixel 2 Build/OPD3.170816.012) AppleWebKit/537.36 (KHTML, like Gecko) Chrome/59.0.7385.1665 Mobile Safari/537.36"
52.81.12.192 - - [09/Apr/2023:04:28:18 +0200] "GET /highslide/graphics/zoomout.cur HTTP/1.0" 200 614 "http://www.wonder-geek.com/petit-akio-night-light-rabbit-p-47267.html" "Mozilla/5.0 (Linux; Android 8.0; Pixel 2 Build/OPD3.170816.012) AppleWebKit/537.36 (KHTML, like Gecko) Chrome/59.0.7385.1665 Mobile Safari/537.36"
54.222.170.148 - - [09/Apr/2023:04:28:18 +0200] "GET /images/big_prod/3700786500523.jpg HTTP/1.0" 200 268 "http://www.wonder-geek.com/petit-akio-night-light-rabbit-p-47267.html" "Mozilla/5.0 (Linux; Android 8.0; Pixel 2 Build/OPD3.170816.012) AppleWebKit/537.36 (KHTML, like Gecko) Chrome/59.0.7385.1665 Mobile Safari/537.36"
91.137.17.190 - - [09/Apr/2023:04:28:19 +0200] "GET /-p-48114.html HTTP/1.0" 200 73324 "-" "Mozilla/5.0 (compatible; MJ12bot/v1.4.8; http://mj12bot.com/)"
149.202.82.11 - - [09/Apr/2023:04:28:22 +0200] "GET /buddha-resin-patina-old-statue-35-cm-p-38067.html HTTP/1.0" 301 73568 "-" "Mozilla/5.0 (compatible; MJ12bot/v1.4.8; http://mj12bot.com/)"
65.108.227.178 - - [09/Apr/2023:04:28:22 +0200] "GET /metal-clock-shape-motorcycle-white-color-50-cm-p-50024.html HTTP/1.0" 301 73593 "-" "Mozilla/5.0 (compatible; MJ12bot/v1.4.8; http://mj12bot.com/)"
131.107.147.185 - - [09/Apr/2023:04:28:27 +0200] "GET /images/mini_prod/8717318129119.jpg HTTP/1.0" 200 269 "-" "Mozilla/5.0 (X11; Ubuntu; Linux x86_64; rv:72.0) Gecko/20100101 Firefox/72.0"
91.137.17.190 - - [09/Apr/2023:04:28:25 +0200] "GET /washed-linen-towel-46-70-cm-granite-p-48131.html HTTP/1.0" 301 73391 "-" "Mozilla/5.0 (compatible; MJ12bot/v1.4.8; http://mj12bot.com/)"
91.137.17.190 - - [09/Apr/2023:04:28:32 +0200] "GET /-p-48131.html HTTP/1.0" 200 73324 "-" "Mozilla/5.0 (compatible; MJ12bot/v1.4.8; http://mj12bot.com/)"
65.108.227.178 - - [09/Apr/2023:04:28:36 +0200] "GET /metal-clock-shape-motorcycle-white-color-p-50024.html HTTP/1.0" 200 73486 "-" "Mozilla/5.0 (compatible; MJ12bot/v1.4.8; http://mj12bot.com/)"
91.137.17.190 - - [09/Apr/2023:04:28:37 +0200] "GET /washed-linen-towel-46-70-cm-tomette-p-48133.html HTTP/1.0" 301 73391 "-" "Mozilla/5.0 (compatible; MJ12bot/v1.4.8; http://mj12bot.com/)"
149.202.82.11 - - [09/Apr/2023:04:28:38 +0200] "GET /buddha-resin-patina-statue-p-38067.html HTTP/1.0" 200 73475 "-" "Mozilla/5.0 (compatible; MJ12bot/v1.4.8; http://mj12bot.com/)"
91.137.17.190 - - [09/Apr/2023:04:28:43 +0200] "GET /-p-48133.html HTTP/1.0" 200 73324 "-" "Mozilla/5.0 (compatible; MJ12bot/v1.4.8; http://mj12bot.com/)"
157.90.181.206 - - [09/Apr/2023:04:28:44 +0200] "GET /stones-rock-crystal-grams-p-46608.html HTTP/1.0" 200 77365 "-" "Mozilla/5.0 (compatible; BLEXBot/1.0; +http://webmeup-crawler.com/)"
91.137.17.190 - - [09/Apr/2023:04:28:51 +0200] "GET /washed-linen-towel-granite-p-48131.html HTTP/1.0" 301 73391 "-" "Mozilla/5.0 (compatible; MJ12bot/v1.4.8; http://mj12bot.com/)"
65.108.227.178 - - [09/Apr/2023:04:28:51 +0200] "GET /metal-clock-shape-motorcycle-white-color-p-50024.html HTTP/1.0" 200 73486 "-" "Mozilla/5.0 (compatible; MJ12bot/v1.4.8; http://mj12bot.com/)"
54.36.148.28 - - [09/Apr/2023:04:28:52 +0200] "GET /cushion-upholstery-cover-p-56065.html HTTP/1.0" 200 76237 "-" "Mozilla/5.0 (compatible; AhrefsBot/7.0; +http://ahrefs.com/robot/)"
91.137.17.190 - - [09/Apr/2023:04:28:54 +0200] "GET /-p-48131.html HTTP/1.0" 200 73324 "-" "Mozilla/5.0 (compatible; MJ12bot/v1.4.8; http://mj12bot.com/)"
91.137.17.190 - - [09/Apr/2023:04:29:02 +0200] "GET /washed-linen-towel-tomette-p-48133.html HTTP/1.0" 301 73391 "-" "Mozilla/5.0 (compatible; MJ12bot/v1.4.8; http://mj12bot.com/)"
65.108.227.178 - - [09/Apr/2023:04:29:03 +0200] "GET /metal-pendant-lamp-p-54879.html HTTP/1.0" 200 73386 "-" "Mozilla/5.0 (compatible; MJ12bot/v1.4.8; http://mj12bot.com/)"
149.202.82.11 - - [09/Apr/2023:04:29:05 +0200] "GET /buddha-resin-patina-statue-p-38067.html HTTP/1.0" 200 73475 "-" "Mozilla/5.0 (compatible; MJ12bot/v1.4.8; http://mj12bot.com/)"
91.137.17.190 - - [09/Apr/2023:04:29:06 +0200] "GET /-p-48133.html HTTP/1.0" 200 73324 "-" "Mozilla/5.0 (compatible; MJ12bot/v1.4.8; http://mj12bot.com/)"
107.20.1.87 - - [09/Apr/2023:04:29:12 +0200] "GET /images/mini_prod/1384010183458.jpg HTTP/1.0" 200 269 "-" "Mozilla/5.0 (X11; Ubuntu; Linux x86_64; rv:72.0) Gecko/20100101 Firefox/72.0"
91.137.17.190 - - [09/Apr/2023:04:29:12 +0200] "GET /wax-melt-home-for-christmas-p-46036.html HTTP/1.0" 301 76661 "-" "Mozilla/5.0 (compatible; MJ12bot/v1.4.8; http://mj12bot.com/)"
65.108.227.178 - - [09/Apr/2023:04:29:13 +0200] "GET /metal-plate-p-37169.html HTTP/1.0" 200 73415 "-" "Mozilla/5.0 (compatible; MJ12bot/v1.4.8; http://mj12bot.com/)"
157.90.181.206 - - [09/Apr/2023:04:29:17 +0200] "GET /stones-rock-crystal-grams-p-46609.html HTTP/1.0" 200 77375 "-" "Mozilla/5.0 (compatible; BLEXBot/1.0; +http://webmeup-crawler.com/)"
91.137.17.190 - - [09/Apr/2023:04:29:17 +0200] "GET /melt-home-christmas-p-46036.html HTTP/1.0" 200 76575 "-" "Mozilla/5.0 (compatible; MJ12bot/v1.4.8; http://mj12bot.com/)"
149.202.82.11 - - [09/Apr/2023:04:29:18 +0200] "GET /buddha-statue-fiberglass-58-cm-p-36052.html HTTP/1.0" 301 73391 "-" "Mozilla/5.0 (compatible; MJ12bot/v1.4.8; http://mj12bot.com/)"
91.137.17.190 - - [09/Apr/2023:04:29:23 +0200] "GET /we-don-have-wi-fi-wooden-plate-69-17-cm-p-37744.html HTTP/1.0" 301 73391 "-" "Mozilla/5.0 (compatible; MJ12bot/v1.4.8; http://mj12bot.com/)"
65.108.227.178 - - [09/Apr/2023:04:29:26 +0200] "GET /metal-retro-yellow-van-pill-box-p-34572.html HTTP/1.0" 301 73391 "-" "Mozilla/5.0 (compatible; MJ12bot/v1.4.8; http://mj12bot.com/)"
91.137.17.190 - - [09/Apr/2023:04:29:29 +0200] "GET /-p-37744.html HTTP/1.0" 200 73324 "-" "Mozilla/5.0 (compatible; MJ12bot/v1.4.8; http://mj12bot.com/)"
149.202.82.11 - - [09/Apr/2023:04:29:32 +0200] "GET /-p-36052.html HTTP/1.0" 200 73324 "-" "Mozilla/5.0 (compatible; MJ12bot/v1.4.8; http://mj12bot.com/)"
91.137.17.190 - - [09/Apr/2023:04:29:35 +0200] "GET /welcome-california-wooden-wall-decoration-hang-p-36034.html HTTP/1.0" 200 73510 "-" "Mozilla/5.0 (compatible; MJ12bot/v1.4.8; http://mj12bot.com/)"
65.108.227.178 - - [09/Apr/2023:04:29:39 +0200] "GET /-p-34572.html HTTP/1.0" 200 73324 "-" "Mozilla/5.0 (compatible; MJ12bot/v1.4.8; http://mj12bot.com/)"
91.137.17.190 - - [09/Apr/2023:04:29:39 +0200] "GET /welcome-cat-wipes-coconut-fiber-p-46019.html HTTP/1.0" 301 73391 "-" "Mozilla/5.0 (compatible; MJ12bot/v1.4.8; http://mj12bot.com/)"
91.137.17.190 - - [09/Apr/2023:04:29:45 +0200] "GET /-p-46019.html HTTP/1.0" 200 73324 "-" "Mozilla/5.0 (compatible; MJ12bot/v1.4.8; http://mj12bot.com/)"
149.202.82.11 - - [09/Apr/2023:04:29:48 +0200] "GET /buddha-statue-fiberglass-p-36052.html HTTP/1.0" 301 73391 "-" "Mozilla/5.0 (compatible; MJ12bot/v1.4.8; http://mj12bot.com/)"
17.241.75.115 - - [09/Apr/2023:04:29:49 +0200] "GET /images/mini_prod/1300000023634.jpg HTTP/1.0" 200 269 "-" "Mozilla/5.0 (Macintosh; Intel Mac OS X 10_15_5) AppleWebKit/605.1.15 (KHTML, like Gecko) Version/13.1.1 Safari/605.1.15 (Applebot/0.1; +http://www.apple.com/go/applebot)"
157.90.181.206 - - [09/Apr/2023:04:29:50 +0200] "GET /stones-rock-crystal-grams-p-46610.html HTTP/1.0" 200 77375 "-" "Mozilla/5.0 (compatible; BLEXBot/1.0; +http://webmeup-crawler.com/)"
91.137.17.190 - - [09/Apr/2023:04:29:52 +0200] "GET /welcome-to-california-wooden-wall-decoration-to-hang-p-36034.html HTTP/1.0" 301 73623 "-" "Mozilla/5.0 (compatible; MJ12bot/v1.4.8; http://mj12bot.com/)"
65.108.227.178 - - [09/Apr/2023:04:29:52 +0200] "GET /metal-shaped-old-radio-brown-clock-p-44501.html HTTP/1.0" 301 73539 "-" "Mozilla/5.0 (compatible; MJ12bot/v1.4.8; http://mj12bot.com/)"
91.137.17.190 - - [09/Apr/2023:04:29:59 +0200] "GET /welcome-california-wooden-wall-decoration-hang-p-36034.html HTTP/1.0" 200 73510 "-" "Mozilla/5.0 (compatible; MJ12bot/v1.4.8; http://mj12bot.com/)"
91.137.17.190 - - [09/Apr/2023:04:30:03 +0200] "GET /welcome-to-paradise-surfboard-wooden-wall-decoration-p-36079.html HTTP/1.0" 301 73391 "-" "Mozilla/5.0 (compatible; MJ12bot/v1.4.8; http://mj12bot.com/)"
65.108.227.178 - - [09/Apr/2023:04:30:05 +0200] "GET /metal-shaped-radio-brown-clock-p-44501.html HTTP/1.0" 200 73442 "-" "Mozilla/5.0 (compatible; MJ12bot/v1.4.8; http://mj12bot.com/)"
91.137.17.190 - - [09/Apr/2023:04:30:09 +0200] "GET /-p-36079.html HTTP/1.0" 200 73324 "-" "Mozilla/5.0 (compatible; MJ12bot/v1.4.8; http://mj12bot.com/)"
149.202.82.11 - - [09/Apr/2023:04:30:10 +0200] "GET /-p-36052.html HTTP/1.0" 200 73324 "-" "Mozilla/5.0 (compatible; MJ12bot/v1.4.8; http://mj12bot.com/)"
91.137.17.190 - - [09/Apr/2023:04:30:15 +0200] "GET /what-up-doc-bugs-bunny-p-36946.html HTTP/1.0" 301 73391 "-" "Mozilla/5.0 (compatible; MJ12bot/v1.4.8; http://mj12bot.com/)"
65.108.227.178 - - [09/Apr/2023:04:30:15 +0200] "GET /metal-shaped-old-radio-red-clock-p-44502.html HTTP/1.0" 301 73517 "-" "Mozilla/5.0 (compatible; MJ12bot/v1.4.8; http://mj12bot.com/)"
91.137.17.190 - - [09/Apr/2023:04:30:22 +0200] "GET /-p-36946.html HTTP/1.0" 200 73324 "-" "Mozilla/5.0 (compatible; MJ12bot/v1.4.8; http://mj12bot.com/)"
54.236.1.13 - - [09/Apr/2023:04:30:24 +0200] "GET /images/8435306246654.jpg HTTP/1.0" 200 259 "-" "Mozilla/5.0 (compatible; Pinterestbot/1.0; +http://www.pinterest.com/bot.html)"
157.90.181.206 - - [09/Apr/2023:04:30:23 +0200] "GET /stoneware-bowl-p-59024.html HTTP/1.0" 200 76478 "-" "Mozilla/5.0 (compatible; BLEXBot/1.0; +http://webmeup-crawler.com/)"
65.108.227.178 - - [09/Apr/2023:04:30:23 +0200] "GET /metal-shaped-radio-clock-p-44502.html HTTP/1.0" 200 73426 "-" "Mozilla/5.0 (compatible; MJ12bot/v1.4.8; http://mj12bot.com/)"
149.202.82.11 - - [09/Apr/2023:04:30:28 +0200] "GET /buddha-statue-polyresin-47-cm-p-36728.html HTTP/1.0" 301 73391 "-" "Mozilla/5.0 (compatible; MJ12bot/v1.4.8; http://mj12bot.com/)"
91.137.17.190 - - [09/Apr/2023:04:30:29 +0200] "GET /white-babouchka-table-lamp-size-p-44641.html HTTP/1.0" 200 73428 "-" "Mozilla/5.0 (compatible; MJ12bot/v1.4.8; http://mj12bot.com/)"
65.108.227.178 - - [09/Apr/2023:04:30:33 +0200] "GET /metal-shaped-radio-brown-clock-p-44501.html HTTP/1.0" 200 73442 "-" "Mozilla/5.0 (compatible; MJ12bot/v1.4.8; http://mj12bot.com/)"
91.137.17.190 - - [09/Apr/2023:04:30:35 +0200] "GET /white-babouchka-table-lamp-size-xxl-p-44641.html HTTP/1.0" 301 73526 "-" "Mozilla/5.0 (compatible; MJ12bot/v1.4.8; http://mj12bot.com/)"
54.36.149.18 - - [09/Apr/2023:04:30:35 +0200] "GET /cement-tile-coasters-p-53111.html HTTP/1.0" 200 75972 "-" "Mozilla/5.0 (compatible; AhrefsBot/7.0; +http://ahrefs.com/robot/)"
91.137.17.190 - - [09/Apr/2023:04:30:39 +0200] "GET /white-babouchka-table-lamp-size-p-44641.html HTTP/1.0" 200 73428 "-" "Mozilla/5.0 (compatible; MJ12bot/v1.4.8; http://mj12bot.com/)"
173.252.83.16 - - [09/Apr/2023:04:30:41 +0200] "GET /images/mini_prod/3453131159661A.jpg HTTP/1.0" 200 270 "-" "facebookexternalhit/1.1 (+http://www.facebook.com/externalhit_uatext.php)"
65.108.227.178 - - [09/Apr/2023:04:30:44 +0200] "GET /metal-shaped-radio-clock-p-44502.html HTTP/1.0" 200 73426 "-" "Mozilla/5.0 (compatible; MJ12bot/v1.4.8; http://mj12bot.com/)"
91.137.17.190 - - [09/Apr/2023:04:30:47 +0200] "GET /white-bear-pompon-p-46907.html HTTP/1.0" 200 76952 "-" "Mozilla/5.0 (compatible; MJ12bot/v1.4.8; http://mj12bot.com/)"
149.202.82.11 - - [09/Apr/2023:04:30:52 +0200] "GET /-p-36728.html HTTP/1.0" 200 73324 "-" "Mozilla/5.0 (compatible; MJ12bot/v1.4.8; http://mj12bot.com/)"
91.137.17.190 - - [09/Apr/2023:04:30:53 +0200] "GET /white-buddha-perfume-diffuser-p-31887.html HTTP/1.0" 301 76774 "-" "Mozilla/5.0 (compatible; MJ12bot/v1.4.8; http://mj12bot.com/)"
173.252.83.4 - - [09/Apr/2023:04:30:56 +0200] "GET /images/mini_prod/3560600295741.jpg HTTP/1.0" 200 269 "-" "facebookexternalhit/1.1 (+http://www.facebook.com/externalhit_uatext.php)"
65.108.227.178 - - [09/Apr/2023:04:30:56 +0200] "GET /metal-tealight-holder-world-map-24-cm-gold-p-42306.html HTTP/1.0" 301 73391 "-" "Mozilla/5.0 (compatible; MJ12bot/v1.4.8; http://mj12bot.com/)"
157.90.181.206 - - [09/Apr/2023:04:30:57 +0200] "GET /stoneware-bowl-p-59052.html HTTP/1.0" 200 76476 "-" "Mozilla/5.0 (compatible; BLEXBot/1.0; +http://webmeup-crawler.com/)"
91.137.17.190 - - [09/Apr/2023:04:30:59 +0200] "GET /buddha-perfume-diffuser-p-31887.html HTTP/1.0" 200 76684 "-" "Mozilla/5.0 (compatible; MJ12bot/v1.4.8; http://mj12bot.com/)"
149.202.82.11 - - [09/Apr/2023:04:31:03 +0200] "GET /buddha-statue-polyresin-50-cm-p-43099.html HTTP/1.0" 301 73391 "-" "Mozilla/5.0 (compatible; MJ12bot/v1.4.8; http://mj12bot.com/)"
91.137.17.190 - - [09/Apr/2023:04:31:03 +0200] "GET /white-cat-statue-165-cm-p-37588.html HTTP/1.0" 301 73490 "-" "Mozilla/5.0 (compatible; MJ12bot/v1.4.8; http://mj12bot.com/)"
91.137.17.190 - - [09/Apr/2023:04:31:09 +0200] "GET /white-statue-p-37588.html HTTP/1.0" 200 73411 "-" "Mozilla/5.0 (compatible; MJ12bot/v1.4.8; http://mj12bot.com/)"
65.108.227.178 - - [09/Apr/2023:04:31:10 +0200] "GET /-p-42306.html HTTP/1.0" 200 73324 "-" "Mozilla/5.0 (compatible; MJ12bot/v1.4.8; http://mj12bot.com/)"
149.202.82.11 - - [09/Apr/2023:04:31:22 +0200] "GET /-p-43099.html HTTP/1.0" 200 73324 "-" "Mozilla/5.0 (compatible; MJ12bot/v1.4.8; http://mj12bot.com/)"
91.137.17.190 - - [09/Apr/2023:04:31:25 +0200] "GET /white-dledmv-french-heritage-tee-shirt-p-35627.html HTTP/1.0" 301 73391 "-" "Mozilla/5.0 (compatible; MJ12bot/v1.4.8; http://mj12bot.com/)"
216.244.66.242 - - [09/Apr/2023:04:31:27 +0200] "GET /images/3457010910947.jpg HTTP/1.0" 200 259 "-" "Mozilla/5.0 (compatible; DotBot/1.2; +https://opensiteexplorer.org/dotbot; help@moz.com)"
65.108.227.178 - - [09/Apr/2023:04:31:29 +0200] "GET /metal-tray-35-25-cm-p-45853.html HTTP/1.0" 301 76085 "-" "Mozilla/5.0 (compatible; MJ12bot/v1.4.8; http://mj12bot.com/)"
157.90.181.206 - - [09/Apr/2023:04:31:30 +0200] "GET /stoneware-bowl-p-59053.html HTTP/1.0" 200 76476 "-" "Mozilla/5.0 (compatible; BLEXBot/1.0; +http://webmeup-crawler.com/)"
91.137.17.190 - - [09/Apr/2023:04:31:33 +0200] "GET /-p-35627.html HTTP/1.0" 200 73324 "-" "Mozilla/5.0 (compatible; MJ12bot/v1.4.8; http://mj12bot.com/)"
149.202.82.11 - - [09/Apr/2023:04:31:35 +0200] "GET /bulldog-statue-p-58606.html HTTP/1.0" 200 76929 "-" "Mozilla/5.0 (compatible; MJ12bot/v1.4.8; http://mj12bot.com/)"
216.244.66.242 - - [09/Apr/2023:04:31:37 +0200] "GET /images/3521320800318.jpg HTTP/1.0" 200 259 "-" "Mozilla/5.0 (compatible; DotBot/1.2; +https://opensiteexplorer.org/dotbot; help@moz.com)"
65.108.227.178 - - [09/Apr/2023:04:31:37 +0200] "GET /metal-tray-p-45853.html HTTP/1.0" 200 76008 "-" "Mozilla/5.0 (compatible; MJ12bot/v1.4.8; http://mj12bot.com/)"
91.137.17.190 - - [09/Apr/2023:04:31:37 +0200] "GET /white-dledmv-team-tee-shirt-p-35845.html HTTP/1.0" 301 73391 "-" "Mozilla/5.0 (compatible; MJ12bot/v1.4.8; http://mj12bot.com/)"
173.252.83.4 - - [09/Apr/2023:04:31:41 +0200] "GET /images/mini_prod/8422010194807.jpg HTTP/1.0" 200 269 "-" "facebookexternalhit/1.1 (+http://www.facebook.com/externalhit_uatext.php)"
91.137.17.190 - - [09/Apr/2023:04:31:43 +0200] "GET /-p-35845.html HTTP/1.0" 200 73324 "-" "Mozilla/5.0 (compatible; MJ12bot/v1.4.8; http://mj12bot.com/)"
216.244.66.242 - - [09/Apr/2023:04:31:44 +0200] "GET /images/3660173045061.jpg HTTP/1.0" 200 259 "-" "Mozilla/5.0 (compatible; DotBot/1.2; +https://opensiteexplorer.org/dotbot; help@moz.com)"
65.108.227.178 - - [09/Apr/2023:04:31:48 +0200] "GET /metal-tray-p-45853.html HTTP/1.0" 200 76008 "-" "Mozilla/5.0 (compatible; MJ12bot/v1.4.8; http://mj12bot.com/)"
91.137.17.190 - - [09/Apr/2023:04:31:49 +0200] "GET /white-ganesh-statue-19-cm-p-38545.html HTTP/1.0" 301 73391 "-" "Mozilla/5.0 (compatible; MJ12bot/v1.4.8; http://mj12bot.com/)"
216.244.66.242 - - [09/Apr/2023:04:31:50 +0200] "GET /images/8029759044372.jpg HTTP/1.0" 200 259 "-" "Mozilla/5.0 (compatible; DotBot/1.2; +https://opensiteexplorer.org/dotbot; help@moz.com)"
149.202.82.11 - - [09/Apr/2023:04:31:51 +0200] "GET /caravelle-vintage-clock-p-45890.html HTTP/1.0" 200 73424 "-" "Mozilla/5.0 (compatible; MJ12bot/v1.4.8; http://mj12bot.com/)"
173.252.83.10 - - [09/Apr/2023:04:31:54 +0200] "GET /images/mini_prod/3453131155441.jpg HTTP/1.0" 200 269 "-" "facebookexternalhit/1.1 (+http://www.facebook.com/externalhit_uatext.php)"
91.137.17.190 - - [09/Apr/2023:04:31:54 +0200] "GET /-p-38545.html HTTP/1.0" 200 73324 "-" "Mozilla/5.0 (compatible; MJ12bot/v1.4.8; http://mj12bot.com/)"
65.108.227.178 - - [09/Apr/2023:04:31:58 +0200] "GET /mickey-and-minnie-mouse-musical-box-p-38308.html HTTP/1.0" 301 73391 "-" "Mozilla/5.0 (compatible; MJ12bot/v1.4.8; http://mj12bot.com/)"
91.137.17.190 - - [09/Apr/2023:04:32:01 +0200] "GET /white-ganesh-statue-24-cm-p-38546.html HTTP/1.0" 301 73391 "-" "Mozilla/5.0 (compatible; MJ12bot/v1.4.8; http://mj12bot.com/)"
147.92.153.2 - - [09/Apr/2023:04:32:01 +0200] "GET /boxes-storage-ceramics-c-13_150_219.html HTTP/1.0" 200 81386 "-" "Mozilla/5.0 (Linux; U; Android 2.2) AppleWebKit/533.1 (KHTML, like Gecko) Version/4.0 Mobile Safari/533.1"
157.90.181.206 - - [09/Apr/2023:04:32:02 +0200] "GET /stoneware-bowl-p-59054.html HTTP/1.0" 200 76478 "-" "Mozilla/5.0 (compatible; BLEXBot/1.0; +http://webmeup-crawler.com/)"
147.92.153.10 - - [09/Apr/2023:04:32:04 +0200] "GET /js/jquery.min.js HTTP/1.0" 404 1308 "http://www.wonder-geek.com/boxes-storage-ceramics-c-13_150_219.html" "Mozilla/5.0 (Linux; U; Android 2.2) AppleWebKit/533.1 (KHTML, like Gecko) Version/4.0 Mobile Safari/533.1"
