65.108.227.178 - - [09/Apr/2023:05:19:56 +0200] "GET /-p-24347.html HTTP/1.0" 200 73324 "-" "Mozilla/5.0 (compatible; MJ12bot/v1.4.8; http://mj12bot.com/)"
65.108.227.178 - - [09/Apr/2023:05:20:00 +0200] "GET /tinkerbell-let-the-season-ring-figure-disney-traditions-p-14043.html HTTP/1.0" 301 73391 "-" "Mozilla/5.0 (compatible; MJ12bot/v1.4.8; http://mj12bot.com/)"
149.202.82.11 - - [09/Apr/2023:05:20:02 +0200] "GET /lion-trophy-wall-decoration-p-55722.html HTTP/1.0" 200 73422 "-" "Mozilla/5.0 (compatible; MJ12bot/v1.4.8; http://mj12bot.com/)"
65.108.227.178 - - [09/Apr/2023:05:20:03 +0200] "GET /-p-14043.html HTTP/1.0" 200 73324 "-" "Mozilla/5.0 (compatible; MJ12bot/v1.4.8; http://mj12bot.com/)"
116.57.73.161 - - [09/Apr/2023:05:20:04 +0200] "GET /images/mini_prod/1399984289556.jpg HTTP/1.0" 200 269 "-" "Mozilla/5.0 (X11; Ubuntu; Linux x86_64; rv:72.0) Gecko/20100101 Firefox/72.0"
130.207.124.168 - - [09/Apr/2023:05:20:07 +0200] "GET /images/mini_prod/b8009233802179b.jpg HTTP/1.0" 200 271 "-" "Mozilla/5.0 (X11; Ubuntu; Linux x86_64; rv:72.0) Gecko/20100101 Firefox/72.0"
65.108.227.178 - - [09/Apr/2023:05:20:07 +0200] "GET /tintin-et-snowy-keyring-p-12359.html HTTP/1.0" 301 73391 "-" "Mozilla/5.0 (compatible; MJ12bot/v1.4.8; http://mj12bot.com/)"
65.108.227.178 - - [09/Apr/2023:05:20:10 +0200] "GET /-p-12359.html HTTP/1.0" 200 73324 "-" "Mozilla/5.0 (compatible; MJ12bot/v1.4.8; http://mj12bot.com/)"
65.108.227.178 - - [09/Apr/2023:05:20:13 +0200] "GET /top-model-brush-p-24937.html HTTP/1.0" 301 73391 "-" "Mozilla/5.0 (compatible; MJ12bot/v1.4.8; http://mj12bot.com/)"
157.90.181.206 - - [09/Apr/2023:05:20:14 +0200] "GET /sweet-black-women-shirt-p-30997.html HTTP/1.0" 200 77957 "-" "Mozilla/5.0 (compatible; BLEXBot/1.0; +http://webmeup-crawler.com/)"
149.202.82.11 - - [09/Apr/2023:05:20:15 +0200] "GET /little-buddha-collection-keychain-p-53291.html HTTP/1.0" 200 76066 "-" "Mozilla/5.0 (compatible; MJ12bot/v1.4.8; http://mj12bot.com/)"
65.108.227.178 - - [09/Apr/2023:05:20:16 +0200] "GET /-p-24937.html HTTP/1.0" 200 73324 "-" "Mozilla/5.0 (compatible; MJ12bot/v1.4.8; http://mj12bot.com/)"
65.108.227.178 - - [09/Apr/2023:05:20:19 +0200] "GET /toucan-resin-green-perch-p-44709.html HTTP/1.0" 200 73428 "-" "Mozilla/5.0 (compatible; MJ12bot/v1.4.8; http://mj12bot.com/)"
149.202.82.11 - - [09/Apr/2023:05:20:20 +0200] "GET /little-buddha-collection-keychain-p-53293.html HTTP/1.0" 200 76066 "-" "Mozilla/5.0 (compatible; MJ12bot/v1.4.8; http://mj12bot.com/)"
65.108.227.178 - - [09/Apr/2023:05:20:24 +0200] "GET /toucan-resin-on-green-perch-24-cm-p-44709.html HTTP/1.0" 301 73519 "-" "Mozilla/5.0 (compatible; MJ12bot/v1.4.8; http://mj12bot.com/)"
149.202.82.11 - - [09/Apr/2023:05:20:27 +0200] "GET /little-buddha-collection-keychain-p-53294.html HTTP/1.0" 200 76066 "-" "Mozilla/5.0 (compatible; MJ12bot/v1.4.8; http://mj12bot.com/)"
65.108.227.178 - - [09/Apr/2023:05:20:29 +0200] "GET /toucan-resin-green-perch-p-44709.html HTTP/1.0" 200 73428 "-" "Mozilla/5.0 (compatible; MJ12bot/v1.4.8; http://mj12bot.com/)"
65.108.227.178 - - [09/Apr/2023:05:20:33 +0200] "GET /tourmaline-obelisk-p-51174.html HTTP/1.0" 200 76183 "-" "Mozilla/5.0 (compatible; MJ12bot/v1.4.8; http://mj12bot.com/)"
149.202.82.11 - - [09/Apr/2023:05:20:33 +0200] "GET /little-buddha-collection-keychain-p-53295.html HTTP/1.0" 200 76066 "-" "Mozilla/5.0 (compatible; MJ12bot/v1.4.8; http://mj12bot.com/)"
54.242.94.6 - - [09/Apr/2023:05:20:36 +0200] "GET /images/mini_prod/8435107822026.jpg HTTP/1.0" 404 1308 "-" "Mozilla/5.0 (X11; Ubuntu; Linux x86_64; rv:72.0) Gecko/20100101 Firefox/72.0"
65.108.227.178 - - [09/Apr/2023:05:20:37 +0200] "GET /transformers-100-pieces-puzzle-p-27697.html HTTP/1.0" 301 73391 "-" "Mozilla/5.0 (compatible; MJ12bot/v1.4.8; http://mj12bot.com/)"
65.108.227.178 - - [09/Apr/2023:05:20:42 +0200] "GET /-p-27697.html HTTP/1.0" 200 73324 "-" "Mozilla/5.0 (compatible; MJ12bot/v1.4.8; http://mj12bot.com/)"
149.202.82.11 - - [09/Apr/2023:05:20:44 +0200] "GET /little-buddha-collection-statuette-p-53288.html HTTP/1.0" 200 73450 "-" "Mozilla/5.0 (compatible; MJ12bot/v1.4.8; http://mj12bot.com/)"
157.90.181.206 - - [09/Apr/2023:05:20:47 +0200] "GET /sweet-lily-mini-rectangular-tray-p-54916.html HTTP/1.0" 200 76095 "-" "Mozilla/5.0 (compatible; BLEXBot/1.0; +http://webmeup-crawler.com/)"
65.108.227.178 - - [09/Apr/2023:05:20:48 +0200] "GET /transformers-100-pieces-puzzle-p-27702.html HTTP/1.0" 301 73391 "-" "Mozilla/5.0 (compatible; MJ12bot/v1.4.8; http://mj12bot.com/)"
149.202.82.11 - - [09/Apr/2023:05:20:51 +0200] "GET /little-buddha-collection-statuette-p-53290.html HTTP/1.0" 200 73450 "-" "Mozilla/5.0 (compatible; MJ12bot/v1.4.8; http://mj12bot.com/)"
65.108.227.178 - - [09/Apr/2023:05:20:52 +0200] "GET /-p-27702.html HTTP/1.0" 200 73324 "-" "Mozilla/5.0 (compatible; MJ12bot/v1.4.8; http://mj12bot.com/)"
173.252.83.7 - - [09/Apr/2023:05:20:54 +0200] "GET /images/mini_prod/8424346059638.jpg HTTP/1.0" 200 269 "-" "facebookexternalhit/1.1 (+http://www.facebook.com/externalhit_uatext.php)"
130.207.124.164 - - [09/Apr/2023:05:20:56 +0200] "GET /images/mini_prod/3503420168284.jpg HTTP/1.0" 200 269 "-" "Mozilla/5.0 (X11; Ubuntu; Linux x86_64; rv:72.0) Gecko/20100101 Firefox/72.0"
149.202.82.11 - - [09/Apr/2023:05:20:57 +0200] "GET /little-buddha-notebook-155-112-cm-p-53280.html HTTP/1.0" 301 73521 "-" "Mozilla/5.0 (compatible; MJ12bot/v1.4.8; http://mj12bot.com/)"
65.108.227.178 - - [09/Apr/2023:05:20:57 +0200] "GET /tropical-surf-paradise-wooden-wall-decoration-to-hang-p-36852.html HTTP/1.0" 301 73391 "-" "Mozilla/5.0 (compatible; MJ12bot/v1.4.8; http://mj12bot.com/)"
35.188.147.40 - - [09/Apr/2023:05:21:02 +0200] "GET /images/mini_prod/5415203956408.jpg HTTP/1.0" 200 269 "-" "python-requests/2.28.0"
65.108.227.178 - - [09/Apr/2023:05:21:02 +0200] "GET /-p-36852.html HTTP/1.0" 200 73324 "-" "Mozilla/5.0 (compatible; MJ12bot/v1.4.8; http://mj12bot.com/)"
131.107.1.214 - - [09/Apr/2023:05:21:04 +0200] "GET /images/mini_prod/3453131080910.jpg HTTP/1.0" 200 269 "-" "Mozilla/5.0 (X11; Ubuntu; Linux x86_64; rv:72.0) Gecko/20100101 Firefox/72.0"
54.36.149.78 - - [09/Apr/2023:05:21:04 +0200] "GET /esotericism-lithotherapy-c-174.html?page=3 HTTP/1.0" 200 94249 "-" "Mozilla/5.0 (compatible; AhrefsBot/7.0; +http://ahrefs.com/robot/)"
65.108.227.178 - - [09/Apr/2023:05:21:05 +0200] "GET /turtle-wall-decoration-p-48972.html HTTP/1.0" 200 73402 "-" "Mozilla/5.0 (compatible; MJ12bot/v1.4.8; http://mj12bot.com/)"
149.202.82.11 - - [09/Apr/2023:05:21:06 +0200] "GET /little-buddha-notebook-p-53280.html HTTP/1.0" 200 73432 "-" "Mozilla/5.0 (compatible; MJ12bot/v1.4.8; http://mj12bot.com/)"
54.36.148.241 - - [09/Apr/2023:05:21:07 +0200] "GET /images/mini_prod/8720088299593.jpg HTTP/1.0" 200 269 "-" "Mozilla/5.0 (compatible; AhrefsBot/7.0; +http://ahrefs.com/robot/)"
54.36.148.103 - - [09/Apr/2023:05:21:07 +0200] "GET /images/mini_prod/8720088299609.jpg HTTP/1.0" 200 269 "-" "Mozilla/5.0 (compatible; AhrefsBot/7.0; +http://ahrefs.com/robot/)"
54.36.148.164 - - [09/Apr/2023:05:21:08 +0200] "GET /images/mini_prod/8422015380397.jpg HTTP/1.0" 200 269 "-" "Mozilla/5.0 (compatible; AhrefsBot/7.0; +http://ahrefs.com/robot/)"
54.36.149.60 - - [09/Apr/2023:05:21:08 +0200] "GET /images/mini_prod/8719497615360.jpg HTTP/1.0" 200 269 "-" "Mozilla/5.0 (compatible; AhrefsBot/7.0; +http://ahrefs.com/robot/)"
54.36.148.38 - - [09/Apr/2023:05:21:08 +0200] "GET /images/mini_prod/8720512976748.jpg HTTP/1.0" 200 269 "-" "Mozilla/5.0 (compatible; AhrefsBot/7.0; +http://ahrefs.com/robot/)"
65.108.227.178 - - [09/Apr/2023:05:21:10 +0200] "GET /uk-telephone-box-glass-clock-p-33038.html HTTP/1.0" 301 73391 "-" "Mozilla/5.0 (compatible; MJ12bot/v1.4.8; http://mj12bot.com/)"
149.202.82.11 - - [09/Apr/2023:05:21:14 +0200] "GET /little-buddha-notebook-155-112-cm-p-53284.html HTTP/1.0" 301 73521 "-" "Mozilla/5.0 (compatible; MJ12bot/v1.4.8; http://mj12bot.com/)"
65.108.227.178 - - [09/Apr/2023:05:21:16 +0200] "GET /-p-33038.html HTTP/1.0" 200 73324 "-" "Mozilla/5.0 (compatible; MJ12bot/v1.4.8; http://mj12bot.com/)"
149.202.82.11 - - [09/Apr/2023:05:21:19 +0200] "GET /little-buddha-notebook-p-53284.html HTTP/1.0" 200 73432 "-" "Mozilla/5.0 (compatible; MJ12bot/v1.4.8; http://mj12bot.com/)"
157.90.181.206 - - [09/Apr/2023:05:21:20 +0200] "GET /sweet-little-bird-mini-rectangular-tray-p-58506.html HTTP/1.0" 200 76799 "-" "Mozilla/5.0 (compatible; BLEXBot/1.0; +http://webmeup-crawler.com/)"
65.108.227.178 - - [09/Apr/2023:05:21:21 +0200] "GET /une-pincee-de-gaiete-canvas-frame-28-28-cm-p-38520.html HTTP/1.0" 301 73391 "-" "Mozilla/5.0 (compatible; MJ12bot/v1.4.8; http://mj12bot.com/)"
54.36.149.1 - - [09/Apr/2023:05:21:26 +0200] "GET /images/mini_prod/8720088299586.jpg HTTP/1.0" 200 269 "-" "Mozilla/5.0 (compatible; AhrefsBot/7.0; +http://ahrefs.com/robot/)"
65.108.227.178 - - [09/Apr/2023:05:21:25 +0200] "GET /-p-38520.html HTTP/1.0" 200 73324 "-" "Mozilla/5.0 (compatible; MJ12bot/v1.4.8; http://mj12bot.com/)"
54.36.148.162 - - [09/Apr/2023:05:21:27 +0200] "GET /images/mini_prod/8720512976724B.jpg HTTP/1.0" 200 270 "-" "Mozilla/5.0 (compatible; AhrefsBot/7.0; +http://ahrefs.com/robot/)"
54.36.148.16 - - [09/Apr/2023:05:21:27 +0200] "GET /images/mini_prod/3660341009031.jpg HTTP/1.0" 200 269 "-" "Mozilla/5.0 (compatible; AhrefsBot/7.0; +http://ahrefs.com/robot/)"
54.36.149.56 - - [09/Apr/2023:05:21:27 +0200] "GET /images/mini_prod/8422015380298.jpg HTTP/1.0" 200 269 "-" "Mozilla/5.0 (compatible; AhrefsBot/7.0; +http://ahrefs.com/robot/)"
54.36.148.254 - - [09/Apr/2023:05:21:28 +0200] "GET /images/mini_prod/8719497615452.jpg HTTP/1.0" 200 269 "-" "Mozilla/5.0 (compatible; AhrefsBot/7.0; +http://ahrefs.com/robot/)"
54.36.148.23 - - [09/Apr/2023:05:21:28 +0200] "GET /images/mini_prod/8996969696908.jpg HTTP/1.0" 200 269 "-" "Mozilla/5.0 (compatible; AhrefsBot/7.0; +http://ahrefs.com/robot/)"
54.36.148.180 - - [09/Apr/2023:05:21:28 +0200] "GET /images/mini_prod/8719497615292.jpg HTTP/1.0" 200 269 "-" "Mozilla/5.0 (compatible; AhrefsBot/7.0; +http://ahrefs.com/robot/)"
149.202.82.11 - - [09/Apr/2023:05:21:28 +0200] "GET /little-buddha-notebook-p-53280.html HTTP/1.0" 200 73432 "-" "Mozilla/5.0 (compatible; MJ12bot/v1.4.8; http://mj12bot.com/)"
65.108.227.178 - - [09/Apr/2023:05:21:30 +0200] "GET /unicorn-hot-water-bottle-p-53277.html HTTP/1.0" 301 73489 "-" "Mozilla/5.0 (compatible; MJ12bot/v1.4.8; http://mj12bot.com/)"
65.108.227.178 - - [09/Apr/2023:05:21:33 +0200] "GET /unicorn-water-bottle-p-53277.html HTTP/1.0" 200 73402 "-" "Mozilla/5.0 (compatible; MJ12bot/v1.4.8; http://mj12bot.com/)"
149.202.82.11 - - [09/Apr/2023:05:21:37 +0200] "GET /little-buddha-notebook-p-53284.html HTTP/1.0" 200 73432 "-" "Mozilla/5.0 (compatible; MJ12bot/v1.4.8; http://mj12bot.com/)"
65.108.227.178 - - [09/Apr/2023:05:21:37 +0200] "GET /unicorn-water-bottle-p-53277.html HTTP/1.0" 200 73402 "-" "Mozilla/5.0 (compatible; MJ12bot/v1.4.8; http://mj12bot.com/)"
65.108.227.178 - - [09/Apr/2023:05:21:42 +0200] "GET /union-jack-clock-p-31845.html HTTP/1.0" 301 73391 "-" "Mozilla/5.0 (compatible; MJ12bot/v1.4.8; http://mj12bot.com/)"
149.202.82.11 - - [09/Apr/2023:05:21:47 +0200] "GET /little-panda-moneybox-17-cm-p-48273.html HTTP/1.0" 301 73532 "-" "Mozilla/5.0 (compatible; MJ12bot/v1.4.8; http://mj12bot.com/)"
65.108.227.178 - - [09/Apr/2023:05:21:47 +0200] "GET /-p-31845.html HTTP/1.0" 200 73324 "-" "Mozilla/5.0 (compatible; MJ12bot/v1.4.8; http://mj12bot.com/)"
65.108.227.178 - - [09/Apr/2023:05:21:52 +0200] "GET /union-jack-keep-calm-and-carry-on-clock-p-25428.html HTTP/1.0" 301 73555 "-" "Mozilla/5.0 (compatible; MJ12bot/v1.4.8; http://mj12bot.com/)"
157.90.181.206 - - [09/Apr/2023:05:21:53 +0200] "GET /sweet-white-women-shirt-p-30992.html HTTP/1.0" 200 77983 "-" "Mozilla/5.0 (compatible; BLEXBot/1.0; +http://webmeup-crawler.com/)"
149.202.82.11 - - [09/Apr/2023:05:21:57 +0200] "GET /little-panda-moneybox-p-48273.html HTTP/1.0" 200 73444 "-" "Mozilla/5.0 (compatible; MJ12bot/v1.4.8; http://mj12bot.com/)"
65.108.227.178 - - [09/Apr/2023:05:21:57 +0200] "GET /union-jack-keep-calm-carry-clock-p-25428.html HTTP/1.0" 200 73456 "-" "Mozilla/5.0 (compatible; MJ12bot/v1.4.8; http://mj12bot.com/)"
65.108.227.178 - - [09/Apr/2023:05:22:01 +0200] "GET /union-jack-keep-calm-carry-clock-p-25428.html HTTP/1.0" 200 73456 "-" "Mozilla/5.0 (compatible; MJ12bot/v1.4.8; http://mj12bot.com/)"
149.202.82.11 - - [09/Apr/2023:05:22:02 +0200] "GET /little-panda-moneybox-p-48273.html HTTP/1.0" 200 73444 "-" "Mozilla/5.0 (compatible; MJ12bot/v1.4.8; http://mj12bot.com/)"
65.108.227.178 - - [09/Apr/2023:05:22:07 +0200] "GET /united-states-of-america-air-force-cushion-p-36468.html HTTP/1.0" 301 73391 "-" "Mozilla/5.0 (compatible; MJ12bot/v1.4.8; http://mj12bot.com/)"
65.108.227.178 - - [09/Apr/2023:05:22:11 +0200] "GET /-p-36468.html HTTP/1.0" 200 73324 "-" "Mozilla/5.0 (compatible; MJ12bot/v1.4.8; http://mj12bot.com/)"
65.108.227.178 - - [09/Apr/2023:05:22:16 +0200] "GET /united-states-of-america-cushion-p-36464.html HTTP/1.0" 301 73391 "-" "Mozilla/5.0 (compatible; MJ12bot/v1.4.8; http://mj12bot.com/)"
149.202.82.11 - - [09/Apr/2023:05:22:16 +0200] "GET /little-prince-exupery-figurine-p-44603.html HTTP/1.0" 200 76144 "-" "Mozilla/5.0 (compatible; MJ12bot/v1.4.8; http://mj12bot.com/)"
65.108.227.178 - - [09/Apr/2023:05:22:20 +0200] "GET /-p-36464.html HTTP/1.0" 200 73324 "-" "Mozilla/5.0 (compatible; MJ12bot/v1.4.8; http://mj12bot.com/)"
65.108.227.178 - - [09/Apr/2023:05:22:25 +0200] "GET /us-route-66-logo-metal-magnet-p-8188.html HTTP/1.0" 301 76044 "-" "Mozilla/5.0 (compatible; MJ12bot/v1.4.8; http://mj12bot.com/)"
157.90.181.206 - - [09/Apr/2023:05:22:25 +0200] "GET /sweet-white-women-shirt-p-30995.html HTTP/1.0" 200 77987 "-" "Mozilla/5.0 (compatible; BLEXBot/1.0; +http://webmeup-crawler.com/)"
66.249.64.200 - - [09/Apr/2023:05:22:29 +0200] "GET /salt-pepper-shaker-p-40798.html HTTP/1.0" 200 76072 "-" "Mozilla/5.0 (Linux; Android 6.0.1; Nexus 5X Build/MMB29P) AppleWebKit/537.36 (KHTML, like Gecko) Chrome/111.0.5563.146 Mobile Safari/537.36 (compatible; Googlebot/2.1; +http://www.google.com/bot.html)"
149.202.82.11 - - [09/Apr/2023:05:22:29 +0200] "GET /little-prince-green-jewelry-p-53235.html HTTP/1.0" 200 77269 "-" "Mozilla/5.0 (compatible; MJ12bot/v1.4.8; http://mj12bot.com/)"
65.108.227.178 - - [09/Apr/2023:05:22:29 +0200] "GET /route-logo-metal-magnet-p-8188.html HTTP/1.0" 200 75955 "-" "Mozilla/5.0 (compatible; MJ12bot/v1.4.8; http://mj12bot.com/)"
51.68.224.127 - - [09/Apr/2023:05:22:31 +0200] "GET /adminweb/export_orders_xml.php?token=256de2z6edz6ed2z6DFSFsed2zed6zeDSFDSGdzedezfzf&maxorders=10&orderstart=1&status=14&start_date=2018-10-01 HTTP/1.0" 200 285 "-" "GesCom CharlotteBoutik Serveur"
51.68.224.127 - - [09/Apr/2023:05:22:31 +0200] "GET /adminweb/export_orders_xml.php?token=256de2z6edz6ed2z6DFSFsed2zed6zeDSFDSGdzedezfzf&maxorders=10&orderstart=1&status=6&start_date=2018-10-01 HTTP/1.0" 200 33887 "-" "GesCom CharlotteBoutik Serveur"
149.202.82.11 - - [09/Apr/2023:05:22:35 +0200] "GET /little-prince-money-p-45850.html HTTP/1.0" 200 76029 "-" "Mozilla/5.0 (compatible; MJ12bot/v1.4.8; http://mj12bot.com/)"
149.202.82.11 - - [09/Apr/2023:05:22:42 +0200] "GET /little-prince-rose-figurine-p-54991.html HTTP/1.0" 200 73430 "-" "Mozilla/5.0 (compatible; MJ12bot/v1.4.8; http://mj12bot.com/)"
54.36.149.72 - - [09/Apr/2023:05:22:48 +0200] "GET /fragrance-sachet-lily-valley-p-40555.html HTTP/1.0" 200 76719 "-" "Mozilla/5.0 (compatible; AhrefsBot/7.0; +http://ahrefs.com/robot/)"
149.202.82.11 - - [09/Apr/2023:05:22:48 +0200] "GET /little-prince-saint-exupery-wall-decoration-p-51867.html HTTP/1.0" 200 76245 "-" "Mozilla/5.0 (compatible; MJ12bot/v1.4.8; http://mj12bot.com/)"
54.36.149.103 - - [09/Apr/2023:05:22:50 +0200] "GET /images/big_prod/5051276247434.jpg HTTP/1.0" 200 268 "-" "Mozilla/5.0 (compatible; AhrefsBot/7.0; +http://ahrefs.com/robot/)"
149.202.82.11 - - [09/Apr/2023:05:22:54 +0200] "GET /locust-gold-resin-and-metal-25-12-12-cm-p-44718.html HTTP/1.0" 301 73536 "-" "Mozilla/5.0 (compatible; MJ12bot/v1.4.8; http://mj12bot.com/)"
157.90.181.206 - - [09/Apr/2023:05:22:58 +0200] "GET /sweet-white-women-shirt-p-30996.html HTTP/1.0" 200 77990 "-" "Mozilla/5.0 (compatible; BLEXBot/1.0; +http://webmeup-crawler.com/)"
149.202.82.11 - - [09/Apr/2023:05:23:04 +0200] "GET /locust-gold-resin-metal-p-44718.html HTTP/1.0" 200 73446 "-" "Mozilla/5.0 (compatible; MJ12bot/v1.4.8; http://mj12bot.com/)"
221.222.161.129 - - [09/Apr/2023:05:23:16 +0200] "GET /images/mini_prod/5051265800374.jpg HTTP/1.0" 200 269 "-" "Mozilla/5.0 (X11; Ubuntu; Linux x86_64; rv:72.0) Gecko/20100101 Firefox/72.0"
149.202.82.11 - - [09/Apr/2023:05:23:15 +0200] "GET /locust-gold-resin-and-metal-27-11-11-cm-p-44718.html HTTP/1.0" 301 73536 "-" "Mozilla/5.0 (compatible; MJ12bot/v1.4.8; http://mj12bot.com/)"
149.202.82.11 - - [09/Apr/2023:05:23:28 +0200] "GET /locust-gold-resin-metal-p-44718.html HTTP/1.0" 200 73446 "-" "Mozilla/5.0 (compatible; MJ12bot/v1.4.8; http://mj12bot.com/)"
157.90.181.206 - - [09/Apr/2023:05:23:31 +0200] "GET /sweetest-farewell-snow-white-waterball-p-58158.html HTTP/1.0" 200 77393 "-" "Mozilla/5.0 (compatible; BLEXBot/1.0; +http://webmeup-crawler.com/)"
149.202.82.11 - - [09/Apr/2023:05:23:40 +0200] "GET /locust-gold-resin-metal-p-44718.html HTTP/1.0" 200 73446 "-" "Mozilla/5.0 (compatible; MJ12bot/v1.4.8; http://mj12bot.com/)"
149.202.82.11 - - [09/Apr/2023:05:23:49 +0200] "GET /lonard-vinci-paperweight-vitruvian-p-44146.html HTTP/1.0" 200 77432 "-" "Mozilla/5.0 (compatible; MJ12bot/v1.4.8; http://mj12bot.com/)"
149.202.82.11 - - [09/Apr/2023:05:23:59 +0200] "GET /lonard-vinci-vitruvian-figurine-p-32620.html HTTP/1.0" 200 77148 "-" "Mozilla/5.0 (compatible; MJ12bot/v1.4.8; http://mj12bot.com/)"
20.39.50.207 - - [09/Apr/2023:05:24:03 +0200] "GET /images/mini_prod/B5425023083772B.jpg HTTP/1.0" 200 271 "-" "Mozilla/5.0 (X11; Ubuntu; Linux x86_64; rv:72.0) Gecko/20100101 Firefox/72.0"
157.90.181.206 - - [09/Apr/2023:05:24:05 +0200] "GET /swimsuit-c-1_18.html?page=1 HTTP/1.0" 200 95023 "-" "Mozilla/5.0 (compatible; BLEXBot/1.0; +http://webmeup-crawler.com/)"
149.202.82.11 - - [09/Apr/2023:05:24:05 +0200] "GET /lonard-vinci-vitruvian-figurine-p-44144.html HTTP/1.0" 200 77173 "-" "Mozilla/5.0 (compatible; MJ12bot/v1.4.8; http://mj12bot.com/)"
149.202.82.11 - - [09/Apr/2023:05:24:12 +0200] "GET /lonard-vinci-vitruvian-figurine-p-44145.html HTTP/1.0" 200 77161 "-" "Mozilla/5.0 (compatible; MJ12bot/v1.4.8; http://mj12bot.com/)"
66.249.64.198 - - [09/Apr/2023:05:24:17 +0200] "GET /frozen-lunchbox-p-31746.html HTTP/1.0" 200 73374 "-" "Mozilla/5.0 (compatible; Googlebot/2.1; +http://www.google.com/bot.html)"
149.202.82.11 - - [09/Apr/2023:05:24:18 +0200] "GET /london-metal-box-p-35932.html HTTP/1.0" 301 73466 "-" "Mozilla/5.0 (compatible; MJ12bot/v1.4.8; http://mj12bot.com/)"
149.202.82.11 - - [09/Apr/2023:05:24:24 +0200] "GET /london-metal-p-35932.html HTTP/1.0" 200 73387 "-" "Mozilla/5.0 (compatible; MJ12bot/v1.4.8; http://mj12bot.com/)"
149.202.82.11 - - [09/Apr/2023:05:24:30 +0200] "GET /london-metal-p-35932.html HTTP/1.0" 200 73387 "-" "Mozilla/5.0 (compatible; MJ12bot/v1.4.8; http://mj12bot.com/)"
54.36.148.88 - - [09/Apr/2023:05:24:31 +0200] "GET /brown-lampshade-p-56062.html HTTP/1.0" 200 76836 "-" "Mozilla/5.0 (compatible; AhrefsBot/7.0; +http://ahrefs.com/robot/)"
54.36.148.91 - - [09/Apr/2023:05:24:35 +0200] "GET /images/big_prod_2/8424345302209C.jpg HTTP/1.0" 200 271 "-" "Mozilla/5.0 (compatible; AhrefsBot/7.0; +http://ahrefs.com/robot/)"
54.36.148.92 - - [09/Apr/2023:05:24:38 +0200] "GET /images/big_prod/8424345302209B.jpg HTTP/1.0" 200 269 "-" "Mozilla/5.0 (compatible; AhrefsBot/7.0; +http://ahrefs.com/robot/)"
149.202.82.11 - - [09/Apr/2023:05:24:38 +0200] "GET /london-small-box-p-26914.html HTTP/1.0" 301 73391 "-" "Mozilla/5.0 (compatible; MJ12bot/v1.4.8; http://mj12bot.com/)"
157.90.181.206 - - [09/Apr/2023:05:24:38 +0200] "GET /switchboard-p-27600.html HTTP/1.0" 200 75880 "-" "Mozilla/5.0 (compatible; BLEXBot/1.0; +http://webmeup-crawler.com/)"
149.202.82.11 - - [09/Apr/2023:05:24:47 +0200] "GET /-p-26914.html HTTP/1.0" 200 73324 "-" "Mozilla/5.0 (compatible; MJ12bot/v1.4.8; http://mj12bot.com/)"
149.202.82.11 - - [09/Apr/2023:05:24:51 +0200] "GET /london-vintage-glass-clock-p-33039.html HTTP/1.0" 301 73391 "-" "Mozilla/5.0 (compatible; MJ12bot/v1.4.8; http://mj12bot.com/)"
149.202.82.11 - - [09/Apr/2023:05:25:01 +0200] "GET /-p-33039.html HTTP/1.0" 200 73324 "-" "Mozilla/5.0 (compatible; MJ12bot/v1.4.8; http://mj12bot.com/)"
149.202.82.11 - - [09/Apr/2023:05:25:08 +0200] "GET /lost-for-words-gorjuss-mug-p-34726.html HTTP/1.0" 301 73514 "-" "Mozilla/5.0 (compatible; MJ12bot/v1.4.8; http://mj12bot.com/)"
157.90.181.206 - - [09/Apr/2023:05:25:11 +0200] "GET /table-copains-burlap-placemat-p-53498.html HTTP/1.0" 200 76649 "-" "Mozilla/5.0 (compatible; BLEXBot/1.0; +http://webmeup-crawler.com/)"
149.202.82.11 - - [09/Apr/2023:05:25:17 +0200] "GET /lost-words-gorjuss-p-34726.html HTTP/1.0" 200 73429 "-" "Mozilla/5.0 (compatible; MJ12bot/v1.4.8; http://mj12bot.com/)"
38.32.70.139 - - [09/Apr/2023:05:25:24 +0200] "GET /images/mini_prod/3503420069482.jpg HTTP/1.0" 200 269 "-" "Mozilla/5.0 (X11; Ubuntu; Linux x86_64; rv:72.0) Gecko/20100101 Firefox/72.0"
149.202.82.11 - - [09/Apr/2023:05:25:27 +0200] "GET /lost-words-gorjuss-p-34726.html HTTP/1.0" 200 73429 "-" "Mozilla/5.0 (compatible; MJ12bot/v1.4.8; http://mj12bot.com/)"
149.202.82.11 - - [09/Apr/2023:05:25:33 +0200] "GET /lot-totema-red-napkins-p-34061.html HTTP/1.0" 301 73391 "-" "Mozilla/5.0 (compatible; MJ12bot/v1.4.8; http://mj12bot.com/)"
149.202.82.11 - - [09/Apr/2023:05:25:42 +0200] "GET /-p-34061.html HTTP/1.0" 200 73324 "-" "Mozilla/5.0 (compatible; MJ12bot/v1.4.8; http://mj12bot.com/)"
157.90.181.206 - - [09/Apr/2023:05:25:45 +0200] "GET /table-decoration-bowl-crocodile-p-48817.html HTTP/1.0" 200 76942 "-" "Mozilla/5.0 (compatible; BLEXBot/1.0; +http://webmeup-crawler.com/)"
149.202.82.11 - - [09/Apr/2023:05:25:46 +0200] "GET /lotus-atmospheric-light-colours-goldrim-p-43209.html HTTP/1.0" 200 77522 "-" "Mozilla/5.0 (compatible; MJ12bot/v1.4.8; http://mj12bot.com/)"
149.202.82.11 - - [09/Apr/2023:05:25:54 +0200] "GET /lotus-candleholder-blue-goldlining-p-47011.html HTTP/1.0" 200 77473 "-" "Mozilla/5.0 (compatible; MJ12bot/v1.4.8; http://mj12bot.com/)"
173.252.83.23 - - [09/Apr/2023:05:25:57 +0200] "GET /images/mini_prod/8422089800227.jpg HTTP/1.0" 200 269 "-" "facebookexternalhit/1.1 (+http://www.facebook.com/externalhit_uatext.php)"
148.59.74.29 - - [09/Apr/2023:05:26:01 +0200] "GET /images/mini_prod/DSCN7550.jpg HTTP/1.0" 200 264 "-" "Mozilla/5.0 (X11; Ubuntu; Linux x86_64; rv:72.0) Gecko/20100101 Firefox/72.0"
20.39.38.203 - - [09/Apr/2023:05:26:02 +0200] "GET /images/mini_prod/3574642330520.jpg HTTP/1.0" 200 269 "-" "Mozilla/5.0 (X11; Ubuntu; Linux x86_64; rv:72.0) Gecko/20100101 Firefox/72.0"
149.202.82.11 - - [09/Apr/2023:05:26:07 +0200] "GET /lotus-candleholder-blue-goldlining-p-47016.html HTTP/1.0" 200 77473 "-" "Mozilla/5.0 (compatible; MJ12bot/v1.4.8; http://mj12bot.com/)"
54.36.148.24 - - [09/Apr/2023:05:26:09 +0200] "GET /audrey-hepburn-breakfast-tiffany-clock-p-6329.html HTTP/1.0" 200 76121 "-" "Mozilla/5.0 (compatible; AhrefsBot/7.0; +http://ahrefs.com/robot/)"
149.202.82.11 - - [09/Apr/2023:05:26:14 +0200] "GET /lotus-candleholder-chakra-orange-pink-goldlining-p-37128.html HTTP/1.0" 200 77631 "-" "Mozilla/5.0 (compatible; MJ12bot/v1.4.8; http://mj12bot.com/)"
157.90.181.206 - - [09/Apr/2023:05:26:19 +0200] "GET /table-lamp-blue-matt-wood-p-41364.html HTTP/1.0" 200 76159 "-" "Mozilla/5.0 (compatible; BLEXBot/1.0; +http://webmeup-crawler.com/)"
149.202.82.11 - - [09/Apr/2023:05:26:20 +0200] "GET /lotus-candleholder-pink-and-green-goldlining-p-47012.html HTTP/1.0" 301 77672 "-" "Mozilla/5.0 (compatible; MJ12bot/v1.4.8; http://mj12bot.com/)"
149.202.82.11 - - [09/Apr/2023:05:26:31 +0200] "GET /lotus-candleholder-pink-green-goldlining-p-47012.html HTTP/1.0" 200 77565 "-" "Mozilla/5.0 (compatible; MJ12bot/v1.4.8; http://mj12bot.com/)"
173.252.83.10 - - [09/Apr/2023:05:26:36 +0200] "GET /images/mini_prod/3700572750408a.jpg HTTP/1.0" 200 270 "-" "facebookexternalhit/1.1 (+http://www.facebook.com/externalhit_uatext.php)"
130.44.212.119 - - [09/Apr/2023:05:26:38 +0200] "GET /images/mini_prod/3609810022287.jpg HTTP/1.0" 200 269 "-" "Mozilla/5.0 (X11; Ubuntu; Linux x86_64; rv:72.0) Gecko/20100101 Firefox/72.0"
149.202.82.11 - - [09/Apr/2023:05:26:39 +0200] "GET /lotus-candleholder-pink-goldlining-p-47013.html HTTP/1.0" 200 77473 "-" "Mozilla/5.0 (compatible; MJ12bot/v1.4.8; http://mj12bot.com/)"
149.202.82.11 - - [09/Apr/2023:05:26:46 +0200] "GET /lotus-candleholder-pink-goldlining-p-47014.html HTTP/1.0" 200 77473 "-" "Mozilla/5.0 (compatible; MJ12bot/v1.4.8; http://mj12bot.com/)"
131.107.147.185 - - [09/Apr/2023:05:26:52 +0200] "GET /images/mini_prod/3660173124445.jpg HTTP/1.0" 200 269 "-" "Mozilla/5.0 (X11; Ubuntu; Linux x86_64; rv:72.0) Gecko/20100101 Firefox/72.0"
149.202.82.11 - - [09/Apr/2023:05:26:53 +0200] "GET /lotus-candleholder-pink-green-goldlining-p-47012.html HTTP/1.0" 200 77565 "-" "Mozilla/5.0 (compatible; MJ12bot/v1.4.8; http://mj12bot.com/)"
157.90.181.206 - - [09/Apr/2023:05:26:53 +0200] "GET /table-lamp-gray-matt-wood-p-41363.html HTTP/1.0" 200 76764 "-" "Mozilla/5.0 (compatible; BLEXBot/1.0; +http://webmeup-crawler.com/)"
149.202.82.11 - - [09/Apr/2023:05:26:57 +0200] "GET /lotus-candleholder-pink-silverlining-p-47017.html HTTP/1.0" 200 77492 "-" "Mozilla/5.0 (compatible; MJ12bot/v1.4.8; http://mj12bot.com/)"
149.202.82.11 - - [09/Apr/2023:05:27:05 +0200] "GET /lotus-candleholder-purple-goldlining-p-47015.html HTTP/1.0" 200 77493 "-" "Mozilla/5.0 (compatible; MJ12bot/v1.4.8; http://mj12bot.com/)"
149.202.82.11 - - [09/Apr/2023:05:27:15 +0200] "GET /love-ceramic-piggy-bank-p-42163.html HTTP/1.0" 200 73460 "-" "Mozilla/5.0 (compatible; MJ12bot/v1.4.8; http://mj12bot.com/)"
149.202.82.11 - - [09/Apr/2023:05:27:20 +0200] "GET /love-mini-rectangular-tray-p-54919.html HTTP/1.0" 200 76083 "-" "Mozilla/5.0 (compatible; MJ12bot/v1.4.8; http://mj12bot.com/)"
157.90.181.206 - - [09/Apr/2023:05:27:27 +0200] "GET /table-lamp-gray-matt-wood-p-41366.html HTTP/1.0" 200 76159 "-" "Mozilla/5.0 (compatible; BLEXBot/1.0; +http://webmeup-crawler.com/)"
149.202.82.11 - - [09/Apr/2023:05:27:28 +0200] "GET /love-you-ceramic-piggy-bank-30-cm-p-42163.html HTTP/1.0" 301 73550 "-" "Mozilla/5.0 (compatible; MJ12bot/v1.4.8; http://mj12bot.com/)"
131.107.147.185 - - [09/Apr/2023:05:27:34 +0200] "GET /images/mini_prod/5018997618431.jpg HTTP/1.0" 200 269 "-" "Mozilla/5.0 (X11; Ubuntu; Linux x86_64; rv:72.0) Gecko/20100101 Firefox/72.0"
54.175.65.197 - - [09/Apr/2023:05:27:39 +0200] "GET /images/mini_prod/8006180300413.jpg HTTP/1.0" 200 269 "-" "Mozilla/5.0 (X11; Ubuntu; Linux x86_64; rv:72.0) Gecko/20100101 Firefox/72.0"
54.36.148.85 - - [09/Apr/2023:05:27:39 +0200] "GET /california-custom-glass-clock-p-55076.html HTTP/1.0" 200 76143 "-" "Mozilla/5.0 (compatible; AhrefsBot/7.0; +http://ahrefs.com/robot/)"
54.36.148.243 - - [09/Apr/2023:05:27:42 +0200] "GET /images/big_prod/8433933161807.jpg HTTP/1.0" 200 268 "-" "Mozilla/5.0 (compatible; AhrefsBot/7.0; +http://ahrefs.com/robot/)"
149.202.82.11 - - [09/Apr/2023:05:27:41 +0200] "GET /love-ceramic-piggy-bank-p-42163.html HTTP/1.0" 200 73460 "-" "Mozilla/5.0 (compatible; MJ12bot/v1.4.8; http://mj12bot.com/)"
149.202.82.11 - - [09/Apr/2023:05:27:48 +0200] "GET /lu-petit-beurre-distributor-box-p-35248.html HTTP/1.0" 301 73391 "-" "Mozilla/5.0 (compatible; MJ12bot/v1.4.8; http://mj12bot.com/)"
173.252.83.1 - - [09/Apr/2023:05:27:52 +0200] "GET /images/mini_prod/3609810062931.jpg HTTP/1.0" 200 269 "-" "facebookexternalhit/1.1 (+http://www.facebook.com/externalhit_uatext.php)"
149.202.82.11 - - [09/Apr/2023:05:27:52 +0200] "GET /-p-35248.html HTTP/1.0" 200 73324 "-" "Mozilla/5.0 (compatible; MJ12bot/v1.4.8; http://mj12bot.com/)"
131.107.1.214 - - [09/Apr/2023:05:28:00 +0200] "GET /images/mini_prod/MISES-EN-SITUATION-04.jpg HTTP/1.0" 200 277 "-" "Mozilla/5.0 (X11; Ubuntu; Linux x86_64; rv:72.0) Gecko/20100101 Firefox/72.0"
149.202.82.11 - - [09/Apr/2023:05:28:00 +0200] "GET /luggages-schoolbags-leather-shop/pencil-case/beyblade-round-pencil-case-p-15469.html HTTP/1.0" 301 73391 "-" "Mozilla/5.0 (compatible; MJ12bot/v1.4.8; http://mj12bot.com/)"
157.90.181.206 - - [09/Apr/2023:05:28:00 +0200] "GET /table-lamp-metal-gold-color-p-56995.html HTTP/1.0" 200 77002 "-" "Mozilla/5.0 (compatible; BLEXBot/1.0; +http://webmeup-crawler.com/)"
99.240.130.27 - - [09/Apr/2023:05:28:03 +0200] "GET /images/mini_prod/3560600256971.jpg HTTP/1.0" 200 269 "-" "Mozilla/5.0 (X11; Ubuntu; Linux x86_64; rv:72.0) Gecko/20100101 Firefox/72.0"
149.202.82.11 - - [09/Apr/2023:05:28:06 +0200] "GET /-p-15469.html HTTP/1.0" 200 73324 "-" "Mozilla/5.0 (compatible; MJ12bot/v1.4.8; http://mj12bot.com/)"
64.253.38.74 - - [09/Apr/2023:05:28:10 +0200] "GET /images/mini_prod/9316188065245.jpg HTTP/1.0" 200 269 "-" "Mozilla/5.0 (X11; Ubuntu; Linux x86_64; rv:72.0) Gecko/20100101 Firefox/72.0"
149.202.82.11 - - [09/Apr/2023:05:28:11 +0200] "GET /macaroons-wood-clock-p-34221.html HTTP/1.0" 301 73391 "-" "Mozilla/5.0 (compatible; MJ12bot/v1.4.8; http://mj12bot.com/)"
216.244.66.242 - - [09/Apr/2023:05:28:16 +0200] "GET /little-prince-placemat-p-47173.html HTTP/1.0" 200 76040 "-" "Mozilla/5.0 (compatible; DotBot/1.2; +https://opensiteexplorer.org/dotbot; help@moz.com)"
149.202.82.11 - - [09/Apr/2023:05:28:21 +0200] "GET /-p-34221.html HTTP/1.0" 200 73324 "-" "Mozilla/5.0 (compatible; MJ12bot/v1.4.8; http://mj12bot.com/)"
149.202.82.11 - - [09/Apr/2023:05:28:28 +0200] "GET /magazine-rack-vintage-32-cm-p-42519.html HTTP/1.0" 301 73526 "-" "Mozilla/5.0 (compatible; MJ12bot/v1.4.8; http://mj12bot.com/)"
149.202.82.11 - - [09/Apr/2023:05:28:34 +0200] "GET /magazine-rack-vintage-p-42519.html HTTP/1.0" 200 73438 "-" "Mozilla/5.0 (compatible; MJ12bot/v1.4.8; http://mj12bot.com/)"
157.90.181.206 - - [09/Apr/2023:05:28:33 +0200] "GET /table-lamp-metal-gold-color-p-57001.html HTTP/1.0" 200 76939 "-" "Mozilla/5.0 (compatible; BLEXBot/1.0; +http://webmeup-crawler.com/)"
149.202.82.11 - - [09/Apr/2023:05:28:45 +0200] "GET /magazine-rack-vintage-p-42519.html HTTP/1.0" 200 73438 "-" "Mozilla/5.0 (compatible; MJ12bot/v1.4.8; http://mj12bot.com/)"
149.202.82.11 - - [09/Apr/2023:05:28:51 +0200] "GET /magical-snowman-olaf-figure-collection-p-34271.html HTTP/1.0" 301 73391 "-" "Mozilla/5.0 (compatible; MJ12bot/v1.4.8; http://mj12bot.com/)"
149.202.82.11 - - [09/Apr/2023:05:29:00 +0200] "GET /-p-34271.html HTTP/1.0" 200 73324 "-" "Mozilla/5.0 (compatible; MJ12bot/v1.4.8; http://mj12bot.com/)"
157.90.181.206 - - [09/Apr/2023:05:29:06 +0200] "GET /table-lamp-metal-gold-color-p-57002.html HTTP/1.0" 200 76939 "-" "Mozilla/5.0 (compatible; BLEXBot/1.0; +http://webmeup-crawler.com/)"
54.36.148.153 - - [09/Apr/2023:05:29:07 +0200] "GET /sally-gravestone-figurine-p-58695.html HTTP/1.0" 200 77279 "-" "Mozilla/5.0 (compatible; AhrefsBot/7.0; +http://ahrefs.com/robot/)"
149.202.82.11 - - [09/Apr/2023:05:29:10 +0200] "GET /maleficent-masquerade-figurine-p-32386.html HTTP/1.0" 301 73391 "-" "Mozilla/5.0 (compatible; MJ12bot/v1.4.8; http://mj12bot.com/)"
54.36.149.12 - - [09/Apr/2023:05:29:11 +0200] "GET /images/big_prod_2/1328399319114C.jpg HTTP/1.0" 200 271 "-" "Mozilla/5.0 (compatible; AhrefsBot/7.0; +http://ahrefs.com/robot/)"
54.36.149.52 - - [09/Apr/2023:05:29:11 +0200] "GET /images/big_prod_1/1328399319114B.jpg HTTP/1.0" 200 271 "-" "Mozilla/5.0 (compatible; AhrefsBot/7.0; +http://ahrefs.com/robot/)"
149.202.82.11 - - [09/Apr/2023:05:29:17 +0200] "GET /-p-32386.html HTTP/1.0" 200 73324 "-" "Mozilla/5.0 (compatible; MJ12bot/v1.4.8; http://mj12bot.com/)"
149.202.82.11 - - [09/Apr/2023:05:29:26 +0200] "GET /maman-gateaux-kitchen-timer-clock-p-40692.html HTTP/1.0" 301 73543 "-" "Mozilla/5.0 (compatible; MJ12bot/v1.4.8; http://mj12bot.com/)"
149.202.82.11 - - [09/Apr/2023:05:29:36 +0200] "GET /maman-gteaux-kitchen-timer-clock-p-40692.html HTTP/1.0" 200 73444 "-" "Mozilla/5.0 (compatible; MJ12bot/v1.4.8; http://mj12bot.com/)"
157.90.181.206 - - [09/Apr/2023:05:29:39 +0200] "GET /table-lamp-metal-gray-color-p-56994.html HTTP/1.0" 200 76791 "-" "Mozilla/5.0 (compatible; BLEXBot/1.0; +http://webmeup-crawler.com/)"
149.202.82.11 - - [09/Apr/2023:05:29:41 +0200] "GET /maman-gteaux-kitchen-timer-clock-p-40692.html HTTP/1.0" 200 73444 "-" "Mozilla/5.0 (compatible; MJ12bot/v1.4.8; http://mj12bot.com/)"
149.202.82.11 - - [09/Apr/2023:05:29:46 +0200] "GET /man-head-on-resin-statue-17-cm-p-36094.html HTTP/1.0" 301 76176 "-" "Mozilla/5.0 (compatible; MJ12bot/v1.4.8; http://mj12bot.com/)"
149.202.82.11 - - [09/Apr/2023:05:29:52 +0200] "GET /head-resin-statue-p-36094.html HTTP/1.0" 200 76092 "-" "Mozilla/5.0 (compatible; MJ12bot/v1.4.8; http://mj12bot.com/)"
149.202.82.11 - - [09/Apr/2023:05:30:02 +0200] "GET /man-laying-resin-statue-35-cm-p-36093.html HTTP/1.0" 301 76183 "-" "Mozilla/5.0 (compatible; MJ12bot/v1.4.8; http://mj12bot.com/)"
149.202.82.11 - - [09/Apr/2023:05:30:05 +0200] "GET /laying-resin-statue-p-36093.html HTTP/1.0" 200 76097 "-" "Mozilla/5.0 (compatible; MJ12bot/v1.4.8; http://mj12bot.com/)"
149.202.82.11 - - [09/Apr/2023:05:30:10 +0200] "GET /man-with-open-arms-resin-statue-10-cm-p-36095.html HTTP/1.0" 301 73536 "-" "Mozilla/5.0 (compatible; MJ12bot/v1.4.8; http://mj12bot.com/)"
17.241.75.92 - - [09/Apr/2023:05:30:15 +0200] "GET /images/mini_prod/3713572722238B.jpg HTTP/1.0" 200 270 "-" "Mozilla/5.0 (Macintosh; Intel Mac OS X 10_15_5) AppleWebKit/605.1.15 (KHTML, like Gecko) Version/13.1.1 Safari/605.1.15 (Applebot/0.1; +http://www.apple.com/go/applebot)"
157.90.181.206 - - [09/Apr/2023:05:30:12 +0200] "GET /table-lamp-openwork-metal-sphere-p-48075.html HTTP/1.0" 200 76158 "-" "Mozilla/5.0 (compatible; BLEXBot/1.0; +http://webmeup-crawler.com/)"
149.202.82.11 - - [09/Apr/2023:05:30:17 +0200] "GET /with-open-arms-resin-statue-p-36095.html HTTP/1.0" 200 73442 "-" "Mozilla/5.0 (compatible; MJ12bot/v1.4.8; http://mj12bot.com/)"
149.202.82.11 - - [09/Apr/2023:05:30:26 +0200] "GET /mandala-sun-key-box-in-white-stained-wood-20-26-cm-p-49119.html HTTP/1.0" 301 73391 "-" "Mozilla/5.0 (compatible; MJ12bot/v1.4.8; http://mj12bot.com/)"
147.160.184.126 - - [09/Apr/2023:05:30:32 +0200] "GET /images/mini_prod/Image91.jpg HTTP/1.0" 200 263 "-" "Mozilla/5.0 (X11; Ubuntu; Linux x86_64; rv:72.0) Gecko/20100101 Firefox/72.0"
149.202.82.11 - - [09/Apr/2023:05:30:32 +0200] "GET /-p-49119.html HTTP/1.0" 200 73324 "-" "Mozilla/5.0 (compatible; MJ12bot/v1.4.8; http://mj12bot.com/)"
54.36.148.41 - - [09/Apr/2023:05:30:36 +0200] "GET /moroccan-ceramic-ashtray-p-59531.html HTTP/1.0" 200 76581 "-" "Mozilla/5.0 (compatible; AhrefsBot/7.0; +http://ahrefs.com/robot/)"
149.202.82.11 - - [09/Apr/2023:05:30:40 +0200] "GET /mandala-white-stained-wood-p-49119.html HTTP/1.0" 301 73391 "-" "Mozilla/5.0 (compatible; MJ12bot/v1.4.8; http://mj12bot.com/)"
149.202.82.11 - - [09/Apr/2023:05:30:43 +0200] "GET /-p-49119.html HTTP/1.0" 200 73324 "-" "Mozilla/5.0 (compatible; MJ12bot/v1.4.8; http://mj12bot.com/)"
54.36.149.84 - - [09/Apr/2023:05:30:47 +0200] "GET /images/big_prod/3700281673982.jpg HTTP/1.0" 200 268 "-" "Mozilla/5.0 (compatible; AhrefsBot/7.0; +http://ahrefs.com/robot/)"
157.90.181.206 - - [09/Apr/2023:05:30:47 +0200] "GET /table-lamp-p-58110.html HTTP/1.0" 200 76607 "-" "Mozilla/5.0 (compatible; BLEXBot/1.0; +http://webmeup-crawler.com/)"
149.202.82.11 - - [09/Apr/2023:05:30:51 +0200] "GET /mandala-wood-malle-195-cm-p-45998.html HTTP/1.0" 301 73514 "-" "Mozilla/5.0 (compatible; MJ12bot/v1.4.8; http://mj12bot.com/)"
149.202.82.11 - - [09/Apr/2023:05:30:55 +0200] "GET /mandala-wood-malle-p-45998.html HTTP/1.0" 200 73429 "-" "Mozilla/5.0 (compatible; MJ12bot/v1.4.8; http://mj12bot.com/)"
149.202.82.11 - - [09/Apr/2023:05:31:05 +0200] "GET /mandala-wood-malle-p-45998.html HTTP/1.0" 200 73429 "-" "Mozilla/5.0 (compatible; MJ12bot/v1.4.8; http://mj12bot.com/)"
149.202.82.11 - - [09/Apr/2023:05:31:09 +0200] "GET /mani-lucky-black-keychain-p-37420.html HTTP/1.0" 200 73464 "-" "Mozilla/5.0 (compatible; MJ12bot/v1.4.8; http://mj12bot.com/)"
149.202.82.11 - - [09/Apr/2023:05:31:20 +0200] "GET /mani-lucky-black-keychain-p-37421.html HTTP/1.0" 200 73464 "-" "Mozilla/5.0 (compatible; MJ12bot/v1.4.8; http://mj12bot.com/)"
157.90.181.206 - - [09/Apr/2023:05:31:23 +0200] "GET /table-lamp-silver-metal-p-42338.html HTTP/1.0" 200 76670 "-" "Mozilla/5.0 (compatible; BLEXBot/1.0; +http://webmeup-crawler.com/)"
149.202.82.11 - - [09/Apr/2023:05:31:29 +0200] "GET /mani-lucky-brush-p-44108.html HTTP/1.0" 200 75987 "-" "Mozilla/5.0 (compatible; MJ12bot/v1.4.8; http://mj12bot.com/)"
149.202.82.11 - - [09/Apr/2023:05:31:38 +0200] "GET /mani-lucky-brush-p-44110.html HTTP/1.0" 200 75987 "-" "Mozilla/5.0 (compatible; MJ12bot/v1.4.8; http://mj12bot.com/)"
149.202.82.11 - - [09/Apr/2023:05:31:46 +0200] "GET /mani-lucky-p-39912.html HTTP/1.0" 200 73378 "-" "Mozilla/5.0 (compatible; MJ12bot/v1.4.8; http://mj12bot.com/)"
149.202.82.11 - - [09/Apr/2023:05:31:54 +0200] "GET /mani-lucky-p-44083.html HTTP/1.0" 301 73391 "-" "Mozilla/5.0 (compatible; MJ12bot/v1.4.8; http://mj12bot.com/)"
157.90.181.206 - - [09/Apr/2023:05:31:56 +0200] "GET /table-lamp-white-metal-p-41370.html HTTP/1.0" 200 76051 "-" "Mozilla/5.0 (compatible; BLEXBot/1.0; +http://webmeup-crawler.com/)"
149.202.82.11 - - [09/Apr/2023:05:32:02 +0200] "GET /-p-44083.html HTTP/1.0" 200 73324 "-" "Mozilla/5.0 (compatible; MJ12bot/v1.4.8; http://mj12bot.com/)"
147.92.153.8 - - [09/Apr/2023:05:32:04 +0200] "GET /images/big_prod/3555461058819.jpg HTTP/1.0" 200 268 "-" "Mozilla/5.0 (compatible; Linespider/1.1; +https://lin.ee/4dwXkTH)"
149.202.82.11 - - [09/Apr/2023:05:32:06 +0200] "GET /mani-lucky-white-keychain-p-37425.html HTTP/1.0" 200 73464 "-" "Mozilla/5.0 (compatible; MJ12bot/v1.4.8; http://mj12bot.com/)"
54.36.148.57 - - [09/Apr/2023:05:32:14 +0200] "GET /golden-waves-bedhead-wall-sticker-p-39184.html HTTP/1.0" 200 76187 "-" "Mozilla/5.0 (compatible; AhrefsBot/7.0; +http://ahrefs.com/robot/)"
149.202.82.11 - - [09/Apr/2023:05:32:15 +0200] "GET /mani-lucky-white-keychain-p-37426.html HTTP/1.0" 200 73464 "-" "Mozilla/5.0 (compatible; MJ12bot/v1.4.8; http://mj12bot.com/)"
149.202.82.11 - - [09/Apr/2023:05:32:23 +0200] "GET /mani-lucky-white-keychain-p-37429.html HTTP/1.0" 200 73464 "-" "Mozilla/5.0 (compatible; MJ12bot/v1.4.8; http://mj12bot.com/)"
157.90.181.206 - - [09/Apr/2023:05:32:28 +0200] "GET /table-lamp-white-wood-p-41369.html HTTP/1.0" 200 76100 "-" "Mozilla/5.0 (compatible; BLEXBot/1.0; +http://webmeup-crawler.com/)"
149.202.82.11 - - [09/Apr/2023:05:32:31 +0200] "GET /mani-lucky-white-keychain-p-37430.html HTTP/1.0" 200 73464 "-" "Mozilla/5.0 (compatible; MJ12bot/v1.4.8; http://mj12bot.com/)"
149.202.82.11 - - [09/Apr/2023:05:32:39 +0200] "GET /mani-the-lucky-cat-black-keychain-p-37420.html HTTP/1.0" 301 73556 "-" "Mozilla/5.0 (compatible; MJ12bot/v1.4.8; http://mj12bot.com/)"
149.202.82.11 - - [09/Apr/2023:05:32:45 +0200] "GET /mani-lucky-black-keychain-p-37420.html HTTP/1.0" 200 73464 "-" "Mozilla/5.0 (compatible; MJ12bot/v1.4.8; http://mj12bot.com/)"
221.222.161.129 - - [09/Apr/2023:05:32:47 +0200] "GET /images/mini_prod/9316188013291.jpg HTTP/1.0" 200 269 "-" "Mozilla/5.0 (X11; Ubuntu; Linux x86_64; rv:72.0) Gecko/20100101 Firefox/72.0"
149.202.82.11 - - [09/Apr/2023:05:32:53 +0200] "GET /mani-the-lucky-cat-black-keychain-p-37421.html HTTP/1.0" 301 73556 "-" "Mozilla/5.0 (compatible; MJ12bot/v1.4.8; http://mj12bot.com/)"
149.202.82.11 - - [09/Apr/2023:05:33:02 +0200] "GET /mani-lucky-black-keychain-p-37421.html HTTP/1.0" 200 73464 "-" "Mozilla/5.0 (compatible; MJ12bot/v1.4.8; http://mj12bot.com/)"
157.90.181.206 - - [09/Apr/2023:05:33:01 +0200] "GET /table-lamps-c-86_286.html?page=1 HTTP/1.0" 200 95736 "-" "Mozilla/5.0 (compatible; BLEXBot/1.0; +http://webmeup-crawler.com/)"
149.202.82.11 - - [09/Apr/2023:05:33:08 +0200] "GET /mani-the-lucky-cat-black-mug-p-37319.html HTTP/1.0" 301 73391 "-" "Mozilla/5.0 (compatible; MJ12bot/v1.4.8; http://mj12bot.com/)"
149.202.82.11 - - [09/Apr/2023:05:33:16 +0200] "GET /-p-37319.html HTTP/1.0" 200 73324 "-" "Mozilla/5.0 (compatible; MJ12bot/v1.4.8; http://mj12bot.com/)"
149.202.82.11 - - [09/Apr/2023:05:33:22 +0200] "GET /mani-the-lucky-cat-brush-p-44108.html HTTP/1.0" 301 76070 "-" "Mozilla/5.0 (compatible; MJ12bot/v1.4.8; http://mj12bot.com/)"
149.202.82.11 - - [09/Apr/2023:05:33:29 +0200] "GET /mani-lucky-brush-p-44108.html HTTP/1.0" 200 75987 "-" "Mozilla/5.0 (compatible; MJ12bot/v1.4.8; http://mj12bot.com/)"
149.202.82.11 - - [09/Apr/2023:05:33:34 +0200] "GET /mani-the-lucky-cat-brush-p-44110.html HTTP/1.0" 301 76070 "-" "Mozilla/5.0 (compatible; MJ12bot/v1.4.8; http://mj12bot.com/)"
157.90.181.206 - - [09/Apr/2023:05:33:35 +0200] "GET /table-lamps-c-86_286.html?page=12 HTTP/1.0" 200 94362 "-" "Mozilla/5.0 (compatible; BLEXBot/1.0; +http://webmeup-crawler.com/)"
54.36.148.79 - - [09/Apr/2023:05:33:41 +0200] "GET /santa-jack-figurine-christmas-p-58696.html HTTP/1.0" 200 77595 "-" "Mozilla/5.0 (compatible; AhrefsBot/7.0; +http://ahrefs.com/robot/)"
54.36.148.16 - - [09/Apr/2023:05:33:45 +0200] "GET /images/big_prod_1/1328399318971B.jpg HTTP/1.0" 200 271 "-" "Mozilla/5.0 (compatible; AhrefsBot/7.0; +http://ahrefs.com/robot/)"
54.36.149.81 - - [09/Apr/2023:05:33:45 +0200] "GET /images/big_prod/1328399318971.jpg HTTP/1.0" 200 268 "-" "Mozilla/5.0 (compatible; AhrefsBot/7.0; +http://ahrefs.com/robot/)"
149.202.82.11 - - [09/Apr/2023:05:33:46 +0200] "GET /mani-lucky-brush-p-44110.html HTTP/1.0" 200 75987 "-" "Mozilla/5.0 (compatible; MJ12bot/v1.4.8; http://mj12bot.com/)"
149.202.82.11 - - [09/Apr/2023:05:33:51 +0200] "GET /mani-the-lucky-cat-cm-p-44083.html HTTP/1.0" 301 73391 "-" "Mozilla/5.0 (compatible; MJ12bot/v1.4.8; http://mj12bot.com/)"
38.32.70.139 - - [09/Apr/2023:05:33:53 +0200] "GET /images/mini_prod/8422140192445.jpg HTTP/1.0" 200 269 "-" "Mozilla/5.0 (X11; Ubuntu; Linux x86_64; rv:72.0) Gecko/20100101 Firefox/72.0"
149.202.82.11 - - [09/Apr/2023:05:34:00 +0200] "GET /-p-44083.html HTTP/1.0" 200 73324 "-" "Mozilla/5.0 (compatible; MJ12bot/v1.4.8; http://mj12bot.com/)"
149.202.82.11 - - [09/Apr/2023:05:34:07 +0200] "GET /mani-the-lucky-cat-mug-p-39912.html HTTP/1.0" 301 73455 "-" "Mozilla/5.0 (compatible; MJ12bot/v1.4.8; http://mj12bot.com/)"
157.90.181.206 - - [09/Apr/2023:05:34:08 +0200] "GET /table-lamps-c-86_286.html?page=13 HTTP/1.0" 200 94361 "-" "Mozilla/5.0 (compatible; BLEXBot/1.0; +http://webmeup-crawler.com/)"
149.202.82.11 - - [09/Apr/2023:05:34:14 +0200] "GET /mani-lucky-p-39912.html HTTP/1.0" 200 73378 "-" "Mozilla/5.0 (compatible; MJ12bot/v1.4.8; http://mj12bot.com/)"
149.202.82.11 - - [09/Apr/2023:05:34:17 +0200] "GET /mani-the-lucky-cat-white-keychain-p-37425.html HTTP/1.0" 301 73556 "-" "Mozilla/5.0 (compatible; MJ12bot/v1.4.8; http://mj12bot.com/)"
66.249.64.202 - - [09/Apr/2023:05:34:17 +0200] "GET /votive-candle-stopover-in-the-mediterranean-p-44131.html HTTP/1.0" 301 73625 "-" "Mozilla/5.0 (Linux; Android 6.0.1; Nexus 5X Build/MMB29P) AppleWebKit/537.36 (KHTML, like Gecko) Chrome/111.0.5563.146 Mobile Safari/537.36 (compatible; Googlebot/2.1; +http://www.google.com/bot.html)"
66.249.64.202 - - [09/Apr/2023:05:34:20 +0200] "GET /votive-candle-stopover-mediterranean-p-44131.html HTTP/1.0" 200 73522 "-" "Mozilla/5.0 (Linux; Android 6.0.1; Nexus 5X Build/MMB29P) AppleWebKit/537.36 (KHTML, like Gecko) Chrome/111.0.5563.146 Mobile Safari/537.36 (compatible; Googlebot/2.1; +http://www.google.com/bot.html)"
149.202.82.11 - - [09/Apr/2023:05:34:21 +0200] "GET /mani-lucky-white-keychain-p-37425.html HTTP/1.0" 200 73464 "-" "Mozilla/5.0 (compatible; MJ12bot/v1.4.8; http://mj12bot.com/)"
149.202.82.11 - - [09/Apr/2023:05:34:26 +0200] "GET /mani-the-lucky-cat-white-keychain-p-37426.html HTTP/1.0" 301 73556 "-" "Mozilla/5.0 (compatible; MJ12bot/v1.4.8; http://mj12bot.com/)"
40.77.167.169 - - [09/Apr/2023:05:34:26 +0200] "GET /magnets-c-13_134.html HTTP/1.0" 200 94734 "-" "Mozilla/5.0 AppleWebKit/537.36 (KHTML, like Gecko; compatible; bingbot/2.0; +http://www.bing.com/bingbot.htm) Chrome/103.0.5060.134 Safari/537.36"
18.223.122.249 - - [09/Apr/2023:05:34:34 +0200] "GET /images/mini_prod/3457019600474a.jpg HTTP/1.0" 200 270 "-" "Mozilla/5.0 (X11; Ubuntu; Linux x86_64; rv:72.0) Gecko/20100101 Firefox/72.0"
149.202.82.11 - - [09/Apr/2023:05:34:34 +0200] "GET /mani-lucky-white-keychain-p-37426.html HTTP/1.0" 200 73464 "-" "Mozilla/5.0 (compatible; MJ12bot/v1.4.8; http://mj12bot.com/)"
149.202.82.11 - - [09/Apr/2023:05:34:40 +0200] "GET /mani-the-lucky-cat-white-keychain-p-37429.html HTTP/1.0" 301 73556 "-" "Mozilla/5.0 (compatible; MJ12bot/v1.4.8; http://mj12bot.com/)"
157.90.181.206 - - [09/Apr/2023:05:34:43 +0200] "GET /table-lamps-c-86_286.html?page=14 HTTP/1.0" 200 94671 "-" "Mozilla/5.0 (compatible; BLEXBot/1.0; +http://webmeup-crawler.com/)"
149.202.82.11 - - [09/Apr/2023:05:34:46 +0200] "GET /mani-lucky-white-keychain-p-37429.html HTTP/1.0" 200 73464 "-" "Mozilla/5.0 (compatible; MJ12bot/v1.4.8; http://mj12bot.com/)"
149.202.82.11 - - [09/Apr/2023:05:34:52 +0200] "GET /mani-the-lucky-cat-white-keychain-p-37430.html HTTP/1.0" 301 73556 "-" "Mozilla/5.0 (compatible; MJ12bot/v1.4.8; http://mj12bot.com/)"
149.202.82.11 - - [09/Apr/2023:05:34:56 +0200] "GET /mani-lucky-white-keychain-p-37430.html HTTP/1.0" 200 73464 "-" "Mozilla/5.0 (compatible; MJ12bot/v1.4.8; http://mj12bot.com/)"
149.202.82.11 - - [09/Apr/2023:05:35:03 +0200] "GET /marble-look-resin-cavalier-chess-piece-p-59408.html HTTP/1.0" 200 77204 "-" "Mozilla/5.0 (compatible; MJ12bot/v1.4.8; http://mj12bot.com/)"
149.202.82.11 - - [09/Apr/2023:05:35:14 +0200] "GET /marble-look-resin-skull-figurine-p-53657.html HTTP/1.0" 200 73442 "-" "Mozilla/5.0 (compatible; MJ12bot/v1.4.8; http://mj12bot.com/)"
54.36.148.78 - - [09/Apr/2023:05:35:14 +0200] "GET /littlest-petshop-multicolour-swimsuit-p-30265.html HTTP/1.0" 200 77508 "-" "Mozilla/5.0 (compatible; AhrefsBot/7.0; +http://ahrefs.com/robot/)"
157.90.181.206 - - [09/Apr/2023:05:35:16 +0200] "GET /table-lamps-c-86_286.html?page=15 HTTP/1.0" 200 83081 "-" "Mozilla/5.0 (compatible; BLEXBot/1.0; +http://webmeup-crawler.com/)"
149.202.82.11 - - [09/Apr/2023:05:35:22 +0200] "GET /mareva-coated-tablecloth-grey-and-blue-p-51239.html HTTP/1.0" 301 76851 "-" "Mozilla/5.0 (compatible; MJ12bot/v1.4.8; http://mj12bot.com/)"
34.221.246.140 - - [09/Apr/2023:05:35:24 +0200] "GET /images/mini_prod/1384010205075.jpg HTTP/1.0" 200 269 "-" "Mozilla/5.0 (X11; Ubuntu; Linux x86_64; rv:72.0) Gecko/20100101 Firefox/72.0"
149.202.82.11 - - [09/Apr/2023:05:35:33 +0200] "GET /mareva-coated-tablecloth-grey-blue-p-51239.html HTTP/1.0" 200 76750 "-" "Mozilla/5.0 (compatible; MJ12bot/v1.4.8; http://mj12bot.com/)"
173.252.83.17 - - [09/Apr/2023:05:35:37 +0200] "GET /images/mini_prod/3609810083301.jpg HTTP/1.0" 200 269 "-" "facebookexternalhit/1.1 (+http://www.facebook.com/externalhit_uatext.php)"
149.202.82.11 - - [09/Apr/2023:05:35:38 +0200] "GET /mareva-coated-tablecloth-grey-blue-p-51239.html HTTP/1.0" 200 76750 "-" "Mozilla/5.0 (compatible; MJ12bot/v1.4.8; http://mj12bot.com/)"
157.90.181.206 - - [09/Apr/2023:05:35:49 +0200] "GET /table-lamps-c-86_286.html?page=16 HTTP/1.0" 200 83081 "-" "Mozilla/5.0 (compatible; BLEXBot/1.0; +http://webmeup-crawler.com/)"
131.107.147.185 - - [09/Apr/2023:05:36:12 +0200] "GET /images/mini_prod/8935770604696.jpg HTTP/1.0" 200 269 "-" "Mozilla/5.0 (X11; Ubuntu; Linux x86_64; rv:72.0) Gecko/20100101 Firefox/72.0"
157.90.181.206 - - [09/Apr/2023:05:36:20 +0200] "GET /table-loving-cats-p-53826.html HTTP/1.0" 200 76573 "-" "Mozilla/5.0 (compatible; BLEXBot/1.0; +http://webmeup-crawler.com/)"
173.252.83.23 - - [09/Apr/2023:05:36:25 +0200] "GET /images/mini_prod/00000000ba.jpg HTTP/1.0" 200 266 "-" "facebookexternalhit/1.1 (+http://www.facebook.com/externalhit_uatext.php)"
54.36.148.5 - - [09/Apr/2023:05:36:42 +0200] "GET /resin-photo-frame-little-prince-p-47068.html HTTP/1.0" 200 76116 "-" "Mozilla/5.0 (compatible; AhrefsBot/7.0; +http://ahrefs.com/robot/)"
157.90.181.206 - - [09/Apr/2023:05:36:54 +0200] "GET /table-stickers-p-59757.html HTTP/1.0" 200 76572 "-" "Mozilla/5.0 (compatible; BLEXBot/1.0; +http://webmeup-crawler.com/)"
95.108.213.148 - - [09/Apr/2023:05:37:13 +0200] "GET /charmmy-kitty-leggings-years-p-23548.html HTTP/1.0" 301 73391 "-" "Mozilla/5.0 (compatible; YandexBot/3.0; +http://yandex.com/bots)"
95.108.213.97 - - [09/Apr/2023:05:37:15 +0200] "GET /-p-23548.html HTTP/1.0" 200 73324 "-" "Mozilla/5.0 (compatible; YandexBot/3.0; +http://yandex.com/bots)"
157.90.181.206 - - [09/Apr/2023:05:37:28 +0200] "GET /tablecloths-c-11_176.html?page=1 HTTP/1.0" 200 93524 "-" "Mozilla/5.0 (compatible; BLEXBot/1.0; +http://webmeup-crawler.com/)"
114.119.147.71 - - [09/Apr/2023:05:37:45 +0200] "GET /thumbs-figurine-p-58166.html HTTP/1.0" 200 77639 "http://wonder-geek.com/" "Mozilla/5.0 (Linux; Android 7.0;) AppleWebKit/537.36 (KHTML, like Gecko) Mobile Safari/537.36 (compatible; PetalBot;+https://webmaster.petalsearch.com/site/petalbot)"
157.90.181.206 - - [09/Apr/2023:05:38:01 +0200] "GET /tables-c-13_206.html?page=1 HTTP/1.0" 200 92516 "-" "Mozilla/5.0 (compatible; BLEXBot/1.0; +http://webmeup-crawler.com/)"
54.175.65.197 - - [09/Apr/2023:05:38:11 +0200] "GET /images/mini_prod/3609810065154.jpg HTTP/1.0" 200 269 "-" "Mozilla/5.0 (X11; Ubuntu; Linux x86_64; rv:72.0) Gecko/20100101 Firefox/72.0"
54.36.148.132 - - [09/Apr/2023:05:38:11 +0200] "GET /kori-kumi-cover-ipad-mini-p-30488.html HTTP/1.0" 200 76159 "-" "Mozilla/5.0 (compatible; AhrefsBot/7.0; +http://ahrefs.com/robot/)"
66.249.64.200 - - [09/Apr/2023:05:38:34 +0200] "GET /create-your-top-model-design-studio-p-43040.html HTTP/1.0" 301 73391 "-" "Mozilla/5.0 (compatible; Googlebot/2.1; +http://www.google.com/bot.html)"
