37.187.73.123 - - [09/Apr/2023:06:14:00 +0200] "GET /-p-35627.html HTTP/1.0" 200 73324 "-" "Mozilla/5.0 (compatible; MJ12bot/v1.4.8; http://mj12bot.com/)"
37.187.73.123 - - [09/Apr/2023:06:14:03 +0200] "GET /-p-35775.html HTTP/1.0" 200 73324 "-" "Mozilla/5.0 (compatible; MJ12bot/v1.4.8; http://mj12bot.com/)"
37.187.73.123 - - [09/Apr/2023:06:14:06 +0200] "GET /-p-35829.html HTTP/1.0" 200 73324 "-" "Mozilla/5.0 (compatible; MJ12bot/v1.4.8; http://mj12bot.com/)"
37.187.73.123 - - [09/Apr/2023:06:14:08 +0200] "GET /-p-35845.html HTTP/1.0" 200 73324 "-" "Mozilla/5.0 (compatible; MJ12bot/v1.4.8; http://mj12bot.com/)"
37.187.73.123 - - [09/Apr/2023:06:14:11 +0200] "GET /-p-36037.html HTTP/1.0" 200 73324 "-" "Mozilla/5.0 (compatible; MJ12bot/v1.4.8; http://mj12bot.com/)"
37.187.73.123 - - [09/Apr/2023:06:14:14 +0200] "GET /-p-36052.html HTTP/1.0" 200 73324 "-" "Mozilla/5.0 (compatible; MJ12bot/v1.4.8; http://mj12bot.com/)"
37.187.73.123 - - [09/Apr/2023:06:14:16 +0200] "GET /-p-36079.html HTTP/1.0" 200 73324 "-" "Mozilla/5.0 (compatible; MJ12bot/v1.4.8; http://mj12bot.com/)"
37.187.73.123 - - [09/Apr/2023:06:14:19 +0200] "GET /-p-36080.html HTTP/1.0" 200 73324 "-" "Mozilla/5.0 (compatible; MJ12bot/v1.4.8; http://mj12bot.com/)"
37.187.73.123 - - [09/Apr/2023:06:14:22 +0200] "GET /-p-36098.html HTTP/1.0" 200 73324 "-" "Mozilla/5.0 (compatible; MJ12bot/v1.4.8; http://mj12bot.com/)"
37.187.73.123 - - [09/Apr/2023:06:14:24 +0200] "GET /-p-36099.html HTTP/1.0" 200 73324 "-" "Mozilla/5.0 (compatible; MJ12bot/v1.4.8; http://mj12bot.com/)"
157.90.181.206 - - [09/Apr/2023:06:14:25 +0200] "GET /tendresse-duvet-cover-washed-cotton-gauze-p-54431.html HTTP/1.0" 200 77623 "-" "Mozilla/5.0 (compatible; BLEXBot/1.0; +http://webmeup-crawler.com/)"
37.187.73.123 - - [09/Apr/2023:06:14:27 +0200] "GET /-p-36101.html HTTP/1.0" 200 73324 "-" "Mozilla/5.0 (compatible; MJ12bot/v1.4.8; http://mj12bot.com/)"
37.187.73.123 - - [09/Apr/2023:06:14:31 +0200] "GET /-p-36115.html HTTP/1.0" 200 73324 "-" "Mozilla/5.0 (compatible; MJ12bot/v1.4.8; http://mj12bot.com/)"
37.187.73.123 - - [09/Apr/2023:06:14:34 +0200] "GET /-p-36228.html HTTP/1.0" 200 73324 "-" "Mozilla/5.0 (compatible; MJ12bot/v1.4.8; http://mj12bot.com/)"
37.187.73.123 - - [09/Apr/2023:06:14:36 +0200] "GET /-p-36464.html HTTP/1.0" 200 73324 "-" "Mozilla/5.0 (compatible; MJ12bot/v1.4.8; http://mj12bot.com/)"
37.187.73.123 - - [09/Apr/2023:06:14:39 +0200] "GET /-p-36468.html HTTP/1.0" 200 73324 "-" "Mozilla/5.0 (compatible; MJ12bot/v1.4.8; http://mj12bot.com/)"
37.187.73.123 - - [09/Apr/2023:06:14:42 +0200] "GET /-p-36728.html HTTP/1.0" 200 73324 "-" "Mozilla/5.0 (compatible; MJ12bot/v1.4.8; http://mj12bot.com/)"
37.187.73.123 - - [09/Apr/2023:06:14:46 +0200] "GET /-p-36852.html HTTP/1.0" 200 73324 "-" "Mozilla/5.0 (compatible; MJ12bot/v1.4.8; http://mj12bot.com/)"
37.187.73.123 - - [09/Apr/2023:06:14:52 +0200] "GET /-p-36946.html HTTP/1.0" 200 73324 "-" "Mozilla/5.0 (compatible; MJ12bot/v1.4.8; http://mj12bot.com/)"
54.36.148.54 - - [09/Apr/2023:06:14:56 +0200] "GET /small-deco-jewelry-p-50218.html HTTP/1.0" 200 73402 "-" "Mozilla/5.0 (compatible; AhrefsBot/7.0; +http://ahrefs.com/robot/)"
37.187.73.123 - - [09/Apr/2023:06:14:57 +0200] "GET /-p-37017.html HTTP/1.0" 200 73324 "-" "Mozilla/5.0 (compatible; MJ12bot/v1.4.8; http://mj12bot.com/)"
157.90.181.206 - - [09/Apr/2023:06:14:59 +0200] "GET /tendresse-duvet-cover-washed-cotton-gauze-p-54432.html HTTP/1.0" 200 77623 "-" "Mozilla/5.0 (compatible; BLEXBot/1.0; +http://webmeup-crawler.com/)"
54.163.56.117 - - [09/Apr/2023:06:15:01 +0200] "GET /images/mini_prod/4500315900003.jpg HTTP/1.0" 200 269 "-" "Mozilla/5.0 (X11; Ubuntu; Linux x86_64; rv:72.0) Gecko/20100101 Firefox/72.0"
37.187.73.123 - - [09/Apr/2023:06:15:03 +0200] "GET /-p-37021.html HTTP/1.0" 200 73324 "-" "Mozilla/5.0 (compatible; MJ12bot/v1.4.8; http://mj12bot.com/)"
37.187.73.123 - - [09/Apr/2023:06:15:06 +0200] "GET /-p-37190.html HTTP/1.0" 200 73324 "-" "Mozilla/5.0 (compatible; MJ12bot/v1.4.8; http://mj12bot.com/)"
37.187.73.123 - - [09/Apr/2023:06:15:11 +0200] "GET /-p-37192.html HTTP/1.0" 200 73324 "-" "Mozilla/5.0 (compatible; MJ12bot/v1.4.8; http://mj12bot.com/)"
37.187.73.123 - - [09/Apr/2023:06:15:14 +0200] "GET /-p-37217.html HTTP/1.0" 200 73324 "-" "Mozilla/5.0 (compatible; MJ12bot/v1.4.8; http://mj12bot.com/)"
20.120.12.159 - - [09/Apr/2023:06:15:18 +0200] "GET /images/mini_prod/1399984233573.jpg HTTP/1.0" 200 269 "-" "Mozilla/5.0 (X11; Ubuntu; Linux x86_64; rv:72.0) Gecko/20100101 Firefox/72.0"
37.187.73.123 - - [09/Apr/2023:06:15:18 +0200] "GET /-p-37258.html HTTP/1.0" 200 73324 "-" "Mozilla/5.0 (compatible; MJ12bot/v1.4.8; http://mj12bot.com/)"
37.187.73.123 - - [09/Apr/2023:06:15:22 +0200] "GET /-p-37272.html HTTP/1.0" 200 73324 "-" "Mozilla/5.0 (compatible; MJ12bot/v1.4.8; http://mj12bot.com/)"
37.187.73.123 - - [09/Apr/2023:06:15:26 +0200] "GET /-p-37288.html HTTP/1.0" 200 73324 "-" "Mozilla/5.0 (compatible; MJ12bot/v1.4.8; http://mj12bot.com/)"
37.187.73.123 - - [09/Apr/2023:06:15:31 +0200] "GET /-p-37319.html HTTP/1.0" 200 73324 "-" "Mozilla/5.0 (compatible; MJ12bot/v1.4.8; http://mj12bot.com/)"
157.90.181.206 - - [09/Apr/2023:06:15:32 +0200] "GET /tendresse-pillowcase-washed-cotton-gauze-p-54452.html HTTP/1.0" 200 76896 "-" "Mozilla/5.0 (compatible; BLEXBot/1.0; +http://webmeup-crawler.com/)"
37.187.73.123 - - [09/Apr/2023:06:15:35 +0200] "GET /-p-37369.html HTTP/1.0" 200 73324 "-" "Mozilla/5.0 (compatible; MJ12bot/v1.4.8; http://mj12bot.com/)"
37.187.73.123 - - [09/Apr/2023:06:15:39 +0200] "GET /-p-37576.html HTTP/1.0" 200 73324 "-" "Mozilla/5.0 (compatible; MJ12bot/v1.4.8; http://mj12bot.com/)"
37.187.73.123 - - [09/Apr/2023:06:15:42 +0200] "GET /-p-37606.html HTTP/1.0" 200 73324 "-" "Mozilla/5.0 (compatible; MJ12bot/v1.4.8; http://mj12bot.com/)"
37.187.73.123 - - [09/Apr/2023:06:15:47 +0200] "GET /-p-37613.html HTTP/1.0" 200 73324 "-" "Mozilla/5.0 (compatible; MJ12bot/v1.4.8; http://mj12bot.com/)"
37.187.73.123 - - [09/Apr/2023:06:15:52 +0200] "GET /-p-37674.html HTTP/1.0" 200 73324 "-" "Mozilla/5.0 (compatible; MJ12bot/v1.4.8; http://mj12bot.com/)"
37.187.73.123 - - [09/Apr/2023:06:15:56 +0200] "GET /-p-37677.html HTTP/1.0" 200 73324 "-" "Mozilla/5.0 (compatible; MJ12bot/v1.4.8; http://mj12bot.com/)"
37.187.73.123 - - [09/Apr/2023:06:15:59 +0200] "GET /-p-37744.html HTTP/1.0" 200 73324 "-" "Mozilla/5.0 (compatible; MJ12bot/v1.4.8; http://mj12bot.com/)"
37.187.73.123 - - [09/Apr/2023:06:16:03 +0200] "GET /-p-37753.html HTTP/1.0" 200 73324 "-" "Mozilla/5.0 (compatible; MJ12bot/v1.4.8; http://mj12bot.com/)"
157.90.181.206 - - [09/Apr/2023:06:16:05 +0200] "GET /tendresse-pillowcase-washed-cotton-gauze-p-54454.html HTTP/1.0" 200 77366 "-" "Mozilla/5.0 (compatible; BLEXBot/1.0; +http://webmeup-crawler.com/)"
37.187.73.123 - - [09/Apr/2023:06:16:07 +0200] "GET /-p-37754.html HTTP/1.0" 200 73324 "-" "Mozilla/5.0 (compatible; MJ12bot/v1.4.8; http://mj12bot.com/)"
37.187.73.123 - - [09/Apr/2023:06:16:10 +0200] "GET /-p-37755.html HTTP/1.0" 200 73324 "-" "Mozilla/5.0 (compatible; MJ12bot/v1.4.8; http://mj12bot.com/)"
37.187.73.123 - - [09/Apr/2023:06:16:15 +0200] "GET /-p-38308.html HTTP/1.0" 200 73324 "-" "Mozilla/5.0 (compatible; MJ12bot/v1.4.8; http://mj12bot.com/)"
37.187.73.123 - - [09/Apr/2023:06:16:19 +0200] "GET /-p-38375.html HTTP/1.0" 200 73324 "-" "Mozilla/5.0 (compatible; MJ12bot/v1.4.8; http://mj12bot.com/)"
37.187.73.123 - - [09/Apr/2023:06:16:24 +0200] "GET /-p-38400.html HTTP/1.0" 200 73324 "-" "Mozilla/5.0 (compatible; MJ12bot/v1.4.8; http://mj12bot.com/)"
37.187.73.123 - - [09/Apr/2023:06:16:28 +0200] "GET /-p-38461.html HTTP/1.0" 200 73324 "-" "Mozilla/5.0 (compatible; MJ12bot/v1.4.8; http://mj12bot.com/)"
37.187.73.123 - - [09/Apr/2023:06:16:33 +0200] "GET /-p-38463.html HTTP/1.0" 200 73324 "-" "Mozilla/5.0 (compatible; MJ12bot/v1.4.8; http://mj12bot.com/)"
37.187.73.123 - - [09/Apr/2023:06:16:37 +0200] "GET /-p-38520.html HTTP/1.0" 200 73324 "-" "Mozilla/5.0 (compatible; MJ12bot/v1.4.8; http://mj12bot.com/)"
157.90.181.206 - - [09/Apr/2023:06:16:38 +0200] "GET /tendresse-pillowcase-washed-cotton-gauze-p-54455.html HTTP/1.0" 200 77366 "-" "Mozilla/5.0 (compatible; BLEXBot/1.0; +http://webmeup-crawler.com/)"
54.36.148.177 - - [09/Apr/2023:06:16:41 +0200] "GET /bonheur-dans-dish-cake-p-38243.html HTTP/1.0" 200 76040 "-" "Mozilla/5.0 (compatible; AhrefsBot/7.0; +http://ahrefs.com/robot/)"
37.187.73.123 - - [09/Apr/2023:06:16:41 +0200] "GET /-p-38545.html HTTP/1.0" 200 73324 "-" "Mozilla/5.0 (compatible; MJ12bot/v1.4.8; http://mj12bot.com/)"
37.187.73.123 - - [09/Apr/2023:06:16:45 +0200] "GET /-p-38546.html HTTP/1.0" 200 73324 "-" "Mozilla/5.0 (compatible; MJ12bot/v1.4.8; http://mj12bot.com/)"
107.20.1.87 - - [09/Apr/2023:06:16:49 +0200] "GET /images/mini_prod/8424001497430.jpg HTTP/1.0" 200 269 "-" "Mozilla/5.0 (X11; Ubuntu; Linux x86_64; rv:72.0) Gecko/20100101 Firefox/72.0"
37.187.73.123 - - [09/Apr/2023:06:16:48 +0200] "GET /-p-39116.html HTTP/1.0" 200 73324 "-" "Mozilla/5.0 (compatible; MJ12bot/v1.4.8; http://mj12bot.com/)"
37.187.73.123 - - [09/Apr/2023:06:16:52 +0200] "GET /-p-39117.html HTTP/1.0" 200 73324 "-" "Mozilla/5.0 (compatible; MJ12bot/v1.4.8; http://mj12bot.com/)"
37.187.73.123 - - [09/Apr/2023:06:16:55 +0200] "GET /-p-40247.html HTTP/1.0" 200 73324 "-" "Mozilla/5.0 (compatible; MJ12bot/v1.4.8; http://mj12bot.com/)"
37.187.73.123 - - [09/Apr/2023:06:17:00 +0200] "GET /-p-40980.html HTTP/1.0" 200 73324 "-" "Mozilla/5.0 (compatible; MJ12bot/v1.4.8; http://mj12bot.com/)"
37.187.73.123 - - [09/Apr/2023:06:17:06 +0200] "GET /-p-41054.html HTTP/1.0" 200 73324 "-" "Mozilla/5.0 (compatible; MJ12bot/v1.4.8; http://mj12bot.com/)"
173.252.83.117 - - [09/Apr/2023:06:17:08 +0200] "GET /images/mini_prod/3014627927913.jpg HTTP/1.0" 200 269 "-" "facebookexternalhit/1.1 (+http://www.facebook.com/externalhit_uatext.php)"
37.187.73.123 - - [09/Apr/2023:06:17:11 +0200] "GET /-p-41092.html HTTP/1.0" 200 73324 "-" "Mozilla/5.0 (compatible; MJ12bot/v1.4.8; http://mj12bot.com/)"
157.90.181.206 - - [09/Apr/2023:06:17:12 +0200] "GET /tennis-isothermic-stainless-steel-bottle-p-54537.html HTTP/1.0" 200 76108 "-" "Mozilla/5.0 (compatible; BLEXBot/1.0; +http://webmeup-crawler.com/)"
37.187.73.123 - - [09/Apr/2023:06:17:16 +0200] "GET /-p-4132.html HTTP/1.0" 200 73322 "-" "Mozilla/5.0 (compatible; MJ12bot/v1.4.8; http://mj12bot.com/)"
37.187.73.123 - - [09/Apr/2023:06:17:24 +0200] "GET /-p-42047.html HTTP/1.0" 200 73324 "-" "Mozilla/5.0 (compatible; MJ12bot/v1.4.8; http://mj12bot.com/)"
37.187.73.123 - - [09/Apr/2023:06:17:32 +0200] "GET /-p-42054.html HTTP/1.0" 200 73324 "-" "Mozilla/5.0 (compatible; MJ12bot/v1.4.8; http://mj12bot.com/)"
37.187.73.123 - - [09/Apr/2023:06:17:40 +0200] "GET /-p-42231.html HTTP/1.0" 200 73324 "-" "Mozilla/5.0 (compatible; MJ12bot/v1.4.8; http://mj12bot.com/)"
37.187.73.123 - - [09/Apr/2023:06:17:43 +0200] "GET /-p-42240.html HTTP/1.0" 200 73324 "-" "Mozilla/5.0 (compatible; MJ12bot/v1.4.8; http://mj12bot.com/)"
157.90.181.206 - - [09/Apr/2023:06:17:44 +0200] "GET /tennis-player-statuette-p-51567.html HTTP/1.0" 200 76007 "-" "Mozilla/5.0 (compatible; BLEXBot/1.0; +http://webmeup-crawler.com/)"
37.187.73.123 - - [09/Apr/2023:06:17:47 +0200] "GET /-p-42262.html HTTP/1.0" 200 73324 "-" "Mozilla/5.0 (compatible; MJ12bot/v1.4.8; http://mj12bot.com/)"
37.187.73.123 - - [09/Apr/2023:06:17:51 +0200] "GET /-p-42265.html HTTP/1.0" 200 73324 "-" "Mozilla/5.0 (compatible; MJ12bot/v1.4.8; http://mj12bot.com/)"
37.187.73.123 - - [09/Apr/2023:06:17:56 +0200] "GET /-p-42306.html HTTP/1.0" 200 73324 "-" "Mozilla/5.0 (compatible; MJ12bot/v1.4.8; http://mj12bot.com/)"
37.187.73.123 - - [09/Apr/2023:06:18:01 +0200] "GET /-p-42364.html HTTP/1.0" 200 73324 "-" "Mozilla/5.0 (compatible; MJ12bot/v1.4.8; http://mj12bot.com/)"
37.187.73.123 - - [09/Apr/2023:06:18:05 +0200] "GET /-p-42367.html HTTP/1.0" 200 73324 "-" "Mozilla/5.0 (compatible; MJ12bot/v1.4.8; http://mj12bot.com/)"
54.36.148.155 - - [09/Apr/2023:06:18:09 +0200] "GET /table-lamp-blue-matt-wood-p-41364.html HTTP/1.0" 200 76159 "-" "Mozilla/5.0 (compatible; AhrefsBot/7.0; +http://ahrefs.com/robot/)"
37.187.73.123 - - [09/Apr/2023:06:18:10 +0200] "GET /-p-42499.html HTTP/1.0" 200 73324 "-" "Mozilla/5.0 (compatible; MJ12bot/v1.4.8; http://mj12bot.com/)"
37.187.73.123 - - [09/Apr/2023:06:18:14 +0200] "GET /-p-42524.html HTTP/1.0" 200 73324 "-" "Mozilla/5.0 (compatible; MJ12bot/v1.4.8; http://mj12bot.com/)"
37.187.73.123 - - [09/Apr/2023:06:18:17 +0200] "GET /-p-42526.html HTTP/1.0" 200 73324 "-" "Mozilla/5.0 (compatible; MJ12bot/v1.4.8; http://mj12bot.com/)"
157.90.181.206 - - [09/Apr/2023:06:18:18 +0200] "GET /tennis-player-statuette-p-53057.html HTTP/1.0" 200 76011 "-" "Mozilla/5.0 (compatible; BLEXBot/1.0; +http://webmeup-crawler.com/)"
37.187.73.123 - - [09/Apr/2023:06:18:22 +0200] "GET /-p-43099.html HTTP/1.0" 200 73324 "-" "Mozilla/5.0 (compatible; MJ12bot/v1.4.8; http://mj12bot.com/)"
37.187.73.123 - - [09/Apr/2023:06:18:27 +0200] "GET /-p-43110.html HTTP/1.0" 200 73324 "-" "Mozilla/5.0 (compatible; MJ12bot/v1.4.8; http://mj12bot.com/)"
37.187.73.123 - - [09/Apr/2023:06:18:31 +0200] "GET /-p-44083.html HTTP/1.0" 200 73324 "-" "Mozilla/5.0 (compatible; MJ12bot/v1.4.8; http://mj12bot.com/)"
37.187.73.123 - - [09/Apr/2023:06:18:36 +0200] "GET /-p-44153.html HTTP/1.0" 200 73324 "-" "Mozilla/5.0 (compatible; MJ12bot/v1.4.8; http://mj12bot.com/)"
173.252.83.18 - - [09/Apr/2023:06:18:40 +0200] "GET /images/mini_prod/1300001473414.jpg HTTP/1.0" 200 269 "-" "facebookexternalhit/1.1 (+http://www.facebook.com/externalhit_uatext.php)"
37.187.73.123 - - [09/Apr/2023:06:18:41 +0200] "GET /-p-45896.html HTTP/1.0" 200 73324 "-" "Mozilla/5.0 (compatible; MJ12bot/v1.4.8; http://mj12bot.com/)"
37.187.73.123 - - [09/Apr/2023:06:18:46 +0200] "GET /-p-45972.html HTTP/1.0" 200 73324 "-" "Mozilla/5.0 (compatible; MJ12bot/v1.4.8; http://mj12bot.com/)"
37.187.73.123 - - [09/Apr/2023:06:18:49 +0200] "GET /-p-45974.html HTTP/1.0" 200 73324 "-" "Mozilla/5.0 (compatible; MJ12bot/v1.4.8; http://mj12bot.com/)"
157.90.181.206 - - [09/Apr/2023:06:18:51 +0200] "GET /tequila-coasters-p-51778.html HTTP/1.0" 200 75909 "-" "Mozilla/5.0 (compatible; BLEXBot/1.0; +http://webmeup-crawler.com/)"
66.249.64.198 - - [09/Apr/2023:06:18:52 +0200] "GET /alarm-clock-induction-charger-bubble-p-51765.html HTTP/1.0" 200 73458 "-" "Mozilla/5.0 (Linux; Android 6.0.1; Nexus 5X Build/MMB29P) AppleWebKit/537.36 (KHTML, like Gecko) Chrome/111.0.5563.146 Mobile Safari/537.36 (compatible; Googlebot/2.1; +http://www.google.com/bot.html)"
37.187.73.123 - - [09/Apr/2023:06:18:54 +0200] "GET /-p-46009.html HTTP/1.0" 200 73324 "-" "Mozilla/5.0 (compatible; MJ12bot/v1.4.8; http://mj12bot.com/)"
37.187.73.123 - - [09/Apr/2023:06:18:57 +0200] "GET /-p-46019.html HTTP/1.0" 200 73324 "-" "Mozilla/5.0 (compatible; MJ12bot/v1.4.8; http://mj12bot.com/)"
37.187.73.123 - - [09/Apr/2023:06:19:01 +0200] "GET /-p-46032.html HTTP/1.0" 200 73324 "-" "Mozilla/5.0 (compatible; MJ12bot/v1.4.8; http://mj12bot.com/)"
37.187.73.123 - - [09/Apr/2023:06:19:04 +0200] "GET /-p-46078.html HTTP/1.0" 200 73324 "-" "Mozilla/5.0 (compatible; MJ12bot/v1.4.8; http://mj12bot.com/)"
37.187.73.123 - - [09/Apr/2023:06:19:08 +0200] "GET /-p-46097.html HTTP/1.0" 200 73324 "-" "Mozilla/5.0 (compatible; MJ12bot/v1.4.8; http://mj12bot.com/)"
37.187.73.123 - - [09/Apr/2023:06:19:13 +0200] "GET /-p-46098.html HTTP/1.0" 200 73324 "-" "Mozilla/5.0 (compatible; MJ12bot/v1.4.8; http://mj12bot.com/)"
37.187.73.123 - - [09/Apr/2023:06:19:19 +0200] "GET /-p-46736.html HTTP/1.0" 200 73324 "-" "Mozilla/5.0 (compatible; MJ12bot/v1.4.8; http://mj12bot.com/)"
157.90.181.206 - - [09/Apr/2023:06:19:23 +0200] "GET /terracotta-army-warrior-head-p-59064.html HTTP/1.0" 200 76894 "-" "Mozilla/5.0 (compatible; BLEXBot/1.0; +http://webmeup-crawler.com/)"
37.187.73.123 - - [09/Apr/2023:06:19:24 +0200] "GET /-p-46757.html HTTP/1.0" 200 73324 "-" "Mozilla/5.0 (compatible; MJ12bot/v1.4.8; http://mj12bot.com/)"
17.241.75.31 - - [09/Apr/2023:06:19:28 +0200] "GET /images/mini_prod/8719075395370a.jpg HTTP/1.0" 200 270 "-" "Mozilla/5.0 (Macintosh; Intel Mac OS X 10_15_5) AppleWebKit/605.1.15 (KHTML, like Gecko) Version/13.1.1 Safari/605.1.15 (Applebot/0.1; +http://www.apple.com/go/applebot)"
37.187.73.123 - - [09/Apr/2023:06:19:27 +0200] "GET /-p-46763.html HTTP/1.0" 200 73324 "-" "Mozilla/5.0 (compatible; MJ12bot/v1.4.8; http://mj12bot.com/)"
37.187.73.123 - - [09/Apr/2023:06:19:32 +0200] "GET /-p-46764.html HTTP/1.0" 200 73324 "-" "Mozilla/5.0 (compatible; MJ12bot/v1.4.8; http://mj12bot.com/)"
37.187.73.123 - - [09/Apr/2023:06:19:38 +0200] "GET /-p-46782.html HTTP/1.0" 200 73324 "-" "Mozilla/5.0 (compatible; MJ12bot/v1.4.8; http://mj12bot.com/)"
37.187.73.123 - - [09/Apr/2023:06:19:43 +0200] "GET /-p-46826.html HTTP/1.0" 200 73324 "-" "Mozilla/5.0 (compatible; MJ12bot/v1.4.8; http://mj12bot.com/)"
37.187.73.123 - - [09/Apr/2023:06:19:45 +0200] "GET /-p-475.html HTTP/1.0" 200 73320 "-" "Mozilla/5.0 (compatible; MJ12bot/v1.4.8; http://mj12bot.com/)"
37.187.73.123 - - [09/Apr/2023:06:19:49 +0200] "GET /-p-48113.html HTTP/1.0" 200 73324 "-" "Mozilla/5.0 (compatible; MJ12bot/v1.4.8; http://mj12bot.com/)"
54.36.148.162 - - [09/Apr/2023:06:19:49 +0200] "GET /schott-backpack-college-navy-p-44958.html HTTP/1.0" 200 77064 "-" "Mozilla/5.0 (compatible; AhrefsBot/7.0; +http://ahrefs.com/robot/)"
37.187.73.123 - - [09/Apr/2023:06:19:52 +0200] "GET /-p-48114.html HTTP/1.0" 200 73324 "-" "Mozilla/5.0 (compatible; MJ12bot/v1.4.8; http://mj12bot.com/)"
37.187.73.123 - - [09/Apr/2023:06:19:56 +0200] "GET /-p-48122.html HTTP/1.0" 200 73324 "-" "Mozilla/5.0 (compatible; MJ12bot/v1.4.8; http://mj12bot.com/)"
157.90.181.206 - - [09/Apr/2023:06:19:56 +0200] "GET /terracotta-buddha-candle-holder-p-58703.html HTTP/1.0" 200 76937 "-" "Mozilla/5.0 (compatible; BLEXBot/1.0; +http://webmeup-crawler.com/)"
37.187.73.123 - - [09/Apr/2023:06:19:59 +0200] "GET /-p-48131.html HTTP/1.0" 200 73324 "-" "Mozilla/5.0 (compatible; MJ12bot/v1.4.8; http://mj12bot.com/)"
54.36.148.191 - - [09/Apr/2023:06:20:01 +0200] "GET /images/big_prod_1/b3662498031859.jpg HTTP/1.0" 200 271 "-" "Mozilla/5.0 (compatible; AhrefsBot/7.0; +http://ahrefs.com/robot/)"
54.36.148.237 - - [09/Apr/2023:06:20:01 +0200] "GET /images/big_prod_2/c3662498031859.jpg HTTP/1.0" 200 271 "-" "Mozilla/5.0 (compatible; AhrefsBot/7.0; +http://ahrefs.com/robot/)"
37.187.73.123 - - [09/Apr/2023:06:20:02 +0200] "GET /-p-48133.html HTTP/1.0" 200 73324 "-" "Mozilla/5.0 (compatible; MJ12bot/v1.4.8; http://mj12bot.com/)"
37.187.73.123 - - [09/Apr/2023:06:20:05 +0200] "GET /-p-48146.html HTTP/1.0" 200 73324 "-" "Mozilla/5.0 (compatible; MJ12bot/v1.4.8; http://mj12bot.com/)"
37.187.73.123 - - [09/Apr/2023:06:20:09 +0200] "GET /-p-48147.html HTTP/1.0" 200 73324 "-" "Mozilla/5.0 (compatible; MJ12bot/v1.4.8; http://mj12bot.com/)"
37.187.73.123 - - [09/Apr/2023:06:20:12 +0200] "GET /-p-48148.html HTTP/1.0" 200 73324 "-" "Mozilla/5.0 (compatible; MJ12bot/v1.4.8; http://mj12bot.com/)"
37.187.73.123 - - [09/Apr/2023:06:20:18 +0200] "GET /-p-48149.html HTTP/1.0" 200 73324 "-" "Mozilla/5.0 (compatible; MJ12bot/v1.4.8; http://mj12bot.com/)"
37.187.73.123 - - [09/Apr/2023:06:20:21 +0200] "GET /-p-48153.html HTTP/1.0" 200 73324 "-" "Mozilla/5.0 (compatible; MJ12bot/v1.4.8; http://mj12bot.com/)"
37.187.73.123 - - [09/Apr/2023:06:20:24 +0200] "GET /-p-48204.html HTTP/1.0" 200 73324 "-" "Mozilla/5.0 (compatible; MJ12bot/v1.4.8; http://mj12bot.com/)"
37.187.73.123 - - [09/Apr/2023:06:20:27 +0200] "GET /-p-48955.html HTTP/1.0" 200 73324 "-" "Mozilla/5.0 (compatible; MJ12bot/v1.4.8; http://mj12bot.com/)"
157.90.181.206 - - [09/Apr/2023:06:20:29 +0200] "GET /terracotta-buddha-candle-holder-p-58704.html HTTP/1.0" 200 77031 "-" "Mozilla/5.0 (compatible; BLEXBot/1.0; +http://webmeup-crawler.com/)"
37.187.73.123 - - [09/Apr/2023:06:20:31 +0200] "GET /-p-49041.html HTTP/1.0" 200 73324 "-" "Mozilla/5.0 (compatible; MJ12bot/v1.4.8; http://mj12bot.com/)"
37.187.73.123 - - [09/Apr/2023:06:20:34 +0200] "GET /-p-49107.html HTTP/1.0" 200 73324 "-" "Mozilla/5.0 (compatible; MJ12bot/v1.4.8; http://mj12bot.com/)"
37.187.73.123 - - [09/Apr/2023:06:20:38 +0200] "GET /-p-49119.html HTTP/1.0" 200 73324 "-" "Mozilla/5.0 (compatible; MJ12bot/v1.4.8; http://mj12bot.com/)"
18.223.111.105 - - [09/Apr/2023:06:20:43 +0200] "GET /images/mini_prod/3438100321232.jpg HTTP/1.0" 200 269 "-" "Mozilla/5.0 (X11; Ubuntu; Linux x86_64; rv:72.0) Gecko/20100101 Firefox/72.0"
37.187.73.123 - - [09/Apr/2023:06:20:43 +0200] "GET /-p-49120.html HTTP/1.0" 200 73324 "-" "Mozilla/5.0 (compatible; MJ12bot/v1.4.8; http://mj12bot.com/)"
17.241.227.49 - - [09/Apr/2023:06:20:44 +0200] "GET /images/mini_prod/1300000023627.jpg HTTP/1.0" 200 269 "-" "Mozilla/5.0 (Macintosh; Intel Mac OS X 10_15_5) AppleWebKit/605.1.15 (KHTML, like Gecko) Version/13.1.1 Safari/605.1.15 (Applebot/0.1; +http://www.apple.com/go/applebot)"
37.187.73.123 - - [09/Apr/2023:06:20:46 +0200] "GET /-p-5111.html HTTP/1.0" 200 73322 "-" "Mozilla/5.0 (compatible; MJ12bot/v1.4.8; http://mj12bot.com/)"
37.187.73.123 - - [09/Apr/2023:06:20:50 +0200] "GET /-p-51168.html HTTP/1.0" 200 73324 "-" "Mozilla/5.0 (compatible; MJ12bot/v1.4.8; http://mj12bot.com/)"
37.187.73.123 - - [09/Apr/2023:06:20:53 +0200] "GET /-p-51274.html HTTP/1.0" 200 73324 "-" "Mozilla/5.0 (compatible; MJ12bot/v1.4.8; http://mj12bot.com/)"
37.187.73.123 - - [09/Apr/2023:06:20:56 +0200] "GET /-p-5129.html HTTP/1.0" 200 73322 "-" "Mozilla/5.0 (compatible; MJ12bot/v1.4.8; http://mj12bot.com/)"
37.187.73.123 - - [09/Apr/2023:06:21:00 +0200] "GET /-p-51352.html HTTP/1.0" 200 73324 "-" "Mozilla/5.0 (compatible; MJ12bot/v1.4.8; http://mj12bot.com/)"
157.90.181.206 - - [09/Apr/2023:06:21:01 +0200] "GET /terracotta-feather-flower-p-51112.html HTTP/1.0" 200 76624 "-" "Mozilla/5.0 (compatible; BLEXBot/1.0; +http://webmeup-crawler.com/)"
37.187.73.123 - - [09/Apr/2023:06:21:04 +0200] "GET /-p-51389.html HTTP/1.0" 200 73324 "-" "Mozilla/5.0 (compatible; MJ12bot/v1.4.8; http://mj12bot.com/)"
37.187.73.123 - - [09/Apr/2023:06:21:08 +0200] "GET /-p-51390.html HTTP/1.0" 200 73324 "-" "Mozilla/5.0 (compatible; MJ12bot/v1.4.8; http://mj12bot.com/)"
37.187.73.123 - - [09/Apr/2023:06:21:12 +0200] "GET /-p-51796.html HTTP/1.0" 200 73324 "-" "Mozilla/5.0 (compatible; MJ12bot/v1.4.8; http://mj12bot.com/)"
37.187.73.123 - - [09/Apr/2023:06:21:15 +0200] "GET /-p-51876.html HTTP/1.0" 200 73324 "-" "Mozilla/5.0 (compatible; MJ12bot/v1.4.8; http://mj12bot.com/)"
37.187.73.123 - - [09/Apr/2023:06:21:20 +0200] "GET /-p-51877.html HTTP/1.0" 200 73324 "-" "Mozilla/5.0 (compatible; MJ12bot/v1.4.8; http://mj12bot.com/)"
37.187.73.123 - - [09/Apr/2023:06:21:24 +0200] "GET /-p-53278.html HTTP/1.0" 200 73324 "-" "Mozilla/5.0 (compatible; MJ12bot/v1.4.8; http://mj12bot.com/)"
54.36.148.107 - - [09/Apr/2023:06:21:26 +0200] "GET /collar-with-rhinestones-lighting-p-35684.html HTTP/1.0" 200 76170 "-" "Mozilla/5.0 (compatible; AhrefsBot/7.0; +http://ahrefs.com/robot/)"
37.187.73.123 - - [09/Apr/2023:06:21:28 +0200] "GET /-p-7714.html HTTP/1.0" 200 73322 "-" "Mozilla/5.0 (compatible; MJ12bot/v1.4.8; http://mj12bot.com/)"
37.187.73.123 - - [09/Apr/2023:06:21:32 +0200] "GET /-p-8262.html HTTP/1.0" 200 73322 "-" "Mozilla/5.0 (compatible; MJ12bot/v1.4.8; http://mj12bot.com/)"
157.90.181.206 - - [09/Apr/2023:06:21:34 +0200] "GET /terracotta-ginkgo-cover-green-p-55525.html HTTP/1.0" 200 76739 "-" "Mozilla/5.0 (compatible; BLEXBot/1.0; +http://webmeup-crawler.com/)"
37.187.73.123 - - [09/Apr/2023:06:21:37 +0200] "GET /-p-8886.html HTTP/1.0" 200 73322 "-" "Mozilla/5.0 (compatible; MJ12bot/v1.4.8; http://mj12bot.com/)"
37.187.73.123 - - [09/Apr/2023:06:21:40 +0200] "GET /-p-9040.html HTTP/1.0" 200 73322 "-" "Mozilla/5.0 (compatible; MJ12bot/v1.4.8; http://mj12bot.com/)"
37.187.73.123 - - [09/Apr/2023:06:21:45 +0200] "GET /africa-metal-capacity-p-55186.html HTTP/1.0" 200 76890 "-" "Mozilla/5.0 (compatible; MJ12bot/v1.4.8; http://mj12bot.com/)"
37.187.73.123 - - [09/Apr/2023:06:21:49 +0200] "GET /african-bust-planter-p-59478.html HTTP/1.0" 200 76726 "-" "Mozilla/5.0 (compatible; MJ12bot/v1.4.8; http://mj12bot.com/)"
173.252.83.3 - - [09/Apr/2023:06:21:54 +0200] "GET /images/mini_prod/8719497617425.jpg HTTP/1.0" 200 269 "-" "facebookexternalhit/1.1 (+http://www.facebook.com/externalhit_uatext.php)"
37.187.73.123 - - [09/Apr/2023:06:21:52 +0200] "GET /african-woman-bust-planter-p-59477.html HTTP/1.0" 200 76999 "-" "Mozilla/5.0 (compatible; MJ12bot/v1.4.8; http://mj12bot.com/)"
37.187.73.123 - - [09/Apr/2023:06:21:56 +0200] "GET /african-woman-decoration-p-55580.html HTTP/1.0" 200 73422 "-" "Mozilla/5.0 (compatible; MJ12bot/v1.4.8; http://mj12bot.com/)"
37.187.73.123 - - [09/Apr/2023:06:21:59 +0200] "GET /african-woman-decoration-p-55684.html HTTP/1.0" 200 73410 "-" "Mozilla/5.0 (compatible; MJ12bot/v1.4.8; http://mj12bot.com/)"
37.187.73.123 - - [09/Apr/2023:06:22:03 +0200] "GET /alarms-clocks-clocks-and-watches/alarms-clocks/bob-marley-yellow-alarm-clock-p-14119.html HTTP/1.0" 301 76136 "-" "Mozilla/5.0 (compatible; MJ12bot/v1.4.8; http://mj12bot.com/)"
157.90.181.206 - - [09/Apr/2023:06:22:07 +0200] "GET /terracotta-ginkgo-cover-p-55524.html HTTP/1.0" 200 76686 "-" "Mozilla/5.0 (compatible; BLEXBot/1.0; +http://webmeup-crawler.com/)"
37.187.73.123 - - [09/Apr/2023:06:22:09 +0200] "GET /marley-yellow-alarm-clock-p-14119.html HTTP/1.0" 200 76044 "-" "Mozilla/5.0 (compatible; MJ12bot/v1.4.8; http://mj12bot.com/)"
37.187.73.123 - - [09/Apr/2023:06:22:20 +0200] "GET /aphrodite-statuette-bronze-aspect-resin-p-53645.html HTTP/1.0" 200 76161 "-" "Mozilla/5.0 (compatible; MJ12bot/v1.4.8; http://mj12bot.com/)"
37.187.73.123 - - [09/Apr/2023:06:22:26 +0200] "GET /aphrodite-statuette-in-bronze-aspect-resin-p-53645.html HTTP/1.0" 301 76267 "-" "Mozilla/5.0 (compatible; MJ12bot/v1.4.8; http://mj12bot.com/)"
37.187.73.123 - - [09/Apr/2023:06:22:31 +0200] "GET /aphrodite-statuette-bronze-aspect-resin-p-53645.html HTTP/1.0" 200 76161 "-" "Mozilla/5.0 (compatible; MJ12bot/v1.4.8; http://mj12bot.com/)"
157.90.181.206 - - [09/Apr/2023:06:22:39 +0200] "GET /terracotta-ginkgo-cover-yellow-p-55526.html HTTP/1.0" 200 76745 "-" "Mozilla/5.0 (compatible; BLEXBot/1.0; +http://webmeup-crawler.com/)"
37.187.73.123 - - [09/Apr/2023:06:22:42 +0200] "GET /aujourd-hui-est-ton-jour-card-p-20049.html HTTP/1.0" 301 76174 "-" "Mozilla/5.0 (compatible; MJ12bot/v1.4.8; http://mj12bot.com/)"
37.187.73.123 - - [09/Apr/2023:06:22:45 +0200] "GET /aujourd-jour-card-p-20049.html HTTP/1.0" 200 76090 "-" "Mozilla/5.0 (compatible; MJ12bot/v1.4.8; http://mj12bot.com/)"
37.187.73.123 - - [09/Apr/2023:06:22:55 +0200] "GET /babouchka-table-lamp-light-pink-p-42364.html HTTP/1.0" 301 73391 "-" "Mozilla/5.0 (compatible; MJ12bot/v1.4.8; http://mj12bot.com/)"
37.187.73.123 - - [09/Apr/2023:06:23:00 +0200] "GET /-p-42364.html HTTP/1.0" 200 73324 "-" "Mozilla/5.0 (compatible; MJ12bot/v1.4.8; http://mj12bot.com/)"
54.36.148.77 - - [09/Apr/2023:06:23:04 +0200] "GET /mini-rectangular-tray-snowman-party-p-58501.html HTTP/1.0" 200 76744 "-" "Mozilla/5.0 (compatible; AhrefsBot/7.0; +http://ahrefs.com/robot/)"
54.36.149.84 - - [09/Apr/2023:06:23:07 +0200] "GET /images/big_prod_1/8712159181258a.jpg HTTP/1.0" 200 271 "-" "Mozilla/5.0 (compatible; AhrefsBot/7.0; +http://ahrefs.com/robot/)"
157.90.181.206 - - [09/Apr/2023:06:23:12 +0200] "GET /terracotta-piggy-bank-with-small-hammer-p-37733.html HTTP/1.0" 200 76776 "-" "Mozilla/5.0 (compatible; BLEXBot/1.0; +http://webmeup-crawler.com/)"
37.187.73.123 - - [09/Apr/2023:06:23:13 +0200] "GET /babouchka-table-lamp-silver-p-42367.html HTTP/1.0" 301 73391 "-" "Mozilla/5.0 (compatible; MJ12bot/v1.4.8; http://mj12bot.com/)"
37.187.73.123 - - [09/Apr/2023:06:23:20 +0200] "GET /-p-42367.html HTTP/1.0" 200 73324 "-" "Mozilla/5.0 (compatible; MJ12bot/v1.4.8; http://mj12bot.com/)"
40.77.167.169 - - [09/Apr/2023:06:23:21 +0200] "GET /indoor-fountains-c-13_272.html HTTP/1.0" 200 82969 "-" "Mozilla/5.0 AppleWebKit/537.36 (KHTML, like Gecko; compatible; bingbot/2.0; +http://www.bing.com/bingbot.htm) Chrome/103.0.5060.134 Safari/537.36"
37.187.73.123 - - [09/Apr/2023:06:23:29 +0200] "GET /bakugan-bowl-p-14008.html HTTP/1.0" 301 73391 "-" "Mozilla/5.0 (compatible; MJ12bot/v1.4.8; http://mj12bot.com/)"
38.32.70.139 - - [09/Apr/2023:06:23:35 +0200] "GET /images/mini_prod/1399980107755.jpg HTTP/1.0" 200 269 "-" "Mozilla/5.0 (X11; Ubuntu; Linux x86_64; rv:72.0) Gecko/20100101 Firefox/72.0"
37.187.73.123 - - [09/Apr/2023:06:23:35 +0200] "GET /-p-14008.html HTTP/1.0" 200 73324 "-" "Mozilla/5.0 (compatible; MJ12bot/v1.4.8; http://mj12bot.com/)"
66.249.64.200 - - [09/Apr/2023:06:23:36 +0200] "GET /just-the-right-shoe-ballerina-by-raine-p-33760.html HTTP/1.0" 301 73589 "-" "Mozilla/5.0 (Linux; Android 6.0.1; Nexus 5X Build/MMB29P) AppleWebKit/537.36 (KHTML, like Gecko) Chrome/111.0.5563.146 Mobile Safari/537.36 (compatible; Googlebot/2.1; +http://www.google.com/bot.html)"
66.249.64.200 - - [09/Apr/2023:06:23:39 +0200] "GET /just-right-shoe-ballerina-raine-p-33760.html HTTP/1.0" 200 73491 "-" "Mozilla/5.0 (Linux; Android 6.0.1; Nexus 5X Build/MMB29P) AppleWebKit/537.36 (KHTML, like Gecko) Chrome/111.0.5563.146 Mobile Safari/537.36 (compatible; Googlebot/2.1; +http://www.google.com/bot.html)"
157.90.181.206 - - [09/Apr/2023:06:23:46 +0200] "GET /terracotta-sandstone-lamp-p-58966.html HTTP/1.0" 200 76773 "-" "Mozilla/5.0 (compatible; BLEXBot/1.0; +http://webmeup-crawler.com/)"
37.187.73.123 - - [09/Apr/2023:06:23:46 +0200] "GET /baloo-grand-jester-studios-figure-collection-p-36228.html HTTP/1.0" 301 73391 "-" "Mozilla/5.0 (compatible; MJ12bot/v1.4.8; http://mj12bot.com/)"
38.32.70.139 - - [09/Apr/2023:06:23:49 +0200] "GET /images/mini_prod/8718375751039.jpg HTTP/1.0" 200 269 "-" "Mozilla/5.0 (X11; Ubuntu; Linux x86_64; rv:72.0) Gecko/20100101 Firefox/72.0"
37.187.73.123 - - [09/Apr/2023:06:23:54 +0200] "GET /-p-36228.html HTTP/1.0" 200 73324 "-" "Mozilla/5.0 (compatible; MJ12bot/v1.4.8; http://mj12bot.com/)"
37.187.73.123 - - [09/Apr/2023:06:24:02 +0200] "GET /bamboo-fiber-plant-cover-p-51273.html HTTP/1.0" 200 76575 "-" "Mozilla/5.0 (compatible; MJ12bot/v1.4.8; http://mj12bot.com/)"
37.187.73.123 - - [09/Apr/2023:06:24:12 +0200] "GET /bamboo-fiber-plant-cover-p-51274.html HTTP/1.0" 301 73391 "-" "Mozilla/5.0 (compatible; MJ12bot/v1.4.8; http://mj12bot.com/)"
66.249.64.200 - - [09/Apr/2023:06:24:18 +0200] "GET /votive-candle-stopover-in-the-mediterranean-p-44131.html HTTP/1.0" 301 73625 "-" "Mozilla/5.0 (compatible; Googlebot/2.1; +http://www.google.com/bot.html)"
157.90.181.206 - - [09/Apr/2023:06:24:19 +0200] "GET /terracotta-soldier-statuette-emperor-p-52432.html HTTP/1.0" 200 77061 "-" "Mozilla/5.0 (compatible; BLEXBot/1.0; +http://webmeup-crawler.com/)"
37.187.73.123 - - [09/Apr/2023:06:24:19 +0200] "GET /-p-51274.html HTTP/1.0" 200 73324 "-" "Mozilla/5.0 (compatible; MJ12bot/v1.4.8; http://mj12bot.com/)"
66.249.64.198 - - [09/Apr/2023:06:24:19 +0200] "GET /wicker-picnic-basket-with-dishes-p-42062.html HTTP/1.0" 200 73454 "-" "Mozilla/5.0 (compatible; Googlebot/2.1; +http://www.google.com/bot.html)"
192.169.107.255 - - [09/Apr/2023:06:24:22 +0200] "GET /images/mini_prod/3032160280258.jpg HTTP/1.0" 200 269 "-" "Mozilla/5.0 (X11; Ubuntu; Linux x86_64; rv:72.0) Gecko/20100101 Firefox/72.0"
66.249.64.198 - - [09/Apr/2023:06:24:22 +0200] "GET /votive-candle-stopover-mediterranean-p-44131.html HTTP/1.0" 200 73522 "-" "Mozilla/5.0 (compatible; Googlebot/2.1; +http://www.google.com/bot.html)"
37.187.73.123 - - [09/Apr/2023:06:24:26 +0200] "GET /barbabright-box-p-7714.html HTTP/1.0" 301 73388 "-" "Mozilla/5.0 (compatible; MJ12bot/v1.4.8; http://mj12bot.com/)"
3.34.5.131 - - [09/Apr/2023:06:24:29 +0200] "GET /contact_us.php HTTP/1.0" 200 26241 "http://www.wonder-geek.com/contact_us.php" "Mozilla/5.0 (Windows NT 10.0; Win64; x64) AppleWebKit/537.36 (KHTML, like Gecko) Chrome/90.0.4430.72 Safari/537.36"
216.244.66.242 - - [09/Apr/2023:06:24:29 +0200] "GET /flag-wooden-frame-p-32608.html HTTP/1.0" 200 76006 "-" "Mozilla/5.0 (compatible; DotBot/1.2; +https://opensiteexplorer.org/dotbot; help@moz.com)"
37.187.73.123 - - [09/Apr/2023:06:24:33 +0200] "GET /-p-7714.html HTTP/1.0" 200 73322 "-" "Mozilla/5.0 (compatible; MJ12bot/v1.4.8; http://mj12bot.com/)"
37.187.73.123 - - [09/Apr/2023:06:24:40 +0200] "GET /barbalala-box-p-23078.html HTTP/1.0" 301 73391 "-" "Mozilla/5.0 (compatible; MJ12bot/v1.4.8; http://mj12bot.com/)"
211.237.118.39 - - [09/Apr/2023:06:24:45 +0200] "GET /contact_us.php HTTP/1.0" 200 26241 "http://www.wonder-geek.com/contact_us.php" "Mozilla/5.0 (Windows NT 10.0; Win64; x64) AppleWebKit/537.36 (KHTML, like Gecko) Chrome/90.0.4430.72 Safari/537.36"
54.36.148.85 - - [09/Apr/2023:06:24:46 +0200] "GET /scented-candles-novenas-c-231_227.html?page=9 HTTP/1.0" 200 97391 "-" "Mozilla/5.0 (compatible; AhrefsBot/7.0; +http://ahrefs.com/robot/)"
211.237.118.39 - - [09/Apr/2023:06:24:47 +0200] "POST /contact_us.php?action=send HTTP/1.0" 200 26472 "http://www.wonder-geek.com/contact_us.php" "Mozilla/5.0 (Windows NT 10.0; Win64; x64) AppleWebKit/537.36 (KHTML, like Gecko) Chrome/90.0.4430.72 Safari/537.36"
54.36.148.193 - - [09/Apr/2023:06:24:50 +0200] "GET /images/mini_prod/5051276250175.jpg HTTP/1.0" 200 269 "-" "Mozilla/5.0 (compatible; AhrefsBot/7.0; +http://ahrefs.com/robot/)"
54.36.148.240 - - [09/Apr/2023:06:24:50 +0200] "GET /images/mini_prod/5051276388755.jpg HTTP/1.0" 200 269 "-" "Mozilla/5.0 (compatible; AhrefsBot/7.0; +http://ahrefs.com/robot/)"
37.187.73.123 - - [09/Apr/2023:06:24:49 +0200] "GET /-p-23078.html HTTP/1.0" 200 73324 "-" "Mozilla/5.0 (compatible; MJ12bot/v1.4.8; http://mj12bot.com/)"
54.36.149.12 - - [09/Apr/2023:06:24:50 +0200] "GET /images/mini_prod/5051276405186.jpg HTTP/1.0" 200 269 "-" "Mozilla/5.0 (compatible; AhrefsBot/7.0; +http://ahrefs.com/robot/)"
54.36.148.220 - - [09/Apr/2023:06:24:50 +0200] "GET /images/mini_prod/8712159171945.jpg HTTP/1.0" 200 269 "-" "Mozilla/5.0 (compatible; AhrefsBot/7.0; +http://ahrefs.com/robot/)"
54.36.148.134 - - [09/Apr/2023:06:24:50 +0200] "GET /images/mini_prod/5051276424262.jpg HTTP/1.0" 200 269 "-" "Mozilla/5.0 (compatible; AhrefsBot/7.0; +http://ahrefs.com/robot/)"
54.36.148.125 - - [09/Apr/2023:06:24:51 +0200] "GET /images/mini_prod/8424345319375.jpg HTTP/1.0" 200 269 "-" "Mozilla/5.0 (compatible; AhrefsBot/7.0; +http://ahrefs.com/robot/)"
54.36.148.26 - - [09/Apr/2023:06:24:51 +0200] "GET /images/mini_prod/8719497617128.jpg HTTP/1.0" 200 269 "-" "Mozilla/5.0 (compatible; AhrefsBot/7.0; +http://ahrefs.com/robot/)"
54.36.149.96 - - [09/Apr/2023:06:24:51 +0200] "GET /images/mini_prod/5051276424255.jpg HTTP/1.0" 200 269 "-" "Mozilla/5.0 (compatible; AhrefsBot/7.0; +http://ahrefs.com/robot/)"
157.90.181.206 - - [09/Apr/2023:06:24:52 +0200] "GET /terracotta-soldier-statuette-emperor-p-52437.html HTTP/1.0" 200 77296 "-" "Mozilla/5.0 (compatible; BLEXBot/1.0; +http://webmeup-crawler.com/)"
54.36.148.236 - - [09/Apr/2023:06:24:54 +0200] "GET /images/mini_prod/8719172838800.jpg HTTP/1.0" 200 269 "-" "Mozilla/5.0 (compatible; AhrefsBot/7.0; +http://ahrefs.com/robot/)"
54.36.148.145 - - [09/Apr/2023:06:24:54 +0200] "GET /images/mini_prod/5051276424279.jpg HTTP/1.0" 200 269 "-" "Mozilla/5.0 (compatible; AhrefsBot/7.0; +http://ahrefs.com/robot/)"
54.36.149.74 - - [09/Apr/2023:06:24:55 +0200] "GET /images/mini_prod/3770014725370.jpg HTTP/1.0" 200 269 "-" "Mozilla/5.0 (compatible; AhrefsBot/7.0; +http://ahrefs.com/robot/)"
54.36.149.68 - - [09/Apr/2023:06:24:55 +0200] "GET /images/mini_prod/5051276250182.jpg HTTP/1.0" 200 269 "-" "Mozilla/5.0 (compatible; AhrefsBot/7.0; +http://ahrefs.com/robot/)"
37.187.73.123 - - [09/Apr/2023:06:24:55 +0200] "GET /barbalib-figure-p-475.html HTTP/1.0" 301 73385 "-" "Mozilla/5.0 (compatible; MJ12bot/v1.4.8; http://mj12bot.com/)"
37.187.73.123 - - [09/Apr/2023:06:25:03 +0200] "GET /-p-475.html HTTP/1.0" 200 73320 "-" "Mozilla/5.0 (compatible; MJ12bot/v1.4.8; http://mj12bot.com/)"
37.187.73.123 - - [09/Apr/2023:06:25:13 +0200] "GET /barbecue-wooden-wall-decoration-hang-p-44740.html HTTP/1.0" 200 76199 "-" "Mozilla/5.0 (compatible; MJ12bot/v1.4.8; http://mj12bot.com/)"
37.187.73.123 - - [09/Apr/2023:06:25:29 +0200] "GET /barbecue-wooden-wall-decoration-to-hang-p-44740.html HTTP/1.0" 301 76302 "-" "Mozilla/5.0 (compatible; MJ12bot/v1.4.8; http://mj12bot.com/)"
157.90.181.206 - - [09/Apr/2023:06:25:31 +0200] "GET /tetsubin-black-gold-teapot-japanese-liter-p-38425.html HTTP/1.0" 200 76408 "-" "Mozilla/5.0 (compatible; BLEXBot/1.0; +http://webmeup-crawler.com/)"
131.107.1.214 - - [09/Apr/2023:06:25:36 +0200] "GET /images/mini_prod/3454231118800.jpg HTTP/1.0" 200 269 "-" "Mozilla/5.0 (X11; Ubuntu; Linux x86_64; rv:72.0) Gecko/20100101 Firefox/72.0"
37.187.73.123 - - [09/Apr/2023:06:25:37 +0200] "GET /barbecue-wooden-wall-decoration-hang-p-44740.html HTTP/1.0" 200 76199 "-" "Mozilla/5.0 (compatible; MJ12bot/v1.4.8; http://mj12bot.com/)"
37.187.73.123 - - [09/Apr/2023:06:25:43 +0200] "GET /barbecue-wooden-wall-decoration-to-hang-p-46097.html HTTP/1.0" 301 73391 "-" "Mozilla/5.0 (compatible; MJ12bot/v1.4.8; http://mj12bot.com/)"
37.187.73.123 - - [09/Apr/2023:06:25:53 +0200] "GET /-p-46097.html HTTP/1.0" 200 73324 "-" "Mozilla/5.0 (compatible; MJ12bot/v1.4.8; http://mj12bot.com/)"
37.187.73.123 - - [09/Apr/2023:06:26:03 +0200] "GET /barbecue-wooden-wall-decoration-to-hang-p-46098.html HTTP/1.0" 301 73391 "-" "Mozilla/5.0 (compatible; MJ12bot/v1.4.8; http://mj12bot.com/)"
157.90.181.206 - - [09/Apr/2023:06:26:04 +0200] "GET /tetsubin-black-teapot-japanese-liter-p-39977.html HTTP/1.0" 200 76348 "-" "Mozilla/5.0 (compatible; BLEXBot/1.0; +http://webmeup-crawler.com/)"
37.187.73.123 - - [09/Apr/2023:06:26:10 +0200] "GET /-p-46098.html HTTP/1.0" 200 73324 "-" "Mozilla/5.0 (compatible; MJ12bot/v1.4.8; http://mj12bot.com/)"
37.187.73.123 - - [09/Apr/2023:06:26:19 +0200] "GET /bart-simpsons-skate-mobile-sock-p-17483.html HTTP/1.0" 301 73391 "-" "Mozilla/5.0 (compatible; MJ12bot/v1.4.8; http://mj12bot.com/)"
37.187.73.123 - - [09/Apr/2023:06:26:23 +0200] "GET /-p-17483.html HTTP/1.0" 200 73324 "-" "Mozilla/5.0 (compatible; MJ12bot/v1.4.8; http://mj12bot.com/)"
54.36.149.44 - - [09/Apr/2023:06:26:24 +0200] "GET /white-polyester-chandelier-p-58373.html HTTP/1.0" 200 77286 "-" "Mozilla/5.0 (compatible; AhrefsBot/7.0; +http://ahrefs.com/robot/)"
54.36.149.85 - - [09/Apr/2023:06:26:28 +0200] "GET /images/big_prod/8424345932437.jpg HTTP/1.0" 200 268 "-" "Mozilla/5.0 (compatible; AhrefsBot/7.0; +http://ahrefs.com/robot/)"
54.36.148.51 - - [09/Apr/2023:06:26:28 +0200] "GET /images/big_prod_1/8424345932437A.jpg HTTP/1.0" 200 271 "-" "Mozilla/5.0 (compatible; AhrefsBot/7.0; +http://ahrefs.com/robot/)"
54.36.149.19 - - [09/Apr/2023:06:26:29 +0200] "GET /images/big_prod_2/8424345932437B.jpg HTTP/1.0" 200 271 "-" "Mozilla/5.0 (compatible; AhrefsBot/7.0; +http://ahrefs.com/robot/)"
54.36.148.64 - - [09/Apr/2023:06:26:32 +0200] "GET /images/big_prod_3/8424345932437C.jpg HTTP/1.0" 200 271 "-" "Mozilla/5.0 (compatible; AhrefsBot/7.0; +http://ahrefs.com/robot/)"
37.187.73.123 - - [09/Apr/2023:06:26:35 +0200] "GET /bart-simpsons-soccer-mobile-sock-p-17484.html HTTP/1.0" 301 73391 "-" "Mozilla/5.0 (compatible; MJ12bot/v1.4.8; http://mj12bot.com/)"
157.90.181.206 - - [09/Apr/2023:06:26:37 +0200] "GET /tetsubin-black-teapot-japanese-liter-p-40898.html HTTP/1.0" 200 76344 "-" "Mozilla/5.0 (compatible; BLEXBot/1.0; +http://webmeup-crawler.com/)"
131.107.1.214 - - [09/Apr/2023:06:26:44 +0200] "GET /images/mini_prod/3609810017108.jpg HTTP/1.0" 200 269 "-" "Mozilla/5.0 (X11; Ubuntu; Linux x86_64; rv:72.0) Gecko/20100101 Firefox/72.0"
37.187.73.123 - - [09/Apr/2023:06:26:44 +0200] "GET /-p-17484.html HTTP/1.0" 200 73324 "-" "Mozilla/5.0 (compatible; MJ12bot/v1.4.8; http://mj12bot.com/)"
37.187.73.123 - - [09/Apr/2023:06:26:51 +0200] "GET /batman-dark-knight-rises-poster-p-15740.html HTTP/1.0" 301 73391 "-" "Mozilla/5.0 (compatible; MJ12bot/v1.4.8; http://mj12bot.com/)"
37.187.73.123 - - [09/Apr/2023:06:26:57 +0200] "GET /-p-15740.html HTTP/1.0" 200 73324 "-" "Mozilla/5.0 (compatible; MJ12bot/v1.4.8; http://mj12bot.com/)"
37.187.73.123 - - [09/Apr/2023:06:27:06 +0200] "GET /batman-poster-p-30936.html HTTP/1.0" 301 73391 "-" "Mozilla/5.0 (compatible; MJ12bot/v1.4.8; http://mj12bot.com/)"
157.90.181.206 - - [09/Apr/2023:06:27:10 +0200] "GET /tetsubin-black-teapot-japanese-liter-p-56024.html HTTP/1.0" 200 76372 "-" "Mozilla/5.0 (compatible; BLEXBot/1.0; +http://webmeup-crawler.com/)"
37.187.73.123 - - [09/Apr/2023:06:27:13 +0200] "GET /-p-30936.html HTTP/1.0" 200 73324 "-" "Mozilla/5.0 (compatible; MJ12bot/v1.4.8; http://mj12bot.com/)"
51.68.224.127 - - [09/Apr/2023:06:27:21 +0200] "GET /adminweb/export_orders_xml.php?token=256de2z6edz6ed2z6DFSFsed2zed6zeDSFDSGdzedezfzf&maxorders=10&orderstart=1&status=14&start_date=2018-10-01 HTTP/1.0" 200 285 "-" "GesCom CharlotteBoutik Serveur"
51.68.224.127 - - [09/Apr/2023:06:27:21 +0200] "GET /adminweb/export_orders_xml.php?token=256de2z6edz6ed2z6DFSFsed2zed6zeDSFDSGdzedezfzf&maxorders=10&orderstart=1&status=6&start_date=2018-10-01 HTTP/1.0" 200 33887 "-" "GesCom CharlotteBoutik Serveur"
37.187.73.123 - - [09/Apr/2023:06:27:22 +0200] "GET /batman-the-dark-knight-rises-poster-p-15740.html HTTP/1.0" 301 73391 "-" "Mozilla/5.0 (compatible; MJ12bot/v1.4.8; http://mj12bot.com/)"
131.107.1.214 - - [09/Apr/2023:06:27:27 +0200] "GET /images/mini_prod/8422666661500.jpg HTTP/1.0" 200 269 "-" "Mozilla/5.0 (X11; Ubuntu; Linux x86_64; rv:72.0) Gecko/20100101 Firefox/72.0"
37.187.73.123 - - [09/Apr/2023:06:27:31 +0200] "GET /-p-15740.html HTTP/1.0" 200 73324 "-" "Mozilla/5.0 (compatible; MJ12bot/v1.4.8; http://mj12bot.com/)"
37.187.73.123 - - [09/Apr/2023:06:27:39 +0200] "GET /bbq-menu-wooden-wall-decoration-to-hang-p-44739.html HTTP/1.0" 301 73575 "-" "Mozilla/5.0 (compatible; MJ12bot/v1.4.8; http://mj12bot.com/)"
3.18.221.156 - - [09/Apr/2023:06:27:40 +0200] "GET /images/mini_prod/3296580363605.jpg HTTP/1.0" 200 269 "-" "Mozilla/5.0 (X11; Ubuntu; Linux x86_64; rv:72.0) Gecko/20100101 Firefox/72.0"
157.90.181.206 - - [09/Apr/2023:06:27:43 +0200] "GET /tetsubin-black-teapot-japanese-liter-p-56036.html HTTP/1.0" 200 76358 "-" "Mozilla/5.0 (compatible; BLEXBot/1.0; +http://webmeup-crawler.com/)"
37.187.73.123 - - [09/Apr/2023:06:27:47 +0200] "GET /menu-wooden-wall-decoration-hang-p-44739.html HTTP/1.0" 200 73476 "-" "Mozilla/5.0 (compatible; MJ12bot/v1.4.8; http://mj12bot.com/)"
37.187.73.123 - - [09/Apr/2023:06:27:56 +0200] "GET /beach-cabin-mini-rectangular-tray-p-54911.html HTTP/1.0" 200 76102 "-" "Mozilla/5.0 (compatible; MJ12bot/v1.4.8; http://mj12bot.com/)"
37.187.73.123 - - [09/Apr/2023:06:28:02 +0200] "GET /beach-campers-large-metal-plate-deco-p-36115.html HTTP/1.0" 301 73391 "-" "Mozilla/5.0 (compatible; MJ12bot/v1.4.8; http://mj12bot.com/)"
54.36.149.32 - - [09/Apr/2023:06:28:03 +0200] "GET /cushion-cherry-pits-p-54265.html HTTP/1.0" 200 76684 "-" "Mozilla/5.0 (compatible; AhrefsBot/7.0; +http://ahrefs.com/robot/)"
54.36.149.104 - - [09/Apr/2023:06:28:06 +0200] "GET /images/big_prod_1/3700572749624C.jpg HTTP/1.0" 200 271 "-" "Mozilla/5.0 (compatible; AhrefsBot/7.0; +http://ahrefs.com/robot/)"
37.187.73.123 - - [09/Apr/2023:06:28:10 +0200] "GET /-p-36115.html HTTP/1.0" 200 73324 "-" "Mozilla/5.0 (compatible; MJ12bot/v1.4.8; http://mj12bot.com/)"
37.187.73.123 - - [09/Apr/2023:06:28:15 +0200] "GET /beach-metal-plate-deco-p-34326.html HTTP/1.0" 200 73407 "-" "Mozilla/5.0 (compatible; MJ12bot/v1.4.8; http://mj12bot.com/)"
157.90.181.206 - - [09/Apr/2023:06:28:15 +0200] "GET /tetsubin-bleu-teapot-japanese-liter-p-41376.html HTTP/1.0" 200 76295 "-" "Mozilla/5.0 (compatible; BLEXBot/1.0; +http://webmeup-crawler.com/)"
37.187.73.123 - - [09/Apr/2023:06:28:28 +0200] "GET /bear-plush-26-cm-p-25888.html HTTP/1.0" 301 76083 "-" "Mozilla/5.0 (compatible; MJ12bot/v1.4.8; http://mj12bot.com/)"
37.187.73.123 - - [09/Apr/2023:06:28:35 +0200] "GET /bear-plush-p-25888.html HTTP/1.0" 200 76006 "-" "Mozilla/5.0 (compatible; MJ12bot/v1.4.8; http://mj12bot.com/)"
95.216.172.175 - - [09/Apr/2023:06:28:38 +0200] "GET /contact_us.php HTTP/1.0" 200 26241 "http://www.wonder-geek.com/contact_us.php" "Mozilla/5.0 (Windows NT 6.1) AppleWebKit/537.36 (KHTML, like Gecko) Chrome/90.0.4430.93 Safari/537.36"
95.216.172.175 - - [09/Apr/2023:06:28:40 +0200] "POST /contact_us.php?action=send HTTP/1.0" 200 26481 "http://www.wonder-geek.com/contact_us.php" "Mozilla/5.0 (Windows NT 6.1) AppleWebKit/537.36 (KHTML, like Gecko) Chrome/90.0.4430.93 Safari/537.36"
37.187.73.123 - - [09/Apr/2023:06:28:42 +0200] "GET /bear-plush-p-25888.html HTTP/1.0" 200 76006 "-" "Mozilla/5.0 (compatible; MJ12bot/v1.4.8; http://mj12bot.com/)"
37.187.73.123 - - [09/Apr/2023:06:28:47 +0200] "GET /bear-potholder-and-glove-set-laissez-lucie-faire-p-42231.html HTTP/1.0" 301 73391 "-" "Mozilla/5.0 (compatible; MJ12bot/v1.4.8; http://mj12bot.com/)"
157.90.181.206 - - [09/Apr/2023:06:28:48 +0200] "GET /tetsubin-bleu-teapot-japanese-liter-p-56040.html HTTP/1.0" 200 76297 "-" "Mozilla/5.0 (compatible; BLEXBot/1.0; +http://webmeup-crawler.com/)"
37.187.73.123 - - [09/Apr/2023:06:28:50 +0200] "GET /-p-42231.html HTTP/1.0" 200 73324 "-" "Mozilla/5.0 (compatible; MJ12bot/v1.4.8; http://mj12bot.com/)"
37.187.73.123 - - [09/Apr/2023:06:28:53 +0200] "GET /bear-potholder-glove-laissez-lucie-faire-p-42231.html HTTP/1.0" 301 73391 "-" "Mozilla/5.0 (compatible; MJ12bot/v1.4.8; http://mj12bot.com/)"
37.187.73.123 - - [09/Apr/2023:06:28:57 +0200] "GET /-p-42231.html HTTP/1.0" 200 73324 "-" "Mozilla/5.0 (compatible; MJ12bot/v1.4.8; http://mj12bot.com/)"
66.249.64.202 - - [09/Apr/2023:06:29:00 +0200] "GET /provence-soap-lavander-p-39124.html HTTP/1.0" 200 76286 "-" "Mozilla/5.0 (compatible; Googlebot/2.1; +http://www.google.com/bot.html)"
37.187.73.123 - - [09/Apr/2023:06:29:02 +0200] "GET /beatles-box-p-28457.html HTTP/1.0" 301 73391 "-" "Mozilla/5.0 (compatible; MJ12bot/v1.4.8; http://mj12bot.com/)"
37.187.73.123 - - [09/Apr/2023:06:29:05 +0200] "GET /-p-28457.html HTTP/1.0" 200 73324 "-" "Mozilla/5.0 (compatible; MJ12bot/v1.4.8; http://mj12bot.com/)"
37.187.73.123 - - [09/Apr/2023:06:29:09 +0200] "GET /beatles-box-p-4132.html HTTP/1.0" 301 73388 "-" "Mozilla/5.0 (compatible; MJ12bot/v1.4.8; http://mj12bot.com/)"
37.187.73.123 - - [09/Apr/2023:06:29:13 +0200] "GET /-p-4132.html HTTP/1.0" 200 73322 "-" "Mozilla/5.0 (compatible; MJ12bot/v1.4.8; http://mj12bot.com/)"
37.187.73.123 - - [09/Apr/2023:06:29:17 +0200] "GET /beatles-box-p-5129.html HTTP/1.0" 301 73388 "-" "Mozilla/5.0 (compatible; MJ12bot/v1.4.8; http://mj12bot.com/)"
37.187.73.123 - - [09/Apr/2023:06:29:20 +0200] "GET /-p-5129.html HTTP/1.0" 200 73322 "-" "Mozilla/5.0 (compatible; MJ12bot/v1.4.8; http://mj12bot.com/)"
157.90.181.206 - - [09/Apr/2023:06:29:21 +0200] "GET /tetsubin-blue-green-teapot-japanese-liter-p-56021.html HTTP/1.0" 200 77038 "-" "Mozilla/5.0 (compatible; BLEXBot/1.0; +http://webmeup-crawler.com/)"
37.187.73.123 - - [09/Apr/2023:06:29:24 +0200] "GET /beatles-box-p-8886.html HTTP/1.0" 301 73388 "-" "Mozilla/5.0 (compatible; MJ12bot/v1.4.8; http://mj12bot.com/)"
37.187.73.123 - - [09/Apr/2023:06:29:28 +0200] "GET /-p-8886.html HTTP/1.0" 200 73322 "-" "Mozilla/5.0 (compatible; MJ12bot/v1.4.8; http://mj12bot.com/)"
37.187.73.123 - - [09/Apr/2023:06:29:30 +0200] "GET /beatles-help-metal-magnet-p-10806.html HTTP/1.0" 200 75921 "-" "Mozilla/5.0 (compatible; MJ12bot/v1.4.8; http://mj12bot.com/)"
37.187.73.123 - - [09/Apr/2023:06:29:33 +0200] "GET /beatles-let-it-be-metal-magnet-p-10810.html HTTP/1.0" 301 73391 "-" "Mozilla/5.0 (compatible; MJ12bot/v1.4.8; http://mj12bot.com/)"
37.187.73.123 - - [09/Apr/2023:06:29:37 +0200] "GET /-p-10810.html HTTP/1.0" 200 73324 "-" "Mozilla/5.0 (compatible; MJ12bot/v1.4.8; http://mj12bot.com/)"
147.160.184.121 - - [09/Apr/2023:06:29:38 +0200] "GET /images/mini_prod/3681643100752.jpg HTTP/1.0" 200 269 "-" "Mozilla/5.0 (X11; Ubuntu; Linux x86_64; rv:72.0) Gecko/20100101 Firefox/72.0"
54.36.149.12 - - [09/Apr/2023:06:29:39 +0200] "GET /decorative-hanging-plate-p-59546.html HTTP/1.0" 200 76571 "-" "Mozilla/5.0 (compatible; AhrefsBot/7.0; +http://ahrefs.com/robot/)"
37.187.73.123 - - [09/Apr/2023:06:29:40 +0200] "GET /beatles-logo-metal-magnet-p-10808.html HTTP/1.0" 200 75921 "-" "Mozilla/5.0 (compatible; MJ12bot/v1.4.8; http://mj12bot.com/)"
54.36.148.138 - - [09/Apr/2023:06:29:42 +0200] "GET /images/big_prod/3700281670875.jpg HTTP/1.0" 200 268 "-" "Mozilla/5.0 (compatible; AhrefsBot/7.0; +http://ahrefs.com/robot/)"
37.187.73.123 - - [09/Apr/2023:06:29:43 +0200] "GET /beatles-metal-magnet-p-10810.html HTTP/1.0" 301 73391 "-" "Mozilla/5.0 (compatible; MJ12bot/v1.4.8; http://mj12bot.com/)"
52.167.144.31 - - [09/Apr/2023:06:29:43 +0200] "GET /hello-kitty-stamp-p-6585.html HTTP/1.0" 200 73416 "-" "Mozilla/5.0 AppleWebKit/537.36 (KHTML, like Gecko; compatible; bingbot/2.0; +http://www.bing.com/bingbot.htm) Chrome/103.0.5060.134 Safari/537.36"
37.187.73.123 - - [09/Apr/2023:06:29:46 +0200] "GET /-p-10810.html HTTP/1.0" 200 73324 "-" "Mozilla/5.0 (compatible; MJ12bot/v1.4.8; http://mj12bot.com/)"
37.187.73.123 - - [09/Apr/2023:06:29:49 +0200] "GET /beatles-p-4132.html HTTP/1.0" 301 73388 "-" "Mozilla/5.0 (compatible; MJ12bot/v1.4.8; http://mj12bot.com/)"
37.187.73.123 - - [09/Apr/2023:06:29:52 +0200] "GET /-p-4132.html HTTP/1.0" 200 73322 "-" "Mozilla/5.0 (compatible; MJ12bot/v1.4.8; http://mj12bot.com/)"
3.144.120.163 - - [09/Apr/2023:06:29:54 +0200] "GET /images/mini_prod/4036113830810.jpg HTTP/1.0" 200 269 "-" "Mozilla/5.0 (X11; Ubuntu; Linux x86_64; rv:72.0) Gecko/20100101 Firefox/72.0"
157.90.181.206 - - [09/Apr/2023:06:29:54 +0200] "GET /tetsubin-blue-teapot-japanese-liter-p-57316.html HTTP/1.0" 200 76327 "-" "Mozilla/5.0 (compatible; BLEXBot/1.0; +http://webmeup-crawler.com/)"
