65.108.227.178 - - [09/Apr/2023:05:11:03 +0200] "GET /stade-toulousain-black-bowl-p-43110.html HTTP/1.0" 301 73391 "-" "Mozilla/5.0 (compatible; MJ12bot/v1.4.8; http://mj12bot.com/)"
65.108.227.178 - - [09/Apr/2023:05:11:07 +0200] "GET /-p-43110.html HTTP/1.0" 200 73324 "-" "Mozilla/5.0 (compatible; MJ12bot/v1.4.8; http://mj12bot.com/)"
34.67.229.243 - - [09/Apr/2023:05:11:09 +0200] "GET /images/mini_prod/3660173163628.jpg HTTP/1.0" 200 269 "-" "python-requests/2.28.0"
149.202.82.11 - - [09/Apr/2023:05:11:09 +0200] "GET /large-lion-statue-p-55723.html HTTP/1.0" 200 73382 "-" "Mozilla/5.0 (compatible; MJ12bot/v1.4.8; http://mj12bot.com/)"
65.108.227.178 - - [09/Apr/2023:05:11:12 +0200] "GET /star-wars-bb8-clock-24-cm-p-35775.html HTTP/1.0" 301 73391 "-" "Mozilla/5.0 (compatible; MJ12bot/v1.4.8; http://mj12bot.com/)"
65.108.227.178 - - [09/Apr/2023:05:11:16 +0200] "GET /-p-35775.html HTTP/1.0" 200 73324 "-" "Mozilla/5.0 (compatible; MJ12bot/v1.4.8; http://mj12bot.com/)"
173.252.83.22 - - [09/Apr/2023:05:11:19 +0200] "GET /images/mini_prod/Soustasseusa.jpg HTTP/1.0" 200 268 "-" "facebookexternalhit/1.1 (+http://www.facebook.com/externalhit_uatext.php)"
157.90.181.206 - - [09/Apr/2023:05:11:18 +0200] "GET /support-metal-bottle-truck-p-54986.html HTTP/1.0" 200 76916 "-" "Mozilla/5.0 (compatible; BLEXBot/1.0; +http://webmeup-crawler.com/)"
149.202.82.11 - - [09/Apr/2023:05:11:18 +0200] "GET /large-mango-wood-box-white-paint-and-rhinestones-25cm-p-46736.html HTTP/1.0" 301 73391 "-" "Mozilla/5.0 (compatible; MJ12bot/v1.4.8; http://mj12bot.com/)"
65.108.227.178 - - [09/Apr/2023:05:11:21 +0200] "GET /star-wars-chewbacca-keyring-p-32337.html HTTP/1.0" 200 73422 "-" "Mozilla/5.0 (compatible; MJ12bot/v1.4.8; http://mj12bot.com/)"
149.202.82.11 - - [09/Apr/2023:05:11:24 +0200] "GET /-p-46736.html HTTP/1.0" 200 73324 "-" "Mozilla/5.0 (compatible; MJ12bot/v1.4.8; http://mj12bot.com/)"
65.108.227.178 - - [09/Apr/2023:05:11:25 +0200] "GET /star-wars-clock-p-35775.html HTTP/1.0" 301 73391 "-" "Mozilla/5.0 (compatible; MJ12bot/v1.4.8; http://mj12bot.com/)"
65.108.227.178 - - [09/Apr/2023:05:11:30 +0200] "GET /-p-35775.html HTTP/1.0" 200 73324 "-" "Mozilla/5.0 (compatible; MJ12bot/v1.4.8; http://mj12bot.com/)"
65.108.227.178 - - [09/Apr/2023:05:11:33 +0200] "GET /star-wars-darth-vader-cushion-p-34017.html HTTP/1.0" 301 73391 "-" "Mozilla/5.0 (compatible; MJ12bot/v1.4.8; http://mj12bot.com/)"
149.202.82.11 - - [09/Apr/2023:05:11:36 +0200] "GET /large-mango-wood-white-paint-rhinestones-25cm-p-46736.html HTTP/1.0" 301 73391 "-" "Mozilla/5.0 (compatible; MJ12bot/v1.4.8; http://mj12bot.com/)"
65.108.227.178 - - [09/Apr/2023:05:11:38 +0200] "GET /-p-34017.html HTTP/1.0" 200 73324 "-" "Mozilla/5.0 (compatible; MJ12bot/v1.4.8; http://mj12bot.com/)"
65.108.227.178 - - [09/Apr/2023:05:11:41 +0200] "GET /star-wars-vader-cushion-p-34015.html HTTP/1.0" 301 73391 "-" "Mozilla/5.0 (compatible; MJ12bot/v1.4.8; http://mj12bot.com/)"
65.108.227.178 - - [09/Apr/2023:05:11:45 +0200] "GET /-p-34015.html HTTP/1.0" 200 73324 "-" "Mozilla/5.0 (compatible; MJ12bot/v1.4.8; http://mj12bot.com/)"
149.202.82.11 - - [09/Apr/2023:05:11:45 +0200] "GET /-p-46736.html HTTP/1.0" 200 73324 "-" "Mozilla/5.0 (compatible; MJ12bot/v1.4.8; http://mj12bot.com/)"
66.249.64.200 - - [09/Apr/2023:05:11:47 +0200] "GET /lisboa-tea-pot-p-47119.html HTTP/1.0" 301 73427 "-" "Mozilla/5.0 (compatible; Googlebot/2.1; +http://www.google.com/bot.html)"
66.249.64.198 - - [09/Apr/2023:05:11:49 +0200] "GET /lisboa-p-47119.html HTTP/1.0" 200 73354 "-" "Mozilla/5.0 (compatible; Googlebot/2.1; +http://www.google.com/bot.html)"
149.202.82.11 - - [09/Apr/2023:05:11:50 +0200] "GET /large-p-40275.html HTTP/1.0" 200 76011 "-" "Mozilla/5.0 (compatible; MJ12bot/v1.4.8; http://mj12bot.com/)"
65.108.227.178 - - [09/Apr/2023:05:11:50 +0200] "GET /star-wars-yoda-cushion-p-34018.html HTTP/1.0" 301 73391 "-" "Mozilla/5.0 (compatible; MJ12bot/v1.4.8; http://mj12bot.com/)"
157.90.181.206 - - [09/Apr/2023:05:11:51 +0200] "GET /support-metal-bottle-winegrower-p-39634.html HTTP/1.0" 200 76136 "-" "Mozilla/5.0 (compatible; BLEXBot/1.0; +http://webmeup-crawler.com/)"
65.108.227.178 - - [09/Apr/2023:05:11:56 +0200] "GET /-p-34018.html HTTP/1.0" 200 73324 "-" "Mozilla/5.0 (compatible; MJ12bot/v1.4.8; http://mj12bot.com/)"
149.202.82.11 - - [09/Apr/2023:05:11:57 +0200] "GET /large-porcelain-bowl-botanic-p-51796.html HTTP/1.0" 301 73391 "-" "Mozilla/5.0 (compatible; MJ12bot/v1.4.8; http://mj12bot.com/)"
65.108.227.178 - - [09/Apr/2023:05:12:01 +0200] "GET /statue-decorating-catistic-lying-cat-p-37143.html HTTP/1.0" 301 73549 "-" "Mozilla/5.0 (compatible; MJ12bot/v1.4.8; http://mj12bot.com/)"
149.202.82.11 - - [09/Apr/2023:05:12:04 +0200] "GET /-p-51796.html HTTP/1.0" 200 73324 "-" "Mozilla/5.0 (compatible; MJ12bot/v1.4.8; http://mj12bot.com/)"
65.108.227.178 - - [09/Apr/2023:05:12:05 +0200] "GET /statue-decorating-catistic-lying-p-37143.html HTTP/1.0" 200 73450 "-" "Mozilla/5.0 (compatible; MJ12bot/v1.4.8; http://mj12bot.com/)"
130.44.215.122 - - [09/Apr/2023:05:12:09 +0200] "GET /images/mini_prod/8003990631829.jpg HTTP/1.0" 200 269 "-" "Mozilla/5.0 (X11; Ubuntu; Linux x86_64; rv:72.0) Gecko/20100101 Firefox/72.0"
65.108.227.178 - - [09/Apr/2023:05:12:09 +0200] "GET /statue-decorating-catistic-lying-p-37143.html HTTP/1.0" 200 73450 "-" "Mozilla/5.0 (compatible; MJ12bot/v1.4.8; http://mj12bot.com/)"
149.202.82.11 - - [09/Apr/2023:05:12:13 +0200] "GET /large-resin-gorilla-statuette-p-55669.html HTTP/1.0" 200 73431 "-" "Mozilla/5.0 (compatible; MJ12bot/v1.4.8; http://mj12bot.com/)"
65.108.227.178 - - [09/Apr/2023:05:12:15 +0200] "GET /statue-the-white-bear-of-francois-pompon-11-21-cm-p-44147.html HTTP/1.0" 301 77327 "-" "Mozilla/5.0 (compatible; MJ12bot/v1.4.8; http://mj12bot.com/)"
65.108.227.178 - - [09/Apr/2023:05:12:19 +0200] "GET /statue-white-bear-franois-pompon-p-44147.html HTTP/1.0" 200 77228 "-" "Mozilla/5.0 (compatible; MJ12bot/v1.4.8; http://mj12bot.com/)"
149.202.82.11 - - [09/Apr/2023:05:12:22 +0200] "GET /large-resin-statue-giraffes-57-cm-p-48277.html HTTP/1.0" 301 73528 "-" "Mozilla/5.0 (compatible; MJ12bot/v1.4.8; http://mj12bot.com/)"
65.108.227.178 - - [09/Apr/2023:05:12:22 +0200] "GET /statue-white-bear-franois-pompon-p-44147.html HTTP/1.0" 200 77228 "-" "Mozilla/5.0 (compatible; MJ12bot/v1.4.8; http://mj12bot.com/)"
157.90.181.206 - - [09/Apr/2023:05:12:25 +0200] "GET /surf-amazing-wooden-wall-decoration-hang-p-41392.html HTTP/1.0" 200 76218 "-" "Mozilla/5.0 (compatible; BLEXBot/1.0; +http://webmeup-crawler.com/)"
65.108.227.178 - - [09/Apr/2023:05:12:26 +0200] "GET /stitch-figurine-by-romero-britto-p-33575.html HTTP/1.0" 301 73391 "-" "Mozilla/5.0 (compatible; MJ12bot/v1.4.8; http://mj12bot.com/)"
65.108.227.178 - - [09/Apr/2023:05:12:30 +0200] "GET /-p-33575.html HTTP/1.0" 200 73324 "-" "Mozilla/5.0 (compatible; MJ12bot/v1.4.8; http://mj12bot.com/)"
149.202.82.11 - - [09/Apr/2023:05:12:32 +0200] "GET /large-resin-statue-giraffes-p-48277.html HTTP/1.0" 200 73434 "-" "Mozilla/5.0 (compatible; MJ12bot/v1.4.8; http://mj12bot.com/)"
65.108.227.178 - - [09/Apr/2023:05:12:34 +0200] "GET /stop-wooden-plate-69-17-cm-p-37742.html HTTP/1.0" 301 76076 "-" "Mozilla/5.0 (compatible; MJ12bot/v1.4.8; http://mj12bot.com/)"
65.108.227.178 - - [09/Apr/2023:05:12:37 +0200] "GET /stop-wooden-plate-p-37742.html HTTP/1.0" 200 75992 "-" "Mozilla/5.0 (compatible; MJ12bot/v1.4.8; http://mj12bot.com/)"
149.202.82.11 - - [09/Apr/2023:05:12:41 +0200] "GET /large-resin-statue-giraffes-p-48277.html HTTP/1.0" 200 73434 "-" "Mozilla/5.0 (compatible; MJ12bot/v1.4.8; http://mj12bot.com/)"
65.108.227.178 - - [09/Apr/2023:05:12:43 +0200] "GET /stop-wooden-plate-p-37742.html HTTP/1.0" 200 75992 "-" "Mozilla/5.0 (compatible; MJ12bot/v1.4.8; http://mj12bot.com/)"
65.108.227.178 - - [09/Apr/2023:05:12:49 +0200] "GET /storage-chest-pouf-gray-velvet-p-45807.html HTTP/1.0" 200 73492 "-" "Mozilla/5.0 (compatible; MJ12bot/v1.4.8; http://mj12bot.com/)"
120.92.12.179 - - [09/Apr/2023:05:12:51 +0200] "GET /images/mini_prod/8422089196078A.jpg HTTP/1.0" 200 270 "-" "Mozilla/5.0 (Macintosh; Intel Mac OS X 10_15_7) AppleWebKit/537.36 (KHTML, like Gecko) Chrome/110.0.0.0 Safari/537.36"
149.202.82.11 - - [09/Apr/2023:05:12:52 +0200] "GET /large-statue-venus-p-55586.html HTTP/1.0" 200 73414 "-" "Mozilla/5.0 (compatible; MJ12bot/v1.4.8; http://mj12bot.com/)"
65.108.227.178 - - [09/Apr/2023:05:12:54 +0200] "GET /storage-chest-pouf-in-gray-velvet-36-cm-p-45807.html HTTP/1.0" 301 73589 "-" "Mozilla/5.0 (compatible; MJ12bot/v1.4.8; http://mj12bot.com/)"
149.202.82.11 - - [09/Apr/2023:05:12:58 +0200] "GET /lavender-iron-trivet-p-51360.html HTTP/1.0" 200 73394 "-" "Mozilla/5.0 (compatible; MJ12bot/v1.4.8; http://mj12bot.com/)"
157.90.181.206 - - [09/Apr/2023:05:12:58 +0200] "GET /surf-welcome-wooden-wall-decoration-hang-p-41391.html HTTP/1.0" 200 76218 "-" "Mozilla/5.0 (compatible; BLEXBot/1.0; +http://webmeup-crawler.com/)"
131.107.147.185 - - [09/Apr/2023:05:13:00 +0200] "GET /images/mini_prod/boudha1384010191187.jpg HTTP/1.0" 200 275 "-" "Mozilla/5.0 (X11; Ubuntu; Linux x86_64; rv:72.0) Gecko/20100101 Firefox/72.0"
65.108.227.178 - - [09/Apr/2023:05:13:00 +0200] "GET /storage-chest-pouf-gray-velvet-p-45807.html HTTP/1.0" 200 73492 "-" "Mozilla/5.0 (compatible; MJ12bot/v1.4.8; http://mj12bot.com/)"
65.108.227.178 - - [09/Apr/2023:05:13:04 +0200] "GET /storybook-alice-in-wonderland-tea-party-figure-collection-p-34263.html HTTP/1.0" 301 77668 "-" "Mozilla/5.0 (compatible; MJ12bot/v1.4.8; http://mj12bot.com/)"
149.202.82.11 - - [09/Apr/2023:05:13:04 +0200] "GET /laying-resin-statue-p-36093.html HTTP/1.0" 200 76097 "-" "Mozilla/5.0 (compatible; MJ12bot/v1.4.8; http://mj12bot.com/)"
65.108.227.178 - - [09/Apr/2023:05:13:08 +0200] "GET /storybook-alice-wonderland-party-figure-collection-p-34263.html HTTP/1.0" 200 77551 "-" "Mozilla/5.0 (compatible; MJ12bot/v1.4.8; http://mj12bot.com/)"
192.169.107.255 - - [09/Apr/2023:05:13:11 +0200] "GET /images/mini_prod/8435333830635.jpg HTTP/1.0" 200 269 "-" "Mozilla/5.0 (X11; Ubuntu; Linux x86_64; rv:72.0) Gecko/20100101 Firefox/72.0"
65.108.227.178 - - [09/Apr/2023:05:13:13 +0200] "GET /storybook-alice-wonderland-party-figure-collection-p-34263.html HTTP/1.0" 200 77551 "-" "Mozilla/5.0 (compatible; MJ12bot/v1.4.8; http://mj12bot.com/)"
149.202.82.11 - - [09/Apr/2023:05:13:13 +0200] "GET /le-chat-noir-poster-p-14405.html HTTP/1.0" 301 73391 "-" "Mozilla/5.0 (compatible; MJ12bot/v1.4.8; http://mj12bot.com/)"
65.108.227.178 - - [09/Apr/2023:05:13:16 +0200] "GET /strawberry-shortcake-towel-p-9040.html HTTP/1.0" 301 73388 "-" "Mozilla/5.0 (compatible; MJ12bot/v1.4.8; http://mj12bot.com/)"
65.108.227.178 - - [09/Apr/2023:05:13:19 +0200] "GET /-p-9040.html HTTP/1.0" 200 73322 "-" "Mozilla/5.0 (compatible; MJ12bot/v1.4.8; http://mj12bot.com/)"
149.202.82.11 - - [09/Apr/2023:05:13:21 +0200] "GET /-p-14405.html HTTP/1.0" 200 73324 "-" "Mozilla/5.0 (compatible; MJ12bot/v1.4.8; http://mj12bot.com/)"
65.108.227.178 - - [09/Apr/2023:05:13:23 +0200] "GET /sugar-bowl-pastry-p-55000.html HTTP/1.0" 200 75968 "-" "Mozilla/5.0 (compatible; MJ12bot/v1.4.8; http://mj12bot.com/)"
65.108.227.178 - - [09/Apr/2023:05:13:27 +0200] "GET /summer-life-door-mat-p-36101.html HTTP/1.0" 301 73391 "-" "Mozilla/5.0 (compatible; MJ12bot/v1.4.8; http://mj12bot.com/)"
149.202.82.11 - - [09/Apr/2023:05:13:31 +0200] "GET /le-chat-noir-sugar-box-p-41054.html HTTP/1.0" 301 73391 "-" "Mozilla/5.0 (compatible; MJ12bot/v1.4.8; http://mj12bot.com/)"
157.90.181.206 - - [09/Apr/2023:05:13:31 +0200] "GET /surfboard-ceramic-magnet-p-42049.html HTTP/1.0" 200 76895 "-" "Mozilla/5.0 (compatible; BLEXBot/1.0; +http://webmeup-crawler.com/)"
65.108.227.178 - - [09/Apr/2023:05:13:32 +0200] "GET /-p-36101.html HTTP/1.0" 200 73324 "-" "Mozilla/5.0 (compatible; MJ12bot/v1.4.8; http://mj12bot.com/)"
65.108.227.178 - - [09/Apr/2023:05:13:37 +0200] "GET /summer-travel-wood-clock-33-cm-p-36098.html HTTP/1.0" 301 73391 "-" "Mozilla/5.0 (compatible; MJ12bot/v1.4.8; http://mj12bot.com/)"
149.202.82.11 - - [09/Apr/2023:05:13:38 +0200] "GET /-p-41054.html HTTP/1.0" 200 73324 "-" "Mozilla/5.0 (compatible; MJ12bot/v1.4.8; http://mj12bot.com/)"
65.108.227.178 - - [09/Apr/2023:05:13:41 +0200] "GET /-p-36098.html HTTP/1.0" 200 73324 "-" "Mozilla/5.0 (compatible; MJ12bot/v1.4.8; http://mj12bot.com/)"
65.108.227.178 - - [09/Apr/2023:05:13:45 +0200] "GET /sun-wall-decoration-39-39-cm-blue-and-gold-model-p-38577.html HTTP/1.0" 301 76199 "-" "Mozilla/5.0 (compatible; MJ12bot/v1.4.8; http://mj12bot.com/)"
173.252.83.14 - - [09/Apr/2023:05:13:49 +0200] "GET /images/mini_prod/9316188038720C.jpg HTTP/1.0" 200 270 "-" "facebookexternalhit/1.1 (+http://www.facebook.com/externalhit_uatext.php)"
149.202.82.11 - - [09/Apr/2023:05:13:48 +0200] "GET /le-chat-noir-theophile-alexandre-steinlen-figurine-p-38936.html HTTP/1.0" 301 77087 "-" "Mozilla/5.0 (compatible; MJ12bot/v1.4.8; http://mj12bot.com/)"
65.108.227.178 - - [09/Apr/2023:05:13:49 +0200] "GET /wall-decoration-blue-gold-model-p-38577.html HTTP/1.0" 200 76101 "-" "Mozilla/5.0 (compatible; MJ12bot/v1.4.8; http://mj12bot.com/)"
149.202.82.11 - - [09/Apr/2023:05:13:52 +0200] "GET /chat-noir-thophile-alexandre-steinlen-figurine-p-38936.html HTTP/1.0" 200 76974 "-" "Mozilla/5.0 (compatible; MJ12bot/v1.4.8; http://mj12bot.com/)"
65.108.227.178 - - [09/Apr/2023:05:13:55 +0200] "GET /sun-wall-decoration-39-39-cm-gold-model-p-38579.html HTTP/1.0" 301 76157 "-" "Mozilla/5.0 (compatible; MJ12bot/v1.4.8; http://mj12bot.com/)"
65.108.227.178 - - [09/Apr/2023:05:13:58 +0200] "GET /wall-decoration-gold-model-p-38579.html HTTP/1.0" 200 76064 "-" "Mozilla/5.0 (compatible; MJ12bot/v1.4.8; http://mj12bot.com/)"
221.222.161.129 - - [09/Apr/2023:05:14:01 +0200] "GET /images/mini_prod/8424001278909.jpg HTTP/1.0" 200 269 "-" "Mozilla/5.0 (X11; Ubuntu; Linux x86_64; rv:72.0) Gecko/20100101 Firefox/72.0"
149.202.82.11 - - [09/Apr/2023:05:14:00 +0200] "GET /le-chocolat-metal-box-for-chocolate-bar-p-46826.html HTTP/1.0" 301 73391 "-" "Mozilla/5.0 (compatible; MJ12bot/v1.4.8; http://mj12bot.com/)"
65.108.227.178 - - [09/Apr/2023:05:14:02 +0200] "GET /support-metal-bottle-long-live-newlyweds-p-45838.html HTTP/1.0" 200 76207 "-" "Mozilla/5.0 (compatible; MJ12bot/v1.4.8; http://mj12bot.com/)"
157.90.181.206 - - [09/Apr/2023:05:14:04 +0200] "GET /surfboard-ceramic-magnet-p-42050.html HTTP/1.0" 200 76895 "-" "Mozilla/5.0 (compatible; BLEXBot/1.0; +http://webmeup-crawler.com/)"
65.108.227.178 - - [09/Apr/2023:05:14:05 +0200] "GET /support-metal-bottle-long-live-the-newlyweds-p-45838.html HTTP/1.0" 301 76314 "-" "Mozilla/5.0 (compatible; MJ12bot/v1.4.8; http://mj12bot.com/)"
149.202.82.11 - - [09/Apr/2023:05:14:07 +0200] "GET /-p-46826.html HTTP/1.0" 200 73324 "-" "Mozilla/5.0 (compatible; MJ12bot/v1.4.8; http://mj12bot.com/)"
65.108.227.178 - - [09/Apr/2023:05:14:09 +0200] "GET /support-metal-bottle-long-live-newlyweds-p-45838.html HTTP/1.0" 200 76207 "-" "Mozilla/5.0 (compatible; MJ12bot/v1.4.8; http://mj12bot.com/)"
218.31.194.153 - - [09/Apr/2023:05:14:13 +0200] "GET /vintage-christmas-christmas-sonny-angel-figurines-p-53391.html HTTP/1.0" 200 73522 "-" "Mozilla/5.0 (iPhone; CPU iPhone OS 11_0 like Mac OS X) AppleWebKit/537.36 (KHTML, like Gecko) Chrome/50.0.4994.1360 Mobile Safari/537.36"
218.31.194.153 - - [09/Apr/2023:05:14:16 +0200] "GET /swfobject.js HTTP/1.0" 404 1308 "http://www.wonder-geek.com/vintage-christmas-christmas-sonny-angel-figurines-p-53391.html" "Mozilla/5.0 (iPhone; CPU iPhone OS 11_0 like Mac OS X) AppleWebKit/537.36 (KHTML, like Gecko) Chrome/50.0.4994.1360 Mobile Safari/537.36"
65.108.227.178 - - [09/Apr/2023:05:14:15 +0200] "GET /surf-the-wave-wood-clock-33-cm-p-36099.html HTTP/1.0" 301 73391 "-" "Mozilla/5.0 (compatible; MJ12bot/v1.4.8; http://mj12bot.com/)"
149.202.82.11 - - [09/Apr/2023:05:14:15 +0200] "GET /le-gendarme-de-saint-tropez-vintage-poster-30-40-cm-p-42499.html HTTP/1.0" 301 73391 "-" "Mozilla/5.0 (compatible; MJ12bot/v1.4.8; http://mj12bot.com/)"
65.108.227.178 - - [09/Apr/2023:05:14:19 +0200] "GET /-p-36099.html HTTP/1.0" 200 73324 "-" "Mozilla/5.0 (compatible; MJ12bot/v1.4.8; http://mj12bot.com/)"
149.202.82.11 - - [09/Apr/2023:05:14:20 +0200] "GET /-p-42499.html HTTP/1.0" 200 73324 "-" "Mozilla/5.0 (compatible; MJ12bot/v1.4.8; http://mj12bot.com/)"
65.108.227.178 - - [09/Apr/2023:05:14:24 +0200] "GET /surfboard-ceramic-magnet-10-cm-p-42049.html HTTP/1.0" 301 76986 "-" "Mozilla/5.0 (compatible; MJ12bot/v1.4.8; http://mj12bot.com/)"
65.108.227.178 - - [09/Apr/2023:05:14:27 +0200] "GET /surfboard-ceramic-magnet-p-42049.html HTTP/1.0" 200 76895 "-" "Mozilla/5.0 (compatible; MJ12bot/v1.4.8; http://mj12bot.com/)"
149.202.82.11 - - [09/Apr/2023:05:14:28 +0200] "GET /le-meilleur-vin-clock-39-cm-p-45896.html HTTP/1.0" 301 73391 "-" "Mozilla/5.0 (compatible; MJ12bot/v1.4.8; http://mj12bot.com/)"
65.108.227.178 - - [09/Apr/2023:05:14:33 +0200] "GET /surfboard-ceramic-magnet-10-cm-p-42052.html HTTP/1.0" 301 76986 "-" "Mozilla/5.0 (compatible; MJ12bot/v1.4.8; http://mj12bot.com/)"
149.202.82.11 - - [09/Apr/2023:05:14:35 +0200] "GET /-p-45896.html HTTP/1.0" 200 73324 "-" "Mozilla/5.0 (compatible; MJ12bot/v1.4.8; http://mj12bot.com/)"
116.57.65.160 - - [09/Apr/2023:05:14:37 +0200] "GET /images/mini_prod/1399984258422.jpg HTTP/1.0" 200 269 "-" "Mozilla/5.0 (X11; Ubuntu; Linux x86_64; rv:72.0) Gecko/20100101 Firefox/72.0"
157.90.181.206 - - [09/Apr/2023:05:14:37 +0200] "GET /surfboard-ceramic-magnet-p-42052.html HTTP/1.0" 200 76895 "-" "Mozilla/5.0 (compatible; BLEXBot/1.0; +http://webmeup-crawler.com/)"
65.108.227.178 - - [09/Apr/2023:05:14:38 +0200] "GET /surfboard-ceramic-magnet-p-42052.html HTTP/1.0" 200 76895 "-" "Mozilla/5.0 (compatible; MJ12bot/v1.4.8; http://mj12bot.com/)"
65.108.227.178 - - [09/Apr/2023:05:14:41 +0200] "GET /surfboard-ceramic-magnet-10-cm-p-42054.html HTTP/1.0" 301 73391 "-" "Mozilla/5.0 (compatible; MJ12bot/v1.4.8; http://mj12bot.com/)"
147.160.184.86 - - [09/Apr/2023:05:14:45 +0200] "GET /images/mini_prod/8424001278886.jpg HTTP/1.0" 200 269 "-" "Mozilla/5.0 (X11; Ubuntu; Linux x86_64; rv:72.0) Gecko/20100101 Firefox/72.0"
149.202.82.11 - - [09/Apr/2023:05:14:44 +0200] "GET /le-petit-prince-de-st-exupery-collection-mug-p-51371.html HTTP/1.0" 301 76870 "-" "Mozilla/5.0 (compatible; MJ12bot/v1.4.8; http://mj12bot.com/)"
65.108.227.178 - - [09/Apr/2023:05:14:45 +0200] "GET /-p-42054.html HTTP/1.0" 200 73324 "-" "Mozilla/5.0 (compatible; MJ12bot/v1.4.8; http://mj12bot.com/)"
149.202.82.11 - - [09/Apr/2023:05:14:48 +0200] "GET /petit-prince-exupry-collection-p-51371.html HTTP/1.0" 200 76773 "-" "Mozilla/5.0 (compatible; MJ12bot/v1.4.8; http://mj12bot.com/)"
65.108.227.178 - - [09/Apr/2023:05:14:48 +0200] "GET /surfboard-ceramic-magnet-p-42049.html HTTP/1.0" 200 76895 "-" "Mozilla/5.0 (compatible; MJ12bot/v1.4.8; http://mj12bot.com/)"
54.36.148.31 - - [09/Apr/2023:05:14:50 +0200] "GET /planter-statue-holding-vase-p-60365.html HTTP/1.0" 200 76868 "-" "Mozilla/5.0 (compatible; AhrefsBot/7.0; +http://ahrefs.com/robot/)"
65.108.227.178 - - [09/Apr/2023:05:14:52 +0200] "GET /surfboard-ceramic-magnet-p-42052.html HTTP/1.0" 200 76895 "-" "Mozilla/5.0 (compatible; MJ12bot/v1.4.8; http://mj12bot.com/)"
65.108.227.178 - - [09/Apr/2023:05:14:55 +0200] "GET /surfboard-wooden-wall-decoration-60-cm-p-46757.html HTTP/1.0" 301 73391 "-" "Mozilla/5.0 (compatible; MJ12bot/v1.4.8; http://mj12bot.com/)"
54.36.149.30 - - [09/Apr/2023:05:14:57 +0200] "GET /images/big_prod_1/8435684221007B.jpg HTTP/1.0" 200 271 "-" "Mozilla/5.0 (compatible; AhrefsBot/7.0; +http://ahrefs.com/robot/)"
54.36.148.51 - - [09/Apr/2023:05:14:57 +0200] "GET /images/big_prod/8435684221007.jpg HTTP/1.0" 200 268 "-" "Mozilla/5.0 (compatible; AhrefsBot/7.0; +http://ahrefs.com/robot/)"
149.202.82.11 - - [09/Apr/2023:05:14:57 +0200] "GET /le-petit-prince-de-st-exupery-collection-mug-p-51372.html HTTP/1.0" 301 76870 "-" "Mozilla/5.0 (compatible; MJ12bot/v1.4.8; http://mj12bot.com/)"
65.108.227.178 - - [09/Apr/2023:05:14:59 +0200] "GET /-p-46757.html HTTP/1.0" 200 73324 "-" "Mozilla/5.0 (compatible; MJ12bot/v1.4.8; http://mj12bot.com/)"
17.241.75.225 - - [09/Apr/2023:05:15:00 +0200] "GET /portugal-metal-keychain-cbkreation-p-23498.html HTTP/1.0" 200 77293 "-" "Mozilla/5.0 (Macintosh; Intel Mac OS X 10_15_5) AppleWebKit/605.1.15 (KHTML, like Gecko) Version/13.1.1 Safari/605.1.15 (Applebot/0.1; +http://www.apple.com/go/applebot)"
65.108.227.178 - - [09/Apr/2023:05:15:04 +0200] "GET /surfing-surfboard-wooden-wall-decoration-p-36080.html HTTP/1.0" 301 73391 "-" "Mozilla/5.0 (compatible; MJ12bot/v1.4.8; http://mj12bot.com/)"
149.202.82.11 - - [09/Apr/2023:05:15:06 +0200] "GET /petit-prince-exupry-collection-p-51372.html HTTP/1.0" 200 76773 "-" "Mozilla/5.0 (compatible; MJ12bot/v1.4.8; http://mj12bot.com/)"
65.108.227.178 - - [09/Apr/2023:05:15:07 +0200] "GET /-p-36080.html HTTP/1.0" 200 73324 "-" "Mozilla/5.0 (compatible; MJ12bot/v1.4.8; http://mj12bot.com/)"
65.108.227.178 - - [09/Apr/2023:05:15:10 +0200] "GET /swallow-wall-decoration-24-19-cm-p-43105.html HTTP/1.0" 301 76113 "-" "Mozilla/5.0 (compatible; MJ12bot/v1.4.8; http://mj12bot.com/)"
157.90.181.206 - - [09/Apr/2023:05:15:10 +0200] "GET /surfboard-ceramic-magnet-p-42053.html HTTP/1.0" 200 76895 "-" "Mozilla/5.0 (compatible; BLEXBot/1.0; +http://webmeup-crawler.com/)"
149.202.82.11 - - [09/Apr/2023:05:15:12 +0200] "GET /led-lamp-cherie-party-13-cm-p-49038.html HTTP/1.0" 301 73457 "-" "Mozilla/5.0 (compatible; MJ12bot/v1.4.8; http://mj12bot.com/)"
65.108.227.178 - - [09/Apr/2023:05:15:14 +0200] "GET /swallow-wall-decoration-p-43105.html HTTP/1.0" 200 76023 "-" "Mozilla/5.0 (compatible; MJ12bot/v1.4.8; http://mj12bot.com/)"
149.202.82.11 - - [09/Apr/2023:05:15:17 +0200] "GET /lamp-chrie-party-p-49038.html HTTP/1.0" 200 73374 "-" "Mozilla/5.0 (compatible; MJ12bot/v1.4.8; http://mj12bot.com/)"
65.108.227.178 - - [09/Apr/2023:05:15:18 +0200] "GET /swallow-wall-decoration-p-43105.html HTTP/1.0" 200 76023 "-" "Mozilla/5.0 (compatible; MJ12bot/v1.4.8; http://mj12bot.com/)"
173.252.83.24 - - [09/Apr/2023:05:15:21 +0200] "GET /images/mini_prod/3453131150590.jpg HTTP/1.0" 200 269 "-" "facebookexternalhit/1.1 (+http://www.facebook.com/externalhit_uatext.php)"
65.108.227.178 - - [09/Apr/2023:05:15:22 +0200] "GET /sweet-lily-mini-rectangular-tray-p-54916.html HTTP/1.0" 200 76095 "-" "Mozilla/5.0 (compatible; MJ12bot/v1.4.8; http://mj12bot.com/)"
149.202.82.11 - - [09/Apr/2023:05:15:24 +0200] "GET /led-lamp-les-petits-pot-ins-13-cm-p-49041.html HTTP/1.0" 301 73391 "-" "Mozilla/5.0 (compatible; MJ12bot/v1.4.8; http://mj12bot.com/)"
65.108.227.178 - - [09/Apr/2023:05:15:27 +0200] "GET /table-decoration-bowl-elephant-p-48816.html HTTP/1.0" 200 73436 "-" "Mozilla/5.0 (compatible; MJ12bot/v1.4.8; http://mj12bot.com/)"
149.202.82.11 - - [09/Apr/2023:05:15:30 +0200] "GET /-p-49041.html HTTP/1.0" 200 73324 "-" "Mozilla/5.0 (compatible; MJ12bot/v1.4.8; http://mj12bot.com/)"
65.108.227.178 - - [09/Apr/2023:05:15:31 +0200] "GET /tablecloth-washed-linen-170-170-cm-paon-p-48122.html HTTP/1.0" 301 73391 "-" "Mozilla/5.0 (compatible; MJ12bot/v1.4.8; http://mj12bot.com/)"
34.221.246.140 - - [09/Apr/2023:05:15:32 +0200] "GET /images/mini_prod/5018997626924.jpg HTTP/1.0" 200 269 "-" "Mozilla/5.0 (X11; Ubuntu; Linux x86_64; rv:72.0) Gecko/20100101 Firefox/72.0"
65.108.227.178 - - [09/Apr/2023:05:15:34 +0200] "GET /-p-48122.html HTTP/1.0" 200 73324 "-" "Mozilla/5.0 (compatible; MJ12bot/v1.4.8; http://mj12bot.com/)"
65.108.227.178 - - [09/Apr/2023:05:15:38 +0200] "GET /taurus-decorative-statue-p-44609.html HTTP/1.0" 200 73435 "-" "Mozilla/5.0 (compatible; MJ12bot/v1.4.8; http://mj12bot.com/)"
149.202.82.11 - - [09/Apr/2023:05:15:39 +0200] "GET /led-light-bulb-g95-loop-e27-p-42512.html HTTP/1.0" 301 73480 "-" "Mozilla/5.0 (compatible; MJ12bot/v1.4.8; http://mj12bot.com/)"
149.202.82.11 - - [09/Apr/2023:05:15:43 +0200] "GET /light-bulb-loop-p-42512.html HTTP/1.0" 200 73398 "-" "Mozilla/5.0 (compatible; MJ12bot/v1.4.8; http://mj12bot.com/)"
65.108.227.178 - - [09/Apr/2023:05:15:43 +0200] "GET /tea-light-holder-pentacle-black-soapstone-wicca-25-cm-p-44680.html HTTP/1.0" 301 73670 "-" "Mozilla/5.0 (compatible; MJ12bot/v1.4.8; http://mj12bot.com/)"
216.244.66.242 - - [09/Apr/2023:05:15:45 +0200] "GET /robots.txt HTTP/1.0" 200 245 "-" "Mozilla/5.0 (compatible; DotBot/1.2; +https://opensiteexplorer.org/dotbot; help@moz.com)"
157.90.181.206 - - [09/Apr/2023:05:15:44 +0200] "GET /surfboard-ceramic-magnet-p-42055.html HTTP/1.0" 200 76895 "-" "Mozilla/5.0 (compatible; BLEXBot/1.0; +http://webmeup-crawler.com/)"
65.108.227.178 - - [09/Apr/2023:05:15:46 +0200] "GET /light-holder-pentacle-black-soapstone-wicca-p-44680.html HTTP/1.0" 200 73560 "-" "Mozilla/5.0 (compatible; MJ12bot/v1.4.8; http://mj12bot.com/)"
173.252.83.116 - - [09/Apr/2023:05:15:48 +0200] "GET /images/mini_prod/8719075395172.jpg HTTP/1.0" 200 269 "-" "facebookexternalhit/1.1 (+http://www.facebook.com/externalhit_uatext.php)"
65.108.227.178 - - [09/Apr/2023:05:15:49 +0200] "GET /tea-wooden-box-butterflies-and-ribbon-p-37613.html HTTP/1.0" 301 73391 "-" "Mozilla/5.0 (compatible; MJ12bot/v1.4.8; http://mj12bot.com/)"
65.108.227.178 - - [09/Apr/2023:05:15:53 +0200] "GET /-p-37613.html HTTP/1.0" 200 73324 "-" "Mozilla/5.0 (compatible; MJ12bot/v1.4.8; http://mj12bot.com/)"
149.202.82.11 - - [09/Apr/2023:05:15:55 +0200] "GET /lego-cones-pink-storage-box-p-12270.html HTTP/1.0" 301 73391 "-" "Mozilla/5.0 (compatible; MJ12bot/v1.4.8; http://mj12bot.com/)"
65.108.227.178 - - [09/Apr/2023:05:15:57 +0200] "GET /teo-jasmin-espresso-cups-p-28930.html HTTP/1.0" 301 73391 "-" "Mozilla/5.0 (compatible; MJ12bot/v1.4.8; http://mj12bot.com/)"
149.202.82.11 - - [09/Apr/2023:05:16:01 +0200] "GET /-p-12270.html HTTP/1.0" 200 73324 "-" "Mozilla/5.0 (compatible; MJ12bot/v1.4.8; http://mj12bot.com/)"
65.108.227.178 - - [09/Apr/2023:05:16:02 +0200] "GET /-p-28930.html HTTP/1.0" 200 73324 "-" "Mozilla/5.0 (compatible; MJ12bot/v1.4.8; http://mj12bot.com/)"
130.44.212.110 - - [09/Apr/2023:05:16:03 +0200] "GET /images/mini_prod/8033667001174.jpg HTTP/1.0" 200 269 "-" "Mozilla/5.0 (X11; Ubuntu; Linux x86_64; rv:72.0) Gecko/20100101 Firefox/72.0"
54.163.56.117 - - [09/Apr/2023:05:16:04 +0200] "GET /images/mini_prod/8424346247431.jpg HTTP/1.0" 200 269 "-" "Mozilla/5.0 (X11; Ubuntu; Linux x86_64; rv:72.0) Gecko/20100101 Firefox/72.0"
65.108.227.178 - - [09/Apr/2023:05:16:05 +0200] "GET /teo-jasmin-large-cabas-p-44153.html HTTP/1.0" 301 73391 "-" "Mozilla/5.0 (compatible; MJ12bot/v1.4.8; http://mj12bot.com/)"
65.108.227.178 - - [09/Apr/2023:05:16:09 +0200] "GET /-p-44153.html HTTP/1.0" 200 73324 "-" "Mozilla/5.0 (compatible; MJ12bot/v1.4.8; http://mj12bot.com/)"
149.202.82.11 - - [09/Apr/2023:05:16:12 +0200] "GET /lego-cones-pink-storage-p-12270.html HTTP/1.0" 301 73391 "-" "Mozilla/5.0 (compatible; MJ12bot/v1.4.8; http://mj12bot.com/)"
65.108.227.178 - - [09/Apr/2023:05:16:12 +0200] "GET /teo-jasmin-set-cups-espresso-p-32923.html HTTP/1.0" 301 73391 "-" "Mozilla/5.0 (compatible; MJ12bot/v1.4.8; http://mj12bot.com/)"
149.202.82.11 - - [09/Apr/2023:05:16:16 +0200] "GET /-p-12270.html HTTP/1.0" 200 73324 "-" "Mozilla/5.0 (compatible; MJ12bot/v1.4.8; http://mj12bot.com/)"
65.108.227.178 - - [09/Apr/2023:05:16:17 +0200] "GET /-p-32923.html HTTP/1.0" 200 73324 "-" "Mozilla/5.0 (compatible; MJ12bot/v1.4.8; http://mj12bot.com/)"
157.90.181.206 - - [09/Apr/2023:05:16:19 +0200] "GET /surfboard-ceramic-magnet-p-42057.html HTTP/1.0" 200 76895 "-" "Mozilla/5.0 (compatible; BLEXBot/1.0; +http://webmeup-crawler.com/)"
65.108.227.178 - - [09/Apr/2023:05:16:20 +0200] "GET /teo-jasmin-teo-jasmine-large-soup-bowl-p-42240.html HTTP/1.0" 301 73391 "-" "Mozilla/5.0 (compatible; MJ12bot/v1.4.8; http://mj12bot.com/)"
149.202.82.11 - - [09/Apr/2023:05:16:22 +0200] "GET /lego-cones-yellow-storage-box-p-32577.html HTTP/1.0" 301 73391 "-" "Mozilla/5.0 (compatible; MJ12bot/v1.4.8; http://mj12bot.com/)"
65.108.227.178 - - [09/Apr/2023:05:16:24 +0200] "GET /-p-42240.html HTTP/1.0" 200 73324 "-" "Mozilla/5.0 (compatible; MJ12bot/v1.4.8; http://mj12bot.com/)"
54.36.148.9 - - [09/Apr/2023:05:16:25 +0200] "GET /tree-life-wall-decoration-weathered-white-wood-p-60340.html HTTP/1.0" 200 77078 "-" "Mozilla/5.0 (compatible; AhrefsBot/7.0; +http://ahrefs.com/robot/)"
54.36.148.214 - - [09/Apr/2023:05:16:28 +0200] "GET /images/big_prod/8435684220482.jpg HTTP/1.0" 200 268 "-" "Mozilla/5.0 (compatible; AhrefsBot/7.0; +http://ahrefs.com/robot/)"
65.108.227.178 - - [09/Apr/2023:05:16:28 +0200] "GET /teo-jasmin-teo-surf-large-bowl-p-34912.html HTTP/1.0" 301 73391 "-" "Mozilla/5.0 (compatible; MJ12bot/v1.4.8; http://mj12bot.com/)"
54.36.149.43 - - [09/Apr/2023:05:16:30 +0200] "GET /images/big_prod_1/8435684220482B.jpg HTTP/1.0" 200 271 "-" "Mozilla/5.0 (compatible; AhrefsBot/7.0; +http://ahrefs.com/robot/)"
65.108.227.178 - - [09/Apr/2023:05:16:31 +0200] "GET /-p-34912.html HTTP/1.0" 200 73324 "-" "Mozilla/5.0 (compatible; MJ12bot/v1.4.8; http://mj12bot.com/)"
149.202.82.11 - - [09/Apr/2023:05:16:32 +0200] "GET /-p-32577.html HTTP/1.0" 200 73324 "-" "Mozilla/5.0 (compatible; MJ12bot/v1.4.8; http://mj12bot.com/)"
65.108.227.178 - - [09/Apr/2023:05:16:36 +0200] "GET /terracotta-soldier-statuette-emperor-p-52432.html HTTP/1.0" 200 77061 "-" "Mozilla/5.0 (compatible; MJ12bot/v1.4.8; http://mj12bot.com/)"
149.202.82.11 - - [09/Apr/2023:05:16:40 +0200] "GET /lego-cones-yellow-storage-p-32577.html HTTP/1.0" 301 73391 "-" "Mozilla/5.0 (compatible; MJ12bot/v1.4.8; http://mj12bot.com/)"
65.108.227.178 - - [09/Apr/2023:05:16:42 +0200] "GET /terracotta-soldier-statuette-of-emperor-qin-p-52432.html HTTP/1.0" 301 77164 "-" "Mozilla/5.0 (compatible; MJ12bot/v1.4.8; http://mj12bot.com/)"
149.202.82.11 - - [09/Apr/2023:05:16:44 +0200] "GET /-p-32577.html HTTP/1.0" 200 73324 "-" "Mozilla/5.0 (compatible; MJ12bot/v1.4.8; http://mj12bot.com/)"
65.108.227.178 - - [09/Apr/2023:05:16:45 +0200] "GET /terracotta-soldier-statuette-emperor-p-52432.html HTTP/1.0" 200 77061 "-" "Mozilla/5.0 (compatible; MJ12bot/v1.4.8; http://mj12bot.com/)"
65.108.227.178 - - [09/Apr/2023:05:16:49 +0200] "GET /the-best-summer-mono-wooden-peg-hook-p-37236.html HTTP/1.0" 301 76210 "-" "Mozilla/5.0 (compatible; MJ12bot/v1.4.8; http://mj12bot.com/)"
157.90.181.206 - - [09/Apr/2023:05:16:52 +0200] "GET /surfboard-ceramic-magnet-p-42059.html HTTP/1.0" 200 76895 "-" "Mozilla/5.0 (compatible; BLEXBot/1.0; +http://webmeup-crawler.com/)"
65.108.227.178 - - [09/Apr/2023:05:16:53 +0200] "GET /best-summer-mono-wooden-hook-p-37236.html HTTP/1.0" 200 76115 "-" "Mozilla/5.0 (compatible; MJ12bot/v1.4.8; http://mj12bot.com/)"
149.202.82.11 - - [09/Apr/2023:05:16:55 +0200] "GET /lena-bedclothes-p-57075.html HTTP/1.0" 200 76668 "-" "Mozilla/5.0 (compatible; MJ12bot/v1.4.8; http://mj12bot.com/)"
65.108.227.178 - - [09/Apr/2023:05:16:57 +0200] "GET /the-endless-summer-wooden-wall-decoration-to-hang-p-36037.html HTTP/1.0" 301 73391 "-" "Mozilla/5.0 (compatible; MJ12bot/v1.4.8; http://mj12bot.com/)"
65.108.227.178 - - [09/Apr/2023:05:17:00 +0200] "GET /-p-36037.html HTTP/1.0" 200 73324 "-" "Mozilla/5.0 (compatible; MJ12bot/v1.4.8; http://mj12bot.com/)"
149.202.82.11 - - [09/Apr/2023:05:17:03 +0200] "GET /leonard-de-vinci-paperweight-the-vitruvian-man-p-44146.html HTTP/1.0" 301 77533 "-" "Mozilla/5.0 (compatible; MJ12bot/v1.4.8; http://mj12bot.com/)"
65.108.227.178 - - [09/Apr/2023:05:17:04 +0200] "GET /the-foxes-gorjuss-box-p-29448.html HTTP/1.0" 301 73391 "-" "Mozilla/5.0 (compatible; MJ12bot/v1.4.8; http://mj12bot.com/)"
195.191.219.132 - - [09/Apr/2023:05:17:06 +0200] "GET /robots.txt HTTP/1.0" 200 245 "-" "Mozilla/5.0 (compatible; MJ12bot/v1.4.8; http://mj12bot.com/)"
65.108.227.178 - - [09/Apr/2023:05:17:08 +0200] "GET /-p-29448.html HTTP/1.0" 200 73324 "-" "Mozilla/5.0 (compatible; MJ12bot/v1.4.8; http://mj12bot.com/)"
195.191.219.132 - - [09/Apr/2023:05:17:08 +0200] "GET / HTTP/1.0" 200 154871 "-" "Mozilla/5.0 (compatible; MJ12bot/v1.4.8; http://mj12bot.com/)"
107.20.1.87 - - [09/Apr/2023:05:17:12 +0200] "GET /images/mini_prod/5060021928757.jpg HTTP/1.0" 200 269 "-" "Mozilla/5.0 (X11; Ubuntu; Linux x86_64; rv:72.0) Gecko/20100101 Firefox/72.0"
149.202.82.11 - - [09/Apr/2023:05:17:11 +0200] "GET /lonard-vinci-paperweight-vitruvian-p-44146.html HTTP/1.0" 200 77432 "-" "Mozilla/5.0 (compatible; MJ12bot/v1.4.8; http://mj12bot.com/)"
65.108.227.178 - - [09/Apr/2023:05:17:12 +0200] "GET /the-girl-who-has-everything-ariel-figurine-p-37677.html HTTP/1.0" 301 73391 "-" "Mozilla/5.0 (compatible; MJ12bot/v1.4.8; http://mj12bot.com/)"
65.108.227.178 - - [09/Apr/2023:05:17:14 +0200] "GET /-p-37677.html HTTP/1.0" 200 73324 "-" "Mozilla/5.0 (compatible; MJ12bot/v1.4.8; http://mj12bot.com/)"
65.108.227.178 - - [09/Apr/2023:05:17:18 +0200] "GET /the-little-prince-green-jewelry-box-p-53235.html HTTP/1.0" 301 77363 "-" "Mozilla/5.0 (compatible; MJ12bot/v1.4.8; http://mj12bot.com/)"
149.202.82.11 - - [09/Apr/2023:05:17:20 +0200] "GET /leonard-de-vinci-vitruvian-man-figurine-22-cm-p-32620.html HTTP/1.0" 301 77246 "-" "Mozilla/5.0 (compatible; MJ12bot/v1.4.8; http://mj12bot.com/)"
65.108.227.178 - - [09/Apr/2023:05:17:21 +0200] "GET /little-prince-green-jewelry-p-53235.html HTTP/1.0" 200 77269 "-" "Mozilla/5.0 (compatible; MJ12bot/v1.4.8; http://mj12bot.com/)"
149.202.82.11 - - [09/Apr/2023:05:17:25 +0200] "GET /lonard-vinci-vitruvian-figurine-p-32620.html HTTP/1.0" 200 77148 "-" "Mozilla/5.0 (compatible; MJ12bot/v1.4.8; http://mj12bot.com/)"
65.108.227.178 - - [09/Apr/2023:05:17:25 +0200] "GET /the-little-prince-money-box-p-45850.html HTTP/1.0" 301 76115 "-" "Mozilla/5.0 (compatible; MJ12bot/v1.4.8; http://mj12bot.com/)"
157.90.181.206 - - [09/Apr/2023:05:17:26 +0200] "GET /surfer-statuette-p-53056.html HTTP/1.0" 200 75953 "-" "Mozilla/5.0 (compatible; BLEXBot/1.0; +http://webmeup-crawler.com/)"
65.108.227.178 - - [09/Apr/2023:05:17:29 +0200] "GET /little-prince-money-p-45850.html HTTP/1.0" 200 76029 "-" "Mozilla/5.0 (compatible; MJ12bot/v1.4.8; http://mj12bot.com/)"
149.202.82.11 - - [09/Apr/2023:05:17:33 +0200] "GET /leonard-de-vinci-vitruvian-man-figurine-22-cm-p-44144.html HTTP/1.0" 301 77271 "-" "Mozilla/5.0 (compatible; MJ12bot/v1.4.8; http://mj12bot.com/)"
65.108.227.178 - - [09/Apr/2023:05:17:34 +0200] "GET /the-little-prince-of-saint-exupery-wall-decoration-17-12-cm-p-51867.html HTTP/1.0" 301 76355 "-" "Mozilla/5.0 (compatible; MJ12bot/v1.4.8; http://mj12bot.com/)"
65.108.227.178 - - [09/Apr/2023:05:17:36 +0200] "GET /little-prince-saint-exupery-wall-decoration-p-51867.html HTTP/1.0" 200 76245 "-" "Mozilla/5.0 (compatible; MJ12bot/v1.4.8; http://mj12bot.com/)"
20.39.50.207 - - [09/Apr/2023:05:17:40 +0200] "GET /images/mini_prod/8433914427922.jpg HTTP/1.0" 200 269 "-" "Mozilla/5.0 (X11; Ubuntu; Linux x86_64; rv:72.0) Gecko/20100101 Firefox/72.0"
65.108.227.178 - - [09/Apr/2023:05:17:39 +0200] "GET /the-little-prince-of-st-exupery-figurine-p-44603.html HTTP/1.0" 301 76241 "-" "Mozilla/5.0 (compatible; MJ12bot/v1.4.8; http://mj12bot.com/)"
149.202.82.11 - - [09/Apr/2023:05:17:41 +0200] "GET /lonard-vinci-vitruvian-figurine-p-44144.html HTTP/1.0" 200 77173 "-" "Mozilla/5.0 (compatible; MJ12bot/v1.4.8; http://mj12bot.com/)"
65.108.227.178 - - [09/Apr/2023:05:17:43 +0200] "GET /little-prince-exupery-figurine-p-44603.html HTTP/1.0" 200 76144 "-" "Mozilla/5.0 (compatible; MJ12bot/v1.4.8; http://mj12bot.com/)"
149.202.82.11 - - [09/Apr/2023:05:17:46 +0200] "GET /leonard-de-vinci-vitruvian-man-figurine-42-cm-p-44145.html HTTP/1.0" 301 77259 "-" "Mozilla/5.0 (compatible; MJ12bot/v1.4.8; http://mj12bot.com/)"
65.108.227.178 - - [09/Apr/2023:05:17:48 +0200] "GET /the-nightmare-before-christmas-waterball-p-45974.html HTTP/1.0" 301 73391 "-" "Mozilla/5.0 (compatible; MJ12bot/v1.4.8; http://mj12bot.com/)"
77.75.79.72 - - [09/Apr/2023:05:17:51 +0200] "GET /angel-glitter-ball-p-27610.html HTTP/1.0" 200 76180 "-" "Mozilla/5.0 (compatible; SeznamBot/4.0-RC1; +http://napoveda.seznam.cz/seznambot-intro/)"
65.108.227.178 - - [09/Apr/2023:05:17:52 +0200] "GET /-p-45974.html HTTP/1.0" 200 73324 "-" "Mozilla/5.0 (compatible; MJ12bot/v1.4.8; http://mj12bot.com/)"
149.202.82.11 - - [09/Apr/2023:05:17:56 +0200] "GET /lonard-vinci-vitruvian-figurine-p-44145.html HTTP/1.0" 200 77161 "-" "Mozilla/5.0 (compatible; MJ12bot/v1.4.8; http://mj12bot.com/)"
65.108.227.178 - - [09/Apr/2023:05:17:57 +0200] "GET /the-white-bear-by-pompon-10-cm-p-46907.html HTTP/1.0" 301 77036 "-" "Mozilla/5.0 (compatible; MJ12bot/v1.4.8; http://mj12bot.com/)"
54.36.148.49 - - [09/Apr/2023:05:17:59 +0200] "GET /hand-fatma-incense-stick-holder-p-54082.html HTTP/1.0" 200 76125 "-" "Mozilla/5.0 (compatible; AhrefsBot/7.0; +http://ahrefs.com/robot/)"
157.90.181.206 - - [09/Apr/2023:05:17:59 +0200] "GET /suspended-hanger-p-40449.html HTTP/1.0" 200 75979 "-" "Mozilla/5.0 (compatible; BLEXBot/1.0; +http://webmeup-crawler.com/)"
149.202.82.11 - - [09/Apr/2023:05:18:00 +0200] "GET /light-bulb-loop-p-42512.html HTTP/1.0" 200 73398 "-" "Mozilla/5.0 (compatible; MJ12bot/v1.4.8; http://mj12bot.com/)"
65.108.227.178 - - [09/Apr/2023:05:18:01 +0200] "GET /white-bear-pompon-p-46907.html HTTP/1.0" 200 76952 "-" "Mozilla/5.0 (compatible; MJ12bot/v1.4.8; http://mj12bot.com/)"
120.92.12.201 - - [09/Apr/2023:05:18:04 +0200] "GET /images/mini_prod/8421440081169.jpg HTTP/1.0" 200 269 "-" "Mozilla/5.0 (Macintosh; Intel Mac OS X 10_15_7) AppleWebKit/537.36 (KHTML, like Gecko) Chrome/110.0.0.0 Safari/537.36"
65.108.227.178 - - [09/Apr/2023:05:18:07 +0200] "GET /the-white-bear-by-pompon-10cm-p-46907.html HTTP/1.0" 301 77036 "-" "Mozilla/5.0 (compatible; MJ12bot/v1.4.8; http://mj12bot.com/)"
149.202.82.11 - - [09/Apr/2023:05:18:08 +0200] "GET /light-figurine-angel-and-nativity-p-37272.html HTTP/1.0" 301 73391 "-" "Mozilla/5.0 (compatible; MJ12bot/v1.4.8; http://mj12bot.com/)"
65.108.227.178 - - [09/Apr/2023:05:18:11 +0200] "GET /white-bear-pompon-p-46907.html HTTP/1.0" 200 76952 "-" "Mozilla/5.0 (compatible; MJ12bot/v1.4.8; http://mj12bot.com/)"
149.202.82.11 - - [09/Apr/2023:05:18:14 +0200] "GET /-p-37272.html HTTP/1.0" 200 73324 "-" "Mozilla/5.0 (compatible; MJ12bot/v1.4.8; http://mj12bot.com/)"
65.108.227.178 - - [09/Apr/2023:05:18:17 +0200] "GET /thermometer-metal-plate-deco-25-20-cm-we-serve-good-food-p-40001.html HTTP/1.0" 301 73631 "-" "Mozilla/5.0 (compatible; MJ12bot/v1.4.8; http://mj12bot.com/)"
65.108.227.178 - - [09/Apr/2023:05:18:20 +0200] "GET /thermometer-metal-plate-deco-serve-good-food-p-40001.html HTTP/1.0" 200 73520 "-" "Mozilla/5.0 (compatible; MJ12bot/v1.4.8; http://mj12bot.com/)"
149.202.82.11 - - [09/Apr/2023:05:18:22 +0200] "GET /light-holder-pentacle-black-soapstone-wicca-p-44680.html HTTP/1.0" 200 73560 "-" "Mozilla/5.0 (compatible; MJ12bot/v1.4.8; http://mj12bot.com/)"
65.108.227.178 - - [09/Apr/2023:05:18:24 +0200] "GET /thermometer-metal-plate-deco-serve-good-food-p-40001.html HTTP/1.0" 200 73520 "-" "Mozilla/5.0 (compatible; MJ12bot/v1.4.8; http://mj12bot.com/)"
65.108.227.178 - - [09/Apr/2023:05:18:28 +0200] "GET /thinkerbell-disney-figure-collection-by-britto-p-21427.html HTTP/1.0" 301 73391 "-" "Mozilla/5.0 (compatible; MJ12bot/v1.4.8; http://mj12bot.com/)"
149.202.82.11 - - [09/Apr/2023:05:18:29 +0200] "GET /light-wood-table-lamp-scandinavian-spirit-41-cm-p-52410.html HTTP/1.0" 301 73602 "-" "Mozilla/5.0 (compatible; MJ12bot/v1.4.8; http://mj12bot.com/)"
65.108.227.178 - - [09/Apr/2023:05:18:32 +0200] "GET /-p-21427.html HTTP/1.0" 200 73324 "-" "Mozilla/5.0 (compatible; MJ12bot/v1.4.8; http://mj12bot.com/)"
149.202.82.11 - - [09/Apr/2023:05:18:34 +0200] "GET /light-wood-table-lamp-scandinavian-spirit-p-52410.html HTTP/1.0" 200 73494 "-" "Mozilla/5.0 (compatible; MJ12bot/v1.4.8; http://mj12bot.com/)"
157.90.181.206 - - [09/Apr/2023:05:18:34 +0200] "GET /swallows-wall-sticker-p-52224.html HTTP/1.0" 200 76664 "-" "Mozilla/5.0 (compatible; BLEXBot/1.0; +http://webmeup-crawler.com/)"
65.108.227.178 - - [09/Apr/2023:05:18:37 +0200] "GET /thompson-and-thompson-keyring-p-12357.html HTTP/1.0" 301 73391 "-" "Mozilla/5.0 (compatible; MJ12bot/v1.4.8; http://mj12bot.com/)"
149.202.82.11 - - [09/Apr/2023:05:18:40 +0200] "GET /light-wood-table-lamp-scandinavian-spirit-p-52410.html HTTP/1.0" 200 73494 "-" "Mozilla/5.0 (compatible; MJ12bot/v1.4.8; http://mj12bot.com/)"
65.108.227.178 - - [09/Apr/2023:05:18:41 +0200] "GET /-p-12357.html HTTP/1.0" 200 73324 "-" "Mozilla/5.0 (compatible; MJ12bot/v1.4.8; http://mj12bot.com/)"
65.108.227.178 - - [09/Apr/2023:05:18:44 +0200] "GET /three-little-pigs-naf-naf-figure-p-3610.html HTTP/1.0" 301 73388 "-" "Mozilla/5.0 (compatible; MJ12bot/v1.4.8; http://mj12bot.com/)"
149.202.82.11 - - [09/Apr/2023:05:18:45 +0200] "GET /lilo-and-stitch-figurine-by-romero-britto-p-37676.html HTTP/1.0" 301 73565 "-" "Mozilla/5.0 (compatible; MJ12bot/v1.4.8; http://mj12bot.com/)"
65.108.227.178 - - [09/Apr/2023:05:18:48 +0200] "GET /-p-3610.html HTTP/1.0" 200 73322 "-" "Mozilla/5.0 (compatible; MJ12bot/v1.4.8; http://mj12bot.com/)"
65.108.227.178 - - [09/Apr/2023:05:18:51 +0200] "GET /tiana-princess-passion-figurine-p-52399.html HTTP/1.0" 200 77504 "-" "Mozilla/5.0 (compatible; MJ12bot/v1.4.8; http://mj12bot.com/)"
149.202.82.11 - - [09/Apr/2023:05:18:53 +0200] "GET /lilo-stitch-figurine-romero-britto-p-37676.html HTTP/1.0" 200 73464 "-" "Mozilla/5.0 (compatible; MJ12bot/v1.4.8; http://mj12bot.com/)"
65.108.227.178 - - [09/Apr/2023:05:18:55 +0200] "GET /tigger-winnie-the-pooh-disney-glitter-globe-p-33591.html HTTP/1.0" 301 73391 "-" "Mozilla/5.0 (compatible; MJ12bot/v1.4.8; http://mj12bot.com/)"
65.108.227.178 - - [09/Apr/2023:05:18:59 +0200] "GET /-p-33591.html HTTP/1.0" 200 73324 "-" "Mozilla/5.0 (compatible; MJ12bot/v1.4.8; http://mj12bot.com/)"
20.39.37.64 - - [09/Apr/2023:05:19:01 +0200] "GET /images/mini_prod/5701359690397.jpg HTTP/1.0" 200 269 "-" "Mozilla/5.0 (X11; Ubuntu; Linux x86_64; rv:72.0) Gecko/20100101 Firefox/72.0"
149.202.82.11 - - [09/Apr/2023:05:19:00 +0200] "GET /lilo-stitch-figurine-romero-britto-p-37676.html HTTP/1.0" 200 73464 "-" "Mozilla/5.0 (compatible; MJ12bot/v1.4.8; http://mj12bot.com/)"
65.108.227.178 - - [09/Apr/2023:05:19:03 +0200] "GET /tinker-bell-disney-figure-collection-by-britto-p-20774.html HTTP/1.0" 301 73391 "-" "Mozilla/5.0 (compatible; MJ12bot/v1.4.8; http://mj12bot.com/)"
65.108.227.178 - - [09/Apr/2023:05:19:06 +0200] "GET /-p-20774.html HTTP/1.0" 200 73324 "-" "Mozilla/5.0 (compatible; MJ12bot/v1.4.8; http://mj12bot.com/)"
157.90.181.206 - - [09/Apr/2023:05:19:07 +0200] "GET /sweet-black-women-shirt-p-30993.html HTTP/1.0" 200 77946 "-" "Mozilla/5.0 (compatible; BLEXBot/1.0; +http://webmeup-crawler.com/)"
149.202.82.11 - - [09/Apr/2023:05:19:09 +0200] "GET /limited-edition-swarovski-kimmidoll-dolls-15-cm-p-37418.html HTTP/1.0" 301 73592 "-" "Mozilla/5.0 (compatible; MJ12bot/v1.4.8; http://mj12bot.com/)"
65.108.227.178 - - [09/Apr/2023:05:19:10 +0200] "GET /tinker-bell-disney-grand-jester-figure-collection-p-26688.html HTTP/1.0" 301 73391 "-" "Mozilla/5.0 (compatible; MJ12bot/v1.4.8; http://mj12bot.com/)"
65.108.227.178 - - [09/Apr/2023:05:19:13 +0200] "GET /-p-26688.html HTTP/1.0" 200 73324 "-" "Mozilla/5.0 (compatible; MJ12bot/v1.4.8; http://mj12bot.com/)"
149.202.82.11 - - [09/Apr/2023:05:19:14 +0200] "GET /limited-edition-swarovski-kimmidoll-dolls-p-37418.html HTTP/1.0" 200 73484 "-" "Mozilla/5.0 (compatible; MJ12bot/v1.4.8; http://mj12bot.com/)"
65.108.227.178 - - [09/Apr/2023:05:19:17 +0200] "GET /tinker-bell-figurine-collection-disney-traditions-fun-elf-p-20188.html HTTP/1.0" 301 77133 "-" "Mozilla/5.0 (compatible; MJ12bot/v1.4.8; http://mj12bot.com/)"
149.202.82.11 - - [09/Apr/2023:05:19:20 +0200] "GET /limited-edition-swarovski-kimmidoll-dolls-15-cm-p-37419.html HTTP/1.0" 301 73592 "-" "Mozilla/5.0 (compatible; MJ12bot/v1.4.8; http://mj12bot.com/)"
65.108.227.178 - - [09/Apr/2023:05:19:20 +0200] "GET /tinker-bell-figurine-collection-disney-traditions-p-20188.html HTTP/1.0" 200 77017 "-" "Mozilla/5.0 (compatible; MJ12bot/v1.4.8; http://mj12bot.com/)"
65.108.227.178 - - [09/Apr/2023:05:19:24 +0200] "GET /tinker-bell-figurine-collection-disney-traditions-p-20188.html HTTP/1.0" 200 77017 "-" "Mozilla/5.0 (compatible; MJ12bot/v1.4.8; http://mj12bot.com/)"
149.202.82.11 - - [09/Apr/2023:05:19:24 +0200] "GET /limited-edition-swarovski-kimmidoll-dolls-p-37419.html HTTP/1.0" 200 73484 "-" "Mozilla/5.0 (compatible; MJ12bot/v1.4.8; http://mj12bot.com/)"
65.108.227.178 - - [09/Apr/2023:05:19:28 +0200] "GET /tinker-bell-spring-figure-collection-disney-traditions-p-31439.html HTTP/1.0" 301 73391 "-" "Mozilla/5.0 (compatible; MJ12bot/v1.4.8; http://mj12bot.com/)"
66.249.64.198 - - [09/Apr/2023:05:19:31 +0200] "GET /ceramic-planter-p-55310.html HTTP/1.0" 200 76668 "-" "Mozilla/5.0 (compatible; Googlebot/2.1; +http://www.google.com/bot.html)"
65.108.227.178 - - [09/Apr/2023:05:19:32 +0200] "GET /-p-31439.html HTTP/1.0" 200 73324 "-" "Mozilla/5.0 (compatible; MJ12bot/v1.4.8; http://mj12bot.com/)"
65.108.227.178 - - [09/Apr/2023:05:19:36 +0200] "GET /tinkerbell-collection-box-by-romano-britto-p-20287.html HTTP/1.0" 301 73391 "-" "Mozilla/5.0 (compatible; MJ12bot/v1.4.8; http://mj12bot.com/)"
54.36.149.106 - - [09/Apr/2023:05:19:36 +0200] "GET /esotericism-lithotherapy-c-174.html?page=2 HTTP/1.0" 200 93600 "-" "Mozilla/5.0 (compatible; AhrefsBot/7.0; +http://ahrefs.com/robot/)"
149.202.82.11 - - [09/Apr/2023:05:19:37 +0200] "GET /limited-edition-swarovski-kimmidoll-dolls-p-37418.html HTTP/1.0" 200 73484 "-" "Mozilla/5.0 (compatible; MJ12bot/v1.4.8; http://mj12bot.com/)"
54.36.149.24 - - [09/Apr/2023:05:19:39 +0200] "GET /images/mini_prod/8720088296851.jpg HTTP/1.0" 200 269 "-" "Mozilla/5.0 (compatible; AhrefsBot/7.0; +http://ahrefs.com/robot/)"
54.36.148.180 - - [09/Apr/2023:05:19:39 +0200] "GET /images/mini_prod/8720088298565.jpg HTTP/1.0" 200 269 "-" "Mozilla/5.0 (compatible; AhrefsBot/7.0; +http://ahrefs.com/robot/)"
54.36.148.188 - - [09/Apr/2023:05:19:39 +0200] "GET /images/mini_prod/8720088291122.jpg HTTP/1.0" 200 269 "-" "Mozilla/5.0 (compatible; AhrefsBot/7.0; +http://ahrefs.com/robot/)"
65.108.227.178 - - [09/Apr/2023:05:19:39 +0200] "GET /-p-20287.html HTTP/1.0" 200 73324 "-" "Mozilla/5.0 (compatible; MJ12bot/v1.4.8; http://mj12bot.com/)"
54.36.149.51 - - [09/Apr/2023:05:19:40 +0200] "GET /images/mini_prod/8719497617999.jpg HTTP/1.0" 200 269 "-" "Mozilla/5.0 (compatible; AhrefsBot/7.0; +http://ahrefs.com/robot/)"
54.36.149.61 - - [09/Apr/2023:05:19:40 +0200] "GET /images/mini_prod/8718657466019.jpg HTTP/1.0" 200 269 "-" "Mozilla/5.0 (compatible; AhrefsBot/7.0; +http://ahrefs.com/robot/)"
54.36.149.100 - - [09/Apr/2023:05:19:41 +0200] "GET /images/mini_prod/8719497617951.jpg HTTP/1.0" 200 269 "-" "Mozilla/5.0 (compatible; AhrefsBot/7.0; +http://ahrefs.com/robot/)"
54.36.149.34 - - [09/Apr/2023:05:19:41 +0200] "GET /images/mini_prod/8720088297254.jpg HTTP/1.0" 200 269 "-" "Mozilla/5.0 (compatible; AhrefsBot/7.0; +http://ahrefs.com/robot/)"
54.36.148.238 - - [09/Apr/2023:05:19:41 +0200] "GET /images/mini_prod/8499113781784.jpg HTTP/1.0" 200 269 "-" "Mozilla/5.0 (compatible; AhrefsBot/7.0; +http://ahrefs.com/robot/)"
54.36.148.242 - - [09/Apr/2023:05:19:41 +0200] "GET /images/mini_prod/8499113781760.jpg HTTP/1.0" 200 269 "-" "Mozilla/5.0 (compatible; AhrefsBot/7.0; +http://ahrefs.com/robot/)"
54.163.56.117 - - [09/Apr/2023:05:19:41 +0200] "GET /images/mini_prod/B8422666661524B.jpg HTTP/1.0" 200 271 "-" "Mozilla/5.0 (X11; Ubuntu; Linux x86_64; rv:72.0) Gecko/20100101 Firefox/72.0"
54.36.148.254 - - [09/Apr/2023:05:19:41 +0200] "GET /images/mini_prod/8719172832006.jpg HTTP/1.0" 200 269 "-" "Mozilla/5.0 (compatible; AhrefsBot/7.0; +http://ahrefs.com/robot/)"
54.36.149.77 - - [09/Apr/2023:05:19:42 +0200] "GET /images/mini_prod/8720088291108.jpg HTTP/1.0" 200 269 "-" "Mozilla/5.0 (compatible; AhrefsBot/7.0; +http://ahrefs.com/robot/)"
54.36.148.80 - - [09/Apr/2023:05:19:42 +0200] "GET /images/mini_prod/8719497615278.jpg HTTP/1.0" 200 269 "-" "Mozilla/5.0 (compatible; AhrefsBot/7.0; +http://ahrefs.com/robot/)"
54.36.148.40 - - [09/Apr/2023:05:19:42 +0200] "GET /images/mini_prod/8499113781791.jpg HTTP/1.0" 200 269 "-" "Mozilla/5.0 (compatible; AhrefsBot/7.0; +http://ahrefs.com/robot/)"
54.36.148.110 - - [09/Apr/2023:05:19:42 +0200] "GET /images/mini_prod/8720088298626.jpg HTTP/1.0" 200 269 "-" "Mozilla/5.0 (compatible; AhrefsBot/7.0; +http://ahrefs.com/robot/)"
149.202.82.11 - - [09/Apr/2023:05:19:41 +0200] "GET /limited-edition-swarovski-kimmidoll-dolls-p-37419.html HTTP/1.0" 200 73484 "-" "Mozilla/5.0 (compatible; MJ12bot/v1.4.8; http://mj12bot.com/)"
157.90.181.206 - - [09/Apr/2023:05:19:41 +0200] "GET /sweet-black-women-shirt-p-30994.html HTTP/1.0" 200 77953 "-" "Mozilla/5.0 (compatible; BLEXBot/1.0; +http://webmeup-crawler.com/)"
54.36.148.182 - - [09/Apr/2023:05:19:43 +0200] "GET /images/mini_prod/8718657461472.jpg HTTP/1.0" 200 269 "-" "Mozilla/5.0 (compatible; AhrefsBot/7.0; +http://ahrefs.com/robot/)"
65.108.227.178 - - [09/Apr/2023:05:19:43 +0200] "GET /tinkerbell-figure-p-2869.html HTTP/1.0" 301 73388 "-" "Mozilla/5.0 (compatible; MJ12bot/v1.4.8; http://mj12bot.com/)"
149.202.82.11 - - [09/Apr/2023:05:19:45 +0200] "GET /lion-trophy-statuette-p-55722.html HTTP/1.0" 301 73516 "-" "Mozilla/5.0 (compatible; MJ12bot/v1.4.8; http://mj12bot.com/)"
65.108.227.178 - - [09/Apr/2023:05:19:46 +0200] "GET /-p-2869.html HTTP/1.0" 200 73322 "-" "Mozilla/5.0 (compatible; MJ12bot/v1.4.8; http://mj12bot.com/)"
65.108.227.178 - - [09/Apr/2023:05:19:51 +0200] "GET /tinkerbell-flower-fairy-disney-figure-disney-traditions-p-24347.html HTTP/1.0" 301 73391 "-" "Mozilla/5.0 (compatible; MJ12bot/v1.4.8; http://mj12bot.com/)"
149.202.82.11 - - [09/Apr/2023:05:19:55 +0200] "GET /lion-trophy-wall-decoration-p-55722.html HTTP/1.0" 200 73422 "-" "Mozilla/5.0 (compatible; MJ12bot/v1.4.8; http://mj12bot.com/)"
