147.92.153.5 - - [09/Apr/2023:04:32:04 +0200] "GET /swfobject.js HTTP/1.0" 404 1308 "http://www.wonder-geek.com/boxes-storage-ceramics-c-13_150_219.html" "Mozilla/5.0 (Linux; U; Android 2.2) AppleWebKit/533.1 (KHTML, like Gecko) Version/4.0 Mobile Safari/533.1"
149.202.82.11 - - [09/Apr/2023:04:32:05 +0200] "GET /cats-bees-mini-rectangular-tray-p-54906.html HTTP/1.0" 200 76753 "-" "Mozilla/5.0 (compatible; MJ12bot/v1.4.8; http://mj12bot.com/)"
91.137.17.190 - - [09/Apr/2023:04:32:07 +0200] "GET /-p-38546.html HTTP/1.0" 200 73324 "-" "Mozilla/5.0 (compatible; MJ12bot/v1.4.8; http://mj12bot.com/)"
147.92.153.14 - - [09/Apr/2023:04:32:10 +0200] "GET /images/big_prod/3555461023718.jpg HTTP/1.0" 200 268 "-" "Mozilla/5.0 (compatible; Linespider/1.1; +https://lin.ee/4dwXkTH)"
147.92.153.18 - - [09/Apr/2023:04:32:10 +0200] "GET /metallic-silver-gorilla-ceramic-statue-p-60345.html HTTP/1.0" 200 77236 "-" "Mozilla/5.0 (Linux; U; Android 2.2) AppleWebKit/533.1 (KHTML, like Gecko) Version/4.0 Mobile Safari/533.1"
65.108.227.178 - - [09/Apr/2023:04:32:11 +0200] "GET /-p-38308.html HTTP/1.0" 200 73324 "-" "Mozilla/5.0 (compatible; MJ12bot/v1.4.8; http://mj12bot.com/)"
91.137.17.190 - - [09/Apr/2023:04:32:12 +0200] "GET /white-ganesh-statue-p-38546.html HTTP/1.0" 301 73391 "-" "Mozilla/5.0 (compatible; MJ12bot/v1.4.8; http://mj12bot.com/)"
54.36.148.128 - - [09/Apr/2023:04:32:16 +0200] "GET /rectangular-tray-robin-family-p-58526.html HTTP/1.0" 200 76715 "-" "Mozilla/5.0 (compatible; AhrefsBot/7.0; +http://ahrefs.com/robot/)"
91.137.17.190 - - [09/Apr/2023:04:32:16 +0200] "GET /-p-38546.html HTTP/1.0" 200 73324 "-" "Mozilla/5.0 (compatible; MJ12bot/v1.4.8; http://mj12bot.com/)"
147.92.153.17 - - [09/Apr/2023:04:32:18 +0200] "GET /paper-towel-dispenser-c-12_253.html HTTP/1.0" 200 81463 "-" "Mozilla/5.0 (Linux; U; Android 2.2) AppleWebKit/533.1 (KHTML, like Gecko) Version/4.0 Mobile Safari/533.1"
54.36.148.141 - - [09/Apr/2023:04:32:20 +0200] "GET /images/big_prod_1/8712159180084B.jpg HTTP/1.0" 200 271 "-" "Mozilla/5.0 (compatible; AhrefsBot/7.0; +http://ahrefs.com/robot/)"
91.137.17.190 - - [09/Apr/2023:04:32:23 +0200] "GET /white-natural-wooden-p-55030.html HTTP/1.0" 301 76947 "-" "Mozilla/5.0 (compatible; MJ12bot/v1.4.8; http://mj12bot.com/)"
149.202.82.11 - - [09/Apr/2023:04:32:25 +0200] "GET /ceramic-cork-trivet-cement-tiles-p-59252.html HTTP/1.0" 200 76981 "-" "Mozilla/5.0 (compatible; MJ12bot/v1.4.8; http://mj12bot.com/)"
65.108.227.178 - - [09/Apr/2023:04:32:26 +0200] "GET /mickey-and-minnie-with-hearts-figurine-collection-p-33569.html HTTP/1.0" 301 73391 "-" "Mozilla/5.0 (compatible; MJ12bot/v1.4.8; http://mj12bot.com/)"
147.92.153.7 - - [09/Apr/2023:04:32:26 +0200] "GET /umbrellas-c-31_16.html HTTP/1.0" 200 88340 "-" "Mozilla/5.0 (Linux; U; Android 2.2) AppleWebKit/533.1 (KHTML, like Gecko) Version/4.0 Mobile Safari/533.1"
91.137.17.190 - - [09/Apr/2023:04:32:29 +0200] "GET /mini-white-natural-wooden-p-55030.html HTTP/1.0" 200 76855 "-" "Mozilla/5.0 (compatible; MJ12bot/v1.4.8; http://mj12bot.com/)"
91.137.17.190 - - [09/Apr/2023:04:32:35 +0200] "GET /white-origami-panther-statue-47-cm-p-37288.html HTTP/1.0" 301 73391 "-" "Mozilla/5.0 (compatible; MJ12bot/v1.4.8; http://mj12bot.com/)"
147.92.153.12 - - [09/Apr/2023:04:32:34 +0200] "GET /holders-c-13_150_201.html HTTP/1.0" 200 91981 "-" "Mozilla/5.0 (Linux; U; Android 2.2) AppleWebKit/533.1 (KHTML, like Gecko) Version/4.0 Mobile Safari/533.1"
157.90.181.206 - - [09/Apr/2023:04:32:35 +0200] "GET /stop-wooden-plate-p-37742.html HTTP/1.0" 200 75992 "-" "Mozilla/5.0 (compatible; BLEXBot/1.0; +http://webmeup-crawler.com/)"
149.202.82.11 - - [09/Apr/2023:04:32:36 +0200] "GET /chat-noir-poster-p-14405.html HTTP/1.0" 301 73391 "-" "Mozilla/5.0 (compatible; MJ12bot/v1.4.8; http://mj12bot.com/)"
91.137.17.190 - - [09/Apr/2023:04:32:39 +0200] "GET /-p-37288.html HTTP/1.0" 200 73324 "-" "Mozilla/5.0 (compatible; MJ12bot/v1.4.8; http://mj12bot.com/)"
65.108.227.178 - - [09/Apr/2023:04:32:41 +0200] "GET /-p-33569.html HTTP/1.0" 200 73324 "-" "Mozilla/5.0 (compatible; MJ12bot/v1.4.8; http://mj12bot.com/)"
147.92.153.16 - - [09/Apr/2023:04:32:43 +0200] "GET /plates-cups-c-12_58.html HTTP/1.0" 200 82056 "-" "Mozilla/5.0 (Linux; U; Android 2.2) AppleWebKit/533.1 (KHTML, like Gecko) Version/4.0 Mobile Safari/533.1"
91.137.17.190 - - [09/Apr/2023:04:32:45 +0200] "GET /white-origami-panther-statue-p-37288.html HTTP/1.0" 301 73391 "-" "Mozilla/5.0 (compatible; MJ12bot/v1.4.8; http://mj12bot.com/)"
51.68.224.127 - - [09/Apr/2023:04:32:48 +0200] "GET /adminweb/export_orders_xml.php?token=256de2z6edz6ed2z6DFSFsed2zed6zeDSFDSGdzedezfzf&maxorders=10&orderstart=1&status=14&start_date=2018-10-01 HTTP/1.0" 200 285 "-" "GesCom CharlotteBoutik Serveur"
51.68.224.127 - - [09/Apr/2023:04:32:48 +0200] "GET /adminweb/export_orders_xml.php?token=256de2z6edz6ed2z6DFSFsed2zed6zeDSFDSGdzedezfzf&maxorders=10&orderstart=1&status=6&start_date=2018-10-01 HTTP/1.0" 200 33887 "-" "GesCom CharlotteBoutik Serveur"
65.108.227.178 - - [09/Apr/2023:04:32:51 +0200] "GET /mickey-fantasia-heart-collector-figure-p-18002.html HTTP/1.0" 301 73391 "-" "Mozilla/5.0 (compatible; MJ12bot/v1.4.8; http://mj12bot.com/)"
91.137.17.190 - - [09/Apr/2023:04:32:51 +0200] "GET /-p-37288.html HTTP/1.0" 200 73324 "-" "Mozilla/5.0 (compatible; MJ12bot/v1.4.8; http://mj12bot.com/)"
147.92.153.4 - - [09/Apr/2023:04:32:51 +0200] "GET /towel-bath-towels-c-11_70.html HTTP/1.0" 200 93345 "-" "Mozilla/5.0 (Linux; U; Android 2.2) AppleWebKit/533.1 (KHTML, like Gecko) Version/4.0 Mobile Safari/533.1"
149.202.82.11 - - [09/Apr/2023:04:32:54 +0200] "GET /-p-14405.html HTTP/1.0" 200 73324 "-" "Mozilla/5.0 (compatible; MJ12bot/v1.4.8; http://mj12bot.com/)"
65.108.227.178 - - [09/Apr/2023:04:32:57 +0200] "GET /-p-18002.html HTTP/1.0" 200 73324 "-" "Mozilla/5.0 (compatible; MJ12bot/v1.4.8; http://mj12bot.com/)"
91.137.17.190 - - [09/Apr/2023:04:32:57 +0200] "GET /white-owl-perfume-diffuser-p-31890.html HTTP/1.0" 301 73391 "-" "Mozilla/5.0 (compatible; MJ12bot/v1.4.8; http://mj12bot.com/)"
147.92.153.15 - - [09/Apr/2023:04:32:59 +0200] "GET /stationery-cardmaking-c-129.html HTTP/1.0" 200 95377 "-" "Mozilla/5.0 (Linux; U; Android 2.2) AppleWebKit/533.1 (KHTML, like Gecko) Version/4.0 Mobile Safari/533.1"
91.137.17.190 - - [09/Apr/2023:04:33:01 +0200] "GET /-p-31890.html HTTP/1.0" 200 73324 "-" "Mozilla/5.0 (compatible; MJ12bot/v1.4.8; http://mj12bot.com/)"
91.137.17.190 - - [09/Apr/2023:04:33:06 +0200] "GET /white-perfume-diffuser-p-31890.html HTTP/1.0" 301 73391 "-" "Mozilla/5.0 (compatible; MJ12bot/v1.4.8; http://mj12bot.com/)"
147.92.153.7 - - [09/Apr/2023:04:33:07 +0200] "GET /cushions-draft-excluders-c-11_71_316.html HTTP/1.0" 200 88817 "-" "Mozilla/5.0 (Linux; U; Android 2.2) AppleWebKit/533.1 (KHTML, like Gecko) Version/4.0 Mobile Safari/533.1"
157.90.181.206 - - [09/Apr/2023:04:33:07 +0200] "GET /storage-cups-c-12_159_264.html?page=1 HTTP/1.0" 200 93288 "-" "Mozilla/5.0 (compatible; BLEXBot/1.0; +http://webmeup-crawler.com/)"
157.55.39.206 - - [09/Apr/2023:04:33:09 +0200] "GET /little-prince-exupry-paris-p-57944.html HTTP/1.0" 200 76994 "-" "Mozilla/5.0 AppleWebKit/537.36 (KHTML, like Gecko; compatible; bingbot/2.0; +http://www.bing.com/bingbot.htm) Chrome/103.0.5060.134 Safari/537.36"
149.202.82.11 - - [09/Apr/2023:04:33:10 +0200] "GET /chat-noir-sugar-p-41054.html HTTP/1.0" 301 73391 "-" "Mozilla/5.0 (compatible; MJ12bot/v1.4.8; http://mj12bot.com/)"
91.137.17.190 - - [09/Apr/2023:04:33:12 +0200] "GET /-p-31890.html HTTP/1.0" 200 73324 "-" "Mozilla/5.0 (compatible; MJ12bot/v1.4.8; http://mj12bot.com/)"
65.108.227.178 - - [09/Apr/2023:04:33:15 +0200] "GET /mickey-figure-collection-by-romero-britto-p-52400.html HTTP/1.0" 301 73577 "-" "Mozilla/5.0 (compatible; MJ12bot/v1.4.8; http://mj12bot.com/)"
147.92.153.6 - - [09/Apr/2023:04:33:16 +0200] "GET /pencil-c-129_183.html HTTP/1.0" 200 93341 "-" "Mozilla/5.0 (Linux; U; Android 2.2) AppleWebKit/533.1 (KHTML, like Gecko) Version/4.0 Mobile Safari/533.1"
91.137.17.190 - - [09/Apr/2023:04:33:17 +0200] "GET /white-statue-p-37588.html HTTP/1.0" 200 73411 "-" "Mozilla/5.0 (compatible; MJ12bot/v1.4.8; http://mj12bot.com/)"
91.137.17.190 - - [09/Apr/2023:04:33:22 +0200] "GET /white-wooden-aged-appearance-medium-model-p-52442.html HTTP/1.0" 200 73494 "-" "Mozilla/5.0 (compatible; MJ12bot/v1.4.8; http://mj12bot.com/)"
149.202.82.11 - - [09/Apr/2023:04:33:25 +0200] "GET /-p-41054.html HTTP/1.0" 200 73324 "-" "Mozilla/5.0 (compatible; MJ12bot/v1.4.8; http://mj12bot.com/)"
147.92.153.11 - - [09/Apr/2023:04:33:24 +0200] "GET /collectible-figurines-decorative-c-13_135.html HTTP/1.0" 200 96770 "-" "Mozilla/5.0 (Linux; U; Android 2.2) AppleWebKit/533.1 (KHTML, like Gecko) Version/4.0 Mobile Safari/533.1"
91.137.17.190 - - [09/Apr/2023:04:33:28 +0200] "GET /white-wooden-aged-appearance-small-model-p-52441.html HTTP/1.0" 200 73490 "-" "Mozilla/5.0 (compatible; MJ12bot/v1.4.8; http://mj12bot.com/)"
65.108.227.178 - - [09/Apr/2023:04:33:31 +0200] "GET /mickey-figure-collection-romero-britto-p-52400.html HTTP/1.0" 200 73472 "-" "Mozilla/5.0 (compatible; MJ12bot/v1.4.8; http://mj12bot.com/)"
91.137.17.190 - - [09/Apr/2023:04:33:33 +0200] "GET /white-wooden-aged-appearance-tall-model-p-52443.html HTTP/1.0" 200 73486 "-" "Mozilla/5.0 (compatible; MJ12bot/v1.4.8; http://mj12bot.com/)"
147.92.153.5 - - [09/Apr/2023:04:33:33 +0200] "GET /pitchers-drink-dispensers-c-12_243.html HTTP/1.0" 200 92687 "-" "Mozilla/5.0 (Linux; U; Android 2.2) AppleWebKit/533.1 (KHTML, like Gecko) Version/4.0 Mobile Safari/533.1"
157.90.181.206 - - [09/Apr/2023:04:33:41 +0200] "GET /storax-aromatika-incense-sticks-p-58250.html HTTP/1.0" 200 76714 "-" "Mozilla/5.0 (compatible; BLEXBot/1.0; +http://webmeup-crawler.com/)"
147.92.153.16 - - [09/Apr/2023:04:33:41 +0200] "GET /butter-dish-c-12_222.html HTTP/1.0" 200 81482 "-" "Mozilla/5.0 (Linux; U; Android 2.2) AppleWebKit/533.1 (KHTML, like Gecko) Version/4.0 Mobile Safari/533.1"
91.137.17.190 - - [09/Apr/2023:04:33:41 +0200] "GET /white-wooden-box-aged-appearance-medium-model-p-52442.html HTTP/1.0" 301 73602 "-" "Mozilla/5.0 (compatible; MJ12bot/v1.4.8; http://mj12bot.com/)"
65.108.227.178 - - [09/Apr/2023:04:33:44 +0200] "GET /mickey-figure-collection-romero-britto-p-52400.html HTTP/1.0" 200 73472 "-" "Mozilla/5.0 (compatible; MJ12bot/v1.4.8; http://mj12bot.com/)"
149.202.82.11 - - [09/Apr/2023:04:33:44 +0200] "GET /chat-noir-thophile-alexandre-steinlen-figurine-p-38936.html HTTP/1.0" 200 76974 "-" "Mozilla/5.0 (compatible; MJ12bot/v1.4.8; http://mj12bot.com/)"
91.137.17.190 - - [09/Apr/2023:04:33:45 +0200] "GET /white-wooden-aged-appearance-medium-model-p-52442.html HTTP/1.0" 200 73494 "-" "Mozilla/5.0 (compatible; MJ12bot/v1.4.8; http://mj12bot.com/)"
54.36.148.111 - - [09/Apr/2023:04:33:46 +0200] "GET /horse-cookware-cbkreation-p-29752.html HTTP/1.0" 200 75988 "-" "Mozilla/5.0 (compatible; AhrefsBot/7.0; +http://ahrefs.com/robot/)"
216.244.66.242 - - [09/Apr/2023:04:33:48 +0200] "GET /best-breakfast-cutting-board-p-40645.html HTTP/1.0" 200 76072 "-" "Mozilla/5.0 (compatible; DotBot/1.2; +https://opensiteexplorer.org/dotbot; help@moz.com)"
147.92.153.9 - - [09/Apr/2023:04:33:49 +0200] "GET /personalized-products-c-97.html HTTP/1.0" 200 93231 "-" "Mozilla/5.0 (Linux; U; Android 2.2) AppleWebKit/533.1 (KHTML, like Gecko) Version/4.0 Mobile Safari/533.1"
91.137.17.190 - - [09/Apr/2023:04:33:51 +0200] "GET /white-wooden-box-aged-appearance-small-model-p-52441.html HTTP/1.0" 301 73597 "-" "Mozilla/5.0 (compatible; MJ12bot/v1.4.8; http://mj12bot.com/)"
65.108.227.178 - - [09/Apr/2023:04:33:52 +0200] "GET /mickey-figurine-collection-december-p-24334.html HTTP/1.0" 301 73391 "-" "Mozilla/5.0 (compatible; MJ12bot/v1.4.8; http://mj12bot.com/)"
216.244.66.242 - - [09/Apr/2023:04:33:56 +0200] "GET /images/3606041223834BLROUGE.JPG HTTP/1.0" 200 266 "-" "Mozilla/5.0 (compatible; DotBot/1.2; +https://opensiteexplorer.org/dotbot; help@moz.com)"
149.202.82.11 - - [09/Apr/2023:04:33:55 +0200] "GET /chocolat-metal-chocolate-p-46826.html HTTP/1.0" 301 73391 "-" "Mozilla/5.0 (compatible; MJ12bot/v1.4.8; http://mj12bot.com/)"
91.137.17.190 - - [09/Apr/2023:04:33:57 +0200] "GET /white-wooden-aged-appearance-small-model-p-52441.html HTTP/1.0" 200 73490 "-" "Mozilla/5.0 (compatible; MJ12bot/v1.4.8; http://mj12bot.com/)"
147.92.153.17 - - [09/Apr/2023:04:33:57 +0200] "GET /earrings-c-3_242.html HTTP/1.0" 200 86263 "-" "Mozilla/5.0 (Linux; U; Android 2.2) AppleWebKit/533.1 (KHTML, like Gecko) Version/4.0 Mobile Safari/533.1"
65.108.227.178 - - [09/Apr/2023:04:34:01 +0200] "GET /-p-24334.html HTTP/1.0" 200 73324 "-" "Mozilla/5.0 (compatible; MJ12bot/v1.4.8; http://mj12bot.com/)"
216.244.66.242 - - [09/Apr/2023:04:34:02 +0200] "GET /table-setting/coffee-cups-c-97_99_104.html HTTP/1.0" 301 72327 "-" "Mozilla/5.0 (compatible; DotBot/1.2; +https://opensiteexplorer.org/dotbot; help@moz.com)"
91.137.17.190 - - [09/Apr/2023:04:34:02 +0200] "GET /white-wooden-box-aged-appearance-tall-model-p-52443.html HTTP/1.0" 301 73592 "-" "Mozilla/5.0 (compatible; MJ12bot/v1.4.8; http://mj12bot.com/)"
64.253.38.74 - - [09/Apr/2023:04:34:05 +0200] "GET /images/mini_prod/3585190668607.jpg HTTP/1.0" 200 269 "-" "Mozilla/5.0 (X11; Ubuntu; Linux x86_64; rv:72.0) Gecko/20100101 Firefox/72.0"
147.92.153.19 - - [09/Apr/2023:04:34:05 +0200] "GET /hands-heart-ceramic-statue-p-60352.html HTTP/1.0" 200 77078 "-" "Mozilla/5.0 (Linux; U; Android 2.2) AppleWebKit/533.1 (KHTML, like Gecko) Version/4.0 Mobile Safari/533.1"
65.108.227.178 - - [09/Apr/2023:04:34:06 +0200] "GET /mickey-minnie-mouse-musical-p-38308.html HTTP/1.0" 301 73391 "-" "Mozilla/5.0 (compatible; MJ12bot/v1.4.8; http://mj12bot.com/)"
91.137.17.190 - - [09/Apr/2023:04:34:09 +0200] "GET /white-wooden-aged-appearance-tall-model-p-52443.html HTTP/1.0" 200 73486 "-" "Mozilla/5.0 (compatible; MJ12bot/v1.4.8; http://mj12bot.com/)"
20.39.37.64 - - [09/Apr/2023:04:34:12 +0200] "GET /images/mini_prod/8433933178423.jpg HTTP/1.0" 200 269 "-" "Mozilla/5.0 (X11; Ubuntu; Linux x86_64; rv:72.0) Gecko/20100101 Firefox/72.0"
149.202.82.11 - - [09/Apr/2023:04:34:11 +0200] "GET /-p-46826.html HTTP/1.0" 200 73324 "-" "Mozilla/5.0 (compatible; MJ12bot/v1.4.8; http://mj12bot.com/)"
91.137.17.190 - - [09/Apr/2023:04:34:13 +0200] "GET /wick-ellipse-candle-heart-and-home-home-for-christmas-p-53317.html HTTP/1.0" 301 73630 "-" "Mozilla/5.0 (compatible; MJ12bot/v1.4.8; http://mj12bot.com/)"
157.90.181.206 - - [09/Apr/2023:04:34:13 +0200] "GET /storing-winter-mini-rectangular-tray-p-58508.html HTTP/1.0" 200 76801 "-" "Mozilla/5.0 (compatible; BLEXBot/1.0; +http://webmeup-crawler.com/)"
147.92.153.14 - - [09/Apr/2023:04:34:13 +0200] "GET /boxers-c-53_139.html HTTP/1.0" 200 72215 "-" "Mozilla/5.0 (Linux; U; Android 2.2) AppleWebKit/533.1 (KHTML, like Gecko) Version/4.0 Mobile Safari/533.1"
65.108.227.178 - - [09/Apr/2023:04:34:16 +0200] "GET /-p-38308.html HTTP/1.0" 200 73324 "-" "Mozilla/5.0 (compatible; MJ12bot/v1.4.8; http://mj12bot.com/)"
91.137.17.190 - - [09/Apr/2023:04:34:20 +0200] "GET /wick-ellipse-candle-heart-home-home-christmas-p-53317.html HTTP/1.0" 200 73518 "-" "Mozilla/5.0 (compatible; MJ12bot/v1.4.8; http://mj12bot.com/)"
149.202.82.11 - - [09/Apr/2023:04:34:22 +0200] "GET /christmas-mickey-minnie-mouse-figurine-p-58608.html HTTP/1.0" 200 77683 "-" "Mozilla/5.0 (compatible; MJ12bot/v1.4.8; http://mj12bot.com/)"
147.92.153.20 - - [09/Apr/2023:04:34:21 +0200] "GET /linen-c-11_68.html HTTP/1.0" 200 93818 "-" "Mozilla/5.0 (Linux; U; Android 2.2) AppleWebKit/533.1 (KHTML, like Gecko) Version/4.0 Mobile Safari/533.1"
91.137.17.190 - - [09/Apr/2023:04:34:25 +0200] "GET /wick-ellipse-candle-heart-home-home-christmas-p-53317.html HTTP/1.0" 200 73518 "-" "Mozilla/5.0 (compatible; MJ12bot/v1.4.8; http://mj12bot.com/)"
65.108.227.178 - - [09/Apr/2023:04:34:27 +0200] "GET /mickey-mouse-by-romero-britto-limited-edition-p-39116.html HTTP/1.0" 301 73391 "-" "Mozilla/5.0 (compatible; MJ12bot/v1.4.8; http://mj12bot.com/)"
147.92.153.3 - - [09/Apr/2023:04:34:30 +0200] "GET /socks-c-2_142.html HTTP/1.0" 200 82314 "-" "Mozilla/5.0 (Linux; U; Android 2.2) AppleWebKit/533.1 (KHTML, like Gecko) Version/4.0 Mobile Safari/533.1"
91.137.17.190 - - [09/Apr/2023:04:34:30 +0200] "GET /wild-porcelain-bowl-480-ml-p-40247.html HTTP/1.0" 301 73391 "-" "Mozilla/5.0 (compatible; MJ12bot/v1.4.8; http://mj12bot.com/)"
91.137.17.190 - - [09/Apr/2023:04:34:35 +0200] "GET /-p-40247.html HTTP/1.0" 200 73324 "-" "Mozilla/5.0 (compatible; MJ12bot/v1.4.8; http://mj12bot.com/)"
157.55.39.206 - - [09/Apr/2023:04:34:36 +0200] "GET /bookend-pigs-p-44630.html HTTP/1.0" 200 75900 "-" "Mozilla/5.0 AppleWebKit/537.36 (KHTML, like Gecko; compatible; bingbot/2.0; +http://www.bing.com/bingbot.htm) Chrome/103.0.5060.134 Safari/537.36"
65.108.227.178 - - [09/Apr/2023:04:34:39 +0200] "GET /-p-39116.html HTTP/1.0" 200 73324 "-" "Mozilla/5.0 (compatible; MJ12bot/v1.4.8; http://mj12bot.com/)"
147.92.153.2 - - [09/Apr/2023:04:34:38 +0200] "GET /alarms-clocks-c-13_65.html HTTP/1.0" 200 93837 "-" "Mozilla/5.0 (Linux; U; Android 2.2) AppleWebKit/533.1 (KHTML, like Gecko) Version/4.0 Mobile Safari/533.1"
91.137.17.190 - - [09/Apr/2023:04:34:40 +0200] "GET /wild-porcelain-bowl-p-40247.html HTTP/1.0" 301 73391 "-" "Mozilla/5.0 (compatible; MJ12bot/v1.4.8; http://mj12bot.com/)"
149.202.82.11 - - [09/Apr/2023:04:34:40 +0200] "GET /christmas-penguin-pocket-heater-p-59452.html HTTP/1.0" 200 77078 "-" "Mozilla/5.0 (compatible; MJ12bot/v1.4.8; http://mj12bot.com/)"
65.108.227.178 - - [09/Apr/2023:04:34:43 +0200] "GET /mickey-mouse-figure-collection-britto-p-34382.html HTTP/1.0" 200 73468 "-" "Mozilla/5.0 (compatible; MJ12bot/v1.4.8; http://mj12bot.com/)"
91.137.17.190 - - [09/Apr/2023:04:34:44 +0200] "GET /-p-40247.html HTTP/1.0" 200 73324 "-" "Mozilla/5.0 (compatible; MJ12bot/v1.4.8; http://mj12bot.com/)"
157.90.181.206 - - [09/Apr/2023:04:34:46 +0200] "GET /stormtrooper-star-wars-isothermic-stainless-steel-bottle-p-56371.html HTTP/1.0" 200 77179 "-" "Mozilla/5.0 (compatible; BLEXBot/1.0; +http://webmeup-crawler.com/)"
173.252.83.21 - - [09/Apr/2023:04:34:48 +0200] "GET /images/mini_prod/8422014281107.jpg HTTP/1.0" 200 269 "-" "facebookexternalhit/1.1 (+http://www.facebook.com/externalhit_uatext.php)"
91.137.17.190 - - [09/Apr/2023:04:34:50 +0200] "GET /wind-butterflies-stickers-20-70-cm-p-36142.html HTTP/1.0" 301 76782 "-" "Mozilla/5.0 (compatible; MJ12bot/v1.4.8; http://mj12bot.com/)"
91.137.17.190 - - [09/Apr/2023:04:34:53 +0200] "GET /wind-butterflies-stickers-p-36142.html HTTP/1.0" 200 76690 "-" "Mozilla/5.0 (compatible; MJ12bot/v1.4.8; http://mj12bot.com/)"
65.108.227.178 - - [09/Apr/2023:04:34:54 +0200] "GET /mickey-mouse-figure-collection-by-britto-p-34382.html HTTP/1.0" 301 73572 "-" "Mozilla/5.0 (compatible; MJ12bot/v1.4.8; http://mj12bot.com/)"
149.202.82.11 - - [09/Apr/2023:04:34:55 +0200] "GET /classic-horse-mini-rectangular-tray-p-54912.html HTTP/1.0" 200 76116 "-" "Mozilla/5.0 (compatible; MJ12bot/v1.4.8; http://mj12bot.com/)"
91.137.17.190 - - [09/Apr/2023:04:35:01 +0200] "GET /wind-butterflies-stickers-p-36142.html HTTP/1.0" 200 76690 "-" "Mozilla/5.0 (compatible; MJ12bot/v1.4.8; http://mj12bot.com/)"
91.137.17.190 - - [09/Apr/2023:04:35:05 +0200] "GET /wind-chime-agate-natural-p-47044.html HTTP/1.0" 200 77063 "-" "Mozilla/5.0 (compatible; MJ12bot/v1.4.8; http://mj12bot.com/)"
65.108.227.178 - - [09/Apr/2023:04:35:07 +0200] "GET /mickey-mouse-figure-collection-britto-p-34382.html HTTP/1.0" 200 73468 "-" "Mozilla/5.0 (compatible; MJ12bot/v1.4.8; http://mj12bot.com/)"
91.137.17.190 - - [09/Apr/2023:04:35:11 +0200] "GET /wind-chime-agate-purple-p-47043.html HTTP/1.0" 200 76853 "-" "Mozilla/5.0 (compatible; MJ12bot/v1.4.8; http://mj12bot.com/)"
91.137.17.190 - - [09/Apr/2023:04:35:15 +0200] "GET /wind-chime-angel-purple-p-40218.html HTTP/1.0" 200 76896 "-" "Mozilla/5.0 (compatible; MJ12bot/v1.4.8; http://mj12bot.com/)"
149.202.82.11 - - [09/Apr/2023:04:35:16 +0200] "GET /coconut-fibers-doormat-welcome-p-56986.html HTTP/1.0" 200 77164 "-" "Mozilla/5.0 (compatible; MJ12bot/v1.4.8; http://mj12bot.com/)"
157.90.181.206 - - [09/Apr/2023:04:35:20 +0200] "GET /stormtrooper-star-wars-isothermic-stainless-steel-bottle-p-56372.html HTTP/1.0" 200 76918 "-" "Mozilla/5.0 (compatible; BLEXBot/1.0; +http://webmeup-crawler.com/)"
91.137.17.190 - - [09/Apr/2023:04:35:21 +0200] "GET /winnie-pooh-disney-glitter-globe-p-33592.html HTTP/1.0" 301 73391 "-" "Mozilla/5.0 (compatible; MJ12bot/v1.4.8; http://mj12bot.com/)"
65.108.227.178 - - [09/Apr/2023:04:35:24 +0200] "GET /mickey-mouse-large-expandable-backpack-p-19679.html HTTP/1.0" 200 76584 "-" "Mozilla/5.0 (compatible; MJ12bot/v1.4.8; http://mj12bot.com/)"
91.137.17.190 - - [09/Apr/2023:04:35:27 +0200] "GET /-p-33592.html HTTP/1.0" 200 73324 "-" "Mozilla/5.0 (compatible; MJ12bot/v1.4.8; http://mj12bot.com/)"
54.36.148.178 - - [09/Apr/2023:04:35:30 +0200] "GET /esotericism-lithotherapy-c-174.html?page=4 HTTP/1.0" 200 85847 "-" "Mozilla/5.0 (compatible; AhrefsBot/7.0; +http://ahrefs.com/robot/)"
149.202.82.11 - - [09/Apr/2023:04:35:30 +0200] "GET /cushion-upholstery-cover-p-55029.html HTTP/1.0" 200 73440 "-" "Mozilla/5.0 (compatible; MJ12bot/v1.4.8; http://mj12bot.com/)"
216.244.66.242 - - [09/Apr/2023:04:35:32 +0200] "GET /decorations-and-furnishings/furnishings/spiderman-single-bed-p-16063.html HTTP/1.0" 301 657 "-" "Mozilla/5.0 (compatible; DotBot/1.2; +https://opensiteexplorer.org/dotbot; help@moz.com)"
91.137.17.190 - - [09/Apr/2023:04:35:31 +0200] "GET /winnie-the-pooh-disney-glitter-globe-p-33592.html HTTP/1.0" 301 73391 "-" "Mozilla/5.0 (compatible; MJ12bot/v1.4.8; http://mj12bot.com/)"
54.36.149.75 - - [09/Apr/2023:04:35:33 +0200] "GET /images/mini_prod/8719497610730B.jpg HTTP/1.0" 200 270 "-" "Mozilla/5.0 (compatible; AhrefsBot/7.0; +http://ahrefs.com/robot/)"
54.36.149.81 - - [09/Apr/2023:04:35:33 +0200] "GET /images/mini_prod/8719497617791.jpg HTTP/1.0" 200 269 "-" "Mozilla/5.0 (compatible; AhrefsBot/7.0; +http://ahrefs.com/robot/)"
54.36.148.222 - - [09/Apr/2023:04:35:33 +0200] "GET /images/mini_prod/3660341005958.jpg HTTP/1.0" 200 269 "-" "Mozilla/5.0 (compatible; AhrefsBot/7.0; +http://ahrefs.com/robot/)"
54.36.148.57 - - [09/Apr/2023:04:35:33 +0200] "GET /images/mini_prod/3660341005811.jpg HTTP/1.0" 200 269 "-" "Mozilla/5.0 (compatible; AhrefsBot/7.0; +http://ahrefs.com/robot/)"
54.36.148.77 - - [09/Apr/2023:04:35:35 +0200] "GET /images/mini_prod/8719497617944.jpg HTTP/1.0" 200 269 "-" "Mozilla/5.0 (compatible; AhrefsBot/7.0; +http://ahrefs.com/robot/)"
54.36.148.159 - - [09/Apr/2023:04:35:35 +0200] "GET /images/mini_prod/8720088296059.jpg HTTP/1.0" 200 269 "-" "Mozilla/5.0 (compatible; AhrefsBot/7.0; +http://ahrefs.com/robot/)"
54.36.148.60 - - [09/Apr/2023:04:35:35 +0200] "GET /images/mini_prod/8720088291054.jpg HTTP/1.0" 200 269 "-" "Mozilla/5.0 (compatible; AhrefsBot/7.0; +http://ahrefs.com/robot/)"
65.108.227.178 - - [09/Apr/2023:04:35:35 +0200] "GET /mickey-mouse-painter-figure-collection-by-britto-p-37674.html HTTP/1.0" 301 73391 "-" "Mozilla/5.0 (compatible; MJ12bot/v1.4.8; http://mj12bot.com/)"
91.137.17.190 - - [09/Apr/2023:04:35:36 +0200] "GET /-p-33592.html HTTP/1.0" 200 73324 "-" "Mozilla/5.0 (compatible; MJ12bot/v1.4.8; http://mj12bot.com/)"
149.202.82.11 - - [09/Apr/2023:04:35:41 +0200] "GET /decorative-ball-silver-resin-p-57064.html HTTP/1.0" 200 73444 "-" "Mozilla/5.0 (compatible; MJ12bot/v1.4.8; http://mj12bot.com/)"
65.108.227.178 - - [09/Apr/2023:04:35:42 +0200] "GET /-p-37674.html HTTP/1.0" 200 73324 "-" "Mozilla/5.0 (compatible; MJ12bot/v1.4.8; http://mj12bot.com/)"
91.137.17.190 - - [09/Apr/2023:04:35:43 +0200] "GET /winnie-the-pooh-presents-from-pooh-figure-collection-p-18146.html HTTP/1.0" 301 73391 "-" "Mozilla/5.0 (compatible; MJ12bot/v1.4.8; http://mj12bot.com/)"
91.137.17.190 - - [09/Apr/2023:04:35:48 +0200] "GET /-p-18146.html HTTP/1.0" 200 73324 "-" "Mozilla/5.0 (compatible; MJ12bot/v1.4.8; http://mj12bot.com/)"
91.137.17.190 - - [09/Apr/2023:04:35:52 +0200] "GET /winnie-the-pooh-storybook-p-31418.html HTTP/1.0" 301 73391 "-" "Mozilla/5.0 (compatible; MJ12bot/v1.4.8; http://mj12bot.com/)"
157.90.181.206 - - [09/Apr/2023:04:35:53 +0200] "GET /stormtrooper-white-hobo-p-29267.html HTTP/1.0" 200 76390 "-" "Mozilla/5.0 (compatible; BLEXBot/1.0; +http://webmeup-crawler.com/)"
91.137.17.190 - - [09/Apr/2023:04:35:55 +0200] "GET /-p-31418.html HTTP/1.0" 200 73324 "-" "Mozilla/5.0 (compatible; MJ12bot/v1.4.8; http://mj12bot.com/)"
65.108.227.178 - - [09/Apr/2023:04:35:56 +0200] "GET /mickey-mouse-red-figurine-collection-disney-p-30161.html HTTP/1.0" 301 73391 "-" "Mozilla/5.0 (compatible; MJ12bot/v1.4.8; http://mj12bot.com/)"
149.202.82.11 - - [09/Apr/2023:04:35:57 +0200] "GET /decorative-henna-foot-in-wood-28-cm-p-46814.html HTTP/1.0" 301 76278 "-" "Mozilla/5.0 (compatible; MJ12bot/v1.4.8; http://mj12bot.com/)"
91.137.17.190 - - [09/Apr/2023:04:36:00 +0200] "GET /winter-chamonix-wooden-wall-decoration-hang-p-36862.html HTTP/1.0" 200 76157 "-" "Mozilla/5.0 (compatible; MJ12bot/v1.4.8; http://mj12bot.com/)"
91.137.17.190 - - [09/Apr/2023:04:36:05 +0200] "GET /winter-chamonix-wooden-wall-decoration-to-hang-p-36862.html HTTP/1.0" 301 76267 "-" "Mozilla/5.0 (compatible; MJ12bot/v1.4.8; http://mj12bot.com/)"
65.108.227.178 - - [09/Apr/2023:04:36:08 +0200] "GET /-p-30161.html HTTP/1.0" 200 73324 "-" "Mozilla/5.0 (compatible; MJ12bot/v1.4.8; http://mj12bot.com/)"
149.202.82.11 - - [09/Apr/2023:04:36:09 +0200] "GET /decorative-henna-foot-wood-p-46814.html HTTP/1.0" 200 76185 "-" "Mozilla/5.0 (compatible; MJ12bot/v1.4.8; http://mj12bot.com/)"
91.137.17.190 - - [09/Apr/2023:04:36:09 +0200] "GET /winter-chamonix-wooden-wall-decoration-hang-p-36862.html HTTP/1.0" 200 76157 "-" "Mozilla/5.0 (compatible; MJ12bot/v1.4.8; http://mj12bot.com/)"
91.137.17.190 - - [09/Apr/2023:04:36:14 +0200] "GET /wise-wings-integrity-figurine-p-51819.html HTTP/1.0" 200 73422 "-" "Mozilla/5.0 (compatible; MJ12bot/v1.4.8; http://mj12bot.com/)"
65.108.227.178 - - [09/Apr/2023:04:36:14 +0200] "GET /mini-cooper-1300-car-p-27591.html HTTP/1.0" 301 73391 "-" "Mozilla/5.0 (compatible; MJ12bot/v1.4.8; http://mj12bot.com/)"
91.137.17.190 - - [09/Apr/2023:04:36:19 +0200] "GET /wise-wings-integrity-owl-figurine-p-51819.html HTTP/1.0" 301 73518 "-" "Mozilla/5.0 (compatible; MJ12bot/v1.4.8; http://mj12bot.com/)"
91.137.17.190 - - [09/Apr/2023:04:36:23 +0200] "GET /wise-wings-integrity-figurine-p-51819.html HTTP/1.0" 200 73422 "-" "Mozilla/5.0 (compatible; MJ12bot/v1.4.8; http://mj12bot.com/)"
149.202.82.11 - - [09/Apr/2023:04:36:25 +0200] "GET /decorative-henna-foot-wood-p-46814.html HTTP/1.0" 200 76185 "-" "Mozilla/5.0 (compatible; MJ12bot/v1.4.8; http://mj12bot.com/)"
157.90.181.206 - - [09/Apr/2023:04:36:26 +0200] "GET /storybook-alice-wonderland-party-figure-collection-p-34263.html HTTP/1.0" 200 77551 "-" "Mozilla/5.0 (compatible; BLEXBot/1.0; +http://webmeup-crawler.com/)"
91.137.17.190 - - [09/Apr/2023:04:36:29 +0200] "GET /wise-wings-knowledge-figurine-p-51805.html HTTP/1.0" 200 73422 "-" "Mozilla/5.0 (compatible; MJ12bot/v1.4.8; http://mj12bot.com/)"
65.108.227.178 - - [09/Apr/2023:04:36:30 +0200] "GET /-p-27591.html HTTP/1.0" 200 73324 "-" "Mozilla/5.0 (compatible; MJ12bot/v1.4.8; http://mj12bot.com/)"
91.137.17.190 - - [09/Apr/2023:04:36:35 +0200] "GET /wise-wings-knowledge-owl-figurine-p-51805.html HTTP/1.0" 301 73518 "-" "Mozilla/5.0 (compatible; MJ12bot/v1.4.8; http://mj12bot.com/)"
65.108.227.178 - - [09/Apr/2023:04:36:39 +0200] "GET /mini-magnetic-plate-my-secret-fantasy-is-to-have-two-men-p-34420.html HTTP/1.0" 301 73391 "-" "Mozilla/5.0 (compatible; MJ12bot/v1.4.8; http://mj12bot.com/)"
91.137.17.190 - - [09/Apr/2023:04:36:39 +0200] "GET /wise-wings-knowledge-figurine-p-51805.html HTTP/1.0" 200 73422 "-" "Mozilla/5.0 (compatible; MJ12bot/v1.4.8; http://mj12bot.com/)"
149.202.82.11 - - [09/Apr/2023:04:36:41 +0200] "GET /face-hands-planter-p-59481.html HTTP/1.0" 200 76831 "-" "Mozilla/5.0 (compatible; MJ12bot/v1.4.8; http://mj12bot.com/)"
91.137.17.190 - - [09/Apr/2023:04:36:44 +0200] "GET /wise-wings-wisdom-figurine-p-51807.html HTTP/1.0" 200 73416 "-" "Mozilla/5.0 (compatible; MJ12bot/v1.4.8; http://mj12bot.com/)"
91.137.17.190 - - [09/Apr/2023:04:36:48 +0200] "GET /wise-wings-wisdom-owl-figurine-p-51807.html HTTP/1.0" 301 73509 "-" "Mozilla/5.0 (compatible; MJ12bot/v1.4.8; http://mj12bot.com/)"
40.77.167.169 - - [09/Apr/2023:04:36:50 +0200] "GET /images/big_prod_2/8424001644490D.jpg HTTP/1.0" 200 271 "-" "Mozilla/5.0 AppleWebKit/537.36 (KHTML, like Gecko; compatible; bingbot/2.0; +http://www.bing.com/bingbot.htm) Chrome/103.0.5060.134 Safari/537.36"
34.82.164.151 - - [09/Apr/2023:04:36:50 +0200] "GET /images/mini_prod/8435306281082.jpg HTTP/1.0" 200 269 "-" "Mozilla/5.0 (X11; Ubuntu; Linux x86_64; rv:72.0) Gecko/20100101 Firefox/72.0"
91.137.17.190 - - [09/Apr/2023:04:36:52 +0200] "GET /wise-wings-wisdom-figurine-p-51807.html HTTP/1.0" 200 73416 "-" "Mozilla/5.0 (compatible; MJ12bot/v1.4.8; http://mj12bot.com/)"
65.108.227.178 - - [09/Apr/2023:04:36:54 +0200] "GET /-p-34420.html HTTP/1.0" 200 73324 "-" "Mozilla/5.0 (compatible; MJ12bot/v1.4.8; http://mj12bot.com/)"
149.202.82.11 - - [09/Apr/2023:04:36:53 +0200] "GET /fitted-sheet-cotton-percale-threads-p-51249.html HTTP/1.0" 200 76946 "-" "Mozilla/5.0 (compatible; MJ12bot/v1.4.8; http://mj12bot.com/)"
91.137.17.190 - - [09/Apr/2023:04:36:57 +0200] "GET /with-open-arms-resin-statue-p-36095.html HTTP/1.0" 200 73442 "-" "Mozilla/5.0 (compatible; MJ12bot/v1.4.8; http://mj12bot.com/)"
157.90.181.206 - - [09/Apr/2023:04:36:59 +0200] "GET /strange-life-forms-stitch-with-frog-figurine-p-45590.html HTTP/1.0" 200 77660 "-" "Mozilla/5.0 (compatible; BLEXBot/1.0; +http://webmeup-crawler.com/)"
91.137.17.190 - - [09/Apr/2023:04:37:00 +0200] "GET /wolf-clock-by-lisa-parker-p-34142.html HTTP/1.0" 301 73497 "-" "Mozilla/5.0 (compatible; MJ12bot/v1.4.8; http://mj12bot.com/)"
54.36.149.49 - - [09/Apr/2023:04:37:01 +0200] "GET /bench-stool-p-57163.html HTTP/1.0" 200 76757 "-" "Mozilla/5.0 (compatible; AhrefsBot/7.0; +http://ahrefs.com/robot/)"
54.36.148.170 - - [09/Apr/2023:04:37:05 +0200] "GET /images/big_prod_1/3665269103106B.jpg HTTP/1.0" 200 271 "-" "Mozilla/5.0 (compatible; AhrefsBot/7.0; +http://ahrefs.com/robot/)"
91.137.17.190 - - [09/Apr/2023:04:37:04 +0200] "GET /wolf-clock-lisa-parker-p-34142.html HTTP/1.0" 200 73408 "-" "Mozilla/5.0 (compatible; MJ12bot/v1.4.8; http://mj12bot.com/)"
54.36.149.18 - - [09/Apr/2023:04:37:06 +0200] "GET /images/big_prod/3665269103106.jpg HTTP/1.0" 200 268 "-" "Mozilla/5.0 (compatible; AhrefsBot/7.0; +http://ahrefs.com/robot/)"
149.202.82.11 - - [09/Apr/2023:04:37:09 +0200] "GET /fitted-sheet-in-cotton-percale-80-threads-90-190-30-cm-p-51249.html HTTP/1.0" 301 77048 "-" "Mozilla/5.0 (compatible; MJ12bot/v1.4.8; http://mj12bot.com/)"
91.137.17.190 - - [09/Apr/2023:04:37:09 +0200] "GET /wolf-clock-lisa-parker-p-34142.html HTTP/1.0" 200 73408 "-" "Mozilla/5.0 (compatible; MJ12bot/v1.4.8; http://mj12bot.com/)"
65.108.227.178 - - [09/Apr/2023:04:37:11 +0200] "GET /mini-magnetic-plate-retro-home-is-wherever-with-yo-p-34410.html HTTP/1.0" 301 73679 "-" "Mozilla/5.0 (compatible; MJ12bot/v1.4.8; http://mj12bot.com/)"
91.137.17.190 - - [09/Apr/2023:04:37:13 +0200] "GET /wooden-aluminum-effigy-buddha-p-46009.html HTTP/1.0" 301 73391 "-" "Mozilla/5.0 (compatible; MJ12bot/v1.4.8; http://mj12bot.com/)"
91.137.17.190 - - [09/Apr/2023:04:37:16 +0200] "GET /-p-46009.html HTTP/1.0" 200 73324 "-" "Mozilla/5.0 (compatible; MJ12bot/v1.4.8; http://mj12bot.com/)"
91.137.17.190 - - [09/Apr/2023:04:37:21 +0200] "GET /wooden-box-and-aluminum-effigy-buddha-p-46009.html HTTP/1.0" 301 73391 "-" "Mozilla/5.0 (compatible; MJ12bot/v1.4.8; http://mj12bot.com/)"
149.202.82.11 - - [09/Apr/2023:04:37:23 +0200] "GET /fitted-sheet-cotton-percale-threads-p-51249.html HTTP/1.0" 200 76946 "-" "Mozilla/5.0 (compatible; MJ12bot/v1.4.8; http://mj12bot.com/)"
91.137.17.190 - - [09/Apr/2023:04:37:25 +0200] "GET /-p-46009.html HTTP/1.0" 200 73324 "-" "Mozilla/5.0 (compatible; MJ12bot/v1.4.8; http://mj12bot.com/)"
65.108.227.178 - - [09/Apr/2023:04:37:26 +0200] "GET /mini-magnetic-plate-rtro-home-wherever-with-p-34410.html HTTP/1.0" 200 73569 "-" "Mozilla/5.0 (compatible; MJ12bot/v1.4.8; http://mj12bot.com/)"
91.137.17.190 - - [09/Apr/2023:04:37:29 +0200] "GET /wooden-box-carved-floral-pattern-21-cm-p-46053.html HTTP/1.0" 301 73580 "-" "Mozilla/5.0 (compatible; MJ12bot/v1.4.8; http://mj12bot.com/)"
157.90.181.206 - - [09/Apr/2023:04:37:32 +0200] "GET /stranger-things-coasters-p-55010.html HTTP/1.0" 200 76834 "-" "Mozilla/5.0 (compatible; BLEXBot/1.0; +http://webmeup-crawler.com/)"
91.137.17.190 - - [09/Apr/2023:04:37:32 +0200] "GET /wooden-carved-floral-pattern-p-46053.html HTTP/1.0" 200 73485 "-" "Mozilla/5.0 (compatible; MJ12bot/v1.4.8; http://mj12bot.com/)"
65.108.227.178 - - [09/Apr/2023:04:37:37 +0200] "GET /mini-magnetic-plate-retro-p-30543.html HTTP/1.0" 301 76092 "-" "Mozilla/5.0 (compatible; MJ12bot/v1.4.8; http://mj12bot.com/)"
91.137.17.190 - - [09/Apr/2023:04:37:37 +0200] "GET /wooden-box-carved-indian-floral-pattern-175-cm-p-46040.html HTTP/1.0" 301 73628 "-" "Mozilla/5.0 (compatible; MJ12bot/v1.4.8; http://mj12bot.com/)"
149.202.82.11 - - [09/Apr/2023:04:37:40 +0200] "GET /ford-zippo-lighter-p-57597.html HTTP/1.0" 200 77148 "-" "Mozilla/5.0 (compatible; MJ12bot/v1.4.8; http://mj12bot.com/)"
91.137.17.190 - - [09/Apr/2023:04:37:43 +0200] "GET /wooden-carved-indian-floral-pattern-p-46040.html HTTP/1.0" 200 73526 "-" "Mozilla/5.0 (compatible; MJ12bot/v1.4.8; http://mj12bot.com/)"
91.137.17.190 - - [09/Apr/2023:04:37:48 +0200] "GET /wooden-box-carved-indian-floral-pattern-255-cm-p-46032.html HTTP/1.0" 301 73391 "-" "Mozilla/5.0 (compatible; MJ12bot/v1.4.8; http://mj12bot.com/)"
149.202.82.11 - - [09/Apr/2023:04:37:48 +0200] "GET /formidable-shirt-etienne-boyer-p-29565.html HTTP/1.0" 200 78531 "-" "Mozilla/5.0 (compatible; MJ12bot/v1.4.8; http://mj12bot.com/)"
65.108.227.178 - - [09/Apr/2023:04:37:49 +0200] "GET /mini-magnetic-plate-rtro-p-30543.html HTTP/1.0" 200 76001 "-" "Mozilla/5.0 (compatible; MJ12bot/v1.4.8; http://mj12bot.com/)"
91.137.17.190 - - [09/Apr/2023:04:37:53 +0200] "GET /-p-46032.html HTTP/1.0" 200 73324 "-" "Mozilla/5.0 (compatible; MJ12bot/v1.4.8; http://mj12bot.com/)"
91.137.17.190 - - [09/Apr/2023:04:37:58 +0200] "GET /wooden-box-carved-indian-floral-pattern-255-cm-p-46078.html HTTP/1.0" 301 73391 "-" "Mozilla/5.0 (compatible; MJ12bot/v1.4.8; http://mj12bot.com/)"
65.108.227.178 - - [09/Apr/2023:04:37:59 +0200] "GET /mini-magnetic-plate-rtro-home-wherever-with-p-34410.html HTTP/1.0" 200 73569 "-" "Mozilla/5.0 (compatible; MJ12bot/v1.4.8; http://mj12bot.com/)"
91.137.17.190 - - [09/Apr/2023:04:38:03 +0200] "GET /-p-46078.html HTTP/1.0" 200 73324 "-" "Mozilla/5.0 (compatible; MJ12bot/v1.4.8; http://mj12bot.com/)"
157.90.181.206 - - [09/Apr/2023:04:38:04 +0200] "GET /stranger-things-door-p-59439.html HTTP/1.0" 200 77313 "-" "Mozilla/5.0 (compatible; BLEXBot/1.0; +http://webmeup-crawler.com/)"
14.138.251.10 - - [09/Apr/2023:04:38:07 +0200] "GET /contact_us.php HTTP/1.0" 200 26241 "http://www.wonder-geek.com/contact_us.php" "Mozilla/5.0 (Windows NT 6.1; Win64; x64) AppleWebKit/537.36 (KHTML, like Gecko) Chrome/90.0.4430.93 Safari/537.36"
91.137.17.190 - - [09/Apr/2023:04:38:08 +0200] "GET /wooden-box-hand-of-fatima-wood-blue-aged-and-brass-255-cm-p-46079.html HTTP/1.0" 301 77391 "-" "Mozilla/5.0 (compatible; MJ12bot/v1.4.8; http://mj12bot.com/)"
14.138.251.10 - - [09/Apr/2023:04:38:10 +0200] "POST /contact_us.php?action=send HTTP/1.0" 200 26485 "http://www.wonder-geek.com/contact_us.php" "Mozilla/5.0 (Windows NT 6.1; Win64; x64) AppleWebKit/537.36 (KHTML, like Gecko) Chrome/90.0.4430.93 Safari/537.36"
91.137.17.190 - - [09/Apr/2023:04:38:12 +0200] "GET /wooden-hand-fatima-wood-blue-aged-brass-p-46079.html HTTP/1.0" 200 77285 "-" "Mozilla/5.0 (compatible; MJ12bot/v1.4.8; http://mj12bot.com/)"
65.108.227.178 - - [09/Apr/2023:04:38:14 +0200] "GET /mini-magnetic-plate-rtro-p-30543.html HTTP/1.0" 200 76001 "-" "Mozilla/5.0 (compatible; MJ12bot/v1.4.8; http://mj12bot.com/)"
149.202.82.11 - - [09/Apr/2023:04:38:16 +0200] "GET /foxes-gorjuss-p-29448.html HTTP/1.0" 301 73391 "-" "Mozilla/5.0 (compatible; MJ12bot/v1.4.8; http://mj12bot.com/)"
91.137.17.190 - - [09/Apr/2023:04:38:16 +0200] "GET /wooden-butterflies-ribbon-p-37613.html HTTP/1.0" 301 73391 "-" "Mozilla/5.0 (compatible; MJ12bot/v1.4.8; http://mj12bot.com/)"
91.137.17.190 - - [09/Apr/2023:04:38:20 +0200] "GET /-p-37613.html HTTP/1.0" 200 73324 "-" "Mozilla/5.0 (compatible; MJ12bot/v1.4.8; http://mj12bot.com/)"
91.137.17.190 - - [09/Apr/2023:04:38:24 +0200] "GET /wooden-calendar-clock-p-55025.html HTTP/1.0" 200 73410 "-" "Mozilla/5.0 (compatible; MJ12bot/v1.4.8; http://mj12bot.com/)"
149.202.82.11 - - [09/Apr/2023:04:38:26 +0200] "GET /-p-29448.html HTTP/1.0" 200 73324 "-" "Mozilla/5.0 (compatible; MJ12bot/v1.4.8; http://mj12bot.com/)"
65.108.227.178 - - [09/Apr/2023:04:38:27 +0200] "GET /mini-magnetic-plate-secret-fantasy-have-p-34420.html HTTP/1.0" 301 73391 "-" "Mozilla/5.0 (compatible; MJ12bot/v1.4.8; http://mj12bot.com/)"
40.77.167.169 - - [09/Apr/2023:04:38:29 +0200] "GET /images/big_prod/1399984264270B.jpg HTTP/1.0" 200 269 "-" "Mozilla/5.0 AppleWebKit/537.36 (KHTML, like Gecko; compatible; bingbot/2.0; +http://www.bing.com/bingbot.htm) Chrome/103.0.5060.134 Safari/537.36"
91.137.17.190 - - [09/Apr/2023:04:38:28 +0200] "GET /wooden-carved-floral-pattern-p-46053.html HTTP/1.0" 200 73485 "-" "Mozilla/5.0 (compatible; MJ12bot/v1.4.8; http://mj12bot.com/)"
91.137.17.190 - - [09/Apr/2023:04:38:32 +0200] "GET /wooden-carved-indian-floral-pattern-p-46032.html HTTP/1.0" 301 73391 "-" "Mozilla/5.0 (compatible; MJ12bot/v1.4.8; http://mj12bot.com/)"
65.108.227.178 - - [09/Apr/2023:04:38:33 +0200] "GET /-p-34420.html HTTP/1.0" 200 73324 "-" "Mozilla/5.0 (compatible; MJ12bot/v1.4.8; http://mj12bot.com/)"
149.202.82.11 - - [09/Apr/2023:04:38:35 +0200] "GET /fragrance-sachet-cinnamon-spice-p-40559.html HTTP/1.0" 200 76702 "-" "Mozilla/5.0 (compatible; MJ12bot/v1.4.8; http://mj12bot.com/)"
157.90.181.206 - - [09/Apr/2023:04:38:37 +0200] "GET /straw-basket-p-49371.html HTTP/1.0" 200 75940 "-" "Mozilla/5.0 (compatible; BLEXBot/1.0; +http://webmeup-crawler.com/)"
91.137.17.190 - - [09/Apr/2023:04:38:37 +0200] "GET /-p-46032.html HTTP/1.0" 200 73324 "-" "Mozilla/5.0 (compatible; MJ12bot/v1.4.8; http://mj12bot.com/)"
173.252.83.10 - - [09/Apr/2023:04:38:41 +0200] "GET /images/mini_prod/8433933198803.jpg HTTP/1.0" 200 269 "-" "facebookexternalhit/1.1 (+http://www.facebook.com/externalhit_uatext.php)"
91.137.17.190 - - [09/Apr/2023:04:38:43 +0200] "GET /wooden-carved-indian-floral-pattern-p-46040.html HTTP/1.0" 200 73526 "-" "Mozilla/5.0 (compatible; MJ12bot/v1.4.8; http://mj12bot.com/)"
54.36.148.219 - - [09/Apr/2023:04:38:45 +0200] "GET /lighting-c-86.html?page=2 HTTP/1.0" 200 94018 "-" "Mozilla/5.0 (compatible; AhrefsBot/7.0; +http://ahrefs.com/robot/)"
65.108.227.178 - - [09/Apr/2023:04:38:47 +0200] "GET /mini-metal-tray-marseille-p-40097.html HTTP/1.0" 200 76079 "-" "Mozilla/5.0 (compatible; MJ12bot/v1.4.8; http://mj12bot.com/)"
91.137.17.190 - - [09/Apr/2023:04:38:48 +0200] "GET /wooden-carved-indian-floral-pattern-p-46078.html HTTP/1.0" 301 73391 "-" "Mozilla/5.0 (compatible; MJ12bot/v1.4.8; http://mj12bot.com/)"
149.202.82.11 - - [09/Apr/2023:04:38:48 +0200] "GET /fragrance-sachet-coconut-escape-p-40535.html HTTP/1.0" 200 76696 "-" "Mozilla/5.0 (compatible; MJ12bot/v1.4.8; http://mj12bot.com/)"
66.249.64.200 - - [09/Apr/2023:04:38:50 +0200] "GET /images/1399984256633.jpg HTTP/1.0" 200 259 "-" "Googlebot-Image/1.0"
54.36.149.61 - - [09/Apr/2023:04:38:51 +0200] "GET /images/mini_prod/5404006052585b.jpg HTTP/1.0" 200 270 "-" "Mozilla/5.0 (compatible; AhrefsBot/7.0; +http://ahrefs.com/robot/)"
54.36.148.142 - - [09/Apr/2023:04:38:51 +0200] "GET /images/mini_prod/3520071526348a.jpg HTTP/1.0" 200 270 "-" "Mozilla/5.0 (compatible; AhrefsBot/7.0; +http://ahrefs.com/robot/)"
54.36.148.177 - - [09/Apr/2023:04:38:52 +0200] "GET /images/mini_prod/5404006044610.jpg HTTP/1.0" 200 269 "-" "Mozilla/5.0 (compatible; AhrefsBot/7.0; +http://ahrefs.com/robot/)"
54.36.148.86 - - [09/Apr/2023:04:38:52 +0200] "GET /images/mini_prod/3520071677781.jpg HTTP/1.0" 200 269 "-" "Mozilla/5.0 (compatible; AhrefsBot/7.0; +http://ahrefs.com/robot/)"
54.36.148.239 - - [09/Apr/2023:04:38:53 +0200] "GET /images/mini_prod/3520071590400.jpg HTTP/1.0" 200 269 "-" "Mozilla/5.0 (compatible; AhrefsBot/7.0; +http://ahrefs.com/robot/)"
54.36.149.67 - - [09/Apr/2023:04:38:53 +0200] "GET /images/mini_prod/5415203535177.jpg HTTP/1.0" 200 269 "-" "Mozilla/5.0 (compatible; AhrefsBot/7.0; +http://ahrefs.com/robot/)"
91.137.17.190 - - [09/Apr/2023:04:38:52 +0200] "GET /-p-46078.html HTTP/1.0" 200 73324 "-" "Mozilla/5.0 (compatible; MJ12bot/v1.4.8; http://mj12bot.com/)"
54.36.149.30 - - [09/Apr/2023:04:38:53 +0200] "GET /images/mini_prod/3520070436204.jpg HTTP/1.0" 200 269 "-" "Mozilla/5.0 (compatible; AhrefsBot/7.0; +http://ahrefs.com/robot/)"
54.36.149.79 - - [09/Apr/2023:04:38:53 +0200] "GET /images/mini_prod/4029811450381.jpg HTTP/1.0" 200 269 "-" "Mozilla/5.0 (compatible; AhrefsBot/7.0; +http://ahrefs.com/robot/)"
54.36.148.188 - - [09/Apr/2023:04:38:53 +0200] "GET /images/mini_prod/4029811376315B.jpg HTTP/1.0" 200 270 "-" "Mozilla/5.0 (compatible; AhrefsBot/7.0; +http://ahrefs.com/robot/)"
65.108.227.178 - - [09/Apr/2023:04:38:56 +0200] "GET /mini-radio-50-fm-vintage-le-corbusier-p-33474.html HTTP/1.0" 301 73391 "-" "Mozilla/5.0 (compatible; MJ12bot/v1.4.8; http://mj12bot.com/)"
91.137.17.190 - - [09/Apr/2023:04:38:57 +0200] "GET /wooden-hand-fatima-wood-blue-aged-brass-p-46079.html HTTP/1.0" 200 77285 "-" "Mozilla/5.0 (compatible; MJ12bot/v1.4.8; http://mj12bot.com/)"
149.202.82.11 - - [09/Apr/2023:04:39:00 +0200] "GET /fragrance-sachet-dawn-mist-p-40562.html HTTP/1.0" 200 76666 "-" "Mozilla/5.0 (compatible; MJ12bot/v1.4.8; http://mj12bot.com/)"
65.108.227.178 - - [09/Apr/2023:04:39:08 +0200] "GET /-p-33474.html HTTP/1.0" 200 73324 "-" "Mozilla/5.0 (compatible; MJ12bot/v1.4.8; http://mj12bot.com/)"
149.202.82.11 - - [09/Apr/2023:04:39:09 +0200] "GET /fragrance-sachet-eastern-promise-p-40558.html HTTP/1.0" 200 73427 "-" "Mozilla/5.0 (compatible; MJ12bot/v1.4.8; http://mj12bot.com/)"
157.90.181.206 - - [09/Apr/2023:04:39:09 +0200] "GET /strawberry-quartz-chip-bracelet-p-57758.html HTTP/1.0" 200 76022 "-" "Mozilla/5.0 (compatible; BLEXBot/1.0; +http://webmeup-crawler.com/)"
66.249.64.198 - - [09/Apr/2023:04:39:12 +0200] "GET /small-ceramic-starfish-bowl-p-54823.html HTTP/1.0" 200 75983 "-" "Mozilla/5.0 (compatible; Googlebot/2.1; +http://www.google.com/bot.html)"
65.108.227.178 - - [09/Apr/2023:04:39:15 +0200] "GET /mini-trays-c-12_159_260.html?page=3 HTTP/1.0" 200 95842 "-" "Mozilla/5.0 (compatible; MJ12bot/v1.4.8; http://mj12bot.com/)"
66.249.64.200 - - [09/Apr/2023:04:39:18 +0200] "GET /espresso-set-eccentric-cat-p-39753.html HTTP/1.0" 301 76154 "-" "Mozilla/5.0 (Linux; Android 6.0.1; Nexus 5X Build/MMB29P) AppleWebKit/537.36 (KHTML, like Gecko) Chrome/111.0.5563.146 Mobile Safari/537.36 (compatible; Googlebot/2.1; +http://www.google.com/bot.html)"
66.249.64.200 - - [09/Apr/2023:04:39:20 +0200] "GET /espresso-eccentric-p-39753.html HTTP/1.0" 200 76069 "-" "Mozilla/5.0 (Linux; Android 6.0.1; Nexus 5X Build/MMB29P) AppleWebKit/537.36 (KHTML, like Gecko) Chrome/111.0.5563.146 Mobile Safari/537.36 (compatible; Googlebot/2.1; +http://www.google.com/bot.html)"
130.207.124.164 - - [09/Apr/2023:04:39:24 +0200] "GET /images/mini_prod/1384010178935.jpg HTTP/1.0" 200 269 "-" "Mozilla/5.0 (X11; Ubuntu; Linux x86_64; rv:72.0) Gecko/20100101 Firefox/72.0"
149.202.82.11 - - [09/Apr/2023:04:39:22 +0200] "GET /fragrance-sachet-french-vanilla-p-40550.html HTTP/1.0" 200 76714 "-" "Mozilla/5.0 (compatible; MJ12bot/v1.4.8; http://mj12bot.com/)"
65.108.227.178 - - [09/Apr/2023:04:39:26 +0200] "GET /mini-trays-c-12_159_260.html?page=4 HTTP/1.0" 200 96030 "-" "Mozilla/5.0 (compatible; MJ12bot/v1.4.8; http://mj12bot.com/)"
149.202.82.11 - - [09/Apr/2023:04:39:34 +0200] "GET /frida-khalo-saucer-p-59428.html HTTP/1.0" 200 75983 "-" "Mozilla/5.0 (compatible; MJ12bot/v1.4.8; http://mj12bot.com/)"
65.108.227.178 - - [09/Apr/2023:04:39:41 +0200] "GET /mini-trays-c-12_159_260.html?page=6 HTTP/1.0" 200 96756 "-" "Mozilla/5.0 (compatible; MJ12bot/v1.4.8; http://mj12bot.com/)"
157.90.181.206 - - [09/Apr/2023:04:39:42 +0200] "GET /strawberry-shortcake-fleece-scarf-p-22134.html HTTP/1.0" 200 76291 "-" "Mozilla/5.0 (compatible; BLEXBot/1.0; +http://webmeup-crawler.com/)"
149.202.82.11 - - [09/Apr/2023:04:39:43 +0200] "GET /funny-pets-mobile-sock-p-33096.html HTTP/1.0" 200 76109 "-" "Mozilla/5.0 (compatible; MJ12bot/v1.4.8; http://mj12bot.com/)"
65.108.227.178 - - [09/Apr/2023:04:39:50 +0200] "GET /mini-white-natural-wooden-p-55030.html HTTP/1.0" 200 76855 "-" "Mozilla/5.0 (compatible; MJ12bot/v1.4.8; http://mj12bot.com/)"
149.202.82.11 - - [09/Apr/2023:04:39:58 +0200] "GET /games-and-toys/soft-toys-security-blanket/burglar-pink-panther-little-soft-toy-p-18794.html HTTP/1.0" 301 73391 "-" "Mozilla/5.0 (compatible; MJ12bot/v1.4.8; http://mj12bot.com/)"
65.108.227.178 - - [09/Apr/2023:04:40:04 +0200] "GET /minion-buddies-ceramic-mug-despicable-me-p-34070.html HTTP/1.0" 301 73391 "-" "Mozilla/5.0 (compatible; MJ12bot/v1.4.8; http://mj12bot.com/)"
149.202.82.11 - - [09/Apr/2023:04:40:12 +0200] "GET /-p-18794.html HTTP/1.0" 200 73324 "-" "Mozilla/5.0 (compatible; MJ12bot/v1.4.8; http://mj12bot.com/)"
157.90.181.206 - - [09/Apr/2023:04:40:15 +0200] "GET /strawberry-shortcake-scarf-years-p-22135.html HTTP/1.0" 200 76282 "-" "Mozilla/5.0 (compatible; BLEXBot/1.0; +http://webmeup-crawler.com/)"
65.108.227.178 - - [09/Apr/2023:04:40:19 +0200] "GET /-p-34070.html HTTP/1.0" 200 73324 "-" "Mozilla/5.0 (compatible; MJ12bot/v1.4.8; http://mj12bot.com/)"
54.36.148.82 - - [09/Apr/2023:04:40:22 +0200] "GET /despicable-pencil-case-p-35773.html HTTP/1.0" 200 75997 "-" "Mozilla/5.0 (compatible; AhrefsBot/7.0; +http://ahrefs.com/robot/)"
149.202.82.11 - - [09/Apr/2023:04:40:25 +0200] "GET /gendarme-saint-tropez-vintage-poster-p-42499.html HTTP/1.0" 301 73391 "-" "Mozilla/5.0 (compatible; MJ12bot/v1.4.8; http://mj12bot.com/)"
65.108.227.178 - - [09/Apr/2023:04:40:27 +0200] "GET /minion-ceramic-mug-p-33970.html HTTP/1.0" 301 73391 "-" "Mozilla/5.0 (compatible; MJ12bot/v1.4.8; http://mj12bot.com/)"
173.252.83.7 - - [09/Apr/2023:04:40:36 +0200] "GET /images/mini_prod/3014627557356.jpg HTTP/1.0" 200 269 "-" "facebookexternalhit/1.1 (+http://www.facebook.com/externalhit_uatext.php)"
65.108.227.178 - - [09/Apr/2023:04:40:39 +0200] "GET /-p-33970.html HTTP/1.0" 200 73324 "-" "Mozilla/5.0 (compatible; MJ12bot/v1.4.8; http://mj12bot.com/)"
149.202.82.11 - - [09/Apr/2023:04:40:40 +0200] "GET /-p-42499.html HTTP/1.0" 200 73324 "-" "Mozilla/5.0 (compatible; MJ12bot/v1.4.8; http://mj12bot.com/)"
65.108.227.178 - - [09/Apr/2023:04:40:45 +0200] "GET /minion-hello-london-ceramic-mug-despicable-me-p-34071.html HTTP/1.0" 301 73391 "-" "Mozilla/5.0 (compatible; MJ12bot/v1.4.8; http://mj12bot.com/)"
157.90.181.206 - - [09/Apr/2023:04:40:47 +0200] "GET /strawberry-shortcake-scarf-years-p-22137.html HTTP/1.0" 200 76276 "-" "Mozilla/5.0 (compatible; BLEXBot/1.0; +http://webmeup-crawler.com/)"
149.202.82.11 - - [09/Apr/2023:04:40:52 +0200] "GET /gentleman-beer-p-54791.html HTTP/1.0" 200 76550 "-" "Mozilla/5.0 (compatible; MJ12bot/v1.4.8; http://mj12bot.com/)"
65.108.227.178 - - [09/Apr/2023:04:40:58 +0200] "GET /-p-34071.html HTTP/1.0" 200 73324 "-" "Mozilla/5.0 (compatible; MJ12bot/v1.4.8; http://mj12bot.com/)"
149.202.82.11 - - [09/Apr/2023:04:41:01 +0200] "GET /gift-bottle-skull-shooters-p-58611.html HTTP/1.0" 200 77088 "-" "Mozilla/5.0 (compatible; MJ12bot/v1.4.8; http://mj12bot.com/)"
149.202.82.11 - - [09/Apr/2023:04:41:10 +0200] "GET /gift-heart-home-friendly-stick-diffusers-p-57008.html HTTP/1.0" 200 73508 "-" "Mozilla/5.0 (compatible; MJ12bot/v1.4.8; http://mj12bot.com/)"
65.108.227.178 - - [09/Apr/2023:04:41:11 +0200] "GET /minion-mania-ceramic-mug-despicable-me-p-34069.html HTTP/1.0" 301 73391 "-" "Mozilla/5.0 (compatible; MJ12bot/v1.4.8; http://mj12bot.com/)"
157.90.181.206 - - [09/Apr/2023:04:41:21 +0200] "GET /strawberry-shortcake-swimsuit-pareo-p-30287.html HTTP/1.0" 200 77228 "-" "Mozilla/5.0 (compatible; BLEXBot/1.0; +http://webmeup-crawler.com/)"
149.202.82.11 - - [09/Apr/2023:04:41:23 +0200] "GET /glass-cutting-board-by-cbkreation-p-51278.html HTTP/1.0" 301 76127 "-" "Mozilla/5.0 (compatible; MJ12bot/v1.4.8; http://mj12bot.com/)"
65.108.227.178 - - [09/Apr/2023:04:41:24 +0200] "GET /-p-34069.html HTTP/1.0" 200 73324 "-" "Mozilla/5.0 (compatible; MJ12bot/v1.4.8; http://mj12bot.com/)"
65.108.227.178 - - [09/Apr/2023:04:41:30 +0200] "GET /minion-yellow-ceramic-bowl-p-37021.html HTTP/1.0" 301 73391 "-" "Mozilla/5.0 (compatible; MJ12bot/v1.4.8; http://mj12bot.com/)"
65.108.227.178 - - [09/Apr/2023:04:41:39 +0200] "GET /-p-37021.html HTTP/1.0" 200 73324 "-" "Mozilla/5.0 (compatible; MJ12bot/v1.4.8; http://mj12bot.com/)"
149.202.82.11 - - [09/Apr/2023:04:41:39 +0200] "GET /glass-cutting-board-cbkreation-p-51278.html HTTP/1.0" 200 76030 "-" "Mozilla/5.0 (compatible; MJ12bot/v1.4.8; http://mj12bot.com/)"
65.108.227.178 - - [09/Apr/2023:04:41:49 +0200] "GET /minnie-and-her-puppy-figure-p-19479.html HTTP/1.0" 301 73391 "-" "Mozilla/5.0 (compatible; MJ12bot/v1.4.8; http://mj12bot.com/)"
149.202.82.11 - - [09/Apr/2023:04:41:51 +0200] "GET /glass-cutting-board-by-cbkreation-p-51279.html HTTP/1.0" 301 76127 "-" "Mozilla/5.0 (compatible; MJ12bot/v1.4.8; http://mj12bot.com/)"
157.90.181.206 - - [09/Apr/2023:04:41:54 +0200] "GET /strawberry-shortcake-swimsuit-pareo-p-30288.html HTTP/1.0" 200 77228 "-" "Mozilla/5.0 (compatible; BLEXBot/1.0; +http://webmeup-crawler.com/)"
