44.212.18.11 - - [12/May/2023:15:46:09 +0200] "GET /images/mini_prod/8435333849699.jpg HTTP/1.0" 200 269 "-" "Mozilla/5.0 (X11; Ubuntu; Linux x86_64; rv:72.0) Gecko/20100101 Firefox/72.0"
121.30.179.157 - - [12/May/2023:15:46:19 +0200] "GET /images/mini_prod/1399984265154.jpg HTTP/1.0" 200 269 "-" "Mozilla/5.0 (X11; Ubuntu; Linux x86_64; rv:72.0) Gecko/20100101 Firefox/72.0"
66.249.70.76 - - [12/May/2023:15:46:19 +0200] "GET /japan-rags-pencil-case-p-26252.html HTTP/1.0" 200 75957 "-" "Mozilla/5.0 (compatible; Googlebot/2.1; +http://www.google.com/bot.html)"
66.249.70.68 - - [12/May/2023:15:46:47 +0200] "GET /images/big_prod/5400924116040.jpg HTTP/1.0" 200 268 "-" "Googlebot-Image/1.0"
66.249.70.68 - - [12/May/2023:15:46:57 +0200] "GET /pink-polyester-round-chair-cushion-p-47033.html HTTP/1.0" 200 76696 "-" "Mozilla/5.0 (Linux; Android 6.0.1; Nexus 5X Build/MMB29P) AppleWebKit/537.36 (KHTML, like Gecko) Chrome/112.0.5615.142 Mobile Safari/537.36 (compatible; Googlebot/2.1; +http://www.google.com/bot.html)"
40.77.167.220 - - [12/May/2023:15:47:35 +0200] "GET /sticker-guitar-photo-frame-p-25041.html HTTP/1.0" 200 76211 "-" "Mozilla/5.0 AppleWebKit/537.36 (KHTML, like Gecko; compatible; bingbot/2.0; +http://www.bing.com/bingbot.htm) Chrome/103.0.5060.134 Safari/537.36"
42.194.226.108 - - [12/May/2023:15:47:52 +0200] "GET /images/mini_prod/3700653593238.jpg HTTP/1.0" 200 269 "-" "Mozilla/5.0 (X11; Ubuntu; Linux x86_64; rv:72.0) Gecko/20100101 Firefox/72.0"
52.167.144.85 - - [12/May/2023:15:48:44 +0200] "GET /mcstuffins-musical-jewelry-p-26783.html HTTP/1.0" 200 73434 "-" "Mozilla/5.0 AppleWebKit/537.36 (KHTML, like Gecko; compatible; bingbot/2.0; +http://www.bing.com/bingbot.htm) Chrome/103.0.5060.134 Safari/537.36"
51.68.224.127 - - [12/May/2023:15:48:49 +0200] "GET /adminweb/export_orders_xml.php?token=256de2z6edz6ed2z6DFSFsed2zed6zeDSFDSGdzedezfzf&maxorders=10&orderstart=1&status=14&start_date=2018-10-01 HTTP/1.0" 200 285 "-" "GesCom CharlotteBoutik Serveur"
51.68.224.127 - - [12/May/2023:15:48:49 +0200] "GET /adminweb/export_orders_xml.php?token=256de2z6edz6ed2z6DFSFsed2zed6zeDSFDSGdzedezfzf&maxorders=10&orderstart=1&status=6&start_date=2018-10-01 HTTP/1.0" 200 33887 "-" "GesCom CharlotteBoutik Serveur"
50.7.252.58 - - [12/May/2023:15:49:36 +0200] "GET /images/mini_prod/3609810022287.jpg HTTP/1.0" 200 269 "-" "Mozilla/5.0 (X11; Ubuntu; Linux x86_64; rv:72.0) Gecko/20100101 Firefox/72.0"
66.249.70.72 - - [12/May/2023:15:49:45 +0200] "GET /cheshire-notepad-romero-britto-p-17860.html HTTP/1.0" 200 76158 "-" "Mozilla/5.0 (Linux; Android 6.0.1; Nexus 5X Build/MMB29P) AppleWebKit/537.36 (KHTML, like Gecko) Chrome/112.0.5615.142 Mobile Safari/537.36 (compatible; Googlebot/2.1; +http://www.google.com/bot.html)"
74.125.151.70 - - [12/May/2023:15:50:11 +0200] "GET /images/5411329064317.jpg HTTP/1.0" 200 259 "-" "Mozilla/5.0 (Macintosh; Intel Mac OS X 10_8_4) AppleWebKit/537.36 (KHTML, like Gecko) Chrome/28.0.1500.71 Safari/537.36"
74.125.151.78 - - [12/May/2023:15:50:11 +0200] "GET /images/5411329064317.jpg HTTP/1.0" 200 259 "-" "Mozilla/5.0 (Macintosh; Intel Mac OS X 10_8_4) AppleWebKit/537.36 (KHTML, like Gecko) Chrome/28.0.1500.71 Safari/537.36"
74.125.151.78 - - [12/May/2023:15:50:14 +0200] "GET /images/5411329064317.jpg HTTP/1.0" 200 259 "-" "Mozilla/5.0 (Macintosh; Intel Mac OS X 10_8_4) AppleWebKit/537.36 (KHTML, like Gecko) Chrome/28.0.1500.71 Safari/537.36"
74.125.151.74 - - [12/May/2023:15:50:18 +0200] "GET /images/5411329064317.jpg HTTP/1.0" 200 259 "-" "Mozilla/5.0 (Macintosh; Intel Mac OS X 10_8_4) AppleWebKit/537.36 (KHTML, like Gecko) Chrome/28.0.1500.71 Safari/537.36"
74.125.151.74 - - [12/May/2023:15:50:21 +0200] "GET /images/5411329064317.jpg HTTP/1.0" 200 259 "-" "Mozilla/5.0 (Macintosh; Intel Mac OS X 10_8_4) AppleWebKit/537.36 (KHTML, like Gecko) Chrome/28.0.1500.71 Safari/537.36"
74.125.151.70 - - [12/May/2023:15:50:25 +0200] "GET /images/5411329064317.jpg HTTP/1.0" 200 259 "-" "Mozilla/5.0 (Macintosh; Intel Mac OS X 10_8_4) AppleWebKit/537.36 (KHTML, like Gecko) Chrome/28.0.1500.71 Safari/537.36"
8.218.248.120 - - [12/May/2023:15:50:51 +0200] "GET /images/mini_prod/8422014433100.jpg HTTP/1.0" 200 269 "-" "aria2/1.35.0"
44.234.150.95 - - [12/May/2023:15:50:52 +0200] "GET /images/mini_prod/8424001278886.jpg HTTP/1.0" 200 269 "-" "Mozilla/5.0 (X11; Ubuntu; Linux x86_64; rv:72.0) Gecko/20100101 Firefox/72.0"
207.46.13.208 - - [12/May/2023:15:51:16 +0200] "GET /smiski-figure-series-bathroom-note-there-is-single-figure-p-43108.html HTTP/1.0" 301 77468 "-" "Mozilla/5.0 AppleWebKit/537.36 (KHTML, like Gecko; compatible; bingbot/2.0; +http://www.bing.com/bingbot.htm) Chrome/103.0.5060.134 Safari/537.36"
40.77.167.220 - - [12/May/2023:15:51:46 +0200] "GET /disney-showcase-figurine-collection-mulan-p-38721.html HTTP/1.0" 200 76832 "-" "Mozilla/5.0 AppleWebKit/537.36 (KHTML, like Gecko; compatible; bingbot/2.0; +http://www.bing.com/bingbot.htm) Chrome/103.0.5060.134 Safari/537.36"
40.77.167.220 - - [12/May/2023:15:51:47 +0200] "GET /dragon-ball-freezer-army-p-30218.html HTTP/1.0" 200 73422 "-" "Mozilla/5.0 AppleWebKit/537.36 (KHTML, like Gecko; compatible; bingbot/2.0; +http://www.bing.com/bingbot.htm) Chrome/103.0.5060.134 Safari/537.36"
52.167.144.85 - - [12/May/2023:15:51:54 +0200] "GET /jake-and-the-never-land-pirates-pvc-money-box-p-32144.html HTTP/1.0" 301 76268 "-" "Mozilla/5.0 AppleWebKit/537.36 (KHTML, like Gecko; compatible; bingbot/2.0; +http://www.bing.com/bingbot.htm) Chrome/103.0.5060.134 Safari/537.36"
207.46.13.208 - - [12/May/2023:15:54:46 +0200] "GET /coca-cola-retro-deco-thermometer-p-31633.html HTTP/1.0" 200 76130 "-" "Mozilla/5.0 AppleWebKit/537.36 (KHTML, like Gecko; compatible; bingbot/2.0; +http://www.bing.com/bingbot.htm) Chrome/103.0.5060.134 Safari/537.36"
146.50.28.35 - - [12/May/2023:15:54:55 +0200] "GET /images/mini_prod/060207_230354_PEEL_eb7VzU.jpg HTTP/1.0" 200 281 "-" "Mozilla/5.0 (X11; Ubuntu; Linux x86_64; rv:72.0) Gecko/20100101 Firefox/72.0"
40.77.167.220 - - [12/May/2023:15:55:36 +0200] "GET /cupcake-lip-gloss-p-28877.html HTTP/1.0" 301 73391 "-" "Mozilla/5.0 AppleWebKit/537.36 (KHTML, like Gecko; compatible; bingbot/2.0; +http://www.bing.com/bingbot.htm) Chrome/103.0.5060.134 Safari/537.36"
52.167.144.85 - - [12/May/2023:15:55:44 +0200] "GET /cats-dubout-bowl-p-45217.html HTTP/1.0" 200 75903 "-" "Mozilla/5.0 AppleWebKit/537.36 (KHTML, like Gecko; compatible; bingbot/2.0; +http://www.bing.com/bingbot.htm) Chrome/103.0.5060.134 Safari/537.36"
207.46.13.208 - - [12/May/2023:15:55:48 +0200] "GET /white-shell-samsung-with-personalized-picture-p-16356.html HTTP/1.0" 200 76408 "-" "Mozilla/5.0 AppleWebKit/537.36 (KHTML, like Gecko; compatible; bingbot/2.0; +http://www.bing.com/bingbot.htm) Chrome/103.0.5060.134 Safari/537.36"
66.249.70.72 - - [12/May/2023:15:56:13 +0200] "GET /littlest-petshop-multicolour-swimsuit-p-30265.html HTTP/1.0" 200 77508 "-" "Mozilla/5.0 (Linux; Android 6.0.1; Nexus 5X Build/MMB29P) AppleWebKit/537.36 (KHTML, like Gecko) Chrome/112.0.5615.142 Mobile Safari/537.36 (compatible; Googlebot/2.1; +http://www.google.com/bot.html)"
207.46.13.208 - - [12/May/2023:15:56:16 +0200] "GET /dora-the-explorer-flowers-poster-p-32302.html HTTP/1.0" 301 76140 "-" "Mozilla/5.0 AppleWebKit/537.36 (KHTML, like Gecko; compatible; bingbot/2.0; +http://www.bing.com/bingbot.htm) Chrome/103.0.5060.134 Safari/537.36"
106.52.249.139 - - [12/May/2023:15:56:21 +0200] "GET /images/mini_prod/4036113830490.jpg HTTP/1.0" 200 269 "-" "Mozilla/5.0 (X11; Ubuntu; Linux x86_64; rv:72.0) Gecko/20100101 Firefox/72.0"
66.249.70.72 - - [12/May/2023:15:57:02 +0200] "GET /buddhist-bracelet-wooden-beads-orange-p-37668.html HTTP/1.0" 200 76013 "-" "Mozilla/5.0 (Linux; Android 6.0.1; Nexus 5X Build/MMB29P) AppleWebKit/537.36 (KHTML, like Gecko) Chrome/112.0.5615.142 Mobile Safari/537.36 (compatible; Googlebot/2.1; +http://www.google.com/bot.html)"
185.176.78.178 - - [12/May/2023:15:57:20 +0200] "GET /images/mini_prod/MISES-EN-SITUATION-D02.jpg HTTP/1.0" 200 278 "-" "Mozilla/5.0 (X11; Ubuntu; Linux x86_64; rv:72.0) Gecko/20100101 Firefox/72.0"
121.30.179.53 - - [12/May/2023:15:57:29 +0200] "GET /images/big_prod_1/8422092340062B.jpg HTTP/1.0" 200 271 "-" "Mozilla/5.0 (X11; Ubuntu; Linux x86_64; rv:72.0) Gecko/20100101 Firefox/72.0"
40.77.167.220 - - [12/May/2023:15:57:46 +0200] "GET /strawberry-shortcake-towel-p-141.html HTTP/1.0" 301 73385 "-" "Mozilla/5.0 AppleWebKit/537.36 (KHTML, like Gecko; compatible; bingbot/2.0; +http://www.bing.com/bingbot.htm) Chrome/103.0.5060.134 Safari/537.36"
40.77.167.220 - - [12/May/2023:15:58:07 +0200] "GET /luggages-schoolbags-leather-shop/suitcaselittle-suitcase-trolley/mickey-mouse-quadrichromy-large-suitcase-p-22643.html HTTP/1.0" 301 73391 "-" "Mozilla/5.0 AppleWebKit/537.36 (KHTML, like Gecko; compatible; bingbot/2.0; +http://www.bing.com/bingbot.htm) Chrome/103.0.5060.134 Safari/537.36"
42.194.226.108 - - [12/May/2023:15:58:28 +0200] "GET /images/mini_prod/3700516208750.jpg HTTP/1.0" 200 269 "-" "Mozilla/5.0 (X11; Ubuntu; Linux x86_64; rv:72.0) Gecko/20100101 Firefox/72.0"
66.249.70.72 - - [12/May/2023:15:58:53 +0200] "GET /merry-tree-trimming-decorating-tree-with-illuminated-p-56171.html HTTP/1.0" 200 77415 "-" "Mozilla/5.0 (Linux; Android 6.0.1; Nexus 5X Build/MMB29P) AppleWebKit/537.36 (KHTML, like Gecko) Chrome/113.0.5672.92 Mobile Safari/537.36 (compatible; Googlebot/2.1; +http://www.google.com/bot.html)"
207.46.13.208 - - [12/May/2023:15:58:57 +0200] "GET /calendar-workbook-organizer-c-129_189.html HTTP/1.0" 200 89260 "-" "Mozilla/5.0 AppleWebKit/537.36 (KHTML, like Gecko; compatible; bingbot/2.0; +http://www.bing.com/bingbot.htm) Chrome/103.0.5060.134 Safari/537.36"
207.46.13.208 - - [12/May/2023:16:01:08 +0200] "GET /boys/night-clothes/dragon-ball-pajamas-years-p-22835.html HTTP/1.0" 301 73391 "-" "Mozilla/5.0 AppleWebKit/537.36 (KHTML, like Gecko; compatible; bingbot/2.0; +http://www.bing.com/bingbot.htm) Chrome/103.0.5060.134 Safari/537.36"
40.77.167.220 - - [12/May/2023:16:01:36 +0200] "GET /jasmin-medium-cabas-jasmine-p-46979.html HTTP/1.0" 301 73391 "-" "Mozilla/5.0 AppleWebKit/537.36 (KHTML, like Gecko; compatible; bingbot/2.0; +http://www.bing.com/bingbot.htm) Chrome/103.0.5060.134 Safari/537.36"
42.194.225.248 - - [12/May/2023:16:01:51 +0200] "GET /images/mini_prod/3453131080910.jpg HTTP/1.0" 200 269 "-" "Mozilla/5.0 (X11; Ubuntu; Linux x86_64; rv:72.0) Gecko/20100101 Firefox/72.0"
8.210.174.16 - - [12/May/2023:16:02:03 +0200] "GET /images/mini_prod/1399984270325.jpg HTTP/1.0" 200 269 "-" "aria2/1.35.0"
185.176.78.178 - - [12/May/2023:16:03:07 +0200] "GET /images/mini_prod/3014627830138.jpg HTTP/1.0" 200 269 "-" "Mozilla/5.0 (X11; Ubuntu; Linux x86_64; rv:72.0) Gecko/20100101 Firefox/72.0"
42.194.225.248 - - [12/May/2023:16:03:12 +0200] "GET /images/mini_prod/3661443439436.jpg HTTP/1.0" 200 269 "-" "Mozilla/5.0 (X11; Ubuntu; Linux x86_64; rv:72.0) Gecko/20100101 Firefox/72.0"
207.46.13.208 - - [12/May/2023:16:03:47 +0200] "GET /ceramic-salt-pot-with-spoon-aderne-p-50644.html HTTP/1.0" 301 76972 "-" "Mozilla/5.0 AppleWebKit/537.36 (KHTML, like Gecko; compatible; bingbot/2.0; +http://www.bing.com/bingbot.htm) Chrome/103.0.5060.134 Safari/537.36"
52.167.144.85 - - [12/May/2023:16:04:05 +0200] "GET /hand-fatima-candle-holder-p-48032.html HTTP/1.0" 200 73420 "-" "Mozilla/5.0 AppleWebKit/537.36 (KHTML, like Gecko; compatible; bingbot/2.0; +http://www.bing.com/bingbot.htm) Chrome/103.0.5060.134 Safari/537.36"
81.71.101.51 - - [12/May/2023:16:04:21 +0200] "GET /images/mini_prod/8435333853276.jpg HTTP/1.0" 200 269 "-" "Mozilla/5.0 (X11; Ubuntu; Linux x86_64; rv:72.0) Gecko/20100101 Firefox/72.0"
66.249.70.72 - - [12/May/2023:16:04:45 +0200] "GET /cheshire-notepad-romero-britto-p-17860.html HTTP/1.0" 200 76158 "-" "Mozilla/5.0 (compatible; Googlebot/2.1; +http://www.google.com/bot.html)"
51.68.224.127 - - [12/May/2023:16:04:58 +0200] "GET /adminweb/export_orders_xml.php?token=256de2z6edz6ed2z6DFSFsed2zed6zeDSFDSGdzedezfzf&maxorders=10&orderstart=1&status=14&start_date=2018-10-01 HTTP/1.0" 200 285 "-" "GesCom CharlotteBoutik Serveur"
51.68.224.127 - - [12/May/2023:16:04:58 +0200] "GET /adminweb/export_orders_xml.php?token=256de2z6edz6ed2z6DFSFsed2zed6zeDSFDSGdzedezfzf&maxorders=10&orderstart=1&status=6&start_date=2018-10-01 HTTP/1.0" 200 33887 "-" "GesCom CharlotteBoutik Serveur"
173.254.24.43 - - [12/May/2023:16:05:17 +0200] "GET / HTTP/1.0" 301 511 "-" "-"
173.254.24.43 - - [12/May/2023:16:05:18 +0200] "GET / HTTP/1.0" 200 153385 "-" "-"
106.52.146.234 - - [12/May/2023:16:06:09 +0200] "GET /images/mini_prod/3279510509281.jpg HTTP/1.0" 200 269 "-" "Mozilla/5.0 (X11; Ubuntu; Linux x86_64; rv:72.0) Gecko/20100101 Firefox/72.0"
13.57.14.155 - - [12/May/2023:16:06:23 +0200] "GET /images/med_prod/1399984288757.jpg HTTP/1.0" 200 268 "-" "Mozilla/5.0 (X11; Ubuntu; Linux x86_64; rv:72.0) Gecko/20100101 Firefox/72.0"
185.176.78.178 - - [12/May/2023:16:07:09 +0200] "GET /images/mini_prod/5050293802954.jpg HTTP/1.0" 200 269 "-" "Mozilla/5.0 (X11; Ubuntu; Linux x86_64; rv:72.0) Gecko/20100101 Firefox/72.0"
13.213.135.198 - - [12/May/2023:16:07:10 +0200] "GET /images/3298061509113.jpg HTTP/1.0" 404 1308 "-" "'Mozilla/5.0 (Linux; Android 6.0; Nexus 5 Build/MRA58N) AppleWebKit/537.36 (KHTML, like Gecko) Chrome/65.0.3325.181 Mobile Safari/537.36'Bytespider;https://zhanzhang.toutiao.com/"
13.228.112.51 - - [12/May/2023:16:07:18 +0200] "GET /robots.txt HTTP/1.0" 200 245 "-" "'Mozilla/5.0 (Linux; Android 6.0; Nexus 5 Build/MRA58N) AppleWebKit/537.36 (KHTML, like Gecko) Chrome/65.0.3325.181 Mobile Safari/537.36'Bytespider;https://zhanzhang.toutiao.com/"
210.118.78.210 - - [12/May/2023:16:07:19 +0200] "GET /images/mini_prod/1384000001342.jpg HTTP/1.0" 200 269 "-" "Mozilla/5.0 (X11; Ubuntu; Linux x86_64; rv:72.0) Gecko/20100101 Firefox/72.0"
40.77.167.220 - - [12/May/2023:16:07:57 +0200] "GET /wooden-decorative-plate-brasserie-mousses-p-53547.html HTTP/1.0" 200 76815 "-" "Mozilla/5.0 AppleWebKit/537.36 (KHTML, like Gecko; compatible; bingbot/2.0; +http://www.bing.com/bingbot.htm) Chrome/103.0.5060.134 Safari/537.36"
149.6.140.106 - - [12/May/2023:16:08:21 +0200] "GET /images/mini_prod/1750048000003.jpg HTTP/1.0" 200 269 "-" "Mozilla/5.0 (X11; Ubuntu; Linux x86_64; rv:72.0) Gecko/20100101 Firefox/72.0"
52.167.144.85 - - [12/May/2023:16:09:26 +0200] "GET /salt-pepper-cordelia-p-47915.html HTTP/1.0" 200 75975 "-" "Mozilla/5.0 AppleWebKit/537.36 (KHTML, like Gecko; compatible; bingbot/2.0; +http://www.bing.com/bingbot.htm) Chrome/103.0.5060.134 Safari/537.36"
207.46.13.208 - - [12/May/2023:16:09:31 +0200] "GET /laissez-lucie-faire-cups-espresso-cups-espresso-p-38469.html HTTP/1.0" 200 76197 "-" "Mozilla/5.0 AppleWebKit/537.36 (KHTML, like Gecko; compatible; bingbot/2.0; +http://www.bing.com/bingbot.htm) Chrome/103.0.5060.134 Safari/537.36"
207.46.13.208 - - [12/May/2023:16:09:33 +0200] "GET /votive-candle-hours-pearl-bouquet-p-34629.html HTTP/1.0" 200 77300 "-" "Mozilla/5.0 AppleWebKit/537.36 (KHTML, like Gecko; compatible; bingbot/2.0; +http://www.bing.com/bingbot.htm) Chrome/103.0.5060.134 Safari/537.36"
66.249.70.68 - - [12/May/2023:16:10:31 +0200] "GET /stitch-waterball-collection-p-53512.html HTTP/1.0" 200 76525 "-" "Mozilla/5.0 (compatible; Googlebot/2.1; +http://www.google.com/bot.html)"
40.77.167.220 - - [12/May/2023:16:10:37 +0200] "GET /decorative-thermometer-metal-gendarme-p-47086.html HTTP/1.0" 200 76178 "-" "Mozilla/5.0 AppleWebKit/537.36 (KHTML, like Gecko; compatible; bingbot/2.0; +http://www.bing.com/bingbot.htm) Chrome/103.0.5060.134 Safari/537.36"
52.167.144.85 - - [12/May/2023:16:11:05 +0200] "GET /minions-stickers-p-31216.html HTTP/1.0" 200 73378 "-" "Mozilla/5.0 AppleWebKit/537.36 (KHTML, like Gecko; compatible; bingbot/2.0; +http://www.bing.com/bingbot.htm) Chrome/103.0.5060.134 Safari/537.36"
146.50.28.35 - - [12/May/2023:16:11:13 +0200] "GET /images/mini_prod/3661611901550.jpg HTTP/1.0" 200 269 "-" "Mozilla/5.0 (X11; Ubuntu; Linux x86_64; rv:72.0) Gecko/20100101 Firefox/72.0"
147.92.153.16 - - [12/May/2023:16:11:14 +0200] "GET /fine-bone-china-lemon-p-60479.html HTTP/1.0" 200 76879 "-" "Mozilla/5.0 (compatible; Linespider/1.1; +https://lin.ee/4dwXkTH)"
207.46.13.208 - - [12/May/2023:16:12:58 +0200] "GET /alarm-clock-cbkreation-p-24995.html HTTP/1.0" 200 76037 "-" "Mozilla/5.0 AppleWebKit/537.36 (KHTML, like Gecko; compatible; bingbot/2.0; +http://www.bing.com/bingbot.htm) Chrome/103.0.5060.134 Safari/537.36"
66.249.70.68 - - [12/May/2023:16:13:11 +0200] "GET /yoga-cats-balancing-stick-posture-statuette-p-55069.html HTTP/1.0" 200 76207 "-" "Mozilla/5.0 (compatible; Googlebot/2.1; +http://www.google.com/bot.html)"
210.118.78.210 - - [12/May/2023:16:13:15 +0200] "GET /images/mini_prod/3700791201514NN.jpg HTTP/1.0" 200 271 "-" "Mozilla/5.0 (X11; Ubuntu; Linux x86_64; rv:72.0) Gecko/20100101 Firefox/72.0"
52.167.144.85 - - [12/May/2023:16:14:56 +0200] "GET /kimmi-junior-bella-coin-purse-p-8737.html HTTP/1.0" 200 76167 "-" "Mozilla/5.0 AppleWebKit/537.36 (KHTML, like Gecko; compatible; bingbot/2.0; +http://www.bing.com/bingbot.htm) Chrome/103.0.5060.134 Safari/537.36"
69.171.251.21 - - [12/May/2023:16:15:45 +0200] "GET /images/mini_prod/3520071392981.jpg HTTP/1.0" 200 269 "-" "Mozilla/5.0 (X11; Ubuntu; Linux x86_64; rv:72.0) Gecko/20100101 Firefox/72.0"
207.46.13.208 - - [12/May/2023:16:16:18 +0200] "GET /body-baby-knight-p-50931.html HTTP/1.0" 200 75866 "-" "Mozilla/5.0 AppleWebKit/537.36 (KHTML, like Gecko; compatible; bingbot/2.0; +http://www.bing.com/bingbot.htm) Chrome/103.0.5060.134 Safari/537.36"
207.46.13.208 - - [12/May/2023:16:16:20 +0200] "GET /large-bowl-p-40459.html HTTP/1.0" 200 73354 "-" "Mozilla/5.0 AppleWebKit/537.36 (KHTML, like Gecko; compatible; bingbot/2.0; +http://www.bing.com/bingbot.htm) Chrome/103.0.5060.134 Safari/537.36"
95.108.213.153 - - [12/May/2023:16:18:27 +0200] "GET /angel-wings-black-shirt-cbkreation-p-30122.html HTTP/1.0" 200 77073 "-" "Mozilla/5.0 (compatible; YandexBot/3.0; +http://yandex.com/bots)"
66.249.70.76 - - [12/May/2023:16:18:48 +0200] "GET /hanging-wooden-wall-decoration-casa-corsa-p-47064.html HTTP/1.0" 200 76184 "-" "Mozilla/5.0 (Linux; Android 6.0.1; Nexus 5X Build/MMB29P) AppleWebKit/537.36 (KHTML, like Gecko) Chrome/112.0.5615.142 Mobile Safari/537.36 (compatible; Googlebot/2.1; +http://www.google.com/bot.html)"
123.60.146.214 - - [12/May/2023:16:19:05 +0200] "GET / HTTP/1.0" 200 153852 "-" "Mozilla/5.0 (Windows NT 5.2; Win64; x64) AppleWebKit/537.36 (KHTML, like Gecko) Chrome/75.0.1781.88 Safari/537.36"
40.77.167.220 - - [12/May/2023:16:19:17 +0200] "GET /decoration-vase-silver-glass-p-52548.html HTTP/1.0" 200 73430 "-" "Mozilla/5.0 AppleWebKit/537.36 (KHTML, like Gecko; compatible; bingbot/2.0; +http://www.bing.com/bingbot.htm) Chrome/103.0.5060.134 Safari/537.36"
40.77.167.220 - - [12/May/2023:16:19:48 +0200] "GET /disney-frozen-olaf-large-bag-p-31219.html HTTP/1.0" 301 73509 "-" "Mozilla/5.0 AppleWebKit/537.36 (KHTML, like Gecko; compatible; bingbot/2.0; +http://www.bing.com/bingbot.htm) Chrome/103.0.5060.134 Safari/537.36"
40.77.167.220 - - [12/May/2023:16:19:57 +0200] "GET /top-model-fantasy-purple-jewelry-box-p-32069.html HTTP/1.0" 301 609 "-" "Mozilla/5.0 AppleWebKit/537.36 (KHTML, like Gecko; compatible; bingbot/2.0; +http://www.bing.com/bingbot.htm) Chrome/103.0.5060.134 Safari/537.36"
52.167.144.85 - - [12/May/2023:16:20:27 +0200] "GET /disney-minnie-mouse-musical-jewelry-box-p-27787.html HTTP/1.0" 301 73391 "-" "Mozilla/5.0 AppleWebKit/537.36 (KHTML, like Gecko; compatible; bingbot/2.0; +http://www.bing.com/bingbot.htm) Chrome/103.0.5060.134 Safari/537.36"
40.77.167.220 - - [12/May/2023:16:20:49 +0200] "GET /jewelry-holder-flower-dress-p-47489.html HTTP/1.0" 200 73422 "-" "Mozilla/5.0 AppleWebKit/537.36 (KHTML, like Gecko; compatible; bingbot/2.0; +http://www.bing.com/bingbot.htm) Chrome/103.0.5060.134 Safari/537.36"
40.77.167.220 - - [12/May/2023:16:21:08 +0200] "GET /rolling-stones-black-zippo-lighter-p-32569.html HTTP/1.0" 200 73450 "-" "Mozilla/5.0 AppleWebKit/537.36 (KHTML, like Gecko; compatible; bingbot/2.0; +http://www.bing.com/bingbot.htm) Chrome/103.0.5060.134 Safari/537.36"
51.68.224.127 - - [12/May/2023:16:21:12 +0200] "GET /adminweb/export_orders_xml.php?token=256de2z6edz6ed2z6DFSFsed2zed6zeDSFDSGdzedezfzf&maxorders=10&orderstart=1&status=14&start_date=2018-10-01 HTTP/1.0" 200 285 "-" "GesCom CharlotteBoutik Serveur"
51.68.224.127 - - [12/May/2023:16:21:12 +0200] "GET /adminweb/export_orders_xml.php?token=256de2z6edz6ed2z6DFSFsed2zed6zeDSFDSGdzedezfzf&maxorders=10&orderstart=1&status=6&start_date=2018-10-01 HTTP/1.0" 200 33887 "-" "GesCom CharlotteBoutik Serveur"
52.167.144.85 - - [12/May/2023:16:22:57 +0200] "GET /lotus-lights-small-chakra-golden-p-39333.html HTTP/1.0" 200 73446 "-" "Mozilla/5.0 AppleWebKit/537.36 (KHTML, like Gecko; compatible; bingbot/2.0; +http://www.bing.com/bingbot.htm) Chrome/103.0.5060.134 Safari/537.36"
207.46.13.208 - - [12/May/2023:16:23:19 +0200] "GET /alarms-clocks-c-13_65.html HTTP/1.0" 200 93723 "-" "Mozilla/5.0 AppleWebKit/537.36 (KHTML, like Gecko; compatible; bingbot/2.0; +http://www.bing.com/bingbot.htm) Chrome/103.0.5060.134 Safari/537.36"
52.167.144.85 - - [12/May/2023:16:24:38 +0200] "GET /radio-black-with-bluetooth-p-27923.html HTTP/1.0" 200 73428 "-" "Mozilla/5.0 AppleWebKit/537.36 (KHTML, like Gecko; compatible; bingbot/2.0; +http://www.bing.com/bingbot.htm) Chrome/103.0.5060.134 Safari/537.36"
40.77.167.220 - - [12/May/2023:16:24:42 +0200] "GET /decoration-hourglass-glass-sand-glitter-black-p-53617.html HTTP/1.0" 200 76193 "-" "Mozilla/5.0 AppleWebKit/537.36 (KHTML, like Gecko; compatible; bingbot/2.0; +http://www.bing.com/bingbot.htm) Chrome/103.0.5060.134 Safari/537.36"
5.255.231.28 - - [12/May/2023:16:24:45 +0200] "GET /-p-20439.html HTTP/1.0" 200 73324 "-" "Mozilla/5.0 (compatible; YandexBot/3.0; +http://yandex.com/bots)"
40.77.167.220 - - [12/May/2023:16:25:08 +0200] "GET /bracelets-c-3_200.html?page=2 HTTP/1.0" 200 94325 "-" "Mozilla/5.0 AppleWebKit/537.36 (KHTML, like Gecko; compatible; bingbot/2.0; +http://www.bing.com/bingbot.htm) Chrome/103.0.5060.134 Safari/537.36"
121.30.179.107 - - [12/May/2023:16:25:10 +0200] "GET /images/mini_prod/3609810076310.jpg HTTP/1.0" 200 269 "-" "Mozilla/5.0 (X11; Ubuntu; Linux x86_64; rv:72.0) Gecko/20100101 Firefox/72.0"
121.30.179.84 - - [12/May/2023:16:25:17 +0200] "GET /images/big_prod_1/3359103059680c.jpg HTTP/1.0" 200 271 "-" "Mozilla/5.0 (X11; Ubuntu; Linux x86_64; rv:72.0) Gecko/20100101 Firefox/72.0"
207.46.13.208 - - [12/May/2023:16:25:50 +0200] "GET /picapica-tapas-tablecloth-anti-stain-p-34993.html HTTP/1.0" 200 76140 "-" "Mozilla/5.0 AppleWebKit/537.36 (KHTML, like Gecko; compatible; bingbot/2.0; +http://www.bing.com/bingbot.htm) Chrome/103.0.5060.134 Safari/537.36"
207.46.13.208 - - [12/May/2023:16:27:49 +0200] "GET /framework-kitten-canvas-p-31839.html HTTP/1.0" 200 76014 "-" "Mozilla/5.0 AppleWebKit/537.36 (KHTML, like Gecko; compatible; bingbot/2.0; +http://www.bing.com/bingbot.htm) Chrome/103.0.5060.134 Safari/537.36"
207.46.13.208 - - [12/May/2023:16:29:39 +0200] "GET /bolster-case-p-33866.html HTTP/1.0" 200 73398 "-" "Mozilla/5.0 AppleWebKit/537.36 (KHTML, like Gecko; compatible; bingbot/2.0; +http://www.bing.com/bingbot.htm) Chrome/103.0.5060.134 Safari/537.36"
213.180.203.241 - - [12/May/2023:16:29:46 +0200] "GET /-p-24690.html HTTP/1.0" 200 73324 "-" "Mozilla/5.0 (compatible; YandexBot/3.0; +http://yandex.com/bots)"
47.12.107.196 - - [12/May/2023:16:29:55 +0200] "GET /images/mini_prod/8424345892595.jpg HTTP/1.0" 200 269 "-" "Mozilla/5.0 (X11; Ubuntu; Linux x86_64; rv:72.0) Gecko/20100101 Firefox/72.0"
52.167.144.85 - - [12/May/2023:16:30:08 +0200] "GET /stationery-and-cardmaking/stickers/emily-the-strange-sticker-p-12139.html HTTP/1.0" 301 657 "-" "Mozilla/5.0 AppleWebKit/537.36 (KHTML, like Gecko; compatible; bingbot/2.0; +http://www.bing.com/bingbot.htm) Chrome/103.0.5060.134 Safari/537.36"
40.77.167.220 - - [12/May/2023:16:30:20 +0200] "GET /pokemon-swimsuit-p-30590.html HTTP/1.0" 200 77072 "-" "Mozilla/5.0 AppleWebKit/537.36 (KHTML, like Gecko; compatible; bingbot/2.0; +http://www.bing.com/bingbot.htm) Chrome/103.0.5060.134 Safari/537.36"
66.249.70.76 - - [12/May/2023:16:30:24 +0200] "GET /salamander-wall-decoration-p-40932.html HTTP/1.0" 200 73430 "-" "Mozilla/5.0 (Linux; Android 6.0.1; Nexus 5X Build/MMB29P) AppleWebKit/537.36 (KHTML, like Gecko) Chrome/112.0.5615.142 Mobile Safari/537.36 (compatible; Googlebot/2.1; +http://www.google.com/bot.html)"
52.167.144.85 - - [12/May/2023:16:30:58 +0200] "GET /green-stained-pine-wood-chest-p-53541.html HTTP/1.0" 200 76858 "-" "Mozilla/5.0 AppleWebKit/537.36 (KHTML, like Gecko; compatible; bingbot/2.0; +http://www.bing.com/bingbot.htm) Chrome/103.0.5060.134 Safari/537.36"
147.92.153.4 - - [12/May/2023:16:31:15 +0200] "GET /fine-bone-china-orchid-p-60471.html HTTP/1.0" 200 76891 "-" "Mozilla/5.0 (compatible; Linespider/1.1; +https://lin.ee/4dwXkTH)"
42.194.245.125 - - [12/May/2023:16:31:56 +0200] "GET /images/mini_prod/5027417019895.jpg HTTP/1.0" 200 269 "-" "Mozilla/5.0 (X11; Ubuntu; Linux x86_64; rv:72.0) Gecko/20100101 Firefox/72.0"
66.249.70.68 - - [12/May/2023:16:31:57 +0200] "GET /johnny-hallyday-decorative-wood-plaque-p-43489.html HTTP/1.0" 200 76129 "-" "Mozilla/5.0 (Linux; Android 6.0.1; Nexus 5X Build/MMB29P) AppleWebKit/537.36 (KHTML, like Gecko) Chrome/112.0.5615.142 Mobile Safari/537.36 (compatible; Googlebot/2.1; +http://www.google.com/bot.html)"
8.218.75.45 - - [12/May/2023:16:32:59 +0200] "GET /images/mini_prod/3453131131612.jpg HTTP/1.0" 200 269 "-" "aria2/1.35.0"
207.46.13.208 - - [12/May/2023:16:32:59 +0200] "GET /take-cake-irma-p-48106.html HTTP/1.0" 200 76786 "-" "Mozilla/5.0 AppleWebKit/537.36 (KHTML, like Gecko; compatible; bingbot/2.0; +http://www.bing.com/bingbot.htm) Chrome/103.0.5060.134 Safari/537.36"
119.249.100.17 - - [12/May/2023:16:33:32 +0200] "GET /images/mini_prod/3296580363605.jpg HTTP/1.0" 200 269 "-" "Go-http-client/1.1"
207.46.13.208 - - [12/May/2023:16:33:50 +0200] "GET /ogc-nice-flag-p-38276.html HTTP/1.0" 301 73391 "-" "Mozilla/5.0 AppleWebKit/537.36 (KHTML, like Gecko; compatible; bingbot/2.0; +http://www.bing.com/bingbot.htm) Chrome/103.0.5060.134 Safari/537.36"
185.176.78.178 - - [12/May/2023:16:34:30 +0200] "GET /images/mini_prod/3560600248556.jpg HTTP/1.0" 200 269 "-" "Mozilla/5.0 (X11; Ubuntu; Linux x86_64; rv:72.0) Gecko/20100101 Firefox/72.0"
40.77.167.220 - - [12/May/2023:16:34:28 +0200] "GET /white-fitted-sheet-p-27506.html HTTP/1.0" 200 75885 "-" "Mozilla/5.0 AppleWebKit/537.36 (KHTML, like Gecko; compatible; bingbot/2.0; +http://www.bing.com/bingbot.htm) Chrome/103.0.5060.134 Safari/537.36"
17.241.219.237 - - [12/May/2023:16:34:36 +0200] "GET /padma-blue-p-54308.html HTTP/1.0" 200 76679 "-" "Mozilla/5.0 (Macintosh; Intel Mac OS X 10_15_5) AppleWebKit/605.1.15 (KHTML, like Gecko) Version/13.1.1 Safari/605.1.15 (Applebot/0.1; +http://www.apple.com/go/applebot)"
146.50.28.35 - - [12/May/2023:16:34:51 +0200] "GET /images/mini_prod/1399984257043.jpg HTTP/1.0" 200 269 "-" "Mozilla/5.0 (X11; Ubuntu; Linux x86_64; rv:72.0) Gecko/20100101 Firefox/72.0"
207.46.13.208 - - [12/May/2023:16:35:30 +0200] "GET /duvet-cover-cotton-percale-threads-p-51261.html HTTP/1.0" 200 76263 "-" "Mozilla/5.0 AppleWebKit/537.36 (KHTML, like Gecko; compatible; bingbot/2.0; +http://www.bing.com/bingbot.htm) Chrome/103.0.5060.134 Safari/537.36"
185.176.78.178 - - [12/May/2023:16:35:32 +0200] "GET /images/mini_prod/5051265800183.jpg HTTP/1.0" 200 269 "-" "Mozilla/5.0 (X11; Ubuntu; Linux x86_64; rv:72.0) Gecko/20100101 Firefox/72.0"
129.204.105.50 - - [12/May/2023:16:35:37 +0200] "GET /images/mini_prod/8422360068315.jpg HTTP/1.0" 200 269 "-" "Mozilla/5.0 (X11; Ubuntu; Linux x86_64; rv:72.0) Gecko/20100101 Firefox/72.0"
40.77.167.220 - - [12/May/2023:16:36:29 +0200] "GET /cherry-blossoms-turquoise-p-39292.html HTTP/1.0" 200 76163 "-" "Mozilla/5.0 AppleWebKit/537.36 (KHTML, like Gecko; compatible; bingbot/2.0; +http://www.bing.com/bingbot.htm) Chrome/103.0.5060.134 Safari/537.36"
40.77.167.220 - - [12/May/2023:16:36:31 +0200] "GET /margaret-lampshade-p-52962.html HTTP/1.0" 200 73386 "-" "Mozilla/5.0 AppleWebKit/537.36 (KHTML, like Gecko; compatible; bingbot/2.0; +http://www.bing.com/bingbot.htm) Chrome/103.0.5060.134 Safari/537.36"
129.82.147.216 - - [12/May/2023:16:36:59 +0200] "GET /images/mini_prod/DSCN7557.jpg HTTP/1.0" 200 264 "-" "Mozilla/5.0 (X11; Ubuntu; Linux x86_64; rv:72.0) Gecko/20100101 Firefox/72.0"
40.77.167.220 - - [12/May/2023:16:37:20 +0200] "GET /resin-statuette-naked-woman-p-52874.html HTTP/1.0" 200 73434 "-" "Mozilla/5.0 AppleWebKit/537.36 (KHTML, like Gecko; compatible; bingbot/2.0; +http://www.bing.com/bingbot.htm) Chrome/103.0.5060.134 Safari/537.36"
51.68.224.127 - - [12/May/2023:16:37:39 +0200] "GET /adminweb/export_orders_xml.php?token=256de2z6edz6ed2z6DFSFsed2zed6zeDSFDSGdzedezfzf&maxorders=10&orderstart=1&status=14&start_date=2018-10-01 HTTP/1.0" 200 285 "-" "GesCom CharlotteBoutik Serveur"
51.68.224.127 - - [12/May/2023:16:37:39 +0200] "GET /adminweb/export_orders_xml.php?token=256de2z6edz6ed2z6DFSFsed2zed6zeDSFDSGdzedezfzf&maxorders=10&orderstart=1&status=6&start_date=2018-10-01 HTTP/1.0" 200 33887 "-" "GesCom CharlotteBoutik Serveur"
66.249.70.72 - - [12/May/2023:16:37:54 +0200] "GET /salamander-wall-decoration-p-40932.html HTTP/1.0" 200 73430 "-" "Mozilla/5.0 (compatible; Googlebot/2.1; +http://www.google.com/bot.html)"
122.179.201.183 - - [12/May/2023:16:37:55 +0200] "GET /contact_us.php HTTP/1.0" 200 26241 "-" "Mozilla/5.0 (Windows NT 10.0; Win64; x64) AppleWebKit/537.36 (KHTML, like Gecko) Chrome/113.0.0.0 Safari/537.36"
122.179.201.183 - - [12/May/2023:16:37:57 +0200] "GET /templates/Pixame_v1/stylesheet.css HTTP/1.0" 200 267 "http://www.wonder-geek.com/contact_us.php" "Mozilla/5.0 (Windows NT 10.0; Win64; x64) AppleWebKit/537.36 (KHTML, like Gecko) Chrome/113.0.0.0 Safari/537.36"
122.179.201.183 - - [12/May/2023:16:37:57 +0200] "GET /highslide/highslide.js HTTP/1.0" 200 262 "http://www.wonder-geek.com/contact_us.php" "Mozilla/5.0 (Windows NT 10.0; Win64; x64) AppleWebKit/537.36 (KHTML, like Gecko) Chrome/113.0.0.0 Safari/537.36"
122.179.201.183 - - [12/May/2023:16:37:57 +0200] "GET /js/jquery.js HTTP/1.0" 200 252 "http://www.wonder-geek.com/contact_us.php" "Mozilla/5.0 (Windows NT 10.0; Win64; x64) AppleWebKit/537.36 (KHTML, like Gecko) Chrome/113.0.0.0 Safari/537.36"
122.179.201.183 - - [12/May/2023:16:37:58 +0200] "GET /js/jquery.jqzoom.js HTTP/1.0" 200 259 "http://www.wonder-geek.com/contact_us.php" "Mozilla/5.0 (Windows NT 10.0; Win64; x64) AppleWebKit/537.36 (KHTML, like Gecko) Chrome/113.0.0.0 Safari/537.36"
122.179.201.183 - - [12/May/2023:16:37:58 +0200] "GET /mondial_relay/js/jquery-1.3.2.min.js HTTP/1.0" 200 276 "http://www.wonder-geek.com/contact_us.php" "Mozilla/5.0 (Windows NT 10.0; Win64; x64) AppleWebKit/537.36 (KHTML, like Gecko) Chrome/113.0.0.0 Safari/537.36"
122.179.201.183 - - [12/May/2023:16:37:58 +0200] "GET /swfobject.js HTTP/1.0" 404 1308 "http://www.wonder-geek.com/contact_us.php" "Mozilla/5.0 (Windows NT 10.0; Win64; x64) AppleWebKit/537.36 (KHTML, like Gecko) Chrome/113.0.0.0 Safari/537.36"
122.179.201.183 - - [12/May/2023:16:37:58 +0200] "GET /templates/Pixame_v1/images/icon_accueil2.png HTTP/1.0" 200 278 "http://www.wonder-geek.com/contact_us.php" "Mozilla/5.0 (Windows NT 10.0; Win64; x64) AppleWebKit/537.36 (KHTML, like Gecko) Chrome/113.0.0.0 Safari/537.36"
122.179.201.183 - - [12/May/2023:16:37:59 +0200] "GET /images/pixel_trans.gif HTTP/1.0" 200 328 "http://www.wonder-geek.com/contact_us.php" "Mozilla/5.0 (Windows NT 10.0; Win64; x64) AppleWebKit/537.36 (KHTML, like Gecko) Chrome/113.0.0.0 Safari/537.36"
122.179.201.183 - - [12/May/2023:16:37:59 +0200] "GET /images/table_background_contact_us.gif HTTP/1.0" 200 1094 "http://www.wonder-geek.com/contact_us.php" "Mozilla/5.0 (Windows NT 10.0; Win64; x64) AppleWebKit/537.36 (KHTML, like Gecko) Chrome/113.0.0.0 Safari/537.36"
122.179.201.183 - - [12/May/2023:16:37:59 +0200] "GET /templates/Pixame_v1/images/Bottom_texture.jpg HTTP/1.0" 200 280 "http://www.wonder-geek.com/templates/Pixame_v1/stylesheet.css" "Mozilla/5.0 (Windows NT 10.0; Win64; x64) AppleWebKit/537.36 (KHTML, like Gecko) Chrome/113.0.0.0 Safari/537.36"
122.179.201.183 - - [12/May/2023:16:37:59 +0200] "GET /templates/Pixame_v1/images/Middle_texture.jpg HTTP/1.0" 200 280 "http://www.wonder-geek.com/templates/Pixame_v1/stylesheet.css" "Mozilla/5.0 (Windows NT 10.0; Win64; x64) AppleWebKit/537.36 (KHTML, like Gecko) Chrome/113.0.0.0 Safari/537.36"
122.179.201.183 - - [12/May/2023:16:38:00 +0200] "GET /templates/Pixame_v1/images/header.png HTTP/1.0" 200 271 "http://www.wonder-geek.com/templates/Pixame_v1/stylesheet.css" "Mozilla/5.0 (Windows NT 10.0; Win64; x64) AppleWebKit/537.36 (KHTML, like Gecko) Chrome/113.0.0.0 Safari/537.36"
122.179.201.183 - - [12/May/2023:16:38:00 +0200] "GET /templates/Pixame_v1/images/header-object.png HTTP/1.0" 200 278 "http://www.wonder-geek.com/templates/Pixame_v1/stylesheet.css" "Mozilla/5.0 (Windows NT 10.0; Win64; x64) AppleWebKit/537.36 (KHTML, like Gecko) Chrome/113.0.0.0 Safari/537.36"
122.179.201.183 - - [12/May/2023:16:38:00 +0200] "GET /templates/Pixame_v1/images/nav.png HTTP/1.0" 200 268 "http://www.wonder-geek.com/templates/Pixame_v1/stylesheet.css" "Mozilla/5.0 (Windows NT 10.0; Win64; x64) AppleWebKit/537.36 (KHTML, like Gecko) Chrome/113.0.0.0 Safari/537.36"
122.179.201.183 - - [12/May/2023:16:38:00 +0200] "GET /templates/Pixame_v1/images/buttons/english/button_continue.gif HTTP/1.0" 200 1264 "http://www.wonder-geek.com/contact_us.php" "Mozilla/5.0 (Windows NT 10.0; Win64; x64) AppleWebKit/537.36 (KHTML, like Gecko) Chrome/113.0.0.0 Safari/537.36"
122.179.201.183 - - [12/May/2023:16:38:08 +0200] "GET /highslide/graphics/outlines/drop-shadow.png HTTP/1.0" 200 277 "http://www.wonder-geek.com/contact_us.php" "Mozilla/5.0 (Windows NT 10.0; Win64; x64) AppleWebKit/537.36 (KHTML, like Gecko) Chrome/113.0.0.0 Safari/537.36"
122.179.201.183 - - [12/May/2023:16:38:08 +0200] "GET /highslide/graphics/zoomout.cur HTTP/1.0" 200 614 "http://www.wonder-geek.com/contact_us.php" "Mozilla/5.0 (Windows NT 10.0; Win64; x64) AppleWebKit/537.36 (KHTML, like Gecko) Chrome/113.0.0.0 Safari/537.36"
122.179.201.183 - - [12/May/2023:16:38:08 +0200] "GET /highslide/graphics/loader.white.gif HTTP/1.0" 200 960 "http://www.wonder-geek.com/templates/Pixame_v1/stylesheet.css" "Mozilla/5.0 (Windows NT 10.0; Win64; x64) AppleWebKit/537.36 (KHTML, like Gecko) Chrome/113.0.0.0 Safari/537.36"
122.179.201.183 - - [12/May/2023:16:38:09 +0200] "GET /favicon.ico HTTP/1.0" 200 260 "http://www.wonder-geek.com/contact_us.php" "Mozilla/5.0 (Windows NT 10.0; Win64; x64) AppleWebKit/537.36 (KHTML, like Gecko) Chrome/113.0.0.0 Safari/537.36"
52.167.144.85 - - [12/May/2023:16:38:39 +0200] "GET /mini-cooper-1300-p-27589.html HTTP/1.0" 200 73407 "-" "Mozilla/5.0 AppleWebKit/537.36 (KHTML, like Gecko; compatible; bingbot/2.0; +http://www.bing.com/bingbot.htm) Chrome/103.0.5060.134 Safari/537.36"
8.218.69.86 - - [12/May/2023:16:39:14 +0200] "GET /images/mini_prod/3520071365329.jpg HTTP/1.0" 200 269 "-" "aria2/1.35.0"
129.82.147.216 - - [12/May/2023:16:39:41 +0200] "GET /images/mini_prod/4025055184372.jpg HTTP/1.0" 200 269 "-" "Mozilla/5.0 (X11; Ubuntu; Linux x86_64; rv:72.0) Gecko/20100101 Firefox/72.0"
66.249.70.72 - - [12/May/2023:16:39:57 +0200] "GET /apache-women-watch-blue-mandala-p-42981.html HTTP/1.0" 200 76164 "-" "Mozilla/5.0 (compatible; Googlebot/2.1; +http://www.google.com/bot.html)"
207.46.13.208 - - [12/May/2023:16:40:10 +0200] "GET /cushions-c-11_71.html HTTP/1.0" 301 95286 "-" "Mozilla/5.0 AppleWebKit/537.36 (KHTML, like Gecko; compatible; bingbot/2.0; +http://www.bing.com/bingbot.htm) Chrome/103.0.5060.134 Safari/537.36"
40.77.167.220 - - [12/May/2023:16:40:30 +0200] "GET /cupcakes-money-cbkreation-p-17353.html HTTP/1.0" 200 76114 "-" "Mozilla/5.0 AppleWebKit/537.36 (KHTML, like Gecko; compatible; bingbot/2.0; +http://www.bing.com/bingbot.htm) Chrome/103.0.5060.134 Safari/537.36"
8.218.75.45 - - [12/May/2023:16:40:46 +0200] "GET /images/mini_prod/3453131132015.jpg HTTP/1.0" 200 269 "-" "aria2/1.35.0"
188.130.137.249 - - [12/May/2023:16:40:54 +0200] "GET / HTTP/1.0" 301 511 "http://wonder-geek.com/" "Mozilla/5.0 (Windows NT 6.1; Win64; x64) AppleWebKit/537.36 (KHTML, like Gecko) Chrome/103.0.0.0 Safari/537.36"
46.8.11.23 - - [12/May/2023:16:40:54 +0200] "GET / HTTP/1.0" 200 153369 "http://www.wonder-geek.com/" "Mozilla/5.0 (Windows NT 6.1; Win64; x64) AppleWebKit/537.36 (KHTML, like Gecko) Chrome/103.0.0.0 Safari/537.36"
188.130.137.249 - - [12/May/2023:16:40:58 +0200] "GET /trivet-boards-c-12_158.html HTTP/1.0" 200 97114 "http://www.wonder-geek.com/trivet-boards-c-12_158.html" "Mozilla/5.0 (Windows NT 6.1; Win64; x64) AppleWebKit/537.36 (KHTML, like Gecko) Chrome/103.0.0.0 Safari/537.36"
176.53.186.97 - - [12/May/2023:16:41:01 +0200] "GET /cardboard-boxes-storage-c-13_150_216.html HTTP/1.0" 200 80764 "http://www.wonder-geek.com/cardboard-boxes-storage-c-13_150_216.html" "Mozilla/5.0 (Windows NT 6.1; Win64; x64) AppleWebKit/537.36 (KHTML, like Gecko) Chrome/103.0.0.0 Safari/537.36"
188.130.137.249 - - [12/May/2023:16:41:03 +0200] "GET /cushion-headboard-c-11_71_173.html HTTP/1.0" 200 79024 "http://www.wonder-geek.com/cushion-headboard-c-11_71_173.html" "Mozilla/5.0 (Windows NT 6.1; Win64; x64) AppleWebKit/537.36 (KHTML, like Gecko) Chrome/103.0.0.0 Safari/537.36"
95.182.125.163 - - [12/May/2023:16:41:05 +0200] "GET /contact_us.php HTTP/1.0" 200 26241 "http://www.wonder-geek.com/contact_us.php" "Mozilla/5.0 (Windows NT 6.1; Win64; x64) AppleWebKit/537.36 (KHTML, like Gecko) Chrome/103.0.0.0 Safari/537.36"
45.134.252.109 - - [12/May/2023:16:41:05 +0200] "POST /contact_us.php?action=send HTTP/1.0" 200 26783 "http://www.wonder-geek.com/contact_us.php" "Mozilla/5.0 (Windows NT 6.1; Win64; x64) AppleWebKit/537.36 (KHTML, like Gecko) Chrome/103.0.0.0 Safari/537.36"
161.82.252.35 - - [12/May/2023:16:42:10 +0200] "GET /contact_us.php HTTP/1.0" 200 26241 "http://www.wonder-geek.com/contact_us.php" "Mozilla/5.0 (Windows NT 6.3; Win64; x64) AppleWebKit/537.36 (KHTML, like Gecko) Chrome/90.0.4430.72 Safari/537.36 Edg/90.0.818.42"
42.194.192.36 - - [12/May/2023:16:43:11 +0200] "GET /images/mini_prod/8422016709005.jpg HTTP/1.0" 200 269 "-" "Mozilla/5.0 (X11; Ubuntu; Linux x86_64; rv:72.0) Gecko/20100101 Firefox/72.0"
65.108.110.26 - - [12/May/2023:16:43:34 +0200] "GET /robots.txt HTTP/1.0" 200 245 "-" "Mozilla/5.0 (compatible; MJ12bot/v1.4.8; http://mj12bot.com/)"
122.179.201.183 - - [12/May/2023:16:43:36 +0200] "POST /contact_us.php?action=send HTTP/1.0" 302 488 "http://www.wonder-geek.com/contact_us.php" "Mozilla/5.0 (Windows NT 10.0; Win64; x64) AppleWebKit/537.36 (KHTML, like Gecko) Chrome/113.0.0.0 Safari/537.36"
122.179.201.183 - - [12/May/2023:16:43:36 +0200] "GET /contact_us.php?action=success HTTP/1.0" 200 13477 "http://www.wonder-geek.com/contact_us.php" "Mozilla/5.0 (Windows NT 10.0; Win64; x64) AppleWebKit/537.36 (KHTML, like Gecko) Chrome/113.0.0.0 Safari/537.36"
122.179.201.183 - - [12/May/2023:16:43:37 +0200] "GET /swfobject.js HTTP/1.0" 404 1308 "http://www.wonder-geek.com/contact_us.php?action=success" "Mozilla/5.0 (Windows NT 10.0; Win64; x64) AppleWebKit/537.36 (KHTML, like Gecko) Chrome/113.0.0.0 Safari/537.36"
122.179.201.183 - - [12/May/2023:16:43:37 +0200] "GET /images/table_background_man_on_board.gif HTTP/1.0" 200 1094 "http://www.wonder-geek.com/contact_us.php?action=success" "Mozilla/5.0 (Windows NT 10.0; Win64; x64) AppleWebKit/537.36 (KHTML, like Gecko) Chrome/113.0.0.0 Safari/537.36"
65.108.110.26 - - [12/May/2023:16:43:36 +0200] "GET /ceramic-salt-with-spoon-p-60458.html HTTP/1.0" 200 76592 "-" "Mozilla/5.0 (compatible; MJ12bot/v1.4.8; http://mj12bot.com/)"
65.108.110.26 - - [12/May/2023:16:43:40 +0200] "GET /ceramic-salt-with-spoon-p-60461.html HTTP/1.0" 200 76587 "-" "Mozilla/5.0 (compatible; MJ12bot/v1.4.8; http://mj12bot.com/)"
65.108.110.26 - - [12/May/2023:16:43:43 +0200] "GET /flower-summer-collection-ladybug-p-60467.html HTTP/1.0" 200 76727 "-" "Mozilla/5.0 (compatible; MJ12bot/v1.4.8; http://mj12bot.com/)"
65.108.110.26 - - [12/May/2023:16:43:46 +0200] "GET /salt-pepper-sardina-p-60455.html HTTP/1.0" 200 76788 "-" "Mozilla/5.0 (compatible; MJ12bot/v1.4.8; http://mj12bot.com/)"
106.55.255.207 - - [12/May/2023:16:43:49 +0200] "GET /images/mini_prod/8422028078564.jpg HTTP/1.0" 200 269 "-" "Mozilla/5.0 (X11; Ubuntu; Linux x86_64; rv:72.0) Gecko/20100101 Firefox/72.0"
65.108.110.26 - - [12/May/2023:16:43:49 +0200] "GET /salt-with-wooden-spoon-p-60456.html HTTP/1.0" 200 76893 "-" "Mozilla/5.0 (compatible; MJ12bot/v1.4.8; http://mj12bot.com/)"
65.108.110.26 - - [12/May/2023:16:43:51 +0200] "GET /salt-with-wooden-spoon-p-60457.html HTTP/1.0" 200 76894 "-" "Mozilla/5.0 (compatible; MJ12bot/v1.4.8; http://mj12bot.com/)"
52.167.144.85 - - [12/May/2023:16:44:39 +0200] "GET /buster-figure-p-8557.html HTTP/1.0" 200 75994 "-" "Mozilla/5.0 AppleWebKit/537.36 (KHTML, like Gecko; compatible; bingbot/2.0; +http://www.bing.com/bingbot.htm) Chrome/103.0.5060.134 Safari/537.36"
185.176.78.178 - - [12/May/2023:16:44:54 +0200] "GET /images/mini_prod/5036278062247.jpg HTTP/1.0" 200 269 "-" "Mozilla/5.0 (X11; Ubuntu; Linux x86_64; rv:72.0) Gecko/20100101 Firefox/72.0"
211.249.40.15 - - [12/May/2023:16:45:19 +0200] "GET /images/mini_prod/5018997621738.jpg HTTP/1.0" 200 269 "-" "Mozilla/5.0 (X11; Ubuntu; Linux x86_64; rv:72.0) Gecko/20100101 Firefox/72.0"
52.167.144.85 - - [12/May/2023:16:46:19 +0200] "GET /mini-magnetic-plate-rtro-wine-lovers-gracefully-p-34407.html HTTP/1.0" 200 76241 "-" "Mozilla/5.0 AppleWebKit/537.36 (KHTML, like Gecko; compatible; bingbot/2.0; +http://www.bing.com/bingbot.htm) Chrome/103.0.5060.134 Safari/537.36"
40.77.167.220 - - [12/May/2023:16:46:23 +0200] "GET /sardy-ceramic-butter-dish-p-50646.html HTTP/1.0" 200 73416 "-" "Mozilla/5.0 AppleWebKit/537.36 (KHTML, like Gecko; compatible; bingbot/2.0; +http://www.bing.com/bingbot.htm) Chrome/103.0.5060.134 Safari/537.36"
185.176.78.178 - - [12/May/2023:16:48:15 +0200] "GET /images/mini_prod/8433933189689.jpg HTTP/1.0" 200 269 "-" "Mozilla/5.0 (X11; Ubuntu; Linux x86_64; rv:72.0) Gecko/20100101 Firefox/72.0"
40.77.167.220 - - [12/May/2023:16:48:31 +0200] "GET /jamaica-mouse-p-19554.html HTTP/1.0" 200 76007 "-" "Mozilla/5.0 AppleWebKit/537.36 (KHTML, like Gecko; compatible; bingbot/2.0; +http://www.bing.com/bingbot.htm) Chrome/103.0.5060.134 Safari/537.36"
66.249.70.72 - - [12/May/2023:16:49:45 +0200] "GET /banania-set-of-coasters-p-40040.html HTTP/1.0" 301 76007 "-" "Mozilla/5.0 (compatible; Googlebot/2.1; +http://www.google.com/bot.html)"
66.249.70.68 - - [12/May/2023:16:49:47 +0200] "GET /banania-coasters-p-40040.html HTTP/1.0" 200 75924 "-" "Mozilla/5.0 (compatible; Googlebot/2.1; +http://www.google.com/bot.html)"
207.46.13.208 - - [12/May/2023:16:50:22 +0200] "GET /salt-pepper-shaker-sets-c-12_160.html HTTP/1.0" 200 92839 "-" "Mozilla/5.0 AppleWebKit/537.36 (KHTML, like Gecko; compatible; bingbot/2.0; +http://www.bing.com/bingbot.htm) Chrome/103.0.5060.134 Safari/537.36"
40.77.167.220 - - [12/May/2023:16:50:44 +0200] "GET /fishes-ceramic-butter-dish-p-51420.html HTTP/1.0" 200 73418 "-" "Mozilla/5.0 AppleWebKit/537.36 (KHTML, like Gecko; compatible; bingbot/2.0; +http://www.bing.com/bingbot.htm) Chrome/103.0.5060.134 Safari/537.36"
27.115.124.38 - - [12/May/2023:16:50:58 +0200] "GET /templates/Pixame_v1/stylesheet.css HTTP/1.0" 200 267 "http://www.wonder-geek.com/" "Mozilla/5.0 (Linux; Android 8.0; Pixel 2 Build/OPD3.170816.012) AppleWebKit/537.36 (KHTML, like Gecko) Chrome/87.0.4280.88 Mobile Safari/537.36"
27.115.124.38 - - [12/May/2023:16:50:58 +0200] "GET /highslide/highslide.js HTTP/1.0" 200 262 "http://www.wonder-geek.com/" "Mozilla/5.0 (Linux; Android 8.0; Pixel 2 Build/OPD3.170816.012) AppleWebKit/537.36 (KHTML, like Gecko) Chrome/87.0.4280.88 Mobile Safari/537.36"
27.115.124.38 - - [12/May/2023:16:50:59 +0200] "GET /js/jquery.js HTTP/1.0" 200 252 "http://www.wonder-geek.com/" "Mozilla/5.0 (Linux; Android 8.0; Pixel 2 Build/OPD3.170816.012) AppleWebKit/537.36 (KHTML, like Gecko) Chrome/87.0.4280.88 Mobile Safari/537.36"
27.115.124.6 - - [12/May/2023:16:50:55 +0200] "GET / HTTP/1.0" 200 153318 "http://baidu.com/" "Mozilla/5.0 (Linux; Android 8.0; Pixel 2 Build/OPD3.170816.012) AppleWebKit/537.36 (KHTML, like Gecko) Chrome/87.0.4280.88 Mobile Safari/537.36"
27.115.124.38 - - [12/May/2023:16:50:59 +0200] "GET /js/jquery.jqzoom.js HTTP/1.0" 200 259 "http://www.wonder-geek.com/" "Mozilla/5.0 (Linux; Android 8.0; Pixel 2 Build/OPD3.170816.012) AppleWebKit/537.36 (KHTML, like Gecko) Chrome/87.0.4280.88 Mobile Safari/537.36"
27.115.124.6 - - [12/May/2023:16:50:59 +0200] "GET /mondial_relay/js/jquery-1.3.2.min.js HTTP/1.0" 200 276 "http://www.wonder-geek.com/" "Mozilla/5.0 (Linux; Android 8.0; Pixel 2 Build/OPD3.170816.012) AppleWebKit/537.36 (KHTML, like Gecko) Chrome/87.0.4280.88 Mobile Safari/537.36"
27.115.124.38 - - [12/May/2023:16:50:59 +0200] "GET /swfobject.js HTTP/1.0" 404 1308 "http://www.wonder-geek.com/" "Mozilla/5.0 (Linux; Android 8.0; Pixel 2 Build/OPD3.170816.012) AppleWebKit/537.36 (KHTML, like Gecko) Chrome/87.0.4280.88 Mobile Safari/537.36"
27.115.124.38 - - [12/May/2023:16:50:59 +0200] "GET /js/jquery.min.js HTTP/1.0" 404 1308 "http://www.wonder-geek.com/" "Mozilla/5.0 (Linux; Android 8.0; Pixel 2 Build/OPD3.170816.012) AppleWebKit/537.36 (KHTML, like Gecko) Chrome/87.0.4280.88 Mobile Safari/537.36"
27.115.124.38 - - [12/May/2023:16:51:00 +0200] "GET /js/jquery.masonry.min.js HTTP/1.0" 200 264 "http://www.wonder-geek.com/" "Mozilla/5.0 (Linux; Android 8.0; Pixel 2 Build/OPD3.170816.012) AppleWebKit/537.36 (KHTML, like Gecko) Chrome/87.0.4280.88 Mobile Safari/537.36"
27.115.124.38 - - [12/May/2023:16:51:00 +0200] "GET /js/modernizr-transitions.js HTTP/1.0" 200 267 "http://www.wonder-geek.com/" "Mozilla/5.0 (Linux; Android 8.0; Pixel 2 Build/OPD3.170816.012) AppleWebKit/537.36 (KHTML, like Gecko) Chrome/87.0.4280.88 Mobile Safari/537.36"
27.115.124.38 - - [12/May/2023:16:51:00 +0200] "GET /templates/Pixame_v1/images/icon_accueil2.png HTTP/1.0" 200 278 "http://www.wonder-geek.com/" "Mozilla/5.0 (Linux; Android 8.0; Pixel 2 Build/OPD3.170816.012) AppleWebKit/537.36 (KHTML, like Gecko) Chrome/87.0.4280.88 Mobile Safari/537.36"
27.115.124.6 - - [12/May/2023:16:51:00 +0200] "GET /templates/Pixame_v1/images/infobox/pixel_trans.gif HTTP/1.0" 200 328 "http://www.wonder-geek.com/" "Mozilla/5.0 (Linux; Android 8.0; Pixel 2 Build/OPD3.170816.012) AppleWebKit/537.36 (KHTML, like Gecko) Chrome/87.0.4280.88 Mobile Safari/537.36"
27.115.124.38 - - [12/May/2023:16:51:00 +0200] "GET /swfobject.js HTTP/1.0" 404 1308 "http://www.wonder-geek.com/" "Mozilla/5.0 (Linux; Android 8.0; Pixel 2 Build/OPD3.170816.012) AppleWebKit/537.36 (KHTML, like Gecko) Chrome/87.0.4280.88 Mobile Safari/537.36"
27.115.124.6 - - [12/May/2023:16:51:00 +0200] "GET /templates/Pixame_v1/images/Bottom_texture.jpg HTTP/1.0" 200 280 "http://www.wonder-geek.com/templates/Pixame_v1/stylesheet.css" "Mozilla/5.0 (Linux; Android 8.0; Pixel 2 Build/OPD3.170816.012) AppleWebKit/537.36 (KHTML, like Gecko) Chrome/87.0.4280.88 Mobile Safari/537.36"
27.115.124.38 - - [12/May/2023:16:51:00 +0200] "GET /templates/Pixame_v1/images/Middle_texture.jpg HTTP/1.0" 200 280 "http://www.wonder-geek.com/templates/Pixame_v1/stylesheet.css" "Mozilla/5.0 (Linux; Android 8.0; Pixel 2 Build/OPD3.170816.012) AppleWebKit/537.36 (KHTML, like Gecko) Chrome/87.0.4280.88 Mobile Safari/537.36"
27.115.124.6 - - [12/May/2023:16:51:01 +0200] "GET /templates/Pixame_v1/images/header.png HTTP/1.0" 200 271 "http://www.wonder-geek.com/templates/Pixame_v1/stylesheet.css" "Mozilla/5.0 (Linux; Android 8.0; Pixel 2 Build/OPD3.170816.012) AppleWebKit/537.36 (KHTML, like Gecko) Chrome/87.0.4280.88 Mobile Safari/537.36"
27.115.124.6 - - [12/May/2023:16:51:01 +0200] "GET /templates/Pixame_v1/images/header-object.png HTTP/1.0" 200 278 "http://www.wonder-geek.com/templates/Pixame_v1/stylesheet.css" "Mozilla/5.0 (Linux; Android 8.0; Pixel 2 Build/OPD3.170816.012) AppleWebKit/537.36 (KHTML, like Gecko) Chrome/87.0.4280.88 Mobile Safari/537.36"
27.115.124.6 - - [12/May/2023:16:51:02 +0200] "GET /templates/Pixame_v1/images/nav.png HTTP/1.0" 200 268 "http://www.wonder-geek.com/templates/Pixame_v1/stylesheet.css" "Mozilla/5.0 (Linux; Android 8.0; Pixel 2 Build/OPD3.170816.012) AppleWebKit/537.36 (KHTML, like Gecko) Chrome/87.0.4280.88 Mobile Safari/537.36"
27.115.124.38 - - [12/May/2023:16:51:02 +0200] "GET /design/productsenstock.png HTTP/1.0" 200 260 "http://www.wonder-geek.com/templates/Pixame_v1/stylesheet.css" "Mozilla/5.0 (Linux; Android 8.0; Pixel 2 Build/OPD3.170816.012) AppleWebKit/537.36 (KHTML, like Gecko) Chrome/87.0.4280.88 Mobile Safari/537.36"
27.115.124.6 - - [12/May/2023:16:51:02 +0200] "GET /templates/Pixame_v1/images/infobox/infobox_footer_middle.gif HTTP/1.0" 200 357 "http://www.wonder-geek.com/" "Mozilla/5.0 (Linux; Android 8.0; Pixel 2 Build/OPD3.170816.012) AppleWebKit/537.36 (KHTML, like Gecko) Chrome/87.0.4280.88 Mobile Safari/537.36"
27.115.124.38 - - [12/May/2023:16:51:02 +0200] "GET /js/jquery.min.js HTTP/1.0" 404 1308 "http://www.wonder-geek.com/" "Mozilla/5.0 (Linux; Android 8.0; Pixel 2 Build/OPD3.170816.012) AppleWebKit/537.36 (KHTML, like Gecko) Chrome/87.0.4280.88 Mobile Safari/537.36"
27.115.124.6 - - [12/May/2023:16:51:02 +0200] "GET /images/pixel_trans.gif HTTP/1.0" 200 328 "http://www.wonder-geek.com/" "Mozilla/5.0 (Linux; Android 8.0; Pixel 2 Build/OPD3.170816.012) AppleWebKit/537.36 (KHTML, like Gecko) Chrome/87.0.4280.88 Mobile Safari/537.36"
