35.90.211.172 - - [12/May/2023:11:15:01 +0200] "GET / HTTP/1.0" 301 511 "-" "Mozilla/5.0 (X11; Linux x86_64) AppleWebKit/537.36 (KHTML, like Gecko) Chrome/83.0.4103.97 Safari/537.36"
35.90.211.172 - - [12/May/2023:11:15:06 +0200] "GET / HTTP/1.0" 500 133214 "-" "Mozilla/5.0 (X11; Linux x86_64) AppleWebKit/537.36 (KHTML, like Gecko) Chrome/83.0.4103.97 Safari/537.36"
35.87.134.83 - - [12/May/2023:11:15:43 +0200] "GET /favicon.ico HTTP/1.0" 301 533 "-" "Mozilla/5.0 (X11; Linux x86_64) AppleWebKit/537.36 (KHTML, like Gecko) Chrome/83.0.4103.97 Safari/537.36"
35.87.134.83 - - [12/May/2023:11:15:48 +0200] "GET / HTTP/1.0" 301 511 "-" "Mozilla/5.0 (X11; Linux x86_64) AppleWebKit/537.36 (KHTML, like Gecko) Chrome/83.0.4103.97 Safari/537.36"
129.82.147.216 - - [12/May/2023:11:16:07 +0200] "GET /images/mini_prod/101208_222534_PEEL_QnFmad.jpg HTTP/1.0" 200 281 "-" "Mozilla/5.0 (X11; Ubuntu; Linux x86_64; rv:72.0) Gecko/20100101 Firefox/72.0"
34.23.39.236 - - [12/May/2023:11:16:11 +0200] "GET /products_new.php HTTP/1.0" 200 95484 "-" "ZoominfoBot (zoominfobot at zoominfo dot com)"
93.124.36.157 - - [12/May/2023:11:16:57 +0200] "GET / HTTP/1.0" 200 153623 "-" "Mozilla/5.0 (Windows NT 6.3; Win64; x64) AppleWebKit/537.36 (KHTML, like Gecko) Chrome/75.0.3770.100 Safari/537.36"
121.134.39.24 - - [12/May/2023:11:17:22 +0200] "GET /images/big_prod_1/b3612875121895.jpg HTTP/1.0" 200 271 "-" "Mozilla/5.0 (X11; Ubuntu; Linux x86_64; rv:72.0) Gecko/20100101 Firefox/72.0"
66.249.70.68 - - [12/May/2023:11:17:21 +0200] "GET /zippo-outdoor-utility-lighter-p-29793.html HTTP/1.0" 200 73460 "-" "Mozilla/5.0 (Linux; Android 6.0.1; Nexus 5X Build/MMB29P) AppleWebKit/537.36 (KHTML, like Gecko) Chrome/112.0.5615.142 Mobile Safari/537.36 (compatible; Googlebot/2.1; +http://www.google.com/bot.html)"
34.23.39.236 - - [12/May/2023:11:17:30 +0200] "GET /checkout_shipping.php HTTP/1.0" 302 468 "-" "ZoominfoBot (zoominfobot at zoominfo dot com)"
52.167.144.85 - - [12/May/2023:11:18:27 +0200] "GET /candle-holder-in-selenite-flower-of-life-p-48489.html HTTP/1.0" 301 73563 "-" "Mozilla/5.0 AppleWebKit/537.36 (KHTML, like Gecko; compatible; bingbot/2.0; +http://www.bing.com/bingbot.htm) Chrome/103.0.5060.134 Safari/537.36"
175.9.102.70 - - [12/May/2023:11:19:02 +0200] "GET /contact_us.php HTTP/1.0" 200 26241 "http://www.wonder-geek.com/contact_us.php" "Mozilla/5.0 (Windows NT 10.0) AppleWebKit/537.36 (KHTML, like Gecko) Chrome/90.0.4430.85 Safari/537.36 Edg/90.0.818.46"
159.69.117.1 - - [12/May/2023:11:19:27 +0200] "GET /contact_us.php HTTP/1.0" 200 26241 "http://www.wonder-geek.com/contact_us.php" "Mozilla/5.0 (Windows NT 10.0) AppleWebKit/537.36 (KHTML, like Gecko) Chrome/90.0.4430.85 Safari/537.36 Edg/90.0.818.46"
159.69.117.1 - - [12/May/2023:11:19:31 +0200] "POST /contact_us.php?action=send HTTP/1.0" 200 26486 "http://www.wonder-geek.com/contact_us.php" "Mozilla/5.0 (Windows NT 10.0) AppleWebKit/537.36 (KHTML, like Gecko) Chrome/90.0.4430.85 Safari/537.36 Edg/90.0.818.46"
81.71.101.51 - - [12/May/2023:11:19:39 +0200] "GET /images/mini_prod/3700653508508BB.jpg HTTP/1.0" 200 271 "-" "Mozilla/5.0 (X11; Ubuntu; Linux x86_64; rv:72.0) Gecko/20100101 Firefox/72.0"
66.249.70.68 - - [12/May/2023:11:21:06 +0200] "GET /japanese-dragon-cast-iron-teapot-p-54872.html HTTP/1.0" 200 73450 "-" "Mozilla/5.0 (Linux; Android 6.0.1; Nexus 5X Build/MMB29P) AppleWebKit/537.36 (KHTML, like Gecko) Chrome/112.0.5615.142 Mobile Safari/537.36 (compatible; Googlebot/2.1; +http://www.google.com/bot.html)"
34.23.39.236 - - [12/May/2023:11:21:17 +0200] "GET /bottle-holder-beer-bucket-c-12_224.html HTTP/1.0" 200 93429 "-" "ZoominfoBot (zoominfobot at zoominfo dot com)"
165.22.104.115 - - [12/May/2023:11:21:45 +0200] "GET /wp-includes/wlwmanifest.xml HTTP/1.0" 301 565 "-" "python-requests/2.27.1"
165.22.104.115 - - [12/May/2023:11:21:46 +0200] "GET /wp-includes/wlwmanifest.xml HTTP/1.0" 404 1308 "-" "python-requests/2.27.1"
165.22.104.115 - - [12/May/2023:11:21:47 +0200] "GET /administrator/index.php HTTP/1.0" 301 557 "-" "python-requests/2.27.1"
165.22.104.115 - - [12/May/2023:11:21:48 +0200] "GET /administrator/index.php HTTP/1.0" 404 1308 "-" "python-requests/2.27.1"
165.22.104.115 - - [12/May/2023:11:21:49 +0200] "GET /view-source: HTTP/1.0" 301 535 "-" "python-requests/2.27.1"
165.22.104.115 - - [12/May/2023:11:21:51 +0200] "GET /view-source: HTTP/1.0" 404 1308 "-" "python-requests/2.27.1"
165.22.104.115 - - [12/May/2023:11:21:52 +0200] "GET /misc/ajax.js HTTP/1.0" 301 535 "-" "python-requests/2.27.1"
165.22.104.115 - - [12/May/2023:11:21:54 +0200] "GET /misc/ajax.js HTTP/1.0" 404 1308 "-" "python-requests/2.27.1"
1.235.173.23 - - [12/May/2023:11:22:55 +0200] "GET /images/mini_prod/1300000030076.jpg HTTP/1.0" 200 269 "-" "Mozilla/5.0 (X11; Ubuntu; Linux x86_64; rv:72.0) Gecko/20100101 Firefox/72.0"
103.131.71.39 - - [12/May/2023:11:23:37 +0200] "GET /robots.txt HTTP/1.0" 301 531 "-" "Mozilla/5.0 (compatible; coccocbot-image/1.0; +http://help.coccoc.com/searchengine)"
103.131.71.39 - - [12/May/2023:11:23:39 +0200] "GET /robots.txt HTTP/1.0" 200 245 "-" "Mozilla/5.0 (compatible; coccocbot-image/1.0; +http://help.coccoc.com/searchengine)"
34.23.39.236 - - [12/May/2023:11:24:22 +0200] "GET /manicure-articles-c-31_204.html HTTP/1.0" 200 90538 "-" "ZoominfoBot (zoominfobot at zoominfo dot com)"
121.30.179.13 - - [12/May/2023:11:25:17 +0200] "GET /images/big_prod_1/8435465002344b.jpg HTTP/1.0" 200 271 "-" "Mozilla/5.0 (X11; Ubuntu; Linux x86_64; rv:72.0) Gecko/20100101 Firefox/72.0"
66.249.70.68 - - [12/May/2023:11:25:55 +0200] "GET /mickey-pluto-patriotic-figurine-p-51456.html HTTP/1.0" 200 77332 "-" "Mozilla/5.0 (Linux; Android 6.0.1; Nexus 5X Build/MMB29P) AppleWebKit/537.36 (KHTML, like Gecko) Chrome/112.0.5615.142 Mobile Safari/537.36 (compatible; Googlebot/2.1; +http://www.google.com/bot.html)"
120.53.202.30 - - [12/May/2023:11:26:17 +0200] "GET /images/mini_prod/3760116310321.jpg HTTP/1.0" 200 269 "-" "Mozilla/5.0 (X11; Ubuntu; Linux x86_64; rv:72.0) Gecko/20100101 Firefox/72.0"
40.77.167.220 - - [12/May/2023:11:26:40 +0200] "GET /miss-bad-photo-frame-p-5145.html HTTP/1.0" 301 76058 "-" "Mozilla/5.0 AppleWebKit/537.36 (KHTML, like Gecko; compatible; bingbot/2.0; +http://www.bing.com/bingbot.htm) Chrome/103.0.5060.134 Safari/537.36"
66.249.70.68 - - [12/May/2023:11:27:31 +0200] "GET /images/big_prod/3453131156295.jpg HTTP/1.0" 200 268 "-" "Googlebot-Image/1.0"
51.68.224.127 - - [12/May/2023:11:27:32 +0200] "GET /adminweb/export_orders_xml.php?token=256de2z6edz6ed2z6DFSFsed2zed6zeDSFDSGdzedezfzf&maxorders=10&orderstart=1&status=14&start_date=2018-10-01 HTTP/1.0" 200 285 "-" "GesCom CharlotteBoutik Serveur"
51.68.224.127 - - [12/May/2023:11:27:32 +0200] "GET /adminweb/export_orders_xml.php?token=256de2z6edz6ed2z6DFSFsed2zed6zeDSFDSGdzedezfzf&maxorders=10&orderstart=1&status=6&start_date=2018-10-01 HTTP/1.0" 200 33887 "-" "GesCom CharlotteBoutik Serveur"
95.164.157.94 - - [12/May/2023:11:28:12 +0200] "HEAD / HTTP/1.0" 301 190 "-" "Mozilla/5.0 (Macintosh; Intel Mac OS X 10_15_7) AppleWebKit/537.36 (KHTML, like Gecko) Chrome/107.0.0.0 Safari/537.36"
192.241.67.128 - - [12/May/2023:11:28:12 +0200] "GET / HTTP/1.0" 301 511 "-" "Mozilla/5.0 (Macintosh; Intel Mac OS X 10_15_7) AppleWebKit/537.36 (KHTML, like Gecko) Chrome/107.0.0.0 Safari/537.36"
170.231.251.237 - - [12/May/2023:11:28:13 +0200] "GET / HTTP/1.0" 200 153639 "-" "Mozilla/5.0 (Macintosh; Intel Mac OS X 10_15_7) AppleWebKit/537.36 (KHTML, like Gecko) Chrome/107.0.0.0 Safari/537.36"
100.26.184.123 - - [12/May/2023:11:28:19 +0200] "GET /favicon.ico HTTP/1.0" 200 260 "-" "Mozilla/5.0 (Macintosh; Intel Mac OS X 10_15_7) AppleWebKit/537.36 (KHTML, like Gecko) Chrome/107.0.0.0 Safari/537.36"
186.179.59.201 - - [12/May/2023:11:28:19 +0200] "GET /favicon.ico HTTP/1.0" 200 260 "-" "Mozilla/5.0 (Macintosh; Intel Mac OS X 10_15_7) AppleWebKit/537.36 (KHTML, like Gecko) Chrome/107.0.0.0 Safari/537.36"
149.6.140.106 - - [12/May/2023:11:29:45 +0200] "GET /images/mini_prod/1384010205242B.jpg HTTP/1.0" 200 270 "-" "Mozilla/5.0 (X11; Ubuntu; Linux x86_64; rv:72.0) Gecko/20100101 Firefox/72.0"
66.249.70.72 - - [12/May/2023:11:29:51 +0200] "GET /shower-curtain-p-58602.html HTTP/1.0" 200 76639 "-" "Mozilla/5.0 (Linux; Android 6.0.1; Nexus 5X Build/MMB29P) AppleWebKit/537.36 (KHTML, like Gecko) Chrome/112.0.5615.142 Mobile Safari/537.36 (compatible; Googlebot/2.1; +http://www.google.com/bot.html)"
159.223.75.149 - - [12/May/2023:11:30:45 +0200] "GET /wp-includes/wlwmanifest.xml HTTP/1.0" 301 565 "-" "python-requests/2.27.1"
159.223.75.149 - - [12/May/2023:11:30:46 +0200] "GET /wp-includes/wlwmanifest.xml HTTP/1.0" 404 1308 "-" "python-requests/2.27.1"
159.223.75.149 - - [12/May/2023:11:30:46 +0200] "GET /administrator/index.php HTTP/1.0" 301 557 "-" "python-requests/2.27.1"
159.223.75.149 - - [12/May/2023:11:30:47 +0200] "GET /administrator/index.php HTTP/1.0" 404 1308 "-" "python-requests/2.27.1"
159.223.75.149 - - [12/May/2023:11:30:47 +0200] "GET /view-source: HTTP/1.0" 301 535 "-" "python-requests/2.27.1"
159.223.75.149 - - [12/May/2023:11:30:48 +0200] "GET /view-source: HTTP/1.0" 404 1308 "-" "python-requests/2.27.1"
66.249.70.72 - - [12/May/2023:11:30:47 +0200] "GET /hannah-montana-postman-p-1485.html HTTP/1.0" 200 76382 "-" "Mozilla/5.0 (Linux; Android 6.0.1; Nexus 5X Build/MMB29P) AppleWebKit/537.36 (KHTML, like Gecko) Chrome/112.0.5615.142 Mobile Safari/537.36 (compatible; Googlebot/2.1; +http://www.google.com/bot.html)"
159.223.75.149 - - [12/May/2023:11:30:49 +0200] "GET /misc/ajax.js HTTP/1.0" 301 535 "-" "python-requests/2.27.1"
159.223.75.149 - - [12/May/2023:11:30:50 +0200] "GET /misc/ajax.js HTTP/1.0" 404 1308 "-" "python-requests/2.27.1"
121.30.179.127 - - [12/May/2023:11:31:16 +0200] "GET /images/mini_prod/3560600289979.jpg HTTP/1.0" 200 269 "-" "Mozilla/5.0 (X11; Ubuntu; Linux x86_64; rv:72.0) Gecko/20100101 Firefox/72.0"
129.204.105.50 - - [12/May/2023:11:31:45 +0200] "GET /images/mini_prod/5036278052187.jpg HTTP/1.0" 200 269 "-" "Mozilla/5.0 (X11; Ubuntu; Linux x86_64; rv:72.0) Gecko/20100101 Firefox/72.0"
66.249.70.72 - - [12/May/2023:11:32:21 +0200] "GET /terracotta-piggy-bank-with-the-small-hammer-p-30025.html HTTP/1.0" 301 73584 "-" "Mozilla/5.0 (Linux; Android 6.0.1; Nexus 5X Build/MMB29P) AppleWebKit/537.36 (KHTML, like Gecko) Chrome/112.0.5615.142 Mobile Safari/537.36 (compatible; Googlebot/2.1; +http://www.google.com/bot.html)"
66.249.70.76 - - [12/May/2023:11:32:25 +0200] "GET /large-straw-vase-p-59925.html HTTP/1.0" 301 73503 "-" "Mozilla/5.0 (compatible; Googlebot/2.1; +http://www.google.com/bot.html)"
66.249.70.68 - - [12/May/2023:11:32:27 +0200] "GET /sonny-angel-enjoy-moment-limited-edition-figure-p-59606.html HTTP/1.0" 200 73510 "-" "Mozilla/5.0 (Linux; Android 6.0.1; Nexus 5X Build/MMB29P) AppleWebKit/537.36 (KHTML, like Gecko) Chrome/112.0.5615.142 Mobile Safari/537.36 (compatible; Googlebot/2.1; +http://www.google.com/bot.html)"
66.249.70.68 - - [12/May/2023:11:32:30 +0200] "GET /gorld-large-straw-vase-p-59925.html HTTP/1.0" 200 73414 "-" "Mozilla/5.0 (compatible; Googlebot/2.1; +http://www.google.com/bot.html)"
66.249.70.68 - - [12/May/2023:11:32:32 +0200] "GET /place-piano-p-53827.html HTTP/1.0" 200 79660 "-" "Mozilla/5.0 (Linux; Android 6.0.1; Nexus 5X Build/MMB29P) AppleWebKit/537.36 (KHTML, like Gecko) Chrome/112.0.5615.142 Mobile Safari/537.36 (compatible; Googlebot/2.1; +http://www.google.com/bot.html)"
66.249.70.68 - - [12/May/2023:11:32:35 +0200] "GET /terracotta-piggy-bank-with-small-hammer-p-30025.html HTTP/1.0" 200 73478 "-" "Mozilla/5.0 (Linux; Android 6.0.1; Nexus 5X Build/MMB29P) AppleWebKit/537.36 (KHTML, like Gecko) Chrome/112.0.5615.142 Mobile Safari/537.36 (compatible; Googlebot/2.1; +http://www.google.com/bot.html)"
40.77.167.220 - - [12/May/2023:11:33:20 +0200] "GET /mugs-mazagrans-c-12_57.html?page=9 HTTP/1.0" 200 98519 "-" "Mozilla/5.0 AppleWebKit/537.36 (KHTML, like Gecko; compatible; bingbot/2.0; +http://www.bing.com/bingbot.htm) Chrome/103.0.5060.134 Safari/537.36"
34.23.39.236 - - [12/May/2023:11:36:57 +0200] "GET /dishes-dishes-c-12_251.html HTTP/1.0" 200 92400 "-" "ZoominfoBot (zoominfobot at zoominfo dot com)"
8.218.69.86 - - [12/May/2023:11:38:34 +0200] "GET /images/big_prod_1/1345544823234b.jpg HTTP/1.0" 200 271 "-" "aria2/1.35.0"
66.249.70.68 - - [12/May/2023:11:38:34 +0200] "GET /provence-soap-lavander-p-39124.html HTTP/1.0" 200 76286 "-" "Mozilla/5.0 (compatible; Googlebot/2.1; +http://www.google.com/bot.html)"
42.194.226.108 - - [12/May/2023:11:39:02 +0200] "GET /images/mini_prod/3681643203552.jpg HTTP/1.0" 200 269 "-" "Mozilla/5.0 (X11; Ubuntu; Linux x86_64; rv:72.0) Gecko/20100101 Firefox/72.0"
81.71.94.236 - - [12/May/2023:11:39:41 +0200] "GET /images/mini_prod/DSCN6817.jpg HTTP/1.0" 200 264 "-" "Mozilla/5.0 (X11; Ubuntu; Linux x86_64; rv:72.0) Gecko/20100101 Firefox/72.0"
121.30.179.67 - - [12/May/2023:11:39:54 +0200] "GET /images/mini_prod/8424001471454.jpg HTTP/1.0" 200 269 "-" "Mozilla/5.0 (X11; Ubuntu; Linux x86_64; rv:72.0) Gecko/20100101 Firefox/72.0"
149.6.140.106 - - [12/May/2023:11:40:12 +0200] "GET /images/mini_prod/1399984220306.jpg HTTP/1.0" 200 269 "-" "Mozilla/5.0 (X11; Ubuntu; Linux x86_64; rv:72.0) Gecko/20100101 Firefox/72.0"
207.46.13.208 - - [12/May/2023:11:40:50 +0200] "GET /images/big_prod/1345544547345.jpg HTTP/1.0" 200 268 "-" "Mozilla/5.0 AppleWebKit/537.36 (KHTML, like Gecko; compatible; bingbot/2.0; +http://www.bing.com/bingbot.htm) Chrome/103.0.5060.134 Safari/537.36"
52.167.144.85 - - [12/May/2023:11:41:10 +0200] "GET /images/3298060226363.jpg HTTP/1.0" 200 259 "-" "Mozilla/5.0 (Windows NT 6.1; WOW64) AppleWebKit/534+ (KHTML, like Gecko) BingPreview/1.0b"
52.167.144.85 - - [12/May/2023:11:41:40 +0200] "GET /placemats-c-12_156.html HTTP/1.0" 200 95582 "-" "Mozilla/5.0 AppleWebKit/537.36 (KHTML, like Gecko; compatible; bingbot/2.0; +http://www.bing.com/bingbot.htm) Chrome/103.0.5060.134 Safari/537.36"
139.199.162.133 - - [12/May/2023:11:41:48 +0200] "GET /images/big_prod_1/3503420099304b.jpg HTTP/1.0" 200 271 "-" "Mozilla/5.0 (X11; Ubuntu; Linux x86_64; rv:72.0) Gecko/20100101 Firefox/72.0"
66.249.70.68 - - [12/May/2023:11:42:21 +0200] "GET /stade-toulousain-otholder-glove-p-27276.html HTTP/1.0" 200 73442 "-" "Mozilla/5.0 (Linux; Android 6.0.1; Nexus 5X Build/MMB29P) AppleWebKit/537.36 (KHTML, like Gecko) Chrome/112.0.5615.142 Mobile Safari/537.36 (compatible; Googlebot/2.1; +http://www.google.com/bot.html)"
210.118.78.210 - - [12/May/2023:11:42:32 +0200] "GET /images/mini_prod/34DSCN8152.jpg HTTP/1.0" 200 266 "-" "Mozilla/5.0 (X11; Ubuntu; Linux x86_64; rv:72.0) Gecko/20100101 Firefox/72.0"
66.249.70.68 - - [12/May/2023:11:43:36 +0200] "GET /microfibre-base-cover-black-p-47978.html HTTP/1.0" 200 73444 "-" "Mozilla/5.0 (Linux; Android 6.0.1; Nexus 5X Build/MMB29P) AppleWebKit/537.36 (KHTML, like Gecko) Chrome/112.0.5615.142 Mobile Safari/537.36 (compatible; Googlebot/2.1; +http://www.google.com/bot.html)"
51.68.224.127 - - [12/May/2023:11:43:45 +0200] "GET /adminweb/export_orders_xml.php?token=256de2z6edz6ed2z6DFSFsed2zed6zeDSFDSGdzedezfzf&maxorders=10&orderstart=1&status=14&start_date=2018-10-01 HTTP/1.0" 200 285 "-" "GesCom CharlotteBoutik Serveur"
51.68.224.127 - - [12/May/2023:11:43:45 +0200] "GET /adminweb/export_orders_xml.php?token=256de2z6edz6ed2z6DFSFsed2zed6zeDSFDSGdzedezfzf&maxorders=10&orderstart=1&status=6&start_date=2018-10-01 HTTP/1.0" 200 33887 "-" "GesCom CharlotteBoutik Serveur"
52.167.144.85 - - [12/May/2023:11:43:49 +0200] "GET /images/mini_prod/8717318201136.jpg HTTP/1.0" 200 269 "-" "Mozilla/5.0 AppleWebKit/537.36 (KHTML, like Gecko; compatible; bingbot/2.0; +http://www.bing.com/bingbot.htm) Chrome/103.0.5060.134 Safari/537.36"
66.249.70.76 - - [12/May/2023:11:44:50 +0200] "GET /ceramic-luxy-cache-green-p-55328.html HTTP/1.0" 200 76691 "-" "Mozilla/5.0 (compatible; Googlebot/2.1; +http://www.google.com/bot.html)"
121.30.179.47 - - [12/May/2023:11:46:32 +0200] "GET /images/mini_prod/3453131147309.jpg HTTP/1.0" 200 269 "-" "Mozilla/5.0 (X11; Ubuntu; Linux x86_64; rv:72.0) Gecko/20100101 Firefox/72.0"
69.171.251.15 - - [12/May/2023:11:46:59 +0200] "GET /images/mini_prod/7601019995498.jpg HTTP/1.0" 200 269 "-" "Mozilla/5.0 (X11; Ubuntu; Linux x86_64; rv:72.0) Gecko/20100101 Firefox/72.0"
66.249.70.68 - - [12/May/2023:11:48:47 +0200] "GET /placemat-kiub-collection-amys-owls-p-55900.html HTTP/1.0" 200 76042 "-" "Mozilla/5.0 (Linux; Android 6.0.1; Nexus 5X Build/MMB29P) AppleWebKit/537.36 (KHTML, like Gecko) Chrome/112.0.5615.142 Mobile Safari/537.36 (compatible; Googlebot/2.1; +http://www.google.com/bot.html)"
1.235.173.23 - - [12/May/2023:11:49:15 +0200] "GET /images/mini_prod/8720088292495.jpg HTTP/1.0" 200 269 "-" "Mozilla/5.0 (X11; Ubuntu; Linux x86_64; rv:72.0) Gecko/20100101 Firefox/72.0"
42.194.192.36 - - [12/May/2023:11:49:37 +0200] "GET /images/mini_prod/8003990630525.jpg HTTP/1.0" 200 269 "-" "Mozilla/5.0 (X11; Ubuntu; Linux x86_64; rv:72.0) Gecko/20100101 Firefox/72.0"
42.194.240.188 - - [12/May/2023:11:49:57 +0200] "GET /images/mini_prod/3609810045095.jpg HTTP/1.0" 200 269 "-" "Mozilla/5.0 (X11; Ubuntu; Linux x86_64; rv:72.0) Gecko/20100101 Firefox/72.0"
52.167.144.85 - - [12/May/2023:11:50:20 +0200] "GET /tinker-bell-facets-figurine-p-56732.html HTTP/1.0" 200 77340 "-" "Mozilla/5.0 AppleWebKit/537.36 (KHTML, like Gecko; compatible; bingbot/2.0; +http://www.bing.com/bingbot.htm) Chrome/103.0.5060.134 Safari/537.36"
66.249.70.76 - - [12/May/2023:11:51:40 +0200] "GET /star-wars-vehicle-miniature-with-miniature-character-p-33427.html HTTP/1.0" 200 76399 "-" "Mozilla/5.0 (compatible; Googlebot/2.1; +http://www.google.com/bot.html)"
147.92.153.20 - - [12/May/2023:11:51:42 +0200] "GET /winnie-pooh-wall-storage-p-1207.html HTTP/1.0" 200 76281 "-" "Mozilla/5.0 (compatible; Linespider/1.1; +https://lin.ee/4dwXkTH)"
66.249.70.72 - - [12/May/2023:11:52:12 +0200] "GET /images/big_prod_1/8712159112337a.jpg HTTP/1.0" 200 271 "-" "Googlebot-Image/1.0"
81.71.99.63 - - [12/May/2023:11:52:38 +0200] "GET /images/mini_prod/3700653593221.jpg HTTP/1.0" 200 269 "-" "Mozilla/5.0 (X11; Ubuntu; Linux x86_64; rv:72.0) Gecko/20100101 Firefox/72.0"
66.249.70.72 - - [12/May/2023:11:54:51 +0200] "GET /sainte-sara-prayer-candle-novena-p-44426.html HTTP/1.0" 200 73446 "-" "Mozilla/5.0 (compatible; Googlebot/2.1; +http://www.google.com/bot.html)"
66.249.70.72 - - [12/May/2023:11:54:53 +0200] "GET /coca-cola-round-pencil-case-p-12394.html HTTP/1.0" 200 75997 "-" "Mozilla/5.0 (Linux; Android 6.0.1; Nexus 5X Build/MMB29P) AppleWebKit/537.36 (KHTML, like Gecko) Chrome/112.0.5615.142 Mobile Safari/537.36 (compatible; Googlebot/2.1; +http://www.google.com/bot.html)"
66.249.70.68 - - [12/May/2023:11:54:55 +0200] "GET /scented-candle-rainbow-waves-p-53629.html HTTP/1.0" 200 77263 "-" "Mozilla/5.0 (compatible; Googlebot/2.1; +http://www.google.com/bot.html)"
40.77.167.220 - - [12/May/2023:11:55:43 +0200] "GET /-m-7.html?page=6 HTTP/1.0" 200 84107 "-" "Mozilla/5.0 AppleWebKit/537.36 (KHTML, like Gecko; compatible; bingbot/2.0; +http://www.bing.com/bingbot.htm) Chrome/103.0.5060.134 Safari/537.36"
106.55.255.207 - - [12/May/2023:11:56:35 +0200] "GET /images/mini_prod/3684225058250.jpg HTTP/1.0" 200 269 "-" "Mozilla/5.0 (X11; Ubuntu; Linux x86_64; rv:72.0) Gecko/20100101 Firefox/72.0"
66.249.70.68 - - [12/May/2023:11:58:06 +0200] "GET /robots.txt HTTP/1.0" 200 245 "-" "Mozilla/5.0 (compatible; Googlebot/2.1; +http://www.google.com/bot.html)"
159.223.43.174 - - [12/May/2023:11:59:08 +0200] "GET / HTTP/1.0" 301 511 "-" "Mozilla/5.0 (Windows NT 10.0; Win64; x64) AppleWebKit/537.36 (KHTML, like Gecko) Chrome/89.0.4389.114 Safari/537.36"
159.223.43.174 - - [12/May/2023:11:59:08 +0200] "GET / HTTP/1.0" 200 153173 "-" "Mozilla/5.0 (Windows NT 10.0; Win64; x64) AppleWebKit/537.36 (KHTML, like Gecko) Chrome/89.0.4389.114 Safari/537.36"
159.223.43.174 - - [12/May/2023:11:59:14 +0200] "GET //wp-includes/wlwmanifest.xml HTTP/1.0" 404 1308 "-" "Mozilla/5.0 (Windows NT 10.0; Win64; x64) AppleWebKit/537.36 (KHTML, like Gecko) Chrome/89.0.4389.114 Safari/537.36"
159.223.43.174 - - [12/May/2023:11:59:14 +0200] "GET //xmlrpc.php?rsd HTTP/1.0" 404 1308 "-" "Mozilla/5.0 (Windows NT 10.0; Win64; x64) AppleWebKit/537.36 (KHTML, like Gecko) Chrome/89.0.4389.114 Safari/537.36"
159.223.43.174 - - [12/May/2023:11:59:15 +0200] "GET / HTTP/1.0" 200 153426 "-" "Mozilla/5.0 (Windows NT 10.0; Win64; x64) AppleWebKit/537.36 (KHTML, like Gecko) Chrome/89.0.4389.114 Safari/537.36"
159.223.43.174 - - [12/May/2023:11:59:19 +0200] "GET //blog/wp-includes/wlwmanifest.xml HTTP/1.0" 404 1308 "-" "Mozilla/5.0 (Windows NT 10.0; Win64; x64) AppleWebKit/537.36 (KHTML, like Gecko) Chrome/89.0.4389.114 Safari/537.36"
159.223.43.174 - - [12/May/2023:11:59:19 +0200] "GET //web/wp-includes/wlwmanifest.xml HTTP/1.0" 404 1308 "-" "Mozilla/5.0 (Windows NT 10.0; Win64; x64) AppleWebKit/537.36 (KHTML, like Gecko) Chrome/89.0.4389.114 Safari/537.36"
159.223.43.174 - - [12/May/2023:11:59:19 +0200] "GET //wordpress/wp-includes/wlwmanifest.xml HTTP/1.0" 404 1308 "-" "Mozilla/5.0 (Windows NT 10.0; Win64; x64) AppleWebKit/537.36 (KHTML, like Gecko) Chrome/89.0.4389.114 Safari/537.36"
159.223.43.174 - - [12/May/2023:11:59:20 +0200] "GET //website/wp-includes/wlwmanifest.xml HTTP/1.0" 404 1308 "-" "Mozilla/5.0 (Windows NT 10.0; Win64; x64) AppleWebKit/537.36 (KHTML, like Gecko) Chrome/89.0.4389.114 Safari/537.36"
159.223.43.174 - - [12/May/2023:11:59:20 +0200] "GET //wp/wp-includes/wlwmanifest.xml HTTP/1.0" 404 1308 "-" "Mozilla/5.0 (Windows NT 10.0; Win64; x64) AppleWebKit/537.36 (KHTML, like Gecko) Chrome/89.0.4389.114 Safari/537.36"
159.223.43.174 - - [12/May/2023:11:59:20 +0200] "GET //news/wp-includes/wlwmanifest.xml HTTP/1.0" 404 1308 "-" "Mozilla/5.0 (Windows NT 10.0; Win64; x64) AppleWebKit/537.36 (KHTML, like Gecko) Chrome/89.0.4389.114 Safari/537.36"
159.223.43.174 - - [12/May/2023:11:59:20 +0200] "GET //2020/wp-includes/wlwmanifest.xml HTTP/1.0" 404 1308 "-" "Mozilla/5.0 (Windows NT 10.0; Win64; x64) AppleWebKit/537.36 (KHTML, like Gecko) Chrome/89.0.4389.114 Safari/537.36"
159.223.43.174 - - [12/May/2023:11:59:21 +0200] "GET //2019/wp-includes/wlwmanifest.xml HTTP/1.0" 404 1308 "-" "Mozilla/5.0 (Windows NT 10.0; Win64; x64) AppleWebKit/537.36 (KHTML, like Gecko) Chrome/89.0.4389.114 Safari/537.36"
159.223.43.174 - - [12/May/2023:11:59:21 +0200] "GET //shop/wp-includes/wlwmanifest.xml HTTP/1.0" 404 1308 "-" "Mozilla/5.0 (Windows NT 10.0; Win64; x64) AppleWebKit/537.36 (KHTML, like Gecko) Chrome/89.0.4389.114 Safari/537.36"
159.223.43.174 - - [12/May/2023:11:59:21 +0200] "GET //wp1/wp-includes/wlwmanifest.xml HTTP/1.0" 404 1308 "-" "Mozilla/5.0 (Windows NT 10.0; Win64; x64) AppleWebKit/537.36 (KHTML, like Gecko) Chrome/89.0.4389.114 Safari/537.36"
159.223.43.174 - - [12/May/2023:11:59:21 +0200] "GET //test/wp-includes/wlwmanifest.xml HTTP/1.0" 404 1308 "-" "Mozilla/5.0 (Windows NT 10.0; Win64; x64) AppleWebKit/537.36 (KHTML, like Gecko) Chrome/89.0.4389.114 Safari/537.36"
159.223.43.174 - - [12/May/2023:11:59:22 +0200] "GET //wp2/wp-includes/wlwmanifest.xml HTTP/1.0" 404 1308 "-" "Mozilla/5.0 (Windows NT 10.0; Win64; x64) AppleWebKit/537.36 (KHTML, like Gecko) Chrome/89.0.4389.114 Safari/537.36"
159.223.43.174 - - [12/May/2023:11:59:22 +0200] "GET //site/wp-includes/wlwmanifest.xml HTTP/1.0" 404 1308 "-" "Mozilla/5.0 (Windows NT 10.0; Win64; x64) AppleWebKit/537.36 (KHTML, like Gecko) Chrome/89.0.4389.114 Safari/537.36"
159.223.43.174 - - [12/May/2023:11:59:22 +0200] "GET //cms/wp-includes/wlwmanifest.xml HTTP/1.0" 404 1308 "-" "Mozilla/5.0 (Windows NT 10.0; Win64; x64) AppleWebKit/537.36 (KHTML, like Gecko) Chrome/89.0.4389.114 Safari/537.36"
159.223.43.174 - - [12/May/2023:11:59:22 +0200] "GET //sito/wp-includes/wlwmanifest.xml HTTP/1.0" 404 1308 "-" "Mozilla/5.0 (Windows NT 10.0; Win64; x64) AppleWebKit/537.36 (KHTML, like Gecko) Chrome/89.0.4389.114 Safari/537.36"
1.235.173.84 - - [12/May/2023:11:59:32 +0200] "GET /images/mini_prod/52131990360631-fushia.jpg HTTP/1.0" 200 277 "-" "Mozilla/5.0 (X11; Ubuntu; Linux x86_64; rv:72.0) Gecko/20100101 Firefox/72.0"
51.68.224.127 - - [12/May/2023:11:59:58 +0200] "GET /adminweb/export_orders_xml.php?token=256de2z6edz6ed2z6DFSFsed2zed6zeDSFDSGdzedezfzf&maxorders=10&orderstart=1&status=14&start_date=2018-10-01 HTTP/1.0" 200 285 "-" "GesCom CharlotteBoutik Serveur"
51.68.224.127 - - [12/May/2023:11:59:58 +0200] "GET /adminweb/export_orders_xml.php?token=256de2z6edz6ed2z6DFSFsed2zed6zeDSFDSGdzedezfzf&maxorders=10&orderstart=1&status=6&start_date=2018-10-01 HTTP/1.0" 200 33887 "-" "GesCom CharlotteBoutik Serveur"
42.194.225.248 - - [12/May/2023:12:00:39 +0200] "GET /images/big_prod_1/8433933199671B.jpg HTTP/1.0" 200 271 "-" "Mozilla/5.0 (X11; Ubuntu; Linux x86_64; rv:72.0) Gecko/20100101 Firefox/72.0"
129.82.147.216 - - [12/May/2023:12:00:54 +0200] "GET /images/mini_prod/MISES-EN-SITUATION-D02.jpg HTTP/1.0" 200 278 "-" "Mozilla/5.0 (X11; Ubuntu; Linux x86_64; rv:72.0) Gecko/20100101 Firefox/72.0"
64.224.130.137 - - [12/May/2023:12:01:57 +0200] "GET /images/8435306246654.jpg HTTP/1.0" 200 259 "android-app://com.pinterest/" "Mozilla/5.0 (Linux; Android 10; K) AppleWebKit/537.36 (KHTML, like Gecko) Chrome/113.0.0.0 Mobile Safari/537.36"
54.236.1.13 - - [12/May/2023:12:01:57 +0200] "GET / HTTP/1.0" 301 511 "-" "Mozilla/5.0 (compatible; Pinterestbot/1.0; +http://www.pinterest.com/bot.html)"
64.224.130.137 - - [12/May/2023:12:01:58 +0200] "GET /favicon.ico HTTP/1.0" 200 260 "http://www.wonder-geek.com/images/8435306246654.jpg" "Mozilla/5.0 (Linux; Android 10; K) AppleWebKit/537.36 (KHTML, like Gecko) Chrome/113.0.0.0 Mobile Safari/537.36"
54.236.1.13 - - [12/May/2023:12:01:58 +0200] "GET / HTTP/1.0" 200 153437 "-" "Mozilla/5.0 (compatible; Pinterestbot/1.0; +http://www.pinterest.com/bot.html)"
211.249.40.15 - - [12/May/2023:12:02:36 +0200] "GET /images/mini_prod/5018997632260.jpg HTTP/1.0" 200 269 "-" "Mozilla/5.0 (X11; Ubuntu; Linux x86_64; rv:72.0) Gecko/20100101 Firefox/72.0"
146.50.28.35 - - [12/May/2023:12:02:54 +0200] "GET /images/mini_prod/b8427787034837.jpg HTTP/1.0" 200 270 "-" "Mozilla/5.0 (X11; Ubuntu; Linux x86_64; rv:72.0) Gecko/20100101 Firefox/72.0"
66.249.70.68 - - [12/May/2023:12:03:58 +0200] "GET /images/big_prod/8717318154029.jpg HTTP/1.0" 200 268 "-" "Googlebot-Image/1.0"
66.249.70.68 - - [12/May/2023:12:04:53 +0200] "GET /buffalo-skull-glass-cutting-board-cbkreation-p-51464.html HTTP/1.0" 200 76130 "-" "Mozilla/5.0 (Linux; Android 6.0.1; Nexus 5X Build/MMB29P) AppleWebKit/537.36 (KHTML, like Gecko) Chrome/112.0.5615.142 Mobile Safari/537.36 (compatible; Googlebot/2.1; +http://www.google.com/bot.html)"
40.77.167.220 - - [12/May/2023:12:05:54 +0200] "GET /metal-shaped-radio-brown-clock-p-44501.html HTTP/1.0" 200 73442 "-" "Mozilla/5.0 AppleWebKit/537.36 (KHTML, like Gecko; compatible; bingbot/2.0; +http://www.bing.com/bingbot.htm) Chrome/103.0.5060.134 Safari/537.36"
66.249.70.76 - - [12/May/2023:12:06:06 +0200] "GET /verity-rose-moonstruck-decorative-plate-p-29154.html HTTP/1.0" 200 76141 "-" "Mozilla/5.0 (Linux; Android 6.0.1; Nexus 5X Build/MMB29P) AppleWebKit/537.36 (KHTML, like Gecko) Chrome/112.0.5615.142 Mobile Safari/537.36 (compatible; Googlebot/2.1; +http://www.google.com/bot.html)"
66.249.70.68 - - [12/May/2023:12:07:39 +0200] "GET /retro-helicopter-table-clock-p-58075.html HTTP/1.0" 200 76682 "-" "Mozilla/5.0 (compatible; Googlebot/2.1; +http://www.google.com/bot.html)"
121.134.39.24 - - [12/May/2023:12:08:18 +0200] "GET /images/big_prod_1/3359103027467a.jpg HTTP/1.0" 200 271 "-" "Mozilla/5.0 (X11; Ubuntu; Linux x86_64; rv:72.0) Gecko/20100101 Firefox/72.0"
66.249.70.68 - - [12/May/2023:12:08:22 +0200] "GET /images/med_prod/9316188060349.jpg HTTP/1.0" 200 268 "-" "Googlebot-Image/1.0"
66.249.70.68 - - [12/May/2023:12:08:23 +0200] "GET /images/med_prod/9316188056595.jpg HTTP/1.0" 200 268 "-" "Googlebot-Image/1.0"
66.249.70.72 - - [12/May/2023:12:08:41 +0200] "GET /mocha-brown-zippo-wallet-with-stitching-p-49090.html HTTP/1.0" 200 77239 "-" "Mozilla/5.0 (Linux; Android 6.0.1; Nexus 5X Build/MMB29P) AppleWebKit/537.36 (KHTML, like Gecko) Chrome/112.0.5615.142 Mobile Safari/537.36 (compatible; Googlebot/2.1; +http://www.google.com/bot.html)"
121.30.179.120 - - [12/May/2023:12:10:48 +0200] "GET /images/big_prod_1/8718375754344a.jpg HTTP/1.0" 200 271 "-" "Mozilla/5.0 (X11; Ubuntu; Linux x86_64; rv:72.0) Gecko/20100101 Firefox/72.0"
193.112.35.218 - - [12/May/2023:12:11:05 +0200] "GET /images/mini_prod/1399984252178b.jpg HTTP/1.0" 200 270 "-" "Mozilla/5.0 (X11; Ubuntu; Linux x86_64; rv:72.0) Gecko/20100101 Firefox/72.0"
66.249.70.72 - - [12/May/2023:12:11:14 +0200] "GET /set-of-gorjuss-storage-tins-dear-alice-the-collector-p-38197.html HTTP/1.0" 301 73644 "-" "Mozilla/5.0 (Linux; Android 6.0.1; Nexus 5X Build/MMB29P) AppleWebKit/537.36 (KHTML, like Gecko) Chrome/112.0.5615.142 Mobile Safari/537.36 (compatible; Googlebot/2.1; +http://www.google.com/bot.html)"
66.249.70.72 - - [12/May/2023:12:11:16 +0200] "GET /gorjuss-storage-tins-dear-alice-collector-p-38197.html HTTP/1.0" 200 73536 "-" "Mozilla/5.0 (Linux; Android 6.0.1; Nexus 5X Build/MMB29P) AppleWebKit/537.36 (KHTML, like Gecko) Chrome/112.0.5615.142 Mobile Safari/537.36 (compatible; Googlebot/2.1; +http://www.google.com/bot.html)"
66.249.70.68 - - [12/May/2023:12:11:22 +0200] "GET /swfobject.js HTTP/1.0" 404 1308 "http://www.wonder-geek.com/gorjuss-storage-tins-dear-alice-collector-p-38197.html" "Mozilla/5.0 (Linux; Android 6.0.1; Nexus 5X Build/MMB29P) AppleWebKit/537.36 (KHTML, like Gecko) Chrome/113.0.5672.63 Mobile Safari/537.36 (compatible; Googlebot/2.1; +http://www.google.com/bot.html)"
40.77.167.220 - - [12/May/2023:12:11:33 +0200] "GET /clocks-c-13_67.html?page=5 HTTP/1.0" 200 96209 "-" "Mozilla/5.0 AppleWebKit/537.36 (KHTML, like Gecko; compatible; bingbot/2.0; +http://www.bing.com/bingbot.htm) Chrome/103.0.5060.134 Safari/537.36"
147.92.153.7 - - [12/May/2023:12:11:52 +0200] "GET /pants-capri-pants-c-1_20.html HTTP/1.0" 200 82217 "-" "Mozilla/5.0 (compatible; Linespider/1.1; +https://lin.ee/4dwXkTH)"
147.92.153.19 - - [12/May/2023:12:11:56 +0200] "GET /js/jquery.min.js HTTP/1.0" 404 1308 "http://www.wonder-geek.com/pants-capri-pants-c-1_20.html" "Mozilla/5.0 (Windows NT 10.0; Win64; x64) AppleWebKit/537.36 (KHTML, like Gecko; compatible; Linespider/1.1; +https://lin.ee/4dwXkTH) Chrome/112.0.0.0 Safari/537.36"
81.71.99.67 - - [12/May/2023:12:12:50 +0200] "GET /images/mini_prod/8422000053541.jpg HTTP/1.0" 200 269 "-" "Mozilla/5.0 (X11; Ubuntu; Linux x86_64; rv:72.0) Gecko/20100101 Firefox/72.0"
66.249.70.68 - - [12/May/2023:12:15:24 +0200] "GET /rolling-stones-love-rock-roll-zippo-lighter-p-32570.html HTTP/1.0" 200 73494 "-" "Mozilla/5.0 (Linux; Android 6.0.1; Nexus 5X Build/MMB29P) AppleWebKit/537.36 (KHTML, like Gecko) Chrome/112.0.5615.142 Mobile Safari/537.36 (compatible; Googlebot/2.1; +http://www.google.com/bot.html)"
66.249.70.76 - - [12/May/2023:12:16:17 +0200] "GET /strawberry-shortcake-swimsuit-pareo-p-30287.html HTTP/1.0" 200 77228 "-" "Mozilla/5.0 (Linux; Android 6.0.1; Nexus 5X Build/MMB29P) AppleWebKit/537.36 (KHTML, like Gecko) Chrome/112.0.5615.142 Mobile Safari/537.36 (compatible; Googlebot/2.1; +http://www.google.com/bot.html)"
44.234.150.95 - - [12/May/2023:12:16:23 +0200] "GET /images/big_prod_3/028399270163a.jpg HTTP/1.0" 200 270 "-" "Mozilla/5.0 (X11; Ubuntu; Linux x86_64; rv:72.0) Gecko/20100101 Firefox/72.0"
66.249.70.72 - - [12/May/2023:12:16:24 +0200] "GET /swfobject.js HTTP/1.0" 404 1308 "http://www.wonder-geek.com/strawberry-shortcake-swimsuit-pareo-p-30287.html" "Mozilla/5.0 (Linux; Android 6.0.1; Nexus 5X Build/MMB29P) AppleWebKit/537.36 (KHTML, like Gecko) Chrome/113.0.5672.63 Mobile Safari/537.36 (compatible; Googlebot/2.1; +http://www.google.com/bot.html)"
66.249.70.68 - - [12/May/2023:12:16:24 +0200] "GET /swfobject.js HTTP/1.0" 404 1308 "http://www.wonder-geek.com/strawberry-shortcake-swimsuit-pareo-p-30287.html" "Mozilla/5.0 (Linux; Android 6.0.1; Nexus 5X Build/MMB29P) AppleWebKit/537.36 (KHTML, like Gecko) Chrome/113.0.5672.63 Mobile Safari/537.36 (compatible; Googlebot/2.1; +http://www.google.com/bot.html)"
66.249.70.68 - - [12/May/2023:12:16:31 +0200] "GET /images/big_prod_1/1328399175338B.jpg HTTP/1.0" 200 271 "-" "Googlebot-Image/1.0"
51.68.224.127 - - [12/May/2023:12:16:51 +0200] "GET /adminweb/export_orders_xml.php?token=256de2z6edz6ed2z6DFSFsed2zed6zeDSFDSGdzedezfzf&maxorders=10&orderstart=1&status=14&start_date=2018-10-01 HTTP/1.0" 200 285 "-" "GesCom CharlotteBoutik Serveur"
51.68.224.127 - - [12/May/2023:12:16:51 +0200] "GET /adminweb/export_orders_xml.php?token=256de2z6edz6ed2z6DFSFsed2zed6zeDSFDSGdzedezfzf&maxorders=10&orderstart=1&status=6&start_date=2018-10-01 HTTP/1.0" 200 33887 "-" "GesCom CharlotteBoutik Serveur"
146.50.28.35 - - [12/May/2023:12:17:14 +0200] "GET /images/mini_prod/DSCN7550.jpg HTTP/1.0" 200 264 "-" "Mozilla/5.0 (X11; Ubuntu; Linux x86_64; rv:72.0) Gecko/20100101 Firefox/72.0"
66.249.70.72 - - [12/May/2023:12:17:21 +0200] "GET /monster-high-p-18676.html HTTP/1.0" 200 76173 "-" "Mozilla/5.0 (Linux; Android 6.0.1; Nexus 5X Build/MMB29P) AppleWebKit/537.36 (KHTML, like Gecko) Chrome/112.0.5615.142 Mobile Safari/537.36 (compatible; Googlebot/2.1; +http://www.google.com/bot.html)"
207.46.13.208 - - [12/May/2023:12:17:44 +0200] "GET /array-m-26.html HTTP/1.0" 200 93569 "-" "Mozilla/5.0 AppleWebKit/537.36 (KHTML, like Gecko; compatible; bingbot/2.0; +http://www.bing.com/bingbot.htm) Chrome/103.0.5060.134 Safari/537.36"
42.194.245.125 - - [12/May/2023:12:18:46 +0200] "GET /images/mini_prod/1300000021722.jpg HTTP/1.0" 200 269 "-" "Mozilla/5.0 (X11; Ubuntu; Linux x86_64; rv:72.0) Gecko/20100101 Firefox/72.0"
52.167.144.85 - - [12/May/2023:12:18:53 +0200] "GET /decoration-thermometers-c-13_145.html HTTP/1.0" 200 94141 "-" "Mozilla/5.0 AppleWebKit/537.36 (KHTML, like Gecko; compatible; bingbot/2.0; +http://www.bing.com/bingbot.htm) Chrome/103.0.5060.134 Safari/537.36"
66.249.70.72 - - [12/May/2023:12:20:32 +0200] "GET /cccp-logo-adult-cbkration-p-36533.html HTTP/1.0" 200 76098 "-" "Mozilla/5.0 (Linux; Android 6.0.1; Nexus 5X Build/MMB29P) AppleWebKit/537.36 (KHTML, like Gecko) Chrome/112.0.5615.142 Mobile Safari/537.36 (compatible; Googlebot/2.1; +http://www.google.com/bot.html)"
194.15.113.22 - - [12/May/2023:12:20:56 +0200] "GET /contact_us.php HTTP/1.0" 301 539 "http://wonder-geek.com/contact_us.php" "Mozilla/5.0 (Windows NT 10.0; WOW64) AppleWebKit/537.36 (KHTML, like Gecko) Chrome/103.0.0.0 Safari/537.36"
194.15.113.22 - - [12/May/2023:12:20:56 +0200] "GET /contact_us.php HTTP/1.0" 200 26241 "http://www.wonder-geek.com/contact_us.php" "Mozilla/5.0 (Windows NT 10.0; WOW64) AppleWebKit/537.36 (KHTML, like Gecko) Chrome/103.0.0.0 Safari/537.36"
194.15.113.22 - - [12/May/2023:12:21:03 +0200] "POST /contact_us.php?action=send HTTP/1.0" 200 26831 "http://www.wonder-geek.com/contact_us.php" "Mozilla/5.0 (Windows NT 10.0; WOW64) AppleWebKit/537.36 (KHTML, like Gecko) Chrome/103.0.0.0 Safari/537.36"
194.15.113.22 - - [12/May/2023:12:21:03 +0200] "GET /contact_us.php HTTP/1.0" 200 26241 "http://www.wonder-geek.com/contact_us.php" "Mozilla/5.0 (Windows NT 10.0; WOW64) AppleWebKit/537.36 (KHTML, like Gecko) Chrome/103.0.0.0 Safari/537.36"
66.249.70.72 - - [12/May/2023:12:21:18 +0200] "GET /johnny-hallyday-glass-wall-clock-p-9324.html HTTP/1.0" 200 76058 "-" "Mozilla/5.0 (compatible; Googlebot/2.1; +http://www.google.com/bot.html)"
40.77.167.220 - - [12/May/2023:12:21:55 +0200] "GET /accessories-mobiles-c-3_17.html?page=6 HTTP/1.0" 200 95734 "-" "Mozilla/5.0 AppleWebKit/537.36 (KHTML, like Gecko; compatible; bingbot/2.0; +http://www.bing.com/bingbot.htm) Chrome/103.0.5060.134 Safari/537.36"
129.82.147.216 - - [12/May/2023:12:21:59 +0200] "GET /images/mini_prod/3014627830138.jpg HTTP/1.0" 200 269 "-" "Mozilla/5.0 (X11; Ubuntu; Linux x86_64; rv:72.0) Gecko/20100101 Firefox/72.0"
121.30.179.77 - - [12/May/2023:12:22:10 +0200] "GET /images/big_prod_1/b8435333824252.jpg HTTP/1.0" 200 271 "-" "Mozilla/5.0 (X11; Ubuntu; Linux x86_64; rv:72.0) Gecko/20100101 Firefox/72.0"
66.249.70.76 - - [12/May/2023:12:23:22 +0200] "GET /images/big_prod/8718375750186.jpg HTTP/1.0" 200 268 "-" "Googlebot-Image/1.0"
66.249.70.76 - - [12/May/2023:12:23:23 +0200] "GET /images/big_prod_2/3520071795577a.jpg HTTP/1.0" 200 271 "-" "Googlebot-Image/1.0"
8.218.75.45 - - [12/May/2023:12:24:09 +0200] "GET /images/mini_prod/3700276281758050720122.jpg HTTP/1.0" 200 278 "-" "aria2/1.35.0"
66.249.70.68 - - [12/May/2023:12:25:03 +0200] "GET /images/big_prod_1/5400924157258B.jpg HTTP/1.0" 200 271 "-" "Googlebot-Image/1.0"
190.186.21.137 - - [12/May/2023:12:25:09 +0200] "GET /contact_us.php HTTP/1.0" 200 26241 "http://www.wonder-geek.com/contact_us.php" "Mozilla/5.0 (Windows NT 10.0; Win64; x64) AppleWebKit/537.36 (KHTML, like Gecko) Chrome/90.0.4430.72 Safari/537.36 Edg/90.0.818.39"
190.186.21.137 - - [12/May/2023:12:25:16 +0200] "POST /contact_us.php?action=send HTTP/1.0" 200 26483 "http://www.wonder-geek.com/contact_us.php" "Mozilla/5.0 (Windows NT 10.0; Win64; x64) AppleWebKit/537.36 (KHTML, like Gecko) Chrome/90.0.4430.72 Safari/537.36 Edg/90.0.818.39"
129.82.147.216 - - [12/May/2023:12:25:26 +0200] "GET /images/mini_prod/5050293802954.jpg HTTP/1.0" 200 269 "-" "Mozilla/5.0 (X11; Ubuntu; Linux x86_64; rv:72.0) Gecko/20100101 Firefox/72.0"
66.249.70.68 - - [12/May/2023:12:25:40 +0200] "GET /glass-cutting-board-cbkreation-p-51312.html HTTP/1.0" 200 76030 "-" "Mozilla/5.0 (Linux; Android 6.0.1; Nexus 5X Build/MMB29P) AppleWebKit/537.36 (KHTML, like Gecko) Chrome/112.0.5615.142 Mobile Safari/537.36 (compatible; Googlebot/2.1; +http://www.google.com/bot.html)"
66.249.70.68 - - [12/May/2023:12:25:59 +0200] "GET /images/big_prod_1/SAC4A011003a1.jpg HTTP/1.0" 200 270 "-" "Googlebot-Image/1.0"
121.30.179.97 - - [12/May/2023:12:26:21 +0200] "GET /images/mini_prod/8422019609036.jpg HTTP/1.0" 200 269 "-" "Mozilla/5.0 (X11; Ubuntu; Linux x86_64; rv:72.0) Gecko/20100101 Firefox/72.0"
42.194.225.248 - - [12/May/2023:12:28:29 +0200] "GET /images/mini_prod/6942138919509.jpg HTTP/1.0" 200 269 "-" "Mozilla/5.0 (X11; Ubuntu; Linux x86_64; rv:72.0) Gecko/20100101 Firefox/72.0"
8.217.84.150 - - [12/May/2023:12:29:22 +0200] "GET /images/mini_prod/3661443439436.jpg HTTP/1.0" 200 269 "-" "aria2/1.35.0"
66.249.70.68 - - [12/May/2023:12:30:48 +0200] "GET /hannah-montana-postman-bag-p-1485.html HTTP/1.0" 301 76470 "-" "Mozilla/5.0 (Linux; Android 6.0.1; Nexus 5X Build/MMB29P) AppleWebKit/537.36 (KHTML, like Gecko) Chrome/112.0.5615.142 Mobile Safari/537.36 (compatible; Googlebot/2.1; +http://www.google.com/bot.html)"
66.249.70.76 - - [12/May/2023:12:30:50 +0200] "GET /hannah-montana-postman-p-1485.html HTTP/1.0" 200 76382 "-" "Mozilla/5.0 (Linux; Android 6.0.1; Nexus 5X Build/MMB29P) AppleWebKit/537.36 (KHTML, like Gecko) Chrome/112.0.5615.142 Mobile Safari/537.36 (compatible; Googlebot/2.1; +http://www.google.com/bot.html)"
207.46.13.208 - - [12/May/2023:12:31:36 +0200] "GET /-p-48127.html HTTP/1.0" 200 73324 "-" "Mozilla/5.0 AppleWebKit/537.36 (KHTML, like Gecko; compatible; bingbot/2.0; +http://www.bing.com/bingbot.htm) Chrome/103.0.5060.134 Safari/537.36"
146.50.28.35 - - [12/May/2023:12:32:16 +0200] "GET /images/mini_prod/5701359678982.jpg HTTP/1.0" 200 269 "-" "Mozilla/5.0 (X11; Ubuntu; Linux x86_64; rv:72.0) Gecko/20100101 Firefox/72.0"
185.176.78.178 - - [12/May/2023:12:32:26 +0200] "GET /images/mini_prod/8003990630525.jpg HTTP/1.0" 200 269 "-" "Mozilla/5.0 (X11; Ubuntu; Linux x86_64; rv:72.0) Gecko/20100101 Firefox/72.0"
51.68.224.127 - - [12/May/2023:12:33:02 +0200] "GET /adminweb/export_orders_xml.php?token=256de2z6edz6ed2z6DFSFsed2zed6zeDSFDSGdzedezfzf&maxorders=10&orderstart=1&status=14&start_date=2018-10-01 HTTP/1.0" 200 285 "-" "GesCom CharlotteBoutik Serveur"
51.68.224.127 - - [12/May/2023:12:33:02 +0200] "GET /adminweb/export_orders_xml.php?token=256de2z6edz6ed2z6DFSFsed2zed6zeDSFDSGdzedezfzf&maxorders=10&orderstart=1&status=6&start_date=2018-10-01 HTTP/1.0" 200 33887 "-" "GesCom CharlotteBoutik Serveur"
121.30.179.57 - - [12/May/2023:12:33:50 +0200] "GET /images/mini_prod/D5411217321171.jpg HTTP/1.0" 200 270 "-" "Mozilla/5.0 (X11; Ubuntu; Linux x86_64; rv:72.0) Gecko/20100101 Firefox/72.0"
42.194.192.36 - - [12/May/2023:12:35:26 +0200] "GET /images/mini_prod/1384010206942.jpg HTTP/1.0" 200 269 "-" "Mozilla/5.0 (X11; Ubuntu; Linux x86_64; rv:72.0) Gecko/20100101 Firefox/72.0"
66.249.70.72 - - [12/May/2023:12:35:56 +0200] "GET /strawberry-shortcake-swimsuit-and-pareo-p-30287.html HTTP/1.0" 301 77330 "-" "Mozilla/5.0 (Linux; Android 6.0.1; Nexus 5X Build/MMB29P) AppleWebKit/537.36 (KHTML, like Gecko) Chrome/112.0.5615.142 Mobile Safari/537.36 (compatible; Googlebot/2.1; +http://www.google.com/bot.html)"
66.249.70.68 - - [12/May/2023:12:35:58 +0200] "GET /strawberry-shortcake-swimsuit-pareo-p-30287.html HTTP/1.0" 200 77228 "-" "Mozilla/5.0 (Linux; Android 6.0.1; Nexus 5X Build/MMB29P) AppleWebKit/537.36 (KHTML, like Gecko) Chrome/112.0.5615.142 Mobile Safari/537.36 (compatible; Googlebot/2.1; +http://www.google.com/bot.html)"
40.77.167.220 - - [12/May/2023:12:36:37 +0200] "GET /rhombuses-teapot-p-56417.html HTTP/1.0" 200 73402 "-" "Mozilla/5.0 AppleWebKit/537.36 (KHTML, like Gecko; compatible; bingbot/2.0; +http://www.bing.com/bingbot.htm) Chrome/103.0.5060.134 Safari/537.36"
66.249.70.72 - - [12/May/2023:12:37:43 +0200] "GET /smiski-figure-series-toilet-note-there-single-figure-p-43107.html HTTP/1.0" 200 77326 "-" "Mozilla/5.0 (Linux; Android 6.0.1; Nexus 5X Build/MMB29P) AppleWebKit/537.36 (KHTML, like Gecko) Chrome/112.0.5615.142 Mobile Safari/537.36 (compatible; Googlebot/2.1; +http://www.google.com/bot.html)"
66.249.70.68 - - [12/May/2023:12:38:22 +0200] "GET /images/big_prod/3520071795577.jpg HTTP/1.0" 200 268 "-" "Googlebot-Image/1.0"
66.249.70.68 - - [12/May/2023:12:38:23 +0200] "GET /images/big_prod_2/3503420170546C.jpg HTTP/1.0" 200 271 "-" "Googlebot-Image/1.0"
161.117.5.252 - - [12/May/2023:12:38:40 +0200] "GET /contact_us.php HTTP/1.0" 301 539 "http://wonder-geek.com/contact_us.php" "Mozilla/5.0 (Windows NT 6.3; Win64; x64) AppleWebKit/537.36 (KHTML, like Gecko) Chrome/103.0.5060.53 Safari/537.36"
161.117.5.252 - - [12/May/2023:12:38:41 +0200] "GET /contact_us.php HTTP/1.0" 200 26241 "http://www.wonder-geek.com/contact_us.php" "Mozilla/5.0 (Windows NT 6.3; Win64; x64) AppleWebKit/537.36 (KHTML, like Gecko) Chrome/103.0.5060.53 Safari/537.36"
161.117.5.252 - - [12/May/2023:12:38:42 +0200] "POST /contact_us.php?action=send HTTP/1.0" 200 26462 "http://www.wonder-geek.com/contact_us.php" "Mozilla/5.0 (Windows NT 6.3; Win64; x64) AppleWebKit/537.36 (KHTML, like Gecko) Chrome/103.0.5060.53 Safari/537.36"
207.46.13.208 - - [12/May/2023:12:39:17 +0200] "GET /-p-8297.html HTTP/1.0" 200 73322 "-" "Mozilla/5.0 AppleWebKit/537.36 (KHTML, like Gecko; compatible; bingbot/2.0; +http://www.bing.com/bingbot.htm) Chrome/103.0.5060.134 Safari/537.36"
129.204.118.204 - - [12/May/2023:12:39:37 +0200] "GET /images/mini_prod/8435306290718.jpg HTTP/1.0" 200 269 "-" "Mozilla/5.0 (X11; Ubuntu; Linux x86_64; rv:72.0) Gecko/20100101 Firefox/72.0"
207.46.13.208 - - [12/May/2023:12:40:36 +0200] "GET /-p-48629.html HTTP/1.0" 200 73324 "-" "Mozilla/5.0 AppleWebKit/537.36 (KHTML, like Gecko; compatible; bingbot/2.0; +http://www.bing.com/bingbot.htm) Chrome/103.0.5060.134 Safari/537.36"
66.249.70.72 - - [12/May/2023:12:41:04 +0200] "GET /shooter-mona-lisa-p-38614.html HTTP/1.0" 200 75913 "-" "Mozilla/5.0 (Linux; Android 6.0.1; Nexus 5X Build/MMB29P) AppleWebKit/537.36 (KHTML, like Gecko) Chrome/112.0.5615.142 Mobile Safari/537.36 (compatible; Googlebot/2.1; +http://www.google.com/bot.html)"
81.71.99.63 - - [12/May/2023:12:41:15 +0200] "GET /images/mini_prod/3700281645163.jpg HTTP/1.0" 200 269 "-" "Mozilla/5.0 (X11; Ubuntu; Linux x86_64; rv:72.0) Gecko/20100101 Firefox/72.0"
66.249.70.68 - - [12/May/2023:12:41:31 +0200] "GET /images/big_prod/3560600309868.jpg HTTP/1.0" 200 268 "-" "Googlebot-Image/1.0"
185.176.78.178 - - [12/May/2023:12:41:31 +0200] "GET /images/mini_prod/1399984241806.jpg HTTP/1.0" 200 269 "-" "Mozilla/5.0 (X11; Ubuntu; Linux x86_64; rv:72.0) Gecko/20100101 Firefox/72.0"
81.71.94.236 - - [12/May/2023:12:41:42 +0200] "GET /images/mini_prod/541185414661-8.jpg HTTP/1.0" 200 270 "-" "Mozilla/5.0 (X11; Ubuntu; Linux x86_64; rv:72.0) Gecko/20100101 Firefox/72.0"
66.249.70.72 - - [12/May/2023:12:43:03 +0200] "GET /isothermic-stainless-steel-bottle-taurus-cbkreation-p-51041.html HTTP/1.0" 200 76230 "-" "Mozilla/5.0 (Linux; Android 6.0.1; Nexus 5X Build/MMB29P) AppleWebKit/537.36 (KHTML, like Gecko) Chrome/112.0.5615.142 Mobile Safari/537.36 (compatible; Googlebot/2.1; +http://www.google.com/bot.html)"
66.249.70.68 - - [12/May/2023:12:45:02 +0200] "GET /theme-indian-p-39662.html HTTP/1.0" 200 75883 "-" "Mozilla/5.0 (Linux; Android 6.0.1; Nexus 5X Build/MMB29P) AppleWebKit/537.36 (KHTML, like Gecko) Chrome/112.0.5615.142 Mobile Safari/537.36 (compatible; Googlebot/2.1; +http://www.google.com/bot.html)"
42.194.192.36 - - [12/May/2023:12:45:50 +0200] "GET /images/mini_prod/8904245400040.jpg HTTP/1.0" 200 269 "-" "Mozilla/5.0 (X11; Ubuntu; Linux x86_64; rv:72.0) Gecko/20100101 Firefox/72.0"
66.249.70.72 - - [12/May/2023:12:46:12 +0200] "GET /nuova-fiat-blue-shoulder-p-17078.html HTTP/1.0" 200 76376 "-" "Mozilla/5.0 (Linux; Android 6.0.1; Nexus 5X Build/MMB29P) AppleWebKit/537.36 (KHTML, like Gecko) Chrome/112.0.5615.142 Mobile Safari/537.36 (compatible; Googlebot/2.1; +http://www.google.com/bot.html)"
66.249.70.76 - - [12/May/2023:12:46:16 +0200] "GET /swfobject.js HTTP/1.0" 404 1308 "http://www.wonder-geek.com/nuova-fiat-blue-shoulder-p-17078.html" "Mozilla/5.0 (Linux; Android 6.0.1; Nexus 5X Build/MMB29P) AppleWebKit/537.36 (KHTML, like Gecko) Chrome/113.0.5672.63 Mobile Safari/537.36 (compatible; Googlebot/2.1; +http://www.google.com/bot.html)"
66.249.70.76 - - [12/May/2023:12:46:16 +0200] "GET /swfobject.js HTTP/1.0" 404 1308 "http://www.wonder-geek.com/nuova-fiat-blue-shoulder-p-17078.html" "Mozilla/5.0 (Linux; Android 6.0.1; Nexus 5X Build/MMB29P) AppleWebKit/537.36 (KHTML, like Gecko) Chrome/113.0.5672.63 Mobile Safari/537.36 (compatible; Googlebot/2.1; +http://www.google.com/bot.html)"
52.167.144.85 - - [12/May/2023:12:47:06 +0200] "GET /difference-accessoriess-c-12_59.html HTTP/1.0" 200 92515 "-" "Mozilla/5.0 AppleWebKit/537.36 (KHTML, like Gecko; compatible; bingbot/2.0; +http://www.bing.com/bingbot.htm) Chrome/103.0.5060.134 Safari/537.36"
40.77.167.220 - - [12/May/2023:12:49:07 +0200] "GET /school-trolley-c-31_169.html HTTP/1.0" 200 83945 "-" "Mozilla/5.0 AppleWebKit/537.36 (KHTML, like Gecko; compatible; bingbot/2.0; +http://www.bing.com/bingbot.htm) Chrome/103.0.5060.134 Safari/537.36"
51.68.224.127 - - [12/May/2023:12:49:15 +0200] "GET /adminweb/export_orders_xml.php?token=256de2z6edz6ed2z6DFSFsed2zed6zeDSFDSGdzedezfzf&maxorders=10&orderstart=1&status=14&start_date=2018-10-01 HTTP/1.0" 200 285 "-" "GesCom CharlotteBoutik Serveur"
51.68.224.127 - - [12/May/2023:12:49:15 +0200] "GET /adminweb/export_orders_xml.php?token=256de2z6edz6ed2z6DFSFsed2zed6zeDSFDSGdzedezfzf&maxorders=10&orderstart=1&status=6&start_date=2018-10-01 HTTP/1.0" 200 33887 "-" "GesCom CharlotteBoutik Serveur"
8.210.174.16 - - [12/May/2023:12:50:09 +0200] "GET /images/mini_prod/7601019994705.jpg HTTP/1.0" 200 269 "-" "aria2/1.35.0"
185.176.78.178 - - [12/May/2023:12:50:38 +0200] "GET /images/med_prod/3662468004678.jpg HTTP/1.0" 200 268 "-" "Mozilla/5.0 (X11; Ubuntu; Linux x86_64; rv:72.0) Gecko/20100101 Firefox/72.0"
66.249.70.72 - - [12/May/2023:12:51:21 +0200] "GET /nici-lucy-clock-p-11436.html HTTP/1.0" 200 75882 "-" "Mozilla/5.0 (Linux; Android 6.0.1; Nexus 5X Build/MMB29P) AppleWebKit/537.36 (KHTML, like Gecko) Chrome/112.0.5615.142 Mobile Safari/537.36 (compatible; Googlebot/2.1; +http://www.google.com/bot.html)"
147.92.153.7 - - [12/May/2023:12:51:47 +0200] "GET /cushion-covers-c-11_71_284.html HTTP/1.0" 200 91845 "-" "Mozilla/5.0 (compatible; Linespider/1.1; +https://lin.ee/4dwXkTH)"
114.119.140.161 - - [12/May/2023:12:52:53 +0200] "GET /robots.txt HTTP/1.0" 301 531 "-" "Mozilla/5.0 (compatible;PetalBot;+https://webmaster.petalsearch.com/site/petalbot)"
114.119.140.161 - - [12/May/2023:12:52:54 +0200] "GET /robots.txt HTTP/1.0" 200 245 "-" "Mozilla/5.0 (compatible;PetalBot;+https://webmaster.petalsearch.com/site/petalbot)"
69.171.251.6 - - [12/May/2023:12:52:54 +0200] "GET /images/big_prod_1/1328399139835B.jpg HTTP/1.0" 200 271 "-" "Mozilla/5.0 (X11; Ubuntu; Linux x86_64; rv:72.0) Gecko/20100101 Firefox/72.0"
66.249.70.68 - - [12/May/2023:12:53:22 +0200] "GET /images/5060021928757.jpg HTTP/1.0" 200 259 "-" "Googlebot-Image/1.0"
66.249.70.76 - - [12/May/2023:12:54:38 +0200] "GET /oscar-wilde-stickers-p-39325.html HTTP/1.0" 200 76722 "-" "Mozilla/5.0 (compatible; Googlebot/2.1; +http://www.google.com/bot.html)"
17.241.75.69 - - [12/May/2023:12:55:21 +0200] "GET /robots.txt HTTP/1.0" 200 245 "-" "Mozilla/5.0 (Macintosh; Intel Mac OS X 10_15_5) AppleWebKit/605.1.15 (KHTML, like Gecko) Version/13.1.1 Safari/605.1.15 (Applebot/0.1; +http://www.apple.com/go/applebot)"
17.241.75.69 - - [12/May/2023:12:55:21 +0200] "GET /images/mini_prod/3457010954187.jpg HTTP/1.0" 200 269 "-" "Mozilla/5.0 (Macintosh; Intel Mac OS X 10_15_5) AppleWebKit/605.1.15 (KHTML, like Gecko) Version/13.1.1 Safari/605.1.15 (Applebot/0.1; +http://www.apple.com/go/applebot)"
66.249.70.76 - - [12/May/2023:12:56:33 +0200] "GET /shore-time-piece-nativity-limited-p-52197.html HTTP/1.0" 200 73492 "-" "Mozilla/5.0 (Linux; Android 6.0.1; Nexus 5X Build/MMB29P) AppleWebKit/537.36 (KHTML, like Gecko) Chrome/112.0.5615.142 Mobile Safari/537.36 (compatible; Googlebot/2.1; +http://www.google.com/bot.html)"
