27.115.124.6 - - [12/May/2023:16:51:02 +0200] "GET /images/mini_prod/3700281675382.jpg HTTP/1.0" 200 269 "http://www.wonder-geek.com/" "Mozilla/5.0 (Linux; Android 8.0; Pixel 2 Build/OPD3.170816.012) AppleWebKit/537.36 (KHTML, like Gecko) Chrome/87.0.4280.88 Mobile Safari/537.36"
27.115.124.38 - - [12/May/2023:16:51:02 +0200] "GET /templates/Pixame_v1/images/pixel_trans.gif HTTP/1.0" 200 328 "http://www.wonder-geek.com/" "Mozilla/5.0 (Linux; Android 8.0; Pixel 2 Build/OPD3.170816.012) AppleWebKit/537.36 (KHTML, like Gecko) Chrome/87.0.4280.88 Mobile Safari/537.36"
27.115.124.6 - - [12/May/2023:16:51:03 +0200] "GET /images/mini_prod/8435684220574.jpg HTTP/1.0" 200 269 "http://www.wonder-geek.com/" "Mozilla/5.0 (Linux; Android 8.0; Pixel 2 Build/OPD3.170816.012) AppleWebKit/537.36 (KHTML, like Gecko) Chrome/87.0.4280.88 Mobile Safari/537.36"
27.115.124.38 - - [12/May/2023:16:51:03 +0200] "GET /images/mini_prod/8435684220529.jpg HTTP/1.0" 200 269 "http://www.wonder-geek.com/" "Mozilla/5.0 (Linux; Android 8.0; Pixel 2 Build/OPD3.170816.012) AppleWebKit/537.36 (KHTML, like Gecko) Chrome/87.0.4280.88 Mobile Safari/537.36"
27.115.124.6 - - [12/May/2023:16:51:03 +0200] "GET /images/mini_prod/RF75117m.jpg HTTP/1.0" 200 264 "http://www.wonder-geek.com/" "Mozilla/5.0 (Linux; Android 8.0; Pixel 2 Build/OPD3.170816.012) AppleWebKit/537.36 (KHTML, like Gecko) Chrome/87.0.4280.88 Mobile Safari/537.36"
27.115.124.38 - - [12/May/2023:16:51:03 +0200] "GET /images/mini_prod/3503420170546.jpg HTTP/1.0" 200 269 "http://www.wonder-geek.com/" "Mozilla/5.0 (Linux; Android 8.0; Pixel 2 Build/OPD3.170816.012) AppleWebKit/537.36 (KHTML, like Gecko) Chrome/87.0.4280.88 Mobile Safari/537.36"
27.115.124.6 - - [12/May/2023:16:51:03 +0200] "GET /images/mini_prod/8720512978407.jpg HTTP/1.0" 200 269 "http://www.wonder-geek.com/" "Mozilla/5.0 (Linux; Android 8.0; Pixel 2 Build/OPD3.170816.012) AppleWebKit/537.36 (KHTML, like Gecko) Chrome/87.0.4280.88 Mobile Safari/537.36"
27.115.124.38 - - [12/May/2023:16:51:03 +0200] "GET /images/mini_prod/3700281653830.jpg HTTP/1.0" 200 269 "http://www.wonder-geek.com/" "Mozilla/5.0 (Linux; Android 8.0; Pixel 2 Build/OPD3.170816.012) AppleWebKit/537.36 (KHTML, like Gecko) Chrome/87.0.4280.88 Mobile Safari/537.36"
27.115.124.6 - - [12/May/2023:16:51:03 +0200] "GET /images/mini_prod/8712159175691B.jpg HTTP/1.0" 200 270 "http://www.wonder-geek.com/" "Mozilla/5.0 (Linux; Android 8.0; Pixel 2 Build/OPD3.170816.012) AppleWebKit/537.36 (KHTML, like Gecko) Chrome/87.0.4280.88 Mobile Safari/537.36"
27.115.124.38 - - [12/May/2023:16:51:04 +0200] "GET /images/mini_prod/8712159175202.jpg HTTP/1.0" 200 269 "http://www.wonder-geek.com/" "Mozilla/5.0 (Linux; Android 8.0; Pixel 2 Build/OPD3.170816.012) AppleWebKit/537.36 (KHTML, like Gecko) Chrome/87.0.4280.88 Mobile Safari/537.36"
27.115.124.6 - - [12/May/2023:16:51:04 +0200] "GET /images/mini_prod/N3503420027451.jpg HTTP/1.0" 200 270 "http://www.wonder-geek.com/" "Mozilla/5.0 (Linux; Android 8.0; Pixel 2 Build/OPD3.170816.012) AppleWebKit/537.36 (KHTML, like Gecko) Chrome/87.0.4280.88 Mobile Safari/537.36"
27.115.124.6 - - [12/May/2023:16:51:04 +0200] "GET /images/mini_prod/3609810048386.jpg HTTP/1.0" 200 269 "http://www.wonder-geek.com/" "Mozilla/5.0 (Linux; Android 8.0; Pixel 2 Build/OPD3.170816.012) AppleWebKit/537.36 (KHTML, like Gecko) Chrome/87.0.4280.88 Mobile Safari/537.36"
27.115.124.38 - - [12/May/2023:16:51:04 +0200] "GET /images/mini_prod/3503420027062.jpg HTTP/1.0" 200 269 "http://www.wonder-geek.com/" "Mozilla/5.0 (Linux; Android 8.0; Pixel 2 Build/OPD3.170816.012) AppleWebKit/537.36 (KHTML, like Gecko) Chrome/87.0.4280.88 Mobile Safari/537.36"
27.115.124.6 - - [12/May/2023:16:51:04 +0200] "GET /images/mini_prod/8460007012994B.jpg HTTP/1.0" 200 270 "http://www.wonder-geek.com/" "Mozilla/5.0 (Linux; Android 8.0; Pixel 2 Build/OPD3.170816.012) AppleWebKit/537.36 (KHTML, like Gecko) Chrome/87.0.4280.88 Mobile Safari/537.36"
27.115.124.38 - - [12/May/2023:16:51:04 +0200] "GET /images/mini_prod/3503420159459.jpg HTTP/1.0" 200 269 "http://www.wonder-geek.com/" "Mozilla/5.0 (Linux; Android 8.0; Pixel 2 Build/OPD3.170816.012) AppleWebKit/537.36 (KHTML, like Gecko) Chrome/87.0.4280.88 Mobile Safari/537.36"
27.115.124.6 - - [12/May/2023:16:51:04 +0200] "GET /images/mini_prod/8712159167382.jpg HTTP/1.0" 200 269 "http://www.wonder-geek.com/" "Mozilla/5.0 (Linux; Android 8.0; Pixel 2 Build/OPD3.170816.012) AppleWebKit/537.36 (KHTML, like Gecko) Chrome/87.0.4280.88 Mobile Safari/537.36"
27.115.124.38 - - [12/May/2023:16:51:04 +0200] "GET /images/mini_prod/3503420123825.jpg HTTP/1.0" 200 269 "http://www.wonder-geek.com/" "Mozilla/5.0 (Linux; Android 8.0; Pixel 2 Build/OPD3.170816.012) AppleWebKit/537.36 (KHTML, like Gecko) Chrome/87.0.4280.88 Mobile Safari/537.36"
27.115.124.6 - - [12/May/2023:16:51:04 +0200] "GET /images/mini_prod/3665269226157.jpg HTTP/1.0" 200 269 "http://www.wonder-geek.com/" "Mozilla/5.0 (Linux; Android 8.0; Pixel 2 Build/OPD3.170816.012) AppleWebKit/537.36 (KHTML, like Gecko) Chrome/87.0.4280.88 Mobile Safari/537.36"
27.115.124.38 - - [12/May/2023:16:51:04 +0200] "GET /images/mini_prod/3700281688528.jpg HTTP/1.0" 200 269 "http://www.wonder-geek.com/" "Mozilla/5.0 (Linux; Android 8.0; Pixel 2 Build/OPD3.170816.012) AppleWebKit/537.36 (KHTML, like Gecko) Chrome/87.0.4280.88 Mobile Safari/537.36"
27.115.124.38 - - [12/May/2023:16:51:05 +0200] "GET /images/mini_prod/3665269261080.jpg HTTP/1.0" 200 269 "http://www.wonder-geek.com/" "Mozilla/5.0 (Linux; Android 8.0; Pixel 2 Build/OPD3.170816.012) AppleWebKit/537.36 (KHTML, like Gecko) Chrome/87.0.4280.88 Mobile Safari/537.36"
27.115.124.6 - - [12/May/2023:16:51:05 +0200] "GET /images/mini_prod/3700281678673.jpg HTTP/1.0" 200 269 "http://www.wonder-geek.com/" "Mozilla/5.0 (Linux; Android 8.0; Pixel 2 Build/OPD3.170816.012) AppleWebKit/537.36 (KHTML, like Gecko) Chrome/87.0.4280.88 Mobile Safari/537.36"
27.115.124.38 - - [12/May/2023:16:51:05 +0200] "GET /images/mini_prod/8435684220550.jpg HTTP/1.0" 200 269 "http://www.wonder-geek.com/" "Mozilla/5.0 (Linux; Android 8.0; Pixel 2 Build/OPD3.170816.012) AppleWebKit/537.36 (KHTML, like Gecko) Chrome/87.0.4280.88 Mobile Safari/537.36"
27.115.124.6 - - [12/May/2023:16:51:05 +0200] "GET /images/mini_prod/3503420176647.jpg HTTP/1.0" 200 269 "http://www.wonder-geek.com/" "Mozilla/5.0 (Linux; Android 8.0; Pixel 2 Build/OPD3.170816.012) AppleWebKit/537.36 (KHTML, like Gecko) Chrome/87.0.4280.88 Mobile Safari/537.36"
27.115.124.38 - - [12/May/2023:16:51:05 +0200] "GET /images/mini_prod/8435684221038.jpg HTTP/1.0" 200 269 "http://www.wonder-geek.com/" "Mozilla/5.0 (Linux; Android 8.0; Pixel 2 Build/OPD3.170816.012) AppleWebKit/537.36 (KHTML, like Gecko) Chrome/87.0.4280.88 Mobile Safari/537.36"
27.115.124.6 - - [12/May/2023:16:51:05 +0200] "GET /images/mini_prod/3503420162213.jpg HTTP/1.0" 200 269 "http://www.wonder-geek.com/" "Mozilla/5.0 (Linux; Android 8.0; Pixel 2 Build/OPD3.170816.012) AppleWebKit/537.36 (KHTML, like Gecko) Chrome/87.0.4280.88 Mobile Safari/537.36"
27.115.124.38 - - [12/May/2023:16:51:05 +0200] "GET /images/mini_prod/3503420162954.jpg HTTP/1.0" 200 269 "http://www.wonder-geek.com/" "Mozilla/5.0 (Linux; Android 8.0; Pixel 2 Build/OPD3.170816.012) AppleWebKit/537.36 (KHTML, like Gecko) Chrome/87.0.4280.88 Mobile Safari/537.36"
27.115.124.6 - - [12/May/2023:16:51:05 +0200] "GET /images/mini_prod/8712159189292B.jpg HTTP/1.0" 200 270 "http://www.wonder-geek.com/" "Mozilla/5.0 (Linux; Android 8.0; Pixel 2 Build/OPD3.170816.012) AppleWebKit/537.36 (KHTML, like Gecko) Chrome/87.0.4280.88 Mobile Safari/537.36"
66.249.70.68 - - [12/May/2023:16:51:27 +0200] "GET /images/big_prod/z3700572779393.jpg HTTP/1.0" 200 269 "-" "Googlebot-Image/1.0"
207.46.13.208 - - [12/May/2023:16:51:42 +0200] "GET /espresso-eccentric-p-39754.html HTTP/1.0" 200 76075 "-" "Mozilla/5.0 AppleWebKit/537.36 (KHTML, like Gecko; compatible; bingbot/2.0; +http://www.bing.com/bingbot.htm) Chrome/103.0.5060.134 Safari/537.36"
40.77.167.220 - - [12/May/2023:16:52:41 +0200] "GET /french-bulldog-eggcup-p-33470.html HTTP/1.0" 200 76027 "-" "Mozilla/5.0 AppleWebKit/537.36 (KHTML, like Gecko; compatible; bingbot/2.0; +http://www.bing.com/bingbot.htm) Chrome/103.0.5060.134 Safari/537.36"
66.249.70.68 - - [12/May/2023:16:53:02 +0200] "GET /images/big_prod_1/8719075391372.jpg HTTP/1.0" 200 270 "-" "Googlebot-Image/1.0"
52.167.144.85 - - [12/May/2023:16:53:10 +0200] "GET /index.php HTTP/1.0" 200 153186 "-" "Mozilla/5.0 AppleWebKit/537.36 (KHTML, like Gecko; compatible; bingbot/2.0; +http://www.bing.com/bingbot.htm) Chrome/103.0.5060.134 Safari/537.36"
59.82.19.171 - - [12/May/2023:16:53:42 +0200] "GET /images/1399984260098.jpg HTTP/1.0" 200 259 "-" "Mozilla/5.0 (X11; Ubuntu; Linux x86_64; rv:72.0) Gecko/20100101 Firefox/72.0"
51.68.224.127 - - [12/May/2023:16:53:47 +0200] "GET /adminweb/export_orders_xml.php?token=256de2z6edz6ed2z6DFSFsed2zed6zeDSFDSGdzedezfzf&maxorders=10&orderstart=1&status=14&start_date=2018-10-01 HTTP/1.0" 200 285 "-" "GesCom CharlotteBoutik Serveur"
51.68.224.127 - - [12/May/2023:16:53:47 +0200] "GET /adminweb/export_orders_xml.php?token=256de2z6edz6ed2z6DFSFsed2zed6zeDSFDSGdzedezfzf&maxorders=10&orderstart=1&status=6&start_date=2018-10-01 HTTP/1.0" 200 33887 "-" "GesCom CharlotteBoutik Serveur"
40.77.167.220 - - [12/May/2023:16:54:02 +0200] "GET /collection-plate-metal-vespa-poster-advertising-p-35029.html HTTP/1.0" 200 76598 "-" "Mozilla/5.0 AppleWebKit/537.36 (KHTML, like Gecko; compatible; bingbot/2.0; +http://www.bing.com/bingbot.htm) Chrome/103.0.5060.134 Safari/537.36"
8.218.69.86 - - [12/May/2023:16:55:11 +0200] "GET /images/mini_prod/DSCN7544.jpg HTTP/1.0" 200 264 "-" "aria2/1.35.0"
66.249.70.72 - - [12/May/2023:16:55:13 +0200] "GET /charmmy-kitty-medium-cosmetic-p-26665.html HTTP/1.0" 200 76279 "-" "Mozilla/5.0 (compatible; Googlebot/2.1; +http://www.google.com/bot.html)"
52.167.144.85 - - [12/May/2023:16:55:49 +0200] "GET /images/big_prod/3700281645385.jpg HTTP/1.0" 200 268 "-" "Mozilla/5.0 AppleWebKit/537.36 (KHTML, like Gecko; compatible; bingbot/2.0; +http://www.bing.com/bingbot.htm) Chrome/103.0.5060.134 Safari/537.36"
146.50.28.35 - - [12/May/2023:16:58:52 +0200] "GET /images/mini_prod/3438100326046.jpg HTTP/1.0" 200 269 "-" "Mozilla/5.0 (X11; Ubuntu; Linux x86_64; rv:72.0) Gecko/20100101 Firefox/72.0"
66.249.70.68 - - [12/May/2023:16:58:53 +0200] "GET /jewels-beauty-accessories-c-3_29.html HTTP/1.0" 200 84789 "-" "Mozilla/5.0 (Linux; Android 6.0.1; Nexus 5X Build/MMB29P) AppleWebKit/537.36 (KHTML, like Gecko) Chrome/113.0.5672.92 Mobile Safari/537.36 (compatible; Googlebot/2.1; +http://www.google.com/bot.html)"
207.46.13.208 - - [12/May/2023:16:59:03 +0200] "GET /strawberry-shortcake-raspberry-torte-doll-15-cm-p-35281.html HTTP/1.0" 301 73391 "-" "Mozilla/5.0 AppleWebKit/537.36 (KHTML, like Gecko; compatible; bingbot/2.0; +http://www.bing.com/bingbot.htm) Chrome/103.0.5060.134 Safari/537.36"
8.210.174.16 - - [12/May/2023:16:59:20 +0200] "GET /images/mini_prod/3453131143226.jpg HTTP/1.0" 200 269 "-" "aria2/1.35.0"
185.176.78.178 - - [12/May/2023:16:59:21 +0200] "GET /images/mini_prod/8435333853245.jpg HTTP/1.0" 200 269 "-" "Mozilla/5.0 (X11; Ubuntu; Linux x86_64; rv:72.0) Gecko/20100101 Firefox/72.0"
66.249.70.72 - - [12/May/2023:16:59:36 +0200] "GET /images/541185414661-8.jpg HTTP/1.0" 200 260 "-" "Googlebot-Image/1.0"
66.249.70.72 - - [12/May/2023:16:59:36 +0200] "GET /images/big_prod/4036113222448.jpg HTTP/1.0" 200 268 "-" "Googlebot-Image/1.0"
54.236.1.13 - - [12/May/2023:16:59:40 +0200] "GET /bob-marley-young-mirror-p-19673.html HTTP/1.0" 301 75972 "-" "Mozilla/5.0 (compatible; Pinterestbot/1.0; +http://www.pinterest.com/bot.html)"
40.77.167.220 - - [12/May/2023:16:59:42 +0200] "GET /smiski-figure-series-living-note-there-is-single-figure-p-47777.html HTTP/1.0" 301 77429 "-" "Mozilla/5.0 AppleWebKit/537.36 (KHTML, like Gecko; compatible; bingbot/2.0; +http://www.bing.com/bingbot.htm) Chrome/103.0.5060.134 Safari/537.36"
54.236.1.13 - - [12/May/2023:16:59:42 +0200] "GET /marley-young-mirror-p-19673.html HTTP/1.0" 200 75886 "-" "Mozilla/5.0 (compatible; Pinterestbot/1.0; +http://www.pinterest.com/bot.html)"
40.77.167.220 - - [12/May/2023:17:00:12 +0200] "GET /star-wars-blue-training-bottle-p-29945.html HTTP/1.0" 200 76080 "-" "Mozilla/5.0 AppleWebKit/537.36 (KHTML, like Gecko; compatible; bingbot/2.0; +http://www.bing.com/bingbot.htm) Chrome/103.0.5060.134 Safari/537.36"
207.46.13.208 - - [12/May/2023:17:00:23 +0200] "GET /blue-butterfly-women-tee-shirt-p-30728.html HTTP/1.0" 301 78092 "-" "Mozilla/5.0 AppleWebKit/537.36 (KHTML, like Gecko; compatible; bingbot/2.0; +http://www.bing.com/bingbot.htm) Chrome/103.0.5060.134 Safari/537.36"
106.55.254.60 - - [12/May/2023:17:00:32 +0200] "GET /images/big_prod_1/b3609810063808.jpg HTTP/1.0" 200 271 "-" "Mozilla/5.0 (X11; Ubuntu; Linux x86_64; rv:72.0) Gecko/20100101 Firefox/72.0"
42.194.226.108 - - [12/May/2023:17:00:36 +0200] "GET /images/mini_prod/1399984253366.jpg HTTP/1.0" 200 269 "-" "Mozilla/5.0 (X11; Ubuntu; Linux x86_64; rv:72.0) Gecko/20100101 Firefox/72.0"
207.46.13.208 - - [12/May/2023:17:00:43 +0200] "GET /llama-love-figurine-10-cm-p-47611.html HTTP/1.0" 301 73488 "-" "Mozilla/5.0 AppleWebKit/537.36 (KHTML, like Gecko; compatible; bingbot/2.0; +http://www.bing.com/bingbot.htm) Chrome/103.0.5060.134 Safari/537.36"
52.167.144.85 - - [12/May/2023:17:01:32 +0200] "GET /tealight-metal-p-31497.html HTTP/1.0" 200 73370 "-" "Mozilla/5.0 AppleWebKit/537.36 (KHTML, like Gecko; compatible; bingbot/2.0; +http://www.bing.com/bingbot.htm) Chrome/103.0.5060.134 Safari/537.36"
40.77.167.220 - - [12/May/2023:17:01:33 +0200] "GET /images/big_prod_1/1328399282500d.jpg HTTP/1.0" 200 271 "-" "Mozilla/5.0 AppleWebKit/537.36 (KHTML, like Gecko; compatible; bingbot/2.0; +http://www.bing.com/bingbot.htm) Chrome/103.0.5060.134 Safari/537.36"
40.77.167.220 - - [12/May/2023:17:01:36 +0200] "GET /british-guard-moneybox-p-34170.html HTTP/1.0" 200 73402 "-" "Mozilla/5.0 AppleWebKit/537.36 (KHTML, like Gecko; compatible; bingbot/2.0; +http://www.bing.com/bingbot.htm) Chrome/103.0.5060.134 Safari/537.36"
129.204.118.204 - - [12/May/2023:17:02:36 +0200] "GET /images/mini_prod/7601019992992.jpg HTTP/1.0" 200 269 "-" "Mozilla/5.0 (X11; Ubuntu; Linux x86_64; rv:72.0) Gecko/20100101 Firefox/72.0"
40.77.167.220 - - [12/May/2023:17:02:42 +0200] "GET /please-do-not-disturb-metal-plate-40-30-cm-p-29226.html HTTP/1.0" 301 76190 "-" "Mozilla/5.0 AppleWebKit/537.36 (KHTML, like Gecko; compatible; bingbot/2.0; +http://www.bing.com/bingbot.htm) Chrome/103.0.5060.134 Safari/537.36"
66.249.70.76 - - [12/May/2023:17:03:26 +0200] "GET /-i-17.html HTTP/1.0" 200 102481 "-" "Mozilla/5.0 (Linux; Android 6.0.1; Nexus 5X Build/MMB29P) AppleWebKit/537.36 (KHTML, like Gecko) Chrome/112.0.5615.142 Mobile Safari/537.36 (compatible; Googlebot/2.1; +http://www.google.com/bot.html)"
52.167.144.85 - - [12/May/2023:17:03:31 +0200] "GET /salt-pepper-potager-collection-p-52669.html HTTP/1.0" 200 76067 "-" "Mozilla/5.0 AppleWebKit/537.36 (KHTML, like Gecko; compatible; bingbot/2.0; +http://www.bing.com/bingbot.htm) Chrome/103.0.5060.134 Safari/537.36"
52.167.144.85 - - [12/May/2023:17:03:33 +0200] "GET /alarms-clocks-clocks-and-watches/alarms-clocks/avengers-alarm-clock-p-25077.html HTTP/1.0" 301 73391 "-" "Mozilla/5.0 AppleWebKit/537.36 (KHTML, like Gecko; compatible; bingbot/2.0; +http://www.bing.com/bingbot.htm) Chrome/103.0.5060.134 Safari/537.36"
52.167.144.85 - - [12/May/2023:17:04:10 +0200] "GET /socks/socks-for-adults/lot-pairs-socks-simpsons-lisa-3538-p-24635.html HTTP/1.0" 301 651 "-" "Mozilla/5.0 AppleWebKit/537.36 (KHTML, like Gecko; compatible; bingbot/2.0; +http://www.bing.com/bingbot.htm) Chrome/103.0.5060.134 Safari/537.36"
40.77.167.220 - - [12/May/2023:17:04:44 +0200] "GET /amazon-love-glasses-case-navy-blue-p-50269.html HTTP/1.0" 200 73430 "-" "Mozilla/5.0 AppleWebKit/537.36 (KHTML, like Gecko; compatible; bingbot/2.0; +http://www.bing.com/bingbot.htm) Chrome/103.0.5060.134 Safari/537.36"
66.249.70.76 - - [12/May/2023:17:04:45 +0200] "GET /banania-set-of-coasters-p-40040.html HTTP/1.0" 301 76007 "-" "Mozilla/5.0 (Linux; Android 6.0.1; Nexus 5X Build/MMB29P) AppleWebKit/537.36 (KHTML, like Gecko) Chrome/112.0.5615.142 Mobile Safari/537.36 (compatible; Googlebot/2.1; +http://www.google.com/bot.html)"
66.249.70.68 - - [12/May/2023:17:04:47 +0200] "GET /banania-coasters-p-40040.html HTTP/1.0" 200 75924 "-" "Mozilla/5.0 (Linux; Android 6.0.1; Nexus 5X Build/MMB29P) AppleWebKit/537.36 (KHTML, like Gecko) Chrome/112.0.5615.142 Mobile Safari/537.36 (compatible; Googlebot/2.1; +http://www.google.com/bot.html)"
66.249.70.68 - - [12/May/2023:17:04:55 +0200] "GET /flamingo-allen-pill-p-51383.html HTTP/1.0" 200 76669 "-" "Mozilla/5.0 (Linux; Android 6.0.1; Nexus 5X Build/MMB29P) AppleWebKit/537.36 (KHTML, like Gecko) Chrome/112.0.5615.142 Mobile Safari/537.36 (compatible; Googlebot/2.1; +http://www.google.com/bot.html)"
66.249.70.68 - - [12/May/2023:17:05:33 +0200] "GET /playboy-stucco-zippo-lighter-p-32562.html HTTP/1.0" 200 76477 "-" "Mozilla/5.0 (Linux; Android 6.0.1; Nexus 5X Build/MMB29P) AppleWebKit/537.36 (KHTML, like Gecko) Chrome/112.0.5615.142 Mobile Safari/537.36 (compatible; Googlebot/2.1; +http://www.google.com/bot.html)"
52.167.144.85 - - [12/May/2023:17:06:11 +0200] "GET /mojito-wooden-wall-decoration-hang-p-40251.html HTTP/1.0" 200 76090 "-" "Mozilla/5.0 AppleWebKit/537.36 (KHTML, like Gecko; compatible; bingbot/2.0; +http://www.bing.com/bingbot.htm) Chrome/103.0.5060.134 Safari/537.36"
66.249.70.68 - - [12/May/2023:17:06:16 +0200] "GET /images/big_prod/3453131132206B.jpg HTTP/1.0" 200 269 "-" "Googlebot-Image/1.0"
40.77.167.220 - - [12/May/2023:17:07:54 +0200] "GET /coca-cola-cosmetic-bag-p-31806.html HTTP/1.0" 301 73479 "-" "Mozilla/5.0 AppleWebKit/537.36 (KHTML, like Gecko; compatible; bingbot/2.0; +http://www.bing.com/bingbot.htm) Chrome/103.0.5060.134 Safari/537.36"
52.167.144.85 - - [12/May/2023:17:08:01 +0200] "GET /-p-19011.html HTTP/1.0" 200 73324 "-" "Mozilla/5.0 AppleWebKit/537.36 (KHTML, like Gecko; compatible; bingbot/2.0; +http://www.bing.com/bingbot.htm) Chrome/103.0.5060.134 Safari/537.36"
1.235.173.95 - - [12/May/2023:17:08:17 +0200] "GET /images/mini_prod/3520071720609.jpg HTTP/1.0" 200 269 "-" "Mozilla/5.0 (X11; Ubuntu; Linux x86_64; rv:72.0) Gecko/20100101 Firefox/72.0"
66.249.70.68 - - [12/May/2023:17:08:53 +0200] "GET /trivet-boards-c-12_158.html HTTP/1.0" 200 97114 "-" "Mozilla/5.0 (Linux; Android 6.0.1; Nexus 5X Build/MMB29P) AppleWebKit/537.36 (KHTML, like Gecko) Chrome/113.0.5672.92 Mobile Safari/537.36 (compatible; Googlebot/2.1; +http://www.google.com/bot.html)"
81.71.99.63 - - [12/May/2023:17:08:58 +0200] "GET /images/mini_prod/8412497371747.jpg HTTP/1.0" 200 269 "-" "Mozilla/5.0 (X11; Ubuntu; Linux x86_64; rv:72.0) Gecko/20100101 Firefox/72.0"
52.167.144.85 - - [12/May/2023:17:09:21 +0200] "GET /flatwares-c-12_63.html HTTP/1.0" 200 92763 "-" "Mozilla/5.0 AppleWebKit/537.36 (KHTML, like Gecko; compatible; bingbot/2.0; +http://www.bing.com/bingbot.htm) Chrome/103.0.5060.134 Safari/537.36"
149.6.140.106 - - [12/May/2023:17:09:23 +0200] "GET /images/mini_prod/8717127433506.jpg HTTP/1.0" 200 269 "-" "Mozilla/5.0 (X11; Ubuntu; Linux x86_64; rv:72.0) Gecko/20100101 Firefox/72.0"
40.77.167.220 - - [12/May/2023:17:09:32 +0200] "GET /images/big_prod/3660173200040.jpg HTTP/1.0" 200 268 "-" "Mozilla/5.0 AppleWebKit/537.36 (KHTML, like Gecko; compatible; bingbot/2.0; +http://www.bing.com/bingbot.htm) Chrome/103.0.5060.134 Safari/537.36"
40.77.167.220 - - [12/May/2023:17:09:33 +0200] "GET /mani-lucky-charm-size-amour-p-33281.html HTTP/1.0" 200 76240 "-" "Mozilla/5.0 AppleWebKit/537.36 (KHTML, like Gecko; compatible; bingbot/2.0; +http://www.bing.com/bingbot.htm) Chrome/103.0.5060.134 Safari/537.36"
51.68.224.127 - - [12/May/2023:17:10:00 +0200] "GET /adminweb/export_orders_xml.php?token=256de2z6edz6ed2z6DFSFsed2zed6zeDSFDSGdzedezfzf&maxorders=10&orderstart=1&status=14&start_date=2018-10-01 HTTP/1.0" 200 285 "-" "GesCom CharlotteBoutik Serveur"
51.68.224.127 - - [12/May/2023:17:10:00 +0200] "GET /adminweb/export_orders_xml.php?token=256de2z6edz6ed2z6DFSFsed2zed6zeDSFDSGdzedezfzf&maxorders=10&orderstart=1&status=6&start_date=2018-10-01 HTTP/1.0" 200 33887 "-" "GesCom CharlotteBoutik Serveur"
66.249.70.72 - - [12/May/2023:17:10:51 +0200] "GET /images/big_prod/1384220103253.jpg HTTP/1.0" 200 268 "-" "Googlebot-Image/1.0"
40.77.167.220 - - [12/May/2023:17:11:03 +0200] "GET /images/big_prod/1399984264270B.jpg HTTP/1.0" 200 269 "-" "Mozilla/5.0 AppleWebKit/537.36 (KHTML, like Gecko; compatible; bingbot/2.0; +http://www.bing.com/bingbot.htm) Chrome/103.0.5060.134 Safari/537.36"
40.77.167.220 - - [12/May/2023:17:11:14 +0200] "GET /nici-wallet-mirror-p-19274.html HTTP/1.0" 200 76508 "-" "Mozilla/5.0 AppleWebKit/537.36 (KHTML, like Gecko; compatible; bingbot/2.0; +http://www.bing.com/bingbot.htm) Chrome/103.0.5060.134 Safari/537.36"
147.92.153.17 - - [12/May/2023:17:11:15 +0200] "GET /fine-bone-china-lampions-p-60482.html HTTP/1.0" 200 76915 "-" "Mozilla/5.0 (compatible; Linespider/1.1; +https://lin.ee/4dwXkTH)"
185.176.78.178 - - [12/May/2023:17:11:52 +0200] "GET /images/mini_prod/8427799939413.jpg HTTP/1.0" 200 269 "-" "Mozilla/5.0 (X11; Ubuntu; Linux x86_64; rv:72.0) Gecko/20100101 Firefox/72.0"
95.163.255.138 - - [12/May/2023:17:11:56 +0200] "GET /robots.txt HTTP/1.0" 301 531 "-" "Mozilla/5.0 (compatible; Linux x86_64; Mail.RU_Bot/Img/2.0; +https://help.mail.ru/webmaster/indexing/robots)"
95.163.255.121 - - [12/May/2023:17:12:04 +0200] "GET /images/big_prod/robocarpoli18366.jpg HTTP/1.0" 301 583 "http://go.mail.ru/search_images" "Mozilla/5.0 (compatible; Linux x86_64; Mail.RU_Bot/Img/2.0; +https://help.mail.ru/webmaster/indexing/robots)"
44.234.150.95 - - [12/May/2023:17:12:13 +0200] "GET /images/mini_prod/1384010181898.jpg HTTP/1.0" 200 269 "-" "Mozilla/5.0 (X11; Ubuntu; Linux x86_64; rv:72.0) Gecko/20100101 Firefox/72.0"
40.77.167.220 - - [12/May/2023:17:12:12 +0200] "GET /collectible-disney-figures-c-292_290.html HTTP/1.0" 200 97527 "-" "Mozilla/5.0 AppleWebKit/537.36 (KHTML, like Gecko; compatible; bingbot/2.0; +http://www.bing.com/bingbot.htm) Chrome/103.0.5060.134 Safari/537.36"
95.163.255.131 - - [12/May/2023:17:12:15 +0200] "GET /robots.txt HTTP/1.0" 200 245 "-" "Mozilla/5.0 (compatible; Linux x86_64; Mail.RU_Bot/Img/2.0; +https://help.mail.ru/webmaster/indexing/robots)"
95.163.255.129 - - [12/May/2023:17:12:19 +0200] "GET /images/big_prod/robocarpoli18366.jpg HTTP/1.0" 200 271 "http://wonder-geek.com/images/big_prod/robocarpoli18366.jpg" "Mozilla/5.0 (compatible; Linux x86_64; Mail.RU_Bot/Img/2.0; +https://help.mail.ru/webmaster/indexing/robots)"
207.46.13.208 - - [12/May/2023:17:12:42 +0200] "GET /mondial_relay/js/jquery-1.3.2.min.js HTTP/1.0" 200 276 "-" "Mozilla/5.0 AppleWebKit/537.36 (KHTML, like Gecko; compatible; bingbot/2.0; +http://www.bing.com/bingbot.htm) Chrome/103.0.5060.134 Safari/537.36"
40.77.167.220 - - [12/May/2023:17:12:47 +0200] "GET /js/jquery.jqzoom.js HTTP/1.0" 200 259 "-" "Mozilla/5.0 AppleWebKit/537.36 (KHTML, like Gecko; compatible; bingbot/2.0; +http://www.bing.com/bingbot.htm) Chrome/103.0.5060.134 Safari/537.36"
52.167.144.85 - - [12/May/2023:17:14:52 +0200] "GET /london-mirror-p-29319.html HTTP/1.0" 200 75973 "-" "Mozilla/5.0 AppleWebKit/537.36 (KHTML, like Gecko; compatible; bingbot/2.0; +http://www.bing.com/bingbot.htm) Chrome/103.0.5060.134 Safari/537.36"
52.167.144.85 - - [12/May/2023:17:16:32 +0200] "GET /microfibre-bed-base-cover-160-200-cm-brown-p-43764.html HTTP/1.0" 301 73391 "-" "Mozilla/5.0 AppleWebKit/537.36 (KHTML, like Gecko; compatible; bingbot/2.0; +http://www.bing.com/bingbot.htm) Chrome/103.0.5060.134 Safari/537.36"
66.249.70.72 - - [12/May/2023:17:16:48 +0200] "GET /paris-moulin-rouge-metal-magnet-p-14646.html HTTP/1.0" 200 75972 "-" "Mozilla/5.0 (compatible; Googlebot/2.1; +http://www.google.com/bot.html)"
66.249.70.68 - - [12/May/2023:17:16:57 +0200] "GET /coasters-mandala-p-50119.html HTTP/1.0" 200 75882 "-" "Mozilla/5.0 (Linux; Android 6.0.1; Nexus 5X Build/MMB29P) AppleWebKit/537.36 (KHTML, like Gecko) Chrome/112.0.5615.142 Mobile Safari/537.36 (compatible; Googlebot/2.1; +http://www.google.com/bot.html)"
114.119.136.134 - - [12/May/2023:17:17:47 +0200] "GET /princess-sofia-chair-p-28198.html HTTP/1.0" 200 75944 "-" "Mozilla/5.0 (Linux; Android 7.0;) AppleWebKit/537.36 (KHTML, like Gecko) Mobile Safari/537.36 (compatible; PetalBot;+https://webmaster.petalsearch.com/site/petalbot)"
23.83.92.128 - - [12/May/2023:17:18:05 +0200] "GET /contact_us.php HTTP/1.0" 200 26241 "-" "Mozilla/5.0 (Windows NT 10.0; Win64; x64; rv:102.0) Gecko/20100101 Firefox/102.0"
23.83.92.128 - - [12/May/2023:17:18:07 +0200] "GET /images/pixel_trans.gif HTTP/1.0" 200 328 "http://www.wonder-geek.com/contact_us.php?action=send" "Mozilla/5.0 (Windows NT 10.0; Win64; x64; rv:102.0) Gecko/20100101 Firefox/102.0"
23.83.92.128 - - [12/May/2023:17:18:08 +0200] "GET /images/pixel_trans.gif HTTP/1.0" 200 328 "http://www.wonder-geek.com/contact_us.php?action=send" "Mozilla/5.0 (Windows NT 10.0; Win64; x64; rv:102.0) Gecko/20100101 Firefox/102.0"
114.119.132.135 - - [12/May/2023:17:18:21 +0200] "GET /belgium-flag-p-38272.html HTTP/1.0" 200 75924 "-" "Mozilla/5.0 (Linux; Android 7.0;) AppleWebKit/537.36 (KHTML, like Gecko) Mobile Safari/537.36 (compatible; PetalBot;+https://webmaster.petalsearch.com/site/petalbot)"
66.249.70.68 - - [12/May/2023:17:18:29 +0200] "GET /images/big_prod_2/3609810072978D.jpg HTTP/1.0" 200 271 "-" "Googlebot-Image/1.0"
129.82.147.216 - - [12/May/2023:17:18:34 +0200] "GET /images/mini_prod/4007176122563.jpg HTTP/1.0" 200 269 "-" "Mozilla/5.0 (X11; Ubuntu; Linux x86_64; rv:72.0) Gecko/20100101 Firefox/72.0"
66.249.70.68 - - [12/May/2023:17:18:53 +0200] "GET /stationery-c-129_191.html HTTP/1.0" 200 93305 "-" "Mozilla/5.0 (Linux; Android 6.0.1; Nexus 5X Build/MMB29P) AppleWebKit/537.36 (KHTML, like Gecko) Chrome/113.0.5672.92 Mobile Safari/537.36 (compatible; Googlebot/2.1; +http://www.google.com/bot.html)"
66.249.70.76 - - [12/May/2023:17:19:45 +0200] "GET /gorjuss-lockable-trinket-box-little-wings-p-51400.html HTTP/1.0" 301 73578 "-" "Mozilla/5.0 (compatible; Googlebot/2.1; +http://www.google.com/bot.html)"
66.249.70.68 - - [12/May/2023:17:19:47 +0200] "GET /gorjuss-lockable-trinket-little-wings-p-51400.html HTTP/1.0" 200 73474 "-" "Mozilla/5.0 (compatible; Googlebot/2.1; +http://www.google.com/bot.html)"
146.50.28.35 - - [12/May/2023:17:20:43 +0200] "GET /images/mini_prod/3453131150064.jpg HTTP/1.0" 200 269 "-" "Mozilla/5.0 (X11; Ubuntu; Linux x86_64; rv:72.0) Gecko/20100101 Firefox/72.0"
66.249.70.68 - - [12/May/2023:17:21:14 +0200] "GET /images/big_prod_1/8424001951314B.jpg HTTP/1.0" 200 271 "-" "Googlebot-Image/1.0"
129.204.105.50 - - [12/May/2023:17:23:08 +0200] "GET /images/mini_prod/4036113830773.jpg HTTP/1.0" 200 269 "-" "Mozilla/5.0 (X11; Ubuntu; Linux x86_64; rv:72.0) Gecko/20100101 Firefox/72.0"
66.249.70.76 - - [12/May/2023:17:23:45 +0200] "GET /bamboo-fiber-plant-cover-p-59084.html HTTP/1.0" 200 76601 "-" "Mozilla/5.0 (Linux; Android 6.0.1; Nexus 5X Build/MMB29P) AppleWebKit/537.36 (KHTML, like Gecko) Chrome/112.0.5615.142 Mobile Safari/537.36 (compatible; Googlebot/2.1; +http://www.google.com/bot.html)"
52.167.144.85 - - [12/May/2023:17:24:13 +0200] "GET / HTTP/1.0" 200 153738 "-" "Mozilla/5.0 AppleWebKit/537.36 (KHTML, like Gecko; compatible; bingbot/2.0; +http://www.bing.com/bingbot.htm) Chrome/103.0.5060.134 Safari/537.36"
40.77.167.220 - - [12/May/2023:17:24:25 +0200] "GET /tablecloths-c-11_176.html HTTP/1.0" 200 93570 "-" "Mozilla/5.0 AppleWebKit/537.36 (KHTML, like Gecko; compatible; bingbot/2.0; +http://www.bing.com/bingbot.htm) Chrome/103.0.5060.134 Safari/537.36"
40.77.167.220 - - [12/May/2023:17:25:15 +0200] "GET /clocks-c-13_67.html?page=10 HTTP/1.0" 200 96802 "-" "Mozilla/5.0 AppleWebKit/537.36 (KHTML, like Gecko; compatible; bingbot/2.0; +http://www.bing.com/bingbot.htm) Chrome/103.0.5060.134 Safari/537.36"
51.68.224.127 - - [12/May/2023:17:26:13 +0200] "GET /adminweb/export_orders_xml.php?token=256de2z6edz6ed2z6DFSFsed2zed6zeDSFDSGdzedezfzf&maxorders=10&orderstart=1&status=14&start_date=2018-10-01 HTTP/1.0" 200 285 "-" "GesCom CharlotteBoutik Serveur"
51.68.224.127 - - [12/May/2023:17:26:13 +0200] "GET /adminweb/export_orders_xml.php?token=256de2z6edz6ed2z6DFSFsed2zed6zeDSFDSGdzedezfzf&maxorders=10&orderstart=1&status=6&start_date=2018-10-01 HTTP/1.0" 200 33887 "-" "GesCom CharlotteBoutik Serveur"
207.46.13.208 - - [12/May/2023:17:26:25 +0200] "GET /computer-briefcase-c-31_82.html HTTP/1.0" 200 84881 "-" "Mozilla/5.0 AppleWebKit/537.36 (KHTML, like Gecko; compatible; bingbot/2.0; +http://www.bing.com/bingbot.htm) Chrome/103.0.5060.134 Safari/537.36"
193.112.35.218 - - [12/May/2023:17:27:08 +0200] "GET /images/mini_prod/045544427890.jpg HTTP/1.0" 200 268 "-" "Mozilla/5.0 (X11; Ubuntu; Linux x86_64; rv:72.0) Gecko/20100101 Firefox/72.0"
54.225.44.193 - - [12/May/2023:17:27:37 +0200] "GET /images/med_prod/8435306265839.jpg HTTP/1.0" 200 268 "-" "Mozilla/5.0 (X11; Ubuntu; Linux x86_64; rv:72.0) Gecko/20100101 Firefox/72.0"
66.249.70.76 - - [12/May/2023:17:27:59 +0200] "GET /cats-small-melamine-tray-p-45157.html HTTP/1.0" 200 76041 "-" "Mozilla/5.0 (compatible; Googlebot/2.1; +http://www.google.com/bot.html)"
66.249.70.72 - - [12/May/2023:17:28:04 +0200] "GET /pansy-over-fine-bone-china-bowl-p-55476.html HTTP/1.0" 200 76159 "-" "Mozilla/5.0 (compatible; Googlebot/2.1; +http://www.google.com/bot.html)"
40.77.202.101 - - [12/May/2023:17:28:39 +0200] "GET /js/jquery.min.js HTTP/1.0" 404 1308 "http://www.wonder-geek.com/collectible-disney-figures-c-292_290.html" "Mozilla/5.0 AppleWebKit/537.36 (KHTML, like Gecko; compatible; bingbot/2.0; +http://www.bing.com/bingbot.htm) Chrome/112.0.0.0 Safari/537.36"
40.77.202.101 - - [12/May/2023:17:28:40 +0200] "GET /js/jquery.min.js HTTP/1.0" 404 1308 "http://www.wonder-geek.com/collectible-disney-figures-c-292_290.html" "Mozilla/5.0 AppleWebKit/537.36 (KHTML, like Gecko; compatible; bingbot/2.0; +http://www.bing.com/bingbot.htm) Chrome/112.0.0.0 Safari/537.36"
66.249.70.68 - - [12/May/2023:17:28:53 +0200] "GET /pillow-bolster-c-11_199.html HTTP/1.0" 200 84095 "-" "Mozilla/5.0 (Linux; Android 6.0.1; Nexus 5X Build/MMB29P) AppleWebKit/537.36 (KHTML, like Gecko) Chrome/113.0.5672.92 Mobile Safari/537.36 (compatible; Googlebot/2.1; +http://www.google.com/bot.html)"
66.249.70.68 - - [12/May/2023:17:29:25 +0200] "GET /votive-candle-violet-moon-p-42622.html HTTP/1.0" 200 76586 "-" "Mozilla/5.0 (compatible; Googlebot/2.1; +http://www.google.com/bot.html)"
121.30.179.67 - - [12/May/2023:17:30:02 +0200] "GET /images/big_prod_3/SPRAYBAMBOO.jpg HTTP/1.0" 200 268 "-" "Mozilla/5.0 (X11; Ubuntu; Linux x86_64; rv:72.0) Gecko/20100101 Firefox/72.0"
223.240.99.104 - - [12/May/2023:17:30:42 +0200] "GET / HTTP/1.0" 301 511 "-" "Mozilla/5.0 (iPhone; CPU iPhone OS 13_2_3 like Mac OS X) AppleWebKit/605.1.15 (KHTML, like Gecko) Version/13.0.3 Mobile/15E148 Safari/604.1"
40.77.167.220 - - [12/May/2023:17:32:01 +0200] "GET /images/8410446461686.jpg HTTP/1.0" 200 259 "-" "Mozilla/5.0 (Windows NT 6.1; WOW64) AppleWebKit/534+ (KHTML, like Gecko) BingPreview/1.0b"
66.249.70.72 - - [12/May/2023:17:32:02 +0200] "GET /panda-picture-frame-p-58848.html HTTP/1.0" 200 76632 "-" "Mozilla/5.0 (Linux; Android 6.0.1; Nexus 5X Build/MMB29P) AppleWebKit/537.36 (KHTML, like Gecko) Chrome/112.0.5615.142 Mobile Safari/537.36 (compatible; Googlebot/2.1; +http://www.google.com/bot.html)"
121.30.179.47 - - [12/May/2023:17:34:26 +0200] "GET /images/mini_prod/b8427787034837.jpg HTTP/1.0" 200 270 "-" "Mozilla/5.0 (X11; Ubuntu; Linux x86_64; rv:72.0) Gecko/20100101 Firefox/72.0"
66.249.70.76 - - [12/May/2023:17:34:45 +0200] "GET /gorjuss-lockable-trinket-box-little-wings-p-51400.html HTTP/1.0" 301 73578 "-" "Mozilla/5.0 (Linux; Android 6.0.1; Nexus 5X Build/MMB29P) AppleWebKit/537.36 (KHTML, like Gecko) Chrome/112.0.5615.142 Mobile Safari/537.36 (compatible; Googlebot/2.1; +http://www.google.com/bot.html)"
66.249.70.76 - - [12/May/2023:17:34:47 +0200] "GET /gorjuss-lockable-trinket-little-wings-p-51400.html HTTP/1.0" 200 73474 "-" "Mozilla/5.0 (Linux; Android 6.0.1; Nexus 5X Build/MMB29P) AppleWebKit/537.36 (KHTML, like Gecko) Chrome/112.0.5615.142 Mobile Safari/537.36 (compatible; Googlebot/2.1; +http://www.google.com/bot.html)"
54.236.1.11 - - [12/May/2023:17:35:12 +0200] "GET /star-wars-bar-stool-p-17181.html HTTP/1.0" 301 73391 "-" "Mozilla/5.0 (compatible; Pinterestbot/1.0; +http://www.pinterest.com/bot.html)"
54.236.1.11 - - [12/May/2023:17:35:13 +0200] "GET /-p-17181.html HTTP/1.0" 200 73324 "-" "Mozilla/5.0 (compatible; Pinterestbot/1.0; +http://www.pinterest.com/bot.html)"
185.176.78.178 - - [12/May/2023:17:35:27 +0200] "GET /images/mini_prod/DSCN7557.jpg HTTP/1.0" 200 264 "-" "Mozilla/5.0 (X11; Ubuntu; Linux x86_64; rv:72.0) Gecko/20100101 Firefox/72.0"
129.82.147.216 - - [12/May/2023:17:36:51 +0200] "GET /images/mini_prod/78-4153.jpg HTTP/1.0" 200 263 "-" "Mozilla/5.0 (X11; Ubuntu; Linux x86_64; rv:72.0) Gecko/20100101 Firefox/72.0"
129.204.31.216 - - [12/May/2023:17:37:37 +0200] "GET /images/mini_prod/3453131123617.jpg HTTP/1.0" 200 269 "-" "Mozilla/5.0 (X11; Ubuntu; Linux x86_64; rv:72.0) Gecko/20100101 Firefox/72.0"
185.176.78.178 - - [12/May/2023:17:38:18 +0200] "GET /images/mini_prod/4025055184372.jpg HTTP/1.0" 200 269 "-" "Mozilla/5.0 (X11; Ubuntu; Linux x86_64; rv:72.0) Gecko/20100101 Firefox/72.0"
207.46.13.208 - - [12/May/2023:17:38:46 +0200] "GET /money-boxes-c-13_83.html HTTP/1.0" 200 95947 "-" "Mozilla/5.0 AppleWebKit/537.36 (KHTML, like Gecko; compatible; bingbot/2.0; +http://www.bing.com/bingbot.htm) Chrome/103.0.5060.134 Safari/537.36"
66.249.70.76 - - [12/May/2023:17:38:53 +0200] "GET /-c-95_299.html HTTP/1.0" 200 72192 "-" "Mozilla/5.0 (Linux; Android 6.0.1; Nexus 5X Build/MMB29P) AppleWebKit/537.36 (KHTML, like Gecko) Chrome/113.0.5672.92 Mobile Safari/537.36 (compatible; Googlebot/2.1; +http://www.google.com/bot.html)"
8.210.174.16 - - [12/May/2023:17:39:00 +0200] "GET /images/mini_prod/5055071657603.jpg HTTP/1.0" 200 269 "-" "aria2/1.35.0"
47.100.137.161 - - [12/May/2023:17:39:28 +0200] "GET /images/mini_prod/b8012052011455.jpg HTTP/1.0" 200 270 "-" "Mozilla/5.0 (X11; Ubuntu; Linux x86_64; rv:72.0) Gecko/20100101 Firefox/72.0"
52.167.144.85 - - [12/May/2023:17:39:44 +0200] "GET /images/big_prod_1/b5415203777874.jpg HTTP/1.0" 200 271 "-" "Mozilla/5.0 AppleWebKit/537.36 (KHTML, like Gecko; compatible; bingbot/2.0; +http://www.bing.com/bingbot.htm) Chrome/103.0.5060.134 Safari/537.36"
193.112.35.218 - - [12/May/2023:17:40:10 +0200] "GET /images/mini_prod/3760116328203.jpg HTTP/1.0" 200 269 "-" "Mozilla/5.0 (X11; Ubuntu; Linux x86_64; rv:72.0) Gecko/20100101 Firefox/72.0"
66.249.70.72 - - [12/May/2023:17:41:43 +0200] "GET /repositionable-wall-stickers-p-28115.html HTTP/1.0" 200 76249 "-" "Mozilla/5.0 (compatible; Googlebot/2.1; +http://www.google.com/bot.html)"
199.167.138.128 - - [12/May/2023:17:42:05 +0200] "GET /wp-login.php HTTP/1.0" 404 1308 "-" "Mozilla/5.0 (Windows NT 10.0; Win64; x64; rv:96.0) Gecko/20100101 Firefox/96"
51.68.224.127 - - [12/May/2023:17:42:22 +0200] "GET /adminweb/export_orders_xml.php?token=256de2z6edz6ed2z6DFSFsed2zed6zeDSFDSGdzedezfzf&maxorders=10&orderstart=1&status=14&start_date=2018-10-01 HTTP/1.0" 200 285 "-" "GesCom CharlotteBoutik Serveur"
51.68.224.127 - - [12/May/2023:17:42:22 +0200] "GET /adminweb/export_orders_xml.php?token=256de2z6edz6ed2z6DFSFsed2zed6zeDSFDSGdzedezfzf&maxorders=10&orderstart=1&status=6&start_date=2018-10-01 HTTP/1.0" 200 33887 "-" "GesCom CharlotteBoutik Serveur"
121.30.179.77 - - [12/May/2023:17:43:49 +0200] "GET /images/mini_prod/5018997632260.jpg HTTP/1.0" 200 269 "-" "Mozilla/5.0 (X11; Ubuntu; Linux x86_64; rv:72.0) Gecko/20100101 Firefox/72.0"
52.167.144.85 - - [12/May/2023:17:44:25 +0200] "GET /musical-c-13_150_149.html HTTP/1.0" 200 94246 "-" "Mozilla/5.0 AppleWebKit/537.36 (KHTML, like Gecko; compatible; bingbot/2.0; +http://www.bing.com/bingbot.htm) Chrome/103.0.5060.134 Safari/537.36"
121.30.179.67 - - [12/May/2023:17:46:01 +0200] "GET /images/mini_prod/5701359690298.jpg HTTP/1.0" 200 269 "-" "Mozilla/5.0 (X11; Ubuntu; Linux x86_64; rv:72.0) Gecko/20100101 Firefox/72.0"
199.116.114.11 - - [12/May/2023:17:46:54 +0200] "GET /contact_us.php HTTP/1.0" 200 26241 "http://www.wonder-geek.com/contact_us.php" "Mozilla/5.0 (Windows NT 6.1; Win64; x64) AppleWebKit/537.36 (KHTML, like Gecko) Chrome/90.0.4430.85 Safari/537.36"
66.249.70.68 - - [12/May/2023:17:47:32 +0200] "GET /images/big_prod_1/3665269205343A.jpg HTTP/1.0" 200 271 "-" "Googlebot-Image/1.0"
106.52.146.234 - - [12/May/2023:17:47:37 +0200] "GET /images/mini_prod/1399980107755.jpg HTTP/1.0" 200 269 "-" "Mozilla/5.0 (X11; Ubuntu; Linux x86_64; rv:72.0) Gecko/20100101 Firefox/72.0"
199.116.114.11 - - [12/May/2023:17:47:38 +0200] "GET / HTTP/1.0" 200 153631 "http://www.wonder-geek.com/" "Mozilla/5.0 (Windows NT 6.1; Win64; x64) AppleWebKit/537.36 (KHTML, like Gecko) Chrome/90.0.4430.85 Safari/537.36"
101.132.27.63 - - [12/May/2023:17:48:11 +0200] "GET /images/mini_prod/5050293803197.jpg HTTP/1.0" 200 269 "-" "Mozilla/5.0 (X11; Ubuntu; Linux x86_64; rv:72.0) Gecko/20100101 Firefox/72.0"
40.77.167.220 - - [12/May/2023:17:48:26 +0200] "GET /images/big_prod_1/3612875124704b.jpg HTTP/1.0" 200 271 "-" "Mozilla/5.0 AppleWebKit/537.36 (KHTML, like Gecko; compatible; bingbot/2.0; +http://www.bing.com/bingbot.htm) Chrome/103.0.5060.134 Safari/537.36"
66.249.70.72 - - [12/May/2023:17:48:53 +0200] "GET /shirts-sweatshirts-women-c-53_55.html HTTP/1.0" 200 97210 "-" "Mozilla/5.0 (Linux; Android 6.0.1; Nexus 5X Build/MMB29P) AppleWebKit/537.36 (KHTML, like Gecko) Chrome/113.0.5672.92 Mobile Safari/537.36 (compatible; Googlebot/2.1; +http://www.google.com/bot.html)"
66.249.70.68 - - [12/May/2023:17:49:45 +0200] "GET /betty-boop-mtal-ashtray-peace-p-36138.html HTTP/1.0" 200 76670 "-" "Mozilla/5.0 (Linux; Android 6.0.1; Nexus 5X Build/MMB29P) AppleWebKit/537.36 (KHTML, like Gecko) Chrome/112.0.5615.142 Mobile Safari/537.36 (compatible; Googlebot/2.1; +http://www.google.com/bot.html)"
8.218.69.86 - - [12/May/2023:17:50:52 +0200] "GET /images/mini_prod/3609810063679.jpg HTTP/1.0" 200 269 "-" "aria2/1.35.0"
66.249.70.76 - - [12/May/2023:17:51:02 +0200] "GET /double-walled-porcelain-with-infuser-poppy-p-58327.html HTTP/1.0" 200 77042 "-" "Mozilla/5.0 (Linux; Android 6.0.1; Nexus 5X Build/MMB29P) AppleWebKit/537.36 (KHTML, like Gecko) Chrome/112.0.5615.142 Mobile Safari/537.36 (compatible; Googlebot/2.1; +http://www.google.com/bot.html)"
207.46.13.208 - - [12/May/2023:17:51:09 +0200] "GET /plates-cups-c-58.html HTTP/1.0" 301 81247 "-" "Mozilla/5.0 AppleWebKit/537.36 (KHTML, like Gecko; compatible; bingbot/2.0; +http://www.bing.com/bingbot.htm) Chrome/103.0.5060.134 Safari/537.36"
147.92.153.7 - - [12/May/2023:17:51:14 +0200] "GET /fine-bone-china-fresh-herbs-p-60476.html HTTP/1.0" 200 77162 "-" "Mozilla/5.0 (compatible; Linespider/1.1; +https://lin.ee/4dwXkTH)"
147.92.153.3 - - [12/May/2023:17:51:17 +0200] "GET /swfobject.js HTTP/1.0" 404 1308 "http://www.wonder-geek.com/fine-bone-china-fresh-herbs-p-60476.html" "Mozilla/5.0 (Windows NT 10.0; Win64; x64) AppleWebKit/537.36 (KHTML, like Gecko; compatible; Linespider/1.1; +https://lin.ee/4dwXkTH) Chrome/112.0.0.0 Safari/537.36"
66.249.70.68 - - [12/May/2023:17:51:35 +0200] "GET /images/big_prod_1/8433933141304B.jpg HTTP/1.0" 200 271 "-" "Googlebot-Image/1.0"
185.176.78.178 - - [12/May/2023:17:55:23 +0200] "GET /images/mini_prod/4007176122563.jpg HTTP/1.0" 200 269 "-" "Mozilla/5.0 (X11; Ubuntu; Linux x86_64; rv:72.0) Gecko/20100101 Firefox/72.0"
106.53.102.224 - - [12/May/2023:17:56:00 +0200] "GET /images/mini_prod/3609810065185.jpg HTTP/1.0" 200 269 "-" "Mozilla/5.0 (X11; Ubuntu; Linux x86_64; rv:72.0) Gecko/20100101 Firefox/72.0"
106.52.249.139 - - [12/May/2023:17:56:11 +0200] "GET /images/mini_prod/8433978414333.jpg HTTP/1.0" 200 269 "-" "Mozilla/5.0 (X11; Ubuntu; Linux x86_64; rv:72.0) Gecko/20100101 Firefox/72.0"
47.100.137.161 - - [12/May/2023:17:56:51 +0200] "GET /images/mini_prod/8430957052104.jpg HTTP/1.0" 200 269 "-" "Mozilla/5.0 (X11; Ubuntu; Linux x86_64; rv:72.0) Gecko/20100101 Firefox/72.0"
44.234.150.95 - - [12/May/2023:17:57:10 +0200] "GET /images/mini_prod/8422019609036.jpg HTTP/1.0" 200 269 "-" "Mozilla/5.0 (X11; Ubuntu; Linux x86_64; rv:72.0) Gecko/20100101 Firefox/72.0"
185.176.78.178 - - [12/May/2023:17:57:50 +0200] "GET /images/mini_prod/78-4153.jpg HTTP/1.0" 200 263 "-" "Mozilla/5.0 (X11; Ubuntu; Linux x86_64; rv:72.0) Gecko/20100101 Firefox/72.0"
49.37.113.4 - - [12/May/2023:17:57:56 +0200] "GET / HTTP/1.0" 301 511 "-" "Mozilla/5.0 (compatible; Googlebot/2.1; +http://www.google.com/bot.html)"
49.37.113.4 - - [12/May/2023:17:57:58 +0200] "GET / HTTP/1.0" 200 153303 "-" "Mozilla/5.0 (compatible; Googlebot/2.1; +http://www.google.com/bot.html)"
40.77.167.220 - - [12/May/2023:17:58:27 +0200] "GET /mousepad-cbkreation-p-42927.html HTTP/1.0" 200 76004 "-" "Mozilla/5.0 AppleWebKit/537.36 (KHTML, like Gecko; compatible; bingbot/2.0; +http://www.bing.com/bingbot.htm) Chrome/103.0.5060.134 Safari/537.36"
49.37.113.4 - - [12/May/2023:17:58:34 +0200] "GET /contact_us.php HTTP/1.0" 200 26241 "-" "Mozilla/5.0 (compatible; Googlebot/2.1; +http://www.google.com/bot.html)"
51.68.224.127 - - [12/May/2023:17:58:36 +0200] "GET /adminweb/export_orders_xml.php?token=256de2z6edz6ed2z6DFSFsed2zed6zeDSFDSGdzedezfzf&maxorders=10&orderstart=1&status=14&start_date=2018-10-01 HTTP/1.0" 200 285 "-" "GesCom CharlotteBoutik Serveur"
51.68.224.127 - - [12/May/2023:17:58:36 +0200] "GET /adminweb/export_orders_xml.php?token=256de2z6edz6ed2z6DFSFsed2zed6zeDSFDSGdzedezfzf&maxorders=10&orderstart=1&status=6&start_date=2018-10-01 HTTP/1.0" 200 33887 "-" "GesCom CharlotteBoutik Serveur"
81.71.94.236 - - [12/May/2023:17:58:39 +0200] "GET /images/mini_prod/34DSCN8150.jpg HTTP/1.0" 200 266 "-" "Mozilla/5.0 (X11; Ubuntu; Linux x86_64; rv:72.0) Gecko/20100101 Firefox/72.0"
47.12.107.196 - - [12/May/2023:17:58:42 +0200] "GET /images/mini_prod/3457019600474a.jpg HTTP/1.0" 200 270 "-" "Mozilla/5.0 (X11; Ubuntu; Linux x86_64; rv:72.0) Gecko/20100101 Firefox/72.0"
50.46.238.169 - - [12/May/2023:17:58:42 +0200] "GET /images/mini_prod/1399103640152.jpg HTTP/1.0" 200 269 "-" "Mozilla/5.0 (X11; Ubuntu; Linux x86_64; rv:72.0) Gecko/20100101 Firefox/72.0"
66.249.70.68 - - [12/May/2023:18:01:56 +0200] "GET /images/big_prod_1/3665269063257a.jpg HTTP/1.0" 200 271 "-" "Googlebot-Image/1.0"
66.249.70.68 - - [12/May/2023:18:01:57 +0200] "GET /tour-france-metal-bicycle-horn-p-55435.html HTTP/1.0" 200 76064 "-" "Mozilla/5.0 (Linux; Android 6.0.1; Nexus 5X Build/MMB29P) AppleWebKit/537.36 (KHTML, like Gecko) Chrome/112.0.5615.142 Mobile Safari/537.36 (compatible; Googlebot/2.1; +http://www.google.com/bot.html)"
66.249.70.76 - - [12/May/2023:18:02:28 +0200] "GET /jerrican-wall-decor-p-51438.html HTTP/1.0" 200 76024 "-" "Mozilla/5.0 (Linux; Android 6.0.1; Nexus 5X Build/MMB29P) AppleWebKit/537.36 (KHTML, like Gecko) Chrome/112.0.5615.142 Mobile Safari/537.36 (compatible; Googlebot/2.1; +http://www.google.com/bot.html)"
66.249.70.72 - - [12/May/2023:18:02:39 +0200] "GET /hello-kitty-felt-figurines-p-7481.html HTTP/1.0" 200 76106 "-" "Mozilla/5.0 (compatible; Googlebot/2.1; +http://www.google.com/bot.html)"
66.249.70.68 - - [12/May/2023:18:04:45 +0200] "GET /betty-boop-mtal-ashtray-peace-p-36138.html HTTP/1.0" 200 76670 "-" "Mozilla/5.0 (compatible; Googlebot/2.1; +http://www.google.com/bot.html)"
52.167.144.85 - - [12/May/2023:18:05:07 +0200] "GET /images/big_prod_1/3609810076266b.jpg HTTP/1.0" 200 271 "-" "Mozilla/5.0 AppleWebKit/537.36 (KHTML, like Gecko; compatible; bingbot/2.0; +http://www.bing.com/bingbot.htm) Chrome/103.0.5060.134 Safari/537.36"
38.121.43.104 - - [12/May/2023:18:05:34 +0200] "GET / HTTP/1.0" 301 511 "-" "Mozilla/5.0 (Windows NT 6.1; rv:57.0) Gecko/20100101 Firefox/57.0"
38.121.43.104 - - [12/May/2023:18:05:35 +0200] "GET / HTTP/1.0" 500 133214 "http://wonder-geek.com" "Mozilla/5.0 (Windows NT 6.1; rv:57.0) Gecko/20100101 Firefox/57.0"
81.71.99.67 - - [12/May/2023:18:06:19 +0200] "GET /images/mini_prod/9316188070225.jpg HTTP/1.0" 200 269 "-" "Mozilla/5.0 (X11; Ubuntu; Linux x86_64; rv:72.0) Gecko/20100101 Firefox/72.0"
50.7.252.58 - - [12/May/2023:18:08:58 +0200] "GET /images/mini_prod/Image91.jpg HTTP/1.0" 200 263 "-" "Mozilla/5.0 (X11; Ubuntu; Linux x86_64; rv:72.0) Gecko/20100101 Firefox/72.0"
52.167.144.85 - - [12/May/2023:18:09:06 +0200] "GET /curiosity-bedclothes-p-60355.html HTTP/1.0" 200 76664 "-" "Mozilla/5.0 AppleWebKit/537.36 (KHTML, like Gecko; compatible; bingbot/2.0; +http://www.bing.com/bingbot.htm) Chrome/103.0.5060.134 Safari/537.36"
1.235.173.84 - - [12/May/2023:18:09:16 +0200] "GET /images/mini_prod/3700653592125.jpg HTTP/1.0" 200 269 "-" "Mozilla/5.0 (X11; Ubuntu; Linux x86_64; rv:72.0) Gecko/20100101 Firefox/72.0"
8.218.69.86 - - [12/May/2023:18:09:24 +0200] "GET /images/mini_prod/5414629126754.jpg HTTP/1.0" 200 269 "-" "aria2/1.35.0"
207.46.13.208 - - [12/May/2023:18:10:18 +0200] "GET /images/big_prod/1399984249758.jpg HTTP/1.0" 200 268 "-" "Mozilla/5.0 AppleWebKit/537.36 (KHTML, like Gecko; compatible; bingbot/2.0; +http://www.bing.com/bingbot.htm) Chrome/103.0.5060.134 Safari/537.36"
121.30.179.63 - - [12/May/2023:18:11:02 +0200] "GET /images/big_prod_2/8435153868368F.jpg HTTP/1.0" 200 271 "-" "Mozilla/5.0 (X11; Ubuntu; Linux x86_64; rv:72.0) Gecko/20100101 Firefox/72.0"
66.249.70.76 - - [12/May/2023:18:12:26 +0200] "GET /images/big_prod/8424346518388.jpg HTTP/1.0" 200 268 "-" "Googlebot-Image/1.0"
66.249.70.72 - - [12/May/2023:18:12:27 +0200] "GET /images/big_prod_1/8424346518388B.jpg HTTP/1.0" 200 271 "-" "Googlebot-Image/1.0"
185.176.78.178 - - [12/May/2023:18:12:28 +0200] "GET /images/mini_prod/3660173148601.jpg HTTP/1.0" 200 269 "-" "Mozilla/5.0 (X11; Ubuntu; Linux x86_64; rv:72.0) Gecko/20100101 Firefox/72.0"
66.249.70.68 - - [12/May/2023:18:14:06 +0200] "GET /buddha-small-notebook-model-p-38473.html HTTP/1.0" 200 76117 "-" "Mozilla/5.0 (Linux; Android 6.0.1; Nexus 5X Build/MMB29P) AppleWebKit/537.36 (KHTML, like Gecko) Chrome/112.0.5615.142 Mobile Safari/537.36 (compatible; Googlebot/2.1; +http://www.google.com/bot.html)"
51.68.224.127 - - [12/May/2023:18:14:48 +0200] "GET /adminweb/export_orders_xml.php?token=256de2z6edz6ed2z6DFSFsed2zed6zeDSFDSGdzedezfzf&maxorders=10&orderstart=1&status=14&start_date=2018-10-01 HTTP/1.0" 200 285 "-" "GesCom CharlotteBoutik Serveur"
51.68.224.127 - - [12/May/2023:18:14:48 +0200] "GET /adminweb/export_orders_xml.php?token=256de2z6edz6ed2z6DFSFsed2zed6zeDSFDSGdzedezfzf&maxorders=10&orderstart=1&status=6&start_date=2018-10-01 HTTP/1.0" 200 33887 "-" "GesCom CharlotteBoutik Serveur"
129.82.147.216 - - [12/May/2023:18:15:35 +0200] "GET /images/mini_prod/3660173148601.jpg HTTP/1.0" 200 269 "-" "Mozilla/5.0 (X11; Ubuntu; Linux x86_64; rv:72.0) Gecko/20100101 Firefox/72.0"
35.172.27.113 - - [12/May/2023:18:18:08 +0200] "GET /images/big_prod_1/8718375755594a.jpg HTTP/1.0" 200 271 "-" ""
52.167.144.85 - - [12/May/2023:18:18:28 +0200] "GET /soft-toys-security-blanket-c-4_46.html HTTP/1.0" 200 94506 "-" "Mozilla/5.0 AppleWebKit/537.36 (KHTML, like Gecko; compatible; bingbot/2.0; +http://www.bing.com/bingbot.htm) Chrome/103.0.5060.134 Safari/537.36"
211.249.40.15 - - [12/May/2023:18:19:25 +0200] "GET /images/big_prod_1/028399270163c.jpg HTTP/1.0" 200 270 "-" "Mozilla/5.0 (X11; Ubuntu; Linux x86_64; rv:72.0) Gecko/20100101 Firefox/72.0"
66.249.70.68 - - [12/May/2023:18:19:45 +0200] "GET /mani-the-lucky-cat-charm-size-zen-p-33283.html HTTP/1.0" 301 76305 "-" "Mozilla/5.0 (Linux; Android 6.0.1; Nexus 5X Build/MMB29P) AppleWebKit/537.36 (KHTML, like Gecko) Chrome/112.0.5615.142 Mobile Safari/537.36 (compatible; Googlebot/2.1; +http://www.google.com/bot.html)"
66.249.70.68 - - [12/May/2023:18:19:47 +0200] "GET /mani-lucky-charm-size-p-33283.html HTTP/1.0" 200 76217 "-" "Mozilla/5.0 (Linux; Android 6.0.1; Nexus 5X Build/MMB29P) AppleWebKit/537.36 (KHTML, like Gecko) Chrome/112.0.5615.142 Mobile Safari/537.36 (compatible; Googlebot/2.1; +http://www.google.com/bot.html)"
49.37.113.4 - - [12/May/2023:18:19:48 +0200] "GET /create_account.php HTTP/1.0" 200 33633 "-" "Mozilla/5.0 (compatible; Googlebot/2.1; +http://www.google.com/bot.html)"
49.37.113.4 - - [12/May/2023:18:19:47 +0200] "GET / HTTP/1.0" 200 153425 "-" "Mozilla/5.0 (compatible; Googlebot/2.1; +http://www.google.com/bot.html)"
66.249.70.68 - - [12/May/2023:18:20:46 +0200] "GET /images/big_prod/3560600297721.jpg HTTP/1.0" 200 268 "-" "Googlebot-Image/1.0"
66.249.70.76 - - [12/May/2023:18:21:08 +0200] "GET /egyptian-anubis-statue-resin-p-46611.html HTTP/1.0" 200 76102 "-" "Mozilla/5.0 (Linux; Android 6.0.1; Nexus 5X Build/MMB29P) AppleWebKit/537.36 (KHTML, like Gecko) Chrome/112.0.5615.142 Mobile Safari/537.36 (compatible; Googlebot/2.1; +http://www.google.com/bot.html)"
207.46.13.208 - - [12/May/2023:18:22:49 +0200] "GET /images/big_prod/5018997517512.jpg HTTP/1.0" 200 268 "-" "Mozilla/5.0 AppleWebKit/537.36 (KHTML, like Gecko; compatible; bingbot/2.0; +http://www.bing.com/bingbot.htm) Chrome/103.0.5060.134 Safari/537.36"
146.50.28.35 - - [12/May/2023:18:23:57 +0200] "GET /images/mini_prod/3457019604168.jpg HTTP/1.0" 200 269 "-" "Mozilla/5.0 (X11; Ubuntu; Linux x86_64; rv:72.0) Gecko/20100101 Firefox/72.0"
66.249.70.72 - - [12/May/2023:18:25:15 +0200] "GET /pouf-mappemonde-trunks-p-56780.html HTTP/1.0" 200 76953 "-" "Mozilla/5.0 (Linux; Android 6.0.1; Nexus 5X Build/MMB29P) AppleWebKit/537.36 (KHTML, like Gecko) Chrome/112.0.5615.142 Mobile Safari/537.36 (compatible; Googlebot/2.1; +http://www.google.com/bot.html)"
