121.30.179.147 - - [12/May/2023:21:53:53 +0200] "GET /images/big_prod_1/8435153868368D.jpg HTTP/1.0" 200 271 "-" "Mozilla/5.0 (X11; Ubuntu; Linux x86_64; rv:72.0) Gecko/20100101 Firefox/72.0"
52.167.144.85 - - [12/May/2023:21:54:18 +0200] "GET /luna-blue-bowl-p-37513.html HTTP/1.0" 200 73378 "-" "Mozilla/5.0 AppleWebKit/537.36 (KHTML, like Gecko; compatible; bingbot/2.0; +http://www.bing.com/bingbot.htm) Chrome/103.0.5060.134 Safari/537.36"
121.30.179.133 - - [12/May/2023:21:54:53 +0200] "GET /images/big_prod_1/8718375755594a.jpg HTTP/1.0" 200 271 "-" "Mozilla/5.0 (X11; Ubuntu; Linux x86_64; rv:72.0) Gecko/20100101 Firefox/72.0"
1.235.173.95 - - [12/May/2023:21:54:59 +0200] "GET /images/mini_prod/5060021928757.jpg HTTP/1.0" 200 269 "-" "Mozilla/5.0 (X11; Ubuntu; Linux x86_64; rv:72.0) Gecko/20100101 Firefox/72.0"
66.249.70.68 - - [12/May/2023:21:56:48 +0200] "GET /candy-cloud-coin-purse-bubblegum-p-49849.html HTTP/1.0" 200 76047 "-" "Mozilla/5.0 (compatible; Googlebot/2.1; +http://www.google.com/bot.html)"
69.171.251.22 - - [12/May/2023:21:57:10 +0200] "GET /images/mini_prod/1384010182895.jpg HTTP/1.0" 200 269 "-" "Mozilla/5.0 (X11; Ubuntu; Linux x86_64; rv:72.0) Gecko/20100101 Firefox/72.0"
81.71.99.63 - - [12/May/2023:21:58:56 +0200] "GET /images/mini_prod/4036113830230.jpg HTTP/1.0" 200 269 "-" "Mozilla/5.0 (X11; Ubuntu; Linux x86_64; rv:72.0) Gecko/20100101 Firefox/72.0"
66.249.70.68 - - [12/May/2023:21:59:27 +0200] "GET /corsica-shooter-p-48510.html HTTP/1.0" 200 75880 "-" "Mozilla/5.0 (compatible; Googlebot/2.1; +http://www.google.com/bot.html)"
40.77.167.220 - - [12/May/2023:22:00:00 +0200] "GET /smokers-items-c-3_112.html?page=6 HTTP/1.0" 200 93984 "-" "Mozilla/5.0 AppleWebKit/537.36 (KHTML, like Gecko; compatible; bingbot/2.0; +http://www.bing.com/bingbot.htm) Chrome/103.0.5060.134 Safari/537.36"
52.167.144.85 - - [12/May/2023:22:00:19 +0200] "GET /games-toys-c-4.html HTTP/1.0" 200 95231 "-" "Mozilla/5.0 AppleWebKit/537.36 (KHTML, like Gecko; compatible; bingbot/2.0; +http://www.bing.com/bingbot.htm) Chrome/103.0.5060.134 Safari/537.36"
66.249.70.76 - - [12/May/2023:22:00:28 +0200] "GET /ads.txt HTTP/1.0" 404 1308 "-" "Mozilla/5.0 (compatible; Googlebot/2.1; +http://www.google.com/bot.html)"
146.50.28.35 - - [12/May/2023:22:00:30 +0200] "GET /images/mini_prod/3700653593221.jpg HTTP/1.0" 200 269 "-" "Mozilla/5.0 (X11; Ubuntu; Linux x86_64; rv:72.0) Gecko/20100101 Firefox/72.0"
44.212.18.11 - - [12/May/2023:22:01:50 +0200] "GET /images/mini_prod/3661443611184.jpg HTTP/1.0" 200 269 "-" "Mozilla/5.0 (X11; Ubuntu; Linux x86_64; rv:72.0) Gecko/20100101 Firefox/72.0"
207.46.13.208 - - [12/May/2023:22:03:01 +0200] "GET /jeans-pink-backpack-p-35995.html HTTP/1.0" 200 76880 "-" "Mozilla/5.0 AppleWebKit/537.36 (KHTML, like Gecko; compatible; bingbot/2.0; +http://www.bing.com/bingbot.htm) Chrome/103.0.5060.134 Safari/537.36"
51.68.224.127 - - [12/May/2023:22:03:14 +0200] "GET /adminweb/export_orders_xml.php?token=256de2z6edz6ed2z6DFSFsed2zed6zeDSFDSGdzedezfzf&maxorders=10&orderstart=1&status=14&start_date=2018-10-01 HTTP/1.0" 200 285 "-" "GesCom CharlotteBoutik Serveur"
51.68.224.127 - - [12/May/2023:22:03:14 +0200] "GET /adminweb/export_orders_xml.php?token=256de2z6edz6ed2z6DFSFsed2zed6zeDSFDSGdzedezfzf&maxorders=10&orderstart=1&status=6&start_date=2018-10-01 HTTP/1.0" 200 33887 "-" "GesCom CharlotteBoutik Serveur"
129.204.116.160 - - [12/May/2023:22:03:28 +0200] "GET /images/mini_prod/1384010184417.jpg HTTP/1.0" 200 269 "-" "Mozilla/5.0 (X11; Ubuntu; Linux x86_64; rv:72.0) Gecko/20100101 Firefox/72.0"
129.204.118.204 - - [12/May/2023:22:04:31 +0200] "GET /images/mini_prod/3453131139199.jpg HTTP/1.0" 200 269 "-" "Mozilla/5.0 (X11; Ubuntu; Linux x86_64; rv:72.0) Gecko/20100101 Firefox/72.0"
66.249.70.76 - - [12/May/2023:22:05:30 +0200] "GET /verity-rose-metal-keyrings-p-29178.html HTTP/1.0" 200 76667 "-" "Mozilla/5.0 (Linux; Android 6.0.1; Nexus 5X Build/MMB29P) AppleWebKit/537.36 (KHTML, like Gecko) Chrome/112.0.5615.142 Mobile Safari/537.36 (compatible; Googlebot/2.1; +http://www.google.com/bot.html)"
66.249.70.76 - - [12/May/2023:22:05:31 +0200] "GET /the-little-prince-musical-box-p-36930.html HTTP/1.0" 301 77274 "-" "Mozilla/5.0 (Linux; Android 6.0.1; Nexus 5X Build/MMB29P) AppleWebKit/537.36 (KHTML, like Gecko) Chrome/112.0.5615.142 Mobile Safari/537.36 (compatible; Googlebot/2.1; +http://www.google.com/bot.html)"
66.249.70.72 - - [12/May/2023:22:05:33 +0200] "GET /little-prince-musical-p-36930.html HTTP/1.0" 200 77186 "-" "Mozilla/5.0 (Linux; Android 6.0.1; Nexus 5X Build/MMB29P) AppleWebKit/537.36 (KHTML, like Gecko) Chrome/112.0.5615.142 Mobile Safari/537.36 (compatible; Googlebot/2.1; +http://www.google.com/bot.html)"
66.249.70.72 - - [12/May/2023:22:05:35 +0200] "GET /keiko-table-lamp-gray-metal-p-54592.html HTTP/1.0" 200 76890 "-" "Mozilla/5.0 (Linux; Android 6.0.1; Nexus 5X Build/MMB29P) AppleWebKit/537.36 (KHTML, like Gecko) Chrome/112.0.5615.142 Mobile Safari/537.36 (compatible; Googlebot/2.1; +http://www.google.com/bot.html)"
66.249.70.68 - - [12/May/2023:22:05:36 +0200] "GET /belize-clock-by-cbkreation-p-36824.html HTTP/1.0" 301 76059 "-" "Mozilla/5.0 (Linux; Android 6.0.1; Nexus 5X Build/MMB29P) AppleWebKit/537.36 (KHTML, like Gecko) Chrome/112.0.5615.142 Mobile Safari/537.36 (compatible; Googlebot/2.1; +http://www.google.com/bot.html)"
66.249.70.72 - - [12/May/2023:22:05:38 +0200] "GET /toilet-paper-holder-bamboo-p-52160.html HTTP/1.0" 200 73430 "-" "Mozilla/5.0 (Linux; Android 6.0.1; Nexus 5X Build/MMB29P) AppleWebKit/537.36 (KHTML, like Gecko) Chrome/112.0.5615.142 Mobile Safari/537.36 (compatible; Googlebot/2.1; +http://www.google.com/bot.html)"
66.249.70.68 - - [12/May/2023:22:05:39 +0200] "GET /little-prince-musical-p-36930.html HTTP/1.0" 200 77186 "-" "Mozilla/5.0 (Linux; Android 6.0.1; Nexus 5X Build/MMB29P) AppleWebKit/537.36 (KHTML, like Gecko) Chrome/112.0.5615.142 Mobile Safari/537.36 (compatible; Googlebot/2.1; +http://www.google.com/bot.html)"
66.249.70.68 - - [12/May/2023:22:05:41 +0200] "GET /belize-clock-cbkreation-p-36824.html HTTP/1.0" 200 75969 "-" "Mozilla/5.0 (Linux; Android 6.0.1; Nexus 5X Build/MMB29P) AppleWebKit/537.36 (KHTML, like Gecko) Chrome/112.0.5615.142 Mobile Safari/537.36 (compatible; Googlebot/2.1; +http://www.google.com/bot.html)"
44.212.18.11 - - [12/May/2023:22:06:09 +0200] "GET /images/mini_prod/8435333835920.jpg HTTP/1.0" 200 269 "-" "Mozilla/5.0 (X11; Ubuntu; Linux x86_64; rv:72.0) Gecko/20100101 Firefox/72.0"
66.249.70.72 - - [12/May/2023:22:06:27 +0200] "GET /collectible-dragon-ball-statue-trunks-p-33466.html HTTP/1.0" 200 76279 "-" "Mozilla/5.0 (Linux; Android 6.0.1; Nexus 5X Build/MMB29P) AppleWebKit/537.36 (KHTML, like Gecko) Chrome/112.0.5615.142 Mobile Safari/537.36 (compatible; Googlebot/2.1; +http://www.google.com/bot.html)"
66.249.70.72 - - [12/May/2023:22:07:13 +0200] "GET /images/big_prod/8422010439274.jpg HTTP/1.0" 200 268 "-" "Googlebot-Image/1.0"
66.249.70.68 - - [12/May/2023:22:08:41 +0200] "GET /bistrot-motif-side-table-p-56622.html HTTP/1.0" 200 76747 "-" "Mozilla/5.0 (Linux; Android 6.0.1; Nexus 5X Build/MMB29P) AppleWebKit/537.36 (KHTML, like Gecko) Chrome/112.0.5615.142 Mobile Safari/537.36 (compatible; Googlebot/2.1; +http://www.google.com/bot.html)"
101.132.27.63 - - [12/May/2023:22:09:03 +0200] "GET /images/mini_prod/3700276874486.jpg HTTP/1.0" 200 269 "-" "Mozilla/5.0 (X11; Ubuntu; Linux x86_64; rv:72.0) Gecko/20100101 Firefox/72.0"
180.76.14.2 - - [12/May/2023:22:09:59 +0200] "GET /images/mini_prod/1348422000543.jpg HTTP/1.0" 200 269 "-" "python-requests/2.22.0"
149.6.140.106 - - [12/May/2023:22:10:02 +0200] "GET /images/mini_prod/7601019995375.jpg HTTP/1.0" 200 269 "-" "Mozilla/5.0 (X11; Ubuntu; Linux x86_64; rv:72.0) Gecko/20100101 Firefox/72.0"
149.6.140.106 - - [12/May/2023:22:10:17 +0200] "GET /images/mini_prod/8003990589939.jpg HTTP/1.0" 200 269 "-" "Mozilla/5.0 (X11; Ubuntu; Linux x86_64; rv:72.0) Gecko/20100101 Firefox/72.0"
66.249.70.68 - - [12/May/2023:22:10:30 +0200] "GET /fragrance-sachet-pink-grapefruit-cassis-p-40564.html HTTP/1.0" 200 76769 "-" "Mozilla/5.0 (Linux; Android 6.0.1; Nexus 5X Build/MMB29P) AppleWebKit/537.36 (KHTML, like Gecko) Chrome/112.0.5615.142 Mobile Safari/537.36 (compatible; Googlebot/2.1; +http://www.google.com/bot.html)"
81.71.101.51 - - [12/May/2023:22:10:35 +0200] "GET /images/mini_prod/3665269030983.jpg HTTP/1.0" 200 269 "-" "Mozilla/5.0 (X11; Ubuntu; Linux x86_64; rv:72.0) Gecko/20100101 Firefox/72.0"
147.92.153.19 - - [12/May/2023:22:11:45 +0200] "GET /mini-rectangular-tray-orchid-p-60398.html HTTP/1.0" 200 76871 "-" "Mozilla/5.0 (compatible; Linespider/1.1; +https://lin.ee/4dwXkTH)"
121.30.179.93 - - [12/May/2023:22:13:13 +0200] "GET /images/big_prod_2/bambou1.jpg HTTP/1.0" 200 264 "-" "Mozilla/5.0 (X11; Ubuntu; Linux x86_64; rv:72.0) Gecko/20100101 Firefox/72.0"
207.46.13.208 - - [12/May/2023:22:15:15 +0200] "GET /flower-cover-white-metal-shape-p-58276.html HTTP/1.0" 200 77083 "-" "Mozilla/5.0 AppleWebKit/537.36 (KHTML, like Gecko; compatible; bingbot/2.0; +http://www.bing.com/bingbot.htm) Chrome/103.0.5060.134 Safari/537.36"
119.249.100.143 - - [12/May/2023:22:15:23 +0200] "GET /images/mini_prod/3296580363605.jpg HTTP/1.0" 200 269 "-" "Go-http-client/1.1"
177.234.249.213 - - [12/May/2023:22:16:21 +0200] "GET /contact_us.php HTTP/1.0" 200 26241 "http://www.wonder-geek.com/contact_us.php" "Mozilla/5.0 (Windows NT 6.1; Win64; x64) AppleWebKit/537.36 (KHTML, like Gecko) Chrome/90.0.4427.0 Safari/537.36"
177.234.249.213 - - [12/May/2023:22:16:23 +0200] "POST /contact_us.php?action=send HTTP/1.0" 200 26482 "http://www.wonder-geek.com/contact_us.php" "Mozilla/5.0 (Windows NT 6.1; Win64; x64) AppleWebKit/537.36 (KHTML, like Gecko) Chrome/90.0.4427.0 Safari/537.36"
81.71.99.67 - - [12/May/2023:22:17:45 +0200] "GET /images/mini_prod/9316188054027.jpg HTTP/1.0" 200 269 "-" "Mozilla/5.0 (X11; Ubuntu; Linux x86_64; rv:72.0) Gecko/20100101 Firefox/72.0"
66.249.70.76 - - [12/May/2023:22:18:01 +0200] "GET /wooden-wall-decor-p-58577.html HTTP/1.0" 200 76538 "-" "Mozilla/5.0 (compatible; Googlebot/2.1; +http://www.google.com/bot.html)"
66.249.70.68 - - [12/May/2023:22:18:21 +0200] "GET /cats-isothermic-stainless-steel-bottle-jewels-p-54544.html HTTP/1.0" 200 76872 "-" "Mozilla/5.0 (Linux; Android 6.0.1; Nexus 5X Build/MMB29P) AppleWebKit/537.36 (KHTML, like Gecko) Chrome/112.0.5615.142 Mobile Safari/537.36 (compatible; Googlebot/2.1; +http://www.google.com/bot.html)"
42.194.226.88 - - [12/May/2023:22:19:00 +0200] "GET /images/mini_prod/5415203950048.jpg HTTP/1.0" 200 269 "-" "Mozilla/5.0 (X11; Ubuntu; Linux x86_64; rv:72.0) Gecko/20100101 Firefox/72.0"
66.249.70.76 - - [12/May/2023:22:19:18 +0200] "GET /snowman-solar-powered-dancing-p-34143.html HTTP/1.0" 200 76264 "-" "Mozilla/5.0 (compatible; Googlebot/2.1; +http://www.google.com/bot.html)"
51.68.224.127 - - [12/May/2023:22:19:28 +0200] "GET /adminweb/export_orders_xml.php?token=256de2z6edz6ed2z6DFSFsed2zed6zeDSFDSGdzedezfzf&maxorders=10&orderstart=1&status=14&start_date=2018-10-01 HTTP/1.0" 200 285 "-" "GesCom CharlotteBoutik Serveur"
51.68.224.127 - - [12/May/2023:22:19:28 +0200] "GET /adminweb/export_orders_xml.php?token=256de2z6edz6ed2z6DFSFsed2zed6zeDSFDSGdzedezfzf&maxorders=10&orderstart=1&status=6&start_date=2018-10-01 HTTP/1.0" 200 33887 "-" "GesCom CharlotteBoutik Serveur"
66.249.70.68 - - [12/May/2023:22:19:34 +0200] "GET /paris-round-tray-p-44933.html HTTP/1.0" 200 76016 "-" "Mozilla/5.0 (Linux; Android 6.0.1; Nexus 5X Build/MMB29P) AppleWebKit/537.36 (KHTML, like Gecko) Chrome/112.0.5615.142 Mobile Safari/537.36 (compatible; Googlebot/2.1; +http://www.google.com/bot.html)"
66.249.70.68 - - [12/May/2023:22:19:46 +0200] "GET /stade-toulousain-otholder-glove-p-27276.html HTTP/1.0" 200 73442 "-" "Mozilla/5.0 (compatible; Googlebot/2.1; +http://www.google.com/bot.html)"
106.52.249.139 - - [12/May/2023:22:20:51 +0200] "GET /images/mini_prod/3700574900535.jpg HTTP/1.0" 200 269 "-" "Mozilla/5.0 (X11; Ubuntu; Linux x86_64; rv:72.0) Gecko/20100101 Firefox/72.0"
207.46.13.208 - - [12/May/2023:22:21:34 +0200] "GET /thread-count-cotton-percale-fitted-sheet-p-54448.html HTTP/1.0" 200 77105 "-" "Mozilla/5.0 AppleWebKit/537.36 (KHTML, like Gecko; compatible; bingbot/2.0; +http://www.bing.com/bingbot.htm) Chrome/103.0.5060.134 Safari/537.36"
207.46.13.208 - - [12/May/2023:22:21:36 +0200] "GET /clocks-c-13_67.html?page=3 HTTP/1.0" 200 97675 "-" "Mozilla/5.0 AppleWebKit/537.36 (KHTML, like Gecko; compatible; bingbot/2.0; +http://www.bing.com/bingbot.htm) Chrome/103.0.5060.134 Safari/537.36"
81.71.98.166 - - [12/May/2023:22:21:42 +0200] "GET /images/mini_prod/3453131143820.jpg HTTP/1.0" 200 269 "-" "Mozilla/5.0 (X11; Ubuntu; Linux x86_64; rv:72.0) Gecko/20100101 Firefox/72.0"
207.46.13.208 - - [12/May/2023:22:23:03 +0200] "GET /images/big_prod/8720088292471.jpg HTTP/1.0" 200 268 "-" "Mozilla/5.0 AppleWebKit/537.36 (KHTML, like Gecko; compatible; bingbot/2.0; +http://www.bing.com/bingbot.htm) Chrome/103.0.5060.134 Safari/537.36"
66.249.70.68 - - [12/May/2023:22:24:12 +0200] "GET /light-blue-piggy-bank-p-54800.html HTTP/1.0" 200 76037 "-" "Mozilla/5.0 (Linux; Android 6.0.1; Nexus 5X Build/MMB29P) AppleWebKit/537.36 (KHTML, like Gecko) Chrome/112.0.5615.142 Mobile Safari/537.36 (compatible; Googlebot/2.1; +http://www.google.com/bot.html)"
52.167.144.85 - - [12/May/2023:22:24:51 +0200] "GET /mugs-mazagrans-c-12_57.html?page=11 HTTP/1.0" 200 98352 "-" "Mozilla/5.0 AppleWebKit/537.36 (KHTML, like Gecko; compatible; bingbot/2.0; +http://www.bing.com/bingbot.htm) Chrome/103.0.5060.134 Safari/537.36"
42.194.226.88 - - [12/May/2023:22:26:04 +0200] "GET /images/mini_prod/5018997513248.jpg HTTP/1.0" 200 269 "-" "Mozilla/5.0 (X11; Ubuntu; Linux x86_64; rv:72.0) Gecko/20100101 Firefox/72.0"
121.30.179.93 - - [12/May/2023:22:26:08 +0200] "GET /images/big_prod_1/b3014627830404.jpg HTTP/1.0" 200 271 "-" "Mozilla/5.0 (X11; Ubuntu; Linux x86_64; rv:72.0) Gecko/20100101 Firefox/72.0"
129.204.118.204 - - [12/May/2023:22:26:26 +0200] "GET /images/mini_prod/3560600293310.jpg HTTP/1.0" 200 269 "-" "Mozilla/5.0 (X11; Ubuntu; Linux x86_64; rv:72.0) Gecko/20100101 Firefox/72.0"
121.30.179.103 - - [12/May/2023:22:26:44 +0200] "GET /images/big_prod_1/housse-de-coussin-prelude-30x50-cm.jpg HTTP/1.0" 200 291 "-" "Mozilla/5.0 (X11; Ubuntu; Linux x86_64; rv:72.0) Gecko/20100101 Firefox/72.0"
66.249.70.68 - - [12/May/2023:22:28:21 +0200] "GET /provence-oven-mitt-p-51444.html HTTP/1.0" 200 75960 "-" "Mozilla/5.0 (compatible; Googlebot/2.1; +http://www.google.com/bot.html)"
66.249.70.76 - - [12/May/2023:22:29:30 +0200] "GET /images/big_prod/ANIFOULROSE.jpg HTTP/1.0" 200 266 "-" "Googlebot-Image/1.0"
106.55.254.60 - - [12/May/2023:22:29:40 +0200] "GET /images/mini_prod/DSCN7550.jpg HTTP/1.0" 200 264 "-" "Mozilla/5.0 (X11; Ubuntu; Linux x86_64; rv:72.0) Gecko/20100101 Firefox/72.0"
81.71.98.254 - - [12/May/2023:22:30:56 +0200] "GET /images/mini_prod/3418170317052.jpg HTTP/1.0" 200 269 "-" "Mozilla/5.0 (X11; Ubuntu; Linux x86_64; rv:72.0) Gecko/20100101 Firefox/72.0"
66.249.70.68 - - [12/May/2023:22:31:34 +0200] "GET /coasters-party-cocktails-p-58151.html HTTP/1.0" 200 76586 "-" "Mozilla/5.0 (compatible; Googlebot/2.1; +http://www.google.com/bot.html)"
147.92.153.16 - - [12/May/2023:22:31:51 +0200] "GET /mini-rectangular-tray-limoni-p-60406.html HTTP/1.0" 200 77076 "-" "Mozilla/5.0 (compatible; Linespider/1.1; +https://lin.ee/4dwXkTH)"
147.92.153.9 - - [12/May/2023:22:31:55 +0200] "GET /swfobject.js HTTP/1.0" 404 1308 "http://www.wonder-geek.com/mini-rectangular-tray-limoni-p-60406.html" "Mozilla/5.0 (Windows NT 10.0; Win64; x64) AppleWebKit/537.36 (KHTML, like Gecko; compatible; Linespider/1.1; +https://lin.ee/4dwXkTH) Chrome/112.0.0.0 Safari/537.36"
213.180.203.224 - - [12/May/2023:22:32:20 +0200] "GET /robots.txt HTTP/1.0" 200 245 "-" "Mozilla/5.0 (compatible; YandexBot/3.0; +http://yandex.com/bots)"
5.255.231.8 - - [12/May/2023:22:32:20 +0200] "GET /-p-21308.html HTTP/1.0" 200 73324 "-" "Mozilla/5.0 (compatible; YandexBot/3.0; +http://yandex.com/bots)"
66.249.70.68 - - [12/May/2023:22:32:58 +0200] "GET /images/3438100334386.jpg HTTP/1.0" 200 259 "-" "Googlebot-Image/1.0"
66.249.70.76 - - [12/May/2023:22:33:37 +0200] "GET /kori-kumi-calendar-year-2017-p-36750.html HTTP/1.0" 200 76191 "-" "Mozilla/5.0 (Linux; Android 6.0.1; Nexus 5X Build/MMB29P) AppleWebKit/537.36 (KHTML, like Gecko) Chrome/112.0.5615.142 Mobile Safari/537.36 (compatible; Googlebot/2.1; +http://www.google.com/bot.html)"
146.50.28.35 - - [12/May/2023:22:33:59 +0200] "GET /images/mini_prod/DSCN7544.jpg HTTP/1.0" 200 264 "-" "Mozilla/5.0 (X11; Ubuntu; Linux x86_64; rv:72.0) Gecko/20100101 Firefox/72.0"
146.50.28.35 - - [12/May/2023:22:35:28 +0200] "GET /images/mini_prod/5027417019895.jpg HTTP/1.0" 200 269 "-" "Mozilla/5.0 (X11; Ubuntu; Linux x86_64; rv:72.0) Gecko/20100101 Firefox/72.0"
51.68.224.127 - - [12/May/2023:22:35:39 +0200] "GET /adminweb/export_orders_xml.php?token=256de2z6edz6ed2z6DFSFsed2zed6zeDSFDSGdzedezfzf&maxorders=10&orderstart=1&status=14&start_date=2018-10-01 HTTP/1.0" 200 285 "-" "GesCom CharlotteBoutik Serveur"
51.68.224.127 - - [12/May/2023:22:35:39 +0200] "GET /adminweb/export_orders_xml.php?token=256de2z6edz6ed2z6DFSFsed2zed6zeDSFDSGdzedezfzf&maxorders=10&orderstart=1&status=6&start_date=2018-10-01 HTTP/1.0" 200 33887 "-" "GesCom CharlotteBoutik Serveur"
211.249.40.15 - - [12/May/2023:22:35:40 +0200] "GET /images/big_prod_1/8422099001126.jpg HTTP/1.0" 200 270 "-" "Mozilla/5.0 (X11; Ubuntu; Linux x86_64; rv:72.0) Gecko/20100101 Firefox/72.0"
121.30.179.137 - - [12/May/2023:22:36:11 +0200] "GET /images/mini_prod/8433933112496.jpg HTTP/1.0" 200 269 "-" "Mozilla/5.0 (X11; Ubuntu; Linux x86_64; rv:72.0) Gecko/20100101 Firefox/72.0"
146.50.28.35 - - [12/May/2023:22:36:28 +0200] "GET /images/mini_prod/5036278061592.jpg HTTP/1.0" 200 269 "-" "Mozilla/5.0 (X11; Ubuntu; Linux x86_64; rv:72.0) Gecko/20100101 Firefox/72.0"
146.50.28.35 - - [12/May/2023:22:37:32 +0200] "GET /images/mini_prod/3438100336533.jpg HTTP/1.0" 200 269 "-" "Mozilla/5.0 (X11; Ubuntu; Linux x86_64; rv:72.0) Gecko/20100101 Firefox/72.0"
149.6.140.106 - - [12/May/2023:22:37:49 +0200] "GET /images/mini_prod/1399984254394.jpg HTTP/1.0" 200 269 "-" "Mozilla/5.0 (X11; Ubuntu; Linux x86_64; rv:72.0) Gecko/20100101 Firefox/72.0"
52.146.59.156 - - [12/May/2023:22:37:51 +0200] "GET /images/5414629126112.jpg HTTP/1.0" 200 259 "-" "DuckDuckBot/1.1; (+http://duckduckgo.com/duckduckbot.html)"
100.6.95.88 - - [12/May/2023:22:38:00 +0200] "GET /images/5414629126112.jpg HTTP/1.0" 200 259 "https://duckduckgo.com/" "Mozilla/5.0 (X11; CrOS armv7l 12105.100.0) AppleWebKit/537.36 (KHTML, like Gecko) Chrome/75.0.3770.144 Safari/537.36"
100.6.95.88 - - [12/May/2023:22:38:01 +0200] "GET /favicon.ico HTTP/1.0" 200 260 "http://www.wonder-geek.com/images/5414629126112.jpg" "Mozilla/5.0 (X11; CrOS armv7l 12105.100.0) AppleWebKit/537.36 (KHTML, like Gecko) Chrome/75.0.3770.144 Safari/537.36"
66.249.70.68 - - [12/May/2023:22:38:03 +0200] "GET /images/big_prod/3418176178008.jpg HTTP/1.0" 200 268 "-" "Googlebot-Image/1.0"
139.199.162.133 - - [12/May/2023:22:38:13 +0200] "GET /images/mini_prod/3660173176451.jpg HTTP/1.0" 200 269 "-" "Mozilla/5.0 (X11; Ubuntu; Linux x86_64; rv:72.0) Gecko/20100101 Firefox/72.0"
66.249.70.68 - - [12/May/2023:22:38:21 +0200] "GET /collectible-figurines-decorative-c-13_135.html HTTP/1.0" 200 96919 "-" "Mozilla/5.0 (Linux; Android 6.0.1; Nexus 5X Build/MMB29P) AppleWebKit/537.36 (KHTML, like Gecko) Chrome/112.0.5615.142 Mobile Safari/537.36 (compatible; Googlebot/2.1; +http://www.google.com/bot.html)"
42.194.192.163 - - [12/May/2023:22:38:23 +0200] "GET /images/mini_prod/3560600292986.jpg HTTP/1.0" 200 269 "-" "Mozilla/5.0 (X11; Ubuntu; Linux x86_64; rv:72.0) Gecko/20100101 Firefox/72.0"
66.249.70.68 - - [12/May/2023:22:38:27 +0200] "GET /js/jquery.masonry.min.js HTTP/1.0" 200 264 "http://www.wonder-geek.com/collectible-figurines-decorative-c-13_135.html" "Mozilla/5.0 (Linux; Android 6.0.1; Nexus 5X Build/MMB29P) AppleWebKit/537.36 (KHTML, like Gecko) Chrome/113.0.5672.63 Mobile Safari/537.36 (compatible; Googlebot/2.1; +http://www.google.com/bot.html)"
66.249.70.68 - - [12/May/2023:22:38:28 +0200] "GET /js/jquery.min.js HTTP/1.0" 404 1308 "http://www.wonder-geek.com/collectible-figurines-decorative-c-13_135.html" "Mozilla/5.0 (Linux; Android 6.0.1; Nexus 5X Build/MMB29P) AppleWebKit/537.36 (KHTML, like Gecko) Chrome/113.0.5672.63 Mobile Safari/537.36 (compatible; Googlebot/2.1; +http://www.google.com/bot.html)"
40.77.167.220 - - [12/May/2023:22:40:05 +0200] "GET /decorations-c-13_89.html HTTP/1.0" 200 94407 "-" "Mozilla/5.0 AppleWebKit/537.36 (KHTML, like Gecko; compatible; bingbot/2.0; +http://www.bing.com/bingbot.htm) Chrome/103.0.5060.134 Safari/537.36"
50.46.238.169 - - [12/May/2023:22:41:42 +0200] "GET /images/mini_prod/8435333849231.jpg HTTP/1.0" 200 269 "-" "Mozilla/5.0 (X11; Ubuntu; Linux x86_64; rv:72.0) Gecko/20100101 Firefox/72.0"
100.12.220.146 - - [12/May/2023:22:42:20 +0200] "GET /templates/Pixame_v1/stylesheet.css HTTP/1.0" 200 267 "http://www.wonder-geek.com/amazon-zippo-lighter-p-49096.html" "Mozilla/5.0 (Windows NT 10.0; Win64; x64) AppleWebKit/537.36 (KHTML, like Gecko) Chrome/113.0.0.0 Safari/537.36"
100.12.220.146 - - [12/May/2023:22:42:20 +0200] "GET /highslide/highslide.js HTTP/1.0" 200 262 "http://www.wonder-geek.com/amazon-zippo-lighter-p-49096.html" "Mozilla/5.0 (Windows NT 10.0; Win64; x64) AppleWebKit/537.36 (KHTML, like Gecko) Chrome/113.0.0.0 Safari/537.36"
100.12.220.146 - - [12/May/2023:22:42:20 +0200] "GET /js/jquery.js HTTP/1.0" 200 252 "http://www.wonder-geek.com/amazon-zippo-lighter-p-49096.html" "Mozilla/5.0 (Windows NT 10.0; Win64; x64) AppleWebKit/537.36 (KHTML, like Gecko) Chrome/113.0.0.0 Safari/537.36"
100.12.220.146 - - [12/May/2023:22:42:18 +0200] "GET /amazon-zippo-lighter-p-49096.html HTTP/1.0" 200 79043 "https://lens.google.com/" "Mozilla/5.0 (Windows NT 10.0; Win64; x64) AppleWebKit/537.36 (KHTML, like Gecko) Chrome/113.0.0.0 Safari/537.36"
100.12.220.146 - - [12/May/2023:22:42:20 +0200] "GET /js/jquery.jqzoom.js HTTP/1.0" 200 259 "http://www.wonder-geek.com/amazon-zippo-lighter-p-49096.html" "Mozilla/5.0 (Windows NT 10.0; Win64; x64) AppleWebKit/537.36 (KHTML, like Gecko) Chrome/113.0.0.0 Safari/537.36"
100.12.220.146 - - [12/May/2023:22:42:20 +0200] "GET /mondial_relay/js/jquery-1.3.2.min.js HTTP/1.0" 200 276 "http://www.wonder-geek.com/amazon-zippo-lighter-p-49096.html" "Mozilla/5.0 (Windows NT 10.0; Win64; x64) AppleWebKit/537.36 (KHTML, like Gecko) Chrome/113.0.0.0 Safari/537.36"
100.12.220.146 - - [12/May/2023:22:42:20 +0200] "GET /swfobject.js HTTP/1.0" 404 1308 "http://www.wonder-geek.com/amazon-zippo-lighter-p-49096.html" "Mozilla/5.0 (Windows NT 10.0; Win64; x64) AppleWebKit/537.36 (KHTML, like Gecko) Chrome/113.0.0.0 Safari/537.36"
100.12.220.146 - - [12/May/2023:22:42:20 +0200] "GET /templates/Pixame_v1/images/icon_accueil2.png HTTP/1.0" 200 278 "http://www.wonder-geek.com/amazon-zippo-lighter-p-49096.html" "Mozilla/5.0 (Windows NT 10.0; Win64; x64) AppleWebKit/537.36 (KHTML, like Gecko) Chrome/113.0.0.0 Safari/537.36"
100.12.220.146 - - [12/May/2023:22:42:20 +0200] "GET /templates/Pixame_v1/images/pixel_trans.gif HTTP/1.0" 200 328 "http://www.wonder-geek.com/amazon-zippo-lighter-p-49096.html" "Mozilla/5.0 (Windows NT 10.0; Win64; x64) AppleWebKit/537.36 (KHTML, like Gecko) Chrome/113.0.0.0 Safari/537.36"
100.12.220.146 - - [12/May/2023:22:42:20 +0200] "GET /images/pixel_trans.gif HTTP/1.0" 200 328 "http://www.wonder-geek.com/amazon-zippo-lighter-p-49096.html" "Mozilla/5.0 (Windows NT 10.0; Win64; x64) AppleWebKit/537.36 (KHTML, like Gecko) Chrome/113.0.0.0 Safari/537.36"
100.12.220.146 - - [12/May/2023:22:42:20 +0200] "GET /templates/Pixame_v1/images/infobox/pixel_trans.gif HTTP/1.0" 200 328 "http://www.wonder-geek.com/amazon-zippo-lighter-p-49096.html" "Mozilla/5.0 (Windows NT 10.0; Win64; x64) AppleWebKit/537.36 (KHTML, like Gecko) Chrome/113.0.0.0 Safari/537.36"
100.12.220.146 - - [12/May/2023:22:42:20 +0200] "GET /images/big_prod/6970204135645.jpg HTTP/1.0" 200 268 "http://www.wonder-geek.com/amazon-zippo-lighter-p-49096.html" "Mozilla/5.0 (Windows NT 10.0; Win64; x64) AppleWebKit/537.36 (KHTML, like Gecko) Chrome/113.0.0.0 Safari/537.36"
100.12.220.146 - - [12/May/2023:22:42:20 +0200] "GET /images/big_prod_1/6970204135645B.jpg HTTP/1.0" 200 271 "http://www.wonder-geek.com/amazon-zippo-lighter-p-49096.html" "Mozilla/5.0 (Windows NT 10.0; Win64; x64) AppleWebKit/537.36 (KHTML, like Gecko) Chrome/113.0.0.0 Safari/537.36"
100.12.220.146 - - [12/May/2023:22:42:20 +0200] "GET /images/big_prod_2/6970204135645C.jpg HTTP/1.0" 200 271 "http://www.wonder-geek.com/amazon-zippo-lighter-p-49096.html" "Mozilla/5.0 (Windows NT 10.0; Win64; x64) AppleWebKit/537.36 (KHTML, like Gecko) Chrome/113.0.0.0 Safari/537.36"
100.12.220.146 - - [12/May/2023:22:42:20 +0200] "GET /templates/Pixame_v1/images/buttons/english/button_in_cart.gif HTTP/1.0" 200 295 "http://www.wonder-geek.com/amazon-zippo-lighter-p-49096.html" "Mozilla/5.0 (Windows NT 10.0; Win64; x64) AppleWebKit/537.36 (KHTML, like Gecko) Chrome/113.0.0.0 Safari/537.36"
100.12.220.146 - - [12/May/2023:22:42:20 +0200] "GET /templates/Pixame_v1/images/Middle_texture.jpg HTTP/1.0" 200 280 "http://www.wonder-geek.com/templates/Pixame_v1/stylesheet.css" "Mozilla/5.0 (Windows NT 10.0; Win64; x64) AppleWebKit/537.36 (KHTML, like Gecko) Chrome/113.0.0.0 Safari/537.36"
100.12.220.146 - - [12/May/2023:22:42:20 +0200] "GET /templates/Pixame_v1/images/Bottom_texture.jpg HTTP/1.0" 200 280 "http://www.wonder-geek.com/templates/Pixame_v1/stylesheet.css" "Mozilla/5.0 (Windows NT 10.0; Win64; x64) AppleWebKit/537.36 (KHTML, like Gecko) Chrome/113.0.0.0 Safari/537.36"
100.12.220.146 - - [12/May/2023:22:42:20 +0200] "GET /templates/Pixame_v1/images/header.png HTTP/1.0" 200 271 "http://www.wonder-geek.com/templates/Pixame_v1/stylesheet.css" "Mozilla/5.0 (Windows NT 10.0; Win64; x64) AppleWebKit/537.36 (KHTML, like Gecko) Chrome/113.0.0.0 Safari/537.36"
100.12.220.146 - - [12/May/2023:22:42:20 +0200] "GET /templates/Pixame_v1/images/header-object.png HTTP/1.0" 200 278 "http://www.wonder-geek.com/templates/Pixame_v1/stylesheet.css" "Mozilla/5.0 (Windows NT 10.0; Win64; x64) AppleWebKit/537.36 (KHTML, like Gecko) Chrome/113.0.0.0 Safari/537.36"
100.12.220.146 - - [12/May/2023:22:42:21 +0200] "GET /templates/Pixame_v1/images/nav.png HTTP/1.0" 200 268 "http://www.wonder-geek.com/templates/Pixame_v1/stylesheet.css" "Mozilla/5.0 (Windows NT 10.0; Win64; x64) AppleWebKit/537.36 (KHTML, like Gecko) Chrome/113.0.0.0 Safari/537.36"
100.12.220.146 - - [12/May/2023:22:42:21 +0200] "GET /design/productsenstock.png HTTP/1.0" 200 260 "http://www.wonder-geek.com/templates/Pixame_v1/stylesheet.css" "Mozilla/5.0 (Windows NT 10.0; Win64; x64) AppleWebKit/537.36 (KHTML, like Gecko) Chrome/113.0.0.0 Safari/537.36"
100.12.220.146 - - [12/May/2023:22:42:21 +0200] "GET /highslide/graphics/zoomin.cur HTTP/1.0" 200 614 "http://www.wonder-geek.com/templates/Pixame_v1/stylesheet.css" "Mozilla/5.0 (Windows NT 10.0; Win64; x64) AppleWebKit/537.36 (KHTML, like Gecko) Chrome/113.0.0.0 Safari/537.36"
100.12.220.146 - - [12/May/2023:22:42:21 +0200] "GET /templates/Pixame_v1/images/infobox/infobox_footer_middle.gif HTTP/1.0" 200 357 "http://www.wonder-geek.com/amazon-zippo-lighter-p-49096.html" "Mozilla/5.0 (Windows NT 10.0; Win64; x64) AppleWebKit/537.36 (KHTML, like Gecko) Chrome/113.0.0.0 Safari/537.36"
100.12.220.146 - - [12/May/2023:22:42:21 +0200] "GET /highslide/graphics/zoomout.cur HTTP/1.0" 200 614 "http://www.wonder-geek.com/amazon-zippo-lighter-p-49096.html" "Mozilla/5.0 (Windows NT 10.0; Win64; x64) AppleWebKit/537.36 (KHTML, like Gecko) Chrome/113.0.0.0 Safari/537.36"
100.12.220.146 - - [12/May/2023:22:42:21 +0200] "GET /favicon.ico HTTP/1.0" 200 260 "http://www.wonder-geek.com/amazon-zippo-lighter-p-49096.html" "Mozilla/5.0 (Windows NT 10.0; Win64; x64) AppleWebKit/537.36 (KHTML, like Gecko) Chrome/113.0.0.0 Safari/537.36"
100.12.220.146 - - [12/May/2023:22:42:21 +0200] "GET /highslide/graphics/outlines/drop-shadow.png HTTP/1.0" 200 277 "http://www.wonder-geek.com/amazon-zippo-lighter-p-49096.html" "Mozilla/5.0 (Windows NT 10.0; Win64; x64) AppleWebKit/537.36 (KHTML, like Gecko) Chrome/113.0.0.0 Safari/537.36"
100.12.220.146 - - [12/May/2023:22:42:21 +0200] "GET /highslide/graphics/loader.white.gif HTTP/1.0" 200 960 "http://www.wonder-geek.com/templates/Pixame_v1/stylesheet.css" "Mozilla/5.0 (Windows NT 10.0; Win64; x64) AppleWebKit/537.36 (KHTML, like Gecko) Chrome/113.0.0.0 Safari/537.36"
81.71.99.67 - - [12/May/2023:22:42:24 +0200] "GET /images/mini_prod/DSCN06783384372015150.jpg HTTP/1.0" 200 277 "-" "Mozilla/5.0 (X11; Ubuntu; Linux x86_64; rv:72.0) Gecko/20100101 Firefox/72.0"
129.204.31.216 - - [12/May/2023:22:42:51 +0200] "GET /images/mini_prod/1399984258422.jpg HTTP/1.0" 200 269 "-" "Mozilla/5.0 (X11; Ubuntu; Linux x86_64; rv:72.0) Gecko/20100101 Firefox/72.0"
18.159.65.226 - - [12/May/2023:22:43:24 +0200] "GET /images/med_prod/00039897677330.jpg HTTP/1.0" 200 269 "-" "willnorris/imageproxy"
90.15.2.201 - - [12/May/2023:22:43:26 +0200] "GET /images/med_prod/00039897677330.jpg HTTP/1.0" 200 269 "https://www.ecosia.org/" "Mozilla/5.0 (iPhone; CPU iPhone OS 16_4_1 like Mac OS X) AppleWebKit/605.1.15 (KHTML, like Gecko) Version/16.4.1 Mobile/15E148 Safari/604.1"
90.15.2.201 - - [12/May/2023:22:43:27 +0200] "GET /images/med_prod/favicon.ico HTTP/1.0" 404 1308 "-" "Client/76 CFNetwork/1406.0.4 Darwin/22.4.0"
90.15.2.201 - - [12/May/2023:22:43:28 +0200] "GET /favicon.ico HTTP/1.0" 301 533 "-" "Client/76 CFNetwork/1406.0.4 Darwin/22.4.0"
90.15.2.201 - - [12/May/2023:22:43:28 +0200] "GET /favicon.ico HTTP/1.0" 200 260 "-" "Client/76 CFNetwork/1406.0.4 Darwin/22.4.0"
90.15.2.201 - - [12/May/2023:22:43:28 +0200] "GET /favicon.ico HTTP/1.0" 301 533 "-" "Client/76 CFNetwork/1406.0.4 Darwin/22.4.0"
90.15.2.201 - - [12/May/2023:22:43:28 +0200] "GET /favicon.ico HTTP/1.0" 200 260 "-" "Client/76 CFNetwork/1406.0.4 Darwin/22.4.0"
207.46.13.208 - - [12/May/2023:22:44:04 +0200] "GET /images/big_prod_1/8712159183061a.jpg HTTP/1.0" 200 271 "-" "Mozilla/5.0 AppleWebKit/537.36 (KHTML, like Gecko; compatible; bingbot/2.0; +http://www.bing.com/bingbot.htm) Chrome/103.0.5060.134 Safari/537.36"
149.6.140.106 - - [12/May/2023:22:44:15 +0200] "GET /images/mini_prod/3453131138932.jpg HTTP/1.0" 200 269 "-" "Mozilla/5.0 (X11; Ubuntu; Linux x86_64; rv:72.0) Gecko/20100101 Firefox/72.0"
121.30.179.116 - - [12/May/2023:22:45:05 +0200] "GET /images/big_prod_2/1328399271337b.jpg HTTP/1.0" 200 271 "-" "Mozilla/5.0 (X11; Ubuntu; Linux x86_64; rv:72.0) Gecko/20100101 Firefox/72.0"
8.218.75.45 - - [12/May/2023:22:45:51 +0200] "GET /images/mini_prod/5010065073210.jpg HTTP/1.0" 200 269 "-" "aria2/1.35.0"
52.167.144.85 - - [12/May/2023:22:45:54 +0200] "GET /trays-c-12_159.html?page=2 HTTP/1.0" 200 94663 "-" "Mozilla/5.0 AppleWebKit/537.36 (KHTML, like Gecko; compatible; bingbot/2.0; +http://www.bing.com/bingbot.htm) Chrome/103.0.5060.134 Safari/537.36"
66.249.70.72 - - [12/May/2023:22:46:27 +0200] "GET /cotton-floor-cushion-blue-p-43509.html HTTP/1.0" 200 76783 "-" "Mozilla/5.0 (compatible; Googlebot/2.1; +http://www.google.com/bot.html)"
139.199.162.133 - - [12/May/2023:22:46:45 +0200] "GET /images/mini_prod/3681643006047.jpg HTTP/1.0" 200 269 "-" "Mozilla/5.0 (X11; Ubuntu; Linux x86_64; rv:72.0) Gecko/20100101 Firefox/72.0"
81.71.99.63 - - [12/May/2023:22:46:52 +0200] "GET /images/mini_prod/boudha1384010191170.jpg HTTP/1.0" 200 275 "-" "Mozilla/5.0 (X11; Ubuntu; Linux x86_64; rv:72.0) Gecko/20100101 Firefox/72.0"
66.249.70.68 - - [12/May/2023:22:47:41 +0200] "GET /plush-unicorn-glitter-motsu-keel-toys-p-54162.html HTTP/1.0" 200 73462 "-" "Mozilla/5.0 (Linux; Android 6.0.1; Nexus 5X Build/MMB29P) AppleWebKit/537.36 (KHTML, like Gecko) Chrome/112.0.5615.142 Mobile Safari/537.36 (compatible; Googlebot/2.1; +http://www.google.com/bot.html)"
1.235.173.95 - - [12/May/2023:22:48:08 +0200] "GET /images/mini_prod/3371010281282.jpg HTTP/1.0" 200 269 "-" "Mozilla/5.0 (X11; Ubuntu; Linux x86_64; rv:72.0) Gecko/20100101 Firefox/72.0"
129.204.105.50 - - [12/May/2023:22:48:10 +0200] "GET /images/8435333807699.jpg HTTP/1.0" 200 259 "-" "Mozilla/5.0 (X11; Ubuntu; Linux x86_64; rv:72.0) Gecko/20100101 Firefox/72.0"
66.249.70.68 - - [12/May/2023:22:48:21 +0200] "GET /despicable-me-desk-p-32464.html HTTP/1.0" 301 73462 "-" "Mozilla/5.0 (Linux; Android 6.0.1; Nexus 5X Build/MMB29P) AppleWebKit/537.36 (KHTML, like Gecko) Chrome/112.0.5615.142 Mobile Safari/537.36 (compatible; Googlebot/2.1; +http://www.google.com/bot.html)"
66.249.70.76 - - [12/May/2023:22:48:23 +0200] "GET /despicable-desk-p-32464.html HTTP/1.0" 200 73380 "-" "Mozilla/5.0 (Linux; Android 6.0.1; Nexus 5X Build/MMB29P) AppleWebKit/537.36 (KHTML, like Gecko) Chrome/112.0.5615.142 Mobile Safari/537.36 (compatible; Googlebot/2.1; +http://www.google.com/bot.html)"
40.77.167.220 - - [12/May/2023:22:48:24 +0200] "GET /images/big_prod/3453131149020X.jpg HTTP/1.0" 200 269 "-" "Mozilla/5.0 AppleWebKit/537.36 (KHTML, like Gecko; compatible; bingbot/2.0; +http://www.bing.com/bingbot.htm) Chrome/103.0.5060.134 Safari/537.36"
106.52.146.234 - - [12/May/2023:22:49:41 +0200] "GET /images/mini_prod/3560600248556.jpg HTTP/1.0" 200 269 "-" "Mozilla/5.0 (X11; Ubuntu; Linux x86_64; rv:72.0) Gecko/20100101 Firefox/72.0"
42.194.226.229 - - [12/May/2023:22:49:43 +0200] "GET /images/mini_prod/3014627557356.jpg HTTP/1.0" 200 269 "-" "Mozilla/5.0 (X11; Ubuntu; Linux x86_64; rv:72.0) Gecko/20100101 Firefox/72.0"
66.249.70.72 - - [12/May/2023:22:49:46 +0200] "GET /coca-cola-small-metal-plate-p-27978.html HTTP/1.0" 200 73422 "-" "Mozilla/5.0 (Linux; Android 6.0.1; Nexus 5X Build/MMB29P) AppleWebKit/537.36 (KHTML, like Gecko) Chrome/112.0.5615.142 Mobile Safari/537.36 (compatible; Googlebot/2.1; +http://www.google.com/bot.html)"
66.249.70.72 - - [12/May/2023:22:50:30 +0200] "GET /spiderman-mattress-swimming-pool-p-30010.html HTTP/1.0" 200 73475 "-" "Mozilla/5.0 (Linux; Android 6.0.1; Nexus 5X Build/MMB29P) AppleWebKit/537.36 (KHTML, like Gecko) Chrome/112.0.5615.142 Mobile Safari/537.36 (compatible; Googlebot/2.1; +http://www.google.com/bot.html)"
66.249.70.76 - - [12/May/2023:22:50:31 +0200] "GET /with-infuser-bears-p-56497.html HTTP/1.0" 200 76676 "-" "Mozilla/5.0 (Linux; Android 6.0.1; Nexus 5X Build/MMB29P) AppleWebKit/537.36 (KHTML, like Gecko) Chrome/112.0.5615.142 Mobile Safari/537.36 (compatible; Googlebot/2.1; +http://www.google.com/bot.html)"
66.249.70.72 - - [12/May/2023:22:50:33 +0200] "GET /builder-backpack-p-20702.html HTTP/1.0" 200 76130 "-" "Mozilla/5.0 (compatible; Googlebot/2.1; +http://www.google.com/bot.html)"
51.68.224.127 - - [12/May/2023:22:52:06 +0200] "GET /adminweb/export_orders_xml.php?token=256de2z6edz6ed2z6DFSFsed2zed6zeDSFDSGdzedezfzf&maxorders=10&orderstart=1&status=14&start_date=2018-10-01 HTTP/1.0" 200 285 "-" "GesCom CharlotteBoutik Serveur"
51.68.224.127 - - [12/May/2023:22:52:06 +0200] "GET /adminweb/export_orders_xml.php?token=256de2z6edz6ed2z6DFSFsed2zed6zeDSFDSGdzedezfzf&maxorders=10&orderstart=1&status=6&start_date=2018-10-01 HTTP/1.0" 200 33887 "-" "GesCom CharlotteBoutik Serveur"
66.249.70.68 - - [12/May/2023:22:52:33 +0200] "GET /images/big_prod/8435465019175.jpg HTTP/1.0" 200 268 "-" "Googlebot-Image/1.0"
66.249.70.68 - - [12/May/2023:22:53:34 +0200] "GET /images/big_prod_4/3665269058468e.jpg HTTP/1.0" 200 271 "-" "Googlebot-Image/1.0"
81.71.99.63 - - [12/May/2023:22:53:39 +0200] "GET /images/mini_prod/3612874134100.jpg HTTP/1.0" 200 269 "-" "Mozilla/5.0 (X11; Ubuntu; Linux x86_64; rv:72.0) Gecko/20100101 Firefox/72.0"
129.204.105.50 - - [12/May/2023:22:53:51 +0200] "GET /images/mini_prod/1384010203446.jpg HTTP/1.0" 200 269 "-" "Mozilla/5.0 (X11; Ubuntu; Linux x86_64; rv:72.0) Gecko/20100101 Firefox/72.0"
8.218.75.45 - - [12/May/2023:22:55:30 +0200] "GET /images/mini_prod/3609810082038.jpg HTTP/1.0" 200 269 "-" "aria2/1.35.0"
121.30.179.67 - - [12/May/2023:22:56:26 +0200] "GET /images/big_prod_2/3442440302790z.jpg HTTP/1.0" 200 271 "-" "Mozilla/5.0 (X11; Ubuntu; Linux x86_64; rv:72.0) Gecko/20100101 Firefox/72.0"
66.249.70.76 - - [12/May/2023:22:57:04 +0200] "GET /terracotta-ginkgo-cover-yellow-p-55527.html HTTP/1.0" 200 76749 "-" "Mozilla/5.0 (Linux; Android 6.0.1; Nexus 5X Build/MMB29P) AppleWebKit/537.36 (KHTML, like Gecko) Chrome/112.0.5615.142 Mobile Safari/537.36 (compatible; Googlebot/2.1; +http://www.google.com/bot.html)"
185.176.78.178 - - [12/May/2023:22:58:19 +0200] "GET /images/mini_prod/5036278060298.jpg HTTP/1.0" 200 269 "-" "Mozilla/5.0 (X11; Ubuntu; Linux x86_64; rv:72.0) Gecko/20100101 Firefox/72.0"
66.249.70.76 - - [12/May/2023:22:58:21 +0200] "GET /lotus-petal-atmospheric-light-natural-gold-trim-p-53734.html HTTP/1.0" 200 76939 "-" "Mozilla/5.0 (Linux; Android 6.0.1; Nexus 5X Build/MMB29P) AppleWebKit/537.36 (KHTML, like Gecko) Chrome/112.0.5615.142 Mobile Safari/537.36 (compatible; Googlebot/2.1; +http://www.google.com/bot.html)"
44.212.18.11 - - [12/May/2023:22:58:56 +0200] "GET /images/mini_prod/3457019600467.jpg HTTP/1.0" 200 269 "-" "Mozilla/5.0 (X11; Ubuntu; Linux x86_64; rv:72.0) Gecko/20100101 Firefox/72.0"
129.204.116.160 - - [12/May/2023:22:59:20 +0200] "GET /images/mini_prod/8433933008119.jpg HTTP/1.0" 200 269 "-" "Mozilla/5.0 (X11; Ubuntu; Linux x86_64; rv:72.0) Gecko/20100101 Firefox/72.0"
205.186.62.252 - - [12/May/2023:23:00:00 +0200] "GET /images/mini_prod/1384000000307.jpg HTTP/1.0" 200 269 "-" "Mozilla/5.0 (X11; Ubuntu; Linux x86_64; rv:72.0) Gecko/20100101 Firefox/72.0"
8.210.174.16 - - [12/May/2023:23:01:03 +0200] "GET /images/mini_prod/9316188081207.jpg HTTP/1.0" 200 269 "-" "aria2/1.35.0"
207.46.13.208 - - [12/May/2023:23:01:06 +0200] "GET /images/big_prod/7601020000006.jpg HTTP/1.0" 200 268 "-" "Mozilla/5.0 AppleWebKit/537.36 (KHTML, like Gecko; compatible; bingbot/2.0; +http://www.bing.com/bingbot.htm) Chrome/103.0.5060.134 Safari/537.36"
81.71.101.51 - - [12/May/2023:23:01:09 +0200] "GET /images/mini_prod/B11068-copie.jpg HTTP/1.0" 200 268 "-" "Mozilla/5.0 (X11; Ubuntu; Linux x86_64; rv:72.0) Gecko/20100101 Firefox/72.0"
146.50.28.35 - - [12/May/2023:23:01:14 +0200] "GET /images/mini_prod/5036278051203.jpg HTTP/1.0" 200 269 "-" "Mozilla/5.0 (X11; Ubuntu; Linux x86_64; rv:72.0) Gecko/20100101 Firefox/72.0"
66.249.70.76 - - [12/May/2023:23:01:45 +0200] "GET /plush-unicorn-glitter-motsu-keel-toys-p-54162.html HTTP/1.0" 200 73462 "-" "Mozilla/5.0 (compatible; Googlebot/2.1; +http://www.google.com/bot.html)"
42.194.192.36 - - [12/May/2023:23:03:02 +0200] "GET /images/mini_prod/1399984258439.jpg HTTP/1.0" 200 269 "-" "Mozilla/5.0 (X11; Ubuntu; Linux x86_64; rv:72.0) Gecko/20100101 Firefox/72.0"
66.249.70.68 - - [12/May/2023:23:07:22 +0200] "GET /images/big_prod_1/3609810096363a.jpg HTTP/1.0" 200 271 "-" "Googlebot-Image/1.0"
205.186.62.252 - - [12/May/2023:23:08:07 +0200] "GET /images/mini_prod/1384000000307.jpg HTTP/1.0" 200 269 "-" "Mozilla/5.0 (X11; Ubuntu; Linux x86_64; rv:72.0) Gecko/20100101 Firefox/72.0"
40.77.167.220 - - [12/May/2023:23:08:07 +0200] "GET /-p-29056.html HTTP/1.0" 200 73324 "-" "Mozilla/5.0 AppleWebKit/537.36 (KHTML, like Gecko; compatible; bingbot/2.0; +http://www.bing.com/bingbot.htm) Chrome/103.0.5060.134 Safari/537.36"
51.68.224.127 - - [12/May/2023:23:08:19 +0200] "GET /adminweb/export_orders_xml.php?token=256de2z6edz6ed2z6DFSFsed2zed6zeDSFDSGdzedezfzf&maxorders=10&orderstart=1&status=14&start_date=2018-10-01 HTTP/1.0" 200 285 "-" "GesCom CharlotteBoutik Serveur"
149.6.140.106 - - [12/May/2023:23:08:20 +0200] "GET /images/mini_prod/3438100339787.jpg HTTP/1.0" 200 269 "-" "Mozilla/5.0 (X11; Ubuntu; Linux x86_64; rv:72.0) Gecko/20100101 Firefox/72.0"
51.68.224.127 - - [12/May/2023:23:08:19 +0200] "GET /adminweb/export_orders_xml.php?token=256de2z6edz6ed2z6DFSFsed2zed6zeDSFDSGdzedezfzf&maxorders=10&orderstart=1&status=6&start_date=2018-10-01 HTTP/1.0" 200 33887 "-" "GesCom CharlotteBoutik Serveur"
66.249.70.72 - - [12/May/2023:23:08:21 +0200] "GET /drawstring-yoga-purple-with-flower-life-embroidery-p-45459.html HTTP/1.0" 200 73536 "-" "Mozilla/5.0 (Linux; Android 6.0.1; Nexus 5X Build/MMB29P) AppleWebKit/537.36 (KHTML, like Gecko) Chrome/112.0.5615.142 Mobile Safari/537.36 (compatible; Googlebot/2.1; +http://www.google.com/bot.html)"
66.249.70.72 - - [12/May/2023:23:08:23 +0200] "GET /images/big_prod/9316188079242.jpg HTTP/1.0" 200 268 "-" "Googlebot-Image/1.0"
134.35.206.105 - - [12/May/2023:23:09:12 +0200] "GET /contact_us.php HTTP/1.0" 200 26241 "http://www.wonder-geek.com/contact_us.php" "Mozilla/5.0 (Windows NT 6.1) AppleWebKit/537.36 (KHTML, like Gecko) Chrome/90.0.4430.72 Safari/537.36"
129.204.105.50 - - [12/May/2023:23:09:24 +0200] "GET /images/mini_prod/8424346248957.jpg HTTP/1.0" 200 269 "-" "Mozilla/5.0 (X11; Ubuntu; Linux x86_64; rv:72.0) Gecko/20100101 Firefox/72.0"
185.176.78.178 - - [12/May/2023:23:09:47 +0200] "GET /images/mini_prod/B8422666661524B.jpg HTTP/1.0" 200 271 "-" "Mozilla/5.0 (X11; Ubuntu; Linux x86_64; rv:72.0) Gecko/20100101 Firefox/72.0"
106.55.255.207 - - [12/May/2023:23:10:04 +0200] "GET /images/mini_prod/3700516218902.jpg HTTP/1.0" 200 269 "-" "Mozilla/5.0 (X11; Ubuntu; Linux x86_64; rv:72.0) Gecko/20100101 Firefox/72.0"
134.35.206.105 - - [12/May/2023:23:10:05 +0200] "GET / HTTP/1.0" 200 153525 "http://www.wonder-geek.com/" "Mozilla/5.0 (Windows NT 6.1) AppleWebKit/537.36 (KHTML, like Gecko) Chrome/90.0.4430.72 Safari/537.36"
42.194.128.82 - - [12/May/2023:23:11:04 +0200] "GET /images/mini_prod/1399986106219.jpg HTTP/1.0" 200 269 "-" "Mozilla/5.0 (X11; Ubuntu; Linux x86_64; rv:72.0) Gecko/20100101 Firefox/72.0"
81.71.99.91 - - [12/May/2023:23:11:06 +0200] "GET /images/mini_prod/3660173208343.jpg HTTP/1.0" 200 269 "-" "Mozilla/5.0 (X11; Ubuntu; Linux x86_64; rv:72.0) Gecko/20100101 Firefox/72.0"
81.71.101.51 - - [12/May/2023:23:11:20 +0200] "GET /images/mini_prod/3574641017361.jpg HTTP/1.0" 200 269 "-" "Mozilla/5.0 (X11; Ubuntu; Linux x86_64; rv:72.0) Gecko/20100101 Firefox/72.0"
207.46.13.208 - - [12/May/2023:23:11:43 +0200] "GET /images/big_prod/1360150000008.jpg HTTP/1.0" 200 268 "-" "Mozilla/5.0 (Windows NT 6.1; WOW64) AppleWebKit/534+ (KHTML, like Gecko) BingPreview/1.0b"
147.92.153.2 - - [12/May/2023:23:11:43 +0200] "GET /mini-rectangular-tray-painted-bellis-p-60400.html HTTP/1.0" 200 76943 "-" "Mozilla/5.0 (compatible; Linespider/1.1; +https://lin.ee/4dwXkTH)"
66.249.70.76 - - [12/May/2023:23:12:17 +0200] "GET /black-piggy-bank-p-54804.html HTTP/1.0" 200 76098 "-" "Mozilla/5.0 (Linux; Android 6.0.1; Nexus 5X Build/MMB29P) AppleWebKit/537.36 (KHTML, like Gecko) Chrome/112.0.5615.142 Mobile Safari/537.36 (compatible; Googlebot/2.1; +http://www.google.com/bot.html)"
121.30.179.127 - - [12/May/2023:23:12:31 +0200] "GET /images/mini_prod/1300000022569NN.jpg HTTP/1.0" 200 271 "-" "Mozilla/5.0 (X11; Ubuntu; Linux x86_64; rv:72.0) Gecko/20100101 Firefox/72.0"
66.249.70.72 - - [12/May/2023:23:14:12 +0200] "GET /cats-isothermic-stainless-steel-bottle-allen-p-54041.html HTTP/1.0" 200 77121 "-" "Mozilla/5.0 (compatible; Googlebot/2.1; +http://www.google.com/bot.html)"
129.204.31.216 - - [12/May/2023:23:14:51 +0200] "GET /images/mini_prod/5036278061592.jpg HTTP/1.0" 200 269 "-" "Mozilla/5.0 (X11; Ubuntu; Linux x86_64; rv:72.0) Gecko/20100101 Firefox/72.0"
129.204.105.50 - - [12/May/2023:23:15:29 +0200] "GET /images/mini_prod/1399984234730.jpg HTTP/1.0" 200 269 "-" "Mozilla/5.0 (X11; Ubuntu; Linux x86_64; rv:72.0) Gecko/20100101 Firefox/72.0"
66.249.70.72 - - [12/May/2023:23:15:49 +0200] "GET /velocycle-isothermic-stainless-steel-bottle-p-54536.html HTTP/1.0" 200 76130 "-" "Mozilla/5.0 (Linux; Android 6.0.1; Nexus 5X Build/MMB29P) AppleWebKit/537.36 (KHTML, like Gecko) Chrome/112.0.5615.142 Mobile Safari/537.36 (compatible; Googlebot/2.1; +http://www.google.com/bot.html)"
40.77.167.220 - - [12/May/2023:23:17:37 +0200] "GET /images/big_prod_2/8445148006644C.jpg HTTP/1.0" 200 271 "-" "Mozilla/5.0 AppleWebKit/537.36 (KHTML, like Gecko; compatible; bingbot/2.0; +http://www.bing.com/bingbot.htm) Chrome/103.0.5060.134 Safari/537.36"
66.249.70.76 - - [12/May/2023:23:18:21 +0200] "GET /keiko-table-lamp-gray-metal-p-54592.html HTTP/1.0" 200 76890 "-" "Mozilla/5.0 (compatible; Googlebot/2.1; +http://www.google.com/bot.html)"
50.46.238.169 - - [12/May/2023:23:18:23 +0200] "GET /images/mini_prod/3661443611184.jpg HTTP/1.0" 200 269 "-" "Mozilla/5.0 (X11; Ubuntu; Linux x86_64; rv:72.0) Gecko/20100101 Firefox/72.0"
185.176.78.178 - - [12/May/2023:23:20:07 +0200] "GET /images/mini_prod/DSCN7544.jpg HTTP/1.0" 200 264 "-" "Mozilla/5.0 (X11; Ubuntu; Linux x86_64; rv:72.0) Gecko/20100101 Firefox/72.0"
42.194.240.167 - - [12/May/2023:23:20:10 +0200] "GET /images/mini_prod/1399986103041.jpg HTTP/1.0" 200 269 "-" "Mozilla/5.0 (X11; Ubuntu; Linux x86_64; rv:72.0) Gecko/20100101 Firefox/72.0"
42.194.192.163 - - [12/May/2023:23:21:15 +0200] "GET /images/mini_prod/1384010202777.jpg HTTP/1.0" 200 269 "-" "Mozilla/5.0 (X11; Ubuntu; Linux x86_64; rv:72.0) Gecko/20100101 Firefox/72.0"
42.194.128.82 - - [12/May/2023:23:23:20 +0200] "GET /images/mini_prod/3612875124919.jpg HTTP/1.0" 200 269 "-" "Mozilla/5.0 (X11; Ubuntu; Linux x86_64; rv:72.0) Gecko/20100101 Firefox/72.0"
5.255.231.29 - - [12/May/2023:23:23:43 +0200] "GET /robots.txt HTTP/1.0" 200 245 "-" "Mozilla/5.0 (compatible; YandexBot/3.0; +http://yandex.com/bots)"
5.255.231.12 - - [12/May/2023:23:23:43 +0200] "GET /united-pastel-london-bedclothes-140-200-cm-p-29993.html HTTP/1.0" 301 73391 "-" "Mozilla/5.0 (compatible; YandexBot/3.0; +http://yandex.com/bots)"
95.108.213.207 - - [12/May/2023:23:23:45 +0200] "GET /-p-29993.html HTTP/1.0" 200 73324 "-" "Mozilla/5.0 (compatible; YandexBot/3.0; +http://yandex.com/bots)"
51.68.224.127 - - [12/May/2023:23:24:30 +0200] "GET /adminweb/export_orders_xml.php?token=256de2z6edz6ed2z6DFSFsed2zed6zeDSFDSGdzedezfzf&maxorders=10&orderstart=1&status=14&start_date=2018-10-01 HTTP/1.0" 200 285 "-" "GesCom CharlotteBoutik Serveur"
51.68.224.127 - - [12/May/2023:23:24:30 +0200] "GET /adminweb/export_orders_xml.php?token=256de2z6edz6ed2z6DFSFsed2zed6zeDSFDSGdzedezfzf&maxorders=10&orderstart=1&status=6&start_date=2018-10-01 HTTP/1.0" 200 33887 "-" "GesCom CharlotteBoutik Serveur"
66.249.70.68 - - [12/May/2023:23:26:08 +0200] "GET /images/big_prod_2/5400924160166B.jpg HTTP/1.0" 200 271 "-" "Googlebot-Image/1.0"
69.171.251.22 - - [12/May/2023:23:26:33 +0200] "GET /images/mini_prod/8433933189634.jpg HTTP/1.0" 200 269 "-" "Mozilla/5.0 (X11; Ubuntu; Linux x86_64; rv:72.0) Gecko/20100101 Firefox/72.0"
17.241.227.203 - - [12/May/2023:23:26:36 +0200] "GET /images/mini_prod/3612875119199.jpg HTTP/1.0" 200 269 "-" "Mozilla/5.0 (Macintosh; Intel Mac OS X 10_15_5) AppleWebKit/605.1.15 (KHTML, like Gecko) Version/13.1.1 Safari/605.1.15 (Applebot/0.1; +http://www.apple.com/go/applebot)"
95.163.255.140 - - [12/May/2023:23:26:40 +0200] "GET /robots.txt HTTP/1.0" 301 531 "-" "Mozilla/5.0 (compatible; Linux x86_64; Mail.RU_Bot/Img/2.0; +https://help.mail.ru/webmaster/indexing/robots)"
95.163.255.131 - - [12/May/2023:23:26:43 +0200] "GET /images/1300010240601.jpg HTTP/1.0" 301 559 "http://go.mail.ru/search_images" "Mozilla/5.0 (compatible; Linux x86_64; Mail.RU_Bot/Img/2.0; +https://help.mail.ru/webmaster/indexing/robots)"
95.163.255.141 - - [12/May/2023:23:26:51 +0200] "GET /robots.txt HTTP/1.0" 200 245 "-" "Mozilla/5.0 (compatible; Linux x86_64; Mail.RU_Bot/Img/2.0; +https://help.mail.ru/webmaster/indexing/robots)"
95.163.255.111 - - [12/May/2023:23:26:55 +0200] "GET /images/1300010240601.jpg HTTP/1.0" 200 259 "http://wonder-geek.com/images/1300010240601.jpg" "Mozilla/5.0 (compatible; Linux x86_64; Mail.RU_Bot/Img/2.0; +https://help.mail.ru/webmaster/indexing/robots)"
66.249.70.68 - - [12/May/2023:23:28:21 +0200] "GET /fisherman-metal-bottle-holder-p-56373.html HTTP/1.0" 200 76778 "-" "Mozilla/5.0 (Linux; Android 6.0.1; Nexus 5X Build/MMB29P) AppleWebKit/537.36 (KHTML, like Gecko) Chrome/112.0.5615.142 Mobile Safari/537.36 (compatible; Googlebot/2.1; +http://www.google.com/bot.html)"
66.249.70.72 - - [12/May/2023:23:28:39 +0200] "GET /images/big_prod_1/3612875125114a.jpg HTTP/1.0" 200 271 "-" "Googlebot-Image/1.0"
207.46.13.208 - - [12/May/2023:23:29:10 +0200] "GET /images/big_prod_2/3665269059137b.jpg HTTP/1.0" 200 271 "-" "Mozilla/5.0 AppleWebKit/537.36 (KHTML, like Gecko; compatible; bingbot/2.0; +http://www.bing.com/bingbot.htm) Chrome/103.0.5060.134 Safari/537.36"
205.186.62.252 - - [12/May/2023:23:29:22 +0200] "GET /images/mini_prod/3660173149899.jpg HTTP/1.0" 200 269 "-" "Mozilla/5.0 (X11; Ubuntu; Linux x86_64; rv:72.0) Gecko/20100101 Firefox/72.0"
66.249.70.68 - - [12/May/2023:23:29:53 +0200] "GET /tweety-money-p-24161.html HTTP/1.0" 200 75923 "-" "Mozilla/5.0 (Linux; Android 6.0.1; Nexus 5X Build/MMB29P) AppleWebKit/537.36 (KHTML, like Gecko) Chrome/112.0.5615.142 Mobile Safari/537.36 (compatible; Googlebot/2.1; +http://www.google.com/bot.html)"
147.160.184.122 - - [12/May/2023:23:30:57 +0200] "GET /images/mini_prod/3014627769278.jpg HTTP/1.0" 200 269 "-" "Mozilla/5.0 (X11; Ubuntu; Linux x86_64; rv:72.0) Gecko/20100101 Firefox/72.0"
185.176.78.178 - - [12/May/2023:23:31:07 +0200] "GET /images/mini_prod/MISES-EN-SITUATION-07.jpg HTTP/1.0" 200 277 "-" "Mozilla/5.0 (X11; Ubuntu; Linux x86_64; rv:72.0) Gecko/20100101 Firefox/72.0"
130.44.212.99 - - [12/May/2023:23:31:31 +0200] "GET /images/mini_prod/8435306215780.jpg HTTP/1.0" 200 269 "-" "Mozilla/5.0 (X11; Ubuntu; Linux x86_64; rv:72.0) Gecko/20100101 Firefox/72.0"
205.186.62.252 - - [12/May/2023:23:33:02 +0200] "GET /images/mini_prod/3660173149899.jpg HTTP/1.0" 200 269 "-" "Mozilla/5.0 (X11; Ubuntu; Linux x86_64; rv:72.0) Gecko/20100101 Firefox/72.0"
