38.121.43.104 - - [12/May/2023:20:17:49 +0200] "GET /wordpress/ HTTP/1.0" 404 1308 "-" "Mozilla/5.0 (Linux; Android 5.1.1; SM-J111F) AppleWebKit/537.36 (KHTML, like Gecko) Chrome/73.0.3683.90 Mobile Safari/537.36"
38.121.43.104 - - [12/May/2023:20:17:50 +0200] "GET /new/ HTTP/1.0" 404 1308 "-" "Mozilla/5.0 (Linux; Android 5.1.1; SM-J111F) AppleWebKit/537.36 (KHTML, like Gecko) Chrome/73.0.3683.90 Mobile Safari/537.36"
38.121.43.104 - - [12/May/2023:20:17:50 +0200] "GET /old/ HTTP/1.0" 404 1308 "-" "Mozilla/5.0 (Linux; Android 5.1.1; SM-J111F) AppleWebKit/537.36 (KHTML, like Gecko) Chrome/73.0.3683.90 Mobile Safari/537.36"
38.121.43.104 - - [12/May/2023:20:17:50 +0200] "GET /test/ HTTP/1.0" 403 1307 "-" "Mozilla/5.0 (Linux; Android 5.1.1; SM-J111F) AppleWebKit/537.36 (KHTML, like Gecko) Chrome/73.0.3683.90 Mobile Safari/537.36"
38.121.43.104 - - [12/May/2023:20:17:50 +0200] "GET /main/ HTTP/1.0" 404 1308 "-" "Mozilla/5.0 (Linux; Android 5.1.1; SM-J111F) AppleWebKit/537.36 (KHTML, like Gecko) Chrome/73.0.3683.90 Mobile Safari/537.36"
38.121.43.104 - - [12/May/2023:20:17:47 +0200] "GET / HTTP/1.0" 200 153462 "-" "Mozilla/5.0 (Linux; Android 5.1.1; SM-J111F) AppleWebKit/537.36 (KHTML, like Gecko) Chrome/73.0.3683.90 Mobile Safari/537.36"
38.121.43.104 - - [12/May/2023:20:17:50 +0200] "GET /site/ HTTP/1.0" 404 1308 "-" "Mozilla/5.0 (Linux; Android 5.1.1; SM-J111F) AppleWebKit/537.36 (KHTML, like Gecko) Chrome/73.0.3683.90 Mobile Safari/537.36"
38.121.43.104 - - [12/May/2023:20:17:51 +0200] "GET /backup/ HTTP/1.0" 404 1308 "-" "Mozilla/5.0 (Linux; Android 5.1.1; SM-J111F) AppleWebKit/537.36 (KHTML, like Gecko) Chrome/73.0.3683.90 Mobile Safari/537.36"
38.121.43.104 - - [12/May/2023:20:17:51 +0200] "GET /demo/ HTTP/1.0" 404 1308 "-" "Mozilla/5.0 (Linux; Android 5.1.1; SM-J111F) AppleWebKit/537.36 (KHTML, like Gecko) Chrome/73.0.3683.90 Mobile Safari/537.36"
38.121.43.104 - - [12/May/2023:20:17:51 +0200] "GET /home/ HTTP/1.0" 404 1308 "-" "Mozilla/5.0 (Linux; Android 5.1.1; SM-J111F) AppleWebKit/537.36 (KHTML, like Gecko) Chrome/73.0.3683.90 Mobile Safari/537.36"
38.121.43.104 - - [12/May/2023:20:17:51 +0200] "GET /tmp/ HTTP/1.0" 403 1307 "-" "Mozilla/5.0 (Linux; Android 5.1.1; SM-J111F) AppleWebKit/537.36 (KHTML, like Gecko) Chrome/73.0.3683.90 Mobile Safari/537.36"
38.121.43.104 - - [12/May/2023:20:17:51 +0200] "GET /cms/ HTTP/1.0" 404 1308 "-" "Mozilla/5.0 (Linux; Android 5.1.1; SM-J111F) AppleWebKit/537.36 (KHTML, like Gecko) Chrome/73.0.3683.90 Mobile Safari/537.36"
38.121.43.104 - - [12/May/2023:20:17:52 +0200] "GET /dev/ HTTP/1.0" 404 1308 "-" "Mozilla/5.0 (Linux; Android 5.1.1; SM-J111F) AppleWebKit/537.36 (KHTML, like Gecko) Chrome/73.0.3683.90 Mobile Safari/537.36"
38.121.43.104 - - [12/May/2023:20:17:52 +0200] "GET /old-wp/ HTTP/1.0" 404 1308 "-" "Mozilla/5.0 (Linux; Android 5.1.1; SM-J111F) AppleWebKit/537.36 (KHTML, like Gecko) Chrome/73.0.3683.90 Mobile Safari/537.36"
38.121.43.104 - - [12/May/2023:20:17:52 +0200] "GET /web/ HTTP/1.0" 404 1308 "-" "Mozilla/5.0 (Linux; Android 5.1.1; SM-J111F) AppleWebKit/537.36 (KHTML, like Gecko) Chrome/73.0.3683.90 Mobile Safari/537.36"
38.121.43.104 - - [12/May/2023:20:17:52 +0200] "GET /old-site/ HTTP/1.0" 404 1308 "-" "Mozilla/5.0 (Linux; Android 5.1.1; SM-J111F) AppleWebKit/537.36 (KHTML, like Gecko) Chrome/73.0.3683.90 Mobile Safari/537.36"
38.121.43.104 - - [12/May/2023:20:17:52 +0200] "GET /temp/ HTTP/1.0" 403 1307 "-" "Mozilla/5.0 (Linux; Android 5.1.1; SM-J111F) AppleWebKit/537.36 (KHTML, like Gecko) Chrome/73.0.3683.90 Mobile Safari/537.36"
38.121.43.104 - - [12/May/2023:20:17:53 +0200] "GET /2018/ HTTP/1.0" 404 1308 "-" "Mozilla/5.0 (Linux; Android 5.1.1; SM-J111F) AppleWebKit/537.36 (KHTML, like Gecko) Chrome/73.0.3683.90 Mobile Safari/537.36"
38.121.43.104 - - [12/May/2023:20:17:53 +0200] "GET /2019/ HTTP/1.0" 404 1308 "-" "Mozilla/5.0 (Linux; Android 5.1.1; SM-J111F) AppleWebKit/537.36 (KHTML, like Gecko) Chrome/73.0.3683.90 Mobile Safari/537.36"
38.121.43.104 - - [12/May/2023:20:17:53 +0200] "GET /bk/ HTTP/1.0" 404 1308 "-" "Mozilla/5.0 (Linux; Android 5.1.1; SM-J111F) AppleWebKit/537.36 (KHTML, like Gecko) Chrome/73.0.3683.90 Mobile Safari/537.36"
38.121.43.104 - - [12/May/2023:20:17:53 +0200] "GET /wp1/ HTTP/1.0" 404 1308 "-" "Mozilla/5.0 (Linux; Android 5.1.1; SM-J111F) AppleWebKit/537.36 (KHTML, like Gecko) Chrome/73.0.3683.90 Mobile Safari/537.36"
38.121.43.104 - - [12/May/2023:20:17:53 +0200] "GET /wp2/ HTTP/1.0" 404 1308 "-" "Mozilla/5.0 (Linux; Android 5.1.1; SM-J111F) AppleWebKit/537.36 (KHTML, like Gecko) Chrome/73.0.3683.90 Mobile Safari/537.36"
38.121.43.104 - - [12/May/2023:20:17:54 +0200] "GET /v1/ HTTP/1.0" 404 1308 "-" "Mozilla/5.0 (Linux; Android 5.1.1; SM-J111F) AppleWebKit/537.36 (KHTML, like Gecko) Chrome/73.0.3683.90 Mobile Safari/537.36"
38.121.43.104 - - [12/May/2023:20:17:54 +0200] "GET /v2/ HTTP/1.0" 404 1308 "-" "Mozilla/5.0 (Linux; Android 5.1.1; SM-J111F) AppleWebKit/537.36 (KHTML, like Gecko) Chrome/73.0.3683.90 Mobile Safari/537.36"
38.121.43.104 - - [12/May/2023:20:17:54 +0200] "GET /bak/ HTTP/1.0" 404 1308 "-" "Mozilla/5.0 (Linux; Android 5.1.1; SM-J111F) AppleWebKit/537.36 (KHTML, like Gecko) Chrome/73.0.3683.90 Mobile Safari/537.36"
38.121.43.104 - - [12/May/2023:20:17:54 +0200] "GET /install/ HTTP/1.0" 404 1308 "-" "Mozilla/5.0 (Linux; Android 5.1.1; SM-J111F) AppleWebKit/537.36 (KHTML, like Gecko) Chrome/73.0.3683.90 Mobile Safari/537.36"
38.121.43.104 - - [12/May/2023:20:17:54 +0200] "GET /2020/ HTTP/1.0" 404 1308 "-" "Mozilla/5.0 (Linux; Android 5.1.1; SM-J111F) AppleWebKit/537.36 (KHTML, like Gecko) Chrome/73.0.3683.90 Mobile Safari/537.36"
38.121.43.104 - - [12/May/2023:20:17:55 +0200] "GET /new-site/ HTTP/1.0" 404 1308 "-" "Mozilla/5.0 (Linux; Android 5.1.1; SM-J111F) AppleWebKit/537.36 (KHTML, like Gecko) Chrome/73.0.3683.90 Mobile Safari/537.36"
149.6.140.106 - - [12/May/2023:20:19:51 +0200] "GET /images/mini_prod/F8028501263382.jpg HTTP/1.0" 200 270 "-" "Mozilla/5.0 (X11; Ubuntu; Linux x86_64; rv:72.0) Gecko/20100101 Firefox/72.0"
95.163.255.121 - - [12/May/2023:20:19:51 +0200] "GET /robots.txt HTTP/1.0" 301 531 "-" "Mozilla/5.0 (compatible; Linux x86_64; Mail.RU_Bot/Img/2.0; +https://help.mail.ru/webmaster/indexing/robots)"
95.163.255.111 - - [12/May/2023:20:19:55 +0200] "GET /images/med_prod/8006180201741.jpg HTTP/1.0" 301 577 "http://go.mail.ru/search_images" "Mozilla/5.0 (compatible; Linux x86_64; Mail.RU_Bot/Img/2.0; +https://help.mail.ru/webmaster/indexing/robots)"
95.163.255.138 - - [12/May/2023:20:19:58 +0200] "GET /images/3681643302910.jpg HTTP/1.0" 301 559 "http://go.mail.ru/search_images" "Mozilla/5.0 (compatible; Linux x86_64; Mail.RU_Bot/Img/2.0; +https://help.mail.ru/webmaster/indexing/robots)"
95.163.255.130 - - [12/May/2023:20:20:01 +0200] "GET /images/mini_prod/3684225058250.jpg HTTP/1.0" 301 579 "http://go.mail.ru/search_images" "Mozilla/5.0 (compatible; Linux x86_64; Mail.RU_Bot/Img/2.0; +https://help.mail.ru/webmaster/indexing/robots)"
95.163.255.140 - - [12/May/2023:20:20:05 +0200] "GET /images/3279510801620.jpg HTTP/1.0" 301 559 "http://go.mail.ru/search_images" "Mozilla/5.0 (compatible; Linux x86_64; Mail.RU_Bot/Img/2.0; +https://help.mail.ru/webmaster/indexing/robots)"
95.163.255.138 - - [12/May/2023:20:20:13 +0200] "GET /robots.txt HTTP/1.0" 200 245 "-" "Mozilla/5.0 (compatible; Linux x86_64; Mail.RU_Bot/Img/2.0; +https://help.mail.ru/webmaster/indexing/robots)"
95.163.255.130 - - [12/May/2023:20:20:18 +0200] "GET /images/med_prod/8006180201741.jpg HTTP/1.0" 200 268 "http://wonder-geek.com/images/med_prod/8006180201741.jpg" "Mozilla/5.0 (compatible; Linux x86_64; Mail.RU_Bot/Img/2.0; +https://help.mail.ru/webmaster/indexing/robots)"
95.163.255.131 - - [12/May/2023:20:20:20 +0200] "GET /images/mini_prod/3684225058250.jpg HTTP/1.0" 200 269 "http://wonder-geek.com/images/mini_prod/3684225058250.jpg" "Mozilla/5.0 (compatible; Linux x86_64; Mail.RU_Bot/Img/2.0; +https://help.mail.ru/webmaster/indexing/robots)"
95.163.255.130 - - [12/May/2023:20:20:23 +0200] "GET /images/3681643302910.jpg HTTP/1.0" 200 259 "http://wonder-geek.com/images/3681643302910.jpg" "Mozilla/5.0 (compatible; Linux x86_64; Mail.RU_Bot/Img/2.0; +https://help.mail.ru/webmaster/indexing/robots)"
95.163.255.130 - - [12/May/2023:20:20:26 +0200] "GET /images/3279510801620.jpg HTTP/1.0" 200 259 "http://wonder-geek.com/images/3279510801620.jpg" "Mozilla/5.0 (compatible; Linux x86_64; Mail.RU_Bot/Img/2.0; +https://help.mail.ru/webmaster/indexing/robots)"
121.30.179.117 - - [12/May/2023:20:21:08 +0200] "GET /images/big_prod_2/8422092340062C.jpg HTTP/1.0" 200 271 "-" "Mozilla/5.0 (X11; Ubuntu; Linux x86_64; rv:72.0) Gecko/20100101 Firefox/72.0"
188.130.184.107 - - [12/May/2023:20:21:47 +0200] "GET / HTTP/1.0" 301 511 "http://wonder-geek.com/" "Mozilla/5.0 (Windows NT 10.0; Win64; x64) AppleWebKit/537.36 (KHTML, like Gecko) Chrome/103.0.5060.66 Safari/537.36"
40.77.167.220 - - [12/May/2023:20:22:31 +0200] "GET /images/5060021903181.jpg HTTP/1.0" 200 259 "-" "Mozilla/5.0 (Windows NT 6.1; WOW64) AppleWebKit/534+ (KHTML, like Gecko) BingPreview/1.0b"
66.249.70.72 - - [12/May/2023:20:22:56 +0200] "GET /harley-davidson-skull-lighter-p-42861.html HTTP/1.0" 200 76456 "-" "Mozilla/5.0 (compatible; Googlebot/2.1; +http://www.google.com/bot.html)"
66.249.70.72 - - [12/May/2023:20:23:00 +0200] "GET /images/big_prod_2/8422016372124C.jpg HTTP/1.0" 200 271 "-" "Googlebot-Image/1.0"
180.76.14.143 - - [12/May/2023:20:23:09 +0200] "GET /images/mini_prod/3665269032109.jpg HTTP/1.0" 200 269 "-" "python-requests/2.22.0"
129.204.31.216 - - [12/May/2023:20:23:19 +0200] "GET /images/mini_prod/3661443612495.jpg HTTP/1.0" 200 269 "-" "Mozilla/5.0 (X11; Ubuntu; Linux x86_64; rv:72.0) Gecko/20100101 Firefox/72.0"
178.212.53.6 - - [12/May/2023:20:25:11 +0200] "GET /contact_us.php HTTP/1.0" 200 26241 "http://www.wonder-geek.com/contact_us.php" "Mozilla/5.0 (Windows NT 6.1; Win64; x64) AppleWebKit/537.36 (KHTML, like Gecko) Chrome/90.0.4430.85 Safari/537.36"
51.68.224.127 - - [12/May/2023:20:25:37 +0200] "GET /adminweb/export_orders_xml.php?token=256de2z6edz6ed2z6DFSFsed2zed6zeDSFDSGdzedezfzf&maxorders=10&orderstart=1&status=14&start_date=2018-10-01 HTTP/1.0" 200 285 "-" "GesCom CharlotteBoutik Serveur"
51.68.224.127 - - [12/May/2023:20:25:38 +0200] "GET /adminweb/export_orders_xml.php?token=256de2z6edz6ed2z6DFSFsed2zed6zeDSFDSGdzedezfzf&maxorders=10&orderstart=1&status=6&start_date=2018-10-01 HTTP/1.0" 200 33887 "-" "GesCom CharlotteBoutik Serveur"
42.194.128.82 - - [12/May/2023:20:26:35 +0200] "GET /images/mini_prod/3503420077364.jpg HTTP/1.0" 200 269 "-" "Mozilla/5.0 (X11; Ubuntu; Linux x86_64; rv:72.0) Gecko/20100101 Firefox/72.0"
207.46.13.208 - - [12/May/2023:20:26:42 +0200] "GET /klimt-little-tray-p-51678.html HTTP/1.0" 200 75985 "-" "Mozilla/5.0 AppleWebKit/537.36 (KHTML, like Gecko; compatible; bingbot/2.0; +http://www.bing.com/bingbot.htm) Chrome/103.0.5060.134 Safari/537.36"
66.249.70.68 - - [12/May/2023:20:27:03 +0200] "GET /images/big_prod/8424001290628.jpg HTTP/1.0" 200 268 "-" "Googlebot-Image/1.0"
8.210.174.16 - - [12/May/2023:20:27:11 +0200] "GET /images/mini_prod/4260082930527.jpg HTTP/1.0" 200 269 "-" "aria2/1.35.0"
129.82.147.216 - - [12/May/2023:20:28:02 +0200] "GET /images/mini_prod/3700653593320.jpg HTTP/1.0" 200 269 "-" "Mozilla/5.0 (X11; Ubuntu; Linux x86_64; rv:72.0) Gecko/20100101 Firefox/72.0"
101.132.27.63 - - [12/May/2023:20:29:43 +0200] "GET /images/mini_prod/Image17.jpg HTTP/1.0" 200 263 "-" "Mozilla/5.0 (X11; Ubuntu; Linux x86_64; rv:72.0) Gecko/20100101 Firefox/72.0"
149.6.140.106 - - [12/May/2023:20:30:00 +0200] "GET /images/mini_prod/3503420112188.jpg HTTP/1.0" 200 269 "-" "Mozilla/5.0 (X11; Ubuntu; Linux x86_64; rv:72.0) Gecko/20100101 Firefox/72.0"
8.217.84.150 - - [12/May/2023:20:30:09 +0200] "GET /images/mini_prod/1384010206430.jpg HTTP/1.0" 200 269 "-" "aria2/1.35.0"
66.249.70.72 - - [12/May/2023:20:30:36 +0200] "GET /images/32816401792101.jpg HTTP/1.0" 200 260 "-" "Googlebot-Image/1.0"
66.249.70.72 - - [12/May/2023:20:30:37 +0200] "GET /cotton-floor-cushion-charline-p-51084.html HTTP/1.0" 301 73391 "-" "Mozilla/5.0 (compatible; Googlebot/2.1; +http://www.google.com/bot.html)"
66.249.70.72 - - [12/May/2023:20:30:38 +0200] "GET /-p-51084.html HTTP/1.0" 200 73324 "-" "Mozilla/5.0 (compatible; Googlebot/2.1; +http://www.google.com/bot.html)"
147.92.153.1 - - [12/May/2023:20:31:14 +0200] "GET /fine-bone-china-robin-family-p-60475.html HTTP/1.0" 200 76752 "-" "Mozilla/5.0 (compatible; Linespider/1.1; +https://lin.ee/4dwXkTH)"
147.92.153.20 - - [12/May/2023:20:31:19 +0200] "GET /swfobject.js HTTP/1.0" 404 1308 "http://www.wonder-geek.com/fine-bone-china-robin-family-p-60475.html" "Mozilla/5.0 (Windows NT 10.0; Win64; x64) AppleWebKit/537.36 (KHTML, like Gecko; compatible; Linespider/1.1; +https://lin.ee/4dwXkTH) Chrome/112.0.0.0 Safari/537.36"
129.82.147.216 - - [12/May/2023:20:32:05 +0200] "GET /images/mini_prod/8718375756041.jpg HTTP/1.0" 200 269 "-" "Mozilla/5.0 (X11; Ubuntu; Linux x86_64; rv:72.0) Gecko/20100101 Firefox/72.0"
42.194.225.248 - - [12/May/2023:20:32:56 +0200] "GET /images/mini_prod/8422002209427.jpg HTTP/1.0" 200 269 "-" "Mozilla/5.0 (X11; Ubuntu; Linux x86_64; rv:72.0) Gecko/20100101 Firefox/72.0"
81.71.94.236 - - [12/May/2023:20:34:09 +0200] "GET /images/mini_prod/1384010208410.jpg HTTP/1.0" 200 269 "-" "Mozilla/5.0 (X11; Ubuntu; Linux x86_64; rv:72.0) Gecko/20100101 Firefox/72.0"
185.176.78.178 - - [12/May/2023:20:34:35 +0200] "GET /images/mini_prod/1367103265774.jpg HTTP/1.0" 200 269 "-" "Mozilla/5.0 (X11; Ubuntu; Linux x86_64; rv:72.0) Gecko/20100101 Firefox/72.0"
54.236.1.13 - - [12/May/2023:20:35:27 +0200] "GET /swing-map-collection-gorjuss-p-23145.html HTTP/1.0" 301 73391 "-" "Mozilla/5.0 (compatible; Pinterestbot/1.0; +http://www.pinterest.com/bot.html)"
54.236.1.13 - - [12/May/2023:20:35:29 +0200] "GET /-p-23145.html HTTP/1.0" 200 73324 "-" "Mozilla/5.0 (compatible; Pinterestbot/1.0; +http://www.pinterest.com/bot.html)"
66.249.70.68 - - [12/May/2023:20:36:04 +0200] "GET /images/big_prod_1/643862.jpg HTTP/1.0" 200 263 "-" "Googlebot-Image/1.0"
207.46.13.208 - - [12/May/2023:20:36:42 +0200] "GET /images/3188801003165.jpg HTTP/1.0" 200 259 "-" "Mozilla/5.0 AppleWebKit/537.36 (KHTML, like Gecko; compatible; bingbot/2.0; +http://www.bing.com/bingbot.htm) Chrome/103.0.5060.134 Safari/537.36"
8.210.174.16 - - [12/May/2023:20:38:21 +0200] "GET /images/mini_prod/3079091105663.jpg HTTP/1.0" 200 269 "-" "aria2/1.35.0"
121.30.179.7 - - [12/May/2023:20:39:15 +0200] "GET /images/big_prod_2/028399270163b.jpg HTTP/1.0" 200 270 "-" "Mozilla/5.0 (X11; Ubuntu; Linux x86_64; rv:72.0) Gecko/20100101 Firefox/72.0"
44.234.150.95 - - [12/May/2023:20:39:27 +0200] "GET /images/8435333848197.jpg HTTP/1.0" 200 259 "-" "Mozilla/5.0 (X11; Ubuntu; Linux x86_64; rv:72.0) Gecko/20100101 Firefox/72.0"
176.53.217.167 - - [12/May/2023:20:40:12 +0200] "GET / HTTP/1.0" 301 511 "-" "Mozilla/5.0 (Windows NT 10.0; Win64; x64) AppleWebKit/537.36 (KHTML, like Gecko) Chrome/94.0.4606.61 Safari/537.36"
176.53.221.186 - - [12/May/2023:20:40:13 +0200] "GET / HTTP/1.0" 200 153254 "-" "Mozilla/5.0 (Windows NT 10.0; Win64; x64) AppleWebKit/537.36 (KHTML, like Gecko) Chrome/94.0.4606.61 Safari/537.36"
176.53.219.207 - - [12/May/2023:20:40:17 +0200] "GET /favicon.ico HTTP/1.0" 200 260 "-" "Mozilla/5.0 (Windows NT 10.0; Win64; x64) AppleWebKit/537.36 (KHTML, like Gecko) Chrome/94.0.4606.61 Safari/537.36"
89.104.100.43 - - [12/May/2023:20:40:18 +0200] "GET /favicon.ico HTTP/1.0" 301 533 "-" "Mozilla/5.0 (Windows NT 10.0; Win64; x64) AppleWebKit/537.36 (KHTML, like Gecko) Chrome/94.0.4606.61 Safari/537.36"
176.53.217.57 - - [12/May/2023:20:40:19 +0200] "GET /favicon.ico HTTP/1.0" 200 260 "-" "Mozilla/5.0 (Windows NT 10.0; Win64; x64) AppleWebKit/537.36 (KHTML, like Gecko) Chrome/94.0.4606.61 Safari/537.36"
44.212.18.11 - - [12/May/2023:20:40:51 +0200] "GET /images/mini_prod/8422360068315.jpg HTTP/1.0" 200 269 "-" "Mozilla/5.0 (X11; Ubuntu; Linux x86_64; rv:72.0) Gecko/20100101 Firefox/72.0"
66.249.70.68 - - [12/May/2023:20:41:16 +0200] "GET /images/big_prod_1/8007472032104B.jpg HTTP/1.0" 200 271 "-" "Googlebot-Image/1.0"
51.68.224.127 - - [12/May/2023:20:41:45 +0200] "GET /adminweb/export_orders_xml.php?token=256de2z6edz6ed2z6DFSFsed2zed6zeDSFDSGdzedezfzf&maxorders=10&orderstart=1&status=14&start_date=2018-10-01 HTTP/1.0" 200 285 "-" "GesCom CharlotteBoutik Serveur"
51.68.224.127 - - [12/May/2023:20:41:45 +0200] "GET /adminweb/export_orders_xml.php?token=256de2z6edz6ed2z6DFSFsed2zed6zeDSFDSGdzedezfzf&maxorders=10&orderstart=1&status=6&start_date=2018-10-01 HTTP/1.0" 200 33887 "-" "GesCom CharlotteBoutik Serveur"
52.167.144.85 - - [12/May/2023:20:42:12 +0200] "GET /soft-toys-security-blanket-c-4_46.html?page=6 HTTP/1.0" 200 83667 "-" "Mozilla/5.0 AppleWebKit/537.36 (KHTML, like Gecko; compatible; bingbot/2.0; +http://www.bing.com/bingbot.htm) Chrome/103.0.5060.134 Safari/537.36"
211.249.40.15 - - [12/May/2023:20:42:35 +0200] "GET /images/mini_prod/1384010179017.jpg HTTP/1.0" 200 269 "-" "Mozilla/5.0 (X11; Ubuntu; Linux x86_64; rv:72.0) Gecko/20100101 Firefox/72.0"
146.50.28.35 - - [12/May/2023:20:42:45 +0200] "GET /images/mini_prod/5018997513248.jpg HTTP/1.0" 200 269 "-" "Mozilla/5.0 (X11; Ubuntu; Linux x86_64; rv:72.0) Gecko/20100101 Firefox/72.0"
42.194.128.82 - - [12/May/2023:20:43:19 +0200] "GET /images/mini_prod/6942138999990.jpg HTTP/1.0" 200 269 "-" "Mozilla/5.0 (X11; Ubuntu; Linux x86_64; rv:72.0) Gecko/20100101 Firefox/72.0"
66.249.70.68 - - [12/May/2023:20:43:44 +0200] "GET /images/9326889024205.jpg HTTP/1.0" 200 259 "-" "Googlebot-Image/1.0"
182.52.19.154 - - [12/May/2023:20:43:51 +0200] "GET /contact_us.php HTTP/1.0" 200 26241 "http://www.wonder-geek.com/contact_us.php" "Mozilla/5.0 (Windows NT 10.0) AppleWebKit/537.36 (KHTML, like Gecko) Chrome/90.0.4430.72 Safari/537.36"
182.52.19.154 - - [12/May/2023:20:43:53 +0200] "POST /contact_us.php?action=send HTTP/1.0" 200 26482 "http://www.wonder-geek.com/contact_us.php" "Mozilla/5.0 (Windows NT 10.0) AppleWebKit/537.36 (KHTML, like Gecko) Chrome/90.0.4430.72 Safari/537.36"
66.249.70.76 - - [12/May/2023:20:45:25 +0200] "GET /images/big_prod_3/8424346518388D.jpg HTTP/1.0" 200 271 "-" "Googlebot-Image/1.0"
66.249.70.76 - - [12/May/2023:20:46:14 +0200] "GET /travel-phosphorescent-polar-plaid-p-51609.html HTTP/1.0" 200 76068 "-" "Mozilla/5.0 (Linux; Android 6.0.1; Nexus 5X Build/MMB29P) AppleWebKit/537.36 (KHTML, like Gecko) Chrome/112.0.5615.142 Mobile Safari/537.36 (compatible; Googlebot/2.1; +http://www.google.com/bot.html)"
121.30.179.87 - - [12/May/2023:20:47:20 +0200] "GET /images/big_prod_1/BOISDEOUD.jpg HTTP/1.0" 200 266 "-" "Mozilla/5.0 (X11; Ubuntu; Linux x86_64; rv:72.0) Gecko/20100101 Firefox/72.0"
42.194.128.82 - - [12/May/2023:20:47:27 +0200] "GET /images/mini_prod/MISES-EN-SITUATION-16.jpg HTTP/1.0" 200 277 "-" "Mozilla/5.0 (X11; Ubuntu; Linux x86_64; rv:72.0) Gecko/20100101 Firefox/72.0"
66.249.70.72 - - [12/May/2023:20:48:21 +0200] "GET /holders-c-13_150_201.html?page=1 HTTP/1.0" 200 91992 "-" "Mozilla/5.0 (Linux; Android 6.0.1; Nexus 5X Build/MMB29P) AppleWebKit/537.36 (KHTML, like Gecko) Chrome/112.0.5615.142 Mobile Safari/537.36 (compatible; Googlebot/2.1; +http://www.google.com/bot.html)"
207.46.13.208 - - [12/May/2023:20:48:43 +0200] "GET /-c-42.html HTTP/1.0" 200 72010 "-" "Mozilla/5.0 AppleWebKit/537.36 (KHTML, like Gecko; compatible; bingbot/2.0; +http://www.bing.com/bingbot.htm) Chrome/103.0.5060.134 Safari/537.36"
50.46.238.169 - - [12/May/2023:20:48:48 +0200] "GET /images/mini_prod/3453131143288.jpg HTTP/1.0" 200 269 "-" "Mozilla/5.0 (X11; Ubuntu; Linux x86_64; rv:72.0) Gecko/20100101 Firefox/72.0"
50.46.238.169 - - [12/May/2023:20:49:02 +0200] "GET /images/mini_prod/MISES-EN-SITUATION-05.jpg HTTP/1.0" 200 277 "-" "Mozilla/5.0 (X11; Ubuntu; Linux x86_64; rv:72.0) Gecko/20100101 Firefox/72.0"
106.55.255.207 - - [12/May/2023:20:49:15 +0200] "GET /images/mini_prod/8718375751152.jpg HTTP/1.0" 200 269 "-" "Mozilla/5.0 (X11; Ubuntu; Linux x86_64; rv:72.0) Gecko/20100101 Firefox/72.0"
40.77.167.220 - - [12/May/2023:20:49:14 +0200] "GET /mugs-mazagrans-c-12_57.html?page=2 HTTP/1.0" 200 97738 "-" "Mozilla/5.0 AppleWebKit/537.36 (KHTML, like Gecko; compatible; bingbot/2.0; +http://www.bing.com/bingbot.htm) Chrome/103.0.5060.134 Safari/537.36"
81.71.101.51 - - [12/May/2023:20:49:59 +0200] "GET /images/mini_prod/9316188068253.jpg HTTP/1.0" 200 269 "-" "Mozilla/5.0 (X11; Ubuntu; Linux x86_64; rv:72.0) Gecko/20100101 Firefox/72.0"
129.204.31.216 - - [12/May/2023:20:51:44 +0200] "GET /images/mini_prod/3612875123530.jpg HTTP/1.0" 200 269 "-" "Mozilla/5.0 (X11; Ubuntu; Linux x86_64; rv:72.0) Gecko/20100101 Firefox/72.0"
66.249.70.68 - - [12/May/2023:20:52:56 +0200] "GET /chimes-suspensions-c-13_241.html HTTP/1.0" 200 93657 "-" "Mozilla/5.0 (Linux; Android 6.0.1; Nexus 5X Build/MMB29P) AppleWebKit/537.36 (KHTML, like Gecko) Chrome/113.0.5672.92 Mobile Safari/537.36 (compatible; Googlebot/2.1; +http://www.google.com/bot.html)"
52.167.144.85 - - [12/May/2023:20:53:03 +0200] "GET /clocks-c-13_67.html HTTP/1.0" 200 95903 "-" "Mozilla/5.0 AppleWebKit/537.36 (KHTML, like Gecko; compatible; bingbot/2.0; +http://www.bing.com/bingbot.htm) Chrome/103.0.5060.134 Safari/537.36"
66.249.70.72 - - [12/May/2023:20:53:16 +0200] "GET /images/big_prod_1/8433933279762D.jpg HTTP/1.0" 200 271 "-" "Googlebot-Image/1.0"
216.134.228.48 - - [12/May/2023:20:54:40 +0200] "GET /images/1300010237335.jpg HTTP/1.0" 200 259 "-" "PicCollage/502 CFNetwork/1335.0.3.1 Darwin/21.6.0"
106.52.249.139 - - [12/May/2023:20:55:29 +0200] "GET /images/mini_prod/3612874117806.jpg HTTP/1.0" 200 269 "-" "Mozilla/5.0 (X11; Ubuntu; Linux x86_64; rv:72.0) Gecko/20100101 Firefox/72.0"
3.101.191.14 - - [12/May/2023:20:55:53 +0200] "GET /images/med_prod/4036113232140.jpg HTTP/1.0" 200 268 "-" "Mozilla/5.0 (X11; Ubuntu; Linux x86_64; rv:72.0) Gecko/20100101 Firefox/72.0"
40.77.167.220 - - [12/May/2023:20:56:25 +0200] "GET /-p-16758.html HTTP/1.0" 200 73324 "-" "Mozilla/5.0 AppleWebKit/537.36 (KHTML, like Gecko; compatible; bingbot/2.0; +http://www.bing.com/bingbot.htm) Chrome/103.0.5060.134 Safari/537.36"
66.249.70.68 - - [12/May/2023:20:56:48 +0200] "GET /images/med_prod/3700276216040.jpg HTTP/1.0" 200 268 "-" "Googlebot-Image/1.0"
121.30.179.107 - - [12/May/2023:20:57:33 +0200] "GET /images/mini_prod/3560600303255.jpg HTTP/1.0" 200 269 "-" "Mozilla/5.0 (X11; Ubuntu; Linux x86_64; rv:72.0) Gecko/20100101 Firefox/72.0"
51.68.224.127 - - [12/May/2023:20:57:59 +0200] "GET /adminweb/export_orders_xml.php?token=256de2z6edz6ed2z6DFSFsed2zed6zeDSFDSGdzedezfzf&maxorders=10&orderstart=1&status=14&start_date=2018-10-01 HTTP/1.0" 200 285 "-" "GesCom CharlotteBoutik Serveur"
51.68.224.127 - - [12/May/2023:20:57:59 +0200] "GET /adminweb/export_orders_xml.php?token=256de2z6edz6ed2z6DFSFsed2zed6zeDSFDSGdzedezfzf&maxorders=10&orderstart=1&status=6&start_date=2018-10-01 HTTP/1.0" 200 33887 "-" "GesCom CharlotteBoutik Serveur"
121.134.39.24 - - [12/May/2023:20:58:03 +0200] "GET /images/big_prod_1/3359103059680c.jpg HTTP/1.0" 200 271 "-" "Mozilla/5.0 (X11; Ubuntu; Linux x86_64; rv:72.0) Gecko/20100101 Firefox/72.0"
17.241.227.201 - - [12/May/2023:20:58:50 +0200] "GET /images/mini_prod/1384000001038.jpg HTTP/1.0" 200 269 "-" "Mozilla/5.0 (Macintosh; Intel Mac OS X 10_15_5) AppleWebKit/605.1.15 (KHTML, like Gecko) Version/13.1.1 Safari/605.1.15 (Applebot/0.1; +http://www.apple.com/go/applebot)"
207.46.13.208 - - [12/May/2023:20:59:36 +0200] "GET /soft-toys-security-blanket-c-4_46.html?page=5 HTTP/1.0" 200 94826 "-" "Mozilla/5.0 AppleWebKit/537.36 (KHTML, like Gecko; compatible; bingbot/2.0; +http://www.bing.com/bingbot.htm) Chrome/103.0.5060.134 Safari/537.36"
54.225.44.193 - - [12/May/2023:20:59:39 +0200] "GET /images/1300010240274.jpg HTTP/1.0" 200 259 "-" "Mozilla/5.0 (X11; Ubuntu; Linux x86_64; rv:72.0) Gecko/20100101 Firefox/72.0"
66.249.70.76 - - [12/May/2023:21:00:25 +0200] "GET /images/big_prod_3/1328399282500b.jpg HTTP/1.0" 200 271 "-" "Googlebot-Image/1.0"
66.249.70.68 - - [12/May/2023:21:00:26 +0200] "GET /cotton-floor-cushion-charline-p-51084.html HTTP/1.0" 301 73391 "-" "Mozilla/5.0 (Linux; Android 6.0.1; Nexus 5X Build/MMB29P) AppleWebKit/537.36 (KHTML, like Gecko) Chrome/112.0.5615.142 Mobile Safari/537.36 (compatible; Googlebot/2.1; +http://www.google.com/bot.html)"
66.249.70.72 - - [12/May/2023:21:00:28 +0200] "GET /-p-51084.html HTTP/1.0" 200 73324 "-" "Mozilla/5.0 (Linux; Android 6.0.1; Nexus 5X Build/MMB29P) AppleWebKit/537.36 (KHTML, like Gecko) Chrome/112.0.5615.142 Mobile Safari/537.36 (compatible; Googlebot/2.1; +http://www.google.com/bot.html)"
5.166.216.209 - - [12/May/2023:21:01:30 +0200] "GET /snowman-solar-powered-dancing-p-34143.html]Test HTTP/1.0" 301 609 "-" "Mozilla/5.0 (Windows NT 6.3; Win64; x64) AppleWebKit/537.36 (KHTML, like Gecko) Chrome/102.0.0.0 Safari/537.36"
5.166.216.209 - - [12/May/2023:21:01:30 +0200] "GET /snowman-solar-powered-dancing-p-34143.html%5dTest HTTP/1.0" 404 1308 "-" "Mozilla/5.0 (Windows NT 6.3; Win64; x64) AppleWebKit/537.36 (KHTML, like Gecko) Chrome/102.0.0.0 Safari/537.36"
5.166.216.209 - - [12/May/2023:21:01:30 +0200] "GET /snowman-solar-powered-dancing-p-34143.html]Test HTTP/1.0" 301 609 "-" "Mozilla/5.0 (Windows NT 6.3; Win64; x64) AppleWebKit/537.36 (KHTML, like Gecko) Chrome/102.0.0.0 Safari/537.36"
5.166.216.209 - - [12/May/2023:21:01:31 +0200] "GET /snowman-solar-powered-dancing-p-34143.html%5dTest HTTP/1.0" 404 1308 "-" "Mozilla/5.0 (Windows NT 6.3; Win64; x64) AppleWebKit/537.36 (KHTML, like Gecko) Chrome/102.0.0.0 Safari/537.36"
52.167.144.85 - - [12/May/2023:21:01:54 +0200] "GET /images/big_prod_1/3609810070851a.jpg HTTP/1.0" 200 271 "-" "Mozilla/5.0 AppleWebKit/537.36 (KHTML, like Gecko; compatible; bingbot/2.0; +http://www.bing.com/bingbot.htm) Chrome/103.0.5060.134 Safari/537.36"
146.50.28.35 - - [12/May/2023:21:02:00 +0200] "GET /images/mini_prod/5415203956408.jpg HTTP/1.0" 200 269 "-" "Mozilla/5.0 (X11; Ubuntu; Linux x86_64; rv:72.0) Gecko/20100101 Firefox/72.0"
66.249.70.68 - - [12/May/2023:21:03:33 +0200] "GET /story-peel-stick-wall-decals-p-31053.html HTTP/1.0" 200 76180 "-" "Mozilla/5.0 (Linux; Android 6.0.1; Nexus 5X Build/MMB29P) AppleWebKit/537.36 (KHTML, like Gecko) Chrome/112.0.5615.142 Mobile Safari/537.36 (compatible; Googlebot/2.1; +http://www.google.com/bot.html)"
121.30.179.126 - - [12/May/2023:21:03:40 +0200] "GET /images/big_prod_1/3359103027467a.jpg HTTP/1.0" 200 271 "-" "Mozilla/5.0 (X11; Ubuntu; Linux x86_64; rv:72.0) Gecko/20100101 Firefox/72.0"
207.46.13.208 - - [12/May/2023:21:04:06 +0200] "GET /mugs-mazagrans-c-12_57.html?page=14 HTTP/1.0" 200 99800 "-" "Mozilla/5.0 AppleWebKit/537.36 (KHTML, like Gecko; compatible; bingbot/2.0; +http://www.bing.com/bingbot.htm) Chrome/103.0.5060.134 Safari/537.36"
66.249.70.72 - - [12/May/2023:21:07:06 +0200] "GET /wall-stickers-indian-style-lion-p-42968.html HTTP/1.0" 200 76724 "-" "Mozilla/5.0 (compatible; Googlebot/2.1; +http://www.google.com/bot.html)"
52.167.144.85 - - [12/May/2023:21:07:25 +0200] "GET /images/big_prod/3609810076143W.jpg HTTP/1.0" 200 269 "-" "Mozilla/5.0 AppleWebKit/537.36 (KHTML, like Gecko; compatible; bingbot/2.0; +http://www.bing.com/bingbot.htm) Chrome/103.0.5060.134 Safari/537.36"
47.12.107.196 - - [12/May/2023:21:09:41 +0200] "GET /images/mini_prod/3700653593269.jpg HTTP/1.0" 200 269 "-" "Mozilla/5.0 (X11; Ubuntu; Linux x86_64; rv:72.0) Gecko/20100101 Firefox/72.0"
184.169.219.80 - - [12/May/2023:21:11:05 +0200] "GET /images/med_prod/1384010184271.jpg HTTP/1.0" 200 268 "-" "Mozilla/5.0 (X11; Ubuntu; Linux x86_64; rv:72.0) Gecko/20100101 Firefox/72.0"
147.92.153.11 - - [12/May/2023:21:11:14 +0200] "GET /fine-bone-china-tropical-jungle-p-60474.html HTTP/1.0" 200 77218 "-" "Mozilla/5.0 (compatible; Linespider/1.1; +https://lin.ee/4dwXkTH)"
40.77.167.220 - - [12/May/2023:21:11:37 +0200] "GET /mtal-signs-c-13_130.html HTTP/1.0" 200 96098 "-" "Mozilla/5.0 AppleWebKit/537.36 (KHTML, like Gecko; compatible; bingbot/2.0; +http://www.bing.com/bingbot.htm) Chrome/103.0.5060.134 Safari/537.36"
66.249.70.72 - - [12/May/2023:21:11:53 +0200] "GET /images/big_prod_1/688GJ16a.jpg HTTP/1.0" 200 265 "-" "Googlebot-Image/1.0"
66.249.70.72 - - [12/May/2023:21:12:04 +0200] "GET /images/big_prod_1/3700572739748B.jpg HTTP/1.0" 200 271 "-" "Googlebot-Image/1.0"
121.30.179.77 - - [12/May/2023:21:12:51 +0200] "GET /images/mini_prod/3700653501219.jpg HTTP/1.0" 200 269 "-" "Mozilla/5.0 (X11; Ubuntu; Linux x86_64; rv:72.0) Gecko/20100101 Firefox/72.0"
121.30.179.97 - - [12/May/2023:21:14:00 +0200] "GET /images/mini_prod/5411217332207.jpg HTTP/1.0" 200 269 "-" "Mozilla/5.0 (X11; Ubuntu; Linux x86_64; rv:72.0) Gecko/20100101 Firefox/72.0"
51.68.224.127 - - [12/May/2023:21:14:11 +0200] "GET /adminweb/export_orders_xml.php?token=256de2z6edz6ed2z6DFSFsed2zed6zeDSFDSGdzedezfzf&maxorders=10&orderstart=1&status=14&start_date=2018-10-01 HTTP/1.0" 200 285 "-" "GesCom CharlotteBoutik Serveur"
51.68.224.127 - - [12/May/2023:21:14:11 +0200] "GET /adminweb/export_orders_xml.php?token=256de2z6edz6ed2z6DFSFsed2zed6zeDSFDSGdzedezfzf&maxorders=10&orderstart=1&status=6&start_date=2018-10-01 HTTP/1.0" 200 33887 "-" "GesCom CharlotteBoutik Serveur"
52.167.144.85 - - [12/May/2023:21:14:12 +0200] "GET /images/mini_prod/1328399219193.jpg HTTP/1.0" 200 269 "-" "Mozilla/5.0 (Windows NT 6.1; WOW64) AppleWebKit/534+ (KHTML, like Gecko) BingPreview/1.0b"
81.71.99.67 - - [12/May/2023:21:14:19 +0200] "GET /images/mini_prod/8003990606209.jpg HTTP/1.0" 200 269 "-" "Mozilla/5.0 (X11; Ubuntu; Linux x86_64; rv:72.0) Gecko/20100101 Firefox/72.0"
101.132.27.63 - - [12/May/2023:21:17:03 +0200] "GET /images/mini_prod/5213199036063.jpg HTTP/1.0" 200 269 "-" "Mozilla/5.0 (X11; Ubuntu; Linux x86_64; rv:72.0) Gecko/20100101 Firefox/72.0"
128.30.195.56 - - [12/May/2023:21:17:13 +0200] "GET /images/mini_prod/1384000000826.jpg HTTP/1.0" 200 269 "-" "Mozilla/5.0 (X11; Ubuntu; Linux x86_64; rv:72.0) Gecko/20100101 Firefox/72.0"
128.30.195.56 - - [12/May/2023:21:17:13 +0200] "GET /images/mini_prod/1384000001038.jpg HTTP/1.0" 200 269 "-" "Mozilla/5.0 (X11; Ubuntu; Linux x86_64; rv:72.0) Gecko/20100101 Firefox/72.0"
128.30.195.56 - - [12/May/2023:21:17:13 +0200] "GET /images/mini_prod/1384000001007.jpg HTTP/1.0" 200 269 "-" "Mozilla/5.0 (X11; Ubuntu; Linux x86_64; rv:72.0) Gecko/20100101 Firefox/72.0"
128.30.195.56 - - [12/May/2023:21:17:13 +0200] "GET /images/mini_prod/1384000001021.jpg HTTP/1.0" 200 269 "-" "Mozilla/5.0 (X11; Ubuntu; Linux x86_64; rv:72.0) Gecko/20100101 Firefox/72.0"
128.30.195.56 - - [12/May/2023:21:17:13 +0200] "GET /images/mini_prod/1384010205709.jpg HTTP/1.0" 200 269 "-" "Mozilla/5.0 (X11; Ubuntu; Linux x86_64; rv:72.0) Gecko/20100101 Firefox/72.0"
128.30.195.56 - - [12/May/2023:21:17:13 +0200] "GET /images/mini_prod/3453131132442.jpg HTTP/1.0" 200 269 "-" "Mozilla/5.0 (X11; Ubuntu; Linux x86_64; rv:72.0) Gecko/20100101 Firefox/72.0"
128.30.195.56 - - [12/May/2023:21:17:13 +0200] "GET /images/mini_prod/1384000001045.jpg HTTP/1.0" 200 269 "-" "Mozilla/5.0 (X11; Ubuntu; Linux x86_64; rv:72.0) Gecko/20100101 Firefox/72.0"
128.30.195.56 - - [12/May/2023:21:17:13 +0200] "GET /images/mini_prod/1384000000871.jpg HTTP/1.0" 200 269 "-" "Mozilla/5.0 (X11; Ubuntu; Linux x86_64; rv:72.0) Gecko/20100101 Firefox/72.0"
128.30.195.56 - - [12/May/2023:21:17:13 +0200] "GET /images/mini_prod/1384000000888.jpg HTTP/1.0" 200 269 "-" "Mozilla/5.0 (X11; Ubuntu; Linux x86_64; rv:72.0) Gecko/20100101 Firefox/72.0"
128.30.195.56 - - [12/May/2023:21:17:13 +0200] "GET /images/mini_prod/1384000000987.jpg HTTP/1.0" 200 269 "-" "Mozilla/5.0 (X11; Ubuntu; Linux x86_64; rv:72.0) Gecko/20100101 Firefox/72.0"
128.30.195.56 - - [12/May/2023:21:17:13 +0200] "GET /images/mini_prod/1384000000864.jpg HTTP/1.0" 200 269 "-" "Mozilla/5.0 (X11; Ubuntu; Linux x86_64; rv:72.0) Gecko/20100101 Firefox/72.0"
128.30.195.56 - - [12/May/2023:21:17:13 +0200] "GET /images/mini_prod/1384000000994.jpg HTTP/1.0" 200 269 "-" "Mozilla/5.0 (X11; Ubuntu; Linux x86_64; rv:72.0) Gecko/20100101 Firefox/72.0"
128.30.195.56 - - [12/May/2023:21:17:13 +0200] "GET /images/mini_prod/1384000000895.jpg HTTP/1.0" 200 269 "-" "Mozilla/5.0 (X11; Ubuntu; Linux x86_64; rv:72.0) Gecko/20100101 Firefox/72.0"
128.30.195.56 - - [12/May/2023:21:17:13 +0200] "GET /images/mini_prod/1384000001014.jpg HTTP/1.0" 200 269 "-" "Mozilla/5.0 (X11; Ubuntu; Linux x86_64; rv:72.0) Gecko/20100101 Firefox/72.0"
128.30.195.56 - - [12/May/2023:21:17:13 +0200] "GET /images/mini_prod/1384000000840.jpg HTTP/1.0" 200 269 "-" "Mozilla/5.0 (X11; Ubuntu; Linux x86_64; rv:72.0) Gecko/20100101 Firefox/72.0"
128.30.195.56 - - [12/May/2023:21:17:13 +0200] "GET /images/mini_prod/1384010205679.jpg HTTP/1.0" 200 269 "-" "Mozilla/5.0 (X11; Ubuntu; Linux x86_64; rv:72.0) Gecko/20100101 Firefox/72.0"
128.30.195.56 - - [12/May/2023:21:17:14 +0200] "GET /images/mini_prod/1384000000925.jpg HTTP/1.0" 200 269 "-" "Mozilla/5.0 (X11; Ubuntu; Linux x86_64; rv:72.0) Gecko/20100101 Firefox/72.0"
66.249.70.68 - - [12/May/2023:21:18:21 +0200] "GET /led-unicorn-nightlight-p-53119.html HTTP/1.0" 301 77217 "-" "Mozilla/5.0 (Linux; Android 6.0.1; Nexus 5X Build/MMB29P) AppleWebKit/537.36 (KHTML, like Gecko) Chrome/112.0.5615.142 Mobile Safari/537.36 (compatible; Googlebot/2.1; +http://www.google.com/bot.html)"
66.249.70.68 - - [12/May/2023:21:18:23 +0200] "GET /unicorn-nightlight-p-53119.html HTTP/1.0" 200 77132 "-" "Mozilla/5.0 (Linux; Android 6.0.1; Nexus 5X Build/MMB29P) AppleWebKit/537.36 (KHTML, like Gecko) Chrome/112.0.5615.142 Mobile Safari/537.36 (compatible; Googlebot/2.1; +http://www.google.com/bot.html)"
66.249.70.72 - - [12/May/2023:21:18:44 +0200] "GET /ceramic-luxy-cache-green-p-55328.html HTTP/1.0" 200 76691 "-" "Mozilla/5.0 (Linux; Android 6.0.1; Nexus 5X Build/MMB29P) AppleWebKit/537.36 (KHTML, like Gecko) Chrome/112.0.5615.142 Mobile Safari/537.36 (compatible; Googlebot/2.1; +http://www.google.com/bot.html)"
66.249.70.68 - - [12/May/2023:21:19:45 +0200] "GET /images/big_prod_1/3700281643718a.jpg HTTP/1.0" 200 271 "-" "Googlebot-Image/1.0"
40.77.167.220 - - [12/May/2023:21:19:57 +0200] "GET /tea-pot-c-12_175.html HTTP/1.0" 200 94079 "-" "Mozilla/5.0 AppleWebKit/537.36 (KHTML, like Gecko; compatible; bingbot/2.0; +http://www.bing.com/bingbot.htm) Chrome/103.0.5060.134 Safari/537.36"
81.71.99.63 - - [12/May/2023:21:22:21 +0200] "GET /images/mini_prod/1384010189283.jpg HTTP/1.0" 200 269 "-" "Mozilla/5.0 (X11; Ubuntu; Linux x86_64; rv:72.0) Gecko/20100101 Firefox/72.0"
66.249.70.72 - - [12/May/2023:21:22:33 +0200] "GET /images/big_prod_1/028399139842b.jpg HTTP/1.0" 200 270 "-" "Googlebot-Image/1.0"
52.167.144.85 - - [12/May/2023:21:22:56 +0200] "GET / HTTP/1.0" 301 511 "-" "Mozilla/5.0 AppleWebKit/537.36 (KHTML, like Gecko; compatible; bingbot/2.0; +http://www.bing.com/bingbot.htm) Chrome/103.0.5060.134 Safari/537.36"
66.249.70.68 - - [12/May/2023:21:23:55 +0200] "GET /strawberry-shortcake-blue-swimsuit-p-30285.html HTTP/1.0" 200 77470 "-" "Mozilla/5.0 (compatible; Googlebot/2.1; +http://www.google.com/bot.html)"
66.249.70.76 - - [12/May/2023:21:24:07 +0200] "GET /strawberry-shortcake-blue-swimsuit-p-30285.html HTTP/1.0" 200 77470 "-" "Mozilla/5.0 (Linux; Android 6.0.1; Nexus 5X Build/MMB29P) AppleWebKit/537.36 (KHTML, like Gecko) Chrome/112.0.5615.142 Mobile Safari/537.36 (compatible; Googlebot/2.1; +http://www.google.com/bot.html)"
216.151.184.147 - - [12/May/2023:21:26:26 +0200] "GET /contact_us.php HTTP/1.0" 200 26241 "-" "Mozilla/5.0 (Windows NT 10.0; WOW64) AppleWebKit/537.36 (KHTML, like Gecko) Chrome/53.0.2785.104 Safari/537.36 Core/1.53.5155.400 QQBrowser/9.7.13231.400"
216.151.184.147 - - [12/May/2023:21:26:29 +0200] "GET /images/pixel_trans.gif HTTP/1.0" 200 328 "http://www.wonder-geek.com/contact_us.php?action=send" "Mozilla/5.0 (Windows NT 10.0; WOW64) AppleWebKit/537.36 (KHTML, like Gecko) Chrome/53.0.2785.104 Safari/537.36 Core/1.53.5155.400 QQBrowser/9.7.13231.400"
216.151.184.147 - - [12/May/2023:21:26:34 +0200] "GET /images/pixel_trans.gif HTTP/1.0" 200 328 "http://www.wonder-geek.com/contact_us.php?action=send" "Mozilla/5.0 (Windows NT 10.0; WOW64) AppleWebKit/537.36 (KHTML, like Gecko) Chrome/53.0.2785.104 Safari/537.36 Core/1.53.5155.400 QQBrowser/9.7.13231.400"
106.55.255.207 - - [12/May/2023:21:27:50 +0200] "GET /images/mini_prod/4895029627446.jpg HTTP/1.0" 200 269 "-" "Mozilla/5.0 (X11; Ubuntu; Linux x86_64; rv:72.0) Gecko/20100101 Firefox/72.0"
45.76.171.66 - - [12/May/2023:21:28:20 +0200] "GET /.env HTTP/1.0" 301 519 "-" "Mozilla/5.0 (Windows NT 10.0; Win64; x64) AppleWebKit/537.36 (KHTML, like Gecko) Chrome/93.0.4577.63 Safari/537.3"
129.204.31.216 - - [12/May/2023:21:29:23 +0200] "GET /images/mini_prod/1300000081092.jpg HTTP/1.0" 200 269 "-" "Mozilla/5.0 (X11; Ubuntu; Linux x86_64; rv:72.0) Gecko/20100101 Firefox/72.0"
121.30.179.107 - - [12/May/2023:21:30:19 +0200] "GET /images/mini_prod/TROME3137.jpg HTTP/1.0" 200 265 "-" "Mozilla/5.0 (X11; Ubuntu; Linux x86_64; rv:72.0) Gecko/20100101 Firefox/72.0"
66.249.70.68 - - [12/May/2023:21:30:26 +0200] "GET /stade-toulousain-otholder-glove-p-27276.html HTTP/1.0" 200 73442 "-" "Mozilla/5.0 (Linux; Android 6.0.1; Nexus 5X Build/MMB29P) AppleWebKit/537.36 (KHTML, like Gecko) Chrome/112.0.5615.142 Mobile Safari/537.36 (compatible; Googlebot/2.1; +http://www.google.com/bot.html)"
51.68.224.127 - - [12/May/2023:21:30:39 +0200] "GET /adminweb/export_orders_xml.php?token=256de2z6edz6ed2z6DFSFsed2zed6zeDSFDSGdzedezfzf&maxorders=10&orderstart=1&status=14&start_date=2018-10-01 HTTP/1.0" 200 285 "-" "GesCom CharlotteBoutik Serveur"
51.68.224.127 - - [12/May/2023:21:30:39 +0200] "GET /adminweb/export_orders_xml.php?token=256de2z6edz6ed2z6DFSFsed2zed6zeDSFDSGdzedezfzf&maxorders=10&orderstart=1&status=6&start_date=2018-10-01 HTTP/1.0" 200 33887 "-" "GesCom CharlotteBoutik Serveur"
5.255.231.36 - - [12/May/2023:21:31:00 +0200] "GET /robots.txt HTTP/1.0" 200 245 "-" "Mozilla/5.0 (compatible; YandexBot/3.0; +http://yandex.com/bots)"
213.180.203.176 - - [12/May/2023:21:31:01 +0200] "GET /-p-27646.html HTTP/1.0" 200 73324 "-" "Mozilla/5.0 (compatible; YandexBot/3.0; +http://yandex.com/bots)"
77.137.4.66 - - [12/May/2023:21:31:41 +0200] "GET /images/med_prod/8435306276187.jpg HTTP/1.0" 200 268 "-" "Mozilla/5.0 (X11; Ubuntu; Linux x86_64; rv:72.0) Gecko/20100101 Firefox/72.0"
44.234.150.95 - - [12/May/2023:21:33:47 +0200] "GET /images/mini_prod/4260082934655B.jpg HTTP/1.0" 200 270 "-" "Mozilla/5.0 (X11; Ubuntu; Linux x86_64; rv:72.0) Gecko/20100101 Firefox/72.0"
17.241.219.196 - - [12/May/2023:21:33:53 +0200] "GET /images/mini_prod/3565750035421.jpg HTTP/1.0" 200 269 "-" "Mozilla/5.0 (Macintosh; Intel Mac OS X 10_15_5) AppleWebKit/605.1.15 (KHTML, like Gecko) Version/13.1.1 Safari/605.1.15 (Applebot/0.1; +http://www.apple.com/go/applebot)"
66.249.70.68 - - [12/May/2023:21:34:25 +0200] "GET /images/1399984227329b.jpg HTTP/1.0" 200 260 "-" "Googlebot-Image/1.0"
40.77.167.220 - - [12/May/2023:21:34:38 +0200] "GET /soft-toys-security-blanket-c-4_46.html?page=4 HTTP/1.0" 200 94801 "-" "Mozilla/5.0 AppleWebKit/537.36 (KHTML, like Gecko; compatible; bingbot/2.0; +http://www.bing.com/bingbot.htm) Chrome/103.0.5060.134 Safari/537.36"
66.249.70.68 - - [12/May/2023:21:36:29 +0200] "GET /images/big_prod_1/3014627746125.jpg HTTP/1.0" 200 270 "-" "Googlebot-Image/1.0"
52.167.144.85 - - [12/May/2023:21:37:27 +0200] "GET /images/big_prod_1/3014627880126a.jpg HTTP/1.0" 200 271 "-" "Mozilla/5.0 AppleWebKit/537.36 (KHTML, like Gecko; compatible; bingbot/2.0; +http://www.bing.com/bingbot.htm) Chrome/103.0.5060.134 Safari/537.36"
66.249.70.68 - - [12/May/2023:21:37:36 +0200] "GET /duvet-cover-cotton-percale-threads-p-51259.html HTTP/1.0" 200 76923 "-" "Mozilla/5.0 (compatible; Googlebot/2.1; +http://www.google.com/bot.html)"
44.234.150.95 - - [12/May/2023:21:38:05 +0200] "GET /images/big_prod_2/028399270163b.jpg HTTP/1.0" 200 270 "-" "Mozilla/5.0 (X11; Ubuntu; Linux x86_64; rv:72.0) Gecko/20100101 Firefox/72.0"
66.249.70.72 - - [12/May/2023:21:38:23 +0200] "GET /images/big_prod/8422142192450.jpg HTTP/1.0" 200 268 "-" "Googlebot-Image/1.0"
81.71.94.236 - - [12/May/2023:21:38:43 +0200] "GET /images/mini_prod/1399984254387.jpg HTTP/1.0" 200 269 "-" "Mozilla/5.0 (X11; Ubuntu; Linux x86_64; rv:72.0) Gecko/20100101 Firefox/72.0"
66.249.70.68 - - [12/May/2023:21:38:54 +0200] "GET /dresses-skirts-c-1_19.html HTTP/1.0" 200 82154 "-" "Mozilla/5.0 (Linux; Android 6.0.1; Nexus 5X Build/MMB29P) AppleWebKit/537.36 (KHTML, like Gecko) Chrome/113.0.5672.92 Mobile Safari/537.36 (compatible; Googlebot/2.1; +http://www.google.com/bot.html)"
129.204.116.160 - - [12/May/2023:21:39:16 +0200] "GET /images/3681643402207.jpg HTTP/1.0" 200 259 "-" "Mozilla/5.0 (X11; Ubuntu; Linux x86_64; rv:72.0) Gecko/20100101 Firefox/72.0"
95.163.255.141 - - [12/May/2023:21:40:06 +0200] "GET /robots.txt HTTP/1.0" 200 245 "-" "Mozilla/5.0 (compatible; Linux x86_64; Mail.RU_Bot/Img/2.0; +https://help.mail.ru/webmaster/indexing/robots)"
95.163.255.198 - - [12/May/2023:21:40:07 +0200] "GET /images/big_prod/3520071478838.jpg HTTP/1.0" 200 268 "http://go.mail.ru/search_images" "Mozilla/5.0 (compatible; Linux x86_64; Mail.RU_Bot/Img/2.0; +https://help.mail.ru/webmaster/indexing/robots)"
66.249.70.68 - - [12/May/2023:21:40:58 +0200] "GET /images/big_prod_1/3609810059276a.jpg HTTP/1.0" 200 271 "-" "Googlebot-Image/1.0"
1.235.173.84 - - [12/May/2023:21:41:16 +0200] "GET /images/big_prod_1/b9316188071321.jpg HTTP/1.0" 200 271 "-" "Mozilla/5.0 (X11; Ubuntu; Linux x86_64; rv:72.0) Gecko/20100101 Firefox/72.0"
1.235.173.84 - - [12/May/2023:21:41:47 +0200] "GET /images/mini_prod/1750377000002.jpg HTTP/1.0" 200 269 "-" "Mozilla/5.0 (X11; Ubuntu; Linux x86_64; rv:72.0) Gecko/20100101 Firefox/72.0"
66.249.70.68 - - [12/May/2023:21:41:57 +0200] "GET /bamboo-fiber-plant-cover-p-58889.html HTTP/1.0" 200 76601 "-" "Mozilla/5.0 (compatible; Googlebot/2.1; +http://www.google.com/bot.html)"
52.167.144.85 - - [12/May/2023:21:43:07 +0200] "GET /images/big_prod_3/5404006045211d.jpg HTTP/1.0" 200 271 "-" "Mozilla/5.0 AppleWebKit/537.36 (KHTML, like Gecko; compatible; bingbot/2.0; +http://www.bing.com/bingbot.htm) Chrome/103.0.5060.134 Safari/537.36"
52.167.144.85 - - [12/May/2023:21:43:08 +0200] "GET /clocks-c-13_67.html?page=9 HTTP/1.0" 200 96313 "-" "Mozilla/5.0 AppleWebKit/537.36 (KHTML, like Gecko; compatible; bingbot/2.0; +http://www.bing.com/bingbot.htm) Chrome/103.0.5060.134 Safari/537.36"
218.153.91.34 - - [12/May/2023:21:43:43 +0200] "GET /images/mini_prod/3661443612495.jpg HTTP/1.0" 200 269 "-" "Mozilla/5.0 (X11; Ubuntu; Linux x86_64; rv:72.0) Gecko/20100101 Firefox/72.0"
129.204.118.204 - - [12/May/2023:21:43:45 +0200] "GET /images/mini_prod/1384010182772.jpg HTTP/1.0" 200 269 "-" "Mozilla/5.0 (X11; Ubuntu; Linux x86_64; rv:72.0) Gecko/20100101 Firefox/72.0"
128.30.195.56 - - [12/May/2023:21:44:09 +0200] "GET /images/mini_prod/3612872114258.jpg HTTP/1.0" 200 269 "-" "Mozilla/5.0 (X11; Ubuntu; Linux x86_64; rv:72.0) Gecko/20100101 Firefox/72.0"
128.30.195.56 - - [12/May/2023:21:44:09 +0200] "GET /images/mini_prod/3612874119305.jpg HTTP/1.0" 200 269 "-" "Mozilla/5.0 (X11; Ubuntu; Linux x86_64; rv:72.0) Gecko/20100101 Firefox/72.0"
128.30.195.56 - - [12/May/2023:21:44:09 +0200] "GET /images/mini_prod/3612872112070.jpg HTTP/1.0" 200 269 "-" "Mozilla/5.0 (X11; Ubuntu; Linux x86_64; rv:72.0) Gecko/20100101 Firefox/72.0"
128.30.195.56 - - [12/May/2023:21:44:09 +0200] "GET /images/mini_prod/4036113307312.jpg HTTP/1.0" 200 269 "-" "Mozilla/5.0 (X11; Ubuntu; Linux x86_64; rv:72.0) Gecko/20100101 Firefox/72.0"
128.30.195.56 - - [12/May/2023:21:44:09 +0200] "GET /images/mini_prod/3565750035421.jpg HTTP/1.0" 200 269 "-" "Mozilla/5.0 (X11; Ubuntu; Linux x86_64; rv:72.0) Gecko/20100101 Firefox/72.0"
128.30.195.56 - - [12/May/2023:21:44:09 +0200] "GET /images/mini_prod/3612874112801.jpg HTTP/1.0" 200 269 "-" "Mozilla/5.0 (X11; Ubuntu; Linux x86_64; rv:72.0) Gecko/20100101 Firefox/72.0"
128.30.195.56 - - [12/May/2023:21:44:09 +0200] "GET /images/mini_prod/4036113307268.jpg HTTP/1.0" 200 269 "-" "Mozilla/5.0 (X11; Ubuntu; Linux x86_64; rv:72.0) Gecko/20100101 Firefox/72.0"
128.30.195.56 - - [12/May/2023:21:44:09 +0200] "GET /images/mini_prod/3565750040302.jpg HTTP/1.0" 200 269 "-" "Mozilla/5.0 (X11; Ubuntu; Linux x86_64; rv:72.0) Gecko/20100101 Firefox/72.0"
128.30.195.56 - - [12/May/2023:21:44:09 +0200] "GET /images/mini_prod/3565750040333.jpg HTTP/1.0" 200 269 "-" "Mozilla/5.0 (X11; Ubuntu; Linux x86_64; rv:72.0) Gecko/20100101 Firefox/72.0"
128.30.195.56 - - [12/May/2023:21:44:09 +0200] "GET /images/mini_prod/3612875119168.jpg HTTP/1.0" 200 269 "-" "Mozilla/5.0 (X11; Ubuntu; Linux x86_64; rv:72.0) Gecko/20100101 Firefox/72.0"
128.30.195.56 - - [12/May/2023:21:44:09 +0200] "GET /images/mini_prod/3612875119199.jpg HTTP/1.0" 200 269 "-" "Mozilla/5.0 (X11; Ubuntu; Linux x86_64; rv:72.0) Gecko/20100101 Firefox/72.0"
128.30.195.56 - - [12/May/2023:21:44:09 +0200] "GET /images/mini_prod/8424001318971.jpg HTTP/1.0" 200 269 "-" "Mozilla/5.0 (X11; Ubuntu; Linux x86_64; rv:72.0) Gecko/20100101 Firefox/72.0"
128.30.195.56 - - [12/May/2023:21:44:09 +0200] "GET /images/mini_prod/3565750019100.jpg HTTP/1.0" 200 269 "-" "Mozilla/5.0 (X11; Ubuntu; Linux x86_64; rv:72.0) Gecko/20100101 Firefox/72.0"
52.167.144.85 - - [12/May/2023:21:44:18 +0200] "GET /images/big_prod/3438100303498A.jpg HTTP/1.0" 200 269 "-" "Mozilla/5.0 AppleWebKit/537.36 (KHTML, like Gecko; compatible; bingbot/2.0; +http://www.bing.com/bingbot.htm) Chrome/103.0.5060.134 Safari/537.36"
66.249.70.76 - - [12/May/2023:21:44:32 +0200] "GET /kimmi-junior-cindy-penguin-wooden-p-15831.html HTTP/1.0" 200 76040 "-" "Mozilla/5.0 (compatible; Googlebot/2.1; +http://www.google.com/bot.html)"
185.176.78.178 - - [12/May/2023:21:45:02 +0200] "GET /images/1399984260098.jpg HTTP/1.0" 200 259 "-" "Mozilla/5.0 (X11; Ubuntu; Linux x86_64; rv:72.0) Gecko/20100101 Firefox/72.0"
66.249.70.68 - - [12/May/2023:21:45:42 +0200] "GET /retro-rugby-ball-p-26891.html HTTP/1.0" 200 76516 "-" "Mozilla/5.0 (compatible; Googlebot/2.1; +http://www.google.com/bot.html)"
17.241.75.32 - - [12/May/2023:21:46:23 +0200] "GET /images/mini_prod/3612872114258.jpg HTTP/1.0" 200 269 "-" "Mozilla/5.0 (Macintosh; Intel Mac OS X 10_15_5) AppleWebKit/605.1.15 (KHTML, like Gecko) Version/13.1.1 Safari/605.1.15 (Applebot/0.1; +http://www.apple.com/go/applebot)"
185.176.78.178 - - [12/May/2023:21:46:39 +0200] "GET /images/mini_prod/8424346247431.jpg HTTP/1.0" 200 269 "-" "Mozilla/5.0 (X11; Ubuntu; Linux x86_64; rv:72.0) Gecko/20100101 Firefox/72.0"
51.68.224.127 - - [12/May/2023:21:47:06 +0200] "GET /adminweb/export_orders_xml.php?token=256de2z6edz6ed2z6DFSFsed2zed6zeDSFDSGdzedezfzf&maxorders=10&orderstart=1&status=14&start_date=2018-10-01 HTTP/1.0" 200 285 "-" "GesCom CharlotteBoutik Serveur"
51.68.224.127 - - [12/May/2023:21:47:06 +0200] "GET /adminweb/export_orders_xml.php?token=256de2z6edz6ed2z6DFSFsed2zed6zeDSFDSGdzedezfzf&maxorders=10&orderstart=1&status=6&start_date=2018-10-01 HTTP/1.0" 200 33887 "-" "GesCom CharlotteBoutik Serveur"
1.235.173.23 - - [12/May/2023:21:48:10 +0200] "GET /images/mini_prod/B11068-copie-4.jpg HTTP/1.0" 200 270 "-" "Mozilla/5.0 (X11; Ubuntu; Linux x86_64; rv:72.0) Gecko/20100101 Firefox/72.0"
40.77.167.220 - - [12/May/2023:21:48:09 +0200] "GET /toothbox-c-13_150_170.html HTTP/1.0" 200 94238 "-" "Mozilla/5.0 AppleWebKit/537.36 (KHTML, like Gecko; compatible; bingbot/2.0; +http://www.bing.com/bingbot.htm) Chrome/103.0.5060.134 Safari/537.36"
66.249.70.76 - - [12/May/2023:21:48:21 +0200] "GET /olives-mini-rectangular-tray-p-54917.html HTTP/1.0" 200 76107 "-" "Mozilla/5.0 (Linux; Android 6.0.1; Nexus 5X Build/MMB29P) AppleWebKit/537.36 (KHTML, like Gecko) Chrome/112.0.5615.142 Mobile Safari/537.36 (compatible; Googlebot/2.1; +http://www.google.com/bot.html)"
106.55.255.207 - - [12/May/2023:21:48:51 +0200] "GET /images/mini_prod/8433933052198.jpg HTTP/1.0" 200 269 "-" "Mozilla/5.0 (X11; Ubuntu; Linux x86_64; rv:72.0) Gecko/20100101 Firefox/72.0"
207.46.13.208 - - [12/May/2023:21:49:30 +0200] "GET /images/big_prod_2/1328399271313b.jpg HTTP/1.0" 200 271 "-" "Mozilla/5.0 AppleWebKit/537.36 (KHTML, like Gecko; compatible; bingbot/2.0; +http://www.bing.com/bingbot.htm) Chrome/103.0.5060.134 Safari/537.36"
66.249.70.68 - - [12/May/2023:21:49:46 +0200] "GET /coca-cola-small-metal-plate-p-27978.html HTTP/1.0" 200 73422 "-" "Mozilla/5.0 (compatible; Googlebot/2.1; +http://www.google.com/bot.html)"
147.92.153.6 - - [12/May/2023:21:51:15 +0200] "GET /fine-bone-china-sprigs-lavender-p-60478.html HTTP/1.0" 200 77029 "-" "Mozilla/5.0 (compatible; Linespider/1.1; +https://lin.ee/4dwXkTH)"
49.144.4.228 - - [12/May/2023:21:51:20 +0200] "GET /wp-login.php HTTP/1.0" 404 1308 "-" "Mozilla/5.0 (Windows NT 10.0; WOW64; Trident/7.0; rv:11.0) like Gecko"
49.144.4.228 - - [12/May/2023:21:51:20 +0200] "GET /xmlrpc.php HTTP/1.0" 404 1308 "-" "Mozilla/5.0 (Windows NT 10.0; WOW64; Trident/7.0; rv:11.0) like Gecko"
106.55.255.207 - - [12/May/2023:21:52:16 +0200] "GET /images/mini_prod/1384010206317.jpg HTTP/1.0" 200 269 "-" "Mozilla/5.0 (X11; Ubuntu; Linux x86_64; rv:72.0) Gecko/20100101 Firefox/72.0"
146.50.28.35 - - [12/May/2023:21:52:35 +0200] "GET /images/mini_prod/5036278062209.jpg HTTP/1.0" 200 269 "-" "Mozilla/5.0 (X11; Ubuntu; Linux x86_64; rv:72.0) Gecko/20100101 Firefox/72.0"
66.249.70.72 - - [12/May/2023:21:52:45 +0200] "GET /head-wallet-model-p-39436.html HTTP/1.0" 200 75975 "-" "Mozilla/5.0 (Linux; Android 6.0.1; Nexus 5X Build/MMB29P) AppleWebKit/537.36 (KHTML, like Gecko) Chrome/112.0.5615.142 Mobile Safari/537.36 (compatible; Googlebot/2.1; +http://www.google.com/bot.html)"
106.52.249.139 - - [12/May/2023:21:53:16 +0200] "GET /images/mini_prod/8435306290398.jpg HTTP/1.0" 200 269 "-" "Mozilla/5.0 (X11; Ubuntu; Linux x86_64; rv:72.0) Gecko/20100101 Firefox/72.0"
