210.118.78.210 - - [12/May/2023:12:56:36 +0200] "GET /images/mini_prod/8033667001914.jpg HTTP/1.0" 200 269 "-" "Mozilla/5.0 (X11; Ubuntu; Linux x86_64; rv:72.0) Gecko/20100101 Firefox/72.0"
207.46.13.208 - - [12/May/2023:12:57:08 +0200] "GET /plush-panda-glitter-motsu-keel-toys-p-54173.html HTTP/1.0" 200 76268 "-" "Mozilla/5.0 AppleWebKit/537.36 (KHTML, like Gecko; compatible; bingbot/2.0; +http://www.bing.com/bingbot.htm) Chrome/103.0.5060.134 Safari/537.36"
52.167.144.85 - - [12/May/2023:12:58:17 +0200] "GET /diamond-carpet-p-50746.html HTTP/1.0" 200 73394 "-" "Mozilla/5.0 AppleWebKit/537.36 (KHTML, like Gecko; compatible; bingbot/2.0; +http://www.bing.com/bingbot.htm) Chrome/103.0.5060.134 Safari/537.36"
66.249.70.76 - - [12/May/2023:12:58:17 +0200] "GET /sentiment-towel-kitchen-towel-p-43628.html HTTP/1.0" 200 76723 "-" "Mozilla/5.0 (compatible; Googlebot/2.1; +http://www.google.com/bot.html)"
66.249.70.72 - - [12/May/2023:12:59:09 +0200] "GET /marley-computer-model-p-21337.html HTTP/1.0" 200 76240 "-" "Mozilla/5.0 (Linux; Android 6.0.1; Nexus 5X Build/MMB29P) AppleWebKit/537.36 (KHTML, like Gecko) Chrome/112.0.5615.142 Mobile Safari/537.36 (compatible; Googlebot/2.1; +http://www.google.com/bot.html)"
185.176.78.178 - - [12/May/2023:12:59:11 +0200] "GET /images/big_prod/3014627830404.jpg HTTP/1.0" 200 268 "-" "Mozilla/5.0 (X11; Ubuntu; Linux x86_64; rv:72.0) Gecko/20100101 Firefox/72.0"
129.204.105.50 - - [12/May/2023:13:01:35 +0200] "GET /images/mini_prod/3503420190438.jpg HTTP/1.0" 200 269 "-" "Mozilla/5.0 (X11; Ubuntu; Linux x86_64; rv:72.0) Gecko/20100101 Firefox/72.0"
66.249.70.72 - - [12/May/2023:13:01:49 +0200] "GET /tractor-metal-clock-p-56608.html HTTP/1.0" 200 76984 "-" "Mozilla/5.0 (compatible; Googlebot/2.1; +http://www.google.com/bot.html)"
106.52.146.234 - - [12/May/2023:13:03:44 +0200] "GET /images/mini_prod/1399984257203.jpg HTTP/1.0" 200 269 "-" "Mozilla/5.0 (X11; Ubuntu; Linux x86_64; rv:72.0) Gecko/20100101 Firefox/72.0"
129.204.116.160 - - [12/May/2023:13:04:29 +0200] "GET /images/mini_prod/5018997621738.jpg HTTP/1.0" 200 269 "-" "Mozilla/5.0 (X11; Ubuntu; Linux x86_64; rv:72.0) Gecko/20100101 Firefox/72.0"
51.68.224.127 - - [12/May/2023:13:05:43 +0200] "GET /adminweb/export_orders_xml.php?token=256de2z6edz6ed2z6DFSFsed2zed6zeDSFDSGdzedezfzf&maxorders=10&orderstart=1&status=14&start_date=2018-10-01 HTTP/1.0" 200 285 "-" "GesCom CharlotteBoutik Serveur"
51.68.224.127 - - [12/May/2023:13:05:43 +0200] "GET /adminweb/export_orders_xml.php?token=256de2z6edz6ed2z6DFSFsed2zed6zeDSFDSGdzedezfzf&maxorders=10&orderstart=1&status=6&start_date=2018-10-01 HTTP/1.0" 200 33887 "-" "GesCom CharlotteBoutik Serveur"
66.249.70.76 - - [12/May/2023:13:06:45 +0200] "GET /little-prince-exupry-plane-p-57309.html HTTP/1.0" 200 77039 "-" "Mozilla/5.0 (Linux; Android 6.0.1; Nexus 5X Build/MMB29P) AppleWebKit/537.36 (KHTML, like Gecko) Chrome/112.0.5615.142 Mobile Safari/537.36 (compatible; Googlebot/2.1; +http://www.google.com/bot.html)"
111.45.2.199 - - [12/May/2023:13:07:10 +0200] "GET /images/mini_prod/3296580363605.jpg HTTP/1.0" 200 269 "-" "Go-http-client/1.1"
66.249.70.68 - - [12/May/2023:13:08:22 +0200] "GET /images/big_prod_1/8718375750186a.jpg HTTP/1.0" 200 271 "-" "Googlebot-Image/1.0"
139.199.162.133 - - [12/May/2023:13:08:53 +0200] "GET /images/mini_prod/1384010179017.jpg HTTP/1.0" 200 269 "-" "Mozilla/5.0 (X11; Ubuntu; Linux x86_64; rv:72.0) Gecko/20100101 Firefox/72.0"
81.71.101.51 - - [12/May/2023:13:09:17 +0200] "GET /images/mini_prod/4029811313853.jpg HTTP/1.0" 200 269 "-" "Mozilla/5.0 (X11; Ubuntu; Linux x86_64; rv:72.0) Gecko/20100101 Firefox/72.0"
121.30.179.53 - - [12/May/2023:13:09:42 +0200] "GET /images/big_prod_2/c9316188078542.jpg HTTP/1.0" 200 271 "-" "Mozilla/5.0 (X11; Ubuntu; Linux x86_64; rv:72.0) Gecko/20100101 Firefox/72.0"
66.249.70.68 - - [12/May/2023:13:11:53 +0200] "GET /kimmidoll-brush-p-43208.html HTTP/1.0" 200 73390 "-" "Mozilla/5.0 (Linux; Android 6.0.1; Nexus 5X Build/MMB29P) AppleWebKit/537.36 (KHTML, like Gecko) Chrome/112.0.5615.142 Mobile Safari/537.36 (compatible; Googlebot/2.1; +http://www.google.com/bot.html)"
66.249.70.68 - - [12/May/2023:13:12:55 +0200] "GET /images/big_prod_1/3609810060999a.jpg HTTP/1.0" 200 271 "-" "Googlebot-Image/1.0"
66.249.70.76 - - [12/May/2023:13:13:38 +0200] "GET /kiub-cats-coasters-p-53848.html HTTP/1.0" 200 75997 "-" "Mozilla/5.0 (Linux; Android 6.0.1; Nexus 5X Build/MMB29P) AppleWebKit/537.36 (KHTML, like Gecko) Chrome/112.0.5615.142 Mobile Safari/537.36 (compatible; Googlebot/2.1; +http://www.google.com/bot.html)"
66.249.70.72 - - [12/May/2023:13:15:02 +0200] "GET /resin-decoration-bird-p-56202.html HTTP/1.0" 200 76720 "-" "Mozilla/5.0 (compatible; Googlebot/2.1; +http://www.google.com/bot.html)"
81.71.99.67 - - [12/May/2023:13:15:59 +0200] "GET /images/mini_prod/3609810063136.jpg HTTP/1.0" 200 269 "-" "Mozilla/5.0 (X11; Ubuntu; Linux x86_64; rv:72.0) Gecko/20100101 Firefox/72.0"
136.53.78.135 - - [12/May/2023:13:16:32 +0200] "GET /images/big_prod/5415203976260.jpg HTTP/1.0" 200 268 "-" "Dalvik/2.1.0 (Linux; U; Android 13; SM-N986U Build/TP1A.220624.014)"
66.249.70.76 - - [12/May/2023:13:17:01 +0200] "GET /bakugan-child-umbrella-p-7881.html HTTP/1.0" 200 73400 "-" "Mozilla/5.0 (Linux; Android 6.0.1; Nexus 5X Build/MMB29P) AppleWebKit/537.36 (KHTML, like Gecko) Chrome/112.0.5615.142 Mobile Safari/537.36 (compatible; Googlebot/2.1; +http://www.google.com/bot.html)"
8.210.174.16 - - [12/May/2023:13:17:15 +0200] "GET /images/mini_prod/9316188070225.jpg HTTP/1.0" 200 269 "-" "aria2/1.35.0"
133.237.8.182 - - [12/May/2023:13:18:08 +0200] "GET /images/mini_prod/1384010204221.jpg HTTP/1.0" 200 269 "-" "Mozilla/5.0 (Windows NT 10.0; Win64; x64) AppleWebKit/537.36 (KHTML, like Gecko) Chrome/58.0.3029.110 Safari/537.36"
66.249.70.68 - - [12/May/2023:13:20:34 +0200] "GET /smiski-figure-series-toilet-note-there-single-figure-p-43107.html HTTP/1.0" 200 77326 "-" "Mozilla/5.0 (compatible; Googlebot/2.1; +http://www.google.com/bot.html)"
66.249.70.72 - - [12/May/2023:13:20:41 +0200] "GET /swfobject.js HTTP/1.0" 404 1308 "http://www.wonder-geek.com/smiski-figure-series-toilet-note-there-single-figure-p-43107.html" "Mozilla/5.0 AppleWebKit/537.36 (KHTML, like Gecko; compatible; Googlebot/2.1; +http://www.google.com/bot.html) Chrome/113.0.5672.63 Safari/537.36"
66.249.70.72 - - [12/May/2023:13:22:09 +0200] "GET /cats-small-melamine-tray-p-45157.html HTTP/1.0" 200 76041 "-" "Mozilla/5.0 (Linux; Android 6.0.1; Nexus 5X Build/MMB29P) AppleWebKit/537.36 (KHTML, like Gecko) Chrome/112.0.5615.142 Mobile Safari/537.36 (compatible; Googlebot/2.1; +http://www.google.com/bot.html)"
51.68.224.127 - - [12/May/2023:13:22:13 +0200] "GET /adminweb/export_orders_xml.php?token=256de2z6edz6ed2z6DFSFsed2zed6zeDSFDSGdzedezfzf&maxorders=10&orderstart=1&status=14&start_date=2018-10-01 HTTP/1.0" 200 285 "-" "GesCom CharlotteBoutik Serveur"
51.68.224.127 - - [12/May/2023:13:22:13 +0200] "GET /adminweb/export_orders_xml.php?token=256de2z6edz6ed2z6DFSFsed2zed6zeDSFDSGdzedezfzf&maxorders=10&orderstart=1&status=6&start_date=2018-10-01 HTTP/1.0" 200 33887 "-" "GesCom CharlotteBoutik Serveur"
50.46.238.169 - - [12/May/2023:13:22:59 +0200] "GET /images/mini_prod/3453131156349.jpg HTTP/1.0" 200 269 "-" "Mozilla/5.0 (X11; Ubuntu; Linux x86_64; rv:72.0) Gecko/20100101 Firefox/72.0"
66.249.70.76 - - [12/May/2023:13:23:22 +0200] "GET /images/mini_prod/4895028509248.jpg HTTP/1.0" 200 269 "-" "Googlebot-Image/1.0"
66.249.70.68 - - [12/May/2023:13:23:38 +0200] "GET /kiub-cats-coasters-p-53848.html HTTP/1.0" 200 75997 "-" "Mozilla/5.0 (compatible; Googlebot/2.1; +http://www.google.com/bot.html)"
121.5.237.81 - - [12/May/2023:13:24:25 +0200] "HEAD / HTTP/1.0" 200 386 "-" "Mozilla/5.0 (Windows NT 10.0; Win64; x64) AppleWebKit/537.36 (KHTML, like Gecko) Chrome/80.0.3987.149 Safari/537.36"
121.5.237.81 - - [12/May/2023:13:24:29 +0200] "GET /templates/Pixame_v1/stylesheet.css HTTP/1.0" 200 267 "http://www.wonder-geek.com/" "Mozilla/5.0 (compatible; Windows NT 6.1) AppleWebKit (KHTML, like Gecko) Chrome Safari LibCurl/7.63"
121.5.237.81 - - [12/May/2023:13:24:30 +0200] "GET /highslide/highslide.js HTTP/1.0" 200 262 "http://www.wonder-geek.com/" "Mozilla/5.0 (compatible; Windows NT 6.1) AppleWebKit (KHTML, like Gecko) Chrome Safari LibCurl/7.63"
121.5.237.81 - - [12/May/2023:13:24:30 +0200] "GET /js/jquery.js HTTP/1.0" 200 252 "http://www.wonder-geek.com/" "Mozilla/5.0 (compatible; Windows NT 6.1) AppleWebKit (KHTML, like Gecko) Chrome Safari LibCurl/7.63"
121.5.237.81 - - [12/May/2023:13:24:30 +0200] "GET /js/jquery.jqzoom.js HTTP/1.0" 200 259 "http://www.wonder-geek.com/" "Mozilla/5.0 (compatible; Windows NT 6.1) AppleWebKit (KHTML, like Gecko) Chrome Safari LibCurl/7.63"
121.5.237.81 - - [12/May/2023:13:24:30 +0200] "GET /mondial_relay/js/jquery-1.3.2.min.js HTTP/1.0" 200 276 "http://www.wonder-geek.com/" "Mozilla/5.0 (compatible; Windows NT 6.1) AppleWebKit (KHTML, like Gecko) Chrome Safari LibCurl/7.63"
121.5.237.81 - - [12/May/2023:13:24:27 +0200] "GET / HTTP/1.0" 200 153282 "-" "Mozilla/5.0 (compatible; Windows NT 6.1) AppleWebKit (KHTML, like Gecko) Chrome Safari LibCurl/7.63"
121.5.237.81 - - [12/May/2023:13:24:33 +0200] "GET /swfobject.js HTTP/1.0" 404 1308 "http://www.wonder-geek.com/" "Mozilla/5.0 (compatible; Windows NT 6.1) AppleWebKit (KHTML, like Gecko) Chrome Safari LibCurl/7.63"
121.5.237.81 - - [12/May/2023:13:24:33 +0200] "GET /js/jquery.min.js HTTP/1.0" 404 1308 "http://www.wonder-geek.com/" "Mozilla/5.0 (compatible; Windows NT 6.1) AppleWebKit (KHTML, like Gecko) Chrome Safari LibCurl/7.63"
121.5.237.81 - - [12/May/2023:13:24:33 +0200] "GET /js/jquery.masonry.min.js HTTP/1.0" 200 264 "http://www.wonder-geek.com/" "Mozilla/5.0 (compatible; Windows NT 6.1) AppleWebKit (KHTML, like Gecko) Chrome Safari LibCurl/7.63"
121.5.237.81 - - [12/May/2023:13:24:33 +0200] "GET /js/modernizr-transitions.js HTTP/1.0" 200 267 "http://www.wonder-geek.com/" "Mozilla/5.0 (compatible; Windows NT 6.1) AppleWebKit (KHTML, like Gecko) Chrome Safari LibCurl/7.63"
121.5.237.81 - - [12/May/2023:13:24:33 +0200] "GET /templates/Pixame_v1/images/icon_accueil2.png HTTP/1.0" 200 278 "http://www.wonder-geek.com/" "Mozilla/5.0 (compatible; Windows NT 6.1) AppleWebKit (KHTML, like Gecko) Chrome Safari LibCurl/7.63"
121.5.237.81 - - [12/May/2023:13:24:33 +0200] "GET /templates/Pixame_v1/images/header-object.png HTTP/1.0" 200 278 "http://www.wonder-geek.com/templates/Pixame_v1/stylesheet.css" "Mozilla/5.0 (compatible; Windows NT 6.1) AppleWebKit (KHTML, like Gecko) Chrome Safari LibCurl/7.63"
121.5.237.81 - - [12/May/2023:13:24:33 +0200] "GET /templates/Pixame_v1/images/Bottom_texture.jpg HTTP/1.0" 200 280 "http://www.wonder-geek.com/templates/Pixame_v1/stylesheet.css" "Mozilla/5.0 (compatible; Windows NT 6.1) AppleWebKit (KHTML, like Gecko) Chrome Safari LibCurl/7.63"
121.5.237.81 - - [12/May/2023:13:24:34 +0200] "GET /templates/Pixame_v1/images/Middle_texture.jpg HTTP/1.0" 200 280 "http://www.wonder-geek.com/templates/Pixame_v1/stylesheet.css" "Mozilla/5.0 (compatible; Windows NT 6.1) AppleWebKit (KHTML, like Gecko) Chrome Safari LibCurl/7.63"
121.5.237.81 - - [12/May/2023:13:24:34 +0200] "GET /templates/Pixame_v1/images/header.png HTTP/1.0" 200 271 "http://www.wonder-geek.com/templates/Pixame_v1/stylesheet.css" "Mozilla/5.0 (compatible; Windows NT 6.1) AppleWebKit (KHTML, like Gecko) Chrome Safari LibCurl/7.63"
121.5.237.81 - - [12/May/2023:13:24:34 +0200] "GET /templates/Pixame_v1/images/nav.png HTTP/1.0" 200 268 "http://www.wonder-geek.com/templates/Pixame_v1/stylesheet.css" "Mozilla/5.0 (compatible; Windows NT 6.1) AppleWebKit (KHTML, like Gecko) Chrome Safari LibCurl/7.63"
121.5.237.81 - - [12/May/2023:13:24:34 +0200] "GET /templates/Pixame_v1/images/pixel_trans.gif HTTP/1.0" 200 328 "http://www.wonder-geek.com/" "Mozilla/5.0 (compatible; Windows NT 6.1) AppleWebKit (KHTML, like Gecko) Chrome Safari LibCurl/7.63"
121.5.237.81 - - [12/May/2023:13:24:35 +0200] "GET /design/productsenstock.png HTTP/1.0" 200 260 "http://www.wonder-geek.com/templates/Pixame_v1/stylesheet.css" "Mozilla/5.0 (compatible; Windows NT 6.1) AppleWebKit (KHTML, like Gecko) Chrome Safari LibCurl/7.63"
121.5.237.81 - - [12/May/2023:13:24:35 +0200] "GET /js/jquery.min.js HTTP/1.0" 404 1308 "http://www.wonder-geek.com/" "Mozilla/5.0 (compatible; Windows NT 6.1) AppleWebKit (KHTML, like Gecko) Chrome Safari LibCurl/7.63"
121.5.237.81 - - [12/May/2023:13:24:36 +0200] "GET /images/pixel_trans.gif HTTP/1.0" 200 328 "http://www.wonder-geek.com/" "Mozilla/5.0 (compatible; Windows NT 6.1) AppleWebKit (KHTML, like Gecko) Chrome Safari LibCurl/7.63"
121.5.237.81 - - [12/May/2023:13:24:36 +0200] "GET /templates/Pixame_v1/images/infobox/infobox_footer_middle.gif HTTP/1.0" 200 357 "http://www.wonder-geek.com/" "Mozilla/5.0 (compatible; Windows NT 6.1) AppleWebKit (KHTML, like Gecko) Chrome Safari LibCurl/7.63"
121.5.237.81 - - [12/May/2023:13:24:36 +0200] "GET /images/mini_prod/8720512978407.jpg HTTP/1.0" 200 269 "http://www.wonder-geek.com/" "Mozilla/5.0 (compatible; Windows NT 6.1) AppleWebKit (KHTML, like Gecko) Chrome Safari LibCurl/7.63"
121.5.237.81 - - [12/May/2023:13:24:36 +0200] "GET /images/mini_prod/3665269226157.jpg HTTP/1.0" 200 269 "http://www.wonder-geek.com/" "Mozilla/5.0 (compatible; Windows NT 6.1) AppleWebKit (KHTML, like Gecko) Chrome Safari LibCurl/7.63"
121.5.237.81 - - [12/May/2023:13:24:37 +0200] "GET /images/mini_prod/8435684221045.jpg HTTP/1.0" 200 269 "http://www.wonder-geek.com/" "Mozilla/5.0 (compatible; Windows NT 6.1) AppleWebKit (KHTML, like Gecko) Chrome Safari LibCurl/7.63"
121.5.237.81 - - [12/May/2023:13:24:37 +0200] "GET /images/mini_prod/8445148011051.jpg HTTP/1.0" 200 269 "http://www.wonder-geek.com/" "Mozilla/5.0 (compatible; Windows NT 6.1) AppleWebKit (KHTML, like Gecko) Chrome Safari LibCurl/7.63"
121.5.237.81 - - [12/May/2023:13:24:37 +0200] "GET /images/mini_prod/3665269263374.jpg HTTP/1.0" 200 269 "http://www.wonder-geek.com/" "Mozilla/5.0 (compatible; Windows NT 6.1) AppleWebKit (KHTML, like Gecko) Chrome Safari LibCurl/7.63"
121.5.237.81 - - [12/May/2023:13:24:37 +0200] "GET /images/mini_prod/8712159177947.jpg HTTP/1.0" 200 269 "http://www.wonder-geek.com/" "Mozilla/5.0 (compatible; Windows NT 6.1) AppleWebKit (KHTML, like Gecko) Chrome Safari LibCurl/7.63"
121.5.237.81 - - [12/May/2023:13:24:38 +0200] "GET /images/mini_prod/3503420215063.jpg HTTP/1.0" 200 269 "http://www.wonder-geek.com/" "Mozilla/5.0 (compatible; Windows NT 6.1) AppleWebKit (KHTML, like Gecko) Chrome Safari LibCurl/7.63"
121.5.237.81 - - [12/May/2023:13:24:38 +0200] "GET /images/mini_prod/13717025.jpg HTTP/1.0" 200 264 "http://www.wonder-geek.com/" "Mozilla/5.0 (compatible; Windows NT 6.1) AppleWebKit (KHTML, like Gecko) Chrome Safari LibCurl/7.63"
121.5.237.81 - - [12/May/2023:13:24:38 +0200] "GET /images/mini_prod/N3503420027451.jpg HTTP/1.0" 200 270 "http://www.wonder-geek.com/" "Mozilla/5.0 (compatible; Windows NT 6.1) AppleWebKit (KHTML, like Gecko) Chrome Safari LibCurl/7.63"
121.5.237.81 - - [12/May/2023:13:24:39 +0200] "GET /images/mini_prod/3700281653830.jpg HTTP/1.0" 200 269 "http://www.wonder-geek.com/" "Mozilla/5.0 (compatible; Windows NT 6.1) AppleWebKit (KHTML, like Gecko) Chrome Safari LibCurl/7.63"
121.5.237.81 - - [12/May/2023:13:24:39 +0200] "GET /images/mini_prod/8712159186093.jpg HTTP/1.0" 200 269 "http://www.wonder-geek.com/" "Mozilla/5.0 (compatible; Windows NT 6.1) AppleWebKit (KHTML, like Gecko) Chrome Safari LibCurl/7.63"
121.5.237.81 - - [12/May/2023:13:24:39 +0200] "GET /images/mini_prod/3503420162954.jpg HTTP/1.0" 200 269 "http://www.wonder-geek.com/" "Mozilla/5.0 (compatible; Windows NT 6.1) AppleWebKit (KHTML, like Gecko) Chrome Safari LibCurl/7.63"
121.5.237.81 - - [12/May/2023:13:24:39 +0200] "GET /images/mini_prod/3503420188343B.jpg HTTP/1.0" 200 270 "http://www.wonder-geek.com/" "Mozilla/5.0 (compatible; Windows NT 6.1) AppleWebKit (KHTML, like Gecko) Chrome Safari LibCurl/7.63"
121.5.237.81 - - [12/May/2023:13:24:39 +0200] "GET /images/mini_prod/8712159175691B.jpg HTTP/1.0" 200 270 "http://www.wonder-geek.com/" "Mozilla/5.0 (compatible; Windows NT 6.1) AppleWebKit (KHTML, like Gecko) Chrome Safari LibCurl/7.63"
121.5.237.81 - - [12/May/2023:13:24:39 +0200] "GET /images/mini_prod/3503420200564.jpg HTTP/1.0" 200 269 "http://www.wonder-geek.com/" "Mozilla/5.0 (compatible; Windows NT 6.1) AppleWebKit (KHTML, like Gecko) Chrome Safari LibCurl/7.63"
121.5.237.81 - - [12/May/2023:13:24:39 +0200] "GET /images/mini_prod/3700281653847.jpg HTTP/1.0" 200 269 "http://www.wonder-geek.com/" "Mozilla/5.0 (compatible; Windows NT 6.1) AppleWebKit (KHTML, like Gecko) Chrome Safari LibCurl/7.63"
121.5.237.81 - - [12/May/2023:13:24:40 +0200] "GET /images/mini_prod/8460007013007B.jpg HTTP/1.0" 200 270 "http://www.wonder-geek.com/" "Mozilla/5.0 (compatible; Windows NT 6.1) AppleWebKit (KHTML, like Gecko) Chrome Safari LibCurl/7.63"
121.5.237.81 - - [12/May/2023:13:24:40 +0200] "GET /images/mini_prod/8460007013106B.jpg HTTP/1.0" 200 270 "http://www.wonder-geek.com/" "Mozilla/5.0 (compatible; Windows NT 6.1) AppleWebKit (KHTML, like Gecko) Chrome Safari LibCurl/7.63"
121.5.237.81 - - [12/May/2023:13:24:40 +0200] "GET /images/mini_prod/3665269261073.jpg HTTP/1.0" 200 269 "http://www.wonder-geek.com/" "Mozilla/5.0 (compatible; Windows NT 6.1) AppleWebKit (KHTML, like Gecko) Chrome Safari LibCurl/7.63"
121.5.237.81 - - [12/May/2023:13:24:40 +0200] "GET /images/mini_prod/5404006048069.jpg HTTP/1.0" 200 269 "http://www.wonder-geek.com/" "Mozilla/5.0 (compatible; Windows NT 6.1) AppleWebKit (KHTML, like Gecko) Chrome Safari LibCurl/7.63"
121.5.237.81 - - [12/May/2023:13:24:40 +0200] "GET /images/mini_prod/8435684220529.jpg HTTP/1.0" 200 269 "http://www.wonder-geek.com/" "Mozilla/5.0 (compatible; Windows NT 6.1) AppleWebKit (KHTML, like Gecko) Chrome Safari LibCurl/7.63"
121.5.237.81 - - [12/May/2023:13:24:40 +0200] "GET /images/mini_prod/8460007013045B.jpg HTTP/1.0" 200 270 "http://www.wonder-geek.com/" "Mozilla/5.0 (compatible; Windows NT 6.1) AppleWebKit (KHTML, like Gecko) Chrome Safari LibCurl/7.63"
121.5.237.81 - - [12/May/2023:13:24:40 +0200] "GET /images/mini_prod/RF75117K.jpg HTTP/1.0" 200 264 "http://www.wonder-geek.com/" "Mozilla/5.0 (compatible; Windows NT 6.1) AppleWebKit (KHTML, like Gecko) Chrome Safari LibCurl/7.63"
121.5.237.81 - - [12/May/2023:13:24:40 +0200] "GET /images/mini_prod/3503420011160.jpg HTTP/1.0" 200 269 "http://www.wonder-geek.com/" "Mozilla/5.0 (compatible; Windows NT 6.1) AppleWebKit (KHTML, like Gecko) Chrome Safari LibCurl/7.63"
121.5.237.81 - - [12/May/2023:13:24:40 +0200] "GET /images/mini_prod/3700281675269.jpg HTTP/1.0" 200 269 "http://www.wonder-geek.com/" "Mozilla/5.0 (compatible; Windows NT 6.1) AppleWebKit (KHTML, like Gecko) Chrome Safari LibCurl/7.63"
121.5.237.81 - - [12/May/2023:13:24:40 +0200] "GET /images/mini_prod/3609810048386.jpg HTTP/1.0" 200 269 "http://www.wonder-geek.com/" "Mozilla/5.0 (compatible; Windows NT 6.1) AppleWebKit (KHTML, like Gecko) Chrome Safari LibCurl/7.63"
121.5.237.81 - - [12/May/2023:13:24:41 +0200] "GET /images/mini_prod/3503420123825.jpg HTTP/1.0" 200 269 "http://www.wonder-geek.com/" "Mozilla/5.0 (compatible; Windows NT 6.1) AppleWebKit (KHTML, like Gecko) Chrome Safari LibCurl/7.63"
121.5.237.81 - - [12/May/2023:13:24:41 +0200] "GET /images/mini_prod/8712159191066C.jpg HTTP/1.0" 200 270 "http://www.wonder-geek.com/" "Mozilla/5.0 (compatible; Windows NT 6.1) AppleWebKit (KHTML, like Gecko) Chrome Safari LibCurl/7.63"
121.5.237.81 - - [12/May/2023:13:24:41 +0200] "GET /images/mini_prod/3503420027994.jpg HTTP/1.0" 200 269 "http://www.wonder-geek.com/" "Mozilla/5.0 (compatible; Windows NT 6.1) AppleWebKit (KHTML, like Gecko) Chrome Safari LibCurl/7.63"
121.5.237.81 - - [12/May/2023:13:24:41 +0200] "GET /images/mini_prod/3700281683806.jpg HTTP/1.0" 200 269 "http://www.wonder-geek.com/" "Mozilla/5.0 (compatible; Windows NT 6.1) AppleWebKit (KHTML, like Gecko) Chrome Safari LibCurl/7.63"
121.5.237.81 - - [12/May/2023:13:24:41 +0200] "GET /images/mini_prod/8435684221038.jpg HTTP/1.0" 200 269 "http://www.wonder-geek.com/" "Mozilla/5.0 (compatible; Windows NT 6.1) AppleWebKit (KHTML, like Gecko) Chrome Safari LibCurl/7.63"
121.5.237.81 - - [12/May/2023:13:24:41 +0200] "GET /images/mini_prod/3503420101304.jpg HTTP/1.0" 200 269 "http://www.wonder-geek.com/" "Mozilla/5.0 (compatible; Windows NT 6.1) AppleWebKit (KHTML, like Gecko) Chrome Safari LibCurl/7.63"
121.5.237.81 - - [12/May/2023:13:24:41 +0200] "GET /images/mini_prod/8435684220574.jpg HTTP/1.0" 200 269 "http://www.wonder-geek.com/" "Mozilla/5.0 (compatible; Windows NT 6.1) AppleWebKit (KHTML, like Gecko) Chrome Safari LibCurl/7.63"
121.5.237.81 - - [12/May/2023:13:24:41 +0200] "GET /images/mini_prod/3503420202124.jpg HTTP/1.0" 200 269 "http://www.wonder-geek.com/" "Mozilla/5.0 (compatible; Windows NT 6.1) AppleWebKit (KHTML, like Gecko) Chrome Safari LibCurl/7.63"
121.5.237.81 - - [12/May/2023:13:24:42 +0200] "GET /images/mini_prod/8712159177411.jpg HTTP/1.0" 200 269 "http://www.wonder-geek.com/" "Mozilla/5.0 (compatible; Windows NT 6.1) AppleWebKit (KHTML, like Gecko) Chrome Safari LibCurl/7.63"
121.5.237.81 - - [12/May/2023:13:24:42 +0200] "GET /images/mini_prod/8435684221021.jpg HTTP/1.0" 200 269 "http://www.wonder-geek.com/" "Mozilla/5.0 (compatible; Windows NT 6.1) AppleWebKit (KHTML, like Gecko) Chrome Safari LibCurl/7.63"
121.5.237.81 - - [12/May/2023:13:24:42 +0200] "GET /images/mini_prod/3503420070167.jpg HTTP/1.0" 200 269 "http://www.wonder-geek.com/" "Mozilla/5.0 (compatible; Windows NT 6.1) AppleWebKit (KHTML, like Gecko) Chrome Safari LibCurl/7.63"
121.5.237.81 - - [12/May/2023:13:24:42 +0200] "GET /images/mini_prod/8435684220543.jpg HTTP/1.0" 200 269 "http://www.wonder-geek.com/" "Mozilla/5.0 (compatible; Windows NT 6.1) AppleWebKit (KHTML, like Gecko) Chrome Safari LibCurl/7.63"
121.5.237.81 - - [12/May/2023:13:24:42 +0200] "GET /images/mini_prod/8712159177534B.jpg HTTP/1.0" 200 270 "http://www.wonder-geek.com/" "Mozilla/5.0 (compatible; Windows NT 6.1) AppleWebKit (KHTML, like Gecko) Chrome Safari LibCurl/7.63"
121.5.237.81 - - [12/May/2023:13:24:43 +0200] "GET /images/mini_prod/8422068763321.jpg HTTP/1.0" 200 269 "http://www.wonder-geek.com/" "Mozilla/5.0 (compatible; Windows NT 6.1) AppleWebKit (KHTML, like Gecko) Chrome Safari LibCurl/7.63"
121.5.237.81 - - [12/May/2023:13:24:43 +0200] "GET /images/mini_prod/8435684220567.jpg HTTP/1.0" 200 269 "http://www.wonder-geek.com/" "Mozilla/5.0 (compatible; Windows NT 6.1) AppleWebKit (KHTML, like Gecko) Chrome Safari LibCurl/7.63"
121.5.237.81 - - [12/May/2023:13:24:43 +0200] "GET /images/mini_prod/3665269226089.jpg HTTP/1.0" 200 269 "http://www.wonder-geek.com/" "Mozilla/5.0 (compatible; Windows NT 6.1) AppleWebKit (KHTML, like Gecko) Chrome Safari LibCurl/7.63"
121.5.237.81 - - [12/May/2023:13:24:43 +0200] "GET /images/mini_prod/3503420203596.jpg HTTP/1.0" 200 269 "http://www.wonder-geek.com/" "Mozilla/5.0 (compatible; Windows NT 6.1) AppleWebKit (KHTML, like Gecko) Chrome Safari LibCurl/7.63"
121.5.237.81 - - [12/May/2023:13:24:43 +0200] "GET /images/mini_prod/8435684220550.jpg HTTP/1.0" 200 269 "http://www.wonder-geek.com/" "Mozilla/5.0 (compatible; Windows NT 6.1) AppleWebKit (KHTML, like Gecko) Chrome Safari LibCurl/7.63"
121.5.237.81 - - [12/May/2023:13:24:43 +0200] "GET /images/mini_prod/3700281688528.jpg HTTP/1.0" 200 269 "http://www.wonder-geek.com/" "Mozilla/5.0 (compatible; Windows NT 6.1) AppleWebKit (KHTML, like Gecko) Chrome Safari LibCurl/7.63"
121.5.237.81 - - [12/May/2023:13:24:43 +0200] "GET /images/mini_prod/8422051233947.jpg HTTP/1.0" 200 269 "http://www.wonder-geek.com/" "Mozilla/5.0 (compatible; Windows NT 6.1) AppleWebKit (KHTML, like Gecko) Chrome Safari LibCurl/7.63"
8.210.174.16 - - [12/May/2023:13:24:43 +0200] "GET /images/mini_prod/3612874112801.jpg HTTP/1.0" 200 269 "-" "aria2/1.35.0"
121.5.237.81 - - [12/May/2023:13:24:43 +0200] "GET /images/mini_prod/3503420054815.jpg HTTP/1.0" 200 269 "http://www.wonder-geek.com/" "Mozilla/5.0 (compatible; Windows NT 6.1) AppleWebKit (KHTML, like Gecko) Chrome Safari LibCurl/7.63"
121.5.237.81 - - [12/May/2023:13:24:43 +0200] "GET /images/mini_prod/3503420162213.jpg HTTP/1.0" 200 269 "http://www.wonder-geek.com/" "Mozilla/5.0 (compatible; Windows NT 6.1) AppleWebKit (KHTML, like Gecko) Chrome Safari LibCurl/7.63"
121.5.237.81 - - [12/May/2023:13:24:43 +0200] "GET /images/mini_prod/3700281677751.jpg HTTP/1.0" 200 269 "http://www.wonder-geek.com/" "Mozilla/5.0 (compatible; Windows NT 6.1) AppleWebKit (KHTML, like Gecko) Chrome Safari LibCurl/7.63"
121.5.237.81 - - [12/May/2023:13:24:44 +0200] "GET /images/mini_prod/3503420057823.jpg HTTP/1.0" 200 269 "http://www.wonder-geek.com/" "Mozilla/5.0 (compatible; Windows NT 6.1) AppleWebKit (KHTML, like Gecko) Chrome Safari LibCurl/7.63"
121.5.237.81 - - [12/May/2023:13:24:44 +0200] "GET /images/mini_prod/8712159189285.jpg HTTP/1.0" 200 269 "http://www.wonder-geek.com/" "Mozilla/5.0 (compatible; Windows NT 6.1) AppleWebKit (KHTML, like Gecko) Chrome Safari LibCurl/7.63"
121.5.237.81 - - [12/May/2023:13:24:44 +0200] "GET /images/mini_prod/3503420170546.jpg HTTP/1.0" 200 269 "http://www.wonder-geek.com/" "Mozilla/5.0 (compatible; Windows NT 6.1) AppleWebKit (KHTML, like Gecko) Chrome Safari LibCurl/7.63"
121.5.237.81 - - [12/May/2023:13:24:44 +0200] "GET /images/mini_prod/8712159187960.jpg HTTP/1.0" 200 269 "http://www.wonder-geek.com/" "Mozilla/5.0 (compatible; Windows NT 6.1) AppleWebKit (KHTML, like Gecko) Chrome Safari LibCurl/7.63"
121.5.237.81 - - [12/May/2023:13:24:44 +0200] "GET /images/mini_prod/8712159177558B.jpg HTTP/1.0" 200 270 "http://www.wonder-geek.com/" "Mozilla/5.0 (compatible; Windows NT 6.1) AppleWebKit (KHTML, like Gecko) Chrome Safari LibCurl/7.63"
121.5.237.81 - - [12/May/2023:13:24:44 +0200] "GET /images/mini_prod/3665269261080.jpg HTTP/1.0" 200 269 "http://www.wonder-geek.com/" "Mozilla/5.0 (compatible; Windows NT 6.1) AppleWebKit (KHTML, like Gecko) Chrome Safari LibCurl/7.63"
121.5.237.81 - - [12/May/2023:13:24:44 +0200] "GET /images/mini_prod/3503420176081.jpg HTTP/1.0" 200 269 "http://www.wonder-geek.com/" "Mozilla/5.0 (compatible; Windows NT 6.1) AppleWebKit (KHTML, like Gecko) Chrome Safari LibCurl/7.63"
121.5.237.81 - - [12/May/2023:13:24:45 +0200] "GET /images/mini_prod/3700281675382.jpg HTTP/1.0" 200 269 "http://www.wonder-geek.com/" "Mozilla/5.0 (compatible; Windows NT 6.1) AppleWebKit (KHTML, like Gecko) Chrome Safari LibCurl/7.63"
121.5.237.81 - - [12/May/2023:13:24:45 +0200] "GET /images/mini_prod/8712159186185.jpg HTTP/1.0" 200 269 "http://www.wonder-geek.com/" "Mozilla/5.0 (compatible; Windows NT 6.1) AppleWebKit (KHTML, like Gecko) Chrome Safari LibCurl/7.63"
121.5.237.81 - - [12/May/2023:13:24:45 +0200] "GET /images/mini_prod/8460007012994B.jpg HTTP/1.0" 200 270 "http://www.wonder-geek.com/" "Mozilla/5.0 (compatible; Windows NT 6.1) AppleWebKit (KHTML, like Gecko) Chrome Safari LibCurl/7.63"
121.5.237.81 - - [12/May/2023:13:24:45 +0200] "GET /images/mini_prod/3700281678673.jpg HTTP/1.0" 200 269 "http://www.wonder-geek.com/" "Mozilla/5.0 (compatible; Windows NT 6.1) AppleWebKit (KHTML, like Gecko) Chrome Safari LibCurl/7.63"
121.5.237.81 - - [12/May/2023:13:24:45 +0200] "GET /images/mini_prod/3503420159459.jpg HTTP/1.0" 200 269 "http://www.wonder-geek.com/" "Mozilla/5.0 (compatible; Windows NT 6.1) AppleWebKit (KHTML, like Gecko) Chrome Safari LibCurl/7.63"
121.5.237.81 - - [12/May/2023:13:24:45 +0200] "GET /images/mini_prod/8712159179873.jpg HTTP/1.0" 200 269 "http://www.wonder-geek.com/" "Mozilla/5.0 (compatible; Windows NT 6.1) AppleWebKit (KHTML, like Gecko) Chrome Safari LibCurl/7.63"
121.5.237.81 - - [12/May/2023:13:24:46 +0200] "GET /images/mini_prod/3503420176647.jpg HTTP/1.0" 200 269 "http://www.wonder-geek.com/" "Mozilla/5.0 (compatible; Windows NT 6.1) AppleWebKit (KHTML, like Gecko) Chrome Safari LibCurl/7.63"
121.5.237.81 - - [12/May/2023:13:24:46 +0200] "GET /images/mini_prod/3700281683790.jpg HTTP/1.0" 200 269 "http://www.wonder-geek.com/" "Mozilla/5.0 (compatible; Windows NT 6.1) AppleWebKit (KHTML, like Gecko) Chrome Safari LibCurl/7.63"
121.5.237.81 - - [12/May/2023:13:24:46 +0200] "GET /images/mini_prod/3503420146299.jpg HTTP/1.0" 200 269 "http://www.wonder-geek.com/" "Mozilla/5.0 (compatible; Windows NT 6.1) AppleWebKit (KHTML, like Gecko) Chrome Safari LibCurl/7.63"
121.5.237.81 - - [12/May/2023:13:24:46 +0200] "GET /templates/Pixame_v1/images/infobox/pixel_trans.gif HTTP/1.0" 200 328 "http://www.wonder-geek.com/" "Mozilla/5.0 (compatible; Windows NT 6.1) AppleWebKit (KHTML, like Gecko) Chrome Safari LibCurl/7.63"
121.5.237.81 - - [12/May/2023:13:24:47 +0200] "GET /highslide/graphics/zoomout.cur HTTP/1.0" 200 614 "http://www.wonder-geek.com/" "Mozilla/5.0 (compatible; Windows NT 6.1) AppleWebKit (KHTML, like Gecko) Chrome Safari LibCurl/7.63"
121.5.237.81 - - [12/May/2023:13:24:47 +0200] "GET /highslide/graphics/loader.white.gif HTTP/1.0" 200 960 "http://www.wonder-geek.com/templates/Pixame_v1/stylesheet.css" "Mozilla/5.0 (compatible; Windows NT 6.1) AppleWebKit (KHTML, like Gecko) Chrome Safari LibCurl/7.63"
121.5.237.81 - - [12/May/2023:13:24:47 +0200] "GET /highslide/graphics/outlines/drop-shadow.png HTTP/1.0" 200 277 "http://www.wonder-geek.com/" "Mozilla/5.0 (compatible; Windows NT 6.1) AppleWebKit (KHTML, like Gecko) Chrome Safari LibCurl/7.63"
63.141.236.162 - - [12/May/2023:13:25:01 +0200] "GET /contact_us.php HTTP/1.0" 301 539 "http://wonder-geek.com/contact_us.php" "Mozilla/5.0 (Windows NT 6.3; WOW64) AppleWebKit/537.36 (KHTML, like Gecko) Chrome/103.0.5060.114 Safari/537.36"
63.141.236.162 - - [12/May/2023:13:25:02 +0200] "GET /contact_us.php HTTP/1.0" 200 26241 "http://www.wonder-geek.com/contact_us.php" "Mozilla/5.0 (Windows NT 6.3; WOW64) AppleWebKit/537.36 (KHTML, like Gecko) Chrome/103.0.5060.114 Safari/537.36"
63.141.236.162 - - [12/May/2023:13:25:03 +0200] "POST /contact_us.php?action=send HTTP/1.0" 200 26655 "http://www.wonder-geek.com/contact_us.php" "Mozilla/5.0 (Windows NT 6.3; WOW64) AppleWebKit/537.36 (KHTML, like Gecko) Chrome/103.0.5060.114 Safari/537.36"
66.249.70.68 - - [12/May/2023:13:25:44 +0200] "GET /star-wars-rectangular-mirror-p-31610.html HTTP/1.0" 200 73455 "-" "Mozilla/5.0 (Linux; Android 6.0.1; Nexus 5X Build/MMB29P) AppleWebKit/537.36 (KHTML, like Gecko) Chrome/112.0.5615.142 Mobile Safari/537.36 (compatible; Googlebot/2.1; +http://www.google.com/bot.html)"
66.249.70.72 - - [12/May/2023:13:27:17 +0200] "GET /braided-paper-fiber-basket-grey-p-58192.html HTTP/1.0" 200 76675 "-" "Mozilla/5.0 (Linux; Android 6.0.1; Nexus 5X Build/MMB29P) AppleWebKit/537.36 (KHTML, like Gecko) Chrome/112.0.5615.142 Mobile Safari/537.36 (compatible; Googlebot/2.1; +http://www.google.com/bot.html)"
44.212.18.11 - - [12/May/2023:13:27:27 +0200] "GET /images/mini_prod/3014627830152.jpg HTTP/1.0" 200 269 "-" "Mozilla/5.0 (X11; Ubuntu; Linux x86_64; rv:72.0) Gecko/20100101 Firefox/72.0"
52.167.144.85 - - [12/May/2023:13:30:21 +0200] "GET /toys-c-4_45.html HTTP/1.0" 200 86871 "-" "Mozilla/5.0 AppleWebKit/537.36 (KHTML, like Gecko; compatible; bingbot/2.0; +http://www.bing.com/bingbot.htm) Chrome/103.0.5060.134 Safari/537.36"
66.249.70.76 - - [12/May/2023:13:30:23 +0200] "GET /rtro-beer-caps-collector-p-58135.html HTTP/1.0" 200 76756 "-" "Mozilla/5.0 (Linux; Android 6.0.1; Nexus 5X Build/MMB29P) AppleWebKit/537.36 (KHTML, like Gecko) Chrome/112.0.5615.142 Mobile Safari/537.36 (compatible; Googlebot/2.1; +http://www.google.com/bot.html)"
81.71.94.236 - - [12/May/2023:13:30:38 +0200] "GET /images/mini_prod/3700516211415B.jpg HTTP/1.0" 200 270 "-" "Mozilla/5.0 (X11; Ubuntu; Linux x86_64; rv:72.0) Gecko/20100101 Firefox/72.0"
147.92.153.5 - - [12/May/2023:13:31:42 +0200] "GET /images/big_prod/8435684220314.jpg HTTP/1.0" 200 268 "-" "Mozilla/5.0 (compatible; Linespider/1.1; +https://lin.ee/4dwXkTH)"
66.249.70.72 - - [12/May/2023:13:32:25 +0200] "GET /tractor-metal-clock-p-56608.html HTTP/1.0" 200 76984 "-" "Mozilla/5.0 (Linux; Android 6.0.1; Nexus 5X Build/MMB29P) AppleWebKit/537.36 (KHTML, like Gecko) Chrome/112.0.5615.142 Mobile Safari/537.36 (compatible; Googlebot/2.1; +http://www.google.com/bot.html)"
203.195.164.241 - - [12/May/2023:13:33:07 +0200] "GET /images/mini_prod/886767070681.jpg HTTP/1.0" 200 268 "-" "Mozilla/5.0 (X11; Ubuntu; Linux x86_64; rv:72.0) Gecko/20100101 Firefox/72.0"
121.30.179.27 - - [12/May/2023:13:34:12 +0200] "GET /images/mini_prod/3503420074776.jpg HTTP/1.0" 200 269 "-" "Mozilla/5.0 (X11; Ubuntu; Linux x86_64; rv:72.0) Gecko/20100101 Firefox/72.0"
66.249.70.76 - - [12/May/2023:13:35:12 +0200] "GET /cologne-toothbrushes-p-36617.html HTTP/1.0" 200 76052 "-" "Mozilla/5.0 (compatible; Googlebot/2.1; +http://www.google.com/bot.html)"
213.180.203.175 - - [12/May/2023:13:35:57 +0200] "GET /-p-30052.html HTTP/1.0" 200 73324 "-" "Mozilla/5.0 (compatible; YandexBot/3.0; +http://yandex.com/bots)"
66.249.70.76 - - [12/May/2023:13:36:05 +0200] "GET /miss-mindy-dear-unicorn-light-figurine-p-46252.html HTTP/1.0" 200 77659 "-" "Mozilla/5.0 (Linux; Android 6.0.1; Nexus 5X Build/MMB29P) AppleWebKit/537.36 (KHTML, like Gecko) Chrome/112.0.5615.142 Mobile Safari/537.36 (compatible; Googlebot/2.1; +http://www.google.com/bot.html)"
8.218.69.86 - - [12/May/2023:13:37:21 +0200] "GET /images/mini_prod/5051265800404.jpg HTTP/1.0" 200 269 "-" "aria2/1.35.0"
207.46.13.208 - - [12/May/2023:13:37:33 +0200] "GET /towel-bath-towels-c-11_70.html?page=2 HTTP/1.0" 200 82401 "-" "Mozilla/5.0 AppleWebKit/537.36 (KHTML, like Gecko; compatible; bingbot/2.0; +http://www.bing.com/bingbot.htm) Chrome/103.0.5060.134 Safari/537.36"
66.249.70.76 - - [12/May/2023:13:37:33 +0200] "GET /verity-rose-destiny-emery-board-p-29140.html HTTP/1.0" 200 76077 "-" "Mozilla/5.0 (Linux; Android 6.0.1; Nexus 5X Build/MMB29P) AppleWebKit/537.36 (KHTML, like Gecko) Chrome/112.0.5615.142 Mobile Safari/537.36 (compatible; Googlebot/2.1; +http://www.google.com/bot.html)"
180.101.81.21 - - [12/May/2023:13:37:41 +0200] "GET /images/mini_prod/3760116310345.jpg HTTP/1.0" 200 269 "-" "Go-http-client/1.1"
52.167.144.85 - - [12/May/2023:13:38:01 +0200] "GET /swimwear-c-2_35.html HTTP/1.0" 200 92953 "-" "Mozilla/5.0 AppleWebKit/537.36 (KHTML, like Gecko; compatible; bingbot/2.0; +http://www.bing.com/bingbot.htm) Chrome/103.0.5060.134 Safari/537.36"
66.249.70.76 - - [12/May/2023:13:38:22 +0200] "GET /images/big_prod_1/4260082937786a.jpg HTTP/1.0" 200 271 "-" "Googlebot-Image/1.0"
51.68.224.127 - - [12/May/2023:13:38:25 +0200] "GET /adminweb/export_orders_xml.php?token=256de2z6edz6ed2z6DFSFsed2zed6zeDSFDSGdzedezfzf&maxorders=10&orderstart=1&status=14&start_date=2018-10-01 HTTP/1.0" 200 285 "-" "GesCom CharlotteBoutik Serveur"
51.68.224.127 - - [12/May/2023:13:38:25 +0200] "GET /adminweb/export_orders_xml.php?token=256de2z6edz6ed2z6DFSFsed2zed6zeDSFDSGdzedezfzf&maxorders=10&orderstart=1&status=6&start_date=2018-10-01 HTTP/1.0" 200 33887 "-" "GesCom CharlotteBoutik Serveur"
47.12.107.196 - - [12/May/2023:13:39:20 +0200] "GET /images/mini_prod/MUG-BLC-POLAROID.jpg HTTP/1.0" 200 272 "-" "Mozilla/5.0 (X11; Ubuntu; Linux x86_64; rv:72.0) Gecko/20100101 Firefox/72.0"
185.228.49.198 - - [12/May/2023:13:39:38 +0200] "GET / HTTP/1.0" 301 511 "-" "Mozilla/5.0 (X11; Linux i686) AppleWebKit/535.1 (KHTML, like Gecko) Chrome/13.0.782.215 Safari/535.1"
185.228.49.198 - - [12/May/2023:13:39:38 +0200] "GET / HTTP/1.0" 200 153233 "-" "Mozilla/5.0 (X11; Linux i686) AppleWebKit/535.1 (KHTML, like Gecko) Chrome/13.0.782.215 Safari/535.1"
47.100.210.208 - - [12/May/2023:13:40:52 +0200] "GET /images/mini_prod/9316188029582.jpg HTTP/1.0" 200 269 "-" "Mozilla/5.0 (X11; Ubuntu; Linux x86_64; rv:72.0) Gecko/20100101 Firefox/72.0"
66.249.70.72 - - [12/May/2023:13:42:00 +0200] "GET /paperweight-great-wave-kanagawa-hokusai-p-53518.html HTTP/1.0" 200 77129 "-" "Mozilla/5.0 (compatible; Googlebot/2.1; +http://www.google.com/bot.html)"
129.82.147.216 - - [12/May/2023:13:42:30 +0200] "GET /images/mini_prod/3560600248556.jpg HTTP/1.0" 200 269 "-" "Mozilla/5.0 (X11; Ubuntu; Linux x86_64; rv:72.0) Gecko/20100101 Firefox/72.0"
66.249.70.68 - - [12/May/2023:13:42:42 +0200] "GET /wise-wings-knowledge-figurine-p-51805.html HTTP/1.0" 200 73422 "-" "Mozilla/5.0 (Linux; Android 6.0.1; Nexus 5X Build/MMB29P) AppleWebKit/537.36 (KHTML, like Gecko) Chrome/112.0.5615.142 Mobile Safari/537.36 (compatible; Googlebot/2.1; +http://www.google.com/bot.html)"
129.82.147.216 - - [12/May/2023:13:44:25 +0200] "GET /images/mini_prod/5051265800183.jpg HTTP/1.0" 200 269 "-" "Mozilla/5.0 (X11; Ubuntu; Linux x86_64; rv:72.0) Gecko/20100101 Firefox/72.0"
95.108.213.167 - - [12/May/2023:13:45:15 +0200] "GET /mugs-mazagrans-c-12_57.html?page=9 HTTP/1.0" 200 98519 "-" "Mozilla/5.0 (compatible; YandexBot/3.0; +http://yandex.com/bots)"
66.249.70.68 - - [12/May/2023:13:45:18 +0200] "GET /zebra-jewelry-holder-statuette-p-55823.html HTTP/1.0" 200 76170 "-" "Mozilla/5.0 (compatible; Googlebot/2.1; +http://www.google.com/bot.html)"
54.193.94.108 - - [12/May/2023:13:46:47 +0200] "GET /images/med_prod/1384010178423.jpg HTTP/1.0" 200 268 "-" "Mozilla/5.0 (X11; Ubuntu; Linux x86_64; rv:72.0) Gecko/20100101 Firefox/72.0"
66.249.70.68 - - [12/May/2023:13:47:50 +0200] "GET /france-collectable-figurine-family-p-57420.html HTTP/1.0" 200 78206 "-" "Mozilla/5.0 (Linux; Android 6.0.1; Nexus 5X Build/MMB29P) AppleWebKit/537.36 (KHTML, like Gecko) Chrome/112.0.5615.142 Mobile Safari/537.36 (compatible; Googlebot/2.1; +http://www.google.com/bot.html)"
133.237.8.181 - - [12/May/2023:13:48:33 +0200] "GET /images/mini_prod/1399984257180.jpg HTTP/1.0" 200 269 "-" "Mozilla/5.0 (Windows NT 10.0; Win64; x64) AppleWebKit/537.36 (KHTML, like Gecko) Chrome/58.0.3029.110 Safari/537.36"
210.94.41.89 - - [12/May/2023:13:49:28 +0200] "GET /images/mini_prod/5051276225647.jpg HTTP/1.0" 200 269 "-" "Mozilla/5.0 (X11; Ubuntu; Linux x86_64; rv:72.0) Gecko/20100101 Firefox/72.0"
5.255.231.86 - - [12/May/2023:13:51:52 +0200] "GET /-p-21664.html HTTP/1.0" 200 73324 "-" "Mozilla/5.0 (compatible; YandexBot/3.0; +http://yandex.com/bots)"
8.219.127.8 - - [12/May/2023:13:52:04 +0200] "GET /contact_us.php HTTP/1.0" 301 539 "http://wonder-geek.com/contact_us.php" "Mozilla/5.0 (Windows NT 10.0; Win64; x64) AppleWebKit/537.36 (KHTML, like Gecko) Chrome/103.0.0.0 Safari/537.36 Herring/95.1.8810.11"
8.219.127.8 - - [12/May/2023:13:52:05 +0200] "GET /contact_us.php HTTP/1.0" 200 26241 "http://www.wonder-geek.com/contact_us.php" "Mozilla/5.0 (Windows NT 10.0; Win64; x64) AppleWebKit/537.36 (KHTML, like Gecko) Chrome/103.0.0.0 Safari/537.36 Herring/95.1.8810.11"
8.219.127.8 - - [12/May/2023:13:52:07 +0200] "POST /contact_us.php?action=send HTTP/1.0" 200 26471 "http://www.wonder-geek.com/contact_us.php" "Mozilla/5.0 (Windows NT 10.0; Win64; x64) AppleWebKit/537.36 (KHTML, like Gecko) Chrome/103.0.0.0 Safari/537.36 Herring/95.1.8810.11"
66.249.70.68 - - [12/May/2023:13:52:58 +0200] "GET /football-clock-cbkreation-p-24709.html HTTP/1.0" 200 76102 "-" "Mozilla/5.0 (Linux; Android 6.0.1; Nexus 5X Build/MMB29P) AppleWebKit/537.36 (KHTML, like Gecko) Chrome/112.0.5615.142 Mobile Safari/537.36 (compatible; Googlebot/2.1; +http://www.google.com/bot.html)"
78.29.81.158 - - [12/May/2023:13:53:16 +0200] "GET /contact_us.php HTTP/1.0" 301 539 "http://wonder-geek.com/contact_us.php" "Mozilla/5.0 (Windows NT 10.0) AppleWebKit/537.36 (KHTML, like Gecko) Chrome/90.0.4430.72 Safari/537.36"
78.29.81.158 - - [12/May/2023:13:53:16 +0200] "GET /contact_us.php HTTP/1.0" 200 26241 "http://www.wonder-geek.com/contact_us.php" "Mozilla/5.0 (Windows NT 10.0) AppleWebKit/537.36 (KHTML, like Gecko) Chrome/90.0.4430.72 Safari/537.36"
78.29.81.158 - - [12/May/2023:13:53:16 +0200] "POST /contact_us.php?action=send HTTP/1.0" 200 27866 "http://www.wonder-geek.com/contact_us.php" "Mozilla/5.0 (Windows NT 10.0) AppleWebKit/537.36 (KHTML, like Gecko) Chrome/90.0.4430.72 Safari/537.36"
51.68.224.127 - - [12/May/2023:13:54:36 +0200] "GET /adminweb/export_orders_xml.php?token=256de2z6edz6ed2z6DFSFsed2zed6zeDSFDSGdzedezfzf&maxorders=10&orderstart=1&status=14&start_date=2018-10-01 HTTP/1.0" 200 285 "-" "GesCom CharlotteBoutik Serveur"
51.68.224.127 - - [12/May/2023:13:54:37 +0200] "GET /adminweb/export_orders_xml.php?token=256de2z6edz6ed2z6DFSFsed2zed6zeDSFDSGdzedezfzf&maxorders=10&orderstart=1&status=6&start_date=2018-10-01 HTTP/1.0" 200 33887 "-" "GesCom CharlotteBoutik Serveur"
42.194.225.248 - - [12/May/2023:13:56:25 +0200] "GET /images/mini_prod/5036278051050.jpg HTTP/1.0" 200 269 "-" "Mozilla/5.0 (X11; Ubuntu; Linux x86_64; rv:72.0) Gecko/20100101 Firefox/72.0"
210.94.41.89 - - [12/May/2023:13:57:08 +0200] "GET /images/mini_prod/8424222925996.jpg HTTP/1.0" 200 269 "-" "Mozilla/5.0 (X11; Ubuntu; Linux x86_64; rv:72.0) Gecko/20100101 Firefox/72.0"
44.212.18.11 - - [12/May/2023:13:57:17 +0200] "GET /images/mini_prod/3453131122429.jpg HTTP/1.0" 200 269 "-" "Mozilla/5.0 (X11; Ubuntu; Linux x86_64; rv:72.0) Gecko/20100101 Firefox/72.0"
52.167.144.85 - - [12/May/2023:13:57:23 +0200] "GET /route-flag-p-24169.html HTTP/1.0" 200 75946 "-" "Mozilla/5.0 AppleWebKit/537.36 (KHTML, like Gecko; compatible; bingbot/2.0; +http://www.bing.com/bingbot.htm) Chrome/103.0.5060.134 Safari/537.36"
66.249.70.68 - - [12/May/2023:13:58:06 +0200] "GET /dubout-cats-white-p-56345.html HTTP/1.0" 200 76515 "-" "Mozilla/5.0 (Linux; Android 6.0.1; Nexus 5X Build/MMB29P) AppleWebKit/537.36 (KHTML, like Gecko) Chrome/112.0.5615.142 Mobile Safari/537.36 (compatible; Googlebot/2.1; +http://www.google.com/bot.html)"
17.241.219.150 - - [12/May/2023:13:58:35 +0200] "GET /writing-correction-c-129_186.html HTTP/1.0" 200 95108 "-" "Mozilla/5.0 (Macintosh; Intel Mac OS X 10_15_5) AppleWebKit/605.1.15 (KHTML, like Gecko) Version/13.1.1 Safari/605.1.15 (Applebot/0.1; +http://www.apple.com/go/applebot)"
8.217.84.150 - - [12/May/2023:13:58:47 +0200] "GET /images/mini_prod/8435333820520.jpg HTTP/1.0" 200 269 "-" "aria2/1.35.0"
66.249.70.76 - - [12/May/2023:14:00:24 +0200] "GET /images/big_prod_2/4045233026690C.jpg HTTP/1.0" 200 271 "-" "Googlebot-Image/1.0"
210.94.41.89 - - [12/May/2023:14:01:53 +0200] "GET /images/mini_prod/8433933201497.jpg HTTP/1.0" 200 269 "-" "Mozilla/5.0 (X11; Ubuntu; Linux x86_64; rv:72.0) Gecko/20100101 Firefox/72.0"
81.71.101.51 - - [12/May/2023:14:02:13 +0200] "GET /images/big_prod_2/028399270163b.jpg HTTP/1.0" 200 270 "-" "Mozilla/5.0 (X11; Ubuntu; Linux x86_64; rv:72.0) Gecko/20100101 Firefox/72.0"
66.249.70.68 - - [12/May/2023:14:03:14 +0200] "GET /leaves-round-placemat-p-56308.html HTTP/1.0" 200 76504 "-" "Mozilla/5.0 (Linux; Android 6.0.1; Nexus 5X Build/MMB29P) AppleWebKit/537.36 (KHTML, like Gecko) Chrome/112.0.5615.142 Mobile Safari/537.36 (compatible; Googlebot/2.1; +http://www.google.com/bot.html)"
66.249.70.72 - - [12/May/2023:14:03:26 +0200] "GET /deco-soapstone-tree-life-orange-p-53791.html HTTP/1.0" 200 76909 "-" "Mozilla/5.0 (Linux; Android 6.0.1; Nexus 5X Build/MMB29P) AppleWebKit/537.36 (KHTML, like Gecko) Chrome/112.0.5615.142 Mobile Safari/537.36 (compatible; Googlebot/2.1; +http://www.google.com/bot.html)"
95.163.255.131 - - [12/May/2023:14:06:51 +0200] "GET /robots.txt HTTP/1.0" 301 531 "-" "Mozilla/5.0 (compatible; Linux x86_64; Mail.RU_Bot/Img/2.0; +https://help.mail.ru/webmaster/indexing/robots)"
95.163.255.198 - - [12/May/2023:14:06:55 +0200] "GET /images/1399984254202.jpg HTTP/1.0" 301 559 "http://go.mail.ru/search_images" "Mozilla/5.0 (compatible; Linux x86_64; Mail.RU_Bot/Img/2.0; +https://help.mail.ru/webmaster/indexing/robots)"
95.163.255.138 - - [12/May/2023:14:07:11 +0200] "GET /robots.txt HTTP/1.0" 200 245 "-" "Mozilla/5.0 (compatible; Linux x86_64; Mail.RU_Bot/Img/2.0; +https://help.mail.ru/webmaster/indexing/robots)"
95.163.255.138 - - [12/May/2023:14:07:17 +0200] "GET /images/1399984254202.jpg HTTP/1.0" 200 259 "http://wonder-geek.com/images/1399984254202.jpg" "Mozilla/5.0 (compatible; Linux x86_64; Mail.RU_Bot/Img/2.0; +https://help.mail.ru/webmaster/indexing/robots)"
66.249.70.72 - - [12/May/2023:14:07:28 +0200] "GET /gorjuss-cards-supplied-with-envelope-rapunzel-p-49372.html HTTP/1.0" 200 76273 "-" "Mozilla/5.0 (compatible; Googlebot/2.1; +http://www.google.com/bot.html)"
116.179.32.22 - - [12/May/2023:14:07:54 +0200] "GET /girls-c-1.html HTTP/1.0" 200 94588 "-" "Mozilla/5.0 (compatible; Baiduspider/2.0; +http://www.baidu.com/search/spider.html)"
116.179.37.49 - - [12/May/2023:14:08:02 +0200] "GET /mondial_relay/js/jquery-1.3.2.min.js HTTP/1.0" 200 276 "http://www.wonder-geek.com/girls-c-1.html" "Mozilla/5.0 (compatible; Baiduspider-render/2.0; +http://www.baidu.com/search/spider.html)"
116.179.37.80 - - [12/May/2023:14:08:02 +0200] "GET /highslide/highslide.js HTTP/1.0" 200 262 "http://www.wonder-geek.com/girls-c-1.html" "Mozilla/5.0 (compatible; Baiduspider-render/2.0; +http://www.baidu.com/search/spider.html)"
116.179.37.81 - - [12/May/2023:14:08:02 +0200] "GET /js/jquery.js HTTP/1.0" 200 252 "http://www.wonder-geek.com/girls-c-1.html" "Mozilla/5.0 (compatible; Baiduspider-render/2.0; +http://www.baidu.com/search/spider.html)"
116.179.37.162 - - [12/May/2023:14:08:02 +0200] "GET /swfobject.js HTTP/1.0" 404 1308 "http://www.wonder-geek.com/girls-c-1.html" "Mozilla/5.0 (compatible; Baiduspider-render/2.0; +http://www.baidu.com/search/spider.html)"
116.179.37.175 - - [12/May/2023:14:08:03 +0200] "GET /js/jquery.min.js HTTP/1.0" 404 1308 "http://www.wonder-geek.com/girls-c-1.html" "Mozilla/5.0 (compatible; Baiduspider-render/2.0; +http://www.baidu.com/search/spider.html)"
116.179.37.69 - - [12/May/2023:14:08:03 +0200] "GET /js/jquery.masonry.min.js HTTP/1.0" 200 264 "http://www.wonder-geek.com/girls-c-1.html" "Mozilla/5.0 (compatible; Baiduspider-render/2.0; +http://www.baidu.com/search/spider.html)"
116.179.37.124 - - [12/May/2023:14:08:04 +0200] "GET /js/modernizr-transitions.js HTTP/1.0" 200 267 "http://www.wonder-geek.com/girls-c-1.html" "Mozilla/5.0 (compatible; Baiduspider-render/2.0; +http://www.baidu.com/search/spider.html)"
116.179.37.157 - - [12/May/2023:14:08:05 +0200] "GET /js/jquery.jqzoom.js HTTP/1.0" 200 259 "http://www.wonder-geek.com/girls-c-1.html" "Mozilla/5.0 (compatible; Baiduspider-render/2.0; +http://www.baidu.com/search/spider.html)"
116.179.37.11 - - [12/May/2023:14:08:05 +0200] "GET /images/mini_prod/100_4189.gif HTTP/1.0" 200 263 "http://www.wonder-geek.com/girls-c-1.html" "Mozilla/5.0 (compatible; Baiduspider-render/2.0; +http://www.baidu.com/search/spider.html)"
116.179.37.203 - - [12/May/2023:14:08:05 +0200] "GET /images/mini_prod/1399984231548.jpg HTTP/1.0" 200 269 "http://www.wonder-geek.com/girls-c-1.html" "Mozilla/5.0 (compatible; Baiduspider-render/2.0; +http://www.baidu.com/search/spider.html)"
116.179.37.157 - - [12/May/2023:14:08:05 +0200] "GET /images/mini_prod/Image91.jpg HTTP/1.0" 200 263 "http://www.wonder-geek.com/girls-c-1.html" "Mozilla/5.0 (compatible; Baiduspider-render/2.0; +http://www.baidu.com/search/spider.html)"
116.179.37.160 - - [12/May/2023:14:08:05 +0200] "GET /images/mini_prod/200208_152034_PEEL_EYJ4qy.jpg HTTP/1.0" 200 281 "http://www.wonder-geek.com/girls-c-1.html" "Mozilla/5.0 (compatible; Baiduspider-render/2.0; +http://www.baidu.com/search/spider.html)"
116.179.37.243 - - [12/May/2023:14:08:05 +0200] "GET /images/mini_prod/1399984230855.jpg HTTP/1.0" 200 269 "http://www.wonder-geek.com/girls-c-1.html" "Mozilla/5.0 (compatible; Baiduspider-render/2.0; +http://www.baidu.com/search/spider.html)"
116.179.37.249 - - [12/May/2023:14:08:05 +0200] "GET /images/mini_prod/1399984244166.jpg HTTP/1.0" 200 269 "http://www.wonder-geek.com/girls-c-1.html" "Mozilla/5.0 (compatible; Baiduspider-render/2.0; +http://www.baidu.com/search/spider.html)"
116.179.37.114 - - [12/May/2023:14:08:05 +0200] "GET /images/mini_prod/100_4191.gif HTTP/1.0" 200 263 "http://www.wonder-geek.com/girls-c-1.html" "Mozilla/5.0 (compatible; Baiduspider-render/2.0; +http://www.baidu.com/search/spider.html)"
116.179.37.104 - - [12/May/2023:14:08:05 +0200] "GET /images/mini_prod/1399984247167.jpg HTTP/1.0" 200 269 "http://www.wonder-geek.com/girls-c-1.html" "Mozilla/5.0 (compatible; Baiduspider-render/2.0; +http://www.baidu.com/search/spider.html)"
116.179.37.139 - - [12/May/2023:14:08:05 +0200] "GET /images/mini_prod/1399984237038.jpg HTTP/1.0" 200 269 "http://www.wonder-geek.com/girls-c-1.html" "Mozilla/5.0 (compatible; Baiduspider-render/2.0; +http://www.baidu.com/search/spider.html)"
116.179.37.96 - - [12/May/2023:14:08:05 +0200] "GET /images/mini_prod/110207_095045_PEEL_VYkrXG.jpg HTTP/1.0" 200 281 "http://www.wonder-geek.com/girls-c-1.html" "Mozilla/5.0 (compatible; Baiduspider-render/2.0; +http://www.baidu.com/search/spider.html)"
116.179.37.201 - - [12/May/2023:14:08:05 +0200] "GET /images/mini_prod/1399984244173.jpg HTTP/1.0" 200 269 "http://www.wonder-geek.com/girls-c-1.html" "Mozilla/5.0 (compatible; Baiduspider-render/2.0; +http://www.baidu.com/search/spider.html)"
116.179.37.110 - - [12/May/2023:14:08:05 +0200] "GET /images/mini_prod/b1399984237205.jpg HTTP/1.0" 200 270 "http://www.wonder-geek.com/girls-c-1.html" "Mozilla/5.0 (compatible; Baiduspider-render/2.0; +http://www.baidu.com/search/spider.html)"
116.179.37.28 - - [12/May/2023:14:08:05 +0200] "GET /images/mini_prod/170208_102405_PEEL_Xd8zFF.jpg HTTP/1.0" 200 281 "http://www.wonder-geek.com/girls-c-1.html" "Mozilla/5.0 (compatible; Baiduspider-render/2.0; +http://www.baidu.com/search/spider.html)"
116.179.37.15 - - [12/May/2023:14:08:05 +0200] "GET /images/mini_prod/021008_213337_PEEL_ZN6hq6.gif HTTP/1.0" 200 280 "http://www.wonder-geek.com/girls-c-1.html" "Mozilla/5.0 (compatible; Baiduspider-render/2.0; +http://www.baidu.com/search/spider.html)"
116.179.37.122 - - [12/May/2023:14:08:05 +0200] "GET /images/mini_prod/DSCN06343384370102340.jpg HTTP/1.0" 200 277 "http://www.wonder-geek.com/girls-c-1.html" "Mozilla/5.0 (compatible; Baiduspider-render/2.0; +http://www.baidu.com/search/spider.html)"
