216.244.66.242 - - [14/May/2023:11:27:06 +0200] "GET /collectible-figurines-decorative-c-13_135.html HTTP/1.0" 200 96919 "-" "Mozilla/5.0 (compatible; DotBot/1.2; +https://opensiteexplorer.org/dotbot; help@moz.com)"
66.249.69.72 - - [14/May/2023:11:27:59 +0200] "GET /images/MISES-EN-SITUATION-04.jpg HTTP/1.0" 200 267 "-" "Googlebot-Image/1.0"
207.46.13.220 - - [14/May/2023:11:28:03 +0200] "GET /spiderman-bag-lunch-box-and-bottle-p-31684.html HTTP/1.0" 301 73517 "-" "Mozilla/5.0 AppleWebKit/537.36 (KHTML, like Gecko; compatible; bingbot/2.0; +http://www.bing.com/bingbot.htm) Chrome/103.0.5060.134 Safari/537.36"
216.244.66.242 - - [14/May/2023:11:28:25 +0200] "GET /mouse-pad-c-129_85.html HTTP/1.0" 301 94514 "-" "Mozilla/5.0 (compatible; DotBot/1.2; +https://opensiteexplorer.org/dotbot; help@moz.com)"
66.249.69.70 - - [14/May/2023:11:28:29 +0200] "GET /belle-birthday-card-with-envelope-p-25263.html HTTP/1.0" 200 76023 "-" "Mozilla/5.0 (compatible; Googlebot/2.1; +http://www.google.com/bot.html)"
66.249.69.70 - - [14/May/2023:11:28:39 +0200] "GET /europe-england-travel-adapter-p-58669.html HTTP/1.0" 200 77056 "-" "Mozilla/5.0 (Linux; Android 6.0.1; Nexus 5X Build/MMB29P) AppleWebKit/537.36 (KHTML, like Gecko) Chrome/112.0.5615.142 Mobile Safari/537.36 (compatible; Googlebot/2.1; +http://www.google.com/bot.html)"
66.249.69.72 - - [14/May/2023:11:28:41 +0200] "GET /food-grade-bamboo-cutting-board-p-60312.html HTTP/1.0" 200 76082 "-" "Mozilla/5.0 (Linux; Android 6.0.1; Nexus 5X Build/MMB29P) AppleWebKit/537.36 (KHTML, like Gecko) Chrome/112.0.5615.142 Mobile Safari/537.36 (compatible; Googlebot/2.1; +http://www.google.com/bot.html)"
207.46.13.220 - - [14/May/2023:11:28:51 +0200] "GET /artist-tropical-rabbit-figure-p-30966.html HTTP/1.0" 200 76111 "-" "Mozilla/5.0 AppleWebKit/537.36 (KHTML, like Gecko; compatible; bingbot/2.0; +http://www.bing.com/bingbot.htm) Chrome/103.0.5060.134 Safari/537.36"
66.249.69.70 - - [14/May/2023:11:28:58 +0200] "GET /images/big_prod_2/8422648608219b.jpg HTTP/1.0" 200 271 "-" "Googlebot-Image/1.0"
34.215.180.199 - - [14/May/2023:11:29:22 +0200] "GET / HTTP/1.0" 301 511 "-" "Mozilla/5.0 (X11; Linux x86_64) AppleWebKit/537.36 (KHTML, like Gecko) Chrome/83.0.4103.97 Safari/537.36"
216.244.66.242 - - [14/May/2023:11:29:25 +0200] "GET /bagshandbags-shoulder-bags-c-31_81.html?page=13 HTTP/1.0" 200 94192 "-" "Mozilla/5.0 (compatible; DotBot/1.2; +https://opensiteexplorer.org/dotbot; help@moz.com)"
50.46.238.169 - - [14/May/2023:11:29:27 +0200] "GET /images/mini_prod/1399986102778.jpg HTTP/1.0" 200 269 "-" "Mozilla/5.0 (X11; Ubuntu; Linux x86_64; rv:72.0) Gecko/20100101 Firefox/72.0"
66.249.69.70 - - [14/May/2023:11:29:56 +0200] "GET /images/big_prod_2/8718969143622BC.jpg HTTP/1.0" 200 272 "-" "Googlebot-Image/1.0"
129.82.147.216 - - [14/May/2023:11:30:36 +0200] "GET /images/mini_prod/34DSCN8154.jpg HTTP/1.0" 200 266 "-" "Mozilla/5.0 (X11; Ubuntu; Linux x86_64; rv:72.0) Gecko/20100101 Firefox/72.0"
66.249.69.74 - - [14/May/2023:11:30:36 +0200] "GET /stoneware-lamp-p-54168.html HTTP/1.0" 200 76786 "-" "Mozilla/5.0 (compatible; Googlebot/2.1; +http://www.google.com/bot.html)"
66.249.69.70 - - [14/May/2023:11:30:40 +0200] "GET /cats-dubout-figurine-third-p-32711.html HTTP/1.0" 200 78479 "-" "Mozilla/5.0 (Linux; Android 6.0.1; Nexus 5X Build/MMB29P) AppleWebKit/537.36 (KHTML, like Gecko) Chrome/112.0.5615.142 Mobile Safari/537.36 (compatible; Googlebot/2.1; +http://www.google.com/bot.html)"
121.30.179.57 - - [14/May/2023:11:30:57 +0200] "GET /images/mini_prod/1384010203446.jpg HTTP/1.0" 200 269 "-" "Mozilla/5.0 (X11; Ubuntu; Linux x86_64; rv:72.0) Gecko/20100101 Firefox/72.0"
207.46.13.208 - - [14/May/2023:11:31:36 +0200] "GET /paris-with-spoon-vintage-four-color-process-p-38589.html HTTP/1.0" 200 73498 "-" "Mozilla/5.0 AppleWebKit/537.36 (KHTML, like Gecko; compatible; bingbot/2.0; +http://www.bing.com/bingbot.htm) Chrome/103.0.5060.134 Safari/537.36"
207.46.13.208 - - [14/May/2023:11:31:45 +0200] "GET /pyramid-green-aventurine-base-quality-p-44004.html HTTP/1.0" 200 73488 "-" "Mozilla/5.0 AppleWebKit/537.36 (KHTML, like Gecko; compatible; bingbot/2.0; +http://www.bing.com/bingbot.htm) Chrome/103.0.5060.134 Safari/537.36"
5.255.231.92 - - [14/May/2023:11:32:40 +0200] "GET /-p-34800.html HTTP/1.0" 200 73324 "-" "Mozilla/5.0 (compatible; YandexBot/3.0; +http://yandex.com/bots)"
66.249.69.74 - - [14/May/2023:11:32:52 +0200] "GET /zero-ghostly-from-nightmare-figurine-p-57428.html HTTP/1.0" 200 77206 "-" "Mozilla/5.0 (compatible; Googlebot/2.1; +http://www.google.com/bot.html)"
66.249.69.72 - - [14/May/2023:11:33:01 +0200] "GET /images/big_prod_1/4045233026690B.jpg HTTP/1.0" 200 271 "-" "Googlebot-Image/1.0"
107.20.175.216 - - [14/May/2023:11:34:14 +0200] "GET /images/mini_prod/3661443612495.jpg HTTP/1.0" 200 269 "-" "Mozilla/5.0 (X11; Ubuntu; Linux x86_64; rv:72.0) Gecko/20100101 Firefox/72.0"
81.71.94.236 - - [14/May/2023:11:34:21 +0200] "GET /images/mini_prod/3560600256971.jpg HTTP/1.0" 200 269 "-" "Mozilla/5.0 (X11; Ubuntu; Linux x86_64; rv:72.0) Gecko/20100101 Firefox/72.0"
66.249.69.72 - - [14/May/2023:11:34:23 +0200] "GET /orange-resin-monkey-lamp-p-56451.html HTTP/1.0" 200 77048 "-" "Mozilla/5.0 (compatible; Googlebot/2.1; +http://www.google.com/bot.html)"
81.71.101.51 - - [14/May/2023:11:34:34 +0200] "GET /images/mini_prod/J1399984249239J.jpg HTTP/1.0" 200 271 "-" "Mozilla/5.0 (X11; Ubuntu; Linux x86_64; rv:72.0) Gecko/20100101 Firefox/72.0"
66.249.69.70 - - [14/May/2023:11:34:36 +0200] "GET /images/big_prod_2/4045233021619D.jpg HTTP/1.0" 200 271 "-" "Googlebot-Image/1.0"
66.249.69.72 - - [14/May/2023:11:34:39 +0200] "GET /pillow-case-white-p-39126.html HTTP/1.0" 200 76788 "-" "Mozilla/5.0 (Linux; Android 6.0.1; Nexus 5X Build/MMB29P) AppleWebKit/537.36 (KHTML, like Gecko) Chrome/112.0.5615.142 Mobile Safari/537.36 (compatible; Googlebot/2.1; +http://www.google.com/bot.html)"
40.77.167.83 - - [14/May/2023:11:34:53 +0200] "GET /hulk-mask-p-29839.html HTTP/1.0" 301 555 "-" "Mozilla/5.0 AppleWebKit/537.36 (KHTML, like Gecko; compatible; bingbot/2.0; +http://www.bing.com/bingbot.htm) Chrome/103.0.5060.134 Safari/537.36"
111.187.39.212 - - [14/May/2023:11:35:01 +0200] "GET /images/mini_prod/1399984252741.jpg HTTP/1.0" 200 269 "-" "Mozilla/5.0 (X11; Ubuntu; Linux x86_64; rv:72.0) Gecko/20100101 Firefox/72.0"
216.244.66.242 - - [14/May/2023:11:35:06 +0200] "GET /elsa-small-trolley-p-35531.html HTTP/1.0" 200 73386 "-" "Mozilla/5.0 (compatible; DotBot/1.2; +https://opensiteexplorer.org/dotbot; help@moz.com)"
81.71.99.63 - - [14/May/2023:11:35:41 +0200] "GET /images/mini_prod/5022271900839.jpg HTTP/1.0" 200 269 "-" "Mozilla/5.0 (X11; Ubuntu; Linux x86_64; rv:72.0) Gecko/20100101 Firefox/72.0"
66.249.69.70 - - [14/May/2023:11:35:43 +0200] "GET /rubber-look-metal-doormat-p-58308.html HTTP/1.0" 200 76850 "-" "Mozilla/5.0 (Linux; Android 6.0.1; Nexus 5X Build/MMB29P) AppleWebKit/537.36 (KHTML, like Gecko) Chrome/112.0.5615.142 Mobile Safari/537.36 (compatible; Googlebot/2.1; +http://www.google.com/bot.html)"
216.244.66.242 - - [14/May/2023:11:35:53 +0200] "GET /batman-poster-p-30936.html HTTP/1.0" 301 73391 "-" "Mozilla/5.0 (compatible; DotBot/1.2; +https://opensiteexplorer.org/dotbot; help@moz.com)"
207.46.13.220 - - [14/May/2023:11:36:03 +0200] "GET /horse-small-round-magnet-p-31913.html HTTP/1.0" 200 75950 "-" "Mozilla/5.0 AppleWebKit/537.36 (KHTML, like Gecko; compatible; bingbot/2.0; +http://www.bing.com/bingbot.htm) Chrome/103.0.5060.134 Safari/537.36"
216.244.66.242 - - [14/May/2023:11:36:03 +0200] "GET /skylanders-poster-p-25840.html HTTP/1.0" 301 73391 "-" "Mozilla/5.0 (compatible; DotBot/1.2; +https://opensiteexplorer.org/dotbot; help@moz.com)"
216.244.66.242 - - [14/May/2023:11:36:39 +0200] "GET /cotton-floor-cushion-45-cm-iceland-p-45211.html HTTP/1.0" 301 73391 "-" "Mozilla/5.0 (compatible; DotBot/1.2; +https://opensiteexplorer.org/dotbot; help@moz.com)"
121.30.179.77 - - [14/May/2023:11:36:52 +0200] "GET /images/mini_prod/1399984234730.jpg HTTP/1.0" 200 269 "-" "Mozilla/5.0 (X11; Ubuntu; Linux x86_64; rv:72.0) Gecko/20100101 Firefox/72.0"
216.244.66.242 - - [14/May/2023:11:36:52 +0200] "GET /joyeux-anniversaire-amuse-toi-bien-card-p-20041.html HTTP/1.0" 301 73564 "-" "Mozilla/5.0 (compatible; DotBot/1.2; +https://opensiteexplorer.org/dotbot; help@moz.com)"
216.244.66.242 - - [14/May/2023:11:37:03 +0200] "GET /kimmi-junior-confettis-towel-p-13435.html HTTP/1.0" 301 73391 "-" "Mozilla/5.0 (compatible; DotBot/1.2; +https://opensiteexplorer.org/dotbot; help@moz.com)"
42.194.240.188 - - [14/May/2023:11:37:05 +0200] "GET /images/mini_prod/8433933031476.jpg HTTP/1.0" 200 269 "-" "Mozilla/5.0 (X11; Ubuntu; Linux x86_64; rv:72.0) Gecko/20100101 Firefox/72.0"
216.244.66.242 - - [14/May/2023:11:37:13 +0200] "GET /kimmidoll-red-hobo-bag-satin-collection-p-13371.html HTTP/1.0" 301 76620 "-" "Mozilla/5.0 (compatible; DotBot/1.2; +https://opensiteexplorer.org/dotbot; help@moz.com)"
216.244.66.242 - - [14/May/2023:11:37:27 +0200] "GET /set-of-circle-coasters-starry-russian-doll-by-cbkreation-p-18471.html HTTP/1.0" 301 76372 "-" "Mozilla/5.0 (compatible; DotBot/1.2; +https://opensiteexplorer.org/dotbot; help@moz.com)"
207.46.13.220 - - [14/May/2023:11:37:33 +0200] "GET /petit-coin-paradis-wall-sticker-p-39310.html HTTP/1.0" 200 76770 "-" "Mozilla/5.0 AppleWebKit/537.36 (KHTML, like Gecko; compatible; bingbot/2.0; +http://www.bing.com/bingbot.htm) Chrome/103.0.5060.134 Safari/537.36"
66.249.69.72 - - [14/May/2023:11:37:43 +0200] "GET /money-cbkreation-p-24133.html HTTP/1.0" 200 75983 "-" "Mozilla/5.0 (Linux; Android 6.0.1; Nexus 5X Build/MMB29P) AppleWebKit/537.36 (KHTML, like Gecko) Chrome/112.0.5615.142 Mobile Safari/537.36 (compatible; Googlebot/2.1; +http://www.google.com/bot.html)"
185.176.78.178 - - [14/May/2023:11:37:53 +0200] "GET /images/mini_prod/3520071365336.jpg HTTP/1.0" 200 269 "-" "Mozilla/5.0 (X11; Ubuntu; Linux x86_64; rv:72.0) Gecko/20100101 Firefox/72.0"
66.249.69.72 - - [14/May/2023:11:38:02 +0200] "GET /images/big_prod_1/8714872293096b.jpg HTTP/1.0" 200 271 "-" "Googlebot-Image/1.0"
185.176.78.178 - - [14/May/2023:11:38:21 +0200] "GET /images/mini_prod/3585190854208.jpg HTTP/1.0" 200 269 "-" "Mozilla/5.0 (X11; Ubuntu; Linux x86_64; rv:72.0) Gecko/20100101 Firefox/72.0"
44.234.150.95 - - [14/May/2023:11:40:05 +0200] "GET /images/mini_prod/8435306215780.jpg HTTP/1.0" 200 269 "-" "Mozilla/5.0 (X11; Ubuntu; Linux x86_64; rv:72.0) Gecko/20100101 Firefox/72.0"
66.249.69.72 - - [14/May/2023:11:40:16 +0200] "GET /plush-panda-glitter-motsu-keel-toys-p-54192.html HTTP/1.0" 200 76252 "-" "Mozilla/5.0 (Linux; Android 6.0.1; Nexus 5X Build/MMB29P) AppleWebKit/537.36 (KHTML, like Gecko) Chrome/112.0.5615.142 Mobile Safari/537.36 (compatible; Googlebot/2.1; +http://www.google.com/bot.html)"
51.68.224.127 - - [14/May/2023:11:41:11 +0200] "GET /adminweb/export_orders_xml.php?token=256de2z6edz6ed2z6DFSFsed2zed6zeDSFDSGdzedezfzf&maxorders=10&orderstart=1&status=14&start_date=2018-10-01 HTTP/1.0" 200 285 "-" "GesCom CharlotteBoutik Serveur"
51.68.224.127 - - [14/May/2023:11:41:11 +0200] "GET /adminweb/export_orders_xml.php?token=256de2z6edz6ed2z6DFSFsed2zed6zeDSFDSGdzedezfzf&maxorders=10&orderstart=1&status=6&start_date=2018-10-01 HTTP/1.0" 200 33887 "-" "GesCom CharlotteBoutik Serveur"
185.176.78.178 - - [14/May/2023:11:41:48 +0200] "GET /images/mini_prod/1399984241790.jpg HTTP/1.0" 200 269 "-" "Mozilla/5.0 (X11; Ubuntu; Linux x86_64; rv:72.0) Gecko/20100101 Firefox/72.0"
66.249.69.70 - - [14/May/2023:11:42:10 +0200] "GET /jewels-cats-espresso-p-54559.html HTTP/1.0" 200 76826 "-" "Mozilla/5.0 (Linux; Android 6.0.1; Nexus 5X Build/MMB29P) AppleWebKit/537.36 (KHTML, like Gecko) Chrome/112.0.5615.142 Mobile Safari/537.36 (compatible; Googlebot/2.1; +http://www.google.com/bot.html)"
153.3.60.158 - - [14/May/2023:11:42:12 +0200] "GET /images/big_prod_1/8422099001126.jpg HTTP/1.0" 200 270 "-" "Mozilla/5.0 (X11; Ubuntu; Linux x86_64; rv:72.0) Gecko/20100101 Firefox/72.0"
207.46.13.220 - - [14/May/2023:11:42:33 +0200] "GET /games-and-toys/soft-toys-security-blanket/barbazoo-barbapapa-family-soft-toy-15cm-p-14332.html HTTP/1.0" 301 699 "-" "Mozilla/5.0 AppleWebKit/537.36 (KHTML, like Gecko; compatible; bingbot/2.0; +http://www.bing.com/bingbot.htm) Chrome/103.0.5060.134 Safari/537.36"
207.46.13.220 - - [14/May/2023:11:42:53 +0200] "GET /little-hearts-p-52284.html HTTP/1.0" 200 73394 "-" "Mozilla/5.0 AppleWebKit/537.36 (KHTML, like Gecko; compatible; bingbot/2.0; +http://www.bing.com/bingbot.htm) Chrome/103.0.5060.134 Safari/537.36"
66.249.69.72 - - [14/May/2023:11:43:02 +0200] "GET /vanity-printed-running-horses-p-35450.html HTTP/1.0" 200 78427 "-" "Mozilla/5.0 (Linux; Android 6.0.1; Nexus 5X Build/MMB29P) AppleWebKit/537.36 (KHTML, like Gecko) Chrome/112.0.5615.142 Mobile Safari/537.36 (compatible; Googlebot/2.1; +http://www.google.com/bot.html)"
216.244.66.242 - - [14/May/2023:11:44:08 +0200] "GET /cancer-mousepad-cbkreation-p-43299.html HTTP/1.0" 200 76033 "-" "Mozilla/5.0 (compatible; DotBot/1.2; +https://opensiteexplorer.org/dotbot; help@moz.com)"
185.176.78.178 - - [14/May/2023:11:44:10 +0200] "GET /images/mini_prod/34DSCN8154.jpg HTTP/1.0" 200 266 "-" "Mozilla/5.0 (X11; Ubuntu; Linux x86_64; rv:72.0) Gecko/20100101 Firefox/72.0"
216.244.66.242 - - [14/May/2023:11:44:17 +0200] "GET /gogh-tournesols-adult-apron-p-47664.html HTTP/1.0" 200 75962 "-" "Mozilla/5.0 (compatible; DotBot/1.2; +https://opensiteexplorer.org/dotbot; help@moz.com)"
216.244.66.242 - - [14/May/2023:11:44:27 +0200] "GET /quel-souffle-anniv-card-p-20054.html HTTP/1.0" 200 76023 "-" "Mozilla/5.0 (compatible; DotBot/1.2; +https://opensiteexplorer.org/dotbot; help@moz.com)"
216.244.66.242 - - [14/May/2023:11:44:37 +0200] "GET /yumiko-gold-p-50772.html HTTP/1.0" 200 76932 "-" "Mozilla/5.0 (compatible; DotBot/1.2; +https://opensiteexplorer.org/dotbot; help@moz.com)"
207.46.13.220 - - [14/May/2023:11:45:03 +0200] "GET /hello-kitty-melamine-bowl-p-17118.html HTTP/1.0" 200 76073 "-" "Mozilla/5.0 AppleWebKit/537.36 (KHTML, like Gecko; compatible; bingbot/2.0; +http://www.bing.com/bingbot.htm) Chrome/103.0.5060.134 Safari/537.36"
121.30.179.67 - - [14/May/2023:11:45:23 +0200] "GET /images/mini_prod/1300010239834.jpg HTTP/1.0" 200 269 "-" "Mozilla/5.0 (X11; Ubuntu; Linux x86_64; rv:72.0) Gecko/20100101 Firefox/72.0"
216.244.66.242 - - [14/May/2023:11:45:38 +0200] "GET /images/8422666661395.jpg HTTP/1.0" 200 259 "-" "Mozilla/5.0 (compatible; DotBot/1.2; +https://opensiteexplorer.org/dotbot; help@moz.com)"
216.244.66.242 - - [14/May/2023:11:45:45 +0200] "GET /minute-cooking-hourglass-white-sand-p-53720.html HTTP/1.0" 200 76772 "-" "Mozilla/5.0 (compatible; DotBot/1.2; +https://opensiteexplorer.org/dotbot; help@moz.com)"
66.249.69.70 - - [14/May/2023:11:45:48 +0200] "GET /dubout-cats-white-p-52492.html HTTP/1.0" 200 75920 "-" "Mozilla/5.0 (compatible; Googlebot/2.1; +http://www.google.com/bot.html)"
81.71.101.51 - - [14/May/2023:11:45:54 +0200] "GET /images/mini_prod/3560600297318.jpg HTTP/1.0" 200 269 "-" "Mozilla/5.0 (X11; Ubuntu; Linux x86_64; rv:72.0) Gecko/20100101 Firefox/72.0"
207.46.13.208 - - [14/May/2023:11:45:58 +0200] "GET /keel-toys-plush-unicorn-valentine-p-51013.html HTTP/1.0" 200 76172 "-" "Mozilla/5.0 AppleWebKit/537.36 (KHTML, like Gecko; compatible; bingbot/2.0; +http://www.bing.com/bingbot.htm) Chrome/103.0.5060.134 Safari/537.36"
207.46.13.208 - - [14/May/2023:11:46:00 +0200] "GET /angry-birds-wallet-p-19173.html HTTP/1.0" 200 76176 "-" "Mozilla/5.0 AppleWebKit/537.36 (KHTML, like Gecko; compatible; bingbot/2.0; +http://www.bing.com/bingbot.htm) Chrome/103.0.5060.134 Safari/537.36"
66.249.69.70 - - [14/May/2023:11:46:15 +0200] "GET /alice-wonderland-glasses-case-p-56296.html HTTP/1.0" 200 76779 "-" "Mozilla/5.0 (Linux; Android 6.0.1; Nexus 5X Build/MMB29P) AppleWebKit/537.36 (KHTML, like Gecko) Chrome/112.0.5615.142 Mobile Safari/537.36 (compatible; Googlebot/2.1; +http://www.google.com/bot.html)"
40.77.167.83 - - [14/May/2023:11:46:24 +0200] "GET /the-pink-panther-towel-p-39103.html HTTP/1.0" 301 73391 "-" "Mozilla/5.0 AppleWebKit/537.36 (KHTML, like Gecko; compatible; bingbot/2.0; +http://www.bing.com/bingbot.htm) Chrome/103.0.5060.134 Safari/537.36"
66.249.69.70 - - [14/May/2023:11:46:48 +0200] "GET /bookend-black-velvet-resin-p-59180.html HTTP/1.0" 200 76659 "-" "Mozilla/5.0 (Linux; Android 6.0.1; Nexus 5X Build/MMB29P) AppleWebKit/537.36 (KHTML, like Gecko) Chrome/112.0.5615.142 Mobile Safari/537.36 (compatible; Googlebot/2.1; +http://www.google.com/bot.html)"
5.255.231.97 - - [14/May/2023:11:46:53 +0200] "GET /cement-tile-stickers-15-15-cm-p-51623.html HTTP/1.0" 301 76980 "-" "Mozilla/5.0 (compatible; YandexBot/3.0; +http://yandex.com/bots)"
213.180.203.13 - - [14/May/2023:11:46:55 +0200] "GET /cement-tile-stickers-p-51623.html HTTP/1.0" 200 76893 "-" "Mozilla/5.0 (compatible; YandexBot/3.0; +http://yandex.com/bots)"
216.244.66.242 - - [14/May/2023:11:47:26 +0200] "GET /peace-love-phone-cover-iphone-p-18974.html HTTP/1.0" 200 78618 "-" "Mozilla/5.0 (compatible; DotBot/1.2; +https://opensiteexplorer.org/dotbot; help@moz.com)"
66.249.69.70 - - [14/May/2023:11:47:31 +0200] "GET /images/big_prod_1/8904245400323.jpg HTTP/1.0" 200 270 "-" "Googlebot-Image/1.0"
129.97.152.23 - - [14/May/2023:11:47:40 +0200] "GET /images/mini_prod/3438100326046.jpg HTTP/1.0" 200 269 "-" "Mozilla/5.0 (X11; Ubuntu; Linux x86_64; rv:72.0) Gecko/20100101 Firefox/72.0"
216.244.66.242 - - [14/May/2023:11:47:42 +0200] "GET /pencils-carousel-made-wood-metal-p-46383.html HTTP/1.0" 200 77112 "-" "Mozilla/5.0 (compatible; DotBot/1.2; +https://opensiteexplorer.org/dotbot; help@moz.com)"
69.171.251.9 - - [14/May/2023:11:47:47 +0200] "GET /images/mini_prod/1384010202876.jpg HTTP/1.0" 200 269 "-" "Mozilla/5.0 (X11; Ubuntu; Linux x86_64; rv:72.0) Gecko/20100101 Firefox/72.0"
216.244.66.242 - - [14/May/2023:11:48:23 +0200] "GET /decorations-and-furnishings/furnishings/hello-kitty-toy-box-p-18803.html HTTP/1.0" 301 655 "-" "Mozilla/5.0 (compatible; DotBot/1.2; +https://opensiteexplorer.org/dotbot; help@moz.com)"
106.52.146.234 - - [14/May/2023:11:49:02 +0200] "GET /images/mini_prod/5051276211053.jpg HTTP/1.0" 200 269 "-" "Mozilla/5.0 (X11; Ubuntu; Linux x86_64; rv:72.0) Gecko/20100101 Firefox/72.0"
216.244.66.242 - - [14/May/2023:11:49:03 +0200] "GET /-p-46844.html HTTP/1.0" 200 73324 "-" "Mozilla/5.0 (compatible; DotBot/1.2; +https://opensiteexplorer.org/dotbot; help@moz.com)"
207.46.13.208 - - [14/May/2023:11:49:06 +0200] "GET /pencil-loola-ylvi-and-the-minimoomis-p-33974.html HTTP/1.0" 301 76208 "-" "Mozilla/5.0 AppleWebKit/537.36 (KHTML, like Gecko; compatible; bingbot/2.0; +http://www.bing.com/bingbot.htm) Chrome/103.0.5060.134 Safari/537.36"
216.244.66.242 - - [14/May/2023:11:49:15 +0200] "GET /dubout-cats-tote-papillon-p-47163.html HTTP/1.0" 200 76074 "-" "Mozilla/5.0 (compatible; DotBot/1.2; +https://opensiteexplorer.org/dotbot; help@moz.com)"
216.244.66.242 - - [14/May/2023:11:49:26 +0200] "GET /luggages-schoolbags-leather-shop/purse-and-wallet-c-31_76.html HTTP/1.0" 301 93637 "-" "Mozilla/5.0 (compatible; DotBot/1.2; +https://opensiteexplorer.org/dotbot; help@moz.com)"
216.244.66.242 - - [14/May/2023:11:49:36 +0200] "GET /pastis-metal-plate-p-47639.html HTTP/1.0" 200 75943 "-" "Mozilla/5.0 (compatible; DotBot/1.2; +https://opensiteexplorer.org/dotbot; help@moz.com)"
216.244.66.242 - - [14/May/2023:11:49:45 +0200] "GET /pepe-jeans-sport-p-41322.html HTTP/1.0" 200 76269 "-" "Mozilla/5.0 (compatible; DotBot/1.2; +https://opensiteexplorer.org/dotbot; help@moz.com)"
196.244.192.38 - - [14/May/2023:11:50:33 +0200] "GET /contact_us.php HTTP/1.0" 301 539 "-" "Mozilla/5.0 (Windows NT 6.3; Win64; x64) AppleWebKit/537.36 (KHTML, like Gecko) Chrome/75.0.3770.100 Safari/537.36"
147.92.153.19 - - [14/May/2023:11:51:20 +0200] "GET /images/big_prod/8435684220390.jpg HTTP/1.0" 200 268 "-" "Mozilla/5.0 (compatible; Linespider/1.1; +https://lin.ee/4dwXkTH)"
66.249.69.72 - - [14/May/2023:11:51:51 +0200] "GET /cats-dubout-bowl-p-40057.html HTTP/1.0" 200 73384 "-" "Mozilla/5.0 (compatible; Googlebot/2.1; +http://www.google.com/bot.html)"
129.82.147.216 - - [14/May/2023:11:52:12 +0200] "GET /images/mini_prod/8482013122047.jpg HTTP/1.0" 200 269 "-" "Mozilla/5.0 (X11; Ubuntu; Linux x86_64; rv:72.0) Gecko/20100101 Firefox/72.0"
17.241.219.213 - - [14/May/2023:11:53:15 +0200] "GET /adhesive-roll-velvet-pattern-p-55810.html HTTP/1.0" 200 77157 "-" "Mozilla/5.0 (Macintosh; Intel Mac OS X 10_15_5) AppleWebKit/605.1.15 (KHTML, like Gecko) Version/13.1.1 Safari/605.1.15 (Applebot/0.1; +http://www.apple.com/go/applebot)"
129.204.116.160 - - [14/May/2023:11:53:21 +0200] "GET /images/mini_prod/3079091105663.jpg HTTP/1.0" 200 269 "-" "Mozilla/5.0 (X11; Ubuntu; Linux x86_64; rv:72.0) Gecko/20100101 Firefox/72.0"
66.249.69.70 - - [14/May/2023:11:53:40 +0200] "GET /jolly-mah-nici-charm-phone-charm-p-33460.html HTTP/1.0" 301 73529 "-" "Mozilla/5.0 (Linux; Android 6.0.1; Nexus 5X Build/MMB29P) AppleWebKit/537.36 (KHTML, like Gecko) Chrome/112.0.5615.142 Mobile Safari/537.36 (compatible; Googlebot/2.1; +http://www.google.com/bot.html)"
66.249.69.70 - - [14/May/2023:11:53:42 +0200] "GET /jolly-nici-charm-phone-charm-p-33460.html HTTP/1.0" 200 73434 "-" "Mozilla/5.0 (Linux; Android 6.0.1; Nexus 5X Build/MMB29P) AppleWebKit/537.36 (KHTML, like Gecko) Chrome/112.0.5615.142 Mobile Safari/537.36 (compatible; Googlebot/2.1; +http://www.google.com/bot.html)"
207.46.13.208 - - [14/May/2023:11:54:18 +0200] "GET /sponge-melamine-bowl-p-17120.html HTTP/1.0" 200 76057 "-" "Mozilla/5.0 AppleWebKit/537.36 (KHTML, like Gecko; compatible; bingbot/2.0; +http://www.bing.com/bingbot.htm) Chrome/103.0.5060.134 Safari/537.36"
66.249.69.70 - - [14/May/2023:11:54:47 +0200] "GET /flower-market-metal-planter-zinc-look-khaki-p-55466.html HTTP/1.0" 200 77036 "-" "Mozilla/5.0 (Linux; Android 6.0.1; Nexus 5X Build/MMB29P) AppleWebKit/537.36 (KHTML, like Gecko) Chrome/112.0.5615.142 Mobile Safari/537.36 (compatible; Googlebot/2.1; +http://www.google.com/bot.html)"
66.249.69.74 - - [14/May/2023:11:54:49 +0200] "GET /cache-natural-jute-look-cement-p-59156.html HTTP/1.0" 200 76688 "-" "Mozilla/5.0 (Linux; Android 6.0.1; Nexus 5X Build/MMB29P) AppleWebKit/537.36 (KHTML, like Gecko) Chrome/112.0.5615.142 Mobile Safari/537.36 (compatible; Googlebot/2.1; +http://www.google.com/bot.html)"
66.249.69.70 - - [14/May/2023:11:55:14 +0200] "GET /images/big_prod_1/8445146023971B.jpg HTTP/1.0" 200 271 "-" "Googlebot-Image/1.0"
129.97.152.23 - - [14/May/2023:11:56:15 +0200] "GET /images/mini_prod/3503420077364.jpg HTTP/1.0" 200 269 "-" "Mozilla/5.0 (X11; Ubuntu; Linux x86_64; rv:72.0) Gecko/20100101 Firefox/72.0"
66.249.69.70 - - [14/May/2023:11:56:34 +0200] "GET /images/big_prod/8029759070555.jpg HTTP/1.0" 200 268 "-" "Googlebot-Image/1.0"
66.249.69.70 - - [14/May/2023:11:56:49 +0200] "GET /bires-coasters-p-50290.html HTTP/1.0" 200 75985 "-" "Mozilla/5.0 (Linux; Android 6.0.1; Nexus 5X Build/MMB29P) AppleWebKit/537.36 (KHTML, like Gecko) Chrome/112.0.5615.142 Mobile Safari/537.36 (compatible; Googlebot/2.1; +http://www.google.com/bot.html)"
66.249.69.116 - - [14/May/2023:11:56:54 +0200] "GET /robots.txt HTTP/1.0" 301 531 "-" "Mozilla/5.0 (compatible; Googlebot/2.1; +http://www.google.com/bot.html)"
66.249.69.70 - - [14/May/2023:11:56:55 +0200] "GET /robots.txt HTTP/1.0" 200 245 "-" "Mozilla/5.0 (compatible; Googlebot/2.1; +http://www.google.com/bot.html)"
66.249.69.116 - - [14/May/2023:11:56:55 +0200] "GET / HTTP/1.0" 301 511 "-" "Mozilla/5.0 (compatible; Googlebot/2.1; +http://www.google.com/bot.html)"
66.249.69.70 - - [14/May/2023:11:56:55 +0200] "GET / HTTP/1.0" 200 153066 "-" "Mozilla/5.0 (compatible; Googlebot/2.1; +http://www.google.com/bot.html)"
60.188.9.178 - - [14/May/2023:11:57:13 +0200] "GET /images/mini_prod/8435684221090.jpg HTTP/1.0" 200 269 "http://www.wonder-geek.com/" "YisouSpider"
66.249.69.74 - - [14/May/2023:11:57:36 +0200] "GET /carpet-ethnic-berry-p-58168.html HTTP/1.0" 200 76969 "-" "Mozilla/5.0 (compatible; Googlebot/2.1; +http://www.google.com/bot.html)"
51.68.224.127 - - [14/May/2023:11:57:42 +0200] "GET /adminweb/export_orders_xml.php?token=256de2z6edz6ed2z6DFSFsed2zed6zeDSFDSGdzedezfzf&maxorders=10&orderstart=1&status=14&start_date=2018-10-01 HTTP/1.0" 200 285 "-" "GesCom CharlotteBoutik Serveur"
51.68.224.127 - - [14/May/2023:11:57:42 +0200] "GET /adminweb/export_orders_xml.php?token=256de2z6edz6ed2z6DFSFsed2zed6zeDSFDSGdzedezfzf&maxorders=10&orderstart=1&status=6&start_date=2018-10-01 HTTP/1.0" 200 33887 "-" "GesCom CharlotteBoutik Serveur"
40.77.167.83 - - [14/May/2023:11:57:45 +0200] "GET /images/big_prod_1/3503420103582D.jpg HTTP/1.0" 200 271 "-" "Mozilla/5.0 AppleWebKit/537.36 (KHTML, like Gecko; compatible; bingbot/2.0; +http://www.bing.com/bingbot.htm) Chrome/103.0.5060.134 Safari/537.36"
40.77.167.83 - - [14/May/2023:11:57:46 +0200] "GET /sonny-angel-flowers-series-new-version-p-51491.html HTTP/1.0" 301 73391 "-" "Mozilla/5.0 AppleWebKit/537.36 (KHTML, like Gecko; compatible; bingbot/2.0; +http://www.bing.com/bingbot.htm) Chrome/103.0.5060.134 Safari/537.36"
195.188.181.2 - - [14/May/2023:11:58:00 +0200] "GET /images/mini_prod/1300000021241.jpg HTTP/1.0" 200 269 "-" "Mozilla/5.0 (X11; Ubuntu; Linux x86_64; rv:72.0) Gecko/20100101 Firefox/72.0"
185.176.78.178 - - [14/May/2023:11:58:06 +0200] "GET /images/mini_prod/8482013122047.jpg HTTP/1.0" 200 269 "-" "Mozilla/5.0 (X11; Ubuntu; Linux x86_64; rv:72.0) Gecko/20100101 Firefox/72.0"
207.46.13.208 - - [14/May/2023:11:58:08 +0200] "GET /tennis-player-statuette-p-51567.html HTTP/1.0" 200 76007 "-" "Mozilla/5.0 AppleWebKit/537.36 (KHTML, like Gecko; compatible; bingbot/2.0; +http://www.bing.com/bingbot.htm) Chrome/103.0.5060.134 Safari/537.36"
106.55.254.60 - - [14/May/2023:11:58:31 +0200] "GET /images/mini_prod/524352[2].jpg HTTP/1.0" 200 265 "-" "Mozilla/5.0 (X11; Ubuntu; Linux x86_64; rv:72.0) Gecko/20100101 Firefox/72.0"
66.249.69.74 - - [14/May/2023:11:58:58 +0200] "GET /robots.txt HTTP/1.0" 200 245 "-" "Mozilla/5.0 (compatible; Googlebot/2.1; +http://www.google.com/bot.html)"
106.52.249.139 - - [14/May/2023:11:58:58 +0200] "GET /images/mini_prod/3520071755977.jpg HTTP/1.0" 200 269 "-" "Mozilla/5.0 (X11; Ubuntu; Linux x86_64; rv:72.0) Gecko/20100101 Firefox/72.0"
66.249.69.72 - - [14/May/2023:11:58:58 +0200] "GET /vent-bathrobe-size-p-45904.html HTTP/1.0" 200 76003 "-" "Mozilla/5.0 (Linux; Android 6.0.1; Nexus 5X Build/MMB29P) AppleWebKit/537.36 (KHTML, like Gecko) Chrome/113.0.5672.92 Mobile Safari/537.36 (compatible; Googlebot/2.1; +http://www.google.com/bot.html)"
66.249.69.70 - - [14/May/2023:11:59:08 +0200] "GET /images/big_prod/3612875114002.jpg HTTP/1.0" 200 268 "-" "Googlebot-Image/1.0"
84.54.53.253 - - [14/May/2023:11:59:21 +0200] "GET /create_account.php HTTP/1.0" 301 547 "http://wonder-geek.com/create_account.php" "Mozilla/5.0 (Windows NT 10.0; Win64; x64) AppleWebKit/537.36 (KHTML, like Gecko) Chrome/103.0.5060.53 Safari/537.36"
46.8.56.63 - - [14/May/2023:11:59:22 +0200] "GET /create_account.php HTTP/1.0" 200 33633 "http://www.wonder-geek.com/create_account.php" "Mozilla/5.0 (Windows NT 10.0; Win64; x64) AppleWebKit/537.36 (KHTML, like Gecko) Chrome/103.0.5060.53 Safari/537.36"
46.8.56.63 - - [14/May/2023:11:59:23 +0200] "GET /index.php HTTP/1.0" 200 152682 "http://www.wonder-geek.com/index.php" "Mozilla/5.0 (Windows NT 10.0; Win64; x64) AppleWebKit/537.36 (KHTML, like Gecko) Chrome/103.0.5060.53 Safari/537.36"
46.8.213.80 - - [14/May/2023:11:59:27 +0200] "GET /trivet-boards-c-12_158.html HTTP/1.0" 200 97114 "http://www.wonder-geek.com/trivet-boards-c-12_158.html" "Mozilla/5.0 (Windows NT 10.0; Win64; x64) AppleWebKit/537.36 (KHTML, like Gecko) Chrome/103.0.5060.53 Safari/537.36"
46.8.56.63 - - [14/May/2023:11:59:29 +0200] "GET /cardboard-boxes-storage-c-13_150_216.html HTTP/1.0" 200 80764 "http://www.wonder-geek.com/cardboard-boxes-storage-c-13_150_216.html" "Mozilla/5.0 (Windows NT 10.0; Win64; x64) AppleWebKit/537.36 (KHTML, like Gecko) Chrome/103.0.5060.53 Safari/537.36"
46.8.56.63 - - [14/May/2023:11:59:32 +0200] "GET /contact_us.php HTTP/1.0" 200 26241 "http://www.wonder-geek.com/contact_us.php" "Mozilla/5.0 (Windows NT 10.0; Win64; x64) AppleWebKit/537.36 (KHTML, like Gecko) Chrome/103.0.5060.53 Safari/537.36"
84.54.53.253 - - [14/May/2023:11:59:32 +0200] "POST /contact_us.php?action=send HTTP/1.0" 200 26677 "http://www.wonder-geek.com/contact_us.php" "Mozilla/5.0 (Windows NT 10.0; Win64; x64) AppleWebKit/537.36 (KHTML, like Gecko) Chrome/103.0.5060.53 Safari/537.36"
139.199.162.133 - - [14/May/2023:11:59:42 +0200] "GET /images/mini_prod/3014627806386.jpg HTTP/1.0" 200 269 "-" "Mozilla/5.0 (X11; Ubuntu; Linux x86_64; rv:72.0) Gecko/20100101 Firefox/72.0"
121.30.179.17 - - [14/May/2023:11:59:46 +0200] "GET /images/mini_prod/8003990631829.jpg HTTP/1.0" 200 269 "-" "Mozilla/5.0 (X11; Ubuntu; Linux x86_64; rv:72.0) Gecko/20100101 Firefox/72.0"
40.77.167.83 - - [14/May/2023:11:59:46 +0200] "GET /frozen-disney-blue-cardboard-trunk-36-cm-p-29126.html HTTP/1.0" 301 73391 "-" "Mozilla/5.0 AppleWebKit/537.36 (KHTML, like Gecko; compatible; bingbot/2.0; +http://www.bing.com/bingbot.htm) Chrome/103.0.5060.134 Safari/537.36"
121.30.179.107 - - [14/May/2023:11:59:58 +0200] "GET /images/mini_prod/3438100321201.jpg HTTP/1.0" 200 269 "-" "Mozilla/5.0 (X11; Ubuntu; Linux x86_64; rv:72.0) Gecko/20100101 Firefox/72.0"
66.249.69.72 - - [14/May/2023:12:00:09 +0200] "GET /js/jquery.min.js HTTP/1.0" 404 1308 "http://www.wonder-geek.com/" "Mozilla/5.0 AppleWebKit/537.36 (KHTML, like Gecko; compatible; Googlebot/2.1; +http://www.google.com/bot.html) Chrome/113.0.5672.63 Safari/537.36"
66.249.69.70 - - [14/May/2023:12:00:10 +0200] "GET /js/jquery.min.js HTTP/1.0" 404 1308 "http://www.wonder-geek.com/" "Mozilla/5.0 AppleWebKit/537.36 (KHTML, like Gecko; compatible; Googlebot/2.1; +http://www.google.com/bot.html) Chrome/113.0.5672.63 Safari/537.36"
66.249.69.72 - - [14/May/2023:12:00:19 +0200] "GET /images/mini_prod/8712159177466.jpg HTTP/1.0" 200 269 "-" "Googlebot-Image/1.0"
66.249.69.72 - - [14/May/2023:12:00:20 +0200] "GET /images/mini_prod/8712159187960.jpg HTTP/1.0" 200 269 "-" "Googlebot-Image/1.0"
66.249.69.70 - - [14/May/2023:12:00:20 +0200] "GET /images/mini_prod/8712159177947.jpg HTTP/1.0" 200 269 "-" "Googlebot-Image/1.0"
66.249.69.70 - - [14/May/2023:12:00:22 +0200] "GET /images/mini_prod/8712159189285.jpg HTTP/1.0" 200 269 "-" "Googlebot-Image/1.0"
66.249.69.70 - - [14/May/2023:12:00:23 +0200] "GET /images/mini_prod/3665269226089.jpg HTTP/1.0" 200 269 "-" "Googlebot-Image/1.0"
66.249.69.70 - - [14/May/2023:12:00:25 +0200] "GET /images/mini_prod/3503420132346.jpg HTTP/1.0" 200 269 "-" "Googlebot-Image/1.0"
207.46.13.220 - - [14/May/2023:12:00:26 +0200] "GET /oops-daisy-vintage-gorjuss-post-card-p-34617.html HTTP/1.0" 301 73391 "-" "Mozilla/5.0 AppleWebKit/537.36 (KHTML, like Gecko; compatible; bingbot/2.0; +http://www.bing.com/bingbot.htm) Chrome/103.0.5060.134 Safari/537.36"
66.249.69.116 - - [14/May/2023:12:00:31 +0200] "GET / HTTP/1.0" 301 511 "-" "Mozilla/5.0 (compatible; Googlebot/2.1; +http://www.google.com/bot.html)"
66.249.69.116 - - [14/May/2023:12:00:32 +0200] "GET / HTTP/1.0" 301 511 "-" "Mozilla/5.0 (Linux; Android 6.0.1; Nexus 5X Build/MMB29P) AppleWebKit/537.36 (KHTML, like Gecko) Chrome/99.0.4844.84 Mobile Safari/537.36 (compatible; Googlebot/2.1; +http://www.google.com/bot.html)"
66.249.69.70 - - [14/May/2023:12:00:33 +0200] "GET / HTTP/1.0" 200 152738 "-" "Mozilla/5.0 (compatible; Googlebot/2.1; +http://www.google.com/bot.html)"
66.249.69.70 - - [14/May/2023:12:00:37 +0200] "GET / HTTP/1.0" 200 153050 "-" "Mozilla/5.0 (Linux; Android 6.0.1; Nexus 5X Build/MMB29P) AppleWebKit/537.36 (KHTML, like Gecko) Chrome/99.0.4844.84 Mobile Safari/537.36 (compatible; Googlebot/2.1; +http://www.google.com/bot.html)"
195.188.181.2 - - [14/May/2023:12:01:02 +0200] "GET /images/mini_prod/1820024000003.jpg HTTP/1.0" 200 269 "-" "Mozilla/5.0 (X11; Ubuntu; Linux x86_64; rv:72.0) Gecko/20100101 Firefox/72.0"
147.92.153.13 - - [14/May/2023:12:02:17 +0200] "GET / HTTP/1.0" 200 152688 "-" "Mozilla/5.0 (compatible; Linespider/1.1; +https://lin.ee/4dwXkTH)"
147.92.153.5 - - [14/May/2023:12:02:21 +0200] "GET /js/jquery.min.js HTTP/1.0" 404 1308 "http://www.wonder-geek.com/" "Mozilla/5.0 (Windows NT 10.0; Win64; x64) AppleWebKit/537.36 (KHTML, like Gecko; compatible; Linespider/1.1; +https://lin.ee/4dwXkTH) Chrome/112.0.0.0 Safari/537.36"
185.191.171.1 - - [14/May/2023:12:02:36 +0200] "GET /robots.txt HTTP/1.0" 200 245 "-" "Mozilla/5.0 (compatible; SemrushBot/7~bl; +http://www.semrush.com/bot.html)"
185.191.171.24 - - [14/May/2023:12:02:41 +0200] "GET /humorous-thermometer-p-59950.html HTTP/1.0" 200 76849 "-" "Mozilla/5.0 (compatible; SemrushBot/7~bl; +http://www.semrush.com/bot.html)"
120.92.123.233 - - [14/May/2023:12:02:42 +0200] "GET /images/mini_prod/8718375751336.jpg HTTP/1.0" 200 269 "-" "python-requests/2.28.1"
213.180.203.199 - - [14/May/2023:12:02:51 +0200] "GET /images/7316191713265.jpg HTTP/1.0" 200 259 "-" "Mozilla/5.0 (compatible; YandexImages/3.0; +http://yandex.com/bots)"
106.53.102.224 - - [14/May/2023:12:03:30 +0200] "GET /images/mini_prod/3281640390066.jpg HTTP/1.0" 200 269 "-" "Mozilla/5.0 (X11; Ubuntu; Linux x86_64; rv:72.0) Gecko/20100101 Firefox/72.0"
207.46.13.220 - - [14/May/2023:12:03:36 +0200] "GET /games-and-toys/figures/asterix-and-obelix-baba-black-pirate-figure-p-15691.html HTTP/1.0" 301 669 "-" "Mozilla/5.0 AppleWebKit/537.36 (KHTML, like Gecko; compatible; bingbot/2.0; +http://www.bing.com/bingbot.htm) Chrome/103.0.5060.134 Safari/537.36"
40.77.167.83 - - [14/May/2023:12:03:55 +0200] "GET /barbecue-metal-tray-p-47715.html HTTP/1.0" 200 76103 "-" "Mozilla/5.0 AppleWebKit/537.36 (KHTML, like Gecko; compatible; bingbot/2.0; +http://www.bing.com/bingbot.htm) Chrome/103.0.5060.134 Safari/537.36"
185.191.171.9 - - [14/May/2023:12:04:45 +0200] "GET /vronse-body-talk-resin-statuette-vronse-naked-p-54717.html HTTP/1.0" 200 77270 "-" "Mozilla/5.0 (compatible; SemrushBot/7~bl; +http://www.semrush.com/bot.html)"
66.249.69.72 - - [14/May/2023:12:04:50 +0200] "GET /white-black-skull-keyrings-sound-light-p-40194.html HTTP/1.0" 200 76193 "-" "Mozilla/5.0 (Linux; Android 6.0.1; Nexus 5X Build/MMB29P) AppleWebKit/537.36 (KHTML, like Gecko) Chrome/112.0.5615.142 Mobile Safari/537.36 (compatible; Googlebot/2.1; +http://www.google.com/bot.html)"
207.46.13.208 - - [14/May/2023:12:05:08 +0200] "GET /round-transparent-plastic-tablecloth-p-48558.html HTTP/1.0" 200 76113 "-" "Mozilla/5.0 AppleWebKit/537.36 (KHTML, like Gecko; compatible; bingbot/2.0; +http://www.bing.com/bingbot.htm) Chrome/103.0.5060.134 Safari/537.36"
121.30.179.107 - - [14/May/2023:12:05:24 +0200] "GET /images/mini_prod/4029811340675.jpg HTTP/1.0" 200 269 "-" "Mozilla/5.0 (X11; Ubuntu; Linux x86_64; rv:72.0) Gecko/20100101 Firefox/72.0"
207.46.13.208 - - [14/May/2023:12:05:47 +0200] "GET /jar-for-jam-p-56573.html HTTP/1.0" 200 75847 "-" "Mozilla/5.0 AppleWebKit/537.36 (KHTML, like Gecko; compatible; bingbot/2.0; +http://www.bing.com/bingbot.htm) Chrome/103.0.5060.134 Safari/537.36"
47.100.137.161 - - [14/May/2023:12:06:22 +0200] "GET /images/mini_prod/8003990615898.jpg HTTP/1.0" 200 269 "-" "Mozilla/5.0 (X11; Ubuntu; Linux x86_64; rv:72.0) Gecko/20100101 Firefox/72.0"
40.77.167.83 - - [14/May/2023:12:06:56 +0200] "GET /heart-salt-lamp-about-p-60371.html HTTP/1.0" 200 76871 "-" "Mozilla/5.0 AppleWebKit/537.36 (KHTML, like Gecko; compatible; bingbot/2.0; +http://www.bing.com/bingbot.htm) Chrome/103.0.5060.134 Safari/537.36"
40.77.167.83 - - [14/May/2023:12:06:58 +0200] "GET /chef-mickey-mouse-figurine-disney-traditions-p-58269.html HTTP/1.0" 200 77272 "-" "Mozilla/5.0 AppleWebKit/537.36 (KHTML, like Gecko; compatible; bingbot/2.0; +http://www.bing.com/bingbot.htm) Chrome/103.0.5060.134 Safari/537.36"
42.194.226.229 - - [14/May/2023:12:07:21 +0200] "GET /images/mini_prod/1300000022903.jpg HTTP/1.0" 200 269 "-" "Mozilla/5.0 (X11; Ubuntu; Linux x86_64; rv:72.0) Gecko/20100101 Firefox/72.0"
66.249.69.72 - - [14/May/2023:12:07:31 +0200] "GET /bicycle-pendulum-clock-allen-p-53181.html HTTP/1.0" 200 76980 "-" "Mozilla/5.0 (Linux; Android 6.0.1; Nexus 5X Build/MMB29P) AppleWebKit/537.36 (KHTML, like Gecko) Chrome/112.0.5615.142 Mobile Safari/537.36 (compatible; Googlebot/2.1; +http://www.google.com/bot.html)"
207.46.13.208 - - [14/May/2023:12:07:58 +0200] "GET /minions-sports-bottle-p-31754.html HTTP/1.0" 200 75962 "-" "Mozilla/5.0 AppleWebKit/537.36 (KHTML, like Gecko; compatible; bingbot/2.0; +http://www.bing.com/bingbot.htm) Chrome/103.0.5060.134 Safari/537.36"
35.243.200.74 - - [14/May/2023:12:08:49 +0200] "GET /images/med_prod/1399984280539.jpg HTTP/1.0" 200 268 "-" "Mozilla/5.0 (X11; Ubuntu; Linux x86_64; rv:72.0) Gecko/20100101 Firefox/72.0"
66.249.69.74 - - [14/May/2023:12:09:00 +0200] "GET /images/big_prod_1/8433833240121B.jpg HTTP/1.0" 200 271 "-" "Googlebot-Image/1.0"
66.249.69.70 - - [14/May/2023:12:09:14 +0200] "GET /carpet-ethnic-berry-p-58174.html HTTP/1.0" 200 76969 "-" "Mozilla/5.0 (compatible; Googlebot/2.1; +http://www.google.com/bot.html)"
66.249.69.70 - - [14/May/2023:12:09:19 +0200] "GET /images/big_prod_1/8445146049452B.jpg HTTP/1.0" 200 271 "-" "Googlebot-Image/1.0"
107.20.175.216 - - [14/May/2023:12:10:12 +0200] "GET /images/mini_prod/1399984241820.jpg HTTP/1.0" 200 269 "-" "Mozilla/5.0 (X11; Ubuntu; Linux x86_64; rv:72.0) Gecko/20100101 Firefox/72.0"
185.191.171.40 - - [14/May/2023:12:10:30 +0200] "GET /boho-canvas-frame-wolf-p-43087.html HTTP/1.0" 200 73428 "-" "Mozilla/5.0 (compatible; SemrushBot/7~bl; +http://www.semrush.com/bot.html)"
81.71.99.63 - - [14/May/2023:12:11:08 +0200] "GET /images/mini_prod/4036113830766.jpg HTTP/1.0" 200 269 "-" "Mozilla/5.0 (X11; Ubuntu; Linux x86_64; rv:72.0) Gecko/20100101 Firefox/72.0"
106.53.102.224 - - [14/May/2023:12:11:10 +0200] "GET /images/mini_prod/4036113307329.jpg HTTP/1.0" 200 269 "-" "Mozilla/5.0 (X11; Ubuntu; Linux x86_64; rv:72.0) Gecko/20100101 Firefox/72.0"
66.249.69.70 - - [14/May/2023:12:11:14 +0200] "GET /fitted-sheet-color-light-grey-p-38883.html HTTP/1.0" 200 76743 "-" "Mozilla/5.0 (Linux; Android 6.0.1; Nexus 5X Build/MMB29P) AppleWebKit/537.36 (KHTML, like Gecko) Chrome/112.0.5615.142 Mobile Safari/537.36 (compatible; Googlebot/2.1; +http://www.google.com/bot.html)"
185.176.78.178 - - [14/May/2023:12:11:20 +0200] "GET /images/mini_prod/5036278052187.jpg HTTP/1.0" 200 269 "-" "Mozilla/5.0 (X11; Ubuntu; Linux x86_64; rv:72.0) Gecko/20100101 Firefox/72.0"
69.171.251.14 - - [14/May/2023:12:11:26 +0200] "GET /images/mini_prod/5415203904171.jpg HTTP/1.0" 200 269 "-" "Mozilla/5.0 (X11; Ubuntu; Linux x86_64; rv:72.0) Gecko/20100101 Firefox/72.0"
147.92.153.17 - - [14/May/2023:12:11:35 +0200] "GET /tree-life-wall-decoration-wood-p-60343.html HTTP/1.0" 200 76918 "-" "Mozilla/5.0 (compatible; Linespider/1.1; +https://lin.ee/4dwXkTH)"
207.46.13.220 - - [14/May/2023:12:12:16 +0200] "GET /accessories-mobiles-c-3_17.html?page=6 HTTP/1.0" 200 95734 "-" "Mozilla/5.0 AppleWebKit/537.36 (KHTML, like Gecko; compatible; bingbot/2.0; +http://www.bing.com/bingbot.htm) Chrome/103.0.5060.134 Safari/537.36"
40.77.167.83 - - [14/May/2023:12:12:46 +0200] "GET /stationery-and-cardmaking/cardmaking/top-model-birthday-musical-card-with-envelope-p-19783.html HTTP/1.0" 301 73391 "-" "Mozilla/5.0 AppleWebKit/537.36 (KHTML, like Gecko; compatible; bingbot/2.0; +http://www.bing.com/bingbot.htm) Chrome/103.0.5060.134 Safari/537.36"
77.71.50.134 - - [14/May/2023:12:12:55 +0200] "GET /contact_us.php HTTP/1.0" 301 539 "http://wonder-geek.com/contact_us.php" "Mozilla/5.0 (Windows NT 10.0; Win64; x64) AppleWebKit/537.36 (KHTML, like Gecko) Chrome/103.0.0.0 Safari/537.36"
77.71.50.134 - - [14/May/2023:12:12:55 +0200] "GET /contact_us.php HTTP/1.0" 200 26241 "http://www.wonder-geek.com/contact_us.php" "Mozilla/5.0 (Windows NT 10.0; Win64; x64) AppleWebKit/537.36 (KHTML, like Gecko) Chrome/103.0.0.0 Safari/537.36"
77.71.50.134 - - [14/May/2023:12:12:55 +0200] "POST /contact_us.php?action=send HTTP/1.0" 200 36359 "http://www.wonder-geek.com/contact_us.php" "Mozilla/5.0 (Windows NT 10.0; Win64; x64) AppleWebKit/537.36 (KHTML, like Gecko) Chrome/103.0.0.0 Safari/537.36"
77.71.50.134 - - [14/May/2023:12:12:56 +0200] "GET /contact_us.php HTTP/1.0" 200 26241 "http://www.wonder-geek.com/contact_us.php" "Mozilla/5.0 (Windows NT 10.0; Win64; x64) AppleWebKit/537.36 (KHTML, like Gecko) Chrome/103.0.0.0 Safari/537.36"
66.249.69.70 - - [14/May/2023:12:13:06 +0200] "GET /images/big_prod_1/3609810090125a.jpg HTTP/1.0" 200 271 "-" "Googlebot-Image/1.0"
129.204.105.50 - - [14/May/2023:12:13:35 +0200] "GET /images/mini_prod/3453131152686.jpg HTTP/1.0" 200 269 "-" "Mozilla/5.0 (X11; Ubuntu; Linux x86_64; rv:72.0) Gecko/20100101 Firefox/72.0"
66.249.69.70 - - [14/May/2023:12:13:39 +0200] "GET /pillow-case-organic-cotton-eucalyptus-p-58621.html HTTP/1.0" 200 77420 "-" "Mozilla/5.0 (Linux; Android 6.0.1; Nexus 5X Build/MMB29P) AppleWebKit/537.36 (KHTML, like Gecko) Chrome/112.0.5615.142 Mobile Safari/537.36 (compatible; Googlebot/2.1; +http://www.google.com/bot.html)"
51.68.224.127 - - [14/May/2023:12:14:12 +0200] "GET /adminweb/export_orders_xml.php?token=256de2z6edz6ed2z6DFSFsed2zed6zeDSFDSGdzedezfzf&maxorders=10&orderstart=1&status=14&start_date=2018-10-01 HTTP/1.0" 200 285 "-" "GesCom CharlotteBoutik Serveur"
51.68.224.127 - - [14/May/2023:12:14:12 +0200] "GET /adminweb/export_orders_xml.php?token=256de2z6edz6ed2z6DFSFsed2zed6zeDSFDSGdzedezfzf&maxorders=10&orderstart=1&status=6&start_date=2018-10-01 HTTP/1.0" 200 33887 "-" "GesCom CharlotteBoutik Serveur"
121.30.179.7 - - [14/May/2023:12:14:22 +0200] "GET /images/mini_prod/1384010184172.jpg HTTP/1.0" 200 269 "-" "Mozilla/5.0 (X11; Ubuntu; Linux x86_64; rv:72.0) Gecko/20100101 Firefox/72.0"
66.249.69.70 - - [14/May/2023:12:14:26 +0200] "GET /flared-lamp-multicolored-glass-p-49598.html HTTP/1.0" 200 76694 "-" "Mozilla/5.0 (Linux; Android 6.0.1; Nexus 5X Build/MMB29P) AppleWebKit/537.36 (KHTML, like Gecko) Chrome/112.0.5615.142 Mobile Safari/537.36 (compatible; Googlebot/2.1; +http://www.google.com/bot.html)"
207.46.13.220 - - [14/May/2023:12:14:36 +0200] "GET /strawberry-shortcake-lemon-meringue-doll-15-cm-p-35282.html HTTP/1.0" 301 73391 "-" "Mozilla/5.0 AppleWebKit/537.36 (KHTML, like Gecko; compatible; bingbot/2.0; +http://www.bing.com/bingbot.htm) Chrome/103.0.5060.134 Safari/537.36"
207.46.13.208 - - [14/May/2023:12:15:40 +0200] "GET /strawberry-shortcake-rock-star-doll-15-cm-p-35286.html HTTP/1.0" 301 73391 "-" "Mozilla/5.0 AppleWebKit/537.36 (KHTML, like Gecko; compatible; bingbot/2.0; +http://www.bing.com/bingbot.htm) Chrome/103.0.5060.134 Safari/537.36"
50.46.238.169 - - [14/May/2023:12:16:37 +0200] "GET /images/mini_prod/3574642017131.jpg HTTP/1.0" 200 269 "-" "Mozilla/5.0 (X11; Ubuntu; Linux x86_64; rv:72.0) Gecko/20100101 Firefox/72.0"
69.171.251.21 - - [14/May/2023:12:16:46 +0200] "GET /images/mini_prod/3609810063686.jpg HTTP/1.0" 200 269 "-" "Mozilla/5.0 (X11; Ubuntu; Linux x86_64; rv:72.0) Gecko/20100101 Firefox/72.0"
207.46.13.208 - - [14/May/2023:12:17:00 +0200] "GET /games-and-toys/soft-toys-security-blanket/kaloo-plume-patchwork-bear-blue-soft-toy-p-15716.html HTTP/1.0" 301 701 "-" "Mozilla/5.0 AppleWebKit/537.36 (KHTML, like Gecko; compatible; bingbot/2.0; +http://www.bing.com/bingbot.htm) Chrome/103.0.5060.134 Safari/537.36"
129.82.147.216 - - [14/May/2023:12:18:39 +0200] "GET /images/mini_prod/5036278052187.jpg HTTP/1.0" 200 269 "-" "Mozilla/5.0 (X11; Ubuntu; Linux x86_64; rv:72.0) Gecko/20100101 Firefox/72.0"
185.191.171.7 - - [14/May/2023:12:18:39 +0200] "GET /-p-49299.html HTTP/1.0" 200 73324 "-" "Mozilla/5.0 (compatible; SemrushBot/7~bl; +http://www.semrush.com/bot.html)"
81.71.101.51 - - [14/May/2023:12:19:21 +0200] "GET /images/mini_prod/8006180203844.jpg HTTP/1.0" 200 269 "-" "Mozilla/5.0 (X11; Ubuntu; Linux x86_64; rv:72.0) Gecko/20100101 Firefox/72.0"
187.109.152.226 - - [14/May/2023:12:19:23 +0200] "HEAD /images/big_prod/8433933164525.jpg HTTP/1.0" 200 291 "-" "Mozilla/5.0 (Linux; U; Android 8.1.0; zh-cn; BLA-AL00 Build/HUAWEIBLA-AL00) AppleWebKit/537.36 (KHTML, like Gecko) Version/4.0 Chrome/57.0.2987.132 MQQBrowser/8.9 Mobile Safari/537.36"
40.77.167.83 - - [14/May/2023:12:20:17 +0200] "GET /paris-coffee-with-spoon-black-white-model-p-38591.html HTTP/1.0" 301 73391 "-" "Mozilla/5.0 AppleWebKit/537.36 (KHTML, like Gecko; compatible; bingbot/2.0; +http://www.bing.com/bingbot.htm) Chrome/103.0.5060.134 Safari/537.36"
185.191.171.6 - - [14/May/2023:12:20:25 +0200] "GET /shower-curtain-p-50726.html HTTP/1.0" 200 73404 "-" "Mozilla/5.0 (compatible; SemrushBot/7~bl; +http://www.semrush.com/bot.html)"
66.249.66.80 - - [14/May/2023:12:20:35 +0200] "GET /images/big_prod/045544905701.jpg HTTP/1.0" 200 267 "-" "Googlebot-Image/1.0"
66.249.66.79 - - [14/May/2023:12:21:10 +0200] "GET /images/big_prod/3014627555673.jpg HTTP/1.0" 200 268 "-" "Googlebot-Image/1.0"
193.112.35.218 - - [14/May/2023:12:21:13 +0200] "GET /images/mini_prod/1345544960021.jpg HTTP/1.0" 200 269 "-" "Mozilla/5.0 (X11; Ubuntu; Linux x86_64; rv:72.0) Gecko/20100101 Firefox/72.0"
66.249.66.79 - - [14/May/2023:12:21:14 +0200] "GET /fitted-sheet-color-light-grey-p-38883.html HTTP/1.0" 200 76743 "-" "Mozilla/5.0 (Linux; Android 6.0.1; Nexus 5X Build/MMB29P) AppleWebKit/537.36 (KHTML, like Gecko) Chrome/112.0.5615.142 Mobile Safari/537.36 (compatible; Googlebot/2.1; +http://www.google.com/bot.html)"
66.249.66.79 - - [14/May/2023:12:21:22 +0200] "GET /makeup-cabinet-with-music-frozen-p-51485.html HTTP/1.0" 200 73442 "-" "Mozilla/5.0 (Linux; Android 6.0.1; Nexus 5X Build/MMB29P) AppleWebKit/537.36 (KHTML, like Gecko) Chrome/112.0.5615.142 Mobile Safari/537.36 (compatible; Googlebot/2.1; +http://www.google.com/bot.html)"
207.46.13.208 - - [14/May/2023:12:21:29 +0200] "GET /array-m-26.html HTTP/1.0" 200 93569 "-" "Mozilla/5.0 AppleWebKit/537.36 (KHTML, like Gecko; compatible; bingbot/2.0; +http://www.bing.com/bingbot.htm) Chrome/103.0.5060.134 Safari/537.36"
216.244.66.242 - - [14/May/2023:12:21:36 +0200] "GET /robots.txt HTTP/1.0" 200 245 "-" "Mozilla/5.0 (compatible; DotBot/1.2; +https://opensiteexplorer.org/dotbot; help@moz.com)"
185.191.171.22 - - [14/May/2023:12:22:52 +0200] "GET /saving-bank-music-little-prince-stars-blue-p-41991.html HTTP/1.0" 200 77054 "-" "Mozilla/5.0 (compatible; SemrushBot/7~bl; +http://www.semrush.com/bot.html)"
66.249.66.79 - - [14/May/2023:12:23:09 +0200] "GET /images/big_prod/1384010189283.jpg HTTP/1.0" 200 268 "-" "Googlebot-Image/1.0"
207.46.13.208 - - [14/May/2023:12:23:30 +0200] "GET /scented-votive-chakra-candles-p-55100.html HTTP/1.0" 200 79518 "-" "Mozilla/5.0 AppleWebKit/537.36 (KHTML, like Gecko; compatible; bingbot/2.0; +http://www.bing.com/bingbot.htm) Chrome/103.0.5060.134 Safari/537.36"
207.46.13.208 - - [14/May/2023:12:23:50 +0200] "GET /viking-warrior-figurine-p-51520.html HTTP/1.0" 200 76657 "-" "Mozilla/5.0 AppleWebKit/537.36 (KHTML, like Gecko; compatible; bingbot/2.0; +http://www.bing.com/bingbot.htm) Chrome/103.0.5060.134 Safari/537.36"
66.249.66.79 - - [14/May/2023:12:24:00 +0200] "GET /images/4025055995275.jpg HTTP/1.0" 200 259 "-" "Googlebot-Image/1.0"
216.244.66.242 - - [14/May/2023:12:24:54 +0200] "GET /wall-decoration-wood-c-13_274.html HTTP/1.0" 200 95848 "-" "Mozilla/5.0 (compatible; DotBot/1.2; +https://opensiteexplorer.org/dotbot; help@moz.com)"
17.241.219.118 - - [14/May/2023:12:25:07 +0200] "GET /dubout-cats-hang-p-47162.html HTTP/1.0" 200 73386 "-" "Mozilla/5.0 (Macintosh; Intel Mac OS X 10_15_5) AppleWebKit/605.1.15 (KHTML, like Gecko) Version/13.1.1 Safari/605.1.15 (Applebot/0.1; +http://www.apple.com/go/applebot)"
207.46.13.208 - - [14/May/2023:12:25:10 +0200] "GET /lighting-c-13_86.html HTTP/1.0" 200 94252 "-" "Mozilla/5.0 AppleWebKit/537.36 (KHTML, like Gecko; compatible; bingbot/2.0; +http://www.bing.com/bingbot.htm) Chrome/103.0.5060.134 Safari/537.36"
185.176.78.178 - - [14/May/2023:12:26:04 +0200] "GET /images/mini_prod/1384010183571BB.jpg HTTP/1.0" 200 271 "-" "Mozilla/5.0 (X11; Ubuntu; Linux x86_64; rv:72.0) Gecko/20100101 Firefox/72.0"
42.194.192.36 - - [14/May/2023:12:26:37 +0200] "GET /images/mini_prod/8718375751411.jpg HTTP/1.0" 200 269 "-" "Mozilla/5.0 (X11; Ubuntu; Linux x86_64; rv:72.0) Gecko/20100101 Firefox/72.0"
17.241.219.153 - - [14/May/2023:12:26:41 +0200] "GET /louise-rose-fleece-blanket-p-55211.html HTTP/1.0" 200 73418 "-" "Mozilla/5.0 (Macintosh; Intel Mac OS X 10_15_5) AppleWebKit/605.1.15 (KHTML, like Gecko) Version/13.1.1 Safari/605.1.15 (Applebot/0.1; +http://www.apple.com/go/applebot)"
66.249.66.80 - - [14/May/2023:12:26:42 +0200] "GET /bulldog-money-p-52598.html HTTP/1.0" 200 76492 "-" "Mozilla/5.0 (Linux; Android 6.0.1; Nexus 5X Build/MMB29P) AppleWebKit/537.36 (KHTML, like Gecko) Chrome/112.0.5615.142 Mobile Safari/537.36 (compatible; Googlebot/2.1; +http://www.google.com/bot.html)"
185.191.171.14 - - [14/May/2023:12:26:44 +0200] "GET /headrest-cushion-beige-p-44366.html HTTP/1.0" 200 73424 "-" "Mozilla/5.0 (compatible; SemrushBot/7~bl; +http://www.semrush.com/bot.html)"
149.6.140.106 - - [14/May/2023:12:27:56 +0200] "GET /images/mini_prod/8433933031476.jpg HTTP/1.0" 200 269 "-" "Mozilla/5.0 (X11; Ubuntu; Linux x86_64; rv:72.0) Gecko/20100101 Firefox/72.0"
66.249.66.79 - - [14/May/2023:12:28:17 +0200] "GET /jazzy-candy-cloud-keychain-p-49750.html HTTP/1.0" 200 75996 "-" "Mozilla/5.0 (compatible; Googlebot/2.1; +http://www.google.com/bot.html)"
8.218.248.120 - - [14/May/2023:12:28:37 +0200] "GET /images/mini_prod/8427787039320.jpg HTTP/1.0" 200 269 "-" "aria2/1.35.0"
195.188.181.2 - - [14/May/2023:12:28:47 +0200] "GET /images/mini_prod/8422042330211pouf.jpg HTTP/1.0" 200 273 "-" "Mozilla/5.0 (X11; Ubuntu; Linux x86_64; rv:72.0) Gecko/20100101 Firefox/72.0"
