65.108.78.33 - - [14/May/2023:09:50:11 +0200] "GET /teo-jasmin-make-up-pouch-teo-leopard-grey-p-38839.html HTTP/1.0" 301 73391 "-" "Mozilla/5.0 (compatible; MJ12bot/v1.4.8; http://mj12bot.com/)"
65.108.78.33 - - [14/May/2023:09:50:14 +0200] "GET /-p-38839.html HTTP/1.0" 200 73324 "-" "Mozilla/5.0 (compatible; MJ12bot/v1.4.8; http://mj12bot.com/)"
65.108.78.33 - - [14/May/2023:09:50:16 +0200] "GET /teo-jasmin-make-up-pouch-teo-magic-grey-p-38840.html HTTP/1.0" 301 73391 "-" "Mozilla/5.0 (compatible; MJ12bot/v1.4.8; http://mj12bot.com/)"
65.108.78.33 - - [14/May/2023:09:50:19 +0200] "GET /-p-38840.html HTTP/1.0" 200 73324 "-" "Mozilla/5.0 (compatible; MJ12bot/v1.4.8; http://mj12bot.com/)"
65.108.78.33 - - [14/May/2023:09:50:22 +0200] "GET /teo-jasmin-medium-cabas-jasmine-p-43473.html HTTP/1.0" 301 77052 "-" "Mozilla/5.0 (compatible; MJ12bot/v1.4.8; http://mj12bot.com/)"
65.108.78.33 - - [14/May/2023:09:50:25 +0200] "GET /jasmin-medium-cabas-jasmine-p-43473.html HTTP/1.0" 200 76958 "-" "Mozilla/5.0 (compatible; MJ12bot/v1.4.8; http://mj12bot.com/)"
207.46.13.208 - - [14/May/2023:09:50:25 +0200] "GET /sonny-angel-figure-sweets-series-p-43106.html HTTP/1.0" 200 73446 "-" "Mozilla/5.0 AppleWebKit/537.36 (KHTML, like Gecko; compatible; bingbot/2.0; +http://www.bing.com/bingbot.htm) Chrome/103.0.5060.134 Safari/537.36"
65.108.78.33 - - [14/May/2023:09:50:28 +0200] "GET /teo-jasmin-medium-cabas-jasmine-p-43474.html HTTP/1.0" 301 77052 "-" "Mozilla/5.0 (compatible; MJ12bot/v1.4.8; http://mj12bot.com/)"
65.108.78.33 - - [14/May/2023:09:50:30 +0200] "GET /jasmin-medium-cabas-jasmine-p-43474.html HTTP/1.0" 200 76958 "-" "Mozilla/5.0 (compatible; MJ12bot/v1.4.8; http://mj12bot.com/)"
65.108.78.33 - - [14/May/2023:09:50:33 +0200] "GET /teo-jasmin-medium-cabas-jasmine-tropical-p-40582.html HTTP/1.0" 301 73391 "-" "Mozilla/5.0 (compatible; MJ12bot/v1.4.8; http://mj12bot.com/)"
65.108.78.33 - - [14/May/2023:09:50:36 +0200] "GET /-p-40582.html HTTP/1.0" 200 73324 "-" "Mozilla/5.0 (compatible; MJ12bot/v1.4.8; http://mj12bot.com/)"
65.108.78.33 - - [14/May/2023:09:50:39 +0200] "GET /teo-jasmin-medium-cabas-p-43478.html HTTP/1.0" 301 73391 "-" "Mozilla/5.0 (compatible; MJ12bot/v1.4.8; http://mj12bot.com/)"
65.108.78.33 - - [14/May/2023:09:50:42 +0200] "GET /-p-43478.html HTTP/1.0" 200 73324 "-" "Mozilla/5.0 (compatible; MJ12bot/v1.4.8; http://mj12bot.com/)"
65.108.78.33 - - [14/May/2023:09:50:44 +0200] "GET /teo-jasmin-medium-cabas-p-43479.html HTTP/1.0" 301 73391 "-" "Mozilla/5.0 (compatible; MJ12bot/v1.4.8; http://mj12bot.com/)"
66.249.69.70 - - [14/May/2023:09:50:48 +0200] "GET /images/big_prod_2/8422059532417C.jpg HTTP/1.0" 200 271 "-" "Googlebot-Image/1.0"
65.108.78.33 - - [14/May/2023:09:50:47 +0200] "GET /-p-43479.html HTTP/1.0" 200 73324 "-" "Mozilla/5.0 (compatible; MJ12bot/v1.4.8; http://mj12bot.com/)"
65.108.78.33 - - [14/May/2023:09:50:50 +0200] "GET /teo-jasmin-medium-cabas-teo-nova-p-43136.html HTTP/1.0" 301 73391 "-" "Mozilla/5.0 (compatible; MJ12bot/v1.4.8; http://mj12bot.com/)"
65.108.78.33 - - [14/May/2023:09:50:52 +0200] "GET /-p-43136.html HTTP/1.0" 200 73324 "-" "Mozilla/5.0 (compatible; MJ12bot/v1.4.8; http://mj12bot.com/)"
65.108.78.33 - - [14/May/2023:09:50:55 +0200] "GET /teo-jasmin-medium-cabas-teo-nova-p-43482.html HTTP/1.0" 301 73391 "-" "Mozilla/5.0 (compatible; MJ12bot/v1.4.8; http://mj12bot.com/)"
65.108.78.33 - - [14/May/2023:09:50:58 +0200] "GET /-p-43482.html HTTP/1.0" 200 73324 "-" "Mozilla/5.0 (compatible; MJ12bot/v1.4.8; http://mj12bot.com/)"
65.108.78.33 - - [14/May/2023:09:51:01 +0200] "GET /teo-jasmin-medium-cabas-teo-racing-grey-p-43482.html HTTP/1.0" 301 73391 "-" "Mozilla/5.0 (compatible; MJ12bot/v1.4.8; http://mj12bot.com/)"
65.108.78.33 - - [14/May/2023:09:51:04 +0200] "GET /-p-43482.html HTTP/1.0" 200 73324 "-" "Mozilla/5.0 (compatible; MJ12bot/v1.4.8; http://mj12bot.com/)"
65.108.78.33 - - [14/May/2023:09:51:06 +0200] "GET /teo-jasmin-medium-cabas-teo-roller-p-43137.html HTTP/1.0" 301 73391 "-" "Mozilla/5.0 (compatible; MJ12bot/v1.4.8; http://mj12bot.com/)"
65.108.78.33 - - [14/May/2023:09:51:09 +0200] "GET /-p-43137.html HTTP/1.0" 200 73324 "-" "Mozilla/5.0 (compatible; MJ12bot/v1.4.8; http://mj12bot.com/)"
65.108.78.33 - - [14/May/2023:09:51:12 +0200] "GET /teo-jasmin-mimine-cushion-with-removable-p-38847.html HTTP/1.0" 301 73391 "-" "Mozilla/5.0 (compatible; MJ12bot/v1.4.8; http://mj12bot.com/)"
65.108.78.33 - - [14/May/2023:09:51:14 +0200] "GET /-p-38847.html HTTP/1.0" 200 73324 "-" "Mozilla/5.0 (compatible; MJ12bot/v1.4.8; http://mj12bot.com/)"
65.108.78.33 - - [14/May/2023:09:51:17 +0200] "GET /teo-jasmin-mug-p-43127.html HTTP/1.0" 301 73391 "-" "Mozilla/5.0 (compatible; MJ12bot/v1.4.8; http://mj12bot.com/)"
65.108.78.33 - - [14/May/2023:09:51:19 +0200] "GET /-p-43127.html HTTP/1.0" 200 73324 "-" "Mozilla/5.0 (compatible; MJ12bot/v1.4.8; http://mj12bot.com/)"
65.108.78.33 - - [14/May/2023:09:51:22 +0200] "GET /teo-jasmin-mug-p-43128.html HTTP/1.0" 301 73442 "-" "Mozilla/5.0 (compatible; MJ12bot/v1.4.8; http://mj12bot.com/)"
65.108.78.33 - - [14/May/2023:09:51:25 +0200] "GET /jasmin-p-43128.html HTTP/1.0" 200 73369 "-" "Mozilla/5.0 (compatible; MJ12bot/v1.4.8; http://mj12bot.com/)"
65.108.78.33 - - [14/May/2023:09:51:27 +0200] "GET /teo-jasmin-mug-p-43129.html HTTP/1.0" 301 73391 "-" "Mozilla/5.0 (compatible; MJ12bot/v1.4.8; http://mj12bot.com/)"
65.108.78.33 - - [14/May/2023:09:51:30 +0200] "GET /-p-43129.html HTTP/1.0" 200 73324 "-" "Mozilla/5.0 (compatible; MJ12bot/v1.4.8; http://mj12bot.com/)"
65.108.78.33 - - [14/May/2023:09:51:33 +0200] "GET /teo-jasmin-mug-p-43130.html HTTP/1.0" 301 73391 "-" "Mozilla/5.0 (compatible; MJ12bot/v1.4.8; http://mj12bot.com/)"
65.108.78.33 - - [14/May/2023:09:51:35 +0200] "GET /-p-43130.html HTTP/1.0" 200 73324 "-" "Mozilla/5.0 (compatible; MJ12bot/v1.4.8; http://mj12bot.com/)"
65.108.78.33 - - [14/May/2023:09:51:38 +0200] "GET /teo-jasmin-mug-p-43131.html HTTP/1.0" 301 73391 "-" "Mozilla/5.0 (compatible; MJ12bot/v1.4.8; http://mj12bot.com/)"
216.244.66.242 - - [14/May/2023:09:51:40 +0200] "GET /ananas-white-table-lamp-p-54297.html HTTP/1.0" 200 73406 "-" "Mozilla/5.0 (compatible; DotBot/1.2; +https://opensiteexplorer.org/dotbot; help@moz.com)"
65.108.78.33 - - [14/May/2023:09:51:41 +0200] "GET /-p-43131.html HTTP/1.0" 200 73324 "-" "Mozilla/5.0 (compatible; MJ12bot/v1.4.8; http://mj12bot.com/)"
65.108.78.33 - - [14/May/2023:09:51:44 +0200] "GET /teo-jasmin-mug-p-43456.html HTTP/1.0" 301 73391 "-" "Mozilla/5.0 (compatible; MJ12bot/v1.4.8; http://mj12bot.com/)"
65.108.78.33 - - [14/May/2023:09:51:46 +0200] "GET /-p-43456.html HTTP/1.0" 200 73324 "-" "Mozilla/5.0 (compatible; MJ12bot/v1.4.8; http://mj12bot.com/)"
65.108.78.33 - - [14/May/2023:09:51:49 +0200] "GET /teo-jasmin-pencil-case-teo-nova-p-43465.html HTTP/1.0" 301 73494 "-" "Mozilla/5.0 (compatible; MJ12bot/v1.4.8; http://mj12bot.com/)"
65.108.78.33 - - [14/May/2023:09:51:52 +0200] "GET /jasmin-pencil-case-nova-p-43465.html HTTP/1.0" 200 73404 "-" "Mozilla/5.0 (compatible; MJ12bot/v1.4.8; http://mj12bot.com/)"
65.108.78.33 - - [14/May/2023:09:51:54 +0200] "GET /teo-jasmin-pink-melamine-tray-p-34937.html HTTP/1.0" 301 73391 "-" "Mozilla/5.0 (compatible; MJ12bot/v1.4.8; http://mj12bot.com/)"
65.108.78.33 - - [14/May/2023:09:51:57 +0200] "GET /-p-34937.html HTTP/1.0" 200 73324 "-" "Mozilla/5.0 (compatible; MJ12bot/v1.4.8; http://mj12bot.com/)"
65.108.78.33 - - [14/May/2023:09:52:00 +0200] "GET /teo-jasmin-racing-pencil-case-p-35964.html HTTP/1.0" 301 73391 "-" "Mozilla/5.0 (compatible; MJ12bot/v1.4.8; http://mj12bot.com/)"
65.108.78.33 - - [14/May/2023:09:52:03 +0200] "GET /-p-35964.html HTTP/1.0" 200 73324 "-" "Mozilla/5.0 (compatible; MJ12bot/v1.4.8; http://mj12bot.com/)"
65.108.78.33 - - [14/May/2023:09:52:06 +0200] "GET /teo-jasmin-red-bowl-p-32942.html HTTP/1.0" 301 73452 "-" "Mozilla/5.0 (compatible; MJ12bot/v1.4.8; http://mj12bot.com/)"
65.108.78.33 - - [14/May/2023:09:52:08 +0200] "GET /jasmin-bowl-p-32942.html HTTP/1.0" 200 73374 "-" "Mozilla/5.0 (compatible; MJ12bot/v1.4.8; http://mj12bot.com/)"
65.108.78.33 - - [14/May/2023:09:52:11 +0200] "GET /teo-jasmin-small-cabas-boho-p-43471.html HTTP/1.0" 301 73391 "-" "Mozilla/5.0 (compatible; MJ12bot/v1.4.8; http://mj12bot.com/)"
66.249.69.70 - - [14/May/2023:09:52:14 +0200] "GET /images/big_prod_1/3453131159722B.jpg HTTP/1.0" 200 271 "-" "Googlebot-Image/1.0"
65.108.78.33 - - [14/May/2023:09:52:14 +0200] "GET /-p-43471.html HTTP/1.0" 200 73324 "-" "Mozilla/5.0 (compatible; MJ12bot/v1.4.8; http://mj12bot.com/)"
65.108.78.33 - - [14/May/2023:09:52:17 +0200] "GET /teo-jasmin-small-cabas-boho-p-43472.html HTTP/1.0" 301 73391 "-" "Mozilla/5.0 (compatible; MJ12bot/v1.4.8; http://mj12bot.com/)"
65.108.78.33 - - [14/May/2023:09:52:20 +0200] "GET /-p-43472.html HTTP/1.0" 200 73324 "-" "Mozilla/5.0 (compatible; MJ12bot/v1.4.8; http://mj12bot.com/)"
65.108.78.33 - - [14/May/2023:09:52:22 +0200] "GET /teo-jasmin-small-cabas-jasmine-p-43468.html HTTP/1.0" 301 77059 "-" "Mozilla/5.0 (compatible; MJ12bot/v1.4.8; http://mj12bot.com/)"
65.108.78.33 - - [14/May/2023:09:52:25 +0200] "GET /jasmin-small-cabas-jasmine-p-43468.html HTTP/1.0" 200 76966 "-" "Mozilla/5.0 (compatible; MJ12bot/v1.4.8; http://mj12bot.com/)"
65.108.78.33 - - [14/May/2023:09:52:28 +0200] "GET /teo-jasmin-small-cabas-nova-p-43469.html HTTP/1.0" 301 73391 "-" "Mozilla/5.0 (compatible; MJ12bot/v1.4.8; http://mj12bot.com/)"
65.108.78.33 - - [14/May/2023:09:52:31 +0200] "GET /-p-43469.html HTTP/1.0" 200 73324 "-" "Mozilla/5.0 (compatible; MJ12bot/v1.4.8; http://mj12bot.com/)"
65.108.78.33 - - [14/May/2023:09:52:33 +0200] "GET /teo-jasmin-small-cabas-nova-p-43470.html HTTP/1.0" 301 76983 "-" "Mozilla/5.0 (compatible; MJ12bot/v1.4.8; http://mj12bot.com/)"
65.108.78.33 - - [14/May/2023:09:52:36 +0200] "GET /jasmin-small-cabas-nova-p-43470.html HTTP/1.0" 200 76893 "-" "Mozilla/5.0 (compatible; MJ12bot/v1.4.8; http://mj12bot.com/)"
216.244.66.242 - - [14/May/2023:09:52:37 +0200] "GET /cotton-floor-cushion-45-cm-albertine-p-51078.html HTTP/1.0" 301 73391 "-" "Mozilla/5.0 (compatible; DotBot/1.2; +https://opensiteexplorer.org/dotbot; help@moz.com)"
65.108.78.33 - - [14/May/2023:09:52:39 +0200] "GET /teo-jasmin-small-notebook-p-31099.html HTTP/1.0" 301 73391 "-" "Mozilla/5.0 (compatible; MJ12bot/v1.4.8; http://mj12bot.com/)"
65.108.78.33 - - [14/May/2023:09:52:43 +0200] "GET /-p-31099.html HTTP/1.0" 200 73324 "-" "Mozilla/5.0 (compatible; MJ12bot/v1.4.8; http://mj12bot.com/)"
65.108.78.33 - - [14/May/2023:09:52:46 +0200] "GET /teo-jasmin-teo-apache-companion-portfolio-p-40531.html HTTP/1.0" 301 76437 "-" "Mozilla/5.0 (compatible; MJ12bot/v1.4.8; http://mj12bot.com/)"
65.108.78.33 - - [14/May/2023:09:52:48 +0200] "GET /jasmin-apache-companion-portfolio-p-40531.html HTTP/1.0" 200 76337 "-" "Mozilla/5.0 (compatible; MJ12bot/v1.4.8; http://mj12bot.com/)"
65.108.78.33 - - [14/May/2023:09:52:51 +0200] "GET /teo-jasmin-teo-giorgio-notebook-p-34954.html HTTP/1.0" 301 76187 "-" "Mozilla/5.0 (compatible; MJ12bot/v1.4.8; http://mj12bot.com/)"
65.108.78.33 - - [14/May/2023:09:52:54 +0200] "GET /jasmin-giorgio-notebook-p-34954.html HTTP/1.0" 200 76097 "-" "Mozilla/5.0 (compatible; MJ12bot/v1.4.8; http://mj12bot.com/)"
65.108.78.33 - - [14/May/2023:09:52:57 +0200] "GET /teo-jasmin-xxl-cabas-racing-p-40579.html HTTP/1.0" 301 73391 "-" "Mozilla/5.0 (compatible; MJ12bot/v1.4.8; http://mj12bot.com/)"
65.108.78.33 - - [14/May/2023:09:52:59 +0200] "GET /-p-40579.html HTTP/1.0" 200 73324 "-" "Mozilla/5.0 (compatible; MJ12bot/v1.4.8; http://mj12bot.com/)"
65.108.78.33 - - [14/May/2023:09:53:02 +0200] "GET /tetsubin-black-cast-iron-flat-heater-p-47456.html HTTP/1.0" 301 73391 "-" "Mozilla/5.0 (compatible; MJ12bot/v1.4.8; http://mj12bot.com/)"
65.108.78.33 - - [14/May/2023:09:53:05 +0200] "GET /-p-47456.html HTTP/1.0" 200 73324 "-" "Mozilla/5.0 (compatible; MJ12bot/v1.4.8; http://mj12bot.com/)"
65.108.78.33 - - [14/May/2023:09:53:08 +0200] "GET /tetsubin-blue-teapot-japanese-11-liter-p-49382.html HTTP/1.0" 301 73564 "-" "Mozilla/5.0 (compatible; MJ12bot/v1.4.8; http://mj12bot.com/)"
65.108.78.33 - - [14/May/2023:09:53:11 +0200] "GET /tetsubin-blue-teapot-japanese-liter-p-49382.html HTTP/1.0" 200 73462 "-" "Mozilla/5.0 (compatible; MJ12bot/v1.4.8; http://mj12bot.com/)"
65.108.78.33 - - [14/May/2023:09:53:13 +0200] "GET /tetsubin-blue-teapot-japanese-liter-p-49382.html HTTP/1.0" 200 73462 "-" "Mozilla/5.0 (compatible; MJ12bot/v1.4.8; http://mj12bot.com/)"
65.108.78.33 - - [14/May/2023:09:53:16 +0200] "GET /tetsubin-teapots-japanese-p-36743.html HTTP/1.0" 200 73414 "-" "Mozilla/5.0 (compatible; MJ12bot/v1.4.8; http://mj12bot.com/)"
65.108.78.33 - - [14/May/2023:09:53:19 +0200] "GET /thinkerbell-cap-and-scarf-set-51-cm-p-22151.html HTTP/1.0" 301 76263 "-" "Mozilla/5.0 (compatible; MJ12bot/v1.4.8; http://mj12bot.com/)"
120.53.202.30 - - [14/May/2023:09:53:21 +0200] "GET /images/big_prod/3014627830404.jpg HTTP/1.0" 200 268 "-" "Mozilla/5.0 (X11; Ubuntu; Linux x86_64; rv:72.0) Gecko/20100101 Firefox/72.0"
65.108.78.33 - - [14/May/2023:09:53:22 +0200] "GET /thinkerbell-scarf-p-22151.html HTTP/1.0" 200 76179 "-" "Mozilla/5.0 (compatible; MJ12bot/v1.4.8; http://mj12bot.com/)"
65.108.78.33 - - [14/May/2023:09:53:25 +0200] "GET /thinkerbell-cap-and-scarf-set-54-cm-p-22149.html HTTP/1.0" 301 73391 "-" "Mozilla/5.0 (compatible; MJ12bot/v1.4.8; http://mj12bot.com/)"
65.108.78.33 - - [14/May/2023:09:53:27 +0200] "GET /-p-22149.html HTTP/1.0" 200 73324 "-" "Mozilla/5.0 (compatible; MJ12bot/v1.4.8; http://mj12bot.com/)"
65.108.78.33 - - [14/May/2023:09:53:30 +0200] "GET /thinkerbell-cap-and-scarf-set-54-cm-p-22150.html HTTP/1.0" 301 76263 "-" "Mozilla/5.0 (compatible; MJ12bot/v1.4.8; http://mj12bot.com/)"
69.171.251.14 - - [14/May/2023:09:53:33 +0200] "GET /images/mini_prod/8422017072603.jpg HTTP/1.0" 200 269 "-" "Mozilla/5.0 (X11; Ubuntu; Linux x86_64; rv:72.0) Gecko/20100101 Firefox/72.0"
65.108.78.33 - - [14/May/2023:09:53:33 +0200] "GET /thinkerbell-scarf-p-22150.html HTTP/1.0" 200 76179 "-" "Mozilla/5.0 (compatible; MJ12bot/v1.4.8; http://mj12bot.com/)"
65.108.78.33 - - [14/May/2023:09:53:35 +0200] "GET /thinkerbell-cushion-p-21854.html HTTP/1.0" 301 73391 "-" "Mozilla/5.0 (compatible; MJ12bot/v1.4.8; http://mj12bot.com/)"
65.108.78.33 - - [14/May/2023:09:53:38 +0200] "GET /-p-21854.html HTTP/1.0" 200 73324 "-" "Mozilla/5.0 (compatible; MJ12bot/v1.4.8; http://mj12bot.com/)"
65.108.78.33 - - [14/May/2023:09:53:41 +0200] "GET /thinkerbell-scarf-p-22150.html HTTP/1.0" 200 76179 "-" "Mozilla/5.0 (compatible; MJ12bot/v1.4.8; http://mj12bot.com/)"
65.108.78.33 - - [14/May/2023:09:53:44 +0200] "GET /thinkerbell-scarf-p-22151.html HTTP/1.0" 200 76179 "-" "Mozilla/5.0 (compatible; MJ12bot/v1.4.8; http://mj12bot.com/)"
65.108.78.33 - - [14/May/2023:09:53:47 +0200] "GET /to-beer-or-not-to-beer-poster-p-32267.html HTTP/1.0" 301 73391 "-" "Mozilla/5.0 (compatible; MJ12bot/v1.4.8; http://mj12bot.com/)"
65.108.78.33 - - [14/May/2023:09:53:49 +0200] "GET /-p-32267.html HTTP/1.0" 200 73324 "-" "Mozilla/5.0 (compatible; MJ12bot/v1.4.8; http://mj12bot.com/)"
65.108.78.33 - - [14/May/2023:09:53:52 +0200] "GET /toiletry-bag-p-43390.html HTTP/1.0" 301 76055 "-" "Mozilla/5.0 (compatible; MJ12bot/v1.4.8; http://mj12bot.com/)"
65.108.78.33 - - [14/May/2023:09:53:55 +0200] "GET /toiletry-p-43390.html HTTP/1.0" 200 75980 "-" "Mozilla/5.0 (compatible; MJ12bot/v1.4.8; http://mj12bot.com/)"
65.108.78.33 - - [14/May/2023:09:53:58 +0200] "GET /toiletry-bag-p-43422.html HTTP/1.0" 301 76055 "-" "Mozilla/5.0 (compatible; MJ12bot/v1.4.8; http://mj12bot.com/)"
65.108.78.33 - - [14/May/2023:09:54:01 +0200] "GET /toiletry-p-43422.html HTTP/1.0" 200 75980 "-" "Mozilla/5.0 (compatible; MJ12bot/v1.4.8; http://mj12bot.com/)"
65.108.78.33 - - [14/May/2023:09:54:04 +0200] "GET /toiletry-bag-p-43423.html HTTP/1.0" 301 76055 "-" "Mozilla/5.0 (compatible; MJ12bot/v1.4.8; http://mj12bot.com/)"
65.108.78.33 - - [14/May/2023:09:54:06 +0200] "GET /toiletry-p-43423.html HTTP/1.0" 200 75980 "-" "Mozilla/5.0 (compatible; MJ12bot/v1.4.8; http://mj12bot.com/)"
65.108.78.33 - - [14/May/2023:09:54:09 +0200] "GET /toiletry-p-43390.html HTTP/1.0" 200 75980 "-" "Mozilla/5.0 (compatible; MJ12bot/v1.4.8; http://mj12bot.com/)"
65.108.78.33 - - [14/May/2023:09:54:12 +0200] "GET /toiletry-p-43422.html HTTP/1.0" 200 75980 "-" "Mozilla/5.0 (compatible; MJ12bot/v1.4.8; http://mj12bot.com/)"
65.108.78.33 - - [14/May/2023:09:54:15 +0200] "GET /toiletry-p-43423.html HTTP/1.0" 200 75980 "-" "Mozilla/5.0 (compatible; MJ12bot/v1.4.8; http://mj12bot.com/)"
65.108.78.33 - - [14/May/2023:09:54:18 +0200] "GET /toneko-by-neko-black-shirt-p-30192.html HTTP/1.0" 301 73535 "-" "Mozilla/5.0 (compatible; MJ12bot/v1.4.8; http://mj12bot.com/)"
203.195.164.241 - - [14/May/2023:09:54:21 +0200] "GET /images/mini_prod/8424001604685.jpg HTTP/1.0" 200 269 "-" "Mozilla/5.0 (X11; Ubuntu; Linux x86_64; rv:72.0) Gecko/20100101 Firefox/72.0"
65.108.78.33 - - [14/May/2023:09:54:21 +0200] "GET /toneko-neko-black-shirt-p-30192.html HTTP/1.0" 200 73445 "-" "Mozilla/5.0 (compatible; MJ12bot/v1.4.8; http://mj12bot.com/)"
66.249.69.70 - - [14/May/2023:09:54:22 +0200] "GET /images/big_prod_3/8718375753569c.jpg HTTP/1.0" 200 271 "-" "Googlebot-Image/1.0"
69.171.251.120 - - [14/May/2023:09:54:24 +0200] "GET /images/mini_prod/1384010203712NN.jpg HTTP/1.0" 200 271 "-" "Mozilla/5.0 (X11; Ubuntu; Linux x86_64; rv:72.0) Gecko/20100101 Firefox/72.0"
65.108.78.33 - - [14/May/2023:09:54:23 +0200] "GET /toneko-neko-black-shirt-p-30192.html HTTP/1.0" 200 73445 "-" "Mozilla/5.0 (compatible; MJ12bot/v1.4.8; http://mj12bot.com/)"
65.108.78.33 - - [14/May/2023:09:54:26 +0200] "GET /top-model-brush-p-24936.html HTTP/1.0" 301 73391 "-" "Mozilla/5.0 (compatible; MJ12bot/v1.4.8; http://mj12bot.com/)"
65.108.78.33 - - [14/May/2023:09:54:29 +0200] "GET /-p-24936.html HTTP/1.0" 200 73324 "-" "Mozilla/5.0 (compatible; MJ12bot/v1.4.8; http://mj12bot.com/)"
65.108.78.33 - - [14/May/2023:09:54:32 +0200] "GET /top-model-coloured-pencil-set-p-13116.html HTTP/1.0" 301 73532 "-" "Mozilla/5.0 (compatible; MJ12bot/v1.4.8; http://mj12bot.com/)"
65.108.78.33 - - [14/May/2023:09:54:35 +0200] "GET /model-coloured-pencil-p-13116.html HTTP/1.0" 200 73444 "-" "Mozilla/5.0 (compatible; MJ12bot/v1.4.8; http://mj12bot.com/)"
65.108.78.33 - - [14/May/2023:09:54:37 +0200] "GET /top-model-fantasy-wolf-personal-diary-p-35451.html HTTP/1.0" 301 73391 "-" "Mozilla/5.0 (compatible; MJ12bot/v1.4.8; http://mj12bot.com/)"
65.108.78.33 - - [14/May/2023:09:54:40 +0200] "GET /-p-35451.html HTTP/1.0" 200 73324 "-" "Mozilla/5.0 (compatible; MJ12bot/v1.4.8; http://mj12bot.com/)"
65.108.78.33 - - [14/May/2023:09:54:43 +0200] "GET /top-model-flat-pocket-cosmetics-customize-p-29913.html HTTP/1.0" 301 73574 "-" "Mozilla/5.0 (compatible; MJ12bot/v1.4.8; http://mj12bot.com/)"
66.249.69.70 - - [14/May/2023:09:54:45 +0200] "GET /images/big_prod/4029811450381.jpg HTTP/1.0" 200 268 "-" "Googlebot-Image/1.0"
65.108.78.33 - - [14/May/2023:09:54:46 +0200] "GET /model-flat-pocket-cosmetics-customize-p-29913.html HTTP/1.0" 200 73470 "-" "Mozilla/5.0 (compatible; MJ12bot/v1.4.8; http://mj12bot.com/)"
65.108.78.33 - - [14/May/2023:09:54:49 +0200] "GET /top-model-letter-set-p-23458.html HTTP/1.0" 301 73391 "-" "Mozilla/5.0 (compatible; MJ12bot/v1.4.8; http://mj12bot.com/)"
65.108.78.33 - - [14/May/2023:09:54:51 +0200] "GET /-p-23458.html HTTP/1.0" 200 73324 "-" "Mozilla/5.0 (compatible; MJ12bot/v1.4.8; http://mj12bot.com/)"
65.108.78.33 - - [14/May/2023:09:54:54 +0200] "GET /top-model-notebook-and-pen-lipstick-p-26729.html HTTP/1.0" 301 73391 "-" "Mozilla/5.0 (compatible; MJ12bot/v1.4.8; http://mj12bot.com/)"
65.108.78.33 - - [14/May/2023:09:54:57 +0200] "GET /-p-26729.html HTTP/1.0" 200 73324 "-" "Mozilla/5.0 (compatible; MJ12bot/v1.4.8; http://mj12bot.com/)"
65.108.78.33 - - [14/May/2023:09:55:00 +0200] "GET /top-model-pen-p-26748.html HTTP/1.0" 301 73391 "-" "Mozilla/5.0 (compatible; MJ12bot/v1.4.8; http://mj12bot.com/)"
65.108.78.33 - - [14/May/2023:09:55:02 +0200] "GET /-p-26748.html HTTP/1.0" 200 73324 "-" "Mozilla/5.0 (compatible; MJ12bot/v1.4.8; http://mj12bot.com/)"
65.108.78.33 - - [14/May/2023:09:55:05 +0200] "GET /top-model-pen-p-26749.html HTTP/1.0" 301 73391 "-" "Mozilla/5.0 (compatible; MJ12bot/v1.4.8; http://mj12bot.com/)"
65.108.78.33 - - [14/May/2023:09:55:08 +0200] "GET /-p-26749.html HTTP/1.0" 200 73324 "-" "Mozilla/5.0 (compatible; MJ12bot/v1.4.8; http://mj12bot.com/)"
65.108.78.33 - - [14/May/2023:09:55:10 +0200] "GET /top-model-pencil-case-p-23463.html HTTP/1.0" 301 73391 "-" "Mozilla/5.0 (compatible; MJ12bot/v1.4.8; http://mj12bot.com/)"
65.108.78.33 - - [14/May/2023:09:55:13 +0200] "GET /-p-23463.html HTTP/1.0" 200 73324 "-" "Mozilla/5.0 (compatible; MJ12bot/v1.4.8; http://mj12bot.com/)"
65.108.78.33 - - [14/May/2023:09:55:16 +0200] "GET /top-model-pencils-gray-p-21463.html HTTP/1.0" 301 73391 "-" "Mozilla/5.0 (compatible; MJ12bot/v1.4.8; http://mj12bot.com/)"
65.108.78.33 - - [14/May/2023:09:55:18 +0200] "GET /-p-21463.html HTTP/1.0" 200 73324 "-" "Mozilla/5.0 (compatible; MJ12bot/v1.4.8; http://mj12bot.com/)"
65.108.78.33 - - [14/May/2023:09:55:21 +0200] "GET /top-model-personal-diary-p-29696.html HTTP/1.0" 301 73391 "-" "Mozilla/5.0 (compatible; MJ12bot/v1.4.8; http://mj12bot.com/)"
65.108.78.33 - - [14/May/2023:09:55:24 +0200] "GET /-p-29696.html HTTP/1.0" 200 73324 "-" "Mozilla/5.0 (compatible; MJ12bot/v1.4.8; http://mj12bot.com/)"
65.108.78.33 - - [14/May/2023:09:55:27 +0200] "GET /top-model-personal-diary-p-29902.html HTTP/1.0" 301 73391 "-" "Mozilla/5.0 (compatible; MJ12bot/v1.4.8; http://mj12bot.com/)"
65.108.78.33 - - [14/May/2023:09:55:29 +0200] "GET /-p-29902.html HTTP/1.0" 200 73324 "-" "Mozilla/5.0 (compatible; MJ12bot/v1.4.8; http://mj12bot.com/)"
65.108.78.33 - - [14/May/2023:09:55:32 +0200] "GET /top-model-pink-jewelry-box-p-23459.html HTTP/1.0" 301 73391 "-" "Mozilla/5.0 (compatible; MJ12bot/v1.4.8; http://mj12bot.com/)"
65.108.78.33 - - [14/May/2023:09:55:35 +0200] "GET /-p-23459.html HTTP/1.0" 200 73324 "-" "Mozilla/5.0 (compatible; MJ12bot/v1.4.8; http://mj12bot.com/)"
66.249.69.70 - - [14/May/2023:09:55:39 +0200] "GET /images/big_prod_1/3520071843698B.jpg HTTP/1.0" 200 271 "-" "Googlebot-Image/1.0"
65.108.78.33 - - [14/May/2023:09:55:38 +0200] "GET /top-model-pink-memo-box-p-26627.html HTTP/1.0" 301 73391 "-" "Mozilla/5.0 (compatible; MJ12bot/v1.4.8; http://mj12bot.com/)"
65.108.78.33 - - [14/May/2023:09:55:41 +0200] "GET /-p-26627.html HTTP/1.0" 200 73324 "-" "Mozilla/5.0 (compatible; MJ12bot/v1.4.8; http://mj12bot.com/)"
65.108.78.33 - - [14/May/2023:09:55:43 +0200] "GET /top-model-vanity-p-24957.html HTTP/1.0" 301 73391 "-" "Mozilla/5.0 (compatible; MJ12bot/v1.4.8; http://mj12bot.com/)"
65.108.78.33 - - [14/May/2023:09:55:46 +0200] "GET /-p-24957.html HTTP/1.0" 200 73324 "-" "Mozilla/5.0 (compatible; MJ12bot/v1.4.8; http://mj12bot.com/)"
65.108.78.33 - - [14/May/2023:09:55:49 +0200] "GET /united-states-marshall-cover-iphone-p-19107.html HTTP/1.0" 200 76377 "-" "Mozilla/5.0 (compatible; MJ12bot/v1.4.8; http://mj12bot.com/)"
65.108.78.33 - - [14/May/2023:09:55:52 +0200] "GET /united-states-marshall-cover-iphone-p-19395.html HTTP/1.0" 200 76355 "-" "Mozilla/5.0 (compatible; MJ12bot/v1.4.8; http://mj12bot.com/)"
65.108.78.33 - - [14/May/2023:09:55:55 +0200] "GET /wax-melt-lemon-of-amalfi-p-47628.html HTTP/1.0" 301 73511 "-" "Mozilla/5.0 (compatible; MJ12bot/v1.4.8; http://mj12bot.com/)"
65.108.78.33 - - [14/May/2023:09:55:57 +0200] "GET /melt-lemon-amalfi-p-47628.html HTTP/1.0" 200 73427 "-" "Mozilla/5.0 (compatible; MJ12bot/v1.4.8; http://mj12bot.com/)"
65.108.78.33 - - [14/May/2023:09:56:00 +0200] "GET /wax-melt-warmer-moroccan-lattice-p-48096.html HTTP/1.0" 301 73533 "-" "Mozilla/5.0 (compatible; MJ12bot/v1.4.8; http://mj12bot.com/)"
65.108.78.33 - - [14/May/2023:09:56:03 +0200] "GET /melt-warmer-moroccan-lattice-p-48096.html HTTP/1.0" 200 73438 "-" "Mozilla/5.0 (compatible; MJ12bot/v1.4.8; http://mj12bot.com/)"
65.108.78.33 - - [14/May/2023:09:56:05 +0200] "GET /white-cereal-dispenser-p-47517.html HTTP/1.0" 200 77110 "-" "Mozilla/5.0 (compatible; MJ12bot/v1.4.8; http://mj12bot.com/)"
40.77.167.83 - - [14/May/2023:09:56:43 +0200] "GET /mugs-mazagrans-c-12_57.html?page=21 HTTP/1.0" 200 98221 "-" "Mozilla/5.0 AppleWebKit/537.36 (KHTML, like Gecko; compatible; bingbot/2.0; +http://www.bing.com/bingbot.htm) Chrome/103.0.5060.134 Safari/537.36"
216.244.66.242 - - [14/May/2023:09:57:05 +0200] "GET /accessories-mobiles-c-3_17.html?page=12 HTTP/1.0" 200 95735 "-" "Mozilla/5.0 (compatible; DotBot/1.2; +https://opensiteexplorer.org/dotbot; help@moz.com)"
216.244.66.242 - - [14/May/2023:09:57:16 +0200] "GET /mugs-mazagrans-c-12_57.html?page=24 HTTP/1.0" 200 98600 "-" "Mozilla/5.0 (compatible; DotBot/1.2; +https://opensiteexplorer.org/dotbot; help@moz.com)"
81.71.99.91 - - [14/May/2023:09:57:34 +0200] "GET /images/mini_prod/3453131154536.jpg HTTP/1.0" 200 269 "-" "Mozilla/5.0 (X11; Ubuntu; Linux x86_64; rv:72.0) Gecko/20100101 Firefox/72.0"
66.249.69.74 - - [14/May/2023:09:57:50 +0200] "GET /plush-panda-glitter-motsu-keel-toys-p-54173.html HTTP/1.0" 200 76268 "-" "Mozilla/5.0 (compatible; Googlebot/2.1; +http://www.google.com/bot.html)"
66.249.69.74 - - [14/May/2023:09:58:39 +0200] "GET /coasters-cbkreation-p-43247.html HTTP/1.0" 200 75946 "-" "Mozilla/5.0 (Linux; Android 6.0.1; Nexus 5X Build/MMB29P) AppleWebKit/537.36 (KHTML, like Gecko) Chrome/112.0.5615.142 Mobile Safari/537.36 (compatible; Googlebot/2.1; +http://www.google.com/bot.html)"
66.249.69.74 - - [14/May/2023:09:58:41 +0200] "GET /fine-bone-china-sprigs-lavender-p-60478.html HTTP/1.0" 200 77029 "-" "Mozilla/5.0 (Linux; Android 6.0.1; Nexus 5X Build/MMB29P) AppleWebKit/537.36 (KHTML, like Gecko) Chrome/112.0.5615.142 Mobile Safari/537.36 (compatible; Googlebot/2.1; +http://www.google.com/bot.html)"
66.249.69.72 - - [14/May/2023:09:58:42 +0200] "GET /fine-bone-china-fresh-fruits-p-60481.html HTTP/1.0" 200 76963 "-" "Mozilla/5.0 (compatible; Googlebot/2.1; +http://www.google.com/bot.html)"
66.249.69.72 - - [14/May/2023:09:58:44 +0200] "GET /scent-heart-home-simply-p-53877.html HTTP/1.0" 200 76592 "-" "Mozilla/5.0 (Linux; Android 6.0.1; Nexus 5X Build/MMB29P) AppleWebKit/537.36 (KHTML, like Gecko) Chrome/112.0.5615.142 Mobile Safari/537.36 (compatible; Googlebot/2.1; +http://www.google.com/bot.html)"
66.249.69.70 - - [14/May/2023:09:58:46 +0200] "GET /unicorn-nightlight-blue-p-55362.html HTTP/1.0" 200 77415 "-" "Mozilla/5.0 (Linux; Android 6.0.1; Nexus 5X Build/MMB29P) AppleWebKit/537.36 (KHTML, like Gecko) Chrome/112.0.5615.142 Mobile Safari/537.36 (compatible; Googlebot/2.1; +http://www.google.com/bot.html)"
66.249.69.72 - - [14/May/2023:09:58:47 +0200] "GET /oliver-ceramic-solitary-teapot-p-57264.html HTTP/1.0" 200 76001 "-" "Mozilla/5.0 (compatible; Googlebot/2.1; +http://www.google.com/bot.html)"
66.249.69.70 - - [14/May/2023:09:58:49 +0200] "GET /white-porcelain-feather-mugs-p-59615.html HTTP/1.0" 200 76929 "-" "Mozilla/5.0 (Linux; Android 6.0.1; Nexus 5X Build/MMB29P) AppleWebKit/537.36 (KHTML, like Gecko) Chrome/112.0.5615.142 Mobile Safari/537.36 (compatible; Googlebot/2.1; +http://www.google.com/bot.html)"
66.249.69.70 - - [14/May/2023:09:58:57 +0200] "GET /images/big_prod_1/8435153849428C.jpg HTTP/1.0" 200 271 "-" "Googlebot-Image/1.0"
66.249.69.72 - - [14/May/2023:09:59:22 +0200] "GET /cardboard-coaster-p-54141.html HTTP/1.0" 200 75904 "-" "Mozilla/5.0 (Linux; Android 6.0.1; Nexus 5X Build/MMB29P) AppleWebKit/537.36 (KHTML, like Gecko) Chrome/112.0.5615.142 Mobile Safari/537.36 (compatible; Googlebot/2.1; +http://www.google.com/bot.html)"
8.218.75.45 - - [14/May/2023:10:00:12 +0200] "GET /images/mini_prod/1300000021241.jpg HTTP/1.0" 200 269 "-" "aria2/1.35.0"
66.249.69.72 - - [14/May/2023:10:01:26 +0200] "GET /horses-poster-p-36324.html HTTP/1.0" 301 73391 "-" "Mozilla/5.0 (Linux; Android 6.0.1; Nexus 5X Build/MMB29P) AppleWebKit/537.36 (KHTML, like Gecko) Chrome/112.0.5615.142 Mobile Safari/537.36 (compatible; Googlebot/2.1; +http://www.google.com/bot.html)"
66.249.69.74 - - [14/May/2023:10:01:28 +0200] "GET /-p-36324.html HTTP/1.0" 200 73324 "-" "Mozilla/5.0 (Linux; Android 6.0.1; Nexus 5X Build/MMB29P) AppleWebKit/537.36 (KHTML, like Gecko) Chrome/112.0.5615.142 Mobile Safari/537.36 (compatible; Googlebot/2.1; +http://www.google.com/bot.html)"
66.249.69.70 - - [14/May/2023:10:02:02 +0200] "GET /images/big_prod_1/8427787035957B.jpg HTTP/1.0" 200 271 "-" "Googlebot-Image/1.0"
51.68.224.127 - - [14/May/2023:10:02:09 +0200] "GET /adminweb/export_orders_xml.php?token=256de2z6edz6ed2z6DFSFsed2zed6zeDSFDSGdzedezfzf&maxorders=10&orderstart=1&status=14&start_date=2018-10-01 HTTP/1.0" 200 285 "-" "GesCom CharlotteBoutik Serveur"
51.68.224.127 - - [14/May/2023:10:02:09 +0200] "GET /adminweb/export_orders_xml.php?token=256de2z6edz6ed2z6DFSFsed2zed6zeDSFDSGdzedezfzf&maxorders=10&orderstart=1&status=6&start_date=2018-10-01 HTTP/1.0" 200 33887 "-" "GesCom CharlotteBoutik Serveur"
34.138.237.91 - - [14/May/2023:10:02:35 +0200] "GET /images/1300010240274.jpg HTTP/1.0" 200 259 "-" "Mozilla/5.0 (X11; Ubuntu; Linux x86_64; rv:72.0) Gecko/20100101 Firefox/72.0"
207.46.13.220 - - [14/May/2023:10:03:14 +0200] "GET /mugs-mazagrans-c-12_57.html?page=6 HTTP/1.0" 200 98359 "-" "Mozilla/5.0 AppleWebKit/537.36 (KHTML, like Gecko; compatible; bingbot/2.0; +http://www.bing.com/bingbot.htm) Chrome/103.0.5060.134 Safari/537.36"
129.204.105.50 - - [14/May/2023:10:03:22 +0200] "GET /images/mini_prod/3453131139571.jpg HTTP/1.0" 200 269 "-" "Mozilla/5.0 (X11; Ubuntu; Linux x86_64; rv:72.0) Gecko/20100101 Firefox/72.0"
66.249.69.70 - - [14/May/2023:10:03:58 +0200] "GET /images/big_prod_2/8427787035957X.jpg HTTP/1.0" 200 271 "-" "Googlebot-Image/1.0"
66.249.69.72 - - [14/May/2023:10:04:00 +0200] "GET /cotton-floor-cushion-cavaillon-p-54425.html HTTP/1.0" 200 77436 "-" "Mozilla/5.0 (compatible; Googlebot/2.1; +http://www.google.com/bot.html)"
195.188.181.2 - - [14/May/2023:10:04:20 +0200] "GET /images/mini_prod/1384000000000.jpg HTTP/1.0" 200 269 "-" "Mozilla/5.0 (X11; Ubuntu; Linux x86_64; rv:72.0) Gecko/20100101 Firefox/72.0"
66.249.69.70 - - [14/May/2023:10:04:24 +0200] "GET /round-trays-c-12_159_263.html HTTP/1.0" 200 92650 "-" "Mozilla/5.0 (Linux; Android 6.0.1; Nexus 5X Build/MMB29P) AppleWebKit/537.36 (KHTML, like Gecko) Chrome/112.0.5615.142 Mobile Safari/537.36 (compatible; Googlebot/2.1; +http://www.google.com/bot.html)"
42.194.226.229 - - [14/May/2023:10:04:36 +0200] "GET /images/mini_prod/8422002209403.jpg HTTP/1.0" 200 269 "-" "Mozilla/5.0 (X11; Ubuntu; Linux x86_64; rv:72.0) Gecko/20100101 Firefox/72.0"
66.249.69.70 - - [14/May/2023:10:05:10 +0200] "GET /images/big_prod_2/1384010179642X.jpg HTTP/1.0" 200 271 "-" "Googlebot-Image/1.0"
66.249.69.70 - - [14/May/2023:10:05:54 +0200] "GET /quibe-black-crossbody-made-france-p-52705.html HTTP/1.0" 200 77183 "-" "Mozilla/5.0 (Linux; Android 6.0.1; Nexus 5X Build/MMB29P) AppleWebKit/537.36 (KHTML, like Gecko) Chrome/112.0.5615.142 Mobile Safari/537.36 (compatible; Googlebot/2.1; +http://www.google.com/bot.html)"
66.249.69.72 - - [14/May/2023:10:06:41 +0200] "GET /microfibre-base-cover-black-p-47980.html HTTP/1.0" 200 76137 "-" "Mozilla/5.0 (Linux; Android 6.0.1; Nexus 5X Build/MMB29P) AppleWebKit/537.36 (KHTML, like Gecko) Chrome/112.0.5615.142 Mobile Safari/537.36 (compatible; Googlebot/2.1; +http://www.google.com/bot.html)"
17.241.227.114 - - [14/May/2023:10:07:24 +0200] "GET /images/mini_prod/8424345302506.jpg HTTP/1.0" 200 269 "-" "Mozilla/5.0 (Macintosh; Intel Mac OS X 10_15_5) AppleWebKit/605.1.15 (KHTML, like Gecko) Version/13.1.1 Safari/605.1.15 (Applebot/0.1; +http://www.apple.com/go/applebot)"
40.77.167.83 - - [14/May/2023:10:08:45 +0200] "GET /metal-push-ashtray-ceramic-tiles-p-47357.html HTTP/1.0" 200 76620 "-" "Mozilla/5.0 AppleWebKit/537.36 (KHTML, like Gecko; compatible; bingbot/2.0; +http://www.bing.com/bingbot.htm) Chrome/103.0.5060.134 Safari/537.36"
66.249.69.70 - - [14/May/2023:10:09:22 +0200] "GET /disney-princess-card-with-envelope-p-34457.html HTTP/1.0" 200 76703 "-" "Mozilla/5.0 (Linux; Android 6.0.1; Nexus 5X Build/MMB29P) AppleWebKit/537.36 (KHTML, like Gecko) Chrome/112.0.5615.142 Mobile Safari/537.36 (compatible; Googlebot/2.1; +http://www.google.com/bot.html)"
66.249.69.72 - - [14/May/2023:10:09:24 +0200] "GET /images/big_prod_1/4045233027406B.jpg HTTP/1.0" 200 271 "-" "Googlebot-Image/1.0"
185.191.171.7 - - [14/May/2023:10:09:37 +0200] "GET /pillow-case-flamingo-p-51989.html HTTP/1.0" 200 76199 "-" "Mozilla/5.0 (compatible; SemrushBot/7~bl; +http://www.semrush.com/bot.html)"
66.249.69.70 - - [14/May/2023:10:09:59 +0200] "GET /images/big_prod_1/5404006047536a.jpg HTTP/1.0" 200 271 "-" "Googlebot-Image/1.0"
66.249.69.70 - - [14/May/2023:10:10:09 +0200] "GET /beauty-terracotta-cache-white-p-55339.html HTTP/1.0" 200 76110 "-" "Mozilla/5.0 (Linux; Android 6.0.1; Nexus 5X Build/MMB29P) AppleWebKit/537.36 (KHTML, like Gecko) Chrome/112.0.5615.142 Mobile Safari/537.36 (compatible; Googlebot/2.1; +http://www.google.com/bot.html)"
66.249.69.70 - - [14/May/2023:10:10:26 +0200] "GET /horses-poster-p-36324.html HTTP/1.0" 301 73391 "-" "Mozilla/5.0 (compatible; Googlebot/2.1; +http://www.google.com/bot.html)"
66.249.69.72 - - [14/May/2023:10:10:28 +0200] "GET /-p-36324.html HTTP/1.0" 200 73324 "-" "Mozilla/5.0 (compatible; Googlebot/2.1; +http://www.google.com/bot.html)"
66.249.69.70 - - [14/May/2023:10:10:29 +0200] "GET /resin-decoration-heart-kitten-p-58658.html HTTP/1.0" 200 76791 "-" "Mozilla/5.0 (compatible; Googlebot/2.1; +http://www.google.com/bot.html)"
121.30.179.137 - - [14/May/2023:10:10:53 +0200] "GET /images/mini_prod/5400924064662B.jpg HTTP/1.0" 200 270 "-" "Mozilla/5.0 (X11; Ubuntu; Linux x86_64; rv:72.0) Gecko/20100101 Firefox/72.0"
8.218.248.120 - - [14/May/2023:10:11:01 +0200] "GET /images/mini_prod/8020912049265.jpg HTTP/1.0" 200 269 "-" "aria2/1.35.0"
66.249.69.70 - - [14/May/2023:10:13:10 +0200] "GET /caramel-toiletry-constellation-p-55648.html HTTP/1.0" 200 77002 "-" "Mozilla/5.0 (Linux; Android 6.0.1; Nexus 5X Build/MMB29P) AppleWebKit/537.36 (KHTML, like Gecko) Chrome/112.0.5615.142 Mobile Safari/537.36 (compatible; Googlebot/2.1; +http://www.google.com/bot.html)"
66.249.69.70 - - [14/May/2023:10:13:44 +0200] "GET /images/big_prod_1/3457010509745a.jpg HTTP/1.0" 200 271 "-" "Googlebot-Image/1.0"
147.92.153.16 - - [14/May/2023:10:13:44 +0200] "GET /images/big_prod/8424001337903.jpg HTTP/1.0" 200 268 "-" "Mozilla/5.0 (compatible; Linespider/1.1; +https://lin.ee/4dwXkTH)"
66.249.69.70 - - [14/May/2023:10:13:45 +0200] "GET /canvas-frame-rgles-toilettes-p-51268.html HTTP/1.0" 200 76731 "-" "Mozilla/5.0 (Linux; Android 6.0.1; Nexus 5X Build/MMB29P) AppleWebKit/537.36 (KHTML, like Gecko) Chrome/112.0.5615.142 Mobile Safari/537.36 (compatible; Googlebot/2.1; +http://www.google.com/bot.html)"
66.249.69.70 - - [14/May/2023:10:13:53 +0200] "GET /planter-natural-wood-p-59509.html HTTP/1.0" 200 76930 "-" "Mozilla/5.0 (compatible; Googlebot/2.1; +http://www.google.com/bot.html)"
207.46.13.220 - - [14/May/2023:10:15:14 +0200] "GET /images/big_prod/3612875124889.jpg HTTP/1.0" 200 268 "-" "Mozilla/5.0 AppleWebKit/537.36 (KHTML, like Gecko; compatible; bingbot/2.0; +http://www.bing.com/bingbot.htm) Chrome/103.0.5060.134 Safari/537.36"
66.249.69.72 - - [14/May/2023:10:15:18 +0200] "GET /pastis-marseille-wall-decoration-p-44557.html HTTP/1.0" 200 76071 "-" "Mozilla/5.0 (compatible; Googlebot/2.1; +http://www.google.com/bot.html)"
95.108.213.177 - - [14/May/2023:10:15:22 +0200] "GET /-p-47186.html HTTP/1.0" 200 73324 "-" "Mozilla/5.0 (compatible; YandexBot/3.0; +http://yandex.com/bots)"
66.249.69.70 - - [14/May/2023:10:15:54 +0200] "GET /gift-infuser-mandala-p-47159.html HTTP/1.0" 200 77100 "-" "Mozilla/5.0 (Linux; Android 6.0.1; Nexus 5X Build/MMB29P) AppleWebKit/537.36 (KHTML, like Gecko) Chrome/112.0.5615.142 Mobile Safari/537.36 (compatible; Googlebot/2.1; +http://www.google.com/bot.html)"
207.46.13.220 - - [14/May/2023:10:18:15 +0200] "GET /protecting-cotton-pillow-50-70-cm-boil-p-48987.html HTTP/1.0" 301 73556 "-" "Mozilla/5.0 AppleWebKit/537.36 (KHTML, like Gecko; compatible; bingbot/2.0; +http://www.bing.com/bingbot.htm) Chrome/103.0.5060.134 Safari/537.36"
106.52.146.234 - - [14/May/2023:10:18:18 +0200] "GET /images/mini_prod/1399984254899.jpg HTTP/1.0" 200 269 "-" "Mozilla/5.0 (X11; Ubuntu; Linux x86_64; rv:72.0) Gecko/20100101 Firefox/72.0"
51.68.224.127 - - [14/May/2023:10:18:34 +0200] "GET /adminweb/export_orders_xml.php?token=256de2z6edz6ed2z6DFSFsed2zed6zeDSFDSGdzedezfzf&maxorders=10&orderstart=1&status=14&start_date=2018-10-01 HTTP/1.0" 200 285 "-" "GesCom CharlotteBoutik Serveur"
51.68.224.127 - - [14/May/2023:10:18:34 +0200] "GET /adminweb/export_orders_xml.php?token=256de2z6edz6ed2z6DFSFsed2zed6zeDSFDSGdzedezfzf&maxorders=10&orderstart=1&status=6&start_date=2018-10-01 HTTP/1.0" 200 33887 "-" "GesCom CharlotteBoutik Serveur"
17.241.219.43 - - [14/May/2023:10:18:49 +0200] "GET /images/big_prod/3520071597218.jpg HTTP/1.0" 200 268 "-" "Mozilla/5.0 (Macintosh; Intel Mac OS X 10_15_5) AppleWebKit/605.1.15 (KHTML, like Gecko) Version/13.1.1 Safari/605.1.15 (Applebot/0.1; +http://www.apple.com/go/applebot)"
66.249.69.70 - - [14/May/2023:10:20:05 +0200] "GET /dubout-cats-white-p-52492.html HTTP/1.0" 200 75920 "-" "Mozilla/5.0 (Linux; Android 6.0.1; Nexus 5X Build/MMB29P) AppleWebKit/537.36 (KHTML, like Gecko) Chrome/112.0.5615.142 Mobile Safari/537.36 (compatible; Googlebot/2.1; +http://www.google.com/bot.html)"
8.217.84.150 - - [14/May/2023:10:20:22 +0200] "GET /images/mini_prod/3660173212999.jpg HTTP/1.0" 200 269 "-" "aria2/1.35.0"
66.249.69.72 - - [14/May/2023:10:20:26 +0200] "GET /oscar-wilde-stickers-p-39325.html HTTP/1.0" 200 76722 "-" "Mozilla/5.0 (Linux; Android 6.0.1; Nexus 5X Build/MMB29P) AppleWebKit/537.36 (KHTML, like Gecko) Chrome/112.0.5615.142 Mobile Safari/537.36 (compatible; Googlebot/2.1; +http://www.google.com/bot.html)"
42.194.225.248 - - [14/May/2023:10:21:02 +0200] "GET /images/big_prod/1304038301221.jpg HTTP/1.0" 200 268 "-" "Mozilla/5.0 (X11; Ubuntu; Linux x86_64; rv:72.0) Gecko/20100101 Firefox/72.0"
66.249.69.72 - - [14/May/2023:10:21:39 +0200] "GET /baskets-wicker-baskets-p-50696.html HTTP/1.0" 200 77124 "-" "Mozilla/5.0 (compatible; Googlebot/2.1; +http://www.google.com/bot.html)"
216.244.66.242 - - [14/May/2023:10:23:53 +0200] "GET /robots.txt HTTP/1.0" 200 245 "-" "Mozilla/5.0 (compatible; DotBot/1.2; +https://opensiteexplorer.org/dotbot; help@moz.com)"
121.30.179.67 - - [14/May/2023:10:26:49 +0200] "GET /images/mini_prod/4036113830797.jpg HTTP/1.0" 200 269 "-" "Mozilla/5.0 (X11; Ubuntu; Linux x86_64; rv:72.0) Gecko/20100101 Firefox/72.0"
121.30.179.17 - - [14/May/2023:10:27:38 +0200] "GET /images/mini_prod/3453131143226.jpg HTTP/1.0" 200 269 "-" "Mozilla/5.0 (X11; Ubuntu; Linux x86_64; rv:72.0) Gecko/20100101 Firefox/72.0"
1.235.173.95 - - [14/May/2023:10:27:54 +0200] "GET /images/mini_prod/9316188081023.jpg HTTP/1.0" 200 269 "-" "Mozilla/5.0 (X11; Ubuntu; Linux x86_64; rv:72.0) Gecko/20100101 Firefox/72.0"
66.249.69.70 - - [14/May/2023:10:28:26 +0200] "GET /dragon-ball-red-swimsuit-p-30477.html HTTP/1.0" 301 77207 "-" "Mozilla/5.0 (Linux; Android 6.0.1; Nexus 5X Build/MMB29P) AppleWebKit/537.36 (KHTML, like Gecko) Chrome/112.0.5615.142 Mobile Safari/537.36 (compatible; Googlebot/2.1; +http://www.google.com/bot.html)"
66.249.69.72 - - [14/May/2023:10:28:28 +0200] "GET /dragon-ball-swimsuit-p-30477.html HTTP/1.0" 200 77120 "-" "Mozilla/5.0 (Linux; Android 6.0.1; Nexus 5X Build/MMB29P) AppleWebKit/537.36 (KHTML, like Gecko) Chrome/112.0.5615.142 Mobile Safari/537.36 (compatible; Googlebot/2.1; +http://www.google.com/bot.html)"
66.249.69.70 - - [14/May/2023:10:28:58 +0200] "GET /images/3438100333143.jpg HTTP/1.0" 200 259 "-" "Googlebot-Image/1.0"
44.234.150.95 - - [14/May/2023:10:29:46 +0200] "GET /images/big_prod_1/b8435333821862.jpg HTTP/1.0" 200 271 "-" "Mozilla/5.0 (X11; Ubuntu; Linux x86_64; rv:72.0) Gecko/20100101 Firefox/72.0"
106.52.146.234 - - [14/May/2023:10:30:15 +0200] "GET /images/mini_prod/8009233800519.jpg HTTP/1.0" 200 269 "-" "Mozilla/5.0 (X11; Ubuntu; Linux x86_64; rv:72.0) Gecko/20100101 Firefox/72.0"
123.60.146.214 - - [14/May/2023:10:30:17 +0200] "GET / HTTP/1.0" 200 152798 "-" "Mozilla/5.0 (Windows NT 10.9; Win64; x64) AppleWebKit/537.36 (KHTML, like Gecko) Chrome/76.0.2330.88 Safari/537.36"
179.43.169.180 - - [14/May/2023:10:30:22 +0200] "GET / HTTP/1.0" 301 511 "-" "Mozilla/5.0 (X11; Linux i686; rv:10.0) Gecko/20100101 Firefox/10.0"
106.53.102.224 - - [14/May/2023:10:30:22 +0200] "GET /images/mini_prod/8020912049265.jpg HTTP/1.0" 200 269 "-" "Mozilla/5.0 (X11; Ubuntu; Linux x86_64; rv:72.0) Gecko/20100101 Firefox/72.0"
179.43.169.180 - - [14/May/2023:10:30:23 +0200] "GET / HTTP/1.0" 500 133214 "-" "Mozilla/5.0 (X11; Linux i686; rv:10.0) Gecko/20100101 Firefox/10.0"
179.43.169.180 - - [14/May/2023:10:30:33 +0200] "GET / HTTP/1.0" 200 152879 "-" "Mozilla/5.0 (X11; Linux i686; rv:10.0) Gecko/20100101 Firefox/10.0"
66.249.69.72 - - [14/May/2023:10:30:48 +0200] "GET /oliver-ceramic-solitary-teapot-p-57264.html HTTP/1.0" 200 76001 "-" "Mozilla/5.0 (Linux; Android 6.0.1; Nexus 5X Build/MMB29P) AppleWebKit/537.36 (KHTML, like Gecko) Chrome/112.0.5615.142 Mobile Safari/537.36 (compatible; Googlebot/2.1; +http://www.google.com/bot.html)"
203.195.164.241 - - [14/May/2023:10:31:43 +0200] "GET /images/mini_prod/241208_121646_PEEL_4aHFkG.jpg HTTP/1.0" 200 281 "-" "Mozilla/5.0 (X11; Ubuntu; Linux x86_64; rv:72.0) Gecko/20100101 Firefox/72.0"
129.97.152.23 - - [14/May/2023:10:31:58 +0200] "GET /images/mini_prod/5036278062209.jpg HTTP/1.0" 200 269 "-" "Mozilla/5.0 (X11; Ubuntu; Linux x86_64; rv:72.0) Gecko/20100101 Firefox/72.0"
65.108.2.171 - - [14/May/2023:10:32:52 +0200] "GET /robots.txt HTTP/1.0" 301 531 "-" "Mozilla/5.0 (compatible; MJ12bot/v1.4.8; http://mj12bot.com/)"
65.108.2.171 - - [14/May/2023:10:32:53 +0200] "GET /robots.txt HTTP/1.0" 200 245 "-" "Mozilla/5.0 (compatible; MJ12bot/v1.4.8; http://mj12bot.com/)"
65.108.2.171 - - [14/May/2023:10:32:54 +0200] "GET /decorations/photo-frames-and-memo-clips/coca-cola-have-coke-photo-frame-p-19675.html HTTP/1.0" 301 679 "-" "Mozilla/5.0 (compatible; MJ12bot/v1.4.8; http://mj12bot.com/)"
65.108.2.171 - - [14/May/2023:10:32:56 +0200] "GET /decorations/photo-frames-and-memo-clips/coca-cola-have-coke-photo-frame-p-19675.html HTTP/1.0" 301 73391 "-" "Mozilla/5.0 (compatible; MJ12bot/v1.4.8; http://mj12bot.com/)"
65.108.2.171 - - [14/May/2023:10:32:59 +0200] "GET /-p-19675.html HTTP/1.0" 200 73324 "-" "Mozilla/5.0 (compatible; MJ12bot/v1.4.8; http://mj12bot.com/)"
65.108.2.171 - - [14/May/2023:10:33:01 +0200] "GET /household-linen/polar-blankets-blankets/simpsons-bart-polar-blanket-p-22991.html HTTP/1.0" 301 671 "-" "Mozilla/5.0 (compatible; MJ12bot/v1.4.8; http://mj12bot.com/)"
65.108.2.171 - - [14/May/2023:10:33:03 +0200] "GET /household-linen/polar-blankets-blankets/simpsons-bart-polar-blanket-p-22991.html HTTP/1.0" 301 73391 "-" "Mozilla/5.0 (compatible; MJ12bot/v1.4.8; http://mj12bot.com/)"
65.108.2.171 - - [14/May/2023:10:33:05 +0200] "GET /-p-22991.html HTTP/1.0" 200 73324 "-" "Mozilla/5.0 (compatible; MJ12bot/v1.4.8; http://mj12bot.com/)"
65.108.2.171 - - [14/May/2023:10:33:08 +0200] "GET /-c-127.html HTTP/1.0" 200 72011 "-" "Mozilla/5.0 (compatible; MJ12bot/v1.4.8; http://mj12bot.com/)"
66.249.69.70 - - [14/May/2023:10:33:09 +0200] "GET /letter-wall-decor-sticker-gray-p-57779.html HTTP/1.0" 200 76833 "-" "Mozilla/5.0 (Linux; Android 6.0.1; Nexus 5X Build/MMB29P) AppleWebKit/537.36 (KHTML, like Gecko) Chrome/112.0.5615.142 Mobile Safari/537.36 (compatible; Googlebot/2.1; +http://www.google.com/bot.html)"
65.108.2.171 - - [14/May/2023:10:33:11 +0200] "GET /-p-10502.html HTTP/1.0" 200 73324 "-" "Mozilla/5.0 (compatible; MJ12bot/v1.4.8; http://mj12bot.com/)"
65.108.2.171 - - [14/May/2023:10:33:15 +0200] "GET /-p-10503.html HTTP/1.0" 200 73324 "-" "Mozilla/5.0 (compatible; MJ12bot/v1.4.8; http://mj12bot.com/)"
65.108.2.171 - - [14/May/2023:10:33:17 +0200] "GET /-p-10859.html HTTP/1.0" 200 73324 "-" "Mozilla/5.0 (compatible; MJ12bot/v1.4.8; http://mj12bot.com/)"
65.108.2.171 - - [14/May/2023:10:33:20 +0200] "GET /-p-10992.html HTTP/1.0" 200 73324 "-" "Mozilla/5.0 (compatible; MJ12bot/v1.4.8; http://mj12bot.com/)"
65.108.2.171 - - [14/May/2023:10:33:23 +0200] "GET /-p-11418.html HTTP/1.0" 200 73324 "-" "Mozilla/5.0 (compatible; MJ12bot/v1.4.8; http://mj12bot.com/)"
65.108.2.171 - - [14/May/2023:10:33:26 +0200] "GET /-p-11686.html HTTP/1.0" 200 73324 "-" "Mozilla/5.0 (compatible; MJ12bot/v1.4.8; http://mj12bot.com/)"
65.108.2.171 - - [14/May/2023:10:33:29 +0200] "GET /-p-12167.html HTTP/1.0" 200 73324 "-" "Mozilla/5.0 (compatible; MJ12bot/v1.4.8; http://mj12bot.com/)"
65.108.2.171 - - [14/May/2023:10:33:32 +0200] "GET /-p-12704.html HTTP/1.0" 200 73324 "-" "Mozilla/5.0 (compatible; MJ12bot/v1.4.8; http://mj12bot.com/)"
65.108.2.171 - - [14/May/2023:10:33:35 +0200] "GET /-p-1293.html HTTP/1.0" 200 73322 "-" "Mozilla/5.0 (compatible; MJ12bot/v1.4.8; http://mj12bot.com/)"
65.108.2.171 - - [14/May/2023:10:33:38 +0200] "GET /-p-13454.html HTTP/1.0" 200 73324 "-" "Mozilla/5.0 (compatible; MJ12bot/v1.4.8; http://mj12bot.com/)"
65.108.2.171 - - [14/May/2023:10:33:40 +0200] "GET /-p-13683.html HTTP/1.0" 200 73324 "-" "Mozilla/5.0 (compatible; MJ12bot/v1.4.8; http://mj12bot.com/)"
65.108.2.171 - - [14/May/2023:10:33:43 +0200] "GET /-p-13918.html HTTP/1.0" 200 73324 "-" "Mozilla/5.0 (compatible; MJ12bot/v1.4.8; http://mj12bot.com/)"
65.108.2.171 - - [14/May/2023:10:33:46 +0200] "GET /-p-13919.html HTTP/1.0" 200 73324 "-" "Mozilla/5.0 (compatible; MJ12bot/v1.4.8; http://mj12bot.com/)"
65.108.2.171 - - [14/May/2023:10:33:49 +0200] "GET /-p-13958.html HTTP/1.0" 200 73324 "-" "Mozilla/5.0 (compatible; MJ12bot/v1.4.8; http://mj12bot.com/)"
65.108.2.171 - - [14/May/2023:10:33:51 +0200] "GET /-p-14050.html HTTP/1.0" 200 73324 "-" "Mozilla/5.0 (compatible; MJ12bot/v1.4.8; http://mj12bot.com/)"
65.108.2.171 - - [14/May/2023:10:33:59 +0200] "GET /-p-14051.html HTTP/1.0" 200 73324 "-" "Mozilla/5.0 (compatible; MJ12bot/v1.4.8; http://mj12bot.com/)"
65.108.2.171 - - [14/May/2023:10:34:02 +0200] "GET /-p-14148.html HTTP/1.0" 200 73324 "-" "Mozilla/5.0 (compatible; MJ12bot/v1.4.8; http://mj12bot.com/)"
65.108.2.171 - - [14/May/2023:10:34:05 +0200] "GET /-p-14149.html HTTP/1.0" 200 73324 "-" "Mozilla/5.0 (compatible; MJ12bot/v1.4.8; http://mj12bot.com/)"
65.108.2.171 - - [14/May/2023:10:34:08 +0200] "GET /-p-14470.html HTTP/1.0" 200 73324 "-" "Mozilla/5.0 (compatible; MJ12bot/v1.4.8; http://mj12bot.com/)"
65.108.2.171 - - [14/May/2023:10:34:11 +0200] "GET /-p-14632.html HTTP/1.0" 200 73324 "-" "Mozilla/5.0 (compatible; MJ12bot/v1.4.8; http://mj12bot.com/)"
65.108.2.171 - - [14/May/2023:10:34:14 +0200] "GET /-p-14635.html HTTP/1.0" 200 73324 "-" "Mozilla/5.0 (compatible; MJ12bot/v1.4.8; http://mj12bot.com/)"
65.108.2.171 - - [14/May/2023:10:34:16 +0200] "GET /-p-14678.html HTTP/1.0" 200 73324 "-" "Mozilla/5.0 (compatible; MJ12bot/v1.4.8; http://mj12bot.com/)"
65.108.2.171 - - [14/May/2023:10:34:19 +0200] "GET /-p-14727.html HTTP/1.0" 200 73324 "-" "Mozilla/5.0 (compatible; MJ12bot/v1.4.8; http://mj12bot.com/)"
65.108.2.171 - - [14/May/2023:10:34:22 +0200] "GET /-p-15200.html HTTP/1.0" 200 73324 "-" "Mozilla/5.0 (compatible; MJ12bot/v1.4.8; http://mj12bot.com/)"
65.108.2.171 - - [14/May/2023:10:34:25 +0200] "GET /-p-15744.html HTTP/1.0" 200 73324 "-" "Mozilla/5.0 (compatible; MJ12bot/v1.4.8; http://mj12bot.com/)"
65.108.2.171 - - [14/May/2023:10:34:28 +0200] "GET /-p-16219.html HTTP/1.0" 200 73324 "-" "Mozilla/5.0 (compatible; MJ12bot/v1.4.8; http://mj12bot.com/)"
65.108.2.171 - - [14/May/2023:10:34:30 +0200] "GET /-p-17109.html HTTP/1.0" 200 73324 "-" "Mozilla/5.0 (compatible; MJ12bot/v1.4.8; http://mj12bot.com/)"
65.108.2.171 - - [14/May/2023:10:34:33 +0200] "GET /-p-17110.html HTTP/1.0" 200 73324 "-" "Mozilla/5.0 (compatible; MJ12bot/v1.4.8; http://mj12bot.com/)"
65.108.2.171 - - [14/May/2023:10:34:36 +0200] "GET /-p-17134.html HTTP/1.0" 200 73324 "-" "Mozilla/5.0 (compatible; MJ12bot/v1.4.8; http://mj12bot.com/)"
66.249.69.72 - - [14/May/2023:10:34:38 +0200] "GET /small-bamboo-tray-cats-p-49572.html HTTP/1.0" 200 76034 "-" "Mozilla/5.0 (compatible; Googlebot/2.1; +http://www.google.com/bot.html)"
65.108.2.171 - - [14/May/2023:10:34:39 +0200] "GET /-p-17209.html HTTP/1.0" 200 73324 "-" "Mozilla/5.0 (compatible; MJ12bot/v1.4.8; http://mj12bot.com/)"
66.249.69.74 - - [14/May/2023:10:34:40 +0200] "GET /luminous-figurine-cinderella-castle-p-56305.html HTTP/1.0" 200 76783 "-" "Mozilla/5.0 (Linux; Android 6.0.1; Nexus 5X Build/MMB29P) AppleWebKit/537.36 (KHTML, like Gecko) Chrome/112.0.5615.142 Mobile Safari/537.36 (compatible; Googlebot/2.1; +http://www.google.com/bot.html)"
65.108.2.171 - - [14/May/2023:10:34:42 +0200] "GET /-p-17347.html HTTP/1.0" 200 73324 "-" "Mozilla/5.0 (compatible; MJ12bot/v1.4.8; http://mj12bot.com/)"
66.249.69.72 - - [14/May/2023:10:34:43 +0200] "GET /sentiment-towel-kitchen-towel-p-43628.html HTTP/1.0" 200 76723 "-" "Mozilla/5.0 (Linux; Android 6.0.1; Nexus 5X Build/MMB29P) AppleWebKit/537.36 (KHTML, like Gecko) Chrome/112.0.5615.142 Mobile Safari/537.36 (compatible; Googlebot/2.1; +http://www.google.com/bot.html)"
65.108.2.171 - - [14/May/2023:10:34:45 +0200] "GET /-p-17363.html HTTP/1.0" 200 73324 "-" "Mozilla/5.0 (compatible; MJ12bot/v1.4.8; http://mj12bot.com/)"
65.108.2.171 - - [14/May/2023:10:34:48 +0200] "GET /-p-17573.html HTTP/1.0" 200 73324 "-" "Mozilla/5.0 (compatible; MJ12bot/v1.4.8; http://mj12bot.com/)"
65.108.2.171 - - [14/May/2023:10:34:51 +0200] "GET /-p-17621.html HTTP/1.0" 200 73324 "-" "Mozilla/5.0 (compatible; MJ12bot/v1.4.8; http://mj12bot.com/)"
