62.171.162.127 - - [14/May/2023:04:36:51 +0200] "GET /luggages-schoolbags-leather-shop/bagshandbags-shoulder-bags/happy-colors-travel-bag-p-19012.html HTTP/1.0" 301 73391 "-" "Mozilla/5.0 (compatible; MJ12bot/v1.4.8; http://mj12bot.com/)"
62.171.162.127 - - [14/May/2023:04:36:55 +0200] "GET /-p-19012.html HTTP/1.0" 200 73324 "-" "Mozilla/5.0 (compatible; MJ12bot/v1.4.8; http://mj12bot.com/)"
62.171.162.127 - - [14/May/2023:04:37:03 +0200] "GET /luggages-schoolbags-leather-shop/bagshandbags-shoulder-bags/happy-colours-happiness-retro-shoulder-bag-p-18982.html HTTP/1.0" 301 73391 "-" "Mozilla/5.0 (compatible; MJ12bot/v1.4.8; http://mj12bot.com/)"
185.191.171.33 - - [14/May/2023:04:37:06 +0200] "GET /table-lamps-c-86_286.html?page=20 HTTP/1.0" 200 86994 "-" "Mozilla/5.0 (compatible; SemrushBot/7~bl; +http://www.semrush.com/bot.html)"
62.171.162.127 - - [14/May/2023:04:37:09 +0200] "GET /-p-18982.html HTTP/1.0" 200 73324 "-" "Mozilla/5.0 (compatible; MJ12bot/v1.4.8; http://mj12bot.com/)"
207.46.13.208 - - [14/May/2023:04:37:14 +0200] "GET /images/big_prod_1/8719075391143.jpg HTTP/1.0" 200 270 "-" "Mozilla/5.0 AppleWebKit/537.36 (KHTML, like Gecko; compatible; bingbot/2.0; +http://www.bing.com/bingbot.htm) Chrome/103.0.5060.134 Safari/537.36"
62.171.162.127 - - [14/May/2023:04:37:14 +0200] "GET /luggages-schoolbags-leather-shop/bagshandbags-shoulder-bags/happy-colours-love-retro-shoulder-bag-p-18987.html HTTP/1.0" 301 73391 "-" "Mozilla/5.0 (compatible; MJ12bot/v1.4.8; http://mj12bot.com/)"
62.171.162.127 - - [14/May/2023:04:37:22 +0200] "GET /-p-18987.html HTTP/1.0" 200 73324 "-" "Mozilla/5.0 (compatible; MJ12bot/v1.4.8; http://mj12bot.com/)"
62.171.162.127 - - [14/May/2023:04:37:26 +0200] "GET /luggages-schoolbags-leather-shop/bagshandbags-shoulder-bags/happy-colours-mystery-retro-shoulder-bag-p-18983.html HTTP/1.0" 301 73391 "-" "Mozilla/5.0 (compatible; MJ12bot/v1.4.8; http://mj12bot.com/)"
62.171.162.127 - - [14/May/2023:04:37:31 +0200] "GET /-p-18983.html HTTP/1.0" 200 73324 "-" "Mozilla/5.0 (compatible; MJ12bot/v1.4.8; http://mj12bot.com/)"
62.171.162.127 - - [14/May/2023:04:37:37 +0200] "GET /luggages-schoolbags-leather-shop/bagshandbags-shoulder-bags/happy-reporter-bag-p-21802.html HTTP/1.0" 301 76390 "-" "Mozilla/5.0 (compatible; MJ12bot/v1.4.8; http://mj12bot.com/)"
62.171.162.127 - - [14/May/2023:04:37:46 +0200] "GET /happy-reporter-p-21802.html HTTP/1.0" 200 76309 "-" "Mozilla/5.0 (compatible; MJ12bot/v1.4.8; http://mj12bot.com/)"
62.171.162.127 - - [14/May/2023:04:37:51 +0200] "GET /luggages-schoolbags-leather-shop/bagshandbags-shoulder-bags/hello-kitty-beige-camomilla-kitten-handbag-p-19149.html HTTP/1.0" 301 73391 "-" "Mozilla/5.0 (compatible; MJ12bot/v1.4.8; http://mj12bot.com/)"
66.249.69.72 - - [14/May/2023:04:37:52 +0200] "GET /corsica-training-bottle-cbkreation-p-26754.html HTTP/1.0" 200 76018 "-" "Mozilla/5.0 (Linux; Android 6.0.1; Nexus 5X Build/MMB29P) AppleWebKit/537.36 (KHTML, like Gecko) Chrome/112.0.5615.142 Mobile Safari/537.36 (compatible; Googlebot/2.1; +http://www.google.com/bot.html)"
62.171.162.127 - - [14/May/2023:04:37:59 +0200] "GET /-p-19149.html HTTP/1.0" 200 73324 "-" "Mozilla/5.0 (compatible; MJ12bot/v1.4.8; http://mj12bot.com/)"
62.171.162.127 - - [14/May/2023:04:38:09 +0200] "GET /luggages-schoolbags-leather-shop/bagshandbags-shoulder-bags/hello-kitty-camomilla-beige-large-travel-bag-p-18122.html HTTP/1.0" 301 73391 "-" "Mozilla/5.0 (compatible; MJ12bot/v1.4.8; http://mj12bot.com/)"
62.171.162.127 - - [14/May/2023:04:38:18 +0200] "GET /-p-18122.html HTTP/1.0" 200 73324 "-" "Mozilla/5.0 (compatible; MJ12bot/v1.4.8; http://mj12bot.com/)"
62.171.162.127 - - [14/May/2023:04:38:29 +0200] "GET /luggages-schoolbags-leather-shop/bagshandbags-shoulder-bags/hello-kitty-camomilla-beige-travel-bag-p-18124.html HTTP/1.0" 301 73391 "-" "Mozilla/5.0 (compatible; MJ12bot/v1.4.8; http://mj12bot.com/)"
62.171.162.127 - - [14/May/2023:04:38:43 +0200] "GET /-p-18124.html HTTP/1.0" 200 73324 "-" "Mozilla/5.0 (compatible; MJ12bot/v1.4.8; http://mj12bot.com/)"
62.171.162.127 - - [14/May/2023:04:38:55 +0200] "GET /luggages-schoolbags-leather-shop/bagshandbags-shoulder-bags/hello-kitty-camomilla-black-large-travel-bag-p-18121.html HTTP/1.0" 301 73391 "-" "Mozilla/5.0 (compatible; MJ12bot/v1.4.8; http://mj12bot.com/)"
1.235.173.84 - - [14/May/2023:04:39:09 +0200] "GET /images/mini_prod/3612875125251.jpg HTTP/1.0" 200 269 "-" "Mozilla/5.0 (X11; Ubuntu; Linux x86_64; rv:72.0) Gecko/20100101 Firefox/72.0"
62.171.162.127 - - [14/May/2023:04:39:08 +0200] "GET /-p-18121.html HTTP/1.0" 200 73324 "-" "Mozilla/5.0 (compatible; MJ12bot/v1.4.8; http://mj12bot.com/)"
195.188.181.2 - - [14/May/2023:04:39:21 +0200] "GET /images/mini_prod/1399984257043.jpg HTTP/1.0" 200 269 "-" "Mozilla/5.0 (X11; Ubuntu; Linux x86_64; rv:72.0) Gecko/20100101 Firefox/72.0"
62.171.162.127 - - [14/May/2023:04:39:20 +0200] "GET /luggages-schoolbags-leather-shop/bagshandbags-shoulder-bags/hello-kitty-camomilla-blue-large-travel-bag-p-18123.html HTTP/1.0" 301 73391 "-" "Mozilla/5.0 (compatible; MJ12bot/v1.4.8; http://mj12bot.com/)"
62.171.162.127 - - [14/May/2023:04:39:29 +0200] "GET /-p-18123.html HTTP/1.0" 200 73324 "-" "Mozilla/5.0 (compatible; MJ12bot/v1.4.8; http://mj12bot.com/)"
62.171.162.127 - - [14/May/2023:04:39:36 +0200] "GET /luggages-schoolbags-leather-shop/bagshandbags-shoulder-bags/hello-kitty-camomilla-blue-travel-bag-p-18126.html HTTP/1.0" 301 73391 "-" "Mozilla/5.0 (compatible; MJ12bot/v1.4.8; http://mj12bot.com/)"
185.191.171.36 - - [14/May/2023:04:39:39 +0200] "GET /moroccan-ashtray-p-56493.html HTTP/1.0" 200 75994 "-" "Mozilla/5.0 (compatible; SemrushBot/7~bl; +http://www.semrush.com/bot.html)"
62.171.162.127 - - [14/May/2023:04:39:51 +0200] "GET /-p-18126.html HTTP/1.0" 200 73324 "-" "Mozilla/5.0 (compatible; MJ12bot/v1.4.8; http://mj12bot.com/)"
49.7.21.74 - - [14/May/2023:04:40:01 +0200] "GET / HTTP/1.0" 200 152859 "-" "Sogou web spider/4.0(+http://www.sogou.com/docs/help/webmasters.htm#07)"
62.171.162.127 - - [14/May/2023:04:40:03 +0200] "GET /luggages-schoolbags-leather-shop/bagshandbags-shoulder-bags/hello-kitty-camomilla-vintage-blue-jean-handbag-p-19317.html HTTP/1.0" 301 73391 "-" "Mozilla/5.0 (compatible; MJ12bot/v1.4.8; http://mj12bot.com/)"
66.249.69.72 - - [14/May/2023:04:40:10 +0200] "GET /images/big_prod/8445148204118.jpg HTTP/1.0" 200 268 "-" "Googlebot-Image/1.0"
62.171.162.127 - - [14/May/2023:04:40:19 +0200] "GET /-p-19317.html HTTP/1.0" 200 73324 "-" "Mozilla/5.0 (compatible; MJ12bot/v1.4.8; http://mj12bot.com/)"
62.171.162.127 - - [14/May/2023:04:40:35 +0200] "GET /luggages-schoolbags-leather-shop/bagshandbags-shoulder-bags/hobo-japan-rags-p-26349.html HTTP/1.0" 301 73391 "-" "Mozilla/5.0 (compatible; MJ12bot/v1.4.8; http://mj12bot.com/)"
66.249.69.70 - - [14/May/2023:04:40:46 +0200] "GET /fender-guitar-zippo-lighter-p-37652.html HTTP/1.0" 200 73422 "-" "Mozilla/5.0 (Linux; Android 6.0.1; Nexus 5X Build/MMB29P) AppleWebKit/537.36 (KHTML, like Gecko) Chrome/112.0.5615.142 Mobile Safari/537.36 (compatible; Googlebot/2.1; +http://www.google.com/bot.html)"
62.171.162.127 - - [14/May/2023:04:40:50 +0200] "GET /-p-26349.html HTTP/1.0" 200 73324 "-" "Mozilla/5.0 (compatible; MJ12bot/v1.4.8; http://mj12bot.com/)"
218.153.91.34 - - [14/May/2023:04:41:02 +0200] "GET /images/med_prod/8435306265839.jpg HTTP/1.0" 200 268 "-" "Mozilla/5.0 (X11; Ubuntu; Linux x86_64; rv:72.0) Gecko/20100101 Firefox/72.0"
62.171.162.127 - - [14/May/2023:04:41:09 +0200] "GET /luggages-schoolbags-leather-shop/bagshandbags-shoulder-bags/horse-purple-shoulder-bag-p-25941.html HTTP/1.0" 301 73391 "-" "Mozilla/5.0 (compatible; MJ12bot/v1.4.8; http://mj12bot.com/)"
185.191.171.40 - - [14/May/2023:04:41:18 +0200] "GET /-p-15722.html HTTP/1.0" 200 73324 "-" "Mozilla/5.0 (compatible; SemrushBot/7~bl; +http://www.semrush.com/bot.html)"
62.171.162.127 - - [14/May/2023:04:41:22 +0200] "GET /-p-25941.html HTTP/1.0" 200 73324 "-" "Mozilla/5.0 (compatible; MJ12bot/v1.4.8; http://mj12bot.com/)"
8.218.248.120 - - [14/May/2023:04:41:27 +0200] "GET /images/mini_prod/8003990616123.jpg HTTP/1.0" 200 269 "-" "aria2/1.35.0"
62.171.162.127 - - [14/May/2023:04:41:29 +0200] "GET /luggages-schoolbags-leather-shop/bagshandbags-shoulder-bags/indoor-master-sport-academy-sports-bag-p-19065.html HTTP/1.0" 301 73391 "-" "Mozilla/5.0 (compatible; MJ12bot/v1.4.8; http://mj12bot.com/)"
62.171.162.127 - - [14/May/2023:04:41:40 +0200] "GET /-p-19065.html HTTP/1.0" 200 73324 "-" "Mozilla/5.0 (compatible; MJ12bot/v1.4.8; http://mj12bot.com/)"
62.171.162.127 - - [14/May/2023:04:41:57 +0200] "GET /luggages-schoolbags-leather-shop/bagshandbags-shoulder-bags/jama%C3%83%C2%AFca-lion-vertical-shoulder-bag-p-11934.html HTTP/1.0" 301 73391 "-" "Mozilla/5.0 (compatible; MJ12bot/v1.4.8; http://mj12bot.com/)"
207.46.13.208 - - [14/May/2023:04:42:06 +0200] "GET /mister-happy-london-reporter-p-18238.html HTTP/1.0" 301 73391 "-" "Mozilla/5.0 AppleWebKit/537.36 (KHTML, like Gecko; compatible; bingbot/2.0; +http://www.bing.com/bingbot.htm) Chrome/103.0.5060.134 Safari/537.36"
62.171.162.127 - - [14/May/2023:04:42:08 +0200] "GET /-p-11934.html HTTP/1.0" 200 73324 "-" "Mozilla/5.0 (compatible; MJ12bot/v1.4.8; http://mj12bot.com/)"
61.135.159.201 - - [14/May/2023:04:42:16 +0200] "GET / HTTP/1.0" 301 511 "-" "Sogou web spider/4.0(+http://www.sogou.com/docs/help/webmasters.htm#07)"
61.135.159.125 - - [14/May/2023:04:42:18 +0200] "GET / HTTP/1.0" 200 152652 "-" "Sogou web spider/4.0(+http://www.sogou.com/docs/help/webmasters.htm#07)"
62.171.162.127 - - [14/May/2023:04:42:21 +0200] "GET /luggages-schoolbags-leather-shop/bagshandbags-shoulder-bags/jama%C3%83%C2%AFca-vertical-shoulder-bag-p-11937.html HTTP/1.0" 301 73391 "-" "Mozilla/5.0 (compatible; MJ12bot/v1.4.8; http://mj12bot.com/)"
62.171.162.127 - - [14/May/2023:04:42:34 +0200] "GET /-p-11937.html HTTP/1.0" 200 73324 "-" "Mozilla/5.0 (compatible; MJ12bot/v1.4.8; http://mj12bot.com/)"
62.171.162.127 - - [14/May/2023:04:42:49 +0200] "GET /luggages-schoolbags-leather-shop/bagshandbags-shoulder-bags/kiki-chocolate-messenger-bag-p-19846.html HTTP/1.0" 301 73391 "-" "Mozilla/5.0 (compatible; MJ12bot/v1.4.8; http://mj12bot.com/)"
62.171.162.127 - - [14/May/2023:04:43:04 +0200] "GET /-p-19846.html HTTP/1.0" 200 73324 "-" "Mozilla/5.0 (compatible; MJ12bot/v1.4.8; http://mj12bot.com/)"
62.171.162.127 - - [14/May/2023:04:43:17 +0200] "GET /luggages-schoolbags-leather-shop/bagshandbags-shoulder-bags/kiki-khaki-messenger-bag-p-11678.html HTTP/1.0" 301 73391 "-" "Mozilla/5.0 (compatible; MJ12bot/v1.4.8; http://mj12bot.com/)"
216.244.66.242 - - [14/May/2023:04:43:21 +0200] "GET /robots.txt HTTP/1.0" 200 245 "-" "Mozilla/5.0 (compatible; DotBot/1.2; +https://opensiteexplorer.org/dotbot; help@moz.com)"
62.171.162.127 - - [14/May/2023:04:43:31 +0200] "GET /-p-11678.html HTTP/1.0" 200 73324 "-" "Mozilla/5.0 (compatible; MJ12bot/v1.4.8; http://mj12bot.com/)"
185.191.171.42 - - [14/May/2023:04:43:42 +0200] "GET /huile-olive-provence-small-ashtray-p-39663.html HTTP/1.0" 200 76090 "-" "Mozilla/5.0 (compatible; SemrushBot/7~bl; +http://www.semrush.com/bot.html)"
62.171.162.127 - - [14/May/2023:04:43:50 +0200] "GET /luggages-schoolbags-leather-shop/bagshandbags-shoulder-bags/kimmidoll-fashion-bag-beige-satin-collection-p-13359.html HTTP/1.0" 301 73391 "-" "Mozilla/5.0 (compatible; MJ12bot/v1.4.8; http://mj12bot.com/)"
62.171.162.127 - - [14/May/2023:04:44:01 +0200] "GET /-p-13359.html HTTP/1.0" 200 73324 "-" "Mozilla/5.0 (compatible; MJ12bot/v1.4.8; http://mj12bot.com/)"
62.171.162.127 - - [14/May/2023:04:44:12 +0200] "GET /luggages-schoolbags-leather-shop/bagshandbags-shoulder-bags/kimmidoll-shopping-bag-beige-satin-collection-p-13363.html HTTP/1.0" 301 73634 "-" "Mozilla/5.0 (compatible; MJ12bot/v1.4.8; http://mj12bot.com/)"
185.191.171.6 - - [14/May/2023:04:44:15 +0200] "GET /little-buddha-collection-yellow-p-50248.html HTTP/1.0" 200 73432 "-" "Mozilla/5.0 (compatible; SemrushBot/7~bl; +http://www.semrush.com/bot.html)"
62.171.162.127 - - [14/May/2023:04:44:19 +0200] "GET /kimmidoll-shopper-beige-satin-collection-p-13363.html HTTP/1.0" 200 73527 "-" "Mozilla/5.0 (compatible; MJ12bot/v1.4.8; http://mj12bot.com/)"
62.171.162.127 - - [14/May/2023:04:44:38 +0200] "GET /luggages-schoolbags-leather-shop/bagshandbags-shoulder-bags/kimmidoll-tatsuyo-shoulder-bag-p-25983.html HTTP/1.0" 301 73391 "-" "Mozilla/5.0 (compatible; MJ12bot/v1.4.8; http://mj12bot.com/)"
62.171.162.127 - - [14/May/2023:04:44:48 +0200] "GET /robots.txt HTTP/1.0" 200 245 "-" "Mozilla/5.0 (compatible; MJ12bot/v1.4.8; http://mj12bot.com/)"
62.171.162.127 - - [14/May/2023:04:45:08 +0200] "GET /-p-25983.html HTTP/1.0" 200 73324 "-" "Mozilla/5.0 (compatible; MJ12bot/v1.4.8; http://mj12bot.com/)"
185.191.171.42 - - [14/May/2023:04:45:19 +0200] "GET /camargua-porcelain-p-56495.html HTTP/1.0" 200 75967 "-" "Mozilla/5.0 (compatible; SemrushBot/7~bl; +http://www.semrush.com/bot.html)"
66.249.69.72 - - [14/May/2023:04:45:20 +0200] "GET /smiley-happiness-soup-notebook-p-16398.html HTTP/1.0" 200 76066 "-" "Mozilla/5.0 (compatible; Googlebot/2.1; +http://www.google.com/bot.html)"
62.171.162.127 - - [14/May/2023:04:45:24 +0200] "GET /luggages-schoolbags-leather-shop/bagshandbags-shoulder-bags/kitty-pretty-minois-pink-bag-hello-camomilla-p-19157.html HTTP/1.0" 301 73391 "-" "Mozilla/5.0 (compatible; MJ12bot/v1.4.8; http://mj12bot.com/)"
205.186.62.252 - - [14/May/2023:04:45:30 +0200] "GET /images/mini_prod/8718375756010.jpg HTTP/1.0" 200 269 "-" "Mozilla/5.0 (X11; Ubuntu; Linux x86_64; rv:72.0) Gecko/20100101 Firefox/72.0"
42.194.226.229 - - [14/May/2023:04:45:37 +0200] "GET /images/mini_prod/3457010912309.jpg HTTP/1.0" 200 269 "-" "Mozilla/5.0 (X11; Ubuntu; Linux x86_64; rv:72.0) Gecko/20100101 Firefox/72.0"
62.171.162.127 - - [14/May/2023:04:45:37 +0200] "GET /-p-19157.html HTTP/1.0" 200 73324 "-" "Mozilla/5.0 (compatible; MJ12bot/v1.4.8; http://mj12bot.com/)"
185.191.171.45 - - [14/May/2023:04:45:49 +0200] "GET /-p-36828.html HTTP/1.0" 200 73324 "-" "Mozilla/5.0 (compatible; SemrushBot/7~bl; +http://www.semrush.com/bot.html)"
62.171.162.127 - - [14/May/2023:04:45:55 +0200] "GET /luggages-schoolbags-leather-shop/bagshandbags-shoulder-bags/large-handbag-gorjuss-family-the-book-p-19330.html HTTP/1.0" 301 73391 "-" "Mozilla/5.0 (compatible; MJ12bot/v1.4.8; http://mj12bot.com/)"
185.191.171.11 - - [14/May/2023:04:45:53 +0200] "GET /wallet-c-31_237.html?page=1 HTTP/1.0" 200 94097 "-" "Mozilla/5.0 (compatible; SemrushBot/7~bl; +http://www.semrush.com/bot.html)"
185.191.171.3 - - [14/May/2023:04:46:07 +0200] "GET /children-poncho-blanket-p-59743.html HTTP/1.0" 200 77378 "-" "Mozilla/5.0 (compatible; SemrushBot/7~bl; +http://www.semrush.com/bot.html)"
62.171.162.127 - - [14/May/2023:04:46:11 +0200] "GET /-p-19330.html HTTP/1.0" 200 73324 "-" "Mozilla/5.0 (compatible; MJ12bot/v1.4.8; http://mj12bot.com/)"
213.180.203.186 - - [14/May/2023:04:46:16 +0200] "GET /fine-bone-china-lampions-p-60482.html HTTP/1.0" 200 76915 "-" "Mozilla/5.0 (compatible; YandexBot/3.0; +http://yandex.com/bots)"
62.171.162.127 - - [14/May/2023:04:46:32 +0200] "GET /luggages-schoolbags-leather-shop/bagshandbags-shoulder-bags/marilyn-monroe-pink-large-shopping-bag-p-5119.html HTTP/1.0" 301 73388 "-" "Mozilla/5.0 (compatible; MJ12bot/v1.4.8; http://mj12bot.com/)"
62.171.162.127 - - [14/May/2023:04:46:47 +0200] "GET /-p-5119.html HTTP/1.0" 200 73322 "-" "Mozilla/5.0 (compatible; MJ12bot/v1.4.8; http://mj12bot.com/)"
62.171.162.127 - - [14/May/2023:04:46:59 +0200] "GET /luggages-schoolbags-leather-shop/bagshandbags-shoulder-bags/marilyn-monroe-velvet-handbag-p-3845.html HTTP/1.0" 301 73388 "-" "Mozilla/5.0 (compatible; MJ12bot/v1.4.8; http://mj12bot.com/)"
62.171.162.127 - - [14/May/2023:04:47:17 +0200] "GET /-p-3845.html HTTP/1.0" 200 73322 "-" "Mozilla/5.0 (compatible; MJ12bot/v1.4.8; http://mj12bot.com/)"
62.171.162.127 - - [14/May/2023:04:47:36 +0200] "GET /luggages-schoolbags-leather-shop/bagshandbags-shoulder-bags/mickey-mouse-backpack-p-3536.html HTTP/1.0" 301 73483 "-" "Mozilla/5.0 (compatible; MJ12bot/v1.4.8; http://mj12bot.com/)"
185.191.171.40 - - [14/May/2023:04:47:45 +0200] "GET /kontakati-three-little-pigs-cbkreation-p-20266.html HTTP/1.0" 200 76198 "-" "Mozilla/5.0 (compatible; SemrushBot/7~bl; +http://www.semrush.com/bot.html)"
62.171.162.127 - - [14/May/2023:04:47:47 +0200] "GET /mickey-mouse-backpack-p-3536.html HTTP/1.0" 200 73396 "-" "Mozilla/5.0 (compatible; MJ12bot/v1.4.8; http://mj12bot.com/)"
62.171.162.127 - - [14/May/2023:04:47:57 +0200] "GET /luggages-schoolbags-leather-shop/bagshandbags-shoulder-bags/mini-shoulder-bag-hello-kitty-camomilla-p-19243.html HTTP/1.0" 301 73391 "-" "Mozilla/5.0 (compatible; MJ12bot/v1.4.8; http://mj12bot.com/)"
185.191.171.10 - - [14/May/2023:04:48:06 +0200] "GET /money-bank-slot-machine-jackpot-p-30035.html HTTP/1.0" 200 76182 "-" "Mozilla/5.0 (compatible; SemrushBot/7~bl; +http://www.semrush.com/bot.html)"
62.171.162.127 - - [14/May/2023:04:48:12 +0200] "GET /-p-19243.html HTTP/1.0" 200 73324 "-" "Mozilla/5.0 (compatible; MJ12bot/v1.4.8; http://mj12bot.com/)"
62.171.162.127 - - [14/May/2023:04:48:30 +0200] "GET /luggages-schoolbags-leather-shop/bagshandbags-shoulder-bags/minnie-mouse-shopping-bag-p-6962.html HTTP/1.0" 301 73388 "-" "Mozilla/5.0 (compatible; MJ12bot/v1.4.8; http://mj12bot.com/)"
129.82.147.216 - - [14/May/2023:04:49:00 +0200] "GET /images/mini_prod/3014627830152.jpg HTTP/1.0" 200 269 "-" "Mozilla/5.0 (X11; Ubuntu; Linux x86_64; rv:72.0) Gecko/20100101 Firefox/72.0"
51.68.224.127 - - [14/May/2023:04:49:01 +0200] "GET /adminweb/export_orders_xml.php?token=256de2z6edz6ed2z6DFSFsed2zed6zeDSFDSGdzedezfzf&maxorders=10&orderstart=1&status=14&start_date=2018-10-01 HTTP/1.0" 200 285 "-" "GesCom CharlotteBoutik Serveur"
51.68.224.127 - - [14/May/2023:04:49:01 +0200] "GET /adminweb/export_orders_xml.php?token=256de2z6edz6ed2z6DFSFsed2zed6zeDSFDSGdzedezfzf&maxorders=10&orderstart=1&status=6&start_date=2018-10-01 HTTP/1.0" 200 33887 "-" "GesCom CharlotteBoutik Serveur"
62.171.162.127 - - [14/May/2023:04:49:03 +0200] "GET /-p-6962.html HTTP/1.0" 200 73322 "-" "Mozilla/5.0 (compatible; MJ12bot/v1.4.8; http://mj12bot.com/)"
62.171.162.127 - - [14/May/2023:04:49:25 +0200] "GET /luggages-schoolbags-leather-shop/bagshandbags-shoulder-bags/mister-men-messenger-bag-p-3681.html HTTP/1.0" 301 73388 "-" "Mozilla/5.0 (compatible; MJ12bot/v1.4.8; http://mj12bot.com/)"
185.191.171.15 - - [14/May/2023:04:49:40 +0200] "GET /crystal-grid-love-p-52051.html HTTP/1.0" 200 73382 "-" "Mozilla/5.0 (compatible; SemrushBot/7~bl; +http://www.semrush.com/bot.html)"
185.191.171.26 - - [14/May/2023:04:49:46 +0200] "GET /boutis-bedspread-pillowcases-julianne-blue-p-60419.html?action=add_product HTTP/1.0" 302 476 "-" "Mozilla/5.0 (compatible; SemrushBot/7~bl; +http://www.semrush.com/bot.html)"
62.171.162.127 - - [14/May/2023:04:49:52 +0200] "GET /-p-3681.html HTTP/1.0" 200 73322 "-" "Mozilla/5.0 (compatible; MJ12bot/v1.4.8; http://mj12bot.com/)"
106.53.102.224 - - [14/May/2023:04:50:11 +0200] "GET /images/mini_prod/3520071275741.jpg HTTP/1.0" 200 269 "-" "Mozilla/5.0 (X11; Ubuntu; Linux x86_64; rv:72.0) Gecko/20100101 Firefox/72.0"
62.171.162.127 - - [14/May/2023:04:50:13 +0200] "GET /luggages-schoolbags-leather-shop/bagshandbags-shoulder-bags/mister-men-messenger-bag-p-3682.html HTTP/1.0" 301 73388 "-" "Mozilla/5.0 (compatible; MJ12bot/v1.4.8; http://mj12bot.com/)"
62.171.162.127 - - [14/May/2023:04:50:51 +0200] "GET /-p-3682.html HTTP/1.0" 200 73322 "-" "Mozilla/5.0 (compatible; MJ12bot/v1.4.8; http://mj12bot.com/)"
147.92.153.8 - - [14/May/2023:04:51:17 +0200] "GET /images/big_prod/8435684221113.jpg HTTP/1.0" 200 268 "-" "Mozilla/5.0 (compatible; Linespider/1.1; +https://lin.ee/4dwXkTH)"
207.46.13.208 - - [14/May/2023:04:51:07 +0200] "GET /mugs-mazagrans-c-12_57.html?page=18 HTTP/1.0" 200 99342 "-" "Mozilla/5.0 AppleWebKit/537.36 (KHTML, like Gecko; compatible; bingbot/2.0; +http://www.bing.com/bingbot.htm) Chrome/103.0.5060.134 Safari/537.36"
185.191.171.35 - - [14/May/2023:04:51:22 +0200] "GET /wise-monkeys-gold-table-lamp-p-52530.html HTTP/1.0" 200 73438 "-" "Mozilla/5.0 (compatible; SemrushBot/7~bl; +http://www.semrush.com/bot.html)"
62.171.162.127 - - [14/May/2023:04:51:28 +0200] "GET /luggages-schoolbags-leather-shop/bagshandbags-shoulder-bags/monster-high-bag-p-18025.html HTTP/1.0" 301 73391 "-" "Mozilla/5.0 (compatible; MJ12bot/v1.4.8; http://mj12bot.com/)"
207.46.13.208 - - [14/May/2023:04:51:35 +0200] "GET /corduroy-charcoal-basket-p-59640.html HTTP/1.0" 200 76842 "-" "Mozilla/5.0 AppleWebKit/537.36 (KHTML, like Gecko; compatible; bingbot/2.0; +http://www.bing.com/bingbot.htm) Chrome/103.0.5060.134 Safari/537.36"
139.199.162.133 - - [14/May/2023:04:51:39 +0200] "GET /images/mini_prod/8435306215780.jpg HTTP/1.0" 200 269 "-" "Mozilla/5.0 (X11; Ubuntu; Linux x86_64; rv:72.0) Gecko/20100101 Firefox/72.0"
95.163.255.120 - - [14/May/2023:04:51:44 +0200] "GET /robots.txt HTTP/1.0" 200 245 "-" "Mozilla/5.0 (compatible; Linux x86_64; Mail.RU_Bot/Img/2.0; +https://help.mail.ru/webmaster/indexing/robots)"
95.163.255.198 - - [14/May/2023:04:51:46 +0200] "GET /images/med_prod/1308421361496.jpg HTTP/1.0" 200 268 "http://go.mail.ru/search_images" "Mozilla/5.0 (compatible; Linux x86_64; Mail.RU_Bot/Img/2.0; +https://help.mail.ru/webmaster/indexing/robots)"
185.191.171.7 - - [14/May/2023:04:51:46 +0200] "GET /blue-adult-cotton-apron-p-44330.html HTTP/1.0" 200 75925 "-" "Mozilla/5.0 (compatible; SemrushBot/7~bl; +http://www.semrush.com/bot.html)"
62.171.162.127 - - [14/May/2023:04:51:47 +0200] "GET /-p-18025.html HTTP/1.0" 200 73324 "-" "Mozilla/5.0 (compatible; MJ12bot/v1.4.8; http://mj12bot.com/)"
62.171.162.127 - - [14/May/2023:04:52:13 +0200] "GET /luggages-schoolbags-leather-shop/bagshandbags-shoulder-bags/monster-high-handbag-p-20671.html HTTP/1.0" 301 73391 "-" "Mozilla/5.0 (compatible; MJ12bot/v1.4.8; http://mj12bot.com/)"
121.30.179.67 - - [14/May/2023:04:52:18 +0200] "GET /images/mini_prod/1399984280089.jpg HTTP/1.0" 200 269 "-" "Mozilla/5.0 (X11; Ubuntu; Linux x86_64; rv:72.0) Gecko/20100101 Firefox/72.0"
62.171.162.127 - - [14/May/2023:04:52:26 +0200] "GET /-p-20671.html HTTP/1.0" 200 73324 "-" "Mozilla/5.0 (compatible; MJ12bot/v1.4.8; http://mj12bot.com/)"
106.53.102.224 - - [14/May/2023:04:52:49 +0200] "GET /images/mini_prod/8422140192445.jpg HTTP/1.0" 200 269 "-" "Mozilla/5.0 (X11; Ubuntu; Linux x86_64; rv:72.0) Gecko/20100101 Firefox/72.0"
62.171.162.127 - - [14/May/2023:04:52:50 +0200] "GET /luggages-schoolbags-leather-shop/bagshandbags-shoulder-bags/monster-high-shoulder-bag-p-18674.html HTTP/1.0" 301 73391 "-" "Mozilla/5.0 (compatible; MJ12bot/v1.4.8; http://mj12bot.com/)"
62.171.162.127 - - [14/May/2023:04:53:16 +0200] "GET /-p-18674.html HTTP/1.0" 200 73324 "-" "Mozilla/5.0 (compatible; MJ12bot/v1.4.8; http://mj12bot.com/)"
66.249.69.72 - - [14/May/2023:04:53:32 +0200] "GET /zippo-harley-davidson-lighter-belt-case-p-56219.html HTTP/1.0" 200 78114 "-" "Mozilla/5.0 (Linux; Android 6.0.1; Nexus 5X Build/MMB29P) AppleWebKit/537.36 (KHTML, like Gecko) Chrome/112.0.5615.142 Mobile Safari/537.36 (compatible; Googlebot/2.1; +http://www.google.com/bot.html)"
62.171.162.127 - - [14/May/2023:04:53:34 +0200] "GET /luggages-schoolbags-leather-shop/bagshandbags-shoulder-bags/monster-high-shoulder-bag-p-18675.html HTTP/1.0" 301 73391 "-" "Mozilla/5.0 (compatible; MJ12bot/v1.4.8; http://mj12bot.com/)"
216.244.66.242 - - [14/May/2023:04:53:39 +0200] "GET /socks-adults-c-53_137.html HTTP/1.0" 301 72180 "-" "Mozilla/5.0 (compatible; DotBot/1.2; +https://opensiteexplorer.org/dotbot; help@moz.com)"
42.194.192.163 - - [14/May/2023:04:53:52 +0200] "GET /images/mini_prod/1399984241268.jpg HTTP/1.0" 200 269 "-" "Mozilla/5.0 (X11; Ubuntu; Linux x86_64; rv:72.0) Gecko/20100101 Firefox/72.0"
62.171.162.127 - - [14/May/2023:04:53:57 +0200] "GET /-p-18675.html HTTP/1.0" 200 73324 "-" "Mozilla/5.0 (compatible; MJ12bot/v1.4.8; http://mj12bot.com/)"
62.171.162.127 - - [14/May/2023:04:54:08 +0200] "GET /luggages-schoolbags-leather-shop/bagshandbags-shoulder-bags/monster-high-sport-bag-p-20397.html HTTP/1.0" 301 73391 "-" "Mozilla/5.0 (compatible; MJ12bot/v1.4.8; http://mj12bot.com/)"
66.249.69.72 - - [14/May/2023:04:54:23 +0200] "GET /sorcerer-mickey-figure-collection-romero-britto-p-57486.html HTTP/1.0" 200 77616 "-" "Mozilla/5.0 (Linux; Android 6.0.1; Nexus 5X Build/MMB29P) AppleWebKit/537.36 (KHTML, like Gecko) Chrome/112.0.5615.142 Mobile Safari/537.36 (compatible; Googlebot/2.1; +http://www.google.com/bot.html)"
62.171.162.127 - - [14/May/2023:04:54:33 +0200] "GET /-p-20397.html HTTP/1.0" 200 73324 "-" "Mozilla/5.0 (compatible; MJ12bot/v1.4.8; http://mj12bot.com/)"
47.12.107.196 - - [14/May/2023:04:54:45 +0200] "GET /images/mini_prod/DSCN7550.jpg HTTP/1.0" 200 264 "-" "Mozilla/5.0 (X11; Ubuntu; Linux x86_64; rv:72.0) Gecko/20100101 Firefox/72.0"
62.171.162.127 - - [14/May/2023:04:54:56 +0200] "GET /luggages-schoolbags-leather-shop/bagshandbags-shoulder-bags/monster-high-strap-bag-p-18673.html HTTP/1.0" 301 73391 "-" "Mozilla/5.0 (compatible; MJ12bot/v1.4.8; http://mj12bot.com/)"
185.191.171.13 - - [14/May/2023:04:54:59 +0200] "GET /cotton-floor-cushion-maison-p-60422.html HTTP/1.0" 200 77170 "-" "Mozilla/5.0 (compatible; SemrushBot/7~bl; +http://www.semrush.com/bot.html)"
185.191.171.34 - - [14/May/2023:04:55:06 +0200] "GET /small-oval-placemat-p-17138.html HTTP/1.0" 200 76310 "-" "Mozilla/5.0 (compatible; SemrushBot/7~bl; +http://www.semrush.com/bot.html)"
62.171.162.127 - - [14/May/2023:04:55:16 +0200] "GET /-p-18673.html HTTP/1.0" 200 73324 "-" "Mozilla/5.0 (compatible; MJ12bot/v1.4.8; http://mj12bot.com/)"
185.191.171.13 - - [14/May/2023:04:55:22 +0200] "GET /decorative-word-wood-apro-p-60410.html HTTP/1.0" 200 76738 "-" "Mozilla/5.0 (compatible; SemrushBot/7~bl; +http://www.semrush.com/bot.html)"
62.171.162.127 - - [14/May/2023:04:55:39 +0200] "GET /luggages-schoolbags-leather-shop/bagshandbags-shoulder-bags/monster-high-vertical-bag-p-18027.html HTTP/1.0" 301 73391 "-" "Mozilla/5.0 (compatible; MJ12bot/v1.4.8; http://mj12bot.com/)"
121.30.179.77 - - [14/May/2023:04:55:55 +0200] "GET /images/mini_prod/5018997518878.jpg HTTP/1.0" 200 269 "-" "Mozilla/5.0 (X11; Ubuntu; Linux x86_64; rv:72.0) Gecko/20100101 Firefox/72.0"
185.191.171.6 - - [14/May/2023:04:55:58 +0200] "GET /-p-48546.html HTTP/1.0" 200 73324 "-" "Mozilla/5.0 (compatible; SemrushBot/7~bl; +http://www.semrush.com/bot.html)"
62.171.162.127 - - [14/May/2023:04:56:03 +0200] "GET /-p-18027.html HTTP/1.0" 200 73324 "-" "Mozilla/5.0 (compatible; MJ12bot/v1.4.8; http://mj12bot.com/)"
66.249.69.70 - - [14/May/2023:04:56:06 +0200] "GET /zippo-bracelet-black-leather-stainless-steel-p-49082.html HTTP/1.0" 200 77146 "-" "Mozilla/5.0 (compatible; Googlebot/2.1; +http://www.google.com/bot.html)"
66.249.69.72 - - [14/May/2023:04:56:15 +0200] "GET /water-hyacinth-hanging-flowerpot-p-57566.html HTTP/1.0" 200 76705 "-" "Mozilla/5.0 (compatible; Googlebot/2.1; +http://www.google.com/bot.html)"
62.171.162.127 - - [14/May/2023:04:56:26 +0200] "GET /luna-small-p-44806.html HTTP/1.0" 200 76590 "-" "Mozilla/5.0 (compatible; MJ12bot/v1.4.8; http://mj12bot.com/)"
121.30.179.117 - - [14/May/2023:04:56:34 +0200] "GET /images/mini_prod/4036113830377.jpg HTTP/1.0" 200 269 "-" "Mozilla/5.0 (X11; Ubuntu; Linux x86_64; rv:72.0) Gecko/20100101 Firefox/72.0"
185.191.171.41 - - [14/May/2023:04:56:48 +0200] "GET /boutis-bedspread-pillowcases-julianne-blue-p-60419.html HTTP/1.0" 200 77094 "-" "Mozilla/5.0 (compatible; SemrushBot/7~bl; +http://www.semrush.com/bot.html)"
66.249.69.70 - - [14/May/2023:04:56:52 +0200] "GET /images/3438100347584.jpg HTTP/1.0" 200 259 "-" "Googlebot-Image/1.0"
62.171.162.127 - - [14/May/2023:04:56:52 +0200] "GET /marley-computer-model-p-24150.html HTTP/1.0" 200 76249 "-" "Mozilla/5.0 (compatible; MJ12bot/v1.4.8; http://mj12bot.com/)"
185.191.171.34 - - [14/May/2023:04:57:00 +0200] "GET /superman-p-49623.html HTTP/1.0" 200 73354 "-" "Mozilla/5.0 (compatible; SemrushBot/7~bl; +http://www.semrush.com/bot.html)"
62.171.162.127 - - [14/May/2023:04:57:13 +0200] "GET /marley-pencil-p-5062.html HTTP/1.0" 200 75902 "-" "Mozilla/5.0 (compatible; MJ12bot/v1.4.8; http://mj12bot.com/)"
62.171.162.127 - - [14/May/2023:04:57:30 +0200] "GET /melt-lemon-amalfi-p-47628.html HTTP/1.0" 200 73427 "-" "Mozilla/5.0 (compatible; MJ12bot/v1.4.8; http://mj12bot.com/)"
62.171.162.127 - - [14/May/2023:04:57:40 +0200] "GET /melt-warmer-moroccan-lattice-p-48096.html HTTP/1.0" 200 73438 "-" "Mozilla/5.0 (compatible; MJ12bot/v1.4.8; http://mj12bot.com/)"
81.71.99.67 - - [14/May/2023:04:57:47 +0200] "GET /images/mini_prod/1384010189269.jpg HTTP/1.0" 200 269 "-" "Mozilla/5.0 (X11; Ubuntu; Linux x86_64; rv:72.0) Gecko/20100101 Firefox/72.0"
62.171.162.127 - - [14/May/2023:04:58:02 +0200] "GET /mickey-mouse-backpack-p-3536.html HTTP/1.0" 200 73396 "-" "Mozilla/5.0 (compatible; MJ12bot/v1.4.8; http://mj12bot.com/)"
121.30.179.57 - - [14/May/2023:04:58:12 +0200] "GET /images/mini_prod/34DSCN8152.jpg HTTP/1.0" 200 266 "-" "Mozilla/5.0 (X11; Ubuntu; Linux x86_64; rv:72.0) Gecko/20100101 Firefox/72.0"
62.171.162.127 - - [14/May/2023:04:58:16 +0200] "GET /mini-erasers-random-patterns-p-33549.html HTTP/1.0" 200 76161 "-" "Mozilla/5.0 (compatible; MJ12bot/v1.4.8; http://mj12bot.com/)"
62.171.162.127 - - [14/May/2023:04:58:25 +0200] "GET /model-coloured-pencil-p-13116.html HTTP/1.0" 200 73444 "-" "Mozilla/5.0 (compatible; MJ12bot/v1.4.8; http://mj12bot.com/)"
185.191.171.23 - - [14/May/2023:04:58:31 +0200] "GET /-p-23473.html HTTP/1.0" 200 73324 "-" "Mozilla/5.0 (compatible; SemrushBot/7~bl; +http://www.semrush.com/bot.html)"
62.171.162.127 - - [14/May/2023:04:58:37 +0200] "GET /model-flat-pocket-cosmetics-customize-p-29913.html HTTP/1.0" 200 73470 "-" "Mozilla/5.0 (compatible; MJ12bot/v1.4.8; http://mj12bot.com/)"
62.171.162.127 - - [14/May/2023:04:58:47 +0200] "GET /olivier-soap-soap-p-40112.html HTTP/1.0" 200 76271 "-" "Mozilla/5.0 (compatible; MJ12bot/v1.4.8; http://mj12bot.com/)"
66.249.69.74 - - [14/May/2023:04:58:56 +0200] "GET /beyblade-mattress-swimming-pool-p-14358.html HTTP/1.0" 200 76140 "-" "Mozilla/5.0 (compatible; Googlebot/2.1; +http://www.google.com/bot.html)"
62.171.162.127 - - [14/May/2023:04:59:02 +0200] "GET /phone-cover-for-iphone-cbkreation-p-13958.html HTTP/1.0" 301 73391 "-" "Mozilla/5.0 (compatible; MJ12bot/v1.4.8; http://mj12bot.com/)"
66.249.69.72 - - [14/May/2023:04:59:02 +0200] "GET /beyblade-mattress-swimming-pool-p-14358.html HTTP/1.0" 200 76140 "-" "Mozilla/5.0 (compatible; Googlebot/2.1; +http://www.google.com/bot.html)"
66.249.69.70 - - [14/May/2023:04:59:05 +0200] "GET /highslide/highslide.js HTTP/1.0" 200 262 "http://www.wonder-geek.com/beyblade-mattress-swimming-pool-p-14358.html" "Mozilla/5.0 (compatible; Googlebot/2.1; +http://www.google.com/bot.html)"
66.249.69.70 - - [14/May/2023:04:59:06 +0200] "GET /js/jquery.jqzoom.js HTTP/1.0" 200 259 "http://www.wonder-geek.com/beyblade-mattress-swimming-pool-p-14358.html" "Mozilla/5.0 (compatible; Googlebot/2.1; +http://www.google.com/bot.html)"
66.249.69.70 - - [14/May/2023:04:59:09 +0200] "GET /js/jquery.js HTTP/1.0" 200 252 "http://www.wonder-geek.com/beyblade-mattress-swimming-pool-p-14358.html" "Mozilla/5.0 (compatible; Googlebot/2.1; +http://www.google.com/bot.html)"
66.249.69.70 - - [14/May/2023:04:59:12 +0200] "GET /mondial_relay/js/jquery-1.3.2.min.js HTTP/1.0" 200 276 "http://www.wonder-geek.com/beyblade-mattress-swimming-pool-p-14358.html" "Mozilla/5.0 (compatible; Googlebot/2.1; +http://www.google.com/bot.html)"
66.249.69.70 - - [14/May/2023:04:59:15 +0200] "GET /swfobject.js HTTP/1.0" 404 1308 "http://www.wonder-geek.com/beyblade-mattress-swimming-pool-p-14358.html" "Mozilla/5.0 (compatible; Googlebot/2.1; +http://www.google.com/bot.html)"
62.171.162.127 - - [14/May/2023:04:59:17 +0200] "GET /-p-13958.html HTTP/1.0" 200 73324 "-" "Mozilla/5.0 (compatible; MJ12bot/v1.4.8; http://mj12bot.com/)"
66.249.69.70 - - [14/May/2023:04:59:19 +0200] "GET /table-bell-apro-p-58021.html HTTP/1.0" 200 76617 "-" "Mozilla/5.0 (Linux; Android 6.0.1; Nexus 5X Build/MMB29P) AppleWebKit/537.36 (KHTML, like Gecko) Chrome/112.0.5615.142 Mobile Safari/537.36 (compatible; Googlebot/2.1; +http://www.google.com/bot.html)"
62.171.162.127 - - [14/May/2023:04:59:29 +0200] "GET /phone-cover-for-iphone-cbkreation-p-14050.html HTTP/1.0" 301 73391 "-" "Mozilla/5.0 (compatible; MJ12bot/v1.4.8; http://mj12bot.com/)"
62.171.162.127 - - [14/May/2023:04:59:38 +0200] "GET /-p-14050.html HTTP/1.0" 200 73324 "-" "Mozilla/5.0 (compatible; MJ12bot/v1.4.8; http://mj12bot.com/)"
185.191.171.43 - - [14/May/2023:04:59:40 +0200] "GET /gorjuss-purrrrrfect-love-round-keyring-p-25953.html HTTP/1.0" 200 73505 "-" "Mozilla/5.0 (compatible; SemrushBot/7~bl; +http://www.semrush.com/bot.html)"
62.171.162.127 - - [14/May/2023:04:59:51 +0200] "GET /phone-cover-for-iphone-cbkreation-p-14051.html HTTP/1.0" 301 73391 "-" "Mozilla/5.0 (compatible; MJ12bot/v1.4.8; http://mj12bot.com/)"
62.171.162.127 - - [14/May/2023:05:00:05 +0200] "GET /-p-14051.html HTTP/1.0" 200 73324 "-" "Mozilla/5.0 (compatible; MJ12bot/v1.4.8; http://mj12bot.com/)"
185.191.171.7 - - [14/May/2023:05:00:08 +0200] "GET /-p-16732.html HTTP/1.0" 200 73324 "-" "Mozilla/5.0 (compatible; SemrushBot/7~bl; +http://www.semrush.com/bot.html)"
62.171.162.127 - - [14/May/2023:05:00:26 +0200] "GET /phone-cover-for-iphone-cbkreation-p-14148.html HTTP/1.0" 301 73391 "-" "Mozilla/5.0 (compatible; MJ12bot/v1.4.8; http://mj12bot.com/)"
66.249.69.72 - - [14/May/2023:05:00:30 +0200] "GET /bamboo-table-lamp-p-53922.html HTTP/1.0" 200 76962 "-" "Mozilla/5.0 (Linux; Android 6.0.1; Nexus 5X Build/MMB29P) AppleWebKit/537.36 (KHTML, like Gecko) Chrome/112.0.5615.142 Mobile Safari/537.36 (compatible; Googlebot/2.1; +http://www.google.com/bot.html)"
216.244.66.242 - - [14/May/2023:05:00:13 +0200] "GET /jewelry-boxes-and-holders-c-13_150_131.html HTTP/1.0" 301 90419 "-" "Mozilla/5.0 (compatible; DotBot/1.2; +https://opensiteexplorer.org/dotbot; help@moz.com)"
95.163.255.120 - - [14/May/2023:05:00:37 +0200] "GET /robots.txt HTTP/1.0" 301 531 "-" "Mozilla/5.0 (compatible; Linux x86_64; Mail.RU_Bot/Img/2.0; +https://help.mail.ru/webmaster/indexing/robots)"
195.188.181.2 - - [14/May/2023:05:00:37 +0200] "GET /images/mini_prod/8719075391150.jpg HTTP/1.0" 200 269 "-" "Mozilla/5.0 (X11; Ubuntu; Linux x86_64; rv:72.0) Gecko/20100101 Firefox/72.0"
62.171.162.127 - - [14/May/2023:05:00:37 +0200] "GET /-p-14148.html HTTP/1.0" 200 73324 "-" "Mozilla/5.0 (compatible; MJ12bot/v1.4.8; http://mj12bot.com/)"
95.163.255.198 - - [14/May/2023:05:00:40 +0200] "GET /images/5010994602864.jpg HTTP/1.0" 301 559 "http://go.mail.ru/search_images" "Mozilla/5.0 (compatible; Linux x86_64; Mail.RU_Bot/Img/2.0; +https://help.mail.ru/webmaster/indexing/robots)"
95.163.255.130 - - [14/May/2023:05:00:44 +0200] "GET /images/5010994602864.jpg HTTP/1.0" 200 259 "http://wonder-geek.com/images/5010994602864.jpg" "Mozilla/5.0 (compatible; Linux x86_64; Mail.RU_Bot/Img/2.0; +https://help.mail.ru/webmaster/indexing/robots)"
62.171.162.127 - - [14/May/2023:05:00:50 +0200] "GET /phone-cover-for-iphone-cbkreation-p-14149.html HTTP/1.0" 301 73391 "-" "Mozilla/5.0 (compatible; MJ12bot/v1.4.8; http://mj12bot.com/)"
62.171.162.127 - - [14/May/2023:05:01:04 +0200] "GET /-p-14149.html HTTP/1.0" 200 73324 "-" "Mozilla/5.0 (compatible; MJ12bot/v1.4.8; http://mj12bot.com/)"
62.171.162.127 - - [14/May/2023:05:01:18 +0200] "GET /phone-cover-for-iphone-p-13918.html HTTP/1.0" 301 73391 "-" "Mozilla/5.0 (compatible; MJ12bot/v1.4.8; http://mj12bot.com/)"
62.171.162.127 - - [14/May/2023:05:01:27 +0200] "GET /-p-13918.html HTTP/1.0" 200 73324 "-" "Mozilla/5.0 (compatible; MJ12bot/v1.4.8; http://mj12bot.com/)"
42.194.226.88 - - [14/May/2023:05:01:34 +0200] "GET /images/mini_prod/1384010203705NN.jpg HTTP/1.0" 200 271 "-" "Mozilla/5.0 (X11; Ubuntu; Linux x86_64; rv:72.0) Gecko/20100101 Firefox/72.0"
121.30.179.147 - - [14/May/2023:05:01:39 +0200] "GET /images/mini_prod/8003990595480.jpg HTTP/1.0" 200 269 "-" "Mozilla/5.0 (X11; Ubuntu; Linux x86_64; rv:72.0) Gecko/20100101 Firefox/72.0"
62.171.162.127 - - [14/May/2023:05:01:37 +0200] "GET /phone-cover-for-iphone-p-13919.html HTTP/1.0" 301 73391 "-" "Mozilla/5.0 (compatible; MJ12bot/v1.4.8; http://mj12bot.com/)"
62.171.162.127 - - [14/May/2023:05:01:46 +0200] "GET /-p-13919.html HTTP/1.0" 200 73324 "-" "Mozilla/5.0 (compatible; MJ12bot/v1.4.8; http://mj12bot.com/)"
62.171.162.127 - - [14/May/2023:05:01:56 +0200] "GET /phone-cover-for-iphone-p-14149.html HTTP/1.0" 301 73391 "-" "Mozilla/5.0 (compatible; MJ12bot/v1.4.8; http://mj12bot.com/)"
185.191.171.44 - - [14/May/2023:05:02:03 +0200] "GET /figurine-painted-ponies-dreamcatcher-barbara-eden-p-17866.html HTTP/1.0" 200 73510 "-" "Mozilla/5.0 (compatible; SemrushBot/7~bl; +http://www.semrush.com/bot.html)"
62.171.162.127 - - [14/May/2023:05:02:06 +0200] "GET /-p-14149.html HTTP/1.0" 200 73324 "-" "Mozilla/5.0 (compatible; MJ12bot/v1.4.8; http://mj12bot.com/)"
62.171.162.127 - - [14/May/2023:05:02:18 +0200] "GET /phone-cover-iphone-cbkreation-p-13958.html HTTP/1.0" 301 73391 "-" "Mozilla/5.0 (compatible; MJ12bot/v1.4.8; http://mj12bot.com/)"
62.171.162.127 - - [14/May/2023:05:02:30 +0200] "GET /-p-13958.html HTTP/1.0" 200 73324 "-" "Mozilla/5.0 (compatible; MJ12bot/v1.4.8; http://mj12bot.com/)"
62.171.162.127 - - [14/May/2023:05:02:46 +0200] "GET /phone-cover-iphone-cbkreation-p-14050.html HTTP/1.0" 301 73391 "-" "Mozilla/5.0 (compatible; MJ12bot/v1.4.8; http://mj12bot.com/)"
185.191.171.11 - - [14/May/2023:05:02:56 +0200] "GET /christmas-carousel-large-p-38189.html HTTP/1.0" 200 73441 "-" "Mozilla/5.0 (compatible; SemrushBot/7~bl; +http://www.semrush.com/bot.html)"
62.171.162.127 - - [14/May/2023:05:02:57 +0200] "GET /-p-14050.html HTTP/1.0" 200 73324 "-" "Mozilla/5.0 (compatible; MJ12bot/v1.4.8; http://mj12bot.com/)"
66.249.69.74 - - [14/May/2023:05:02:44 +0200] "GET /dishes-c-12.html?page=106 HTTP/1.0" 200 94647 "-" "Mozilla/5.0 (Linux; Android 6.0.1; Nexus 5X Build/MMB29P) AppleWebKit/537.36 (KHTML, like Gecko) Chrome/112.0.5615.142 Mobile Safari/537.36 (compatible; Googlebot/2.1; +http://www.google.com/bot.html)"
66.249.69.72 - - [14/May/2023:05:03:02 +0200] "GET /with-infuser-toucan-p-47850.html HTTP/1.0" 200 76621 "-" "Mozilla/5.0 (compatible; Googlebot/2.1; +http://www.google.com/bot.html)"
62.171.162.127 - - [14/May/2023:05:03:14 +0200] "GET /phone-cover-iphone-cbkreation-p-14051.html HTTP/1.0" 301 73391 "-" "Mozilla/5.0 (compatible; MJ12bot/v1.4.8; http://mj12bot.com/)"
62.171.162.127 - - [14/May/2023:05:03:27 +0200] "GET /-p-14051.html HTTP/1.0" 200 73324 "-" "Mozilla/5.0 (compatible; MJ12bot/v1.4.8; http://mj12bot.com/)"
185.191.171.43 - - [14/May/2023:05:03:27 +0200] "GET /-p-27124.html HTTP/1.0" 200 73324 "-" "Mozilla/5.0 (compatible; SemrushBot/7~bl; +http://www.semrush.com/bot.html)"
62.171.162.127 - - [14/May/2023:05:03:40 +0200] "GET /phone-cover-iphone-cbkreation-p-14148.html HTTP/1.0" 301 73391 "-" "Mozilla/5.0 (compatible; MJ12bot/v1.4.8; http://mj12bot.com/)"
185.191.171.41 - - [14/May/2023:05:03:47 +0200] "GET /dragon-ball-swimsuit-p-30477.html HTTP/1.0" 200 77120 "-" "Mozilla/5.0 (compatible; SemrushBot/7~bl; +http://www.semrush.com/bot.html)"
62.171.162.127 - - [14/May/2023:05:03:54 +0200] "GET /-p-14148.html HTTP/1.0" 200 73324 "-" "Mozilla/5.0 (compatible; MJ12bot/v1.4.8; http://mj12bot.com/)"
62.171.162.127 - - [14/May/2023:05:04:06 +0200] "GET /phone-cover-iphone-cbkreation-p-14149.html HTTP/1.0" 301 73391 "-" "Mozilla/5.0 (compatible; MJ12bot/v1.4.8; http://mj12bot.com/)"
121.30.179.77 - - [14/May/2023:05:04:12 +0200] "GET /images/mini_prod/1399986106837.jpg HTTP/1.0" 200 269 "-" "Mozilla/5.0 (X11; Ubuntu; Linux x86_64; rv:72.0) Gecko/20100101 Firefox/72.0"
95.108.213.228 - - [14/May/2023:05:04:12 +0200] "GET /-p-13795.html HTTP/1.0" 200 73324 "-" "Mozilla/5.0 (compatible; YandexBot/3.0; +http://yandex.com/bots)"
62.171.162.127 - - [14/May/2023:05:04:21 +0200] "GET /-p-14149.html HTTP/1.0" 200 73324 "-" "Mozilla/5.0 (compatible; MJ12bot/v1.4.8; http://mj12bot.com/)"
17.241.219.132 - - [14/May/2023:05:04:32 +0200] "GET /images/mini_prod/1384010202753.jpg HTTP/1.0" 200 269 "-" "Mozilla/5.0 (Macintosh; Intel Mac OS X 10_15_5) AppleWebKit/605.1.15 (KHTML, like Gecko) Version/13.1.1 Safari/605.1.15 (Applebot/0.1; +http://www.apple.com/go/applebot)"
62.171.162.127 - - [14/May/2023:05:04:31 +0200] "GET /phone-cover-iphone-p-13918.html HTTP/1.0" 301 73391 "-" "Mozilla/5.0 (compatible; MJ12bot/v1.4.8; http://mj12bot.com/)"
195.188.181.2 - - [14/May/2023:05:04:46 +0200] "GET /images/mini_prod/8422142192450.jpg HTTP/1.0" 200 269 "-" "Mozilla/5.0 (X11; Ubuntu; Linux x86_64; rv:72.0) Gecko/20100101 Firefox/72.0"
62.171.162.127 - - [14/May/2023:05:04:45 +0200] "GET /-p-13918.html HTTP/1.0" 200 73324 "-" "Mozilla/5.0 (compatible; MJ12bot/v1.4.8; http://mj12bot.com/)"
50.46.238.169 - - [14/May/2023:05:04:54 +0200] "GET /images/mini_prod/1399986106974.jpg HTTP/1.0" 200 269 "-" "Mozilla/5.0 (X11; Ubuntu; Linux x86_64; rv:72.0) Gecko/20100101 Firefox/72.0"
62.171.162.127 - - [14/May/2023:05:05:00 +0200] "GET /phone-cover-iphone-p-13919.html HTTP/1.0" 301 73391 "-" "Mozilla/5.0 (compatible; MJ12bot/v1.4.8; http://mj12bot.com/)"
66.249.69.74 - - [14/May/2023:05:05:04 +0200] "GET /marseille-glass-cutting-board-cbkreation-p-53157.html HTTP/1.0" 200 76105 "-" "Mozilla/5.0 (compatible; Googlebot/2.1; +http://www.google.com/bot.html)"
62.171.162.127 - - [14/May/2023:05:05:14 +0200] "GET /-p-13919.html HTTP/1.0" 200 73324 "-" "Mozilla/5.0 (compatible; MJ12bot/v1.4.8; http://mj12bot.com/)"
129.82.147.216 - - [14/May/2023:05:05:18 +0200] "GET /images/mini_prod/3453131122429.jpg HTTP/1.0" 200 269 "-" "Mozilla/5.0 (X11; Ubuntu; Linux x86_64; rv:72.0) Gecko/20100101 Firefox/72.0"
66.249.69.72 - - [14/May/2023:05:05:23 +0200] "GET /paris-pill-p-52009.html HTTP/1.0" 200 76606 "-" "Mozilla/5.0 (Linux; Android 6.0.1; Nexus 5X Build/MMB29P) AppleWebKit/537.36 (KHTML, like Gecko) Chrome/112.0.5615.142 Mobile Safari/537.36 (compatible; Googlebot/2.1; +http://www.google.com/bot.html)"
62.171.162.127 - - [14/May/2023:05:05:29 +0200] "GET /pink-adult-cotton-apron-p-44329.html HTTP/1.0" 200 76525 "-" "Mozilla/5.0 (compatible; MJ12bot/v1.4.8; http://mj12bot.com/)"
51.68.224.127 - - [14/May/2023:05:05:42 +0200] "GET /adminweb/export_orders_xml.php?token=256de2z6edz6ed2z6DFSFsed2zed6zeDSFDSGdzedezfzf&maxorders=10&orderstart=1&status=14&start_date=2018-10-01 HTTP/1.0" 200 285 "-" "GesCom CharlotteBoutik Serveur"
5.255.253.81 - - [14/May/2023:05:05:41 +0200] "GET /littlest-petshop-backpack-p-20697.html HTTP/1.0" 301 73391 "-" "Mozilla/5.0 (compatible; YandexBot/3.0; +http://yandex.com/bots)"
95.108.213.145 - - [14/May/2023:05:05:43 +0200] "GET /-p-20697.html HTTP/1.0" 200 73324 "-" "Mozilla/5.0 (compatible; YandexBot/3.0; +http://yandex.com/bots)"
62.171.162.127 - - [14/May/2023:05:05:43 +0200] "GET /pink-cover-ipad-cupcakes-by-cbkreation-p-17347.html HTTP/1.0" 301 73391 "-" "Mozilla/5.0 (compatible; MJ12bot/v1.4.8; http://mj12bot.com/)"
51.68.224.127 - - [14/May/2023:05:05:42 +0200] "GET /adminweb/export_orders_xml.php?token=256de2z6edz6ed2z6DFSFsed2zed6zeDSFDSGdzedezfzf&maxorders=10&orderstart=1&status=6&start_date=2018-10-01 HTTP/1.0" 200 33887 "-" "GesCom CharlotteBoutik Serveur"
62.171.162.127 - - [14/May/2023:05:05:55 +0200] "GET /-p-17347.html HTTP/1.0" 200 73324 "-" "Mozilla/5.0 (compatible; MJ12bot/v1.4.8; http://mj12bot.com/)"
62.171.162.127 - - [14/May/2023:05:06:08 +0200] "GET /pink-cover-ipad-cupcakes-by-cbkreation-p-17363.html HTTP/1.0" 301 73391 "-" "Mozilla/5.0 (compatible; MJ12bot/v1.4.8; http://mj12bot.com/)"
62.171.162.127 - - [14/May/2023:05:06:20 +0200] "GET /-p-17363.html HTTP/1.0" 200 73324 "-" "Mozilla/5.0 (compatible; MJ12bot/v1.4.8; http://mj12bot.com/)"
17.241.219.148 - - [14/May/2023:05:06:29 +0200] "GET /images/mini_prod/1384010202791.jpg HTTP/1.0" 200 269 "-" "Mozilla/5.0 (Macintosh; Intel Mac OS X 10_15_5) AppleWebKit/605.1.15 (KHTML, like Gecko) Version/13.1.1 Safari/605.1.15 (Applebot/0.1; +http://www.apple.com/go/applebot)"
62.171.162.127 - - [14/May/2023:05:06:34 +0200] "GET /pink-cover-ipad-cupcakes-cbkreation-p-17347.html HTTP/1.0" 301 73391 "-" "Mozilla/5.0 (compatible; MJ12bot/v1.4.8; http://mj12bot.com/)"
62.171.162.127 - - [14/May/2023:05:06:40 +0200] "GET /-p-17347.html HTTP/1.0" 200 73324 "-" "Mozilla/5.0 (compatible; MJ12bot/v1.4.8; http://mj12bot.com/)"
185.191.171.33 - - [14/May/2023:05:06:53 +0200] "GET /-p-14969.html HTTP/1.0" 200 73324 "-" "Mozilla/5.0 (compatible; SemrushBot/7~bl; +http://www.semrush.com/bot.html)"
62.171.162.127 - - [14/May/2023:05:06:53 +0200] "GET /pink-cover-ipad-cupcakes-cbkreation-p-17363.html HTTP/1.0" 301 73391 "-" "Mozilla/5.0 (compatible; MJ12bot/v1.4.8; http://mj12bot.com/)"
62.171.162.127 - - [14/May/2023:05:07:04 +0200] "GET /-p-17363.html HTTP/1.0" 200 73324 "-" "Mozilla/5.0 (compatible; MJ12bot/v1.4.8; http://mj12bot.com/)"
216.244.66.242 - - [14/May/2023:05:07:04 +0200] "GET /ceramic-lamp-p-55788.html HTTP/1.0" 200 73374 "-" "Mozilla/5.0 (compatible; DotBot/1.2; +https://opensiteexplorer.org/dotbot; help@moz.com)"
185.191.171.3 - - [14/May/2023:05:07:17 +0200] "GET /line-phone-cover-iphone-p-14763.html HTTP/1.0" 200 76779 "-" "Mozilla/5.0 (compatible; SemrushBot/7~bl; +http://www.semrush.com/bot.html)"
62.171.162.127 - - [14/May/2023:05:07:19 +0200] "GET /pink-lamp-spirit-70-usb-charger-p-40380.html HTTP/1.0" 301 76261 "-" "Mozilla/5.0 (compatible; MJ12bot/v1.4.8; http://mj12bot.com/)"
62.171.162.127 - - [14/May/2023:05:07:26 +0200] "GET /pink-lamp-spirit-charger-p-40380.html HTTP/1.0" 200 76170 "-" "Mozilla/5.0 (compatible; MJ12bot/v1.4.8; http://mj12bot.com/)"
62.171.162.127 - - [14/May/2023:05:07:40 +0200] "GET /pink-lamp-spirit-charger-p-40380.html HTTP/1.0" 200 76170 "-" "Mozilla/5.0 (compatible; MJ12bot/v1.4.8; http://mj12bot.com/)"
62.171.162.127 - - [14/May/2023:05:07:52 +0200] "GET /plush-keel-toys-koala-p-50304.html HTTP/1.0" 200 73402 "-" "Mozilla/5.0 (compatible; MJ12bot/v1.4.8; http://mj12bot.com/)"
216.244.66.242 - - [14/May/2023:05:08:00 +0200] "GET /nightlight-shaped-bird-led-p-44649.html HTTP/1.0" 301 73503 "-" "Mozilla/5.0 (compatible; DotBot/1.2; +https://opensiteexplorer.org/dotbot; help@moz.com)"
185.191.171.45 - - [14/May/2023:05:08:05 +0200] "GET /-p-45621.html HTTP/1.0" 200 73324 "-" "Mozilla/5.0 (compatible; SemrushBot/7~bl; +http://www.semrush.com/bot.html)"
62.171.162.127 - - [14/May/2023:05:08:08 +0200] "GET /plush-keel-toys-p-50295.html HTTP/1.0" 200 73382 "-" "Mozilla/5.0 (compatible; MJ12bot/v1.4.8; http://mj12bot.com/)"
216.244.66.242 - - [14/May/2023:05:08:12 +0200] "GET /teo-jasmin-kawai-blue-scarf-p-35978.html HTTP/1.0" 301 76078 "-" "Mozilla/5.0 (compatible; DotBot/1.2; +https://opensiteexplorer.org/dotbot; help@moz.com)"
62.171.162.127 - - [14/May/2023:05:08:21 +0200] "GET /plush-pig-keel-toys-p-50295.html HTTP/1.0" 301 73464 "-" "Mozilla/5.0 (compatible; MJ12bot/v1.4.8; http://mj12bot.com/)"
62.171.162.127 - - [14/May/2023:05:08:29 +0200] "GET /plush-keel-toys-p-50295.html HTTP/1.0" 200 73382 "-" "Mozilla/5.0 (compatible; MJ12bot/v1.4.8; http://mj12bot.com/)"
216.244.66.242 - - [14/May/2023:05:08:30 +0200] "GET /gorjuss-coaster-you-brought-me-love-p-46923.html HTTP/1.0" 301 73495 "-" "Mozilla/5.0 (compatible; DotBot/1.2; +https://opensiteexplorer.org/dotbot; help@moz.com)"
62.171.162.127 - - [14/May/2023:05:08:40 +0200] "GET /plush-puppy-alsatian-keel-toys-p-50297.html HTTP/1.0" 200 73434 "-" "Mozilla/5.0 (compatible; MJ12bot/v1.4.8; http://mj12bot.com/)"
216.244.66.242 - - [14/May/2023:05:08:40 +0200] "GET /new-york-yankees-retro-black-shoulder-bag-p-22238.html HTTP/1.0" 301 76460 "-" "Mozilla/5.0 (compatible; DotBot/1.2; +https://opensiteexplorer.org/dotbot; help@moz.com)"
121.30.179.107 - - [14/May/2023:05:08:50 +0200] "GET /images/mini_prod/3612875113609.jpg HTTP/1.0" 200 269 "-" "Mozilla/5.0 (X11; Ubuntu; Linux x86_64; rv:72.0) Gecko/20100101 Firefox/72.0"
62.171.162.127 - - [14/May/2023:05:08:51 +0200] "GET /poison-pumpkin-evil-queen-figurine-p-49396.html HTTP/1.0" 200 77358 "-" "Mozilla/5.0 (compatible; MJ12bot/v1.4.8; http://mj12bot.com/)"
62.171.162.127 - - [14/May/2023:05:09:05 +0200] "GET /poster-pastis-olive-50-70-cm-p-44865.html HTTP/1.0" 301 73391 "-" "Mozilla/5.0 (compatible; MJ12bot/v1.4.8; http://mj12bot.com/)"
185.191.171.9 - - [14/May/2023:05:09:11 +0200] "GET /-p-22560.html HTTP/1.0" 200 73324 "-" "Mozilla/5.0 (compatible; SemrushBot/7~bl; +http://www.semrush.com/bot.html)"
62.171.162.127 - - [14/May/2023:05:09:15 +0200] "GET /-p-44865.html HTTP/1.0" 200 73324 "-" "Mozilla/5.0 (compatible; MJ12bot/v1.4.8; http://mj12bot.com/)"
62.171.162.127 - - [14/May/2023:05:09:25 +0200] "GET /poster-pastis-olive-p-44865.html HTTP/1.0" 301 73391 "-" "Mozilla/5.0 (compatible; MJ12bot/v1.4.8; http://mj12bot.com/)"
62.171.162.127 - - [14/May/2023:05:09:34 +0200] "GET /-p-44865.html HTTP/1.0" 200 73324 "-" "Mozilla/5.0 (compatible; MJ12bot/v1.4.8; http://mj12bot.com/)"
62.171.162.127 - - [14/May/2023:05:09:48 +0200] "GET /posters-and-stickers-wall-c-13_147.html?page=10 HTTP/1.0" 301 82495 "-" "Mozilla/5.0 (compatible; MJ12bot/v1.4.8; http://mj12bot.com/)"
62.171.162.127 - - [14/May/2023:05:09:59 +0200] "GET /posters-stickers-wall-c-147.html?page=10 HTTP/1.0" 301 82372 "-" "Mozilla/5.0 (compatible; MJ12bot/v1.4.8; http://mj12bot.com/)"
62.171.162.127 - - [14/May/2023:05:10:05 +0200] "GET /posters-stickers-wall-c-13_147.html?page=10 HTTP/1.0" 200 82401 "-" "Mozilla/5.0 (compatible; MJ12bot/v1.4.8; http://mj12bot.com/)"
66.249.69.74 - - [14/May/2023:05:10:10 +0200] "GET /images/big_prod/5051276405162.jpg HTTP/1.0" 200 268 "-" "Googlebot-Image/1.0"
185.191.171.14 - - [14/May/2023:05:10:10 +0200] "GET /ashtray-p-40135.html HTTP/1.0" 200 73350 "-" "Mozilla/5.0 (compatible; SemrushBot/7~bl; +http://www.semrush.com/bot.html)"
