147.92.153.10 - - [14/May/2023:22:11:42 +0200] "GET /gogh-nuit-toile-city-made-france-p-47426.html HTTP/1.0" 200 77012 "-" "Mozilla/5.0 (compatible; Linespider/1.1; +https://lin.ee/4dwXkTH)"
66.249.66.81 - - [14/May/2023:22:11:43 +0200] "GET /guevara-zippo-lighter-p-30272.html HTTP/1.0" 200 73432 "-" "Mozilla/5.0 (Linux; Android 6.0.1; Nexus 5X Build/MMB29P) AppleWebKit/537.36 (KHTML, like Gecko) Chrome/112.0.5615.142 Mobile Safari/537.36 (compatible; Googlebot/2.1; +http://www.google.com/bot.html)"
66.249.66.5 - - [14/May/2023:22:11:46 +0200] "GET /soy-luna-blue-bowl-p-37513.html HTTP/1.0" 301 73459 "-" "Mozilla/5.0 (Linux; Android 6.0.1; Nexus 5X Build/MMB29P) AppleWebKit/537.36 (KHTML, like Gecko) Chrome/112.0.5615.142 Mobile Safari/537.36 (compatible; Googlebot/2.1; +http://www.google.com/bot.html)"
66.249.66.42 - - [14/May/2023:22:11:47 +0200] "GET /luna-blue-bowl-p-37513.html HTTP/1.0" 200 73378 "-" "Mozilla/5.0 (Linux; Android 6.0.1; Nexus 5X Build/MMB29P) AppleWebKit/537.36 (KHTML, like Gecko) Chrome/112.0.5615.142 Mobile Safari/537.36 (compatible; Googlebot/2.1; +http://www.google.com/bot.html)"
216.244.66.242 - - [14/May/2023:22:12:02 +0200] "GET /bodega-p-37473.html HTTP/1.0" 200 75922 "-" "Mozilla/5.0 (compatible; DotBot/1.2; +https://opensiteexplorer.org/dotbot; help@moz.com)"
216.244.66.242 - - [14/May/2023:22:12:13 +0200] "GET /resin-photo-frame-little-prince-p-47068.html HTTP/1.0" 200 76116 "-" "Mozilla/5.0 (compatible; DotBot/1.2; +https://opensiteexplorer.org/dotbot; help@moz.com)"
69.171.251.23 - - [14/May/2023:22:12:50 +0200] "GET /images/mini_prod/3453131152679.jpg HTTP/1.0" 200 269 "-" "Mozilla/5.0 (X11; Ubuntu; Linux x86_64; rv:72.0) Gecko/20100101 Firefox/72.0"
185.191.171.12 - - [14/May/2023:22:12:52 +0200] "GET /petsy-terracotta-planter-grey-p-55325.html HTTP/1.0" 200 76730 "-" "Mozilla/5.0 (compatible; SemrushBot/7~bl; +http://www.semrush.com/bot.html)"
216.244.66.242 - - [14/May/2023:22:13:20 +0200] "GET /decoration-protection-animal-iphone-cable-p-47277.html HTTP/1.0" 200 77667 "-" "Mozilla/5.0 (compatible; DotBot/1.2; +https://opensiteexplorer.org/dotbot; help@moz.com)"
216.244.66.242 - - [14/May/2023:22:13:27 +0200] "GET /wicker-basket-p-48602.html HTTP/1.0" 200 75923 "-" "Mozilla/5.0 (compatible; DotBot/1.2; +https://opensiteexplorer.org/dotbot; help@moz.com)"
185.191.171.8 - - [14/May/2023:22:13:53 +0200] "GET /small-rustic-flower-capacity-p-60407.html HTTP/1.0" 200 76919 "-" "Mozilla/5.0 (compatible; SemrushBot/7~bl; +http://www.semrush.com/bot.html)"
134.236.61.37 - - [14/May/2023:22:15:02 +0200] "GET /contact_us.php HTTP/1.0" 200 26241 "http://www.wonder-geek.com/contact_us.php" "Mozilla/5.0 (Windows NT 6.3) AppleWebKit/537.36 (KHTML, like Gecko) Chrome/90.0.4430.72 Safari/537.36"
213.180.203.186 - - [14/May/2023:22:15:05 +0200] "GET /images/4007176129043.jpg HTTP/1.0" 200 259 "-" "Mozilla/5.0 (compatible; YandexImages/3.0; +http://yandex.com/bots)"
134.236.61.37 - - [14/May/2023:22:15:08 +0200] "POST /contact_us.php?action=send HTTP/1.0" 200 26483 "http://www.wonder-geek.com/contact_us.php" "Mozilla/5.0 (Windows NT 6.3) AppleWebKit/537.36 (KHTML, like Gecko) Chrome/90.0.4430.72 Safari/537.36"
66.249.66.41 - - [14/May/2023:22:15:24 +0200] "GET /images/big_prod_1/b4029811409365.jpg HTTP/1.0" 200 271 "-" "Googlebot-Image/1.0"
42.194.192.36 - - [14/May/2023:22:15:35 +0200] "GET /images/mini_prod/1399984233573.jpg HTTP/1.0" 200 269 "-" "Mozilla/5.0 (X11; Ubuntu; Linux x86_64; rv:72.0) Gecko/20100101 Firefox/72.0"
66.249.66.41 - - [14/May/2023:22:15:45 +0200] "GET /little-prince-plane-figurine-p-47070.html HTTP/1.0" 200 76799 "-" "Mozilla/5.0 (compatible; Googlebot/2.1; +http://www.google.com/bot.html)"
66.249.66.79 - - [14/May/2023:22:15:56 +0200] "GET /large-metal-plate-johnny-hallyday-collector-p-52960.html HTTP/1.0" 200 76187 "-" "Mozilla/5.0 (Linux; Android 6.0.1; Nexus 5X Build/MMB29P) AppleWebKit/537.36 (KHTML, like Gecko) Chrome/112.0.5615.142 Mobile Safari/537.36 (compatible; Googlebot/2.1; +http://www.google.com/bot.html)"
216.244.66.242 - - [14/May/2023:22:16:00 +0200] "GET /burlap-round-table-corsica-p-58050.html HTTP/1.0" 200 76603 "-" "Mozilla/5.0 (compatible; DotBot/1.2; +https://opensiteexplorer.org/dotbot; help@moz.com)"
216.244.66.242 - - [14/May/2023:22:16:09 +0200] "GET /embossed-clutch-shine-p-32774.html HTTP/1.0" 200 73432 "-" "Mozilla/5.0 (compatible; DotBot/1.2; +https://opensiteexplorer.org/dotbot; help@moz.com)"
219.131.138.236 - - [14/May/2023:22:16:17 +0200] "GET /images/1300010240489.jpg HTTP/1.0" 200 259 "-" "Mozilla/5.0 (X11; Ubuntu; Linux x86_64; rv:72.0) Gecko/20100101 Firefox/72.0"
216.244.66.242 - - [14/May/2023:22:16:18 +0200] "GET /ethnic-style-burlap-table-p-48449.html HTTP/1.0" 200 76549 "-" "Mozilla/5.0 (compatible; DotBot/1.2; +https://opensiteexplorer.org/dotbot; help@moz.com)"
216.244.66.242 - - [14/May/2023:22:16:26 +0200] "GET /images/big_prod/8422089800302.jpg HTTP/1.0" 200 268 "-" "Mozilla/5.0 (compatible; DotBot/1.2; +https://opensiteexplorer.org/dotbot; help@moz.com)"
216.244.66.242 - - [14/May/2023:22:16:31 +0200] "GET /large-bowl-p-53015.html HTTP/1.0" 200 75824 "-" "Mozilla/5.0 (compatible; DotBot/1.2; +https://opensiteexplorer.org/dotbot; help@moz.com)"
216.244.66.242 - - [14/May/2023:22:16:39 +0200] "GET /resin-statue-little-monk-pink-dress-p-52898.html HTTP/1.0" 200 73460 "-" "Mozilla/5.0 (compatible; DotBot/1.2; +https://opensiteexplorer.org/dotbot; help@moz.com)"
51.68.224.127 - - [14/May/2023:22:16:45 +0200] "GET /adminweb/export_orders_xml.php?token=256de2z6edz6ed2z6DFSFsed2zed6zeDSFDSGdzedezfzf&maxorders=10&orderstart=1&status=14&start_date=2018-10-01 HTTP/1.0" 200 285 "-" "GesCom CharlotteBoutik Serveur"
51.68.224.127 - - [14/May/2023:22:16:45 +0200] "GET /adminweb/export_orders_xml.php?token=256de2z6edz6ed2z6DFSFsed2zed6zeDSFDSGdzedezfzf&maxorders=10&orderstart=1&status=6&start_date=2018-10-01 HTTP/1.0" 200 33887 "-" "GesCom CharlotteBoutik Serveur"
216.244.66.242 - - [14/May/2023:22:16:47 +0200] "GET /toilet-brush-flamingo-p-39377.html HTTP/1.0" 200 73398 "-" "Mozilla/5.0 (compatible; DotBot/1.2; +https://opensiteexplorer.org/dotbot; help@moz.com)"
195.188.181.2 - - [14/May/2023:22:18:25 +0200] "GET /images/mini_prod/4036113830230.jpg HTTP/1.0" 200 269 "-" "Mozilla/5.0 (X11; Ubuntu; Linux x86_64; rv:72.0) Gecko/20100101 Firefox/72.0"
207.46.13.220 - - [14/May/2023:22:18:25 +0200] "GET /decorations-c-13_89.html HTTP/1.0" 200 94407 "-" "Mozilla/5.0 AppleWebKit/537.36 (KHTML, like Gecko; compatible; bingbot/2.0; +http://www.bing.com/bingbot.htm) Chrome/103.0.5060.134 Safari/537.36"
66.249.66.79 - - [14/May/2023:22:18:45 +0200] "GET /glass-votive-candles-holder-feather-with-love-p-42176.html HTTP/1.0" 200 76238 "-" "Mozilla/5.0 (Linux; Android 6.0.1; Nexus 5X Build/MMB29P) AppleWebKit/537.36 (KHTML, like Gecko) Chrome/112.0.5615.142 Mobile Safari/537.36 (compatible; Googlebot/2.1; +http://www.google.com/bot.html)"
129.204.105.50 - - [14/May/2023:22:18:48 +0200] "GET /images/mini_prod/B5425023083772B.jpg HTTP/1.0" 200 271 "-" "Mozilla/5.0 (X11; Ubuntu; Linux x86_64; rv:72.0) Gecko/20100101 Firefox/72.0"
95.163.255.131 - - [14/May/2023:22:19:05 +0200] "GET /robots.txt HTTP/1.0" 301 531 "-" "Mozilla/5.0 (compatible; Linux x86_64; Mail.RU_Bot/Img/2.0; +https://help.mail.ru/webmaster/indexing/robots)"
95.163.255.121 - - [14/May/2023:22:19:09 +0200] "GET /images/4007176126851.jpg HTTP/1.0" 301 559 "http://go.mail.ru/search_images" "Mozilla/5.0 (compatible; Linux x86_64; Mail.RU_Bot/Img/2.0; +https://help.mail.ru/webmaster/indexing/robots)"
95.163.255.131 - - [14/May/2023:22:19:12 +0200] "GET /images/img11223.jpg HTTP/1.0" 301 549 "http://go.mail.ru/search_images" "Mozilla/5.0 (compatible; Linux x86_64; Mail.RU_Bot/Img/2.0; +https://help.mail.ru/webmaster/indexing/robots)"
95.163.255.140 - - [14/May/2023:22:19:20 +0200] "GET /robots.txt HTTP/1.0" 200 245 "-" "Mozilla/5.0 (compatible; Linux x86_64; Mail.RU_Bot/Img/2.0; +https://help.mail.ru/webmaster/indexing/robots)"
95.163.255.131 - - [14/May/2023:22:19:23 +0200] "GET /images/4007176126851.jpg HTTP/1.0" 200 259 "http://wonder-geek.com/images/4007176126851.jpg" "Mozilla/5.0 (compatible; Linux x86_64; Mail.RU_Bot/Img/2.0; +https://help.mail.ru/webmaster/indexing/robots)"
69.171.251.4 - - [14/May/2023:22:19:24 +0200] "GET /images/mini_prod/8424001552757.jpg HTTP/1.0" 200 269 "-" "Mozilla/5.0 (X11; Ubuntu; Linux x86_64; rv:72.0) Gecko/20100101 Firefox/72.0"
95.163.255.131 - - [14/May/2023:22:19:26 +0200] "GET /images/img11223.jpg HTTP/1.0" 200 254 "http://wonder-geek.com/images/img11223.jpg" "Mozilla/5.0 (compatible; Linux x86_64; Mail.RU_Bot/Img/2.0; +https://help.mail.ru/webmaster/indexing/robots)"
81.71.101.51 - - [14/May/2023:22:19:54 +0200] "GET /images/big_prod/1345544761390.jpg HTTP/1.0" 200 268 "-" "Mozilla/5.0 (X11; Ubuntu; Linux x86_64; rv:72.0) Gecko/20100101 Firefox/72.0"
216.244.66.242 - - [14/May/2023:22:20:07 +0200] "GET /-p-2896.html HTTP/1.0" 200 73322 "-" "Mozilla/5.0 (compatible; DotBot/1.2; +https://opensiteexplorer.org/dotbot; help@moz.com)"
216.244.66.242 - - [14/May/2023:22:20:15 +0200] "GET /-p-47035.html HTTP/1.0" 200 73324 "-" "Mozilla/5.0 (compatible; DotBot/1.2; +https://opensiteexplorer.org/dotbot; help@moz.com)"
216.244.66.242 - - [14/May/2023:22:20:23 +0200] "GET /aries-mousepad-cbkreation-p-43298.html HTTP/1.0" 200 76020 "-" "Mozilla/5.0 (compatible; DotBot/1.2; +https://opensiteexplorer.org/dotbot; help@moz.com)"
216.244.66.242 - - [14/May/2023:22:20:29 +0200] "GET /beige-bunny-plush-p-25884.html HTTP/1.0" 200 73394 "-" "Mozilla/5.0 (compatible; DotBot/1.2; +https://opensiteexplorer.org/dotbot; help@moz.com)"
216.244.66.242 - - [14/May/2023:22:20:35 +0200] "GET /deutschland-mouse-cbkreation-p-36706.html HTTP/1.0" 200 76068 "-" "Mozilla/5.0 (compatible; DotBot/1.2; +https://opensiteexplorer.org/dotbot; help@moz.com)"
216.244.66.242 - - [14/May/2023:22:20:43 +0200] "GET /glass-cutting-board-cbkreation-p-51286.html HTTP/1.0" 200 76030 "-" "Mozilla/5.0 (compatible; DotBot/1.2; +https://opensiteexplorer.org/dotbot; help@moz.com)"
216.244.66.242 - - [14/May/2023:22:20:51 +0200] "GET /heart-cast-iron-trivet-p-48628.html HTTP/1.0" 200 75985 "-" "Mozilla/5.0 (compatible; DotBot/1.2; +https://opensiteexplorer.org/dotbot; help@moz.com)"
216.244.66.242 - - [14/May/2023:22:21:05 +0200] "GET /images/4027950.jpg HTTP/1.0" 200 253 "-" "Mozilla/5.0 (compatible; DotBot/1.2; +https://opensiteexplorer.org/dotbot; help@moz.com)"
216.244.66.242 - - [14/May/2023:22:21:15 +0200] "GET /large-metal-plate-johnny-hallyday-collector-p-52960.html HTTP/1.0" 200 76187 "-" "Mozilla/5.0 (compatible; DotBot/1.2; +https://opensiteexplorer.org/dotbot; help@moz.com)"
177.190.208.235 - - [14/May/2023:22:21:17 +0200] "GET /wp-login.php HTTP/1.0" 404 1308 "-" "Mozilla/5.0 (Windows NT 10.0; WOW64; Trident/7.0; rv:11.0) like Gecko"
177.190.208.235 - - [14/May/2023:22:21:18 +0200] "GET /xmlrpc.php HTTP/1.0" 404 1308 "-" "Mozilla/5.0 (Windows NT 10.0; WOW64; Trident/7.0; rv:11.0) like Gecko"
216.244.66.242 - - [14/May/2023:22:21:27 +0200] "GET /legends-never-made-metal-clock-p-44431.html HTTP/1.0" 200 76184 "-" "Mozilla/5.0 (compatible; DotBot/1.2; +https://opensiteexplorer.org/dotbot; help@moz.com)"
216.244.66.242 - - [14/May/2023:22:21:37 +0200] "GET /poster-berger-p-43711.html HTTP/1.0" 200 75974 "-" "Mozilla/5.0 (compatible; DotBot/1.2; +https://opensiteexplorer.org/dotbot; help@moz.com)"
216.244.66.242 - - [14/May/2023:22:21:47 +0200] "GET /shower-curtain-p-50726.html HTTP/1.0" 200 73404 "-" "Mozilla/5.0 (compatible; DotBot/1.2; +https://opensiteexplorer.org/dotbot; help@moz.com)"
216.244.66.242 - - [14/May/2023:22:21:56 +0200] "GET /surfboard-ceramic-magnet-p-42050.html HTTP/1.0" 200 76895 "-" "Mozilla/5.0 (compatible; DotBot/1.2; +https://opensiteexplorer.org/dotbot; help@moz.com)"
42.194.240.167 - - [14/May/2023:22:22:00 +0200] "GET /images/mini_prod/14884.jpg HTTP/1.0" 200 261 "-" "Mozilla/5.0 (X11; Ubuntu; Linux x86_64; rv:72.0) Gecko/20100101 Firefox/72.0"
81.71.99.63 - - [14/May/2023:22:22:19 +0200] "GET /images/big_prod/3014627880140.jpg HTTP/1.0" 200 268 "-" "Mozilla/5.0 (X11; Ubuntu; Linux x86_64; rv:72.0) Gecko/20100101 Firefox/72.0"
17.241.75.152 - - [14/May/2023:22:22:38 +0200] "GET /potholder-glove-p-54128.html HTTP/1.0" 200 73390 "-" "Mozilla/5.0 (Macintosh; Intel Mac OS X 10_15_5) AppleWebKit/605.1.15 (KHTML, like Gecko) Version/13.1.1 Safari/605.1.15 (Applebot/0.1; +http://www.apple.com/go/applebot)"
66.249.66.3 - - [14/May/2023:22:22:47 +0200] "GET /images/big_prod/8422001911215B.jpg HTTP/1.0" 200 269 "-" "Googlebot-Image/1.0"
216.244.66.242 - - [14/May/2023:22:23:20 +0200] "GET /difference-accessoriess-c-12_59.html?page=15 HTTP/1.0" 200 92100 "-" "Mozilla/5.0 (compatible; DotBot/1.2; +https://opensiteexplorer.org/dotbot; help@moz.com)"
66.249.66.79 - - [14/May/2023:22:23:34 +0200] "GET /images/big_prod/3560600314275.jpg HTTP/1.0" 200 268 "-" "Googlebot-Image/1.0"
129.204.31.216 - - [14/May/2023:22:25:10 +0200] "GET /images/mini_prod/80039905585252.jpg HTTP/1.0" 200 270 "-" "Mozilla/5.0 (X11; Ubuntu; Linux x86_64; rv:72.0) Gecko/20100101 Firefox/72.0"
106.55.255.207 - - [14/May/2023:22:25:18 +0200] "GET /images/mini_prod/8719497613823.jpg HTTP/1.0" 200 269 "-" "Mozilla/5.0 (X11; Ubuntu; Linux x86_64; rv:72.0) Gecko/20100101 Firefox/72.0"
66.249.66.3 - - [14/May/2023:22:25:21 +0200] "GET /images/big_prod/3453131126885.jpg HTTP/1.0" 200 268 "-" "Googlebot-Image/1.0"
185.191.171.26 - - [14/May/2023:22:25:23 +0200] "GET /aloha-surfboard-wooden-wall-decoration-p-49186.html HTTP/1.0" 200 73466 "-" "Mozilla/5.0 (compatible; SemrushBot/7~bl; +http://www.semrush.com/bot.html)"
42.194.240.167 - - [14/May/2023:22:25:37 +0200] "GET /images/mini_prod/3700653511768.jpg HTTP/1.0" 200 269 "-" "Mozilla/5.0 (X11; Ubuntu; Linux x86_64; rv:72.0) Gecko/20100101 Firefox/72.0"
66.249.66.3 - - [14/May/2023:22:25:46 +0200] "GET /dishes/bowls-c-13_12_60.html HTTP/1.0" 301 94475 "-" "Mozilla/5.0 (Linux; Android 6.0.1; Nexus 5X Build/MMB29P) AppleWebKit/537.36 (KHTML, like Gecko) Chrome/112.0.5615.142 Mobile Safari/537.36 (compatible; Googlebot/2.1; +http://www.google.com/bot.html)"
66.249.66.41 - - [14/May/2023:22:25:49 +0200] "GET /diner-paper-towel-dispenser-p-48688.html HTTP/1.0" 200 76574 "-" "Mozilla/5.0 (Linux; Android 6.0.1; Nexus 5X Build/MMB29P) AppleWebKit/537.36 (KHTML, like Gecko) Chrome/112.0.5615.142 Mobile Safari/537.36 (compatible; Googlebot/2.1; +http://www.google.com/bot.html)"
66.249.66.79 - - [14/May/2023:22:25:51 +0200] "GET /bowls-c-60.html HTTP/1.0" 301 94197 "-" "Mozilla/5.0 (Linux; Android 6.0.1; Nexus 5X Build/MMB29P) AppleWebKit/537.36 (KHTML, like Gecko) Chrome/112.0.5615.142 Mobile Safari/537.36 (compatible; Googlebot/2.1; +http://www.google.com/bot.html)"
66.249.66.3 - - [14/May/2023:22:25:53 +0200] "GET /bowls-c-12_60.html HTTP/1.0" 200 94229 "-" "Mozilla/5.0 (Linux; Android 6.0.1; Nexus 5X Build/MMB29P) AppleWebKit/537.36 (KHTML, like Gecko) Chrome/112.0.5615.142 Mobile Safari/537.36 (compatible; Googlebot/2.1; +http://www.google.com/bot.html)"
69.171.251.117 - - [14/May/2023:22:27:45 +0200] "GET /images/mini_prod/rayerose.jpg HTTP/1.0" 200 264 "-" "Mozilla/5.0 (X11; Ubuntu; Linux x86_64; rv:72.0) Gecko/20100101 Firefox/72.0"
207.46.13.208 - - [14/May/2023:22:28:08 +0200] "GET /-p-31821.html HTTP/1.0" 200 73324 "-" "Mozilla/5.0 AppleWebKit/537.36 (KHTML, like Gecko; compatible; bingbot/2.0; +http://www.bing.com/bingbot.htm) Chrome/103.0.5060.134 Safari/537.36"
66.249.66.3 - - [14/May/2023:22:28:20 +0200] "GET /images/big_prod/1384010206713.jpg HTTP/1.0" 200 268 "-" "Googlebot-Image/1.0"
81.71.98.254 - - [14/May/2023:22:29:10 +0200] "GET /images/mini_prod/3609080364254.jpg HTTP/1.0" 200 269 "-" "Mozilla/5.0 (X11; Ubuntu; Linux x86_64; rv:72.0) Gecko/20100101 Firefox/72.0"
42.194.240.167 - - [14/May/2023:22:29:23 +0200] "GET /images/mini_prod/3553560059751B.jpg HTTP/1.0" 200 270 "-" "Mozilla/5.0 (X11; Ubuntu; Linux x86_64; rv:72.0) Gecko/20100101 Firefox/72.0"
121.30.179.77 - - [14/May/2023:22:29:48 +0200] "GET /images/mini_prod/3661443611191.jpg HTTP/1.0" 200 269 "-" "Mozilla/5.0 (X11; Ubuntu; Linux x86_64; rv:72.0) Gecko/20100101 Firefox/72.0"
114.119.129.71 - - [14/May/2023:22:31:08 +0200] "GET /renault-large-metal-plate-p-15161.html HTTP/1.0" 200 73424 "http://www.wonder-geek.com/tin-and-metal-signs-c-13_130.html?page=14" "Mozilla/5.0 (Linux; Android 7.0;) AppleWebKit/537.36 (KHTML, like Gecko) Mobile Safari/537.36 (compatible; PetalBot;+https://webmaster.petalsearch.com/site/petalbot)"
147.92.153.6 - - [14/May/2023:22:31:43 +0200] "GET /bagshandbags-shoulder-bags-c-31_81.html?page=8 HTTP/1.0" 200 99287 "-" "Mozilla/5.0 (compatible; Linespider/1.1; +https://lin.ee/4dwXkTH)"
81.71.99.91 - - [14/May/2023:22:32:18 +0200] "GET /images/mini_prod/1399986102778.jpg HTTP/1.0" 200 269 "-" "Mozilla/5.0 (X11; Ubuntu; Linux x86_64; rv:72.0) Gecko/20100101 Firefox/72.0"
17.241.227.41 - - [14/May/2023:22:32:19 +0200] "GET /retro-gramophone-clock-p-50206.html HTTP/1.0" 200 75993 "-" "Mozilla/5.0 (Macintosh; Intel Mac OS X 10_15_5) AppleWebKit/605.1.15 (KHTML, like Gecko) Version/13.1.1 Safari/605.1.15 (Applebot/0.1; +http://www.apple.com/go/applebot)"
114.119.158.112 - - [14/May/2023:22:32:41 +0200] "GET /mala-aqua-aura-quartz-aa-quality-108-beads-p-51001.html HTTP/1.0" 301 79368 "http://www.wonder-geek.com/pendants-and-necklaces-c-3_214.html?page=2" "Mozilla/5.0 (Linux; Android 7.0;) AppleWebKit/537.36 (KHTML, like Gecko) Mobile Safari/537.36 (compatible; PetalBot;+https://webmaster.petalsearch.com/site/petalbot)"
17.241.219.46 - - [14/May/2023:22:32:45 +0200] "GET /large-brown-porcelain-lamp-p-55228.html HTTP/1.0" 200 73430 "-" "Mozilla/5.0 (Macintosh; Intel Mac OS X 10_15_5) AppleWebKit/605.1.15 (KHTML, like Gecko) Version/13.1.1 Safari/605.1.15 (Applebot/0.1; +http://www.apple.com/go/applebot)"
42.194.192.36 - - [14/May/2023:22:32:51 +0200] "GET /images/mini_prod/3609810098879NN.jpg HTTP/1.0" 200 271 "-" "Mozilla/5.0 (X11; Ubuntu; Linux x86_64; rv:72.0) Gecko/20100101 Firefox/72.0"
114.119.158.112 - - [14/May/2023:22:32:53 +0200] "GET /mala-aqua-aura-quartz-quality-beads-p-51001.html HTTP/1.0" 200 79266 "http://www.wonder-geek.com/pendants-and-necklaces-c-3_214.html?page=2" "Mozilla/5.0 (Linux; Android 7.0;) AppleWebKit/537.36 (KHTML, like Gecko) Mobile Safari/537.36 (compatible; PetalBot;+https://webmaster.petalsearch.com/site/petalbot)"
51.68.224.127 - - [14/May/2023:22:33:22 +0200] "GET /adminweb/export_orders_xml.php?token=256de2z6edz6ed2z6DFSFsed2zed6zeDSFDSGdzedezfzf&maxorders=10&orderstart=1&status=14&start_date=2018-10-01 HTTP/1.0" 200 285 "-" "GesCom CharlotteBoutik Serveur"
51.68.224.127 - - [14/May/2023:22:33:22 +0200] "GET /adminweb/export_orders_xml.php?token=256de2z6edz6ed2z6DFSFsed2zed6zeDSFDSGdzedezfzf&maxorders=10&orderstart=1&status=6&start_date=2018-10-01 HTTP/1.0" 200 33887 "-" "GesCom CharlotteBoutik Serveur"
17.241.227.199 - - [14/May/2023:22:33:23 +0200] "GET /images/5055071657603.jpg HTTP/1.0" 200 259 "-" "Mozilla/5.0 (Macintosh; Intel Mac OS X 10_15_5) AppleWebKit/605.1.15 (KHTML, like Gecko) Version/13.1.1 Safari/605.1.15 (Applebot/0.1; +http://www.apple.com/go/applebot)"
17.241.75.101 - - [14/May/2023:22:33:44 +0200] "GET /images/mini_prod/1384010202814.jpg HTTP/1.0" 200 269 "-" "Mozilla/5.0 (Macintosh; Intel Mac OS X 10_15_5) AppleWebKit/605.1.15 (KHTML, like Gecko) Version/13.1.1 Safari/605.1.15 (Applebot/0.1; +http://www.apple.com/go/applebot)"
114.119.151.251 - - [14/May/2023:22:33:46 +0200] "GET /duvet-cover-in-cotton-percale-80-threads-200-200-cm-p-51258.html HTTP/1.0" 301 77025 "http://www.wonder-geek.com/duvet-cover-c-11_195.html" "Mozilla/5.0 (Linux; Android 7.0;) AppleWebKit/537.36 (KHTML, like Gecko) Mobile Safari/537.36 (compatible; PetalBot;+https://webmaster.petalsearch.com/site/petalbot)"
114.119.151.251 - - [14/May/2023:22:33:51 +0200] "GET /duvet-cover-cotton-percale-threads-p-51258.html HTTP/1.0" 200 76924 "http://www.wonder-geek.com/duvet-cover-c-11_195.html" "Mozilla/5.0 (Linux; Android 7.0;) AppleWebKit/537.36 (KHTML, like Gecko) Mobile Safari/537.36 (compatible; PetalBot;+https://webmaster.petalsearch.com/site/petalbot)"
121.30.179.97 - - [14/May/2023:22:34:56 +0200] "GET /images/mini_prod/5411854151674.jpg HTTP/1.0" 200 269 "-" "Mozilla/5.0 (X11; Ubuntu; Linux x86_64; rv:72.0) Gecko/20100101 Firefox/72.0"
114.119.130.151 - - [14/May/2023:22:35:18 +0200] "GET /black-porcelain-bowl-p-60025.html HTTP/1.0" 200 76725 "http://www.wonder-geek.com/dishes-c-12.html?page=106" "Mozilla/5.0 (Linux; Android 7.0;) AppleWebKit/537.36 (KHTML, like Gecko) Mobile Safari/537.36 (compatible; PetalBot;+https://webmaster.petalsearch.com/site/petalbot)"
172.56.105.195 - - [14/May/2023:22:35:41 +0200] "GET /books-porcelain-kiub-p-57950.html HTTP/1.0" 200 78018 "https://www.google.com/" "Mozilla/5.0 (iPhone; CPU iPhone OS 16_0 like Mac OS X) AppleWebKit/605.1.15 (KHTML, like Gecko) CriOS/113.0.5672.69 Mobile/15E148 Safari/604.1"
172.56.105.195 - - [14/May/2023:22:35:43 +0200] "GET /templates/Pixame_v1/stylesheet.css HTTP/1.0" 200 267 "http://www.wonder-geek.com/books-porcelain-kiub-p-57950.html" "Mozilla/5.0 (iPhone; CPU iPhone OS 16_0 like Mac OS X) AppleWebKit/605.1.15 (KHTML, like Gecko) CriOS/113.0.5672.69 Mobile/15E148 Safari/604.1"
172.56.105.195 - - [14/May/2023:22:35:43 +0200] "GET /js/jquery.js HTTP/1.0" 200 252 "http://www.wonder-geek.com/books-porcelain-kiub-p-57950.html" "Mozilla/5.0 (iPhone; CPU iPhone OS 16_0 like Mac OS X) AppleWebKit/605.1.15 (KHTML, like Gecko) CriOS/113.0.5672.69 Mobile/15E148 Safari/604.1"
172.56.105.195 - - [14/May/2023:22:35:43 +0200] "GET /highslide/highslide.js HTTP/1.0" 200 262 "http://www.wonder-geek.com/books-porcelain-kiub-p-57950.html" "Mozilla/5.0 (iPhone; CPU iPhone OS 16_0 like Mac OS X) AppleWebKit/605.1.15 (KHTML, like Gecko) CriOS/113.0.5672.69 Mobile/15E148 Safari/604.1"
172.56.105.195 - - [14/May/2023:22:35:43 +0200] "GET /mondial_relay/js/jquery-1.3.2.min.js HTTP/1.0" 200 276 "http://www.wonder-geek.com/books-porcelain-kiub-p-57950.html" "Mozilla/5.0 (iPhone; CPU iPhone OS 16_0 like Mac OS X) AppleWebKit/605.1.15 (KHTML, like Gecko) CriOS/113.0.5672.69 Mobile/15E148 Safari/604.1"
172.56.105.195 - - [14/May/2023:22:35:43 +0200] "GET /js/jquery.jqzoom.js HTTP/1.0" 200 259 "http://www.wonder-geek.com/books-porcelain-kiub-p-57950.html" "Mozilla/5.0 (iPhone; CPU iPhone OS 16_0 like Mac OS X) AppleWebKit/605.1.15 (KHTML, like Gecko) CriOS/113.0.5672.69 Mobile/15E148 Safari/604.1"
172.56.105.195 - - [14/May/2023:22:35:43 +0200] "GET /swfobject.js HTTP/1.0" 404 1308 "http://www.wonder-geek.com/books-porcelain-kiub-p-57950.html" "Mozilla/5.0 (iPhone; CPU iPhone OS 16_0 like Mac OS X) AppleWebKit/605.1.15 (KHTML, like Gecko) CriOS/113.0.5672.69 Mobile/15E148 Safari/604.1"
172.56.105.195 - - [14/May/2023:22:35:44 +0200] "GET /templates/Pixame_v1/images/icon_accueil2.png HTTP/1.0" 200 278 "http://www.wonder-geek.com/books-porcelain-kiub-p-57950.html" "Mozilla/5.0 (iPhone; CPU iPhone OS 16_0 like Mac OS X) AppleWebKit/605.1.15 (KHTML, like Gecko) CriOS/113.0.5672.69 Mobile/15E148 Safari/604.1"
172.56.105.195 - - [14/May/2023:22:35:44 +0200] "GET /templates/Pixame_v1/images/infobox/pixel_trans.gif HTTP/1.0" 200 328 "http://www.wonder-geek.com/books-porcelain-kiub-p-57950.html" "Mozilla/5.0 (iPhone; CPU iPhone OS 16_0 like Mac OS X) AppleWebKit/605.1.15 (KHTML, like Gecko) CriOS/113.0.5672.69 Mobile/15E148 Safari/604.1"
172.56.105.195 - - [14/May/2023:22:35:44 +0200] "GET /images/big_prod_1/3700572762517B.jpg HTTP/1.0" 200 271 "http://www.wonder-geek.com/books-porcelain-kiub-p-57950.html" "Mozilla/5.0 (iPhone; CPU iPhone OS 16_0 like Mac OS X) AppleWebKit/605.1.15 (KHTML, like Gecko) CriOS/113.0.5672.69 Mobile/15E148 Safari/604.1"
172.56.105.195 - - [14/May/2023:22:35:44 +0200] "GET /templates/Pixame_v1/images/Bottom_texture.jpg HTTP/1.0" 200 280 "http://www.wonder-geek.com/books-porcelain-kiub-p-57950.html" "Mozilla/5.0 (iPhone; CPU iPhone OS 16_0 like Mac OS X) AppleWebKit/605.1.15 (KHTML, like Gecko) CriOS/113.0.5672.69 Mobile/15E148 Safari/604.1"
172.56.105.195 - - [14/May/2023:22:35:44 +0200] "GET /images/mini_prod/3700572762524.jpg HTTP/1.0" 200 269 "http://www.wonder-geek.com/books-porcelain-kiub-p-57950.html" "Mozilla/5.0 (iPhone; CPU iPhone OS 16_0 like Mac OS X) AppleWebKit/605.1.15 (KHTML, like Gecko) CriOS/113.0.5672.69 Mobile/15E148 Safari/604.1"
172.56.105.195 - - [14/May/2023:22:35:44 +0200] "GET /templates/Pixame_v1/images/nav.png HTTP/1.0" 200 268 "http://www.wonder-geek.com/books-porcelain-kiub-p-57950.html" "Mozilla/5.0 (iPhone; CPU iPhone OS 16_0 like Mac OS X) AppleWebKit/605.1.15 (KHTML, like Gecko) CriOS/113.0.5672.69 Mobile/15E148 Safari/604.1"
172.56.105.195 - - [14/May/2023:22:35:44 +0200] "GET /templates/Pixame_v1/images/infobox/corner_right.gif HTTP/1.0" 200 664 "http://www.wonder-geek.com/books-porcelain-kiub-p-57950.html" "Mozilla/5.0 (iPhone; CPU iPhone OS 16_0 like Mac OS X) AppleWebKit/605.1.15 (KHTML, like Gecko) CriOS/113.0.5672.69 Mobile/15E148 Safari/604.1"
172.56.105.195 - - [14/May/2023:22:35:44 +0200] "GET /favicon.ico HTTP/1.0" 200 260 "-" "Mozilla/5.0 (iPhone; CPU iPhone OS 16_0 like Mac OS X) AppleWebKit/605.1.15 (KHTML, like Gecko) CriOS/113.0.5672.69 Mobile/15E148 Safari/604.1"
172.56.105.195 - - [14/May/2023:22:35:44 +0200] "GET /templates/Pixame_v1/images/infobox/corner_left.gif HTTP/1.0" 200 660 "http://www.wonder-geek.com/books-porcelain-kiub-p-57950.html" "Mozilla/5.0 (iPhone; CPU iPhone OS 16_0 like Mac OS X) AppleWebKit/605.1.15 (KHTML, like Gecko) CriOS/113.0.5672.69 Mobile/15E148 Safari/604.1"
172.56.105.195 - - [14/May/2023:22:35:44 +0200] "GET /templates/Pixame_v1/images/pixel_trans.gif HTTP/1.0" 200 328 "http://www.wonder-geek.com/books-porcelain-kiub-p-57950.html" "Mozilla/5.0 (iPhone; CPU iPhone OS 16_0 like Mac OS X) AppleWebKit/605.1.15 (KHTML, like Gecko) CriOS/113.0.5672.69 Mobile/15E148 Safari/604.1"
172.56.105.195 - - [14/May/2023:22:35:44 +0200] "GET /images/big_prod/3700572762517.jpg HTTP/1.0" 200 268 "http://www.wonder-geek.com/books-porcelain-kiub-p-57950.html" "Mozilla/5.0 (iPhone; CPU iPhone OS 16_0 like Mac OS X) AppleWebKit/605.1.15 (KHTML, like Gecko) CriOS/113.0.5672.69 Mobile/15E148 Safari/604.1"
172.56.105.195 - - [14/May/2023:22:35:44 +0200] "GET /templates/Pixame_v1/images/Middle_texture.jpg HTTP/1.0" 200 280 "http://www.wonder-geek.com/books-porcelain-kiub-p-57950.html" "Mozilla/5.0 (iPhone; CPU iPhone OS 16_0 like Mac OS X) AppleWebKit/605.1.15 (KHTML, like Gecko) CriOS/113.0.5672.69 Mobile/15E148 Safari/604.1"
172.56.105.195 - - [14/May/2023:22:35:44 +0200] "GET /templates/Pixame_v1/images/header.png HTTP/1.0" 200 271 "http://www.wonder-geek.com/books-porcelain-kiub-p-57950.html" "Mozilla/5.0 (iPhone; CPU iPhone OS 16_0 like Mac OS X) AppleWebKit/605.1.15 (KHTML, like Gecko) CriOS/113.0.5672.69 Mobile/15E148 Safari/604.1"
172.56.105.195 - - [14/May/2023:22:35:44 +0200] "GET /templates/Pixame_v1/images/buttons/english/button_in_cart.gif HTTP/1.0" 200 295 "http://www.wonder-geek.com/books-porcelain-kiub-p-57950.html" "Mozilla/5.0 (iPhone; CPU iPhone OS 16_0 like Mac OS X) AppleWebKit/605.1.15 (KHTML, like Gecko) CriOS/113.0.5672.69 Mobile/15E148 Safari/604.1"
172.56.105.195 - - [14/May/2023:22:35:44 +0200] "GET /templates/Pixame_v1/images/header-object.png HTTP/1.0" 200 278 "http://www.wonder-geek.com/books-porcelain-kiub-p-57950.html" "Mozilla/5.0 (iPhone; CPU iPhone OS 16_0 like Mac OS X) AppleWebKit/605.1.15 (KHTML, like Gecko) CriOS/113.0.5672.69 Mobile/15E148 Safari/604.1"
172.56.105.195 - - [14/May/2023:22:35:45 +0200] "GET /templates/Pixame_v1/images/infobox/infobox_footer_middle.gif HTTP/1.0" 200 357 "http://www.wonder-geek.com/books-porcelain-kiub-p-57950.html" "Mozilla/5.0 (iPhone; CPU iPhone OS 16_0 like Mac OS X) AppleWebKit/605.1.15 (KHTML, like Gecko) CriOS/113.0.5672.69 Mobile/15E148 Safari/604.1"
172.56.105.195 - - [14/May/2023:22:35:45 +0200] "GET /images/pixel_trans.gif HTTP/1.0" 200 328 "http://www.wonder-geek.com/books-porcelain-kiub-p-57950.html" "Mozilla/5.0 (iPhone; CPU iPhone OS 16_0 like Mac OS X) AppleWebKit/605.1.15 (KHTML, like Gecko) CriOS/113.0.5672.69 Mobile/15E148 Safari/604.1"
172.56.105.195 - - [14/May/2023:22:35:45 +0200] "GET /design/productsenstock.png HTTP/1.0" 200 260 "http://www.wonder-geek.com/books-porcelain-kiub-p-57950.html" "Mozilla/5.0 (iPhone; CPU iPhone OS 16_0 like Mac OS X) AppleWebKit/605.1.15 (KHTML, like Gecko) CriOS/113.0.5672.69 Mobile/15E148 Safari/604.1"
172.56.105.195 - - [14/May/2023:22:35:45 +0200] "GET /highslide/graphics/zoomin.cur HTTP/1.0" 200 614 "http://www.wonder-geek.com/books-porcelain-kiub-p-57950.html" "Mozilla/5.0 (iPhone; CPU iPhone OS 16_0 like Mac OS X) AppleWebKit/605.1.15 (KHTML, like Gecko) CriOS/113.0.5672.69 Mobile/15E148 Safari/604.1"
172.56.105.195 - - [14/May/2023:22:35:46 +0200] "GET /highslide/graphics/outlines/drop-shadow.png HTTP/1.0" 200 277 "http://www.wonder-geek.com/books-porcelain-kiub-p-57950.html" "Mozilla/5.0 (iPhone; CPU iPhone OS 16_0 like Mac OS X) AppleWebKit/605.1.15 (KHTML, like Gecko) CriOS/113.0.5672.69 Mobile/15E148 Safari/604.1"
172.56.105.195 - - [14/May/2023:22:35:46 +0200] "GET /highslide/graphics/zoomout.cur HTTP/1.0" 200 614 "http://www.wonder-geek.com/books-porcelain-kiub-p-57950.html" "Mozilla/5.0 (iPhone; CPU iPhone OS 16_0 like Mac OS X) AppleWebKit/605.1.15 (KHTML, like Gecko) CriOS/113.0.5672.69 Mobile/15E148 Safari/604.1"
172.56.105.195 - - [14/May/2023:22:35:46 +0200] "GET /highslide/graphics/loader.white.gif HTTP/1.0" 200 960 "http://www.wonder-geek.com/books-porcelain-kiub-p-57950.html" "Mozilla/5.0 (iPhone; CPU iPhone OS 16_0 like Mac OS X) AppleWebKit/605.1.15 (KHTML, like Gecko) CriOS/113.0.5672.69 Mobile/15E148 Safari/604.1"
121.30.179.107 - - [14/May/2023:22:35:52 +0200] "GET /images/mini_prod/1384010204221.jpg HTTP/1.0" 200 269 "-" "Mozilla/5.0 (X11; Ubuntu; Linux x86_64; rv:72.0) Gecko/20100101 Firefox/72.0"
69.171.251.117 - - [14/May/2023:22:35:59 +0200] "GET /images/mini_prod/1399986102778.jpg HTTP/1.0" 200 269 "-" "Mozilla/5.0 (X11; Ubuntu; Linux x86_64; rv:72.0) Gecko/20100101 Firefox/72.0"
40.77.167.83 - - [14/May/2023:22:36:37 +0200] "GET /adhesive-roll-45-150-cm-cement-tiles-p-52217.html HTTP/1.0" 301 76991 "-" "Mozilla/5.0 AppleWebKit/537.36 (KHTML, like Gecko; compatible; bingbot/2.0; +http://www.bing.com/bingbot.htm) Chrome/103.0.5060.134 Safari/537.36"
114.119.154.181 - - [14/May/2023:22:36:50 +0200] "GET /arrow-metal-plate-p-41717.html HTTP/1.0" 200 75936 "http://www.wonder-geek.com/home-and-decoration-c-13.html?page=79" "Mozilla/5.0 (Linux; Android 7.0;) AppleWebKit/537.36 (KHTML, like Gecko) Mobile Safari/537.36 (compatible; PetalBot;+https://webmaster.petalsearch.com/site/petalbot)"
66.249.66.42 - - [14/May/2023:22:36:51 +0200] "GET /flowerblast-isothermic-stainless-steel-bottle-allen-p-52004.html HTTP/1.0" 200 76892 "-" "Mozilla/5.0 (Linux; Android 6.0.1; Nexus 5X Build/MMB29P) AppleWebKit/537.36 (KHTML, like Gecko) Chrome/112.0.5615.142 Mobile Safari/537.36 (compatible; Googlebot/2.1; +http://www.google.com/bot.html)"
54.236.1.11 - - [14/May/2023:22:36:54 +0200] "GET /robots.txt HTTP/1.0" 200 245 "-" "Mozilla/5.0 (compatible; Pinterestbot/1.0; +http://www.pinterest.com/bot.html)"
54.236.1.11 - - [14/May/2023:22:36:54 +0200] "GET /britto-flower-pill-box-p-32625.html HTTP/1.0" 301 73391 "-" "Mozilla/5.0 (compatible; Pinterestbot/1.0; +http://www.pinterest.com/bot.html)"
54.236.1.11 - - [14/May/2023:22:36:55 +0200] "GET /-p-32625.html HTTP/1.0" 200 73324 "-" "Mozilla/5.0 (compatible; Pinterestbot/1.0; +http://www.pinterest.com/bot.html)"
66.249.66.41 - - [14/May/2023:22:37:02 +0200] "GET /zen-canvas-frame-40-40-cm-p-38508.html HTTP/1.0" 301 76104 "-" "Mozilla/5.0 (Linux; Android 6.0.1; Nexus 5X Build/MMB29P) AppleWebKit/537.36 (KHTML, like Gecko) Chrome/112.0.5615.142 Mobile Safari/537.36 (compatible; Googlebot/2.1; +http://www.google.com/bot.html)"
66.249.66.80 - - [14/May/2023:22:37:04 +0200] "GET /canvas-frame-p-38508.html HTTP/1.0" 200 76025 "-" "Mozilla/5.0 (Linux; Android 6.0.1; Nexus 5X Build/MMB29P) AppleWebKit/537.36 (KHTML, like Gecko) Chrome/112.0.5615.142 Mobile Safari/537.36 (compatible; Googlebot/2.1; +http://www.google.com/bot.html)"
129.204.105.50 - - [14/May/2023:22:37:51 +0200] "GET /images/mini_prod/3453131150064.jpg HTTP/1.0" 200 269 "-" "Mozilla/5.0 (X11; Ubuntu; Linux x86_64; rv:72.0) Gecko/20100101 Firefox/72.0"
81.71.101.51 - - [14/May/2023:22:38:04 +0200] "GET /images/big_prod_1/indus2.jpg HTTP/1.0" 200 263 "-" "Mozilla/5.0 (X11; Ubuntu; Linux x86_64; rv:72.0) Gecko/20100101 Firefox/72.0"
66.249.66.41 - - [14/May/2023:22:38:26 +0200] "GET /justitia-themis-statue-30-cm-p-47906.html HTTP/1.0" 301 76744 "-" "Mozilla/5.0 (Linux; Android 6.0.1; Nexus 5X Build/MMB29P) AppleWebKit/537.36 (KHTML, like Gecko) Chrome/112.0.5615.142 Mobile Safari/537.36 (compatible; Googlebot/2.1; +http://www.google.com/bot.html)"
66.249.66.41 - - [14/May/2023:22:38:27 +0200] "GET /justitia-thmis-statue-p-47906.html HTTP/1.0" 200 76656 "-" "Mozilla/5.0 (Linux; Android 6.0.1; Nexus 5X Build/MMB29P) AppleWebKit/537.36 (KHTML, like Gecko) Chrome/112.0.5615.142 Mobile Safari/537.36 (compatible; Googlebot/2.1; +http://www.google.com/bot.html)"
40.77.190.44 - - [14/May/2023:22:38:26 +0200] "GET /kids-school-c-31_80.html HTTP/1.0" 200 87609 "-" "Mozilla/5.0 AppleWebKit/537.36 (KHTML, like Gecko; compatible; bingbot/2.0; +http://www.bing.com/bingbot.htm) Chrome/100.0.4896.127 Safari/537.36"
17.241.219.192 - - [14/May/2023:22:39:34 +0200] "GET /images/big_prod_1/3281642335324B.jpg HTTP/1.0" 200 271 "-" "Mozilla/5.0 (Macintosh; Intel Mac OS X 10_15_5) AppleWebKit/605.1.15 (KHTML, like Gecko) Version/13.1.1 Safari/605.1.15 (Applebot/0.1; +http://www.apple.com/go/applebot)"
66.249.66.80 - - [14/May/2023:22:39:50 +0200] "GET /incense-rose-grams-about-sticks-p-52436.html HTTP/1.0" 200 76241 "-" "Mozilla/5.0 (Linux; Android 6.0.1; Nexus 5X Build/MMB29P) AppleWebKit/537.36 (KHTML, like Gecko) Chrome/112.0.5615.142 Mobile Safari/537.36 (compatible; Googlebot/2.1; +http://www.google.com/bot.html)"
66.249.66.3 - - [14/May/2023:22:39:52 +0200] "GET /earrings-c-3_242.html HTTP/1.0" 200 86263 "-" "Mozilla/5.0 (Linux; Android 6.0.1; Nexus 5X Build/MMB29P) AppleWebKit/537.36 (KHTML, like Gecko) Chrome/112.0.5615.142 Mobile Safari/537.36 (compatible; Googlebot/2.1; +http://www.google.com/bot.html)"
106.55.254.60 - - [14/May/2023:22:41:05 +0200] "GET /images/mini_prod/3565750196443.jpg HTTP/1.0" 200 269 "-" "Mozilla/5.0 (X11; Ubuntu; Linux x86_64; rv:72.0) Gecko/20100101 Firefox/72.0"
69.171.251.1 - - [14/May/2023:22:42:03 +0200] "GET /images/mini_prod/3520071393056.jpg HTTP/1.0" 200 269 "-" "Mozilla/5.0 (X11; Ubuntu; Linux x86_64; rv:72.0) Gecko/20100101 Firefox/72.0"
195.188.181.2 - - [14/May/2023:22:42:11 +0200] "GET /images/big_prod_1/1345544823234b.jpg HTTP/1.0" 200 271 "-" "Mozilla/5.0 (X11; Ubuntu; Linux x86_64; rv:72.0) Gecko/20100101 Firefox/72.0"
66.249.66.42 - - [14/May/2023:22:42:15 +0200] "GET /mareva-coated-tablecloth-grey-orange-p-44310.html HTTP/1.0" 200 76120 "-" "Mozilla/5.0 (Linux; Android 6.0.1; Nexus 5X Build/MMB29P) AppleWebKit/537.36 (KHTML, like Gecko) Chrome/112.0.5615.142 Mobile Safari/537.36 (compatible; Googlebot/2.1; +http://www.google.com/bot.html)"
129.204.105.50 - - [14/May/2023:22:42:24 +0200] "GET /images/mini_prod/8422042330211pouf.jpg HTTP/1.0" 200 273 "-" "Mozilla/5.0 (X11; Ubuntu; Linux x86_64; rv:72.0) Gecko/20100101 Firefox/72.0"
66.249.66.42 - - [14/May/2023:22:42:39 +0200] "GET /pillow-case-organic-cotton-eucalyptus-p-58621.html HTTP/1.0" 200 77420 "-" "Mozilla/5.0 (compatible; Googlebot/2.1; +http://www.google.com/bot.html)"
66.249.66.80 - - [14/May/2023:22:42:41 +0200] "GET /wise-wings-keychain-p-51827.html HTTP/1.0" 200 76857 "-" "Mozilla/5.0 (compatible; Googlebot/2.1; +http://www.google.com/bot.html)"
185.191.171.10 - - [14/May/2023:22:43:44 +0200] "GET /robots.txt HTTP/1.0" 200 245 "-" "Mozilla/5.0 (compatible; SemrushBot/7~bl; +http://www.semrush.com/bot.html)"
185.191.171.37 - - [14/May/2023:22:43:46 +0200] "GET /specials.php?page=31 HTTP/1.0" 200 120680 "-" "Mozilla/5.0 (compatible; SemrushBot/7~bl; +http://www.semrush.com/bot.html)"
47.100.137.161 - - [14/May/2023:22:44:25 +0200] "GET /images/mini_prod/8435306269776.jpg HTTP/1.0" 200 269 "-" "Mozilla/5.0 (X11; Ubuntu; Linux x86_64; rv:72.0) Gecko/20100101 Firefox/72.0"
73.87.57.242 - - [14/May/2023:22:45:03 +0200] "GET /fishes-ceramic-butter-dish-p-51416.html HTTP/1.0" 200 73418 "https://duckduckgo.com/" "Mozilla/5.0 (Macintosh; Intel Mac OS X 10_15) AppleWebKit/605.1.15 (KHTML, like Gecko) Version/16.2 DuckDuckGo/7 Safari/605.1.15"
73.87.57.242 - - [14/May/2023:22:45:04 +0200] "GET /templates/Pixame_v1/stylesheet.css HTTP/1.0" 200 267 "http://www.wonder-geek.com/fishes-ceramic-butter-dish-p-51416.html" "Mozilla/5.0 (Macintosh; Intel Mac OS X 10_15) AppleWebKit/605.1.15 (KHTML, like Gecko) Version/16.2 DuckDuckGo/7 Safari/605.1.15"
73.87.57.242 - - [14/May/2023:22:45:04 +0200] "GET /js/jquery.jqzoom.js HTTP/1.0" 200 259 "http://www.wonder-geek.com/fishes-ceramic-butter-dish-p-51416.html" "Mozilla/5.0 (Macintosh; Intel Mac OS X 10_15) AppleWebKit/605.1.15 (KHTML, like Gecko) Version/16.2 DuckDuckGo/7 Safari/605.1.15"
73.87.57.242 - - [14/May/2023:22:45:04 +0200] "GET /highslide/highslide.js HTTP/1.0" 200 262 "http://www.wonder-geek.com/fishes-ceramic-butter-dish-p-51416.html" "Mozilla/5.0 (Macintosh; Intel Mac OS X 10_15) AppleWebKit/605.1.15 (KHTML, like Gecko) Version/16.2 DuckDuckGo/7 Safari/605.1.15"
73.87.57.242 - - [14/May/2023:22:45:04 +0200] "GET /js/jquery.js HTTP/1.0" 200 252 "http://www.wonder-geek.com/fishes-ceramic-butter-dish-p-51416.html" "Mozilla/5.0 (Macintosh; Intel Mac OS X 10_15) AppleWebKit/605.1.15 (KHTML, like Gecko) Version/16.2 DuckDuckGo/7 Safari/605.1.15"
73.87.57.242 - - [14/May/2023:22:45:04 +0200] "GET /mondial_relay/js/jquery-1.3.2.min.js HTTP/1.0" 200 276 "http://www.wonder-geek.com/fishes-ceramic-butter-dish-p-51416.html" "Mozilla/5.0 (Macintosh; Intel Mac OS X 10_15) AppleWebKit/605.1.15 (KHTML, like Gecko) Version/16.2 DuckDuckGo/7 Safari/605.1.15"
73.87.57.242 - - [14/May/2023:22:45:05 +0200] "GET /swfobject.js HTTP/1.0" 404 1308 "http://www.wonder-geek.com/fishes-ceramic-butter-dish-p-51416.html" "Mozilla/5.0 (Macintosh; Intel Mac OS X 10_15) AppleWebKit/605.1.15 (KHTML, like Gecko) Version/16.2 DuckDuckGo/7 Safari/605.1.15"
73.87.57.242 - - [14/May/2023:22:45:06 +0200] "GET /templates/Pixame_v1/images/icon_accueil2.png HTTP/1.0" 200 278 "http://www.wonder-geek.com/fishes-ceramic-butter-dish-p-51416.html" "Mozilla/5.0 (Macintosh; Intel Mac OS X 10_15) AppleWebKit/605.1.15 (KHTML, like Gecko) Version/16.2 DuckDuckGo/7 Safari/605.1.15"
73.87.57.242 - - [14/May/2023:22:45:06 +0200] "GET /templates/Pixame_v1/images/infobox/pixel_trans.gif HTTP/1.0" 200 328 "http://www.wonder-geek.com/fishes-ceramic-butter-dish-p-51416.html" "Mozilla/5.0 (Macintosh; Intel Mac OS X 10_15) AppleWebKit/605.1.15 (KHTML, like Gecko) Version/16.2 DuckDuckGo/7 Safari/605.1.15"
73.87.57.242 - - [14/May/2023:22:45:06 +0200] "GET /images/pixel_trans.gif HTTP/1.0" 200 328 "http://www.wonder-geek.com/fishes-ceramic-butter-dish-p-51416.html" "Mozilla/5.0 (Macintosh; Intel Mac OS X 10_15) AppleWebKit/605.1.15 (KHTML, like Gecko) Version/16.2 DuckDuckGo/7 Safari/605.1.15"
73.87.57.242 - - [14/May/2023:22:45:06 +0200] "GET /templates/Pixame_v1/images/pixel_trans.gif HTTP/1.0" 200 328 "http://www.wonder-geek.com/fishes-ceramic-butter-dish-p-51416.html" "Mozilla/5.0 (Macintosh; Intel Mac OS X 10_15) AppleWebKit/605.1.15 (KHTML, like Gecko) Version/16.2 DuckDuckGo/7 Safari/605.1.15"
73.87.57.242 - - [14/May/2023:22:45:06 +0200] "GET /templates/Pixame_v1/images/buttons/english/button_continue.gif HTTP/1.0" 200 1264 "http://www.wonder-geek.com/fishes-ceramic-butter-dish-p-51416.html" "Mozilla/5.0 (Macintosh; Intel Mac OS X 10_15) AppleWebKit/605.1.15 (KHTML, like Gecko) Version/16.2 DuckDuckGo/7 Safari/605.1.15"
73.87.57.242 - - [14/May/2023:22:45:07 +0200] "GET /templates/Pixame_v1/images/Bottom_texture.jpg HTTP/1.0" 200 280 "http://www.wonder-geek.com/fishes-ceramic-butter-dish-p-51416.html" "Mozilla/5.0 (Macintosh; Intel Mac OS X 10_15) AppleWebKit/605.1.15 (KHTML, like Gecko) Version/16.2 DuckDuckGo/7 Safari/605.1.15"
73.87.57.242 - - [14/May/2023:22:45:07 +0200] "GET /templates/Pixame_v1/images/nav.png HTTP/1.0" 200 268 "http://www.wonder-geek.com/fishes-ceramic-butter-dish-p-51416.html" "Mozilla/5.0 (Macintosh; Intel Mac OS X 10_15) AppleWebKit/605.1.15 (KHTML, like Gecko) Version/16.2 DuckDuckGo/7 Safari/605.1.15"
73.87.57.242 - - [14/May/2023:22:45:07 +0200] "GET /templates/Pixame_v1/images/Middle_texture.jpg HTTP/1.0" 200 280 "http://www.wonder-geek.com/fishes-ceramic-butter-dish-p-51416.html" "Mozilla/5.0 (Macintosh; Intel Mac OS X 10_15) AppleWebKit/605.1.15 (KHTML, like Gecko) Version/16.2 DuckDuckGo/7 Safari/605.1.15"
73.87.57.242 - - [14/May/2023:22:45:07 +0200] "GET /design/productsenstock.png HTTP/1.0" 200 260 "http://www.wonder-geek.com/fishes-ceramic-butter-dish-p-51416.html" "Mozilla/5.0 (Macintosh; Intel Mac OS X 10_15) AppleWebKit/605.1.15 (KHTML, like Gecko) Version/16.2 DuckDuckGo/7 Safari/605.1.15"
73.87.57.242 - - [14/May/2023:22:45:07 +0200] "GET /templates/Pixame_v1/images/header.png HTTP/1.0" 200 271 "http://www.wonder-geek.com/fishes-ceramic-butter-dish-p-51416.html" "Mozilla/5.0 (Macintosh; Intel Mac OS X 10_15) AppleWebKit/605.1.15 (KHTML, like Gecko) Version/16.2 DuckDuckGo/7 Safari/605.1.15"
73.87.57.242 - - [14/May/2023:22:45:07 +0200] "GET /templates/Pixame_v1/images/infobox/infobox_footer_middle.gif HTTP/1.0" 200 357 "http://www.wonder-geek.com/fishes-ceramic-butter-dish-p-51416.html" "Mozilla/5.0 (Macintosh; Intel Mac OS X 10_15) AppleWebKit/605.1.15 (KHTML, like Gecko) Version/16.2 DuckDuckGo/7 Safari/605.1.15"
73.87.57.242 - - [14/May/2023:22:45:07 +0200] "GET /templates/Pixame_v1/images/header-object.png HTTP/1.0" 200 278 "http://www.wonder-geek.com/fishes-ceramic-butter-dish-p-51416.html" "Mozilla/5.0 (Macintosh; Intel Mac OS X 10_15) AppleWebKit/605.1.15 (KHTML, like Gecko) Version/16.2 DuckDuckGo/7 Safari/605.1.15"
73.87.57.242 - - [14/May/2023:22:45:08 +0200] "GET /favicon.ico HTTP/1.0" 200 260 "-" "Mozilla/5.0 (iPad; CPU OS 16_2 like Mac OS X) AppleWebKit/605.1.15 (KHTML, like Gecko) Version/16.2 Mobile/15E148 DuckDuckGo/7 Safari/605.1.15"
73.87.57.242 - - [14/May/2023:22:45:09 +0200] "GET /highslide/graphics/outlines/drop-shadow.png HTTP/1.0" 200 277 "http://www.wonder-geek.com/fishes-ceramic-butter-dish-p-51416.html" "Mozilla/5.0 (Macintosh; Intel Mac OS X 10_15) AppleWebKit/605.1.15 (KHTML, like Gecko) Version/16.2 DuckDuckGo/7 Safari/605.1.15"
73.87.57.242 - - [14/May/2023:22:45:09 +0200] "GET /highslide/graphics/zoomout.cur HTTP/1.0" 200 614 "http://www.wonder-geek.com/fishes-ceramic-butter-dish-p-51416.html" "Mozilla/5.0 (Macintosh; Intel Mac OS X 10_15) AppleWebKit/605.1.15 (KHTML, like Gecko) Version/16.2 DuckDuckGo/7 Safari/605.1.15"
73.87.57.242 - - [14/May/2023:22:45:09 +0200] "GET /highslide/graphics/loader.white.gif HTTP/1.0" 200 960 "http://www.wonder-geek.com/fishes-ceramic-butter-dish-p-51416.html" "Mozilla/5.0 (Macintosh; Intel Mac OS X 10_15) AppleWebKit/605.1.15 (KHTML, like Gecko) Version/16.2 DuckDuckGo/7 Safari/605.1.15"
52.146.58.236 - - [14/May/2023:22:45:20 +0200] "GET /images/big_prod/3503420111143.jpg HTTP/1.0" 200 268 "-" "DuckDuckBot/1.1; (+http://duckduckgo.com/duckduckbot.html)"
149.6.140.106 - - [14/May/2023:22:46:51 +0200] "GET /images/mini_prod/060207_230354_PEEL_eb7VzU.jpg HTTP/1.0" 200 281 "-" "Mozilla/5.0 (X11; Ubuntu; Linux x86_64; rv:72.0) Gecko/20100101 Firefox/72.0"
66.249.66.81 - - [14/May/2023:22:47:17 +0200] "GET /paradise-bedclothes-p-52089.html HTTP/1.0" 200 76010 "-" "Mozilla/5.0 (Linux; Android 6.0.1; Nexus 5X Build/MMB29P) AppleWebKit/537.36 (KHTML, like Gecko) Chrome/112.0.5615.142 Mobile Safari/537.36 (compatible; Googlebot/2.1; +http://www.google.com/bot.html)"
40.77.167.83 - - [14/May/2023:22:47:18 +0200] "GET /decorative-word-wood-p-60411.html HTTP/1.0" 200 76705 "-" "Mozilla/5.0 AppleWebKit/537.36 (KHTML, like Gecko; compatible; bingbot/2.0; +http://www.bing.com/bingbot.htm) Chrome/103.0.5060.134 Safari/537.36"
174.202.234.171 - - [14/May/2023:22:48:10 +0200] "GET /salt-made-ceramic-wood-p-57360.html HTTP/1.0" 200 76865 "https://www.google.com/" "Mozilla/5.0 (iPhone; CPU iPhone OS 15_6_1 like Mac OS X) AppleWebKit/605.1.15 (KHTML, like Gecko) Version/15.6.1 Mobile/15E148 Safari/604.1"
174.202.234.171 - - [14/May/2023:22:48:12 +0200] "GET /templates/Pixame_v1/stylesheet.css HTTP/1.0" 200 267 "http://www.wonder-geek.com/salt-made-ceramic-wood-p-57360.html" "Mozilla/5.0 (iPhone; CPU iPhone OS 15_6_1 like Mac OS X) AppleWebKit/605.1.15 (KHTML, like Gecko) Version/15.6.1 Mobile/15E148 Safari/604.1"
174.202.234.171 - - [14/May/2023:22:48:12 +0200] "GET /highslide/highslide.js HTTP/1.0" 200 262 "http://www.wonder-geek.com/salt-made-ceramic-wood-p-57360.html" "Mozilla/5.0 (iPhone; CPU iPhone OS 15_6_1 like Mac OS X) AppleWebKit/605.1.15 (KHTML, like Gecko) Version/15.6.1 Mobile/15E148 Safari/604.1"
174.202.234.171 - - [14/May/2023:22:48:12 +0200] "GET /js/jquery.js HTTP/1.0" 200 252 "http://www.wonder-geek.com/salt-made-ceramic-wood-p-57360.html" "Mozilla/5.0 (iPhone; CPU iPhone OS 15_6_1 like Mac OS X) AppleWebKit/605.1.15 (KHTML, like Gecko) Version/15.6.1 Mobile/15E148 Safari/604.1"
174.202.234.171 - - [14/May/2023:22:48:12 +0200] "GET /mondial_relay/js/jquery-1.3.2.min.js HTTP/1.0" 200 276 "http://www.wonder-geek.com/salt-made-ceramic-wood-p-57360.html" "Mozilla/5.0 (iPhone; CPU iPhone OS 15_6_1 like Mac OS X) AppleWebKit/605.1.15 (KHTML, like Gecko) Version/15.6.1 Mobile/15E148 Safari/604.1"
174.202.234.171 - - [14/May/2023:22:48:12 +0200] "GET /js/jquery.jqzoom.js HTTP/1.0" 200 259 "http://www.wonder-geek.com/salt-made-ceramic-wood-p-57360.html" "Mozilla/5.0 (iPhone; CPU iPhone OS 15_6_1 like Mac OS X) AppleWebKit/605.1.15 (KHTML, like Gecko) Version/15.6.1 Mobile/15E148 Safari/604.1"
8.218.75.45 - - [14/May/2023:22:48:12 +0200] "GET /images/mini_prod/8435465002344.jpg HTTP/1.0" 200 269 "-" "aria2/1.35.0"
174.202.234.171 - - [14/May/2023:22:48:12 +0200] "GET /swfobject.js HTTP/1.0" 404 1308 "http://www.wonder-geek.com/salt-made-ceramic-wood-p-57360.html" "Mozilla/5.0 (iPhone; CPU iPhone OS 15_6_1 like Mac OS X) AppleWebKit/605.1.15 (KHTML, like Gecko) Version/15.6.1 Mobile/15E148 Safari/604.1"
174.202.234.171 - - [14/May/2023:22:48:13 +0200] "GET /templates/Pixame_v1/images/icon_accueil2.png HTTP/1.0" 200 278 "http://www.wonder-geek.com/salt-made-ceramic-wood-p-57360.html" "Mozilla/5.0 (iPhone; CPU iPhone OS 15_6_1 like Mac OS X) AppleWebKit/605.1.15 (KHTML, like Gecko) Version/15.6.1 Mobile/15E148 Safari/604.1"
174.202.234.171 - - [14/May/2023:22:48:13 +0200] "GET /templates/Pixame_v1/images/infobox/pixel_trans.gif HTTP/1.0" 200 328 "http://www.wonder-geek.com/salt-made-ceramic-wood-p-57360.html" "Mozilla/5.0 (iPhone; CPU iPhone OS 15_6_1 like Mac OS X) AppleWebKit/605.1.15 (KHTML, like Gecko) Version/15.6.1 Mobile/15E148 Safari/604.1"
174.202.234.171 - - [14/May/2023:22:48:13 +0200] "GET /templates/Pixame_v1/images/Bottom_texture.jpg HTTP/1.0" 200 280 "http://www.wonder-geek.com/salt-made-ceramic-wood-p-57360.html" "Mozilla/5.0 (iPhone; CPU iPhone OS 15_6_1 like Mac OS X) AppleWebKit/605.1.15 (KHTML, like Gecko) Version/15.6.1 Mobile/15E148 Safari/604.1"
174.202.234.171 - - [14/May/2023:22:48:13 +0200] "GET /templates/Pixame_v1/images/pixel_trans.gif HTTP/1.0" 200 328 "http://www.wonder-geek.com/salt-made-ceramic-wood-p-57360.html" "Mozilla/5.0 (iPhone; CPU iPhone OS 15_6_1 like Mac OS X) AppleWebKit/605.1.15 (KHTML, like Gecko) Version/15.6.1 Mobile/15E148 Safari/604.1"
174.202.234.171 - - [14/May/2023:22:48:13 +0200] "GET /templates/Pixame_v1/images/nav.png HTTP/1.0" 200 268 "http://www.wonder-geek.com/salt-made-ceramic-wood-p-57360.html" "Mozilla/5.0 (iPhone; CPU iPhone OS 15_6_1 like Mac OS X) AppleWebKit/605.1.15 (KHTML, like Gecko) Version/15.6.1 Mobile/15E148 Safari/604.1"
174.202.234.171 - - [14/May/2023:22:48:13 +0200] "GET /images/big_prod_2/8424345981817b.jpg HTTP/1.0" 200 271 "http://www.wonder-geek.com/salt-made-ceramic-wood-p-57360.html" "Mozilla/5.0 (iPhone; CPU iPhone OS 15_6_1 like Mac OS X) AppleWebKit/605.1.15 (KHTML, like Gecko) Version/15.6.1 Mobile/15E148 Safari/604.1"
174.202.234.171 - - [14/May/2023:22:48:13 +0200] "GET /templates/Pixame_v1/images/Middle_texture.jpg HTTP/1.0" 200 280 "http://www.wonder-geek.com/salt-made-ceramic-wood-p-57360.html" "Mozilla/5.0 (iPhone; CPU iPhone OS 15_6_1 like Mac OS X) AppleWebKit/605.1.15 (KHTML, like Gecko) Version/15.6.1 Mobile/15E148 Safari/604.1"
174.202.234.171 - - [14/May/2023:22:48:13 +0200] "GET /images/big_prod/8424345981817.jpg HTTP/1.0" 200 268 "http://www.wonder-geek.com/salt-made-ceramic-wood-p-57360.html" "Mozilla/5.0 (iPhone; CPU iPhone OS 15_6_1 like Mac OS X) AppleWebKit/605.1.15 (KHTML, like Gecko) Version/15.6.1 Mobile/15E148 Safari/604.1"
174.202.234.171 - - [14/May/2023:22:48:13 +0200] "GET /templates/Pixame_v1/images/header.png HTTP/1.0" 200 271 "http://www.wonder-geek.com/salt-made-ceramic-wood-p-57360.html" "Mozilla/5.0 (iPhone; CPU iPhone OS 15_6_1 like Mac OS X) AppleWebKit/605.1.15 (KHTML, like Gecko) Version/15.6.1 Mobile/15E148 Safari/604.1"
174.202.234.171 - - [14/May/2023:22:48:14 +0200] "GET /images/big_prod_1/8424345981817a.jpg HTTP/1.0" 200 271 "http://www.wonder-geek.com/salt-made-ceramic-wood-p-57360.html" "Mozilla/5.0 (iPhone; CPU iPhone OS 15_6_1 like Mac OS X) AppleWebKit/605.1.15 (KHTML, like Gecko) Version/15.6.1 Mobile/15E148 Safari/604.1"
