216.244.66.242 - - [14/May/2023:07:59:50 +0200] "GET /marvel-avengers-backpack-p-36231.html HTTP/1.0" 200 76158 "-" "Mozilla/5.0 (compatible; DotBot/1.2; +https://opensiteexplorer.org/dotbot; help@moz.com)"
216.244.66.242 - - [14/May/2023:08:01:05 +0200] "GET /austria-mousepad-cbkreation-p-36711.html HTTP/1.0" 200 75754 "-" "Mozilla/5.0 (compatible; DotBot/1.2; +https://opensiteexplorer.org/dotbot; help@moz.com)"
216.244.66.242 - - [14/May/2023:08:01:14 +0200] "GET /protective-cover-cotton-fleece-p-53658.html HTTP/1.0" 200 73466 "-" "Mozilla/5.0 (compatible; DotBot/1.2; +https://opensiteexplorer.org/dotbot; help@moz.com)"
216.244.66.242 - - [14/May/2023:08:01:22 +0200] "GET /samura-toilet-brush-p-41941.html HTTP/1.0" 200 73413 "-" "Mozilla/5.0 (compatible; DotBot/1.2; +https://opensiteexplorer.org/dotbot; help@moz.com)"
216.244.66.242 - - [14/May/2023:08:02:30 +0200] "GET /austin-mini-british-beat-metal-plate-p-37149.html HTTP/1.0" 200 76150 "-" "Mozilla/5.0 (compatible; DotBot/1.2; +https://opensiteexplorer.org/dotbot; help@moz.com)"
216.244.66.242 - - [14/May/2023:08:02:37 +0200] "GET /decorative-statuette-monkey-baby-p-51562.html HTTP/1.0" 200 76187 "-" "Mozilla/5.0 (compatible; DotBot/1.2; +https://opensiteexplorer.org/dotbot; help@moz.com)"
216.244.66.242 - - [14/May/2023:08:02:42 +0200] "GET /dolce-vita-white-women-shirt-p-30956.html HTTP/1.0" 200 78249 "-" "Mozilla/5.0 (compatible; DotBot/1.2; +https://opensiteexplorer.org/dotbot; help@moz.com)"
216.244.66.242 - - [14/May/2023:08:02:48 +0200] "GET /images/3609810021976.jpg HTTP/1.0" 200 259 "-" "Mozilla/5.0 (compatible; DotBot/1.2; +https://opensiteexplorer.org/dotbot; help@moz.com)"
216.244.66.242 - - [14/May/2023:08:02:51 +0200] "GET /images/3609810023970.jpg HTTP/1.0" 200 259 "-" "Mozilla/5.0 (compatible; DotBot/1.2; +https://opensiteexplorer.org/dotbot; help@moz.com)"
216.244.66.242 - - [14/May/2023:08:02:55 +0200] "GET /images/4010070202095.jpg HTTP/1.0" 200 259 "-" "Mozilla/5.0 (compatible; DotBot/1.2; +https://opensiteexplorer.org/dotbot; help@moz.com)"
216.244.66.242 - - [14/May/2023:08:03:02 +0200] "GET /images/76010199915201.jpg HTTP/1.0" 200 260 "-" "Mozilla/5.0 (compatible; DotBot/1.2; +https://opensiteexplorer.org/dotbot; help@moz.com)"
185.191.171.24 - - [14/May/2023:08:03:01 +0200] "GET /giulia-bedclothes-p-44050.html HTTP/1.0" 200 73394 "-" "Mozilla/5.0 (compatible; SemrushBot/7~bl; +http://www.semrush.com/bot.html)"
216.244.66.242 - - [14/May/2023:08:03:06 +0200] "GET /images/7601019994545.jpg HTTP/1.0" 200 259 "-" "Mozilla/5.0 (compatible; DotBot/1.2; +https://opensiteexplorer.org/dotbot; help@moz.com)"
216.244.66.242 - - [14/May/2023:08:03:10 +0200] "GET /images/8003990631232.jpg HTTP/1.0" 200 259 "-" "Mozilla/5.0 (compatible; DotBot/1.2; +https://opensiteexplorer.org/dotbot; help@moz.com)"
216.244.66.242 - - [14/May/2023:08:03:18 +0200] "GET /sixtine-plaid-p-51300.html HTTP/1.0" 200 76660 "-" "Mozilla/5.0 (compatible; DotBot/1.2; +https://opensiteexplorer.org/dotbot; help@moz.com)"
106.52.146.234 - - [14/May/2023:08:03:28 +0200] "GET /images/D5411217321171.jpg HTTP/1.0" 200 260 "-" "Mozilla/5.0 (X11; Ubuntu; Linux x86_64; rv:72.0) Gecko/20100101 Firefox/72.0"
42.194.240.167 - - [14/May/2023:08:04:05 +0200] "GET /images/mini_prod/8003990585733b.jpg HTTP/1.0" 200 270 "-" "Mozilla/5.0 (X11; Ubuntu; Linux x86_64; rv:72.0) Gecko/20100101 Firefox/72.0"
47.100.137.161 - - [14/May/2023:08:04:49 +0200] "GET /images/mini_prod/1384000000307.jpg HTTP/1.0" 200 269 "-" "Mozilla/5.0 (X11; Ubuntu; Linux x86_64; rv:72.0) Gecko/20100101 Firefox/72.0"
66.249.69.74 - - [14/May/2023:08:05:59 +0200] "GET /bamboo-fiber-plant-cover-p-54407.html HTTP/1.0" 200 76598 "-" "Mozilla/5.0 (compatible; Googlebot/2.1; +http://www.google.com/bot.html)"
51.68.224.127 - - [14/May/2023:08:06:03 +0200] "GET /adminweb/export_orders_xml.php?token=256de2z6edz6ed2z6DFSFsed2zed6zeDSFDSGdzedezfzf&maxorders=10&orderstart=1&status=14&start_date=2018-10-01 HTTP/1.0" 200 285 "-" "GesCom CharlotteBoutik Serveur"
51.68.224.127 - - [14/May/2023:08:06:03 +0200] "GET /adminweb/export_orders_xml.php?token=256de2z6edz6ed2z6DFSFsed2zed6zeDSFDSGdzedezfzf&maxorders=10&orderstart=1&status=6&start_date=2018-10-01 HTTP/1.0" 200 33887 "-" "GesCom CharlotteBoutik Serveur"
40.77.167.83 - - [14/May/2023:08:06:32 +0200] "GET /office-items-c-97_100.html HTTP/1.0" 200 93384 "-" "Mozilla/5.0 AppleWebKit/537.36 (KHTML, like Gecko; compatible; bingbot/2.0; +http://www.bing.com/bingbot.htm) Chrome/103.0.5060.134 Safari/537.36"
8.218.75.45 - - [14/May/2023:08:07:16 +0200] "GET /images/mini_prod/1399984254943.jpg HTTP/1.0" 200 269 "-" "aria2/1.35.0"
66.249.69.70 - - [14/May/2023:08:07:52 +0200] "GET /heart-home-friendly-stick-diffuser-spices-vanilla-p-58957.html HTTP/1.0" 200 77565 "-" "Mozilla/5.0 (Linux; Android 6.0.1; Nexus 5X Build/MMB29P) AppleWebKit/537.36 (KHTML, like Gecko) Chrome/112.0.5615.142 Mobile Safari/537.36 (compatible; Googlebot/2.1; +http://www.google.com/bot.html)"
106.52.249.139 - - [14/May/2023:08:08:40 +0200] "GET /images/mini_prod/8435107822361.jpg HTTP/1.0" 404 1308 "-" "Mozilla/5.0 (X11; Ubuntu; Linux x86_64; rv:72.0) Gecko/20100101 Firefox/72.0"
81.71.94.236 - - [14/May/2023:08:08:41 +0200] "GET /images/mini_prod/8435107822361.jpg HTTP/1.0" 404 1308 "-" "Mozilla/5.0 (X11; Ubuntu; Linux x86_64; rv:72.0) Gecko/20100101 Firefox/72.0"
185.191.171.40 - - [14/May/2023:08:09:01 +0200] "GET /vive-paris-hairbrush-p-20208.html HTTP/1.0" 200 75951 "-" "Mozilla/5.0 (compatible; SemrushBot/7~bl; +http://www.semrush.com/bot.html)"
185.191.171.17 - - [14/May/2023:08:09:17 +0200] "GET /quebec-cbkreation-p-13977.html HTTP/1.0" 200 75926 "-" "Mozilla/5.0 (compatible; SemrushBot/7~bl; +http://www.semrush.com/bot.html)"
66.249.69.74 - - [14/May/2023:08:11:03 +0200] "GET /lille-losc-p-50783.html HTTP/1.0" 200 76738 "-" "Mozilla/5.0 (Linux; Android 6.0.1; Nexus 5X Build/MMB29P) AppleWebKit/537.36 (KHTML, like Gecko) Chrome/112.0.5615.142 Mobile Safari/537.36 (compatible; Googlebot/2.1; +http://www.google.com/bot.html)"
66.249.69.72 - - [14/May/2023:08:11:26 +0200] "GET /bicycle-pendulum-clock-allen-p-53181.html HTTP/1.0" 200 76980 "-" "Mozilla/5.0 (compatible; Googlebot/2.1; +http://www.google.com/bot.html)"
66.249.69.72 - - [14/May/2023:08:11:27 +0200] "GET /wise-wings-owl-keychain-p-51826.html HTTP/1.0" 301 76943 "-" "Mozilla/5.0 (compatible; Googlebot/2.1; +http://www.google.com/bot.html)"
66.249.69.72 - - [14/May/2023:08:11:29 +0200] "GET /wise-wings-keychain-p-51826.html HTTP/1.0" 200 76857 "-" "Mozilla/5.0 (compatible; Googlebot/2.1; +http://www.google.com/bot.html)"
185.191.171.5 - - [14/May/2023:08:12:54 +0200] "GET /pink-piggy-bank-premire-tirelire-p-44652.html HTTP/1.0" 200 75977 "-" "Mozilla/5.0 (compatible; SemrushBot/7~bl; +http://www.semrush.com/bot.html)"
139.199.162.133 - - [14/May/2023:08:13:52 +0200] "GET /images/mini_prod/3609810034013.jpg HTTP/1.0" 200 269 "-" "Mozilla/5.0 (X11; Ubuntu; Linux x86_64; rv:72.0) Gecko/20100101 Firefox/72.0"
66.249.69.72 - - [14/May/2023:08:14:02 +0200] "GET /figurine-study-painting-mucha-p-48786.html HTTP/1.0" 200 77064 "-" "Mozilla/5.0 (compatible; Googlebot/2.1; +http://www.google.com/bot.html)"
66.249.69.70 - - [14/May/2023:08:14:46 +0200] "GET /disney-princess-aurora-jacket-p-31248.html HTTP/1.0" 200 77349 "-" "Mozilla/5.0 (Linux; Android 6.0.1; Nexus 5X Build/MMB29P) AppleWebKit/537.36 (KHTML, like Gecko) Chrome/112.0.5615.142 Mobile Safari/537.36 (compatible; Googlebot/2.1; +http://www.google.com/bot.html)"
66.249.69.70 - - [14/May/2023:08:14:52 +0200] "GET /disney-princess-aurora-jacket-p-31248.html HTTP/1.0" 200 77349 "-" "Mozilla/5.0 (compatible; Googlebot/2.1; +http://www.google.com/bot.html)"
66.249.69.70 - - [14/May/2023:08:15:39 +0200] "GET /pastis-club-aperitif-p-57476.html HTTP/1.0" 200 76941 "-" "Mozilla/5.0 (Linux; Android 6.0.1; Nexus 5X Build/MMB29P) AppleWebKit/537.36 (KHTML, like Gecko) Chrome/112.0.5615.142 Mobile Safari/537.36 (compatible; Googlebot/2.1; +http://www.google.com/bot.html)"
185.176.78.178 - - [14/May/2023:08:15:50 +0200] "GET /images/mini_prod/1384010202036.jpg HTTP/1.0" 200 269 "-" "Mozilla/5.0 (X11; Ubuntu; Linux x86_64; rv:72.0) Gecko/20100101 Firefox/72.0"
66.249.69.70 - - [14/May/2023:08:16:26 +0200] "GET /thumper-blossom-figure-collection-p-51166.html HTTP/1.0" 200 77140 "-" "Mozilla/5.0 (compatible; Googlebot/2.1; +http://www.google.com/bot.html)"
54.236.1.13 - - [14/May/2023:08:17:44 +0200] "GET /images/8435306246654.jpg HTTP/1.0" 200 259 "-" "Mozilla/5.0 (compatible; Pinterestbot/1.0; +http://www.pinterest.com/bot.html)"
219.131.138.236 - - [14/May/2023:08:18:53 +0200] "GET /images/3700057119348.jpg HTTP/1.0" 200 259 "-" "Mozilla/5.0 (X11; Ubuntu; Linux x86_64; rv:72.0) Gecko/20100101 Firefox/72.0"
47.100.137.161 - - [14/May/2023:08:19:42 +0200] "GET /images/mini_prod/3660173149899.jpg HTTP/1.0" 200 269 "-" "Mozilla/5.0 (X11; Ubuntu; Linux x86_64; rv:72.0) Gecko/20100101 Firefox/72.0"
66.249.69.70 - - [14/May/2023:08:20:18 +0200] "GET /images/big_prod/3565750336566.jpg HTTP/1.0" 200 268 "-" "Googlebot-Image/1.0"
8.217.84.150 - - [14/May/2023:08:20:31 +0200] "GET /images/mini_prod/1300000022545.jpg HTTP/1.0" 200 269 "-" "aria2/1.35.0"
42.194.192.163 - - [14/May/2023:08:20:35 +0200] "GET /images/mini_prod/1399984283950.jpg HTTP/1.0" 200 269 "-" "Mozilla/5.0 (X11; Ubuntu; Linux x86_64; rv:72.0) Gecko/20100101 Firefox/72.0"
185.191.171.14 - - [14/May/2023:08:21:32 +0200] "GET /robots.txt HTTP/1.0" 200 245 "-" "Mozilla/5.0 (compatible; SemrushBot/7~bl; +http://www.semrush.com/bot.html)"
185.191.171.6 - - [14/May/2023:08:21:41 +0200] "GET /bamboo-salad-bowl-p-49328.html HTTP/1.0" 200 73394 "-" "Mozilla/5.0 (compatible; SemrushBot/7~bl; +http://www.semrush.com/bot.html)"
51.68.224.127 - - [14/May/2023:08:22:29 +0200] "GET /adminweb/export_orders_xml.php?token=256de2z6edz6ed2z6DFSFsed2zed6zeDSFDSGdzedezfzf&maxorders=10&orderstart=1&status=14&start_date=2018-10-01 HTTP/1.0" 200 285 "-" "GesCom CharlotteBoutik Serveur"
51.68.224.127 - - [14/May/2023:08:22:29 +0200] "GET /adminweb/export_orders_xml.php?token=256de2z6edz6ed2z6DFSFsed2zed6zeDSFDSGdzedezfzf&maxorders=10&orderstart=1&status=6&start_date=2018-10-01 HTTP/1.0" 200 33887 "-" "GesCom CharlotteBoutik Serveur"
8.217.84.150 - - [14/May/2023:08:23:04 +0200] "GET /images/mini_prod/1399984239810.jpg HTTP/1.0" 200 269 "-" "aria2/1.35.0"
66.249.69.74 - - [14/May/2023:08:24:54 +0200] "GET /cotton-floor-cushion-malanga-p-58406.html HTTP/1.0" 200 77170 "-" "Mozilla/5.0 (compatible; Googlebot/2.1; +http://www.google.com/bot.html)"
17.241.219.54 - - [14/May/2023:08:25:44 +0200] "GET /images/mini_prod/1384010202746.jpg HTTP/1.0" 200 269 "-" "Mozilla/5.0 (Macintosh; Intel Mac OS X 10_15_5) AppleWebKit/605.1.15 (KHTML, like Gecko) Version/13.1.1 Safari/605.1.15 (Applebot/0.1; +http://www.apple.com/go/applebot)"
66.249.69.72 - - [14/May/2023:08:26:26 +0200] "GET /wise-wings-owl-keychain-p-51826.html HTTP/1.0" 301 76943 "-" "Mozilla/5.0 (Linux; Android 6.0.1; Nexus 5X Build/MMB29P) AppleWebKit/537.36 (KHTML, like Gecko) Chrome/112.0.5615.142 Mobile Safari/537.36 (compatible; Googlebot/2.1; +http://www.google.com/bot.html)"
66.249.69.70 - - [14/May/2023:08:26:28 +0200] "GET /wise-wings-keychain-p-51826.html HTTP/1.0" 200 76857 "-" "Mozilla/5.0 (Linux; Android 6.0.1; Nexus 5X Build/MMB29P) AppleWebKit/537.36 (KHTML, like Gecko) Chrome/112.0.5615.142 Mobile Safari/537.36 (compatible; Googlebot/2.1; +http://www.google.com/bot.html)"
185.191.171.38 - - [14/May/2023:08:27:03 +0200] "GET /pendulum-color-silver-chrome-p-40956.html HTTP/1.0" 200 75942 "-" "Mozilla/5.0 (compatible; SemrushBot/7~bl; +http://www.semrush.com/bot.html)"
66.249.69.74 - - [14/May/2023:08:28:31 +0200] "GET /verity-rose-metal-keyrings-p-29182.html HTTP/1.0" 200 76667 "-" "Mozilla/5.0 (Linux; Android 6.0.1; Nexus 5X Build/MMB29P) AppleWebKit/537.36 (KHTML, like Gecko) Chrome/112.0.5615.142 Mobile Safari/537.36 (compatible; Googlebot/2.1; +http://www.google.com/bot.html)"
17.241.75.127 - - [14/May/2023:08:28:36 +0200] "GET /wall-coat-wooden-supports-p-52250.html HTTP/1.0" 200 76881 "-" "Mozilla/5.0 (Macintosh; Intel Mac OS X 10_15_5) AppleWebKit/605.1.15 (KHTML, like Gecko) Version/13.1.1 Safari/605.1.15 (Applebot/0.1; +http://www.apple.com/go/applebot)"
185.191.171.42 - - [14/May/2023:08:28:37 +0200] "GET /-p-42980.html HTTP/1.0" 200 73324 "-" "Mozilla/5.0 (compatible; SemrushBot/7~bl; +http://www.semrush.com/bot.html)"
216.244.66.242 - - [14/May/2023:08:28:54 +0200] "GET /robots.txt HTTP/1.0" 200 245 "-" "Mozilla/5.0 (compatible; DotBot/1.2; +https://opensiteexplorer.org/dotbot; help@moz.com)"
66.249.69.70 - - [14/May/2023:08:29:24 +0200] "GET /ceramic-incense-burner-p-58424.html HTTP/1.0" 200 76722 "-" "Mozilla/5.0 (compatible; Googlebot/2.1; +http://www.google.com/bot.html)"
17.241.227.142 - - [14/May/2023:08:29:41 +0200] "GET /pink-flamingo-ornament-p-38827.html HTTP/1.0" 200 73410 "-" "Mozilla/5.0 (Macintosh; Intel Mac OS X 10_15_5) AppleWebKit/605.1.15 (KHTML, like Gecko) Version/13.1.1 Safari/605.1.15 (Applebot/0.1; +http://www.apple.com/go/applebot)"
81.71.99.67 - - [14/May/2023:08:30:08 +0200] "GET /images/mini_prod/4036113101224.jpg HTTP/1.0" 200 269 "-" "Mozilla/5.0 (X11; Ubuntu; Linux x86_64; rv:72.0) Gecko/20100101 Firefox/72.0"
40.77.167.83 - - [14/May/2023:08:30:54 +0200] "GET /decoration-thermometers-c-13_145.html HTTP/1.0" 200 94141 "-" "Mozilla/5.0 AppleWebKit/537.36 (KHTML, like Gecko; compatible; bingbot/2.0; +http://www.bing.com/bingbot.htm) Chrome/103.0.5060.134 Safari/537.36"
147.92.153.12 - - [14/May/2023:08:31:18 +0200] "GET /images/big_prod/8435684220550.jpg HTTP/1.0" 200 268 "-" "Mozilla/5.0 (compatible; Linespider/1.1; +https://lin.ee/4dwXkTH)"
66.249.69.72 - - [14/May/2023:08:31:26 +0200] "GET /pucca-cap-54-cm-p-22266.html HTTP/1.0" 301 76038 "-" "Mozilla/5.0 (Linux; Android 6.0.1; Nexus 5X Build/MMB29P) AppleWebKit/537.36 (KHTML, like Gecko) Chrome/112.0.5615.142 Mobile Safari/537.36 (compatible; Googlebot/2.1; +http://www.google.com/bot.html)"
66.249.69.70 - - [14/May/2023:08:31:28 +0200] "GET /pucca-p-22266.html HTTP/1.0" 200 75966 "-" "Mozilla/5.0 (Linux; Android 6.0.1; Nexus 5X Build/MMB29P) AppleWebKit/537.36 (KHTML, like Gecko) Chrome/112.0.5615.142 Mobile Safari/537.36 (compatible; Googlebot/2.1; +http://www.google.com/bot.html)"
207.46.13.208 - - [14/May/2023:08:32:17 +0200] "GET /ceramic-butter-dish-sardella-collection-p-57258.html HTTP/1.0" 200 76818 "-" "Mozilla/5.0 AppleWebKit/537.36 (KHTML, like Gecko; compatible; bingbot/2.0; +http://www.bing.com/bingbot.htm) Chrome/103.0.5060.134 Safari/537.36"
129.82.147.216 - - [14/May/2023:08:32:26 +0200] "GET /images/mini_prod/8422360068315.jpg HTTP/1.0" 200 269 "-" "Mozilla/5.0 (X11; Ubuntu; Linux x86_64; rv:72.0) Gecko/20100101 Firefox/72.0"
129.204.31.216 - - [14/May/2023:08:32:39 +0200] "GET /images/mini_prod/3454231118800.jpg HTTP/1.0" 200 269 "-" "Mozilla/5.0 (X11; Ubuntu; Linux x86_64; rv:72.0) Gecko/20100101 Firefox/72.0"
216.244.66.242 - - [14/May/2023:08:33:19 +0200] "GET /good-point-c-13_150_151.html HTTP/1.0" 200 82477 "-" "Mozilla/5.0 (compatible; DotBot/1.2; +https://opensiteexplorer.org/dotbot; help@moz.com)"
216.244.66.242 - - [14/May/2023:08:33:35 +0200] "GET /perfumes-interior-c-231_234.html HTTP/1.0" 200 95011 "-" "Mozilla/5.0 (compatible; DotBot/1.2; +https://opensiteexplorer.org/dotbot; help@moz.com)"
185.191.171.14 - - [14/May/2023:08:33:43 +0200] "GET /-p-48860.html HTTP/1.0" 200 73324 "-" "Mozilla/5.0 (compatible; SemrushBot/7~bl; +http://www.semrush.com/bot.html)"
216.244.66.242 - - [14/May/2023:08:33:49 +0200] "GET /salt-boxes-jars-c-12_223.html HTTP/1.0" 200 92755 "-" "Mozilla/5.0 (compatible; DotBot/1.2; +https://opensiteexplorer.org/dotbot; help@moz.com)"
133.237.8.181 - - [14/May/2023:08:34:25 +0200] "GET /images/mini_prod/1384010190012.jpg HTTP/1.0" 200 269 "-" "Mozilla/5.0 (Windows NT 10.0; Win64; x64) AppleWebKit/537.36 (KHTML, like Gecko) Chrome/58.0.3029.110 Safari/537.36"
185.191.171.4 - - [14/May/2023:08:34:36 +0200] "GET /paris-bistro-salt-pepper-shakers-p-39545.html HTTP/1.0" 200 73450 "-" "Mozilla/5.0 (compatible; SemrushBot/7~bl; +http://www.semrush.com/bot.html)"
129.204.105.50 - - [14/May/2023:08:34:57 +0200] "GET /images/mini_prod/8033667001174.jpg HTTP/1.0" 200 269 "-" "Mozilla/5.0 (X11; Ubuntu; Linux x86_64; rv:72.0) Gecko/20100101 Firefox/72.0"
66.249.69.70 - - [14/May/2023:08:35:15 +0200] "GET /petit-coin-paradis-wall-sticker-p-39310.html HTTP/1.0" 200 76770 "-" "Mozilla/5.0 (compatible; Googlebot/2.1; +http://www.google.com/bot.html)"
81.71.94.236 - - [14/May/2023:08:35:33 +0200] "GET /images/mini_prod/3684225058342.jpg HTTP/1.0" 200 269 "-" "Mozilla/5.0 (X11; Ubuntu; Linux x86_64; rv:72.0) Gecko/20100101 Firefox/72.0"
81.71.99.91 - - [14/May/2023:08:35:46 +0200] "GET /images/mini_prod/8427787058703.jpg HTTP/1.0" 200 269 "-" "Mozilla/5.0 (X11; Ubuntu; Linux x86_64; rv:72.0) Gecko/20100101 Firefox/72.0"
66.249.69.74 - - [14/May/2023:08:36:26 +0200] "GET /thumper-blossom-figure-collection-p-51166.html HTTP/1.0" 200 77140 "-" "Mozilla/5.0 (Linux; Android 6.0.1; Nexus 5X Build/MMB29P) AppleWebKit/537.36 (KHTML, like Gecko) Chrome/112.0.5615.142 Mobile Safari/537.36 (compatible; Googlebot/2.1; +http://www.google.com/bot.html)"
185.191.171.8 - - [14/May/2023:08:37:47 +0200] "GET /sailors-cats-p-39826.html HTTP/1.0" 200 73387 "-" "Mozilla/5.0 (compatible; SemrushBot/7~bl; +http://www.semrush.com/bot.html)"
81.71.99.91 - - [14/May/2023:08:38:16 +0200] "GET /images/mini_prod/8433933198889.jpg HTTP/1.0" 200 269 "-" "Mozilla/5.0 (X11; Ubuntu; Linux x86_64; rv:72.0) Gecko/20100101 Firefox/72.0"
106.52.146.234 - - [14/May/2023:08:38:39 +0200] "GET /images/mini_prod/3560600282239.jpg HTTP/1.0" 200 269 "-" "Mozilla/5.0 (X11; Ubuntu; Linux x86_64; rv:72.0) Gecko/20100101 Firefox/72.0"
51.68.224.127 - - [14/May/2023:08:38:43 +0200] "GET /adminweb/export_orders_xml.php?token=256de2z6edz6ed2z6DFSFsed2zed6zeDSFDSGdzedezfzf&maxorders=10&orderstart=1&status=14&start_date=2018-10-01 HTTP/1.0" 200 285 "-" "GesCom CharlotteBoutik Serveur"
51.68.224.127 - - [14/May/2023:08:38:43 +0200] "GET /adminweb/export_orders_xml.php?token=256de2z6edz6ed2z6DFSFsed2zed6zeDSFDSGdzedezfzf&maxorders=10&orderstart=1&status=6&start_date=2018-10-01 HTTP/1.0" 200 33887 "-" "GesCom CharlotteBoutik Serveur"
121.30.179.57 - - [14/May/2023:08:39:03 +0200] "GET /images/mini_prod/8422142192443.jpg HTTP/1.0" 200 269 "-" "Mozilla/5.0 (X11; Ubuntu; Linux x86_64; rv:72.0) Gecko/20100101 Firefox/72.0"
66.249.69.70 - - [14/May/2023:08:39:19 +0200] "GET /images/big_prod_1/8719497614264a.jpg HTTP/1.0" 200 271 "-" "Googlebot-Image/1.0"
120.53.202.30 - - [14/May/2023:08:39:48 +0200] "GET /images/med_prod/3662468004678.jpg HTTP/1.0" 200 268 "-" "Mozilla/5.0 (X11; Ubuntu; Linux x86_64; rv:72.0) Gecko/20100101 Firefox/72.0"
66.249.69.70 - - [14/May/2023:08:39:46 +0200] "GET /daddy-little-princess-ariel-triton-figurine-p-45824.html HTTP/1.0" 200 78374 "-" "Mozilla/5.0 (Linux; Android 6.0.1; Nexus 5X Build/MMB29P) AppleWebKit/537.36 (KHTML, like Gecko) Chrome/112.0.5615.142 Mobile Safari/537.36 (compatible; Googlebot/2.1; +http://www.google.com/bot.html)"
66.249.69.70 - - [14/May/2023:08:40:10 +0200] "GET /images/big_prod_1/8445148204118B.jpg HTTP/1.0" 200 271 "-" "Googlebot-Image/1.0"
66.249.69.74 - - [14/May/2023:08:41:26 +0200] "GET /large-mug-one-piece-luffy-pirates-p-14790.html HTTP/1.0" 301 73526 "-" "Mozilla/5.0 (compatible; Googlebot/2.1; +http://www.google.com/bot.html)"
66.249.69.74 - - [14/May/2023:08:41:27 +0200] "GET /large-piece-luffy-pirates-p-14790.html HTTP/1.0" 200 73434 "-" "Mozilla/5.0 (compatible; Googlebot/2.1; +http://www.google.com/bot.html)"
207.46.13.220 - - [14/May/2023:08:44:16 +0200] "GET /-p-34417.html HTTP/1.0" 200 73324 "-" "Mozilla/5.0 AppleWebKit/537.36 (KHTML, like Gecko; compatible; bingbot/2.0; +http://www.bing.com/bingbot.htm) Chrome/103.0.5060.134 Safari/537.36"
17.241.219.248 - - [14/May/2023:08:44:59 +0200] "GET /images/mini_prod/1384010202814.jpg HTTP/1.0" 200 269 "-" "Mozilla/5.0 (Macintosh; Intel Mac OS X 10_15_5) AppleWebKit/605.1.15 (KHTML, like Gecko) Version/13.1.1 Safari/605.1.15 (Applebot/0.1; +http://www.apple.com/go/applebot)"
207.46.13.220 - - [14/May/2023:08:48:07 +0200] "GET /magnets-c-13_134.html HTTP/1.0" 200 94734 "-" "Mozilla/5.0 AppleWebKit/537.36 (KHTML, like Gecko; compatible; bingbot/2.0; +http://www.bing.com/bingbot.htm) Chrome/103.0.5060.134 Safari/537.36"
66.249.69.74 - - [14/May/2023:08:50:12 +0200] "GET /jacadi-kids-school-navy-blue-p-44879.html HTTP/1.0" 200 77110 "-" "Mozilla/5.0 (Linux; Android 6.0.1; Nexus 5X Build/MMB29P) AppleWebKit/537.36 (KHTML, like Gecko) Chrome/112.0.5615.142 Mobile Safari/537.36 (compatible; Googlebot/2.1; +http://www.google.com/bot.html)"
66.249.69.70 - - [14/May/2023:08:50:46 +0200] "GET /duvet-cover-cotton-percale-threads-p-43846.html HTTP/1.0" 200 76262 "-" "Mozilla/5.0 (compatible; Googlebot/2.1; +http://www.google.com/bot.html)"
66.249.69.72 - - [14/May/2023:08:50:48 +0200] "GET /duvet-cover-cotton-percale-threads-p-43841.html HTTP/1.0" 200 76262 "-" "Mozilla/5.0 (compatible; Googlebot/2.1; +http://www.google.com/bot.html)"
66.249.69.70 - - [14/May/2023:08:51:26 +0200] "GET /gorjuss-ruby-beauty-bag-limited-edition-p-35135.html HTTP/1.0" 301 77398 "-" "Mozilla/5.0 (Linux; Android 6.0.1; Nexus 5X Build/MMB29P) AppleWebKit/537.36 (KHTML, like Gecko) Chrome/112.0.5615.142 Mobile Safari/537.36 (compatible; Googlebot/2.1; +http://www.google.com/bot.html)"
66.249.69.70 - - [14/May/2023:08:51:27 +0200] "GET /gorjuss-ruby-beauty-limited-edition-p-35135.html HTTP/1.0" 200 77296 "-" "Mozilla/5.0 (Linux; Android 6.0.1; Nexus 5X Build/MMB29P) AppleWebKit/537.36 (KHTML, like Gecko) Chrome/112.0.5615.142 Mobile Safari/537.36 (compatible; Googlebot/2.1; +http://www.google.com/bot.html)"
147.92.153.13 - - [14/May/2023:08:52:10 +0200] "GET /namaste-mudra-hands-with-sand-colored-buddhas-statuettes-p-60414.html HTTP/1.0" 200 77063 "-" "Mozilla/5.0 (compatible; Linespider/1.1; +https://lin.ee/4dwXkTH)"
147.92.153.18 - - [14/May/2023:08:52:14 +0200] "GET /swfobject.js HTTP/1.0" 404 1308 "http://www.wonder-geek.com/namaste-mudra-hands-with-sand-colored-buddhas-statuettes-p-60414.html" "Mozilla/5.0 (Windows NT 10.0; Win64; x64) AppleWebKit/537.36 (KHTML, like Gecko; compatible; Linespider/1.1; +https://lin.ee/4dwXkTH) Chrome/112.0.0.0 Safari/537.36"
81.71.101.51 - - [14/May/2023:08:52:16 +0200] "GET /images/mini_prod/8435306290381.jpg HTTP/1.0" 200 269 "-" "Mozilla/5.0 (X11; Ubuntu; Linux x86_64; rv:72.0) Gecko/20100101 Firefox/72.0"
185.191.171.25 - - [14/May/2023:08:52:29 +0200] "GET /-p-50777.html HTTP/1.0" 200 73324 "-" "Mozilla/5.0 (compatible; SemrushBot/7~bl; +http://www.semrush.com/bot.html)"
51.68.224.127 - - [14/May/2023:08:54:50 +0200] "GET /adminweb/export_orders_xml.php?token=256de2z6edz6ed2z6DFSFsed2zed6zeDSFDSGdzedezfzf&maxorders=10&orderstart=1&status=14&start_date=2018-10-01 HTTP/1.0" 200 285 "-" "GesCom CharlotteBoutik Serveur"
51.68.224.127 - - [14/May/2023:08:54:50 +0200] "GET /adminweb/export_orders_xml.php?token=256de2z6edz6ed2z6DFSFsed2zed6zeDSFDSGdzedezfzf&maxorders=10&orderstart=1&status=6&start_date=2018-10-01 HTTP/1.0" 200 33887 "-" "GesCom CharlotteBoutik Serveur"
216.244.66.242 - - [14/May/2023:08:55:24 +0200] "GET /amazon-love-tote-bag-macaws-p-50283.html HTTP/1.0" 301 77142 "-" "Mozilla/5.0 (compatible; DotBot/1.2; +https://opensiteexplorer.org/dotbot; help@moz.com)"
216.244.66.242 - - [14/May/2023:08:55:40 +0200] "GET /cats-hanging-panel-46-35-cm-p-40443.html HTTP/1.0" 301 73493 "-" "Mozilla/5.0 (compatible; DotBot/1.2; +https://opensiteexplorer.org/dotbot; help@moz.com)"
216.244.66.242 - - [14/May/2023:08:55:55 +0200] "GET /dr-doom-figure-p-23420.html HTTP/1.0" 301 73391 "-" "Mozilla/5.0 (compatible; DotBot/1.2; +https://opensiteexplorer.org/dotbot; help@moz.com)"
216.244.66.242 - - [14/May/2023:08:56:09 +0200] "GET /bolster-case-45-185-cm-green-p-43668.html HTTP/1.0" 301 73483 "-" "Mozilla/5.0 (compatible; DotBot/1.2; +https://opensiteexplorer.org/dotbot; help@moz.com)"
216.244.66.242 - - [14/May/2023:08:56:21 +0200] "GET /curtain-eyelets-goa-navy-blue-140-240-cm-p-42532.html HTTP/1.0" 301 73540 "-" "Mozilla/5.0 (compatible; DotBot/1.2; +https://opensiteexplorer.org/dotbot; help@moz.com)"
216.244.66.242 - - [14/May/2023:08:56:34 +0200] "GET /curtain-eyelets-orylia-140-260-cm-p-43611.html HTTP/1.0" 301 73503 "-" "Mozilla/5.0 (compatible; DotBot/1.2; +https://opensiteexplorer.org/dotbot; help@moz.com)"
66.249.69.72 - - [14/May/2023:08:56:44 +0200] "GET /holders-c-201.html HTTP/1.0" 301 91807 "-" "Mozilla/5.0 (Linux; Android 6.0.1; Nexus 5X Build/MMB29P) AppleWebKit/537.36 (KHTML, like Gecko) Chrome/112.0.5615.142 Mobile Safari/537.36 (compatible; Googlebot/2.1; +http://www.google.com/bot.html)"
66.249.69.72 - - [14/May/2023:08:56:47 +0200] "GET /holders-c-13_150_201.html HTTP/1.0" 200 91981 "-" "Mozilla/5.0 (Linux; Android 6.0.1; Nexus 5X Build/MMB29P) AppleWebKit/537.36 (KHTML, like Gecko) Chrome/112.0.5615.142 Mobile Safari/537.36 (compatible; Googlebot/2.1; +http://www.google.com/bot.html)"
103.112.253.127 - - [14/May/2023:08:58:32 +0200] "GET /contact_us.php HTTP/1.0" 200 26241 "http://www.wonder-geek.com/contact_us.php" "Mozilla/5.0 (Windows NT 6.1; WOW64) AppleWebKit/537.36 (KHTML, like Gecko) Chrome/90.0.4430.72 Safari/537.36"
40.77.167.83 - - [14/May/2023:08:58:48 +0200] "GET /zippo-bracelet-black-leather-stainless-steel-p-49082.html HTTP/1.0" 200 77146 "-" "Mozilla/5.0 AppleWebKit/537.36 (KHTML, like Gecko; compatible; bingbot/2.0; +http://www.bing.com/bingbot.htm) Chrome/103.0.5060.134 Safari/537.36"
207.46.13.220 - - [14/May/2023:08:59:37 +0200] "GET /hobo-japan-rags-p-26353.html HTTP/1.0" 200 73374 "-" "Mozilla/5.0 AppleWebKit/537.36 (KHTML, like Gecko; compatible; bingbot/2.0; +http://www.bing.com/bingbot.htm) Chrome/103.0.5060.134 Safari/537.36"
66.249.69.72 - - [14/May/2023:08:59:53 +0200] "GET /decorative-door-sticker-p-51538.html HTTP/1.0" 200 76782 "-" "Mozilla/5.0 (compatible; Googlebot/2.1; +http://www.google.com/bot.html)"
42.194.225.248 - - [14/May/2023:09:00:05 +0200] "GET /images/mini_prod/1399984225967bis.jpg HTTP/1.0" 200 272 "-" "Mozilla/5.0 (X11; Ubuntu; Linux x86_64; rv:72.0) Gecko/20100101 Firefox/72.0"
106.53.102.224 - - [14/May/2023:09:00:10 +0200] "GET /images/mini_prod/3700276254981.jpg HTTP/1.0" 200 269 "-" "Mozilla/5.0 (X11; Ubuntu; Linux x86_64; rv:72.0) Gecko/20100101 Firefox/72.0"
216.244.66.242 - - [14/May/2023:09:00:25 +0200] "GET /cement-tile-stickers-p-51630.html HTTP/1.0" 200 76894 "-" "Mozilla/5.0 (compatible; DotBot/1.2; +https://opensiteexplorer.org/dotbot; help@moz.com)"
216.244.66.242 - - [14/May/2023:09:00:34 +0200] "GET /classic-horse-cotton-towel-p-54935.html HTTP/1.0" 200 76201 "-" "Mozilla/5.0 (compatible; DotBot/1.2; +https://opensiteexplorer.org/dotbot; help@moz.com)"
216.244.66.242 - - [14/May/2023:09:00:42 +0200] "GET /mugs-mazagrans-c-12_57.html?page=27 HTTP/1.0" 200 99460 "-" "Mozilla/5.0 (compatible; DotBot/1.2; +https://opensiteexplorer.org/dotbot; help@moz.com)"
207.46.13.208 - - [14/May/2023:09:00:50 +0200] "GET /accessories-mobiles-c-3_17.html?page=4 HTTP/1.0" 200 97460 "-" "Mozilla/5.0 AppleWebKit/537.36 (KHTML, like Gecko; compatible; bingbot/2.0; +http://www.bing.com/bingbot.htm) Chrome/103.0.5060.134 Safari/537.36"
216.244.66.242 - - [14/May/2023:09:01:02 +0200] "GET /bath-sarong-cotton-p-60269.html HTTP/1.0" 200 76877 "-" "Mozilla/5.0 (compatible; DotBot/1.2; +https://opensiteexplorer.org/dotbot; help@moz.com)"
110.32.34.35 - - [14/May/2023:09:01:23 +0200] "GET /wise-wings-kindness-figurine-p-51804.html HTTP/1.0" 200 73420 "https://www.google.com.au/" "Mozilla/5.0 (iPhone; CPU iPhone OS 16_4_1 like Mac OS X) AppleWebKit/605.1.15 (KHTML, like Gecko) Version/16.4 Mobile/15E148 Safari/604.1"
110.32.34.35 - - [14/May/2023:09:01:25 +0200] "GET /templates/Pixame_v1/stylesheet.css HTTP/1.0" 200 267 "http://www.wonder-geek.com/wise-wings-kindness-figurine-p-51804.html" "Mozilla/5.0 (iPhone; CPU iPhone OS 16_4_1 like Mac OS X) AppleWebKit/605.1.15 (KHTML, like Gecko) Version/16.4 Mobile/15E148 Safari/604.1"
110.32.34.35 - - [14/May/2023:09:01:25 +0200] "GET /mondial_relay/js/jquery-1.3.2.min.js HTTP/1.0" 200 276 "http://www.wonder-geek.com/wise-wings-kindness-figurine-p-51804.html" "Mozilla/5.0 (iPhone; CPU iPhone OS 16_4_1 like Mac OS X) AppleWebKit/605.1.15 (KHTML, like Gecko) Version/16.4 Mobile/15E148 Safari/604.1"
110.32.34.35 - - [14/May/2023:09:01:25 +0200] "GET /js/jquery.js HTTP/1.0" 200 252 "http://www.wonder-geek.com/wise-wings-kindness-figurine-p-51804.html" "Mozilla/5.0 (iPhone; CPU iPhone OS 16_4_1 like Mac OS X) AppleWebKit/605.1.15 (KHTML, like Gecko) Version/16.4 Mobile/15E148 Safari/604.1"
110.32.34.35 - - [14/May/2023:09:01:25 +0200] "GET /highslide/highslide.js HTTP/1.0" 200 262 "http://www.wonder-geek.com/wise-wings-kindness-figurine-p-51804.html" "Mozilla/5.0 (iPhone; CPU iPhone OS 16_4_1 like Mac OS X) AppleWebKit/605.1.15 (KHTML, like Gecko) Version/16.4 Mobile/15E148 Safari/604.1"
110.32.34.35 - - [14/May/2023:09:01:25 +0200] "GET /js/jquery.jqzoom.js HTTP/1.0" 200 259 "http://www.wonder-geek.com/wise-wings-kindness-figurine-p-51804.html" "Mozilla/5.0 (iPhone; CPU iPhone OS 16_4_1 like Mac OS X) AppleWebKit/605.1.15 (KHTML, like Gecko) Version/16.4 Mobile/15E148 Safari/604.1"
110.32.34.35 - - [14/May/2023:09:01:26 +0200] "GET /swfobject.js HTTP/1.0" 404 1308 "http://www.wonder-geek.com/wise-wings-kindness-figurine-p-51804.html" "Mozilla/5.0 (iPhone; CPU iPhone OS 16_4_1 like Mac OS X) AppleWebKit/605.1.15 (KHTML, like Gecko) Version/16.4 Mobile/15E148 Safari/604.1"
110.32.34.35 - - [14/May/2023:09:01:27 +0200] "GET /templates/Pixame_v1/images/icon_accueil2.png HTTP/1.0" 200 278 "http://www.wonder-geek.com/wise-wings-kindness-figurine-p-51804.html" "Mozilla/5.0 (iPhone; CPU iPhone OS 16_4_1 like Mac OS X) AppleWebKit/605.1.15 (KHTML, like Gecko) Version/16.4 Mobile/15E148 Safari/604.1"
110.32.34.35 - - [14/May/2023:09:01:27 +0200] "GET /templates/Pixame_v1/images/infobox/pixel_trans.gif HTTP/1.0" 200 328 "http://www.wonder-geek.com/wise-wings-kindness-figurine-p-51804.html" "Mozilla/5.0 (iPhone; CPU iPhone OS 16_4_1 like Mac OS X) AppleWebKit/605.1.15 (KHTML, like Gecko) Version/16.4 Mobile/15E148 Safari/604.1"
110.32.34.35 - - [14/May/2023:09:01:27 +0200] "GET /templates/Pixame_v1/images/Bottom_texture.jpg HTTP/1.0" 200 280 "http://www.wonder-geek.com/wise-wings-kindness-figurine-p-51804.html" "Mozilla/5.0 (iPhone; CPU iPhone OS 16_4_1 like Mac OS X) AppleWebKit/605.1.15 (KHTML, like Gecko) Version/16.4 Mobile/15E148 Safari/604.1"
110.32.34.35 - - [14/May/2023:09:01:27 +0200] "GET /design/productsenstock.png HTTP/1.0" 200 260 "http://www.wonder-geek.com/wise-wings-kindness-figurine-p-51804.html" "Mozilla/5.0 (iPhone; CPU iPhone OS 16_4_1 like Mac OS X) AppleWebKit/605.1.15 (KHTML, like Gecko) Version/16.4 Mobile/15E148 Safari/604.1"
110.32.34.35 - - [14/May/2023:09:01:27 +0200] "GET /templates/Pixame_v1/images/Middle_texture.jpg HTTP/1.0" 200 280 "http://www.wonder-geek.com/wise-wings-kindness-figurine-p-51804.html" "Mozilla/5.0 (iPhone; CPU iPhone OS 16_4_1 like Mac OS X) AppleWebKit/605.1.15 (KHTML, like Gecko) Version/16.4 Mobile/15E148 Safari/604.1"
110.32.34.35 - - [14/May/2023:09:01:27 +0200] "GET /templates/Pixame_v1/images/header.png HTTP/1.0" 200 271 "http://www.wonder-geek.com/wise-wings-kindness-figurine-p-51804.html" "Mozilla/5.0 (iPhone; CPU iPhone OS 16_4_1 like Mac OS X) AppleWebKit/605.1.15 (KHTML, like Gecko) Version/16.4 Mobile/15E148 Safari/604.1"
110.32.34.35 - - [14/May/2023:09:01:27 +0200] "GET /templates/Pixame_v1/images/nav.png HTTP/1.0" 200 268 "http://www.wonder-geek.com/wise-wings-kindness-figurine-p-51804.html" "Mozilla/5.0 (iPhone; CPU iPhone OS 16_4_1 like Mac OS X) AppleWebKit/605.1.15 (KHTML, like Gecko) Version/16.4 Mobile/15E148 Safari/604.1"
66.249.69.74 - - [14/May/2023:09:01:26 +0200] "GET /gorjuss-ruby-beauty-bag-limited-edition-p-35135.html HTTP/1.0" 301 77398 "-" "Mozilla/5.0 (compatible; Googlebot/2.1; +http://www.google.com/bot.html)"
110.32.34.35 - - [14/May/2023:09:01:27 +0200] "GET /templates/Pixame_v1/images/infobox/infobox_footer_middle.gif HTTP/1.0" 200 357 "http://www.wonder-geek.com/wise-wings-kindness-figurine-p-51804.html" "Mozilla/5.0 (iPhone; CPU iPhone OS 16_4_1 like Mac OS X) AppleWebKit/605.1.15 (KHTML, like Gecko) Version/16.4 Mobile/15E148 Safari/604.1"
110.32.34.35 - - [14/May/2023:09:01:27 +0200] "GET /templates/Pixame_v1/images/pixel_trans.gif HTTP/1.0" 200 328 "http://www.wonder-geek.com/wise-wings-kindness-figurine-p-51804.html" "Mozilla/5.0 (iPhone; CPU iPhone OS 16_4_1 like Mac OS X) AppleWebKit/605.1.15 (KHTML, like Gecko) Version/16.4 Mobile/15E148 Safari/604.1"
110.32.34.35 - - [14/May/2023:09:01:28 +0200] "GET /images/pixel_trans.gif HTTP/1.0" 200 328 "http://www.wonder-geek.com/wise-wings-kindness-figurine-p-51804.html" "Mozilla/5.0 (iPhone; CPU iPhone OS 16_4_1 like Mac OS X) AppleWebKit/605.1.15 (KHTML, like Gecko) Version/16.4 Mobile/15E148 Safari/604.1"
110.32.34.35 - - [14/May/2023:09:01:28 +0200] "GET /templates/Pixame_v1/images/header-object.png HTTP/1.0" 200 278 "http://www.wonder-geek.com/wise-wings-kindness-figurine-p-51804.html" "Mozilla/5.0 (iPhone; CPU iPhone OS 16_4_1 like Mac OS X) AppleWebKit/605.1.15 (KHTML, like Gecko) Version/16.4 Mobile/15E148 Safari/604.1"
110.32.34.35 - - [14/May/2023:09:01:28 +0200] "GET /templates/Pixame_v1/images/buttons/english/button_continue.gif HTTP/1.0" 200 1264 "http://www.wonder-geek.com/wise-wings-kindness-figurine-p-51804.html" "Mozilla/5.0 (iPhone; CPU iPhone OS 16_4_1 like Mac OS X) AppleWebKit/605.1.15 (KHTML, like Gecko) Version/16.4 Mobile/15E148 Safari/604.1"
66.249.69.74 - - [14/May/2023:09:01:27 +0200] "GET /gorjuss-ruby-beauty-limited-edition-p-35135.html HTTP/1.0" 200 77296 "-" "Mozilla/5.0 (compatible; Googlebot/2.1; +http://www.google.com/bot.html)"
110.32.34.35 - - [14/May/2023:09:01:30 +0200] "GET /highslide/graphics/outlines/drop-shadow.png HTTP/1.0" 200 277 "http://www.wonder-geek.com/wise-wings-kindness-figurine-p-51804.html" "Mozilla/5.0 (iPhone; CPU iPhone OS 16_4_1 like Mac OS X) AppleWebKit/605.1.15 (KHTML, like Gecko) Version/16.4 Mobile/15E148 Safari/604.1"
110.32.34.35 - - [14/May/2023:09:01:30 +0200] "GET /highslide/graphics/loader.white.gif HTTP/1.0" 200 960 "http://www.wonder-geek.com/wise-wings-kindness-figurine-p-51804.html" "Mozilla/5.0 (iPhone; CPU iPhone OS 16_4_1 like Mac OS X) AppleWebKit/605.1.15 (KHTML, like Gecko) Version/16.4 Mobile/15E148 Safari/604.1"
110.32.34.35 - - [14/May/2023:09:01:30 +0200] "GET /highslide/graphics/zoomout.cur HTTP/1.0" 200 614 "http://www.wonder-geek.com/wise-wings-kindness-figurine-p-51804.html" "Mozilla/5.0 (iPhone; CPU iPhone OS 16_4_1 like Mac OS X) AppleWebKit/605.1.15 (KHTML, like Gecko) Version/16.4 Mobile/15E148 Safari/604.1"
110.32.34.35 - - [14/May/2023:09:01:30 +0200] "GET /favicon.ico HTTP/1.0" 200 260 "http://www.wonder-geek.com/wise-wings-kindness-figurine-p-51804.html" "Mozilla/5.0 (iPhone; CPU iPhone OS 16_4_1 like Mac OS X) AppleWebKit/605.1.15 (KHTML, like Gecko) Version/16.4 Mobile/15E148 Safari/604.1"
66.249.69.72 - - [14/May/2023:09:01:59 +0200] "GET /images/big_prod/3665269060201.jpg HTTP/1.0" 200 268 "-" "Googlebot-Image/1.0"
139.199.162.133 - - [14/May/2023:09:02:24 +0200] "GET /images/mini_prod/8435333821862.jpg HTTP/1.0" 200 269 "-" "Mozilla/5.0 (X11; Ubuntu; Linux x86_64; rv:72.0) Gecko/20100101 Firefox/72.0"
66.249.69.72 - - [14/May/2023:09:02:35 +0200] "GET /copper-bottle-hammered-p-55208.html HTTP/1.0" 200 78625 "-" "Mozilla/5.0 (compatible; Googlebot/2.1; +http://www.google.com/bot.html)"
194.26.192.98 - - [14/May/2023:09:03:02 +0200] "GET / HTTP/1.0" 301 511 "-" "Mozilla/5.0 (Windows NT 10.0; Win64; x64) AppleWebKit/537.36 (KHTML, like Gecko) Chrome/89.0.4389.114 Safari/537.36"
194.26.192.98 - - [14/May/2023:09:03:02 +0200] "GET / HTTP/1.0" 200 152780 "-" "Mozilla/5.0 (Windows NT 10.0; Win64; x64) AppleWebKit/537.36 (KHTML, like Gecko) Chrome/89.0.4389.114 Safari/537.36"
194.26.192.98 - - [14/May/2023:09:03:06 +0200] "GET //wp-includes/wlwmanifest.xml HTTP/1.0" 404 1308 "-" "Mozilla/5.0 (Windows NT 10.0; Win64; x64) AppleWebKit/537.36 (KHTML, like Gecko) Chrome/89.0.4389.114 Safari/537.36"
194.26.192.98 - - [14/May/2023:09:03:06 +0200] "GET //xmlrpc.php?rsd HTTP/1.0" 404 1308 "-" "Mozilla/5.0 (Windows NT 10.0; Win64; x64) AppleWebKit/537.36 (KHTML, like Gecko) Chrome/89.0.4389.114 Safari/537.36"
194.26.192.98 - - [14/May/2023:09:03:06 +0200] "GET / HTTP/1.0" 200 152728 "-" "Mozilla/5.0 (Windows NT 10.0; Win64; x64) AppleWebKit/537.36 (KHTML, like Gecko) Chrome/89.0.4389.114 Safari/537.36"
194.26.192.98 - - [14/May/2023:09:03:09 +0200] "GET //blog/wp-includes/wlwmanifest.xml HTTP/1.0" 404 1308 "-" "Mozilla/5.0 (Windows NT 10.0; Win64; x64) AppleWebKit/537.36 (KHTML, like Gecko) Chrome/89.0.4389.114 Safari/537.36"
194.26.192.98 - - [14/May/2023:09:03:09 +0200] "GET //web/wp-includes/wlwmanifest.xml HTTP/1.0" 404 1308 "-" "Mozilla/5.0 (Windows NT 10.0; Win64; x64) AppleWebKit/537.36 (KHTML, like Gecko) Chrome/89.0.4389.114 Safari/537.36"
194.26.192.98 - - [14/May/2023:09:03:09 +0200] "GET //wordpress/wp-includes/wlwmanifest.xml HTTP/1.0" 404 1308 "-" "Mozilla/5.0 (Windows NT 10.0; Win64; x64) AppleWebKit/537.36 (KHTML, like Gecko) Chrome/89.0.4389.114 Safari/537.36"
194.26.192.98 - - [14/May/2023:09:03:09 +0200] "GET //website/wp-includes/wlwmanifest.xml HTTP/1.0" 404 1308 "-" "Mozilla/5.0 (Windows NT 10.0; Win64; x64) AppleWebKit/537.36 (KHTML, like Gecko) Chrome/89.0.4389.114 Safari/537.36"
194.26.192.98 - - [14/May/2023:09:03:09 +0200] "GET //wp/wp-includes/wlwmanifest.xml HTTP/1.0" 404 1308 "-" "Mozilla/5.0 (Windows NT 10.0; Win64; x64) AppleWebKit/537.36 (KHTML, like Gecko) Chrome/89.0.4389.114 Safari/537.36"
194.26.192.98 - - [14/May/2023:09:03:09 +0200] "GET //news/wp-includes/wlwmanifest.xml HTTP/1.0" 404 1308 "-" "Mozilla/5.0 (Windows NT 10.0; Win64; x64) AppleWebKit/537.36 (KHTML, like Gecko) Chrome/89.0.4389.114 Safari/537.36"
194.26.192.98 - - [14/May/2023:09:03:09 +0200] "GET //2020/wp-includes/wlwmanifest.xml HTTP/1.0" 404 1308 "-" "Mozilla/5.0 (Windows NT 10.0; Win64; x64) AppleWebKit/537.36 (KHTML, like Gecko) Chrome/89.0.4389.114 Safari/537.36"
194.26.192.98 - - [14/May/2023:09:03:09 +0200] "GET //2019/wp-includes/wlwmanifest.xml HTTP/1.0" 404 1308 "-" "Mozilla/5.0 (Windows NT 10.0; Win64; x64) AppleWebKit/537.36 (KHTML, like Gecko) Chrome/89.0.4389.114 Safari/537.36"
194.26.192.98 - - [14/May/2023:09:03:09 +0200] "GET //shop/wp-includes/wlwmanifest.xml HTTP/1.0" 404 1308 "-" "Mozilla/5.0 (Windows NT 10.0; Win64; x64) AppleWebKit/537.36 (KHTML, like Gecko) Chrome/89.0.4389.114 Safari/537.36"
194.26.192.98 - - [14/May/2023:09:03:09 +0200] "GET //wp1/wp-includes/wlwmanifest.xml HTTP/1.0" 404 1308 "-" "Mozilla/5.0 (Windows NT 10.0; Win64; x64) AppleWebKit/537.36 (KHTML, like Gecko) Chrome/89.0.4389.114 Safari/537.36"
194.26.192.98 - - [14/May/2023:09:03:09 +0200] "GET //test/wp-includes/wlwmanifest.xml HTTP/1.0" 404 1308 "-" "Mozilla/5.0 (Windows NT 10.0; Win64; x64) AppleWebKit/537.36 (KHTML, like Gecko) Chrome/89.0.4389.114 Safari/537.36"
194.26.192.98 - - [14/May/2023:09:03:09 +0200] "GET //wp2/wp-includes/wlwmanifest.xml HTTP/1.0" 404 1308 "-" "Mozilla/5.0 (Windows NT 10.0; Win64; x64) AppleWebKit/537.36 (KHTML, like Gecko) Chrome/89.0.4389.114 Safari/537.36"
194.26.192.98 - - [14/May/2023:09:03:09 +0200] "GET //site/wp-includes/wlwmanifest.xml HTTP/1.0" 404 1308 "-" "Mozilla/5.0 (Windows NT 10.0; Win64; x64) AppleWebKit/537.36 (KHTML, like Gecko) Chrome/89.0.4389.114 Safari/537.36"
194.26.192.98 - - [14/May/2023:09:03:09 +0200] "GET //cms/wp-includes/wlwmanifest.xml HTTP/1.0" 404 1308 "-" "Mozilla/5.0 (Windows NT 10.0; Win64; x64) AppleWebKit/537.36 (KHTML, like Gecko) Chrome/89.0.4389.114 Safari/537.36"
194.26.192.98 - - [14/May/2023:09:03:09 +0200] "GET //sito/wp-includes/wlwmanifest.xml HTTP/1.0" 404 1308 "-" "Mozilla/5.0 (Windows NT 10.0; Win64; x64) AppleWebKit/537.36 (KHTML, like Gecko) Chrome/89.0.4389.114 Safari/537.36"
129.204.31.216 - - [14/May/2023:09:03:31 +0200] "GET /images/mini_prod/3560600301893.jpg HTTP/1.0" 200 269 "-" "Mozilla/5.0 (X11; Ubuntu; Linux x86_64; rv:72.0) Gecko/20100101 Firefox/72.0"
66.249.69.74 - - [14/May/2023:09:04:45 +0200] "GET /cats-grey-cups-espresso-p-37857.html HTTP/1.0" 200 76032 "-" "Mozilla/5.0 (Linux; Android 6.0.1; Nexus 5X Build/MMB29P) AppleWebKit/537.36 (KHTML, like Gecko) Chrome/112.0.5615.142 Mobile Safari/537.36 (compatible; Googlebot/2.1; +http://www.google.com/bot.html)"
66.249.69.70 - - [14/May/2023:09:04:46 +0200] "GET /cats-grey-cups-espresso-p-37857.html HTTP/1.0" 200 76032 "-" "Mozilla/5.0 (compatible; Googlebot/2.1; +http://www.google.com/bot.html)"
40.77.167.83 - - [14/May/2023:09:06:58 +0200] "GET /butterfly-wall-decoration-blue-model-p-53759.html HTTP/1.0" 200 76187 "-" "Mozilla/5.0 AppleWebKit/537.36 (KHTML, like Gecko; compatible; bingbot/2.0; +http://www.bing.com/bingbot.htm) Chrome/103.0.5060.134 Safari/537.36"
185.191.171.22 - - [14/May/2023:09:07:06 +0200] "GET /wick-ellipse-candle-heart-home-welcoming-fire-p-53325.html HTTP/1.0" 200 73510 "-" "Mozilla/5.0 (compatible; SemrushBot/7~bl; +http://www.semrush.com/bot.html)"
104.196.27.241 - - [14/May/2023:09:07:54 +0200] "GET /images/3700276274989.jpg HTTP/1.0" 200 259 "-" "Mozilla/5.0 (X11; Ubuntu; Linux x86_64; rv:72.0) Gecko/20100101 Firefox/72.0"
8.217.84.150 - - [14/May/2023:09:09:04 +0200] "GET /images/mini_prod/1399984242544.jpg HTTP/1.0" 200 269 "-" "aria2/1.35.0"
106.55.255.207 - - [14/May/2023:09:10:02 +0200] "GET /images/mini_prod/8422669354003.jpg HTTP/1.0" 200 269 "-" "Mozilla/5.0 (X11; Ubuntu; Linux x86_64; rv:72.0) Gecko/20100101 Firefox/72.0"
66.249.69.72 - - [14/May/2023:09:10:10 +0200] "GET /images/photo-026c.jpg HTTP/1.0" 200 256 "-" "Googlebot-Image/1.0"
66.249.69.74 - - [14/May/2023:09:11:26 +0200] "GET /large-mug-one-piece-luffy-pirates-p-14790.html HTTP/1.0" 301 73526 "-" "Mozilla/5.0 (Linux; Android 6.0.1; Nexus 5X Build/MMB29P) AppleWebKit/537.36 (KHTML, like Gecko) Chrome/112.0.5615.142 Mobile Safari/537.36 (compatible; Googlebot/2.1; +http://www.google.com/bot.html)"
66.249.69.72 - - [14/May/2023:09:11:29 +0200] "GET /large-piece-luffy-pirates-p-14790.html HTTP/1.0" 200 73434 "-" "Mozilla/5.0 (Linux; Android 6.0.1; Nexus 5X Build/MMB29P) AppleWebKit/537.36 (KHTML, like Gecko) Chrome/112.0.5615.142 Mobile Safari/537.36 (compatible; Googlebot/2.1; +http://www.google.com/bot.html)"
51.68.224.127 - - [14/May/2023:09:11:30 +0200] "GET /adminweb/export_orders_xml.php?token=256de2z6edz6ed2z6DFSFsed2zed6zeDSFDSGdzedezfzf&maxorders=10&orderstart=1&status=14&start_date=2018-10-01 HTTP/1.0" 200 285 "-" "GesCom CharlotteBoutik Serveur"
106.55.255.207 - - [14/May/2023:09:11:33 +0200] "GET /images/mini_prod/8422666661500.jpg HTTP/1.0" 200 269 "-" "Mozilla/5.0 (X11; Ubuntu; Linux x86_64; rv:72.0) Gecko/20100101 Firefox/72.0"
51.68.224.127 - - [14/May/2023:09:11:32 +0200] "GET /adminweb/export_orders_xml.php?token=256de2z6edz6ed2z6DFSFsed2zed6zeDSFDSGdzedezfzf&maxorders=10&orderstart=1&status=6&start_date=2018-10-01 HTTP/1.0" 200 33887 "-" "GesCom CharlotteBoutik Serveur"
17.241.219.83 - - [14/May/2023:09:12:30 +0200] "GET /small-yellow-money-p-54833.html HTTP/1.0" 200 76000 "-" "Mozilla/5.0 (Macintosh; Intel Mac OS X 10_15_5) AppleWebKit/605.1.15 (KHTML, like Gecko) Version/13.1.1 Safari/605.1.15 (Applebot/0.1; +http://www.apple.com/go/applebot)"
147.92.153.16 - - [14/May/2023:09:12:51 +0200] "GET /images/big_prod/3555463002513.jpg HTTP/1.0" 200 268 "-" "Mozilla/5.0 (compatible; Linespider/1.1; +https://lin.ee/4dwXkTH)"
104.28.35.16 - - [14/May/2023:09:13:04 +0200] "GET /templates/Pixame_v1/stylesheet.css HTTP/1.0" 200 267 "http://www.wonder-geek.com/wise-wings-keychain-p-51827.html" "Mozilla/5.0 (iPhone; CPU iPhone OS 16_3_1 like Mac OS X) AppleWebKit/605.1.15 (KHTML, like Gecko) Version/16.3 Mobile/15E148 Safari/604.1"
104.28.35.16 - - [14/May/2023:09:13:01 +0200] "GET /wise-wings-keychain-p-51827.html HTTP/1.0" 200 76857 "https://www.google.com.au/" "Mozilla/5.0 (iPhone; CPU iPhone OS 16_3_1 like Mac OS X) AppleWebKit/605.1.15 (KHTML, like Gecko) Version/16.3 Mobile/15E148 Safari/604.1"
104.28.35.16 - - [14/May/2023:09:13:06 +0200] "GET /mondial_relay/js/jquery-1.3.2.min.js HTTP/1.0" 200 276 "http://www.wonder-geek.com/wise-wings-keychain-p-51827.html" "Mozilla/5.0 (iPhone; CPU iPhone OS 16_3_1 like Mac OS X) AppleWebKit/605.1.15 (KHTML, like Gecko) Version/16.3 Mobile/15E148 Safari/604.1"
104.28.35.16 - - [14/May/2023:09:13:06 +0200] "GET /js/jquery.jqzoom.js HTTP/1.0" 200 259 "http://www.wonder-geek.com/wise-wings-keychain-p-51827.html" "Mozilla/5.0 (iPhone; CPU iPhone OS 16_3_1 like Mac OS X) AppleWebKit/605.1.15 (KHTML, like Gecko) Version/16.3 Mobile/15E148 Safari/604.1"
104.28.35.16 - - [14/May/2023:09:13:06 +0200] "GET /js/jquery.js HTTP/1.0" 200 252 "http://www.wonder-geek.com/wise-wings-keychain-p-51827.html" "Mozilla/5.0 (iPhone; CPU iPhone OS 16_3_1 like Mac OS X) AppleWebKit/605.1.15 (KHTML, like Gecko) Version/16.3 Mobile/15E148 Safari/604.1"
104.28.35.16 - - [14/May/2023:09:13:06 +0200] "GET /highslide/highslide.js HTTP/1.0" 200 262 "http://www.wonder-geek.com/wise-wings-keychain-p-51827.html" "Mozilla/5.0 (iPhone; CPU iPhone OS 16_3_1 like Mac OS X) AppleWebKit/605.1.15 (KHTML, like Gecko) Version/16.3 Mobile/15E148 Safari/604.1"
104.28.35.16 - - [14/May/2023:09:13:06 +0200] "GET /swfobject.js HTTP/1.0" 404 1308 "http://www.wonder-geek.com/wise-wings-keychain-p-51827.html" "Mozilla/5.0 (iPhone; CPU iPhone OS 16_3_1 like Mac OS X) AppleWebKit/605.1.15 (KHTML, like Gecko) Version/16.3 Mobile/15E148 Safari/604.1"
104.28.35.16 - - [14/May/2023:09:13:08 +0200] "GET /templates/Pixame_v1/images/icon_accueil2.png HTTP/1.0" 200 278 "http://www.wonder-geek.com/wise-wings-keychain-p-51827.html" "Mozilla/5.0 (iPhone; CPU iPhone OS 16_3_1 like Mac OS X) AppleWebKit/605.1.15 (KHTML, like Gecko) Version/16.3 Mobile/15E148 Safari/604.1"
104.28.35.16 - - [14/May/2023:09:13:08 +0200] "GET /templates/Pixame_v1/images/Middle_texture.jpg HTTP/1.0" 200 280 "http://www.wonder-geek.com/wise-wings-keychain-p-51827.html" "Mozilla/5.0 (iPhone; CPU iPhone OS 16_3_1 like Mac OS X) AppleWebKit/605.1.15 (KHTML, like Gecko) Version/16.3 Mobile/15E148 Safari/604.1"
104.28.35.16 - - [14/May/2023:09:13:08 +0200] "GET /templates/Pixame_v1/images/Bottom_texture.jpg HTTP/1.0" 200 280 "http://www.wonder-geek.com/wise-wings-keychain-p-51827.html" "Mozilla/5.0 (iPhone; CPU iPhone OS 16_3_1 like Mac OS X) AppleWebKit/605.1.15 (KHTML, like Gecko) Version/16.3 Mobile/15E148 Safari/604.1"
104.28.35.16 - - [14/May/2023:09:13:08 +0200] "GET /templates/Pixame_v1/images/infobox/pixel_trans.gif HTTP/1.0" 200 328 "http://www.wonder-geek.com/wise-wings-keychain-p-51827.html" "Mozilla/5.0 (iPhone; CPU iPhone OS 16_3_1 like Mac OS X) AppleWebKit/605.1.15 (KHTML, like Gecko) Version/16.3 Mobile/15E148 Safari/604.1"
104.28.35.16 - - [14/May/2023:09:13:08 +0200] "GET /templates/Pixame_v1/images/header.png HTTP/1.0" 200 271 "http://www.wonder-geek.com/wise-wings-keychain-p-51827.html" "Mozilla/5.0 (iPhone; CPU iPhone OS 16_3_1 like Mac OS X) AppleWebKit/605.1.15 (KHTML, like Gecko) Version/16.3 Mobile/15E148 Safari/604.1"
104.28.35.16 - - [14/May/2023:09:13:09 +0200] "GET /templates/Pixame_v1/images/nav.png HTTP/1.0" 200 268 "http://www.wonder-geek.com/wise-wings-keychain-p-51827.html" "Mozilla/5.0 (iPhone; CPU iPhone OS 16_3_1 like Mac OS X) AppleWebKit/605.1.15 (KHTML, like Gecko) Version/16.3 Mobile/15E148 Safari/604.1"
104.28.35.16 - - [14/May/2023:09:13:09 +0200] "GET /templates/Pixame_v1/images/header-object.png HTTP/1.0" 200 278 "http://www.wonder-geek.com/wise-wings-keychain-p-51827.html" "Mozilla/5.0 (iPhone; CPU iPhone OS 16_3_1 like Mac OS X) AppleWebKit/605.1.15 (KHTML, like Gecko) Version/16.3 Mobile/15E148 Safari/604.1"
104.28.35.16 - - [14/May/2023:09:13:09 +0200] "GET /templates/Pixame_v1/images/infobox/infobox_footer_middle.gif HTTP/1.0" 200 357 "http://www.wonder-geek.com/wise-wings-keychain-p-51827.html" "Mozilla/5.0 (iPhone; CPU iPhone OS 16_3_1 like Mac OS X) AppleWebKit/605.1.15 (KHTML, like Gecko) Version/16.3 Mobile/15E148 Safari/604.1"
104.28.35.16 - - [14/May/2023:09:13:09 +0200] "GET /templates/Pixame_v1/images/pixel_trans.gif HTTP/1.0" 200 328 "http://www.wonder-geek.com/wise-wings-keychain-p-51827.html" "Mozilla/5.0 (iPhone; CPU iPhone OS 16_3_1 like Mac OS X) AppleWebKit/605.1.15 (KHTML, like Gecko) Version/16.3 Mobile/15E148 Safari/604.1"
104.28.35.16 - - [14/May/2023:09:13:09 +0200] "GET /images/pixel_trans.gif HTTP/1.0" 200 328 "http://www.wonder-geek.com/wise-wings-keychain-p-51827.html" "Mozilla/5.0 (iPhone; CPU iPhone OS 16_3_1 like Mac OS X) AppleWebKit/605.1.15 (KHTML, like Gecko) Version/16.3 Mobile/15E148 Safari/604.1"
104.28.35.16 - - [14/May/2023:09:13:10 +0200] "GET /design/productsenstock.png HTTP/1.0" 200 260 "http://www.wonder-geek.com/wise-wings-keychain-p-51827.html" "Mozilla/5.0 (iPhone; CPU iPhone OS 16_3_1 like Mac OS X) AppleWebKit/605.1.15 (KHTML, like Gecko) Version/16.3 Mobile/15E148 Safari/604.1"
104.28.35.16 - - [14/May/2023:09:13:10 +0200] "GET /images/big_prod/9316188069847.jpg HTTP/1.0" 200 268 "http://www.wonder-geek.com/wise-wings-keychain-p-51827.html" "Mozilla/5.0 (iPhone; CPU iPhone OS 16_3_1 like Mac OS X) AppleWebKit/605.1.15 (KHTML, like Gecko) Version/16.3 Mobile/15E148 Safari/604.1"
104.28.35.16 - - [14/May/2023:09:13:12 +0200] "GET /images/big_prod_1/b9316188069847.jpg HTTP/1.0" 200 271 "http://www.wonder-geek.com/wise-wings-keychain-p-51827.html" "Mozilla/5.0 (iPhone; CPU iPhone OS 16_3_1 like Mac OS X) AppleWebKit/605.1.15 (KHTML, like Gecko) Version/16.3 Mobile/15E148 Safari/604.1"
