5.45.207.185 - - [14/May/2023:04:00:41 +0200] "GET /fine-bone-china-oriental-p-60470.html HTTP/1.0" 200 77120 "-" "Mozilla/5.0 (compatible; YandexBot/3.0; +http://yandex.com/bots)"
62.171.162.127 - - [14/May/2023:04:00:43 +0200] "GET /jasmin-glass-coasters-jasmine-p-42252.html HTTP/1.0" 301 73391 "-" "Mozilla/5.0 (compatible; MJ12bot/v1.4.8; http://mj12bot.com/)"
62.171.162.127 - - [14/May/2023:04:00:59 +0200] "GET /-p-42252.html HTTP/1.0" 200 73324 "-" "Mozilla/5.0 (compatible; MJ12bot/v1.4.8; http://mj12bot.com/)"
213.180.203.198 - - [14/May/2023:04:01:06 +0200] "GET /fine-bone-china-hedera-white-p-60473.html HTTP/1.0" 200 76750 "-" "Mozilla/5.0 (compatible; YandexBot/3.0; +http://yandex.com/bots)"
62.171.162.127 - - [14/May/2023:04:01:17 +0200] "GET /jasmin-jasmine-mood-companion-portfolio-p-35089.html HTTP/1.0" 301 73391 "-" "Mozilla/5.0 (compatible; MJ12bot/v1.4.8; http://mj12bot.com/)"
185.191.171.44 - - [14/May/2023:04:01:23 +0200] "GET /-p-44280.html HTTP/1.0" 200 73324 "-" "Mozilla/5.0 (compatible; SemrushBot/7~bl; +http://www.semrush.com/bot.html)"
62.171.162.127 - - [14/May/2023:04:01:34 +0200] "GET /-p-35089.html HTTP/1.0" 200 73324 "-" "Mozilla/5.0 (compatible; MJ12bot/v1.4.8; http://mj12bot.com/)"
95.108.213.177 - - [14/May/2023:04:01:38 +0200] "GET /mini-rectangular-tray-romantic-paris-p-60395.html HTTP/1.0" 200 76943 "-" "Mozilla/5.0 (compatible; YandexBot/3.0; +http://yandex.com/bots)"
5.255.231.92 - - [14/May/2023:04:01:43 +0200] "GET /flowers-allen-designs-p-60434.html HTTP/1.0" 200 76649 "-" "Mozilla/5.0 (compatible; YandexBot/3.0; +http://yandex.com/bots)"
185.191.171.26 - - [14/May/2023:04:01:43 +0200] "GET /playmobil-rule-p-13387.html HTTP/1.0" 200 75881 "-" "Mozilla/5.0 (compatible; SemrushBot/7~bl; +http://www.semrush.com/bot.html)"
62.171.162.127 - - [14/May/2023:04:01:51 +0200] "GET /jasmin-jasmine-p-43457.html HTTP/1.0" 301 73391 "-" "Mozilla/5.0 (compatible; MJ12bot/v1.4.8; http://mj12bot.com/)"
62.171.162.127 - - [14/May/2023:04:02:02 +0200] "GET /-p-43457.html HTTP/1.0" 200 73324 "-" "Mozilla/5.0 (compatible; MJ12bot/v1.4.8; http://mj12bot.com/)"
5.255.231.97 - - [14/May/2023:04:02:06 +0200] "GET /salt-pepper-sardina-p-60455.html HTTP/1.0" 200 76788 "-" "Mozilla/5.0 (compatible; YandexBot/3.0; +http://yandex.com/bots)"
62.171.162.127 - - [14/May/2023:04:02:16 +0200] "GET /jasmin-jasmine-p-43458.html HTTP/1.0" 200 73409 "-" "Mozilla/5.0 (compatible; MJ12bot/v1.4.8; http://mj12bot.com/)"
213.180.203.13 - - [14/May/2023:04:02:22 +0200] "GET /ceramic-salt-with-spoon-p-60458.html HTTP/1.0" 200 76592 "-" "Mozilla/5.0 (compatible; YandexBot/3.0; +http://yandex.com/bots)"
213.180.203.199 - - [14/May/2023:04:02:26 +0200] "GET /with-infuser-britanny-p-60446.html HTTP/1.0" 200 76843 "-" "Mozilla/5.0 (compatible; YandexBot/3.0; +http://yandex.com/bots)"
62.171.162.127 - - [14/May/2023:04:02:41 +0200] "GET /jasmin-jasmine-p-43459.html HTTP/1.0" 301 73391 "-" "Mozilla/5.0 (compatible; MJ12bot/v1.4.8; http://mj12bot.com/)"
62.171.162.127 - - [14/May/2023:04:02:53 +0200] "GET /-p-43459.html HTTP/1.0" 200 73324 "-" "Mozilla/5.0 (compatible; MJ12bot/v1.4.8; http://mj12bot.com/)"
52.2.198.95 - - [14/May/2023:04:02:58 +0200] "GET / HTTP/1.0" 301 511 "-" "Apache-HttpClient/4.5.6 (Java/1.8.0_201)"
52.2.198.95 - - [14/May/2023:04:02:58 +0200] "GET / HTTP/1.0" 200 152822 "-" "Apache-HttpClient/4.5.6 (Java/1.8.0_201)"
95.108.213.232 - - [14/May/2023:04:03:05 +0200] "GET /heart-salt-lamp-about-p-60371.html HTTP/1.0" 200 76871 "-" "Mozilla/5.0 (compatible; YandexBot/3.0; +http://yandex.com/bots)"
62.171.162.127 - - [14/May/2023:04:03:08 +0200] "GET /jasmin-jasmine-p-43460.html HTTP/1.0" 301 73391 "-" "Mozilla/5.0 (compatible; MJ12bot/v1.4.8; http://mj12bot.com/)"
213.180.203.186 - - [14/May/2023:04:03:22 +0200] "GET /fine-bone-china-painted-bellis-p-60472.html HTTP/1.0" 200 76987 "-" "Mozilla/5.0 (compatible; YandexBot/3.0; +http://yandex.com/bots)"
62.171.162.127 - - [14/May/2023:04:03:24 +0200] "GET /-p-43460.html HTTP/1.0" 200 73324 "-" "Mozilla/5.0 (compatible; MJ12bot/v1.4.8; http://mj12bot.com/)"
185.191.171.18 - - [14/May/2023:04:03:33 +0200] "GET /cushion-upholstery-cover-p-56066.html HTTP/1.0" 200 76236 "-" "Mozilla/5.0 (compatible; SemrushBot/7~bl; +http://www.semrush.com/bot.html)"
62.171.162.127 - - [14/May/2023:04:03:43 +0200] "GET /jasmin-jasmine-stardust-companion-portfolio-p-40984.html HTTP/1.0" 301 73391 "-" "Mozilla/5.0 (compatible; MJ12bot/v1.4.8; http://mj12bot.com/)"
95.108.213.228 - - [14/May/2023:04:03:46 +0200] "GET /wooden-cellar-p-60439.html HTTP/1.0" 200 76768 "-" "Mozilla/5.0 (compatible; YandexBot/3.0; +http://yandex.com/bots)"
62.171.162.127 - - [14/May/2023:04:03:58 +0200] "GET /-p-40984.html HTTP/1.0" 200 73324 "-" "Mozilla/5.0 (compatible; MJ12bot/v1.4.8; http://mj12bot.com/)"
62.171.162.127 - - [14/May/2023:04:04:12 +0200] "GET /jasmin-large-cabas-labaule-p-40586.html HTTP/1.0" 301 73391 "-" "Mozilla/5.0 (compatible; MJ12bot/v1.4.8; http://mj12bot.com/)"
66.249.69.74 - - [14/May/2023:04:04:21 +0200] "GET /incense-satya-champa-karma-grams-about-sticks-p-45279.html HTTP/1.0" 200 76583 "-" "Mozilla/5.0 (compatible; Googlebot/2.1; +http://www.google.com/bot.html)"
5.255.253.81 - - [14/May/2023:04:04:22 +0200] "GET /ring-aime-maman-p-60432.html HTTP/1.0" 200 76694 "-" "Mozilla/5.0 (compatible; YandexBot/3.0; +http://yandex.com/bots)"
62.171.162.127 - - [14/May/2023:04:04:24 +0200] "GET /-p-40586.html HTTP/1.0" 200 73324 "-" "Mozilla/5.0 (compatible; MJ12bot/v1.4.8; http://mj12bot.com/)"
95.108.213.145 - - [14/May/2023:04:04:28 +0200] "GET /fine-bone-china-fresh-herbs-p-60476.html HTTP/1.0" 200 77162 "-" "Mozilla/5.0 (compatible; YandexBot/3.0; +http://yandex.com/bots)"
95.108.213.157 - - [14/May/2023:04:04:33 +0200] "GET /fine-bone-china-bumblebees-meadow-p-60468.html HTTP/1.0" 200 77093 "-" "Mozilla/5.0 (compatible; YandexBot/3.0; +http://yandex.com/bots)"
5.255.253.73 - - [14/May/2023:04:04:35 +0200] "GET /mini-rectangular-tray-hedera-white-p-60401.html HTTP/1.0" 200 76907 "-" "Mozilla/5.0 (compatible; YandexBot/3.0; +http://yandex.com/bots)"
213.180.203.116 - - [14/May/2023:04:04:34 +0200] "GET /oriental-cotton-table-runner-p-60386.html HTTP/1.0" 200 76697 "-" "Mozilla/5.0 (compatible; YandexBot/3.0; +http://yandex.com/bots)"
62.171.162.127 - - [14/May/2023:04:04:40 +0200] "GET /jasmin-large-make-pouch-p-36072.html HTTP/1.0" 301 73391 "-" "Mozilla/5.0 (compatible; MJ12bot/v1.4.8; http://mj12bot.com/)"
5.45.207.185 - - [14/May/2023:04:04:48 +0200] "GET /yellow-allen-designs-p-60435.html HTTP/1.0" 200 76856 "-" "Mozilla/5.0 (compatible; YandexBot/3.0; +http://yandex.com/bots)"
40.77.167.83 - - [14/May/2023:04:04:50 +0200] "GET /mugs-mazagrans-c-12_57.html?page=11 HTTP/1.0" 200 98352 "-" "Mozilla/5.0 AppleWebKit/537.36 (KHTML, like Gecko; compatible; bingbot/2.0; +http://www.bing.com/bingbot.htm) Chrome/103.0.5060.134 Safari/537.36"
62.171.162.127 - - [14/May/2023:04:04:52 +0200] "GET /-p-36072.html HTTP/1.0" 200 73324 "-" "Mozilla/5.0 (compatible; MJ12bot/v1.4.8; http://mj12bot.com/)"
213.180.203.198 - - [14/May/2023:04:04:53 +0200] "GET /fine-bone-china-lampions-p-60482.html HTTP/1.0" 200 76915 "-" "Mozilla/5.0 (compatible; YandexBot/3.0; +http://yandex.com/bots)"
62.171.162.127 - - [14/May/2023:04:05:10 +0200] "GET /jasmin-make-pouch-koala-grey-p-38838.html HTTP/1.0" 301 73391 "-" "Mozilla/5.0 (compatible; MJ12bot/v1.4.8; http://mj12bot.com/)"
62.171.162.127 - - [14/May/2023:04:05:26 +0200] "GET /-p-38838.html HTTP/1.0" 200 73324 "-" "Mozilla/5.0 (compatible; MJ12bot/v1.4.8; http://mj12bot.com/)"
133.237.8.182 - - [14/May/2023:04:05:34 +0200] "GET /images/mini_prod/1384000001342.jpg HTTP/1.0" 200 269 "-" "Mozilla/5.0 (Windows NT 10.0; Win64; x64) AppleWebKit/537.36 (KHTML, like Gecko) Chrome/58.0.3029.110 Safari/537.36"
34.73.63.120 - - [14/May/2023:04:05:36 +0200] "GET /images/med_prod/34203.jpg HTTP/1.0" 200 260 "-" "Mozilla/5.0 (X11; Ubuntu; Linux x86_64; rv:72.0) Gecko/20100101 Firefox/72.0"
185.191.171.4 - - [14/May/2023:04:05:39 +0200] "GET /decorative-baskets-black-p-58600.html HTTP/1.0" 200 77288 "-" "Mozilla/5.0 (compatible; SemrushBot/7~bl; +http://www.semrush.com/bot.html)"
62.171.162.127 - - [14/May/2023:04:05:46 +0200] "GET /jasmin-make-pouch-leopard-grey-p-38839.html HTTP/1.0" 301 73391 "-" "Mozilla/5.0 (compatible; MJ12bot/v1.4.8; http://mj12bot.com/)"
62.171.162.127 - - [14/May/2023:04:06:07 +0200] "GET /-p-38839.html HTTP/1.0" 200 73324 "-" "Mozilla/5.0 (compatible; MJ12bot/v1.4.8; http://mj12bot.com/)"
95.108.213.177 - - [14/May/2023:04:06:10 +0200] "GET /salamander-wall-decoration-p-60385.html HTTP/1.0" 200 76875 "-" "Mozilla/5.0 (compatible; YandexBot/3.0; +http://yandex.com/bots)"
62.171.162.127 - - [14/May/2023:04:06:25 +0200] "GET /jasmin-make-pouch-magic-grey-p-38840.html HTTP/1.0" 301 73391 "-" "Mozilla/5.0 (compatible; MJ12bot/v1.4.8; http://mj12bot.com/)"
62.171.162.127 - - [14/May/2023:04:06:41 +0200] "GET /-p-38840.html HTTP/1.0" 200 73324 "-" "Mozilla/5.0 (compatible; MJ12bot/v1.4.8; http://mj12bot.com/)"
5.255.231.92 - - [14/May/2023:04:06:42 +0200] "GET /cotton-floor-cushion-maison-p-60422.html HTTP/1.0" 200 77170 "-" "Mozilla/5.0 (compatible; YandexBot/3.0; +http://yandex.com/bots)"
62.171.162.127 - - [14/May/2023:04:07:01 +0200] "GET /jasmin-medium-cabas-jasmine-p-43473.html HTTP/1.0" 200 76958 "-" "Mozilla/5.0 (compatible; MJ12bot/v1.4.8; http://mj12bot.com/)"
5.255.231.97 - - [14/May/2023:04:07:02 +0200] "GET /wooden-cellar-p-60439.html HTTP/1.0" 200 76768 "-" "Mozilla/5.0 (compatible; YandexBot/3.0; +http://yandex.com/bots)"
213.180.203.13 - - [14/May/2023:04:07:03 +0200] "GET /shopping-petit-bazaar-maman-blue-green-p-60438.html HTTP/1.0" 200 76893 "-" "Mozilla/5.0 (compatible; YandexBot/3.0; +http://yandex.com/bots)"
213.180.203.199 - - [14/May/2023:04:07:08 +0200] "GET /ceramic-salt-with-spoon-p-60458.html HTTP/1.0" 200 76592 "-" "Mozilla/5.0 (compatible; YandexBot/3.0; +http://yandex.com/bots)"
185.191.171.5 - - [14/May/2023:04:07:24 +0200] "GET /klimt-adult-apron-p-51193.html HTTP/1.0" 200 75894 "-" "Mozilla/5.0 (compatible; SemrushBot/7~bl; +http://www.semrush.com/bot.html)"
185.191.171.17 - - [14/May/2023:04:07:30 +0200] "GET /protects-plastic-mattress-p-36799.html HTTP/1.0" 200 76156 "-" "Mozilla/5.0 (compatible; SemrushBot/7~bl; +http://www.semrush.com/bot.html)"
62.171.162.127 - - [14/May/2023:04:07:34 +0200] "GET /jasmin-medium-cabas-jasmine-p-43474.html HTTP/1.0" 200 76958 "-" "Mozilla/5.0 (compatible; MJ12bot/v1.4.8; http://mj12bot.com/)"
62.171.162.127 - - [14/May/2023:04:07:49 +0200] "GET /jasmin-medium-cabas-jasmine-tropical-p-40582.html HTTP/1.0" 301 73391 "-" "Mozilla/5.0 (compatible; MJ12bot/v1.4.8; http://mj12bot.com/)"
62.171.162.127 - - [14/May/2023:04:08:02 +0200] "GET /-p-40582.html HTTP/1.0" 200 73324 "-" "Mozilla/5.0 (compatible; MJ12bot/v1.4.8; http://mj12bot.com/)"
42.194.226.229 - - [14/May/2023:04:08:05 +0200] "GET /images/mini_prod/3503420107825.jpg HTTP/1.0" 200 269 "-" "Mozilla/5.0 (X11; Ubuntu; Linux x86_64; rv:72.0) Gecko/20100101 Firefox/72.0"
62.171.162.127 - - [14/May/2023:04:08:15 +0200] "GET /jasmin-medium-cabas-nova-p-43136.html HTTP/1.0" 301 73391 "-" "Mozilla/5.0 (compatible; MJ12bot/v1.4.8; http://mj12bot.com/)"
185.191.171.35 - - [14/May/2023:04:08:22 +0200] "GET /-p-31031.html HTTP/1.0" 200 73324 "-" "Mozilla/5.0 (compatible; SemrushBot/7~bl; +http://www.semrush.com/bot.html)"
62.171.162.127 - - [14/May/2023:04:08:27 +0200] "GET /-p-43136.html HTTP/1.0" 200 73324 "-" "Mozilla/5.0 (compatible; MJ12bot/v1.4.8; http://mj12bot.com/)"
62.171.162.127 - - [14/May/2023:04:08:41 +0200] "GET /jasmin-medium-cabas-nova-p-43482.html HTTP/1.0" 301 73391 "-" "Mozilla/5.0 (compatible; MJ12bot/v1.4.8; http://mj12bot.com/)"
62.171.162.127 - - [14/May/2023:04:08:54 +0200] "GET /-p-43482.html HTTP/1.0" 200 73324 "-" "Mozilla/5.0 (compatible; MJ12bot/v1.4.8; http://mj12bot.com/)"
207.46.13.220 - - [14/May/2023:04:09:00 +0200] "GET /indoor-fountains-c-13_272.html HTTP/1.0" 200 82969 "-" "Mozilla/5.0 AppleWebKit/537.36 (KHTML, like Gecko; compatible; bingbot/2.0; +http://www.bing.com/bingbot.htm) Chrome/103.0.5060.134 Safari/537.36"
62.171.162.127 - - [14/May/2023:04:09:10 +0200] "GET /jasmin-medium-cabas-p-43478.html HTTP/1.0" 301 73391 "-" "Mozilla/5.0 (compatible; MJ12bot/v1.4.8; http://mj12bot.com/)"
42.194.192.36 - - [14/May/2023:04:09:14 +0200] "GET /images/mini_prod/c8427787034837.jpg HTTP/1.0" 200 270 "-" "Mozilla/5.0 (X11; Ubuntu; Linux x86_64; rv:72.0) Gecko/20100101 Firefox/72.0"
62.171.162.127 - - [14/May/2023:04:09:28 +0200] "GET /-p-43478.html HTTP/1.0" 200 73324 "-" "Mozilla/5.0 (compatible; MJ12bot/v1.4.8; http://mj12bot.com/)"
81.71.99.63 - - [14/May/2023:04:09:34 +0200] "GET /images/mini_prod/4260082934655.jpg HTTP/1.0" 200 269 "-" "Mozilla/5.0 (X11; Ubuntu; Linux x86_64; rv:72.0) Gecko/20100101 Firefox/72.0"
62.171.162.127 - - [14/May/2023:04:09:48 +0200] "GET /jasmin-medium-cabas-p-43479.html HTTP/1.0" 301 73391 "-" "Mozilla/5.0 (compatible; MJ12bot/v1.4.8; http://mj12bot.com/)"
40.77.167.83 - - [14/May/2023:04:09:50 +0200] "GET /trays-c-12_159.html?page=2 HTTP/1.0" 200 94663 "-" "Mozilla/5.0 AppleWebKit/537.36 (KHTML, like Gecko; compatible; bingbot/2.0; +http://www.bing.com/bingbot.htm) Chrome/103.0.5060.134 Safari/537.36"
216.244.66.242 - - [14/May/2023:04:09:58 +0200] "GET /breton-clock-by-cbkreation-p-24413.html HTTP/1.0" 301 76028 "-" "Mozilla/5.0 (compatible; DotBot/1.2; +https://opensiteexplorer.org/dotbot; help@moz.com)"
185.191.171.37 - - [14/May/2023:04:10:03 +0200] "GET /display-coasters-square-black-metal-p-35232.html HTTP/1.0" 200 76098 "-" "Mozilla/5.0 (compatible; SemrushBot/7~bl; +http://www.semrush.com/bot.html)"
62.171.162.127 - - [14/May/2023:04:10:03 +0200] "GET /-p-43479.html HTTP/1.0" 200 73324 "-" "Mozilla/5.0 (compatible; MJ12bot/v1.4.8; http://mj12bot.com/)"
66.249.69.70 - - [14/May/2023:04:10:10 +0200] "GET /images/mini_prod/8435382724053.jpg HTTP/1.0" 200 269 "-" "Googlebot-Image/1.0"
185.191.171.15 - - [14/May/2023:04:10:12 +0200] "GET /frozen-disney-pencil-p-34086.html HTTP/1.0" 200 73402 "-" "Mozilla/5.0 (compatible; SemrushBot/7~bl; +http://www.semrush.com/bot.html)"
62.171.162.127 - - [14/May/2023:04:10:25 +0200] "GET /jasmin-medium-cabas-roller-p-43137.html HTTP/1.0" 301 73391 "-" "Mozilla/5.0 (compatible; MJ12bot/v1.4.8; http://mj12bot.com/)"
216.244.66.242 - - [14/May/2023:04:10:27 +0200] "GET /gorjuss-classic-stripe-weekender-bag-the-hatter-p-43184.html HTTP/1.0" 301 78017 "-" "Mozilla/5.0 (compatible; DotBot/1.2; +https://opensiteexplorer.org/dotbot; help@moz.com)"
207.46.13.220 - - [14/May/2023:04:10:29 +0200] "GET /mugs-mazagrans-c-12_57.html?page=15 HTTP/1.0" 200 99123 "-" "Mozilla/5.0 AppleWebKit/537.36 (KHTML, like Gecko; compatible; bingbot/2.0; +http://www.bing.com/bingbot.htm) Chrome/103.0.5060.134 Safari/537.36"
62.171.162.127 - - [14/May/2023:04:10:43 +0200] "GET /-p-43137.html HTTP/1.0" 200 73324 "-" "Mozilla/5.0 (compatible; MJ12bot/v1.4.8; http://mj12bot.com/)"
185.191.171.1 - - [14/May/2023:04:10:46 +0200] "GET /hands-heart-ceramic-statue-white-with-gold-patina-p-60350.html HTTP/1.0" 200 77061 "-" "Mozilla/5.0 (compatible; SemrushBot/7~bl; +http://www.semrush.com/bot.html)"
185.191.171.34 - - [14/May/2023:04:11:02 +0200] "GET /kimmidoll-saya-phone-cover-iphone-p-18047.html HTTP/1.0" 200 78787 "-" "Mozilla/5.0 (compatible; SemrushBot/7~bl; +http://www.semrush.com/bot.html)"
62.171.162.127 - - [14/May/2023:04:11:04 +0200] "GET /jasmin-p-43127.html HTTP/1.0" 301 73391 "-" "Mozilla/5.0 (compatible; MJ12bot/v1.4.8; http://mj12bot.com/)"
66.249.69.74 - - [14/May/2023:04:11:04 +0200] "GET /starry-russian-doll-cbkreation-p-18460.html HTTP/1.0" 200 76009 "-" "Mozilla/5.0 (compatible; Googlebot/2.1; +http://www.google.com/bot.html)"
62.171.162.127 - - [14/May/2023:04:11:21 +0200] "GET /-p-43127.html HTTP/1.0" 200 73324 "-" "Mozilla/5.0 (compatible; MJ12bot/v1.4.8; http://mj12bot.com/)"
42.194.240.167 - - [14/May/2023:04:11:36 +0200] "GET /images/mini_prod/1399984235201.JPG HTTP/1.0" 200 269 "-" "Mozilla/5.0 (X11; Ubuntu; Linux x86_64; rv:72.0) Gecko/20100101 Firefox/72.0"
185.191.171.45 - - [14/May/2023:04:11:35 +0200] "GET /paul-frank-bubble-p-11443.html HTTP/1.0" 200 76578 "-" "Mozilla/5.0 (compatible; SemrushBot/7~bl; +http://www.semrush.com/bot.html)"
62.171.162.127 - - [14/May/2023:04:11:37 +0200] "GET /jasmin-p-43128.html HTTP/1.0" 200 73369 "-" "Mozilla/5.0 (compatible; MJ12bot/v1.4.8; http://mj12bot.com/)"
147.92.153.17 - - [14/May/2023:04:11:41 +0200] "GET /grey-female-face-planter-p-60379.html HTTP/1.0" 200 76823 "-" "Mozilla/5.0 (compatible; Linespider/1.1; +https://lin.ee/4dwXkTH)"
185.191.171.34 - - [14/May/2023:04:11:46 +0200] "GET /robots.txt HTTP/1.0" 200 245 "-" "Mozilla/5.0 (compatible; SemrushBot/7~bl; +http://www.semrush.com/bot.html)"
185.191.171.44 - - [14/May/2023:04:11:48 +0200] "GET /melt-snow-angel-p-39003.html HTTP/1.0" 200 76557 "-" "Mozilla/5.0 (compatible; SemrushBot/7~bl; +http://www.semrush.com/bot.html)"
62.171.162.127 - - [14/May/2023:04:11:50 +0200] "GET /jasmin-p-43129.html HTTP/1.0" 301 73391 "-" "Mozilla/5.0 (compatible; MJ12bot/v1.4.8; http://mj12bot.com/)"
185.191.171.45 - - [14/May/2023:04:12:07 +0200] "GET /-p-39717.html HTTP/1.0" 200 73324 "-" "Mozilla/5.0 (compatible; SemrushBot/7~bl; +http://www.semrush.com/bot.html)"
62.171.162.127 - - [14/May/2023:04:12:08 +0200] "GET /-p-43129.html HTTP/1.0" 200 73324 "-" "Mozilla/5.0 (compatible; MJ12bot/v1.4.8; http://mj12bot.com/)"
207.46.13.220 - - [14/May/2023:04:12:20 +0200] "GET /images/big_prod/8422096017601B.jpg HTTP/1.0" 200 269 "-" "Mozilla/5.0 AppleWebKit/537.36 (KHTML, like Gecko; compatible; bingbot/2.0; +http://www.bing.com/bingbot.htm) Chrome/103.0.5060.134 Safari/537.36"
95.108.213.232 - - [14/May/2023:04:12:20 +0200] "GET /fine-bone-china-robin-wreath-p-60480.html HTTP/1.0" 200 76993 "-" "Mozilla/5.0 (compatible; YandexBot/3.0; +http://yandex.com/bots)"
207.46.13.220 - - [14/May/2023:04:12:21 +0200] "GET /monkey-table-lamp-p-55273.html HTTP/1.0" 200 76602 "-" "Mozilla/5.0 AppleWebKit/537.36 (KHTML, like Gecko; compatible; bingbot/2.0; +http://www.bing.com/bingbot.htm) Chrome/103.0.5060.134 Safari/537.36"
62.171.162.127 - - [14/May/2023:04:12:22 +0200] "GET /jasmin-p-43130.html HTTP/1.0" 301 73391 "-" "Mozilla/5.0 (compatible; MJ12bot/v1.4.8; http://mj12bot.com/)"
62.171.162.127 - - [14/May/2023:04:12:41 +0200] "GET /-p-43130.html HTTP/1.0" 200 73324 "-" "Mozilla/5.0 (compatible; MJ12bot/v1.4.8; http://mj12bot.com/)"
62.171.162.127 - - [14/May/2023:04:12:57 +0200] "GET /jasmin-p-43131.html HTTP/1.0" 301 73391 "-" "Mozilla/5.0 (compatible; MJ12bot/v1.4.8; http://mj12bot.com/)"
62.171.162.127 - - [14/May/2023:04:13:11 +0200] "GET /-p-43131.html HTTP/1.0" 200 73324 "-" "Mozilla/5.0 (compatible; MJ12bot/v1.4.8; http://mj12bot.com/)"
62.171.162.127 - - [14/May/2023:04:13:28 +0200] "GET /jasmin-p-43456.html HTTP/1.0" 301 73391 "-" "Mozilla/5.0 (compatible; MJ12bot/v1.4.8; http://mj12bot.com/)"
8.210.174.16 - - [14/May/2023:04:13:36 +0200] "GET /images/big_prod_1/3609810077454b.jpg HTTP/1.0" 200 271 "-" "aria2/1.35.0"
106.52.146.234 - - [14/May/2023:04:13:43 +0200] "GET /images/med_prod/1020322275503.jpg HTTP/1.0" 200 268 "-" "Mozilla/5.0 (X11; Ubuntu; Linux x86_64; rv:72.0) Gecko/20100101 Firefox/72.0"
62.171.162.127 - - [14/May/2023:04:13:43 +0200] "GET /-p-43456.html HTTP/1.0" 200 73324 "-" "Mozilla/5.0 (compatible; MJ12bot/v1.4.8; http://mj12bot.com/)"
66.249.69.72 - - [14/May/2023:04:13:44 +0200] "GET /fitted-sheet-cotton-percale-threads-p-53219.html HTTP/1.0" 200 76964 "-" "Mozilla/5.0 (Linux; Android 6.0.1; Nexus 5X Build/MMB29P) AppleWebKit/537.36 (KHTML, like Gecko) Chrome/112.0.5615.142 Mobile Safari/537.36 (compatible; Googlebot/2.1; +http://www.google.com/bot.html)"
216.244.66.242 - - [14/May/2023:04:13:58 +0200] "GET /-p-6931.html HTTP/1.0" 200 73322 "-" "Mozilla/5.0 (compatible; DotBot/1.2; +https://opensiteexplorer.org/dotbot; help@moz.com)"
62.171.162.127 - - [14/May/2023:04:13:59 +0200] "GET /jasmin-pencil-case-nova-p-43465.html HTTP/1.0" 200 73404 "-" "Mozilla/5.0 (compatible; MJ12bot/v1.4.8; http://mj12bot.com/)"
216.244.66.242 - - [14/May/2023:04:14:05 +0200] "GET /assorted-napkins-linen-ecru-p-58175.html HTTP/1.0" 200 77013 "-" "Mozilla/5.0 (compatible; DotBot/1.2; +https://opensiteexplorer.org/dotbot; help@moz.com)"
216.244.66.242 - - [14/May/2023:04:14:11 +0200] "GET /cruzado-money-cbkreation-p-24149.html HTTP/1.0" 200 76019 "-" "Mozilla/5.0 (compatible; DotBot/1.2; +https://opensiteexplorer.org/dotbot; help@moz.com)"
62.171.162.127 - - [14/May/2023:04:14:16 +0200] "GET /jasmin-pink-melamine-tray-p-34937.html HTTP/1.0" 301 73391 "-" "Mozilla/5.0 (compatible; MJ12bot/v1.4.8; http://mj12bot.com/)"
216.244.66.242 - - [14/May/2023:04:14:17 +0200] "GET /wunzees-doll-series-frankie-frog-p-45120.html HTTP/1.0" 200 76830 "-" "Mozilla/5.0 (compatible; DotBot/1.2; +https://opensiteexplorer.org/dotbot; help@moz.com)"
62.171.162.127 - - [14/May/2023:04:14:28 +0200] "GET /-p-34937.html HTTP/1.0" 200 73324 "-" "Mozilla/5.0 (compatible; MJ12bot/v1.4.8; http://mj12bot.com/)"
185.191.171.33 - - [14/May/2023:04:14:34 +0200] "GET /motor-ottoman-storage-p-47385.html HTTP/1.0" 200 76117 "-" "Mozilla/5.0 (compatible; SemrushBot/7~bl; +http://www.semrush.com/bot.html)"
62.171.162.127 - - [14/May/2023:04:14:44 +0200] "GET /jasmin-small-cabas-boho-p-43471.html HTTP/1.0" 301 73391 "-" "Mozilla/5.0 (compatible; MJ12bot/v1.4.8; http://mj12bot.com/)"
62.171.162.127 - - [14/May/2023:04:14:55 +0200] "GET /-p-43471.html HTTP/1.0" 200 73324 "-" "Mozilla/5.0 (compatible; MJ12bot/v1.4.8; http://mj12bot.com/)"
185.191.171.26 - - [14/May/2023:04:15:05 +0200] "GET /very-soft-thick-warm-leman-green-quilted-bedspread-p-60274.html HTTP/1.0" 200 77269 "-" "Mozilla/5.0 (compatible; SemrushBot/7~bl; +http://www.semrush.com/bot.html)"
62.171.162.127 - - [14/May/2023:04:15:13 +0200] "GET /jasmin-small-cabas-boho-p-43472.html HTTP/1.0" 301 73391 "-" "Mozilla/5.0 (compatible; MJ12bot/v1.4.8; http://mj12bot.com/)"
62.171.162.127 - - [14/May/2023:04:15:25 +0200] "GET /-p-43472.html HTTP/1.0" 200 73324 "-" "Mozilla/5.0 (compatible; MJ12bot/v1.4.8; http://mj12bot.com/)"
185.191.171.45 - - [14/May/2023:04:15:26 +0200] "GET /medusa-glass-paperweight-p-51429.html HTTP/1.0" 200 73410 "-" "Mozilla/5.0 (compatible; SemrushBot/7~bl; +http://www.semrush.com/bot.html)"
69.171.251.9 - - [14/May/2023:04:15:35 +0200] "GET /images/mini_prod/8003990585306.jpg HTTP/1.0" 200 269 "-" "Mozilla/5.0 (X11; Ubuntu; Linux x86_64; rv:72.0) Gecko/20100101 Firefox/72.0"
34.23.24.172 - - [14/May/2023:04:15:36 +0200] "GET /images/4008789054197.jpg HTTP/1.0" 200 259 "-" "Mozilla/5.0 (X11; Ubuntu; Linux x86_64; rv:72.0) Gecko/20100101 Firefox/72.0"
51.68.224.127 - - [14/May/2023:04:15:40 +0200] "GET /adminweb/export_orders_xml.php?token=256de2z6edz6ed2z6DFSFsed2zed6zeDSFDSGdzedezfzf&maxorders=10&orderstart=1&status=14&start_date=2018-10-01 HTTP/1.0" 200 285 "-" "GesCom CharlotteBoutik Serveur"
51.68.224.127 - - [14/May/2023:04:15:40 +0200] "GET /adminweb/export_orders_xml.php?token=256de2z6edz6ed2z6DFSFsed2zed6zeDSFDSGdzedezfzf&maxorders=10&orderstart=1&status=6&start_date=2018-10-01 HTTP/1.0" 200 33887 "-" "GesCom CharlotteBoutik Serveur"
62.171.162.127 - - [14/May/2023:04:15:41 +0200] "GET /jasmin-small-cabas-jasmine-p-43468.html HTTP/1.0" 200 76966 "-" "Mozilla/5.0 (compatible; MJ12bot/v1.4.8; http://mj12bot.com/)"
107.20.175.216 - - [14/May/2023:04:15:44 +0200] "GET /images/mini_prod/b8012052011455.jpg HTTP/1.0" 200 270 "-" "Mozilla/5.0 (X11; Ubuntu; Linux x86_64; rv:72.0) Gecko/20100101 Firefox/72.0"
66.249.69.74 - - [14/May/2023:04:15:53 +0200] "GET /mirror-blue-combi-aged-dented-metal-p-42125.html HTTP/1.0" 200 76786 "-" "Mozilla/5.0 (Linux; Android 6.0.1; Nexus 5X Build/MMB29P) AppleWebKit/537.36 (KHTML, like Gecko) Chrome/112.0.5615.142 Mobile Safari/537.36 (compatible; Googlebot/2.1; +http://www.google.com/bot.html)"
185.191.171.14 - - [14/May/2023:04:15:58 +0200] "GET /bamboo-fiber-plant-cover-p-59085.html HTTP/1.0" 200 76601 "-" "Mozilla/5.0 (compatible; SemrushBot/7~bl; +http://www.semrush.com/bot.html)"
81.71.99.91 - - [14/May/2023:04:16:09 +0200] "GET /images/mini_prod/9316188081016.jpg HTTP/1.0" 200 269 "-" "Mozilla/5.0 (X11; Ubuntu; Linux x86_64; rv:72.0) Gecko/20100101 Firefox/72.0"
62.171.162.127 - - [14/May/2023:04:16:10 +0200] "GET /jasmin-small-cabas-nova-p-43469.html HTTP/1.0" 301 73391 "-" "Mozilla/5.0 (compatible; MJ12bot/v1.4.8; http://mj12bot.com/)"
62.171.162.127 - - [14/May/2023:04:16:21 +0200] "GET /-p-43469.html HTTP/1.0" 200 73324 "-" "Mozilla/5.0 (compatible; MJ12bot/v1.4.8; http://mj12bot.com/)"
62.171.162.127 - - [14/May/2023:04:16:31 +0200] "GET /jasmin-small-cabas-nova-p-43470.html HTTP/1.0" 200 76893 "-" "Mozilla/5.0 (compatible; MJ12bot/v1.4.8; http://mj12bot.com/)"
62.171.162.127 - - [14/May/2023:04:16:50 +0200] "GET /kitty-pretty-minois-pink-hello-camomilla-p-19157.html HTTP/1.0" 301 73391 "-" "Mozilla/5.0 (compatible; MJ12bot/v1.4.8; http://mj12bot.com/)"
107.20.175.216 - - [14/May/2023:04:17:01 +0200] "GET /images/mini_prod/5050293803197.jpg HTTP/1.0" 200 269 "-" "Mozilla/5.0 (X11; Ubuntu; Linux x86_64; rv:72.0) Gecko/20100101 Firefox/72.0"
62.171.162.127 - - [14/May/2023:04:17:19 +0200] "GET /-p-19157.html HTTP/1.0" 200 73324 "-" "Mozilla/5.0 (compatible; MJ12bot/v1.4.8; http://mj12bot.com/)"
62.171.162.127 - - [14/May/2023:04:17:36 +0200] "GET /littlest-petshop-white-swimsuit-p-30316.html HTTP/1.0" 200 77451 "-" "Mozilla/5.0 (compatible; MJ12bot/v1.4.8; http://mj12bot.com/)"
62.171.162.127 - - [14/May/2023:04:17:58 +0200] "GET /luggages-schoolbags-leather-shop/bagshandbags-shoulder-bags/beatles-black-logo-red-messenger-bag-p-11688.html HTTP/1.0" 301 73391 "-" "Mozilla/5.0 (compatible; MJ12bot/v1.4.8; http://mj12bot.com/)"
62.171.162.127 - - [14/May/2023:04:18:14 +0200] "GET /-p-11688.html HTTP/1.0" 200 73324 "-" "Mozilla/5.0 (compatible; MJ12bot/v1.4.8; http://mj12bot.com/)"
62.171.162.127 - - [14/May/2023:04:18:28 +0200] "GET /luggages-schoolbags-leather-shop/bagshandbags-shoulder-bags/beatles-blue-canvas-shopping-bag-p-4997.html HTTP/1.0" 301 73388 "-" "Mozilla/5.0 (compatible; MJ12bot/v1.4.8; http://mj12bot.com/)"
66.249.69.74 - - [14/May/2023:04:18:37 +0200] "GET /luggages-schoolbags-leather-shop/pencil-case-c-5_31_75.html HTTP/1.0" 301 96391 "-" "Mozilla/5.0 (Linux; Android 6.0.1; Nexus 5X Build/MMB29P) AppleWebKit/537.36 (KHTML, like Gecko) Chrome/112.0.5615.142 Mobile Safari/537.36 (compatible; Googlebot/2.1; +http://www.google.com/bot.html)"
66.249.69.70 - - [14/May/2023:04:18:39 +0200] "GET /pencil-case-c-75.html HTTP/1.0" 301 96471 "-" "Mozilla/5.0 (Linux; Android 6.0.1; Nexus 5X Build/MMB29P) AppleWebKit/537.36 (KHTML, like Gecko) Chrome/112.0.5615.142 Mobile Safari/537.36 (compatible; Googlebot/2.1; +http://www.google.com/bot.html)"
66.249.69.72 - - [14/May/2023:04:18:41 +0200] "GET /pencil-case-c-31_75.html HTTP/1.0" 200 96551 "-" "Mozilla/5.0 (Linux; Android 6.0.1; Nexus 5X Build/MMB29P) AppleWebKit/537.36 (KHTML, like Gecko) Chrome/112.0.5615.142 Mobile Safari/537.36 (compatible; Googlebot/2.1; +http://www.google.com/bot.html)"
62.171.162.127 - - [14/May/2023:04:18:47 +0200] "GET /-p-4997.html HTTP/1.0" 200 73322 "-" "Mozilla/5.0 (compatible; MJ12bot/v1.4.8; http://mj12bot.com/)"
185.191.171.13 - - [14/May/2023:04:18:53 +0200] "GET /-p-27996.html HTTP/1.0" 200 73324 "-" "Mozilla/5.0 (compatible; SemrushBot/7~bl; +http://www.semrush.com/bot.html)"
62.171.162.127 - - [14/May/2023:04:19:01 +0200] "GET /luggages-schoolbags-leather-shop/bagshandbags-shoulder-bags/beatles-hard-day39s-night-postal-bag-p-7729.html HTTP/1.0" 301 73388 "-" "Mozilla/5.0 (compatible; MJ12bot/v1.4.8; http://mj12bot.com/)"
62.171.162.127 - - [14/May/2023:04:19:17 +0200] "GET /-p-7729.html HTTP/1.0" 200 73322 "-" "Mozilla/5.0 (compatible; MJ12bot/v1.4.8; http://mj12bot.com/)"
185.191.171.45 - - [14/May/2023:04:19:22 +0200] "GET /wooden-hand-fatima-wood-blue-aged-brass-p-46043.html HTTP/1.0" 200 73524 "-" "Mozilla/5.0 (compatible; SemrushBot/7~bl; +http://www.semrush.com/bot.html)"
62.171.162.127 - - [14/May/2023:04:19:36 +0200] "GET /luggages-schoolbags-leather-shop/bagshandbags-shoulder-bags/beatles-horizontal-shopping-bag-p-3740.html HTTP/1.0" 301 73388 "-" "Mozilla/5.0 (compatible; MJ12bot/v1.4.8; http://mj12bot.com/)"
62.171.162.127 - - [14/May/2023:04:19:54 +0200] "GET /-p-3740.html HTTP/1.0" 200 73322 "-" "Mozilla/5.0 (compatible; MJ12bot/v1.4.8; http://mj12bot.com/)"
121.30.179.137 - - [14/May/2023:04:20:02 +0200] "GET /images/mini_prod/8433978414623.jpg HTTP/1.0" 200 269 "-" "Mozilla/5.0 (X11; Ubuntu; Linux x86_64; rv:72.0) Gecko/20100101 Firefox/72.0"
62.171.162.127 - - [14/May/2023:04:20:07 +0200] "GET /luggages-schoolbags-leather-shop/bagshandbags-shoulder-bags/beatles-large-travel-bag-p-7755.html HTTP/1.0" 301 73388 "-" "Mozilla/5.0 (compatible; MJ12bot/v1.4.8; http://mj12bot.com/)"
17.241.219.207 - - [14/May/2023:04:20:15 +0200] "GET /images/mini_prod/1384010202760.jpg HTTP/1.0" 200 269 "-" "Mozilla/5.0 (Macintosh; Intel Mac OS X 10_15_5) AppleWebKit/605.1.15 (KHTML, like Gecko) Version/13.1.1 Safari/605.1.15 (Applebot/0.1; +http://www.apple.com/go/applebot)"
62.171.162.127 - - [14/May/2023:04:20:19 +0200] "GET /-p-7755.html HTTP/1.0" 200 73322 "-" "Mozilla/5.0 (compatible; MJ12bot/v1.4.8; http://mj12bot.com/)"
42.194.226.108 - - [14/May/2023:04:20:26 +0200] "GET /images/mini_prod/5051276388212.jpg HTTP/1.0" 200 269 "-" "Mozilla/5.0 (X11; Ubuntu; Linux x86_64; rv:72.0) Gecko/20100101 Firefox/72.0"
62.171.162.127 - - [14/May/2023:04:20:34 +0200] "GET /luggages-schoolbags-leather-shop/bagshandbags-shoulder-bags/beatles-logo-bowling-bag-p-10522.html HTTP/1.0" 301 73391 "-" "Mozilla/5.0 (compatible; MJ12bot/v1.4.8; http://mj12bot.com/)"
185.191.171.12 - - [14/May/2023:04:20:35 +0200] "GET /johnny-hallyday-decorative-wood-plaque-p-43493.html HTTP/1.0" 200 76129 "-" "Mozilla/5.0 (compatible; SemrushBot/7~bl; +http://www.semrush.com/bot.html)"
42.194.192.163 - - [14/May/2023:04:20:43 +0200] "GET /images/mini_prod/1384010203453.jpg HTTP/1.0" 200 269 "-" "Mozilla/5.0 (X11; Ubuntu; Linux x86_64; rv:72.0) Gecko/20100101 Firefox/72.0"
62.171.162.127 - - [14/May/2023:04:20:46 +0200] "GET /-p-10522.html HTTP/1.0" 200 73324 "-" "Mozilla/5.0 (compatible; MJ12bot/v1.4.8; http://mj12bot.com/)"
185.191.171.6 - - [14/May/2023:04:20:50 +0200] "GET /-p-59248.html HTTP/1.0" 200 73324 "-" "Mozilla/5.0 (compatible; SemrushBot/7~bl; +http://www.semrush.com/bot.html)"
62.171.162.127 - - [14/May/2023:04:21:05 +0200] "GET /luggages-schoolbags-leather-shop/bagshandbags-shoulder-bags/beatles-logo-grey-messenger-bag-p-10503.html HTTP/1.0" 301 73391 "-" "Mozilla/5.0 (compatible; MJ12bot/v1.4.8; http://mj12bot.com/)"
185.191.171.25 - - [14/May/2023:04:21:13 +0200] "GET /wooden-wall-decoration-hang-p-42748.html HTTP/1.0" 200 76225 "-" "Mozilla/5.0 (compatible; SemrushBot/7~bl; +http://www.semrush.com/bot.html)"
62.171.162.127 - - [14/May/2023:04:21:26 +0200] "GET /-p-10503.html HTTP/1.0" 200 73324 "-" "Mozilla/5.0 (compatible; MJ12bot/v1.4.8; http://mj12bot.com/)"
62.171.162.127 - - [14/May/2023:04:21:41 +0200] "GET /luggages-schoolbags-leather-shop/bagshandbags-shoulder-bags/beatles-logo-khaki-messenger-bag-p-11686.html HTTP/1.0" 301 73391 "-" "Mozilla/5.0 (compatible; MJ12bot/v1.4.8; http://mj12bot.com/)"
62.171.162.127 - - [14/May/2023:04:21:55 +0200] "GET /-p-11686.html HTTP/1.0" 200 73324 "-" "Mozilla/5.0 (compatible; MJ12bot/v1.4.8; http://mj12bot.com/)"
62.171.162.127 - - [14/May/2023:04:22:12 +0200] "GET /luggages-schoolbags-leather-shop/bagshandbags-shoulder-bags/beatles-olympia-vertical-shoulder-bag-p-10859.html HTTP/1.0" 301 73391 "-" "Mozilla/5.0 (compatible; MJ12bot/v1.4.8; http://mj12bot.com/)"
185.191.171.21 - - [14/May/2023:04:22:20 +0200] "GET /blue-bekley-polar-blanket-p-59759.html HTTP/1.0" 200 76916 "-" "Mozilla/5.0 (compatible; SemrushBot/7~bl; +http://www.semrush.com/bot.html)"
62.171.162.127 - - [14/May/2023:04:22:28 +0200] "GET /-p-10859.html HTTP/1.0" 200 73324 "-" "Mozilla/5.0 (compatible; MJ12bot/v1.4.8; http://mj12bot.com/)"
66.249.69.74 - - [14/May/2023:04:22:42 +0200] "GET /heart-string-eeyore-figurine-p-58160.html HTTP/1.0" 200 77092 "-" "Mozilla/5.0 (Linux; Android 6.0.1; Nexus 5X Build/MMB29P) AppleWebKit/537.36 (KHTML, like Gecko) Chrome/112.0.5615.142 Mobile Safari/537.36 (compatible; Googlebot/2.1; +http://www.google.com/bot.html)"
62.171.162.127 - - [14/May/2023:04:22:44 +0200] "GET /luggages-schoolbags-leather-shop/bagshandbags-shoulder-bags/beatles-sergent-peppers-black-messenger-bag-p-14632.html HTTP/1.0" 301 73391 "-" "Mozilla/5.0 (compatible; MJ12bot/v1.4.8; http://mj12bot.com/)"
81.71.98.254 - - [14/May/2023:04:22:59 +0200] "GET /images/mini_prod/5036278061066.jpg HTTP/1.0" 200 269 "-" "Mozilla/5.0 (X11; Ubuntu; Linux x86_64; rv:72.0) Gecko/20100101 Firefox/72.0"
62.171.162.127 - - [14/May/2023:04:23:00 +0200] "GET /-p-14632.html HTTP/1.0" 200 73324 "-" "Mozilla/5.0 (compatible; MJ12bot/v1.4.8; http://mj12bot.com/)"
107.20.175.216 - - [14/May/2023:04:23:06 +0200] "GET /images/mini_prod/8430957052104.jpg HTTP/1.0" 200 269 "-" "Mozilla/5.0 (X11; Ubuntu; Linux x86_64; rv:72.0) Gecko/20100101 Firefox/72.0"
106.52.146.234 - - [14/May/2023:04:23:08 +0200] "GET /images/mini_prod/8719172832068c.jpg HTTP/1.0" 200 270 "-" "Mozilla/5.0 (X11; Ubuntu; Linux x86_64; rv:72.0) Gecko/20100101 Firefox/72.0"
62.171.162.127 - - [14/May/2023:04:23:10 +0200] "GET /luggages-schoolbags-leather-shop/bagshandbags-shoulder-bags/beatles-sergent-peppers-messenger-bag-p-10502.html HTTP/1.0" 301 73391 "-" "Mozilla/5.0 (compatible; MJ12bot/v1.4.8; http://mj12bot.com/)"
62.171.162.127 - - [14/May/2023:04:23:25 +0200] "GET /-p-10502.html HTTP/1.0" 200 73324 "-" "Mozilla/5.0 (compatible; MJ12bot/v1.4.8; http://mj12bot.com/)"
66.249.69.70 - - [14/May/2023:04:23:36 +0200] "GET /images/big_prod/8718969174206.jpg HTTP/1.0" 200 268 "-" "Googlebot-Image/1.0"
62.171.162.127 - - [14/May/2023:04:23:41 +0200] "GET /luggages-schoolbags-leather-shop/bagshandbags-shoulder-bags/beatles-story-navy-shoulder-bag-p-7731.html HTTP/1.0" 301 73388 "-" "Mozilla/5.0 (compatible; MJ12bot/v1.4.8; http://mj12bot.com/)"
185.191.171.12 - - [14/May/2023:04:23:41 +0200] "GET /boho-indian-pouch-buffalo-head-p-42920.html HTTP/1.0" 200 76168 "-" "Mozilla/5.0 (compatible; SemrushBot/7~bl; +http://www.semrush.com/bot.html)"
66.249.69.70 - - [14/May/2023:04:23:55 +0200] "GET /white-jellyfish-glass-paperweight-p-60043.html HTTP/1.0" 200 76724 "-" "Mozilla/5.0 (compatible; Googlebot/2.1; +http://www.google.com/bot.html)"
62.171.162.127 - - [14/May/2023:04:23:58 +0200] "GET /-p-7731.html HTTP/1.0" 200 73322 "-" "Mozilla/5.0 (compatible; MJ12bot/v1.4.8; http://mj12bot.com/)"
62.171.162.127 - - [14/May/2023:04:24:07 +0200] "GET /luggages-schoolbags-leather-shop/bagshandbags-shoulder-bags/beatles-the-story-vertical-shoulder-bag-p-7844.html HTTP/1.0" 301 73388 "-" "Mozilla/5.0 (compatible; MJ12bot/v1.4.8; http://mj12bot.com/)"
62.171.162.127 - - [14/May/2023:04:24:23 +0200] "GET /-p-7844.html HTTP/1.0" 200 73322 "-" "Mozilla/5.0 (compatible; MJ12bot/v1.4.8; http://mj12bot.com/)"
106.52.249.139 - - [14/May/2023:04:24:30 +0200] "GET /images/mini_prod/8421440076059.jpg HTTP/1.0" 200 269 "-" "Mozilla/5.0 (X11; Ubuntu; Linux x86_64; rv:72.0) Gecko/20100101 Firefox/72.0"
62.171.162.127 - - [14/May/2023:04:24:39 +0200] "GET /luggages-schoolbags-leather-shop/bagshandbags-shoulder-bags/betty-boop-best-shopping-bag-beige-p-13683.html HTTP/1.0" 301 73391 "-" "Mozilla/5.0 (compatible; MJ12bot/v1.4.8; http://mj12bot.com/)"
62.171.162.127 - - [14/May/2023:04:24:58 +0200] "GET /-p-13683.html HTTP/1.0" 200 73324 "-" "Mozilla/5.0 (compatible; MJ12bot/v1.4.8; http://mj12bot.com/)"
62.171.162.127 - - [14/May/2023:04:25:20 +0200] "GET /luggages-schoolbags-leather-shop/bagshandbags-shoulder-bags/betty-boop-city-red-large-bag-p-16945.html HTTP/1.0" 301 73391 "-" "Mozilla/5.0 (compatible; MJ12bot/v1.4.8; http://mj12bot.com/)"
62.171.162.127 - - [14/May/2023:04:25:39 +0200] "GET /-p-16945.html HTTP/1.0" 200 73324 "-" "Mozilla/5.0 (compatible; MJ12bot/v1.4.8; http://mj12bot.com/)"
66.249.69.70 - - [14/May/2023:04:25:39 +0200] "GET /marseille-cookware-cbkreation-p-31258.html HTTP/1.0" 200 76040 "-" "Mozilla/5.0 (Linux; Android 6.0.1; Nexus 5X Build/MMB29P) AppleWebKit/537.36 (KHTML, like Gecko) Chrome/112.0.5615.142 Mobile Safari/537.36 (compatible; Googlebot/2.1; +http://www.google.com/bot.html)"
129.204.116.160 - - [14/May/2023:04:25:44 +0200] "GET /images/mini_prod/3700407620326.jpg HTTP/1.0" 200 269 "-" "Mozilla/5.0 (X11; Ubuntu; Linux x86_64; rv:72.0) Gecko/20100101 Firefox/72.0"
62.171.162.127 - - [14/May/2023:04:25:52 +0200] "GET /luggages-schoolbags-leather-shop/bagshandbags-shoulder-bags/betty-boop-city-red-shoulder-bag-p-16934.html HTTP/1.0" 301 73391 "-" "Mozilla/5.0 (compatible; MJ12bot/v1.4.8; http://mj12bot.com/)"
66.249.69.70 - - [14/May/2023:04:25:53 +0200] "GET /peter-wendy-darling-figurine-p-59516.html HTTP/1.0" 200 77410 "-" "Mozilla/5.0 (compatible; Googlebot/2.1; +http://www.google.com/bot.html)"
62.171.162.127 - - [14/May/2023:04:26:09 +0200] "GET /-p-16934.html HTTP/1.0" 200 73324 "-" "Mozilla/5.0 (compatible; MJ12bot/v1.4.8; http://mj12bot.com/)"
62.171.162.127 - - [14/May/2023:04:26:29 +0200] "GET /luggages-schoolbags-leather-shop/bagshandbags-shoulder-bags/betty-boop-city-red-shoulder-bag-p-16938.html HTTP/1.0" 301 73391 "-" "Mozilla/5.0 (compatible; MJ12bot/v1.4.8; http://mj12bot.com/)"
62.171.162.127 - - [14/May/2023:04:26:46 +0200] "GET /-p-16938.html HTTP/1.0" 200 73324 "-" "Mozilla/5.0 (compatible; MJ12bot/v1.4.8; http://mj12bot.com/)"
62.171.162.127 - - [14/May/2023:04:26:57 +0200] "GET /luggages-schoolbags-leather-shop/bagshandbags-shoulder-bags/betty-boop-embroidered-postman-bag-p-5391.html HTTP/1.0" 301 73388 "-" "Mozilla/5.0 (compatible; MJ12bot/v1.4.8; http://mj12bot.com/)"
62.171.162.127 - - [14/May/2023:04:27:12 +0200] "GET /-p-5391.html HTTP/1.0" 200 73322 "-" "Mozilla/5.0 (compatible; MJ12bot/v1.4.8; http://mj12bot.com/)"
62.171.162.127 - - [14/May/2023:04:27:25 +0200] "GET /luggages-schoolbags-leather-shop/bagshandbags-shoulder-bags/betty-boop-glam-travel-bag-p-7565.html HTTP/1.0" 301 73388 "-" "Mozilla/5.0 (compatible; MJ12bot/v1.4.8; http://mj12bot.com/)"
62.171.162.127 - - [14/May/2023:04:27:47 +0200] "GET /-p-7565.html HTTP/1.0" 200 73322 "-" "Mozilla/5.0 (compatible; MJ12bot/v1.4.8; http://mj12bot.com/)"
62.171.162.127 - - [14/May/2023:04:28:06 +0200] "GET /luggages-schoolbags-leather-shop/bagshandbags-shoulder-bags/betty-boop-handbag-p-12586.html HTTP/1.0" 301 73391 "-" "Mozilla/5.0 (compatible; MJ12bot/v1.4.8; http://mj12bot.com/)"
129.204.31.216 - - [14/May/2023:04:28:12 +0200] "GET /images/mini_prod/34DSCN8163.jpg HTTP/1.0" 200 266 "-" "Mozilla/5.0 (X11; Ubuntu; Linux x86_64; rv:72.0) Gecko/20100101 Firefox/72.0"
134.35.162.193 - - [14/May/2023:04:28:19 +0200] "GET /contact_us.php HTTP/1.0" 200 26241 "http://www.wonder-geek.com/contact_us.php" "Mozilla/5.0 (Windows NT 10.0; WOW64) AppleWebKit/537.36 (KHTML, like Gecko) Chrome/90.0.4430.85 Safari/537.36"
62.171.162.127 - - [14/May/2023:04:28:24 +0200] "GET /-p-12586.html HTTP/1.0" 200 73324 "-" "Mozilla/5.0 (compatible; MJ12bot/v1.4.8; http://mj12bot.com/)"
134.35.162.193 - - [14/May/2023:04:28:31 +0200] "POST /contact_us.php?action=send HTTP/1.0" 200 26495 "http://www.wonder-geek.com/contact_us.php" "Mozilla/5.0 (Windows NT 10.0; WOW64) AppleWebKit/537.36 (KHTML, like Gecko) Chrome/90.0.4430.85 Safari/537.36"
62.171.162.127 - - [14/May/2023:04:28:40 +0200] "GET /luggages-schoolbags-leather-shop/bagshandbags-shoulder-bags/betty-boop-handbag-taupe-p-13652.html HTTP/1.0" 301 73391 "-" "Mozilla/5.0 (compatible; MJ12bot/v1.4.8; http://mj12bot.com/)"
185.191.171.1 - - [14/May/2023:04:28:45 +0200] "GET /freshener-heart-home-dawn-mist-p-40597.html HTTP/1.0" 200 73438 "-" "Mozilla/5.0 (compatible; SemrushBot/7~bl; +http://www.semrush.com/bot.html)"
62.171.162.127 - - [14/May/2023:04:28:54 +0200] "GET /-p-13652.html HTTP/1.0" 200 73324 "-" "Mozilla/5.0 (compatible; MJ12bot/v1.4.8; http://mj12bot.com/)"
62.171.162.127 - - [14/May/2023:04:29:10 +0200] "GET /luggages-schoolbags-leather-shop/bagshandbags-shoulder-bags/betty-boop-handle-bag-p-13714.html HTTP/1.0" 301 73391 "-" "Mozilla/5.0 (compatible; MJ12bot/v1.4.8; http://mj12bot.com/)"
66.249.69.72 - - [14/May/2023:04:29:18 +0200] "GET /monet-candle-holders-p-53530.html HTTP/1.0" 200 76882 "-" "Mozilla/5.0 (compatible; Googlebot/2.1; +http://www.google.com/bot.html)"
62.171.162.127 - - [14/May/2023:04:29:24 +0200] "GET /-p-13714.html HTTP/1.0" 200 73324 "-" "Mozilla/5.0 (compatible; MJ12bot/v1.4.8; http://mj12bot.com/)"
185.191.171.19 - - [14/May/2023:04:29:36 +0200] "GET /household-linen-c-11.html?page=58 HTTP/1.0" 200 95854 "-" "Mozilla/5.0 (compatible; SemrushBot/7~bl; +http://www.semrush.com/bot.html)"
62.171.162.127 - - [14/May/2023:04:29:38 +0200] "GET /luggages-schoolbags-leather-shop/bagshandbags-shoulder-bags/betty-boop-hippies-large-travel-bag-blue-p-13677.html HTTP/1.0" 301 73391 "-" "Mozilla/5.0 (compatible; MJ12bot/v1.4.8; http://mj12bot.com/)"
62.171.162.127 - - [14/May/2023:04:29:49 +0200] "GET /-p-13677.html HTTP/1.0" 200 73324 "-" "Mozilla/5.0 (compatible; MJ12bot/v1.4.8; http://mj12bot.com/)"
185.191.171.22 - - [14/May/2023:04:29:54 +0200] "GET /-p-45607.html HTTP/1.0" 200 73324 "-" "Mozilla/5.0 (compatible; SemrushBot/7~bl; +http://www.semrush.com/bot.html)"
62.171.162.127 - - [14/May/2023:04:30:03 +0200] "GET /luggages-schoolbags-leather-shop/bagshandbags-shoulder-bags/betty-boop-shopping-bag-p-3335.html HTTP/1.0" 301 73388 "-" "Mozilla/5.0 (compatible; MJ12bot/v1.4.8; http://mj12bot.com/)"
66.249.69.74 - - [14/May/2023:04:30:10 +0200] "GET /small-round-black-white-alarm-clock-p-55548.html HTTP/1.0" 200 76852 "-" "Mozilla/5.0 (Linux; Android 6.0.1; Nexus 5X Build/MMB29P) AppleWebKit/537.36 (KHTML, like Gecko) Chrome/112.0.5615.142 Mobile Safari/537.36 (compatible; Googlebot/2.1; +http://www.google.com/bot.html)"
62.171.162.127 - - [14/May/2023:04:30:15 +0200] "GET /-p-3335.html HTTP/1.0" 200 73322 "-" "Mozilla/5.0 (compatible; MJ12bot/v1.4.8; http://mj12bot.com/)"
66.249.69.72 - - [14/May/2023:04:30:15 +0200] "GET /jasmin-inuit-large-soup-bowl-p-41626.html HTTP/1.0" 200 73446 "-" "Mozilla/5.0 (Linux; Android 6.0.1; Nexus 5X Build/MMB29P) AppleWebKit/537.36 (KHTML, like Gecko) Chrome/112.0.5615.142 Mobile Safari/537.36 (compatible; Googlebot/2.1; +http://www.google.com/bot.html)"
62.171.162.127 - - [14/May/2023:04:30:32 +0200] "GET /luggages-schoolbags-leather-shop/bagshandbags-shoulder-bags/charmmy-kitty-embroidered-little-shoulder-bag-p-7583.html HTTP/1.0" 301 73388 "-" "Mozilla/5.0 (compatible; MJ12bot/v1.4.8; http://mj12bot.com/)"
62.171.162.127 - - [14/May/2023:04:30:46 +0200] "GET /-p-7583.html HTTP/1.0" 200 73322 "-" "Mozilla/5.0 (compatible; MJ12bot/v1.4.8; http://mj12bot.com/)"
185.191.171.22 - - [14/May/2023:04:30:49 +0200] "GET /guardian-angel-statue-angel-baptism-p-43215.html HTTP/1.0" 200 73458 "-" "Mozilla/5.0 (compatible; SemrushBot/7~bl; +http://www.semrush.com/bot.html)"
185.191.171.45 - - [14/May/2023:04:31:00 +0200] "GET /corsica-shirt-p-31093.html HTTP/1.0" 200 77870 "-" "Mozilla/5.0 (compatible; SemrushBot/7~bl; +http://www.semrush.com/bot.html)"
62.171.162.127 - - [14/May/2023:04:31:01 +0200] "GET /luggages-schoolbags-leather-shop/bagshandbags-shoulder-bags/charmmy-kitty-love-reporter-bag-p-7584.html HTTP/1.0" 301 73388 "-" "Mozilla/5.0 (compatible; MJ12bot/v1.4.8; http://mj12bot.com/)"
62.171.162.127 - - [14/May/2023:04:31:14 +0200] "GET /-p-7584.html HTTP/1.0" 200 73322 "-" "Mozilla/5.0 (compatible; MJ12bot/v1.4.8; http://mj12bot.com/)"
66.249.69.72 - - [14/May/2023:04:31:09 +0200] "GET /stranger-things-ceramic-p-53480.html HTTP/1.0" 200 76811 "-" "Mozilla/5.0 (compatible; Googlebot/2.1; +http://www.google.com/bot.html)"
185.191.171.17 - - [14/May/2023:04:31:23 +0200] "GET /furniture-knob-sold-individually-p-55982.html HTTP/1.0" 200 73442 "-" "Mozilla/5.0 (compatible; SemrushBot/7~bl; +http://www.semrush.com/bot.html)"
62.171.162.127 - - [14/May/2023:04:31:31 +0200] "GET /luggages-schoolbags-leather-shop/bagshandbags-shoulder-bags/che-guevara-havana-travel-bag-p-5518.html HTTP/1.0" 301 73388 "-" "Mozilla/5.0 (compatible; MJ12bot/v1.4.8; http://mj12bot.com/)"
62.171.162.127 - - [14/May/2023:04:31:44 +0200] "GET /-p-5518.html HTTP/1.0" 200 73322 "-" "Mozilla/5.0 (compatible; MJ12bot/v1.4.8; http://mj12bot.com/)"
121.30.179.27 - - [14/May/2023:04:31:47 +0200] "GET /images/mini_prod/5601392310972.jpg HTTP/1.0" 200 269 "-" "Mozilla/5.0 (X11; Ubuntu; Linux x86_64; rv:72.0) Gecko/20100101 Firefox/72.0"
62.171.162.127 - - [14/May/2023:04:31:53 +0200] "GET /luggages-schoolbags-leather-shop/bagshandbags-shoulder-bags/compagnie-californie-vertical-satchel-p-19793.html HTTP/1.0" 301 73391 "-" "Mozilla/5.0 (compatible; MJ12bot/v1.4.8; http://mj12bot.com/)"
62.171.162.127 - - [14/May/2023:04:32:11 +0200] "GET /-p-19793.html HTTP/1.0" 200 73324 "-" "Mozilla/5.0 (compatible; MJ12bot/v1.4.8; http://mj12bot.com/)"
51.68.224.127 - - [14/May/2023:04:32:24 +0200] "GET /adminweb/export_orders_xml.php?token=256de2z6edz6ed2z6DFSFsed2zed6zeDSFDSGdzedezfzf&maxorders=10&orderstart=1&status=14&start_date=2018-10-01 HTTP/1.0" 200 285 "-" "GesCom CharlotteBoutik Serveur"
51.68.224.127 - - [14/May/2023:04:32:24 +0200] "GET /adminweb/export_orders_xml.php?token=256de2z6edz6ed2z6DFSFsed2zed6zeDSFDSGdzedezfzf&maxorders=10&orderstart=1&status=6&start_date=2018-10-01 HTTP/1.0" 200 33887 "-" "GesCom CharlotteBoutik Serveur"
62.171.162.127 - - [14/May/2023:04:32:27 +0200] "GET /luggages-schoolbags-leather-shop/bagshandbags-shoulder-bags/daisy-duck-little-shoulder-bag-p-9688.html HTTP/1.0" 301 73388 "-" "Mozilla/5.0 (compatible; MJ12bot/v1.4.8; http://mj12bot.com/)"
62.171.162.127 - - [14/May/2023:04:32:46 +0200] "GET /-p-9688.html HTTP/1.0" 200 73322 "-" "Mozilla/5.0 (compatible; MJ12bot/v1.4.8; http://mj12bot.com/)"
62.171.162.127 - - [14/May/2023:04:32:59 +0200] "GET /luggages-schoolbags-leather-shop/bagshandbags-shoulder-bags/denver-grey-messenger-bag-p-14635.html HTTP/1.0" 301 73391 "-" "Mozilla/5.0 (compatible; MJ12bot/v1.4.8; http://mj12bot.com/)"
62.171.162.127 - - [14/May/2023:04:33:15 +0200] "GET /-p-14635.html HTTP/1.0" 200 73324 "-" "Mozilla/5.0 (compatible; MJ12bot/v1.4.8; http://mj12bot.com/)"
62.171.162.127 - - [14/May/2023:04:33:29 +0200] "GET /luggages-schoolbags-leather-shop/bagshandbags-shoulder-bags/dolce-vita-bowling-bag-p-19064.html HTTP/1.0" 301 73391 "-" "Mozilla/5.0 (compatible; MJ12bot/v1.4.8; http://mj12bot.com/)"
62.171.162.127 - - [14/May/2023:04:33:36 +0200] "GET /-p-19064.html HTTP/1.0" 200 73324 "-" "Mozilla/5.0 (compatible; MJ12bot/v1.4.8; http://mj12bot.com/)"
129.204.105.50 - - [14/May/2023:04:33:51 +0200] "GET /images/mini_prod/3014627830138.jpg HTTP/1.0" 200 269 "-" "Mozilla/5.0 (X11; Ubuntu; Linux x86_64; rv:72.0) Gecko/20100101 Firefox/72.0"
62.171.162.127 - - [14/May/2023:04:33:52 +0200] "GET /luggages-schoolbags-leather-shop/bagshandbags-shoulder-bags/gorjuss-found-family-book-flat-pocket-shoulder-bag-p-27358.html HTTP/1.0" 301 73700 "-" "Mozilla/5.0 (compatible; MJ12bot/v1.4.8; http://mj12bot.com/)"
62.171.162.127 - - [14/May/2023:04:34:04 +0200] "GET /gorjuss-found-family-book-flat-pocket-shoulder-p-27358.html HTTP/1.0" 200 73587 "-" "Mozilla/5.0 (compatible; MJ12bot/v1.4.8; http://mj12bot.com/)"
62.171.162.127 - - [14/May/2023:04:34:24 +0200] "GET /luggages-schoolbags-leather-shop/bagshandbags-shoulder-bags/gorjuss-hush-little-bunny-bag-p-25951.html HTTP/1.0" 301 73391 "-" "Mozilla/5.0 (compatible; MJ12bot/v1.4.8; http://mj12bot.com/)"
66.249.69.72 - - [14/May/2023:04:34:52 +0200] "GET /yogi-yogini-yogamat-purple-p-48660.html HTTP/1.0" 200 76604 "-" "Mozilla/5.0 (Linux; Android 6.0.1; Nexus 5X Build/MMB29P) AppleWebKit/537.36 (KHTML, like Gecko) Chrome/112.0.5615.142 Mobile Safari/537.36 (compatible; Googlebot/2.1; +http://www.google.com/bot.html)"
66.249.69.72 - - [14/May/2023:04:34:54 +0200] "GET /rapunzel-with-lantern-figurine-p-58589.html HTTP/1.0" 200 77214 "-" "Mozilla/5.0 (compatible; Googlebot/2.1; +http://www.google.com/bot.html)"
185.191.171.12 - - [14/May/2023:04:35:09 +0200] "GET /home-bedclothes-p-38558.html HTTP/1.0" 200 76060 "-" "Mozilla/5.0 (compatible; SemrushBot/7~bl; +http://www.semrush.com/bot.html)"
121.30.179.117 - - [14/May/2023:04:35:25 +0200] "GET /images/mini_prod/9316188078214.jpg HTTP/1.0" 200 269 "-" "Mozilla/5.0 (X11; Ubuntu; Linux x86_64; rv:72.0) Gecko/20100101 Firefox/72.0"
62.171.162.127 - - [14/May/2023:04:36:25 +0200] "GET /luggages-schoolbags-leather-shop/bagshandbags-shoulder-bags/gorjuss-hush-little-bunny-bag-p-25951.html HTTP/1.0" 301 73391 "-" "Mozilla/5.0 (compatible; MJ12bot/v1.4.8; http://mj12bot.com/)"
62.171.162.127 - - [14/May/2023:04:36:28 +0200] "GET /-p-25951.html HTTP/1.0" 200 73324 "-" "Mozilla/5.0 (compatible; MJ12bot/v1.4.8; http://mj12bot.com/)"
62.171.162.127 - - [14/May/2023:04:36:32 +0200] "GET /luggages-schoolbags-leather-shop/bagshandbags-shoulder-bags/gorjuss-ladybird-shopping-bag-p-25950.html HTTP/1.0" 301 73514 "-" "Mozilla/5.0 (compatible; MJ12bot/v1.4.8; http://mj12bot.com/)"
62.171.162.127 - - [14/May/2023:04:36:36 +0200] "GET /gorjuss-ladybird-shopping-p-25950.html HTTP/1.0" 200 73422 "-" "Mozilla/5.0 (compatible; MJ12bot/v1.4.8; http://mj12bot.com/)"
62.171.162.127 - - [14/May/2023:04:36:41 +0200] "GET /luggages-schoolbags-leather-shop/bagshandbags-shoulder-bags/gorjuss-lost-for-words-bag-p-26344.html HTTP/1.0" 301 73391 "-" "Mozilla/5.0 (compatible; MJ12bot/v1.4.8; http://mj12bot.com/)"
62.171.162.127 - - [14/May/2023:04:36:45 +0200] "GET /-p-26344.html HTTP/1.0" 200 73324 "-" "Mozilla/5.0 (compatible; MJ12bot/v1.4.8; http://mj12bot.com/)"
