65.108.2.171 - - [14/May/2023:10:34:54 +0200] "GET /-p-17869.html HTTP/1.0" 200 73324 "-" "Mozilla/5.0 (compatible; MJ12bot/v1.4.8; http://mj12bot.com/)"
65.108.2.171 - - [14/May/2023:10:34:56 +0200] "GET /-p-18025.html HTTP/1.0" 200 73324 "-" "Mozilla/5.0 (compatible; MJ12bot/v1.4.8; http://mj12bot.com/)"
65.108.2.171 - - [14/May/2023:10:34:59 +0200] "GET /-p-18027.html HTTP/1.0" 200 73324 "-" "Mozilla/5.0 (compatible; MJ12bot/v1.4.8; http://mj12bot.com/)"
51.68.224.127 - - [14/May/2023:10:35:01 +0200] "GET /adminweb/export_orders_xml.php?token=256de2z6edz6ed2z6DFSFsed2zed6zeDSFDSGdzedezfzf&maxorders=10&orderstart=1&status=14&start_date=2018-10-01 HTTP/1.0" 200 285 "-" "GesCom CharlotteBoutik Serveur"
51.68.224.127 - - [14/May/2023:10:35:01 +0200] "GET /adminweb/export_orders_xml.php?token=256de2z6edz6ed2z6DFSFsed2zed6zeDSFDSGdzedezfzf&maxorders=10&orderstart=1&status=6&start_date=2018-10-01 HTTP/1.0" 200 33887 "-" "GesCom CharlotteBoutik Serveur"
65.108.2.171 - - [14/May/2023:10:35:02 +0200] "GET /-p-18193.html HTTP/1.0" 200 73324 "-" "Mozilla/5.0 (compatible; MJ12bot/v1.4.8; http://mj12bot.com/)"
65.108.2.171 - - [14/May/2023:10:35:05 +0200] "GET /-p-18673.html HTTP/1.0" 200 73324 "-" "Mozilla/5.0 (compatible; MJ12bot/v1.4.8; http://mj12bot.com/)"
65.108.2.171 - - [14/May/2023:10:35:08 +0200] "GET /-p-18835.html HTTP/1.0" 200 73324 "-" "Mozilla/5.0 (compatible; MJ12bot/v1.4.8; http://mj12bot.com/)"
65.108.2.171 - - [14/May/2023:10:35:10 +0200] "GET /-p-19330.html HTTP/1.0" 200 73324 "-" "Mozilla/5.0 (compatible; MJ12bot/v1.4.8; http://mj12bot.com/)"
65.108.2.171 - - [14/May/2023:10:35:13 +0200] "GET /-p-19894.html HTTP/1.0" 200 73324 "-" "Mozilla/5.0 (compatible; MJ12bot/v1.4.8; http://mj12bot.com/)"
17.241.227.11 - - [14/May/2023:10:35:15 +0200] "GET /seahorse-figurine-albasia-p-58083.html HTTP/1.0" 200 73420 "-" "Mozilla/5.0 (Macintosh; Intel Mac OS X 10_15_5) AppleWebKit/605.1.15 (KHTML, like Gecko) Version/13.1.1 Safari/605.1.15 (Applebot/0.1; +http://www.apple.com/go/applebot)"
65.108.2.171 - - [14/May/2023:10:35:16 +0200] "GET /-p-20270.html HTTP/1.0" 200 73324 "-" "Mozilla/5.0 (compatible; MJ12bot/v1.4.8; http://mj12bot.com/)"
65.108.2.171 - - [14/May/2023:10:35:19 +0200] "GET /-p-20661.html HTTP/1.0" 200 73324 "-" "Mozilla/5.0 (compatible; MJ12bot/v1.4.8; http://mj12bot.com/)"
65.108.2.171 - - [14/May/2023:10:35:22 +0200] "GET /-p-20669.html HTTP/1.0" 200 73324 "-" "Mozilla/5.0 (compatible; MJ12bot/v1.4.8; http://mj12bot.com/)"
65.108.2.171 - - [14/May/2023:10:35:25 +0200] "GET /-p-20799.html HTTP/1.0" 200 73324 "-" "Mozilla/5.0 (compatible; MJ12bot/v1.4.8; http://mj12bot.com/)"
65.108.2.171 - - [14/May/2023:10:35:28 +0200] "GET /-p-21352.html HTTP/1.0" 200 73324 "-" "Mozilla/5.0 (compatible; MJ12bot/v1.4.8; http://mj12bot.com/)"
65.108.2.171 - - [14/May/2023:10:35:30 +0200] "GET /-p-21401.html HTTP/1.0" 200 73324 "-" "Mozilla/5.0 (compatible; MJ12bot/v1.4.8; http://mj12bot.com/)"
65.108.2.171 - - [14/May/2023:10:35:33 +0200] "GET /-p-21463.html HTTP/1.0" 200 73324 "-" "Mozilla/5.0 (compatible; MJ12bot/v1.4.8; http://mj12bot.com/)"
65.108.2.171 - - [14/May/2023:10:35:36 +0200] "GET /-p-2166.html HTTP/1.0" 200 73322 "-" "Mozilla/5.0 (compatible; MJ12bot/v1.4.8; http://mj12bot.com/)"
65.108.2.171 - - [14/May/2023:10:35:39 +0200] "GET /-p-21809.html HTTP/1.0" 200 73324 "-" "Mozilla/5.0 (compatible; MJ12bot/v1.4.8; http://mj12bot.com/)"
17.241.75.63 - - [14/May/2023:10:35:40 +0200] "GET /placemat-apptit-p-58057.html HTTP/1.0" 200 76607 "-" "Mozilla/5.0 (Macintosh; Intel Mac OS X 10_15_5) AppleWebKit/605.1.15 (KHTML, like Gecko) Version/13.1.1 Safari/605.1.15 (Applebot/0.1; +http://www.apple.com/go/applebot)"
66.249.69.70 - - [14/May/2023:10:35:42 +0200] "GET /images/big_prod_1/8433933257135a.jpg HTTP/1.0" 200 271 "-" "Googlebot-Image/1.0"
65.108.2.171 - - [14/May/2023:10:35:41 +0200] "GET /-p-21854.html HTTP/1.0" 200 73324 "-" "Mozilla/5.0 (compatible; MJ12bot/v1.4.8; http://mj12bot.com/)"
65.108.2.171 - - [14/May/2023:10:35:44 +0200] "GET /-p-22117.html HTTP/1.0" 200 73324 "-" "Mozilla/5.0 (compatible; MJ12bot/v1.4.8; http://mj12bot.com/)"
66.249.69.70 - - [14/May/2023:10:35:47 +0200] "GET /images/big_prod/3503420080364.jpg HTTP/1.0" 200 268 "-" "Googlebot-Image/1.0"
65.108.2.171 - - [14/May/2023:10:35:47 +0200] "GET /-p-22149.html HTTP/1.0" 200 73324 "-" "Mozilla/5.0 (compatible; MJ12bot/v1.4.8; http://mj12bot.com/)"
65.108.2.171 - - [14/May/2023:10:35:50 +0200] "GET /-p-22222.html HTTP/1.0" 200 73324 "-" "Mozilla/5.0 (compatible; MJ12bot/v1.4.8; http://mj12bot.com/)"
65.108.2.171 - - [14/May/2023:10:35:53 +0200] "GET /-p-22870.html HTTP/1.0" 200 73324 "-" "Mozilla/5.0 (compatible; MJ12bot/v1.4.8; http://mj12bot.com/)"
65.108.2.171 - - [14/May/2023:10:35:56 +0200] "GET /-p-22871.html HTTP/1.0" 200 73324 "-" "Mozilla/5.0 (compatible; MJ12bot/v1.4.8; http://mj12bot.com/)"
65.108.2.171 - - [14/May/2023:10:35:59 +0200] "GET /-p-23025.html HTTP/1.0" 200 73324 "-" "Mozilla/5.0 (compatible; MJ12bot/v1.4.8; http://mj12bot.com/)"
65.108.2.171 - - [14/May/2023:10:36:01 +0200] "GET /-p-23458.html HTTP/1.0" 200 73324 "-" "Mozilla/5.0 (compatible; MJ12bot/v1.4.8; http://mj12bot.com/)"
65.108.2.171 - - [14/May/2023:10:36:04 +0200] "GET /-p-24227.html HTTP/1.0" 200 73324 "-" "Mozilla/5.0 (compatible; MJ12bot/v1.4.8; http://mj12bot.com/)"
65.108.2.171 - - [14/May/2023:10:36:07 +0200] "GET /-p-25025.html HTTP/1.0" 200 73324 "-" "Mozilla/5.0 (compatible; MJ12bot/v1.4.8; http://mj12bot.com/)"
65.108.2.171 - - [14/May/2023:10:36:10 +0200] "GET /-p-25951.html HTTP/1.0" 200 73324 "-" "Mozilla/5.0 (compatible; MJ12bot/v1.4.8; http://mj12bot.com/)"
65.108.2.171 - - [14/May/2023:10:36:12 +0200] "GET /-p-26166.html HTTP/1.0" 200 73324 "-" "Mozilla/5.0 (compatible; MJ12bot/v1.4.8; http://mj12bot.com/)"
65.108.2.171 - - [14/May/2023:10:36:15 +0200] "GET /-p-2639.html HTTP/1.0" 200 73322 "-" "Mozilla/5.0 (compatible; MJ12bot/v1.4.8; http://mj12bot.com/)"
65.108.2.171 - - [14/May/2023:10:36:18 +0200] "GET /-p-26518.html HTTP/1.0" 200 73324 "-" "Mozilla/5.0 (compatible; MJ12bot/v1.4.8; http://mj12bot.com/)"
65.108.2.171 - - [14/May/2023:10:36:21 +0200] "GET /-p-26627.html HTTP/1.0" 200 73324 "-" "Mozilla/5.0 (compatible; MJ12bot/v1.4.8; http://mj12bot.com/)"
65.108.2.171 - - [14/May/2023:10:36:23 +0200] "GET /-p-26691.html HTTP/1.0" 200 73324 "-" "Mozilla/5.0 (compatible; MJ12bot/v1.4.8; http://mj12bot.com/)"
65.108.2.171 - - [14/May/2023:10:36:26 +0200] "GET /-p-2672.html HTTP/1.0" 200 73322 "-" "Mozilla/5.0 (compatible; MJ12bot/v1.4.8; http://mj12bot.com/)"
65.108.2.171 - - [14/May/2023:10:36:29 +0200] "GET /-p-26729.html HTTP/1.0" 200 73324 "-" "Mozilla/5.0 (compatible; MJ12bot/v1.4.8; http://mj12bot.com/)"
65.108.2.171 - - [14/May/2023:10:36:32 +0200] "GET /-p-26748.html HTTP/1.0" 200 73324 "-" "Mozilla/5.0 (compatible; MJ12bot/v1.4.8; http://mj12bot.com/)"
65.108.2.171 - - [14/May/2023:10:36:34 +0200] "GET /-p-26749.html HTTP/1.0" 200 73324 "-" "Mozilla/5.0 (compatible; MJ12bot/v1.4.8; http://mj12bot.com/)"
121.30.179.157 - - [14/May/2023:10:36:36 +0200] "GET /images/mini_prod/3700653593320.jpg HTTP/1.0" 200 269 "-" "Mozilla/5.0 (X11; Ubuntu; Linux x86_64; rv:72.0) Gecko/20100101 Firefox/72.0"
65.108.2.171 - - [14/May/2023:10:36:37 +0200] "GET /-p-26883.html HTTP/1.0" 200 73324 "-" "Mozilla/5.0 (compatible; MJ12bot/v1.4.8; http://mj12bot.com/)"
65.108.2.171 - - [14/May/2023:10:36:40 +0200] "GET /-p-26890.html HTTP/1.0" 200 73324 "-" "Mozilla/5.0 (compatible; MJ12bot/v1.4.8; http://mj12bot.com/)"
192.252.211.197 - - [14/May/2023:10:36:43 +0200] "GET /contact_us.php HTTP/1.0" 200 26241 "http://www.wonder-geek.com/contact_us.php" "Mozilla/5.0 (Windows NT 10.0; Win64; x64) AppleWebKit/537.36 (KHTML, like Gecko) Chrome/90.0.4430.93 Safari/537.36"
65.108.2.171 - - [14/May/2023:10:36:43 +0200] "GET /-p-27166.html HTTP/1.0" 200 73324 "-" "Mozilla/5.0 (compatible; MJ12bot/v1.4.8; http://mj12bot.com/)"
65.108.2.171 - - [14/May/2023:10:36:45 +0200] "GET /-p-27167.html HTTP/1.0" 200 73324 "-" "Mozilla/5.0 (compatible; MJ12bot/v1.4.8; http://mj12bot.com/)"
65.108.2.171 - - [14/May/2023:10:36:48 +0200] "GET /-p-27183.html HTTP/1.0" 200 73324 "-" "Mozilla/5.0 (compatible; MJ12bot/v1.4.8; http://mj12bot.com/)"
185.176.78.178 - - [14/May/2023:10:36:52 +0200] "GET /images/mini_prod/8422360068315.jpg HTTP/1.0" 200 269 "-" "Mozilla/5.0 (X11; Ubuntu; Linux x86_64; rv:72.0) Gecko/20100101 Firefox/72.0"
65.108.2.171 - - [14/May/2023:10:36:51 +0200] "GET /-p-27929.html HTTP/1.0" 200 73324 "-" "Mozilla/5.0 (compatible; MJ12bot/v1.4.8; http://mj12bot.com/)"
192.252.211.197 - - [14/May/2023:10:36:52 +0200] "POST /contact_us.php?action=send HTTP/1.0" 200 26493 "http://www.wonder-geek.com/contact_us.php" "Mozilla/5.0 (Windows NT 10.0; Win64; x64) AppleWebKit/537.36 (KHTML, like Gecko) Chrome/90.0.4430.93 Safari/537.36"
65.108.2.171 - - [14/May/2023:10:36:54 +0200] "GET /-p-28005.html HTTP/1.0" 200 73324 "-" "Mozilla/5.0 (compatible; MJ12bot/v1.4.8; http://mj12bot.com/)"
65.108.2.171 - - [14/May/2023:10:36:56 +0200] "GET /-p-28008.html HTTP/1.0" 200 73324 "-" "Mozilla/5.0 (compatible; MJ12bot/v1.4.8; http://mj12bot.com/)"
40.77.167.83 - - [14/May/2023:10:36:57 +0200] "GET /-p-38707.html HTTP/1.0" 200 73324 "-" "Mozilla/5.0 AppleWebKit/537.36 (KHTML, like Gecko; compatible; bingbot/2.0; +http://www.bing.com/bingbot.htm) Chrome/103.0.5060.134 Safari/537.36"
185.191.171.1 - - [14/May/2023:10:37:00 +0200] "GET /robots.txt HTTP/1.0" 200 245 "-" "Mozilla/5.0 (compatible; SemrushBot/7~bl; +http://www.semrush.com/bot.html)"
65.108.2.171 - - [14/May/2023:10:36:59 +0200] "GET /-p-28009.html HTTP/1.0" 200 73324 "-" "Mozilla/5.0 (compatible; MJ12bot/v1.4.8; http://mj12bot.com/)"
185.191.171.34 - - [14/May/2023:10:37:00 +0200] "GET /mini-rectangular-tray-hedera-white-p-60401.html?action=add_product HTTP/1.0" 302 476 "-" "Mozilla/5.0 (compatible; SemrushBot/7~bl; +http://www.semrush.com/bot.html)"
65.108.2.171 - - [14/May/2023:10:37:02 +0200] "GET /-p-28369.html HTTP/1.0" 200 73324 "-" "Mozilla/5.0 (compatible; MJ12bot/v1.4.8; http://mj12bot.com/)"
65.108.2.171 - - [14/May/2023:10:37:05 +0200] "GET /-p-28577.html HTTP/1.0" 200 73324 "-" "Mozilla/5.0 (compatible; MJ12bot/v1.4.8; http://mj12bot.com/)"
65.108.2.171 - - [14/May/2023:10:37:07 +0200] "GET /-p-28578.html HTTP/1.0" 200 73324 "-" "Mozilla/5.0 (compatible; MJ12bot/v1.4.8; http://mj12bot.com/)"
65.108.2.171 - - [14/May/2023:10:37:10 +0200] "GET /-p-28580.html HTTP/1.0" 200 73324 "-" "Mozilla/5.0 (compatible; MJ12bot/v1.4.8; http://mj12bot.com/)"
65.108.2.171 - - [14/May/2023:10:37:13 +0200] "GET /-p-28639.html HTTP/1.0" 200 73324 "-" "Mozilla/5.0 (compatible; MJ12bot/v1.4.8; http://mj12bot.com/)"
65.108.2.171 - - [14/May/2023:10:37:16 +0200] "GET /-p-29064.html HTTP/1.0" 200 73324 "-" "Mozilla/5.0 (compatible; MJ12bot/v1.4.8; http://mj12bot.com/)"
65.108.2.171 - - [14/May/2023:10:37:18 +0200] "GET /-p-29066.html HTTP/1.0" 200 73324 "-" "Mozilla/5.0 (compatible; MJ12bot/v1.4.8; http://mj12bot.com/)"
65.108.2.171 - - [14/May/2023:10:37:21 +0200] "GET /-p-29590.html HTTP/1.0" 200 73324 "-" "Mozilla/5.0 (compatible; MJ12bot/v1.4.8; http://mj12bot.com/)"
65.108.2.171 - - [14/May/2023:10:37:24 +0200] "GET /-p-29602.html HTTP/1.0" 200 73324 "-" "Mozilla/5.0 (compatible; MJ12bot/v1.4.8; http://mj12bot.com/)"
65.108.2.171 - - [14/May/2023:10:37:27 +0200] "GET /-p-29651.html HTTP/1.0" 200 73324 "-" "Mozilla/5.0 (compatible; MJ12bot/v1.4.8; http://mj12bot.com/)"
40.77.167.83 - - [14/May/2023:10:37:26 +0200] "GET /collectible-figurines-decorative-c-13_135.html HTTP/1.0" 200 96919 "-" "Mozilla/5.0 AppleWebKit/537.36 (KHTML, like Gecko; compatible; bingbot/2.0; +http://www.bing.com/bingbot.htm) Chrome/103.0.5060.134 Safari/537.36"
65.108.2.171 - - [14/May/2023:10:37:30 +0200] "GET /-p-29696.html HTTP/1.0" 200 73324 "-" "Mozilla/5.0 (compatible; MJ12bot/v1.4.8; http://mj12bot.com/)"
65.108.2.171 - - [14/May/2023:10:37:32 +0200] "GET /-p-29874.html HTTP/1.0" 200 73324 "-" "Mozilla/5.0 (compatible; MJ12bot/v1.4.8; http://mj12bot.com/)"
65.108.2.171 - - [14/May/2023:10:37:35 +0200] "GET /-p-29902.html HTTP/1.0" 200 73324 "-" "Mozilla/5.0 (compatible; MJ12bot/v1.4.8; http://mj12bot.com/)"
65.108.2.171 - - [14/May/2023:10:37:38 +0200] "GET /-p-29903.html HTTP/1.0" 200 73324 "-" "Mozilla/5.0 (compatible; MJ12bot/v1.4.8; http://mj12bot.com/)"
65.108.2.171 - - [14/May/2023:10:37:41 +0200] "GET /-p-30053.html HTTP/1.0" 200 73324 "-" "Mozilla/5.0 (compatible; MJ12bot/v1.4.8; http://mj12bot.com/)"
65.108.2.171 - - [14/May/2023:10:37:44 +0200] "GET /-p-30168.html HTTP/1.0" 200 73324 "-" "Mozilla/5.0 (compatible; MJ12bot/v1.4.8; http://mj12bot.com/)"
65.108.2.171 - - [14/May/2023:10:37:46 +0200] "GET /-p-30294.html HTTP/1.0" 200 73324 "-" "Mozilla/5.0 (compatible; MJ12bot/v1.4.8; http://mj12bot.com/)"
65.108.2.171 - - [14/May/2023:10:37:49 +0200] "GET /-p-30295.html HTTP/1.0" 200 73324 "-" "Mozilla/5.0 (compatible; MJ12bot/v1.4.8; http://mj12bot.com/)"
65.108.2.171 - - [14/May/2023:10:37:52 +0200] "GET /-p-30322.html HTTP/1.0" 200 73324 "-" "Mozilla/5.0 (compatible; MJ12bot/v1.4.8; http://mj12bot.com/)"
65.108.2.171 - - [14/May/2023:10:37:55 +0200] "GET /-p-30432.html HTTP/1.0" 200 73324 "-" "Mozilla/5.0 (compatible; MJ12bot/v1.4.8; http://mj12bot.com/)"
65.108.2.171 - - [14/May/2023:10:37:58 +0200] "GET /-p-30551.html HTTP/1.0" 200 73324 "-" "Mozilla/5.0 (compatible; MJ12bot/v1.4.8; http://mj12bot.com/)"
65.108.2.171 - - [14/May/2023:10:38:01 +0200] "GET /-p-30704.html HTTP/1.0" 200 73324 "-" "Mozilla/5.0 (compatible; MJ12bot/v1.4.8; http://mj12bot.com/)"
65.108.2.171 - - [14/May/2023:10:38:03 +0200] "GET /-p-30969.html HTTP/1.0" 200 73324 "-" "Mozilla/5.0 (compatible; MJ12bot/v1.4.8; http://mj12bot.com/)"
65.108.2.171 - - [14/May/2023:10:38:06 +0200] "GET /-p-31045.html HTTP/1.0" 200 73324 "-" "Mozilla/5.0 (compatible; MJ12bot/v1.4.8; http://mj12bot.com/)"
65.108.2.171 - - [14/May/2023:10:38:09 +0200] "GET /-p-31099.html HTTP/1.0" 200 73324 "-" "Mozilla/5.0 (compatible; MJ12bot/v1.4.8; http://mj12bot.com/)"
65.108.2.171 - - [14/May/2023:10:38:12 +0200] "GET /-p-31227.html HTTP/1.0" 200 73324 "-" "Mozilla/5.0 (compatible; MJ12bot/v1.4.8; http://mj12bot.com/)"
65.108.2.171 - - [14/May/2023:10:38:14 +0200] "GET /-p-31291.html HTTP/1.0" 200 73324 "-" "Mozilla/5.0 (compatible; MJ12bot/v1.4.8; http://mj12bot.com/)"
65.108.2.171 - - [14/May/2023:10:38:17 +0200] "GET /-p-31462.html HTTP/1.0" 200 73324 "-" "Mozilla/5.0 (compatible; MJ12bot/v1.4.8; http://mj12bot.com/)"
65.108.2.171 - - [14/May/2023:10:38:20 +0200] "GET /-p-31473.html HTTP/1.0" 200 73324 "-" "Mozilla/5.0 (compatible; MJ12bot/v1.4.8; http://mj12bot.com/)"
65.108.2.171 - - [14/May/2023:10:38:23 +0200] "GET /-p-31822.html HTTP/1.0" 200 73324 "-" "Mozilla/5.0 (compatible; MJ12bot/v1.4.8; http://mj12bot.com/)"
65.108.2.171 - - [14/May/2023:10:38:26 +0200] "GET /-p-3188.html HTTP/1.0" 200 73322 "-" "Mozilla/5.0 (compatible; MJ12bot/v1.4.8; http://mj12bot.com/)"
65.108.2.171 - - [14/May/2023:10:38:29 +0200] "GET /-p-32029.html HTTP/1.0" 200 73324 "-" "Mozilla/5.0 (compatible; MJ12bot/v1.4.8; http://mj12bot.com/)"
65.108.2.171 - - [14/May/2023:10:38:32 +0200] "GET /-p-32109.html HTTP/1.0" 200 73324 "-" "Mozilla/5.0 (compatible; MJ12bot/v1.4.8; http://mj12bot.com/)"
65.108.2.171 - - [14/May/2023:10:38:34 +0200] "GET /-p-32267.html HTTP/1.0" 200 73324 "-" "Mozilla/5.0 (compatible; MJ12bot/v1.4.8; http://mj12bot.com/)"
65.108.2.171 - - [14/May/2023:10:38:37 +0200] "GET /-p-32340.html HTTP/1.0" 200 73324 "-" "Mozilla/5.0 (compatible; MJ12bot/v1.4.8; http://mj12bot.com/)"
65.108.2.171 - - [14/May/2023:10:38:40 +0200] "GET /-p-32432.html HTTP/1.0" 200 73324 "-" "Mozilla/5.0 (compatible; MJ12bot/v1.4.8; http://mj12bot.com/)"
65.108.2.171 - - [14/May/2023:10:38:43 +0200] "GET /-p-32927.html HTTP/1.0" 200 73324 "-" "Mozilla/5.0 (compatible; MJ12bot/v1.4.8; http://mj12bot.com/)"
65.108.2.171 - - [14/May/2023:10:38:46 +0200] "GET /-p-32943.html HTTP/1.0" 200 73324 "-" "Mozilla/5.0 (compatible; MJ12bot/v1.4.8; http://mj12bot.com/)"
65.108.2.171 - - [14/May/2023:10:38:49 +0200] "GET /-p-32959.html HTTP/1.0" 200 73324 "-" "Mozilla/5.0 (compatible; MJ12bot/v1.4.8; http://mj12bot.com/)"
65.108.2.171 - - [14/May/2023:10:38:51 +0200] "GET /-p-33112.html HTTP/1.0" 200 73324 "-" "Mozilla/5.0 (compatible; MJ12bot/v1.4.8; http://mj12bot.com/)"
65.108.2.171 - - [14/May/2023:10:38:54 +0200] "GET /-p-33373.html HTTP/1.0" 200 73324 "-" "Mozilla/5.0 (compatible; MJ12bot/v1.4.8; http://mj12bot.com/)"
65.108.2.171 - - [14/May/2023:10:38:57 +0200] "GET /-p-33912.html HTTP/1.0" 200 73324 "-" "Mozilla/5.0 (compatible; MJ12bot/v1.4.8; http://mj12bot.com/)"
65.108.2.171 - - [14/May/2023:10:39:00 +0200] "GET /-p-34353.html HTTP/1.0" 200 73324 "-" "Mozilla/5.0 (compatible; MJ12bot/v1.4.8; http://mj12bot.com/)"
65.108.2.171 - - [14/May/2023:10:39:02 +0200] "GET /-p-34354.html HTTP/1.0" 200 73324 "-" "Mozilla/5.0 (compatible; MJ12bot/v1.4.8; http://mj12bot.com/)"
65.108.2.171 - - [14/May/2023:10:39:05 +0200] "GET /-p-34592.html HTTP/1.0" 200 73324 "-" "Mozilla/5.0 (compatible; MJ12bot/v1.4.8; http://mj12bot.com/)"
65.108.2.171 - - [14/May/2023:10:39:08 +0200] "GET /-p-34877.html HTTP/1.0" 200 73324 "-" "Mozilla/5.0 (compatible; MJ12bot/v1.4.8; http://mj12bot.com/)"
65.108.2.171 - - [14/May/2023:10:39:11 +0200] "GET /-p-34937.html HTTP/1.0" 200 73324 "-" "Mozilla/5.0 (compatible; MJ12bot/v1.4.8; http://mj12bot.com/)"
65.108.2.171 - - [14/May/2023:10:39:14 +0200] "GET /-p-34938.html HTTP/1.0" 200 73324 "-" "Mozilla/5.0 (compatible; MJ12bot/v1.4.8; http://mj12bot.com/)"
65.108.2.171 - - [14/May/2023:10:39:16 +0200] "GET /-p-35089.html HTTP/1.0" 200 73324 "-" "Mozilla/5.0 (compatible; MJ12bot/v1.4.8; http://mj12bot.com/)"
65.108.2.171 - - [14/May/2023:10:39:19 +0200] "GET /-p-35218.html HTTP/1.0" 200 73324 "-" "Mozilla/5.0 (compatible; MJ12bot/v1.4.8; http://mj12bot.com/)"
65.108.2.171 - - [14/May/2023:10:39:22 +0200] "GET /-p-35220.html HTTP/1.0" 200 73324 "-" "Mozilla/5.0 (compatible; MJ12bot/v1.4.8; http://mj12bot.com/)"
65.108.2.171 - - [14/May/2023:10:39:25 +0200] "GET /-p-35221.html HTTP/1.0" 200 73324 "-" "Mozilla/5.0 (compatible; MJ12bot/v1.4.8; http://mj12bot.com/)"
65.108.2.171 - - [14/May/2023:10:39:28 +0200] "GET /-p-35290.html HTTP/1.0" 200 73324 "-" "Mozilla/5.0 (compatible; MJ12bot/v1.4.8; http://mj12bot.com/)"
65.108.2.171 - - [14/May/2023:10:39:31 +0200] "GET /-p-35451.html HTTP/1.0" 200 73324 "-" "Mozilla/5.0 (compatible; MJ12bot/v1.4.8; http://mj12bot.com/)"
65.108.2.171 - - [14/May/2023:10:39:34 +0200] "GET /-p-35964.html HTTP/1.0" 200 73324 "-" "Mozilla/5.0 (compatible; MJ12bot/v1.4.8; http://mj12bot.com/)"
65.108.2.171 - - [14/May/2023:10:39:37 +0200] "GET /-p-3607.html HTTP/1.0" 200 73322 "-" "Mozilla/5.0 (compatible; MJ12bot/v1.4.8; http://mj12bot.com/)"
65.108.2.171 - - [14/May/2023:10:39:39 +0200] "GET /-p-36072.html HTTP/1.0" 200 73324 "-" "Mozilla/5.0 (compatible; MJ12bot/v1.4.8; http://mj12bot.com/)"
65.108.2.171 - - [14/May/2023:10:39:42 +0200] "GET /-p-36191.html HTTP/1.0" 200 73324 "-" "Mozilla/5.0 (compatible; MJ12bot/v1.4.8; http://mj12bot.com/)"
65.108.2.171 - - [14/May/2023:10:39:45 +0200] "GET /-p-36879.html HTTP/1.0" 200 73324 "-" "Mozilla/5.0 (compatible; MJ12bot/v1.4.8; http://mj12bot.com/)"
65.108.2.171 - - [14/May/2023:10:39:48 +0200] "GET /-p-36970.html HTTP/1.0" 200 73324 "-" "Mozilla/5.0 (compatible; MJ12bot/v1.4.8; http://mj12bot.com/)"
65.108.2.171 - - [14/May/2023:10:39:51 +0200] "GET /-p-37010.html HTTP/1.0" 200 73324 "-" "Mozilla/5.0 (compatible; MJ12bot/v1.4.8; http://mj12bot.com/)"
65.108.2.171 - - [14/May/2023:10:39:53 +0200] "GET /-p-37346.html HTTP/1.0" 200 73324 "-" "Mozilla/5.0 (compatible; MJ12bot/v1.4.8; http://mj12bot.com/)"
65.108.2.171 - - [14/May/2023:10:39:56 +0200] "GET /-p-37347.html HTTP/1.0" 200 73324 "-" "Mozilla/5.0 (compatible; MJ12bot/v1.4.8; http://mj12bot.com/)"
65.108.2.171 - - [14/May/2023:10:39:59 +0200] "GET /-p-37349.html HTTP/1.0" 200 73324 "-" "Mozilla/5.0 (compatible; MJ12bot/v1.4.8; http://mj12bot.com/)"
65.108.2.171 - - [14/May/2023:10:40:02 +0200] "GET /-p-3740.html HTTP/1.0" 200 73322 "-" "Mozilla/5.0 (compatible; MJ12bot/v1.4.8; http://mj12bot.com/)"
65.108.2.171 - - [14/May/2023:10:40:04 +0200] "GET /-p-37875.html HTTP/1.0" 200 73324 "-" "Mozilla/5.0 (compatible; MJ12bot/v1.4.8; http://mj12bot.com/)"
65.108.2.171 - - [14/May/2023:10:40:07 +0200] "GET /-p-3845.html HTTP/1.0" 200 73322 "-" "Mozilla/5.0 (compatible; MJ12bot/v1.4.8; http://mj12bot.com/)"
65.108.2.171 - - [14/May/2023:10:40:10 +0200] "GET /-p-38838.html HTTP/1.0" 200 73324 "-" "Mozilla/5.0 (compatible; MJ12bot/v1.4.8; http://mj12bot.com/)"
65.108.2.171 - - [14/May/2023:10:40:13 +0200] "GET /-p-38839.html HTTP/1.0" 200 73324 "-" "Mozilla/5.0 (compatible; MJ12bot/v1.4.8; http://mj12bot.com/)"
65.108.2.171 - - [14/May/2023:10:40:15 +0200] "GET /-p-38840.html HTTP/1.0" 200 73324 "-" "Mozilla/5.0 (compatible; MJ12bot/v1.4.8; http://mj12bot.com/)"
65.108.2.171 - - [14/May/2023:10:40:18 +0200] "GET /-p-39573.html HTTP/1.0" 200 73324 "-" "Mozilla/5.0 (compatible; MJ12bot/v1.4.8; http://mj12bot.com/)"
65.108.2.171 - - [14/May/2023:10:40:21 +0200] "GET /-p-39589.html HTTP/1.0" 200 73324 "-" "Mozilla/5.0 (compatible; MJ12bot/v1.4.8; http://mj12bot.com/)"
65.108.2.171 - - [14/May/2023:10:40:24 +0200] "GET /-p-39594.html HTTP/1.0" 200 73324 "-" "Mozilla/5.0 (compatible; MJ12bot/v1.4.8; http://mj12bot.com/)"
66.249.69.72 - - [14/May/2023:10:40:25 +0200] "GET /jane-crowther-fish-p-53866.html HTTP/1.0" 200 76590 "-" "Mozilla/5.0 (Linux; Android 6.0.1; Nexus 5X Build/MMB29P) AppleWebKit/537.36 (KHTML, like Gecko) Chrome/112.0.5615.142 Mobile Safari/537.36 (compatible; Googlebot/2.1; +http://www.google.com/bot.html)"
65.108.2.171 - - [14/May/2023:10:40:27 +0200] "GET /-p-39698.html HTTP/1.0" 200 73324 "-" "Mozilla/5.0 (compatible; MJ12bot/v1.4.8; http://mj12bot.com/)"
65.108.2.171 - - [14/May/2023:10:40:29 +0200] "GET /-p-39713.html HTTP/1.0" 200 73324 "-" "Mozilla/5.0 (compatible; MJ12bot/v1.4.8; http://mj12bot.com/)"
65.108.2.171 - - [14/May/2023:10:40:32 +0200] "GET /-p-40579.html HTTP/1.0" 200 73324 "-" "Mozilla/5.0 (compatible; MJ12bot/v1.4.8; http://mj12bot.com/)"
65.108.2.171 - - [14/May/2023:10:40:35 +0200] "GET /-p-40582.html HTTP/1.0" 200 73324 "-" "Mozilla/5.0 (compatible; MJ12bot/v1.4.8; http://mj12bot.com/)"
65.108.2.171 - - [14/May/2023:10:40:38 +0200] "GET /-p-40586.html HTTP/1.0" 200 73324 "-" "Mozilla/5.0 (compatible; MJ12bot/v1.4.8; http://mj12bot.com/)"
65.108.2.171 - - [14/May/2023:10:40:40 +0200] "GET /-p-40984.html HTTP/1.0" 200 73324 "-" "Mozilla/5.0 (compatible; MJ12bot/v1.4.8; http://mj12bot.com/)"
65.108.2.171 - - [14/May/2023:10:40:43 +0200] "GET /-p-41613.html HTTP/1.0" 200 73324 "-" "Mozilla/5.0 (compatible; MJ12bot/v1.4.8; http://mj12bot.com/)"
65.108.2.171 - - [14/May/2023:10:40:46 +0200] "GET /-p-41770.html HTTP/1.0" 200 73324 "-" "Mozilla/5.0 (compatible; MJ12bot/v1.4.8; http://mj12bot.com/)"
65.108.2.171 - - [14/May/2023:10:40:49 +0200] "GET /-p-42252.html HTTP/1.0" 200 73324 "-" "Mozilla/5.0 (compatible; MJ12bot/v1.4.8; http://mj12bot.com/)"
65.108.2.171 - - [14/May/2023:10:40:52 +0200] "GET /-p-42713.html HTTP/1.0" 200 73324 "-" "Mozilla/5.0 (compatible; MJ12bot/v1.4.8; http://mj12bot.com/)"
65.108.2.171 - - [14/May/2023:10:40:55 +0200] "GET /-p-42929.html HTTP/1.0" 200 73324 "-" "Mozilla/5.0 (compatible; MJ12bot/v1.4.8; http://mj12bot.com/)"
65.108.2.171 - - [14/May/2023:10:40:57 +0200] "GET /-p-42932.html HTTP/1.0" 200 73324 "-" "Mozilla/5.0 (compatible; MJ12bot/v1.4.8; http://mj12bot.com/)"
65.108.2.171 - - [14/May/2023:10:41:00 +0200] "GET /-p-42935.html HTTP/1.0" 200 73324 "-" "Mozilla/5.0 (compatible; MJ12bot/v1.4.8; http://mj12bot.com/)"
65.108.2.171 - - [14/May/2023:10:41:03 +0200] "GET /-p-43127.html HTTP/1.0" 200 73324 "-" "Mozilla/5.0 (compatible; MJ12bot/v1.4.8; http://mj12bot.com/)"
65.108.2.171 - - [14/May/2023:10:41:06 +0200] "GET /-p-43129.html HTTP/1.0" 200 73324 "-" "Mozilla/5.0 (compatible; MJ12bot/v1.4.8; http://mj12bot.com/)"
129.82.147.216 - - [14/May/2023:10:41:07 +0200] "GET /images/mini_prod/8424001278909.jpg HTTP/1.0" 200 269 "-" "Mozilla/5.0 (X11; Ubuntu; Linux x86_64; rv:72.0) Gecko/20100101 Firefox/72.0"
65.108.2.171 - - [14/May/2023:10:41:09 +0200] "GET /-p-43130.html HTTP/1.0" 200 73324 "-" "Mozilla/5.0 (compatible; MJ12bot/v1.4.8; http://mj12bot.com/)"
65.108.2.171 - - [14/May/2023:10:41:11 +0200] "GET /-p-43131.html HTTP/1.0" 200 73324 "-" "Mozilla/5.0 (compatible; MJ12bot/v1.4.8; http://mj12bot.com/)"
65.108.2.171 - - [14/May/2023:10:41:14 +0200] "GET /-p-43136.html HTTP/1.0" 200 73324 "-" "Mozilla/5.0 (compatible; MJ12bot/v1.4.8; http://mj12bot.com/)"
65.108.2.171 - - [14/May/2023:10:41:17 +0200] "GET /-p-43137.html HTTP/1.0" 200 73324 "-" "Mozilla/5.0 (compatible; MJ12bot/v1.4.8; http://mj12bot.com/)"
65.108.2.171 - - [14/May/2023:10:41:20 +0200] "GET /-p-43456.html HTTP/1.0" 200 73324 "-" "Mozilla/5.0 (compatible; MJ12bot/v1.4.8; http://mj12bot.com/)"
121.30.179.7 - - [14/May/2023:10:41:22 +0200] "GET /images/8003990627907.jpg HTTP/1.0" 200 259 "-" "Mozilla/5.0 (X11; Ubuntu; Linux x86_64; rv:72.0) Gecko/20100101 Firefox/72.0"
65.108.2.171 - - [14/May/2023:10:41:22 +0200] "GET /-p-43457.html HTTP/1.0" 200 73324 "-" "Mozilla/5.0 (compatible; MJ12bot/v1.4.8; http://mj12bot.com/)"
65.108.2.171 - - [14/May/2023:10:41:25 +0200] "GET /-p-43459.html HTTP/1.0" 200 73324 "-" "Mozilla/5.0 (compatible; MJ12bot/v1.4.8; http://mj12bot.com/)"
65.108.2.171 - - [14/May/2023:10:41:28 +0200] "GET /-p-43460.html HTTP/1.0" 200 73324 "-" "Mozilla/5.0 (compatible; MJ12bot/v1.4.8; http://mj12bot.com/)"
65.108.2.171 - - [14/May/2023:10:41:31 +0200] "GET /-p-43469.html HTTP/1.0" 200 73324 "-" "Mozilla/5.0 (compatible; MJ12bot/v1.4.8; http://mj12bot.com/)"
65.108.2.171 - - [14/May/2023:10:41:34 +0200] "GET /-p-43471.html HTTP/1.0" 200 73324 "-" "Mozilla/5.0 (compatible; MJ12bot/v1.4.8; http://mj12bot.com/)"
65.108.2.171 - - [14/May/2023:10:41:36 +0200] "GET /-p-43472.html HTTP/1.0" 200 73324 "-" "Mozilla/5.0 (compatible; MJ12bot/v1.4.8; http://mj12bot.com/)"
65.108.2.171 - - [14/May/2023:10:41:39 +0200] "GET /-p-43478.html HTTP/1.0" 200 73324 "-" "Mozilla/5.0 (compatible; MJ12bot/v1.4.8; http://mj12bot.com/)"
65.108.2.171 - - [14/May/2023:10:41:42 +0200] "GET /-p-43479.html HTTP/1.0" 200 73324 "-" "Mozilla/5.0 (compatible; MJ12bot/v1.4.8; http://mj12bot.com/)"
65.108.2.171 - - [14/May/2023:10:41:45 +0200] "GET /-p-43482.html HTTP/1.0" 200 73324 "-" "Mozilla/5.0 (compatible; MJ12bot/v1.4.8; http://mj12bot.com/)"
65.108.2.171 - - [14/May/2023:10:41:47 +0200] "GET /-p-44865.html HTTP/1.0" 200 73324 "-" "Mozilla/5.0 (compatible; MJ12bot/v1.4.8; http://mj12bot.com/)"
65.108.2.171 - - [14/May/2023:10:41:50 +0200] "GET /-p-45223.html HTTP/1.0" 200 73324 "-" "Mozilla/5.0 (compatible; MJ12bot/v1.4.8; http://mj12bot.com/)"
65.108.2.171 - - [14/May/2023:10:41:53 +0200] "GET /-p-46614.html HTTP/1.0" 200 73324 "-" "Mozilla/5.0 (compatible; MJ12bot/v1.4.8; http://mj12bot.com/)"
106.53.102.224 - - [14/May/2023:10:41:55 +0200] "GET /images/mini_prod/3662468005507.jpg HTTP/1.0" 200 269 "-" "Mozilla/5.0 (X11; Ubuntu; Linux x86_64; rv:72.0) Gecko/20100101 Firefox/72.0"
65.108.2.171 - - [14/May/2023:10:41:56 +0200] "GET /-p-47456.html HTTP/1.0" 200 73324 "-" "Mozilla/5.0 (compatible; MJ12bot/v1.4.8; http://mj12bot.com/)"
65.108.2.171 - - [14/May/2023:10:41:58 +0200] "GET /-p-47509.html HTTP/1.0" 200 73324 "-" "Mozilla/5.0 (compatible; MJ12bot/v1.4.8; http://mj12bot.com/)"
65.108.2.171 - - [14/May/2023:10:42:01 +0200] "GET /-p-48582.html HTTP/1.0" 200 73324 "-" "Mozilla/5.0 (compatible; MJ12bot/v1.4.8; http://mj12bot.com/)"
65.108.2.171 - - [14/May/2023:10:42:04 +0200] "GET /-p-48599.html HTTP/1.0" 200 73324 "-" "Mozilla/5.0 (compatible; MJ12bot/v1.4.8; http://mj12bot.com/)"
65.108.2.171 - - [14/May/2023:10:42:07 +0200] "GET /-p-48600.html HTTP/1.0" 200 73324 "-" "Mozilla/5.0 (compatible; MJ12bot/v1.4.8; http://mj12bot.com/)"
65.108.2.171 - - [14/May/2023:10:42:10 +0200] "GET /-p-48606.html HTTP/1.0" 200 73324 "-" "Mozilla/5.0 (compatible; MJ12bot/v1.4.8; http://mj12bot.com/)"
66.249.69.70 - - [14/May/2023:10:42:12 +0200] "GET /oscar-wilde-stickers-p-39325.html HTTP/1.0" 200 76722 "-" "Mozilla/5.0 (compatible; Googlebot/2.1; +http://www.google.com/bot.html)"
65.108.2.171 - - [14/May/2023:10:42:12 +0200] "GET /-p-49425.html HTTP/1.0" 200 73324 "-" "Mozilla/5.0 (compatible; MJ12bot/v1.4.8; http://mj12bot.com/)"
65.108.2.171 - - [14/May/2023:10:42:16 +0200] "GET /-p-49686.html HTTP/1.0" 200 73324 "-" "Mozilla/5.0 (compatible; MJ12bot/v1.4.8; http://mj12bot.com/)"
65.108.2.171 - - [14/May/2023:10:42:19 +0200] "GET /-p-50607.html HTTP/1.0" 200 73324 "-" "Mozilla/5.0 (compatible; MJ12bot/v1.4.8; http://mj12bot.com/)"
65.108.2.171 - - [14/May/2023:10:42:22 +0200] "GET /-p-50653.html HTTP/1.0" 200 73324 "-" "Mozilla/5.0 (compatible; MJ12bot/v1.4.8; http://mj12bot.com/)"
65.108.2.171 - - [14/May/2023:10:42:25 +0200] "GET /-p-5391.html HTTP/1.0" 200 73322 "-" "Mozilla/5.0 (compatible; MJ12bot/v1.4.8; http://mj12bot.com/)"
65.108.2.171 - - [14/May/2023:10:42:28 +0200] "GET /-p-5518.html HTTP/1.0" 200 73322 "-" "Mozilla/5.0 (compatible; MJ12bot/v1.4.8; http://mj12bot.com/)"
65.108.2.171 - - [14/May/2023:10:42:30 +0200] "GET /-p-6242.html HTTP/1.0" 200 73322 "-" "Mozilla/5.0 (compatible; MJ12bot/v1.4.8; http://mj12bot.com/)"
66.249.69.70 - - [14/May/2023:10:42:31 +0200] "GET /nodding-toys-p-53221.html HTTP/1.0" 200 76876 "-" "Mozilla/5.0 (compatible; Googlebot/2.1; +http://www.google.com/bot.html)"
65.108.2.171 - - [14/May/2023:10:42:33 +0200] "GET /-p-6962.html HTTP/1.0" 200 73322 "-" "Mozilla/5.0 (compatible; MJ12bot/v1.4.8; http://mj12bot.com/)"
65.108.2.171 - - [14/May/2023:10:42:36 +0200] "GET /-p-7729.html HTTP/1.0" 200 73322 "-" "Mozilla/5.0 (compatible; MJ12bot/v1.4.8; http://mj12bot.com/)"
66.249.69.70 - - [14/May/2023:10:42:38 +0200] "GET /images/big_prod/1399984235201.jpg HTTP/1.0" 200 268 "-" "Googlebot-Image/1.0"
65.108.2.171 - - [14/May/2023:10:42:39 +0200] "GET /-p-7731.html HTTP/1.0" 200 73322 "-" "Mozilla/5.0 (compatible; MJ12bot/v1.4.8; http://mj12bot.com/)"
65.108.2.171 - - [14/May/2023:10:42:42 +0200] "GET /-p-8562.html HTTP/1.0" 200 73322 "-" "Mozilla/5.0 (compatible; MJ12bot/v1.4.8; http://mj12bot.com/)"
65.108.2.171 - - [14/May/2023:10:42:45 +0200] "GET /adult-cbkreation-p-29960.html HTTP/1.0" 200 76031 "-" "Mozilla/5.0 (compatible; MJ12bot/v1.4.8; http://mj12bot.com/)"
66.249.69.70 - - [14/May/2023:10:42:46 +0200] "GET /microfibre-base-cover-grey-p-47368.html HTTP/1.0" 200 73440 "-" "Mozilla/5.0 (Linux; Android 6.0.1; Nexus 5X Build/MMB29P) AppleWebKit/537.36 (KHTML, like Gecko) Chrome/112.0.5615.142 Mobile Safari/537.36 (compatible; Googlebot/2.1; +http://www.google.com/bot.html)"
98.51.80.25 - - [14/May/2023:10:42:48 +0200] "GET /templates/Pixame_v1/stylesheet.css HTTP/1.0" 200 267 "http://www.wonder-geek.com/sonny-angel-figure-11th-anniversary-p-31427.html" "Mozilla/5.0 (Macintosh; Intel Mac OS X 10_15_7) AppleWebKit/537.36 (KHTML, like Gecko) Chrome/111.0.0.0 Safari/537.36"
98.51.80.25 - - [14/May/2023:10:42:46 +0200] "GET /sonny-angel-figure-11th-anniversary-p-31427.html HTTP/1.0" 200 76448 "https://www.google.com/" "Mozilla/5.0 (Macintosh; Intel Mac OS X 10_15_7) AppleWebKit/537.36 (KHTML, like Gecko) Chrome/111.0.0.0 Safari/537.36"
98.51.80.25 - - [14/May/2023:10:42:48 +0200] "GET /highslide/highslide.js HTTP/1.0" 200 262 "http://www.wonder-geek.com/sonny-angel-figure-11th-anniversary-p-31427.html" "Mozilla/5.0 (Macintosh; Intel Mac OS X 10_15_7) AppleWebKit/537.36 (KHTML, like Gecko) Chrome/111.0.0.0 Safari/537.36"
98.51.80.25 - - [14/May/2023:10:42:48 +0200] "GET /js/jquery.js HTTP/1.0" 200 252 "http://www.wonder-geek.com/sonny-angel-figure-11th-anniversary-p-31427.html" "Mozilla/5.0 (Macintosh; Intel Mac OS X 10_15_7) AppleWebKit/537.36 (KHTML, like Gecko) Chrome/111.0.0.0 Safari/537.36"
98.51.80.25 - - [14/May/2023:10:42:48 +0200] "GET /js/jquery.jqzoom.js HTTP/1.0" 200 259 "http://www.wonder-geek.com/sonny-angel-figure-11th-anniversary-p-31427.html" "Mozilla/5.0 (Macintosh; Intel Mac OS X 10_15_7) AppleWebKit/537.36 (KHTML, like Gecko) Chrome/111.0.0.0 Safari/537.36"
98.51.80.25 - - [14/May/2023:10:42:48 +0200] "GET /mondial_relay/js/jquery-1.3.2.min.js HTTP/1.0" 200 276 "http://www.wonder-geek.com/sonny-angel-figure-11th-anniversary-p-31427.html" "Mozilla/5.0 (Macintosh; Intel Mac OS X 10_15_7) AppleWebKit/537.36 (KHTML, like Gecko) Chrome/111.0.0.0 Safari/537.36"
98.51.80.25 - - [14/May/2023:10:42:49 +0200] "GET /swfobject.js HTTP/1.0" 404 1308 "http://www.wonder-geek.com/sonny-angel-figure-11th-anniversary-p-31427.html" "Mozilla/5.0 (Macintosh; Intel Mac OS X 10_15_7) AppleWebKit/537.36 (KHTML, like Gecko) Chrome/111.0.0.0 Safari/537.36"
98.51.80.25 - - [14/May/2023:10:42:49 +0200] "GET /templates/Pixame_v1/images/icon_accueil2.png HTTP/1.0" 200 278 "http://www.wonder-geek.com/sonny-angel-figure-11th-anniversary-p-31427.html" "Mozilla/5.0 (Macintosh; Intel Mac OS X 10_15_7) AppleWebKit/537.36 (KHTML, like Gecko) Chrome/111.0.0.0 Safari/537.36"
98.51.80.25 - - [14/May/2023:10:42:49 +0200] "GET /images/pixel_trans.gif HTTP/1.0" 200 328 "http://www.wonder-geek.com/sonny-angel-figure-11th-anniversary-p-31427.html" "Mozilla/5.0 (Macintosh; Intel Mac OS X 10_15_7) AppleWebKit/537.36 (KHTML, like Gecko) Chrome/111.0.0.0 Safari/537.36"
98.51.80.25 - - [14/May/2023:10:42:49 +0200] "GET /templates/Pixame_v1/images/infobox/pixel_trans.gif HTTP/1.0" 200 328 "http://www.wonder-geek.com/sonny-angel-figure-11th-anniversary-p-31427.html" "Mozilla/5.0 (Macintosh; Intel Mac OS X 10_15_7) AppleWebKit/537.36 (KHTML, like Gecko) Chrome/111.0.0.0 Safari/537.36"
65.108.2.171 - - [14/May/2023:10:42:48 +0200] "GET /african-water-carrier-figurine-p-55283.html HTTP/1.0" 200 76698 "-" "Mozilla/5.0 (compatible; MJ12bot/v1.4.8; http://mj12bot.com/)"
98.51.80.25 - - [14/May/2023:10:42:49 +0200] "GET /templates/Pixame_v1/images/Middle_texture.jpg HTTP/1.0" 200 280 "http://www.wonder-geek.com/templates/Pixame_v1/stylesheet.css" "Mozilla/5.0 (Macintosh; Intel Mac OS X 10_15_7) AppleWebKit/537.36 (KHTML, like Gecko) Chrome/111.0.0.0 Safari/537.36"
98.51.80.25 - - [14/May/2023:10:42:49 +0200] "GET /templates/Pixame_v1/images/Bottom_texture.jpg HTTP/1.0" 200 280 "http://www.wonder-geek.com/templates/Pixame_v1/stylesheet.css" "Mozilla/5.0 (Macintosh; Intel Mac OS X 10_15_7) AppleWebKit/537.36 (KHTML, like Gecko) Chrome/111.0.0.0 Safari/537.36"
98.51.80.25 - - [14/May/2023:10:42:49 +0200] "GET /templates/Pixame_v1/images/header.png HTTP/1.0" 200 271 "http://www.wonder-geek.com/templates/Pixame_v1/stylesheet.css" "Mozilla/5.0 (Macintosh; Intel Mac OS X 10_15_7) AppleWebKit/537.36 (KHTML, like Gecko) Chrome/111.0.0.0 Safari/537.36"
98.51.80.25 - - [14/May/2023:10:42:50 +0200] "GET /templates/Pixame_v1/images/header-object.png HTTP/1.0" 200 278 "http://www.wonder-geek.com/templates/Pixame_v1/stylesheet.css" "Mozilla/5.0 (Macintosh; Intel Mac OS X 10_15_7) AppleWebKit/537.36 (KHTML, like Gecko) Chrome/111.0.0.0 Safari/537.36"
98.51.80.25 - - [14/May/2023:10:42:50 +0200] "GET /templates/Pixame_v1/images/nav.png HTTP/1.0" 200 268 "http://www.wonder-geek.com/templates/Pixame_v1/stylesheet.css" "Mozilla/5.0 (Macintosh; Intel Mac OS X 10_15_7) AppleWebKit/537.36 (KHTML, like Gecko) Chrome/111.0.0.0 Safari/537.36"
98.51.80.25 - - [14/May/2023:10:42:50 +0200] "GET /highslide/graphics/zoomin.cur HTTP/1.0" 200 614 "http://www.wonder-geek.com/templates/Pixame_v1/stylesheet.css" "Mozilla/5.0 (Macintosh; Intel Mac OS X 10_15_7) AppleWebKit/537.36 (KHTML, like Gecko) Chrome/111.0.0.0 Safari/537.36"
98.51.80.25 - - [14/May/2023:10:42:50 +0200] "GET /images/1300010240045.jpg HTTP/1.0" 200 259 "http://www.wonder-geek.com/sonny-angel-figure-11th-anniversary-p-31427.html" "Mozilla/5.0 (Macintosh; Intel Mac OS X 10_15_7) AppleWebKit/537.36 (KHTML, like Gecko) Chrome/111.0.0.0 Safari/537.36"
98.51.80.25 - - [14/May/2023:10:42:50 +0200] "GET /design/productsenstock.png HTTP/1.0" 200 260 "http://www.wonder-geek.com/templates/Pixame_v1/stylesheet.css" "Mozilla/5.0 (Macintosh; Intel Mac OS X 10_15_7) AppleWebKit/537.36 (KHTML, like Gecko) Chrome/111.0.0.0 Safari/537.36"
98.51.80.25 - - [14/May/2023:10:42:51 +0200] "GET /templates/Pixame_v1/images/infobox/infobox_footer_middle.gif HTTP/1.0" 200 357 "http://www.wonder-geek.com/sonny-angel-figure-11th-anniversary-p-31427.html" "Mozilla/5.0 (Macintosh; Intel Mac OS X 10_15_7) AppleWebKit/537.36 (KHTML, like Gecko) Chrome/111.0.0.0 Safari/537.36"
98.51.80.25 - - [14/May/2023:10:42:51 +0200] "GET /templates/Pixame_v1/images/pixel_trans.gif HTTP/1.0" 200 328 "http://www.wonder-geek.com/sonny-angel-figure-11th-anniversary-p-31427.html" "Mozilla/5.0 (Macintosh; Intel Mac OS X 10_15_7) AppleWebKit/537.36 (KHTML, like Gecko) Chrome/111.0.0.0 Safari/537.36"
98.51.80.25 - - [14/May/2023:10:42:51 +0200] "GET /templates/Pixame_v1/images/buttons/english/button_in_cart.gif HTTP/1.0" 200 295 "http://www.wonder-geek.com/sonny-angel-figure-11th-anniversary-p-31427.html" "Mozilla/5.0 (Macintosh; Intel Mac OS X 10_15_7) AppleWebKit/537.36 (KHTML, like Gecko) Chrome/111.0.0.0 Safari/537.36"
98.51.80.25 - - [14/May/2023:10:42:51 +0200] "GET /highslide/graphics/outlines/drop-shadow.png HTTP/1.0" 200 277 "http://www.wonder-geek.com/sonny-angel-figure-11th-anniversary-p-31427.html" "Mozilla/5.0 (Macintosh; Intel Mac OS X 10_15_7) AppleWebKit/537.36 (KHTML, like Gecko) Chrome/111.0.0.0 Safari/537.36"
98.51.80.25 - - [14/May/2023:10:42:51 +0200] "GET /highslide/graphics/zoomout.cur HTTP/1.0" 200 614 "http://www.wonder-geek.com/sonny-angel-figure-11th-anniversary-p-31427.html" "Mozilla/5.0 (Macintosh; Intel Mac OS X 10_15_7) AppleWebKit/537.36 (KHTML, like Gecko) Chrome/111.0.0.0 Safari/537.36"
98.51.80.25 - - [14/May/2023:10:42:51 +0200] "GET /highslide/graphics/loader.white.gif HTTP/1.0" 200 960 "http://www.wonder-geek.com/templates/Pixame_v1/stylesheet.css" "Mozilla/5.0 (Macintosh; Intel Mac OS X 10_15_7) AppleWebKit/537.36 (KHTML, like Gecko) Chrome/111.0.0.0 Safari/537.36"
98.51.80.25 - - [14/May/2023:10:42:51 +0200] "GET /favicon.ico HTTP/1.0" 200 260 "http://www.wonder-geek.com/sonny-angel-figure-11th-anniversary-p-31427.html" "Mozilla/5.0 (Macintosh; Intel Mac OS X 10_15_7) AppleWebKit/537.36 (KHTML, like Gecko) Chrome/111.0.0.0 Safari/537.36"
65.108.2.171 - - [14/May/2023:10:42:50 +0200] "GET /african-water-carrier-figurine-p-55284.html HTTP/1.0" 200 73434 "-" "Mozilla/5.0 (compatible; MJ12bot/v1.4.8; http://mj12bot.com/)"
65.108.2.171 - - [14/May/2023:10:42:53 +0200] "GET /african-woman-profile-statue-p-55291.html HTTP/1.0" 200 73438 "-" "Mozilla/5.0 (compatible; MJ12bot/v1.4.8; http://mj12bot.com/)"
65.108.2.171 - - [14/May/2023:10:42:56 +0200] "GET /alarm-clock-cbkreation-p-24995.html HTTP/1.0" 200 76037 "-" "Mozilla/5.0 (compatible; MJ12bot/v1.4.8; http://mj12bot.com/)"
65.108.2.171 - - [14/May/2023:10:42:59 +0200] "GET /alarm-clock-induction-charger-bubble-p-51765.html HTTP/1.0" 200 73458 "-" "Mozilla/5.0 (compatible; MJ12bot/v1.4.8; http://mj12bot.com/)"
65.108.2.171 - - [14/May/2023:10:43:02 +0200] "GET /alarm-clock-small-cloud-led-p-47509.html HTTP/1.0" 301 73391 "-" "Mozilla/5.0 (compatible; MJ12bot/v1.4.8; http://mj12bot.com/)"
65.108.2.171 - - [14/May/2023:10:43:05 +0200] "GET /-p-47509.html HTTP/1.0" 200 73324 "-" "Mozilla/5.0 (compatible; MJ12bot/v1.4.8; http://mj12bot.com/)"
65.108.2.171 - - [14/May/2023:10:43:08 +0200] "GET /alaska-mousepad-cbkreation-p-36707.html HTTP/1.0" 200 76028 "-" "Mozilla/5.0 (compatible; MJ12bot/v1.4.8; http://mj12bot.com/)"
98.51.80.25 - - [14/May/2023:10:43:10 +0200] "GET /highslide/graphics/fullexpand.gif HTTP/1.0" 200 495 "http://www.wonder-geek.com/templates/Pixame_v1/stylesheet.css" "Mozilla/5.0 (Macintosh; Intel Mac OS X 10_15_7) AppleWebKit/537.36 (KHTML, like Gecko) Chrome/111.0.0.0 Safari/537.36"
65.108.2.171 - - [14/May/2023:10:43:10 +0200] "GET /albania-mousepad-cbkreation-p-36708.html HTTP/1.0" 200 76035 "-" "Mozilla/5.0 (compatible; MJ12bot/v1.4.8; http://mj12bot.com/)"
65.108.2.171 - - [14/May/2023:10:43:13 +0200] "GET /alpaca-cups-espresso-p-48606.html HTTP/1.0" 301 73391 "-" "Mozilla/5.0 (compatible; MJ12bot/v1.4.8; http://mj12bot.com/)"
65.108.2.171 - - [14/May/2023:10:43:16 +0200] "GET /-p-48606.html HTTP/1.0" 200 73324 "-" "Mozilla/5.0 (compatible; MJ12bot/v1.4.8; http://mj12bot.com/)"
65.108.2.171 - - [14/May/2023:10:43:19 +0200] "GET /alpaca-set-cups-espresso-p-48606.html HTTP/1.0" 301 73391 "-" "Mozilla/5.0 (compatible; MJ12bot/v1.4.8; http://mj12bot.com/)"
65.108.2.171 - - [14/May/2023:10:43:21 +0200] "GET /-p-48606.html HTTP/1.0" 200 73324 "-" "Mozilla/5.0 (compatible; MJ12bot/v1.4.8; http://mj12bot.com/)"
65.108.2.171 - - [14/May/2023:10:43:24 +0200] "GET /amazon-love-glasses-case-blue-p-50270.html HTTP/1.0" 200 73420 "-" "Mozilla/5.0 (compatible; MJ12bot/v1.4.8; http://mj12bot.com/)"
65.108.2.171 - - [14/May/2023:10:43:27 +0200] "GET /amazon-love-glasses-case-light-pink-p-50268.html HTTP/1.0" 200 73432 "-" "Mozilla/5.0 (compatible; MJ12bot/v1.4.8; http://mj12bot.com/)"
65.108.2.171 - - [14/May/2023:10:43:30 +0200] "GET /amazon-love-glasses-case-navy-blue-p-50269.html HTTP/1.0" 200 73430 "-" "Mozilla/5.0 (compatible; MJ12bot/v1.4.8; http://mj12bot.com/)"
65.108.2.171 - - [14/May/2023:10:43:33 +0200] "GET /amazon-love-macaws-p-50275.html HTTP/1.0" 200 76806 "-" "Mozilla/5.0 (compatible; MJ12bot/v1.4.8; http://mj12bot.com/)"
65.108.2.171 - - [14/May/2023:10:43:36 +0200] "GET /amazon-love-mug-macaws-p-50275.html HTTP/1.0" 301 76891 "-" "Mozilla/5.0 (compatible; MJ12bot/v1.4.8; http://mj12bot.com/)"
65.108.2.171 - - [14/May/2023:10:43:39 +0200] "GET /amazon-love-macaws-p-50275.html HTTP/1.0" 200 76806 "-" "Mozilla/5.0 (compatible; MJ12bot/v1.4.8; http://mj12bot.com/)"
66.249.69.70 - - [14/May/2023:10:43:39 +0200] "GET /little-prince-tote-p-47143.html HTTP/1.0" 200 76025 "-" "Mozilla/5.0 (Linux; Android 6.0.1; Nexus 5X Build/MMB29P) AppleWebKit/537.36 (KHTML, like Gecko) Chrome/112.0.5615.142 Mobile Safari/537.36 (compatible; Googlebot/2.1; +http://www.google.com/bot.html)"
129.82.147.216 - - [14/May/2023:10:43:41 +0200] "GET /images/mini_prod/5051265800374.jpg HTTP/1.0" 200 269 "-" "Mozilla/5.0 (X11; Ubuntu; Linux x86_64; rv:72.0) Gecko/20100101 Firefox/72.0"
66.249.69.70 - - [14/May/2023:10:43:41 +0200] "GET /scent-heart-home-simply-p-53877.html HTTP/1.0" 200 76592 "-" "Mozilla/5.0 (compatible; Googlebot/2.1; +http://www.google.com/bot.html)"
65.108.2.171 - - [14/May/2023:10:43:42 +0200] "GET /american-blue-old-car-mug-p-33082.html HTTP/1.0" 301 76032 "-" "Mozilla/5.0 (compatible; MJ12bot/v1.4.8; http://mj12bot.com/)"
65.108.2.171 - - [14/May/2023:10:43:44 +0200] "GET /american-blue-p-33082.html HTTP/1.0" 200 75952 "-" "Mozilla/5.0 (compatible; MJ12bot/v1.4.8; http://mj12bot.com/)"
216.244.66.242 - - [14/May/2023:10:43:46 +0200] "GET /jane-crowther-p-54766.html HTTP/1.0" 200 73404 "-" "Mozilla/5.0 (compatible; DotBot/1.2; +https://opensiteexplorer.org/dotbot; help@moz.com)"
65.108.2.171 - - [14/May/2023:10:43:47 +0200] "GET /american-blue-p-33082.html HTTP/1.0" 200 75952 "-" "Mozilla/5.0 (compatible; MJ12bot/v1.4.8; http://mj12bot.com/)"
65.108.2.171 - - [14/May/2023:10:43:50 +0200] "GET /andorra-mousepad-cbkreation-p-36710.html HTTP/1.0" 200 76040 "-" "Mozilla/5.0 (compatible; MJ12bot/v1.4.8; http://mj12bot.com/)"
65.108.2.171 - - [14/May/2023:10:43:53 +0200] "GET /angry-birds-pencil-sharpener-bright-p-19141.html HTTP/1.0" 200 73454 "-" "Mozilla/5.0 (compatible; MJ12bot/v1.4.8; http://mj12bot.com/)"
65.108.2.171 - - [14/May/2023:10:43:56 +0200] "GET /angry-birds-shoulder-bag-for-laptop-pc-p-16737.html HTTP/1.0" 301 76477 "-" "Mozilla/5.0 (compatible; MJ12bot/v1.4.8; http://mj12bot.com/)"
66.249.69.72 - - [14/May/2023:10:43:56 +0200] "GET /santa-claus-motor-train-sculpture-shore-p-52405.html HTTP/1.0" 200 77404 "-" "Mozilla/5.0 (Linux; Android 6.0.1; Nexus 5X Build/MMB29P) AppleWebKit/537.36 (KHTML, like Gecko) Chrome/112.0.5615.142 Mobile Safari/537.36 (compatible; Googlebot/2.1; +http://www.google.com/bot.html)"
65.108.2.171 - - [14/May/2023:10:43:58 +0200] "GET /angry-birds-shoulder-laptop-p-16737.html HTTP/1.0" 200 76383 "-" "Mozilla/5.0 (compatible; MJ12bot/v1.4.8; http://mj12bot.com/)"
65.108.2.171 - - [14/May/2023:10:44:01 +0200] "GET /angry-birds-shoulder-laptop-p-16737.html HTTP/1.0" 200 76383 "-" "Mozilla/5.0 (compatible; MJ12bot/v1.4.8; http://mj12bot.com/)"
65.108.2.171 - - [14/May/2023:10:44:04 +0200] "GET /anti-mite-pillow-50-70-cm-p-41115.html HTTP/1.0" 301 73483 "-" "Mozilla/5.0 (compatible; MJ12bot/v1.4.8; http://mj12bot.com/)"
65.108.2.171 - - [14/May/2023:10:44:07 +0200] "GET /anti-mite-pillow-p-41115.html HTTP/1.0" 200 73400 "-" "Mozilla/5.0 (compatible; MJ12bot/v1.4.8; http://mj12bot.com/)"
65.108.2.171 - - [14/May/2023:10:44:10 +0200] "GET /anti-mite-pillow-p-41115.html HTTP/1.0" 200 73400 "-" "Mozilla/5.0 (compatible; MJ12bot/v1.4.8; http://mj12bot.com/)"
65.108.2.171 - - [14/May/2023:10:44:12 +0200] "GET /antique-buddha-bust-statue-p-57932.html HTTP/1.0" 200 77033 "-" "Mozilla/5.0 (compatible; MJ12bot/v1.4.8; http://mj12bot.com/)"
65.108.2.171 - - [14/May/2023:10:44:15 +0200] "GET /apache-women-watch-multicolor-dream-catcher-p-41561.html HTTP/1.0" 200 73494 "-" "Mozilla/5.0 (compatible; MJ12bot/v1.4.8; http://mj12bot.com/)"
65.108.2.171 - - [14/May/2023:10:44:18 +0200] "GET /argentina-mouse-cbkreation-p-13982.html HTTP/1.0" 200 75971 "-" "Mozilla/5.0 (compatible; MJ12bot/v1.4.8; http://mj12bot.com/)"
65.108.2.171 - - [14/May/2023:10:44:21 +0200] "GET /aristocats-carved-by-heart-figurine-collection-p-52193.html HTTP/1.0" 301 77844 "-" "Mozilla/5.0 (compatible; MJ12bot/v1.4.8; http://mj12bot.com/)"
65.108.2.171 - - [14/May/2023:10:44:24 +0200] "GET /aristocats-carved-heart-figurine-collection-p-52193.html HTTP/1.0" 200 77734 "-" "Mozilla/5.0 (compatible; MJ12bot/v1.4.8; http://mj12bot.com/)"
65.108.2.171 - - [14/May/2023:10:44:27 +0200] "GET /aristocats-carved-heart-figurine-collection-p-52193.html HTTP/1.0" 200 77734 "-" "Mozilla/5.0 (compatible; MJ12bot/v1.4.8; http://mj12bot.com/)"
65.108.2.171 - - [14/May/2023:10:44:29 +0200] "GET /assassin-creed-mug-p-16033.html HTTP/1.0" 301 73391 "-" "Mozilla/5.0 (compatible; MJ12bot/v1.4.8; http://mj12bot.com/)"
65.108.2.171 - - [14/May/2023:10:44:32 +0200] "GET /-p-16033.html HTTP/1.0" 200 73324 "-" "Mozilla/5.0 (compatible; MJ12bot/v1.4.8; http://mj12bot.com/)"
65.108.2.171 - - [14/May/2023:10:44:35 +0200] "GET /au-fil-du-temps-cotton-adult-apron-p-45253.html HTTP/1.0" 301 76051 "-" "Mozilla/5.0 (compatible; MJ12bot/v1.4.8; http://mj12bot.com/)"
65.108.2.171 - - [14/May/2023:10:44:38 +0200] "GET /temps-cotton-adult-apron-p-45253.html HTTP/1.0" 200 75960 "-" "Mozilla/5.0 (compatible; MJ12bot/v1.4.8; http://mj12bot.com/)"
66.249.69.70 - - [14/May/2023:10:44:40 +0200] "GET /jolly-mah-nici-charm-phone-charm-p-33460.html HTTP/1.0" 301 73529 "-" "Mozilla/5.0 (Linux; Android 6.0.1; Nexus 5X Build/MMB29P) AppleWebKit/537.36 (KHTML, like Gecko) Chrome/112.0.5615.142 Mobile Safari/537.36 (compatible; Googlebot/2.1; +http://www.google.com/bot.html)"
65.108.2.171 - - [14/May/2023:10:44:41 +0200] "GET /bag-of-mini-erasers-random-patterns-p-33549.html HTTP/1.0" 301 76256 "-" "Mozilla/5.0 (compatible; MJ12bot/v1.4.8; http://mj12bot.com/)"
66.249.69.72 - - [14/May/2023:10:44:41 +0200] "GET /jolly-nici-charm-phone-charm-p-33460.html HTTP/1.0" 200 73434 "-" "Mozilla/5.0 (Linux; Android 6.0.1; Nexus 5X Build/MMB29P) AppleWebKit/537.36 (KHTML, like Gecko) Chrome/112.0.5615.142 Mobile Safari/537.36 (compatible; Googlebot/2.1; +http://www.google.com/bot.html)"
65.108.2.171 - - [14/May/2023:10:44:44 +0200] "GET /mini-erasers-random-patterns-p-33549.html HTTP/1.0" 200 76161 "-" "Mozilla/5.0 (compatible; MJ12bot/v1.4.8; http://mj12bot.com/)"
65.108.2.171 - - [14/May/2023:10:44:46 +0200] "GET /ball-keyring-p-56637.html HTTP/1.0" 200 76692 "-" "Mozilla/5.0 (compatible; MJ12bot/v1.4.8; http://mj12bot.com/)"
65.108.2.171 - - [14/May/2023:10:44:50 +0200] "GET /bamboo-alarm-clock-p-47511.html HTTP/1.0" 200 77054 "-" "Mozilla/5.0 (compatible; MJ12bot/v1.4.8; http://mj12bot.com/)"
65.108.2.171 - - [14/May/2023:10:44:53 +0200] "GET /bamboo-fiber-plant-cover-p-53413.html HTTP/1.0" 200 73410 "-" "Mozilla/5.0 (compatible; MJ12bot/v1.4.8; http://mj12bot.com/)"
65.108.2.171 - - [14/May/2023:10:44:55 +0200] "GET /bamboo-led-alarm-clock-p-47511.html HTTP/1.0" 301 77139 "-" "Mozilla/5.0 (compatible; MJ12bot/v1.4.8; http://mj12bot.com/)"
65.108.2.171 - - [14/May/2023:10:44:58 +0200] "GET /bamboo-alarm-clock-p-47511.html HTTP/1.0" 200 77054 "-" "Mozilla/5.0 (compatible; MJ12bot/v1.4.8; http://mj12bot.com/)"
65.108.2.171 - - [14/May/2023:10:45:01 +0200] "GET /bamboo-tray-tous-en-mayo-p-46453.html HTTP/1.0" 301 76646 "-" "Mozilla/5.0 (compatible; MJ12bot/v1.4.8; http://mj12bot.com/)"
65.108.2.171 - - [14/May/2023:10:45:04 +0200] "GET /bamboo-tray-tous-mayo-p-46453.html HTTP/1.0" 200 76558 "-" "Mozilla/5.0 (compatible; MJ12bot/v1.4.8; http://mj12bot.com/)"
65.108.2.171 - - [14/May/2023:10:45:07 +0200] "GET /bamboo-tray-tous-mayo-p-46453.html HTTP/1.0" 200 76558 "-" "Mozilla/5.0 (compatible; MJ12bot/v1.4.8; http://mj12bot.com/)"
65.108.2.171 - - [14/May/2023:10:45:10 +0200] "GET /banania-tray-48-cm-p-32432.html HTTP/1.0" 301 73391 "-" "Mozilla/5.0 (compatible; MJ12bot/v1.4.8; http://mj12bot.com/)"
65.108.2.171 - - [14/May/2023:10:45:13 +0200] "GET /-p-32432.html HTTP/1.0" 200 73324 "-" "Mozilla/5.0 (compatible; MJ12bot/v1.4.8; http://mj12bot.com/)"
65.108.2.171 - - [14/May/2023:10:45:16 +0200] "GET /banao-cotton-jute-basket-planter-p-57920.html HTTP/1.0" 200 76779 "-" "Mozilla/5.0 (compatible; MJ12bot/v1.4.8; http://mj12bot.com/)"
129.82.147.216 - - [14/May/2023:10:45:20 +0200] "GET /images/mini_prod/9316188013291.jpg HTTP/1.0" 200 269 "-" "Mozilla/5.0 (X11; Ubuntu; Linux x86_64; rv:72.0) Gecko/20100101 Firefox/72.0"
