66.249.66.80 - - [14/May/2023:12:29:01 +0200] "GET /vintage-cola-cola-glamour-canvas-frame-p-33384.html HTTP/1.0" 200 76281 "-" "Mozilla/5.0 (compatible; Googlebot/2.1; +http://www.google.com/bot.html)"
66.249.66.79 - - [14/May/2023:12:29:33 +0200] "GET /images/med_prod/3279396007321.jpg HTTP/1.0" 200 268 "-" "Googlebot-Image/1.0"
101.132.27.63 - - [14/May/2023:12:29:55 +0200] "GET /images/mini_prod/34DSCN8163.jpg HTTP/1.0" 200 266 "-" "Mozilla/5.0 (X11; Ubuntu; Linux x86_64; rv:72.0) Gecko/20100101 Firefox/72.0"
52.55.34.141 - - [14/May/2023:12:30:18 +0200] "GET /robots.txt HTTP/1.0" 301 531 "-" "Mozilla/5.0 (Macintosh; Intel Mac OS X 10_15_7) AppleWebKit/537.36 (KHTML, like Gecko) Chrome/108.0.0.0 Safari/537.36"
52.55.34.141 - - [14/May/2023:12:30:18 +0200] "GET /robots.txt HTTP/1.0" 200 245 "-" "Mozilla/5.0 (Macintosh; Intel Mac OS X 10_15_7) AppleWebKit/537.36 (KHTML, like Gecko) Chrome/108.0.0.0 Safari/537.36"
66.249.66.79 - - [14/May/2023:12:30:35 +0200] "GET /small-tinbox-retro-motorcycle-55-25-cm-p-41334.html HTTP/1.0" 301 73391 "-" "Mozilla/5.0 (compatible; Googlebot/2.1; +http://www.google.com/bot.html)"
66.249.66.79 - - [14/May/2023:12:30:37 +0200] "GET /-p-41334.html HTTP/1.0" 200 73324 "-" "Mozilla/5.0 (compatible; Googlebot/2.1; +http://www.google.com/bot.html)"
40.77.167.83 - - [14/May/2023:12:31:09 +0200] "GET /luggages-schoolbags-leather-shop/backpacks/tinkerbell-large-backpack-p-10149.html HTTP/1.0" 301 673 "-" "Mozilla/5.0 AppleWebKit/537.36 (KHTML, like Gecko; compatible; bingbot/2.0; +http://www.bing.com/bingbot.htm) Chrome/103.0.5060.134 Safari/537.36"
195.188.181.2 - - [14/May/2023:12:31:18 +0200] "GET /images/mini_prod/4036113280295.jpg HTTP/1.0" 200 269 "-" "Mozilla/5.0 (X11; Ubuntu; Linux x86_64; rv:72.0) Gecko/20100101 Firefox/72.0"
51.68.224.127 - - [14/May/2023:12:31:21 +0200] "GET /adminweb/export_orders_xml.php?token=256de2z6edz6ed2z6DFSFsed2zed6zeDSFDSGdzedezfzf&maxorders=10&orderstart=1&status=14&start_date=2018-10-01 HTTP/1.0" 200 285 "-" "GesCom CharlotteBoutik Serveur"
51.68.224.127 - - [14/May/2023:12:31:21 +0200] "GET /adminweb/export_orders_xml.php?token=256de2z6edz6ed2z6DFSFsed2zed6zeDSFDSGdzedezfzf&maxorders=10&orderstart=1&status=6&start_date=2018-10-01 HTTP/1.0" 200 33887 "-" "GesCom CharlotteBoutik Serveur"
185.191.171.33 - - [14/May/2023:12:31:37 +0200] "GET /-p-46365.html HTTP/1.0" 200 73324 "-" "Mozilla/5.0 (compatible; SemrushBot/7~bl; +http://www.semrush.com/bot.html)"
66.249.66.81 - - [14/May/2023:12:31:58 +0200] "GET /images/big_prod_1/8424001829279a.jpg HTTP/1.0" 200 271 "-" "Googlebot-Image/1.0"
147.92.153.19 - - [14/May/2023:12:31:58 +0200] "GET /-c-95_294.html HTTP/1.0" 200 78606 "-" "Mozilla/5.0 (compatible; Linespider/1.1; +https://lin.ee/4dwXkTH)"
147.92.153.6 - - [14/May/2023:12:32:03 +0200] "GET /swfobject.js HTTP/1.0" 404 1308 "http://www.wonder-geek.com/-c-95_294.html" "Mozilla/5.0 (Windows NT 10.0; Win64; x64) AppleWebKit/537.36 (KHTML, like Gecko; compatible; Linespider/1.1; +https://lin.ee/4dwXkTH) Chrome/112.0.0.0 Safari/537.36"
40.77.167.83 - - [14/May/2023:12:32:08 +0200] "GET /decorations/boxes-and-storage-box/box-shape-alarm-clock-p-23351.html HTTP/1.0" 301 647 "-" "Mozilla/5.0 AppleWebKit/537.36 (KHTML, like Gecko; compatible; bingbot/2.0; +http://www.bing.com/bingbot.htm) Chrome/103.0.5060.134 Safari/537.36"
106.55.255.207 - - [14/May/2023:12:32:17 +0200] "GET /images/mini_prod/8435333853245.jpg HTTP/1.0" 200 269 "-" "Mozilla/5.0 (X11; Ubuntu; Linux x86_64; rv:72.0) Gecko/20100101 Firefox/72.0"
207.46.13.208 - - [14/May/2023:12:32:30 +0200] "GET /sloth-moneybox-p-52234.html HTTP/1.0" 200 76502 "-" "Mozilla/5.0 AppleWebKit/537.36 (KHTML, like Gecko; compatible; bingbot/2.0; +http://www.bing.com/bingbot.htm) Chrome/103.0.5060.134 Safari/537.36"
40.77.167.83 - - [14/May/2023:12:33:18 +0200] "GET /strawberry-shortcake-raincoat-p-31187.html HTTP/1.0" 200 77250 "-" "Mozilla/5.0 AppleWebKit/537.36 (KHTML, like Gecko; compatible; bingbot/2.0; +http://www.bing.com/bingbot.htm) Chrome/103.0.5060.134 Safari/537.36"
207.46.13.208 - - [14/May/2023:12:33:51 +0200] "GET /decorative-carpets-c-11_269_167.html HTTP/1.0" 200 92892 "-" "Mozilla/5.0 AppleWebKit/537.36 (KHTML, like Gecko; compatible; bingbot/2.0; +http://www.bing.com/bingbot.htm) Chrome/103.0.5060.134 Safari/537.36"
149.6.140.106 - - [14/May/2023:12:33:53 +0200] "GET /images/mini_prod/5051276211053.jpg HTTP/1.0" 200 269 "-" "Mozilla/5.0 (X11; Ubuntu; Linux x86_64; rv:72.0) Gecko/20100101 Firefox/72.0"
216.244.66.242 - - [14/May/2023:12:34:15 +0200] "GET /buddha-resin-p-38532.html HTTP/1.0" 301 73391 "-" "Mozilla/5.0 (compatible; DotBot/1.2; +https://opensiteexplorer.org/dotbot; help@moz.com)"
216.244.66.242 - - [14/May/2023:12:34:26 +0200] "GET /jasmine-aromatika-incense-sticks-p-59274.html HTTP/1.0" 200 76694 "-" "Mozilla/5.0 (compatible; DotBot/1.2; +https://opensiteexplorer.org/dotbot; help@moz.com)"
216.244.66.242 - - [14/May/2023:12:34:42 +0200] "GET /paris-saint-germain-organiser-file-p-52111.html HTTP/1.0" 200 73450 "-" "Mozilla/5.0 (compatible; DotBot/1.2; +https://opensiteexplorer.org/dotbot; help@moz.com)"
216.244.66.242 - - [14/May/2023:12:34:55 +0200] "GET /retro-set-of-coasters-p-40072.html HTTP/1.0" 301 73391 "-" "Mozilla/5.0 (compatible; DotBot/1.2; +https://opensiteexplorer.org/dotbot; help@moz.com)"
216.244.66.242 - - [14/May/2023:12:35:07 +0200] "GET /vespa-black-card-holder-p-15580.html HTTP/1.0" 301 73391 "-" "Mozilla/5.0 (compatible; DotBot/1.2; +https://opensiteexplorer.org/dotbot; help@moz.com)"
66.249.66.81 - - [14/May/2023:12:35:13 +0200] "GET /baskets-wicker-baskets-p-50696.html HTTP/1.0" 200 77124 "-" "Mozilla/5.0 (compatible; Googlebot/2.1; +http://www.google.com/bot.html)"
185.191.171.45 - - [14/May/2023:12:35:23 +0200] "GET /specials.php?page=57 HTTP/1.0" 200 111347 "-" "Mozilla/5.0 (compatible; SemrushBot/7~bl; +http://www.semrush.com/bot.html)"
216.244.66.242 - - [14/May/2023:12:35:32 +0200] "GET /zapotek-basket-27-30-cm-p-47074.html HTTP/1.0" 301 73391 "-" "Mozilla/5.0 (compatible; DotBot/1.2; +https://opensiteexplorer.org/dotbot; help@moz.com)"
66.249.66.80 - - [14/May/2023:12:35:36 +0200] "GET /swfobject.js HTTP/1.0" 404 1308 "http://www.wonder-geek.com/baskets-wicker-baskets-p-50696.html" "Mozilla/5.0 AppleWebKit/537.36 (KHTML, like Gecko; compatible; Googlebot/2.1; +http://www.google.com/bot.html) Chrome/113.0.5672.63 Safari/537.36"
66.249.66.79 - - [14/May/2023:12:35:42 +0200] "GET /piggy-bank-p-52600.html HTTP/1.0" 200 75883 "-" "Mozilla/5.0 (compatible; Googlebot/2.1; +http://www.google.com/bot.html)"
216.244.66.242 - - [14/May/2023:12:35:52 +0200] "GET /chair-cushion-reversible-lin-and-coral-40-cm-p-36462.html HTTP/1.0" 301 73391 "-" "Mozilla/5.0 (compatible; DotBot/1.2; +https://opensiteexplorer.org/dotbot; help@moz.com)"
216.244.66.242 - - [14/May/2023:12:36:12 +0200] "GET /chambres-hotes-eyelets-curtain-p-39807.html HTTP/1.0" 301 73391 "-" "Mozilla/5.0 (compatible; DotBot/1.2; +https://opensiteexplorer.org/dotbot; help@moz.com)"
216.244.66.242 - - [14/May/2023:12:36:30 +0200] "GET /de-vinci-la-joconde-city-bag-made-in-france-p-47429.html HTTP/1.0" 301 76441 "-" "Mozilla/5.0 (compatible; DotBot/1.2; +https://opensiteexplorer.org/dotbot; help@moz.com)"
69.171.251.117 - - [14/May/2023:12:36:41 +0200] "GET /images/mini_prod/1399984259269.jpg HTTP/1.0" 200 269 "-" "Mozilla/5.0 (X11; Ubuntu; Linux x86_64; rv:72.0) Gecko/20100101 Firefox/72.0"
216.244.66.242 - - [14/May/2023:12:36:47 +0200] "GET /dragon-ball-blue-training-bottle-p-31194.html HTTP/1.0" 301 73391 "-" "Mozilla/5.0 (compatible; DotBot/1.2; +https://opensiteexplorer.org/dotbot; help@moz.com)"
66.249.66.81 - - [14/May/2023:12:36:55 +0200] "GET /images/big_prod_2/8445148024228C.jpg HTTP/1.0" 200 271 "-" "Googlebot-Image/1.0"
216.244.66.242 - - [14/May/2023:12:37:03 +0200] "GET /gund-boo-holiday-hat-and-scarf-plush-22-cm-p-36953.html HTTP/1.0" 301 73391 "-" "Mozilla/5.0 (compatible; DotBot/1.2; +https://opensiteexplorer.org/dotbot; help@moz.com)"
216.244.66.242 - - [14/May/2023:12:37:18 +0200] "GET /jacquard-cotton-velvet-towel-170-95-cm-sea-horse-p-48179.html HTTP/1.0" 301 73391 "-" "Mozilla/5.0 (compatible; DotBot/1.2; +https://opensiteexplorer.org/dotbot; help@moz.com)"
216.244.66.242 - - [14/May/2023:12:37:33 +0200] "GET /large-tassen-porcelain-mood-bowl-made-in-germany-p-43276.html HTTP/1.0" 301 76269 "-" "Mozilla/5.0 (compatible; DotBot/1.2; +https://opensiteexplorer.org/dotbot; help@moz.com)"
216.244.66.242 - - [14/May/2023:12:37:46 +0200] "GET /water-bottles-sport-bottles-c-12_161.html?page=1 HTTP/1.0" 200 96399 "-" "Mozilla/5.0 (compatible; DotBot/1.2; +https://opensiteexplorer.org/dotbot; help@moz.com)"
8.218.248.120 - - [14/May/2023:12:38:06 +0200] "GET /images/mini_prod/8006180204025.jpg HTTP/1.0" 200 269 "-" "aria2/1.35.0"
42.194.192.36 - - [14/May/2023:12:38:13 +0200] "GET /images/mini_prod/1399984254400.jpg HTTP/1.0" 200 269 "-" "Mozilla/5.0 (X11; Ubuntu; Linux x86_64; rv:72.0) Gecko/20100101 Firefox/72.0"
114.119.137.54 - - [14/May/2023:12:38:56 +0200] "GET /cars-small-walk-p-29533.html HTTP/1.0" 200 73374 "http://www.wonder-geek.com/home-and-decoration-c-13.html?page=78" "Mozilla/5.0 (Linux; Android 7.0;) AppleWebKit/537.36 (KHTML, like Gecko) Mobile Safari/537.36 (compatible; PetalBot;+https://webmaster.petalsearch.com/site/petalbot)"
185.191.171.10 - - [14/May/2023:12:39:39 +0200] "GET /candy-cloud-notepad-candy-p-49833.html HTTP/1.0" 200 76007 "-" "Mozilla/5.0 (compatible; SemrushBot/7~bl; +http://www.semrush.com/bot.html)"
66.249.66.80 - - [14/May/2023:12:40:56 +0200] "GET /medusa-glass-paperweight-p-57279.html HTTP/1.0" 200 73410 "-" "Mozilla/5.0 (compatible; Googlebot/2.1; +http://www.google.com/bot.html)"
8.218.248.120 - - [14/May/2023:12:41:03 +0200] "GET /images/mini_prod/1399986106974.jpg HTTP/1.0" 200 269 "-" "aria2/1.35.0"
106.55.254.60 - - [14/May/2023:12:41:24 +0200] "GET /images/mini_prod/191108_162759_PEEL_7pQvMT.jpg HTTP/1.0" 200 281 "-" "Mozilla/5.0 (X11; Ubuntu; Linux x86_64; rv:72.0) Gecko/20100101 Firefox/72.0"
185.176.78.178 - - [14/May/2023:12:41:25 +0200] "GET /images/mini_prod/1399984264287.jpg HTTP/1.0" 200 269 "-" "Mozilla/5.0 (X11; Ubuntu; Linux x86_64; rv:72.0) Gecko/20100101 Firefox/72.0"
17.241.75.233 - - [14/May/2023:12:41:30 +0200] "GET /eucalyptus-storage-p-59822.html HTTP/1.0" 200 76822 "-" "Mozilla/5.0 (Macintosh; Intel Mac OS X 10_15_5) AppleWebKit/605.1.15 (KHTML, like Gecko) Version/13.1.1 Safari/605.1.15 (Applebot/0.1; +http://www.apple.com/go/applebot)"
66.249.66.80 - - [14/May/2023:12:41:49 +0200] "GET /firefighters-night-light-p-58496.html HTTP/1.0" 200 77114 "-" "Mozilla/5.0 (Linux; Android 6.0.1; Nexus 5X Build/MMB29P) AppleWebKit/537.36 (KHTML, like Gecko) Chrome/112.0.5615.142 Mobile Safari/537.36 (compatible; Googlebot/2.1; +http://www.google.com/bot.html)"
52.55.34.141 - - [14/May/2023:12:41:50 +0200] "GET / HTTP/1.0" 301 511 "-" "Mozilla/5.0 (Macintosh; Intel Mac OS X 10_15_7) AppleWebKit/537.36 (KHTML, like Gecko) Chrome/108.0.0.0 Safari/537.36"
52.55.34.141 - - [14/May/2023:12:41:50 +0200] "GET / HTTP/1.0" 200 152896 "-" "Mozilla/5.0 (Macintosh; Intel Mac OS X 10_15_7) AppleWebKit/537.36 (KHTML, like Gecko) Chrome/108.0.0.0 Safari/537.36"
66.249.66.81 - - [14/May/2023:12:42:08 +0200] "GET /nici-plush-collection-bubble-bunny-p-35157.html HTTP/1.0" 200 82906 "-" "Mozilla/5.0 (Linux; Android 6.0.1; Nexus 5X Build/MMB29P) AppleWebKit/537.36 (KHTML, like Gecko) Chrome/112.0.5615.142 Mobile Safari/537.36 (compatible; Googlebot/2.1; +http://www.google.com/bot.html)"
109.245.227.101 - - [14/May/2023:12:42:56 +0200] "GET /johnny-hallyday-zippo-lighter-p-49856.html HTTP/1.0" 200 77087 "https://www.google.com/" "Mozilla/5.0 (Linux; Android 10; K) AppleWebKit/537.36 (KHTML, like Gecko) Chrome/113.0.0.0 Mobile Safari/537.36"
109.245.227.101 - - [14/May/2023:12:42:58 +0200] "GET /templates/Pixame_v1/stylesheet.css HTTP/1.0" 200 267 "http://www.wonder-geek.com/johnny-hallyday-zippo-lighter-p-49856.html" "Mozilla/5.0 (Linux; Android 10; K) AppleWebKit/537.36 (KHTML, like Gecko) Chrome/113.0.0.0 Mobile Safari/537.36"
109.245.227.101 - - [14/May/2023:12:42:58 +0200] "GET /js/jquery.jqzoom.js HTTP/1.0" 200 259 "http://www.wonder-geek.com/johnny-hallyday-zippo-lighter-p-49856.html" "Mozilla/5.0 (Linux; Android 10; K) AppleWebKit/537.36 (KHTML, like Gecko) Chrome/113.0.0.0 Mobile Safari/537.36"
109.245.227.101 - - [14/May/2023:12:42:58 +0200] "GET /js/jquery.js HTTP/1.0" 200 252 "http://www.wonder-geek.com/johnny-hallyday-zippo-lighter-p-49856.html" "Mozilla/5.0 (Linux; Android 10; K) AppleWebKit/537.36 (KHTML, like Gecko) Chrome/113.0.0.0 Mobile Safari/537.36"
109.245.227.101 - - [14/May/2023:12:42:58 +0200] "GET /highslide/highslide.js HTTP/1.0" 200 262 "http://www.wonder-geek.com/johnny-hallyday-zippo-lighter-p-49856.html" "Mozilla/5.0 (Linux; Android 10; K) AppleWebKit/537.36 (KHTML, like Gecko) Chrome/113.0.0.0 Mobile Safari/537.36"
109.245.227.101 - - [14/May/2023:12:42:58 +0200] "GET /mondial_relay/js/jquery-1.3.2.min.js HTTP/1.0" 200 276 "http://www.wonder-geek.com/johnny-hallyday-zippo-lighter-p-49856.html" "Mozilla/5.0 (Linux; Android 10; K) AppleWebKit/537.36 (KHTML, like Gecko) Chrome/113.0.0.0 Mobile Safari/537.36"
109.245.227.101 - - [14/May/2023:12:42:58 +0200] "GET /swfobject.js HTTP/1.0" 404 1308 "http://www.wonder-geek.com/johnny-hallyday-zippo-lighter-p-49856.html" "Mozilla/5.0 (Linux; Android 10; K) AppleWebKit/537.36 (KHTML, like Gecko) Chrome/113.0.0.0 Mobile Safari/537.36"
109.245.227.101 - - [14/May/2023:12:42:58 +0200] "GET /templates/Pixame_v1/images/icon_accueil2.png HTTP/1.0" 200 278 "http://www.wonder-geek.com/johnny-hallyday-zippo-lighter-p-49856.html" "Mozilla/5.0 (Linux; Android 10; K) AppleWebKit/537.36 (KHTML, like Gecko) Chrome/113.0.0.0 Mobile Safari/537.36"
109.245.227.101 - - [14/May/2023:12:42:58 +0200] "GET /templates/Pixame_v1/images/infobox/pixel_trans.gif HTTP/1.0" 200 328 "http://www.wonder-geek.com/johnny-hallyday-zippo-lighter-p-49856.html" "Mozilla/5.0 (Linux; Android 10; K) AppleWebKit/537.36 (KHTML, like Gecko) Chrome/113.0.0.0 Mobile Safari/537.36"
109.245.227.101 - - [14/May/2023:12:42:58 +0200] "GET /images/big_prod_1/1491693128680B.jpg HTTP/1.0" 200 271 "http://www.wonder-geek.com/johnny-hallyday-zippo-lighter-p-49856.html" "Mozilla/5.0 (Linux; Android 10; K) AppleWebKit/537.36 (KHTML, like Gecko) Chrome/113.0.0.0 Mobile Safari/537.36"
109.245.227.101 - - [14/May/2023:12:42:58 +0200] "GET /images/pixel_trans.gif HTTP/1.0" 200 328 "http://www.wonder-geek.com/johnny-hallyday-zippo-lighter-p-49856.html" "Mozilla/5.0 (Linux; Android 10; K) AppleWebKit/537.36 (KHTML, like Gecko) Chrome/113.0.0.0 Mobile Safari/537.36"
109.245.227.101 - - [14/May/2023:12:42:58 +0200] "GET /templates/Pixame_v1/images/pixel_trans.gif HTTP/1.0" 200 328 "http://www.wonder-geek.com/johnny-hallyday-zippo-lighter-p-49856.html" "Mozilla/5.0 (Linux; Android 10; K) AppleWebKit/537.36 (KHTML, like Gecko) Chrome/113.0.0.0 Mobile Safari/537.36"
109.245.227.101 - - [14/May/2023:12:42:58 +0200] "GET /images/big_prod/1491693128680.jpg HTTP/1.0" 200 268 "http://www.wonder-geek.com/johnny-hallyday-zippo-lighter-p-49856.html" "Mozilla/5.0 (Linux; Android 10; K) AppleWebKit/537.36 (KHTML, like Gecko) Chrome/113.0.0.0 Mobile Safari/537.36"
109.245.227.101 - - [14/May/2023:12:42:58 +0200] "GET /templates/Pixame_v1/images/Bottom_texture.jpg HTTP/1.0" 200 280 "http://www.wonder-geek.com/templates/Pixame_v1/stylesheet.css" "Mozilla/5.0 (Linux; Android 10; K) AppleWebKit/537.36 (KHTML, like Gecko) Chrome/113.0.0.0 Mobile Safari/537.36"
109.245.227.101 - - [14/May/2023:12:42:58 +0200] "GET /templates/Pixame_v1/images/Middle_texture.jpg HTTP/1.0" 200 280 "http://www.wonder-geek.com/templates/Pixame_v1/stylesheet.css" "Mozilla/5.0 (Linux; Android 10; K) AppleWebKit/537.36 (KHTML, like Gecko) Chrome/113.0.0.0 Mobile Safari/537.36"
109.245.227.101 - - [14/May/2023:12:42:58 +0200] "GET /templates/Pixame_v1/images/header-object.png HTTP/1.0" 200 278 "http://www.wonder-geek.com/templates/Pixame_v1/stylesheet.css" "Mozilla/5.0 (Linux; Android 10; K) AppleWebKit/537.36 (KHTML, like Gecko) Chrome/113.0.0.0 Mobile Safari/537.36"
109.245.227.101 - - [14/May/2023:12:42:58 +0200] "GET /templates/Pixame_v1/images/header.png HTTP/1.0" 200 271 "http://www.wonder-geek.com/templates/Pixame_v1/stylesheet.css" "Mozilla/5.0 (Linux; Android 10; K) AppleWebKit/537.36 (KHTML, like Gecko) Chrome/113.0.0.0 Mobile Safari/537.36"
109.245.227.101 - - [14/May/2023:12:42:58 +0200] "GET /templates/Pixame_v1/images/nav.png HTTP/1.0" 200 268 "http://www.wonder-geek.com/templates/Pixame_v1/stylesheet.css" "Mozilla/5.0 (Linux; Android 10; K) AppleWebKit/537.36 (KHTML, like Gecko) Chrome/113.0.0.0 Mobile Safari/537.36"
109.245.227.101 - - [14/May/2023:12:42:58 +0200] "GET /design/productsenstock.png HTTP/1.0" 200 260 "http://www.wonder-geek.com/templates/Pixame_v1/stylesheet.css" "Mozilla/5.0 (Linux; Android 10; K) AppleWebKit/537.36 (KHTML, like Gecko) Chrome/113.0.0.0 Mobile Safari/537.36"
109.245.227.101 - - [14/May/2023:12:42:58 +0200] "GET /templates/Pixame_v1/images/infobox/infobox_footer_middle.gif HTTP/1.0" 200 357 "http://www.wonder-geek.com/johnny-hallyday-zippo-lighter-p-49856.html" "Mozilla/5.0 (Linux; Android 10; K) AppleWebKit/537.36 (KHTML, like Gecko) Chrome/113.0.0.0 Mobile Safari/537.36"
109.245.227.101 - - [14/May/2023:12:42:58 +0200] "GET /templates/Pixame_v1/images/buttons/english/button_in_cart.gif HTTP/1.0" 200 295 "http://www.wonder-geek.com/johnny-hallyday-zippo-lighter-p-49856.html" "Mozilla/5.0 (Linux; Android 10; K) AppleWebKit/537.36 (KHTML, like Gecko) Chrome/113.0.0.0 Mobile Safari/537.36"
109.245.227.101 - - [14/May/2023:12:42:59 +0200] "GET /highslide/graphics/zoomin.cur HTTP/1.0" 200 614 "http://www.wonder-geek.com/templates/Pixame_v1/stylesheet.css" "Mozilla/5.0 (Linux; Android 10; K) AppleWebKit/537.36 (KHTML, like Gecko) Chrome/113.0.0.0 Mobile Safari/537.36"
109.245.227.101 - - [14/May/2023:12:42:59 +0200] "GET /highslide/graphics/outlines/drop-shadow.png HTTP/1.0" 200 277 "http://www.wonder-geek.com/johnny-hallyday-zippo-lighter-p-49856.html" "Mozilla/5.0 (Linux; Android 10; K) AppleWebKit/537.36 (KHTML, like Gecko) Chrome/113.0.0.0 Mobile Safari/537.36"
109.245.227.101 - - [14/May/2023:12:42:59 +0200] "GET /favicon.ico HTTP/1.0" 200 260 "http://www.wonder-geek.com/johnny-hallyday-zippo-lighter-p-49856.html" "Mozilla/5.0 (Linux; Android 10; K) AppleWebKit/537.36 (KHTML, like Gecko) Chrome/113.0.0.0 Mobile Safari/537.36"
109.245.227.101 - - [14/May/2023:12:42:59 +0200] "GET /highslide/graphics/zoomout.cur HTTP/1.0" 200 614 "http://www.wonder-geek.com/johnny-hallyday-zippo-lighter-p-49856.html" "Mozilla/5.0 (Linux; Android 10; K) AppleWebKit/537.36 (KHTML, like Gecko) Chrome/113.0.0.0 Mobile Safari/537.36"
109.245.227.101 - - [14/May/2023:12:42:59 +0200] "GET /highslide/graphics/loader.white.gif HTTP/1.0" 200 960 "http://www.wonder-geek.com/templates/Pixame_v1/stylesheet.css" "Mozilla/5.0 (Linux; Android 10; K) AppleWebKit/537.36 (KHTML, like Gecko) Chrome/113.0.0.0 Mobile Safari/537.36"
216.244.66.242 - - [14/May/2023:12:43:07 +0200] "GET /candy-cloud-daisy-p-49877.html HTTP/1.0" 200 76301 "-" "Mozilla/5.0 (compatible; DotBot/1.2; +https://opensiteexplorer.org/dotbot; help@moz.com)"
216.244.66.242 - - [14/May/2023:12:43:18 +0200] "GET /child-apron-little-prince-p-47662.html HTTP/1.0" 200 76087 "-" "Mozilla/5.0 (compatible; DotBot/1.2; +https://opensiteexplorer.org/dotbot; help@moz.com)"
216.244.66.242 - - [14/May/2023:12:43:28 +0200] "GET /provence-lavender-salt-pepper-shaker-p-30683.html HTTP/1.0" 200 76210 "-" "Mozilla/5.0 (compatible; DotBot/1.2; +https://opensiteexplorer.org/dotbot; help@moz.com)"
216.244.66.242 - - [14/May/2023:12:43:38 +0200] "GET /quebec-mouse-cbkreation-p-13991.html HTTP/1.0" 200 75929 "-" "Mozilla/5.0 (compatible; DotBot/1.2; +https://opensiteexplorer.org/dotbot; help@moz.com)"
203.195.164.241 - - [14/May/2023:12:43:52 +0200] "GET /images/mini_prod/8435107822026.jpg HTTP/1.0" 404 1308 "-" "Mozilla/5.0 (X11; Ubuntu; Linux x86_64; rv:72.0) Gecko/20100101 Firefox/72.0"
42.194.226.108 - - [14/May/2023:12:43:53 +0200] "GET /images/mini_prod/8435107822026.jpg HTTP/1.0" 404 1308 "-" "Mozilla/5.0 (X11; Ubuntu; Linux x86_64; rv:72.0) Gecko/20100101 Firefox/72.0"
114.89.196.87 - - [14/May/2023:12:44:00 +0200] "GET /contact_us.php HTTP/1.0" 200 26241 "http://www.wonder-geek.com/contact_us.php" "Mozilla/5.0 (Windows NT 10.0) AppleWebKit/537.36 (KHTML, like Gecko) Chrome/90.0.4430.85 Safari/537.36"
185.191.171.36 - - [14/May/2023:12:44:00 +0200] "GET /polyresin-statuette-justicia-p-50204.html HTTP/1.0" 200 76093 "-" "Mozilla/5.0 (compatible; SemrushBot/7~bl; +http://www.semrush.com/bot.html)"
114.89.196.87 - - [14/May/2023:12:44:08 +0200] "POST /contact_us.php?action=send HTTP/1.0" 200 26487 "http://www.wonder-geek.com/contact_us.php" "Mozilla/5.0 (Windows NT 10.0) AppleWebKit/537.36 (KHTML, like Gecko) Chrome/90.0.4430.85 Safari/537.36"
216.244.66.242 - - [14/May/2023:12:44:41 +0200] "GET /dolce-vita-white-women-shirt-p-30957.html HTTP/1.0" 200 77981 "-" "Mozilla/5.0 (compatible; DotBot/1.2; +https://opensiteexplorer.org/dotbot; help@moz.com)"
216.244.66.242 - - [14/May/2023:12:44:48 +0200] "GET /zodiac-white-women-shirt-p-30802.html HTTP/1.0" 200 77989 "-" "Mozilla/5.0 (compatible; DotBot/1.2; +https://opensiteexplorer.org/dotbot; help@moz.com)"
178.159.37.60 - - [14/May/2023:12:45:39 +0200] "GET /create_account.php HTTP/1.0" 301 547 "-" "Mozilla/4.0 (compatible; MSIE 6.0; Windows NT 5.1; SV1)"
178.159.37.60 - - [14/May/2023:12:45:39 +0200] "GET /create_account.php HTTP/1.0" 200 33633 "-" "Mozilla/4.0 (compatible; MSIE 6.0; Windows NT 5.1; SV1)"
178.159.37.60 - - [14/May/2023:12:45:40 +0200] "POST /create_account.php HTTP/1.0" 200 34537 "http://wonder-geek.com/create_account.php" "Mozilla/4.0 (compatible; MSIE 6.0; Windows NT 5.1; SV1)"
216.244.66.242 - - [14/May/2023:12:46:22 +0200] "GET /home-and-decoration/mirror-c-13_133.html HTTP/1.0" 301 93736 "-" "Mozilla/5.0 (compatible; DotBot/1.2; +https://opensiteexplorer.org/dotbot; help@moz.com)"
216.244.66.242 - - [14/May/2023:12:46:33 +0200] "GET /round-magnet-p-56229.html HTTP/1.0" 200 76553 "-" "Mozilla/5.0 (compatible; DotBot/1.2; +https://opensiteexplorer.org/dotbot; help@moz.com)"
66.249.66.79 - - [14/May/2023:12:47:10 +0200] "GET /images/1399984259252.jpg HTTP/1.0" 200 259 "-" "Googlebot-Image/1.0"
185.191.171.39 - - [14/May/2023:12:47:11 +0200] "GET /decorative-wooden-plate-interdit-cons-p-60216.html HTTP/1.0" 200 77013 "-" "Mozilla/5.0 (compatible; SemrushBot/7~bl; +http://www.semrush.com/bot.html)"
51.68.224.127 - - [14/May/2023:12:47:58 +0200] "GET /adminweb/export_orders_xml.php?token=256de2z6edz6ed2z6DFSFsed2zed6zeDSFDSGdzedezfzf&maxorders=10&orderstart=1&status=14&start_date=2018-10-01 HTTP/1.0" 200 285 "-" "GesCom CharlotteBoutik Serveur"
51.68.224.127 - - [14/May/2023:12:47:58 +0200] "GET /adminweb/export_orders_xml.php?token=256de2z6edz6ed2z6DFSFsed2zed6zeDSFDSGdzedezfzf&maxorders=10&orderstart=1&status=6&start_date=2018-10-01 HTTP/1.0" 200 33887 "-" "GesCom CharlotteBoutik Serveur"
207.46.13.220 - - [14/May/2023:12:47:59 +0200] "GET /bagshandbags-shoulder-bags-c-31_81.html?page=10 HTTP/1.0" 200 94192 "-" "Mozilla/5.0 AppleWebKit/537.36 (KHTML, like Gecko; compatible; bingbot/2.0; +http://www.bing.com/bingbot.htm) Chrome/103.0.5060.134 Safari/537.36"
207.46.13.220 - - [14/May/2023:12:48:03 +0200] "GET /school-trolley-c-31_169.html HTTP/1.0" 200 83945 "-" "Mozilla/5.0 AppleWebKit/537.36 (KHTML, like Gecko; compatible; bingbot/2.0; +http://www.bing.com/bingbot.htm) Chrome/103.0.5060.134 Safari/537.36"
193.112.35.218 - - [14/May/2023:12:48:35 +0200] "GET /images/hiver048.jpg HTTP/1.0" 200 254 "-" "Mozilla/5.0 (X11; Ubuntu; Linux x86_64; rv:72.0) Gecko/20100101 Firefox/72.0"
207.46.13.208 - - [14/May/2023:12:48:44 +0200] "GET /darling-bedclothes-p-51591.html HTTP/1.0" 200 73396 "-" "Mozilla/5.0 AppleWebKit/537.36 (KHTML, like Gecko; compatible; bingbot/2.0; +http://www.bing.com/bingbot.htm) Chrome/103.0.5060.134 Safari/537.36"
81.71.99.63 - - [14/May/2023:12:48:49 +0200] "GET /images/mini_prod/3609810071988.jpg HTTP/1.0" 200 269 "-" "Mozilla/5.0 (X11; Ubuntu; Linux x86_64; rv:72.0) Gecko/20100101 Firefox/72.0"
66.249.66.79 - - [14/May/2023:12:49:03 +0200] "GET /despicable-marbles-p-33480.html HTTP/1.0" 200 76135 "-" "Mozilla/5.0 (Linux; Android 6.0.1; Nexus 5X Build/MMB29P) AppleWebKit/537.36 (KHTML, like Gecko) Chrome/112.0.5615.142 Mobile Safari/537.36 (compatible; Googlebot/2.1; +http://www.google.com/bot.html)"
66.249.66.79 - - [14/May/2023:12:49:31 +0200] "GET /fragrance-sachet-intense-p-40547.html HTTP/1.0" 200 76654 "-" "Mozilla/5.0 (compatible; Googlebot/2.1; +http://www.google.com/bot.html)"
185.191.171.10 - - [14/May/2023:12:49:36 +0200] "GET /hanna-barbera-black-shirt-p-29597.html HTTP/1.0" 200 77395 "-" "Mozilla/5.0 (compatible; SemrushBot/7~bl; +http://www.semrush.com/bot.html)"
139.199.162.133 - - [14/May/2023:12:49:56 +0200] "GET /images/mini_prod/3453131146043.jpg HTTP/1.0" 200 269 "-" "Mozilla/5.0 (X11; Ubuntu; Linux x86_64; rv:72.0) Gecko/20100101 Firefox/72.0"
40.77.167.83 - - [14/May/2023:12:50:41 +0200] "GET /games-and-toys/board-games/barbapapa-tableo-tablet-p-22744.html HTTP/1.0" 301 637 "-" "Mozilla/5.0 AppleWebKit/537.36 (KHTML, like Gecko; compatible; bingbot/2.0; +http://www.bing.com/bingbot.htm) Chrome/103.0.5060.134 Safari/537.36"
40.77.167.83 - - [14/May/2023:12:50:41 +0200] "GET /small-postcard-plate-with-envelope-p-40128.html HTTP/1.0" 200 76201 "-" "Mozilla/5.0 AppleWebKit/537.36 (KHTML, like Gecko; compatible; bingbot/2.0; +http://www.bing.com/bingbot.htm) Chrome/103.0.5060.134 Safari/537.36"
193.112.35.218 - - [14/May/2023:12:50:42 +0200] "GET /images/mini_prod/3014627950027.jpg HTTP/1.0" 200 269 "-" "Mozilla/5.0 (X11; Ubuntu; Linux x86_64; rv:72.0) Gecko/20100101 Firefox/72.0"
66.249.66.79 - - [14/May/2023:12:51:19 +0200] "GET /images/big_prod_1/8422016125515a.jpg HTTP/1.0" 200 271 "-" "Googlebot-Image/1.0"
40.77.167.83 - - [14/May/2023:12:52:30 +0200] "GET /wooden-wall-decoration-hang-croquons-p-49983.html HTTP/1.0" 200 73482 "-" "Mozilla/5.0 AppleWebKit/537.36 (KHTML, like Gecko; compatible; bingbot/2.0; +http://www.bing.com/bingbot.htm) Chrome/103.0.5060.134 Safari/537.36"
66.249.66.79 - - [14/May/2023:12:53:02 +0200] "GET /images/big_prod_2/1328399282524a.jpg HTTP/1.0" 200 271 "-" "Googlebot-Image/1.0"
17.241.75.96 - - [14/May/2023:12:53:18 +0200] "GET /kimmidoll-naomi-p-25975.html HTTP/1.0" 200 73382 "-" "Mozilla/5.0 (Macintosh; Intel Mac OS X 10_15_5) AppleWebKit/605.1.15 (KHTML, like Gecko) Version/13.1.1 Safari/605.1.15 (Applebot/0.1; +http://www.apple.com/go/applebot)"
185.176.78.178 - - [14/May/2023:12:54:00 +0200] "GET /images/mini_prod/3272760389849.jpg HTTP/1.0" 200 269 "-" "Mozilla/5.0 (X11; Ubuntu; Linux x86_64; rv:72.0) Gecko/20100101 Firefox/72.0"
17.241.227.28 - - [14/May/2023:12:54:35 +0200] "GET /with-infuser-p-54484.html HTTP/1.0" 200 75936 "-" "Mozilla/5.0 (Macintosh; Intel Mac OS X 10_15_5) AppleWebKit/605.1.15 (KHTML, like Gecko) Version/13.1.1 Safari/605.1.15 (Applebot/0.1; +http://www.apple.com/go/applebot)"
66.249.66.79 - - [14/May/2023:12:54:41 +0200] "GET /images/big_prod_2/3453131078641b.jpg HTTP/1.0" 200 271 "-" "Googlebot-Image/1.0"
106.55.255.207 - - [14/May/2023:12:54:42 +0200] "GET /images/mini_prod/5050293803197.jpg HTTP/1.0" 200 269 "-" "Mozilla/5.0 (X11; Ubuntu; Linux x86_64; rv:72.0) Gecko/20100101 Firefox/72.0"
129.82.147.216 - - [14/May/2023:12:54:50 +0200] "GET /images/mini_prod/1384010183571BB.jpg HTTP/1.0" 200 271 "-" "Mozilla/5.0 (X11; Ubuntu; Linux x86_64; rv:72.0) Gecko/20100101 Firefox/72.0"
129.204.116.160 - - [14/May/2023:12:55:03 +0200] "GET /images/mini_prod/1384010207260.jpg HTTP/1.0" 200 269 "-" "Mozilla/5.0 (X11; Ubuntu; Linux x86_64; rv:72.0) Gecko/20100101 Firefox/72.0"
95.163.255.141 - - [14/May/2023:12:55:08 +0200] "GET /robots.txt HTTP/1.0" 301 531 "-" "Mozilla/5.0 (compatible; Linux x86_64; Mail.RU_Bot/Img/2.0; +https://help.mail.ru/webmaster/indexing/robots)"
95.163.255.141 - - [14/May/2023:12:55:14 +0200] "GET /images/3684225058250.jpg HTTP/1.0" 301 559 "http://go.mail.ru/search_images" "Mozilla/5.0 (compatible; Linux x86_64; Mail.RU_Bot/Img/2.0; +https://help.mail.ru/webmaster/indexing/robots)"
95.163.255.130 - - [14/May/2023:12:55:24 +0200] "GET /robots.txt HTTP/1.0" 200 245 "-" "Mozilla/5.0 (compatible; Linux x86_64; Mail.RU_Bot/Img/2.0; +https://help.mail.ru/webmaster/indexing/robots)"
95.163.255.120 - - [14/May/2023:12:55:28 +0200] "GET /images/3684225058250.jpg HTTP/1.0" 200 259 "http://wonder-geek.com/images/3684225058250.jpg" "Mozilla/5.0 (compatible; Linux x86_64; Mail.RU_Bot/Img/2.0; +https://help.mail.ru/webmaster/indexing/robots)"
114.119.158.50 - - [14/May/2023:12:55:35 +0200] "GET /chouchou-tisanire-p-52619.html HTTP/1.0" 200 75980 "http://www.wonder-geek.com/dishes-c-12.html?page=106" "Mozilla/5.0 (Linux; Android 7.0;) AppleWebKit/537.36 (KHTML, like Gecko) Mobile Safari/537.36 (compatible; PetalBot;+https://webmaster.petalsearch.com/site/petalbot)"
207.46.13.208 - - [14/May/2023:12:55:43 +0200] "GET /stickers-c-129_50.html HTTP/1.0" 200 85107 "-" "Mozilla/5.0 AppleWebKit/537.36 (KHTML, like Gecko; compatible; bingbot/2.0; +http://www.bing.com/bingbot.htm) Chrome/103.0.5060.134 Safari/537.36"
66.249.66.81 - - [14/May/2023:12:55:59 +0200] "GET /teapot-p-52205.html HTTP/1.0" 200 73362 "-" "Mozilla/5.0 (Linux; Android 6.0.1; Nexus 5X Build/MMB29P) AppleWebKit/537.36 (KHTML, like Gecko) Chrome/112.0.5615.142 Mobile Safari/537.36 (compatible; Googlebot/2.1; +http://www.google.com/bot.html)"
207.46.13.208 - - [14/May/2023:12:57:54 +0200] "GET /mickey-figurine-collection-august-p-24330.html HTTP/1.0" 301 73391 "-" "Mozilla/5.0 AppleWebKit/537.36 (KHTML, like Gecko; compatible; bingbot/2.0; +http://www.bing.com/bingbot.htm) Chrome/103.0.5060.134 Safari/537.36"
185.191.171.43 - - [14/May/2023:12:58:11 +0200] "GET /animals-alarm-clock-cbkreation-p-43810.html HTTP/1.0" 200 76113 "-" "Mozilla/5.0 (compatible; SemrushBot/7~bl; +http://www.semrush.com/bot.html)"
207.46.13.220 - - [14/May/2023:12:58:41 +0200] "GET /dishes/plates/daisy-duck-soup-plate-p-14853.html HTTP/1.0" 301 607 "-" "Mozilla/5.0 AppleWebKit/537.36 (KHTML, like Gecko; compatible; bingbot/2.0; +http://www.bing.com/bingbot.htm) Chrome/103.0.5060.134 Safari/537.36"
66.249.66.79 - - [14/May/2023:12:58:39 +0200] "GET /food-grade-bamboo-cutting-board-p-60312.html HTTP/1.0" 200 76082 "-" "Mozilla/5.0 (compatible; Googlebot/2.1; +http://www.google.com/bot.html)"
40.77.167.83 - - [14/May/2023:12:58:41 +0200] "GET /unicorn-wastebasket-p-48978.html HTTP/1.0" 200 73390 "-" "Mozilla/5.0 AppleWebKit/537.36 (KHTML, like Gecko; compatible; bingbot/2.0; +http://www.bing.com/bingbot.htm) Chrome/103.0.5060.134 Safari/537.36"
40.77.167.83 - - [14/May/2023:12:59:20 +0200] "GET /furby-pencil-case-p-20237.html HTTP/1.0" 200 76134 "-" "Mozilla/5.0 AppleWebKit/537.36 (KHTML, like Gecko; compatible; bingbot/2.0; +http://www.bing.com/bingbot.htm) Chrome/103.0.5060.134 Safari/537.36"
185.176.78.178 - - [14/May/2023:12:59:56 +0200] "GET /images/mini_prod/4895029627446.jpg HTTP/1.0" 200 269 "-" "Mozilla/5.0 (X11; Ubuntu; Linux x86_64; rv:72.0) Gecko/20100101 Firefox/72.0"
207.46.13.208 - - [14/May/2023:13:00:23 +0200] "GET /vase-dolomite-ocher-yellow-finish-p-55115.html HTTP/1.0" 200 77039 "-" "Mozilla/5.0 AppleWebKit/537.36 (KHTML, like Gecko; compatible; bingbot/2.0; +http://www.bing.com/bingbot.htm) Chrome/103.0.5060.134 Safari/537.36"
66.249.66.81 - - [14/May/2023:13:00:35 +0200] "GET /peter-britto-disney-figure-collection-p-39601.html HTTP/1.0" 200 76725 "-" "Mozilla/5.0 (compatible; Googlebot/2.1; +http://www.google.com/bot.html)"
8.218.75.45 - - [14/May/2023:13:02:27 +0200] "GET /images/mini_prod/1399984258446.jpg HTTP/1.0" 200 269 "-" "aria2/1.35.0"
195.188.181.2 - - [14/May/2023:13:03:50 +0200] "GET /images/mini_prod/1399984257180.jpg HTTP/1.0" 200 269 "-" "Mozilla/5.0 (X11; Ubuntu; Linux x86_64; rv:72.0) Gecko/20100101 Firefox/72.0"
185.191.171.9 - - [14/May/2023:13:04:02 +0200] "GET /robots.txt HTTP/1.0" 200 245 "-" "Mozilla/5.0 (compatible; SemrushBot/7~bl; +http://www.semrush.com/bot.html)"
185.191.171.38 - - [14/May/2023:13:04:04 +0200] "GET /gorjuss-card-holder-little-wings-p-52361.html HTTP/1.0" 200 73450 "-" "Mozilla/5.0 (compatible; SemrushBot/7~bl; +http://www.semrush.com/bot.html)"
185.191.171.3 - - [14/May/2023:13:04:10 +0200] "GET /cozy-mood-tassen-pepper-shaker-made-germany-p-59648.html HTTP/1.0" 200 77118 "-" "Mozilla/5.0 (compatible; SemrushBot/7~bl; +http://www.semrush.com/bot.html)"
17.241.219.118 - - [14/May/2023:13:04:18 +0200] "GET /salt-made-ceramic-bamboo-p-55761.html HTTP/1.0" 200 73432 "-" "Mozilla/5.0 (Macintosh; Intel Mac OS X 10_15_5) AppleWebKit/605.1.15 (KHTML, like Gecko) Version/13.1.1 Safari/605.1.15 (Applebot/0.1; +http://www.apple.com/go/applebot)"
51.68.224.127 - - [14/May/2023:13:04:26 +0200] "GET /adminweb/export_orders_xml.php?token=256de2z6edz6ed2z6DFSFsed2zed6zeDSFDSGdzedezfzf&maxorders=10&orderstart=1&status=14&start_date=2018-10-01 HTTP/1.0" 200 285 "-" "GesCom CharlotteBoutik Serveur"
51.68.224.127 - - [14/May/2023:13:04:26 +0200] "GET /adminweb/export_orders_xml.php?token=256de2z6edz6ed2z6DFSFsed2zed6zeDSFDSGdzedezfzf&maxorders=10&orderstart=1&status=6&start_date=2018-10-01 HTTP/1.0" 200 33887 "-" "GesCom CharlotteBoutik Serveur"
66.249.66.79 - - [14/May/2023:13:04:52 +0200] "GET /images/big_prod_2/8424346524112C.jpg HTTP/1.0" 200 271 "-" "Googlebot-Image/1.0"
40.77.167.83 - - [14/May/2023:13:05:30 +0200] "GET /hello-kitty-m-35.html HTTP/1.0" 200 94201 "-" "Mozilla/5.0 AppleWebKit/537.36 (KHTML, like Gecko; compatible; bingbot/2.0; +http://www.bing.com/bingbot.htm) Chrome/103.0.5060.134 Safari/537.36"
40.77.167.83 - - [14/May/2023:13:05:51 +0200] "GET /difference-accessoriess-c-12_59.html HTTP/1.0" 200 92515 "-" "Mozilla/5.0 AppleWebKit/537.36 (KHTML, like Gecko; compatible; bingbot/2.0; +http://www.bing.com/bingbot.htm) Chrome/103.0.5060.134 Safari/537.36"
106.53.102.224 - - [14/May/2023:13:06:09 +0200] "GET /images/mini_prod/DSCN943222012012.jpg HTTP/1.0" 200 272 "-" "Mozilla/5.0 (X11; Ubuntu; Linux x86_64; rv:72.0) Gecko/20100101 Firefox/72.0"
207.46.13.220 - - [14/May/2023:13:06:21 +0200] "GET /images/big_prod_1/8422810093348b.jpg HTTP/1.0" 200 271 "-" "Mozilla/5.0 AppleWebKit/537.36 (KHTML, like Gecko; compatible; bingbot/2.0; +http://www.bing.com/bingbot.htm) Chrome/103.0.5060.134 Safari/537.36"
81.71.99.91 - - [14/May/2023:13:06:52 +0200] "GET /images/mini_prod/1399984280591.jpg HTTP/1.0" 200 269 "-" "Mozilla/5.0 (X11; Ubuntu; Linux x86_64; rv:72.0) Gecko/20100101 Firefox/72.0"
81.71.101.51 - - [14/May/2023:13:07:25 +0200] "GET /images/mini_prod/8012052070612.jpg HTTP/1.0" 200 269 "-" "Mozilla/5.0 (X11; Ubuntu; Linux x86_64; rv:72.0) Gecko/20100101 Firefox/72.0"
207.46.13.208 - - [14/May/2023:13:08:03 +0200] "GET /tigger-winnie-the-pooh-disney-glitter-globe-p-33591.html HTTP/1.0" 301 73391 "-" "Mozilla/5.0 AppleWebKit/537.36 (KHTML, like Gecko; compatible; bingbot/2.0; +http://www.bing.com/bingbot.htm) Chrome/103.0.5060.134 Safari/537.36"
66.249.66.79 - - [14/May/2023:13:08:16 +0200] "GET /images/big_prod_1/3453131154420B.jpg HTTP/1.0" 200 271 "-" "Googlebot-Image/1.0"
185.191.171.15 - - [14/May/2023:13:08:25 +0200] "GET /open-decorative-metal-plate-p-47949.html HTTP/1.0" 200 73435 "-" "Mozilla/5.0 (compatible; SemrushBot/7~bl; +http://www.semrush.com/bot.html)"
207.46.13.220 - - [14/May/2023:13:08:32 +0200] "GET /300-elastic-loom-bands-p-26692.html HTTP/1.0" 301 73481 "-" "Mozilla/5.0 AppleWebKit/537.36 (KHTML, like Gecko; compatible; bingbot/2.0; +http://www.bing.com/bingbot.htm) Chrome/103.0.5060.134 Safari/537.36"
66.249.66.81 - - [14/May/2023:13:09:11 +0200] "GET /images/big_prod/8719172838909b.jpg HTTP/1.0" 200 269 "-" "Googlebot-Image/1.0"
185.191.171.4 - - [14/May/2023:13:09:19 +0200] "GET /christmas-2016-figurine-sonny-angel-p-37967.html HTTP/1.0" 200 73458 "-" "Mozilla/5.0 (compatible; SemrushBot/7~bl; +http://www.semrush.com/bot.html)"
66.249.66.79 - - [14/May/2023:13:09:22 +0200] "GET /images/big_prod/3503420170546.jpg HTTP/1.0" 200 268 "-" "Googlebot-Image/1.0"
8.218.248.120 - - [14/May/2023:13:10:25 +0200] "GET /images/mini_prod/3574642330520.jpg HTTP/1.0" 200 269 "-" "aria2/1.35.0"
66.249.66.79 - - [14/May/2023:13:10:59 +0200] "GET /small-digital-alarm-clock-paris-saint-germain-p-50781.html HTTP/1.0" 200 73494 "-" "Mozilla/5.0 (Linux; Android 6.0.1; Nexus 5X Build/MMB29P) AppleWebKit/537.36 (KHTML, like Gecko) Chrome/112.0.5615.142 Mobile Safari/537.36 (compatible; Googlebot/2.1; +http://www.google.com/bot.html)"
66.249.66.79 - - [14/May/2023:13:11:04 +0200] "GET /swfobject.js HTTP/1.0" 404 1308 "http://www.wonder-geek.com/small-digital-alarm-clock-paris-saint-germain-p-50781.html" "Mozilla/5.0 (Linux; Android 6.0.1; Nexus 5X Build/MMB29P) AppleWebKit/537.36 (KHTML, like Gecko) Chrome/113.0.5672.63 Mobile Safari/537.36 (compatible; Googlebot/2.1; +http://www.google.com/bot.html)"
66.249.66.79 - - [14/May/2023:13:11:42 +0200] "GET /route-perpetual-calendar-p-12568.html HTTP/1.0" 200 76017 "-" "Mozilla/5.0 (Linux; Android 6.0.1; Nexus 5X Build/MMB29P) AppleWebKit/537.36 (KHTML, like Gecko) Chrome/112.0.5615.142 Mobile Safari/537.36 (compatible; Googlebot/2.1; +http://www.google.com/bot.html)"
147.92.153.9 - - [14/May/2023:13:11:44 +0200] "GET /-c-95_302.html HTTP/1.0" 200 72192 "-" "Mozilla/5.0 (compatible; Linespider/1.1; +https://lin.ee/4dwXkTH)"
66.249.66.79 - - [14/May/2023:13:11:47 +0200] "GET /images/big_prod_1/8422023105005B.jpg HTTP/1.0" 200 271 "-" "Googlebot-Image/1.0"
207.46.13.208 - - [14/May/2023:13:12:03 +0200] "GET /images/big_prod/3014627829965j.jpg HTTP/1.0" 200 269 "-" "Mozilla/5.0 AppleWebKit/537.36 (KHTML, like Gecko; compatible; bingbot/2.0; +http://www.bing.com/bingbot.htm) Chrome/103.0.5060.134 Safari/537.36"
129.204.105.50 - - [14/May/2023:13:12:14 +0200] "GET /images/mini_prod/3553560332908.jpg HTTP/1.0" 200 269 "-" "Mozilla/5.0 (X11; Ubuntu; Linux x86_64; rv:72.0) Gecko/20100101 Firefox/72.0"
66.249.66.79 - - [14/May/2023:13:12:26 +0200] "GET /epoxy-resin-magnets-little-prince-p-54976.html HTTP/1.0" 200 76803 "-" "Mozilla/5.0 (Linux; Android 6.0.1; Nexus 5X Build/MMB29P) AppleWebKit/537.36 (KHTML, like Gecko) Chrome/112.0.5615.142 Mobile Safari/537.36 (compatible; Googlebot/2.1; +http://www.google.com/bot.html)"
66.249.66.81 - - [14/May/2023:13:13:39 +0200] "GET /images/big_prod_1/3665269231717a.jpg HTTP/1.0" 200 271 "-" "Googlebot-Image/1.0"
66.249.66.80 - - [14/May/2023:13:14:25 +0200] "GET /images/big_prod/3700516267122.jpg HTTP/1.0" 200 268 "-" "Googlebot-Image/1.0"
66.249.66.79 - - [14/May/2023:13:14:37 +0200] "GET /images/big_prod/8422099381228.jpg HTTP/1.0" 200 268 "-" "Googlebot-Image/1.0"
216.244.66.242 - - [14/May/2023:13:14:38 +0200] "GET /robots.txt HTTP/1.0" 200 245 "-" "Mozilla/5.0 (compatible; DotBot/1.2; +https://opensiteexplorer.org/dotbot; help@moz.com)"
81.71.101.51 - - [14/May/2023:13:15:07 +0200] "GET /images/mini_prod/3574642575204.jpg HTTP/1.0" 200 269 "-" "Mozilla/5.0 (X11; Ubuntu; Linux x86_64; rv:72.0) Gecko/20100101 Firefox/72.0"
135.148.195.11 - - [14/May/2023:13:15:33 +0200] "GET / HTTP/1.0" 200 152872 "-" "Mozilla/5.0 (Windows NT 6.1; Win64; x64; rv:25.0) Gecko/20100101 Firefox/29.0"
8.218.75.45 - - [14/May/2023:13:15:42 +0200] "GET /images/mini_prod/3700276274453.jpg HTTP/1.0" 200 269 "-" "aria2/1.35.0"
135.148.195.4 - - [14/May/2023:13:15:47 +0200] "GET /favicon.ico HTTP/1.0" 200 260 "-" "Mozilla/5.0 (Windows NT 6.4; WOW64) AppleWebKit/537.36 (KHTML, like Gecko) Chrome/41.0.2225.0 Safari/537.36"
42.194.240.188 - - [14/May/2023:13:16:08 +0200] "GET /images/mini_prod/3453131062558.jpg HTTP/1.0" 200 269 "-" "Mozilla/5.0 (X11; Ubuntu; Linux x86_64; rv:72.0) Gecko/20100101 Firefox/72.0"
114.119.148.70 - - [14/May/2023:13:16:14 +0200] "GET /vent-bathrobe-size-p-45901.html HTTP/1.0" 200 75997 "http://www.wonder-geek.com/poncho-towels-bathrobes-c-11_72.html" "Mozilla/5.0 (Linux; Android 7.0;) AppleWebKit/537.36 (KHTML, like Gecko) Mobile Safari/537.36 (compatible; PetalBot;+https://webmaster.petalsearch.com/site/petalbot)"
185.176.78.178 - - [14/May/2023:13:16:24 +0200] "GET /images/mini_prod/MUG-BLC-POLAROID.jpg HTTP/1.0" 200 272 "-" "Mozilla/5.0 (X11; Ubuntu; Linux x86_64; rv:72.0) Gecko/20100101 Firefox/72.0"
66.249.66.79 - - [14/May/2023:13:17:26 +0200] "GET /images/big_prod_1/3453131161459a.jpg HTTP/1.0" 200 271 "-" "Googlebot-Image/1.0"
216.244.66.242 - - [14/May/2023:13:17:54 +0200] "GET /diffuser-perfume-essential-oils-c-231_162.html HTTP/1.0" 200 93796 "-" "Mozilla/5.0 (compatible; DotBot/1.2; +https://opensiteexplorer.org/dotbot; help@moz.com)"
114.119.135.72 - - [14/May/2023:13:18:10 +0200] "GET /clock-hang-owls-kiub-p-57975.html HTTP/1.0" 200 76647 "http://www.wonder-geek.com/home-decoration-c-13.html?page=160" "Mozilla/5.0 (Linux; Android 7.0;) AppleWebKit/537.36 (KHTML, like Gecko) Mobile Safari/537.36 (compatible; PetalBot;+https://webmaster.petalsearch.com/site/petalbot)"
42.194.192.163 - - [14/May/2023:13:18:23 +0200] "GET /images/mini_prod/1300000790673.jpg HTTP/1.0" 200 269 "-" "Mozilla/5.0 (X11; Ubuntu; Linux x86_64; rv:72.0) Gecko/20100101 Firefox/72.0"
35.237.59.69 - - [14/May/2023:13:18:38 +0200] "GET /images/8435333848197.jpg HTTP/1.0" 200 259 "-" "Mozilla/5.0 (X11; Ubuntu; Linux x86_64; rv:72.0) Gecko/20100101 Firefox/72.0"
149.6.140.106 - - [14/May/2023:13:18:38 +0200] "GET /images/mini_prod/1384010207260.jpg HTTP/1.0" 200 269 "-" "Mozilla/5.0 (X11; Ubuntu; Linux x86_64; rv:72.0) Gecko/20100101 Firefox/72.0"
66.249.66.80 - - [14/May/2023:13:20:09 +0200] "GET /images/big_prod_1/3442440233865b.jpg HTTP/1.0" 200 271 "-" "Googlebot-Image/1.0"
207.46.13.220 - - [14/May/2023:13:20:22 +0200] "GET /kids-school-c-31_80.html HTTP/1.0" 200 87609 "-" "Mozilla/5.0 AppleWebKit/537.36 (KHTML, like Gecko; compatible; bingbot/2.0; +http://www.bing.com/bingbot.htm) Chrome/103.0.5060.134 Safari/537.36"
66.249.66.80 - - [14/May/2023:13:20:42 +0200] "GET /piggy-bank-p-52600.html HTTP/1.0" 200 75883 "-" "Mozilla/5.0 (Linux; Android 6.0.1; Nexus 5X Build/MMB29P) AppleWebKit/537.36 (KHTML, like Gecko) Chrome/112.0.5615.142 Mobile Safari/537.36 (compatible; Googlebot/2.1; +http://www.google.com/bot.html)"
216.244.66.242 - - [14/May/2023:13:20:48 +0200] "GET /cardboard-boxes-and-storage-c-13_150_216.html HTTP/1.0" 301 80852 "-" "Mozilla/5.0 (compatible; DotBot/1.2; +https://opensiteexplorer.org/dotbot; help@moz.com)"
51.68.224.127 - - [14/May/2023:13:21:01 +0200] "GET /adminweb/export_orders_xml.php?token=256de2z6edz6ed2z6DFSFsed2zed6zeDSFDSGdzedezfzf&maxorders=10&orderstart=1&status=14&start_date=2018-10-01 HTTP/1.0" 200 285 "-" "GesCom CharlotteBoutik Serveur"
51.68.224.127 - - [14/May/2023:13:21:01 +0200] "GET /adminweb/export_orders_xml.php?token=256de2z6edz6ed2z6DFSFsed2zed6zeDSFDSGdzedezfzf&maxorders=10&orderstart=1&status=6&start_date=2018-10-01 HTTP/1.0" 200 33887 "-" "GesCom CharlotteBoutik Serveur"
66.249.66.81 - - [14/May/2023:13:22:01 +0200] "GET /small-tinbox-retro-motorcycle-55-25-cm-p-41334.html HTTP/1.0" 301 73391 "-" "Mozilla/5.0 (Linux; Android 6.0.1; Nexus 5X Build/MMB29P) AppleWebKit/537.36 (KHTML, like Gecko) Chrome/112.0.5615.142 Mobile Safari/537.36 (compatible; Googlebot/2.1; +http://www.google.com/bot.html)"
66.249.66.80 - - [14/May/2023:13:22:03 +0200] "GET /-p-41334.html HTTP/1.0" 200 73324 "-" "Mozilla/5.0 (Linux; Android 6.0.1; Nexus 5X Build/MMB29P) AppleWebKit/537.36 (KHTML, like Gecko) Chrome/112.0.5615.142 Mobile Safari/537.36 (compatible; Googlebot/2.1; +http://www.google.com/bot.html)"
17.241.75.18 - - [14/May/2023:13:22:21 +0200] "GET /robots.txt HTTP/1.0" 200 245 "-" "Mozilla/5.0 (Macintosh; Intel Mac OS X 10_15_5) AppleWebKit/605.1.15 (KHTML, like Gecko) Version/13.1.1 Safari/605.1.15 (Applebot/0.1; +http://www.apple.com/go/applebot)"
17.241.75.18 - - [14/May/2023:13:22:21 +0200] "GET /ceramic-incense-burner-p-59626.html HTTP/1.0" 200 77033 "-" "Mozilla/5.0 (Macintosh; Intel Mac OS X 10_15_5) AppleWebKit/605.1.15 (KHTML, like Gecko) Version/13.1.1 Safari/605.1.15 (Applebot/0.1; +http://www.apple.com/go/applebot)"
40.77.167.83 - - [14/May/2023:13:22:22 +0200] "GET /smokers-items-c-3_112.html?page=2 HTTP/1.0" 200 94522 "-" "Mozilla/5.0 AppleWebKit/537.36 (KHTML, like Gecko; compatible; bingbot/2.0; +http://www.bing.com/bingbot.htm) Chrome/103.0.5060.134 Safari/537.36"
185.191.171.16 - - [14/May/2023:13:22:56 +0200] "GET /home-decoration-c-13.html?page=115 HTTP/1.0" 200 95235 "-" "Mozilla/5.0 (compatible; SemrushBot/7~bl; +http://www.semrush.com/bot.html)"
111.197.174.29 - - [14/May/2023:13:23:10 +0200] "GET /images/mini_prod/1384010207550.jpg HTTP/1.0" 200 269 "-" "Python/3.11 aiohttp/3.8.4"
121.30.179.117 - - [14/May/2023:13:23:25 +0200] "GET /images/mini_prod/3453131143844.jpg HTTP/1.0" 200 269 "-" "Mozilla/5.0 (X11; Ubuntu; Linux x86_64; rv:72.0) Gecko/20100101 Firefox/72.0"
66.249.66.81 - - [14/May/2023:13:25:03 +0200] "GET /bires-coasters-p-50290.html HTTP/1.0" 200 75985 "-" "Mozilla/5.0 (Linux; Android 6.0.1; Nexus 5X Build/MMB29P) AppleWebKit/537.36 (KHTML, like Gecko) Chrome/112.0.5615.142 Mobile Safari/537.36 (compatible; Googlebot/2.1; +http://www.google.com/bot.html)"
66.249.66.79 - - [14/May/2023:13:25:21 +0200] "GET /images/big_prod/3612875118574.jpg HTTP/1.0" 200 268 "-" "Googlebot-Image/1.0"
42.194.192.163 - - [14/May/2023:13:25:52 +0200] "GET /images/mini_prod/3609810061910.jpg HTTP/1.0" 200 269 "-" "Mozilla/5.0 (X11; Ubuntu; Linux x86_64; rv:72.0) Gecko/20100101 Firefox/72.0"
66.249.66.79 - - [14/May/2023:13:25:59 +0200] "GET /keyring-cbkreation-p-43231.html HTTP/1.0" 200 76020 "-" "Mozilla/5.0 (Linux; Android 6.0.1; Nexus 5X Build/MMB29P) AppleWebKit/537.36 (KHTML, like Gecko) Chrome/112.0.5615.142 Mobile Safari/537.36 (compatible; Googlebot/2.1; +http://www.google.com/bot.html)"
207.46.13.208 - - [14/May/2023:13:27:06 +0200] "GET /skull-moneybox-p-37730.html HTTP/1.0" 200 75904 "-" "Mozilla/5.0 AppleWebKit/537.36 (KHTML, like Gecko; compatible; bingbot/2.0; +http://www.bing.com/bingbot.htm) Chrome/103.0.5060.134 Safari/537.36"
47.12.107.196 - - [14/May/2023:13:28:09 +0200] "GET /images/mini_prod/1439122000008.jpg HTTP/1.0" 200 269 "-" "Mozilla/5.0 (X11; Ubuntu; Linux x86_64; rv:72.0) Gecko/20100101 Firefox/72.0"
216.244.66.242 - - [14/May/2023:13:28:08 +0200] "GET /mojito-verrines-cm-set-of-p-42678.html HTTP/1.0" 301 73500 "-" "Mozilla/5.0 (compatible; DotBot/1.2; +https://opensiteexplorer.org/dotbot; help@moz.com)"
185.191.171.3 - - [14/May/2023:13:28:33 +0200] "GET /ceramic-salt-with-spoon-wave-p-47867.html HTTP/1.0" 200 73424 "-" "Mozilla/5.0 (compatible; SemrushBot/7~bl; +http://www.semrush.com/bot.html)"
216.244.66.242 - - [14/May/2023:13:29:01 +0200] "GET /cambodge-clock-by-cbkreation-p-36831.html HTTP/1.0" 301 76075 "-" "Mozilla/5.0 (compatible; DotBot/1.2; +https://opensiteexplorer.org/dotbot; help@moz.com)"
216.244.66.242 - - [14/May/2023:13:29:11 +0200] "GET /high-school-musical-storage-box-p-1527.html HTTP/1.0" 301 73388 "-" "Mozilla/5.0 (compatible; DotBot/1.2; +https://opensiteexplorer.org/dotbot; help@moz.com)"
121.30.179.67 - - [14/May/2023:13:29:17 +0200] "GET /images/big_prod_1/8422001948013a.jpg HTTP/1.0" 200 271 "-" "Mozilla/5.0 (X11; Ubuntu; Linux x86_64; rv:72.0) Gecko/20100101 Firefox/72.0"
216.244.66.242 - - [14/May/2023:13:29:18 +0200] "GET /jurassic-world-size-chart-poster-p-33525.html HTTP/1.0" 301 73391 "-" "Mozilla/5.0 (compatible; DotBot/1.2; +https://opensiteexplorer.org/dotbot; help@moz.com)"
216.244.66.242 - - [14/May/2023:13:29:25 +0200] "GET /plush-keel-toys-parrot-23-cm-p-50305.html HTTP/1.0" 301 73507 "-" "Mozilla/5.0 (compatible; DotBot/1.2; +https://opensiteexplorer.org/dotbot; help@moz.com)"
66.249.66.79 - - [14/May/2023:13:30:35 +0200] "GET /peter-britto-disney-figure-collection-p-39601.html HTTP/1.0" 200 76725 "-" "Mozilla/5.0 (Linux; Android 6.0.1; Nexus 5X Build/MMB29P) AppleWebKit/537.36 (KHTML, like Gecko) Chrome/112.0.5615.142 Mobile Safari/537.36 (compatible; Googlebot/2.1; +http://www.google.com/bot.html)"
66.249.66.80 - - [14/May/2023:13:30:55 +0200] "GET /images/big_prod/5051276476315.jpg HTTP/1.0" 200 268 "-" "Googlebot-Image/1.0"
66.249.66.79 - - [14/May/2023:13:31:18 +0200] "GET /images/big_prod/8718317592515.jpg HTTP/1.0" 200 268 "-" "Googlebot-Image/1.0"
66.249.66.79 - - [14/May/2023:13:31:44 +0200] "GET /images/big_prod_2/3665284220659b.jpg HTTP/1.0" 200 271 "-" "Googlebot-Image/1.0"
147.92.153.7 - - [14/May/2023:13:31:47 +0200] "GET /images/big_prod/8445146071903.jpg HTTP/1.0" 200 268 "-" "Mozilla/5.0 (compatible; Linespider/1.1; +https://lin.ee/4dwXkTH)"
66.249.66.79 - - [14/May/2023:13:31:58 +0200] "GET /panda-ground-sheet-p-45411.html HTTP/1.0" 200 77112 "-" "Mozilla/5.0 (Linux; Android 6.0.1; Nexus 5X Build/MMB29P) AppleWebKit/537.36 (KHTML, like Gecko) Chrome/113.0.5672.92 Mobile Safari/537.36 (compatible; Googlebot/2.1; +http://www.google.com/bot.html)"
40.77.167.83 - - [14/May/2023:13:32:03 +0200] "GET /images/big_prod_1/8420410090385D.jpg HTTP/1.0" 200 271 "-" "Mozilla/5.0 AppleWebKit/537.36 (KHTML, like Gecko; compatible; bingbot/2.0; +http://www.bing.com/bingbot.htm) Chrome/103.0.5060.134 Safari/537.36"
207.46.13.208 - - [14/May/2023:13:32:16 +0200] "GET /towel-bath-towels-c-11_70.html?page=2 HTTP/1.0" 200 82401 "-" "Mozilla/5.0 AppleWebKit/537.36 (KHTML, like Gecko; compatible; bingbot/2.0; +http://www.bing.com/bingbot.htm) Chrome/103.0.5060.134 Safari/537.36"
66.249.66.79 - - [14/May/2023:13:32:22 +0200] "GET /images/big_prod_1/3700281666991B.jpg HTTP/1.0" 200 271 "-" "Googlebot-Image/1.0"
203.195.164.241 - - [14/May/2023:13:32:31 +0200] "GET /images/mini_prod/1300000020282.jpg HTTP/1.0" 200 269 "-" "Mozilla/5.0 (X11; Ubuntu; Linux x86_64; rv:72.0) Gecko/20100101 Firefox/72.0"
