62.171.162.127 - - [14/May/2023:05:10:13 +0200] "GET /posters-and-stickers-wall-c-13_147.html?page=11 HTTP/1.0" 301 82495 "-" "Mozilla/5.0 (compatible; MJ12bot/v1.4.8; http://mj12bot.com/)"
185.191.171.17 - - [14/May/2023:05:10:18 +0200] "GET /figurine-nativity-p-56686.html HTTP/1.0" 200 76989 "-" "Mozilla/5.0 (compatible; SemrushBot/7~bl; +http://www.semrush.com/bot.html)"
185.191.171.11 - - [14/May/2023:05:10:22 +0200] "GET /sonny-angel-chocolate-2016-figurines-p-49375.html HTTP/1.0" 200 73478 "-" "Mozilla/5.0 (compatible; SemrushBot/7~bl; +http://www.semrush.com/bot.html)"
62.171.162.127 - - [14/May/2023:05:10:27 +0200] "GET /posters-stickers-wall-c-147.html?page=11 HTTP/1.0" 301 82372 "-" "Mozilla/5.0 (compatible; MJ12bot/v1.4.8; http://mj12bot.com/)"
62.171.162.127 - - [14/May/2023:05:10:36 +0200] "GET /posters-stickers-wall-c-13_147.html?page=11 HTTP/1.0" 200 82401 "-" "Mozilla/5.0 (compatible; MJ12bot/v1.4.8; http://mj12bot.com/)"
62.171.162.127 - - [14/May/2023:05:10:42 +0200] "GET /posters-and-stickers-wall-c-13_147.html?page=2 HTTP/1.0" 301 93530 "-" "Mozilla/5.0 (compatible; MJ12bot/v1.4.8; http://mj12bot.com/)"
62.171.162.127 - - [14/May/2023:05:10:51 +0200] "GET /posters-stickers-wall-c-147.html?page=2 HTTP/1.0" 301 93407 "-" "Mozilla/5.0 (compatible; MJ12bot/v1.4.8; http://mj12bot.com/)"
66.249.69.70 - - [14/May/2023:05:10:52 +0200] "GET /incense-satya-musk-grams-about-sticks-p-53925.html HTTP/1.0" 200 77020 "-" "Mozilla/5.0 (Linux; Android 6.0.1; Nexus 5X Build/MMB29P) AppleWebKit/537.36 (KHTML, like Gecko) Chrome/112.0.5615.142 Mobile Safari/537.36 (compatible; Googlebot/2.1; +http://www.google.com/bot.html)"
62.171.162.127 - - [14/May/2023:05:11:02 +0200] "GET /posters-stickers-wall-c-13_147.html?page=2 HTTP/1.0" 200 93437 "-" "Mozilla/5.0 (compatible; MJ12bot/v1.4.8; http://mj12bot.com/)"
62.171.162.127 - - [14/May/2023:05:11:10 +0200] "GET /posters-and-stickers-wall-c-13_147.html?page=3 HTTP/1.0" 301 82493 "-" "Mozilla/5.0 (compatible; MJ12bot/v1.4.8; http://mj12bot.com/)"
216.244.66.242 - - [14/May/2023:05:11:11 +0200] "GET /white-beige-sandstone-vase-p-57642.html HTTP/1.0" 200 76672 "-" "Mozilla/5.0 (compatible; DotBot/1.2; +https://opensiteexplorer.org/dotbot; help@moz.com)"
66.249.69.70 - - [14/May/2023:05:11:16 +0200] "GET /pixie-dusted-present-tinker-bell-figurine-p-56578.html HTTP/1.0" 200 77571 "-" "Mozilla/5.0 (compatible; Googlebot/2.1; +http://www.google.com/bot.html)"
62.171.162.127 - - [14/May/2023:05:11:17 +0200] "GET /posters-stickers-wall-c-147.html?page=3 HTTP/1.0" 301 82370 "-" "Mozilla/5.0 (compatible; MJ12bot/v1.4.8; http://mj12bot.com/)"
62.171.162.127 - - [14/May/2023:05:11:22 +0200] "GET /posters-stickers-wall-c-13_147.html?page=3 HTTP/1.0" 200 82400 "-" "Mozilla/5.0 (compatible; MJ12bot/v1.4.8; http://mj12bot.com/)"
62.171.162.127 - - [14/May/2023:05:11:30 +0200] "GET /posters-and-stickers-wall-c-13_147.html?page=4 HTTP/1.0" 301 82493 "-" "Mozilla/5.0 (compatible; MJ12bot/v1.4.8; http://mj12bot.com/)"
62.171.162.127 - - [14/May/2023:05:11:41 +0200] "GET /posters-stickers-wall-c-147.html?page=4 HTTP/1.0" 301 82370 "-" "Mozilla/5.0 (compatible; MJ12bot/v1.4.8; http://mj12bot.com/)"
147.92.153.12 - - [14/May/2023:05:11:45 +0200] "GET /decorative-word-wood-cuisine-p-60412.html HTTP/1.0" 200 76754 "-" "Mozilla/5.0 (compatible; Linespider/1.1; +https://lin.ee/4dwXkTH)"
62.171.162.127 - - [14/May/2023:05:11:47 +0200] "GET /posters-stickers-wall-c-13_147.html?page=4 HTTP/1.0" 200 82400 "-" "Mozilla/5.0 (compatible; MJ12bot/v1.4.8; http://mj12bot.com/)"
62.171.162.127 - - [14/May/2023:05:12:00 +0200] "GET /posters-and-stickers-wall-c-13_147.html?page=5 HTTP/1.0" 301 82493 "-" "Mozilla/5.0 (compatible; MJ12bot/v1.4.8; http://mj12bot.com/)"
66.249.69.72 - - [14/May/2023:05:12:05 +0200] "GET /cats-by-dubout-photo-frame-cats-in-row-p-36717.html HTTP/1.0" 301 77229 "-" "Mozilla/5.0 (Linux; Android 6.0.1; Nexus 5X Build/MMB29P) AppleWebKit/537.36 (KHTML, like Gecko) Chrome/112.0.5615.142 Mobile Safari/537.36 (compatible; Googlebot/2.1; +http://www.google.com/bot.html)"
66.249.69.72 - - [14/May/2023:05:12:07 +0200] "GET /cats-dubout-photo-frame-cats-p-36717.html HTTP/1.0" 200 77134 "-" "Mozilla/5.0 (Linux; Android 6.0.1; Nexus 5X Build/MMB29P) AppleWebKit/537.36 (KHTML, like Gecko) Chrome/112.0.5615.142 Mobile Safari/537.36 (compatible; Googlebot/2.1; +http://www.google.com/bot.html)"
66.249.69.70 - - [14/May/2023:05:12:10 +0200] "GET /hello-kitty-figure-p-2906.html HTTP/1.0" 200 73384 "-" "Mozilla/5.0 (Linux; Android 6.0.1; Nexus 5X Build/MMB29P) AppleWebKit/537.36 (KHTML, like Gecko) Chrome/112.0.5615.142 Mobile Safari/537.36 (compatible; Googlebot/2.1; +http://www.google.com/bot.html)"
62.171.162.127 - - [14/May/2023:05:12:12 +0200] "GET /posters-stickers-wall-c-147.html?page=5 HTTP/1.0" 301 82370 "-" "Mozilla/5.0 (compatible; MJ12bot/v1.4.8; http://mj12bot.com/)"
62.171.162.127 - - [14/May/2023:05:12:22 +0200] "GET /posters-stickers-wall-c-13_147.html?page=5 HTTP/1.0" 200 82400 "-" "Mozilla/5.0 (compatible; MJ12bot/v1.4.8; http://mj12bot.com/)"
62.171.162.127 - - [14/May/2023:05:12:33 +0200] "GET /posters-and-stickers-wall-c-13_147.html?page=6 HTTP/1.0" 301 82493 "-" "Mozilla/5.0 (compatible; MJ12bot/v1.4.8; http://mj12bot.com/)"
66.249.69.70 - - [14/May/2023:05:12:40 +0200] "GET /wooden-calendar-p-49194.html HTTP/1.0" 200 73374 "-" "Mozilla/5.0 (compatible; Googlebot/2.1; +http://www.google.com/bot.html)"
62.171.162.127 - - [14/May/2023:05:12:41 +0200] "GET /posters-stickers-wall-c-147.html?page=6 HTTP/1.0" 301 82370 "-" "Mozilla/5.0 (compatible; MJ12bot/v1.4.8; http://mj12bot.com/)"
62.171.162.127 - - [14/May/2023:05:12:47 +0200] "GET /posters-stickers-wall-c-13_147.html?page=6 HTTP/1.0" 200 82400 "-" "Mozilla/5.0 (compatible; MJ12bot/v1.4.8; http://mj12bot.com/)"
112.13.112.45 - - [14/May/2023:05:12:49 +0200] "GET /images/mini_prod/8712159186253B.jpg HTTP/1.0" 200 270 "http://www.wonder-geek.com/" "YisouSpider"
62.171.162.127 - - [14/May/2023:05:12:55 +0200] "GET /posters-and-stickers-wall-c-13_147.html?page=7 HTTP/1.0" 301 82493 "-" "Mozilla/5.0 (compatible; MJ12bot/v1.4.8; http://mj12bot.com/)"
62.171.162.127 - - [14/May/2023:05:13:01 +0200] "GET /posters-stickers-wall-c-147.html?page=7 HTTP/1.0" 301 82370 "-" "Mozilla/5.0 (compatible; MJ12bot/v1.4.8; http://mj12bot.com/)"
62.171.162.127 - - [14/May/2023:05:13:06 +0200] "GET /posters-stickers-wall-c-13_147.html?page=7 HTTP/1.0" 200 82400 "-" "Mozilla/5.0 (compatible; MJ12bot/v1.4.8; http://mj12bot.com/)"
185.191.171.10 - - [14/May/2023:05:13:17 +0200] "GET /robots.txt HTTP/1.0" 200 245 "-" "Mozilla/5.0 (compatible; SemrushBot/7~bl; +http://www.semrush.com/bot.html)"
62.171.162.127 - - [14/May/2023:05:13:17 +0200] "GET /posters-and-stickers-wall-c-13_147.html?page=8 HTTP/1.0" 301 82493 "-" "Mozilla/5.0 (compatible; MJ12bot/v1.4.8; http://mj12bot.com/)"
185.191.171.22 - - [14/May/2023:05:13:17 +0200] "GET /herbarium-frames-wall-sticker-p-52220.html HTTP/1.0" 200 76734 "-" "Mozilla/5.0 (compatible; SemrushBot/7~bl; +http://www.semrush.com/bot.html)"
62.171.162.127 - - [14/May/2023:05:13:26 +0200] "GET /posters-stickers-wall-c-147.html?page=8 HTTP/1.0" 301 82370 "-" "Mozilla/5.0 (compatible; MJ12bot/v1.4.8; http://mj12bot.com/)"
62.171.162.127 - - [14/May/2023:05:13:31 +0200] "GET /posters-stickers-wall-c-13_147.html?page=8 HTTP/1.0" 200 82400 "-" "Mozilla/5.0 (compatible; MJ12bot/v1.4.8; http://mj12bot.com/)"
62.171.162.127 - - [14/May/2023:05:13:41 +0200] "GET /posters-and-stickers-wall-c-13_147.html?page=9 HTTP/1.0" 301 82493 "-" "Mozilla/5.0 (compatible; MJ12bot/v1.4.8; http://mj12bot.com/)"
62.171.162.127 - - [14/May/2023:05:13:49 +0200] "GET /posters-stickers-wall-c-147.html?page=9 HTTP/1.0" 301 82370 "-" "Mozilla/5.0 (compatible; MJ12bot/v1.4.8; http://mj12bot.com/)"
62.171.162.127 - - [14/May/2023:05:13:56 +0200] "GET /posters-stickers-wall-c-13_147.html?page=9 HTTP/1.0" 200 82400 "-" "Mozilla/5.0 (compatible; MJ12bot/v1.4.8; http://mj12bot.com/)"
62.171.162.127 - - [14/May/2023:05:14:06 +0200] "GET /posters-stickers-wall-c-13_147.html?page=10 HTTP/1.0" 200 82401 "-" "Mozilla/5.0 (compatible; MJ12bot/v1.4.8; http://mj12bot.com/)"
121.30.179.147 - - [14/May/2023:05:14:15 +0200] "GET /images/mini_prod/4260082934785.jpg HTTP/1.0" 200 269 "-" "Mozilla/5.0 (X11; Ubuntu; Linux x86_64; rv:72.0) Gecko/20100101 Firefox/72.0"
62.171.162.127 - - [14/May/2023:05:14:14 +0200] "GET /posters-stickers-wall-c-13_147.html?page=11 HTTP/1.0" 200 82401 "-" "Mozilla/5.0 (compatible; MJ12bot/v1.4.8; http://mj12bot.com/)"
62.171.162.127 - - [14/May/2023:05:14:24 +0200] "GET /posters-stickers-wall-c-13_147.html?page=2 HTTP/1.0" 200 93437 "-" "Mozilla/5.0 (compatible; MJ12bot/v1.4.8; http://mj12bot.com/)"
62.171.162.127 - - [14/May/2023:05:14:43 +0200] "GET /posters-stickers-wall-c-13_147.html?page=3 HTTP/1.0" 200 82400 "-" "Mozilla/5.0 (compatible; MJ12bot/v1.4.8; http://mj12bot.com/)"
62.171.162.127 - - [14/May/2023:05:14:53 +0200] "GET /posters-stickers-wall-c-13_147.html?page=4 HTTP/1.0" 200 82400 "-" "Mozilla/5.0 (compatible; MJ12bot/v1.4.8; http://mj12bot.com/)"
62.171.162.127 - - [14/May/2023:05:15:03 +0200] "GET /posters-stickers-wall-c-13_147.html?page=5 HTTP/1.0" 200 82400 "-" "Mozilla/5.0 (compatible; MJ12bot/v1.4.8; http://mj12bot.com/)"
185.191.171.14 - - [14/May/2023:05:15:11 +0200] "GET /deco-soapstone-tree-life-purple-p-53790.html HTTP/1.0" 200 76909 "-" "Mozilla/5.0 (compatible; SemrushBot/7~bl; +http://www.semrush.com/bot.html)"
62.171.162.127 - - [14/May/2023:05:15:14 +0200] "GET /posters-stickers-wall-c-13_147.html?page=6 HTTP/1.0" 200 82400 "-" "Mozilla/5.0 (compatible; MJ12bot/v1.4.8; http://mj12bot.com/)"
62.171.162.127 - - [14/May/2023:05:15:21 +0200] "GET /posters-stickers-wall-c-13_147.html?page=7 HTTP/1.0" 200 82400 "-" "Mozilla/5.0 (compatible; MJ12bot/v1.4.8; http://mj12bot.com/)"
62.171.162.127 - - [14/May/2023:05:15:33 +0200] "GET /posters-stickers-wall-c-13_147.html?page=8 HTTP/1.0" 200 82400 "-" "Mozilla/5.0 (compatible; MJ12bot/v1.4.8; http://mj12bot.com/)"
62.171.162.127 - - [14/May/2023:05:15:40 +0200] "GET /posters-stickers-wall-c-13_147.html?page=9 HTTP/1.0" 200 82400 "-" "Mozilla/5.0 (compatible; MJ12bot/v1.4.8; http://mj12bot.com/)"
62.171.162.127 - - [14/May/2023:05:15:52 +0200] "GET /posters-stickers-wall-c-147.html?page=10 HTTP/1.0" 301 82372 "-" "Mozilla/5.0 (compatible; MJ12bot/v1.4.8; http://mj12bot.com/)"
205.186.62.252 - - [14/May/2023:05:15:57 +0200] "GET /images/mini_prod/8435333835166.jpg HTTP/1.0" 200 269 "-" "Mozilla/5.0 (X11; Ubuntu; Linux x86_64; rv:72.0) Gecko/20100101 Firefox/72.0"
62.171.162.127 - - [14/May/2023:05:16:00 +0200] "GET /posters-stickers-wall-c-13_147.html?page=10 HTTP/1.0" 200 82401 "-" "Mozilla/5.0 (compatible; MJ12bot/v1.4.8; http://mj12bot.com/)"
207.46.13.220 - - [14/May/2023:05:16:05 +0200] "GET /smokers-items-c-3_112.html HTTP/1.0" 200 94226 "-" "Mozilla/5.0 AppleWebKit/537.36 (KHTML, like Gecko; compatible; bingbot/2.0; +http://www.bing.com/bingbot.htm) Chrome/103.0.5060.134 Safari/537.36"
62.171.162.127 - - [14/May/2023:05:16:09 +0200] "GET /posters-stickers-wall-c-147.html?page=11 HTTP/1.0" 301 82372 "-" "Mozilla/5.0 (compatible; MJ12bot/v1.4.8; http://mj12bot.com/)"
185.191.171.26 - - [14/May/2023:05:16:09 +0200] "GET /-p-42516.html HTTP/1.0" 200 73324 "-" "Mozilla/5.0 (compatible; SemrushBot/7~bl; +http://www.semrush.com/bot.html)"
185.191.171.20 - - [14/May/2023:05:16:14 +0200] "GET /white-ceramic-teapot-little-prince-saint-exupery-p-44860.html HTTP/1.0" 200 73520 "-" "Mozilla/5.0 (compatible; SemrushBot/7~bl; +http://www.semrush.com/bot.html)"
62.171.162.127 - - [14/May/2023:05:16:15 +0200] "GET /posters-stickers-wall-c-13_147.html?page=11 HTTP/1.0" 200 82401 "-" "Mozilla/5.0 (compatible; MJ12bot/v1.4.8; http://mj12bot.com/)"
62.171.162.127 - - [14/May/2023:05:16:23 +0200] "GET /posters-stickers-wall-c-147.html?page=2 HTTP/1.0" 301 93407 "-" "Mozilla/5.0 (compatible; MJ12bot/v1.4.8; http://mj12bot.com/)"
62.171.162.127 - - [14/May/2023:05:16:31 +0200] "GET /posters-stickers-wall-c-13_147.html?page=2 HTTP/1.0" 200 93437 "-" "Mozilla/5.0 (compatible; MJ12bot/v1.4.8; http://mj12bot.com/)"
173.252.87.20 - - [14/May/2023:05:16:40 +0200] "GET /images/7316191713234.jpg HTTP/1.0" 200 259 "-" "facebookexternalhit/1.1 (+http://www.facebook.com/externalhit_uatext.php)"
40.77.167.83 - - [14/May/2023:05:16:46 +0200] "GET /images/mini_prod/8422016262296.jpg HTTP/1.0" 200 269 "-" "Mozilla/5.0 AppleWebKit/537.36 (KHTML, like Gecko; compatible; bingbot/2.0; +http://www.bing.com/bingbot.htm) Chrome/103.0.5060.134 Safari/537.36"
62.171.162.127 - - [14/May/2023:05:16:45 +0200] "GET /posters-stickers-wall-c-147.html?page=3 HTTP/1.0" 301 82370 "-" "Mozilla/5.0 (compatible; MJ12bot/v1.4.8; http://mj12bot.com/)"
62.171.162.127 - - [14/May/2023:05:16:50 +0200] "GET /posters-stickers-wall-c-13_147.html?page=3 HTTP/1.0" 200 82400 "-" "Mozilla/5.0 (compatible; MJ12bot/v1.4.8; http://mj12bot.com/)"
62.171.162.127 - - [14/May/2023:05:16:59 +0200] "GET /posters-stickers-wall-c-147.html?page=4 HTTP/1.0" 301 82370 "-" "Mozilla/5.0 (compatible; MJ12bot/v1.4.8; http://mj12bot.com/)"
62.171.162.127 - - [14/May/2023:05:17:05 +0200] "GET /posters-stickers-wall-c-13_147.html?page=4 HTTP/1.0" 200 82400 "-" "Mozilla/5.0 (compatible; MJ12bot/v1.4.8; http://mj12bot.com/)"
8.218.75.45 - - [14/May/2023:05:17:11 +0200] "GET /images/mini_prod/5400924064662B.jpg HTTP/1.0" 200 270 "-" "aria2/1.35.0"
62.171.162.127 - - [14/May/2023:05:17:16 +0200] "GET /posters-stickers-wall-c-147.html?page=5 HTTP/1.0" 301 82370 "-" "Mozilla/5.0 (compatible; MJ12bot/v1.4.8; http://mj12bot.com/)"
69.171.251.17 - - [14/May/2023:05:17:23 +0200] "GET /images/mini_prod/5415203901453.jpg HTTP/1.0" 200 269 "-" "Mozilla/5.0 (X11; Ubuntu; Linux x86_64; rv:72.0) Gecko/20100101 Firefox/72.0"
62.171.162.127 - - [14/May/2023:05:17:23 +0200] "GET /posters-stickers-wall-c-13_147.html?page=5 HTTP/1.0" 200 82400 "-" "Mozilla/5.0 (compatible; MJ12bot/v1.4.8; http://mj12bot.com/)"
62.171.162.127 - - [14/May/2023:05:17:33 +0200] "GET /posters-stickers-wall-c-147.html?page=6 HTTP/1.0" 301 82370 "-" "Mozilla/5.0 (compatible; MJ12bot/v1.4.8; http://mj12bot.com/)"
62.171.162.127 - - [14/May/2023:05:17:38 +0200] "GET /posters-stickers-wall-c-13_147.html?page=6 HTTP/1.0" 200 82400 "-" "Mozilla/5.0 (compatible; MJ12bot/v1.4.8; http://mj12bot.com/)"
62.171.162.127 - - [14/May/2023:05:17:50 +0200] "GET /posters-stickers-wall-c-147.html?page=7 HTTP/1.0" 301 82370 "-" "Mozilla/5.0 (compatible; MJ12bot/v1.4.8; http://mj12bot.com/)"
62.171.162.127 - - [14/May/2023:05:17:57 +0200] "GET /posters-stickers-wall-c-13_147.html?page=7 HTTP/1.0" 200 82400 "-" "Mozilla/5.0 (compatible; MJ12bot/v1.4.8; http://mj12bot.com/)"
185.191.171.22 - - [14/May/2023:05:18:08 +0200] "GET /resin-statue-p-51228.html HTTP/1.0" 200 76809 "-" "Mozilla/5.0 (compatible; SemrushBot/7~bl; +http://www.semrush.com/bot.html)"
62.171.162.127 - - [14/May/2023:05:18:08 +0200] "GET /posters-stickers-wall-c-147.html?page=8 HTTP/1.0" 301 82370 "-" "Mozilla/5.0 (compatible; MJ12bot/v1.4.8; http://mj12bot.com/)"
62.171.162.127 - - [14/May/2023:05:18:15 +0200] "GET /posters-stickers-wall-c-13_147.html?page=8 HTTP/1.0" 200 82400 "-" "Mozilla/5.0 (compatible; MJ12bot/v1.4.8; http://mj12bot.com/)"
62.171.162.127 - - [14/May/2023:05:18:25 +0200] "GET /posters-stickers-wall-c-147.html?page=9 HTTP/1.0" 301 82370 "-" "Mozilla/5.0 (compatible; MJ12bot/v1.4.8; http://mj12bot.com/)"
62.171.162.127 - - [14/May/2023:05:18:31 +0200] "GET /posters-stickers-wall-c-13_147.html?page=9 HTTP/1.0" 200 82400 "-" "Mozilla/5.0 (compatible; MJ12bot/v1.4.8; http://mj12bot.com/)"
62.171.162.127 - - [14/May/2023:05:18:43 +0200] "GET /potholder-glove-p-54121.html HTTP/1.0" 200 75970 "-" "Mozilla/5.0 (compatible; MJ12bot/v1.4.8; http://mj12bot.com/)"
62.171.162.127 - - [14/May/2023:05:18:54 +0200] "GET /potholder-glove-p-54122.html HTTP/1.0" 200 73390 "-" "Mozilla/5.0 (compatible; MJ12bot/v1.4.8; http://mj12bot.com/)"
62.171.162.127 - - [14/May/2023:05:19:02 +0200] "GET /potholder-glove-p-54123.html HTTP/1.0" 200 75970 "-" "Mozilla/5.0 (compatible; MJ12bot/v1.4.8; http://mj12bot.com/)"
42.194.226.108 - - [14/May/2023:05:19:09 +0200] "GET /images/mini_prod/3520071392981.jpg HTTP/1.0" 200 269 "-" "Mozilla/5.0 (X11; Ubuntu; Linux x86_64; rv:72.0) Gecko/20100101 Firefox/72.0"
62.171.162.127 - - [14/May/2023:05:19:12 +0200] "GET /potholder-glove-p-54124.html HTTP/1.0" 200 75970 "-" "Mozilla/5.0 (compatible; MJ12bot/v1.4.8; http://mj12bot.com/)"
62.171.162.127 - - [14/May/2023:05:19:23 +0200] "GET /potholder-glove-p-54125.html HTTP/1.0" 200 73390 "-" "Mozilla/5.0 (compatible; MJ12bot/v1.4.8; http://mj12bot.com/)"
62.171.162.127 - - [14/May/2023:05:19:30 +0200] "GET /potholder-glove-p-54126.html HTTP/1.0" 200 75970 "-" "Mozilla/5.0 (compatible; MJ12bot/v1.4.8; http://mj12bot.com/)"
62.171.162.127 - - [14/May/2023:05:19:38 +0200] "GET /potiron-of-noddy-plate-p-2166.html HTTP/1.0" 301 73388 "-" "Mozilla/5.0 (compatible; MJ12bot/v1.4.8; http://mj12bot.com/)"
62.171.162.127 - - [14/May/2023:05:19:44 +0200] "GET /-p-2166.html HTTP/1.0" 200 73322 "-" "Mozilla/5.0 (compatible; MJ12bot/v1.4.8; http://mj12bot.com/)"
185.191.171.2 - - [14/May/2023:05:19:52 +0200] "GET /home-decoration-c-13.html?page=102 HTTP/1.0" 200 95514 "-" "Mozilla/5.0 (compatible; SemrushBot/7~bl; +http://www.semrush.com/bot.html)"
62.171.162.127 - - [14/May/2023:05:19:54 +0200] "GET /pourquoi-tant-de-haine-shirt-p-29580.html HTTP/1.0" 301 73516 "-" "Mozilla/5.0 (compatible; MJ12bot/v1.4.8; http://mj12bot.com/)"
62.171.162.127 - - [14/May/2023:05:20:04 +0200] "GET /pourquoi-tant-haine-shirt-p-29580.html HTTP/1.0" 200 73424 "-" "Mozilla/5.0 (compatible; MJ12bot/v1.4.8; http://mj12bot.com/)"
62.171.162.127 - - [14/May/2023:05:20:14 +0200] "GET /pourquoi-tant-haine-shirt-p-29580.html HTTP/1.0" 200 73424 "-" "Mozilla/5.0 (compatible; MJ12bot/v1.4.8; http://mj12bot.com/)"
62.171.162.127 - - [14/May/2023:05:20:22 +0200] "GET /power-rangers-pencil-case-p-20663.html HTTP/1.0" 301 73391 "-" "Mozilla/5.0 (compatible; MJ12bot/v1.4.8; http://mj12bot.com/)"
62.171.162.127 - - [14/May/2023:05:20:31 +0200] "GET /-p-20663.html HTTP/1.0" 200 73324 "-" "Mozilla/5.0 (compatible; MJ12bot/v1.4.8; http://mj12bot.com/)"
62.171.162.127 - - [14/May/2023:05:20:36 +0200] "GET /power-rangers-super-megaforce-red-ranger-armoured-might-figure-p-35290.html HTTP/1.0" 301 73391 "-" "Mozilla/5.0 (compatible; MJ12bot/v1.4.8; http://mj12bot.com/)"
62.171.162.127 - - [14/May/2023:05:20:49 +0200] "GET /-p-35290.html HTTP/1.0" 200 73324 "-" "Mozilla/5.0 (compatible; MJ12bot/v1.4.8; http://mj12bot.com/)"
62.171.162.127 - - [14/May/2023:05:20:56 +0200] "GET /power-rangers-super-megaforce-zord-armour-ranger-figure-p-30295.html HTTP/1.0" 301 73391 "-" "Mozilla/5.0 (compatible; MJ12bot/v1.4.8; http://mj12bot.com/)"
193.112.35.218 - - [14/May/2023:05:20:58 +0200] "GET /images/mini_prod/1186747043179.jpg HTTP/1.0" 200 269 "-" "Mozilla/5.0 (X11; Ubuntu; Linux x86_64; rv:72.0) Gecko/20100101 Firefox/72.0"
62.171.162.127 - - [14/May/2023:05:21:01 +0200] "GET /-p-30295.html HTTP/1.0" 200 73324 "-" "Mozilla/5.0 (compatible; MJ12bot/v1.4.8; http://mj12bot.com/)"
62.171.162.127 - - [14/May/2023:05:21:08 +0200] "GET /power-ranges-sound-super-mega-force-25-cm-p-30294.html HTTP/1.0" 301 73391 "-" "Mozilla/5.0 (compatible; MJ12bot/v1.4.8; http://mj12bot.com/)"
62.171.162.127 - - [14/May/2023:05:21:15 +0200] "GET /-p-30294.html HTTP/1.0" 200 73324 "-" "Mozilla/5.0 (compatible; MJ12bot/v1.4.8; http://mj12bot.com/)"
62.171.162.127 - - [14/May/2023:05:21:26 +0200] "GET /pretty-flower-bambi-thumper-and-flower-figurine-p-26691.html HTTP/1.0" 301 73391 "-" "Mozilla/5.0 (compatible; MJ12bot/v1.4.8; http://mj12bot.com/)"
62.171.162.127 - - [14/May/2023:05:21:33 +0200] "GET /-p-26691.html HTTP/1.0" 200 73324 "-" "Mozilla/5.0 (compatible; MJ12bot/v1.4.8; http://mj12bot.com/)"
62.171.162.127 - - [14/May/2023:05:21:44 +0200] "GET /purse-mani-lucky-beige-navy-blue-p-37351.html HTTP/1.0" 200 76214 "-" "Mozilla/5.0 (compatible; MJ12bot/v1.4.8; http://mj12bot.com/)"
66.249.69.70 - - [14/May/2023:05:21:51 +0200] "GET /napkin-holder-heart-black-p-58516.html HTTP/1.0" 200 76722 "-" "Mozilla/5.0 (compatible; Googlebot/2.1; +http://www.google.com/bot.html)"
62.171.162.127 - - [14/May/2023:05:21:55 +0200] "GET /purse-mani-lucky-black-p-37353.html HTTP/1.0" 200 73455 "-" "Mozilla/5.0 (compatible; MJ12bot/v1.4.8; http://mj12bot.com/)"
185.191.171.5 - - [14/May/2023:05:21:57 +0200] "GET /-p-45070.html HTTP/1.0" 200 73324 "-" "Mozilla/5.0 (compatible; SemrushBot/7~bl; +http://www.semrush.com/bot.html)"
185.191.171.42 - - [14/May/2023:05:22:01 +0200] "GET /mini-melamine-tray-p-55846.html HTTP/1.0" 200 76018 "-" "Mozilla/5.0 (compatible; SemrushBot/7~bl; +http://www.semrush.com/bot.html)"
62.171.162.127 - - [14/May/2023:05:22:02 +0200] "GET /purse-mani-lucky-pink-p-37352.html HTTP/1.0" 200 73450 "-" "Mozilla/5.0 (compatible; MJ12bot/v1.4.8; http://mj12bot.com/)"
185.191.171.4 - - [14/May/2023:05:22:07 +0200] "GET /cherry-bread-p-39616.html HTTP/1.0" 200 73392 "-" "Mozilla/5.0 (compatible; SemrushBot/7~bl; +http://www.semrush.com/bot.html)"
62.171.162.127 - - [14/May/2023:05:22:11 +0200] "GET /purse-mani-the-lucky-cat-beige-et-navy-blue-p-37351.html HTTP/1.0" 301 76313 "-" "Mozilla/5.0 (compatible; MJ12bot/v1.4.8; http://mj12bot.com/)"
51.68.224.127 - - [14/May/2023:05:22:16 +0200] "GET /adminweb/export_orders_xml.php?token=256de2z6edz6ed2z6DFSFsed2zed6zeDSFDSGdzedezfzf&maxorders=10&orderstart=1&status=14&start_date=2018-10-01 HTTP/1.0" 200 285 "-" "GesCom CharlotteBoutik Serveur"
185.191.171.33 - - [14/May/2023:05:22:16 +0200] "GET /-p-37119.html HTTP/1.0" 200 73324 "-" "Mozilla/5.0 (compatible; SemrushBot/7~bl; +http://www.semrush.com/bot.html)"
51.68.224.127 - - [14/May/2023:05:22:16 +0200] "GET /adminweb/export_orders_xml.php?token=256de2z6edz6ed2z6DFSFsed2zed6zeDSFDSGdzedezfzf&maxorders=10&orderstart=1&status=6&start_date=2018-10-01 HTTP/1.0" 200 33887 "-" "GesCom CharlotteBoutik Serveur"
62.171.162.127 - - [14/May/2023:05:22:28 +0200] "GET /purse-mani-lucky-beige-navy-blue-p-37351.html HTTP/1.0" 200 76214 "-" "Mozilla/5.0 (compatible; MJ12bot/v1.4.8; http://mj12bot.com/)"
62.171.162.127 - - [14/May/2023:05:22:35 +0200] "GET /purse-mani-the-lucky-cat-black-p-37353.html HTTP/1.0" 301 73544 "-" "Mozilla/5.0 (compatible; MJ12bot/v1.4.8; http://mj12bot.com/)"
62.171.162.127 - - [14/May/2023:05:22:43 +0200] "GET /purse-mani-lucky-black-p-37353.html HTTP/1.0" 200 73455 "-" "Mozilla/5.0 (compatible; MJ12bot/v1.4.8; http://mj12bot.com/)"
62.171.162.127 - - [14/May/2023:05:22:50 +0200] "GET /purse-mani-the-lucky-cat-pink-p-37352.html HTTP/1.0" 301 73538 "-" "Mozilla/5.0 (compatible; MJ12bot/v1.4.8; http://mj12bot.com/)"
62.171.162.127 - - [14/May/2023:05:22:58 +0200] "GET /purse-mani-lucky-pink-p-37352.html HTTP/1.0" 200 73450 "-" "Mozilla/5.0 (compatible; MJ12bot/v1.4.8; http://mj12bot.com/)"
209.141.33.65 - - [14/May/2023:05:23:01 +0200] "GET / HTTP/1.1" 200 152778 "-" "Mozilla/5.0 (Macintosh; Intel Mac OS X 10_15_7) AppleWebKit/537.36 (KHTML, like Gecko) Chrome/96.0.4664.110 Safari/537.36"
66.249.69.74 - - [14/May/2023:05:23:04 +0200] "GET /little-prince-saucer-p-60026.html HTTP/1.0" 200 76869 "-" "Mozilla/5.0 (Linux; Android 6.0.1; Nexus 5X Build/MMB29P) AppleWebKit/537.36 (KHTML, like Gecko) Chrome/112.0.5615.142 Mobile Safari/537.36 (compatible; Googlebot/2.1; +http://www.google.com/bot.html)"
62.171.162.127 - - [14/May/2023:05:23:06 +0200] "GET /rapunzel-and-pascal-figure-p-8562.html HTTP/1.0" 301 73388 "-" "Mozilla/5.0 (compatible; MJ12bot/v1.4.8; http://mj12bot.com/)"
205.185.116.89 - - [14/May/2023:05:23:07 +0200] "GET / HTTP/1.1" 200 153025 "-" "Mozilla/5.0 (Macintosh; Intel Mac OS X 11_0_0) AppleWebKit/537.36 (KHTML, like Gecko) Chrome/87.0.4280.88 Safari/537.36"
209.141.55.120 - - [14/May/2023:05:23:11 +0200] "GET /highslide/highslide.js HTTP/1.0" 200 262 "http://www.wonder-geek.com:7080/" "Mozilla/5.0 (Macintosh; Intel Mac OS X 11_0_0) AppleWebKit/537.36 (KHTML, like Gecko) Chrome/87.0.4280.88 Safari/537.36"
209.141.33.65 - - [14/May/2023:05:23:11 +0200] "GET /js/jquery.js HTTP/1.0" 200 252 "http://www.wonder-geek.com:7080/" "Mozilla/5.0 (Macintosh; Intel Mac OS X 11_0_0) AppleWebKit/537.36 (KHTML, like Gecko) Chrome/87.0.4280.88 Safari/537.36"
209.141.34.187 - - [14/May/2023:05:23:11 +0200] "GET /js/jquery.jqzoom.js HTTP/1.0" 200 259 "http://www.wonder-geek.com:7080/" "Mozilla/5.0 (Macintosh; Intel Mac OS X 11_0_0) AppleWebKit/537.36 (KHTML, like Gecko) Chrome/87.0.4280.88 Safari/537.36"
209.141.36.231 - - [14/May/2023:05:23:11 +0200] "GET /mondial_relay/js/jquery-1.3.2.min.js HTTP/1.0" 200 276 "http://www.wonder-geek.com:7080/" "Mozilla/5.0 (Macintosh; Intel Mac OS X 11_0_0) AppleWebKit/537.36 (KHTML, like Gecko) Chrome/87.0.4280.88 Safari/537.36"
62.171.162.127 - - [14/May/2023:05:23:11 +0200] "GET /-p-8562.html HTTP/1.0" 200 73322 "-" "Mozilla/5.0 (compatible; MJ12bot/v1.4.8; http://mj12bot.com/)"
205.185.121.69 - - [14/May/2023:05:23:13 +0200] "GET /js/jquery.min.js HTTP/1.0" 404 1308 "http://www.wonder-geek.com:7080/" "Mozilla/5.0 (Macintosh; Intel Mac OS X 11_0_0) AppleWebKit/537.36 (KHTML, like Gecko) Chrome/87.0.4280.88 Safari/537.36"
205.185.116.25 - - [14/May/2023:05:23:13 +0200] "GET /js/modernizr-transitions.js HTTP/1.0" 200 267 "http://www.wonder-geek.com:7080/" "Mozilla/5.0 (Macintosh; Intel Mac OS X 11_0_0) AppleWebKit/537.36 (KHTML, like Gecko) Chrome/87.0.4280.88 Safari/537.36"
209.141.41.193 - - [14/May/2023:05:23:14 +0200] "GET /swfobject.js HTTP/1.0" 404 1308 "http://www.wonder-geek.com:7080/" "Mozilla/5.0 (Macintosh; Intel Mac OS X 11_0_0) AppleWebKit/537.36 (KHTML, like Gecko) Chrome/87.0.4280.88 Safari/537.36"
209.141.32.227 - - [14/May/2023:05:23:15 +0200] "GET /js/jquery.masonry.min.js HTTP/1.0" 200 264 "http://www.wonder-geek.com:7080/" "Mozilla/5.0 (Macintosh; Intel Mac OS X 11_0_0) AppleWebKit/537.36 (KHTML, like Gecko) Chrome/87.0.4280.88 Safari/537.36"
62.171.162.127 - - [14/May/2023:05:23:17 +0200] "GET /rapunzel-daring-heights-figure-collection-p-29064.html HTTP/1.0" 301 73391 "-" "Mozilla/5.0 (compatible; MJ12bot/v1.4.8; http://mj12bot.com/)"
66.249.69.72 - - [14/May/2023:05:23:21 +0200] "GET /images/big_prod_2/1328399304448b.jpg HTTP/1.0" 200 271 "-" "Googlebot-Image/1.0"
209.141.32.227 - - [14/May/2023:05:23:21 +0200] "GET /favicon.ico HTTP/1.1" 200 1871 "-" "Mozilla/5.0 (Macintosh; Intel Mac OS X 10_15_7) AppleWebKit/537.36 (KHTML, like Gecko) Chrome/96.0.4664.110 Safari/537.36"
66.249.69.70 - - [14/May/2023:05:23:22 +0200] "GET /images/big_prod_1/1328399304448a.jpg HTTP/1.0" 200 271 "-" "Googlebot-Image/1.0"
62.171.162.127 - - [14/May/2023:05:23:26 +0200] "GET /-p-29064.html HTTP/1.0" 200 73324 "-" "Mozilla/5.0 (compatible; MJ12bot/v1.4.8; http://mj12bot.com/)"
49.7.21.74 - - [14/May/2023:05:23:28 +0200] "GET / HTTP/1.0" 200 152654 "-" "Sogou web spider/4.0(+http://www.sogou.com/docs/help/webmasters.htm#07)"
62.171.162.127 - - [14/May/2023:05:23:38 +0200] "GET /rapunzel-pascal-figure-p-8562.html HTTP/1.0" 301 73388 "-" "Mozilla/5.0 (compatible; MJ12bot/v1.4.8; http://mj12bot.com/)"
62.171.162.127 - - [14/May/2023:05:23:49 +0200] "GET /-p-8562.html HTTP/1.0" 200 73322 "-" "Mozilla/5.0 (compatible; MJ12bot/v1.4.8; http://mj12bot.com/)"
62.171.162.127 - - [14/May/2023:05:23:56 +0200] "GET /raving-rabbids-ballpoint-footballer-p-38029.html HTTP/1.0" 200 73440 "-" "Mozilla/5.0 (compatible; MJ12bot/v1.4.8; http://mj12bot.com/)"
62.171.162.127 - - [14/May/2023:05:24:05 +0200] "GET /raving-rabbids-ballpoint-pen-footballer-p-38029.html HTTP/1.0" 301 73542 "-" "Mozilla/5.0 (compatible; MJ12bot/v1.4.8; http://mj12bot.com/)"
40.77.167.83 - - [14/May/2023:05:24:06 +0200] "GET /smokers-items-c-3_112.html?page=5 HTTP/1.0" 200 93984 "-" "Mozilla/5.0 AppleWebKit/537.36 (KHTML, like Gecko; compatible; bingbot/2.0; +http://www.bing.com/bingbot.htm) Chrome/103.0.5060.134 Safari/537.36"
62.171.162.127 - - [14/May/2023:05:24:13 +0200] "GET /raving-rabbids-ballpoint-footballer-p-38029.html HTTP/1.0" 200 73440 "-" "Mozilla/5.0 (compatible; MJ12bot/v1.4.8; http://mj12bot.com/)"
62.171.162.127 - - [14/May/2023:05:24:18 +0200] "GET /raving-rabbids-computer-bag-p-12167.html HTTP/1.0" 301 73391 "-" "Mozilla/5.0 (compatible; MJ12bot/v1.4.8; http://mj12bot.com/)"
129.204.31.216 - - [14/May/2023:05:24:19 +0200] "GET /images/mini_prod/1384010203460.jpg HTTP/1.0" 200 269 "-" "Mozilla/5.0 (X11; Ubuntu; Linux x86_64; rv:72.0) Gecko/20100101 Firefox/72.0"
62.171.162.127 - - [14/May/2023:05:24:23 +0200] "GET /-p-12167.html HTTP/1.0" 200 73324 "-" "Mozilla/5.0 (compatible; MJ12bot/v1.4.8; http://mj12bot.com/)"
62.171.162.127 - - [14/May/2023:05:24:32 +0200] "GET /real-madrid-phone-cover-iphone-p-13208.html HTTP/1.0" 200 76161 "-" "Mozilla/5.0 (compatible; MJ12bot/v1.4.8; http://mj12bot.com/)"
185.191.171.3 - - [14/May/2023:05:24:37 +0200] "GET /table-lamps-c-86_286.html?page=4 HTTP/1.0" 200 95508 "-" "Mozilla/5.0 (compatible; SemrushBot/7~bl; +http://www.semrush.com/bot.html)"
62.171.162.127 - - [14/May/2023:05:24:41 +0200] "GET /real-madrid-pop-phone-cover-for-iphone-and-p-13208.html HTTP/1.0" 301 76258 "-" "Mozilla/5.0 (compatible; MJ12bot/v1.4.8; http://mj12bot.com/)"
62.171.162.127 - - [14/May/2023:05:24:50 +0200] "GET /real-madrid-phone-cover-iphone-p-13208.html HTTP/1.0" 200 76161 "-" "Mozilla/5.0 (compatible; MJ12bot/v1.4.8; http://mj12bot.com/)"
185.191.171.18 - - [14/May/2023:05:24:56 +0200] "GET /wooden-cellar-paula-collection-p-51434.html HTTP/1.0" 200 76268 "-" "Mozilla/5.0 (compatible; SemrushBot/7~bl; +http://www.semrush.com/bot.html)"
62.171.162.127 - - [14/May/2023:05:24:57 +0200] "GET /rebecca-bonbon-cupcakes-suitcase-p-18521.html HTTP/1.0" 301 73391 "-" "Mozilla/5.0 (compatible; MJ12bot/v1.4.8; http://mj12bot.com/)"
62.171.162.127 - - [14/May/2023:05:25:04 +0200] "GET /-p-18521.html HTTP/1.0" 200 73324 "-" "Mozilla/5.0 (compatible; MJ12bot/v1.4.8; http://mj12bot.com/)"
62.171.162.127 - - [14/May/2023:05:25:12 +0200] "GET /rebecca-bonbon-little-mirror-p-8843.html HTTP/1.0" 301 73388 "-" "Mozilla/5.0 (compatible; MJ12bot/v1.4.8; http://mj12bot.com/)"
185.191.171.24 - - [14/May/2023:05:25:16 +0200] "GET /pokemon-shirt-p-31061.html HTTP/1.0" 200 77041 "-" "Mozilla/5.0 (compatible; SemrushBot/7~bl; +http://www.semrush.com/bot.html)"
62.171.162.127 - - [14/May/2023:05:25:17 +0200] "GET /-p-8843.html HTTP/1.0" 200 73322 "-" "Mozilla/5.0 (compatible; MJ12bot/v1.4.8; http://mj12bot.com/)"
62.171.162.127 - - [14/May/2023:05:25:23 +0200] "GET /rebecca-bonbon-paris-compact-mirror-p-8842.html HTTP/1.0" 301 73388 "-" "Mozilla/5.0 (compatible; MJ12bot/v1.4.8; http://mj12bot.com/)"
62.171.162.127 - - [14/May/2023:05:25:29 +0200] "GET /-p-8842.html HTTP/1.0" 200 73322 "-" "Mozilla/5.0 (compatible; MJ12bot/v1.4.8; http://mj12bot.com/)"
62.171.162.127 - - [14/May/2023:05:25:39 +0200] "GET /rebecca-bonbon-print-bedclothes-240-p-18193.html HTTP/1.0" 301 73391 "-" "Mozilla/5.0 (compatible; MJ12bot/v1.4.8; http://mj12bot.com/)"
185.191.171.26 - - [14/May/2023:05:25:41 +0200] "GET /-p-15630.html HTTP/1.0" 200 73324 "-" "Mozilla/5.0 (compatible; SemrushBot/7~bl; +http://www.semrush.com/bot.html)"
62.171.162.127 - - [14/May/2023:05:25:43 +0200] "GET /-p-18193.html HTTP/1.0" 200 73324 "-" "Mozilla/5.0 (compatible; MJ12bot/v1.4.8; http://mj12bot.com/)"
62.171.162.127 - - [14/May/2023:05:25:51 +0200] "GET /record-alarm-clock-by-cbk-p-25000.html HTTP/1.0" 301 76163 "-" "Mozilla/5.0 (compatible; MJ12bot/v1.4.8; http://mj12bot.com/)"
62.171.162.127 - - [14/May/2023:05:26:00 +0200] "GET /record-alarm-clock-cbkreation-p-25000.html HTTP/1.0" 200 76067 "-" "Mozilla/5.0 (compatible; MJ12bot/v1.4.8; http://mj12bot.com/)"
62.171.162.127 - - [14/May/2023:05:26:07 +0200] "GET /rectangular-clock-indian-spirit-50-cm-p-42934.html HTTP/1.0" 301 76195 "-" "Mozilla/5.0 (compatible; MJ12bot/v1.4.8; http://mj12bot.com/)"
185.191.171.14 - - [14/May/2023:05:26:11 +0200] "GET /rhinoceros-statue-light-wood-look-p-50066.html HTTP/1.0" 200 73462 "-" "Mozilla/5.0 (compatible; SemrushBot/7~bl; +http://www.semrush.com/bot.html)"
62.171.162.127 - - [14/May/2023:05:26:14 +0200] "GET /rectangular-clock-indian-spirit-p-42934.html HTTP/1.0" 200 76097 "-" "Mozilla/5.0 (compatible; MJ12bot/v1.4.8; http://mj12bot.com/)"
62.171.162.127 - - [14/May/2023:05:26:23 +0200] "GET /rectangular-clock-indian-spirit-50-cm-p-42935.html HTTP/1.0" 301 73391 "-" "Mozilla/5.0 (compatible; MJ12bot/v1.4.8; http://mj12bot.com/)"
62.171.162.127 - - [14/May/2023:05:26:33 +0200] "GET /-p-42935.html HTTP/1.0" 200 73324 "-" "Mozilla/5.0 (compatible; MJ12bot/v1.4.8; http://mj12bot.com/)"
207.46.13.220 - - [14/May/2023:05:26:37 +0200] "GET /bamboo-fiber-plant-cover-p-57863.html HTTP/1.0" 200 76577 "-" "Mozilla/5.0 AppleWebKit/537.36 (KHTML, like Gecko; compatible; bingbot/2.0; +http://www.bing.com/bingbot.htm) Chrome/103.0.5060.134 Safari/537.36"
62.171.162.127 - - [14/May/2023:05:26:44 +0200] "GET /rectangular-clock-indian-spirit-50-cm-p-42936.html HTTP/1.0" 301 76195 "-" "Mozilla/5.0 (compatible; MJ12bot/v1.4.8; http://mj12bot.com/)"
62.171.162.127 - - [14/May/2023:05:26:50 +0200] "GET /rectangular-clock-indian-spirit-p-42936.html HTTP/1.0" 200 76097 "-" "Mozilla/5.0 (compatible; MJ12bot/v1.4.8; http://mj12bot.com/)"
62.171.162.127 - - [14/May/2023:05:26:56 +0200] "GET /rectangular-clock-indian-spirit-70-cm-p-42947.html HTTP/1.0" 301 76193 "-" "Mozilla/5.0 (compatible; MJ12bot/v1.4.8; http://mj12bot.com/)"
62.171.162.127 - - [14/May/2023:05:27:03 +0200] "GET /rectangular-clock-indian-spirit-p-42947.html HTTP/1.0" 200 76095 "-" "Mozilla/5.0 (compatible; MJ12bot/v1.4.8; http://mj12bot.com/)"
62.171.162.127 - - [14/May/2023:05:27:09 +0200] "GET /rectangular-clock-indian-spirit-70-cm-p-42948.html HTTP/1.0" 301 76820 "-" "Mozilla/5.0 (compatible; MJ12bot/v1.4.8; http://mj12bot.com/)"
62.171.162.127 - - [14/May/2023:05:27:16 +0200] "GET /rectangular-clock-indian-spirit-p-42948.html HTTP/1.0" 200 76722 "-" "Mozilla/5.0 (compatible; MJ12bot/v1.4.8; http://mj12bot.com/)"
42.194.192.36 - - [14/May/2023:05:27:25 +0200] "GET /images/mini_prod/3447200075761.jpg HTTP/1.0" 200 269 "-" "Mozilla/5.0 (X11; Ubuntu; Linux x86_64; rv:72.0) Gecko/20100101 Firefox/72.0"
66.249.69.70 - - [14/May/2023:05:27:26 +0200] "GET /yogini-yogini-yoga-jute-violet-p-45292.html HTTP/1.0" 200 77558 "-" "Mozilla/5.0 (compatible; Googlebot/2.1; +http://www.google.com/bot.html)"
62.171.162.127 - - [14/May/2023:05:27:26 +0200] "GET /rectangular-clock-indian-spirit-p-42934.html HTTP/1.0" 200 76097 "-" "Mozilla/5.0 (compatible; MJ12bot/v1.4.8; http://mj12bot.com/)"
149.6.140.106 - - [14/May/2023:05:27:31 +0200] "GET /images/mini_prod/8422019609050.jpg HTTP/1.0" 200 269 "-" "Mozilla/5.0 (X11; Ubuntu; Linux x86_64; rv:72.0) Gecko/20100101 Firefox/72.0"
69.171.251.1 - - [14/May/2023:05:27:32 +0200] "GET /images/mini_prod/5055071708930.jpg HTTP/1.0" 200 269 "-" "Mozilla/5.0 (X11; Ubuntu; Linux x86_64; rv:72.0) Gecko/20100101 Firefox/72.0"
62.171.162.127 - - [14/May/2023:05:27:37 +0200] "GET /rectangular-clock-indian-spirit-p-42936.html HTTP/1.0" 200 76097 "-" "Mozilla/5.0 (compatible; MJ12bot/v1.4.8; http://mj12bot.com/)"
62.171.162.127 - - [14/May/2023:05:27:46 +0200] "GET /rectangular-clock-indian-spirit-p-42947.html HTTP/1.0" 200 76095 "-" "Mozilla/5.0 (compatible; MJ12bot/v1.4.8; http://mj12bot.com/)"
62.171.162.127 - - [14/May/2023:05:27:52 +0200] "GET /rectangular-clock-indian-spirit-p-42948.html HTTP/1.0" 200 76722 "-" "Mozilla/5.0 (compatible; MJ12bot/v1.4.8; http://mj12bot.com/)"
62.171.162.127 - - [14/May/2023:05:27:58 +0200] "GET /rectangular-clock-quote-50-cm-p-42929.html HTTP/1.0" 301 73391 "-" "Mozilla/5.0 (compatible; MJ12bot/v1.4.8; http://mj12bot.com/)"
62.171.162.127 - - [14/May/2023:05:28:07 +0200] "GET /-p-42929.html HTTP/1.0" 200 73324 "-" "Mozilla/5.0 (compatible; MJ12bot/v1.4.8; http://mj12bot.com/)"
62.171.162.127 - - [14/May/2023:05:28:16 +0200] "GET /rectangular-clock-quote-50-cm-p-42930.html HTTP/1.0" 301 76123 "-" "Mozilla/5.0 (compatible; MJ12bot/v1.4.8; http://mj12bot.com/)"
62.171.162.127 - - [14/May/2023:05:28:22 +0200] "GET /rectangular-clock-quote-p-42930.html HTTP/1.0" 200 76033 "-" "Mozilla/5.0 (compatible; MJ12bot/v1.4.8; http://mj12bot.com/)"
185.191.171.41 - - [14/May/2023:05:28:23 +0200] "GET /large-candle-hours-true-enchantment-p-33015.html HTTP/1.0" 200 73472 "-" "Mozilla/5.0 (compatible; SemrushBot/7~bl; +http://www.semrush.com/bot.html)"
207.46.13.220 - - [14/May/2023:05:28:27 +0200] "GET /votive-candle-hours-christmas-cupcake-p-33122.html HTTP/1.0" 200 73472 "-" "Mozilla/5.0 AppleWebKit/537.36 (KHTML, like Gecko; compatible; bingbot/2.0; +http://www.bing.com/bingbot.htm) Chrome/103.0.5060.134 Safari/537.36"
62.171.162.127 - - [14/May/2023:05:28:37 +0200] "GET /rectangular-clock-quote-50-cm-p-42932.html HTTP/1.0" 301 73391 "-" "Mozilla/5.0 (compatible; MJ12bot/v1.4.8; http://mj12bot.com/)"
62.171.162.127 - - [14/May/2023:05:28:44 +0200] "GET /-p-42932.html HTTP/1.0" 200 73324 "-" "Mozilla/5.0 (compatible; MJ12bot/v1.4.8; http://mj12bot.com/)"
62.171.162.127 - - [14/May/2023:05:28:49 +0200] "GET /rectangular-clock-quote-50-cm-p-42933.html HTTP/1.0" 301 76738 "-" "Mozilla/5.0 (compatible; MJ12bot/v1.4.8; http://mj12bot.com/)"
62.171.162.127 - - [14/May/2023:05:28:54 +0200] "GET /rectangular-clock-quote-p-42933.html HTTP/1.0" 200 76648 "-" "Mozilla/5.0 (compatible; MJ12bot/v1.4.8; http://mj12bot.com/)"
62.171.162.127 - - [14/May/2023:05:28:59 +0200] "GET /rectangular-clock-quote-p-42929.html HTTP/1.0" 301 73391 "-" "Mozilla/5.0 (compatible; MJ12bot/v1.4.8; http://mj12bot.com/)"
62.171.162.127 - - [14/May/2023:05:29:05 +0200] "GET /-p-42929.html HTTP/1.0" 200 73324 "-" "Mozilla/5.0 (compatible; MJ12bot/v1.4.8; http://mj12bot.com/)"
185.191.171.16 - - [14/May/2023:05:29:09 +0200] "GET /knight-chess-piece-silver-p-49292.html HTTP/1.0" 200 73414 "-" "Mozilla/5.0 (compatible; SemrushBot/7~bl; +http://www.semrush.com/bot.html)"
62.171.162.127 - - [14/May/2023:05:29:11 +0200] "GET /rectangular-clock-quote-p-42930.html HTTP/1.0" 200 76033 "-" "Mozilla/5.0 (compatible; MJ12bot/v1.4.8; http://mj12bot.com/)"
62.171.162.127 - - [14/May/2023:05:29:16 +0200] "GET /rectangular-clock-quote-p-42933.html HTTP/1.0" 200 76648 "-" "Mozilla/5.0 (compatible; MJ12bot/v1.4.8; http://mj12bot.com/)"
62.171.162.127 - - [14/May/2023:05:29:25 +0200] "GET /rectangulary-cushion-c-97_98_127.html HTTP/1.0" 301 72323 "-" "Mozilla/5.0 (compatible; MJ12bot/v1.4.8; http://mj12bot.com/)"
62.171.162.127 - - [14/May/2023:05:29:32 +0200] "GET /-c-127.html HTTP/1.0" 200 72011 "-" "Mozilla/5.0 (compatible; MJ12bot/v1.4.8; http://mj12bot.com/)"
62.171.162.127 - - [14/May/2023:05:29:37 +0200] "GET /red-anonymous-shirt-sublimated-by-cbk-p-30053.html HTTP/1.0" 301 73391 "-" "Mozilla/5.0 (compatible; MJ12bot/v1.4.8; http://mj12bot.com/)"
62.171.162.127 - - [14/May/2023:05:29:52 +0200] "GET /-p-30053.html HTTP/1.0" 200 73324 "-" "Mozilla/5.0 (compatible; MJ12bot/v1.4.8; http://mj12bot.com/)"
62.171.162.127 - - [14/May/2023:05:30:00 +0200] "GET /red-anonymous-shirt-sublimated-by-cbkreation-p-30053.html HTTP/1.0" 301 73391 "-" "Mozilla/5.0 (compatible; MJ12bot/v1.4.8; http://mj12bot.com/)"
62.171.162.127 - - [14/May/2023:05:30:05 +0200] "GET /-p-30053.html HTTP/1.0" 200 73324 "-" "Mozilla/5.0 (compatible; MJ12bot/v1.4.8; http://mj12bot.com/)"
62.171.162.127 - - [14/May/2023:05:30:14 +0200] "GET /red-cat-slabbinck-mug-p-30969.html HTTP/1.0" 301 73391 "-" "Mozilla/5.0 (compatible; MJ12bot/v1.4.8; http://mj12bot.com/)"
62.171.162.127 - - [14/May/2023:05:30:20 +0200] "GET /-p-30969.html HTTP/1.0" 200 73324 "-" "Mozilla/5.0 (compatible; MJ12bot/v1.4.8; http://mj12bot.com/)"
69.171.251.20 - - [14/May/2023:05:30:24 +0200] "GET /images/med_prod/1020322275503.jpg HTTP/1.0" 200 268 "-" "Mozilla/5.0 (X11; Ubuntu; Linux x86_64; rv:72.0) Gecko/20100101 Firefox/72.0"
185.191.171.19 - - [14/May/2023:05:30:25 +0200] "GET /wooden-cubi-cover-vieillis-p-56692.html HTTP/1.0" 200 76873 "-" "Mozilla/5.0 (compatible; SemrushBot/7~bl; +http://www.semrush.com/bot.html)"
62.171.162.127 - - [14/May/2023:05:30:26 +0200] "GET /red-fuel-pump-clock-p-50653.html HTTP/1.0" 301 73391 "-" "Mozilla/5.0 (compatible; MJ12bot/v1.4.8; http://mj12bot.com/)"
62.171.162.127 - - [14/May/2023:05:30:32 +0200] "GET /-p-50653.html HTTP/1.0" 200 73324 "-" "Mozilla/5.0 (compatible; MJ12bot/v1.4.8; http://mj12bot.com/)"
62.171.162.127 - - [14/May/2023:05:30:41 +0200] "GET /redskins-calendar-school-year-2015-2016-p-30168.html HTTP/1.0" 301 73391 "-" "Mozilla/5.0 (compatible; MJ12bot/v1.4.8; http://mj12bot.com/)"
62.171.162.127 - - [14/May/2023:05:30:50 +0200] "GET /-p-30168.html HTTP/1.0" 200 73324 "-" "Mozilla/5.0 (compatible; MJ12bot/v1.4.8; http://mj12bot.com/)"
62.171.162.127 - - [14/May/2023:05:31:01 +0200] "GET /reggae-case-lenticulaire-for-iphone-series-p-24227.html HTTP/1.0" 301 73391 "-" "Mozilla/5.0 (compatible; MJ12bot/v1.4.8; http://mj12bot.com/)"
62.171.162.127 - - [14/May/2023:05:31:06 +0200] "GET /-p-24227.html HTTP/1.0" 200 73324 "-" "Mozilla/5.0 (compatible; MJ12bot/v1.4.8; http://mj12bot.com/)"
62.171.162.127 - - [14/May/2023:05:31:11 +0200] "GET /retro-notepad-p-33093.html HTTP/1.0" 200 75961 "-" "Mozilla/5.0 (compatible; MJ12bot/v1.4.8; http://mj12bot.com/)"
62.171.162.127 - - [14/May/2023:05:31:19 +0200] "GET /ritournelle-charming-dekor-bedclothes-220-240-cm-p-41770.html HTTP/1.0" 301 73391 "-" "Mozilla/5.0 (compatible; MJ12bot/v1.4.8; http://mj12bot.com/)"
62.171.162.127 - - [14/May/2023:05:31:24 +0200] "GET /-p-41770.html HTTP/1.0" 200 73324 "-" "Mozilla/5.0 (compatible; MJ12bot/v1.4.8; http://mj12bot.com/)"
62.171.162.127 - - [14/May/2023:05:31:31 +0200] "GET /riverdale-bunny-brown-p-31716.html HTTP/1.0" 200 76158 "-" "Mozilla/5.0 (compatible; MJ12bot/v1.4.8; http://mj12bot.com/)"
62.171.162.127 - - [14/May/2023:05:31:38 +0200] "GET /riverdale-bunny-sam-brown-28-cm-p-31716.html HTTP/1.0" 301 76246 "-" "Mozilla/5.0 (compatible; MJ12bot/v1.4.8; http://mj12bot.com/)"
62.171.162.127 - - [14/May/2023:05:31:42 +0200] "GET /riverdale-bunny-brown-p-31716.html HTTP/1.0" 200 76158 "-" "Mozilla/5.0 (compatible; MJ12bot/v1.4.8; http://mj12bot.com/)"
40.77.167.83 - - [14/May/2023:05:31:48 +0200] "GET /money-boxes-c-13_83.html?page=6 HTTP/1.0" 200 97417 "-" "Mozilla/5.0 AppleWebKit/537.36 (KHTML, like Gecko; compatible; bingbot/2.0; +http://www.bing.com/bingbot.htm) Chrome/103.0.5060.134 Safari/537.36"
62.171.162.127 - - [14/May/2023:05:31:49 +0200] "GET /road-66-set-of-magnets-p-31622.html HTTP/1.0" 301 73465 "-" "Mozilla/5.0 (compatible; MJ12bot/v1.4.8; http://mj12bot.com/)"
147.92.153.8 - - [14/May/2023:05:31:53 +0200] "GET /french-bulldog-ceramic-statue-sitting-white-black-silver-p-60327.html HTTP/1.0" 200 77316 "-" "Mozilla/5.0 (compatible; Linespider/1.1; +https://lin.ee/4dwXkTH)"
193.112.35.218 - - [14/May/2023:05:31:55 +0200] "GET /images/mini_prod/3457010910947.jpg HTTP/1.0" 200 269 "-" "Mozilla/5.0 (X11; Ubuntu; Linux x86_64; rv:72.0) Gecko/20100101 Firefox/72.0"
147.92.153.14 - - [14/May/2023:05:31:56 +0200] "GET /swfobject.js HTTP/1.0" 404 1308 "http://www.wonder-geek.com/french-bulldog-ceramic-statue-sitting-white-black-silver-p-60327.html" "Mozilla/5.0 (Windows NT 10.0; Win64; x64) AppleWebKit/537.36 (KHTML, like Gecko; compatible; Linespider/1.1; +https://lin.ee/4dwXkTH) Chrome/112.0.0.0 Safari/537.36"
62.171.162.127 - - [14/May/2023:05:32:00 +0200] "GET /road-magnets-p-31622.html HTTP/1.0" 200 73386 "-" "Mozilla/5.0 (compatible; MJ12bot/v1.4.8; http://mj12bot.com/)"
62.171.162.127 - - [14/May/2023:05:32:04 +0200] "GET /road-magnets-p-31622.html HTTP/1.0" 200 73386 "-" "Mozilla/5.0 (compatible; MJ12bot/v1.4.8; http://mj12bot.com/)"
62.171.162.127 - - [14/May/2023:05:32:11 +0200] "GET /robocar-poli-amber-convertible-vehicle-p-17869.html HTTP/1.0" 301 73391 "-" "Mozilla/5.0 (compatible; MJ12bot/v1.4.8; http://mj12bot.com/)"
121.30.179.107 - - [14/May/2023:05:32:13 +0200] "GET /images/mini_prod/8430957084426.jpg HTTP/1.0" 200 269 "-" "Mozilla/5.0 (X11; Ubuntu; Linux x86_64; rv:72.0) Gecko/20100101 Firefox/72.0"
62.171.162.127 - - [14/May/2023:05:32:15 +0200] "GET /-p-17869.html HTTP/1.0" 200 73324 "-" "Mozilla/5.0 (compatible; MJ12bot/v1.4.8; http://mj12bot.com/)"
62.171.162.127 - - [14/May/2023:05:32:22 +0200] "GET /robocar-poli-pencil-case-p-31291.html HTTP/1.0" 301 73391 "-" "Mozilla/5.0 (compatible; MJ12bot/v1.4.8; http://mj12bot.com/)"
62.171.162.127 - - [14/May/2023:05:32:26 +0200] "GET /-p-31291.html HTTP/1.0" 200 73324 "-" "Mozilla/5.0 (compatible; MJ12bot/v1.4.8; http://mj12bot.com/)"
62.171.162.127 - - [14/May/2023:05:32:32 +0200] "GET /robocar-poli-puzzle-p-28005.html HTTP/1.0" 301 73391 "-" "Mozilla/5.0 (compatible; MJ12bot/v1.4.8; http://mj12bot.com/)"
62.171.162.127 - - [14/May/2023:05:32:35 +0200] "GET /-p-28005.html HTTP/1.0" 200 73324 "-" "Mozilla/5.0 (compatible; MJ12bot/v1.4.8; http://mj12bot.com/)"
62.171.162.127 - - [14/May/2023:05:32:44 +0200] "GET /rock-bye-by-baby-gund-p-21352.html HTTP/1.0" 301 73391 "-" "Mozilla/5.0 (compatible; MJ12bot/v1.4.8; http://mj12bot.com/)"
62.171.162.127 - - [14/May/2023:05:32:49 +0200] "GET /-p-21352.html HTTP/1.0" 200 73324 "-" "Mozilla/5.0 (compatible; MJ12bot/v1.4.8; http://mj12bot.com/)"
62.171.162.127 - - [14/May/2023:05:32:55 +0200] "GET /rolling-stones-white-zippo-lighter-p-32568.html HTTP/1.0" 200 73450 "-" "Mozilla/5.0 (compatible; MJ12bot/v1.4.8; http://mj12bot.com/)"
185.191.171.43 - - [14/May/2023:05:32:58 +0200] "GET /decorative-canvas-armillary-globe-hang-p-56042.html HTTP/1.0" 200 77059 "-" "Mozilla/5.0 (compatible; SemrushBot/7~bl; +http://www.semrush.com/bot.html)"
193.112.35.218 - - [14/May/2023:05:33:00 +0200] "GET /images/mini_prod/8718375756041.jpg HTTP/1.0" 200 269 "-" "Mozilla/5.0 (X11; Ubuntu; Linux x86_64; rv:72.0) Gecko/20100101 Firefox/72.0"
62.171.162.127 - - [14/May/2023:05:33:02 +0200] "GET /rose-quartz-rolled-stone-130-140-grams-p-46594.html HTTP/1.0" 301 73523 "-" "Mozilla/5.0 (compatible; MJ12bot/v1.4.8; http://mj12bot.com/)"
62.171.162.127 - - [14/May/2023:05:33:09 +0200] "GET /rose-quartz-rolled-stone-grams-p-46594.html HTTP/1.0" 200 73426 "-" "Mozilla/5.0 (compatible; MJ12bot/v1.4.8; http://mj12bot.com/)"
62.171.162.127 - - [14/May/2023:05:33:16 +0200] "GET /rose-quartz-rolled-stone-grams-p-46594.html HTTP/1.0" 200 73426 "-" "Mozilla/5.0 (compatible; MJ12bot/v1.4.8; http://mj12bot.com/)"
66.249.69.74 - - [14/May/2023:05:33:17 +0200] "GET /marcel-planters-p-58066.html HTTP/1.0" 200 77056 "-" "Mozilla/5.0 (Linux; Android 6.0.1; Nexus 5X Build/MMB29P) AppleWebKit/537.36 (KHTML, like Gecko) Chrome/112.0.5615.142 Mobile Safari/537.36 (compatible; Googlebot/2.1; +http://www.google.com/bot.html)"
185.191.171.17 - - [14/May/2023:05:33:17 +0200] "GET /charmmy-kitty-dress-p-31105.html HTTP/1.0" 200 77076 "-" "Mozilla/5.0 (compatible; SemrushBot/7~bl; +http://www.semrush.com/bot.html)"
62.171.162.127 - - [14/May/2023:05:33:20 +0200] "GET /round-mirror-suspend-rope-p-50004.html HTTP/1.0" 200 76598 "-" "Mozilla/5.0 (compatible; MJ12bot/v1.4.8; http://mj12bot.com/)"
185.191.171.43 - - [14/May/2023:05:33:21 +0200] "GET /russian-doll-green-figure-p-27615.html HTTP/1.0" 200 76034 "-" "Mozilla/5.0 (compatible; SemrushBot/7~bl; +http://www.semrush.com/bot.html)"
62.171.162.127 - - [14/May/2023:05:33:25 +0200] "GET /round-mirror-to-suspend-rope-p-50004.html HTTP/1.0" 301 76690 "-" "Mozilla/5.0 (compatible; MJ12bot/v1.4.8; http://mj12bot.com/)"
62.171.162.127 - - [14/May/2023:05:33:30 +0200] "GET /round-mirror-suspend-rope-p-50004.html HTTP/1.0" 200 76598 "-" "Mozilla/5.0 (compatible; MJ12bot/v1.4.8; http://mj12bot.com/)"
62.171.162.127 - - [14/May/2023:05:33:44 +0200] "GET /round-side-table-with-wooden-p-49686.html HTTP/1.0" 301 73391 "-" "Mozilla/5.0 (compatible; MJ12bot/v1.4.8; http://mj12bot.com/)"
62.171.162.127 - - [14/May/2023:05:33:53 +0200] "GET /-p-49686.html HTTP/1.0" 200 73324 "-" "Mozilla/5.0 (compatible; MJ12bot/v1.4.8; http://mj12bot.com/)"
62.171.162.127 - - [14/May/2023:05:33:59 +0200] "GET /round-side-table-with-wooden-top-50-cm-p-49686.html HTTP/1.0" 301 73391 "-" "Mozilla/5.0 (compatible; MJ12bot/v1.4.8; http://mj12bot.com/)"
66.249.69.74 - - [14/May/2023:05:34:01 +0200] "GET /images/big_prod_1/5400924226695B.jpg HTTP/1.0" 200 271 "-" "Googlebot-Image/1.0"
62.171.162.127 - - [14/May/2023:05:34:03 +0200] "GET /-p-49686.html HTTP/1.0" 200 73324 "-" "Mozilla/5.0 (compatible; MJ12bot/v1.4.8; http://mj12bot.com/)"
62.171.162.127 - - [14/May/2023:05:34:12 +0200] "GET /round-wall-classic-clock-red-p-39698.html HTTP/1.0" 301 73391 "-" "Mozilla/5.0 (compatible; MJ12bot/v1.4.8; http://mj12bot.com/)"
62.171.162.127 - - [14/May/2023:05:34:18 +0200] "GET /-p-39698.html HTTP/1.0" 200 73324 "-" "Mozilla/5.0 (compatible; MJ12bot/v1.4.8; http://mj12bot.com/)"
62.171.162.127 - - [14/May/2023:05:34:23 +0200] "GET /route-66-black-eco-cup-p-15200.html HTTP/1.0" 301 73391 "-" "Mozilla/5.0 (compatible; MJ12bot/v1.4.8; http://mj12bot.com/)"
62.171.162.127 - - [14/May/2023:05:34:30 +0200] "GET /-p-15200.html HTTP/1.0" 200 73324 "-" "Mozilla/5.0 (compatible; MJ12bot/v1.4.8; http://mj12bot.com/)"
62.171.162.127 - - [14/May/2023:05:34:34 +0200] "GET /route-66-motel-cosmetic-bag-p-10992.html HTTP/1.0" 301 73391 "-" "Mozilla/5.0 (compatible; MJ12bot/v1.4.8; http://mj12bot.com/)"
62.171.162.127 - - [14/May/2023:05:34:42 +0200] "GET /-p-10992.html HTTP/1.0" 200 73324 "-" "Mozilla/5.0 (compatible; MJ12bot/v1.4.8; http://mj12bot.com/)"
107.20.175.216 - - [14/May/2023:05:35:00 +0200] "GET /images/mini_prod/5203199036064.jpg HTTP/1.0" 200 269 "-" "Mozilla/5.0 (X11; Ubuntu; Linux x86_64; rv:72.0) Gecko/20100101 Firefox/72.0"
42.194.240.188 - - [14/May/2023:05:35:52 +0200] "GET /images/mini_prod/1399984259832.jpg HTTP/1.0" 200 269 "-" "Mozilla/5.0 (X11; Ubuntu; Linux x86_64; rv:72.0) Gecko/20100101 Firefox/72.0"
