185.191.171.34 - - [14/May/2023:06:57:55 +0200] "GET /allen-adult-apron-p-39738.html HTTP/1.0" 200 76561 "-" "Mozilla/5.0 (compatible; SemrushBot/7~bl; +http://www.semrush.com/bot.html)"
185.191.171.6 - - [14/May/2023:06:58:03 +0200] "GET /ceramic-statues-elephants-white-with-gold-patina-p-60347.html HTTP/1.0" 200 77238 "-" "Mozilla/5.0 (compatible; SemrushBot/7~bl; +http://www.semrush.com/bot.html)"
107.20.175.216 - - [14/May/2023:06:58:11 +0200] "GET /images/mini_prod/5213199036063.jpg HTTP/1.0" 200 269 "-" "Mozilla/5.0 (X11; Ubuntu; Linux x86_64; rv:72.0) Gecko/20100101 Firefox/72.0"
185.191.171.2 - - [14/May/2023:06:58:33 +0200] "GET /europe-england-travel-adapter-p-58669.html HTTP/1.0" 200 77056 "-" "Mozilla/5.0 (compatible; SemrushBot/7~bl; +http://www.semrush.com/bot.html)"
185.191.171.34 - - [14/May/2023:06:58:53 +0200] "GET /-p-36500.html HTTP/1.0" 200 73324 "-" "Mozilla/5.0 (compatible; SemrushBot/7~bl; +http://www.semrush.com/bot.html)"
121.30.179.17 - - [14/May/2023:06:59:11 +0200] "GET /images/mini_prod/3418173731008.jpg HTTP/1.0" 200 269 "-" "Mozilla/5.0 (X11; Ubuntu; Linux x86_64; rv:72.0) Gecko/20100101 Firefox/72.0"
66.249.69.70 - - [14/May/2023:06:59:26 +0200] "GET /little-prince-plane-figurine-p-47070.html HTTP/1.0" 200 76799 "-" "Mozilla/5.0 (compatible; Googlebot/2.1; +http://www.google.com/bot.html)"
216.244.66.242 - - [14/May/2023:06:59:39 +0200] "GET /rabbit-shaped-night-light-p-55542.html HTTP/1.0" 200 73424 "-" "Mozilla/5.0 (compatible; DotBot/1.2; +https://opensiteexplorer.org/dotbot; help@moz.com)"
194.36.98.176 - - [14/May/2023:07:00:03 +0200] "GET /contact_us.php HTTP/1.0" 200 26241 "-" "Mozilla/5.0 (Windows NT 10.0; WOW64) AppleWebKit/537.36 (KHTML, like Gecko) Chrome/103.0.0.0 Safari/537.36"
51.68.224.127 - - [14/May/2023:07:00:10 +0200] "GET /adminweb/export_orders_xml.php?token=256de2z6edz6ed2z6DFSFsed2zed6zeDSFDSGdzedezfzf&maxorders=10&orderstart=1&status=14&start_date=2018-10-01 HTTP/1.0" 200 285 "-" "GesCom CharlotteBoutik Serveur"
66.249.69.70 - - [14/May/2023:07:00:05 +0200] "GET /little-prince-plane-figurine-p-47070.html HTTP/1.0" 200 76799 "-" "Mozilla/5.0 (Linux; Android 6.0.1; Nexus 5X Build/MMB29P) AppleWebKit/537.36 (KHTML, like Gecko) Chrome/112.0.5615.142 Mobile Safari/537.36 (compatible; Googlebot/2.1; +http://www.google.com/bot.html)"
216.244.66.242 - - [14/May/2023:07:00:11 +0200] "GET /johnny-hallyday-mouse-pad-p-6834.html HTTP/1.0" 301 76645 "-" "Mozilla/5.0 (compatible; DotBot/1.2; +https://opensiteexplorer.org/dotbot; help@moz.com)"
51.68.224.127 - - [14/May/2023:07:00:10 +0200] "GET /adminweb/export_orders_xml.php?token=256de2z6edz6ed2z6DFSFsed2zed6zeDSFDSGdzedezfzf&maxorders=10&orderstart=1&status=6&start_date=2018-10-01 HTTP/1.0" 200 33887 "-" "GesCom CharlotteBoutik Serveur"
185.191.171.43 - - [14/May/2023:07:00:14 +0200] "GET /-p-48569.html HTTP/1.0" 200 73324 "-" "Mozilla/5.0 (compatible; SemrushBot/7~bl; +http://www.semrush.com/bot.html)"
194.36.98.176 - - [14/May/2023:07:00:22 +0200] "GET /images/pixel_trans.gif HTTP/1.0" 200 328 "http://www.wonder-geek.com/contact_us.php?action=send" "Mozilla/5.0 (Windows NT 10.0; WOW64) AppleWebKit/537.36 (KHTML, like Gecko) Chrome/103.0.0.0 Safari/537.36"
194.36.98.176 - - [14/May/2023:07:00:22 +0200] "GET /images/pixel_trans.gif HTTP/1.0" 200 328 "http://www.wonder-geek.com/contact_us.php?action=send" "Mozilla/5.0 (Windows NT 10.0; WOW64) AppleWebKit/537.36 (KHTML, like Gecko) Chrome/103.0.0.0 Safari/537.36"
216.244.66.242 - - [14/May/2023:07:00:26 +0200] "GET /london-bowling-bag-p-11519.html HTTP/1.0" 301 76195 "-" "Mozilla/5.0 (compatible; DotBot/1.2; +https://opensiteexplorer.org/dotbot; help@moz.com)"
216.244.66.242 - - [14/May/2023:07:00:42 +0200] "GET /red-head-lamp-p-33812.html HTTP/1.0" 301 73434 "-" "Mozilla/5.0 (compatible; DotBot/1.2; +https://opensiteexplorer.org/dotbot; help@moz.com)"
216.244.66.242 - - [14/May/2023:07:00:55 +0200] "GET /hello-kitty-little-red-embroidered-patch-p-13523.html HTTP/1.0" 301 76253 "-" "Mozilla/5.0 (compatible; DotBot/1.2; +https://opensiteexplorer.org/dotbot; help@moz.com)"
66.249.69.70 - - [14/May/2023:07:01:12 +0200] "GET /images/big_prod_1/1020322306269B.jpg HTTP/1.0" 200 271 "-" "Googlebot-Image/1.0"
216.244.66.242 - - [14/May/2023:07:01:15 +0200] "GET /lion-wildlife-wwf-sitting-plush-p-33445.html HTTP/1.0" 301 73556 "-" "Mozilla/5.0 (compatible; DotBot/1.2; +https://opensiteexplorer.org/dotbot; help@moz.com)"
216.244.66.242 - - [14/May/2023:07:01:34 +0200] "GET /tania-velvet-chair-cushion-grey-p-49317.html HTTP/1.0" 301 73391 "-" "Mozilla/5.0 (compatible; DotBot/1.2; +https://opensiteexplorer.org/dotbot; help@moz.com)"
66.249.69.74 - - [14/May/2023:07:03:05 +0200] "GET /canvas-frame-rgles-toilettes-p-52180.html HTTP/1.0" 200 76731 "-" "Mozilla/5.0 (compatible; Googlebot/2.1; +http://www.google.com/bot.html)"
185.191.171.2 - - [14/May/2023:07:03:33 +0200] "GET /lighting-c-86.html?page=13 HTTP/1.0" 200 95746 "-" "Mozilla/5.0 (compatible; SemrushBot/7~bl; +http://www.semrush.com/bot.html)"
66.249.69.70 - - [14/May/2023:07:03:59 +0200] "GET /cats-dubout-placemat-p-47080.html HTTP/1.0" 200 76000 "-" "Mozilla/5.0 (Linux; Android 6.0.1; Nexus 5X Build/MMB29P) AppleWebKit/537.36 (KHTML, like Gecko) Chrome/112.0.5615.142 Mobile Safari/537.36 (compatible; Googlebot/2.1; +http://www.google.com/bot.html)"
207.46.13.208 - - [14/May/2023:07:04:08 +0200] "GET /images/big_prod_1/3014627889365.jpg HTTP/1.0" 200 270 "-" "Mozilla/5.0 AppleWebKit/537.36 (KHTML, like Gecko; compatible; bingbot/2.0; +http://www.bing.com/bingbot.htm) Chrome/103.0.5060.134 Safari/537.36"
185.176.78.178 - - [14/May/2023:07:04:09 +0200] "GET /images/mini_prod/3760054863347.jpg HTTP/1.0" 200 269 "-" "Mozilla/5.0 (X11; Ubuntu; Linux x86_64; rv:72.0) Gecko/20100101 Firefox/72.0"
207.46.13.208 - - [14/May/2023:07:04:10 +0200] "GET /images/big_prod/3453131149006.jpg HTTP/1.0" 200 268 "-" "Mozilla/5.0 AppleWebKit/537.36 (KHTML, like Gecko; compatible; bingbot/2.0; +http://www.bing.com/bingbot.htm) Chrome/103.0.5060.134 Safari/537.36"
65.108.64.210 - - [14/May/2023:07:04:24 +0200] "GET /robots.txt HTTP/1.0" 200 245 "-" "Mozilla/5.0 (compatible; MJ12bot/v1.4.8; http://mj12bot.com/)"
65.108.64.210 - - [14/May/2023:07:04:26 +0200] "GET /bamboo-fiber-plant-cover-p-57866.html HTTP/1.0" 200 76575 "-" "Mozilla/5.0 (compatible; MJ12bot/v1.4.8; http://mj12bot.com/)"
65.108.64.210 - - [14/May/2023:07:04:30 +0200] "GET /bamboo-fiber-plant-cover-p-57867.html HTTP/1.0" 200 76575 "-" "Mozilla/5.0 (compatible; MJ12bot/v1.4.8; http://mj12bot.com/)"
216.244.66.242 - - [14/May/2023:07:04:32 +0200] "GET /swallow-wall-decoration-p-43105.html HTTP/1.0" 200 76023 "-" "Mozilla/5.0 (compatible; DotBot/1.2; +https://opensiteexplorer.org/dotbot; help@moz.com)"
65.108.64.210 - - [14/May/2023:07:04:34 +0200] "GET /happy-teapot-tassen-made-germany-p-43295.html HTTP/1.0" 200 76826 "-" "Mozilla/5.0 (compatible; MJ12bot/v1.4.8; http://mj12bot.com/)"
65.108.64.210 - - [14/May/2023:07:04:39 +0200] "GET /peugeot-magnets-p-49373.html HTTP/1.0" 200 75990 "-" "Mozilla/5.0 (compatible; MJ12bot/v1.4.8; http://mj12bot.com/)"
65.108.64.210 - - [14/May/2023:07:04:43 +0200] "GET /provencal-arabesques-carpet-p-48574.html HTTP/1.0" 200 77090 "-" "Mozilla/5.0 (compatible; MJ12bot/v1.4.8; http://mj12bot.com/)"
65.108.64.210 - - [14/May/2023:07:04:48 +0200] "GET /resin-magnet-tour-france-blanc-p-55498.html HTTP/1.0" 200 76111 "-" "Mozilla/5.0 (compatible; MJ12bot/v1.4.8; http://mj12bot.com/)"
65.108.64.210 - - [14/May/2023:07:04:53 +0200] "GET /vespa-blue-pocket-keychain-p-32658.html HTTP/1.0" 200 76658 "-" "Mozilla/5.0 (compatible; MJ12bot/v1.4.8; http://mj12bot.com/)"
65.108.64.210 - - [14/May/2023:07:04:57 +0200] "GET /yogi-yogini-yogamat-purple-p-48660.html HTTP/1.0" 200 76604 "-" "Mozilla/5.0 (compatible; MJ12bot/v1.4.8; http://mj12bot.com/)"
49.7.21.74 - - [14/May/2023:07:04:54 +0200] "GET / HTTP/1.0" 200 152738 "-" "Sogou web spider/4.0(+http://www.sogou.com/docs/help/webmasters.htm#07)"
216.244.66.242 - - [14/May/2023:07:05:38 +0200] "GET /coconut-fibers-doormat-panama-p-56273.html HTTP/1.0" 200 77151 "-" "Mozilla/5.0 (compatible; DotBot/1.2; +https://opensiteexplorer.org/dotbot; help@moz.com)"
216.244.66.242 - - [14/May/2023:07:05:54 +0200] "GET /earrings-rock-crystal-amethyst-flower-life-p-49361.html HTTP/1.0" 200 76154 "-" "Mozilla/5.0 (compatible; DotBot/1.2; +https://opensiteexplorer.org/dotbot; help@moz.com)"
216.244.66.242 - - [14/May/2023:07:06:10 +0200] "GET /harley-davidson-ride-small-metal-plate-p-40263.html HTTP/1.0" 200 76184 "-" "Mozilla/5.0 (compatible; DotBot/1.2; +https://opensiteexplorer.org/dotbot; help@moz.com)"
106.53.102.224 - - [14/May/2023:07:06:19 +0200] "GET /images/mini_prod/1384010176412.jpg HTTP/1.0" 200 269 "-" "Mozilla/5.0 (X11; Ubuntu; Linux x86_64; rv:72.0) Gecko/20100101 Firefox/72.0"
216.244.66.242 - - [14/May/2023:07:06:24 +0200] "GET /hello-kitty-tote-with-blue-black-stripes-p-46801.html HTTP/1.0" 200 73502 "-" "Mozilla/5.0 (compatible; DotBot/1.2; +https://opensiteexplorer.org/dotbot; help@moz.com)"
216.244.66.242 - - [14/May/2023:07:06:37 +0200] "GET /marley-green-alarm-clock-p-14115.html HTTP/1.0" 200 76024 "-" "Mozilla/5.0 (compatible; DotBot/1.2; +https://opensiteexplorer.org/dotbot; help@moz.com)"
216.244.66.242 - - [14/May/2023:07:06:48 +0200] "GET /pendulum-witness-chrome-p-40955.html HTTP/1.0" 200 75975 "-" "Mozilla/5.0 (compatible; DotBot/1.2; +https://opensiteexplorer.org/dotbot; help@moz.com)"
216.244.66.242 - - [14/May/2023:07:06:58 +0200] "GET /tropical-porcelain-bowl-p-44481.html HTTP/1.0" 200 76073 "-" "Mozilla/5.0 (compatible; DotBot/1.2; +https://opensiteexplorer.org/dotbot; help@moz.com)"
216.244.66.242 - - [14/May/2023:07:07:10 +0200] "GET /buddha-small-notebook-model-p-38473.html HTTP/1.0" 200 76117 "-" "Mozilla/5.0 (compatible; DotBot/1.2; +https://opensiteexplorer.org/dotbot; help@moz.com)"
103.112.0.232 - - [14/May/2023:07:07:15 +0200] "GET /contact_us.php HTTP/1.0" 200 26241 "-" "Mozilla/5.0 (Windows NT 10.0; WOW64) AppleWebKit/537.36 (KHTML, like Gecko) Chrome/103.0.0.0 Safari/537.36"
66.249.69.72 - - [14/May/2023:07:07:15 +0200] "GET /small-angel-heart-stitch-collectible-statuette-p-56318.html HTTP/1.0" 200 77401 "-" "Mozilla/5.0 (Linux; Android 6.0.1; Nexus 5X Build/MMB29P) AppleWebKit/537.36 (KHTML, like Gecko) Chrome/112.0.5615.142 Mobile Safari/537.36 (compatible; Googlebot/2.1; +http://www.google.com/bot.html)"
216.244.66.242 - - [14/May/2023:07:07:18 +0200] "GET /figurine-caricature-polyrsine-biker-p-42885.html HTTP/1.0" 200 73490 "-" "Mozilla/5.0 (compatible; DotBot/1.2; +https://opensiteexplorer.org/dotbot; help@moz.com)"
103.112.0.232 - - [14/May/2023:07:07:20 +0200] "GET /images/pixel_trans.gif HTTP/1.0" 200 328 "http://www.wonder-geek.com/contact_us.php?action=send" "Mozilla/5.0 (Windows NT 10.0; WOW64) AppleWebKit/537.36 (KHTML, like Gecko) Chrome/103.0.0.0 Safari/537.36"
103.112.0.232 - - [14/May/2023:07:07:21 +0200] "GET /images/pixel_trans.gif HTTP/1.0" 200 328 "http://www.wonder-geek.com/contact_us.php?action=send" "Mozilla/5.0 (Windows NT 10.0; WOW64) AppleWebKit/537.36 (KHTML, like Gecko) Chrome/103.0.0.0 Safari/537.36"
216.244.66.242 - - [14/May/2023:07:07:26 +0200] "GET /images/big_prod/8422005757307.jpg HTTP/1.0" 200 268 "-" "Mozilla/5.0 (compatible; DotBot/1.2; +https://opensiteexplorer.org/dotbot; help@moz.com)"
89.187.163.137 - - [14/May/2023:07:07:31 +0200] "GET / HTTP/1.0" 301 511 "-" "Mozilla/5.0 (Windows NT 10.0; Win64; x64) AppleWebKit/537.36 (KHTML, like Gecko) Chrome/88.0.4240.193 Safari/537.36"
216.244.66.242 - - [14/May/2023:07:07:31 +0200] "GET /motocycle-grey-shirt-p-35448.html HTTP/1.0" 200 77883 "-" "Mozilla/5.0 (compatible; DotBot/1.2; +https://opensiteexplorer.org/dotbot; help@moz.com)"
89.187.163.137 - - [14/May/2023:07:07:31 +0200] "GET / HTTP/1.0" 200 152879 "-" "Mozilla/5.0 (Windows NT 10.0; Win64; x64) AppleWebKit/537.36 (KHTML, like Gecko) Chrome/88.0.4240.193 Safari/537.36"
89.187.163.137 - - [14/May/2023:07:07:35 +0200] "GET //wp-includes/wlwmanifest.xml HTTP/1.0" 404 1308 "-" "Mozilla/5.0 (Windows NT 10.0; Win64; x64) AppleWebKit/537.36 (KHTML, like Gecko) Chrome/88.0.4240.193 Safari/537.36"
89.187.163.137 - - [14/May/2023:07:07:36 +0200] "GET //xmlrpc.php?rsd HTTP/1.0" 404 1308 "-" "Mozilla/5.0 (Windows NT 10.0; Win64; x64) AppleWebKit/537.36 (KHTML, like Gecko) Chrome/88.0.4240.193 Safari/537.36"
89.187.163.137 - - [14/May/2023:07:07:36 +0200] "GET / HTTP/1.0" 200 153182 "-" "Mozilla/5.0 (Windows NT 10.0; Win64; x64) AppleWebKit/537.36 (KHTML, like Gecko) Chrome/88.0.4240.193 Safari/537.36"
89.187.163.137 - - [14/May/2023:07:07:40 +0200] "GET //blog/wp-includes/wlwmanifest.xml HTTP/1.0" 404 1308 "-" "Mozilla/5.0 (Windows NT 10.0; Win64; x64) AppleWebKit/537.36 (KHTML, like Gecko) Chrome/88.0.4240.193 Safari/537.36"
89.187.163.137 - - [14/May/2023:07:07:41 +0200] "GET //web/wp-includes/wlwmanifest.xml HTTP/1.0" 404 1308 "-" "Mozilla/5.0 (Windows NT 10.0; Win64; x64) AppleWebKit/537.36 (KHTML, like Gecko) Chrome/88.0.4240.193 Safari/537.36"
89.187.163.137 - - [14/May/2023:07:07:41 +0200] "GET //wordpress/wp-includes/wlwmanifest.xml HTTP/1.0" 404 1308 "-" "Mozilla/5.0 (Windows NT 10.0; Win64; x64) AppleWebKit/537.36 (KHTML, like Gecko) Chrome/88.0.4240.193 Safari/537.36"
89.187.163.137 - - [14/May/2023:07:07:41 +0200] "GET //website/wp-includes/wlwmanifest.xml HTTP/1.0" 404 1308 "-" "Mozilla/5.0 (Windows NT 10.0; Win64; x64) AppleWebKit/537.36 (KHTML, like Gecko) Chrome/88.0.4240.193 Safari/537.36"
89.187.163.137 - - [14/May/2023:07:07:41 +0200] "GET //wp/wp-includes/wlwmanifest.xml HTTP/1.0" 404 1308 "-" "Mozilla/5.0 (Windows NT 10.0; Win64; x64) AppleWebKit/537.36 (KHTML, like Gecko) Chrome/88.0.4240.193 Safari/537.36"
89.187.163.137 - - [14/May/2023:07:07:42 +0200] "GET //news/wp-includes/wlwmanifest.xml HTTP/1.0" 404 1308 "-" "Mozilla/5.0 (Windows NT 10.0; Win64; x64) AppleWebKit/537.36 (KHTML, like Gecko) Chrome/88.0.4240.193 Safari/537.36"
89.187.163.137 - - [14/May/2023:07:07:42 +0200] "GET //2020/wp-includes/wlwmanifest.xml HTTP/1.0" 404 1308 "-" "Mozilla/5.0 (Windows NT 10.0; Win64; x64) AppleWebKit/537.36 (KHTML, like Gecko) Chrome/88.0.4240.193 Safari/537.36"
89.187.163.137 - - [14/May/2023:07:07:42 +0200] "GET //2019/wp-includes/wlwmanifest.xml HTTP/1.0" 404 1308 "-" "Mozilla/5.0 (Windows NT 10.0; Win64; x64) AppleWebKit/537.36 (KHTML, like Gecko) Chrome/88.0.4240.193 Safari/537.36"
89.187.163.137 - - [14/May/2023:07:07:42 +0200] "GET //shop/wp-includes/wlwmanifest.xml HTTP/1.0" 404 1308 "-" "Mozilla/5.0 (Windows NT 10.0; Win64; x64) AppleWebKit/537.36 (KHTML, like Gecko) Chrome/88.0.4240.193 Safari/537.36"
89.187.163.137 - - [14/May/2023:07:07:43 +0200] "GET //wp1/wp-includes/wlwmanifest.xml HTTP/1.0" 404 1308 "-" "Mozilla/5.0 (Windows NT 10.0; Win64; x64) AppleWebKit/537.36 (KHTML, like Gecko) Chrome/88.0.4240.193 Safari/537.36"
89.187.163.137 - - [14/May/2023:07:07:43 +0200] "GET //test/wp-includes/wlwmanifest.xml HTTP/1.0" 404 1308 "-" "Mozilla/5.0 (Windows NT 10.0; Win64; x64) AppleWebKit/537.36 (KHTML, like Gecko) Chrome/88.0.4240.193 Safari/537.36"
89.187.163.137 - - [14/May/2023:07:07:43 +0200] "GET //wp2/wp-includes/wlwmanifest.xml HTTP/1.0" 404 1308 "-" "Mozilla/5.0 (Windows NT 10.0; Win64; x64) AppleWebKit/537.36 (KHTML, like Gecko) Chrome/88.0.4240.193 Safari/537.36"
89.187.163.137 - - [14/May/2023:07:07:43 +0200] "GET //site/wp-includes/wlwmanifest.xml HTTP/1.0" 404 1308 "-" "Mozilla/5.0 (Windows NT 10.0; Win64; x64) AppleWebKit/537.36 (KHTML, like Gecko) Chrome/88.0.4240.193 Safari/537.36"
89.187.163.137 - - [14/May/2023:07:07:44 +0200] "GET //cms/wp-includes/wlwmanifest.xml HTTP/1.0" 404 1308 "-" "Mozilla/5.0 (Windows NT 10.0; Win64; x64) AppleWebKit/537.36 (KHTML, like Gecko) Chrome/88.0.4240.193 Safari/537.36"
89.187.163.137 - - [14/May/2023:07:07:44 +0200] "GET //sito/wp-includes/wlwmanifest.xml HTTP/1.0" 404 1308 "-" "Mozilla/5.0 (Windows NT 10.0; Win64; x64) AppleWebKit/537.36 (KHTML, like Gecko) Chrome/88.0.4240.193 Safari/537.36"
185.191.171.26 - - [14/May/2023:07:08:51 +0200] "GET /-c-22.html HTTP/1.0" 200 72010 "-" "Mozilla/5.0 (compatible; SemrushBot/7~bl; +http://www.semrush.com/bot.html)"
185.191.171.19 - - [14/May/2023:07:09:36 +0200] "GET /cbkration-toiletry-p-43335.html HTTP/1.0" 200 76073 "-" "Mozilla/5.0 (compatible; SemrushBot/7~bl; +http://www.semrush.com/bot.html)"
122.50.210.80 - - [14/May/2023:07:10:15 +0200] "GET /gold-black-elephant-table-lamp-p-54692.html HTTP/1.0" 200 76736 "https://lens.google.com/" "Mozilla/5.0 (Windows NT 10.0; Win64; x64) AppleWebKit/537.36 (KHTML, like Gecko) Chrome/113.0.0.0 Safari/537.36"
122.50.210.80 - - [14/May/2023:07:10:17 +0200] "GET /highslide/highslide.js HTTP/1.0" 200 262 "http://www.wonder-geek.com/gold-black-elephant-table-lamp-p-54692.html" "Mozilla/5.0 (Windows NT 10.0; Win64; x64) AppleWebKit/537.36 (KHTML, like Gecko) Chrome/113.0.0.0 Safari/537.36"
122.50.210.80 - - [14/May/2023:07:10:17 +0200] "GET /templates/Pixame_v1/stylesheet.css HTTP/1.0" 200 267 "http://www.wonder-geek.com/gold-black-elephant-table-lamp-p-54692.html" "Mozilla/5.0 (Windows NT 10.0; Win64; x64) AppleWebKit/537.36 (KHTML, like Gecko) Chrome/113.0.0.0 Safari/537.36"
122.50.210.80 - - [14/May/2023:07:10:17 +0200] "GET /js/jquery.js HTTP/1.0" 200 252 "http://www.wonder-geek.com/gold-black-elephant-table-lamp-p-54692.html" "Mozilla/5.0 (Windows NT 10.0; Win64; x64) AppleWebKit/537.36 (KHTML, like Gecko) Chrome/113.0.0.0 Safari/537.36"
122.50.210.80 - - [14/May/2023:07:10:17 +0200] "GET /js/jquery.jqzoom.js HTTP/1.0" 200 259 "http://www.wonder-geek.com/gold-black-elephant-table-lamp-p-54692.html" "Mozilla/5.0 (Windows NT 10.0; Win64; x64) AppleWebKit/537.36 (KHTML, like Gecko) Chrome/113.0.0.0 Safari/537.36"
122.50.210.80 - - [14/May/2023:07:10:17 +0200] "GET /mondial_relay/js/jquery-1.3.2.min.js HTTP/1.0" 200 276 "http://www.wonder-geek.com/gold-black-elephant-table-lamp-p-54692.html" "Mozilla/5.0 (Windows NT 10.0; Win64; x64) AppleWebKit/537.36 (KHTML, like Gecko) Chrome/113.0.0.0 Safari/537.36"
122.50.210.80 - - [14/May/2023:07:10:18 +0200] "GET /swfobject.js HTTP/1.0" 404 1308 "http://www.wonder-geek.com/gold-black-elephant-table-lamp-p-54692.html" "Mozilla/5.0 (Windows NT 10.0; Win64; x64) AppleWebKit/537.36 (KHTML, like Gecko) Chrome/113.0.0.0 Safari/537.36"
122.50.210.80 - - [14/May/2023:07:10:18 +0200] "GET /templates/Pixame_v1/images/icon_accueil2.png HTTP/1.0" 200 278 "http://www.wonder-geek.com/gold-black-elephant-table-lamp-p-54692.html" "Mozilla/5.0 (Windows NT 10.0; Win64; x64) AppleWebKit/537.36 (KHTML, like Gecko) Chrome/113.0.0.0 Safari/537.36"
122.50.210.80 - - [14/May/2023:07:10:18 +0200] "GET /templates/Pixame_v1/images/pixel_trans.gif HTTP/1.0" 200 328 "http://www.wonder-geek.com/gold-black-elephant-table-lamp-p-54692.html" "Mozilla/5.0 (Windows NT 10.0; Win64; x64) AppleWebKit/537.36 (KHTML, like Gecko) Chrome/113.0.0.0 Safari/537.36"
122.50.210.80 - - [14/May/2023:07:10:18 +0200] "GET /images/pixel_trans.gif HTTP/1.0" 200 328 "http://www.wonder-geek.com/gold-black-elephant-table-lamp-p-54692.html" "Mozilla/5.0 (Windows NT 10.0; Win64; x64) AppleWebKit/537.36 (KHTML, like Gecko) Chrome/113.0.0.0 Safari/537.36"
122.50.210.80 - - [14/May/2023:07:10:18 +0200] "GET /templates/Pixame_v1/images/infobox/pixel_trans.gif HTTP/1.0" 200 328 "http://www.wonder-geek.com/gold-black-elephant-table-lamp-p-54692.html" "Mozilla/5.0 (Windows NT 10.0; Win64; x64) AppleWebKit/537.36 (KHTML, like Gecko) Chrome/113.0.0.0 Safari/537.36"
122.50.210.80 - - [14/May/2023:07:10:18 +0200] "GET /templates/Pixame_v1/images/Bottom_texture.jpg HTTP/1.0" 200 280 "http://www.wonder-geek.com/templates/Pixame_v1/stylesheet.css" "Mozilla/5.0 (Windows NT 10.0; Win64; x64) AppleWebKit/537.36 (KHTML, like Gecko) Chrome/113.0.0.0 Safari/537.36"
122.50.210.80 - - [14/May/2023:07:10:18 +0200] "GET /templates/Pixame_v1/images/header-object.png HTTP/1.0" 200 278 "http://www.wonder-geek.com/templates/Pixame_v1/stylesheet.css" "Mozilla/5.0 (Windows NT 10.0; Win64; x64) AppleWebKit/537.36 (KHTML, like Gecko) Chrome/113.0.0.0 Safari/537.36"
122.50.210.80 - - [14/May/2023:07:10:18 +0200] "GET /templates/Pixame_v1/images/header.png HTTP/1.0" 200 271 "http://www.wonder-geek.com/templates/Pixame_v1/stylesheet.css" "Mozilla/5.0 (Windows NT 10.0; Win64; x64) AppleWebKit/537.36 (KHTML, like Gecko) Chrome/113.0.0.0 Safari/537.36"
122.50.210.80 - - [14/May/2023:07:10:18 +0200] "GET /templates/Pixame_v1/images/nav.png HTTP/1.0" 200 268 "http://www.wonder-geek.com/templates/Pixame_v1/stylesheet.css" "Mozilla/5.0 (Windows NT 10.0; Win64; x64) AppleWebKit/537.36 (KHTML, like Gecko) Chrome/113.0.0.0 Safari/537.36"
122.50.210.80 - - [14/May/2023:07:10:18 +0200] "GET /templates/Pixame_v1/images/infobox/infobox_footer_middle.gif HTTP/1.0" 200 357 "http://www.wonder-geek.com/gold-black-elephant-table-lamp-p-54692.html" "Mozilla/5.0 (Windows NT 10.0; Win64; x64) AppleWebKit/537.36 (KHTML, like Gecko) Chrome/113.0.0.0 Safari/537.36"
122.50.210.80 - - [14/May/2023:07:10:18 +0200] "GET /design/productsenstock.png HTTP/1.0" 200 260 "http://www.wonder-geek.com/templates/Pixame_v1/stylesheet.css" "Mozilla/5.0 (Windows NT 10.0; Win64; x64) AppleWebKit/537.36 (KHTML, like Gecko) Chrome/113.0.0.0 Safari/537.36"
122.50.210.80 - - [14/May/2023:07:10:19 +0200] "GET /images/big_prod/8435153884610.jpg HTTP/1.0" 200 268 "http://www.wonder-geek.com/gold-black-elephant-table-lamp-p-54692.html" "Mozilla/5.0 (Windows NT 10.0; Win64; x64) AppleWebKit/537.36 (KHTML, like Gecko) Chrome/113.0.0.0 Safari/537.36"
122.50.210.80 - - [14/May/2023:07:10:19 +0200] "GET /highslide/graphics/zoomin.cur HTTP/1.0" 200 614 "http://www.wonder-geek.com/templates/Pixame_v1/stylesheet.css" "Mozilla/5.0 (Windows NT 10.0; Win64; x64) AppleWebKit/537.36 (KHTML, like Gecko) Chrome/113.0.0.0 Safari/537.36"
122.50.210.80 - - [14/May/2023:07:10:19 +0200] "GET /templates/Pixame_v1/images/Middle_texture.jpg HTTP/1.0" 200 280 "http://www.wonder-geek.com/templates/Pixame_v1/stylesheet.css" "Mozilla/5.0 (Windows NT 10.0; Win64; x64) AppleWebKit/537.36 (KHTML, like Gecko) Chrome/113.0.0.0 Safari/537.36"
122.50.210.80 - - [14/May/2023:07:10:19 +0200] "GET /images/big_prod_1/8435153884610D.jpg HTTP/1.0" 200 271 "http://www.wonder-geek.com/gold-black-elephant-table-lamp-p-54692.html" "Mozilla/5.0 (Windows NT 10.0; Win64; x64) AppleWebKit/537.36 (KHTML, like Gecko) Chrome/113.0.0.0 Safari/537.36"
122.50.210.80 - - [14/May/2023:07:10:19 +0200] "GET /templates/Pixame_v1/images/buttons/english/button_in_cart.gif HTTP/1.0" 200 295 "http://www.wonder-geek.com/gold-black-elephant-table-lamp-p-54692.html" "Mozilla/5.0 (Windows NT 10.0; Win64; x64) AppleWebKit/537.36 (KHTML, like Gecko) Chrome/113.0.0.0 Safari/537.36"
122.50.210.80 - - [14/May/2023:07:10:20 +0200] "GET /highslide/graphics/zoomout.cur HTTP/1.0" 200 614 "http://www.wonder-geek.com/gold-black-elephant-table-lamp-p-54692.html" "Mozilla/5.0 (Windows NT 10.0; Win64; x64) AppleWebKit/537.36 (KHTML, like Gecko) Chrome/113.0.0.0 Safari/537.36"
122.50.210.80 - - [14/May/2023:07:10:20 +0200] "GET /highslide/graphics/loader.white.gif HTTP/1.0" 200 960 "http://www.wonder-geek.com/templates/Pixame_v1/stylesheet.css" "Mozilla/5.0 (Windows NT 10.0; Win64; x64) AppleWebKit/537.36 (KHTML, like Gecko) Chrome/113.0.0.0 Safari/537.36"
122.50.210.80 - - [14/May/2023:07:10:20 +0200] "GET /highslide/graphics/outlines/drop-shadow.png HTTP/1.0" 200 277 "http://www.wonder-geek.com/gold-black-elephant-table-lamp-p-54692.html" "Mozilla/5.0 (Windows NT 10.0; Win64; x64) AppleWebKit/537.36 (KHTML, like Gecko) Chrome/113.0.0.0 Safari/537.36"
122.50.210.80 - - [14/May/2023:07:10:20 +0200] "GET /favicon.ico HTTP/1.0" 200 260 "http://www.wonder-geek.com/gold-black-elephant-table-lamp-p-54692.html" "Mozilla/5.0 (Windows NT 10.0; Win64; x64) AppleWebKit/537.36 (KHTML, like Gecko) Chrome/113.0.0.0 Safari/537.36"
185.191.171.9 - - [14/May/2023:07:10:24 +0200] "GET /-p-18430.html HTTP/1.0" 200 73324 "-" "Mozilla/5.0 (compatible; SemrushBot/7~bl; +http://www.semrush.com/bot.html)"
185.191.171.38 - - [14/May/2023:07:12:33 +0200] "GET /saint-expedit-aromatika-incense-sticks-p-53430.html HTTP/1.0" 200 76118 "-" "Mozilla/5.0 (compatible; SemrushBot/7~bl; +http://www.semrush.com/bot.html)"
66.249.69.70 - - [14/May/2023:07:12:41 +0200] "GET /snow-white-with-apple-figurine-disney-traditions-p-58588.html HTTP/1.0" 200 77592 "-" "Mozilla/5.0 (compatible; Googlebot/2.1; +http://www.google.com/bot.html)"
42.194.226.88 - - [14/May/2023:07:13:03 +0200] "GET /images/mini_prod/5018997618431.jpg HTTP/1.0" 200 269 "-" "Mozilla/5.0 (X11; Ubuntu; Linux x86_64; rv:72.0) Gecko/20100101 Firefox/72.0"
106.53.102.224 - - [14/May/2023:07:13:15 +0200] "GET /images/mini_prod/8433933961377.jpg HTTP/1.0" 200 269 "-" "Mozilla/5.0 (X11; Ubuntu; Linux x86_64; rv:72.0) Gecko/20100101 Firefox/72.0"
207.46.13.220 - - [14/May/2023:07:13:18 +0200] "GET /soft-toys-security-blanket-c-4_46.html?page=2 HTTP/1.0" 200 95448 "-" "Mozilla/5.0 AppleWebKit/537.36 (KHTML, like Gecko; compatible; bingbot/2.0; +http://www.bing.com/bingbot.htm) Chrome/103.0.5060.134 Safari/537.36"
120.53.202.30 - - [14/May/2023:07:14:11 +0200] "GET /images/mini_prod/1399984241806.jpg HTTP/1.0" 200 269 "-" "Mozilla/5.0 (X11; Ubuntu; Linux x86_64; rv:72.0) Gecko/20100101 Firefox/72.0"
42.194.128.82 - - [14/May/2023:07:14:34 +0200] "GET /images/mini_prod/8718375751046.jpg HTTP/1.0" 200 269 "-" "Mozilla/5.0 (X11; Ubuntu; Linux x86_64; rv:72.0) Gecko/20100101 Firefox/72.0"
66.249.69.70 - - [14/May/2023:07:14:53 +0200] "GET /jewels-cats-espresso-p-54559.html HTTP/1.0" 200 76826 "-" "Mozilla/5.0 (compatible; Googlebot/2.1; +http://www.google.com/bot.html)"
195.188.181.2 - - [14/May/2023:07:15:48 +0200] "GET /images/mini_prod/3279510503234.jpg HTTP/1.0" 200 269 "-" "Mozilla/5.0 (X11; Ubuntu; Linux x86_64; rv:72.0) Gecko/20100101 Firefox/72.0"
66.249.69.72 - - [14/May/2023:07:16:36 +0200] "GET /flower-joris-collection-blue-p-54677.html HTTP/1.0" 200 73450 "-" "Mozilla/5.0 (Linux; Android 6.0.1; Nexus 5X Build/MMB29P) AppleWebKit/537.36 (KHTML, like Gecko) Chrome/112.0.5615.142 Mobile Safari/537.36 (compatible; Googlebot/2.1; +http://www.google.com/bot.html)"
51.68.224.127 - - [14/May/2023:07:16:58 +0200] "GET /adminweb/export_orders_xml.php?token=256de2z6edz6ed2z6DFSFsed2zed6zeDSFDSGdzedezfzf&maxorders=10&orderstart=1&status=14&start_date=2018-10-01 HTTP/1.0" 200 285 "-" "GesCom CharlotteBoutik Serveur"
51.68.224.127 - - [14/May/2023:07:16:58 +0200] "GET /adminweb/export_orders_xml.php?token=256de2z6edz6ed2z6DFSFsed2zed6zeDSFDSGdzedezfzf&maxorders=10&orderstart=1&status=6&start_date=2018-10-01 HTTP/1.0" 200 33887 "-" "GesCom CharlotteBoutik Serveur"
66.249.69.74 - - [14/May/2023:07:17:15 +0200] "GET /small-angel-heart-stitch-collectible-statuette-p-56318.html HTTP/1.0" 200 77401 "-" "Mozilla/5.0 (compatible; Googlebot/2.1; +http://www.google.com/bot.html)"
185.191.171.17 - - [14/May/2023:07:17:28 +0200] "GET /robots.txt HTTP/1.0" 200 245 "-" "Mozilla/5.0 (compatible; SemrushBot/7~bl; +http://www.semrush.com/bot.html)"
185.191.171.43 - - [14/May/2023:07:17:29 +0200] "GET /magnet-citron-p-40117.html HTTP/1.0" 200 76000 "-" "Mozilla/5.0 (compatible; SemrushBot/7~bl; +http://www.semrush.com/bot.html)"
185.191.171.2 - - [14/May/2023:07:17:34 +0200] "GET /dalmatians-rolly-figure-p-19358.html HTTP/1.0" 200 73416 "-" "Mozilla/5.0 (compatible; SemrushBot/7~bl; +http://www.semrush.com/bot.html)"
54.92.174.79 - - [14/May/2023:07:18:01 +0200] "GET /robots.txt HTTP/1.0" 301 531 "-" "Mozilla/5.0 (Macintosh; Intel Mac OS X 10_15_7) AppleWebKit/537.36 (KHTML, like Gecko) Chrome/108.0.0.0 Safari/537.36"
54.92.174.79 - - [14/May/2023:07:18:01 +0200] "GET /robots.txt HTTP/1.0" 200 245 "-" "Mozilla/5.0 (Macintosh; Intel Mac OS X 10_15_7) AppleWebKit/537.36 (KHTML, like Gecko) Chrome/108.0.0.0 Safari/537.36"
121.30.179.87 - - [14/May/2023:07:19:10 +0200] "GET /images/mini_prod/3438100354049.jpg HTTP/1.0" 200 269 "-" "Mozilla/5.0 (X11; Ubuntu; Linux x86_64; rv:72.0) Gecko/20100101 Firefox/72.0"
17.241.227.19 - - [14/May/2023:07:19:59 +0200] "GET /images/big_prod/3560600298711.jpg HTTP/1.0" 200 268 "-" "Mozilla/5.0 (Macintosh; Intel Mac OS X 10_15_5) AppleWebKit/605.1.15 (KHTML, like Gecko) Version/13.1.1 Safari/605.1.15 (Applebot/0.1; +http://www.apple.com/go/applebot)"
69.171.251.3 - - [14/May/2023:07:20:15 +0200] "GET /images/big_prod/1345544761390.jpg HTTP/1.0" 200 268 "-" "Mozilla/5.0 (X11; Ubuntu; Linux x86_64; rv:72.0) Gecko/20100101 Firefox/72.0"
17.241.227.112 - - [14/May/2023:07:20:20 +0200] "GET /candy-cloud-unicorn-snowflake-p-51814.html HTTP/1.0" 200 73410 "-" "Mozilla/5.0 (Macintosh; Intel Mac OS X 10_15_5) AppleWebKit/605.1.15 (KHTML, like Gecko) Version/13.1.1 Safari/605.1.15 (Applebot/0.1; +http://www.apple.com/go/applebot)"
185.191.171.13 - - [14/May/2023:07:20:42 +0200] "GET /tropical-bedclothes-p-41114.html HTTP/1.0" 200 76037 "-" "Mozilla/5.0 (compatible; SemrushBot/7~bl; +http://www.semrush.com/bot.html)"
195.188.181.2 - - [14/May/2023:07:20:53 +0200] "GET /images/mini_prod/DSCN6554.jpg HTTP/1.0" 200 264 "-" "Mozilla/5.0 (X11; Ubuntu; Linux x86_64; rv:72.0) Gecko/20100101 Firefox/72.0"
185.191.171.20 - - [14/May/2023:07:22:12 +0200] "GET /wooden-decorative-plate-garage-p-53548.html HTTP/1.0" 200 73434 "-" "Mozilla/5.0 (compatible; SemrushBot/7~bl; +http://www.semrush.com/bot.html)"
207.46.13.220 - - [14/May/2023:07:22:37 +0200] "GET /array-m-124.html HTTP/1.0" 200 93761 "-" "Mozilla/5.0 AppleWebKit/537.36 (KHTML, like Gecko; compatible; bingbot/2.0; +http://www.bing.com/bingbot.htm) Chrome/103.0.5060.134 Safari/537.36"
17.241.75.6 - - [14/May/2023:07:23:03 +0200] "GET /images/big_prod/3609810049468.jpg HTTP/1.0" 200 268 "-" "Mozilla/5.0 (Macintosh; Intel Mac OS X 10_15_5) AppleWebKit/605.1.15 (KHTML, like Gecko) Version/13.1.1 Safari/605.1.15 (Applebot/0.1; +http://www.apple.com/go/applebot)"
17.241.75.11 - - [14/May/2023:07:23:16 +0200] "GET /images/mini_prod/8422015319700.jpg HTTP/1.0" 200 269 "-" "Mozilla/5.0 (Macintosh; Intel Mac OS X 10_15_5) AppleWebKit/605.1.15 (KHTML, like Gecko) Version/13.1.1 Safari/605.1.15 (Applebot/0.1; +http://www.apple.com/go/applebot)"
129.204.116.160 - - [14/May/2023:07:23:22 +0200] "GET /images/mini_prod/8422014032815A.jpg HTTP/1.0" 200 270 "-" "Mozilla/5.0 (X11; Ubuntu; Linux x86_64; rv:72.0) Gecko/20100101 Firefox/72.0"
66.249.69.72 - - [14/May/2023:07:23:47 +0200] "GET /coconut-fibers-doormat-home-sweet-home-p-52140.html HTTP/1.0" 200 77237 "-" "Mozilla/5.0 (Linux; Android 6.0.1; Nexus 5X Build/MMB29P) AppleWebKit/537.36 (KHTML, like Gecko) Chrome/112.0.5615.142 Mobile Safari/537.36 (compatible; Googlebot/2.1; +http://www.google.com/bot.html)"
66.249.69.74 - - [14/May/2023:07:24:43 +0200] "GET /despicable-marbles-p-33480.html HTTP/1.0" 200 76135 "-" "Mozilla/5.0 (Linux; Android 6.0.1; Nexus 5X Build/MMB29P) AppleWebKit/537.36 (KHTML, like Gecko) Chrome/112.0.5615.142 Mobile Safari/537.36 (compatible; Googlebot/2.1; +http://www.google.com/bot.html)"
185.191.171.7 - - [14/May/2023:07:25:02 +0200] "GET /marseille-soap-soap-dish-p-34848.html HTTP/1.0" 200 75998 "-" "Mozilla/5.0 (compatible; SemrushBot/7~bl; +http://www.semrush.com/bot.html)"
66.249.69.70 - - [14/May/2023:07:25:22 +0200] "GET /superman-satchel-bag-p-30370.html HTTP/1.0" 301 76285 "-" "Mozilla/5.0 (Linux; Android 6.0.1; Nexus 5X Build/MMB29P) AppleWebKit/537.36 (KHTML, like Gecko) Chrome/112.0.5615.142 Mobile Safari/537.36 (compatible; Googlebot/2.1; +http://www.google.com/bot.html)"
66.249.69.74 - - [14/May/2023:07:25:24 +0200] "GET /superman-satchel-p-30370.html HTTP/1.0" 200 76202 "-" "Mozilla/5.0 (Linux; Android 6.0.1; Nexus 5X Build/MMB29P) AppleWebKit/537.36 (KHTML, like Gecko) Chrome/112.0.5615.142 Mobile Safari/537.36 (compatible; Googlebot/2.1; +http://www.google.com/bot.html)"
66.249.69.70 - - [14/May/2023:07:25:32 +0200] "GET /original-mickey-mouse-personaility-pose-figurine-p-58163.html HTTP/1.0" 200 77817 "-" "Mozilla/5.0 (compatible; Googlebot/2.1; +http://www.google.com/bot.html)"
207.46.13.208 - - [14/May/2023:07:27:01 +0200] "GET /clocks-c-13_67.html?page=11 HTTP/1.0" 200 93948 "-" "Mozilla/5.0 AppleWebKit/537.36 (KHTML, like Gecko; compatible; bingbot/2.0; +http://www.bing.com/bingbot.htm) Chrome/103.0.5060.134 Safari/537.36"
207.46.13.220 - - [14/May/2023:07:27:09 +0200] "GET /bowls-c-12_60.html?page=5 HTTP/1.0" 200 95236 "-" "Mozilla/5.0 AppleWebKit/537.36 (KHTML, like Gecko; compatible; bingbot/2.0; +http://www.bing.com/bingbot.htm) Chrome/103.0.5060.134 Safari/537.36"
54.92.174.79 - - [14/May/2023:07:28:35 +0200] "GET / HTTP/1.0" 301 511 "-" "Mozilla/5.0 (Macintosh; Intel Mac OS X 10_15_7) AppleWebKit/537.36 (KHTML, like Gecko) Chrome/108.0.0.0 Safari/537.36"
44.212.18.11 - - [14/May/2023:07:28:36 +0200] "GET /images/mini_prod/3760116326407.jpg HTTP/1.0" 200 269 "-" "Mozilla/5.0 (X11; Ubuntu; Linux x86_64; rv:72.0) Gecko/20100101 Firefox/72.0"
54.92.174.79 - - [14/May/2023:07:28:35 +0200] "GET / HTTP/1.0" 200 152967 "-" "Mozilla/5.0 (Macintosh; Intel Mac OS X 10_15_7) AppleWebKit/537.36 (KHTML, like Gecko) Chrome/108.0.0.0 Safari/537.36"
40.77.167.83 - - [14/May/2023:07:29:19 +0200] "GET /furnishings-c-13_87.html HTTP/1.0" 200 93754 "-" "Mozilla/5.0 AppleWebKit/537.36 (KHTML, like Gecko; compatible; bingbot/2.0; +http://www.bing.com/bingbot.htm) Chrome/103.0.5060.134 Safari/537.36"
185.191.171.2 - - [14/May/2023:07:29:37 +0200] "GET /harley-davidson-zippo-lighter-p-39529.html HTTP/1.0" 200 76476 "-" "Mozilla/5.0 (compatible; SemrushBot/7~bl; +http://www.semrush.com/bot.html)"
147.92.153.9 - - [14/May/2023:07:31:18 +0200] "GET /images/big_prod/8435684220321.jpg HTTP/1.0" 200 268 "-" "Mozilla/5.0 (compatible; Linespider/1.1; +https://lin.ee/4dwXkTH)"
185.176.78.178 - - [14/May/2023:07:32:16 +0200] "GET /images/mini_prod/5036278052262.jpg HTTP/1.0" 200 269 "-" "Mozilla/5.0 (X11; Ubuntu; Linux x86_64; rv:72.0) Gecko/20100101 Firefox/72.0"
106.53.102.224 - - [14/May/2023:07:32:26 +0200] "GET /images/mini_prod/3453131129985.jpg HTTP/1.0" 200 269 "-" "Mozilla/5.0 (X11; Ubuntu; Linux x86_64; rv:72.0) Gecko/20100101 Firefox/72.0"
129.204.118.204 - - [14/May/2023:07:32:37 +0200] "GET /images/mini_prod/1361623281047.jpg HTTP/1.0" 200 269 "-" "Mozilla/5.0 (X11; Ubuntu; Linux x86_64; rv:72.0) Gecko/20100101 Firefox/72.0"
66.249.69.72 - - [14/May/2023:07:32:46 +0200] "GET /suite-prochain-apro-clock-p-45026.html HTTP/1.0" 200 76084 "-" "Mozilla/5.0 (Linux; Android 6.0.1; Nexus 5X Build/MMB29P) AppleWebKit/537.36 (KHTML, like Gecko) Chrome/112.0.5615.142 Mobile Safari/537.36 (compatible; Googlebot/2.1; +http://www.google.com/bot.html)"
51.68.224.127 - - [14/May/2023:07:33:08 +0200] "GET /adminweb/export_orders_xml.php?token=256de2z6edz6ed2z6DFSFsed2zed6zeDSFDSGdzedezfzf&maxorders=10&orderstart=1&status=14&start_date=2018-10-01 HTTP/1.0" 200 285 "-" "GesCom CharlotteBoutik Serveur"
51.68.224.127 - - [14/May/2023:07:33:08 +0200] "GET /adminweb/export_orders_xml.php?token=256de2z6edz6ed2z6DFSFsed2zed6zeDSFDSGdzedezfzf&maxorders=10&orderstart=1&status=6&start_date=2018-10-01 HTTP/1.0" 200 33887 "-" "GesCom CharlotteBoutik Serveur"
216.244.66.242 - - [14/May/2023:07:34:09 +0200] "GET /robots.txt HTTP/1.0" 200 245 "-" "Mozilla/5.0 (compatible; DotBot/1.2; +https://opensiteexplorer.org/dotbot; help@moz.com)"
107.20.175.216 - - [14/May/2023:07:34:14 +0200] "GET /images/mini_prod/3700276874486.jpg HTTP/1.0" 200 269 "-" "Mozilla/5.0 (X11; Ubuntu; Linux x86_64; rv:72.0) Gecko/20100101 Firefox/72.0"
113.24.224.174 - - [14/May/2023:07:34:19 +0200] "GET /images/mini_prod/8718375756010.jpg HTTP/1.0" 200 269 "-" "Mozilla/5.0 (X11; Ubuntu; Linux x86_64; rv:72.0) Gecko/20100101 Firefox/72.0"
1.235.173.95 - - [14/May/2023:07:34:59 +0200] "GET /images/mini_prod/5018997621738.jpg HTTP/1.0" 200 269 "-" "Mozilla/5.0 (X11; Ubuntu; Linux x86_64; rv:72.0) Gecko/20100101 Firefox/72.0"
17.241.75.134 - - [14/May/2023:07:35:23 +0200] "GET /dragonflies-oven-mitt-p-59775.html HTTP/1.0" 200 76640 "-" "Mozilla/5.0 (Macintosh; Intel Mac OS X 10_15_5) AppleWebKit/605.1.15 (KHTML, like Gecko) Version/13.1.1 Safari/605.1.15 (Applebot/0.1; +http://www.apple.com/go/applebot)"
40.77.167.83 - - [14/May/2023:07:35:30 +0200] "GET /backpacks-c-31_77.html?page=3 HTTP/1.0" 200 96627 "-" "Mozilla/5.0 AppleWebKit/537.36 (KHTML, like Gecko; compatible; bingbot/2.0; +http://www.bing.com/bingbot.htm) Chrome/103.0.5060.134 Safari/537.36"
13.229.241.147 - - [14/May/2023:07:35:55 +0200] "GET /images/3298061509113.jpg HTTP/1.0" 404 1308 "-" "'Mozilla/5.0 (Linux; Android 6.0; Nexus 5 Build/MRA58N) AppleWebKit/537.36 (KHTML, like Gecko) Chrome/65.0.3325.181 Mobile Safari/537.36'Bytespider;https://zhanzhang.toutiao.com/"
18.139.196.17 - - [14/May/2023:07:36:11 +0200] "GET /robots.txt HTTP/1.0" 200 245 "-" "'Mozilla/5.0 (Linux; Android 6.0; Nexus 5 Build/MRA58N) AppleWebKit/537.36 (KHTML, like Gecko) Chrome/65.0.3325.181 Mobile Safari/537.36'Bytespider;https://zhanzhang.toutiao.com/"
66.249.69.70 - - [14/May/2023:07:36:25 +0200] "GET /images/big_prod_1/4260082936086a.jpg HTTP/1.0" 200 271 "-" "Googlebot-Image/1.0"
66.249.69.70 - - [14/May/2023:07:36:29 +0200] "GET /makeup-cabinet-with-music-ballet-dancer-p-57013.html HTTP/1.0" 200 77134 "-" "Mozilla/5.0 (Linux; Android 6.0.1; Nexus 5X Build/MMB29P) AppleWebKit/537.36 (KHTML, like Gecko) Chrome/112.0.5615.142 Mobile Safari/537.36 (compatible; Googlebot/2.1; +http://www.google.com/bot.html)"
66.249.69.70 - - [14/May/2023:07:37:22 +0200] "GET /images/big_prod/3453131146241.jpg HTTP/1.0" 200 268 "-" "Googlebot-Image/1.0"
66.249.69.74 - - [14/May/2023:07:38:05 +0200] "GET /napkin-holder-heart-small-black-p-58517.html HTTP/1.0" 200 76667 "-" "Mozilla/5.0 (compatible; Googlebot/2.1; +http://www.google.com/bot.html)"
185.176.78.178 - - [14/May/2023:07:38:46 +0200] "GET /images/mini_prod/3660173176314.jpg HTTP/1.0" 200 269 "-" "Mozilla/5.0 (X11; Ubuntu; Linux x86_64; rv:72.0) Gecko/20100101 Firefox/72.0"
66.249.69.70 - - [14/May/2023:07:38:47 +0200] "GET /brass-compass-solar-clock-p-57557.html HTTP/1.0" 200 73414 "-" "Mozilla/5.0 (compatible; Googlebot/2.1; +http://www.google.com/bot.html)"
185.191.171.23 - - [14/May/2023:07:38:52 +0200] "GET /incense-holder-incense-burner-c-231_229.html?page=2 HTTP/1.0" 200 95027 "-" "Mozilla/5.0 (compatible; SemrushBot/7~bl; +http://www.semrush.com/bot.html)"
195.188.181.2 - - [14/May/2023:07:39:14 +0200] "GET /images/mini_prod/3609810052239.jpg HTTP/1.0" 200 269 "-" "Mozilla/5.0 (X11; Ubuntu; Linux x86_64; rv:72.0) Gecko/20100101 Firefox/72.0"
42.194.240.188 - - [14/May/2023:07:39:22 +0200] "GET /images/mini_prod/8003990607329.jpg HTTP/1.0" 200 269 "-" "Mozilla/5.0 (X11; Ubuntu; Linux x86_64; rv:72.0) Gecko/20100101 Firefox/72.0"
185.191.171.20 - - [14/May/2023:07:39:31 +0200] "GET /cast-iron-trivet-p-53643.html HTTP/1.0" 200 75913 "-" "Mozilla/5.0 (compatible; SemrushBot/7~bl; +http://www.semrush.com/bot.html)"
66.249.69.72 - - [14/May/2023:07:40:18 +0200] "GET /images/big_prod/3503420070167.jpg HTTP/1.0" 200 268 "-" "Googlebot-Image/1.0"
216.244.66.242 - - [14/May/2023:07:40:28 +0200] "GET /pedestal-elephant-ethnic-resin-p-44910.html HTTP/1.0" 200 76102 "-" "Mozilla/5.0 (compatible; DotBot/1.2; +https://opensiteexplorer.org/dotbot; help@moz.com)"
185.191.171.24 - - [14/May/2023:07:40:30 +0200] "GET /coasters-marseille-p-60264.html HTTP/1.0" 200 76655 "-" "Mozilla/5.0 (compatible; SemrushBot/7~bl; +http://www.semrush.com/bot.html)"
66.249.69.70 - - [14/May/2023:07:40:46 +0200] "GET /pink-piggy-bank-p-55570.html HTTP/1.0" 200 75989 "-" "Mozilla/5.0 (Linux; Android 6.0.1; Nexus 5X Build/MMB29P) AppleWebKit/537.36 (KHTML, like Gecko) Chrome/112.0.5615.142 Mobile Safari/537.36 (compatible; Googlebot/2.1; +http://www.google.com/bot.html)"
44.212.18.11 - - [14/May/2023:07:41:37 +0200] "GET /images/mini_prod/mug-i-love-02.jpg HTTP/1.0" 200 269 "-" "Mozilla/5.0 (X11; Ubuntu; Linux x86_64; rv:72.0) Gecko/20100101 Firefox/72.0"
66.249.69.74 - - [14/May/2023:07:41:45 +0200] "GET /chipmunk-statuette-shore-p-58370.html HTTP/1.0" 200 77434 "-" "Mozilla/5.0 (Linux; Android 6.0.1; Nexus 5X Build/MMB29P) AppleWebKit/537.36 (KHTML, like Gecko) Chrome/112.0.5615.142 Mobile Safari/537.36 (compatible; Googlebot/2.1; +http://www.google.com/bot.html)"
40.77.167.83 - - [14/May/2023:07:42:41 +0200] "GET / HTTP/1.0" 301 511 "-" "Mozilla/5.0 AppleWebKit/537.36 (KHTML, like Gecko; compatible; bingbot/2.0; +http://www.bing.com/bingbot.htm) Chrome/103.0.5060.134 Safari/537.36"
185.191.171.41 - - [14/May/2023:07:43:13 +0200] "GET /corsica-espresso-p-57146.html HTTP/1.0" 200 76547 "-" "Mozilla/5.0 (compatible; SemrushBot/7~bl; +http://www.semrush.com/bot.html)"
17.241.75.132 - - [14/May/2023:07:43:23 +0200] "GET /metal-clock-radio-p-54035.html HTTP/1.0" 200 76044 "-" "Mozilla/5.0 (Macintosh; Intel Mac OS X 10_15_5) AppleWebKit/605.1.15 (KHTML, like Gecko) Version/13.1.1 Safari/605.1.15 (Applebot/0.1; +http://www.apple.com/go/applebot)"
205.186.62.252 - - [14/May/2023:07:43:54 +0200] "GET /images/mini_prod/3760116310321.jpg HTTP/1.0" 200 269 "-" "Mozilla/5.0 (X11; Ubuntu; Linux x86_64; rv:72.0) Gecko/20100101 Firefox/72.0"
203.195.164.241 - - [14/May/2023:07:44:14 +0200] "GET /images/mini_prod/3701276594732.jpg HTTP/1.0" 200 269 "-" "Mozilla/5.0 (X11; Ubuntu; Linux x86_64; rv:72.0) Gecko/20100101 Firefox/72.0"
66.249.69.70 - - [14/May/2023:07:44:48 +0200] "GET /images/big_prod/8422014889235.jpg HTTP/1.0" 200 268 "-" "Googlebot-Image/1.0"
17.241.219.72 - - [14/May/2023:07:45:10 +0200] "GET /dragon-money-p-55569.html HTTP/1.0" 200 75957 "-" "Mozilla/5.0 (Macintosh; Intel Mac OS X 10_15_5) AppleWebKit/605.1.15 (KHTML, like Gecko) Version/13.1.1 Safari/605.1.15 (Applebot/0.1; +http://www.apple.com/go/applebot)"
66.249.69.70 - - [14/May/2023:07:45:19 +0200] "GET /insulated-bottle-vilaines-filles-p-57607.html HTTP/1.0" 200 77035 "-" "Mozilla/5.0 (compatible; Googlebot/2.1; +http://www.google.com/bot.html)"
207.46.13.208 - - [14/May/2023:07:45:31 +0200] "GET /images/big_prod_1/JAKARTAg1.jpg HTTP/1.0" 200 266 "-" "Mozilla/5.0 AppleWebKit/537.36 (KHTML, like Gecko; compatible; bingbot/2.0; +http://www.bing.com/bingbot.htm) Chrome/103.0.5060.134 Safari/537.36"
216.244.66.242 - - [14/May/2023:07:47:05 +0200] "GET /home-and-decoration-c-13.html HTTP/1.0" 301 95344 "-" "Mozilla/5.0 (compatible; DotBot/1.2; +https://opensiteexplorer.org/dotbot; help@moz.com)"
185.191.171.18 - - [14/May/2023:07:47:17 +0200] "GET /placemats-c-12_156.html?page=9 HTTP/1.0" 200 96207 "-" "Mozilla/5.0 (compatible; SemrushBot/7~bl; +http://www.semrush.com/bot.html)"
216.244.66.242 - - [14/May/2023:07:47:25 +0200] "GET /pendants-and-necklaces-c-3_214.html HTTP/1.0" 301 93488 "-" "Mozilla/5.0 (compatible; DotBot/1.2; +https://opensiteexplorer.org/dotbot; help@moz.com)"
66.249.69.74 - - [14/May/2023:07:47:26 +0200] "GET /lois-jean-wallet-women-p-38155.html HTTP/1.0" 200 77179 "-" "Mozilla/5.0 (compatible; Googlebot/2.1; +http://www.google.com/bot.html)"
185.191.171.37 - - [14/May/2023:07:48:10 +0200] "GET /linen-c-11_68.html?page=4 HTTP/1.0" 200 94204 "-" "Mozilla/5.0 (compatible; SemrushBot/7~bl; +http://www.semrush.com/bot.html)"
49.7.20.86 - - [14/May/2023:07:48:36 +0200] "GET / HTTP/1.0" 301 511 "-" "Sogou web spider/4.0(+http://www.sogou.com/docs/help/webmasters.htm#07)"
49.7.20.77 - - [14/May/2023:07:48:37 +0200] "GET / HTTP/1.0" 200 152818 "-" "Sogou web spider/4.0(+http://www.sogou.com/docs/help/webmasters.htm#07)"
51.68.224.127 - - [14/May/2023:07:49:20 +0200] "GET /adminweb/export_orders_xml.php?token=256de2z6edz6ed2z6DFSFsed2zed6zeDSFDSGdzedezfzf&maxorders=10&orderstart=1&status=14&start_date=2018-10-01 HTTP/1.0" 200 285 "-" "GesCom CharlotteBoutik Serveur"
51.68.224.127 - - [14/May/2023:07:49:20 +0200] "GET /adminweb/export_orders_xml.php?token=256de2z6edz6ed2z6DFSFsed2zed6zeDSFDSGdzedezfzf&maxorders=10&orderstart=1&status=6&start_date=2018-10-01 HTTP/1.0" 200 33887 "-" "GesCom CharlotteBoutik Serveur"
66.249.69.72 - - [14/May/2023:07:49:35 +0200] "GET /teapot-with-stainless-steel-infuser-p-59068.html HTTP/1.0" 200 77150 "-" "Mozilla/5.0 (Linux; Android 6.0.1; Nexus 5X Build/MMB29P) AppleWebKit/537.36 (KHTML, like Gecko) Chrome/112.0.5615.142 Mobile Safari/537.36 (compatible; Googlebot/2.1; +http://www.google.com/bot.html)"
66.249.69.70 - - [14/May/2023:07:49:57 +0200] "GET /wine-purse-michelle-allen-p-53360.html HTTP/1.0" 200 76071 "-" "Mozilla/5.0 (Linux; Android 6.0.1; Nexus 5X Build/MMB29P) AppleWebKit/537.36 (KHTML, like Gecko) Chrome/112.0.5615.142 Mobile Safari/537.36 (compatible; Googlebot/2.1; +http://www.google.com/bot.html)"
65.109.157.241 - - [14/May/2023:07:50:13 +0200] "GET /images/8028501269933.jpg HTTP/1.0" 200 259 "-" "Chrome"
40.77.167.83 - - [14/May/2023:07:50:31 +0200] "GET /images/big_prod_1/3700653592828B.jpg HTTP/1.0" 200 271 "-" "Mozilla/5.0 AppleWebKit/537.36 (KHTML, like Gecko; compatible; bingbot/2.0; +http://www.bing.com/bingbot.htm) Chrome/103.0.5060.134 Safari/537.36"
139.199.162.133 - - [14/May/2023:07:51:35 +0200] "GET /images/mini_prod/5018997621721.jpg HTTP/1.0" 200 269 "-" "Mozilla/5.0 (X11; Ubuntu; Linux x86_64; rv:72.0) Gecko/20100101 Firefox/72.0"
185.191.171.39 - - [14/May/2023:07:51:38 +0200] "GET /magnet-tour-france-p-51687.html HTTP/1.0" 200 75922 "-" "Mozilla/5.0 (compatible; SemrushBot/7~bl; +http://www.semrush.com/bot.html)"
66.249.69.70 - - [14/May/2023:07:51:48 +0200] "GET /images/big_prod/3453131155311.jpg HTTP/1.0" 200 268 "-" "Googlebot-Image/1.0"
207.46.13.208 - - [14/May/2023:07:52:14 +0200] "GET /that-italia-triangular-alarm-clock-p-23074.html HTTP/1.0" 200 76197 "-" "Mozilla/5.0 AppleWebKit/537.36 (KHTML, like Gecko; compatible; bingbot/2.0; +http://www.bing.com/bingbot.htm) Chrome/103.0.5060.134 Safari/537.36"
147.92.153.9 - - [14/May/2023:07:53:06 +0200] "GET /tree-life-wall-decoration-weathered-white-wood-p-60390.html HTTP/1.0" 200 77078 "-" "Mozilla/5.0 (compatible; Linespider/1.1; +https://lin.ee/4dwXkTH)"
66.249.69.72 - - [14/May/2023:07:53:45 +0200] "GET /bambi-carved-heart-figurine-p-58585.html HTTP/1.0" 200 77475 "-" "Mozilla/5.0 (Linux; Android 6.0.1; Nexus 5X Build/MMB29P) AppleWebKit/537.36 (KHTML, like Gecko) Chrome/112.0.5615.142 Mobile Safari/537.36 (compatible; Googlebot/2.1; +http://www.google.com/bot.html)"
216.244.66.242 - - [14/May/2023:07:54:18 +0200] "GET /chair-cushion-40-cm-p-52167.html HTTP/1.0" 301 73458 "-" "Mozilla/5.0 (compatible; DotBot/1.2; +https://opensiteexplorer.org/dotbot; help@moz.com)"
216.244.66.242 - - [14/May/2023:07:54:36 +0200] "GET /owl-bowl-mod-p-36518.html HTTP/1.0" 301 73391 "-" "Mozilla/5.0 (compatible; DotBot/1.2; +https://opensiteexplorer.org/dotbot; help@moz.com)"
216.244.66.242 - - [14/May/2023:07:54:53 +0200] "GET /panda-night-light-with-led-p-48679.html HTTP/1.0" 301 73499 "-" "Mozilla/5.0 (compatible; DotBot/1.2; +https://opensiteexplorer.org/dotbot; help@moz.com)"
8.218.248.120 - - [14/May/2023:07:55:01 +0200] "GET /images/mini_prod/4036113101170.jpg HTTP/1.0" 200 269 "-" "aria2/1.35.0"
216.244.66.242 - - [14/May/2023:07:55:09 +0200] "GET /15-minute-cooking-hourglass-white-sand-p-53720.html HTTP/1.0" 301 76874 "-" "Mozilla/5.0 (compatible; DotBot/1.2; +https://opensiteexplorer.org/dotbot; help@moz.com)"
216.244.66.242 - - [14/May/2023:07:55:23 +0200] "GET /les-vilaines-filles-beach-towel-170-90-cm-p-51707.html HTTP/1.0" 301 73548 "-" "Mozilla/5.0 (compatible; DotBot/1.2; +https://opensiteexplorer.org/dotbot; help@moz.com)"
5.255.253.73 - - [14/May/2023:07:55:30 +0200] "GET /luggages-schoolbags-leather-shop/pencil-case/top-model-pencil-case-p-23462.html HTTP/1.0" 301 73391 "-" "Mozilla/5.0 (compatible; YandexBot/3.0; +http://yandex.com/bots)"
5.45.207.185 - - [14/May/2023:07:55:32 +0200] "GET /-p-23462.html HTTP/1.0" 200 73324 "-" "Mozilla/5.0 (compatible; YandexBot/3.0; +http://yandex.com/bots)"
216.244.66.242 - - [14/May/2023:07:55:38 +0200] "GET /shirts-sweatshirts-women-c-53_55.html?page=7 HTTP/1.0" 200 87415 "-" "Mozilla/5.0 (compatible; DotBot/1.2; +https://opensiteexplorer.org/dotbot; help@moz.com)"
213.180.203.198 - - [14/May/2023:07:56:04 +0200] "GET /-p-23462.html HTTP/1.0" 200 73324 "-" "Mozilla/5.0 (compatible; YandexBot/3.0; +http://yandex.com/bots)"
185.176.78.178 - - [14/May/2023:07:56:16 +0200] "GET /images/mini_prod/8033667001914.jpg HTTP/1.0" 200 269 "-" "Mozilla/5.0 (X11; Ubuntu; Linux x86_64; rv:72.0) Gecko/20100101 Firefox/72.0"
149.6.140.106 - - [14/May/2023:07:56:26 +0200] "GET /images/mini_prod/3700407620326.jpg HTTP/1.0" 200 269 "-" "Mozilla/5.0 (X11; Ubuntu; Linux x86_64; rv:72.0) Gecko/20100101 Firefox/72.0"
66.249.69.74 - - [14/May/2023:07:57:01 +0200] "GET /paperweight-composition-mondrian-p-55068.html HTTP/1.0" 200 77731 "-" "Mozilla/5.0 (compatible; Googlebot/2.1; +http://www.google.com/bot.html)"
66.249.69.70 - - [14/May/2023:07:57:54 +0200] "GET /christmas-bauble-joyeux-p-58860.html HTTP/1.0" 200 76880 "-" "Mozilla/5.0 (Linux; Android 6.0.1; Nexus 5X Build/MMB29P) AppleWebKit/537.36 (KHTML, like Gecko) Chrome/112.0.5615.142 Mobile Safari/537.36 (compatible; Googlebot/2.1; +http://www.google.com/bot.html)"
195.188.181.2 - - [14/May/2023:07:58:19 +0200] "GET /images/mini_prod/3418175549014.jpg HTTP/1.0" 200 269 "-" "Mozilla/5.0 (X11; Ubuntu; Linux x86_64; rv:72.0) Gecko/20100101 Firefox/72.0"
66.249.69.72 - - [14/May/2023:07:58:33 +0200] "GET /small-baby-teeth-p-55712.html HTTP/1.0" 200 76673 "-" "Mozilla/5.0 (Linux; Android 6.0.1; Nexus 5X Build/MMB29P) AppleWebKit/537.36 (KHTML, like Gecko) Chrome/112.0.5615.142 Mobile Safari/537.36 (compatible; Googlebot/2.1; +http://www.google.com/bot.html)"
220.230.168.4 - - [14/May/2023:07:58:37 +0200] "GET /images/big_prod/4012390386721.jpg HTTP/1.0" 200 268 "-" "Mozilla/4.0 (compatible; MSIE 8.0; Windows NT 6.1; Trident/4.0)"
216.244.66.242 - - [14/May/2023:07:59:39 +0200] "GET /marshall-backpack-p-26525.html HTTP/1.0" 200 76342 "-" "Mozilla/5.0 (compatible; DotBot/1.2; +https://opensiteexplorer.org/dotbot; help@moz.com)"
