104.28.35.16 - - [14/May/2023:09:13:13 +0200] "GET /templates/Pixame_v1/images/buttons/english/button_in_cart.gif HTTP/1.0" 200 295 "http://www.wonder-geek.com/wise-wings-keychain-p-51827.html" "Mozilla/5.0 (iPhone; CPU iPhone OS 16_3_1 like Mac OS X) AppleWebKit/605.1.15 (KHTML, like Gecko) Version/16.3 Mobile/15E148 Safari/604.1"
104.28.35.16 - - [14/May/2023:09:13:22 +0200] "GET /highslide/graphics/zoomin.cur HTTP/1.0" 200 614 "http://www.wonder-geek.com/wise-wings-keychain-p-51827.html" "Mozilla/5.0 (iPhone; CPU iPhone OS 16_3_1 like Mac OS X) AppleWebKit/605.1.15 (KHTML, like Gecko) Version/16.3 Mobile/15E148 Safari/604.1"
104.28.35.16 - - [14/May/2023:09:13:26 +0200] "GET /highslide/graphics/outlines/drop-shadow.png HTTP/1.0" 200 277 "http://www.wonder-geek.com/wise-wings-keychain-p-51827.html" "Mozilla/5.0 (iPhone; CPU iPhone OS 16_3_1 like Mac OS X) AppleWebKit/605.1.15 (KHTML, like Gecko) Version/16.3 Mobile/15E148 Safari/604.1"
104.28.35.16 - - [14/May/2023:09:13:26 +0200] "GET /highslide/graphics/loader.white.gif HTTP/1.0" 200 960 "http://www.wonder-geek.com/wise-wings-keychain-p-51827.html" "Mozilla/5.0 (iPhone; CPU iPhone OS 16_3_1 like Mac OS X) AppleWebKit/605.1.15 (KHTML, like Gecko) Version/16.3 Mobile/15E148 Safari/604.1"
104.28.35.16 - - [14/May/2023:09:13:26 +0200] "GET /highslide/graphics/zoomout.cur HTTP/1.0" 200 614 "http://www.wonder-geek.com/wise-wings-keychain-p-51827.html" "Mozilla/5.0 (iPhone; CPU iPhone OS 16_3_1 like Mac OS X) AppleWebKit/605.1.15 (KHTML, like Gecko) Version/16.3 Mobile/15E148 Safari/604.1"
104.28.35.16 - - [14/May/2023:09:13:26 +0200] "GET /favicon.ico HTTP/1.0" 200 260 "http://www.wonder-geek.com/wise-wings-keychain-p-51827.html" "Mozilla/5.0 (iPhone; CPU iPhone OS 16_3_1 like Mac OS X) AppleWebKit/605.1.15 (KHTML, like Gecko) Version/16.3 Mobile/15E148 Safari/604.1"
185.176.78.178 - - [14/May/2023:09:13:31 +0200] "GET /images/mini_prod/3014627830152.jpg HTTP/1.0" 200 269 "-" "Mozilla/5.0 (X11; Ubuntu; Linux x86_64; rv:72.0) Gecko/20100101 Firefox/72.0"
66.249.69.72 - - [14/May/2023:09:13:28 +0200] "GET /coco-koala-night-light-p-55382.html HTTP/1.0" 200 77436 "-" "Mozilla/5.0 (compatible; Googlebot/2.1; +http://www.google.com/bot.html)"
8.218.248.120 - - [14/May/2023:09:13:37 +0200] "GET /images/mini_prod/3760076656453.jpg HTTP/1.0" 200 269 "-" "aria2/1.35.0"
185.191.171.14 - - [14/May/2023:09:14:01 +0200] "GET /poseidon-statue-p-53033.html HTTP/1.0" 200 76012 "-" "Mozilla/5.0 (compatible; SemrushBot/7~bl; +http://www.semrush.com/bot.html)"
42.194.240.188 - - [14/May/2023:09:14:24 +0200] "GET /images/mini_prod/3272760377433.jpg HTTP/1.0" 200 269 "-" "Mozilla/5.0 (X11; Ubuntu; Linux x86_64; rv:72.0) Gecko/20100101 Firefox/72.0"
205.186.62.252 - - [14/May/2023:09:14:41 +0200] "GET /images/mini_prod/5028486153565.jpg HTTP/1.0" 200 269 "-" "Mozilla/5.0 (X11; Ubuntu; Linux x86_64; rv:72.0) Gecko/20100101 Firefox/72.0"
153.3.60.157 - - [14/May/2023:09:15:10 +0200] "GET /images/mini_prod/1384010179017.jpg HTTP/1.0" 200 269 "-" "Mozilla/5.0 (X11; Ubuntu; Linux x86_64; rv:72.0) Gecko/20100101 Firefox/72.0"
129.204.116.160 - - [14/May/2023:09:15:54 +0200] "GET /images/mini_prod/3574642012082.jpg HTTP/1.0" 200 269 "-" "Mozilla/5.0 (X11; Ubuntu; Linux x86_64; rv:72.0) Gecko/20100101 Firefox/72.0"
121.30.179.87 - - [14/May/2023:09:16:19 +0200] "GET /images/mini_prod/8435333834275.jpg HTTP/1.0" 200 269 "-" "Mozilla/5.0 (X11; Ubuntu; Linux x86_64; rv:72.0) Gecko/20100101 Firefox/72.0"
129.82.147.216 - - [14/May/2023:09:16:50 +0200] "GET /images/mini_prod/3661443611184.jpg HTTP/1.0" 200 269 "-" "Mozilla/5.0 (X11; Ubuntu; Linux x86_64; rv:72.0) Gecko/20100101 Firefox/72.0"
66.249.69.70 - - [14/May/2023:09:17:10 +0200] "GET /images/big_prod_1/8055277547187B.jpg HTTP/1.0" 200 271 "-" "Googlebot-Image/1.0"
40.77.167.83 - - [14/May/2023:09:17:28 +0200] "GET /bowls-c-12_60.html?page=4 HTTP/1.0" 200 94403 "-" "Mozilla/5.0 AppleWebKit/537.36 (KHTML, like Gecko; compatible; bingbot/2.0; +http://www.bing.com/bingbot.htm) Chrome/103.0.5060.134 Safari/537.36"
185.191.171.11 - - [14/May/2023:09:18:21 +0200] "GET /rainbow-flag-p-41692.html HTTP/1.0" 200 73386 "-" "Mozilla/5.0 (compatible; SemrushBot/7~bl; +http://www.semrush.com/bot.html)"
185.191.171.12 - - [14/May/2023:09:18:35 +0200] "GET /-p-23405.html HTTP/1.0" 200 73324 "-" "Mozilla/5.0 (compatible; SemrushBot/7~bl; +http://www.semrush.com/bot.html)"
185.176.78.178 - - [14/May/2023:09:19:16 +0200] "GET /images/mini_prod/3453131122429.jpg HTTP/1.0" 200 269 "-" "Mozilla/5.0 (X11; Ubuntu; Linux x86_64; rv:72.0) Gecko/20100101 Firefox/72.0"
106.55.254.60 - - [14/May/2023:09:19:26 +0200] "GET /images/mini_prod/3585190639218.jpg HTTP/1.0" 200 269 "-" "Mozilla/5.0 (X11; Ubuntu; Linux x86_64; rv:72.0) Gecko/20100101 Firefox/72.0"
66.249.69.72 - - [14/May/2023:09:19:35 +0200] "GET /paperweight-amour-psych-bouguereau-p-53585.html HTTP/1.0" 200 76785 "-" "Mozilla/5.0 (compatible; Googlebot/2.1; +http://www.google.com/bot.html)"
207.46.13.220 - - [14/May/2023:09:19:39 +0200] "GET /images/big_prod_1/3503420107368D.jpg HTTP/1.0" 200 271 "-" "Mozilla/5.0 AppleWebKit/537.36 (KHTML, like Gecko; compatible; bingbot/2.0; +http://www.bing.com/bingbot.htm) Chrome/103.0.5060.134 Safari/537.36"
129.82.147.216 - - [14/May/2023:09:19:43 +0200] "GET /images/mini_prod/8435333835920.jpg HTTP/1.0" 200 269 "-" "Mozilla/5.0 (X11; Ubuntu; Linux x86_64; rv:72.0) Gecko/20100101 Firefox/72.0"
66.249.69.72 - - [14/May/2023:09:19:52 +0200] "GET /zippo-lighter-knife-p-51967.html HTTP/1.0" 200 77329 "-" "Mozilla/5.0 (Linux; Android 6.0.1; Nexus 5X Build/MMB29P) AppleWebKit/537.36 (KHTML, like Gecko) Chrome/112.0.5615.142 Mobile Safari/537.36 (compatible; Googlebot/2.1; +http://www.google.com/bot.html)"
81.71.99.67 - - [14/May/2023:09:19:56 +0200] "GET /images/mini_prod/3438100339879.jpg HTTP/1.0" 200 269 "-" "Mozilla/5.0 (X11; Ubuntu; Linux x86_64; rv:72.0) Gecko/20100101 Firefox/72.0"
66.249.69.70 - - [14/May/2023:09:19:56 +0200] "GET /blue-patinated-vase-p-57293.html HTTP/1.0" 200 76947 "-" "Mozilla/5.0 (Linux; Android 6.0.1; Nexus 5X Build/MMB29P) AppleWebKit/537.36 (KHTML, like Gecko) Chrome/112.0.5615.142 Mobile Safari/537.36 (compatible; Googlebot/2.1; +http://www.google.com/bot.html)"
66.249.69.72 - - [14/May/2023:09:20:46 +0200] "GET /marseille-adult-apron-p-58745.html HTTP/1.0" 200 76506 "-" "Mozilla/5.0 (compatible; Googlebot/2.1; +http://www.google.com/bot.html)"
66.249.69.70 - - [14/May/2023:09:21:26 +0200] "GET /pucca-cap-54-cm-p-22266.html HTTP/1.0" 301 76038 "-" "Mozilla/5.0 (compatible; Googlebot/2.1; +http://www.google.com/bot.html)"
66.249.69.72 - - [14/May/2023:09:21:29 +0200] "GET /pucca-p-22266.html HTTP/1.0" 200 75966 "-" "Mozilla/5.0 (compatible; Googlebot/2.1; +http://www.google.com/bot.html)"
66.249.69.72 - - [14/May/2023:09:21:50 +0200] "GET /christmas-bauble-famille-p-58861.html HTTP/1.0" 200 76920 "-" "Mozilla/5.0 (Linux; Android 6.0.1; Nexus 5X Build/MMB29P) AppleWebKit/537.36 (KHTML, like Gecko) Chrome/112.0.5615.142 Mobile Safari/537.36 (compatible; Googlebot/2.1; +http://www.google.com/bot.html)"
17.241.219.67 - - [14/May/2023:09:22:03 +0200] "GET /pine-wood-chest-p-53538.html HTTP/1.0" 200 76710 "-" "Mozilla/5.0 (Macintosh; Intel Mac OS X 10_15_5) AppleWebKit/605.1.15 (KHTML, like Gecko) Version/13.1.1 Safari/605.1.15 (Applebot/0.1; +http://www.apple.com/go/applebot)"
207.46.13.220 - - [14/May/2023:09:22:40 +0200] "GET /pencil-case-c-31_75.html HTTP/1.0" 200 96551 "-" "Mozilla/5.0 AppleWebKit/537.36 (KHTML, like Gecko; compatible; bingbot/2.0; +http://www.bing.com/bingbot.htm) Chrome/103.0.5060.134 Safari/537.36"
50.7.252.58 - - [14/May/2023:09:23:02 +0200] "GET /images/mini_prod/8435333849231.jpg HTTP/1.0" 200 269 "-" "Mozilla/5.0 (X11; Ubuntu; Linux x86_64; rv:72.0) Gecko/20100101 Firefox/72.0"
106.55.255.207 - - [14/May/2023:09:23:32 +0200] "GET /images/mini_prod/3700057117382.jpg HTTP/1.0" 200 269 "-" "Mozilla/5.0 (X11; Ubuntu; Linux x86_64; rv:72.0) Gecko/20100101 Firefox/72.0"
69.171.251.21 - - [14/May/2023:09:25:18 +0200] "GET /images/mini_prod/8422019609074.jpg HTTP/1.0" 200 269 "-" "Mozilla/5.0 (X11; Ubuntu; Linux x86_64; rv:72.0) Gecko/20100101 Firefox/72.0"
216.244.66.242 - - [14/May/2023:09:25:19 +0200] "GET /robots.txt HTTP/1.0" 200 245 "-" "Mozilla/5.0 (compatible; DotBot/1.2; +https://opensiteexplorer.org/dotbot; help@moz.com)"
66.249.69.70 - - [14/May/2023:09:26:25 +0200] "GET /images/big_prod_1/8719172834376B.jpg HTTP/1.0" 200 271 "-" "Googlebot-Image/1.0"
40.77.167.83 - - [14/May/2023:09:26:31 +0200] "GET /hello-kitty-victoria-couture-long-necklace-handbag-p-12281.html HTTP/1.0" 200 76205 "-" "Mozilla/5.0 AppleWebKit/537.36 (KHTML, like Gecko; compatible; bingbot/2.0; +http://www.bing.com/bingbot.htm) Chrome/103.0.5060.134 Safari/537.36"
3.84.102.148 - - [14/May/2023:09:27:02 +0200] "GET /robots.txt HTTP/1.0" 301 531 "-" "Mozilla/5.0 (Macintosh; Intel Mac OS X 10_15_7) AppleWebKit/537.36 (KHTML, like Gecko) Chrome/108.0.0.0 Safari/537.36"
3.84.102.148 - - [14/May/2023:09:27:03 +0200] "GET /robots.txt HTTP/1.0" 200 245 "-" "Mozilla/5.0 (Macintosh; Intel Mac OS X 10_15_7) AppleWebKit/537.36 (KHTML, like Gecko) Chrome/108.0.0.0 Safari/537.36"
51.68.224.127 - - [14/May/2023:09:28:11 +0200] "GET /adminweb/export_orders_xml.php?token=256de2z6edz6ed2z6DFSFsed2zed6zeDSFDSGdzedezfzf&maxorders=10&orderstart=1&status=14&start_date=2018-10-01 HTTP/1.0" 200 285 "-" "GesCom CharlotteBoutik Serveur"
51.68.224.127 - - [14/May/2023:09:28:11 +0200] "GET /adminweb/export_orders_xml.php?token=256de2z6edz6ed2z6DFSFsed2zed6zeDSFDSGdzedezfzf&maxorders=10&orderstart=1&status=6&start_date=2018-10-01 HTTP/1.0" 200 33887 "-" "GesCom CharlotteBoutik Serveur"
47.100.137.161 - - [14/May/2023:09:28:28 +0200] "GET /images/mini_prod/3700653511768.jpg HTTP/1.0" 200 269 "-" "Mozilla/5.0 (X11; Ubuntu; Linux x86_64; rv:72.0) Gecko/20100101 Firefox/72.0"
66.249.69.72 - - [14/May/2023:09:29:24 +0200] "GET /large-plush-tchoupi-p-27481.html HTTP/1.0" 200 76061 "-" "Mozilla/5.0 (Linux; Android 6.0.1; Nexus 5X Build/MMB29P) AppleWebKit/537.36 (KHTML, like Gecko) Chrome/112.0.5615.142 Mobile Safari/537.36 (compatible; Googlebot/2.1; +http://www.google.com/bot.html)"
66.249.69.70 - - [14/May/2023:09:29:27 +0200] "GET /images/big_prod_1/3453131159609B.jpg HTTP/1.0" 200 271 "-" "Googlebot-Image/1.0"
40.77.167.83 - - [14/May/2023:09:30:10 +0200] "GET /images/big_prod/3453131151498B.jpg HTTP/1.0" 200 269 "-" "Mozilla/5.0 AppleWebKit/537.36 (KHTML, like Gecko; compatible; bingbot/2.0; +http://www.bing.com/bingbot.htm) Chrome/103.0.5060.134 Safari/537.36"
66.249.69.70 - - [14/May/2023:09:30:15 +0200] "GET /images/big_prod_2/8424001749805C.jpg HTTP/1.0" 200 271 "-" "Googlebot-Image/1.0"
185.191.171.6 - - [14/May/2023:09:30:38 +0200] "GET /robots.txt HTTP/1.0" 200 245 "-" "Mozilla/5.0 (compatible; SemrushBot/7~bl; +http://www.semrush.com/bot.html)"
185.191.171.33 - - [14/May/2023:09:30:39 +0200] "GET /united-states-marshall-cover-iphone-p-19395.html HTTP/1.0" 200 76355 "-" "Mozilla/5.0 (compatible; SemrushBot/7~bl; +http://www.semrush.com/bot.html)"
8.217.84.150 - - [14/May/2023:09:30:42 +0200] "GET /images/mini_prod/3453131143240.jpg HTTP/1.0" 200 269 "-" "aria2/1.35.0"
69.171.251.23 - - [14/May/2023:09:31:12 +0200] "GET /images/mini_prod/5415203427489.jpg HTTP/1.0" 200 269 "-" "Mozilla/5.0 (X11; Ubuntu; Linux x86_64; rv:72.0) Gecko/20100101 Firefox/72.0"
66.249.69.70 - - [14/May/2023:09:32:22 +0200] "GET /images/big_prod_1/3700281645163a.jpg HTTP/1.0" 200 271 "-" "Googlebot-Image/1.0"
66.249.69.70 - - [14/May/2023:09:32:30 +0200] "GET /images/big_prod_1/8422052464067Z.jpg HTTP/1.0" 200 271 "-" "Googlebot-Image/1.0"
195.188.181.2 - - [14/May/2023:09:32:56 +0200] "GET /images/med_prod/3700516207456.jpg HTTP/1.0" 200 268 "-" "Mozilla/5.0 (X11; Ubuntu; Linux x86_64; rv:72.0) Gecko/20100101 Firefox/72.0"
17.241.219.38 - - [14/May/2023:09:33:04 +0200] "GET /images/mini_prod/842201531971.jpg HTTP/1.0" 200 268 "-" "Mozilla/5.0 (Macintosh; Intel Mac OS X 10_15_5) AppleWebKit/605.1.15 (KHTML, like Gecko) Version/13.1.1 Safari/605.1.15 (Applebot/0.1; +http://www.apple.com/go/applebot)"
147.92.153.14 - - [14/May/2023:09:33:46 +0200] "GET /images/big_prod/3700572712499C.jpg HTTP/1.0" 200 269 "-" "Mozilla/5.0 (compatible; Linespider/1.1; +https://lin.ee/4dwXkTH)"
66.249.69.70 - - [14/May/2023:09:34:02 +0200] "GET /images/big_prod_2/3665269095357b.jpg HTTP/1.0" 200 271 "-" "Googlebot-Image/1.0"
207.46.13.220 - - [14/May/2023:09:34:50 +0200] "GET /pesos-money-box-by-cbkreation-p-24144.html HTTP/1.0" 301 76093 "-" "Mozilla/5.0 AppleWebKit/537.36 (KHTML, like Gecko; compatible; bingbot/2.0; +http://www.bing.com/bingbot.htm) Chrome/103.0.5060.134 Safari/537.36"
66.249.69.72 - - [14/May/2023:09:35:59 +0200] "GET /images/big_prod_1/3665269095357a.jpg HTTP/1.0" 200 271 "-" "Googlebot-Image/1.0"
42.194.240.188 - - [14/May/2023:09:36:37 +0200] "GET /images/mini_prod/3760116310321.jpg HTTP/1.0" 200 269 "-" "Mozilla/5.0 (X11; Ubuntu; Linux x86_64; rv:72.0) Gecko/20100101 Firefox/72.0"
185.176.78.178 - - [14/May/2023:09:36:43 +0200] "GET /images/mini_prod/8435333849699.jpg HTTP/1.0" 200 269 "-" "Mozilla/5.0 (X11; Ubuntu; Linux x86_64; rv:72.0) Gecko/20100101 Firefox/72.0"
42.194.240.188 - - [14/May/2023:09:36:45 +0200] "GET /images/mini_prod/3665269058598.jpg HTTP/1.0" 200 269 "-" "Mozilla/5.0 (X11; Ubuntu; Linux x86_64; rv:72.0) Gecko/20100101 Firefox/72.0"
42.194.192.163 - - [14/May/2023:09:36:53 +0200] "GET /images/mini_prod/3503420122644.jpg HTTP/1.0" 200 269 "-" "Mozilla/5.0 (X11; Ubuntu; Linux x86_64; rv:72.0) Gecko/20100101 Firefox/72.0"
3.84.102.148 - - [14/May/2023:09:37:34 +0200] "GET / HTTP/1.0" 301 511 "-" "Mozilla/5.0 (Macintosh; Intel Mac OS X 10_15_7) AppleWebKit/537.36 (KHTML, like Gecko) Chrome/108.0.0.0 Safari/537.36"
3.84.102.148 - - [14/May/2023:09:37:34 +0200] "GET / HTTP/1.0" 200 152912 "-" "Mozilla/5.0 (Macintosh; Intel Mac OS X 10_15_7) AppleWebKit/537.36 (KHTML, like Gecko) Chrome/108.0.0.0 Safari/537.36"
66.249.69.70 - - [14/May/2023:09:38:45 +0200] "GET /images/big_prod_2/8712159186345b.jpg HTTP/1.0" 200 271 "-" "Googlebot-Image/1.0"
42.194.192.36 - - [14/May/2023:09:38:55 +0200] "GET /images/mini_prod/399984257654.jpg HTTP/1.0" 200 268 "-" "Mozilla/5.0 (X11; Ubuntu; Linux x86_64; rv:72.0) Gecko/20100101 Firefox/72.0"
42.194.240.167 - - [14/May/2023:09:39:04 +0200] "GET /images/mini_prod/8422019282000.jpg HTTP/1.0" 200 269 "-" "Mozilla/5.0 (X11; Ubuntu; Linux x86_64; rv:72.0) Gecko/20100101 Firefox/72.0"
81.71.101.51 - - [14/May/2023:09:39:23 +0200] "GET /images/mini_prod/DSCN7557.jpg HTTP/1.0" 200 264 "-" "Mozilla/5.0 (X11; Ubuntu; Linux x86_64; rv:72.0) Gecko/20100101 Firefox/72.0"
185.191.171.8 - - [14/May/2023:09:39:34 +0200] "GET /apptit-placemat-p-57755.html HTTP/1.0" 200 76477 "-" "Mozilla/5.0 (compatible; SemrushBot/7~bl; +http://www.semrush.com/bot.html)"
195.188.181.2 - - [14/May/2023:09:39:59 +0200] "GET /images/mini_prod/3700653511607.jpg HTTP/1.0" 200 269 "-" "Mozilla/5.0 (X11; Ubuntu; Linux x86_64; rv:72.0) Gecko/20100101 Firefox/72.0"
66.249.69.72 - - [14/May/2023:09:40:10 +0200] "GET /images/big_prod/3565750259162.jpg HTTP/1.0" 200 268 "-" "Googlebot-Image/1.0"
42.194.225.248 - - [14/May/2023:09:40:41 +0200] "GET /images/mini_prod/8435107801007.jpg HTTP/1.0" 200 269 "-" "Mozilla/5.0 (X11; Ubuntu; Linux x86_64; rv:72.0) Gecko/20100101 Firefox/72.0"
66.249.69.70 - - [14/May/2023:09:40:57 +0200] "GET /koala-money-p-55391.html HTTP/1.0" 200 76889 "-" "Mozilla/5.0 (Linux; Android 6.0.1; Nexus 5X Build/MMB29P) AppleWebKit/537.36 (KHTML, like Gecko) Chrome/112.0.5615.142 Mobile Safari/537.36 (compatible; Googlebot/2.1; +http://www.google.com/bot.html)"
66.249.69.72 - - [14/May/2023:09:41:26 +0200] "GET /saint-joan-prayer-candle-novena-p-51637.html HTTP/1.0" 301 73391 "-" "Mozilla/5.0 (compatible; Googlebot/2.1; +http://www.google.com/bot.html)"
66.249.69.72 - - [14/May/2023:09:41:27 +0200] "GET /-p-51637.html HTTP/1.0" 200 73324 "-" "Mozilla/5.0 (compatible; Googlebot/2.1; +http://www.google.com/bot.html)"
3.109.69.49 - - [14/May/2023:09:41:41 +0200] "GET / HTTP/1.0" 301 511 "-" "-"
3.109.69.49 - - [14/May/2023:09:41:41 +0200] "GET / HTTP/1.0" 200 152866 "-" "-"
65.108.78.33 - - [14/May/2023:09:42:05 +0200] "GET /robots.txt HTTP/1.0" 200 245 "-" "Mozilla/5.0 (compatible; MJ12bot/v1.4.8; http://mj12bot.com/)"
65.108.78.33 - - [14/May/2023:09:42:06 +0200] "GET /sardines-blue-metal-clock-p-48600.html HTTP/1.0" 301 73391 "-" "Mozilla/5.0 (compatible; MJ12bot/v1.4.8; http://mj12bot.com/)"
65.108.78.33 - - [14/May/2023:09:42:09 +0200] "GET /-p-48600.html HTTP/1.0" 200 73324 "-" "Mozilla/5.0 (compatible; MJ12bot/v1.4.8; http://mj12bot.com/)"
65.108.78.33 - - [14/May/2023:09:42:12 +0200] "GET /sardines-grey-metal-clock-p-48599.html HTTP/1.0" 301 73391 "-" "Mozilla/5.0 (compatible; MJ12bot/v1.4.8; http://mj12bot.com/)"
65.108.78.33 - - [14/May/2023:09:42:15 +0200] "GET /-p-48599.html HTTP/1.0" 200 73324 "-" "Mozilla/5.0 (compatible; MJ12bot/v1.4.8; http://mj12bot.com/)"
65.108.78.33 - - [14/May/2023:09:42:17 +0200] "GET /sauvez-bambou-mangez-panda-shirt-p-29602.html HTTP/1.0" 301 73391 "-" "Mozilla/5.0 (compatible; MJ12bot/v1.4.8; http://mj12bot.com/)"
65.108.78.33 - - [14/May/2023:09:42:20 +0200] "GET /-p-29602.html HTTP/1.0" 200 73324 "-" "Mozilla/5.0 (compatible; MJ12bot/v1.4.8; http://mj12bot.com/)"
65.108.78.33 - - [14/May/2023:09:42:23 +0200] "GET /sauvez-un-bambou-mangez-un-panda-shirt-p-29602.html HTTP/1.0" 301 73391 "-" "Mozilla/5.0 (compatible; MJ12bot/v1.4.8; http://mj12bot.com/)"
65.108.78.33 - - [14/May/2023:09:42:26 +0200] "GET /-p-29602.html HTTP/1.0" 200 73324 "-" "Mozilla/5.0 (compatible; MJ12bot/v1.4.8; http://mj12bot.com/)"
65.108.78.33 - - [14/May/2023:09:42:28 +0200] "GET /savoie-flag-90-150-cm-p-41655.html HTTP/1.0" 301 73460 "-" "Mozilla/5.0 (compatible; MJ12bot/v1.4.8; http://mj12bot.com/)"
65.108.78.33 - - [14/May/2023:09:42:31 +0200] "GET /savoie-flag-p-41655.html HTTP/1.0" 200 73382 "-" "Mozilla/5.0 (compatible; MJ12bot/v1.4.8; http://mj12bot.com/)"
65.108.78.33 - - [14/May/2023:09:42:34 +0200] "GET /savoie-flag-p-41655.html HTTP/1.0" 200 73382 "-" "Mozilla/5.0 (compatible; MJ12bot/v1.4.8; http://mj12bot.com/)"
65.108.78.33 - - [14/May/2023:09:42:37 +0200] "GET /savon-de-provence-56-cm-clock-p-21401.html HTTP/1.0" 301 73391 "-" "Mozilla/5.0 (compatible; MJ12bot/v1.4.8; http://mj12bot.com/)"
65.108.78.33 - - [14/May/2023:09:42:40 +0200] "GET /-p-21401.html HTTP/1.0" 200 73324 "-" "Mozilla/5.0 (compatible; MJ12bot/v1.4.8; http://mj12bot.com/)"
65.108.78.33 - - [14/May/2023:09:42:42 +0200] "GET /sexy-pink-cover-ipad-tablets-p-17614.html HTTP/1.0" 200 73479 "-" "Mozilla/5.0 (compatible; MJ12bot/v1.4.8; http://mj12bot.com/)"
65.108.78.33 - - [14/May/2023:09:42:45 +0200] "GET /shell-coffee-box-p-39713.html HTTP/1.0" 301 73391 "-" "Mozilla/5.0 (compatible; MJ12bot/v1.4.8; http://mj12bot.com/)"
65.108.78.33 - - [14/May/2023:09:42:48 +0200] "GET /-p-39713.html HTTP/1.0" 200 73324 "-" "Mozilla/5.0 (compatible; MJ12bot/v1.4.8; http://mj12bot.com/)"
65.108.78.33 - - [14/May/2023:09:42:51 +0200] "GET /shell-coffee-p-39713.html HTTP/1.0" 301 73391 "-" "Mozilla/5.0 (compatible; MJ12bot/v1.4.8; http://mj12bot.com/)"
65.108.78.33 - - [14/May/2023:09:42:53 +0200] "GET /-p-39713.html HTTP/1.0" 200 73324 "-" "Mozilla/5.0 (compatible; MJ12bot/v1.4.8; http://mj12bot.com/)"
65.108.78.33 - - [14/May/2023:09:42:56 +0200] "GET /shiny-skull-moneybox-p-45237.html HTTP/1.0" 200 76054 "-" "Mozilla/5.0 (compatible; MJ12bot/v1.4.8; http://mj12bot.com/)"
34.23.110.206 - - [14/May/2023:09:42:58 +0200] "GET /images/4008789054197.jpg HTTP/1.0" 200 259 "-" "Mozilla/5.0 (X11; Ubuntu; Linux x86_64; rv:72.0) Gecko/20100101 Firefox/72.0"
65.108.78.33 - - [14/May/2023:09:42:59 +0200] "GET /shiny-skull-moneybox-p-45238.html HTTP/1.0" 200 75959 "-" "Mozilla/5.0 (compatible; MJ12bot/v1.4.8; http://mj12bot.com/)"
65.108.78.33 - - [14/May/2023:09:43:02 +0200] "GET /shooters-and-their-resin-display-stand-p-42771.html HTTP/1.0" 301 76217 "-" "Mozilla/5.0 (compatible; MJ12bot/v1.4.8; http://mj12bot.com/)"
65.108.78.33 - - [14/May/2023:09:43:05 +0200] "GET /shooters-their-resin-display-stand-p-42771.html HTTP/1.0" 200 76116 "-" "Mozilla/5.0 (compatible; MJ12bot/v1.4.8; http://mj12bot.com/)"
185.191.171.24 - - [14/May/2023:09:43:06 +0200] "GET /-p-44977.html HTTP/1.0" 200 73324 "-" "Mozilla/5.0 (compatible; SemrushBot/7~bl; +http://www.semrush.com/bot.html)"
65.108.78.33 - - [14/May/2023:09:43:08 +0200] "GET /shooters-their-resin-display-stand-p-42771.html HTTP/1.0" 200 76116 "-" "Mozilla/5.0 (compatible; MJ12bot/v1.4.8; http://mj12bot.com/)"
65.108.78.33 - - [14/May/2023:09:43:12 +0200] "GET /shopping-bag-mani-the-lucky-cat-black-p-37347.html HTTP/1.0" 301 73391 "-" "Mozilla/5.0 (compatible; MJ12bot/v1.4.8; http://mj12bot.com/)"
65.108.78.33 - - [14/May/2023:09:43:15 +0200] "GET /-p-37347.html HTTP/1.0" 200 73324 "-" "Mozilla/5.0 (compatible; MJ12bot/v1.4.8; http://mj12bot.com/)"
65.108.78.33 - - [14/May/2023:09:43:17 +0200] "GET /shopping-bag-mani-the-lucky-cat-fuchsia-p-37346.html HTTP/1.0" 301 73391 "-" "Mozilla/5.0 (compatible; MJ12bot/v1.4.8; http://mj12bot.com/)"
65.108.78.33 - - [14/May/2023:09:43:20 +0200] "GET /-p-37346.html HTTP/1.0" 200 73324 "-" "Mozilla/5.0 (compatible; MJ12bot/v1.4.8; http://mj12bot.com/)"
65.108.78.33 - - [14/May/2023:09:43:23 +0200] "GET /shopping-bag-mani-the-lucky-cat-pink-p-37349.html HTTP/1.0" 301 73391 "-" "Mozilla/5.0 (compatible; MJ12bot/v1.4.8; http://mj12bot.com/)"
65.108.78.33 - - [14/May/2023:09:43:26 +0200] "GET /-p-37349.html HTTP/1.0" 200 73324 "-" "Mozilla/5.0 (compatible; MJ12bot/v1.4.8; http://mj12bot.com/)"
65.108.78.33 - - [14/May/2023:09:43:29 +0200] "GET /silicone-case-iphone-happy-colors-black-mystery-p-22380.html HTTP/1.0" 200 76230 "-" "Mozilla/5.0 (compatible; MJ12bot/v1.4.8; http://mj12bot.com/)"
65.108.78.33 - - [14/May/2023:09:43:31 +0200] "GET /silicone-infuser-for-tea-p-39702.html HTTP/1.0" 301 73477 "-" "Mozilla/5.0 (compatible; MJ12bot/v1.4.8; http://mj12bot.com/)"
65.108.78.33 - - [14/May/2023:09:43:34 +0200] "GET /silicone-infuser-p-39702.html HTTP/1.0" 200 73394 "-" "Mozilla/5.0 (compatible; MJ12bot/v1.4.8; http://mj12bot.com/)"
65.108.78.33 - - [14/May/2023:09:43:37 +0200] "GET /silicone-infuser-p-39702.html HTTP/1.0" 200 73394 "-" "Mozilla/5.0 (compatible; MJ12bot/v1.4.8; http://mj12bot.com/)"
65.108.78.33 - - [14/May/2023:09:43:40 +0200] "GET /small-retro-tray-p-17056.html HTTP/1.0" 200 73378 "-" "Mozilla/5.0 (compatible; MJ12bot/v1.4.8; http://mj12bot.com/)"
65.108.78.33 - - [14/May/2023:09:43:42 +0200] "GET /sofia-first-little-backpack-p-30375.html HTTP/1.0" 200 73430 "-" "Mozilla/5.0 (compatible; MJ12bot/v1.4.8; http://mj12bot.com/)"
65.108.78.33 - - [14/May/2023:09:43:45 +0200] "GET /sofia-the-first-little-backpack-p-30375.html HTTP/1.0" 301 73524 "-" "Mozilla/5.0 (compatible; MJ12bot/v1.4.8; http://mj12bot.com/)"
65.108.78.33 - - [14/May/2023:09:43:48 +0200] "GET /sofia-first-little-backpack-p-30375.html HTTP/1.0" 200 73430 "-" "Mozilla/5.0 (compatible; MJ12bot/v1.4.8; http://mj12bot.com/)"
65.108.78.33 - - [14/May/2023:09:43:51 +0200] "GET /soft-rattle-gund-beige-p-21368.html HTTP/1.0" 200 76201 "-" "Mozilla/5.0 (compatible; MJ12bot/v1.4.8; http://mj12bot.com/)"
65.108.78.33 - - [14/May/2023:09:43:53 +0200] "GET /soft-rattle-gund-orange-p-21365.html HTTP/1.0" 200 76209 "-" "Mozilla/5.0 (compatible; MJ12bot/v1.4.8; http://mj12bot.com/)"
65.108.78.33 - - [14/May/2023:09:43:56 +0200] "GET /soft-toy-rattle-gund-beige-dog-p-21368.html HTTP/1.0" 301 76290 "-" "Mozilla/5.0 (compatible; MJ12bot/v1.4.8; http://mj12bot.com/)"
65.108.78.33 - - [14/May/2023:09:43:59 +0200] "GET /soft-rattle-gund-beige-p-21368.html HTTP/1.0" 200 76201 "-" "Mozilla/5.0 (compatible; MJ12bot/v1.4.8; http://mj12bot.com/)"
65.108.78.33 - - [14/May/2023:09:44:02 +0200] "GET /soft-toy-rattle-gund-orange-dog-p-21365.html HTTP/1.0" 301 76299 "-" "Mozilla/5.0 (compatible; MJ12bot/v1.4.8; http://mj12bot.com/)"
65.108.78.33 - - [14/May/2023:09:44:04 +0200] "GET /soft-rattle-gund-orange-p-21365.html HTTP/1.0" 200 76209 "-" "Mozilla/5.0 (compatible; MJ12bot/v1.4.8; http://mj12bot.com/)"
65.108.78.33 - - [14/May/2023:09:44:07 +0200] "GET /sommelier-accessories-box-p-46564.html HTTP/1.0" 301 76859 "-" "Mozilla/5.0 (compatible; MJ12bot/v1.4.8; http://mj12bot.com/)"
65.108.78.33 - - [14/May/2023:09:44:10 +0200] "GET /sommelier-accessories-p-46564.html HTTP/1.0" 200 76771 "-" "Mozilla/5.0 (compatible; MJ12bot/v1.4.8; http://mj12bot.com/)"
65.108.78.33 - - [14/May/2023:09:44:13 +0200] "GET /sommelier-accessories-box-p-46614.html HTTP/1.0" 301 73391 "-" "Mozilla/5.0 (compatible; MJ12bot/v1.4.8; http://mj12bot.com/)"
65.108.78.33 - - [14/May/2023:09:44:16 +0200] "GET /-p-46614.html HTTP/1.0" 200 73324 "-" "Mozilla/5.0 (compatible; MJ12bot/v1.4.8; http://mj12bot.com/)"
65.108.78.33 - - [14/May/2023:09:44:18 +0200] "GET /sommelier-accessories-p-46564.html HTTP/1.0" 200 76771 "-" "Mozilla/5.0 (compatible; MJ12bot/v1.4.8; http://mj12bot.com/)"
51.68.224.127 - - [14/May/2023:09:44:21 +0200] "GET /adminweb/export_orders_xml.php?token=256de2z6edz6ed2z6DFSFsed2zed6zeDSFDSGdzedezfzf&maxorders=10&orderstart=1&status=14&start_date=2018-10-01 HTTP/1.0" 200 285 "-" "GesCom CharlotteBoutik Serveur"
51.68.224.127 - - [14/May/2023:09:44:21 +0200] "GET /adminweb/export_orders_xml.php?token=256de2z6edz6ed2z6DFSFsed2zed6zeDSFDSGdzedezfzf&maxorders=10&orderstart=1&status=6&start_date=2018-10-01 HTTP/1.0" 200 33887 "-" "GesCom CharlotteBoutik Serveur"
65.108.78.33 - - [14/May/2023:09:44:21 +0200] "GET /sorcerer-mickey-figure-collection-britto-p-18000.html HTTP/1.0" 200 78835 "-" "Mozilla/5.0 (compatible; MJ12bot/v1.4.8; http://mj12bot.com/)"
65.108.78.33 - - [14/May/2023:09:44:25 +0200] "GET /sorcerer-mickey-figure-collection-by-britto-p-18000.html HTTP/1.0" 301 78942 "-" "Mozilla/5.0 (compatible; MJ12bot/v1.4.8; http://mj12bot.com/)"
65.108.78.33 - - [14/May/2023:09:44:28 +0200] "GET /sorcerer-mickey-figure-collection-britto-p-18000.html HTTP/1.0" 200 78835 "-" "Mozilla/5.0 (compatible; MJ12bot/v1.4.8; http://mj12bot.com/)"
65.108.78.33 - - [14/May/2023:09:44:31 +0200] "GET /sound-chamboul-tout-maximouss-p-19894.html HTTP/1.0" 301 73391 "-" "Mozilla/5.0 (compatible; MJ12bot/v1.4.8; http://mj12bot.com/)"
216.244.66.242 - - [14/May/2023:09:44:31 +0200] "GET /water-and-outdoor-games-c-4_143.html HTTP/1.0" 301 94859 "-" "Mozilla/5.0 (compatible; DotBot/1.2; +https://opensiteexplorer.org/dotbot; help@moz.com)"
65.108.78.33 - - [14/May/2023:09:44:33 +0200] "GET /-p-19894.html HTTP/1.0" 200 73324 "-" "Mozilla/5.0 (compatible; MJ12bot/v1.4.8; http://mj12bot.com/)"
65.108.78.33 - - [14/May/2023:09:44:36 +0200] "GET /soy-luna-small-box-p-44806.html HTTP/1.0" 301 76667 "-" "Mozilla/5.0 (compatible; MJ12bot/v1.4.8; http://mj12bot.com/)"
65.108.78.33 - - [14/May/2023:09:44:39 +0200] "GET /luna-small-p-44806.html HTTP/1.0" 200 76590 "-" "Mozilla/5.0 (compatible; MJ12bot/v1.4.8; http://mj12bot.com/)"
65.108.78.33 - - [14/May/2023:09:44:42 +0200] "GET /spiderman-small-plush-backpack-p-18835.html HTTP/1.0" 301 73391 "-" "Mozilla/5.0 (compatible; MJ12bot/v1.4.8; http://mj12bot.com/)"
65.108.78.33 - - [14/May/2023:09:44:45 +0200] "GET /-p-18835.html HTTP/1.0" 200 73324 "-" "Mozilla/5.0 (compatible; MJ12bot/v1.4.8; http://mj12bot.com/)"
65.108.78.33 - - [14/May/2023:09:44:48 +0200] "GET /spiderman-trolley-bag-p-30363.html HTTP/1.0" 301 73474 "-" "Mozilla/5.0 (compatible; MJ12bot/v1.4.8; http://mj12bot.com/)"
65.108.78.33 - - [14/May/2023:09:44:50 +0200] "GET /spiderman-trolley-p-30363.html HTTP/1.0" 200 73390 "-" "Mozilla/5.0 (compatible; MJ12bot/v1.4.8; http://mj12bot.com/)"
65.108.78.33 - - [14/May/2023:09:44:53 +0200] "GET /spiderman-trolley-p-30363.html HTTP/1.0" 200 73390 "-" "Mozilla/5.0 (compatible; MJ12bot/v1.4.8; http://mj12bot.com/)"
65.108.78.33 - - [14/May/2023:09:44:56 +0200] "GET /spongebob-ceiling-light-p-16142.html HTTP/1.0" 301 73391 "-" "Mozilla/5.0 (compatible; MJ12bot/v1.4.8; http://mj12bot.com/)"
65.108.78.33 - - [14/May/2023:09:44:58 +0200] "GET /-p-16142.html HTTP/1.0" 200 73324 "-" "Mozilla/5.0 (compatible; MJ12bot/v1.4.8; http://mj12bot.com/)"
65.108.78.33 - - [14/May/2023:09:45:01 +0200] "GET /star-wars-black-sries-snowtrooper-figure-p-34592.html HTTP/1.0" 301 73391 "-" "Mozilla/5.0 (compatible; MJ12bot/v1.4.8; http://mj12bot.com/)"
65.108.78.33 - - [14/May/2023:09:45:04 +0200] "GET /-p-34592.html HTTP/1.0" 200 73324 "-" "Mozilla/5.0 (compatible; MJ12bot/v1.4.8; http://mj12bot.com/)"
65.108.78.33 - - [14/May/2023:09:45:07 +0200] "GET /star-wars-pencil-case-p-41164.html HTTP/1.0" 200 76127 "-" "Mozilla/5.0 (compatible; MJ12bot/v1.4.8; http://mj12bot.com/)"
65.108.78.33 - - [14/May/2023:09:45:10 +0200] "GET /star-wars-shirt-p-29590.html HTTP/1.0" 301 73391 "-" "Mozilla/5.0 (compatible; MJ12bot/v1.4.8; http://mj12bot.com/)"
65.108.78.33 - - [14/May/2023:09:45:13 +0200] "GET /-p-29590.html HTTP/1.0" 200 73324 "-" "Mozilla/5.0 (compatible; MJ12bot/v1.4.8; http://mj12bot.com/)"
65.108.78.33 - - [14/May/2023:09:45:16 +0200] "GET /star-wars-tee-shirt-p-29590.html HTTP/1.0" 301 73391 "-" "Mozilla/5.0 (compatible; MJ12bot/v1.4.8; http://mj12bot.com/)"
65.108.78.33 - - [14/May/2023:09:45:19 +0200] "GET /-p-29590.html HTTP/1.0" 200 73324 "-" "Mozilla/5.0 (compatible; MJ12bot/v1.4.8; http://mj12bot.com/)"
65.108.78.33 - - [14/May/2023:09:45:21 +0200] "GET /star-wars-the-black-series-snowtrooper-figure-p-34592.html HTTP/1.0" 301 73391 "-" "Mozilla/5.0 (compatible; MJ12bot/v1.4.8; http://mj12bot.com/)"
8.218.75.45 - - [14/May/2023:09:45:23 +0200] "GET /images/mini_prod/3438100356470.jpg HTTP/1.0" 200 269 "-" "aria2/1.35.0"
65.108.78.33 - - [14/May/2023:09:45:24 +0200] "GET /-p-34592.html HTTP/1.0" 200 73324 "-" "Mozilla/5.0 (compatible; MJ12bot/v1.4.8; http://mj12bot.com/)"
65.108.78.33 - - [14/May/2023:09:45:27 +0200] "GET /stars-phosphorescent-polar-plaid-p-45223.html HTTP/1.0" 301 73391 "-" "Mozilla/5.0 (compatible; MJ12bot/v1.4.8; http://mj12bot.com/)"
95.163.255.121 - - [14/May/2023:09:45:30 +0200] "GET /robots.txt HTTP/1.0" 301 531 "-" "Mozilla/5.0 (compatible; Linux x86_64; Mail.RU_Bot/Img/2.0; +https://help.mail.ru/webmaster/indexing/robots)"
65.108.78.33 - - [14/May/2023:09:45:30 +0200] "GET /-p-45223.html HTTP/1.0" 200 73324 "-" "Mozilla/5.0 (compatible; MJ12bot/v1.4.8; http://mj12bot.com/)"
65.108.78.33 - - [14/May/2023:09:45:33 +0200] "GET /stars-wars-darth-vader-figure-79-cm-p-21809.html HTTP/1.0" 301 73391 "-" "Mozilla/5.0 (compatible; MJ12bot/v1.4.8; http://mj12bot.com/)"
95.163.255.111 - - [14/May/2023:09:45:35 +0200] "GET /images/12472.jpg HTTP/1.0" 301 543 "http://go.mail.ru/search_images" "Mozilla/5.0 (compatible; Linux x86_64; Mail.RU_Bot/Img/2.0; +https://help.mail.ru/webmaster/indexing/robots)"
65.108.78.33 - - [14/May/2023:09:45:35 +0200] "GET /-p-21809.html HTTP/1.0" 200 73324 "-" "Mozilla/5.0 (compatible; MJ12bot/v1.4.8; http://mj12bot.com/)"
95.163.255.111 - - [14/May/2023:09:45:38 +0200] "GET /images/med_prod/5036278061301.jpg HTTP/1.0" 301 577 "http://go.mail.ru/search_images" "Mozilla/5.0 (compatible; Linux x86_64; Mail.RU_Bot/Img/2.0; +https://help.mail.ru/webmaster/indexing/robots)"
65.108.78.33 - - [14/May/2023:09:45:38 +0200] "GET /starwars-your-father-cosmetic-bag-p-16888.html HTTP/1.0" 301 73391 "-" "Mozilla/5.0 (compatible; MJ12bot/v1.4.8; http://mj12bot.com/)"
65.108.78.33 - - [14/May/2023:09:45:41 +0200] "GET /-p-16888.html HTTP/1.0" 200 73324 "-" "Mozilla/5.0 (compatible; MJ12bot/v1.4.8; http://mj12bot.com/)"
65.108.78.33 - - [14/May/2023:09:45:44 +0200] "GET /stationery-and-cardmaking-c-129.html?page=12 HTTP/1.0" 301 95672 "-" "Mozilla/5.0 (compatible; MJ12bot/v1.4.8; http://mj12bot.com/)"
95.163.255.140 - - [14/May/2023:09:45:47 +0200] "GET /robots.txt HTTP/1.0" 200 245 "-" "Mozilla/5.0 (compatible; Linux x86_64; Mail.RU_Bot/Img/2.0; +https://help.mail.ru/webmaster/indexing/robots)"
65.108.78.33 - - [14/May/2023:09:45:46 +0200] "GET /stationery-cardmaking-c-129.html?page=12 HTTP/1.0" 200 95578 "-" "Mozilla/5.0 (compatible; MJ12bot/v1.4.8; http://mj12bot.com/)"
95.163.255.121 - - [14/May/2023:09:45:51 +0200] "GET /images/12472.jpg HTTP/1.0" 200 251 "http://wonder-geek.com/images/12472.jpg" "Mozilla/5.0 (compatible; Linux x86_64; Mail.RU_Bot/Img/2.0; +https://help.mail.ru/webmaster/indexing/robots)"
65.108.78.33 - - [14/May/2023:09:45:50 +0200] "GET /stationery-and-cardmaking-c-129.html?page=13 HTTP/1.0" 301 95934 "-" "Mozilla/5.0 (compatible; MJ12bot/v1.4.8; http://mj12bot.com/)"
65.108.78.33 - - [14/May/2023:09:45:53 +0200] "GET /stationery-cardmaking-c-129.html?page=13 HTTP/1.0" 200 95840 "-" "Mozilla/5.0 (compatible; MJ12bot/v1.4.8; http://mj12bot.com/)"
95.163.255.111 - - [14/May/2023:09:45:55 +0200] "GET /images/med_prod/5036278061301.jpg HTTP/1.0" 200 268 "http://wonder-geek.com/images/med_prod/5036278061301.jpg" "Mozilla/5.0 (compatible; Linux x86_64; Mail.RU_Bot/Img/2.0; +https://help.mail.ru/webmaster/indexing/robots)"
65.108.78.33 - - [14/May/2023:09:45:56 +0200] "GET /stationery-and-cardmaking-c-129.html?page=14 HTTP/1.0" 301 95595 "-" "Mozilla/5.0 (compatible; MJ12bot/v1.4.8; http://mj12bot.com/)"
65.108.78.33 - - [14/May/2023:09:45:59 +0200] "GET /stationery-cardmaking-c-129.html?page=14 HTTP/1.0" 200 95501 "-" "Mozilla/5.0 (compatible; MJ12bot/v1.4.8; http://mj12bot.com/)"
65.108.78.33 - - [14/May/2023:09:46:03 +0200] "GET /stationery-and-cardmaking-c-129.html?page=15 HTTP/1.0" 301 95797 "-" "Mozilla/5.0 (compatible; MJ12bot/v1.4.8; http://mj12bot.com/)"
65.108.78.33 - - [14/May/2023:09:46:05 +0200] "GET /stationery-cardmaking-c-129.html?page=15 HTTP/1.0" 200 95703 "-" "Mozilla/5.0 (compatible; MJ12bot/v1.4.8; http://mj12bot.com/)"
65.108.78.33 - - [14/May/2023:09:46:09 +0200] "GET /stationery-and-cardmaking-c-129.html?page=16 HTTP/1.0" 301 95622 "-" "Mozilla/5.0 (compatible; MJ12bot/v1.4.8; http://mj12bot.com/)"
65.108.78.33 - - [14/May/2023:09:46:12 +0200] "GET /stationery-cardmaking-c-129.html?page=16 HTTP/1.0" 200 95528 "-" "Mozilla/5.0 (compatible; MJ12bot/v1.4.8; http://mj12bot.com/)"
65.108.78.33 - - [14/May/2023:09:46:15 +0200] "GET /stationery-and-cardmaking-c-129.html?page=17 HTTP/1.0" 301 95720 "-" "Mozilla/5.0 (compatible; MJ12bot/v1.4.8; http://mj12bot.com/)"
65.108.78.33 - - [14/May/2023:09:46:18 +0200] "GET /stationery-cardmaking-c-129.html?page=17 HTTP/1.0" 200 95626 "-" "Mozilla/5.0 (compatible; MJ12bot/v1.4.8; http://mj12bot.com/)"
65.108.78.33 - - [14/May/2023:09:46:21 +0200] "GET /stationery-and-cardmaking-c-129.html?page=18 HTTP/1.0" 301 95218 "-" "Mozilla/5.0 (compatible; MJ12bot/v1.4.8; http://mj12bot.com/)"
65.108.78.33 - - [14/May/2023:09:46:24 +0200] "GET /stationery-cardmaking-c-129.html?page=18 HTTP/1.0" 200 95124 "-" "Mozilla/5.0 (compatible; MJ12bot/v1.4.8; http://mj12bot.com/)"
65.108.78.33 - - [14/May/2023:09:46:27 +0200] "GET /stationery-and-cardmaking-c-129.html?page=19 HTTP/1.0" 301 95390 "-" "Mozilla/5.0 (compatible; MJ12bot/v1.4.8; http://mj12bot.com/)"
65.108.78.33 - - [14/May/2023:09:46:30 +0200] "GET /stationery-cardmaking-c-129.html?page=19 HTTP/1.0" 200 95296 "-" "Mozilla/5.0 (compatible; MJ12bot/v1.4.8; http://mj12bot.com/)"
65.108.78.33 - - [14/May/2023:09:46:34 +0200] "GET /stationery-and-cardmaking-c-129.html?page=20 HTTP/1.0" 301 95362 "-" "Mozilla/5.0 (compatible; MJ12bot/v1.4.8; http://mj12bot.com/)"
65.108.78.33 - - [14/May/2023:09:46:36 +0200] "GET /stationery-cardmaking-c-129.html?page=20 HTTP/1.0" 200 95268 "-" "Mozilla/5.0 (compatible; MJ12bot/v1.4.8; http://mj12bot.com/)"
65.108.78.33 - - [14/May/2023:09:46:40 +0200] "GET /stationery-and-cardmaking-c-129.html?page=21 HTTP/1.0" 301 94451 "-" "Mozilla/5.0 (compatible; MJ12bot/v1.4.8; http://mj12bot.com/)"
65.108.78.33 - - [14/May/2023:09:46:43 +0200] "GET /stationery-cardmaking-c-129.html?page=21 HTTP/1.0" 200 94357 "-" "Mozilla/5.0 (compatible; MJ12bot/v1.4.8; http://mj12bot.com/)"
65.108.78.33 - - [14/May/2023:09:46:46 +0200] "GET /stationery-cardmaking-c-129.html?page=12 HTTP/1.0" 200 95578 "-" "Mozilla/5.0 (compatible; MJ12bot/v1.4.8; http://mj12bot.com/)"
65.108.78.33 - - [14/May/2023:09:46:50 +0200] "GET /stationery-cardmaking-c-129.html?page=13 HTTP/1.0" 200 95840 "-" "Mozilla/5.0 (compatible; MJ12bot/v1.4.8; http://mj12bot.com/)"
65.108.78.33 - - [14/May/2023:09:46:53 +0200] "GET /stationery-cardmaking-c-129.html?page=14 HTTP/1.0" 200 95501 "-" "Mozilla/5.0 (compatible; MJ12bot/v1.4.8; http://mj12bot.com/)"
65.108.78.33 - - [14/May/2023:09:46:57 +0200] "GET /stationery-cardmaking-c-129.html?page=15 HTTP/1.0" 200 95703 "-" "Mozilla/5.0 (compatible; MJ12bot/v1.4.8; http://mj12bot.com/)"
65.108.78.33 - - [14/May/2023:09:47:01 +0200] "GET /stationery-cardmaking-c-129.html?page=16 HTTP/1.0" 200 95528 "-" "Mozilla/5.0 (compatible; MJ12bot/v1.4.8; http://mj12bot.com/)"
65.108.78.33 - - [14/May/2023:09:47:04 +0200] "GET /stationery-cardmaking-c-129.html?page=17 HTTP/1.0" 200 95626 "-" "Mozilla/5.0 (compatible; MJ12bot/v1.4.8; http://mj12bot.com/)"
65.108.78.33 - - [14/May/2023:09:47:07 +0200] "GET /stationery-cardmaking-c-129.html?page=18 HTTP/1.0" 200 95124 "-" "Mozilla/5.0 (compatible; MJ12bot/v1.4.8; http://mj12bot.com/)"
65.108.78.33 - - [14/May/2023:09:47:11 +0200] "GET /stationery-cardmaking-c-129.html?page=19 HTTP/1.0" 200 95296 "-" "Mozilla/5.0 (compatible; MJ12bot/v1.4.8; http://mj12bot.com/)"
65.108.78.33 - - [14/May/2023:09:47:14 +0200] "GET /stationery-cardmaking-c-129.html?page=20 HTTP/1.0" 200 95268 "-" "Mozilla/5.0 (compatible; MJ12bot/v1.4.8; http://mj12bot.com/)"
65.108.78.33 - - [14/May/2023:09:47:18 +0200] "GET /stationery-cardmaking-c-129.html?page=21 HTTP/1.0" 200 94357 "-" "Mozilla/5.0 (compatible; MJ12bot/v1.4.8; http://mj12bot.com/)"
65.108.78.33 - - [14/May/2023:09:47:21 +0200] "GET /stationery-school-supplies-c-129_30.html?page=13 HTTP/1.0" 301 87983 "-" "Mozilla/5.0 (compatible; MJ12bot/v1.4.8; http://mj12bot.com/)"
65.108.78.33 - - [14/May/2023:09:47:24 +0200] "GET /creative-hobbies-coloring-c-30.html?page=13 HTTP/1.0" 301 87847 "-" "Mozilla/5.0 (compatible; MJ12bot/v1.4.8; http://mj12bot.com/)"
65.108.78.33 - - [14/May/2023:09:47:27 +0200] "GET /creative-hobbies-coloring-c-129_30.html?page=13 HTTP/1.0" 200 87886 "-" "Mozilla/5.0 (compatible; MJ12bot/v1.4.8; http://mj12bot.com/)"
65.108.78.33 - - [14/May/2023:09:47:30 +0200] "GET /stationery-school-supplies-c-129_30.html?page=14 HTTP/1.0" 301 87983 "-" "Mozilla/5.0 (compatible; MJ12bot/v1.4.8; http://mj12bot.com/)"
65.108.78.33 - - [14/May/2023:09:47:32 +0200] "GET /creative-hobbies-coloring-c-30.html?page=14 HTTP/1.0" 301 87847 "-" "Mozilla/5.0 (compatible; MJ12bot/v1.4.8; http://mj12bot.com/)"
65.108.78.33 - - [14/May/2023:09:47:35 +0200] "GET /creative-hobbies-coloring-c-129_30.html?page=14 HTTP/1.0" 200 87886 "-" "Mozilla/5.0 (compatible; MJ12bot/v1.4.8; http://mj12bot.com/)"
65.108.78.33 - - [14/May/2023:09:47:38 +0200] "GET /stationery-school-supplies-c-129_30.html?page=15 HTTP/1.0" 301 87983 "-" "Mozilla/5.0 (compatible; MJ12bot/v1.4.8; http://mj12bot.com/)"
65.108.78.33 - - [14/May/2023:09:47:41 +0200] "GET /creative-hobbies-coloring-c-30.html?page=15 HTTP/1.0" 301 87847 "-" "Mozilla/5.0 (compatible; MJ12bot/v1.4.8; http://mj12bot.com/)"
65.108.78.33 - - [14/May/2023:09:47:44 +0200] "GET /creative-hobbies-coloring-c-129_30.html?page=15 HTTP/1.0" 200 87886 "-" "Mozilla/5.0 (compatible; MJ12bot/v1.4.8; http://mj12bot.com/)"
65.108.78.33 - - [14/May/2023:09:47:47 +0200] "GET /stationery-school-supplies-c-129_30.html?page=16 HTTP/1.0" 301 87983 "-" "Mozilla/5.0 (compatible; MJ12bot/v1.4.8; http://mj12bot.com/)"
65.108.78.33 - - [14/May/2023:09:47:50 +0200] "GET /creative-hobbies-coloring-c-30.html?page=16 HTTP/1.0" 301 87847 "-" "Mozilla/5.0 (compatible; MJ12bot/v1.4.8; http://mj12bot.com/)"
185.191.171.35 - - [14/May/2023:09:47:51 +0200] "GET /cast-iron-lamp-p-46495.html HTTP/1.0" 200 73378 "-" "Mozilla/5.0 (compatible; SemrushBot/7~bl; +http://www.semrush.com/bot.html)"
65.108.78.33 - - [14/May/2023:09:47:53 +0200] "GET /creative-hobbies-coloring-c-129_30.html?page=16 HTTP/1.0" 200 87886 "-" "Mozilla/5.0 (compatible; MJ12bot/v1.4.8; http://mj12bot.com/)"
65.108.78.33 - - [14/May/2023:09:47:56 +0200] "GET /stationery-school-supplies-c-129_30.html?page=17 HTTP/1.0" 301 87983 "-" "Mozilla/5.0 (compatible; MJ12bot/v1.4.8; http://mj12bot.com/)"
65.108.78.33 - - [14/May/2023:09:47:58 +0200] "GET /creative-hobbies-coloring-c-30.html?page=17 HTTP/1.0" 301 87847 "-" "Mozilla/5.0 (compatible; MJ12bot/v1.4.8; http://mj12bot.com/)"
65.108.78.33 - - [14/May/2023:09:48:01 +0200] "GET /creative-hobbies-coloring-c-129_30.html?page=17 HTTP/1.0" 200 87886 "-" "Mozilla/5.0 (compatible; MJ12bot/v1.4.8; http://mj12bot.com/)"
65.108.78.33 - - [14/May/2023:09:48:04 +0200] "GET /stationery-school-supplies-c-129_30.html?page=18 HTTP/1.0" 301 87983 "-" "Mozilla/5.0 (compatible; MJ12bot/v1.4.8; http://mj12bot.com/)"
65.108.78.33 - - [14/May/2023:09:48:07 +0200] "GET /creative-hobbies-coloring-c-30.html?page=18 HTTP/1.0" 301 87847 "-" "Mozilla/5.0 (compatible; MJ12bot/v1.4.8; http://mj12bot.com/)"
65.108.78.33 - - [14/May/2023:09:48:09 +0200] "GET /creative-hobbies-coloring-c-129_30.html?page=18 HTTP/1.0" 200 87886 "-" "Mozilla/5.0 (compatible; MJ12bot/v1.4.8; http://mj12bot.com/)"
65.108.78.33 - - [14/May/2023:09:48:12 +0200] "GET /stationery-school-supplies-c-129_30.html?page=19 HTTP/1.0" 301 87983 "-" "Mozilla/5.0 (compatible; MJ12bot/v1.4.8; http://mj12bot.com/)"
65.108.78.33 - - [14/May/2023:09:48:15 +0200] "GET /creative-hobbies-coloring-c-30.html?page=19 HTTP/1.0" 301 87847 "-" "Mozilla/5.0 (compatible; MJ12bot/v1.4.8; http://mj12bot.com/)"
65.108.78.33 - - [14/May/2023:09:48:18 +0200] "GET /creative-hobbies-coloring-c-129_30.html?page=19 HTTP/1.0" 200 87886 "-" "Mozilla/5.0 (compatible; MJ12bot/v1.4.8; http://mj12bot.com/)"
65.108.78.33 - - [14/May/2023:09:48:21 +0200] "GET /stationery-school-supplies-c-129_30.html?page=20 HTTP/1.0" 301 87983 "-" "Mozilla/5.0 (compatible; MJ12bot/v1.4.8; http://mj12bot.com/)"
65.108.78.33 - - [14/May/2023:09:48:23 +0200] "GET /creative-hobbies-coloring-c-30.html?page=20 HTTP/1.0" 301 87847 "-" "Mozilla/5.0 (compatible; MJ12bot/v1.4.8; http://mj12bot.com/)"
65.108.78.33 - - [14/May/2023:09:48:26 +0200] "GET /creative-hobbies-coloring-c-129_30.html?page=20 HTTP/1.0" 200 87886 "-" "Mozilla/5.0 (compatible; MJ12bot/v1.4.8; http://mj12bot.com/)"
65.108.78.33 - - [14/May/2023:09:48:29 +0200] "GET /stationery-school-supplies-c-129_30.html?page=21 HTTP/1.0" 301 87983 "-" "Mozilla/5.0 (compatible; MJ12bot/v1.4.8; http://mj12bot.com/)"
65.108.78.33 - - [14/May/2023:09:48:32 +0200] "GET /creative-hobbies-coloring-c-30.html?page=21 HTTP/1.0" 301 87847 "-" "Mozilla/5.0 (compatible; MJ12bot/v1.4.8; http://mj12bot.com/)"
65.108.78.33 - - [14/May/2023:09:48:35 +0200] "GET /creative-hobbies-coloring-c-129_30.html?page=21 HTTP/1.0" 200 87886 "-" "Mozilla/5.0 (compatible; MJ12bot/v1.4.8; http://mj12bot.com/)"
65.108.78.33 - - [14/May/2023:09:48:38 +0200] "GET /stones-rock-crystal-grams-p-46607.html HTTP/1.0" 200 77365 "-" "Mozilla/5.0 (compatible; MJ12bot/v1.4.8; http://mj12bot.com/)"
129.82.147.216 - - [14/May/2023:09:48:40 +0200] "GET /images/mini_prod/3457019600467.jpg HTTP/1.0" 200 269 "-" "Mozilla/5.0 (X11; Ubuntu; Linux x86_64; rv:72.0) Gecko/20100101 Firefox/72.0"
65.108.78.33 - - [14/May/2023:09:48:41 +0200] "GET /tablecloth-azulejos-treated-anti-stain-orange-150-150-cm-p-48522.html HTTP/1.0" 301 73632 "-" "Mozilla/5.0 (compatible; MJ12bot/v1.4.8; http://mj12bot.com/)"
65.108.78.33 - - [14/May/2023:09:48:43 +0200] "GET /tablecloth-azulejos-treated-anti-stain-orange-p-48522.html HTTP/1.0" 200 73520 "-" "Mozilla/5.0 (compatible; MJ12bot/v1.4.8; http://mj12bot.com/)"
65.108.78.33 - - [14/May/2023:09:48:46 +0200] "GET /tablecloth-azulejos-treated-anti-stain-orange-p-48522.html HTTP/1.0" 200 73520 "-" "Mozilla/5.0 (compatible; MJ12bot/v1.4.8; http://mj12bot.com/)"
65.108.78.33 - - [14/May/2023:09:48:49 +0200] "GET /tarot-tree-life-engraved-p-57938.html HTTP/1.0" 200 77285 "-" "Mozilla/5.0 (compatible; MJ12bot/v1.4.8; http://mj12bot.com/)"
65.108.78.33 - - [14/May/2023:09:48:52 +0200] "GET /temps-cotton-adult-apron-p-45253.html HTTP/1.0" 200 75960 "-" "Mozilla/5.0 (compatible; MJ12bot/v1.4.8; http://mj12bot.com/)"
65.108.78.33 - - [14/May/2023:09:48:55 +0200] "GET /teo-jasmin-companion-portfolio-nova-p-43160.html HTTP/1.0" 301 73534 "-" "Mozilla/5.0 (compatible; MJ12bot/v1.4.8; http://mj12bot.com/)"
65.108.78.33 - - [14/May/2023:09:48:57 +0200] "GET /jasmin-companion-portfolio-nova-p-43160.html HTTP/1.0" 200 73436 "-" "Mozilla/5.0 (compatible; MJ12bot/v1.4.8; http://mj12bot.com/)"
65.108.78.33 - - [14/May/2023:09:49:00 +0200] "GET /teo-jasmin-companion-portfolio-p-38837.html HTTP/1.0" 301 73519 "-" "Mozilla/5.0 (compatible; MJ12bot/v1.4.8; http://mj12bot.com/)"
65.108.78.33 - - [14/May/2023:09:49:03 +0200] "GET /jasmin-companion-portfolio-p-38837.html HTTP/1.0" 200 73426 "-" "Mozilla/5.0 (compatible; MJ12bot/v1.4.8; http://mj12bot.com/)"
65.108.78.33 - - [14/May/2023:09:49:06 +0200] "GET /teo-jasmin-companion-portfolio-p-43462.html HTTP/1.0" 301 73519 "-" "Mozilla/5.0 (compatible; MJ12bot/v1.4.8; http://mj12bot.com/)"
65.108.78.33 - - [14/May/2023:09:49:08 +0200] "GET /jasmin-companion-portfolio-p-43462.html HTTP/1.0" 200 73426 "-" "Mozilla/5.0 (compatible; MJ12bot/v1.4.8; http://mj12bot.com/)"
65.108.78.33 - - [14/May/2023:09:49:11 +0200] "GET /teo-jasmin-glass-coasters-jasmine-p-42252.html HTTP/1.0" 301 73391 "-" "Mozilla/5.0 (compatible; MJ12bot/v1.4.8; http://mj12bot.com/)"
207.46.13.208 - - [14/May/2023:09:49:13 +0200] "GET /decorations/miroirs/miroir-marilyn-monroe-smile-p-18036.html HTTP/1.0" 301 73391 "-" "Mozilla/5.0 AppleWebKit/537.36 (KHTML, like Gecko; compatible; bingbot/2.0; +http://www.bing.com/bingbot.htm) Chrome/103.0.5060.134 Safari/537.36"
65.108.78.33 - - [14/May/2023:09:49:14 +0200] "GET /-p-42252.html HTTP/1.0" 200 73324 "-" "Mozilla/5.0 (compatible; MJ12bot/v1.4.8; http://mj12bot.com/)"
65.108.78.33 - - [14/May/2023:09:49:16 +0200] "GET /teo-jasmin-green-melamine-tray-p-34938.html HTTP/1.0" 301 73391 "-" "Mozilla/5.0 (compatible; MJ12bot/v1.4.8; http://mj12bot.com/)"
66.249.69.70 - - [14/May/2023:09:49:19 +0200] "GET /images/big_prod_2/8445146057440C.jpg HTTP/1.0" 200 271 "-" "Googlebot-Image/1.0"
65.108.78.33 - - [14/May/2023:09:49:19 +0200] "GET /-p-34938.html HTTP/1.0" 200 73324 "-" "Mozilla/5.0 (compatible; MJ12bot/v1.4.8; http://mj12bot.com/)"
65.108.78.33 - - [14/May/2023:09:49:22 +0200] "GET /teo-jasmin-jasmine-mood-companion-portfolio-p-35089.html HTTP/1.0" 301 73391 "-" "Mozilla/5.0 (compatible; MJ12bot/v1.4.8; http://mj12bot.com/)"
65.108.78.33 - - [14/May/2023:09:49:24 +0200] "GET /-p-35089.html HTTP/1.0" 200 73324 "-" "Mozilla/5.0 (compatible; MJ12bot/v1.4.8; http://mj12bot.com/)"
65.108.78.33 - - [14/May/2023:09:49:27 +0200] "GET /teo-jasmin-jasmine-mug-p-43457.html HTTP/1.0" 301 73391 "-" "Mozilla/5.0 (compatible; MJ12bot/v1.4.8; http://mj12bot.com/)"
65.108.78.33 - - [14/May/2023:09:49:30 +0200] "GET /-p-43457.html HTTP/1.0" 200 73324 "-" "Mozilla/5.0 (compatible; MJ12bot/v1.4.8; http://mj12bot.com/)"
65.108.78.33 - - [14/May/2023:09:49:33 +0200] "GET /teo-jasmin-jasmine-mug-p-43458.html HTTP/1.0" 301 73490 "-" "Mozilla/5.0 (compatible; MJ12bot/v1.4.8; http://mj12bot.com/)"
207.46.13.208 - - [14/May/2023:09:49:33 +0200] "GET /teo-jasmin-small-cabas-p-28734.html HTTP/1.0" 301 73391 "-" "Mozilla/5.0 AppleWebKit/537.36 (KHTML, like Gecko; compatible; bingbot/2.0; +http://www.bing.com/bingbot.htm) Chrome/103.0.5060.134 Safari/537.36"
65.108.78.33 - - [14/May/2023:09:49:35 +0200] "GET /jasmin-jasmine-p-43458.html HTTP/1.0" 200 73409 "-" "Mozilla/5.0 (compatible; MJ12bot/v1.4.8; http://mj12bot.com/)"
65.108.78.33 - - [14/May/2023:09:49:38 +0200] "GET /teo-jasmin-jasmine-mug-p-43459.html HTTP/1.0" 301 73391 "-" "Mozilla/5.0 (compatible; MJ12bot/v1.4.8; http://mj12bot.com/)"
65.108.78.33 - - [14/May/2023:09:49:41 +0200] "GET /-p-43459.html HTTP/1.0" 200 73324 "-" "Mozilla/5.0 (compatible; MJ12bot/v1.4.8; http://mj12bot.com/)"
65.108.78.33 - - [14/May/2023:09:49:43 +0200] "GET /teo-jasmin-jasmine-mug-p-43460.html HTTP/1.0" 301 73391 "-" "Mozilla/5.0 (compatible; MJ12bot/v1.4.8; http://mj12bot.com/)"
65.108.78.33 - - [14/May/2023:09:49:46 +0200] "GET /-p-43460.html HTTP/1.0" 200 73324 "-" "Mozilla/5.0 (compatible; MJ12bot/v1.4.8; http://mj12bot.com/)"
65.108.78.33 - - [14/May/2023:09:49:49 +0200] "GET /teo-jasmin-jasmine-stardust-companion-portfolio-p-40984.html HTTP/1.0" 301 73391 "-" "Mozilla/5.0 (compatible; MJ12bot/v1.4.8; http://mj12bot.com/)"
65.108.78.33 - - [14/May/2023:09:49:52 +0200] "GET /-p-40984.html HTTP/1.0" 200 73324 "-" "Mozilla/5.0 (compatible; MJ12bot/v1.4.8; http://mj12bot.com/)"
65.108.78.33 - - [14/May/2023:09:49:55 +0200] "GET /teo-jasmin-large-cabas-teo-labaule-p-40586.html HTTP/1.0" 301 73391 "-" "Mozilla/5.0 (compatible; MJ12bot/v1.4.8; http://mj12bot.com/)"
65.108.78.33 - - [14/May/2023:09:49:57 +0200] "GET /-p-40586.html HTTP/1.0" 200 73324 "-" "Mozilla/5.0 (compatible; MJ12bot/v1.4.8; http://mj12bot.com/)"
65.108.78.33 - - [14/May/2023:09:50:00 +0200] "GET /teo-jasmin-large-make-up-pouch-p-36072.html HTTP/1.0" 301 73391 "-" "Mozilla/5.0 (compatible; MJ12bot/v1.4.8; http://mj12bot.com/)"
65.108.78.33 - - [14/May/2023:09:50:03 +0200] "GET /-p-36072.html HTTP/1.0" 200 73324 "-" "Mozilla/5.0 (compatible; MJ12bot/v1.4.8; http://mj12bot.com/)"
65.108.78.33 - - [14/May/2023:09:50:06 +0200] "GET /teo-jasmin-make-up-pouch-teo-koala-grey-p-38838.html HTTP/1.0" 301 73391 "-" "Mozilla/5.0 (compatible; MJ12bot/v1.4.8; http://mj12bot.com/)"
65.108.78.33 - - [14/May/2023:09:50:08 +0200] "GET /-p-38838.html HTTP/1.0" 200 73324 "-" "Mozilla/5.0 (compatible; MJ12bot/v1.4.8; http://mj12bot.com/)"
