65.108.2.171 - - [14/May/2023:10:45:19 +0200] "GET /banao-cotton-jute-basket-planter-p-57927.html HTTP/1.0" 200 76779 "-" "Mozilla/5.0 (compatible; MJ12bot/v1.4.8; http://mj12bot.com/)"
65.108.2.171 - - [14/May/2023:10:45:22 +0200] "GET /barbabelle-barbapapa-giant-cup-p-4123.html HTTP/1.0" 301 73516 "-" "Mozilla/5.0 (compatible; MJ12bot/v1.4.8; http://mj12bot.com/)"
65.108.2.171 - - [14/May/2023:10:45:25 +0200] "GET /barbabelle-barbapapa-giant-p-4123.html HTTP/1.0" 200 73424 "-" "Mozilla/5.0 (compatible; MJ12bot/v1.4.8; http://mj12bot.com/)"
65.108.2.171 - - [14/May/2023:10:45:28 +0200] "GET /barbabelle-barbapapa-giant-p-4123.html HTTP/1.0" 200 73424 "-" "Mozilla/5.0 (compatible; MJ12bot/v1.4.8; http://mj12bot.com/)"
65.108.2.171 - - [14/May/2023:10:45:31 +0200] "GET /barbamama-cap-54-cm-p-22117.html HTTP/1.0" 301 73391 "-" "Mozilla/5.0 (compatible; MJ12bot/v1.4.8; http://mj12bot.com/)"
65.108.2.171 - - [14/May/2023:10:45:34 +0200] "GET /-p-22117.html HTTP/1.0" 200 73324 "-" "Mozilla/5.0 (compatible; MJ12bot/v1.4.8; http://mj12bot.com/)"
65.108.2.171 - - [14/May/2023:10:45:37 +0200] "GET /barbamama-large-mug-p-2672.html HTTP/1.0" 301 73388 "-" "Mozilla/5.0 (compatible; MJ12bot/v1.4.8; http://mj12bot.com/)"
65.108.2.171 - - [14/May/2023:10:45:40 +0200] "GET /-p-2672.html HTTP/1.0" 200 73322 "-" "Mozilla/5.0 (compatible; MJ12bot/v1.4.8; http://mj12bot.com/)"
65.108.2.171 - - [14/May/2023:10:45:42 +0200] "GET /barbamama-little-box-p-6242.html HTTP/1.0" 301 73388 "-" "Mozilla/5.0 (compatible; MJ12bot/v1.4.8; http://mj12bot.com/)"
65.108.2.171 - - [14/May/2023:10:45:45 +0200] "GET /-p-6242.html HTTP/1.0" 200 73322 "-" "Mozilla/5.0 (compatible; MJ12bot/v1.4.8; http://mj12bot.com/)"
65.108.2.171 - - [14/May/2023:10:45:48 +0200] "GET /barbapapa-blue-paper-gift-p-17669.html HTTP/1.0" 301 73391 "-" "Mozilla/5.0 (compatible; MJ12bot/v1.4.8; http://mj12bot.com/)"
65.108.2.171 - - [14/May/2023:10:45:50 +0200] "GET /-p-17669.html HTTP/1.0" 200 73324 "-" "Mozilla/5.0 (compatible; MJ12bot/v1.4.8; http://mj12bot.com/)"
65.108.2.171 - - [14/May/2023:10:45:53 +0200] "GET /barbapapa-family-pencil-case-p-14470.html HTTP/1.0" 301 73391 "-" "Mozilla/5.0 (compatible; MJ12bot/v1.4.8; http://mj12bot.com/)"
65.108.2.171 - - [14/May/2023:10:45:56 +0200] "GET /-p-14470.html HTTP/1.0" 200 73324 "-" "Mozilla/5.0 (compatible; MJ12bot/v1.4.8; http://mj12bot.com/)"
65.108.2.171 - - [14/May/2023:10:45:59 +0200] "GET /barbapapa-gift-box-pieces-p-30322.html HTTP/1.0" 301 73391 "-" "Mozilla/5.0 (compatible; MJ12bot/v1.4.8; http://mj12bot.com/)"
65.108.2.171 - - [14/May/2023:10:46:01 +0200] "GET /-p-30322.html HTTP/1.0" 200 73324 "-" "Mozilla/5.0 (compatible; MJ12bot/v1.4.8; http://mj12bot.com/)"
65.108.2.171 - - [14/May/2023:10:46:04 +0200] "GET /barbapapa-idol-fitted-sheet-p-14727.html HTTP/1.0" 301 73391 "-" "Mozilla/5.0 (compatible; MJ12bot/v1.4.8; http://mj12bot.com/)"
65.108.2.171 - - [14/May/2023:10:46:07 +0200] "GET /-p-14727.html HTTP/1.0" 200 73324 "-" "Mozilla/5.0 (compatible; MJ12bot/v1.4.8; http://mj12bot.com/)"
65.108.2.171 - - [14/May/2023:10:46:10 +0200] "GET /barbapapa-ivory-retro-reporter-bag-p-5789.html HTTP/1.0" 301 73388 "-" "Mozilla/5.0 (compatible; MJ12bot/v1.4.8; http://mj12bot.com/)"
65.108.2.171 - - [14/May/2023:10:46:13 +0200] "GET /-p-5789.html HTTP/1.0" 200 73322 "-" "Mozilla/5.0 (compatible; MJ12bot/v1.4.8; http://mj12bot.com/)"
65.108.2.171 - - [14/May/2023:10:46:15 +0200] "GET /barbapapa-kids-school-bag-p-26518.html HTTP/1.0" 301 73391 "-" "Mozilla/5.0 (compatible; MJ12bot/v1.4.8; http://mj12bot.com/)"
65.108.2.171 - - [14/May/2023:10:46:18 +0200] "GET /-p-26518.html HTTP/1.0" 200 73324 "-" "Mozilla/5.0 (compatible; MJ12bot/v1.4.8; http://mj12bot.com/)"
65.108.2.171 - - [14/May/2023:10:46:21 +0200] "GET /barbapapa-kids-school-p-26518.html HTTP/1.0" 301 73391 "-" "Mozilla/5.0 (compatible; MJ12bot/v1.4.8; http://mj12bot.com/)"
65.108.2.171 - - [14/May/2023:10:46:24 +0200] "GET /-p-26518.html HTTP/1.0" 200 73324 "-" "Mozilla/5.0 (compatible; MJ12bot/v1.4.8; http://mj12bot.com/)"
65.108.2.171 - - [14/May/2023:10:46:26 +0200] "GET /barbapapa-large-coin-purse-p-8881.html HTTP/1.0" 301 73388 "-" "Mozilla/5.0 (compatible; MJ12bot/v1.4.8; http://mj12bot.com/)"
65.108.2.171 - - [14/May/2023:10:46:29 +0200] "GET /-p-8881.html HTTP/1.0" 200 73322 "-" "Mozilla/5.0 (compatible; MJ12bot/v1.4.8; http://mj12bot.com/)"
65.108.2.171 - - [14/May/2023:10:46:32 +0200] "GET /barbapapa-logo-messenger-bag-p-10500.html HTTP/1.0" 301 73391 "-" "Mozilla/5.0 (compatible; MJ12bot/v1.4.8; http://mj12bot.com/)"
65.108.2.171 - - [14/May/2023:10:46:34 +0200] "GET /-p-10500.html HTTP/1.0" 200 73324 "-" "Mozilla/5.0 (compatible; MJ12bot/v1.4.8; http://mj12bot.com/)"
65.108.2.171 - - [14/May/2023:10:46:37 +0200] "GET /barbapapa-reve-pillowcase-p-20799.html HTTP/1.0" 301 73391 "-" "Mozilla/5.0 (compatible; MJ12bot/v1.4.8; http://mj12bot.com/)"
65.108.2.171 - - [14/May/2023:10:46:40 +0200] "GET /-p-20799.html HTTP/1.0" 200 73324 "-" "Mozilla/5.0 (compatible; MJ12bot/v1.4.8; http://mj12bot.com/)"
65.108.2.171 - - [14/May/2023:10:46:42 +0200] "GET /batman-on-motorcycle-fruit-juice-glasses-p-13454.html HTTP/1.0" 301 73391 "-" "Mozilla/5.0 (compatible; MJ12bot/v1.4.8; http://mj12bot.com/)"
65.108.2.171 - - [14/May/2023:10:46:45 +0200] "GET /-p-13454.html HTTP/1.0" 200 73324 "-" "Mozilla/5.0 (compatible; MJ12bot/v1.4.8; http://mj12bot.com/)"
65.108.2.171 - - [14/May/2023:10:46:48 +0200] "GET /batman-penguin-p-5778.html HTTP/1.0" 200 75944 "-" "Mozilla/5.0 (compatible; MJ12bot/v1.4.8; http://mj12bot.com/)"
65.108.2.171 - - [14/May/2023:10:46:51 +0200] "GET /batman-the-penguin-mug-p-5778.html HTTP/1.0" 301 76024 "-" "Mozilla/5.0 (compatible; MJ12bot/v1.4.8; http://mj12bot.com/)"
65.108.2.171 - - [14/May/2023:10:46:53 +0200] "GET /batman-penguin-p-5778.html HTTP/1.0" 200 75944 "-" "Mozilla/5.0 (compatible; MJ12bot/v1.4.8; http://mj12bot.com/)"
65.108.2.171 - - [14/May/2023:10:46:56 +0200] "GET /bb8-star-wars-pencil-case-p-41164.html HTTP/1.0" 301 76215 "-" "Mozilla/5.0 (compatible; MJ12bot/v1.4.8; http://mj12bot.com/)"
65.108.2.171 - - [14/May/2023:10:46:59 +0200] "GET /star-wars-pencil-case-p-41164.html HTTP/1.0" 200 76127 "-" "Mozilla/5.0 (compatible; MJ12bot/v1.4.8; http://mj12bot.com/)"
65.108.2.171 - - [14/May/2023:10:47:02 +0200] "GET /bears-decoration-statuette-p-55944.html HTTP/1.0" 200 73418 "-" "Mozilla/5.0 (compatible; MJ12bot/v1.4.8; http://mj12bot.com/)"
65.108.2.171 - - [14/May/2023:10:47:05 +0200] "GET /bears-decoration-statuette-p-55952.html HTTP/1.0" 200 73418 "-" "Mozilla/5.0 (compatible; MJ12bot/v1.4.8; http://mj12bot.com/)"
65.108.2.171 - - [14/May/2023:10:47:07 +0200] "GET /beatles-computer-bag-p-11418.html HTTP/1.0" 301 73391 "-" "Mozilla/5.0 (compatible; MJ12bot/v1.4.8; http://mj12bot.com/)"
66.249.69.70 - - [14/May/2023:10:47:10 +0200] "GET /images/big_prod_1/3503420096471D.jpg HTTP/1.0" 200 271 "-" "Googlebot-Image/1.0"
65.108.2.171 - - [14/May/2023:10:47:10 +0200] "GET /-p-11418.html HTTP/1.0" 200 73324 "-" "Mozilla/5.0 (compatible; MJ12bot/v1.4.8; http://mj12bot.com/)"
65.108.2.171 - - [14/May/2023:10:47:13 +0200] "GET /beatles-face-coin-purse-p-8088.html HTTP/1.0" 301 73388 "-" "Mozilla/5.0 (compatible; MJ12bot/v1.4.8; http://mj12bot.com/)"
65.108.2.171 - - [14/May/2023:10:47:16 +0200] "GET /-p-8088.html HTTP/1.0" 200 73322 "-" "Mozilla/5.0 (compatible; MJ12bot/v1.4.8; http://mj12bot.com/)"
65.108.2.171 - - [14/May/2023:10:47:18 +0200] "GET /beatles-horizontal-shopping-bag-p-3740.html HTTP/1.0" 301 73388 "-" "Mozilla/5.0 (compatible; MJ12bot/v1.4.8; http://mj12bot.com/)"
65.108.2.171 - - [14/May/2023:10:47:21 +0200] "GET /-p-3740.html HTTP/1.0" 200 73322 "-" "Mozilla/5.0 (compatible; MJ12bot/v1.4.8; http://mj12bot.com/)"
65.108.2.171 - - [14/May/2023:10:47:24 +0200] "GET /beatles-horizontal-shopping-p-3740.html HTTP/1.0" 301 73388 "-" "Mozilla/5.0 (compatible; MJ12bot/v1.4.8; http://mj12bot.com/)"
8.218.75.45 - - [14/May/2023:10:47:27 +0200] "GET /images/mini_prod/8718317633140.jpg HTTP/1.0" 200 269 "-" "aria2/1.35.0"
65.108.2.171 - - [14/May/2023:10:47:26 +0200] "GET /-p-3740.html HTTP/1.0" 200 73322 "-" "Mozilla/5.0 (compatible; MJ12bot/v1.4.8; http://mj12bot.com/)"
65.108.2.171 - - [14/May/2023:10:47:29 +0200] "GET /beatles-metal-keyring-p-32340.html HTTP/1.0" 301 73391 "-" "Mozilla/5.0 (compatible; MJ12bot/v1.4.8; http://mj12bot.com/)"
65.108.2.171 - - [14/May/2023:10:47:32 +0200] "GET /-p-32340.html HTTP/1.0" 200 73324 "-" "Mozilla/5.0 (compatible; MJ12bot/v1.4.8; http://mj12bot.com/)"
65.108.2.171 - - [14/May/2023:10:47:35 +0200] "GET /beatles-story-mug-p-14173.html HTTP/1.0" 301 73391 "-" "Mozilla/5.0 (compatible; MJ12bot/v1.4.8; http://mj12bot.com/)"
42.194.192.36 - - [14/May/2023:10:47:37 +0200] "GET /images/mini_prod/1384010206935.jpg HTTP/1.0" 200 269 "-" "Mozilla/5.0 (X11; Ubuntu; Linux x86_64; rv:72.0) Gecko/20100101 Firefox/72.0"
65.108.2.171 - - [14/May/2023:10:47:38 +0200] "GET /-p-14173.html HTTP/1.0" 200 73324 "-" "Mozilla/5.0 (compatible; MJ12bot/v1.4.8; http://mj12bot.com/)"
65.108.2.171 - - [14/May/2023:10:47:41 +0200] "GET /beatles-union-jack-black-laptop-cover-p-17621.html HTTP/1.0" 301 73391 "-" "Mozilla/5.0 (compatible; MJ12bot/v1.4.8; http://mj12bot.com/)"
65.108.2.171 - - [14/May/2023:10:47:44 +0200] "GET /-p-17621.html HTTP/1.0" 200 73324 "-" "Mozilla/5.0 (compatible; MJ12bot/v1.4.8; http://mj12bot.com/)"
66.249.69.70 - - [14/May/2023:10:47:45 +0200] "GET /gorjuss-ruby-beauty-limited-edition-p-35135.html HTTP/1.0" 200 77296 "-" "Mozilla/5.0 (Linux; Android 6.0.1; Nexus 5X Build/MMB29P) AppleWebKit/537.36 (KHTML, like Gecko) Chrome/112.0.5615.142 Mobile Safari/537.36 (compatible; Googlebot/2.1; +http://www.google.com/bot.html)"
65.108.2.171 - - [14/May/2023:10:47:46 +0200] "GET /bedclothes-140-200-cm-geomix-p-51702.html HTTP/1.0" 301 73507 "-" "Mozilla/5.0 (compatible; MJ12bot/v1.4.8; http://mj12bot.com/)"
65.108.2.171 - - [14/May/2023:10:47:49 +0200] "GET /bedclothes-gomix-p-51702.html HTTP/1.0" 200 73424 "-" "Mozilla/5.0 (compatible; MJ12bot/v1.4.8; http://mj12bot.com/)"
65.108.2.171 - - [14/May/2023:10:47:52 +0200] "GET /bedclothes-140-200-cm-geomix-p-51703.html HTTP/1.0" 301 76187 "-" "Mozilla/5.0 (compatible; MJ12bot/v1.4.8; http://mj12bot.com/)"
65.108.2.171 - - [14/May/2023:10:47:54 +0200] "GET /bedclothes-gomix-p-51703.html HTTP/1.0" 200 76104 "-" "Mozilla/5.0 (compatible; MJ12bot/v1.4.8; http://mj12bot.com/)"
65.108.2.171 - - [14/May/2023:10:47:57 +0200] "GET /bedclothes-gomix-p-51701.html HTTP/1.0" 301 73391 "-" "Mozilla/5.0 (compatible; MJ12bot/v1.4.8; http://mj12bot.com/)"
65.108.2.171 - - [14/May/2023:10:48:00 +0200] "GET /-p-51701.html HTTP/1.0" 200 73324 "-" "Mozilla/5.0 (compatible; MJ12bot/v1.4.8; http://mj12bot.com/)"
65.108.2.171 - - [14/May/2023:10:48:03 +0200] "GET /bedclothes-gomix-p-51702.html HTTP/1.0" 200 73424 "-" "Mozilla/5.0 (compatible; MJ12bot/v1.4.8; http://mj12bot.com/)"
65.108.2.171 - - [14/May/2023:10:48:06 +0200] "GET /bedclothes-gomix-p-51703.html HTTP/1.0" 200 76104 "-" "Mozilla/5.0 (compatible; MJ12bot/v1.4.8; http://mj12bot.com/)"
65.108.2.171 - - [14/May/2023:10:48:09 +0200] "GET /bedspread-boutis-pillowcases-p-52161.html HTTP/1.0" 200 73476 "-" "Mozilla/5.0 (compatible; MJ12bot/v1.4.8; http://mj12bot.com/)"
65.108.2.171 - - [14/May/2023:10:48:11 +0200] "GET /beely-bedclothes-260-240-cm-p-52086.html HTTP/1.0" 301 76078 "-" "Mozilla/5.0 (compatible; MJ12bot/v1.4.8; http://mj12bot.com/)"
65.108.2.171 - - [14/May/2023:10:48:14 +0200] "GET /beely-bedclothes-p-52086.html HTTP/1.0" 200 75995 "-" "Mozilla/5.0 (compatible; MJ12bot/v1.4.8; http://mj12bot.com/)"
65.108.2.171 - - [14/May/2023:10:48:17 +0200] "GET /beely-bedclothes-p-52086.html HTTP/1.0" 200 75995 "-" "Mozilla/5.0 (compatible; MJ12bot/v1.4.8; http://mj12bot.com/)"
65.108.2.171 - - [14/May/2023:10:48:21 +0200] "GET /beer-beer-poster-p-32267.html HTTP/1.0" 301 73391 "-" "Mozilla/5.0 (compatible; MJ12bot/v1.4.8; http://mj12bot.com/)"
65.108.2.171 - - [14/May/2023:10:48:23 +0200] "GET /-p-32267.html HTTP/1.0" 200 73324 "-" "Mozilla/5.0 (compatible; MJ12bot/v1.4.8; http://mj12bot.com/)"
65.108.2.171 - - [14/May/2023:10:48:26 +0200] "GET /beige-lampshade-p-55304.html HTTP/1.0" 200 76837 "-" "Mozilla/5.0 (compatible; MJ12bot/v1.4.8; http://mj12bot.com/)"
65.108.2.171 - - [14/May/2023:10:48:29 +0200] "GET /betty-boop-beauty-nail-p-37041.html HTTP/1.0" 200 76225 "-" "Mozilla/5.0 (compatible; MJ12bot/v1.4.8; http://mj12bot.com/)"
65.108.2.171 - - [14/May/2023:10:48:32 +0200] "GET /betty-boop-grey-cosmetic-bag-p-13684.html HTTP/1.0" 301 73391 "-" "Mozilla/5.0 (compatible; MJ12bot/v1.4.8; http://mj12bot.com/)"
65.108.2.171 - - [14/May/2023:10:48:35 +0200] "GET /-p-13684.html HTTP/1.0" 200 73324 "-" "Mozilla/5.0 (compatible; MJ12bot/v1.4.8; http://mj12bot.com/)"
65.108.2.171 - - [14/May/2023:10:48:37 +0200] "GET /betty-boop-mug-p-28188.html HTTP/1.0" 301 73391 "-" "Mozilla/5.0 (compatible; MJ12bot/v1.4.8; http://mj12bot.com/)"
65.108.2.171 - - [14/May/2023:10:48:40 +0200] "GET /-p-28188.html HTTP/1.0" 200 73324 "-" "Mozilla/5.0 (compatible; MJ12bot/v1.4.8; http://mj12bot.com/)"
65.108.2.171 - - [14/May/2023:10:48:43 +0200] "GET /betty-boop-phone-or-cigarettes-case-p-12581.html HTTP/1.0" 301 73391 "-" "Mozilla/5.0 (compatible; MJ12bot/v1.4.8; http://mj12bot.com/)"
65.108.2.171 - - [14/May/2023:10:48:46 +0200] "GET /-p-12581.html HTTP/1.0" 200 73324 "-" "Mozilla/5.0 (compatible; MJ12bot/v1.4.8; http://mj12bot.com/)"
65.108.2.171 - - [14/May/2023:10:48:49 +0200] "GET /beyblade-round-pencil-case-p-15469.html HTTP/1.0" 301 73391 "-" "Mozilla/5.0 (compatible; MJ12bot/v1.4.8; http://mj12bot.com/)"
65.108.2.171 - - [14/May/2023:10:48:52 +0200] "GET /-p-15469.html HTTP/1.0" 200 73324 "-" "Mozilla/5.0 (compatible; MJ12bot/v1.4.8; http://mj12bot.com/)"
65.108.2.171 - - [14/May/2023:10:48:55 +0200] "GET /bistrot-paris-opener-p-19944.html HTTP/1.0" 200 75995 "-" "Mozilla/5.0 (compatible; MJ12bot/v1.4.8; http://mj12bot.com/)"
65.108.2.171 - - [14/May/2023:10:48:58 +0200] "GET /blue-isothermic-stainless-steel-bottle-cbkreation-p-54159.html HTTP/1.0" 200 76861 "-" "Mozilla/5.0 (compatible; MJ12bot/v1.4.8; http://mj12bot.com/)"
65.108.2.171 - - [14/May/2023:10:49:01 +0200] "GET /blue-owl-tisaniere-p-34354.html HTTP/1.0" 301 73391 "-" "Mozilla/5.0 (compatible; MJ12bot/v1.4.8; http://mj12bot.com/)"
65.108.2.171 - - [14/May/2023:10:49:04 +0200] "GET /-p-34354.html HTTP/1.0" 200 73324 "-" "Mozilla/5.0 (compatible; MJ12bot/v1.4.8; http://mj12bot.com/)"
65.108.2.171 - - [14/May/2023:10:49:06 +0200] "GET /bob-marley-computer-bag-model-n1-p-24150.html HTTP/1.0" 301 76337 "-" "Mozilla/5.0 (compatible; MJ12bot/v1.4.8; http://mj12bot.com/)"
65.108.2.171 - - [14/May/2023:10:49:09 +0200] "GET /marley-computer-model-p-24150.html HTTP/1.0" 200 76249 "-" "Mozilla/5.0 (compatible; MJ12bot/v1.4.8; http://mj12bot.com/)"
65.108.2.171 - - [14/May/2023:10:49:13 +0200] "GET /bob-marley-pencil-pot-p-5062.html HTTP/1.0" 301 75981 "-" "Mozilla/5.0 (compatible; MJ12bot/v1.4.8; http://mj12bot.com/)"
65.108.2.171 - - [14/May/2023:10:49:16 +0200] "GET /marley-pencil-p-5062.html HTTP/1.0" 200 75902 "-" "Mozilla/5.0 (compatible; MJ12bot/v1.4.8; http://mj12bot.com/)"
65.108.2.171 - - [14/May/2023:10:49:19 +0200] "GET /bobtail-keychains-p-26289.html HTTP/1.0" 200 75963 "-" "Mozilla/5.0 (compatible; MJ12bot/v1.4.8; http://mj12bot.com/)"
65.108.2.171 - - [14/May/2023:10:49:21 +0200] "GET /body-long-sleeve-chez-papi-et-mamie-p-31227.html HTTP/1.0" 301 73391 "-" "Mozilla/5.0 (compatible; MJ12bot/v1.4.8; http://mj12bot.com/)"
65.108.2.171 - - [14/May/2023:10:49:24 +0200] "GET /-p-31227.html HTTP/1.0" 200 73324 "-" "Mozilla/5.0 (compatible; MJ12bot/v1.4.8; http://mj12bot.com/)"
65.108.2.171 - - [14/May/2023:10:49:27 +0200] "GET /boho-coat-rack-wooden-supports-p-44784.html HTTP/1.0" 200 76696 "-" "Mozilla/5.0 (compatible; MJ12bot/v1.4.8; http://mj12bot.com/)"
65.108.2.171 - - [14/May/2023:10:49:30 +0200] "GET /boho-indian-pouch-22-18-cm-buffalo-head-p-42920.html HTTP/1.0" 301 76265 "-" "Mozilla/5.0 (compatible; MJ12bot/v1.4.8; http://mj12bot.com/)"
65.108.2.171 - - [14/May/2023:10:49:33 +0200] "GET /boho-indian-pouch-buffalo-head-p-42920.html HTTP/1.0" 200 76168 "-" "Mozilla/5.0 (compatible; MJ12bot/v1.4.8; http://mj12bot.com/)"
65.108.2.171 - - [14/May/2023:10:49:36 +0200] "GET /boho-indian-pouch-22-18-cm-spirit-p-42921.html HTTP/1.0" 301 73527 "-" "Mozilla/5.0 (compatible; MJ12bot/v1.4.8; http://mj12bot.com/)"
65.108.2.171 - - [14/May/2023:10:49:38 +0200] "GET /boho-indian-pouch-spirit-p-42921.html HTTP/1.0" 200 73436 "-" "Mozilla/5.0 (compatible; MJ12bot/v1.4.8; http://mj12bot.com/)"
65.108.2.171 - - [14/May/2023:10:49:41 +0200] "GET /boho-indian-pouch-22-18-cm-tree-of-life-p-42923.html HTTP/1.0" 301 73548 "-" "Mozilla/5.0 (compatible; MJ12bot/v1.4.8; http://mj12bot.com/)"
65.108.2.171 - - [14/May/2023:10:49:44 +0200] "GET /boho-indian-pouch-tree-life-p-42923.html HTTP/1.0" 200 73454 "-" "Mozilla/5.0 (compatible; MJ12bot/v1.4.8; http://mj12bot.com/)"
216.244.66.242 - - [14/May/2023:10:49:47 +0200] "GET /brass-patinated-handing-bells-ganesh-p-37219.html HTTP/1.0" 200 76720 "-" "Mozilla/5.0 (compatible; DotBot/1.2; +https://opensiteexplorer.org/dotbot; help@moz.com)"
112.13.112.56 - - [14/May/2023:10:49:50 +0200] "GET /images/mini_prod/3503420170546.jpg HTTP/1.0" 200 269 "http://www.wonder-geek.com/" "YisouSpider"
216.244.66.242 - - [14/May/2023:10:50:05 +0200] "GET /spiderman-inflatable-balloon-p-30007.html HTTP/1.0" 200 73455 "-" "Mozilla/5.0 (compatible; DotBot/1.2; +https://opensiteexplorer.org/dotbot; help@moz.com)"
216.244.66.242 - - [14/May/2023:10:50:20 +0200] "GET /white-flower-ball-table-lamp-p-52976.html HTTP/1.0" 200 73426 "-" "Mozilla/5.0 (compatible; DotBot/1.2; +https://opensiteexplorer.org/dotbot; help@moz.com)"
66.249.69.72 - - [14/May/2023:10:50:33 +0200] "GET /gorjuss-heart-shaped-walk-together-p-49475.html HTTP/1.0" 200 77002 "-" "Mozilla/5.0 (Linux; Android 6.0.1; Nexus 5X Build/MMB29P) AppleWebKit/537.36 (KHTML, like Gecko) Chrome/112.0.5615.142 Mobile Safari/537.36 (compatible; Googlebot/2.1; +http://www.google.com/bot.html)"
66.249.69.72 - - [14/May/2023:10:50:35 +0200] "GET /images/big_prod/5027148022461.jpg HTTP/1.0" 200 268 "-" "Googlebot-Image/1.0"
216.244.66.242 - - [14/May/2023:10:50:34 +0200] "GET /monopoly-mousepad-p-18069.html HTTP/1.0" 301 73391 "-" "Mozilla/5.0 (compatible; DotBot/1.2; +https://opensiteexplorer.org/dotbot; help@moz.com)"
216.244.66.242 - - [14/May/2023:10:50:50 +0200] "GET /pink-flamingo-led-ornament-p-41144.html HTTP/1.0" 301 76107 "-" "Mozilla/5.0 (compatible; DotBot/1.2; +https://opensiteexplorer.org/dotbot; help@moz.com)"
69.171.251.18 - - [14/May/2023:10:51:03 +0200] "GET /images/mini_prod/1384010201169.jpg HTTP/1.0" 200 269 "-" "Mozilla/5.0 (X11; Ubuntu; Linux x86_64; rv:72.0) Gecko/20100101 Firefox/72.0"
40.77.167.83 - - [14/May/2023:10:51:37 +0200] "GET /shirts-sweatshirts-women-c-53_55.html HTTP/1.0" 200 97210 "-" "Mozilla/5.0 AppleWebKit/537.36 (KHTML, like Gecko; compatible; bingbot/2.0; +http://www.bing.com/bingbot.htm) Chrome/103.0.5060.134 Safari/537.36"
51.68.224.127 - - [14/May/2023:10:51:39 +0200] "GET /adminweb/export_orders_xml.php?token=256de2z6edz6ed2z6DFSFsed2zed6zeDSFDSGdzedezfzf&maxorders=10&orderstart=1&status=14&start_date=2018-10-01 HTTP/1.0" 200 285 "-" "GesCom CharlotteBoutik Serveur"
51.68.224.127 - - [14/May/2023:10:51:39 +0200] "GET /adminweb/export_orders_xml.php?token=256de2z6edz6ed2z6DFSFsed2zed6zeDSFDSGdzedezfzf&maxorders=10&orderstart=1&status=6&start_date=2018-10-01 HTTP/1.0" 200 33887 "-" "GesCom CharlotteBoutik Serveur"
147.92.153.13 - - [14/May/2023:10:51:51 +0200] "GET /tree-life-wall-decoration-wood-p-60391.html HTTP/1.0" 200 76918 "-" "Mozilla/5.0 (compatible; Linespider/1.1; +https://lin.ee/4dwXkTH)"
185.176.78.178 - - [14/May/2023:10:51:55 +0200] "GET /images/mini_prod/8435333835920.jpg HTTP/1.0" 200 269 "-" "Mozilla/5.0 (X11; Ubuntu; Linux x86_64; rv:72.0) Gecko/20100101 Firefox/72.0"
66.249.69.70 - - [14/May/2023:10:51:55 +0200] "GET /images/big_prod/8422099381181.jpg HTTP/1.0" 200 268 "-" "Googlebot-Image/1.0"
66.249.69.74 - - [14/May/2023:10:52:13 +0200] "GET /original-mickey-mouse-personaility-pose-figurine-p-58163.html HTTP/1.0" 200 77817 "-" "Mozilla/5.0 (Linux; Android 6.0.1; Nexus 5X Build/MMB29P) AppleWebKit/537.36 (KHTML, like Gecko) Chrome/112.0.5615.142 Mobile Safari/537.36 (compatible; Googlebot/2.1; +http://www.google.com/bot.html)"
66.249.69.72 - - [14/May/2023:10:52:35 +0200] "GET /images/big_prod_1/3700281674910a.jpg HTTP/1.0" 200 271 "-" "Googlebot-Image/1.0"
139.199.162.133 - - [14/May/2023:10:53:02 +0200] "GET /images/mini_prod/3453131154536D.jpg HTTP/1.0" 200 270 "-" "Mozilla/5.0 (X11; Ubuntu; Linux x86_64; rv:72.0) Gecko/20100101 Firefox/72.0"
185.176.78.178 - - [14/May/2023:10:53:30 +0200] "GET /images/mini_prod/3661443611184.jpg HTTP/1.0" 200 269 "-" "Mozilla/5.0 (X11; Ubuntu; Linux x86_64; rv:72.0) Gecko/20100101 Firefox/72.0"
66.249.69.70 - - [14/May/2023:10:54:30 +0200] "GET /images/big_prod_2/3700281674910b.jpg HTTP/1.0" 200 271 "-" "Googlebot-Image/1.0"
216.244.66.242 - - [14/May/2023:10:54:46 +0200] "GET /aime-stickers-p-38340.html HTTP/1.0" 200 76039 "-" "Mozilla/5.0 (compatible; DotBot/1.2; +https://opensiteexplorer.org/dotbot; help@moz.com)"
17.241.75.178 - - [14/May/2023:10:54:51 +0200] "GET /black-gold-globe-p-57571.html HTTP/1.0" 200 76745 "-" "Mozilla/5.0 (Macintosh; Intel Mac OS X 10_15_5) AppleWebKit/605.1.15 (KHTML, like Gecko) Version/13.1.1 Safari/605.1.15 (Applebot/0.1; +http://www.apple.com/go/applebot)"
216.244.66.242 - - [14/May/2023:10:55:00 +0200] "GET /allen-adult-apron-p-39738.html HTTP/1.0" 200 76561 "-" "Mozilla/5.0 (compatible; DotBot/1.2; +https://opensiteexplorer.org/dotbot; help@moz.com)"
66.249.69.72 - - [14/May/2023:10:55:09 +0200] "GET /russian-doll-cookware-cbkreation-p-29703.html HTTP/1.0" 200 76044 "-" "Mozilla/5.0 (compatible; Googlebot/2.1; +http://www.google.com/bot.html)"
216.244.66.242 - - [14/May/2023:10:55:13 +0200] "GET /cement-tile-stickers-gray-p-45001.html HTTP/1.0" 200 76964 "-" "Mozilla/5.0 (compatible; DotBot/1.2; +https://opensiteexplorer.org/dotbot; help@moz.com)"
216.244.66.242 - - [14/May/2023:10:55:32 +0200] "GET /-m-409.html?page=4 HTTP/1.0" 200 86259 "-" "Mozilla/5.0 (compatible; DotBot/1.2; +https://opensiteexplorer.org/dotbot; help@moz.com)"
216.244.66.242 - - [14/May/2023:10:55:42 +0200] "GET /minnie-romero-britto-small-notebook-p-13020.html HTTP/1.0" 200 76981 "-" "Mozilla/5.0 (compatible; DotBot/1.2; +https://opensiteexplorer.org/dotbot; help@moz.com)"
66.249.69.70 - - [14/May/2023:10:56:10 +0200] "GET /brown-horse-mouse-p-24683.html HTTP/1.0" 200 73390 "-" "Mozilla/5.0 (Linux; Android 6.0.1; Nexus 5X Build/MMB29P) AppleWebKit/537.36 (KHTML, like Gecko) Chrome/112.0.5615.142 Mobile Safari/537.36 (compatible; Googlebot/2.1; +http://www.google.com/bot.html)"
129.204.105.50 - - [14/May/2023:10:56:21 +0200] "GET /images/mini_prod/3553560059690.jpg HTTP/1.0" 200 269 "-" "Mozilla/5.0 (X11; Ubuntu; Linux x86_64; rv:72.0) Gecko/20100101 Firefox/72.0"
5.255.231.92 - - [14/May/2023:10:56:33 +0200] "GET /robots.txt HTTP/1.0" 200 245 "-" "Mozilla/5.0 (compatible; YandexBot/3.0; +http://yandex.com/bots)"
66.249.69.72 - - [14/May/2023:10:56:46 +0200] "GET /caramel-toiletry-constellation-p-55648.html HTTP/1.0" 200 77002 "-" "Mozilla/5.0 (compatible; Googlebot/2.1; +http://www.google.com/bot.html)"
17.241.227.7 - - [14/May/2023:10:56:53 +0200] "GET /images/big_prod_1/4250255859472a.jpg HTTP/1.0" 200 271 "-" "Mozilla/5.0 (Macintosh; Intel Mac OS X 10_15_5) AppleWebKit/605.1.15 (KHTML, like Gecko) Version/13.1.1 Safari/605.1.15 (Applebot/0.1; +http://www.apple.com/go/applebot)"
149.6.140.106 - - [14/May/2023:10:58:01 +0200] "GET /images/mini_prod/3272760377433.jpg HTTP/1.0" 200 269 "-" "Mozilla/5.0 (X11; Ubuntu; Linux x86_64; rv:72.0) Gecko/20100101 Firefox/72.0"
1.235.173.95 - - [14/May/2023:10:58:05 +0200] "GET /images/mini_prod/1300000022644.jpg HTTP/1.0" 200 269 "-" "Mozilla/5.0 (X11; Ubuntu; Linux x86_64; rv:72.0) Gecko/20100101 Firefox/72.0"
66.249.69.72 - - [14/May/2023:10:58:59 +0200] "GET /cats-by-dubout-photo-frame-cats-in-row-p-36717.html HTTP/1.0" 301 77229 "-" "Mozilla/5.0 (compatible; Googlebot/2.1; +http://www.google.com/bot.html)"
66.249.69.70 - - [14/May/2023:10:59:00 +0200] "GET /cats-dubout-photo-frame-cats-p-36717.html HTTP/1.0" 200 77134 "-" "Mozilla/5.0 (compatible; Googlebot/2.1; +http://www.google.com/bot.html)"
42.194.225.248 - - [14/May/2023:11:00:15 +0200] "GET /images/mini_prod/3574642579806.jpg HTTP/1.0" 200 269 "-" "Mozilla/5.0 (X11; Ubuntu; Linux x86_64; rv:72.0) Gecko/20100101 Firefox/72.0"
66.249.69.72 - - [14/May/2023:11:00:35 +0200] "GET /dragon-ball-red-swimsuit-p-30477.html HTTP/1.0" 301 77207 "-" "Mozilla/5.0 (compatible; Googlebot/2.1; +http://www.google.com/bot.html)"
66.249.69.70 - - [14/May/2023:11:00:37 +0200] "GET /dragon-ball-swimsuit-p-30477.html HTTP/1.0" 200 77120 "-" "Mozilla/5.0 (compatible; Googlebot/2.1; +http://www.google.com/bot.html)"
207.46.13.208 - - [14/May/2023:11:01:12 +0200] "GET /retro-soccer-ball-p-26892.html HTTP/1.0" 200 73382 "-" "Mozilla/5.0 AppleWebKit/537.36 (KHTML, like Gecko; compatible; bingbot/2.0; +http://www.bing.com/bingbot.htm) Chrome/103.0.5060.134 Safari/537.36"
207.46.13.220 - - [14/May/2023:11:01:38 +0200] "GET /mugs-mazagrans-c-12_57.html?page=9 HTTP/1.0" 200 98519 "-" "Mozilla/5.0 AppleWebKit/537.36 (KHTML, like Gecko; compatible; bingbot/2.0; +http://www.bing.com/bingbot.htm) Chrome/103.0.5060.134 Safari/537.36"
207.46.13.220 - - [14/May/2023:11:01:58 +0200] "GET /js/jquery.jqzoom.js HTTP/1.0" 200 259 "-" "Mozilla/5.0 AppleWebKit/537.36 (KHTML, like Gecko; compatible; bingbot/2.0; +http://www.bing.com/bingbot.htm) Chrome/103.0.5060.134 Safari/537.36"
207.46.13.220 - - [14/May/2023:11:01:58 +0200] "GET /js/jquery.masonry.min.js HTTP/1.0" 200 264 "-" "Mozilla/5.0 AppleWebKit/537.36 (KHTML, like Gecko; compatible; bingbot/2.0; +http://www.bing.com/bingbot.htm) Chrome/103.0.5060.134 Safari/537.36"
207.46.13.220 - - [14/May/2023:11:01:59 +0200] "GET /swfobject.js HTTP/1.0" 404 1308 "-" "Mozilla/5.0 AppleWebKit/537.36 (KHTML, like Gecko; compatible; bingbot/2.0; +http://www.bing.com/bingbot.htm) Chrome/103.0.5060.134 Safari/537.36"
40.77.167.83 - - [14/May/2023:11:02:03 +0200] "GET /js/jquery.js HTTP/1.0" 200 252 "-" "Mozilla/5.0 AppleWebKit/537.36 (KHTML, like Gecko; compatible; bingbot/2.0; +http://www.bing.com/bingbot.htm) Chrome/103.0.5060.134 Safari/537.36"
40.77.167.83 - - [14/May/2023:11:02:03 +0200] "GET /js/jquery.min.js HTTP/1.0" 404 1308 "-" "Mozilla/5.0 AppleWebKit/537.36 (KHTML, like Gecko; compatible; bingbot/2.0; +http://www.bing.com/bingbot.htm) Chrome/103.0.5060.134 Safari/537.36"
40.77.167.83 - - [14/May/2023:11:02:03 +0200] "GET /js/modernizr-transitions.js HTTP/1.0" 200 267 "-" "Mozilla/5.0 AppleWebKit/537.36 (KHTML, like Gecko; compatible; bingbot/2.0; +http://www.bing.com/bingbot.htm) Chrome/103.0.5060.134 Safari/537.36"
5.255.231.97 - - [14/May/2023:11:02:41 +0200] "GET /cement-tile-stickers-15-15-cm-p-51623.html HTTP/1.0" 301 76980 "-" "Mozilla/5.0 (compatible; YandexBot/3.0; +http://yandex.com/bots)"
213.180.203.13 - - [14/May/2023:11:02:42 +0200] "GET /cement-tile-stickers-15-15-cm-p-50328.html HTTP/1.0" 301 76980 "-" "Mozilla/5.0 (compatible; YandexBot/3.0; +http://yandex.com/bots)"
213.180.203.199 - - [14/May/2023:11:02:42 +0200] "GET /cement-tile-stickers-15-15-cm-p-51630.html HTTP/1.0" 301 76981 "-" "Mozilla/5.0 (compatible; YandexBot/3.0; +http://yandex.com/bots)"
95.108.213.232 - - [14/May/2023:11:02:43 +0200] "GET /cement-tile-stickers-p-51623.html HTTP/1.0" 200 76893 "-" "Mozilla/5.0 (compatible; YandexBot/3.0; +http://yandex.com/bots)"
95.108.213.228 - - [14/May/2023:11:02:44 +0200] "GET /cement-tile-stickers-p-50328.html HTTP/1.0" 200 76893 "-" "Mozilla/5.0 (compatible; YandexBot/3.0; +http://yandex.com/bots)"
213.180.203.186 - - [14/May/2023:11:02:44 +0200] "GET /cement-tile-stickers-p-50335.html HTTP/1.0" 200 73420 "-" "Mozilla/5.0 (compatible; YandexBot/3.0; +http://yandex.com/bots)"
95.108.213.145 - - [14/May/2023:11:02:45 +0200] "GET /cement-tile-stickers-15-15-cm-p-50343.html HTTP/1.0" 301 76981 "-" "Mozilla/5.0 (compatible; YandexBot/3.0; +http://yandex.com/bots)"
5.255.253.81 - - [14/May/2023:11:02:45 +0200] "GET /cement-tile-stickers-15-15-cm-p-50336.html HTTP/1.0" 301 76980 "-" "Mozilla/5.0 (compatible; YandexBot/3.0; +http://yandex.com/bots)"
95.108.213.157 - - [14/May/2023:11:02:45 +0200] "GET /cement-tile-stickers-p-51630.html HTTP/1.0" 200 76894 "-" "Mozilla/5.0 (compatible; YandexBot/3.0; +http://yandex.com/bots)"
213.180.203.116 - - [14/May/2023:11:02:47 +0200] "GET /cement-tile-stickers-p-50336.html HTTP/1.0" 200 76893 "-" "Mozilla/5.0 (compatible; YandexBot/3.0; +http://yandex.com/bots)"
5.255.253.73 - - [14/May/2023:11:02:47 +0200] "GET /cement-tile-stickers-p-50343.html HTTP/1.0" 200 76894 "-" "Mozilla/5.0 (compatible; YandexBot/3.0; +http://yandex.com/bots)"
5.45.207.185 - - [14/May/2023:11:02:48 +0200] "GET /cement-tile-stickers-p-50336.html HTTP/1.0" 200 76893 "-" "Mozilla/5.0 (compatible; YandexBot/3.0; +http://yandex.com/bots)"
66.249.69.72 - - [14/May/2023:11:02:56 +0200] "GET /copper-bottle-with-screw-cap-paisley-printed-750-ml-p-46283.html HTTP/1.0" 301 77390 "-" "Mozilla/5.0 (Linux; Android 6.0.1; Nexus 5X Build/MMB29P) AppleWebKit/537.36 (KHTML, like Gecko) Chrome/112.0.5615.142 Mobile Safari/537.36 (compatible; Googlebot/2.1; +http://www.google.com/bot.html)"
66.249.69.74 - - [14/May/2023:11:02:58 +0200] "GET /copper-bottle-with-screw-paisley-printed-p-46283.html HTTP/1.0" 200 77283 "-" "Mozilla/5.0 (Linux; Android 6.0.1; Nexus 5X Build/MMB29P) AppleWebKit/537.36 (KHTML, like Gecko) Chrome/112.0.5615.142 Mobile Safari/537.36 (compatible; Googlebot/2.1; +http://www.google.com/bot.html)"
123.125.109.134 - - [14/May/2023:11:03:04 +0200] "GET / HTTP/1.0" 301 511 "-" "Sogou web spider/4.0(+http://www.sogou.com/docs/help/webmasters.htm#07)"
213.180.203.198 - - [14/May/2023:11:03:08 +0200] "GET /cement-tile-stickers-p-50328.html HTTP/1.0" 200 76893 "-" "Mozilla/5.0 (compatible; YandexBot/3.0; +http://yandex.com/bots)"
66.249.69.72 - - [14/May/2023:11:03:27 +0200] "GET /strawberry-shortcake-just-dance-swimsuit-p-30286.html HTTP/1.0" 200 77524 "-" "Mozilla/5.0 (compatible; Googlebot/2.1; +http://www.google.com/bot.html)"
123.125.109.134 - - [14/May/2023:11:04:08 +0200] "GET / HTTP/1.0" 200 152699 "-" "Sogou web spider/4.0(+http://www.sogou.com/docs/help/webmasters.htm#07)"
185.176.78.178 - - [14/May/2023:11:04:47 +0200] "GET /images/mini_prod/3457019600467.jpg HTTP/1.0" 200 269 "-" "Mozilla/5.0 (X11; Ubuntu; Linux x86_64; rv:72.0) Gecko/20100101 Firefox/72.0"
40.77.167.83 - - [14/May/2023:11:06:39 +0200] "GET /paris-pink-companion-wallet-p-38622.html HTTP/1.0" 200 76710 "-" "Mozilla/5.0 AppleWebKit/537.36 (KHTML, like Gecko; compatible; bingbot/2.0; +http://www.bing.com/bingbot.htm) Chrome/103.0.5060.134 Safari/537.36"
40.77.167.83 - - [14/May/2023:11:06:41 +0200] "GET /mugs-mazagrans-c-12_57.html?page=3 HTTP/1.0" 200 98180 "-" "Mozilla/5.0 AppleWebKit/537.36 (KHTML, like Gecko; compatible; bingbot/2.0; +http://www.bing.com/bingbot.htm) Chrome/103.0.5060.134 Safari/537.36"
66.249.69.70 - - [14/May/2023:11:07:37 +0200] "GET /pinko-wooden-game-bottle-opener-p-55554.html HTTP/1.0" 200 76926 "-" "Mozilla/5.0 (compatible; Googlebot/2.1; +http://www.google.com/bot.html)"
66.249.69.70 - - [14/May/2023:11:07:40 +0200] "GET /jazzy-candy-cloud-keychain-p-49750.html HTTP/1.0" 200 75996 "-" "Mozilla/5.0 (Linux; Android 6.0.1; Nexus 5X Build/MMB29P) AppleWebKit/537.36 (KHTML, like Gecko) Chrome/112.0.5615.142 Mobile Safari/537.36 (compatible; Googlebot/2.1; +http://www.google.com/bot.html)"
51.68.224.127 - - [14/May/2023:11:08:11 +0200] "GET /adminweb/export_orders_xml.php?token=256de2z6edz6ed2z6DFSFsed2zed6zeDSFDSGdzedezfzf&maxorders=10&orderstart=1&status=14&start_date=2018-10-01 HTTP/1.0" 200 285 "-" "GesCom CharlotteBoutik Serveur"
51.68.224.127 - - [14/May/2023:11:08:11 +0200] "GET /adminweb/export_orders_xml.php?token=256de2z6edz6ed2z6DFSFsed2zed6zeDSFDSGdzedezfzf&maxorders=10&orderstart=1&status=6&start_date=2018-10-01 HTTP/1.0" 200 33887 "-" "GesCom CharlotteBoutik Serveur"
129.82.147.216 - - [14/May/2023:11:09:44 +0200] "GET /images/mini_prod/3585190854208.jpg HTTP/1.0" 200 269 "-" "Mozilla/5.0 (X11; Ubuntu; Linux x86_64; rv:72.0) Gecko/20100101 Firefox/72.0"
66.249.69.74 - - [14/May/2023:11:09:55 +0200] "GET /allen-designs-flowerpot-rooster-p-58675.html HTTP/1.0" 200 76699 "-" "Mozilla/5.0 (compatible; Googlebot/2.1; +http://www.google.com/bot.html)"
194.187.169.11 - - [14/May/2023:11:09:58 +0200] "GET /images/3454141118716.jpg HTTP/1.0" 200 259 "-" "Mozilla/5.0 (compatible; Qwantify/1.0; +https://www.qwant.com/)"
176.171.6.16 - - [14/May/2023:11:10:01 +0200] "GET /dishes/mugs-and-mazagrans/keith-haring-mug-p-28590.html HTTP/1.0" 301 621 "https://www.qwant.com/" "Mozilla/5.0 (Windows NT 10.0; Win64; x64; rv:109.0) Gecko/20100101 Firefox/113.0"
176.171.6.16 - - [14/May/2023:11:10:01 +0200] "GET /dishes/mugs-and-mazagrans/keith-haring-mug-p-28590.html HTTP/1.0" 301 73391 "https://www.qwant.com/" "Mozilla/5.0 (Windows NT 10.0; Win64; x64; rv:109.0) Gecko/20100101 Firefox/113.0"
176.171.6.16 - - [14/May/2023:11:10:02 +0200] "GET /-p-28590.html HTTP/1.0" 200 73324 "https://www.qwant.com/" "Mozilla/5.0 (Windows NT 10.0; Win64; x64; rv:109.0) Gecko/20100101 Firefox/113.0"
176.171.6.16 - - [14/May/2023:11:10:04 +0200] "GET /js/jquery.jqzoom.js HTTP/1.0" 200 259 "http://www.wonder-geek.com/-p-28590.html" "Mozilla/5.0 (Windows NT 10.0; Win64; x64; rv:109.0) Gecko/20100101 Firefox/113.0"
176.171.6.16 - - [14/May/2023:11:10:04 +0200] "GET /templates/Pixame_v1/stylesheet.css HTTP/1.0" 200 267 "http://www.wonder-geek.com/-p-28590.html" "Mozilla/5.0 (Windows NT 10.0; Win64; x64; rv:109.0) Gecko/20100101 Firefox/113.0"
176.171.6.16 - - [14/May/2023:11:10:04 +0200] "GET /highslide/highslide.js HTTP/1.0" 200 262 "http://www.wonder-geek.com/-p-28590.html" "Mozilla/5.0 (Windows NT 10.0; Win64; x64; rv:109.0) Gecko/20100101 Firefox/113.0"
176.171.6.16 - - [14/May/2023:11:10:04 +0200] "GET /js/jquery.js HTTP/1.0" 200 252 "http://www.wonder-geek.com/-p-28590.html" "Mozilla/5.0 (Windows NT 10.0; Win64; x64; rv:109.0) Gecko/20100101 Firefox/113.0"
176.171.6.16 - - [14/May/2023:11:10:04 +0200] "GET /mondial_relay/js/jquery-1.3.2.min.js HTTP/1.0" 200 276 "http://www.wonder-geek.com/-p-28590.html" "Mozilla/5.0 (Windows NT 10.0; Win64; x64; rv:109.0) Gecko/20100101 Firefox/113.0"
176.171.6.16 - - [14/May/2023:11:10:04 +0200] "GET /swfobject.js HTTP/1.0" 404 1308 "http://www.wonder-geek.com/-p-28590.html" "Mozilla/5.0 (Windows NT 10.0; Win64; x64; rv:109.0) Gecko/20100101 Firefox/113.0"
176.171.6.16 - - [14/May/2023:11:10:04 +0200] "GET /templates/Pixame_v1/images/icon_accueil2.png HTTP/1.0" 200 278 "http://www.wonder-geek.com/-p-28590.html" "Mozilla/5.0 (Windows NT 10.0; Win64; x64; rv:109.0) Gecko/20100101 Firefox/113.0"
176.171.6.16 - - [14/May/2023:11:10:04 +0200] "GET /templates/Pixame_v1/images/infobox/pixel_trans.gif HTTP/1.0" 200 328 "http://www.wonder-geek.com/-p-28590.html" "Mozilla/5.0 (Windows NT 10.0; Win64; x64; rv:109.0) Gecko/20100101 Firefox/113.0"
176.171.6.16 - - [14/May/2023:11:10:04 +0200] "GET /templates/Pixame_v1/images/pixel_trans.gif HTTP/1.0" 200 328 "http://www.wonder-geek.com/-p-28590.html" "Mozilla/5.0 (Windows NT 10.0; Win64; x64; rv:109.0) Gecko/20100101 Firefox/113.0"
176.171.6.16 - - [14/May/2023:11:10:04 +0200] "GET /templates/Pixame_v1/images/buttons/english/button_continue.gif HTTP/1.0" 200 1264 "http://www.wonder-geek.com/-p-28590.html" "Mozilla/5.0 (Windows NT 10.0; Win64; x64; rv:109.0) Gecko/20100101 Firefox/113.0"
176.171.6.16 - - [14/May/2023:11:10:04 +0200] "GET /images/pixel_trans.gif HTTP/1.0" 200 328 "http://www.wonder-geek.com/-p-28590.html" "Mozilla/5.0 (Windows NT 10.0; Win64; x64; rv:109.0) Gecko/20100101 Firefox/113.0"
176.171.6.16 - - [14/May/2023:11:10:04 +0200] "GET /templates/Pixame_v1/images/Bottom_texture.jpg HTTP/1.0" 200 280 "http://www.wonder-geek.com/templates/Pixame_v1/stylesheet.css" "Mozilla/5.0 (Windows NT 10.0; Win64; x64; rv:109.0) Gecko/20100101 Firefox/113.0"
176.171.6.16 - - [14/May/2023:11:10:04 +0200] "GET /swfobject.js HTTP/1.0" 404 1308 "http://www.wonder-geek.com/-p-28590.html" "Mozilla/5.0 (Windows NT 10.0; Win64; x64; rv:109.0) Gecko/20100101 Firefox/113.0"
176.171.6.16 - - [14/May/2023:11:10:04 +0200] "GET /templates/Pixame_v1/images/Middle_texture.jpg HTTP/1.0" 200 280 "http://www.wonder-geek.com/templates/Pixame_v1/stylesheet.css" "Mozilla/5.0 (Windows NT 10.0; Win64; x64; rv:109.0) Gecko/20100101 Firefox/113.0"
176.171.6.16 - - [14/May/2023:11:10:04 +0200] "GET /templates/Pixame_v1/images/nav.png HTTP/1.0" 200 268 "http://www.wonder-geek.com/templates/Pixame_v1/stylesheet.css" "Mozilla/5.0 (Windows NT 10.0; Win64; x64; rv:109.0) Gecko/20100101 Firefox/113.0"
176.171.6.16 - - [14/May/2023:11:10:04 +0200] "GET /templates/Pixame_v1/images/header.png HTTP/1.0" 200 271 "http://www.wonder-geek.com/templates/Pixame_v1/stylesheet.css" "Mozilla/5.0 (Windows NT 10.0; Win64; x64; rv:109.0) Gecko/20100101 Firefox/113.0"
176.171.6.16 - - [14/May/2023:11:10:04 +0200] "GET /templates/Pixame_v1/images/header-object.png HTTP/1.0" 200 278 "http://www.wonder-geek.com/templates/Pixame_v1/stylesheet.css" "Mozilla/5.0 (Windows NT 10.0; Win64; x64; rv:109.0) Gecko/20100101 Firefox/113.0"
176.171.6.16 - - [14/May/2023:11:10:04 +0200] "GET /templates/Pixame_v1/images/flash.swf HTTP/1.0" 200 290 "http://www.wonder-geek.com/-p-28590.html" "Mozilla/5.0 (Windows NT 10.0; Win64; x64; rv:109.0) Gecko/20100101 Firefox/113.0"
176.171.6.16 - - [14/May/2023:11:10:04 +0200] "GET /design/productsenstock.png HTTP/1.0" 200 260 "http://www.wonder-geek.com/templates/Pixame_v1/stylesheet.css" "Mozilla/5.0 (Windows NT 10.0; Win64; x64; rv:109.0) Gecko/20100101 Firefox/113.0"
176.171.6.16 - - [14/May/2023:11:10:04 +0200] "GET /templates/Pixame_v1/images/infobox/infobox_footer_middle.gif HTTP/1.0" 200 357 "http://www.wonder-geek.com/-p-28590.html" "Mozilla/5.0 (Windows NT 10.0; Win64; x64; rv:109.0) Gecko/20100101 Firefox/113.0"
176.171.6.16 - - [14/May/2023:11:10:05 +0200] "GET /favicon.ico HTTP/1.0" 200 260 "http://www.wonder-geek.com/-p-28590.html" "Mozilla/5.0 (Windows NT 10.0; Win64; x64; rv:109.0) Gecko/20100101 Firefox/113.0"
176.171.6.16 - - [14/May/2023:11:10:05 +0200] "GET /highslide/graphics/outlines/drop-shadow.png HTTP/1.0" 200 277 "http://www.wonder-geek.com/-p-28590.html" "Mozilla/5.0 (Windows NT 10.0; Win64; x64; rv:109.0) Gecko/20100101 Firefox/113.0"
176.171.6.16 - - [14/May/2023:11:10:05 +0200] "GET /highslide/graphics/loader.white.gif HTTP/1.0" 200 960 "http://www.wonder-geek.com/templates/Pixame_v1/stylesheet.css" "Mozilla/5.0 (Windows NT 10.0; Win64; x64; rv:109.0) Gecko/20100101 Firefox/113.0"
176.171.6.16 - - [14/May/2023:11:10:05 +0200] "GET /highslide/graphics/zoomout.cur HTTP/1.0" 200 614 "http://www.wonder-geek.com/-p-28590.html" "Mozilla/5.0 (Windows NT 10.0; Win64; x64; rv:109.0) Gecko/20100101 Firefox/113.0"
107.20.175.216 - - [14/May/2023:11:10:32 +0200] "GET /images/big_prod/1345544761390.jpg HTTP/1.0" 200 268 "-" "Mozilla/5.0 (X11; Ubuntu; Linux x86_64; rv:72.0) Gecko/20100101 Firefox/72.0"
66.249.69.74 - - [14/May/2023:11:11:14 +0200] "GET /lihit-punilabo-bookmark-case-p-49235.html HTTP/1.0" 200 77513 "-" "Mozilla/5.0 (Linux; Android 6.0.1; Nexus 5X Build/MMB29P) AppleWebKit/537.36 (KHTML, like Gecko) Chrome/112.0.5615.142 Mobile Safari/537.36 (compatible; Googlebot/2.1; +http://www.google.com/bot.html)"
81.71.99.63 - - [14/May/2023:11:11:32 +0200] "GET /images/mini_prod/8412497597796.jpg HTTP/1.0" 200 269 "-" "Mozilla/5.0 (X11; Ubuntu; Linux x86_64; rv:72.0) Gecko/20100101 Firefox/72.0"
147.92.153.8 - - [14/May/2023:11:12:03 +0200] "GET /white-multicolored-turtle-ceramic-statue-p-60336.html HTTP/1.0" 200 77051 "-" "Mozilla/5.0 (compatible; Linespider/1.1; +https://lin.ee/4dwXkTH)"
147.92.153.16 - - [14/May/2023:11:12:07 +0200] "GET /swfobject.js HTTP/1.0" 404 1308 "http://www.wonder-geek.com/white-multicolored-turtle-ceramic-statue-p-60336.html" "Mozilla/5.0 (Windows NT 10.0; Win64; x64) AppleWebKit/537.36 (KHTML, like Gecko; compatible; Linespider/1.1; +https://lin.ee/4dwXkTH) Chrome/112.0.0.0 Safari/537.36"
129.82.147.216 - - [14/May/2023:11:12:46 +0200] "GET /images/mini_prod/3520071365336.jpg HTTP/1.0" 200 269 "-" "Mozilla/5.0 (X11; Ubuntu; Linux x86_64; rv:72.0) Gecko/20100101 Firefox/72.0"
66.249.69.70 - - [14/May/2023:11:13:44 +0200] "GET /images/big_prod/3453131151351.jpg HTTP/1.0" 200 268 "-" "Googlebot-Image/1.0"
66.249.69.72 - - [14/May/2023:11:14:07 +0200] "GET /images/big_prod_2/3014627976669C.jpg HTTP/1.0" 200 271 "-" "Googlebot-Image/1.0"
66.249.69.72 - - [14/May/2023:11:14:34 +0200] "GET /candle-light-holder-wicca-fairy-p-45034.html HTTP/1.0" 200 76727 "-" "Mozilla/5.0 (compatible; Googlebot/2.1; +http://www.google.com/bot.html)"
139.199.162.133 - - [14/May/2023:11:15:58 +0200] "GET /images/mini_prod/9316188081023.jpg HTTP/1.0" 200 269 "-" "Mozilla/5.0 (X11; Ubuntu; Linux x86_64; rv:72.0) Gecko/20100101 Firefox/72.0"
66.249.69.74 - - [14/May/2023:11:16:24 +0200] "GET /tweety-coat-rack-p-6987.html HTTP/1.0" 200 76061 "-" "Mozilla/5.0 (compatible; Googlebot/2.1; +http://www.google.com/bot.html)"
50.46.238.169 - - [14/May/2023:11:16:42 +0200] "GET /images/mini_prod/80039905585252.jpg HTTP/1.0" 200 270 "-" "Mozilla/5.0 (X11; Ubuntu; Linux x86_64; rv:72.0) Gecko/20100101 Firefox/72.0"
66.249.69.70 - - [14/May/2023:11:16:45 +0200] "GET /gogh-magnet-p-51217.html HTTP/1.0" 200 75887 "-" "Mozilla/5.0 (Linux; Android 6.0.1; Nexus 5X Build/MMB29P) AppleWebKit/537.36 (KHTML, like Gecko) Chrome/112.0.5615.142 Mobile Safari/537.36 (compatible; Googlebot/2.1; +http://www.google.com/bot.html)"
95.108.213.177 - - [14/May/2023:11:17:25 +0200] "GET /images/med_prod/1384010184240.jpg HTTP/1.0" 200 268 "-" "Mozilla/5.0 (compatible; YandexImages/3.0; +http://yandex.com/bots)"
95.163.255.140 - - [14/May/2023:11:18:48 +0200] "GET /robots.txt HTTP/1.0" 301 531 "-" "Mozilla/5.0 (compatible; Linux x86_64; Mail.RU_Bot/Img/2.0; +https://help.mail.ru/webmaster/indexing/robots)"
95.163.255.131 - - [14/May/2023:11:18:53 +0200] "GET /images/mini_prod/4999913831596.jpg HTTP/1.0" 301 579 "http://go.mail.ru/search_images" "Mozilla/5.0 (compatible; Linux x86_64; Mail.RU_Bot/Img/2.0; +https://help.mail.ru/webmaster/indexing/robots)"
66.249.69.72 - - [14/May/2023:11:18:58 +0200] "GET /heart-home-bamboo-spiced-apple-cinnamon-p-58989.html HTTP/1.0" 200 77039 "-" "Mozilla/5.0 (compatible; Googlebot/2.1; +http://www.google.com/bot.html)"
95.163.255.141 - - [14/May/2023:11:19:00 +0200] "GET /robots.txt HTTP/1.0" 200 245 "-" "Mozilla/5.0 (compatible; Linux x86_64; Mail.RU_Bot/Img/2.0; +https://help.mail.ru/webmaster/indexing/robots)"
95.163.255.131 - - [14/May/2023:11:19:06 +0200] "GET /images/mini_prod/4999913831596.jpg HTTP/1.0" 404 1308 "http://wonder-geek.com/images/mini_prod/4999913831596.jpg" "Mozilla/5.0 (compatible; Linux x86_64; Mail.RU_Bot/Img/2.0; +https://help.mail.ru/webmaster/indexing/robots)"
66.249.69.72 - - [14/May/2023:11:19:10 +0200] "GET /containing-frida-khalo-coasters-p-57321.html HTTP/1.0" 200 76680 "-" "Mozilla/5.0 (Linux; Android 6.0.1; Nexus 5X Build/MMB29P) AppleWebKit/537.36 (KHTML, like Gecko) Chrome/112.0.5615.142 Mobile Safari/537.36 (compatible; Googlebot/2.1; +http://www.google.com/bot.html)"
42.194.192.36 - - [14/May/2023:11:19:11 +0200] "GET /images/mini_prod/1384010202890.jpg HTTP/1.0" 200 269 "-" "Mozilla/5.0 (X11; Ubuntu; Linux x86_64; rv:72.0) Gecko/20100101 Firefox/72.0"
34.214.255.100 - - [14/May/2023:11:21:12 +0200] "GET / HTTP/1.0" 301 511 "-" "Mozilla/5.0 (X11; Linux x86_64) AppleWebKit/537.36 (KHTML, like Gecko) Chrome/83.0.4103.97 Safari/537.36"
34.214.255.100 - - [14/May/2023:11:21:17 +0200] "GET / HTTP/1.0" 200 152912 "-" "Mozilla/5.0 (X11; Linux x86_64) AppleWebKit/537.36 (KHTML, like Gecko) Chrome/83.0.4103.97 Safari/537.36"
66.249.69.70 - - [14/May/2023:11:21:25 +0200] "GET /images/med_prod/3609810037571.jpg HTTP/1.0" 200 268 "-" "Googlebot-Image/1.0"
18.237.93.45 - - [14/May/2023:11:21:35 +0200] "GET /favicon.ico HTTP/1.0" 301 533 "-" "Mozilla/5.0 (X11; Linux x86_64) AppleWebKit/537.36 (KHTML, like Gecko) Chrome/83.0.4103.97 Safari/537.36"
18.237.93.45 - - [14/May/2023:11:21:37 +0200] "GET /favicon.ico HTTP/1.0" 200 260 "http://wonder-geek.com/favicon.ico" "Mozilla/5.0 (X11; Linux x86_64) AppleWebKit/537.36 (KHTML, like Gecko) Chrome/83.0.4103.97 Safari/537.36"
81.71.99.91 - - [14/May/2023:11:21:59 +0200] "GET /images/mini_prod/8006180204025.jpg HTTP/1.0" 200 269 "-" "Mozilla/5.0 (X11; Ubuntu; Linux x86_64; rv:72.0) Gecko/20100101 Firefox/72.0"
17.241.75.144 - - [14/May/2023:11:21:58 +0200] "GET /dubout-cats-metal-keyring-p-32236.html HTTP/1.0" 200 76001 "-" "Mozilla/5.0 (Macintosh; Intel Mac OS X 10_15_5) AppleWebKit/605.1.15 (KHTML, like Gecko) Version/13.1.1 Safari/605.1.15 (Applebot/0.1; +http://www.apple.com/go/applebot)"
110.249.201.158 - - [14/May/2023:11:22:43 +0200] "GET /robots.txt HTTP/1.0" 200 245 "-" "Mozilla/5.0 (Linux; Android 5.0) AppleWebKit/537.36 (KHTML, like Gecko) Mobile Safari/537.36 (compatible; Bytespider; https://zhanzhang.toutiao.com/)"
66.249.69.70 - - [14/May/2023:11:22:52 +0200] "GET /images/med_prod/3279390169124.jpg HTTP/1.0" 200 268 "-" "Googlebot-Image/1.0"
129.97.152.23 - - [14/May/2023:11:23:00 +0200] "GET /images/mini_prod/5036278062247.jpg HTTP/1.0" 200 269 "-" "Mozilla/5.0 (X11; Ubuntu; Linux x86_64; rv:72.0) Gecko/20100101 Firefox/72.0"
40.77.167.83 - - [14/May/2023:11:23:42 +0200] "GET /fancy-elastic-bracelet-buddha-p-43735.html HTTP/1.0" 200 75988 "-" "Mozilla/5.0 AppleWebKit/537.36 (KHTML, like Gecko; compatible; bingbot/2.0; +http://www.bing.com/bingbot.htm) Chrome/103.0.5060.134 Safari/537.36"
216.244.66.242 - - [14/May/2023:11:24:10 +0200] "GET /robots.txt HTTP/1.0" 301 531 "-" "Mozilla/5.0 (compatible; DotBot/1.2; +https://opensiteexplorer.org/dotbot; help@moz.com)"
216.244.66.242 - - [14/May/2023:11:24:10 +0200] "GET /robots.txt HTTP/1.0" 200 245 "-" "Mozilla/5.0 (compatible; DotBot/1.2; +https://opensiteexplorer.org/dotbot; help@moz.com)"
216.244.66.242 - - [14/May/2023:11:24:11 +0200] "GET /robots.txt HTTP/1.0" 200 245 "-" "Mozilla/5.0 (compatible; DotBot/1.2; +https://opensiteexplorer.org/dotbot; help@moz.com)"
40.77.167.83 - - [14/May/2023:11:24:12 +0200] "GET /old-stop-sign-metal-plate-deco-p-35654.html HTTP/1.0" 301 76097 "-" "Mozilla/5.0 AppleWebKit/537.36 (KHTML, like Gecko; compatible; bingbot/2.0; +http://www.bing.com/bingbot.htm) Chrome/103.0.5060.134 Safari/537.36"
66.249.69.72 - - [14/May/2023:11:24:22 +0200] "GET /shower-curtain-p-58602.html HTTP/1.0" 200 76639 "-" "Mozilla/5.0 (Linux; Android 6.0.1; Nexus 5X Build/MMB29P) AppleWebKit/537.36 (KHTML, like Gecko) Chrome/112.0.5615.142 Mobile Safari/537.36 (compatible; Googlebot/2.1; +http://www.google.com/bot.html)"
51.68.224.127 - - [14/May/2023:11:24:35 +0200] "GET /adminweb/export_orders_xml.php?token=256de2z6edz6ed2z6DFSFsed2zed6zeDSFDSGdzedezfzf&maxorders=10&orderstart=1&status=14&start_date=2018-10-01 HTTP/1.0" 200 285 "-" "GesCom CharlotteBoutik Serveur"
51.68.224.127 - - [14/May/2023:11:24:35 +0200] "GET /adminweb/export_orders_xml.php?token=256de2z6edz6ed2z6DFSFsed2zed6zeDSFDSGdzedezfzf&maxorders=10&orderstart=1&status=6&start_date=2018-10-01 HTTP/1.0" 200 33887 "-" "GesCom CharlotteBoutik Serveur"
34.73.126.133 - - [14/May/2023:11:24:40 +0200] "GET /images/3521320619071.jpg HTTP/1.0" 200 259 "-" "Mozilla/5.0 (X11; Ubuntu; Linux x86_64; rv:72.0) Gecko/20100101 Firefox/72.0"
185.176.78.178 - - [14/May/2023:11:25:30 +0200] "GET /images/mini_prod/5051265800374.jpg HTTP/1.0" 200 269 "-" "Mozilla/5.0 (X11; Ubuntu; Linux x86_64; rv:72.0) Gecko/20100101 Firefox/72.0"
207.46.13.208 - - [14/May/2023:11:25:35 +0200] "GET /home/keyrings/monster-high-mini-led-keychain-flashlight-black-p-18691.html HTTP/1.0" 301 659 "-" "Mozilla/5.0 AppleWebKit/537.36 (KHTML, like Gecko; compatible; bingbot/2.0; +http://www.bing.com/bingbot.htm) Chrome/103.0.5060.134 Safari/537.36"
66.249.69.70 - - [14/May/2023:11:25:42 +0200] "GET /images/big_prod_1/1345544973496N.jpg HTTP/1.0" 200 271 "-" "Googlebot-Image/1.0"
66.249.69.70 - - [14/May/2023:11:25:45 +0200] "GET /guam-cotton-basket-p-57904.html HTTP/1.0" 200 76572 "-" "Mozilla/5.0 (Linux; Android 6.0.1; Nexus 5X Build/MMB29P) AppleWebKit/537.36 (KHTML, like Gecko) Chrome/112.0.5615.142 Mobile Safari/537.36 (compatible; Googlebot/2.1; +http://www.google.com/bot.html)"
129.82.147.216 - - [14/May/2023:11:26:07 +0200] "GET /images/mini_prod/1399984241790.jpg HTTP/1.0" 200 269 "-" "Mozilla/5.0 (X11; Ubuntu; Linux x86_64; rv:72.0) Gecko/20100101 Firefox/72.0"
129.204.118.204 - - [14/May/2023:11:26:16 +0200] "GET /images/mini_prod/8427787042009.jpg HTTP/1.0" 200 269 "-" "Mozilla/5.0 (X11; Ubuntu; Linux x86_64; rv:72.0) Gecko/20100101 Firefox/72.0"
185.176.78.178 - - [14/May/2023:11:26:26 +0200] "GET /images/mini_prod/8424001278909.jpg HTTP/1.0" 200 269 "-" "Mozilla/5.0 (X11; Ubuntu; Linux x86_64; rv:72.0) Gecko/20100101 Firefox/72.0"
66.249.69.70 - - [14/May/2023:11:26:53 +0200] "GET /builder-backpack-p-20702.html HTTP/1.0" 200 76130 "-" "Mozilla/5.0 (Linux; Android 6.0.1; Nexus 5X Build/MMB29P) AppleWebKit/537.36 (KHTML, like Gecko) Chrome/112.0.5615.142 Mobile Safari/537.36 (compatible; Googlebot/2.1; +http://www.google.com/bot.html)"
185.176.78.178 - - [14/May/2023:11:27:05 +0200] "GET /images/mini_prod/9316188013291.jpg HTTP/1.0" 200 269 "-" "Mozilla/5.0 (X11; Ubuntu; Linux x86_64; rv:72.0) Gecko/20100101 Firefox/72.0"
