98.51.80.25 - - [14/May/2023:10:42:49 +0200] "GET /templates/Pixame_v1/images/Bottom_texture.jpg HTTP/1.1" 200 56290 "http://www.wonder-geek.com/templates/Pixame_v1/stylesheet.css" "Mozilla/5.0 (Macintosh; Intel Mac OS X 10_15_7) AppleWebKit/537.36 (KHTML, like Gecko) Chrome/111.0.0.0 Safari/537.36"
98.51.80.25 - - [14/May/2023:10:42:50 +0200] "GET /templates/Pixame_v1/images/header-object.png HTTP/1.1" 200 106050 "http://www.wonder-geek.com/templates/Pixame_v1/stylesheet.css" "Mozilla/5.0 (Macintosh; Intel Mac OS X 10_15_7) AppleWebKit/537.36 (KHTML, like Gecko) Chrome/111.0.0.0 Safari/537.36"
98.51.80.25 - - [14/May/2023:10:42:50 +0200] "GET /templates/Pixame_v1/images/header.png HTTP/1.1" 200 70245 "http://www.wonder-geek.com/templates/Pixame_v1/stylesheet.css" "Mozilla/5.0 (Macintosh; Intel Mac OS X 10_15_7) AppleWebKit/537.36 (KHTML, like Gecko) Chrome/111.0.0.0 Safari/537.36"
98.51.80.25 - - [14/May/2023:10:42:50 +0200] "GET /templates/Pixame_v1/images/Middle_texture.jpg HTTP/1.1" 200 249620 "http://www.wonder-geek.com/templates/Pixame_v1/stylesheet.css" "Mozilla/5.0 (Macintosh; Intel Mac OS X 10_15_7) AppleWebKit/537.36 (KHTML, like Gecko) Chrome/111.0.0.0 Safari/537.36"
98.51.80.25 - - [14/May/2023:10:42:50 +0200] "GET /templates/Pixame_v1/images/nav.png HTTP/1.1" 200 1283 "http://www.wonder-geek.com/templates/Pixame_v1/stylesheet.css" "Mozilla/5.0 (Macintosh; Intel Mac OS X 10_15_7) AppleWebKit/537.36 (KHTML, like Gecko) Chrome/111.0.0.0 Safari/537.36"
98.51.80.25 - - [14/May/2023:10:42:50 +0200] "GET /design/productsenstock.png HTTP/1.1" 200 4743 "http://www.wonder-geek.com/templates/Pixame_v1/stylesheet.css" "Mozilla/5.0 (Macintosh; Intel Mac OS X 10_15_7) AppleWebKit/537.36 (KHTML, like Gecko) Chrome/111.0.0.0 Safari/537.36"
98.51.80.25 - - [14/May/2023:10:42:51 +0200] "GET /images/1300010240045.jpg HTTP/1.1" 200 94461 "http://www.wonder-geek.com/sonny-angel-figure-11th-anniversary-p-31427.html" "Mozilla/5.0 (Macintosh; Intel Mac OS X 10_15_7) AppleWebKit/537.36 (KHTML, like Gecko) Chrome/111.0.0.0 Safari/537.36"
98.51.80.25 - - [14/May/2023:10:42:51 +0200] "GET /templates/Pixame_v1/images/buttons/english/button_in_cart.gif HTTP/1.1" 200 1212 "http://www.wonder-geek.com/sonny-angel-figure-11th-anniversary-p-31427.html" "Mozilla/5.0 (Macintosh; Intel Mac OS X 10_15_7) AppleWebKit/537.36 (KHTML, like Gecko) Chrome/111.0.0.0 Safari/537.36"
98.51.80.25 - - [14/May/2023:10:42:51 +0200] "GET /highslide/graphics/outlines/drop-shadow.png HTTP/1.1" 200 2022 "http://www.wonder-geek.com/sonny-angel-figure-11th-anniversary-p-31427.html" "Mozilla/5.0 (Macintosh; Intel Mac OS X 10_15_7) AppleWebKit/537.36 (KHTML, like Gecko) Chrome/111.0.0.0 Safari/537.36"
98.51.80.25 - - [14/May/2023:10:42:51 +0200] "GET /favicon.ico HTTP/1.1" 200 1591 "http://www.wonder-geek.com/sonny-angel-figure-11th-anniversary-p-31427.html" "Mozilla/5.0 (Macintosh; Intel Mac OS X 10_15_7) AppleWebKit/537.36 (KHTML, like Gecko) Chrome/111.0.0.0 Safari/537.36"
129.82.147.216 - - [14/May/2023:10:43:41 +0200] "GET /images/mini_prod/5051265800374.jpg HTTP/1.1" 200 11574 "-" "Mozilla/5.0 (X11; Ubuntu; Linux x86_64; rv:72.0) Gecko/20100101 Firefox/72.0"
129.82.147.216 - - [14/May/2023:10:45:20 +0200] "GET /images/mini_prod/9316188013291.jpg HTTP/1.1" 200 5782 "-" "Mozilla/5.0 (X11; Ubuntu; Linux x86_64; rv:72.0) Gecko/20100101 Firefox/72.0"
66.249.69.70 - - [14/May/2023:10:47:10 +0200] "GET /images/big_prod_1/3503420096471D.jpg HTTP/1.1" 200 83555 "-" "Googlebot-Image/1.0"
8.218.75.45 - - [14/May/2023:10:47:27 +0200] "GET /images/mini_prod/8718317633140.jpg HTTP/1.1" 200 5067 "-" "aria2/1.35.0"
42.194.192.36 - - [14/May/2023:10:47:38 +0200] "GET /images/mini_prod/1384010206935.jpg HTTP/1.1" 200 8432 "-" "Mozilla/5.0 (X11; Ubuntu; Linux x86_64; rv:72.0) Gecko/20100101 Firefox/72.0"
112.13.112.56 - - [14/May/2023:10:49:51 +0200] "GET /images/mini_prod/3503420170546.jpg HTTP/1.1" 200 7647 "http://www.wonder-geek.com/" "YisouSpider"
66.249.69.72 - - [14/May/2023:10:50:35 +0200] "GET /images/big_prod/5027148022461.jpg HTTP/1.1" 200 129245 "-" "Googlebot-Image/1.0"
69.171.251.18 - - [14/May/2023:10:51:03 +0200] "GET /images/mini_prod/1384010201169.jpg HTTP/1.1" 200 6233 "-" "Mozilla/5.0 (X11; Ubuntu; Linux x86_64; rv:72.0) Gecko/20100101 Firefox/72.0"
185.176.78.178 - - [14/May/2023:10:51:55 +0200] "GET /images/mini_prod/8435333835920.jpg HTTP/1.1" 200 9023 "-" "Mozilla/5.0 (X11; Ubuntu; Linux x86_64; rv:72.0) Gecko/20100101 Firefox/72.0"
66.249.69.70 - - [14/May/2023:10:51:56 +0200] "GET /images/big_prod/8422099381181.jpg HTTP/1.1" 200 89059 "-" "Googlebot-Image/1.0"
66.249.69.72 - - [14/May/2023:10:52:35 +0200] "GET /images/big_prod_1/3700281674910a.jpg HTTP/1.1" 200 115022 "-" "Googlebot-Image/1.0"
139.199.162.133 - - [14/May/2023:10:53:02 +0200] "GET /images/mini_prod/3453131154536D.jpg HTTP/1.1" 200 9096 "-" "Mozilla/5.0 (X11; Ubuntu; Linux x86_64; rv:72.0) Gecko/20100101 Firefox/72.0"
185.176.78.178 - - [14/May/2023:10:53:30 +0200] "GET /images/mini_prod/3661443611184.jpg HTTP/1.1" 200 6428 "-" "Mozilla/5.0 (X11; Ubuntu; Linux x86_64; rv:72.0) Gecko/20100101 Firefox/72.0"
66.249.69.70 - - [14/May/2023:10:54:30 +0200] "GET /images/big_prod_2/3700281674910b.jpg HTTP/1.1" 200 313877 "-" "Googlebot-Image/1.0"
129.204.105.50 - - [14/May/2023:10:56:23 +0200] "GET /images/mini_prod/3553560059690.jpg HTTP/1.1" 200 5857 "-" "Mozilla/5.0 (X11; Ubuntu; Linux x86_64; rv:72.0) Gecko/20100101 Firefox/72.0"
5.255.231.92 - - [14/May/2023:10:56:33 +0200] "GET /robots.txt HTTP/1.1" 200 2438 "-" "Mozilla/5.0 (compatible; YandexBot/3.0; +http://yandex.com/bots)"
17.241.227.7 - - [14/May/2023:10:56:53 +0200] "GET /images/big_prod_1/4250255859472a.jpg HTTP/1.1" 200 104617 "-" "Mozilla/5.0 (Macintosh; Intel Mac OS X 10_15_5) AppleWebKit/605.1.15 (KHTML, like Gecko) Version/13.1.1 Safari/605.1.15 (Applebot/0.1; +http://www.apple.com/go/applebot)"
149.6.140.106 - - [14/May/2023:10:58:01 +0200] "GET /images/mini_prod/3272760377433.jpg HTTP/1.1" 200 6254 "-" "Mozilla/5.0 (X11; Ubuntu; Linux x86_64; rv:72.0) Gecko/20100101 Firefox/72.0"
1.235.173.95 - - [14/May/2023:10:58:05 +0200] "GET /images/mini_prod/1300000022644.jpg HTTP/1.1" 200 9057 "-" "Mozilla/5.0 (X11; Ubuntu; Linux x86_64; rv:72.0) Gecko/20100101 Firefox/72.0"
42.194.225.248 - - [14/May/2023:11:00:16 +0200] "GET /images/mini_prod/3574642579806.jpg HTTP/1.1" 200 7781 "-" "Mozilla/5.0 (X11; Ubuntu; Linux x86_64; rv:72.0) Gecko/20100101 Firefox/72.0"
207.46.13.220 - - [14/May/2023:11:01:58 +0200] "GET /js/jquery.jqzoom.js HTTP/1.1" 200 4761 "-" "Mozilla/5.0 AppleWebKit/537.36 (KHTML, like Gecko; compatible; bingbot/2.0; +http://www.bing.com/bingbot.htm) Chrome/103.0.5060.134 Safari/537.36"
207.46.13.220 - - [14/May/2023:11:01:58 +0200] "GET /js/jquery.masonry.min.js HTTP/1.1" 200 5392 "-" "Mozilla/5.0 AppleWebKit/537.36 (KHTML, like Gecko; compatible; bingbot/2.0; +http://www.bing.com/bingbot.htm) Chrome/103.0.5060.134 Safari/537.36"
40.77.167.83 - - [14/May/2023:11:02:03 +0200] "GET /js/jquery.js HTTP/1.1" 200 54075 "-" "Mozilla/5.0 AppleWebKit/537.36 (KHTML, like Gecko; compatible; bingbot/2.0; +http://www.bing.com/bingbot.htm) Chrome/103.0.5060.134 Safari/537.36"
40.77.167.83 - - [14/May/2023:11:02:03 +0200] "GET /js/modernizr-transitions.js HTTP/1.1" 200 2026 "-" "Mozilla/5.0 AppleWebKit/537.36 (KHTML, like Gecko; compatible; bingbot/2.0; +http://www.bing.com/bingbot.htm) Chrome/103.0.5060.134 Safari/537.36"
185.176.78.178 - - [14/May/2023:11:04:47 +0200] "GET /images/mini_prod/3457019600467.jpg HTTP/1.1" 200 5487 "-" "Mozilla/5.0 (X11; Ubuntu; Linux x86_64; rv:72.0) Gecko/20100101 Firefox/72.0"
129.82.147.216 - - [14/May/2023:11:09:44 +0200] "GET /images/mini_prod/3585190854208.jpg HTTP/1.1" 200 6791 "-" "Mozilla/5.0 (X11; Ubuntu; Linux x86_64; rv:72.0) Gecko/20100101 Firefox/72.0"
194.187.169.11 - - [14/May/2023:11:09:58 +0200] "GET /images/3454141118716.jpg HTTP/1.1" 200 92542 "-" "Mozilla/5.0 (compatible; Qwantify/1.0; +https://www.qwant.com/)"
176.171.6.16 - - [14/May/2023:11:10:04 +0200] "GET /js/jquery.jqzoom.js HTTP/1.1" 200 4761 "http://www.wonder-geek.com/-p-28590.html" "Mozilla/5.0 (Windows NT 10.0; Win64; x64; rv:109.0) Gecko/20100101 Firefox/113.0"
176.171.6.16 - - [14/May/2023:11:10:04 +0200] "GET /highslide/highslide.js HTTP/1.1" 200 42909 "http://www.wonder-geek.com/-p-28590.html" "Mozilla/5.0 (Windows NT 10.0; Win64; x64; rv:109.0) Gecko/20100101 Firefox/113.0"
176.171.6.16 - - [14/May/2023:11:10:04 +0200] "GET /js/jquery.js HTTP/1.1" 200 54075 "http://www.wonder-geek.com/-p-28590.html" "Mozilla/5.0 (Windows NT 10.0; Win64; x64; rv:109.0) Gecko/20100101 Firefox/113.0"
176.171.6.16 - - [14/May/2023:11:10:04 +0200] "GET /templates/Pixame_v1/stylesheet.css HTTP/1.1" 200 56057 "http://www.wonder-geek.com/-p-28590.html" "Mozilla/5.0 (Windows NT 10.0; Win64; x64; rv:109.0) Gecko/20100101 Firefox/113.0"
176.171.6.16 - - [14/May/2023:11:10:04 +0200] "GET /mondial_relay/js/jquery-1.3.2.min.js HTTP/1.1" 200 57254 "http://www.wonder-geek.com/-p-28590.html" "Mozilla/5.0 (Windows NT 10.0; Win64; x64; rv:109.0) Gecko/20100101 Firefox/113.0"
176.171.6.16 - - [14/May/2023:11:10:04 +0200] "GET /templates/Pixame_v1/images/icon_accueil2.png HTTP/1.1" 200 1137 "http://www.wonder-geek.com/-p-28590.html" "Mozilla/5.0 (Windows NT 10.0; Win64; x64; rv:109.0) Gecko/20100101 Firefox/113.0"
176.171.6.16 - - [14/May/2023:11:10:04 +0200] "GET /templates/Pixame_v1/images/nav.png HTTP/1.1" 200 1283 "http://www.wonder-geek.com/templates/Pixame_v1/stylesheet.css" "Mozilla/5.0 (Windows NT 10.0; Win64; x64; rv:109.0) Gecko/20100101 Firefox/113.0"
176.171.6.16 - - [14/May/2023:11:10:04 +0200] "GET /templates/Pixame_v1/images/flash.swf HTTP/1.1" 200 2868 "http://www.wonder-geek.com/-p-28590.html" "Mozilla/5.0 (Windows NT 10.0; Win64; x64; rv:109.0) Gecko/20100101 Firefox/113.0"
176.171.6.16 - - [14/May/2023:11:10:04 +0200] "GET /templates/Pixame_v1/images/Bottom_texture.jpg HTTP/1.1" 200 56290 "http://www.wonder-geek.com/templates/Pixame_v1/stylesheet.css" "Mozilla/5.0 (Windows NT 10.0; Win64; x64; rv:109.0) Gecko/20100101 Firefox/113.0"
176.171.6.16 - - [14/May/2023:11:10:04 +0200] "GET /templates/Pixame_v1/images/header.png HTTP/1.1" 200 70245 "http://www.wonder-geek.com/templates/Pixame_v1/stylesheet.css" "Mozilla/5.0 (Windows NT 10.0; Win64; x64; rv:109.0) Gecko/20100101 Firefox/113.0"
176.171.6.16 - - [14/May/2023:11:10:04 +0200] "GET /design/productsenstock.png HTTP/1.1" 200 4743 "http://www.wonder-geek.com/templates/Pixame_v1/stylesheet.css" "Mozilla/5.0 (Windows NT 10.0; Win64; x64; rv:109.0) Gecko/20100101 Firefox/113.0"
176.171.6.16 - - [14/May/2023:11:10:04 +0200] "GET /templates/Pixame_v1/images/header-object.png HTTP/1.1" 200 106050 "http://www.wonder-geek.com/templates/Pixame_v1/stylesheet.css" "Mozilla/5.0 (Windows NT 10.0; Win64; x64; rv:109.0) Gecko/20100101 Firefox/113.0"
176.171.6.16 - - [14/May/2023:11:10:05 +0200] "GET /templates/Pixame_v1/images/Middle_texture.jpg HTTP/1.1" 200 249620 "http://www.wonder-geek.com/templates/Pixame_v1/stylesheet.css" "Mozilla/5.0 (Windows NT 10.0; Win64; x64; rv:109.0) Gecko/20100101 Firefox/113.0"
176.171.6.16 - - [14/May/2023:11:10:05 +0200] "GET /favicon.ico HTTP/1.1" 200 1591 "http://www.wonder-geek.com/-p-28590.html" "Mozilla/5.0 (Windows NT 10.0; Win64; x64; rv:109.0) Gecko/20100101 Firefox/113.0"
176.171.6.16 - - [14/May/2023:11:10:05 +0200] "GET /highslide/graphics/outlines/drop-shadow.png HTTP/1.1" 200 2022 "http://www.wonder-geek.com/-p-28590.html" "Mozilla/5.0 (Windows NT 10.0; Win64; x64; rv:109.0) Gecko/20100101 Firefox/113.0"
107.20.175.216 - - [14/May/2023:11:10:33 +0200] "GET /images/big_prod/1345544761390.jpg HTTP/1.1" 200 99064 "-" "Mozilla/5.0 (X11; Ubuntu; Linux x86_64; rv:72.0) Gecko/20100101 Firefox/72.0"
81.71.99.63 - - [14/May/2023:11:11:35 +0200] "GET /images/mini_prod/8412497597796.jpg HTTP/1.1" 200 7460 "-" "Mozilla/5.0 (X11; Ubuntu; Linux x86_64; rv:72.0) Gecko/20100101 Firefox/72.0"
129.82.147.216 - - [14/May/2023:11:12:46 +0200] "GET /images/mini_prod/3520071365336.jpg HTTP/1.1" 200 6809 "-" "Mozilla/5.0 (X11; Ubuntu; Linux x86_64; rv:72.0) Gecko/20100101 Firefox/72.0"
66.249.69.70 - - [14/May/2023:11:13:44 +0200] "GET /images/big_prod/3453131151351.jpg HTTP/1.1" 200 116411 "-" "Googlebot-Image/1.0"
66.249.69.72 - - [14/May/2023:11:14:07 +0200] "GET /images/big_prod_2/3014627976669C.jpg HTTP/1.1" 200 1098611 "-" "Googlebot-Image/1.0"
139.199.162.133 - - [14/May/2023:11:15:58 +0200] "GET /images/mini_prod/9316188081023.jpg HTTP/1.1" 200 5732 "-" "Mozilla/5.0 (X11; Ubuntu; Linux x86_64; rv:72.0) Gecko/20100101 Firefox/72.0"
50.46.238.169 - - [14/May/2023:11:16:42 +0200] "GET /images/mini_prod/80039905585252.jpg HTTP/1.1" 200 11504 "-" "Mozilla/5.0 (X11; Ubuntu; Linux x86_64; rv:72.0) Gecko/20100101 Firefox/72.0"
95.108.213.177 - - [14/May/2023:11:17:25 +0200] "GET /images/med_prod/1384010184240.jpg HTTP/1.1" 200 212412 "-" "Mozilla/5.0 (compatible; YandexImages/3.0; +http://yandex.com/bots)"
95.163.255.141 - - [14/May/2023:11:19:05 +0200] "GET /robots.txt HTTP/1.0" 200 2438 "-" "Mozilla/5.0 (compatible; Linux x86_64; Mail.RU_Bot/Img/2.0; +https://help.mail.ru/webmaster/indexing/robots)"
42.194.192.36 - - [14/May/2023:11:19:12 +0200] "GET /images/mini_prod/1384010202890.jpg HTTP/1.1" 200 5068 "-" "Mozilla/5.0 (X11; Ubuntu; Linux x86_64; rv:72.0) Gecko/20100101 Firefox/72.0"
66.249.69.70 - - [14/May/2023:11:21:25 +0200] "GET /images/med_prod/3609810037571.jpg HTTP/1.1" 200 99782 "-" "Googlebot-Image/1.0"
18.237.93.45 - - [14/May/2023:11:21:37 +0200] "GET /favicon.ico HTTP/1.1" 200 1591 "http://wonder-geek.com/favicon.ico" "Mozilla/5.0 (X11; Linux x86_64) AppleWebKit/537.36 (KHTML, like Gecko) Chrome/83.0.4103.97 Safari/537.36"
81.71.99.91 - - [14/May/2023:11:21:59 +0200] "GET /images/mini_prod/8006180204025.jpg HTTP/1.1" 200 8349 "-" "Mozilla/5.0 (X11; Ubuntu; Linux x86_64; rv:72.0) Gecko/20100101 Firefox/72.0"
110.249.201.158 - - [14/May/2023:11:22:43 +0200] "GET /robots.txt HTTP/1.1" 200 2438 "-" "Mozilla/5.0 (Linux; Android 5.0) AppleWebKit/537.36 (KHTML, like Gecko) Mobile Safari/537.36 (compatible; Bytespider; https://zhanzhang.toutiao.com/)"
66.249.69.70 - - [14/May/2023:11:22:53 +0200] "GET /images/med_prod/3279390169124.jpg HTTP/1.1" 200 126439 "-" "Googlebot-Image/1.0"
129.97.152.23 - - [14/May/2023:11:23:00 +0200] "GET /images/mini_prod/5036278062247.jpg HTTP/1.1" 200 7651 "-" "Mozilla/5.0 (X11; Ubuntu; Linux x86_64; rv:72.0) Gecko/20100101 Firefox/72.0"
216.244.66.242 - - [14/May/2023:11:24:10 +0200] "GET /robots.txt HTTP/1.1" 200 2438 "-" "Mozilla/5.0 (compatible; DotBot/1.2; +https://opensiteexplorer.org/dotbot; help@moz.com)"
216.244.66.242 - - [14/May/2023:11:24:11 +0200] "GET /robots.txt HTTP/1.1" 200 2438 "-" "Mozilla/5.0 (compatible; DotBot/1.2; +https://opensiteexplorer.org/dotbot; help@moz.com)"
34.73.126.133 - - [14/May/2023:11:24:40 +0200] "GET /images/3521320619071.jpg HTTP/1.1" 200 58246 "-" "Mozilla/5.0 (X11; Ubuntu; Linux x86_64; rv:72.0) Gecko/20100101 Firefox/72.0"
185.176.78.178 - - [14/May/2023:11:25:30 +0200] "GET /images/mini_prod/5051265800374.jpg HTTP/1.1" 200 11574 "-" "Mozilla/5.0 (X11; Ubuntu; Linux x86_64; rv:72.0) Gecko/20100101 Firefox/72.0"
66.249.69.70 - - [14/May/2023:11:25:42 +0200] "GET /images/big_prod_1/1345544973496N.jpg HTTP/1.1" 200 117393 "-" "Googlebot-Image/1.0"
129.82.147.216 - - [14/May/2023:11:26:07 +0200] "GET /images/mini_prod/1399984241790.jpg HTTP/1.1" 200 5735 "-" "Mozilla/5.0 (X11; Ubuntu; Linux x86_64; rv:72.0) Gecko/20100101 Firefox/72.0"
129.204.118.204 - - [14/May/2023:11:26:16 +0200] "GET /images/mini_prod/8427787042009.jpg HTTP/1.1" 200 7596 "-" "Mozilla/5.0 (X11; Ubuntu; Linux x86_64; rv:72.0) Gecko/20100101 Firefox/72.0"
185.176.78.178 - - [14/May/2023:11:26:26 +0200] "GET /images/mini_prod/8424001278909.jpg HTTP/1.1" 200 5619 "-" "Mozilla/5.0 (X11; Ubuntu; Linux x86_64; rv:72.0) Gecko/20100101 Firefox/72.0"
185.176.78.178 - - [14/May/2023:11:27:05 +0200] "GET /images/mini_prod/9316188013291.jpg HTTP/1.1" 200 5782 "-" "Mozilla/5.0 (X11; Ubuntu; Linux x86_64; rv:72.0) Gecko/20100101 Firefox/72.0"
66.249.69.72 - - [14/May/2023:11:27:59 +0200] "GET /images/MISES-EN-SITUATION-04.jpg HTTP/1.1" 200 39695 "-" "Googlebot-Image/1.0"
66.249.69.70 - - [14/May/2023:11:28:58 +0200] "GET /images/big_prod_2/8422648608219b.jpg HTTP/1.1" 200 109123 "-" "Googlebot-Image/1.0"
50.46.238.169 - - [14/May/2023:11:29:27 +0200] "GET /images/mini_prod/1399986102778.jpg HTTP/1.1" 200 7057 "-" "Mozilla/5.0 (X11; Ubuntu; Linux x86_64; rv:72.0) Gecko/20100101 Firefox/72.0"
66.249.69.70 - - [14/May/2023:11:29:57 +0200] "GET /images/big_prod_2/8718969143622BC.jpg HTTP/1.1" 200 1078107 "-" "Googlebot-Image/1.0"
129.82.147.216 - - [14/May/2023:11:30:36 +0200] "GET /images/mini_prod/34DSCN8154.jpg HTTP/1.1" 200 6798 "-" "Mozilla/5.0 (X11; Ubuntu; Linux x86_64; rv:72.0) Gecko/20100101 Firefox/72.0"
121.30.179.57 - - [14/May/2023:11:30:57 +0200] "GET /images/mini_prod/1384010203446.jpg HTTP/1.1" 200 9153 "-" "Mozilla/5.0 (X11; Ubuntu; Linux x86_64; rv:72.0) Gecko/20100101 Firefox/72.0"
66.249.69.72 - - [14/May/2023:11:33:01 +0200] "GET /images/big_prod_1/4045233026690B.jpg HTTP/1.1" 200 125972 "-" "Googlebot-Image/1.0"
107.20.175.216 - - [14/May/2023:11:34:14 +0200] "GET /images/mini_prod/3661443612495.jpg HTTP/1.1" 200 6374 "-" "Mozilla/5.0 (X11; Ubuntu; Linux x86_64; rv:72.0) Gecko/20100101 Firefox/72.0"
81.71.94.236 - - [14/May/2023:11:34:22 +0200] "GET /images/mini_prod/3560600256971.jpg HTTP/1.1" 200 7272 "-" "Mozilla/5.0 (X11; Ubuntu; Linux x86_64; rv:72.0) Gecko/20100101 Firefox/72.0"
81.71.101.51 - - [14/May/2023:11:34:34 +0200] "GET /images/mini_prod/J1399984249239J.jpg HTTP/1.1" 200 6524 "-" "Mozilla/5.0 (X11; Ubuntu; Linux x86_64; rv:72.0) Gecko/20100101 Firefox/72.0"
66.249.69.70 - - [14/May/2023:11:34:36 +0200] "GET /images/big_prod_2/4045233021619D.jpg HTTP/1.1" 200 81552 "-" "Googlebot-Image/1.0"
111.187.39.212 - - [14/May/2023:11:35:01 +0200] "GET /images/mini_prod/1399984252741.jpg HTTP/1.1" 200 5250 "-" "Mozilla/5.0 (X11; Ubuntu; Linux x86_64; rv:72.0) Gecko/20100101 Firefox/72.0"
81.71.99.63 - - [14/May/2023:11:35:41 +0200] "GET /images/mini_prod/5022271900839.jpg HTTP/1.1" 200 6065 "-" "Mozilla/5.0 (X11; Ubuntu; Linux x86_64; rv:72.0) Gecko/20100101 Firefox/72.0"
121.30.179.77 - - [14/May/2023:11:36:52 +0200] "GET /images/mini_prod/1399984234730.jpg HTTP/1.1" 200 11369 "-" "Mozilla/5.0 (X11; Ubuntu; Linux x86_64; rv:72.0) Gecko/20100101 Firefox/72.0"
42.194.240.188 - - [14/May/2023:11:37:05 +0200] "GET /images/mini_prod/8433933031476.jpg HTTP/1.1" 200 7214 "-" "Mozilla/5.0 (X11; Ubuntu; Linux x86_64; rv:72.0) Gecko/20100101 Firefox/72.0"
185.176.78.178 - - [14/May/2023:11:37:53 +0200] "GET /images/mini_prod/3520071365336.jpg HTTP/1.1" 200 6809 "-" "Mozilla/5.0 (X11; Ubuntu; Linux x86_64; rv:72.0) Gecko/20100101 Firefox/72.0"
66.249.69.72 - - [14/May/2023:11:38:03 +0200] "GET /images/big_prod_1/8714872293096b.jpg HTTP/1.1" 200 99331 "-" "Googlebot-Image/1.0"
185.176.78.178 - - [14/May/2023:11:38:21 +0200] "GET /images/mini_prod/3585190854208.jpg HTTP/1.1" 200 6791 "-" "Mozilla/5.0 (X11; Ubuntu; Linux x86_64; rv:72.0) Gecko/20100101 Firefox/72.0"
44.234.150.95 - - [14/May/2023:11:40:05 +0200] "GET /images/mini_prod/8435306215780.jpg HTTP/1.1" 200 6366 "-" "Mozilla/5.0 (X11; Ubuntu; Linux x86_64; rv:72.0) Gecko/20100101 Firefox/72.0"
185.176.78.178 - - [14/May/2023:11:41:48 +0200] "GET /images/mini_prod/1399984241790.jpg HTTP/1.1" 200 5735 "-" "Mozilla/5.0 (X11; Ubuntu; Linux x86_64; rv:72.0) Gecko/20100101 Firefox/72.0"
153.3.60.158 - - [14/May/2023:11:42:27 +0200] "GET /images/big_prod_1/8422099001126.jpg HTTP/1.1" 200 102118 "-" "Mozilla/5.0 (X11; Ubuntu; Linux x86_64; rv:72.0) Gecko/20100101 Firefox/72.0"
185.176.78.178 - - [14/May/2023:11:44:10 +0200] "GET /images/mini_prod/34DSCN8154.jpg HTTP/1.1" 200 6798 "-" "Mozilla/5.0 (X11; Ubuntu; Linux x86_64; rv:72.0) Gecko/20100101 Firefox/72.0"
121.30.179.67 - - [14/May/2023:11:45:23 +0200] "GET /images/mini_prod/1300010239834.jpg HTTP/1.1" 200 6654 "-" "Mozilla/5.0 (X11; Ubuntu; Linux x86_64; rv:72.0) Gecko/20100101 Firefox/72.0"
216.244.66.242 - - [14/May/2023:11:45:38 +0200] "GET /images/8422666661395.jpg HTTP/1.1" 200 35942 "-" "Mozilla/5.0 (compatible; DotBot/1.2; +https://opensiteexplorer.org/dotbot; help@moz.com)"
81.71.101.51 - - [14/May/2023:11:45:55 +0200] "GET /images/mini_prod/3560600297318.jpg HTTP/1.1" 200 6055 "-" "Mozilla/5.0 (X11; Ubuntu; Linux x86_64; rv:72.0) Gecko/20100101 Firefox/72.0"
66.249.69.70 - - [14/May/2023:11:47:31 +0200] "GET /images/big_prod_1/8904245400323.jpg HTTP/1.1" 200 74489 "-" "Googlebot-Image/1.0"
129.97.152.23 - - [14/May/2023:11:47:40 +0200] "GET /images/mini_prod/3438100326046.jpg HTTP/1.1" 200 5744 "-" "Mozilla/5.0 (X11; Ubuntu; Linux x86_64; rv:72.0) Gecko/20100101 Firefox/72.0"
69.171.251.9 - - [14/May/2023:11:47:47 +0200] "GET /images/mini_prod/1384010202876.jpg HTTP/1.1" 200 6067 "-" "Mozilla/5.0 (X11; Ubuntu; Linux x86_64; rv:72.0) Gecko/20100101 Firefox/72.0"
106.52.146.234 - - [14/May/2023:11:49:02 +0200] "GET /images/mini_prod/5051276211053.jpg HTTP/1.1" 200 5686 "-" "Mozilla/5.0 (X11; Ubuntu; Linux x86_64; rv:72.0) Gecko/20100101 Firefox/72.0"
147.92.153.19 - - [14/May/2023:11:51:22 +0200] "GET /images/big_prod/8435684220390.jpg HTTP/1.1" 200 439257 "-" "Mozilla/5.0 (compatible; Linespider/1.1; +https://lin.ee/4dwXkTH)"
129.82.147.216 - - [14/May/2023:11:52:12 +0200] "GET /images/mini_prod/8482013122047.jpg HTTP/1.1" 200 8907 "-" "Mozilla/5.0 (X11; Ubuntu; Linux x86_64; rv:72.0) Gecko/20100101 Firefox/72.0"
129.204.116.160 - - [14/May/2023:11:53:22 +0200] "GET /images/mini_prod/3079091105663.jpg HTTP/1.1" 200 6525 "-" "Mozilla/5.0 (X11; Ubuntu; Linux x86_64; rv:72.0) Gecko/20100101 Firefox/72.0"
66.249.69.70 - - [14/May/2023:11:55:15 +0200] "GET /images/big_prod_1/8445146023971B.jpg HTTP/1.1" 200 165219 "-" "Googlebot-Image/1.0"
129.97.152.23 - - [14/May/2023:11:56:15 +0200] "GET /images/mini_prod/3503420077364.jpg HTTP/1.1" 200 6694 "-" "Mozilla/5.0 (X11; Ubuntu; Linux x86_64; rv:72.0) Gecko/20100101 Firefox/72.0"
66.249.69.70 - - [14/May/2023:11:56:34 +0200] "GET /images/big_prod/8029759070555.jpg HTTP/1.1" 200 138427 "-" "Googlebot-Image/1.0"
66.249.69.70 - - [14/May/2023:11:56:55 +0200] "GET /robots.txt HTTP/1.1" 200 2438 "-" "Mozilla/5.0 (compatible; Googlebot/2.1; +http://www.google.com/bot.html)"
60.188.9.178 - - [14/May/2023:11:57:13 +0200] "GET /images/mini_prod/8435684221090.jpg HTTP/1.1" 200 4896 "http://www.wonder-geek.com/" "YisouSpider"
40.77.167.83 - - [14/May/2023:11:57:45 +0200] "GET /images/big_prod_1/3503420103582D.jpg HTTP/1.1" 200 115711 "-" "Mozilla/5.0 AppleWebKit/537.36 (KHTML, like Gecko; compatible; bingbot/2.0; +http://www.bing.com/bingbot.htm) Chrome/103.0.5060.134 Safari/537.36"
195.188.181.2 - - [14/May/2023:11:58:00 +0200] "GET /images/mini_prod/1300000021241.jpg HTTP/1.1" 200 6907 "-" "Mozilla/5.0 (X11; Ubuntu; Linux x86_64; rv:72.0) Gecko/20100101 Firefox/72.0"
185.176.78.178 - - [14/May/2023:11:58:06 +0200] "GET /images/mini_prod/8482013122047.jpg HTTP/1.1" 200 8907 "-" "Mozilla/5.0 (X11; Ubuntu; Linux x86_64; rv:72.0) Gecko/20100101 Firefox/72.0"
106.55.254.60 - - [14/May/2023:11:58:32 +0200] "GET /images/mini_prod/524352[2].jpg HTTP/1.1" 200 5054 "-" "Mozilla/5.0 (X11; Ubuntu; Linux x86_64; rv:72.0) Gecko/20100101 Firefox/72.0"
66.249.69.74 - - [14/May/2023:11:58:58 +0200] "GET /robots.txt HTTP/1.1" 200 2438 "-" "Mozilla/5.0 (compatible; Googlebot/2.1; +http://www.google.com/bot.html)"
106.52.249.139 - - [14/May/2023:11:58:58 +0200] "GET /images/mini_prod/3520071755977.jpg HTTP/1.1" 200 6698 "-" "Mozilla/5.0 (X11; Ubuntu; Linux x86_64; rv:72.0) Gecko/20100101 Firefox/72.0"
66.249.69.70 - - [14/May/2023:11:59:08 +0200] "GET /images/big_prod/3612875114002.jpg HTTP/1.1" 200 193918 "-" "Googlebot-Image/1.0"
139.199.162.133 - - [14/May/2023:11:59:42 +0200] "GET /images/mini_prod/3014627806386.jpg HTTP/1.1" 200 7881 "-" "Mozilla/5.0 (X11; Ubuntu; Linux x86_64; rv:72.0) Gecko/20100101 Firefox/72.0"
121.30.179.17 - - [14/May/2023:11:59:46 +0200] "GET /images/mini_prod/8003990631829.jpg HTTP/1.1" 200 8433 "-" "Mozilla/5.0 (X11; Ubuntu; Linux x86_64; rv:72.0) Gecko/20100101 Firefox/72.0"
121.30.179.107 - - [14/May/2023:11:59:58 +0200] "GET /images/mini_prod/3438100321201.jpg HTTP/1.1" 200 9008 "-" "Mozilla/5.0 (X11; Ubuntu; Linux x86_64; rv:72.0) Gecko/20100101 Firefox/72.0"
66.249.69.72 - - [14/May/2023:12:00:19 +0200] "GET /images/mini_prod/8712159177466.jpg HTTP/1.1" 200 6562 "-" "Googlebot-Image/1.0"
66.249.69.72 - - [14/May/2023:12:00:20 +0200] "GET /images/mini_prod/8712159187960.jpg HTTP/1.1" 200 6280 "-" "Googlebot-Image/1.0"
66.249.69.70 - - [14/May/2023:12:00:20 +0200] "GET /images/mini_prod/8712159177947.jpg HTTP/1.1" 200 6827 "-" "Googlebot-Image/1.0"
66.249.69.70 - - [14/May/2023:12:00:22 +0200] "GET /images/mini_prod/8712159189285.jpg HTTP/1.1" 200 8797 "-" "Googlebot-Image/1.0"
66.249.69.70 - - [14/May/2023:12:00:23 +0200] "GET /images/mini_prod/3665269226089.jpg HTTP/1.1" 200 6817 "-" "Googlebot-Image/1.0"
66.249.69.70 - - [14/May/2023:12:00:25 +0200] "GET /images/mini_prod/3503420132346.jpg HTTP/1.1" 200 5515 "-" "Googlebot-Image/1.0"
195.188.181.2 - - [14/May/2023:12:01:02 +0200] "GET /images/mini_prod/1820024000003.jpg HTTP/1.1" 200 8429 "-" "Mozilla/5.0 (X11; Ubuntu; Linux x86_64; rv:72.0) Gecko/20100101 Firefox/72.0"
185.191.171.1 - - [14/May/2023:12:02:36 +0200] "GET /robots.txt HTTP/1.1" 200 2438 "-" "Mozilla/5.0 (compatible; SemrushBot/7~bl; +http://www.semrush.com/bot.html)"
120.92.123.233 - - [14/May/2023:12:02:42 +0200] "GET /images/mini_prod/8718375751336.jpg HTTP/1.1" 200 10019 "-" "python-requests/2.28.1"
213.180.203.199 - - [14/May/2023:12:02:52 +0200] "GET /images/7316191713265.jpg HTTP/1.1" 200 169085 "-" "Mozilla/5.0 (compatible; YandexImages/3.0; +http://yandex.com/bots)"
106.53.102.224 - - [14/May/2023:12:03:30 +0200] "GET /images/mini_prod/3281640390066.jpg HTTP/1.1" 200 5490 "-" "Mozilla/5.0 (X11; Ubuntu; Linux x86_64; rv:72.0) Gecko/20100101 Firefox/72.0"
121.30.179.107 - - [14/May/2023:12:05:25 +0200] "GET /images/mini_prod/4029811340675.jpg HTTP/1.1" 200 11203 "-" "Mozilla/5.0 (X11; Ubuntu; Linux x86_64; rv:72.0) Gecko/20100101 Firefox/72.0"
47.100.137.161 - - [14/May/2023:12:06:22 +0200] "GET /images/mini_prod/8003990615898.jpg HTTP/1.1" 200 6242 "-" "Mozilla/5.0 (X11; Ubuntu; Linux x86_64; rv:72.0) Gecko/20100101 Firefox/72.0"
42.194.226.229 - - [14/May/2023:12:07:21 +0200] "GET /images/mini_prod/1300000022903.jpg HTTP/1.1" 200 7485 "-" "Mozilla/5.0 (X11; Ubuntu; Linux x86_64; rv:72.0) Gecko/20100101 Firefox/72.0"
35.243.200.74 - - [14/May/2023:12:08:49 +0200] "GET /images/med_prod/1399984280539.jpg HTTP/1.1" 200 111182 "-" "Mozilla/5.0 (X11; Ubuntu; Linux x86_64; rv:72.0) Gecko/20100101 Firefox/72.0"
66.249.69.74 - - [14/May/2023:12:09:00 +0200] "GET /images/big_prod_1/8433833240121B.jpg HTTP/1.1" 200 160230 "-" "Googlebot-Image/1.0"
66.249.69.70 - - [14/May/2023:12:09:19 +0200] "GET /images/big_prod_1/8445146049452B.jpg HTTP/1.1" 200 111840 "-" "Googlebot-Image/1.0"
107.20.175.216 - - [14/May/2023:12:10:12 +0200] "GET /images/mini_prod/1399984241820.jpg HTTP/1.1" 200 6560 "-" "Mozilla/5.0 (X11; Ubuntu; Linux x86_64; rv:72.0) Gecko/20100101 Firefox/72.0"
81.71.99.63 - - [14/May/2023:12:11:09 +0200] "GET /images/mini_prod/4036113830766.jpg HTTP/1.1" 200 11727 "-" "Mozilla/5.0 (X11; Ubuntu; Linux x86_64; rv:72.0) Gecko/20100101 Firefox/72.0"
106.53.102.224 - - [14/May/2023:12:11:10 +0200] "GET /images/mini_prod/4036113307329.jpg HTTP/1.1" 200 8073 "-" "Mozilla/5.0 (X11; Ubuntu; Linux x86_64; rv:72.0) Gecko/20100101 Firefox/72.0"
185.176.78.178 - - [14/May/2023:12:11:20 +0200] "GET /images/mini_prod/5036278052187.jpg HTTP/1.1" 200 7689 "-" "Mozilla/5.0 (X11; Ubuntu; Linux x86_64; rv:72.0) Gecko/20100101 Firefox/72.0"
69.171.251.14 - - [14/May/2023:12:11:26 +0200] "GET /images/mini_prod/5415203904171.jpg HTTP/1.1" 200 6170 "-" "Mozilla/5.0 (X11; Ubuntu; Linux x86_64; rv:72.0) Gecko/20100101 Firefox/72.0"
66.249.69.70 - - [14/May/2023:12:13:06 +0200] "GET /images/big_prod_1/3609810090125a.jpg HTTP/1.1" 200 336007 "-" "Googlebot-Image/1.0"
129.204.105.50 - - [14/May/2023:12:13:36 +0200] "GET /images/mini_prod/3453131152686.jpg HTTP/1.1" 200 10290 "-" "Mozilla/5.0 (X11; Ubuntu; Linux x86_64; rv:72.0) Gecko/20100101 Firefox/72.0"
121.30.179.7 - - [14/May/2023:12:14:22 +0200] "GET /images/mini_prod/1384010184172.jpg HTTP/1.1" 200 5634 "-" "Mozilla/5.0 (X11; Ubuntu; Linux x86_64; rv:72.0) Gecko/20100101 Firefox/72.0"
50.46.238.169 - - [14/May/2023:12:16:38 +0200] "GET /images/mini_prod/3574642017131.jpg HTTP/1.1" 200 5163 "-" "Mozilla/5.0 (X11; Ubuntu; Linux x86_64; rv:72.0) Gecko/20100101 Firefox/72.0"
69.171.251.21 - - [14/May/2023:12:16:46 +0200] "GET /images/mini_prod/3609810063686.jpg HTTP/1.1" 200 5665 "-" "Mozilla/5.0 (X11; Ubuntu; Linux x86_64; rv:72.0) Gecko/20100101 Firefox/72.0"
129.82.147.216 - - [14/May/2023:12:18:39 +0200] "GET /images/mini_prod/5036278052187.jpg HTTP/1.1" 200 7689 "-" "Mozilla/5.0 (X11; Ubuntu; Linux x86_64; rv:72.0) Gecko/20100101 Firefox/72.0"
81.71.101.51 - - [14/May/2023:12:19:21 +0200] "GET /images/mini_prod/8006180203844.jpg HTTP/1.1" 200 7775 "-" "Mozilla/5.0 (X11; Ubuntu; Linux x86_64; rv:72.0) Gecko/20100101 Firefox/72.0"
66.249.66.80 - - [14/May/2023:12:20:35 +0200] "GET /images/big_prod/045544905701.jpg HTTP/1.1" 200 76094 "-" "Googlebot-Image/1.0"
66.249.66.79 - - [14/May/2023:12:21:10 +0200] "GET /images/big_prod/3014627555673.jpg HTTP/1.1" 200 124757 "-" "Googlebot-Image/1.0"
193.112.35.218 - - [14/May/2023:12:21:13 +0200] "GET /images/mini_prod/1345544960021.jpg HTTP/1.1" 200 6218 "-" "Mozilla/5.0 (X11; Ubuntu; Linux x86_64; rv:72.0) Gecko/20100101 Firefox/72.0"
216.244.66.242 - - [14/May/2023:12:21:36 +0200] "GET /robots.txt HTTP/1.1" 200 2438 "-" "Mozilla/5.0 (compatible; DotBot/1.2; +https://opensiteexplorer.org/dotbot; help@moz.com)"
66.249.66.79 - - [14/May/2023:12:23:09 +0200] "GET /images/big_prod/1384010189283.jpg HTTP/1.1" 200 98522 "-" "Googlebot-Image/1.0"
66.249.66.79 - - [14/May/2023:12:24:00 +0200] "GET /images/4025055995275.jpg HTTP/1.1" 200 35154 "-" "Googlebot-Image/1.0"
185.176.78.178 - - [14/May/2023:12:26:04 +0200] "GET /images/mini_prod/1384010183571BB.jpg HTTP/1.1" 200 7286 "-" "Mozilla/5.0 (X11; Ubuntu; Linux x86_64; rv:72.0) Gecko/20100101 Firefox/72.0"
42.194.192.36 - - [14/May/2023:12:26:38 +0200] "GET /images/mini_prod/8718375751411.jpg HTTP/1.1" 200 8701 "-" "Mozilla/5.0 (X11; Ubuntu; Linux x86_64; rv:72.0) Gecko/20100101 Firefox/72.0"
149.6.140.106 - - [14/May/2023:12:27:56 +0200] "GET /images/mini_prod/8433933031476.jpg HTTP/1.1" 200 7214 "-" "Mozilla/5.0 (X11; Ubuntu; Linux x86_64; rv:72.0) Gecko/20100101 Firefox/72.0"
8.218.248.120 - - [14/May/2023:12:28:37 +0200] "GET /images/mini_prod/8427787039320.jpg HTTP/1.1" 200 7020 "-" "aria2/1.35.0"
195.188.181.2 - - [14/May/2023:12:28:47 +0200] "GET /images/mini_prod/8422042330211pouf.jpg HTTP/1.1" 200 5221 "-" "Mozilla/5.0 (X11; Ubuntu; Linux x86_64; rv:72.0) Gecko/20100101 Firefox/72.0"
66.249.66.79 - - [14/May/2023:12:29:33 +0200] "GET /images/med_prod/3279396007321.jpg HTTP/1.1" 200 48671 "-" "Googlebot-Image/1.0"
101.132.27.63 - - [14/May/2023:12:29:55 +0200] "GET /images/mini_prod/34DSCN8163.jpg HTTP/1.1" 200 5752 "-" "Mozilla/5.0 (X11; Ubuntu; Linux x86_64; rv:72.0) Gecko/20100101 Firefox/72.0"
52.55.34.141 - - [14/May/2023:12:30:18 +0200] "GET /robots.txt HTTP/1.1" 200 2438 "-" "Mozilla/5.0 (Macintosh; Intel Mac OS X 10_15_7) AppleWebKit/537.36 (KHTML, like Gecko) Chrome/108.0.0.0 Safari/537.36"
195.188.181.2 - - [14/May/2023:12:31:18 +0200] "GET /images/mini_prod/4036113280295.jpg HTTP/1.1" 200 7057 "-" "Mozilla/5.0 (X11; Ubuntu; Linux x86_64; rv:72.0) Gecko/20100101 Firefox/72.0"
66.249.66.81 - - [14/May/2023:12:31:59 +0200] "GET /images/big_prod_1/8424001829279a.jpg HTTP/1.1" 200 87141 "-" "Googlebot-Image/1.0"
106.55.255.207 - - [14/May/2023:12:32:19 +0200] "GET /images/mini_prod/8435333853245.jpg HTTP/1.1" 200 9369 "-" "Mozilla/5.0 (X11; Ubuntu; Linux x86_64; rv:72.0) Gecko/20100101 Firefox/72.0"
149.6.140.106 - - [14/May/2023:12:33:53 +0200] "GET /images/mini_prod/5051276211053.jpg HTTP/1.1" 200 5686 "-" "Mozilla/5.0 (X11; Ubuntu; Linux x86_64; rv:72.0) Gecko/20100101 Firefox/72.0"
69.171.251.117 - - [14/May/2023:12:36:41 +0200] "GET /images/mini_prod/1399984259269.jpg HTTP/1.1" 200 7650 "-" "Mozilla/5.0 (X11; Ubuntu; Linux x86_64; rv:72.0) Gecko/20100101 Firefox/72.0"
66.249.66.81 - - [14/May/2023:12:36:55 +0200] "GET /images/big_prod_2/8445148024228C.jpg HTTP/1.1" 200 208383 "-" "Googlebot-Image/1.0"
8.218.248.120 - - [14/May/2023:12:38:06 +0200] "GET /images/mini_prod/8006180204025.jpg HTTP/1.1" 200 8349 "-" "aria2/1.35.0"
42.194.192.36 - - [14/May/2023:12:38:14 +0200] "GET /images/mini_prod/1399984254400.jpg HTTP/1.1" 200 8370 "-" "Mozilla/5.0 (X11; Ubuntu; Linux x86_64; rv:72.0) Gecko/20100101 Firefox/72.0"
8.218.248.120 - - [14/May/2023:12:41:03 +0200] "GET /images/mini_prod/1399986106974.jpg HTTP/1.1" 200 7618 "-" "aria2/1.35.0"
185.176.78.178 - - [14/May/2023:12:41:25 +0200] "GET /images/mini_prod/1399984264287.jpg HTTP/1.1" 200 6918 "-" "Mozilla/5.0 (X11; Ubuntu; Linux x86_64; rv:72.0) Gecko/20100101 Firefox/72.0"
106.55.254.60 - - [14/May/2023:12:41:25 +0200] "GET /images/mini_prod/191108_162759_PEEL_7pQvMT.jpg HTTP/1.1" 200 17824 "-" "Mozilla/5.0 (X11; Ubuntu; Linux x86_64; rv:72.0) Gecko/20100101 Firefox/72.0"
109.245.227.101 - - [14/May/2023:12:42:58 +0200] "GET /js/jquery.jqzoom.js HTTP/1.1" 200 4761 "http://www.wonder-geek.com/johnny-hallyday-zippo-lighter-p-49856.html" "Mozilla/5.0 (Linux; Android 10; K) AppleWebKit/537.36 (KHTML, like Gecko) Chrome/113.0.0.0 Mobile Safari/537.36"
109.245.227.101 - - [14/May/2023:12:42:58 +0200] "GET /templates/Pixame_v1/stylesheet.css HTTP/1.1" 200 56057 "http://www.wonder-geek.com/johnny-hallyday-zippo-lighter-p-49856.html" "Mozilla/5.0 (Linux; Android 10; K) AppleWebKit/537.36 (KHTML, like Gecko) Chrome/113.0.0.0 Mobile Safari/537.36"
109.245.227.101 - - [14/May/2023:12:42:58 +0200] "GET /highslide/highslide.js HTTP/1.1" 200 42909 "http://www.wonder-geek.com/johnny-hallyday-zippo-lighter-p-49856.html" "Mozilla/5.0 (Linux; Android 10; K) AppleWebKit/537.36 (KHTML, like Gecko) Chrome/113.0.0.0 Mobile Safari/537.36"
109.245.227.101 - - [14/May/2023:12:42:58 +0200] "GET /js/jquery.js HTTP/1.1" 200 54075 "http://www.wonder-geek.com/johnny-hallyday-zippo-lighter-p-49856.html" "Mozilla/5.0 (Linux; Android 10; K) AppleWebKit/537.36 (KHTML, like Gecko) Chrome/113.0.0.0 Mobile Safari/537.36"
109.245.227.101 - - [14/May/2023:12:42:58 +0200] "GET /mondial_relay/js/jquery-1.3.2.min.js HTTP/1.1" 200 57254 "http://www.wonder-geek.com/johnny-hallyday-zippo-lighter-p-49856.html" "Mozilla/5.0 (Linux; Android 10; K) AppleWebKit/537.36 (KHTML, like Gecko) Chrome/113.0.0.0 Mobile Safari/537.36"
109.245.227.101 - - [14/May/2023:12:42:58 +0200] "GET /templates/Pixame_v1/images/icon_accueil2.png HTTP/1.1" 200 1137 "http://www.wonder-geek.com/johnny-hallyday-zippo-lighter-p-49856.html" "Mozilla/5.0 (Linux; Android 10; K) AppleWebKit/537.36 (KHTML, like Gecko) Chrome/113.0.0.0 Mobile Safari/537.36"
109.245.227.101 - - [14/May/2023:12:42:58 +0200] "GET /images/big_prod/1491693128680.jpg HTTP/1.1" 200 146470 "http://www.wonder-geek.com/johnny-hallyday-zippo-lighter-p-49856.html" "Mozilla/5.0 (Linux; Android 10; K) AppleWebKit/537.36 (KHTML, like Gecko) Chrome/113.0.0.0 Mobile Safari/537.36"
109.245.227.101 - - [14/May/2023:12:42:58 +0200] "GET /templates/Pixame_v1/images/Bottom_texture.jpg HTTP/1.1" 200 56290 "http://www.wonder-geek.com/templates/Pixame_v1/stylesheet.css" "Mozilla/5.0 (Linux; Android 10; K) AppleWebKit/537.36 (KHTML, like Gecko) Chrome/113.0.0.0 Mobile Safari/537.36"
109.245.227.101 - - [14/May/2023:12:42:58 +0200] "GET /images/big_prod_1/1491693128680B.jpg HTTP/1.1" 200 123007 "http://www.wonder-geek.com/johnny-hallyday-zippo-lighter-p-49856.html" "Mozilla/5.0 (Linux; Android 10; K) AppleWebKit/537.36 (KHTML, like Gecko) Chrome/113.0.0.0 Mobile Safari/537.36"
109.245.227.101 - - [14/May/2023:12:42:58 +0200] "GET /templates/Pixame_v1/images/nav.png HTTP/1.1" 200 1283 "http://www.wonder-geek.com/templates/Pixame_v1/stylesheet.css" "Mozilla/5.0 (Linux; Android 10; K) AppleWebKit/537.36 (KHTML, like Gecko) Chrome/113.0.0.0 Mobile Safari/537.36"
109.245.227.101 - - [14/May/2023:12:42:58 +0200] "GET /templates/Pixame_v1/images/header-object.png HTTP/1.1" 200 106050 "http://www.wonder-geek.com/templates/Pixame_v1/stylesheet.css" "Mozilla/5.0 (Linux; Android 10; K) AppleWebKit/537.36 (KHTML, like Gecko) Chrome/113.0.0.0 Mobile Safari/537.36"
109.245.227.101 - - [14/May/2023:12:42:58 +0200] "GET /design/productsenstock.png HTTP/1.1" 200 4743 "http://www.wonder-geek.com/templates/Pixame_v1/stylesheet.css" "Mozilla/5.0 (Linux; Android 10; K) AppleWebKit/537.36 (KHTML, like Gecko) Chrome/113.0.0.0 Mobile Safari/537.36"
109.245.227.101 - - [14/May/2023:12:42:58 +0200] "GET /templates/Pixame_v1/images/header.png HTTP/1.1" 200 70245 "http://www.wonder-geek.com/templates/Pixame_v1/stylesheet.css" "Mozilla/5.0 (Linux; Android 10; K) AppleWebKit/537.36 (KHTML, like Gecko) Chrome/113.0.0.0 Mobile Safari/537.36"
109.245.227.101 - - [14/May/2023:12:42:58 +0200] "GET /templates/Pixame_v1/images/buttons/english/button_in_cart.gif HTTP/1.1" 200 1212 "http://www.wonder-geek.com/johnny-hallyday-zippo-lighter-p-49856.html" "Mozilla/5.0 (Linux; Android 10; K) AppleWebKit/537.36 (KHTML, like Gecko) Chrome/113.0.0.0 Mobile Safari/537.36"
109.245.227.101 - - [14/May/2023:12:42:59 +0200] "GET /templates/Pixame_v1/images/Middle_texture.jpg HTTP/1.1" 200 249620 "http://www.wonder-geek.com/templates/Pixame_v1/stylesheet.css" "Mozilla/5.0 (Linux; Android 10; K) AppleWebKit/537.36 (KHTML, like Gecko) Chrome/113.0.0.0 Mobile Safari/537.36"
109.245.227.101 - - [14/May/2023:12:42:59 +0200] "GET /highslide/graphics/outlines/drop-shadow.png HTTP/1.1" 200 2022 "http://www.wonder-geek.com/johnny-hallyday-zippo-lighter-p-49856.html" "Mozilla/5.0 (Linux; Android 10; K) AppleWebKit/537.36 (KHTML, like Gecko) Chrome/113.0.0.0 Mobile Safari/537.36"
109.245.227.101 - - [14/May/2023:12:42:59 +0200] "GET /favicon.ico HTTP/1.1" 200 1591 "http://www.wonder-geek.com/johnny-hallyday-zippo-lighter-p-49856.html" "Mozilla/5.0 (Linux; Android 10; K) AppleWebKit/537.36 (KHTML, like Gecko) Chrome/113.0.0.0 Mobile Safari/537.36"
66.249.66.79 - - [14/May/2023:12:47:10 +0200] "GET /images/1399984259252.jpg HTTP/1.1" 200 82317 "-" "Googlebot-Image/1.0"
193.112.35.218 - - [14/May/2023:12:48:36 +0200] "GET /images/hiver048.jpg HTTP/1.1" 200 58190 "-" "Mozilla/5.0 (X11; Ubuntu; Linux x86_64; rv:72.0) Gecko/20100101 Firefox/72.0"
81.71.99.63 - - [14/May/2023:12:48:50 +0200] "GET /images/mini_prod/3609810071988.jpg HTTP/1.1" 200 10351 "-" "Mozilla/5.0 (X11; Ubuntu; Linux x86_64; rv:72.0) Gecko/20100101 Firefox/72.0"
139.199.162.133 - - [14/May/2023:12:49:56 +0200] "GET /images/mini_prod/3453131146043.jpg HTTP/1.1" 200 10070 "-" "Mozilla/5.0 (X11; Ubuntu; Linux x86_64; rv:72.0) Gecko/20100101 Firefox/72.0"
193.112.35.218 - - [14/May/2023:12:50:45 +0200] "GET /images/mini_prod/3014627950027.jpg HTTP/1.1" 200 5832 "-" "Mozilla/5.0 (X11; Ubuntu; Linux x86_64; rv:72.0) Gecko/20100101 Firefox/72.0"
66.249.66.79 - - [14/May/2023:12:51:20 +0200] "GET /images/big_prod_1/8422016125515a.jpg HTTP/1.1" 200 111746 "-" "Googlebot-Image/1.0"
66.249.66.79 - - [14/May/2023:12:53:02 +0200] "GET /images/big_prod_2/1328399282524a.jpg HTTP/1.1" 200 140464 "-" "Googlebot-Image/1.0"
185.176.78.178 - - [14/May/2023:12:54:00 +0200] "GET /images/mini_prod/3272760389849.jpg HTTP/1.1" 200 7075 "-" "Mozilla/5.0 (X11; Ubuntu; Linux x86_64; rv:72.0) Gecko/20100101 Firefox/72.0"
66.249.66.79 - - [14/May/2023:12:54:42 +0200] "GET /images/big_prod_2/3453131078641b.jpg HTTP/1.1" 200 144523 "-" "Googlebot-Image/1.0"
106.55.255.207 - - [14/May/2023:12:54:42 +0200] "GET /images/mini_prod/5050293803197.jpg HTTP/1.1" 200 9360 "-" "Mozilla/5.0 (X11; Ubuntu; Linux x86_64; rv:72.0) Gecko/20100101 Firefox/72.0"
129.82.147.216 - - [14/May/2023:12:54:50 +0200] "GET /images/mini_prod/1384010183571BB.jpg HTTP/1.1" 200 7286 "-" "Mozilla/5.0 (X11; Ubuntu; Linux x86_64; rv:72.0) Gecko/20100101 Firefox/72.0"
129.204.116.160 - - [14/May/2023:12:55:03 +0200] "GET /images/mini_prod/1384010207260.jpg HTTP/1.1" 200 9162 "-" "Mozilla/5.0 (X11; Ubuntu; Linux x86_64; rv:72.0) Gecko/20100101 Firefox/72.0"
95.163.255.130 - - [14/May/2023:12:55:24 +0200] "GET /robots.txt HTTP/1.0" 200 2438 "-" "Mozilla/5.0 (compatible; Linux x86_64; Mail.RU_Bot/Img/2.0; +https://help.mail.ru/webmaster/indexing/robots)"
95.163.255.120 - - [14/May/2023:12:55:33 +0200] "GET /images/3684225058250.jpg HTTP/1.1" 200 32556 "http://wonder-geek.com/images/3684225058250.jpg" "Mozilla/5.0 (compatible; Linux x86_64; Mail.RU_Bot/Img/2.0; +https://help.mail.ru/webmaster/indexing/robots)"
185.176.78.178 - - [14/May/2023:12:59:56 +0200] "GET /images/mini_prod/4895029627446.jpg HTTP/1.1" 200 5086 "-" "Mozilla/5.0 (X11; Ubuntu; Linux x86_64; rv:72.0) Gecko/20100101 Firefox/72.0"
8.218.75.45 - - [14/May/2023:13:02:27 +0200] "GET /images/mini_prod/1399984258446.jpg HTTP/1.1" 200 5664 "-" "aria2/1.35.0"
195.188.181.2 - - [14/May/2023:13:03:50 +0200] "GET /images/mini_prod/1399984257180.jpg HTTP/1.1" 200 11219 "-" "Mozilla/5.0 (X11; Ubuntu; Linux x86_64; rv:72.0) Gecko/20100101 Firefox/72.0"
185.191.171.9 - - [14/May/2023:13:04:02 +0200] "GET /robots.txt HTTP/1.1" 200 2438 "-" "Mozilla/5.0 (compatible; SemrushBot/7~bl; +http://www.semrush.com/bot.html)"
66.249.66.79 - - [14/May/2023:13:04:53 +0200] "GET /images/big_prod_2/8424346524112C.jpg HTTP/1.1" 200 213320 "-" "Googlebot-Image/1.0"
106.53.102.224 - - [14/May/2023:13:06:09 +0200] "GET /images/mini_prod/DSCN943222012012.jpg HTTP/1.1" 200 8720 "-" "Mozilla/5.0 (X11; Ubuntu; Linux x86_64; rv:72.0) Gecko/20100101 Firefox/72.0"
207.46.13.220 - - [14/May/2023:13:06:21 +0200] "GET /images/big_prod_1/8422810093348b.jpg HTTP/1.1" 200 195518 "-" "Mozilla/5.0 AppleWebKit/537.36 (KHTML, like Gecko; compatible; bingbot/2.0; +http://www.bing.com/bingbot.htm) Chrome/103.0.5060.134 Safari/537.36"
81.71.99.91 - - [14/May/2023:13:06:52 +0200] "GET /images/mini_prod/1399984280591.jpg HTTP/1.1" 200 11587 "-" "Mozilla/5.0 (X11; Ubuntu; Linux x86_64; rv:72.0) Gecko/20100101 Firefox/72.0"
81.71.101.51 - - [14/May/2023:13:07:27 +0200] "GET /images/mini_prod/8012052070612.jpg HTTP/1.1" 200 5013 "-" "Mozilla/5.0 (X11; Ubuntu; Linux x86_64; rv:72.0) Gecko/20100101 Firefox/72.0"
66.249.66.79 - - [14/May/2023:13:08:17 +0200] "GET /images/big_prod_1/3453131154420B.jpg HTTP/1.1" 200 165605 "-" "Googlebot-Image/1.0"
66.249.66.81 - - [14/May/2023:13:09:11 +0200] "GET /images/big_prod/8719172838909b.jpg HTTP/1.1" 200 63278 "-" "Googlebot-Image/1.0"
66.249.66.79 - - [14/May/2023:13:09:23 +0200] "GET /images/big_prod/3503420170546.jpg HTTP/1.1" 200 467484 "-" "Googlebot-Image/1.0"
8.218.248.120 - - [14/May/2023:13:10:25 +0200] "GET /images/mini_prod/3574642330520.jpg HTTP/1.1" 200 6265 "-" "aria2/1.35.0"
66.249.66.79 - - [14/May/2023:13:11:47 +0200] "GET /images/big_prod_1/8422023105005B.jpg HTTP/1.1" 200 117769 "-" "Googlebot-Image/1.0"
207.46.13.208 - - [14/May/2023:13:12:03 +0200] "GET /images/big_prod/3014627829965j.jpg HTTP/1.1" 200 57514 "-" "Mozilla/5.0 AppleWebKit/537.36 (KHTML, like Gecko; compatible; bingbot/2.0; +http://www.bing.com/bingbot.htm) Chrome/103.0.5060.134 Safari/537.36"
129.204.105.50 - - [14/May/2023:13:12:14 +0200] "GET /images/mini_prod/3553560332908.jpg HTTP/1.1" 200 6164 "-" "Mozilla/5.0 (X11; Ubuntu; Linux x86_64; rv:72.0) Gecko/20100101 Firefox/72.0"
66.249.66.81 - - [14/May/2023:13:13:39 +0200] "GET /images/big_prod_1/3665269231717a.jpg HTTP/1.1" 200 380666 "-" "Googlebot-Image/1.0"
66.249.66.80 - - [14/May/2023:13:14:25 +0200] "GET /images/big_prod/3700516267122.jpg HTTP/1.1" 200 69428 "-" "Googlebot-Image/1.0"
66.249.66.79 - - [14/May/2023:13:14:38 +0200] "GET /images/big_prod/8422099381228.jpg HTTP/1.1" 200 313349 "-" "Googlebot-Image/1.0"
216.244.66.242 - - [14/May/2023:13:14:38 +0200] "GET /robots.txt HTTP/1.1" 200 2438 "-" "Mozilla/5.0 (compatible; DotBot/1.2; +https://opensiteexplorer.org/dotbot; help@moz.com)"
81.71.101.51 - - [14/May/2023:13:15:08 +0200] "GET /images/mini_prod/3574642575204.jpg HTTP/1.1" 200 5231 "-" "Mozilla/5.0 (X11; Ubuntu; Linux x86_64; rv:72.0) Gecko/20100101 Firefox/72.0"
8.218.75.45 - - [14/May/2023:13:15:42 +0200] "GET /images/mini_prod/3700276274453.jpg HTTP/1.1" 200 8068 "-" "aria2/1.35.0"
135.148.195.4 - - [14/May/2023:13:15:47 +0200] "GET /favicon.ico HTTP/1.1" 200 1591 "-" "Mozilla/5.0 (Windows NT 6.4; WOW64) AppleWebKit/537.36 (KHTML, like Gecko) Chrome/41.0.2225.0 Safari/537.36"
42.194.240.188 - - [14/May/2023:13:16:08 +0200] "GET /images/mini_prod/3453131062558.jpg HTTP/1.1" 200 9086 "-" "Mozilla/5.0 (X11; Ubuntu; Linux x86_64; rv:72.0) Gecko/20100101 Firefox/72.0"
185.176.78.178 - - [14/May/2023:13:16:24 +0200] "GET /images/mini_prod/MUG-BLC-POLAROID.jpg HTTP/1.1" 200 6578 "-" "Mozilla/5.0 (X11; Ubuntu; Linux x86_64; rv:72.0) Gecko/20100101 Firefox/72.0"
66.249.66.79 - - [14/May/2023:13:17:26 +0200] "GET /images/big_prod_1/3453131161459a.jpg HTTP/1.1" 200 554967 "-" "Googlebot-Image/1.0"
42.194.192.163 - - [14/May/2023:13:18:24 +0200] "GET /images/mini_prod/1300000790673.jpg HTTP/1.1" 200 6827 "-" "Mozilla/5.0 (X11; Ubuntu; Linux x86_64; rv:72.0) Gecko/20100101 Firefox/72.0"
35.237.59.69 - - [14/May/2023:13:18:38 +0200] "GET /images/8435333848197.jpg HTTP/1.1" 200 35529 "-" "Mozilla/5.0 (X11; Ubuntu; Linux x86_64; rv:72.0) Gecko/20100101 Firefox/72.0"
149.6.140.106 - - [14/May/2023:13:18:38 +0200] "GET /images/mini_prod/1384010207260.jpg HTTP/1.1" 200 9162 "-" "Mozilla/5.0 (X11; Ubuntu; Linux x86_64; rv:72.0) Gecko/20100101 Firefox/72.0"
66.249.66.80 - - [14/May/2023:13:20:09 +0200] "GET /images/big_prod_1/3442440233865b.jpg HTTP/1.1" 200 150270 "-" "Googlebot-Image/1.0"
17.241.75.18 - - [14/May/2023:13:22:21 +0200] "GET /robots.txt HTTP/1.1" 200 2438 "-" "Mozilla/5.0 (Macintosh; Intel Mac OS X 10_15_5) AppleWebKit/605.1.15 (KHTML, like Gecko) Version/13.1.1 Safari/605.1.15 (Applebot/0.1; +http://www.apple.com/go/applebot)"
111.197.174.29 - - [14/May/2023:13:23:10 +0200] "GET /images/mini_prod/1384010207550.jpg HTTP/1.1" 200 7476 "-" "Python/3.11 aiohttp/3.8.4"
121.30.179.117 - - [14/May/2023:13:23:25 +0200] "GET /images/mini_prod/3453131143844.jpg HTTP/1.1" 200 9615 "-" "Mozilla/5.0 (X11; Ubuntu; Linux x86_64; rv:72.0) Gecko/20100101 Firefox/72.0"
66.249.66.79 - - [14/May/2023:13:25:21 +0200] "GET /images/big_prod/3612875118574.jpg HTTP/1.1" 200 151901 "-" "Googlebot-Image/1.0"
42.194.192.163 - - [14/May/2023:13:25:53 +0200] "GET /images/mini_prod/3609810061910.jpg HTTP/1.1" 200 9540 "-" "Mozilla/5.0 (X11; Ubuntu; Linux x86_64; rv:72.0) Gecko/20100101 Firefox/72.0"
47.12.107.196 - - [14/May/2023:13:28:09 +0200] "GET /images/mini_prod/1439122000008.jpg HTTP/1.1" 200 7103 "-" "Mozilla/5.0 (X11; Ubuntu; Linux x86_64; rv:72.0) Gecko/20100101 Firefox/72.0"
121.30.179.67 - - [14/May/2023:13:29:18 +0200] "GET /images/big_prod_1/8422001948013a.jpg HTTP/1.1" 200 194451 "-" "Mozilla/5.0 (X11; Ubuntu; Linux x86_64; rv:72.0) Gecko/20100101 Firefox/72.0"
66.249.66.80 - - [14/May/2023:13:30:56 +0200] "GET /images/big_prod/5051276476315.jpg HTTP/1.1" 200 53399 "-" "Googlebot-Image/1.0"
66.249.66.79 - - [14/May/2023:13:31:18 +0200] "GET /images/big_prod/8718317592515.jpg HTTP/1.1" 200 147185 "-" "Googlebot-Image/1.0"
66.249.66.79 - - [14/May/2023:13:31:44 +0200] "GET /images/big_prod_2/3665284220659b.jpg HTTP/1.1" 200 93903 "-" "Googlebot-Image/1.0"
147.92.153.7 - - [14/May/2023:13:31:48 +0200] "GET /images/big_prod/8445146071903.jpg HTTP/1.1" 200 461124 "-" "Mozilla/5.0 (compatible; Linespider/1.1; +https://lin.ee/4dwXkTH)"
40.77.167.83 - - [14/May/2023:13:32:03 +0200] "GET /images/big_prod_1/8420410090385D.jpg HTTP/1.1" 200 124536 "-" "Mozilla/5.0 AppleWebKit/537.36 (KHTML, like Gecko; compatible; bingbot/2.0; +http://www.bing.com/bingbot.htm) Chrome/103.0.5060.134 Safari/537.36"
66.249.66.79 - - [14/May/2023:13:32:22 +0200] "GET /images/big_prod_1/3700281666991B.jpg HTTP/1.1" 200 705133 "-" "Googlebot-Image/1.0"
203.195.164.241 - - [14/May/2023:13:32:31 +0200] "GET /images/mini_prod/1300000020282.jpg HTTP/1.1" 200 5902 "-" "Mozilla/5.0 (X11; Ubuntu; Linux x86_64; rv:72.0) Gecko/20100101 Firefox/72.0"
66.249.66.79 - - [14/May/2023:13:33:52 +0200] "GET /images/DSCN6291.jpg HTTP/1.1" 200 53441 "-" "Googlebot-Image/1.0"
149.6.140.106 - - [14/May/2023:13:35:46 +0200] "GET /images/mini_prod/1300000790673.jpg HTTP/1.1" 200 6827 "-" "Mozilla/5.0 (X11; Ubuntu; Linux x86_64; rv:72.0) Gecko/20100101 Firefox/72.0"
114.119.129.167 - - [14/May/2023:13:36:40 +0200] "GET /images/big_prod/8445148040723.jpg HTTP/1.1" 200 57617 "http://www.wonder-geek.com/ceramic-mugs-p-59926.html" "Mozilla/5.0 (Linux; Android 7.0;) AppleWebKit/537.36 (KHTML, like Gecko) Mobile Safari/537.36 (compatible; PetalBot;+https://webmaster.petalsearch.com/site/petalbot)"
185.176.78.178 - - [14/May/2023:13:39:30 +0200] "GET /images/mini_prod/8424345892595.jpg HTTP/1.1" 200 12122 "-" "Mozilla/5.0 (X11; Ubuntu; Linux x86_64; rv:72.0) Gecko/20100101 Firefox/72.0"
8.218.75.45 - - [14/May/2023:13:39:46 +0200] "GET /images/mini_prod/5018997621745.jpg HTTP/1.1" 200 7478 "-" "aria2/1.35.0"
195.188.181.2 - - [14/May/2023:13:41:22 +0200] "GET /images/mini_prod/3700276281796.jpg HTTP/1.1" 200 8279 "-" "Mozilla/5.0 (X11; Ubuntu; Linux x86_64; rv:72.0) Gecko/20100101 Firefox/72.0"
66.249.66.80 - - [14/May/2023:13:42:01 +0200] "GET /images/big_prod/3438100304341B.jpg HTTP/1.1" 200 75305 "-" "Googlebot-Image/1.0"
