3.145.65.187 - - [03/Jun/2023:03:24:25 +0200] "GET /ai.txt?t=1685754083.227398 HTTP/1.0" 404 1308 "-" "Spawning-AI"
3.145.65.187 - - [03/Jun/2023:03:24:26 +0200] "GET /.well-known/ai.txt?t=1685754083.227398 HTTP/1.0" 404 1308 "-" "Spawning-AI"
114.119.151.70 - - [03/Jun/2023:03:24:27 +0200] "GET /california-custom-glass-clock-p-55076.html HTTP/1.0" 200 76143 "http://www.wonder-geek.com/home-decoration-c-13.html?page=99" "Mozilla/5.0 (Linux; Android 7.0;) AppleWebKit/537.36 (KHTML, like Gecko) Mobile Safari/537.36 (compatible; PetalBot;+https://webmaster.petalsearch.com/site/petalbot)"
85.208.96.194 - - [03/Jun/2023:03:25:18 +0200] "GET /body-talk-resin-statuette-reclining-naked-p-54719.html HTTP/1.0" 200 73502 "-" "Mozilla/5.0 (compatible; SemrushBot/7~bl; +http://www.semrush.com/bot.html)"
147.92.153.18 - - [03/Jun/2023:03:26:03 +0200] "GET /wall-decoration-wood-c-13_274.html HTTP/1.0" 200 95847 "-" "Mozilla/5.0 (compatible; Linespider/1.1; +https://lin.ee/4dwXkTH)"
114.119.138.65 - - [03/Jun/2023:03:26:04 +0200] "GET /calendar-workbook-organizer-c-129_189.html?page=2 HTTP/1.0" 200 89271 "http://www.wonder-geek.com/calendar-workbook-organizer-c-129_189.html" "Mozilla/5.0 (Linux; Android 7.0;) AppleWebKit/537.36 (KHTML, like Gecko) Mobile Safari/537.36 (compatible; PetalBot;+https://webmaster.petalsearch.com/site/petalbot)"
35.171.69.89 - - [03/Jun/2023:03:26:09 +0200] "GET /images/med_prod/8435306276187.jpg HTTP/1.0" 200 268 "-" "Mozilla/5.0 (X11; Ubuntu; Linux x86_64; rv:72.0) Gecko/20100101 Firefox/72.0"
185.176.78.178 - - [03/Jun/2023:03:27:10 +0200] "GET /images/mini_prod/8433933142448.jpg HTTP/1.0" 200 269 "-" "Mozilla/5.0 (X11; Ubuntu; Linux x86_64; rv:72.0) Gecko/20100101 Firefox/72.0"
114.119.148.64 - - [03/Jun/2023:03:27:25 +0200] "GET /butter-dish-c-12_222.html HTTP/1.0" 200 84835 "http://www.wonder-geek.com/boy-best-friend-elliott-dragon-figurine-p-37696.html" "Mozilla/5.0 (Linux; Android 7.0;) AppleWebKit/537.36 (KHTML, like Gecko) Mobile Safari/537.36 (compatible; PetalBot;+https://webmaster.petalsearch.com/site/petalbot)"
144.121.105.210 - - [03/Jun/2023:03:27:36 +0200] "GET /images/5022271900839.jpg HTTP/1.0" 200 259 "-" "Mozilla/5.0 (Macintosh; Intel Mac OS X 10_15_7) AppleWebKit/605.1.15 (KHTML, like Gecko) Version/16.5 Safari/605.1.15"
35.171.69.89 - - [03/Jun/2023:03:27:37 +0200] "GET /images/mini_prod/3700276271162.jpg HTTP/1.0" 200 269 "-" "Mozilla/5.0 (X11; Ubuntu; Linux x86_64; rv:72.0) Gecko/20100101 Firefox/72.0"
180.76.14.2 - - [03/Jun/2023:03:27:37 +0200] "GET /images/mini_prod/1384010206317.jpg HTTP/1.0" 200 269 "-" "Mozilla/5.0 (X11; Ubuntu; Linux x86_64; rv:72.0) Gecko/20100101 Firefox/72.0"
52.167.144.98 - - [03/Jun/2023:03:27:36 +0200] "GET /lighting-c-86.html HTTP/1.0" 200 94059 "-" "Mozilla/5.0 AppleWebKit/537.36 (KHTML, like Gecko; compatible; bingbot/2.0; +http://www.bing.com/bingbot.htm) Chrome/103.0.5060.134 Safari/537.36"
180.76.14.4 - - [03/Jun/2023:03:27:49 +0200] "GET /images/mini_prod/3014627935734.jpg HTTP/1.0" 200 269 "-" "Mozilla/5.0 (X11; Ubuntu; Linux x86_64; rv:72.0) Gecko/20100101 Firefox/72.0"
51.68.224.127 - - [03/Jun/2023:03:27:59 +0200] "GET /adminweb/export_orders_xml.php?token=256de2z6edz6ed2z6DFSFsed2zed6zeDSFDSGdzedezfzf&maxorders=10&orderstart=1&status=14&start_date=2018-10-01 HTTP/1.0" 200 285 "-" "GesCom CharlotteBoutik Serveur"
51.68.224.127 - - [03/Jun/2023:03:27:59 +0200] "GET /adminweb/export_orders_xml.php?token=256de2z6edz6ed2z6DFSFsed2zed6zeDSFDSGdzedezfzf&maxorders=10&orderstart=1&status=6&start_date=2018-10-01 HTTP/1.0" 200 33887 "-" "GesCom CharlotteBoutik Serveur"
114.119.156.206 - - [03/Jun/2023:03:28:45 +0200] "GET /pill-chat-piano-p-53835.html HTTP/1.0" 200 76119 "http://www.wonder-geek.com/small-boxes-and-pill-c-13_150_154.html?page=3" "Mozilla/5.0 (Linux; Android 7.0;) AppleWebKit/537.36 (KHTML, like Gecko) Mobile Safari/537.36 (compatible; PetalBot;+https://webmaster.petalsearch.com/site/petalbot)"
17.241.219.31 - - [03/Jun/2023:03:28:59 +0200] "GET /teapot-cups-white-black-p-49415.html HTTP/1.0" 200 73460 "-" "Mozilla/5.0 (Macintosh; Intel Mac OS X 10_15_5) AppleWebKit/605.1.15 (KHTML, like Gecko) Version/13.1.1 Safari/605.1.15 (Applebot/0.1; +http://www.apple.com/go/applebot)"
185.191.171.39 - - [03/Jun/2023:03:29:21 +0200] "GET /isothermic-stainless-steel-bottle-maman-parfaite-p-54539.html HTTP/1.0" 200 76805 "-" "Mozilla/5.0 (compatible; SemrushBot/7~bl; +http://www.semrush.com/bot.html)"
119.8.243.89 - - [03/Jun/2023:03:29:34 +0200] "GET /images/mini_prod/3609810071988.jpg HTTP/1.0" 200 269 "-" "Mozilla/5.0 (X11; Ubuntu; Linux x86_64; rv:72.0) Gecko/20100101 Firefox/72.0"
185.176.78.178 - - [03/Jun/2023:03:29:45 +0200] "GET /images/mini_prod/MISES-EN-SITUATION-15.jpg HTTP/1.0" 200 277 "-" "Mozilla/5.0 (X11; Ubuntu; Linux x86_64; rv:72.0) Gecko/20100101 Firefox/72.0"
203.217.230.45 - - [03/Jun/2023:03:29:53 +0200] "GET /images/mini_prod/1384220402431.jpg HTTP/1.0" 200 269 "-" "Mozilla/5.0 (compatible; MSIE 9.0; Windows NT 6.1; Win64; x64; Trident/5.0)"
114.119.155.81 - - [03/Jun/2023:03:29:59 +0200] "GET /breakfast-c-12_61.html HTTP/1.0" 200 94250 "http://www.wonder-geek.com/mugs-mazagrans-c-12_57.html?page=6" "Mozilla/5.0 (Linux; Android 7.0;) AppleWebKit/537.36 (KHTML, like Gecko) Mobile Safari/537.36 (compatible; PetalBot;+https://webmaster.petalsearch.com/site/petalbot)"
121.5.102.126 - - [03/Jun/2023:03:30:14 +0200] "GET /images/mini_prod/3438100349946.jpg HTTP/1.0" 200 269 "-" "Mozilla/5.0 (X11; Ubuntu; Linux x86_64; rv:72.0) Gecko/20100101 Firefox/72.0"
203.217.230.10 - - [03/Jun/2023:03:31:37 +0200] "GET /images/mini_prod/1384010179017.jpg HTTP/1.0" 200 269 "-" "Mozilla/5.0 (compatible; MSIE 9.0; Windows NT 6.1; Win64; x64; Trident/5.0)"
44.236.1.180 - - [03/Jun/2023:03:31:57 +0200] "GET /images/mini_prod/3453131123617.jpg HTTP/1.0" 200 269 "-" "Mozilla/5.0 (X11; Ubuntu; Linux x86_64; rv:72.0) Gecko/20100101 Firefox/72.0"
35.171.69.89 - - [03/Jun/2023:03:32:29 +0200] "GET /images/mini_prod/3503420127786.jpg HTTP/1.0" 200 269 "-" "Mozilla/5.0 (X11; Ubuntu; Linux x86_64; rv:72.0) Gecko/20100101 Firefox/72.0"
114.119.133.236 - - [03/Jun/2023:03:32:43 +0200] "GET /lautaret-bedclothes-240-260-cm-p-52348.html HTTP/1.0" 301 73391 "http://www.wonder-geek.com/set-of-bed-linen-c-11_68.html?page=7" "Mozilla/5.0 (Linux; Android 7.0;) AppleWebKit/537.36 (KHTML, like Gecko) Mobile Safari/537.36 (compatible; PetalBot;+https://webmaster.petalsearch.com/site/petalbot)"
114.119.133.236 - - [03/Jun/2023:03:32:53 +0200] "GET /-p-52348.html HTTP/1.0" 200 73324 "http://www.wonder-geek.com/set-of-bed-linen-c-11_68.html?page=7" "Mozilla/5.0 (Linux; Android 7.0;) AppleWebKit/537.36 (KHTML, like Gecko) Mobile Safari/537.36 (compatible; PetalBot;+https://webmaster.petalsearch.com/site/petalbot)"
185.191.171.20 - - [03/Jun/2023:03:33:24 +0200] "GET /white-bird-table-lamp-p-38248.html HTTP/1.0" 200 73420 "-" "Mozilla/5.0 (compatible; SemrushBot/7~bl; +http://www.semrush.com/bot.html)"
114.119.137.123 - - [03/Jun/2023:03:34:01 +0200] "GET /blackout-curtain-black-p-52247.html HTTP/1.0" 200 73406 "http://www.wonder-geek.com/curtains-lace-curtains-c-11_69.html?page=2" "Mozilla/5.0 (Linux; Android 7.0;) AppleWebKit/537.36 (KHTML, like Gecko) Mobile Safari/537.36 (compatible; PetalBot;+https://webmaster.petalsearch.com/site/petalbot)"
66.249.64.198 - - [03/Jun/2023:03:34:10 +0200] "GET /jakarta-dark-blue-carpet-60-120-cm-p-48425.html HTTP/1.0" 301 73525 "-" "Mozilla/5.0 (Linux; Android 6.0.1; Nexus 5X Build/MMB29P) AppleWebKit/537.36 (KHTML, like Gecko) Chrome/114.0.5735.90 Mobile Safari/537.36 (compatible; Googlebot/2.1; +http://www.google.com/bot.html)"
66.249.64.202 - - [03/Jun/2023:03:34:12 +0200] "GET /jakarta-dark-blue-carpet-p-48425.html HTTP/1.0" 200 73434 "-" "Mozilla/5.0 (Linux; Android 6.0.1; Nexus 5X Build/MMB29P) AppleWebKit/537.36 (KHTML, like Gecko) Chrome/114.0.5735.90 Mobile Safari/537.36 (compatible; Googlebot/2.1; +http://www.google.com/bot.html)"
35.171.69.89 - - [03/Jun/2023:03:34:42 +0200] "GET /images/mini_prod/3700653590855.jpg HTTP/1.0" 200 269 "-" "Mozilla/5.0 (X11; Ubuntu; Linux x86_64; rv:72.0) Gecko/20100101 Firefox/72.0"
66.249.64.198 - - [03/Jun/2023:03:35:29 +0200] "GET /images/big_prod/1399985100560.jpg HTTP/1.0" 200 268 "-" "Googlebot-Image/1.0"
114.119.129.225 - - [03/Jun/2023:03:35:43 +0200] "GET /black-metal-flask-bourbon-p-37761.html HTTP/1.0" 200 75988 "http://www.wonder-geek.com/dishes-c-12.html?page=56" "Mozilla/5.0 (Linux; Android 7.0;) AppleWebKit/537.36 (KHTML, like Gecko) Mobile Safari/537.36 (compatible; PetalBot;+https://webmaster.petalsearch.com/site/petalbot)"
203.217.230.10 - - [03/Jun/2023:03:35:52 +0200] "GET /images/mini_prod/4717115143022.jpg HTTP/1.0" 200 269 "-" "Mozilla/5.0 (compatible; MSIE 9.0; Windows NT 6.1; Win64; x64; Trident/5.0)"
114.119.156.77 - - [03/Jun/2023:03:36:56 +0200] "GET /statuette-jesus-christ-sacred-heart-inside-outside-p-51647.html HTTP/1.0" 200 77288 "http://www.wonder-geek.com/collectible-figurines-decorative-c-13_135.html?page=25" "Mozilla/5.0 (Linux; Android 7.0;) AppleWebKit/537.36 (KHTML, like Gecko) Mobile Safari/537.36 (compatible; PetalBot;+https://webmaster.petalsearch.com/site/petalbot)"
44.211.73.13 - - [03/Jun/2023:03:37:05 +0200] "GET /images/mini_prod/DSCN6817.jpg HTTP/1.0" 200 264 "-" "Mozilla/5.0 (X11; Ubuntu; Linux x86_64; rv:72.0) Gecko/20100101 Firefox/72.0"
114.119.153.25 - - [03/Jun/2023:03:39:00 +0200] "GET /billiard-ball-ashtray-p-55655.html HTTP/1.0" 200 73398 "http://www.wonder-geek.com/home-decoration-c-13.html?page=158" "Mozilla/5.0 (Linux; Android 7.0;) AppleWebKit/537.36 (KHTML, like Gecko) Mobile Safari/537.36 (compatible; PetalBot;+https://webmaster.petalsearch.com/site/petalbot)"
207.46.13.220 - - [03/Jun/2023:03:39:46 +0200] "GET /collectible-disney-figures-c-292_290.html HTTP/1.0" 200 97527 "-" "Mozilla/5.0 AppleWebKit/537.36 (KHTML, like Gecko; compatible; bingbot/2.0; +http://www.bing.com/bingbot.htm) Chrome/103.0.5060.134 Safari/537.36"
114.119.139.102 - - [03/Jun/2023:03:40:24 +0200] "GET /bhoutan-rectangulary-cushion-by-cbkreation-p-36752.html HTTP/1.0" 301 73391 "http://www.wonder-geek.com/cushions-c-11_71.html?page=8" "Mozilla/5.0 (Linux; Android 7.0;) AppleWebKit/537.36 (KHTML, like Gecko) Mobile Safari/537.36 (compatible; PetalBot;+https://webmaster.petalsearch.com/site/petalbot)"
114.119.139.102 - - [03/Jun/2023:03:40:37 +0200] "GET /-p-36752.html HTTP/1.0" 200 73324 "http://www.wonder-geek.com/cushions-c-11_71.html?page=8" "Mozilla/5.0 (Linux; Android 7.0;) AppleWebKit/537.36 (KHTML, like Gecko) Mobile Safari/537.36 (compatible; PetalBot;+https://webmaster.petalsearch.com/site/petalbot)"
121.5.102.126 - - [03/Jun/2023:03:40:52 +0200] "GET /images/mini_prod/MISES-EN-SITUATION-03.jpg HTTP/1.0" 200 277 "-" "Mozilla/5.0 (X11; Ubuntu; Linux x86_64; rv:72.0) Gecko/20100101 Firefox/72.0"
114.119.145.183 - - [03/Jun/2023:03:41:27 +0200] "GET /beer-glass-bottle-opener-p-53489.html HTTP/1.0" 200 76982 "http://www.wonder-geek.com/breakfast-c-12_61.html" "Mozilla/5.0 (Linux; Android 7.0;) AppleWebKit/537.36 (KHTML, like Gecko) Mobile Safari/537.36 (compatible; PetalBot;+https://webmaster.petalsearch.com/site/petalbot)"
66.249.64.198 - - [03/Jun/2023:03:42:16 +0200] "GET /images/big_prod/3503420144462.jpg HTTP/1.0" 200 268 "-" "Googlebot-Image/1.0"
114.119.139.148 - - [03/Jun/2023:03:42:35 +0200] "GET /becassine-money-box-p-15682.html HTTP/1.0" 301 73461 "http://www.wonder-geek.com/money-boxes-c-13_83.html?page=11" "Mozilla/5.0 (Linux; Android 7.0;) AppleWebKit/537.36 (KHTML, like Gecko) Mobile Safari/537.36 (compatible; PetalBot;+https://webmaster.petalsearch.com/site/petalbot)"
114.119.139.148 - - [03/Jun/2023:03:42:43 +0200] "GET /bcassine-money-p-15682.html HTTP/1.0" 200 73380 "http://www.wonder-geek.com/money-boxes-c-13_83.html?page=11" "Mozilla/5.0 (Linux; Android 7.0;) AppleWebKit/537.36 (KHTML, like Gecko) Mobile Safari/537.36 (compatible; PetalBot;+https://webmaster.petalsearch.com/site/petalbot)"
180.76.14.9 - - [03/Jun/2023:03:43:08 +0200] "GET /images/mini_prod/1399984264270.jpg HTTP/1.0" 200 269 "-" "Mozilla/5.0 (X11; Ubuntu; Linux x86_64; rv:72.0) Gecko/20100101 Firefox/72.0"
44.236.1.180 - - [03/Jun/2023:03:43:23 +0200] "GET /images/mini_prod/3609810022287.jpg HTTP/1.0" 200 269 "-" "Mozilla/5.0 (X11; Ubuntu; Linux x86_64; rv:72.0) Gecko/20100101 Firefox/72.0"
207.46.13.220 - - [03/Jun/2023:03:43:38 +0200] "GET /bowls-c-12_60.html?page=5 HTTP/1.0" 200 95236 "-" "Mozilla/5.0 AppleWebKit/537.36 (KHTML, like Gecko; compatible; bingbot/2.0; +http://www.bing.com/bingbot.htm) Chrome/103.0.5060.134 Safari/537.36"
218.188.41.122 - - [03/Jun/2023:03:44:04 +0200] "GET /robots.txt HTTP/1.0" 301 531 "-" "Mozilla/5.0 (compatible; MJ12bot/v1.4.8; http://mj12bot.com/)"
218.188.41.122 - - [03/Jun/2023:03:44:06 +0200] "GET /robots.txt HTTP/1.0" 200 245 "-" "Mozilla/5.0 (compatible; MJ12bot/v1.4.8; http://mj12bot.com/)"
218.188.41.122 - - [03/Jun/2023:03:44:08 +0200] "GET /decorations-and-furnishings/furnishings/disney-princess-table-p-1203.html HTTP/1.0" 301 657 "-" "Mozilla/5.0 (compatible; MJ12bot/v1.4.8; http://mj12bot.com/)"
51.68.224.127 - - [03/Jun/2023:03:44:08 +0200] "GET /adminweb/export_orders_xml.php?token=256de2z6edz6ed2z6DFSFsed2zed6zeDSFDSGdzedezfzf&maxorders=10&orderstart=1&status=14&start_date=2018-10-01 HTTP/1.0" 200 285 "-" "GesCom CharlotteBoutik Serveur"
114.119.145.140 - - [03/Jun/2023:03:44:08 +0200] "GET /michel-statue-p-40230.html HTTP/1.0" 200 73384 "http://www.wonder-geek.com/home-decoration-c-13.html?page=275" "Mozilla/5.0 (Linux; Android 7.0;) AppleWebKit/537.36 (KHTML, like Gecko) Mobile Safari/537.36 (compatible; PetalBot;+https://webmaster.petalsearch.com/site/petalbot)"
51.68.224.127 - - [03/Jun/2023:03:44:09 +0200] "GET /adminweb/export_orders_xml.php?token=256de2z6edz6ed2z6DFSFsed2zed6zeDSFDSGdzedezfzf&maxorders=10&orderstart=1&status=6&start_date=2018-10-01 HTTP/1.0" 200 33887 "-" "GesCom CharlotteBoutik Serveur"
218.188.41.122 - - [03/Jun/2023:03:44:10 +0200] "GET /decorations-and-furnishings/furnishings/disney-princess-table-p-1203.html HTTP/1.0" 301 73388 "-" "Mozilla/5.0 (compatible; MJ12bot/v1.4.8; http://mj12bot.com/)"
35.171.69.89 - - [03/Jun/2023:03:44:14 +0200] "GET /images/mini_prod/3553561711375BLANC.JPG HTTP/1.0" 200 274 "-" "Mozilla/5.0 (X11; Ubuntu; Linux x86_64; rv:72.0) Gecko/20100101 Firefox/72.0"
218.188.41.122 - - [03/Jun/2023:03:44:13 +0200] "GET /-p-1203.html HTTP/1.0" 200 73322 "-" "Mozilla/5.0 (compatible; MJ12bot/v1.4.8; http://mj12bot.com/)"
218.188.41.122 - - [03/Jun/2023:03:44:17 +0200] "GET /-p-11838.html HTTP/1.0" 200 73324 "-" "Mozilla/5.0 (compatible; MJ12bot/v1.4.8; http://mj12bot.com/)"
185.191.171.11 - - [03/Jun/2023:03:44:18 +0200] "GET /little-prince-exupery-figurine-p-44602.html HTTP/1.0" 200 76143 "-" "Mozilla/5.0 (compatible; SemrushBot/7~bl; +http://www.semrush.com/bot.html)"
218.188.41.122 - - [03/Jun/2023:03:44:22 +0200] "GET /-p-1203.html HTTP/1.0" 200 73322 "-" "Mozilla/5.0 (compatible; MJ12bot/v1.4.8; http://mj12bot.com/)"
218.188.41.122 - - [03/Jun/2023:03:44:26 +0200] "GET /-p-12746.html HTTP/1.0" 200 73324 "-" "Mozilla/5.0 (compatible; MJ12bot/v1.4.8; http://mj12bot.com/)"
218.188.41.122 - - [03/Jun/2023:03:44:30 +0200] "GET /-p-13435.html HTTP/1.0" 200 73324 "-" "Mozilla/5.0 (compatible; MJ12bot/v1.4.8; http://mj12bot.com/)"
218.188.41.122 - - [03/Jun/2023:03:44:35 +0200] "GET /-p-14918.html HTTP/1.0" 200 73324 "-" "Mozilla/5.0 (compatible; MJ12bot/v1.4.8; http://mj12bot.com/)"
218.188.41.122 - - [03/Jun/2023:03:44:39 +0200] "GET /-p-20299.html HTTP/1.0" 200 73324 "-" "Mozilla/5.0 (compatible; MJ12bot/v1.4.8; http://mj12bot.com/)"
218.188.41.122 - - [03/Jun/2023:03:44:43 +0200] "GET /-p-20747.html HTTP/1.0" 200 73324 "-" "Mozilla/5.0 (compatible; MJ12bot/v1.4.8; http://mj12bot.com/)"
218.188.41.122 - - [03/Jun/2023:03:44:47 +0200] "GET /-p-21392.html HTTP/1.0" 200 73324 "-" "Mozilla/5.0 (compatible; MJ12bot/v1.4.8; http://mj12bot.com/)"
218.188.41.122 - - [03/Jun/2023:03:44:52 +0200] "GET /-p-21959.html HTTP/1.0" 200 73324 "-" "Mozilla/5.0 (compatible; MJ12bot/v1.4.8; http://mj12bot.com/)"
218.188.41.122 - - [03/Jun/2023:03:44:56 +0200] "GET /-p-23219.html HTTP/1.0" 200 73324 "-" "Mozilla/5.0 (compatible; MJ12bot/v1.4.8; http://mj12bot.com/)"
218.188.41.122 - - [03/Jun/2023:03:45:01 +0200] "GET /-p-26167.html HTTP/1.0" 200 73324 "-" "Mozilla/5.0 (compatible; MJ12bot/v1.4.8; http://mj12bot.com/)"
35.171.69.89 - - [03/Jun/2023:03:45:02 +0200] "GET /images/big_prod_1/b3612875121895.jpg HTTP/1.0" 200 271 "-" "Mozilla/5.0 (X11; Ubuntu; Linux x86_64; rv:72.0) Gecko/20100101 Firefox/72.0"
218.188.41.122 - - [03/Jun/2023:03:45:06 +0200] "GET /-p-29238.html HTTP/1.0" 200 73324 "-" "Mozilla/5.0 (compatible; MJ12bot/v1.4.8; http://mj12bot.com/)"
218.188.41.122 - - [03/Jun/2023:03:45:11 +0200] "GET /-p-30764.html HTTP/1.0" 200 73324 "-" "Mozilla/5.0 (compatible; MJ12bot/v1.4.8; http://mj12bot.com/)"
218.188.41.122 - - [03/Jun/2023:03:45:16 +0200] "GET /-p-31000.html HTTP/1.0" 200 73324 "-" "Mozilla/5.0 (compatible; MJ12bot/v1.4.8; http://mj12bot.com/)"
218.188.41.122 - - [03/Jun/2023:03:45:20 +0200] "GET /-p-31036.html HTTP/1.0" 200 73324 "-" "Mozilla/5.0 (compatible; MJ12bot/v1.4.8; http://mj12bot.com/)"
218.188.41.122 - - [03/Jun/2023:03:45:25 +0200] "GET /-p-32082.html HTTP/1.0" 200 73324 "-" "Mozilla/5.0 (compatible; MJ12bot/v1.4.8; http://mj12bot.com/)"
218.188.41.122 - - [03/Jun/2023:03:45:30 +0200] "GET /-p-32817.html HTTP/1.0" 200 73324 "-" "Mozilla/5.0 (compatible; MJ12bot/v1.4.8; http://mj12bot.com/)"
218.188.41.122 - - [03/Jun/2023:03:45:34 +0200] "GET /-p-33156.html HTTP/1.0" 200 73324 "-" "Mozilla/5.0 (compatible; MJ12bot/v1.4.8; http://mj12bot.com/)"
218.188.41.122 - - [03/Jun/2023:03:45:39 +0200] "GET /-p-36456.html HTTP/1.0" 200 73324 "-" "Mozilla/5.0 (compatible; MJ12bot/v1.4.8; http://mj12bot.com/)"
114.119.154.207 - - [03/Jun/2023:03:45:42 +0200] "GET /beautiful-ladybug-and-her-car-figure-p-3943.html HTTP/1.0" 301 73522 "http://www.wonder-geek.com/specials.php?page=28" "Mozilla/5.0 (Linux; Android 7.0;) AppleWebKit/537.36 (KHTML, like Gecko) Mobile Safari/537.36 (compatible; PetalBot;+https://webmaster.petalsearch.com/site/petalbot)"
218.188.41.122 - - [03/Jun/2023:03:45:43 +0200] "GET /-p-38034.html HTTP/1.0" 200 73324 "-" "Mozilla/5.0 (compatible; MJ12bot/v1.4.8; http://mj12bot.com/)"
218.188.41.122 - - [03/Jun/2023:03:45:48 +0200] "GET /-p-39995.html HTTP/1.0" 200 73324 "-" "Mozilla/5.0 (compatible; MJ12bot/v1.4.8; http://mj12bot.com/)"
218.188.41.122 - - [03/Jun/2023:03:45:52 +0200] "GET /-p-40056.html HTTP/1.0" 200 73324 "-" "Mozilla/5.0 (compatible; MJ12bot/v1.4.8; http://mj12bot.com/)"
114.119.154.207 - - [03/Jun/2023:03:45:54 +0200] "GET /beautiful-ladybug-figure-p-3943.html HTTP/1.0" 200 73432 "http://www.wonder-geek.com/specials.php?page=28" "Mozilla/5.0 (Linux; Android 7.0;) AppleWebKit/537.36 (KHTML, like Gecko) Mobile Safari/537.36 (compatible; PetalBot;+https://webmaster.petalsearch.com/site/petalbot)"
112.13.112.142 - - [03/Jun/2023:03:45:57 +0200] "GET /images/mini_prod/3503420146299.jpg HTTP/1.0" 200 269 "http://www.wonder-geek.com/" "YisouSpider"
218.188.41.122 - - [03/Jun/2023:03:45:56 +0200] "GET /-p-40064.html HTTP/1.0" 200 73324 "-" "Mozilla/5.0 (compatible; MJ12bot/v1.4.8; http://mj12bot.com/)"
218.188.41.122 - - [03/Jun/2023:03:46:01 +0200] "GET /-p-43788.html HTTP/1.0" 200 73324 "-" "Mozilla/5.0 (compatible; MJ12bot/v1.4.8; http://mj12bot.com/)"
218.188.41.122 - - [03/Jun/2023:03:46:05 +0200] "GET /-p-43789.html HTTP/1.0" 200 73324 "-" "Mozilla/5.0 (compatible; MJ12bot/v1.4.8; http://mj12bot.com/)"
218.188.41.122 - - [03/Jun/2023:03:46:10 +0200] "GET /-p-45409.html HTTP/1.0" 200 73324 "-" "Mozilla/5.0 (compatible; MJ12bot/v1.4.8; http://mj12bot.com/)"
218.188.41.122 - - [03/Jun/2023:03:46:14 +0200] "GET /-p-45413.html HTTP/1.0" 200 73324 "-" "Mozilla/5.0 (compatible; MJ12bot/v1.4.8; http://mj12bot.com/)"
218.188.41.122 - - [03/Jun/2023:03:46:19 +0200] "GET /-p-45417.html HTTP/1.0" 200 73324 "-" "Mozilla/5.0 (compatible; MJ12bot/v1.4.8; http://mj12bot.com/)"
218.188.41.122 - - [03/Jun/2023:03:46:24 +0200] "GET /-p-45423.html HTTP/1.0" 200 73324 "-" "Mozilla/5.0 (compatible; MJ12bot/v1.4.8; http://mj12bot.com/)"
218.188.41.122 - - [03/Jun/2023:03:46:29 +0200] "GET /-p-45451.html HTTP/1.0" 200 73324 "-" "Mozilla/5.0 (compatible; MJ12bot/v1.4.8; http://mj12bot.com/)"
218.188.41.122 - - [03/Jun/2023:03:46:33 +0200] "GET /-p-45452.html HTTP/1.0" 200 73324 "-" "Mozilla/5.0 (compatible; MJ12bot/v1.4.8; http://mj12bot.com/)"
218.188.41.122 - - [03/Jun/2023:03:46:38 +0200] "GET /-p-45453.html HTTP/1.0" 200 73324 "-" "Mozilla/5.0 (compatible; MJ12bot/v1.4.8; http://mj12bot.com/)"
218.188.41.122 - - [03/Jun/2023:03:46:42 +0200] "GET /-p-45471.html HTTP/1.0" 200 73324 "-" "Mozilla/5.0 (compatible; MJ12bot/v1.4.8; http://mj12bot.com/)"
218.188.41.122 - - [03/Jun/2023:03:46:48 +0200] "GET /-p-45473.html HTTP/1.0" 200 73324 "-" "Mozilla/5.0 (compatible; MJ12bot/v1.4.8; http://mj12bot.com/)"
218.188.41.122 - - [03/Jun/2023:03:46:53 +0200] "GET /-p-50836.html HTTP/1.0" 200 73324 "-" "Mozilla/5.0 (compatible; MJ12bot/v1.4.8; http://mj12bot.com/)"
218.188.41.122 - - [03/Jun/2023:03:46:58 +0200] "GET /-p-51662.html HTTP/1.0" 200 73324 "-" "Mozilla/5.0 (compatible; MJ12bot/v1.4.8; http://mj12bot.com/)"
218.188.41.122 - - [03/Jun/2023:03:47:03 +0200] "GET /-p-54584.html HTTP/1.0" 200 73324 "-" "Mozilla/5.0 (compatible; MJ12bot/v1.4.8; http://mj12bot.com/)"
218.188.41.122 - - [03/Jun/2023:03:47:09 +0200] "GET /-p-54586.html HTTP/1.0" 200 73324 "-" "Mozilla/5.0 (compatible; MJ12bot/v1.4.8; http://mj12bot.com/)"
218.188.41.122 - - [03/Jun/2023:03:47:14 +0200] "GET /-p-6548.html HTTP/1.0" 200 73322 "-" "Mozilla/5.0 (compatible; MJ12bot/v1.4.8; http://mj12bot.com/)"
218.188.41.122 - - [03/Jun/2023:03:47:18 +0200] "GET /aldabra-carpet-p-60112.html HTTP/1.0" 200 77075 "-" "Mozilla/5.0 (compatible; MJ12bot/v1.4.8; http://mj12bot.com/)"
218.188.41.122 - - [03/Jun/2023:03:47:22 +0200] "GET /alice-wonderland-glasses-case-p-56296.html HTTP/1.0" 200 76779 "-" "Mozilla/5.0 (compatible; MJ12bot/v1.4.8; http://mj12bot.com/)"
218.188.41.122 - - [03/Jun/2023:03:47:27 +0200] "GET /aluminum-bottle-little-prince-printed-france-p-56354.html HTTP/1.0" 200 76872 "-" "Mozilla/5.0 (compatible; MJ12bot/v1.4.8; http://mj12bot.com/)"
218.188.41.122 - - [03/Jun/2023:03:47:33 +0200] "GET /aluminum-bottle-make-planet-green-again-printed-france-p-56364.html HTTP/1.0" 200 77032 "-" "Mozilla/5.0 (compatible; MJ12bot/v1.4.8; http://mj12bot.com/)"
218.188.41.122 - - [03/Jun/2023:03:47:38 +0200] "GET /angel-fluorite-p-45476.html HTTP/1.0" 200 73385 "-" "Mozilla/5.0 (compatible; MJ12bot/v1.4.8; http://mj12bot.com/)"
218.188.41.122 - - [03/Jun/2023:03:47:43 +0200] "GET /angel-rock-crystal-p-45475.html HTTP/1.0" 200 73386 "-" "Mozilla/5.0 (compatible; MJ12bot/v1.4.8; http://mj12bot.com/)"
218.188.41.122 - - [03/Jun/2023:03:47:47 +0200] "GET /angel-rose-quartz-p-45474.html HTTP/1.0" 200 73382 "-" "Mozilla/5.0 (compatible; MJ12bot/v1.4.8; http://mj12bot.com/)"
218.188.41.122 - - [03/Jun/2023:03:47:52 +0200] "GET /apple-shaped-basket-p-56045.html HTTP/1.0" 200 73390 "-" "Mozilla/5.0 (compatible; MJ12bot/v1.4.8; http://mj12bot.com/)"
121.5.102.126 - - [03/Jun/2023:03:47:53 +0200] "GET /images/mini_prod/8424001278886.jpg HTTP/1.0" 200 269 "-" "Mozilla/5.0 (X11; Ubuntu; Linux x86_64; rv:72.0) Gecko/20100101 Firefox/72.0"
218.188.41.122 - - [03/Jun/2023:03:47:58 +0200] "GET /areu-table-lamp-gold-metal-p-54594.html HTTP/1.0" 200 76879 "-" "Mozilla/5.0 (compatible; MJ12bot/v1.4.8; http://mj12bot.com/)"
185.191.171.41 - - [03/Jun/2023:03:48:02 +0200] "GET /kimmi-junior-glass-p-11840.html HTTP/1.0" 200 75868 "-" "Mozilla/5.0 (compatible; SemrushBot/7~bl; +http://www.semrush.com/bot.html)"
218.188.41.122 - - [03/Jun/2023:03:48:03 +0200] "GET /bamboo-fiber-plant-cover-p-59084.html HTTP/1.0" 200 76601 "-" "Mozilla/5.0 (compatible; MJ12bot/v1.4.8; http://mj12bot.com/)"
218.188.41.122 - - [03/Jun/2023:03:48:09 +0200] "GET /bamboo-table-lamp-white-shade-p-54580.html HTTP/1.0" 200 77210 "-" "Mozilla/5.0 (compatible; MJ12bot/v1.4.8; http://mj12bot.com/)"
114.119.138.154 - - [03/Jun/2023:03:48:12 +0200] "GET /flower-soho-collection-p-54636.html HTTP/1.0" 200 73426 "http://www.wonder-geek.com/home-and-decoration-c-13.html?page=152" "Mozilla/5.0 (Linux; Android 7.0;) AppleWebKit/537.36 (KHTML, like Gecko) Mobile Safari/537.36 (compatible; PetalBot;+https://webmaster.petalsearch.com/site/petalbot)"
218.188.41.122 - - [03/Jun/2023:03:48:13 +0200] "GET /baskets-water-hyacinth-p-56043.html HTTP/1.0" 200 76764 "-" "Mozilla/5.0 (compatible; MJ12bot/v1.4.8; http://mj12bot.com/)"
218.188.41.122 - - [03/Jun/2023:03:48:19 +0200] "GET /bath-mat-c-11_269_267.html HTTP/1.0" 301 87734 "-" "Mozilla/5.0 (compatible; MJ12bot/v1.4.8; http://mj12bot.com/)"
218.188.41.122 - - [03/Jun/2023:03:48:23 +0200] "GET /bath-c-267.html HTTP/1.0" 200 87438 "-" "Mozilla/5.0 (compatible; MJ12bot/v1.4.8; http://mj12bot.com/)"
218.188.41.122 - - [03/Jun/2023:03:48:27 +0200] "GET /beatles-sergent-pepper-poster-p-6548.html HTTP/1.0" 301 73388 "-" "Mozilla/5.0 (compatible; MJ12bot/v1.4.8; http://mj12bot.com/)"
218.188.41.122 - - [03/Jun/2023:03:48:32 +0200] "GET /-p-6548.html HTTP/1.0" 200 73322 "-" "Mozilla/5.0 (compatible; MJ12bot/v1.4.8; http://mj12bot.com/)"
218.188.41.122 - - [03/Jun/2023:03:48:36 +0200] "GET /beautiful-babushka-by-kimmidoll-emerald-green-keyring-p-33235.html HTTP/1.0" 301 73691 "-" "Mozilla/5.0 (compatible; MJ12bot/v1.4.8; http://mj12bot.com/)"
218.188.41.122 - - [03/Jun/2023:03:48:40 +0200] "GET /beautiful-babushka-kimmidoll-emerald-green-keyring-p-33235.html HTTP/1.0" 200 73574 "-" "Mozilla/5.0 (compatible; MJ12bot/v1.4.8; http://mj12bot.com/)"
218.188.41.122 - - [03/Jun/2023:03:48:44 +0200] "GET /beautiful-babushka-kimmidoll-emerald-green-keyring-p-33235.html HTTP/1.0" 200 73574 "-" "Mozilla/5.0 (compatible; MJ12bot/v1.4.8; http://mj12bot.com/)"
218.188.41.122 - - [03/Jun/2023:03:48:49 +0200] "GET /beige-ceramic-cover-p-58071.html HTTP/1.0" 200 76549 "-" "Mozilla/5.0 (compatible; MJ12bot/v1.4.8; http://mj12bot.com/)"
218.188.41.122 - - [03/Jun/2023:03:48:53 +0200] "GET /belle-cups-espresso-p-37859.html HTTP/1.0" 200 76070 "-" "Mozilla/5.0 (compatible; MJ12bot/v1.4.8; http://mj12bot.com/)"
218.188.41.122 - - [03/Jun/2023:03:48:58 +0200] "GET /bike-brown-clock-p-37475.html HTTP/1.0" 200 73407 "-" "Mozilla/5.0 (compatible; MJ12bot/v1.4.8; http://mj12bot.com/)"
218.188.41.122 - - [03/Jun/2023:03:49:03 +0200] "GET /black-and-gold-clock-metal-30-cm-p-50797.html HTTP/1.0" 301 73508 "-" "Mozilla/5.0 (compatible; MJ12bot/v1.4.8; http://mj12bot.com/)"
218.188.41.122 - - [03/Jun/2023:03:49:08 +0200] "GET /black-gold-clock-mtal-p-50797.html HTTP/1.0" 200 73420 "-" "Mozilla/5.0 (compatible; MJ12bot/v1.4.8; http://mj12bot.com/)"
218.188.41.122 - - [03/Jun/2023:03:49:12 +0200] "GET /black-gold-clock-mtal-p-50797.html HTTP/1.0" 200 73420 "-" "Mozilla/5.0 (compatible; MJ12bot/v1.4.8; http://mj12bot.com/)"
114.119.142.97 - - [03/Jun/2023:03:49:15 +0200] "GET /barbecue-party-apron-square-glove-p-19740.html HTTP/1.0" 200 73478 "http://www.wonder-geek.com/aprons-c-11_74.html?page=6" "Mozilla/5.0 (Linux; Android 7.0;) AppleWebKit/537.36 (KHTML, like Gecko) Mobile Safari/537.36 (compatible; PetalBot;+https://webmaster.petalsearch.com/site/petalbot)"
218.188.41.122 - - [03/Jun/2023:03:49:17 +0200] "GET /black-leopard-lamp-resin-p-56431.html HTTP/1.0" 301 73544 "-" "Mozilla/5.0 (compatible; MJ12bot/v1.4.8; http://mj12bot.com/)"
192.0.102.118 - - [03/Jun/2023:03:49:21 +0200] "GET /images/med_prod/3609810031395.jpg HTTP/1.0" 200 268 "-" "Photon/1.0"
218.188.41.122 - - [03/Jun/2023:03:49:20 +0200] "GET /dark-brown-leopard-lamp-resin-p-56431.html HTTP/1.0" 200 73448 "-" "Mozilla/5.0 (compatible; MJ12bot/v1.4.8; http://mj12bot.com/)"
218.188.41.122 - - [03/Jun/2023:03:49:25 +0200] "GET /black-metal-and-wood-flexo-lamp-p-52981.html HTTP/1.0" 301 73524 "-" "Mozilla/5.0 (compatible; MJ12bot/v1.4.8; http://mj12bot.com/)"
218.188.41.122 - - [03/Jun/2023:03:49:28 +0200] "GET /black-metal-wood-flexo-lamp-p-52981.html HTTP/1.0" 200 73430 "-" "Mozilla/5.0 (compatible; MJ12bot/v1.4.8; http://mj12bot.com/)"
218.188.41.122 - - [03/Jun/2023:03:49:32 +0200] "GET /black-metal-wood-flexo-lamp-p-52981.html HTTP/1.0" 200 73430 "-" "Mozilla/5.0 (compatible; MJ12bot/v1.4.8; http://mj12bot.com/)"
218.188.41.122 - - [03/Jun/2023:03:49:37 +0200] "GET /black-pig-sign-p-45471.html HTTP/1.0" 301 73391 "-" "Mozilla/5.0 (compatible; MJ12bot/v1.4.8; http://mj12bot.com/)"
218.188.41.122 - - [03/Jun/2023:03:49:41 +0200] "GET /-p-45471.html HTTP/1.0" 200 73324 "-" "Mozilla/5.0 (compatible; MJ12bot/v1.4.8; http://mj12bot.com/)"
218.188.41.122 - - [03/Jun/2023:03:49:45 +0200] "GET /blue-fish-statuette-p-53090.html HTTP/1.0" 200 73390 "-" "Mozilla/5.0 (compatible; MJ12bot/v1.4.8; http://mj12bot.com/)"
114.119.153.121 - - [03/Jun/2023:03:49:48 +0200] "GET /barbabravo-cosmetic-bag-p-19524.html HTTP/1.0" 301 76229 "http://www.wonder-geek.com" "Mozilla/5.0 (Linux; Android 7.0;) AppleWebKit/537.36 (KHTML, like Gecko) Mobile Safari/537.36 (compatible; PetalBot;+https://webmaster.petalsearch.com/site/petalbot)"
218.188.41.122 - - [03/Jun/2023:03:49:49 +0200] "GET /bohemian-black-p-50879.html HTTP/1.0" 200 76993 "-" "Mozilla/5.0 (compatible; MJ12bot/v1.4.8; http://mj12bot.com/)"
218.188.41.122 - - [03/Jun/2023:03:49:55 +0200] "GET /bohemian-black-rug-p-50879.html HTTP/1.0" 301 77074 "-" "Mozilla/5.0 (compatible; MJ12bot/v1.4.8; http://mj12bot.com/)"
218.188.41.122 - - [03/Jun/2023:03:49:58 +0200] "GET /bohemian-black-p-50879.html HTTP/1.0" 200 76993 "-" "Mozilla/5.0 (compatible; MJ12bot/v1.4.8; http://mj12bot.com/)"
114.119.153.121 - - [03/Jun/2023:03:49:58 +0200] "GET /barbabravo-cosmetic-p-19524.html HTTP/1.0" 200 76143 "http://www.wonder-geek.com" "Mozilla/5.0 (Linux; Android 7.0;) AppleWebKit/537.36 (KHTML, like Gecko) Mobile Safari/537.36 (compatible; PetalBot;+https://webmaster.petalsearch.com/site/petalbot)"
218.188.41.122 - - [03/Jun/2023:03:50:02 +0200] "GET /book-lamp-in-real-wood-led-colors-size-p-52971.html HTTP/1.0" 301 73566 "-" "Mozilla/5.0 (compatible; MJ12bot/v1.4.8; http://mj12bot.com/)"
218.188.41.122 - - [03/Jun/2023:03:50:06 +0200] "GET /book-lamp-real-wood-colors-size-p-52971.html HTTP/1.0" 200 73468 "-" "Mozilla/5.0 (compatible; MJ12bot/v1.4.8; http://mj12bot.com/)"
218.188.41.122 - - [03/Jun/2023:03:50:10 +0200] "GET /book-lamp-real-wood-colors-size-p-52971.html HTTP/1.0" 200 73468 "-" "Mozilla/5.0 (compatible; MJ12bot/v1.4.8; http://mj12bot.com/)"
218.188.41.122 - - [03/Jun/2023:03:50:14 +0200] "GET /bookend-elephant-p-56407.html HTTP/1.0" 200 73378 "-" "Mozilla/5.0 (compatible; MJ12bot/v1.4.8; http://mj12bot.com/)"
218.188.41.122 - - [03/Jun/2023:03:50:18 +0200] "GET /brown-lampshade-p-54562.html HTTP/1.0" 200 76810 "-" "Mozilla/5.0 (compatible; MJ12bot/v1.4.8; http://mj12bot.com/)"
218.188.41.122 - - [03/Jun/2023:03:50:22 +0200] "GET /brown-lampshade-p-56446.html HTTP/1.0" 200 76000 "-" "Mozilla/5.0 (compatible; MJ12bot/v1.4.8; http://mj12bot.com/)"
218.188.41.122 - - [03/Jun/2023:03:50:27 +0200] "GET /buddha-moon-statuette-27-cm-p-53040.html HTTP/1.0" 301 73498 "-" "Mozilla/5.0 (compatible; MJ12bot/v1.4.8; http://mj12bot.com/)"
218.188.41.122 - - [03/Jun/2023:03:50:31 +0200] "GET /buddha-moon-statuette-p-53040.html HTTP/1.0" 200 73410 "-" "Mozilla/5.0 (compatible; MJ12bot/v1.4.8; http://mj12bot.com/)"
218.188.41.122 - - [03/Jun/2023:03:50:35 +0200] "GET /buddha-moon-statuette-p-53040.html HTTP/1.0" 200 73410 "-" "Mozilla/5.0 (compatible; MJ12bot/v1.4.8; http://mj12bot.com/)"
218.188.41.122 - - [03/Jun/2023:03:50:40 +0200] "GET /burner-soapstone-flower-life-p-48789.html HTTP/1.0" 200 76213 "-" "Mozilla/5.0 (compatible; MJ12bot/v1.4.8; http://mj12bot.com/)"
218.188.41.122 - - [03/Jun/2023:03:50:44 +0200] "GET /canvas-frame-indian-chiefs-collection-p-48819.html HTTP/1.0" 200 73468 "-" "Mozilla/5.0 (compatible; MJ12bot/v1.4.8; http://mj12bot.com/)"
218.188.41.122 - - [03/Jun/2023:03:50:48 +0200] "GET /carpet-p-56390.html HTTP/1.0" 200 76890 "-" "Mozilla/5.0 (compatible; MJ12bot/v1.4.8; http://mj12bot.com/)"
218.188.41.122 - - [03/Jun/2023:03:50:52 +0200] "GET /cat-champagne-name-holder-p-45433.html HTTP/1.0" 301 73494 "-" "Mozilla/5.0 (compatible; MJ12bot/v1.4.8; http://mj12bot.com/)"
218.188.41.122 - - [03/Jun/2023:03:50:56 +0200] "GET /champagne-name-holder-p-45433.html HTTP/1.0" 200 73406 "-" "Mozilla/5.0 (compatible; MJ12bot/v1.4.8; http://mj12bot.com/)"
218.188.41.122 - - [03/Jun/2023:03:51:01 +0200] "GET /cats-by-dubout-bowl-p-40056.html HTTP/1.0" 301 73391 "-" "Mozilla/5.0 (compatible; MJ12bot/v1.4.8; http://mj12bot.com/)"
218.188.41.122 - - [03/Jun/2023:03:51:04 +0200] "GET /-p-40056.html HTTP/1.0" 200 73324 "-" "Mozilla/5.0 (compatible; MJ12bot/v1.4.8; http://mj12bot.com/)"
114.119.132.237 - - [03/Jun/2023:03:51:07 +0200] "GET /bamboo-fiber-plant-cover-p-55351.html HTTP/1.0" 200 73410 "http://www.wonder-geek.com/flower-pots-c-13_275.html?page=4" "Mozilla/5.0 (Linux; Android 7.0;) AppleWebKit/537.36 (KHTML, like Gecko) Mobile Safari/537.36 (compatible; PetalBot;+https://webmaster.petalsearch.com/site/petalbot)"
218.188.41.122 - - [03/Jun/2023:03:51:08 +0200] "GET /cats-dubout-bowl-p-40056.html HTTP/1.0" 301 73391 "-" "Mozilla/5.0 (compatible; MJ12bot/v1.4.8; http://mj12bot.com/)"
218.188.41.122 - - [03/Jun/2023:03:51:13 +0200] "GET /-p-40056.html HTTP/1.0" 200 73324 "-" "Mozilla/5.0 (compatible; MJ12bot/v1.4.8; http://mj12bot.com/)"
218.188.41.122 - - [03/Jun/2023:03:51:17 +0200] "GET /cats-dubout-sugar-p-28594.html HTTP/1.0" 200 76034 "-" "Mozilla/5.0 (compatible; MJ12bot/v1.4.8; http://mj12bot.com/)"
218.188.41.122 - - [03/Jun/2023:03:51:21 +0200] "GET /cement-tile-coasters-p-56002.html HTTP/1.0" 200 73412 "-" "Mozilla/5.0 (compatible; MJ12bot/v1.4.8; http://mj12bot.com/)"
218.188.41.122 - - [03/Jun/2023:03:51:25 +0200] "GET /cement-tile-coasters-p-56007.html HTTP/1.0" 200 73412 "-" "Mozilla/5.0 (compatible; MJ12bot/v1.4.8; http://mj12bot.com/)"
218.188.41.122 - - [03/Jun/2023:03:51:29 +0200] "GET /ceramic-chouchou-collection-p-54472.html HTTP/1.0" 200 75996 "-" "Mozilla/5.0 (compatible; MJ12bot/v1.4.8; http://mj12bot.com/)"
218.188.41.122 - - [03/Jun/2023:03:51:33 +0200] "GET /ceramic-lamp-black-background-p-54584.html HTTP/1.0" 301 73391 "-" "Mozilla/5.0 (compatible; MJ12bot/v1.4.8; http://mj12bot.com/)"
218.188.41.122 - - [03/Jun/2023:03:51:37 +0200] "GET /-p-54584.html HTTP/1.0" 200 73324 "-" "Mozilla/5.0 (compatible; MJ12bot/v1.4.8; http://mj12bot.com/)"
218.188.41.122 - - [03/Jun/2023:03:51:41 +0200] "GET /chairs-and-stools-c-13_207.html HTTP/1.0" 301 81918 "-" "Mozilla/5.0 (compatible; MJ12bot/v1.4.8; http://mj12bot.com/)"
203.217.230.46 - - [03/Jun/2023:03:51:44 +0200] "GET /images/mini_prod/50142424346522613.jpg HTTP/1.0" 200 273 "-" "Mozilla/5.0 (compatible; MSIE 9.0; Windows NT 6.1; Win64; x64; Trident/5.0)"
218.188.41.122 - - [03/Jun/2023:03:51:45 +0200] "GET /chairs-stools-c-207.html HTTP/1.0" 301 81795 "-" "Mozilla/5.0 (compatible; MJ12bot/v1.4.8; http://mj12bot.com/)"
139.224.51.144 - - [03/Jun/2023:03:51:47 +0200] "GET /images/mini_prod/8435333835166.jpg HTTP/1.0" 200 269 "-" "Mozilla/5.0 (X11; Ubuntu; Linux x86_64; rv:72.0) Gecko/20100101 Firefox/72.0"
44.236.1.180 - - [03/Jun/2023:03:51:48 +0200] "GET /images/big_prod_1/b045544936613.jpg HTTP/1.0" 200 270 "-" "Mozilla/5.0 (X11; Ubuntu; Linux x86_64; rv:72.0) Gecko/20100101 Firefox/72.0"
218.188.41.122 - - [03/Jun/2023:03:51:48 +0200] "GET /chairs-stools-c-13_207.html HTTP/1.0" 200 81840 "-" "Mozilla/5.0 (compatible; MJ12bot/v1.4.8; http://mj12bot.com/)"
218.188.41.122 - - [03/Jun/2023:03:51:52 +0200] "GET /chakra-banner-120-30-cm-p-44402.html HTTP/1.0" 301 76431 "-" "Mozilla/5.0 (compatible; MJ12bot/v1.4.8; http://mj12bot.com/)"
218.188.41.122 - - [03/Jun/2023:03:51:56 +0200] "GET /chakra-banner-p-44402.html HTTP/1.0" 200 76351 "-" "Mozilla/5.0 (compatible; MJ12bot/v1.4.8; http://mj12bot.com/)"
218.188.41.122 - - [03/Jun/2023:03:52:01 +0200] "GET /chakra-banner-p-44402.html HTTP/1.0" 200 76351 "-" "Mozilla/5.0 (compatible; MJ12bot/v1.4.8; http://mj12bot.com/)"
218.188.41.122 - - [03/Jun/2023:03:52:04 +0200] "GET /champagne-name-holder-p-45433.html HTTP/1.0" 200 73406 "-" "Mozilla/5.0 (compatible; MJ12bot/v1.4.8; http://mj12bot.com/)"
218.188.41.122 - - [03/Jun/2023:03:52:09 +0200] "GET /chaque-jour-aventure-mini-melamine-tray-p-37950.html HTTP/1.0" 200 73546 "-" "Mozilla/5.0 (compatible; MJ12bot/v1.4.8; http://mj12bot.com/)"
218.188.41.122 - - [03/Jun/2023:03:52:12 +0200] "GET /characters-sculpture-natural-wood-aluminum-p-55479.html HTTP/1.0" 200 73492 "-" "Mozilla/5.0 (compatible; MJ12bot/v1.4.8; http://mj12bot.com/)"
218.188.41.122 - - [03/Jun/2023:03:52:16 +0200] "GET /chat-noir-p-18948.html HTTP/1.0" 301 73391 "-" "Mozilla/5.0 (compatible; MJ12bot/v1.4.8; http://mj12bot.com/)"
218.188.41.122 - - [03/Jun/2023:03:52:20 +0200] "GET /-p-18948.html HTTP/1.0" 200 73324 "-" "Mozilla/5.0 (compatible; MJ12bot/v1.4.8; http://mj12bot.com/)"
185.191.171.39 - - [03/Jun/2023:03:52:23 +0200] "GET /little-prince-exupry-rose-p-53858.html HTTP/1.0" 200 77027 "-" "Mozilla/5.0 (compatible; SemrushBot/7~bl; +http://www.semrush.com/bot.html)"
218.188.41.122 - - [03/Jun/2023:03:52:24 +0200] "GET /christmas-2019-figurine-sonny-angel-p-50889.html HTTP/1.0" 200 73458 "-" "Mozilla/5.0 (compatible; MJ12bot/v1.4.8; http://mj12bot.com/)"
218.188.41.122 - - [03/Jun/2023:03:52:28 +0200] "GET /christmas-mickey-mouse-figurine-p-56285.html HTTP/1.0" 200 76465 "-" "Mozilla/5.0 (compatible; MJ12bot/v1.4.8; http://mj12bot.com/)"
218.188.41.122 - - [03/Jun/2023:03:52:32 +0200] "GET /coasters-mandala-grey-p-44399.html HTTP/1.0" 200 76580 "-" "Mozilla/5.0 (compatible; MJ12bot/v1.4.8; http://mj12bot.com/)"
216.244.66.242 - - [03/Jun/2023:03:52:35 +0200] "GET /robots.txt HTTP/1.0" 200 245 "-" "Mozilla/5.0 (compatible; DotBot/1.2; +https://opensiteexplorer.org/dotbot; help@moz.com)"
114.119.132.159 - - [03/Jun/2023:03:52:33 +0200] "GET /austin-mini-parking-only-metal-plate-30-20-cm-p-33712.html HTTP/1.0" 301 76229 "http://www.wonder-geek.com/home-and-decoration-c-13.html?page=126" "Mozilla/5.0 (Linux; Android 7.0;) AppleWebKit/537.36 (KHTML, like Gecko) Mobile Safari/537.36 (compatible; PetalBot;+https://webmaster.petalsearch.com/site/petalbot)"
218.188.41.122 - - [03/Jun/2023:03:52:37 +0200] "GET /coasters-mandala-grey-set-of-p-44399.html HTTP/1.0" 301 76668 "-" "Mozilla/5.0 (compatible; MJ12bot/v1.4.8; http://mj12bot.com/)"
218.188.41.122 - - [03/Jun/2023:03:52:40 +0200] "GET /coasters-mandala-grey-p-44399.html HTTP/1.0" 200 76580 "-" "Mozilla/5.0 (compatible; MJ12bot/v1.4.8; http://mj12bot.com/)"
114.119.132.159 - - [03/Jun/2023:03:52:43 +0200] "GET /austin-mini-parking-only-metal-plate-p-33712.html HTTP/1.0" 200 76126 "http://www.wonder-geek.com/home-and-decoration-c-13.html?page=126" "Mozilla/5.0 (Linux; Android 7.0;) AppleWebKit/537.36 (KHTML, like Gecko) Mobile Safari/537.36 (compatible; PetalBot;+https://webmaster.petalsearch.com/site/petalbot)"
218.188.41.122 - - [03/Jun/2023:03:52:44 +0200] "GET /coasters-mandala-pink-p-44400.html HTTP/1.0" 200 76580 "-" "Mozilla/5.0 (compatible; MJ12bot/v1.4.8; http://mj12bot.com/)"
218.188.41.122 - - [03/Jun/2023:03:52:48 +0200] "GET /coasters-mandala-pink-set-of-p-44400.html HTTP/1.0" 301 76668 "-" "Mozilla/5.0 (compatible; MJ12bot/v1.4.8; http://mj12bot.com/)"
218.188.41.122 - - [03/Jun/2023:03:52:51 +0200] "GET /coasters-mandala-pink-p-44400.html HTTP/1.0" 200 76580 "-" "Mozilla/5.0 (compatible; MJ12bot/v1.4.8; http://mj12bot.com/)"
218.188.41.122 - - [03/Jun/2023:03:52:55 +0200] "GET /coat-hook-c-13_198.html?page=4 HTTP/1.0" 200 89406 "-" "Mozilla/5.0 (compatible; MJ12bot/v1.4.8; http://mj12bot.com/)"
218.188.41.122 - - [03/Jun/2023:03:53:00 +0200] "GET /coat-rack-wooden-supports-p-46728.html HTTP/1.0" 200 76030 "-" "Mozilla/5.0 (compatible; MJ12bot/v1.4.8; http://mj12bot.com/)"
218.188.41.122 - - [03/Jun/2023:03:53:04 +0200] "GET /coca-cola-have-coke-photo-frame-p-19675.html HTTP/1.0" 301 73391 "-" "Mozilla/5.0 (compatible; MJ12bot/v1.4.8; http://mj12bot.com/)"
185.191.171.14 - - [03/Jun/2023:03:53:07 +0200] "GET /night-light-coral-mermaid-p-60423.html HTTP/1.0" 200 77441 "-" "Mozilla/5.0 (compatible; SemrushBot/7~bl; +http://www.semrush.com/bot.html)"
218.188.41.122 - - [03/Jun/2023:03:53:07 +0200] "GET /-p-19675.html HTTP/1.0" 200 73324 "-" "Mozilla/5.0 (compatible; MJ12bot/v1.4.8; http://mj12bot.com/)"
218.188.41.122 - - [03/Jun/2023:03:53:11 +0200] "GET /coconut-fibers-doormat-cats-home-p-56272.html HTTP/1.0" 200 77396 "-" "Mozilla/5.0 (compatible; MJ12bot/v1.4.8; http://mj12bot.com/)"
218.188.41.122 - - [03/Jun/2023:03:53:16 +0200] "GET /coconut-fibers-doormat-colorcats-p-56269.html HTTP/1.0" 200 76931 "-" "Mozilla/5.0 (compatible; MJ12bot/v1.4.8; http://mj12bot.com/)"
218.188.41.122 - - [03/Jun/2023:03:53:20 +0200] "GET /coconut-fibers-doormat-home-p-56266.html HTTP/1.0" 200 76881 "-" "Mozilla/5.0 (compatible; MJ12bot/v1.4.8; http://mj12bot.com/)"
218.188.41.122 - - [03/Jun/2023:03:53:24 +0200] "GET /coconut-fibers-doormat-sweet-home-p-56392.html HTTP/1.0" 200 73466 "-" "Mozilla/5.0 (compatible; MJ12bot/v1.4.8; http://mj12bot.com/)"
218.188.41.122 - - [03/Jun/2023:03:53:28 +0200] "GET /copper-ceramic-cover-p-58064.html HTTP/1.0" 200 76655 "-" "Mozilla/5.0 (compatible; MJ12bot/v1.4.8; http://mj12bot.com/)"
218.188.41.122 - - [03/Jun/2023:03:53:32 +0200] "GET /copper-king-chess-piece-gold-p-45452.html HTTP/1.0" 301 73391 "-" "Mozilla/5.0 (compatible; MJ12bot/v1.4.8; http://mj12bot.com/)"
218.188.41.122 - - [03/Jun/2023:03:53:36 +0200] "GET /-p-45452.html HTTP/1.0" 200 73324 "-" "Mozilla/5.0 (compatible; MJ12bot/v1.4.8; http://mj12bot.com/)"
218.188.41.122 - - [03/Jun/2023:03:53:40 +0200] "GET /copper-queen-chess-piece-gold-p-45451.html HTTP/1.0" 301 73391 "-" "Mozilla/5.0 (compatible; MJ12bot/v1.4.8; http://mj12bot.com/)"
218.188.41.122 - - [03/Jun/2023:03:53:44 +0200] "GET /-p-45451.html HTTP/1.0" 200 73324 "-" "Mozilla/5.0 (compatible; MJ12bot/v1.4.8; http://mj12bot.com/)"
218.188.41.122 - - [03/Jun/2023:03:53:48 +0200] "GET /copper-tower-chess-piece-gold-p-45453.html HTTP/1.0" 301 73391 "-" "Mozilla/5.0 (compatible; MJ12bot/v1.4.8; http://mj12bot.com/)"
218.188.41.122 - - [03/Jun/2023:03:53:51 +0200] "GET /-p-45453.html HTTP/1.0" 200 73324 "-" "Mozilla/5.0 (compatible; MJ12bot/v1.4.8; http://mj12bot.com/)"
218.188.41.122 - - [03/Jun/2023:03:53:56 +0200] "GET /cork-stainless-steel-flask-p-59102.html HTTP/1.0" 200 76608 "-" "Mozilla/5.0 (compatible; MJ12bot/v1.4.8; http://mj12bot.com/)"
218.188.41.122 - - [03/Jun/2023:03:54:00 +0200] "GET /cotton-bath-p-55258.html HTTP/1.0" 200 76664 "-" "Mozilla/5.0 (compatible; MJ12bot/v1.4.8; http://mj12bot.com/)"
218.188.41.122 - - [03/Jun/2023:03:54:05 +0200] "GET /cotton-floor-cushion-longbeach-blue-40-cm-p-51662.html HTTP/1.0" 301 73391 "-" "Mozilla/5.0 (compatible; MJ12bot/v1.4.8; http://mj12bot.com/)"
114.119.143.5 - - [03/Jun/2023:03:54:08 +0200] "GET /artist-halloween-night-rabbit-figure-p-37898.html HTTP/1.0" 200 73458 "http://www.wonder-geek.com/collectible-figurines-and-decorative-c-13_135.html?page=31" "Mozilla/5.0 (Linux; Android 7.0;) AppleWebKit/537.36 (KHTML, like Gecko) Mobile Safari/537.36 (compatible; PetalBot;+https://webmaster.petalsearch.com/site/petalbot)"
218.188.41.122 - - [03/Jun/2023:03:54:08 +0200] "GET /-p-51662.html HTTP/1.0" 200 73324 "-" "Mozilla/5.0 (compatible; MJ12bot/v1.4.8; http://mj12bot.com/)"
119.8.243.217 - - [03/Jun/2023:03:54:10 +0200] "GET /images/mini_prod/3453131150576.jpg HTTP/1.0" 200 269 "-" "Mozilla/5.0 (X11; Ubuntu; Linux x86_64; rv:72.0) Gecko/20100101 Firefox/72.0"
218.188.41.122 - - [03/Jun/2023:03:54:12 +0200] "GET /cotton-floor-cushion-longbeach-blue-p-51662.html HTTP/1.0" 301 73391 "-" "Mozilla/5.0 (compatible; MJ12bot/v1.4.8; http://mj12bot.com/)"
218.188.41.122 - - [03/Jun/2023:03:54:16 +0200] "GET /-p-51662.html HTTP/1.0" 200 73324 "-" "Mozilla/5.0 (compatible; MJ12bot/v1.4.8; http://mj12bot.com/)"
218.188.41.122 - - [03/Jun/2023:03:54:20 +0200] "GET /cotton-floor-cushion-puebla-p-54413.html HTTP/1.0" 200 73420 "-" "Mozilla/5.0 (compatible; MJ12bot/v1.4.8; http://mj12bot.com/)"
218.188.41.122 - - [03/Jun/2023:03:54:25 +0200] "GET /cotton-kitchen-towel-recette-bonheur-p-56284.html HTTP/1.0" 200 76079 "-" "Mozilla/5.0 (compatible; MJ12bot/v1.4.8; http://mj12bot.com/)"
193.174.71.19 - - [03/Jun/2023:03:54:29 +0200] "GET /images/mini_prod/DSCN7550.jpg HTTP/1.0" 200 264 "-" "Mozilla/5.0 (X11; Ubuntu; Linux x86_64; rv:72.0) Gecko/20100101 Firefox/72.0"
218.188.41.122 - - [03/Jun/2023:03:54:29 +0200] "GET /cotton-tablecloth-exotic-spirit-150-150-cm-p-39888.html HTTP/1.0" 301 76193 "-" "Mozilla/5.0 (compatible; MJ12bot/v1.4.8; http://mj12bot.com/)"
218.188.41.122 - - [03/Jun/2023:03:54:33 +0200] "GET /cotton-tablecloth-exotic-spirit-p-39888.html HTTP/1.0" 200 76095 "-" "Mozilla/5.0 (compatible; MJ12bot/v1.4.8; http://mj12bot.com/)"
218.188.41.122 - - [03/Jun/2023:03:54:38 +0200] "GET /cotton-tablecloth-exotic-spirit-p-39888.html HTTP/1.0" 200 76095 "-" "Mozilla/5.0 (compatible; MJ12bot/v1.4.8; http://mj12bot.com/)"
218.188.41.122 - - [03/Jun/2023:03:54:43 +0200] "GET /crystal-salt-lamp-heart-p-48790.html HTTP/1.0" 200 73406 "-" "Mozilla/5.0 (compatible; MJ12bot/v1.4.8; http://mj12bot.com/)"
218.188.41.122 - - [03/Jun/2023:03:54:47 +0200] "GET /cushion-cover-cement-tiles-p-56314.html HTTP/1.0" 200 76899 "-" "Mozilla/5.0 (compatible; MJ12bot/v1.4.8; http://mj12bot.com/)"
218.188.41.122 - - [03/Jun/2023:03:54:51 +0200] "GET /cushion-little-prince-beige-blue-p-59051.html HTTP/1.0" 200 77019 "-" "Mozilla/5.0 (compatible; MJ12bot/v1.4.8; http://mj12bot.com/)"
218.188.41.122 - - [03/Jun/2023:03:54:56 +0200] "GET /dark-brown-leopard-lamp-resin-p-56431.html HTTP/1.0" 200 73448 "-" "Mozilla/5.0 (compatible; MJ12bot/v1.4.8; http://mj12bot.com/)"
218.188.41.122 - - [03/Jun/2023:03:55:00 +0200] "GET /deco-horse-statue-p-56395.html HTTP/1.0" 200 76665 "-" "Mozilla/5.0 (compatible; MJ12bot/v1.4.8; http://mj12bot.com/)"
218.188.41.122 - - [03/Jun/2023:03:55:05 +0200] "GET /decoration-african-woman-32-cm-p-53032.html HTTP/1.0" 301 76149 "-" "Mozilla/5.0 (compatible; MJ12bot/v1.4.8; http://mj12bot.com/)"
218.188.41.122 - - [03/Jun/2023:03:55:08 +0200] "GET /decoration-african-woman-p-53032.html HTTP/1.0" 200 76058 "-" "Mozilla/5.0 (compatible; MJ12bot/v1.4.8; http://mj12bot.com/)"
218.188.41.122 - - [03/Jun/2023:03:55:14 +0200] "GET /decoration-african-woman-33-cm-p-53032.html HTTP/1.0" 301 76149 "-" "Mozilla/5.0 (compatible; MJ12bot/v1.4.8; http://mj12bot.com/)"
164.132.201.78 - - [03/Jun/2023:03:55:18 +0200] "GET /robots.txt HTTP/1.0" 200 245 "-" "Mozilla/5.0 (compatible; MJ12bot/v1.4.8; http://mj12bot.com/)"
218.188.41.122 - - [03/Jun/2023:03:55:18 +0200] "GET /decoration-african-woman-p-53032.html HTTP/1.0" 200 76058 "-" "Mozilla/5.0 (compatible; MJ12bot/v1.4.8; http://mj12bot.com/)"
218.188.41.122 - - [03/Jun/2023:03:55:23 +0200] "GET /decoration-african-woman-p-53032.html HTTP/1.0" 200 76058 "-" "Mozilla/5.0 (compatible; MJ12bot/v1.4.8; http://mj12bot.com/)"
180.76.14.140 - - [03/Jun/2023:03:55:27 +0200] "GET /images/mini_prod/8904245400040.jpg HTTP/1.0" 200 269 "-" "Mozilla/5.0 (X11; Ubuntu; Linux x86_64; rv:72.0) Gecko/20100101 Firefox/72.0"
218.188.41.122 - - [03/Jun/2023:03:55:27 +0200] "GET /decorations-and-furnishings/furnishings/disney-princess-table-p-1203.html HTTP/1.0" 301 73388 "-" "Mozilla/5.0 (compatible; MJ12bot/v1.4.8; http://mj12bot.com/)"
218.188.41.122 - - [03/Jun/2023:03:55:31 +0200] "GET /-p-1203.html HTTP/1.0" 200 73322 "-" "Mozilla/5.0 (compatible; MJ12bot/v1.4.8; http://mj12bot.com/)"
164.132.201.78 - - [03/Jun/2023:03:55:33 +0200] "GET /gray-metal-wood-flexo-lamp-p-53081.html HTTP/1.0" 200 77243 "-" "Mozilla/5.0 (compatible; MJ12bot/v1.4.8; http://mj12bot.com/)"
218.188.41.122 - - [03/Jun/2023:03:55:35 +0200] "GET /decorative-statue-p-32086.html HTTP/1.0" 200 73390 "-" "Mozilla/5.0 (compatible; MJ12bot/v1.4.8; http://mj12bot.com/)"
218.188.41.122 - - [03/Jun/2023:03:55:38 +0200] "GET /decorative-useful-gogh-p-55439.html HTTP/1.0" 200 76658 "-" "Mozilla/5.0 (compatible; MJ12bot/v1.4.8; http://mj12bot.com/)"
218.188.41.122 - - [03/Jun/2023:03:55:43 +0200] "GET /despicable-large-flat-pocket-p-34125.html HTTP/1.0" 200 76126 "-" "Mozilla/5.0 (compatible; MJ12bot/v1.4.8; http://mj12bot.com/)"
164.132.201.78 - - [03/Jun/2023:03:55:44 +0200] "GET /magnet-copine-trop-gniale-p-57081.html HTTP/1.0" 200 76617 "-" "Mozilla/5.0 (compatible; MJ12bot/v1.4.8; http://mj12bot.com/)"
218.188.41.122 - - [03/Jun/2023:03:55:47 +0200] "GET /disney-frozen-anna-and-elsa-mug-p-28166.html HTTP/1.0" 301 73512 "-" "Mozilla/5.0 (compatible; MJ12bot/v1.4.8; http://mj12bot.com/)"
114.119.132.88 - - [03/Jun/2023:03:55:48 +0200] "GET /skull-moneybox-p-37730.html HTTP/1.0" 200 75904 "http://www.wonder-geek.com/money-boxes-c-13_83.html?page=10" "Mozilla/5.0 (Linux; Android 7.0;) AppleWebKit/537.36 (KHTML, like Gecko) Mobile Safari/537.36 (compatible; PetalBot;+https://webmaster.petalsearch.com/site/petalbot)"
218.188.41.122 - - [03/Jun/2023:03:55:51 +0200] "GET /disney-frozen-anna-elsa-p-28166.html HTTP/1.0" 200 73422 "-" "Mozilla/5.0 (compatible; MJ12bot/v1.4.8; http://mj12bot.com/)"
218.188.41.122 - - [03/Jun/2023:03:55:55 +0200] "GET /disney-frozen-anna-elsa-p-28166.html HTTP/1.0" 200 73422 "-" "Mozilla/5.0 (compatible; MJ12bot/v1.4.8; http://mj12bot.com/)"
218.188.41.122 - - [03/Jun/2023:03:55:59 +0200] "GET /disney-princess-table-p-1203.html HTTP/1.0" 301 73388 "-" "Mozilla/5.0 (compatible; MJ12bot/v1.4.8; http://mj12bot.com/)"
218.188.41.122 - - [03/Jun/2023:03:56:03 +0200] "GET /-p-1203.html HTTP/1.0" 200 73322 "-" "Mozilla/5.0 (compatible; MJ12bot/v1.4.8; http://mj12bot.com/)"
