218.188.41.122 - - [03/Jun/2023:03:56:08 +0200] "GET /double-walled-porcelain-mug-with-infuser-p-52997.html HTTP/1.0" 301 76848 "-" "Mozilla/5.0 (compatible; MJ12bot/v1.4.8; http://mj12bot.com/)"
218.188.41.122 - - [03/Jun/2023:03:56:11 +0200] "GET /double-walled-porcelain-with-infuser-p-52997.html HTTP/1.0" 200 76745 "-" "Mozilla/5.0 (compatible; MJ12bot/v1.4.8; http://mj12bot.com/)"
218.188.41.122 - - [03/Jun/2023:03:56:16 +0200] "GET /double-walled-porcelain-with-infuser-p-52997.html HTTP/1.0" 200 76745 "-" "Mozilla/5.0 (compatible; MJ12bot/v1.4.8; http://mj12bot.com/)"
207.46.13.220 - - [03/Jun/2023:03:56:19 +0200] "GET /backpacks-c-31_77.html?page=4 HTTP/1.0" 200 96002 "-" "Mozilla/5.0 AppleWebKit/537.36 (KHTML, like Gecko; compatible; bingbot/2.0; +http://www.bing.com/bingbot.htm) Chrome/103.0.5060.134 Safari/537.36"
218.188.41.122 - - [03/Jun/2023:03:56:20 +0200] "GET /dubout-cats-soap-box-10-65-28-cm-p-40103.html HTTP/1.0" 301 76334 "-" "Mozilla/5.0 (compatible; MJ12bot/v1.4.8; http://mj12bot.com/)"
218.188.41.122 - - [03/Jun/2023:03:56:24 +0200] "GET /dubout-cats-soap-p-40103.html HTTP/1.0" 200 76251 "-" "Mozilla/5.0 (compatible; MJ12bot/v1.4.8; http://mj12bot.com/)"
35.171.69.89 - - [03/Jun/2023:03:56:29 +0200] "GET /images/big_prod_1/3359103027467a.jpg HTTP/1.0" 200 271 "-" "Mozilla/5.0 (X11; Ubuntu; Linux x86_64; rv:72.0) Gecko/20100101 Firefox/72.0"
218.188.41.122 - - [03/Jun/2023:03:56:28 +0200] "GET /dubout-cats-soap-p-40103.html HTTP/1.0" 200 76251 "-" "Mozilla/5.0 (compatible; MJ12bot/v1.4.8; http://mj12bot.com/)"
119.8.242.63 - - [03/Jun/2023:03:56:33 +0200] "GET /images/mini_prod/1399984243046.jpg HTTP/1.0" 200 269 "-" "Mozilla/5.0 (X11; Ubuntu; Linux x86_64; rv:72.0) Gecko/20100101 Firefox/72.0"
218.188.41.122 - - [03/Jun/2023:03:56:32 +0200] "GET /dubout-cats-white-p-56343.html HTTP/1.0" 200 76515 "-" "Mozilla/5.0 (compatible; MJ12bot/v1.4.8; http://mj12bot.com/)"
218.188.41.122 - - [03/Jun/2023:03:56:36 +0200] "GET /earrings-flower-life-silver-with-amethyst-p-45457.html HTTP/1.0" 200 76780 "-" "Mozilla/5.0 (compatible; MJ12bot/v1.4.8; http://mj12bot.com/)"
218.188.41.122 - - [03/Jun/2023:03:56:41 +0200] "GET /earrings-flower-of-life-925-silver-with-amethyst-p-45457.html HTTP/1.0" 301 76888 "-" "Mozilla/5.0 (compatible; MJ12bot/v1.4.8; http://mj12bot.com/)"
218.188.41.122 - - [03/Jun/2023:03:56:45 +0200] "GET /earrings-flower-life-silver-with-amethyst-p-45457.html HTTP/1.0" 200 76780 "-" "Mozilla/5.0 (compatible; MJ12bot/v1.4.8; http://mj12bot.com/)"
185.176.78.178 - - [03/Jun/2023:03:56:47 +0200] "GET /images/mini_prod/B4891320386679B.jpg HTTP/1.0" 200 271 "-" "Mozilla/5.0 (X11; Ubuntu; Linux x86_64; rv:72.0) Gecko/20100101 Firefox/72.0"
218.188.41.122 - - [03/Jun/2023:03:56:50 +0200] "GET /educational-watch-children-koala-p-51721.html HTTP/1.0" 200 73454 "-" "Mozilla/5.0 (compatible; MJ12bot/v1.4.8; http://mj12bot.com/)"
218.188.41.122 - - [03/Jun/2023:03:57:00 +0200] "GET /educational-watch-for-children-koala-p-51721.html HTTP/1.0" 301 73553 "-" "Mozilla/5.0 (compatible; MJ12bot/v1.4.8; http://mj12bot.com/)"
218.188.41.122 - - [03/Jun/2023:03:57:04 +0200] "GET /educational-watch-children-koala-p-51721.html HTTP/1.0" 200 73454 "-" "Mozilla/5.0 (compatible; MJ12bot/v1.4.8; http://mj12bot.com/)"
218.188.41.122 - - [03/Jun/2023:03:57:09 +0200] "GET /egg-cup-p-40825.html HTTP/1.0" 200 75805 "-" "Mozilla/5.0 (compatible; MJ12bot/v1.4.8; http://mj12bot.com/)"
66.249.64.202 - - [03/Jun/2023:03:57:11 +0200] "GET /route-metal-clock-p-44430.html HTTP/1.0" 200 76004 "-" "Mozilla/5.0 (compatible; Googlebot/2.1; +http://www.google.com/bot.html)"
218.188.41.122 - - [03/Jun/2023:03:57:14 +0200] "GET /egg-cup-p-40826.html HTTP/1.0" 200 75804 "-" "Mozilla/5.0 (compatible; MJ12bot/v1.4.8; http://mj12bot.com/)"
218.188.41.122 - - [03/Jun/2023:03:57:18 +0200] "GET /egyptian-resin-statue-gold-p-58960.html HTTP/1.0" 200 76664 "-" "Mozilla/5.0 (compatible; MJ12bot/v1.4.8; http://mj12bot.com/)"
218.188.41.122 - - [03/Jun/2023:03:57:22 +0200] "GET /flin-p-49539.html HTTP/1.0" 200 75808 "-" "Mozilla/5.0 (compatible; MJ12bot/v1.4.8; http://mj12bot.com/)"
218.188.41.122 - - [03/Jun/2023:03:57:27 +0200] "GET /flore-bedclothes-260-240-cm-p-53127.html HTTP/1.0" 301 76078 "-" "Mozilla/5.0 (compatible; MJ12bot/v1.4.8; http://mj12bot.com/)"
218.188.41.122 - - [03/Jun/2023:03:57:31 +0200] "GET /flore-bedclothes-p-53127.html HTTP/1.0" 200 75995 "-" "Mozilla/5.0 (compatible; MJ12bot/v1.4.8; http://mj12bot.com/)"
218.188.41.122 - - [03/Jun/2023:03:57:35 +0200] "GET /flore-bedclothes-p-53127.html HTTP/1.0" 200 75995 "-" "Mozilla/5.0 (compatible; MJ12bot/v1.4.8; http://mj12bot.com/)"
114.119.149.168 - - [03/Jun/2023:03:57:35 +0200] "GET /apero-set-of-coasters-p-39473.html HTTP/1.0" 301 73454 "http://www.wonder-geek.com/coasters-c-12_157.html?page=3" "Mozilla/5.0 (Linux; Android 7.0;) AppleWebKit/537.36 (KHTML, like Gecko) Mobile Safari/537.36 (compatible; PetalBot;+https://webmaster.petalsearch.com/site/petalbot)"
218.188.41.122 - - [03/Jun/2023:03:57:39 +0200] "GET /flower-life-earrings-silver-p-44403.html HTTP/1.0" 200 76630 "-" "Mozilla/5.0 (compatible; MJ12bot/v1.4.8; http://mj12bot.com/)"
218.188.41.122 - - [03/Jun/2023:03:57:43 +0200] "GET /flower-life-pendant-silver-p-44404.html HTTP/1.0" 200 73424 "-" "Mozilla/5.0 (compatible; MJ12bot/v1.4.8; http://mj12bot.com/)"
218.188.41.122 - - [03/Jun/2023:03:57:47 +0200] "GET /flower-of-life-earrings-925-silver-p-44403.html HTTP/1.0" 301 76724 "-" "Mozilla/5.0 (compatible; MJ12bot/v1.4.8; http://mj12bot.com/)"
114.119.149.168 - - [03/Jun/2023:03:57:48 +0200] "GET /apro-coasters-p-39473.html HTTP/1.0" 200 73374 "http://www.wonder-geek.com/coasters-c-12_157.html?page=3" "Mozilla/5.0 (Linux; Android 7.0;) AppleWebKit/537.36 (KHTML, like Gecko) Mobile Safari/537.36 (compatible; PetalBot;+https://webmaster.petalsearch.com/site/petalbot)"
218.188.41.122 - - [03/Jun/2023:03:57:51 +0200] "GET /flower-life-earrings-silver-p-44403.html HTTP/1.0" 200 76630 "-" "Mozilla/5.0 (compatible; MJ12bot/v1.4.8; http://mj12bot.com/)"
218.188.41.122 - - [03/Jun/2023:03:57:55 +0200] "GET /flower-of-life-pendant-silver-p-44404.html HTTP/1.0" 301 73517 "-" "Mozilla/5.0 (compatible; MJ12bot/v1.4.8; http://mj12bot.com/)"
218.188.41.122 - - [03/Jun/2023:03:57:59 +0200] "GET /flower-life-pendant-silver-p-44404.html HTTP/1.0" 200 73424 "-" "Mozilla/5.0 (compatible; MJ12bot/v1.4.8; http://mj12bot.com/)"
218.188.41.122 - - [03/Jun/2023:03:58:03 +0200] "GET /flynn-the-bear-small-gund-27-cm-p-32817.html HTTP/1.0" 301 73391 "-" "Mozilla/5.0 (compatible; MJ12bot/v1.4.8; http://mj12bot.com/)"
218.188.41.122 - - [03/Jun/2023:03:58:07 +0200] "GET /-p-32817.html HTTP/1.0" 200 73324 "-" "Mozilla/5.0 (compatible; MJ12bot/v1.4.8; http://mj12bot.com/)"
207.46.13.220 - - [03/Jun/2023:03:58:09 +0200] "GET /bracelets-c-3_200.html?page=2 HTTP/1.0" 200 94095 "-" "Mozilla/5.0 AppleWebKit/537.36 (KHTML, like Gecko; compatible; bingbot/2.0; +http://www.bing.com/bingbot.htm) Chrome/103.0.5060.134 Safari/537.36"
218.188.41.122 - - [03/Jun/2023:03:58:11 +0200] "GET /food-grade-bamboo-cutting-board-p-59095.html HTTP/1.0" 200 76080 "-" "Mozilla/5.0 (compatible; MJ12bot/v1.4.8; http://mj12bot.com/)"
218.188.41.122 - - [03/Jun/2023:03:58:15 +0200] "GET /food-grade-bamboo-cutting-board-p-59097.html HTTP/1.0" 200 76080 "-" "Mozilla/5.0 (compatible; MJ12bot/v1.4.8; http://mj12bot.com/)"
185.176.78.178 - - [03/Jun/2023:03:58:19 +0200] "GET /images/mini_prod/DSCN7544.jpg HTTP/1.0" 200 264 "-" "Mozilla/5.0 (X11; Ubuntu; Linux x86_64; rv:72.0) Gecko/20100101 Firefox/72.0"
218.188.41.122 - - [03/Jun/2023:03:58:19 +0200] "GET /games-and-toys/soft-toys-security-blanket/beanie-boos-stripes-the-tiger-p-11974.html HTTP/1.0" 301 73391 "-" "Mozilla/5.0 (compatible; MJ12bot/v1.4.8; http://mj12bot.com/)"
218.188.41.122 - - [03/Jun/2023:03:58:23 +0200] "GET /-p-11974.html HTTP/1.0" 200 73324 "-" "Mozilla/5.0 (compatible; MJ12bot/v1.4.8; http://mj12bot.com/)"
218.188.41.122 - - [03/Jun/2023:03:58:27 +0200] "GET /garden-gnome-solar-p-29280.html HTTP/1.0" 200 73386 "-" "Mozilla/5.0 (compatible; MJ12bot/v1.4.8; http://mj12bot.com/)"
218.188.41.122 - - [03/Jun/2023:03:58:31 +0200] "GET /gift-heart-home-votive-candles-p-59019.html HTTP/1.0" 200 77500 "-" "Mozilla/5.0 (compatible; MJ12bot/v1.4.8; http://mj12bot.com/)"
218.188.41.122 - - [03/Jun/2023:03:58:35 +0200] "GET /glass-lamp-28-cm-p-53104.html HTTP/1.0" 301 76826 "-" "Mozilla/5.0 (compatible; MJ12bot/v1.4.8; http://mj12bot.com/)"
218.188.41.122 - - [03/Jun/2023:03:58:38 +0200] "GET /glass-lamp-p-53104.html HTTP/1.0" 200 76749 "-" "Mozilla/5.0 (compatible; MJ12bot/v1.4.8; http://mj12bot.com/)"
218.188.41.122 - - [03/Jun/2023:03:58:43 +0200] "GET /glass-lamp-28-cm-p-53105.html HTTP/1.0" 301 76826 "-" "Mozilla/5.0 (compatible; MJ12bot/v1.4.8; http://mj12bot.com/)"
218.188.41.122 - - [03/Jun/2023:03:58:46 +0200] "GET /glass-lamp-p-53105.html HTTP/1.0" 200 76749 "-" "Mozilla/5.0 (compatible; MJ12bot/v1.4.8; http://mj12bot.com/)"
218.188.41.122 - - [03/Jun/2023:03:58:51 +0200] "GET /glass-lamp-29-cm-p-53104.html HTTP/1.0" 301 76826 "-" "Mozilla/5.0 (compatible; MJ12bot/v1.4.8; http://mj12bot.com/)"
218.188.41.122 - - [03/Jun/2023:03:58:55 +0200] "GET /glass-lamp-p-53104.html HTTP/1.0" 200 76749 "-" "Mozilla/5.0 (compatible; MJ12bot/v1.4.8; http://mj12bot.com/)"
218.188.41.122 - - [03/Jun/2023:03:58:58 +0200] "GET /glass-lamp-29-cm-p-53105.html HTTP/1.0" 301 76826 "-" "Mozilla/5.0 (compatible; MJ12bot/v1.4.8; http://mj12bot.com/)"
218.188.41.122 - - [03/Jun/2023:03:59:02 +0200] "GET /glass-lamp-p-53105.html HTTP/1.0" 200 76749 "-" "Mozilla/5.0 (compatible; MJ12bot/v1.4.8; http://mj12bot.com/)"
218.188.41.122 - - [03/Jun/2023:03:59:06 +0200] "GET /glass-lamp-p-53104.html HTTP/1.0" 200 76749 "-" "Mozilla/5.0 (compatible; MJ12bot/v1.4.8; http://mj12bot.com/)"
218.188.41.122 - - [03/Jun/2023:03:59:10 +0200] "GET /glass-lamp-p-53105.html HTTP/1.0" 200 76749 "-" "Mozilla/5.0 (compatible; MJ12bot/v1.4.8; http://mj12bot.com/)"
218.188.41.122 - - [03/Jun/2023:03:59:14 +0200] "GET /golden-gorilla-table-lamp-p-59001.html HTTP/1.0" 200 77120 "-" "Mozilla/5.0 (compatible; MJ12bot/v1.4.8; http://mj12bot.com/)"
218.188.41.122 - - [03/Jun/2023:03:59:18 +0200] "GET /gray-ceramic-lamp-p-54586.html HTTP/1.0" 301 73391 "-" "Mozilla/5.0 (compatible; MJ12bot/v1.4.8; http://mj12bot.com/)"
218.188.41.122 - - [03/Jun/2023:03:59:22 +0200] "GET /-p-54586.html HTTP/1.0" 200 73324 "-" "Mozilla/5.0 (compatible; MJ12bot/v1.4.8; http://mj12bot.com/)"
121.5.102.126 - - [03/Jun/2023:03:59:25 +0200] "GET /images/mini_prod/1384000000307.jpg HTTP/1.0" 200 269 "-" "Mozilla/5.0 (X11; Ubuntu; Linux x86_64; rv:72.0) Gecko/20100101 Firefox/72.0"
218.188.41.122 - - [03/Jun/2023:03:59:26 +0200] "GET /gray-metal-and-wood-flexo-lamp-43-cm-p-53081.html HTTP/1.0" 301 77336 "-" "Mozilla/5.0 (compatible; MJ12bot/v1.4.8; http://mj12bot.com/)"
218.188.41.122 - - [03/Jun/2023:03:59:30 +0200] "GET /gray-metal-wood-flexo-lamp-p-53081.html HTTP/1.0" 200 77243 "-" "Mozilla/5.0 (compatible; MJ12bot/v1.4.8; http://mj12bot.com/)"
218.188.41.122 - - [03/Jun/2023:03:59:34 +0200] "GET /green-lampshade-p-56437.html HTTP/1.0" 200 73374 "-" "Mozilla/5.0 (compatible; MJ12bot/v1.4.8; http://mj12bot.com/)"
218.188.41.122 - - [03/Jun/2023:03:59:37 +0200] "GET /grey-garden-bedclothes-220-240-cm-p-39995.html HTTP/1.0" 301 73391 "-" "Mozilla/5.0 (compatible; MJ12bot/v1.4.8; http://mj12bot.com/)"
114.119.133.116 - - [03/Jun/2023:03:59:39 +0200] "GET /apache-cushion-p-43011.html HTTP/1.0" 200 73392 "http://www.wonder-geek.com/household-linen-c-11.html?page=20" "Mozilla/5.0 (Linux; Android 7.0;) AppleWebKit/537.36 (KHTML, like Gecko) Mobile Safari/537.36 (compatible; PetalBot;+https://webmaster.petalsearch.com/site/petalbot)"
218.188.41.122 - - [03/Jun/2023:03:59:42 +0200] "GET /-p-39995.html HTTP/1.0" 200 73324 "-" "Mozilla/5.0 (compatible; MJ12bot/v1.4.8; http://mj12bot.com/)"
218.188.41.122 - - [03/Jun/2023:03:59:45 +0200] "GET /grey-garden-bedclothes-p-39995.html HTTP/1.0" 301 73391 "-" "Mozilla/5.0 (compatible; MJ12bot/v1.4.8; http://mj12bot.com/)"
218.188.41.122 - - [03/Jun/2023:03:59:49 +0200] "GET /-p-39995.html HTTP/1.0" 200 73324 "-" "Mozilla/5.0 (compatible; MJ12bot/v1.4.8; http://mj12bot.com/)"
218.188.41.122 - - [03/Jun/2023:03:59:53 +0200] "GET /grey-metal-umbrella-stand-p-59112.html HTTP/1.0" 200 76628 "-" "Mozilla/5.0 (compatible; MJ12bot/v1.4.8; http://mj12bot.com/)"
218.188.41.122 - - [03/Jun/2023:03:59:57 +0200] "GET /harley-davidson-metal-caddy-p-52955.html HTTP/1.0" 200 76147 "-" "Mozilla/5.0 (compatible; MJ12bot/v1.4.8; http://mj12bot.com/)"
218.188.41.122 - - [03/Jun/2023:04:00:01 +0200] "GET /harley-davidson-metal-tea-caddy-p-52955.html HTTP/1.0" 301 76241 "-" "Mozilla/5.0 (compatible; MJ12bot/v1.4.8; http://mj12bot.com/)"
218.188.41.122 - - [03/Jun/2023:04:00:05 +0200] "GET /harley-davidson-metal-caddy-p-52955.html HTTP/1.0" 200 76147 "-" "Mozilla/5.0 (compatible; MJ12bot/v1.4.8; http://mj12bot.com/)"
218.188.41.122 - - [03/Jun/2023:04:00:11 +0200] "GET /heart-home-animated-candle-carousel-gift-p-59022.html HTTP/1.0" 200 77639 "-" "Mozilla/5.0 (compatible; MJ12bot/v1.4.8; http://mj12bot.com/)"
218.188.41.122 - - [03/Jun/2023:04:00:17 +0200] "GET /heart-home-pebbles-melt-shape-stars-p-56298.html HTTP/1.0" 200 73494 "-" "Mozilla/5.0 (compatible; MJ12bot/v1.4.8; http://mj12bot.com/)"
218.188.41.122 - - [03/Jun/2023:04:00:21 +0200] "GET /hello-kitty-by-camomilla-large-handbag-p-4406.html HTTP/1.0" 301 73559 "-" "Mozilla/5.0 (compatible; MJ12bot/v1.4.8; http://mj12bot.com/)"
218.188.41.122 - - [03/Jun/2023:04:00:25 +0200] "GET /hello-kitty-camomilla-large-handbag-p-4406.html HTTP/1.0" 200 73458 "-" "Mozilla/5.0 (compatible; MJ12bot/v1.4.8; http://mj12bot.com/)"
51.68.224.127 - - [03/Jun/2023:04:00:29 +0200] "GET /adminweb/export_orders_xml.php?token=256de2z6edz6ed2z6DFSFsed2zed6zeDSFDSGdzedezfzf&maxorders=10&orderstart=1&status=14&start_date=2018-10-01 HTTP/1.0" 200 285 "-" "GesCom CharlotteBoutik Serveur"
51.68.224.127 - - [03/Jun/2023:04:00:29 +0200] "GET /adminweb/export_orders_xml.php?token=256de2z6edz6ed2z6DFSFsed2zed6zeDSFDSGdzedezfzf&maxorders=10&orderstart=1&status=6&start_date=2018-10-01 HTTP/1.0" 200 33887 "-" "GesCom CharlotteBoutik Serveur"
218.188.41.122 - - [03/Jun/2023:04:00:29 +0200] "GET /hello-kitty-camomilla-large-handbag-p-4406.html HTTP/1.0" 200 73458 "-" "Mozilla/5.0 (compatible; MJ12bot/v1.4.8; http://mj12bot.com/)"
38.170.25.113 - - [03/Jun/2023:04:00:31 +0200] "GET /contact_us.php HTTP/1.0" 200 26241 "-" "Mozilla/5.0 (Windows NT 10.0) AppleWebKit/537.36 (KHTML, like Gecko) Chrome/103.0.0.0 Safari/537.36"
218.188.41.122 - - [03/Jun/2023:04:00:33 +0200] "GET /hello-kitty-hair-clips-p-13576.html HTTP/1.0" 200 76062 "-" "Mozilla/5.0 (compatible; MJ12bot/v1.4.8; http://mj12bot.com/)"
38.170.25.113 - - [03/Jun/2023:04:00:38 +0200] "GET /images/pixel_trans.gif HTTP/1.0" 200 328 "http://www.wonder-geek.com/contact_us.php?action=send" "Mozilla/5.0 (Windows NT 10.0) AppleWebKit/537.36 (KHTML, like Gecko) Chrome/103.0.0.0 Safari/537.36"
218.188.41.122 - - [03/Jun/2023:04:00:37 +0200] "GET /hello-kitty-hair-ornements-p-13561.html HTTP/1.0" 200 73472 "-" "Mozilla/5.0 (compatible; MJ12bot/v1.4.8; http://mj12bot.com/)"
38.170.25.113 - - [03/Jun/2023:04:00:40 +0200] "POST /contact_us.php?action=send HTTP/1.0" 200 27239 "http://www.wonder-geek.com/contact_us.php" "Mozilla/5.0 (Windows NT 10.0) AppleWebKit/537.36 (KHTML, like Gecko) Chrome/103.0.0.0 Safari/537.36"
52.167.144.98 - - [03/Jun/2023:04:00:39 +0200] "GET /placemat-little-prince-sheep-p-55922.html HTTP/1.0" 200 76640 "-" "Mozilla/5.0 AppleWebKit/537.36 (KHTML, like Gecko; compatible; bingbot/2.0; +http://www.bing.com/bingbot.htm) Chrome/103.0.5060.134 Safari/537.36"
114.119.150.22 - - [03/Jun/2023:04:00:40 +0200] "GET /african-woman-bust-figurine-p-53923.html HTTP/1.0" 200 76097 "http://www.wonder-geek.com/home-decoration-c-13.html?page=198" "Mozilla/5.0 (Linux; Android 7.0;) AppleWebKit/537.36 (KHTML, like Gecko) Mobile Safari/537.36 (compatible; PetalBot;+https://webmaster.petalsearch.com/site/petalbot)"
218.188.41.122 - - [03/Jun/2023:04:00:41 +0200] "GET /hello-kitty-hair-ornements-p-13568.html HTTP/1.0" 200 73472 "-" "Mozilla/5.0 (compatible; MJ12bot/v1.4.8; http://mj12bot.com/)"
218.188.41.122 - - [03/Jun/2023:04:00:45 +0200] "GET /hello-kitty-hair-ornements-p-13570.html HTTP/1.0" 200 76106 "-" "Mozilla/5.0 (compatible; MJ12bot/v1.4.8; http://mj12bot.com/)"
218.188.41.122 - - [03/Jun/2023:04:00:48 +0200] "GET /hello-kitty-red-tiara-p-13512.html HTTP/1.0" 301 76000 "-" "Mozilla/5.0 (compatible; MJ12bot/v1.4.8; http://mj12bot.com/)"
121.5.102.126 - - [03/Jun/2023:04:00:50 +0200] "GET /images/mini_prod/5050293803197.jpg HTTP/1.0" 200 269 "-" "Mozilla/5.0 (X11; Ubuntu; Linux x86_64; rv:72.0) Gecko/20100101 Firefox/72.0"
218.188.41.122 - - [03/Jun/2023:04:00:52 +0200] "GET /hello-kitty-tiara-p-13512.html HTTP/1.0" 200 75916 "-" "Mozilla/5.0 (compatible; MJ12bot/v1.4.8; http://mj12bot.com/)"
218.188.41.122 - - [03/Jun/2023:04:00:56 +0200] "GET /hello-kitty-set-of-hair-clips-p-13576.html HTTP/1.0" 301 76151 "-" "Mozilla/5.0 (compatible; MJ12bot/v1.4.8; http://mj12bot.com/)"
218.188.41.122 - - [03/Jun/2023:04:00:59 +0200] "GET /hello-kitty-hair-clips-p-13576.html HTTP/1.0" 200 76062 "-" "Mozilla/5.0 (compatible; MJ12bot/v1.4.8; http://mj12bot.com/)"
218.188.41.122 - - [03/Jun/2023:04:01:03 +0200] "GET /hello-kitty-set-of-hair-ornements-p-13561.html HTTP/1.0" 301 73565 "-" "Mozilla/5.0 (compatible; MJ12bot/v1.4.8; http://mj12bot.com/)"
218.188.41.122 - - [03/Jun/2023:04:01:07 +0200] "GET /hello-kitty-hair-ornements-p-13561.html HTTP/1.0" 200 73472 "-" "Mozilla/5.0 (compatible; MJ12bot/v1.4.8; http://mj12bot.com/)"
218.188.41.122 - - [03/Jun/2023:04:01:11 +0200] "GET /hello-kitty-set-of-hair-ornements-p-13568.html HTTP/1.0" 301 73565 "-" "Mozilla/5.0 (compatible; MJ12bot/v1.4.8; http://mj12bot.com/)"
218.188.41.122 - - [03/Jun/2023:04:01:15 +0200] "GET /hello-kitty-hair-ornements-p-13568.html HTTP/1.0" 200 73472 "-" "Mozilla/5.0 (compatible; MJ12bot/v1.4.8; http://mj12bot.com/)"
218.188.41.122 - - [03/Jun/2023:04:01:21 +0200] "GET /hello-kitty-set-of-hair-ornements-p-13570.html HTTP/1.0" 301 76199 "-" "Mozilla/5.0 (compatible; MJ12bot/v1.4.8; http://mj12bot.com/)"
218.188.41.122 - - [03/Jun/2023:04:01:25 +0200] "GET /hello-kitty-hair-ornements-p-13570.html HTTP/1.0" 200 76106 "-" "Mozilla/5.0 (compatible; MJ12bot/v1.4.8; http://mj12bot.com/)"
123.60.146.214 - - [03/Jun/2023:04:01:23 +0200] "GET / HTTP/1.0" 200 152752 "-" "Mozilla/5.0 (Windows NT 7.7; Win64; x64) AppleWebKit/537.36 (KHTML, like Gecko) Chrome/78.0.1545.88 Safari/537.36"
218.188.41.122 - - [03/Jun/2023:04:01:29 +0200] "GET /hello-kitty-tiara-p-13512.html HTTP/1.0" 200 75916 "-" "Mozilla/5.0 (compatible; MJ12bot/v1.4.8; http://mj12bot.com/)"
218.188.41.122 - - [03/Jun/2023:04:01:33 +0200] "GET /holy-family-prayer-candle-novena-p-44456.html HTTP/1.0" 200 73446 "-" "Mozilla/5.0 (compatible; MJ12bot/v1.4.8; http://mj12bot.com/)"
218.153.91.34 - - [03/Jun/2023:04:01:35 +0200] "GET /images/mini_prod/8424001278909.jpg HTTP/1.0" 200 269 "-" "Mozilla/5.0 (X11; Ubuntu; Linux x86_64; rv:72.0) Gecko/20100101 Firefox/72.0"
218.188.41.122 - - [03/Jun/2023:04:01:37 +0200] "GET /home/stickers-and-posters/punks-not-dead-sticker-p-12746.html HTTP/1.0" 301 73391 "-" "Mozilla/5.0 (compatible; MJ12bot/v1.4.8; http://mj12bot.com/)"
185.191.171.7 - - [03/Jun/2023:04:01:39 +0200] "GET /robots.txt HTTP/1.0" 200 245 "-" "Mozilla/5.0 (compatible; SemrushBot/7~bl; +http://www.semrush.com/bot.html)"
185.191.171.26 - - [03/Jun/2023:04:01:40 +0200] "GET /aromatika-violet-scent-incense-sticks-p-60368.html?action=add_product HTTP/1.0" 302 476 "-" "Mozilla/5.0 (compatible; SemrushBot/7~bl; +http://www.semrush.com/bot.html)"
34.141.200.102 - - [03/Jun/2023:04:01:42 +0200] "GET /images/mini_prod/3661443279476.jpg HTTP/1.0" 200 269 "-" "Mozilla/5.0 (X11; Ubuntu; Linux x86_64; rv:72.0) Gecko/20100101 Firefox/72.0"
218.188.41.122 - - [03/Jun/2023:04:01:41 +0200] "GET /-p-12746.html HTTP/1.0" 200 73324 "-" "Mozilla/5.0 (compatible; MJ12bot/v1.4.8; http://mj12bot.com/)"
218.188.41.122 - - [03/Jun/2023:04:01:45 +0200] "GET /horses-keyring-p-33561.html HTTP/1.0" 200 77897 "-" "Mozilla/5.0 (compatible; MJ12bot/v1.4.8; http://mj12bot.com/)"
218.188.41.122 - - [03/Jun/2023:04:01:49 +0200] "GET /household-linen/towel-bath-towels/tweety-and-sylvester-towel-p-14256.html HTTP/1.0" 301 73391 "-" "Mozilla/5.0 (compatible; MJ12bot/v1.4.8; http://mj12bot.com/)"
218.188.41.122 - - [03/Jun/2023:04:01:53 +0200] "GET /-p-14256.html HTTP/1.0" 200 73324 "-" "Mozilla/5.0 (compatible; MJ12bot/v1.4.8; http://mj12bot.com/)"
114.119.152.104 - - [03/Jun/2023:04:01:53 +0200] "GET /small-bathroom-trash-p-47339.html HTTP/1.0" 200 73394 "http://www.wonder-geek.com/bathroom-accessories-c-13_172.html?page=6" "Mozilla/5.0 (Linux; Android 7.0;) AppleWebKit/537.36 (KHTML, like Gecko) Mobile Safari/537.36 (compatible; PetalBot;+https://webmaster.petalsearch.com/site/petalbot)"
218.188.41.122 - - [03/Jun/2023:04:01:56 +0200] "GET /indoor-buddha-fountain-25-cm-p-48808.html HTTP/1.0" 301 76243 "-" "Mozilla/5.0 (compatible; MJ12bot/v1.4.8; http://mj12bot.com/)"
218.188.41.122 - - [03/Jun/2023:04:02:00 +0200] "GET /indoor-buddha-fountain-p-48808.html HTTP/1.0" 200 76154 "-" "Mozilla/5.0 (compatible; MJ12bot/v1.4.8; http://mj12bot.com/)"
218.188.41.122 - - [03/Jun/2023:04:02:03 +0200] "GET /indoor-buddha-fountain-27-cm-p-48808.html HTTP/1.0" 301 76243 "-" "Mozilla/5.0 (compatible; MJ12bot/v1.4.8; http://mj12bot.com/)"
218.188.41.122 - - [03/Jun/2023:04:02:07 +0200] "GET /indoor-buddha-fountain-p-48808.html HTTP/1.0" 200 76154 "-" "Mozilla/5.0 (compatible; MJ12bot/v1.4.8; http://mj12bot.com/)"
218.188.41.122 - - [03/Jun/2023:04:02:11 +0200] "GET /indoor-buddha-fountain-p-48808.html HTTP/1.0" 200 76154 "-" "Mozilla/5.0 (compatible; MJ12bot/v1.4.8; http://mj12bot.com/)"
218.188.41.122 - - [03/Jun/2023:04:02:15 +0200] "GET /industrial-clock-with-gears-p-53019.html HTTP/1.0" 200 73422 "-" "Mozilla/5.0 (compatible; MJ12bot/v1.4.8; http://mj12bot.com/)"
218.188.41.122 - - [03/Jun/2023:04:02:19 +0200] "GET /isothermic-stainless-steel-bottle-meilleure-maman-p-54540.html HTTP/1.0" 200 76812 "-" "Mozilla/5.0 (compatible; MJ12bot/v1.4.8; http://mj12bot.com/)"
218.188.41.122 - - [03/Jun/2023:04:02:22 +0200] "GET /ispahan-bedclothes-p-60113.html HTTP/1.0" 200 76644 "-" "Mozilla/5.0 (compatible; MJ12bot/v1.4.8; http://mj12bot.com/)"
218.188.41.122 - - [03/Jun/2023:04:02:26 +0200] "GET /james-bond-zippo-lighter-p-56225.html HTTP/1.0" 200 77457 "-" "Mozilla/5.0 (compatible; MJ12bot/v1.4.8; http://mj12bot.com/)"
35.171.69.89 - - [03/Jun/2023:04:02:29 +0200] "GET /images/mini_prod/8424001471461.jpg HTTP/1.0" 200 269 "-" "Mozilla/5.0 (X11; Ubuntu; Linux x86_64; rv:72.0) Gecko/20100101 Firefox/72.0"
218.188.41.122 - - [03/Jun/2023:04:02:30 +0200] "GET /jewels-bowl-p-54550.html HTTP/1.0" 200 76518 "-" "Mozilla/5.0 (compatible; MJ12bot/v1.4.8; http://mj12bot.com/)"
218.188.41.122 - - [03/Jun/2023:04:02:34 +0200] "GET /joustra-pyro-gravure-p-23219.html HTTP/1.0" 301 73391 "-" "Mozilla/5.0 (compatible; MJ12bot/v1.4.8; http://mj12bot.com/)"
218.188.41.122 - - [03/Jun/2023:04:02:38 +0200] "GET /-p-23219.html HTTP/1.0" 200 73324 "-" "Mozilla/5.0 (compatible; MJ12bot/v1.4.8; http://mj12bot.com/)"
218.188.41.122 - - [03/Jun/2023:04:02:42 +0200] "GET /jungle-cockatoo-p-59034.html HTTP/1.0" 200 76730 "-" "Mozilla/5.0 (compatible; MJ12bot/v1.4.8; http://mj12bot.com/)"
218.188.41.122 - - [03/Jun/2023:04:02:46 +0200] "GET /jungle-parrot-p-56230.html HTTP/1.0" 200 76522 "-" "Mozilla/5.0 (compatible; MJ12bot/v1.4.8; http://mj12bot.com/)"
218.188.41.122 - - [03/Jun/2023:04:02:50 +0200] "GET /keyrings-c-31_52.html?page=11 HTTP/1.0" 200 95181 "-" "Mozilla/5.0 (compatible; MJ12bot/v1.4.8; http://mj12bot.com/)"
66.249.64.202 - - [03/Jun/2023:04:02:51 +0200] "GET /horses-little-beauty-p-24233.html HTTP/1.0" 200 76108 "-" "Mozilla/5.0 (compatible; Googlebot/2.1; +http://www.google.com/bot.html)"
218.188.41.122 - - [03/Jun/2023:04:02:54 +0200] "GET /keyrings-c-31_52.html?page=16 HTTP/1.0" 200 89835 "-" "Mozilla/5.0 (compatible; MJ12bot/v1.4.8; http://mj12bot.com/)"
218.188.41.122 - - [03/Jun/2023:04:02:58 +0200] "GET /kids-school-c-31_80.html?page=1 HTTP/1.0" 200 87620 "-" "Mozilla/5.0 (compatible; MJ12bot/v1.4.8; http://mj12bot.com/)"
218.188.41.122 - - [03/Jun/2023:04:03:01 +0200] "GET /kids-school-c-31_80.html?page=3 HTTP/1.0" 200 87620 "-" "Mozilla/5.0 (compatible; MJ12bot/v1.4.8; http://mj12bot.com/)"
218.188.41.122 - - [03/Jun/2023:04:03:06 +0200] "GET /kids-school-c-80.html?page=1 HTTP/1.0" 301 87547 "-" "Mozilla/5.0 (compatible; MJ12bot/v1.4.8; http://mj12bot.com/)"
218.188.41.122 - - [03/Jun/2023:04:03:09 +0200] "GET /kids-school-c-31_80.html?page=1 HTTP/1.0" 200 87620 "-" "Mozilla/5.0 (compatible; MJ12bot/v1.4.8; http://mj12bot.com/)"
218.188.41.122 - - [03/Jun/2023:04:03:13 +0200] "GET /kids-school-c-80.html?page=3 HTTP/1.0" 301 87547 "-" "Mozilla/5.0 (compatible; MJ12bot/v1.4.8; http://mj12bot.com/)"
218.188.41.122 - - [03/Jun/2023:04:03:16 +0200] "GET /kids-school-c-31_80.html?page=3 HTTP/1.0" 200 87620 "-" "Mozilla/5.0 (compatible; MJ12bot/v1.4.8; http://mj12bot.com/)"
218.188.41.122 - - [03/Jun/2023:04:03:20 +0200] "GET /kimmi-junior-confettis-towel-p-13435.html HTTP/1.0" 301 73391 "-" "Mozilla/5.0 (compatible; MJ12bot/v1.4.8; http://mj12bot.com/)"
218.188.41.122 - - [03/Jun/2023:04:03:24 +0200] "GET /-p-13435.html HTTP/1.0" 200 73324 "-" "Mozilla/5.0 (compatible; MJ12bot/v1.4.8; http://mj12bot.com/)"
218.188.41.122 - - [03/Jun/2023:04:03:27 +0200] "GET /kimmi-junior-mini-notebook-p-11838.html HTTP/1.0" 301 73391 "-" "Mozilla/5.0 (compatible; MJ12bot/v1.4.8; http://mj12bot.com/)"
218.188.41.122 - - [03/Jun/2023:04:03:31 +0200] "GET /-p-11838.html HTTP/1.0" 200 73324 "-" "Mozilla/5.0 (compatible; MJ12bot/v1.4.8; http://mj12bot.com/)"
218.188.41.122 - - [03/Jun/2023:04:03:34 +0200] "GET /princess-sofia-chair-p-28198.html HTTP/1.0" 200 75944 "-" "Mozilla/5.0 (compatible; MJ12bot/v1.4.8; http://mj12bot.com/)"
114.119.130.57 - - [03/Jun/2023:04:03:36 +0200] "GET /russian-dolls-gilt-mug-by-cbkreation-p-18739.html HTTP/1.0" 301 76121 "http://www.wonder-geek.com/mugs-and-mazagrans-c-12_57.html?page=22" "Mozilla/5.0 (Linux; Android 7.0;) AppleWebKit/537.36 (KHTML, like Gecko) Mobile Safari/537.36 (compatible; PetalBot;+https://webmaster.petalsearch.com/site/petalbot)"
218.188.41.122 - - [03/Jun/2023:04:03:38 +0200] "GET /quenotte-marcel-tooth-p-60125.html HTTP/1.0" 200 76890 "-" "Mozilla/5.0 (compatible; MJ12bot/v1.4.8; http://mj12bot.com/)"
218.188.41.122 - - [03/Jun/2023:04:03:42 +0200] "GET /wall-sticker-tout-commence-avec-p-60119.html HTTP/1.0" 200 77049 "-" "Mozilla/5.0 (compatible; MJ12bot/v1.4.8; http://mj12bot.com/)"
216.244.66.242 - - [03/Jun/2023:04:03:44 +0200] "GET /images/med_prod/000000000000lyon.jpg HTTP/1.0" 200 271 "-" "Mozilla/5.0 (compatible; DotBot/1.2; +https://opensiteexplorer.org/dotbot; help@moz.com)"
114.119.130.57 - - [03/Jun/2023:04:03:51 +0200] "GET /russian-dolls-gilt-cbkreation-p-18739.html HTTP/1.0" 200 76025 "http://www.wonder-geek.com/mugs-and-mazagrans-c-12_57.html?page=22" "Mozilla/5.0 (Linux; Android 7.0;) AppleWebKit/537.36 (KHTML, like Gecko) Mobile Safari/537.36 (compatible; PetalBot;+https://webmaster.petalsearch.com/site/petalbot)"
121.5.102.126 - - [03/Jun/2023:04:04:15 +0200] "GET /images/mini_prod/b8012052011455.jpg HTTP/1.0" 200 270 "-" "Mozilla/5.0 (X11; Ubuntu; Linux x86_64; rv:72.0) Gecko/20100101 Firefox/72.0"
147.92.153.2 - - [03/Jun/2023:04:04:55 +0200] "GET /patinated-silver-paulownia-wall-mirror-p-60495.html HTTP/1.0" 200 77035 "-" "Mozilla/5.0 (compatible; Linespider/1.1; +https://lin.ee/4dwXkTH)"
114.119.135.206 - - [03/Jun/2023:04:05:17 +0200] "GET /african-statuette-buffalo-p-54854.html HTTP/1.0" 200 73434 "http://www.wonder-geek.com/collectible-figurines-decorative-c-13_135.html?page=19" "Mozilla/5.0 (Linux; Android 7.0;) AppleWebKit/537.36 (KHTML, like Gecko) Mobile Safari/537.36 (compatible; PetalBot;+https://webmaster.petalsearch.com/site/petalbot)"
121.5.102.126 - - [03/Jun/2023:04:05:25 +0200] "GET /images/mini_prod/5051265800404.jpg HTTP/1.0" 200 269 "-" "Mozilla/5.0 (X11; Ubuntu; Linux x86_64; rv:72.0) Gecko/20100101 Firefox/72.0"
203.217.230.46 - - [03/Jun/2023:04:05:35 +0200] "GET /images/mini_prod/3457019600467.jpg HTTP/1.0" 200 269 "-" "Mozilla/5.0 (compatible; MSIE 9.0; Windows NT 6.1; Win64; x64; Trident/5.0)"
35.171.69.89 - - [03/Jun/2023:04:05:37 +0200] "GET /images/mini_prod/3519570204031.jpg HTTP/1.0" 200 269 "-" "Mozilla/5.0 (X11; Ubuntu; Linux x86_64; rv:72.0) Gecko/20100101 Firefox/72.0"
17.241.75.14 - - [03/Jun/2023:04:06:05 +0200] "GET /amys-p-54236.html HTTP/1.0" 200 76735 "-" "Mozilla/5.0 (Macintosh; Intel Mac OS X 10_15_5) AppleWebKit/605.1.15 (KHTML, like Gecko) Version/13.1.1 Safari/605.1.15 (Applebot/0.1; +http://www.apple.com/go/applebot)"
114.119.158.211 - - [03/Jun/2023:04:06:08 +0200] "GET /abstract-ceramic-motif-lamp-p-49334.html HTTP/1.0" 200 73434 "http://www.wonder-geek.com/home-and-decoration-c-13.html?page=258" "Mozilla/5.0 (Linux; Android 7.0;) AppleWebKit/537.36 (KHTML, like Gecko) Mobile Safari/537.36 (compatible; PetalBot;+https://webmaster.petalsearch.com/site/petalbot)"
180.76.14.20 - - [03/Jun/2023:04:06:23 +0200] "GET /images/mini_prod/9316188070225.jpg HTTP/1.0" 200 269 "-" "Mozilla/5.0 (X11; Ubuntu; Linux x86_64; rv:72.0) Gecko/20100101 Firefox/72.0"
69.171.251.111 - - [03/Jun/2023:04:06:34 +0200] "GET /images/big_prod_2/3700281645163b.jpg HTTP/1.0" 200 271 "-" "Mozilla/5.0 (X11; Ubuntu; Linux x86_64; rv:72.0) Gecko/20100101 Firefox/72.0"
114.119.134.123 - - [03/Jun/2023:04:07:30 +0200] "GET /%20images/3609080364254.jpg HTTP/1.0" 404 1308 "http://www.wonder-geek.com/angry-birds-sports-p-29472.html" "Mozilla/5.0 (Linux; Android 7.0;) AppleWebKit/537.36 (KHTML, like Gecko) Mobile Safari/537.36 (compatible; PetalBot;+https://webmaster.petalsearch.com/site/petalbot)"
44.236.1.180 - - [03/Jun/2023:04:07:44 +0200] "GET /images/mini_prod/1384010201176.jpg HTTP/1.0" 200 269 "-" "Mozilla/5.0 (X11; Ubuntu; Linux x86_64; rv:72.0) Gecko/20100101 Firefox/72.0"
69.171.251.7 - - [03/Jun/2023:04:09:03 +0200] "GET /images/mini_prod/3665269030983.jpg HTTP/1.0" 200 269 "-" "Mozilla/5.0 (X11; Ubuntu; Linux x86_64; rv:72.0) Gecko/20100101 Firefox/72.0"
185.176.78.178 - - [03/Jun/2023:04:09:06 +0200] "GET /images/mini_prod/3272760398926.jpg HTTP/1.0" 200 269 "-" "Mozilla/5.0 (X11; Ubuntu; Linux x86_64; rv:72.0) Gecko/20100101 Firefox/72.0"
216.244.66.242 - - [03/Jun/2023:04:09:47 +0200] "GET /bedding-c-11_166.html?page=2 HTTP/1.0" 301 94714 "-" "Mozilla/5.0 (compatible; DotBot/1.2; +https://opensiteexplorer.org/dotbot; help@moz.com)"
185.176.78.178 - - [03/Jun/2023:04:09:54 +0200] "GET /images/mini_prod/1399984254448.jpg HTTP/1.0" 200 269 "-" "Mozilla/5.0 (X11; Ubuntu; Linux x86_64; rv:72.0) Gecko/20100101 Firefox/72.0"
216.244.66.242 - - [03/Jun/2023:04:09:56 +0200] "GET /camargue-salt-pepper-p-43904.html HTTP/1.0" 200 73424 "-" "Mozilla/5.0 (compatible; DotBot/1.2; +https://opensiteexplorer.org/dotbot; help@moz.com)"
216.244.66.242 - - [03/Jun/2023:04:10:08 +0200] "GET /flamingo-wall-decoration-p-46789.html HTTP/1.0" 200 73432 "-" "Mozilla/5.0 (compatible; DotBot/1.2; +https://opensiteexplorer.org/dotbot; help@moz.com)"
203.217.230.10 - - [03/Jun/2023:04:10:11 +0200] "GET /images/mini_prod/8718375751046.jpg HTTP/1.0" 200 269 "-" "Mozilla/5.0 (compatible; MSIE 9.0; Windows NT 6.1; Win64; x64; Trident/5.0)"
216.244.66.242 - - [03/Jun/2023:04:10:17 +0200] "GET /hello-kitty-camomilla-large-handbag-p-4408.html HTTP/1.0" 200 76314 "-" "Mozilla/5.0 (compatible; DotBot/1.2; +https://opensiteexplorer.org/dotbot; help@moz.com)"
216.244.66.242 - - [03/Jun/2023:04:10:25 +0200] "GET /rallye-mont-carlo-poster-p-54664.html HTTP/1.0" 200 76019 "-" "Mozilla/5.0 (compatible; DotBot/1.2; +https://opensiteexplorer.org/dotbot; help@moz.com)"
218.153.91.34 - - [03/Jun/2023:04:11:29 +0200] "GET /images/mini_prod/5051265800374.jpg HTTP/1.0" 200 269 "-" "Mozilla/5.0 (X11; Ubuntu; Linux x86_64; rv:72.0) Gecko/20100101 Firefox/72.0"
121.5.102.126 - - [03/Jun/2023:04:12:54 +0200] "GET /images/mini_prod/1399984241806.jpg HTTP/1.0" 200 269 "-" "Mozilla/5.0 (X11; Ubuntu; Linux x86_64; rv:72.0) Gecko/20100101 Firefox/72.0"
66.249.64.198 - - [03/Jun/2023:04:14:06 +0200] "GET /crasy-allen-cotton-pouch-p-53175.html HTTP/1.0" 200 76061 "-" "Mozilla/5.0 (compatible; Googlebot/2.1; +http://www.google.com/bot.html)"
121.5.102.126 - - [03/Jun/2023:04:14:43 +0200] "GET /images/mini_prod/8033667001174.jpg HTTP/1.0" 200 269 "-" "Mozilla/5.0 (X11; Ubuntu; Linux x86_64; rv:72.0) Gecko/20100101 Firefox/72.0"
69.171.251.6 - - [03/Jun/2023:04:15:09 +0200] "GET /images/mini_prod/3560600268745.jpg HTTP/1.0" 200 269 "-" "Mozilla/5.0 (X11; Ubuntu; Linux x86_64; rv:72.0) Gecko/20100101 Firefox/72.0"
51.68.224.127 - - [03/Jun/2023:04:17:03 +0200] "GET /adminweb/export_orders_xml.php?token=256de2z6edz6ed2z6DFSFsed2zed6zeDSFDSGdzedezfzf&maxorders=10&orderstart=1&status=14&start_date=2018-10-01 HTTP/1.0" 200 285 "-" "GesCom CharlotteBoutik Serveur"
180.76.14.13 - - [03/Jun/2023:04:17:04 +0200] "GET /images/mini_prod/8422000053541.jpg HTTP/1.0" 200 269 "-" "Mozilla/5.0 (X11; Ubuntu; Linux x86_64; rv:72.0) Gecko/20100101 Firefox/72.0"
51.68.224.127 - - [03/Jun/2023:04:17:03 +0200] "GET /adminweb/export_orders_xml.php?token=256de2z6edz6ed2z6DFSFsed2zed6zeDSFDSGdzedezfzf&maxorders=10&orderstart=1&status=6&start_date=2018-10-01 HTTP/1.0" 200 33887 "-" "GesCom CharlotteBoutik Serveur"
17.241.227.103 - - [03/Jun/2023:04:17:12 +0200] "GET / HTTP/1.0" 200 152628 "-" "Mozilla/5.0 (Macintosh; Intel Mac OS X 10_15_5) AppleWebKit/605.1.15 (KHTML, like Gecko) Version/13.1.1 Safari/605.1.15 (Applebot/0.1; +http://www.apple.com/go/applebot)"
95.108.213.237 - - [03/Jun/2023:04:17:20 +0200] "GET /robots.txt HTTP/1.0" 200 245 "-" "Mozilla/5.0 (compatible; YandexBot/3.0; +http://yandex.com/bots)"
213.180.203.101 - - [03/Jun/2023:04:17:20 +0200] "GET /tiana-et-naveen-as-frogs-disney-traditions-p-51164.html HTTP/1.0" 301 76670 "-" "Mozilla/5.0 (compatible; YandexBot/3.0; +http://yandex.com/bots)"
95.108.213.124 - - [03/Jun/2023:04:17:22 +0200] "GET /tiana-naveen-frogs-disney-traditions-p-51164.html HTTP/1.0" 200 76567 "-" "Mozilla/5.0 (compatible; YandexBot/3.0; +http://yandex.com/bots)"
52.167.144.98 - - [03/Jun/2023:04:18:01 +0200] "GET /-p-38084.html HTTP/1.0" 200 73324 "-" "Mozilla/5.0 AppleWebKit/537.36 (KHTML, like Gecko; compatible; bingbot/2.0; +http://www.bing.com/bingbot.htm) Chrome/103.0.5060.134 Safari/537.36"
52.167.144.98 - - [03/Jun/2023:04:18:25 +0200] "GET /highslide/graphics/zoomout.cur HTTP/1.0" 200 614 "-" "Mozilla/5.0 AppleWebKit/537.36 (KHTML, like Gecko; compatible; bingbot/2.0; +http://www.bing.com/bingbot.htm) Chrome/103.0.5060.134 Safari/537.36"
218.153.91.34 - - [03/Jun/2023:04:19:42 +0200] "GET /images/mini_prod/9316188013291.jpg HTTP/1.0" 200 269 "-" "Mozilla/5.0 (X11; Ubuntu; Linux x86_64; rv:72.0) Gecko/20100101 Firefox/72.0"
203.217.230.45 - - [03/Jun/2023:04:21:00 +0200] "GET /images/mini_prod/8435306281082.jpg HTTP/1.0" 200 269 "-" "Mozilla/5.0 (compatible; MSIE 9.0; Windows NT 6.1; Win64; x64; Trident/5.0)"
17.241.75.132 - - [03/Jun/2023:04:21:01 +0200] "GET /bagshandbags-shoulder-bags-c-31_81.html?page=2 HTTP/1.0" 200 98640 "-" "Mozilla/5.0 (Macintosh; Intel Mac OS X 10_15_5) AppleWebKit/605.1.15 (KHTML, like Gecko) Version/13.1.1 Safari/605.1.15 (Applebot/0.1; +http://www.apple.com/go/applebot)"
180.76.14.133 - - [03/Jun/2023:04:21:45 +0200] "GET /images/mini_prod/8424001278886.jpg HTTP/1.0" 200 269 "-" "Mozilla/5.0 (X11; Ubuntu; Linux x86_64; rv:72.0) Gecko/20100101 Firefox/72.0"
185.176.78.178 - - [03/Jun/2023:04:22:15 +0200] "GET /images/mini_prod/1384010178812.jpg HTTP/1.0" 200 269 "-" "Mozilla/5.0 (X11; Ubuntu; Linux x86_64; rv:72.0) Gecko/20100101 Firefox/72.0"
66.249.64.198 - - [03/Jun/2023:04:22:31 +0200] "GET /images/big_prod/8433932520827.jpg HTTP/1.0" 200 268 "-" "Googlebot-Image/1.0"
35.171.69.89 - - [03/Jun/2023:04:24:06 +0200] "GET /images/mini_prod/3609080167350.jpg HTTP/1.0" 200 269 "-" "Mozilla/5.0 (X11; Ubuntu; Linux x86_64; rv:72.0) Gecko/20100101 Firefox/72.0"
207.46.13.220 - - [03/Jun/2023:04:25:01 +0200] "GET /grey-lampshade-p-56791.html HTTP/1.0" 200 76825 "-" "Mozilla/5.0 AppleWebKit/537.36 (KHTML, like Gecko; compatible; bingbot/2.0; +http://www.bing.com/bingbot.htm) Chrome/103.0.5060.134 Safari/537.36"
66.249.64.200 - - [03/Jun/2023:04:25:21 +0200] "GET /crasy-allen-cotton-pouch-p-53175.html HTTP/1.0" 200 76061 "-" "Mozilla/5.0 (Linux; Android 6.0.1; Nexus 5X Build/MMB29P) AppleWebKit/537.36 (KHTML, like Gecko) Chrome/114.0.5735.90 Mobile Safari/537.36 (compatible; Googlebot/2.1; +http://www.google.com/bot.html)"
207.46.13.220 - - [03/Jun/2023:04:25:31 +0200] "GET /home-decoration-c-13.html HTTP/1.0" 200 95265 "-" "Mozilla/5.0 AppleWebKit/537.36 (KHTML, like Gecko; compatible; bingbot/2.0; +http://www.bing.com/bingbot.htm) Chrome/103.0.5060.134 Safari/537.36"
58.33.153.130 - - [03/Jun/2023:04:26:31 +0200] "GET /images/mini_prod/DSCN7557.jpg HTTP/1.0" 200 264 "-" "Mozilla/5.0 (X11; Ubuntu; Linux x86_64; rv:72.0) Gecko/20100101 Firefox/72.0"
203.217.230.9 - - [03/Jun/2023:04:26:39 +0200] "GET /images/mini_prod/5036278051050.jpg HTTP/1.0" 200 269 "-" "Mozilla/5.0 (compatible; MSIE 9.0; Windows NT 6.1; Win64; x64; Trident/5.0)"
180.76.14.14 - - [03/Jun/2023:04:27:10 +0200] "GET /images/big_prod_1/b045544846769.jpg HTTP/1.0" 200 270 "-" "Mozilla/5.0 (X11; Ubuntu; Linux x86_64; rv:72.0) Gecko/20100101 Firefox/72.0"
34.141.200.102 - - [03/Jun/2023:04:28:36 +0200] "GET /images/mini_prod/4036113830452.jpg HTTP/1.0" 200 269 "-" "Mozilla/5.0 (X11; Ubuntu; Linux x86_64; rv:72.0) Gecko/20100101 Firefox/72.0"
52.167.144.98 - - [03/Jun/2023:04:29:22 +0200] "GET /images/big_prod/3609810081437.jpg HTTP/1.0" 200 268 "-" "Mozilla/5.0 AppleWebKit/537.36 (KHTML, like Gecko; compatible; bingbot/2.0; +http://www.bing.com/bingbot.htm) Chrome/103.0.5060.134 Safari/537.36"
121.5.102.126 - - [03/Jun/2023:04:29:25 +0200] "GET /images/mini_prod/3700235441544.jpg HTTP/1.0" 200 269 "-" "Mozilla/5.0 (X11; Ubuntu; Linux x86_64; rv:72.0) Gecko/20100101 Firefox/72.0"
35.171.69.89 - - [03/Jun/2023:04:29:49 +0200] "GET /images/mini_prod/1399984244135.jpg HTTP/1.0" 200 269 "-" "Mozilla/5.0 (X11; Ubuntu; Linux x86_64; rv:72.0) Gecko/20100101 Firefox/72.0"
207.46.13.220 - - [03/Jun/2023:04:29:52 +0200] "GET /images/big_prod_2/028399270200b.jpg HTTP/1.0" 200 270 "-" "Mozilla/5.0 AppleWebKit/537.36 (KHTML, like Gecko; compatible; bingbot/2.0; +http://www.bing.com/bingbot.htm) Chrome/103.0.5060.134 Safari/537.36"
52.167.144.98 - - [03/Jun/2023:04:30:11 +0200] "GET /images/big_prod/8717202557608.jpg HTTP/1.0" 200 268 "-" "Mozilla/5.0 AppleWebKit/537.36 (KHTML, like Gecko; compatible; bingbot/2.0; +http://www.bing.com/bingbot.htm) Chrome/103.0.5060.134 Safari/537.36"
205.210.31.12 - - [03/Jun/2023:04:31:11 +0200] "GET / HTTP/1.0" 301 511 "-" "Expanse, a Palo Alto Networks company, searches across the global IPv4 space multiple times per day to identify customers&#39; presences on the Internet. If you would like to be excluded from our scans, please send IP addresses/domains to: scaninfo@paloaltonetworks.com"
52.167.144.98 - - [03/Jun/2023:04:32:42 +0200] "GET /array-m-26.html HTTP/1.0" 200 93569 "-" "Mozilla/5.0 AppleWebKit/537.36 (KHTML, like Gecko; compatible; bingbot/2.0; +http://www.bing.com/bingbot.htm) Chrome/103.0.5060.134 Safari/537.36"
51.68.224.127 - - [03/Jun/2023:04:33:19 +0200] "GET /adminweb/export_orders_xml.php?token=256de2z6edz6ed2z6DFSFsed2zed6zeDSFDSGdzedezfzf&maxorders=10&orderstart=1&status=14&start_date=2018-10-01 HTTP/1.0" 200 285 "-" "GesCom CharlotteBoutik Serveur"
58.144.221.169 - - [03/Jun/2023:04:33:20 +0200] "GET /images/mini_prod/5018997626924.jpg HTTP/1.0" 200 269 "-" "Mozilla/5.0 (X11; Ubuntu; Linux x86_64; rv:72.0) Gecko/20100101 Firefox/72.0"
51.68.224.127 - - [03/Jun/2023:04:33:19 +0200] "GET /adminweb/export_orders_xml.php?token=256de2z6edz6ed2z6DFSFsed2zed6zeDSFDSGdzedezfzf&maxorders=10&orderstart=1&status=6&start_date=2018-10-01 HTTP/1.0" 200 33887 "-" "GesCom CharlotteBoutik Serveur"
162.19.137.78 - - [03/Jun/2023:04:33:19 +0200] "GET /contact_us.php HTTP/1.0" 200 26241 "http://www.wonder-geek.com/contact_us.php" "Mozilla/5.0 (Windows NT 6.1; WOW64) AppleWebKit/537.36 (KHTML, like Gecko) Chrome/90.0.4430.93 Safari/537.36"
162.19.137.78 - - [03/Jun/2023:04:33:34 +0200] "POST /contact_us.php?action=send HTTP/1.0" 200 26481 "http://www.wonder-geek.com/contact_us.php" "Mozilla/5.0 (Windows NT 6.1; WOW64) AppleWebKit/537.36 (KHTML, like Gecko) Chrome/90.0.4430.93 Safari/537.36"
66.249.64.202 - - [03/Jun/2023:04:34:11 +0200] "GET /jakarta-dark-blue-carpet-60-120-cm-p-48425.html HTTP/1.0" 301 73525 "-" "Mozilla/5.0 (compatible; Googlebot/2.1; +http://www.google.com/bot.html)"
66.249.64.200 - - [03/Jun/2023:04:34:12 +0200] "GET /jakarta-dark-blue-carpet-p-48425.html HTTP/1.0" 200 73434 "-" "Mozilla/5.0 (compatible; Googlebot/2.1; +http://www.google.com/bot.html)"
121.5.102.126 - - [03/Jun/2023:04:34:18 +0200] "GET /images/mini_prod/3661443279476.jpg HTTP/1.0" 200 269 "-" "Mozilla/5.0 (X11; Ubuntu; Linux x86_64; rv:72.0) Gecko/20100101 Firefox/72.0"
35.171.69.89 - - [03/Jun/2023:04:34:57 +0200] "GET /images/mini_prod/8003990607299.jpg HTTP/1.0" 200 269 "-" "Mozilla/5.0 (X11; Ubuntu; Linux x86_64; rv:72.0) Gecko/20100101 Firefox/72.0"
35.171.69.89 - - [03/Jun/2023:04:35:09 +0200] "GET /images/mini_prod/3438100321195.jpg HTTP/1.0" 200 269 "-" "Mozilla/5.0 (X11; Ubuntu; Linux x86_64; rv:72.0) Gecko/20100101 Firefox/72.0"
118.184.177.126 - - [03/Jun/2023:04:35:56 +0200] "GET / HTTP/1.0" 301 511 "-" "Sogou web spider/4.0(+http://www.sogou.com/docs/help/webmasters.htm#07)"
118.184.177.125 - - [03/Jun/2023:04:35:57 +0200] "GET / HTTP/1.0" 200 153096 "-" "Sogou web spider/4.0(+http://www.sogou.com/docs/help/webmasters.htm#07)"
195.191.219.130 - - [03/Jun/2023:04:36:34 +0200] "GET /robots.txt HTTP/1.0" 200 245 "-" "Mozilla/5.0 (compatible; MJ12bot/v1.4.8; http://mj12bot.com/)"
119.8.243.110 - - [03/Jun/2023:04:36:36 +0200] "GET /images/mini_prod/1328399102266.jpg HTTP/1.0" 200 269 "-" "Mozilla/5.0 (X11; Ubuntu; Linux x86_64; rv:72.0) Gecko/20100101 Firefox/72.0"
66.249.64.198 - - [03/Jun/2023:04:36:36 +0200] "GET /horses-little-beauty-p-24233.html HTTP/1.0" 200 76108 "-" "Mozilla/5.0 (Linux; Android 6.0.1; Nexus 5X Build/MMB29P) AppleWebKit/537.36 (KHTML, like Gecko) Chrome/114.0.5735.90 Mobile Safari/537.36 (compatible; Googlebot/2.1; +http://www.google.com/bot.html)"
195.191.219.130 - - [03/Jun/2023:04:36:37 +0200] "GET / HTTP/1.0" 200 152772 "-" "Mozilla/5.0 (compatible; MJ12bot/v1.4.8; http://mj12bot.com/)"
34.215.69.55 - - [03/Jun/2023:04:37:15 +0200] "GET /images/mini_prod/3612875119038.jpg HTTP/1.0" 200 269 "-" "Mozilla/5.0 (X11; Ubuntu; Linux x86_64; rv:72.0) Gecko/20100101 Firefox/72.0"
119.8.243.89 - - [03/Jun/2023:04:37:41 +0200] "GET /images/mini_prod/1399984256374.jpg HTTP/1.0" 200 269 "-" "Mozilla/5.0 (X11; Ubuntu; Linux x86_64; rv:72.0) Gecko/20100101 Firefox/72.0"
42.120.74.27 - - [03/Jun/2023:04:38:01 +0200] "GET /images/med_prod/8435306265839.jpg HTTP/1.0" 200 268 "-" "Mozilla/5.0 (X11; Ubuntu; Linux x86_64; rv:72.0) Gecko/20100101 Firefox/72.0"
203.217.230.45 - - [03/Jun/2023:04:38:11 +0200] "GET /images/mini_prod/0000000000000000000loup.jpg HTTP/1.0" 200 279 "-" "Mozilla/5.0 (compatible; MSIE 9.0; Windows NT 6.1; Win64; x64; Trident/5.0)"
203.217.230.46 - - [03/Jun/2023:04:38:15 +0200] "GET /images/mini_prod/MISES-EN-SITUATION-02.jpg HTTP/1.0" 200 277 "-" "Mozilla/5.0 (compatible; MSIE 9.0; Windows NT 6.1; Win64; x64; Trident/5.0)"
5.255.231.15 - - [03/Jun/2023:04:40:21 +0200] "GET /tiana-et-naveen-as-frogs-disney-traditions-p-51164.html HTTP/1.0" 301 76670 "-" "Mozilla/5.0 (compatible; YandexBot/3.0; +http://yandex.com/bots)"
213.180.203.166 - - [03/Jun/2023:04:40:40 +0200] "GET /tiana-naveen-frogs-disney-traditions-p-51164.html HTTP/1.0" 200 76567 "-" "Mozilla/5.0 (compatible; YandexBot/3.0; +http://yandex.com/bots)"
17.241.227.203 - - [03/Jun/2023:04:42:42 +0200] "GET /retro-wooden-photo-frame-p-42194.html HTTP/1.0" 200 76153 "-" "Mozilla/5.0 (Macintosh; Intel Mac OS X 10_15_5) AppleWebKit/605.1.15 (KHTML, like Gecko) Version/13.1.1 Safari/605.1.15 (Applebot/0.1; +http://www.apple.com/go/applebot)"
203.217.230.9 - - [03/Jun/2023:04:42:48 +0200] "GET /images/mini_prod/8422702358005.jpg HTTP/1.0" 200 269 "-" "Mozilla/5.0 (compatible; MSIE 9.0; Windows NT 6.1; Win64; x64; Trident/5.0)"
203.217.230.10 - - [03/Jun/2023:04:43:07 +0200] "GET /images/mini_prod/3279510801620.jpg HTTP/1.0" 200 269 "-" "Mozilla/5.0 (compatible; MSIE 9.0; Windows NT 6.1; Win64; x64; Trident/5.0)"
121.5.102.126 - - [03/Jun/2023:04:44:07 +0200] "GET /images/mini_prod/8422000053541.jpg HTTP/1.0" 200 269 "-" "Mozilla/5.0 (X11; Ubuntu; Linux x86_64; rv:72.0) Gecko/20100101 Firefox/72.0"
35.171.69.89 - - [03/Jun/2023:04:44:44 +0200] "GET /images/mini_prod/3014627830138.jpg HTTP/1.0" 200 269 "-" "Mozilla/5.0 (X11; Ubuntu; Linux x86_64; rv:72.0) Gecko/20100101 Firefox/72.0"
147.92.153.15 - - [03/Jun/2023:04:44:51 +0200] "GET /ceramic-salt-with-spoon-p-60458.html HTTP/1.0" 200 76592 "-" "Mozilla/5.0 (compatible; Linespider/1.1; +https://lin.ee/4dwXkTH)"
114.119.135.225 - - [03/Jun/2023:04:45:02 +0200] "GET /strawberry-shortcake-years-p-22146.html HTTP/1.0" 200 76130 "http://www.wonder-geek.com/hats-and-caps-c-1_44.html?page=1" "Mozilla/5.0 (Linux; Android 7.0;) AppleWebKit/537.36 (KHTML, like Gecko) Mobile Safari/537.36 (compatible; PetalBot;+https://webmaster.petalsearch.com/site/petalbot)"
52.167.144.98 - - [03/Jun/2023:04:45:04 +0200] "GET /duvet-cover-cotton-percale-threads-p-53206.html HTTP/1.0" 301 76815 "-" "Mozilla/5.0 AppleWebKit/537.36 (KHTML, like Gecko; compatible; bingbot/2.0; +http://www.bing.com/bingbot.htm) Chrome/103.0.5060.134 Safari/537.36"
34.141.200.102 - - [03/Jun/2023:04:45:09 +0200] "GET /images/big_prod_1/b5404006033386.jpg HTTP/1.0" 200 271 "-" "Mozilla/5.0 (X11; Ubuntu; Linux x86_64; rv:72.0) Gecko/20100101 Firefox/72.0"
121.5.102.126 - - [03/Jun/2023:04:45:57 +0200] "GET /images/mini_prod/8430957052104.jpg HTTP/1.0" 200 269 "-" "Mozilla/5.0 (X11; Ubuntu; Linux x86_64; rv:72.0) Gecko/20100101 Firefox/72.0"
114.119.150.226 - - [03/Jun/2023:04:46:05 +0200] "GET /dolphin-wall-sticker-p-36146.html HTTP/1.0" 200 76602 "http://www.wonder-geek.com/wall-sticker-c-13_187.html?page=17" "Mozilla/5.0 (Linux; Android 7.0;) AppleWebKit/537.36 (KHTML, like Gecko) Mobile Safari/537.36 (compatible; PetalBot;+https://webmaster.petalsearch.com/site/petalbot)"
180.76.14.141 - - [03/Jun/2023:04:46:33 +0200] "GET /images/mini_prod/8003990606209.jpg HTTP/1.0" 200 269 "-" "Mozilla/5.0 (X11; Ubuntu; Linux x86_64; rv:72.0) Gecko/20100101 Firefox/72.0"
47.246.164.136 - - [03/Jun/2023:04:47:31 +0200] "GET /images/mini_prod/c8427787039436.jpg HTTP/1.0" 200 270 "-" "Mozilla/5.0 (X11; Ubuntu; Linux x86_64; rv:72.0) Gecko/20100101 Firefox/72.0"
52.76.158.116 - - [03/Jun/2023:04:47:50 +0200] "GET /images/mini_prod/52131990360631-fushia.jpg HTTP/1.0" 200 277 "-" "Mozilla/5.0 (X11; Ubuntu; Linux x86_64; rv:72.0) Gecko/20100101 Firefox/72.0"
66.249.64.202 - - [03/Jun/2023:04:47:51 +0200] "GET /little-prince-cotton-pouch-p-50369.html HTTP/1.0" 200 73426 "-" "Mozilla/5.0 (compatible; Googlebot/2.1; +http://www.google.com/bot.html)"
114.119.157.199 - - [03/Jun/2023:04:47:59 +0200] "GET /cotton-floor-cushion-beige-and-lin-45-cm-p-38997.html HTTP/1.0" 301 78285 "http://www.wonder-geek.com/floor-cushions-c-11_182.html" "Mozilla/5.0 (Linux; Android 7.0;) AppleWebKit/537.36 (KHTML, like Gecko) Mobile Safari/537.36 (compatible; PetalBot;+https://webmaster.petalsearch.com/site/petalbot)"
114.119.157.199 - - [03/Jun/2023:04:48:11 +0200] "GET /cotton-floor-cushion-beige-p-38997.html HTTP/1.0" 200 78192 "http://www.wonder-geek.com/floor-cushions-c-11_182.html" "Mozilla/5.0 (Linux; Android 7.0;) AppleWebKit/537.36 (KHTML, like Gecko) Mobile Safari/537.36 (compatible; PetalBot;+https://webmaster.petalsearch.com/site/petalbot)"
51.68.224.127 - - [03/Jun/2023:04:49:48 +0200] "GET /adminweb/export_orders_xml.php?token=256de2z6edz6ed2z6DFSFsed2zed6zeDSFDSGdzedezfzf&maxorders=10&orderstart=1&status=14&start_date=2018-10-01 HTTP/1.0" 200 285 "-" "GesCom CharlotteBoutik Serveur"
216.244.66.242 - - [03/Jun/2023:04:49:49 +0200] "GET /robots.txt HTTP/1.0" 200 245 "-" "Mozilla/5.0 (compatible; DotBot/1.2; +https://opensiteexplorer.org/dotbot; help@moz.com)"
51.68.224.127 - - [03/Jun/2023:04:49:48 +0200] "GET /adminweb/export_orders_xml.php?token=256de2z6edz6ed2z6DFSFsed2zed6zeDSFDSGdzedezfzf&maxorders=10&orderstart=1&status=6&start_date=2018-10-01 HTTP/1.0" 200 33887 "-" "GesCom CharlotteBoutik Serveur"
52.76.158.116 - - [03/Jun/2023:04:51:06 +0200] "GET /images/mini_prod/Image15.jpg HTTP/1.0" 200 263 "-" "Mozilla/5.0 (X11; Ubuntu; Linux x86_64; rv:72.0) Gecko/20100101 Firefox/72.0"
207.46.13.220 - - [03/Jun/2023:04:51:13 +0200] "GET /school-trolley-c-31_169.html HTTP/1.0" 200 83945 "-" "Mozilla/5.0 AppleWebKit/537.36 (KHTML, like Gecko; compatible; bingbot/2.0; +http://www.bing.com/bingbot.htm) Chrome/103.0.5060.134 Safari/537.36"
40.77.167.213 - - [03/Jun/2023:04:51:41 +0200] "GET /images/041689210595.jpg HTTP/1.0" 200 258 "-" "Mozilla/5.0 AppleWebKit/537.36 (KHTML, like Gecko; compatible; bingbot/2.0; +http://www.bing.com/bingbot.htm) Chrome/103.0.5060.134 Safari/537.36"
40.77.167.213 - - [03/Jun/2023:04:51:41 +0200] "GET /verity-rose-gift-card-p-29166.html HTTP/1.0" 200 73398 "-" "Mozilla/5.0 AppleWebKit/537.36 (KHTML, like Gecko; compatible; bingbot/2.0; +http://www.bing.com/bingbot.htm) Chrome/103.0.5060.134 Safari/537.36"
