40.77.167.213 - - [03/Jun/2023:04:51:44 +0200] "GET /soft-toys-security-blanket-c-4_46.html?page=6 HTTP/1.0" 200 83667 "-" "Mozilla/5.0 AppleWebKit/537.36 (KHTML, like Gecko; compatible; bingbot/2.0; +http://www.bing.com/bingbot.htm) Chrome/103.0.5060.134 Safari/537.36"
40.77.167.213 - - [03/Jun/2023:04:51:48 +0200] "GET /bamboo-fiber-plant-cover-p-60030.html HTTP/1.0" 301 76081 "-" "Mozilla/5.0 AppleWebKit/537.36 (KHTML, like Gecko; compatible; bingbot/2.0; +http://www.bing.com/bingbot.htm) Chrome/103.0.5060.134 Safari/537.36"
40.77.167.213 - - [03/Jun/2023:04:52:00 +0200] "GET /images/big_prod/3661443439436Z.jpg HTTP/1.0" 200 269 "-" "Mozilla/5.0 AppleWebKit/537.36 (KHTML, like Gecko; compatible; bingbot/2.0; +http://www.bing.com/bingbot.htm) Chrome/103.0.5060.134 Safari/537.36"
40.77.167.213 - - [03/Jun/2023:04:52:02 +0200] "GET /images/010808_075507_PEEL_uKnb4V.jpg HTTP/1.0" 200 271 "-" "Mozilla/5.0 AppleWebKit/537.36 (KHTML, like Gecko; compatible; bingbot/2.0; +http://www.bing.com/bingbot.htm) Chrome/103.0.5060.134 Safari/537.36"
40.77.167.213 - - [03/Jun/2023:04:52:02 +0200] "GET /images/big_prod/4542202657416.jpg HTTP/1.0" 200 268 "-" "Mozilla/5.0 AppleWebKit/537.36 (KHTML, like Gecko; compatible; bingbot/2.0; +http://www.bing.com/bingbot.htm) Chrome/103.0.5060.134 Safari/537.36"
40.77.167.213 - - [03/Jun/2023:04:52:02 +0200] "GET /bagshandbags-shoulder-bags-c-31_81.html HTTP/1.0" 200 98965 "-" "Mozilla/5.0 AppleWebKit/537.36 (KHTML, like Gecko; compatible; bingbot/2.0; +http://www.bing.com/bingbot.htm) Chrome/103.0.5060.134 Safari/537.36"
183.56.221.85 - - [03/Jun/2023:04:52:25 +0200] "GET /contact_us.php HTTP/1.0" 200 26241 "http://www.wonder-geek.com/contact_us.php" "Mozilla/5.0 (Windows NT 6.1; ) AppleWebKit/537.36 (KHTML, like Gecko) Chrome/90.0.4430.72 Safari/537.36"
203.217.230.45 - - [03/Jun/2023:04:52:40 +0200] "GET /images/mini_prod/8719075391150.jpg HTTP/1.0" 200 269 "-" "Mozilla/5.0 (compatible; MSIE 9.0; Windows NT 6.1; Win64; x64; Trident/5.0)"
40.77.167.213 - - [03/Jun/2023:04:52:33 +0200] "GET /shirts-sweatshirts-women-c-53_55.html HTTP/1.0" 200 95502 "-" "Mozilla/5.0 AppleWebKit/537.36 (KHTML, like Gecko; compatible; bingbot/2.0; +http://www.bing.com/bingbot.htm) Chrome/103.0.5060.134 Safari/537.36"
44.236.1.180 - - [03/Jun/2023:04:53:04 +0200] "GET /images/mini_prod/1384010192078.jpg HTTP/1.0" 200 269 "-" "Mozilla/5.0 (X11; Ubuntu; Linux x86_64; rv:72.0) Gecko/20100101 Firefox/72.0"
40.77.167.213 - - [03/Jun/2023:04:52:53 +0200] "GET / HTTP/1.0" 200 153221 "-" "Mozilla/5.0 AppleWebKit/537.36 (KHTML, like Gecko; compatible; bingbot/2.0; +http://www.bing.com/bingbot.htm) Chrome/103.0.5060.134 Safari/537.36"
40.77.167.213 - - [03/Jun/2023:04:53:41 +0200] "GET /smokers-items-c-3_112.html?page=5 HTTP/1.0" 200 93984 "-" "Mozilla/5.0 AppleWebKit/537.36 (KHTML, like Gecko; compatible; bingbot/2.0; +http://www.bing.com/bingbot.htm) Chrome/103.0.5060.134 Safari/537.36"
40.77.167.213 - - [03/Jun/2023:04:54:00 +0200] "GET /mugs-mazagrans-c-12_57.html?page=21 HTTP/1.0" 200 98221 "-" "Mozilla/5.0 AppleWebKit/537.36 (KHTML, like Gecko; compatible; bingbot/2.0; +http://www.bing.com/bingbot.htm) Chrome/103.0.5060.134 Safari/537.36"
40.77.167.213 - - [03/Jun/2023:04:54:30 +0200] "GET /trays-c-12_159.html?page=2 HTTP/1.0" 200 94663 "-" "Mozilla/5.0 AppleWebKit/537.36 (KHTML, like Gecko; compatible; bingbot/2.0; +http://www.bing.com/bingbot.htm) Chrome/103.0.5060.134 Safari/537.36"
40.77.167.213 - - [03/Jun/2023:04:55:01 +0200] "GET /bowls-c-12_60.html?page=4 HTTP/1.0" 200 94403 "-" "Mozilla/5.0 AppleWebKit/537.36 (KHTML, like Gecko; compatible; bingbot/2.0; +http://www.bing.com/bingbot.htm) Chrome/103.0.5060.134 Safari/537.36"
121.5.102.126 - - [03/Jun/2023:04:55:45 +0200] "GET /images/mini_prod/1384010202913.jpg HTTP/1.0" 200 269 "-" "Mozilla/5.0 (X11; Ubuntu; Linux x86_64; rv:72.0) Gecko/20100101 Firefox/72.0"
40.77.167.213 - - [03/Jun/2023:04:55:31 +0200] "GET /musical-c-13_150_149.html HTTP/1.0" 200 94246 "-" "Mozilla/5.0 AppleWebKit/537.36 (KHTML, like Gecko; compatible; bingbot/2.0; +http://www.bing.com/bingbot.htm) Chrome/103.0.5060.134 Safari/537.36"
203.217.230.46 - - [03/Jun/2023:04:55:54 +0200] "GET /images/mini_prod/8003990606209.jpg HTTP/1.0" 200 269 "-" "Mozilla/5.0 (compatible; MSIE 9.0; Windows NT 6.1; Win64; x64; Trident/5.0)"
216.244.66.242 - - [03/Jun/2023:04:56:03 +0200] "GET /images/big_prod_4/4250255859205d.jpg HTTP/1.0" 200 271 "-" "Mozilla/5.0 (compatible; DotBot/1.2; +https://opensiteexplorer.org/dotbot; help@moz.com)"
121.5.102.126 - - [03/Jun/2023:04:56:28 +0200] "GET /images/mini_prod/3560600248556.jpg HTTP/1.0" 200 269 "-" "Mozilla/5.0 (X11; Ubuntu; Linux x86_64; rv:72.0) Gecko/20100101 Firefox/72.0"
35.171.69.89 - - [03/Jun/2023:04:58:15 +0200] "GET /images/mini_prod/3503420082467.jpg HTTP/1.0" 200 269 "-" "Mozilla/5.0 (X11; Ubuntu; Linux x86_64; rv:72.0) Gecko/20100101 Firefox/72.0"
66.249.64.198 - - [03/Jun/2023:04:59:06 +0200] "GET /little-prince-cotton-pouch-p-50369.html HTTP/1.0" 200 73426 "-" "Mozilla/5.0 (Linux; Android 6.0.1; Nexus 5X Build/MMB29P) AppleWebKit/537.36 (KHTML, like Gecko) Chrome/114.0.5735.90 Mobile Safari/537.36 (compatible; Googlebot/2.1; +http://www.google.com/bot.html)"
121.5.102.126 - - [03/Jun/2023:05:00:22 +0200] "GET /images/mini_prod/1399984257043.jpg HTTP/1.0" 200 269 "-" "Mozilla/5.0 (X11; Ubuntu; Linux x86_64; rv:72.0) Gecko/20100101 Firefox/72.0"
121.5.102.126 - - [03/Jun/2023:05:00:29 +0200] "GET /images/mini_prod/3660173149899.jpg HTTP/1.0" 200 269 "-" "Mozilla/5.0 (X11; Ubuntu; Linux x86_64; rv:72.0) Gecko/20100101 Firefox/72.0"
51.222.44.188 - - [03/Jun/2023:05:01:38 +0200] "GET /inputs.php HTTP/1.0" 404 1308 "-" "Linux Mozilla"
51.222.44.188 - - [03/Jun/2023:05:01:39 +0200] "GET /auto_seo.php HTTP/1.0" 404 1308 "-" "Linux Mozilla"
51.222.44.188 - - [03/Jun/2023:05:01:39 +0200] "GET /wp-content/inputs.php HTTP/1.0" 404 1308 "-" "Linux Mozilla"
51.222.44.188 - - [03/Jun/2023:05:01:40 +0200] "GET /wp-admin/inputs.php HTTP/1.0" 404 1308 "-" "Linux Mozilla"
51.222.44.188 - - [03/Jun/2023:05:01:40 +0200] "GET /wp-includes/inputs.php HTTP/1.0" 404 1308 "-" "Linux Mozilla"
44.236.1.180 - - [03/Jun/2023:05:02:41 +0200] "GET /images/mini_prod/3661443279476.jpg HTTP/1.0" 200 269 "-" "Mozilla/5.0 (X11; Ubuntu; Linux x86_64; rv:72.0) Gecko/20100101 Firefox/72.0"
216.244.66.242 - - [03/Jun/2023:05:03:15 +0200] "GET /star-wars-desktop-storm-trooper-p-32739.html HTTP/1.0" 200 73446 "-" "Mozilla/5.0 (compatible; DotBot/1.2; +https://opensiteexplorer.org/dotbot; help@moz.com)"
216.244.66.242 - - [03/Jun/2023:05:03:25 +0200] "GET /sweet-black-women-shirt-p-30994.html HTTP/1.0" 200 73420 "-" "Mozilla/5.0 (compatible; DotBot/1.2; +https://opensiteexplorer.org/dotbot; help@moz.com)"
119.8.242.63 - - [03/Jun/2023:05:03:28 +0200] "GET /images/big_prod_3/028399270163a.jpg HTTP/1.0" 200 270 "-" "Mozilla/5.0 (X11; Ubuntu; Linux x86_64; rv:72.0) Gecko/20100101 Firefox/72.0"
147.92.153.16 - - [03/Jun/2023:05:04:52 +0200] "GET /jigsaws-c-4_144.html HTTP/1.0" 200 79533 "-" "Mozilla/5.0 (compatible; Linespider/1.1; +https://lin.ee/4dwXkTH)"
147.92.153.12 - - [03/Jun/2023:05:04:55 +0200] "GET /swfobject.js HTTP/1.0" 404 1308 "http://www.wonder-geek.com/jigsaws-c-4_144.html" "Mozilla/5.0 (Windows NT 10.0; Win64; x64) AppleWebKit/537.36 (KHTML, like Gecko; compatible; Linespider/1.1; +https://lin.ee/4dwXkTH) Chrome/112.0.0.0 Safari/537.36"
119.8.243.110 - - [03/Jun/2023:05:05:59 +0200] "GET /images/mini_prod/spi.jpg HTTP/1.0" 200 259 "-" "Mozilla/5.0 (X11; Ubuntu; Linux x86_64; rv:72.0) Gecko/20100101 Firefox/72.0"
35.171.69.89 - - [03/Jun/2023:05:06:06 +0200] "GET /images/mini_prod/8033667001174.jpg HTTP/1.0" 200 269 "-" "Mozilla/5.0 (X11; Ubuntu; Linux x86_64; rv:72.0) Gecko/20100101 Firefox/72.0"
51.68.224.127 - - [03/Jun/2023:05:06:38 +0200] "GET /adminweb/export_orders_xml.php?token=256de2z6edz6ed2z6DFSFsed2zed6zeDSFDSGdzedezfzf&maxorders=10&orderstart=1&status=14&start_date=2018-10-01 HTTP/1.0" 200 285 "-" "GesCom CharlotteBoutik Serveur"
51.68.224.127 - - [03/Jun/2023:05:06:38 +0200] "GET /adminweb/export_orders_xml.php?token=256de2z6edz6ed2z6DFSFsed2zed6zeDSFDSGdzedezfzf&maxorders=10&orderstart=1&status=6&start_date=2018-10-01 HTTP/1.0" 200 33887 "-" "GesCom CharlotteBoutik Serveur"
121.5.102.126 - - [03/Jun/2023:05:07:00 +0200] "GET /images/big_prod_1/8718375755594a.jpg HTTP/1.0" 200 271 "-" "Mozilla/5.0 (X11; Ubuntu; Linux x86_64; rv:72.0) Gecko/20100101 Firefox/72.0"
216.244.66.242 - - [03/Jun/2023:05:07:19 +0200] "GET /cotton-floor-cushion-londres-p-51083.html HTTP/1.0" 200 73422 "-" "Mozilla/5.0 (compatible; DotBot/1.2; +https://opensiteexplorer.org/dotbot; help@moz.com)"
216.244.66.242 - - [03/Jun/2023:05:07:26 +0200] "GET /round-tray-tropical-leaves-kentia-p-49310.html HTTP/1.0" 200 73462 "-" "Mozilla/5.0 (compatible; DotBot/1.2; +https://opensiteexplorer.org/dotbot; help@moz.com)"
216.244.66.242 - - [03/Jun/2023:05:07:35 +0200] "GET /starry-russian-doll-mouse-cbkreation-p-18472.html HTTP/1.0" 200 76050 "-" "Mozilla/5.0 (compatible; DotBot/1.2; +https://opensiteexplorer.org/dotbot; help@moz.com)"
119.8.243.217 - - [03/Jun/2023:05:07:50 +0200] "GET /images/mini_prod/3418175613005.jpg HTTP/1.0" 200 269 "-" "Mozilla/5.0 (X11; Ubuntu; Linux x86_64; rv:72.0) Gecko/20100101 Firefox/72.0"
180.76.14.131 - - [03/Jun/2023:05:08:49 +0200] "GET /images/mini_prod/3574642579813.jpg HTTP/1.0" 200 269 "-" "Mozilla/5.0 (X11; Ubuntu; Linux x86_64; rv:72.0) Gecko/20100101 Firefox/72.0"
35.171.69.89 - - [03/Jun/2023:05:09:11 +0200] "GET /images/mini_prod/3585190639218.jpg HTTP/1.0" 200 269 "-" "Mozilla/5.0 (X11; Ubuntu; Linux x86_64; rv:72.0) Gecko/20100101 Firefox/72.0"
180.76.14.12 - - [03/Jun/2023:05:10:13 +0200] "GET /images/mini_prod/1399984241318.jpg HTTP/1.0" 200 269 "-" "python-requests/2.22.0"
129.226.220.254 - - [03/Jun/2023:05:10:20 +0200] "GET / HTTP/1.0" 301 511 "-" "Mozilla/5.0 (Windows NT 10.0; Win64; x64) AppleWebKit/537.36 (KHTML, like Gecko) Chrome/88.0.4240.193 Safari/537.36"
66.249.64.200 - - [03/Jun/2023:05:10:21 +0200] "GET /despicable-large-flat-pocket-p-34125.html HTTP/1.0" 200 76126 "-" "Mozilla/5.0 (compatible; Googlebot/2.1; +http://www.google.com/bot.html)"
129.226.220.254 - - [03/Jun/2023:05:10:20 +0200] "GET / HTTP/1.0" 200 152784 "-" "Mozilla/5.0 (Windows NT 10.0; Win64; x64) AppleWebKit/537.36 (KHTML, like Gecko) Chrome/88.0.4240.193 Safari/537.36"
129.226.220.254 - - [03/Jun/2023:05:10:27 +0200] "GET //wp-includes/wlwmanifest.xml HTTP/1.0" 404 1308 "-" "Mozilla/5.0 (Windows NT 10.0; Win64; x64) AppleWebKit/537.36 (KHTML, like Gecko) Chrome/88.0.4240.193 Safari/537.36"
129.226.220.254 - - [03/Jun/2023:05:10:27 +0200] "GET //xmlrpc.php?rsd HTTP/1.0" 404 1308 "-" "Mozilla/5.0 (Windows NT 10.0; Win64; x64) AppleWebKit/537.36 (KHTML, like Gecko) Chrome/88.0.4240.193 Safari/537.36"
129.226.220.254 - - [03/Jun/2023:05:10:27 +0200] "GET / HTTP/1.0" 200 152833 "-" "Mozilla/5.0 (Windows NT 10.0; Win64; x64) AppleWebKit/537.36 (KHTML, like Gecko) Chrome/88.0.4240.193 Safari/537.36"
129.226.220.254 - - [03/Jun/2023:05:10:34 +0200] "GET //blog/wp-includes/wlwmanifest.xml HTTP/1.0" 404 1308 "-" "Mozilla/5.0 (Windows NT 10.0; Win64; x64) AppleWebKit/537.36 (KHTML, like Gecko) Chrome/88.0.4240.193 Safari/537.36"
129.226.220.254 - - [03/Jun/2023:05:10:34 +0200] "GET //web/wp-includes/wlwmanifest.xml HTTP/1.0" 404 1308 "-" "Mozilla/5.0 (Windows NT 10.0; Win64; x64) AppleWebKit/537.36 (KHTML, like Gecko) Chrome/88.0.4240.193 Safari/537.36"
129.226.220.254 - - [03/Jun/2023:05:10:35 +0200] "GET //wordpress/wp-includes/wlwmanifest.xml HTTP/1.0" 404 1308 "-" "Mozilla/5.0 (Windows NT 10.0; Win64; x64) AppleWebKit/537.36 (KHTML, like Gecko) Chrome/88.0.4240.193 Safari/537.36"
129.226.220.254 - - [03/Jun/2023:05:10:35 +0200] "GET //website/wp-includes/wlwmanifest.xml HTTP/1.0" 404 1308 "-" "Mozilla/5.0 (Windows NT 10.0; Win64; x64) AppleWebKit/537.36 (KHTML, like Gecko) Chrome/88.0.4240.193 Safari/537.36"
129.226.220.254 - - [03/Jun/2023:05:10:35 +0200] "GET //wp/wp-includes/wlwmanifest.xml HTTP/1.0" 404 1308 "-" "Mozilla/5.0 (Windows NT 10.0; Win64; x64) AppleWebKit/537.36 (KHTML, like Gecko) Chrome/88.0.4240.193 Safari/537.36"
129.226.220.254 - - [03/Jun/2023:05:10:35 +0200] "GET //news/wp-includes/wlwmanifest.xml HTTP/1.0" 404 1308 "-" "Mozilla/5.0 (Windows NT 10.0; Win64; x64) AppleWebKit/537.36 (KHTML, like Gecko) Chrome/88.0.4240.193 Safari/537.36"
129.226.220.254 - - [03/Jun/2023:05:10:35 +0200] "GET //2020/wp-includes/wlwmanifest.xml HTTP/1.0" 404 1308 "-" "Mozilla/5.0 (Windows NT 10.0; Win64; x64) AppleWebKit/537.36 (KHTML, like Gecko) Chrome/88.0.4240.193 Safari/537.36"
129.226.220.254 - - [03/Jun/2023:05:10:35 +0200] "GET //2019/wp-includes/wlwmanifest.xml HTTP/1.0" 404 1308 "-" "Mozilla/5.0 (Windows NT 10.0; Win64; x64) AppleWebKit/537.36 (KHTML, like Gecko) Chrome/88.0.4240.193 Safari/537.36"
129.226.220.254 - - [03/Jun/2023:05:10:36 +0200] "GET //shop/wp-includes/wlwmanifest.xml HTTP/1.0" 404 1308 "-" "Mozilla/5.0 (Windows NT 10.0; Win64; x64) AppleWebKit/537.36 (KHTML, like Gecko) Chrome/88.0.4240.193 Safari/537.36"
129.226.220.254 - - [03/Jun/2023:05:10:36 +0200] "GET //wp1/wp-includes/wlwmanifest.xml HTTP/1.0" 404 1308 "-" "Mozilla/5.0 (Windows NT 10.0; Win64; x64) AppleWebKit/537.36 (KHTML, like Gecko) Chrome/88.0.4240.193 Safari/537.36"
129.226.220.254 - - [03/Jun/2023:05:10:36 +0200] "GET //test/wp-includes/wlwmanifest.xml HTTP/1.0" 404 1308 "-" "Mozilla/5.0 (Windows NT 10.0; Win64; x64) AppleWebKit/537.36 (KHTML, like Gecko) Chrome/88.0.4240.193 Safari/537.36"
129.226.220.254 - - [03/Jun/2023:05:10:36 +0200] "GET //wp2/wp-includes/wlwmanifest.xml HTTP/1.0" 404 1308 "-" "Mozilla/5.0 (Windows NT 10.0; Win64; x64) AppleWebKit/537.36 (KHTML, like Gecko) Chrome/88.0.4240.193 Safari/537.36"
129.226.220.254 - - [03/Jun/2023:05:10:36 +0200] "GET //site/wp-includes/wlwmanifest.xml HTTP/1.0" 404 1308 "-" "Mozilla/5.0 (Windows NT 10.0; Win64; x64) AppleWebKit/537.36 (KHTML, like Gecko) Chrome/88.0.4240.193 Safari/537.36"
129.226.220.254 - - [03/Jun/2023:05:10:36 +0200] "GET //cms/wp-includes/wlwmanifest.xml HTTP/1.0" 404 1308 "-" "Mozilla/5.0 (Windows NT 10.0; Win64; x64) AppleWebKit/537.36 (KHTML, like Gecko) Chrome/88.0.4240.193 Safari/537.36"
129.226.220.254 - - [03/Jun/2023:05:10:37 +0200] "GET //sito/wp-includes/wlwmanifest.xml HTTP/1.0" 404 1308 "-" "Mozilla/5.0 (Windows NT 10.0; Win64; x64) AppleWebKit/537.36 (KHTML, like Gecko) Chrome/88.0.4240.193 Safari/537.36"
203.217.230.10 - - [03/Jun/2023:05:11:01 +0200] "GET /images/mini_prod/8717127433537.jpg HTTP/1.0" 200 269 "-" "Mozilla/5.0 (compatible; MSIE 9.0; Windows NT 6.1; Win64; x64; Trident/5.0)"
121.5.102.126 - - [03/Jun/2023:05:11:41 +0200] "GET /images/mini_prod/5051265800183.jpg HTTP/1.0" 200 269 "-" "Mozilla/5.0 (X11; Ubuntu; Linux x86_64; rv:72.0) Gecko/20100101 Firefox/72.0"
185.176.78.178 - - [03/Jun/2023:05:13:28 +0200] "GET /images/mini_prod/1384010208281NN.jpg HTTP/1.0" 200 271 "-" "Mozilla/5.0 (X11; Ubuntu; Linux x86_64; rv:72.0) Gecko/20100101 Firefox/72.0"
203.217.230.10 - - [03/Jun/2023:05:13:46 +0200] "GET /images/mini_prod/VANGOGH.jpg HTTP/1.0" 200 263 "-" "Mozilla/5.0 (compatible; MSIE 9.0; Windows NT 6.1; Win64; x64; Trident/5.0)"
121.5.102.126 - - [03/Jun/2023:05:14:39 +0200] "GET /images/big_prod_2/8424001704484b.jpg HTTP/1.0" 200 271 "-" "Mozilla/5.0 (X11; Ubuntu; Linux x86_64; rv:72.0) Gecko/20100101 Firefox/72.0"
17.241.227.253 - - [03/Jun/2023:05:16:03 +0200] "GET /double-round-mirror-copper-aspect-free-standing-p-52464.html HTTP/1.0" 200 77077 "-" "Mozilla/5.0 (Macintosh; Intel Mac OS X 10_15_5) AppleWebKit/605.1.15 (KHTML, like Gecko) Version/13.1.1 Safari/605.1.15 (Applebot/0.1; +http://www.apple.com/go/applebot)"
129.146.55.142 - - [03/Jun/2023:05:17:30 +0200] "GET /images/big_prod_1/1345544973540a.jpg HTTP/1.0" 200 271 "-" "python-requests/2.28.2"
121.5.102.126 - - [03/Jun/2023:05:18:19 +0200] "GET /images/mini_prod/8412497371747.jpg HTTP/1.0" 200 269 "-" "Mozilla/5.0 (X11; Ubuntu; Linux x86_64; rv:72.0) Gecko/20100101 Firefox/72.0"
44.211.73.13 - - [03/Jun/2023:05:18:57 +0200] "GET /images/mini_prod/52131990360631-fushia.jpg HTTP/1.0" 200 277 "-" "Mozilla/5.0 (X11; Ubuntu; Linux x86_64; rv:72.0) Gecko/20100101 Firefox/72.0"
139.224.49.40 - - [03/Jun/2023:05:19:27 +0200] "GET /images/mini_prod/3700235441544.jpg HTTP/1.0" 200 269 "-" "Mozilla/5.0 (X11; Ubuntu; Linux x86_64; rv:72.0) Gecko/20100101 Firefox/72.0"
35.171.69.89 - - [03/Jun/2023:05:22:11 +0200] "GET /images/mini_prod/3014627806386.jpg HTTP/1.0" 200 269 "-" "Mozilla/5.0 (X11; Ubuntu; Linux x86_64; rv:72.0) Gecko/20100101 Firefox/72.0"
35.171.69.89 - - [03/Jun/2023:05:22:12 +0200] "GET /images/mini_prod/524352[2].jpg HTTP/1.0" 200 265 "-" "Mozilla/5.0 (X11; Ubuntu; Linux x86_64; rv:72.0) Gecko/20100101 Firefox/72.0"
51.68.224.127 - - [03/Jun/2023:05:22:56 +0200] "GET /adminweb/export_orders_xml.php?token=256de2z6edz6ed2z6DFSFsed2zed6zeDSFDSGdzedezfzf&maxorders=10&orderstart=1&status=14&start_date=2018-10-01 HTTP/1.0" 200 285 "-" "GesCom CharlotteBoutik Serveur"
51.68.224.127 - - [03/Jun/2023:05:22:56 +0200] "GET /adminweb/export_orders_xml.php?token=256de2z6edz6ed2z6DFSFsed2zed6zeDSFDSGdzedezfzf&maxorders=10&orderstart=1&status=6&start_date=2018-10-01 HTTP/1.0" 200 33887 "-" "GesCom CharlotteBoutik Serveur"
203.217.230.10 - - [03/Jun/2023:05:23:01 +0200] "GET /images/mini_prod/4895029627446.jpg HTTP/1.0" 200 269 "-" "Mozilla/5.0 (compatible; MSIE 9.0; Windows NT 6.1; Win64; x64; Trident/5.0)"
44.211.73.13 - - [03/Jun/2023:05:23:40 +0200] "GET /images/mini_prod/Image15.jpg HTTP/1.0" 200 263 "-" "Mozilla/5.0 (X11; Ubuntu; Linux x86_64; rv:72.0) Gecko/20100101 Firefox/72.0"
44.236.1.180 - - [03/Jun/2023:05:24:56 +0200] "GET /images/mini_prod/4036113830452.jpg HTTP/1.0" 200 269 "-" "Mozilla/5.0 (X11; Ubuntu; Linux x86_64; rv:72.0) Gecko/20100101 Firefox/72.0"
147.92.153.4 - - [03/Jun/2023:05:24:55 +0200] "GET /mango-wood-shelf-p-60505.html HTTP/1.0" 200 76799 "-" "Mozilla/5.0 (compatible; Linespider/1.1; +https://lin.ee/4dwXkTH)"
66.249.64.200 - - [03/Jun/2023:05:25:25 +0200] "GET /mugs-mazagrans-c-13_12_57.html?page=26 HTTP/1.0" 200 99033 "-" "Mozilla/5.0 (Linux; Android 6.0.1; Nexus 5X Build/MMB29P) AppleWebKit/537.36 (KHTML, like Gecko) Chrome/114.0.5735.90 Mobile Safari/537.36 (compatible; Googlebot/2.1; +http://www.google.com/bot.html)"
66.249.64.198 - - [03/Jun/2023:05:25:31 +0200] "GET /js/jquery.min.js HTTP/1.0" 404 1308 "http://www.wonder-geek.com/mugs-mazagrans-c-13_12_57.html?page=26" "Mozilla/5.0 (Linux; Android 6.0.1; Nexus 5X Build/MMB29P) AppleWebKit/537.36 (KHTML, like Gecko) Chrome/113.0.5672.126 Mobile Safari/537.36 (compatible; Googlebot/2.1; +http://www.google.com/bot.html)"
52.167.144.98 - - [03/Jun/2023:05:25:57 +0200] "GET /images/mini_prod/1399984236802.jpg HTTP/1.0" 200 269 "-" "Mozilla/5.0 AppleWebKit/537.36 (KHTML, like Gecko; compatible; bingbot/2.0; +http://www.bing.com/bingbot.htm) Chrome/103.0.5060.134 Safari/537.36"
35.171.69.89 - - [03/Jun/2023:05:26:53 +0200] "GET /images/big_prod_1/8422057789295B.jpg HTTP/1.0" 200 271 "-" "Mozilla/5.0 (X11; Ubuntu; Linux x86_64; rv:72.0) Gecko/20100101 Firefox/72.0"
203.217.230.9 - - [03/Jun/2023:05:27:50 +0200] "GET /images/mini_prod/CADRE-BAROQUE-BLC-CUPCAKES.jpg HTTP/1.0" 200 282 "-" "Mozilla/5.0 (compatible; MSIE 9.0; Windows NT 6.1; Win64; x64; Trident/5.0)"
129.146.50.121 - - [03/Jun/2023:05:28:55 +0200] "GET /images/mini_prod/1384010204610.jpg HTTP/1.0" 200 269 "-" "python-requests/2.28.2"
129.146.50.121 - - [03/Jun/2023:05:28:55 +0200] "GET /images/mini_prod/1384010204641.jpg HTTP/1.0" 200 269 "-" "python-requests/2.28.2"
129.146.50.121 - - [03/Jun/2023:05:28:56 +0200] "GET /images/mini_prod/1384010204597.jpg HTTP/1.0" 200 269 "-" "python-requests/2.28.2"
129.146.50.121 - - [03/Jun/2023:05:28:56 +0200] "GET /images/mini_prod/045544314657.jpg HTTP/1.0" 200 268 "-" "python-requests/2.28.2"
34.141.200.102 - - [03/Jun/2023:05:29:08 +0200] "GET /images/mini_prod/1750048000003.jpg HTTP/1.0" 200 269 "-" "Mozilla/5.0 (X11; Ubuntu; Linux x86_64; rv:72.0) Gecko/20100101 Firefox/72.0"
114.119.151.246 - - [03/Jun/2023:05:30:39 +0200] "GET /jaq-gus-disney-traditions-cinderella-figurine-p-47002.html HTTP/1.0" 301 76996 "http://www.wonder-geek.com/home-and-decoration-c-13.html?page=193" "Mozilla/5.0 (Linux; Android 7.0;) AppleWebKit/537.36 (KHTML, like Gecko) Mobile Safari/537.36 (compatible; PetalBot;+https://webmaster.petalsearch.com/site/petalbot)"
207.46.13.220 - - [03/Jun/2023:05:30:47 +0200] "GET /swimsuit-c-1_18.html HTTP/1.0" 200 95013 "-" "Mozilla/5.0 AppleWebKit/537.36 (KHTML, like Gecko; compatible; bingbot/2.0; +http://www.bing.com/bingbot.htm) Chrome/103.0.5060.134 Safari/537.36"
114.119.151.246 - - [03/Jun/2023:05:30:48 +0200] "GET /disney-traditions-cinderella-figurine-p-47002.html HTTP/1.0" 200 76892 "http://www.wonder-geek.com/home-and-decoration-c-13.html?page=193" "Mozilla/5.0 (Linux; Android 7.0;) AppleWebKit/537.36 (KHTML, like Gecko) Mobile Safari/537.36 (compatible; PetalBot;+https://webmaster.petalsearch.com/site/petalbot)"
203.217.230.10 - - [03/Jun/2023:05:31:59 +0200] "GET /images/mini_prod/3520071365336.jpg HTTP/1.0" 200 269 "-" "Mozilla/5.0 (compatible; MSIE 9.0; Windows NT 6.1; Win64; x64; Trident/5.0)"
114.119.150.120 - - [03/Jun/2023:05:32:01 +0200] "GET /hippopotamus-mother-statuette-babies-resin-p-56817.html HTTP/1.0" 200 73504 "http://www.wonder-geek.com/collectible-figurines-decorative-c-13_135.html?page=51" "Mozilla/5.0 (Linux; Android 7.0;) AppleWebKit/537.36 (KHTML, like Gecko) Mobile Safari/537.36 (compatible; PetalBot;+https://webmaster.petalsearch.com/site/petalbot)"
180.76.14.16 - - [03/Jun/2023:05:32:26 +0200] "GET /images/mini_prod/3438100336533.jpg HTTP/1.0" 200 269 "-" "Mozilla/5.0 (X11; Ubuntu; Linux x86_64; rv:72.0) Gecko/20100101 Firefox/72.0"
47.246.164.147 - - [03/Jun/2023:05:32:32 +0200] "GET /images/mini_prod/1399984257432.jpg HTTP/1.0" 200 269 "-" "Mozilla/5.0 (X11; Ubuntu; Linux x86_64; rv:72.0) Gecko/20100101 Firefox/72.0"
69.171.251.3 - - [03/Jun/2023:05:32:40 +0200] "GET /images/mini_prod/5018997618431.jpg HTTP/1.0" 200 269 "-" "Mozilla/5.0 (X11; Ubuntu; Linux x86_64; rv:72.0) Gecko/20100101 Firefox/72.0"
66.249.64.202 - - [03/Jun/2023:05:32:51 +0200] "GET /despicable-large-flat-pocket-p-34125.html HTTP/1.0" 200 76126 "-" "Mozilla/5.0 (Linux; Android 6.0.1; Nexus 5X Build/MMB29P) AppleWebKit/537.36 (KHTML, like Gecko) Chrome/114.0.5735.90 Mobile Safari/537.36 (compatible; Googlebot/2.1; +http://www.google.com/bot.html)"
66.249.64.200 - - [03/Jun/2023:05:32:55 +0200] "GET /swfobject.js HTTP/1.0" 404 1308 "http://www.wonder-geek.com/despicable-large-flat-pocket-p-34125.html" "Mozilla/5.0 (Linux; Android 6.0.1; Nexus 5X Build/MMB29P) AppleWebKit/537.36 (KHTML, like Gecko) Chrome/113.0.5672.126 Mobile Safari/537.36 (compatible; Googlebot/2.1; +http://www.google.com/bot.html)"
66.249.64.202 - - [03/Jun/2023:05:32:55 +0200] "GET /swfobject.js HTTP/1.0" 404 1308 "http://www.wonder-geek.com/despicable-large-flat-pocket-p-34125.html" "Mozilla/5.0 (Linux; Android 6.0.1; Nexus 5X Build/MMB29P) AppleWebKit/537.36 (KHTML, like Gecko) Chrome/113.0.5672.126 Mobile Safari/537.36 (compatible; Googlebot/2.1; +http://www.google.com/bot.html)"
34.215.69.55 - - [03/Jun/2023:05:33:10 +0200] "GET /images/mini_prod/5018997621738.jpg HTTP/1.0" 200 269 "-" "Mozilla/5.0 (X11; Ubuntu; Linux x86_64; rv:72.0) Gecko/20100101 Firefox/72.0"
185.191.171.11 - - [03/Jun/2023:05:34:16 +0200] "GET /robots.txt HTTP/1.0" 200 245 "-" "Mozilla/5.0 (compatible; SemrushBot/7~bl; +http://www.semrush.com/bot.html)"
185.191.171.36 - - [03/Jun/2023:05:34:16 +0200] "GET /cats-dubout-large-bowl-p-55395.html HTTP/1.0" 200 73408 "-" "Mozilla/5.0 (compatible; SemrushBot/7~bl; +http://www.semrush.com/bot.html)"
103.131.71.65 - - [03/Jun/2023:05:34:21 +0200] "GET /robots.txt HTTP/1.0" 301 531 "-" "Mozilla/5.0 (compatible; coccocbot-web/1.0; +http://help.coccoc.com/searchengine)"
103.131.71.65 - - [03/Jun/2023:05:34:23 +0200] "GET /robots.txt HTTP/1.0" 200 245 "-" "Mozilla/5.0 (compatible; coccocbot-web/1.0; +http://help.coccoc.com/searchengine)"
35.171.69.89 - - [03/Jun/2023:05:34:32 +0200] "GET /images/mini_prod/8435333842263.jpg HTTP/1.0" 200 269 "-" "Mozilla/5.0 (X11; Ubuntu; Linux x86_64; rv:72.0) Gecko/20100101 Firefox/72.0"
114.119.152.161 - - [03/Jun/2023:05:36:05 +0200] "GET /robots.txt HTTP/1.0" 200 245 "-" "Mozilla/5.0 (compatible;PetalBot;+https://webmaster.petalsearch.com/site/petalbot)"
51.68.224.127 - - [03/Jun/2023:05:39:11 +0200] "GET /adminweb/export_orders_xml.php?token=256de2z6edz6ed2z6DFSFsed2zed6zeDSFDSGdzedezfzf&maxorders=10&orderstart=1&status=14&start_date=2018-10-01 HTTP/1.0" 200 285 "-" "GesCom CharlotteBoutik Serveur"
51.68.224.127 - - [03/Jun/2023:05:39:11 +0200] "GET /adminweb/export_orders_xml.php?token=256de2z6edz6ed2z6DFSFsed2zed6zeDSFDSGdzedezfzf&maxorders=10&orderstart=1&status=6&start_date=2018-10-01 HTTP/1.0" 200 33887 "-" "GesCom CharlotteBoutik Serveur"
47.246.164.152 - - [03/Jun/2023:05:39:21 +0200] "GET /images/mini_prod/3660173124445.jpg HTTP/1.0" 200 269 "-" "Mozilla/5.0 (X11; Ubuntu; Linux x86_64; rv:72.0) Gecko/20100101 Firefox/72.0"
121.5.102.126 - - [03/Jun/2023:05:39:36 +0200] "GET /images/mini_prod/8028501269414.jpg HTTP/1.0" 200 269 "-" "Mozilla/5.0 (X11; Ubuntu; Linux x86_64; rv:72.0) Gecko/20100101 Firefox/72.0"
35.171.69.89 - - [03/Jun/2023:05:40:23 +0200] "GET /images/mini_prod/5410574484611.jpg HTTP/1.0" 200 269 "-" "Mozilla/5.0 (X11; Ubuntu; Linux x86_64; rv:72.0) Gecko/20100101 Firefox/72.0"
58.33.153.130 - - [03/Jun/2023:05:40:26 +0200] "GET /images/mini_prod/070209_191201_PEEL_gnVzFs.jpg HTTP/1.0" 200 281 "-" "Mozilla/5.0 (X11; Ubuntu; Linux x86_64; rv:72.0) Gecko/20100101 Firefox/72.0"
180.76.14.140 - - [03/Jun/2023:05:40:31 +0200] "GET /images/mini_prod/3760054863347.jpg HTTP/1.0" 200 269 "-" "Mozilla/5.0 (X11; Ubuntu; Linux x86_64; rv:72.0) Gecko/20100101 Firefox/72.0"
35.171.69.89 - - [03/Jun/2023:05:40:52 +0200] "GET /images/mini_prod/3457019600474a.jpg HTTP/1.0" 200 270 "-" "Mozilla/5.0 (X11; Ubuntu; Linux x86_64; rv:72.0) Gecko/20100101 Firefox/72.0"
66.249.64.198 - - [03/Jun/2023:05:42:44 +0200] "GET /images/big_prod/3418179830026.jpg HTTP/1.0" 200 268 "-" "Googlebot-Image/1.0"
113.24.224.104 - - [03/Jun/2023:05:43:49 +0200] "GET /images/mini_prod/3660173163628.jpg HTTP/1.0" 200 269 "-" "Mozilla/5.0 (X11; Ubuntu; Linux x86_64; rv:72.0) Gecko/20100101 Firefox/72.0"
66.249.64.198 - - [03/Jun/2023:05:44:10 +0200] "GET /bagshandbags-shoulder-bags-c-81.html HTTP/1.0" 301 98900 "-" "Mozilla/5.0 (Linux; Android 6.0.1; Nexus 5X Build/MMB29P) AppleWebKit/537.36 (KHTML, like Gecko) Chrome/114.0.5735.90 Mobile Safari/537.36 (compatible; Googlebot/2.1; +http://www.google.com/bot.html)"
66.249.64.202 - - [03/Jun/2023:05:44:12 +0200] "GET /book-lamp-real-wood-color-walnut-size-p-54337.html HTTP/1.0" 200 77747 "-" "Mozilla/5.0 (compatible; Googlebot/2.1; +http://www.google.com/bot.html)"
66.249.64.202 - - [03/Jun/2023:05:44:14 +0200] "GET /bagshandbags-shoulder-bags-c-31_81.html HTTP/1.0" 200 98965 "-" "Mozilla/5.0 (Linux; Android 6.0.1; Nexus 5X Build/MMB29P) AppleWebKit/537.36 (KHTML, like Gecko) Chrome/114.0.5735.90 Mobile Safari/537.36 (compatible; Googlebot/2.1; +http://www.google.com/bot.html)"
121.5.102.126 - - [03/Jun/2023:05:44:28 +0200] "GET /images/mini_prod/3519570204031.jpg HTTP/1.0" 200 269 "-" "Mozilla/5.0 (X11; Ubuntu; Linux x86_64; rv:72.0) Gecko/20100101 Firefox/72.0"
114.223.79.75 - - [03/Jun/2023:05:44:30 +0200] "GET /contact_us.php HTTP/1.0" 200 26241 "http://www.wonder-geek.com/contact_us.php" "Mozilla/5.0 (Windows NT 10.0; Win64; x64) AppleWebKit/537.36 (KHTML, like Gecko) Chrome/90.0.4430.72 Safari/537.36 Edg/90.0.818.42"
114.223.79.75 - - [03/Jun/2023:05:44:32 +0200] "POST /contact_us.php?action=send HTTP/1.0" 200 26480 "http://www.wonder-geek.com/contact_us.php" "Mozilla/5.0 (Windows NT 10.0; Win64; x64) AppleWebKit/537.36 (KHTML, like Gecko) Chrome/90.0.4430.72 Safari/537.36 Edg/90.0.818.42"
44.236.1.180 - - [03/Jun/2023:05:44:52 +0200] "GET /images/big_prod_1/b5404006033386.jpg HTTP/1.0" 200 271 "-" "Mozilla/5.0 (X11; Ubuntu; Linux x86_64; rv:72.0) Gecko/20100101 Firefox/72.0"
147.92.153.19 - - [03/Jun/2023:05:44:59 +0200] "GET /soft-toys-security-blanket-c-4_46.html HTTP/1.0" 200 94506 "-" "Mozilla/5.0 (compatible; Linespider/1.1; +https://lin.ee/4dwXkTH)"
185.191.171.8 - - [03/Jun/2023:05:46:43 +0200] "GET /wall-decoration-p-45749.html HTTP/1.0" 200 73404 "-" "Mozilla/5.0 (compatible; SemrushBot/7~bl; +http://www.semrush.com/bot.html)"
207.46.13.220 - - [03/Jun/2023:05:46:50 +0200] "GET /backpacks-c-31_77.html HTTP/1.0" 200 96333 "-" "Mozilla/5.0 AppleWebKit/537.36 (KHTML, like Gecko; compatible; bingbot/2.0; +http://www.bing.com/bingbot.htm) Chrome/103.0.5060.134 Safari/537.36"
35.171.69.89 - - [03/Jun/2023:05:47:18 +0200] "GET /images/mini_prod/8435306251818.jpg HTTP/1.0" 200 269 "-" "Mozilla/5.0 (X11; Ubuntu; Linux x86_64; rv:72.0) Gecko/20100101 Firefox/72.0"
216.244.66.242 - - [03/Jun/2023:05:47:21 +0200] "GET /robots.txt HTTP/1.0" 200 245 "-" "Mozilla/5.0 (compatible; DotBot/1.2; +https://opensiteexplorer.org/dotbot; help@moz.com)"
49.79.135.227 - - [03/Jun/2023:05:47:54 +0200] "GET /images/med_prod/5018997519356.jpg HTTP/1.0" 200 268 "-" "Mozilla/5.0 (Macintosh; Intel Mac OS X 10_13_6) AppleWebKit/537.16 (KHTML, like Gecko) Chrome/74.0.3729.169 Safari/537.462"
121.234.24.35 - - [03/Jun/2023:05:47:58 +0200] "GET /images/med_prod/5018997519356.jpg HTTP/1.0" 200 268 "-" "Mozilla/5.0 (Macintosh; Intel Mac OS X 10_13_6) AppleWebKit/537.16 (KHTML, like Gecko) Chrome/74.0.3729.169 Safari/537.462"
207.46.13.220 - - [03/Jun/2023:05:47:59 +0200] "GET /pencil-case-c-31_75.html HTTP/1.0" 200 96551 "-" "Mozilla/5.0 AppleWebKit/537.36 (KHTML, like Gecko; compatible; bingbot/2.0; +http://www.bing.com/bingbot.htm) Chrome/103.0.5060.134 Safari/537.36"
35.171.69.89 - - [03/Jun/2023:05:48:23 +0200] "GET /images/big_prod_1/3359103059680c.jpg HTTP/1.0" 200 271 "-" "Mozilla/5.0 (X11; Ubuntu; Linux x86_64; rv:72.0) Gecko/20100101 Firefox/72.0"
106.46.183.40 - - [03/Jun/2023:05:48:54 +0200] "GET /images/med_prod/5018997519356.jpg HTTP/1.0" 200 268 "-" "Mozilla/5.0 (Macintosh; Intel Mac OS X 10_13_6) AppleWebKit/537.16 (KHTML, like Gecko) Chrome/74.0.3729.169 Safari/537.462"
66.249.64.202 - - [03/Jun/2023:05:48:53 +0200] "GET /paris-black-cotton-pouch-p-47655.html HTTP/1.0" 200 76619 "-" "Mozilla/5.0 (compatible; Googlebot/2.1; +http://www.google.com/bot.html)"
185.176.78.178 - - [03/Jun/2023:05:50:59 +0200] "GET /images/mini_prod/3665269006490.jpg HTTP/1.0" 200 269 "-" "Mozilla/5.0 (X11; Ubuntu; Linux x86_64; rv:72.0) Gecko/20100101 Firefox/72.0"
203.217.230.9 - - [03/Jun/2023:05:51:23 +0200] "GET /images/mini_prod/1384010206317.jpg HTTP/1.0" 200 269 "-" "Mozilla/5.0 (compatible; MSIE 9.0; Windows NT 6.1; Win64; x64; Trident/5.0)"
185.191.171.12 - - [03/Jun/2023:05:51:43 +0200] "GET /buffalo-mousepad-cbkreation-p-42911.html HTTP/1.0" 200 76041 "-" "Mozilla/5.0 (compatible; SemrushBot/7~bl; +http://www.semrush.com/bot.html)"
34.141.200.102 - - [03/Jun/2023:05:52:09 +0200] "GET /images/mini_prod/3453131150996.jpg HTTP/1.0" 200 269 "-" "Mozilla/5.0 (X11; Ubuntu; Linux x86_64; rv:72.0) Gecko/20100101 Firefox/72.0"
185.176.78.178 - - [03/Jun/2023:05:54:26 +0200] "GET /images/mini_prod/DSCN7544.jpg HTTP/1.0" 200 264 "-" "Mozilla/5.0 (X11; Ubuntu; Linux x86_64; rv:72.0) Gecko/20100101 Firefox/72.0"
203.217.230.45 - - [03/Jun/2023:05:54:59 +0200] "GET /images/mini_prod/3438100339831.jpg HTTP/1.0" 200 269 "-" "Mozilla/5.0 (compatible; MSIE 9.0; Windows NT 6.1; Win64; x64; Trident/5.0)"
31.220.83.0 - - [03/Jun/2023:05:55:07 +0200] "GET / HTTP/1.0" 301 511 "-" "-"
31.220.83.0 - - [03/Jun/2023:05:55:07 +0200] "GET / HTTP/1.0" 200 153116 "-" "-"
52.167.144.98 - - [03/Jun/2023:05:55:10 +0200] "GET /cushions-c-11_71.html HTTP/1.0" 301 95287 "-" "Mozilla/5.0 AppleWebKit/537.36 (KHTML, like Gecko; compatible; bingbot/2.0; +http://www.bing.com/bingbot.htm) Chrome/103.0.5060.134 Safari/537.36"
51.68.224.127 - - [03/Jun/2023:05:55:24 +0200] "GET /adminweb/export_orders_xml.php?token=256de2z6edz6ed2z6DFSFsed2zed6zeDSFDSGdzedezfzf&maxorders=10&orderstart=1&status=14&start_date=2018-10-01 HTTP/1.0" 200 285 "-" "GesCom CharlotteBoutik Serveur"
51.68.224.127 - - [03/Jun/2023:05:55:24 +0200] "GET /adminweb/export_orders_xml.php?token=256de2z6edz6ed2z6DFSFsed2zed6zeDSFDSGdzedezfzf&maxorders=10&orderstart=1&status=6&start_date=2018-10-01 HTTP/1.0" 200 33887 "-" "GesCom CharlotteBoutik Serveur"
69.171.251.8 - - [03/Jun/2023:05:55:26 +0200] "GET /images/mini_prod/1384010179536.jpg HTTP/1.0" 200 269 "-" "Mozilla/5.0 (X11; Ubuntu; Linux x86_64; rv:72.0) Gecko/20100101 Firefox/72.0"
35.171.69.89 - - [03/Jun/2023:05:56:07 +0200] "GET /images/mini_prod/270607_001746_PEEL_G78R4h.jpg HTTP/1.0" 200 281 "-" "Mozilla/5.0 (X11; Ubuntu; Linux x86_64; rv:72.0) Gecko/20100101 Firefox/72.0"
73.202.217.18 - - [03/Jun/2023:05:57:25 +0200] "GET /luggages-schoolbags-leather-shop/bagshandbags-shoulder-bags/blue-vespa-shoulder-bag-p-23064.html HTTP/1.0" 301 73391 "https://duckduckgo.com/" "Mozilla/5.0 (Windows NT 10.0; Win64; x64; rv:109.0) Gecko/20100101 Firefox/113.0"
73.202.217.18 - - [03/Jun/2023:05:57:26 +0200] "GET /-p-23064.html HTTP/1.0" 200 73324 "https://duckduckgo.com/" "Mozilla/5.0 (Windows NT 10.0; Win64; x64; rv:109.0) Gecko/20100101 Firefox/113.0"
73.202.217.18 - - [03/Jun/2023:05:57:28 +0200] "GET /templates/Pixame_v1/stylesheet.css HTTP/1.0" 200 267 "http://www.wonder-geek.com/-p-23064.html" "Mozilla/5.0 (Windows NT 10.0; Win64; x64; rv:109.0) Gecko/20100101 Firefox/113.0"
73.202.217.18 - - [03/Jun/2023:05:57:28 +0200] "GET /highslide/highslide.js HTTP/1.0" 200 262 "http://www.wonder-geek.com/-p-23064.html" "Mozilla/5.0 (Windows NT 10.0; Win64; x64; rv:109.0) Gecko/20100101 Firefox/113.0"
73.202.217.18 - - [03/Jun/2023:05:57:28 +0200] "GET /js/jquery.js HTTP/1.0" 200 252 "http://www.wonder-geek.com/-p-23064.html" "Mozilla/5.0 (Windows NT 10.0; Win64; x64; rv:109.0) Gecko/20100101 Firefox/113.0"
73.202.217.18 - - [03/Jun/2023:05:57:28 +0200] "GET /js/jquery.jqzoom.js HTTP/1.0" 200 259 "http://www.wonder-geek.com/-p-23064.html" "Mozilla/5.0 (Windows NT 10.0; Win64; x64; rv:109.0) Gecko/20100101 Firefox/113.0"
73.202.217.18 - - [03/Jun/2023:05:57:28 +0200] "GET /mondial_relay/js/jquery-1.3.2.min.js HTTP/1.0" 200 276 "http://www.wonder-geek.com/-p-23064.html" "Mozilla/5.0 (Windows NT 10.0; Win64; x64; rv:109.0) Gecko/20100101 Firefox/113.0"
73.202.217.18 - - [03/Jun/2023:05:57:28 +0200] "GET /swfobject.js HTTP/1.0" 404 1308 "http://www.wonder-geek.com/-p-23064.html" "Mozilla/5.0 (Windows NT 10.0; Win64; x64; rv:109.0) Gecko/20100101 Firefox/113.0"
73.202.217.18 - - [03/Jun/2023:05:57:29 +0200] "GET /images/pixel_trans.gif HTTP/1.0" 200 328 "http://www.wonder-geek.com/-p-23064.html" "Mozilla/5.0 (Windows NT 10.0; Win64; x64; rv:109.0) Gecko/20100101 Firefox/113.0"
73.202.217.18 - - [03/Jun/2023:05:57:29 +0200] "GET /templates/Pixame_v1/images/pixel_trans.gif HTTP/1.0" 200 328 "http://www.wonder-geek.com/-p-23064.html" "Mozilla/5.0 (Windows NT 10.0; Win64; x64; rv:109.0) Gecko/20100101 Firefox/113.0"
73.202.217.18 - - [03/Jun/2023:05:57:29 +0200] "GET /templates/Pixame_v1/images/buttons/english/button_continue.gif HTTP/1.0" 200 1264 "http://www.wonder-geek.com/-p-23064.html" "Mozilla/5.0 (Windows NT 10.0; Win64; x64; rv:109.0) Gecko/20100101 Firefox/113.0"
73.202.217.18 - - [03/Jun/2023:05:57:29 +0200] "GET /templates/Pixame_v1/images/infobox/pixel_trans.gif HTTP/1.0" 200 328 "http://www.wonder-geek.com/-p-23064.html" "Mozilla/5.0 (Windows NT 10.0; Win64; x64; rv:109.0) Gecko/20100101 Firefox/113.0"
73.202.217.18 - - [03/Jun/2023:05:57:29 +0200] "GET /templates/Pixame_v1/images/icon_accueil2.png HTTP/1.0" 200 278 "http://www.wonder-geek.com/-p-23064.html" "Mozilla/5.0 (Windows NT 10.0; Win64; x64; rv:109.0) Gecko/20100101 Firefox/113.0"
73.202.217.18 - - [03/Jun/2023:05:57:29 +0200] "GET /templates/Pixame_v1/images/Bottom_texture.jpg HTTP/1.0" 200 280 "http://www.wonder-geek.com/templates/Pixame_v1/stylesheet.css" "Mozilla/5.0 (Windows NT 10.0; Win64; x64; rv:109.0) Gecko/20100101 Firefox/113.0"
73.202.217.18 - - [03/Jun/2023:05:57:29 +0200] "GET /swfobject.js HTTP/1.0" 404 1308 "http://www.wonder-geek.com/-p-23064.html" "Mozilla/5.0 (Windows NT 10.0; Win64; x64; rv:109.0) Gecko/20100101 Firefox/113.0"
73.202.217.18 - - [03/Jun/2023:05:57:29 +0200] "GET /templates/Pixame_v1/images/Middle_texture.jpg HTTP/1.0" 200 280 "http://www.wonder-geek.com/templates/Pixame_v1/stylesheet.css" "Mozilla/5.0 (Windows NT 10.0; Win64; x64; rv:109.0) Gecko/20100101 Firefox/113.0"
73.202.217.18 - - [03/Jun/2023:05:57:29 +0200] "GET /templates/Pixame_v1/images/nav.png HTTP/1.0" 200 268 "http://www.wonder-geek.com/templates/Pixame_v1/stylesheet.css" "Mozilla/5.0 (Windows NT 10.0; Win64; x64; rv:109.0) Gecko/20100101 Firefox/113.0"
73.202.217.18 - - [03/Jun/2023:05:57:29 +0200] "GET /templates/Pixame_v1/images/header.png HTTP/1.0" 200 271 "http://www.wonder-geek.com/templates/Pixame_v1/stylesheet.css" "Mozilla/5.0 (Windows NT 10.0; Win64; x64; rv:109.0) Gecko/20100101 Firefox/113.0"
73.202.217.18 - - [03/Jun/2023:05:57:29 +0200] "GET /templates/Pixame_v1/images/header-object.png HTTP/1.0" 200 278 "http://www.wonder-geek.com/templates/Pixame_v1/stylesheet.css" "Mozilla/5.0 (Windows NT 10.0; Win64; x64; rv:109.0) Gecko/20100101 Firefox/113.0"
73.202.217.18 - - [03/Jun/2023:05:57:29 +0200] "GET /templates/Pixame_v1/images/flash.swf HTTP/1.0" 200 290 "http://www.wonder-geek.com/-p-23064.html" "Mozilla/5.0 (Windows NT 10.0; Win64; x64; rv:109.0) Gecko/20100101 Firefox/113.0"
73.202.217.18 - - [03/Jun/2023:05:57:30 +0200] "GET /design/productsenstock.png HTTP/1.0" 200 260 "http://www.wonder-geek.com/templates/Pixame_v1/stylesheet.css" "Mozilla/5.0 (Windows NT 10.0; Win64; x64; rv:109.0) Gecko/20100101 Firefox/113.0"
73.202.217.18 - - [03/Jun/2023:05:57:30 +0200] "GET /templates/Pixame_v1/images/infobox/infobox_footer_middle.gif HTTP/1.0" 200 357 "http://www.wonder-geek.com/-p-23064.html" "Mozilla/5.0 (Windows NT 10.0; Win64; x64; rv:109.0) Gecko/20100101 Firefox/113.0"
73.202.217.18 - - [03/Jun/2023:05:57:30 +0200] "GET /favicon.ico HTTP/1.0" 200 260 "http://www.wonder-geek.com/-p-23064.html" "Mozilla/5.0 (Windows NT 10.0; Win64; x64; rv:109.0) Gecko/20100101 Firefox/113.0"
73.202.217.18 - - [03/Jun/2023:05:57:31 +0200] "GET /highslide/graphics/zoomout.cur HTTP/1.0" 200 614 "http://www.wonder-geek.com/-p-23064.html" "Mozilla/5.0 (Windows NT 10.0; Win64; x64; rv:109.0) Gecko/20100101 Firefox/113.0"
73.202.217.18 - - [03/Jun/2023:05:57:31 +0200] "GET /highslide/graphics/outlines/drop-shadow.png HTTP/1.0" 200 277 "http://www.wonder-geek.com/-p-23064.html" "Mozilla/5.0 (Windows NT 10.0; Win64; x64; rv:109.0) Gecko/20100101 Firefox/113.0"
73.202.217.18 - - [03/Jun/2023:05:57:31 +0200] "GET /highslide/graphics/loader.white.gif HTTP/1.0" 200 960 "http://www.wonder-geek.com/templates/Pixame_v1/stylesheet.css" "Mozilla/5.0 (Windows NT 10.0; Win64; x64; rv:109.0) Gecko/20100101 Firefox/113.0"
34.141.200.102 - - [03/Jun/2023:05:57:35 +0200] "GET /images/mini_prod/8433910189923.jpg HTTP/1.0" 200 269 "-" "Mozilla/5.0 (X11; Ubuntu; Linux x86_64; rv:72.0) Gecko/20100101 Firefox/72.0"
40.64.105.247 - - [03/Jun/2023:05:57:37 +0200] "GET /images/8028501269568.jpg HTTP/1.0" 200 259 "-" "DuckDuckBot/1.1; (+http://duckduckgo.com/duckduckbot.html)"
216.244.66.242 - - [03/Jun/2023:05:58:32 +0200] "GET /images/4895029629730.jpg HTTP/1.0" 200 259 "-" "Mozilla/5.0 (compatible; DotBot/1.2; +https://opensiteexplorer.org/dotbot; help@moz.com)"
119.8.243.110 - - [03/Jun/2023:05:58:43 +0200] "GET /images/mini_prod/Image15.jpg HTTP/1.0" 200 263 "-" "Mozilla/5.0 (X11; Ubuntu; Linux x86_64; rv:72.0) Gecko/20100101 Firefox/72.0"
122.232.193.22 - - [03/Jun/2023:05:58:50 +0200] "GET /contact_us.php HTTP/1.0" 200 26241 "http://www.wonder-geek.com/contact_us.php" "Mozilla/5.0 (Windows NT 10.0; WOW64) AppleWebKit/537.36 (KHTML, like Gecko) Chrome/90.0.4430.72 Safari/537.36"
122.232.193.22 - - [03/Jun/2023:05:58:52 +0200] "POST /contact_us.php?action=send HTTP/1.0" 200 26476 "http://www.wonder-geek.com/contact_us.php" "Mozilla/5.0 (Windows NT 10.0; WOW64) AppleWebKit/537.36 (KHTML, like Gecko) Chrome/90.0.4430.72 Safari/537.36"
141.8.142.101 - - [03/Jun/2023:05:58:53 +0200] "GET /robots.txt HTTP/1.0" 200 245 "-" "Mozilla/5.0 (compatible; YandexBot/3.0; +http://yandex.com/bots)"
141.8.142.105 - - [03/Jun/2023:05:58:54 +0200] "GET /games-toys-c-4.html?page=3 HTTP/1.0" 200 94923 "-" "Mozilla/5.0 (compatible; YandexBot/3.0; +http://yandex.com/bots)"
185.176.78.178 - - [03/Jun/2023:05:59:38 +0200] "GET /images/mini_prod/1399986107230.jpg HTTP/1.0" 200 269 "-" "Mozilla/5.0 (X11; Ubuntu; Linux x86_64; rv:72.0) Gecko/20100101 Firefox/72.0"
47.246.164.142 - - [03/Jun/2023:05:59:39 +0200] "GET /images/mini_prod/3609810037571.jpg HTTP/1.0" 200 269 "-" "Mozilla/5.0 (X11; Ubuntu; Linux x86_64; rv:72.0) Gecko/20100101 Firefox/72.0"
66.249.64.202 - - [03/Jun/2023:06:02:51 +0200] "GET /paris-black-cotton-pouch-p-47655.html HTTP/1.0" 200 76619 "-" "Mozilla/5.0 (Linux; Android 6.0.1; Nexus 5X Build/MMB29P) AppleWebKit/537.36 (KHTML, like Gecko) Chrome/114.0.5735.90 Mobile Safari/537.36 (compatible; Googlebot/2.1; +http://www.google.com/bot.html)"
66.249.64.198 - - [03/Jun/2023:06:04:10 +0200] "GET /images/big_prod_1/3609810075160B.jpg HTTP/1.0" 200 271 "-" "Googlebot-Image/1.0"
216.244.66.242 - - [03/Jun/2023:06:04:13 +0200] "GET /junior-sport-p-52122.html HTTP/1.0" 200 73378 "-" "Mozilla/5.0 (compatible; DotBot/1.2; +https://opensiteexplorer.org/dotbot; help@moz.com)"
185.176.78.178 - - [03/Jun/2023:06:04:25 +0200] "GET /images/mini_prod/4036113830544.jpg HTTP/1.0" 404 1308 "-" "Mozilla/5.0 (X11; Ubuntu; Linux x86_64; rv:72.0) Gecko/20100101 Firefox/72.0"
185.176.78.178 - - [03/Jun/2023:06:04:25 +0200] "GET /images/mini_prod/4036113830544.jpg HTTP/1.0" 404 1308 "-" "Mozilla/5.0 (X11; Ubuntu; Linux x86_64; rv:72.0) Gecko/20100101 Firefox/72.0"
185.176.78.178 - - [03/Jun/2023:06:04:26 +0200] "GET /images/mini_prod/4036113830544.jpg HTTP/1.0" 404 1308 "-" "Mozilla/5.0 (X11; Ubuntu; Linux x86_64; rv:72.0) Gecko/20100101 Firefox/72.0"
216.244.66.242 - - [03/Jun/2023:06:04:26 +0200] "GET /marseille-white-women-shirt-p-31250.html HTTP/1.0" 200 73462 "-" "Mozilla/5.0 (compatible; DotBot/1.2; +https://opensiteexplorer.org/dotbot; help@moz.com)"
216.244.66.242 - - [03/Jun/2023:06:04:37 +0200] "GET /skull-flag-figure-p-34177.html HTTP/1.0" 200 75978 "-" "Mozilla/5.0 (compatible; DotBot/1.2; +https://opensiteexplorer.org/dotbot; help@moz.com)"
35.171.69.89 - - [03/Jun/2023:06:05:44 +0200] "GET /images/mini_prod/8422010628807.jpg HTTP/1.0" 200 269 "-" "Mozilla/5.0 (X11; Ubuntu; Linux x86_64; rv:72.0) Gecko/20100101 Firefox/72.0"
216.244.66.242 - - [03/Jun/2023:06:06:00 +0200] "GET /littlest-petshop-tights-p-31089.html HTTP/1.0" 200 77398 "-" "Mozilla/5.0 (compatible; DotBot/1.2; +https://opensiteexplorer.org/dotbot; help@moz.com)"
17.241.219.227 - - [03/Jun/2023:06:06:14 +0200] "GET /kids-school-p-52080.html HTTP/1.0" 200 76806 "-" "Mozilla/5.0 (Macintosh; Intel Mac OS X 10_15_5) AppleWebKit/605.1.15 (KHTML, like Gecko) Version/13.1.1 Safari/605.1.15 (Applebot/0.1; +http://www.apple.com/go/applebot)"
35.171.69.89 - - [03/Jun/2023:06:06:35 +0200] "GET /images/mini_prod/3609810045200.jpg HTTP/1.0" 200 269 "-" "Mozilla/5.0 (X11; Ubuntu; Linux x86_64; rv:72.0) Gecko/20100101 Firefox/72.0"
121.5.102.126 - - [03/Jun/2023:06:06:41 +0200] "GET /images/mini_prod/8422666661500.jpg HTTP/1.0" 200 269 "-" "Mozilla/5.0 (X11; Ubuntu; Linux x86_64; rv:72.0) Gecko/20100101 Firefox/72.0"
47.246.164.147 - - [03/Jun/2023:06:07:37 +0200] "GET /images/mini_prod/8003990623473.jpg HTTP/1.0" 200 269 "-" "Mozilla/5.0 (X11; Ubuntu; Linux x86_64; rv:72.0) Gecko/20100101 Firefox/72.0"
185.176.78.178 - - [03/Jun/2023:06:08:33 +0200] "GET /images/mini_prod/3560600316415.jpg HTTP/1.0" 200 269 "-" "Mozilla/5.0 (X11; Ubuntu; Linux x86_64; rv:72.0) Gecko/20100101 Firefox/72.0"
203.217.230.9 - - [03/Jun/2023:06:09:13 +0200] "GET /images/mini_prod/3453131141055.jpg HTTP/1.0" 200 269 "-" "Mozilla/5.0 (compatible; MSIE 9.0; Windows NT 6.1; Win64; x64; Trident/5.0)"
44.236.1.180 - - [03/Jun/2023:06:09:30 +0200] "GET /images/mini_prod/1750048000003.jpg HTTP/1.0" 200 269 "-" "Mozilla/5.0 (X11; Ubuntu; Linux x86_64; rv:72.0) Gecko/20100101 Firefox/72.0"
207.46.13.220 - - [03/Jun/2023:06:09:51 +0200] "GET /accessories-mobiles-c-3_17.html?page=6 HTTP/1.0" 200 95734 "-" "Mozilla/5.0 AppleWebKit/537.36 (KHTML, like Gecko; compatible; bingbot/2.0; +http://www.bing.com/bingbot.htm) Chrome/103.0.5060.134 Safari/537.36"
185.191.171.3 - - [03/Jun/2023:06:10:24 +0200] "GET /ceramic-incense-stick-holder-carp-p-60508.html?action=add_product HTTP/1.0" 302 476 "-" "Mozilla/5.0 (compatible; SemrushBot/7~bl; +http://www.semrush.com/bot.html)"
51.68.224.127 - - [03/Jun/2023:06:11:38 +0200] "GET /adminweb/export_orders_xml.php?token=256de2z6edz6ed2z6DFSFsed2zed6zeDSFDSGdzedezfzf&maxorders=10&orderstart=1&status=14&start_date=2018-10-01 HTTP/1.0" 200 285 "-" "GesCom CharlotteBoutik Serveur"
51.68.224.127 - - [03/Jun/2023:06:11:38 +0200] "GET /adminweb/export_orders_xml.php?token=256de2z6edz6ed2z6DFSFsed2zed6zeDSFDSGdzedezfzf&maxorders=10&orderstart=1&status=6&start_date=2018-10-01 HTTP/1.0" 200 33887 "-" "GesCom CharlotteBoutik Serveur"
119.8.243.89 - - [03/Jun/2023:06:11:46 +0200] "GET /images/mini_prod/1399984242568.jpg HTTP/1.0" 200 269 "-" "Mozilla/5.0 (X11; Ubuntu; Linux x86_64; rv:72.0) Gecko/20100101 Firefox/72.0"
185.191.171.24 - - [03/Jun/2023:06:11:59 +0200] "GET /deco-gold-cats-statue-p-44622.html HTTP/1.0" 200 73414 "-" "Mozilla/5.0 (compatible; SemrushBot/7~bl; +http://www.semrush.com/bot.html)"
119.8.243.89 - - [03/Jun/2023:06:13:10 +0200] "GET /images/mini_prod/1399984259849.jpg HTTP/1.0" 200 269 "-" "Mozilla/5.0 (X11; Ubuntu; Linux x86_64; rv:72.0) Gecko/20100101 Firefox/72.0"
203.217.230.9 - - [03/Jun/2023:06:14:05 +0200] "GET /images/mini_prod/3612875122755.jpg HTTP/1.0" 200 269 "-" "Mozilla/5.0 (compatible; MSIE 9.0; Windows NT 6.1; Win64; x64; Trident/5.0)"
66.249.64.200 - - [03/Jun/2023:06:14:10 +0200] "GET /book-lamp-real-wood-color-walnut-size-p-54337.html HTTP/1.0" 200 77747 "-" "Mozilla/5.0 (Linux; Android 6.0.1; Nexus 5X Build/MMB29P) AppleWebKit/537.36 (KHTML, like Gecko) Chrome/114.0.5735.90 Mobile Safari/537.36 (compatible; Googlebot/2.1; +http://www.google.com/bot.html)"
180.76.14.140 - - [03/Jun/2023:06:15:29 +0200] "GET /images/mini_prod/4036113830810.jpg HTTP/1.0" 200 269 "-" "Mozilla/5.0 (X11; Ubuntu; Linux x86_64; rv:72.0) Gecko/20100101 Firefox/72.0"
185.176.78.178 - - [03/Jun/2023:06:15:57 +0200] "GET /images/mini_prod/8718657467153.jpg HTTP/1.0" 200 269 "-" "Mozilla/5.0 (X11; Ubuntu; Linux x86_64; rv:72.0) Gecko/20100101 Firefox/72.0"
35.171.69.89 - - [03/Jun/2023:06:17:31 +0200] "GET /images/big_prod/3014627880140.jpg HTTP/1.0" 200 268 "-" "Mozilla/5.0 (X11; Ubuntu; Linux x86_64; rv:72.0) Gecko/20100101 Firefox/72.0"
66.249.64.200 - - [03/Jun/2023:06:17:51 +0200] "GET /gogh-nuit-toile-cotton-pouch-p-47657.html HTTP/1.0" 200 76737 "-" "Mozilla/5.0 (compatible; Googlebot/2.1; +http://www.google.com/bot.html)"
213.180.203.29 - - [03/Jun/2023:06:19:50 +0200] "GET /robots.txt HTTP/1.0" 200 245 "-" "Mozilla/5.0 (compatible; YandexBot/3.0; +http://yandex.com/bots)"
5.255.231.28 - - [03/Jun/2023:06:19:50 +0200] "GET /home-and-decoration/money-boxes/monster-money-box-p-28123.html HTTP/1.0" 301 73391 "-" "Mozilla/5.0 (compatible; YandexBot/3.0; +http://yandex.com/bots)"
95.108.213.240 - - [03/Jun/2023:06:19:57 +0200] "GET /-p-28123.html HTTP/1.0" 200 73324 "-" "Mozilla/5.0 (compatible; YandexBot/3.0; +http://yandex.com/bots)"
203.217.230.46 - - [03/Jun/2023:06:20:04 +0200] "GET /images/mini_prod/3700516221759.jpg HTTP/1.0" 200 269 "-" "Mozilla/5.0 (compatible; MSIE 9.0; Windows NT 6.1; Win64; x64; Trident/5.0)"
5.45.207.184 - - [03/Jun/2023:06:20:43 +0200] "GET /-p-28123.html HTTP/1.0" 200 73324 "-" "Mozilla/5.0 (compatible; YandexBot/3.0; +http://yandex.com/bots)"
134.35.23.123 - - [03/Jun/2023:06:21:37 +0200] "GET /contact_us.php HTTP/1.0" 200 26241 "http://www.wonder-geek.com/contact_us.php" "Mozilla/5.0 (Windows NT 6.1; Win64; x64) AppleWebKit/537.36 (KHTML, like Gecko) Chrome/90.0.4430.85 Safari/537.36 Edg/90.0.818.49"
61.147.21.49 - - [03/Jun/2023:06:21:41 +0200] "GET /favicon.ico HTTP/1.0" 200 260 "-" "Dalvik/2.1.0 (Linux; U; Android 9.0; ZTE BA520 Build/MRA58K)"
134.35.23.123 - - [03/Jun/2023:06:21:42 +0200] "POST /contact_us.php?action=send HTTP/1.0" 200 26494 "http://www.wonder-geek.com/contact_us.php" "Mozilla/5.0 (Windows NT 6.1; Win64; x64) AppleWebKit/537.36 (KHTML, like Gecko) Chrome/90.0.4430.85 Safari/537.36 Edg/90.0.818.49"
44.236.1.180 - - [03/Jun/2023:06:21:44 +0200] "GET /images/mini_prod/3453131150996.jpg HTTP/1.0" 200 269 "-" "Mozilla/5.0 (X11; Ubuntu; Linux x86_64; rv:72.0) Gecko/20100101 Firefox/72.0"
207.46.13.220 - - [03/Jun/2023:06:22:02 +0200] "GET /images/med_prod/9316188046169.jpg HTTP/1.0" 200 268 "-" "Mozilla/5.0 AppleWebKit/537.36 (KHTML, like Gecko; compatible; bingbot/2.0; +http://www.bing.com/bingbot.htm) Chrome/103.0.5060.134 Safari/537.36"
47.246.164.145 - - [03/Jun/2023:06:23:02 +0200] "GET /images/mini_prod/1399984241813.jpg HTTP/1.0" 200 269 "-" "Mozilla/5.0 (X11; Ubuntu; Linux x86_64; rv:72.0) Gecko/20100101 Firefox/72.0"
185.191.171.9 - - [03/Jun/2023:06:23:09 +0200] "GET /vintage-liberty-cushion-p-16211.html HTTP/1.0" 200 76532 "-" "Mozilla/5.0 (compatible; SemrushBot/7~bl; +http://www.semrush.com/bot.html)"
61.147.15.65 - - [03/Jun/2023:06:23:21 +0200] "GET / HTTP/1.0" 200 152602 "-" "Mozilla/5.0 (Windows; U; Windows NT 5.1; de; rv:1.8.0.3) Gecko/20060426 Firefox/1.5.0.3"
