114.119.143.174 - - [03/Jun/2023:13:28:37 +0200] "GET /coca-cola-things-go-better-large-metal-plate-deco-p-35214.html HTTP/1.0" 301 76270 "http://www.wonder-geek.com/tin-and-metal-signs-c-13_130.html?page=15" "Mozilla/5.0 (Linux; Android 7.0;) AppleWebKit/537.36 (KHTML, like Gecko) Mobile Safari/537.36 (compatible; PetalBot;+https://webmaster.petalsearch.com/site/petalbot)"
114.119.143.174 - - [03/Jun/2023:13:28:52 +0200] "GET /coca-cola-things-better-large-metal-plate-deco-p-35214.html HTTP/1.0" 200 76157 "http://www.wonder-geek.com/tin-and-metal-signs-c-13_130.html?page=15" "Mozilla/5.0 (Linux; Android 7.0;) AppleWebKit/537.36 (KHTML, like Gecko) Mobile Safari/537.36 (compatible; PetalBot;+https://webmaster.petalsearch.com/site/petalbot)"
114.119.130.29 - - [03/Jun/2023:13:29:18 +0200] "GET /camargue-cross-metal-trivet-p-53757.html HTTP/1.0" 200 75984 "http://www.wonder-geek.com/trivet-boards-c-12_158.html?page=6" "Mozilla/5.0 (Linux; Android 7.0;) AppleWebKit/537.36 (KHTML, like Gecko) Mobile Safari/537.36 (compatible; PetalBot;+https://webmaster.petalsearch.com/site/petalbot)"
207.46.13.220 - - [03/Jun/2023:13:30:42 +0200] "GET /messenger-black-marshall-p-26347.html HTTP/1.0" 200 76367 "-" "Mozilla/5.0 AppleWebKit/537.36 (KHTML, like Gecko; compatible; bingbot/2.0; +http://www.bing.com/bingbot.htm) Chrome/103.0.5060.134 Safari/537.36"
185.191.171.4 - - [03/Jun/2023:13:30:52 +0200] "GET /decorative-hanging-blue-outline-p-35425.html HTTP/1.0" 200 76054 "-" "Mozilla/5.0 (compatible; SemrushBot/7~bl; +http://www.semrush.com/bot.html)"
114.119.143.133 - - [03/Jun/2023:13:31:02 +0200] "GET /bonheur-et-dream-wall-sticker-p-51529.html HTTP/1.0" 301 76994 "http://www.wonder-geek.com/wall-sticker-c-13_187.html?page=5" "Mozilla/5.0 (Linux; Android 7.0;) AppleWebKit/537.36 (KHTML, like Gecko) Mobile Safari/537.36 (compatible; PetalBot;+https://webmaster.petalsearch.com/site/petalbot)"
216.244.66.242 - - [03/Jun/2023:13:31:02 +0200] "GET /buddhist-little-monk-in-meditation-22-cm-p-46808.html HTTP/1.0" 301 76256 "-" "Mozilla/5.0 (compatible; DotBot/1.2; +https://opensiteexplorer.org/dotbot; help@moz.com)"
114.119.143.133 - - [03/Jun/2023:13:31:14 +0200] "GET /bonheur-dream-wall-sticker-p-51529.html HTTP/1.0" 200 76901 "http://www.wonder-geek.com/wall-sticker-c-13_187.html?page=5" "Mozilla/5.0 (Linux; Android 7.0;) AppleWebKit/537.36 (KHTML, like Gecko) Mobile Safari/537.36 (compatible; PetalBot;+https://webmaster.petalsearch.com/site/petalbot)"
216.244.66.242 - - [03/Jun/2023:13:31:14 +0200] "GET /cotton-bath-mat-50-80-cm-ivory-color-p-48699.html HTTP/1.0" 301 73391 "-" "Mozilla/5.0 (compatible; DotBot/1.2; +https://opensiteexplorer.org/dotbot; help@moz.com)"
216.244.66.242 - - [03/Jun/2023:13:31:26 +0200] "GET /incense-burner-sticks-and-cones-hebru-hand-soapstone-p-44275.html HTTP/1.0" 301 77013 "-" "Mozilla/5.0 (compatible; DotBot/1.2; +https://opensiteexplorer.org/dotbot; help@moz.com)"
216.244.66.242 - - [03/Jun/2023:13:31:37 +0200] "GET /jimmy-the-bull-posing-mug-and-coaster-set-p-48221.html HTTP/1.0" 301 73391 "-" "Mozilla/5.0 (compatible; DotBot/1.2; +https://opensiteexplorer.org/dotbot; help@moz.com)"
114.119.140.211 - - [03/Jun/2023:13:32:08 +0200] "GET /blue-p-45709.html HTTP/1.0" 200 73352 "http://www.wonder-geek.com/coffee-c-13_150_153.html?page=2" "Mozilla/5.0 (Linux; Android 7.0;) AppleWebKit/537.36 (KHTML, like Gecko) Mobile Safari/537.36 (compatible; PetalBot;+https://webmaster.petalsearch.com/site/petalbot)"
17.241.75.10 - - [03/Jun/2023:13:32:11 +0200] "GET /gift-bowls-nature-spoons-coconut-p-59597.html HTTP/1.0" 200 78594 "-" "Mozilla/5.0 (Macintosh; Intel Mac OS X 10_15_5) AppleWebKit/605.1.15 (KHTML, like Gecko) Version/13.1.1 Safari/605.1.15 (Applebot/0.1; +http://www.apple.com/go/applebot)"
185.176.78.179 - - [03/Jun/2023:13:32:42 +0200] "GET /images/mini_prod/1384010202913.jpg HTTP/1.0" 200 269 "-" "Mozilla/5.0 (X11; Ubuntu; Linux x86_64; rv:72.0) Gecko/20100101 Firefox/72.0"
51.68.224.127 - - [03/Jun/2023:13:33:10 +0200] "GET /adminweb/export_orders_xml.php?token=256de2z6edz6ed2z6DFSFsed2zed6zeDSFDSGdzedezfzf&maxorders=10&orderstart=1&status=14&start_date=2018-10-01 HTTP/1.0" 200 285 "-" "GesCom CharlotteBoutik Serveur"
51.68.224.127 - - [03/Jun/2023:13:33:10 +0200] "GET /adminweb/export_orders_xml.php?token=256de2z6edz6ed2z6DFSFsed2zed6zeDSFDSGdzedezfzf&maxorders=10&orderstart=1&status=6&start_date=2018-10-01 HTTP/1.0" 200 33887 "-" "GesCom CharlotteBoutik Serveur"
52.167.144.98 - - [03/Jun/2023:13:33:26 +0200] "GET /curtain-eyelets-navy-blue-p-42532.html HTTP/1.0" 200 73448 "-" "Mozilla/5.0 AppleWebKit/537.36 (KHTML, like Gecko; compatible; bingbot/2.0; +http://www.bing.com/bingbot.htm) Chrome/103.0.5060.134 Safari/537.36"
207.46.13.220 - - [03/Jun/2023:13:33:30 +0200] "GET /mtal-signs-c-13_130.html HTTP/1.0" 200 96100 "-" "Mozilla/5.0 AppleWebKit/537.36 (KHTML, like Gecko; compatible; bingbot/2.0; +http://www.bing.com/bingbot.htm) Chrome/103.0.5060.134 Safari/537.36"
114.119.147.75 - - [03/Jun/2023:13:33:47 +0200] "GET /beige-white-cement-lamp-p-55604.html HTTP/1.0" 200 73414 "http://www.wonder-geek.com/table-lamps-c-86_286.html?page=7" "Mozilla/5.0 (Linux; Android 7.0;) AppleWebKit/537.36 (KHTML, like Gecko) Mobile Safari/537.36 (compatible; PetalBot;+https://webmaster.petalsearch.com/site/petalbot)"
40.77.167.213 - - [03/Jun/2023:13:34:03 +0200] "GET /retro-ottoman-storage-p-40326.html HTTP/1.0" 200 76177 "-" "Mozilla/5.0 AppleWebKit/537.36 (KHTML, like Gecko; compatible; bingbot/2.0; +http://www.bing.com/bingbot.htm) Chrome/103.0.5060.134 Safari/537.36"
40.77.167.213 - - [03/Jun/2023:13:34:05 +0200] "GET /klimt-coffee-tumbler-spoon-p-51381.html HTTP/1.0" 200 76688 "-" "Mozilla/5.0 AppleWebKit/537.36 (KHTML, like Gecko; compatible; bingbot/2.0; +http://www.bing.com/bingbot.htm) Chrome/103.0.5060.134 Safari/537.36"
40.77.167.213 - - [03/Jun/2023:13:34:07 +0200] "GET /raving-rabbits-clock-p-37535.html HTTP/1.0" 200 75985 "-" "Mozilla/5.0 AppleWebKit/537.36 (KHTML, like Gecko; compatible; bingbot/2.0; +http://www.bing.com/bingbot.htm) Chrome/103.0.5060.134 Safari/537.36"
40.77.167.213 - - [03/Jun/2023:13:34:08 +0200] "GET /furby-pencil-case-p-20237.html HTTP/1.0" 200 76134 "-" "Mozilla/5.0 AppleWebKit/537.36 (KHTML, like Gecko; compatible; bingbot/2.0; +http://www.bing.com/bingbot.htm) Chrome/103.0.5060.134 Safari/537.36"
40.77.167.213 - - [03/Jun/2023:13:34:10 +0200] "GET /accessories-mobiles-c-3_17.html HTTP/1.0" 200 97218 "-" "Mozilla/5.0 AppleWebKit/537.36 (KHTML, like Gecko; compatible; bingbot/2.0; +http://www.bing.com/bingbot.htm) Chrome/103.0.5060.134 Safari/537.36"
40.77.167.213 - - [03/Jun/2023:13:34:13 +0200] "GET /swimwear-c-2_35.html HTTP/1.0" 200 92953 "-" "Mozilla/5.0 AppleWebKit/537.36 (KHTML, like Gecko; compatible; bingbot/2.0; +http://www.bing.com/bingbot.htm) Chrome/103.0.5060.134 Safari/537.36"
40.77.167.213 - - [03/Jun/2023:13:34:15 +0200] "GET /clocks-c-13_67.html?page=9 HTTP/1.0" 200 96313 "-" "Mozilla/5.0 AppleWebKit/537.36 (KHTML, like Gecko; compatible; bingbot/2.0; +http://www.bing.com/bingbot.htm) Chrome/103.0.5060.134 Safari/537.36"
40.77.167.213 - - [03/Jun/2023:13:34:17 +0200] "GET /js/jquery.min.js HTTP/1.0" 404 1308 "-" "Mozilla/5.0 AppleWebKit/537.36 (KHTML, like Gecko; compatible; bingbot/2.0; +http://www.bing.com/bingbot.htm) Chrome/103.0.5060.134 Safari/537.36"
207.46.13.220 - - [03/Jun/2023:13:34:32 +0200] "GET /-p-12833.html HTTP/1.0" 200 73324 "-" "Mozilla/5.0 AppleWebKit/537.36 (KHTML, like Gecko; compatible; bingbot/2.0; +http://www.bing.com/bingbot.htm) Chrome/103.0.5060.134 Safari/537.36"
44.236.1.180 - - [03/Jun/2023:13:35:01 +0200] "GET /images/mini_prod/8719497615612.jpg HTTP/1.0" 200 269 "-" "Mozilla/5.0 (X11; Ubuntu; Linux x86_64; rv:72.0) Gecko/20100101 Firefox/72.0"
114.119.133.247 - - [03/Jun/2023:13:35:03 +0200] "GET /angeles-retro-ottoman-storage-p-50176.html HTTP/1.0" 200 73458 "http://www.wonder-geek.com/home-and-decoration-c-13.html?page=246" "Mozilla/5.0 (Linux; Android 7.0;) AppleWebKit/537.36 (KHTML, like Gecko) Mobile Safari/537.36 (compatible; PetalBot;+https://webmaster.petalsearch.com/site/petalbot)"
185.191.171.1 - - [03/Jun/2023:13:35:44 +0200] "GET /-p-40398.html HTTP/1.0" 200 73324 "-" "Mozilla/5.0 (compatible; SemrushBot/7~bl; +http://www.semrush.com/bot.html)"
35.171.69.89 - - [03/Jun/2023:13:36:27 +0200] "GET /images/mini_prod/1399984247242.jpg HTTP/1.0" 200 269 "-" "Mozilla/5.0 (X11; Ubuntu; Linux x86_64; rv:72.0) Gecko/20100101 Firefox/72.0"
114.119.147.2 - - [03/Jun/2023:13:36:48 +0200] "GET /aluminum-bottle-jamais-tort-printed-france-p-56362.html HTTP/1.0" 200 76880 "http://www.wonder-geek.com/kanteen-and-water-bottles-c-12_161.html?page=3" "Mozilla/5.0 (Linux; Android 7.0;) AppleWebKit/537.36 (KHTML, like Gecko) Mobile Safari/537.36 (compatible; PetalBot;+https://webmaster.petalsearch.com/site/petalbot)"
184.54.130.38 - - [03/Jun/2023:13:36:56 +0200] "GET /images/8435141376134.jpg HTTP/1.0" 200 259 "-" "Mozilla/5.0 (Macintosh; Intel Mac OS X 10_15_6) AppleWebKit/605.1.15 (KHTML, like Gecko) Version/14.1.2 Safari/605.1.15"
216.244.66.242 - - [03/Jun/2023:13:37:32 +0200] "GET /images/280420.jpg HTTP/1.0" 200 252 "-" "Mozilla/5.0 (compatible; DotBot/1.2; +https://opensiteexplorer.org/dotbot; help@moz.com)"
180.76.14.130 - - [03/Jun/2023:13:37:35 +0200] "GET /images/mini_prod/3609810037571.jpg HTTP/1.0" 200 269 "-" "Mozilla/5.0 (X11; Ubuntu; Linux x86_64; rv:72.0) Gecko/20100101 Firefox/72.0"
180.76.14.11 - - [03/Jun/2023:13:38:24 +0200] "GET /images/mini_prod/3665269032109.jpg HTTP/1.0" 200 269 "-" "Mozilla/5.0 (X11; Ubuntu; Linux x86_64; rv:72.0) Gecko/20100101 Firefox/72.0"
216.244.66.242 - - [03/Jun/2023:13:39:17 +0200] "GET /cats-dubout-salt-pepper-p-32698.html HTTP/1.0" 200 76847 "-" "Mozilla/5.0 (compatible; DotBot/1.2; +https://opensiteexplorer.org/dotbot; help@moz.com)"
66.249.64.202 - - [03/Jun/2023:13:39:22 +0200] "GET /charmmy-kitty-medium-cosmetic-p-26665.html HTTP/1.0" 200 76279 "-" "Mozilla/5.0 (Linux; Android 6.0.1; Nexus 5X Build/MMB29P) AppleWebKit/537.36 (KHTML, like Gecko) Chrome/114.0.5735.90 Mobile Safari/537.36 (compatible; Googlebot/2.1; +http://www.google.com/bot.html)"
216.244.66.242 - - [03/Jun/2023:13:39:28 +0200] "GET /images/3609810014541.jpg HTTP/1.0" 200 259 "-" "Mozilla/5.0 (compatible; DotBot/1.2; +https://opensiteexplorer.org/dotbot; help@moz.com)"
216.244.66.242 - - [03/Jun/2023:13:39:36 +0200] "GET /images/4007176124895.jpg HTTP/1.0" 200 259 "-" "Mozilla/5.0 (compatible; DotBot/1.2; +https://opensiteexplorer.org/dotbot; help@moz.com)"
216.244.66.242 - - [03/Jun/2023:13:39:42 +0200] "GET /images/5018997519554.jpg HTTP/1.0" 200 259 "-" "Mozilla/5.0 (compatible; DotBot/1.2; +https://opensiteexplorer.org/dotbot; help@moz.com)"
216.244.66.242 - - [03/Jun/2023:13:39:48 +0200] "GET /images/5050293380452.jpg HTTP/1.0" 200 259 "-" "Mozilla/5.0 (compatible; DotBot/1.2; +https://opensiteexplorer.org/dotbot; help@moz.com)"
47.246.164.139 - - [03/Jun/2023:13:40:11 +0200] "GET /images/mini_prod/1439122000008.jpg HTTP/1.0" 200 269 "-" "Mozilla/5.0 (X11; Ubuntu; Linux x86_64; rv:72.0) Gecko/20100101 Firefox/72.0"
185.176.78.178 - - [03/Jun/2023:13:41:46 +0200] "GET /images/mini_prod/3553561711375BLANC.JPG HTTP/1.0" 200 274 "-" "Mozilla/5.0 (X11; Ubuntu; Linux x86_64; rv:72.0) Gecko/20100101 Firefox/72.0"
146.70.211.100 - - [03/Jun/2023:13:42:19 +0200] "GET /specials.php?page=47%27 HTTP/1.0" 200 121647 "-" "Mozilla/5.0 (Windows NT 10.0; Win64; x64) AppleWebKit/537.36 (KHTML, like Gecko) Chrome/80.0.3987.163 Safari/537.36"
121.5.102.126 - - [03/Jun/2023:13:42:43 +0200] "GET /images/mini_prod/8718375756041.jpg HTTP/1.0" 200 269 "-" "Mozilla/5.0 (X11; Ubuntu; Linux x86_64; rv:72.0) Gecko/20100101 Firefox/72.0"
35.171.69.89 - - [03/Jun/2023:13:42:58 +0200] "GET /images/mini_prod/F8028501263382.jpg HTTP/1.0" 200 270 "-" "Mozilla/5.0 (X11; Ubuntu; Linux x86_64; rv:72.0) Gecko/20100101 Firefox/72.0"
66.249.64.200 - - [03/Jun/2023:13:43:43 +0200] "GET /gorjuss-classic-stripe-large-pencil-case-scarf-p-43179.html HTTP/1.0" 200 76271 "-" "Mozilla/5.0 (Linux; Android 6.0.1; Nexus 5X Build/MMB29P) AppleWebKit/537.36 (KHTML, like Gecko) Chrome/114.0.5735.90 Mobile Safari/537.36 (compatible; Googlebot/2.1; +http://www.google.com/bot.html)"
66.249.64.200 - - [03/Jun/2023:13:43:45 +0200] "GET /disney-planes-storage-stool-p-24530.html HTTP/1.0" 200 76759 "-" "Mozilla/5.0 (Linux; Android 6.0.1; Nexus 5X Build/MMB29P) AppleWebKit/537.36 (KHTML, like Gecko) Chrome/114.0.5735.90 Mobile Safari/537.36 (compatible; Googlebot/2.1; +http://www.google.com/bot.html)"
52.167.144.98 - - [03/Jun/2023:13:43:44 +0200] "GET /-p-17204.html HTTP/1.0" 200 73324 "-" "Mozilla/5.0 AppleWebKit/537.36 (KHTML, like Gecko; compatible; bingbot/2.0; +http://www.bing.com/bingbot.htm) Chrome/103.0.5060.134 Safari/537.36"
185.191.171.6 - - [03/Jun/2023:13:44:18 +0200] "GET /moon-touch-lamp-p-57574.html HTTP/1.0" 200 73374 "-" "Mozilla/5.0 (compatible; SemrushBot/7~bl; +http://www.semrush.com/bot.html)"
35.171.69.89 - - [03/Jun/2023:13:44:27 +0200] "GET /images/mini_prod/3503420112188.jpg HTTP/1.0" 200 269 "-" "Mozilla/5.0 (X11; Ubuntu; Linux x86_64; rv:72.0) Gecko/20100101 Firefox/72.0"
207.46.13.220 - - [03/Jun/2023:13:45:02 +0200] "GET /barbapapa-m-7.html HTTP/1.0" 200 93404 "-" "Mozilla/5.0 AppleWebKit/537.36 (KHTML, like Gecko; compatible; bingbot/2.0; +http://www.bing.com/bingbot.htm) Chrome/103.0.5060.134 Safari/537.36"
121.5.102.126 - - [03/Jun/2023:13:45:25 +0200] "GET /images/mini_prod/3760116310338.jpg HTTP/1.0" 200 269 "-" "Mozilla/5.0 (X11; Ubuntu; Linux x86_64; rv:72.0) Gecko/20100101 Firefox/72.0"
34.141.200.102 - - [03/Jun/2023:13:46:33 +0200] "GET /images/mini_prod/1384010204221.jpg HTTP/1.0" 200 269 "-" "Mozilla/5.0 (X11; Ubuntu; Linux x86_64; rv:72.0) Gecko/20100101 Firefox/72.0"
198.54.133.114 - - [03/Jun/2023:13:47:49 +0200] "GET /products_new.php?page=9%27 HTTP/1.0" 200 95093 "-" "Mozilla/5.0 (Windows NT 10.0; Win64; x64) AppleWebKit/537.36 (KHTML, like Gecko) Chrome/80.0.3987.163 Safari/537.36"
185.176.78.178 - - [03/Jun/2023:13:49:21 +0200] "GET /images/mini_prod/1300000021562.jpg HTTP/1.0" 200 269 "-" "Mozilla/5.0 (X11; Ubuntu; Linux x86_64; rv:72.0) Gecko/20100101 Firefox/72.0"
51.68.224.127 - - [03/Jun/2023:13:49:23 +0200] "GET /adminweb/export_orders_xml.php?token=256de2z6edz6ed2z6DFSFsed2zed6zeDSFDSGdzedezfzf&maxorders=10&orderstart=1&status=14&start_date=2018-10-01 HTTP/1.0" 200 285 "-" "GesCom CharlotteBoutik Serveur"
51.68.224.127 - - [03/Jun/2023:13:49:23 +0200] "GET /adminweb/export_orders_xml.php?token=256de2z6edz6ed2z6DFSFsed2zed6zeDSFDSGdzedezfzf&maxorders=10&orderstart=1&status=6&start_date=2018-10-01 HTTP/1.0" 200 33887 "-" "GesCom CharlotteBoutik Serveur"
44.236.1.180 - - [03/Jun/2023:13:49:31 +0200] "GET /images/mini_prod/8719075391150.jpg HTTP/1.0" 200 269 "-" "Mozilla/5.0 (X11; Ubuntu; Linux x86_64; rv:72.0) Gecko/20100101 Firefox/72.0"
121.5.102.126 - - [03/Jun/2023:13:50:27 +0200] "GET /images/mini_prod/3760116326421.jpg HTTP/1.0" 200 269 "-" "Mozilla/5.0 (X11; Ubuntu; Linux x86_64; rv:72.0) Gecko/20100101 Firefox/72.0"
203.217.230.10 - - [03/Jun/2023:13:50:48 +0200] "GET /images/mini_prod/4036113830810.jpg HTTP/1.0" 200 269 "-" "Mozilla/5.0 (compatible; MSIE 9.0; Windows NT 6.1; Win64; x64; Trident/5.0)"
49.7.20.99 - - [03/Jun/2023:13:50:55 +0200] "GET / HTTP/1.0" 301 511 "-" "Sogou web spider/4.0(+http://www.sogou.com/docs/help/webmasters.htm#07)"
49.7.20.90 - - [03/Jun/2023:13:50:56 +0200] "GET / HTTP/1.0" 200 152866 "-" "Sogou web spider/4.0(+http://www.sogou.com/docs/help/webmasters.htm#07)"
66.249.64.198 - - [03/Jun/2023:13:51:24 +0200] "GET /cotton-floor-cushion-beige-p-38997.html HTTP/1.0" 200 78192 "-" "Mozilla/5.0 (compatible; Googlebot/2.1; +http://www.google.com/bot.html)"
66.249.64.200 - - [03/Jun/2023:13:51:44 +0200] "GET /images/big_prod/8409810063809.jpg HTTP/1.0" 200 268 "-" "Googlebot-Image/1.0"
34.141.200.102 - - [03/Jun/2023:13:52:37 +0200] "GET /images/3681643402207.jpg HTTP/1.0" 200 259 "-" "Mozilla/5.0 (X11; Ubuntu; Linux x86_64; rv:72.0) Gecko/20100101 Firefox/72.0"
66.249.64.200 - - [03/Jun/2023:13:53:32 +0200] "GET /mani-lucky-glasses-case-p-49903.html HTTP/1.0" 200 76075 "-" "Mozilla/5.0 (Linux; Android 6.0.1; Nexus 5X Build/MMB29P) AppleWebKit/537.36 (KHTML, like Gecko) Chrome/114.0.5735.90 Mobile Safari/537.36 (compatible; Googlebot/2.1; +http://www.google.com/bot.html)"
185.191.171.9 - - [03/Jun/2023:13:54:04 +0200] "GET /white-wooden-perpetual-calendar-p-60322.html HTTP/1.0" 200 76880 "-" "Mozilla/5.0 (compatible; SemrushBot/7~bl; +http://www.semrush.com/bot.html)"
207.46.13.220 - - [03/Jun/2023:13:55:27 +0200] "GET /duvet-cover-cotton-percale-threads-p-53209.html HTTP/1.0" 301 73391 "-" "Mozilla/5.0 AppleWebKit/537.36 (KHTML, like Gecko; compatible; bingbot/2.0; +http://www.bing.com/bingbot.htm) Chrome/103.0.5060.134 Safari/537.36"
35.171.69.89 - - [03/Jun/2023:13:57:10 +0200] "GET /images/mini_prod/7601019995375.jpg HTTP/1.0" 200 269 "-" "Mozilla/5.0 (X11; Ubuntu; Linux x86_64; rv:72.0) Gecko/20100101 Firefox/72.0"
35.171.69.89 - - [03/Jun/2023:13:57:16 +0200] "GET /images/mini_prod/8003990589939.jpg HTTP/1.0" 200 269 "-" "Mozilla/5.0 (X11; Ubuntu; Linux x86_64; rv:72.0) Gecko/20100101 Firefox/72.0"
121.5.102.126 - - [03/Jun/2023:13:59:32 +0200] "GET /images/big_prod_1/3359103059680c.jpg HTTP/1.0" 200 271 "-" "Mozilla/5.0 (X11; Ubuntu; Linux x86_64; rv:72.0) Gecko/20100101 Firefox/72.0"
35.171.69.89 - - [03/Jun/2023:14:01:10 +0200] "GET /images/mini_prod/1399984254394.jpg HTTP/1.0" 200 269 "-" "Mozilla/5.0 (X11; Ubuntu; Linux x86_64; rv:72.0) Gecko/20100101 Firefox/72.0"
66.249.64.198 - - [03/Jun/2023:14:01:24 +0200] "GET /cotton-floor-cushion-beige-p-38997.html HTTP/1.0" 200 78192 "-" "Mozilla/5.0 (Linux; Android 6.0.1; Nexus 5X Build/MMB29P) AppleWebKit/537.36 (KHTML, like Gecko) Chrome/114.0.5735.90 Mobile Safari/537.36 (compatible; Googlebot/2.1; +http://www.google.com/bot.html)"
35.171.69.89 - - [03/Jun/2023:14:02:03 +0200] "GET /images/mini_prod/3453131138932.jpg HTTP/1.0" 200 269 "-" "Mozilla/5.0 (X11; Ubuntu; Linux x86_64; rv:72.0) Gecko/20100101 Firefox/72.0"
202.148.59.45 - - [03/Jun/2023:14:02:14 +0200] "GET /wp-login.php HTTP/1.0" 404 1308 "-" "Mozilla/5.0 (Windows NT 10.0; WOW64; Trident/7.0; rv:11.0) like Gecko"
202.148.59.45 - - [03/Jun/2023:14:02:14 +0200] "GET /xmlrpc.php HTTP/1.0" 404 1308 "-" "Mozilla/5.0 (Windows NT 10.0; WOW64; Trident/7.0; rv:11.0) like Gecko"
101.36.112.24 - - [03/Jun/2023:14:04:27 +0200] "GET /images/big_prod_1/3359103059680c.jpg HTTP/1.0" 200 271 "-" "Mozilla/5.0 (X11; Ubuntu; Linux x86_64; rv:72.0) Gecko/20100101 Firefox/72.0"
35.171.69.89 - - [03/Jun/2023:14:05:16 +0200] "GET /images/mini_prod/3438100339787.jpg HTTP/1.0" 200 269 "-" "Mozilla/5.0 (X11; Ubuntu; Linux x86_64; rv:72.0) Gecko/20100101 Firefox/72.0"
44.236.1.180 - - [03/Jun/2023:14:05:27 +0200] "GET /images/mini_prod/7601019992992.jpg HTTP/1.0" 200 269 "-" "Mozilla/5.0 (X11; Ubuntu; Linux x86_64; rv:72.0) Gecko/20100101 Firefox/72.0"
185.191.171.16 - - [03/Jun/2023:14:05:33 +0200] "GET /cement-tile-stickers-p-58014.html HTTP/1.0" 200 76894 "-" "Mozilla/5.0 (compatible; SemrushBot/7~bl; +http://www.semrush.com/bot.html)"
34.141.200.102 - - [03/Jun/2023:14:05:54 +0200] "GET /images/mini_prod/3453131145435.jpg HTTP/1.0" 200 269 "-" "Mozilla/5.0 (X11; Ubuntu; Linux x86_64; rv:72.0) Gecko/20100101 Firefox/72.0"
51.68.224.127 - - [03/Jun/2023:14:06:12 +0200] "GET /adminweb/export_orders_xml.php?token=256de2z6edz6ed2z6DFSFsed2zed6zeDSFDSGdzedezfzf&maxorders=10&orderstart=1&status=14&start_date=2018-10-01 HTTP/1.0" 200 285 "-" "GesCom CharlotteBoutik Serveur"
51.68.224.127 - - [03/Jun/2023:14:06:12 +0200] "GET /adminweb/export_orders_xml.php?token=256de2z6edz6ed2z6DFSFsed2zed6zeDSFDSGdzedezfzf&maxorders=10&orderstart=1&status=6&start_date=2018-10-01 HTTP/1.0" 200 33887 "-" "GesCom CharlotteBoutik Serveur"
114.220.70.165 - - [03/Jun/2023:14:07:23 +0200] "GET /images/med_prod/4029811281688.jpg HTTP/1.0" 200 268 "-" "Mozilla/5.0 (Macintosh; Intel Mac OS X 10_13_6) AppleWebKit/537.16 (KHTML, like Gecko) Chrome/74.0.3729.169 Safari/537.321"
185.191.171.4 - - [03/Jun/2023:14:09:10 +0200] "GET /fancy-elastic-bracelet-buddha-p-43738.html HTTP/1.0" 200 76020 "-" "Mozilla/5.0 (compatible; SemrushBot/7~bl; +http://www.semrush.com/bot.html)"
185.191.171.10 - - [03/Jun/2023:14:10:46 +0200] "GET /indian-elephant-statuette-p-51512.html HTTP/1.0" 200 73430 "-" "Mozilla/5.0 (compatible; SemrushBot/7~bl; +http://www.semrush.com/bot.html)"
66.249.64.200 - - [03/Jun/2023:14:11:24 +0200] "GET /traditional-water-bottle-p-52639.html HTTP/1.0" 200 73426 "-" "Mozilla/5.0 (compatible; Googlebot/2.1; +http://www.google.com/bot.html)"
120.53.202.30 - - [03/Jun/2023:14:11:38 +0200] "GET /images/mini_prod/9316188068253.jpg HTTP/1.0" 200 269 "-" "Mozilla/5.0 (X11; Ubuntu; Linux x86_64; rv:72.0) Gecko/20100101 Firefox/72.0"
120.53.202.30 - - [03/Jun/2023:14:11:40 +0200] "GET /images/mini_prod/9316188054027.jpg HTTP/1.0" 200 269 "-" "Mozilla/5.0 (X11; Ubuntu; Linux x86_64; rv:72.0) Gecko/20100101 Firefox/72.0"
120.53.202.30 - - [03/Jun/2023:14:11:46 +0200] "GET /images/mini_prod/9316188077521.jpg HTTP/1.0" 200 269 "-" "Mozilla/5.0 (X11; Ubuntu; Linux x86_64; rv:72.0) Gecko/20100101 Firefox/72.0"
120.53.202.30 - - [03/Jun/2023:14:11:48 +0200] "GET /images/mini_prod/9316188081016.jpg HTTP/1.0" 200 269 "-" "Mozilla/5.0 (X11; Ubuntu; Linux x86_64; rv:72.0) Gecko/20100101 Firefox/72.0"
120.53.202.30 - - [03/Jun/2023:14:11:48 +0200] "GET /images/mini_prod/9316188068246.jpg HTTP/1.0" 200 269 "-" "Mozilla/5.0 (X11; Ubuntu; Linux x86_64; rv:72.0) Gecko/20100101 Firefox/72.0"
120.53.202.30 - - [03/Jun/2023:14:11:50 +0200] "GET /images/mini_prod/9316188068239.jpg HTTP/1.0" 200 269 "-" "Mozilla/5.0 (X11; Ubuntu; Linux x86_64; rv:72.0) Gecko/20100101 Firefox/72.0"
120.53.202.30 - - [03/Jun/2023:14:11:55 +0200] "GET /images/mini_prod/3660173124445.jpg HTTP/1.0" 200 269 "-" "Mozilla/5.0 (X11; Ubuntu; Linux x86_64; rv:72.0) Gecko/20100101 Firefox/72.0"
120.53.202.30 - - [03/Jun/2023:14:11:56 +0200] "GET /images/mini_prod/9316188067454.jpg HTTP/1.0" 200 269 "-" "Mozilla/5.0 (X11; Ubuntu; Linux x86_64; rv:72.0) Gecko/20100101 Firefox/72.0"
120.53.202.30 - - [03/Jun/2023:14:11:58 +0200] "GET /images/mini_prod/9316188080996.jpg HTTP/1.0" 200 269 "-" "Mozilla/5.0 (X11; Ubuntu; Linux x86_64; rv:72.0) Gecko/20100101 Firefox/72.0"
66.249.64.200 - - [03/Jun/2023:14:12:15 +0200] "GET /images/3700057114527.jpg HTTP/1.0" 200 259 "-" "Googlebot-Image/1.0"
139.224.49.40 - - [03/Jun/2023:14:12:56 +0200] "GET /images/mini_prod/3760116326421.jpg HTTP/1.0" 200 269 "-" "Mozilla/5.0 (X11; Ubuntu; Linux x86_64; rv:72.0) Gecko/20100101 Firefox/72.0"
198.54.133.114 - - [03/Jun/2023:14:13:07 +0200] "GET /products_new.php?page=19%27 HTTP/1.0" 200 95094 "-" "Mozilla/5.0 (Windows NT 10.0; Win64; x64) AppleWebKit/537.36 (KHTML, like Gecko) Chrome/80.0.3987.163 Safari/537.36"
45.140.52.76 - - [03/Jun/2023:14:14:14 +0200] "GET / HTTP/1.0" 301 511 "http://wonder-geek.com/" "Mozilla/5.0 (Windows NT 10.0; Win64; x64) AppleWebKit/537.36 (KHTML, like Gecko) Chrome/103.0.5060.53 Safari/537.36"
35.171.69.89 - - [03/Jun/2023:14:14:37 +0200] "GET /images/mini_prod/3453131143219.jpg HTTP/1.0" 200 269 "-" "Mozilla/5.0 (X11; Ubuntu; Linux x86_64; rv:72.0) Gecko/20100101 Firefox/72.0"
35.171.69.89 - - [03/Jun/2023:14:15:11 +0200] "GET /images/mini_prod/1186747042905.jpg HTTP/1.0" 200 269 "-" "Mozilla/5.0 (X11; Ubuntu; Linux x86_64; rv:72.0) Gecko/20100101 Firefox/72.0"
44.236.1.180 - - [03/Jun/2023:14:15:51 +0200] "GET /images/mini_prod/8435333830697N.jpg HTTP/1.0" 200 270 "-" "Mozilla/5.0 (X11; Ubuntu; Linux x86_64; rv:72.0) Gecko/20100101 Firefox/72.0"
185.176.78.178 - - [03/Jun/2023:14:15:57 +0200] "GET /images/mini_prod/1399984241790.jpg HTTP/1.0" 200 269 "-" "Mozilla/5.0 (X11; Ubuntu; Linux x86_64; rv:72.0) Gecko/20100101 Firefox/72.0"
66.249.64.198 - - [03/Jun/2023:14:16:24 +0200] "GET /amys-paris-bowl-p-54775.html HTTP/1.0" 200 73398 "-" "Mozilla/5.0 (Linux; Android 6.0.1; Nexus 5X Build/MMB29P) AppleWebKit/537.36 (KHTML, like Gecko) Chrome/114.0.5735.90 Mobile Safari/537.36 (compatible; Googlebot/2.1; +http://www.google.com/bot.html)"
66.249.64.198 - - [03/Jun/2023:14:16:44 +0200] "GET /swfobject.js HTTP/1.0" 404 1308 "http://www.wonder-geek.com/amys-paris-bowl-p-54775.html" "Mozilla/5.0 (Linux; Android 6.0.1; Nexus 5X Build/MMB29P) AppleWebKit/537.36 (KHTML, like Gecko) Chrome/113.0.5672.126 Mobile Safari/537.36 (compatible; Googlebot/2.1; +http://www.google.com/bot.html)"
216.244.66.242 - - [03/Jun/2023:14:18:15 +0200] "GET /robots.txt HTTP/1.0" 200 245 "-" "Mozilla/5.0 (compatible; DotBot/1.2; +https://opensiteexplorer.org/dotbot; help@moz.com)"
52.167.144.98 - - [03/Jun/2023:14:19:20 +0200] "GET /-p-31418.html HTTP/1.0" 200 73324 "-" "Mozilla/5.0 AppleWebKit/537.36 (KHTML, like Gecko; compatible; bingbot/2.0; +http://www.bing.com/bingbot.htm) Chrome/103.0.5060.134 Safari/537.36"
203.217.230.10 - - [03/Jun/2023:14:19:24 +0200] "GET /images/mini_prod/3660173149899.jpg HTTP/1.0" 200 269 "-" "Mozilla/5.0 (compatible; MSIE 9.0; Windows NT 6.1; Win64; x64; Trident/5.0)"
40.77.167.213 - - [03/Jun/2023:14:20:16 +0200] "GET /ben-10-m-100.html HTTP/1.0" 200 80489 "-" "Mozilla/5.0 AppleWebKit/537.36 (KHTML, like Gecko; compatible; bingbot/2.0; +http://www.bing.com/bingbot.htm) Chrome/103.0.5060.134 Safari/537.36"
40.77.167.213 - - [03/Jun/2023:14:20:19 +0200] "GET /images/big_prod_1/1384010179642B.jpg HTTP/1.0" 200 271 "-" "Mozilla/5.0 AppleWebKit/537.36 (KHTML, like Gecko; compatible; bingbot/2.0; +http://www.bing.com/bingbot.htm) Chrome/103.0.5060.134 Safari/537.36"
155.254.9.2 - - [03/Jun/2023:14:20:56 +0200] "GET /contact_us.php HTTP/1.0" 200 26241 "http://www.wonder-geek.com/contact_us.php" "Mozilla/5.0 (Windows NT 10.0) AppleWebKit/537.36 (KHTML, like Gecko) Chrome/90.0.4430.93 Safari/537.36"
52.167.144.98 - - [03/Jun/2023:14:21:28 +0200] "GET /images/big_prod_1/3438100303498B.jpg HTTP/1.0" 200 271 "-" "Mozilla/5.0 AppleWebKit/537.36 (KHTML, like Gecko; compatible; bingbot/2.0; +http://www.bing.com/bingbot.htm) Chrome/103.0.5060.134 Safari/537.36"
35.171.69.89 - - [03/Jun/2023:14:21:52 +0200] "GET /images/mini_prod/3660173208350.jpg HTTP/1.0" 200 269 "-" "Mozilla/5.0 (X11; Ubuntu; Linux x86_64; rv:72.0) Gecko/20100101 Firefox/72.0"
51.68.224.127 - - [03/Jun/2023:14:22:37 +0200] "GET /adminweb/export_orders_xml.php?token=256de2z6edz6ed2z6DFSFsed2zed6zeDSFDSGdzedezfzf&maxorders=10&orderstart=1&status=14&start_date=2018-10-01 HTTP/1.0" 200 285 "-" "GesCom CharlotteBoutik Serveur"
51.68.224.127 - - [03/Jun/2023:14:22:38 +0200] "GET /adminweb/export_orders_xml.php?token=256de2z6edz6ed2z6DFSFsed2zed6zeDSFDSGdzedezfzf&maxorders=10&orderstart=1&status=6&start_date=2018-10-01 HTTP/1.0" 200 33887 "-" "GesCom CharlotteBoutik Serveur"
24.155.248.105 - - [03/Jun/2023:14:22:54 +0200] "GET /strawberry-shortcake-raspberry-torte-doll-15-cm-p-35281.html HTTP/1.0" 301 73391 "https://www.bing.com/" "Mozilla/5.0 (iPhone; CPU iPhone OS 16_5 like Mac OS X) AppleWebKit/605.1.15 (KHTML, like Gecko) Version/16.5 Mobile/15E148 Safari/604.1"
24.155.248.105 - - [03/Jun/2023:14:22:56 +0200] "GET /-p-35281.html HTTP/1.0" 200 73324 "-" "Mozilla/5.0 (iPhone; CPU iPhone OS 16_5 like Mac OS X) AppleWebKit/605.1.15 (KHTML, like Gecko) Version/16.5 Mobile/15E148 Safari/604.1"
24.155.248.105 - - [03/Jun/2023:14:22:57 +0200] "GET /highslide/highslide.js HTTP/1.0" 200 262 "http://www.wonder-geek.com/-p-35281.html" "Mozilla/5.0 (iPhone; CPU iPhone OS 16_5 like Mac OS X) AppleWebKit/605.1.15 (KHTML, like Gecko) Version/16.5 Mobile/15E148 Safari/604.1"
24.155.248.105 - - [03/Jun/2023:14:22:57 +0200] "GET /js/jquery.js HTTP/1.0" 200 252 "http://www.wonder-geek.com/-p-35281.html" "Mozilla/5.0 (iPhone; CPU iPhone OS 16_5 like Mac OS X) AppleWebKit/605.1.15 (KHTML, like Gecko) Version/16.5 Mobile/15E148 Safari/604.1"
24.155.248.105 - - [03/Jun/2023:14:22:57 +0200] "GET /mondial_relay/js/jquery-1.3.2.min.js HTTP/1.0" 200 276 "http://www.wonder-geek.com/-p-35281.html" "Mozilla/5.0 (iPhone; CPU iPhone OS 16_5 like Mac OS X) AppleWebKit/605.1.15 (KHTML, like Gecko) Version/16.5 Mobile/15E148 Safari/604.1"
24.155.248.105 - - [03/Jun/2023:14:22:57 +0200] "GET /js/jquery.jqzoom.js HTTP/1.0" 200 259 "http://www.wonder-geek.com/-p-35281.html" "Mozilla/5.0 (iPhone; CPU iPhone OS 16_5 like Mac OS X) AppleWebKit/605.1.15 (KHTML, like Gecko) Version/16.5 Mobile/15E148 Safari/604.1"
24.155.248.105 - - [03/Jun/2023:14:22:57 +0200] "GET /templates/Pixame_v1/stylesheet.css HTTP/1.0" 200 267 "http://www.wonder-geek.com/-p-35281.html" "Mozilla/5.0 (iPhone; CPU iPhone OS 16_5 like Mac OS X) AppleWebKit/605.1.15 (KHTML, like Gecko) Version/16.5 Mobile/15E148 Safari/604.1"
24.155.248.105 - - [03/Jun/2023:14:22:57 +0200] "GET /swfobject.js HTTP/1.0" 404 1308 "http://www.wonder-geek.com/-p-35281.html" "Mozilla/5.0 (iPhone; CPU iPhone OS 16_5 like Mac OS X) AppleWebKit/605.1.15 (KHTML, like Gecko) Version/16.5 Mobile/15E148 Safari/604.1"
24.155.248.105 - - [03/Jun/2023:14:22:58 +0200] "GET /templates/Pixame_v1/images/icon_accueil2.png HTTP/1.0" 200 278 "http://www.wonder-geek.com/-p-35281.html" "Mozilla/5.0 (iPhone; CPU iPhone OS 16_5 like Mac OS X) AppleWebKit/605.1.15 (KHTML, like Gecko) Version/16.5 Mobile/15E148 Safari/604.1"
24.155.248.105 - - [03/Jun/2023:14:22:58 +0200] "GET /templates/Pixame_v1/images/infobox/pixel_trans.gif HTTP/1.0" 200 328 "http://www.wonder-geek.com/-p-35281.html" "Mozilla/5.0 (iPhone; CPU iPhone OS 16_5 like Mac OS X) AppleWebKit/605.1.15 (KHTML, like Gecko) Version/16.5 Mobile/15E148 Safari/604.1"
24.155.248.105 - - [03/Jun/2023:14:22:58 +0200] "GET /templates/Pixame_v1/images/Bottom_texture.jpg HTTP/1.0" 200 280 "http://www.wonder-geek.com/-p-35281.html" "Mozilla/5.0 (iPhone; CPU iPhone OS 16_5 like Mac OS X) AppleWebKit/605.1.15 (KHTML, like Gecko) Version/16.5 Mobile/15E148 Safari/604.1"
24.155.248.105 - - [03/Jun/2023:14:22:58 +0200] "GET /design/productsenstock.png HTTP/1.0" 200 260 "http://www.wonder-geek.com/-p-35281.html" "Mozilla/5.0 (iPhone; CPU iPhone OS 16_5 like Mac OS X) AppleWebKit/605.1.15 (KHTML, like Gecko) Version/16.5 Mobile/15E148 Safari/604.1"
24.155.248.105 - - [03/Jun/2023:14:22:58 +0200] "GET /templates/Pixame_v1/images/Middle_texture.jpg HTTP/1.0" 200 280 "http://www.wonder-geek.com/-p-35281.html" "Mozilla/5.0 (iPhone; CPU iPhone OS 16_5 like Mac OS X) AppleWebKit/605.1.15 (KHTML, like Gecko) Version/16.5 Mobile/15E148 Safari/604.1"
24.155.248.105 - - [03/Jun/2023:14:22:58 +0200] "GET /templates/Pixame_v1/images/header.png HTTP/1.0" 200 271 "http://www.wonder-geek.com/-p-35281.html" "Mozilla/5.0 (iPhone; CPU iPhone OS 16_5 like Mac OS X) AppleWebKit/605.1.15 (KHTML, like Gecko) Version/16.5 Mobile/15E148 Safari/604.1"
24.155.248.105 - - [03/Jun/2023:14:22:58 +0200] "GET /templates/Pixame_v1/images/infobox/infobox_footer_middle.gif HTTP/1.0" 200 357 "http://www.wonder-geek.com/-p-35281.html" "Mozilla/5.0 (iPhone; CPU iPhone OS 16_5 like Mac OS X) AppleWebKit/605.1.15 (KHTML, like Gecko) Version/16.5 Mobile/15E148 Safari/604.1"
24.155.248.105 - - [03/Jun/2023:14:22:58 +0200] "GET /templates/Pixame_v1/images/nav.png HTTP/1.0" 200 268 "http://www.wonder-geek.com/-p-35281.html" "Mozilla/5.0 (iPhone; CPU iPhone OS 16_5 like Mac OS X) AppleWebKit/605.1.15 (KHTML, like Gecko) Version/16.5 Mobile/15E148 Safari/604.1"
24.155.248.105 - - [03/Jun/2023:14:22:58 +0200] "GET /templates/Pixame_v1/images/pixel_trans.gif HTTP/1.0" 200 328 "http://www.wonder-geek.com/-p-35281.html" "Mozilla/5.0 (iPhone; CPU iPhone OS 16_5 like Mac OS X) AppleWebKit/605.1.15 (KHTML, like Gecko) Version/16.5 Mobile/15E148 Safari/604.1"
24.155.248.105 - - [03/Jun/2023:14:22:58 +0200] "GET /images/pixel_trans.gif HTTP/1.0" 200 328 "http://www.wonder-geek.com/-p-35281.html" "Mozilla/5.0 (iPhone; CPU iPhone OS 16_5 like Mac OS X) AppleWebKit/605.1.15 (KHTML, like Gecko) Version/16.5 Mobile/15E148 Safari/604.1"
24.155.248.105 - - [03/Jun/2023:14:22:58 +0200] "GET /templates/Pixame_v1/images/header-object.png HTTP/1.0" 200 278 "http://www.wonder-geek.com/-p-35281.html" "Mozilla/5.0 (iPhone; CPU iPhone OS 16_5 like Mac OS X) AppleWebKit/605.1.15 (KHTML, like Gecko) Version/16.5 Mobile/15E148 Safari/604.1"
24.155.248.105 - - [03/Jun/2023:14:22:58 +0200] "GET /templates/Pixame_v1/images/buttons/english/button_continue.gif HTTP/1.0" 200 1264 "http://www.wonder-geek.com/-p-35281.html" "Mozilla/5.0 (iPhone; CPU iPhone OS 16_5 like Mac OS X) AppleWebKit/605.1.15 (KHTML, like Gecko) Version/16.5 Mobile/15E148 Safari/604.1"
34.141.200.102 - - [03/Jun/2023:14:22:59 +0200] "GET /images/mini_prod/80039905585252.jpg HTTP/1.0" 200 270 "-" "Mozilla/5.0 (X11; Ubuntu; Linux x86_64; rv:72.0) Gecko/20100101 Firefox/72.0"
24.155.248.105 - - [03/Jun/2023:14:23:00 +0200] "GET /highslide/graphics/outlines/drop-shadow.png HTTP/1.0" 200 277 "http://www.wonder-geek.com/-p-35281.html" "Mozilla/5.0 (iPhone; CPU iPhone OS 16_5 like Mac OS X) AppleWebKit/605.1.15 (KHTML, like Gecko) Version/16.5 Mobile/15E148 Safari/604.1"
24.155.248.105 - - [03/Jun/2023:14:23:00 +0200] "GET /highslide/graphics/zoomout.cur HTTP/1.0" 200 614 "http://www.wonder-geek.com/-p-35281.html" "Mozilla/5.0 (iPhone; CPU iPhone OS 16_5 like Mac OS X) AppleWebKit/605.1.15 (KHTML, like Gecko) Version/16.5 Mobile/15E148 Safari/604.1"
24.155.248.105 - - [03/Jun/2023:14:23:00 +0200] "GET /highslide/graphics/loader.white.gif HTTP/1.0" 200 960 "http://www.wonder-geek.com/-p-35281.html" "Mozilla/5.0 (iPhone; CPU iPhone OS 16_5 like Mac OS X) AppleWebKit/605.1.15 (KHTML, like Gecko) Version/16.5 Mobile/15E148 Safari/604.1"
24.155.248.105 - - [03/Jun/2023:14:23:00 +0200] "GET /favicon.ico HTTP/1.0" 200 260 "http://www.wonder-geek.com/-p-35281.html" "Mozilla/5.0 (iPhone; CPU iPhone OS 16_5 like Mac OS X) AppleWebKit/605.1.15 (KHTML, like Gecko) Version/16.5 Mobile/15E148 Safari/604.1"
203.217.230.10 - - [03/Jun/2023:14:23:16 +0200] "GET /images/mini_prod/1384010208281NN.jpg HTTP/1.0" 200 271 "-" "Mozilla/5.0 (compatible; MSIE 9.0; Windows NT 6.1; Win64; x64; Trident/5.0)"
121.5.102.126 - - [03/Jun/2023:14:23:19 +0200] "GET /images/mini_prod/5036278058585.jpg HTTP/1.0" 200 269 "-" "Mozilla/5.0 (X11; Ubuntu; Linux x86_64; rv:72.0) Gecko/20100101 Firefox/72.0"
35.171.69.89 - - [03/Jun/2023:14:23:19 +0200] "GET /images/mini_prod/1300000022880.jpg HTTP/1.0" 200 269 "-" "Mozilla/5.0 (X11; Ubuntu; Linux x86_64; rv:72.0) Gecko/20100101 Firefox/72.0"
207.46.13.220 - - [03/Jun/2023:14:24:56 +0200] "GET /mugs-mazagrans-c-12_57.html?page=17 HTTP/1.0" 200 98947 "-" "Mozilla/5.0 AppleWebKit/537.36 (KHTML, like Gecko; compatible; bingbot/2.0; +http://www.bing.com/bingbot.htm) Chrome/103.0.5060.134 Safari/537.36"
147.92.153.9 - - [03/Jun/2023:14:25:14 +0200] "GET /models-replicas-c-4_140.html HTTP/1.0" 200 82707 "-" "Mozilla/5.0 (compatible; Linespider/1.1; +https://lin.ee/4dwXkTH)"
121.5.102.126 - - [03/Jun/2023:14:25:55 +0200] "GET /images/mini_prod/3760054863347.jpg HTTP/1.0" 200 269 "-" "Mozilla/5.0 (X11; Ubuntu; Linux x86_64; rv:72.0) Gecko/20100101 Firefox/72.0"
216.244.66.242 - - [03/Jun/2023:14:27:05 +0200] "GET /breakfast-c-12_61.html?page=3 HTTP/1.0" 200 95438 "-" "Mozilla/5.0 (compatible; DotBot/1.2; +https://opensiteexplorer.org/dotbot; help@moz.com)"
88.208.197.59 - - [03/Jun/2023:14:27:32 +0200] "GET /wp-login.php HTTP/1.0" 301 535 "-" "Mozilla/5.0 (Windows NT 10.0; Win64; x64; rv:96.0) Gecko/20100101 Firefox/96"
88.208.197.59 - - [03/Jun/2023:14:27:32 +0200] "GET /wp-login.php HTTP/1.0" 404 1308 "http://wonder-geek.com/wp-login.php" "Mozilla/5.0 (Windows NT 10.0; Win64; x64; rv:96.0) Gecko/20100101 Firefox/96"
35.171.69.89 - - [03/Jun/2023:14:28:51 +0200] "GET /images/mini_prod/3438100339794.jpg HTTP/1.0" 200 269 "-" "Mozilla/5.0 (X11; Ubuntu; Linux x86_64; rv:72.0) Gecko/20100101 Firefox/72.0"
203.217.230.45 - - [03/Jun/2023:14:29:03 +0200] "GET /images/mini_prod/1399984264300.jpg HTTP/1.0" 200 269 "-" "Mozilla/5.0 (compatible; MSIE 9.0; Windows NT 6.1; Win64; x64; Trident/5.0)"
216.244.66.242 - - [03/Jun/2023:14:30:22 +0200] "GET /images/big_prod/3560600301039.jpg HTTP/1.0" 200 268 "-" "Mozilla/5.0 (compatible; DotBot/1.2; +https://opensiteexplorer.org/dotbot; help@moz.com)"
216.244.66.242 - - [03/Jun/2023:14:30:41 +0200] "GET /images/med_prod/1399984280898.jpg HTTP/1.0" 200 268 "-" "Mozilla/5.0 (compatible; DotBot/1.2; +https://opensiteexplorer.org/dotbot; help@moz.com)"
197.52.70.147 - - [03/Jun/2023:14:30:47 +0200] "GET /wp-login.php HTTP/1.0" 404 1308 "-" "Mozilla/5.0 (Windows NT 10.0; WOW64; Trident/7.0; rv:11.0) like Gecko"
197.52.70.147 - - [03/Jun/2023:14:30:48 +0200] "GET /xmlrpc.php HTTP/1.0" 404 1308 "-" "Mozilla/5.0 (Windows NT 10.0; WOW64; Trident/7.0; rv:11.0) like Gecko"
66.249.64.198 - - [03/Jun/2023:14:31:24 +0200] "GET /keyboard-shaped-house-p-47687.html HTTP/1.0" 200 76157 "-" "Mozilla/5.0 (Linux; Android 6.0.1; Nexus 5X Build/MMB29P) AppleWebKit/537.36 (KHTML, like Gecko) Chrome/114.0.5735.90 Mobile Safari/537.36 (compatible; Googlebot/2.1; +http://www.google.com/bot.html)"
121.5.102.126 - - [03/Jun/2023:14:32:59 +0200] "GET /images/mini_prod/3760116310345.jpg HTTP/1.0" 200 269 "-" "Mozilla/5.0 (X11; Ubuntu; Linux x86_64; rv:72.0) Gecko/20100101 Firefox/72.0"
121.5.102.126 - - [03/Jun/2023:14:33:03 +0200] "GET /images/mini_prod/5018997513248.jpg HTTP/1.0" 200 269 "-" "Mozilla/5.0 (X11; Ubuntu; Linux x86_64; rv:72.0) Gecko/20100101 Firefox/72.0"
112.13.112.144 - - [03/Jun/2023:14:33:41 +0200] "GET /images/mini_prod/8712159187960.jpg HTTP/1.0" 200 269 "http://www.wonder-geek.com/" "YisouSpider"
185.191.171.35 - - [03/Jun/2023:14:33:52 +0200] "GET /robots.txt HTTP/1.0" 200 245 "-" "Mozilla/5.0 (compatible; SemrushBot/7~bl; +http://www.semrush.com/bot.html)"
185.191.171.11 - - [03/Jun/2023:14:33:54 +0200] "GET /cotton-floor-cushion-ombeline-p-59764.html HTTP/1.0" 200 77044 "-" "Mozilla/5.0 (compatible; SemrushBot/7~bl; +http://www.semrush.com/bot.html)"
121.5.102.126 - - [03/Jun/2023:14:34:14 +0200] "GET /images/mini_prod/9316188029582.jpg HTTP/1.0" 200 269 "-" "Mozilla/5.0 (X11; Ubuntu; Linux x86_64; rv:72.0) Gecko/20100101 Firefox/72.0"
180.76.14.6 - - [03/Jun/2023:14:34:17 +0200] "GET /images/mini_prod/8422666661517.jpg HTTP/1.0" 200 269 "-" "Mozilla/5.0 (X11; Ubuntu; Linux x86_64; rv:72.0) Gecko/20100101 Firefox/72.0"
185.176.78.179 - - [03/Jun/2023:14:34:56 +0200] "GET /images/mini_prod/8433933118559.jpg HTTP/1.0" 200 269 "-" "Mozilla/5.0 (X11; Ubuntu; Linux x86_64; rv:72.0) Gecko/20100101 Firefox/72.0"
216.244.66.242 - - [03/Jun/2023:14:35:04 +0200] "GET /gorilla-teapot-paul-cardew-p-35268.html HTTP/1.0" 200 75997 "-" "Mozilla/5.0 (compatible; DotBot/1.2; +https://opensiteexplorer.org/dotbot; help@moz.com)"
121.5.102.126 - - [03/Jun/2023:14:35:23 +0200] "GET /images/big_prod_1/5051276388762b.jpg HTTP/1.0" 200 271 "-" "Mozilla/5.0 (X11; Ubuntu; Linux x86_64; rv:72.0) Gecko/20100101 Firefox/72.0"
207.46.13.220 - - [03/Jun/2023:14:35:46 +0200] "GET /decorations-c-13_89.html HTTP/1.0" 200 94407 "-" "Mozilla/5.0 AppleWebKit/537.36 (KHTML, like Gecko; compatible; bingbot/2.0; +http://www.bing.com/bingbot.htm) Chrome/103.0.5060.134 Safari/537.36"
121.5.102.126 - - [03/Jun/2023:14:38:26 +0200] "GET /images/mini_prod/070209_191201_PEEL_gnVzFs.jpg HTTP/1.0" 200 281 "-" "Mozilla/5.0 (X11; Ubuntu; Linux x86_64; rv:72.0) Gecko/20100101 Firefox/72.0"
121.5.102.126 - - [03/Jun/2023:14:38:38 +0200] "GET /images/mini_prod/1439122000008.jpg HTTP/1.0" 200 269 "-" "Mozilla/5.0 (X11; Ubuntu; Linux x86_64; rv:72.0) Gecko/20100101 Firefox/72.0"
51.68.224.127 - - [03/Jun/2023:14:38:49 +0200] "GET /adminweb/export_orders_xml.php?token=256de2z6edz6ed2z6DFSFsed2zed6zeDSFDSGdzedezfzf&maxorders=10&orderstart=1&status=14&start_date=2018-10-01 HTTP/1.0" 200 285 "-" "GesCom CharlotteBoutik Serveur"
51.68.224.127 - - [03/Jun/2023:14:38:49 +0200] "GET /adminweb/export_orders_xml.php?token=256de2z6edz6ed2z6DFSFsed2zed6zeDSFDSGdzedezfzf&maxorders=10&orderstart=1&status=6&start_date=2018-10-01 HTTP/1.0" 200 33887 "-" "GesCom CharlotteBoutik Serveur"
183.69.137.90 - - [03/Jun/2023:14:40:15 +0200] "GET /images/4008789054197.jpg HTTP/1.0" 200 259 "-" "Mozilla/5.0 (X11; Ubuntu; Linux x86_64; rv:72.0) Gecko/20100101 Firefox/72.0"
35.171.69.89 - - [03/Jun/2023:14:40:39 +0200] "GET /images/mini_prod/8424017389316.jpg HTTP/1.0" 200 269 "-" "Mozilla/5.0 (X11; Ubuntu; Linux x86_64; rv:72.0) Gecko/20100101 Firefox/72.0"
47.246.164.131 - - [03/Jun/2023:14:41:23 +0200] "GET /images/mini_prod/3661443279162.jpg HTTP/1.0" 200 269 "-" "Mozilla/5.0 (X11; Ubuntu; Linux x86_64; rv:72.0) Gecko/20100101 Firefox/72.0"
66.249.64.202 - - [03/Jun/2023:14:41:24 +0200] "GET /amys-paris-bowl-p-54775.html HTTP/1.0" 200 73398 "-" "Mozilla/5.0 (compatible; Googlebot/2.1; +http://www.google.com/bot.html)"
66.249.64.198 - - [03/Jun/2023:14:42:22 +0200] "GET /images/sacvesacepuccanoire.jpg HTTP/1.0" 200 265 "-" "Googlebot-Image/1.0"
203.217.230.10 - - [03/Jun/2023:14:42:50 +0200] "GET /images/3700057114015.jpg HTTP/1.0" 200 259 "-" "Mozilla/5.0 (compatible; MSIE 9.0; Windows NT 6.1; Win64; x64; Trident/5.0)"
69.171.251.13 - - [03/Jun/2023:14:43:55 +0200] "GET /images/mini_prod/3560600289979.jpg HTTP/1.0" 200 269 "-" "Mozilla/5.0 (X11; Ubuntu; Linux x86_64; rv:72.0) Gecko/20100101 Firefox/72.0"
44.236.1.180 - - [03/Jun/2023:14:44:18 +0200] "GET /images/mini_prod/1399984258361.jpg HTTP/1.0" 200 269 "-" "Mozilla/5.0 (X11; Ubuntu; Linux x86_64; rv:72.0) Gecko/20100101 Firefox/72.0"
66.249.64.198 - - [03/Jun/2023:14:44:22 +0200] "GET /images/big_prod/Marevatomette.jpg HTTP/1.0" 200 268 "-" "Googlebot-Image/1.0"
35.171.69.89 - - [03/Jun/2023:14:45:07 +0200] "GET /images/big_prod_1/b3608860261035.jpg HTTP/1.0" 200 271 "-" "Mozilla/5.0 (X11; Ubuntu; Linux x86_64; rv:72.0) Gecko/20100101 Firefox/72.0"
119.8.242.63 - - [03/Jun/2023:14:46:18 +0200] "GET /images/big_prod_2/3700281645163b.jpg HTTP/1.0" 200 271 "-" "Mozilla/5.0 (X11; Ubuntu; Linux x86_64; rv:72.0) Gecko/20100101 Firefox/72.0"
182.53.233.197 - - [03/Jun/2023:14:46:50 +0200] "GET /contact_us.php HTTP/1.0" 200 26241 "http://www.wonder-geek.com/contact_us.php" "Mozilla/5.0 (Windows NT 10.0; WOW64) AppleWebKit/537.36 (KHTML, like Gecko) Chrome/90.0.4400.8 Safari/537.36"
182.53.233.197 - - [03/Jun/2023:14:46:52 +0200] "POST /contact_us.php?action=send HTTP/1.0" 200 26488 "http://www.wonder-geek.com/contact_us.php" "Mozilla/5.0 (Windows NT 10.0; WOW64) AppleWebKit/537.36 (KHTML, like Gecko) Chrome/90.0.4400.8 Safari/537.36"
66.249.64.198 - - [03/Jun/2023:14:47:03 +0200] "GET /images/5701359690175.jpg HTTP/1.0" 200 259 "-" "Googlebot-Image/1.0"
66.249.64.198 - - [03/Jun/2023:14:47:27 +0200] "GET /images/big_prod/3453131155151.jpg HTTP/1.0" 200 268 "-" "Googlebot-Image/1.0"
203.217.230.46 - - [03/Jun/2023:14:47:49 +0200] "GET /images/mini_prod/3665269006490.jpg HTTP/1.0" 200 269 "-" "Mozilla/5.0 (compatible; MSIE 9.0; Windows NT 6.1; Win64; x64; Trident/5.0)"
185.176.78.178 - - [03/Jun/2023:14:48:51 +0200] "GET /images/mini_prod/843393331449.jpg HTTP/1.0" 200 268 "-" "Mozilla/5.0 (X11; Ubuntu; Linux x86_64; rv:72.0) Gecko/20100101 Firefox/72.0"
185.191.171.39 - - [03/Jun/2023:14:49:08 +0200] "GET /sound-suspension-tree-life-wood-bamboo-p-60381.html HTTP/1.0" 200 77228 "-" "Mozilla/5.0 (compatible; SemrushBot/7~bl; +http://www.semrush.com/bot.html)"
40.77.167.224 - - [03/Jun/2023:14:50:00 +0200] "GET /cement-tile-stickers-15-15-cm-p-51629.html HTTP/1.0" 301 76982 "-" "Mozilla/5.0 AppleWebKit/537.36 (KHTML, like Gecko; compatible; bingbot/2.0; +http://www.bing.com/bingbot.htm) Chrome/103.0.5060.134 Safari/537.36"
40.77.167.224 - - [03/Jun/2023:14:50:02 +0200] "GET /bamboo-fiber-plant-cover-p-60038.html HTTP/1.0" 301 76193 "-" "Mozilla/5.0 AppleWebKit/537.36 (KHTML, like Gecko; compatible; bingbot/2.0; +http://www.bing.com/bingbot.htm) Chrome/103.0.5060.134 Safari/537.36"
66.249.64.200 - - [03/Jun/2023:14:50:50 +0200] "GET /images/36DSCN8204.jpg HTTP/1.0" 200 256 "-" "Googlebot-Image/1.0"
185.176.78.178 - - [03/Jun/2023:14:51:11 +0200] "GET /images/mini_prod/8433933229798.jpg HTTP/1.0" 200 269 "-" "Mozilla/5.0 (X11; Ubuntu; Linux x86_64; rv:72.0) Gecko/20100101 Firefox/72.0"
185.181.245.16 - - [03/Jun/2023:14:53:06 +0200] "GET / HTTP/1.0" 301 511 "http://wonder-geek.com/" "Mozilla/5.0 (Windows NT 6.3) AppleWebKit/537.36 (KHTML, like Gecko) Chrome/103.0.0.0 Safari/537.36"
77.83.149.105 - - [03/Jun/2023:14:53:07 +0200] "GET / HTTP/1.0" 200 152813 "http://www.wonder-geek.com/" "Mozilla/5.0 (Windows NT 6.3) AppleWebKit/537.36 (KHTML, like Gecko) Chrome/103.0.0.0 Safari/537.36"
187.94.6.158 - - [03/Jun/2023:14:53:10 +0200] "GET /wp-login.php HTTP/1.0" 404 1308 "-" "Mozilla/5.0 (Windows NT 10.0; WOW64; Trident/7.0; rv:11.0) like Gecko"
187.94.6.158 - - [03/Jun/2023:14:53:10 +0200] "GET /xmlrpc.php HTTP/1.0" 404 1308 "-" "Mozilla/5.0 (Windows NT 10.0; WOW64; Trident/7.0; rv:11.0) like Gecko"
45.145.116.98 - - [03/Jun/2023:14:53:10 +0200] "GET /trivet-boards-c-12_158.html HTTP/1.0" 200 97114 "http://www.wonder-geek.com/trivet-boards-c-12_158.html" "Mozilla/5.0 (Windows NT 6.3) AppleWebKit/537.36 (KHTML, like Gecko) Chrome/103.0.0.0 Safari/537.36"
188.130.184.107 - - [03/Jun/2023:14:53:13 +0200] "GET /cardboard-boxes-storage-c-13_150_216.html HTTP/1.0" 200 80764 "http://www.wonder-geek.com/cardboard-boxes-storage-c-13_150_216.html" "Mozilla/5.0 (Windows NT 6.3) AppleWebKit/537.36 (KHTML, like Gecko) Chrome/103.0.0.0 Safari/537.36"
45.140.52.76 - - [03/Jun/2023:14:53:15 +0200] "GET /cushion-headboard-c-11_71_173.html HTTP/1.0" 200 79024 "http://www.wonder-geek.com/cushion-headboard-c-11_71_173.html" "Mozilla/5.0 (Windows NT 6.3) AppleWebKit/537.36 (KHTML, like Gecko) Chrome/103.0.0.0 Safari/537.36"
45.15.236.76 - - [03/Jun/2023:14:53:17 +0200] "GET /contact_us.php HTTP/1.0" 200 26241 "http://www.wonder-geek.com/contact_us.php" "Mozilla/5.0 (Windows NT 6.3) AppleWebKit/537.36 (KHTML, like Gecko) Chrome/103.0.0.0 Safari/537.36"
188.130.184.107 - - [03/Jun/2023:14:53:17 +0200] "POST /contact_us.php?action=send HTTP/1.0" 200 27759 "http://www.wonder-geek.com/contact_us.php" "Mozilla/5.0 (Windows NT 6.3) AppleWebKit/537.36 (KHTML, like Gecko) Chrome/103.0.0.0 Safari/537.36"
40.77.167.213 - - [03/Jun/2023:14:53:47 +0200] "GET /images/big_prod_2/3503420100871B.jpg HTTP/1.0" 200 271 "-" "Mozilla/5.0 AppleWebKit/537.36 (KHTML, like Gecko; compatible; bingbot/2.0; +http://www.bing.com/bingbot.htm) Chrome/103.0.5060.134 Safari/537.36"
40.77.167.213 - - [03/Jun/2023:14:53:48 +0200] "GET /decoration-thermometers-c-13_145.html HTTP/1.0" 200 94141 "-" "Mozilla/5.0 AppleWebKit/537.36 (KHTML, like Gecko; compatible; bingbot/2.0; +http://www.bing.com/bingbot.htm) Chrome/103.0.5060.134 Safari/537.36"
185.191.171.2 - - [03/Jun/2023:14:54:57 +0200] "GET /anthracite-fitted-sheet-p-51987.html HTTP/1.0" 200 75989 "-" "Mozilla/5.0 (compatible; SemrushBot/7~bl; +http://www.semrush.com/bot.html)"
51.68.224.127 - - [03/Jun/2023:14:54:59 +0200] "GET /adminweb/export_orders_xml.php?token=256de2z6edz6ed2z6DFSFsed2zed6zeDSFDSGdzedezfzf&maxorders=10&orderstart=1&status=14&start_date=2018-10-01 HTTP/1.0" 200 285 "-" "GesCom CharlotteBoutik Serveur"
51.68.224.127 - - [03/Jun/2023:14:54:59 +0200] "GET /adminweb/export_orders_xml.php?token=256de2z6edz6ed2z6DFSFsed2zed6zeDSFDSGdzedezfzf&maxorders=10&orderstart=1&status=6&start_date=2018-10-01 HTTP/1.0" 200 33887 "-" "GesCom CharlotteBoutik Serveur"
159.255.188.134 - - [03/Jun/2023:14:56:38 +0200] "GET /contact_us.php HTTP/1.0" 301 539 "http://wonder-geek.com/contact_us.php" "Mozilla/5.0 (Windows NT 10.0; Win64; x64) AppleWebKit/537.36 (KHTML, like Gecko) Chrome/103.0.5060.114 Safari/537.36"
159.255.188.134 - - [03/Jun/2023:14:56:40 +0200] "GET /contact_us.php HTTP/1.0" 200 26241 "http://www.wonder-geek.com/contact_us.php" "Mozilla/5.0 (Windows NT 10.0; Win64; x64) AppleWebKit/537.36 (KHTML, like Gecko) Chrome/103.0.5060.114 Safari/537.36"
159.255.188.134 - - [03/Jun/2023:14:56:41 +0200] "POST /contact_us.php?action=send HTTP/1.0" 200 26724 "http://www.wonder-geek.com/contact_us.php" "Mozilla/5.0 (Windows NT 10.0; Win64; x64) AppleWebKit/537.36 (KHTML, like Gecko) Chrome/103.0.5060.114 Safari/537.36"
128.194.46.88 - - [03/Jun/2023:14:56:51 +0200] "GET /images/big_prod/1345544761390.jpg HTTP/1.0" 200 268 "-" "Mozilla/5.0 (X11; Ubuntu; Linux x86_64; rv:72.0) Gecko/20100101 Firefox/72.0"
65.154.226.170 - - [03/Jun/2023:14:57:00 +0200] "GET /images/big%5fprod/1345544761390.jpg HTTP/1.0" 200 268 "-" "Mozilla/5.0 (Windows NT 10.0) AppleWebKit/537.36 (KHTML, like Gecko) Chrome/106.0.0.0 Safari/537.36"
44.236.1.180 - - [03/Jun/2023:14:57:15 +0200] "GET /images/mini_prod/8003990585245.jpg HTTP/1.0" 200 269 "-" "Mozilla/5.0 (X11; Ubuntu; Linux x86_64; rv:72.0) Gecko/20100101 Firefox/72.0"
35.171.69.89 - - [03/Jun/2023:14:57:25 +0200] "GET /images/mini_prod/5018997621738.jpg HTTP/1.0" 200 269 "-" "Mozilla/5.0 (X11; Ubuntu; Linux x86_64; rv:72.0) Gecko/20100101 Firefox/72.0"
119.8.243.136 - - [03/Jun/2023:14:58:17 +0200] "GET /images/big_prod_1/1328399139835B.jpg HTTP/1.0" 200 271 "-" "Mozilla/5.0 (X11; Ubuntu; Linux x86_64; rv:72.0) Gecko/20100101 Firefox/72.0"
66.249.64.202 - - [03/Jun/2023:14:58:19 +0200] "GET /traditional-water-bottle-p-52639.html HTTP/1.0" 200 73426 "-" "Mozilla/5.0 (Linux; Android 6.0.1; Nexus 5X Build/MMB29P) AppleWebKit/537.36 (KHTML, like Gecko) Chrome/114.0.5735.90 Mobile Safari/537.36 (compatible; Googlebot/2.1; +http://www.google.com/bot.html)"
35.171.69.89 - - [03/Jun/2023:14:58:23 +0200] "GET /images/mini_prod/1399984257203.jpg HTTP/1.0" 200 269 "-" "Mozilla/5.0 (X11; Ubuntu; Linux x86_64; rv:72.0) Gecko/20100101 Firefox/72.0"
44.236.1.180 - - [03/Jun/2023:14:59:10 +0200] "GET /images/mini_prod/3612875119038.jpg HTTP/1.0" 200 269 "-" "Mozilla/5.0 (X11; Ubuntu; Linux x86_64; rv:72.0) Gecko/20100101 Firefox/72.0"
