122.248.202.25 - - [28/Jul/2023:07:45:08 +0200] "GET /highslide/graphics/zoomout.cur HTTP/1.0" 200 614 "http://www.wonder-geek.com/cats-dubout-photo-frame-threesome-p-33752.html" "Mozilla/5.0 (Linux; Android 5.0) AppleWebKit/537.36 (KHTML, like Gecko) Mobile Safari/537.36 (compatible; Bytespider; spider-feedback@bytedance.com)"
122.248.202.25 - - [28/Jul/2023:07:45:08 +0200] "GET /highslide/graphics/outlines/drop-shadow.png HTTP/1.0" 200 277 "http://www.wonder-geek.com/cats-dubout-photo-frame-threesome-p-33752.html" "Mozilla/5.0 (Linux; Android 5.0) AppleWebKit/537.36 (KHTML, like Gecko) Mobile Safari/537.36 (compatible; Bytespider; spider-feedback@bytedance.com)"
122.248.202.25 - - [28/Jul/2023:07:45:08 +0200] "GET /images/big_prod/8717202557929B.jpg HTTP/1.0" 200 269 "http://www.wonder-geek.com/cats-dubout-photo-frame-threesome-p-33752.html" "Mozilla/5.0 (Linux; Android 5.0) AppleWebKit/537.36 (KHTML, like Gecko) Mobile Safari/537.36 (compatible; Bytespider; spider-feedback@bytedance.com)"
217.182.175.187 - - [28/Jul/2023:07:45:15 +0200] "GET /beautiful-babushka-kimmidoll-light-yellow-decorative-figurine-p-33242.html HTTP/1.0" 200 74084 "-" "Mozilla/5.0 (compatible; MJ12bot/v1.4.8; http://mj12bot.com/)"
40.77.167.115 - - [28/Jul/2023:07:45:20 +0200] "GET /images/Image91.jpg HTTP/1.0" 200 253 "-" "Mozilla/5.0 AppleWebKit/537.36 (KHTML, like Gecko; compatible; bingbot/2.0; +http://www.bing.com/bingbot.htm) Chrome/103.0.5060.134 Safari/537.36"
217.182.175.187 - - [28/Jul/2023:07:45:25 +0200] "GET /becassine-set-of-coasters-p-28598.html HTTP/1.0" 301 73846 "-" "Mozilla/5.0 (compatible; MJ12bot/v1.4.8; http://mj12bot.com/)"
217.182.175.187 - - [28/Jul/2023:07:45:33 +0200] "GET /-p-28598.html HTTP/1.0" 200 73779 "-" "Mozilla/5.0 (compatible; MJ12bot/v1.4.8; http://mj12bot.com/)"
217.182.175.187 - - [28/Jul/2023:07:45:42 +0200] "GET /belgium-phone-cover-for-iphone-cbkreation-p-13960.html HTTP/1.0" 301 73846 "-" "Mozilla/5.0 (compatible; MJ12bot/v1.4.8; http://mj12bot.com/)"
217.182.175.187 - - [28/Jul/2023:07:45:49 +0200] "GET /-p-13960.html HTTP/1.0" 200 73779 "-" "Mozilla/5.0 (compatible; MJ12bot/v1.4.8; http://mj12bot.com/)"
217.182.175.187 - - [28/Jul/2023:07:45:57 +0200] "GET /belgium-phone-cover-iphone-cbkreation-p-13960.html HTTP/1.0" 301 73846 "-" "Mozilla/5.0 (compatible; MJ12bot/v1.4.8; http://mj12bot.com/)"
217.182.175.187 - - [28/Jul/2023:07:46:06 +0200] "GET /-p-13960.html HTTP/1.0" 200 73779 "-" "Mozilla/5.0 (compatible; MJ12bot/v1.4.8; http://mj12bot.com/)"
173.252.83.116 - - [28/Jul/2023:07:46:15 +0200] "GET /images/mini_prod/3609810082052.jpg HTTP/1.0" 200 269 "-" "facebookexternalhit/1.1 (+http://www.facebook.com/externalhit_uatext.php)"
217.182.175.187 - - [28/Jul/2023:07:46:15 +0200] "GET /betty-boop-beauty-bag-p-4843.html HTTP/1.0" 301 76855 "-" "Mozilla/5.0 (compatible; MJ12bot/v1.4.8; http://mj12bot.com/)"
217.182.175.187 - - [28/Jul/2023:07:46:24 +0200] "GET /betty-boop-beauty-p-4843.html HTTP/1.0" 200 76772 "-" "Mozilla/5.0 (compatible; MJ12bot/v1.4.8; http://mj12bot.com/)"
217.182.175.187 - - [28/Jul/2023:07:46:31 +0200] "GET /betty-boop-brown-cover-for-mobile-phone-or-cigarette-cases-p-13679.html HTTP/1.0" 301 73846 "-" "Mozilla/5.0 (compatible; MJ12bot/v1.4.8; http://mj12bot.com/)"
217.182.175.187 - - [28/Jul/2023:07:46:39 +0200] "GET /-p-13679.html HTTP/1.0" 200 73779 "-" "Mozilla/5.0 (compatible; MJ12bot/v1.4.8; http://mj12bot.com/)"
217.182.175.187 - - [28/Jul/2023:07:46:46 +0200] "GET /betty-boop-by-britto-collection-mug-p-31966.html HTTP/1.0" 301 73846 "-" "Mozilla/5.0 (compatible; MJ12bot/v1.4.8; http://mj12bot.com/)"
217.182.175.187 - - [28/Jul/2023:07:46:53 +0200] "GET /-p-31966.html HTTP/1.0" 200 73779 "-" "Mozilla/5.0 (compatible; MJ12bot/v1.4.8; http://mj12bot.com/)"
217.182.175.187 - - [28/Jul/2023:07:47:00 +0200] "GET /betty-boop-by-britto-collection-mug-p-31967.html HTTP/1.0" 301 73846 "-" "Mozilla/5.0 (compatible; MJ12bot/v1.4.8; http://mj12bot.com/)"
217.182.175.187 - - [28/Jul/2023:07:47:09 +0200] "GET /-p-31967.html HTTP/1.0" 200 73779 "-" "Mozilla/5.0 (compatible; MJ12bot/v1.4.8; http://mj12bot.com/)"
185.191.171.14 - - [28/Jul/2023:07:47:14 +0200] "GET /minnie-mouse-figure-collection-romero-britto-p-59519.html HTTP/1.0" 200 77336 "-" "Mozilla/5.0 (compatible; SemrushBot/7~bl; +http://www.semrush.com/bot.html)"
217.182.175.187 - - [28/Jul/2023:07:47:18 +0200] "GET /betty-boop-cap-glove-set-for-child-p-22126.html HTTP/1.0" 301 80543 "-" "Mozilla/5.0 (compatible; MJ12bot/v1.4.8; http://mj12bot.com/)"
217.182.175.187 - - [28/Jul/2023:07:47:23 +0200] "GET /betty-boop-glove-child-p-22126.html HTTP/1.0" 200 80454 "-" "Mozilla/5.0 (compatible; MJ12bot/v1.4.8; http://mj12bot.com/)"
87.250.224.227 - - [28/Jul/2023:07:47:31 +0200] "GET /robots.txt HTTP/1.0" 200 245 "-" "Mozilla/5.0 (compatible; YandexBot/3.0; +http://yandex.com/bots)"
5.255.231.24 - - [28/Jul/2023:07:47:31 +0200] "GET /ty-beanie-boos-raccoon-15-cm-p-32133.html HTTP/1.0" 301 73846 "-" "Mozilla/5.0 (compatible; YandexBot/3.0; +http://yandex.com/bots)"
5.255.231.185 - - [28/Jul/2023:07:47:33 +0200] "GET /-p-32133.html HTTP/1.0" 200 73779 "-" "Mozilla/5.0 (compatible; YandexBot/3.0; +http://yandex.com/bots)"
217.182.175.187 - - [28/Jul/2023:07:47:32 +0200] "GET /betty-boop-cap-glove-set-for-child-p-22127.html HTTP/1.0" 301 73846 "-" "Mozilla/5.0 (compatible; MJ12bot/v1.4.8; http://mj12bot.com/)"
217.182.175.187 - - [28/Jul/2023:07:47:39 +0200] "GET /-p-22127.html HTTP/1.0" 200 73779 "-" "Mozilla/5.0 (compatible; MJ12bot/v1.4.8; http://mj12bot.com/)"
217.182.175.187 - - [28/Jul/2023:07:47:46 +0200] "GET /betty-boop-cup-saucer-set-p-12812.html HTTP/1.0" 301 73846 "-" "Mozilla/5.0 (compatible; MJ12bot/v1.4.8; http://mj12bot.com/)"
217.182.175.187 - - [28/Jul/2023:07:47:54 +0200] "GET /-p-12812.html HTTP/1.0" 200 73779 "-" "Mozilla/5.0 (compatible; MJ12bot/v1.4.8; http://mj12bot.com/)"
13.214.9.159 - - [28/Jul/2023:07:48:00 +0200] "GET /bistrot-metal-tray-p-53576.html HTTP/1.0" 200 76995 "-" "Mozilla/5.0 (Linux; Android 5.0) AppleWebKit/537.36 (KHTML, like Gecko) Mobile Safari/537.36 (compatible; Bytespider; spider-feedback@bytedance.com)"
13.214.9.159 - - [28/Jul/2023:07:48:02 +0200] "GET /swfobject.js HTTP/1.0" 404 1308 "http://www.wonder-geek.com/bistrot-metal-tray-p-53576.html" "Mozilla/5.0 (Linux; Android 5.0) AppleWebKit/537.36 (KHTML, like Gecko) Mobile Safari/537.36 (compatible; Bytespider; spider-feedback@bytedance.com)"
13.214.9.159 - - [28/Jul/2023:07:48:02 +0200] "GET /highslide/graphics/zoomin.cur HTTP/1.0" 200 614 "http://www.wonder-geek.com/templates/Pixame_v1/stylesheet.css" "Mozilla/5.0 (Linux; Android 5.0) AppleWebKit/537.36 (KHTML, like Gecko) Mobile Safari/537.36 (compatible; Bytespider; spider-feedback@bytedance.com)"
13.214.9.159 - - [28/Jul/2023:07:48:02 +0200] "GET /images/big_prod_1/3700281644524a.jpg HTTP/1.0" 200 271 "http://www.wonder-geek.com/bistrot-metal-tray-p-53576.html" "Mozilla/5.0 (Linux; Android 5.0) AppleWebKit/537.36 (KHTML, like Gecko) Mobile Safari/537.36 (compatible; Bytespider; spider-feedback@bytedance.com)"
13.214.9.159 - - [28/Jul/2023:07:48:03 +0200] "GET /images/big_prod_2/3700281644524b.jpg HTTP/1.0" 200 271 "http://www.wonder-geek.com/bistrot-metal-tray-p-53576.html" "Mozilla/5.0 (Linux; Android 5.0) AppleWebKit/537.36 (KHTML, like Gecko) Mobile Safari/537.36 (compatible; Bytespider; spider-feedback@bytedance.com)"
217.182.175.187 - - [28/Jul/2023:07:48:02 +0200] "GET /betty-boop-glove-child-p-22127.html HTTP/1.0" 301 73846 "-" "Mozilla/5.0 (compatible; MJ12bot/v1.4.8; http://mj12bot.com/)"
217.182.175.187 - - [28/Jul/2023:07:48:08 +0200] "GET /-p-22127.html HTTP/1.0" 200 73779 "-" "Mozilla/5.0 (compatible; MJ12bot/v1.4.8; http://mj12bot.com/)"
13.214.9.159 - - [28/Jul/2023:07:48:10 +0200] "GET /highslide/graphics/outlines/drop-shadow.png HTTP/1.0" 200 277 "http://www.wonder-geek.com/bistrot-metal-tray-p-53576.html" "Mozilla/5.0 (Linux; Android 5.0) AppleWebKit/537.36 (KHTML, like Gecko) Mobile Safari/537.36 (compatible; Bytespider; spider-feedback@bytedance.com)"
13.214.9.159 - - [28/Jul/2023:07:48:10 +0200] "GET /highslide/graphics/zoomout.cur HTTP/1.0" 200 614 "http://www.wonder-geek.com/bistrot-metal-tray-p-53576.html" "Mozilla/5.0 (Linux; Android 5.0) AppleWebKit/537.36 (KHTML, like Gecko) Mobile Safari/537.36 (compatible; Bytespider; spider-feedback@bytedance.com)"
13.214.9.159 - - [28/Jul/2023:07:48:10 +0200] "GET /images/big_prod/3700281644524.jpg HTTP/1.0" 200 268 "http://www.wonder-geek.com/bistrot-metal-tray-p-53576.html" "Mozilla/5.0 (Linux; Android 5.0) AppleWebKit/537.36 (KHTML, like Gecko) Mobile Safari/537.36 (compatible; Bytespider; spider-feedback@bytedance.com)"
217.182.175.187 - - [28/Jul/2023:07:48:15 +0200] "GET /betty-boop-kiss-pencil-pot-p-15179.html HTTP/1.0" 301 73846 "-" "Mozilla/5.0 (compatible; MJ12bot/v1.4.8; http://mj12bot.com/)"
216.244.66.242 - - [28/Jul/2023:07:48:16 +0200] "GET /coasters-c-12_157.html?page=7 HTTP/1.0" 200 98060 "-" "Mozilla/5.0 (compatible; DotBot/1.2; +https://opensiteexplorer.org/dotbot; help@moz.com)"
217.182.175.187 - - [28/Jul/2023:07:48:23 +0200] "GET /-p-15179.html HTTP/1.0" 200 73779 "-" "Mozilla/5.0 (compatible; MJ12bot/v1.4.8; http://mj12bot.com/)"
217.182.175.187 - - [28/Jul/2023:07:48:29 +0200] "GET /betty-boop-paris-large-bag-p-16907.html HTTP/1.0" 301 73846 "-" "Mozilla/5.0 (compatible; MJ12bot/v1.4.8; http://mj12bot.com/)"
217.182.175.187 - - [28/Jul/2023:07:48:36 +0200] "GET /-p-16907.html HTTP/1.0" 200 73779 "-" "Mozilla/5.0 (compatible; MJ12bot/v1.4.8; http://mj12bot.com/)"
185.191.171.35 - - [28/Jul/2023:07:48:39 +0200] "GET /feathers-chime-bells-p-42076.html HTTP/1.0" 200 76813 "-" "Mozilla/5.0 (compatible; SemrushBot/7~bl; +http://www.semrush.com/bot.html)"
217.182.175.187 - - [28/Jul/2023:07:48:43 +0200] "GET /betty-boop-phone-or-cigarette-case-p-12581.html HTTP/1.0" 301 73846 "-" "Mozilla/5.0 (compatible; MJ12bot/v1.4.8; http://mj12bot.com/)"
217.182.175.187 - - [28/Jul/2023:07:48:50 +0200] "GET /-p-12581.html HTTP/1.0" 200 73779 "-" "Mozilla/5.0 (compatible; MJ12bot/v1.4.8; http://mj12bot.com/)"
217.182.175.187 - - [28/Jul/2023:07:48:56 +0200] "GET /bicycle-wastebasket-26-cm-p-40644.html HTTP/1.0" 301 73969 "-" "Mozilla/5.0 (compatible; MJ12bot/v1.4.8; http://mj12bot.com/)"
185.191.171.3 - - [28/Jul/2023:07:49:05 +0200] "GET /tangled-disney-card-with-envelope-p-34447.html HTTP/1.0" 200 76234 "-" "Mozilla/5.0 (compatible; SemrushBot/7~bl; +http://www.semrush.com/bot.html)"
217.182.175.187 - - [28/Jul/2023:07:49:05 +0200] "GET /bicycle-wastebasket-p-40644.html HTTP/1.0" 200 73883 "-" "Mozilla/5.0 (compatible; MJ12bot/v1.4.8; http://mj12bot.com/)"
217.182.175.187 - - [28/Jul/2023:07:49:11 +0200] "GET /big-god-save-the-queen-magnetic-clock-p-17306.html HTTP/1.0" 301 73846 "-" "Mozilla/5.0 (compatible; MJ12bot/v1.4.8; http://mj12bot.com/)"
185.191.171.16 - - [28/Jul/2023:07:49:15 +0200] "GET /indian-fancy-bracelet-finish-golden-color-p-43740.html HTTP/1.0" 200 76239 "-" "Mozilla/5.0 (compatible; SemrushBot/7~bl; +http://www.semrush.com/bot.html)"
217.182.175.187 - - [28/Jul/2023:07:49:19 +0200] "GET /-p-17306.html HTTP/1.0" 200 73779 "-" "Mozilla/5.0 (compatible; MJ12bot/v1.4.8; http://mj12bot.com/)"
217.182.175.187 - - [28/Jul/2023:07:49:26 +0200] "GET /big-hero-fred-miniature-figure-p-30297.html HTTP/1.0" 301 73846 "-" "Mozilla/5.0 (compatible; MJ12bot/v1.4.8; http://mj12bot.com/)"
217.182.175.187 - - [28/Jul/2023:07:49:34 +0200] "GET /-p-30297.html HTTP/1.0" 200 73779 "-" "Mozilla/5.0 (compatible; MJ12bot/v1.4.8; http://mj12bot.com/)"
217.182.175.187 - - [28/Jul/2023:07:49:40 +0200] "GET /big-hero-go-go-tomago-miniature-figure-p-30299.html HTTP/1.0" 301 73846 "-" "Mozilla/5.0 (compatible; MJ12bot/v1.4.8; http://mj12bot.com/)"
217.182.175.187 - - [28/Jul/2023:07:49:46 +0200] "GET /-p-30299.html HTTP/1.0" 200 73779 "-" "Mozilla/5.0 (compatible; MJ12bot/v1.4.8; http://mj12bot.com/)"
217.182.175.187 - - [28/Jul/2023:07:49:54 +0200] "GET /big-hero-hamada-miniature-figure-p-30300.html HTTP/1.0" 301 73846 "-" "Mozilla/5.0 (compatible; MJ12bot/v1.4.8; http://mj12bot.com/)"
217.182.175.187 - - [28/Jul/2023:07:49:59 +0200] "GET /-p-30300.html HTTP/1.0" 200 73779 "-" "Mozilla/5.0 (compatible; MJ12bot/v1.4.8; http://mj12bot.com/)"
217.182.175.187 - - [28/Jul/2023:07:50:06 +0200] "GET /big-hero-wasabi-miniature-figure-p-30298.html HTTP/1.0" 301 73846 "-" "Mozilla/5.0 (compatible; MJ12bot/v1.4.8; http://mj12bot.com/)"
217.182.175.187 - - [28/Jul/2023:07:50:12 +0200] "GET /-p-30298.html HTTP/1.0" 200 73779 "-" "Mozilla/5.0 (compatible; MJ12bot/v1.4.8; http://mj12bot.com/)"
217.182.175.187 - - [28/Jul/2023:07:50:19 +0200] "GET /big-london-bus-magnetic-clock-p-17313.html HTTP/1.0" 301 73846 "-" "Mozilla/5.0 (compatible; MJ12bot/v1.4.8; http://mj12bot.com/)"
217.182.175.187 - - [28/Jul/2023:07:50:26 +0200] "GET /-p-17313.html HTTP/1.0" 200 73779 "-" "Mozilla/5.0 (compatible; MJ12bot/v1.4.8; http://mj12bot.com/)"
216.244.66.242 - - [28/Jul/2023:07:50:27 +0200] "GET /dishes-c-12.html?page=4 HTTP/1.0" 200 94482 "-" "Mozilla/5.0 (compatible; DotBot/1.2; +https://opensiteexplorer.org/dotbot; help@moz.com)"
217.182.175.187 - - [28/Jul/2023:07:50:33 +0200] "GET /big-mr-mustache-magnetic-clock-p-17308.html HTTP/1.0" 301 73846 "-" "Mozilla/5.0 (compatible; MJ12bot/v1.4.8; http://mj12bot.com/)"
217.182.175.187 - - [28/Jul/2023:07:50:38 +0200] "GET /-p-17308.html HTTP/1.0" 200 73779 "-" "Mozilla/5.0 (compatible; MJ12bot/v1.4.8; http://mj12bot.com/)"
217.182.175.187 - - [28/Jul/2023:07:50:43 +0200] "GET /big-paris-magnetic-clock-p-17314.html HTTP/1.0" 301 73846 "-" "Mozilla/5.0 (compatible; MJ12bot/v1.4.8; http://mj12bot.com/)"
216.244.66.242 - - [28/Jul/2023:07:50:43 +0200] "GET /lighting-c-86.html?page=9 HTTP/1.0" 200 94823 "-" "Mozilla/5.0 (compatible; DotBot/1.2; +https://opensiteexplorer.org/dotbot; help@moz.com)"
217.182.175.187 - - [28/Jul/2023:07:50:50 +0200] "GET /-p-17314.html HTTP/1.0" 200 73779 "-" "Mozilla/5.0 (compatible; MJ12bot/v1.4.8; http://mj12bot.com/)"
217.182.175.187 - - [28/Jul/2023:07:50:58 +0200] "GET /big-uk-magnetic-clock-p-17310.html HTTP/1.0" 301 73846 "-" "Mozilla/5.0 (compatible; MJ12bot/v1.4.8; http://mj12bot.com/)"
217.182.175.187 - - [28/Jul/2023:07:51:04 +0200] "GET /-p-17310.html HTTP/1.0" 200 73779 "-" "Mozilla/5.0 (compatible; MJ12bot/v1.4.8; http://mj12bot.com/)"
217.182.175.187 - - [28/Jul/2023:07:51:10 +0200] "GET /big-us-statue-of-liberty-magnetic-clock-p-17305.html HTTP/1.0" 301 73846 "-" "Mozilla/5.0 (compatible; MJ12bot/v1.4.8; http://mj12bot.com/)"
13.250.0.5 - - [28/Jul/2023:07:51:15 +0200] "GET /spiderman-small-flexible-molds-p-58360.html HTTP/1.0" 200 76964 "-" "Mozilla/5.0 (Linux; Android 5.0) AppleWebKit/537.36 (KHTML, like Gecko) Mobile Safari/537.36 (compatible; Bytespider; spider-feedback@bytedance.com)"
13.250.0.5 - - [28/Jul/2023:07:51:17 +0200] "GET /swfobject.js HTTP/1.0" 404 1308 "http://www.wonder-geek.com/spiderman-small-flexible-molds-p-58360.html" "Mozilla/5.0 (Linux; Android 5.0) AppleWebKit/537.36 (KHTML, like Gecko) Mobile Safari/537.36 (compatible; Bytespider; spider-feedback@bytedance.com)"
13.250.0.5 - - [28/Jul/2023:07:51:18 +0200] "GET /highslide/graphics/zoomin.cur HTTP/1.0" 200 614 "http://www.wonder-geek.com/templates/Pixame_v1/stylesheet.css" "Mozilla/5.0 (Linux; Android 5.0) AppleWebKit/537.36 (KHTML, like Gecko) Mobile Safari/537.36 (compatible; Bytespider; spider-feedback@bytedance.com)"
13.250.0.5 - - [28/Jul/2023:07:51:18 +0200] "GET /images/big_prod_1/8422784258279NNB.jpg HTTP/1.0" 200 273 "http://www.wonder-geek.com/spiderman-small-flexible-molds-p-58360.html" "Mozilla/5.0 (Linux; Android 5.0) AppleWebKit/537.36 (KHTML, like Gecko) Mobile Safari/537.36 (compatible; Bytespider; spider-feedback@bytedance.com)"
216.244.66.242 - - [28/Jul/2023:07:51:17 +0200] "GET /crystal-mint-150g-p-45717.html HTTP/1.0" 200 76322 "-" "Mozilla/5.0 (compatible; DotBot/1.2; +https://opensiteexplorer.org/dotbot; help@moz.com)"
217.182.175.187 - - [28/Jul/2023:07:51:18 +0200] "GET /-p-17305.html HTTP/1.0" 200 73779 "-" "Mozilla/5.0 (compatible; MJ12bot/v1.4.8; http://mj12bot.com/)"
13.250.0.5 - - [28/Jul/2023:07:51:23 +0200] "GET /highslide/graphics/zoomout.cur HTTP/1.0" 200 614 "http://www.wonder-geek.com/spiderman-small-flexible-molds-p-58360.html" "Mozilla/5.0 (Linux; Android 5.0) AppleWebKit/537.36 (KHTML, like Gecko) Mobile Safari/537.36 (compatible; Bytespider; spider-feedback@bytedance.com)"
13.250.0.5 - - [28/Jul/2023:07:51:23 +0200] "GET /highslide/graphics/outlines/drop-shadow.png HTTP/1.0" 200 277 "http://www.wonder-geek.com/spiderman-small-flexible-molds-p-58360.html" "Mozilla/5.0 (Linux; Android 5.0) AppleWebKit/537.36 (KHTML, like Gecko) Mobile Safari/537.36 (compatible; Bytespider; spider-feedback@bytedance.com)"
13.250.0.5 - - [28/Jul/2023:07:51:24 +0200] "GET /images/big_prod/8422784258279NN.jpg HTTP/1.0" 200 270 "http://www.wonder-geek.com/spiderman-small-flexible-molds-p-58360.html" "Mozilla/5.0 (Linux; Android 5.0) AppleWebKit/537.36 (KHTML, like Gecko) Mobile Safari/537.36 (compatible; Bytespider; spider-feedback@bytedance.com)"
217.182.175.187 - - [28/Jul/2023:07:51:25 +0200] "GET /billy-and-buddy-at-the-beach-puzzle-100-pieces-p-21548.html HTTP/1.0" 301 73846 "-" "Mozilla/5.0 (compatible; MJ12bot/v1.4.8; http://mj12bot.com/)"
217.182.175.187 - - [28/Jul/2023:07:51:32 +0200] "GET /-p-21548.html HTTP/1.0" 200 73779 "-" "Mozilla/5.0 (compatible; MJ12bot/v1.4.8; http://mj12bot.com/)"
185.191.171.16 - - [28/Jul/2023:07:51:37 +0200] "GET /robots.txt HTTP/1.0" 200 245 "-" "Mozilla/5.0 (compatible; SemrushBot/7~bl; +http://www.semrush.com/bot.html)"
185.191.171.3 - - [28/Jul/2023:07:51:38 +0200] "GET /coconut-fibers-doormat-colorcats-p-56269.html HTTP/1.0" 200 77107 "-" "Mozilla/5.0 (compatible; SemrushBot/7~bl; +http://www.semrush.com/bot.html)"
217.182.175.187 - - [28/Jul/2023:07:51:40 +0200] "GET /black-cover-ipad-cupcakes-by-cbkreation-p-17345.html HTTP/1.0" 301 73846 "-" "Mozilla/5.0 (compatible; MJ12bot/v1.4.8; http://mj12bot.com/)"
217.182.175.187 - - [28/Jul/2023:07:51:45 +0200] "GET /-p-17345.html HTTP/1.0" 200 73779 "-" "Mozilla/5.0 (compatible; MJ12bot/v1.4.8; http://mj12bot.com/)"
217.182.175.187 - - [28/Jul/2023:07:51:52 +0200] "GET /black-cover-ipad-cupcakes-by-cbkreation-p-17362.html HTTP/1.0" 301 73846 "-" "Mozilla/5.0 (compatible; MJ12bot/v1.4.8; http://mj12bot.com/)"
217.182.175.187 - - [28/Jul/2023:07:52:02 +0200] "GET /-p-17362.html HTTP/1.0" 200 73779 "-" "Mozilla/5.0 (compatible; MJ12bot/v1.4.8; http://mj12bot.com/)"
217.182.175.187 - - [28/Jul/2023:07:52:07 +0200] "GET /black-cover-ipad-cupcakes-cbkreation-p-17345.html HTTP/1.0" 301 73846 "-" "Mozilla/5.0 (compatible; MJ12bot/v1.4.8; http://mj12bot.com/)"
173.252.83.7 - - [28/Jul/2023:07:52:11 +0200] "GET /images/mini_prod/3609810082847E.jpg HTTP/1.0" 200 270 "-" "facebookexternalhit/1.1 (+http://www.facebook.com/externalhit_uatext.php)"
217.182.175.187 - - [28/Jul/2023:07:52:13 +0200] "GET /-p-17345.html HTTP/1.0" 200 73779 "-" "Mozilla/5.0 (compatible; MJ12bot/v1.4.8; http://mj12bot.com/)"
85.208.96.196 - - [28/Jul/2023:07:52:18 +0200] "GET /japanese-style-cast-iron-teapot-liter-p-59972.html HTTP/1.0" 200 76708 "-" "Mozilla/5.0 (compatible; SemrushBot/7~bl; +http://www.semrush.com/bot.html)"
217.182.175.187 - - [28/Jul/2023:07:52:19 +0200] "GET /black-cover-ipad-cupcakes-cbkreation-p-17362.html HTTP/1.0" 301 73846 "-" "Mozilla/5.0 (compatible; MJ12bot/v1.4.8; http://mj12bot.com/)"
40.77.167.115 - - [28/Jul/2023:07:52:21 +0200] "GET /crayola-coloring-album-p-25052.html HTTP/1.0" 301 73846 "-" "Mozilla/5.0 AppleWebKit/537.36 (KHTML, like Gecko; compatible; bingbot/2.0; +http://www.bing.com/bingbot.htm) Chrome/103.0.5060.134 Safari/537.36"
217.182.175.187 - - [28/Jul/2023:07:52:26 +0200] "GET /-p-17362.html HTTP/1.0" 200 73779 "-" "Mozilla/5.0 (compatible; MJ12bot/v1.4.8; http://mj12bot.com/)"
217.182.175.187 - - [28/Jul/2023:07:52:34 +0200] "GET /black-cover-ipad-little-green-hearts-by-cbkreation-p-17892.html HTTP/1.0" 301 73846 "-" "Mozilla/5.0 (compatible; MJ12bot/v1.4.8; http://mj12bot.com/)"
217.182.175.187 - - [28/Jul/2023:07:52:39 +0200] "GET /-p-17892.html HTTP/1.0" 200 73779 "-" "Mozilla/5.0 (compatible; MJ12bot/v1.4.8; http://mj12bot.com/)"
51.68.224.127 - - [28/Jul/2023:07:52:44 +0200] "GET /adminweb/export_orders_xml.php?token=256de2z6edz6ed2z6DFSFsed2zed6zeDSFDSGdzedezfzf&maxorders=10&orderstart=1&status=14&start_date=2018-10-01 HTTP/1.0" 200 285 "-" "GesCom CharlotteBoutik Serveur"
51.68.224.127 - - [28/Jul/2023:07:52:44 +0200] "GET /adminweb/export_orders_xml.php?token=256de2z6edz6ed2z6DFSFsed2zed6zeDSFDSGdzedezfzf&maxorders=10&orderstart=1&status=6&start_date=2018-10-01 HTTP/1.0" 200 33887 "-" "GesCom CharlotteBoutik Serveur"
194.156.92.253 - - [28/Jul/2023:07:53:01 +0200] "GET /create_account.php HTTP/1.0" 301 547 "http://wonder-geek.com/create_account.php" "Mozilla/5.0 (Windows NT 10.0; Win64; x64) AppleWebKit/537.36 (KHTML, like Gecko) Chrome/103.0.5042.0 Safari/537.36"
176.53.186.97 - - [28/Jul/2023:07:53:02 +0200] "GET /create_account.php HTTP/1.0" 200 33630 "http://www.wonder-geek.com/create_account.php" "Mozilla/5.0 (Windows NT 10.0; Win64; x64) AppleWebKit/537.36 (KHTML, like Gecko) Chrome/103.0.5042.0 Safari/537.36"
188.130.137.249 - - [28/Jul/2023:07:53:02 +0200] "GET /index.php HTTP/1.0" 200 98831 "http://www.wonder-geek.com/index.php" "Mozilla/5.0 (Windows NT 10.0; Win64; x64) AppleWebKit/537.36 (KHTML, like Gecko) Chrome/103.0.5042.0 Safari/537.36"
95.182.125.163 - - [28/Jul/2023:07:53:05 +0200] "GET /trivet-boards-c-12_158.html HTTP/1.0" 200 97569 "http://www.wonder-geek.com/trivet-boards-c-12_158.html" "Mozilla/5.0 (Windows NT 10.0; Win64; x64) AppleWebKit/537.36 (KHTML, like Gecko) Chrome/103.0.5042.0 Safari/537.36"
95.182.125.163 - - [28/Jul/2023:07:53:08 +0200] "GET /cardboard-boxes-storage-c-13_150_216.html HTTP/1.0" 200 81219 "http://www.wonder-geek.com/cardboard-boxes-storage-c-13_150_216.html" "Mozilla/5.0 (Windows NT 10.0; Win64; x64) AppleWebKit/537.36 (KHTML, like Gecko) Chrome/103.0.5042.0 Safari/537.36"
188.130.218.237 - - [28/Jul/2023:07:53:13 +0200] "GET /contact_us.php HTTP/1.0" 200 26238 "http://www.wonder-geek.com/contact_us.php" "Mozilla/5.0 (Windows NT 10.0; Win64; x64) AppleWebKit/537.36 (KHTML, like Gecko) Chrome/103.0.5042.0 Safari/537.36"
193.53.168.41 - - [28/Jul/2023:07:53:13 +0200] "POST /contact_us.php?action=send HTTP/1.0" 200 26718 "http://www.wonder-geek.com/contact_us.php" "Mozilla/5.0 (Windows NT 10.0; Win64; x64) AppleWebKit/537.36 (KHTML, like Gecko) Chrome/103.0.5042.0 Safari/537.36"
185.191.171.22 - - [28/Jul/2023:07:53:31 +0200] "GET /gorjuss-ruby-beauty-limited-edition-p-35135.html HTTP/1.0" 200 77470 "-" "Mozilla/5.0 (compatible; SemrushBot/7~bl; +http://www.semrush.com/bot.html)"
185.191.171.12 - - [28/Jul/2023:07:53:44 +0200] "GET /santa-workshop-fine-bone-china-p-59289.html HTTP/1.0" 200 77230 "-" "Mozilla/5.0 (compatible; SemrushBot/7~bl; +http://www.semrush.com/bot.html)"
66.249.66.205 - - [28/Jul/2023:07:54:25 +0200] "GET /images/big_prod_1/b3032160040494.jpg HTTP/1.0" 200 271 "-" "Googlebot-Image/1.0"
114.119.151.1 - - [28/Jul/2023:07:54:25 +0200] "GET /pusheen-pastel-purple-soft-p-41677.html HTTP/1.0" 200 73954 "http://www.wonder-geek.com/games-and-toys-c-4.html?page=11" "Mozilla/5.0 (Linux; Android 7.0;) AppleWebKit/537.36 (KHTML, like Gecko) Mobile Safari/537.36 (compatible; PetalBot;+https://webmaster.petalsearch.com/site/petalbot)"
54.251.71.49 - - [28/Jul/2023:07:54:28 +0200] "GET /orange-blossom-fragrance-diffuser-made-provence-p-57055.html HTTP/1.0" 200 77608 "-" "Mozilla/5.0 (Linux; Android 5.0) AppleWebKit/537.36 (KHTML, like Gecko) Mobile Safari/537.36 (compatible; Bytespider; spider-feedback@bytedance.com)"
54.251.71.49 - - [28/Jul/2023:07:54:30 +0200] "GET /swfobject.js HTTP/1.0" 404 1308 "http://www.wonder-geek.com/orange-blossom-fragrance-diffuser-made-provence-p-57055.html" "Mozilla/5.0 (Linux; Android 5.0) AppleWebKit/537.36 (KHTML, like Gecko) Mobile Safari/537.36 (compatible; Bytespider; spider-feedback@bytedance.com)"
54.251.71.49 - - [28/Jul/2023:07:54:30 +0200] "GET /highslide/graphics/zoomin.cur HTTP/1.0" 200 614 "http://www.wonder-geek.com/templates/Pixame_v1/stylesheet.css" "Mozilla/5.0 (Linux; Android 5.0) AppleWebKit/537.36 (KHTML, like Gecko) Mobile Safari/537.36 (compatible; Bytespider; spider-feedback@bytedance.com)"
54.251.71.49 - - [28/Jul/2023:07:54:30 +0200] "GET /images/big_prod_2/8422084818050B.jpg HTTP/1.0" 200 271 "http://www.wonder-geek.com/orange-blossom-fragrance-diffuser-made-provence-p-57055.html" "Mozilla/5.0 (Linux; Android 5.0) AppleWebKit/537.36 (KHTML, like Gecko) Mobile Safari/537.36 (compatible; Bytespider; spider-feedback@bytedance.com)"
54.251.71.49 - - [28/Jul/2023:07:54:31 +0200] "GET /images/big_prod_1/D8422084800116.jpg HTTP/1.0" 200 271 "http://www.wonder-geek.com/orange-blossom-fragrance-diffuser-made-provence-p-57055.html" "Mozilla/5.0 (Linux; Android 5.0) AppleWebKit/537.36 (KHTML, like Gecko) Mobile Safari/537.36 (compatible; Bytespider; spider-feedback@bytedance.com)"
54.251.71.49 - - [28/Jul/2023:07:54:32 +0200] "GET /highslide/graphics/zoomout.cur HTTP/1.0" 200 614 "http://www.wonder-geek.com/orange-blossom-fragrance-diffuser-made-provence-p-57055.html" "Mozilla/5.0 (Linux; Android 5.0) AppleWebKit/537.36 (KHTML, like Gecko) Mobile Safari/537.36 (compatible; Bytespider; spider-feedback@bytedance.com)"
54.251.71.49 - - [28/Jul/2023:07:54:32 +0200] "GET /highslide/graphics/outlines/drop-shadow.png HTTP/1.0" 200 277 "http://www.wonder-geek.com/orange-blossom-fragrance-diffuser-made-provence-p-57055.html" "Mozilla/5.0 (Linux; Android 5.0) AppleWebKit/537.36 (KHTML, like Gecko) Mobile Safari/537.36 (compatible; Bytespider; spider-feedback@bytedance.com)"
54.251.71.49 - - [28/Jul/2023:07:54:32 +0200] "GET /images/big_prod/8422084800055.jpg HTTP/1.0" 200 268 "http://www.wonder-geek.com/orange-blossom-fragrance-diffuser-made-provence-p-57055.html" "Mozilla/5.0 (Linux; Android 5.0) AppleWebKit/537.36 (KHTML, like Gecko) Mobile Safari/537.36 (compatible; Bytespider; spider-feedback@bytedance.com)"
101.127.250.172 - - [28/Jul/2023:07:54:32 +0200] "GET /images/mini_prod/Image17.jpg HTTP/1.0" 200 263 "-" "Mozilla/5.0 (X11; Ubuntu; Linux x86_64; rv:72.0) Gecko/20100101 Firefox/72.0"
40.77.167.115 - - [28/Jul/2023:07:55:20 +0200] "GET /-p-48325.html HTTP/1.0" 200 73779 "-" "Mozilla/5.0 AppleWebKit/537.36 (KHTML, like Gecko; compatible; bingbot/2.0; +http://www.bing.com/bingbot.htm) Chrome/103.0.5060.134 Safari/537.36"
114.119.158.156 - - [28/Jul/2023:07:55:44 +0200] "GET /images/big_prod_2/8424346225088C.jpg HTTP/1.0" 200 271 "http://www.wonder-geek.com/white-lampshade-p-56280.html" "Mozilla/5.0 (Linux; Android 7.0;) AppleWebKit/537.36 (KHTML, like Gecko) Mobile Safari/537.36 (compatible; PetalBot;+https://webmaster.petalsearch.com/site/petalbot)"
147.160.184.123 - - [28/Jul/2023:07:56:00 +0200] "GET /images/1399984260098.jpg HTTP/1.0" 200 259 "-" "Mozilla/5.0 (X11; Ubuntu; Linux x86_64; rv:72.0) Gecko/20100101 Firefox/72.0"
185.191.171.20 - - [28/Jul/2023:07:56:01 +0200] "GET /bamboo-fiber-plant-cover-p-54353.html HTTP/1.0" 200 76808 "-" "Mozilla/5.0 (compatible; SemrushBot/7~bl; +http://www.semrush.com/bot.html)"
185.191.171.21 - - [28/Jul/2023:07:56:19 +0200] "GET /palo-santo-cones-backflow-incense-cones-p-54624.html HTTP/1.0" 200 77357 "-" "Mozilla/5.0 (compatible; SemrushBot/7~bl; +http://www.semrush.com/bot.html)"
185.191.171.6 - - [28/Jul/2023:07:56:50 +0200] "GET /specials.php?page=20 HTTP/1.0" 200 122120 "-" "Mozilla/5.0 (compatible; SemrushBot/7~bl; +http://www.semrush.com/bot.html)"
114.119.151.5 - - [28/Jul/2023:07:57:02 +0200] "GET /embossed-hanging-plaque-p-60155.html HTTP/1.0" 200 76766 "http://www.wonder-geek.com/home-and-decoration-c-13.html?page=49" "Mozilla/5.0 (Linux; Android 7.0;) AppleWebKit/537.36 (KHTML, like Gecko) Mobile Safari/537.36 (compatible; PetalBot;+https://webmaster.petalsearch.com/site/petalbot)"
49.7.252.81 - - [28/Jul/2023:07:57:19 +0200] "GET /images/mini_prod/Image17.jpg HTTP/1.0" 200 263 "-" "Mozilla/5.0 (X11; Ubuntu; Linux x86_64; rv:72.0) Gecko/20100101 Firefox/72.0"
173.252.83.8 - - [28/Jul/2023:07:57:37 +0200] "GET /images/mini_prod/3438100356951.jpg HTTP/1.0" 200 269 "-" "facebookexternalhit/1.1 (+http://www.facebook.com/externalhit_uatext.php)"
52.77.103.201 - - [28/Jul/2023:07:57:47 +0200] "GET /handy-manny-pencil-case-p-19646.html HTTP/1.0" 200 76318 "-" "Mozilla/5.0 (Linux; Android 5.0) AppleWebKit/537.36 (KHTML, like Gecko) Mobile Safari/537.36 (compatible; Bytespider; spider-feedback@bytedance.com)"
52.77.103.201 - - [28/Jul/2023:07:57:49 +0200] "GET /swfobject.js HTTP/1.0" 404 1308 "http://www.wonder-geek.com/handy-manny-pencil-case-p-19646.html" "Mozilla/5.0 (Linux; Android 5.0) AppleWebKit/537.36 (KHTML, like Gecko) Mobile Safari/537.36 (compatible; Bytespider; spider-feedback@bytedance.com)"
52.77.103.201 - - [28/Jul/2023:07:57:51 +0200] "GET /highslide/graphics/zoomin.cur HTTP/1.0" 200 614 "http://www.wonder-geek.com/templates/Pixame_v1/stylesheet.css" "Mozilla/5.0 (Linux; Android 5.0) AppleWebKit/537.36 (KHTML, like Gecko) Mobile Safari/537.36 (compatible; Bytespider; spider-feedback@bytedance.com)"
52.77.103.201 - - [28/Jul/2023:07:57:51 +0200] "GET /highslide/graphics/outlines/drop-shadow.png HTTP/1.0" 200 277 "http://www.wonder-geek.com/handy-manny-pencil-case-p-19646.html" "Mozilla/5.0 (Linux; Android 5.0) AppleWebKit/537.36 (KHTML, like Gecko) Mobile Safari/537.36 (compatible; Bytespider; spider-feedback@bytedance.com)"
52.77.103.201 - - [28/Jul/2023:07:57:51 +0200] "GET /highslide/graphics/zoomout.cur HTTP/1.0" 200 614 "http://www.wonder-geek.com/handy-manny-pencil-case-p-19646.html" "Mozilla/5.0 (Linux; Android 5.0) AppleWebKit/537.36 (KHTML, like Gecko) Mobile Safari/537.36 (compatible; Bytespider; spider-feedback@bytedance.com)"
52.77.103.201 - - [28/Jul/2023:07:57:51 +0200] "GET /images/b8009233802179b.jpg HTTP/1.0" 200 261 "http://www.wonder-geek.com/handy-manny-pencil-case-p-19646.html" "Mozilla/5.0 (Linux; Android 5.0) AppleWebKit/537.36 (KHTML, like Gecko) Mobile Safari/537.36 (compatible; Bytespider; spider-feedback@bytedance.com)"
14.22.11.163 - - [28/Jul/2023:07:58:06 +0200] "GET /images/1300010240274.jpg HTTP/1.0" 200 259 "-" "-"
122.36.197.34 - - [28/Jul/2023:07:58:23 +0200] "GET /images/mini_prod/3661611901550.jpg HTTP/1.0" 200 269 "-" "Mozilla/5.0 (X11; Ubuntu; Linux x86_64; rv:72.0) Gecko/20100101 Firefox/72.0"
114.119.138.151 - - [28/Jul/2023:07:58:37 +0200] "GET /%20images/big_prod/8422072730883.jpg HTTP/1.0" 404 1308 "http://www.wonder-geek.com/pill-chat-bike-p-53834.html" "Mozilla/5.0 (Linux; Android 7.0;) AppleWebKit/537.36 (KHTML, like Gecko) Mobile Safari/537.36 (compatible; PetalBot;+https://webmaster.petalsearch.com/site/petalbot)"
114.94.12.8 - - [28/Jul/2023:07:59:05 +0200] "GET /images/mini_prod/1399984244609.jpg HTTP/1.0" 200 269 "-" "Mozilla/5.0 (X11; Ubuntu; Linux x86_64; rv:72.0) Gecko/20100101 Firefox/72.0"
14.22.11.161 - - [28/Jul/2023:07:59:20 +0200] "GET /images/mini_prod/8935770604696.jpg HTTP/1.0" 200 269 "-" "Mozilla/5.0 (X11; Ubuntu; Linux x86_64; rv:72.0) Gecko/20100101 Firefox/72.0"
40.77.167.115 - - [28/Jul/2023:07:59:42 +0200] "GET /figures-c-4_15.html HTTP/1.0" 200 94195 "-" "Mozilla/5.0 AppleWebKit/537.36 (KHTML, like Gecko; compatible; bingbot/2.0; +http://www.bing.com/bingbot.htm) Chrome/103.0.5060.134 Safari/537.36"
52.221.43.60 - - [28/Jul/2023:08:00:56 +0200] "GET /good-year-tires-large-p-45948.html HTTP/1.0" 200 76296 "-" "Mozilla/5.0 (Linux; Android 5.0) AppleWebKit/537.36 (KHTML, like Gecko) Mobile Safari/537.36 (compatible; Bytespider; spider-feedback@bytedance.com)"
52.221.43.60 - - [28/Jul/2023:08:00:58 +0200] "GET /swfobject.js HTTP/1.0" 404 1308 "http://www.wonder-geek.com/good-year-tires-large-p-45948.html" "Mozilla/5.0 (Linux; Android 5.0) AppleWebKit/537.36 (KHTML, like Gecko) Mobile Safari/537.36 (compatible; Bytespider; spider-feedback@bytedance.com)"
52.221.43.60 - - [28/Jul/2023:08:00:59 +0200] "GET /highslide/graphics/zoomin.cur HTTP/1.0" 200 614 "http://www.wonder-geek.com/templates/Pixame_v1/stylesheet.css" "Mozilla/5.0 (Linux; Android 5.0) AppleWebKit/537.36 (KHTML, like Gecko) Mobile Safari/537.36 (compatible; Bytespider; spider-feedback@bytedance.com)"
52.221.43.60 - - [28/Jul/2023:08:00:59 +0200] "GET /highslide/graphics/zoomout.cur HTTP/1.0" 200 614 "http://www.wonder-geek.com/good-year-tires-large-p-45948.html" "Mozilla/5.0 (Linux; Android 5.0) AppleWebKit/537.36 (KHTML, like Gecko) Mobile Safari/537.36 (compatible; Bytespider; spider-feedback@bytedance.com)"
52.221.43.60 - - [28/Jul/2023:08:00:59 +0200] "GET /highslide/graphics/outlines/drop-shadow.png HTTP/1.0" 200 277 "http://www.wonder-geek.com/good-year-tires-large-p-45948.html" "Mozilla/5.0 (Linux; Android 5.0) AppleWebKit/537.36 (KHTML, like Gecko) Mobile Safari/537.36 (compatible; Bytespider; spider-feedback@bytedance.com)"
52.221.43.60 - - [28/Jul/2023:08:01:00 +0200] "GET /images/big_prod/4036113307459.jpg HTTP/1.0" 200 268 "http://www.wonder-geek.com/good-year-tires-large-p-45948.html" "Mozilla/5.0 (Linux; Android 5.0) AppleWebKit/537.36 (KHTML, like Gecko) Mobile Safari/537.36 (compatible; Bytespider; spider-feedback@bytedance.com)"
85.208.96.199 - - [28/Jul/2023:08:01:14 +0200] "GET /dishes-c-13_12.html?page=6 HTTP/1.0" 200 96164 "-" "Mozilla/5.0 (compatible; SemrushBot/7~bl; +http://www.semrush.com/bot.html)"
122.36.197.34 - - [28/Jul/2023:08:02:19 +0200] "GET /images/mini_prod/3660173163628.jpg HTTP/1.0" 200 269 "-" "Mozilla/5.0 (X11; Ubuntu; Linux x86_64; rv:72.0) Gecko/20100101 Firefox/72.0"
54.179.242.196 - - [28/Jul/2023:08:04:11 +0200] "GET /resin-statuette-chinese-p-42953.html HTTP/1.0" 200 76213 "-" "Mozilla/5.0 (Linux; Android 5.0) AppleWebKit/537.36 (KHTML, like Gecko) Mobile Safari/537.36 (compatible; Bytespider; spider-feedback@bytedance.com)"
54.179.242.196 - - [28/Jul/2023:08:04:13 +0200] "GET /swfobject.js HTTP/1.0" 404 1308 "http://www.wonder-geek.com/resin-statuette-chinese-p-42953.html" "Mozilla/5.0 (Linux; Android 5.0) AppleWebKit/537.36 (KHTML, like Gecko) Mobile Safari/537.36 (compatible; Bytespider; spider-feedback@bytedance.com)"
54.179.242.196 - - [28/Jul/2023:08:04:15 +0200] "GET /highslide/graphics/zoomin.cur HTTP/1.0" 200 614 "http://www.wonder-geek.com/templates/Pixame_v1/stylesheet.css" "Mozilla/5.0 (Linux; Android 5.0) AppleWebKit/537.36 (KHTML, like Gecko) Mobile Safari/537.36 (compatible; Bytespider; spider-feedback@bytedance.com)"
54.179.242.196 - - [28/Jul/2023:08:04:15 +0200] "GET /highslide/graphics/zoomout.cur HTTP/1.0" 200 614 "http://www.wonder-geek.com/resin-statuette-chinese-p-42953.html" "Mozilla/5.0 (Linux; Android 5.0) AppleWebKit/537.36 (KHTML, like Gecko) Mobile Safari/537.36 (compatible; Bytespider; spider-feedback@bytedance.com)"
54.179.242.196 - - [28/Jul/2023:08:04:15 +0200] "GET /highslide/graphics/outlines/drop-shadow.png HTTP/1.0" 200 277 "http://www.wonder-geek.com/resin-statuette-chinese-p-42953.html" "Mozilla/5.0 (Linux; Android 5.0) AppleWebKit/537.36 (KHTML, like Gecko) Mobile Safari/537.36 (compatible; Bytespider; spider-feedback@bytedance.com)"
54.179.242.196 - - [28/Jul/2023:08:04:16 +0200] "GET /images/big_prod/3700276259665.jpg HTTP/1.0" 200 268 "http://www.wonder-geek.com/resin-statuette-chinese-p-42953.html" "Mozilla/5.0 (Linux; Android 5.0) AppleWebKit/537.36 (KHTML, like Gecko) Mobile Safari/537.36 (compatible; Bytespider; spider-feedback@bytedance.com)"
185.191.171.5 - - [28/Jul/2023:08:04:52 +0200] "GET /incense-c-231_226.html HTTP/1.0" 200 95505 "-" "Mozilla/5.0 (compatible; SemrushBot/7~bl; +http://www.semrush.com/bot.html)"
40.77.167.89 - - [28/Jul/2023:08:05:01 +0200] "GET /fitted-sheet-brown-p-38809.html HTTP/1.0" 200 76773 "-" "Mozilla/5.0 AppleWebKit/537.36 (KHTML, like Gecko; compatible; bingbot/2.0; +http://www.bing.com/bingbot.htm) Chrome/103.0.5060.134 Safari/537.36"
185.191.171.5 - - [28/Jul/2023:08:05:12 +0200] "GET /-p-34659.html HTTP/1.0" 200 73779 "-" "Mozilla/5.0 (compatible; SemrushBot/7~bl; +http://www.semrush.com/bot.html)"
185.191.171.34 - - [28/Jul/2023:08:05:33 +0200] "GET /cushion-headboard-c-11_173.html?page=1 HTTP/1.0" 200 79318 "-" "Mozilla/5.0 (compatible; SemrushBot/7~bl; +http://www.semrush.com/bot.html)"
185.191.171.12 - - [28/Jul/2023:08:05:58 +0200] "GET /white-gold-wood-p-55745.html HTTP/1.0" 200 73853 "-" "Mozilla/5.0 (compatible; SemrushBot/7~bl; +http://www.semrush.com/bot.html)"
13.215.38.212 - - [28/Jul/2023:08:07:24 +0200] "GET /mango-storage-chest-p-53022.html HTTP/1.0" 200 76113 "-" "Mozilla/5.0 (Linux; Android 5.0) AppleWebKit/537.36 (KHTML, like Gecko) Mobile Safari/537.36 (compatible; Bytespider; spider-feedback@bytedance.com)"
13.215.38.212 - - [28/Jul/2023:08:07:26 +0200] "GET /swfobject.js HTTP/1.0" 404 1308 "http://www.wonder-geek.com/mango-storage-chest-p-53022.html" "Mozilla/5.0 (Linux; Android 5.0) AppleWebKit/537.36 (KHTML, like Gecko) Mobile Safari/537.36 (compatible; Bytespider; spider-feedback@bytedance.com)"
13.215.38.212 - - [28/Jul/2023:08:07:34 +0200] "GET /highslide/graphics/zoomin.cur HTTP/1.0" 200 614 "http://www.wonder-geek.com/templates/Pixame_v1/stylesheet.css" "Mozilla/5.0 (Linux; Android 5.0) AppleWebKit/537.36 (KHTML, like Gecko) Mobile Safari/537.36 (compatible; Bytespider; spider-feedback@bytedance.com)"
13.215.38.212 - - [28/Jul/2023:08:07:34 +0200] "GET /highslide/graphics/zoomout.cur HTTP/1.0" 200 614 "http://www.wonder-geek.com/mango-storage-chest-p-53022.html" "Mozilla/5.0 (Linux; Android 5.0) AppleWebKit/537.36 (KHTML, like Gecko) Mobile Safari/537.36 (compatible; Bytespider; spider-feedback@bytedance.com)"
13.215.38.212 - - [28/Jul/2023:08:07:34 +0200] "GET /highslide/graphics/outlines/drop-shadow.png HTTP/1.0" 200 277 "http://www.wonder-geek.com/mango-storage-chest-p-53022.html" "Mozilla/5.0 (Linux; Android 5.0) AppleWebKit/537.36 (KHTML, like Gecko) Mobile Safari/537.36 (compatible; Bytespider; spider-feedback@bytedance.com)"
13.215.38.212 - - [28/Jul/2023:08:07:35 +0200] "GET /images/big_prod/8433933030899.jpg HTTP/1.0" 200 268 "http://www.wonder-geek.com/mango-storage-chest-p-53022.html" "Mozilla/5.0 (Linux; Android 5.0) AppleWebKit/537.36 (KHTML, like Gecko) Mobile Safari/537.36 (compatible; Bytespider; spider-feedback@bytedance.com)"
185.191.171.16 - - [28/Jul/2023:08:07:57 +0200] "GET /summit-imagination-sorcerer-mickey-masterpiece-figurine-p-53339.html HTTP/1.0" 200 78216 "-" "Mozilla/5.0 (compatible; SemrushBot/7~bl; +http://www.semrush.com/bot.html)"
66.249.66.205 - - [28/Jul/2023:08:08:40 +0200] "GET /nici-jolly-sheep-aviator-pencil-case-p-20567.html HTTP/1.0" 200 77264 "-" "Mozilla/5.0 (Linux; Android 6.0.1; Nexus 5X Build/MMB29P) AppleWebKit/537.36 (KHTML, like Gecko) Chrome/114.0.5735.179 Mobile Safari/537.36 (compatible; Googlebot/2.1; +http://www.google.com/bot.html)"
85.208.96.201 - - [28/Jul/2023:08:08:53 +0200] "GET /water-bottle-p-59991.html HTTP/1.0" 200 76751 "-" "Mozilla/5.0 (compatible; SemrushBot/7~bl; +http://www.semrush.com/bot.html)"
51.68.224.127 - - [28/Jul/2023:08:09:17 +0200] "GET /adminweb/export_orders_xml.php?token=256de2z6edz6ed2z6DFSFsed2zed6zeDSFDSGdzedezfzf&maxorders=10&orderstart=1&status=14&start_date=2018-10-01 HTTP/1.0" 200 285 "-" "GesCom CharlotteBoutik Serveur"
51.68.224.127 - - [28/Jul/2023:08:09:17 +0200] "GET /adminweb/export_orders_xml.php?token=256de2z6edz6ed2z6DFSFsed2zed6zeDSFDSGdzedezfzf&maxorders=10&orderstart=1&status=6&start_date=2018-10-01 HTTP/1.0" 200 33887 "-" "GesCom CharlotteBoutik Serveur"
173.252.83.116 - - [28/Jul/2023:08:09:20 +0200] "GET /images/mini_prod/8435107822545.jpg HTTP/1.0" 200 269 "-" "facebookexternalhit/1.1 (+http://www.facebook.com/externalhit_uatext.php)"
66.249.66.207 - - [28/Jul/2023:08:09:25 +0200] "GET /images/mini_prod/3665269292688C.jpg HTTP/1.0" 200 270 "-" "Googlebot-Image/1.0"
54.36.148.107 - - [28/Jul/2023:08:09:51 +0200] "GET /merite-biere-metal-tray-p-53579.html HTTP/1.0" 200 77060 "-" "Mozilla/5.0 (compatible; AhrefsBot/7.0; +http://ahrefs.com/robot/)"
52.74.121.36 - - [28/Jul/2023:08:10:38 +0200] "GET /cotton-kitchen-towel-marseille-p-58742.html HTTP/1.0" 200 76818 "-" "Mozilla/5.0 (Linux; Android 5.0) AppleWebKit/537.36 (KHTML, like Gecko) Mobile Safari/537.36 (compatible; Bytespider; spider-feedback@bytedance.com)"
52.74.121.36 - - [28/Jul/2023:08:10:40 +0200] "GET /swfobject.js HTTP/1.0" 404 1308 "http://www.wonder-geek.com/cotton-kitchen-towel-marseille-p-58742.html" "Mozilla/5.0 (Linux; Android 5.0) AppleWebKit/537.36 (KHTML, like Gecko) Mobile Safari/537.36 (compatible; Bytespider; spider-feedback@bytedance.com)"
52.74.121.36 - - [28/Jul/2023:08:10:41 +0200] "GET /highslide/graphics/zoomin.cur HTTP/1.0" 200 614 "http://www.wonder-geek.com/templates/Pixame_v1/stylesheet.css" "Mozilla/5.0 (Linux; Android 5.0) AppleWebKit/537.36 (KHTML, like Gecko) Mobile Safari/537.36 (compatible; Bytespider; spider-feedback@bytedance.com)"
52.74.121.36 - - [28/Jul/2023:08:10:41 +0200] "GET /images/big_prod_1/846007012147a.jpg HTTP/1.0" 200 270 "http://www.wonder-geek.com/cotton-kitchen-towel-marseille-p-58742.html" "Mozilla/5.0 (Linux; Android 5.0) AppleWebKit/537.36 (KHTML, like Gecko) Mobile Safari/537.36 (compatible; Bytespider; spider-feedback@bytedance.com)"
52.74.121.36 - - [28/Jul/2023:08:10:41 +0200] "GET /highslide/graphics/zoomout.cur HTTP/1.0" 200 614 "http://www.wonder-geek.com/cotton-kitchen-towel-marseille-p-58742.html" "Mozilla/5.0 (Linux; Android 5.0) AppleWebKit/537.36 (KHTML, like Gecko) Mobile Safari/537.36 (compatible; Bytespider; spider-feedback@bytedance.com)"
52.74.121.36 - - [28/Jul/2023:08:10:41 +0200] "GET /highslide/graphics/outlines/drop-shadow.png HTTP/1.0" 200 277 "http://www.wonder-geek.com/cotton-kitchen-towel-marseille-p-58742.html" "Mozilla/5.0 (Linux; Android 5.0) AppleWebKit/537.36 (KHTML, like Gecko) Mobile Safari/537.36 (compatible; Bytespider; spider-feedback@bytedance.com)"
52.74.121.36 - - [28/Jul/2023:08:10:42 +0200] "GET /images/big_prod/846007011935.jpg HTTP/1.0" 200 267 "http://www.wonder-geek.com/cotton-kitchen-towel-marseille-p-58742.html" "Mozilla/5.0 (Linux; Android 5.0) AppleWebKit/537.36 (KHTML, like Gecko) Mobile Safari/537.36 (compatible; Bytespider; spider-feedback@bytedance.com)"
185.191.171.6 - - [28/Jul/2023:08:10:59 +0200] "GET /handmade-vase-shape-pitcher-p-58073.html HTTP/1.0" 200 76900 "-" "Mozilla/5.0 (compatible; SemrushBot/7~bl; +http://www.semrush.com/bot.html)"
173.252.83.10 - - [28/Jul/2023:08:11:30 +0200] "GET /images/mini_prod/3520071807928.jpg HTTP/1.0" 200 269 "-" "facebookexternalhit/1.1 (+http://www.facebook.com/externalhit_uatext.php)"
54.36.148.26 - - [28/Jul/2023:08:12:11 +0200] "GET /placemat-table-bons-amis-p-53593.html HTTP/1.0" 200 76767 "-" "Mozilla/5.0 (compatible; AhrefsBot/7.0; +http://ahrefs.com/robot/)"
47.246.164.153 - - [28/Jul/2023:08:12:14 +0200] "GET /images/mini_prod/1384010183458.jpg HTTP/1.0" 200 269 "-" "python-requests/2.31.0"
80.254.187.117 - - [28/Jul/2023:08:12:53 +0200] "GET /images/big_prod/3442440234183.jpg HTTP/1.0" 200 268 "https://www.rgaalmer.top/" "Mozilla/5.0 (iPhone; CPU iPhone OS 16_5_1 like Mac OS X) AppleWebKit/605.1.15 (KHTML, like Gecko) Version/16.5.2 Mobile/15E148 Safari/604.1"
80.254.187.117 - - [28/Jul/2023:08:12:53 +0200] "GET /images/big_prod/3442440234398.jpg HTTP/1.0" 200 268 "https://www.rgaalmer.top/" "Mozilla/5.0 (iPhone; CPU iPhone OS 16_5_1 like Mac OS X) AppleWebKit/605.1.15 (KHTML, like Gecko) Version/16.5.2 Mobile/15E148 Safari/604.1"
80.254.187.117 - - [28/Jul/2023:08:12:53 +0200] "GET /images/big_prod/3442440234084.jpg HTTP/1.0" 200 268 "https://www.rgaalmer.top/" "Mozilla/5.0 (iPhone; CPU iPhone OS 16_5_1 like Mac OS X) AppleWebKit/605.1.15 (KHTML, like Gecko) Version/16.5.2 Mobile/15E148 Safari/604.1"
80.254.187.117 - - [28/Jul/2023:08:12:53 +0200] "GET /images/big_prod_1/3442440248920a.jpg HTTP/1.0" 200 271 "https://www.rgaalmer.top/" "Mozilla/5.0 (iPhone; CPU iPhone OS 16_5_1 like Mac OS X) AppleWebKit/605.1.15 (KHTML, like Gecko) Version/16.5.2 Mobile/15E148 Safari/604.1"
80.254.187.117 - - [28/Jul/2023:08:12:53 +0200] "GET /images/big_prod_1/3442440234244b.jpg HTTP/1.0" 200 271 "https://www.rgaalmer.top/" "Mozilla/5.0 (iPhone; CPU iPhone OS 16_5_1 like Mac OS X) AppleWebKit/605.1.15 (KHTML, like Gecko) Version/16.5.2 Mobile/15E148 Safari/604.1"
213.180.203.252 - - [28/Jul/2023:08:13:12 +0200] "GET /the-little-prince-metal-box-p-31791.html HTTP/1.0" 301 73846 "-" "Mozilla/5.0 (compatible; YandexBot/3.0; +http://yandex.com/bots)"
5.45.207.79 - - [28/Jul/2023:08:13:15 +0200] "GET /-p-31791.html HTTP/1.0" 200 73779 "-" "Mozilla/5.0 (compatible; YandexBot/3.0; +http://yandex.com/bots)"
66.249.66.207 - - [28/Jul/2023:08:13:25 +0200] "GET /gorjuss-fiesta-double-filled-pencil-case-my-gift-to-you-p-47755.html HTTP/1.0" 301 78940 "-" "Mozilla/5.0 (compatible; Googlebot/2.1; +http://www.google.com/bot.html)"
66.249.66.206 - - [28/Jul/2023:08:13:27 +0200] "GET /gorjuss-fiesta-double-filled-pencil-case-gift-p-47755.html HTTP/1.0" 200 78828 "-" "Mozilla/5.0 (compatible; Googlebot/2.1; +http://www.google.com/bot.html)"
85.208.96.195 - - [28/Jul/2023:08:13:38 +0200] "GET /barbapapa-pink-kids-school-p-14472.html HTTP/1.0" 200 76494 "-" "Mozilla/5.0 (compatible; SemrushBot/7~bl; +http://www.semrush.com/bot.html)"
213.180.203.37 - - [28/Jul/2023:08:13:43 +0200] "GET /-p-31791.html HTTP/1.0" 200 73779 "-" "Mozilla/5.0 (compatible; YandexBot/3.0; +http://yandex.com/bots)"
13.251.181.101 - - [28/Jul/2023:08:13:53 +0200] "GET /white-black-silver-ceramic-statue-p-60335.html HTTP/1.0" 200 77191 "-" "Mozilla/5.0 (Linux; Android 5.0) AppleWebKit/537.36 (KHTML, like Gecko) Mobile Safari/537.36 (compatible; Bytespider; spider-feedback@bytedance.com)"
13.251.181.101 - - [28/Jul/2023:08:13:55 +0200] "GET /swfobject.js HTTP/1.0" 404 1308 "http://www.wonder-geek.com/white-black-silver-ceramic-statue-p-60335.html" "Mozilla/5.0 (Linux; Android 5.0) AppleWebKit/537.36 (KHTML, like Gecko) Mobile Safari/537.36 (compatible; Bytespider; spider-feedback@bytedance.com)"
13.251.181.101 - - [28/Jul/2023:08:13:56 +0200] "GET /highslide/graphics/zoomin.cur HTTP/1.0" 200 614 "http://www.wonder-geek.com/templates/Pixame_v1/stylesheet.css" "Mozilla/5.0 (Linux; Android 5.0) AppleWebKit/537.36 (KHTML, like Gecko) Mobile Safari/537.36 (compatible; Bytespider; spider-feedback@bytedance.com)"
13.251.181.101 - - [28/Jul/2023:08:13:56 +0200] "GET /images/big_prod_1/8435684220369B.jpg HTTP/1.0" 200 271 "http://www.wonder-geek.com/white-black-silver-ceramic-statue-p-60335.html" "Mozilla/5.0 (Linux; Android 5.0) AppleWebKit/537.36 (KHTML, like Gecko) Mobile Safari/537.36 (compatible; Bytespider; spider-feedback@bytedance.com)"
13.251.181.101 - - [28/Jul/2023:08:14:00 +0200] "GET /highslide/graphics/outlines/drop-shadow.png HTTP/1.0" 200 277 "http://www.wonder-geek.com/white-black-silver-ceramic-statue-p-60335.html" "Mozilla/5.0 (Linux; Android 5.0) AppleWebKit/537.36 (KHTML, like Gecko) Mobile Safari/537.36 (compatible; Bytespider; spider-feedback@bytedance.com)"
13.251.181.101 - - [28/Jul/2023:08:14:00 +0200] "GET /highslide/graphics/zoomout.cur HTTP/1.0" 200 614 "http://www.wonder-geek.com/white-black-silver-ceramic-statue-p-60335.html" "Mozilla/5.0 (Linux; Android 5.0) AppleWebKit/537.36 (KHTML, like Gecko) Mobile Safari/537.36 (compatible; Bytespider; spider-feedback@bytedance.com)"
13.251.181.101 - - [28/Jul/2023:08:14:01 +0200] "GET /images/big_prod/8435684220369.jpg HTTP/1.0" 200 268 "http://www.wonder-geek.com/white-black-silver-ceramic-statue-p-60335.html" "Mozilla/5.0 (Linux; Android 5.0) AppleWebKit/537.36 (KHTML, like Gecko) Mobile Safari/537.36 (compatible; Bytespider; spider-feedback@bytedance.com)"
173.252.83.119 - - [28/Jul/2023:08:14:06 +0200] "GET /images/mini_prod/1384010201244.jpg HTTP/1.0" 200 269 "-" "facebookexternalhit/1.1 (+http://www.facebook.com/externalhit_uatext.php)"
54.36.149.6 - - [28/Jul/2023:08:14:29 +0200] "GET /eyelets-sheer-curtain-mona-white-p-58384.html HTTP/1.0" 200 77244 "-" "Mozilla/5.0 (compatible; AhrefsBot/7.0; +http://ahrefs.com/robot/)"
185.191.171.7 - - [28/Jul/2023:08:15:38 +0200] "GET /-p-47240.html HTTP/1.0" 200 73779 "-" "Mozilla/5.0 (compatible; SemrushBot/7~bl; +http://www.semrush.com/bot.html)"
14.22.11.161 - - [28/Jul/2023:08:15:43 +0200] "GET /images/mini_prod/1384010182741.jpg HTTP/1.0" 200 269 "-" "Mozilla/5.0 (X11; Ubuntu; Linux x86_64; rv:72.0) Gecko/20100101 Firefox/72.0"
173.252.83.6 - - [28/Jul/2023:08:15:52 +0200] "GET /images/mini_prod/8433933436172.jpg HTTP/1.0" 200 269 "-" "facebookexternalhit/1.1 (+http://www.facebook.com/externalhit_uatext.php)"
185.191.171.33 - - [28/Jul/2023:08:15:51 +0200] "GET /tassen-mood-made-germany-p-43328.html HTTP/1.0" 200 76468 "-" "Mozilla/5.0 (compatible; SemrushBot/7~bl; +http://www.semrush.com/bot.html)"
54.36.148.237 - - [28/Jul/2023:08:16:54 +0200] "GET /saucer-p-57188.html HTTP/1.0" 200 76686 "-" "Mozilla/5.0 (compatible; AhrefsBot/7.0; +http://ahrefs.com/robot/)"
3.0.142.185 - - [28/Jul/2023:08:17:07 +0200] "GET /porcelain-bowl-books-p-60020.html HTTP/1.0" 200 76726 "-" "Mozilla/5.0 (Linux; Android 5.0) AppleWebKit/537.36 (KHTML, like Gecko) Mobile Safari/537.36 (compatible; Bytespider; spider-feedback@bytedance.com)"
3.0.142.185 - - [28/Jul/2023:08:17:09 +0200] "GET /swfobject.js HTTP/1.0" 404 1308 "http://www.wonder-geek.com/porcelain-bowl-books-p-60020.html" "Mozilla/5.0 (Linux; Android 5.0) AppleWebKit/537.36 (KHTML, like Gecko) Mobile Safari/537.36 (compatible; Bytespider; spider-feedback@bytedance.com)"
3.0.142.185 - - [28/Jul/2023:08:17:12 +0200] "GET /highslide/graphics/zoomin.cur HTTP/1.0" 200 614 "http://www.wonder-geek.com/templates/Pixame_v1/stylesheet.css" "Mozilla/5.0 (Linux; Android 5.0) AppleWebKit/537.36 (KHTML, like Gecko) Mobile Safari/537.36 (compatible; Bytespider; spider-feedback@bytedance.com)"
