37.187.89.104 - - [28/Jul/2023:22:49:50 +0200] "GET /-p-17345.html HTTP/1.0" 200 73779 "-" "Mozilla/5.0 (compatible; MJ12bot/v1.4.8; http://mj12bot.com/)"
37.187.89.104 - - [28/Jul/2023:22:49:53 +0200] "GET /-p-17362.html HTTP/1.0" 200 73779 "-" "Mozilla/5.0 (compatible; MJ12bot/v1.4.8; http://mj12bot.com/)"
37.187.89.104 - - [28/Jul/2023:22:49:59 +0200] "GET /-p-17892.html HTTP/1.0" 200 73779 "-" "Mozilla/5.0 (compatible; MJ12bot/v1.4.8; http://mj12bot.com/)"
37.187.89.104 - - [28/Jul/2023:22:50:02 +0200] "GET /-p-19229.html HTTP/1.0" 200 73779 "-" "Mozilla/5.0 (compatible; MJ12bot/v1.4.8; http://mj12bot.com/)"
37.187.89.104 - - [28/Jul/2023:22:50:08 +0200] "GET /-p-19453.html HTTP/1.0" 200 73779 "-" "Mozilla/5.0 (compatible; MJ12bot/v1.4.8; http://mj12bot.com/)"
37.187.89.104 - - [28/Jul/2023:22:50:12 +0200] "GET /-p-19640.html HTTP/1.0" 200 73779 "-" "Mozilla/5.0 (compatible; MJ12bot/v1.4.8; http://mj12bot.com/)"
37.187.89.104 - - [28/Jul/2023:22:50:16 +0200] "GET /-p-21548.html HTTP/1.0" 200 73779 "-" "Mozilla/5.0 (compatible; MJ12bot/v1.4.8; http://mj12bot.com/)"
54.36.148.88 - - [28/Jul/2023:22:50:16 +0200] "GET /cotton-bath-mat-50-80-cm-grey-p-48776.html HTTP/1.0" 301 73846 "-" "Mozilla/5.0 (compatible; AhrefsBot/7.0; +http://ahrefs.com/robot/)"
185.191.171.15 - - [28/Jul/2023:22:50:17 +0200] "GET /dessert-dish-glass-with-anti-slip-feet-p-58315.html HTTP/1.0" 200 76235 "-" "Mozilla/5.0 (compatible; SemrushBot/7~bl; +http://www.semrush.com/bot.html)"
37.187.89.104 - - [28/Jul/2023:22:50:24 +0200] "GET /-p-22127.html HTTP/1.0" 200 73779 "-" "Mozilla/5.0 (compatible; MJ12bot/v1.4.8; http://mj12bot.com/)"
37.187.89.104 - - [28/Jul/2023:22:50:32 +0200] "GET /-p-22228.html HTTP/1.0" 200 73779 "-" "Mozilla/5.0 (compatible; MJ12bot/v1.4.8; http://mj12bot.com/)"
37.187.89.104 - - [28/Jul/2023:22:50:35 +0200] "GET /-p-22877.html HTTP/1.0" 200 73779 "-" "Mozilla/5.0 (compatible; MJ12bot/v1.4.8; http://mj12bot.com/)"
85.208.96.200 - - [28/Jul/2023:22:50:38 +0200] "GET /decoration-three-owls-secret-happiness-p-46481.html HTTP/1.0" 200 74002 "-" "Mozilla/5.0 (compatible; SemrushBot/7~bl; +http://www.semrush.com/bot.html)"
37.187.89.104 - - [28/Jul/2023:22:50:40 +0200] "GET /-p-23652.html HTTP/1.0" 200 73779 "-" "Mozilla/5.0 (compatible; MJ12bot/v1.4.8; http://mj12bot.com/)"
37.187.89.104 - - [28/Jul/2023:22:50:43 +0200] "GET /-p-23697.html HTTP/1.0" 200 73779 "-" "Mozilla/5.0 (compatible; MJ12bot/v1.4.8; http://mj12bot.com/)"
37.187.89.104 - - [28/Jul/2023:22:50:49 +0200] "GET /-p-23698.html HTTP/1.0" 200 73779 "-" "Mozilla/5.0 (compatible; MJ12bot/v1.4.8; http://mj12bot.com/)"
52.74.64.196 - - [28/Jul/2023:22:50:53 +0200] "GET /porcelain-blush-p-57237.html HTTP/1.0" 200 76113 "-" "Mozilla/5.0 (Linux; Android 5.0) AppleWebKit/537.36 (KHTML, like Gecko) Mobile Safari/537.36 (compatible; Bytespider; spider-feedback@bytedance.com)"
52.74.64.196 - - [28/Jul/2023:22:50:54 +0200] "GET /swfobject.js HTTP/1.0" 404 1308 "http://www.wonder-geek.com/porcelain-blush-p-57237.html" "Mozilla/5.0 (Linux; Android 5.0) AppleWebKit/537.36 (KHTML, like Gecko) Mobile Safari/537.36 (compatible; Bytespider; spider-feedback@bytedance.com)"
37.187.89.104 - - [28/Jul/2023:22:50:55 +0200] "GET /-p-28598.html HTTP/1.0" 200 73779 "-" "Mozilla/5.0 (compatible; MJ12bot/v1.4.8; http://mj12bot.com/)"
52.74.64.196 - - [28/Jul/2023:22:50:58 +0200] "GET /highslide/graphics/zoomin.cur HTTP/1.0" 200 614 "http://www.wonder-geek.com/templates/Pixame_v1/stylesheet.css" "Mozilla/5.0 (Linux; Android 5.0) AppleWebKit/537.36 (KHTML, like Gecko) Mobile Safari/537.36 (compatible; Bytespider; spider-feedback@bytedance.com)"
52.74.64.196 - - [28/Jul/2023:22:50:59 +0200] "GET /highslide/graphics/outlines/drop-shadow.png HTTP/1.0" 200 277 "http://www.wonder-geek.com/porcelain-blush-p-57237.html" "Mozilla/5.0 (Linux; Android 5.0) AppleWebKit/537.36 (KHTML, like Gecko) Mobile Safari/537.36 (compatible; Bytespider; spider-feedback@bytedance.com)"
52.74.64.196 - - [28/Jul/2023:22:50:59 +0200] "GET /highslide/graphics/zoomout.cur HTTP/1.0" 200 614 "http://www.wonder-geek.com/porcelain-blush-p-57237.html" "Mozilla/5.0 (Linux; Android 5.0) AppleWebKit/537.36 (KHTML, like Gecko) Mobile Safari/537.36 (compatible; Bytespider; spider-feedback@bytedance.com)"
52.74.64.196 - - [28/Jul/2023:22:50:59 +0200] "GET /images/big_prod/3503420012020.jpg HTTP/1.0" 200 268 "http://www.wonder-geek.com/porcelain-blush-p-57237.html" "Mozilla/5.0 (Linux; Android 5.0) AppleWebKit/537.36 (KHTML, like Gecko) Mobile Safari/537.36 (compatible; Bytespider; spider-feedback@bytedance.com)"
37.187.89.104 - - [28/Jul/2023:22:50:58 +0200] "GET /-p-29545.html HTTP/1.0" 200 73779 "-" "Mozilla/5.0 (compatible; MJ12bot/v1.4.8; http://mj12bot.com/)"
37.187.89.104 - - [28/Jul/2023:22:51:04 +0200] "GET /-p-29546.html HTTP/1.0" 200 73779 "-" "Mozilla/5.0 (compatible; MJ12bot/v1.4.8; http://mj12bot.com/)"
37.187.89.104 - - [28/Jul/2023:22:51:08 +0200] "GET /-p-30297.html HTTP/1.0" 200 73779 "-" "Mozilla/5.0 (compatible; MJ12bot/v1.4.8; http://mj12bot.com/)"
54.36.149.40 - - [28/Jul/2023:22:51:14 +0200] "GET /coconut-fibers-doormat-albor-p-54565.html HTTP/1.0" 200 77091 "-" "Mozilla/5.0 (compatible; AhrefsBot/7.0; +http://ahrefs.com/robot/)"
37.187.89.104 - - [28/Jul/2023:22:51:15 +0200] "GET /-p-30298.html HTTP/1.0" 200 73779 "-" "Mozilla/5.0 (compatible; MJ12bot/v1.4.8; http://mj12bot.com/)"
37.187.89.104 - - [28/Jul/2023:22:51:20 +0200] "GET /-p-30299.html HTTP/1.0" 200 73779 "-" "Mozilla/5.0 (compatible; MJ12bot/v1.4.8; http://mj12bot.com/)"
37.187.89.104 - - [28/Jul/2023:22:51:25 +0200] "GET /-p-30300.html HTTP/1.0" 200 73779 "-" "Mozilla/5.0 (compatible; MJ12bot/v1.4.8; http://mj12bot.com/)"
37.187.89.104 - - [28/Jul/2023:22:51:29 +0200] "GET /-p-31966.html HTTP/1.0" 200 73779 "-" "Mozilla/5.0 (compatible; MJ12bot/v1.4.8; http://mj12bot.com/)"
37.187.89.104 - - [28/Jul/2023:22:51:36 +0200] "GET /-p-31967.html HTTP/1.0" 200 73779 "-" "Mozilla/5.0 (compatible; MJ12bot/v1.4.8; http://mj12bot.com/)"
37.187.89.104 - - [28/Jul/2023:22:51:39 +0200] "GET /-p-32209.html HTTP/1.0" 200 73779 "-" "Mozilla/5.0 (compatible; MJ12bot/v1.4.8; http://mj12bot.com/)"
37.187.89.104 - - [28/Jul/2023:22:51:43 +0200] "GET /-p-32353.html HTTP/1.0" 200 73779 "-" "Mozilla/5.0 (compatible; MJ12bot/v1.4.8; http://mj12bot.com/)"
37.187.89.104 - - [28/Jul/2023:22:51:46 +0200] "GET /-p-32695.html HTTP/1.0" 200 73779 "-" "Mozilla/5.0 (compatible; MJ12bot/v1.4.8; http://mj12bot.com/)"
37.187.89.104 - - [28/Jul/2023:22:51:51 +0200] "GET /-p-34880.html HTTP/1.0" 200 73779 "-" "Mozilla/5.0 (compatible; MJ12bot/v1.4.8; http://mj12bot.com/)"
114.119.138.202 - - [28/Jul/2023:22:51:54 +0200] "GET /%20images/big_prod/7703771126902.jpg HTTP/1.0" 404 1308 "http://www.wonder-geek.com/plush-christmas-tree-decoration-10-cm-p-49652.html" "Mozilla/5.0 (Linux; Android 7.0;) AppleWebKit/537.36 (KHTML, like Gecko) Mobile Safari/537.36 (compatible; PetalBot;+https://webmaster.petalsearch.com/site/petalbot)"
37.187.89.104 - - [28/Jul/2023:22:51:55 +0200] "GET /-p-35112.html HTTP/1.0" 200 73779 "-" "Mozilla/5.0 (compatible; MJ12bot/v1.4.8; http://mj12bot.com/)"
37.187.89.104 - - [28/Jul/2023:22:51:59 +0200] "GET /-p-35381.html HTTP/1.0" 200 73779 "-" "Mozilla/5.0 (compatible; MJ12bot/v1.4.8; http://mj12bot.com/)"
37.187.89.104 - - [28/Jul/2023:22:52:02 +0200] "GET /-p-36889.html HTTP/1.0" 200 73779 "-" "Mozilla/5.0 (compatible; MJ12bot/v1.4.8; http://mj12bot.com/)"
37.187.89.104 - - [28/Jul/2023:22:52:07 +0200] "GET /-p-36890.html HTTP/1.0" 200 73779 "-" "Mozilla/5.0 (compatible; MJ12bot/v1.4.8; http://mj12bot.com/)"
37.187.89.104 - - [28/Jul/2023:22:52:11 +0200] "GET /-p-37191.html HTTP/1.0" 200 73779 "-" "Mozilla/5.0 (compatible; MJ12bot/v1.4.8; http://mj12bot.com/)"
216.244.66.242 - - [28/Jul/2023:22:52:16 +0200] "GET /cactus-ornament-p-41985.html HTTP/1.0" 200 73849 "-" "Mozilla/5.0 (compatible; DotBot/1.2; +https://opensiteexplorer.org/dotbot; help@moz.com)"
37.187.89.104 - - [28/Jul/2023:22:52:17 +0200] "GET /-p-40155.html HTTP/1.0" 200 73779 "-" "Mozilla/5.0 (compatible; MJ12bot/v1.4.8; http://mj12bot.com/)"
37.187.89.104 - - [28/Jul/2023:22:52:21 +0200] "GET /-p-43233.html HTTP/1.0" 200 73779 "-" "Mozilla/5.0 (compatible; MJ12bot/v1.4.8; http://mj12bot.com/)"
51.68.224.127 - - [28/Jul/2023:22:52:25 +0200] "GET /adminweb/export_orders_xml.php?token=256de2z6edz6ed2z6DFSFsed2zed6zeDSFDSGdzedezfzf&maxorders=10&orderstart=1&status=14&start_date=2018-10-01 HTTP/1.0" 200 285 "-" "GesCom CharlotteBoutik Serveur"
37.187.89.104 - - [28/Jul/2023:22:52:25 +0200] "GET /-p-5769.html HTTP/1.0" 200 73777 "-" "Mozilla/5.0 (compatible; MJ12bot/v1.4.8; http://mj12bot.com/)"
51.68.224.127 - - [28/Jul/2023:22:52:25 +0200] "GET /adminweb/export_orders_xml.php?token=256de2z6edz6ed2z6DFSFsed2zed6zeDSFDSGdzedezfzf&maxorders=10&orderstart=1&status=6&start_date=2018-10-01 HTTP/1.0" 200 33887 "-" "GesCom CharlotteBoutik Serveur"
185.191.171.14 - - [28/Jul/2023:22:52:26 +0200] "GET /frozen-lunch-bottle-p-31687.html HTTP/1.0" 200 73871 "-" "Mozilla/5.0 (compatible; SemrushBot/7~bl; +http://www.semrush.com/bot.html)"
216.244.66.242 - - [28/Jul/2023:22:52:29 +0200] "GET /cars-disney-wall-stickers-p-27892.html HTTP/1.0" 200 73895 "-" "Mozilla/5.0 (compatible; DotBot/1.2; +https://opensiteexplorer.org/dotbot; help@moz.com)"
66.249.74.99 - - [28/Jul/2023:22:52:29 +0200] "GET /glass-cutting-board-cbkreation-p-51347.html HTTP/1.0" 200 76211 "-" "Mozilla/5.0 (Linux; Android 6.0.1; Nexus 5X Build/MMB29P) AppleWebKit/537.36 (KHTML, like Gecko) Chrome/114.0.5735.179 Mobile Safari/537.36 (compatible; Googlebot/2.1; +http://www.google.com/bot.html)"
37.187.89.104 - - [28/Jul/2023:22:52:29 +0200] "GET /-p-9350.html HTTP/1.0" 200 73777 "-" "Mozilla/5.0 (compatible; MJ12bot/v1.4.8; http://mj12bot.com/)"
37.187.89.104 - - [28/Jul/2023:22:52:35 +0200] "GET /amazon-love-glasses-case-pink-p-50267.html HTTP/1.0" 200 73875 "-" "Mozilla/5.0 (compatible; MJ12bot/v1.4.8; http://mj12bot.com/)"
37.187.89.104 - - [28/Jul/2023:22:52:39 +0200] "GET /arabica-kitchen-towel-p-52684.html HTTP/1.0" 200 76159 "-" "Mozilla/5.0 (compatible; MJ12bot/v1.4.8; http://mj12bot.com/)"
216.244.66.242 - - [28/Jul/2023:22:52:40 +0200] "GET /images/3681643202999.jpg HTTP/1.0" 200 259 "-" "Mozilla/5.0 (compatible; DotBot/1.2; +https://opensiteexplorer.org/dotbot; help@moz.com)"
37.187.89.104 - - [28/Jul/2023:22:52:42 +0200] "GET /ball-zippo-lighter-p-39534.html HTTP/1.0" 200 78437 "-" "Mozilla/5.0 (compatible; MJ12bot/v1.4.8; http://mj12bot.com/)"
37.187.89.104 - - [28/Jul/2023:22:52:46 +0200] "GET /bamboo-exotic-spirit-tropical-flowers-p-49322.html HTTP/1.0" 200 76304 "-" "Mozilla/5.0 (compatible; MJ12bot/v1.4.8; http://mj12bot.com/)"
58.60.13.69 - - [28/Jul/2023:22:52:47 +0200] "GET /images/mini_prod/8717318129119.jpg HTTP/1.0" 200 269 "-" "Mozilla/5.0 (X11; Ubuntu; Linux x86_64; rv:72.0) Gecko/20100101 Firefox/72.0"
37.187.89.104 - - [28/Jul/2023:22:52:52 +0200] "GET /bamboo-fiber-plant-cover-p-57862.html HTTP/1.0" 200 76788 "-" "Mozilla/5.0 (compatible; MJ12bot/v1.4.8; http://mj12bot.com/)"
54.36.148.159 - - [28/Jul/2023:22:52:53 +0200] "GET /little-prince-pocket-warmer-p-59045.html HTTP/1.0" 200 77338 "-" "Mozilla/5.0 (compatible; AhrefsBot/7.0; +http://ahrefs.com/robot/)"
37.187.89.104 - - [28/Jul/2023:22:52:56 +0200] "GET /bamboo-fiber-plant-cover-p-57864.html HTTP/1.0" 200 73865 "-" "Mozilla/5.0 (compatible; MJ12bot/v1.4.8; http://mj12bot.com/)"
37.187.89.104 - - [28/Jul/2023:22:52:58 +0200] "GET /bamboo-fiber-plant-cover-quand-p-57721.html HTTP/1.0" 200 76900 "-" "Mozilla/5.0 (compatible; MJ12bot/v1.4.8; http://mj12bot.com/)"
37.187.89.104 - - [28/Jul/2023:22:53:03 +0200] "GET /bamboo-salad-bowl-p-49328.html HTTP/1.0" 200 73849 "-" "Mozilla/5.0 (compatible; MJ12bot/v1.4.8; http://mj12bot.com/)"
37.187.89.104 - - [28/Jul/2023:22:53:07 +0200] "GET /barbamama-melamine-plate-p-9359.html HTTP/1.0" 200 73888 "-" "Mozilla/5.0 (compatible; MJ12bot/v1.4.8; http://mj12bot.com/)"
106.11.76.29 - - [28/Jul/2023:22:53:09 +0200] "GET /images/mini_prod/3438100333297.jpg HTTP/1.0" 200 269 "-" "python-requests/2.24.0"
114.119.151.83 - - [28/Jul/2023:22:53:13 +0200] "GET /%20images/big_prod/1328399302758.jpg HTTP/1.0" 404 1308 "http://www.wonder-geek.com/mickey-minnie-heart-figurine-disney-traditions-p-58271.html" "Mozilla/5.0 (Linux; Android 7.0;) AppleWebKit/537.36 (KHTML, like Gecko) Mobile Safari/537.36 (compatible; PetalBot;+https://webmaster.petalsearch.com/site/petalbot)"
37.187.89.104 - - [28/Jul/2023:22:53:12 +0200] "GET /barbapapa-melamine-plate-p-9360.html HTTP/1.0" 200 73888 "-" "Mozilla/5.0 (compatible; MJ12bot/v1.4.8; http://mj12bot.com/)"
37.187.89.104 - - [28/Jul/2023:22:53:17 +0200] "GET /batman-superman-suitcase-p-34809.html HTTP/1.0" 200 73899 "-" "Mozilla/5.0 (compatible; MJ12bot/v1.4.8; http://mj12bot.com/)"
37.187.89.104 - - [28/Jul/2023:22:53:20 +0200] "GET /beautiful-babushka-kimmidoll-light-yellow-decorative-figurine-p-33242.html HTTP/1.0" 200 74084 "-" "Mozilla/5.0 (compatible; MJ12bot/v1.4.8; http://mj12bot.com/)"
37.187.89.104 - - [28/Jul/2023:22:53:23 +0200] "GET /beer-glass-bottle-opener-p-53485.html HTTP/1.0" 200 77156 "-" "Mozilla/5.0 (compatible; MJ12bot/v1.4.8; http://mj12bot.com/)"
37.187.89.104 - - [28/Jul/2023:22:53:27 +0200] "GET /betty-boop-beauty-p-4843.html HTTP/1.0" 200 76772 "-" "Mozilla/5.0 (compatible; MJ12bot/v1.4.8; http://mj12bot.com/)"
37.187.89.104 - - [28/Jul/2023:22:53:30 +0200] "GET /betty-boop-glove-child-p-22126.html HTTP/1.0" 200 80454 "-" "Mozilla/5.0 (compatible; MJ12bot/v1.4.8; http://mj12bot.com/)"
37.187.89.104 - - [28/Jul/2023:22:53:34 +0200] "GET /bicycle-wastebasket-p-40644.html HTTP/1.0" 200 73883 "-" "Mozilla/5.0 (compatible; MJ12bot/v1.4.8; http://mj12bot.com/)"
47.242.124.242 - - [28/Jul/2023:22:53:37 +0200] "GET /images/mini_prod/3079091105175.jpg HTTP/1.0" 200 269 "-" "Mozilla/5.0 (X11; Ubuntu; Linux x86_64; rv:72.0) Gecko/20100101 Firefox/72.0"
37.187.89.104 - - [28/Jul/2023:22:53:37 +0200] "GET /bires-coasters-p-50290.html HTTP/1.0" 200 76159 "-" "Mozilla/5.0 (compatible; MJ12bot/v1.4.8; http://mj12bot.com/)"
37.187.89.104 - - [28/Jul/2023:22:53:41 +0200] "GET /bowl-sulking-blue-made-germany-p-48476.html HTTP/1.0" 200 77692 "-" "Mozilla/5.0 (compatible; MJ12bot/v1.4.8; http://mj12bot.com/)"
37.187.89.104 - - [28/Jul/2023:22:53:44 +0200] "GET /britain-p-28662.html HTTP/1.0" 200 75993 "-" "Mozilla/5.0 (compatible; MJ12bot/v1.4.8; http://mj12bot.com/)"
37.187.89.104 - - [28/Jul/2023:22:53:48 +0200] "GET /cake-dish-p-60452.html HTTP/1.0" 200 76560 "-" "Mozilla/5.0 (compatible; MJ12bot/v1.4.8; http://mj12bot.com/)"
37.187.89.104 - - [28/Jul/2023:22:53:51 +0200] "GET /ceramic-butter-dish-p-60450.html HTTP/1.0" 301 73846 "-" "Mozilla/5.0 (compatible; MJ12bot/v1.4.8; http://mj12bot.com/)"
37.187.89.104 - - [28/Jul/2023:22:53:55 +0200] "GET /-p-60450.html HTTP/1.0" 200 73779 "-" "Mozilla/5.0 (compatible; MJ12bot/v1.4.8; http://mj12bot.com/)"
37.187.89.104 - - [28/Jul/2023:22:53:58 +0200] "GET /ceramic-butter-dish-p-60451.html HTTP/1.0" 200 76784 "-" "Mozilla/5.0 (compatible; MJ12bot/v1.4.8; http://mj12bot.com/)"
37.187.89.104 - - [28/Jul/2023:22:54:02 +0200] "GET /ceramic-salt-pepper-with-small-basket-p-60454.html HTTP/1.0" 200 77077 "-" "Mozilla/5.0 (compatible; MJ12bot/v1.4.8; http://mj12bot.com/)"
47.128.19.182 - - [28/Jul/2023:22:54:04 +0200] "GET /statue-liberty-cookware-cbkreation-p-23969.html HTTP/1.0" 200 76267 "-" "Mozilla/5.0 (Linux; Android 5.0) AppleWebKit/537.36 (KHTML, like Gecko) Mobile Safari/537.36 (compatible; Bytespider; spider-feedback@bytedance.com)"
47.128.19.182 - - [28/Jul/2023:22:54:05 +0200] "GET /highslide/highslide.js HTTP/1.0" 200 262 "http://www.wonder-geek.com/statue-liberty-cookware-cbkreation-p-23969.html" "Mozilla/5.0 (Linux; Android 5.0) AppleWebKit/537.36 (KHTML, like Gecko) Mobile Safari/537.36 (compatible; Bytespider; spider-feedback@bytedance.com)"
47.128.19.182 - - [28/Jul/2023:22:54:05 +0200] "GET /js/jquery.js HTTP/1.0" 200 252 "http://www.wonder-geek.com/statue-liberty-cookware-cbkreation-p-23969.html" "Mozilla/5.0 (Linux; Android 5.0) AppleWebKit/537.36 (KHTML, like Gecko) Mobile Safari/537.36 (compatible; Bytespider; spider-feedback@bytedance.com)"
47.128.19.182 - - [28/Jul/2023:22:54:05 +0200] "GET /js/jquery.jqzoom.js HTTP/1.0" 200 259 "http://www.wonder-geek.com/statue-liberty-cookware-cbkreation-p-23969.html" "Mozilla/5.0 (Linux; Android 5.0) AppleWebKit/537.36 (KHTML, like Gecko) Mobile Safari/537.36 (compatible; Bytespider; spider-feedback@bytedance.com)"
47.128.19.182 - - [28/Jul/2023:22:54:05 +0200] "GET /mondial_relay/js/jquery-1.3.2.min.js HTTP/1.0" 200 276 "http://www.wonder-geek.com/statue-liberty-cookware-cbkreation-p-23969.html" "Mozilla/5.0 (Linux; Android 5.0) AppleWebKit/537.36 (KHTML, like Gecko) Mobile Safari/537.36 (compatible; Bytespider; spider-feedback@bytedance.com)"
47.128.19.182 - - [28/Jul/2023:22:54:05 +0200] "GET /swfobject.js HTTP/1.0" 404 1308 "http://www.wonder-geek.com/statue-liberty-cookware-cbkreation-p-23969.html" "Mozilla/5.0 (Linux; Android 5.0) AppleWebKit/537.36 (KHTML, like Gecko) Mobile Safari/537.36 (compatible; Bytespider; spider-feedback@bytedance.com)"
47.128.19.182 - - [28/Jul/2023:22:54:06 +0200] "GET /swfobject.js HTTP/1.0" 404 1308 "http://www.wonder-geek.com/statue-liberty-cookware-cbkreation-p-23969.html" "Mozilla/5.0 (Linux; Android 5.0) AppleWebKit/537.36 (KHTML, like Gecko) Mobile Safari/537.36 (compatible; Bytespider; spider-feedback@bytedance.com)"
47.128.19.182 - - [28/Jul/2023:22:54:06 +0200] "GET /highslide/graphics/zoomin.cur HTTP/1.0" 200 614 "http://www.wonder-geek.com/templates/Pixame_v1/stylesheet.css" "Mozilla/5.0 (Linux; Android 5.0) AppleWebKit/537.36 (KHTML, like Gecko) Mobile Safari/537.36 (compatible; Bytespider; spider-feedback@bytedance.com)"
37.187.89.104 - - [28/Jul/2023:22:54:05 +0200] "GET /ceramic-salt-with-spoon-p-60459.html HTTP/1.0" 200 76757 "-" "Mozilla/5.0 (compatible; MJ12bot/v1.4.8; http://mj12bot.com/)"
47.128.19.182 - - [28/Jul/2023:22:54:06 +0200] "GET /highslide/graphics/zoomout.cur HTTP/1.0" 200 614 "http://www.wonder-geek.com/statue-liberty-cookware-cbkreation-p-23969.html" "Mozilla/5.0 (Linux; Android 5.0) AppleWebKit/537.36 (KHTML, like Gecko) Mobile Safari/537.36 (compatible; Bytespider; spider-feedback@bytedance.com)"
47.128.19.182 - - [28/Jul/2023:22:54:07 +0200] "GET /highslide/graphics/outlines/drop-shadow.png HTTP/1.0" 200 277 "http://www.wonder-geek.com/statue-liberty-cookware-cbkreation-p-23969.html" "Mozilla/5.0 (Linux; Android 5.0) AppleWebKit/537.36 (KHTML, like Gecko) Mobile Safari/537.36 (compatible; Bytespider; spider-feedback@bytedance.com)"
47.128.19.182 - - [28/Jul/2023:22:54:07 +0200] "GET /images/1399984240755.jpg HTTP/1.0" 200 259 "http://www.wonder-geek.com/statue-liberty-cookware-cbkreation-p-23969.html" "Mozilla/5.0 (Linux; Android 5.0) AppleWebKit/537.36 (KHTML, like Gecko) Mobile Safari/537.36 (compatible; Bytespider; spider-feedback@bytedance.com)"
117.136.138.24 - - [28/Jul/2023:22:54:09 +0200] "GET /images/mini_prod/4029811320004.jpg HTTP/1.0" 200 269 "-" "Mozilla/5.0 (X11; Ubuntu; Linux x86_64; rv:72.0) Gecko/20100101 Firefox/72.0"
37.187.89.104 - - [28/Jul/2023:22:54:08 +0200] "GET /ceramic-salt-with-spoon-p-60460.html HTTP/1.0" 200 76757 "-" "Mozilla/5.0 (compatible; MJ12bot/v1.4.8; http://mj12bot.com/)"
37.187.89.104 - - [28/Jul/2023:22:54:12 +0200] "GET /cotton-floor-cushion-houston-p-60447.html HTTP/1.0" 200 77314 "-" "Mozilla/5.0 (compatible; MJ12bot/v1.4.8; http://mj12bot.com/)"
37.187.89.104 - - [28/Jul/2023:22:54:15 +0200] "GET /elephant-money-p-60465.html HTTP/1.0" 200 76715 "-" "Mozilla/5.0 (compatible; MJ12bot/v1.4.8; http://mj12bot.com/)"
54.236.1.11 - - [28/Jul/2023:22:54:17 +0200] "GET /coca-cola-handbag-p-14187.html HTTP/1.0" 301 73846 "-" "Mozilla/5.0 (compatible; Pinterestbot/1.0; +http://www.pinterest.com/bot.html)"
54.236.1.11 - - [28/Jul/2023:22:54:19 +0200] "GET /-p-14187.html HTTP/1.0" 200 73779 "-" "Mozilla/5.0 (compatible; Pinterestbot/1.0; +http://www.pinterest.com/bot.html)"
40.77.167.89 - - [28/Jul/2023:22:54:21 +0200] "GET /images/8012052075501.jpg HTTP/1.0" 200 259 "-" "Mozilla/5.0 AppleWebKit/537.36 (KHTML, like Gecko; compatible; bingbot/2.0; +http://www.bing.com/bingbot.htm) Chrome/103.0.5060.134 Safari/537.36"
54.36.148.81 - - [28/Jul/2023:22:54:43 +0200] "GET /cushion-cover-cement-tiles-p-49958.html HTTP/1.0" 200 77082 "-" "Mozilla/5.0 (compatible; AhrefsBot/7.0; +http://ahrefs.com/robot/)"
66.249.74.98 - - [28/Jul/2023:22:54:50 +0200] "GET /images/1399984232101.jpg HTTP/1.0" 200 259 "-" "Googlebot-Image/1.0"
185.191.171.8 - - [28/Jul/2023:22:54:51 +0200] "GET /foldable-wooden-tray-p-52296.html HTTP/1.0" 200 77246 "-" "Mozilla/5.0 (compatible; SemrushBot/7~bl; +http://www.semrush.com/bot.html)"
216.244.66.242 - - [28/Jul/2023:22:54:58 +0200] "GET /bohemian-ethnic-style-burlap-table-p-47329.html HTTP/1.0" 200 76814 "-" "Mozilla/5.0 (compatible; DotBot/1.2; +https://opensiteexplorer.org/dotbot; help@moz.com)"
216.244.66.242 - - [28/Jul/2023:22:55:07 +0200] "GET /love-story-large-metal-plate-deco-p-36114.html HTTP/1.0" 200 76222 "-" "Mozilla/5.0 (compatible; DotBot/1.2; +https://opensiteexplorer.org/dotbot; help@moz.com)"
47.197.68.39 - - [28/Jul/2023:22:55:14 +0200] "GET /images/big_prod/5701359740603.jpg HTTP/1.0" 200 268 "-" "Mozilla/5.0 (Macintosh; Intel Mac OS X 10_15_7) AppleWebKit/605.1.15 (KHTML, like Gecko) Version/16.5.2 Safari/605.1.15"
216.244.66.242 - - [28/Jul/2023:22:55:15 +0200] "GET /place-cushions-p-53828.html HTTP/1.0" 200 80038 "-" "Mozilla/5.0 (compatible; DotBot/1.2; +https://opensiteexplorer.org/dotbot; help@moz.com)"
185.191.171.17 - - [28/Jul/2023:22:56:11 +0200] "GET /metal-coffee-capacity-poppy-p-58334.html HTTP/1.0" 200 77182 "-" "Mozilla/5.0 (compatible; SemrushBot/7~bl; +http://www.semrush.com/bot.html)"
54.36.148.228 - - [28/Jul/2023:22:56:24 +0200] "GET /bamboo-vase-p-55110.html HTTP/1.0" 200 76917 "-" "Mozilla/5.0 (compatible; AhrefsBot/7.0; +http://ahrefs.com/robot/)"
54.236.1.11 - - [28/Jul/2023:22:56:52 +0200] "GET /swing-map-collection-gorjuss-p-23145.html HTTP/1.0" 301 73846 "-" "Mozilla/5.0 (compatible; Pinterestbot/1.0; +http://www.pinterest.com/bot.html)"
54.236.1.11 - - [28/Jul/2023:22:56:53 +0200] "GET /-p-23145.html HTTP/1.0" 200 73779 "-" "Mozilla/5.0 (compatible; Pinterestbot/1.0; +http://www.pinterest.com/bot.html)"
18.136.42.212 - - [28/Jul/2023:22:57:16 +0200] "GET /espresso-eccentric-p-39753.html HTTP/1.0" 200 76246 "-" "Mozilla/5.0 (Linux; Android 5.0) AppleWebKit/537.36 (KHTML, like Gecko) Mobile Safari/537.36 (compatible; Bytespider; spider-feedback@bytedance.com)"
18.136.42.212 - - [28/Jul/2023:22:57:18 +0200] "GET /swfobject.js HTTP/1.0" 404 1308 "http://www.wonder-geek.com/espresso-eccentric-p-39753.html" "Mozilla/5.0 (Linux; Android 5.0) AppleWebKit/537.36 (KHTML, like Gecko) Mobile Safari/537.36 (compatible; Bytespider; spider-feedback@bytedance.com)"
18.136.42.212 - - [28/Jul/2023:22:57:23 +0200] "GET /highslide/graphics/zoomin.cur HTTP/1.0" 200 614 "http://www.wonder-geek.com/templates/Pixame_v1/stylesheet.css" "Mozilla/5.0 (Linux; Android 5.0) AppleWebKit/537.36 (KHTML, like Gecko) Mobile Safari/537.36 (compatible; Bytespider; spider-feedback@bytedance.com)"
18.136.42.212 - - [28/Jul/2023:22:57:24 +0200] "GET /highslide/graphics/outlines/drop-shadow.png HTTP/1.0" 200 277 "http://www.wonder-geek.com/espresso-eccentric-p-39753.html" "Mozilla/5.0 (Linux; Android 5.0) AppleWebKit/537.36 (KHTML, like Gecko) Mobile Safari/537.36 (compatible; Bytespider; spider-feedback@bytedance.com)"
18.136.42.212 - - [28/Jul/2023:22:57:24 +0200] "GET /highslide/graphics/zoomout.cur HTTP/1.0" 200 614 "http://www.wonder-geek.com/espresso-eccentric-p-39753.html" "Mozilla/5.0 (Linux; Android 5.0) AppleWebKit/537.36 (KHTML, like Gecko) Mobile Safari/537.36 (compatible; Bytespider; spider-feedback@bytedance.com)"
18.136.42.212 - - [28/Jul/2023:22:57:24 +0200] "GET /images/big_prod/3453131131445.jpg HTTP/1.0" 200 268 "http://www.wonder-geek.com/espresso-eccentric-p-39753.html" "Mozilla/5.0 (Linux; Android 5.0) AppleWebKit/537.36 (KHTML, like Gecko) Mobile Safari/537.36 (compatible; Bytespider; spider-feedback@bytedance.com)"
14.22.11.164 - - [28/Jul/2023:22:57:29 +0200] "GET /images/mini_prod/3453131152662.jpg HTTP/1.0" 200 269 "-" "Mozilla/5.0 (X11; Ubuntu; Linux x86_64; rv:72.0) Gecko/20100101 Firefox/72.0"
54.36.149.5 - - [28/Jul/2023:22:58:00 +0200] "GET /shirts-sweatshirts-women-c-53_55.html?page=3 HTTP/1.0" 200 92457 "-" "Mozilla/5.0 (compatible; AhrefsBot/7.0; +http://ahrefs.com/robot/)"
66.249.74.98 - - [28/Jul/2023:22:58:31 +0200] "GET /frozen-elsa-and-anna-jewelry-box-p-37026.html HTTP/1.0" 301 77162 "-" "Mozilla/5.0 (Linux; Android 6.0.1; Nexus 5X Build/MMB29P) AppleWebKit/537.36 (KHTML, like Gecko) Chrome/114.0.5735.179 Mobile Safari/537.36 (compatible; Googlebot/2.1; +http://www.google.com/bot.html)"
66.249.74.98 - - [28/Jul/2023:22:58:33 +0200] "GET /frozen-elsa-anna-jewelry-p-37026.html HTTP/1.0" 200 77071 "-" "Mozilla/5.0 (Linux; Android 6.0.1; Nexus 5X Build/MMB29P) AppleWebKit/537.36 (KHTML, like Gecko) Chrome/114.0.5735.179 Mobile Safari/537.36 (compatible; Googlebot/2.1; +http://www.google.com/bot.html)"
66.249.74.99 - - [28/Jul/2023:22:58:34 +0200] "GET /big-tote-bag-wendy-laissez-lucie-faire-p-49021.html HTTP/1.0" 301 76582 "-" "Mozilla/5.0 (Linux; Android 6.0.1; Nexus 5X Build/MMB29P) AppleWebKit/537.36 (KHTML, like Gecko) Chrome/114.0.5735.179 Mobile Safari/537.36 (compatible; Googlebot/2.1; +http://www.google.com/bot.html)"
66.249.74.98 - - [28/Jul/2023:22:58:36 +0200] "GET /tote-wendy-laissez-lucie-faire-p-49021.html HTTP/1.0" 200 76485 "-" "Mozilla/5.0 (Linux; Android 6.0.1; Nexus 5X Build/MMB29P) AppleWebKit/537.36 (KHTML, like Gecko) Chrome/114.0.5735.179 Mobile Safari/537.36 (compatible; Googlebot/2.1; +http://www.google.com/bot.html)"
17.241.227.253 - - [28/Jul/2023:22:59:10 +0200] "GET /robots.txt HTTP/1.0" 200 245 "-" "Mozilla/5.0 (Macintosh; Intel Mac OS X 10_15_5) AppleWebKit/605.1.15 (KHTML, like Gecko) Version/13.1.1 Safari/605.1.15 (Applebot/0.1; +http://www.apple.com/go/applebot)"
17.241.227.253 - - [28/Jul/2023:22:59:11 +0200] "GET /gray-metal-wood-flexo-lamp-p-53081.html HTTP/1.0" 200 77417 "-" "Mozilla/5.0 (Macintosh; Intel Mac OS X 10_15_5) AppleWebKit/605.1.15 (KHTML, like Gecko) Version/13.1.1 Safari/605.1.15 (Applebot/0.1; +http://www.apple.com/go/applebot)"
54.36.149.74 - - [28/Jul/2023:22:59:58 +0200] "GET /kiub-collection-jewels-butterflies-cool-p-57958.html HTTP/1.0" 200 77099 "-" "Mozilla/5.0 (compatible; AhrefsBot/7.0; +http://ahrefs.com/robot/)"
66.249.74.100 - - [28/Jul/2023:23:00:01 +0200] "GET /pen-holder-in-recycled-metal-elements-bear-p-42323.html HTTP/1.0" 301 76418 "-" "Mozilla/5.0 (Linux; Android 6.0.1; Nexus 5X Build/MMB29P) AppleWebKit/537.36 (KHTML, like Gecko) Chrome/114.0.5735.179 Mobile Safari/537.36 (compatible; Googlebot/2.1; +http://www.google.com/bot.html)"
66.249.74.99 - - [28/Jul/2023:23:00:03 +0200] "GET /holder-recycled-metal-elements-bear-p-42323.html HTTP/1.0" 200 76316 "-" "Mozilla/5.0 (Linux; Android 6.0.1; Nexus 5X Build/MMB29P) AppleWebKit/537.36 (KHTML, like Gecko) Chrome/114.0.5735.179 Mobile Safari/537.36 (compatible; Googlebot/2.1; +http://www.google.com/bot.html)"
52.77.17.113 - - [28/Jul/2023:23:00:31 +0200] "GET /rectangular-wooden-tray-avocado-large-p-47697.html HTTP/1.0" 200 76368 "-" "Mozilla/5.0 (Linux; Android 5.0) AppleWebKit/537.36 (KHTML, like Gecko) Mobile Safari/537.36 (compatible; Bytespider; spider-feedback@bytedance.com)"
52.77.17.113 - - [28/Jul/2023:23:00:33 +0200] "GET /js/jquery.jqzoom.js HTTP/1.0" 200 259 "http://www.wonder-geek.com/rectangular-wooden-tray-avocado-large-p-47697.html" "Mozilla/5.0 (Linux; Android 5.0) AppleWebKit/537.36 (KHTML, like Gecko) Mobile Safari/537.36 (compatible; Bytespider; spider-feedback@bytedance.com)"
52.77.17.113 - - [28/Jul/2023:23:00:33 +0200] "GET /swfobject.js HTTP/1.0" 404 1308 "http://www.wonder-geek.com/rectangular-wooden-tray-avocado-large-p-47697.html" "Mozilla/5.0 (Linux; Android 5.0) AppleWebKit/537.36 (KHTML, like Gecko) Mobile Safari/537.36 (compatible; Bytespider; spider-feedback@bytedance.com)"
52.77.17.113 - - [28/Jul/2023:23:00:34 +0200] "GET /swfobject.js HTTP/1.0" 404 1308 "http://www.wonder-geek.com/rectangular-wooden-tray-avocado-large-p-47697.html" "Mozilla/5.0 (Linux; Android 5.0) AppleWebKit/537.36 (KHTML, like Gecko) Mobile Safari/537.36 (compatible; Bytespider; spider-feedback@bytedance.com)"
52.77.17.113 - - [28/Jul/2023:23:00:36 +0200] "GET /highslide/graphics/zoomin.cur HTTP/1.0" 200 614 "http://www.wonder-geek.com/templates/Pixame_v1/stylesheet.css" "Mozilla/5.0 (Linux; Android 5.0) AppleWebKit/537.36 (KHTML, like Gecko) Mobile Safari/537.36 (compatible; Bytespider; spider-feedback@bytedance.com)"
52.77.17.113 - - [28/Jul/2023:23:00:36 +0200] "GET /highslide/graphics/zoomout.cur HTTP/1.0" 200 614 "http://www.wonder-geek.com/rectangular-wooden-tray-avocado-large-p-47697.html" "Mozilla/5.0 (Linux; Android 5.0) AppleWebKit/537.36 (KHTML, like Gecko) Mobile Safari/537.36 (compatible; Bytespider; spider-feedback@bytedance.com)"
52.77.17.113 - - [28/Jul/2023:23:00:36 +0200] "GET /highslide/graphics/outlines/drop-shadow.png HTTP/1.0" 200 277 "http://www.wonder-geek.com/rectangular-wooden-tray-avocado-large-p-47697.html" "Mozilla/5.0 (Linux; Android 5.0) AppleWebKit/537.36 (KHTML, like Gecko) Mobile Safari/537.36 (compatible; Bytespider; spider-feedback@bytedance.com)"
52.77.17.113 - - [28/Jul/2023:23:00:36 +0200] "GET /images/big_prod/8433914427922.jpg HTTP/1.0" 200 268 "http://www.wonder-geek.com/rectangular-wooden-tray-avocado-large-p-47697.html" "Mozilla/5.0 (Linux; Android 5.0) AppleWebKit/537.36 (KHTML, like Gecko) Mobile Safari/537.36 (compatible; Bytespider; spider-feedback@bytedance.com)"
173.252.83.120 - - [28/Jul/2023:23:01:16 +0200] "GET /images/mini_prod/3660173234205.jpg HTTP/1.0" 200 269 "-" "facebookexternalhit/1.1 (+http://www.facebook.com/externalhit_uatext.php)"
185.191.171.14 - - [28/Jul/2023:23:01:28 +0200] "GET /deco-squirrel-statue-p-45406.html HTTP/1.0" 200 73861 "-" "Mozilla/5.0 (compatible; SemrushBot/7~bl; +http://www.semrush.com/bot.html)"
54.36.149.32 - - [28/Jul/2023:23:01:33 +0200] "GET /salt-boxes-jars-c-12_223.html HTTP/1.0" 200 93210 "-" "Mozilla/5.0 (compatible; AhrefsBot/7.0; +http://ahrefs.com/robot/)"
14.22.11.162 - - [28/Jul/2023:23:01:39 +0200] "GET /images/mini_prod/52131990360631-fushia.jpg HTTP/1.0" 200 277 "-" "Mozilla/5.0 (X11; Ubuntu; Linux x86_64; rv:72.0) Gecko/20100101 Firefox/72.0"
173.252.83.1 - - [28/Jul/2023:23:02:33 +0200] "GET /images/mini_prod/8424346311743a.jpg HTTP/1.0" 200 270 "-" "facebookexternalhit/1.1 (+http://www.facebook.com/externalhit_uatext.php)"
173.252.83.7 - - [28/Jul/2023:23:02:37 +0200] "GET /images/mini_prod/3609810071650.jpg HTTP/1.0" 200 269 "-" "facebookexternalhit/1.1 (+http://www.facebook.com/externalhit_uatext.php)"
14.22.11.163 - - [28/Jul/2023:23:02:54 +0200] "GET /images/mini_prod/1399984258446.jpg HTTP/1.0" 200 269 "-" "Mozilla/5.0 (X11; Ubuntu; Linux x86_64; rv:72.0) Gecko/20100101 Firefox/72.0"
54.36.148.199 - - [28/Jul/2023:23:03:17 +0200] "GET /klimt-little-tray-p-51678.html HTTP/1.0" 200 76166 "-" "Mozilla/5.0 (compatible; AhrefsBot/7.0; +http://ahrefs.com/robot/)"
18.136.42.212 - - [28/Jul/2023:23:03:47 +0200] "GET /mani-lucky-charm-size-shopping-p-33278.html HTTP/1.0" 200 76488 "-" "Mozilla/5.0 (Linux; Android 5.0) AppleWebKit/537.36 (KHTML, like Gecko) Mobile Safari/537.36 (compatible; Bytespider; spider-feedback@bytedance.com)"
18.136.42.212 - - [28/Jul/2023:23:03:48 +0200] "GET /swfobject.js HTTP/1.0" 404 1308 "http://www.wonder-geek.com/mani-lucky-charm-size-shopping-p-33278.html" "Mozilla/5.0 (Linux; Android 5.0) AppleWebKit/537.36 (KHTML, like Gecko) Mobile Safari/537.36 (compatible; Bytespider; spider-feedback@bytedance.com)"
18.136.42.212 - - [28/Jul/2023:23:03:50 +0200] "GET /highslide/graphics/zoomin.cur HTTP/1.0" 200 614 "http://www.wonder-geek.com/templates/Pixame_v1/stylesheet.css" "Mozilla/5.0 (Linux; Android 5.0) AppleWebKit/537.36 (KHTML, like Gecko) Mobile Safari/537.36 (compatible; Bytespider; spider-feedback@bytedance.com)"
18.136.42.212 - - [28/Jul/2023:23:03:50 +0200] "GET /highslide/graphics/zoomout.cur HTTP/1.0" 200 614 "http://www.wonder-geek.com/mani-lucky-charm-size-shopping-p-33278.html" "Mozilla/5.0 (Linux; Android 5.0) AppleWebKit/537.36 (KHTML, like Gecko) Mobile Safari/537.36 (compatible; Bytespider; spider-feedback@bytedance.com)"
18.136.42.212 - - [28/Jul/2023:23:03:50 +0200] "GET /highslide/graphics/outlines/drop-shadow.png HTTP/1.0" 200 277 "http://www.wonder-geek.com/mani-lucky-charm-size-shopping-p-33278.html" "Mozilla/5.0 (Linux; Android 5.0) AppleWebKit/537.36 (KHTML, like Gecko) Mobile Safari/537.36 (compatible; Bytespider; spider-feedback@bytedance.com)"
18.136.42.212 - - [28/Jul/2023:23:03:51 +0200] "GET /images/med_prod/3519570206004.jpg HTTP/1.0" 200 268 "http://www.wonder-geek.com/mani-lucky-charm-size-shopping-p-33278.html" "Mozilla/5.0 (Linux; Android 5.0) AppleWebKit/537.36 (KHTML, like Gecko) Mobile Safari/537.36 (compatible; Bytespider; spider-feedback@bytedance.com)"
14.22.11.161 - - [28/Jul/2023:23:04:11 +0200] "GET /images/mini_prod/8435333849231.jpg HTTP/1.0" 200 269 "-" "Mozilla/5.0 (X11; Ubuntu; Linux x86_64; rv:72.0) Gecko/20100101 Firefox/72.0"
85.208.96.196 - - [28/Jul/2023:23:04:16 +0200] "GET /-p-34007.html HTTP/1.0" 200 73779 "-" "Mozilla/5.0 (compatible; SemrushBot/7~bl; +http://www.semrush.com/bot.html)"
54.36.148.237 - - [28/Jul/2023:23:04:52 +0200] "GET /glass-side-table-mandala-p-58381.html HTTP/1.0" 200 76755 "-" "Mozilla/5.0 (compatible; AhrefsBot/7.0; +http://ahrefs.com/robot/)"
85.208.96.197 - - [28/Jul/2023:23:04:56 +0200] "GET /gorjuss-fiesta-triple-pocket-rucksack-catch-falling-star-p-52372.html HTTP/1.0" 200 77561 "-" "Mozilla/5.0 (compatible; SemrushBot/7~bl; +http://www.semrush.com/bot.html)"
14.22.11.163 - - [28/Jul/2023:23:05:37 +0200] "GET /images/med_prod/8435306265839.jpg HTTP/1.0" 200 268 "-" "Mozilla/5.0 (X11; Ubuntu; Linux x86_64; rv:72.0) Gecko/20100101 Firefox/72.0"
119.28.111.11 - - [28/Jul/2023:23:05:47 +0200] "GET /images/mini_prod/7601019991780.jpg HTTP/1.0" 200 269 "-" "Mozilla/5.0 (X11; Ubuntu; Linux x86_64; rv:72.0) Gecko/20100101 Firefox/72.0"
54.36.148.21 - - [28/Jul/2023:23:06:28 +0200] "GET /potholder-glove-p-54124.html HTTP/1.0" 200 76151 "-" "Mozilla/5.0 (compatible; AhrefsBot/7.0; +http://ahrefs.com/robot/)"
122.36.197.34 - - [28/Jul/2023:23:06:53 +0200] "GET /images/mini_prod/1399984241806.jpg HTTP/1.0" 200 269 "-" "Mozilla/5.0 (X11; Ubuntu; Linux x86_64; rv:72.0) Gecko/20100101 Firefox/72.0"
13.214.74.217 - - [28/Jul/2023:23:07:00 +0200] "GET /motorcycle-metal-wall-decoration-90-cm-p-44445.html HTTP/1.0" 301 73846 "-" "Mozilla/5.0 (Linux; Android 5.0) AppleWebKit/537.36 (KHTML, like Gecko) Mobile Safari/537.36 (compatible; Bytespider; spider-feedback@bytedance.com)"
13.214.74.217 - - [28/Jul/2023:23:07:02 +0200] "GET /-p-44445.html HTTP/1.0" 200 73779 "-" "Mozilla/5.0 (Linux; Android 5.0) AppleWebKit/537.36 (KHTML, like Gecko) Mobile Safari/537.36 (compatible; Bytespider; spider-feedback@bytedance.com)"
13.214.74.217 - - [28/Jul/2023:23:07:03 +0200] "GET /swfobject.js HTTP/1.0" 404 1308 "http://www.wonder-geek.com/-p-44445.html" "Mozilla/5.0 (Linux; Android 5.0) AppleWebKit/537.36 (KHTML, like Gecko) Mobile Safari/537.36 (compatible; Bytespider; spider-feedback@bytedance.com)"
13.214.74.217 - - [28/Jul/2023:23:07:04 +0200] "GET /highslide/graphics/zoomout.cur HTTP/1.0" 200 614 "http://www.wonder-geek.com/-p-44445.html" "Mozilla/5.0 (Linux; Android 5.0) AppleWebKit/537.36 (KHTML, like Gecko) Mobile Safari/537.36 (compatible; Bytespider; spider-feedback@bytedance.com)"
13.214.74.217 - - [28/Jul/2023:23:07:04 +0200] "GET /highslide/graphics/outlines/drop-shadow.png HTTP/1.0" 200 277 "http://www.wonder-geek.com/-p-44445.html" "Mozilla/5.0 (Linux; Android 5.0) AppleWebKit/537.36 (KHTML, like Gecko) Mobile Safari/537.36 (compatible; Bytespider; spider-feedback@bytedance.com)"
101.67.50.26 - - [28/Jul/2023:23:07:04 +0200] "GET /images/mini_prod/7630024997548.jpg HTTP/1.0" 200 269 "http://www.wonder-geek.com/" "YisouSpider"
40.77.167.115 - - [28/Jul/2023:23:07:21 +0200] "GET /zippo-lighter-p-56223.html HTTP/1.0" 200 79207 "-" "Mozilla/5.0 AppleWebKit/537.36 (KHTML, like Gecko; compatible; bingbot/2.0; +http://www.bing.com/bingbot.htm) Chrome/103.0.5060.134 Safari/537.36"
207.91.133.162 - - [28/Jul/2023:23:07:24 +0200] "GET /images/mini_prod/3700276874486.jpg HTTP/1.0" 200 269 "-" "Mozilla/5.0 (X11; Ubuntu; Linux x86_64; rv:72.0) Gecko/20100101 Firefox/72.0"
60.188.9.168 - - [28/Jul/2023:23:07:43 +0200] "GET /images/mini_prod/7630024997548.jpg HTTP/1.0" 200 269 "http://www.wonder-geek.com/" "YisouSpider"
185.191.171.25 - - [28/Jul/2023:23:07:43 +0200] "GET /-p-53711.html HTTP/1.0" 200 73779 "-" "Mozilla/5.0 (compatible; SemrushBot/7~bl; +http://www.semrush.com/bot.html)"
54.36.148.239 - - [28/Jul/2023:23:08:11 +0200] "GET /polar-blankets-blankets-c-11_73.html?page=3 HTTP/1.0" 200 93297 "-" "Mozilla/5.0 (compatible; AhrefsBot/7.0; +http://ahrefs.com/robot/)"
51.68.224.127 - - [28/Jul/2023:23:08:41 +0200] "GET /adminweb/export_orders_xml.php?token=256de2z6edz6ed2z6DFSFsed2zed6zeDSFDSGdzedezfzf&maxorders=10&orderstart=1&status=14&start_date=2018-10-01 HTTP/1.0" 200 285 "-" "GesCom CharlotteBoutik Serveur"
51.68.224.127 - - [28/Jul/2023:23:08:41 +0200] "GET /adminweb/export_orders_xml.php?token=256de2z6edz6ed2z6DFSFsed2zed6zeDSFDSGdzedezfzf&maxorders=10&orderstart=1&status=6&start_date=2018-10-01 HTTP/1.0" 200 33887 "-" "GesCom CharlotteBoutik Serveur"
40.77.167.89 - - [28/Jul/2023:23:08:42 +0200] "GET /soft-toys-security-blanket-c-4_46.html?page=4 HTTP/1.0" 200 95256 "-" "Mozilla/5.0 AppleWebKit/537.36 (KHTML, like Gecko; compatible; bingbot/2.0; +http://www.bing.com/bingbot.htm) Chrome/103.0.5060.134 Safari/537.36"
150.109.10.162 - - [28/Jul/2023:23:09:59 +0200] "GET /images/mini_prod/1750384000002.jpg HTTP/1.0" 200 269 "-" "Mozilla/5.0 (X11; Ubuntu; Linux x86_64; rv:72.0) Gecko/20100101 Firefox/72.0"
54.36.149.47 - - [28/Jul/2023:23:10:05 +0200] "GET /gold-jewelry-stand-white-p-48823.html HTTP/1.0" 200 76376 "-" "Mozilla/5.0 (compatible; AhrefsBot/7.0; +http://ahrefs.com/robot/)"
54.254.28.42 - - [28/Jul/2023:23:10:14 +0200] "GET /princess-sofia-storage-cupboard-p-28200.html HTTP/1.0" 200 76246 "-" "Mozilla/5.0 (Linux; Android 5.0) AppleWebKit/537.36 (KHTML, like Gecko) Mobile Safari/537.36 (compatible; Bytespider; spider-feedback@bytedance.com)"
54.254.28.42 - - [28/Jul/2023:23:10:15 +0200] "GET /swfobject.js HTTP/1.0" 404 1308 "http://www.wonder-geek.com/princess-sofia-storage-cupboard-p-28200.html" "Mozilla/5.0 (Linux; Android 5.0) AppleWebKit/537.36 (KHTML, like Gecko) Mobile Safari/537.36 (compatible; Bytespider; spider-feedback@bytedance.com)"
14.22.11.164 - - [28/Jul/2023:23:10:17 +0200] "GET /images/mini_prod/3700276274453.jpg HTTP/1.0" 200 269 "-" "Mozilla/5.0 (X11; Ubuntu; Linux x86_64; rv:72.0) Gecko/20100101 Firefox/72.0"
54.254.28.42 - - [28/Jul/2023:23:10:23 +0200] "GET /swfobject.js HTTP/1.0" 404 1308 "http://www.wonder-geek.com/princess-sofia-storage-cupboard-p-28200.html" "Mozilla/5.0 (Linux; Android 5.0) AppleWebKit/537.36 (KHTML, like Gecko) Mobile Safari/537.36 (compatible; Bytespider; spider-feedback@bytedance.com)"
54.254.28.42 - - [28/Jul/2023:23:10:23 +0200] "GET /highslide/graphics/zoomin.cur HTTP/1.0" 200 614 "http://www.wonder-geek.com/templates/Pixame_v1/stylesheet.css" "Mozilla/5.0 (Linux; Android 5.0) AppleWebKit/537.36 (KHTML, like Gecko) Mobile Safari/537.36 (compatible; Bytespider; spider-feedback@bytedance.com)"
54.254.28.42 - - [28/Jul/2023:23:10:23 +0200] "GET /highslide/graphics/zoomout.cur HTTP/1.0" 200 614 "http://www.wonder-geek.com/princess-sofia-storage-cupboard-p-28200.html" "Mozilla/5.0 (Linux; Android 5.0) AppleWebKit/537.36 (KHTML, like Gecko) Mobile Safari/537.36 (compatible; Bytespider; spider-feedback@bytedance.com)"
54.254.28.42 - - [28/Jul/2023:23:10:23 +0200] "GET /highslide/graphics/outlines/drop-shadow.png HTTP/1.0" 200 277 "http://www.wonder-geek.com/princess-sofia-storage-cupboard-p-28200.html" "Mozilla/5.0 (Linux; Android 5.0) AppleWebKit/537.36 (KHTML, like Gecko) Mobile Safari/537.36 (compatible; Bytespider; spider-feedback@bytedance.com)"
54.254.28.42 - - [28/Jul/2023:23:10:24 +0200] "GET /images/8430957083269.jpg HTTP/1.0" 200 259 "http://www.wonder-geek.com/princess-sofia-storage-cupboard-p-28200.html" "Mozilla/5.0 (Linux; Android 5.0) AppleWebKit/537.36 (KHTML, like Gecko) Mobile Safari/537.36 (compatible; Bytespider; spider-feedback@bytedance.com)"
40.77.167.89 - - [28/Jul/2023:23:10:25 +0200] "GET /small-money-bank-chameleon-p-58463.html HTTP/1.0" 200 77024 "-" "Mozilla/5.0 AppleWebKit/537.36 (KHTML, like Gecko; compatible; bingbot/2.0; +http://www.bing.com/bingbot.htm) Chrome/103.0.5060.134 Safari/537.36"
185.191.171.21 - - [28/Jul/2023:23:10:42 +0200] "GET /robots.txt HTTP/1.0" 200 245 "-" "Mozilla/5.0 (compatible; SemrushBot/7~bl; +http://www.semrush.com/bot.html)"
185.191.171.1 - - [28/Jul/2023:23:10:42 +0200] "GET /transparent-rectangular-plastic-tablecloth-p-52774.html HTTP/1.0" 200 73963 "-" "Mozilla/5.0 (compatible; SemrushBot/7~bl; +http://www.semrush.com/bot.html)"
173.252.83.117 - - [28/Jul/2023:23:11:01 +0200] "GET /images/mini_prod/8436565220751.jpg HTTP/1.0" 200 269 "-" "facebookexternalhit/1.1 (+http://www.facebook.com/externalhit_uatext.php)"
185.191.171.19 - - [28/Jul/2023:23:12:03 +0200] "GET /potholder-glove-ivory-p-54136.html HTTP/1.0" 200 76203 "-" "Mozilla/5.0 (compatible; SemrushBot/7~bl; +http://www.semrush.com/bot.html)"
173.252.83.118 - - [28/Jul/2023:23:12:11 +0200] "GET /images/mini_prod/8422022494018.jpg HTTP/1.0" 200 269 "-" "facebookexternalhit/1.1 (+http://www.facebook.com/externalhit_uatext.php)"
66.249.74.99 - - [28/Jul/2023:23:12:38 +0200] "GET /bowl-with-ridged-patterns-porcelain-p-56189.html HTTP/1.0" 200 76321 "-" "Mozilla/5.0 (Linux; Android 6.0.1; Nexus 5X Build/MMB29P) AppleWebKit/537.36 (KHTML, like Gecko) Chrome/114.0.5735.179 Mobile Safari/537.36 (compatible; Googlebot/2.1; +http://www.google.com/bot.html)"
185.191.171.5 - - [28/Jul/2023:23:12:42 +0200] "GET /turtle-wall-decoration-p-59501.html HTTP/1.0" 200 76788 "-" "Mozilla/5.0 (compatible; SemrushBot/7~bl; +http://www.semrush.com/bot.html)"
52.167.144.17 - - [28/Jul/2023:23:12:46 +0200] "GET /small-postcard-plate-with-envelope-p-40128.html HTTP/1.0" 200 76378 "-" "Mozilla/5.0 AppleWebKit/537.36 (KHTML, like Gecko; compatible; bingbot/2.0; +http://www.bing.com/bingbot.htm) Chrome/103.0.5060.134 Safari/537.36"
40.77.167.89 - - [28/Jul/2023:23:13:02 +0200] "GET /tout-travail-mrite-bire-adult-apron-p-53177.html HTTP/1.0" 200 76797 "-" "Mozilla/5.0 AppleWebKit/537.36 (KHTML, like Gecko; compatible; bingbot/2.0; +http://www.bing.com/bingbot.htm) Chrome/103.0.5060.134 Safari/537.36"
18.140.189.158 - - [28/Jul/2023:23:13:28 +0200] "GET /figurine-snail-cement-aged-effect-p-45677.html HTTP/1.0" 200 76342 "-" "Mozilla/5.0 (Linux; Android 5.0) AppleWebKit/537.36 (KHTML, like Gecko) Mobile Safari/537.36 (compatible; Bytespider; spider-feedback@bytedance.com)"
18.140.189.158 - - [28/Jul/2023:23:13:30 +0200] "GET /swfobject.js HTTP/1.0" 404 1308 "http://www.wonder-geek.com/figurine-snail-cement-aged-effect-p-45677.html" "Mozilla/5.0 (Linux; Android 5.0) AppleWebKit/537.36 (KHTML, like Gecko) Mobile Safari/537.36 (compatible; Bytespider; spider-feedback@bytedance.com)"
18.140.189.158 - - [28/Jul/2023:23:13:55 +0200] "GET /swfobject.js HTTP/1.0" 404 1308 "http://www.wonder-geek.com/figurine-snail-cement-aged-effect-p-45677.html" "Mozilla/5.0 (Linux; Android 5.0) AppleWebKit/537.36 (KHTML, like Gecko) Mobile Safari/537.36 (compatible; Bytespider; spider-feedback@bytedance.com)"
18.140.189.158 - - [28/Jul/2023:23:13:56 +0200] "GET /highslide/graphics/zoomin.cur HTTP/1.0" 200 614 "http://www.wonder-geek.com/templates/Pixame_v1/stylesheet.css" "Mozilla/5.0 (Linux; Android 5.0) AppleWebKit/537.36 (KHTML, like Gecko) Mobile Safari/537.36 (compatible; Bytespider; spider-feedback@bytedance.com)"
18.140.189.158 - - [28/Jul/2023:23:13:56 +0200] "GET /highslide/graphics/outlines/drop-shadow.png HTTP/1.0" 200 277 "http://www.wonder-geek.com/figurine-snail-cement-aged-effect-p-45677.html" "Mozilla/5.0 (Linux; Android 5.0) AppleWebKit/537.36 (KHTML, like Gecko) Mobile Safari/537.36 (compatible; Bytespider; spider-feedback@bytedance.com)"
18.140.189.158 - - [28/Jul/2023:23:13:56 +0200] "GET /highslide/graphics/zoomout.cur HTTP/1.0" 200 614 "http://www.wonder-geek.com/figurine-snail-cement-aged-effect-p-45677.html" "Mozilla/5.0 (Linux; Android 5.0) AppleWebKit/537.36 (KHTML, like Gecko) Mobile Safari/537.36 (compatible; Bytespider; spider-feedback@bytedance.com)"
18.140.189.158 - - [28/Jul/2023:23:13:56 +0200] "GET /images/big_prod/3503420182365.jpg HTTP/1.0" 200 268 "http://www.wonder-geek.com/figurine-snail-cement-aged-effect-p-45677.html" "Mozilla/5.0 (Linux; Android 5.0) AppleWebKit/537.36 (KHTML, like Gecko) Mobile Safari/537.36 (compatible; Bytespider; spider-feedback@bytedance.com)"
173.252.83.1 - - [28/Jul/2023:23:14:03 +0200] "GET /images/mini_prod/1345544148986.jpg HTTP/1.0" 200 269 "-" "facebookexternalhit/1.1 (+http://www.facebook.com/externalhit_uatext.php)"
54.36.149.74 - - [28/Jul/2023:23:15:14 +0200] "GET /tray-p-45566.html HTTP/1.0" 200 76090 "-" "Mozilla/5.0 (compatible; AhrefsBot/7.0; +http://ahrefs.com/robot/)"
182.22.30.27 - - [28/Jul/2023:23:15:45 +0200] "GET /socks-c-1_141.html HTTP/1.0" 200 81975 "-" "Mozilla/5.0 (compatible; Y!J-WSC/1.0; +https://yahoo.jp/3BSZgF)"
182.22.30.83 - - [28/Jul/2023:23:15:50 +0200] "GET /js/jquery.min.js HTTP/1.0" 404 1308 "http://www.wonder-geek.com/socks-c-1_141.html" "Mozilla/5.0 (Windows NT 10.0; Win64; x64) AppleWebKit/537.36 (KHTML, like Gecko; compatible; Y!J-WSC/1.0; +https://yahoo.jp/3BSZgF) Chrome/113.0.0.0 Safari/537.36"
150.109.10.162 - - [28/Jul/2023:23:15:53 +0200] "GET /images/mini_prod/3453131145435.jpg HTTP/1.0" 200 269 "-" "Mozilla/5.0 (X11; Ubuntu; Linux x86_64; rv:72.0) Gecko/20100101 Firefox/72.0"
117.136.138.24 - - [28/Jul/2023:23:16:19 +0200] "GET /images/mini_prod/8718375751022.jpg HTTP/1.0" 200 269 "-" "Mozilla/5.0 (X11; Ubuntu; Linux x86_64; rv:72.0) Gecko/20100101 Firefox/72.0"
54.151.139.154 - - [28/Jul/2023:23:16:41 +0200] "GET /double-walled-porcelain-with-infuser-komorebi-p-58328.html HTTP/1.0" 200 77226 "-" "Mozilla/5.0 (Linux; Android 5.0) AppleWebKit/537.36 (KHTML, like Gecko) Mobile Safari/537.36 (compatible; Bytespider; spider-feedback@bytedance.com)"
54.151.139.154 - - [28/Jul/2023:23:16:43 +0200] "GET /swfobject.js HTTP/1.0" 404 1308 "http://www.wonder-geek.com/double-walled-porcelain-with-infuser-komorebi-p-58328.html" "Mozilla/5.0 (Linux; Android 5.0) AppleWebKit/537.36 (KHTML, like Gecko) Mobile Safari/537.36 (compatible; Bytespider; spider-feedback@bytedance.com)"
122.36.197.34 - - [28/Jul/2023:23:16:57 +0200] "GET /images/mini_prod/8028501269414.jpg HTTP/1.0" 200 269 "-" "Mozilla/5.0 (X11; Ubuntu; Linux x86_64; rv:72.0) Gecko/20100101 Firefox/72.0"
54.151.139.154 - - [28/Jul/2023:23:17:01 +0200] "GET /swfobject.js HTTP/1.0" 404 1308 "http://www.wonder-geek.com/double-walled-porcelain-with-infuser-komorebi-p-58328.html" "Mozilla/5.0 (Linux; Android 5.0) AppleWebKit/537.36 (KHTML, like Gecko) Mobile Safari/537.36 (compatible; Bytespider; spider-feedback@bytedance.com)"
54.151.139.154 - - [28/Jul/2023:23:17:02 +0200] "GET /highslide/graphics/zoomin.cur HTTP/1.0" 200 614 "http://www.wonder-geek.com/templates/Pixame_v1/stylesheet.css" "Mozilla/5.0 (Linux; Android 5.0) AppleWebKit/537.36 (KHTML, like Gecko) Mobile Safari/537.36 (compatible; Bytespider; spider-feedback@bytedance.com)"
54.151.139.154 - - [28/Jul/2023:23:17:02 +0200] "GET /images/big_prod_1/4260082938349B.jpg HTTP/1.0" 200 271 "http://www.wonder-geek.com/double-walled-porcelain-with-infuser-komorebi-p-58328.html" "Mozilla/5.0 (Linux; Android 5.0) AppleWebKit/537.36 (KHTML, like Gecko) Mobile Safari/537.36 (compatible; Bytespider; spider-feedback@bytedance.com)"
54.151.139.154 - - [28/Jul/2023:23:17:02 +0200] "GET /images/big_prod_2/4260082938349C.jpg HTTP/1.0" 200 271 "http://www.wonder-geek.com/double-walled-porcelain-with-infuser-komorebi-p-58328.html" "Mozilla/5.0 (Linux; Android 5.0) AppleWebKit/537.36 (KHTML, like Gecko) Mobile Safari/537.36 (compatible; Bytespider; spider-feedback@bytedance.com)"
54.151.139.154 - - [28/Jul/2023:23:17:08 +0200] "GET /highslide/graphics/outlines/drop-shadow.png HTTP/1.0" 200 277 "http://www.wonder-geek.com/double-walled-porcelain-with-infuser-komorebi-p-58328.html" "Mozilla/5.0 (Linux; Android 5.0) AppleWebKit/537.36 (KHTML, like Gecko) Mobile Safari/537.36 (compatible; Bytespider; spider-feedback@bytedance.com)"
54.151.139.154 - - [28/Jul/2023:23:17:08 +0200] "GET /highslide/graphics/zoomout.cur HTTP/1.0" 200 614 "http://www.wonder-geek.com/double-walled-porcelain-with-infuser-komorebi-p-58328.html" "Mozilla/5.0 (Linux; Android 5.0) AppleWebKit/537.36 (KHTML, like Gecko) Mobile Safari/537.36 (compatible; Bytespider; spider-feedback@bytedance.com)"
54.151.139.154 - - [28/Jul/2023:23:17:09 +0200] "GET /images/big_prod/4260082938349.jpg HTTP/1.0" 200 268 "http://www.wonder-geek.com/double-walled-porcelain-with-infuser-komorebi-p-58328.html" "Mozilla/5.0 (Linux; Android 5.0) AppleWebKit/537.36 (KHTML, like Gecko) Mobile Safari/537.36 (compatible; Bytespider; spider-feedback@bytedance.com)"
119.28.111.11 - - [28/Jul/2023:23:17:22 +0200] "GET /images/big_prod_1/8719497614271a.jpg HTTP/1.0" 200 271 "-" "Mozilla/5.0 (X11; Ubuntu; Linux x86_64; rv:72.0) Gecko/20100101 Firefox/72.0"
