182.71.117.118 - - [28/Jul/2023:07:17:51 +0200] "GET /guam-cotton-basket-p-57902.html HTTP/1.0" 200 76751 "https://lens.google.com/" "Mozilla/5.0 (Windows NT 10.0; Win64; x64) AppleWebKit/537.36 (KHTML, like Gecko) Chrome/115.0.0.0 Safari/537.36"
182.71.117.118 - - [28/Jul/2023:07:17:54 +0200] "GET /swfobject.js HTTP/1.0" 404 1308 "http://www.wonder-geek.com/guam-cotton-basket-p-57902.html" "Mozilla/5.0 (Windows NT 10.0; Win64; x64) AppleWebKit/537.36 (KHTML, like Gecko) Chrome/115.0.0.0 Safari/537.36"
185.191.171.33 - - [28/Jul/2023:07:18:17 +0200] "GET /-p-45827.html HTTP/1.0" 200 73779 "-" "Mozilla/5.0 (compatible; SemrushBot/7~bl; +http://www.semrush.com/bot.html)"
54.36.148.17 - - [28/Jul/2023:07:18:22 +0200] "GET /jolie-provence-metal-tray-p-47717.html HTTP/1.0" 200 76264 "-" "Mozilla/5.0 (compatible; AhrefsBot/7.0; +http://ahrefs.com/robot/)"
13.214.94.226 - - [28/Jul/2023:07:18:55 +0200] "GET /globe-salt-lamp-p-57806.html HTTP/1.0" 200 77079 "-" "Mozilla/5.0 (Linux; Android 5.0) AppleWebKit/537.36 (KHTML, like Gecko) Mobile Safari/537.36 (compatible; Bytespider; spider-feedback@bytedance.com)"
13.214.94.226 - - [28/Jul/2023:07:18:56 +0200] "GET /swfobject.js HTTP/1.0" 404 1308 "http://www.wonder-geek.com/globe-salt-lamp-p-57806.html" "Mozilla/5.0 (Linux; Android 5.0) AppleWebKit/537.36 (KHTML, like Gecko) Mobile Safari/537.36 (compatible; Bytespider; spider-feedback@bytedance.com)"
13.214.94.226 - - [28/Jul/2023:07:19:01 +0200] "GET /highslide/graphics/zoomin.cur HTTP/1.0" 200 614 "http://www.wonder-geek.com/templates/Pixame_v1/stylesheet.css" "Mozilla/5.0 (Linux; Android 5.0) AppleWebKit/537.36 (KHTML, like Gecko) Mobile Safari/537.36 (compatible; Bytespider; spider-feedback@bytedance.com)"
13.214.94.226 - - [28/Jul/2023:07:19:01 +0200] "GET /images/big_prod_1/8720512972078a.jpg HTTP/1.0" 200 271 "http://www.wonder-geek.com/globe-salt-lamp-p-57806.html" "Mozilla/5.0 (Linux; Android 5.0) AppleWebKit/537.36 (KHTML, like Gecko) Mobile Safari/537.36 (compatible; Bytespider; spider-feedback@bytedance.com)"
13.214.94.226 - - [28/Jul/2023:07:19:04 +0200] "GET /highslide/graphics/zoomout.cur HTTP/1.0" 200 614 "http://www.wonder-geek.com/globe-salt-lamp-p-57806.html" "Mozilla/5.0 (Linux; Android 5.0) AppleWebKit/537.36 (KHTML, like Gecko) Mobile Safari/537.36 (compatible; Bytespider; spider-feedback@bytedance.com)"
13.214.94.226 - - [28/Jul/2023:07:19:04 +0200] "GET /highslide/graphics/outlines/drop-shadow.png HTTP/1.0" 200 277 "http://www.wonder-geek.com/globe-salt-lamp-p-57806.html" "Mozilla/5.0 (Linux; Android 5.0) AppleWebKit/537.36 (KHTML, like Gecko) Mobile Safari/537.36 (compatible; Bytespider; spider-feedback@bytedance.com)"
13.214.94.226 - - [28/Jul/2023:07:19:04 +0200] "GET /images/big_prod/8720512972078.jpg HTTP/1.0" 200 268 "http://www.wonder-geek.com/globe-salt-lamp-p-57806.html" "Mozilla/5.0 (Linux; Android 5.0) AppleWebKit/537.36 (KHTML, like Gecko) Mobile Safari/537.36 (compatible; Bytespider; spider-feedback@bytedance.com)"
51.68.224.127 - - [28/Jul/2023:07:19:19 +0200] "GET /adminweb/export_orders_xml.php?token=256de2z6edz6ed2z6DFSFsed2zed6zeDSFDSGdzedezfzf&maxorders=10&orderstart=1&status=14&start_date=2018-10-01 HTTP/1.0" 200 285 "-" "GesCom CharlotteBoutik Serveur"
51.68.224.127 - - [28/Jul/2023:07:19:19 +0200] "GET /adminweb/export_orders_xml.php?token=256de2z6edz6ed2z6DFSFsed2zed6zeDSFDSGdzedezfzf&maxorders=10&orderstart=1&status=6&start_date=2018-10-01 HTTP/1.0" 200 33887 "-" "GesCom CharlotteBoutik Serveur"
185.191.171.13 - - [28/Jul/2023:07:19:28 +0200] "GET /night-lights-c-86_278.html?page=4 HTTP/1.0" 200 84593 "-" "Mozilla/5.0 (compatible; SemrushBot/7~bl; +http://www.semrush.com/bot.html)"
47.236.30.188 - - [28/Jul/2023:07:19:43 +0200] "GET /images/mini_prod/DSCN6817.jpg HTTP/1.0" 200 264 "-" "Mozilla/5.0 (X11; Ubuntu; Linux x86_64; rv:72.0) Gecko/20100101 Firefox/72.0"
195.238.122.24 - - [28/Jul/2023:07:20:01 +0200] "GET //vendor/phpunit/phpunit/phpunit.xsd HTTP/1.0" 301 579 "-" "Mozilla/5.0 (X11; Linux x86_64; rv:52.0) Gecko/20100101 Firefox/52.0"
195.238.122.24 - - [28/Jul/2023:07:20:03 +0200] "GET /vendor/phpunit/phpunit/phpunit.xsd HTTP/1.0" 404 1308 "-" "Mozilla/5.0 (X11; Linux x86_64; rv:52.0) Gecko/20100101 Firefox/52.0"
173.252.83.7 - - [28/Jul/2023:07:20:08 +0200] "GET /images/mini_prod/8422010878028.jpg HTTP/1.0" 200 269 "-" "facebookexternalhit/1.1 (+http://www.facebook.com/externalhit_uatext.php)"
40.77.167.115 - - [28/Jul/2023:07:20:17 +0200] "GET /-p-37616.html HTTP/1.0" 200 73779 "-" "Mozilla/5.0 AppleWebKit/537.36 (KHTML, like Gecko; compatible; bingbot/2.0; +http://www.bing.com/bingbot.htm) Chrome/103.0.5060.134 Safari/537.36"
173.252.83.116 - - [28/Jul/2023:07:20:24 +0200] "GET /images/mini_prod/3000000008898.jpg HTTP/1.0" 200 269 "-" "facebookexternalhit/1.1 (+http://www.facebook.com/externalhit_uatext.php)"
54.36.148.75 - - [28/Jul/2023:07:20:55 +0200] "GET /peux-rsister-tout-sauf-tentation-little-tray-p-42087.html HTTP/1.0" 200 76487 "-" "Mozilla/5.0 (compatible; AhrefsBot/7.0; +http://ahrefs.com/robot/)"
40.77.167.115 - - [28/Jul/2023:07:21:08 +0200] "GET /dubout-cats-white-p-56340.html HTTP/1.0" 200 76692 "-" "Mozilla/5.0 AppleWebKit/537.36 (KHTML, like Gecko; compatible; bingbot/2.0; +http://www.bing.com/bingbot.htm) Chrome/103.0.5060.134 Safari/537.36"
185.191.171.14 - - [28/Jul/2023:07:21:22 +0200] "GET /powder-candle-bougie-autrement-glitter-pink-p-53078.html HTTP/1.0" 200 77523 "-" "Mozilla/5.0 (compatible; SemrushBot/7~bl; +http://www.semrush.com/bot.html)"
40.77.167.89 - - [28/Jul/2023:07:21:37 +0200] "GET /images/1399984280027.jpg HTTP/1.0" 200 259 "-" "Mozilla/5.0 AppleWebKit/537.36 (KHTML, like Gecko; compatible; bingbot/2.0; +http://www.bing.com/bingbot.htm) Chrome/103.0.5060.134 Safari/537.36"
3.0.32.227 - - [28/Jul/2023:07:22:09 +0200] "GET /sentiment-towel-kitchen-towel-p-43636.html HTTP/1.0" 200 76892 "-" "Mozilla/5.0 (Linux; Android 5.0) AppleWebKit/537.36 (KHTML, like Gecko) Mobile Safari/537.36 (compatible; Bytespider; spider-feedback@bytedance.com)"
3.0.32.227 - - [28/Jul/2023:07:22:11 +0200] "GET /swfobject.js HTTP/1.0" 404 1308 "http://www.wonder-geek.com/sentiment-towel-kitchen-towel-p-43636.html" "Mozilla/5.0 (Linux; Android 5.0) AppleWebKit/537.36 (KHTML, like Gecko) Mobile Safari/537.36 (compatible; Bytespider; spider-feedback@bytedance.com)"
3.0.32.227 - - [28/Jul/2023:07:22:15 +0200] "GET /highslide/graphics/zoomin.cur HTTP/1.0" 200 614 "http://www.wonder-geek.com/templates/Pixame_v1/stylesheet.css" "Mozilla/5.0 (Linux; Android 5.0) AppleWebKit/537.36 (KHTML, like Gecko) Mobile Safari/537.36 (compatible; Bytespider; spider-feedback@bytedance.com)"
3.0.32.227 - - [28/Jul/2023:07:22:16 +0200] "GET /images/big_prod_1/message.jpg HTTP/1.0" 200 264 "http://www.wonder-geek.com/sentiment-towel-kitchen-towel-p-43636.html" "Mozilla/5.0 (Linux; Android 5.0) AppleWebKit/537.36 (KHTML, like Gecko) Mobile Safari/537.36 (compatible; Bytespider; spider-feedback@bytedance.com)"
3.0.32.227 - - [28/Jul/2023:07:22:24 +0200] "GET /highslide/graphics/outlines/drop-shadow.png HTTP/1.0" 200 277 "http://www.wonder-geek.com/sentiment-towel-kitchen-towel-p-43636.html" "Mozilla/5.0 (Linux; Android 5.0) AppleWebKit/537.36 (KHTML, like Gecko) Mobile Safari/537.36 (compatible; Bytespider; spider-feedback@bytedance.com)"
3.0.32.227 - - [28/Jul/2023:07:22:24 +0200] "GET /highslide/graphics/zoomout.cur HTTP/1.0" 200 614 "http://www.wonder-geek.com/sentiment-towel-kitchen-towel-p-43636.html" "Mozilla/5.0 (Linux; Android 5.0) AppleWebKit/537.36 (KHTML, like Gecko) Mobile Safari/537.36 (compatible; Bytespider; spider-feedback@bytedance.com)"
3.0.32.227 - - [28/Jul/2023:07:22:25 +0200] "GET /images/big_prod/5051276275017.jpg HTTP/1.0" 200 268 "http://www.wonder-geek.com/sentiment-towel-kitchen-towel-p-43636.html" "Mozilla/5.0 (Linux; Android 5.0) AppleWebKit/537.36 (KHTML, like Gecko) Mobile Safari/537.36 (compatible; Bytespider; spider-feedback@bytedance.com)"
185.191.171.25 - - [28/Jul/2023:07:22:51 +0200] "GET /cbkration-toiletry-p-40656.html HTTP/1.0" 200 73851 "-" "Mozilla/5.0 (compatible; SemrushBot/7~bl; +http://www.semrush.com/bot.html)"
173.252.83.116 - - [28/Jul/2023:07:22:57 +0200] "GET /images/mini_prod/8433932759333.jpg HTTP/1.0" 200 269 "-" "facebookexternalhit/1.1 (+http://www.facebook.com/externalhit_uatext.php)"
54.36.148.112 - - [28/Jul/2023:07:23:26 +0200] "GET /stationery-cardmaking-c-129.html?page=21 HTTP/1.0" 200 94644 "-" "Mozilla/5.0 (compatible; AhrefsBot/7.0; +http://ahrefs.com/robot/)"
66.249.66.206 - - [28/Jul/2023:07:23:40 +0200] "GET /heart-home-large-candle-hours-home-christmas-p-58934.html HTTP/1.0" 200 77948 "-" "Mozilla/5.0 (Linux; Android 6.0.1; Nexus 5X Build/MMB29P) AppleWebKit/537.36 (KHTML, like Gecko) Chrome/114.0.5735.179 Mobile Safari/537.36 (compatible; Googlebot/2.1; +http://www.google.com/bot.html)"
210.118.78.210 - - [28/Jul/2023:07:24:51 +0200] "GET /images/mini_prod/3560600256971.jpg HTTP/1.0" 200 269 "-" "Mozilla/5.0 (X11; Ubuntu; Linux x86_64; rv:72.0) Gecko/20100101 Firefox/72.0"
185.191.171.12 - - [28/Jul/2023:07:24:59 +0200] "GET /pendulum-hanging-retro-golden-p-49871.html HTTP/1.0" 200 73885 "-" "Mozilla/5.0 (compatible; SemrushBot/7~bl; +http://www.semrush.com/bot.html)"
13.213.194.70 - - [28/Jul/2023:07:25:25 +0200] "GET /trooper-star-wars-moneybox-p-35962.html HTTP/1.0" 200 76186 "-" "Mozilla/5.0 (Linux; Android 5.0) AppleWebKit/537.36 (KHTML, like Gecko) Mobile Safari/537.36 (compatible; Bytespider; spider-feedback@bytedance.com)"
13.213.194.70 - - [28/Jul/2023:07:25:27 +0200] "GET /swfobject.js HTTP/1.0" 404 1308 "http://www.wonder-geek.com/trooper-star-wars-moneybox-p-35962.html" "Mozilla/5.0 (Linux; Android 5.0) AppleWebKit/537.36 (KHTML, like Gecko) Mobile Safari/537.36 (compatible; Bytespider; spider-feedback@bytedance.com)"
13.213.194.70 - - [28/Jul/2023:07:25:28 +0200] "GET /highslide/graphics/zoomin.cur HTTP/1.0" 200 614 "http://www.wonder-geek.com/templates/Pixame_v1/stylesheet.css" "Mozilla/5.0 (Linux; Android 5.0) AppleWebKit/537.36 (KHTML, like Gecko) Mobile Safari/537.36 (compatible; Bytespider; spider-feedback@bytedance.com)"
13.213.194.70 - - [28/Jul/2023:07:25:28 +0200] "GET /highslide/graphics/zoomout.cur HTTP/1.0" 200 614 "http://www.wonder-geek.com/trooper-star-wars-moneybox-p-35962.html" "Mozilla/5.0 (Linux; Android 5.0) AppleWebKit/537.36 (KHTML, like Gecko) Mobile Safari/537.36 (compatible; Bytespider; spider-feedback@bytedance.com)"
13.213.194.70 - - [28/Jul/2023:07:25:28 +0200] "GET /highslide/graphics/outlines/drop-shadow.png HTTP/1.0" 200 277 "http://www.wonder-geek.com/trooper-star-wars-moneybox-p-35962.html" "Mozilla/5.0 (Linux; Android 5.0) AppleWebKit/537.36 (KHTML, like Gecko) Mobile Safari/537.36 (compatible; Bytespider; spider-feedback@bytedance.com)"
13.213.194.70 - - [28/Jul/2023:07:25:29 +0200] "GET /images/big_prod/5701359746698.jpg HTTP/1.0" 200 268 "http://www.wonder-geek.com/trooper-star-wars-moneybox-p-35962.html" "Mozilla/5.0 (Linux; Android 5.0) AppleWebKit/537.36 (KHTML, like Gecko) Mobile Safari/537.36 (compatible; Bytespider; spider-feedback@bytedance.com)"
54.36.148.96 - - [28/Jul/2023:07:25:44 +0200] "GET /suis-unique-comme-tout-monde-little-tray-p-42086.html HTTP/1.0" 200 76404 "-" "Mozilla/5.0 (compatible; AhrefsBot/7.0; +http://ahrefs.com/robot/)"
185.191.171.25 - - [28/Jul/2023:07:26:24 +0200] "GET /buddha-head-perfume-burner-white-p-57575.html HTTP/1.0" 200 76927 "-" "Mozilla/5.0 (compatible; SemrushBot/7~bl; +http://www.semrush.com/bot.html)"
185.191.171.6 - - [28/Jul/2023:07:26:28 +0200] "GET /-p-49689.html HTTP/1.0" 200 73779 "-" "Mozilla/5.0 (compatible; SemrushBot/7~bl; +http://www.semrush.com/bot.html)"
40.77.167.89 - - [28/Jul/2023:07:26:36 +0200] "GET /swimsuit-c-1_18.html HTTP/1.0" 200 95468 "-" "Mozilla/5.0 AppleWebKit/537.36 (KHTML, like Gecko; compatible; bingbot/2.0; +http://www.bing.com/bingbot.htm) Chrome/103.0.5060.134 Safari/537.36"
122.36.197.34 - - [28/Jul/2023:07:27:47 +0200] "GET /images/mini_prod/3585190668607.jpg HTTP/1.0" 200 269 "-" "Mozilla/5.0 (X11; Ubuntu; Linux x86_64; rv:72.0) Gecko/20100101 Firefox/72.0"
54.36.149.3 - - [28/Jul/2023:07:28:05 +0200] "GET /incense-holder-incense-burner-c-231_229.html?page=1 HTTP/1.0" 200 94742 "-" "Mozilla/5.0 (compatible; AhrefsBot/7.0; +http://ahrefs.com/robot/)"
103.139.119.74 - - [28/Jul/2023:07:28:08 +0200] "GET /images/mini_prod/3609810022287.jpg HTTP/1.0" 200 269 "-" "Mozilla/5.0 (X11; Ubuntu; Linux x86_64; rv:72.0) Gecko/20100101 Firefox/72.0"
185.191.171.6 - - [28/Jul/2023:07:28:15 +0200] "GET /quote-wall-stickers-p-47312.html HTTP/1.0" 200 76973 "-" "Mozilla/5.0 (compatible; SemrushBot/7~bl; +http://www.semrush.com/bot.html)"
52.76.18.118 - - [28/Jul/2023:07:28:37 +0200] "GET /transportable-light-brown-table-lamp-p-56450.html HTTP/1.0" 200 77017 "-" "Mozilla/5.0 (Linux; Android 5.0) AppleWebKit/537.36 (KHTML, like Gecko) Mobile Safari/537.36 (compatible; Bytespider; spider-feedback@bytedance.com)"
52.76.18.118 - - [28/Jul/2023:07:28:39 +0200] "GET /swfobject.js HTTP/1.0" 404 1308 "http://www.wonder-geek.com/transportable-light-brown-table-lamp-p-56450.html" "Mozilla/5.0 (Linux; Android 5.0) AppleWebKit/537.36 (KHTML, like Gecko) Mobile Safari/537.36 (compatible; Bytespider; spider-feedback@bytedance.com)"
52.76.18.118 - - [28/Jul/2023:07:28:39 +0200] "GET /highslide/graphics/zoomin.cur HTTP/1.0" 200 614 "http://www.wonder-geek.com/templates/Pixame_v1/stylesheet.css" "Mozilla/5.0 (Linux; Android 5.0) AppleWebKit/537.36 (KHTML, like Gecko) Mobile Safari/537.36 (compatible; Bytespider; spider-feedback@bytedance.com)"
52.76.18.118 - - [28/Jul/2023:07:28:39 +0200] "GET /images/big_prod_1/8422018060036B.jpg HTTP/1.0" 200 271 "http://www.wonder-geek.com/transportable-light-brown-table-lamp-p-56450.html" "Mozilla/5.0 (Linux; Android 5.0) AppleWebKit/537.36 (KHTML, like Gecko) Mobile Safari/537.36 (compatible; Bytespider; spider-feedback@bytedance.com)"
52.76.18.118 - - [28/Jul/2023:07:28:43 +0200] "GET /highslide/graphics/outlines/drop-shadow.png HTTP/1.0" 200 277 "http://www.wonder-geek.com/transportable-light-brown-table-lamp-p-56450.html" "Mozilla/5.0 (Linux; Android 5.0) AppleWebKit/537.36 (KHTML, like Gecko) Mobile Safari/537.36 (compatible; Bytespider; spider-feedback@bytedance.com)"
52.76.18.118 - - [28/Jul/2023:07:28:43 +0200] "GET /highslide/graphics/zoomout.cur HTTP/1.0" 200 614 "http://www.wonder-geek.com/transportable-light-brown-table-lamp-p-56450.html" "Mozilla/5.0 (Linux; Android 5.0) AppleWebKit/537.36 (KHTML, like Gecko) Mobile Safari/537.36 (compatible; Bytespider; spider-feedback@bytedance.com)"
52.76.18.118 - - [28/Jul/2023:07:28:44 +0200] "GET /images/big_prod/8422018060036.jpg HTTP/1.0" 200 268 "http://www.wonder-geek.com/transportable-light-brown-table-lamp-p-56450.html" "Mozilla/5.0 (Linux; Android 5.0) AppleWebKit/537.36 (KHTML, like Gecko) Mobile Safari/537.36 (compatible; Bytespider; spider-feedback@bytedance.com)"
103.99.75.239 - - [28/Jul/2023:07:28:47 +0200] "GET /images/8412199931898.jpg HTTP/1.0" 200 259 "http://tendata.mailsou.com/" "Mozilla/5.0 (Windows NT 10.0; Win64; x64) AppleWebKit/537.36 (KHTML, like Gecko) Chrome/115.0.0.0 Safari/537.36"
103.99.75.239 - - [28/Jul/2023:07:28:47 +0200] "GET /images/8003990616130.jpg HTTP/1.0" 200 259 "http://tendata.mailsou.com/" "Mozilla/5.0 (Windows NT 10.0; Win64; x64) AppleWebKit/537.36 (KHTML, like Gecko) Chrome/115.0.0.0 Safari/537.36"
103.99.75.239 - - [28/Jul/2023:07:28:47 +0200] "GET /images/med_prod/3700653511539.jpg HTTP/1.0" 200 268 "http://tendata.mailsou.com/" "Mozilla/5.0 (Windows NT 10.0; Win64; x64) AppleWebKit/537.36 (KHTML, like Gecko) Chrome/115.0.0.0 Safari/537.36"
103.99.75.239 - - [28/Jul/2023:07:28:47 +0200] "GET /images/med_prod/1399984272152.jpg HTTP/1.0" 200 268 "http://tendata.mailsou.com/" "Mozilla/5.0 (Windows NT 10.0; Win64; x64) AppleWebKit/537.36 (KHTML, like Gecko) Chrome/115.0.0.0 Safari/537.36"
103.99.75.239 - - [28/Jul/2023:07:28:47 +0200] "GET /images/mini_prod/3520071825588.jpg HTTP/1.0" 301 579 "http://tendata.mailsou.com/" "Mozilla/5.0 (Windows NT 10.0; Win64; x64) AppleWebKit/537.36 (KHTML, like Gecko) Chrome/115.0.0.0 Safari/537.36"
103.99.75.239 - - [28/Jul/2023:07:28:47 +0200] "GET /images/mini_prod/4012677165544.jpg HTTP/1.0" 301 579 "http://tendata.mailsou.com/" "Mozilla/5.0 (Windows NT 10.0; Win64; x64) AppleWebKit/537.36 (KHTML, like Gecko) Chrome/115.0.0.0 Safari/537.36"
103.99.75.239 - - [28/Jul/2023:07:28:47 +0200] "GET /images/mini_prod/000010262313.jpg HTTP/1.0" 301 577 "http://tendata.mailsou.com/" "Mozilla/5.0 (Windows NT 10.0; Win64; x64) AppleWebKit/537.36 (KHTML, like Gecko) Chrome/115.0.0.0 Safari/537.36"
103.99.75.239 - - [28/Jul/2023:07:28:47 +0200] "GET /images/mini_prod/03824.gif HTTP/1.0" 301 563 "http://tendata.mailsou.com/" "Mozilla/5.0 (Windows NT 10.0; Win64; x64) AppleWebKit/537.36 (KHTML, like Gecko) Chrome/115.0.0.0 Safari/537.36"
103.99.75.239 - - [28/Jul/2023:07:28:47 +0200] "GET /images/mini_prod/4012677166633.jpg HTTP/1.0" 301 579 "http://tendata.mailsou.com/" "Mozilla/5.0 (Windows NT 10.0; Win64; x64) AppleWebKit/537.36 (KHTML, like Gecko) Chrome/115.0.0.0 Safari/537.36"
103.99.75.239 - - [28/Jul/2023:07:28:47 +0200] "GET /images/mini_prod/100_1990.gif HTTP/1.0" 301 569 "http://tendata.mailsou.com/" "Mozilla/5.0 (Windows NT 10.0; Win64; x64) AppleWebKit/537.36 (KHTML, like Gecko) Chrome/115.0.0.0 Safari/537.36"
103.99.75.239 - - [28/Jul/2023:07:28:48 +0200] "GET /images/mini_prod/4012677165544.jpg HTTP/1.0" 200 269 "http://tendata.mailsou.com/" "Mozilla/5.0 (Windows NT 10.0; Win64; x64) AppleWebKit/537.36 (KHTML, like Gecko) Chrome/115.0.0.0 Safari/537.36"
103.99.75.239 - - [28/Jul/2023:07:28:48 +0200] "GET /images/mini_prod/000010262313.jpg HTTP/1.0" 200 268 "http://tendata.mailsou.com/" "Mozilla/5.0 (Windows NT 10.0; Win64; x64) AppleWebKit/537.36 (KHTML, like Gecko) Chrome/115.0.0.0 Safari/537.36"
103.99.75.239 - - [28/Jul/2023:07:28:48 +0200] "GET /images/mini_prod/03824.gif HTTP/1.0" 200 260 "http://tendata.mailsou.com/" "Mozilla/5.0 (Windows NT 10.0; Win64; x64) AppleWebKit/537.36 (KHTML, like Gecko) Chrome/115.0.0.0 Safari/537.36"
103.99.75.239 - - [28/Jul/2023:07:28:48 +0200] "GET /images/mini_prod/4012677166633.jpg HTTP/1.0" 200 269 "http://tendata.mailsou.com/" "Mozilla/5.0 (Windows NT 10.0; Win64; x64) AppleWebKit/537.36 (KHTML, like Gecko) Chrome/115.0.0.0 Safari/537.36"
103.99.75.239 - - [28/Jul/2023:07:28:48 +0200] "GET /images/mini_prod/100_1990.gif HTTP/1.0" 200 263 "http://tendata.mailsou.com/" "Mozilla/5.0 (Windows NT 10.0; Win64; x64) AppleWebKit/537.36 (KHTML, like Gecko) Chrome/115.0.0.0 Safari/537.36"
103.99.75.239 - - [28/Jul/2023:07:28:49 +0200] "GET /images/mini_prod/3520071825588.jpg HTTP/1.0" 200 269 "http://tendata.mailsou.com/" "Mozilla/5.0 (Windows NT 10.0; Win64; x64) AppleWebKit/537.36 (KHTML, like Gecko) Chrome/115.0.0.0 Safari/537.36"
85.208.96.193 - - [28/Jul/2023:07:30:21 +0200] "GET /-p-48629.html HTTP/1.0" 200 73779 "-" "Mozilla/5.0 (compatible; SemrushBot/7~bl; +http://www.semrush.com/bot.html)"
66.249.66.205 - - [28/Jul/2023:07:30:23 +0200] "GET /round-chair-cushion-reversible-curry-p-60689.html HTTP/1.0" 200 77206 "-" "Mozilla/5.0 (Linux; Android 6.0.1; Nexus 5X Build/MMB29P) AppleWebKit/537.36 (KHTML, like Gecko) Chrome/114.0.5735.179 Mobile Safari/537.36 (compatible; Googlebot/2.1; +http://www.google.com/bot.html)"
54.36.149.70 - - [28/Jul/2023:07:30:39 +0200] "GET /gourmandise-joli-dfaut-little-tray-p-42088.html HTTP/1.0" 200 76393 "-" "Mozilla/5.0 (compatible; AhrefsBot/7.0; +http://ahrefs.com/robot/)"
216.244.66.242 - - [28/Jul/2023:07:30:45 +0200] "GET /robots.txt HTTP/1.0" 200 245 "-" "Mozilla/5.0 (compatible; DotBot/1.2; +https://opensiteexplorer.org/dotbot; help@moz.com)"
185.191.171.4 - - [28/Jul/2023:07:30:47 +0200] "GET /premium-percale-cotton-p-46749.html HTTP/1.0" 200 73899 "-" "Mozilla/5.0 (compatible; SemrushBot/7~bl; +http://www.semrush.com/bot.html)"
220.181.157.64 - - [28/Jul/2023:07:30:56 +0200] "GET /images/big_prod/3014627880140.jpg HTTP/1.0" 200 268 "-" "Mozilla/5.0 (X11; Ubuntu; Linux x86_64; rv:72.0) Gecko/20100101 Firefox/72.0"
52.74.58.69 - - [28/Jul/2023:07:31:59 +0200] "GET /wooden-wall-decoration-flamingo-p-42798.html HTTP/1.0" 200 76234 "-" "Mozilla/5.0 (Linux; Android 5.0) AppleWebKit/537.36 (KHTML, like Gecko) Mobile Safari/537.36 (compatible; Bytespider; spider-feedback@bytedance.com)"
52.74.58.69 - - [28/Jul/2023:07:32:01 +0200] "GET /swfobject.js HTTP/1.0" 404 1308 "http://www.wonder-geek.com/wooden-wall-decoration-flamingo-p-42798.html" "Mozilla/5.0 (Linux; Android 5.0) AppleWebKit/537.36 (KHTML, like Gecko) Mobile Safari/537.36 (compatible; Bytespider; spider-feedback@bytedance.com)"
52.74.58.69 - - [28/Jul/2023:07:32:04 +0200] "GET /highslide/graphics/zoomin.cur HTTP/1.0" 200 614 "http://www.wonder-geek.com/templates/Pixame_v1/stylesheet.css" "Mozilla/5.0 (Linux; Android 5.0) AppleWebKit/537.36 (KHTML, like Gecko) Mobile Safari/537.36 (compatible; Bytespider; spider-feedback@bytedance.com)"
52.74.58.69 - - [28/Jul/2023:07:32:05 +0200] "GET /highslide/graphics/zoomout.cur HTTP/1.0" 200 614 "http://www.wonder-geek.com/wooden-wall-decoration-flamingo-p-42798.html" "Mozilla/5.0 (Linux; Android 5.0) AppleWebKit/537.36 (KHTML, like Gecko) Mobile Safari/537.36 (compatible; Bytespider; spider-feedback@bytedance.com)"
52.74.58.69 - - [28/Jul/2023:07:32:05 +0200] "GET /highslide/graphics/outlines/drop-shadow.png HTTP/1.0" 200 277 "http://www.wonder-geek.com/wooden-wall-decoration-flamingo-p-42798.html" "Mozilla/5.0 (Linux; Android 5.0) AppleWebKit/537.36 (KHTML, like Gecko) Mobile Safari/537.36 (compatible; Bytespider; spider-feedback@bytedance.com)"
52.74.58.69 - - [28/Jul/2023:07:32:05 +0200] "GET /images/big_prod/8433933123959.jpg HTTP/1.0" 200 268 "http://www.wonder-geek.com/wooden-wall-decoration-flamingo-p-42798.html" "Mozilla/5.0 (Linux; Android 5.0) AppleWebKit/537.36 (KHTML, like Gecko) Mobile Safari/537.36 (compatible; Bytespider; spider-feedback@bytedance.com)"
38.142.8.234 - - [28/Jul/2023:07:32:48 +0200] "GET /images/mini_prod/1399984241820.jpg HTTP/1.0" 200 269 "-" "Mozilla/5.0 (X11; Ubuntu; Linux x86_64; rv:72.0) Gecko/20100101 Firefox/72.0"
54.36.148.218 - - [28/Jul/2023:07:32:53 +0200] "GET /luggages-schoolbags-leather-shop-c-31.html?page=21 HTTP/1.0" 200 95990 "-" "Mozilla/5.0 (compatible; AhrefsBot/7.0; +http://ahrefs.com/robot/)"
185.191.171.34 - - [28/Jul/2023:07:33:02 +0200] "GET /little-prince-isothermic-stainless-steel-bottle-p-53161.html HTTP/1.0" 200 76387 "-" "Mozilla/5.0 (compatible; SemrushBot/7~bl; +http://www.semrush.com/bot.html)"
185.191.171.5 - - [28/Jul/2023:07:33:23 +0200] "GET /heart-home-bamboo-spiced-apple-cinnamon-p-59663.html HTTP/1.0" 200 73987 "-" "Mozilla/5.0 (compatible; SemrushBot/7~bl; +http://www.semrush.com/bot.html)"
185.191.171.25 - - [28/Jul/2023:07:34:13 +0200] "GET /small-orangs-utans-statuettes-nothing-heard-said-p-46199.html HTTP/1.0" 200 73981 "-" "Mozilla/5.0 (compatible; SemrushBot/7~bl; +http://www.semrush.com/bot.html)"
185.191.171.10 - - [28/Jul/2023:07:34:40 +0200] "GET /assorted-napkins-linen-ecru-p-58175.html HTTP/1.0" 200 77194 "-" "Mozilla/5.0 (compatible; SemrushBot/7~bl; +http://www.semrush.com/bot.html)"
185.191.171.11 - - [28/Jul/2023:07:34:46 +0200] "GET /white-patinated-gold-elephant-statuette-p-54271.html HTTP/1.0" 200 73925 "-" "Mozilla/5.0 (compatible; SemrushBot/7~bl; +http://www.semrush.com/bot.html)"
40.77.167.89 - - [28/Jul/2023:07:34:48 +0200] "GET /school-trolley-c-31_169.html HTTP/1.0" 200 84400 "-" "Mozilla/5.0 AppleWebKit/537.36 (KHTML, like Gecko; compatible; bingbot/2.0; +http://www.bing.com/bingbot.htm) Chrome/103.0.5060.134 Safari/537.36"
52.167.144.36 - - [28/Jul/2023:07:35:00 +0200] "GET /foldable-wooden-tray-p-55749.html HTTP/1.0" 200 77054 "-" "Mozilla/5.0 AppleWebKit/537.36 (KHTML, like Gecko; compatible; bingbot/2.0; +http://www.bing.com/bingbot.htm) Chrome/103.0.5060.134 Safari/537.36"
54.254.15.205 - - [28/Jul/2023:07:35:04 +0200] "GET /gray-polyester-round-chair-cushion-p-43895.html HTTP/1.0" 200 76883 "-" "Mozilla/5.0 (Linux; Android 5.0) AppleWebKit/537.36 (KHTML, like Gecko) Mobile Safari/537.36 (compatible; Bytespider; spider-feedback@bytedance.com)"
54.254.15.205 - - [28/Jul/2023:07:35:06 +0200] "GET /swfobject.js HTTP/1.0" 404 1308 "http://www.wonder-geek.com/gray-polyester-round-chair-cushion-p-43895.html" "Mozilla/5.0 (Linux; Android 5.0) AppleWebKit/537.36 (KHTML, like Gecko) Mobile Safari/537.36 (compatible; Bytespider; spider-feedback@bytedance.com)"
54.254.15.205 - - [28/Jul/2023:07:35:07 +0200] "GET /highslide/graphics/zoomin.cur HTTP/1.0" 200 614 "http://www.wonder-geek.com/templates/Pixame_v1/stylesheet.css" "Mozilla/5.0 (Linux; Android 5.0) AppleWebKit/537.36 (KHTML, like Gecko) Mobile Safari/537.36 (compatible; Bytespider; spider-feedback@bytedance.com)"
54.254.15.205 - - [28/Jul/2023:07:35:07 +0200] "GET /images/big_prod_1/3014627557349aa.jpg HTTP/1.0" 200 272 "http://www.wonder-geek.com/gray-polyester-round-chair-cushion-p-43895.html" "Mozilla/5.0 (Linux; Android 5.0) AppleWebKit/537.36 (KHTML, like Gecko) Mobile Safari/537.36 (compatible; Bytespider; spider-feedback@bytedance.com)"
217.182.175.187 - - [28/Jul/2023:07:35:16 +0200] "GET /robots.txt HTTP/1.0" 301 531 "-" "Mozilla/5.0 (compatible; MJ12bot/v1.4.8; http://mj12bot.com/)"
217.182.175.187 - - [28/Jul/2023:07:35:17 +0200] "GET /robots.txt HTTP/1.0" 200 245 "-" "Mozilla/5.0 (compatible; MJ12bot/v1.4.8; http://mj12bot.com/)"
217.182.175.187 - - [28/Jul/2023:07:35:22 +0200] "GET /games-and-toys/figures/bugs-bunny-astronaut-figure-p-3615.html HTTP/1.0" 301 635 "-" "Mozilla/5.0 (compatible; MJ12bot/v1.4.8; http://mj12bot.com/)"
54.254.15.205 - - [28/Jul/2023:07:35:27 +0200] "GET /highslide/graphics/outlines/drop-shadow.png HTTP/1.0" 200 277 "http://www.wonder-geek.com/gray-polyester-round-chair-cushion-p-43895.html" "Mozilla/5.0 (Linux; Android 5.0) AppleWebKit/537.36 (KHTML, like Gecko) Mobile Safari/537.36 (compatible; Bytespider; spider-feedback@bytedance.com)"
54.254.15.205 - - [28/Jul/2023:07:35:27 +0200] "GET /highslide/graphics/zoomout.cur HTTP/1.0" 200 614 "http://www.wonder-geek.com/gray-polyester-round-chair-cushion-p-43895.html" "Mozilla/5.0 (Linux; Android 5.0) AppleWebKit/537.36 (KHTML, like Gecko) Mobile Safari/537.36 (compatible; Bytespider; spider-feedback@bytedance.com)"
54.254.15.205 - - [28/Jul/2023:07:35:27 +0200] "GET /images/big_prod/3014627786404.jpg HTTP/1.0" 200 268 "http://www.wonder-geek.com/gray-polyester-round-chair-cushion-p-43895.html" "Mozilla/5.0 (Linux; Android 5.0) AppleWebKit/537.36 (KHTML, like Gecko) Mobile Safari/537.36 (compatible; Bytespider; spider-feedback@bytedance.com)"
217.182.175.187 - - [28/Jul/2023:07:35:27 +0200] "GET /games-and-toys/figures/bugs-bunny-astronaut-figure-p-3615.html HTTP/1.0" 301 73843 "-" "Mozilla/5.0 (compatible; MJ12bot/v1.4.8; http://mj12bot.com/)"
217.182.175.187 - - [28/Jul/2023:07:35:32 +0200] "GET /-p-3615.html HTTP/1.0" 200 73777 "-" "Mozilla/5.0 (compatible; MJ12bot/v1.4.8; http://mj12bot.com/)"
217.182.175.187 - - [28/Jul/2023:07:35:37 +0200] "GET /girls/court-sleeves-tshirts/disney-princess-tshirt-years-p-21986.html HTTP/1.0" 301 649 "-" "Mozilla/5.0 (compatible; MJ12bot/v1.4.8; http://mj12bot.com/)"
217.182.175.187 - - [28/Jul/2023:07:35:40 +0200] "GET /girls/court-sleeves-tshirts/disney-princess-tshirt-years-p-21986.html HTTP/1.0" 301 73846 "-" "Mozilla/5.0 (compatible; MJ12bot/v1.4.8; http://mj12bot.com/)"
217.182.175.187 - - [28/Jul/2023:07:35:44 +0200] "GET /-p-21986.html HTTP/1.0" 200 73779 "-" "Mozilla/5.0 (compatible; MJ12bot/v1.4.8; http://mj12bot.com/)"
51.68.224.127 - - [28/Jul/2023:07:35:46 +0200] "GET /adminweb/export_orders_xml.php?token=256de2z6edz6ed2z6DFSFsed2zed6zeDSFDSGdzedezfzf&maxorders=10&orderstart=1&status=14&start_date=2018-10-01 HTTP/1.0" 200 285 "-" "GesCom CharlotteBoutik Serveur"
51.68.224.127 - - [28/Jul/2023:07:35:46 +0200] "GET /adminweb/export_orders_xml.php?token=256de2z6edz6ed2z6DFSFsed2zed6zeDSFDSGdzedezfzf&maxorders=10&orderstart=1&status=6&start_date=2018-10-01 HTTP/1.0" 200 33887 "-" "GesCom CharlotteBoutik Serveur"
217.182.175.187 - - [28/Jul/2023:07:35:48 +0200] "GET /socks/socks-for-girls/set-pair-socks-betty-boop-size-2730-p-24764.html HTTP/1.0" 301 651 "-" "Mozilla/5.0 (compatible; MJ12bot/v1.4.8; http://mj12bot.com/)"
217.182.175.187 - - [28/Jul/2023:07:35:52 +0200] "GET /socks/socks-for-girls/set-pair-socks-betty-boop-size-2730-p-24764.html HTTP/1.0" 301 73846 "-" "Mozilla/5.0 (compatible; MJ12bot/v1.4.8; http://mj12bot.com/)"
217.182.175.187 - - [28/Jul/2023:07:35:56 +0200] "GET /-p-24764.html HTTP/1.0" 200 73779 "-" "Mozilla/5.0 (compatible; MJ12bot/v1.4.8; http://mj12bot.com/)"
185.191.171.8 - - [28/Jul/2023:07:35:59 +0200] "GET /sentiment-towel-kitchen-towel-p-43637.html HTTP/1.0" 200 76892 "-" "Mozilla/5.0 (compatible; SemrushBot/7~bl; +http://www.semrush.com/bot.html)"
217.182.175.187 - - [28/Jul/2023:07:36:03 +0200] "GET /amazon-love-tote-bag-macaws-p-50283.html HTTP/1.0" 301 77303 "-" "Mozilla/5.0 (compatible; MJ12bot/v1.4.8; http://mj12bot.com/)"
217.182.175.187 - - [28/Jul/2023:07:36:07 +0200] "GET /amazon-love-tote-macaws-p-50283.html HTTP/1.0" 200 77213 "-" "Mozilla/5.0 (compatible; MJ12bot/v1.4.8; http://mj12bot.com/)"
114.94.12.8 - - [28/Jul/2023:07:36:11 +0200] "GET /images/mini_prod/8422088196079A.jpg HTTP/1.0" 200 270 "-" "Mozilla/5.0 (X11; Ubuntu; Linux x86_64; rv:72.0) Gecko/20100101 Firefox/72.0"
217.182.175.187 - - [28/Jul/2023:07:36:15 +0200] "GET /arabica-kitchen-towel-45-60-cm-p-52684.html HTTP/1.0" 301 76247 "-" "Mozilla/5.0 (compatible; MJ12bot/v1.4.8; http://mj12bot.com/)"
123.125.109.129 - - [28/Jul/2023:07:36:17 +0200] "GET / HTTP/1.0" 301 511 "-" "Sogou web spider/4.0(+http://www.sogou.com/docs/help/webmasters.htm#07)"
217.182.175.187 - - [28/Jul/2023:07:36:18 +0200] "GET /arabica-kitchen-towel-p-52684.html HTTP/1.0" 200 76159 "-" "Mozilla/5.0 (compatible; MJ12bot/v1.4.8; http://mj12bot.com/)"
217.182.175.187 - - [28/Jul/2023:07:36:23 +0200] "GET /bamboo-salad-bowl-30-cm-p-49328.html HTTP/1.0" 301 73933 "-" "Mozilla/5.0 (compatible; MJ12bot/v1.4.8; http://mj12bot.com/)"
173.252.83.119 - - [28/Jul/2023:07:36:27 +0200] "GET /images/mini_prod/4036113102818.jpg HTTP/1.0" 200 269 "-" "facebookexternalhit/1.1 (+http://www.facebook.com/externalhit_uatext.php)"
217.182.175.187 - - [28/Jul/2023:07:36:30 +0200] "GET /bamboo-salad-bowl-p-49328.html HTTP/1.0" 200 73849 "-" "Mozilla/5.0 (compatible; MJ12bot/v1.4.8; http://mj12bot.com/)"
217.182.175.187 - - [28/Jul/2023:07:36:36 +0200] "GET /banania-poster-p-40155.html HTTP/1.0" 301 73846 "-" "Mozilla/5.0 (compatible; MJ12bot/v1.4.8; http://mj12bot.com/)"
217.182.175.187 - - [28/Jul/2023:07:36:42 +0200] "GET /-p-40155.html HTTP/1.0" 200 73779 "-" "Mozilla/5.0 (compatible; MJ12bot/v1.4.8; http://mj12bot.com/)"
217.182.175.187 - - [28/Jul/2023:07:36:49 +0200] "GET /barbabravo-mouse-pad-p-5769.html HTTP/1.0" 301 73843 "-" "Mozilla/5.0 (compatible; MJ12bot/v1.4.8; http://mj12bot.com/)"
217.182.175.187 - - [28/Jul/2023:07:36:53 +0200] "GET /-p-5769.html HTTP/1.0" 200 73777 "-" "Mozilla/5.0 (compatible; MJ12bot/v1.4.8; http://mj12bot.com/)"
123.125.109.138 - - [28/Jul/2023:07:36:56 +0200] "GET / HTTP/1.0" 200 99184 "-" "Sogou web spider/4.0(+http://www.sogou.com/docs/help/webmasters.htm#07)"
217.182.175.187 - - [28/Jul/2023:07:36:58 +0200] "GET /barbapapa-backpack-p-19640.html HTTP/1.0" 301 73846 "-" "Mozilla/5.0 (compatible; MJ12bot/v1.4.8; http://mj12bot.com/)"
173.252.83.120 - - [28/Jul/2023:07:37:04 +0200] "GET /images/mini_prod/3609810097148.jpg HTTP/1.0" 200 269 "-" "facebookexternalhit/1.1 (+http://www.facebook.com/externalhit_uatext.php)"
217.182.175.187 - - [28/Jul/2023:07:37:06 +0200] "GET /-p-19640.html HTTP/1.0" 200 73779 "-" "Mozilla/5.0 (compatible; MJ12bot/v1.4.8; http://mj12bot.com/)"
217.182.175.187 - - [28/Jul/2023:07:37:12 +0200] "GET /barbapapa-black-pyramid-messenger-bag-p-8022.html HTTP/1.0" 301 73843 "-" "Mozilla/5.0 (compatible; MJ12bot/v1.4.8; http://mj12bot.com/)"
217.182.175.187 - - [28/Jul/2023:07:37:20 +0200] "GET /-p-8022.html HTTP/1.0" 200 73777 "-" "Mozilla/5.0 (compatible; MJ12bot/v1.4.8; http://mj12bot.com/)"
185.191.171.11 - - [28/Jul/2023:07:37:22 +0200] "GET /motorcycle-decorative-metal-plate-p-47948.html HTTP/1.0" 200 76238 "-" "Mozilla/5.0 (compatible; SemrushBot/7~bl; +http://www.semrush.com/bot.html)"
217.182.175.187 - - [28/Jul/2023:07:37:25 +0200] "GET /barbapapa-melamine-plate-p-19453.html HTTP/1.0" 301 73846 "-" "Mozilla/5.0 (compatible; MJ12bot/v1.4.8; http://mj12bot.com/)"
217.182.175.187 - - [28/Jul/2023:07:37:32 +0200] "GET /-p-19453.html HTTP/1.0" 200 73779 "-" "Mozilla/5.0 (compatible; MJ12bot/v1.4.8; http://mj12bot.com/)"
217.182.175.187 - - [28/Jul/2023:07:37:37 +0200] "GET /barbapapa-melamine-plate-p-9350.html HTTP/1.0" 301 73843 "-" "Mozilla/5.0 (compatible; MJ12bot/v1.4.8; http://mj12bot.com/)"
217.182.175.187 - - [28/Jul/2023:07:37:48 +0200] "GET /-p-9350.html HTTP/1.0" 200 73777 "-" "Mozilla/5.0 (compatible; MJ12bot/v1.4.8; http://mj12bot.com/)"
217.182.175.187 - - [28/Jul/2023:07:38:00 +0200] "GET /barbapapa-metal-suitcase-p-22228.html HTTP/1.0" 301 73846 "-" "Mozilla/5.0 (compatible; MJ12bot/v1.4.8; http://mj12bot.com/)"
217.182.175.187 - - [28/Jul/2023:07:38:09 +0200] "GET /-p-22228.html HTTP/1.0" 200 73779 "-" "Mozilla/5.0 (compatible; MJ12bot/v1.4.8; http://mj12bot.com/)"
217.182.175.187 - - [28/Jul/2023:07:38:18 +0200] "GET /batman-set-of-briefs-size-years-p-23697.html HTTP/1.0" 301 73846 "-" "Mozilla/5.0 (compatible; MJ12bot/v1.4.8; http://mj12bot.com/)"
52.76.42.99 - - [28/Jul/2023:07:38:18 +0200] "GET /winnie-pooh-sticker-p-20474.html HTTP/1.0" 200 78379 "-" "Mozilla/5.0 (Linux; Android 5.0) AppleWebKit/537.36 (KHTML, like Gecko) Mobile Safari/537.36 (compatible; Bytespider; spider-feedback@bytedance.com)"
52.76.42.99 - - [28/Jul/2023:07:38:21 +0200] "GET /swfobject.js HTTP/1.0" 404 1308 "http://www.wonder-geek.com/winnie-pooh-sticker-p-20474.html" "Mozilla/5.0 (Linux; Android 5.0) AppleWebKit/537.36 (KHTML, like Gecko) Mobile Safari/537.36 (compatible; Bytespider; spider-feedback@bytedance.com)"
52.76.42.99 - - [28/Jul/2023:07:38:26 +0200] "GET /highslide/graphics/zoomin.cur HTTP/1.0" 200 614 "http://www.wonder-geek.com/templates/Pixame_v1/stylesheet.css" "Mozilla/5.0 (Linux; Android 5.0) AppleWebKit/537.36 (KHTML, like Gecko) Mobile Safari/537.36 (compatible; Bytespider; spider-feedback@bytedance.com)"
52.76.42.99 - - [28/Jul/2023:07:38:27 +0200] "GET /highslide/graphics/outlines/drop-shadow.png HTTP/1.0" 200 277 "http://www.wonder-geek.com/winnie-pooh-sticker-p-20474.html" "Mozilla/5.0 (Linux; Android 5.0) AppleWebKit/537.36 (KHTML, like Gecko) Mobile Safari/537.36 (compatible; Bytespider; spider-feedback@bytedance.com)"
52.76.42.99 - - [28/Jul/2023:07:38:27 +0200] "GET /highslide/graphics/zoomout.cur HTTP/1.0" 200 614 "http://www.wonder-geek.com/winnie-pooh-sticker-p-20474.html" "Mozilla/5.0 (Linux; Android 5.0) AppleWebKit/537.36 (KHTML, like Gecko) Mobile Safari/537.36 (compatible; Bytespider; spider-feedback@bytedance.com)"
52.76.42.99 - - [28/Jul/2023:07:38:27 +0200] "GET /images/big_prod/1399984220115B.jpg HTTP/1.0" 200 269 "http://www.wonder-geek.com/winnie-pooh-sticker-p-20474.html" "Mozilla/5.0 (Linux; Android 5.0) AppleWebKit/537.36 (KHTML, like Gecko) Mobile Safari/537.36 (compatible; Bytespider; spider-feedback@bytedance.com)"
217.182.175.187 - - [28/Jul/2023:07:38:31 +0200] "GET /-p-23697.html HTTP/1.0" 200 73779 "-" "Mozilla/5.0 (compatible; MJ12bot/v1.4.8; http://mj12bot.com/)"
217.182.175.187 - - [28/Jul/2023:07:38:43 +0200] "GET /batman-set-of-briefs-size-years-p-23698.html HTTP/1.0" 301 73846 "-" "Mozilla/5.0 (compatible; MJ12bot/v1.4.8; http://mj12bot.com/)"
85.208.96.197 - - [28/Jul/2023:07:38:57 +0200] "GET /giant-pendant-aged-metal-p-48070.html HTTP/1.0" 200 73899 "-" "Mozilla/5.0 (compatible; SemrushBot/7~bl; +http://www.semrush.com/bot.html)"
217.182.175.187 - - [28/Jul/2023:07:39:01 +0200] "GET /-p-23698.html HTTP/1.0" 200 73779 "-" "Mozilla/5.0 (compatible; MJ12bot/v1.4.8; http://mj12bot.com/)"
185.191.171.25 - - [28/Jul/2023:07:39:10 +0200] "GET /statuette-jesus-christ-sacred-heart-inside-outside-p-48904.html HTTP/1.0" 200 77138 "-" "Mozilla/5.0 (compatible; SemrushBot/7~bl; +http://www.semrush.com/bot.html)"
217.182.175.187 - - [28/Jul/2023:07:39:11 +0200] "GET /batman-the-joker-black-shirt-p-29546.html HTTP/1.0" 301 73846 "-" "Mozilla/5.0 (compatible; MJ12bot/v1.4.8; http://mj12bot.com/)"
217.182.175.187 - - [28/Jul/2023:07:39:24 +0200] "GET /-p-29546.html HTTP/1.0" 200 73779 "-" "Mozilla/5.0 (compatible; MJ12bot/v1.4.8; http://mj12bot.com/)"
217.182.175.187 - - [28/Jul/2023:07:39:38 +0200] "GET /batman-vintage-black-shirt-p-29545.html HTTP/1.0" 301 73846 "-" "Mozilla/5.0 (compatible; MJ12bot/v1.4.8; http://mj12bot.com/)"
217.182.175.187 - - [28/Jul/2023:07:39:50 +0200] "GET /-p-29545.html HTTP/1.0" 200 73779 "-" "Mozilla/5.0 (compatible; MJ12bot/v1.4.8; http://mj12bot.com/)"
217.182.175.187 - - [28/Jul/2023:07:40:00 +0200] "GET /batman-vs-superman-suitcase-p-34809.html HTTP/1.0" 301 73990 "-" "Mozilla/5.0 (compatible; MJ12bot/v1.4.8; http://mj12bot.com/)"
217.182.175.187 - - [28/Jul/2023:07:40:10 +0200] "GET /batman-superman-suitcase-p-34809.html HTTP/1.0" 200 73899 "-" "Mozilla/5.0 (compatible; MJ12bot/v1.4.8; http://mj12bot.com/)"
217.182.175.187 - - [28/Jul/2023:07:40:20 +0200] "GET /batman-wallet-p-5836.html HTTP/1.0" 301 73843 "-" "Mozilla/5.0 (compatible; MJ12bot/v1.4.8; http://mj12bot.com/)"
217.182.175.187 - - [28/Jul/2023:07:40:31 +0200] "GET /-p-5836.html HTTP/1.0" 200 73777 "-" "Mozilla/5.0 (compatible; MJ12bot/v1.4.8; http://mj12bot.com/)"
217.182.175.187 - - [28/Jul/2023:07:40:42 +0200] "GET /batman-white-long-sleeve-shirt-p-32695.html HTTP/1.0" 301 73846 "-" "Mozilla/5.0 (compatible; MJ12bot/v1.4.8; http://mj12bot.com/)"
217.182.175.187 - - [28/Jul/2023:07:40:53 +0200] "GET /-p-32695.html HTTP/1.0" 200 73779 "-" "Mozilla/5.0 (compatible; MJ12bot/v1.4.8; http://mj12bot.com/)"
217.182.175.187 - - [28/Jul/2023:07:41:03 +0200] "GET /batman-white-long-sleeve-shirt-size-years-p-23652.html HTTP/1.0" 301 73846 "-" "Mozilla/5.0 (compatible; MJ12bot/v1.4.8; http://mj12bot.com/)"
85.208.96.198 - - [28/Jul/2023:07:41:09 +0200] "GET /resin-statue-little-monk-blue-dress-p-52809.html HTTP/1.0" 200 76295 "-" "Mozilla/5.0 (compatible; SemrushBot/7~bl; +http://www.semrush.com/bot.html)"
217.182.175.187 - - [28/Jul/2023:07:41:12 +0200] "GET /-p-23652.html HTTP/1.0" 200 73779 "-" "Mozilla/5.0 (compatible; MJ12bot/v1.4.8; http://mj12bot.com/)"
217.182.175.187 - - [28/Jul/2023:07:41:21 +0200] "GET /beach-bar-metal-plate-40-30-cm-p-34880.html HTTP/1.0" 301 73846 "-" "Mozilla/5.0 (compatible; MJ12bot/v1.4.8; http://mj12bot.com/)"
18.136.152.3 - - [28/Jul/2023:07:41:32 +0200] "GET /taipei-ottoman-storage-nesting-p-55831.html HTTP/1.0" 200 76961 "-" "Mozilla/5.0 (Linux; Android 5.0) AppleWebKit/537.36 (KHTML, like Gecko) Mobile Safari/537.36 (compatible; Bytespider; spider-feedback@bytedance.com)"
18.136.152.3 - - [28/Jul/2023:07:41:34 +0200] "GET /swfobject.js HTTP/1.0" 404 1308 "http://www.wonder-geek.com/taipei-ottoman-storage-nesting-p-55831.html" "Mozilla/5.0 (Linux; Android 5.0) AppleWebKit/537.36 (KHTML, like Gecko) Mobile Safari/537.36 (compatible; Bytespider; spider-feedback@bytedance.com)"
217.182.175.187 - - [28/Jul/2023:07:41:33 +0200] "GET /-p-34880.html HTTP/1.0" 200 73779 "-" "Mozilla/5.0 (compatible; MJ12bot/v1.4.8; http://mj12bot.com/)"
18.136.152.3 - - [28/Jul/2023:07:41:39 +0200] "GET /highslide/graphics/zoomin.cur HTTP/1.0" 200 614 "http://www.wonder-geek.com/templates/Pixame_v1/stylesheet.css" "Mozilla/5.0 (Linux; Android 5.0) AppleWebKit/537.36 (KHTML, like Gecko) Mobile Safari/537.36 (compatible; Bytespider; spider-feedback@bytedance.com)"
18.136.152.3 - - [28/Jul/2023:07:41:39 +0200] "GET /images/big_prod_4/3665269058468e.jpg HTTP/1.0" 200 271 "http://www.wonder-geek.com/taipei-ottoman-storage-nesting-p-55831.html" "Mozilla/5.0 (Linux; Android 5.0) AppleWebKit/537.36 (KHTML, like Gecko) Mobile Safari/537.36 (compatible; Bytespider; spider-feedback@bytedance.com)"
217.182.175.187 - - [28/Jul/2023:07:41:44 +0200] "GET /beach-metal-plate-p-34880.html HTTP/1.0" 301 73846 "-" "Mozilla/5.0 (compatible; MJ12bot/v1.4.8; http://mj12bot.com/)"
185.191.171.11 - - [28/Jul/2023:07:41:49 +0200] "GET /breakfast-c-12_61.html HTTP/1.0" 200 94705 "-" "Mozilla/5.0 (compatible; SemrushBot/7~bl; +http://www.semrush.com/bot.html)"
217.182.175.187 - - [28/Jul/2023:07:41:52 +0200] "GET /-p-34880.html HTTP/1.0" 200 73779 "-" "Mozilla/5.0 (compatible; MJ12bot/v1.4.8; http://mj12bot.com/)"
18.136.152.3 - - [28/Jul/2023:07:42:00 +0200] "GET /highslide/graphics/zoomout.cur HTTP/1.0" 200 614 "http://www.wonder-geek.com/taipei-ottoman-storage-nesting-p-55831.html" "Mozilla/5.0 (Linux; Android 5.0) AppleWebKit/537.36 (KHTML, like Gecko) Mobile Safari/537.36 (compatible; Bytespider; spider-feedback@bytedance.com)"
18.136.152.3 - - [28/Jul/2023:07:42:00 +0200] "GET /highslide/graphics/outlines/drop-shadow.png HTTP/1.0" 200 277 "http://www.wonder-geek.com/taipei-ottoman-storage-nesting-p-55831.html" "Mozilla/5.0 (Linux; Android 5.0) AppleWebKit/537.36 (KHTML, like Gecko) Mobile Safari/537.36 (compatible; Bytespider; spider-feedback@bytedance.com)"
18.136.152.3 - - [28/Jul/2023:07:42:00 +0200] "GET /images/big_prod/8422069058464.jpg HTTP/1.0" 200 268 "http://www.wonder-geek.com/taipei-ottoman-storage-nesting-p-55831.html" "Mozilla/5.0 (Linux; Android 5.0) AppleWebKit/537.36 (KHTML, like Gecko) Mobile Safari/537.36 (compatible; Bytespider; spider-feedback@bytedance.com)"
216.244.66.242 - - [28/Jul/2023:07:42:00 +0200] "GET /frozen-tumbler-with-straw-p-31792.html HTTP/1.0" 301 73846 "-" "Mozilla/5.0 (compatible; DotBot/1.2; +https://opensiteexplorer.org/dotbot; help@moz.com)"
185.191.171.13 - - [28/Jul/2023:07:42:04 +0200] "GET /cook-oven-glove-p-54728.html HTTP/1.0" 200 73829 "-" "Mozilla/5.0 (compatible; SemrushBot/7~bl; +http://www.semrush.com/bot.html)"
217.182.175.187 - - [28/Jul/2023:07:42:04 +0200] "GET /bear-ceramic-mug-with-infuser-p-32209.html HTTP/1.0" 301 73846 "-" "Mozilla/5.0 (compatible; MJ12bot/v1.4.8; http://mj12bot.com/)"
217.182.175.187 - - [28/Jul/2023:07:42:21 +0200] "GET /-p-32209.html HTTP/1.0" 200 73779 "-" "Mozilla/5.0 (compatible; MJ12bot/v1.4.8; http://mj12bot.com/)"
217.182.175.187 - - [28/Jul/2023:07:42:34 +0200] "GET /bear-ceramic-with-infuser-p-32209.html HTTP/1.0" 301 73846 "-" "Mozilla/5.0 (compatible; MJ12bot/v1.4.8; http://mj12bot.com/)"
5.196.78.175 - - [28/Jul/2023:07:42:42 +0200] "GET / HTTP/1.0" 301 511 "http://wonder-geek.com/" "Mozilla/5.0 (Windows NT 6.1; WOW64) AppleWebKit/537.36 (KHTML, like Gecko) Chrome/103.0.0.0 Safari/537.36"
5.196.78.175 - - [28/Jul/2023:07:42:42 +0200] "GET / HTTP/1.0" 200 98618 "http://www.wonder-geek.com/" "Mozilla/5.0 (Windows NT 6.1; WOW64) AppleWebKit/537.36 (KHTML, like Gecko) Chrome/103.0.0.0 Safari/537.36"
217.182.175.187 - - [28/Jul/2023:07:42:44 +0200] "GET /-p-32209.html HTTP/1.0" 200 73779 "-" "Mozilla/5.0 (compatible; MJ12bot/v1.4.8; http://mj12bot.com/)"
5.196.78.175 - - [28/Jul/2023:07:42:45 +0200] "GET /trivet-boards-c-12_158.html HTTP/1.0" 200 97569 "http://www.wonder-geek.com/trivet-boards-c-12_158.html" "Mozilla/5.0 (Windows NT 6.1; WOW64) AppleWebKit/537.36 (KHTML, like Gecko) Chrome/103.0.0.0 Safari/537.36"
5.196.78.175 - - [28/Jul/2023:07:42:47 +0200] "GET /cardboard-boxes-storage-c-13_150_216.html HTTP/1.0" 200 81219 "http://www.wonder-geek.com/cardboard-boxes-storage-c-13_150_216.html" "Mozilla/5.0 (Windows NT 6.1; WOW64) AppleWebKit/537.36 (KHTML, like Gecko) Chrome/103.0.0.0 Safari/537.36"
5.196.78.175 - - [28/Jul/2023:07:42:49 +0200] "GET /cushion-headboard-c-11_71_173.html HTTP/1.0" 200 79479 "http://www.wonder-geek.com/cushion-headboard-c-11_71_173.html" "Mozilla/5.0 (Windows NT 6.1; WOW64) AppleWebKit/537.36 (KHTML, like Gecko) Chrome/103.0.0.0 Safari/537.36"
5.196.78.175 - - [28/Jul/2023:07:42:51 +0200] "GET /contact_us.php HTTP/1.0" 200 26238 "http://www.wonder-geek.com/contact_us.php" "Mozilla/5.0 (Windows NT 6.1; WOW64) AppleWebKit/537.36 (KHTML, like Gecko) Chrome/103.0.0.0 Safari/537.36"
5.196.78.175 - - [28/Jul/2023:07:42:51 +0200] "POST /contact_us.php?action=send HTTP/1.0" 200 26510 "http://www.wonder-geek.com/contact_us.php" "Mozilla/5.0 (Windows NT 6.1; WOW64) AppleWebKit/537.36 (KHTML, like Gecko) Chrome/103.0.0.0 Safari/537.36"
185.191.171.19 - - [28/Jul/2023:07:42:53 +0200] "GET /sentiment-towel-kitchen-towel-p-43630.html HTTP/1.0" 200 76892 "-" "Mozilla/5.0 (compatible; SemrushBot/7~bl; +http://www.semrush.com/bot.html)"
173.252.83.2 - - [28/Jul/2023:07:42:56 +0200] "GET /images/mini_prod/8712159170061.jpg HTTP/1.0" 200 269 "-" "facebookexternalhit/1.1 (+http://www.facebook.com/externalhit_uatext.php)"
217.182.175.187 - - [28/Jul/2023:07:43:00 +0200] "GET /bear-musical-kaloo-soft-toys-p-19229.html HTTP/1.0" 301 73846 "-" "Mozilla/5.0 (compatible; MJ12bot/v1.4.8; http://mj12bot.com/)"
103.139.119.74 - - [28/Jul/2023:07:43:01 +0200] "GET /images/mini_prod/Image91.jpg HTTP/1.0" 200 263 "-" "Mozilla/5.0 (X11; Ubuntu; Linux x86_64; rv:72.0) Gecko/20100101 Firefox/72.0"
217.182.175.187 - - [28/Jul/2023:07:43:11 +0200] "GET /-p-19229.html HTTP/1.0" 200 73779 "-" "Mozilla/5.0 (compatible; MJ12bot/v1.4.8; http://mj12bot.com/)"
217.182.175.187 - - [28/Jul/2023:07:43:22 +0200] "GET /beatles-black-suitcase-60-cm-p-25099.html HTTP/1.0" 301 73987 "-" "Mozilla/5.0 (compatible; MJ12bot/v1.4.8; http://mj12bot.com/)"
217.182.175.187 - - [28/Jul/2023:07:43:34 +0200] "GET /beatles-black-suitcase-p-25099.html HTTP/1.0" 200 73898 "-" "Mozilla/5.0 (compatible; MJ12bot/v1.4.8; http://mj12bot.com/)"
217.182.175.187 - - [28/Jul/2023:07:43:43 +0200] "GET /beatles-cup-and-saucer-p-43233.html HTTP/1.0" 301 73846 "-" "Mozilla/5.0 (compatible; MJ12bot/v1.4.8; http://mj12bot.com/)"
217.182.175.187 - - [28/Jul/2023:07:43:54 +0200] "GET /-p-43233.html HTTP/1.0" 200 73779 "-" "Mozilla/5.0 (compatible; MJ12bot/v1.4.8; http://mj12bot.com/)"
217.182.175.187 - - [28/Jul/2023:07:44:05 +0200] "GET /beatles-saucer-p-43233.html HTTP/1.0" 301 73846 "-" "Mozilla/5.0 (compatible; MJ12bot/v1.4.8; http://mj12bot.com/)"
217.182.175.187 - - [28/Jul/2023:07:44:16 +0200] "GET /-p-43233.html HTTP/1.0" 200 73779 "-" "Mozilla/5.0 (compatible; MJ12bot/v1.4.8; http://mj12bot.com/)"
66.249.66.205 - - [28/Jul/2023:07:44:25 +0200] "GET /barcelone-messenger-p-41175.html HTTP/1.0" 200 76445 "-" "Mozilla/5.0 (compatible; Googlebot/2.1; +http://www.google.com/bot.html)"
217.182.175.187 - - [28/Jul/2023:07:44:25 +0200] "GET /beatles-silver-suitcase-60-cm-p-25109.html HTTP/1.0" 301 73993 "-" "Mozilla/5.0 (compatible; MJ12bot/v1.4.8; http://mj12bot.com/)"
217.182.175.187 - - [28/Jul/2023:07:44:36 +0200] "GET /beatles-silver-suitcase-p-25109.html HTTP/1.0" 200 73903 "-" "Mozilla/5.0 (compatible; MJ12bot/v1.4.8; http://mj12bot.com/)"
217.182.175.187 - - [28/Jul/2023:07:44:46 +0200] "GET /beatles-silver-suitcase-70-cm-p-25100.html HTTP/1.0" 301 73846 "-" "Mozilla/5.0 (compatible; MJ12bot/v1.4.8; http://mj12bot.com/)"
122.248.202.25 - - [28/Jul/2023:07:44:47 +0200] "GET /cats-dubout-photo-frame-threesome-p-33752.html HTTP/1.0" 200 77521 "-" "Mozilla/5.0 (Linux; Android 5.0) AppleWebKit/537.36 (KHTML, like Gecko) Mobile Safari/537.36 (compatible; Bytespider; spider-feedback@bytedance.com)"
122.248.202.25 - - [28/Jul/2023:07:44:48 +0200] "GET /swfobject.js HTTP/1.0" 404 1308 "http://www.wonder-geek.com/cats-dubout-photo-frame-threesome-p-33752.html" "Mozilla/5.0 (Linux; Android 5.0) AppleWebKit/537.36 (KHTML, like Gecko) Mobile Safari/537.36 (compatible; Bytespider; spider-feedback@bytedance.com)"
122.248.202.25 - - [28/Jul/2023:07:44:54 +0200] "GET /highslide/graphics/zoomin.cur HTTP/1.0" 200 614 "http://www.wonder-geek.com/templates/Pixame_v1/stylesheet.css" "Mozilla/5.0 (Linux; Android 5.0) AppleWebKit/537.36 (KHTML, like Gecko) Mobile Safari/537.36 (compatible; Bytespider; spider-feedback@bytedance.com)"
185.191.171.7 - - [28/Jul/2023:07:44:53 +0200] "GET /chime-gecko-metal-glass-blue-p-37205.html HTTP/1.0" 200 73893 "-" "Mozilla/5.0 (compatible; SemrushBot/7~bl; +http://www.semrush.com/bot.html)"
122.248.202.25 - - [28/Jul/2023:07:44:54 +0200] "GET /images/big_prod_1/8717202557929C.jpg HTTP/1.0" 200 271 "http://www.wonder-geek.com/cats-dubout-photo-frame-threesome-p-33752.html" "Mozilla/5.0 (Linux; Android 5.0) AppleWebKit/537.36 (KHTML, like Gecko) Mobile Safari/537.36 (compatible; Bytespider; spider-feedback@bytedance.com)"
122.248.202.25 - - [28/Jul/2023:07:44:54 +0200] "GET /templates/Pixame_v1/images/buttons/english/button_in_cart.gif HTTP/1.0" 200 295 "http://www.wonder-geek.com/cats-dubout-photo-frame-threesome-p-33752.html" "Mozilla/5.0 (Linux; Android 5.0) AppleWebKit/537.36 (KHTML, like Gecko) Mobile Safari/537.36 (compatible; Bytespider; spider-feedback@bytedance.com)"
122.248.202.25 - - [28/Jul/2023:07:44:54 +0200] "GET /images/big_prod_2/8717202557929D.jpg HTTP/1.0" 200 271 "http://www.wonder-geek.com/cats-dubout-photo-frame-threesome-p-33752.html" "Mozilla/5.0 (Linux; Android 5.0) AppleWebKit/537.36 (KHTML, like Gecko) Mobile Safari/537.36 (compatible; Bytespider; spider-feedback@bytedance.com)"
217.182.175.187 - - [28/Jul/2023:07:44:56 +0200] "GET /-p-25100.html HTTP/1.0" 200 73779 "-" "Mozilla/5.0 (compatible; MJ12bot/v1.4.8; http://mj12bot.com/)"
217.182.175.187 - - [28/Jul/2023:07:45:04 +0200] "GET /beautiful-babushka-by-kimmidoll-light-yellow-decorative-figurine-p-33242.html HTTP/1.0" 301 74212 "-" "Mozilla/5.0 (compatible; MJ12bot/v1.4.8; http://mj12bot.com/)"
